Dec 2 08:43:17 standalone container-server[127879]: 172.20.0.100 - - [02/Dec/2025:08:43:17 +0000] "PUT /d1/412/AUTH_003a15e2106b44068d34fb3ca1bdce19/gnocchi.69de2fe4-ec47-4c40-8e12-37518c0f2161/none_v3" 201 - "PUT http://172.18.0.2:8080/d1/332/AUTH_003a15e2106b44068d34fb3ca1bdce19/gnocchi.69de2fe4-ec47-4c40-8e12-37518c0f2161/none_v3" "txa815c6251f3e408fb443a-00692ea6a5" "object-server 25" 0.0005 "-" 19 0
Dec 2 08:43:17 standalone object-server[128219]: 172.20.0.100 - - [02/Dec/2025:08:43:17 +0000] "PUT /d1/332/AUTH_003a15e2106b44068d34fb3ca1bdce19/gnocchi.69de2fe4-ec47-4c40-8e12-37518c0f2161/none_v3" 201 - "PUT http://172.18.0.2:8080/v1/AUTH_003a15e2106b44068d34fb3ca1bdce19/gnocchi.69de2fe4-ec47-4c40-8e12-37518c0f2161/none_v3" "txa815c6251f3e408fb443a-00692ea6a5" "proxy-server 20" 0.0075 "-" 25 0
Dec 2 08:43:17 standalone proxy-server[130163]: 172.18.0.2 172.18.0.100 02/Dec/2025/08/43/17 PUT /v1/AUTH_003a15e2106b44068d34fb3ca1bdce19/gnocchi.69de2fe4-ec47-4c40-8e12-37518c0f2161/none_v3 HTTP/1.0 201 - python-swiftclient-3.11.1 gAAAAABpLqX2o5ht... 22 - - txa815c6251f3e408fb443a-00692ea6a5 - 0.0120 - - 1764664997.733604670 1764664997.745610237 0
Dec 2 08:43:17 standalone container-server[127911]: 172.20.0.100 - - [02/Dec/2025:08:43:17 +0000] "PUT /d1/694/AUTH_003a15e2106b44068d34fb3ca1bdce19/gnocchi.9ba6fafe-19fd-41b5-9e20-827df8c272e1/none_v3" 201 - "PUT http://172.18.0.2:8080/d1/979/AUTH_003a15e2106b44068d34fb3ca1bdce19/gnocchi.9ba6fafe-19fd-41b5-9e20-827df8c272e1/none_v3" "txcc8d59626a87499ab5f57-00692ea6a5" "object-server 23" 0.0007 "-" 23 0
Dec 2 08:43:17 standalone object-server[128207]: 172.20.0.100 - - [02/Dec/2025:08:43:17 +0000] "PUT /d1/979/AUTH_003a15e2106b44068d34fb3ca1bdce19/gnocchi.9ba6fafe-19fd-41b5-9e20-827df8c272e1/none_v3" 201 - "PUT http://172.18.0.2:8080/v1/AUTH_003a15e2106b44068d34fb3ca1bdce19/gnocchi.9ba6fafe-19fd-41b5-9e20-827df8c272e1/none_v3" "txcc8d59626a87499ab5f57-00692ea6a5" "proxy-server 20" 0.0090 "-" 23 0
Dec 2 08:43:17 standalone proxy-server[130163]: 172.18.0.2 172.18.0.100 02/Dec/2025/08/43/17 PUT /v1/AUTH_003a15e2106b44068d34fb3ca1bdce19/gnocchi.9ba6fafe-19fd-41b5-9e20-827df8c272e1/none_v3 HTTP/1.0 201 - python-swiftclient-3.11.1 gAAAAABpLqX2o5ht... 22 - - txcc8d59626a87499ab5f57-00692ea6a5 - 0.0142 - - 1764664997.747578859 1764664997.761759281 0
Dec 2 08:43:17 standalone container-server[127879]: 172.20.0.100 - - [02/Dec/2025:08:43:17 +0000] "HEAD /d1/888/AUTH_003a15e2106b44068d34fb3ca1bdce19/gnocchi.b34feb87-1e7e-4725-a7c8-7d9ddc34b663" 404 - "HEAD http://172.18.0.2:8080/v1/AUTH_003a15e2106b44068d34fb3ca1bdce19/gnocchi.b34feb87-1e7e-4725-a7c8-7d9ddc34b663?format=json&states=listing" "txba71e329ac3c4b9d9e9d1-00692ea6a5" "proxy-server 20" 0.0005 "-" 19 0
Dec 2 08:43:17 standalone object-server[128219]: 172.20.0.100 - - [02/Dec/2025:08:43:17 +0000] "GET /d1/907/AUTH_003a15e2106b44068d34fb3ca1bdce19/gnocchi.b34feb87-1e7e-4725-a7c8-7d9ddc34b663/none_v3" 404 70 "GET http://172.18.0.2:8080/v1/AUTH_003a15e2106b44068d34fb3ca1bdce19/gnocchi.b34feb87-1e7e-4725-a7c8-7d9ddc34b663/none_v3" "txba71e329ac3c4b9d9e9d1-00692ea6a5" "proxy-server 20" 0.0003 "-" 25 0
Dec 2 08:43:17 standalone proxy-server[130163]: 172.18.0.2 172.18.0.100 02/Dec/2025/08/43/17 GET /v1/AUTH_003a15e2106b44068d34fb3ca1bdce19/gnocchi.b34feb87-1e7e-4725-a7c8-7d9ddc34b663/none_v3 HTTP/1.0 404 - python-swiftclient-3.11.1 gAAAAABpLqX2o5ht... - 70 - txba71e329ac3c4b9d9e9d1-00692ea6a5 - 0.0084 - - 1764664997.770302773 1764664997.778729916 0
Dec 2 08:43:17 standalone account-server[128044]: 172.20.0.100 - - [02/Dec/2025:08:43:17 +0000] "PUT /d1/710/AUTH_003a15e2106b44068d34fb3ca1bdce19/gnocchi.b34feb87-1e7e-4725-a7c8-7d9ddc34b663" 201 - "PUT http://172.20.0.100:6001/d1/888/AUTH_003a15e2106b44068d34fb3ca1bdce19/gnocchi.b34feb87-1e7e-4725-a7c8-7d9ddc34b663" "tx13ff796fc49a4c35983cd-00692ea6a5" "container-server 19" 0.0059 "-" 20 0
Dec 2 08:43:17 standalone container-server[127879]: 172.20.0.100 - - [02/Dec/2025:08:43:17 +0000] "PUT /d1/888/AUTH_003a15e2106b44068d34fb3ca1bdce19/gnocchi.b34feb87-1e7e-4725-a7c8-7d9ddc34b663" 201 - "PUT http://172.18.0.2:8080/v1/AUTH_003a15e2106b44068d34fb3ca1bdce19/gnocchi.b34feb87-1e7e-4725-a7c8-7d9ddc34b663" "tx13ff796fc49a4c35983cd-00692ea6a5" "proxy-server 20" 0.0200 "-" 19 0
Dec 2 08:43:17 standalone proxy-server[130163]: 172.18.0.2 172.18.0.100 02/Dec/2025/08/43/17 PUT /v1/AUTH_003a15e2106b44068d34fb3ca1bdce19/gnocchi.b34feb87-1e7e-4725-a7c8-7d9ddc34b663 HTTP/1.0 201 - python-swiftclient-3.11.1 gAAAAABpLqX2o5ht... - - - tx13ff796fc49a4c35983cd-00692ea6a5 - 0.0250 - - 1764664997.780760288 1764664997.805714846 0
Dec 2 08:43:17 standalone container-server[127907]: 172.20.0.100 - - [02/Dec/2025:08:43:17 +0000] "HEAD /d1/888/AUTH_003a15e2106b44068d34fb3ca1bdce19/gnocchi.b34feb87-1e7e-4725-a7c8-7d9ddc34b663" 204 - "HEAD http://172.18.0.2:8080/v1/AUTH_003a15e2106b44068d34fb3ca1bdce19/gnocchi.b34feb87-1e7e-4725-a7c8-7d9ddc34b663?format=json&states=listing" "txb3239cb917f54c8faa953-00692ea6a5" "proxy-server 20" 0.0031 "-" 22 0
Dec 2 08:43:17 standalone proxy-server[130163]: - - 02/Dec/2025/08/43/17 HEAD /v1/AUTH_003a15e2106b44068d34fb3ca1bdce19/gnocchi.b34feb87-1e7e-4725-a7c8-7d9ddc34b663%3Fformat%3Djson%26states%3Dlisting HTTP/1.0 204 - Swift - - - - txb3239cb917f54c8faa953-00692ea6a5 - 0.0078 RL - 1764664997.811228752 1764664997.819062233 0
Dec 2 08:43:17 standalone container-server[127911]: 172.20.0.100 - - [02/Dec/2025:08:43:17 +0000] "GET /d1/888/AUTH_003a15e2106b44068d34fb3ca1bdce19/gnocchi.b34feb87-1e7e-4725-a7c8-7d9ddc34b663" 200 2 "GET http://172.18.0.2:8080/v1/AUTH_003a15e2106b44068d34fb3ca1bdce19/gnocchi.b34feb87-1e7e-4725-a7c8-7d9ddc34b663?format=json&states=listing" "txb3239cb917f54c8faa953-00692ea6a5" "proxy-server 20" 0.0037 "-" 23 0
Dec 2 08:43:17 standalone proxy-server[130163]: 172.18.0.2 172.18.0.100 02/Dec/2025/08/43/17 GET /v1/AUTH_003a15e2106b44068d34fb3ca1bdce19/gnocchi.b34feb87-1e7e-4725-a7c8-7d9ddc34b663%3Fformat%3Djson%26states%3Dlisting HTTP/1.0 200 - python-swiftclient-3.11.1 gAAAAABpLqX2o5ht... - 2 - txb3239cb917f54c8faa953-00692ea6a5 - 0.0237 - - 1764664997.810173750 1764664997.833870411 0
Dec 2 08:43:17 standalone object-server[128219]: 172.20.0.100 - - [02/Dec/2025:08:43:17 +0000] "GET /d1/337/AUTH_003a15e2106b44068d34fb3ca1bdce19/gnocchi.b34feb87-1e7e-4725-a7c8-7d9ddc34b663/1763640000.0_mean_300.0_v3" 404 70 "GET http://172.18.0.2:8080/v1/AUTH_003a15e2106b44068d34fb3ca1bdce19/gnocchi.b34feb87-1e7e-4725-a7c8-7d9ddc34b663/1763640000.0_mean_300.0_v3" "txf5732d9971fe429ab5faf-00692ea6a5" "proxy-server 20" 0.0005 "-" 25 0
Dec 2 08:43:17 standalone proxy-server[130163]: 172.18.0.2 172.18.0.100 02/Dec/2025/08/43/17 GET /v1/AUTH_003a15e2106b44068d34fb3ca1bdce19/gnocchi.b34feb87-1e7e-4725-a7c8-7d9ddc34b663/1763640000.0_mean_300.0_v3 HTTP/1.0 404 - python-swiftclient-3.11.1 gAAAAABpLqX2o5ht... - 70 - txf5732d9971fe429ab5faf-00692ea6a5 - 0.0088 - - 1764664997.839780092 1764664997.848580599 0
Dec 2 08:43:17 standalone container-server[127893]: 172.20.0.100 - - [02/Dec/2025:08:43:17 +0000] "PUT /d1/888/AUTH_003a15e2106b44068d34fb3ca1bdce19/gnocchi.b34feb87-1e7e-4725-a7c8-7d9ddc34b663/1763640000.0_mean_300.0_v3" 201 - "PUT http://172.18.0.2:8080/d1/337/AUTH_003a15e2106b44068d34fb3ca1bdce19/gnocchi.b34feb87-1e7e-4725-a7c8-7d9ddc34b663/1763640000.0_mean_300.0_v3" "txdcedf72aed094a3087394-00692ea6a5" "object-server 23" 0.0009 "-" 21 0
Dec 2 08:43:17 standalone object-server[128207]: 172.20.0.100 - - [02/Dec/2025:08:43:17 +0000] "PUT /d1/337/AUTH_003a15e2106b44068d34fb3ca1bdce19/gnocchi.b34feb87-1e7e-4725-a7c8-7d9ddc34b663/1763640000.0_mean_300.0_v3" 201 - "PUT http://172.18.0.2:8080/v1/AUTH_003a15e2106b44068d34fb3ca1bdce19/gnocchi.b34feb87-1e7e-4725-a7c8-7d9ddc34b663/1763640000.0_mean_300.0_v3" "txdcedf72aed094a3087394-00692ea6a5" "proxy-server 20" 0.0155 "-" 23 0
Dec 2 08:43:17 standalone proxy-server[130163]: 172.18.0.2 172.18.0.100 02/Dec/2025/08/43/17 PUT /v1/AUTH_003a15e2106b44068d34fb3ca1bdce19/gnocchi.b34feb87-1e7e-4725-a7c8-7d9ddc34b663/1763640000.0_mean_300.0_v3 HTTP/1.0 201 - python-swiftclient-3.11.1 gAAAAABpLqX2o5ht... 16 - - txdcedf72aed094a3087394-00692ea6a5 - 0.0246 - - 1764664997.853837490 1764664997.878442287 0
Dec 2 08:43:17 standalone container-server[127911]: 172.20.0.100 - - [02/Dec/2025:08:43:17 +0000] "PUT /d1/888/AUTH_003a15e2106b44068d34fb3ca1bdce19/gnocchi.b34feb87-1e7e-4725-a7c8-7d9ddc34b663/none_v3" 201 - "PUT http://172.18.0.2:8080/d1/907/AUTH_003a15e2106b44068d34fb3ca1bdce19/gnocchi.b34feb87-1e7e-4725-a7c8-7d9ddc34b663/none_v3" "txb1f83e4ab0be4dcf88435-00692ea6a5" "object-server 24" 0.0010 "-" 23 0
Dec 2 08:43:17 standalone object-server[128216]: 172.20.0.100 - - [02/Dec/2025:08:43:17 +0000] "PUT /d1/907/AUTH_003a15e2106b44068d34fb3ca1bdce19/gnocchi.b34feb87-1e7e-4725-a7c8-7d9ddc34b663/none_v3" 201 - "PUT http://172.18.0.2:8080/v1/AUTH_003a15e2106b44068d34fb3ca1bdce19/gnocchi.b34feb87-1e7e-4725-a7c8-7d9ddc34b663/none_v3" "txb1f83e4ab0be4dcf88435-00692ea6a5" "proxy-server 20" 0.0136 "-" 24 0
Dec 2 08:43:17 standalone proxy-server[130163]: 172.18.0.2 172.18.0.100 02/Dec/2025/08/43/17 PUT /v1/AUTH_003a15e2106b44068d34fb3ca1bdce19/gnocchi.b34feb87-1e7e-4725-a7c8-7d9ddc34b663/none_v3 HTTP/1.0 201 - python-swiftclient-3.11.1 gAAAAABpLqX2o5ht... 22 - - txb1f83e4ab0be4dcf88435-00692ea6a5 - 0.0231 - - 1764664997.883939266 1764664997.907000303 0
Dec 2 08:43:17 standalone container-server[127893]: 172.20.0.100 - - [02/Dec/2025:08:43:17 +0000] "HEAD /d1/1006/AUTH_003a15e2106b44068d34fb3ca1bdce19/gnocchi.c10930a2-60af-4368-aeee-34e1e3449e65" 404 - "HEAD http://172.18.0.2:8080/v1/AUTH_003a15e2106b44068d34fb3ca1bdce19/gnocchi.c10930a2-60af-4368-aeee-34e1e3449e65?format=json&states=listing" "tx1d12f2a9c9d54e6b8e6f0-00692ea6a5" "proxy-server 20" 0.0008 "-" 21 0
Dec 2 08:43:17 standalone object-server[128216]: 172.20.0.100 - - [02/Dec/2025:08:43:17 +0000] "GET /d1/49/AUTH_003a15e2106b44068d34fb3ca1bdce19/gnocchi.c10930a2-60af-4368-aeee-34e1e3449e65/none_v3" 404 70 "GET http://172.18.0.2:8080/v1/AUTH_003a15e2106b44068d34fb3ca1bdce19/gnocchi.c10930a2-60af-4368-aeee-34e1e3449e65/none_v3" "tx1d12f2a9c9d54e6b8e6f0-00692ea6a5" "proxy-server 20" 0.0007 "-" 24 0
Dec 2 08:43:17 standalone proxy-server[130163]: 172.18.0.2 172.18.0.100 02/Dec/2025/08/43/17 GET /v1/AUTH_003a15e2106b44068d34fb3ca1bdce19/gnocchi.c10930a2-60af-4368-aeee-34e1e3449e65/none_v3 HTTP/1.0 404 - python-swiftclient-3.11.1 gAAAAABpLqX2o5ht... - 70 - tx1d12f2a9c9d54e6b8e6f0-00692ea6a5 - 0.0192 - - 1764664997.925271273 1764664997.944430351 0
Dec 2 08:43:17 standalone account-server[128044]: 172.20.0.100 - - [02/Dec/2025:08:43:17 +0000] "PUT /d1/710/AUTH_003a15e2106b44068d34fb3ca1bdce19/gnocchi.c10930a2-60af-4368-aeee-34e1e3449e65" 201 - "PUT http://172.20.0.100:6001/d1/1006/AUTH_003a15e2106b44068d34fb3ca1bdce19/gnocchi.c10930a2-60af-4368-aeee-34e1e3449e65" "tx5bea35efe2744aaf89bfb-00692ea6a5" "container-server 23" 0.0051 "-" 20 0
Dec 2 08:43:17 standalone container-server[127911]: 172.20.0.100 - - [02/Dec/2025:08:43:17 +0000] "PUT /d1/1006/AUTH_003a15e2106b44068d34fb3ca1bdce19/gnocchi.c10930a2-60af-4368-aeee-34e1e3449e65" 201 - "PUT http://172.18.0.2:8080/v1/AUTH_003a15e2106b44068d34fb3ca1bdce19/gnocchi.c10930a2-60af-4368-aeee-34e1e3449e65" "tx5bea35efe2744aaf89bfb-00692ea6a5" "proxy-server 20" 0.0163 "-" 23 0
Dec 2 08:43:17 standalone proxy-server[130163]: 172.18.0.2 172.18.0.100 02/Dec/2025/08/43/17 PUT /v1/AUTH_003a15e2106b44068d34fb3ca1bdce19/gnocchi.c10930a2-60af-4368-aeee-34e1e3449e65 HTTP/1.0 201 - python-swiftclient-3.11.1 gAAAAABpLqX2o5ht... - - - tx5bea35efe2744aaf89bfb-00692ea6a5 - 0.0270 - - 1764664997.948224306 1764664997.975192785 0
Dec 2 08:43:17 standalone container-server[127911]: 172.20.0.100 - - [02/Dec/2025:08:43:17 +0000] "HEAD /d1/1006/AUTH_003a15e2106b44068d34fb3ca1bdce19/gnocchi.c10930a2-60af-4368-aeee-34e1e3449e65" 204 - "HEAD http://172.18.0.2:8080/v1/AUTH_003a15e2106b44068d34fb3ca1bdce19/gnocchi.c10930a2-60af-4368-aeee-34e1e3449e65?format=json&states=listing" "tx13894c39c63d47a18394a-00692ea6a5" "proxy-server 20" 0.0022 "-" 23 0
Dec 2 08:43:17 standalone proxy-server[130163]: - - 02/Dec/2025/08/43/17 HEAD /v1/AUTH_003a15e2106b44068d34fb3ca1bdce19/gnocchi.c10930a2-60af-4368-aeee-34e1e3449e65%3Fformat%3Djson%26states%3Dlisting HTTP/1.0 204 - Swift - - - - tx13894c39c63d47a18394a-00692ea6a5 - 0.0077 RL - 1764664997.980851650 1764664997.988559008 0
Dec 2 08:43:17 standalone container-server[127893]: 172.20.0.100 - - [02/Dec/2025:08:43:17 +0000] "GET /d1/1006/AUTH_003a15e2106b44068d34fb3ca1bdce19/gnocchi.c10930a2-60af-4368-aeee-34e1e3449e65" 200 2 "GET http://172.18.0.2:8080/v1/AUTH_003a15e2106b44068d34fb3ca1bdce19/gnocchi.c10930a2-60af-4368-aeee-34e1e3449e65?format=json&states=listing" "tx13894c39c63d47a18394a-00692ea6a5" "proxy-server 20" 0.0027 "-" 21 0
Dec 2 08:43:17 standalone proxy-server[130163]: 172.18.0.2 172.18.0.100 02/Dec/2025/08/43/17 GET /v1/AUTH_003a15e2106b44068d34fb3ca1bdce19/gnocchi.c10930a2-60af-4368-aeee-34e1e3449e65%3Fformat%3Djson%26states%3Dlisting HTTP/1.0 200 - python-swiftclient-3.11.1 gAAAAABpLqX2o5ht... - 2 - tx13894c39c63d47a18394a-00692ea6a5 - 0.0203 - - 1764664997.979191542 1764664997.999467373 0
Dec 2 08:43:18 standalone object-server[128205]: 172.20.0.100 - - [02/Dec/2025:08:43:18 +0000] "GET /d1/1016/AUTH_003a15e2106b44068d34fb3ca1bdce19/gnocchi.c10930a2-60af-4368-aeee-34e1e3449e65/1763640000.0_mean_300.0_v3" 404 70 "GET http://172.18.0.2:8080/v1/AUTH_003a15e2106b44068d34fb3ca1bdce19/gnocchi.c10930a2-60af-4368-aeee-34e1e3449e65/1763640000.0_mean_300.0_v3" "tx30cbd91948f4463f9f0bd-00692ea6a6" "proxy-server 20" 0.0005 "-" 22 0
Dec 2 08:43:18 standalone proxy-server[130163]: 172.18.0.2 172.18.0.100 02/Dec/2025/08/43/18 GET /v1/AUTH_003a15e2106b44068d34fb3ca1bdce19/gnocchi.c10930a2-60af-4368-aeee-34e1e3449e65/1763640000.0_mean_300.0_v3 HTTP/1.0 404 - python-swiftclient-3.11.1 gAAAAABpLqX2o5ht... - 70 - tx30cbd91948f4463f9f0bd-00692ea6a6 - 0.0079 - - 1764664998.003184080 1764664998.011041880 0
Dec 2 08:43:18 standalone container-server[127879]: 172.20.0.100 - - [02/Dec/2025:08:43:18 +0000] "PUT /d1/1006/AUTH_003a15e2106b44068d34fb3ca1bdce19/gnocchi.c10930a2-60af-4368-aeee-34e1e3449e65/1763640000.0_mean_300.0_v3" 201 - "PUT http://172.18.0.2:8080/d1/1016/AUTH_003a15e2106b44068d34fb3ca1bdce19/gnocchi.c10930a2-60af-4368-aeee-34e1e3449e65/1763640000.0_mean_300.0_v3" "txd9da8c21767b4840b79eb-00692ea6a6" "object-server 25" 0.0006 "-" 19 0
Dec 2 08:43:18 standalone object-server[128219]: 172.20.0.100 - - [02/Dec/2025:08:43:18 +0000] "PUT /d1/1016/AUTH_003a15e2106b44068d34fb3ca1bdce19/gnocchi.c10930a2-60af-4368-aeee-34e1e3449e65/1763640000.0_mean_300.0_v3" 201 - "PUT http://172.18.0.2:8080/v1/AUTH_003a15e2106b44068d34fb3ca1bdce19/gnocchi.c10930a2-60af-4368-aeee-34e1e3449e65/1763640000.0_mean_300.0_v3" "txd9da8c21767b4840b79eb-00692ea6a6" "proxy-server 20" 0.0124 "-" 25 0
Dec 2 08:43:18 standalone proxy-server[130163]: 172.18.0.2 172.18.0.100 02/Dec/2025/08/43/18 PUT /v1/AUTH_003a15e2106b44068d34fb3ca1bdce19/gnocchi.c10930a2-60af-4368-aeee-34e1e3449e65/1763640000.0_mean_300.0_v3 HTTP/1.0 201 - python-swiftclient-3.11.1 gAAAAABpLqX2o5ht... 16 - - txd9da8c21767b4840b79eb-00692ea6a6 - 0.0199 - - 1764664998.014130354 1764664998.034020185 0
Dec 2 08:43:18 standalone container-server[127893]: 172.20.0.100 - - [02/Dec/2025:08:43:18 +0000] "PUT /d1/1006/AUTH_003a15e2106b44068d34fb3ca1bdce19/gnocchi.c10930a2-60af-4368-aeee-34e1e3449e65/none_v3" 201 - "PUT http://172.18.0.2:8080/d1/49/AUTH_003a15e2106b44068d34fb3ca1bdce19/gnocchi.c10930a2-60af-4368-aeee-34e1e3449e65/none_v3" "tx5233946df52d4d2da975a-00692ea6a6" "object-server 25" 0.0006 "-" 21 0
Dec 2 08:43:18 standalone object-server[128219]: 172.20.0.100 - - [02/Dec/2025:08:43:18 +0000] "PUT /d1/49/AUTH_003a15e2106b44068d34fb3ca1bdce19/gnocchi.c10930a2-60af-4368-aeee-34e1e3449e65/none_v3" 201 - "PUT http://172.18.0.2:8080/v1/AUTH_003a15e2106b44068d34fb3ca1bdce19/gnocchi.c10930a2-60af-4368-aeee-34e1e3449e65/none_v3" "tx5233946df52d4d2da975a-00692ea6a6" "proxy-server 20" 0.0090 "-" 25 0
Dec 2 08:43:18 standalone proxy-server[130163]: 172.18.0.2 172.18.0.100 02/Dec/2025/08/43/18 PUT /v1/AUTH_003a15e2106b44068d34fb3ca1bdce19/gnocchi.c10930a2-60af-4368-aeee-34e1e3449e65/none_v3 HTTP/1.0 201 - python-swiftclient-3.11.1 gAAAAABpLqX2o5ht... 22 - - tx5233946df52d4d2da975a-00692ea6a6 - 0.0161 - - 1764664998.036648273 1764664998.052698851 0
Dec 2 08:43:18 standalone container-server[127879]: 172.20.0.100 - - [02/Dec/2025:08:43:18 +0000] "HEAD /d1/203/AUTH_003a15e2106b44068d34fb3ca1bdce19/gnocchi.515c1683-26d8-4fa5-892d-c0ad324306f7" 404 - "HEAD http://172.18.0.2:8080/v1/AUTH_003a15e2106b44068d34fb3ca1bdce19/gnocchi.515c1683-26d8-4fa5-892d-c0ad324306f7?format=json&states=listing" "txfa009402cb104959a8e4b-00692ea6a6" "proxy-server 20" 0.0003 "-" 19 0
Dec 2 08:43:18 standalone object-server[128205]: 172.20.0.100 - - [02/Dec/2025:08:43:18 +0000] "GET /d1/805/AUTH_003a15e2106b44068d34fb3ca1bdce19/gnocchi.515c1683-26d8-4fa5-892d-c0ad324306f7/none_v3" 404 70 "GET http://172.18.0.2:8080/v1/AUTH_003a15e2106b44068d34fb3ca1bdce19/gnocchi.515c1683-26d8-4fa5-892d-c0ad324306f7/none_v3" "txfa009402cb104959a8e4b-00692ea6a6" "proxy-server 20" 0.0005 "-" 22 0
Dec 2 08:43:18 standalone proxy-server[130163]: 172.18.0.2 172.18.0.100 02/Dec/2025/08/43/18 GET /v1/AUTH_003a15e2106b44068d34fb3ca1bdce19/gnocchi.515c1683-26d8-4fa5-892d-c0ad324306f7/none_v3 HTTP/1.0 404 - python-swiftclient-3.11.1 gAAAAABpLqX2o5ht... - 70 - txfa009402cb104959a8e4b-00692ea6a6 - 0.0125 - - 1764664998.075001240 1764664998.087529659 0
Dec 2 08:43:18 standalone account-server[128048]: 172.20.0.100 - - [02/Dec/2025:08:43:18 +0000] "PUT /d1/710/AUTH_003a15e2106b44068d34fb3ca1bdce19/gnocchi.515c1683-26d8-4fa5-892d-c0ad324306f7" 201 - "PUT http://172.20.0.100:6001/d1/203/AUTH_003a15e2106b44068d34fb3ca1bdce19/gnocchi.515c1683-26d8-4fa5-892d-c0ad324306f7" "tx1023c374409545b3af85a-00692ea6a6" "container-server 22" 0.0041 "-" 21 0
Dec 2 08:43:18 standalone container-server[127907]: 172.20.0.100 - - [02/Dec/2025:08:43:18 +0000] "PUT /d1/203/AUTH_003a15e2106b44068d34fb3ca1bdce19/gnocchi.515c1683-26d8-4fa5-892d-c0ad324306f7" 201 - "PUT http://172.18.0.2:8080/v1/AUTH_003a15e2106b44068d34fb3ca1bdce19/gnocchi.515c1683-26d8-4fa5-892d-c0ad324306f7" "tx1023c374409545b3af85a-00692ea6a6" "proxy-server 20" 0.0123 "-" 22 0
Dec 2 08:43:18 standalone proxy-server[130163]: 172.18.0.2 172.18.0.100 02/Dec/2025/08/43/18 PUT /v1/AUTH_003a15e2106b44068d34fb3ca1bdce19/gnocchi.515c1683-26d8-4fa5-892d-c0ad324306f7 HTTP/1.0 201 - python-swiftclient-3.11.1 gAAAAABpLqX2o5ht... - - - tx1023c374409545b3af85a-00692ea6a6 - 0.0193 - - 1764664998.089776278 1764664998.109072924 0
Dec 2 08:43:18 standalone container-server[127893]: 172.20.0.100 - - [02/Dec/2025:08:43:18 +0000] "HEAD /d1/203/AUTH_003a15e2106b44068d34fb3ca1bdce19/gnocchi.515c1683-26d8-4fa5-892d-c0ad324306f7" 204 - "HEAD http://172.18.0.2:8080/v1/AUTH_003a15e2106b44068d34fb3ca1bdce19/gnocchi.515c1683-26d8-4fa5-892d-c0ad324306f7?format=json&states=listing" "tx0908916b04a343b28802d-00692ea6a6" "proxy-server 20" 0.0015 "-" 21 0
Dec 2 08:43:18 standalone proxy-server[130163]: - - 02/Dec/2025/08/43/18 HEAD /v1/AUTH_003a15e2106b44068d34fb3ca1bdce19/gnocchi.515c1683-26d8-4fa5-892d-c0ad324306f7%3Fformat%3Djson%26states%3Dlisting HTTP/1.0 204 - Swift - - - - tx0908916b04a343b28802d-00692ea6a6 - 0.0059 RL - 1764664998.113523006 1764664998.119470596 0
Dec 2 08:43:18 standalone container-server[127907]: 172.20.0.100 - - [02/Dec/2025:08:43:18 +0000] "GET /d1/203/AUTH_003a15e2106b44068d34fb3ca1bdce19/gnocchi.515c1683-26d8-4fa5-892d-c0ad324306f7" 200 2 "GET http://172.18.0.2:8080/v1/AUTH_003a15e2106b44068d34fb3ca1bdce19/gnocchi.515c1683-26d8-4fa5-892d-c0ad324306f7?format=json&states=listing" "tx0908916b04a343b28802d-00692ea6a6" "proxy-server 20" 0.0014 "-" 22 0
Dec 2 08:43:18 standalone proxy-server[130163]: 172.18.0.2 172.18.0.100 02/Dec/2025/08/43/18 GET /v1/AUTH_003a15e2106b44068d34fb3ca1bdce19/gnocchi.515c1683-26d8-4fa5-892d-c0ad324306f7%3Fformat%3Djson%26states%3Dlisting HTTP/1.0 200 - python-swiftclient-3.11.1 gAAAAABpLqX2o5ht... - 2 - tx0908916b04a343b28802d-00692ea6a6 - 0.0168 - - 1764664998.111968040 1764664998.128750563 0
Dec 2 08:43:18 standalone object-server[128205]: 172.20.0.100 - - [02/Dec/2025:08:43:18 +0000] "GET /d1/495/AUTH_003a15e2106b44068d34fb3ca1bdce19/gnocchi.515c1683-26d8-4fa5-892d-c0ad324306f7/1763640000.0_mean_300.0_v3" 404 70 "GET http://172.18.0.2:8080/v1/AUTH_003a15e2106b44068d34fb3ca1bdce19/gnocchi.515c1683-26d8-4fa5-892d-c0ad324306f7/1763640000.0_mean_300.0_v3" "tx5fe21fe95abf4c50b9e93-00692ea6a6" "proxy-server 20" 0.0005 "-" 22 0
Dec 2 08:43:18 standalone proxy-server[130163]: 172.18.0.2 172.18.0.100 02/Dec/2025/08/43/18 GET /v1/AUTH_003a15e2106b44068d34fb3ca1bdce19/gnocchi.515c1683-26d8-4fa5-892d-c0ad324306f7/1763640000.0_mean_300.0_v3 HTTP/1.0 404 - python-swiftclient-3.11.1 gAAAAABpLqX2o5ht... - 70 - tx5fe21fe95abf4c50b9e93-00692ea6a6 - 0.0099 - - 1764664998.131725550 1764664998.141661644 0
Dec 2 08:43:18 standalone container-server[127911]: 172.20.0.100 - - [02/Dec/2025:08:43:18 +0000] "PUT /d1/203/AUTH_003a15e2106b44068d34fb3ca1bdce19/gnocchi.515c1683-26d8-4fa5-892d-c0ad324306f7/1763640000.0_mean_300.0_v3" 201 - "PUT http://172.18.0.2:8080/d1/495/AUTH_003a15e2106b44068d34fb3ca1bdce19/gnocchi.515c1683-26d8-4fa5-892d-c0ad324306f7/1763640000.0_mean_300.0_v3" "txe38a0efa67f94660a7504-00692ea6a6" "object-server 25" 0.0006 "-" 23 0
Dec 2 08:43:18 standalone object-server[128219]: 172.20.0.100 - - [02/Dec/2025:08:43:18 +0000] "PUT /d1/495/AUTH_003a15e2106b44068d34fb3ca1bdce19/gnocchi.515c1683-26d8-4fa5-892d-c0ad324306f7/1763640000.0_mean_300.0_v3" 201 - "PUT http://172.18.0.2:8080/v1/AUTH_003a15e2106b44068d34fb3ca1bdce19/gnocchi.515c1683-26d8-4fa5-892d-c0ad324306f7/1763640000.0_mean_300.0_v3" "txe38a0efa67f94660a7504-00692ea6a6" "proxy-server 20" 0.0115 "-" 25 0
Dec 2 08:43:18 standalone proxy-server[130163]: 172.18.0.2 172.18.0.100 02/Dec/2025/08/43/18 PUT /v1/AUTH_003a15e2106b44068d34fb3ca1bdce19/gnocchi.515c1683-26d8-4fa5-892d-c0ad324306f7/1763640000.0_mean_300.0_v3 HTTP/1.0 201 - python-swiftclient-3.11.1 gAAAAABpLqX2o5ht... 16 - - txe38a0efa67f94660a7504-00692ea6a6 - 0.0197 - - 1764664998.144052982 1764664998.163728714 0
Dec 2 08:43:18 standalone container-server[127911]: 172.20.0.100 - - [02/Dec/2025:08:43:18 +0000] "PUT /d1/203/AUTH_003a15e2106b44068d34fb3ca1bdce19/gnocchi.515c1683-26d8-4fa5-892d-c0ad324306f7/none_v3" 201 - "PUT http://172.18.0.2:8080/d1/805/AUTH_003a15e2106b44068d34fb3ca1bdce19/gnocchi.515c1683-26d8-4fa5-892d-c0ad324306f7/none_v3" "tx96b78bb64cfa4805816f7-00692ea6a6" "object-server 25" 0.0007 "-" 23 0
Dec 2 08:43:18 standalone object-server[128219]: 172.20.0.100 - - [02/Dec/2025:08:43:18 +0000] "PUT /d1/805/AUTH_003a15e2106b44068d34fb3ca1bdce19/gnocchi.515c1683-26d8-4fa5-892d-c0ad324306f7/none_v3" 201 - "PUT http://172.18.0.2:8080/v1/AUTH_003a15e2106b44068d34fb3ca1bdce19/gnocchi.515c1683-26d8-4fa5-892d-c0ad324306f7/none_v3" "tx96b78bb64cfa4805816f7-00692ea6a6" "proxy-server 20" 0.0115 "-" 25 0
Dec 2 08:43:18 standalone proxy-server[130163]: 172.18.0.2 172.18.0.100 02/Dec/2025/08/43/18 PUT /v1/AUTH_003a15e2106b44068d34fb3ca1bdce19/gnocchi.515c1683-26d8-4fa5-892d-c0ad324306f7/none_v3 HTTP/1.0 201 - python-swiftclient-3.11.1 gAAAAABpLqX2o5ht... 22 - - tx96b78bb64cfa4805816f7-00692ea6a6 - 0.0190 - - 1764664998.168989658 1764664998.188005924 0
Dec 2 08:43:18 standalone container-server[127907]: 172.20.0.100 - - [02/Dec/2025:08:43:18 +0000] "HEAD /d1/256/AUTH_003a15e2106b44068d34fb3ca1bdce19/gnocchi.df173de6-29c4-48ff-865a-a6af865b587d" 404 - "HEAD http://172.18.0.2:8080/v1/AUTH_003a15e2106b44068d34fb3ca1bdce19/gnocchi.df173de6-29c4-48ff-865a-a6af865b587d?format=json&states=listing" "txb054a9e1220e4a1983fea-00692ea6a6" "proxy-server 20" 0.0004 "-" 22 0
Dec 2 08:43:18 standalone object-server[128207]: 172.20.0.100 - - [02/Dec/2025:08:43:18 +0000] "GET /d1/290/AUTH_003a15e2106b44068d34fb3ca1bdce19/gnocchi.df173de6-29c4-48ff-865a-a6af865b587d/none_v3" 404 70 "GET http://172.18.0.2:8080/v1/AUTH_003a15e2106b44068d34fb3ca1bdce19/gnocchi.df173de6-29c4-48ff-865a-a6af865b587d/none_v3" "txb054a9e1220e4a1983fea-00692ea6a6" "proxy-server 20" 0.0006 "-" 23 0
Dec 2 08:43:18 standalone proxy-server[130163]: 172.18.0.2 172.18.0.100 02/Dec/2025/08/43/18 GET /v1/AUTH_003a15e2106b44068d34fb3ca1bdce19/gnocchi.df173de6-29c4-48ff-865a-a6af865b587d/none_v3 HTTP/1.0 404 - python-swiftclient-3.11.1 gAAAAABpLqX2o5ht... - 70 - txb054a9e1220e4a1983fea-00692ea6a6 - 0.0143 - - 1764664998.213970661 1764664998.228230238 0
Dec 2 08:43:18 standalone account-server[128048]: 172.20.0.100 - - [02/Dec/2025:08:43:18 +0000] "PUT /d1/710/AUTH_003a15e2106b44068d34fb3ca1bdce19/gnocchi.df173de6-29c4-48ff-865a-a6af865b587d" 201 - "PUT http://172.20.0.100:6001/d1/256/AUTH_003a15e2106b44068d34fb3ca1bdce19/gnocchi.df173de6-29c4-48ff-865a-a6af865b587d" "txa1fcc6d71ebc436ba4aa9-00692ea6a6" "container-server 19" 0.0061 "-" 21 0
Dec 2 08:43:18 standalone container-server[127879]: 172.20.0.100 - - [02/Dec/2025:08:43:18 +0000] "PUT /d1/256/AUTH_003a15e2106b44068d34fb3ca1bdce19/gnocchi.df173de6-29c4-48ff-865a-a6af865b587d" 201 - "PUT http://172.18.0.2:8080/v1/AUTH_003a15e2106b44068d34fb3ca1bdce19/gnocchi.df173de6-29c4-48ff-865a-a6af865b587d" "txa1fcc6d71ebc436ba4aa9-00692ea6a6" "proxy-server 20" 0.0198 "-" 19 0
Dec 2 08:43:18 standalone proxy-server[130163]: 172.18.0.2 172.18.0.100 02/Dec/2025/08/43/18 PUT /v1/AUTH_003a15e2106b44068d34fb3ca1bdce19/gnocchi.df173de6-29c4-48ff-865a-a6af865b587d HTTP/1.0 201 - python-swiftclient-3.11.1 gAAAAABpLqX2o5ht... - - - txa1fcc6d71ebc436ba4aa9-00692ea6a6 - 0.0290 - - 1764664998.232242346 1764664998.261192799 0
Dec 2 08:43:18 standalone container-server[127879]: 172.20.0.100 - - [02/Dec/2025:08:43:18 +0000] "HEAD /d1/256/AUTH_003a15e2106b44068d34fb3ca1bdce19/gnocchi.df173de6-29c4-48ff-865a-a6af865b587d" 204 - "HEAD http://172.18.0.2:8080/v1/AUTH_003a15e2106b44068d34fb3ca1bdce19/gnocchi.df173de6-29c4-48ff-865a-a6af865b587d?format=json&states=listing" "tx3157d031e4294c06b02bf-00692ea6a6" "proxy-server 20" 0.0024 "-" 19 0
Dec 2 08:43:18 standalone proxy-server[130163]: - - 02/Dec/2025/08/43/18 HEAD /v1/AUTH_003a15e2106b44068d34fb3ca1bdce19/gnocchi.df173de6-29c4-48ff-865a-a6af865b587d%3Fformat%3Djson%26states%3Dlisting HTTP/1.0 204 - Swift - - - - tx3157d031e4294c06b02bf-00692ea6a6 - 0.0077 RL - 1764664998.268433571 1764664998.276117802 0
Dec 2 08:43:18 standalone container-server[127893]: 172.20.0.100 - - [02/Dec/2025:08:43:18 +0000] "GET /d1/256/AUTH_003a15e2106b44068d34fb3ca1bdce19/gnocchi.df173de6-29c4-48ff-865a-a6af865b587d" 200 2 "GET http://172.18.0.2:8080/v1/AUTH_003a15e2106b44068d34fb3ca1bdce19/gnocchi.df173de6-29c4-48ff-865a-a6af865b587d?format=json&states=listing" "tx3157d031e4294c06b02bf-00692ea6a6" "proxy-server 20" 0.0022 "-" 21 0
Dec 2 08:43:18 standalone proxy-server[130163]: 172.18.0.2 172.18.0.100 02/Dec/2025/08/43/18 GET /v1/AUTH_003a15e2106b44068d34fb3ca1bdce19/gnocchi.df173de6-29c4-48ff-865a-a6af865b587d%3Fformat%3Djson%26states%3Dlisting HTTP/1.0 200 - python-swiftclient-3.11.1 gAAAAABpLqX2o5ht... - 2 - tx3157d031e4294c06b02bf-00692ea6a6 - 0.0221 - - 1764664998.266790628 1764664998.288889170 0
Dec 2 08:43:18 standalone object-server[128219]: 172.20.0.100 - - [02/Dec/2025:08:43:18 +0000] "GET /d1/9/AUTH_003a15e2106b44068d34fb3ca1bdce19/gnocchi.df173de6-29c4-48ff-865a-a6af865b587d/1763640000.0_mean_300.0_v3" 404 70 "GET http://172.18.0.2:8080/v1/AUTH_003a15e2106b44068d34fb3ca1bdce19/gnocchi.df173de6-29c4-48ff-865a-a6af865b587d/1763640000.0_mean_300.0_v3" "tx78c5041213cb451d9f0b6-00692ea6a6" "proxy-server 20" 0.0005 "-" 25 0
Dec 2 08:43:18 standalone proxy-server[130163]: 172.18.0.2 172.18.0.100 02/Dec/2025/08/43/18 GET /v1/AUTH_003a15e2106b44068d34fb3ca1bdce19/gnocchi.df173de6-29c4-48ff-865a-a6af865b587d/1763640000.0_mean_300.0_v3 HTTP/1.0 404 - python-swiftclient-3.11.1 gAAAAABpLqX2o5ht... - 70 - tx78c5041213cb451d9f0b6-00692ea6a6 - 0.0100 - - 1764664998.294362783 1764664998.304324389 0
Dec 2 08:43:18 standalone container-server[127907]: 172.20.0.100 - - [02/Dec/2025:08:43:18 +0000] "PUT /d1/256/AUTH_003a15e2106b44068d34fb3ca1bdce19/gnocchi.df173de6-29c4-48ff-865a-a6af865b587d/1763640000.0_mean_300.0_v3" 201 - "PUT http://172.18.0.2:8080/d1/9/AUTH_003a15e2106b44068d34fb3ca1bdce19/gnocchi.df173de6-29c4-48ff-865a-a6af865b587d/1763640000.0_mean_300.0_v3" "txcea10c63f640469cb0c41-00692ea6a6" "object-server 23" 0.0009 "-" 22 0
Dec 2 08:43:18 standalone object-server[128207]: 172.20.0.100 - - [02/Dec/2025:08:43:18 +0000] "PUT /d1/9/AUTH_003a15e2106b44068d34fb3ca1bdce19/gnocchi.df173de6-29c4-48ff-865a-a6af865b587d/1763640000.0_mean_300.0_v3" 201 - "PUT http://172.18.0.2:8080/v1/AUTH_003a15e2106b44068d34fb3ca1bdce19/gnocchi.df173de6-29c4-48ff-865a-a6af865b587d/1763640000.0_mean_300.0_v3" "txcea10c63f640469cb0c41-00692ea6a6" "proxy-server 20" 0.0125 "-" 23 0
Dec 2 08:43:18 standalone proxy-server[130163]: 172.18.0.2 172.18.0.100 02/Dec/2025/08/43/18 PUT /v1/AUTH_003a15e2106b44068d34fb3ca1bdce19/gnocchi.df173de6-29c4-48ff-865a-a6af865b587d/1763640000.0_mean_300.0_v3 HTTP/1.0 201 - python-swiftclient-3.11.1 gAAAAABpLqX2o5ht... 16 - - txcea10c63f640469cb0c41-00692ea6a6 - 0.0226 - - 1764664998.308526993 1764664998.331117630 0
Dec 2 08:43:18 standalone container-server[127893]: 172.20.0.100 - - [02/Dec/2025:08:43:18 +0000] "PUT /d1/256/AUTH_003a15e2106b44068d34fb3ca1bdce19/gnocchi.df173de6-29c4-48ff-865a-a6af865b587d/none_v3" 201 - "PUT http://172.18.0.2:8080/d1/290/AUTH_003a15e2106b44068d34fb3ca1bdce19/gnocchi.df173de6-29c4-48ff-865a-a6af865b587d/none_v3" "tx880f2be425f94035a0d8d-00692ea6a6" "object-server 22" 0.0011 "-" 21 0
Dec 2 08:43:18 standalone object-server[128205]: 172.20.0.100 - - [02/Dec/2025:08:43:18 +0000] "PUT /d1/290/AUTH_003a15e2106b44068d34fb3ca1bdce19/gnocchi.df173de6-29c4-48ff-865a-a6af865b587d/none_v3" 201 - "PUT http://172.18.0.2:8080/v1/AUTH_003a15e2106b44068d34fb3ca1bdce19/gnocchi.df173de6-29c4-48ff-865a-a6af865b587d/none_v3" "tx880f2be425f94035a0d8d-00692ea6a6" "proxy-server 20" 0.0131 "-" 22 0
Dec 2 08:43:18 standalone proxy-server[130163]: 172.18.0.2 172.18.0.100 02/Dec/2025/08/43/18 PUT /v1/AUTH_003a15e2106b44068d34fb3ca1bdce19/gnocchi.df173de6-29c4-48ff-865a-a6af865b587d/none_v3 HTTP/1.0 201 - python-swiftclient-3.11.1 gAAAAABpLqX2o5ht... 22 - - tx880f2be425f94035a0d8d-00692ea6a6 - 0.0210 - - 1764664998.335468769 1764664998.356511593 0
Dec 2 08:43:18 standalone container-server[127879]: 172.20.0.100 - - [02/Dec/2025:08:43:18 +0000] "HEAD /d1/600/AUTH_003a15e2106b44068d34fb3ca1bdce19/gnocchi.51a26710-bc59-4547-a0e2-9099f3a5168b" 404 - "HEAD http://172.18.0.2:8080/v1/AUTH_003a15e2106b44068d34fb3ca1bdce19/gnocchi.51a26710-bc59-4547-a0e2-9099f3a5168b?format=json&states=listing" "tx71470f4c85af4588b793b-00692ea6a6" "proxy-server 20" 0.0008 "-" 19 0
Dec 2 08:43:18 standalone object-server[128216]: 172.20.0.100 - - [02/Dec/2025:08:43:18 +0000] "GET /d1/549/AUTH_003a15e2106b44068d34fb3ca1bdce19/gnocchi.51a26710-bc59-4547-a0e2-9099f3a5168b/none_v3" 404 70 "GET http://172.18.0.2:8080/v1/AUTH_003a15e2106b44068d34fb3ca1bdce19/gnocchi.51a26710-bc59-4547-a0e2-9099f3a5168b/none_v3" "tx71470f4c85af4588b793b-00692ea6a6" "proxy-server 20" 0.0005 "-" 24 0
Dec 2 08:43:18 standalone proxy-server[130163]: 172.18.0.2 172.18.0.100 02/Dec/2025/08/43/18 GET /v1/AUTH_003a15e2106b44068d34fb3ca1bdce19/gnocchi.51a26710-bc59-4547-a0e2-9099f3a5168b/none_v3 HTTP/1.0 404 - python-swiftclient-3.11.1 gAAAAABpLqX2o5ht... - 70 - tx71470f4c85af4588b793b-00692ea6a6 - 0.0149 - - 1764664998.375339031 1764664998.390249729 0
Dec 2 08:43:18 standalone account-server[128044]: 172.20.0.100 - - [02/Dec/2025:08:43:18 +0000] "PUT /d1/710/AUTH_003a15e2106b44068d34fb3ca1bdce19/gnocchi.51a26710-bc59-4547-a0e2-9099f3a5168b" 201 - "PUT http://172.20.0.100:6001/d1/600/AUTH_003a15e2106b44068d34fb3ca1bdce19/gnocchi.51a26710-bc59-4547-a0e2-9099f3a5168b" "tx1adb96e6cc9a441bb9159-00692ea6a6" "container-server 21" 0.0054 "-" 20 0
Dec 2 08:43:18 standalone container-server[127893]: 172.20.0.100 - - [02/Dec/2025:08:43:18 +0000] "PUT /d1/600/AUTH_003a15e2106b44068d34fb3ca1bdce19/gnocchi.51a26710-bc59-4547-a0e2-9099f3a5168b" 201 - "PUT http://172.18.0.2:8080/v1/AUTH_003a15e2106b44068d34fb3ca1bdce19/gnocchi.51a26710-bc59-4547-a0e2-9099f3a5168b" "tx1adb96e6cc9a441bb9159-00692ea6a6" "proxy-server 20" 0.0183 "-" 21 0
Dec 2 08:43:18 standalone proxy-server[130163]: 172.18.0.2 172.18.0.100 02/Dec/2025/08/43/18 PUT /v1/AUTH_003a15e2106b44068d34fb3ca1bdce19/gnocchi.51a26710-bc59-4547-a0e2-9099f3a5168b HTTP/1.0 201 - python-swiftclient-3.11.1 gAAAAABpLqX2o5ht... - - - tx1adb96e6cc9a441bb9159-00692ea6a6 - 0.0272 - - 1764664998.394722462 1764664998.421933174 0
Dec 2 08:43:18 standalone container-server[127911]: 172.20.0.100 - - [02/Dec/2025:08:43:18 +0000] "HEAD /d1/220/AUTH_003a15e2106b44068d34fb3ca1bdce19/gnocchi.70a712b4-9419-46ac-877d-5ec45edc8f8b" 404 - "HEAD http://172.18.0.2:8080/v1/AUTH_003a15e2106b44068d34fb3ca1bdce19/gnocchi.70a712b4-9419-46ac-877d-5ec45edc8f8b?format=json&states=listing" "tx3f6049232f694f33aa7af-00692ea6a6" "proxy-server 20" 0.0004 "-" 23 0
Dec 2 08:43:18 standalone object-server[128207]: 172.20.0.100 - - [02/Dec/2025:08:43:18 +0000] "GET /d1/46/AUTH_003a15e2106b44068d34fb3ca1bdce19/gnocchi.70a712b4-9419-46ac-877d-5ec45edc8f8b/none_v3" 404 70 "GET http://172.18.0.2:8080/v1/AUTH_003a15e2106b44068d34fb3ca1bdce19/gnocchi.70a712b4-9419-46ac-877d-5ec45edc8f8b/none_v3" "tx3f6049232f694f33aa7af-00692ea6a6" "proxy-server 20" 0.0005 "-" 23 0
Dec 2 08:43:18 standalone proxy-server[130163]: 172.18.0.2 172.18.0.100 02/Dec/2025/08/43/18 GET /v1/AUTH_003a15e2106b44068d34fb3ca1bdce19/gnocchi.70a712b4-9419-46ac-877d-5ec45edc8f8b/none_v3 HTTP/1.0 404 - python-swiftclient-3.11.1 gAAAAABpLqX2o5ht... - 70 - tx3f6049232f694f33aa7af-00692ea6a6 - 0.0128 - - 1764664998.426334620 1764664998.439149857 0
Dec 2 08:43:18 standalone account-server[128044]: 172.20.0.100 - - [02/Dec/2025:08:43:18 +0000] "PUT /d1/710/AUTH_003a15e2106b44068d34fb3ca1bdce19/gnocchi.70a712b4-9419-46ac-877d-5ec45edc8f8b" 201 - "PUT http://172.20.0.100:6001/d1/220/AUTH_003a15e2106b44068d34fb3ca1bdce19/gnocchi.70a712b4-9419-46ac-877d-5ec45edc8f8b" "txbb8a60b3129940baa4a19-00692ea6a6" "container-server 19" 0.0061 "-" 20 0
Dec 2 08:43:18 standalone container-server[127879]: 172.20.0.100 - - [02/Dec/2025:08:43:18 +0000] "PUT /d1/220/AUTH_003a15e2106b44068d34fb3ca1bdce19/gnocchi.70a712b4-9419-46ac-877d-5ec45edc8f8b" 201 - "PUT http://172.18.0.2:8080/v1/AUTH_003a15e2106b44068d34fb3ca1bdce19/gnocchi.70a712b4-9419-46ac-877d-5ec45edc8f8b" "txbb8a60b3129940baa4a19-00692ea6a6" "proxy-server 20" 0.0203 "-" 19 0
Dec 2 08:43:18 standalone proxy-server[130163]: 172.18.0.2 172.18.0.100 02/Dec/2025/08/43/18 PUT /v1/AUTH_003a15e2106b44068d34fb3ca1bdce19/gnocchi.70a712b4-9419-46ac-877d-5ec45edc8f8b HTTP/1.0 201 - python-swiftclient-3.11.1 gAAAAABpLqX2o5ht... - - - txbb8a60b3129940baa4a19-00692ea6a6 - 0.0291 - - 1764664998.443843842 1764664998.472898960 0
Dec 2 08:43:18 standalone container-server[127893]: 172.20.0.100 - - [02/Dec/2025:08:43:18 +0000] "HEAD /d1/600/AUTH_003a15e2106b44068d34fb3ca1bdce19/gnocchi.51a26710-bc59-4547-a0e2-9099f3a5168b" 204 - "HEAD http://172.18.0.2:8080/v1/AUTH_003a15e2106b44068d34fb3ca1bdce19/gnocchi.51a26710-bc59-4547-a0e2-9099f3a5168b?format=json&states=listing" "tx13ab4888204d4f2badef1-00692ea6a6" "proxy-server 20" 0.0016 "-" 21 0
Dec 2 08:43:18 standalone proxy-server[130163]: - - 02/Dec/2025/08/43/18 HEAD /v1/AUTH_003a15e2106b44068d34fb3ca1bdce19/gnocchi.51a26710-bc59-4547-a0e2-9099f3a5168b%3Fformat%3Djson%26states%3Dlisting HTTP/1.0 204 - Swift - - - - tx13ab4888204d4f2badef1-00692ea6a6 - 0.0077 RL - 1764664998.485359430 1764664998.493021488 0
Dec 2 08:43:18 standalone container-server[127907]: 172.20.0.100 - - [02/Dec/2025:08:43:18 +0000] "GET /d1/600/AUTH_003a15e2106b44068d34fb3ca1bdce19/gnocchi.51a26710-bc59-4547-a0e2-9099f3a5168b" 200 2 "GET http://172.18.0.2:8080/v1/AUTH_003a15e2106b44068d34fb3ca1bdce19/gnocchi.51a26710-bc59-4547-a0e2-9099f3a5168b?format=json&states=listing" "tx13ab4888204d4f2badef1-00692ea6a6" "proxy-server 20" 0.0036 "-" 22 0
Dec 2 08:43:18 standalone proxy-server[130163]: 172.18.0.2 172.18.0.100 02/Dec/2025/08/43/18 GET /v1/AUTH_003a15e2106b44068d34fb3ca1bdce19/gnocchi.51a26710-bc59-4547-a0e2-9099f3a5168b%3Fformat%3Djson%26states%3Dlisting HTTP/1.0 200 - python-swiftclient-3.11.1 gAAAAABpLqX2o5ht... - 2 - tx13ab4888204d4f2badef1-00692ea6a6 - 0.0253 - - 1764664998.482697725 1764664998.507997513 0
Dec 2 08:43:18 standalone container-server[127893]: 172.20.0.100 - - [02/Dec/2025:08:43:18 +0000] "HEAD /d1/220/AUTH_003a15e2106b44068d34fb3ca1bdce19/gnocchi.70a712b4-9419-46ac-877d-5ec45edc8f8b" 204 - "HEAD http://172.18.0.2:8080/v1/AUTH_003a15e2106b44068d34fb3ca1bdce19/gnocchi.70a712b4-9419-46ac-877d-5ec45edc8f8b?format=json&states=listing" "tx06635e362fc846379e417-00692ea6a6" "proxy-server 20" 0.0016 "-" 21 0
Dec 2 08:43:18 standalone proxy-server[130163]: - - 02/Dec/2025/08/43/18 HEAD /v1/AUTH_003a15e2106b44068d34fb3ca1bdce19/gnocchi.70a712b4-9419-46ac-877d-5ec45edc8f8b%3Fformat%3Djson%26states%3Dlisting HTTP/1.0 204 - Swift - - - - tx06635e362fc846379e417-00692ea6a6 - 0.0075 RL - 1764664998.516172171 1764664998.523647785 0
Dec 2 08:43:18 standalone container-server[127879]: 172.20.0.100 - - [02/Dec/2025:08:43:18 +0000] "GET /d1/220/AUTH_003a15e2106b44068d34fb3ca1bdce19/gnocchi.70a712b4-9419-46ac-877d-5ec45edc8f8b" 200 2 "GET http://172.18.0.2:8080/v1/AUTH_003a15e2106b44068d34fb3ca1bdce19/gnocchi.70a712b4-9419-46ac-877d-5ec45edc8f8b?format=json&states=listing" "tx06635e362fc846379e417-00692ea6a6" "proxy-server 20" 0.0021 "-" 19 0
Dec 2 08:43:18 standalone proxy-server[130163]: 172.18.0.2 172.18.0.100 02/Dec/2025/08/43/18 GET /v1/AUTH_003a15e2106b44068d34fb3ca1bdce19/gnocchi.70a712b4-9419-46ac-877d-5ec45edc8f8b%3Fformat%3Djson%26states%3Dlisting HTTP/1.0 200 - python-swiftclient-3.11.1 gAAAAABpLqX2o5ht... - 2 - tx06635e362fc846379e417-00692ea6a6 - 0.0203 - - 1764664998.514230967 1764664998.534485817 0
Dec 2 08:43:18 standalone object-server[128205]: 172.20.0.100 - - [02/Dec/2025:08:43:18 +0000] "GET /d1/465/AUTH_003a15e2106b44068d34fb3ca1bdce19/gnocchi.51a26710-bc59-4547-a0e2-9099f3a5168b/1763640000.0_mean_300.0_v3" 404 70 "GET http://172.18.0.2:8080/v1/AUTH_003a15e2106b44068d34fb3ca1bdce19/gnocchi.51a26710-bc59-4547-a0e2-9099f3a5168b/1763640000.0_mean_300.0_v3" "txfd9271578d5f444689ba8-00692ea6a6" "proxy-server 20" 0.0006 "-" 22 0
Dec 2 08:43:18 standalone proxy-server[130163]: 172.18.0.2 172.18.0.100 02/Dec/2025/08/43/18 GET /v1/AUTH_003a15e2106b44068d34fb3ca1bdce19/gnocchi.51a26710-bc59-4547-a0e2-9099f3a5168b/1763640000.0_mean_300.0_v3 HTTP/1.0 404 - python-swiftclient-3.11.1 gAAAAABpLqX2o5ht... - 70 - txfd9271578d5f444689ba8-00692ea6a6 - 0.0083 - - 1764664998.539166689 1764664998.547462225 0
Dec 2 08:43:18 standalone object-server[128205]: 172.20.0.100 - - [02/Dec/2025:08:43:18 +0000] "GET /d1/391/AUTH_003a15e2106b44068d34fb3ca1bdce19/gnocchi.70a712b4-9419-46ac-877d-5ec45edc8f8b/1763640000.0_mean_300.0_v3" 404 70 "GET http://172.18.0.2:8080/v1/AUTH_003a15e2106b44068d34fb3ca1bdce19/gnocchi.70a712b4-9419-46ac-877d-5ec45edc8f8b/1763640000.0_mean_300.0_v3" "tx740a4088b3244d1baf476-00692ea6a6" "proxy-server 20" 0.0003 "-" 22 0
Dec 2 08:43:18 standalone proxy-server[130163]: 172.18.0.2 172.18.0.100 02/Dec/2025/08/43/18 GET /v1/AUTH_003a15e2106b44068d34fb3ca1bdce19/gnocchi.70a712b4-9419-46ac-877d-5ec45edc8f8b/1763640000.0_mean_300.0_v3 HTTP/1.0 404 - python-swiftclient-3.11.1 gAAAAABpLqX2o5ht... - 70 - tx740a4088b3244d1baf476-00692ea6a6 - 0.0071 - - 1764664998.551383734 1764664998.558519125 0
Dec 2 08:43:18 standalone container-server[127907]: 172.20.0.100 - - [02/Dec/2025:08:43:18 +0000] "PUT /d1/600/AUTH_003a15e2106b44068d34fb3ca1bdce19/gnocchi.51a26710-bc59-4547-a0e2-9099f3a5168b/1763640000.0_mean_300.0_v3" 201 - "PUT http://172.18.0.2:8080/d1/465/AUTH_003a15e2106b44068d34fb3ca1bdce19/gnocchi.51a26710-bc59-4547-a0e2-9099f3a5168b/1763640000.0_mean_300.0_v3" "tx09e8b3e4ea7247c6b6b44-00692ea6a6" "object-server 23" 0.0009 "-" 22 0
Dec 2 08:43:18 standalone object-server[128207]: 172.20.0.100 - - [02/Dec/2025:08:43:18 +0000] "PUT /d1/465/AUTH_003a15e2106b44068d34fb3ca1bdce19/gnocchi.51a26710-bc59-4547-a0e2-9099f3a5168b/1763640000.0_mean_300.0_v3" 201 - "PUT http://172.18.0.2:8080/v1/AUTH_003a15e2106b44068d34fb3ca1bdce19/gnocchi.51a26710-bc59-4547-a0e2-9099f3a5168b/1763640000.0_mean_300.0_v3" "tx09e8b3e4ea7247c6b6b44-00692ea6a6" "proxy-server 20" 0.0122 "-" 23 0
Dec 2 08:43:18 standalone proxy-server[130163]: 172.18.0.2 172.18.0.100 02/Dec/2025/08/43/18 PUT /v1/AUTH_003a15e2106b44068d34fb3ca1bdce19/gnocchi.51a26710-bc59-4547-a0e2-9099f3a5168b/1763640000.0_mean_300.0_v3 HTTP/1.0 201 - python-swiftclient-3.11.1 gAAAAABpLqX2o5ht... 16 - - tx09e8b3e4ea7247c6b6b44-00692ea6a6 - 0.0201 - - 1764664998.562874794 1764664998.583012581 0
Dec 2 08:43:18 standalone container-server[127893]: 172.20.0.100 - - [02/Dec/2025:08:43:18 +0000] "PUT /d1/220/AUTH_003a15e2106b44068d34fb3ca1bdce19/gnocchi.70a712b4-9419-46ac-877d-5ec45edc8f8b/1763640000.0_mean_300.0_v3" 201 - "PUT http://172.18.0.2:8080/d1/391/AUTH_003a15e2106b44068d34fb3ca1bdce19/gnocchi.70a712b4-9419-46ac-877d-5ec45edc8f8b/1763640000.0_mean_300.0_v3" "tx9528d0c0e3494bf0aecb4-00692ea6a6" "object-server 24" 0.0006 "-" 21 0
Dec 2 08:43:18 standalone object-server[128216]: 172.20.0.100 - - [02/Dec/2025:08:43:18 +0000] "PUT /d1/391/AUTH_003a15e2106b44068d34fb3ca1bdce19/gnocchi.70a712b4-9419-46ac-877d-5ec45edc8f8b/1763640000.0_mean_300.0_v3" 201 - "PUT http://172.18.0.2:8080/v1/AUTH_003a15e2106b44068d34fb3ca1bdce19/gnocchi.70a712b4-9419-46ac-877d-5ec45edc8f8b/1763640000.0_mean_300.0_v3" "tx9528d0c0e3494bf0aecb4-00692ea6a6" "proxy-server 20" 0.0107 "-" 24 0
Dec 2 08:43:18 standalone proxy-server[130163]: 172.18.0.2 172.18.0.100 02/Dec/2025/08/43/18 PUT /v1/AUTH_003a15e2106b44068d34fb3ca1bdce19/gnocchi.70a712b4-9419-46ac-877d-5ec45edc8f8b/1763640000.0_mean_300.0_v3 HTTP/1.0 201 - python-swiftclient-3.11.1 gAAAAABpLqX2o5ht... 16 - - tx9528d0c0e3494bf0aecb4-00692ea6a6 - 0.0172 - - 1764664998.586903334 1764664998.604078054 0
Dec 2 08:43:18 standalone container-server[127879]: 172.20.0.100 - - [02/Dec/2025:08:43:18 +0000] "PUT /d1/600/AUTH_003a15e2106b44068d34fb3ca1bdce19/gnocchi.51a26710-bc59-4547-a0e2-9099f3a5168b/none_v3" 201 - "PUT http://172.18.0.2:8080/d1/549/AUTH_003a15e2106b44068d34fb3ca1bdce19/gnocchi.51a26710-bc59-4547-a0e2-9099f3a5168b/none_v3" "tx998886970e884117abdd7-00692ea6a6" "object-server 24" 0.0006 "-" 19 0
Dec 2 08:43:18 standalone object-server[128216]: 172.20.0.100 - - [02/Dec/2025:08:43:18 +0000] "PUT /d1/549/AUTH_003a15e2106b44068d34fb3ca1bdce19/gnocchi.51a26710-bc59-4547-a0e2-9099f3a5168b/none_v3" 201 - "PUT http://172.18.0.2:8080/v1/AUTH_003a15e2106b44068d34fb3ca1bdce19/gnocchi.51a26710-bc59-4547-a0e2-9099f3a5168b/none_v3" "tx998886970e884117abdd7-00692ea6a6" "proxy-server 20" 0.0108 "-" 24 0
Dec 2 08:43:18 standalone proxy-server[130163]: 172.18.0.2 172.18.0.100 02/Dec/2025/08/43/18 PUT /v1/AUTH_003a15e2106b44068d34fb3ca1bdce19/gnocchi.51a26710-bc59-4547-a0e2-9099f3a5168b/none_v3 HTTP/1.0 201 - python-swiftclient-3.11.1 gAAAAABpLqX2o5ht... 22 - - tx998886970e884117abdd7-00692ea6a6 - 0.0171 - - 1764664998.607502699 1764664998.624607801 0
Dec 2 08:43:18 standalone container-server[127907]: 172.20.0.100 - - [02/Dec/2025:08:43:18 +0000] "PUT /d1/220/AUTH_003a15e2106b44068d34fb3ca1bdce19/gnocchi.70a712b4-9419-46ac-877d-5ec45edc8f8b/none_v3" 201 - "PUT http://172.18.0.2:8080/d1/46/AUTH_003a15e2106b44068d34fb3ca1bdce19/gnocchi.70a712b4-9419-46ac-877d-5ec45edc8f8b/none_v3" "txf519ec5e2d3b4fc1b401c-00692ea6a6" "object-server 22" 0.0007 "-" 22 0
Dec 2 08:43:18 standalone object-server[128205]: 172.20.0.100 - - [02/Dec/2025:08:43:18 +0000] "PUT /d1/46/AUTH_003a15e2106b44068d34fb3ca1bdce19/gnocchi.70a712b4-9419-46ac-877d-5ec45edc8f8b/none_v3" 201 - "PUT http://172.18.0.2:8080/v1/AUTH_003a15e2106b44068d34fb3ca1bdce19/gnocchi.70a712b4-9419-46ac-877d-5ec45edc8f8b/none_v3" "txf519ec5e2d3b4fc1b401c-00692ea6a6" "proxy-server 20" 0.0110 "-" 22 0
Dec 2 08:43:18 standalone proxy-server[130163]: 172.18.0.2 172.18.0.100 02/Dec/2025/08/43/18 PUT /v1/AUTH_003a15e2106b44068d34fb3ca1bdce19/gnocchi.70a712b4-9419-46ac-877d-5ec45edc8f8b/none_v3 HTTP/1.0 201 - python-swiftclient-3.11.1 gAAAAABpLqX2o5ht... 22 - - txf519ec5e2d3b4fc1b401c-00692ea6a6 - 0.0167 - - 1764664998.627771378 1764664998.644498825 0
Dec 2 08:43:18 standalone container-server[127879]: 172.20.0.100 - - [02/Dec/2025:08:43:18 +0000] "HEAD /d1/56/AUTH_003a15e2106b44068d34fb3ca1bdce19/gnocchi.bc4eb554-10ab-4e30-8c00-7682c8f36d86" 404 - "HEAD http://172.18.0.2:8080/v1/AUTH_003a15e2106b44068d34fb3ca1bdce19/gnocchi.bc4eb554-10ab-4e30-8c00-7682c8f36d86?format=json&states=listing" "txac08b4503c60458ba0525-00692ea6a6" "proxy-server 20" 0.0004 "-" 19 0
Dec 2 08:43:18 standalone object-server[128207]: 172.20.0.100 - - [02/Dec/2025:08:43:18 +0000] "GET /d1/996/AUTH_003a15e2106b44068d34fb3ca1bdce19/gnocchi.bc4eb554-10ab-4e30-8c00-7682c8f36d86/none_v3" 404 70 "GET http://172.18.0.2:8080/v1/AUTH_003a15e2106b44068d34fb3ca1bdce19/gnocchi.bc4eb554-10ab-4e30-8c00-7682c8f36d86/none_v3" "txac08b4503c60458ba0525-00692ea6a6" "proxy-server 20" 0.0004 "-" 23 0
Dec 2 08:43:18 standalone proxy-server[130163]: 172.18.0.2 172.18.0.100 02/Dec/2025/08/43/18 GET /v1/AUTH_003a15e2106b44068d34fb3ca1bdce19/gnocchi.bc4eb554-10ab-4e30-8c00-7682c8f36d86/none_v3 HTTP/1.0 404 - python-swiftclient-3.11.1 gAAAAABpLqX2o5ht... - 70 - txac08b4503c60458ba0525-00692ea6a6 - 0.0139 - - 1764664998.657340765 1764664998.671260595 0
Dec 2 08:43:18 standalone account-server[128062]: 172.20.0.100 - - [02/Dec/2025:08:43:18 +0000] "PUT /d1/710/AUTH_003a15e2106b44068d34fb3ca1bdce19/gnocchi.bc4eb554-10ab-4e30-8c00-7682c8f36d86" 201 - "PUT http://172.20.0.100:6001/d1/56/AUTH_003a15e2106b44068d34fb3ca1bdce19/gnocchi.bc4eb554-10ab-4e30-8c00-7682c8f36d86" "tx60645709ccb343afb5c62-00692ea6a6" "container-server 22" 0.0060 "-" 23 0
Dec 2 08:43:18 standalone container-server[127907]: 172.20.0.100 - - [02/Dec/2025:08:43:18 +0000] "PUT /d1/56/AUTH_003a15e2106b44068d34fb3ca1bdce19/gnocchi.bc4eb554-10ab-4e30-8c00-7682c8f36d86" 201 - "PUT http://172.18.0.2:8080/v1/AUTH_003a15e2106b44068d34fb3ca1bdce19/gnocchi.bc4eb554-10ab-4e30-8c00-7682c8f36d86" "tx60645709ccb343afb5c62-00692ea6a6" "proxy-server 20" 0.0206 "-" 22 0
Dec 2 08:43:18 standalone proxy-server[130163]: 172.18.0.2 172.18.0.100 02/Dec/2025/08/43/18 PUT /v1/AUTH_003a15e2106b44068d34fb3ca1bdce19/gnocchi.bc4eb554-10ab-4e30-8c00-7682c8f36d86 HTTP/1.0 201 - python-swiftclient-3.11.1 gAAAAABpLqX2o5ht... - - - tx60645709ccb343afb5c62-00692ea6a6 - 0.0281 - - 1764664998.675045490 1764664998.703132391 0
Dec 2 08:43:18 standalone container-server[127911]: 172.20.0.100 - - [02/Dec/2025:08:43:18 +0000] "HEAD /d1/56/AUTH_003a15e2106b44068d34fb3ca1bdce19/gnocchi.bc4eb554-10ab-4e30-8c00-7682c8f36d86" 204 - "HEAD http://172.18.0.2:8080/v1/AUTH_003a15e2106b44068d34fb3ca1bdce19/gnocchi.bc4eb554-10ab-4e30-8c00-7682c8f36d86?format=json&states=listing" "tx5ec07fe059cc43cd91132-00692ea6a6" "proxy-server 20" 0.0023 "-" 23 0
Dec 2 08:43:18 standalone proxy-server[130163]: - - 02/Dec/2025/08/43/18 HEAD /v1/AUTH_003a15e2106b44068d34fb3ca1bdce19/gnocchi.bc4eb554-10ab-4e30-8c00-7682c8f36d86%3Fformat%3Djson%26states%3Dlisting HTTP/1.0 204 - Swift - - - - tx5ec07fe059cc43cd91132-00692ea6a6 - 0.0071 RL - 1764664998.709324837 1764664998.716386795 0
Dec 2 08:43:18 standalone container-server[127879]: 172.20.0.100 - - [02/Dec/2025:08:43:18 +0000] "GET /d1/56/AUTH_003a15e2106b44068d34fb3ca1bdce19/gnocchi.bc4eb554-10ab-4e30-8c00-7682c8f36d86" 200 2 "GET http://172.18.0.2:8080/v1/AUTH_003a15e2106b44068d34fb3ca1bdce19/gnocchi.bc4eb554-10ab-4e30-8c00-7682c8f36d86?format=json&states=listing" "tx5ec07fe059cc43cd91132-00692ea6a6" "proxy-server 20" 0.0034 "-" 19 0
Dec 2 08:43:18 standalone proxy-server[130163]: 172.18.0.2 172.18.0.100 02/Dec/2025/08/43/18 GET /v1/AUTH_003a15e2106b44068d34fb3ca1bdce19/gnocchi.bc4eb554-10ab-4e30-8c00-7682c8f36d86%3Fformat%3Djson%26states%3Dlisting HTTP/1.0 200 - python-swiftclient-3.11.1 gAAAAABpLqX2o5ht... - 2 - tx5ec07fe059cc43cd91132-00692ea6a6 - 0.0214 - - 1764664998.707717896 1764664998.729068518 0
Dec 2 08:43:18 standalone object-server[128219]: 172.20.0.100 - - [02/Dec/2025:08:43:18 +0000] "GET /d1/74/AUTH_003a15e2106b44068d34fb3ca1bdce19/gnocchi.bc4eb554-10ab-4e30-8c00-7682c8f36d86/1763640000.0_mean_300.0_v3" 404 70 "GET http://172.18.0.2:8080/v1/AUTH_003a15e2106b44068d34fb3ca1bdce19/gnocchi.bc4eb554-10ab-4e30-8c00-7682c8f36d86/1763640000.0_mean_300.0_v3" "tx2dd9728c5d9e410cb318b-00692ea6a6" "proxy-server 20" 0.0005 "-" 25 0
Dec 2 08:43:18 standalone proxy-server[130163]: 172.18.0.2 172.18.0.100 02/Dec/2025/08/43/18 GET /v1/AUTH_003a15e2106b44068d34fb3ca1bdce19/gnocchi.bc4eb554-10ab-4e30-8c00-7682c8f36d86/1763640000.0_mean_300.0_v3 HTTP/1.0 404 - python-swiftclient-3.11.1 gAAAAABpLqX2o5ht... - 70 - tx2dd9728c5d9e410cb318b-00692ea6a6 - 0.0076 - - 1764664998.733939648 1764664998.741500139 0
Dec 2 08:43:18 standalone container-server[127907]: 172.20.0.100 - - [02/Dec/2025:08:43:18 +0000] "PUT /d1/56/AUTH_003a15e2106b44068d34fb3ca1bdce19/gnocchi.bc4eb554-10ab-4e30-8c00-7682c8f36d86/1763640000.0_mean_300.0_v3" 201 - "PUT http://172.18.0.2:8080/d1/74/AUTH_003a15e2106b44068d34fb3ca1bdce19/gnocchi.bc4eb554-10ab-4e30-8c00-7682c8f36d86/1763640000.0_mean_300.0_v3" "tx75e332ee7a254231be8a6-00692ea6a6" "object-server 25" 0.0008 "-" 22 0
