Dec 2 08:42:13 standalone container-server[127893]: 172.20.0.100 - - [02/Dec/2025:08:42:13 +0000] "GET /d1/447/AUTH_003a15e2106b44068d34fb3ca1bdce19/gnocchi.12908581-211c-45f0-ba87-fefafd06b248" 200 2 "GET http://172.18.0.2:8080/v1/AUTH_003a15e2106b44068d34fb3ca1bdce19/gnocchi.12908581-211c-45f0-ba87-fefafd06b248?format=json&states=listing" "tx386ca968eb8a48099f94f-00692ea665" "proxy-server 20" 0.0018 "-" 21 0
Dec 2 08:42:13 standalone proxy-server[130163]: 172.18.0.2 172.18.0.100 02/Dec/2025/08/42/13 GET /v1/AUTH_003a15e2106b44068d34fb3ca1bdce19/gnocchi.12908581-211c-45f0-ba87-fefafd06b248%3Fformat%3Djson%26states%3Dlisting HTTP/1.0 200 - python-swiftclient-3.11.1 gAAAAABpLqX2o5ht... - 2 - tx386ca968eb8a48099f94f-00692ea665 - 0.0180 - - 1764664933.308449745 1764664933.326455593 0
Dec 2 08:42:13 standalone object-server[128216]: 172.20.0.100 - - [02/Dec/2025:08:42:13 +0000] "GET /d1/979/AUTH_003a15e2106b44068d34fb3ca1bdce19/gnocchi.12908581-211c-45f0-ba87-fefafd06b248/1763640000.0_mean_300.0_v3" 404 70 "GET http://172.18.0.2:8080/v1/AUTH_003a15e2106b44068d34fb3ca1bdce19/gnocchi.12908581-211c-45f0-ba87-fefafd06b248/1763640000.0_mean_300.0_v3" "txa3863fcdf51b4313b0353-00692ea665" "proxy-server 20" 0.0005 "-" 24 0
Dec 2 08:42:13 standalone proxy-server[130163]: 172.18.0.2 172.18.0.100 02/Dec/2025/08/42/13 GET /v1/AUTH_003a15e2106b44068d34fb3ca1bdce19/gnocchi.12908581-211c-45f0-ba87-fefafd06b248/1763640000.0_mean_300.0_v3 HTTP/1.0 404 - python-swiftclient-3.11.1 gAAAAABpLqX2o5ht... - 70 - txa3863fcdf51b4313b0353-00692ea665 - 0.0089 - - 1764664933.332018375 1764664933.340968370 0
Dec 2 08:42:13 standalone container-server[127879]: 172.20.0.100 - - [02/Dec/2025:08:42:13 +0000] "PUT /d1/447/AUTH_003a15e2106b44068d34fb3ca1bdce19/gnocchi.12908581-211c-45f0-ba87-fefafd06b248/1763640000.0_mean_300.0_v3" 201 - "PUT http://172.18.0.2:8080/d1/979/AUTH_003a15e2106b44068d34fb3ca1bdce19/gnocchi.12908581-211c-45f0-ba87-fefafd06b248/1763640000.0_mean_300.0_v3" "tx520e777aea7244fb94436-00692ea665" "object-server 22" 0.0005 "-" 19 0
Dec 2 08:42:13 standalone object-server[128205]: 172.20.0.100 - - [02/Dec/2025:08:42:13 +0000] "PUT /d1/979/AUTH_003a15e2106b44068d34fb3ca1bdce19/gnocchi.12908581-211c-45f0-ba87-fefafd06b248/1763640000.0_mean_300.0_v3" 201 - "PUT http://172.18.0.2:8080/v1/AUTH_003a15e2106b44068d34fb3ca1bdce19/gnocchi.12908581-211c-45f0-ba87-fefafd06b248/1763640000.0_mean_300.0_v3" "tx520e777aea7244fb94436-00692ea665" "proxy-server 20" 0.0126 "-" 22 0
Dec 2 08:42:13 standalone proxy-server[130163]: 172.18.0.2 172.18.0.100 02/Dec/2025/08/42/13 PUT /v1/AUTH_003a15e2106b44068d34fb3ca1bdce19/gnocchi.12908581-211c-45f0-ba87-fefafd06b248/1763640000.0_mean_300.0_v3 HTTP/1.0 201 - python-swiftclient-3.11.1 gAAAAABpLqX2o5ht... 16 - - tx520e777aea7244fb94436-00692ea665 - 0.0248 - - 1764664933.345494747 1764664933.370287895 0
Dec 2 08:42:13 standalone container-server[127893]: 172.20.0.100 - - [02/Dec/2025:08:42:13 +0000] "PUT /d1/447/AUTH_003a15e2106b44068d34fb3ca1bdce19/gnocchi.12908581-211c-45f0-ba87-fefafd06b248/none_v3" 201 - "PUT http://172.18.0.2:8080/d1/182/AUTH_003a15e2106b44068d34fb3ca1bdce19/gnocchi.12908581-211c-45f0-ba87-fefafd06b248/none_v3" "tx1126430335724d199849d-00692ea665" "object-server 25" 0.0005 "-" 21 0
Dec 2 08:42:13 standalone object-server[128219]: 172.20.0.100 - - [02/Dec/2025:08:42:13 +0000] "PUT /d1/182/AUTH_003a15e2106b44068d34fb3ca1bdce19/gnocchi.12908581-211c-45f0-ba87-fefafd06b248/none_v3" 201 - "PUT http://172.18.0.2:8080/v1/AUTH_003a15e2106b44068d34fb3ca1bdce19/gnocchi.12908581-211c-45f0-ba87-fefafd06b248/none_v3" "tx1126430335724d199849d-00692ea665" "proxy-server 20" 0.0099 "-" 25 0
Dec 2 08:42:13 standalone proxy-server[130163]: 172.18.0.2 172.18.0.100 02/Dec/2025/08/42/13 PUT /v1/AUTH_003a15e2106b44068d34fb3ca1bdce19/gnocchi.12908581-211c-45f0-ba87-fefafd06b248/none_v3 HTTP/1.0 201 - python-swiftclient-3.11.1 gAAAAABpLqX2o5ht... 22 - - tx1126430335724d199849d-00692ea665 - 0.0188 - - 1764664933.392149925 1764664933.410901785 0
Dec 2 08:42:13 standalone object-server[128207]: 172.20.0.100 - - [02/Dec/2025:08:42:13 +0000] "GET /d1/182/AUTH_003a15e2106b44068d34fb3ca1bdce19/gnocchi.12908581-211c-45f0-ba87-fefafd06b248/none_v3" 200 22 "GET http://172.18.0.2:8080/v1/AUTH_003a15e2106b44068d34fb3ca1bdce19/gnocchi.12908581-211c-45f0-ba87-fefafd06b248/none_v3" "tx6d0283f4c4ed49abb654c-00692ea665" "proxy-server 20" 0.0009 "-" 23 0
Dec 2 08:42:14 standalone proxy-server[130163]: 172.18.0.2 172.18.0.100 02/Dec/2025/08/42/13 GET /v1/AUTH_003a15e2106b44068d34fb3ca1bdce19/gnocchi.12908581-211c-45f0-ba87-fefafd06b248/none_v3 HTTP/1.0 200 - python-swiftclient-3.11.1 gAAAAABpLqX2o5ht... - 22 - tx6d0283f4c4ed49abb654c-00692ea665 - 0.0066 - - 1764664933.991456270 1764664933.998061895 0
Dec 2 08:42:14 standalone container-server[127893]: 172.20.0.100 - - [02/Dec/2025:08:42:14 +0000] "GET /d1/447/AUTH_003a15e2106b44068d34fb3ca1bdce19/gnocchi.12908581-211c-45f0-ba87-fefafd06b248" 200 357 "GET http://172.18.0.2:8080/v1/AUTH_003a15e2106b44068d34fb3ca1bdce19/gnocchi.12908581-211c-45f0-ba87-fefafd06b248?format=json&states=listing" "txe1ac8faed7b848cb86b9c-00692ea666" "proxy-server 20" 0.0089 "-" 21 0
Dec 2 08:42:14 standalone proxy-server[130163]: 172.18.0.2 172.18.0.100 02/Dec/2025/08/42/14 GET /v1/AUTH_003a15e2106b44068d34fb3ca1bdce19/gnocchi.12908581-211c-45f0-ba87-fefafd06b248%3Fformat%3Djson%26states%3Dlisting HTTP/1.0 200 - python-swiftclient-3.11.1 gAAAAABpLqX2o5ht... - 357 - txe1ac8faed7b848cb86b9c-00692ea666 - 0.0156 - - 1764664934.005267620 1764664934.020838261 0
Dec 2 08:42:14 standalone container-server[127907]: 172.20.0.100 - - [02/Dec/2025:08:42:14 +0000] "GET /d1/447/AUTH_003a15e2106b44068d34fb3ca1bdce19/gnocchi.12908581-211c-45f0-ba87-fefafd06b248" 200 2 "GET http://172.18.0.2:8080/v1/AUTH_003a15e2106b44068d34fb3ca1bdce19/gnocchi.12908581-211c-45f0-ba87-fefafd06b248?format=json&marker=none_v3&states=listing" "tx221032d86dde46b1b1184-00692ea666" "proxy-server 20" 0.0034 "-" 22 0
Dec 2 08:42:14 standalone proxy-server[130163]: 172.18.0.2 172.18.0.100 02/Dec/2025/08/42/14 GET /v1/AUTH_003a15e2106b44068d34fb3ca1bdce19/gnocchi.12908581-211c-45f0-ba87-fefafd06b248%3Fformat%3Djson%26marker%3Dnone_v3%26states%3Dlisting HTTP/1.0 200 - python-swiftclient-3.11.1 gAAAAABpLqX2o5ht... - 2 - tx221032d86dde46b1b1184-00692ea666 - 0.0093 - - 1764664934.023913383 1764664934.033187628 0
Dec 2 08:42:14 standalone object-server[128205]: 172.20.0.100 - - [02/Dec/2025:08:42:14 +0000] "GET /d1/979/AUTH_003a15e2106b44068d34fb3ca1bdce19/gnocchi.12908581-211c-45f0-ba87-fefafd06b248/1763640000.0_mean_300.0_v3" 200 16 "GET http://172.18.0.2:8080/v1/AUTH_003a15e2106b44068d34fb3ca1bdce19/gnocchi.12908581-211c-45f0-ba87-fefafd06b248/1763640000.0_mean_300.0_v3" "txa371b81a1f53489caa132-00692ea666" "proxy-server 20" 0.0006 "-" 22 0
Dec 2 08:42:14 standalone proxy-server[130163]: 172.18.0.2 172.18.0.100 02/Dec/2025/08/42/14 GET /v1/AUTH_003a15e2106b44068d34fb3ca1bdce19/gnocchi.12908581-211c-45f0-ba87-fefafd06b248/1763640000.0_mean_300.0_v3 HTTP/1.0 200 - python-swiftclient-3.11.1 gAAAAABpLqX2o5ht... - 16 - txa371b81a1f53489caa132-00692ea666 - 0.0051 - - 1764664934.037335396 1764664934.042435884 0
Dec 2 08:42:14 standalone container-server[127907]: 172.20.0.100 - - [02/Dec/2025:08:42:14 +0000] "PUT /d1/447/AUTH_003a15e2106b44068d34fb3ca1bdce19/gnocchi.12908581-211c-45f0-ba87-fefafd06b248/1763640000.0_mean_300.0_v3" 201 - "PUT http://172.18.0.2:8080/d1/979/AUTH_003a15e2106b44068d34fb3ca1bdce19/gnocchi.12908581-211c-45f0-ba87-fefafd06b248/1763640000.0_mean_300.0_v3" "tx0fa988035eb045ffa0cc9-00692ea666" "object-server 23" 0.0052 "-" 22 0
Dec 2 08:42:14 standalone object-server[128207]: 172.20.0.100 - - [02/Dec/2025:08:42:14 +0000] "PUT /d1/979/AUTH_003a15e2106b44068d34fb3ca1bdce19/gnocchi.12908581-211c-45f0-ba87-fefafd06b248/1763640000.0_mean_300.0_v3" 201 - "PUT http://172.18.0.2:8080/v1/AUTH_003a15e2106b44068d34fb3ca1bdce19/gnocchi.12908581-211c-45f0-ba87-fefafd06b248/1763640000.0_mean_300.0_v3" "tx0fa988035eb045ffa0cc9-00692ea666" "proxy-server 20" 0.0159 "-" 23 0
Dec 2 08:42:14 standalone proxy-server[130163]: 172.18.0.2 172.18.0.100 02/Dec/2025/08/42/14 PUT /v1/AUTH_003a15e2106b44068d34fb3ca1bdce19/gnocchi.12908581-211c-45f0-ba87-fefafd06b248/1763640000.0_mean_300.0_v3 HTTP/1.0 201 - python-swiftclient-3.11.1 gAAAAABpLqX2o5ht... 16 - - tx0fa988035eb045ffa0cc9-00692ea666 - 0.0209 - - 1764664934.045597076 1764664934.066516161 0
Dec 2 08:42:14 standalone container-server[127893]: 172.20.0.100 - - [02/Dec/2025:08:42:14 +0000] "PUT /d1/447/AUTH_003a15e2106b44068d34fb3ca1bdce19/gnocchi.12908581-211c-45f0-ba87-fefafd06b248/none_v3" 201 - "PUT http://172.18.0.2:8080/d1/182/AUTH_003a15e2106b44068d34fb3ca1bdce19/gnocchi.12908581-211c-45f0-ba87-fefafd06b248/none_v3" "tx133304b5afbe4dce9baf9-00692ea666" "object-server 22" 0.0007 "-" 21 0
Dec 2 08:42:14 standalone object-server[128205]: 172.20.0.100 - - [02/Dec/2025:08:42:14 +0000] "PUT /d1/182/AUTH_003a15e2106b44068d34fb3ca1bdce19/gnocchi.12908581-211c-45f0-ba87-fefafd06b248/none_v3" 201 - "PUT http://172.18.0.2:8080/v1/AUTH_003a15e2106b44068d34fb3ca1bdce19/gnocchi.12908581-211c-45f0-ba87-fefafd06b248/none_v3" "tx133304b5afbe4dce9baf9-00692ea666" "proxy-server 20" 0.0132 "-" 22 0
Dec 2 08:42:14 standalone proxy-server[130163]: 172.18.0.2 172.18.0.100 02/Dec/2025/08/42/14 PUT /v1/AUTH_003a15e2106b44068d34fb3ca1bdce19/gnocchi.12908581-211c-45f0-ba87-fefafd06b248/none_v3 HTTP/1.0 201 - python-swiftclient-3.11.1 gAAAAABpLqX2o5ht... 31 - - tx133304b5afbe4dce9baf9-00692ea666 - 0.0174 - - 1764664934.070510149 1764664934.087948799 0
Dec 2 08:42:22 standalone account-server[128048]: 172.20.0.100 - - [02/Dec/2025:08:42:22 +0000] "HEAD /d1/710/AUTH_003a15e2106b44068d34fb3ca1bdce19" 204 - "HEAD http://172.18.0.2:8080/v1/AUTH_003a15e2106b44068d34fb3ca1bdce19?format=json" "tx9b3b3d0e17264f15ae187-00692ea66e" "proxy-server 20" 0.0065 "-" 21 -
Dec 2 08:42:22 standalone proxy-server[130163]: - - 02/Dec/2025/08/42/22 HEAD /v1/AUTH_003a15e2106b44068d34fb3ca1bdce19%3Fformat%3Djson HTTP/1.0 204 - Swift - - - - tx9b3b3d0e17264f15ae187-00692ea66e - 0.0107 RL - 1764664942.530918360 1764664942.541617632 -
Dec 2 08:42:22 standalone object-server[128219]: 172.20.0.100 - - [02/Dec/2025:08:42:22 +0000] "GET /d1/746/AUTH_003a15e2106b44068d34fb3ca1bdce19/gnocchi.cc9cd55f-5fbe-4457-9158-7680bce50cf6/none_v3" 200 31 "GET http://172.18.0.2:8080/v1/AUTH_003a15e2106b44068d34fb3ca1bdce19/gnocchi.cc9cd55f-5fbe-4457-9158-7680bce50cf6/none_v3" "tx9b3b3d0e17264f15ae187-00692ea66e" "proxy-server 20" 0.0016 "-" 25 0
Dec 2 08:42:22 standalone proxy-server[130163]: 172.18.0.2 172.18.0.100 02/Dec/2025/08/42/22 GET /v1/AUTH_003a15e2106b44068d34fb3ca1bdce19/gnocchi.cc9cd55f-5fbe-4457-9158-7680bce50cf6/none_v3 HTTP/1.0 200 - python-swiftclient-3.11.1 gAAAAABpLqX2o5ht... - 31 - tx9b3b3d0e17264f15ae187-00692ea66e - 0.0208 - - 1764664942.529942751 1764664942.550753355 0
Dec 2 08:42:22 standalone container-server[127893]: 172.20.0.100 - - [02/Dec/2025:08:42:22 +0000] "GET /d1/686/AUTH_003a15e2106b44068d34fb3ca1bdce19/gnocchi.cc9cd55f-5fbe-4457-9158-7680bce50cf6" 200 357 "GET http://172.18.0.2:8080/v1/AUTH_003a15e2106b44068d34fb3ca1bdce19/gnocchi.cc9cd55f-5fbe-4457-9158-7680bce50cf6?format=json&states=listing" "tx5222e8002b18454a8170f-00692ea66e" "proxy-server 20" 0.0098 "-" 21 0
Dec 2 08:42:22 standalone proxy-server[130163]: 172.18.0.2 172.18.0.100 02/Dec/2025/08/42/22 GET /v1/AUTH_003a15e2106b44068d34fb3ca1bdce19/gnocchi.cc9cd55f-5fbe-4457-9158-7680bce50cf6%3Fformat%3Djson%26states%3Dlisting HTTP/1.0 200 - python-swiftclient-3.11.1 gAAAAABpLqX2o5ht... - 357 - tx5222e8002b18454a8170f-00692ea66e - 0.0175 - - 1764664942.555459738 1764664942.572986603 0
Dec 2 08:42:22 standalone container-server[127907]: 172.20.0.100 - - [02/Dec/2025:08:42:22 +0000] "GET /d1/686/AUTH_003a15e2106b44068d34fb3ca1bdce19/gnocchi.cc9cd55f-5fbe-4457-9158-7680bce50cf6" 200 2 "GET http://172.18.0.2:8080/v1/AUTH_003a15e2106b44068d34fb3ca1bdce19/gnocchi.cc9cd55f-5fbe-4457-9158-7680bce50cf6?format=json&marker=none_v3&states=listing" "txfa5eb4ac87af42a2adc5c-00692ea66e" "proxy-server 20" 0.0034 "-" 22 0
Dec 2 08:42:22 standalone proxy-server[130163]: 172.18.0.2 172.18.0.100 02/Dec/2025/08/42/22 GET /v1/AUTH_003a15e2106b44068d34fb3ca1bdce19/gnocchi.cc9cd55f-5fbe-4457-9158-7680bce50cf6%3Fformat%3Djson%26marker%3Dnone_v3%26states%3Dlisting HTTP/1.0 200 - python-swiftclient-3.11.1 gAAAAABpLqX2o5ht... - 2 - txfa5eb4ac87af42a2adc5c-00692ea66e - 0.0101 - - 1764664942.575862885 1764664942.585985899 0
Dec 2 08:42:22 standalone object-server[128205]: 172.20.0.100 - - [02/Dec/2025:08:42:22 +0000] "GET /d1/926/AUTH_003a15e2106b44068d34fb3ca1bdce19/gnocchi.cc9cd55f-5fbe-4457-9158-7680bce50cf6/1763640000.0_mean_300.0_v3" 200 16 "GET http://172.18.0.2:8080/v1/AUTH_003a15e2106b44068d34fb3ca1bdce19/gnocchi.cc9cd55f-5fbe-4457-9158-7680bce50cf6/1763640000.0_mean_300.0_v3" "tx47cd23afb9994ca484044-00692ea66e" "proxy-server 20" 0.0008 "-" 22 0
Dec 2 08:42:22 standalone proxy-server[130163]: 172.18.0.2 172.18.0.100 02/Dec/2025/08/42/22 GET /v1/AUTH_003a15e2106b44068d34fb3ca1bdce19/gnocchi.cc9cd55f-5fbe-4457-9158-7680bce50cf6/1763640000.0_mean_300.0_v3 HTTP/1.0 200 - python-swiftclient-3.11.1 gAAAAABpLqX2o5ht... - 16 - tx47cd23afb9994ca484044-00692ea66e - 0.0067 - - 1764664942.589483738 1764664942.596162558 0
Dec 2 08:42:22 standalone container-server[127879]: 172.20.0.100 - - [02/Dec/2025:08:42:22 +0000] "PUT /d1/686/AUTH_003a15e2106b44068d34fb3ca1bdce19/gnocchi.cc9cd55f-5fbe-4457-9158-7680bce50cf6/1763640000.0_mean_300.0_v3" 201 - "PUT http://172.18.0.2:8080/d1/926/AUTH_003a15e2106b44068d34fb3ca1bdce19/gnocchi.cc9cd55f-5fbe-4457-9158-7680bce50cf6/1763640000.0_mean_300.0_v3" "tx789e196c9cb44e8db3750-00692ea66e" "object-server 24" 0.0013 "-" 19 0
Dec 2 08:42:22 standalone object-server[128216]: 172.20.0.100 - - [02/Dec/2025:08:42:22 +0000] "PUT /d1/926/AUTH_003a15e2106b44068d34fb3ca1bdce19/gnocchi.cc9cd55f-5fbe-4457-9158-7680bce50cf6/1763640000.0_mean_300.0_v3" 201 - "PUT http://172.18.0.2:8080/v1/AUTH_003a15e2106b44068d34fb3ca1bdce19/gnocchi.cc9cd55f-5fbe-4457-9158-7680bce50cf6/1763640000.0_mean_300.0_v3" "tx789e196c9cb44e8db3750-00692ea66e" "proxy-server 20" 0.0179 "-" 24 0
Dec 2 08:42:22 standalone proxy-server[130163]: 172.18.0.2 172.18.0.100 02/Dec/2025/08/42/22 PUT /v1/AUTH_003a15e2106b44068d34fb3ca1bdce19/gnocchi.cc9cd55f-5fbe-4457-9158-7680bce50cf6/1763640000.0_mean_300.0_v3 HTTP/1.0 201 - python-swiftclient-3.11.1 gAAAAABpLqX2o5ht... 16 - - tx789e196c9cb44e8db3750-00692ea66e - 0.0240 - - 1764664942.599040985 1764664942.623024464 0
Dec 2 08:42:22 standalone container-server[127893]: 172.20.0.100 - - [02/Dec/2025:08:42:22 +0000] "PUT /d1/686/AUTH_003a15e2106b44068d34fb3ca1bdce19/gnocchi.cc9cd55f-5fbe-4457-9158-7680bce50cf6/none_v3" 201 - "PUT http://172.18.0.2:8080/d1/746/AUTH_003a15e2106b44068d34fb3ca1bdce19/gnocchi.cc9cd55f-5fbe-4457-9158-7680bce50cf6/none_v3" "txf072b1c4f140450285894-00692ea66e" "object-server 22" 0.0009 "-" 21 0
Dec 2 08:42:22 standalone object-server[128205]: 172.20.0.100 - - [02/Dec/2025:08:42:22 +0000] "PUT /d1/746/AUTH_003a15e2106b44068d34fb3ca1bdce19/gnocchi.cc9cd55f-5fbe-4457-9158-7680bce50cf6/none_v3" 201 - "PUT http://172.18.0.2:8080/v1/AUTH_003a15e2106b44068d34fb3ca1bdce19/gnocchi.cc9cd55f-5fbe-4457-9158-7680bce50cf6/none_v3" "txf072b1c4f140450285894-00692ea66e" "proxy-server 20" 0.0135 "-" 22 0
Dec 2 08:42:22 standalone proxy-server[130163]: 172.18.0.2 172.18.0.100 02/Dec/2025/08/42/22 PUT /v1/AUTH_003a15e2106b44068d34fb3ca1bdce19/gnocchi.cc9cd55f-5fbe-4457-9158-7680bce50cf6/none_v3 HTTP/1.0 201 - python-swiftclient-3.11.1 gAAAAABpLqX2o5ht... 46 - - txf072b1c4f140450285894-00692ea66e - 0.0193 - - 1764664942.625931263 1764664942.645253181 0
Dec 2 08:42:23 standalone object-server[128219]: 172.20.0.100 - - [02/Dec/2025:08:42:23 +0000] "GET /d1/746/AUTH_003a15e2106b44068d34fb3ca1bdce19/gnocchi.cc9cd55f-5fbe-4457-9158-7680bce50cf6/none_v3" 200 46 "GET http://172.18.0.2:8080/v1/AUTH_003a15e2106b44068d34fb3ca1bdce19/gnocchi.cc9cd55f-5fbe-4457-9158-7680bce50cf6/none_v3" "txec251cdcfddd42b38e8d4-00692ea66f" "proxy-server 20" 0.0010 "-" 25 0
Dec 2 08:42:23 standalone proxy-server[130163]: 172.18.0.2 172.18.0.100 02/Dec/2025/08/42/23 GET /v1/AUTH_003a15e2106b44068d34fb3ca1bdce19/gnocchi.cc9cd55f-5fbe-4457-9158-7680bce50cf6/none_v3 HTTP/1.0 200 - python-swiftclient-3.11.1 gAAAAABpLqX2o5ht... - 46 - txec251cdcfddd42b38e8d4-00692ea66f - 0.0076 - - 1764664943.596289873 1764664943.603933096 0
Dec 2 08:42:23 standalone container-server[127911]: 172.20.0.100 - - [02/Dec/2025:08:42:23 +0000] "GET /d1/686/AUTH_003a15e2106b44068d34fb3ca1bdce19/gnocchi.cc9cd55f-5fbe-4457-9158-7680bce50cf6" 200 357 "GET http://172.18.0.2:8080/v1/AUTH_003a15e2106b44068d34fb3ca1bdce19/gnocchi.cc9cd55f-5fbe-4457-9158-7680bce50cf6?format=json&states=listing" "tx374365f200a543e684714-00692ea66f" "proxy-server 20" 0.0179 "-" 23 0
Dec 2 08:42:23 standalone proxy-server[130163]: 172.18.0.2 172.18.0.100 02/Dec/2025/08/42/23 GET /v1/AUTH_003a15e2106b44068d34fb3ca1bdce19/gnocchi.cc9cd55f-5fbe-4457-9158-7680bce50cf6%3Fformat%3Djson%26states%3Dlisting HTTP/1.0 200 - python-swiftclient-3.11.1 gAAAAABpLqX2o5ht... - 357 - tx374365f200a543e684714-00692ea66f - 0.0306 - - 1764664943.607886076 1764664943.638484001 0
Dec 2 08:42:23 standalone container-server[127879]: 172.20.0.100 - - [02/Dec/2025:08:42:23 +0000] "GET /d1/686/AUTH_003a15e2106b44068d34fb3ca1bdce19/gnocchi.cc9cd55f-5fbe-4457-9158-7680bce50cf6" 200 2 "GET http://172.18.0.2:8080/v1/AUTH_003a15e2106b44068d34fb3ca1bdce19/gnocchi.cc9cd55f-5fbe-4457-9158-7680bce50cf6?format=json&marker=none_v3&states=listing" "txf9c959bdd56840e183deb-00692ea66f" "proxy-server 20" 0.0024 "-" 19 0
Dec 2 08:42:23 standalone proxy-server[130163]: 172.18.0.2 172.18.0.100 02/Dec/2025/08/42/23 GET /v1/AUTH_003a15e2106b44068d34fb3ca1bdce19/gnocchi.cc9cd55f-5fbe-4457-9158-7680bce50cf6%3Fformat%3Djson%26marker%3Dnone_v3%26states%3Dlisting HTTP/1.0 200 - python-swiftclient-3.11.1 gAAAAABpLqX2o5ht... - 2 - txf9c959bdd56840e183deb-00692ea66f - 0.0094 - - 1764664943.642571449 1764664943.652021408 0
Dec 2 08:42:23 standalone object-server[128219]: 172.20.0.100 - - [02/Dec/2025:08:42:23 +0000] "GET /d1/926/AUTH_003a15e2106b44068d34fb3ca1bdce19/gnocchi.cc9cd55f-5fbe-4457-9158-7680bce50cf6/1763640000.0_mean_300.0_v3" 200 16 "GET http://172.18.0.2:8080/v1/AUTH_003a15e2106b44068d34fb3ca1bdce19/gnocchi.cc9cd55f-5fbe-4457-9158-7680bce50cf6/1763640000.0_mean_300.0_v3" "txd3cf08f1bd8f49449808f-00692ea66f" "proxy-server 20" 0.0008 "-" 25 0
Dec 2 08:42:23 standalone proxy-server[130163]: 172.18.0.2 172.18.0.100 02/Dec/2025/08/42/23 GET /v1/AUTH_003a15e2106b44068d34fb3ca1bdce19/gnocchi.cc9cd55f-5fbe-4457-9158-7680bce50cf6/1763640000.0_mean_300.0_v3 HTTP/1.0 200 - python-swiftclient-3.11.1 gAAAAABpLqX2o5ht... - 16 - txd3cf08f1bd8f49449808f-00692ea66f - 0.0051 - - 1764664943.655491352 1764664943.660621643 0
Dec 2 08:42:23 standalone container-server[127893]: 172.20.0.100 - - [02/Dec/2025:08:42:23 +0000] "PUT /d1/686/AUTH_003a15e2106b44068d34fb3ca1bdce19/gnocchi.cc9cd55f-5fbe-4457-9158-7680bce50cf6/1763640000.0_mean_300.0_v3" 201 - "PUT http://172.18.0.2:8080/d1/926/AUTH_003a15e2106b44068d34fb3ca1bdce19/gnocchi.cc9cd55f-5fbe-4457-9158-7680bce50cf6/1763640000.0_mean_300.0_v3" "tx00ba1b0702314f48a176e-00692ea66f" "object-server 25" 0.0008 "-" 21 0
Dec 2 08:42:23 standalone object-server[128219]: 172.20.0.100 - - [02/Dec/2025:08:42:23 +0000] "PUT /d1/926/AUTH_003a15e2106b44068d34fb3ca1bdce19/gnocchi.cc9cd55f-5fbe-4457-9158-7680bce50cf6/1763640000.0_mean_300.0_v3" 201 - "PUT http://172.18.0.2:8080/v1/AUTH_003a15e2106b44068d34fb3ca1bdce19/gnocchi.cc9cd55f-5fbe-4457-9158-7680bce50cf6/1763640000.0_mean_300.0_v3" "tx00ba1b0702314f48a176e-00692ea66f" "proxy-server 20" 0.0162 "-" 25 0
Dec 2 08:42:23 standalone proxy-server[130163]: 172.18.0.2 172.18.0.100 02/Dec/2025/08/42/23 PUT /v1/AUTH_003a15e2106b44068d34fb3ca1bdce19/gnocchi.cc9cd55f-5fbe-4457-9158-7680bce50cf6/1763640000.0_mean_300.0_v3 HTTP/1.0 201 - python-swiftclient-3.11.1 gAAAAABpLqX2o5ht... 16 - - tx00ba1b0702314f48a176e-00692ea66f - 0.0200 - - 1764664943.662685156 1764664943.682699203 0
Dec 2 08:42:23 standalone container-server[127879]: 172.20.0.100 - - [02/Dec/2025:08:42:23 +0000] "PUT /d1/686/AUTH_003a15e2106b44068d34fb3ca1bdce19/gnocchi.cc9cd55f-5fbe-4457-9158-7680bce50cf6/none_v3" 201 - "PUT http://172.18.0.2:8080/d1/746/AUTH_003a15e2106b44068d34fb3ca1bdce19/gnocchi.cc9cd55f-5fbe-4457-9158-7680bce50cf6/none_v3" "tx3e6efb1485c7416c8d0cb-00692ea66f" "object-server 23" 0.0005 "-" 19 0
Dec 2 08:42:23 standalone object-server[128207]: 172.20.0.100 - - [02/Dec/2025:08:42:23 +0000] "PUT /d1/746/AUTH_003a15e2106b44068d34fb3ca1bdce19/gnocchi.cc9cd55f-5fbe-4457-9158-7680bce50cf6/none_v3" 201 - "PUT http://172.18.0.2:8080/v1/AUTH_003a15e2106b44068d34fb3ca1bdce19/gnocchi.cc9cd55f-5fbe-4457-9158-7680bce50cf6/none_v3" "tx3e6efb1485c7416c8d0cb-00692ea66f" "proxy-server 20" 0.0108 "-" 23 0
Dec 2 08:42:23 standalone proxy-server[130163]: 172.18.0.2 172.18.0.100 02/Dec/2025/08/42/23 PUT /v1/AUTH_003a15e2106b44068d34fb3ca1bdce19/gnocchi.cc9cd55f-5fbe-4457-9158-7680bce50cf6/none_v3 HTTP/1.0 201 - python-swiftclient-3.11.1 gAAAAABpLqX2o5ht... 50 - - tx3e6efb1485c7416c8d0cb-00692ea66f - 0.0190 - - 1764664943.685629368 1764664943.704672337 0
Dec 2 08:42:23 standalone object-server[128207]: 172.20.0.100 - - [02/Dec/2025:08:42:23 +0000] "GET /d1/850/AUTH_003a15e2106b44068d34fb3ca1bdce19/gnocchi.fb8f4219-89f5-443c-b74d-6483607d8f36/none_v3" 200 22 "GET http://172.18.0.2:8080/v1/AUTH_003a15e2106b44068d34fb3ca1bdce19/gnocchi.fb8f4219-89f5-443c-b74d-6483607d8f36/none_v3" "txa12426c80c4140a6b1b4c-00692ea66f" "proxy-server 20" 0.0005 "-" 23 0
Dec 2 08:42:23 standalone proxy-server[130163]: 172.18.0.2 172.18.0.100 02/Dec/2025/08/42/23 GET /v1/AUTH_003a15e2106b44068d34fb3ca1bdce19/gnocchi.fb8f4219-89f5-443c-b74d-6483607d8f36/none_v3 HTTP/1.0 200 - python-swiftclient-3.11.1 gAAAAABpLqX2o5ht... - 22 - txa12426c80c4140a6b1b4c-00692ea66f - 0.0044 - - 1764664943.712510347 1764664943.716868162 0
Dec 2 08:42:23 standalone container-server[127907]: 172.20.0.100 - - [02/Dec/2025:08:42:23 +0000] "GET /d1/372/AUTH_003a15e2106b44068d34fb3ca1bdce19/gnocchi.fb8f4219-89f5-443c-b74d-6483607d8f36" 200 357 "GET http://172.18.0.2:8080/v1/AUTH_003a15e2106b44068d34fb3ca1bdce19/gnocchi.fb8f4219-89f5-443c-b74d-6483607d8f36?format=json&states=listing" "txbff018d07e2747d3811f8-00692ea66f" "proxy-server 20" 0.0069 "-" 22 0
Dec 2 08:42:23 standalone proxy-server[130163]: 172.18.0.2 172.18.0.100 02/Dec/2025/08/42/23 GET /v1/AUTH_003a15e2106b44068d34fb3ca1bdce19/gnocchi.fb8f4219-89f5-443c-b74d-6483607d8f36%3Fformat%3Djson%26states%3Dlisting HTTP/1.0 200 - python-swiftclient-3.11.1 gAAAAABpLqX2o5ht... - 357 - txbff018d07e2747d3811f8-00692ea66f - 0.0136 - - 1764664943.719018698 1764664943.732597351 0
Dec 2 08:42:23 standalone container-server[127879]: 172.20.0.100 - - [02/Dec/2025:08:42:23 +0000] "GET /d1/372/AUTH_003a15e2106b44068d34fb3ca1bdce19/gnocchi.fb8f4219-89f5-443c-b74d-6483607d8f36" 200 2 "GET http://172.18.0.2:8080/v1/AUTH_003a15e2106b44068d34fb3ca1bdce19/gnocchi.fb8f4219-89f5-443c-b74d-6483607d8f36?format=json&marker=none_v3&states=listing" "tx541a347305bf4b33aa9de-00692ea66f" "proxy-server 20" 0.0023 "-" 19 0
Dec 2 08:42:23 standalone proxy-server[130163]: 172.18.0.2 172.18.0.100 02/Dec/2025/08/42/23 GET /v1/AUTH_003a15e2106b44068d34fb3ca1bdce19/gnocchi.fb8f4219-89f5-443c-b74d-6483607d8f36%3Fformat%3Djson%26marker%3Dnone_v3%26states%3Dlisting HTTP/1.0 200 - python-swiftclient-3.11.1 gAAAAABpLqX2o5ht... - 2 - tx541a347305bf4b33aa9de-00692ea66f - 0.0074 - - 1764664943.734717846 1764664943.742121220 0
Dec 2 08:42:23 standalone object-server[128219]: 172.20.0.100 - - [02/Dec/2025:08:42:23 +0000] "GET /d1/514/AUTH_003a15e2106b44068d34fb3ca1bdce19/gnocchi.fb8f4219-89f5-443c-b74d-6483607d8f36/1763640000.0_mean_300.0_v3" 200 16 "GET http://172.18.0.2:8080/v1/AUTH_003a15e2106b44068d34fb3ca1bdce19/gnocchi.fb8f4219-89f5-443c-b74d-6483607d8f36/1763640000.0_mean_300.0_v3" "tx8a77b96e09ef40a1a4bee-00692ea66f" "proxy-server 20" 0.0007 "-" 25 0
Dec 2 08:42:23 standalone proxy-server[130163]: 172.18.0.2 172.18.0.100 02/Dec/2025/08/42/23 GET /v1/AUTH_003a15e2106b44068d34fb3ca1bdce19/gnocchi.fb8f4219-89f5-443c-b74d-6483607d8f36/1763640000.0_mean_300.0_v3 HTTP/1.0 200 - python-swiftclient-3.11.1 gAAAAABpLqX2o5ht... - 16 - tx8a77b96e09ef40a1a4bee-00692ea66f - 0.0071 - - 1764664943.753596067 1764664943.760693073 0
Dec 2 08:42:23 standalone container-server[127907]: 172.20.0.100 - - [02/Dec/2025:08:42:23 +0000] "PUT /d1/372/AUTH_003a15e2106b44068d34fb3ca1bdce19/gnocchi.fb8f4219-89f5-443c-b74d-6483607d8f36/1763640000.0_mean_300.0_v3" 201 - "PUT http://172.18.0.2:8080/d1/514/AUTH_003a15e2106b44068d34fb3ca1bdce19/gnocchi.fb8f4219-89f5-443c-b74d-6483607d8f36/1763640000.0_mean_300.0_v3" "tx830121632b4649e88e3f2-00692ea66f" "object-server 25" 0.0006 "-" 22 0
Dec 2 08:42:23 standalone object-server[128219]: 172.20.0.100 - - [02/Dec/2025:08:42:23 +0000] "PUT /d1/514/AUTH_003a15e2106b44068d34fb3ca1bdce19/gnocchi.fb8f4219-89f5-443c-b74d-6483607d8f36/1763640000.0_mean_300.0_v3" 201 - "PUT http://172.18.0.2:8080/v1/AUTH_003a15e2106b44068d34fb3ca1bdce19/gnocchi.fb8f4219-89f5-443c-b74d-6483607d8f36/1763640000.0_mean_300.0_v3" "tx830121632b4649e88e3f2-00692ea66f" "proxy-server 20" 0.0097 "-" 25 0
Dec 2 08:42:23 standalone proxy-server[130163]: 172.18.0.2 172.18.0.100 02/Dec/2025/08/42/23 PUT /v1/AUTH_003a15e2106b44068d34fb3ca1bdce19/gnocchi.fb8f4219-89f5-443c-b74d-6483607d8f36/1763640000.0_mean_300.0_v3 HTTP/1.0 201 - python-swiftclient-3.11.1 gAAAAABpLqX2o5ht... 16 - - tx830121632b4649e88e3f2-00692ea66f - 0.0173 - - 1764664943.763691425 1764664943.780950785 0
Dec 2 08:42:23 standalone container-server[127907]: 172.20.0.100 - - [02/Dec/2025:08:42:23 +0000] "PUT /d1/372/AUTH_003a15e2106b44068d34fb3ca1bdce19/gnocchi.fb8f4219-89f5-443c-b74d-6483607d8f36/none_v3" 201 - "PUT http://172.18.0.2:8080/d1/850/AUTH_003a15e2106b44068d34fb3ca1bdce19/gnocchi.fb8f4219-89f5-443c-b74d-6483607d8f36/none_v3" "tx3dbfcb7a73f247efa8203-00692ea66f" "object-server 22" 0.0007 "-" 22 0
Dec 2 08:42:23 standalone object-server[128205]: 172.20.0.100 - - [02/Dec/2025:08:42:23 +0000] "PUT /d1/850/AUTH_003a15e2106b44068d34fb3ca1bdce19/gnocchi.fb8f4219-89f5-443c-b74d-6483607d8f36/none_v3" 201 - "PUT http://172.18.0.2:8080/v1/AUTH_003a15e2106b44068d34fb3ca1bdce19/gnocchi.fb8f4219-89f5-443c-b74d-6483607d8f36/none_v3" "tx3dbfcb7a73f247efa8203-00692ea66f" "proxy-server 20" 0.0141 "-" 22 0
Dec 2 08:42:23 standalone proxy-server[130163]: 172.18.0.2 172.18.0.100 02/Dec/2025/08/42/23 PUT /v1/AUTH_003a15e2106b44068d34fb3ca1bdce19/gnocchi.fb8f4219-89f5-443c-b74d-6483607d8f36/none_v3 HTTP/1.0 201 - python-swiftclient-3.11.1 gAAAAABpLqX2o5ht... 32 - - tx3dbfcb7a73f247efa8203-00692ea66f - 0.0192 - - 1764664943.783705711 1764664943.802946091 0
Dec 2 08:42:23 standalone object-server[128205]: 172.20.0.100 - - [02/Dec/2025:08:42:23 +0000] "GET /d1/409/AUTH_003a15e2106b44068d34fb3ca1bdce19/gnocchi.f90cc4e0-e20b-407e-8cb1-f372d7e48983/none_v3" 200 22 "GET http://172.18.0.2:8080/v1/AUTH_003a15e2106b44068d34fb3ca1bdce19/gnocchi.f90cc4e0-e20b-407e-8cb1-f372d7e48983/none_v3" "tx425928127e824369a7369-00692ea66f" "proxy-server 20" 0.0008 "-" 22 0
Dec 2 08:42:23 standalone proxy-server[130163]: 172.18.0.2 172.18.0.100 02/Dec/2025/08/42/23 GET /v1/AUTH_003a15e2106b44068d34fb3ca1bdce19/gnocchi.f90cc4e0-e20b-407e-8cb1-f372d7e48983/none_v3 HTTP/1.0 200 - python-swiftclient-3.11.1 gAAAAABpLqX2o5ht... - 22 - tx425928127e824369a7369-00692ea66f - 0.0084 - - 1764664943.812396526 1764664943.820789337 0
Dec 2 08:42:23 standalone container-server[127879]: 172.20.0.100 - - [02/Dec/2025:08:42:23 +0000] "GET /d1/276/AUTH_003a15e2106b44068d34fb3ca1bdce19/gnocchi.f90cc4e0-e20b-407e-8cb1-f372d7e48983" 200 357 "GET http://172.18.0.2:8080/v1/AUTH_003a15e2106b44068d34fb3ca1bdce19/gnocchi.f90cc4e0-e20b-407e-8cb1-f372d7e48983?format=json&states=listing" "tx92074b12708b4d649c98f-00692ea66f" "proxy-server 20" 0.0091 "-" 19 0
Dec 2 08:42:23 standalone proxy-server[130163]: 172.18.0.2 172.18.0.100 02/Dec/2025/08/42/23 GET /v1/AUTH_003a15e2106b44068d34fb3ca1bdce19/gnocchi.f90cc4e0-e20b-407e-8cb1-f372d7e48983%3Fformat%3Djson%26states%3Dlisting HTTP/1.0 200 - python-swiftclient-3.11.1 gAAAAABpLqX2o5ht... - 357 - tx92074b12708b4d649c98f-00692ea66f - 0.0178 - - 1764664943.824522018 1764664943.842301130 0
Dec 2 08:42:23 standalone container-server[127907]: 172.20.0.100 - - [02/Dec/2025:08:42:23 +0000] "GET /d1/276/AUTH_003a15e2106b44068d34fb3ca1bdce19/gnocchi.f90cc4e0-e20b-407e-8cb1-f372d7e48983" 200 2 "GET http://172.18.0.2:8080/v1/AUTH_003a15e2106b44068d34fb3ca1bdce19/gnocchi.f90cc4e0-e20b-407e-8cb1-f372d7e48983?format=json&marker=none_v3&states=listing" "tx0e5e61a5c3fb44e7989ff-00692ea66f" "proxy-server 20" 0.0024 "-" 22 0
Dec 2 08:42:23 standalone proxy-server[130163]: 172.18.0.2 172.18.0.100 02/Dec/2025/08/42/23 GET /v1/AUTH_003a15e2106b44068d34fb3ca1bdce19/gnocchi.f90cc4e0-e20b-407e-8cb1-f372d7e48983%3Fformat%3Djson%26marker%3Dnone_v3%26states%3Dlisting HTTP/1.0 200 - python-swiftclient-3.11.1 gAAAAABpLqX2o5ht... - 2 - tx0e5e61a5c3fb44e7989ff-00692ea66f - 0.0105 - - 1764664943.845029593 1764664943.855495930 0
Dec 2 08:42:23 standalone object-server[128216]: 172.20.0.100 - - [02/Dec/2025:08:42:23 +0000] "GET /d1/396/AUTH_003a15e2106b44068d34fb3ca1bdce19/gnocchi.f90cc4e0-e20b-407e-8cb1-f372d7e48983/1763640000.0_mean_300.0_v3" 200 16 "GET http://172.18.0.2:8080/v1/AUTH_003a15e2106b44068d34fb3ca1bdce19/gnocchi.f90cc4e0-e20b-407e-8cb1-f372d7e48983/1763640000.0_mean_300.0_v3" "txee0538bad1b34ef3b707d-00692ea66f" "proxy-server 20" 0.0006 "-" 24 0
Dec 2 08:42:23 standalone proxy-server[130163]: 172.18.0.2 172.18.0.100 02/Dec/2025/08/42/23 GET /v1/AUTH_003a15e2106b44068d34fb3ca1bdce19/gnocchi.f90cc4e0-e20b-407e-8cb1-f372d7e48983/1763640000.0_mean_300.0_v3 HTTP/1.0 200 - python-swiftclient-3.11.1 gAAAAABpLqX2o5ht... - 16 - txee0538bad1b34ef3b707d-00692ea66f - 0.0064 - - 1764664943.861950874 1764664943.868378639 0
Dec 2 08:42:23 standalone container-server[127911]: 172.20.0.100 - - [02/Dec/2025:08:42:23 +0000] "PUT /d1/276/AUTH_003a15e2106b44068d34fb3ca1bdce19/gnocchi.f90cc4e0-e20b-407e-8cb1-f372d7e48983/1763640000.0_mean_300.0_v3" 201 - "PUT http://172.18.0.2:8080/d1/396/AUTH_003a15e2106b44068d34fb3ca1bdce19/gnocchi.f90cc4e0-e20b-407e-8cb1-f372d7e48983/1763640000.0_mean_300.0_v3" "txd786f0d81d2a4dce840c6-00692ea66f" "object-server 22" 0.0008 "-" 23 0
Dec 2 08:42:23 standalone object-server[128205]: 172.20.0.100 - - [02/Dec/2025:08:42:23 +0000] "PUT /d1/396/AUTH_003a15e2106b44068d34fb3ca1bdce19/gnocchi.f90cc4e0-e20b-407e-8cb1-f372d7e48983/1763640000.0_mean_300.0_v3" 201 - "PUT http://172.18.0.2:8080/v1/AUTH_003a15e2106b44068d34fb3ca1bdce19/gnocchi.f90cc4e0-e20b-407e-8cb1-f372d7e48983/1763640000.0_mean_300.0_v3" "txd786f0d81d2a4dce840c6-00692ea66f" "proxy-server 20" 0.0112 "-" 22 0
Dec 2 08:42:23 standalone proxy-server[130163]: 172.18.0.2 172.18.0.100 02/Dec/2025/08/42/23 PUT /v1/AUTH_003a15e2106b44068d34fb3ca1bdce19/gnocchi.f90cc4e0-e20b-407e-8cb1-f372d7e48983/1763640000.0_mean_300.0_v3 HTTP/1.0 201 - python-swiftclient-3.11.1 gAAAAABpLqX2o5ht... 16 - - txd786f0d81d2a4dce840c6-00692ea66f - 0.0164 - - 1764664943.872868538 1764664943.889297485 0
Dec 2 08:42:23 standalone container-server[127911]: 172.20.0.100 - - [02/Dec/2025:08:42:23 +0000] "PUT /d1/276/AUTH_003a15e2106b44068d34fb3ca1bdce19/gnocchi.f90cc4e0-e20b-407e-8cb1-f372d7e48983/none_v3" 201 - "PUT http://172.18.0.2:8080/d1/409/AUTH_003a15e2106b44068d34fb3ca1bdce19/gnocchi.f90cc4e0-e20b-407e-8cb1-f372d7e48983/none_v3" "tx8c20eb141b6e4c56953fc-00692ea66f" "object-server 24" 0.0006 "-" 23 0
Dec 2 08:42:23 standalone object-server[128216]: 172.20.0.100 - - [02/Dec/2025:08:42:23 +0000] "PUT /d1/409/AUTH_003a15e2106b44068d34fb3ca1bdce19/gnocchi.f90cc4e0-e20b-407e-8cb1-f372d7e48983/none_v3" 201 - "PUT http://172.18.0.2:8080/v1/AUTH_003a15e2106b44068d34fb3ca1bdce19/gnocchi.f90cc4e0-e20b-407e-8cb1-f372d7e48983/none_v3" "tx8c20eb141b6e4c56953fc-00692ea66f" "proxy-server 20" 0.0093 "-" 24 0
Dec 2 08:42:23 standalone proxy-server[130163]: 172.18.0.2 172.18.0.100 02/Dec/2025/08/42/23 PUT /v1/AUTH_003a15e2106b44068d34fb3ca1bdce19/gnocchi.f90cc4e0-e20b-407e-8cb1-f372d7e48983/none_v3 HTTP/1.0 201 - python-swiftclient-3.11.1 gAAAAABpLqX2o5ht... 32 - - tx8c20eb141b6e4c56953fc-00692ea66f - 0.0131 - - 1764664943.892576933 1764664943.905672789 0
Dec 2 08:42:23 standalone object-server[128207]: 172.20.0.100 - - [02/Dec/2025:08:42:23 +0000] "GET /d1/18/AUTH_003a15e2106b44068d34fb3ca1bdce19/gnocchi.96b825b6-4a4c-461c-b632-7a3e59663db0/none_v3" 200 22 "GET http://172.18.0.2:8080/v1/AUTH_003a15e2106b44068d34fb3ca1bdce19/gnocchi.96b825b6-4a4c-461c-b632-7a3e59663db0/none_v3" "tx71724ba563de4ecfa441f-00692ea66f" "proxy-server 20" 0.0011 "-" 23 0
Dec 2 08:42:23 standalone proxy-server[130163]: 172.18.0.2 172.18.0.100 02/Dec/2025/08/42/23 GET /v1/AUTH_003a15e2106b44068d34fb3ca1bdce19/gnocchi.96b825b6-4a4c-461c-b632-7a3e59663db0/none_v3 HTTP/1.0 200 - python-swiftclient-3.11.1 gAAAAABpLqX2o5ht... - 22 - tx71724ba563de4ecfa441f-00692ea66f - 0.0068 - - 1764664943.918761969 1764664943.925550938 0
Dec 2 08:42:23 standalone container-server[127893]: 172.20.0.100 - - [02/Dec/2025:08:42:23 +0000] "GET /d1/491/AUTH_003a15e2106b44068d34fb3ca1bdce19/gnocchi.96b825b6-4a4c-461c-b632-7a3e59663db0" 200 357 "GET http://172.18.0.2:8080/v1/AUTH_003a15e2106b44068d34fb3ca1bdce19/gnocchi.96b825b6-4a4c-461c-b632-7a3e59663db0?format=json&states=listing" "txe6d0d5e3b42e48f7b2c2f-00692ea66f" "proxy-server 20" 0.0105 "-" 21 0
Dec 2 08:42:23 standalone proxy-server[130163]: 172.18.0.2 172.18.0.100 02/Dec/2025/08/42/23 GET /v1/AUTH_003a15e2106b44068d34fb3ca1bdce19/gnocchi.96b825b6-4a4c-461c-b632-7a3e59663db0%3Fformat%3Djson%26states%3Dlisting HTTP/1.0 200 - python-swiftclient-3.11.1 gAAAAABpLqX2o5ht... - 357 - txe6d0d5e3b42e48f7b2c2f-00692ea66f - 0.0160 - - 1764664943.929533482 1764664943.945555925 0
Dec 2 08:42:23 standalone container-server[127879]: 172.20.0.100 - - [02/Dec/2025:08:42:23 +0000] "GET /d1/491/AUTH_003a15e2106b44068d34fb3ca1bdce19/gnocchi.96b825b6-4a4c-461c-b632-7a3e59663db0" 200 2 "GET http://172.18.0.2:8080/v1/AUTH_003a15e2106b44068d34fb3ca1bdce19/gnocchi.96b825b6-4a4c-461c-b632-7a3e59663db0?format=json&marker=none_v3&states=listing" "tx035453a7cbbc40fc92b07-00692ea66f" "proxy-server 20" 0.0037 "-" 19 0
Dec 2 08:42:23 standalone proxy-server[130163]: 172.18.0.2 172.18.0.100 02/Dec/2025/08/42/23 GET /v1/AUTH_003a15e2106b44068d34fb3ca1bdce19/gnocchi.96b825b6-4a4c-461c-b632-7a3e59663db0%3Fformat%3Djson%26marker%3Dnone_v3%26states%3Dlisting HTTP/1.0 200 - python-swiftclient-3.11.1 gAAAAABpLqX2o5ht... - 2 - tx035453a7cbbc40fc92b07-00692ea66f - 0.0089 - - 1764664943.948356867 1764664943.957282543 0
Dec 2 08:42:23 standalone object-server[128216]: 172.20.0.100 - - [02/Dec/2025:08:42:23 +0000] "GET /d1/48/AUTH_003a15e2106b44068d34fb3ca1bdce19/gnocchi.96b825b6-4a4c-461c-b632-7a3e59663db0/1763640000.0_mean_300.0_v3" 200 16 "GET http://172.18.0.2:8080/v1/AUTH_003a15e2106b44068d34fb3ca1bdce19/gnocchi.96b825b6-4a4c-461c-b632-7a3e59663db0/1763640000.0_mean_300.0_v3" "txd6ba5e22001e4f05ab78a-00692ea66f" "proxy-server 20" 0.0007 "-" 24 0
Dec 2 08:42:23 standalone proxy-server[130163]: 172.18.0.2 172.18.0.100 02/Dec/2025/08/42/23 GET /v1/AUTH_003a15e2106b44068d34fb3ca1bdce19/gnocchi.96b825b6-4a4c-461c-b632-7a3e59663db0/1763640000.0_mean_300.0_v3 HTTP/1.0 200 - python-swiftclient-3.11.1 gAAAAABpLqX2o5ht... - 16 - txd6ba5e22001e4f05ab78a-00692ea66f - 0.0050 - - 1764664943.961768389 1764664943.966792822 0
Dec 2 08:42:23 standalone container-server[127879]: 172.20.0.100 - - [02/Dec/2025:08:42:23 +0000] "PUT /d1/491/AUTH_003a15e2106b44068d34fb3ca1bdce19/gnocchi.96b825b6-4a4c-461c-b632-7a3e59663db0/1763640000.0_mean_300.0_v3" 201 - "PUT http://172.18.0.2:8080/d1/48/AUTH_003a15e2106b44068d34fb3ca1bdce19/gnocchi.96b825b6-4a4c-461c-b632-7a3e59663db0/1763640000.0_mean_300.0_v3" "tx732455bca43a4d8d9f3ff-00692ea66f" "object-server 25" 0.0008 "-" 19 0
Dec 2 08:42:23 standalone object-server[128219]: 172.20.0.100 - - [02/Dec/2025:08:42:23 +0000] "PUT /d1/48/AUTH_003a15e2106b44068d34fb3ca1bdce19/gnocchi.96b825b6-4a4c-461c-b632-7a3e59663db0/1763640000.0_mean_300.0_v3" 201 - "PUT http://172.18.0.2:8080/v1/AUTH_003a15e2106b44068d34fb3ca1bdce19/gnocchi.96b825b6-4a4c-461c-b632-7a3e59663db0/1763640000.0_mean_300.0_v3" "tx732455bca43a4d8d9f3ff-00692ea66f" "proxy-server 20" 0.0106 "-" 25 0
Dec 2 08:42:23 standalone proxy-server[130163]: 172.18.0.2 172.18.0.100 02/Dec/2025/08/42/23 PUT /v1/AUTH_003a15e2106b44068d34fb3ca1bdce19/gnocchi.96b825b6-4a4c-461c-b632-7a3e59663db0/1763640000.0_mean_300.0_v3 HTTP/1.0 201 - python-swiftclient-3.11.1 gAAAAABpLqX2o5ht... 16 - - tx732455bca43a4d8d9f3ff-00692ea66f - 0.0156 - - 1764664943.970166683 1764664943.985788345 0
Dec 2 08:42:24 standalone container-server[127893]: 172.20.0.100 - - [02/Dec/2025:08:42:24 +0000] "PUT /d1/491/AUTH_003a15e2106b44068d34fb3ca1bdce19/gnocchi.96b825b6-4a4c-461c-b632-7a3e59663db0/none_v3" 201 - "PUT http://172.18.0.2:8080/d1/18/AUTH_003a15e2106b44068d34fb3ca1bdce19/gnocchi.96b825b6-4a4c-461c-b632-7a3e59663db0/none_v3" "tx06ce7ce288624e46a50fd-00692ea66f" "object-server 25" 0.0008 "-" 21 0
Dec 2 08:42:24 standalone object-server[128219]: 172.20.0.100 - - [02/Dec/2025:08:42:24 +0000] "PUT /d1/18/AUTH_003a15e2106b44068d34fb3ca1bdce19/gnocchi.96b825b6-4a4c-461c-b632-7a3e59663db0/none_v3" 201 - "PUT http://172.18.0.2:8080/v1/AUTH_003a15e2106b44068d34fb3ca1bdce19/gnocchi.96b825b6-4a4c-461c-b632-7a3e59663db0/none_v3" "tx06ce7ce288624e46a50fd-00692ea66f" "proxy-server 20" 0.0108 "-" 25 0
Dec 2 08:42:24 standalone proxy-server[130163]: 172.18.0.2 172.18.0.100 02/Dec/2025/08/42/24 PUT /v1/AUTH_003a15e2106b44068d34fb3ca1bdce19/gnocchi.96b825b6-4a4c-461c-b632-7a3e59663db0/none_v3 HTTP/1.0 201 - python-swiftclient-3.11.1 gAAAAABpLqX2o5ht... 32 - - tx06ce7ce288624e46a50fd-00692ea66f - 0.0151 - - 1764664943.988933563 1764664944.004036903 0
Dec 2 08:42:24 standalone object-server[128216]: 172.20.0.100 - - [02/Dec/2025:08:42:24 +0000] "GET /d1/54/AUTH_003a15e2106b44068d34fb3ca1bdce19/gnocchi.724fdc6a-1ca3-4544-9a61-e970d52360a5/none_v3" 200 22 "GET http://172.18.0.2:8080/v1/AUTH_003a15e2106b44068d34fb3ca1bdce19/gnocchi.724fdc6a-1ca3-4544-9a61-e970d52360a5/none_v3" "tx6ae44e1707b34187901f6-00692ea670" "proxy-server 20" 0.0006 "-" 24 0
Dec 2 08:42:24 standalone proxy-server[130163]: 172.18.0.2 172.18.0.100 02/Dec/2025/08/42/24 GET /v1/AUTH_003a15e2106b44068d34fb3ca1bdce19/gnocchi.724fdc6a-1ca3-4544-9a61-e970d52360a5/none_v3 HTTP/1.0 200 - python-swiftclient-3.11.1 gAAAAABpLqX2o5ht... - 22 - tx6ae44e1707b34187901f6-00692ea670 - 0.0050 - - 1764664944.015286446 1764664944.020269394 0
Dec 2 08:42:24 standalone container-server[127893]: 172.20.0.100 - - [02/Dec/2025:08:42:24 +0000] "GET /d1/957/AUTH_003a15e2106b44068d34fb3ca1bdce19/gnocchi.724fdc6a-1ca3-4544-9a61-e970d52360a5" 200 357 "GET http://172.18.0.2:8080/v1/AUTH_003a15e2106b44068d34fb3ca1bdce19/gnocchi.724fdc6a-1ca3-4544-9a61-e970d52360a5?format=json&states=listing" "tx091d4866c4de48cb8bdf8-00692ea670" "proxy-server 20" 0.0117 "-" 21 0
Dec 2 08:42:24 standalone proxy-server[130163]: 172.18.0.2 172.18.0.100 02/Dec/2025/08/42/24 GET /v1/AUTH_003a15e2106b44068d34fb3ca1bdce19/gnocchi.724fdc6a-1ca3-4544-9a61-e970d52360a5%3Fformat%3Djson%26states%3Dlisting HTTP/1.0 200 - python-swiftclient-3.11.1 gAAAAABpLqX2o5ht... - 357 - tx091d4866c4de48cb8bdf8-00692ea670 - 0.0172 - - 1764664944.024366617 1764664944.041613102 0
Dec 2 08:42:24 standalone container-server[127911]: 172.20.0.100 - - [02/Dec/2025:08:42:24 +0000] "GET /d1/957/AUTH_003a15e2106b44068d34fb3ca1bdce19/gnocchi.724fdc6a-1ca3-4544-9a61-e970d52360a5" 200 2 "GET http://172.18.0.2:8080/v1/AUTH_003a15e2106b44068d34fb3ca1bdce19/gnocchi.724fdc6a-1ca3-4544-9a61-e970d52360a5?format=json&marker=none_v3&states=listing" "tx392f8a4c8fe04d9385eea-00692ea670" "proxy-server 20" 0.0037 "-" 23 0
Dec 2 08:42:24 standalone proxy-server[130163]: 172.18.0.2 172.18.0.100 02/Dec/2025/08/42/24 GET /v1/AUTH_003a15e2106b44068d34fb3ca1bdce19/gnocchi.724fdc6a-1ca3-4544-9a61-e970d52360a5%3Fformat%3Djson%26marker%3Dnone_v3%26states%3Dlisting HTTP/1.0 200 - python-swiftclient-3.11.1 gAAAAABpLqX2o5ht... - 2 - tx392f8a4c8fe04d9385eea-00692ea670 - 0.0097 - - 1764664944.047893763 1764664944.057562590 0
Dec 2 08:42:24 standalone object-server[128205]: 172.20.0.100 - - [02/Dec/2025:08:42:24 +0000] "GET /d1/566/AUTH_003a15e2106b44068d34fb3ca1bdce19/gnocchi.724fdc6a-1ca3-4544-9a61-e970d52360a5/1763640000.0_mean_300.0_v3" 200 16 "GET http://172.18.0.2:8080/v1/AUTH_003a15e2106b44068d34fb3ca1bdce19/gnocchi.724fdc6a-1ca3-4544-9a61-e970d52360a5/1763640000.0_mean_300.0_v3" "tx4d3a9371d0104b2e9ff20-00692ea670" "proxy-server 20" 0.0012 "-" 22 0
Dec 2 08:42:24 standalone proxy-server[130163]: 172.18.0.2 172.18.0.100 02/Dec/2025/08/42/24 GET /v1/AUTH_003a15e2106b44068d34fb3ca1bdce19/gnocchi.724fdc6a-1ca3-4544-9a61-e970d52360a5/1763640000.0_mean_300.0_v3 HTTP/1.0 200 - python-swiftclient-3.11.1 gAAAAABpLqX2o5ht... - 16 - tx4d3a9371d0104b2e9ff20-00692ea670 - 0.0067 - - 1764664944.062312365 1764664944.069021225 0
Dec 2 08:42:24 standalone container-server[127879]: 172.20.0.100 - - [02/Dec/2025:08:42:24 +0000] "PUT /d1/957/AUTH_003a15e2106b44068d34fb3ca1bdce19/gnocchi.724fdc6a-1ca3-4544-9a61-e970d52360a5/1763640000.0_mean_300.0_v3" 201 - "PUT http://172.18.0.2:8080/d1/566/AUTH_003a15e2106b44068d34fb3ca1bdce19/gnocchi.724fdc6a-1ca3-4544-9a61-e970d52360a5/1763640000.0_mean_300.0_v3" "txc25448b0ebd240febe246-00692ea670" "object-server 23" 0.0005 "-" 19 0
Dec 2 08:42:24 standalone object-server[128207]: 172.20.0.100 - - [02/Dec/2025:08:42:24 +0000] "PUT /d1/566/AUTH_003a15e2106b44068d34fb3ca1bdce19/gnocchi.724fdc6a-1ca3-4544-9a61-e970d52360a5/1763640000.0_mean_300.0_v3" 201 - "PUT http://172.18.0.2:8080/v1/AUTH_003a15e2106b44068d34fb3ca1bdce19/gnocchi.724fdc6a-1ca3-4544-9a61-e970d52360a5/1763640000.0_mean_300.0_v3" "txc25448b0ebd240febe246-00692ea670" "proxy-server 20" 0.0106 "-" 23 0
Dec 2 08:42:24 standalone proxy-server[130163]: 172.18.0.2 172.18.0.100 02/Dec/2025/08/42/24 PUT /v1/AUTH_003a15e2106b44068d34fb3ca1bdce19/gnocchi.724fdc6a-1ca3-4544-9a61-e970d52360a5/1763640000.0_mean_300.0_v3 HTTP/1.0 201 - python-swiftclient-3.11.1 gAAAAABpLqX2o5ht... 16 - - txc25448b0ebd240febe246-00692ea670 - 0.0195 - - 1764664944.075063705 1764664944.094552755 0
Dec 2 08:42:24 standalone container-server[127879]: 172.20.0.100 - - [02/Dec/2025:08:42:24 +0000] "PUT /d1/957/AUTH_003a15e2106b44068d34fb3ca1bdce19/gnocchi.724fdc6a-1ca3-4544-9a61-e970d52360a5/none_v3" 201 - "PUT http://172.18.0.2:8080/d1/54/AUTH_003a15e2106b44068d34fb3ca1bdce19/gnocchi.724fdc6a-1ca3-4544-9a61-e970d52360a5/none_v3" "tx89213151e4c04badbc275-00692ea670" "object-server 24" 0.0004 "-" 19 0
Dec 2 08:42:24 standalone object-server[128216]: 172.20.0.100 - - [02/Dec/2025:08:42:24 +0000] "PUT /d1/54/AUTH_003a15e2106b44068d34fb3ca1bdce19/gnocchi.724fdc6a-1ca3-4544-9a61-e970d52360a5/none_v3" 201 - "PUT http://172.18.0.2:8080/v1/AUTH_003a15e2106b44068d34fb3ca1bdce19/gnocchi.724fdc6a-1ca3-4544-9a61-e970d52360a5/none_v3" "tx89213151e4c04badbc275-00692ea670" "proxy-server 20" 0.0094 "-" 24 0
Dec 2 08:42:24 standalone proxy-server[130163]: 172.18.0.2 172.18.0.100 02/Dec/2025/08/42/24 PUT /v1/AUTH_003a15e2106b44068d34fb3ca1bdce19/gnocchi.724fdc6a-1ca3-4544-9a61-e970d52360a5/none_v3 HTTP/1.0 201 - python-swiftclient-3.11.1 gAAAAABpLqX2o5ht... 32 - - tx89213151e4c04badbc275-00692ea670 - 0.0186 - - 1764664944.100543261 1764664944.119140625 0
Dec 2 08:42:26 standalone container-server[127893]: 172.20.0.100 - - [02/Dec/2025:08:42:26 +0000] "HEAD /d1/79/AUTH_003a15e2106b44068d34fb3ca1bdce19/gnocchi.fcad26a5-1987-41dc-8d6c-2fb82c15b772" 404 - "HEAD http://172.18.0.2:8080/v1/AUTH_003a15e2106b44068d34fb3ca1bdce19/gnocchi.fcad26a5-1987-41dc-8d6c-2fb82c15b772?format=json&states=listing" "tx4092078c7d264854ae4c5-00692ea672" "proxy-server 20" 0.0007 "-" 21 0
Dec 2 08:42:26 standalone object-server[128205]: 172.20.0.100 - - [02/Dec/2025:08:42:26 +0000] "GET /d1/788/AUTH_003a15e2106b44068d34fb3ca1bdce19/gnocchi.fcad26a5-1987-41dc-8d6c-2fb82c15b772/none_v3" 404 70 "GET http://172.18.0.2:8080/v1/AUTH_003a15e2106b44068d34fb3ca1bdce19/gnocchi.fcad26a5-1987-41dc-8d6c-2fb82c15b772/none_v3" "tx4092078c7d264854ae4c5-00692ea672" "proxy-server 20" 0.0006 "-" 22 0
Dec 2 08:42:27 standalone proxy-server[130163]: 172.18.0.2 172.18.0.100 02/Dec/2025/08/42/27 GET /v1/AUTH_003a15e2106b44068d34fb3ca1bdce19/gnocchi.fcad26a5-1987-41dc-8d6c-2fb82c15b772/none_v3 HTTP/1.0 404 - python-swiftclient-3.11.1 gAAAAABpLqX2o5ht... - 70 - tx4092078c7d264854ae4c5-00692ea672 - 0.0161 - - 1764664946.984641314 1764664947.000779152 0
Dec 2 08:42:27 standalone account-server[128044]: 172.20.0.100 - - [02/Dec/2025:08:42:27 +0000] "PUT /d1/710/AUTH_003a15e2106b44068d34fb3ca1bdce19/gnocchi.fcad26a5-1987-41dc-8d6c-2fb82c15b772" 201 - "PUT http://172.20.0.100:6001/d1/79/AUTH_003a15e2106b44068d34fb3ca1bdce19/gnocchi.fcad26a5-1987-41dc-8d6c-2fb82c15b772" "tx08503331ec5848cf80bce-00692ea673" "container-server 22" 0.0014 "-" 20 0
Dec 2 08:42:27 standalone container-server[127907]: 172.20.0.100 - - [02/Dec/2025:08:42:27 +0000] "PUT /d1/79/AUTH_003a15e2106b44068d34fb3ca1bdce19/gnocchi.fcad26a5-1987-41dc-8d6c-2fb82c15b772" 201 - "PUT http://172.18.0.2:8080/v1/AUTH_003a15e2106b44068d34fb3ca1bdce19/gnocchi.fcad26a5-1987-41dc-8d6c-2fb82c15b772" "tx08503331ec5848cf80bce-00692ea673" "proxy-server 20" 0.0176 "-" 22 0
Dec 2 08:42:27 standalone proxy-server[130163]: 172.18.0.2 172.18.0.100 02/Dec/2025/08/42/27 PUT /v1/AUTH_003a15e2106b44068d34fb3ca1bdce19/gnocchi.fcad26a5-1987-41dc-8d6c-2fb82c15b772 HTTP/1.0 201 - python-swiftclient-3.11.1 gAAAAABpLqX2o5ht... - - - tx08503331ec5848cf80bce-00692ea673 - 0.0273 - - 1764664947.004667997 1764664947.031990290 0
Dec 2 08:42:27 standalone container-server[127907]: 172.20.0.100 - - [02/Dec/2025:08:42:27 +0000] "HEAD /d1/79/AUTH_003a15e2106b44068d34fb3ca1bdce19/gnocchi.fcad26a5-1987-41dc-8d6c-2fb82c15b772" 204 - "HEAD http://172.18.0.2:8080/v1/AUTH_003a15e2106b44068d34fb3ca1bdce19/gnocchi.fcad26a5-1987-41dc-8d6c-2fb82c15b772?format=json&states=listing" "tx45bee815ff4f45a08f91d-00692ea673" "proxy-server 20" 0.0024 "-" 22 0
Dec 2 08:42:27 standalone proxy-server[130163]: - - 02/Dec/2025/08/42/27 HEAD /v1/AUTH_003a15e2106b44068d34fb3ca1bdce19/gnocchi.fcad26a5-1987-41dc-8d6c-2fb82c15b772%3Fformat%3Djson%26states%3Dlisting HTTP/1.0 204 - Swift - - - - tx45bee815ff4f45a08f91d-00692ea673 - 0.0103 RL - 1764664947.044540405 1764664947.054806471 0
Dec 2 08:42:27 standalone container-server[127879]: 172.20.0.100 - - [02/Dec/2025:08:42:27 +0000] "GET /d1/79/AUTH_003a15e2106b44068d34fb3ca1bdce19/gnocchi.fcad26a5-1987-41dc-8d6c-2fb82c15b772" 200 2 "GET http://172.18.0.2:8080/v1/AUTH_003a15e2106b44068d34fb3ca1bdce19/gnocchi.fcad26a5-1987-41dc-8d6c-2fb82c15b772?format=json&states=listing" "tx45bee815ff4f45a08f91d-00692ea673" "proxy-server 20" 0.0024 "-" 19 0
Dec 2 08:42:27 standalone proxy-server[130163]: 172.18.0.2 172.18.0.100 02/Dec/2025/08/42/27 GET /v1/AUTH_003a15e2106b44068d34fb3ca1bdce19/gnocchi.fcad26a5-1987-41dc-8d6c-2fb82c15b772%3Fformat%3Djson%26states%3Dlisting HTTP/1.0 200 - python-swiftclient-3.11.1 gAAAAABpLqX2o5ht... - 2 - tx45bee815ff4f45a08f91d-00692ea673 - 0.0317 - - 1764664947.038062096 1764664947.069788456 0
Dec 2 08:42:27 standalone object-server[128219]: 172.20.0.100 - - [02/Dec/2025:08:42:27 +0000] "GET /d1/956/AUTH_003a15e2106b44068d34fb3ca1bdce19/gnocchi.fcad26a5-1987-41dc-8d6c-2fb82c15b772/1763640000.0_mean_300.0_v3" 404 70 "GET http://172.18.0.2:8080/v1/AUTH_003a15e2106b44068d34fb3ca1bdce19/gnocchi.fcad26a5-1987-41dc-8d6c-2fb82c15b772/1763640000.0_mean_300.0_v3" "tx73a862a508584278991f4-00692ea673" "proxy-server 20" 0.0003 "-" 25 0
Dec 2 08:42:27 standalone proxy-server[130163]: 172.18.0.2 172.18.0.100 02/Dec/2025/08/42/27 GET /v1/AUTH_003a15e2106b44068d34fb3ca1bdce19/gnocchi.fcad26a5-1987-41dc-8d6c-2fb82c15b772/1763640000.0_mean_300.0_v3 HTTP/1.0 404 - python-swiftclient-3.11.1 gAAAAABpLqX2o5ht... - 70 - tx73a862a508584278991f4-00692ea673 - 0.0100 - - 1764664947.076897383 1764664947.086855650 0
Dec 2 08:42:27 standalone container-server[127893]: 172.20.0.100 - - [02/Dec/2025:08:42:27 +0000] "PUT /d1/79/AUTH_003a15e2106b44068d34fb3ca1bdce19/gnocchi.fcad26a5-1987-41dc-8d6c-2fb82c15b772/1763640000.0_mean_300.0_v3" 201 - "PUT http://172.18.0.2:8080/d1/956/AUTH_003a15e2106b44068d34fb3ca1bdce19/gnocchi.fcad26a5-1987-41dc-8d6c-2fb82c15b772/1763640000.0_mean_300.0_v3" "txcb759feaebcb4c72bcfe8-00692ea673" "object-server 24" 0.0009 "-" 21 0
Dec 2 08:42:27 standalone object-server[128216]: 172.20.0.100 - - [02/Dec/2025:08:42:27 +0000] "PUT /d1/956/AUTH_003a15e2106b44068d34fb3ca1bdce19/gnocchi.fcad26a5-1987-41dc-8d6c-2fb82c15b772/1763640000.0_mean_300.0_v3" 201 - "PUT http://172.18.0.2:8080/v1/AUTH_003a15e2106b44068d34fb3ca1bdce19/gnocchi.fcad26a5-1987-41dc-8d6c-2fb82c15b772/1763640000.0_mean_300.0_v3" "txcb759feaebcb4c72bcfe8-00692ea673" "proxy-server 20" 0.0116 "-" 24 0
Dec 2 08:42:27 standalone proxy-server[130163]: 172.18.0.2 172.18.0.100 02/Dec/2025/08/42/27 PUT /v1/AUTH_003a15e2106b44068d34fb3ca1bdce19/gnocchi.fcad26a5-1987-41dc-8d6c-2fb82c15b772/1763640000.0_mean_300.0_v3 HTTP/1.0 201 - python-swiftclient-3.11.1 gAAAAABpLqX2o5ht... 16 - - txcb759feaebcb4c72bcfe8-00692ea673 - 0.0220 - - 1764664947.090642214 1764664947.112654448 0
