Dec 2 08:43:16 standalone proxy-server[130163]: 172.18.0.2 172.18.0.100 02/Dec/2025/08/43/16 GET /v1/AUTH_003a15e2106b44068d34fb3ca1bdce19/gnocchi.f316b72c-1082-478b-86a6-5ef6585c3ece/1763640000.0_mean_300.0_v3 HTTP/1.0 404 - python-swiftclient-3.11.1 gAAAAABpLqX2o5ht... - 70 - txed40368cdb644da590b38-00692ea6a4 - 0.0082 - - 1764664996.846734524 1764664996.854926348 0
Dec 2 08:43:16 standalone container-server[127907]: 172.20.0.100 - - [02/Dec/2025:08:43:16 +0000] "PUT /d1/47/AUTH_003a15e2106b44068d34fb3ca1bdce19/gnocchi.f316b72c-1082-478b-86a6-5ef6585c3ece/1763640000.0_mean_300.0_v3" 201 - "PUT http://172.18.0.2:8080/d1/208/AUTH_003a15e2106b44068d34fb3ca1bdce19/gnocchi.f316b72c-1082-478b-86a6-5ef6585c3ece/1763640000.0_mean_300.0_v3" "txaa211f6896164efc8fcdb-00692ea6a4" "object-server 25" 0.0009 "-" 22 0
Dec 2 08:43:16 standalone object-server[128219]: 172.20.0.100 - - [02/Dec/2025:08:43:16 +0000] "PUT /d1/208/AUTH_003a15e2106b44068d34fb3ca1bdce19/gnocchi.f316b72c-1082-478b-86a6-5ef6585c3ece/1763640000.0_mean_300.0_v3" 201 - "PUT http://172.18.0.2:8080/v1/AUTH_003a15e2106b44068d34fb3ca1bdce19/gnocchi.f316b72c-1082-478b-86a6-5ef6585c3ece/1763640000.0_mean_300.0_v3" "txaa211f6896164efc8fcdb-00692ea6a4" "proxy-server 20" 0.0116 "-" 25 0
Dec 2 08:43:16 standalone proxy-server[130163]: 172.18.0.2 172.18.0.100 02/Dec/2025/08/43/16 PUT /v1/AUTH_003a15e2106b44068d34fb3ca1bdce19/gnocchi.f316b72c-1082-478b-86a6-5ef6585c3ece/1763640000.0_mean_300.0_v3 HTTP/1.0 201 - python-swiftclient-3.11.1 gAAAAABpLqX2o5ht... 16 - - txaa211f6896164efc8fcdb-00692ea6a4 - 0.0198 - - 1764664996.858969688 1764664996.878739119 0
Dec 2 08:43:16 standalone container-server[127893]: 172.20.0.100 - - [02/Dec/2025:08:43:16 +0000] "PUT /d1/47/AUTH_003a15e2106b44068d34fb3ca1bdce19/gnocchi.f316b72c-1082-478b-86a6-5ef6585c3ece/none_v3" 201 - "PUT http://172.18.0.2:8080/d1/127/AUTH_003a15e2106b44068d34fb3ca1bdce19/gnocchi.f316b72c-1082-478b-86a6-5ef6585c3ece/none_v3" "tx4230969cd4ee44b6a0894-00692ea6a4" "object-server 23" 0.0011 "-" 21 0
Dec 2 08:43:16 standalone object-server[128207]: 172.20.0.100 - - [02/Dec/2025:08:43:16 +0000] "PUT /d1/127/AUTH_003a15e2106b44068d34fb3ca1bdce19/gnocchi.f316b72c-1082-478b-86a6-5ef6585c3ece/none_v3" 201 - "PUT http://172.18.0.2:8080/v1/AUTH_003a15e2106b44068d34fb3ca1bdce19/gnocchi.f316b72c-1082-478b-86a6-5ef6585c3ece/none_v3" "tx4230969cd4ee44b6a0894-00692ea6a4" "proxy-server 20" 0.0135 "-" 23 0
Dec 2 08:43:16 standalone proxy-server[130163]: 172.18.0.2 172.18.0.100 02/Dec/2025/08/43/16 PUT /v1/AUTH_003a15e2106b44068d34fb3ca1bdce19/gnocchi.f316b72c-1082-478b-86a6-5ef6585c3ece/none_v3 HTTP/1.0 201 - python-swiftclient-3.11.1 gAAAAABpLqX2o5ht... 22 - - tx4230969cd4ee44b6a0894-00692ea6a4 - 0.0225 - - 1764664996.882731199 1764664996.905249119 0
Dec 2 08:43:16 standalone container-server[127907]: 172.20.0.100 - - [02/Dec/2025:08:43:16 +0000] "HEAD /d1/1017/AUTH_003a15e2106b44068d34fb3ca1bdce19/gnocchi.76bc2545-bbce-4fdb-bf9c-b8c0f29245d0" 404 - "HEAD http://172.18.0.2:8080/v1/AUTH_003a15e2106b44068d34fb3ca1bdce19/gnocchi.76bc2545-bbce-4fdb-bf9c-b8c0f29245d0?format=json&states=listing" "tx08ae0a4f3e0b4c83a3f3f-00692ea6a4" "proxy-server 20" 0.0005 "-" 22 0
Dec 2 08:43:16 standalone object-server[128205]: 172.20.0.100 - - [02/Dec/2025:08:43:16 +0000] "GET /d1/546/AUTH_003a15e2106b44068d34fb3ca1bdce19/gnocchi.76bc2545-bbce-4fdb-bf9c-b8c0f29245d0/none_v3" 404 70 "GET http://172.18.0.2:8080/v1/AUTH_003a15e2106b44068d34fb3ca1bdce19/gnocchi.76bc2545-bbce-4fdb-bf9c-b8c0f29245d0/none_v3" "tx08ae0a4f3e0b4c83a3f3f-00692ea6a4" "proxy-server 20" 0.0003 "-" 22 0
Dec 2 08:43:16 standalone proxy-server[130163]: 172.18.0.2 172.18.0.100 02/Dec/2025/08/43/16 GET /v1/AUTH_003a15e2106b44068d34fb3ca1bdce19/gnocchi.76bc2545-bbce-4fdb-bf9c-b8c0f29245d0/none_v3 HTTP/1.0 404 - python-swiftclient-3.11.1 gAAAAABpLqX2o5ht... - 70 - tx08ae0a4f3e0b4c83a3f3f-00692ea6a4 - 0.0125 - - 1764664996.917375565 1764664996.929892302 0
Dec 2 08:43:16 standalone account-server[128048]: 172.20.0.100 - - [02/Dec/2025:08:43:16 +0000] "PUT /d1/710/AUTH_003a15e2106b44068d34fb3ca1bdce19/gnocchi.76bc2545-bbce-4fdb-bf9c-b8c0f29245d0" 201 - "PUT http://172.20.0.100:6001/d1/1017/AUTH_003a15e2106b44068d34fb3ca1bdce19/gnocchi.76bc2545-bbce-4fdb-bf9c-b8c0f29245d0" "tx3ba7ae088d6b461891107-00692ea6a4" "container-server 23" 0.0063 "-" 21 0
Dec 2 08:43:16 standalone container-server[127911]: 172.20.0.100 - - [02/Dec/2025:08:43:16 +0000] "PUT /d1/1017/AUTH_003a15e2106b44068d34fb3ca1bdce19/gnocchi.76bc2545-bbce-4fdb-bf9c-b8c0f29245d0" 201 - "PUT http://172.18.0.2:8080/v1/AUTH_003a15e2106b44068d34fb3ca1bdce19/gnocchi.76bc2545-bbce-4fdb-bf9c-b8c0f29245d0" "tx3ba7ae088d6b461891107-00692ea6a4" "proxy-server 20" 0.0176 "-" 23 0
Dec 2 08:43:16 standalone proxy-server[130163]: 172.18.0.2 172.18.0.100 02/Dec/2025/08/43/16 PUT /v1/AUTH_003a15e2106b44068d34fb3ca1bdce19/gnocchi.76bc2545-bbce-4fdb-bf9c-b8c0f29245d0 HTTP/1.0 201 - python-swiftclient-3.11.1 gAAAAABpLqX2o5ht... - - - tx3ba7ae088d6b461891107-00692ea6a4 - 0.0223 - - 1764664996.932557583 1764664996.954816580 0
Dec 2 08:43:16 standalone container-server[127907]: 172.20.0.100 - - [02/Dec/2025:08:43:16 +0000] "HEAD /d1/1017/AUTH_003a15e2106b44068d34fb3ca1bdce19/gnocchi.76bc2545-bbce-4fdb-bf9c-b8c0f29245d0" 204 - "HEAD http://172.18.0.2:8080/v1/AUTH_003a15e2106b44068d34fb3ca1bdce19/gnocchi.76bc2545-bbce-4fdb-bf9c-b8c0f29245d0?format=json&states=listing" "tx0f943b8815794aba9c2df-00692ea6a4" "proxy-server 20" 0.0023 "-" 22 0
Dec 2 08:43:16 standalone proxy-server[130163]: - - 02/Dec/2025/08/43/16 HEAD /v1/AUTH_003a15e2106b44068d34fb3ca1bdce19/gnocchi.76bc2545-bbce-4fdb-bf9c-b8c0f29245d0%3Fformat%3Djson%26states%3Dlisting HTTP/1.0 204 - Swift - - - - tx0f943b8815794aba9c2df-00692ea6a4 - 0.0065 RL - 1764664996.959371567 1764664996.965881824 0
Dec 2 08:43:16 standalone container-server[127911]: 172.20.0.100 - - [02/Dec/2025:08:43:16 +0000] "GET /d1/1017/AUTH_003a15e2106b44068d34fb3ca1bdce19/gnocchi.76bc2545-bbce-4fdb-bf9c-b8c0f29245d0" 200 2 "GET http://172.18.0.2:8080/v1/AUTH_003a15e2106b44068d34fb3ca1bdce19/gnocchi.76bc2545-bbce-4fdb-bf9c-b8c0f29245d0?format=json&states=listing" "tx0f943b8815794aba9c2df-00692ea6a4" "proxy-server 20" 0.0022 "-" 23 0
Dec 2 08:43:16 standalone proxy-server[130163]: 172.18.0.2 172.18.0.100 02/Dec/2025/08/43/16 GET /v1/AUTH_003a15e2106b44068d34fb3ca1bdce19/gnocchi.76bc2545-bbce-4fdb-bf9c-b8c0f29245d0%3Fformat%3Djson%26states%3Dlisting HTTP/1.0 200 - python-swiftclient-3.11.1 gAAAAABpLqX2o5ht... - 2 - tx0f943b8815794aba9c2df-00692ea6a4 - 0.0156 - - 1764664996.958336592 1764664996.973946333 0
Dec 2 08:43:16 standalone object-server[128216]: 172.20.0.100 - - [02/Dec/2025:08:43:16 +0000] "GET /d1/337/AUTH_003a15e2106b44068d34fb3ca1bdce19/gnocchi.76bc2545-bbce-4fdb-bf9c-b8c0f29245d0/1763640000.0_mean_300.0_v3" 404 70 "GET http://172.18.0.2:8080/v1/AUTH_003a15e2106b44068d34fb3ca1bdce19/gnocchi.76bc2545-bbce-4fdb-bf9c-b8c0f29245d0/1763640000.0_mean_300.0_v3" "txece8207e332d4c2da89d0-00692ea6a4" "proxy-server 20" 0.0003 "-" 24 0
Dec 2 08:43:16 standalone proxy-server[130163]: 172.18.0.2 172.18.0.100 02/Dec/2025/08/43/16 GET /v1/AUTH_003a15e2106b44068d34fb3ca1bdce19/gnocchi.76bc2545-bbce-4fdb-bf9c-b8c0f29245d0/1763640000.0_mean_300.0_v3 HTTP/1.0 404 - python-swiftclient-3.11.1 gAAAAABpLqX2o5ht... - 70 - txece8207e332d4c2da89d0-00692ea6a4 - 0.0046 - - 1764664996.977526188 1764664996.982079029 0
Dec 2 08:43:16 standalone container-server[127907]: 172.20.0.100 - - [02/Dec/2025:08:43:16 +0000] "PUT /d1/1017/AUTH_003a15e2106b44068d34fb3ca1bdce19/gnocchi.76bc2545-bbce-4fdb-bf9c-b8c0f29245d0/1763640000.0_mean_300.0_v3" 201 - "PUT http://172.18.0.2:8080/d1/337/AUTH_003a15e2106b44068d34fb3ca1bdce19/gnocchi.76bc2545-bbce-4fdb-bf9c-b8c0f29245d0/1763640000.0_mean_300.0_v3" "tx101098c504f7407194f67-00692ea6a4" "object-server 24" 0.0009 "-" 22 0
Dec 2 08:43:16 standalone object-server[128216]: 172.20.0.100 - - [02/Dec/2025:08:43:16 +0000] "PUT /d1/337/AUTH_003a15e2106b44068d34fb3ca1bdce19/gnocchi.76bc2545-bbce-4fdb-bf9c-b8c0f29245d0/1763640000.0_mean_300.0_v3" 201 - "PUT http://172.18.0.2:8080/v1/AUTH_003a15e2106b44068d34fb3ca1bdce19/gnocchi.76bc2545-bbce-4fdb-bf9c-b8c0f29245d0/1763640000.0_mean_300.0_v3" "tx101098c504f7407194f67-00692ea6a4" "proxy-server 20" 0.0087 "-" 24 0
Dec 2 08:43:16 standalone proxy-server[130163]: 172.18.0.2 172.18.0.100 02/Dec/2025/08/43/16 PUT /v1/AUTH_003a15e2106b44068d34fb3ca1bdce19/gnocchi.76bc2545-bbce-4fdb-bf9c-b8c0f29245d0/1763640000.0_mean_300.0_v3 HTTP/1.0 201 - python-swiftclient-3.11.1 gAAAAABpLqX2o5ht... 16 - - tx101098c504f7407194f67-00692ea6a4 - 0.0124 - - 1764664996.984806061 1764664996.997228861 0
Dec 2 08:43:17 standalone container-server[127879]: 172.20.0.100 - - [02/Dec/2025:08:43:17 +0000] "PUT /d1/1017/AUTH_003a15e2106b44068d34fb3ca1bdce19/gnocchi.76bc2545-bbce-4fdb-bf9c-b8c0f29245d0/none_v3" 201 - "PUT http://172.18.0.2:8080/d1/546/AUTH_003a15e2106b44068d34fb3ca1bdce19/gnocchi.76bc2545-bbce-4fdb-bf9c-b8c0f29245d0/none_v3" "tx8e69dcc41b5248c89c59e-00692ea6a5" "object-server 25" 0.0009 "-" 19 0
Dec 2 08:43:17 standalone object-server[128219]: 172.20.0.100 - - [02/Dec/2025:08:43:17 +0000] "PUT /d1/546/AUTH_003a15e2106b44068d34fb3ca1bdce19/gnocchi.76bc2545-bbce-4fdb-bf9c-b8c0f29245d0/none_v3" 201 - "PUT http://172.18.0.2:8080/v1/AUTH_003a15e2106b44068d34fb3ca1bdce19/gnocchi.76bc2545-bbce-4fdb-bf9c-b8c0f29245d0/none_v3" "tx8e69dcc41b5248c89c59e-00692ea6a5" "proxy-server 20" 0.0095 "-" 25 0
Dec 2 08:43:17 standalone proxy-server[130163]: 172.18.0.2 172.18.0.100 02/Dec/2025/08/43/17 PUT /v1/AUTH_003a15e2106b44068d34fb3ca1bdce19/gnocchi.76bc2545-bbce-4fdb-bf9c-b8c0f29245d0/none_v3 HTTP/1.0 201 - python-swiftclient-3.11.1 gAAAAABpLqX2o5ht... 22 - - tx8e69dcc41b5248c89c59e-00692ea6a5 - 0.0136 - - 1764664997.000407696 1764664997.013981104 0
Dec 2 08:43:17 standalone container-server[127911]: 172.20.0.100 - - [02/Dec/2025:08:43:17 +0000] "HEAD /d1/376/AUTH_003a15e2106b44068d34fb3ca1bdce19/gnocchi.eb0cdf9e-fe65-446b-9738-59824dc0e8d3" 404 - "HEAD http://172.18.0.2:8080/v1/AUTH_003a15e2106b44068d34fb3ca1bdce19/gnocchi.eb0cdf9e-fe65-446b-9738-59824dc0e8d3?format=json&states=listing" "tx06194e9242c14c3a83fb7-00692ea6a5" "proxy-server 20" 0.0005 "-" 23 0
Dec 2 08:43:17 standalone object-server[128219]: 172.20.0.100 - - [02/Dec/2025:08:43:17 +0000] "GET /d1/344/AUTH_003a15e2106b44068d34fb3ca1bdce19/gnocchi.eb0cdf9e-fe65-446b-9738-59824dc0e8d3/none_v3" 404 70 "GET http://172.18.0.2:8080/v1/AUTH_003a15e2106b44068d34fb3ca1bdce19/gnocchi.eb0cdf9e-fe65-446b-9738-59824dc0e8d3/none_v3" "tx06194e9242c14c3a83fb7-00692ea6a5" "proxy-server 20" 0.0004 "-" 25 0
Dec 2 08:43:17 standalone proxy-server[130163]: 172.18.0.2 172.18.0.100 02/Dec/2025/08/43/17 GET /v1/AUTH_003a15e2106b44068d34fb3ca1bdce19/gnocchi.eb0cdf9e-fe65-446b-9738-59824dc0e8d3/none_v3 HTTP/1.0 404 - python-swiftclient-3.11.1 gAAAAABpLqX2o5ht... - 70 - tx06194e9242c14c3a83fb7-00692ea6a5 - 0.0078 - - 1764664997.024637461 1764664997.032456875 0
Dec 2 08:43:17 standalone account-server[128051]: 172.20.0.100 - - [02/Dec/2025:08:43:17 +0000] "PUT /d1/710/AUTH_003a15e2106b44068d34fb3ca1bdce19/gnocchi.eb0cdf9e-fe65-446b-9738-59824dc0e8d3" 201 - "PUT http://172.20.0.100:6001/d1/376/AUTH_003a15e2106b44068d34fb3ca1bdce19/gnocchi.eb0cdf9e-fe65-446b-9738-59824dc0e8d3" "tx3da4afed1c6c4c74b6436-00692ea6a5" "container-server 23" 0.0043 "-" 22 0
Dec 2 08:43:17 standalone container-server[127911]: 172.20.0.100 - - [02/Dec/2025:08:43:17 +0000] "PUT /d1/376/AUTH_003a15e2106b44068d34fb3ca1bdce19/gnocchi.eb0cdf9e-fe65-446b-9738-59824dc0e8d3" 201 - "PUT http://172.18.0.2:8080/v1/AUTH_003a15e2106b44068d34fb3ca1bdce19/gnocchi.eb0cdf9e-fe65-446b-9738-59824dc0e8d3" "tx3da4afed1c6c4c74b6436-00692ea6a5" "proxy-server 20" 0.0172 "-" 23 0
Dec 2 08:43:17 standalone proxy-server[130163]: 172.18.0.2 172.18.0.100 02/Dec/2025/08/43/17 PUT /v1/AUTH_003a15e2106b44068d34fb3ca1bdce19/gnocchi.eb0cdf9e-fe65-446b-9738-59824dc0e8d3 HTTP/1.0 201 - python-swiftclient-3.11.1 gAAAAABpLqX2o5ht... - - - tx3da4afed1c6c4c74b6436-00692ea6a5 - 0.0216 - - 1764664997.034688950 1764664997.056254148 0
Dec 2 08:43:17 standalone container-server[127879]: 172.20.0.100 - - [02/Dec/2025:08:43:17 +0000] "HEAD /d1/376/AUTH_003a15e2106b44068d34fb3ca1bdce19/gnocchi.eb0cdf9e-fe65-446b-9738-59824dc0e8d3" 204 - "HEAD http://172.18.0.2:8080/v1/AUTH_003a15e2106b44068d34fb3ca1bdce19/gnocchi.eb0cdf9e-fe65-446b-9738-59824dc0e8d3?format=json&states=listing" "txebbb527fc05f4991b17e7-00692ea6a5" "proxy-server 20" 0.0024 "-" 19 0
Dec 2 08:43:17 standalone proxy-server[130163]: - - 02/Dec/2025/08/43/17 HEAD /v1/AUTH_003a15e2106b44068d34fb3ca1bdce19/gnocchi.eb0cdf9e-fe65-446b-9738-59824dc0e8d3%3Fformat%3Djson%26states%3Dlisting HTTP/1.0 204 - Swift - - - - txebbb527fc05f4991b17e7-00692ea6a5 - 0.0056 RL - 1764664997.060169697 1764664997.065763950 0
Dec 2 08:43:17 standalone container-server[127879]: 172.20.0.100 - - [02/Dec/2025:08:43:17 +0000] "GET /d1/376/AUTH_003a15e2106b44068d34fb3ca1bdce19/gnocchi.eb0cdf9e-fe65-446b-9738-59824dc0e8d3" 200 2 "GET http://172.18.0.2:8080/v1/AUTH_003a15e2106b44068d34fb3ca1bdce19/gnocchi.eb0cdf9e-fe65-446b-9738-59824dc0e8d3?format=json&states=listing" "txebbb527fc05f4991b17e7-00692ea6a5" "proxy-server 20" 0.0033 "-" 19 0
Dec 2 08:43:17 standalone proxy-server[130163]: 172.18.0.2 172.18.0.100 02/Dec/2025/08/43/17 GET /v1/AUTH_003a15e2106b44068d34fb3ca1bdce19/gnocchi.eb0cdf9e-fe65-446b-9738-59824dc0e8d3%3Fformat%3Djson%26states%3Dlisting HTTP/1.0 200 - python-swiftclient-3.11.1 gAAAAABpLqX2o5ht... - 2 - txebbb527fc05f4991b17e7-00692ea6a5 - 0.0145 - - 1764664997.059350967 1764664997.073818922 0
Dec 2 08:43:17 standalone object-server[128207]: 172.20.0.100 - - [02/Dec/2025:08:43:17 +0000] "GET /d1/665/AUTH_003a15e2106b44068d34fb3ca1bdce19/gnocchi.eb0cdf9e-fe65-446b-9738-59824dc0e8d3/1763640000.0_mean_300.0_v3" 404 70 "GET http://172.18.0.2:8080/v1/AUTH_003a15e2106b44068d34fb3ca1bdce19/gnocchi.eb0cdf9e-fe65-446b-9738-59824dc0e8d3/1763640000.0_mean_300.0_v3" "tx5aa7f15514da4937b2f51-00692ea6a5" "proxy-server 20" 0.0003 "-" 23 0
Dec 2 08:43:17 standalone proxy-server[130163]: 172.18.0.2 172.18.0.100 02/Dec/2025/08/43/17 GET /v1/AUTH_003a15e2106b44068d34fb3ca1bdce19/gnocchi.eb0cdf9e-fe65-446b-9738-59824dc0e8d3/1763640000.0_mean_300.0_v3 HTTP/1.0 404 - python-swiftclient-3.11.1 gAAAAABpLqX2o5ht... - 70 - tx5aa7f15514da4937b2f51-00692ea6a5 - 0.0043 - - 1764664997.078605652 1764664997.082863569 0
Dec 2 08:43:17 standalone container-server[127879]: 172.20.0.100 - - [02/Dec/2025:08:43:17 +0000] "PUT /d1/376/AUTH_003a15e2106b44068d34fb3ca1bdce19/gnocchi.eb0cdf9e-fe65-446b-9738-59824dc0e8d3/1763640000.0_mean_300.0_v3" 201 - "PUT http://172.18.0.2:8080/d1/665/AUTH_003a15e2106b44068d34fb3ca1bdce19/gnocchi.eb0cdf9e-fe65-446b-9738-59824dc0e8d3/1763640000.0_mean_300.0_v3" "txd1f668236cbf4230884db-00692ea6a5" "object-server 23" 0.0012 "-" 19 0
Dec 2 08:43:17 standalone object-server[128207]: 172.20.0.100 - - [02/Dec/2025:08:43:17 +0000] "PUT /d1/665/AUTH_003a15e2106b44068d34fb3ca1bdce19/gnocchi.eb0cdf9e-fe65-446b-9738-59824dc0e8d3/1763640000.0_mean_300.0_v3" 201 - "PUT http://172.18.0.2:8080/v1/AUTH_003a15e2106b44068d34fb3ca1bdce19/gnocchi.eb0cdf9e-fe65-446b-9738-59824dc0e8d3/1763640000.0_mean_300.0_v3" "txd1f668236cbf4230884db-00692ea6a5" "proxy-server 20" 0.0118 "-" 23 0
Dec 2 08:43:17 standalone proxy-server[130163]: 172.18.0.2 172.18.0.100 02/Dec/2025/08/43/17 PUT /v1/AUTH_003a15e2106b44068d34fb3ca1bdce19/gnocchi.eb0cdf9e-fe65-446b-9738-59824dc0e8d3/1763640000.0_mean_300.0_v3 HTTP/1.0 201 - python-swiftclient-3.11.1 gAAAAABpLqX2o5ht... 16 - - txd1f668236cbf4230884db-00692ea6a5 - 0.0161 - - 1764664997.086681128 1764664997.102790833 0
Dec 2 08:43:17 standalone container-server[127893]: 172.20.0.100 - - [02/Dec/2025:08:43:17 +0000] "PUT /d1/376/AUTH_003a15e2106b44068d34fb3ca1bdce19/gnocchi.eb0cdf9e-fe65-446b-9738-59824dc0e8d3/none_v3" 201 - "PUT http://172.18.0.2:8080/d1/344/AUTH_003a15e2106b44068d34fb3ca1bdce19/gnocchi.eb0cdf9e-fe65-446b-9738-59824dc0e8d3/none_v3" "tx6dd522b17c2242c8b2fa5-00692ea6a5" "object-server 24" 0.0008 "-" 21 0
Dec 2 08:43:17 standalone object-server[128216]: 172.20.0.100 - - [02/Dec/2025:08:43:17 +0000] "PUT /d1/344/AUTH_003a15e2106b44068d34fb3ca1bdce19/gnocchi.eb0cdf9e-fe65-446b-9738-59824dc0e8d3/none_v3" 201 - "PUT http://172.18.0.2:8080/v1/AUTH_003a15e2106b44068d34fb3ca1bdce19/gnocchi.eb0cdf9e-fe65-446b-9738-59824dc0e8d3/none_v3" "tx6dd522b17c2242c8b2fa5-00692ea6a5" "proxy-server 20" 0.0103 "-" 24 0
Dec 2 08:43:17 standalone proxy-server[130163]: 172.18.0.2 172.18.0.100 02/Dec/2025/08/43/17 PUT /v1/AUTH_003a15e2106b44068d34fb3ca1bdce19/gnocchi.eb0cdf9e-fe65-446b-9738-59824dc0e8d3/none_v3 HTTP/1.0 201 - python-swiftclient-3.11.1 gAAAAABpLqX2o5ht... 22 - - tx6dd522b17c2242c8b2fa5-00692ea6a5 - 0.0151 - - 1764664997.105906010 1764664997.121013165 0
Dec 2 08:43:17 standalone container-server[127879]: 172.20.0.100 - - [02/Dec/2025:08:43:17 +0000] "HEAD /d1/10/AUTH_003a15e2106b44068d34fb3ca1bdce19/gnocchi.71112b57-0240-43b1-9c10-ec8354ff0856" 404 - "HEAD http://172.18.0.2:8080/v1/AUTH_003a15e2106b44068d34fb3ca1bdce19/gnocchi.71112b57-0240-43b1-9c10-ec8354ff0856?format=json&states=listing" "txc894e3d3bebf45858785b-00692ea6a5" "proxy-server 20" 0.0007 "-" 19 0
Dec 2 08:43:17 standalone object-server[128207]: 172.20.0.100 - - [02/Dec/2025:08:43:17 +0000] "GET /d1/415/AUTH_003a15e2106b44068d34fb3ca1bdce19/gnocchi.71112b57-0240-43b1-9c10-ec8354ff0856/none_v3" 404 70 "GET http://172.18.0.2:8080/v1/AUTH_003a15e2106b44068d34fb3ca1bdce19/gnocchi.71112b57-0240-43b1-9c10-ec8354ff0856/none_v3" "txc894e3d3bebf45858785b-00692ea6a5" "proxy-server 20" 0.0006 "-" 23 0
Dec 2 08:43:17 standalone proxy-server[130163]: 172.18.0.2 172.18.0.100 02/Dec/2025/08/43/17 GET /v1/AUTH_003a15e2106b44068d34fb3ca1bdce19/gnocchi.71112b57-0240-43b1-9c10-ec8354ff0856/none_v3 HTTP/1.0 404 - python-swiftclient-3.11.1 gAAAAABpLqX2o5ht... - 70 - txc894e3d3bebf45858785b-00692ea6a5 - 0.0093 - - 1764664997.135948896 1764664997.145263195 0
Dec 2 08:43:17 standalone account-server[128051]: 172.20.0.100 - - [02/Dec/2025:08:43:17 +0000] "PUT /d1/710/AUTH_003a15e2106b44068d34fb3ca1bdce19/gnocchi.71112b57-0240-43b1-9c10-ec8354ff0856" 201 - "PUT http://172.20.0.100:6001/d1/10/AUTH_003a15e2106b44068d34fb3ca1bdce19/gnocchi.71112b57-0240-43b1-9c10-ec8354ff0856" "txdf769efe13b74784ad6e3-00692ea6a5" "container-server 21" 0.0049 "-" 22 0
Dec 2 08:43:17 standalone container-server[127893]: 172.20.0.100 - - [02/Dec/2025:08:43:17 +0000] "PUT /d1/10/AUTH_003a15e2106b44068d34fb3ca1bdce19/gnocchi.71112b57-0240-43b1-9c10-ec8354ff0856" 201 - "PUT http://172.18.0.2:8080/v1/AUTH_003a15e2106b44068d34fb3ca1bdce19/gnocchi.71112b57-0240-43b1-9c10-ec8354ff0856" "txdf769efe13b74784ad6e3-00692ea6a5" "proxy-server 20" 0.0170 "-" 21 0
Dec 2 08:43:17 standalone proxy-server[130163]: 172.18.0.2 172.18.0.100 02/Dec/2025/08/43/17 PUT /v1/AUTH_003a15e2106b44068d34fb3ca1bdce19/gnocchi.71112b57-0240-43b1-9c10-ec8354ff0856 HTTP/1.0 201 - python-swiftclient-3.11.1 gAAAAABpLqX2o5ht... - - - txdf769efe13b74784ad6e3-00692ea6a5 - 0.0220 - - 1764664997.148244381 1764664997.170213938 0
Dec 2 08:43:17 standalone container-server[127911]: 172.20.0.100 - - [02/Dec/2025:08:43:17 +0000] "HEAD /d1/10/AUTH_003a15e2106b44068d34fb3ca1bdce19/gnocchi.71112b57-0240-43b1-9c10-ec8354ff0856" 204 - "HEAD http://172.18.0.2:8080/v1/AUTH_003a15e2106b44068d34fb3ca1bdce19/gnocchi.71112b57-0240-43b1-9c10-ec8354ff0856?format=json&states=listing" "tx92fae1bb261544f0a6eee-00692ea6a5" "proxy-server 20" 0.0023 "-" 23 0
Dec 2 08:43:17 standalone proxy-server[130163]: - - 02/Dec/2025/08/43/17 HEAD /v1/AUTH_003a15e2106b44068d34fb3ca1bdce19/gnocchi.71112b57-0240-43b1-9c10-ec8354ff0856%3Fformat%3Djson%26states%3Dlisting HTTP/1.0 204 - Swift - - - - tx92fae1bb261544f0a6eee-00692ea6a5 - 0.0067 RL - 1764664997.175939322 1764664997.182639122 0
Dec 2 08:43:17 standalone container-server[127893]: 172.20.0.100 - - [02/Dec/2025:08:43:17 +0000] "GET /d1/10/AUTH_003a15e2106b44068d34fb3ca1bdce19/gnocchi.71112b57-0240-43b1-9c10-ec8354ff0856" 200 2 "GET http://172.18.0.2:8080/v1/AUTH_003a15e2106b44068d34fb3ca1bdce19/gnocchi.71112b57-0240-43b1-9c10-ec8354ff0856?format=json&states=listing" "tx92fae1bb261544f0a6eee-00692ea6a5" "proxy-server 20" 0.0032 "-" 21 0
Dec 2 08:43:17 standalone proxy-server[130163]: 172.18.0.2 172.18.0.100 02/Dec/2025/08/43/17 GET /v1/AUTH_003a15e2106b44068d34fb3ca1bdce19/gnocchi.71112b57-0240-43b1-9c10-ec8354ff0856%3Fformat%3Djson%26states%3Dlisting HTTP/1.0 200 - python-swiftclient-3.11.1 gAAAAABpLqX2o5ht... - 2 - tx92fae1bb261544f0a6eee-00692ea6a5 - 0.0180 - - 1764664997.174721241 1764664997.192696810 0
Dec 2 08:43:17 standalone object-server[128207]: 172.20.0.100 - - [02/Dec/2025:08:43:17 +0000] "GET /d1/438/AUTH_003a15e2106b44068d34fb3ca1bdce19/gnocchi.71112b57-0240-43b1-9c10-ec8354ff0856/1763640000.0_mean_300.0_v3" 404 70 "GET http://172.18.0.2:8080/v1/AUTH_003a15e2106b44068d34fb3ca1bdce19/gnocchi.71112b57-0240-43b1-9c10-ec8354ff0856/1763640000.0_mean_300.0_v3" "tx047b962c43bf4defa9cdb-00692ea6a5" "proxy-server 20" 0.0005 "-" 23 0
Dec 2 08:43:17 standalone proxy-server[130163]: 172.18.0.2 172.18.0.100 02/Dec/2025/08/43/17 GET /v1/AUTH_003a15e2106b44068d34fb3ca1bdce19/gnocchi.71112b57-0240-43b1-9c10-ec8354ff0856/1763640000.0_mean_300.0_v3 HTTP/1.0 404 - python-swiftclient-3.11.1 gAAAAABpLqX2o5ht... - 70 - tx047b962c43bf4defa9cdb-00692ea6a5 - 0.0060 - - 1764664997.196862459 1764664997.202822685 0
Dec 2 08:43:17 standalone container-server[127911]: 172.20.0.100 - - [02/Dec/2025:08:43:17 +0000] "PUT /d1/10/AUTH_003a15e2106b44068d34fb3ca1bdce19/gnocchi.71112b57-0240-43b1-9c10-ec8354ff0856/1763640000.0_mean_300.0_v3" 201 - "PUT http://172.18.0.2:8080/d1/438/AUTH_003a15e2106b44068d34fb3ca1bdce19/gnocchi.71112b57-0240-43b1-9c10-ec8354ff0856/1763640000.0_mean_300.0_v3" "tx55ce1db5313246c88205f-00692ea6a5" "object-server 22" 0.0010 "-" 23 0
Dec 2 08:43:17 standalone object-server[128205]: 172.20.0.100 - - [02/Dec/2025:08:43:17 +0000] "PUT /d1/438/AUTH_003a15e2106b44068d34fb3ca1bdce19/gnocchi.71112b57-0240-43b1-9c10-ec8354ff0856/1763640000.0_mean_300.0_v3" 201 - "PUT http://172.18.0.2:8080/v1/AUTH_003a15e2106b44068d34fb3ca1bdce19/gnocchi.71112b57-0240-43b1-9c10-ec8354ff0856/1763640000.0_mean_300.0_v3" "tx55ce1db5313246c88205f-00692ea6a5" "proxy-server 20" 0.0109 "-" 22 0
Dec 2 08:43:17 standalone proxy-server[130163]: 172.18.0.2 172.18.0.100 02/Dec/2025/08/43/17 PUT /v1/AUTH_003a15e2106b44068d34fb3ca1bdce19/gnocchi.71112b57-0240-43b1-9c10-ec8354ff0856/1763640000.0_mean_300.0_v3 HTTP/1.0 201 - python-swiftclient-3.11.1 gAAAAABpLqX2o5ht... 16 - - tx55ce1db5313246c88205f-00692ea6a5 - 0.0191 - - 1764664997.206164122 1764664997.225302219 0
Dec 2 08:43:17 standalone container-server[127911]: 172.20.0.100 - - [02/Dec/2025:08:43:17 +0000] "PUT /d1/10/AUTH_003a15e2106b44068d34fb3ca1bdce19/gnocchi.71112b57-0240-43b1-9c10-ec8354ff0856/none_v3" 201 - "PUT http://172.18.0.2:8080/d1/415/AUTH_003a15e2106b44068d34fb3ca1bdce19/gnocchi.71112b57-0240-43b1-9c10-ec8354ff0856/none_v3" "tx18c1d86458b3424cbdd68-00692ea6a5" "object-server 22" 0.0008 "-" 23 0
Dec 2 08:43:17 standalone object-server[128205]: 172.20.0.100 - - [02/Dec/2025:08:43:17 +0000] "PUT /d1/415/AUTH_003a15e2106b44068d34fb3ca1bdce19/gnocchi.71112b57-0240-43b1-9c10-ec8354ff0856/none_v3" 201 - "PUT http://172.18.0.2:8080/v1/AUTH_003a15e2106b44068d34fb3ca1bdce19/gnocchi.71112b57-0240-43b1-9c10-ec8354ff0856/none_v3" "tx18c1d86458b3424cbdd68-00692ea6a5" "proxy-server 20" 0.0106 "-" 22 0
Dec 2 08:43:17 standalone proxy-server[130163]: 172.18.0.2 172.18.0.100 02/Dec/2025/08/43/17 PUT /v1/AUTH_003a15e2106b44068d34fb3ca1bdce19/gnocchi.71112b57-0240-43b1-9c10-ec8354ff0856/none_v3 HTTP/1.0 201 - python-swiftclient-3.11.1 gAAAAABpLqX2o5ht... 22 - - tx18c1d86458b3424cbdd68-00692ea6a5 - 0.0165 - - 1764664997.228845119 1764664997.245362282 0
Dec 2 08:43:17 standalone container-server[127879]: 172.20.0.100 - - [02/Dec/2025:08:43:17 +0000] "HEAD /d1/257/AUTH_003a15e2106b44068d34fb3ca1bdce19/gnocchi.d4b6cc8b-0f07-4765-ae6e-cd66b407ac57" 404 - "HEAD http://172.18.0.2:8080/v1/AUTH_003a15e2106b44068d34fb3ca1bdce19/gnocchi.d4b6cc8b-0f07-4765-ae6e-cd66b407ac57?format=json&states=listing" "tx210cc69bc6ee482b9b1dd-00692ea6a5" "proxy-server 20" 0.0004 "-" 19 0
Dec 2 08:43:17 standalone object-server[128216]: 172.20.0.100 - - [02/Dec/2025:08:43:17 +0000] "GET /d1/470/AUTH_003a15e2106b44068d34fb3ca1bdce19/gnocchi.d4b6cc8b-0f07-4765-ae6e-cd66b407ac57/none_v3" 404 70 "GET http://172.18.0.2:8080/v1/AUTH_003a15e2106b44068d34fb3ca1bdce19/gnocchi.d4b6cc8b-0f07-4765-ae6e-cd66b407ac57/none_v3" "tx210cc69bc6ee482b9b1dd-00692ea6a5" "proxy-server 20" 0.0003 "-" 24 0
Dec 2 08:43:17 standalone proxy-server[130163]: 172.18.0.2 172.18.0.100 02/Dec/2025/08/43/17 GET /v1/AUTH_003a15e2106b44068d34fb3ca1bdce19/gnocchi.d4b6cc8b-0f07-4765-ae6e-cd66b407ac57/none_v3 HTTP/1.0 404 - python-swiftclient-3.11.1 gAAAAABpLqX2o5ht... - 70 - tx210cc69bc6ee482b9b1dd-00692ea6a5 - 0.0252 - - 1764664997.255249977 1764664997.280437469 0
Dec 2 08:43:17 standalone account-server[128051]: 172.20.0.100 - - [02/Dec/2025:08:43:17 +0000] "PUT /d1/710/AUTH_003a15e2106b44068d34fb3ca1bdce19/gnocchi.d4b6cc8b-0f07-4765-ae6e-cd66b407ac57" 201 - "PUT http://172.20.0.100:6001/d1/257/AUTH_003a15e2106b44068d34fb3ca1bdce19/gnocchi.d4b6cc8b-0f07-4765-ae6e-cd66b407ac57" "tx4c0ccd6c061746f3a489b-00692ea6a5" "container-server 23" 0.0044 "-" 22 0
Dec 2 08:43:17 standalone container-server[127911]: 172.20.0.100 - - [02/Dec/2025:08:43:17 +0000] "PUT /d1/257/AUTH_003a15e2106b44068d34fb3ca1bdce19/gnocchi.d4b6cc8b-0f07-4765-ae6e-cd66b407ac57" 201 - "PUT http://172.18.0.2:8080/v1/AUTH_003a15e2106b44068d34fb3ca1bdce19/gnocchi.d4b6cc8b-0f07-4765-ae6e-cd66b407ac57" "tx4c0ccd6c061746f3a489b-00692ea6a5" "proxy-server 20" 0.0146 "-" 23 0
Dec 2 08:43:17 standalone proxy-server[130163]: 172.18.0.2 172.18.0.100 02/Dec/2025/08/43/17 PUT /v1/AUTH_003a15e2106b44068d34fb3ca1bdce19/gnocchi.d4b6cc8b-0f07-4765-ae6e-cd66b407ac57 HTTP/1.0 201 - python-swiftclient-3.11.1 gAAAAABpLqX2o5ht... - - - tx4c0ccd6c061746f3a489b-00692ea6a5 - 0.0222 - - 1764664997.284681797 1764664997.306906939 0
Dec 2 08:43:17 standalone container-server[127911]: 172.20.0.100 - - [02/Dec/2025:08:43:17 +0000] "HEAD /d1/257/AUTH_003a15e2106b44068d34fb3ca1bdce19/gnocchi.d4b6cc8b-0f07-4765-ae6e-cd66b407ac57" 204 - "HEAD http://172.18.0.2:8080/v1/AUTH_003a15e2106b44068d34fb3ca1bdce19/gnocchi.d4b6cc8b-0f07-4765-ae6e-cd66b407ac57?format=json&states=listing" "txb6d4f3df4c8f47479f606-00692ea6a5" "proxy-server 20" 0.0013 "-" 23 0
Dec 2 08:43:17 standalone proxy-server[130163]: - - 02/Dec/2025/08/43/17 HEAD /v1/AUTH_003a15e2106b44068d34fb3ca1bdce19/gnocchi.d4b6cc8b-0f07-4765-ae6e-cd66b407ac57%3Fformat%3Djson%26states%3Dlisting HTTP/1.0 204 - Swift - - - - txb6d4f3df4c8f47479f606-00692ea6a5 - 0.0053 RL - 1764664997.313363314 1764664997.318652630 0
Dec 2 08:43:17 standalone container-server[127907]: 172.20.0.100 - - [02/Dec/2025:08:43:17 +0000] "GET /d1/257/AUTH_003a15e2106b44068d34fb3ca1bdce19/gnocchi.d4b6cc8b-0f07-4765-ae6e-cd66b407ac57" 200 2 "GET http://172.18.0.2:8080/v1/AUTH_003a15e2106b44068d34fb3ca1bdce19/gnocchi.d4b6cc8b-0f07-4765-ae6e-cd66b407ac57?format=json&states=listing" "txb6d4f3df4c8f47479f606-00692ea6a5" "proxy-server 20" 0.0022 "-" 22 0
Dec 2 08:43:17 standalone proxy-server[130163]: 172.18.0.2 172.18.0.100 02/Dec/2025/08/43/17 GET /v1/AUTH_003a15e2106b44068d34fb3ca1bdce19/gnocchi.d4b6cc8b-0f07-4765-ae6e-cd66b407ac57%3Fformat%3Djson%26states%3Dlisting HTTP/1.0 200 - python-swiftclient-3.11.1 gAAAAABpLqX2o5ht... - 2 - txb6d4f3df4c8f47479f606-00692ea6a5 - 0.0169 - - 1764664997.311799526 1764664997.328721523 0
Dec 2 08:43:17 standalone object-server[128207]: 172.20.0.100 - - [02/Dec/2025:08:43:17 +0000] "GET /d1/144/AUTH_003a15e2106b44068d34fb3ca1bdce19/gnocchi.d4b6cc8b-0f07-4765-ae6e-cd66b407ac57/1763640000.0_mean_300.0_v3" 404 70 "GET http://172.18.0.2:8080/v1/AUTH_003a15e2106b44068d34fb3ca1bdce19/gnocchi.d4b6cc8b-0f07-4765-ae6e-cd66b407ac57/1763640000.0_mean_300.0_v3" "txc2a5eb6e20f94e75a17e9-00692ea6a5" "proxy-server 20" 0.0004 "-" 23 0
Dec 2 08:43:17 standalone proxy-server[130163]: 172.18.0.2 172.18.0.100 02/Dec/2025/08/43/17 GET /v1/AUTH_003a15e2106b44068d34fb3ca1bdce19/gnocchi.d4b6cc8b-0f07-4765-ae6e-cd66b407ac57/1763640000.0_mean_300.0_v3 HTTP/1.0 404 - python-swiftclient-3.11.1 gAAAAABpLqX2o5ht... - 70 - txc2a5eb6e20f94e75a17e9-00692ea6a5 - 0.0059 - - 1764664997.380851507 1764664997.386763334 0
Dec 2 08:43:17 standalone container-server[127879]: 172.20.0.100 - - [02/Dec/2025:08:43:17 +0000] "PUT /d1/257/AUTH_003a15e2106b44068d34fb3ca1bdce19/gnocchi.d4b6cc8b-0f07-4765-ae6e-cd66b407ac57/1763640000.0_mean_300.0_v3" 201 - "PUT http://172.18.0.2:8080/d1/144/AUTH_003a15e2106b44068d34fb3ca1bdce19/gnocchi.d4b6cc8b-0f07-4765-ae6e-cd66b407ac57/1763640000.0_mean_300.0_v3" "txfaaaffdf7ebc4e40a717a-00692ea6a5" "object-server 23" 0.0008 "-" 19 0
Dec 2 08:43:17 standalone object-server[128207]: 172.20.0.100 - - [02/Dec/2025:08:43:17 +0000] "PUT /d1/144/AUTH_003a15e2106b44068d34fb3ca1bdce19/gnocchi.d4b6cc8b-0f07-4765-ae6e-cd66b407ac57/1763640000.0_mean_300.0_v3" 201 - "PUT http://172.18.0.2:8080/v1/AUTH_003a15e2106b44068d34fb3ca1bdce19/gnocchi.d4b6cc8b-0f07-4765-ae6e-cd66b407ac57/1763640000.0_mean_300.0_v3" "txfaaaffdf7ebc4e40a717a-00692ea6a5" "proxy-server 20" 0.0088 "-" 23 0
Dec 2 08:43:17 standalone proxy-server[130163]: 172.18.0.2 172.18.0.100 02/Dec/2025/08/43/17 PUT /v1/AUTH_003a15e2106b44068d34fb3ca1bdce19/gnocchi.d4b6cc8b-0f07-4765-ae6e-cd66b407ac57/1763640000.0_mean_300.0_v3 HTTP/1.0 201 - python-swiftclient-3.11.1 gAAAAABpLqX2o5ht... 16 - - txfaaaffdf7ebc4e40a717a-00692ea6a5 - 0.0144 - - 1764664997.390420914 1764664997.404801130 0
Dec 2 08:43:17 standalone container-server[127907]: 172.20.0.100 - - [02/Dec/2025:08:43:17 +0000] "PUT /d1/257/AUTH_003a15e2106b44068d34fb3ca1bdce19/gnocchi.d4b6cc8b-0f07-4765-ae6e-cd66b407ac57/none_v3" 201 - "PUT http://172.18.0.2:8080/d1/470/AUTH_003a15e2106b44068d34fb3ca1bdce19/gnocchi.d4b6cc8b-0f07-4765-ae6e-cd66b407ac57/none_v3" "tx8880fd8a5f2a44acb9c68-00692ea6a5" "object-server 24" 0.0006 "-" 22 0
Dec 2 08:43:17 standalone object-server[128216]: 172.20.0.100 - - [02/Dec/2025:08:43:17 +0000] "PUT /d1/470/AUTH_003a15e2106b44068d34fb3ca1bdce19/gnocchi.d4b6cc8b-0f07-4765-ae6e-cd66b407ac57/none_v3" 201 - "PUT http://172.18.0.2:8080/v1/AUTH_003a15e2106b44068d34fb3ca1bdce19/gnocchi.d4b6cc8b-0f07-4765-ae6e-cd66b407ac57/none_v3" "tx8880fd8a5f2a44acb9c68-00692ea6a5" "proxy-server 20" 0.0092 "-" 24 0
Dec 2 08:43:17 standalone proxy-server[130163]: 172.18.0.2 172.18.0.100 02/Dec/2025/08/43/17 PUT /v1/AUTH_003a15e2106b44068d34fb3ca1bdce19/gnocchi.d4b6cc8b-0f07-4765-ae6e-cd66b407ac57/none_v3 HTTP/1.0 201 - python-swiftclient-3.11.1 gAAAAABpLqX2o5ht... 22 - - tx8880fd8a5f2a44acb9c68-00692ea6a5 - 0.0145 - - 1764664997.407812357 1764664997.422286987 0
Dec 2 08:43:17 standalone container-server[127907]: 172.20.0.100 - - [02/Dec/2025:08:43:17 +0000] "HEAD /d1/651/AUTH_003a15e2106b44068d34fb3ca1bdce19/gnocchi.0851c91d-d061-45c5-be69-f0319915c0d8" 404 - "HEAD http://172.18.0.2:8080/v1/AUTH_003a15e2106b44068d34fb3ca1bdce19/gnocchi.0851c91d-d061-45c5-be69-f0319915c0d8?format=json&states=listing" "tx24df299f03ec4406846f0-00692ea6a5" "proxy-server 20" 0.0005 "-" 22 0
Dec 2 08:43:17 standalone object-server[128216]: 172.20.0.100 - - [02/Dec/2025:08:43:17 +0000] "GET /d1/72/AUTH_003a15e2106b44068d34fb3ca1bdce19/gnocchi.0851c91d-d061-45c5-be69-f0319915c0d8/none_v3" 404 70 "GET http://172.18.0.2:8080/v1/AUTH_003a15e2106b44068d34fb3ca1bdce19/gnocchi.0851c91d-d061-45c5-be69-f0319915c0d8/none_v3" "tx24df299f03ec4406846f0-00692ea6a5" "proxy-server 20" 0.0004 "-" 24 0
Dec 2 08:43:17 standalone proxy-server[130163]: 172.18.0.2 172.18.0.100 02/Dec/2025/08/43/17 GET /v1/AUTH_003a15e2106b44068d34fb3ca1bdce19/gnocchi.0851c91d-d061-45c5-be69-f0319915c0d8/none_v3 HTTP/1.0 404 - python-swiftclient-3.11.1 gAAAAABpLqX2o5ht... - 70 - tx24df299f03ec4406846f0-00692ea6a5 - 0.0104 - - 1764664997.432997465 1764664997.443410635 0
Dec 2 08:43:17 standalone account-server[128062]: 172.20.0.100 - - [02/Dec/2025:08:43:17 +0000] "PUT /d1/710/AUTH_003a15e2106b44068d34fb3ca1bdce19/gnocchi.0851c91d-d061-45c5-be69-f0319915c0d8" 201 - "PUT http://172.20.0.100:6001/d1/651/AUTH_003a15e2106b44068d34fb3ca1bdce19/gnocchi.0851c91d-d061-45c5-be69-f0319915c0d8" "txa22e50d36a2c4d70a2db8-00692ea6a5" "container-server 19" 0.0047 "-" 23 0
Dec 2 08:43:17 standalone container-server[127879]: 172.20.0.100 - - [02/Dec/2025:08:43:17 +0000] "PUT /d1/651/AUTH_003a15e2106b44068d34fb3ca1bdce19/gnocchi.0851c91d-d061-45c5-be69-f0319915c0d8" 201 - "PUT http://172.18.0.2:8080/v1/AUTH_003a15e2106b44068d34fb3ca1bdce19/gnocchi.0851c91d-d061-45c5-be69-f0319915c0d8" "txa22e50d36a2c4d70a2db8-00692ea6a5" "proxy-server 20" 0.0162 "-" 19 0
Dec 2 08:43:17 standalone proxy-server[130163]: 172.18.0.2 172.18.0.100 02/Dec/2025/08/43/17 PUT /v1/AUTH_003a15e2106b44068d34fb3ca1bdce19/gnocchi.0851c91d-d061-45c5-be69-f0319915c0d8 HTTP/1.0 201 - python-swiftclient-3.11.1 gAAAAABpLqX2o5ht... - - - txa22e50d36a2c4d70a2db8-00692ea6a5 - 0.0212 - - 1764664997.446123600 1764664997.467370749 0
Dec 2 08:43:17 standalone container-server[127879]: 172.20.0.100 - - [02/Dec/2025:08:43:17 +0000] "HEAD /d1/651/AUTH_003a15e2106b44068d34fb3ca1bdce19/gnocchi.0851c91d-d061-45c5-be69-f0319915c0d8" 204 - "HEAD http://172.18.0.2:8080/v1/AUTH_003a15e2106b44068d34fb3ca1bdce19/gnocchi.0851c91d-d061-45c5-be69-f0319915c0d8?format=json&states=listing" "tx33fa9e0f33af4814846a4-00692ea6a5" "proxy-server 20" 0.0017 "-" 19 0
Dec 2 08:43:17 standalone proxy-server[130163]: - - 02/Dec/2025/08/43/17 HEAD /v1/AUTH_003a15e2106b44068d34fb3ca1bdce19/gnocchi.0851c91d-d061-45c5-be69-f0319915c0d8%3Fformat%3Djson%26states%3Dlisting HTTP/1.0 204 - Swift - - - - tx33fa9e0f33af4814846a4-00692ea6a5 - 0.0068 RL - 1764664997.475349188 1764664997.482122898 0
Dec 2 08:43:17 standalone container-server[127893]: 172.20.0.100 - - [02/Dec/2025:08:43:17 +0000] "GET /d1/651/AUTH_003a15e2106b44068d34fb3ca1bdce19/gnocchi.0851c91d-d061-45c5-be69-f0319915c0d8" 200 2 "GET http://172.18.0.2:8080/v1/AUTH_003a15e2106b44068d34fb3ca1bdce19/gnocchi.0851c91d-d061-45c5-be69-f0319915c0d8?format=json&states=listing" "tx33fa9e0f33af4814846a4-00692ea6a5" "proxy-server 20" 0.0035 "-" 21 0
Dec 2 08:43:17 standalone proxy-server[130163]: 172.18.0.2 172.18.0.100 02/Dec/2025/08/43/17 GET /v1/AUTH_003a15e2106b44068d34fb3ca1bdce19/gnocchi.0851c91d-d061-45c5-be69-f0319915c0d8%3Fformat%3Djson%26states%3Dlisting HTTP/1.0 200 - python-swiftclient-3.11.1 gAAAAABpLqX2o5ht... - 2 - tx33fa9e0f33af4814846a4-00692ea6a5 - 0.0215 - - 1764664997.473694324 1764664997.495193005 0
Dec 2 08:43:17 standalone object-server[128207]: 172.20.0.100 - - [02/Dec/2025:08:43:17 +0000] "GET /d1/920/AUTH_003a15e2106b44068d34fb3ca1bdce19/gnocchi.0851c91d-d061-45c5-be69-f0319915c0d8/1763640000.0_mean_300.0_v3" 404 70 "GET http://172.18.0.2:8080/v1/AUTH_003a15e2106b44068d34fb3ca1bdce19/gnocchi.0851c91d-d061-45c5-be69-f0319915c0d8/1763640000.0_mean_300.0_v3" "tx8af7b53f0b4f468bb72eb-00692ea6a5" "proxy-server 20" 0.0004 "-" 23 0
Dec 2 08:43:17 standalone proxy-server[130163]: 172.18.0.2 172.18.0.100 02/Dec/2025/08/43/17 GET /v1/AUTH_003a15e2106b44068d34fb3ca1bdce19/gnocchi.0851c91d-d061-45c5-be69-f0319915c0d8/1763640000.0_mean_300.0_v3 HTTP/1.0 404 - python-swiftclient-3.11.1 gAAAAABpLqX2o5ht... - 70 - tx8af7b53f0b4f468bb72eb-00692ea6a5 - 0.0069 - - 1764664997.500823498 1764664997.507727385 0
Dec 2 08:43:17 standalone container-server[127907]: 172.20.0.100 - - [02/Dec/2025:08:43:17 +0000] "PUT /d1/651/AUTH_003a15e2106b44068d34fb3ca1bdce19/gnocchi.0851c91d-d061-45c5-be69-f0319915c0d8/1763640000.0_mean_300.0_v3" 201 - "PUT http://172.18.0.2:8080/d1/920/AUTH_003a15e2106b44068d34fb3ca1bdce19/gnocchi.0851c91d-d061-45c5-be69-f0319915c0d8/1763640000.0_mean_300.0_v3" "tx60852964fc1f4a1c979f4-00692ea6a5" "object-server 23" 0.0006 "-" 22 0
Dec 2 08:43:17 standalone object-server[128207]: 172.20.0.100 - - [02/Dec/2025:08:43:17 +0000] "PUT /d1/920/AUTH_003a15e2106b44068d34fb3ca1bdce19/gnocchi.0851c91d-d061-45c5-be69-f0319915c0d8/1763640000.0_mean_300.0_v3" 201 - "PUT http://172.18.0.2:8080/v1/AUTH_003a15e2106b44068d34fb3ca1bdce19/gnocchi.0851c91d-d061-45c5-be69-f0319915c0d8/1763640000.0_mean_300.0_v3" "tx60852964fc1f4a1c979f4-00692ea6a5" "proxy-server 20" 0.0085 "-" 23 0
Dec 2 08:43:17 standalone proxy-server[130163]: 172.18.0.2 172.18.0.100 02/Dec/2025/08/43/17 PUT /v1/AUTH_003a15e2106b44068d34fb3ca1bdce19/gnocchi.0851c91d-d061-45c5-be69-f0319915c0d8/1763640000.0_mean_300.0_v3 HTTP/1.0 201 - python-swiftclient-3.11.1 gAAAAABpLqX2o5ht... 16 - - tx60852964fc1f4a1c979f4-00692ea6a5 - 0.0144 - - 1764664997.511827230 1764664997.526213646 0
Dec 2 08:43:17 standalone container-server[127893]: 172.20.0.100 - - [02/Dec/2025:08:43:17 +0000] "PUT /d1/651/AUTH_003a15e2106b44068d34fb3ca1bdce19/gnocchi.0851c91d-d061-45c5-be69-f0319915c0d8/none_v3" 201 - "PUT http://172.18.0.2:8080/d1/72/AUTH_003a15e2106b44068d34fb3ca1bdce19/gnocchi.0851c91d-d061-45c5-be69-f0319915c0d8/none_v3" "tx2ceffd6ee1c04ee782444-00692ea6a5" "object-server 22" 0.0009 "-" 21 0
Dec 2 08:43:17 standalone object-server[128205]: 172.20.0.100 - - [02/Dec/2025:08:43:17 +0000] "PUT /d1/72/AUTH_003a15e2106b44068d34fb3ca1bdce19/gnocchi.0851c91d-d061-45c5-be69-f0319915c0d8/none_v3" 201 - "PUT http://172.18.0.2:8080/v1/AUTH_003a15e2106b44068d34fb3ca1bdce19/gnocchi.0851c91d-d061-45c5-be69-f0319915c0d8/none_v3" "tx2ceffd6ee1c04ee782444-00692ea6a5" "proxy-server 20" 0.0092 "-" 22 0
Dec 2 08:43:17 standalone proxy-server[130163]: 172.18.0.2 172.18.0.100 02/Dec/2025/08/43/17 PUT /v1/AUTH_003a15e2106b44068d34fb3ca1bdce19/gnocchi.0851c91d-d061-45c5-be69-f0319915c0d8/none_v3 HTTP/1.0 201 - python-swiftclient-3.11.1 gAAAAABpLqX2o5ht... 22 - - tx2ceffd6ee1c04ee782444-00692ea6a5 - 0.0158 - - 1764664997.530590534 1764664997.546367407 0
Dec 2 08:43:17 standalone container-server[127879]: 172.20.0.100 - - [02/Dec/2025:08:43:17 +0000] "HEAD /d1/412/AUTH_003a15e2106b44068d34fb3ca1bdce19/gnocchi.69de2fe4-ec47-4c40-8e12-37518c0f2161" 404 - "HEAD http://172.18.0.2:8080/v1/AUTH_003a15e2106b44068d34fb3ca1bdce19/gnocchi.69de2fe4-ec47-4c40-8e12-37518c0f2161?format=json&states=listing" "tx544cb6dc86fb492f9c167-00692ea6a5" "proxy-server 20" 0.0004 "-" 19 0
Dec 2 08:43:17 standalone object-server[128219]: 172.20.0.100 - - [02/Dec/2025:08:43:17 +0000] "GET /d1/332/AUTH_003a15e2106b44068d34fb3ca1bdce19/gnocchi.69de2fe4-ec47-4c40-8e12-37518c0f2161/none_v3" 404 70 "GET http://172.18.0.2:8080/v1/AUTH_003a15e2106b44068d34fb3ca1bdce19/gnocchi.69de2fe4-ec47-4c40-8e12-37518c0f2161/none_v3" "tx544cb6dc86fb492f9c167-00692ea6a5" "proxy-server 20" 0.0005 "-" 25 0
Dec 2 08:43:17 standalone proxy-server[130163]: 172.18.0.2 172.18.0.100 02/Dec/2025/08/43/17 GET /v1/AUTH_003a15e2106b44068d34fb3ca1bdce19/gnocchi.69de2fe4-ec47-4c40-8e12-37518c0f2161/none_v3 HTTP/1.0 404 - python-swiftclient-3.11.1 gAAAAABpLqX2o5ht... - 70 - tx544cb6dc86fb492f9c167-00692ea6a5 - 0.0099 - - 1764664997.570158482 1764664997.580065250 0
Dec 2 08:43:17 standalone account-server[128044]: 172.20.0.100 - - [02/Dec/2025:08:43:17 +0000] "PUT /d1/710/AUTH_003a15e2106b44068d34fb3ca1bdce19/gnocchi.69de2fe4-ec47-4c40-8e12-37518c0f2161" 201 - "PUT http://172.20.0.100:6001/d1/412/AUTH_003a15e2106b44068d34fb3ca1bdce19/gnocchi.69de2fe4-ec47-4c40-8e12-37518c0f2161" "txe50a82f8165b40349f409-00692ea6a5" "container-server 19" 0.0056 "-" 20 0
Dec 2 08:43:17 standalone container-server[127879]: 172.20.0.100 - - [02/Dec/2025:08:43:17 +0000] "PUT /d1/412/AUTH_003a15e2106b44068d34fb3ca1bdce19/gnocchi.69de2fe4-ec47-4c40-8e12-37518c0f2161" 201 - "PUT http://172.18.0.2:8080/v1/AUTH_003a15e2106b44068d34fb3ca1bdce19/gnocchi.69de2fe4-ec47-4c40-8e12-37518c0f2161" "txe50a82f8165b40349f409-00692ea6a5" "proxy-server 20" 0.0161 "-" 19 0
Dec 2 08:43:17 standalone proxy-server[130163]: 172.18.0.2 172.18.0.100 02/Dec/2025/08/43/17 PUT /v1/AUTH_003a15e2106b44068d34fb3ca1bdce19/gnocchi.69de2fe4-ec47-4c40-8e12-37518c0f2161 HTTP/1.0 201 - python-swiftclient-3.11.1 gAAAAABpLqX2o5ht... - - - txe50a82f8165b40349f409-00692ea6a5 - 0.0208 - - 1764664997.583456516 1764664997.604249954 0
Dec 2 08:43:17 standalone container-server[127907]: 172.20.0.100 - - [02/Dec/2025:08:43:17 +0000] "HEAD /d1/694/AUTH_003a15e2106b44068d34fb3ca1bdce19/gnocchi.9ba6fafe-19fd-41b5-9e20-827df8c272e1" 404 - "HEAD http://172.18.0.2:8080/v1/AUTH_003a15e2106b44068d34fb3ca1bdce19/gnocchi.9ba6fafe-19fd-41b5-9e20-827df8c272e1?format=json&states=listing" "txb4f623acf1414f90990b3-00692ea6a5" "proxy-server 20" 0.0006 "-" 22 0
Dec 2 08:43:17 standalone object-server[128205]: 172.20.0.100 - - [02/Dec/2025:08:43:17 +0000] "GET /d1/979/AUTH_003a15e2106b44068d34fb3ca1bdce19/gnocchi.9ba6fafe-19fd-41b5-9e20-827df8c272e1/none_v3" 404 70 "GET http://172.18.0.2:8080/v1/AUTH_003a15e2106b44068d34fb3ca1bdce19/gnocchi.9ba6fafe-19fd-41b5-9e20-827df8c272e1/none_v3" "txb4f623acf1414f90990b3-00692ea6a5" "proxy-server 20" 0.0005 "-" 22 0
Dec 2 08:43:17 standalone proxy-server[130163]: 172.18.0.2 172.18.0.100 02/Dec/2025/08/43/17 GET /v1/AUTH_003a15e2106b44068d34fb3ca1bdce19/gnocchi.9ba6fafe-19fd-41b5-9e20-827df8c272e1/none_v3 HTTP/1.0 404 - python-swiftclient-3.11.1 gAAAAABpLqX2o5ht... - 70 - txb4f623acf1414f90990b3-00692ea6a5 - 0.0103 - - 1764664997.607418299 1764664997.617751837 0
Dec 2 08:43:17 standalone account-server[128051]: 172.20.0.100 - - [02/Dec/2025:08:43:17 +0000] "PUT /d1/710/AUTH_003a15e2106b44068d34fb3ca1bdce19/gnocchi.9ba6fafe-19fd-41b5-9e20-827df8c272e1" 201 - "PUT http://172.20.0.100:6001/d1/694/AUTH_003a15e2106b44068d34fb3ca1bdce19/gnocchi.9ba6fafe-19fd-41b5-9e20-827df8c272e1" "txcdf8415ff36a45fba48eb-00692ea6a5" "container-server 21" 0.0054 "-" 22 0
Dec 2 08:43:17 standalone container-server[127893]: 172.20.0.100 - - [02/Dec/2025:08:43:17 +0000] "PUT /d1/694/AUTH_003a15e2106b44068d34fb3ca1bdce19/gnocchi.9ba6fafe-19fd-41b5-9e20-827df8c272e1" 201 - "PUT http://172.18.0.2:8080/v1/AUTH_003a15e2106b44068d34fb3ca1bdce19/gnocchi.9ba6fafe-19fd-41b5-9e20-827df8c272e1" "txcdf8415ff36a45fba48eb-00692ea6a5" "proxy-server 20" 0.0192 "-" 21 0
Dec 2 08:43:17 standalone proxy-server[130163]: 172.18.0.2 172.18.0.100 02/Dec/2025/08/43/17 PUT /v1/AUTH_003a15e2106b44068d34fb3ca1bdce19/gnocchi.9ba6fafe-19fd-41b5-9e20-827df8c272e1 HTTP/1.0 201 - python-swiftclient-3.11.1 gAAAAABpLqX2o5ht... - - - txcdf8415ff36a45fba48eb-00692ea6a5 - 0.0247 - - 1764664997.620073557 1764664997.644806147 0
Dec 2 08:43:17 standalone container-server[127879]: 172.20.0.100 - - [02/Dec/2025:08:43:17 +0000] "HEAD /d1/412/AUTH_003a15e2106b44068d34fb3ca1bdce19/gnocchi.69de2fe4-ec47-4c40-8e12-37518c0f2161" 204 - "HEAD http://172.18.0.2:8080/v1/AUTH_003a15e2106b44068d34fb3ca1bdce19/gnocchi.69de2fe4-ec47-4c40-8e12-37518c0f2161?format=json&states=listing" "tx16025461e2e54ffbaea38-00692ea6a5" "proxy-server 20" 0.0014 "-" 19 0
Dec 2 08:43:17 standalone proxy-server[130163]: - - 02/Dec/2025/08/43/17 HEAD /v1/AUTH_003a15e2106b44068d34fb3ca1bdce19/gnocchi.69de2fe4-ec47-4c40-8e12-37518c0f2161%3Fformat%3Djson%26states%3Dlisting HTTP/1.0 204 - Swift - - - - tx16025461e2e54ffbaea38-00692ea6a5 - 0.0046 RL - 1764664997.648438931 1764664997.653080225 0
Dec 2 08:43:17 standalone container-server[127907]: 172.20.0.100 - - [02/Dec/2025:08:43:17 +0000] "GET /d1/412/AUTH_003a15e2106b44068d34fb3ca1bdce19/gnocchi.69de2fe4-ec47-4c40-8e12-37518c0f2161" 200 2 "GET http://172.18.0.2:8080/v1/AUTH_003a15e2106b44068d34fb3ca1bdce19/gnocchi.69de2fe4-ec47-4c40-8e12-37518c0f2161?format=json&states=listing" "tx16025461e2e54ffbaea38-00692ea6a5" "proxy-server 20" 0.0032 "-" 22 0
Dec 2 08:43:17 standalone proxy-server[130163]: 172.18.0.2 172.18.0.100 02/Dec/2025/08/43/17 GET /v1/AUTH_003a15e2106b44068d34fb3ca1bdce19/gnocchi.69de2fe4-ec47-4c40-8e12-37518c0f2161%3Fformat%3Djson%26states%3Dlisting HTTP/1.0 200 - python-swiftclient-3.11.1 gAAAAABpLqX2o5ht... - 2 - tx16025461e2e54ffbaea38-00692ea6a5 - 0.0146 - - 1764664997.647448540 1764664997.662078381 0
Dec 2 08:43:17 standalone container-server[127893]: 172.20.0.100 - - [02/Dec/2025:08:43:17 +0000] "HEAD /d1/694/AUTH_003a15e2106b44068d34fb3ca1bdce19/gnocchi.9ba6fafe-19fd-41b5-9e20-827df8c272e1" 204 - "HEAD http://172.18.0.2:8080/v1/AUTH_003a15e2106b44068d34fb3ca1bdce19/gnocchi.9ba6fafe-19fd-41b5-9e20-827df8c272e1?format=json&states=listing" "tx737ad09ea00d4efcac1fb-00692ea6a5" "proxy-server 20" 0.0021 "-" 21 0
Dec 2 08:43:17 standalone proxy-server[130163]: - - 02/Dec/2025/08/43/17 HEAD /v1/AUTH_003a15e2106b44068d34fb3ca1bdce19/gnocchi.9ba6fafe-19fd-41b5-9e20-827df8c272e1%3Fformat%3Djson%26states%3Dlisting HTTP/1.0 204 - Swift - - - - tx737ad09ea00d4efcac1fb-00692ea6a5 - 0.0058 RL - 1764664997.665699244 1764664997.671502352 0
Dec 2 08:43:17 standalone container-server[127907]: 172.20.0.100 - - [02/Dec/2025:08:43:17 +0000] "GET /d1/694/AUTH_003a15e2106b44068d34fb3ca1bdce19/gnocchi.9ba6fafe-19fd-41b5-9e20-827df8c272e1" 200 2 "GET http://172.18.0.2:8080/v1/AUTH_003a15e2106b44068d34fb3ca1bdce19/gnocchi.9ba6fafe-19fd-41b5-9e20-827df8c272e1?format=json&states=listing" "tx737ad09ea00d4efcac1fb-00692ea6a5" "proxy-server 20" 0.0031 "-" 22 0
Dec 2 08:43:17 standalone proxy-server[130163]: 172.18.0.2 172.18.0.100 02/Dec/2025/08/43/17 GET /v1/AUTH_003a15e2106b44068d34fb3ca1bdce19/gnocchi.9ba6fafe-19fd-41b5-9e20-827df8c272e1%3Fformat%3Djson%26states%3Dlisting HTTP/1.0 200 - python-swiftclient-3.11.1 gAAAAABpLqX2o5ht... - 2 - tx737ad09ea00d4efcac1fb-00692ea6a5 - 0.0159 - - 1764664997.664716959 1764664997.680599689 0
Dec 2 08:43:17 standalone object-server[128207]: 172.20.0.100 - - [02/Dec/2025:08:43:17 +0000] "GET /d1/341/AUTH_003a15e2106b44068d34fb3ca1bdce19/gnocchi.69de2fe4-ec47-4c40-8e12-37518c0f2161/1763640000.0_mean_300.0_v3" 404 70 "GET http://172.18.0.2:8080/v1/AUTH_003a15e2106b44068d34fb3ca1bdce19/gnocchi.69de2fe4-ec47-4c40-8e12-37518c0f2161/1763640000.0_mean_300.0_v3" "txb48183d300b74bb3bddb6-00692ea6a5" "proxy-server 20" 0.0005 "-" 23 0
Dec 2 08:43:17 standalone proxy-server[130163]: 172.18.0.2 172.18.0.100 02/Dec/2025/08/43/17 GET /v1/AUTH_003a15e2106b44068d34fb3ca1bdce19/gnocchi.69de2fe4-ec47-4c40-8e12-37518c0f2161/1763640000.0_mean_300.0_v3 HTTP/1.0 404 - python-swiftclient-3.11.1 gAAAAABpLqX2o5ht... - 70 - txb48183d300b74bb3bddb6-00692ea6a5 - 0.0055 - - 1764664997.682962418 1764664997.688499451 0
Dec 2 08:43:17 standalone object-server[128207]: 172.20.0.100 - - [02/Dec/2025:08:43:17 +0000] "GET /d1/386/AUTH_003a15e2106b44068d34fb3ca1bdce19/gnocchi.9ba6fafe-19fd-41b5-9e20-827df8c272e1/1763640000.0_mean_300.0_v3" 404 70 "GET http://172.18.0.2:8080/v1/AUTH_003a15e2106b44068d34fb3ca1bdce19/gnocchi.9ba6fafe-19fd-41b5-9e20-827df8c272e1/1763640000.0_mean_300.0_v3" "tx96330a9204db46e697908-00692ea6a5" "proxy-server 20" 0.0004 "-" 23 0
Dec 2 08:43:17 standalone proxy-server[130163]: 172.18.0.2 172.18.0.100 02/Dec/2025/08/43/17 GET /v1/AUTH_003a15e2106b44068d34fb3ca1bdce19/gnocchi.9ba6fafe-19fd-41b5-9e20-827df8c272e1/1763640000.0_mean_300.0_v3 HTTP/1.0 404 - python-swiftclient-3.11.1 gAAAAABpLqX2o5ht... - 70 - tx96330a9204db46e697908-00692ea6a5 - 0.0051 - - 1764664997.691342592 1764664997.696467876 0
Dec 2 08:43:17 standalone container-server[127911]: 172.20.0.100 - - [02/Dec/2025:08:43:17 +0000] "PUT /d1/412/AUTH_003a15e2106b44068d34fb3ca1bdce19/gnocchi.69de2fe4-ec47-4c40-8e12-37518c0f2161/1763640000.0_mean_300.0_v3" 201 - "PUT http://172.18.0.2:8080/d1/341/AUTH_003a15e2106b44068d34fb3ca1bdce19/gnocchi.69de2fe4-ec47-4c40-8e12-37518c0f2161/1763640000.0_mean_300.0_v3" "txaa022b5c31654fb6b8969-00692ea6a5" "object-server 22" 0.0008 "-" 23 0
Dec 2 08:43:17 standalone object-server[128205]: 172.20.0.100 - - [02/Dec/2025:08:43:17 +0000] "PUT /d1/341/AUTH_003a15e2106b44068d34fb3ca1bdce19/gnocchi.69de2fe4-ec47-4c40-8e12-37518c0f2161/1763640000.0_mean_300.0_v3" 201 - "PUT http://172.18.0.2:8080/v1/AUTH_003a15e2106b44068d34fb3ca1bdce19/gnocchi.69de2fe4-ec47-4c40-8e12-37518c0f2161/1763640000.0_mean_300.0_v3" "txaa022b5c31654fb6b8969-00692ea6a5" "proxy-server 20" 0.0105 "-" 22 0
Dec 2 08:43:17 standalone proxy-server[130163]: 172.18.0.2 172.18.0.100 02/Dec/2025/08/43/17 PUT /v1/AUTH_003a15e2106b44068d34fb3ca1bdce19/gnocchi.69de2fe4-ec47-4c40-8e12-37518c0f2161/1763640000.0_mean_300.0_v3 HTTP/1.0 201 - python-swiftclient-3.11.1 gAAAAABpLqX2o5ht... 16 - - txaa022b5c31654fb6b8969-00692ea6a5 - 0.0159 - - 1764664997.698599577 1764664997.714515448 0
Dec 2 08:43:17 standalone container-server[127893]: 172.20.0.100 - - [02/Dec/2025:08:43:17 +0000] "PUT /d1/694/AUTH_003a15e2106b44068d34fb3ca1bdce19/gnocchi.9ba6fafe-19fd-41b5-9e20-827df8c272e1/1763640000.0_mean_300.0_v3" 201 - "PUT http://172.18.0.2:8080/d1/386/AUTH_003a15e2106b44068d34fb3ca1bdce19/gnocchi.9ba6fafe-19fd-41b5-9e20-827df8c272e1/1763640000.0_mean_300.0_v3" "tx32c089d1a38a45c98894b-00692ea6a5" "object-server 22" 0.0008 "-" 21 0
Dec 2 08:43:17 standalone object-server[128205]: 172.20.0.100 - - [02/Dec/2025:08:43:17 +0000] "PUT /d1/386/AUTH_003a15e2106b44068d34fb3ca1bdce19/gnocchi.9ba6fafe-19fd-41b5-9e20-827df8c272e1/1763640000.0_mean_300.0_v3" 201 - "PUT http://172.18.0.2:8080/v1/AUTH_003a15e2106b44068d34fb3ca1bdce19/gnocchi.9ba6fafe-19fd-41b5-9e20-827df8c272e1/1763640000.0_mean_300.0_v3" "tx32c089d1a38a45c98894b-00692ea6a5" "proxy-server 20" 0.0103 "-" 22 0
Dec 2 08:43:17 standalone proxy-server[130163]: 172.18.0.2 172.18.0.100 02/Dec/2025/08/43/17 PUT /v1/AUTH_003a15e2106b44068d34fb3ca1bdce19/gnocchi.9ba6fafe-19fd-41b5-9e20-827df8c272e1/1763640000.0_mean_300.0_v3 HTTP/1.0 201 - python-swiftclient-3.11.1 gAAAAABpLqX2o5ht... 16 - - tx32c089d1a38a45c98894b-00692ea6a5 - 0.0152 - - 1764664997.716557980 1764664997.731732845 0
