Dec 2 08:41:30 standalone proxy-server[130163]: 172.18.0.2 172.18.0.100 02/Dec/2025/08/41/30 PUT /v1/AUTH_003a15e2106b44068d34fb3ca1bdce19/gnocchi.fb8f4219-89f5-443c-b74d-6483607d8f36/1763640000.0_mean_300.0_v3 HTTP/1.0 201 - python-swiftclient-3.11.1 gAAAAABpLqX2o5ht... 16 - - tx1c1490e9425a437db4937-00692ea63a - 0.0416 - - 1764664890.213489294 1764664890.255062342 0
Dec 2 08:41:30 standalone container-server[127911]: 172.20.0.100 - - [02/Dec/2025:08:41:30 +0000] "PUT /d1/372/AUTH_003a15e2106b44068d34fb3ca1bdce19/gnocchi.fb8f4219-89f5-443c-b74d-6483607d8f36/none_v3" 201 - "PUT http://172.18.0.2:8080/d1/850/AUTH_003a15e2106b44068d34fb3ca1bdce19/gnocchi.fb8f4219-89f5-443c-b74d-6483607d8f36/none_v3" "tx6313043291a1475ea7cf0-00692ea63a" "object-server 25" 0.0006 "-" 23 0
Dec 2 08:41:30 standalone object-server[128219]: 172.20.0.100 - - [02/Dec/2025:08:41:30 +0000] "PUT /d1/850/AUTH_003a15e2106b44068d34fb3ca1bdce19/gnocchi.fb8f4219-89f5-443c-b74d-6483607d8f36/none_v3" 201 - "PUT http://172.18.0.2:8080/v1/AUTH_003a15e2106b44068d34fb3ca1bdce19/gnocchi.fb8f4219-89f5-443c-b74d-6483607d8f36/none_v3" "tx6313043291a1475ea7cf0-00692ea63a" "proxy-server 20" 0.0093 "-" 25 0
Dec 2 08:41:30 standalone proxy-server[130163]: 172.18.0.2 172.18.0.100 02/Dec/2025/08/41/30 PUT /v1/AUTH_003a15e2106b44068d34fb3ca1bdce19/gnocchi.fb8f4219-89f5-443c-b74d-6483607d8f36/none_v3 HTTP/1.0 201 - python-swiftclient-3.11.1 gAAAAABpLqX2o5ht... 22 - - tx6313043291a1475ea7cf0-00692ea63a - 0.0159 - - 1764664890.257900953 1764664890.273839474 0
Dec 2 08:41:30 standalone container-server[127907]: 172.20.0.100 - - [02/Dec/2025:08:41:30 +0000] "HEAD /d1/276/AUTH_003a15e2106b44068d34fb3ca1bdce19/gnocchi.f90cc4e0-e20b-407e-8cb1-f372d7e48983" 404 - "HEAD http://172.18.0.2:8080/v1/AUTH_003a15e2106b44068d34fb3ca1bdce19/gnocchi.f90cc4e0-e20b-407e-8cb1-f372d7e48983?format=json&states=listing" "txaaa74776b9f7449798d7a-00692ea63a" "proxy-server 20" 0.0004 "-" 22 0
Dec 2 08:41:30 standalone object-server[128216]: 172.20.0.100 - - [02/Dec/2025:08:41:30 +0000] "GET /d1/409/AUTH_003a15e2106b44068d34fb3ca1bdce19/gnocchi.f90cc4e0-e20b-407e-8cb1-f372d7e48983/none_v3" 404 70 "GET http://172.18.0.2:8080/v1/AUTH_003a15e2106b44068d34fb3ca1bdce19/gnocchi.f90cc4e0-e20b-407e-8cb1-f372d7e48983/none_v3" "txaaa74776b9f7449798d7a-00692ea63a" "proxy-server 20" 0.0004 "-" 24 0
Dec 2 08:41:30 standalone proxy-server[130163]: 172.18.0.2 172.18.0.100 02/Dec/2025/08/41/30 GET /v1/AUTH_003a15e2106b44068d34fb3ca1bdce19/gnocchi.f90cc4e0-e20b-407e-8cb1-f372d7e48983/none_v3 HTTP/1.0 404 - python-swiftclient-3.11.1 gAAAAABpLqX2o5ht... - 70 - txaaa74776b9f7449798d7a-00692ea63a - 0.0118 - - 1764664890.285902500 1764664890.297706604 0
Dec 2 08:41:30 standalone account-server[128051]: 172.20.0.100 - - [02/Dec/2025:08:41:30 +0000] "PUT /d1/710/AUTH_003a15e2106b44068d34fb3ca1bdce19/gnocchi.f90cc4e0-e20b-407e-8cb1-f372d7e48983" 201 - "PUT http://172.20.0.100:6001/d1/276/AUTH_003a15e2106b44068d34fb3ca1bdce19/gnocchi.f90cc4e0-e20b-407e-8cb1-f372d7e48983" "tx2fb8dac8714b4b07aea42-00692ea63a" "container-server 22" 0.0081 "-" 22 0
Dec 2 08:41:30 standalone container-server[127907]: 172.20.0.100 - - [02/Dec/2025:08:41:30 +0000] "PUT /d1/276/AUTH_003a15e2106b44068d34fb3ca1bdce19/gnocchi.f90cc4e0-e20b-407e-8cb1-f372d7e48983" 201 - "PUT http://172.18.0.2:8080/v1/AUTH_003a15e2106b44068d34fb3ca1bdce19/gnocchi.f90cc4e0-e20b-407e-8cb1-f372d7e48983" "tx2fb8dac8714b4b07aea42-00692ea63a" "proxy-server 20" 0.0206 "-" 22 0
Dec 2 08:41:30 standalone proxy-server[130163]: 172.18.0.2 172.18.0.100 02/Dec/2025/08/41/30 PUT /v1/AUTH_003a15e2106b44068d34fb3ca1bdce19/gnocchi.f90cc4e0-e20b-407e-8cb1-f372d7e48983 HTTP/1.0 201 - python-swiftclient-3.11.1 gAAAAABpLqX2o5ht... - - - tx2fb8dac8714b4b07aea42-00692ea63a - 0.0329 - - 1764664890.301544428 1764664890.334448814 0
Dec 2 08:41:30 standalone container-server[127911]: 172.20.0.100 - - [02/Dec/2025:08:41:30 +0000] "HEAD /d1/276/AUTH_003a15e2106b44068d34fb3ca1bdce19/gnocchi.f90cc4e0-e20b-407e-8cb1-f372d7e48983" 204 - "HEAD http://172.18.0.2:8080/v1/AUTH_003a15e2106b44068d34fb3ca1bdce19/gnocchi.f90cc4e0-e20b-407e-8cb1-f372d7e48983?format=json&states=listing" "tx2e0ab55d56d84f9eac34c-00692ea63a" "proxy-server 20" 0.0026 "-" 23 0
Dec 2 08:41:30 standalone proxy-server[130163]: - - 02/Dec/2025/08/41/30 HEAD /v1/AUTH_003a15e2106b44068d34fb3ca1bdce19/gnocchi.f90cc4e0-e20b-407e-8cb1-f372d7e48983%3Fformat%3Djson%26states%3Dlisting HTTP/1.0 204 - Swift - - - - tx2e0ab55d56d84f9eac34c-00692ea63a - 0.0415 RL - 1764664890.342199087 1764664890.383743763 0
Dec 2 08:41:30 standalone container-server[127907]: 172.20.0.100 - - [02/Dec/2025:08:41:30 +0000] "GET /d1/276/AUTH_003a15e2106b44068d34fb3ca1bdce19/gnocchi.f90cc4e0-e20b-407e-8cb1-f372d7e48983" 200 2 "GET http://172.18.0.2:8080/v1/AUTH_003a15e2106b44068d34fb3ca1bdce19/gnocchi.f90cc4e0-e20b-407e-8cb1-f372d7e48983?format=json&states=listing" "tx2e0ab55d56d84f9eac34c-00692ea63a" "proxy-server 20" 0.0047 "-" 22 0
Dec 2 08:41:30 standalone proxy-server[130163]: 172.18.0.2 172.18.0.100 02/Dec/2025/08/41/30 GET /v1/AUTH_003a15e2106b44068d34fb3ca1bdce19/gnocchi.f90cc4e0-e20b-407e-8cb1-f372d7e48983%3Fformat%3Djson%26states%3Dlisting HTTP/1.0 200 - python-swiftclient-3.11.1 gAAAAABpLqX2o5ht... - 2 - tx2e0ab55d56d84f9eac34c-00692ea63a - 0.0649 - - 1764664890.340240479 1764664890.405138016 0
Dec 2 08:41:30 standalone object-server[128216]: 172.20.0.100 - - [02/Dec/2025:08:41:30 +0000] "GET /d1/396/AUTH_003a15e2106b44068d34fb3ca1bdce19/gnocchi.f90cc4e0-e20b-407e-8cb1-f372d7e48983/1763640000.0_mean_300.0_v3" 404 70 "GET http://172.18.0.2:8080/v1/AUTH_003a15e2106b44068d34fb3ca1bdce19/gnocchi.f90cc4e0-e20b-407e-8cb1-f372d7e48983/1763640000.0_mean_300.0_v3" "tx4c990cc1a0eb4e35b7664-00692ea63a" "proxy-server 20" 0.0019 "-" 24 0
Dec 2 08:41:30 standalone proxy-server[130163]: 172.18.0.2 172.18.0.100 02/Dec/2025/08/41/30 GET /v1/AUTH_003a15e2106b44068d34fb3ca1bdce19/gnocchi.f90cc4e0-e20b-407e-8cb1-f372d7e48983/1763640000.0_mean_300.0_v3 HTTP/1.0 404 - python-swiftclient-3.11.1 gAAAAABpLqX2o5ht... - 70 - tx4c990cc1a0eb4e35b7664-00692ea63a - 0.0214 - - 1764664890.416472912 1764664890.437921286 0
Dec 2 08:41:30 standalone container-server[127893]: 172.20.0.100 - - [02/Dec/2025:08:41:30 +0000] "PUT /d1/276/AUTH_003a15e2106b44068d34fb3ca1bdce19/gnocchi.f90cc4e0-e20b-407e-8cb1-f372d7e48983/1763640000.0_mean_300.0_v3" 201 - "PUT http://172.18.0.2:8080/d1/396/AUTH_003a15e2106b44068d34fb3ca1bdce19/gnocchi.f90cc4e0-e20b-407e-8cb1-f372d7e48983/1763640000.0_mean_300.0_v3" "tx294122a5d73542a78125c-00692ea63a" "object-server 25" 0.0005 "-" 21 0
Dec 2 08:41:30 standalone object-server[128219]: 172.20.0.100 - - [02/Dec/2025:08:41:30 +0000] "PUT /d1/396/AUTH_003a15e2106b44068d34fb3ca1bdce19/gnocchi.f90cc4e0-e20b-407e-8cb1-f372d7e48983/1763640000.0_mean_300.0_v3" 201 - "PUT http://172.18.0.2:8080/v1/AUTH_003a15e2106b44068d34fb3ca1bdce19/gnocchi.f90cc4e0-e20b-407e-8cb1-f372d7e48983/1763640000.0_mean_300.0_v3" "tx294122a5d73542a78125c-00692ea63a" "proxy-server 20" 0.0135 "-" 25 0
Dec 2 08:41:30 standalone proxy-server[130163]: 172.18.0.2 172.18.0.100 02/Dec/2025/08/41/30 PUT /v1/AUTH_003a15e2106b44068d34fb3ca1bdce19/gnocchi.f90cc4e0-e20b-407e-8cb1-f372d7e48983/1763640000.0_mean_300.0_v3 HTTP/1.0 201 - python-swiftclient-3.11.1 gAAAAABpLqX2o5ht... 16 - - tx294122a5d73542a78125c-00692ea63a - 0.0285 - - 1764664890.448120356 1764664890.476624012 0
Dec 2 08:41:30 standalone container-server[127911]: 172.20.0.100 - - [02/Dec/2025:08:41:30 +0000] "PUT /d1/276/AUTH_003a15e2106b44068d34fb3ca1bdce19/gnocchi.f90cc4e0-e20b-407e-8cb1-f372d7e48983/none_v3" 201 - "PUT http://172.18.0.2:8080/d1/409/AUTH_003a15e2106b44068d34fb3ca1bdce19/gnocchi.f90cc4e0-e20b-407e-8cb1-f372d7e48983/none_v3" "tx53fa91db8f794bc8be33a-00692ea63a" "object-server 24" 0.0013 "-" 23 0
Dec 2 08:41:30 standalone object-server[128216]: 172.20.0.100 - - [02/Dec/2025:08:41:30 +0000] "PUT /d1/409/AUTH_003a15e2106b44068d34fb3ca1bdce19/gnocchi.f90cc4e0-e20b-407e-8cb1-f372d7e48983/none_v3" 201 - "PUT http://172.18.0.2:8080/v1/AUTH_003a15e2106b44068d34fb3ca1bdce19/gnocchi.f90cc4e0-e20b-407e-8cb1-f372d7e48983/none_v3" "tx53fa91db8f794bc8be33a-00692ea63a" "proxy-server 20" 0.0122 "-" 24 0
Dec 2 08:41:30 standalone proxy-server[130163]: 172.18.0.2 172.18.0.100 02/Dec/2025/08/41/30 PUT /v1/AUTH_003a15e2106b44068d34fb3ca1bdce19/gnocchi.f90cc4e0-e20b-407e-8cb1-f372d7e48983/none_v3 HTTP/1.0 201 - python-swiftclient-3.11.1 gAAAAABpLqX2o5ht... 22 - - tx53fa91db8f794bc8be33a-00692ea63a - 0.0174 - - 1764664890.483015060 1764664890.500431538 0
Dec 2 08:41:30 standalone container-server[127879]: 172.20.0.100 - - [02/Dec/2025:08:41:30 +0000] "HEAD /d1/957/AUTH_003a15e2106b44068d34fb3ca1bdce19/gnocchi.724fdc6a-1ca3-4544-9a61-e970d52360a5" 404 - "HEAD http://172.18.0.2:8080/v1/AUTH_003a15e2106b44068d34fb3ca1bdce19/gnocchi.724fdc6a-1ca3-4544-9a61-e970d52360a5?format=json&states=listing" "tx815c2233948149f489928-00692ea63a" "proxy-server 20" 0.0004 "-" 19 0
Dec 2 08:41:30 standalone object-server[128219]: 172.20.0.100 - - [02/Dec/2025:08:41:30 +0000] "GET /d1/54/AUTH_003a15e2106b44068d34fb3ca1bdce19/gnocchi.724fdc6a-1ca3-4544-9a61-e970d52360a5/none_v3" 404 70 "GET http://172.18.0.2:8080/v1/AUTH_003a15e2106b44068d34fb3ca1bdce19/gnocchi.724fdc6a-1ca3-4544-9a61-e970d52360a5/none_v3" "tx815c2233948149f489928-00692ea63a" "proxy-server 20" 0.0011 "-" 25 0
Dec 2 08:41:30 standalone proxy-server[130163]: 172.18.0.2 172.18.0.100 02/Dec/2025/08/41/30 GET /v1/AUTH_003a15e2106b44068d34fb3ca1bdce19/gnocchi.724fdc6a-1ca3-4544-9a61-e970d52360a5/none_v3 HTTP/1.0 404 - python-swiftclient-3.11.1 gAAAAABpLqX2o5ht... - 70 - tx815c2233948149f489928-00692ea63a - 0.0119 - - 1764664890.522833109 1764664890.534703016 0
Dec 2 08:41:30 standalone account-server[128051]: 172.20.0.100 - - [02/Dec/2025:08:41:30 +0000] "PUT /d1/710/AUTH_003a15e2106b44068d34fb3ca1bdce19/gnocchi.724fdc6a-1ca3-4544-9a61-e970d52360a5" 201 - "PUT http://172.20.0.100:6001/d1/957/AUTH_003a15e2106b44068d34fb3ca1bdce19/gnocchi.724fdc6a-1ca3-4544-9a61-e970d52360a5" "tx13361c440d1f4f4481f14-00692ea63a" "container-server 23" 0.0047 "-" 22 0
Dec 2 08:41:30 standalone container-server[127911]: 172.20.0.100 - - [02/Dec/2025:08:41:30 +0000] "PUT /d1/957/AUTH_003a15e2106b44068d34fb3ca1bdce19/gnocchi.724fdc6a-1ca3-4544-9a61-e970d52360a5" 201 - "PUT http://172.18.0.2:8080/v1/AUTH_003a15e2106b44068d34fb3ca1bdce19/gnocchi.724fdc6a-1ca3-4544-9a61-e970d52360a5" "tx13361c440d1f4f4481f14-00692ea63a" "proxy-server 20" 0.0288 "-" 23 0
Dec 2 08:41:30 standalone proxy-server[130163]: 172.18.0.2 172.18.0.100 02/Dec/2025/08/41/30 PUT /v1/AUTH_003a15e2106b44068d34fb3ca1bdce19/gnocchi.724fdc6a-1ca3-4544-9a61-e970d52360a5 HTTP/1.0 201 - python-swiftclient-3.11.1 gAAAAABpLqX2o5ht... - - - tx13361c440d1f4f4481f14-00692ea63a - 0.0361 - - 1764664890.541563034 1764664890.577672958 0
Dec 2 08:41:30 standalone container-server[127879]: 172.20.0.100 - - [02/Dec/2025:08:41:30 +0000] "HEAD /d1/957/AUTH_003a15e2106b44068d34fb3ca1bdce19/gnocchi.724fdc6a-1ca3-4544-9a61-e970d52360a5" 204 - "HEAD http://172.18.0.2:8080/v1/AUTH_003a15e2106b44068d34fb3ca1bdce19/gnocchi.724fdc6a-1ca3-4544-9a61-e970d52360a5?format=json&states=listing" "tx5871e7b79a124943b0635-00692ea63a" "proxy-server 20" 0.0015 "-" 19 0
Dec 2 08:41:30 standalone proxy-server[130163]: - - 02/Dec/2025/08/41/30 HEAD /v1/AUTH_003a15e2106b44068d34fb3ca1bdce19/gnocchi.724fdc6a-1ca3-4544-9a61-e970d52360a5%3Fformat%3Djson%26states%3Dlisting HTTP/1.0 204 - Swift - - - - tx5871e7b79a124943b0635-00692ea63a - 0.0057 RL - 1764664890.585459471 1764664890.591156960 0
Dec 2 08:41:30 standalone container-server[127911]: 172.20.0.100 - - [02/Dec/2025:08:41:30 +0000] "GET /d1/957/AUTH_003a15e2106b44068d34fb3ca1bdce19/gnocchi.724fdc6a-1ca3-4544-9a61-e970d52360a5" 200 2 "GET http://172.18.0.2:8080/v1/AUTH_003a15e2106b44068d34fb3ca1bdce19/gnocchi.724fdc6a-1ca3-4544-9a61-e970d52360a5?format=json&states=listing" "tx5871e7b79a124943b0635-00692ea63a" "proxy-server 20" 0.0041 "-" 23 0
Dec 2 08:41:30 standalone proxy-server[130163]: 172.18.0.2 172.18.0.100 02/Dec/2025/08/41/30 GET /v1/AUTH_003a15e2106b44068d34fb3ca1bdce19/gnocchi.724fdc6a-1ca3-4544-9a61-e970d52360a5%3Fformat%3Djson%26states%3Dlisting HTTP/1.0 200 - python-swiftclient-3.11.1 gAAAAABpLqX2o5ht... - 2 - tx5871e7b79a124943b0635-00692ea63a - 0.0191 - - 1764664890.584132433 1764664890.603275299 0
Dec 2 08:41:30 standalone object-server[128207]: 172.20.0.100 - - [02/Dec/2025:08:41:30 +0000] "GET /d1/566/AUTH_003a15e2106b44068d34fb3ca1bdce19/gnocchi.724fdc6a-1ca3-4544-9a61-e970d52360a5/1763640000.0_mean_300.0_v3" 404 70 "GET http://172.18.0.2:8080/v1/AUTH_003a15e2106b44068d34fb3ca1bdce19/gnocchi.724fdc6a-1ca3-4544-9a61-e970d52360a5/1763640000.0_mean_300.0_v3" "txfed502597f6c4fe88fae1-00692ea63a" "proxy-server 20" 0.0005 "-" 23 0
Dec 2 08:41:30 standalone proxy-server[130163]: 172.18.0.2 172.18.0.100 02/Dec/2025/08/41/30 GET /v1/AUTH_003a15e2106b44068d34fb3ca1bdce19/gnocchi.724fdc6a-1ca3-4544-9a61-e970d52360a5/1763640000.0_mean_300.0_v3 HTTP/1.0 404 - python-swiftclient-3.11.1 gAAAAABpLqX2o5ht... - 70 - txfed502597f6c4fe88fae1-00692ea63a - 0.0075 - - 1764664890.608896494 1764664890.616389275 0
Dec 2 08:41:30 standalone container-server[127879]: 172.20.0.100 - - [02/Dec/2025:08:41:30 +0000] "PUT /d1/957/AUTH_003a15e2106b44068d34fb3ca1bdce19/gnocchi.724fdc6a-1ca3-4544-9a61-e970d52360a5/1763640000.0_mean_300.0_v3" 201 - "PUT http://172.18.0.2:8080/d1/566/AUTH_003a15e2106b44068d34fb3ca1bdce19/gnocchi.724fdc6a-1ca3-4544-9a61-e970d52360a5/1763640000.0_mean_300.0_v3" "tx56e1777704bd465399c24-00692ea63a" "object-server 24" 0.0007 "-" 19 0
Dec 2 08:41:30 standalone object-server[128216]: 172.20.0.100 - - [02/Dec/2025:08:41:30 +0000] "PUT /d1/566/AUTH_003a15e2106b44068d34fb3ca1bdce19/gnocchi.724fdc6a-1ca3-4544-9a61-e970d52360a5/1763640000.0_mean_300.0_v3" 201 - "PUT http://172.18.0.2:8080/v1/AUTH_003a15e2106b44068d34fb3ca1bdce19/gnocchi.724fdc6a-1ca3-4544-9a61-e970d52360a5/1763640000.0_mean_300.0_v3" "tx56e1777704bd465399c24-00692ea63a" "proxy-server 20" 0.0178 "-" 24 0
Dec 2 08:41:30 standalone proxy-server[130163]: 172.18.0.2 172.18.0.100 02/Dec/2025/08/41/30 PUT /v1/AUTH_003a15e2106b44068d34fb3ca1bdce19/gnocchi.724fdc6a-1ca3-4544-9a61-e970d52360a5/1763640000.0_mean_300.0_v3 HTTP/1.0 201 - python-swiftclient-3.11.1 gAAAAABpLqX2o5ht... 16 - - tx56e1777704bd465399c24-00692ea63a - 0.0235 - - 1764664890.624165297 1764664890.647640944 0
Dec 2 08:41:30 standalone container-server[127893]: 172.20.0.100 - - [02/Dec/2025:08:41:30 +0000] "PUT /d1/957/AUTH_003a15e2106b44068d34fb3ca1bdce19/gnocchi.724fdc6a-1ca3-4544-9a61-e970d52360a5/none_v3" 201 - "PUT http://172.18.0.2:8080/d1/54/AUTH_003a15e2106b44068d34fb3ca1bdce19/gnocchi.724fdc6a-1ca3-4544-9a61-e970d52360a5/none_v3" "txec6bdb9ebb654e2baa77c-00692ea63a" "object-server 24" 0.0009 "-" 21 0
Dec 2 08:41:30 standalone object-server[128216]: 172.20.0.100 - - [02/Dec/2025:08:41:30 +0000] "PUT /d1/54/AUTH_003a15e2106b44068d34fb3ca1bdce19/gnocchi.724fdc6a-1ca3-4544-9a61-e970d52360a5/none_v3" 201 - "PUT http://172.18.0.2:8080/v1/AUTH_003a15e2106b44068d34fb3ca1bdce19/gnocchi.724fdc6a-1ca3-4544-9a61-e970d52360a5/none_v3" "txec6bdb9ebb654e2baa77c-00692ea63a" "proxy-server 20" 0.0096 "-" 24 0
Dec 2 08:41:30 standalone proxy-server[130163]: 172.18.0.2 172.18.0.100 02/Dec/2025/08/41/30 PUT /v1/AUTH_003a15e2106b44068d34fb3ca1bdce19/gnocchi.724fdc6a-1ca3-4544-9a61-e970d52360a5/none_v3 HTTP/1.0 201 - python-swiftclient-3.11.1 gAAAAABpLqX2o5ht... 22 - - txec6bdb9ebb654e2baa77c-00692ea63a - 0.0157 - - 1764664890.656025887 1764664890.671757221 0
Dec 2 08:41:30 standalone container-server[127907]: 172.20.0.100 - - [02/Dec/2025:08:41:30 +0000] "HEAD /d1/291/AUTH_003a15e2106b44068d34fb3ca1bdce19/gnocchi.841ee731-33ab-4e7e-8760-4513a61ed564" 404 - "HEAD http://172.18.0.2:8080/v1/AUTH_003a15e2106b44068d34fb3ca1bdce19/gnocchi.841ee731-33ab-4e7e-8760-4513a61ed564?format=json&states=listing" "txcb4c80745ae8400192e13-00692ea63a" "proxy-server 20" 0.0005 "-" 22 0
Dec 2 08:41:30 standalone object-server[128219]: 172.20.0.100 - - [02/Dec/2025:08:41:30 +0000] "GET /d1/262/AUTH_003a15e2106b44068d34fb3ca1bdce19/gnocchi.841ee731-33ab-4e7e-8760-4513a61ed564/none_v3" 404 70 "GET http://172.18.0.2:8080/v1/AUTH_003a15e2106b44068d34fb3ca1bdce19/gnocchi.841ee731-33ab-4e7e-8760-4513a61ed564/none_v3" "txcb4c80745ae8400192e13-00692ea63a" "proxy-server 20" 0.0006 "-" 25 0
Dec 2 08:41:30 standalone proxy-server[130163]: 172.18.0.2 172.18.0.100 02/Dec/2025/08/41/30 GET /v1/AUTH_003a15e2106b44068d34fb3ca1bdce19/gnocchi.841ee731-33ab-4e7e-8760-4513a61ed564/none_v3 HTTP/1.0 404 - python-swiftclient-3.11.1 gAAAAABpLqX2o5ht... - 70 - txcb4c80745ae8400192e13-00692ea63a - 0.0157 - - 1764664890.690830946 1764664890.706554890 0
Dec 2 08:41:30 standalone account-server[128062]: 172.20.0.100 - - [02/Dec/2025:08:41:30 +0000] "PUT /d1/710/AUTH_003a15e2106b44068d34fb3ca1bdce19/gnocchi.841ee731-33ab-4e7e-8760-4513a61ed564" 201 - "PUT http://172.20.0.100:6001/d1/291/AUTH_003a15e2106b44068d34fb3ca1bdce19/gnocchi.841ee731-33ab-4e7e-8760-4513a61ed564" "txfdde0cb6c4f94f558f240-00692ea63a" "container-server 23" 0.0063 "-" 23 0
Dec 2 08:41:30 standalone container-server[127911]: 172.20.0.100 - - [02/Dec/2025:08:41:30 +0000] "PUT /d1/291/AUTH_003a15e2106b44068d34fb3ca1bdce19/gnocchi.841ee731-33ab-4e7e-8760-4513a61ed564" 201 - "PUT http://172.18.0.2:8080/v1/AUTH_003a15e2106b44068d34fb3ca1bdce19/gnocchi.841ee731-33ab-4e7e-8760-4513a61ed564" "txfdde0cb6c4f94f558f240-00692ea63a" "proxy-server 20" 0.0180 "-" 23 0
Dec 2 08:41:30 standalone proxy-server[130163]: 172.18.0.2 172.18.0.100 02/Dec/2025/08/41/30 PUT /v1/AUTH_003a15e2106b44068d34fb3ca1bdce19/gnocchi.841ee731-33ab-4e7e-8760-4513a61ed564 HTTP/1.0 201 - python-swiftclient-3.11.1 gAAAAABpLqX2o5ht... - - - txfdde0cb6c4f94f558f240-00692ea63a - 0.0282 - - 1764664890.711064339 1764664890.739219427 0
Dec 2 08:41:30 standalone container-server[127879]: 172.20.0.100 - - [02/Dec/2025:08:41:30 +0000] "HEAD /d1/291/AUTH_003a15e2106b44068d34fb3ca1bdce19/gnocchi.841ee731-33ab-4e7e-8760-4513a61ed564" 204 - "HEAD http://172.18.0.2:8080/v1/AUTH_003a15e2106b44068d34fb3ca1bdce19/gnocchi.841ee731-33ab-4e7e-8760-4513a61ed564?format=json&states=listing" "tx02a0bb9af8d54b4c93e8b-00692ea63a" "proxy-server 20" 0.0031 "-" 19 0
Dec 2 08:41:30 standalone proxy-server[130163]: - - 02/Dec/2025/08/41/30 HEAD /v1/AUTH_003a15e2106b44068d34fb3ca1bdce19/gnocchi.841ee731-33ab-4e7e-8760-4513a61ed564%3Fformat%3Djson%26states%3Dlisting HTTP/1.0 204 - Swift - - - - tx02a0bb9af8d54b4c93e8b-00692ea63a - 0.0098 RL - 1764664890.748466492 1764664890.758308887 0
Dec 2 08:41:30 standalone container-server[127911]: 172.20.0.100 - - [02/Dec/2025:08:41:30 +0000] "GET /d1/291/AUTH_003a15e2106b44068d34fb3ca1bdce19/gnocchi.841ee731-33ab-4e7e-8760-4513a61ed564" 200 2 "GET http://172.18.0.2:8080/v1/AUTH_003a15e2106b44068d34fb3ca1bdce19/gnocchi.841ee731-33ab-4e7e-8760-4513a61ed564?format=json&states=listing" "tx02a0bb9af8d54b4c93e8b-00692ea63a" "proxy-server 20" 0.0033 "-" 23 0
Dec 2 08:41:30 standalone proxy-server[130163]: 172.18.0.2 172.18.0.100 02/Dec/2025/08/41/30 GET /v1/AUTH_003a15e2106b44068d34fb3ca1bdce19/gnocchi.841ee731-33ab-4e7e-8760-4513a61ed564%3Fformat%3Djson%26states%3Dlisting HTTP/1.0 200 - python-swiftclient-3.11.1 gAAAAABpLqX2o5ht... - 2 - tx02a0bb9af8d54b4c93e8b-00692ea63a - 0.0259 - - 1764664890.746080875 1764664890.772026062 0
Dec 2 08:41:30 standalone object-server[128216]: 172.20.0.100 - - [02/Dec/2025:08:41:30 +0000] "GET /d1/9/AUTH_003a15e2106b44068d34fb3ca1bdce19/gnocchi.841ee731-33ab-4e7e-8760-4513a61ed564/1763640000.0_mean_300.0_v3" 404 70 "GET http://172.18.0.2:8080/v1/AUTH_003a15e2106b44068d34fb3ca1bdce19/gnocchi.841ee731-33ab-4e7e-8760-4513a61ed564/1763640000.0_mean_300.0_v3" "txf9162f3e656248708debb-00692ea63a" "proxy-server 20" 0.0007 "-" 24 0
Dec 2 08:41:30 standalone proxy-server[130163]: 172.18.0.2 172.18.0.100 02/Dec/2025/08/41/30 GET /v1/AUTH_003a15e2106b44068d34fb3ca1bdce19/gnocchi.841ee731-33ab-4e7e-8760-4513a61ed564/1763640000.0_mean_300.0_v3 HTTP/1.0 404 - python-swiftclient-3.11.1 gAAAAABpLqX2o5ht... - 70 - txf9162f3e656248708debb-00692ea63a - 0.0172 - - 1764664890.778565407 1764664890.795721054 0
Dec 2 08:41:30 standalone container-server[127893]: 172.20.0.100 - - [02/Dec/2025:08:41:30 +0000] "PUT /d1/291/AUTH_003a15e2106b44068d34fb3ca1bdce19/gnocchi.841ee731-33ab-4e7e-8760-4513a61ed564/1763640000.0_mean_300.0_v3" 201 - "PUT http://172.18.0.2:8080/d1/9/AUTH_003a15e2106b44068d34fb3ca1bdce19/gnocchi.841ee731-33ab-4e7e-8760-4513a61ed564/1763640000.0_mean_300.0_v3" "txd22a2416c8e24882a7f44-00692ea63a" "object-server 24" 0.0005 "-" 21 0
Dec 2 08:41:30 standalone object-server[128216]: 172.20.0.100 - - [02/Dec/2025:08:41:30 +0000] "PUT /d1/9/AUTH_003a15e2106b44068d34fb3ca1bdce19/gnocchi.841ee731-33ab-4e7e-8760-4513a61ed564/1763640000.0_mean_300.0_v3" 201 - "PUT http://172.18.0.2:8080/v1/AUTH_003a15e2106b44068d34fb3ca1bdce19/gnocchi.841ee731-33ab-4e7e-8760-4513a61ed564/1763640000.0_mean_300.0_v3" "txd22a2416c8e24882a7f44-00692ea63a" "proxy-server 20" 0.0128 "-" 24 0
Dec 2 08:41:30 standalone proxy-server[130163]: 172.18.0.2 172.18.0.100 02/Dec/2025/08/41/30 PUT /v1/AUTH_003a15e2106b44068d34fb3ca1bdce19/gnocchi.841ee731-33ab-4e7e-8760-4513a61ed564/1763640000.0_mean_300.0_v3 HTTP/1.0 201 - python-swiftclient-3.11.1 gAAAAABpLqX2o5ht... 16 - - txd22a2416c8e24882a7f44-00692ea63a - 0.0243 - - 1764664890.804402590 1764664890.828719616 0
Dec 2 08:41:30 standalone container-server[127893]: 172.20.0.100 - - [02/Dec/2025:08:41:30 +0000] "PUT /d1/291/AUTH_003a15e2106b44068d34fb3ca1bdce19/gnocchi.841ee731-33ab-4e7e-8760-4513a61ed564/none_v3" 201 - "PUT http://172.18.0.2:8080/d1/262/AUTH_003a15e2106b44068d34fb3ca1bdce19/gnocchi.841ee731-33ab-4e7e-8760-4513a61ed564/none_v3" "txf8abc883b1ec4cdbb46c4-00692ea63a" "object-server 24" 0.0003 "-" 21 0
Dec 2 08:41:30 standalone object-server[128216]: 172.20.0.100 - - [02/Dec/2025:08:41:30 +0000] "PUT /d1/262/AUTH_003a15e2106b44068d34fb3ca1bdce19/gnocchi.841ee731-33ab-4e7e-8760-4513a61ed564/none_v3" 201 - "PUT http://172.18.0.2:8080/v1/AUTH_003a15e2106b44068d34fb3ca1bdce19/gnocchi.841ee731-33ab-4e7e-8760-4513a61ed564/none_v3" "txf8abc883b1ec4cdbb46c4-00692ea63a" "proxy-server 20" 0.0077 "-" 24 0
Dec 2 08:41:30 standalone proxy-server[130163]: 172.18.0.2 172.18.0.100 02/Dec/2025/08/41/30 PUT /v1/AUTH_003a15e2106b44068d34fb3ca1bdce19/gnocchi.841ee731-33ab-4e7e-8760-4513a61ed564/none_v3 HTTP/1.0 201 - python-swiftclient-3.11.1 gAAAAABpLqX2o5ht... 22 - - txf8abc883b1ec4cdbb46c4-00692ea63a - 0.0132 - - 1764664890.832434177 1764664890.845635891 0
Dec 2 08:41:58 standalone account-server[128051]: 172.20.0.100 - - [02/Dec/2025:08:41:58 +0000] "HEAD /d1/69/.expiring_objects" 404 - "HEAD http://localhost/v1/.expiring_objects?format=json" "txa61d3ba4202f4acbb0a9d-00692ea656" "proxy-server 2" 0.0005 "-" 22 -
Dec 2 08:41:58 standalone object-expirer[128021]: Pass completed in 0s; 0 objects expired (txn: txa61d3ba4202f4acbb0a9d-00692ea656)
Dec 2 08:41:58 standalone container-server[127879]: 172.20.0.100 - - [02/Dec/2025:08:41:58 +0000] "HEAD /d1/686/AUTH_003a15e2106b44068d34fb3ca1bdce19/gnocchi.cc9cd55f-5fbe-4457-9158-7680bce50cf6" 404 - "HEAD http://172.18.0.2:8080/v1/AUTH_003a15e2106b44068d34fb3ca1bdce19/gnocchi.cc9cd55f-5fbe-4457-9158-7680bce50cf6?format=json&states=listing" "tx8d31651bd7764fa8b087b-00692ea656" "proxy-server 20" 0.0008 "-" 19 0
Dec 2 08:41:58 standalone object-server[128207]: 172.20.0.100 - - [02/Dec/2025:08:41:58 +0000] "GET /d1/746/AUTH_003a15e2106b44068d34fb3ca1bdce19/gnocchi.cc9cd55f-5fbe-4457-9158-7680bce50cf6/none_v3" 404 70 "GET http://172.18.0.2:8080/v1/AUTH_003a15e2106b44068d34fb3ca1bdce19/gnocchi.cc9cd55f-5fbe-4457-9158-7680bce50cf6/none_v3" "tx8d31651bd7764fa8b087b-00692ea656" "proxy-server 20" 0.0006 "-" 23 0
Dec 2 08:41:58 standalone proxy-server[130163]: 172.18.0.2 172.18.0.100 02/Dec/2025/08/41/58 GET /v1/AUTH_003a15e2106b44068d34fb3ca1bdce19/gnocchi.cc9cd55f-5fbe-4457-9158-7680bce50cf6/none_v3 HTTP/1.0 404 - python-swiftclient-3.11.1 gAAAAABpLqX2o5ht... - 70 - tx8d31651bd7764fa8b087b-00692ea656 - 0.0146 - - 1764664918.686656713 1764664918.701272726 0
Dec 2 08:41:58 standalone account-server[128048]: 172.20.0.100 - - [02/Dec/2025:08:41:58 +0000] "PUT /d1/710/AUTH_003a15e2106b44068d34fb3ca1bdce19/gnocchi.cc9cd55f-5fbe-4457-9158-7680bce50cf6" 201 - "PUT http://172.20.0.100:6001/d1/686/AUTH_003a15e2106b44068d34fb3ca1bdce19/gnocchi.cc9cd55f-5fbe-4457-9158-7680bce50cf6" "txfead17b64c1d4cc296738-00692ea656" "container-server 22" 0.0040 "-" 21 0
Dec 2 08:41:58 standalone container-server[127907]: 172.20.0.100 - - [02/Dec/2025:08:41:58 +0000] "PUT /d1/686/AUTH_003a15e2106b44068d34fb3ca1bdce19/gnocchi.cc9cd55f-5fbe-4457-9158-7680bce50cf6" 201 - "PUT http://172.18.0.2:8080/v1/AUTH_003a15e2106b44068d34fb3ca1bdce19/gnocchi.cc9cd55f-5fbe-4457-9158-7680bce50cf6" "txfead17b64c1d4cc296738-00692ea656" "proxy-server 20" 0.0156 "-" 22 0
Dec 2 08:41:58 standalone proxy-server[130163]: 172.18.0.2 172.18.0.100 02/Dec/2025/08/41/58 PUT /v1/AUTH_003a15e2106b44068d34fb3ca1bdce19/gnocchi.cc9cd55f-5fbe-4457-9158-7680bce50cf6 HTTP/1.0 201 - python-swiftclient-3.11.1 gAAAAABpLqX2o5ht... - - - txfead17b64c1d4cc296738-00692ea656 - 0.0218 - - 1764664918.706587791 1764664918.728404999 0
Dec 2 08:41:58 standalone container-server[127911]: 172.20.0.100 - - [02/Dec/2025:08:41:58 +0000] "HEAD /d1/686/AUTH_003a15e2106b44068d34fb3ca1bdce19/gnocchi.cc9cd55f-5fbe-4457-9158-7680bce50cf6" 204 - "HEAD http://172.18.0.2:8080/v1/AUTH_003a15e2106b44068d34fb3ca1bdce19/gnocchi.cc9cd55f-5fbe-4457-9158-7680bce50cf6?format=json&states=listing" "txb81d0739d62b4005878b3-00692ea656" "proxy-server 20" 0.0012 "-" 23 0
Dec 2 08:41:58 standalone proxy-server[130163]: - - 02/Dec/2025/08/41/58 HEAD /v1/AUTH_003a15e2106b44068d34fb3ca1bdce19/gnocchi.cc9cd55f-5fbe-4457-9158-7680bce50cf6%3Fformat%3Djson%26states%3Dlisting HTTP/1.0 204 - Swift - - - - txb81d0739d62b4005878b3-00692ea656 - 0.0049 RL - 1764664918.733790874 1764664918.738663197 0
Dec 2 08:41:58 standalone container-server[127911]: 172.20.0.100 - - [02/Dec/2025:08:41:58 +0000] "GET /d1/686/AUTH_003a15e2106b44068d34fb3ca1bdce19/gnocchi.cc9cd55f-5fbe-4457-9158-7680bce50cf6" 200 2 "GET http://172.18.0.2:8080/v1/AUTH_003a15e2106b44068d34fb3ca1bdce19/gnocchi.cc9cd55f-5fbe-4457-9158-7680bce50cf6?format=json&states=listing" "txb81d0739d62b4005878b3-00692ea656" "proxy-server 20" 0.0013 "-" 23 0
Dec 2 08:41:58 standalone proxy-server[130163]: 172.18.0.2 172.18.0.100 02/Dec/2025/08/41/58 GET /v1/AUTH_003a15e2106b44068d34fb3ca1bdce19/gnocchi.cc9cd55f-5fbe-4457-9158-7680bce50cf6%3Fformat%3Djson%26states%3Dlisting HTTP/1.0 200 - python-swiftclient-3.11.1 gAAAAABpLqX2o5ht... - 2 - txb81d0739d62b4005878b3-00692ea656 - 0.0129 - - 1764664918.732541323 1764664918.745470285 0
Dec 2 08:41:58 standalone object-server[128207]: 172.20.0.100 - - [02/Dec/2025:08:41:58 +0000] "GET /d1/926/AUTH_003a15e2106b44068d34fb3ca1bdce19/gnocchi.cc9cd55f-5fbe-4457-9158-7680bce50cf6/1763640000.0_mean_300.0_v3" 404 70 "GET http://172.18.0.2:8080/v1/AUTH_003a15e2106b44068d34fb3ca1bdce19/gnocchi.cc9cd55f-5fbe-4457-9158-7680bce50cf6/1763640000.0_mean_300.0_v3" "txd4fb2be8b0484ccdb8881-00692ea656" "proxy-server 20" 0.0003 "-" 23 0
Dec 2 08:41:58 standalone proxy-server[130163]: 172.18.0.2 172.18.0.100 02/Dec/2025/08/41/58 GET /v1/AUTH_003a15e2106b44068d34fb3ca1bdce19/gnocchi.cc9cd55f-5fbe-4457-9158-7680bce50cf6/1763640000.0_mean_300.0_v3 HTTP/1.0 404 - python-swiftclient-3.11.1 gAAAAABpLqX2o5ht... - 70 - txd4fb2be8b0484ccdb8881-00692ea656 - 0.0062 - - 1764664918.749870777 1764664918.756034851 0
Dec 2 08:41:58 standalone container-server[127907]: 172.20.0.100 - - [02/Dec/2025:08:41:58 +0000] "PUT /d1/686/AUTH_003a15e2106b44068d34fb3ca1bdce19/gnocchi.cc9cd55f-5fbe-4457-9158-7680bce50cf6/1763640000.0_mean_300.0_v3" 201 - "PUT http://172.18.0.2:8080/d1/926/AUTH_003a15e2106b44068d34fb3ca1bdce19/gnocchi.cc9cd55f-5fbe-4457-9158-7680bce50cf6/1763640000.0_mean_300.0_v3" "txf21168d521f345cca6ef1-00692ea656" "object-server 23" 0.0009 "-" 22 0
Dec 2 08:41:58 standalone object-server[128207]: 172.20.0.100 - - [02/Dec/2025:08:41:58 +0000] "PUT /d1/926/AUTH_003a15e2106b44068d34fb3ca1bdce19/gnocchi.cc9cd55f-5fbe-4457-9158-7680bce50cf6/1763640000.0_mean_300.0_v3" 201 - "PUT http://172.18.0.2:8080/v1/AUTH_003a15e2106b44068d34fb3ca1bdce19/gnocchi.cc9cd55f-5fbe-4457-9158-7680bce50cf6/1763640000.0_mean_300.0_v3" "txf21168d521f345cca6ef1-00692ea656" "proxy-server 20" 0.0128 "-" 23 0
Dec 2 08:41:58 standalone proxy-server[130163]: 172.18.0.2 172.18.0.100 02/Dec/2025/08/41/58 PUT /v1/AUTH_003a15e2106b44068d34fb3ca1bdce19/gnocchi.cc9cd55f-5fbe-4457-9158-7680bce50cf6/1763640000.0_mean_300.0_v3 HTTP/1.0 201 - python-swiftclient-3.11.1 gAAAAABpLqX2o5ht... 16 - - txf21168d521f345cca6ef1-00692ea656 - 0.0181 - - 1764664918.759885311 1764664918.777982473 0
Dec 2 08:41:58 standalone container-server[127907]: 172.20.0.100 - - [02/Dec/2025:08:41:58 +0000] "PUT /d1/686/AUTH_003a15e2106b44068d34fb3ca1bdce19/gnocchi.cc9cd55f-5fbe-4457-9158-7680bce50cf6/none_v3" 201 - "PUT http://172.18.0.2:8080/d1/746/AUTH_003a15e2106b44068d34fb3ca1bdce19/gnocchi.cc9cd55f-5fbe-4457-9158-7680bce50cf6/none_v3" "tx56082bca788d4a12bd1af-00692ea656" "object-server 25" 0.0014 "-" 22 0
Dec 2 08:41:58 standalone object-server[128219]: 172.20.0.100 - - [02/Dec/2025:08:41:58 +0000] "PUT /d1/746/AUTH_003a15e2106b44068d34fb3ca1bdce19/gnocchi.cc9cd55f-5fbe-4457-9158-7680bce50cf6/none_v3" 201 - "PUT http://172.18.0.2:8080/v1/AUTH_003a15e2106b44068d34fb3ca1bdce19/gnocchi.cc9cd55f-5fbe-4457-9158-7680bce50cf6/none_v3" "tx56082bca788d4a12bd1af-00692ea656" "proxy-server 20" 0.0171 "-" 25 0
Dec 2 08:41:58 standalone proxy-server[130163]: 172.18.0.2 172.18.0.100 02/Dec/2025/08/41/58 PUT /v1/AUTH_003a15e2106b44068d34fb3ca1bdce19/gnocchi.cc9cd55f-5fbe-4457-9158-7680bce50cf6/none_v3 HTTP/1.0 201 - python-swiftclient-3.11.1 gAAAAABpLqX2o5ht... 22 - - tx56082bca788d4a12bd1af-00692ea656 - 0.0247 - - 1764664918.781143665 1764664918.805887222 0
Dec 2 08:41:58 standalone object-server[128205]: 172.20.0.100 - - [02/Dec/2025:08:41:58 +0000] "GET /d1/658/AUTH_003a15e2106b44068d34fb3ca1bdce19/gnocchi.839c349d-fe7a-471c-be02-76ef99c7dc31/none_v3" 200 22 "GET http://172.18.0.2:8080/v1/AUTH_003a15e2106b44068d34fb3ca1bdce19/gnocchi.839c349d-fe7a-471c-be02-76ef99c7dc31/none_v3" "tx119843d8640b4dba9f520-00692ea656" "proxy-server 20" 0.0016 "-" 22 0
Dec 2 08:41:58 standalone proxy-server[130163]: 172.18.0.2 172.18.0.100 02/Dec/2025/08/41/58 GET /v1/AUTH_003a15e2106b44068d34fb3ca1bdce19/gnocchi.839c349d-fe7a-471c-be02-76ef99c7dc31/none_v3 HTTP/1.0 200 - python-swiftclient-3.11.1 gAAAAABpLqX2o5ht... - 22 - tx119843d8640b4dba9f520-00692ea656 - 0.0094 - - 1764664918.839481592 1764664918.848897219 0
Dec 2 08:41:58 standalone container-server[127879]: 172.20.0.100 - - [02/Dec/2025:08:41:58 +0000] "GET /d1/160/AUTH_003a15e2106b44068d34fb3ca1bdce19/gnocchi.839c349d-fe7a-471c-be02-76ef99c7dc31" 200 357 "GET http://172.18.0.2:8080/v1/AUTH_003a15e2106b44068d34fb3ca1bdce19/gnocchi.839c349d-fe7a-471c-be02-76ef99c7dc31?format=json&states=listing" "tx28c6c589603e45bb962e9-00692ea656" "proxy-server 20" 0.0162 "-" 19 0
Dec 2 08:41:58 standalone proxy-server[130163]: 172.18.0.2 172.18.0.100 02/Dec/2025/08/41/58 GET /v1/AUTH_003a15e2106b44068d34fb3ca1bdce19/gnocchi.839c349d-fe7a-471c-be02-76ef99c7dc31%3Fformat%3Djson%26states%3Dlisting HTTP/1.0 200 - python-swiftclient-3.11.1 gAAAAABpLqX2o5ht... - 357 - tx28c6c589603e45bb962e9-00692ea656 - 0.0240 - - 1764664918.852933884 1764664918.876890182 0
Dec 2 08:41:58 standalone container-server[127893]: 172.20.0.100 - - [02/Dec/2025:08:41:58 +0000] "GET /d1/160/AUTH_003a15e2106b44068d34fb3ca1bdce19/gnocchi.839c349d-fe7a-471c-be02-76ef99c7dc31" 200 2 "GET http://172.18.0.2:8080/v1/AUTH_003a15e2106b44068d34fb3ca1bdce19/gnocchi.839c349d-fe7a-471c-be02-76ef99c7dc31?format=json&marker=none_v3&states=listing" "tx8e0a5e24833b4e83be7d4-00692ea656" "proxy-server 20" 0.0035 "-" 21 0
Dec 2 08:41:58 standalone proxy-server[130163]: 172.18.0.2 172.18.0.100 02/Dec/2025/08/41/58 GET /v1/AUTH_003a15e2106b44068d34fb3ca1bdce19/gnocchi.839c349d-fe7a-471c-be02-76ef99c7dc31%3Fformat%3Djson%26marker%3Dnone_v3%26states%3Dlisting HTTP/1.0 200 - python-swiftclient-3.11.1 gAAAAABpLqX2o5ht... - 2 - tx8e0a5e24833b4e83be7d4-00692ea656 - 0.0106 - - 1764664918.880059719 1764664918.890692711 0
Dec 2 08:41:58 standalone object-server[128207]: 172.20.0.100 - - [02/Dec/2025:08:41:58 +0000] "GET /d1/291/AUTH_003a15e2106b44068d34fb3ca1bdce19/gnocchi.839c349d-fe7a-471c-be02-76ef99c7dc31/1763640000.0_mean_300.0_v3" 200 16 "GET http://172.18.0.2:8080/v1/AUTH_003a15e2106b44068d34fb3ca1bdce19/gnocchi.839c349d-fe7a-471c-be02-76ef99c7dc31/1763640000.0_mean_300.0_v3" "tx3f3da96dc3f24b94a8b49-00692ea656" "proxy-server 20" 0.0012 "-" 23 0
Dec 2 08:41:58 standalone proxy-server[130163]: 172.18.0.2 172.18.0.100 02/Dec/2025/08/41/58 GET /v1/AUTH_003a15e2106b44068d34fb3ca1bdce19/gnocchi.839c349d-fe7a-471c-be02-76ef99c7dc31/1763640000.0_mean_300.0_v3 HTTP/1.0 200 - python-swiftclient-3.11.1 gAAAAABpLqX2o5ht... - 16 - tx3f3da96dc3f24b94a8b49-00692ea656 - 0.0078 - - 1764664918.894689083 1764664918.902461767 0
Dec 2 08:41:58 standalone container-server[127879]: 172.20.0.100 - - [02/Dec/2025:08:41:58 +0000] "PUT /d1/160/AUTH_003a15e2106b44068d34fb3ca1bdce19/gnocchi.839c349d-fe7a-471c-be02-76ef99c7dc31/1763640000.0_mean_300.0_v3" 201 - "PUT http://172.18.0.2:8080/d1/291/AUTH_003a15e2106b44068d34fb3ca1bdce19/gnocchi.839c349d-fe7a-471c-be02-76ef99c7dc31/1763640000.0_mean_300.0_v3" "tx590160c6e1cd4c678530c-00692ea656" "object-server 22" 0.0009 "-" 19 0
Dec 2 08:41:58 standalone object-server[128205]: 172.20.0.100 - - [02/Dec/2025:08:41:58 +0000] "PUT /d1/291/AUTH_003a15e2106b44068d34fb3ca1bdce19/gnocchi.839c349d-fe7a-471c-be02-76ef99c7dc31/1763640000.0_mean_300.0_v3" 201 - "PUT http://172.18.0.2:8080/v1/AUTH_003a15e2106b44068d34fb3ca1bdce19/gnocchi.839c349d-fe7a-471c-be02-76ef99c7dc31/1763640000.0_mean_300.0_v3" "tx590160c6e1cd4c678530c-00692ea656" "proxy-server 20" 0.0118 "-" 22 0
Dec 2 08:41:58 standalone proxy-server[130163]: 172.18.0.2 172.18.0.100 02/Dec/2025/08/41/58 PUT /v1/AUTH_003a15e2106b44068d34fb3ca1bdce19/gnocchi.839c349d-fe7a-471c-be02-76ef99c7dc31/1763640000.0_mean_300.0_v3 HTTP/1.0 201 - python-swiftclient-3.11.1 gAAAAABpLqX2o5ht... 16 - - tx590160c6e1cd4c678530c-00692ea656 - 0.0176 - - 1764664918.906061888 1764664918.923634768 0
Dec 2 08:41:58 standalone container-server[127893]: 172.20.0.100 - - [02/Dec/2025:08:41:58 +0000] "PUT /d1/160/AUTH_003a15e2106b44068d34fb3ca1bdce19/gnocchi.839c349d-fe7a-471c-be02-76ef99c7dc31/none_v3" 201 - "PUT http://172.18.0.2:8080/d1/658/AUTH_003a15e2106b44068d34fb3ca1bdce19/gnocchi.839c349d-fe7a-471c-be02-76ef99c7dc31/none_v3" "txabe6198294b8482b9a28f-00692ea656" "object-server 24" 0.0009 "-" 21 0
Dec 2 08:41:58 standalone object-server[128216]: 172.20.0.100 - - [02/Dec/2025:08:41:58 +0000] "PUT /d1/658/AUTH_003a15e2106b44068d34fb3ca1bdce19/gnocchi.839c349d-fe7a-471c-be02-76ef99c7dc31/none_v3" 201 - "PUT http://172.18.0.2:8080/v1/AUTH_003a15e2106b44068d34fb3ca1bdce19/gnocchi.839c349d-fe7a-471c-be02-76ef99c7dc31/none_v3" "txabe6198294b8482b9a28f-00692ea656" "proxy-server 20" 0.0112 "-" 24 0
Dec 2 08:41:58 standalone proxy-server[130163]: 172.18.0.2 172.18.0.100 02/Dec/2025/08/41/58 PUT /v1/AUTH_003a15e2106b44068d34fb3ca1bdce19/gnocchi.839c349d-fe7a-471c-be02-76ef99c7dc31/none_v3 HTTP/1.0 201 - python-swiftclient-3.11.1 gAAAAABpLqX2o5ht... 33 - - txabe6198294b8482b9a28f-00692ea656 - 0.0192 - - 1764664918.927027225 1764664918.946251154 0
Dec 2 08:41:58 standalone object-server[128216]: 172.20.0.100 - - [02/Dec/2025:08:41:58 +0000] "GET /d1/131/AUTH_003a15e2106b44068d34fb3ca1bdce19/gnocchi.4095fcc1-4b45-4653-a0b0-4cd591763693/none_v3" 200 22 "GET http://172.18.0.2:8080/v1/AUTH_003a15e2106b44068d34fb3ca1bdce19/gnocchi.4095fcc1-4b45-4653-a0b0-4cd591763693/none_v3" "tx9454084035854418b6eee-00692ea656" "proxy-server 20" 0.0011 "-" 24 0
Dec 2 08:41:58 standalone proxy-server[130163]: 172.18.0.2 172.18.0.100 02/Dec/2025/08/41/58 GET /v1/AUTH_003a15e2106b44068d34fb3ca1bdce19/gnocchi.4095fcc1-4b45-4653-a0b0-4cd591763693/none_v3 HTTP/1.0 200 - python-swiftclient-3.11.1 gAAAAABpLqX2o5ht... - 22 - tx9454084035854418b6eee-00692ea656 - 0.0086 - - 1764664918.956187963 1764664918.964801550 0
Dec 2 08:41:58 standalone container-server[127907]: 172.20.0.100 - - [02/Dec/2025:08:41:58 +0000] "GET /d1/678/AUTH_003a15e2106b44068d34fb3ca1bdce19/gnocchi.4095fcc1-4b45-4653-a0b0-4cd591763693" 200 357 "GET http://172.18.0.2:8080/v1/AUTH_003a15e2106b44068d34fb3ca1bdce19/gnocchi.4095fcc1-4b45-4653-a0b0-4cd591763693?format=json&states=listing" "tx5dd3650666f2440383d80-00692ea656" "proxy-server 20" 0.0167 "-" 22 0
Dec 2 08:41:58 standalone proxy-server[130163]: 172.18.0.2 172.18.0.100 02/Dec/2025/08/41/58 GET /v1/AUTH_003a15e2106b44068d34fb3ca1bdce19/gnocchi.4095fcc1-4b45-4653-a0b0-4cd591763693%3Fformat%3Djson%26states%3Dlisting HTTP/1.0 200 - python-swiftclient-3.11.1 gAAAAABpLqX2o5ht... - 357 - tx5dd3650666f2440383d80-00692ea656 - 0.0241 - - 1764664918.968714237 1764664918.992835283 0
Dec 2 08:41:59 standalone container-server[127907]: 172.20.0.100 - - [02/Dec/2025:08:41:59 +0000] "GET /d1/678/AUTH_003a15e2106b44068d34fb3ca1bdce19/gnocchi.4095fcc1-4b45-4653-a0b0-4cd591763693" 200 2 "GET http://172.18.0.2:8080/v1/AUTH_003a15e2106b44068d34fb3ca1bdce19/gnocchi.4095fcc1-4b45-4653-a0b0-4cd591763693?format=json&marker=none_v3&states=listing" "tx3837d2e78260427faa92e-00692ea656" "proxy-server 20" 0.0037 "-" 22 0
Dec 2 08:41:59 standalone proxy-server[130163]: 172.18.0.2 172.18.0.100 02/Dec/2025/08/41/59 GET /v1/AUTH_003a15e2106b44068d34fb3ca1bdce19/gnocchi.4095fcc1-4b45-4653-a0b0-4cd591763693%3Fformat%3Djson%26marker%3Dnone_v3%26states%3Dlisting HTTP/1.0 200 - python-swiftclient-3.11.1 gAAAAABpLqX2o5ht... - 2 - tx3837d2e78260427faa92e-00692ea656 - 0.0102 - - 1764664918.996063709 1764664919.006303787 0
Dec 2 08:41:59 standalone object-server[128219]: 172.20.0.100 - - [02/Dec/2025:08:41:59 +0000] "GET /d1/153/AUTH_003a15e2106b44068d34fb3ca1bdce19/gnocchi.4095fcc1-4b45-4653-a0b0-4cd591763693/1763640000.0_mean_300.0_v3" 200 16 "GET http://172.18.0.2:8080/v1/AUTH_003a15e2106b44068d34fb3ca1bdce19/gnocchi.4095fcc1-4b45-4653-a0b0-4cd591763693/1763640000.0_mean_300.0_v3" "txd9ec521a8dbc4497b312b-00692ea657" "proxy-server 20" 0.0013 "-" 25 0
Dec 2 08:41:59 standalone proxy-server[130163]: 172.18.0.2 172.18.0.100 02/Dec/2025/08/41/59 GET /v1/AUTH_003a15e2106b44068d34fb3ca1bdce19/gnocchi.4095fcc1-4b45-4653-a0b0-4cd591763693/1763640000.0_mean_300.0_v3 HTTP/1.0 200 - python-swiftclient-3.11.1 gAAAAABpLqX2o5ht... - 16 - txd9ec521a8dbc4497b312b-00692ea657 - 0.0079 - - 1764664919.009796143 1764664919.017735958 0
Dec 2 08:41:59 standalone container-server[127893]: 172.20.0.100 - - [02/Dec/2025:08:41:59 +0000] "PUT /d1/678/AUTH_003a15e2106b44068d34fb3ca1bdce19/gnocchi.4095fcc1-4b45-4653-a0b0-4cd591763693/1763640000.0_mean_300.0_v3" 201 - "PUT http://172.18.0.2:8080/d1/153/AUTH_003a15e2106b44068d34fb3ca1bdce19/gnocchi.4095fcc1-4b45-4653-a0b0-4cd591763693/1763640000.0_mean_300.0_v3" "txc360973d63e24a2984731-00692ea657" "object-server 22" 0.0008 "-" 21 0
Dec 2 08:41:59 standalone object-server[128205]: 172.20.0.100 - - [02/Dec/2025:08:41:59 +0000] "PUT /d1/153/AUTH_003a15e2106b44068d34fb3ca1bdce19/gnocchi.4095fcc1-4b45-4653-a0b0-4cd591763693/1763640000.0_mean_300.0_v3" 201 - "PUT http://172.18.0.2:8080/v1/AUTH_003a15e2106b44068d34fb3ca1bdce19/gnocchi.4095fcc1-4b45-4653-a0b0-4cd591763693/1763640000.0_mean_300.0_v3" "txc360973d63e24a2984731-00692ea657" "proxy-server 20" 0.0093 "-" 22 0
Dec 2 08:41:59 standalone proxy-server[130163]: 172.18.0.2 172.18.0.100 02/Dec/2025/08/41/59 PUT /v1/AUTH_003a15e2106b44068d34fb3ca1bdce19/gnocchi.4095fcc1-4b45-4653-a0b0-4cd591763693/1763640000.0_mean_300.0_v3 HTTP/1.0 201 - python-swiftclient-3.11.1 gAAAAABpLqX2o5ht... 16 - - txc360973d63e24a2984731-00692ea657 - 0.0159 - - 1764664919.022054195 1764664919.037938833 0
Dec 2 08:41:59 standalone container-server[127893]: 172.20.0.100 - - [02/Dec/2025:08:41:59 +0000] "PUT /d1/678/AUTH_003a15e2106b44068d34fb3ca1bdce19/gnocchi.4095fcc1-4b45-4653-a0b0-4cd591763693/none_v3" 201 - "PUT http://172.18.0.2:8080/d1/131/AUTH_003a15e2106b44068d34fb3ca1bdce19/gnocchi.4095fcc1-4b45-4653-a0b0-4cd591763693/none_v3" "tx420a6030252b41c582448-00692ea657" "object-server 23" 0.0007 "-" 21 0
Dec 2 08:41:59 standalone object-server[128207]: 172.20.0.100 - - [02/Dec/2025:08:41:59 +0000] "PUT /d1/131/AUTH_003a15e2106b44068d34fb3ca1bdce19/gnocchi.4095fcc1-4b45-4653-a0b0-4cd591763693/none_v3" 201 - "PUT http://172.18.0.2:8080/v1/AUTH_003a15e2106b44068d34fb3ca1bdce19/gnocchi.4095fcc1-4b45-4653-a0b0-4cd591763693/none_v3" "tx420a6030252b41c582448-00692ea657" "proxy-server 20" 0.0094 "-" 23 0
Dec 2 08:41:59 standalone proxy-server[130163]: 172.18.0.2 172.18.0.100 02/Dec/2025/08/41/59 PUT /v1/AUTH_003a15e2106b44068d34fb3ca1bdce19/gnocchi.4095fcc1-4b45-4653-a0b0-4cd591763693/none_v3 HTTP/1.0 201 - python-swiftclient-3.11.1 gAAAAABpLqX2o5ht... 33 - - tx420a6030252b41c582448-00692ea657 - 0.0155 - - 1764664919.041774273 1764664919.057254314 0
Dec 2 08:42:02 standalone object-server[128205]: 172.20.0.100 - - [02/Dec/2025:08:42:02 +0000] "GET /d1/746/AUTH_003a15e2106b44068d34fb3ca1bdce19/gnocchi.cc9cd55f-5fbe-4457-9158-7680bce50cf6/none_v3" 200 22 "GET http://172.18.0.2:8080/v1/AUTH_003a15e2106b44068d34fb3ca1bdce19/gnocchi.cc9cd55f-5fbe-4457-9158-7680bce50cf6/none_v3" "tx3ca0bc05990b46a9b8774-00692ea65a" "proxy-server 20" 0.0011 "-" 22 0
Dec 2 08:42:02 standalone proxy-server[130163]: 172.18.0.2 172.18.0.100 02/Dec/2025/08/42/02 GET /v1/AUTH_003a15e2106b44068d34fb3ca1bdce19/gnocchi.cc9cd55f-5fbe-4457-9158-7680bce50cf6/none_v3 HTTP/1.0 200 - python-swiftclient-3.11.1 gAAAAABpLqX2o5ht... - 22 - tx3ca0bc05990b46a9b8774-00692ea65a - 0.0120 - - 1764664922.134641171 1764664922.146606684 0
Dec 2 08:42:02 standalone container-server[127879]: 172.20.0.100 - - [02/Dec/2025:08:42:02 +0000] "GET /d1/686/AUTH_003a15e2106b44068d34fb3ca1bdce19/gnocchi.cc9cd55f-5fbe-4457-9158-7680bce50cf6" 200 357 "GET http://172.18.0.2:8080/v1/AUTH_003a15e2106b44068d34fb3ca1bdce19/gnocchi.cc9cd55f-5fbe-4457-9158-7680bce50cf6?format=json&states=listing" "txe8c2726e29e4417cba5f9-00692ea65a" "proxy-server 20" 0.0091 "-" 19 0
Dec 2 08:42:02 standalone proxy-server[130163]: 172.18.0.2 172.18.0.100 02/Dec/2025/08/42/02 GET /v1/AUTH_003a15e2106b44068d34fb3ca1bdce19/gnocchi.cc9cd55f-5fbe-4457-9158-7680bce50cf6%3Fformat%3Djson%26states%3Dlisting HTTP/1.0 200 - python-swiftclient-3.11.1 gAAAAABpLqX2o5ht... - 357 - txe8c2726e29e4417cba5f9-00692ea65a - 0.0181 - - 1764664922.151879072 1764664922.169967413 0
Dec 2 08:42:02 standalone container-server[127879]: 172.20.0.100 - - [02/Dec/2025:08:42:02 +0000] "GET /d1/686/AUTH_003a15e2106b44068d34fb3ca1bdce19/gnocchi.cc9cd55f-5fbe-4457-9158-7680bce50cf6" 200 2 "GET http://172.18.0.2:8080/v1/AUTH_003a15e2106b44068d34fb3ca1bdce19/gnocchi.cc9cd55f-5fbe-4457-9158-7680bce50cf6?format=json&marker=none_v3&states=listing" "tx37cf795d63aa4885b0252-00692ea65a" "proxy-server 20" 0.0014 "-" 19 0
Dec 2 08:42:02 standalone proxy-server[130163]: 172.18.0.2 172.18.0.100 02/Dec/2025/08/42/02 GET /v1/AUTH_003a15e2106b44068d34fb3ca1bdce19/gnocchi.cc9cd55f-5fbe-4457-9158-7680bce50cf6%3Fformat%3Djson%26marker%3Dnone_v3%26states%3Dlisting HTTP/1.0 200 - python-swiftclient-3.11.1 gAAAAABpLqX2o5ht... - 2 - tx37cf795d63aa4885b0252-00692ea65a - 0.0103 - - 1764664922.172119617 1764664922.182393789 0
Dec 2 08:42:02 standalone object-server[128207]: 172.20.0.100 - - [02/Dec/2025:08:42:02 +0000] "GET /d1/926/AUTH_003a15e2106b44068d34fb3ca1bdce19/gnocchi.cc9cd55f-5fbe-4457-9158-7680bce50cf6/1763640000.0_mean_300.0_v3" 200 16 "GET http://172.18.0.2:8080/v1/AUTH_003a15e2106b44068d34fb3ca1bdce19/gnocchi.cc9cd55f-5fbe-4457-9158-7680bce50cf6/1763640000.0_mean_300.0_v3" "txd60270a4814c43fab7fda-00692ea65a" "proxy-server 20" 0.0009 "-" 23 0
Dec 2 08:42:02 standalone proxy-server[130163]: 172.18.0.2 172.18.0.100 02/Dec/2025/08/42/02 GET /v1/AUTH_003a15e2106b44068d34fb3ca1bdce19/gnocchi.cc9cd55f-5fbe-4457-9158-7680bce50cf6/1763640000.0_mean_300.0_v3 HTTP/1.0 200 - python-swiftclient-3.11.1 gAAAAABpLqX2o5ht... - 16 - txd60270a4814c43fab7fda-00692ea65a - 0.0069 - - 1764664922.185298204 1764664922.192180395 0
Dec 2 08:42:02 standalone container-server[127893]: 172.20.0.100 - - [02/Dec/2025:08:42:02 +0000] "PUT /d1/686/AUTH_003a15e2106b44068d34fb3ca1bdce19/gnocchi.cc9cd55f-5fbe-4457-9158-7680bce50cf6/1763640000.0_mean_300.0_v3" 201 - "PUT http://172.18.0.2:8080/d1/926/AUTH_003a15e2106b44068d34fb3ca1bdce19/gnocchi.cc9cd55f-5fbe-4457-9158-7680bce50cf6/1763640000.0_mean_300.0_v3" "tx930812a002a9476e934ef-00692ea65a" "object-server 24" 0.0009 "-" 21 0
Dec 2 08:42:02 standalone object-server[128216]: 172.20.0.100 - - [02/Dec/2025:08:42:02 +0000] "PUT /d1/926/AUTH_003a15e2106b44068d34fb3ca1bdce19/gnocchi.cc9cd55f-5fbe-4457-9158-7680bce50cf6/1763640000.0_mean_300.0_v3" 201 - "PUT http://172.18.0.2:8080/v1/AUTH_003a15e2106b44068d34fb3ca1bdce19/gnocchi.cc9cd55f-5fbe-4457-9158-7680bce50cf6/1763640000.0_mean_300.0_v3" "tx930812a002a9476e934ef-00692ea65a" "proxy-server 20" 0.0110 "-" 24 0
Dec 2 08:42:02 standalone proxy-server[130163]: 172.18.0.2 172.18.0.100 02/Dec/2025/08/42/02 PUT /v1/AUTH_003a15e2106b44068d34fb3ca1bdce19/gnocchi.cc9cd55f-5fbe-4457-9158-7680bce50cf6/1763640000.0_mean_300.0_v3 HTTP/1.0 201 - python-swiftclient-3.11.1 gAAAAABpLqX2o5ht... 16 - - tx930812a002a9476e934ef-00692ea65a - 0.0201 - - 1764664922.195945740 1764664922.216079712 0
Dec 2 08:42:02 standalone container-server[127879]: 172.20.0.100 - - [02/Dec/2025:08:42:02 +0000] "PUT /d1/686/AUTH_003a15e2106b44068d34fb3ca1bdce19/gnocchi.cc9cd55f-5fbe-4457-9158-7680bce50cf6/none_v3" 201 - "PUT http://172.18.0.2:8080/d1/746/AUTH_003a15e2106b44068d34fb3ca1bdce19/gnocchi.cc9cd55f-5fbe-4457-9158-7680bce50cf6/none_v3" "tx3df91967af6e403885b8c-00692ea65a" "object-server 22" 0.0006 "-" 19 0
Dec 2 08:42:02 standalone object-server[128205]: 172.20.0.100 - - [02/Dec/2025:08:42:02 +0000] "PUT /d1/746/AUTH_003a15e2106b44068d34fb3ca1bdce19/gnocchi.cc9cd55f-5fbe-4457-9158-7680bce50cf6/none_v3" 201 - "PUT http://172.18.0.2:8080/v1/AUTH_003a15e2106b44068d34fb3ca1bdce19/gnocchi.cc9cd55f-5fbe-4457-9158-7680bce50cf6/none_v3" "tx3df91967af6e403885b8c-00692ea65a" "proxy-server 20" 0.0118 "-" 22 0
Dec 2 08:42:02 standalone proxy-server[130163]: 172.18.0.2 172.18.0.100 02/Dec/2025/08/42/02 PUT /v1/AUTH_003a15e2106b44068d34fb3ca1bdce19/gnocchi.cc9cd55f-5fbe-4457-9158-7680bce50cf6/none_v3 HTTP/1.0 201 - python-swiftclient-3.11.1 gAAAAABpLqX2o5ht... 31 - - tx3df91967af6e403885b8c-00692ea65a - 0.0217 - - 1764664922.219664097 1764664922.241371393 0
Dec 2 08:42:13 standalone container-server[127879]: 172.20.0.100 - - [02/Dec/2025:08:42:13 +0000] "HEAD /d1/447/AUTH_003a15e2106b44068d34fb3ca1bdce19/gnocchi.12908581-211c-45f0-ba87-fefafd06b248" 404 - "HEAD http://172.18.0.2:8080/v1/AUTH_003a15e2106b44068d34fb3ca1bdce19/gnocchi.12908581-211c-45f0-ba87-fefafd06b248?format=json&states=listing" "txeb92839f4e3b4f7caeed8-00692ea665" "proxy-server 20" 0.0013 "-" 19 0
Dec 2 08:42:13 standalone object-server[128207]: 172.20.0.100 - - [02/Dec/2025:08:42:13 +0000] "GET /d1/182/AUTH_003a15e2106b44068d34fb3ca1bdce19/gnocchi.12908581-211c-45f0-ba87-fefafd06b248/none_v3" 404 70 "GET http://172.18.0.2:8080/v1/AUTH_003a15e2106b44068d34fb3ca1bdce19/gnocchi.12908581-211c-45f0-ba87-fefafd06b248/none_v3" "txeb92839f4e3b4f7caeed8-00692ea665" "proxy-server 20" 0.0005 "-" 23 0
Dec 2 08:42:13 standalone proxy-server[130163]: 172.18.0.2 172.18.0.100 02/Dec/2025/08/42/13 GET /v1/AUTH_003a15e2106b44068d34fb3ca1bdce19/gnocchi.12908581-211c-45f0-ba87-fefafd06b248/none_v3 HTTP/1.0 404 - python-swiftclient-3.11.1 gAAAAABpLqX2o5ht... - 70 - txeb92839f4e3b4f7caeed8-00692ea665 - 0.0167 - - 1764664933.254005909 1764664933.270660639 0
Dec 2 08:42:13 standalone account-server[128044]: 172.20.0.100 - - [02/Dec/2025:08:42:13 +0000] "PUT /d1/710/AUTH_003a15e2106b44068d34fb3ca1bdce19/gnocchi.12908581-211c-45f0-ba87-fefafd06b248" 201 - "PUT http://172.20.0.100:6001/d1/447/AUTH_003a15e2106b44068d34fb3ca1bdce19/gnocchi.12908581-211c-45f0-ba87-fefafd06b248" "txbf48ce6a82a94e47ae3fc-00692ea665" "container-server 23" 0.0072 "-" 20 0
Dec 2 08:42:13 standalone container-server[127911]: 172.20.0.100 - - [02/Dec/2025:08:42:13 +0000] "PUT /d1/447/AUTH_003a15e2106b44068d34fb3ca1bdce19/gnocchi.12908581-211c-45f0-ba87-fefafd06b248" 201 - "PUT http://172.18.0.2:8080/v1/AUTH_003a15e2106b44068d34fb3ca1bdce19/gnocchi.12908581-211c-45f0-ba87-fefafd06b248" "txbf48ce6a82a94e47ae3fc-00692ea665" "proxy-server 20" 0.0190 "-" 23 0
Dec 2 08:42:13 standalone proxy-server[130163]: 172.18.0.2 172.18.0.100 02/Dec/2025/08/42/13 PUT /v1/AUTH_003a15e2106b44068d34fb3ca1bdce19/gnocchi.12908581-211c-45f0-ba87-fefafd06b248 HTTP/1.0 201 - python-swiftclient-3.11.1 gAAAAABpLqX2o5ht... - - - txbf48ce6a82a94e47ae3fc-00692ea665 - 0.0281 - - 1764664933.275579691 1764664933.303700686 0
Dec 2 08:42:13 standalone container-server[127893]: 172.20.0.100 - - [02/Dec/2025:08:42:13 +0000] "HEAD /d1/447/AUTH_003a15e2106b44068d34fb3ca1bdce19/gnocchi.12908581-211c-45f0-ba87-fefafd06b248" 204 - "HEAD http://172.18.0.2:8080/v1/AUTH_003a15e2106b44068d34fb3ca1bdce19/gnocchi.12908581-211c-45f0-ba87-fefafd06b248?format=json&states=listing" "tx386ca968eb8a48099f94f-00692ea665" "proxy-server 20" 0.0011 "-" 21 0
Dec 2 08:42:13 standalone proxy-server[130163]: - - 02/Dec/2025/08/42/13 HEAD /v1/AUTH_003a15e2106b44068d34fb3ca1bdce19/gnocchi.12908581-211c-45f0-ba87-fefafd06b248%3Fformat%3Djson%26states%3Dlisting HTTP/1.0 204 - Swift - - - - tx386ca968eb8a48099f94f-00692ea665 - 0.0056 RL - 1764664933.310000181 1764664933.315577507 0
