Dec 2 08:28:17 standalone account-server[127676]: Starting 2
Dec 2 08:28:17 standalone container-server[127726]: Option allow_versions is deprecated. Configure the versioned_writes middleware in the proxy-server instead. This option will be ignored in a future release.
Dec 2 08:28:17 standalone container-server[127879]: Option allow_versions is deprecated. Configure the versioned_writes middleware in the proxy-server instead. This option will be ignored in a future release.
Dec 2 08:28:17 standalone container-server[127726]: Started child 19 from parent 2
Dec 2 08:28:17 standalone container-server[127893]: Option allow_versions is deprecated. Configure the versioned_writes middleware in the proxy-server instead. This option will be ignored in a future release.
Dec 2 08:28:17 standalone container-server[127726]: Started child 21 from parent 2
Dec 2 08:28:17 standalone container-server[127907]: Option allow_versions is deprecated. Configure the versioned_writes middleware in the proxy-server instead. This option will be ignored in a future release.
Dec 2 08:28:17 standalone container-server[127726]: Started child 22 from parent 2
Dec 2 08:28:17 standalone container-server[127911]: Option allow_versions is deprecated. Configure the versioned_writes middleware in the proxy-server instead. This option will be ignored in a future release.
Dec 2 08:28:17 standalone container-server[127726]: Started child 23 from parent 2
Dec 2 08:28:18 standalone container-server[127764]: Starting 2
Dec 2 08:28:18 standalone account-server[127842]: Started child 20 from parent 2
Dec 2 08:28:18 standalone account-server[127842]: Started child 21 from parent 2
Dec 2 08:28:18 standalone account-server[127842]: Started child 22 from parent 2
Dec 2 08:28:18 standalone account-server[127842]: Started child 23 from parent 2
Dec 2 08:28:18 standalone object-expirer[128021]: Starting 2
Dec 2 08:28:18 standalone object-expirer[128021]: Option auto_create_account_prefix is deprecated. Configure auto_create_account_prefix under the swift-constraints section of swift.conf. This option will be ignored in a future release.
Dec 2 08:28:18 standalone object-server[128057]: Started child 22 from parent 2
Dec 2 08:28:18 standalone object-server[128057]: Started child 23 from parent 2
Dec 2 08:28:18 standalone object-server[128057]: Started child 24 from parent 2
Dec 2 08:28:18 standalone object-server[128057]: Started child 25 from parent 2
Dec 2 08:28:19 standalone object-server[128108]: Starting 2
Dec 2 08:28:24 standalone proxy-server[129995]: Starting Keystone auth_token middleware
Dec 2 08:28:24 standalone proxy-server[129995]: AuthToken middleware is set with keystone_authtoken.service_token_roles_required set to False. This is backwards compatible but deprecated behaviour. Please set this to True.
Dec 2 08:28:24 standalone proxy-server[130163]: Starting Keystone auth_token middleware
Dec 2 08:28:24 standalone proxy-server[130163]: STDERR: The option "bind_port" is not known to keystonemiddleware
Dec 2 08:28:24 standalone proxy-server[130163]: STDERR: The option "workers" is not known to keystonemiddleware
Dec 2 08:28:24 standalone proxy-server[130163]: STDERR: The option "user" is not known to keystonemiddleware
Dec 2 08:28:24 standalone proxy-server[130163]: STDERR: The option "bind_ip" is not known to keystonemiddleware
Dec 2 08:28:24 standalone proxy-server[130163]: STDERR: The option "log_name" is not known to keystonemiddleware
Dec 2 08:28:24 standalone proxy-server[130163]: STDERR: The option "log_facility" is not known to keystonemiddleware
Dec 2 08:28:24 standalone proxy-server[130163]: STDERR: The option "log_level" is not known to keystonemiddleware
Dec 2 08:28:24 standalone proxy-server[130163]: STDERR: The option "log_headers" is not known to keystonemiddleware
Dec 2 08:28:24 standalone proxy-server[130163]: STDERR: The option "log_address" is not known to keystonemiddleware
Dec 2 08:28:24 standalone proxy-server[130163]: STDERR: The option "project_name" is not known to keystonemiddleware
Dec 2 08:28:24 standalone proxy-server[130163]: STDERR: The option "username" is not known to keystonemiddleware
Dec 2 08:28:24 standalone proxy-server[130163]: STDERR: The option "password" is not known to keystonemiddleware
Dec 2 08:28:24 standalone proxy-server[130163]: STDERR: The option "auth_url" is not known to keystonemiddleware
Dec 2 08:28:24 standalone proxy-server[130163]: STDERR: The option "signing_dir" is not known to keystonemiddleware
Dec 2 08:28:24 standalone proxy-server[130163]: STDERR: The option "project_domain_id" is not known to keystonemiddleware
Dec 2 08:28:24 standalone proxy-server[130163]: STDERR: The option "user_domain_id" is not known to keystonemiddleware
Dec 2 08:28:24 standalone proxy-server[130163]: STDERR: The option "__name__" is not known to keystonemiddleware
Dec 2 08:28:24 standalone proxy-server[130163]: AuthToken middleware is set with keystone_authtoken.service_token_roles_required set to False. This is backwards compatible but deprecated behaviour. Please set this to True.
Dec 2 08:28:24 standalone proxy-server[129995]: Started child 20 from parent 2
Dec 2 08:31:36 standalone account-server[128048]: 172.20.0.100 - - [02/Dec/2025:08:31:36 +0000] "HEAD /d1/69/.expiring_objects" 404 - "HEAD http://localhost/v1/.expiring_objects?format=json" "tx228dddce8a074b23aa7b6-00692ea3e8" "proxy-server 2" 0.0016 "-" 21 -
Dec 2 08:31:36 standalone object-expirer[128021]: Pass completed in 0s; 0 objects expired (txn: tx228dddce8a074b23aa7b6-00692ea3e8)
Dec 2 08:32:54 standalone object-server[128108]: Begin object update sweep
Dec 2 08:32:54 standalone object-server[162488]: Object update sweep starting on /srv/node/d1 (pid: 12)
Dec 2 08:32:54 standalone object-server[162488]: Object update sweep completed on /srv/node/d1 in 0.00s seconds:, 0 successes, 0 failures, 0 quarantines, 0 unlinks, 0 errors, 0 redirects (pid: 12)
Dec 2 08:32:54 standalone object-server[162488]: Object update sweep of d1 completed: 0.00s, 0 successes, 0 failures, 0 quarantines, 0 unlinks, 0 errors, 0 redirects
Dec 2 08:32:54 standalone object-server[128108]: Object update sweep completed: 0.09s
Dec 2 08:33:03 standalone container-server[127764]: Begin container update sweep
Dec 2 08:33:03 standalone container-server[127764]: Container update sweep completed: 0.00s
Dec 2 08:34:05 standalone account-server[128062]: 172.20.0.100 - - [02/Dec/2025:08:34:05 +0000] "HEAD /d1/69/.expiring_objects" 404 - "HEAD http://localhost/v1/.expiring_objects?format=json" "tx4f08935bd0724c1fa13a5-00692ea47d" "proxy-server 2" 0.0023 "-" 23 -
Dec 2 08:34:05 standalone object-expirer[128021]: Pass completed in 0s; 0 objects expired (txn: tx4f08935bd0724c1fa13a5-00692ea47d)
Dec 2 08:37:54 standalone object-server[128108]: Begin object update sweep
Dec 2 08:37:54 standalone object-server[204130]: Object update sweep starting on /srv/node/d1 (pid: 13)
Dec 2 08:37:54 standalone object-server[204130]: Object update sweep completed on /srv/node/d1 in 0.00s seconds:, 0 successes, 0 failures, 0 quarantines, 0 unlinks, 0 errors, 0 redirects (pid: 13)
Dec 2 08:37:54 standalone object-server[204130]: Object update sweep of d1 completed: 0.00s, 0 successes, 0 failures, 0 quarantines, 0 unlinks, 0 errors, 0 redirects
Dec 2 08:37:54 standalone object-server[128108]: Object update sweep completed: 0.08s
Dec 2 08:38:03 standalone account-server[128051]: 172.20.0.100 - - [02/Dec/2025:08:38:03 +0000] "HEAD /d1/69/.expiring_objects" 404 - "HEAD http://localhost/v1/.expiring_objects?format=json" "tx7046bb79fc9b44dca69c9-00692ea56b" "proxy-server 2" 0.0019 "-" 22 -
Dec 2 08:38:03 standalone object-expirer[128021]: Pass completed in 0s; 0 objects expired (txn: tx7046bb79fc9b44dca69c9-00692ea56b)
Dec 2 08:38:03 standalone container-server[127764]: Begin container update sweep
Dec 2 08:38:03 standalone container-server[127764]: Container update sweep completed: 0.00s
Dec 2 08:39:12 standalone account-server[128044]: 172.20.0.100 - - [02/Dec/2025:08:39:12 +0000] "HEAD /d1/69/.expiring_objects" 404 - "HEAD http://localhost/v1/.expiring_objects?format=json" "txc52e3af8ef184c0fac449-00692ea5b0" "proxy-server 2" 0.0008 "-" 20 -
Dec 2 08:39:12 standalone object-expirer[128021]: Pass completed in 0s; 0 objects expired (txn: txc52e3af8ef184c0fac449-00692ea5b0)
Dec 2 08:39:29 standalone account-server[128044]: 172.20.0.100 - - [02/Dec/2025:08:39:29 +0000] "HEAD /d1/69/.expiring_objects" 404 - "HEAD http://localhost/v1/.expiring_objects?format=json" "txffb50fed4ed24e24ae867-00692ea5c1" "proxy-server 2" 0.0009 "-" 20 -
Dec 2 08:39:29 standalone object-expirer[128021]: Pass completed in 0s; 0 objects expired (txn: txffb50fed4ed24e24ae867-00692ea5c1)
Dec 2 08:39:40 standalone account-server[128062]: 172.20.0.100 - - [02/Dec/2025:08:39:40 +0000] "HEAD /d1/69/.expiring_objects" 404 - "HEAD http://localhost/v1/.expiring_objects?format=json" "txf44ff68d078b406b88464-00692ea5cc" "proxy-server 2" 0.0008 "-" 23 -
Dec 2 08:39:40 standalone object-expirer[128021]: Pass completed in 0s; 0 objects expired (txn: txf44ff68d078b406b88464-00692ea5cc)
Dec 2 08:40:22 standalone account-server[128051]: 172.20.0.100 - - [02/Dec/2025:08:40:22 +0000] "HEAD /d1/710/AUTH_003a15e2106b44068d34fb3ca1bdce19" 404 - "HEAD http://172.18.0.2:8080/v1/AUTH_003a15e2106b44068d34fb3ca1bdce19?format=json" "tx05c34eb461554dbcb5f30-00692ea5f6" "proxy-server 20" 0.0006 "-" 22 -
Dec 2 08:40:22 standalone proxy-server[130163]: - - 02/Dec/2025/08/40/22 HEAD /v1/AUTH_003a15e2106b44068d34fb3ca1bdce19%3Fformat%3Djson HTTP/1.0 200 - Swift - - - - tx05c34eb461554dbcb5f30-00692ea5f6 - 0.0054 RL - 1764664822.347021818 1764664822.352413177 -
Dec 2 08:40:22 standalone object-server[128219]: 172.20.0.100 - - [02/Dec/2025:08:40:22 +0000] "GET /d1/832/AUTH_003a15e2106b44068d34fb3ca1bdce19/gnocchi.a033c133-63f1-46fa-8a55-340ae975fc41/none_v3" 404 70 "GET http://172.18.0.2:8080/v1/AUTH_003a15e2106b44068d34fb3ca1bdce19/gnocchi.a033c133-63f1-46fa-8a55-340ae975fc41/none_v3" "tx05c34eb461554dbcb5f30-00692ea5f6" "proxy-server 20" 0.0007 "-" 25 0
Dec 2 08:40:22 standalone proxy-server[130163]: 172.18.0.2 172.18.0.100 02/Dec/2025/08/40/22 GET /v1/AUTH_003a15e2106b44068d34fb3ca1bdce19/gnocchi.a033c133-63f1-46fa-8a55-340ae975fc41/none_v3 HTTP/1.0 404 - python-swiftclient-3.11.1 gAAAAABpLqX2o5ht... - 70 - tx05c34eb461554dbcb5f30-00692ea5f6 - 0.3671 - - 1764664822.344783306 1764664822.711845875 0
Dec 2 08:40:22 standalone account-server[128062]: 172.20.0.100 - - [02/Dec/2025:08:40:22 +0000] "PUT /d1/710/AUTH_003a15e2106b44068d34fb3ca1bdce19" 201 - "-" "txb1cb3bb4eb5c4a5cad934-00692ea5f6" "-" 0.0139 "-" 23 -
Dec 2 08:40:22 standalone proxy-server[130163]: autocreate account '/AUTH_003a15e2106b44068d34fb3ca1bdce19' (txn: txb1cb3bb4eb5c4a5cad934-00692ea5f6)
Dec 2 08:40:22 standalone account-server[128048]: 172.20.0.100 - - [02/Dec/2025:08:40:22 +0000] "HEAD /d1/710/AUTH_003a15e2106b44068d34fb3ca1bdce19" 204 - "HEAD http://172.18.0.2:8080/v1/AUTH_003a15e2106b44068d34fb3ca1bdce19?format=json" "txb1cb3bb4eb5c4a5cad934-00692ea5f6" "proxy-server 20" 0.0031 "-" 21 -
Dec 2 08:40:22 standalone account-server[128044]: 172.20.0.100 - - [02/Dec/2025:08:40:22 +0000] "PUT /d1/710/AUTH_003a15e2106b44068d34fb3ca1bdce19/gnocchi.a033c133-63f1-46fa-8a55-340ae975fc41" 201 - "PUT http://172.20.0.100:6001/d1/588/AUTH_003a15e2106b44068d34fb3ca1bdce19/gnocchi.a033c133-63f1-46fa-8a55-340ae975fc41" "txb1cb3bb4eb5c4a5cad934-00692ea5f6" "container-server 22" 0.0027 "-" 20 0
Dec 2 08:40:22 standalone container-server[127907]: 172.20.0.100 - - [02/Dec/2025:08:40:22 +0000] "PUT /d1/588/AUTH_003a15e2106b44068d34fb3ca1bdce19/gnocchi.a033c133-63f1-46fa-8a55-340ae975fc41" 201 - "PUT http://172.18.0.2:8080/v1/AUTH_003a15e2106b44068d34fb3ca1bdce19/gnocchi.a033c133-63f1-46fa-8a55-340ae975fc41" "txb1cb3bb4eb5c4a5cad934-00692ea5f6" "proxy-server 20" 0.0193 "-" 22 0
Dec 2 08:40:22 standalone proxy-server[130163]: 172.18.0.2 172.18.0.100 02/Dec/2025/08/40/22 PUT /v1/AUTH_003a15e2106b44068d34fb3ca1bdce19/gnocchi.a033c133-63f1-46fa-8a55-340ae975fc41 HTTP/1.0 201 - python-swiftclient-3.11.1 gAAAAABpLqX2o5ht... - - - txb1cb3bb4eb5c4a5cad934-00692ea5f6 - 0.0487 - - 1764664822.715831518 1764664822.764575243 0
Dec 2 08:40:22 standalone container-server[127879]: 172.20.0.100 - - [02/Dec/2025:08:40:22 +0000] "HEAD /d1/588/AUTH_003a15e2106b44068d34fb3ca1bdce19/gnocchi.a033c133-63f1-46fa-8a55-340ae975fc41" 204 - "HEAD http://172.18.0.2:8080/v1/AUTH_003a15e2106b44068d34fb3ca1bdce19/gnocchi.a033c133-63f1-46fa-8a55-340ae975fc41?format=json&states=listing" "tx350395ad72904474b93f7-00692ea5f6" "proxy-server 20" 0.0038 "-" 19 0
Dec 2 08:40:22 standalone proxy-server[130163]: - - 02/Dec/2025/08/40/22 HEAD /v1/AUTH_003a15e2106b44068d34fb3ca1bdce19/gnocchi.a033c133-63f1-46fa-8a55-340ae975fc41%3Fformat%3Djson%26states%3Dlisting HTTP/1.0 204 - Swift - - - - tx350395ad72904474b93f7-00692ea5f6 - 0.0085 RL - 1764664822.770592451 1764664822.779130697 0
Dec 2 08:40:22 standalone container-server[127893]: 172.20.0.100 - - [02/Dec/2025:08:40:22 +0000] "GET /d1/588/AUTH_003a15e2106b44068d34fb3ca1bdce19/gnocchi.a033c133-63f1-46fa-8a55-340ae975fc41" 200 2 "GET http://172.18.0.2:8080/v1/AUTH_003a15e2106b44068d34fb3ca1bdce19/gnocchi.a033c133-63f1-46fa-8a55-340ae975fc41?format=json&states=listing" "tx350395ad72904474b93f7-00692ea5f6" "proxy-server 20" 0.0063 "-" 21 0
Dec 2 08:40:22 standalone proxy-server[130163]: 172.18.0.2 172.18.0.100 02/Dec/2025/08/40/22 GET /v1/AUTH_003a15e2106b44068d34fb3ca1bdce19/gnocchi.a033c133-63f1-46fa-8a55-340ae975fc41%3Fformat%3Djson%26states%3Dlisting HTTP/1.0 200 - python-swiftclient-3.11.1 gAAAAABpLqX2o5ht... - 2 - tx350395ad72904474b93f7-00692ea5f6 - 0.0250 - - 1764664822.769050121 1764664822.794026136 0
Dec 2 08:40:22 standalone object-server[128207]: 172.20.0.100 - - [02/Dec/2025:08:40:22 +0000] "GET /d1/283/AUTH_003a15e2106b44068d34fb3ca1bdce19/gnocchi.a033c133-63f1-46fa-8a55-340ae975fc41/1763640000.0_mean_300.0_v3" 404 70 "GET http://172.18.0.2:8080/v1/AUTH_003a15e2106b44068d34fb3ca1bdce19/gnocchi.a033c133-63f1-46fa-8a55-340ae975fc41/1763640000.0_mean_300.0_v3" "tx0a50d2fad99f4c3faadf6-00692ea5f6" "proxy-server 20" 0.0010 "-" 23 0
Dec 2 08:40:22 standalone proxy-server[130163]: 172.18.0.2 172.18.0.100 02/Dec/2025/08/40/22 GET /v1/AUTH_003a15e2106b44068d34fb3ca1bdce19/gnocchi.a033c133-63f1-46fa-8a55-340ae975fc41/1763640000.0_mean_300.0_v3 HTTP/1.0 404 - python-swiftclient-3.11.1 gAAAAABpLqX2o5ht... - 70 - tx0a50d2fad99f4c3faadf6-00692ea5f6 - 0.0109 - - 1764664822.800456524 1764664822.811370611 0
Dec 2 08:40:22 standalone container-server[127907]: 172.20.0.100 - - [02/Dec/2025:08:40:22 +0000] "PUT /d1/588/AUTH_003a15e2106b44068d34fb3ca1bdce19/gnocchi.a033c133-63f1-46fa-8a55-340ae975fc41/1763640000.0_mean_300.0_v3" 201 - "PUT http://172.18.0.2:8080/d1/283/AUTH_003a15e2106b44068d34fb3ca1bdce19/gnocchi.a033c133-63f1-46fa-8a55-340ae975fc41/1763640000.0_mean_300.0_v3" "tx4218f7d97ef04db4b00e1-00692ea5f6" "object-server 25" 0.0009 "-" 22 0
Dec 2 08:40:22 standalone object-server[128219]: 172.20.0.100 - - [02/Dec/2025:08:40:22 +0000] "PUT /d1/283/AUTH_003a15e2106b44068d34fb3ca1bdce19/gnocchi.a033c133-63f1-46fa-8a55-340ae975fc41/1763640000.0_mean_300.0_v3" 201 - "PUT http://172.18.0.2:8080/v1/AUTH_003a15e2106b44068d34fb3ca1bdce19/gnocchi.a033c133-63f1-46fa-8a55-340ae975fc41/1763640000.0_mean_300.0_v3" "tx4218f7d97ef04db4b00e1-00692ea5f6" "proxy-server 20" 0.0315 "-" 25 0
Dec 2 08:40:22 standalone proxy-server[130163]: 172.18.0.2 172.18.0.100 02/Dec/2025/08/40/22 PUT /v1/AUTH_003a15e2106b44068d34fb3ca1bdce19/gnocchi.a033c133-63f1-46fa-8a55-340ae975fc41/1763640000.0_mean_300.0_v3 HTTP/1.0 201 - python-swiftclient-3.11.1 gAAAAABpLqX2o5ht... 16 - - tx4218f7d97ef04db4b00e1-00692ea5f6 - 0.0404 - - 1764664822.816363573 1764664822.856758118 0
Dec 2 08:40:22 standalone container-server[127911]: 172.20.0.100 - - [02/Dec/2025:08:40:22 +0000] "PUT /d1/588/AUTH_003a15e2106b44068d34fb3ca1bdce19/gnocchi.a033c133-63f1-46fa-8a55-340ae975fc41/none_v3" 201 - "PUT http://172.18.0.2:8080/d1/832/AUTH_003a15e2106b44068d34fb3ca1bdce19/gnocchi.a033c133-63f1-46fa-8a55-340ae975fc41/none_v3" "tx1cfbb11663c04e5daea7c-00692ea5f6" "object-server 25" 0.0016 "-" 23 0
Dec 2 08:40:22 standalone object-server[128219]: 172.20.0.100 - - [02/Dec/2025:08:40:22 +0000] "PUT /d1/832/AUTH_003a15e2106b44068d34fb3ca1bdce19/gnocchi.a033c133-63f1-46fa-8a55-340ae975fc41/none_v3" 201 - "PUT http://172.18.0.2:8080/v1/AUTH_003a15e2106b44068d34fb3ca1bdce19/gnocchi.a033c133-63f1-46fa-8a55-340ae975fc41/none_v3" "tx1cfbb11663c04e5daea7c-00692ea5f6" "proxy-server 20" 0.0137 "-" 25 0
Dec 2 08:40:22 standalone proxy-server[130163]: 172.18.0.2 172.18.0.100 02/Dec/2025/08/40/22 PUT /v1/AUTH_003a15e2106b44068d34fb3ca1bdce19/gnocchi.a033c133-63f1-46fa-8a55-340ae975fc41/none_v3 HTTP/1.0 201 - python-swiftclient-3.11.1 gAAAAABpLqX2o5ht... 22 - - tx1cfbb11663c04e5daea7c-00692ea5f6 - 0.0221 - - 1764664822.862381458 1764664822.884511709 0
Dec 2 08:40:52 standalone object-server[128216]: 172.20.0.100 - - [02/Dec/2025:08:40:52 +0000] "GET /d1/832/AUTH_003a15e2106b44068d34fb3ca1bdce19/gnocchi.a033c133-63f1-46fa-8a55-340ae975fc41/none_v3" 200 22 "GET http://172.18.0.2:8080/v1/AUTH_003a15e2106b44068d34fb3ca1bdce19/gnocchi.a033c133-63f1-46fa-8a55-340ae975fc41/none_v3" "tx41d2a3aa26ba44f9bb88b-00692ea614" "proxy-server 20" 0.0023 "-" 24 0
Dec 2 08:40:52 standalone proxy-server[130163]: 172.18.0.2 172.18.0.100 02/Dec/2025/08/40/52 GET /v1/AUTH_003a15e2106b44068d34fb3ca1bdce19/gnocchi.a033c133-63f1-46fa-8a55-340ae975fc41/none_v3 HTTP/1.0 200 - python-swiftclient-3.11.1 gAAAAABpLqX2o5ht... - 22 - tx41d2a3aa26ba44f9bb88b-00692ea614 - 0.0246 - - 1764664852.022860289 1764664852.047456741 0
Dec 2 08:40:52 standalone container-server[127893]: 172.20.0.100 - - [02/Dec/2025:08:40:52 +0000] "GET /d1/588/AUTH_003a15e2106b44068d34fb3ca1bdce19/gnocchi.a033c133-63f1-46fa-8a55-340ae975fc41" 200 357 "GET http://172.18.0.2:8080/v1/AUTH_003a15e2106b44068d34fb3ca1bdce19/gnocchi.a033c133-63f1-46fa-8a55-340ae975fc41?format=json&states=listing" "txa437025486d244ff8a840-00692ea614" "proxy-server 20" 0.0143 "-" 21 0
Dec 2 08:40:52 standalone proxy-server[130163]: 172.18.0.2 172.18.0.100 02/Dec/2025/08/40/52 GET /v1/AUTH_003a15e2106b44068d34fb3ca1bdce19/gnocchi.a033c133-63f1-46fa-8a55-340ae975fc41%3Fformat%3Djson%26states%3Dlisting HTTP/1.0 200 - python-swiftclient-3.11.1 gAAAAABpLqX2o5ht... - 357 - txa437025486d244ff8a840-00692ea614 - 0.0213 - - 1764664852.051135540 1764664852.072391987 0
Dec 2 08:40:52 standalone container-server[127907]: 172.20.0.100 - - [02/Dec/2025:08:40:52 +0000] "GET /d1/588/AUTH_003a15e2106b44068d34fb3ca1bdce19/gnocchi.a033c133-63f1-46fa-8a55-340ae975fc41" 200 2 "GET http://172.18.0.2:8080/v1/AUTH_003a15e2106b44068d34fb3ca1bdce19/gnocchi.a033c133-63f1-46fa-8a55-340ae975fc41?format=json&marker=none_v3&states=listing" "txab77770c9b574dce95181-00692ea614" "proxy-server 20" 0.0061 "-" 22 0
Dec 2 08:40:52 standalone proxy-server[130163]: 172.18.0.2 172.18.0.100 02/Dec/2025/08/40/52 GET /v1/AUTH_003a15e2106b44068d34fb3ca1bdce19/gnocchi.a033c133-63f1-46fa-8a55-340ae975fc41%3Fformat%3Djson%26marker%3Dnone_v3%26states%3Dlisting HTTP/1.0 200 - python-swiftclient-3.11.1 gAAAAABpLqX2o5ht... - 2 - txab77770c9b574dce95181-00692ea614 - 0.0134 - - 1764664852.075426102 1764664852.088850975 0
Dec 2 08:40:52 standalone object-server[128205]: 172.20.0.100 - - [02/Dec/2025:08:40:52 +0000] "GET /d1/283/AUTH_003a15e2106b44068d34fb3ca1bdce19/gnocchi.a033c133-63f1-46fa-8a55-340ae975fc41/1763640000.0_mean_300.0_v3" 200 16 "GET http://172.18.0.2:8080/v1/AUTH_003a15e2106b44068d34fb3ca1bdce19/gnocchi.a033c133-63f1-46fa-8a55-340ae975fc41/1763640000.0_mean_300.0_v3" "tx46d93de494e14c68a4ad7-00692ea614" "proxy-server 20" 0.0014 "-" 22 0
Dec 2 08:40:52 standalone proxy-server[130163]: 172.18.0.2 172.18.0.100 02/Dec/2025/08/40/52 GET /v1/AUTH_003a15e2106b44068d34fb3ca1bdce19/gnocchi.a033c133-63f1-46fa-8a55-340ae975fc41/1763640000.0_mean_300.0_v3 HTTP/1.0 200 - python-swiftclient-3.11.1 gAAAAABpLqX2o5ht... - 16 - tx46d93de494e14c68a4ad7-00692ea614 - 0.0121 - - 1764664852.092511415 1764664852.104591608 0
Dec 2 08:40:52 standalone container-server[127907]: 172.20.0.100 - - [02/Dec/2025:08:40:52 +0000] "PUT /d1/588/AUTH_003a15e2106b44068d34fb3ca1bdce19/gnocchi.a033c133-63f1-46fa-8a55-340ae975fc41/1763640000.0_mean_300.0_v3" 201 - "PUT http://172.18.0.2:8080/d1/283/AUTH_003a15e2106b44068d34fb3ca1bdce19/gnocchi.a033c133-63f1-46fa-8a55-340ae975fc41/1763640000.0_mean_300.0_v3" "tx8425b787121e49339aa2e-00692ea614" "object-server 23" 0.0008 "-" 22 0
Dec 2 08:40:52 standalone object-server[128207]: 172.20.0.100 - - [02/Dec/2025:08:40:52 +0000] "PUT /d1/283/AUTH_003a15e2106b44068d34fb3ca1bdce19/gnocchi.a033c133-63f1-46fa-8a55-340ae975fc41/1763640000.0_mean_300.0_v3" 201 - "PUT http://172.18.0.2:8080/v1/AUTH_003a15e2106b44068d34fb3ca1bdce19/gnocchi.a033c133-63f1-46fa-8a55-340ae975fc41/1763640000.0_mean_300.0_v3" "tx8425b787121e49339aa2e-00692ea614" "proxy-server 20" 0.0365 "-" 23 0
Dec 2 08:40:52 standalone proxy-server[130163]: 172.18.0.2 172.18.0.100 02/Dec/2025/08/40/52 PUT /v1/AUTH_003a15e2106b44068d34fb3ca1bdce19/gnocchi.a033c133-63f1-46fa-8a55-340ae975fc41/1763640000.0_mean_300.0_v3 HTTP/1.0 201 - python-swiftclient-3.11.1 gAAAAABpLqX2o5ht... 16 - - tx8425b787121e49339aa2e-00692ea614 - 0.0425 - - 1764664852.107878447 1764664852.150393009 0
Dec 2 08:40:52 standalone container-server[127907]: 172.20.0.100 - - [02/Dec/2025:08:40:52 +0000] "PUT /d1/588/AUTH_003a15e2106b44068d34fb3ca1bdce19/gnocchi.a033c133-63f1-46fa-8a55-340ae975fc41/none_v3" 201 - "PUT http://172.18.0.2:8080/d1/832/AUTH_003a15e2106b44068d34fb3ca1bdce19/gnocchi.a033c133-63f1-46fa-8a55-340ae975fc41/none_v3" "txd151876b4a4d49fb8a604-00692ea614" "object-server 23" 0.0007 "-" 22 0
Dec 2 08:40:52 standalone object-server[128207]: 172.20.0.100 - - [02/Dec/2025:08:40:52 +0000] "PUT /d1/832/AUTH_003a15e2106b44068d34fb3ca1bdce19/gnocchi.a033c133-63f1-46fa-8a55-340ae975fc41/none_v3" 201 - "PUT http://172.18.0.2:8080/v1/AUTH_003a15e2106b44068d34fb3ca1bdce19/gnocchi.a033c133-63f1-46fa-8a55-340ae975fc41/none_v3" "txd151876b4a4d49fb8a604-00692ea614" "proxy-server 20" 0.0118 "-" 23 0
Dec 2 08:40:52 standalone proxy-server[130163]: 172.18.0.2 172.18.0.100 02/Dec/2025/08/40/52 PUT /v1/AUTH_003a15e2106b44068d34fb3ca1bdce19/gnocchi.a033c133-63f1-46fa-8a55-340ae975fc41/none_v3 HTTP/1.0 201 - python-swiftclient-3.11.1 gAAAAABpLqX2o5ht... 32 - - txd151876b4a4d49fb8a604-00692ea614 - 0.0174 - - 1764664852.153278828 1764664852.170654297 0
Dec 2 08:41:22 standalone account-server[128051]: 172.20.0.100 - - [02/Dec/2025:08:41:22 +0000] "HEAD /d1/710/AUTH_003a15e2106b44068d34fb3ca1bdce19" 204 - "HEAD http://172.18.0.2:8080/v1/AUTH_003a15e2106b44068d34fb3ca1bdce19?format=json" "txe154a72293aa474481dda-00692ea632" "proxy-server 20" 0.0058 "-" 22 -
Dec 2 08:41:22 standalone proxy-server[130163]: - - 02/Dec/2025/08/41/22 HEAD /v1/AUTH_003a15e2106b44068d34fb3ca1bdce19%3Fformat%3Djson HTTP/1.0 204 - Swift - - - - txe154a72293aa474481dda-00692ea632 - 0.0098 RL - 1764664882.159276247 1764664882.169078112 -
Dec 2 08:41:22 standalone container-server[127911]: 172.20.0.100 - - [02/Dec/2025:08:41:22 +0000] "HEAD /d1/160/AUTH_003a15e2106b44068d34fb3ca1bdce19/gnocchi.839c349d-fe7a-471c-be02-76ef99c7dc31" 404 - "HEAD http://172.18.0.2:8080/v1/AUTH_003a15e2106b44068d34fb3ca1bdce19/gnocchi.839c349d-fe7a-471c-be02-76ef99c7dc31?format=json&states=listing" "txe154a72293aa474481dda-00692ea632" "proxy-server 20" 0.0008 "-" 23 0
Dec 2 08:41:22 standalone object-server[128205]: 172.20.0.100 - - [02/Dec/2025:08:41:22 +0000] "GET /d1/658/AUTH_003a15e2106b44068d34fb3ca1bdce19/gnocchi.839c349d-fe7a-471c-be02-76ef99c7dc31/none_v3" 404 70 "GET http://172.18.0.2:8080/v1/AUTH_003a15e2106b44068d34fb3ca1bdce19/gnocchi.839c349d-fe7a-471c-be02-76ef99c7dc31/none_v3" "txe154a72293aa474481dda-00692ea632" "proxy-server 20" 0.0006 "-" 22 0
Dec 2 08:41:22 standalone proxy-server[130163]: 172.18.0.2 172.18.0.100 02/Dec/2025/08/41/22 GET /v1/AUTH_003a15e2106b44068d34fb3ca1bdce19/gnocchi.839c349d-fe7a-471c-be02-76ef99c7dc31/none_v3 HTTP/1.0 404 - python-swiftclient-3.11.1 gAAAAABpLqX2o5ht... - 70 - txe154a72293aa474481dda-00692ea632 - 0.0238 - - 1764664882.155896425 1764664882.179743052 0
Dec 2 08:41:22 standalone account-server[128048]: 172.20.0.100 - - [02/Dec/2025:08:41:22 +0000] "PUT /d1/710/AUTH_003a15e2106b44068d34fb3ca1bdce19/gnocchi.839c349d-fe7a-471c-be02-76ef99c7dc31" 201 - "PUT http://172.20.0.100:6001/d1/160/AUTH_003a15e2106b44068d34fb3ca1bdce19/gnocchi.839c349d-fe7a-471c-be02-76ef99c7dc31" "tx8d9bd167b82d45c183f2a-00692ea632" "container-server 19" 0.0009 "-" 21 0
Dec 2 08:41:22 standalone container-server[127879]: 172.20.0.100 - - [02/Dec/2025:08:41:22 +0000] "PUT /d1/160/AUTH_003a15e2106b44068d34fb3ca1bdce19/gnocchi.839c349d-fe7a-471c-be02-76ef99c7dc31" 201 - "PUT http://172.18.0.2:8080/v1/AUTH_003a15e2106b44068d34fb3ca1bdce19/gnocchi.839c349d-fe7a-471c-be02-76ef99c7dc31" "tx8d9bd167b82d45c183f2a-00692ea632" "proxy-server 20" 0.0126 "-" 19 0
Dec 2 08:41:22 standalone proxy-server[130163]: 172.18.0.2 172.18.0.100 02/Dec/2025/08/41/22 PUT /v1/AUTH_003a15e2106b44068d34fb3ca1bdce19/gnocchi.839c349d-fe7a-471c-be02-76ef99c7dc31 HTTP/1.0 201 - python-swiftclient-3.11.1 gAAAAABpLqX2o5ht... - - - tx8d9bd167b82d45c183f2a-00692ea632 - 0.0170 - - 1764664882.182168245 1764664882.199149847 0
Dec 2 08:41:22 standalone container-server[127911]: 172.20.0.100 - - [02/Dec/2025:08:41:22 +0000] "HEAD /d1/160/AUTH_003a15e2106b44068d34fb3ca1bdce19/gnocchi.839c349d-fe7a-471c-be02-76ef99c7dc31" 204 - "HEAD http://172.18.0.2:8080/v1/AUTH_003a15e2106b44068d34fb3ca1bdce19/gnocchi.839c349d-fe7a-471c-be02-76ef99c7dc31?format=json&states=listing" "txf42b72994806496082b4b-00692ea632" "proxy-server 20" 0.0017 "-" 23 0
Dec 2 08:41:22 standalone proxy-server[130163]: - - 02/Dec/2025/08/41/22 HEAD /v1/AUTH_003a15e2106b44068d34fb3ca1bdce19/gnocchi.839c349d-fe7a-471c-be02-76ef99c7dc31%3Fformat%3Djson%26states%3Dlisting HTTP/1.0 204 - Swift - - - - txf42b72994806496082b4b-00692ea632 - 0.0047 RL - 1764664882.203216791 1764664882.207890272 0
Dec 2 08:41:22 standalone container-server[127911]: 172.20.0.100 - - [02/Dec/2025:08:41:22 +0000] "GET /d1/160/AUTH_003a15e2106b44068d34fb3ca1bdce19/gnocchi.839c349d-fe7a-471c-be02-76ef99c7dc31" 200 2 "GET http://172.18.0.2:8080/v1/AUTH_003a15e2106b44068d34fb3ca1bdce19/gnocchi.839c349d-fe7a-471c-be02-76ef99c7dc31?format=json&states=listing" "txf42b72994806496082b4b-00692ea632" "proxy-server 20" 0.0018 "-" 23 0
Dec 2 08:41:22 standalone proxy-server[130163]: 172.18.0.2 172.18.0.100 02/Dec/2025/08/41/22 GET /v1/AUTH_003a15e2106b44068d34fb3ca1bdce19/gnocchi.839c349d-fe7a-471c-be02-76ef99c7dc31%3Fformat%3Djson%26states%3Dlisting HTTP/1.0 200 - python-swiftclient-3.11.1 gAAAAABpLqX2o5ht... - 2 - txf42b72994806496082b4b-00692ea632 - 0.0126 - - 1764664882.202187300 1764664882.214800835 0
Dec 2 08:41:22 standalone object-server[128205]: 172.20.0.100 - - [02/Dec/2025:08:41:22 +0000] "GET /d1/291/AUTH_003a15e2106b44068d34fb3ca1bdce19/gnocchi.839c349d-fe7a-471c-be02-76ef99c7dc31/1763640000.0_mean_300.0_v3" 404 70 "GET http://172.18.0.2:8080/v1/AUTH_003a15e2106b44068d34fb3ca1bdce19/gnocchi.839c349d-fe7a-471c-be02-76ef99c7dc31/1763640000.0_mean_300.0_v3" "tx5815cd9ba8ef42cbb85c7-00692ea632" "proxy-server 20" 0.0003 "-" 22 0
Dec 2 08:41:22 standalone proxy-server[130163]: 172.18.0.2 172.18.0.100 02/Dec/2025/08/41/22 GET /v1/AUTH_003a15e2106b44068d34fb3ca1bdce19/gnocchi.839c349d-fe7a-471c-be02-76ef99c7dc31/1763640000.0_mean_300.0_v3 HTTP/1.0 404 - python-swiftclient-3.11.1 gAAAAABpLqX2o5ht... - 70 - tx5815cd9ba8ef42cbb85c7-00692ea632 - 0.0057 - - 1764664882.222702026 1764664882.228445768 0
Dec 2 08:41:22 standalone container-server[127879]: 172.20.0.100 - - [02/Dec/2025:08:41:22 +0000] "PUT /d1/160/AUTH_003a15e2106b44068d34fb3ca1bdce19/gnocchi.839c349d-fe7a-471c-be02-76ef99c7dc31/1763640000.0_mean_300.0_v3" 201 - "PUT http://172.18.0.2:8080/d1/291/AUTH_003a15e2106b44068d34fb3ca1bdce19/gnocchi.839c349d-fe7a-471c-be02-76ef99c7dc31/1763640000.0_mean_300.0_v3" "tx42310bf0dbea4a99a6e57-00692ea632" "object-server 24" 0.0005 "-" 19 0
Dec 2 08:41:22 standalone object-server[128216]: 172.20.0.100 - - [02/Dec/2025:08:41:22 +0000] "PUT /d1/291/AUTH_003a15e2106b44068d34fb3ca1bdce19/gnocchi.839c349d-fe7a-471c-be02-76ef99c7dc31/1763640000.0_mean_300.0_v3" 201 - "PUT http://172.18.0.2:8080/v1/AUTH_003a15e2106b44068d34fb3ca1bdce19/gnocchi.839c349d-fe7a-471c-be02-76ef99c7dc31/1763640000.0_mean_300.0_v3" "tx42310bf0dbea4a99a6e57-00692ea632" "proxy-server 20" 0.0159 "-" 24 0
Dec 2 08:41:22 standalone proxy-server[130163]: 172.18.0.2 172.18.0.100 02/Dec/2025/08/41/22 PUT /v1/AUTH_003a15e2106b44068d34fb3ca1bdce19/gnocchi.839c349d-fe7a-471c-be02-76ef99c7dc31/1763640000.0_mean_300.0_v3 HTTP/1.0 201 - python-swiftclient-3.11.1 gAAAAABpLqX2o5ht... 16 - - tx42310bf0dbea4a99a6e57-00692ea632 - 0.0214 - - 1764664882.235639095 1764664882.257027149 0
Dec 2 08:41:22 standalone container-server[127893]: 172.20.0.100 - - [02/Dec/2025:08:41:22 +0000] "PUT /d1/160/AUTH_003a15e2106b44068d34fb3ca1bdce19/gnocchi.839c349d-fe7a-471c-be02-76ef99c7dc31/none_v3" 201 - "PUT http://172.18.0.2:8080/d1/658/AUTH_003a15e2106b44068d34fb3ca1bdce19/gnocchi.839c349d-fe7a-471c-be02-76ef99c7dc31/none_v3" "txd9d1932fba9c4280acbc3-00692ea632" "object-server 24" 0.0007 "-" 21 0
Dec 2 08:41:22 standalone object-server[128216]: 172.20.0.100 - - [02/Dec/2025:08:41:22 +0000] "PUT /d1/658/AUTH_003a15e2106b44068d34fb3ca1bdce19/gnocchi.839c349d-fe7a-471c-be02-76ef99c7dc31/none_v3" 201 - "PUT http://172.18.0.2:8080/v1/AUTH_003a15e2106b44068d34fb3ca1bdce19/gnocchi.839c349d-fe7a-471c-be02-76ef99c7dc31/none_v3" "txd9d1932fba9c4280acbc3-00692ea632" "proxy-server 20" 0.0081 "-" 24 0
Dec 2 08:41:22 standalone proxy-server[130163]: 172.18.0.2 172.18.0.100 02/Dec/2025/08/41/22 PUT /v1/AUTH_003a15e2106b44068d34fb3ca1bdce19/gnocchi.839c349d-fe7a-471c-be02-76ef99c7dc31/none_v3 HTTP/1.0 201 - python-swiftclient-3.11.1 gAAAAABpLqX2o5ht... 22 - - txd9d1932fba9c4280acbc3-00692ea632 - 0.0128 - - 1764664882.259506226 1764664882.272345543 0
Dec 2 08:41:22 standalone container-server[127911]: 172.20.0.100 - - [02/Dec/2025:08:41:22 +0000] "HEAD /d1/678/AUTH_003a15e2106b44068d34fb3ca1bdce19/gnocchi.4095fcc1-4b45-4653-a0b0-4cd591763693" 404 - "HEAD http://172.18.0.2:8080/v1/AUTH_003a15e2106b44068d34fb3ca1bdce19/gnocchi.4095fcc1-4b45-4653-a0b0-4cd591763693?format=json&states=listing" "tx5248968a48424cf88c08a-00692ea632" "proxy-server 20" 0.0003 "-" 23 0
Dec 2 08:41:22 standalone object-server[128216]: 172.20.0.100 - - [02/Dec/2025:08:41:22 +0000] "GET /d1/131/AUTH_003a15e2106b44068d34fb3ca1bdce19/gnocchi.4095fcc1-4b45-4653-a0b0-4cd591763693/none_v3" 404 70 "GET http://172.18.0.2:8080/v1/AUTH_003a15e2106b44068d34fb3ca1bdce19/gnocchi.4095fcc1-4b45-4653-a0b0-4cd591763693/none_v3" "tx5248968a48424cf88c08a-00692ea632" "proxy-server 20" 0.0002 "-" 24 0
Dec 2 08:41:22 standalone proxy-server[130163]: 172.18.0.2 172.18.0.100 02/Dec/2025/08/41/22 GET /v1/AUTH_003a15e2106b44068d34fb3ca1bdce19/gnocchi.4095fcc1-4b45-4653-a0b0-4cd591763693/none_v3 HTTP/1.0 404 - python-swiftclient-3.11.1 gAAAAABpLqX2o5ht... - 70 - tx5248968a48424cf88c08a-00692ea632 - 0.0075 - - 1764664882.279112816 1764664882.286568403 0
Dec 2 08:41:22 standalone account-server[128051]: 172.20.0.100 - - [02/Dec/2025:08:41:22 +0000] "PUT /d1/710/AUTH_003a15e2106b44068d34fb3ca1bdce19/gnocchi.4095fcc1-4b45-4653-a0b0-4cd591763693" 201 - "PUT http://172.20.0.100:6001/d1/678/AUTH_003a15e2106b44068d34fb3ca1bdce19/gnocchi.4095fcc1-4b45-4653-a0b0-4cd591763693" "tx039de2d58e7b4c069edc7-00692ea632" "container-server 21" 0.0040 "-" 22 0
Dec 2 08:41:22 standalone container-server[127893]: 172.20.0.100 - - [02/Dec/2025:08:41:22 +0000] "PUT /d1/678/AUTH_003a15e2106b44068d34fb3ca1bdce19/gnocchi.4095fcc1-4b45-4653-a0b0-4cd591763693" 201 - "PUT http://172.18.0.2:8080/v1/AUTH_003a15e2106b44068d34fb3ca1bdce19/gnocchi.4095fcc1-4b45-4653-a0b0-4cd591763693" "tx039de2d58e7b4c069edc7-00692ea632" "proxy-server 20" 0.0126 "-" 21 0
Dec 2 08:41:22 standalone proxy-server[130163]: 172.18.0.2 172.18.0.100 02/Dec/2025/08/41/22 PUT /v1/AUTH_003a15e2106b44068d34fb3ca1bdce19/gnocchi.4095fcc1-4b45-4653-a0b0-4cd591763693 HTTP/1.0 201 - python-swiftclient-3.11.1 gAAAAABpLqX2o5ht... - - - tx039de2d58e7b4c069edc7-00692ea632 - 0.0165 - - 1764664882.288427591 1764664882.304963589 0
Dec 2 08:41:22 standalone container-server[127893]: 172.20.0.100 - - [02/Dec/2025:08:41:22 +0000] "HEAD /d1/678/AUTH_003a15e2106b44068d34fb3ca1bdce19/gnocchi.4095fcc1-4b45-4653-a0b0-4cd591763693" 204 - "HEAD http://172.18.0.2:8080/v1/AUTH_003a15e2106b44068d34fb3ca1bdce19/gnocchi.4095fcc1-4b45-4653-a0b0-4cd591763693?format=json&states=listing" "tx38e8bd307720421db213f-00692ea632" "proxy-server 20" 0.0010 "-" 21 0
Dec 2 08:41:22 standalone proxy-server[130163]: - - 02/Dec/2025/08/41/22 HEAD /v1/AUTH_003a15e2106b44068d34fb3ca1bdce19/gnocchi.4095fcc1-4b45-4653-a0b0-4cd591763693%3Fformat%3Djson%26states%3Dlisting HTTP/1.0 204 - Swift - - - - tx38e8bd307720421db213f-00692ea632 - 0.0036 RL - 1764664882.308323622 1764664882.311883926 0
Dec 2 08:41:22 standalone container-server[127893]: 172.20.0.100 - - [02/Dec/2025:08:41:22 +0000] "GET /d1/678/AUTH_003a15e2106b44068d34fb3ca1bdce19/gnocchi.4095fcc1-4b45-4653-a0b0-4cd591763693" 200 2 "GET http://172.18.0.2:8080/v1/AUTH_003a15e2106b44068d34fb3ca1bdce19/gnocchi.4095fcc1-4b45-4653-a0b0-4cd591763693?format=json&states=listing" "tx38e8bd307720421db213f-00692ea632" "proxy-server 20" 0.0014 "-" 21 0
Dec 2 08:41:22 standalone proxy-server[130163]: 172.18.0.2 172.18.0.100 02/Dec/2025/08/41/22 GET /v1/AUTH_003a15e2106b44068d34fb3ca1bdce19/gnocchi.4095fcc1-4b45-4653-a0b0-4cd591763693%3Fformat%3Djson%26states%3Dlisting HTTP/1.0 200 - python-swiftclient-3.11.1 gAAAAABpLqX2o5ht... - 2 - tx38e8bd307720421db213f-00692ea632 - 0.0110 - - 1764664882.307359934 1764664882.318392277 0
Dec 2 08:41:22 standalone object-server[128219]: 172.20.0.100 - - [02/Dec/2025:08:41:22 +0000] "GET /d1/153/AUTH_003a15e2106b44068d34fb3ca1bdce19/gnocchi.4095fcc1-4b45-4653-a0b0-4cd591763693/1763640000.0_mean_300.0_v3" 404 70 "GET http://172.18.0.2:8080/v1/AUTH_003a15e2106b44068d34fb3ca1bdce19/gnocchi.4095fcc1-4b45-4653-a0b0-4cd591763693/1763640000.0_mean_300.0_v3" "txec07f360842745dab7eec-00692ea632" "proxy-server 20" 0.0003 "-" 25 0
Dec 2 08:41:22 standalone proxy-server[130163]: 172.18.0.2 172.18.0.100 02/Dec/2025/08/41/22 GET /v1/AUTH_003a15e2106b44068d34fb3ca1bdce19/gnocchi.4095fcc1-4b45-4653-a0b0-4cd591763693/1763640000.0_mean_300.0_v3 HTTP/1.0 404 - python-swiftclient-3.11.1 gAAAAABpLqX2o5ht... - 70 - txec07f360842745dab7eec-00692ea632 - 0.0047 - - 1764664882.320725441 1764664882.325379848 0
Dec 2 08:41:22 standalone container-server[127911]: 172.20.0.100 - - [02/Dec/2025:08:41:22 +0000] "PUT /d1/678/AUTH_003a15e2106b44068d34fb3ca1bdce19/gnocchi.4095fcc1-4b45-4653-a0b0-4cd591763693/1763640000.0_mean_300.0_v3" 201 - "PUT http://172.18.0.2:8080/d1/153/AUTH_003a15e2106b44068d34fb3ca1bdce19/gnocchi.4095fcc1-4b45-4653-a0b0-4cd591763693/1763640000.0_mean_300.0_v3" "tx3fe3bc184f6d4f988d15c-00692ea632" "object-server 23" 0.0005 "-" 23 0
Dec 2 08:41:22 standalone object-server[128207]: 172.20.0.100 - - [02/Dec/2025:08:41:22 +0000] "PUT /d1/153/AUTH_003a15e2106b44068d34fb3ca1bdce19/gnocchi.4095fcc1-4b45-4653-a0b0-4cd591763693/1763640000.0_mean_300.0_v3" 201 - "PUT http://172.18.0.2:8080/v1/AUTH_003a15e2106b44068d34fb3ca1bdce19/gnocchi.4095fcc1-4b45-4653-a0b0-4cd591763693/1763640000.0_mean_300.0_v3" "tx3fe3bc184f6d4f988d15c-00692ea632" "proxy-server 20" 0.0105 "-" 23 0
Dec 2 08:41:22 standalone proxy-server[130163]: 172.18.0.2 172.18.0.100 02/Dec/2025/08/41/22 PUT /v1/AUTH_003a15e2106b44068d34fb3ca1bdce19/gnocchi.4095fcc1-4b45-4653-a0b0-4cd591763693/1763640000.0_mean_300.0_v3 HTTP/1.0 201 - python-swiftclient-3.11.1 gAAAAABpLqX2o5ht... 16 - - tx3fe3bc184f6d4f988d15c-00692ea632 - 0.0166 - - 1764664882.327465296 1764664882.344112635 0
Dec 2 08:41:22 standalone container-server[127879]: 172.20.0.100 - - [02/Dec/2025:08:41:22 +0000] "PUT /d1/678/AUTH_003a15e2106b44068d34fb3ca1bdce19/gnocchi.4095fcc1-4b45-4653-a0b0-4cd591763693/none_v3" 201 - "PUT http://172.18.0.2:8080/d1/131/AUTH_003a15e2106b44068d34fb3ca1bdce19/gnocchi.4095fcc1-4b45-4653-a0b0-4cd591763693/none_v3" "tx9af14153586c41eaa7318-00692ea632" "object-server 25" 0.0008 "-" 19 0
Dec 2 08:41:22 standalone object-server[128219]: 172.20.0.100 - - [02/Dec/2025:08:41:22 +0000] "PUT /d1/131/AUTH_003a15e2106b44068d34fb3ca1bdce19/gnocchi.4095fcc1-4b45-4653-a0b0-4cd591763693/none_v3" 201 - "PUT http://172.18.0.2:8080/v1/AUTH_003a15e2106b44068d34fb3ca1bdce19/gnocchi.4095fcc1-4b45-4653-a0b0-4cd591763693/none_v3" "tx9af14153586c41eaa7318-00692ea632" "proxy-server 20" 0.0088 "-" 25 0
Dec 2 08:41:22 standalone proxy-server[130163]: 172.18.0.2 172.18.0.100 02/Dec/2025/08/41/22 PUT /v1/AUTH_003a15e2106b44068d34fb3ca1bdce19/gnocchi.4095fcc1-4b45-4653-a0b0-4cd591763693/none_v3 HTTP/1.0 201 - python-swiftclient-3.11.1 gAAAAABpLqX2o5ht... 22 - - tx9af14153586c41eaa7318-00692ea632 - 0.0135 - - 1764664882.346444130 1764664882.359969616 0
Dec 2 08:41:29 standalone container-server[127911]: 172.20.0.100 - - [02/Dec/2025:08:41:29 +0000] "HEAD /d1/491/AUTH_003a15e2106b44068d34fb3ca1bdce19/gnocchi.96b825b6-4a4c-461c-b632-7a3e59663db0" 404 - "HEAD http://172.18.0.2:8080/v1/AUTH_003a15e2106b44068d34fb3ca1bdce19/gnocchi.96b825b6-4a4c-461c-b632-7a3e59663db0?format=json&states=listing" "txf60dd633730440d183401-00692ea639" "proxy-server 20" 0.0009 "-" 23 0
Dec 2 08:41:29 standalone object-server[128205]: 172.20.0.100 - - [02/Dec/2025:08:41:29 +0000] "GET /d1/18/AUTH_003a15e2106b44068d34fb3ca1bdce19/gnocchi.96b825b6-4a4c-461c-b632-7a3e59663db0/none_v3" 404 70 "GET http://172.18.0.2:8080/v1/AUTH_003a15e2106b44068d34fb3ca1bdce19/gnocchi.96b825b6-4a4c-461c-b632-7a3e59663db0/none_v3" "txf60dd633730440d183401-00692ea639" "proxy-server 20" 0.0011 "-" 22 0
Dec 2 08:41:29 standalone proxy-server[130163]: 172.18.0.2 172.18.0.100 02/Dec/2025/08/41/29 GET /v1/AUTH_003a15e2106b44068d34fb3ca1bdce19/gnocchi.96b825b6-4a4c-461c-b632-7a3e59663db0/none_v3 HTTP/1.0 404 - python-swiftclient-3.11.1 gAAAAABpLqX2o5ht... - 70 - txf60dd633730440d183401-00692ea639 - 0.0147 - - 1764664889.883161068 1764664889.897840738 0
Dec 2 08:41:29 standalone account-server[128044]: 172.20.0.100 - - [02/Dec/2025:08:41:29 +0000] "PUT /d1/710/AUTH_003a15e2106b44068d34fb3ca1bdce19/gnocchi.96b825b6-4a4c-461c-b632-7a3e59663db0" 201 - "PUT http://172.20.0.100:6001/d1/491/AUTH_003a15e2106b44068d34fb3ca1bdce19/gnocchi.96b825b6-4a4c-461c-b632-7a3e59663db0" "tx8ea3bcc2e27d4f3e9a03c-00692ea639" "container-server 23" 0.0062 "-" 20 0
Dec 2 08:41:29 standalone container-server[127911]: 172.20.0.100 - - [02/Dec/2025:08:41:29 +0000] "PUT /d1/491/AUTH_003a15e2106b44068d34fb3ca1bdce19/gnocchi.96b825b6-4a4c-461c-b632-7a3e59663db0" 201 - "PUT http://172.18.0.2:8080/v1/AUTH_003a15e2106b44068d34fb3ca1bdce19/gnocchi.96b825b6-4a4c-461c-b632-7a3e59663db0" "tx8ea3bcc2e27d4f3e9a03c-00692ea639" "proxy-server 20" 0.0201 "-" 23 0
Dec 2 08:41:29 standalone proxy-server[130163]: 172.18.0.2 172.18.0.100 02/Dec/2025/08/41/29 PUT /v1/AUTH_003a15e2106b44068d34fb3ca1bdce19/gnocchi.96b825b6-4a4c-461c-b632-7a3e59663db0 HTTP/1.0 201 - python-swiftclient-3.11.1 gAAAAABpLqX2o5ht... - - - tx8ea3bcc2e27d4f3e9a03c-00692ea639 - 0.0293 - - 1764664889.904284477 1764664889.933541536 0
Dec 2 08:41:29 standalone container-server[127879]: 172.20.0.100 - - [02/Dec/2025:08:41:29 +0000] "HEAD /d1/491/AUTH_003a15e2106b44068d34fb3ca1bdce19/gnocchi.96b825b6-4a4c-461c-b632-7a3e59663db0" 204 - "HEAD http://172.18.0.2:8080/v1/AUTH_003a15e2106b44068d34fb3ca1bdce19/gnocchi.96b825b6-4a4c-461c-b632-7a3e59663db0?format=json&states=listing" "tx276232d67b7241a4a87c2-00692ea639" "proxy-server 20" 0.0037 "-" 19 0
Dec 2 08:41:29 standalone proxy-server[130163]: - - 02/Dec/2025/08/41/29 HEAD /v1/AUTH_003a15e2106b44068d34fb3ca1bdce19/gnocchi.96b825b6-4a4c-461c-b632-7a3e59663db0%3Fformat%3Djson%26states%3Dlisting HTTP/1.0 204 - Swift - - - - tx276232d67b7241a4a87c2-00692ea639 - 0.0114 RL - 1764664889.944446325 1764664889.955818415 0
Dec 2 08:41:29 standalone container-server[127911]: 172.20.0.100 - - [02/Dec/2025:08:41:29 +0000] "GET /d1/491/AUTH_003a15e2106b44068d34fb3ca1bdce19/gnocchi.96b825b6-4a4c-461c-b632-7a3e59663db0" 200 2 "GET http://172.18.0.2:8080/v1/AUTH_003a15e2106b44068d34fb3ca1bdce19/gnocchi.96b825b6-4a4c-461c-b632-7a3e59663db0?format=json&states=listing" "tx276232d67b7241a4a87c2-00692ea639" "proxy-server 20" 0.0030 "-" 23 0
Dec 2 08:41:29 standalone proxy-server[130163]: 172.18.0.2 172.18.0.100 02/Dec/2025/08/41/29 GET /v1/AUTH_003a15e2106b44068d34fb3ca1bdce19/gnocchi.96b825b6-4a4c-461c-b632-7a3e59663db0%3Fformat%3Djson%26states%3Dlisting HTTP/1.0 200 - python-swiftclient-3.11.1 gAAAAABpLqX2o5ht... - 2 - tx276232d67b7241a4a87c2-00692ea639 - 0.0290 - - 1764664889.941467285 1764664889.970478773 0
Dec 2 08:41:29 standalone object-server[128219]: 172.20.0.100 - - [02/Dec/2025:08:41:29 +0000] "GET /d1/48/AUTH_003a15e2106b44068d34fb3ca1bdce19/gnocchi.96b825b6-4a4c-461c-b632-7a3e59663db0/1763640000.0_mean_300.0_v3" 404 70 "GET http://172.18.0.2:8080/v1/AUTH_003a15e2106b44068d34fb3ca1bdce19/gnocchi.96b825b6-4a4c-461c-b632-7a3e59663db0/1763640000.0_mean_300.0_v3" "tx80ecebd6e05642edb9870-00692ea639" "proxy-server 20" 0.0005 "-" 25 0
Dec 2 08:41:29 standalone proxy-server[130163]: 172.18.0.2 172.18.0.100 02/Dec/2025/08/41/29 GET /v1/AUTH_003a15e2106b44068d34fb3ca1bdce19/gnocchi.96b825b6-4a4c-461c-b632-7a3e59663db0/1763640000.0_mean_300.0_v3 HTTP/1.0 404 - python-swiftclient-3.11.1 gAAAAABpLqX2o5ht... - 70 - tx80ecebd6e05642edb9870-00692ea639 - 0.0084 - - 1764664889.978925228 1764664889.987346888 0
Dec 2 08:41:30 standalone container-server[127907]: 172.20.0.100 - - [02/Dec/2025:08:41:30 +0000] "PUT /d1/491/AUTH_003a15e2106b44068d34fb3ca1bdce19/gnocchi.96b825b6-4a4c-461c-b632-7a3e59663db0/1763640000.0_mean_300.0_v3" 201 - "PUT http://172.18.0.2:8080/d1/48/AUTH_003a15e2106b44068d34fb3ca1bdce19/gnocchi.96b825b6-4a4c-461c-b632-7a3e59663db0/1763640000.0_mean_300.0_v3" "txabb4ffb9ea0c42eaa71f2-00692ea639" "object-server 22" 0.0012 "-" 22 0
Dec 2 08:41:30 standalone object-server[128205]: 172.20.0.100 - - [02/Dec/2025:08:41:30 +0000] "PUT /d1/48/AUTH_003a15e2106b44068d34fb3ca1bdce19/gnocchi.96b825b6-4a4c-461c-b632-7a3e59663db0/1763640000.0_mean_300.0_v3" 201 - "PUT http://172.18.0.2:8080/v1/AUTH_003a15e2106b44068d34fb3ca1bdce19/gnocchi.96b825b6-4a4c-461c-b632-7a3e59663db0/1763640000.0_mean_300.0_v3" "txabb4ffb9ea0c42eaa71f2-00692ea639" "proxy-server 20" 0.0387 "-" 22 0
Dec 2 08:41:30 standalone proxy-server[130163]: 172.18.0.2 172.18.0.100 02/Dec/2025/08/41/30 PUT /v1/AUTH_003a15e2106b44068d34fb3ca1bdce19/gnocchi.96b825b6-4a4c-461c-b632-7a3e59663db0/1763640000.0_mean_300.0_v3 HTTP/1.0 201 - python-swiftclient-3.11.1 gAAAAABpLqX2o5ht... 16 - - txabb4ffb9ea0c42eaa71f2-00692ea639 - 0.0509 - - 1764664889.992667913 1764664890.043555498 0
Dec 2 08:41:30 standalone container-server[127879]: 172.20.0.100 - - [02/Dec/2025:08:41:30 +0000] "PUT /d1/491/AUTH_003a15e2106b44068d34fb3ca1bdce19/gnocchi.96b825b6-4a4c-461c-b632-7a3e59663db0/none_v3" 201 - "PUT http://172.18.0.2:8080/d1/18/AUTH_003a15e2106b44068d34fb3ca1bdce19/gnocchi.96b825b6-4a4c-461c-b632-7a3e59663db0/none_v3" "txd51c7dd4b2b84714af7a2-00692ea63a" "object-server 24" 0.0013 "-" 19 0
Dec 2 08:41:30 standalone object-server[128216]: 172.20.0.100 - - [02/Dec/2025:08:41:30 +0000] "PUT /d1/18/AUTH_003a15e2106b44068d34fb3ca1bdce19/gnocchi.96b825b6-4a4c-461c-b632-7a3e59663db0/none_v3" 201 - "PUT http://172.18.0.2:8080/v1/AUTH_003a15e2106b44068d34fb3ca1bdce19/gnocchi.96b825b6-4a4c-461c-b632-7a3e59663db0/none_v3" "txd51c7dd4b2b84714af7a2-00692ea63a" "proxy-server 20" 0.0202 "-" 24 0
Dec 2 08:41:30 standalone proxy-server[130163]: 172.18.0.2 172.18.0.100 02/Dec/2025/08/41/30 PUT /v1/AUTH_003a15e2106b44068d34fb3ca1bdce19/gnocchi.96b825b6-4a4c-461c-b632-7a3e59663db0/none_v3 HTTP/1.0 201 - python-swiftclient-3.11.1 gAAAAABpLqX2o5ht... 22 - - txd51c7dd4b2b84714af7a2-00692ea63a - 0.0311 - - 1764664890.055752277 1764664890.086843729 0
Dec 2 08:41:30 standalone container-server[127911]: 172.20.0.100 - - [02/Dec/2025:08:41:30 +0000] "HEAD /d1/372/AUTH_003a15e2106b44068d34fb3ca1bdce19/gnocchi.fb8f4219-89f5-443c-b74d-6483607d8f36" 404 - "HEAD http://172.18.0.2:8080/v1/AUTH_003a15e2106b44068d34fb3ca1bdce19/gnocchi.fb8f4219-89f5-443c-b74d-6483607d8f36?format=json&states=listing" "txbda17f0fd74d4cd98181a-00692ea63a" "proxy-server 20" 0.0009 "-" 23 0
Dec 2 08:41:30 standalone object-server[128205]: 172.20.0.100 - - [02/Dec/2025:08:41:30 +0000] "GET /d1/850/AUTH_003a15e2106b44068d34fb3ca1bdce19/gnocchi.fb8f4219-89f5-443c-b74d-6483607d8f36/none_v3" 404 70 "GET http://172.18.0.2:8080/v1/AUTH_003a15e2106b44068d34fb3ca1bdce19/gnocchi.fb8f4219-89f5-443c-b74d-6483607d8f36/none_v3" "txbda17f0fd74d4cd98181a-00692ea63a" "proxy-server 20" 0.0006 "-" 22 0
Dec 2 08:41:30 standalone proxy-server[130163]: 172.18.0.2 172.18.0.100 02/Dec/2025/08/41/30 GET /v1/AUTH_003a15e2106b44068d34fb3ca1bdce19/gnocchi.fb8f4219-89f5-443c-b74d-6483607d8f36/none_v3 HTTP/1.0 404 - python-swiftclient-3.11.1 gAAAAABpLqX2o5ht... - 70 - txbda17f0fd74d4cd98181a-00692ea63a - 0.0192 - - 1764664890.106959820 1764664890.126145840 0
Dec 2 08:41:30 standalone account-server[128044]: 172.20.0.100 - - [02/Dec/2025:08:41:30 +0000] "PUT /d1/710/AUTH_003a15e2106b44068d34fb3ca1bdce19/gnocchi.fb8f4219-89f5-443c-b74d-6483607d8f36" 201 - "PUT http://172.20.0.100:6001/d1/372/AUTH_003a15e2106b44068d34fb3ca1bdce19/gnocchi.fb8f4219-89f5-443c-b74d-6483607d8f36" "tx9355546c8a1943c58f87d-00692ea63a" "container-server 21" 0.0060 "-" 20 0
Dec 2 08:41:30 standalone container-server[127893]: 172.20.0.100 - - [02/Dec/2025:08:41:30 +0000] "PUT /d1/372/AUTH_003a15e2106b44068d34fb3ca1bdce19/gnocchi.fb8f4219-89f5-443c-b74d-6483607d8f36" 201 - "PUT http://172.18.0.2:8080/v1/AUTH_003a15e2106b44068d34fb3ca1bdce19/gnocchi.fb8f4219-89f5-443c-b74d-6483607d8f36" "tx9355546c8a1943c58f87d-00692ea63a" "proxy-server 20" 0.0160 "-" 21 0
Dec 2 08:41:30 standalone proxy-server[130163]: 172.18.0.2 172.18.0.100 02/Dec/2025/08/41/30 PUT /v1/AUTH_003a15e2106b44068d34fb3ca1bdce19/gnocchi.fb8f4219-89f5-443c-b74d-6483607d8f36 HTTP/1.0 201 - python-swiftclient-3.11.1 gAAAAABpLqX2o5ht... - - - tx9355546c8a1943c58f87d-00692ea63a - 0.0236 - - 1764664890.132557631 1764664890.156117201 0
Dec 2 08:41:30 standalone container-server[127907]: 172.20.0.100 - - [02/Dec/2025:08:41:30 +0000] "HEAD /d1/372/AUTH_003a15e2106b44068d34fb3ca1bdce19/gnocchi.fb8f4219-89f5-443c-b74d-6483607d8f36" 204 - "HEAD http://172.18.0.2:8080/v1/AUTH_003a15e2106b44068d34fb3ca1bdce19/gnocchi.fb8f4219-89f5-443c-b74d-6483607d8f36?format=json&states=listing" "tx83625330cbd1460484330-00692ea63a" "proxy-server 20" 0.0038 "-" 22 0
Dec 2 08:41:30 standalone proxy-server[130163]: - - 02/Dec/2025/08/41/30 HEAD /v1/AUTH_003a15e2106b44068d34fb3ca1bdce19/gnocchi.fb8f4219-89f5-443c-b74d-6483607d8f36%3Fformat%3Djson%26states%3Dlisting HTTP/1.0 204 - Swift - - - - tx83625330cbd1460484330-00692ea63a - 0.0125 RL - 1764664890.164971352 1764664890.177435637 0
Dec 2 08:41:30 standalone container-server[127879]: 172.20.0.100 - - [02/Dec/2025:08:41:30 +0000] "GET /d1/372/AUTH_003a15e2106b44068d34fb3ca1bdce19/gnocchi.fb8f4219-89f5-443c-b74d-6483607d8f36" 200 2 "GET http://172.18.0.2:8080/v1/AUTH_003a15e2106b44068d34fb3ca1bdce19/gnocchi.fb8f4219-89f5-443c-b74d-6483607d8f36?format=json&states=listing" "tx83625330cbd1460484330-00692ea63a" "proxy-server 20" 0.0062 "-" 19 0
Dec 2 08:41:30 standalone proxy-server[130163]: 172.18.0.2 172.18.0.100 02/Dec/2025/08/41/30 GET /v1/AUTH_003a15e2106b44068d34fb3ca1bdce19/gnocchi.fb8f4219-89f5-443c-b74d-6483607d8f36%3Fformat%3Djson%26states%3Dlisting HTTP/1.0 200 - python-swiftclient-3.11.1 gAAAAABpLqX2o5ht... - 2 - tx83625330cbd1460484330-00692ea63a - 0.0324 - - 1764664890.162920952 1764664890.195306063 0
Dec 2 08:41:30 standalone object-server[128219]: 172.20.0.100 - - [02/Dec/2025:08:41:30 +0000] "GET /d1/514/AUTH_003a15e2106b44068d34fb3ca1bdce19/gnocchi.fb8f4219-89f5-443c-b74d-6483607d8f36/1763640000.0_mean_300.0_v3" 404 70 "GET http://172.18.0.2:8080/v1/AUTH_003a15e2106b44068d34fb3ca1bdce19/gnocchi.fb8f4219-89f5-443c-b74d-6483607d8f36/1763640000.0_mean_300.0_v3" "tx9095bbe24d8a4afe99e9b-00692ea63a" "proxy-server 20" 0.0004 "-" 25 0
Dec 2 08:41:30 standalone proxy-server[130163]: 172.18.0.2 172.18.0.100 02/Dec/2025/08/41/30 GET /v1/AUTH_003a15e2106b44068d34fb3ca1bdce19/gnocchi.fb8f4219-89f5-443c-b74d-6483607d8f36/1763640000.0_mean_300.0_v3 HTTP/1.0 404 - python-swiftclient-3.11.1 gAAAAABpLqX2o5ht... - 70 - tx9095bbe24d8a4afe99e9b-00692ea63a - 0.0093 - - 1764664890.201351643 1764664890.210612535 0
Dec 2 08:41:30 standalone container-server[127911]: 172.20.0.100 - - [02/Dec/2025:08:41:30 +0000] "PUT /d1/372/AUTH_003a15e2106b44068d34fb3ca1bdce19/gnocchi.fb8f4219-89f5-443c-b74d-6483607d8f36/1763640000.0_mean_300.0_v3" 201 - "PUT http://172.18.0.2:8080/d1/514/AUTH_003a15e2106b44068d34fb3ca1bdce19/gnocchi.fb8f4219-89f5-443c-b74d-6483607d8f36/1763640000.0_mean_300.0_v3" "tx1c1490e9425a437db4937-00692ea63a" "object-server 24" 0.0006 "-" 23 0
Dec 2 08:41:30 standalone object-server[128216]: 172.20.0.100 - - [02/Dec/2025:08:41:30 +0000] "PUT /d1/514/AUTH_003a15e2106b44068d34fb3ca1bdce19/gnocchi.fb8f4219-89f5-443c-b74d-6483607d8f36/1763640000.0_mean_300.0_v3" 201 - "PUT http://172.18.0.2:8080/v1/AUTH_003a15e2106b44068d34fb3ca1bdce19/gnocchi.fb8f4219-89f5-443c-b74d-6483607d8f36/1763640000.0_mean_300.0_v3" "tx1c1490e9425a437db4937-00692ea63a" "proxy-server 20" 0.0097 "-" 24 0
