Dec 2 08:42:40 standalone proxy-server[130163]: 172.18.0.2 172.18.0.100 02/Dec/2025/08/42/40 PUT /v1/AUTH_003a15e2106b44068d34fb3ca1bdce19/gnocchi.ac4322c1-9ad3-4106-aa93-84287e7a3d8e/none_v3 HTTP/1.0 201 - python-swiftclient-3.11.1 gAAAAABpLqX2o5ht... 22 - - tx7666ec751cf8491999cef-00692ea680 - 0.0211 - - 1764664960.701406717 1764664960.722474813 0
Dec 2 08:42:40 standalone container-server[127879]: 172.20.0.100 - - [02/Dec/2025:08:42:40 +0000] "HEAD /d1/889/AUTH_003a15e2106b44068d34fb3ca1bdce19/gnocchi.85723d15-95d9-4eeb-bae1-8b7eb0747fee" 404 - "HEAD http://172.18.0.2:8080/v1/AUTH_003a15e2106b44068d34fb3ca1bdce19/gnocchi.85723d15-95d9-4eeb-bae1-8b7eb0747fee?format=json&states=listing" "tx5b5d6a2f215e4cff87f52-00692ea680" "proxy-server 20" 0.0003 "-" 19 0
Dec 2 08:42:40 standalone object-server[128219]: 172.20.0.100 - - [02/Dec/2025:08:42:40 +0000] "GET /d1/31/AUTH_003a15e2106b44068d34fb3ca1bdce19/gnocchi.85723d15-95d9-4eeb-bae1-8b7eb0747fee/none_v3" 404 70 "GET http://172.18.0.2:8080/v1/AUTH_003a15e2106b44068d34fb3ca1bdce19/gnocchi.85723d15-95d9-4eeb-bae1-8b7eb0747fee/none_v3" "tx5b5d6a2f215e4cff87f52-00692ea680" "proxy-server 20" 0.0004 "-" 25 0
Dec 2 08:42:40 standalone proxy-server[130163]: 172.18.0.2 172.18.0.100 02/Dec/2025/08/42/40 GET /v1/AUTH_003a15e2106b44068d34fb3ca1bdce19/gnocchi.85723d15-95d9-4eeb-bae1-8b7eb0747fee/none_v3 HTTP/1.0 404 - python-swiftclient-3.11.1 gAAAAABpLqX2o5ht... - 70 - tx5b5d6a2f215e4cff87f52-00692ea680 - 0.0181 - - 1764664960.737879753 1764664960.755938292 0
Dec 2 08:42:40 standalone account-server[128048]: 172.20.0.100 - - [02/Dec/2025:08:42:40 +0000] "PUT /d1/710/AUTH_003a15e2106b44068d34fb3ca1bdce19/gnocchi.85723d15-95d9-4eeb-bae1-8b7eb0747fee" 201 - "PUT http://172.20.0.100:6001/d1/889/AUTH_003a15e2106b44068d34fb3ca1bdce19/gnocchi.85723d15-95d9-4eeb-bae1-8b7eb0747fee" "tx92edaa1f1af54c0a9c057-00692ea680" "container-server 23" 0.0047 "-" 21 0
Dec 2 08:42:40 standalone container-server[127911]: 172.20.0.100 - - [02/Dec/2025:08:42:40 +0000] "PUT /d1/889/AUTH_003a15e2106b44068d34fb3ca1bdce19/gnocchi.85723d15-95d9-4eeb-bae1-8b7eb0747fee" 201 - "PUT http://172.18.0.2:8080/v1/AUTH_003a15e2106b44068d34fb3ca1bdce19/gnocchi.85723d15-95d9-4eeb-bae1-8b7eb0747fee" "tx92edaa1f1af54c0a9c057-00692ea680" "proxy-server 20" 0.0162 "-" 23 0
Dec 2 08:42:40 standalone proxy-server[130163]: 172.18.0.2 172.18.0.100 02/Dec/2025/08/42/40 PUT /v1/AUTH_003a15e2106b44068d34fb3ca1bdce19/gnocchi.85723d15-95d9-4eeb-bae1-8b7eb0747fee HTTP/1.0 201 - python-swiftclient-3.11.1 gAAAAABpLqX2o5ht... - - - tx92edaa1f1af54c0a9c057-00692ea680 - 0.0286 - - 1764664960.760981560 1764664960.789622307 0
Dec 2 08:42:40 standalone container-server[127911]: 172.20.0.100 - - [02/Dec/2025:08:42:40 +0000] "HEAD /d1/889/AUTH_003a15e2106b44068d34fb3ca1bdce19/gnocchi.85723d15-95d9-4eeb-bae1-8b7eb0747fee" 204 - "HEAD http://172.18.0.2:8080/v1/AUTH_003a15e2106b44068d34fb3ca1bdce19/gnocchi.85723d15-95d9-4eeb-bae1-8b7eb0747fee?format=json&states=listing" "tx604098ac46d44660b44e5-00692ea680" "proxy-server 20" 0.0013 "-" 23 0
Dec 2 08:42:40 standalone proxy-server[130163]: - - 02/Dec/2025/08/42/40 HEAD /v1/AUTH_003a15e2106b44068d34fb3ca1bdce19/gnocchi.85723d15-95d9-4eeb-bae1-8b7eb0747fee%3Fformat%3Djson%26states%3Dlisting HTTP/1.0 204 - Swift - - - - tx604098ac46d44660b44e5-00692ea680 - 0.0071 RL - 1764664960.796744585 1764664960.803836107 0
Dec 2 08:42:40 standalone container-server[127879]: 172.20.0.100 - - [02/Dec/2025:08:42:40 +0000] "GET /d1/889/AUTH_003a15e2106b44068d34fb3ca1bdce19/gnocchi.85723d15-95d9-4eeb-bae1-8b7eb0747fee" 200 2 "GET http://172.18.0.2:8080/v1/AUTH_003a15e2106b44068d34fb3ca1bdce19/gnocchi.85723d15-95d9-4eeb-bae1-8b7eb0747fee?format=json&states=listing" "tx604098ac46d44660b44e5-00692ea680" "proxy-server 20" 0.0025 "-" 19 0
Dec 2 08:42:40 standalone proxy-server[130163]: 172.18.0.2 172.18.0.100 02/Dec/2025/08/42/40 GET /v1/AUTH_003a15e2106b44068d34fb3ca1bdce19/gnocchi.85723d15-95d9-4eeb-bae1-8b7eb0747fee%3Fformat%3Djson%26states%3Dlisting HTTP/1.0 200 - python-swiftclient-3.11.1 gAAAAABpLqX2o5ht... - 2 - tx604098ac46d44660b44e5-00692ea680 - 0.0238 - - 1764664960.795245886 1764664960.819022655 0
Dec 2 08:42:40 standalone object-server[128207]: 172.20.0.100 - - [02/Dec/2025:08:42:40 +0000] "GET /d1/919/AUTH_003a15e2106b44068d34fb3ca1bdce19/gnocchi.85723d15-95d9-4eeb-bae1-8b7eb0747fee/1763640000.0_mean_300.0_v3" 404 70 "GET http://172.18.0.2:8080/v1/AUTH_003a15e2106b44068d34fb3ca1bdce19/gnocchi.85723d15-95d9-4eeb-bae1-8b7eb0747fee/1763640000.0_mean_300.0_v3" "tx0a17336bfabe4e77aca3a-00692ea680" "proxy-server 20" 0.0004 "-" 23 0
Dec 2 08:42:40 standalone proxy-server[130163]: 172.18.0.2 172.18.0.100 02/Dec/2025/08/42/40 GET /v1/AUTH_003a15e2106b44068d34fb3ca1bdce19/gnocchi.85723d15-95d9-4eeb-bae1-8b7eb0747fee/1763640000.0_mean_300.0_v3 HTTP/1.0 404 - python-swiftclient-3.11.1 gAAAAABpLqX2o5ht... - 70 - tx0a17336bfabe4e77aca3a-00692ea680 - 0.0066 - - 1764664960.822779417 1764664960.829411030 0
Dec 2 08:42:40 standalone container-server[127893]: 172.20.0.100 - - [02/Dec/2025:08:42:40 +0000] "PUT /d1/889/AUTH_003a15e2106b44068d34fb3ca1bdce19/gnocchi.85723d15-95d9-4eeb-bae1-8b7eb0747fee/1763640000.0_mean_300.0_v3" 201 - "PUT http://172.18.0.2:8080/d1/919/AUTH_003a15e2106b44068d34fb3ca1bdce19/gnocchi.85723d15-95d9-4eeb-bae1-8b7eb0747fee/1763640000.0_mean_300.0_v3" "tx3695518e19f84add8077c-00692ea680" "object-server 24" 0.0015 "-" 21 0
Dec 2 08:42:40 standalone object-server[128216]: 172.20.0.100 - - [02/Dec/2025:08:42:40 +0000] "PUT /d1/919/AUTH_003a15e2106b44068d34fb3ca1bdce19/gnocchi.85723d15-95d9-4eeb-bae1-8b7eb0747fee/1763640000.0_mean_300.0_v3" 201 - "PUT http://172.18.0.2:8080/v1/AUTH_003a15e2106b44068d34fb3ca1bdce19/gnocchi.85723d15-95d9-4eeb-bae1-8b7eb0747fee/1763640000.0_mean_300.0_v3" "tx3695518e19f84add8077c-00692ea680" "proxy-server 20" 0.0522 "-" 24 0
Dec 2 08:42:40 standalone proxy-server[130163]: 172.18.0.2 172.18.0.100 02/Dec/2025/08/42/40 PUT /v1/AUTH_003a15e2106b44068d34fb3ca1bdce19/gnocchi.85723d15-95d9-4eeb-bae1-8b7eb0747fee/1763640000.0_mean_300.0_v3 HTTP/1.0 201 - python-swiftclient-3.11.1 gAAAAABpLqX2o5ht... 16 - - tx3695518e19f84add8077c-00692ea680 - 0.0590 - - 1764664960.833000660 1764664960.892049313 0
Dec 2 08:42:40 standalone container-server[127893]: 172.20.0.100 - - [02/Dec/2025:08:42:40 +0000] "PUT /d1/889/AUTH_003a15e2106b44068d34fb3ca1bdce19/gnocchi.85723d15-95d9-4eeb-bae1-8b7eb0747fee/none_v3" 201 - "PUT http://172.18.0.2:8080/d1/31/AUTH_003a15e2106b44068d34fb3ca1bdce19/gnocchi.85723d15-95d9-4eeb-bae1-8b7eb0747fee/none_v3" "tx55ec5e43eddf42eca69ff-00692ea680" "object-server 22" 0.0005 "-" 21 0
Dec 2 08:42:40 standalone object-server[128205]: 172.20.0.100 - - [02/Dec/2025:08:42:40 +0000] "PUT /d1/31/AUTH_003a15e2106b44068d34fb3ca1bdce19/gnocchi.85723d15-95d9-4eeb-bae1-8b7eb0747fee/none_v3" 201 - "PUT http://172.18.0.2:8080/v1/AUTH_003a15e2106b44068d34fb3ca1bdce19/gnocchi.85723d15-95d9-4eeb-bae1-8b7eb0747fee/none_v3" "tx55ec5e43eddf42eca69ff-00692ea680" "proxy-server 20" 0.0097 "-" 22 0
Dec 2 08:42:40 standalone proxy-server[130163]: 172.18.0.2 172.18.0.100 02/Dec/2025/08/42/40 PUT /v1/AUTH_003a15e2106b44068d34fb3ca1bdce19/gnocchi.85723d15-95d9-4eeb-bae1-8b7eb0747fee/none_v3 HTTP/1.0 201 - python-swiftclient-3.11.1 gAAAAABpLqX2o5ht... 22 - - tx55ec5e43eddf42eca69ff-00692ea680 - 0.0194 - - 1764664960.897773504 1764664960.917168140 0
Dec 2 08:42:40 standalone container-server[127911]: 172.20.0.100 - - [02/Dec/2025:08:42:40 +0000] "HEAD /d1/567/AUTH_003a15e2106b44068d34fb3ca1bdce19/gnocchi.d935092f-e1ac-4aad-9ae8-287492d91f2f" 404 - "HEAD http://172.18.0.2:8080/v1/AUTH_003a15e2106b44068d34fb3ca1bdce19/gnocchi.d935092f-e1ac-4aad-9ae8-287492d91f2f?format=json&states=listing" "tx8cbfa20461ba4d048b47f-00692ea680" "proxy-server 20" 0.0004 "-" 23 0
Dec 2 08:42:40 standalone object-server[128205]: 172.20.0.100 - - [02/Dec/2025:08:42:40 +0000] "GET /d1/798/AUTH_003a15e2106b44068d34fb3ca1bdce19/gnocchi.d935092f-e1ac-4aad-9ae8-287492d91f2f/none_v3" 404 70 "GET http://172.18.0.2:8080/v1/AUTH_003a15e2106b44068d34fb3ca1bdce19/gnocchi.d935092f-e1ac-4aad-9ae8-287492d91f2f/none_v3" "tx8cbfa20461ba4d048b47f-00692ea680" "proxy-server 20" 0.0004 "-" 22 0
Dec 2 08:42:40 standalone proxy-server[130163]: 172.18.0.2 172.18.0.100 02/Dec/2025/08/42/40 GET /v1/AUTH_003a15e2106b44068d34fb3ca1bdce19/gnocchi.d935092f-e1ac-4aad-9ae8-287492d91f2f/none_v3 HTTP/1.0 404 - python-swiftclient-3.11.1 gAAAAABpLqX2o5ht... - 70 - tx8cbfa20461ba4d048b47f-00692ea680 - 0.0270 - - 1764664960.942585707 1764664960.969628334 0
Dec 2 08:42:40 standalone account-server[128062]: 172.20.0.100 - - [02/Dec/2025:08:42:40 +0000] "PUT /d1/710/AUTH_003a15e2106b44068d34fb3ca1bdce19/gnocchi.d935092f-e1ac-4aad-9ae8-287492d91f2f" 201 - "PUT http://172.20.0.100:6001/d1/567/AUTH_003a15e2106b44068d34fb3ca1bdce19/gnocchi.d935092f-e1ac-4aad-9ae8-287492d91f2f" "tx55abd40552d548ec9ffb4-00692ea680" "container-server 22" 0.0040 "-" 23 0
Dec 2 08:42:40 standalone container-server[127907]: 172.20.0.100 - - [02/Dec/2025:08:42:40 +0000] "PUT /d1/567/AUTH_003a15e2106b44068d34fb3ca1bdce19/gnocchi.d935092f-e1ac-4aad-9ae8-287492d91f2f" 201 - "PUT http://172.18.0.2:8080/v1/AUTH_003a15e2106b44068d34fb3ca1bdce19/gnocchi.d935092f-e1ac-4aad-9ae8-287492d91f2f" "tx55abd40552d548ec9ffb4-00692ea680" "proxy-server 20" 0.0169 "-" 22 0
Dec 2 08:42:40 standalone proxy-server[130163]: 172.18.0.2 172.18.0.100 02/Dec/2025/08/42/40 PUT /v1/AUTH_003a15e2106b44068d34fb3ca1bdce19/gnocchi.d935092f-e1ac-4aad-9ae8-287492d91f2f HTTP/1.0 201 - python-swiftclient-3.11.1 gAAAAABpLqX2o5ht... - - - tx55abd40552d548ec9ffb4-00692ea680 - 0.0242 - - 1764664960.973899126 1764664960.998140574 0
Dec 2 08:42:41 standalone container-server[127911]: 172.20.0.100 - - [02/Dec/2025:08:42:41 +0000] "HEAD /d1/567/AUTH_003a15e2106b44068d34fb3ca1bdce19/gnocchi.d935092f-e1ac-4aad-9ae8-287492d91f2f" 204 - "HEAD http://172.18.0.2:8080/v1/AUTH_003a15e2106b44068d34fb3ca1bdce19/gnocchi.d935092f-e1ac-4aad-9ae8-287492d91f2f?format=json&states=listing" "txe65b99eb71fb413d9f624-00692ea681" "proxy-server 20" 0.0010 "-" 23 0
Dec 2 08:42:41 standalone proxy-server[130163]: - - 02/Dec/2025/08/42/41 HEAD /v1/AUTH_003a15e2106b44068d34fb3ca1bdce19/gnocchi.d935092f-e1ac-4aad-9ae8-287492d91f2f%3Fformat%3Djson%26states%3Dlisting HTTP/1.0 204 - Swift - - - - txe65b99eb71fb413d9f624-00692ea681 - 0.0052 RL - 1764664961.003878832 1764664961.009122849 0
Dec 2 08:42:41 standalone container-server[127911]: 172.20.0.100 - - [02/Dec/2025:08:42:41 +0000] "GET /d1/567/AUTH_003a15e2106b44068d34fb3ca1bdce19/gnocchi.d935092f-e1ac-4aad-9ae8-287492d91f2f" 200 2 "GET http://172.18.0.2:8080/v1/AUTH_003a15e2106b44068d34fb3ca1bdce19/gnocchi.d935092f-e1ac-4aad-9ae8-287492d91f2f?format=json&states=listing" "txe65b99eb71fb413d9f624-00692ea681" "proxy-server 20" 0.0020 "-" 23 0
Dec 2 08:42:41 standalone proxy-server[130163]: 172.18.0.2 172.18.0.100 02/Dec/2025/08/42/41 GET /v1/AUTH_003a15e2106b44068d34fb3ca1bdce19/gnocchi.d935092f-e1ac-4aad-9ae8-287492d91f2f%3Fformat%3Djson%26states%3Dlisting HTTP/1.0 200 - python-swiftclient-3.11.1 gAAAAABpLqX2o5ht... - 2 - txe65b99eb71fb413d9f624-00692ea681 - 0.0178 - - 1764664961.002514839 1764664961.020303249 0
Dec 2 08:42:41 standalone object-server[128219]: 172.20.0.100 - - [02/Dec/2025:08:42:41 +0000] "GET /d1/869/AUTH_003a15e2106b44068d34fb3ca1bdce19/gnocchi.d935092f-e1ac-4aad-9ae8-287492d91f2f/1763640000.0_mean_300.0_v3" 404 70 "GET http://172.18.0.2:8080/v1/AUTH_003a15e2106b44068d34fb3ca1bdce19/gnocchi.d935092f-e1ac-4aad-9ae8-287492d91f2f/1763640000.0_mean_300.0_v3" "tx63fadc6de71145e4a310d-00692ea681" "proxy-server 20" 0.0004 "-" 25 0
Dec 2 08:42:41 standalone proxy-server[130163]: 172.18.0.2 172.18.0.100 02/Dec/2025/08/42/41 GET /v1/AUTH_003a15e2106b44068d34fb3ca1bdce19/gnocchi.d935092f-e1ac-4aad-9ae8-287492d91f2f/1763640000.0_mean_300.0_v3 HTTP/1.0 404 - python-swiftclient-3.11.1 gAAAAABpLqX2o5ht... - 70 - tx63fadc6de71145e4a310d-00692ea681 - 0.0072 - - 1764664961.025200129 1764664961.032389641 0
Dec 2 08:42:41 standalone container-server[127879]: 172.20.0.100 - - [02/Dec/2025:08:42:41 +0000] "PUT /d1/567/AUTH_003a15e2106b44068d34fb3ca1bdce19/gnocchi.d935092f-e1ac-4aad-9ae8-287492d91f2f/1763640000.0_mean_300.0_v3" 201 - "PUT http://172.18.0.2:8080/d1/869/AUTH_003a15e2106b44068d34fb3ca1bdce19/gnocchi.d935092f-e1ac-4aad-9ae8-287492d91f2f/1763640000.0_mean_300.0_v3" "tx10b938ede8574dff94851-00692ea681" "object-server 25" 0.0011 "-" 19 0
Dec 2 08:42:41 standalone object-server[128219]: 172.20.0.100 - - [02/Dec/2025:08:42:41 +0000] "PUT /d1/869/AUTH_003a15e2106b44068d34fb3ca1bdce19/gnocchi.d935092f-e1ac-4aad-9ae8-287492d91f2f/1763640000.0_mean_300.0_v3" 201 - "PUT http://172.18.0.2:8080/v1/AUTH_003a15e2106b44068d34fb3ca1bdce19/gnocchi.d935092f-e1ac-4aad-9ae8-287492d91f2f/1763640000.0_mean_300.0_v3" "tx10b938ede8574dff94851-00692ea681" "proxy-server 20" 0.0125 "-" 25 0
Dec 2 08:42:41 standalone proxy-server[130163]: 172.18.0.2 172.18.0.100 02/Dec/2025/08/42/41 PUT /v1/AUTH_003a15e2106b44068d34fb3ca1bdce19/gnocchi.d935092f-e1ac-4aad-9ae8-287492d91f2f/1763640000.0_mean_300.0_v3 HTTP/1.0 201 - python-swiftclient-3.11.1 gAAAAABpLqX2o5ht... 16 - - tx10b938ede8574dff94851-00692ea681 - 0.0226 - - 1764664961.038699865 1764664961.061296940 0
Dec 2 08:42:41 standalone container-server[127907]: 172.20.0.100 - - [02/Dec/2025:08:42:41 +0000] "PUT /d1/567/AUTH_003a15e2106b44068d34fb3ca1bdce19/gnocchi.d935092f-e1ac-4aad-9ae8-287492d91f2f/none_v3" 201 - "PUT http://172.18.0.2:8080/d1/798/AUTH_003a15e2106b44068d34fb3ca1bdce19/gnocchi.d935092f-e1ac-4aad-9ae8-287492d91f2f/none_v3" "tx110c858c228245cc87814-00692ea681" "object-server 23" 0.0007 "-" 22 0
Dec 2 08:42:41 standalone object-server[128207]: 172.20.0.100 - - [02/Dec/2025:08:42:41 +0000] "PUT /d1/798/AUTH_003a15e2106b44068d34fb3ca1bdce19/gnocchi.d935092f-e1ac-4aad-9ae8-287492d91f2f/none_v3" 201 - "PUT http://172.18.0.2:8080/v1/AUTH_003a15e2106b44068d34fb3ca1bdce19/gnocchi.d935092f-e1ac-4aad-9ae8-287492d91f2f/none_v3" "tx110c858c228245cc87814-00692ea681" "proxy-server 20" 0.0128 "-" 23 0
Dec 2 08:42:41 standalone proxy-server[130163]: 172.18.0.2 172.18.0.100 02/Dec/2025/08/42/41 PUT /v1/AUTH_003a15e2106b44068d34fb3ca1bdce19/gnocchi.d935092f-e1ac-4aad-9ae8-287492d91f2f/none_v3 HTTP/1.0 201 - python-swiftclient-3.11.1 gAAAAABpLqX2o5ht... 22 - - tx110c858c228245cc87814-00692ea681 - 0.0230 - - 1764664961.066244602 1764664961.089255571 0
Dec 2 08:42:46 standalone container-server[127879]: 172.20.0.100 - - [02/Dec/2025:08:42:46 +0000] "HEAD /d1/656/AUTH_003a15e2106b44068d34fb3ca1bdce19/gnocchi.4b8d702f-6622-4a14-8a30-be010bc4d198" 404 - "HEAD http://172.18.0.2:8080/v1/AUTH_003a15e2106b44068d34fb3ca1bdce19/gnocchi.4b8d702f-6622-4a14-8a30-be010bc4d198?format=json&states=listing" "txdf83c8f742fb4cc88ef1f-00692ea686" "proxy-server 20" 0.0008 "-" 19 0
Dec 2 08:42:46 standalone object-server[128216]: 172.20.0.100 - - [02/Dec/2025:08:42:46 +0000] "GET /d1/856/AUTH_003a15e2106b44068d34fb3ca1bdce19/gnocchi.4b8d702f-6622-4a14-8a30-be010bc4d198/none_v3" 404 70 "GET http://172.18.0.2:8080/v1/AUTH_003a15e2106b44068d34fb3ca1bdce19/gnocchi.4b8d702f-6622-4a14-8a30-be010bc4d198/none_v3" "txdf83c8f742fb4cc88ef1f-00692ea686" "proxy-server 20" 0.0009 "-" 24 0
Dec 2 08:42:46 standalone proxy-server[130163]: 172.18.0.2 172.18.0.100 02/Dec/2025/08/42/46 GET /v1/AUTH_003a15e2106b44068d34fb3ca1bdce19/gnocchi.4b8d702f-6622-4a14-8a30-be010bc4d198/none_v3 HTTP/1.0 404 - python-swiftclient-3.11.1 gAAAAABpLqX2o5ht... - 70 - txdf83c8f742fb4cc88ef1f-00692ea686 - 0.0202 - - 1764664966.974577904 1764664966.994729757 0
Dec 2 08:42:47 standalone account-server[128044]: 172.20.0.100 - - [02/Dec/2025:08:42:47 +0000] "PUT /d1/710/AUTH_003a15e2106b44068d34fb3ca1bdce19/gnocchi.4b8d702f-6622-4a14-8a30-be010bc4d198" 201 - "PUT http://172.20.0.100:6001/d1/656/AUTH_003a15e2106b44068d34fb3ca1bdce19/gnocchi.4b8d702f-6622-4a14-8a30-be010bc4d198" "tx7f8084f9d0404975b8820-00692ea687" "container-server 23" 0.0100 "-" 20 0
Dec 2 08:42:47 standalone container-server[127911]: 172.20.0.100 - - [02/Dec/2025:08:42:47 +0000] "PUT /d1/656/AUTH_003a15e2106b44068d34fb3ca1bdce19/gnocchi.4b8d702f-6622-4a14-8a30-be010bc4d198" 201 - "PUT http://172.18.0.2:8080/v1/AUTH_003a15e2106b44068d34fb3ca1bdce19/gnocchi.4b8d702f-6622-4a14-8a30-be010bc4d198" "tx7f8084f9d0404975b8820-00692ea687" "proxy-server 20" 0.0242 "-" 23 0
Dec 2 08:42:47 standalone proxy-server[130163]: 172.18.0.2 172.18.0.100 02/Dec/2025/08/42/47 PUT /v1/AUTH_003a15e2106b44068d34fb3ca1bdce19/gnocchi.4b8d702f-6622-4a14-8a30-be010bc4d198 HTTP/1.0 201 - python-swiftclient-3.11.1 gAAAAABpLqX2o5ht... - - - tx7f8084f9d0404975b8820-00692ea687 - 0.0362 - - 1764664967.002655506 1764664967.038857937 0
Dec 2 08:42:47 standalone container-server[127911]: 172.20.0.100 - - [02/Dec/2025:08:42:47 +0000] "HEAD /d1/656/AUTH_003a15e2106b44068d34fb3ca1bdce19/gnocchi.4b8d702f-6622-4a14-8a30-be010bc4d198" 204 - "HEAD http://172.18.0.2:8080/v1/AUTH_003a15e2106b44068d34fb3ca1bdce19/gnocchi.4b8d702f-6622-4a14-8a30-be010bc4d198?format=json&states=listing" "txf7f7fdf19180465498991-00692ea687" "proxy-server 20" 0.0022 "-" 23 0
Dec 2 08:42:47 standalone proxy-server[130163]: - - 02/Dec/2025/08/42/47 HEAD /v1/AUTH_003a15e2106b44068d34fb3ca1bdce19/gnocchi.4b8d702f-6622-4a14-8a30-be010bc4d198%3Fformat%3Djson%26states%3Dlisting HTTP/1.0 204 - Swift - - - - txf7f7fdf19180465498991-00692ea687 - 0.0072 RL - 1764664967.047128439 1764664967.054377794 0
Dec 2 08:42:47 standalone container-server[127907]: 172.20.0.100 - - [02/Dec/2025:08:42:47 +0000] "GET /d1/656/AUTH_003a15e2106b44068d34fb3ca1bdce19/gnocchi.4b8d702f-6622-4a14-8a30-be010bc4d198" 200 2 "GET http://172.18.0.2:8080/v1/AUTH_003a15e2106b44068d34fb3ca1bdce19/gnocchi.4b8d702f-6622-4a14-8a30-be010bc4d198?format=json&states=listing" "txf7f7fdf19180465498991-00692ea687" "proxy-server 20" 0.0024 "-" 22 0
Dec 2 08:42:47 standalone proxy-server[130163]: 172.18.0.2 172.18.0.100 02/Dec/2025/08/42/47 GET /v1/AUTH_003a15e2106b44068d34fb3ca1bdce19/gnocchi.4b8d702f-6622-4a14-8a30-be010bc4d198%3Fformat%3Djson%26states%3Dlisting HTTP/1.0 200 - python-swiftclient-3.11.1 gAAAAABpLqX2o5ht... - 2 - txf7f7fdf19180465498991-00692ea687 - 0.0271 - - 1764664967.043151855 1764664967.070207834 0
Dec 2 08:42:47 standalone object-server[128205]: 172.20.0.100 - - [02/Dec/2025:08:42:47 +0000] "GET /d1/340/AUTH_003a15e2106b44068d34fb3ca1bdce19/gnocchi.4b8d702f-6622-4a14-8a30-be010bc4d198/1763640000.0_mean_300.0_v3" 404 70 "GET http://172.18.0.2:8080/v1/AUTH_003a15e2106b44068d34fb3ca1bdce19/gnocchi.4b8d702f-6622-4a14-8a30-be010bc4d198/1763640000.0_mean_300.0_v3" "txb915712202fc4ed798c51-00692ea687" "proxy-server 20" 0.0007 "-" 22 0
Dec 2 08:42:47 standalone proxy-server[130163]: 172.18.0.2 172.18.0.100 02/Dec/2025/08/42/47 GET /v1/AUTH_003a15e2106b44068d34fb3ca1bdce19/gnocchi.4b8d702f-6622-4a14-8a30-be010bc4d198/1763640000.0_mean_300.0_v3 HTTP/1.0 404 - python-swiftclient-3.11.1 gAAAAABpLqX2o5ht... - 70 - txb915712202fc4ed798c51-00692ea687 - 0.0103 - - 1764664967.073403597 1764664967.083703279 0
Dec 2 08:42:47 standalone container-server[127879]: 172.20.0.100 - - [02/Dec/2025:08:42:47 +0000] "PUT /d1/656/AUTH_003a15e2106b44068d34fb3ca1bdce19/gnocchi.4b8d702f-6622-4a14-8a30-be010bc4d198/1763640000.0_mean_300.0_v3" 201 - "PUT http://172.18.0.2:8080/d1/340/AUTH_003a15e2106b44068d34fb3ca1bdce19/gnocchi.4b8d702f-6622-4a14-8a30-be010bc4d198/1763640000.0_mean_300.0_v3" "tx66b949d330c243f09433f-00692ea687" "object-server 25" 0.0005 "-" 19 0
Dec 2 08:42:47 standalone object-server[128219]: 172.20.0.100 - - [02/Dec/2025:08:42:47 +0000] "PUT /d1/340/AUTH_003a15e2106b44068d34fb3ca1bdce19/gnocchi.4b8d702f-6622-4a14-8a30-be010bc4d198/1763640000.0_mean_300.0_v3" 201 - "PUT http://172.18.0.2:8080/v1/AUTH_003a15e2106b44068d34fb3ca1bdce19/gnocchi.4b8d702f-6622-4a14-8a30-be010bc4d198/1763640000.0_mean_300.0_v3" "tx66b949d330c243f09433f-00692ea687" "proxy-server 20" 0.0574 "-" 25 0
Dec 2 08:42:47 standalone proxy-server[130163]: 172.18.0.2 172.18.0.100 02/Dec/2025/08/42/47 PUT /v1/AUTH_003a15e2106b44068d34fb3ca1bdce19/gnocchi.4b8d702f-6622-4a14-8a30-be010bc4d198/1763640000.0_mean_300.0_v3 HTTP/1.0 201 - python-swiftclient-3.11.1 gAAAAABpLqX2o5ht... 16 - - tx66b949d330c243f09433f-00692ea687 - 0.0653 - - 1764664967.086381197 1764664967.151688099 0
Dec 2 08:42:47 standalone container-server[127911]: 172.20.0.100 - - [02/Dec/2025:08:42:47 +0000] "PUT /d1/656/AUTH_003a15e2106b44068d34fb3ca1bdce19/gnocchi.4b8d702f-6622-4a14-8a30-be010bc4d198/none_v3" 201 - "PUT http://172.18.0.2:8080/d1/856/AUTH_003a15e2106b44068d34fb3ca1bdce19/gnocchi.4b8d702f-6622-4a14-8a30-be010bc4d198/none_v3" "tx7f0a905a25d1498c8ada8-00692ea687" "object-server 25" 0.0006 "-" 23 0
Dec 2 08:42:47 standalone object-server[128219]: 172.20.0.100 - - [02/Dec/2025:08:42:47 +0000] "PUT /d1/856/AUTH_003a15e2106b44068d34fb3ca1bdce19/gnocchi.4b8d702f-6622-4a14-8a30-be010bc4d198/none_v3" 201 - "PUT http://172.18.0.2:8080/v1/AUTH_003a15e2106b44068d34fb3ca1bdce19/gnocchi.4b8d702f-6622-4a14-8a30-be010bc4d198/none_v3" "tx7f0a905a25d1498c8ada8-00692ea687" "proxy-server 20" 0.0105 "-" 25 0
Dec 2 08:42:47 standalone proxy-server[130163]: 172.18.0.2 172.18.0.100 02/Dec/2025/08/42/47 PUT /v1/AUTH_003a15e2106b44068d34fb3ca1bdce19/gnocchi.4b8d702f-6622-4a14-8a30-be010bc4d198/none_v3 HTTP/1.0 201 - python-swiftclient-3.11.1 gAAAAABpLqX2o5ht... 22 - - tx7f0a905a25d1498c8ada8-00692ea687 - 0.0158 - - 1764664967.155618668 1764664967.171369076 0
Dec 2 08:42:52 standalone object-server[128219]: 172.20.0.100 - - [02/Dec/2025:08:42:52 +0000] "GET /d1/856/AUTH_003a15e2106b44068d34fb3ca1bdce19/gnocchi.4b8d702f-6622-4a14-8a30-be010bc4d198/none_v3" 200 22 "GET http://172.18.0.2:8080/v1/AUTH_003a15e2106b44068d34fb3ca1bdce19/gnocchi.4b8d702f-6622-4a14-8a30-be010bc4d198/none_v3" "txfe3301b04b7449ec818a6-00692ea68c" "proxy-server 20" 0.0012 "-" 25 0
Dec 2 08:42:52 standalone proxy-server[130163]: 172.18.0.2 172.18.0.100 02/Dec/2025/08/42/52 GET /v1/AUTH_003a15e2106b44068d34fb3ca1bdce19/gnocchi.4b8d702f-6622-4a14-8a30-be010bc4d198/none_v3 HTTP/1.0 200 - python-swiftclient-3.11.1 gAAAAABpLqX2o5ht... - 22 - txfe3301b04b7449ec818a6-00692ea68c - 0.0116 - - 1764664972.598916769 1764664972.610527277 0
Dec 2 08:42:52 standalone container-server[127911]: 172.20.0.100 - - [02/Dec/2025:08:42:52 +0000] "GET /d1/656/AUTH_003a15e2106b44068d34fb3ca1bdce19/gnocchi.4b8d702f-6622-4a14-8a30-be010bc4d198" 200 357 "GET http://172.18.0.2:8080/v1/AUTH_003a15e2106b44068d34fb3ca1bdce19/gnocchi.4b8d702f-6622-4a14-8a30-be010bc4d198?format=json&states=listing" "txb81b671bb18949c4bc675-00692ea68c" "proxy-server 20" 0.0098 "-" 23 0
Dec 2 08:42:52 standalone proxy-server[130163]: 172.18.0.2 172.18.0.100 02/Dec/2025/08/42/52 GET /v1/AUTH_003a15e2106b44068d34fb3ca1bdce19/gnocchi.4b8d702f-6622-4a14-8a30-be010bc4d198%3Fformat%3Djson%26states%3Dlisting HTTP/1.0 200 - python-swiftclient-3.11.1 gAAAAABpLqX2o5ht... - 357 - txb81b671bb18949c4bc675-00692ea68c - 0.0198 - - 1764664972.614234686 1764664972.633990765 0
Dec 2 08:42:52 standalone container-server[127893]: 172.20.0.100 - - [02/Dec/2025:08:42:52 +0000] "GET /d1/656/AUTH_003a15e2106b44068d34fb3ca1bdce19/gnocchi.4b8d702f-6622-4a14-8a30-be010bc4d198" 200 2 "GET http://172.18.0.2:8080/v1/AUTH_003a15e2106b44068d34fb3ca1bdce19/gnocchi.4b8d702f-6622-4a14-8a30-be010bc4d198?format=json&marker=none_v3&states=listing" "tx000a42e4dc3f4121aaade-00692ea68c" "proxy-server 20" 0.0047 "-" 21 0
Dec 2 08:42:52 standalone proxy-server[130163]: 172.18.0.2 172.18.0.100 02/Dec/2025/08/42/52 GET /v1/AUTH_003a15e2106b44068d34fb3ca1bdce19/gnocchi.4b8d702f-6622-4a14-8a30-be010bc4d198%3Fformat%3Djson%26marker%3Dnone_v3%26states%3Dlisting HTTP/1.0 200 - python-swiftclient-3.11.1 gAAAAABpLqX2o5ht... - 2 - tx000a42e4dc3f4121aaade-00692ea68c - 0.0146 - - 1764664972.637037516 1764664972.651642799 0
Dec 2 08:42:52 standalone object-server[128216]: 172.20.0.100 - - [02/Dec/2025:08:42:52 +0000] "GET /d1/340/AUTH_003a15e2106b44068d34fb3ca1bdce19/gnocchi.4b8d702f-6622-4a14-8a30-be010bc4d198/1763640000.0_mean_300.0_v3" 200 16 "GET http://172.18.0.2:8080/v1/AUTH_003a15e2106b44068d34fb3ca1bdce19/gnocchi.4b8d702f-6622-4a14-8a30-be010bc4d198/1763640000.0_mean_300.0_v3" "txfef58a8a28724e21851f6-00692ea68c" "proxy-server 20" 0.0007 "-" 24 0
Dec 2 08:42:52 standalone proxy-server[130163]: 172.18.0.2 172.18.0.100 02/Dec/2025/08/42/52 GET /v1/AUTH_003a15e2106b44068d34fb3ca1bdce19/gnocchi.4b8d702f-6622-4a14-8a30-be010bc4d198/1763640000.0_mean_300.0_v3 HTTP/1.0 200 - python-swiftclient-3.11.1 gAAAAABpLqX2o5ht... - 16 - txfef58a8a28724e21851f6-00692ea68c - 0.0095 - - 1764664972.655450344 1764664972.664931297 0
Dec 2 08:42:52 standalone container-server[127893]: 172.20.0.100 - - [02/Dec/2025:08:42:52 +0000] "PUT /d1/656/AUTH_003a15e2106b44068d34fb3ca1bdce19/gnocchi.4b8d702f-6622-4a14-8a30-be010bc4d198/1763640000.0_mean_300.0_v3" 201 - "PUT http://172.18.0.2:8080/d1/340/AUTH_003a15e2106b44068d34fb3ca1bdce19/gnocchi.4b8d702f-6622-4a14-8a30-be010bc4d198/1763640000.0_mean_300.0_v3" "tx1562fa617af3453798298-00692ea68c" "object-server 22" 0.0010 "-" 21 0
Dec 2 08:42:52 standalone object-server[128205]: 172.20.0.100 - - [02/Dec/2025:08:42:52 +0000] "PUT /d1/340/AUTH_003a15e2106b44068d34fb3ca1bdce19/gnocchi.4b8d702f-6622-4a14-8a30-be010bc4d198/1763640000.0_mean_300.0_v3" 201 - "PUT http://172.18.0.2:8080/v1/AUTH_003a15e2106b44068d34fb3ca1bdce19/gnocchi.4b8d702f-6622-4a14-8a30-be010bc4d198/1763640000.0_mean_300.0_v3" "tx1562fa617af3453798298-00692ea68c" "proxy-server 20" 0.0135 "-" 22 0
Dec 2 08:42:52 standalone proxy-server[130163]: 172.18.0.2 172.18.0.100 02/Dec/2025/08/42/52 PUT /v1/AUTH_003a15e2106b44068d34fb3ca1bdce19/gnocchi.4b8d702f-6622-4a14-8a30-be010bc4d198/1763640000.0_mean_300.0_v3 HTTP/1.0 201 - python-swiftclient-3.11.1 gAAAAABpLqX2o5ht... 16 - - tx1562fa617af3453798298-00692ea68c - 0.0243 - - 1764664972.667973518 1764664972.692276955 0
Dec 2 08:42:52 standalone container-server[127893]: 172.20.0.100 - - [02/Dec/2025:08:42:52 +0000] "PUT /d1/656/AUTH_003a15e2106b44068d34fb3ca1bdce19/gnocchi.4b8d702f-6622-4a14-8a30-be010bc4d198/none_v3" 201 - "PUT http://172.18.0.2:8080/d1/856/AUTH_003a15e2106b44068d34fb3ca1bdce19/gnocchi.4b8d702f-6622-4a14-8a30-be010bc4d198/none_v3" "tx01d6463e3f61461aa0551-00692ea68c" "object-server 22" 0.0012 "-" 21 0
Dec 2 08:42:52 standalone object-server[128205]: 172.20.0.100 - - [02/Dec/2025:08:42:52 +0000] "PUT /d1/856/AUTH_003a15e2106b44068d34fb3ca1bdce19/gnocchi.4b8d702f-6622-4a14-8a30-be010bc4d198/none_v3" 201 - "PUT http://172.18.0.2:8080/v1/AUTH_003a15e2106b44068d34fb3ca1bdce19/gnocchi.4b8d702f-6622-4a14-8a30-be010bc4d198/none_v3" "tx01d6463e3f61461aa0551-00692ea68c" "proxy-server 20" 0.0128 "-" 22 0
Dec 2 08:42:52 standalone proxy-server[130163]: 172.18.0.2 172.18.0.100 02/Dec/2025/08/42/52 PUT /v1/AUTH_003a15e2106b44068d34fb3ca1bdce19/gnocchi.4b8d702f-6622-4a14-8a30-be010bc4d198/none_v3 HTTP/1.0 201 - python-swiftclient-3.11.1 gAAAAABpLqX2o5ht... 32 - - tx01d6463e3f61461aa0551-00692ea68c - 0.0230 - - 1764664972.695331573 1764664972.718377829 0
Dec 2 08:42:54 standalone object-server[128108]: Begin object update sweep
Dec 2 08:42:54 standalone object-server[238607]: Object update sweep starting on /srv/node/d1 (pid: 14)
Dec 2 08:42:54 standalone object-server[238607]: Object update sweep completed on /srv/node/d1 in 0.00s seconds:, 0 successes, 0 failures, 0 quarantines, 0 unlinks, 0 errors, 0 redirects (pid: 14)
Dec 2 08:42:54 standalone object-server[238607]: Object update sweep of d1 completed: 0.00s, 0 successes, 0 failures, 0 quarantines, 0 unlinks, 0 errors, 0 redirects
Dec 2 08:42:54 standalone object-server[128108]: Object update sweep completed: 0.06s
Dec 2 08:43:03 standalone container-server[127764]: Begin container update sweep
Dec 2 08:43:03 standalone account-server[128051]: 172.20.0.100 - - [02/Dec/2025:08:43:03 +0000] "PUT /d1/710/AUTH_003a15e2106b44068d34fb3ca1bdce19/gnocchi.a033c133-63f1-46fa-8a55-340ae975fc41" 201 - "-" "-" "container-updater 2" 0.0012 "-" 22 0
Dec 2 08:43:04 standalone account-server[128044]: 172.20.0.100 - - [02/Dec/2025:08:43:04 +0000] "PUT /d1/710/AUTH_003a15e2106b44068d34fb3ca1bdce19/gnocchi.f90cc4e0-e20b-407e-8cb1-f372d7e48983" 201 - "-" "-" "container-updater 2" 0.0008 "-" 20 0
Dec 2 08:43:04 standalone account-server[128044]: 172.20.0.100 - - [02/Dec/2025:08:43:04 +0000] "PUT /d1/710/AUTH_003a15e2106b44068d34fb3ca1bdce19/gnocchi.fcad26a5-1987-41dc-8d6c-2fb82c15b772" 201 - "-" "-" "container-updater 2" 0.0006 "-" 20 0
Dec 2 08:43:04 standalone account-server[128044]: 172.20.0.100 - - [02/Dec/2025:08:43:04 +0000] "PUT /d1/710/AUTH_003a15e2106b44068d34fb3ca1bdce19/gnocchi.4095fcc1-4b45-4653-a0b0-4cd591763693" 201 - "-" "-" "container-updater 2" 0.0006 "-" 20 0
Dec 2 08:43:04 standalone account-server[128048]: 172.20.0.100 - - [02/Dec/2025:08:43:04 +0000] "PUT /d1/710/AUTH_003a15e2106b44068d34fb3ca1bdce19/gnocchi.ac4322c1-9ad3-4106-aa93-84287e7a3d8e" 201 - "-" "-" "container-updater 2" 0.0006 "-" 21 0
Dec 2 08:43:04 standalone account-server[128044]: 172.20.0.100 - - [02/Dec/2025:08:43:04 +0000] "PUT /d1/710/AUTH_003a15e2106b44068d34fb3ca1bdce19/gnocchi.e8f9700f-ef1e-4b34-a003-0e9d742bf496" 201 - "-" "-" "container-updater 2" 0.0007 "-" 20 0
Dec 2 08:43:04 standalone account-server[128048]: 172.20.0.100 - - [02/Dec/2025:08:43:04 +0000] "PUT /d1/710/AUTH_003a15e2106b44068d34fb3ca1bdce19/gnocchi.96b825b6-4a4c-461c-b632-7a3e59663db0" 201 - "-" "-" "container-updater 2" 0.0006 "-" 21 0
Dec 2 08:43:04 standalone account-server[128044]: 172.20.0.100 - - [02/Dec/2025:08:43:04 +0000] "PUT /d1/710/AUTH_003a15e2106b44068d34fb3ca1bdce19/gnocchi.724fdc6a-1ca3-4544-9a61-e970d52360a5" 201 - "-" "-" "container-updater 2" 0.0007 "-" 20 0
Dec 2 08:43:04 standalone account-server[128044]: 172.20.0.100 - - [02/Dec/2025:08:43:04 +0000] "PUT /d1/710/AUTH_003a15e2106b44068d34fb3ca1bdce19/gnocchi.85723d15-95d9-4eeb-bae1-8b7eb0747fee" 201 - "-" "-" "container-updater 2" 0.0007 "-" 20 0
Dec 2 08:43:04 standalone account-server[128044]: 172.20.0.100 - - [02/Dec/2025:08:43:04 +0000] "PUT /d1/710/AUTH_003a15e2106b44068d34fb3ca1bdce19/gnocchi.fb8f4219-89f5-443c-b74d-6483607d8f36" 201 - "-" "-" "container-updater 2" 0.0005 "-" 20 0
Dec 2 08:43:04 standalone account-server[128048]: 172.20.0.100 - - [02/Dec/2025:08:43:04 +0000] "PUT /d1/710/AUTH_003a15e2106b44068d34fb3ca1bdce19/gnocchi.839c349d-fe7a-471c-be02-76ef99c7dc31" 201 - "-" "-" "container-updater 2" 0.0004 "-" 21 0
Dec 2 08:43:04 standalone account-server[128048]: 172.20.0.100 - - [02/Dec/2025:08:43:04 +0000] "PUT /d1/710/AUTH_003a15e2106b44068d34fb3ca1bdce19/gnocchi.d935092f-e1ac-4aad-9ae8-287492d91f2f" 201 - "-" "-" "container-updater 2" 0.0005 "-" 21 0
Dec 2 08:43:04 standalone account-server[128062]: 172.20.0.100 - - [02/Dec/2025:08:43:04 +0000] "PUT /d1/710/AUTH_003a15e2106b44068d34fb3ca1bdce19/gnocchi.841ee731-33ab-4e7e-8760-4513a61ed564" 201 - "-" "-" "container-updater 2" 0.0008 "-" 23 0
Dec 2 08:43:05 standalone account-server[128044]: 172.20.0.100 - - [02/Dec/2025:08:43:05 +0000] "PUT /d1/710/AUTH_003a15e2106b44068d34fb3ca1bdce19/gnocchi.4b8d702f-6622-4a14-8a30-be010bc4d198" 201 - "-" "-" "container-updater 2" 0.0007 "-" 20 0
Dec 2 08:43:05 standalone account-server[128048]: 172.20.0.100 - - [02/Dec/2025:08:43:05 +0000] "PUT /d1/710/AUTH_003a15e2106b44068d34fb3ca1bdce19/gnocchi.2fe7f167-1c03-45d6-a1ce-04c69a1ee5f3" 201 - "-" "-" "container-updater 2" 0.0007 "-" 21 0
Dec 2 08:43:05 standalone account-server[128062]: 172.20.0.100 - - [02/Dec/2025:08:43:05 +0000] "PUT /d1/710/AUTH_003a15e2106b44068d34fb3ca1bdce19/gnocchi.cc9cd55f-5fbe-4457-9158-7680bce50cf6" 201 - "-" "-" "container-updater 2" 0.0007 "-" 23 0
Dec 2 08:43:05 standalone account-server[128051]: 172.20.0.100 - - [02/Dec/2025:08:43:05 +0000] "PUT /d1/710/AUTH_003a15e2106b44068d34fb3ca1bdce19/gnocchi.12908581-211c-45f0-ba87-fefafd06b248" 201 - "-" "-" "container-updater 2" 0.0007 "-" 22 0
Dec 2 08:43:05 standalone container-server[127764]: Container update sweep completed: 1.58s
Dec 2 08:43:14 standalone container-server[127911]: 172.20.0.100 - - [02/Dec/2025:08:43:14 +0000] "HEAD /d1/58/AUTH_003a15e2106b44068d34fb3ca1bdce19/gnocchi.f6f6dc95-e8ba-48e5-acee-b8e98a0f3683" 404 - "HEAD http://172.18.0.2:8080/v1/AUTH_003a15e2106b44068d34fb3ca1bdce19/gnocchi.f6f6dc95-e8ba-48e5-acee-b8e98a0f3683?format=json&states=listing" "txd183c68e9ccf4b21b5fd4-00692ea6a2" "proxy-server 20" 0.0008 "-" 23 0
Dec 2 08:43:14 standalone object-server[128219]: 172.20.0.100 - - [02/Dec/2025:08:43:14 +0000] "GET /d1/409/AUTH_003a15e2106b44068d34fb3ca1bdce19/gnocchi.f6f6dc95-e8ba-48e5-acee-b8e98a0f3683/none_v3" 404 70 "GET http://172.18.0.2:8080/v1/AUTH_003a15e2106b44068d34fb3ca1bdce19/gnocchi.f6f6dc95-e8ba-48e5-acee-b8e98a0f3683/none_v3" "txd183c68e9ccf4b21b5fd4-00692ea6a2" "proxy-server 20" 0.0007 "-" 25 0
Dec 2 08:43:14 standalone proxy-server[130163]: 172.18.0.2 172.18.0.100 02/Dec/2025/08/43/14 GET /v1/AUTH_003a15e2106b44068d34fb3ca1bdce19/gnocchi.f6f6dc95-e8ba-48e5-acee-b8e98a0f3683/none_v3 HTTP/1.0 404 - python-swiftclient-3.11.1 gAAAAABpLqX2o5ht... - 70 - txd183c68e9ccf4b21b5fd4-00692ea6a2 - 0.0150 - - 1764664994.376349688 1764664994.391309738 0
Dec 2 08:43:14 standalone account-server[128051]: 172.20.0.100 - - [02/Dec/2025:08:43:14 +0000] "PUT /d1/710/AUTH_003a15e2106b44068d34fb3ca1bdce19/gnocchi.f6f6dc95-e8ba-48e5-acee-b8e98a0f3683" 201 - "PUT http://172.20.0.100:6001/d1/58/AUTH_003a15e2106b44068d34fb3ca1bdce19/gnocchi.f6f6dc95-e8ba-48e5-acee-b8e98a0f3683" "tx22e14b10027942c2b25e2-00692ea6a2" "container-server 23" 0.0072 "-" 22 0
Dec 2 08:43:14 standalone container-server[127911]: 172.20.0.100 - - [02/Dec/2025:08:43:14 +0000] "PUT /d1/58/AUTH_003a15e2106b44068d34fb3ca1bdce19/gnocchi.f6f6dc95-e8ba-48e5-acee-b8e98a0f3683" 201 - "PUT http://172.18.0.2:8080/v1/AUTH_003a15e2106b44068d34fb3ca1bdce19/gnocchi.f6f6dc95-e8ba-48e5-acee-b8e98a0f3683" "tx22e14b10027942c2b25e2-00692ea6a2" "proxy-server 20" 0.0190 "-" 23 0
Dec 2 08:43:14 standalone proxy-server[130163]: 172.18.0.2 172.18.0.100 02/Dec/2025/08/43/14 PUT /v1/AUTH_003a15e2106b44068d34fb3ca1bdce19/gnocchi.f6f6dc95-e8ba-48e5-acee-b8e98a0f3683 HTTP/1.0 201 - python-swiftclient-3.11.1 gAAAAABpLqX2o5ht... - - - tx22e14b10027942c2b25e2-00692ea6a2 - 0.0257 - - 1764664994.395244360 1764664994.420962811 0
Dec 2 08:43:14 standalone container-server[127893]: 172.20.0.100 - - [02/Dec/2025:08:43:14 +0000] "HEAD /d1/58/AUTH_003a15e2106b44068d34fb3ca1bdce19/gnocchi.f6f6dc95-e8ba-48e5-acee-b8e98a0f3683" 204 - "HEAD http://172.18.0.2:8080/v1/AUTH_003a15e2106b44068d34fb3ca1bdce19/gnocchi.f6f6dc95-e8ba-48e5-acee-b8e98a0f3683?format=json&states=listing" "tx08ec9111217e472d8d66e-00692ea6a2" "proxy-server 20" 0.0013 "-" 21 0
Dec 2 08:43:14 standalone proxy-server[130163]: - - 02/Dec/2025/08/43/14 HEAD /v1/AUTH_003a15e2106b44068d34fb3ca1bdce19/gnocchi.f6f6dc95-e8ba-48e5-acee-b8e98a0f3683%3Fformat%3Djson%26states%3Dlisting HTTP/1.0 204 - Swift - - - - tx08ec9111217e472d8d66e-00692ea6a2 - 0.0132 RL - 1764664994.429466486 1764664994.442691565 0
Dec 2 08:43:14 standalone container-server[127907]: 172.20.0.100 - - [02/Dec/2025:08:43:14 +0000] "GET /d1/58/AUTH_003a15e2106b44068d34fb3ca1bdce19/gnocchi.f6f6dc95-e8ba-48e5-acee-b8e98a0f3683" 200 2 "GET http://172.18.0.2:8080/v1/AUTH_003a15e2106b44068d34fb3ca1bdce19/gnocchi.f6f6dc95-e8ba-48e5-acee-b8e98a0f3683?format=json&states=listing" "tx08ec9111217e472d8d66e-00692ea6a2" "proxy-server 20" 0.0040 "-" 22 0
Dec 2 08:43:14 standalone proxy-server[130163]: 172.18.0.2 172.18.0.100 02/Dec/2025/08/43/14 GET /v1/AUTH_003a15e2106b44068d34fb3ca1bdce19/gnocchi.f6f6dc95-e8ba-48e5-acee-b8e98a0f3683%3Fformat%3Djson%26states%3Dlisting HTTP/1.0 200 - python-swiftclient-3.11.1 gAAAAABpLqX2o5ht... - 2 - tx08ec9111217e472d8d66e-00692ea6a2 - 0.0298 - - 1764664994.427416563 1764664994.457177877 0
Dec 2 08:43:14 standalone object-server[128205]: 172.20.0.100 - - [02/Dec/2025:08:43:14 +0000] "GET /d1/632/AUTH_003a15e2106b44068d34fb3ca1bdce19/gnocchi.f6f6dc95-e8ba-48e5-acee-b8e98a0f3683/1763640000.0_mean_300.0_v3" 404 70 "GET http://172.18.0.2:8080/v1/AUTH_003a15e2106b44068d34fb3ca1bdce19/gnocchi.f6f6dc95-e8ba-48e5-acee-b8e98a0f3683/1763640000.0_mean_300.0_v3" "tx5c6ac4de968f44d39cacc-00692ea6a2" "proxy-server 20" 0.0004 "-" 22 0
Dec 2 08:43:14 standalone proxy-server[130163]: 172.18.0.2 172.18.0.100 02/Dec/2025/08/43/14 GET /v1/AUTH_003a15e2106b44068d34fb3ca1bdce19/gnocchi.f6f6dc95-e8ba-48e5-acee-b8e98a0f3683/1763640000.0_mean_300.0_v3 HTTP/1.0 404 - python-swiftclient-3.11.1 gAAAAABpLqX2o5ht... - 70 - tx5c6ac4de968f44d39cacc-00692ea6a2 - 0.0088 - - 1764664994.461893797 1764664994.470735788 0
Dec 2 08:43:14 standalone container-server[127879]: 172.20.0.100 - - [02/Dec/2025:08:43:14 +0000] "PUT /d1/58/AUTH_003a15e2106b44068d34fb3ca1bdce19/gnocchi.f6f6dc95-e8ba-48e5-acee-b8e98a0f3683/1763640000.0_mean_300.0_v3" 201 - "PUT http://172.18.0.2:8080/d1/632/AUTH_003a15e2106b44068d34fb3ca1bdce19/gnocchi.f6f6dc95-e8ba-48e5-acee-b8e98a0f3683/1763640000.0_mean_300.0_v3" "tx3467dab6d1e946ef9886c-00692ea6a2" "object-server 23" 0.0006 "-" 19 0
Dec 2 08:43:14 standalone object-server[128207]: 172.20.0.100 - - [02/Dec/2025:08:43:14 +0000] "PUT /d1/632/AUTH_003a15e2106b44068d34fb3ca1bdce19/gnocchi.f6f6dc95-e8ba-48e5-acee-b8e98a0f3683/1763640000.0_mean_300.0_v3" 201 - "PUT http://172.18.0.2:8080/v1/AUTH_003a15e2106b44068d34fb3ca1bdce19/gnocchi.f6f6dc95-e8ba-48e5-acee-b8e98a0f3683/1763640000.0_mean_300.0_v3" "tx3467dab6d1e946ef9886c-00692ea6a2" "proxy-server 20" 0.0121 "-" 23 0
Dec 2 08:43:14 standalone proxy-server[130163]: 172.18.0.2 172.18.0.100 02/Dec/2025/08/43/14 PUT /v1/AUTH_003a15e2106b44068d34fb3ca1bdce19/gnocchi.f6f6dc95-e8ba-48e5-acee-b8e98a0f3683/1763640000.0_mean_300.0_v3 HTTP/1.0 201 - python-swiftclient-3.11.1 gAAAAABpLqX2o5ht... 16 - - tx3467dab6d1e946ef9886c-00692ea6a2 - 0.0198 - - 1764664994.474522114 1764664994.494342089 0
Dec 2 08:43:14 standalone container-server[127879]: 172.20.0.100 - - [02/Dec/2025:08:43:14 +0000] "PUT /d1/58/AUTH_003a15e2106b44068d34fb3ca1bdce19/gnocchi.f6f6dc95-e8ba-48e5-acee-b8e98a0f3683/none_v3" 201 - "PUT http://172.18.0.2:8080/d1/409/AUTH_003a15e2106b44068d34fb3ca1bdce19/gnocchi.f6f6dc95-e8ba-48e5-acee-b8e98a0f3683/none_v3" "tx6f4cf4db3c174f4d9d3bf-00692ea6a2" "object-server 25" 0.0012 "-" 19 0
Dec 2 08:43:14 standalone object-server[128219]: 172.20.0.100 - - [02/Dec/2025:08:43:14 +0000] "PUT /d1/409/AUTH_003a15e2106b44068d34fb3ca1bdce19/gnocchi.f6f6dc95-e8ba-48e5-acee-b8e98a0f3683/none_v3" 201 - "PUT http://172.18.0.2:8080/v1/AUTH_003a15e2106b44068d34fb3ca1bdce19/gnocchi.f6f6dc95-e8ba-48e5-acee-b8e98a0f3683/none_v3" "tx6f4cf4db3c174f4d9d3bf-00692ea6a2" "proxy-server 20" 0.0212 "-" 25 0
Dec 2 08:43:14 standalone proxy-server[130163]: 172.18.0.2 172.18.0.100 02/Dec/2025/08/43/14 PUT /v1/AUTH_003a15e2106b44068d34fb3ca1bdce19/gnocchi.f6f6dc95-e8ba-48e5-acee-b8e98a0f3683/none_v3 HTTP/1.0 201 - python-swiftclient-3.11.1 gAAAAABpLqX2o5ht... 22 - - tx6f4cf4db3c174f4d9d3bf-00692ea6a2 - 0.0305 - - 1764664994.498079777 1764664994.528534889 0
Dec 2 08:43:14 standalone container-server[127911]: 172.20.0.100 - - [02/Dec/2025:08:43:14 +0000] "HEAD /d1/436/AUTH_003a15e2106b44068d34fb3ca1bdce19/gnocchi.08b5cf12-3043-43fe-b719-fc3606ef6f8d" 404 - "HEAD http://172.18.0.2:8080/v1/AUTH_003a15e2106b44068d34fb3ca1bdce19/gnocchi.08b5cf12-3043-43fe-b719-fc3606ef6f8d?format=json&states=listing" "tx1e01176ec32448e8a4d5c-00692ea6a2" "proxy-server 20" 0.0004 "-" 23 0
Dec 2 08:43:14 standalone object-server[128207]: 172.20.0.100 - - [02/Dec/2025:08:43:14 +0000] "GET /d1/110/AUTH_003a15e2106b44068d34fb3ca1bdce19/gnocchi.08b5cf12-3043-43fe-b719-fc3606ef6f8d/none_v3" 404 70 "GET http://172.18.0.2:8080/v1/AUTH_003a15e2106b44068d34fb3ca1bdce19/gnocchi.08b5cf12-3043-43fe-b719-fc3606ef6f8d/none_v3" "tx1e01176ec32448e8a4d5c-00692ea6a2" "proxy-server 20" 0.0003 "-" 23 0
Dec 2 08:43:14 standalone proxy-server[130163]: 172.18.0.2 172.18.0.100 02/Dec/2025/08/43/14 GET /v1/AUTH_003a15e2106b44068d34fb3ca1bdce19/gnocchi.08b5cf12-3043-43fe-b719-fc3606ef6f8d/none_v3 HTTP/1.0 404 - python-swiftclient-3.11.1 gAAAAABpLqX2o5ht... - 70 - tx1e01176ec32448e8a4d5c-00692ea6a2 - 0.0111 - - 1764664994.561064005 1764664994.572213173 0
Dec 2 08:43:14 standalone account-server[128044]: 172.20.0.100 - - [02/Dec/2025:08:43:14 +0000] "PUT /d1/710/AUTH_003a15e2106b44068d34fb3ca1bdce19/gnocchi.08b5cf12-3043-43fe-b719-fc3606ef6f8d" 201 - "PUT http://172.20.0.100:6001/d1/436/AUTH_003a15e2106b44068d34fb3ca1bdce19/gnocchi.08b5cf12-3043-43fe-b719-fc3606ef6f8d" "tx94416cf500554394aa740-00692ea6a2" "container-server 23" 0.0107 "-" 20 0
Dec 2 08:43:14 standalone container-server[127911]: 172.20.0.100 - - [02/Dec/2025:08:43:14 +0000] "PUT /d1/436/AUTH_003a15e2106b44068d34fb3ca1bdce19/gnocchi.08b5cf12-3043-43fe-b719-fc3606ef6f8d" 201 - "PUT http://172.18.0.2:8080/v1/AUTH_003a15e2106b44068d34fb3ca1bdce19/gnocchi.08b5cf12-3043-43fe-b719-fc3606ef6f8d" "tx94416cf500554394aa740-00692ea6a2" "proxy-server 20" 0.0210 "-" 23 0
Dec 2 08:43:14 standalone proxy-server[130163]: 172.18.0.2 172.18.0.100 02/Dec/2025/08/43/14 PUT /v1/AUTH_003a15e2106b44068d34fb3ca1bdce19/gnocchi.08b5cf12-3043-43fe-b719-fc3606ef6f8d HTTP/1.0 201 - python-swiftclient-3.11.1 gAAAAABpLqX2o5ht... - - - tx94416cf500554394aa740-00692ea6a2 - 0.0259 - - 1764664994.576045752 1764664994.601970673 0
Dec 2 08:43:14 standalone container-server[127893]: 172.20.0.100 - - [02/Dec/2025:08:43:14 +0000] "HEAD /d1/436/AUTH_003a15e2106b44068d34fb3ca1bdce19/gnocchi.08b5cf12-3043-43fe-b719-fc3606ef6f8d" 204 - "HEAD http://172.18.0.2:8080/v1/AUTH_003a15e2106b44068d34fb3ca1bdce19/gnocchi.08b5cf12-3043-43fe-b719-fc3606ef6f8d?format=json&states=listing" "tx150cc722673147b88f7a8-00692ea6a2" "proxy-server 20" 0.0011 "-" 21 0
Dec 2 08:43:14 standalone proxy-server[130163]: - - 02/Dec/2025/08/43/14 HEAD /v1/AUTH_003a15e2106b44068d34fb3ca1bdce19/gnocchi.08b5cf12-3043-43fe-b719-fc3606ef6f8d%3Fformat%3Djson%26states%3Dlisting HTTP/1.0 204 - Swift - - - - tx150cc722673147b88f7a8-00692ea6a2 - 0.0041 RL - 1764664994.606223583 1764664994.610321760 0
Dec 2 08:43:14 standalone container-server[127879]: 172.20.0.100 - - [02/Dec/2025:08:43:14 +0000] "GET /d1/436/AUTH_003a15e2106b44068d34fb3ca1bdce19/gnocchi.08b5cf12-3043-43fe-b719-fc3606ef6f8d" 200 2 "GET http://172.18.0.2:8080/v1/AUTH_003a15e2106b44068d34fb3ca1bdce19/gnocchi.08b5cf12-3043-43fe-b719-fc3606ef6f8d?format=json&states=listing" "tx150cc722673147b88f7a8-00692ea6a2" "proxy-server 20" 0.0023 "-" 19 0
Dec 2 08:43:14 standalone proxy-server[130163]: 172.18.0.2 172.18.0.100 02/Dec/2025/08/43/14 GET /v1/AUTH_003a15e2106b44068d34fb3ca1bdce19/gnocchi.08b5cf12-3043-43fe-b719-fc3606ef6f8d%3Fformat%3Djson%26states%3Dlisting HTTP/1.0 200 - python-swiftclient-3.11.1 gAAAAABpLqX2o5ht... - 2 - tx150cc722673147b88f7a8-00692ea6a2 - 0.0140 - - 1764664994.605057240 1764664994.619008780 0
Dec 2 08:43:14 standalone object-server[128205]: 172.20.0.100 - - [02/Dec/2025:08:43:14 +0000] "GET /d1/181/AUTH_003a15e2106b44068d34fb3ca1bdce19/gnocchi.08b5cf12-3043-43fe-b719-fc3606ef6f8d/1763640000.0_mean_300.0_v3" 404 70 "GET http://172.18.0.2:8080/v1/AUTH_003a15e2106b44068d34fb3ca1bdce19/gnocchi.08b5cf12-3043-43fe-b719-fc3606ef6f8d/1763640000.0_mean_300.0_v3" "tx0410ebb84f69445980538-00692ea6a2" "proxy-server 20" 0.0003 "-" 22 0
Dec 2 08:43:14 standalone proxy-server[130163]: 172.18.0.2 172.18.0.100 02/Dec/2025/08/43/14 GET /v1/AUTH_003a15e2106b44068d34fb3ca1bdce19/gnocchi.08b5cf12-3043-43fe-b719-fc3606ef6f8d/1763640000.0_mean_300.0_v3 HTTP/1.0 404 - python-swiftclient-3.11.1 gAAAAABpLqX2o5ht... - 70 - tx0410ebb84f69445980538-00692ea6a2 - 0.0061 - - 1764664994.621868849 1764664994.627957821 0
Dec 2 08:43:14 standalone container-server[127911]: 172.20.0.100 - - [02/Dec/2025:08:43:14 +0000] "PUT /d1/436/AUTH_003a15e2106b44068d34fb3ca1bdce19/gnocchi.08b5cf12-3043-43fe-b719-fc3606ef6f8d/1763640000.0_mean_300.0_v3" 201 - "PUT http://172.18.0.2:8080/d1/181/AUTH_003a15e2106b44068d34fb3ca1bdce19/gnocchi.08b5cf12-3043-43fe-b719-fc3606ef6f8d/1763640000.0_mean_300.0_v3" "txf1375a0244aa4c1b819b6-00692ea6a2" "object-server 25" 0.0007 "-" 23 0
Dec 2 08:43:14 standalone object-server[128219]: 172.20.0.100 - - [02/Dec/2025:08:43:14 +0000] "PUT /d1/181/AUTH_003a15e2106b44068d34fb3ca1bdce19/gnocchi.08b5cf12-3043-43fe-b719-fc3606ef6f8d/1763640000.0_mean_300.0_v3" 201 - "PUT http://172.18.0.2:8080/v1/AUTH_003a15e2106b44068d34fb3ca1bdce19/gnocchi.08b5cf12-3043-43fe-b719-fc3606ef6f8d/1763640000.0_mean_300.0_v3" "txf1375a0244aa4c1b819b6-00692ea6a2" "proxy-server 20" 0.0133 "-" 25 0
Dec 2 08:43:14 standalone proxy-server[130163]: 172.18.0.2 172.18.0.100 02/Dec/2025/08/43/14 PUT /v1/AUTH_003a15e2106b44068d34fb3ca1bdce19/gnocchi.08b5cf12-3043-43fe-b719-fc3606ef6f8d/1763640000.0_mean_300.0_v3 HTTP/1.0 201 - python-swiftclient-3.11.1 gAAAAABpLqX2o5ht... 16 - - txf1375a0244aa4c1b819b6-00692ea6a2 - 0.0191 - - 1764664994.630071640 1764664994.649158716 0
Dec 2 08:43:14 standalone container-server[127893]: 172.20.0.100 - - [02/Dec/2025:08:43:14 +0000] "PUT /d1/436/AUTH_003a15e2106b44068d34fb3ca1bdce19/gnocchi.08b5cf12-3043-43fe-b719-fc3606ef6f8d/none_v3" 201 - "PUT http://172.18.0.2:8080/d1/110/AUTH_003a15e2106b44068d34fb3ca1bdce19/gnocchi.08b5cf12-3043-43fe-b719-fc3606ef6f8d/none_v3" "tx7b65f36cadaf4fe7b348f-00692ea6a2" "object-server 24" 0.0004 "-" 21 0
Dec 2 08:43:14 standalone object-server[128216]: 172.20.0.100 - - [02/Dec/2025:08:43:14 +0000] "PUT /d1/110/AUTH_003a15e2106b44068d34fb3ca1bdce19/gnocchi.08b5cf12-3043-43fe-b719-fc3606ef6f8d/none_v3" 201 - "PUT http://172.18.0.2:8080/v1/AUTH_003a15e2106b44068d34fb3ca1bdce19/gnocchi.08b5cf12-3043-43fe-b719-fc3606ef6f8d/none_v3" "tx7b65f36cadaf4fe7b348f-00692ea6a2" "proxy-server 20" 0.0100 "-" 24 0
Dec 2 08:43:14 standalone proxy-server[130163]: 172.18.0.2 172.18.0.100 02/Dec/2025/08/43/14 PUT /v1/AUTH_003a15e2106b44068d34fb3ca1bdce19/gnocchi.08b5cf12-3043-43fe-b719-fc3606ef6f8d/none_v3 HTTP/1.0 201 - python-swiftclient-3.11.1 gAAAAABpLqX2o5ht... 22 - - tx7b65f36cadaf4fe7b348f-00692ea6a2 - 0.0158 - - 1764664994.651064873 1764664994.666893005 0
Dec 2 08:43:14 standalone container-server[127893]: 172.20.0.100 - - [02/Dec/2025:08:43:14 +0000] "HEAD /d1/618/AUTH_003a15e2106b44068d34fb3ca1bdce19/gnocchi.b33ceda2-9481-4cb6-a873-732424d52a0e" 404 - "HEAD http://172.18.0.2:8080/v1/AUTH_003a15e2106b44068d34fb3ca1bdce19/gnocchi.b33ceda2-9481-4cb6-a873-732424d52a0e?format=json&states=listing" "txa8ee1eb93292495e9eb74-00692ea6a2" "proxy-server 20" 0.0002 "-" 21 0
Dec 2 08:43:14 standalone object-server[128216]: 172.20.0.100 - - [02/Dec/2025:08:43:14 +0000] "GET /d1/544/AUTH_003a15e2106b44068d34fb3ca1bdce19/gnocchi.b33ceda2-9481-4cb6-a873-732424d52a0e/none_v3" 404 70 "GET http://172.18.0.2:8080/v1/AUTH_003a15e2106b44068d34fb3ca1bdce19/gnocchi.b33ceda2-9481-4cb6-a873-732424d52a0e/none_v3" "txa8ee1eb93292495e9eb74-00692ea6a2" "proxy-server 20" 0.0004 "-" 24 0
Dec 2 08:43:14 standalone proxy-server[130163]: 172.18.0.2 172.18.0.100 02/Dec/2025/08/43/14 GET /v1/AUTH_003a15e2106b44068d34fb3ca1bdce19/gnocchi.b33ceda2-9481-4cb6-a873-732424d52a0e/none_v3 HTTP/1.0 404 - python-swiftclient-3.11.1 gAAAAABpLqX2o5ht... - 70 - txa8ee1eb93292495e9eb74-00692ea6a2 - 0.0082 - - 1764664994.674688339 1764664994.682907343 0
Dec 2 08:43:14 standalone account-server[128048]: 172.20.0.100 - - [02/Dec/2025:08:43:14 +0000] "PUT /d1/710/AUTH_003a15e2106b44068d34fb3ca1bdce19/gnocchi.b33ceda2-9481-4cb6-a873-732424d52a0e" 201 - "PUT http://172.20.0.100:6001/d1/618/AUTH_003a15e2106b44068d34fb3ca1bdce19/gnocchi.b33ceda2-9481-4cb6-a873-732424d52a0e" "tx31e7192699764fa7ade2a-00692ea6a2" "container-server 21" 0.0058 "-" 21 0
Dec 2 08:43:14 standalone container-server[127893]: 172.20.0.100 - - [02/Dec/2025:08:43:14 +0000] "PUT /d1/618/AUTH_003a15e2106b44068d34fb3ca1bdce19/gnocchi.b33ceda2-9481-4cb6-a873-732424d52a0e" 201 - "PUT http://172.18.0.2:8080/v1/AUTH_003a15e2106b44068d34fb3ca1bdce19/gnocchi.b33ceda2-9481-4cb6-a873-732424d52a0e" "tx31e7192699764fa7ade2a-00692ea6a2" "proxy-server 20" 0.0152 "-" 21 0
Dec 2 08:43:14 standalone proxy-server[130163]: 172.18.0.2 172.18.0.100 02/Dec/2025/08/43/14 PUT /v1/AUTH_003a15e2106b44068d34fb3ca1bdce19/gnocchi.b33ceda2-9481-4cb6-a873-732424d52a0e HTTP/1.0 201 - python-swiftclient-3.11.1 gAAAAABpLqX2o5ht... - - - tx31e7192699764fa7ade2a-00692ea6a2 - 0.0193 - - 1764664994.684788704 1764664994.704057455 0
Dec 2 08:43:14 standalone container-server[127907]: 172.20.0.100 - - [02/Dec/2025:08:43:14 +0000] "HEAD /d1/618/AUTH_003a15e2106b44068d34fb3ca1bdce19/gnocchi.b33ceda2-9481-4cb6-a873-732424d52a0e" 204 - "HEAD http://172.18.0.2:8080/v1/AUTH_003a15e2106b44068d34fb3ca1bdce19/gnocchi.b33ceda2-9481-4cb6-a873-732424d52a0e?format=json&states=listing" "tx77247d156b4a442abecaf-00692ea6a2" "proxy-server 20" 0.0021 "-" 22 0
Dec 2 08:43:14 standalone proxy-server[130163]: - - 02/Dec/2025/08/43/14 HEAD /v1/AUTH_003a15e2106b44068d34fb3ca1bdce19/gnocchi.b33ceda2-9481-4cb6-a873-732424d52a0e%3Fformat%3Djson%26states%3Dlisting HTTP/1.0 204 - Swift - - - - tx77247d156b4a442abecaf-00692ea6a2 - 0.0056 RL - 1764664994.707365274 1764664994.712999582 0
Dec 2 08:43:14 standalone container-server[127879]: 172.20.0.100 - - [02/Dec/2025:08:43:14 +0000] "GET /d1/618/AUTH_003a15e2106b44068d34fb3ca1bdce19/gnocchi.b33ceda2-9481-4cb6-a873-732424d52a0e" 200 2 "GET http://172.18.0.2:8080/v1/AUTH_003a15e2106b44068d34fb3ca1bdce19/gnocchi.b33ceda2-9481-4cb6-a873-732424d52a0e?format=json&states=listing" "tx77247d156b4a442abecaf-00692ea6a2" "proxy-server 20" 0.0022 "-" 19 0
Dec 2 08:43:14 standalone proxy-server[130163]: 172.18.0.2 172.18.0.100 02/Dec/2025/08/43/14 GET /v1/AUTH_003a15e2106b44068d34fb3ca1bdce19/gnocchi.b33ceda2-9481-4cb6-a873-732424d52a0e%3Fformat%3Djson%26states%3Dlisting HTTP/1.0 200 - python-swiftclient-3.11.1 gAAAAABpLqX2o5ht... - 2 - tx77247d156b4a442abecaf-00692ea6a2 - 0.0147 - - 1764664994.706349373 1764664994.721037865 0
