Dec 2 08:43:14 standalone object-server[128216]: 172.20.0.100 - - [02/Dec/2025:08:43:14 +0000] "GET /d1/999/AUTH_003a15e2106b44068d34fb3ca1bdce19/gnocchi.b33ceda2-9481-4cb6-a873-732424d52a0e/1763640000.0_mean_300.0_v3" 404 70 "GET http://172.18.0.2:8080/v1/AUTH_003a15e2106b44068d34fb3ca1bdce19/gnocchi.b33ceda2-9481-4cb6-a873-732424d52a0e/1763640000.0_mean_300.0_v3" "tx555d9b71b1c24d5097e18-00692ea6a2" "proxy-server 20" 0.0005 "-" 24 0
Dec 2 08:43:14 standalone proxy-server[130163]: 172.18.0.2 172.18.0.100 02/Dec/2025/08/43/14 GET /v1/AUTH_003a15e2106b44068d34fb3ca1bdce19/gnocchi.b33ceda2-9481-4cb6-a873-732424d52a0e/1763640000.0_mean_300.0_v3 HTTP/1.0 404 - python-swiftclient-3.11.1 gAAAAABpLqX2o5ht... - 70 - tx555d9b71b1c24d5097e18-00692ea6a2 - 0.0055 - - 1764664994.723428249 1764664994.728905916 0
Dec 2 08:43:14 standalone container-server[127911]: 172.20.0.100 - - [02/Dec/2025:08:43:14 +0000] "PUT /d1/618/AUTH_003a15e2106b44068d34fb3ca1bdce19/gnocchi.b33ceda2-9481-4cb6-a873-732424d52a0e/1763640000.0_mean_300.0_v3" 201 - "PUT http://172.18.0.2:8080/d1/999/AUTH_003a15e2106b44068d34fb3ca1bdce19/gnocchi.b33ceda2-9481-4cb6-a873-732424d52a0e/1763640000.0_mean_300.0_v3" "txc48fee2ab6554541a0671-00692ea6a2" "object-server 25" 0.0005 "-" 23 0
Dec 2 08:43:14 standalone object-server[128219]: 172.20.0.100 - - [02/Dec/2025:08:43:14 +0000] "PUT /d1/999/AUTH_003a15e2106b44068d34fb3ca1bdce19/gnocchi.b33ceda2-9481-4cb6-a873-732424d52a0e/1763640000.0_mean_300.0_v3" 201 - "PUT http://172.18.0.2:8080/v1/AUTH_003a15e2106b44068d34fb3ca1bdce19/gnocchi.b33ceda2-9481-4cb6-a873-732424d52a0e/1763640000.0_mean_300.0_v3" "txc48fee2ab6554541a0671-00692ea6a2" "proxy-server 20" 0.0139 "-" 25 0
Dec 2 08:43:14 standalone proxy-server[130163]: 172.18.0.2 172.18.0.100 02/Dec/2025/08/43/14 PUT /v1/AUTH_003a15e2106b44068d34fb3ca1bdce19/gnocchi.b33ceda2-9481-4cb6-a873-732424d52a0e/1763640000.0_mean_300.0_v3 HTTP/1.0 201 - python-swiftclient-3.11.1 gAAAAABpLqX2o5ht... 16 - - txc48fee2ab6554541a0671-00692ea6a2 - 0.0202 - - 1764664994.730997801 1764664994.751165152 0
Dec 2 08:43:14 standalone container-server[127911]: 172.20.0.100 - - [02/Dec/2025:08:43:14 +0000] "PUT /d1/618/AUTH_003a15e2106b44068d34fb3ca1bdce19/gnocchi.b33ceda2-9481-4cb6-a873-732424d52a0e/none_v3" 201 - "PUT http://172.18.0.2:8080/d1/544/AUTH_003a15e2106b44068d34fb3ca1bdce19/gnocchi.b33ceda2-9481-4cb6-a873-732424d52a0e/none_v3" "tx78a19f0bcd794dc3b052d-00692ea6a2" "object-server 22" 0.0004 "-" 23 0
Dec 2 08:43:14 standalone object-server[128205]: 172.20.0.100 - - [02/Dec/2025:08:43:14 +0000] "PUT /d1/544/AUTH_003a15e2106b44068d34fb3ca1bdce19/gnocchi.b33ceda2-9481-4cb6-a873-732424d52a0e/none_v3" 201 - "PUT http://172.18.0.2:8080/v1/AUTH_003a15e2106b44068d34fb3ca1bdce19/gnocchi.b33ceda2-9481-4cb6-a873-732424d52a0e/none_v3" "tx78a19f0bcd794dc3b052d-00692ea6a2" "proxy-server 20" 0.0093 "-" 22 0
Dec 2 08:43:14 standalone proxy-server[130163]: 172.18.0.2 172.18.0.100 02/Dec/2025/08/43/14 PUT /v1/AUTH_003a15e2106b44068d34fb3ca1bdce19/gnocchi.b33ceda2-9481-4cb6-a873-732424d52a0e/none_v3 HTTP/1.0 201 - python-swiftclient-3.11.1 gAAAAABpLqX2o5ht... 22 - - tx78a19f0bcd794dc3b052d-00692ea6a2 - 0.0148 - - 1764664994.754516125 1764664994.769356966 0
Dec 2 08:43:14 standalone container-server[127907]: 172.20.0.100 - - [02/Dec/2025:08:43:14 +0000] "HEAD /d1/308/AUTH_003a15e2106b44068d34fb3ca1bdce19/gnocchi.c14edff3-c982-4400-981c-c5382dbddc8f" 404 - "HEAD http://172.18.0.2:8080/v1/AUTH_003a15e2106b44068d34fb3ca1bdce19/gnocchi.c14edff3-c982-4400-981c-c5382dbddc8f?format=json&states=listing" "tx507e53904b444f8da754c-00692ea6a2" "proxy-server 20" 0.0005 "-" 22 0
Dec 2 08:43:14 standalone object-server[128219]: 172.20.0.100 - - [02/Dec/2025:08:43:14 +0000] "GET /d1/49/AUTH_003a15e2106b44068d34fb3ca1bdce19/gnocchi.c14edff3-c982-4400-981c-c5382dbddc8f/none_v3" 404 70 "GET http://172.18.0.2:8080/v1/AUTH_003a15e2106b44068d34fb3ca1bdce19/gnocchi.c14edff3-c982-4400-981c-c5382dbddc8f/none_v3" "tx507e53904b444f8da754c-00692ea6a2" "proxy-server 20" 0.0005 "-" 25 0
Dec 2 08:43:14 standalone proxy-server[130163]: 172.18.0.2 172.18.0.100 02/Dec/2025/08/43/14 GET /v1/AUTH_003a15e2106b44068d34fb3ca1bdce19/gnocchi.c14edff3-c982-4400-981c-c5382dbddc8f/none_v3 HTTP/1.0 404 - python-swiftclient-3.11.1 gAAAAABpLqX2o5ht... - 70 - tx507e53904b444f8da754c-00692ea6a2 - 0.0096 - - 1764664994.780825615 1764664994.790425301 0
Dec 2 08:43:14 standalone account-server[128044]: 172.20.0.100 - - [02/Dec/2025:08:43:14 +0000] "PUT /d1/710/AUTH_003a15e2106b44068d34fb3ca1bdce19/gnocchi.c14edff3-c982-4400-981c-c5382dbddc8f" 201 - "PUT http://172.20.0.100:6001/d1/308/AUTH_003a15e2106b44068d34fb3ca1bdce19/gnocchi.c14edff3-c982-4400-981c-c5382dbddc8f" "tx26be2cfbaa6c4af39ddd0-00692ea6a2" "container-server 23" 0.0057 "-" 20 0
Dec 2 08:43:14 standalone container-server[127911]: 172.20.0.100 - - [02/Dec/2025:08:43:14 +0000] "PUT /d1/308/AUTH_003a15e2106b44068d34fb3ca1bdce19/gnocchi.c14edff3-c982-4400-981c-c5382dbddc8f" 201 - "PUT http://172.18.0.2:8080/v1/AUTH_003a15e2106b44068d34fb3ca1bdce19/gnocchi.c14edff3-c982-4400-981c-c5382dbddc8f" "tx26be2cfbaa6c4af39ddd0-00692ea6a2" "proxy-server 20" 0.0157 "-" 23 0
Dec 2 08:43:14 standalone proxy-server[130163]: 172.18.0.2 172.18.0.100 02/Dec/2025/08/43/14 PUT /v1/AUTH_003a15e2106b44068d34fb3ca1bdce19/gnocchi.c14edff3-c982-4400-981c-c5382dbddc8f HTTP/1.0 201 - python-swiftclient-3.11.1 gAAAAABpLqX2o5ht... - - - tx26be2cfbaa6c4af39ddd0-00692ea6a2 - 0.0190 - - 1764664994.793257475 1764664994.812208176 0
Dec 2 08:43:14 standalone container-server[127907]: 172.20.0.100 - - [02/Dec/2025:08:43:14 +0000] "HEAD /d1/308/AUTH_003a15e2106b44068d34fb3ca1bdce19/gnocchi.c14edff3-c982-4400-981c-c5382dbddc8f" 204 - "HEAD http://172.18.0.2:8080/v1/AUTH_003a15e2106b44068d34fb3ca1bdce19/gnocchi.c14edff3-c982-4400-981c-c5382dbddc8f?format=json&states=listing" "txf9ac3262100a459b80afb-00692ea6a2" "proxy-server 20" 0.0021 "-" 22 0
Dec 2 08:43:14 standalone proxy-server[130163]: - - 02/Dec/2025/08/43/14 HEAD /v1/AUTH_003a15e2106b44068d34fb3ca1bdce19/gnocchi.c14edff3-c982-4400-981c-c5382dbddc8f%3Fformat%3Djson%26states%3Dlisting HTTP/1.0 204 - Swift - - - - txf9ac3262100a459b80afb-00692ea6a2 - 0.0053 RL - 1764664994.816514492 1764664994.821794033 0
Dec 2 08:43:14 standalone container-server[127911]: 172.20.0.100 - - [02/Dec/2025:08:43:14 +0000] "GET /d1/308/AUTH_003a15e2106b44068d34fb3ca1bdce19/gnocchi.c14edff3-c982-4400-981c-c5382dbddc8f" 200 2 "GET http://172.18.0.2:8080/v1/AUTH_003a15e2106b44068d34fb3ca1bdce19/gnocchi.c14edff3-c982-4400-981c-c5382dbddc8f?format=json&states=listing" "txf9ac3262100a459b80afb-00692ea6a2" "proxy-server 20" 0.0021 "-" 23 0
Dec 2 08:43:14 standalone proxy-server[130163]: 172.18.0.2 172.18.0.100 02/Dec/2025/08/43/14 GET /v1/AUTH_003a15e2106b44068d34fb3ca1bdce19/gnocchi.c14edff3-c982-4400-981c-c5382dbddc8f%3Fformat%3Djson%26states%3Dlisting HTTP/1.0 200 - python-swiftclient-3.11.1 gAAAAABpLqX2o5ht... - 2 - txf9ac3262100a459b80afb-00692ea6a2 - 0.0146 - - 1764664994.815699816 1764664994.830312014 0
Dec 2 08:43:14 standalone object-server[128207]: 172.20.0.100 - - [02/Dec/2025:08:43:14 +0000] "GET /d1/926/AUTH_003a15e2106b44068d34fb3ca1bdce19/gnocchi.c14edff3-c982-4400-981c-c5382dbddc8f/1763640000.0_mean_300.0_v3" 404 70 "GET http://172.18.0.2:8080/v1/AUTH_003a15e2106b44068d34fb3ca1bdce19/gnocchi.c14edff3-c982-4400-981c-c5382dbddc8f/1763640000.0_mean_300.0_v3" "tx0a79413a70a84e02872cd-00692ea6a2" "proxy-server 20" 0.0005 "-" 23 0
Dec 2 08:43:14 standalone proxy-server[130163]: 172.18.0.2 172.18.0.100 02/Dec/2025/08/43/14 GET /v1/AUTH_003a15e2106b44068d34fb3ca1bdce19/gnocchi.c14edff3-c982-4400-981c-c5382dbddc8f/1763640000.0_mean_300.0_v3 HTTP/1.0 404 - python-swiftclient-3.11.1 gAAAAABpLqX2o5ht... - 70 - tx0a79413a70a84e02872cd-00692ea6a2 - 0.0053 - - 1764664994.834229231 1764664994.839483500 0
Dec 2 08:43:14 standalone container-server[127879]: 172.20.0.100 - - [02/Dec/2025:08:43:14 +0000] "PUT /d1/308/AUTH_003a15e2106b44068d34fb3ca1bdce19/gnocchi.c14edff3-c982-4400-981c-c5382dbddc8f/1763640000.0_mean_300.0_v3" 201 - "PUT http://172.18.0.2:8080/d1/926/AUTH_003a15e2106b44068d34fb3ca1bdce19/gnocchi.c14edff3-c982-4400-981c-c5382dbddc8f/1763640000.0_mean_300.0_v3" "tx65f3d4c690b843b1b8336-00692ea6a2" "object-server 23" 0.0009 "-" 19 0
Dec 2 08:43:14 standalone object-server[128207]: 172.20.0.100 - - [02/Dec/2025:08:43:14 +0000] "PUT /d1/926/AUTH_003a15e2106b44068d34fb3ca1bdce19/gnocchi.c14edff3-c982-4400-981c-c5382dbddc8f/1763640000.0_mean_300.0_v3" 201 - "PUT http://172.18.0.2:8080/v1/AUTH_003a15e2106b44068d34fb3ca1bdce19/gnocchi.c14edff3-c982-4400-981c-c5382dbddc8f/1763640000.0_mean_300.0_v3" "tx65f3d4c690b843b1b8336-00692ea6a2" "proxy-server 20" 0.0108 "-" 23 0
Dec 2 08:43:14 standalone proxy-server[130163]: 172.18.0.2 172.18.0.100 02/Dec/2025/08/43/14 PUT /v1/AUTH_003a15e2106b44068d34fb3ca1bdce19/gnocchi.c14edff3-c982-4400-981c-c5382dbddc8f/1763640000.0_mean_300.0_v3 HTTP/1.0 201 - python-swiftclient-3.11.1 gAAAAABpLqX2o5ht... 16 - - tx65f3d4c690b843b1b8336-00692ea6a2 - 0.0151 - - 1764664994.842527628 1764664994.857655764 0
Dec 2 08:43:14 standalone container-server[127893]: 172.20.0.100 - - [02/Dec/2025:08:43:14 +0000] "PUT /d1/308/AUTH_003a15e2106b44068d34fb3ca1bdce19/gnocchi.c14edff3-c982-4400-981c-c5382dbddc8f/none_v3" 201 - "PUT http://172.18.0.2:8080/d1/49/AUTH_003a15e2106b44068d34fb3ca1bdce19/gnocchi.c14edff3-c982-4400-981c-c5382dbddc8f/none_v3" "tx46d9205e34cd451f90346-00692ea6a2" "object-server 25" 0.0005 "-" 21 0
Dec 2 08:43:14 standalone object-server[128219]: 172.20.0.100 - - [02/Dec/2025:08:43:14 +0000] "PUT /d1/49/AUTH_003a15e2106b44068d34fb3ca1bdce19/gnocchi.c14edff3-c982-4400-981c-c5382dbddc8f/none_v3" 201 - "PUT http://172.18.0.2:8080/v1/AUTH_003a15e2106b44068d34fb3ca1bdce19/gnocchi.c14edff3-c982-4400-981c-c5382dbddc8f/none_v3" "tx46d9205e34cd451f90346-00692ea6a2" "proxy-server 20" 0.0092 "-" 25 0
Dec 2 08:43:14 standalone proxy-server[130163]: 172.18.0.2 172.18.0.100 02/Dec/2025/08/43/14 PUT /v1/AUTH_003a15e2106b44068d34fb3ca1bdce19/gnocchi.c14edff3-c982-4400-981c-c5382dbddc8f/none_v3 HTTP/1.0 201 - python-swiftclient-3.11.1 gAAAAABpLqX2o5ht... 22 - - tx46d9205e34cd451f90346-00692ea6a2 - 0.0140 - - 1764664994.860503197 1764664994.874471903 0
Dec 2 08:43:14 standalone container-server[127879]: 172.20.0.100 - - [02/Dec/2025:08:43:14 +0000] "HEAD /d1/533/AUTH_003a15e2106b44068d34fb3ca1bdce19/gnocchi.3e68f37a-1a10-4ed6-8fcd-e3d87e9f5c1a" 404 - "HEAD http://172.18.0.2:8080/v1/AUTH_003a15e2106b44068d34fb3ca1bdce19/gnocchi.3e68f37a-1a10-4ed6-8fcd-e3d87e9f5c1a?format=json&states=listing" "tx25e0399e8b0b4c0091169-00692ea6a2" "proxy-server 20" 0.0006 "-" 19 0
Dec 2 08:43:14 standalone object-server[128205]: 172.20.0.100 - - [02/Dec/2025:08:43:14 +0000] "GET /d1/416/AUTH_003a15e2106b44068d34fb3ca1bdce19/gnocchi.3e68f37a-1a10-4ed6-8fcd-e3d87e9f5c1a/none_v3" 404 70 "GET http://172.18.0.2:8080/v1/AUTH_003a15e2106b44068d34fb3ca1bdce19/gnocchi.3e68f37a-1a10-4ed6-8fcd-e3d87e9f5c1a/none_v3" "tx25e0399e8b0b4c0091169-00692ea6a2" "proxy-server 20" 0.0005 "-" 22 0
Dec 2 08:43:14 standalone proxy-server[130163]: 172.18.0.2 172.18.0.100 02/Dec/2025/08/43/14 GET /v1/AUTH_003a15e2106b44068d34fb3ca1bdce19/gnocchi.3e68f37a-1a10-4ed6-8fcd-e3d87e9f5c1a/none_v3 HTTP/1.0 404 - python-swiftclient-3.11.1 gAAAAABpLqX2o5ht... - 70 - tx25e0399e8b0b4c0091169-00692ea6a2 - 0.0141 - - 1764664994.901412964 1764664994.915559530 0
Dec 2 08:43:14 standalone account-server[128044]: 172.20.0.100 - - [02/Dec/2025:08:43:14 +0000] "PUT /d1/710/AUTH_003a15e2106b44068d34fb3ca1bdce19/gnocchi.3e68f37a-1a10-4ed6-8fcd-e3d87e9f5c1a" 201 - "PUT http://172.20.0.100:6001/d1/533/AUTH_003a15e2106b44068d34fb3ca1bdce19/gnocchi.3e68f37a-1a10-4ed6-8fcd-e3d87e9f5c1a" "txb5f19512e387483496dd8-00692ea6a2" "container-server 23" 0.0057 "-" 20 0
Dec 2 08:43:14 standalone container-server[127911]: 172.20.0.100 - - [02/Dec/2025:08:43:14 +0000] "PUT /d1/533/AUTH_003a15e2106b44068d34fb3ca1bdce19/gnocchi.3e68f37a-1a10-4ed6-8fcd-e3d87e9f5c1a" 201 - "PUT http://172.18.0.2:8080/v1/AUTH_003a15e2106b44068d34fb3ca1bdce19/gnocchi.3e68f37a-1a10-4ed6-8fcd-e3d87e9f5c1a" "txb5f19512e387483496dd8-00692ea6a2" "proxy-server 20" 0.0211 "-" 23 0
Dec 2 08:43:14 standalone proxy-server[130163]: 172.18.0.2 172.18.0.100 02/Dec/2025/08/43/14 PUT /v1/AUTH_003a15e2106b44068d34fb3ca1bdce19/gnocchi.3e68f37a-1a10-4ed6-8fcd-e3d87e9f5c1a HTTP/1.0 201 - python-swiftclient-3.11.1 gAAAAABpLqX2o5ht... - - - txb5f19512e387483496dd8-00692ea6a2 - 0.0310 - - 1764664994.920047760 1764664994.951042652 0
Dec 2 08:43:14 standalone container-server[127879]: 172.20.0.100 - - [02/Dec/2025:08:43:14 +0000] "HEAD /d1/533/AUTH_003a15e2106b44068d34fb3ca1bdce19/gnocchi.3e68f37a-1a10-4ed6-8fcd-e3d87e9f5c1a" 204 - "HEAD http://172.18.0.2:8080/v1/AUTH_003a15e2106b44068d34fb3ca1bdce19/gnocchi.3e68f37a-1a10-4ed6-8fcd-e3d87e9f5c1a?format=json&states=listing" "txd3eafbd79e5a436a84e63-00692ea6a2" "proxy-server 20" 0.0023 "-" 19 0
Dec 2 08:43:14 standalone proxy-server[130163]: - - 02/Dec/2025/08/43/14 HEAD /v1/AUTH_003a15e2106b44068d34fb3ca1bdce19/gnocchi.3e68f37a-1a10-4ed6-8fcd-e3d87e9f5c1a%3Fformat%3Djson%26states%3Dlisting HTTP/1.0 204 - Swift - - - - txd3eafbd79e5a436a84e63-00692ea6a2 - 0.0076 RL - 1764664994.957857847 1764664994.965484142 0
Dec 2 08:43:14 standalone container-server[127907]: 172.20.0.100 - - [02/Dec/2025:08:43:14 +0000] "GET /d1/533/AUTH_003a15e2106b44068d34fb3ca1bdce19/gnocchi.3e68f37a-1a10-4ed6-8fcd-e3d87e9f5c1a" 200 2 "GET http://172.18.0.2:8080/v1/AUTH_003a15e2106b44068d34fb3ca1bdce19/gnocchi.3e68f37a-1a10-4ed6-8fcd-e3d87e9f5c1a?format=json&states=listing" "txd3eafbd79e5a436a84e63-00692ea6a2" "proxy-server 20" 0.0034 "-" 22 0
Dec 2 08:43:14 standalone proxy-server[130163]: 172.18.0.2 172.18.0.100 02/Dec/2025/08/43/14 GET /v1/AUTH_003a15e2106b44068d34fb3ca1bdce19/gnocchi.3e68f37a-1a10-4ed6-8fcd-e3d87e9f5c1a%3Fformat%3Djson%26states%3Dlisting HTTP/1.0 200 - python-swiftclient-3.11.1 gAAAAABpLqX2o5ht... - 2 - txd3eafbd79e5a436a84e63-00692ea6a2 - 0.0217 - - 1764664994.956260443 1764664994.977997780 0
Dec 2 08:43:14 standalone object-server[128216]: 172.20.0.100 - - [02/Dec/2025:08:43:14 +0000] "GET /d1/611/AUTH_003a15e2106b44068d34fb3ca1bdce19/gnocchi.3e68f37a-1a10-4ed6-8fcd-e3d87e9f5c1a/1763640000.0_mean_300.0_v3" 404 70 "GET http://172.18.0.2:8080/v1/AUTH_003a15e2106b44068d34fb3ca1bdce19/gnocchi.3e68f37a-1a10-4ed6-8fcd-e3d87e9f5c1a/1763640000.0_mean_300.0_v3" "tx97bdb32918ed440187eeb-00692ea6a2" "proxy-server 20" 0.0005 "-" 24 0
Dec 2 08:43:14 standalone proxy-server[130163]: 172.18.0.2 172.18.0.100 02/Dec/2025/08/43/14 GET /v1/AUTH_003a15e2106b44068d34fb3ca1bdce19/gnocchi.3e68f37a-1a10-4ed6-8fcd-e3d87e9f5c1a/1763640000.0_mean_300.0_v3 HTTP/1.0 404 - python-swiftclient-3.11.1 gAAAAABpLqX2o5ht... - 70 - tx97bdb32918ed440187eeb-00692ea6a2 - 0.0090 - - 1764664994.982691526 1764664994.991647005 0
Dec 2 08:43:15 standalone container-server[127879]: 172.20.0.100 - - [02/Dec/2025:08:43:15 +0000] "PUT /d1/533/AUTH_003a15e2106b44068d34fb3ca1bdce19/gnocchi.3e68f37a-1a10-4ed6-8fcd-e3d87e9f5c1a/1763640000.0_mean_300.0_v3" 201 - "PUT http://172.18.0.2:8080/d1/611/AUTH_003a15e2106b44068d34fb3ca1bdce19/gnocchi.3e68f37a-1a10-4ed6-8fcd-e3d87e9f5c1a/1763640000.0_mean_300.0_v3" "txdc3e39263f6f4544a3992-00692ea6a2" "object-server 24" 0.0010 "-" 19 0
Dec 2 08:43:15 standalone object-server[128216]: 172.20.0.100 - - [02/Dec/2025:08:43:15 +0000] "PUT /d1/611/AUTH_003a15e2106b44068d34fb3ca1bdce19/gnocchi.3e68f37a-1a10-4ed6-8fcd-e3d87e9f5c1a/1763640000.0_mean_300.0_v3" 201 - "PUT http://172.18.0.2:8080/v1/AUTH_003a15e2106b44068d34fb3ca1bdce19/gnocchi.3e68f37a-1a10-4ed6-8fcd-e3d87e9f5c1a/1763640000.0_mean_300.0_v3" "txdc3e39263f6f4544a3992-00692ea6a2" "proxy-server 20" 0.0176 "-" 24 0
Dec 2 08:43:15 standalone proxy-server[130163]: 172.18.0.2 172.18.0.100 02/Dec/2025/08/43/15 PUT /v1/AUTH_003a15e2106b44068d34fb3ca1bdce19/gnocchi.3e68f37a-1a10-4ed6-8fcd-e3d87e9f5c1a/1763640000.0_mean_300.0_v3 HTTP/1.0 201 - python-swiftclient-3.11.1 gAAAAABpLqX2o5ht... 16 - - txdc3e39263f6f4544a3992-00692ea6a2 - 0.0265 - - 1764664994.995832920 1764664995.022287130 0
Dec 2 08:43:15 standalone container-server[127907]: 172.20.0.100 - - [02/Dec/2025:08:43:15 +0000] "PUT /d1/533/AUTH_003a15e2106b44068d34fb3ca1bdce19/gnocchi.3e68f37a-1a10-4ed6-8fcd-e3d87e9f5c1a/none_v3" 201 - "PUT http://172.18.0.2:8080/d1/416/AUTH_003a15e2106b44068d34fb3ca1bdce19/gnocchi.3e68f37a-1a10-4ed6-8fcd-e3d87e9f5c1a/none_v3" "txec23b3917c71465689fda-00692ea6a3" "object-server 22" 0.0007 "-" 22 0
Dec 2 08:43:15 standalone object-server[128205]: 172.20.0.100 - - [02/Dec/2025:08:43:15 +0000] "PUT /d1/416/AUTH_003a15e2106b44068d34fb3ca1bdce19/gnocchi.3e68f37a-1a10-4ed6-8fcd-e3d87e9f5c1a/none_v3" 201 - "PUT http://172.18.0.2:8080/v1/AUTH_003a15e2106b44068d34fb3ca1bdce19/gnocchi.3e68f37a-1a10-4ed6-8fcd-e3d87e9f5c1a/none_v3" "txec23b3917c71465689fda-00692ea6a3" "proxy-server 20" 0.0106 "-" 22 0
Dec 2 08:43:15 standalone proxy-server[130163]: 172.18.0.2 172.18.0.100 02/Dec/2025/08/43/15 PUT /v1/AUTH_003a15e2106b44068d34fb3ca1bdce19/gnocchi.3e68f37a-1a10-4ed6-8fcd-e3d87e9f5c1a/none_v3 HTTP/1.0 201 - python-swiftclient-3.11.1 gAAAAABpLqX2o5ht... 22 - - txec23b3917c71465689fda-00692ea6a3 - 0.0211 - - 1764664995.027460814 1764664995.048567533 0
Dec 2 08:43:15 standalone container-server[127879]: 172.20.0.100 - - [02/Dec/2025:08:43:15 +0000] "HEAD /d1/247/AUTH_003a15e2106b44068d34fb3ca1bdce19/gnocchi.3efbeeab-c93f-40b8-9e53-29ae70d21fa1" 404 - "HEAD http://172.18.0.2:8080/v1/AUTH_003a15e2106b44068d34fb3ca1bdce19/gnocchi.3efbeeab-c93f-40b8-9e53-29ae70d21fa1?format=json&states=listing" "txab1a71916ee949799467a-00692ea6a3" "proxy-server 20" 0.0006 "-" 19 0
Dec 2 08:43:15 standalone object-server[128205]: 172.20.0.100 - - [02/Dec/2025:08:43:15 +0000] "GET /d1/581/AUTH_003a15e2106b44068d34fb3ca1bdce19/gnocchi.3efbeeab-c93f-40b8-9e53-29ae70d21fa1/none_v3" 404 70 "GET http://172.18.0.2:8080/v1/AUTH_003a15e2106b44068d34fb3ca1bdce19/gnocchi.3efbeeab-c93f-40b8-9e53-29ae70d21fa1/none_v3" "txab1a71916ee949799467a-00692ea6a3" "proxy-server 20" 0.0004 "-" 22 0
Dec 2 08:43:15 standalone proxy-server[130163]: 172.18.0.2 172.18.0.100 02/Dec/2025/08/43/15 GET /v1/AUTH_003a15e2106b44068d34fb3ca1bdce19/gnocchi.3efbeeab-c93f-40b8-9e53-29ae70d21fa1/none_v3 HTTP/1.0 404 - python-swiftclient-3.11.1 gAAAAABpLqX2o5ht... - 70 - txab1a71916ee949799467a-00692ea6a3 - 0.0155 - - 1764664995.071169138 1764664995.086678505 0
Dec 2 08:43:15 standalone account-server[128048]: 172.20.0.100 - - [02/Dec/2025:08:43:15 +0000] "PUT /d1/710/AUTH_003a15e2106b44068d34fb3ca1bdce19/gnocchi.3efbeeab-c93f-40b8-9e53-29ae70d21fa1" 201 - "PUT http://172.20.0.100:6001/d1/247/AUTH_003a15e2106b44068d34fb3ca1bdce19/gnocchi.3efbeeab-c93f-40b8-9e53-29ae70d21fa1" "tx457b41c45c394c7f88651-00692ea6a3" "container-server 23" 0.0058 "-" 21 0
Dec 2 08:43:15 standalone container-server[127911]: 172.20.0.100 - - [02/Dec/2025:08:43:15 +0000] "PUT /d1/247/AUTH_003a15e2106b44068d34fb3ca1bdce19/gnocchi.3efbeeab-c93f-40b8-9e53-29ae70d21fa1" 201 - "PUT http://172.18.0.2:8080/v1/AUTH_003a15e2106b44068d34fb3ca1bdce19/gnocchi.3efbeeab-c93f-40b8-9e53-29ae70d21fa1" "tx457b41c45c394c7f88651-00692ea6a3" "proxy-server 20" 0.0240 "-" 23 0
Dec 2 08:43:15 standalone proxy-server[130163]: 172.18.0.2 172.18.0.100 02/Dec/2025/08/43/15 PUT /v1/AUTH_003a15e2106b44068d34fb3ca1bdce19/gnocchi.3efbeeab-c93f-40b8-9e53-29ae70d21fa1 HTTP/1.0 201 - python-swiftclient-3.11.1 gAAAAABpLqX2o5ht... - - - tx457b41c45c394c7f88651-00692ea6a3 - 0.0322 - - 1764664995.091038227 1764664995.123195410 0
Dec 2 08:43:15 standalone container-server[127893]: 172.20.0.100 - - [02/Dec/2025:08:43:15 +0000] "HEAD /d1/247/AUTH_003a15e2106b44068d34fb3ca1bdce19/gnocchi.3efbeeab-c93f-40b8-9e53-29ae70d21fa1" 204 - "HEAD http://172.18.0.2:8080/v1/AUTH_003a15e2106b44068d34fb3ca1bdce19/gnocchi.3efbeeab-c93f-40b8-9e53-29ae70d21fa1?format=json&states=listing" "tx3deb11851e8147089d910-00692ea6a3" "proxy-server 20" 0.0022 "-" 21 0
Dec 2 08:43:15 standalone proxy-server[130163]: - - 02/Dec/2025/08/43/15 HEAD /v1/AUTH_003a15e2106b44068d34fb3ca1bdce19/gnocchi.3efbeeab-c93f-40b8-9e53-29ae70d21fa1%3Fformat%3Djson%26states%3Dlisting HTTP/1.0 204 - Swift - - - - tx3deb11851e8147089d910-00692ea6a3 - 0.0081 RL - 1764664995.130975962 1764664995.139057398 0
Dec 2 08:43:15 standalone container-server[127907]: 172.20.0.100 - - [02/Dec/2025:08:43:15 +0000] "GET /d1/247/AUTH_003a15e2106b44068d34fb3ca1bdce19/gnocchi.3efbeeab-c93f-40b8-9e53-29ae70d21fa1" 200 2 "GET http://172.18.0.2:8080/v1/AUTH_003a15e2106b44068d34fb3ca1bdce19/gnocchi.3efbeeab-c93f-40b8-9e53-29ae70d21fa1?format=json&states=listing" "tx3deb11851e8147089d910-00692ea6a3" "proxy-server 20" 0.0033 "-" 22 0
Dec 2 08:43:15 standalone proxy-server[130163]: 172.18.0.2 172.18.0.100 02/Dec/2025/08/43/15 GET /v1/AUTH_003a15e2106b44068d34fb3ca1bdce19/gnocchi.3efbeeab-c93f-40b8-9e53-29ae70d21fa1%3Fformat%3Djson%26states%3Dlisting HTTP/1.0 200 - python-swiftclient-3.11.1 gAAAAABpLqX2o5ht... - 2 - tx3deb11851e8147089d910-00692ea6a3 - 0.0226 - - 1764664995.128911257 1764664995.151530504 0
Dec 2 08:43:15 standalone object-server[128207]: 172.20.0.100 - - [02/Dec/2025:08:43:15 +0000] "GET /d1/435/AUTH_003a15e2106b44068d34fb3ca1bdce19/gnocchi.3efbeeab-c93f-40b8-9e53-29ae70d21fa1/1763640000.0_mean_300.0_v3" 404 70 "GET http://172.18.0.2:8080/v1/AUTH_003a15e2106b44068d34fb3ca1bdce19/gnocchi.3efbeeab-c93f-40b8-9e53-29ae70d21fa1/1763640000.0_mean_300.0_v3" "txddde73df0118433eb40e7-00692ea6a3" "proxy-server 20" 0.0007 "-" 23 0
Dec 2 08:43:15 standalone proxy-server[130163]: 172.18.0.2 172.18.0.100 02/Dec/2025/08/43/15 GET /v1/AUTH_003a15e2106b44068d34fb3ca1bdce19/gnocchi.3efbeeab-c93f-40b8-9e53-29ae70d21fa1/1763640000.0_mean_300.0_v3 HTTP/1.0 404 - python-swiftclient-3.11.1 gAAAAABpLqX2o5ht... - 70 - txddde73df0118433eb40e7-00692ea6a3 - 0.0083 - - 1764664995.156945944 1764664995.165206432 0
Dec 2 08:43:15 standalone container-server[127879]: 172.20.0.100 - - [02/Dec/2025:08:43:15 +0000] "PUT /d1/247/AUTH_003a15e2106b44068d34fb3ca1bdce19/gnocchi.3efbeeab-c93f-40b8-9e53-29ae70d21fa1/1763640000.0_mean_300.0_v3" 201 - "PUT http://172.18.0.2:8080/d1/435/AUTH_003a15e2106b44068d34fb3ca1bdce19/gnocchi.3efbeeab-c93f-40b8-9e53-29ae70d21fa1/1763640000.0_mean_300.0_v3" "tx22ac1a7ea7a542c7b27d9-00692ea6a3" "object-server 23" 0.0010 "-" 19 0
Dec 2 08:43:15 standalone object-server[128207]: 172.20.0.100 - - [02/Dec/2025:08:43:15 +0000] "PUT /d1/435/AUTH_003a15e2106b44068d34fb3ca1bdce19/gnocchi.3efbeeab-c93f-40b8-9e53-29ae70d21fa1/1763640000.0_mean_300.0_v3" 201 - "PUT http://172.18.0.2:8080/v1/AUTH_003a15e2106b44068d34fb3ca1bdce19/gnocchi.3efbeeab-c93f-40b8-9e53-29ae70d21fa1/1763640000.0_mean_300.0_v3" "tx22ac1a7ea7a542c7b27d9-00692ea6a3" "proxy-server 20" 0.0113 "-" 23 0
Dec 2 08:43:15 standalone proxy-server[130163]: 172.18.0.2 172.18.0.100 02/Dec/2025/08/43/15 PUT /v1/AUTH_003a15e2106b44068d34fb3ca1bdce19/gnocchi.3efbeeab-c93f-40b8-9e53-29ae70d21fa1/1763640000.0_mean_300.0_v3 HTTP/1.0 201 - python-swiftclient-3.11.1 gAAAAABpLqX2o5ht... 16 - - tx22ac1a7ea7a542c7b27d9-00692ea6a3 - 0.0183 - - 1764664995.168779612 1764664995.187058926 0
Dec 2 08:43:15 standalone container-server[127879]: 172.20.0.100 - - [02/Dec/2025:08:43:15 +0000] "PUT /d1/247/AUTH_003a15e2106b44068d34fb3ca1bdce19/gnocchi.3efbeeab-c93f-40b8-9e53-29ae70d21fa1/none_v3" 201 - "PUT http://172.18.0.2:8080/d1/581/AUTH_003a15e2106b44068d34fb3ca1bdce19/gnocchi.3efbeeab-c93f-40b8-9e53-29ae70d21fa1/none_v3" "tx9d9ebacd44854ace8983b-00692ea6a3" "object-server 25" 0.0006 "-" 19 0
Dec 2 08:43:15 standalone object-server[128219]: 172.20.0.100 - - [02/Dec/2025:08:43:15 +0000] "PUT /d1/581/AUTH_003a15e2106b44068d34fb3ca1bdce19/gnocchi.3efbeeab-c93f-40b8-9e53-29ae70d21fa1/none_v3" 201 - "PUT http://172.18.0.2:8080/v1/AUTH_003a15e2106b44068d34fb3ca1bdce19/gnocchi.3efbeeab-c93f-40b8-9e53-29ae70d21fa1/none_v3" "tx9d9ebacd44854ace8983b-00692ea6a3" "proxy-server 20" 0.0105 "-" 25 0
Dec 2 08:43:15 standalone proxy-server[130163]: 172.18.0.2 172.18.0.100 02/Dec/2025/08/43/15 PUT /v1/AUTH_003a15e2106b44068d34fb3ca1bdce19/gnocchi.3efbeeab-c93f-40b8-9e53-29ae70d21fa1/none_v3 HTTP/1.0 201 - python-swiftclient-3.11.1 gAAAAABpLqX2o5ht... 22 - - tx9d9ebacd44854ace8983b-00692ea6a3 - 0.0235 - - 1764664995.192303658 1764664995.215754032 0
Dec 2 08:43:15 standalone container-server[127879]: 172.20.0.100 - - [02/Dec/2025:08:43:15 +0000] "HEAD /d1/543/AUTH_003a15e2106b44068d34fb3ca1bdce19/gnocchi.988d8efe-7ddf-44a4-8092-1de0c8484da3" 404 - "HEAD http://172.18.0.2:8080/v1/AUTH_003a15e2106b44068d34fb3ca1bdce19/gnocchi.988d8efe-7ddf-44a4-8092-1de0c8484da3?format=json&states=listing" "tx9930c06898ec4b3c96e0d-00692ea6a3" "proxy-server 20" 0.0005 "-" 19 0
Dec 2 08:43:15 standalone object-server[128216]: 172.20.0.100 - - [02/Dec/2025:08:43:15 +0000] "GET /d1/782/AUTH_003a15e2106b44068d34fb3ca1bdce19/gnocchi.988d8efe-7ddf-44a4-8092-1de0c8484da3/none_v3" 404 70 "GET http://172.18.0.2:8080/v1/AUTH_003a15e2106b44068d34fb3ca1bdce19/gnocchi.988d8efe-7ddf-44a4-8092-1de0c8484da3/none_v3" "tx9930c06898ec4b3c96e0d-00692ea6a3" "proxy-server 20" 0.0005 "-" 24 0
Dec 2 08:43:15 standalone proxy-server[130163]: 172.18.0.2 172.18.0.100 02/Dec/2025/08/43/15 GET /v1/AUTH_003a15e2106b44068d34fb3ca1bdce19/gnocchi.988d8efe-7ddf-44a4-8092-1de0c8484da3/none_v3 HTTP/1.0 404 - python-swiftclient-3.11.1 gAAAAABpLqX2o5ht... - 70 - tx9930c06898ec4b3c96e0d-00692ea6a3 - 0.0146 - - 1764664995.230778694 1764664995.245365143 0
Dec 2 08:43:15 standalone account-server[128044]: 172.20.0.100 - - [02/Dec/2025:08:43:15 +0000] "PUT /d1/710/AUTH_003a15e2106b44068d34fb3ca1bdce19/gnocchi.988d8efe-7ddf-44a4-8092-1de0c8484da3" 201 - "PUT http://172.20.0.100:6001/d1/543/AUTH_003a15e2106b44068d34fb3ca1bdce19/gnocchi.988d8efe-7ddf-44a4-8092-1de0c8484da3" "tx53b18337c9634a67aa967-00692ea6a3" "container-server 19" 0.0056 "-" 20 0
Dec 2 08:43:15 standalone container-server[127879]: 172.20.0.100 - - [02/Dec/2025:08:43:15 +0000] "PUT /d1/543/AUTH_003a15e2106b44068d34fb3ca1bdce19/gnocchi.988d8efe-7ddf-44a4-8092-1de0c8484da3" 201 - "PUT http://172.18.0.2:8080/v1/AUTH_003a15e2106b44068d34fb3ca1bdce19/gnocchi.988d8efe-7ddf-44a4-8092-1de0c8484da3" "tx53b18337c9634a67aa967-00692ea6a3" "proxy-server 20" 0.0178 "-" 19 0
Dec 2 08:43:15 standalone proxy-server[130163]: 172.18.0.2 172.18.0.100 02/Dec/2025/08/43/15 PUT /v1/AUTH_003a15e2106b44068d34fb3ca1bdce19/gnocchi.988d8efe-7ddf-44a4-8092-1de0c8484da3 HTTP/1.0 201 - python-swiftclient-3.11.1 gAAAAABpLqX2o5ht... - - - tx53b18337c9634a67aa967-00692ea6a3 - 0.0235 - - 1764664995.248851061 1764664995.272343636 0
Dec 2 08:43:15 standalone container-server[127907]: 172.20.0.100 - - [02/Dec/2025:08:43:15 +0000] "HEAD /d1/543/AUTH_003a15e2106b44068d34fb3ca1bdce19/gnocchi.988d8efe-7ddf-44a4-8092-1de0c8484da3" 204 - "HEAD http://172.18.0.2:8080/v1/AUTH_003a15e2106b44068d34fb3ca1bdce19/gnocchi.988d8efe-7ddf-44a4-8092-1de0c8484da3?format=json&states=listing" "txa6f54953d83b4d2c956c5-00692ea6a3" "proxy-server 20" 0.0023 "-" 22 0
Dec 2 08:43:15 standalone proxy-server[130163]: - - 02/Dec/2025/08/43/15 HEAD /v1/AUTH_003a15e2106b44068d34fb3ca1bdce19/gnocchi.988d8efe-7ddf-44a4-8092-1de0c8484da3%3Fformat%3Djson%26states%3Dlisting HTTP/1.0 204 - Swift - - - - txa6f54953d83b4d2c956c5-00692ea6a3 - 0.0085 RL - 1764664995.277909279 1764664995.286402225 0
Dec 2 08:43:15 standalone container-server[127879]: 172.20.0.100 - - [02/Dec/2025:08:43:15 +0000] "GET /d1/543/AUTH_003a15e2106b44068d34fb3ca1bdce19/gnocchi.988d8efe-7ddf-44a4-8092-1de0c8484da3" 200 2 "GET http://172.18.0.2:8080/v1/AUTH_003a15e2106b44068d34fb3ca1bdce19/gnocchi.988d8efe-7ddf-44a4-8092-1de0c8484da3?format=json&states=listing" "txa6f54953d83b4d2c956c5-00692ea6a3" "proxy-server 20" 0.0020 "-" 19 0
Dec 2 08:43:15 standalone proxy-server[130163]: 172.18.0.2 172.18.0.100 02/Dec/2025/08/43/15 GET /v1/AUTH_003a15e2106b44068d34fb3ca1bdce19/gnocchi.988d8efe-7ddf-44a4-8092-1de0c8484da3%3Fformat%3Djson%26states%3Dlisting HTTP/1.0 200 - python-swiftclient-3.11.1 gAAAAABpLqX2o5ht... - 2 - txa6f54953d83b4d2c956c5-00692ea6a3 - 0.0208 - - 1764664995.276496410 1764664995.297247887 0
Dec 2 08:43:15 standalone object-server[128219]: 172.20.0.100 - - [02/Dec/2025:08:43:15 +0000] "GET /d1/782/AUTH_003a15e2106b44068d34fb3ca1bdce19/gnocchi.988d8efe-7ddf-44a4-8092-1de0c8484da3/1763640000.0_mean_300.0_v3" 404 70 "GET http://172.18.0.2:8080/v1/AUTH_003a15e2106b44068d34fb3ca1bdce19/gnocchi.988d8efe-7ddf-44a4-8092-1de0c8484da3/1763640000.0_mean_300.0_v3" "txd74b64a99c7e406f88711-00692ea6a3" "proxy-server 20" 0.0003 "-" 25 0
Dec 2 08:43:15 standalone proxy-server[130163]: 172.18.0.2 172.18.0.100 02/Dec/2025/08/43/15 GET /v1/AUTH_003a15e2106b44068d34fb3ca1bdce19/gnocchi.988d8efe-7ddf-44a4-8092-1de0c8484da3/1763640000.0_mean_300.0_v3 HTTP/1.0 404 - python-swiftclient-3.11.1 gAAAAABpLqX2o5ht... - 70 - txd74b64a99c7e406f88711-00692ea6a3 - 0.0050 - - 1764664995.300714731 1764664995.305759668 0
Dec 2 08:43:15 standalone container-server[127893]: 172.20.0.100 - - [02/Dec/2025:08:43:15 +0000] "PUT /d1/543/AUTH_003a15e2106b44068d34fb3ca1bdce19/gnocchi.988d8efe-7ddf-44a4-8092-1de0c8484da3/1763640000.0_mean_300.0_v3" 201 - "PUT http://172.18.0.2:8080/d1/782/AUTH_003a15e2106b44068d34fb3ca1bdce19/gnocchi.988d8efe-7ddf-44a4-8092-1de0c8484da3/1763640000.0_mean_300.0_v3" "tx58cc2d95e65a4e80a1c5a-00692ea6a3" "object-server 23" 0.0008 "-" 21 0
Dec 2 08:43:15 standalone object-server[128207]: 172.20.0.100 - - [02/Dec/2025:08:43:15 +0000] "PUT /d1/782/AUTH_003a15e2106b44068d34fb3ca1bdce19/gnocchi.988d8efe-7ddf-44a4-8092-1de0c8484da3/1763640000.0_mean_300.0_v3" 201 - "PUT http://172.18.0.2:8080/v1/AUTH_003a15e2106b44068d34fb3ca1bdce19/gnocchi.988d8efe-7ddf-44a4-8092-1de0c8484da3/1763640000.0_mean_300.0_v3" "tx58cc2d95e65a4e80a1c5a-00692ea6a3" "proxy-server 20" 0.0106 "-" 23 0
Dec 2 08:43:15 standalone proxy-server[130163]: 172.18.0.2 172.18.0.100 02/Dec/2025/08/43/15 PUT /v1/AUTH_003a15e2106b44068d34fb3ca1bdce19/gnocchi.988d8efe-7ddf-44a4-8092-1de0c8484da3/1763640000.0_mean_300.0_v3 HTTP/1.0 201 - python-swiftclient-3.11.1 gAAAAABpLqX2o5ht... 16 - - tx58cc2d95e65a4e80a1c5a-00692ea6a3 - 0.0172 - - 1764664995.308476448 1764664995.325630903 0
Dec 2 08:43:15 standalone container-server[127911]: 172.20.0.100 - - [02/Dec/2025:08:43:15 +0000] "PUT /d1/543/AUTH_003a15e2106b44068d34fb3ca1bdce19/gnocchi.988d8efe-7ddf-44a4-8092-1de0c8484da3/none_v3" 201 - "PUT http://172.18.0.2:8080/d1/782/AUTH_003a15e2106b44068d34fb3ca1bdce19/gnocchi.988d8efe-7ddf-44a4-8092-1de0c8484da3/none_v3" "txead7b9ba271d4c0e86d49-00692ea6a3" "object-server 24" 0.0006 "-" 23 0
Dec 2 08:43:15 standalone object-server[128216]: 172.20.0.100 - - [02/Dec/2025:08:43:15 +0000] "PUT /d1/782/AUTH_003a15e2106b44068d34fb3ca1bdce19/gnocchi.988d8efe-7ddf-44a4-8092-1de0c8484da3/none_v3" 201 - "PUT http://172.18.0.2:8080/v1/AUTH_003a15e2106b44068d34fb3ca1bdce19/gnocchi.988d8efe-7ddf-44a4-8092-1de0c8484da3/none_v3" "txead7b9ba271d4c0e86d49-00692ea6a3" "proxy-server 20" 0.0096 "-" 24 0
Dec 2 08:43:15 standalone proxy-server[130163]: 172.18.0.2 172.18.0.100 02/Dec/2025/08/43/15 PUT /v1/AUTH_003a15e2106b44068d34fb3ca1bdce19/gnocchi.988d8efe-7ddf-44a4-8092-1de0c8484da3/none_v3 HTTP/1.0 201 - python-swiftclient-3.11.1 gAAAAABpLqX2o5ht... 22 - - txead7b9ba271d4c0e86d49-00692ea6a3 - 0.0179 - - 1764664995.328816414 1764664995.346694231 0
Dec 2 08:43:15 standalone container-server[127911]: 172.20.0.100 - - [02/Dec/2025:08:43:15 +0000] "HEAD /d1/531/AUTH_003a15e2106b44068d34fb3ca1bdce19/gnocchi.523d4d2f-4cea-470e-b4b1-a3c8cf169e27" 404 - "HEAD http://172.18.0.2:8080/v1/AUTH_003a15e2106b44068d34fb3ca1bdce19/gnocchi.523d4d2f-4cea-470e-b4b1-a3c8cf169e27?format=json&states=listing" "tx9a8dcf9379d345eeb9664-00692ea6a3" "proxy-server 20" 0.0004 "-" 23 0
Dec 2 08:43:15 standalone object-server[128219]: 172.20.0.100 - - [02/Dec/2025:08:43:15 +0000] "GET /d1/808/AUTH_003a15e2106b44068d34fb3ca1bdce19/gnocchi.523d4d2f-4cea-470e-b4b1-a3c8cf169e27/none_v3" 404 70 "GET http://172.18.0.2:8080/v1/AUTH_003a15e2106b44068d34fb3ca1bdce19/gnocchi.523d4d2f-4cea-470e-b4b1-a3c8cf169e27/none_v3" "tx9a8dcf9379d345eeb9664-00692ea6a3" "proxy-server 20" 0.0004 "-" 25 0
Dec 2 08:43:15 standalone proxy-server[130163]: 172.18.0.2 172.18.0.100 02/Dec/2025/08/43/15 GET /v1/AUTH_003a15e2106b44068d34fb3ca1bdce19/gnocchi.523d4d2f-4cea-470e-b4b1-a3c8cf169e27/none_v3 HTTP/1.0 404 - python-swiftclient-3.11.1 gAAAAABpLqX2o5ht... - 70 - tx9a8dcf9379d345eeb9664-00692ea6a3 - 0.0103 - - 1764664995.358735323 1764664995.369060516 0
Dec 2 08:43:15 standalone account-server[128062]: 172.20.0.100 - - [02/Dec/2025:08:43:15 +0000] "PUT /d1/710/AUTH_003a15e2106b44068d34fb3ca1bdce19/gnocchi.523d4d2f-4cea-470e-b4b1-a3c8cf169e27" 201 - "PUT http://172.20.0.100:6001/d1/531/AUTH_003a15e2106b44068d34fb3ca1bdce19/gnocchi.523d4d2f-4cea-470e-b4b1-a3c8cf169e27" "tx94e8c2ab85d5476c8a82d-00692ea6a3" "container-server 21" 0.0564 "-" 23 0
Dec 2 08:43:15 standalone container-server[127893]: 172.20.0.100 - - [02/Dec/2025:08:43:15 +0000] "PUT /d1/531/AUTH_003a15e2106b44068d34fb3ca1bdce19/gnocchi.523d4d2f-4cea-470e-b4b1-a3c8cf169e27" 201 - "PUT http://172.18.0.2:8080/v1/AUTH_003a15e2106b44068d34fb3ca1bdce19/gnocchi.523d4d2f-4cea-470e-b4b1-a3c8cf169e27" "tx94e8c2ab85d5476c8a82d-00692ea6a3" "proxy-server 20" 0.0787 "-" 21 0
Dec 2 08:43:15 standalone account-server[128062]: 172.20.0.100 - - [02/Dec/2025:08:43:15 +0000] "HEAD /d1/69/.expiring_objects" 404 - "HEAD http://localhost/v1/.expiring_objects?format=json" "tx39d41d0b897b4b239d481-00692ea6a3" "proxy-server 2" 0.0004 "-" 23 -
Dec 2 08:43:15 standalone object-expirer[128021]: Pass completed in 0s; 0 objects expired (txn: tx39d41d0b897b4b239d481-00692ea6a3)
Dec 2 08:43:15 standalone proxy-server[130163]: 172.18.0.2 172.18.0.100 02/Dec/2025/08/43/15 PUT /v1/AUTH_003a15e2106b44068d34fb3ca1bdce19/gnocchi.523d4d2f-4cea-470e-b4b1-a3c8cf169e27 HTTP/1.0 201 - python-swiftclient-3.11.1 gAAAAABpLqX2o5ht... - - - tx94e8c2ab85d5476c8a82d-00692ea6a3 - 0.0897 - - 1764664995.371797562 1764664995.461483479 0
Dec 2 08:43:15 standalone container-server[127893]: 172.20.0.100 - - [02/Dec/2025:08:43:15 +0000] "HEAD /d1/531/AUTH_003a15e2106b44068d34fb3ca1bdce19/gnocchi.523d4d2f-4cea-470e-b4b1-a3c8cf169e27" 204 - "HEAD http://172.18.0.2:8080/v1/AUTH_003a15e2106b44068d34fb3ca1bdce19/gnocchi.523d4d2f-4cea-470e-b4b1-a3c8cf169e27?format=json&states=listing" "tx5f862fe23117430483c2e-00692ea6a3" "proxy-server 20" 0.0026 "-" 21 0
Dec 2 08:43:15 standalone proxy-server[130163]: - - 02/Dec/2025/08/43/15 HEAD /v1/AUTH_003a15e2106b44068d34fb3ca1bdce19/gnocchi.523d4d2f-4cea-470e-b4b1-a3c8cf169e27%3Fformat%3Djson%26states%3Dlisting HTTP/1.0 204 - Swift - - - - tx5f862fe23117430483c2e-00692ea6a3 - 0.0069 RL - 1764664995.467884541 1764664995.474747896 0
Dec 2 08:43:15 standalone container-server[127893]: 172.20.0.100 - - [02/Dec/2025:08:43:15 +0000] "GET /d1/531/AUTH_003a15e2106b44068d34fb3ca1bdce19/gnocchi.523d4d2f-4cea-470e-b4b1-a3c8cf169e27" 200 2 "GET http://172.18.0.2:8080/v1/AUTH_003a15e2106b44068d34fb3ca1bdce19/gnocchi.523d4d2f-4cea-470e-b4b1-a3c8cf169e27?format=json&states=listing" "tx5f862fe23117430483c2e-00692ea6a3" "proxy-server 20" 0.0038 "-" 21 0
Dec 2 08:43:15 standalone proxy-server[130163]: 172.18.0.2 172.18.0.100 02/Dec/2025/08/43/15 GET /v1/AUTH_003a15e2106b44068d34fb3ca1bdce19/gnocchi.523d4d2f-4cea-470e-b4b1-a3c8cf169e27%3Fformat%3Djson%26states%3Dlisting HTTP/1.0 200 - python-swiftclient-3.11.1 gAAAAABpLqX2o5ht... - 2 - tx5f862fe23117430483c2e-00692ea6a3 - 0.0220 - - 1764664995.466538906 1764664995.488496065 0
Dec 2 08:43:15 standalone object-server[128216]: 172.20.0.100 - - [02/Dec/2025:08:43:15 +0000] "GET /d1/182/AUTH_003a15e2106b44068d34fb3ca1bdce19/gnocchi.523d4d2f-4cea-470e-b4b1-a3c8cf169e27/1763640000.0_mean_300.0_v3" 404 70 "GET http://172.18.0.2:8080/v1/AUTH_003a15e2106b44068d34fb3ca1bdce19/gnocchi.523d4d2f-4cea-470e-b4b1-a3c8cf169e27/1763640000.0_mean_300.0_v3" "tx6eea30d226284c10a61f4-00692ea6a3" "proxy-server 20" 0.0005 "-" 24 0
Dec 2 08:43:15 standalone proxy-server[130163]: 172.18.0.2 172.18.0.100 02/Dec/2025/08/43/15 GET /v1/AUTH_003a15e2106b44068d34fb3ca1bdce19/gnocchi.523d4d2f-4cea-470e-b4b1-a3c8cf169e27/1763640000.0_mean_300.0_v3 HTTP/1.0 404 - python-swiftclient-3.11.1 gAAAAABpLqX2o5ht... - 70 - tx6eea30d226284c10a61f4-00692ea6a3 - 0.0082 - - 1764664995.495971441 1764664995.504200935 0
Dec 2 08:43:15 standalone container-server[127879]: 172.20.0.100 - - [02/Dec/2025:08:43:15 +0000] "PUT /d1/531/AUTH_003a15e2106b44068d34fb3ca1bdce19/gnocchi.523d4d2f-4cea-470e-b4b1-a3c8cf169e27/1763640000.0_mean_300.0_v3" 201 - "PUT http://172.18.0.2:8080/d1/182/AUTH_003a15e2106b44068d34fb3ca1bdce19/gnocchi.523d4d2f-4cea-470e-b4b1-a3c8cf169e27/1763640000.0_mean_300.0_v3" "tx4c5f5f20d3194f22b6b32-00692ea6a3" "object-server 22" 0.0008 "-" 19 0
Dec 2 08:43:15 standalone object-server[128205]: 172.20.0.100 - - [02/Dec/2025:08:43:15 +0000] "PUT /d1/182/AUTH_003a15e2106b44068d34fb3ca1bdce19/gnocchi.523d4d2f-4cea-470e-b4b1-a3c8cf169e27/1763640000.0_mean_300.0_v3" 201 - "PUT http://172.18.0.2:8080/v1/AUTH_003a15e2106b44068d34fb3ca1bdce19/gnocchi.523d4d2f-4cea-470e-b4b1-a3c8cf169e27/1763640000.0_mean_300.0_v3" "tx4c5f5f20d3194f22b6b32-00692ea6a3" "proxy-server 20" 0.0092 "-" 22 0
Dec 2 08:43:15 standalone proxy-server[130163]: 172.18.0.2 172.18.0.100 02/Dec/2025/08/43/15 PUT /v1/AUTH_003a15e2106b44068d34fb3ca1bdce19/gnocchi.523d4d2f-4cea-470e-b4b1-a3c8cf169e27/1763640000.0_mean_300.0_v3 HTTP/1.0 201 - python-swiftclient-3.11.1 gAAAAABpLqX2o5ht... 16 - - tx4c5f5f20d3194f22b6b32-00692ea6a3 - 0.0161 - - 1764664995.507267475 1764664995.523357391 0
Dec 2 08:43:15 standalone container-server[127879]: 172.20.0.100 - - [02/Dec/2025:08:43:15 +0000] "PUT /d1/531/AUTH_003a15e2106b44068d34fb3ca1bdce19/gnocchi.523d4d2f-4cea-470e-b4b1-a3c8cf169e27/none_v3" 201 - "PUT http://172.18.0.2:8080/d1/808/AUTH_003a15e2106b44068d34fb3ca1bdce19/gnocchi.523d4d2f-4cea-470e-b4b1-a3c8cf169e27/none_v3" "txfc930f4b6ad34baf9c88e-00692ea6a3" "object-server 23" 0.0007 "-" 19 0
Dec 2 08:43:15 standalone object-server[128207]: 172.20.0.100 - - [02/Dec/2025:08:43:15 +0000] "PUT /d1/808/AUTH_003a15e2106b44068d34fb3ca1bdce19/gnocchi.523d4d2f-4cea-470e-b4b1-a3c8cf169e27/none_v3" 201 - "PUT http://172.18.0.2:8080/v1/AUTH_003a15e2106b44068d34fb3ca1bdce19/gnocchi.523d4d2f-4cea-470e-b4b1-a3c8cf169e27/none_v3" "txfc930f4b6ad34baf9c88e-00692ea6a3" "proxy-server 20" 0.0133 "-" 23 0
Dec 2 08:43:15 standalone proxy-server[130163]: 172.18.0.2 172.18.0.100 02/Dec/2025/08/43/15 PUT /v1/AUTH_003a15e2106b44068d34fb3ca1bdce19/gnocchi.523d4d2f-4cea-470e-b4b1-a3c8cf169e27/none_v3 HTTP/1.0 201 - python-swiftclient-3.11.1 gAAAAABpLqX2o5ht... 22 - - txfc930f4b6ad34baf9c88e-00692ea6a3 - 0.0207 - - 1764664995.526907206 1764664995.547643185 0
Dec 2 08:43:15 standalone container-server[127907]: 172.20.0.100 - - [02/Dec/2025:08:43:15 +0000] "HEAD /d1/443/AUTH_003a15e2106b44068d34fb3ca1bdce19/gnocchi.fbb0ed91-a699-45dc-91d3-682ce9e6fd31" 404 - "HEAD http://172.18.0.2:8080/v1/AUTH_003a15e2106b44068d34fb3ca1bdce19/gnocchi.fbb0ed91-a699-45dc-91d3-682ce9e6fd31?format=json&states=listing" "tx59854b50b87a41acba99d-00692ea6a3" "proxy-server 20" 0.0005 "-" 22 0
Dec 2 08:43:15 standalone object-server[128207]: 172.20.0.100 - - [02/Dec/2025:08:43:15 +0000] "GET /d1/618/AUTH_003a15e2106b44068d34fb3ca1bdce19/gnocchi.fbb0ed91-a699-45dc-91d3-682ce9e6fd31/none_v3" 404 70 "GET http://172.18.0.2:8080/v1/AUTH_003a15e2106b44068d34fb3ca1bdce19/gnocchi.fbb0ed91-a699-45dc-91d3-682ce9e6fd31/none_v3" "tx59854b50b87a41acba99d-00692ea6a3" "proxy-server 20" 0.0003 "-" 23 0
Dec 2 08:43:15 standalone proxy-server[130163]: 172.18.0.2 172.18.0.100 02/Dec/2025/08/43/15 GET /v1/AUTH_003a15e2106b44068d34fb3ca1bdce19/gnocchi.fbb0ed91-a699-45dc-91d3-682ce9e6fd31/none_v3 HTTP/1.0 404 - python-swiftclient-3.11.1 gAAAAABpLqX2o5ht... - 70 - tx59854b50b87a41acba99d-00692ea6a3 - 0.0125 - - 1764664995.564016819 1764664995.576522350 0
Dec 2 08:43:15 standalone account-server[128051]: 172.20.0.100 - - [02/Dec/2025:08:43:15 +0000] "PUT /d1/710/AUTH_003a15e2106b44068d34fb3ca1bdce19/gnocchi.fbb0ed91-a699-45dc-91d3-682ce9e6fd31" 201 - "PUT http://172.20.0.100:6001/d1/443/AUTH_003a15e2106b44068d34fb3ca1bdce19/gnocchi.fbb0ed91-a699-45dc-91d3-682ce9e6fd31" "tx9addc1e018d749cf93024-00692ea6a3" "container-server 22" 0.0166 "-" 22 0
Dec 2 08:43:15 standalone container-server[127907]: 172.20.0.100 - - [02/Dec/2025:08:43:15 +0000] "PUT /d1/443/AUTH_003a15e2106b44068d34fb3ca1bdce19/gnocchi.fbb0ed91-a699-45dc-91d3-682ce9e6fd31" 201 - "PUT http://172.18.0.2:8080/v1/AUTH_003a15e2106b44068d34fb3ca1bdce19/gnocchi.fbb0ed91-a699-45dc-91d3-682ce9e6fd31" "tx9addc1e018d749cf93024-00692ea6a3" "proxy-server 20" 0.0302 "-" 22 0
Dec 2 08:43:15 standalone proxy-server[130163]: 172.18.0.2 172.18.0.100 02/Dec/2025/08/43/15 PUT /v1/AUTH_003a15e2106b44068d34fb3ca1bdce19/gnocchi.fbb0ed91-a699-45dc-91d3-682ce9e6fd31 HTTP/1.0 201 - python-swiftclient-3.11.1 gAAAAABpLqX2o5ht... - - - tx9addc1e018d749cf93024-00692ea6a3 - 0.0360 - - 1764664995.579291582 1764664995.615254164 0
Dec 2 08:43:15 standalone container-server[127911]: 172.20.0.100 - - [02/Dec/2025:08:43:15 +0000] "HEAD /d1/443/AUTH_003a15e2106b44068d34fb3ca1bdce19/gnocchi.fbb0ed91-a699-45dc-91d3-682ce9e6fd31" 204 - "HEAD http://172.18.0.2:8080/v1/AUTH_003a15e2106b44068d34fb3ca1bdce19/gnocchi.fbb0ed91-a699-45dc-91d3-682ce9e6fd31?format=json&states=listing" "tx4614d96cab2a4947ba58d-00692ea6a3" "proxy-server 20" 0.0012 "-" 23 0
Dec 2 08:43:15 standalone proxy-server[130163]: - - 02/Dec/2025/08/43/15 HEAD /v1/AUTH_003a15e2106b44068d34fb3ca1bdce19/gnocchi.fbb0ed91-a699-45dc-91d3-682ce9e6fd31%3Fformat%3Djson%26states%3Dlisting HTTP/1.0 204 - Swift - - - - tx4614d96cab2a4947ba58d-00692ea6a3 - 0.0062 RL - 1764664995.620817184 1764664995.627050400 0
Dec 2 08:43:15 standalone container-server[127893]: 172.20.0.100 - - [02/Dec/2025:08:43:15 +0000] "GET /d1/443/AUTH_003a15e2106b44068d34fb3ca1bdce19/gnocchi.fbb0ed91-a699-45dc-91d3-682ce9e6fd31" 200 2 "GET http://172.18.0.2:8080/v1/AUTH_003a15e2106b44068d34fb3ca1bdce19/gnocchi.fbb0ed91-a699-45dc-91d3-682ce9e6fd31?format=json&states=listing" "tx4614d96cab2a4947ba58d-00692ea6a3" "proxy-server 20" 0.0017 "-" 21 0
Dec 2 08:43:15 standalone proxy-server[130163]: 172.18.0.2 172.18.0.100 02/Dec/2025/08/43/15 GET /v1/AUTH_003a15e2106b44068d34fb3ca1bdce19/gnocchi.fbb0ed91-a699-45dc-91d3-682ce9e6fd31%3Fformat%3Djson%26states%3Dlisting HTTP/1.0 200 - python-swiftclient-3.11.1 gAAAAABpLqX2o5ht... - 2 - tx4614d96cab2a4947ba58d-00692ea6a3 - 0.0184 - - 1764664995.618966103 1764664995.637397766 0
Dec 2 08:43:15 standalone object-server[128216]: 172.20.0.100 - - [02/Dec/2025:08:43:15 +0000] "GET /d1/399/AUTH_003a15e2106b44068d34fb3ca1bdce19/gnocchi.fbb0ed91-a699-45dc-91d3-682ce9e6fd31/1763640000.0_mean_300.0_v3" 404 70 "GET http://172.18.0.2:8080/v1/AUTH_003a15e2106b44068d34fb3ca1bdce19/gnocchi.fbb0ed91-a699-45dc-91d3-682ce9e6fd31/1763640000.0_mean_300.0_v3" "tx604167e7f3a4434a88f2b-00692ea6a3" "proxy-server 20" 0.0003 "-" 24 0
Dec 2 08:43:15 standalone proxy-server[130163]: 172.18.0.2 172.18.0.100 02/Dec/2025/08/43/15 GET /v1/AUTH_003a15e2106b44068d34fb3ca1bdce19/gnocchi.fbb0ed91-a699-45dc-91d3-682ce9e6fd31/1763640000.0_mean_300.0_v3 HTTP/1.0 404 - python-swiftclient-3.11.1 gAAAAABpLqX2o5ht... - 70 - tx604167e7f3a4434a88f2b-00692ea6a3 - 0.0075 - - 1764664995.643126726 1764664995.650589466 0
Dec 2 08:43:15 standalone container-server[127893]: 172.20.0.100 - - [02/Dec/2025:08:43:15 +0000] "PUT /d1/443/AUTH_003a15e2106b44068d34fb3ca1bdce19/gnocchi.fbb0ed91-a699-45dc-91d3-682ce9e6fd31/1763640000.0_mean_300.0_v3" 201 - "PUT http://172.18.0.2:8080/d1/399/AUTH_003a15e2106b44068d34fb3ca1bdce19/gnocchi.fbb0ed91-a699-45dc-91d3-682ce9e6fd31/1763640000.0_mean_300.0_v3" "tx574886d32bd042babe4f1-00692ea6a3" "object-server 24" 0.0007 "-" 21 0
Dec 2 08:43:15 standalone object-server[128216]: 172.20.0.100 - - [02/Dec/2025:08:43:15 +0000] "PUT /d1/399/AUTH_003a15e2106b44068d34fb3ca1bdce19/gnocchi.fbb0ed91-a699-45dc-91d3-682ce9e6fd31/1763640000.0_mean_300.0_v3" 201 - "PUT http://172.18.0.2:8080/v1/AUTH_003a15e2106b44068d34fb3ca1bdce19/gnocchi.fbb0ed91-a699-45dc-91d3-682ce9e6fd31/1763640000.0_mean_300.0_v3" "tx574886d32bd042babe4f1-00692ea6a3" "proxy-server 20" 0.0097 "-" 24 0
Dec 2 08:43:15 standalone proxy-server[130163]: 172.18.0.2 172.18.0.100 02/Dec/2025/08/43/15 PUT /v1/AUTH_003a15e2106b44068d34fb3ca1bdce19/gnocchi.fbb0ed91-a699-45dc-91d3-682ce9e6fd31/1763640000.0_mean_300.0_v3 HTTP/1.0 201 - python-swiftclient-3.11.1 gAAAAABpLqX2o5ht... 16 - - tx574886d32bd042babe4f1-00692ea6a3 - 0.0174 - - 1764664995.655286074 1764664995.672711134 0
Dec 2 08:43:15 standalone container-server[127879]: 172.20.0.100 - - [02/Dec/2025:08:43:15 +0000] "PUT /d1/443/AUTH_003a15e2106b44068d34fb3ca1bdce19/gnocchi.fbb0ed91-a699-45dc-91d3-682ce9e6fd31/none_v3" 201 - "PUT http://172.18.0.2:8080/d1/618/AUTH_003a15e2106b44068d34fb3ca1bdce19/gnocchi.fbb0ed91-a699-45dc-91d3-682ce9e6fd31/none_v3" "txe99759e51993472bb4bf3-00692ea6a3" "object-server 25" 0.0008 "-" 19 0
Dec 2 08:43:15 standalone object-server[128219]: 172.20.0.100 - - [02/Dec/2025:08:43:15 +0000] "PUT /d1/618/AUTH_003a15e2106b44068d34fb3ca1bdce19/gnocchi.fbb0ed91-a699-45dc-91d3-682ce9e6fd31/none_v3" 201 - "PUT http://172.18.0.2:8080/v1/AUTH_003a15e2106b44068d34fb3ca1bdce19/gnocchi.fbb0ed91-a699-45dc-91d3-682ce9e6fd31/none_v3" "txe99759e51993472bb4bf3-00692ea6a3" "proxy-server 20" 0.0102 "-" 25 0
Dec 2 08:43:15 standalone proxy-server[130163]: 172.18.0.2 172.18.0.100 02/Dec/2025/08/43/15 PUT /v1/AUTH_003a15e2106b44068d34fb3ca1bdce19/gnocchi.fbb0ed91-a699-45dc-91d3-682ce9e6fd31/none_v3 HTTP/1.0 201 - python-swiftclient-3.11.1 gAAAAABpLqX2o5ht... 22 - - txe99759e51993472bb4bf3-00692ea6a3 - 0.0185 - - 1764664995.677698374 1764664995.696212292 0
Dec 2 08:43:15 standalone container-server[127911]: 172.20.0.100 - - [02/Dec/2025:08:43:15 +0000] "HEAD /d1/735/AUTH_003a15e2106b44068d34fb3ca1bdce19/gnocchi.6459d34b-c7d3-4d44-90c2-345f1f869133" 404 - "HEAD http://172.18.0.2:8080/v1/AUTH_003a15e2106b44068d34fb3ca1bdce19/gnocchi.6459d34b-c7d3-4d44-90c2-345f1f869133?format=json&states=listing" "txbd2c4adf204f40069588d-00692ea6a3" "proxy-server 20" 0.0005 "-" 23 0
Dec 2 08:43:15 standalone object-server[128216]: 172.20.0.100 - - [02/Dec/2025:08:43:15 +0000] "GET /d1/349/AUTH_003a15e2106b44068d34fb3ca1bdce19/gnocchi.6459d34b-c7d3-4d44-90c2-345f1f869133/none_v3" 404 70 "GET http://172.18.0.2:8080/v1/AUTH_003a15e2106b44068d34fb3ca1bdce19/gnocchi.6459d34b-c7d3-4d44-90c2-345f1f869133/none_v3" "txbd2c4adf204f40069588d-00692ea6a3" "proxy-server 20" 0.0005 "-" 24 0
Dec 2 08:43:15 standalone proxy-server[130163]: 172.18.0.2 172.18.0.100 02/Dec/2025/08/43/15 GET /v1/AUTH_003a15e2106b44068d34fb3ca1bdce19/gnocchi.6459d34b-c7d3-4d44-90c2-345f1f869133/none_v3 HTTP/1.0 404 - python-swiftclient-3.11.1 gAAAAABpLqX2o5ht... - 70 - txbd2c4adf204f40069588d-00692ea6a3 - 0.0139 - - 1764664995.712647915 1764664995.726533651 0
Dec 2 08:43:15 standalone account-server[128062]: 172.20.0.100 - - [02/Dec/2025:08:43:15 +0000] "PUT /d1/710/AUTH_003a15e2106b44068d34fb3ca1bdce19/gnocchi.6459d34b-c7d3-4d44-90c2-345f1f869133" 201 - "PUT http://172.20.0.100:6001/d1/735/AUTH_003a15e2106b44068d34fb3ca1bdce19/gnocchi.6459d34b-c7d3-4d44-90c2-345f1f869133" "txfadb7e06059d46f592635-00692ea6a3" "container-server 22" 0.0072 "-" 23 0
Dec 2 08:43:15 standalone container-server[127907]: 172.20.0.100 - - [02/Dec/2025:08:43:15 +0000] "PUT /d1/735/AUTH_003a15e2106b44068d34fb3ca1bdce19/gnocchi.6459d34b-c7d3-4d44-90c2-345f1f869133" 201 - "PUT http://172.18.0.2:8080/v1/AUTH_003a15e2106b44068d34fb3ca1bdce19/gnocchi.6459d34b-c7d3-4d44-90c2-345f1f869133" "txfadb7e06059d46f592635-00692ea6a3" "proxy-server 20" 0.0195 "-" 22 0
Dec 2 08:43:15 standalone proxy-server[130163]: 172.18.0.2 172.18.0.100 02/Dec/2025/08/43/15 PUT /v1/AUTH_003a15e2106b44068d34fb3ca1bdce19/gnocchi.6459d34b-c7d3-4d44-90c2-345f1f869133 HTTP/1.0 201 - python-swiftclient-3.11.1 gAAAAABpLqX2o5ht... - - - txfadb7e06059d46f592635-00692ea6a3 - 0.0263 - - 1764664995.730685472 1764664995.757034540 0
Dec 2 08:43:15 standalone container-server[127911]: 172.20.0.100 - - [02/Dec/2025:08:43:15 +0000] "HEAD /d1/735/AUTH_003a15e2106b44068d34fb3ca1bdce19/gnocchi.6459d34b-c7d3-4d44-90c2-345f1f869133" 204 - "HEAD http://172.18.0.2:8080/v1/AUTH_003a15e2106b44068d34fb3ca1bdce19/gnocchi.6459d34b-c7d3-4d44-90c2-345f1f869133?format=json&states=listing" "tx192c7787fa854f83a383a-00692ea6a3" "proxy-server 20" 0.0015 "-" 23 0
Dec 2 08:43:15 standalone proxy-server[130163]: - - 02/Dec/2025/08/43/15 HEAD /v1/AUTH_003a15e2106b44068d34fb3ca1bdce19/gnocchi.6459d34b-c7d3-4d44-90c2-345f1f869133%3Fformat%3Djson%26states%3Dlisting HTTP/1.0 204 - Swift - - - - tx192c7787fa854f83a383a-00692ea6a3 - 0.0061 RL - 1764664995.764415264 1764664995.770472050 0
Dec 2 08:43:15 standalone container-server[127893]: 172.20.0.100 - - [02/Dec/2025:08:43:15 +0000] "GET /d1/735/AUTH_003a15e2106b44068d34fb3ca1bdce19/gnocchi.6459d34b-c7d3-4d44-90c2-345f1f869133" 200 2 "GET http://172.18.0.2:8080/v1/AUTH_003a15e2106b44068d34fb3ca1bdce19/gnocchi.6459d34b-c7d3-4d44-90c2-345f1f869133?format=json&states=listing" "tx192c7787fa854f83a383a-00692ea6a3" "proxy-server 20" 0.0037 "-" 21 0
Dec 2 08:43:15 standalone proxy-server[130163]: 172.18.0.2 172.18.0.100 02/Dec/2025/08/43/15 GET /v1/AUTH_003a15e2106b44068d34fb3ca1bdce19/gnocchi.6459d34b-c7d3-4d44-90c2-345f1f869133%3Fformat%3Djson%26states%3Dlisting HTTP/1.0 200 - python-swiftclient-3.11.1 gAAAAABpLqX2o5ht... - 2 - tx192c7787fa854f83a383a-00692ea6a3 - 0.0211 - - 1764664995.762661457 1764664995.783749104 0
