Jan 30 06:26:47 standalone container-server[122023]: 172.20.0.100 - - [30/Jan/2026:06:26:47 +0000] "GET /d1/174/AUTH_8cd39466d2574f50a7f48e9261646257/gnocchi.9f309b09-e36b-4460-b6b0-c80c28e8cd7c" 200 2 "GET http://localhost:8080/v1/AUTH_8cd39466d2574f50a7f48e9261646257/gnocchi.9f309b09-e36b-4460-b6b0-c80c28e8cd7c?format=json&states=listing" "tx9061ce9245a347b59e33f-00697c4f27" "proxy-server 12" 0.0017 "-" 14 0
Jan 30 06:26:47 standalone proxy-server[124018]: 172.18.0.2 ::1 30/Jan/2026/06/26/47 GET /v1/AUTH_8cd39466d2574f50a7f48e9261646257/gnocchi.9f309b09-e36b-4460-b6b0-c80c28e8cd7c%3Fformat%3Djson%26states%3Dlisting HTTP/1.0 200 - python-swiftclient-3.11.1 gAAAAABpfE7lxSBs... - 2 - tx9061ce9245a347b59e33f-00697c4f27 - 0.0163 - - 1769754407.856464863 1769754407.872759342 0
Jan 30 06:26:47 standalone object-server[122233]: 172.20.0.100 - - [30/Jan/2026:06:26:47 +0000] "GET /d1/724/AUTH_8cd39466d2574f50a7f48e9261646257/gnocchi.9f309b09-e36b-4460-b6b0-c80c28e8cd7c/1769040000.0_mean_300.0_v3" 404 70 "GET http://localhost:8080/v1/AUTH_8cd39466d2574f50a7f48e9261646257/gnocchi.9f309b09-e36b-4460-b6b0-c80c28e8cd7c/1769040000.0_mean_300.0_v3" "tx00c506f3224c40839df7a-00697c4f27" "proxy-server 12" 0.0012 "-" 25 0
Jan 30 06:26:47 standalone proxy-server[124018]: 172.18.0.2 ::1 30/Jan/2026/06/26/47 GET /v1/AUTH_8cd39466d2574f50a7f48e9261646257/gnocchi.9f309b09-e36b-4460-b6b0-c80c28e8cd7c/1769040000.0_mean_300.0_v3 HTTP/1.0 404 - python-swiftclient-3.11.1 gAAAAABpfE7lxSBs... - 70 - tx00c506f3224c40839df7a-00697c4f27 - 0.0096 - - 1769754407.875680685 1769754407.885255098 0
Jan 30 06:26:47 standalone container-server[122026]: 172.20.0.100 - - [30/Jan/2026:06:26:47 +0000] "PUT /d1/174/AUTH_8cd39466d2574f50a7f48e9261646257/gnocchi.9f309b09-e36b-4460-b6b0-c80c28e8cd7c/1769040000.0_mean_300.0_v3" 201 - "PUT http://localhost:8080/d1/724/AUTH_8cd39466d2574f50a7f48e9261646257/gnocchi.9f309b09-e36b-4460-b6b0-c80c28e8cd7c/1769040000.0_mean_300.0_v3" "txd27e93c7b60b416eafadb-00697c4f27" "object-server 25" 0.0007 "-" 15 0
Jan 30 06:26:47 standalone object-server[122233]: 172.20.0.100 - - [30/Jan/2026:06:26:47 +0000] "PUT /d1/724/AUTH_8cd39466d2574f50a7f48e9261646257/gnocchi.9f309b09-e36b-4460-b6b0-c80c28e8cd7c/1769040000.0_mean_300.0_v3" 201 - "PUT http://localhost:8080/v1/AUTH_8cd39466d2574f50a7f48e9261646257/gnocchi.9f309b09-e36b-4460-b6b0-c80c28e8cd7c/1769040000.0_mean_300.0_v3" "txd27e93c7b60b416eafadb-00697c4f27" "proxy-server 12" 0.0280 "-" 25 0
Jan 30 06:26:47 standalone proxy-server[124018]: 172.18.0.2 ::1 30/Jan/2026/06/26/47 PUT /v1/AUTH_8cd39466d2574f50a7f48e9261646257/gnocchi.9f309b09-e36b-4460-b6b0-c80c28e8cd7c/1769040000.0_mean_300.0_v3 HTTP/1.0 201 - python-swiftclient-3.11.1 gAAAAABpfE7lxSBs... 16 - - txd27e93c7b60b416eafadb-00697c4f27 - 0.0342 - - 1769754407.889700890 1769754407.923932314 0
Jan 30 06:26:47 standalone container-server[122023]: 172.20.0.100 - - [30/Jan/2026:06:26:47 +0000] "PUT /d1/174/AUTH_8cd39466d2574f50a7f48e9261646257/gnocchi.9f309b09-e36b-4460-b6b0-c80c28e8cd7c/none_v3" 201 - "PUT http://localhost:8080/d1/289/AUTH_8cd39466d2574f50a7f48e9261646257/gnocchi.9f309b09-e36b-4460-b6b0-c80c28e8cd7c/none_v3" "tx9144171a3577453db0441-00697c4f27" "object-server 25" 0.0006 "-" 14 0
Jan 30 06:26:47 standalone object-server[122233]: 172.20.0.100 - - [30/Jan/2026:06:26:47 +0000] "PUT /d1/289/AUTH_8cd39466d2574f50a7f48e9261646257/gnocchi.9f309b09-e36b-4460-b6b0-c80c28e8cd7c/none_v3" 201 - "PUT http://localhost:8080/v1/AUTH_8cd39466d2574f50a7f48e9261646257/gnocchi.9f309b09-e36b-4460-b6b0-c80c28e8cd7c/none_v3" "tx9144171a3577453db0441-00697c4f27" "proxy-server 12" 0.0120 "-" 25 0
Jan 30 06:26:47 standalone proxy-server[124018]: 172.18.0.2 ::1 30/Jan/2026/06/26/47 PUT /v1/AUTH_8cd39466d2574f50a7f48e9261646257/gnocchi.9f309b09-e36b-4460-b6b0-c80c28e8cd7c/none_v3 HTTP/1.0 201 - python-swiftclient-3.11.1 gAAAAABpfE7lxSBs... 22 - - tx9144171a3577453db0441-00697c4f27 - 0.0168 - - 1769754407.927548409 1769754407.944323301 0
Jan 30 06:26:47 standalone container-server[122029]: 172.20.0.100 - - [30/Jan/2026:06:26:47 +0000] "HEAD /d1/852/AUTH_8cd39466d2574f50a7f48e9261646257/gnocchi.f5664b7e-8e14-4a8c-a5db-e9595f2ad715" 404 - "HEAD http://localhost:8080/v1/AUTH_8cd39466d2574f50a7f48e9261646257/gnocchi.f5664b7e-8e14-4a8c-a5db-e9595f2ad715?format=json&states=listing" "tx5529f485c94145e78ca8f-00697c4f27" "proxy-server 12" 0.0006 "-" 16 0
Jan 30 06:26:47 standalone object-server[122228]: 172.20.0.100 - - [30/Jan/2026:06:26:47 +0000] "GET /d1/351/AUTH_8cd39466d2574f50a7f48e9261646257/gnocchi.f5664b7e-8e14-4a8c-a5db-e9595f2ad715/none_v3" 404 70 "GET http://localhost:8080/v1/AUTH_8cd39466d2574f50a7f48e9261646257/gnocchi.f5664b7e-8e14-4a8c-a5db-e9595f2ad715/none_v3" "tx5529f485c94145e78ca8f-00697c4f27" "proxy-server 12" 0.0005 "-" 22 0
Jan 30 06:26:47 standalone proxy-server[124018]: 172.18.0.2 ::1 30/Jan/2026/06/26/47 GET /v1/AUTH_8cd39466d2574f50a7f48e9261646257/gnocchi.f5664b7e-8e14-4a8c-a5db-e9595f2ad715/none_v3 HTTP/1.0 404 - python-swiftclient-3.11.1 gAAAAABpfE7lxSBs... - 70 - tx5529f485c94145e78ca8f-00697c4f27 - 0.0096 - - 1769754407.954572439 1769754407.964170218 0
Jan 30 06:26:47 standalone account-server[121976]: 172.20.0.100 - - [30/Jan/2026:06:26:47 +0000] "PUT /d1/517/AUTH_8cd39466d2574f50a7f48e9261646257/gnocchi.f5664b7e-8e14-4a8c-a5db-e9595f2ad715" 201 - "PUT http://172.20.0.100:6001/d1/852/AUTH_8cd39466d2574f50a7f48e9261646257/gnocchi.f5664b7e-8e14-4a8c-a5db-e9595f2ad715" "txf7334898291847a6bf6c6-00697c4f27" "container-server 14" 0.0072 "-" 14 0
Jan 30 06:26:47 standalone container-server[122023]: 172.20.0.100 - - [30/Jan/2026:06:26:47 +0000] "PUT /d1/852/AUTH_8cd39466d2574f50a7f48e9261646257/gnocchi.f5664b7e-8e14-4a8c-a5db-e9595f2ad715" 201 - "PUT http://localhost:8080/v1/AUTH_8cd39466d2574f50a7f48e9261646257/gnocchi.f5664b7e-8e14-4a8c-a5db-e9595f2ad715" "txf7334898291847a6bf6c6-00697c4f27" "proxy-server 12" 0.0186 "-" 14 0
Jan 30 06:26:47 standalone proxy-server[124018]: 172.18.0.2 ::1 30/Jan/2026/06/26/47 PUT /v1/AUTH_8cd39466d2574f50a7f48e9261646257/gnocchi.f5664b7e-8e14-4a8c-a5db-e9595f2ad715 HTTP/1.0 201 - python-swiftclient-3.11.1 gAAAAABpfE7lxSBs... - - - txf7334898291847a6bf6c6-00697c4f27 - 0.0233 - - 1769754407.966441154 1769754407.989709377 0
Jan 30 06:26:48 standalone container-server[122029]: 172.20.0.100 - - [30/Jan/2026:06:26:48 +0000] "HEAD /d1/852/AUTH_8cd39466d2574f50a7f48e9261646257/gnocchi.f5664b7e-8e14-4a8c-a5db-e9595f2ad715" 204 - "HEAD http://localhost:8080/v1/AUTH_8cd39466d2574f50a7f48e9261646257/gnocchi.f5664b7e-8e14-4a8c-a5db-e9595f2ad715?format=json&states=listing" "tx3bb6ccb1b49b42acb5e7d-00697c4f27" "proxy-server 12" 0.0045 "-" 16 0
Jan 30 06:26:48 standalone proxy-server[124018]: - - 30/Jan/2026/06/26/48 HEAD /v1/AUTH_8cd39466d2574f50a7f48e9261646257/gnocchi.f5664b7e-8e14-4a8c-a5db-e9595f2ad715%3Fformat%3Djson%26states%3Dlisting HTTP/1.0 204 - Swift - - - - tx3bb6ccb1b49b42acb5e7d-00697c4f27 - 0.0107 RL - 1769754407.994680882 1769754408.005428553 0
Jan 30 06:26:48 standalone container-server[122038]: 172.20.0.100 - - [30/Jan/2026:06:26:48 +0000] "GET /d1/852/AUTH_8cd39466d2574f50a7f48e9261646257/gnocchi.f5664b7e-8e14-4a8c-a5db-e9595f2ad715" 200 2 "GET http://localhost:8080/v1/AUTH_8cd39466d2574f50a7f48e9261646257/gnocchi.f5664b7e-8e14-4a8c-a5db-e9595f2ad715?format=json&states=listing" "tx3bb6ccb1b49b42acb5e7d-00697c4f27" "proxy-server 12" 0.0018 "-" 17 0
Jan 30 06:26:48 standalone proxy-server[124018]: 172.18.0.2 ::1 30/Jan/2026/06/26/48 GET /v1/AUTH_8cd39466d2574f50a7f48e9261646257/gnocchi.f5664b7e-8e14-4a8c-a5db-e9595f2ad715%3Fformat%3Djson%26states%3Dlisting HTTP/1.0 200 - python-swiftclient-3.11.1 gAAAAABpfE7lxSBs... - 2 - tx3bb6ccb1b49b42acb5e7d-00697c4f27 - 0.0194 - - 1769754407.993137121 1769754408.012529373 0
Jan 30 06:26:48 standalone object-server[122233]: 172.20.0.100 - - [30/Jan/2026:06:26:48 +0000] "GET /d1/531/AUTH_8cd39466d2574f50a7f48e9261646257/gnocchi.f5664b7e-8e14-4a8c-a5db-e9595f2ad715/1769040000.0_mean_300.0_v3" 404 70 "GET http://localhost:8080/v1/AUTH_8cd39466d2574f50a7f48e9261646257/gnocchi.f5664b7e-8e14-4a8c-a5db-e9595f2ad715/1769040000.0_mean_300.0_v3" "txca3ed9e3b9db4cb49110a-00697c4f28" "proxy-server 12" 0.0003 "-" 25 0
Jan 30 06:26:48 standalone proxy-server[124018]: 172.18.0.2 ::1 30/Jan/2026/06/26/48 GET /v1/AUTH_8cd39466d2574f50a7f48e9261646257/gnocchi.f5664b7e-8e14-4a8c-a5db-e9595f2ad715/1769040000.0_mean_300.0_v3 HTTP/1.0 404 - python-swiftclient-3.11.1 gAAAAABpfE7lxSBs... - 70 - txca3ed9e3b9db4cb49110a-00697c4f28 - 0.0110 - - 1769754408.015416384 1769754408.026422024 0
Jan 30 06:26:48 standalone container-server[122026]: 172.20.0.100 - - [30/Jan/2026:06:26:48 +0000] "PUT /d1/852/AUTH_8cd39466d2574f50a7f48e9261646257/gnocchi.f5664b7e-8e14-4a8c-a5db-e9595f2ad715/1769040000.0_mean_300.0_v3" 201 - "PUT http://localhost:8080/d1/531/AUTH_8cd39466d2574f50a7f48e9261646257/gnocchi.f5664b7e-8e14-4a8c-a5db-e9595f2ad715/1769040000.0_mean_300.0_v3" "tx57af2e387aa9416bb8cf0-00697c4f28" "object-server 23" 0.0008 "-" 15 0
Jan 30 06:26:48 standalone object-server[122229]: 172.20.0.100 - - [30/Jan/2026:06:26:48 +0000] "PUT /d1/531/AUTH_8cd39466d2574f50a7f48e9261646257/gnocchi.f5664b7e-8e14-4a8c-a5db-e9595f2ad715/1769040000.0_mean_300.0_v3" 201 - "PUT http://localhost:8080/v1/AUTH_8cd39466d2574f50a7f48e9261646257/gnocchi.f5664b7e-8e14-4a8c-a5db-e9595f2ad715/1769040000.0_mean_300.0_v3" "tx57af2e387aa9416bb8cf0-00697c4f28" "proxy-server 12" 0.0138 "-" 23 0
Jan 30 06:26:48 standalone proxy-server[124018]: 172.18.0.2 ::1 30/Jan/2026/06/26/48 PUT /v1/AUTH_8cd39466d2574f50a7f48e9261646257/gnocchi.f5664b7e-8e14-4a8c-a5db-e9595f2ad715/1769040000.0_mean_300.0_v3 HTTP/1.0 201 - python-swiftclient-3.11.1 gAAAAABpfE7lxSBs... 16 - - tx57af2e387aa9416bb8cf0-00697c4f28 - 0.0212 - - 1769754408.028979301 1769754408.050172329 0
Jan 30 06:26:48 standalone container-server[122026]: 172.20.0.100 - - [30/Jan/2026:06:26:48 +0000] "PUT /d1/852/AUTH_8cd39466d2574f50a7f48e9261646257/gnocchi.f5664b7e-8e14-4a8c-a5db-e9595f2ad715/none_v3" 201 - "PUT http://localhost:8080/d1/351/AUTH_8cd39466d2574f50a7f48e9261646257/gnocchi.f5664b7e-8e14-4a8c-a5db-e9595f2ad715/none_v3" "tx197f8dbef1674e4c9f284-00697c4f28" "object-server 25" 0.0005 "-" 15 0
Jan 30 06:26:48 standalone object-server[122233]: 172.20.0.100 - - [30/Jan/2026:06:26:48 +0000] "PUT /d1/351/AUTH_8cd39466d2574f50a7f48e9261646257/gnocchi.f5664b7e-8e14-4a8c-a5db-e9595f2ad715/none_v3" 201 - "PUT http://localhost:8080/v1/AUTH_8cd39466d2574f50a7f48e9261646257/gnocchi.f5664b7e-8e14-4a8c-a5db-e9595f2ad715/none_v3" "tx197f8dbef1674e4c9f284-00697c4f28" "proxy-server 12" 0.0089 "-" 25 0
Jan 30 06:26:48 standalone proxy-server[124018]: 172.18.0.2 ::1 30/Jan/2026/06/26/48 PUT /v1/AUTH_8cd39466d2574f50a7f48e9261646257/gnocchi.f5664b7e-8e14-4a8c-a5db-e9595f2ad715/none_v3 HTTP/1.0 201 - python-swiftclient-3.11.1 gAAAAABpfE7lxSBs... 22 - - tx197f8dbef1674e4c9f284-00697c4f28 - 0.0184 - - 1769754408.053694248 1769754408.072069645 0
Jan 30 06:26:48 standalone container-server[122026]: 172.20.0.100 - - [30/Jan/2026:06:26:48 +0000] "HEAD /d1/612/AUTH_8cd39466d2574f50a7f48e9261646257/gnocchi.65b4cb07-0af5-4cec-9b69-54650a9ccca2" 404 - "HEAD http://localhost:8080/v1/AUTH_8cd39466d2574f50a7f48e9261646257/gnocchi.65b4cb07-0af5-4cec-9b69-54650a9ccca2?format=json&states=listing" "tx0a865f3418fe4ea583537-00697c4f28" "proxy-server 12" 0.0005 "-" 15 0
Jan 30 06:26:48 standalone object-server[122229]: 172.20.0.100 - - [30/Jan/2026:06:26:48 +0000] "GET /d1/646/AUTH_8cd39466d2574f50a7f48e9261646257/gnocchi.65b4cb07-0af5-4cec-9b69-54650a9ccca2/none_v3" 404 70 "GET http://localhost:8080/v1/AUTH_8cd39466d2574f50a7f48e9261646257/gnocchi.65b4cb07-0af5-4cec-9b69-54650a9ccca2/none_v3" "tx0a865f3418fe4ea583537-00697c4f28" "proxy-server 12" 0.0004 "-" 23 0
Jan 30 06:26:48 standalone proxy-server[124018]: 172.18.0.2 ::1 30/Jan/2026/06/26/48 GET /v1/AUTH_8cd39466d2574f50a7f48e9261646257/gnocchi.65b4cb07-0af5-4cec-9b69-54650a9ccca2/none_v3 HTTP/1.0 404 - python-swiftclient-3.11.1 gAAAAABpfE7lxSBs... - 70 - tx0a865f3418fe4ea583537-00697c4f28 - 0.0157 - - 1769754408.086874008 1769754408.102609634 0
Jan 30 06:26:48 standalone account-server[121992]: 172.20.0.100 - - [30/Jan/2026:06:26:48 +0000] "PUT /d1/517/AUTH_8cd39466d2574f50a7f48e9261646257/gnocchi.65b4cb07-0af5-4cec-9b69-54650a9ccca2" 201 - "PUT http://172.20.0.100:6001/d1/612/AUTH_8cd39466d2574f50a7f48e9261646257/gnocchi.65b4cb07-0af5-4cec-9b69-54650a9ccca2" "tx69632c61f04f4a36977c3-00697c4f28" "container-server 16" 0.0043 "-" 17 0
Jan 30 06:26:48 standalone container-server[122029]: 172.20.0.100 - - [30/Jan/2026:06:26:48 +0000] "PUT /d1/612/AUTH_8cd39466d2574f50a7f48e9261646257/gnocchi.65b4cb07-0af5-4cec-9b69-54650a9ccca2" 201 - "PUT http://localhost:8080/v1/AUTH_8cd39466d2574f50a7f48e9261646257/gnocchi.65b4cb07-0af5-4cec-9b69-54650a9ccca2" "tx69632c61f04f4a36977c3-00697c4f28" "proxy-server 12" 0.0195 "-" 16 0
Jan 30 06:26:48 standalone proxy-server[124018]: 172.18.0.2 ::1 30/Jan/2026/06/26/48 PUT /v1/AUTH_8cd39466d2574f50a7f48e9261646257/gnocchi.65b4cb07-0af5-4cec-9b69-54650a9ccca2 HTTP/1.0 201 - python-swiftclient-3.11.1 gAAAAABpfE7lxSBs... - - - tx69632c61f04f4a36977c3-00697c4f28 - 0.0292 - - 1769754408.106770992 1769754408.135950089 0
Jan 30 06:26:48 standalone container-server[122029]: 172.20.0.100 - - [30/Jan/2026:06:26:48 +0000] "HEAD /d1/612/AUTH_8cd39466d2574f50a7f48e9261646257/gnocchi.65b4cb07-0af5-4cec-9b69-54650a9ccca2" 204 - "HEAD http://localhost:8080/v1/AUTH_8cd39466d2574f50a7f48e9261646257/gnocchi.65b4cb07-0af5-4cec-9b69-54650a9ccca2?format=json&states=listing" "tx9bbda2367cb047429e2cf-00697c4f28" "proxy-server 12" 0.0025 "-" 16 0
Jan 30 06:26:48 standalone proxy-server[124018]: - - 30/Jan/2026/06/26/48 HEAD /v1/AUTH_8cd39466d2574f50a7f48e9261646257/gnocchi.65b4cb07-0af5-4cec-9b69-54650a9ccca2%3Fformat%3Djson%26states%3Dlisting HTTP/1.0 204 - Swift - - - - tx9bbda2367cb047429e2cf-00697c4f28 - 0.0086 RL - 1769754408.142939329 1769754408.151497364 0
Jan 30 06:26:48 standalone container-server[122029]: 172.20.0.100 - - [30/Jan/2026:06:26:48 +0000] "GET /d1/612/AUTH_8cd39466d2574f50a7f48e9261646257/gnocchi.65b4cb07-0af5-4cec-9b69-54650a9ccca2" 200 2 "GET http://localhost:8080/v1/AUTH_8cd39466d2574f50a7f48e9261646257/gnocchi.65b4cb07-0af5-4cec-9b69-54650a9ccca2?format=json&states=listing" "tx9bbda2367cb047429e2cf-00697c4f28" "proxy-server 12" 0.0045 "-" 16 0
Jan 30 06:26:48 standalone proxy-server[124018]: 172.18.0.2 ::1 30/Jan/2026/06/26/48 GET /v1/AUTH_8cd39466d2574f50a7f48e9261646257/gnocchi.65b4cb07-0af5-4cec-9b69-54650a9ccca2%3Fformat%3Djson%26states%3Dlisting HTTP/1.0 200 - python-swiftclient-3.11.1 gAAAAABpfE7lxSBs... - 2 - tx9bbda2367cb047429e2cf-00697c4f28 - 0.0261 - - 1769754408.140708923 1769754408.166766167 0
Jan 30 06:26:48 standalone object-server[122228]: 172.20.0.100 - - [30/Jan/2026:06:26:48 +0000] "GET /d1/927/AUTH_8cd39466d2574f50a7f48e9261646257/gnocchi.65b4cb07-0af5-4cec-9b69-54650a9ccca2/1769040000.0_mean_300.0_v3" 404 70 "GET http://localhost:8080/v1/AUTH_8cd39466d2574f50a7f48e9261646257/gnocchi.65b4cb07-0af5-4cec-9b69-54650a9ccca2/1769040000.0_mean_300.0_v3" "txd3d0bff8ab33435799a35-00697c4f28" "proxy-server 12" 0.0003 "-" 22 0
Jan 30 06:26:48 standalone proxy-server[124018]: 172.18.0.2 ::1 30/Jan/2026/06/26/48 GET /v1/AUTH_8cd39466d2574f50a7f48e9261646257/gnocchi.65b4cb07-0af5-4cec-9b69-54650a9ccca2/1769040000.0_mean_300.0_v3 HTTP/1.0 404 - python-swiftclient-3.11.1 gAAAAABpfE7lxSBs... - 70 - txd3d0bff8ab33435799a35-00697c4f28 - 0.0094 - - 1769754408.171859503 1769754408.181231499 0
Jan 30 06:26:48 standalone container-server[122023]: 172.20.0.100 - - [30/Jan/2026:06:26:48 +0000] "PUT /d1/612/AUTH_8cd39466d2574f50a7f48e9261646257/gnocchi.65b4cb07-0af5-4cec-9b69-54650a9ccca2/1769040000.0_mean_300.0_v3" 201 - "PUT http://localhost:8080/d1/927/AUTH_8cd39466d2574f50a7f48e9261646257/gnocchi.65b4cb07-0af5-4cec-9b69-54650a9ccca2/1769040000.0_mean_300.0_v3" "tx0dfdb206e06544e399bef-00697c4f28" "object-server 25" 0.0011 "-" 14 0
Jan 30 06:26:48 standalone object-server[122233]: 172.20.0.100 - - [30/Jan/2026:06:26:48 +0000] "PUT /d1/927/AUTH_8cd39466d2574f50a7f48e9261646257/gnocchi.65b4cb07-0af5-4cec-9b69-54650a9ccca2/1769040000.0_mean_300.0_v3" 201 - "PUT http://localhost:8080/v1/AUTH_8cd39466d2574f50a7f48e9261646257/gnocchi.65b4cb07-0af5-4cec-9b69-54650a9ccca2/1769040000.0_mean_300.0_v3" "tx0dfdb206e06544e399bef-00697c4f28" "proxy-server 12" 0.0143 "-" 25 0
Jan 30 06:26:48 standalone proxy-server[124018]: 172.18.0.2 ::1 30/Jan/2026/06/26/48 PUT /v1/AUTH_8cd39466d2574f50a7f48e9261646257/gnocchi.65b4cb07-0af5-4cec-9b69-54650a9ccca2/1769040000.0_mean_300.0_v3 HTTP/1.0 201 - python-swiftclient-3.11.1 gAAAAABpfE7lxSBs... 16 - - tx0dfdb206e06544e399bef-00697c4f28 - 0.0247 - - 1769754408.185742855 1769754408.210449934 0
Jan 30 06:26:48 standalone container-server[122023]: 172.20.0.100 - - [30/Jan/2026:06:26:48 +0000] "PUT /d1/612/AUTH_8cd39466d2574f50a7f48e9261646257/gnocchi.65b4cb07-0af5-4cec-9b69-54650a9ccca2/none_v3" 201 - "PUT http://localhost:8080/d1/646/AUTH_8cd39466d2574f50a7f48e9261646257/gnocchi.65b4cb07-0af5-4cec-9b69-54650a9ccca2/none_v3" "txba383605c52c405491359-00697c4f28" "object-server 25" 0.0012 "-" 14 0
Jan 30 06:26:48 standalone object-server[122233]: 172.20.0.100 - - [30/Jan/2026:06:26:48 +0000] "PUT /d1/646/AUTH_8cd39466d2574f50a7f48e9261646257/gnocchi.65b4cb07-0af5-4cec-9b69-54650a9ccca2/none_v3" 201 - "PUT http://localhost:8080/v1/AUTH_8cd39466d2574f50a7f48e9261646257/gnocchi.65b4cb07-0af5-4cec-9b69-54650a9ccca2/none_v3" "txba383605c52c405491359-00697c4f28" "proxy-server 12" 0.0142 "-" 25 0
Jan 30 06:26:48 standalone proxy-server[124018]: 172.18.0.2 ::1 30/Jan/2026/06/26/48 PUT /v1/AUTH_8cd39466d2574f50a7f48e9261646257/gnocchi.65b4cb07-0af5-4cec-9b69-54650a9ccca2/none_v3 HTTP/1.0 201 - python-swiftclient-3.11.1 gAAAAABpfE7lxSBs... 22 - - txba383605c52c405491359-00697c4f28 - 0.0265 - - 1769754408.214699507 1769754408.241176367 0
Jan 30 06:26:48 standalone container-server[122023]: 172.20.0.100 - - [30/Jan/2026:06:26:48 +0000] "HEAD /d1/389/AUTH_8cd39466d2574f50a7f48e9261646257/gnocchi.bd13a0ce-1145-4466-915e-eaf2d8409491" 404 - "HEAD http://localhost:8080/v1/AUTH_8cd39466d2574f50a7f48e9261646257/gnocchi.bd13a0ce-1145-4466-915e-eaf2d8409491?format=json&states=listing" "tx6f88bec8f1db4215b4047-00697c4f28" "proxy-server 12" 0.0006 "-" 14 0
Jan 30 06:26:48 standalone object-server[122233]: 172.20.0.100 - - [30/Jan/2026:06:26:48 +0000] "GET /d1/696/AUTH_8cd39466d2574f50a7f48e9261646257/gnocchi.bd13a0ce-1145-4466-915e-eaf2d8409491/none_v3" 404 70 "GET http://localhost:8080/v1/AUTH_8cd39466d2574f50a7f48e9261646257/gnocchi.bd13a0ce-1145-4466-915e-eaf2d8409491/none_v3" "tx6f88bec8f1db4215b4047-00697c4f28" "proxy-server 12" 0.0004 "-" 25 0
Jan 30 06:26:48 standalone proxy-server[124018]: 172.18.0.2 ::1 30/Jan/2026/06/26/48 GET /v1/AUTH_8cd39466d2574f50a7f48e9261646257/gnocchi.bd13a0ce-1145-4466-915e-eaf2d8409491/none_v3 HTTP/1.0 404 - python-swiftclient-3.11.1 gAAAAABpfE7lxSBs... - 70 - tx6f88bec8f1db4215b4047-00697c4f28 - 0.0182 - - 1769754408.255258322 1769754408.273428202 0
Jan 30 06:26:48 standalone account-server[121989]: 172.20.0.100 - - [30/Jan/2026:06:26:48 +0000] "PUT /d1/517/AUTH_8cd39466d2574f50a7f48e9261646257/gnocchi.bd13a0ce-1145-4466-915e-eaf2d8409491" 201 - "PUT http://172.20.0.100:6001/d1/389/AUTH_8cd39466d2574f50a7f48e9261646257/gnocchi.bd13a0ce-1145-4466-915e-eaf2d8409491" "tx79d0dafcdaf14ae8b3bf7-00697c4f28" "container-server 14" 0.0059 "-" 16 0
Jan 30 06:26:48 standalone container-server[122023]: 172.20.0.100 - - [30/Jan/2026:06:26:48 +0000] "PUT /d1/389/AUTH_8cd39466d2574f50a7f48e9261646257/gnocchi.bd13a0ce-1145-4466-915e-eaf2d8409491" 201 - "PUT http://localhost:8080/v1/AUTH_8cd39466d2574f50a7f48e9261646257/gnocchi.bd13a0ce-1145-4466-915e-eaf2d8409491" "tx79d0dafcdaf14ae8b3bf7-00697c4f28" "proxy-server 12" 0.0237 "-" 14 0
Jan 30 06:26:48 standalone proxy-server[124018]: 172.18.0.2 ::1 30/Jan/2026/06/26/48 PUT /v1/AUTH_8cd39466d2574f50a7f48e9261646257/gnocchi.bd13a0ce-1145-4466-915e-eaf2d8409491 HTTP/1.0 201 - python-swiftclient-3.11.1 gAAAAABpfE7lxSBs... - - - tx79d0dafcdaf14ae8b3bf7-00697c4f28 - 0.0336 - - 1769754408.277568817 1769754408.311185598 0
Jan 30 06:26:48 standalone container-server[122038]: 172.20.0.100 - - [30/Jan/2026:06:26:48 +0000] "HEAD /d1/389/AUTH_8cd39466d2574f50a7f48e9261646257/gnocchi.bd13a0ce-1145-4466-915e-eaf2d8409491" 204 - "HEAD http://localhost:8080/v1/AUTH_8cd39466d2574f50a7f48e9261646257/gnocchi.bd13a0ce-1145-4466-915e-eaf2d8409491?format=json&states=listing" "txa4988a9008fc42058c7d1-00697c4f28" "proxy-server 12" 0.0035 "-" 17 0
Jan 30 06:26:48 standalone proxy-server[124018]: - - 30/Jan/2026/06/26/48 HEAD /v1/AUTH_8cd39466d2574f50a7f48e9261646257/gnocchi.bd13a0ce-1145-4466-915e-eaf2d8409491%3Fformat%3Djson%26states%3Dlisting HTTP/1.0 204 - Swift - - - - txa4988a9008fc42058c7d1-00697c4f28 - 0.0107 RL - 1769754408.318548203 1769754408.329215050 0
Jan 30 06:26:48 standalone container-server[122026]: 172.20.0.100 - - [30/Jan/2026:06:26:48 +0000] "GET /d1/389/AUTH_8cd39466d2574f50a7f48e9261646257/gnocchi.bd13a0ce-1145-4466-915e-eaf2d8409491" 200 2 "GET http://localhost:8080/v1/AUTH_8cd39466d2574f50a7f48e9261646257/gnocchi.bd13a0ce-1145-4466-915e-eaf2d8409491?format=json&states=listing" "txa4988a9008fc42058c7d1-00697c4f28" "proxy-server 12" 0.0054 "-" 15 0
Jan 30 06:26:48 standalone proxy-server[124018]: 172.18.0.2 ::1 30/Jan/2026/06/26/48 GET /v1/AUTH_8cd39466d2574f50a7f48e9261646257/gnocchi.bd13a0ce-1145-4466-915e-eaf2d8409491%3Fformat%3Djson%26states%3Dlisting HTTP/1.0 200 - python-swiftclient-3.11.1 gAAAAABpfE7lxSBs... - 2 - txa4988a9008fc42058c7d1-00697c4f28 - 0.0315 - - 1769754408.316147566 1769754408.347609282 0
Jan 30 06:26:48 standalone object-server[122228]: 172.20.0.100 - - [30/Jan/2026:06:26:48 +0000] "GET /d1/742/AUTH_8cd39466d2574f50a7f48e9261646257/gnocchi.bd13a0ce-1145-4466-915e-eaf2d8409491/1769040000.0_mean_300.0_v3" 404 70 "GET http://localhost:8080/v1/AUTH_8cd39466d2574f50a7f48e9261646257/gnocchi.bd13a0ce-1145-4466-915e-eaf2d8409491/1769040000.0_mean_300.0_v3" "tx8eb02ba897cd4c74bebc2-00697c4f28" "proxy-server 12" 0.0004 "-" 22 0
Jan 30 06:26:48 standalone proxy-server[124018]: 172.18.0.2 ::1 30/Jan/2026/06/26/48 GET /v1/AUTH_8cd39466d2574f50a7f48e9261646257/gnocchi.bd13a0ce-1145-4466-915e-eaf2d8409491/1769040000.0_mean_300.0_v3 HTTP/1.0 404 - python-swiftclient-3.11.1 gAAAAABpfE7lxSBs... - 70 - tx8eb02ba897cd4c74bebc2-00697c4f28 - 0.0320 - - 1769754408.352646351 1769754408.384608984 0
Jan 30 06:26:48 standalone container-server[122026]: 172.20.0.100 - - [30/Jan/2026:06:26:48 +0000] "PUT /d1/389/AUTH_8cd39466d2574f50a7f48e9261646257/gnocchi.bd13a0ce-1145-4466-915e-eaf2d8409491/1769040000.0_mean_300.0_v3" 201 - "PUT http://localhost:8080/d1/742/AUTH_8cd39466d2574f50a7f48e9261646257/gnocchi.bd13a0ce-1145-4466-915e-eaf2d8409491/1769040000.0_mean_300.0_v3" "txb183780180044a0f92fdb-00697c4f28" "object-server 23" 0.0017 "-" 15 0
Jan 30 06:26:48 standalone object-server[122229]: 172.20.0.100 - - [30/Jan/2026:06:26:48 +0000] "PUT /d1/742/AUTH_8cd39466d2574f50a7f48e9261646257/gnocchi.bd13a0ce-1145-4466-915e-eaf2d8409491/1769040000.0_mean_300.0_v3" 201 - "PUT http://localhost:8080/v1/AUTH_8cd39466d2574f50a7f48e9261646257/gnocchi.bd13a0ce-1145-4466-915e-eaf2d8409491/1769040000.0_mean_300.0_v3" "txb183780180044a0f92fdb-00697c4f28" "proxy-server 12" 0.0191 "-" 23 0
Jan 30 06:26:48 standalone proxy-server[124018]: 172.18.0.2 ::1 30/Jan/2026/06/26/48 PUT /v1/AUTH_8cd39466d2574f50a7f48e9261646257/gnocchi.bd13a0ce-1145-4466-915e-eaf2d8409491/1769040000.0_mean_300.0_v3 HTTP/1.0 201 - python-swiftclient-3.11.1 gAAAAABpfE7lxSBs... 16 - - txb183780180044a0f92fdb-00697c4f28 - 0.0377 - - 1769754408.390575647 1769754408.428297758 0
Jan 30 06:26:48 standalone container-server[122038]: 172.20.0.100 - - [30/Jan/2026:06:26:48 +0000] "PUT /d1/389/AUTH_8cd39466d2574f50a7f48e9261646257/gnocchi.bd13a0ce-1145-4466-915e-eaf2d8409491/none_v3" 201 - "PUT http://localhost:8080/d1/696/AUTH_8cd39466d2574f50a7f48e9261646257/gnocchi.bd13a0ce-1145-4466-915e-eaf2d8409491/none_v3" "tx41c73d1d7a634c878b25a-00697c4f28" "object-server 22" 0.0013 "-" 17 0
Jan 30 06:26:48 standalone object-server[122228]: 172.20.0.100 - - [30/Jan/2026:06:26:48 +0000] "PUT /d1/696/AUTH_8cd39466d2574f50a7f48e9261646257/gnocchi.bd13a0ce-1145-4466-915e-eaf2d8409491/none_v3" 201 - "PUT http://localhost:8080/v1/AUTH_8cd39466d2574f50a7f48e9261646257/gnocchi.bd13a0ce-1145-4466-915e-eaf2d8409491/none_v3" "tx41c73d1d7a634c878b25a-00697c4f28" "proxy-server 12" 0.0143 "-" 22 0
Jan 30 06:26:48 standalone proxy-server[124018]: 172.18.0.2 ::1 30/Jan/2026/06/26/48 PUT /v1/AUTH_8cd39466d2574f50a7f48e9261646257/gnocchi.bd13a0ce-1145-4466-915e-eaf2d8409491/none_v3 HTTP/1.0 201 - python-swiftclient-3.11.1 gAAAAABpfE7lxSBs... 22 - - tx41c73d1d7a634c878b25a-00697c4f28 - 0.0241 - - 1769754408.432587147 1769754408.456701994 0
Jan 30 06:26:48 standalone container-server[122029]: 172.20.0.100 - - [30/Jan/2026:06:26:48 +0000] "HEAD /d1/98/AUTH_8cd39466d2574f50a7f48e9261646257/gnocchi.3ae17aba-5ed2-4738-8bbd-7c80e66440ca" 404 - "HEAD http://localhost:8080/v1/AUTH_8cd39466d2574f50a7f48e9261646257/gnocchi.3ae17aba-5ed2-4738-8bbd-7c80e66440ca?format=json&states=listing" "txc054b9e7cda34d189179a-00697c4f28" "proxy-server 12" 0.0006 "-" 16 0
Jan 30 06:26:48 standalone object-server[122232]: 172.20.0.100 - - [30/Jan/2026:06:26:48 +0000] "GET /d1/83/AUTH_8cd39466d2574f50a7f48e9261646257/gnocchi.3ae17aba-5ed2-4738-8bbd-7c80e66440ca/none_v3" 404 70 "GET http://localhost:8080/v1/AUTH_8cd39466d2574f50a7f48e9261646257/gnocchi.3ae17aba-5ed2-4738-8bbd-7c80e66440ca/none_v3" "txc054b9e7cda34d189179a-00697c4f28" "proxy-server 12" 0.0004 "-" 24 0
Jan 30 06:26:48 standalone proxy-server[124018]: 172.18.0.2 ::1 30/Jan/2026/06/26/48 GET /v1/AUTH_8cd39466d2574f50a7f48e9261646257/gnocchi.3ae17aba-5ed2-4738-8bbd-7c80e66440ca/none_v3 HTTP/1.0 404 - python-swiftclient-3.11.1 gAAAAABpfE7lxSBs... - 70 - txc054b9e7cda34d189179a-00697c4f28 - 0.0153 - - 1769754408.470575809 1769754408.485831261 0
Jan 30 06:26:48 standalone account-server[121976]: 172.20.0.100 - - [30/Jan/2026:06:26:48 +0000] "PUT /d1/517/AUTH_8cd39466d2574f50a7f48e9261646257/gnocchi.3ae17aba-5ed2-4738-8bbd-7c80e66440ca" 201 - "PUT http://172.20.0.100:6001/d1/98/AUTH_8cd39466d2574f50a7f48e9261646257/gnocchi.3ae17aba-5ed2-4738-8bbd-7c80e66440ca" "tx436500d222034a0b8f91d-00697c4f28" "container-server 16" 0.0079 "-" 14 0
Jan 30 06:26:48 standalone container-server[122029]: 172.20.0.100 - - [30/Jan/2026:06:26:48 +0000] "PUT /d1/98/AUTH_8cd39466d2574f50a7f48e9261646257/gnocchi.3ae17aba-5ed2-4738-8bbd-7c80e66440ca" 201 - "PUT http://localhost:8080/v1/AUTH_8cd39466d2574f50a7f48e9261646257/gnocchi.3ae17aba-5ed2-4738-8bbd-7c80e66440ca" "tx436500d222034a0b8f91d-00697c4f28" "proxy-server 12" 0.0213 "-" 16 0
Jan 30 06:26:48 standalone proxy-server[124018]: 172.18.0.2 ::1 30/Jan/2026/06/26/48 PUT /v1/AUTH_8cd39466d2574f50a7f48e9261646257/gnocchi.3ae17aba-5ed2-4738-8bbd-7c80e66440ca HTTP/1.0 201 - python-swiftclient-3.11.1 gAAAAABpfE7lxSBs... - - - tx436500d222034a0b8f91d-00697c4f28 - 0.0269 - - 1769754408.489381313 1769754408.516262770 0
Jan 30 06:26:48 standalone container-server[122038]: 172.20.0.100 - - [30/Jan/2026:06:26:48 +0000] "HEAD /d1/98/AUTH_8cd39466d2574f50a7f48e9261646257/gnocchi.3ae17aba-5ed2-4738-8bbd-7c80e66440ca" 204 - "HEAD http://localhost:8080/v1/AUTH_8cd39466d2574f50a7f48e9261646257/gnocchi.3ae17aba-5ed2-4738-8bbd-7c80e66440ca?format=json&states=listing" "tx3b95a6b8b8704cee8b992-00697c4f28" "proxy-server 12" 0.0027 "-" 17 0
Jan 30 06:26:48 standalone proxy-server[124018]: - - 30/Jan/2026/06/26/48 HEAD /v1/AUTH_8cd39466d2574f50a7f48e9261646257/gnocchi.3ae17aba-5ed2-4738-8bbd-7c80e66440ca%3Fformat%3Djson%26states%3Dlisting HTTP/1.0 204 - Swift - - - - tx3b95a6b8b8704cee8b992-00697c4f28 - 0.0063 RL - 1769754408.521433592 1769754408.527715445 0
Jan 30 06:26:48 standalone container-server[122038]: 172.20.0.100 - - [30/Jan/2026:06:26:48 +0000] "GET /d1/98/AUTH_8cd39466d2574f50a7f48e9261646257/gnocchi.3ae17aba-5ed2-4738-8bbd-7c80e66440ca" 200 2 "GET http://localhost:8080/v1/AUTH_8cd39466d2574f50a7f48e9261646257/gnocchi.3ae17aba-5ed2-4738-8bbd-7c80e66440ca?format=json&states=listing" "tx3b95a6b8b8704cee8b992-00697c4f28" "proxy-server 12" 0.0044 "-" 17 0
Jan 30 06:26:48 standalone proxy-server[124018]: 172.18.0.2 ::1 30/Jan/2026/06/26/48 GET /v1/AUTH_8cd39466d2574f50a7f48e9261646257/gnocchi.3ae17aba-5ed2-4738-8bbd-7c80e66440ca%3Fformat%3Djson%26states%3Dlisting HTTP/1.0 200 - python-swiftclient-3.11.1 gAAAAABpfE7lxSBs... - 2 - tx3b95a6b8b8704cee8b992-00697c4f28 - 0.0180 - - 1769754408.520367622 1769754408.538364649 0
Jan 30 06:26:48 standalone object-server[122233]: 172.20.0.100 - - [30/Jan/2026:06:26:48 +0000] "GET /d1/29/AUTH_8cd39466d2574f50a7f48e9261646257/gnocchi.3ae17aba-5ed2-4738-8bbd-7c80e66440ca/1769040000.0_mean_300.0_v3" 404 70 "GET http://localhost:8080/v1/AUTH_8cd39466d2574f50a7f48e9261646257/gnocchi.3ae17aba-5ed2-4738-8bbd-7c80e66440ca/1769040000.0_mean_300.0_v3" "txf72ce8217d204c06b5f35-00697c4f28" "proxy-server 12" 0.0007 "-" 25 0
Jan 30 06:26:48 standalone proxy-server[124018]: 172.18.0.2 ::1 30/Jan/2026/06/26/48 GET /v1/AUTH_8cd39466d2574f50a7f48e9261646257/gnocchi.3ae17aba-5ed2-4738-8bbd-7c80e66440ca/1769040000.0_mean_300.0_v3 HTTP/1.0 404 - python-swiftclient-3.11.1 gAAAAABpfE7lxSBs... - 70 - txf72ce8217d204c06b5f35-00697c4f28 - 0.0103 - - 1769754408.544803619 1769754408.555069447 0
Jan 30 06:26:48 standalone container-server[122023]: 172.20.0.100 - - [30/Jan/2026:06:26:48 +0000] "PUT /d1/98/AUTH_8cd39466d2574f50a7f48e9261646257/gnocchi.3ae17aba-5ed2-4738-8bbd-7c80e66440ca/1769040000.0_mean_300.0_v3" 201 - "PUT http://localhost:8080/d1/29/AUTH_8cd39466d2574f50a7f48e9261646257/gnocchi.3ae17aba-5ed2-4738-8bbd-7c80e66440ca/1769040000.0_mean_300.0_v3" "tx6c12403bf629492fa019f-00697c4f28" "object-server 22" 0.0014 "-" 14 0
Jan 30 06:26:48 standalone object-server[122228]: 172.20.0.100 - - [30/Jan/2026:06:26:48 +0000] "PUT /d1/29/AUTH_8cd39466d2574f50a7f48e9261646257/gnocchi.3ae17aba-5ed2-4738-8bbd-7c80e66440ca/1769040000.0_mean_300.0_v3" 201 - "PUT http://localhost:8080/v1/AUTH_8cd39466d2574f50a7f48e9261646257/gnocchi.3ae17aba-5ed2-4738-8bbd-7c80e66440ca/1769040000.0_mean_300.0_v3" "tx6c12403bf629492fa019f-00697c4f28" "proxy-server 12" 0.0149 "-" 22 0
Jan 30 06:26:48 standalone proxy-server[124018]: 172.18.0.2 ::1 30/Jan/2026/06/26/48 PUT /v1/AUTH_8cd39466d2574f50a7f48e9261646257/gnocchi.3ae17aba-5ed2-4738-8bbd-7c80e66440ca/1769040000.0_mean_300.0_v3 HTTP/1.0 201 - python-swiftclient-3.11.1 gAAAAABpfE7lxSBs... 16 - - tx6c12403bf629492fa019f-00697c4f28 - 0.0257 - - 1769754408.563973427 1769754408.589700460 0
Jan 30 06:26:48 standalone container-server[122029]: 172.20.0.100 - - [30/Jan/2026:06:26:48 +0000] "PUT /d1/98/AUTH_8cd39466d2574f50a7f48e9261646257/gnocchi.3ae17aba-5ed2-4738-8bbd-7c80e66440ca/none_v3" 201 - "PUT http://localhost:8080/d1/83/AUTH_8cd39466d2574f50a7f48e9261646257/gnocchi.3ae17aba-5ed2-4738-8bbd-7c80e66440ca/none_v3" "txa9f4d290b8644444a56a2-00697c4f28" "object-server 24" 0.0006 "-" 16 0
Jan 30 06:26:48 standalone object-server[122232]: 172.20.0.100 - - [30/Jan/2026:06:26:48 +0000] "PUT /d1/83/AUTH_8cd39466d2574f50a7f48e9261646257/gnocchi.3ae17aba-5ed2-4738-8bbd-7c80e66440ca/none_v3" 201 - "PUT http://localhost:8080/v1/AUTH_8cd39466d2574f50a7f48e9261646257/gnocchi.3ae17aba-5ed2-4738-8bbd-7c80e66440ca/none_v3" "txa9f4d290b8644444a56a2-00697c4f28" "proxy-server 12" 0.0129 "-" 24 0
Jan 30 06:26:48 standalone proxy-server[124018]: 172.18.0.2 ::1 30/Jan/2026/06/26/48 PUT /v1/AUTH_8cd39466d2574f50a7f48e9261646257/gnocchi.3ae17aba-5ed2-4738-8bbd-7c80e66440ca/none_v3 HTTP/1.0 201 - python-swiftclient-3.11.1 gAAAAABpfE7lxSBs... 22 - - txa9f4d290b8644444a56a2-00697c4f28 - 0.0241 - - 1769754408.594365835 1769754408.618419647 0
Jan 30 06:27:37 standalone object-server[122188]: Begin object update sweep
Jan 30 06:27:37 standalone object-server[218461]: Object update sweep starting on /srv/node/d1 (pid: 14)
Jan 30 06:27:37 standalone object-server[218461]: Object update sweep completed on /srv/node/d1 in 0.00s seconds:, 0 successes, 0 failures, 0 quarantines, 0 unlinks, 0 errors, 0 redirects (pid: 14)
Jan 30 06:27:37 standalone object-server[218461]: Object update sweep of d1 completed: 0.00s, 0 successes, 0 failures, 0 quarantines, 0 unlinks, 0 errors, 0 redirects
Jan 30 06:27:37 standalone object-server[122188]: Object update sweep completed: 0.08s
Jan 30 06:28:10 standalone container-server[122027]: Begin container update sweep
Jan 30 06:28:10 standalone account-server[121992]: 172.20.0.100 - - [30/Jan/2026:06:28:10 +0000] "PUT /d1/517/AUTH_8cd39466d2574f50a7f48e9261646257/gnocchi.9f309b09-e36b-4460-b6b0-c80c28e8cd7c" 201 - "-" "-" "container-updater 2" 0.0012 "-" 17 0
Jan 30 06:28:10 standalone account-server[121992]: 172.20.0.100 - - [30/Jan/2026:06:28:10 +0000] "PUT /d1/517/AUTH_8cd39466d2574f50a7f48e9261646257/gnocchi.bd13a0ce-1145-4466-915e-eaf2d8409491" 201 - "-" "-" "container-updater 2" 0.0011 "-" 17 0
Jan 30 06:28:10 standalone account-server[121976]: 172.20.0.100 - - [30/Jan/2026:06:28:10 +0000] "PUT /d1/517/AUTH_8cd39466d2574f50a7f48e9261646257/gnocchi.3ae17aba-5ed2-4738-8bbd-7c80e66440ca" 201 - "-" "-" "container-updater 2" 0.0011 "-" 14 0
Jan 30 06:28:10 standalone account-server[121979]: 172.20.0.100 - - [30/Jan/2026:06:28:10 +0000] "PUT /d1/517/AUTH_8cd39466d2574f50a7f48e9261646257/gnocchi.65b4cb07-0af5-4cec-9b69-54650a9ccca2" 201 - "-" "-" "container-updater 2" 0.0008 "-" 15 0
Jan 30 06:28:11 standalone account-server[121979]: 172.20.0.100 - - [30/Jan/2026:06:28:11 +0000] "PUT /d1/517/AUTH_8cd39466d2574f50a7f48e9261646257/gnocchi.13fc6003-def9-417b-a860-d22b19745d21" 201 - "-" "-" "container-updater 2" 0.0006 "-" 15 0
Jan 30 06:28:11 standalone account-server[121976]: 172.20.0.100 - - [30/Jan/2026:06:28:11 +0000] "PUT /d1/517/AUTH_8cd39466d2574f50a7f48e9261646257/gnocchi.9f839d8f-7836-47eb-bc04-5a6117092f37" 201 - "-" "-" "container-updater 2" 0.0004 "-" 14 0
Jan 30 06:28:11 standalone account-server[121992]: 172.20.0.100 - - [30/Jan/2026:06:28:11 +0000] "PUT /d1/517/AUTH_8cd39466d2574f50a7f48e9261646257/glance" 201 - "-" "-" "container-updater 2" 0.0010 "-" 17 0
Jan 30 06:28:11 standalone account-server[121976]: 172.20.0.100 - - [30/Jan/2026:06:28:11 +0000] "PUT /d1/517/AUTH_8cd39466d2574f50a7f48e9261646257/gnocchi.e6513ffe-a6cb-4546-a7d7-78bcbce13492" 201 - "-" "-" "container-updater 2" 0.0004 "-" 14 0
Jan 30 06:28:11 standalone account-server[121989]: 172.20.0.100 - - [30/Jan/2026:06:28:11 +0000] "PUT /d1/517/AUTH_8cd39466d2574f50a7f48e9261646257/gnocchi.f5664b7e-8e14-4a8c-a5db-e9595f2ad715" 201 - "-" "-" "container-updater 2" 0.0007 "-" 16 0
Jan 30 06:28:11 standalone container-server[122027]: Container update sweep completed: 1.00s
Jan 30 06:29:10 standalone account-server[121989]: 172.20.0.100 - - [30/Jan/2026:06:29:10 +0000] "HEAD /d1/517/AUTH_8cd39466d2574f50a7f48e9261646257" 204 - "HEAD http://localhost:8080/v1/AUTH_8cd39466d2574f50a7f48e9261646257?format=json" "tx1f16980c50744cac86cac-00697c4fb6" "proxy-server 12" 0.0060 "-" 16 -
Jan 30 06:29:10 standalone proxy-server[124018]: - - 30/Jan/2026/06/29/10 HEAD /v1/AUTH_8cd39466d2574f50a7f48e9261646257%3Fformat%3Djson HTTP/1.0 204 - Swift - - - - tx1f16980c50744cac86cac-00697c4fb6 - 0.0106 RL - 1769754550.449082136 1769754550.459646463 -
Jan 30 06:29:10 standalone container-server[122038]: 172.20.0.100 - - [30/Jan/2026:06:29:10 +0000] "HEAD /d1/183/AUTH_8cd39466d2574f50a7f48e9261646257/gnocchi.50da91b0-edc6-4299-b87b-7d2dd1e12c9e" 404 - "HEAD http://localhost:8080/v1/AUTH_8cd39466d2574f50a7f48e9261646257/gnocchi.50da91b0-edc6-4299-b87b-7d2dd1e12c9e?format=json&states=listing" "tx1f16980c50744cac86cac-00697c4fb6" "proxy-server 12" 0.0006 "-" 17 0
Jan 30 06:29:10 standalone object-server[122228]: 172.20.0.100 - - [30/Jan/2026:06:29:10 +0000] "GET /d1/397/AUTH_8cd39466d2574f50a7f48e9261646257/gnocchi.50da91b0-edc6-4299-b87b-7d2dd1e12c9e/none_v3" 404 70 "GET http://localhost:8080/v1/AUTH_8cd39466d2574f50a7f48e9261646257/gnocchi.50da91b0-edc6-4299-b87b-7d2dd1e12c9e/none_v3" "tx1f16980c50744cac86cac-00697c4fb6" "proxy-server 12" 0.0004 "-" 22 0
Jan 30 06:29:10 standalone proxy-server[124018]: 172.18.0.2 ::1 30/Jan/2026/06/29/10 GET /v1/AUTH_8cd39466d2574f50a7f48e9261646257/gnocchi.50da91b0-edc6-4299-b87b-7d2dd1e12c9e/none_v3 HTTP/1.0 404 - python-swiftclient-3.11.1 gAAAAABpfE7lxSBs... - 70 - tx1f16980c50744cac86cac-00697c4fb6 - 0.0204 - - 1769754550.448312283 1769754550.468714476 0
Jan 30 06:29:10 standalone account-server[121992]: 172.20.0.100 - - [30/Jan/2026:06:29:10 +0000] "PUT /d1/517/AUTH_8cd39466d2574f50a7f48e9261646257/gnocchi.50da91b0-edc6-4299-b87b-7d2dd1e12c9e" 201 - "PUT http://172.20.0.100:6001/d1/183/AUTH_8cd39466d2574f50a7f48e9261646257/gnocchi.50da91b0-edc6-4299-b87b-7d2dd1e12c9e" "tx4d2cf74d6b6b4f0eb814f-00697c4fb6" "container-server 17" 0.0010 "-" 17 0
Jan 30 06:29:10 standalone container-server[122038]: 172.20.0.100 - - [30/Jan/2026:06:29:10 +0000] "PUT /d1/183/AUTH_8cd39466d2574f50a7f48e9261646257/gnocchi.50da91b0-edc6-4299-b87b-7d2dd1e12c9e" 201 - "PUT http://localhost:8080/v1/AUTH_8cd39466d2574f50a7f48e9261646257/gnocchi.50da91b0-edc6-4299-b87b-7d2dd1e12c9e" "tx4d2cf74d6b6b4f0eb814f-00697c4fb6" "proxy-server 12" 0.0099 "-" 17 0
Jan 30 06:29:10 standalone proxy-server[124018]: 172.18.0.2 ::1 30/Jan/2026/06/29/10 PUT /v1/AUTH_8cd39466d2574f50a7f48e9261646257/gnocchi.50da91b0-edc6-4299-b87b-7d2dd1e12c9e HTTP/1.0 201 - python-swiftclient-3.11.1 gAAAAABpfE7lxSBs... - - - tx4d2cf74d6b6b4f0eb814f-00697c4fb6 - 0.0130 - - 1769754550.471256018 1769754550.484289646 0
Jan 30 06:29:10 standalone container-server[122038]: 172.20.0.100 - - [30/Jan/2026:06:29:10 +0000] "HEAD /d1/183/AUTH_8cd39466d2574f50a7f48e9261646257/gnocchi.50da91b0-edc6-4299-b87b-7d2dd1e12c9e" 204 - "HEAD http://localhost:8080/v1/AUTH_8cd39466d2574f50a7f48e9261646257/gnocchi.50da91b0-edc6-4299-b87b-7d2dd1e12c9e?format=json&states=listing" "txecad1f5733154dda9f326-00697c4fb6" "proxy-server 12" 0.0008 "-" 17 0
Jan 30 06:29:10 standalone proxy-server[124018]: - - 30/Jan/2026/06/29/10 HEAD /v1/AUTH_8cd39466d2574f50a7f48e9261646257/gnocchi.50da91b0-edc6-4299-b87b-7d2dd1e12c9e%3Fformat%3Djson%26states%3Dlisting HTTP/1.0 204 - Swift - - - - txecad1f5733154dda9f326-00697c4fb6 - 0.0027 RL - 1769754550.487689495 1769754550.490374804 0
Jan 30 06:29:10 standalone container-server[122023]: 172.20.0.100 - - [30/Jan/2026:06:29:10 +0000] "GET /d1/183/AUTH_8cd39466d2574f50a7f48e9261646257/gnocchi.50da91b0-edc6-4299-b87b-7d2dd1e12c9e" 200 2 "GET http://localhost:8080/v1/AUTH_8cd39466d2574f50a7f48e9261646257/gnocchi.50da91b0-edc6-4299-b87b-7d2dd1e12c9e?format=json&states=listing" "txecad1f5733154dda9f326-00697c4fb6" "proxy-server 12" 0.0017 "-" 14 0
Jan 30 06:29:10 standalone proxy-server[124018]: 172.18.0.2 ::1 30/Jan/2026/06/29/10 GET /v1/AUTH_8cd39466d2574f50a7f48e9261646257/gnocchi.50da91b0-edc6-4299-b87b-7d2dd1e12c9e%3Fformat%3Djson%26states%3Dlisting HTTP/1.0 200 - python-swiftclient-3.11.1 gAAAAABpfE7lxSBs... - 2 - txecad1f5733154dda9f326-00697c4fb6 - 0.0090 - - 1769754550.486988306 1769754550.496020794 0
Jan 30 06:29:10 standalone object-server[122229]: 172.20.0.100 - - [30/Jan/2026:06:29:10 +0000] "GET /d1/428/AUTH_8cd39466d2574f50a7f48e9261646257/gnocchi.50da91b0-edc6-4299-b87b-7d2dd1e12c9e/1769040000.0_mean_300.0_v3" 404 70 "GET http://localhost:8080/v1/AUTH_8cd39466d2574f50a7f48e9261646257/gnocchi.50da91b0-edc6-4299-b87b-7d2dd1e12c9e/1769040000.0_mean_300.0_v3" "tx8d398778d6d8461dbea58-00697c4fb6" "proxy-server 12" 0.0003 "-" 23 0
Jan 30 06:29:10 standalone proxy-server[124018]: 172.18.0.2 ::1 30/Jan/2026/06/29/10 GET /v1/AUTH_8cd39466d2574f50a7f48e9261646257/gnocchi.50da91b0-edc6-4299-b87b-7d2dd1e12c9e/1769040000.0_mean_300.0_v3 HTTP/1.0 404 - python-swiftclient-3.11.1 gAAAAABpfE7lxSBs... - 70 - tx8d398778d6d8461dbea58-00697c4fb6 - 0.0042 - - 1769754550.498695374 1769754550.502887487 0
Jan 30 06:29:10 standalone container-server[122026]: 172.20.0.100 - - [30/Jan/2026:06:29:10 +0000] "PUT /d1/183/AUTH_8cd39466d2574f50a7f48e9261646257/gnocchi.50da91b0-edc6-4299-b87b-7d2dd1e12c9e/1769040000.0_mean_300.0_v3" 201 - "PUT http://localhost:8080/d1/428/AUTH_8cd39466d2574f50a7f48e9261646257/gnocchi.50da91b0-edc6-4299-b87b-7d2dd1e12c9e/1769040000.0_mean_300.0_v3" "txc354d598beb4410bb0f5b-00697c4fb6" "object-server 24" 0.0005 "-" 15 0
Jan 30 06:29:10 standalone object-server[122232]: 172.20.0.100 - - [30/Jan/2026:06:29:10 +0000] "PUT /d1/428/AUTH_8cd39466d2574f50a7f48e9261646257/gnocchi.50da91b0-edc6-4299-b87b-7d2dd1e12c9e/1769040000.0_mean_300.0_v3" 201 - "PUT http://localhost:8080/v1/AUTH_8cd39466d2574f50a7f48e9261646257/gnocchi.50da91b0-edc6-4299-b87b-7d2dd1e12c9e/1769040000.0_mean_300.0_v3" "txc354d598beb4410bb0f5b-00697c4fb6" "proxy-server 12" 0.0085 "-" 24 0
Jan 30 06:29:10 standalone proxy-server[124018]: 172.18.0.2 ::1 30/Jan/2026/06/29/10 PUT /v1/AUTH_8cd39466d2574f50a7f48e9261646257/gnocchi.50da91b0-edc6-4299-b87b-7d2dd1e12c9e/1769040000.0_mean_300.0_v3 HTTP/1.0 201 - python-swiftclient-3.11.1 gAAAAABpfE7lxSBs... 16 - - txc354d598beb4410bb0f5b-00697c4fb6 - 0.0121 - - 1769754550.505091429 1769754550.517203093 0
Jan 30 06:29:10 standalone container-server[122023]: 172.20.0.100 - - [30/Jan/2026:06:29:10 +0000] "PUT /d1/183/AUTH_8cd39466d2574f50a7f48e9261646257/gnocchi.50da91b0-edc6-4299-b87b-7d2dd1e12c9e/none_v3" 201 - "PUT http://localhost:8080/d1/397/AUTH_8cd39466d2574f50a7f48e9261646257/gnocchi.50da91b0-edc6-4299-b87b-7d2dd1e12c9e/none_v3" "tx2ffe8e1addee4921bcc5e-00697c4fb6" "object-server 22" 0.0005 "-" 14 0
Jan 30 06:29:10 standalone object-server[122228]: 172.20.0.100 - - [30/Jan/2026:06:29:10 +0000] "PUT /d1/397/AUTH_8cd39466d2574f50a7f48e9261646257/gnocchi.50da91b0-edc6-4299-b87b-7d2dd1e12c9e/none_v3" 201 - "PUT http://localhost:8080/v1/AUTH_8cd39466d2574f50a7f48e9261646257/gnocchi.50da91b0-edc6-4299-b87b-7d2dd1e12c9e/none_v3" "tx2ffe8e1addee4921bcc5e-00697c4fb6" "proxy-server 12" 0.0090 "-" 22 0
Jan 30 06:29:10 standalone proxy-server[124018]: 172.18.0.2 ::1 30/Jan/2026/06/29/10 PUT /v1/AUTH_8cd39466d2574f50a7f48e9261646257/gnocchi.50da91b0-edc6-4299-b87b-7d2dd1e12c9e/none_v3 HTTP/1.0 201 - python-swiftclient-3.11.1 gAAAAABpfE7lxSBs... 22 - - tx2ffe8e1addee4921bcc5e-00697c4fb6 - 0.0126 - - 1769754550.519158363 1769754550.531740904 0
Jan 30 06:29:10 standalone container-server[122029]: 172.20.0.100 - - [30/Jan/2026:06:29:10 +0000] "HEAD /d1/491/AUTH_8cd39466d2574f50a7f48e9261646257/gnocchi.e2becf62-cc5e-4b22-9f8c-085112c9f728" 404 - "HEAD http://localhost:8080/v1/AUTH_8cd39466d2574f50a7f48e9261646257/gnocchi.e2becf62-cc5e-4b22-9f8c-085112c9f728?format=json&states=listing" "txb3c18186c92d402d865a1-00697c4fb6" "proxy-server 12" 0.0003 "-" 16 0
Jan 30 06:29:10 standalone object-server[122232]: 172.20.0.100 - - [30/Jan/2026:06:29:10 +0000] "GET /d1/236/AUTH_8cd39466d2574f50a7f48e9261646257/gnocchi.e2becf62-cc5e-4b22-9f8c-085112c9f728/none_v3" 404 70 "GET http://localhost:8080/v1/AUTH_8cd39466d2574f50a7f48e9261646257/gnocchi.e2becf62-cc5e-4b22-9f8c-085112c9f728/none_v3" "txb3c18186c92d402d865a1-00697c4fb6" "proxy-server 12" 0.0003 "-" 24 0
Jan 30 06:29:10 standalone proxy-server[124018]: 172.18.0.2 ::1 30/Jan/2026/06/29/10 GET /v1/AUTH_8cd39466d2574f50a7f48e9261646257/gnocchi.e2becf62-cc5e-4b22-9f8c-085112c9f728/none_v3 HTTP/1.0 404 - python-swiftclient-3.11.1 gAAAAABpfE7lxSBs... - 70 - txb3c18186c92d402d865a1-00697c4fb6 - 0.0064 - - 1769754550.539909601 1769754550.546309471 0
Jan 30 06:29:10 standalone account-server[121979]: 172.20.0.100 - - [30/Jan/2026:06:29:10 +0000] "PUT /d1/517/AUTH_8cd39466d2574f50a7f48e9261646257/gnocchi.e2becf62-cc5e-4b22-9f8c-085112c9f728" 201 - "PUT http://172.20.0.100:6001/d1/491/AUTH_8cd39466d2574f50a7f48e9261646257/gnocchi.e2becf62-cc5e-4b22-9f8c-085112c9f728" "tx398336d1b7b5439a89e78-00697c4fb6" "container-server 17" 0.0042 "-" 15 0
Jan 30 06:29:10 standalone container-server[122038]: 172.20.0.100 - - [30/Jan/2026:06:29:10 +0000] "PUT /d1/491/AUTH_8cd39466d2574f50a7f48e9261646257/gnocchi.e2becf62-cc5e-4b22-9f8c-085112c9f728" 201 - "PUT http://localhost:8080/v1/AUTH_8cd39466d2574f50a7f48e9261646257/gnocchi.e2becf62-cc5e-4b22-9f8c-085112c9f728" "tx398336d1b7b5439a89e78-00697c4fb6" "proxy-server 12" 0.0131 "-" 17 0
Jan 30 06:29:10 standalone proxy-server[124018]: 172.18.0.2 ::1 30/Jan/2026/06/29/10 PUT /v1/AUTH_8cd39466d2574f50a7f48e9261646257/gnocchi.e2becf62-cc5e-4b22-9f8c-085112c9f728 HTTP/1.0 201 - python-swiftclient-3.11.1 gAAAAABpfE7lxSBs... - - - tx398336d1b7b5439a89e78-00697c4fb6 - 0.0163 - - 1769754550.548640490 1769754550.564904213 0
Jan 30 06:29:10 standalone container-server[122038]: 172.20.0.100 - - [30/Jan/2026:06:29:10 +0000] "HEAD /d1/491/AUTH_8cd39466d2574f50a7f48e9261646257/gnocchi.e2becf62-cc5e-4b22-9f8c-085112c9f728" 204 - "HEAD http://localhost:8080/v1/AUTH_8cd39466d2574f50a7f48e9261646257/gnocchi.e2becf62-cc5e-4b22-9f8c-085112c9f728?format=json&states=listing" "tx9bb578cccca94a2ca71d1-00697c4fb6" "proxy-server 12" 0.0010 "-" 17 0
Jan 30 06:29:10 standalone proxy-server[124018]: - - 30/Jan/2026/06/29/10 HEAD /v1/AUTH_8cd39466d2574f50a7f48e9261646257/gnocchi.e2becf62-cc5e-4b22-9f8c-085112c9f728%3Fformat%3Djson%26states%3Dlisting HTTP/1.0 204 - Swift - - - - tx9bb578cccca94a2ca71d1-00697c4fb6 - 0.0029 RL - 1769754550.568005323 1769754550.570947409 0
Jan 30 06:29:10 standalone container-server[122026]: 172.20.0.100 - - [30/Jan/2026:06:29:10 +0000] "GET /d1/491/AUTH_8cd39466d2574f50a7f48e9261646257/gnocchi.e2becf62-cc5e-4b22-9f8c-085112c9f728" 200 2 "GET http://localhost:8080/v1/AUTH_8cd39466d2574f50a7f48e9261646257/gnocchi.e2becf62-cc5e-4b22-9f8c-085112c9f728?format=json&states=listing" "tx9bb578cccca94a2ca71d1-00697c4fb6" "proxy-server 12" 0.0016 "-" 15 0
Jan 30 06:29:10 standalone proxy-server[124018]: 172.18.0.2 ::1 30/Jan/2026/06/29/10 GET /v1/AUTH_8cd39466d2574f50a7f48e9261646257/gnocchi.e2becf62-cc5e-4b22-9f8c-085112c9f728%3Fformat%3Djson%26states%3Dlisting HTTP/1.0 200 - python-swiftclient-3.11.1 gAAAAABpfE7lxSBs... - 2 - tx9bb578cccca94a2ca71d1-00697c4fb6 - 0.0109 - - 1769754550.567296743 1769754550.578176260 0
Jan 30 06:29:10 standalone object-server[122229]: 172.20.0.100 - - [30/Jan/2026:06:29:10 +0000] "GET /d1/338/AUTH_8cd39466d2574f50a7f48e9261646257/gnocchi.e2becf62-cc5e-4b22-9f8c-085112c9f728/1769040000.0_mean_300.0_v3" 404 70 "GET http://localhost:8080/v1/AUTH_8cd39466d2574f50a7f48e9261646257/gnocchi.e2becf62-cc5e-4b22-9f8c-085112c9f728/1769040000.0_mean_300.0_v3" "tx106e01495f5847fb8c340-00697c4fb6" "proxy-server 12" 0.0003 "-" 23 0
Jan 30 06:29:10 standalone proxy-server[124018]: 172.18.0.2 ::1 30/Jan/2026/06/29/10 GET /v1/AUTH_8cd39466d2574f50a7f48e9261646257/gnocchi.e2becf62-cc5e-4b22-9f8c-085112c9f728/1769040000.0_mean_300.0_v3 HTTP/1.0 404 - python-swiftclient-3.11.1 gAAAAABpfE7lxSBs... - 70 - tx106e01495f5847fb8c340-00697c4fb6 - 0.0036 - - 1769754550.581043005 1769754550.584675312 0
Jan 30 06:29:10 standalone container-server[122026]: 172.20.0.100 - - [30/Jan/2026:06:29:10 +0000] "PUT /d1/491/AUTH_8cd39466d2574f50a7f48e9261646257/gnocchi.e2becf62-cc5e-4b22-9f8c-085112c9f728/1769040000.0_mean_300.0_v3" 201 - "PUT http://localhost:8080/d1/338/AUTH_8cd39466d2574f50a7f48e9261646257/gnocchi.e2becf62-cc5e-4b22-9f8c-085112c9f728/1769040000.0_mean_300.0_v3" "tx048efd1569014a839332b-00697c4fb6" "object-server 25" 0.0005 "-" 15 0
Jan 30 06:29:10 standalone object-server[122233]: 172.20.0.100 - - [30/Jan/2026:06:29:10 +0000] "PUT /d1/338/AUTH_8cd39466d2574f50a7f48e9261646257/gnocchi.e2becf62-cc5e-4b22-9f8c-085112c9f728/1769040000.0_mean_300.0_v3" 201 - "PUT http://localhost:8080/v1/AUTH_8cd39466d2574f50a7f48e9261646257/gnocchi.e2becf62-cc5e-4b22-9f8c-085112c9f728/1769040000.0_mean_300.0_v3" "tx048efd1569014a839332b-00697c4fb6" "proxy-server 12" 0.0083 "-" 25 0
Jan 30 06:29:10 standalone proxy-server[124018]: 172.18.0.2 ::1 30/Jan/2026/06/29/10 PUT /v1/AUTH_8cd39466d2574f50a7f48e9261646257/gnocchi.e2becf62-cc5e-4b22-9f8c-085112c9f728/1769040000.0_mean_300.0_v3 HTTP/1.0 201 - python-swiftclient-3.11.1 gAAAAABpfE7lxSBs... 16 - - tx048efd1569014a839332b-00697c4fb6 - 0.0172 - - 1769754550.586788654 1769754550.603993416 0
Jan 30 06:29:10 standalone container-server[122038]: 172.20.0.100 - - [30/Jan/2026:06:29:10 +0000] "PUT /d1/491/AUTH_8cd39466d2574f50a7f48e9261646257/gnocchi.e2becf62-cc5e-4b22-9f8c-085112c9f728/none_v3" 201 - "PUT http://localhost:8080/d1/236/AUTH_8cd39466d2574f50a7f48e9261646257/gnocchi.e2becf62-cc5e-4b22-9f8c-085112c9f728/none_v3" "txf4817fa458e84949bb6a8-00697c4fb6" "object-server 25" 0.0004 "-" 17 0
Jan 30 06:29:10 standalone object-server[122233]: 172.20.0.100 - - [30/Jan/2026:06:29:10 +0000] "PUT /d1/236/AUTH_8cd39466d2574f50a7f48e9261646257/gnocchi.e2becf62-cc5e-4b22-9f8c-085112c9f728/none_v3" 201 - "PUT http://localhost:8080/v1/AUTH_8cd39466d2574f50a7f48e9261646257/gnocchi.e2becf62-cc5e-4b22-9f8c-085112c9f728/none_v3" "txf4817fa458e84949bb6a8-00697c4fb6" "proxy-server 12" 0.0074 "-" 25 0
Jan 30 06:29:10 standalone proxy-server[124018]: 172.18.0.2 ::1 30/Jan/2026/06/29/10 PUT /v1/AUTH_8cd39466d2574f50a7f48e9261646257/gnocchi.e2becf62-cc5e-4b22-9f8c-085112c9f728/none_v3 HTTP/1.0 201 - python-swiftclient-3.11.1 gAAAAABpfE7lxSBs... 22 - - txf4817fa458e84949bb6a8-00697c4fb6 - 0.0117 - - 1769754550.606146574 1769754550.617883205 0
Jan 30 06:29:10 standalone container-server[122038]: 172.20.0.100 - - [30/Jan/2026:06:29:10 +0000] "HEAD /d1/786/AUTH_8cd39466d2574f50a7f48e9261646257/gnocchi.22f19f8a-409e-4d52-b95c-2100ece23f89" 404 - "HEAD http://localhost:8080/v1/AUTH_8cd39466d2574f50a7f48e9261646257/gnocchi.22f19f8a-409e-4d52-b95c-2100ece23f89?format=json&states=listing" "tx07dadb997b764ff2a48ba-00697c4fb6" "proxy-server 12" 0.0002 "-" 17 0
