Jan 30 06:29:10 standalone object-server[122228]: 172.20.0.100 - - [30/Jan/2026:06:29:10 +0000] "GET /d1/159/AUTH_8cd39466d2574f50a7f48e9261646257/gnocchi.22f19f8a-409e-4d52-b95c-2100ece23f89/none_v3" 404 70 "GET http://localhost:8080/v1/AUTH_8cd39466d2574f50a7f48e9261646257/gnocchi.22f19f8a-409e-4d52-b95c-2100ece23f89/none_v3" "tx07dadb997b764ff2a48ba-00697c4fb6" "proxy-server 12" 0.0003 "-" 22 0
Jan 30 06:29:10 standalone proxy-server[124018]: 172.18.0.2 ::1 30/Jan/2026/06/29/10 GET /v1/AUTH_8cd39466d2574f50a7f48e9261646257/gnocchi.22f19f8a-409e-4d52-b95c-2100ece23f89/none_v3 HTTP/1.0 404 - python-swiftclient-3.11.1 gAAAAABpfE7lxSBs... - 70 - tx07dadb997b764ff2a48ba-00697c4fb6 - 0.0090 - - 1769754550.628113985 1769754550.637128353 0
Jan 30 06:29:10 standalone account-server[121979]: 172.20.0.100 - - [30/Jan/2026:06:29:10 +0000] "PUT /d1/517/AUTH_8cd39466d2574f50a7f48e9261646257/gnocchi.22f19f8a-409e-4d52-b95c-2100ece23f89" 201 - "PUT http://172.20.0.100:6001/d1/786/AUTH_8cd39466d2574f50a7f48e9261646257/gnocchi.22f19f8a-409e-4d52-b95c-2100ece23f89" "tx99cc983f2089438f9ecf1-00697c4fb6" "container-server 15" 0.0042 "-" 15 0
Jan 30 06:29:10 standalone container-server[122026]: 172.20.0.100 - - [30/Jan/2026:06:29:10 +0000] "PUT /d1/786/AUTH_8cd39466d2574f50a7f48e9261646257/gnocchi.22f19f8a-409e-4d52-b95c-2100ece23f89" 201 - "PUT http://localhost:8080/v1/AUTH_8cd39466d2574f50a7f48e9261646257/gnocchi.22f19f8a-409e-4d52-b95c-2100ece23f89" "tx99cc983f2089438f9ecf1-00697c4fb6" "proxy-server 12" 0.0141 "-" 15 0
Jan 30 06:29:10 standalone proxy-server[124018]: 172.18.0.2 ::1 30/Jan/2026/06/29/10 PUT /v1/AUTH_8cd39466d2574f50a7f48e9261646257/gnocchi.22f19f8a-409e-4d52-b95c-2100ece23f89 HTTP/1.0 201 - python-swiftclient-3.11.1 gAAAAABpfE7lxSBs... - - - tx99cc983f2089438f9ecf1-00697c4fb6 - 0.0173 - - 1769754550.639633179 1769754550.656895161 0
Jan 30 06:29:10 standalone container-server[122029]: 172.20.0.100 - - [30/Jan/2026:06:29:10 +0000] "HEAD /d1/786/AUTH_8cd39466d2574f50a7f48e9261646257/gnocchi.22f19f8a-409e-4d52-b95c-2100ece23f89" 204 - "HEAD http://localhost:8080/v1/AUTH_8cd39466d2574f50a7f48e9261646257/gnocchi.22f19f8a-409e-4d52-b95c-2100ece23f89?format=json&states=listing" "txa36ccbe1b38c4865871ff-00697c4fb6" "proxy-server 12" 0.0012 "-" 16 0
Jan 30 06:29:10 standalone proxy-server[124018]: - - 30/Jan/2026/06/29/10 HEAD /v1/AUTH_8cd39466d2574f50a7f48e9261646257/gnocchi.22f19f8a-409e-4d52-b95c-2100ece23f89%3Fformat%3Djson%26states%3Dlisting HTTP/1.0 204 - Swift - - - - txa36ccbe1b38c4865871ff-00697c4fb6 - 0.0039 RL - 1769754550.660140991 1769754550.664084435 0
Jan 30 06:29:10 standalone container-server[122038]: 172.20.0.100 - - [30/Jan/2026:06:29:10 +0000] "GET /d1/786/AUTH_8cd39466d2574f50a7f48e9261646257/gnocchi.22f19f8a-409e-4d52-b95c-2100ece23f89" 200 2 "GET http://localhost:8080/v1/AUTH_8cd39466d2574f50a7f48e9261646257/gnocchi.22f19f8a-409e-4d52-b95c-2100ece23f89?format=json&states=listing" "txa36ccbe1b38c4865871ff-00697c4fb6" "proxy-server 12" 0.0016 "-" 17 0
Jan 30 06:29:10 standalone proxy-server[124018]: 172.18.0.2 ::1 30/Jan/2026/06/29/10 GET /v1/AUTH_8cd39466d2574f50a7f48e9261646257/gnocchi.22f19f8a-409e-4d52-b95c-2100ece23f89%3Fformat%3Djson%26states%3Dlisting HTTP/1.0 200 - python-swiftclient-3.11.1 gAAAAABpfE7lxSBs... - 2 - txa36ccbe1b38c4865871ff-00697c4fb6 - 0.0112 - - 1769754550.659428120 1769754550.670626402 0
Jan 30 06:29:10 standalone object-server[122233]: 172.20.0.100 - - [30/Jan/2026:06:29:10 +0000] "GET /d1/572/AUTH_8cd39466d2574f50a7f48e9261646257/gnocchi.22f19f8a-409e-4d52-b95c-2100ece23f89/1769040000.0_mean_300.0_v3" 404 70 "GET http://localhost:8080/v1/AUTH_8cd39466d2574f50a7f48e9261646257/gnocchi.22f19f8a-409e-4d52-b95c-2100ece23f89/1769040000.0_mean_300.0_v3" "tx3322fcd43d0b41d4a61b9-00697c4fb6" "proxy-server 12" 0.0003 "-" 25 0
Jan 30 06:29:10 standalone proxy-server[124018]: 172.18.0.2 ::1 30/Jan/2026/06/29/10 GET /v1/AUTH_8cd39466d2574f50a7f48e9261646257/gnocchi.22f19f8a-409e-4d52-b95c-2100ece23f89/1769040000.0_mean_300.0_v3 HTTP/1.0 404 - python-swiftclient-3.11.1 gAAAAABpfE7lxSBs... - 70 - tx3322fcd43d0b41d4a61b9-00697c4fb6 - 0.0036 - - 1769754550.673113108 1769754550.676758289 0
Jan 30 06:29:10 standalone container-server[122038]: 172.20.0.100 - - [30/Jan/2026:06:29:10 +0000] "PUT /d1/786/AUTH_8cd39466d2574f50a7f48e9261646257/gnocchi.22f19f8a-409e-4d52-b95c-2100ece23f89/1769040000.0_mean_300.0_v3" 201 - "PUT http://localhost:8080/d1/572/AUTH_8cd39466d2574f50a7f48e9261646257/gnocchi.22f19f8a-409e-4d52-b95c-2100ece23f89/1769040000.0_mean_300.0_v3" "tx970405eeeeac44ccbd3ce-00697c4fb6" "object-server 23" 0.0005 "-" 17 0
Jan 30 06:29:10 standalone object-server[122229]: 172.20.0.100 - - [30/Jan/2026:06:29:10 +0000] "PUT /d1/572/AUTH_8cd39466d2574f50a7f48e9261646257/gnocchi.22f19f8a-409e-4d52-b95c-2100ece23f89/1769040000.0_mean_300.0_v3" 201 - "PUT http://localhost:8080/v1/AUTH_8cd39466d2574f50a7f48e9261646257/gnocchi.22f19f8a-409e-4d52-b95c-2100ece23f89/1769040000.0_mean_300.0_v3" "tx970405eeeeac44ccbd3ce-00697c4fb6" "proxy-server 12" 0.0074 "-" 23 0
Jan 30 06:29:10 standalone proxy-server[124018]: 172.18.0.2 ::1 30/Jan/2026/06/29/10 PUT /v1/AUTH_8cd39466d2574f50a7f48e9261646257/gnocchi.22f19f8a-409e-4d52-b95c-2100ece23f89/1769040000.0_mean_300.0_v3 HTTP/1.0 201 - python-swiftclient-3.11.1 gAAAAABpfE7lxSBs... 16 - - tx970405eeeeac44ccbd3ce-00697c4fb6 - 0.0112 - - 1769754550.678949594 1769754550.690164804 0
Jan 30 06:29:10 standalone container-server[122038]: 172.20.0.100 - - [30/Jan/2026:06:29:10 +0000] "PUT /d1/786/AUTH_8cd39466d2574f50a7f48e9261646257/gnocchi.22f19f8a-409e-4d52-b95c-2100ece23f89/none_v3" 201 - "PUT http://localhost:8080/d1/159/AUTH_8cd39466d2574f50a7f48e9261646257/gnocchi.22f19f8a-409e-4d52-b95c-2100ece23f89/none_v3" "tx0acc974b1ee6462d89f8e-00697c4fb6" "object-server 23" 0.0003 "-" 17 0
Jan 30 06:29:10 standalone object-server[122229]: 172.20.0.100 - - [30/Jan/2026:06:29:10 +0000] "PUT /d1/159/AUTH_8cd39466d2574f50a7f48e9261646257/gnocchi.22f19f8a-409e-4d52-b95c-2100ece23f89/none_v3" 201 - "PUT http://localhost:8080/v1/AUTH_8cd39466d2574f50a7f48e9261646257/gnocchi.22f19f8a-409e-4d52-b95c-2100ece23f89/none_v3" "tx0acc974b1ee6462d89f8e-00697c4fb6" "proxy-server 12" 0.0074 "-" 23 0
Jan 30 06:29:10 standalone proxy-server[124018]: 172.18.0.2 ::1 30/Jan/2026/06/29/10 PUT /v1/AUTH_8cd39466d2574f50a7f48e9261646257/gnocchi.22f19f8a-409e-4d52-b95c-2100ece23f89/none_v3 HTTP/1.0 201 - python-swiftclient-3.11.1 gAAAAABpfE7lxSBs... 22 - - tx0acc974b1ee6462d89f8e-00697c4fb6 - 0.0108 - - 1769754550.692061901 1769754550.702884912 0
Jan 30 06:29:10 standalone container-server[122023]: 172.20.0.100 - - [30/Jan/2026:06:29:10 +0000] "HEAD /d1/3/AUTH_8cd39466d2574f50a7f48e9261646257/gnocchi.c5d45da3-f5b4-426e-9c89-1c70a1612b40" 404 - "HEAD http://localhost:8080/v1/AUTH_8cd39466d2574f50a7f48e9261646257/gnocchi.c5d45da3-f5b4-426e-9c89-1c70a1612b40?format=json&states=listing" "tx999ecc7ebd4a450396937-00697c4fb6" "proxy-server 12" 0.0006 "-" 14 0
Jan 30 06:29:10 standalone object-server[122233]: 172.20.0.100 - - [30/Jan/2026:06:29:10 +0000] "GET /d1/1021/AUTH_8cd39466d2574f50a7f48e9261646257/gnocchi.c5d45da3-f5b4-426e-9c89-1c70a1612b40/none_v3" 404 70 "GET http://localhost:8080/v1/AUTH_8cd39466d2574f50a7f48e9261646257/gnocchi.c5d45da3-f5b4-426e-9c89-1c70a1612b40/none_v3" "tx999ecc7ebd4a450396937-00697c4fb6" "proxy-server 12" 0.0002 "-" 25 0
Jan 30 06:29:10 standalone proxy-server[124018]: 172.18.0.2 ::1 30/Jan/2026/06/29/10 GET /v1/AUTH_8cd39466d2574f50a7f48e9261646257/gnocchi.c5d45da3-f5b4-426e-9c89-1c70a1612b40/none_v3 HTTP/1.0 404 - python-swiftclient-3.11.1 gAAAAABpfE7lxSBs... - 70 - tx999ecc7ebd4a450396937-00697c4fb6 - 0.0072 - - 1769754550.709848881 1769754550.717054605 0
Jan 30 06:29:10 standalone account-server[121992]: 172.20.0.100 - - [30/Jan/2026:06:29:10 +0000] "PUT /d1/517/AUTH_8cd39466d2574f50a7f48e9261646257/gnocchi.c5d45da3-f5b4-426e-9c89-1c70a1612b40" 201 - "PUT http://172.20.0.100:6001/d1/3/AUTH_8cd39466d2574f50a7f48e9261646257/gnocchi.c5d45da3-f5b4-426e-9c89-1c70a1612b40" "tx7a1d16d5bd664453b8a7e-00697c4fb6" "container-server 17" 0.0048 "-" 17 0
Jan 30 06:29:10 standalone container-server[122038]: 172.20.0.100 - - [30/Jan/2026:06:29:10 +0000] "PUT /d1/3/AUTH_8cd39466d2574f50a7f48e9261646257/gnocchi.c5d45da3-f5b4-426e-9c89-1c70a1612b40" 201 - "PUT http://localhost:8080/v1/AUTH_8cd39466d2574f50a7f48e9261646257/gnocchi.c5d45da3-f5b4-426e-9c89-1c70a1612b40" "tx7a1d16d5bd664453b8a7e-00697c4fb6" "proxy-server 12" 0.0126 "-" 17 0
Jan 30 06:29:10 standalone proxy-server[124018]: 172.18.0.2 ::1 30/Jan/2026/06/29/10 PUT /v1/AUTH_8cd39466d2574f50a7f48e9261646257/gnocchi.c5d45da3-f5b4-426e-9c89-1c70a1612b40 HTTP/1.0 201 - python-swiftclient-3.11.1 gAAAAABpfE7lxSBs... - - - tx7a1d16d5bd664453b8a7e-00697c4fb6 - 0.0155 - - 1769754550.718904018 1769754550.734451771 0
Jan 30 06:29:10 standalone container-server[122029]: 172.20.0.100 - - [30/Jan/2026:06:29:10 +0000] "HEAD /d1/3/AUTH_8cd39466d2574f50a7f48e9261646257/gnocchi.c5d45da3-f5b4-426e-9c89-1c70a1612b40" 204 - "HEAD http://localhost:8080/v1/AUTH_8cd39466d2574f50a7f48e9261646257/gnocchi.c5d45da3-f5b4-426e-9c89-1c70a1612b40?format=json&states=listing" "tx61988458216044b995d2d-00697c4fb6" "proxy-server 12" 0.0011 "-" 16 0
Jan 30 06:29:10 standalone proxy-server[124018]: - - 30/Jan/2026/06/29/10 HEAD /v1/AUTH_8cd39466d2574f50a7f48e9261646257/gnocchi.c5d45da3-f5b4-426e-9c89-1c70a1612b40%3Fformat%3Djson%26states%3Dlisting HTTP/1.0 204 - Swift - - - - tx61988458216044b995d2d-00697c4fb6 - 0.0036 RL - 1769754550.737363100 1769754550.740967274 0
Jan 30 06:29:10 standalone container-server[122023]: 172.20.0.100 - - [30/Jan/2026:06:29:10 +0000] "GET /d1/3/AUTH_8cd39466d2574f50a7f48e9261646257/gnocchi.c5d45da3-f5b4-426e-9c89-1c70a1612b40" 200 2 "GET http://localhost:8080/v1/AUTH_8cd39466d2574f50a7f48e9261646257/gnocchi.c5d45da3-f5b4-426e-9c89-1c70a1612b40?format=json&states=listing" "tx61988458216044b995d2d-00697c4fb6" "proxy-server 12" 0.0021 "-" 14 0
Jan 30 06:29:10 standalone proxy-server[124018]: 172.18.0.2 ::1 30/Jan/2026/06/29/10 GET /v1/AUTH_8cd39466d2574f50a7f48e9261646257/gnocchi.c5d45da3-f5b4-426e-9c89-1c70a1612b40%3Fformat%3Djson%26states%3Dlisting HTTP/1.0 200 - python-swiftclient-3.11.1 gAAAAABpfE7lxSBs... - 2 - tx61988458216044b995d2d-00697c4fb6 - 0.0103 - - 1769754550.736640930 1769754550.746944189 0
Jan 30 06:29:10 standalone object-server[122232]: 172.20.0.100 - - [30/Jan/2026:06:29:10 +0000] "GET /d1/976/AUTH_8cd39466d2574f50a7f48e9261646257/gnocchi.c5d45da3-f5b4-426e-9c89-1c70a1612b40/1769040000.0_mean_300.0_v3" 404 70 "GET http://localhost:8080/v1/AUTH_8cd39466d2574f50a7f48e9261646257/gnocchi.c5d45da3-f5b4-426e-9c89-1c70a1612b40/1769040000.0_mean_300.0_v3" "tx366f82c841d9434c84b70-00697c4fb6" "proxy-server 12" 0.0005 "-" 24 0
Jan 30 06:29:10 standalone proxy-server[124018]: 172.18.0.2 ::1 30/Jan/2026/06/29/10 GET /v1/AUTH_8cd39466d2574f50a7f48e9261646257/gnocchi.c5d45da3-f5b4-426e-9c89-1c70a1612b40/1769040000.0_mean_300.0_v3 HTTP/1.0 404 - python-swiftclient-3.11.1 gAAAAABpfE7lxSBs... - 70 - tx366f82c841d9434c84b70-00697c4fb6 - 0.0046 - - 1769754550.749432325 1769754550.753988981 0
Jan 30 06:29:10 standalone container-server[122023]: 172.20.0.100 - - [30/Jan/2026:06:29:10 +0000] "PUT /d1/3/AUTH_8cd39466d2574f50a7f48e9261646257/gnocchi.c5d45da3-f5b4-426e-9c89-1c70a1612b40/1769040000.0_mean_300.0_v3" 201 - "PUT http://localhost:8080/d1/976/AUTH_8cd39466d2574f50a7f48e9261646257/gnocchi.c5d45da3-f5b4-426e-9c89-1c70a1612b40/1769040000.0_mean_300.0_v3" "txc33c2cd4fc744433a9102-00697c4fb6" "object-server 25" 0.0005 "-" 14 0
Jan 30 06:29:10 standalone object-server[122233]: 172.20.0.100 - - [30/Jan/2026:06:29:10 +0000] "PUT /d1/976/AUTH_8cd39466d2574f50a7f48e9261646257/gnocchi.c5d45da3-f5b4-426e-9c89-1c70a1612b40/1769040000.0_mean_300.0_v3" 201 - "PUT http://localhost:8080/v1/AUTH_8cd39466d2574f50a7f48e9261646257/gnocchi.c5d45da3-f5b4-426e-9c89-1c70a1612b40/1769040000.0_mean_300.0_v3" "txc33c2cd4fc744433a9102-00697c4fb6" "proxy-server 12" 0.0087 "-" 25 0
Jan 30 06:29:10 standalone proxy-server[124018]: 172.18.0.2 ::1 30/Jan/2026/06/29/10 PUT /v1/AUTH_8cd39466d2574f50a7f48e9261646257/gnocchi.c5d45da3-f5b4-426e-9c89-1c70a1612b40/1769040000.0_mean_300.0_v3 HTTP/1.0 201 - python-swiftclient-3.11.1 gAAAAABpfE7lxSBs... 16 - - txc33c2cd4fc744433a9102-00697c4fb6 - 0.0127 - - 1769754550.756474018 1769754550.769130230 0
Jan 30 06:29:10 standalone container-server[122029]: 172.20.0.100 - - [30/Jan/2026:06:29:10 +0000] "PUT /d1/3/AUTH_8cd39466d2574f50a7f48e9261646257/gnocchi.c5d45da3-f5b4-426e-9c89-1c70a1612b40/none_v3" 201 - "PUT http://localhost:8080/d1/1021/AUTH_8cd39466d2574f50a7f48e9261646257/gnocchi.c5d45da3-f5b4-426e-9c89-1c70a1612b40/none_v3" "tx705015fd9c1a43f59d036-00697c4fb6" "object-server 22" 0.0004 "-" 16 0
Jan 30 06:29:10 standalone object-server[122228]: 172.20.0.100 - - [30/Jan/2026:06:29:10 +0000] "PUT /d1/1021/AUTH_8cd39466d2574f50a7f48e9261646257/gnocchi.c5d45da3-f5b4-426e-9c89-1c70a1612b40/none_v3" 201 - "PUT http://localhost:8080/v1/AUTH_8cd39466d2574f50a7f48e9261646257/gnocchi.c5d45da3-f5b4-426e-9c89-1c70a1612b40/none_v3" "tx705015fd9c1a43f59d036-00697c4fb6" "proxy-server 12" 0.0101 "-" 22 0
Jan 30 06:29:10 standalone proxy-server[124018]: 172.18.0.2 ::1 30/Jan/2026/06/29/10 PUT /v1/AUTH_8cd39466d2574f50a7f48e9261646257/gnocchi.c5d45da3-f5b4-426e-9c89-1c70a1612b40/none_v3 HTTP/1.0 201 - python-swiftclient-3.11.1 gAAAAABpfE7lxSBs... 22 - - tx705015fd9c1a43f59d036-00697c4fb6 - 0.0148 - - 1769754550.771537781 1769754550.786372185 0
Jan 30 06:29:10 standalone container-server[122026]: 172.20.0.100 - - [30/Jan/2026:06:29:10 +0000] "HEAD /d1/253/AUTH_8cd39466d2574f50a7f48e9261646257/gnocchi.1a4d759a-4c1d-4ff2-821f-2b76a6889e49" 404 - "HEAD http://localhost:8080/v1/AUTH_8cd39466d2574f50a7f48e9261646257/gnocchi.1a4d759a-4c1d-4ff2-821f-2b76a6889e49?format=json&states=listing" "tx8b4ad24f66564561b5197-00697c4fb6" "proxy-server 12" 0.0006 "-" 15 0
Jan 30 06:29:10 standalone object-server[122228]: 172.20.0.100 - - [30/Jan/2026:06:29:10 +0000] "GET /d1/471/AUTH_8cd39466d2574f50a7f48e9261646257/gnocchi.1a4d759a-4c1d-4ff2-821f-2b76a6889e49/none_v3" 404 70 "GET http://localhost:8080/v1/AUTH_8cd39466d2574f50a7f48e9261646257/gnocchi.1a4d759a-4c1d-4ff2-821f-2b76a6889e49/none_v3" "tx8b4ad24f66564561b5197-00697c4fb6" "proxy-server 12" 0.0004 "-" 22 0
Jan 30 06:29:10 standalone proxy-server[124018]: 172.18.0.2 ::1 30/Jan/2026/06/29/10 GET /v1/AUTH_8cd39466d2574f50a7f48e9261646257/gnocchi.1a4d759a-4c1d-4ff2-821f-2b76a6889e49/none_v3 HTTP/1.0 404 - python-swiftclient-3.11.1 gAAAAABpfE7lxSBs... - 70 - tx8b4ad24f66564561b5197-00697c4fb6 - 0.0079 - - 1769754550.795227051 1769754550.803159714 0
Jan 30 06:29:10 standalone account-server[121979]: 172.20.0.100 - - [30/Jan/2026:06:29:10 +0000] "PUT /d1/517/AUTH_8cd39466d2574f50a7f48e9261646257/gnocchi.1a4d759a-4c1d-4ff2-821f-2b76a6889e49" 201 - "PUT http://172.20.0.100:6001/d1/253/AUTH_8cd39466d2574f50a7f48e9261646257/gnocchi.1a4d759a-4c1d-4ff2-821f-2b76a6889e49" "tx74e81c1eabb34b2cb1a2f-00697c4fb6" "container-server 15" 0.0067 "-" 15 0
Jan 30 06:29:10 standalone container-server[122026]: 172.20.0.100 - - [30/Jan/2026:06:29:10 +0000] "PUT /d1/253/AUTH_8cd39466d2574f50a7f48e9261646257/gnocchi.1a4d759a-4c1d-4ff2-821f-2b76a6889e49" 201 - "PUT http://localhost:8080/v1/AUTH_8cd39466d2574f50a7f48e9261646257/gnocchi.1a4d759a-4c1d-4ff2-821f-2b76a6889e49" "tx74e81c1eabb34b2cb1a2f-00697c4fb6" "proxy-server 12" 0.0212 "-" 15 0
Jan 30 06:29:10 standalone proxy-server[124018]: 172.18.0.2 ::1 30/Jan/2026/06/29/10 PUT /v1/AUTH_8cd39466d2574f50a7f48e9261646257/gnocchi.1a4d759a-4c1d-4ff2-821f-2b76a6889e49 HTTP/1.0 201 - python-swiftclient-3.11.1 gAAAAABpfE7lxSBs... - - - tx74e81c1eabb34b2cb1a2f-00697c4fb6 - 0.0248 - - 1769754550.805425406 1769754550.830263615 0
Jan 30 06:29:10 standalone container-server[122023]: 172.20.0.100 - - [30/Jan/2026:06:29:10 +0000] "HEAD /d1/253/AUTH_8cd39466d2574f50a7f48e9261646257/gnocchi.1a4d759a-4c1d-4ff2-821f-2b76a6889e49" 204 - "HEAD http://localhost:8080/v1/AUTH_8cd39466d2574f50a7f48e9261646257/gnocchi.1a4d759a-4c1d-4ff2-821f-2b76a6889e49?format=json&states=listing" "txdd1c7fafba3b48f2b3c87-00697c4fb6" "proxy-server 12" 0.0016 "-" 14 0
Jan 30 06:29:10 standalone proxy-server[124018]: - - 30/Jan/2026/06/29/10 HEAD /v1/AUTH_8cd39466d2574f50a7f48e9261646257/gnocchi.1a4d759a-4c1d-4ff2-821f-2b76a6889e49%3Fformat%3Djson%26states%3Dlisting HTTP/1.0 204 - Swift - - - - txdd1c7fafba3b48f2b3c87-00697c4fb6 - 0.0042 RL - 1769754550.833810806 1769754550.838040829 0
Jan 30 06:29:10 standalone container-server[122038]: 172.20.0.100 - - [30/Jan/2026:06:29:10 +0000] "GET /d1/253/AUTH_8cd39466d2574f50a7f48e9261646257/gnocchi.1a4d759a-4c1d-4ff2-821f-2b76a6889e49" 200 2 "GET http://localhost:8080/v1/AUTH_8cd39466d2574f50a7f48e9261646257/gnocchi.1a4d759a-4c1d-4ff2-821f-2b76a6889e49?format=json&states=listing" "txdd1c7fafba3b48f2b3c87-00697c4fb6" "proxy-server 12" 0.0031 "-" 17 0
Jan 30 06:29:10 standalone proxy-server[124018]: 172.18.0.2 ::1 30/Jan/2026/06/29/10 GET /v1/AUTH_8cd39466d2574f50a7f48e9261646257/gnocchi.1a4d759a-4c1d-4ff2-821f-2b76a6889e49%3Fformat%3Djson%26states%3Dlisting HTTP/1.0 200 - python-swiftclient-3.11.1 gAAAAABpfE7lxSBs... - 2 - txdd1c7fafba3b48f2b3c87-00697c4fb6 - 0.0129 - - 1769754550.833114624 1769754550.846026897 0
Jan 30 06:29:10 standalone object-server[122233]: 172.20.0.100 - - [30/Jan/2026:06:29:10 +0000] "GET /d1/699/AUTH_8cd39466d2574f50a7f48e9261646257/gnocchi.1a4d759a-4c1d-4ff2-821f-2b76a6889e49/1769040000.0_mean_300.0_v3" 404 70 "GET http://localhost:8080/v1/AUTH_8cd39466d2574f50a7f48e9261646257/gnocchi.1a4d759a-4c1d-4ff2-821f-2b76a6889e49/1769040000.0_mean_300.0_v3" "tx098ae42602a94a4c9ad95-00697c4fb6" "proxy-server 12" 0.0005 "-" 25 0
Jan 30 06:29:10 standalone proxy-server[124018]: 172.18.0.2 ::1 30/Jan/2026/06/29/10 GET /v1/AUTH_8cd39466d2574f50a7f48e9261646257/gnocchi.1a4d759a-4c1d-4ff2-821f-2b76a6889e49/1769040000.0_mean_300.0_v3 HTTP/1.0 404 - python-swiftclient-3.11.1 gAAAAABpfE7lxSBs... - 70 - tx098ae42602a94a4c9ad95-00697c4fb6 - 0.0051 - - 1769754550.848820448 1769754550.853925943 0
Jan 30 06:29:10 standalone container-server[122026]: 172.20.0.100 - - [30/Jan/2026:06:29:10 +0000] "PUT /d1/253/AUTH_8cd39466d2574f50a7f48e9261646257/gnocchi.1a4d759a-4c1d-4ff2-821f-2b76a6889e49/1769040000.0_mean_300.0_v3" 201 - "PUT http://localhost:8080/d1/699/AUTH_8cd39466d2574f50a7f48e9261646257/gnocchi.1a4d759a-4c1d-4ff2-821f-2b76a6889e49/1769040000.0_mean_300.0_v3" "tx499d29ae8f4c46d9aa67d-00697c4fb6" "object-server 25" 0.0009 "-" 15 0
Jan 30 06:29:10 standalone object-server[122233]: 172.20.0.100 - - [30/Jan/2026:06:29:10 +0000] "PUT /d1/699/AUTH_8cd39466d2574f50a7f48e9261646257/gnocchi.1a4d759a-4c1d-4ff2-821f-2b76a6889e49/1769040000.0_mean_300.0_v3" 201 - "PUT http://localhost:8080/v1/AUTH_8cd39466d2574f50a7f48e9261646257/gnocchi.1a4d759a-4c1d-4ff2-821f-2b76a6889e49/1769040000.0_mean_300.0_v3" "tx499d29ae8f4c46d9aa67d-00697c4fb6" "proxy-server 12" 0.0504 "-" 25 0
Jan 30 06:29:10 standalone proxy-server[124018]: 172.18.0.2 ::1 30/Jan/2026/06/29/10 PUT /v1/AUTH_8cd39466d2574f50a7f48e9261646257/gnocchi.1a4d759a-4c1d-4ff2-821f-2b76a6889e49/1769040000.0_mean_300.0_v3 HTTP/1.0 201 - python-swiftclient-3.11.1 gAAAAABpfE7lxSBs... 16 - - tx499d29ae8f4c46d9aa67d-00697c4fb6 - 0.0552 - - 1769754550.858398914 1769754550.913632154 0
Jan 30 06:29:10 standalone container-server[122023]: 172.20.0.100 - - [30/Jan/2026:06:29:10 +0000] "PUT /d1/253/AUTH_8cd39466d2574f50a7f48e9261646257/gnocchi.1a4d759a-4c1d-4ff2-821f-2b76a6889e49/none_v3" 201 - "PUT http://localhost:8080/d1/471/AUTH_8cd39466d2574f50a7f48e9261646257/gnocchi.1a4d759a-4c1d-4ff2-821f-2b76a6889e49/none_v3" "txe388c4dc50f847d7ba61c-00697c4fb6" "object-server 22" 0.0010 "-" 14 0
Jan 30 06:29:10 standalone object-server[122228]: 172.20.0.100 - - [30/Jan/2026:06:29:10 +0000] "PUT /d1/471/AUTH_8cd39466d2574f50a7f48e9261646257/gnocchi.1a4d759a-4c1d-4ff2-821f-2b76a6889e49/none_v3" 201 - "PUT http://localhost:8080/v1/AUTH_8cd39466d2574f50a7f48e9261646257/gnocchi.1a4d759a-4c1d-4ff2-821f-2b76a6889e49/none_v3" "txe388c4dc50f847d7ba61c-00697c4fb6" "proxy-server 12" 0.0125 "-" 22 0
Jan 30 06:29:10 standalone proxy-server[124018]: 172.18.0.2 ::1 30/Jan/2026/06/29/10 PUT /v1/AUTH_8cd39466d2574f50a7f48e9261646257/gnocchi.1a4d759a-4c1d-4ff2-821f-2b76a6889e49/none_v3 HTTP/1.0 201 - python-swiftclient-3.11.1 gAAAAABpfE7lxSBs... 22 - - txe388c4dc50f847d7ba61c-00697c4fb6 - 0.0207 - - 1769754550.919754267 1769754550.940472841 0
Jan 30 06:29:10 standalone container-server[122023]: 172.20.0.100 - - [30/Jan/2026:06:29:10 +0000] "HEAD /d1/512/AUTH_8cd39466d2574f50a7f48e9261646257/gnocchi.7ebb4ea6-578e-41fb-bfcd-a9698ed84e02" 404 - "HEAD http://localhost:8080/v1/AUTH_8cd39466d2574f50a7f48e9261646257/gnocchi.7ebb4ea6-578e-41fb-bfcd-a9698ed84e02?format=json&states=listing" "tx1bc946ea68e34da390d4f-00697c4fb6" "proxy-server 12" 0.0005 "-" 14 0
Jan 30 06:29:10 standalone object-server[122232]: 172.20.0.100 - - [30/Jan/2026:06:29:10 +0000] "GET /d1/1021/AUTH_8cd39466d2574f50a7f48e9261646257/gnocchi.7ebb4ea6-578e-41fb-bfcd-a9698ed84e02/none_v3" 404 70 "GET http://localhost:8080/v1/AUTH_8cd39466d2574f50a7f48e9261646257/gnocchi.7ebb4ea6-578e-41fb-bfcd-a9698ed84e02/none_v3" "tx1bc946ea68e34da390d4f-00697c4fb6" "proxy-server 12" 0.0007 "-" 24 0
Jan 30 06:29:10 standalone proxy-server[124018]: 172.18.0.2 ::1 30/Jan/2026/06/29/10 GET /v1/AUTH_8cd39466d2574f50a7f48e9261646257/gnocchi.7ebb4ea6-578e-41fb-bfcd-a9698ed84e02/none_v3 HTTP/1.0 404 - python-swiftclient-3.11.1 gAAAAABpfE7lxSBs... - 70 - tx1bc946ea68e34da390d4f-00697c4fb6 - 0.0125 - - 1769754550.949326515 1769754550.961843491 0
Jan 30 06:29:10 standalone account-server[121992]: 172.20.0.100 - - [30/Jan/2026:06:29:10 +0000] "PUT /d1/517/AUTH_8cd39466d2574f50a7f48e9261646257/gnocchi.7ebb4ea6-578e-41fb-bfcd-a9698ed84e02" 201 - "PUT http://172.20.0.100:6001/d1/512/AUTH_8cd39466d2574f50a7f48e9261646257/gnocchi.7ebb4ea6-578e-41fb-bfcd-a9698ed84e02" "tx5ce2a4eeb6be424383b88-00697c4fb6" "container-server 16" 0.0065 "-" 17 0
Jan 30 06:29:10 standalone container-server[122029]: 172.20.0.100 - - [30/Jan/2026:06:29:10 +0000] "PUT /d1/512/AUTH_8cd39466d2574f50a7f48e9261646257/gnocchi.7ebb4ea6-578e-41fb-bfcd-a9698ed84e02" 201 - "PUT http://localhost:8080/v1/AUTH_8cd39466d2574f50a7f48e9261646257/gnocchi.7ebb4ea6-578e-41fb-bfcd-a9698ed84e02" "tx5ce2a4eeb6be424383b88-00697c4fb6" "proxy-server 12" 0.0170 "-" 16 0
Jan 30 06:29:10 standalone proxy-server[124018]: 172.18.0.2 ::1 30/Jan/2026/06/29/10 PUT /v1/AUTH_8cd39466d2574f50a7f48e9261646257/gnocchi.7ebb4ea6-578e-41fb-bfcd-a9698ed84e02 HTTP/1.0 201 - python-swiftclient-3.11.1 gAAAAABpfE7lxSBs... - - - tx5ce2a4eeb6be424383b88-00697c4fb6 - 0.0228 - - 1769754550.964695215 1769754550.987499714 0
Jan 30 06:29:10 standalone container-server[122038]: 172.20.0.100 - - [30/Jan/2026:06:29:10 +0000] "HEAD /d1/604/AUTH_8cd39466d2574f50a7f48e9261646257/gnocchi.be127d34-a73a-464a-ba50-88b94bfdc682" 404 - "HEAD http://localhost:8080/v1/AUTH_8cd39466d2574f50a7f48e9261646257/gnocchi.be127d34-a73a-464a-ba50-88b94bfdc682?format=json&states=listing" "tx9f59fa0fb183493ba7d47-00697c4fb6" "proxy-server 12" 0.0006 "-" 17 0
Jan 30 06:29:11 standalone object-server[122233]: 172.20.0.100 - - [30/Jan/2026:06:29:11 +0000] "GET /d1/817/AUTH_8cd39466d2574f50a7f48e9261646257/gnocchi.be127d34-a73a-464a-ba50-88b94bfdc682/none_v3" 404 70 "GET http://localhost:8080/v1/AUTH_8cd39466d2574f50a7f48e9261646257/gnocchi.be127d34-a73a-464a-ba50-88b94bfdc682/none_v3" "tx9f59fa0fb183493ba7d47-00697c4fb6" "proxy-server 12" 0.0008 "-" 25 0
Jan 30 06:29:11 standalone proxy-server[124018]: 172.18.0.2 ::1 30/Jan/2026/06/29/11 GET /v1/AUTH_8cd39466d2574f50a7f48e9261646257/gnocchi.be127d34-a73a-464a-ba50-88b94bfdc682/none_v3 HTTP/1.0 404 - python-swiftclient-3.11.1 gAAAAABpfE7lxSBs... - 70 - tx9f59fa0fb183493ba7d47-00697c4fb6 - 0.0136 - - 1769754550.990294933 1769754551.003899813 0
Jan 30 06:29:11 standalone account-server[121976]: 172.20.0.100 - - [30/Jan/2026:06:29:11 +0000] "PUT /d1/517/AUTH_8cd39466d2574f50a7f48e9261646257/gnocchi.be127d34-a73a-464a-ba50-88b94bfdc682" 201 - "PUT http://172.20.0.100:6001/d1/604/AUTH_8cd39466d2574f50a7f48e9261646257/gnocchi.be127d34-a73a-464a-ba50-88b94bfdc682" "tx0f2c288a2da14c528bcfa-00697c4fb7" "container-server 16" 0.0048 "-" 14 0
Jan 30 06:29:11 standalone container-server[122029]: 172.20.0.100 - - [30/Jan/2026:06:29:11 +0000] "PUT /d1/604/AUTH_8cd39466d2574f50a7f48e9261646257/gnocchi.be127d34-a73a-464a-ba50-88b94bfdc682" 201 - "PUT http://localhost:8080/v1/AUTH_8cd39466d2574f50a7f48e9261646257/gnocchi.be127d34-a73a-464a-ba50-88b94bfdc682" "tx0f2c288a2da14c528bcfa-00697c4fb7" "proxy-server 12" 0.0141 "-" 16 0
Jan 30 06:29:11 standalone proxy-server[124018]: 172.18.0.2 ::1 30/Jan/2026/06/29/11 PUT /v1/AUTH_8cd39466d2574f50a7f48e9261646257/gnocchi.be127d34-a73a-464a-ba50-88b94bfdc682 HTTP/1.0 201 - python-swiftclient-3.11.1 gAAAAABpfE7lxSBs... - - - tx0f2c288a2da14c528bcfa-00697c4fb7 - 0.0197 - - 1769754551.006553888 1769754551.026211739 0
Jan 30 06:29:11 standalone container-server[122029]: 172.20.0.100 - - [30/Jan/2026:06:29:11 +0000] "HEAD /d1/512/AUTH_8cd39466d2574f50a7f48e9261646257/gnocchi.7ebb4ea6-578e-41fb-bfcd-a9698ed84e02" 204 - "HEAD http://localhost:8080/v1/AUTH_8cd39466d2574f50a7f48e9261646257/gnocchi.7ebb4ea6-578e-41fb-bfcd-a9698ed84e02?format=json&states=listing" "tx90a50c0ffd684337bd6f4-00697c4fb7" "proxy-server 12" 0.0011 "-" 16 0
Jan 30 06:29:11 standalone proxy-server[124018]: - - 30/Jan/2026/06/29/11 HEAD /v1/AUTH_8cd39466d2574f50a7f48e9261646257/gnocchi.7ebb4ea6-578e-41fb-bfcd-a9698ed84e02%3Fformat%3Djson%26states%3Dlisting HTTP/1.0 204 - Swift - - - - tx90a50c0ffd684337bd6f4-00697c4fb7 - 0.0047 RL - 1769754551.030738115 1769754551.035475731 0
Jan 30 06:29:11 standalone container-server[122029]: 172.20.0.100 - - [30/Jan/2026:06:29:11 +0000] "GET /d1/512/AUTH_8cd39466d2574f50a7f48e9261646257/gnocchi.7ebb4ea6-578e-41fb-bfcd-a9698ed84e02" 200 2 "GET http://localhost:8080/v1/AUTH_8cd39466d2574f50a7f48e9261646257/gnocchi.7ebb4ea6-578e-41fb-bfcd-a9698ed84e02?format=json&states=listing" "tx90a50c0ffd684337bd6f4-00697c4fb7" "proxy-server 12" 0.0018 "-" 16 0
Jan 30 06:29:11 standalone proxy-server[124018]: 172.18.0.2 ::1 30/Jan/2026/06/29/11 GET /v1/AUTH_8cd39466d2574f50a7f48e9261646257/gnocchi.7ebb4ea6-578e-41fb-bfcd-a9698ed84e02%3Fformat%3Djson%26states%3Dlisting HTTP/1.0 200 - python-swiftclient-3.11.1 gAAAAABpfE7lxSBs... - 2 - tx90a50c0ffd684337bd6f4-00697c4fb7 - 0.0150 - - 1769754551.029361248 1769754551.044368744 0
Jan 30 06:29:11 standalone container-server[122029]: 172.20.0.100 - - [30/Jan/2026:06:29:11 +0000] "HEAD /d1/604/AUTH_8cd39466d2574f50a7f48e9261646257/gnocchi.be127d34-a73a-464a-ba50-88b94bfdc682" 204 - "HEAD http://localhost:8080/v1/AUTH_8cd39466d2574f50a7f48e9261646257/gnocchi.be127d34-a73a-464a-ba50-88b94bfdc682?format=json&states=listing" "tx010a5f22eaeb459c9285a-00697c4fb7" "proxy-server 12" 0.0011 "-" 16 0
Jan 30 06:29:11 standalone proxy-server[124018]: - - 30/Jan/2026/06/29/11 HEAD /v1/AUTH_8cd39466d2574f50a7f48e9261646257/gnocchi.be127d34-a73a-464a-ba50-88b94bfdc682%3Fformat%3Djson%26states%3Dlisting HTTP/1.0 204 - Swift - - - - tx010a5f22eaeb459c9285a-00697c4fb7 - 0.0045 RL - 1769754551.049360275 1769754551.053905487 0
Jan 30 06:29:11 standalone container-server[122029]: 172.20.0.100 - - [30/Jan/2026:06:29:11 +0000] "GET /d1/604/AUTH_8cd39466d2574f50a7f48e9261646257/gnocchi.be127d34-a73a-464a-ba50-88b94bfdc682" 200 2 "GET http://localhost:8080/v1/AUTH_8cd39466d2574f50a7f48e9261646257/gnocchi.be127d34-a73a-464a-ba50-88b94bfdc682?format=json&states=listing" "tx010a5f22eaeb459c9285a-00697c4fb7" "proxy-server 12" 0.0018 "-" 16 0
Jan 30 06:29:11 standalone proxy-server[124018]: 172.18.0.2 ::1 30/Jan/2026/06/29/11 GET /v1/AUTH_8cd39466d2574f50a7f48e9261646257/gnocchi.be127d34-a73a-464a-ba50-88b94bfdc682%3Fformat%3Djson%26states%3Dlisting HTTP/1.0 200 - python-swiftclient-3.11.1 gAAAAABpfE7lxSBs... - 2 - tx010a5f22eaeb459c9285a-00697c4fb7 - 0.0148 - - 1769754551.048000574 1769754551.062832117 0
Jan 30 06:29:11 standalone object-server[122228]: 172.20.0.100 - - [30/Jan/2026:06:29:11 +0000] "GET /d1/140/AUTH_8cd39466d2574f50a7f48e9261646257/gnocchi.7ebb4ea6-578e-41fb-bfcd-a9698ed84e02/1769040000.0_mean_300.0_v3" 404 70 "GET http://localhost:8080/v1/AUTH_8cd39466d2574f50a7f48e9261646257/gnocchi.7ebb4ea6-578e-41fb-bfcd-a9698ed84e02/1769040000.0_mean_300.0_v3" "tx42dd5eadef5e4656a21e1-00697c4fb7" "proxy-server 12" 0.0005 "-" 22 0
Jan 30 06:29:11 standalone proxy-server[124018]: 172.18.0.2 ::1 30/Jan/2026/06/29/11 GET /v1/AUTH_8cd39466d2574f50a7f48e9261646257/gnocchi.7ebb4ea6-578e-41fb-bfcd-a9698ed84e02/1769040000.0_mean_300.0_v3 HTTP/1.0 404 - python-swiftclient-3.11.1 gAAAAABpfE7lxSBs... - 70 - tx42dd5eadef5e4656a21e1-00697c4fb7 - 0.0072 - - 1769754551.065958977 1769754551.073181152 0
Jan 30 06:29:11 standalone object-server[122232]: 172.20.0.100 - - [30/Jan/2026:06:29:11 +0000] "GET /d1/321/AUTH_8cd39466d2574f50a7f48e9261646257/gnocchi.be127d34-a73a-464a-ba50-88b94bfdc682/1769040000.0_mean_300.0_v3" 404 70 "GET http://localhost:8080/v1/AUTH_8cd39466d2574f50a7f48e9261646257/gnocchi.be127d34-a73a-464a-ba50-88b94bfdc682/1769040000.0_mean_300.0_v3" "tx0c26a26a1ef742f9b1062-00697c4fb7" "proxy-server 12" 0.0007 "-" 24 0
Jan 30 06:29:11 standalone proxy-server[124018]: 172.18.0.2 ::1 30/Jan/2026/06/29/11 GET /v1/AUTH_8cd39466d2574f50a7f48e9261646257/gnocchi.be127d34-a73a-464a-ba50-88b94bfdc682/1769040000.0_mean_300.0_v3 HTTP/1.0 404 - python-swiftclient-3.11.1 gAAAAABpfE7lxSBs... - 70 - tx0c26a26a1ef742f9b1062-00697c4fb7 - 0.0084 - - 1769754551.075990200 1769754551.084388018 0
Jan 30 06:29:11 standalone container-server[122023]: 172.20.0.100 - - [30/Jan/2026:06:29:11 +0000] "PUT /d1/512/AUTH_8cd39466d2574f50a7f48e9261646257/gnocchi.7ebb4ea6-578e-41fb-bfcd-a9698ed84e02/1769040000.0_mean_300.0_v3" 201 - "PUT http://localhost:8080/d1/140/AUTH_8cd39466d2574f50a7f48e9261646257/gnocchi.7ebb4ea6-578e-41fb-bfcd-a9698ed84e02/1769040000.0_mean_300.0_v3" "tx462e0416fd70485e9fe91-00697c4fb7" "object-server 24" 0.0012 "-" 14 0
Jan 30 06:29:11 standalone object-server[122232]: 172.20.0.100 - - [30/Jan/2026:06:29:11 +0000] "PUT /d1/140/AUTH_8cd39466d2574f50a7f48e9261646257/gnocchi.7ebb4ea6-578e-41fb-bfcd-a9698ed84e02/1769040000.0_mean_300.0_v3" 201 - "PUT http://localhost:8080/v1/AUTH_8cd39466d2574f50a7f48e9261646257/gnocchi.7ebb4ea6-578e-41fb-bfcd-a9698ed84e02/1769040000.0_mean_300.0_v3" "tx462e0416fd70485e9fe91-00697c4fb7" "proxy-server 12" 0.0132 "-" 24 0
Jan 30 06:29:11 standalone proxy-server[124018]: 172.18.0.2 ::1 30/Jan/2026/06/29/11 PUT /v1/AUTH_8cd39466d2574f50a7f48e9261646257/gnocchi.7ebb4ea6-578e-41fb-bfcd-a9698ed84e02/1769040000.0_mean_300.0_v3 HTTP/1.0 201 - python-swiftclient-3.11.1 gAAAAABpfE7lxSBs... 16 - - tx462e0416fd70485e9fe91-00697c4fb7 - 0.0201 - - 1769754551.087340832 1769754551.107419252 0
Jan 30 06:29:11 standalone container-server[122026]: 172.20.0.100 - - [30/Jan/2026:06:29:11 +0000] "PUT /d1/604/AUTH_8cd39466d2574f50a7f48e9261646257/gnocchi.be127d34-a73a-464a-ba50-88b94bfdc682/1769040000.0_mean_300.0_v3" 201 - "PUT http://localhost:8080/d1/321/AUTH_8cd39466d2574f50a7f48e9261646257/gnocchi.be127d34-a73a-464a-ba50-88b94bfdc682/1769040000.0_mean_300.0_v3" "tx92d0536749204b63b1fd8-00697c4fb7" "object-server 22" 0.0010 "-" 15 0
Jan 30 06:29:11 standalone object-server[122228]: 172.20.0.100 - - [30/Jan/2026:06:29:11 +0000] "PUT /d1/321/AUTH_8cd39466d2574f50a7f48e9261646257/gnocchi.be127d34-a73a-464a-ba50-88b94bfdc682/1769040000.0_mean_300.0_v3" 201 - "PUT http://localhost:8080/v1/AUTH_8cd39466d2574f50a7f48e9261646257/gnocchi.be127d34-a73a-464a-ba50-88b94bfdc682/1769040000.0_mean_300.0_v3" "tx92d0536749204b63b1fd8-00697c4fb7" "proxy-server 12" 0.0128 "-" 22 0
Jan 30 06:29:11 standalone proxy-server[124018]: 172.18.0.2 ::1 30/Jan/2026/06/29/11 PUT /v1/AUTH_8cd39466d2574f50a7f48e9261646257/gnocchi.be127d34-a73a-464a-ba50-88b94bfdc682/1769040000.0_mean_300.0_v3 HTTP/1.0 201 - python-swiftclient-3.11.1 gAAAAABpfE7lxSBs... 16 - - tx92d0536749204b63b1fd8-00697c4fb7 - 0.0229 - - 1769754551.111383915 1769754551.134307146 0
Jan 30 06:29:11 standalone container-server[122023]: 172.20.0.100 - - [30/Jan/2026:06:29:11 +0000] "PUT /d1/512/AUTH_8cd39466d2574f50a7f48e9261646257/gnocchi.7ebb4ea6-578e-41fb-bfcd-a9698ed84e02/none_v3" 201 - "PUT http://localhost:8080/d1/1021/AUTH_8cd39466d2574f50a7f48e9261646257/gnocchi.7ebb4ea6-578e-41fb-bfcd-a9698ed84e02/none_v3" "tx035421a8eaea4942a7e78-00697c4fb7" "object-server 23" 0.0009 "-" 14 0
Jan 30 06:29:11 standalone object-server[122229]: 172.20.0.100 - - [30/Jan/2026:06:29:11 +0000] "PUT /d1/1021/AUTH_8cd39466d2574f50a7f48e9261646257/gnocchi.7ebb4ea6-578e-41fb-bfcd-a9698ed84e02/none_v3" 201 - "PUT http://localhost:8080/v1/AUTH_8cd39466d2574f50a7f48e9261646257/gnocchi.7ebb4ea6-578e-41fb-bfcd-a9698ed84e02/none_v3" "tx035421a8eaea4942a7e78-00697c4fb7" "proxy-server 12" 0.0122 "-" 23 0
Jan 30 06:29:11 standalone proxy-server[124018]: 172.18.0.2 ::1 30/Jan/2026/06/29/11 PUT /v1/AUTH_8cd39466d2574f50a7f48e9261646257/gnocchi.7ebb4ea6-578e-41fb-bfcd-a9698ed84e02/none_v3 HTTP/1.0 201 - python-swiftclient-3.11.1 gAAAAABpfE7lxSBs... 22 - - tx035421a8eaea4942a7e78-00697c4fb7 - 0.0207 - - 1769754551.140219212 1769754551.160958767 0
Jan 30 06:29:11 standalone container-server[122029]: 172.20.0.100 - - [30/Jan/2026:06:29:11 +0000] "PUT /d1/604/AUTH_8cd39466d2574f50a7f48e9261646257/gnocchi.be127d34-a73a-464a-ba50-88b94bfdc682/none_v3" 201 - "PUT http://localhost:8080/d1/817/AUTH_8cd39466d2574f50a7f48e9261646257/gnocchi.be127d34-a73a-464a-ba50-88b94bfdc682/none_v3" "tx48bff906d09e4154bbaf5-00697c4fb7" "object-server 23" 0.0009 "-" 16 0
Jan 30 06:29:11 standalone object-server[122229]: 172.20.0.100 - - [30/Jan/2026:06:29:11 +0000] "PUT /d1/817/AUTH_8cd39466d2574f50a7f48e9261646257/gnocchi.be127d34-a73a-464a-ba50-88b94bfdc682/none_v3" 201 - "PUT http://localhost:8080/v1/AUTH_8cd39466d2574f50a7f48e9261646257/gnocchi.be127d34-a73a-464a-ba50-88b94bfdc682/none_v3" "tx48bff906d09e4154bbaf5-00697c4fb7" "proxy-server 12" 0.0114 "-" 23 0
Jan 30 06:29:11 standalone proxy-server[124018]: 172.18.0.2 ::1 30/Jan/2026/06/29/11 PUT /v1/AUTH_8cd39466d2574f50a7f48e9261646257/gnocchi.be127d34-a73a-464a-ba50-88b94bfdc682/none_v3 HTTP/1.0 201 - python-swiftclient-3.11.1 gAAAAABpfE7lxSBs... 22 - - tx48bff906d09e4154bbaf5-00697c4fb7 - 0.0186 - - 1769754551.165061712 1769754551.183646679 0
Jan 30 06:29:11 standalone container-server[122029]: 172.20.0.100 - - [30/Jan/2026:06:29:11 +0000] "HEAD /d1/350/AUTH_8cd39466d2574f50a7f48e9261646257/gnocchi.713ce5a3-f806-414e-b0a6-9b0e5d6a1620" 404 - "HEAD http://localhost:8080/v1/AUTH_8cd39466d2574f50a7f48e9261646257/gnocchi.713ce5a3-f806-414e-b0a6-9b0e5d6a1620?format=json&states=listing" "tx2e33df99f1134df58d5fa-00697c4fb7" "proxy-server 12" 0.0004 "-" 16 0
Jan 30 06:29:11 standalone object-server[122229]: 172.20.0.100 - - [30/Jan/2026:06:29:11 +0000] "GET /d1/553/AUTH_8cd39466d2574f50a7f48e9261646257/gnocchi.713ce5a3-f806-414e-b0a6-9b0e5d6a1620/none_v3" 404 70 "GET http://localhost:8080/v1/AUTH_8cd39466d2574f50a7f48e9261646257/gnocchi.713ce5a3-f806-414e-b0a6-9b0e5d6a1620/none_v3" "tx2e33df99f1134df58d5fa-00697c4fb7" "proxy-server 12" 0.0004 "-" 23 0
Jan 30 06:29:11 standalone proxy-server[124018]: 172.18.0.2 ::1 30/Jan/2026/06/29/11 GET /v1/AUTH_8cd39466d2574f50a7f48e9261646257/gnocchi.713ce5a3-f806-414e-b0a6-9b0e5d6a1620/none_v3 HTTP/1.0 404 - python-swiftclient-3.11.1 gAAAAABpfE7lxSBs... - 70 - tx2e33df99f1134df58d5fa-00697c4fb7 - 0.0117 - - 1769754551.197096586 1769754551.208751440 0
Jan 30 06:29:11 standalone account-server[121979]: 172.20.0.100 - - [30/Jan/2026:06:29:11 +0000] "PUT /d1/517/AUTH_8cd39466d2574f50a7f48e9261646257/gnocchi.713ce5a3-f806-414e-b0a6-9b0e5d6a1620" 201 - "PUT http://172.20.0.100:6001/d1/350/AUTH_8cd39466d2574f50a7f48e9261646257/gnocchi.713ce5a3-f806-414e-b0a6-9b0e5d6a1620" "tx62ff310d8dab4cedb08f8-00697c4fb7" "container-server 15" 0.0069 "-" 15 0
Jan 30 06:29:11 standalone container-server[122026]: 172.20.0.100 - - [30/Jan/2026:06:29:11 +0000] "PUT /d1/350/AUTH_8cd39466d2574f50a7f48e9261646257/gnocchi.713ce5a3-f806-414e-b0a6-9b0e5d6a1620" 201 - "PUT http://localhost:8080/v1/AUTH_8cd39466d2574f50a7f48e9261646257/gnocchi.713ce5a3-f806-414e-b0a6-9b0e5d6a1620" "tx62ff310d8dab4cedb08f8-00697c4fb7" "proxy-server 12" 0.0240 "-" 15 0
Jan 30 06:29:11 standalone proxy-server[124018]: 172.18.0.2 ::1 30/Jan/2026/06/29/11 PUT /v1/AUTH_8cd39466d2574f50a7f48e9261646257/gnocchi.713ce5a3-f806-414e-b0a6-9b0e5d6a1620 HTTP/1.0 201 - python-swiftclient-3.11.1 gAAAAABpfE7lxSBs... - - - tx62ff310d8dab4cedb08f8-00697c4fb7 - 0.0312 - - 1769754551.212816715 1769754551.243972778 0
Jan 30 06:29:11 standalone container-server[122038]: 172.20.0.100 - - [30/Jan/2026:06:29:11 +0000] "HEAD /d1/350/AUTH_8cd39466d2574f50a7f48e9261646257/gnocchi.713ce5a3-f806-414e-b0a6-9b0e5d6a1620" 204 - "HEAD http://localhost:8080/v1/AUTH_8cd39466d2574f50a7f48e9261646257/gnocchi.713ce5a3-f806-414e-b0a6-9b0e5d6a1620?format=json&states=listing" "tx5f2681ecdca948f8b91f7-00697c4fb7" "proxy-server 12" 0.0022 "-" 17 0
Jan 30 06:29:11 standalone proxy-server[124018]: - - 30/Jan/2026/06/29/11 HEAD /v1/AUTH_8cd39466d2574f50a7f48e9261646257/gnocchi.713ce5a3-f806-414e-b0a6-9b0e5d6a1620%3Fformat%3Djson%26states%3Dlisting HTTP/1.0 204 - Swift - - - - tx5f2681ecdca948f8b91f7-00697c4fb7 - 0.0072 RL - 1769754551.249577999 1769754551.256771088 0
Jan 30 06:29:11 standalone container-server[122026]: 172.20.0.100 - - [30/Jan/2026:06:29:11 +0000] "GET /d1/350/AUTH_8cd39466d2574f50a7f48e9261646257/gnocchi.713ce5a3-f806-414e-b0a6-9b0e5d6a1620" 200 2 "GET http://localhost:8080/v1/AUTH_8cd39466d2574f50a7f48e9261646257/gnocchi.713ce5a3-f806-414e-b0a6-9b0e5d6a1620?format=json&states=listing" "tx5f2681ecdca948f8b91f7-00697c4fb7" "proxy-server 12" 0.0031 "-" 15 0
Jan 30 06:29:11 standalone proxy-server[124018]: 172.18.0.2 ::1 30/Jan/2026/06/29/11 GET /v1/AUTH_8cd39466d2574f50a7f48e9261646257/gnocchi.713ce5a3-f806-414e-b0a6-9b0e5d6a1620%3Fformat%3Djson%26states%3Dlisting HTTP/1.0 200 - python-swiftclient-3.11.1 gAAAAABpfE7lxSBs... - 2 - tx5f2681ecdca948f8b91f7-00697c4fb7 - 0.0216 - - 1769754551.247849226 1769754551.269427776 0
Jan 30 06:29:11 standalone object-server[122232]: 172.20.0.100 - - [30/Jan/2026:06:29:11 +0000] "GET /d1/52/AUTH_8cd39466d2574f50a7f48e9261646257/gnocchi.713ce5a3-f806-414e-b0a6-9b0e5d6a1620/1769040000.0_mean_300.0_v3" 404 70 "GET http://localhost:8080/v1/AUTH_8cd39466d2574f50a7f48e9261646257/gnocchi.713ce5a3-f806-414e-b0a6-9b0e5d6a1620/1769040000.0_mean_300.0_v3" "txbf60adb5a2c0490fa3328-00697c4fb7" "proxy-server 12" 0.0004 "-" 24 0
Jan 30 06:29:11 standalone proxy-server[124018]: 172.18.0.2 ::1 30/Jan/2026/06/29/11 GET /v1/AUTH_8cd39466d2574f50a7f48e9261646257/gnocchi.713ce5a3-f806-414e-b0a6-9b0e5d6a1620/1769040000.0_mean_300.0_v3 HTTP/1.0 404 - python-swiftclient-3.11.1 gAAAAABpfE7lxSBs... - 70 - txbf60adb5a2c0490fa3328-00697c4fb7 - 0.0072 - - 1769754551.272894382 1769754551.280082703 0
Jan 30 06:29:11 standalone container-server[122023]: 172.20.0.100 - - [30/Jan/2026:06:29:11 +0000] "PUT /d1/350/AUTH_8cd39466d2574f50a7f48e9261646257/gnocchi.713ce5a3-f806-414e-b0a6-9b0e5d6a1620/1769040000.0_mean_300.0_v3" 201 - "PUT http://localhost:8080/d1/52/AUTH_8cd39466d2574f50a7f48e9261646257/gnocchi.713ce5a3-f806-414e-b0a6-9b0e5d6a1620/1769040000.0_mean_300.0_v3" "tx4460cbf866ec4e849c8d3-00697c4fb7" "object-server 23" 0.0011 "-" 14 0
Jan 30 06:29:11 standalone object-server[122229]: 172.20.0.100 - - [30/Jan/2026:06:29:11 +0000] "PUT /d1/52/AUTH_8cd39466d2574f50a7f48e9261646257/gnocchi.713ce5a3-f806-414e-b0a6-9b0e5d6a1620/1769040000.0_mean_300.0_v3" 201 - "PUT http://localhost:8080/v1/AUTH_8cd39466d2574f50a7f48e9261646257/gnocchi.713ce5a3-f806-414e-b0a6-9b0e5d6a1620/1769040000.0_mean_300.0_v3" "tx4460cbf866ec4e849c8d3-00697c4fb7" "proxy-server 12" 0.0116 "-" 23 0
Jan 30 06:29:11 standalone proxy-server[124018]: 172.18.0.2 ::1 30/Jan/2026/06/29/11 PUT /v1/AUTH_8cd39466d2574f50a7f48e9261646257/gnocchi.713ce5a3-f806-414e-b0a6-9b0e5d6a1620/1769040000.0_mean_300.0_v3 HTTP/1.0 201 - python-swiftclient-3.11.1 gAAAAABpfE7lxSBs... 16 - - tx4460cbf866ec4e849c8d3-00697c4fb7 - 0.0175 - - 1769754551.283465385 1769754551.300935745 0
Jan 30 06:29:11 standalone container-server[122026]: 172.20.0.100 - - [30/Jan/2026:06:29:11 +0000] "PUT /d1/350/AUTH_8cd39466d2574f50a7f48e9261646257/gnocchi.713ce5a3-f806-414e-b0a6-9b0e5d6a1620/none_v3" 201 - "PUT http://localhost:8080/d1/553/AUTH_8cd39466d2574f50a7f48e9261646257/gnocchi.713ce5a3-f806-414e-b0a6-9b0e5d6a1620/none_v3" "tx503c9228f6e945e39c294-00697c4fb7" "object-server 23" 0.0008 "-" 15 0
Jan 30 06:29:11 standalone object-server[122229]: 172.20.0.100 - - [30/Jan/2026:06:29:11 +0000] "PUT /d1/553/AUTH_8cd39466d2574f50a7f48e9261646257/gnocchi.713ce5a3-f806-414e-b0a6-9b0e5d6a1620/none_v3" 201 - "PUT http://localhost:8080/v1/AUTH_8cd39466d2574f50a7f48e9261646257/gnocchi.713ce5a3-f806-414e-b0a6-9b0e5d6a1620/none_v3" "tx503c9228f6e945e39c294-00697c4fb7" "proxy-server 12" 0.0103 "-" 23 0
Jan 30 06:29:11 standalone proxy-server[124018]: 172.18.0.2 ::1 30/Jan/2026/06/29/11 PUT /v1/AUTH_8cd39466d2574f50a7f48e9261646257/gnocchi.713ce5a3-f806-414e-b0a6-9b0e5d6a1620/none_v3 HTTP/1.0 201 - python-swiftclient-3.11.1 gAAAAABpfE7lxSBs... 22 - - tx503c9228f6e945e39c294-00697c4fb7 - 0.0153 - - 1769754551.304714918 1769754551.320032358 0
Jan 30 06:29:11 standalone container-server[122038]: 172.20.0.100 - - [30/Jan/2026:06:29:11 +0000] "HEAD /d1/376/AUTH_8cd39466d2574f50a7f48e9261646257/gnocchi.ecd2c766-b1c6-4e1e-8e87-793c28a77596" 404 - "HEAD http://localhost:8080/v1/AUTH_8cd39466d2574f50a7f48e9261646257/gnocchi.ecd2c766-b1c6-4e1e-8e87-793c28a77596?format=json&states=listing" "tx15adbe0bbfae41b78f332-00697c4fb7" "proxy-server 12" 0.0008 "-" 17 0
Jan 30 06:29:11 standalone object-server[122229]: 172.20.0.100 - - [30/Jan/2026:06:29:11 +0000] "GET /d1/76/AUTH_8cd39466d2574f50a7f48e9261646257/gnocchi.ecd2c766-b1c6-4e1e-8e87-793c28a77596/none_v3" 404 70 "GET http://localhost:8080/v1/AUTH_8cd39466d2574f50a7f48e9261646257/gnocchi.ecd2c766-b1c6-4e1e-8e87-793c28a77596/none_v3" "tx15adbe0bbfae41b78f332-00697c4fb7" "proxy-server 12" 0.0002 "-" 23 0
Jan 30 06:29:11 standalone proxy-server[124018]: 172.18.0.2 ::1 30/Jan/2026/06/29/11 GET /v1/AUTH_8cd39466d2574f50a7f48e9261646257/gnocchi.ecd2c766-b1c6-4e1e-8e87-793c28a77596/none_v3 HTTP/1.0 404 - python-swiftclient-3.11.1 gAAAAABpfE7lxSBs... - 70 - tx15adbe0bbfae41b78f332-00697c4fb7 - 0.0077 - - 1769754551.328681469 1769754551.336365938 0
Jan 30 06:29:11 standalone account-server[121989]: 172.20.0.100 - - [30/Jan/2026:06:29:11 +0000] "PUT /d1/517/AUTH_8cd39466d2574f50a7f48e9261646257/gnocchi.ecd2c766-b1c6-4e1e-8e87-793c28a77596" 201 - "PUT http://172.20.0.100:6001/d1/376/AUTH_8cd39466d2574f50a7f48e9261646257/gnocchi.ecd2c766-b1c6-4e1e-8e87-793c28a77596" "txcdc408f429de4659b7912-00697c4fb7" "container-server 15" 0.0076 "-" 16 0
Jan 30 06:29:11 standalone container-server[122026]: 172.20.0.100 - - [30/Jan/2026:06:29:11 +0000] "PUT /d1/376/AUTH_8cd39466d2574f50a7f48e9261646257/gnocchi.ecd2c766-b1c6-4e1e-8e87-793c28a77596" 201 - "PUT http://localhost:8080/v1/AUTH_8cd39466d2574f50a7f48e9261646257/gnocchi.ecd2c766-b1c6-4e1e-8e87-793c28a77596" "txcdc408f429de4659b7912-00697c4fb7" "proxy-server 12" 0.0214 "-" 15 0
Jan 30 06:29:11 standalone proxy-server[124018]: 172.18.0.2 ::1 30/Jan/2026/06/29/11 PUT /v1/AUTH_8cd39466d2574f50a7f48e9261646257/gnocchi.ecd2c766-b1c6-4e1e-8e87-793c28a77596 HTTP/1.0 201 - python-swiftclient-3.11.1 gAAAAABpfE7lxSBs... - - - txcdc408f429de4659b7912-00697c4fb7 - 0.0255 - - 1769754551.338554859 1769754551.364059925 0
Jan 30 06:29:11 standalone container-server[122026]: 172.20.0.100 - - [30/Jan/2026:06:29:11 +0000] "HEAD /d1/376/AUTH_8cd39466d2574f50a7f48e9261646257/gnocchi.ecd2c766-b1c6-4e1e-8e87-793c28a77596" 204 - "HEAD http://localhost:8080/v1/AUTH_8cd39466d2574f50a7f48e9261646257/gnocchi.ecd2c766-b1c6-4e1e-8e87-793c28a77596?format=json&states=listing" "tx370a319cac544942a8402-00697c4fb7" "proxy-server 12" 0.0019 "-" 15 0
Jan 30 06:29:11 standalone proxy-server[124018]: - - 30/Jan/2026/06/29/11 HEAD /v1/AUTH_8cd39466d2574f50a7f48e9261646257/gnocchi.ecd2c766-b1c6-4e1e-8e87-793c28a77596%3Fformat%3Djson%26states%3Dlisting HTTP/1.0 204 - Swift - - - - tx370a319cac544942a8402-00697c4fb7 - 0.0049 RL - 1769754551.367386818 1769754551.372254610 0
Jan 30 06:29:11 standalone container-server[122029]: 172.20.0.100 - - [30/Jan/2026:06:29:11 +0000] "GET /d1/376/AUTH_8cd39466d2574f50a7f48e9261646257/gnocchi.ecd2c766-b1c6-4e1e-8e87-793c28a77596" 200 2 "GET http://localhost:8080/v1/AUTH_8cd39466d2574f50a7f48e9261646257/gnocchi.ecd2c766-b1c6-4e1e-8e87-793c28a77596?format=json&states=listing" "tx370a319cac544942a8402-00697c4fb7" "proxy-server 12" 0.0033 "-" 16 0
Jan 30 06:29:11 standalone proxy-server[124018]: 172.18.0.2 ::1 30/Jan/2026/06/29/11 GET /v1/AUTH_8cd39466d2574f50a7f48e9261646257/gnocchi.ecd2c766-b1c6-4e1e-8e87-793c28a77596%3Fformat%3Djson%26states%3Dlisting HTTP/1.0 200 - python-swiftclient-3.11.1 gAAAAABpfE7lxSBs... - 2 - tx370a319cac544942a8402-00697c4fb7 - 0.0177 - - 1769754551.366634130 1769754551.384318829 0
Jan 30 06:29:11 standalone object-server[122233]: 172.20.0.100 - - [30/Jan/2026:06:29:11 +0000] "GET /d1/658/AUTH_8cd39466d2574f50a7f48e9261646257/gnocchi.ecd2c766-b1c6-4e1e-8e87-793c28a77596/1769040000.0_mean_300.0_v3" 404 70 "GET http://localhost:8080/v1/AUTH_8cd39466d2574f50a7f48e9261646257/gnocchi.ecd2c766-b1c6-4e1e-8e87-793c28a77596/1769040000.0_mean_300.0_v3" "txa8163b6985a9498b8530e-00697c4fb7" "proxy-server 12" 0.0008 "-" 25 0
Jan 30 06:29:11 standalone proxy-server[124018]: 172.18.0.2 ::1 30/Jan/2026/06/29/11 GET /v1/AUTH_8cd39466d2574f50a7f48e9261646257/gnocchi.ecd2c766-b1c6-4e1e-8e87-793c28a77596/1769040000.0_mean_300.0_v3 HTTP/1.0 404 - python-swiftclient-3.11.1 gAAAAABpfE7lxSBs... - 70 - txa8163b6985a9498b8530e-00697c4fb7 - 0.0092 - - 1769754551.388762951 1769754551.397995234 0
Jan 30 06:29:11 standalone container-server[122038]: 172.20.0.100 - - [30/Jan/2026:06:29:11 +0000] "PUT /d1/376/AUTH_8cd39466d2574f50a7f48e9261646257/gnocchi.ecd2c766-b1c6-4e1e-8e87-793c28a77596/1769040000.0_mean_300.0_v3" 201 - "PUT http://localhost:8080/d1/658/AUTH_8cd39466d2574f50a7f48e9261646257/gnocchi.ecd2c766-b1c6-4e1e-8e87-793c28a77596/1769040000.0_mean_300.0_v3" "txe93c4747ddf0406b95be3-00697c4fb7" "object-server 23" 0.0009 "-" 17 0
Jan 30 06:29:11 standalone object-server[122229]: 172.20.0.100 - - [30/Jan/2026:06:29:11 +0000] "PUT /d1/658/AUTH_8cd39466d2574f50a7f48e9261646257/gnocchi.ecd2c766-b1c6-4e1e-8e87-793c28a77596/1769040000.0_mean_300.0_v3" 201 - "PUT http://localhost:8080/v1/AUTH_8cd39466d2574f50a7f48e9261646257/gnocchi.ecd2c766-b1c6-4e1e-8e87-793c28a77596/1769040000.0_mean_300.0_v3" "txe93c4747ddf0406b95be3-00697c4fb7" "proxy-server 12" 0.0133 "-" 23 0
Jan 30 06:29:11 standalone proxy-server[124018]: 172.18.0.2 ::1 30/Jan/2026/06/29/11 PUT /v1/AUTH_8cd39466d2574f50a7f48e9261646257/gnocchi.ecd2c766-b1c6-4e1e-8e87-793c28a77596/1769040000.0_mean_300.0_v3 HTTP/1.0 201 - python-swiftclient-3.11.1 gAAAAABpfE7lxSBs... 16 - - txe93c4747ddf0406b95be3-00697c4fb7 - 0.0196 - - 1769754551.401012421 1769754551.420634508 0
Jan 30 06:29:11 standalone container-server[122029]: 172.20.0.100 - - [30/Jan/2026:06:29:11 +0000] "PUT /d1/376/AUTH_8cd39466d2574f50a7f48e9261646257/gnocchi.ecd2c766-b1c6-4e1e-8e87-793c28a77596/none_v3" 201 - "PUT http://localhost:8080/d1/76/AUTH_8cd39466d2574f50a7f48e9261646257/gnocchi.ecd2c766-b1c6-4e1e-8e87-793c28a77596/none_v3" "tx6fbba8e462404347999ac-00697c4fb7" "object-server 23" 0.0008 "-" 16 0
Jan 30 06:29:11 standalone object-server[122229]: 172.20.0.100 - - [30/Jan/2026:06:29:11 +0000] "PUT /d1/76/AUTH_8cd39466d2574f50a7f48e9261646257/gnocchi.ecd2c766-b1c6-4e1e-8e87-793c28a77596/none_v3" 201 - "PUT http://localhost:8080/v1/AUTH_8cd39466d2574f50a7f48e9261646257/gnocchi.ecd2c766-b1c6-4e1e-8e87-793c28a77596/none_v3" "tx6fbba8e462404347999ac-00697c4fb7" "proxy-server 12" 0.0080 "-" 23 0
Jan 30 06:29:11 standalone proxy-server[124018]: 172.18.0.2 ::1 30/Jan/2026/06/29/11 PUT /v1/AUTH_8cd39466d2574f50a7f48e9261646257/gnocchi.ecd2c766-b1c6-4e1e-8e87-793c28a77596/none_v3 HTTP/1.0 201 - python-swiftclient-3.11.1 gAAAAABpfE7lxSBs... 22 - - tx6fbba8e462404347999ac-00697c4fb7 - 0.0136 - - 1769754551.423156500 1769754551.436755180 0
Jan 30 06:29:11 standalone container-server[122023]: 172.20.0.100 - - [30/Jan/2026:06:29:11 +0000] "HEAD /d1/884/AUTH_8cd39466d2574f50a7f48e9261646257/gnocchi.723d3750-175e-4adc-806b-83f4e7b2485c" 404 - "HEAD http://localhost:8080/v1/AUTH_8cd39466d2574f50a7f48e9261646257/gnocchi.723d3750-175e-4adc-806b-83f4e7b2485c?format=json&states=listing" "tx96f2d6937de044a8bb3bd-00697c4fb7" "proxy-server 12" 0.0008 "-" 14 0
Jan 30 06:29:11 standalone object-server[122232]: 172.20.0.100 - - [30/Jan/2026:06:29:11 +0000] "GET /d1/60/AUTH_8cd39466d2574f50a7f48e9261646257/gnocchi.723d3750-175e-4adc-806b-83f4e7b2485c/none_v3" 404 70 "GET http://localhost:8080/v1/AUTH_8cd39466d2574f50a7f48e9261646257/gnocchi.723d3750-175e-4adc-806b-83f4e7b2485c/none_v3" "tx96f2d6937de044a8bb3bd-00697c4fb7" "proxy-server 12" 0.0003 "-" 24 0
Jan 30 06:29:11 standalone proxy-server[124018]: 172.18.0.2 ::1 30/Jan/2026/06/29/11 GET /v1/AUTH_8cd39466d2574f50a7f48e9261646257/gnocchi.723d3750-175e-4adc-806b-83f4e7b2485c/none_v3 HTTP/1.0 404 - python-swiftclient-3.11.1 gAAAAABpfE7lxSBs... - 70 - tx96f2d6937de044a8bb3bd-00697c4fb7 - 0.0105 - - 1769754551.444088459 1769754551.454618216 0
