Jan 30 06:29:11 standalone account-server[121979]: 172.20.0.100 - - [30/Jan/2026:06:29:11 +0000] "PUT /d1/517/AUTH_8cd39466d2574f50a7f48e9261646257/gnocchi.723d3750-175e-4adc-806b-83f4e7b2485c" 201 - "PUT http://172.20.0.100:6001/d1/884/AUTH_8cd39466d2574f50a7f48e9261646257/gnocchi.723d3750-175e-4adc-806b-83f4e7b2485c" "tx3005d1f51efa475d869b0-00697c4fb7" "container-server 15" 0.0066 "-" 15 0
Jan 30 06:29:11 standalone container-server[122026]: 172.20.0.100 - - [30/Jan/2026:06:29:11 +0000] "PUT /d1/884/AUTH_8cd39466d2574f50a7f48e9261646257/gnocchi.723d3750-175e-4adc-806b-83f4e7b2485c" 201 - "PUT http://localhost:8080/v1/AUTH_8cd39466d2574f50a7f48e9261646257/gnocchi.723d3750-175e-4adc-806b-83f4e7b2485c" "tx3005d1f51efa475d869b0-00697c4fb7" "proxy-server 12" 0.0176 "-" 15 0
Jan 30 06:29:11 standalone proxy-server[124018]: 172.18.0.2 ::1 30/Jan/2026/06/29/11 PUT /v1/AUTH_8cd39466d2574f50a7f48e9261646257/gnocchi.723d3750-175e-4adc-806b-83f4e7b2485c HTTP/1.0 201 - python-swiftclient-3.11.1 gAAAAABpfE7lxSBs... - - - tx3005d1f51efa475d869b0-00697c4fb7 - 0.0224 - - 1769754551.457022905 1769754551.479390621 0
Jan 30 06:29:11 standalone container-server[122038]: 172.20.0.100 - - [30/Jan/2026:06:29:11 +0000] "HEAD /d1/884/AUTH_8cd39466d2574f50a7f48e9261646257/gnocchi.723d3750-175e-4adc-806b-83f4e7b2485c" 204 - "HEAD http://localhost:8080/v1/AUTH_8cd39466d2574f50a7f48e9261646257/gnocchi.723d3750-175e-4adc-806b-83f4e7b2485c?format=json&states=listing" "tx7e602f53cb704c0d95a08-00697c4fb7" "proxy-server 12" 0.0015 "-" 17 0
Jan 30 06:29:11 standalone proxy-server[124018]: - - 30/Jan/2026/06/29/11 HEAD /v1/AUTH_8cd39466d2574f50a7f48e9261646257/gnocchi.723d3750-175e-4adc-806b-83f4e7b2485c%3Fformat%3Djson%26states%3Dlisting HTTP/1.0 204 - Swift - - - - tx7e602f53cb704c0d95a08-00697c4fb7 - 0.0046 RL - 1769754551.483611822 1769754551.488214970 0
Jan 30 06:29:11 standalone container-server[122038]: 172.20.0.100 - - [30/Jan/2026:06:29:11 +0000] "GET /d1/884/AUTH_8cd39466d2574f50a7f48e9261646257/gnocchi.723d3750-175e-4adc-806b-83f4e7b2485c" 200 2 "GET http://localhost:8080/v1/AUTH_8cd39466d2574f50a7f48e9261646257/gnocchi.723d3750-175e-4adc-806b-83f4e7b2485c?format=json&states=listing" "tx7e602f53cb704c0d95a08-00697c4fb7" "proxy-server 12" 0.0019 "-" 17 0
Jan 30 06:29:11 standalone proxy-server[124018]: 172.18.0.2 ::1 30/Jan/2026/06/29/11 GET /v1/AUTH_8cd39466d2574f50a7f48e9261646257/gnocchi.723d3750-175e-4adc-806b-83f4e7b2485c%3Fformat%3Djson%26states%3Dlisting HTTP/1.0 200 - python-swiftclient-3.11.1 gAAAAABpfE7lxSBs... - 2 - tx7e602f53cb704c0d95a08-00697c4fb7 - 0.0160 - - 1769754551.482487440 1769754551.498513460 0
Jan 30 06:29:11 standalone object-server[122232]: 172.20.0.100 - - [30/Jan/2026:06:29:11 +0000] "GET /d1/743/AUTH_8cd39466d2574f50a7f48e9261646257/gnocchi.723d3750-175e-4adc-806b-83f4e7b2485c/1769040000.0_mean_300.0_v3" 404 70 "GET http://localhost:8080/v1/AUTH_8cd39466d2574f50a7f48e9261646257/gnocchi.723d3750-175e-4adc-806b-83f4e7b2485c/1769040000.0_mean_300.0_v3" "txeae22ea8a3f942db8608d-00697c4fb7" "proxy-server 12" 0.0002 "-" 24 0
Jan 30 06:29:11 standalone proxy-server[124018]: 172.18.0.2 ::1 30/Jan/2026/06/29/11 GET /v1/AUTH_8cd39466d2574f50a7f48e9261646257/gnocchi.723d3750-175e-4adc-806b-83f4e7b2485c/1769040000.0_mean_300.0_v3 HTTP/1.0 404 - python-swiftclient-3.11.1 gAAAAABpfE7lxSBs... - 70 - txeae22ea8a3f942db8608d-00697c4fb7 - 0.0073 - - 1769754551.502427578 1769754551.509693623 0
Jan 30 06:29:11 standalone container-server[122026]: 172.20.0.100 - - [30/Jan/2026:06:29:11 +0000] "PUT /d1/884/AUTH_8cd39466d2574f50a7f48e9261646257/gnocchi.723d3750-175e-4adc-806b-83f4e7b2485c/1769040000.0_mean_300.0_v3" 201 - "PUT http://localhost:8080/d1/743/AUTH_8cd39466d2574f50a7f48e9261646257/gnocchi.723d3750-175e-4adc-806b-83f4e7b2485c/1769040000.0_mean_300.0_v3" "tx05d27d8963f546e785811-00697c4fb7" "object-server 23" 0.0007 "-" 15 0
Jan 30 06:29:11 standalone object-server[122229]: 172.20.0.100 - - [30/Jan/2026:06:29:11 +0000] "PUT /d1/743/AUTH_8cd39466d2574f50a7f48e9261646257/gnocchi.723d3750-175e-4adc-806b-83f4e7b2485c/1769040000.0_mean_300.0_v3" 201 - "PUT http://localhost:8080/v1/AUTH_8cd39466d2574f50a7f48e9261646257/gnocchi.723d3750-175e-4adc-806b-83f4e7b2485c/1769040000.0_mean_300.0_v3" "tx05d27d8963f546e785811-00697c4fb7" "proxy-server 12" 0.0091 "-" 23 0
Jan 30 06:29:11 standalone proxy-server[124018]: 172.18.0.2 ::1 30/Jan/2026/06/29/11 PUT /v1/AUTH_8cd39466d2574f50a7f48e9261646257/gnocchi.723d3750-175e-4adc-806b-83f4e7b2485c/1769040000.0_mean_300.0_v3 HTTP/1.0 201 - python-swiftclient-3.11.1 gAAAAABpfE7lxSBs... 16 - - tx05d27d8963f546e785811-00697c4fb7 - 0.0154 - - 1769754551.512806654 1769754551.528200626 0
Jan 30 06:29:11 standalone container-server[122026]: 172.20.0.100 - - [30/Jan/2026:06:29:11 +0000] "PUT /d1/884/AUTH_8cd39466d2574f50a7f48e9261646257/gnocchi.723d3750-175e-4adc-806b-83f4e7b2485c/none_v3" 201 - "PUT http://localhost:8080/d1/60/AUTH_8cd39466d2574f50a7f48e9261646257/gnocchi.723d3750-175e-4adc-806b-83f4e7b2485c/none_v3" "tx4f46937d8409455b9f0d1-00697c4fb7" "object-server 22" 0.0006 "-" 15 0
Jan 30 06:29:11 standalone object-server[122228]: 172.20.0.100 - - [30/Jan/2026:06:29:11 +0000] "PUT /d1/60/AUTH_8cd39466d2574f50a7f48e9261646257/gnocchi.723d3750-175e-4adc-806b-83f4e7b2485c/none_v3" 201 - "PUT http://localhost:8080/v1/AUTH_8cd39466d2574f50a7f48e9261646257/gnocchi.723d3750-175e-4adc-806b-83f4e7b2485c/none_v3" "tx4f46937d8409455b9f0d1-00697c4fb7" "proxy-server 12" 0.0088 "-" 22 0
Jan 30 06:29:11 standalone proxy-server[124018]: 172.18.0.2 ::1 30/Jan/2026/06/29/11 PUT /v1/AUTH_8cd39466d2574f50a7f48e9261646257/gnocchi.723d3750-175e-4adc-806b-83f4e7b2485c/none_v3 HTTP/1.0 201 - python-swiftclient-3.11.1 gAAAAABpfE7lxSBs... 22 - - tx4f46937d8409455b9f0d1-00697c4fb7 - 0.0154 - - 1769754551.531045437 1769754551.546478748 0
Jan 30 06:29:11 standalone container-server[122026]: 172.20.0.100 - - [30/Jan/2026:06:29:11 +0000] "HEAD /d1/858/AUTH_8cd39466d2574f50a7f48e9261646257/gnocchi.7650ec67-64ed-43cf-8038-0d6981954ce0" 404 - "HEAD http://localhost:8080/v1/AUTH_8cd39466d2574f50a7f48e9261646257/gnocchi.7650ec67-64ed-43cf-8038-0d6981954ce0?format=json&states=listing" "tx762c8949c3254119b3fbf-00697c4fb7" "proxy-server 12" 0.0005 "-" 15 0
Jan 30 06:29:11 standalone object-server[122229]: 172.20.0.100 - - [30/Jan/2026:06:29:11 +0000] "GET /d1/289/AUTH_8cd39466d2574f50a7f48e9261646257/gnocchi.7650ec67-64ed-43cf-8038-0d6981954ce0/none_v3" 404 70 "GET http://localhost:8080/v1/AUTH_8cd39466d2574f50a7f48e9261646257/gnocchi.7650ec67-64ed-43cf-8038-0d6981954ce0/none_v3" "tx762c8949c3254119b3fbf-00697c4fb7" "proxy-server 12" 0.0002 "-" 23 0
Jan 30 06:29:11 standalone proxy-server[124018]: 172.18.0.2 ::1 30/Jan/2026/06/29/11 GET /v1/AUTH_8cd39466d2574f50a7f48e9261646257/gnocchi.7650ec67-64ed-43cf-8038-0d6981954ce0/none_v3 HTTP/1.0 404 - python-swiftclient-3.11.1 gAAAAABpfE7lxSBs... - 70 - tx762c8949c3254119b3fbf-00697c4fb7 - 0.0115 - - 1769754551.554400444 1769754551.565898895 0
Jan 30 06:29:11 standalone account-server[121979]: 172.20.0.100 - - [30/Jan/2026:06:29:11 +0000] "PUT /d1/517/AUTH_8cd39466d2574f50a7f48e9261646257/gnocchi.7650ec67-64ed-43cf-8038-0d6981954ce0" 201 - "PUT http://172.20.0.100:6001/d1/858/AUTH_8cd39466d2574f50a7f48e9261646257/gnocchi.7650ec67-64ed-43cf-8038-0d6981954ce0" "txbc5bb5ab65be40ecb263b-00697c4fb7" "container-server 17" 0.0069 "-" 15 0
Jan 30 06:29:11 standalone container-server[122038]: 172.20.0.100 - - [30/Jan/2026:06:29:11 +0000] "PUT /d1/858/AUTH_8cd39466d2574f50a7f48e9261646257/gnocchi.7650ec67-64ed-43cf-8038-0d6981954ce0" 201 - "PUT http://localhost:8080/v1/AUTH_8cd39466d2574f50a7f48e9261646257/gnocchi.7650ec67-64ed-43cf-8038-0d6981954ce0" "txbc5bb5ab65be40ecb263b-00697c4fb7" "proxy-server 12" 0.0171 "-" 17 0
Jan 30 06:29:11 standalone proxy-server[124018]: 172.18.0.2 ::1 30/Jan/2026/06/29/11 PUT /v1/AUTH_8cd39466d2574f50a7f48e9261646257/gnocchi.7650ec67-64ed-43cf-8038-0d6981954ce0 HTTP/1.0 201 - python-swiftclient-3.11.1 gAAAAABpfE7lxSBs... - - - txbc5bb5ab65be40ecb263b-00697c4fb7 - 0.0236 - - 1769754551.568986654 1769754551.592614651 0
Jan 30 06:29:11 standalone container-server[122023]: 172.20.0.100 - - [30/Jan/2026:06:29:11 +0000] "HEAD /d1/858/AUTH_8cd39466d2574f50a7f48e9261646257/gnocchi.7650ec67-64ed-43cf-8038-0d6981954ce0" 204 - "HEAD http://localhost:8080/v1/AUTH_8cd39466d2574f50a7f48e9261646257/gnocchi.7650ec67-64ed-43cf-8038-0d6981954ce0?format=json&states=listing" "tx6e5a61a0b1ba424485ebe-00697c4fb7" "proxy-server 12" 0.0025 "-" 14 0
Jan 30 06:29:11 standalone proxy-server[124018]: - - 30/Jan/2026/06/29/11 HEAD /v1/AUTH_8cd39466d2574f50a7f48e9261646257/gnocchi.7650ec67-64ed-43cf-8038-0d6981954ce0%3Fformat%3Djson%26states%3Dlisting HTTP/1.0 204 - Swift - - - - tx6e5a61a0b1ba424485ebe-00697c4fb7 - 0.0081 RL - 1769754551.598117352 1769754551.606240034 0
Jan 30 06:29:11 standalone container-server[122023]: 172.20.0.100 - - [30/Jan/2026:06:29:11 +0000] "GET /d1/858/AUTH_8cd39466d2574f50a7f48e9261646257/gnocchi.7650ec67-64ed-43cf-8038-0d6981954ce0" 200 2 "GET http://localhost:8080/v1/AUTH_8cd39466d2574f50a7f48e9261646257/gnocchi.7650ec67-64ed-43cf-8038-0d6981954ce0?format=json&states=listing" "tx6e5a61a0b1ba424485ebe-00697c4fb7" "proxy-server 12" 0.0031 "-" 14 0
Jan 30 06:29:11 standalone proxy-server[124018]: 172.18.0.2 ::1 30/Jan/2026/06/29/11 GET /v1/AUTH_8cd39466d2574f50a7f48e9261646257/gnocchi.7650ec67-64ed-43cf-8038-0d6981954ce0%3Fformat%3Djson%26states%3Dlisting HTTP/1.0 200 - python-swiftclient-3.11.1 gAAAAABpfE7lxSBs... - 2 - tx6e5a61a0b1ba424485ebe-00697c4fb7 - 0.0222 - - 1769754551.596538067 1769754551.618761778 0
Jan 30 06:29:11 standalone object-server[122229]: 172.20.0.100 - - [30/Jan/2026:06:29:11 +0000] "GET /d1/560/AUTH_8cd39466d2574f50a7f48e9261646257/gnocchi.7650ec67-64ed-43cf-8038-0d6981954ce0/1769040000.0_mean_300.0_v3" 404 70 "GET http://localhost:8080/v1/AUTH_8cd39466d2574f50a7f48e9261646257/gnocchi.7650ec67-64ed-43cf-8038-0d6981954ce0/1769040000.0_mean_300.0_v3" "txfe1b17a8a89a44f082aef-00697c4fb7" "proxy-server 12" 0.0003 "-" 23 0
Jan 30 06:29:11 standalone proxy-server[124018]: 172.18.0.2 ::1 30/Jan/2026/06/29/11 GET /v1/AUTH_8cd39466d2574f50a7f48e9261646257/gnocchi.7650ec67-64ed-43cf-8038-0d6981954ce0/1769040000.0_mean_300.0_v3 HTTP/1.0 404 - python-swiftclient-3.11.1 gAAAAABpfE7lxSBs... - 70 - txfe1b17a8a89a44f082aef-00697c4fb7 - 0.0051 - - 1769754551.624614239 1769754551.629688978 0
Jan 30 06:29:11 standalone container-server[122029]: 172.20.0.100 - - [30/Jan/2026:06:29:11 +0000] "PUT /d1/858/AUTH_8cd39466d2574f50a7f48e9261646257/gnocchi.7650ec67-64ed-43cf-8038-0d6981954ce0/1769040000.0_mean_300.0_v3" 201 - "PUT http://localhost:8080/d1/560/AUTH_8cd39466d2574f50a7f48e9261646257/gnocchi.7650ec67-64ed-43cf-8038-0d6981954ce0/1769040000.0_mean_300.0_v3" "txec23a5dd30ec419da71e5-00697c4fb7" "object-server 22" 0.0009 "-" 16 0
Jan 30 06:29:11 standalone object-server[122228]: 172.20.0.100 - - [30/Jan/2026:06:29:11 +0000] "PUT /d1/560/AUTH_8cd39466d2574f50a7f48e9261646257/gnocchi.7650ec67-64ed-43cf-8038-0d6981954ce0/1769040000.0_mean_300.0_v3" 201 - "PUT http://localhost:8080/v1/AUTH_8cd39466d2574f50a7f48e9261646257/gnocchi.7650ec67-64ed-43cf-8038-0d6981954ce0/1769040000.0_mean_300.0_v3" "txec23a5dd30ec419da71e5-00697c4fb7" "proxy-server 12" 0.0096 "-" 22 0
Jan 30 06:29:11 standalone proxy-server[124018]: 172.18.0.2 ::1 30/Jan/2026/06/29/11 PUT /v1/AUTH_8cd39466d2574f50a7f48e9261646257/gnocchi.7650ec67-64ed-43cf-8038-0d6981954ce0/1769040000.0_mean_300.0_v3 HTTP/1.0 201 - python-swiftclient-3.11.1 gAAAAABpfE7lxSBs... 16 - - txec23a5dd30ec419da71e5-00697c4fb7 - 0.0146 - - 1769754551.632468700 1769754551.647100925 0
Jan 30 06:29:11 standalone container-server[122029]: 172.20.0.100 - - [30/Jan/2026:06:29:11 +0000] "PUT /d1/858/AUTH_8cd39466d2574f50a7f48e9261646257/gnocchi.7650ec67-64ed-43cf-8038-0d6981954ce0/none_v3" 201 - "PUT http://localhost:8080/d1/289/AUTH_8cd39466d2574f50a7f48e9261646257/gnocchi.7650ec67-64ed-43cf-8038-0d6981954ce0/none_v3" "txfe1a67689c4f47a7a8697-00697c4fb7" "object-server 23" 0.0005 "-" 16 0
Jan 30 06:29:11 standalone object-server[122229]: 172.20.0.100 - - [30/Jan/2026:06:29:11 +0000] "PUT /d1/289/AUTH_8cd39466d2574f50a7f48e9261646257/gnocchi.7650ec67-64ed-43cf-8038-0d6981954ce0/none_v3" 201 - "PUT http://localhost:8080/v1/AUTH_8cd39466d2574f50a7f48e9261646257/gnocchi.7650ec67-64ed-43cf-8038-0d6981954ce0/none_v3" "txfe1a67689c4f47a7a8697-00697c4fb7" "proxy-server 12" 0.0109 "-" 23 0
Jan 30 06:29:11 standalone proxy-server[124018]: 172.18.0.2 ::1 30/Jan/2026/06/29/11 PUT /v1/AUTH_8cd39466d2574f50a7f48e9261646257/gnocchi.7650ec67-64ed-43cf-8038-0d6981954ce0/none_v3 HTTP/1.0 201 - python-swiftclient-3.11.1 gAAAAABpfE7lxSBs... 22 - - txfe1a67689c4f47a7a8697-00697c4fb7 - 0.0162 - - 1769754551.649509192 1769754551.665680408 0
Jan 30 06:29:11 standalone container-server[122026]: 172.20.0.100 - - [30/Jan/2026:06:29:11 +0000] "HEAD /d1/399/AUTH_8cd39466d2574f50a7f48e9261646257/gnocchi.9b1cfa04-e476-4d71-82a0-f4c977488361" 404 - "HEAD http://localhost:8080/v1/AUTH_8cd39466d2574f50a7f48e9261646257/gnocchi.9b1cfa04-e476-4d71-82a0-f4c977488361?format=json&states=listing" "txb52599a7d0f54a7c8910f-00697c4fb7" "proxy-server 12" 0.0005 "-" 15 0
Jan 30 06:29:11 standalone object-server[122232]: 172.20.0.100 - - [30/Jan/2026:06:29:11 +0000] "GET /d1/545/AUTH_8cd39466d2574f50a7f48e9261646257/gnocchi.9b1cfa04-e476-4d71-82a0-f4c977488361/none_v3" 404 70 "GET http://localhost:8080/v1/AUTH_8cd39466d2574f50a7f48e9261646257/gnocchi.9b1cfa04-e476-4d71-82a0-f4c977488361/none_v3" "txb52599a7d0f54a7c8910f-00697c4fb7" "proxy-server 12" 0.0003 "-" 24 0
Jan 30 06:29:11 standalone proxy-server[124018]: 172.18.0.2 ::1 30/Jan/2026/06/29/11 GET /v1/AUTH_8cd39466d2574f50a7f48e9261646257/gnocchi.9b1cfa04-e476-4d71-82a0-f4c977488361/none_v3 HTTP/1.0 404 - python-swiftclient-3.11.1 gAAAAABpfE7lxSBs... - 70 - txb52599a7d0f54a7c8910f-00697c4fb7 - 0.0091 - - 1769754551.680736065 1769754551.689863443 0
Jan 30 06:29:11 standalone account-server[121976]: 172.20.0.100 - - [30/Jan/2026:06:29:11 +0000] "PUT /d1/517/AUTH_8cd39466d2574f50a7f48e9261646257/gnocchi.9b1cfa04-e476-4d71-82a0-f4c977488361" 201 - "PUT http://172.20.0.100:6001/d1/399/AUTH_8cd39466d2574f50a7f48e9261646257/gnocchi.9b1cfa04-e476-4d71-82a0-f4c977488361" "tx2bae1921e5ff40e1884bb-00697c4fb7" "container-server 17" 0.0045 "-" 14 0
Jan 30 06:29:11 standalone container-server[122038]: 172.20.0.100 - - [30/Jan/2026:06:29:11 +0000] "PUT /d1/399/AUTH_8cd39466d2574f50a7f48e9261646257/gnocchi.9b1cfa04-e476-4d71-82a0-f4c977488361" 201 - "PUT http://localhost:8080/v1/AUTH_8cd39466d2574f50a7f48e9261646257/gnocchi.9b1cfa04-e476-4d71-82a0-f4c977488361" "tx2bae1921e5ff40e1884bb-00697c4fb7" "proxy-server 12" 0.0150 "-" 17 0
Jan 30 06:29:11 standalone proxy-server[124018]: 172.18.0.2 ::1 30/Jan/2026/06/29/11 PUT /v1/AUTH_8cd39466d2574f50a7f48e9261646257/gnocchi.9b1cfa04-e476-4d71-82a0-f4c977488361 HTTP/1.0 201 - python-swiftclient-3.11.1 gAAAAABpfE7lxSBs... - - - tx2bae1921e5ff40e1884bb-00697c4fb7 - 0.0207 - - 1769754551.693427563 1769754551.714121819 0
Jan 30 06:29:11 standalone container-server[122023]: 172.20.0.100 - - [30/Jan/2026:06:29:11 +0000] "HEAD /d1/399/AUTH_8cd39466d2574f50a7f48e9261646257/gnocchi.9b1cfa04-e476-4d71-82a0-f4c977488361" 204 - "HEAD http://localhost:8080/v1/AUTH_8cd39466d2574f50a7f48e9261646257/gnocchi.9b1cfa04-e476-4d71-82a0-f4c977488361?format=json&states=listing" "tx1afdecc43aa84631a1a25-00697c4fb7" "proxy-server 12" 0.0018 "-" 14 0
Jan 30 06:29:11 standalone proxy-server[124018]: - - 30/Jan/2026/06/29/11 HEAD /v1/AUTH_8cd39466d2574f50a7f48e9261646257/gnocchi.9b1cfa04-e476-4d71-82a0-f4c977488361%3Fformat%3Djson%26states%3Dlisting HTTP/1.0 204 - Swift - - - - tx1afdecc43aa84631a1a25-00697c4fb7 - 0.0058 RL - 1769754551.720027924 1769754551.725818634 0
Jan 30 06:29:11 standalone container-server[122038]: 172.20.0.100 - - [30/Jan/2026:06:29:11 +0000] "GET /d1/399/AUTH_8cd39466d2574f50a7f48e9261646257/gnocchi.9b1cfa04-e476-4d71-82a0-f4c977488361" 200 2 "GET http://localhost:8080/v1/AUTH_8cd39466d2574f50a7f48e9261646257/gnocchi.9b1cfa04-e476-4d71-82a0-f4c977488361?format=json&states=listing" "tx1afdecc43aa84631a1a25-00697c4fb7" "proxy-server 12" 0.0023 "-" 17 0
Jan 30 06:29:11 standalone proxy-server[124018]: 172.18.0.2 ::1 30/Jan/2026/06/29/11 GET /v1/AUTH_8cd39466d2574f50a7f48e9261646257/gnocchi.9b1cfa04-e476-4d71-82a0-f4c977488361%3Fformat%3Djson%26states%3Dlisting HTTP/1.0 200 - python-swiftclient-3.11.1 gAAAAABpfE7lxSBs... - 2 - tx1afdecc43aa84631a1a25-00697c4fb7 - 0.0169 - - 1769754551.719107628 1769754551.735999584 0
Jan 30 06:29:11 standalone object-server[122228]: 172.20.0.100 - - [30/Jan/2026:06:29:11 +0000] "GET /d1/165/AUTH_8cd39466d2574f50a7f48e9261646257/gnocchi.9b1cfa04-e476-4d71-82a0-f4c977488361/1769040000.0_mean_300.0_v3" 404 70 "GET http://localhost:8080/v1/AUTH_8cd39466d2574f50a7f48e9261646257/gnocchi.9b1cfa04-e476-4d71-82a0-f4c977488361/1769040000.0_mean_300.0_v3" "tx4e13d0d95e57444cbb596-00697c4fb7" "proxy-server 12" 0.0004 "-" 22 0
Jan 30 06:29:11 standalone proxy-server[124018]: 172.18.0.2 ::1 30/Jan/2026/06/29/11 GET /v1/AUTH_8cd39466d2574f50a7f48e9261646257/gnocchi.9b1cfa04-e476-4d71-82a0-f4c977488361/1769040000.0_mean_300.0_v3 HTTP/1.0 404 - python-swiftclient-3.11.1 gAAAAABpfE7lxSBs... - 70 - tx4e13d0d95e57444cbb596-00697c4fb7 - 0.0056 - - 1769754551.739028215 1769754551.744593143 0
Jan 30 06:29:11 standalone container-server[122023]: 172.20.0.100 - - [30/Jan/2026:06:29:11 +0000] "PUT /d1/399/AUTH_8cd39466d2574f50a7f48e9261646257/gnocchi.9b1cfa04-e476-4d71-82a0-f4c977488361/1769040000.0_mean_300.0_v3" 201 - "PUT http://localhost:8080/d1/165/AUTH_8cd39466d2574f50a7f48e9261646257/gnocchi.9b1cfa04-e476-4d71-82a0-f4c977488361/1769040000.0_mean_300.0_v3" "txaf6e33b9c3b24466a72b7-00697c4fb7" "object-server 24" 0.0011 "-" 14 0
Jan 30 06:29:11 standalone object-server[122232]: 172.20.0.100 - - [30/Jan/2026:06:29:11 +0000] "PUT /d1/165/AUTH_8cd39466d2574f50a7f48e9261646257/gnocchi.9b1cfa04-e476-4d71-82a0-f4c977488361/1769040000.0_mean_300.0_v3" 201 - "PUT http://localhost:8080/v1/AUTH_8cd39466d2574f50a7f48e9261646257/gnocchi.9b1cfa04-e476-4d71-82a0-f4c977488361/1769040000.0_mean_300.0_v3" "txaf6e33b9c3b24466a72b7-00697c4fb7" "proxy-server 12" 0.0105 "-" 24 0
Jan 30 06:29:11 standalone proxy-server[124018]: 172.18.0.2 ::1 30/Jan/2026/06/29/11 PUT /v1/AUTH_8cd39466d2574f50a7f48e9261646257/gnocchi.9b1cfa04-e476-4d71-82a0-f4c977488361/1769040000.0_mean_300.0_v3 HTTP/1.0 201 - python-swiftclient-3.11.1 gAAAAABpfE7lxSBs... 16 - - txaf6e33b9c3b24466a72b7-00697c4fb7 - 0.0159 - - 1769754551.747148275 1769754551.763093948 0
Jan 30 06:29:11 standalone container-server[122029]: 172.20.0.100 - - [30/Jan/2026:06:29:11 +0000] "PUT /d1/399/AUTH_8cd39466d2574f50a7f48e9261646257/gnocchi.9b1cfa04-e476-4d71-82a0-f4c977488361/none_v3" 201 - "PUT http://localhost:8080/d1/545/AUTH_8cd39466d2574f50a7f48e9261646257/gnocchi.9b1cfa04-e476-4d71-82a0-f4c977488361/none_v3" "txf7c5b6563d4d4a33b617c-00697c4fb7" "object-server 25" 0.0005 "-" 16 0
Jan 30 06:29:11 standalone object-server[122233]: 172.20.0.100 - - [30/Jan/2026:06:29:11 +0000] "PUT /d1/545/AUTH_8cd39466d2574f50a7f48e9261646257/gnocchi.9b1cfa04-e476-4d71-82a0-f4c977488361/none_v3" 201 - "PUT http://localhost:8080/v1/AUTH_8cd39466d2574f50a7f48e9261646257/gnocchi.9b1cfa04-e476-4d71-82a0-f4c977488361/none_v3" "txf7c5b6563d4d4a33b617c-00697c4fb7" "proxy-server 12" 0.0089 "-" 25 0
Jan 30 06:29:11 standalone proxy-server[124018]: 172.18.0.2 ::1 30/Jan/2026/06/29/11 PUT /v1/AUTH_8cd39466d2574f50a7f48e9261646257/gnocchi.9b1cfa04-e476-4d71-82a0-f4c977488361/none_v3 HTTP/1.0 201 - python-swiftclient-3.11.1 gAAAAABpfE7lxSBs... 22 - - txf7c5b6563d4d4a33b617c-00697c4fb7 - 0.0142 - - 1769754551.766637325 1769754551.780864716 0
Jan 30 06:29:11 standalone container-server[122038]: 172.20.0.100 - - [30/Jan/2026:06:29:11 +0000] "HEAD /d1/234/AUTH_8cd39466d2574f50a7f48e9261646257/gnocchi.64d99b8f-74a1-441b-be20-11296f9ba310" 404 - "HEAD http://localhost:8080/v1/AUTH_8cd39466d2574f50a7f48e9261646257/gnocchi.64d99b8f-74a1-441b-be20-11296f9ba310?format=json&states=listing" "txe75ed3c026644998a5c6e-00697c4fb7" "proxy-server 12" 0.0007 "-" 17 0
Jan 30 06:29:11 standalone object-server[122232]: 172.20.0.100 - - [30/Jan/2026:06:29:11 +0000] "GET /d1/632/AUTH_8cd39466d2574f50a7f48e9261646257/gnocchi.64d99b8f-74a1-441b-be20-11296f9ba310/none_v3" 404 70 "GET http://localhost:8080/v1/AUTH_8cd39466d2574f50a7f48e9261646257/gnocchi.64d99b8f-74a1-441b-be20-11296f9ba310/none_v3" "txe75ed3c026644998a5c6e-00697c4fb7" "proxy-server 12" 0.0003 "-" 24 0
Jan 30 06:29:11 standalone proxy-server[124018]: 172.18.0.2 ::1 30/Jan/2026/06/29/11 GET /v1/AUTH_8cd39466d2574f50a7f48e9261646257/gnocchi.64d99b8f-74a1-441b-be20-11296f9ba310/none_v3 HTTP/1.0 404 - python-swiftclient-3.11.1 gAAAAABpfE7lxSBs... - 70 - txe75ed3c026644998a5c6e-00697c4fb7 - 0.0103 - - 1769754551.790635586 1769754551.800932407 0
Jan 30 06:29:11 standalone account-server[121992]: 172.20.0.100 - - [30/Jan/2026:06:29:11 +0000] "PUT /d1/517/AUTH_8cd39466d2574f50a7f48e9261646257/gnocchi.64d99b8f-74a1-441b-be20-11296f9ba310" 201 - "PUT http://172.20.0.100:6001/d1/234/AUTH_8cd39466d2574f50a7f48e9261646257/gnocchi.64d99b8f-74a1-441b-be20-11296f9ba310" "tx1ce0fbf5e4544e579a983-00697c4fb7" "container-server 15" 0.0064 "-" 17 0
Jan 30 06:29:11 standalone container-server[122026]: 172.20.0.100 - - [30/Jan/2026:06:29:11 +0000] "PUT /d1/234/AUTH_8cd39466d2574f50a7f48e9261646257/gnocchi.64d99b8f-74a1-441b-be20-11296f9ba310" 201 - "PUT http://localhost:8080/v1/AUTH_8cd39466d2574f50a7f48e9261646257/gnocchi.64d99b8f-74a1-441b-be20-11296f9ba310" "tx1ce0fbf5e4544e579a983-00697c4fb7" "proxy-server 12" 0.0181 "-" 15 0
Jan 30 06:29:11 standalone proxy-server[124018]: 172.18.0.2 ::1 30/Jan/2026/06/29/11 PUT /v1/AUTH_8cd39466d2574f50a7f48e9261646257/gnocchi.64d99b8f-74a1-441b-be20-11296f9ba310 HTTP/1.0 201 - python-swiftclient-3.11.1 gAAAAABpfE7lxSBs... - - - tx1ce0fbf5e4544e579a983-00697c4fb7 - 0.0240 - - 1769754551.804179907 1769754551.828181744 0
Jan 30 06:29:11 standalone container-server[122023]: 172.20.0.100 - - [30/Jan/2026:06:29:11 +0000] "HEAD /d1/234/AUTH_8cd39466d2574f50a7f48e9261646257/gnocchi.64d99b8f-74a1-441b-be20-11296f9ba310" 204 - "HEAD http://localhost:8080/v1/AUTH_8cd39466d2574f50a7f48e9261646257/gnocchi.64d99b8f-74a1-441b-be20-11296f9ba310?format=json&states=listing" "txaa44f8fbd89e446f8b842-00697c4fb7" "proxy-server 12" 0.0024 "-" 14 0
Jan 30 06:29:11 standalone proxy-server[124018]: - - 30/Jan/2026/06/29/11 HEAD /v1/AUTH_8cd39466d2574f50a7f48e9261646257/gnocchi.64d99b8f-74a1-441b-be20-11296f9ba310%3Fformat%3Djson%26states%3Dlisting HTTP/1.0 204 - Swift - - - - txaa44f8fbd89e446f8b842-00697c4fb7 - 0.0066 RL - 1769754551.832955599 1769754551.839564085 0
Jan 30 06:29:11 standalone container-server[122029]: 172.20.0.100 - - [30/Jan/2026:06:29:11 +0000] "GET /d1/234/AUTH_8cd39466d2574f50a7f48e9261646257/gnocchi.64d99b8f-74a1-441b-be20-11296f9ba310" 200 2 "GET http://localhost:8080/v1/AUTH_8cd39466d2574f50a7f48e9261646257/gnocchi.64d99b8f-74a1-441b-be20-11296f9ba310?format=json&states=listing" "txaa44f8fbd89e446f8b842-00697c4fb7" "proxy-server 12" 0.0039 "-" 16 0
Jan 30 06:29:11 standalone proxy-server[124018]: 172.18.0.2 ::1 30/Jan/2026/06/29/11 GET /v1/AUTH_8cd39466d2574f50a7f48e9261646257/gnocchi.64d99b8f-74a1-441b-be20-11296f9ba310%3Fformat%3Djson%26states%3Dlisting HTTP/1.0 200 - python-swiftclient-3.11.1 gAAAAABpfE7lxSBs... - 2 - txaa44f8fbd89e446f8b842-00697c4fb7 - 0.0185 - - 1769754551.831707478 1769754551.850172758 0
Jan 30 06:29:11 standalone object-server[122229]: 172.20.0.100 - - [30/Jan/2026:06:29:11 +0000] "GET /d1/582/AUTH_8cd39466d2574f50a7f48e9261646257/gnocchi.64d99b8f-74a1-441b-be20-11296f9ba310/1769040000.0_mean_300.0_v3" 404 70 "GET http://localhost:8080/v1/AUTH_8cd39466d2574f50a7f48e9261646257/gnocchi.64d99b8f-74a1-441b-be20-11296f9ba310/1769040000.0_mean_300.0_v3" "txe472eaa8659e4529bc25a-00697c4fb7" "proxy-server 12" 0.0004 "-" 23 0
Jan 30 06:29:11 standalone proxy-server[124018]: 172.18.0.2 ::1 30/Jan/2026/06/29/11 GET /v1/AUTH_8cd39466d2574f50a7f48e9261646257/gnocchi.64d99b8f-74a1-441b-be20-11296f9ba310/1769040000.0_mean_300.0_v3 HTTP/1.0 404 - python-swiftclient-3.11.1 gAAAAABpfE7lxSBs... - 70 - txe472eaa8659e4529bc25a-00697c4fb7 - 0.0055 - - 1769754551.853451252 1769754551.858949661 0
Jan 30 06:29:11 standalone container-server[122023]: 172.20.0.100 - - [30/Jan/2026:06:29:11 +0000] "PUT /d1/234/AUTH_8cd39466d2574f50a7f48e9261646257/gnocchi.64d99b8f-74a1-441b-be20-11296f9ba310/1769040000.0_mean_300.0_v3" 201 - "PUT http://localhost:8080/d1/582/AUTH_8cd39466d2574f50a7f48e9261646257/gnocchi.64d99b8f-74a1-441b-be20-11296f9ba310/1769040000.0_mean_300.0_v3" "tx95789034e88a4200b14a5-00697c4fb7" "object-server 22" 0.0008 "-" 14 0
Jan 30 06:29:11 standalone object-server[122228]: 172.20.0.100 - - [30/Jan/2026:06:29:11 +0000] "PUT /d1/582/AUTH_8cd39466d2574f50a7f48e9261646257/gnocchi.64d99b8f-74a1-441b-be20-11296f9ba310/1769040000.0_mean_300.0_v3" 201 - "PUT http://localhost:8080/v1/AUTH_8cd39466d2574f50a7f48e9261646257/gnocchi.64d99b8f-74a1-441b-be20-11296f9ba310/1769040000.0_mean_300.0_v3" "tx95789034e88a4200b14a5-00697c4fb7" "proxy-server 12" 0.0109 "-" 22 0
Jan 30 06:29:11 standalone proxy-server[124018]: 172.18.0.2 ::1 30/Jan/2026/06/29/11 PUT /v1/AUTH_8cd39466d2574f50a7f48e9261646257/gnocchi.64d99b8f-74a1-441b-be20-11296f9ba310/1769040000.0_mean_300.0_v3 HTTP/1.0 201 - python-swiftclient-3.11.1 gAAAAABpfE7lxSBs... 16 - - tx95789034e88a4200b14a5-00697c4fb7 - 0.0166 - - 1769754551.861741304 1769754551.878315926 0
Jan 30 06:29:11 standalone container-server[122038]: 172.20.0.100 - - [30/Jan/2026:06:29:11 +0000] "PUT /d1/234/AUTH_8cd39466d2574f50a7f48e9261646257/gnocchi.64d99b8f-74a1-441b-be20-11296f9ba310/none_v3" 201 - "PUT http://localhost:8080/d1/632/AUTH_8cd39466d2574f50a7f48e9261646257/gnocchi.64d99b8f-74a1-441b-be20-11296f9ba310/none_v3" "txf7535dd2e393458fa17e4-00697c4fb7" "object-server 24" 0.0009 "-" 17 0
Jan 30 06:29:11 standalone object-server[122232]: 172.20.0.100 - - [30/Jan/2026:06:29:11 +0000] "PUT /d1/632/AUTH_8cd39466d2574f50a7f48e9261646257/gnocchi.64d99b8f-74a1-441b-be20-11296f9ba310/none_v3" 201 - "PUT http://localhost:8080/v1/AUTH_8cd39466d2574f50a7f48e9261646257/gnocchi.64d99b8f-74a1-441b-be20-11296f9ba310/none_v3" "txf7535dd2e393458fa17e4-00697c4fb7" "proxy-server 12" 0.0108 "-" 24 0
Jan 30 06:29:11 standalone proxy-server[124018]: 172.18.0.2 ::1 30/Jan/2026/06/29/11 PUT /v1/AUTH_8cd39466d2574f50a7f48e9261646257/gnocchi.64d99b8f-74a1-441b-be20-11296f9ba310/none_v3 HTTP/1.0 201 - python-swiftclient-3.11.1 gAAAAABpfE7lxSBs... 22 - - txf7535dd2e393458fa17e4-00697c4fb7 - 0.0162 - - 1769754551.884987354 1769754551.901138783 0
Jan 30 06:29:11 standalone container-server[122038]: 172.20.0.100 - - [30/Jan/2026:06:29:11 +0000] "HEAD /d1/154/AUTH_8cd39466d2574f50a7f48e9261646257/gnocchi.b1b628ad-46d3-4443-8330-92e25b4ec4c1" 404 - "HEAD http://localhost:8080/v1/AUTH_8cd39466d2574f50a7f48e9261646257/gnocchi.b1b628ad-46d3-4443-8330-92e25b4ec4c1?format=json&states=listing" "txfcb9458c5e4842998d2cc-00697c4fb7" "proxy-server 12" 0.0006 "-" 17 0
Jan 30 06:29:11 standalone object-server[122229]: 172.20.0.100 - - [30/Jan/2026:06:29:11 +0000] "GET /d1/960/AUTH_8cd39466d2574f50a7f48e9261646257/gnocchi.b1b628ad-46d3-4443-8330-92e25b4ec4c1/none_v3" 404 70 "GET http://localhost:8080/v1/AUTH_8cd39466d2574f50a7f48e9261646257/gnocchi.b1b628ad-46d3-4443-8330-92e25b4ec4c1/none_v3" "txfcb9458c5e4842998d2cc-00697c4fb7" "proxy-server 12" 0.0004 "-" 23 0
Jan 30 06:29:11 standalone proxy-server[124018]: 172.18.0.2 ::1 30/Jan/2026/06/29/11 GET /v1/AUTH_8cd39466d2574f50a7f48e9261646257/gnocchi.b1b628ad-46d3-4443-8330-92e25b4ec4c1/none_v3 HTTP/1.0 404 - python-swiftclient-3.11.1 gAAAAABpfE7lxSBs... - 70 - txfcb9458c5e4842998d2cc-00697c4fb7 - 0.0129 - - 1769754551.912326336 1769754551.925241947 0
Jan 30 06:29:11 standalone account-server[121989]: 172.20.0.100 - - [30/Jan/2026:06:29:11 +0000] "PUT /d1/517/AUTH_8cd39466d2574f50a7f48e9261646257/gnocchi.b1b628ad-46d3-4443-8330-92e25b4ec4c1" 201 - "PUT http://172.20.0.100:6001/d1/154/AUTH_8cd39466d2574f50a7f48e9261646257/gnocchi.b1b628ad-46d3-4443-8330-92e25b4ec4c1" "txbeeab5b09371407aaa248-00697c4fb7" "container-server 16" 0.0046 "-" 16 0
Jan 30 06:29:11 standalone container-server[122029]: 172.20.0.100 - - [30/Jan/2026:06:29:11 +0000] "PUT /d1/154/AUTH_8cd39466d2574f50a7f48e9261646257/gnocchi.b1b628ad-46d3-4443-8330-92e25b4ec4c1" 201 - "PUT http://localhost:8080/v1/AUTH_8cd39466d2574f50a7f48e9261646257/gnocchi.b1b628ad-46d3-4443-8330-92e25b4ec4c1" "txbeeab5b09371407aaa248-00697c4fb7" "proxy-server 12" 0.0172 "-" 16 0
Jan 30 06:29:11 standalone proxy-server[124018]: 172.18.0.2 ::1 30/Jan/2026/06/29/11 PUT /v1/AUTH_8cd39466d2574f50a7f48e9261646257/gnocchi.b1b628ad-46d3-4443-8330-92e25b4ec4c1 HTTP/1.0 201 - python-swiftclient-3.11.1 gAAAAABpfE7lxSBs... - - - txbeeab5b09371407aaa248-00697c4fb7 - 0.0261 - - 1769754551.928868294 1769754551.954926491 0
Jan 30 06:29:11 standalone container-server[122038]: 172.20.0.100 - - [30/Jan/2026:06:29:11 +0000] "HEAD /d1/154/AUTH_8cd39466d2574f50a7f48e9261646257/gnocchi.b1b628ad-46d3-4443-8330-92e25b4ec4c1" 204 - "HEAD http://localhost:8080/v1/AUTH_8cd39466d2574f50a7f48e9261646257/gnocchi.b1b628ad-46d3-4443-8330-92e25b4ec4c1?format=json&states=listing" "txd6e2c98d2d35486eb0d27-00697c4fb7" "proxy-server 12" 0.0021 "-" 17 0
Jan 30 06:29:11 standalone proxy-server[124018]: - - 30/Jan/2026/06/29/11 HEAD /v1/AUTH_8cd39466d2574f50a7f48e9261646257/gnocchi.b1b628ad-46d3-4443-8330-92e25b4ec4c1%3Fformat%3Djson%26states%3Dlisting HTTP/1.0 204 - Swift - - - - txd6e2c98d2d35486eb0d27-00697c4fb7 - 0.0061 RL - 1769754551.960233927 1769754551.966286182 0
Jan 30 06:29:11 standalone container-server[122026]: 172.20.0.100 - - [30/Jan/2026:06:29:11 +0000] "GET /d1/154/AUTH_8cd39466d2574f50a7f48e9261646257/gnocchi.b1b628ad-46d3-4443-8330-92e25b4ec4c1" 200 2 "GET http://localhost:8080/v1/AUTH_8cd39466d2574f50a7f48e9261646257/gnocchi.b1b628ad-46d3-4443-8330-92e25b4ec4c1?format=json&states=listing" "txd6e2c98d2d35486eb0d27-00697c4fb7" "proxy-server 12" 0.0024 "-" 15 0
Jan 30 06:29:11 standalone proxy-server[124018]: 172.18.0.2 ::1 30/Jan/2026/06/29/11 GET /v1/AUTH_8cd39466d2574f50a7f48e9261646257/gnocchi.b1b628ad-46d3-4443-8330-92e25b4ec4c1%3Fformat%3Djson%26states%3Dlisting HTTP/1.0 200 - python-swiftclient-3.11.1 gAAAAABpfE7lxSBs... - 2 - txd6e2c98d2d35486eb0d27-00697c4fb7 - 0.0158 - - 1769754551.958865643 1769754551.974655628 0
Jan 30 06:29:11 standalone object-server[122229]: 172.20.0.100 - - [30/Jan/2026:06:29:11 +0000] "GET /d1/620/AUTH_8cd39466d2574f50a7f48e9261646257/gnocchi.b1b628ad-46d3-4443-8330-92e25b4ec4c1/1769040000.0_mean_300.0_v3" 404 70 "GET http://localhost:8080/v1/AUTH_8cd39466d2574f50a7f48e9261646257/gnocchi.b1b628ad-46d3-4443-8330-92e25b4ec4c1/1769040000.0_mean_300.0_v3" "tx5cbb4fb41bda4c85b5ae1-00697c4fb7" "proxy-server 12" 0.0005 "-" 23 0
Jan 30 06:29:11 standalone proxy-server[124018]: 172.18.0.2 ::1 30/Jan/2026/06/29/11 GET /v1/AUTH_8cd39466d2574f50a7f48e9261646257/gnocchi.b1b628ad-46d3-4443-8330-92e25b4ec4c1/1769040000.0_mean_300.0_v3 HTTP/1.0 404 - python-swiftclient-3.11.1 gAAAAABpfE7lxSBs... - 70 - tx5cbb4fb41bda4c85b5ae1-00697c4fb7 - 0.0059 - - 1769754551.979007959 1769754551.984870911 0
Jan 30 06:29:12 standalone container-server[122026]: 172.20.0.100 - - [30/Jan/2026:06:29:12 +0000] "PUT /d1/154/AUTH_8cd39466d2574f50a7f48e9261646257/gnocchi.b1b628ad-46d3-4443-8330-92e25b4ec4c1/1769040000.0_mean_300.0_v3" 201 - "PUT http://localhost:8080/d1/620/AUTH_8cd39466d2574f50a7f48e9261646257/gnocchi.b1b628ad-46d3-4443-8330-92e25b4ec4c1/1769040000.0_mean_300.0_v3" "tx4cfbd9c12d6642c2906d3-00697c4fb7" "object-server 23" 0.0014 "-" 15 0
Jan 30 06:29:12 standalone object-server[122229]: 172.20.0.100 - - [30/Jan/2026:06:29:12 +0000] "PUT /d1/620/AUTH_8cd39466d2574f50a7f48e9261646257/gnocchi.b1b628ad-46d3-4443-8330-92e25b4ec4c1/1769040000.0_mean_300.0_v3" 201 - "PUT http://localhost:8080/v1/AUTH_8cd39466d2574f50a7f48e9261646257/gnocchi.b1b628ad-46d3-4443-8330-92e25b4ec4c1/1769040000.0_mean_300.0_v3" "tx4cfbd9c12d6642c2906d3-00697c4fb7" "proxy-server 12" 0.0118 "-" 23 0
Jan 30 06:29:12 standalone proxy-server[124018]: 172.18.0.2 ::1 30/Jan/2026/06/29/12 PUT /v1/AUTH_8cd39466d2574f50a7f48e9261646257/gnocchi.b1b628ad-46d3-4443-8330-92e25b4ec4c1/1769040000.0_mean_300.0_v3 HTTP/1.0 201 - python-swiftclient-3.11.1 gAAAAABpfE7lxSBs... 16 - - tx4cfbd9c12d6642c2906d3-00697c4fb7 - 0.0173 - - 1769754551.987841129 1769754552.005181551 0
Jan 30 06:29:12 standalone container-server[122038]: 172.20.0.100 - - [30/Jan/2026:06:29:12 +0000] "PUT /d1/154/AUTH_8cd39466d2574f50a7f48e9261646257/gnocchi.b1b628ad-46d3-4443-8330-92e25b4ec4c1/none_v3" 201 - "PUT http://localhost:8080/d1/960/AUTH_8cd39466d2574f50a7f48e9261646257/gnocchi.b1b628ad-46d3-4443-8330-92e25b4ec4c1/none_v3" "tx11f21525773b4f9183d8c-00697c4fb8" "object-server 23" 0.0008 "-" 17 0
Jan 30 06:29:12 standalone object-server[122229]: 172.20.0.100 - - [30/Jan/2026:06:29:12 +0000] "PUT /d1/960/AUTH_8cd39466d2574f50a7f48e9261646257/gnocchi.b1b628ad-46d3-4443-8330-92e25b4ec4c1/none_v3" 201 - "PUT http://localhost:8080/v1/AUTH_8cd39466d2574f50a7f48e9261646257/gnocchi.b1b628ad-46d3-4443-8330-92e25b4ec4c1/none_v3" "tx11f21525773b4f9183d8c-00697c4fb8" "proxy-server 12" 0.0110 "-" 23 0
Jan 30 06:29:12 standalone proxy-server[124018]: 172.18.0.2 ::1 30/Jan/2026/06/29/12 PUT /v1/AUTH_8cd39466d2574f50a7f48e9261646257/gnocchi.b1b628ad-46d3-4443-8330-92e25b4ec4c1/none_v3 HTTP/1.0 201 - python-swiftclient-3.11.1 gAAAAABpfE7lxSBs... 22 - - tx11f21525773b4f9183d8c-00697c4fb8 - 0.0173 - - 1769754552.008310795 1769754552.025624752 0
Jan 30 06:29:57 standalone account-server[121976]: 172.20.0.100 - - [30/Jan/2026:06:29:57 +0000] "HEAD /d1/949/.expiring_objects" 404 - "HEAD http://localhost/v1/.expiring_objects?format=json" "txadfd90eda61e454d890a6-00697c4fe5" "proxy-server 2" 0.0004 "-" 14 -
Jan 30 06:29:57 standalone object-expirer[122072]: Pass completed in 0s; 0 objects expired (txn: txadfd90eda61e454d890a6-00697c4fe5)
Jan 30 06:30:34 standalone account-server[121989]: 172.20.0.100 - - [30/Jan/2026:06:30:34 +0000] "HEAD /d1/949/.expiring_objects" 404 - "HEAD http://localhost/v1/.expiring_objects?format=json" "tx597ec1d7066f42f69f13a-00697c500a" "proxy-server 2" 0.0007 "-" 16 -
Jan 30 06:30:34 standalone object-expirer[122072]: Pass completed in 0s; 0 objects expired (txn: tx597ec1d7066f42f69f13a-00697c500a)
Jan 30 06:32:37 standalone object-server[122188]: Begin object update sweep
Jan 30 06:32:37 standalone object-server[248024]: Object update sweep starting on /srv/node/d1 (pid: 15)
Jan 30 06:32:37 standalone object-server[248024]: Object update sweep completed on /srv/node/d1 in 0.00s seconds:, 0 successes, 0 failures, 0 quarantines, 0 unlinks, 0 errors, 0 redirects (pid: 15)
Jan 30 06:32:37 standalone object-server[248024]: Object update sweep of d1 completed: 0.00s, 0 successes, 0 failures, 0 quarantines, 0 unlinks, 0 errors, 0 redirects
Jan 30 06:32:37 standalone object-server[122188]: Object update sweep completed: 0.08s
Jan 30 06:33:10 standalone container-server[122027]: Begin container update sweep
Jan 30 06:33:10 standalone account-server[121976]: 172.20.0.100 - - [30/Jan/2026:06:33:10 +0000] "PUT /d1/517/AUTH_8cd39466d2574f50a7f48e9261646257/gnocchi.1a4d759a-4c1d-4ff2-821f-2b76a6889e49" 201 - "-" "-" "container-updater 2" 0.0010 "-" 14 0
Jan 30 06:33:10 standalone account-server[121989]: 172.20.0.100 - - [30/Jan/2026:06:33:10 +0000] "PUT /d1/517/AUTH_8cd39466d2574f50a7f48e9261646257/gnocchi.9b1cfa04-e476-4d71-82a0-f4c977488361" 201 - "-" "-" "container-updater 2" 0.0012 "-" 16 0
Jan 30 06:33:10 standalone account-server[121989]: 172.20.0.100 - - [30/Jan/2026:06:33:10 +0000] "PUT /d1/517/AUTH_8cd39466d2574f50a7f48e9261646257/gnocchi.e2becf62-cc5e-4b22-9f8c-085112c9f728" 201 - "-" "-" "container-updater 2" 0.0005 "-" 16 0
Jan 30 06:33:10 standalone account-server[121976]: 172.20.0.100 - - [30/Jan/2026:06:33:10 +0000] "PUT /d1/517/AUTH_8cd39466d2574f50a7f48e9261646257/gnocchi.7650ec67-64ed-43cf-8038-0d6981954ce0" 201 - "-" "-" "container-updater 2" 0.0005 "-" 14 0
Jan 30 06:33:11 standalone account-server[121992]: 172.20.0.100 - - [30/Jan/2026:06:33:11 +0000] "PUT /d1/517/AUTH_8cd39466d2574f50a7f48e9261646257/gnocchi.c5d45da3-f5b4-426e-9c89-1c70a1612b40" 201 - "-" "-" "container-updater 2" 0.0004 "-" 17 0
Jan 30 06:33:11 standalone account-server[121989]: 172.20.0.100 - - [30/Jan/2026:06:33:11 +0000] "PUT /d1/517/AUTH_8cd39466d2574f50a7f48e9261646257/gnocchi.ecd2c766-b1c6-4e1e-8e87-793c28a77596" 201 - "-" "-" "container-updater 2" 0.0007 "-" 16 0
Jan 30 06:33:11 standalone account-server[121979]: 172.20.0.100 - - [30/Jan/2026:06:33:11 +0000] "PUT /d1/517/AUTH_8cd39466d2574f50a7f48e9261646257/gnocchi.be127d34-a73a-464a-ba50-88b94bfdc682" 201 - "-" "-" "container-updater 2" 0.0007 "-" 15 0
Jan 30 06:33:11 standalone account-server[121979]: 172.20.0.100 - - [30/Jan/2026:06:33:11 +0000] "PUT /d1/517/AUTH_8cd39466d2574f50a7f48e9261646257/gnocchi.723d3750-175e-4adc-806b-83f4e7b2485c" 201 - "-" "-" "container-updater 2" 0.0007 "-" 15 0
Jan 30 06:33:11 standalone account-server[121976]: 172.20.0.100 - - [30/Jan/2026:06:33:11 +0000] "PUT /d1/517/AUTH_8cd39466d2574f50a7f48e9261646257/gnocchi.7ebb4ea6-578e-41fb-bfcd-a9698ed84e02" 201 - "-" "-" "container-updater 2" 0.0007 "-" 14 0
Jan 30 06:33:11 standalone account-server[121989]: 172.20.0.100 - - [30/Jan/2026:06:33:11 +0000] "PUT /d1/517/AUTH_8cd39466d2574f50a7f48e9261646257/gnocchi.22f19f8a-409e-4d52-b95c-2100ece23f89" 201 - "-" "-" "container-updater 2" 0.0007 "-" 16 0
Jan 30 06:33:11 standalone account-server[121992]: 172.20.0.100 - - [30/Jan/2026:06:33:11 +0000] "PUT /d1/517/AUTH_8cd39466d2574f50a7f48e9261646257/gnocchi.50da91b0-edc6-4299-b87b-7d2dd1e12c9e" 201 - "-" "-" "container-updater 2" 0.0006 "-" 17 0
Jan 30 06:33:11 standalone account-server[121989]: 172.20.0.100 - - [30/Jan/2026:06:33:11 +0000] "PUT /d1/517/AUTH_8cd39466d2574f50a7f48e9261646257/gnocchi.713ce5a3-f806-414e-b0a6-9b0e5d6a1620" 201 - "-" "-" "container-updater 2" 0.0004 "-" 16 0
Jan 30 06:33:12 standalone account-server[121989]: 172.20.0.100 - - [30/Jan/2026:06:33:12 +0000] "PUT /d1/517/AUTH_8cd39466d2574f50a7f48e9261646257/gnocchi.64d99b8f-74a1-441b-be20-11296f9ba310" 201 - "-" "-" "container-updater 2" 0.0005 "-" 16 0
Jan 30 06:33:12 standalone account-server[121992]: 172.20.0.100 - - [30/Jan/2026:06:33:12 +0000] "PUT /d1/517/AUTH_8cd39466d2574f50a7f48e9261646257/gnocchi.b1b628ad-46d3-4443-8330-92e25b4ec4c1" 201 - "-" "-" "container-updater 2" 0.0011 "-" 17 0
Jan 30 06:33:12 standalone container-server[122027]: Container update sweep completed: 1.96s
Jan 30 06:35:03 standalone account-server[121989]: 172.20.0.100 - - [30/Jan/2026:06:35:03 +0000] "HEAD /d1/949/.expiring_objects" 404 - "HEAD http://localhost/v1/.expiring_objects?format=json" "tx3cfebdbab041487a9bccf-00697c5117" "proxy-server 2" 0.0008 "-" 16 -
Jan 30 06:35:03 standalone object-expirer[122072]: Pass completed in 0s; 0 objects expired (txn: tx3cfebdbab041487a9bccf-00697c5117)
Jan 30 06:37:27 standalone account-server[121992]: 172.20.0.100 - - [30/Jan/2026:06:37:27 +0000] "HEAD /d1/949/.expiring_objects" 404 - "HEAD http://localhost/v1/.expiring_objects?format=json" "txaa49ae1552d84e0bb3846-00697c51a7" "proxy-server 2" 0.0014 "-" 17 -
Jan 30 06:37:27 standalone object-expirer[122072]: Pass completed in 0s; 0 objects expired (txn: txaa49ae1552d84e0bb3846-00697c51a7)
Jan 30 06:37:37 standalone object-server[122188]: Begin object update sweep
Jan 30 06:37:37 standalone object-server[272094]: Object update sweep starting on /srv/node/d1 (pid: 16)
Jan 30 06:37:37 standalone object-server[272094]: Object update sweep completed on /srv/node/d1 in 0.00s seconds:, 0 successes, 0 failures, 0 quarantines, 0 unlinks, 0 errors, 0 redirects (pid: 16)
Jan 30 06:37:37 standalone object-server[272094]: Object update sweep of d1 completed: 0.00s, 0 successes, 0 failures, 0 quarantines, 0 unlinks, 0 errors, 0 redirects
Jan 30 06:37:37 standalone object-server[122188]: Object update sweep completed: 0.08s
Jan 30 06:38:10 standalone container-server[122027]: Begin container update sweep
Jan 30 06:38:11 standalone container-server[122027]: Container update sweep completed: 1.29s
Jan 30 06:38:40 standalone account-server[121992]: 172.20.0.100 - - [30/Jan/2026:06:38:40 +0000] "HEAD /d1/949/.expiring_objects" 404 - "HEAD http://localhost/v1/.expiring_objects?format=json" "tx4f9477153e9a499b8b0f0-00697c51f0" "proxy-server 2" 0.0008 "-" 17 -
Jan 30 06:38:40 standalone object-expirer[122072]: Pass completed in 0s; 0 objects expired (txn: tx4f9477153e9a499b8b0f0-00697c51f0)
Jan 30 06:41:17 standalone account-server[121989]: 172.20.0.31 - - [30/Jan/2026:06:41:17 +0000] "HEAD /d1/540/AUTH_cf921dbf69c04987ba9666d1194d1c71" 404 - "HEAD http://swift-public-openstack.apps-crc.testing/v1/AUTH_cf921dbf69c04987ba9666d1194d1c71?format=json" "tx17def69b35fd4ee4a99e2-00697c528d" "proxy-server 8" 0.0009 "-" 16 -
Jan 30 06:41:18 standalone account-server[121989]: 172.20.0.31 - - [30/Jan/2026:06:41:18 +0000] "GET /d1/540/AUTH_cf921dbf69c04987ba9666d1194d1c71" 404 - "GET http://swift-public-openstack.apps-crc.testing/v1/AUTH_cf921dbf69c04987ba9666d1194d1c71?format=json" "tx17def69b35fd4ee4a99e2-00697c528d" "proxy-server 8" 0.0005 "-" 16 -
Jan 30 06:42:37 standalone object-server[122188]: Begin object update sweep
Jan 30 06:42:37 standalone object-server[292970]: Object update sweep starting on /srv/node/d1 (pid: 17)
Jan 30 06:42:37 standalone object-server[292970]: Object update sweep completed on /srv/node/d1 in 0.00s seconds:, 0 successes, 0 failures, 0 quarantines, 0 unlinks, 0 errors, 0 redirects (pid: 17)
Jan 30 06:42:37 standalone object-server[292970]: Object update sweep of d1 completed: 0.00s, 0 successes, 0 failures, 0 quarantines, 0 unlinks, 0 errors, 0 redirects
Jan 30 06:42:37 standalone object-server[122188]: Object update sweep completed: 0.08s
Jan 30 06:43:10 standalone container-server[122027]: Begin container update sweep
Jan 30 06:43:12 standalone container-server[122027]: Container update sweep completed: 1.56s
Jan 30 06:43:29 standalone account-server[121979]: 172.20.0.100 - - [30/Jan/2026:06:43:29 +0000] "HEAD /d1/949/.expiring_objects" 404 - "HEAD http://localhost/v1/.expiring_objects?format=json" "tx0a5314c9462d47839bcab-00697c5311" "proxy-server 2" 0.0009 "-" 15 -
Jan 30 06:43:29 standalone object-expirer[122072]: Pass completed in 0s; 0 objects expired (txn: tx0a5314c9462d47839bcab-00697c5311)
Jan 30 06:44:46 standalone account-server[121989]: 172.20.0.100 - - [30/Jan/2026:06:44:46 +0000] "HEAD /d1/949/.expiring_objects" 404 - "HEAD http://localhost/v1/.expiring_objects?format=json" "txbe6a33eea7c84cb791d33-00697c535e" "proxy-server 2" 0.0010 "-" 16 -
Jan 30 06:44:46 standalone object-expirer[122072]: Pass completed in 0s; 0 objects expired (txn: txbe6a33eea7c84cb791d33-00697c535e)
Jan 30 06:45:02 standalone account-server[121979]: 172.20.0.100 - - [30/Jan/2026:06:45:02 +0000] "HEAD /d1/949/.expiring_objects" 404 - "HEAD http://localhost/v1/.expiring_objects?format=json" "txd16934426ec144cb8e451-00697c536e" "proxy-server 2" 0.0003 "-" 15 -
Jan 30 06:45:02 standalone object-expirer[122072]: Pass completed in 0s; 0 objects expired (txn: txd16934426ec144cb8e451-00697c536e)
Jan 30 06:46:17 standalone account-server[121976]: 172.20.0.100 - - [30/Jan/2026:06:46:17 +0000] "HEAD /d1/949/.expiring_objects" 404 - "HEAD http://localhost/v1/.expiring_objects?format=json" "txc99b981f8062428c96e14-00697c53b9" "proxy-server 2" 0.0006 "-" 14 -
Jan 30 06:46:17 standalone object-expirer[122072]: Pass completed in 0s; 0 objects expired (txn: txc99b981f8062428c96e14-00697c53b9)
Jan 30 06:47:24 standalone account-server[121979]: 172.20.0.100 - - [30/Jan/2026:06:47:24 +0000] "HEAD /d1/949/.expiring_objects" 404 - "HEAD http://localhost/v1/.expiring_objects?format=json" "txca0920d66bbb45bbbb4a2-00697c53fc" "proxy-server 2" 0.0007 "-" 15 -
Jan 30 06:47:24 standalone object-expirer[122072]: Pass completed in 0s; 0 objects expired (txn: txca0920d66bbb45bbbb4a2-00697c53fc)
Jan 30 06:47:37 standalone object-server[122188]: Begin object update sweep
Jan 30 06:47:37 standalone object-server[313688]: Object update sweep starting on /srv/node/d1 (pid: 18)
Jan 30 06:47:37 standalone object-server[313688]: Object update sweep completed on /srv/node/d1 in 0.00s seconds:, 0 successes, 0 failures, 0 quarantines, 0 unlinks, 0 errors, 0 redirects (pid: 18)
Jan 30 06:47:37 standalone object-server[313688]: Object update sweep of d1 completed: 0.00s, 0 successes, 0 failures, 0 quarantines, 0 unlinks, 0 errors, 0 redirects
Jan 30 06:47:37 standalone object-server[122188]: Object update sweep completed: 0.05s
Jan 30 06:47:38 standalone account-server[121979]: 172.20.0.100 - - [30/Jan/2026:06:47:38 +0000] "HEAD /d1/949/.expiring_objects" 404 - "HEAD http://localhost/v1/.expiring_objects?format=json" "tx04827823aede4f1b82fa8-00697c540a" "proxy-server 2" 0.0007 "-" 15 -
Jan 30 06:47:38 standalone object-expirer[122072]: Pass completed in 0s; 0 objects expired (txn: tx04827823aede4f1b82fa8-00697c540a)
Jan 30 06:47:48 standalone account-server[121992]: 172.20.0.100 - - [30/Jan/2026:06:47:48 +0000] "HEAD /d1/949/.expiring_objects" 404 - "HEAD http://localhost/v1/.expiring_objects?format=json" "tx109d2525c750468ea10d5-00697c5414" "proxy-server 2" 0.0012 "-" 17 -
Jan 30 06:47:48 standalone object-expirer[122072]: Pass completed in 0s; 0 objects expired (txn: tx109d2525c750468ea10d5-00697c5414)
Jan 30 06:47:59 standalone account-server[121992]: 172.20.0.31 - - [30/Jan/2026:06:47:59 +0000] "HEAD /d1/517/AUTH_8cd39466d2574f50a7f48e9261646257" 204 - "HEAD http://swift-internal.openstack.svc:8080/v1/AUTH_8cd39466d2574f50a7f48e9261646257?format=json" "txb32c9679285340efb8fb5-00697c541f" "proxy-server 6" 0.0134 "-" 17 -
Jan 30 06:47:59 standalone container-server[122026]: 172.20.0.31 - - [30/Jan/2026:06:47:59 +0000] "HEAD /d1/930/AUTH_8cd39466d2574f50a7f48e9261646257/glance" 204 - "HEAD http://swift-internal.openstack.svc:8080/v1/AUTH_8cd39466d2574f50a7f48e9261646257/glance?format=json&states=listing" "txb32c9679285340efb8fb5-00697c541f" "proxy-server 6" 0.0029 "-" 15 0
Jan 30 06:48:02 standalone container-server[122038]: 172.20.0.100 - - [30/Jan/2026:06:48:02 +0000] "PUT /d1/930/AUTH_8cd39466d2574f50a7f48e9261646257/glance/293b798e-fde0-490d-b6e3-668566637c98-00001" 201 - "PUT http://swift-internal.openstack.svc:8080/d1/362/AUTH_8cd39466d2574f50a7f48e9261646257/glance/293b798e-fde0-490d-b6e3-668566637c98-00001" "tx043ea017d9db4d81935b4-00697c541f" "object-server 22" 0.0011 "-" 17 0
Jan 30 06:48:02 standalone object-server[122228]: 172.20.0.31 - - [30/Jan/2026:06:48:02 +0000] "PUT /d1/362/AUTH_8cd39466d2574f50a7f48e9261646257/glance/293b798e-fde0-490d-b6e3-668566637c98-00001" 201 - "PUT http://swift-internal.openstack.svc:8080/v1/AUTH_8cd39466d2574f50a7f48e9261646257/glance/293b798e-fde0-490d-b6e3-668566637c98-00001" "tx043ea017d9db4d81935b4-00697c541f" "proxy-server 6" 2.0948 "-" 22 0
Jan 30 06:48:04 standalone container-server[122023]: 172.20.0.100 - - [30/Jan/2026:06:48:04 +0000] "PUT /d1/930/AUTH_8cd39466d2574f50a7f48e9261646257/glance/293b798e-fde0-490d-b6e3-668566637c98-00002" 201 - "PUT http://swift-internal.openstack.svc:8080/d1/107/AUTH_8cd39466d2574f50a7f48e9261646257/glance/293b798e-fde0-490d-b6e3-668566637c98-00002" "txbfc1b1f899ac4635af7c1-00697c5422" "object-server 25" 0.0009 "-" 14 0
Jan 30 06:48:04 standalone object-server[122233]: 172.20.0.31 - - [30/Jan/2026:06:48:04 +0000] "PUT /d1/107/AUTH_8cd39466d2574f50a7f48e9261646257/glance/293b798e-fde0-490d-b6e3-668566637c98-00002" 201 - "PUT http://swift-internal.openstack.svc:8080/v1/AUTH_8cd39466d2574f50a7f48e9261646257/glance/293b798e-fde0-490d-b6e3-668566637c98-00002" "txbfc1b1f899ac4635af7c1-00697c5422" "proxy-server 6" 2.0799 "-" 25 0
Jan 30 06:48:05 standalone container-server[122026]: 172.20.0.100 - - [30/Jan/2026:06:48:05 +0000] "PUT /d1/930/AUTH_8cd39466d2574f50a7f48e9261646257/glance/293b798e-fde0-490d-b6e3-668566637c98-00003" 201 - "PUT http://swift-internal.openstack.svc:8080/d1/218/AUTH_8cd39466d2574f50a7f48e9261646257/glance/293b798e-fde0-490d-b6e3-668566637c98-00003" "tx532f573291534c1fa6f59-00697c5424" "object-server 24" 0.0008 "-" 15 0
Jan 30 06:48:05 standalone object-server[122232]: 172.20.0.31 - - [30/Jan/2026:06:48:05 +0000] "PUT /d1/218/AUTH_8cd39466d2574f50a7f48e9261646257/glance/293b798e-fde0-490d-b6e3-668566637c98-00003" 201 - "PUT http://swift-internal.openstack.svc:8080/v1/AUTH_8cd39466d2574f50a7f48e9261646257/glance/293b798e-fde0-490d-b6e3-668566637c98-00003" "tx532f573291534c1fa6f59-00697c5424" "proxy-server 6" 1.2342 "-" 24 0
Jan 30 06:48:05 standalone container-server[122029]: 172.20.0.100 - - [30/Jan/2026:06:48:05 +0000] "PUT /d1/930/AUTH_8cd39466d2574f50a7f48e9261646257/glance/293b798e-fde0-490d-b6e3-668566637c98" 201 - "PUT http://swift-internal.openstack.svc:8080/d1/346/AUTH_8cd39466d2574f50a7f48e9261646257/glance/293b798e-fde0-490d-b6e3-668566637c98" "txb2e681f2981e4bac8c397-00697c5425" "object-server 24" 0.0006 "-" 16 0
Jan 30 06:48:05 standalone object-server[122232]: 172.20.0.31 - - [30/Jan/2026:06:48:05 +0000] "PUT /d1/346/AUTH_8cd39466d2574f50a7f48e9261646257/glance/293b798e-fde0-490d-b6e3-668566637c98" 201 - "PUT http://swift-internal.openstack.svc:8080/v1/AUTH_8cd39466d2574f50a7f48e9261646257/glance/293b798e-fde0-490d-b6e3-668566637c98" "txb2e681f2981e4bac8c397-00697c5425" "proxy-server 6" 0.0108 "-" 24 0
Jan 30 06:48:10 standalone container-server[122027]: Begin container update sweep
