Jan 30 06:14:12 standalone account-server[121678]: Starting 2
Jan 30 06:14:12 standalone account-server[121775]: Started child 14 from parent 2
Jan 30 06:14:12 standalone account-server[121775]: Started child 15 from parent 2
Jan 30 06:14:12 standalone account-server[121775]: Started child 16 from parent 2
Jan 30 06:14:12 standalone account-server[121775]: Started child 17 from parent 2
Jan 30 06:14:12 standalone container-server[121839]: Option allow_versions is deprecated. Configure the versioned_writes middleware in the proxy-server instead. This option will be ignored in a future release.
Jan 30 06:14:13 standalone container-server[122023]: Option allow_versions is deprecated. Configure the versioned_writes middleware in the proxy-server instead. This option will be ignored in a future release.
Jan 30 06:14:13 standalone container-server[121839]: Started child 14 from parent 2
Jan 30 06:14:13 standalone container-server[122026]: Option allow_versions is deprecated. Configure the versioned_writes middleware in the proxy-server instead. This option will be ignored in a future release.
Jan 30 06:14:13 standalone container-server[121839]: Started child 15 from parent 2
Jan 30 06:14:13 standalone container-server[122029]: Option allow_versions is deprecated. Configure the versioned_writes middleware in the proxy-server instead. This option will be ignored in a future release.
Jan 30 06:14:13 standalone container-server[121839]: Started child 16 from parent 2
Jan 30 06:14:13 standalone container-server[122038]: Option allow_versions is deprecated. Configure the versioned_writes middleware in the proxy-server instead. This option will be ignored in a future release.
Jan 30 06:14:13 standalone container-server[121839]: Started child 17 from parent 2
Jan 30 06:14:13 standalone container-server[122027]: Starting 2
Jan 30 06:14:13 standalone object-server[122128]: Started child 22 from parent 2
Jan 30 06:14:13 standalone object-expirer[122072]: Starting 2
Jan 30 06:14:13 standalone object-expirer[122072]: Option auto_create_account_prefix is deprecated. Configure auto_create_account_prefix under the swift-constraints section of swift.conf. This option will be ignored in a future release.
Jan 30 06:14:13 standalone object-server[122128]: Started child 23 from parent 2
Jan 30 06:14:14 standalone object-server[122128]: Started child 24 from parent 2
Jan 30 06:14:14 standalone object-server[122128]: Started child 25 from parent 2
Jan 30 06:14:14 standalone object-server[122188]: Starting 2
Jan 30 06:14:20 standalone proxy-server[123760]: Starting Keystone auth_token middleware
Jan 30 06:14:20 standalone proxy-server[123760]: AuthToken middleware is set with keystone_authtoken.service_token_roles_required set to False. This is backwards compatible but deprecated behaviour. Please set this to True.
Jan 30 06:14:20 standalone proxy-server[124018]: Starting Keystone auth_token middleware
Jan 30 06:14:20 standalone proxy-server[124018]: STDERR: The option "bind_port" is not known to keystonemiddleware
Jan 30 06:14:20 standalone proxy-server[124018]: STDERR: The option "workers" is not known to keystonemiddleware
Jan 30 06:14:20 standalone proxy-server[124018]: STDERR: The option "user" is not known to keystonemiddleware
Jan 30 06:14:20 standalone proxy-server[124018]: STDERR: The option "bind_ip" is not known to keystonemiddleware
Jan 30 06:14:20 standalone proxy-server[124018]: STDERR: The option "log_name" is not known to keystonemiddleware
Jan 30 06:14:20 standalone proxy-server[124018]: STDERR: The option "log_facility" is not known to keystonemiddleware
Jan 30 06:14:20 standalone proxy-server[124018]: STDERR: The option "log_level" is not known to keystonemiddleware
Jan 30 06:14:20 standalone proxy-server[124018]: STDERR: The option "log_headers" is not known to keystonemiddleware
Jan 30 06:14:20 standalone proxy-server[124018]: STDERR: The option "log_address" is not known to keystonemiddleware
Jan 30 06:14:20 standalone proxy-server[124018]: STDERR: The option "project_name" is not known to keystonemiddleware
Jan 30 06:14:20 standalone proxy-server[124018]: STDERR: The option "username" is not known to keystonemiddleware
Jan 30 06:14:20 standalone proxy-server[124018]: STDERR: The option "password" is not known to keystonemiddleware
Jan 30 06:14:20 standalone proxy-server[124018]: STDERR: The option "auth_url" is not known to keystonemiddleware
Jan 30 06:14:20 standalone proxy-server[124018]: STDERR: The option "signing_dir" is not known to keystonemiddleware
Jan 30 06:14:20 standalone proxy-server[124018]: STDERR: The option "project_domain_id" is not known to keystonemiddleware
Jan 30 06:14:20 standalone proxy-server[124018]: STDERR: The option "user_domain_id" is not known to keystonemiddleware
Jan 30 06:14:20 standalone proxy-server[124018]: STDERR: The option "__name__" is not known to keystonemiddleware
Jan 30 06:14:20 standalone proxy-server[124018]: AuthToken middleware is set with keystone_authtoken.service_token_roles_required set to False. This is backwards compatible but deprecated behaviour. Please set this to True.
Jan 30 06:14:20 standalone proxy-server[123760]: Started child 12 from parent 2
Jan 30 06:17:36 standalone object-server[122188]: Begin object update sweep
Jan 30 06:17:36 standalone object-server[145710]: Object update sweep starting on /srv/node/d1 (pid: 11)
Jan 30 06:17:36 standalone object-server[145710]: Object update sweep completed on /srv/node/d1 in 0.00s seconds:, 0 successes, 0 failures, 0 quarantines, 0 unlinks, 0 errors, 0 redirects (pid: 11)
Jan 30 06:17:36 standalone object-server[145710]: Object update sweep of d1 completed: 0.00s, 0 successes, 0 failures, 0 quarantines, 0 unlinks, 0 errors, 0 redirects
Jan 30 06:17:36 standalone object-server[122188]: Object update sweep completed: 0.06s
Jan 30 06:18:10 standalone container-server[122027]: Begin container update sweep
Jan 30 06:18:10 standalone container-server[122027]: Container update sweep completed: 0.00s
Jan 30 06:18:21 standalone account-server[121976]: 172.20.0.100 - - [30/Jan/2026:06:18:21 +0000] "HEAD /d1/949/.expiring_objects" 404 - "HEAD http://localhost/v1/.expiring_objects?format=json" "txbd2a27dfc4db47c9bbf22-00697c4d2d" "proxy-server 2" 0.0008 "-" 14 -
Jan 30 06:18:21 standalone object-expirer[122072]: Pass completed in 0s; 0 objects expired (txn: txbd2a27dfc4db47c9bbf22-00697c4d2d)
Jan 30 06:19:13 standalone account-server[121989]: 172.20.0.100 - - [30/Jan/2026:06:19:13 +0000] "HEAD /d1/949/.expiring_objects" 404 - "HEAD http://localhost/v1/.expiring_objects?format=json" "txa8f234257ea44168ada66-00697c4d61" "proxy-server 2" 0.0017 "-" 16 -
Jan 30 06:19:13 standalone object-expirer[122072]: Pass completed in 0s; 0 objects expired (txn: txa8f234257ea44168ada66-00697c4d61)
Jan 30 06:20:08 standalone account-server[121979]: 172.20.0.100 - - [30/Jan/2026:06:20:08 +0000] "HEAD /d1/949/.expiring_objects" 404 - "HEAD http://localhost/v1/.expiring_objects?format=json" "tx3e18a7a6922f42cfa1961-00697c4d98" "proxy-server 2" 0.0024 "-" 15 -
Jan 30 06:20:08 standalone object-expirer[122072]: Pass completed in 0s; 0 objects expired (txn: tx3e18a7a6922f42cfa1961-00697c4d98)
Jan 30 06:20:14 standalone account-server[121989]: 172.20.0.100 - - [30/Jan/2026:06:20:14 +0000] "HEAD /d1/949/.expiring_objects" 404 - "HEAD http://localhost/v1/.expiring_objects?format=json" "tx87ab1a714d144a3890db7-00697c4d9e" "proxy-server 2" 0.0006 "-" 16 -
Jan 30 06:20:14 standalone object-expirer[122072]: Pass completed in 0s; 0 objects expired (txn: tx87ab1a714d144a3890db7-00697c4d9e)
Jan 30 06:20:36 standalone account-server[121989]: 172.20.0.100 - - [30/Jan/2026:06:20:36 +0000] "HEAD /d1/517/AUTH_8cd39466d2574f50a7f48e9261646257" 404 - "HEAD http://localhost:8080/v1/AUTH_8cd39466d2574f50a7f48e9261646257?format=json" "tx407ad3f53a384ae4aedd4-00697c4db4" "proxy-server 12" 0.0011 "-" 16 -
Jan 30 06:20:36 standalone proxy-server[124018]: - - 30/Jan/2026/06/20/36 HEAD /v1/AUTH_8cd39466d2574f50a7f48e9261646257%3Fformat%3Djson HTTP/1.0 200 - Swift - - - - tx407ad3f53a384ae4aedd4-00697c4db4 - 0.0070 RL - 1769754036.801303148 1769754036.808306932 -
Jan 30 06:20:37 standalone proxy-server[124018]: 172.18.0.2 ::1 30/Jan/2026/06/20/37 HEAD /v1/AUTH_8cd39466d2574f50a7f48e9261646257/glance%3Fformat%3Djson HTTP/1.0 404 - python-swiftclient-3.11.1 gAAAAABpfE20jvyb... - - - tx407ad3f53a384ae4aedd4-00697c4db4 - 0.4362 - - 1769754036.796522379 1769754037.232703447 -
Jan 30 06:20:37 standalone account-server[121992]: 172.20.0.100 - - [30/Jan/2026:06:20:37 +0000] "PUT /d1/517/AUTH_8cd39466d2574f50a7f48e9261646257" 201 - "-" "tx32c039b479c24a13afd5f-00697c4db5" "-" 0.0253 "-" 17 -
Jan 30 06:20:37 standalone proxy-server[124018]: autocreate account '/AUTH_8cd39466d2574f50a7f48e9261646257' (txn: tx32c039b479c24a13afd5f-00697c4db5)
Jan 30 06:20:37 standalone account-server[121992]: 172.20.0.100 - - [30/Jan/2026:06:20:37 +0000] "HEAD /d1/517/AUTH_8cd39466d2574f50a7f48e9261646257" 204 - "HEAD http://localhost:8080/v1/AUTH_8cd39466d2574f50a7f48e9261646257?format=json" "tx32c039b479c24a13afd5f-00697c4db5" "proxy-server 12" 0.0025 "-" 17 -
Jan 30 06:20:37 standalone account-server[121992]: 172.20.0.100 - - [30/Jan/2026:06:20:37 +0000] "PUT /d1/517/AUTH_8cd39466d2574f50a7f48e9261646257/glance" 201 - "PUT http://172.20.0.100:6001/d1/930/AUTH_8cd39466d2574f50a7f48e9261646257/glance" "tx32c039b479c24a13afd5f-00697c4db5" "container-server 15" 0.0017 "-" 17 0
Jan 30 06:20:37 standalone container-server[122026]: 172.20.0.100 - - [30/Jan/2026:06:20:37 +0000] "PUT /d1/930/AUTH_8cd39466d2574f50a7f48e9261646257/glance" 201 - "PUT http://localhost:8080/v1/AUTH_8cd39466d2574f50a7f48e9261646257/glance" "tx32c039b479c24a13afd5f-00697c4db5" "proxy-server 12" 0.0202 "-" 15 0
Jan 30 06:20:37 standalone proxy-server[124018]: 172.18.0.2 ::1 30/Jan/2026/06/20/37 PUT /v1/AUTH_8cd39466d2574f50a7f48e9261646257/glance HTTP/1.0 201 - python-swiftclient-3.11.1 gAAAAABpfE20jvyb... - - - tx32c039b479c24a13afd5f-00697c4db5 - 0.0644 - - 1769754037.243158340 1769754037.307602406 0
Jan 30 06:20:37 standalone container-server[122026]: 172.20.0.100 - - [30/Jan/2026:06:20:37 +0000] "HEAD /d1/930/AUTH_8cd39466d2574f50a7f48e9261646257/glance" 204 - "HEAD http://localhost:8080/v1/AUTH_8cd39466d2574f50a7f48e9261646257/glance?format=json&states=listing" "txda27bc5e43e74334bc8f0-00697c4db5" "proxy-server 12" 0.0018 "-" 15 0
Jan 30 06:20:37 standalone proxy-server[124018]: - - 30/Jan/2026/06/20/37 HEAD /v1/AUTH_8cd39466d2574f50a7f48e9261646257/glance%3Fformat%3Djson%26states%3Dlisting HTTP/1.0 204 - Swift - - - - txda27bc5e43e74334bc8f0-00697c4db5 - 0.0107 RL - 1769754037.327882528 1769754037.338537931 0
Jan 30 06:20:54 standalone container-server[122023]: 172.20.0.100 - - [30/Jan/2026:06:20:54 +0000] "PUT /d1/930/AUTH_8cd39466d2574f50a7f48e9261646257/glance/ee220a85-177c-46d7-b025-cd60f363efa7" 201 - "PUT http://localhost:8080/d1/734/AUTH_8cd39466d2574f50a7f48e9261646257/glance/ee220a85-177c-46d7-b025-cd60f363efa7" "txda27bc5e43e74334bc8f0-00697c4db5" "object-server 22" 0.0024 "-" 14 0
Jan 30 06:20:54 standalone object-server[122228]: 172.20.0.100 - - [30/Jan/2026:06:20:54 +0000] "PUT /d1/734/AUTH_8cd39466d2574f50a7f48e9261646257/glance/ee220a85-177c-46d7-b025-cd60f363efa7" 201 - "PUT http://localhost:8080/v1/AUTH_8cd39466d2574f50a7f48e9261646257/glance/ee220a85-177c-46d7-b025-cd60f363efa7" "txda27bc5e43e74334bc8f0-00697c4db5" "proxy-server 12" 17.6194 "-" 22 0
Jan 30 06:20:55 standalone proxy-server[124018]: 172.18.0.2 ::1 30/Jan/2026/06/20/54 PUT /v1/AUTH_8cd39466d2574f50a7f48e9261646257/glance/ee220a85-177c-46d7-b025-cd60f363efa7 HTTP/1.0 201 - python-swiftclient-3.11.1 gAAAAABpfE20jvyb... 1481900032 - - txda27bc5e43e74334bc8f0-00697c4db5 - 17.6445 - - 1769754037.322879076 1769754054.967344046 0
Jan 30 06:21:16 standalone account-server[121976]: 172.20.0.100 - - [30/Jan/2026:06:21:16 +0000] "HEAD /d1/949/.expiring_objects" 404 - "HEAD http://localhost/v1/.expiring_objects?format=json" "txc4c0121c91cc44ce83832-00697c4ddc" "proxy-server 2" 0.0007 "-" 14 -
Jan 30 06:21:16 standalone object-expirer[122072]: Pass completed in 0s; 0 objects expired (txn: txc4c0121c91cc44ce83832-00697c4ddc)
Jan 30 06:22:36 standalone object-server[122188]: Begin object update sweep
Jan 30 06:22:36 standalone object-server[186294]: Object update sweep starting on /srv/node/d1 (pid: 13)
Jan 30 06:22:36 standalone object-server[186294]: Object update sweep completed on /srv/node/d1 in 0.00s seconds:, 0 successes, 0 failures, 0 quarantines, 0 unlinks, 0 errors, 0 redirects (pid: 13)
Jan 30 06:22:36 standalone object-server[186294]: Object update sweep of d1 completed: 0.00s, 0 successes, 0 failures, 0 quarantines, 0 unlinks, 0 errors, 0 redirects
Jan 30 06:22:36 standalone object-server[122188]: Object update sweep completed: 0.08s
Jan 30 06:23:10 standalone container-server[122027]: Begin container update sweep
Jan 30 06:23:10 standalone account-server[121976]: 172.20.0.100 - - [30/Jan/2026:06:23:10 +0000] "PUT /d1/517/AUTH_8cd39466d2574f50a7f48e9261646257/glance" 201 - "-" "-" "container-updater 2" 0.0011 "-" 14 0
Jan 30 06:23:10 standalone container-server[122027]: Container update sweep completed: 0.08s
Jan 30 06:25:37 standalone account-server[121979]: 172.20.0.100 - - [30/Jan/2026:06:25:37 +0000] "HEAD /d1/517/AUTH_8cd39466d2574f50a7f48e9261646257" 204 - "HEAD http://localhost:8080/v1/AUTH_8cd39466d2574f50a7f48e9261646257?format=json" "txa1fb25430de84fa7a3bb7-00697c4ee1" "proxy-server 12" 0.0059 "-" 15 -
Jan 30 06:25:37 standalone proxy-server[124018]: - - 30/Jan/2026/06/25/37 HEAD /v1/AUTH_8cd39466d2574f50a7f48e9261646257%3Fformat%3Djson HTTP/1.0 204 - Swift - - - - txa1fb25430de84fa7a3bb7-00697c4ee1 - 0.0099 RL - 1769754337.707334042 1769754337.717216492 -
Jan 30 06:25:37 standalone container-server[122029]: 172.20.0.100 - - [30/Jan/2026:06:25:37 +0000] "HEAD /d1/930/AUTH_8cd39466d2574f50a7f48e9261646257/glance" 204 - "HEAD http://localhost:8080/v1/AUTH_8cd39466d2574f50a7f48e9261646257/glance?format=json&states=listing" "txa1fb25430de84fa7a3bb7-00697c4ee1" "proxy-server 12" 0.0024 "-" 16 0
Jan 30 06:25:37 standalone proxy-server[124018]: 172.18.0.2 ::1 30/Jan/2026/06/25/37 HEAD /v1/AUTH_8cd39466d2574f50a7f48e9261646257/glance%3Fformat%3Djson%26states%3Dlisting HTTP/1.0 204 - python-swiftclient-3.11.1 gAAAAABpfE7h1aIZ... - - - txa1fb25430de84fa7a3bb7-00697c4ee1 - 0.0957 - - 1769754337.706579208 1769754337.802308083 0
Jan 30 06:25:40 standalone container-server[122026]: 172.20.0.100 - - [30/Jan/2026:06:25:40 +0000] "PUT /d1/930/AUTH_8cd39466d2574f50a7f48e9261646257/glance/4d184197-b599-4cb1-b85c-f5fa18a38868-00001" 201 - "PUT http://localhost:8080/d1/840/AUTH_8cd39466d2574f50a7f48e9261646257/glance/4d184197-b599-4cb1-b85c-f5fa18a38868-00001" "tx7c3e92dd506543a29d1e4-00697c4ee1" "object-server 23" 0.0013 "-" 15 0
Jan 30 06:25:40 standalone object-server[122229]: 172.20.0.100 - - [30/Jan/2026:06:25:40 +0000] "PUT /d1/840/AUTH_8cd39466d2574f50a7f48e9261646257/glance/4d184197-b599-4cb1-b85c-f5fa18a38868-00001" 201 - "PUT http://localhost:8080/v1/AUTH_8cd39466d2574f50a7f48e9261646257/glance/4d184197-b599-4cb1-b85c-f5fa18a38868-00001" "tx7c3e92dd506543a29d1e4-00697c4ee1" "proxy-server 12" 2.8492 "-" 23 0
Jan 30 06:25:40 standalone proxy-server[124018]: 172.18.0.2 ::1 30/Jan/2026/06/25/40 PUT /v1/AUTH_8cd39466d2574f50a7f48e9261646257/glance/4d184197-b599-4cb1-b85c-f5fa18a38868-00001 HTTP/1.0 201 - python-swiftclient-3.11.1 gAAAAABpfE7h1aIZ... 21692416 - - tx7c3e92dd506543a29d1e4-00697c4ee1 - 2.8568 - - 1769754337.817027569 1769754340.673859835 0
Jan 30 06:25:40 standalone container-server[122029]: 172.20.0.100 - - [30/Jan/2026:06:25:40 +0000] "PUT /d1/930/AUTH_8cd39466d2574f50a7f48e9261646257/glance/4d184197-b599-4cb1-b85c-f5fa18a38868" 201 - "PUT http://localhost:8080/d1/366/AUTH_8cd39466d2574f50a7f48e9261646257/glance/4d184197-b599-4cb1-b85c-f5fa18a38868" "tx16e60f1ace7845f3ba712-00697c4ee4" "object-server 25" 0.0011 "-" 16 0
Jan 30 06:25:40 standalone object-server[122233]: 172.20.0.100 - - [30/Jan/2026:06:25:40 +0000] "PUT /d1/366/AUTH_8cd39466d2574f50a7f48e9261646257/glance/4d184197-b599-4cb1-b85c-f5fa18a38868" 201 - "PUT http://localhost:8080/v1/AUTH_8cd39466d2574f50a7f48e9261646257/glance/4d184197-b599-4cb1-b85c-f5fa18a38868" "tx16e60f1ace7845f3ba712-00697c4ee4" "proxy-server 12" 0.0274 "-" 25 0
Jan 30 06:25:40 standalone proxy-server[124018]: 172.18.0.2 ::1 30/Jan/2026/06/25/40 PUT /v1/AUTH_8cd39466d2574f50a7f48e9261646257/glance/4d184197-b599-4cb1-b85c-f5fa18a38868 HTTP/1.0 201 - python-swiftclient-3.11.1 gAAAAABpfE7h1aIZ... - - - tx16e60f1ace7845f3ba712-00697c4ee4 - 0.0376 - - 1769754340.679285288 1769754340.716877937 0
Jan 30 06:25:41 standalone container-server[122038]: 172.20.0.100 - - [30/Jan/2026:06:25:41 +0000] "HEAD /d1/822/AUTH_8cd39466d2574f50a7f48e9261646257/gnocchi.13fc6003-def9-417b-a860-d22b19745d21" 404 - "HEAD http://localhost:8080/v1/AUTH_8cd39466d2574f50a7f48e9261646257/gnocchi.13fc6003-def9-417b-a860-d22b19745d21?format=json&states=listing" "txa2764e6551c2493587826-00697c4ee5" "proxy-server 12" 0.0019 "-" 17 0
Jan 30 06:25:41 standalone object-server[122229]: 172.20.0.100 - - [30/Jan/2026:06:25:41 +0000] "GET /d1/997/AUTH_8cd39466d2574f50a7f48e9261646257/gnocchi.13fc6003-def9-417b-a860-d22b19745d21/none_v3" 404 70 "GET http://localhost:8080/v1/AUTH_8cd39466d2574f50a7f48e9261646257/gnocchi.13fc6003-def9-417b-a860-d22b19745d21/none_v3" "txa2764e6551c2493587826-00697c4ee5" "proxy-server 12" 0.0011 "-" 23 0
Jan 30 06:25:41 standalone proxy-server[124018]: 172.18.0.2 ::1 30/Jan/2026/06/25/41 GET /v1/AUTH_8cd39466d2574f50a7f48e9261646257/gnocchi.13fc6003-def9-417b-a860-d22b19745d21/none_v3 HTTP/1.0 404 - python-swiftclient-3.11.1 gAAAAABpfE7lxSBs... - 70 - txa2764e6551c2493587826-00697c4ee5 - 0.0794 - - 1769754341.408635378 1769754341.488039970 0
Jan 30 06:25:41 standalone account-server[121979]: 172.20.0.100 - - [30/Jan/2026:06:25:41 +0000] "PUT /d1/517/AUTH_8cd39466d2574f50a7f48e9261646257/gnocchi.13fc6003-def9-417b-a860-d22b19745d21" 201 - "PUT http://172.20.0.100:6001/d1/822/AUTH_8cd39466d2574f50a7f48e9261646257/gnocchi.13fc6003-def9-417b-a860-d22b19745d21" "txa9da0beb1e374768a5510-00697c4ee5" "container-server 14" 0.0024 "-" 15 0
Jan 30 06:25:41 standalone container-server[122023]: 172.20.0.100 - - [30/Jan/2026:06:25:41 +0000] "PUT /d1/822/AUTH_8cd39466d2574f50a7f48e9261646257/gnocchi.13fc6003-def9-417b-a860-d22b19745d21" 201 - "PUT http://localhost:8080/v1/AUTH_8cd39466d2574f50a7f48e9261646257/gnocchi.13fc6003-def9-417b-a860-d22b19745d21" "txa9da0beb1e374768a5510-00697c4ee5" "proxy-server 12" 0.0193 "-" 14 0
Jan 30 06:25:41 standalone proxy-server[124018]: 172.18.0.2 ::1 30/Jan/2026/06/25/41 PUT /v1/AUTH_8cd39466d2574f50a7f48e9261646257/gnocchi.13fc6003-def9-417b-a860-d22b19745d21 HTTP/1.0 201 - python-swiftclient-3.11.1 gAAAAABpfE7lxSBs... - - - txa9da0beb1e374768a5510-00697c4ee5 - 0.0267 - - 1769754341.492985010 1769754341.519669771 0
Jan 30 06:25:41 standalone container-server[122038]: 172.20.0.100 - - [30/Jan/2026:06:25:41 +0000] "HEAD /d1/822/AUTH_8cd39466d2574f50a7f48e9261646257/gnocchi.13fc6003-def9-417b-a860-d22b19745d21" 204 - "HEAD http://localhost:8080/v1/AUTH_8cd39466d2574f50a7f48e9261646257/gnocchi.13fc6003-def9-417b-a860-d22b19745d21?format=json&states=listing" "txe9127afd7fc2462384507-00697c4ee5" "proxy-server 12" 0.0033 "-" 17 0
Jan 30 06:25:41 standalone proxy-server[124018]: - - 30/Jan/2026/06/25/41 HEAD /v1/AUTH_8cd39466d2574f50a7f48e9261646257/gnocchi.13fc6003-def9-417b-a860-d22b19745d21%3Fformat%3Djson%26states%3Dlisting HTTP/1.0 204 - Swift - - - - txe9127afd7fc2462384507-00697c4ee5 - 0.0080 RL - 1769754341.529219866 1769754341.537208796 0
Jan 30 06:25:41 standalone container-server[122038]: 172.20.0.100 - - [30/Jan/2026:06:25:41 +0000] "GET /d1/822/AUTH_8cd39466d2574f50a7f48e9261646257/gnocchi.13fc6003-def9-417b-a860-d22b19745d21" 200 2 "GET http://localhost:8080/v1/AUTH_8cd39466d2574f50a7f48e9261646257/gnocchi.13fc6003-def9-417b-a860-d22b19745d21?format=json&states=listing" "txe9127afd7fc2462384507-00697c4ee5" "proxy-server 12" 0.0033 "-" 17 0
Jan 30 06:25:41 standalone proxy-server[124018]: 172.18.0.2 ::1 30/Jan/2026/06/25/41 GET /v1/AUTH_8cd39466d2574f50a7f48e9261646257/gnocchi.13fc6003-def9-417b-a860-d22b19745d21%3Fformat%3Djson%26states%3Dlisting HTTP/1.0 200 - python-swiftclient-3.11.1 gAAAAABpfE7lxSBs... - 2 - txe9127afd7fc2462384507-00697c4ee5 - 0.0230 - - 1769754341.527341843 1769754341.550352097 0
Jan 30 06:25:41 standalone object-server[122229]: 172.20.0.100 - - [30/Jan/2026:06:25:41 +0000] "GET /d1/357/AUTH_8cd39466d2574f50a7f48e9261646257/gnocchi.13fc6003-def9-417b-a860-d22b19745d21/1769040000.0_mean_300.0_v3" 404 70 "GET http://localhost:8080/v1/AUTH_8cd39466d2574f50a7f48e9261646257/gnocchi.13fc6003-def9-417b-a860-d22b19745d21/1769040000.0_mean_300.0_v3" "tx2b5704e269ff46de8ee0f-00697c4ee5" "proxy-server 12" 0.0006 "-" 23 0
Jan 30 06:25:41 standalone proxy-server[124018]: 172.18.0.2 ::1 30/Jan/2026/06/25/41 GET /v1/AUTH_8cd39466d2574f50a7f48e9261646257/gnocchi.13fc6003-def9-417b-a860-d22b19745d21/1769040000.0_mean_300.0_v3 HTTP/1.0 404 - python-swiftclient-3.11.1 gAAAAABpfE7lxSBs... - 70 - tx2b5704e269ff46de8ee0f-00697c4ee5 - 0.0092 - - 1769754341.555687904 1769754341.564928055 0
Jan 30 06:25:41 standalone container-server[122023]: 172.20.0.100 - - [30/Jan/2026:06:25:41 +0000] "PUT /d1/822/AUTH_8cd39466d2574f50a7f48e9261646257/gnocchi.13fc6003-def9-417b-a860-d22b19745d21/1769040000.0_mean_300.0_v3" 201 - "PUT http://localhost:8080/d1/357/AUTH_8cd39466d2574f50a7f48e9261646257/gnocchi.13fc6003-def9-417b-a860-d22b19745d21/1769040000.0_mean_300.0_v3" "tx71c38a501ffe403396780-00697c4ee5" "object-server 23" 0.0011 "-" 14 0
Jan 30 06:25:41 standalone object-server[122229]: 172.20.0.100 - - [30/Jan/2026:06:25:41 +0000] "PUT /d1/357/AUTH_8cd39466d2574f50a7f48e9261646257/gnocchi.13fc6003-def9-417b-a860-d22b19745d21/1769040000.0_mean_300.0_v3" 201 - "PUT http://localhost:8080/v1/AUTH_8cd39466d2574f50a7f48e9261646257/gnocchi.13fc6003-def9-417b-a860-d22b19745d21/1769040000.0_mean_300.0_v3" "tx71c38a501ffe403396780-00697c4ee5" "proxy-server 12" 0.0248 "-" 23 0
Jan 30 06:25:41 standalone proxy-server[124018]: 172.18.0.2 ::1 30/Jan/2026/06/25/41 PUT /v1/AUTH_8cd39466d2574f50a7f48e9261646257/gnocchi.13fc6003-def9-417b-a860-d22b19745d21/1769040000.0_mean_300.0_v3 HTTP/1.0 201 - python-swiftclient-3.11.1 gAAAAABpfE7lxSBs... 16 - - tx71c38a501ffe403396780-00697c4ee5 - 0.0333 - - 1769754341.569347620 1769754341.602628946 0
Jan 30 06:25:41 standalone container-server[122029]: 172.20.0.100 - - [30/Jan/2026:06:25:41 +0000] "PUT /d1/822/AUTH_8cd39466d2574f50a7f48e9261646257/gnocchi.13fc6003-def9-417b-a860-d22b19745d21/none_v3" 201 - "PUT http://localhost:8080/d1/997/AUTH_8cd39466d2574f50a7f48e9261646257/gnocchi.13fc6003-def9-417b-a860-d22b19745d21/none_v3" "txb4e90f15cd1a47cfac115-00697c4ee5" "object-server 22" 0.0010 "-" 16 0
Jan 30 06:25:41 standalone object-server[122228]: 172.20.0.100 - - [30/Jan/2026:06:25:41 +0000] "PUT /d1/997/AUTH_8cd39466d2574f50a7f48e9261646257/gnocchi.13fc6003-def9-417b-a860-d22b19745d21/none_v3" 201 - "PUT http://localhost:8080/v1/AUTH_8cd39466d2574f50a7f48e9261646257/gnocchi.13fc6003-def9-417b-a860-d22b19745d21/none_v3" "txb4e90f15cd1a47cfac115-00697c4ee5" "proxy-server 12" 0.0156 "-" 22 0
Jan 30 06:25:41 standalone proxy-server[124018]: 172.18.0.2 ::1 30/Jan/2026/06/25/41 PUT /v1/AUTH_8cd39466d2574f50a7f48e9261646257/gnocchi.13fc6003-def9-417b-a860-d22b19745d21/none_v3 HTTP/1.0 201 - python-swiftclient-3.11.1 gAAAAABpfE7lxSBs... 22 - - txb4e90f15cd1a47cfac115-00697c4ee5 - 0.0245 - - 1769754341.611009121 1769754341.635535002 0
Jan 30 06:25:59 standalone account-server[121976]: 172.20.0.100 - - [30/Jan/2026:06:25:59 +0000] "HEAD /d1/949/.expiring_objects" 404 - "HEAD http://localhost/v1/.expiring_objects?format=json" "tx68e02e66ff2c4876903c0-00697c4ef7" "proxy-server 2" 0.0008 "-" 14 -
Jan 30 06:25:59 standalone object-expirer[122072]: Pass completed in 0s; 0 objects expired (txn: tx68e02e66ff2c4876903c0-00697c4ef7)
Jan 30 06:26:11 standalone object-server[122228]: 172.20.0.100 - - [30/Jan/2026:06:26:11 +0000] "GET /d1/997/AUTH_8cd39466d2574f50a7f48e9261646257/gnocchi.13fc6003-def9-417b-a860-d22b19745d21/none_v3" 200 22 "GET http://localhost:8080/v1/AUTH_8cd39466d2574f50a7f48e9261646257/gnocchi.13fc6003-def9-417b-a860-d22b19745d21/none_v3" "tx2820799fab014b9386945-00697c4f03" "proxy-server 12" 0.0015 "-" 22 0
Jan 30 06:26:11 standalone proxy-server[124018]: 172.18.0.2 ::1 30/Jan/2026/06/26/11 GET /v1/AUTH_8cd39466d2574f50a7f48e9261646257/gnocchi.13fc6003-def9-417b-a860-d22b19745d21/none_v3 HTTP/1.0 200 - python-swiftclient-3.11.1 gAAAAABpfE7lxSBs... - 22 - tx2820799fab014b9386945-00697c4f03 - 0.0099 - - 1769754371.084318876 1769754371.094181299 0
Jan 30 06:26:11 standalone container-server[122029]: 172.20.0.100 - - [30/Jan/2026:06:26:11 +0000] "GET /d1/822/AUTH_8cd39466d2574f50a7f48e9261646257/gnocchi.13fc6003-def9-417b-a860-d22b19745d21" 200 357 "GET http://localhost:8080/v1/AUTH_8cd39466d2574f50a7f48e9261646257/gnocchi.13fc6003-def9-417b-a860-d22b19745d21?format=json&states=listing" "tx5fdd6cc4c6224249b0dce-00697c4f03" "proxy-server 12" 0.0129 "-" 16 0
Jan 30 06:26:11 standalone proxy-server[124018]: 172.18.0.2 ::1 30/Jan/2026/06/26/11 GET /v1/AUTH_8cd39466d2574f50a7f48e9261646257/gnocchi.13fc6003-def9-417b-a860-d22b19745d21%3Fformat%3Djson%26states%3Dlisting HTTP/1.0 200 - python-swiftclient-3.11.1 gAAAAABpfE7lxSBs... - 357 - tx5fdd6cc4c6224249b0dce-00697c4f03 - 0.0205 - - 1769754371.100174189 1769754371.120629549 0
Jan 30 06:26:11 standalone container-server[122038]: 172.20.0.100 - - [30/Jan/2026:06:26:11 +0000] "GET /d1/822/AUTH_8cd39466d2574f50a7f48e9261646257/gnocchi.13fc6003-def9-417b-a860-d22b19745d21" 200 2 "GET http://localhost:8080/v1/AUTH_8cd39466d2574f50a7f48e9261646257/gnocchi.13fc6003-def9-417b-a860-d22b19745d21?format=json&marker=none_v3&states=listing" "tx22dea853822d46d891f10-00697c4f03" "proxy-server 12" 0.0029 "-" 17 0
Jan 30 06:26:11 standalone proxy-server[124018]: 172.18.0.2 ::1 30/Jan/2026/06/26/11 GET /v1/AUTH_8cd39466d2574f50a7f48e9261646257/gnocchi.13fc6003-def9-417b-a860-d22b19745d21%3Fformat%3Djson%26marker%3Dnone_v3%26states%3Dlisting HTTP/1.0 200 - python-swiftclient-3.11.1 gAAAAABpfE7lxSBs... - 2 - tx22dea853822d46d891f10-00697c4f03 - 0.0097 - - 1769754371.124906540 1769754371.134634972 0
Jan 30 06:26:11 standalone object-server[122232]: 172.20.0.100 - - [30/Jan/2026:06:26:11 +0000] "GET /d1/357/AUTH_8cd39466d2574f50a7f48e9261646257/gnocchi.13fc6003-def9-417b-a860-d22b19745d21/1769040000.0_mean_300.0_v3" 200 16 "GET http://localhost:8080/v1/AUTH_8cd39466d2574f50a7f48e9261646257/gnocchi.13fc6003-def9-417b-a860-d22b19745d21/1769040000.0_mean_300.0_v3" "txfdb90cefb23a4bc5b8499-00697c4f03" "proxy-server 12" 0.0014 "-" 24 0
Jan 30 06:26:11 standalone proxy-server[124018]: 172.18.0.2 ::1 30/Jan/2026/06/26/11 GET /v1/AUTH_8cd39466d2574f50a7f48e9261646257/gnocchi.13fc6003-def9-417b-a860-d22b19745d21/1769040000.0_mean_300.0_v3 HTTP/1.0 200 - python-swiftclient-3.11.1 gAAAAABpfE7lxSBs... - 16 - txfdb90cefb23a4bc5b8499-00697c4f03 - 0.0108 - - 1769754371.145211935 1769754371.156048298 0
Jan 30 06:26:11 standalone container-server[122026]: 172.20.0.100 - - [30/Jan/2026:06:26:11 +0000] "PUT /d1/822/AUTH_8cd39466d2574f50a7f48e9261646257/gnocchi.13fc6003-def9-417b-a860-d22b19745d21/1769040000.0_mean_300.0_v3" 201 - "PUT http://localhost:8080/d1/357/AUTH_8cd39466d2574f50a7f48e9261646257/gnocchi.13fc6003-def9-417b-a860-d22b19745d21/1769040000.0_mean_300.0_v3" "txdaf0a350c9ea4146b6cce-00697c4f03" "object-server 23" 0.0008 "-" 15 0
Jan 30 06:26:11 standalone object-server[122229]: 172.20.0.100 - - [30/Jan/2026:06:26:11 +0000] "PUT /d1/357/AUTH_8cd39466d2574f50a7f48e9261646257/gnocchi.13fc6003-def9-417b-a860-d22b19745d21/1769040000.0_mean_300.0_v3" 201 - "PUT http://localhost:8080/v1/AUTH_8cd39466d2574f50a7f48e9261646257/gnocchi.13fc6003-def9-417b-a860-d22b19745d21/1769040000.0_mean_300.0_v3" "txdaf0a350c9ea4146b6cce-00697c4f03" "proxy-server 12" 0.0108 "-" 23 0
Jan 30 06:26:11 standalone proxy-server[124018]: 172.18.0.2 ::1 30/Jan/2026/06/26/11 PUT /v1/AUTH_8cd39466d2574f50a7f48e9261646257/gnocchi.13fc6003-def9-417b-a860-d22b19745d21/1769040000.0_mean_300.0_v3 HTTP/1.0 201 - python-swiftclient-3.11.1 gAAAAABpfE7lxSBs... 16 - - txdaf0a350c9ea4146b6cce-00697c4f03 - 0.0167 - - 1769754371.160266638 1769754371.176947117 0
Jan 30 06:26:11 standalone container-server[122029]: 172.20.0.100 - - [30/Jan/2026:06:26:11 +0000] "PUT /d1/822/AUTH_8cd39466d2574f50a7f48e9261646257/gnocchi.13fc6003-def9-417b-a860-d22b19745d21/none_v3" 201 - "PUT http://localhost:8080/d1/997/AUTH_8cd39466d2574f50a7f48e9261646257/gnocchi.13fc6003-def9-417b-a860-d22b19745d21/none_v3" "tx590687d7c0b74c1f93a85-00697c4f03" "object-server 24" 0.0008 "-" 16 0
Jan 30 06:26:11 standalone object-server[122232]: 172.20.0.100 - - [30/Jan/2026:06:26:11 +0000] "PUT /d1/997/AUTH_8cd39466d2574f50a7f48e9261646257/gnocchi.13fc6003-def9-417b-a860-d22b19745d21/none_v3" 201 - "PUT http://localhost:8080/v1/AUTH_8cd39466d2574f50a7f48e9261646257/gnocchi.13fc6003-def9-417b-a860-d22b19745d21/none_v3" "tx590687d7c0b74c1f93a85-00697c4f03" "proxy-server 12" 0.0231 "-" 24 0
Jan 30 06:26:11 standalone proxy-server[124018]: 172.18.0.2 ::1 30/Jan/2026/06/26/11 PUT /v1/AUTH_8cd39466d2574f50a7f48e9261646257/gnocchi.13fc6003-def9-417b-a860-d22b19745d21/none_v3 HTTP/1.0 201 - python-swiftclient-3.11.1 gAAAAABpfE7lxSBs... 32 - - tx590687d7c0b74c1f93a85-00697c4f03 - 0.0301 - - 1769754371.180432081 1769754371.210546017 0
Jan 30 06:26:42 standalone account-server[121992]: 172.20.0.100 - - [30/Jan/2026:06:26:42 +0000] "HEAD /d1/517/AUTH_8cd39466d2574f50a7f48e9261646257" 204 - "HEAD http://localhost:8080/v1/AUTH_8cd39466d2574f50a7f48e9261646257?format=json" "tx229d79efbead4bb9a38ca-00697c4f22" "proxy-server 12" 0.0077 "-" 17 -
Jan 30 06:26:42 standalone proxy-server[124018]: - - 30/Jan/2026/06/26/42 HEAD /v1/AUTH_8cd39466d2574f50a7f48e9261646257%3Fformat%3Djson HTTP/1.0 204 - Swift - - - - tx229d79efbead4bb9a38ca-00697c4f22 - 0.0142 RL - 1769754402.854679585 1769754402.868861675 -
Jan 30 06:26:42 standalone container-server[122029]: 172.20.0.100 - - [30/Jan/2026:06:26:42 +0000] "HEAD /d1/930/AUTH_8cd39466d2574f50a7f48e9261646257/glance" 204 - "HEAD http://localhost:8080/v1/AUTH_8cd39466d2574f50a7f48e9261646257/glance?format=json&states=listing" "tx229d79efbead4bb9a38ca-00697c4f22" "proxy-server 12" 0.0078 "-" 16 0
Jan 30 06:26:42 standalone object-server[122233]: 172.20.0.100 - - [30/Jan/2026:06:26:42 +0000] "GET /d1/366/AUTH_8cd39466d2574f50a7f48e9261646257/glance/4d184197-b599-4cb1-b85c-f5fa18a38868" 200 - "GET http://localhost:8080/v1/AUTH_8cd39466d2574f50a7f48e9261646257/glance/4d184197-b599-4cb1-b85c-f5fa18a38868" "tx229d79efbead4bb9a38ca-00697c4f22" "proxy-server 12" 0.0018 "-" 25 0
Jan 30 06:26:43 standalone container-server[122029]: 172.20.0.100 - - [30/Jan/2026:06:26:42 +0000] "GET /d1/930/AUTH_8cd39466d2574f50a7f48e9261646257/glance" 200 210 "GET http://localhost:8080/v1/AUTH_8cd39466d2574f50a7f48e9261646257/glance?prefix=4d184197-b599-4cb1-b85c-f5fa18a38868-&format=json&states=listing" "tx229d79efbead4bb9a38ca-00697c4f22" "proxy-server 12" 0.0038 "-" 16 0
Jan 30 06:26:43 standalone proxy-server[124018]: - - 30/Jan/2026/06/26/43 GET /v1/AUTH_8cd39466d2574f50a7f48e9261646257/glance%3Fprefix%3D4d184197-b599-4cb1-b85c-f5fa18a38868-%26format%3Djson%26states%3Dlisting HTTP/1.0 200 - python-swiftclient-3.11.1%20DLO%20MultipartGET gAAAAABpfE8iGuTM... - 210 - tx229d79efbead4bb9a38ca-00697c4f22 - 0.0082 DLO - 1769754402.993975878 1769754403.002176046 0
Jan 30 06:26:43 standalone object-server[122233]: 172.20.0.100 - - [30/Jan/2026:06:26:43 +0000] "GET /d1/840/AUTH_8cd39466d2574f50a7f48e9261646257/glance/4d184197-b599-4cb1-b85c-f5fa18a38868-00001" 200 21692416 "GET http://localhost:8080/v1/AUTH_8cd39466d2574f50a7f48e9261646257/glance/4d184197-b599-4cb1-b85c-f5fa18a38868-00001?multipart-manifest=get" "tx229d79efbead4bb9a38ca-00697c4f22" "proxy-server 12" 0.0009 "-" 25 0
Jan 30 06:26:43 standalone proxy-server[124018]: - - 30/Jan/2026/06/26/43 GET /v1/AUTH_8cd39466d2574f50a7f48e9261646257/glance/4d184197-b599-4cb1-b85c-f5fa18a38868-00001%3Fmultipart-manifest%3Dget HTTP/1.0 200 - python-swiftclient-3.11.1%20%20DLO%20MultipartGET gAAAAABpfE8iGuTM... - 21692416 - tx229d79efbead4bb9a38ca-00697c4f22 - 0.1372 DLO - 1769754403.004234791 1769754403.141423941 0
Jan 30 06:26:43 standalone proxy-server[124018]: 172.18.0.2 ::1 30/Jan/2026/06/26/43 GET /v1/AUTH_8cd39466d2574f50a7f48e9261646257/glance/4d184197-b599-4cb1-b85c-f5fa18a38868 HTTP/1.0 200 - python-swiftclient-3.11.1 gAAAAABpfE8iGuTM... - 21692416 - tx229d79efbead4bb9a38ca-00697c4f22 - 0.2886 - - 1769754402.853401899 1769754403.141967535 0
Jan 30 06:26:44 standalone container-server[122029]: 172.20.0.100 - - [30/Jan/2026:06:26:44 +0000] "HEAD /d1/225/AUTH_8cd39466d2574f50a7f48e9261646257/gnocchi.9f839d8f-7836-47eb-bc04-5a6117092f37" 404 - "HEAD http://localhost:8080/v1/AUTH_8cd39466d2574f50a7f48e9261646257/gnocchi.9f839d8f-7836-47eb-bc04-5a6117092f37?format=json&states=listing" "txa8a8d913dfde436295769-00697c4f24" "proxy-server 12" 0.0006 "-" 16 0
Jan 30 06:26:44 standalone object-server[122233]: 172.20.0.100 - - [30/Jan/2026:06:26:44 +0000] "GET /d1/282/AUTH_8cd39466d2574f50a7f48e9261646257/gnocchi.9f839d8f-7836-47eb-bc04-5a6117092f37/none_v3" 404 70 "GET http://localhost:8080/v1/AUTH_8cd39466d2574f50a7f48e9261646257/gnocchi.9f839d8f-7836-47eb-bc04-5a6117092f37/none_v3" "txa8a8d913dfde436295769-00697c4f24" "proxy-server 12" 0.0004 "-" 25 0
Jan 30 06:26:44 standalone proxy-server[124018]: 172.18.0.2 ::1 30/Jan/2026/06/26/44 GET /v1/AUTH_8cd39466d2574f50a7f48e9261646257/gnocchi.9f839d8f-7836-47eb-bc04-5a6117092f37/none_v3 HTTP/1.0 404 - python-swiftclient-3.11.1 gAAAAABpfE7lxSBs... - 70 - txa8a8d913dfde436295769-00697c4f24 - 0.0185 - - 1769754404.138181686 1769754404.156731606 0
Jan 30 06:26:44 standalone account-server[121989]: 172.20.0.100 - - [30/Jan/2026:06:26:44 +0000] "PUT /d1/517/AUTH_8cd39466d2574f50a7f48e9261646257/gnocchi.9f839d8f-7836-47eb-bc04-5a6117092f37" 201 - "PUT http://172.20.0.100:6001/d1/225/AUTH_8cd39466d2574f50a7f48e9261646257/gnocchi.9f839d8f-7836-47eb-bc04-5a6117092f37" "txe87a8bb7c16a4398a65c9-00697c4f24" "container-server 14" 0.0032 "-" 16 0
Jan 30 06:26:44 standalone container-server[122023]: 172.20.0.100 - - [30/Jan/2026:06:26:44 +0000] "PUT /d1/225/AUTH_8cd39466d2574f50a7f48e9261646257/gnocchi.9f839d8f-7836-47eb-bc04-5a6117092f37" 201 - "PUT http://localhost:8080/v1/AUTH_8cd39466d2574f50a7f48e9261646257/gnocchi.9f839d8f-7836-47eb-bc04-5a6117092f37" "txe87a8bb7c16a4398a65c9-00697c4f24" "proxy-server 12" 0.0178 "-" 14 0
Jan 30 06:26:44 standalone proxy-server[124018]: 172.18.0.2 ::1 30/Jan/2026/06/26/44 PUT /v1/AUTH_8cd39466d2574f50a7f48e9261646257/gnocchi.9f839d8f-7836-47eb-bc04-5a6117092f37 HTTP/1.0 201 - python-swiftclient-3.11.1 gAAAAABpfE7lxSBs... - - - txe87a8bb7c16a4398a65c9-00697c4f24 - 0.0269 - - 1769754404.162755251 1769754404.189640045 0
Jan 30 06:26:44 standalone container-server[122038]: 172.20.0.100 - - [30/Jan/2026:06:26:44 +0000] "HEAD /d1/225/AUTH_8cd39466d2574f50a7f48e9261646257/gnocchi.9f839d8f-7836-47eb-bc04-5a6117092f37" 204 - "HEAD http://localhost:8080/v1/AUTH_8cd39466d2574f50a7f48e9261646257/gnocchi.9f839d8f-7836-47eb-bc04-5a6117092f37?format=json&states=listing" "txeb28ca5b116345518899c-00697c4f24" "proxy-server 12" 0.0012 "-" 17 0
Jan 30 06:26:44 standalone proxy-server[124018]: - - 30/Jan/2026/06/26/44 HEAD /v1/AUTH_8cd39466d2574f50a7f48e9261646257/gnocchi.9f839d8f-7836-47eb-bc04-5a6117092f37%3Fformat%3Djson%26states%3Dlisting HTTP/1.0 204 - Swift - - - - txeb28ca5b116345518899c-00697c4f24 - 0.0110 RL - 1769754404.196986437 1769754404.208030462 0
Jan 30 06:26:44 standalone container-server[122023]: 172.20.0.100 - - [30/Jan/2026:06:26:44 +0000] "GET /d1/225/AUTH_8cd39466d2574f50a7f48e9261646257/gnocchi.9f839d8f-7836-47eb-bc04-5a6117092f37" 200 2 "GET http://localhost:8080/v1/AUTH_8cd39466d2574f50a7f48e9261646257/gnocchi.9f839d8f-7836-47eb-bc04-5a6117092f37?format=json&states=listing" "txeb28ca5b116345518899c-00697c4f24" "proxy-server 12" 0.0040 "-" 14 0
Jan 30 06:26:44 standalone proxy-server[124018]: 172.18.0.2 ::1 30/Jan/2026/06/26/44 GET /v1/AUTH_8cd39466d2574f50a7f48e9261646257/gnocchi.9f839d8f-7836-47eb-bc04-5a6117092f37%3Fformat%3Djson%26states%3Dlisting HTTP/1.0 200 - python-swiftclient-3.11.1 gAAAAABpfE7lxSBs... - 2 - txeb28ca5b116345518899c-00697c4f24 - 0.0273 - - 1769754404.194952965 1769754404.222262621 0
Jan 30 06:26:44 standalone object-server[122228]: 172.20.0.100 - - [30/Jan/2026:06:26:44 +0000] "GET /d1/187/AUTH_8cd39466d2574f50a7f48e9261646257/gnocchi.9f839d8f-7836-47eb-bc04-5a6117092f37/1769040000.0_mean_300.0_v3" 404 70 "GET http://localhost:8080/v1/AUTH_8cd39466d2574f50a7f48e9261646257/gnocchi.9f839d8f-7836-47eb-bc04-5a6117092f37/1769040000.0_mean_300.0_v3" "tx8da15af849514435b291d-00697c4f24" "proxy-server 12" 0.0004 "-" 22 0
Jan 30 06:26:44 standalone proxy-server[124018]: 172.18.0.2 ::1 30/Jan/2026/06/26/44 GET /v1/AUTH_8cd39466d2574f50a7f48e9261646257/gnocchi.9f839d8f-7836-47eb-bc04-5a6117092f37/1769040000.0_mean_300.0_v3 HTTP/1.0 404 - python-swiftclient-3.11.1 gAAAAABpfE7lxSBs... - 70 - tx8da15af849514435b291d-00697c4f24 - 0.0123 - - 1769754404.228661060 1769754404.240978956 0
Jan 30 06:26:44 standalone container-server[122023]: 172.20.0.100 - - [30/Jan/2026:06:26:44 +0000] "PUT /d1/225/AUTH_8cd39466d2574f50a7f48e9261646257/gnocchi.9f839d8f-7836-47eb-bc04-5a6117092f37/1769040000.0_mean_300.0_v3" 201 - "PUT http://localhost:8080/d1/187/AUTH_8cd39466d2574f50a7f48e9261646257/gnocchi.9f839d8f-7836-47eb-bc04-5a6117092f37/1769040000.0_mean_300.0_v3" "tx1f6b33e7243543d49b32d-00697c4f24" "object-server 22" 0.0010 "-" 14 0
Jan 30 06:26:44 standalone object-server[122228]: 172.20.0.100 - - [30/Jan/2026:06:26:44 +0000] "PUT /d1/187/AUTH_8cd39466d2574f50a7f48e9261646257/gnocchi.9f839d8f-7836-47eb-bc04-5a6117092f37/1769040000.0_mean_300.0_v3" 201 - "PUT http://localhost:8080/v1/AUTH_8cd39466d2574f50a7f48e9261646257/gnocchi.9f839d8f-7836-47eb-bc04-5a6117092f37/1769040000.0_mean_300.0_v3" "tx1f6b33e7243543d49b32d-00697c4f24" "proxy-server 12" 0.0123 "-" 22 0
Jan 30 06:26:44 standalone proxy-server[124018]: 172.18.0.2 ::1 30/Jan/2026/06/26/44 PUT /v1/AUTH_8cd39466d2574f50a7f48e9261646257/gnocchi.9f839d8f-7836-47eb-bc04-5a6117092f37/1769040000.0_mean_300.0_v3 HTTP/1.0 201 - python-swiftclient-3.11.1 gAAAAABpfE7lxSBs... 16 - - tx1f6b33e7243543d49b32d-00697c4f24 - 0.0239 - - 1769754404.260237932 1769754404.284109116 0
Jan 30 06:26:44 standalone container-server[122029]: 172.20.0.100 - - [30/Jan/2026:06:26:44 +0000] "PUT /d1/225/AUTH_8cd39466d2574f50a7f48e9261646257/gnocchi.9f839d8f-7836-47eb-bc04-5a6117092f37/none_v3" 201 - "PUT http://localhost:8080/d1/282/AUTH_8cd39466d2574f50a7f48e9261646257/gnocchi.9f839d8f-7836-47eb-bc04-5a6117092f37/none_v3" "tx819e260797234c27b7217-00697c4f24" "object-server 23" 0.0007 "-" 16 0
Jan 30 06:26:44 standalone object-server[122229]: 172.20.0.100 - - [30/Jan/2026:06:26:44 +0000] "PUT /d1/282/AUTH_8cd39466d2574f50a7f48e9261646257/gnocchi.9f839d8f-7836-47eb-bc04-5a6117092f37/none_v3" 201 - "PUT http://localhost:8080/v1/AUTH_8cd39466d2574f50a7f48e9261646257/gnocchi.9f839d8f-7836-47eb-bc04-5a6117092f37/none_v3" "tx819e260797234c27b7217-00697c4f24" "proxy-server 12" 0.0139 "-" 23 0
Jan 30 06:26:44 standalone proxy-server[124018]: 172.18.0.2 ::1 30/Jan/2026/06/26/44 PUT /v1/AUTH_8cd39466d2574f50a7f48e9261646257/gnocchi.9f839d8f-7836-47eb-bc04-5a6117092f37/none_v3 HTTP/1.0 201 - python-swiftclient-3.11.1 gAAAAABpfE7lxSBs... 22 - - tx819e260797234c27b7217-00697c4f24 - 0.0282 - - 1769754404.290521622 1769754404.318681002 0
Jan 30 06:26:44 standalone container-server[122038]: 172.20.0.100 - - [30/Jan/2026:06:26:44 +0000] "HEAD /d1/118/AUTH_8cd39466d2574f50a7f48e9261646257/gnocchi.e6513ffe-a6cb-4546-a7d7-78bcbce13492" 404 - "HEAD http://localhost:8080/v1/AUTH_8cd39466d2574f50a7f48e9261646257/gnocchi.e6513ffe-a6cb-4546-a7d7-78bcbce13492?format=json&states=listing" "tx280f5a83c76946f4ab75c-00697c4f24" "proxy-server 12" 0.0003 "-" 17 0
Jan 30 06:26:44 standalone object-server[122232]: 172.20.0.100 - - [30/Jan/2026:06:26:44 +0000] "GET /d1/680/AUTH_8cd39466d2574f50a7f48e9261646257/gnocchi.e6513ffe-a6cb-4546-a7d7-78bcbce13492/none_v3" 404 70 "GET http://localhost:8080/v1/AUTH_8cd39466d2574f50a7f48e9261646257/gnocchi.e6513ffe-a6cb-4546-a7d7-78bcbce13492/none_v3" "tx280f5a83c76946f4ab75c-00697c4f24" "proxy-server 12" 0.0006 "-" 24 0
Jan 30 06:26:44 standalone proxy-server[124018]: 172.18.0.2 ::1 30/Jan/2026/06/26/44 GET /v1/AUTH_8cd39466d2574f50a7f48e9261646257/gnocchi.e6513ffe-a6cb-4546-a7d7-78bcbce13492/none_v3 HTTP/1.0 404 - python-swiftclient-3.11.1 gAAAAABpfE7lxSBs... - 70 - tx280f5a83c76946f4ab75c-00697c4f24 - 0.0113 - - 1769754404.335830212 1769754404.347101927 0
Jan 30 06:26:44 standalone account-server[121979]: 172.20.0.100 - - [30/Jan/2026:06:26:44 +0000] "PUT /d1/517/AUTH_8cd39466d2574f50a7f48e9261646257/gnocchi.e6513ffe-a6cb-4546-a7d7-78bcbce13492" 201 - "PUT http://172.20.0.100:6001/d1/118/AUTH_8cd39466d2574f50a7f48e9261646257/gnocchi.e6513ffe-a6cb-4546-a7d7-78bcbce13492" "tx1b8a1561ce414fb1bd28c-00697c4f24" "container-server 17" 0.0041 "-" 15 0
Jan 30 06:26:44 standalone container-server[122038]: 172.20.0.100 - - [30/Jan/2026:06:26:44 +0000] "PUT /d1/118/AUTH_8cd39466d2574f50a7f48e9261646257/gnocchi.e6513ffe-a6cb-4546-a7d7-78bcbce13492" 201 - "PUT http://localhost:8080/v1/AUTH_8cd39466d2574f50a7f48e9261646257/gnocchi.e6513ffe-a6cb-4546-a7d7-78bcbce13492" "tx1b8a1561ce414fb1bd28c-00697c4f24" "proxy-server 12" 0.0123 "-" 17 0
Jan 30 06:26:44 standalone proxy-server[124018]: 172.18.0.2 ::1 30/Jan/2026/06/26/44 PUT /v1/AUTH_8cd39466d2574f50a7f48e9261646257/gnocchi.e6513ffe-a6cb-4546-a7d7-78bcbce13492 HTTP/1.0 201 - python-swiftclient-3.11.1 gAAAAABpfE7lxSBs... - - - tx1b8a1561ce414fb1bd28c-00697c4f24 - 0.0256 - - 1769754404.351343870 1769754404.376936197 0
Jan 30 06:26:44 standalone container-server[122026]: 172.20.0.100 - - [30/Jan/2026:06:26:44 +0000] "HEAD /d1/118/AUTH_8cd39466d2574f50a7f48e9261646257/gnocchi.e6513ffe-a6cb-4546-a7d7-78bcbce13492" 204 - "HEAD http://localhost:8080/v1/AUTH_8cd39466d2574f50a7f48e9261646257/gnocchi.e6513ffe-a6cb-4546-a7d7-78bcbce13492?format=json&states=listing" "txde829aeafd54429f9e3af-00697c4f24" "proxy-server 12" 0.0012 "-" 15 0
Jan 30 06:26:44 standalone proxy-server[124018]: - - 30/Jan/2026/06/26/44 HEAD /v1/AUTH_8cd39466d2574f50a7f48e9261646257/gnocchi.e6513ffe-a6cb-4546-a7d7-78bcbce13492%3Fformat%3Djson%26states%3Dlisting HTTP/1.0 204 - Swift - - - - txde829aeafd54429f9e3af-00697c4f24 - 0.0037 RL - 1769754404.381476641 1769754404.385194302 0
Jan 30 06:26:44 standalone container-server[122026]: 172.20.0.100 - - [30/Jan/2026:06:26:44 +0000] "GET /d1/118/AUTH_8cd39466d2574f50a7f48e9261646257/gnocchi.e6513ffe-a6cb-4546-a7d7-78bcbce13492" 200 2 "GET http://localhost:8080/v1/AUTH_8cd39466d2574f50a7f48e9261646257/gnocchi.e6513ffe-a6cb-4546-a7d7-78bcbce13492?format=json&states=listing" "txde829aeafd54429f9e3af-00697c4f24" "proxy-server 12" 0.0016 "-" 15 0
Jan 30 06:26:44 standalone proxy-server[124018]: 172.18.0.2 ::1 30/Jan/2026/06/26/44 GET /v1/AUTH_8cd39466d2574f50a7f48e9261646257/gnocchi.e6513ffe-a6cb-4546-a7d7-78bcbce13492%3Fformat%3Djson%26states%3Dlisting HTTP/1.0 200 - python-swiftclient-3.11.1 gAAAAABpfE7lxSBs... - 2 - txde829aeafd54429f9e3af-00697c4f24 - 0.0101 - - 1769754404.380606651 1769754404.390683174 0
Jan 30 06:26:44 standalone object-server[122229]: 172.20.0.100 - - [30/Jan/2026:06:26:44 +0000] "GET /d1/568/AUTH_8cd39466d2574f50a7f48e9261646257/gnocchi.e6513ffe-a6cb-4546-a7d7-78bcbce13492/1769040000.0_mean_300.0_v3" 404 70 "GET http://localhost:8080/v1/AUTH_8cd39466d2574f50a7f48e9261646257/gnocchi.e6513ffe-a6cb-4546-a7d7-78bcbce13492/1769040000.0_mean_300.0_v3" "tx8d02f307c74d4259a0665-00697c4f24" "proxy-server 12" 0.0004 "-" 23 0
Jan 30 06:26:44 standalone proxy-server[124018]: 172.18.0.2 ::1 30/Jan/2026/06/26/44 GET /v1/AUTH_8cd39466d2574f50a7f48e9261646257/gnocchi.e6513ffe-a6cb-4546-a7d7-78bcbce13492/1769040000.0_mean_300.0_v3 HTTP/1.0 404 - python-swiftclient-3.11.1 gAAAAABpfE7lxSBs... - 70 - tx8d02f307c74d4259a0665-00697c4f24 - 0.0046 - - 1769754404.394224882 1769754404.398812532 0
Jan 30 06:26:44 standalone container-server[122029]: 172.20.0.100 - - [30/Jan/2026:06:26:44 +0000] "PUT /d1/118/AUTH_8cd39466d2574f50a7f48e9261646257/gnocchi.e6513ffe-a6cb-4546-a7d7-78bcbce13492/1769040000.0_mean_300.0_v3" 201 - "PUT http://localhost:8080/d1/568/AUTH_8cd39466d2574f50a7f48e9261646257/gnocchi.e6513ffe-a6cb-4546-a7d7-78bcbce13492/1769040000.0_mean_300.0_v3" "tx1c7623f9757045fd94889-00697c4f24" "object-server 23" 0.0006 "-" 16 0
Jan 30 06:26:44 standalone object-server[122229]: 172.20.0.100 - - [30/Jan/2026:06:26:44 +0000] "PUT /d1/568/AUTH_8cd39466d2574f50a7f48e9261646257/gnocchi.e6513ffe-a6cb-4546-a7d7-78bcbce13492/1769040000.0_mean_300.0_v3" 201 - "PUT http://localhost:8080/v1/AUTH_8cd39466d2574f50a7f48e9261646257/gnocchi.e6513ffe-a6cb-4546-a7d7-78bcbce13492/1769040000.0_mean_300.0_v3" "tx1c7623f9757045fd94889-00697c4f24" "proxy-server 12" 0.0092 "-" 23 0
Jan 30 06:26:44 standalone proxy-server[124018]: 172.18.0.2 ::1 30/Jan/2026/06/26/44 PUT /v1/AUTH_8cd39466d2574f50a7f48e9261646257/gnocchi.e6513ffe-a6cb-4546-a7d7-78bcbce13492/1769040000.0_mean_300.0_v3 HTTP/1.0 201 - python-swiftclient-3.11.1 gAAAAABpfE7lxSBs... 16 - - tx1c7623f9757045fd94889-00697c4f24 - 0.0135 - - 1769754404.402756929 1769754404.416270494 0
Jan 30 06:26:44 standalone container-server[122029]: 172.20.0.100 - - [30/Jan/2026:06:26:44 +0000] "PUT /d1/118/AUTH_8cd39466d2574f50a7f48e9261646257/gnocchi.e6513ffe-a6cb-4546-a7d7-78bcbce13492/none_v3" 201 - "PUT http://localhost:8080/d1/680/AUTH_8cd39466d2574f50a7f48e9261646257/gnocchi.e6513ffe-a6cb-4546-a7d7-78bcbce13492/none_v3" "tx6f9286702dcb46b1ae6a7-00697c4f24" "object-server 23" 0.0005 "-" 16 0
Jan 30 06:26:44 standalone object-server[122229]: 172.20.0.100 - - [30/Jan/2026:06:26:44 +0000] "PUT /d1/680/AUTH_8cd39466d2574f50a7f48e9261646257/gnocchi.e6513ffe-a6cb-4546-a7d7-78bcbce13492/none_v3" 201 - "PUT http://localhost:8080/v1/AUTH_8cd39466d2574f50a7f48e9261646257/gnocchi.e6513ffe-a6cb-4546-a7d7-78bcbce13492/none_v3" "tx6f9286702dcb46b1ae6a7-00697c4f24" "proxy-server 12" 0.0134 "-" 23 0
Jan 30 06:26:44 standalone proxy-server[124018]: 172.18.0.2 ::1 30/Jan/2026/06/26/44 PUT /v1/AUTH_8cd39466d2574f50a7f48e9261646257/gnocchi.e6513ffe-a6cb-4546-a7d7-78bcbce13492/none_v3 HTTP/1.0 201 - python-swiftclient-3.11.1 gAAAAABpfE7lxSBs... 22 - - tx6f9286702dcb46b1ae6a7-00697c4f24 - 0.0181 - - 1769754404.422445059 1769754404.440575838 0
Jan 30 06:26:47 standalone container-server[122029]: 172.20.0.100 - - [30/Jan/2026:06:26:47 +0000] "HEAD /d1/174/AUTH_8cd39466d2574f50a7f48e9261646257/gnocchi.9f309b09-e36b-4460-b6b0-c80c28e8cd7c" 404 - "HEAD http://localhost:8080/v1/AUTH_8cd39466d2574f50a7f48e9261646257/gnocchi.9f309b09-e36b-4460-b6b0-c80c28e8cd7c?format=json&states=listing" "tx560f02fe35ba4764a2582-00697c4f27" "proxy-server 12" 0.0013 "-" 16 0
Jan 30 06:26:47 standalone object-server[122229]: 172.20.0.100 - - [30/Jan/2026:06:26:47 +0000] "GET /d1/289/AUTH_8cd39466d2574f50a7f48e9261646257/gnocchi.9f309b09-e36b-4460-b6b0-c80c28e8cd7c/none_v3" 404 70 "GET http://localhost:8080/v1/AUTH_8cd39466d2574f50a7f48e9261646257/gnocchi.9f309b09-e36b-4460-b6b0-c80c28e8cd7c/none_v3" "tx560f02fe35ba4764a2582-00697c4f27" "proxy-server 12" 0.0009 "-" 23 0
Jan 30 06:26:47 standalone proxy-server[124018]: 172.18.0.2 ::1 30/Jan/2026/06/26/47 GET /v1/AUTH_8cd39466d2574f50a7f48e9261646257/gnocchi.9f309b09-e36b-4460-b6b0-c80c28e8cd7c/none_v3 HTTP/1.0 404 - python-swiftclient-3.11.1 gAAAAABpfE7lxSBs... - 70 - tx560f02fe35ba4764a2582-00697c4f27 - 0.0153 - - 1769754407.808176756 1769754407.823524952 0
Jan 30 06:26:47 standalone account-server[121992]: 172.20.0.100 - - [30/Jan/2026:06:26:47 +0000] "PUT /d1/517/AUTH_8cd39466d2574f50a7f48e9261646257/gnocchi.9f309b09-e36b-4460-b6b0-c80c28e8cd7c" 201 - "PUT http://172.20.0.100:6001/d1/174/AUTH_8cd39466d2574f50a7f48e9261646257/gnocchi.9f309b09-e36b-4460-b6b0-c80c28e8cd7c" "txe38bedeac51d4bb590ffb-00697c4f27" "container-server 15" 0.0052 "-" 17 0
Jan 30 06:26:47 standalone container-server[122026]: 172.20.0.100 - - [30/Jan/2026:06:26:47 +0000] "PUT /d1/174/AUTH_8cd39466d2574f50a7f48e9261646257/gnocchi.9f309b09-e36b-4460-b6b0-c80c28e8cd7c" 201 - "PUT http://localhost:8080/v1/AUTH_8cd39466d2574f50a7f48e9261646257/gnocchi.9f309b09-e36b-4460-b6b0-c80c28e8cd7c" "txe38bedeac51d4bb590ffb-00697c4f27" "proxy-server 12" 0.0189 "-" 15 0
Jan 30 06:26:47 standalone proxy-server[124018]: 172.18.0.2 ::1 30/Jan/2026/06/26/47 PUT /v1/AUTH_8cd39466d2574f50a7f48e9261646257/gnocchi.9f309b09-e36b-4460-b6b0-c80c28e8cd7c HTTP/1.0 201 - python-swiftclient-3.11.1 gAAAAABpfE7lxSBs... - - - txe38bedeac51d4bb590ffb-00697c4f27 - 0.0254 - - 1769754407.827230215 1769754407.852606535 0
Jan 30 06:26:47 standalone container-server[122029]: 172.20.0.100 - - [30/Jan/2026:06:26:47 +0000] "HEAD /d1/174/AUTH_8cd39466d2574f50a7f48e9261646257/gnocchi.9f309b09-e36b-4460-b6b0-c80c28e8cd7c" 204 - "HEAD http://localhost:8080/v1/AUTH_8cd39466d2574f50a7f48e9261646257/gnocchi.9f309b09-e36b-4460-b6b0-c80c28e8cd7c?format=json&states=listing" "tx9061ce9245a347b59e33f-00697c4f27" "proxy-server 12" 0.0026 "-" 16 0
Jan 30 06:26:47 standalone proxy-server[124018]: - - 30/Jan/2026/06/26/47 HEAD /v1/AUTH_8cd39466d2574f50a7f48e9261646257/gnocchi.9f309b09-e36b-4460-b6b0-c80c28e8cd7c%3Fformat%3Djson%26states%3Dlisting HTTP/1.0 204 - Swift - - - - tx9061ce9245a347b59e33f-00697c4f27 - 0.0067 RL - 1769754407.857566357 1769754407.864293098 0
