Jan 1 09:47:51 standalone container-server[122330]: 172.20.0.100 - - [01/Jan/2026:09:47:51 +0000] "HEAD /d1/210/AUTH_f80f2090014a42cebdf9493caf59839f/gnocchi.8ccf0e03-b690-42f1-b9e5-8604872e8cc0" 204 - "HEAD http://localhost:8080/v1/AUTH_f80f2090014a42cebdf9493caf59839f/gnocchi.8ccf0e03-b690-42f1-b9e5-8604872e8cc0?format=json&states=listing" "tx99602722f68345cc9b45e-00695642c7" "proxy-server 21" 0.0035 "-" 22 0
Jan 1 09:47:51 standalone proxy-server[124145]: - - 01/Jan/2026/09/47/51 HEAD /v1/AUTH_f80f2090014a42cebdf9493caf59839f/gnocchi.8ccf0e03-b690-42f1-b9e5-8604872e8cc0%3Fformat%3Djson%26states%3Dlisting HTTP/1.0 204 - Swift - - - - tx99602722f68345cc9b45e-00695642c7 - 0.0127 RL - 1767260871.011552095 1767260871.024231195 0
Jan 1 09:47:51 standalone container-server[122298]: 172.20.0.100 - - [01/Jan/2026:09:47:51 +0000] "GET /d1/210/AUTH_f80f2090014a42cebdf9493caf59839f/gnocchi.8ccf0e03-b690-42f1-b9e5-8604872e8cc0" 200 2 "GET http://localhost:8080/v1/AUTH_f80f2090014a42cebdf9493caf59839f/gnocchi.8ccf0e03-b690-42f1-b9e5-8604872e8cc0?format=json&states=listing" "tx99602722f68345cc9b45e-00695642c7" "proxy-server 21" 0.0060 "-" 20 0
Jan 1 09:47:51 standalone proxy-server[124145]: 172.18.0.2 ::1 01/Jan/2026/09/47/51 GET /v1/AUTH_f80f2090014a42cebdf9493caf59839f/gnocchi.8ccf0e03-b690-42f1-b9e5-8604872e8cc0%3Fformat%3Djson%26states%3Dlisting HTTP/1.0 200 - python-swiftclient-3.11.1 gAAAAABpVkKEZUB5... - 2 - tx99602722f68345cc9b45e-00695642c7 - 0.0311 - - 1767260871.008576155 1767260871.039673328 0
Jan 1 09:47:51 standalone object-server[122447]: 172.20.0.100 - - [01/Jan/2026:09:47:51 +0000] "GET /d1/367/AUTH_f80f2090014a42cebdf9493caf59839f/gnocchi.8ccf0e03-b690-42f1-b9e5-8604872e8cc0/1766880000.0_mean_300.0_v3" 404 70 "GET http://localhost:8080/v1/AUTH_f80f2090014a42cebdf9493caf59839f/gnocchi.8ccf0e03-b690-42f1-b9e5-8604872e8cc0/1766880000.0_mean_300.0_v3" "tx1497fd8dce984ac58504d-00695642c7" "proxy-server 21" 0.0004 "-" 23 0
Jan 1 09:47:51 standalone proxy-server[124145]: 172.18.0.2 ::1 01/Jan/2026/09/47/51 GET /v1/AUTH_f80f2090014a42cebdf9493caf59839f/gnocchi.8ccf0e03-b690-42f1-b9e5-8604872e8cc0/1766880000.0_mean_300.0_v3 HTTP/1.0 404 - python-swiftclient-3.11.1 gAAAAABpVkKEZUB5... - 70 - tx1497fd8dce984ac58504d-00695642c7 - 0.0090 - - 1767260871.049186468 1767260871.058160305 0
Jan 1 09:47:51 standalone container-server[122334]: 172.20.0.100 - - [01/Jan/2026:09:47:51 +0000] "PUT /d1/210/AUTH_f80f2090014a42cebdf9493caf59839f/gnocchi.8ccf0e03-b690-42f1-b9e5-8604872e8cc0/1766880000.0_mean_300.0_v3" 201 - "PUT http://localhost:8080/d1/367/AUTH_f80f2090014a42cebdf9493caf59839f/gnocchi.8ccf0e03-b690-42f1-b9e5-8604872e8cc0/1766880000.0_mean_300.0_v3" "tx6bf8cda52057466e946f8-00695642c7" "object-server 21" 0.0005 "-" 23 0
Jan 1 09:47:51 standalone object-server[122437]: 172.20.0.100 - - [01/Jan/2026:09:47:51 +0000] "PUT /d1/367/AUTH_f80f2090014a42cebdf9493caf59839f/gnocchi.8ccf0e03-b690-42f1-b9e5-8604872e8cc0/1766880000.0_mean_300.0_v3" 201 - "PUT http://localhost:8080/v1/AUTH_f80f2090014a42cebdf9493caf59839f/gnocchi.8ccf0e03-b690-42f1-b9e5-8604872e8cc0/1766880000.0_mean_300.0_v3" "tx6bf8cda52057466e946f8-00695642c7" "proxy-server 21" 0.0105 "-" 21 0
Jan 1 09:47:51 standalone proxy-server[124145]: 172.18.0.2 ::1 01/Jan/2026/09/47/51 PUT /v1/AUTH_f80f2090014a42cebdf9493caf59839f/gnocchi.8ccf0e03-b690-42f1-b9e5-8604872e8cc0/1766880000.0_mean_300.0_v3 HTTP/1.0 201 - python-swiftclient-3.11.1 gAAAAABpVkKEZUB5... 16 - - tx6bf8cda52057466e946f8-00695642c7 - 0.0173 - - 1767260871.063405037 1767260871.080698252 0
Jan 1 09:47:51 standalone container-server[122330]: 172.20.0.100 - - [01/Jan/2026:09:47:51 +0000] "PUT /d1/210/AUTH_f80f2090014a42cebdf9493caf59839f/gnocchi.8ccf0e03-b690-42f1-b9e5-8604872e8cc0/none_v3" 201 - "PUT http://localhost:8080/d1/531/AUTH_f80f2090014a42cebdf9493caf59839f/gnocchi.8ccf0e03-b690-42f1-b9e5-8604872e8cc0/none_v3" "tx3a246e26e6b6477b8e135-00695642c7" "object-server 23" 0.0012 "-" 22 0
Jan 1 09:47:51 standalone object-server[122447]: 172.20.0.100 - - [01/Jan/2026:09:47:51 +0000] "PUT /d1/531/AUTH_f80f2090014a42cebdf9493caf59839f/gnocchi.8ccf0e03-b690-42f1-b9e5-8604872e8cc0/none_v3" 201 - "PUT http://localhost:8080/v1/AUTH_f80f2090014a42cebdf9493caf59839f/gnocchi.8ccf0e03-b690-42f1-b9e5-8604872e8cc0/none_v3" "tx3a246e26e6b6477b8e135-00695642c7" "proxy-server 21" 0.0144 "-" 23 0
Jan 1 09:47:51 standalone proxy-server[124145]: 172.18.0.2 ::1 01/Jan/2026/09/47/51 PUT /v1/AUTH_f80f2090014a42cebdf9493caf59839f/gnocchi.8ccf0e03-b690-42f1-b9e5-8604872e8cc0/none_v3 HTTP/1.0 201 - python-swiftclient-3.11.1 gAAAAABpVkKEZUB5... 22 - - tx3a246e26e6b6477b8e135-00695642c7 - 0.0202 - - 1767260871.084788799 1767260871.104986906 0
Jan 1 09:47:51 standalone container-server[122301]: 172.20.0.100 - - [01/Jan/2026:09:47:51 +0000] "HEAD /d1/62/AUTH_f80f2090014a42cebdf9493caf59839f/gnocchi.7b946da6-4a49-4bcf-a563-75188899e223" 404 - "HEAD http://localhost:8080/v1/AUTH_f80f2090014a42cebdf9493caf59839f/gnocchi.7b946da6-4a49-4bcf-a563-75188899e223?format=json&states=listing" "tx0105982855cb4ab09a5c1-00695642c7" "proxy-server 21" 0.0003 "-" 21 0
Jan 1 09:47:51 standalone object-server[122435]: 172.20.0.100 - - [01/Jan/2026:09:47:51 +0000] "GET /d1/186/AUTH_f80f2090014a42cebdf9493caf59839f/gnocchi.7b946da6-4a49-4bcf-a563-75188899e223/none_v3" 404 70 "GET http://localhost:8080/v1/AUTH_f80f2090014a42cebdf9493caf59839f/gnocchi.7b946da6-4a49-4bcf-a563-75188899e223/none_v3" "tx0105982855cb4ab09a5c1-00695642c7" "proxy-server 21" 0.0005 "-" 20 0
Jan 1 09:47:51 standalone proxy-server[124145]: 172.18.0.2 ::1 01/Jan/2026/09/47/51 GET /v1/AUTH_f80f2090014a42cebdf9493caf59839f/gnocchi.7b946da6-4a49-4bcf-a563-75188899e223/none_v3 HTTP/1.0 404 - python-swiftclient-3.11.1 gAAAAABpVkKEZUB5... - 70 - tx0105982855cb4ab09a5c1-00695642c7 - 0.0118 - - 1767260871.135639191 1767260871.147483826 0
Jan 1 09:47:51 standalone account-server[122186]: 172.20.0.100 - - [01/Jan/2026:09:47:51 +0000] "PUT /d1/507/AUTH_f80f2090014a42cebdf9493caf59839f/gnocchi.7b946da6-4a49-4bcf-a563-75188899e223" 201 - "PUT http://172.20.0.100:6001/d1/62/AUTH_f80f2090014a42cebdf9493caf59839f/gnocchi.7b946da6-4a49-4bcf-a563-75188899e223" "txadc3d0fb4a3f4b0c80670-00695642c7" "container-server 22" 0.0067 "-" 18 0
Jan 1 09:47:51 standalone container-server[122330]: 172.20.0.100 - - [01/Jan/2026:09:47:51 +0000] "PUT /d1/62/AUTH_f80f2090014a42cebdf9493caf59839f/gnocchi.7b946da6-4a49-4bcf-a563-75188899e223" 201 - "PUT http://localhost:8080/v1/AUTH_f80f2090014a42cebdf9493caf59839f/gnocchi.7b946da6-4a49-4bcf-a563-75188899e223" "txadc3d0fb4a3f4b0c80670-00695642c7" "proxy-server 21" 0.0207 "-" 22 0
Jan 1 09:47:51 standalone proxy-server[124145]: 172.18.0.2 ::1 01/Jan/2026/09/47/51 PUT /v1/AUTH_f80f2090014a42cebdf9493caf59839f/gnocchi.7b946da6-4a49-4bcf-a563-75188899e223 HTTP/1.0 201 - python-swiftclient-3.11.1 gAAAAABpVkKEZUB5... - - - txadc3d0fb4a3f4b0c80670-00695642c7 - 0.0334 - - 1767260871.159913540 1767260871.193353415 0
Jan 1 09:47:51 standalone container-server[122334]: 172.20.0.100 - - [01/Jan/2026:09:47:51 +0000] "HEAD /d1/62/AUTH_f80f2090014a42cebdf9493caf59839f/gnocchi.7b946da6-4a49-4bcf-a563-75188899e223" 204 - "HEAD http://localhost:8080/v1/AUTH_f80f2090014a42cebdf9493caf59839f/gnocchi.7b946da6-4a49-4bcf-a563-75188899e223?format=json&states=listing" "tx5ac5d7ec66d0490e9f790-00695642c7" "proxy-server 21" 0.0011 "-" 23 0
Jan 1 09:47:51 standalone proxy-server[124145]: - - 01/Jan/2026/09/47/51 HEAD /v1/AUTH_f80f2090014a42cebdf9493caf59839f/gnocchi.7b946da6-4a49-4bcf-a563-75188899e223%3Fformat%3Djson%26states%3Dlisting HTTP/1.0 204 - Swift - - - - tx5ac5d7ec66d0490e9f790-00695642c7 - 0.0051 RL - 1767260871.201863766 1767260871.206918955 0
Jan 1 09:47:51 standalone container-server[122301]: 172.20.0.100 - - [01/Jan/2026:09:47:51 +0000] "GET /d1/62/AUTH_f80f2090014a42cebdf9493caf59839f/gnocchi.7b946da6-4a49-4bcf-a563-75188899e223" 200 2 "GET http://localhost:8080/v1/AUTH_f80f2090014a42cebdf9493caf59839f/gnocchi.7b946da6-4a49-4bcf-a563-75188899e223?format=json&states=listing" "tx5ac5d7ec66d0490e9f790-00695642c7" "proxy-server 21" 0.0015 "-" 21 0
Jan 1 09:47:51 standalone proxy-server[124145]: 172.18.0.2 ::1 01/Jan/2026/09/47/51 GET /v1/AUTH_f80f2090014a42cebdf9493caf59839f/gnocchi.7b946da6-4a49-4bcf-a563-75188899e223%3Fformat%3Djson%26states%3Dlisting HTTP/1.0 200 - python-swiftclient-3.11.1 gAAAAABpVkKEZUB5... - 2 - tx5ac5d7ec66d0490e9f790-00695642c7 - 0.0156 - - 1767260871.199673653 1767260871.215312243 0
Jan 1 09:47:51 standalone object-server[122437]: 172.20.0.100 - - [01/Jan/2026:09:47:51 +0000] "GET /d1/33/AUTH_f80f2090014a42cebdf9493caf59839f/gnocchi.7b946da6-4a49-4bcf-a563-75188899e223/1766880000.0_mean_300.0_v3" 404 70 "GET http://localhost:8080/v1/AUTH_f80f2090014a42cebdf9493caf59839f/gnocchi.7b946da6-4a49-4bcf-a563-75188899e223/1766880000.0_mean_300.0_v3" "tx3ca77fd2fc584d989f4c8-00695642c7" "proxy-server 21" 0.0004 "-" 21 0
Jan 1 09:47:51 standalone proxy-server[124145]: 172.18.0.2 ::1 01/Jan/2026/09/47/51 GET /v1/AUTH_f80f2090014a42cebdf9493caf59839f/gnocchi.7b946da6-4a49-4bcf-a563-75188899e223/1766880000.0_mean_300.0_v3 HTTP/1.0 404 - python-swiftclient-3.11.1 gAAAAABpVkKEZUB5... - 70 - tx3ca77fd2fc584d989f4c8-00695642c7 - 0.0070 - - 1767260871.220559120 1767260871.227512360 0
Jan 1 09:47:51 standalone container-server[122330]: 172.20.0.100 - - [01/Jan/2026:09:47:51 +0000] "PUT /d1/62/AUTH_f80f2090014a42cebdf9493caf59839f/gnocchi.7b946da6-4a49-4bcf-a563-75188899e223/1766880000.0_mean_300.0_v3" 201 - "PUT http://localhost:8080/d1/33/AUTH_f80f2090014a42cebdf9493caf59839f/gnocchi.7b946da6-4a49-4bcf-a563-75188899e223/1766880000.0_mean_300.0_v3" "tx74c06a4b13e6455b9c4e0-00695642c7" "object-server 21" 0.0022 "-" 22 0
Jan 1 09:47:51 standalone object-server[122437]: 172.20.0.100 - - [01/Jan/2026:09:47:51 +0000] "PUT /d1/33/AUTH_f80f2090014a42cebdf9493caf59839f/gnocchi.7b946da6-4a49-4bcf-a563-75188899e223/1766880000.0_mean_300.0_v3" 201 - "PUT http://localhost:8080/v1/AUTH_f80f2090014a42cebdf9493caf59839f/gnocchi.7b946da6-4a49-4bcf-a563-75188899e223/1766880000.0_mean_300.0_v3" "tx74c06a4b13e6455b9c4e0-00695642c7" "proxy-server 21" 0.0221 "-" 21 0
Jan 1 09:47:51 standalone proxy-server[124145]: 172.18.0.2 ::1 01/Jan/2026/09/47/51 PUT /v1/AUTH_f80f2090014a42cebdf9493caf59839f/gnocchi.7b946da6-4a49-4bcf-a563-75188899e223/1766880000.0_mean_300.0_v3 HTTP/1.0 201 - python-swiftclient-3.11.1 gAAAAABpVkKEZUB5... 16 - - tx74c06a4b13e6455b9c4e0-00695642c7 - 0.0302 - - 1767260871.236014366 1767260871.266184092 0
Jan 1 09:47:51 standalone container-server[122301]: 172.20.0.100 - - [01/Jan/2026:09:47:51 +0000] "PUT /d1/62/AUTH_f80f2090014a42cebdf9493caf59839f/gnocchi.7b946da6-4a49-4bcf-a563-75188899e223/none_v3" 201 - "PUT http://localhost:8080/d1/186/AUTH_f80f2090014a42cebdf9493caf59839f/gnocchi.7b946da6-4a49-4bcf-a563-75188899e223/none_v3" "tx6cf70c0fd20240988cf53-00695642c7" "object-server 22" 0.0006 "-" 21 0
Jan 1 09:47:51 standalone object-server[122444]: 172.20.0.100 - - [01/Jan/2026:09:47:51 +0000] "PUT /d1/186/AUTH_f80f2090014a42cebdf9493caf59839f/gnocchi.7b946da6-4a49-4bcf-a563-75188899e223/none_v3" 201 - "PUT http://localhost:8080/v1/AUTH_f80f2090014a42cebdf9493caf59839f/gnocchi.7b946da6-4a49-4bcf-a563-75188899e223/none_v3" "tx6cf70c0fd20240988cf53-00695642c7" "proxy-server 21" 0.0103 "-" 22 0
Jan 1 09:47:51 standalone proxy-server[124145]: 172.18.0.2 ::1 01/Jan/2026/09/47/51 PUT /v1/AUTH_f80f2090014a42cebdf9493caf59839f/gnocchi.7b946da6-4a49-4bcf-a563-75188899e223/none_v3 HTTP/1.0 201 - python-swiftclient-3.11.1 gAAAAABpVkKEZUB5... 22 - - tx6cf70c0fd20240988cf53-00695642c7 - 0.0185 - - 1767260871.272135019 1767260871.290656567 0
Jan 1 09:47:51 standalone container-server[122298]: 172.20.0.100 - - [01/Jan/2026:09:47:51 +0000] "HEAD /d1/884/AUTH_f80f2090014a42cebdf9493caf59839f/gnocchi.21aca103-0f24-4139-92df-361855fe741a" 404 - "HEAD http://localhost:8080/v1/AUTH_f80f2090014a42cebdf9493caf59839f/gnocchi.21aca103-0f24-4139-92df-361855fe741a?format=json&states=listing" "tx022e38344334425cafa94-00695642c7" "proxy-server 21" 0.0005 "-" 20 0
Jan 1 09:47:51 standalone object-server[122435]: 172.20.0.100 - - [01/Jan/2026:09:47:51 +0000] "GET /d1/334/AUTH_f80f2090014a42cebdf9493caf59839f/gnocchi.21aca103-0f24-4139-92df-361855fe741a/none_v3" 404 70 "GET http://localhost:8080/v1/AUTH_f80f2090014a42cebdf9493caf59839f/gnocchi.21aca103-0f24-4139-92df-361855fe741a/none_v3" "tx022e38344334425cafa94-00695642c7" "proxy-server 21" 0.0003 "-" 20 0
Jan 1 09:47:51 standalone proxy-server[124145]: 172.18.0.2 ::1 01/Jan/2026/09/47/51 GET /v1/AUTH_f80f2090014a42cebdf9493caf59839f/gnocchi.21aca103-0f24-4139-92df-361855fe741a/none_v3 HTTP/1.0 404 - python-swiftclient-3.11.1 gAAAAABpVkKEZUB5... - 70 - tx022e38344334425cafa94-00695642c7 - 0.0173 - - 1767260871.305058718 1767260871.322346210 0
Jan 1 09:47:51 standalone account-server[122178]: 172.20.0.100 - - [01/Jan/2026:09:47:51 +0000] "PUT /d1/507/AUTH_f80f2090014a42cebdf9493caf59839f/gnocchi.21aca103-0f24-4139-92df-361855fe741a" 201 - "PUT http://172.20.0.100:6001/d1/884/AUTH_f80f2090014a42cebdf9493caf59839f/gnocchi.21aca103-0f24-4139-92df-361855fe741a" "txf7fbbc2ceb0449259ee77-00695642c7" "container-server 21" 0.0069 "-" 17 0
Jan 1 09:47:51 standalone container-server[122301]: 172.20.0.100 - - [01/Jan/2026:09:47:51 +0000] "PUT /d1/884/AUTH_f80f2090014a42cebdf9493caf59839f/gnocchi.21aca103-0f24-4139-92df-361855fe741a" 201 - "PUT http://localhost:8080/v1/AUTH_f80f2090014a42cebdf9493caf59839f/gnocchi.21aca103-0f24-4139-92df-361855fe741a" "txf7fbbc2ceb0449259ee77-00695642c7" "proxy-server 21" 0.0174 "-" 21 0
Jan 1 09:47:51 standalone proxy-server[124145]: 172.18.0.2 ::1 01/Jan/2026/09/47/51 PUT /v1/AUTH_f80f2090014a42cebdf9493caf59839f/gnocchi.21aca103-0f24-4139-92df-361855fe741a HTTP/1.0 201 - python-swiftclient-3.11.1 gAAAAABpVkKEZUB5... - - - txf7fbbc2ceb0449259ee77-00695642c7 - 0.0234 - - 1767260871.326574087 1767260871.349977493 0
Jan 1 09:47:51 standalone container-server[122298]: 172.20.0.100 - - [01/Jan/2026:09:47:51 +0000] "HEAD /d1/884/AUTH_f80f2090014a42cebdf9493caf59839f/gnocchi.21aca103-0f24-4139-92df-361855fe741a" 204 - "HEAD http://localhost:8080/v1/AUTH_f80f2090014a42cebdf9493caf59839f/gnocchi.21aca103-0f24-4139-92df-361855fe741a?format=json&states=listing" "tx4735ca824d6f4fafb0c88-00695642c7" "proxy-server 21" 0.0018 "-" 20 0
Jan 1 09:47:51 standalone proxy-server[124145]: - - 01/Jan/2026/09/47/51 HEAD /v1/AUTH_f80f2090014a42cebdf9493caf59839f/gnocchi.21aca103-0f24-4139-92df-361855fe741a%3Fformat%3Djson%26states%3Dlisting HTTP/1.0 204 - Swift - - - - tx4735ca824d6f4fafb0c88-00695642c7 - 0.0099 RL - 1767260871.357416630 1767260871.367357492 0
Jan 1 09:47:51 standalone container-server[122334]: 172.20.0.100 - - [01/Jan/2026:09:47:51 +0000] "GET /d1/884/AUTH_f80f2090014a42cebdf9493caf59839f/gnocchi.21aca103-0f24-4139-92df-361855fe741a" 200 2 "GET http://localhost:8080/v1/AUTH_f80f2090014a42cebdf9493caf59839f/gnocchi.21aca103-0f24-4139-92df-361855fe741a?format=json&states=listing" "tx4735ca824d6f4fafb0c88-00695642c7" "proxy-server 21" 0.0026 "-" 23 0
Jan 1 09:47:51 standalone proxy-server[124145]: 172.18.0.2 ::1 01/Jan/2026/09/47/51 GET /v1/AUTH_f80f2090014a42cebdf9493caf59839f/gnocchi.21aca103-0f24-4139-92df-361855fe741a%3Fformat%3Djson%26states%3Dlisting HTTP/1.0 200 - python-swiftclient-3.11.1 gAAAAABpVkKEZUB5... - 2 - tx4735ca824d6f4fafb0c88-00695642c7 - 0.0282 - - 1767260871.354928493 1767260871.383151770 0
Jan 1 09:47:51 standalone object-server[122444]: 172.20.0.100 - - [01/Jan/2026:09:47:51 +0000] "GET /d1/645/AUTH_f80f2090014a42cebdf9493caf59839f/gnocchi.21aca103-0f24-4139-92df-361855fe741a/1766880000.0_mean_300.0_v3" 404 70 "GET http://localhost:8080/v1/AUTH_f80f2090014a42cebdf9493caf59839f/gnocchi.21aca103-0f24-4139-92df-361855fe741a/1766880000.0_mean_300.0_v3" "tx0987342a40414a8fac0db-00695642c7" "proxy-server 21" 0.0003 "-" 22 0
Jan 1 09:47:51 standalone proxy-server[124145]: 172.18.0.2 ::1 01/Jan/2026/09/47/51 GET /v1/AUTH_f80f2090014a42cebdf9493caf59839f/gnocchi.21aca103-0f24-4139-92df-361855fe741a/1766880000.0_mean_300.0_v3 HTTP/1.0 404 - python-swiftclient-3.11.1 gAAAAABpVkKEZUB5... - 70 - tx0987342a40414a8fac0db-00695642c7 - 0.0098 - - 1767260871.391603470 1767260871.401356459 0
Jan 1 09:47:51 standalone container-server[122334]: 172.20.0.100 - - [01/Jan/2026:09:47:51 +0000] "PUT /d1/884/AUTH_f80f2090014a42cebdf9493caf59839f/gnocchi.21aca103-0f24-4139-92df-361855fe741a/1766880000.0_mean_300.0_v3" 201 - "PUT http://localhost:8080/d1/645/AUTH_f80f2090014a42cebdf9493caf59839f/gnocchi.21aca103-0f24-4139-92df-361855fe741a/1766880000.0_mean_300.0_v3" "txb8b1bd448ac8409583bda-00695642c7" "object-server 23" 0.0006 "-" 23 0
Jan 1 09:47:51 standalone object-server[122447]: 172.20.0.100 - - [01/Jan/2026:09:47:51 +0000] "PUT /d1/645/AUTH_f80f2090014a42cebdf9493caf59839f/gnocchi.21aca103-0f24-4139-92df-361855fe741a/1766880000.0_mean_300.0_v3" 201 - "PUT http://localhost:8080/v1/AUTH_f80f2090014a42cebdf9493caf59839f/gnocchi.21aca103-0f24-4139-92df-361855fe741a/1766880000.0_mean_300.0_v3" "txb8b1bd448ac8409583bda-00695642c7" "proxy-server 21" 0.0132 "-" 23 0
Jan 1 09:47:51 standalone proxy-server[124145]: 172.18.0.2 ::1 01/Jan/2026/09/47/51 PUT /v1/AUTH_f80f2090014a42cebdf9493caf59839f/gnocchi.21aca103-0f24-4139-92df-361855fe741a/1766880000.0_mean_300.0_v3 HTTP/1.0 201 - python-swiftclient-3.11.1 gAAAAABpVkKEZUB5... 16 - - txb8b1bd448ac8409583bda-00695642c7 - 0.0250 - - 1767260871.408646822 1767260871.433659315 0
Jan 1 09:47:51 standalone container-server[122301]: 172.20.0.100 - - [01/Jan/2026:09:47:51 +0000] "PUT /d1/884/AUTH_f80f2090014a42cebdf9493caf59839f/gnocchi.21aca103-0f24-4139-92df-361855fe741a/none_v3" 201 - "PUT http://localhost:8080/d1/334/AUTH_f80f2090014a42cebdf9493caf59839f/gnocchi.21aca103-0f24-4139-92df-361855fe741a/none_v3" "tx35b018830d63415286113-00695642c7" "object-server 22" 0.0005 "-" 21 0
Jan 1 09:47:51 standalone object-server[122444]: 172.20.0.100 - - [01/Jan/2026:09:47:51 +0000] "PUT /d1/334/AUTH_f80f2090014a42cebdf9493caf59839f/gnocchi.21aca103-0f24-4139-92df-361855fe741a/none_v3" 201 - "PUT http://localhost:8080/v1/AUTH_f80f2090014a42cebdf9493caf59839f/gnocchi.21aca103-0f24-4139-92df-361855fe741a/none_v3" "tx35b018830d63415286113-00695642c7" "proxy-server 21" 0.0098 "-" 22 0
Jan 1 09:47:51 standalone proxy-server[124145]: 172.18.0.2 ::1 01/Jan/2026/09/47/51 PUT /v1/AUTH_f80f2090014a42cebdf9493caf59839f/gnocchi.21aca103-0f24-4139-92df-361855fe741a/none_v3 HTTP/1.0 201 - python-swiftclient-3.11.1 gAAAAABpVkKEZUB5... 22 - - tx35b018830d63415286113-00695642c7 - 0.0206 - - 1767260871.439702272 1767260871.460293770 0
Jan 1 09:47:51 standalone container-server[122330]: 172.20.0.100 - - [01/Jan/2026:09:47:51 +0000] "HEAD /d1/224/AUTH_f80f2090014a42cebdf9493caf59839f/gnocchi.d5a75fc7-034b-4862-9baf-55ef5c5546ae" 404 - "HEAD http://localhost:8080/v1/AUTH_f80f2090014a42cebdf9493caf59839f/gnocchi.d5a75fc7-034b-4862-9baf-55ef5c5546ae?format=json&states=listing" "tx91700762da164954abbb6-00695642c7" "proxy-server 21" 0.0008 "-" 22 0
Jan 1 09:47:51 standalone object-server[122444]: 172.20.0.100 - - [01/Jan/2026:09:47:51 +0000] "GET /d1/989/AUTH_f80f2090014a42cebdf9493caf59839f/gnocchi.d5a75fc7-034b-4862-9baf-55ef5c5546ae/none_v3" 404 70 "GET http://localhost:8080/v1/AUTH_f80f2090014a42cebdf9493caf59839f/gnocchi.d5a75fc7-034b-4862-9baf-55ef5c5546ae/none_v3" "tx91700762da164954abbb6-00695642c7" "proxy-server 21" 0.0003 "-" 22 0
Jan 1 09:47:51 standalone proxy-server[124145]: 172.18.0.2 ::1 01/Jan/2026/09/47/51 GET /v1/AUTH_f80f2090014a42cebdf9493caf59839f/gnocchi.d5a75fc7-034b-4862-9baf-55ef5c5546ae/none_v3 HTTP/1.0 404 - python-swiftclient-3.11.1 gAAAAABpVkKEZUB5... - 70 - tx91700762da164954abbb6-00695642c7 - 0.0183 - - 1767260871.485350370 1767260871.503632784 0
Jan 1 09:47:51 standalone account-server[122178]: 172.20.0.100 - - [01/Jan/2026:09:47:51 +0000] "PUT /d1/507/AUTH_f80f2090014a42cebdf9493caf59839f/gnocchi.d5a75fc7-034b-4862-9baf-55ef5c5546ae" 201 - "PUT http://172.20.0.100:6001/d1/224/AUTH_f80f2090014a42cebdf9493caf59839f/gnocchi.d5a75fc7-034b-4862-9baf-55ef5c5546ae" "tx9014cdd84f4245e6a7862-00695642c7" "container-server 21" 0.0069 "-" 17 0
Jan 1 09:47:51 standalone container-server[122301]: 172.20.0.100 - - [01/Jan/2026:09:47:51 +0000] "PUT /d1/224/AUTH_f80f2090014a42cebdf9493caf59839f/gnocchi.d5a75fc7-034b-4862-9baf-55ef5c5546ae" 201 - "PUT http://localhost:8080/v1/AUTH_f80f2090014a42cebdf9493caf59839f/gnocchi.d5a75fc7-034b-4862-9baf-55ef5c5546ae" "tx9014cdd84f4245e6a7862-00695642c7" "proxy-server 21" 0.0186 "-" 21 0
Jan 1 09:47:51 standalone proxy-server[124145]: 172.18.0.2 ::1 01/Jan/2026/09/47/51 PUT /v1/AUTH_f80f2090014a42cebdf9493caf59839f/gnocchi.d5a75fc7-034b-4862-9baf-55ef5c5546ae HTTP/1.0 201 - python-swiftclient-3.11.1 gAAAAABpVkKEZUB5... - - - tx9014cdd84f4245e6a7862-00695642c7 - 0.0255 - - 1767260871.509488583 1767260871.534986258 0
Jan 1 09:47:51 standalone container-server[122301]: 172.20.0.100 - - [01/Jan/2026:09:47:51 +0000] "HEAD /d1/224/AUTH_f80f2090014a42cebdf9493caf59839f/gnocchi.d5a75fc7-034b-4862-9baf-55ef5c5546ae" 204 - "HEAD http://localhost:8080/v1/AUTH_f80f2090014a42cebdf9493caf59839f/gnocchi.d5a75fc7-034b-4862-9baf-55ef5c5546ae?format=json&states=listing" "tx8c1f2674169c49a38f40a-00695642c7" "proxy-server 21" 0.0010 "-" 21 0
Jan 1 09:47:51 standalone proxy-server[124145]: - - 01/Jan/2026/09/47/51 HEAD /v1/AUTH_f80f2090014a42cebdf9493caf59839f/gnocchi.d5a75fc7-034b-4862-9baf-55ef5c5546ae%3Fformat%3Djson%26states%3Dlisting HTTP/1.0 204 - Swift - - - - tx8c1f2674169c49a38f40a-00695642c7 - 0.0066 RL - 1767260871.545471907 1767260871.552088261 0
Jan 1 09:47:51 standalone container-server[122334]: 172.20.0.100 - - [01/Jan/2026:09:47:51 +0000] "GET /d1/224/AUTH_f80f2090014a42cebdf9493caf59839f/gnocchi.d5a75fc7-034b-4862-9baf-55ef5c5546ae" 200 2 "GET http://localhost:8080/v1/AUTH_f80f2090014a42cebdf9493caf59839f/gnocchi.d5a75fc7-034b-4862-9baf-55ef5c5546ae?format=json&states=listing" "tx8c1f2674169c49a38f40a-00695642c7" "proxy-server 21" 0.0020 "-" 23 0
Jan 1 09:47:51 standalone proxy-server[124145]: 172.18.0.2 ::1 01/Jan/2026/09/47/51 GET /v1/AUTH_f80f2090014a42cebdf9493caf59839f/gnocchi.d5a75fc7-034b-4862-9baf-55ef5c5546ae%3Fformat%3Djson%26states%3Dlisting HTTP/1.0 200 - python-swiftclient-3.11.1 gAAAAABpVkKEZUB5... - 2 - tx8c1f2674169c49a38f40a-00695642c7 - 0.0221 - - 1767260871.543001890 1767260871.565109730 0
Jan 1 09:47:51 standalone object-server[122447]: 172.20.0.100 - - [01/Jan/2026:09:47:51 +0000] "GET /d1/267/AUTH_f80f2090014a42cebdf9493caf59839f/gnocchi.d5a75fc7-034b-4862-9baf-55ef5c5546ae/1766880000.0_mean_300.0_v3" 404 70 "GET http://localhost:8080/v1/AUTH_f80f2090014a42cebdf9493caf59839f/gnocchi.d5a75fc7-034b-4862-9baf-55ef5c5546ae/1766880000.0_mean_300.0_v3" "txda60da91e60b463faac21-00695642c7" "proxy-server 21" 0.0007 "-" 23 0
Jan 1 09:47:51 standalone proxy-server[124145]: 172.18.0.2 ::1 01/Jan/2026/09/47/51 GET /v1/AUTH_f80f2090014a42cebdf9493caf59839f/gnocchi.d5a75fc7-034b-4862-9baf-55ef5c5546ae/1766880000.0_mean_300.0_v3 HTTP/1.0 404 - python-swiftclient-3.11.1 gAAAAABpVkKEZUB5... - 70 - txda60da91e60b463faac21-00695642c7 - 0.0119 - - 1767260871.573699236 1767260871.585644484 0
Jan 1 09:47:51 standalone container-server[122298]: 172.20.0.100 - - [01/Jan/2026:09:47:51 +0000] "PUT /d1/224/AUTH_f80f2090014a42cebdf9493caf59839f/gnocchi.d5a75fc7-034b-4862-9baf-55ef5c5546ae/1766880000.0_mean_300.0_v3" 201 - "PUT http://localhost:8080/d1/267/AUTH_f80f2090014a42cebdf9493caf59839f/gnocchi.d5a75fc7-034b-4862-9baf-55ef5c5546ae/1766880000.0_mean_300.0_v3" "tx5018b54d3e97486cac1ed-00695642c7" "object-server 22" 0.0017 "-" 20 0
Jan 1 09:47:51 standalone object-server[122444]: 172.20.0.100 - - [01/Jan/2026:09:47:51 +0000] "PUT /d1/267/AUTH_f80f2090014a42cebdf9493caf59839f/gnocchi.d5a75fc7-034b-4862-9baf-55ef5c5546ae/1766880000.0_mean_300.0_v3" 201 - "PUT http://localhost:8080/v1/AUTH_f80f2090014a42cebdf9493caf59839f/gnocchi.d5a75fc7-034b-4862-9baf-55ef5c5546ae/1766880000.0_mean_300.0_v3" "tx5018b54d3e97486cac1ed-00695642c7" "proxy-server 21" 0.0106 "-" 22 0
Jan 1 09:47:51 standalone proxy-server[124145]: 172.18.0.2 ::1 01/Jan/2026/09/47/51 PUT /v1/AUTH_f80f2090014a42cebdf9493caf59839f/gnocchi.d5a75fc7-034b-4862-9baf-55ef5c5546ae/1766880000.0_mean_300.0_v3 HTTP/1.0 201 - python-swiftclient-3.11.1 gAAAAABpVkKEZUB5... 16 - - tx5018b54d3e97486cac1ed-00695642c7 - 0.0205 - - 1767260871.593852997 1767260871.614380836 0
Jan 1 09:47:51 standalone container-server[122334]: 172.20.0.100 - - [01/Jan/2026:09:47:51 +0000] "PUT /d1/224/AUTH_f80f2090014a42cebdf9493caf59839f/gnocchi.d5a75fc7-034b-4862-9baf-55ef5c5546ae/none_v3" 201 - "PUT http://localhost:8080/d1/989/AUTH_f80f2090014a42cebdf9493caf59839f/gnocchi.d5a75fc7-034b-4862-9baf-55ef5c5546ae/none_v3" "txf19916b0f70144a89f978-00695642c7" "object-server 20" 0.0004 "-" 23 0
Jan 1 09:47:51 standalone object-server[122435]: 172.20.0.100 - - [01/Jan/2026:09:47:51 +0000] "PUT /d1/989/AUTH_f80f2090014a42cebdf9493caf59839f/gnocchi.d5a75fc7-034b-4862-9baf-55ef5c5546ae/none_v3" 201 - "PUT http://localhost:8080/v1/AUTH_f80f2090014a42cebdf9493caf59839f/gnocchi.d5a75fc7-034b-4862-9baf-55ef5c5546ae/none_v3" "txf19916b0f70144a89f978-00695642c7" "proxy-server 21" 0.0128 "-" 20 0
Jan 1 09:47:51 standalone proxy-server[124145]: 172.18.0.2 ::1 01/Jan/2026/09/47/51 PUT /v1/AUTH_f80f2090014a42cebdf9493caf59839f/gnocchi.d5a75fc7-034b-4862-9baf-55ef5c5546ae/none_v3 HTTP/1.0 201 - python-swiftclient-3.11.1 gAAAAABpVkKEZUB5... 22 - - txf19916b0f70144a89f978-00695642c7 - 0.0229 - - 1767260871.621398926 1767260871.644279480 0
Jan 1 09:49:13 standalone object-server[122340]: Begin object update sweep
Jan 1 09:49:13 standalone object-server[222955]: Object update sweep starting on /srv/node/d1 (pid: 14)
Jan 1 09:49:13 standalone object-server[222955]: Object update sweep completed on /srv/node/d1 in 0.00s seconds:, 0 successes, 0 failures, 0 quarantines, 0 unlinks, 0 errors, 0 redirects (pid: 14)
Jan 1 09:49:13 standalone object-server[222955]: Object update sweep of d1 completed: 0.00s, 0 successes, 0 failures, 0 quarantines, 0 unlinks, 0 errors, 0 redirects
Jan 1 09:49:13 standalone object-server[122340]: Object update sweep completed: 0.07s
Jan 1 09:49:18 standalone container-server[122056]: Begin container update sweep
Jan 1 09:49:18 standalone account-server[122186]: 172.20.0.100 - - [01/Jan/2026:09:49:18 +0000] "PUT /d1/507/AUTH_f80f2090014a42cebdf9493caf59839f/gnocchi.7b946da6-4a49-4bcf-a563-75188899e223" 201 - "-" "-" "container-updater 2" 0.0011 "-" 18 0
Jan 1 09:49:18 standalone account-server[122217]: 172.20.0.100 - - [01/Jan/2026:09:49:18 +0000] "PUT /d1/507/AUTH_f80f2090014a42cebdf9493caf59839f/glance" 201 - "-" "-" "container-updater 2" 0.0007 "-" 23 0
Jan 1 09:49:18 standalone account-server[122178]: 172.20.0.100 - - [01/Jan/2026:09:49:18 +0000] "PUT /d1/507/AUTH_f80f2090014a42cebdf9493caf59839f/gnocchi.29cbcb89-5482-453c-a8b9-47ce3b17bae5" 201 - "-" "-" "container-updater 2" 0.0007 "-" 17 0
Jan 1 09:49:18 standalone account-server[122203]: 172.20.0.100 - - [01/Jan/2026:09:49:18 +0000] "PUT /d1/507/AUTH_f80f2090014a42cebdf9493caf59839f/gnocchi.7a03aac7-fc1c-46fc-9cca-3d2ed1a3f341" 201 - "-" "-" "container-updater 2" 0.0007 "-" 21 0
Jan 1 09:49:18 standalone account-server[122203]: 172.20.0.100 - - [01/Jan/2026:09:49:18 +0000] "PUT /d1/507/AUTH_f80f2090014a42cebdf9493caf59839f/gnocchi.21aca103-0f24-4139-92df-361855fe741a" 201 - "-" "-" "container-updater 2" 0.0007 "-" 21 0
Jan 1 09:49:19 standalone account-server[122178]: 172.20.0.100 - - [01/Jan/2026:09:49:19 +0000] "PUT /d1/507/AUTH_f80f2090014a42cebdf9493caf59839f/gnocchi.3177b9d1-8e24-4dfd-bd40-a96414e5af3f" 201 - "-" "-" "container-updater 2" 0.0007 "-" 17 0
Jan 1 09:49:19 standalone account-server[122178]: 172.20.0.100 - - [01/Jan/2026:09:49:19 +0000] "PUT /d1/507/AUTH_f80f2090014a42cebdf9493caf59839f/gnocchi.d5a75fc7-034b-4862-9baf-55ef5c5546ae" 201 - "-" "-" "container-updater 2" 0.0007 "-" 17 0
Jan 1 09:49:19 standalone account-server[122203]: 172.20.0.100 - - [01/Jan/2026:09:49:19 +0000] "PUT /d1/507/AUTH_f80f2090014a42cebdf9493caf59839f/gnocchi.8ccf0e03-b690-42f1-b9e5-8604872e8cc0" 201 - "-" "-" "container-updater 2" 0.0006 "-" 21 0
Jan 1 09:49:19 standalone account-server[122203]: 172.20.0.100 - - [01/Jan/2026:09:49:19 +0000] "PUT /d1/507/AUTH_f80f2090014a42cebdf9493caf59839f/gnocchi.a8e72385-0ee5-4453-b3b8-58fb6f0b80d4" 201 - "-" "-" "container-updater 2" 0.0007 "-" 21 0
Jan 1 09:49:19 standalone container-server[122056]: Container update sweep completed: 1.13s
Jan 1 09:50:06 standalone account-server[122178]: 172.20.0.100 - - [01/Jan/2026:09:50:06 +0000] "HEAD /d1/507/AUTH_f80f2090014a42cebdf9493caf59839f" 204 - "HEAD http://localhost:8080/v1/AUTH_f80f2090014a42cebdf9493caf59839f?format=json" "txfe477a6a67a045419d431-006956434e" "proxy-server 21" 0.0053 "-" 17 -
Jan 1 09:50:06 standalone proxy-server[124145]: - - 01/Jan/2026/09/50/06 HEAD /v1/AUTH_f80f2090014a42cebdf9493caf59839f%3Fformat%3Djson HTTP/1.0 204 - Swift - - - - txfe477a6a67a045419d431-006956434e - 0.0093 RL - 1767261006.019398928 1767261006.028685808 -
Jan 1 09:50:06 standalone container-server[122301]: 172.20.0.100 - - [01/Jan/2026:09:50:06 +0000] "HEAD /d1/799/AUTH_f80f2090014a42cebdf9493caf59839f/gnocchi.cffdc1b0-a44b-48dd-98c4-32ba94438ee5" 404 - "HEAD http://localhost:8080/v1/AUTH_f80f2090014a42cebdf9493caf59839f/gnocchi.cffdc1b0-a44b-48dd-98c4-32ba94438ee5?format=json&states=listing" "txfe477a6a67a045419d431-006956434e" "proxy-server 21" 0.0008 "-" 21 0
Jan 1 09:50:06 standalone object-server[122435]: 172.20.0.100 - - [01/Jan/2026:09:50:06 +0000] "GET /d1/240/AUTH_f80f2090014a42cebdf9493caf59839f/gnocchi.cffdc1b0-a44b-48dd-98c4-32ba94438ee5/none_v3" 404 70 "GET http://localhost:8080/v1/AUTH_f80f2090014a42cebdf9493caf59839f/gnocchi.cffdc1b0-a44b-48dd-98c4-32ba94438ee5/none_v3" "txfe477a6a67a045419d431-006956434e" "proxy-server 21" 0.0005 "-" 20 0
Jan 1 09:50:06 standalone proxy-server[124145]: 172.18.0.2 ::1 01/Jan/2026/09/50/06 GET /v1/AUTH_f80f2090014a42cebdf9493caf59839f/gnocchi.cffdc1b0-a44b-48dd-98c4-32ba94438ee5/none_v3 HTTP/1.0 404 - python-swiftclient-3.11.1 gAAAAABpVkKEZUB5... - 70 - txfe477a6a67a045419d431-006956434e - 0.0202 - - 1767261006.018645287 1767261006.038828611 0
Jan 1 09:50:06 standalone account-server[122186]: 172.20.0.100 - - [01/Jan/2026:09:50:06 +0000] "PUT /d1/507/AUTH_f80f2090014a42cebdf9493caf59839f/gnocchi.cffdc1b0-a44b-48dd-98c4-32ba94438ee5" 201 - "PUT http://172.20.0.100:6001/d1/799/AUTH_f80f2090014a42cebdf9493caf59839f/gnocchi.cffdc1b0-a44b-48dd-98c4-32ba94438ee5" "tx28b6baaed82c42b792302-006956434e" "container-server 23" 0.0010 "-" 18 0
Jan 1 09:50:06 standalone container-server[122334]: 172.20.0.100 - - [01/Jan/2026:09:50:06 +0000] "PUT /d1/799/AUTH_f80f2090014a42cebdf9493caf59839f/gnocchi.cffdc1b0-a44b-48dd-98c4-32ba94438ee5" 201 - "PUT http://localhost:8080/v1/AUTH_f80f2090014a42cebdf9493caf59839f/gnocchi.cffdc1b0-a44b-48dd-98c4-32ba94438ee5" "tx28b6baaed82c42b792302-006956434e" "proxy-server 21" 0.0117 "-" 23 0
Jan 1 09:50:06 standalone proxy-server[124145]: 172.18.0.2 ::1 01/Jan/2026/09/50/06 PUT /v1/AUTH_f80f2090014a42cebdf9493caf59839f/gnocchi.cffdc1b0-a44b-48dd-98c4-32ba94438ee5 HTTP/1.0 201 - python-swiftclient-3.11.1 gAAAAABpVkKEZUB5... - - - tx28b6baaed82c42b792302-006956434e - 0.0177 - - 1767261006.042340755 1767261006.060061932 0
Jan 1 09:50:06 standalone container-server[122301]: 172.20.0.100 - - [01/Jan/2026:09:50:06 +0000] "HEAD /d1/799/AUTH_f80f2090014a42cebdf9493caf59839f/gnocchi.cffdc1b0-a44b-48dd-98c4-32ba94438ee5" 204 - "HEAD http://localhost:8080/v1/AUTH_f80f2090014a42cebdf9493caf59839f/gnocchi.cffdc1b0-a44b-48dd-98c4-32ba94438ee5?format=json&states=listing" "tx46b23e2f6f0d40b9a81f0-006956434e" "proxy-server 21" 0.0014 "-" 21 0
Jan 1 09:50:06 standalone proxy-server[124145]: - - 01/Jan/2026/09/50/06 HEAD /v1/AUTH_f80f2090014a42cebdf9493caf59839f/gnocchi.cffdc1b0-a44b-48dd-98c4-32ba94438ee5%3Fformat%3Djson%26states%3Dlisting HTTP/1.0 204 - Swift - - - - tx46b23e2f6f0d40b9a81f0-006956434e - 0.0048 RL - 1767261006.066527128 1767261006.071326017 0
Jan 1 09:50:06 standalone container-server[122298]: 172.20.0.100 - - [01/Jan/2026:09:50:06 +0000] "GET /d1/799/AUTH_f80f2090014a42cebdf9493caf59839f/gnocchi.cffdc1b0-a44b-48dd-98c4-32ba94438ee5" 200 2 "GET http://localhost:8080/v1/AUTH_f80f2090014a42cebdf9493caf59839f/gnocchi.cffdc1b0-a44b-48dd-98c4-32ba94438ee5?format=json&states=listing" "tx46b23e2f6f0d40b9a81f0-006956434e" "proxy-server 21" 0.0020 "-" 20 0
Jan 1 09:50:06 standalone proxy-server[124145]: 172.18.0.2 ::1 01/Jan/2026/09/50/06 GET /v1/AUTH_f80f2090014a42cebdf9493caf59839f/gnocchi.cffdc1b0-a44b-48dd-98c4-32ba94438ee5%3Fformat%3Djson%26states%3Dlisting HTTP/1.0 200 - python-swiftclient-3.11.1 gAAAAABpVkKEZUB5... - 2 - tx46b23e2f6f0d40b9a81f0-006956434e - 0.0153 - - 1767261006.065182924 1767261006.080470324 0
Jan 1 09:50:06 standalone object-server[122435]: 172.20.0.100 - - [01/Jan/2026:09:50:06 +0000] "GET /d1/344/AUTH_f80f2090014a42cebdf9493caf59839f/gnocchi.cffdc1b0-a44b-48dd-98c4-32ba94438ee5/1766880000.0_mean_300.0_v3" 404 70 "GET http://localhost:8080/v1/AUTH_f80f2090014a42cebdf9493caf59839f/gnocchi.cffdc1b0-a44b-48dd-98c4-32ba94438ee5/1766880000.0_mean_300.0_v3" "txf4bb9a5a383e43e9a1d75-006956434e" "proxy-server 21" 0.0004 "-" 20 0
Jan 1 09:50:06 standalone proxy-server[124145]: 172.18.0.2 ::1 01/Jan/2026/09/50/06 GET /v1/AUTH_f80f2090014a42cebdf9493caf59839f/gnocchi.cffdc1b0-a44b-48dd-98c4-32ba94438ee5/1766880000.0_mean_300.0_v3 HTTP/1.0 404 - python-swiftclient-3.11.1 gAAAAABpVkKEZUB5... - 70 - txf4bb9a5a383e43e9a1d75-006956434e - 0.0057 - - 1767261006.088336706 1767261006.094007492 0
Jan 1 09:50:06 standalone container-server[122334]: 172.20.0.100 - - [01/Jan/2026:09:50:06 +0000] "PUT /d1/799/AUTH_f80f2090014a42cebdf9493caf59839f/gnocchi.cffdc1b0-a44b-48dd-98c4-32ba94438ee5/1766880000.0_mean_300.0_v3" 201 - "PUT http://localhost:8080/d1/344/AUTH_f80f2090014a42cebdf9493caf59839f/gnocchi.cffdc1b0-a44b-48dd-98c4-32ba94438ee5/1766880000.0_mean_300.0_v3" "txc5c7fcc1422b45c8862d0-006956434e" "object-server 23" 0.0005 "-" 23 0
Jan 1 09:50:06 standalone object-server[122447]: 172.20.0.100 - - [01/Jan/2026:09:50:06 +0000] "PUT /d1/344/AUTH_f80f2090014a42cebdf9493caf59839f/gnocchi.cffdc1b0-a44b-48dd-98c4-32ba94438ee5/1766880000.0_mean_300.0_v3" 201 - "PUT http://localhost:8080/v1/AUTH_f80f2090014a42cebdf9493caf59839f/gnocchi.cffdc1b0-a44b-48dd-98c4-32ba94438ee5/1766880000.0_mean_300.0_v3" "txc5c7fcc1422b45c8862d0-006956434e" "proxy-server 21" 0.0089 "-" 23 0
Jan 1 09:50:06 standalone proxy-server[124145]: 172.18.0.2 ::1 01/Jan/2026/09/50/06 PUT /v1/AUTH_f80f2090014a42cebdf9493caf59839f/gnocchi.cffdc1b0-a44b-48dd-98c4-32ba94438ee5/1766880000.0_mean_300.0_v3 HTTP/1.0 201 - python-swiftclient-3.11.1 gAAAAABpVkKEZUB5... 16 - - txc5c7fcc1422b45c8862d0-006956434e - 0.0142 - - 1767261006.097034216 1767261006.111198425 0
Jan 1 09:50:06 standalone container-server[122330]: 172.20.0.100 - - [01/Jan/2026:09:50:06 +0000] "PUT /d1/799/AUTH_f80f2090014a42cebdf9493caf59839f/gnocchi.cffdc1b0-a44b-48dd-98c4-32ba94438ee5/none_v3" 201 - "PUT http://localhost:8080/d1/240/AUTH_f80f2090014a42cebdf9493caf59839f/gnocchi.cffdc1b0-a44b-48dd-98c4-32ba94438ee5/none_v3" "tx5c5e9fa11111468da72c7-006956434e" "object-server 23" 0.0011 "-" 22 0
Jan 1 09:50:06 standalone object-server[122447]: 172.20.0.100 - - [01/Jan/2026:09:50:06 +0000] "PUT /d1/240/AUTH_f80f2090014a42cebdf9493caf59839f/gnocchi.cffdc1b0-a44b-48dd-98c4-32ba94438ee5/none_v3" 201 - "PUT http://localhost:8080/v1/AUTH_f80f2090014a42cebdf9493caf59839f/gnocchi.cffdc1b0-a44b-48dd-98c4-32ba94438ee5/none_v3" "tx5c5e9fa11111468da72c7-006956434e" "proxy-server 21" 0.0094 "-" 23 0
Jan 1 09:50:06 standalone proxy-server[124145]: 172.18.0.2 ::1 01/Jan/2026/09/50/06 PUT /v1/AUTH_f80f2090014a42cebdf9493caf59839f/gnocchi.cffdc1b0-a44b-48dd-98c4-32ba94438ee5/none_v3 HTTP/1.0 201 - python-swiftclient-3.11.1 gAAAAABpVkKEZUB5... 22 - - tx5c5e9fa11111468da72c7-006956434e - 0.0130 - - 1767261006.113959789 1767261006.126938581 0
Jan 1 09:50:06 standalone container-server[122301]: 172.20.0.100 - - [01/Jan/2026:09:50:06 +0000] "HEAD /d1/402/AUTH_f80f2090014a42cebdf9493caf59839f/gnocchi.a5671419-3096-42c7-8958-ee7c8e56b4d1" 404 - "HEAD http://localhost:8080/v1/AUTH_f80f2090014a42cebdf9493caf59839f/gnocchi.a5671419-3096-42c7-8958-ee7c8e56b4d1?format=json&states=listing" "tx9d73233f5b3e4189b3fd2-006956434e" "proxy-server 21" 0.0003 "-" 21 0
Jan 1 09:50:06 standalone object-server[122437]: 172.20.0.100 - - [01/Jan/2026:09:50:06 +0000] "GET /d1/194/AUTH_f80f2090014a42cebdf9493caf59839f/gnocchi.a5671419-3096-42c7-8958-ee7c8e56b4d1/none_v3" 404 70 "GET http://localhost:8080/v1/AUTH_f80f2090014a42cebdf9493caf59839f/gnocchi.a5671419-3096-42c7-8958-ee7c8e56b4d1/none_v3" "tx9d73233f5b3e4189b3fd2-006956434e" "proxy-server 21" 0.0003 "-" 21 0
Jan 1 09:50:06 standalone proxy-server[124145]: 172.18.0.2 ::1 01/Jan/2026/09/50/06 GET /v1/AUTH_f80f2090014a42cebdf9493caf59839f/gnocchi.a5671419-3096-42c7-8958-ee7c8e56b4d1/none_v3 HTTP/1.0 404 - python-swiftclient-3.11.1 gAAAAABpVkKEZUB5... - 70 - tx9d73233f5b3e4189b3fd2-006956434e - 0.0075 - - 1767261006.138622046 1767261006.146099091 0
Jan 1 09:50:06 standalone account-server[122178]: 172.20.0.100 - - [01/Jan/2026:09:50:06 +0000] "PUT /d1/507/AUTH_f80f2090014a42cebdf9493caf59839f/gnocchi.a5671419-3096-42c7-8958-ee7c8e56b4d1" 201 - "PUT http://172.20.0.100:6001/d1/402/AUTH_f80f2090014a42cebdf9493caf59839f/gnocchi.a5671419-3096-42c7-8958-ee7c8e56b4d1" "txaf59ec3deec5442681591-006956434e" "container-server 21" 0.0058 "-" 17 0
Jan 1 09:50:06 standalone container-server[122301]: 172.20.0.100 - - [01/Jan/2026:09:50:06 +0000] "PUT /d1/402/AUTH_f80f2090014a42cebdf9493caf59839f/gnocchi.a5671419-3096-42c7-8958-ee7c8e56b4d1" 201 - "PUT http://localhost:8080/v1/AUTH_f80f2090014a42cebdf9493caf59839f/gnocchi.a5671419-3096-42c7-8958-ee7c8e56b4d1" "txaf59ec3deec5442681591-006956434e" "proxy-server 21" 0.0152 "-" 21 0
Jan 1 09:50:06 standalone proxy-server[124145]: 172.18.0.2 ::1 01/Jan/2026/09/50/06 PUT /v1/AUTH_f80f2090014a42cebdf9493caf59839f/gnocchi.a5671419-3096-42c7-8958-ee7c8e56b4d1 HTTP/1.0 201 - python-swiftclient-3.11.1 gAAAAABpVkKEZUB5... - - - txaf59ec3deec5442681591-006956434e - 0.0186 - - 1767261006.148682833 1767261006.167248726 0
Jan 1 09:50:06 standalone container-server[122298]: 172.20.0.100 - - [01/Jan/2026:09:50:06 +0000] "HEAD /d1/402/AUTH_f80f2090014a42cebdf9493caf59839f/gnocchi.a5671419-3096-42c7-8958-ee7c8e56b4d1" 204 - "HEAD http://localhost:8080/v1/AUTH_f80f2090014a42cebdf9493caf59839f/gnocchi.a5671419-3096-42c7-8958-ee7c8e56b4d1?format=json&states=listing" "tx374204d193a7409d9f4e6-006956434e" "proxy-server 21" 0.0010 "-" 20 0
Jan 1 09:50:06 standalone proxy-server[124145]: - - 01/Jan/2026/09/50/06 HEAD /v1/AUTH_f80f2090014a42cebdf9493caf59839f/gnocchi.a5671419-3096-42c7-8958-ee7c8e56b4d1%3Fformat%3Djson%26states%3Dlisting HTTP/1.0 204 - Swift - - - - tx374204d193a7409d9f4e6-006956434e - 0.0034 RL - 1767261006.171252489 1767261006.174613953 0
Jan 1 09:50:06 standalone container-server[122334]: 172.20.0.100 - - [01/Jan/2026:09:50:06 +0000] "GET /d1/402/AUTH_f80f2090014a42cebdf9493caf59839f/gnocchi.a5671419-3096-42c7-8958-ee7c8e56b4d1" 200 2 "GET http://localhost:8080/v1/AUTH_f80f2090014a42cebdf9493caf59839f/gnocchi.a5671419-3096-42c7-8958-ee7c8e56b4d1?format=json&states=listing" "tx374204d193a7409d9f4e6-006956434e" "proxy-server 21" 0.0034 "-" 23 0
Jan 1 09:50:06 standalone proxy-server[124145]: 172.18.0.2 ::1 01/Jan/2026/09/50/06 GET /v1/AUTH_f80f2090014a42cebdf9493caf59839f/gnocchi.a5671419-3096-42c7-8958-ee7c8e56b4d1%3Fformat%3Djson%26states%3Dlisting HTTP/1.0 200 - python-swiftclient-3.11.1 gAAAAABpVkKEZUB5... - 2 - tx374204d193a7409d9f4e6-006956434e - 0.0128 - - 1767261006.170416355 1767261006.183249950 0
Jan 1 09:50:06 standalone object-server[122444]: 172.20.0.100 - - [01/Jan/2026:09:50:06 +0000] "GET /d1/77/AUTH_f80f2090014a42cebdf9493caf59839f/gnocchi.a5671419-3096-42c7-8958-ee7c8e56b4d1/1766880000.0_mean_300.0_v3" 404 70 "GET http://localhost:8080/v1/AUTH_f80f2090014a42cebdf9493caf59839f/gnocchi.a5671419-3096-42c7-8958-ee7c8e56b4d1/1766880000.0_mean_300.0_v3" "tx4dbd1e0dfb424585a3e8f-006956434e" "proxy-server 21" 0.0003 "-" 22 0
Jan 1 09:50:06 standalone proxy-server[124145]: 172.18.0.2 ::1 01/Jan/2026/09/50/06 GET /v1/AUTH_f80f2090014a42cebdf9493caf59839f/gnocchi.a5671419-3096-42c7-8958-ee7c8e56b4d1/1766880000.0_mean_300.0_v3 HTTP/1.0 404 - python-swiftclient-3.11.1 gAAAAABpVkKEZUB5... - 70 - tx4dbd1e0dfb424585a3e8f-006956434e - 0.0044 - - 1767261006.186396837 1767261006.190760136 0
Jan 1 09:50:06 standalone container-server[122301]: 172.20.0.100 - - [01/Jan/2026:09:50:06 +0000] "PUT /d1/402/AUTH_f80f2090014a42cebdf9493caf59839f/gnocchi.a5671419-3096-42c7-8958-ee7c8e56b4d1/1766880000.0_mean_300.0_v3" 201 - "PUT http://localhost:8080/d1/77/AUTH_f80f2090014a42cebdf9493caf59839f/gnocchi.a5671419-3096-42c7-8958-ee7c8e56b4d1/1766880000.0_mean_300.0_v3" "tx723652729c5f4e0ab4fd5-006956434e" "object-server 21" 0.0005 "-" 21 0
Jan 1 09:50:06 standalone object-server[122437]: 172.20.0.100 - - [01/Jan/2026:09:50:06 +0000] "PUT /d1/77/AUTH_f80f2090014a42cebdf9493caf59839f/gnocchi.a5671419-3096-42c7-8958-ee7c8e56b4d1/1766880000.0_mean_300.0_v3" 201 - "PUT http://localhost:8080/v1/AUTH_f80f2090014a42cebdf9493caf59839f/gnocchi.a5671419-3096-42c7-8958-ee7c8e56b4d1/1766880000.0_mean_300.0_v3" "tx723652729c5f4e0ab4fd5-006956434e" "proxy-server 21" 0.0092 "-" 21 0
Jan 1 09:50:06 standalone proxy-server[124145]: 172.18.0.2 ::1 01/Jan/2026/09/50/06 PUT /v1/AUTH_f80f2090014a42cebdf9493caf59839f/gnocchi.a5671419-3096-42c7-8958-ee7c8e56b4d1/1766880000.0_mean_300.0_v3 HTTP/1.0 201 - python-swiftclient-3.11.1 gAAAAABpVkKEZUB5... 16 - - tx723652729c5f4e0ab4fd5-006956434e - 0.0132 - - 1767261006.193444252 1767261006.206641912 0
Jan 1 09:50:06 standalone container-server[122301]: 172.20.0.100 - - [01/Jan/2026:09:50:06 +0000] "PUT /d1/402/AUTH_f80f2090014a42cebdf9493caf59839f/gnocchi.a5671419-3096-42c7-8958-ee7c8e56b4d1/none_v3" 201 - "PUT http://localhost:8080/d1/194/AUTH_f80f2090014a42cebdf9493caf59839f/gnocchi.a5671419-3096-42c7-8958-ee7c8e56b4d1/none_v3" "txbf852f36884749cca41e5-006956434e" "object-server 21" 0.0005 "-" 21 0
Jan 1 09:50:06 standalone object-server[122437]: 172.20.0.100 - - [01/Jan/2026:09:50:06 +0000] "PUT /d1/194/AUTH_f80f2090014a42cebdf9493caf59839f/gnocchi.a5671419-3096-42c7-8958-ee7c8e56b4d1/none_v3" 201 - "PUT http://localhost:8080/v1/AUTH_f80f2090014a42cebdf9493caf59839f/gnocchi.a5671419-3096-42c7-8958-ee7c8e56b4d1/none_v3" "txbf852f36884749cca41e5-006956434e" "proxy-server 21" 0.0081 "-" 21 0
Jan 1 09:50:06 standalone proxy-server[124145]: 172.18.0.2 ::1 01/Jan/2026/09/50/06 PUT /v1/AUTH_f80f2090014a42cebdf9493caf59839f/gnocchi.a5671419-3096-42c7-8958-ee7c8e56b4d1/none_v3 HTTP/1.0 201 - python-swiftclient-3.11.1 gAAAAABpVkKEZUB5... 22 - - txbf852f36884749cca41e5-006956434e - 0.0122 - - 1767261006.209461212 1767261006.221704721 0
Jan 1 09:50:06 standalone container-server[122301]: 172.20.0.100 - - [01/Jan/2026:09:50:06 +0000] "HEAD /d1/615/AUTH_f80f2090014a42cebdf9493caf59839f/gnocchi.3452047f-d476-43a2-afb5-517467964a61" 404 - "HEAD http://localhost:8080/v1/AUTH_f80f2090014a42cebdf9493caf59839f/gnocchi.3452047f-d476-43a2-afb5-517467964a61?format=json&states=listing" "tx9a602c9f871a4e08887b8-006956434e" "proxy-server 21" 0.0002 "-" 21 0
Jan 1 09:50:06 standalone object-server[122435]: 172.20.0.100 - - [01/Jan/2026:09:50:06 +0000] "GET /d1/478/AUTH_f80f2090014a42cebdf9493caf59839f/gnocchi.3452047f-d476-43a2-afb5-517467964a61/none_v3" 404 70 "GET http://localhost:8080/v1/AUTH_f80f2090014a42cebdf9493caf59839f/gnocchi.3452047f-d476-43a2-afb5-517467964a61/none_v3" "tx9a602c9f871a4e08887b8-006956434e" "proxy-server 21" 0.0003 "-" 20 0
Jan 1 09:50:06 standalone proxy-server[124145]: 172.18.0.2 ::1 01/Jan/2026/09/50/06 GET /v1/AUTH_f80f2090014a42cebdf9493caf59839f/gnocchi.3452047f-d476-43a2-afb5-517467964a61/none_v3 HTTP/1.0 404 - python-swiftclient-3.11.1 gAAAAABpVkKEZUB5... - 70 - tx9a602c9f871a4e08887b8-006956434e - 0.0070 - - 1767261006.232047081 1767261006.239014387 0
Jan 1 09:50:06 standalone account-server[122186]: 172.20.0.100 - - [01/Jan/2026:09:50:06 +0000] "PUT /d1/507/AUTH_f80f2090014a42cebdf9493caf59839f/gnocchi.3452047f-d476-43a2-afb5-517467964a61" 201 - "PUT http://172.20.0.100:6001/d1/615/AUTH_f80f2090014a42cebdf9493caf59839f/gnocchi.3452047f-d476-43a2-afb5-517467964a61" "txe444f002d91142c3a61e3-006956434e" "container-server 22" 0.0057 "-" 18 0
Jan 1 09:50:06 standalone container-server[122330]: 172.20.0.100 - - [01/Jan/2026:09:50:06 +0000] "PUT /d1/615/AUTH_f80f2090014a42cebdf9493caf59839f/gnocchi.3452047f-d476-43a2-afb5-517467964a61" 201 - "PUT http://localhost:8080/v1/AUTH_f80f2090014a42cebdf9493caf59839f/gnocchi.3452047f-d476-43a2-afb5-517467964a61" "txe444f002d91142c3a61e3-006956434e" "proxy-server 21" 0.0191 "-" 22 0
Jan 1 09:50:06 standalone proxy-server[124145]: 172.18.0.2 ::1 01/Jan/2026/09/50/06 PUT /v1/AUTH_f80f2090014a42cebdf9493caf59839f/gnocchi.3452047f-d476-43a2-afb5-517467964a61 HTTP/1.0 201 - python-swiftclient-3.11.1 gAAAAABpVkKEZUB5... - - - txe444f002d91142c3a61e3-006956434e - 0.0278 - - 1767261006.242654324 1767261006.270467520 0
Jan 1 09:50:06 standalone container-server[122330]: 172.20.0.100 - - [01/Jan/2026:09:50:06 +0000] "HEAD /d1/615/AUTH_f80f2090014a42cebdf9493caf59839f/gnocchi.3452047f-d476-43a2-afb5-517467964a61" 204 - "HEAD http://localhost:8080/v1/AUTH_f80f2090014a42cebdf9493caf59839f/gnocchi.3452047f-d476-43a2-afb5-517467964a61?format=json&states=listing" "tx509f85a671a24cfc9c992-006956434e" "proxy-server 21" 0.0019 "-" 22 0
Jan 1 09:50:06 standalone proxy-server[124145]: - - 01/Jan/2026/09/50/06 HEAD /v1/AUTH_f80f2090014a42cebdf9493caf59839f/gnocchi.3452047f-d476-43a2-afb5-517467964a61%3Fformat%3Djson%26states%3Dlisting HTTP/1.0 204 - Swift - - - - tx509f85a671a24cfc9c992-006956434e - 0.0063 RL - 1767261006.275940418 1767261006.282200575 0
Jan 1 09:50:06 standalone container-server[122298]: 172.20.0.100 - - [01/Jan/2026:09:50:06 +0000] "GET /d1/615/AUTH_f80f2090014a42cebdf9493caf59839f/gnocchi.3452047f-d476-43a2-afb5-517467964a61" 200 2 "GET http://localhost:8080/v1/AUTH_f80f2090014a42cebdf9493caf59839f/gnocchi.3452047f-d476-43a2-afb5-517467964a61?format=json&states=listing" "tx509f85a671a24cfc9c992-006956434e" "proxy-server 21" 0.0053 "-" 20 0
Jan 1 09:50:06 standalone proxy-server[124145]: 172.18.0.2 ::1 01/Jan/2026/09/50/06 GET /v1/AUTH_f80f2090014a42cebdf9493caf59839f/gnocchi.3452047f-d476-43a2-afb5-517467964a61%3Fformat%3Djson%26states%3Dlisting HTTP/1.0 200 - python-swiftclient-3.11.1 gAAAAABpVkKEZUB5... - 2 - tx509f85a671a24cfc9c992-006956434e - 0.0225 - - 1767261006.274404287 1767261006.296940804 0
Jan 1 09:50:06 standalone object-server[122444]: 172.20.0.100 - - [01/Jan/2026:09:50:06 +0000] "GET /d1/229/AUTH_f80f2090014a42cebdf9493caf59839f/gnocchi.3452047f-d476-43a2-afb5-517467964a61/1766880000.0_mean_300.0_v3" 404 70 "GET http://localhost:8080/v1/AUTH_f80f2090014a42cebdf9493caf59839f/gnocchi.3452047f-d476-43a2-afb5-517467964a61/1766880000.0_mean_300.0_v3" "tx5834c1c463484baaa54e1-006956434e" "proxy-server 21" 0.0006 "-" 22 0
Jan 1 09:50:06 standalone proxy-server[124145]: 172.18.0.2 ::1 01/Jan/2026/09/50/06 GET /v1/AUTH_f80f2090014a42cebdf9493caf59839f/gnocchi.3452047f-d476-43a2-afb5-517467964a61/1766880000.0_mean_300.0_v3 HTTP/1.0 404 - python-swiftclient-3.11.1 gAAAAABpVkKEZUB5... - 70 - tx5834c1c463484baaa54e1-006956434e - 0.0066 - - 1767261006.301158190 1767261006.307722092 0
Jan 1 09:50:06 standalone container-server[122330]: 172.20.0.100 - - [01/Jan/2026:09:50:06 +0000] "PUT /d1/615/AUTH_f80f2090014a42cebdf9493caf59839f/gnocchi.3452047f-d476-43a2-afb5-517467964a61/1766880000.0_mean_300.0_v3" 201 - "PUT http://localhost:8080/d1/229/AUTH_f80f2090014a42cebdf9493caf59839f/gnocchi.3452047f-d476-43a2-afb5-517467964a61/1766880000.0_mean_300.0_v3" "txb201000221224d9b97e0a-006956434e" "object-server 22" 0.0008 "-" 22 0
Jan 1 09:50:06 standalone object-server[122444]: 172.20.0.100 - - [01/Jan/2026:09:50:06 +0000] "PUT /d1/229/AUTH_f80f2090014a42cebdf9493caf59839f/gnocchi.3452047f-d476-43a2-afb5-517467964a61/1766880000.0_mean_300.0_v3" 201 - "PUT http://localhost:8080/v1/AUTH_f80f2090014a42cebdf9493caf59839f/gnocchi.3452047f-d476-43a2-afb5-517467964a61/1766880000.0_mean_300.0_v3" "txb201000221224d9b97e0a-006956434e" "proxy-server 21" 0.0107 "-" 22 0
Jan 1 09:50:06 standalone proxy-server[124145]: 172.18.0.2 ::1 01/Jan/2026/09/50/06 PUT /v1/AUTH_f80f2090014a42cebdf9493caf59839f/gnocchi.3452047f-d476-43a2-afb5-517467964a61/1766880000.0_mean_300.0_v3 HTTP/1.0 201 - python-swiftclient-3.11.1 gAAAAABpVkKEZUB5... 16 - - txb201000221224d9b97e0a-006956434e - 0.0159 - - 1767261006.310933352 1767261006.326786757 0
Jan 1 09:50:06 standalone container-server[122301]: 172.20.0.100 - - [01/Jan/2026:09:50:06 +0000] "PUT /d1/615/AUTH_f80f2090014a42cebdf9493caf59839f/gnocchi.3452047f-d476-43a2-afb5-517467964a61/none_v3" 201 - "PUT http://localhost:8080/d1/478/AUTH_f80f2090014a42cebdf9493caf59839f/gnocchi.3452047f-d476-43a2-afb5-517467964a61/none_v3" "tx23bc0b7343b540cca78c8-006956434e" "object-server 21" 0.0006 "-" 21 0
Jan 1 09:50:06 standalone object-server[122437]: 172.20.0.100 - - [01/Jan/2026:09:50:06 +0000] "PUT /d1/478/AUTH_f80f2090014a42cebdf9493caf59839f/gnocchi.3452047f-d476-43a2-afb5-517467964a61/none_v3" 201 - "PUT http://localhost:8080/v1/AUTH_f80f2090014a42cebdf9493caf59839f/gnocchi.3452047f-d476-43a2-afb5-517467964a61/none_v3" "tx23bc0b7343b540cca78c8-006956434e" "proxy-server 21" 0.0096 "-" 21 0
