Jan 1 09:50:07 standalone object-server[122437]: 172.20.0.100 - - [01/Jan/2026:09:50:07 +0000] "GET /d1/50/AUTH_f80f2090014a42cebdf9493caf59839f/gnocchi.37e1cbd0-6d8b-4085-b1d4-3cf5e0083385/none_v3" 404 70 "GET http://localhost:8080/v1/AUTH_f80f2090014a42cebdf9493caf59839f/gnocchi.37e1cbd0-6d8b-4085-b1d4-3cf5e0083385/none_v3" "txad0e4bb219774daca25f8-006956434f" "proxy-server 21" 0.0006 "-" 21 0
Jan 1 09:50:07 standalone proxy-server[124145]: 172.18.0.2 ::1 01/Jan/2026/09/50/07 GET /v1/AUTH_f80f2090014a42cebdf9493caf59839f/gnocchi.37e1cbd0-6d8b-4085-b1d4-3cf5e0083385/none_v3 HTTP/1.0 404 - python-swiftclient-3.11.1 gAAAAABpVkKEZUB5... - 70 - txad0e4bb219774daca25f8-006956434f - 0.0136 - - 1767261007.326550722 1767261007.340113401 0
Jan 1 09:50:07 standalone account-server[122186]: 172.20.0.100 - - [01/Jan/2026:09:50:07 +0000] "PUT /d1/507/AUTH_f80f2090014a42cebdf9493caf59839f/gnocchi.37e1cbd0-6d8b-4085-b1d4-3cf5e0083385" 201 - "PUT http://172.20.0.100:6001/d1/63/AUTH_f80f2090014a42cebdf9493caf59839f/gnocchi.37e1cbd0-6d8b-4085-b1d4-3cf5e0083385" "txb68f320decc9416083c19-006956434f" "container-server 23" 0.0059 "-" 18 0
Jan 1 09:50:07 standalone container-server[122334]: 172.20.0.100 - - [01/Jan/2026:09:50:07 +0000] "PUT /d1/63/AUTH_f80f2090014a42cebdf9493caf59839f/gnocchi.37e1cbd0-6d8b-4085-b1d4-3cf5e0083385" 201 - "PUT http://localhost:8080/v1/AUTH_f80f2090014a42cebdf9493caf59839f/gnocchi.37e1cbd0-6d8b-4085-b1d4-3cf5e0083385" "txb68f320decc9416083c19-006956434f" "proxy-server 21" 0.0196 "-" 23 0
Jan 1 09:50:07 standalone proxy-server[124145]: 172.18.0.2 ::1 01/Jan/2026/09/50/07 PUT /v1/AUTH_f80f2090014a42cebdf9493caf59839f/gnocchi.37e1cbd0-6d8b-4085-b1d4-3cf5e0083385 HTTP/1.0 201 - python-swiftclient-3.11.1 gAAAAABpVkKEZUB5... - - - txb68f320decc9416083c19-006956434f - 0.0259 - - 1767261007.344627857 1767261007.370505810 0
Jan 1 09:50:07 standalone container-server[122301]: 172.20.0.100 - - [01/Jan/2026:09:50:07 +0000] "HEAD /d1/63/AUTH_f80f2090014a42cebdf9493caf59839f/gnocchi.37e1cbd0-6d8b-4085-b1d4-3cf5e0083385" 204 - "HEAD http://localhost:8080/v1/AUTH_f80f2090014a42cebdf9493caf59839f/gnocchi.37e1cbd0-6d8b-4085-b1d4-3cf5e0083385?format=json&states=listing" "txec73bd73db9b415c8b236-006956434f" "proxy-server 21" 0.0022 "-" 21 0
Jan 1 09:50:07 standalone proxy-server[124145]: - - 01/Jan/2026/09/50/07 HEAD /v1/AUTH_f80f2090014a42cebdf9493caf59839f/gnocchi.37e1cbd0-6d8b-4085-b1d4-3cf5e0083385%3Fformat%3Djson%26states%3Dlisting HTTP/1.0 204 - Swift - - - - txec73bd73db9b415c8b236-006956434f - 0.0061 RL - 1767261007.377007961 1767261007.383107424 0
Jan 1 09:50:07 standalone container-server[122334]: 172.20.0.100 - - [01/Jan/2026:09:50:07 +0000] "GET /d1/63/AUTH_f80f2090014a42cebdf9493caf59839f/gnocchi.37e1cbd0-6d8b-4085-b1d4-3cf5e0083385" 200 2 "GET http://localhost:8080/v1/AUTH_f80f2090014a42cebdf9493caf59839f/gnocchi.37e1cbd0-6d8b-4085-b1d4-3cf5e0083385?format=json&states=listing" "txec73bd73db9b415c8b236-006956434f" "proxy-server 21" 0.0024 "-" 23 0
Jan 1 09:50:07 standalone proxy-server[124145]: 172.18.0.2 ::1 01/Jan/2026/09/50/07 GET /v1/AUTH_f80f2090014a42cebdf9493caf59839f/gnocchi.37e1cbd0-6d8b-4085-b1d4-3cf5e0083385%3Fformat%3Djson%26states%3Dlisting HTTP/1.0 200 - python-swiftclient-3.11.1 gAAAAABpVkKEZUB5... - 2 - txec73bd73db9b415c8b236-006956434f - 0.0172 - - 1767261007.375942707 1767261007.393116236 0
Jan 1 09:50:07 standalone object-server[122447]: 172.20.0.100 - - [01/Jan/2026:09:50:07 +0000] "GET /d1/570/AUTH_f80f2090014a42cebdf9493caf59839f/gnocchi.37e1cbd0-6d8b-4085-b1d4-3cf5e0083385/1766880000.0_mean_300.0_v3" 404 70 "GET http://localhost:8080/v1/AUTH_f80f2090014a42cebdf9493caf59839f/gnocchi.37e1cbd0-6d8b-4085-b1d4-3cf5e0083385/1766880000.0_mean_300.0_v3" "tx4d5b5d5029e1445c8b513-006956434f" "proxy-server 21" 0.0005 "-" 23 0
Jan 1 09:50:07 standalone proxy-server[124145]: 172.18.0.2 ::1 01/Jan/2026/09/50/07 GET /v1/AUTH_f80f2090014a42cebdf9493caf59839f/gnocchi.37e1cbd0-6d8b-4085-b1d4-3cf5e0083385/1766880000.0_mean_300.0_v3 HTTP/1.0 404 - python-swiftclient-3.11.1 gAAAAABpVkKEZUB5... - 70 - tx4d5b5d5029e1445c8b513-006956434f - 0.0085 - - 1767261007.398619413 1767261007.407124758 0
Jan 1 09:50:07 standalone container-server[122301]: 172.20.0.100 - - [01/Jan/2026:09:50:07 +0000] "PUT /d1/63/AUTH_f80f2090014a42cebdf9493caf59839f/gnocchi.37e1cbd0-6d8b-4085-b1d4-3cf5e0083385/1766880000.0_mean_300.0_v3" 201 - "PUT http://localhost:8080/d1/570/AUTH_f80f2090014a42cebdf9493caf59839f/gnocchi.37e1cbd0-6d8b-4085-b1d4-3cf5e0083385/1766880000.0_mean_300.0_v3" "tx38cc37d639174fc49f183-006956434f" "object-server 23" 0.0009 "-" 21 0
Jan 1 09:50:07 standalone object-server[122447]: 172.20.0.100 - - [01/Jan/2026:09:50:07 +0000] "PUT /d1/570/AUTH_f80f2090014a42cebdf9493caf59839f/gnocchi.37e1cbd0-6d8b-4085-b1d4-3cf5e0083385/1766880000.0_mean_300.0_v3" 201 - "PUT http://localhost:8080/v1/AUTH_f80f2090014a42cebdf9493caf59839f/gnocchi.37e1cbd0-6d8b-4085-b1d4-3cf5e0083385/1766880000.0_mean_300.0_v3" "tx38cc37d639174fc49f183-006956434f" "proxy-server 21" 0.0125 "-" 23 0
Jan 1 09:50:07 standalone proxy-server[124145]: 172.18.0.2 ::1 01/Jan/2026/09/50/07 PUT /v1/AUTH_f80f2090014a42cebdf9493caf59839f/gnocchi.37e1cbd0-6d8b-4085-b1d4-3cf5e0083385/1766880000.0_mean_300.0_v3 HTTP/1.0 201 - python-swiftclient-3.11.1 gAAAAABpVkKEZUB5... 16 - - tx38cc37d639174fc49f183-006956434f - 0.0211 - - 1767261007.417403460 1767261007.438512802 0
Jan 1 09:50:07 standalone container-server[122334]: 172.20.0.100 - - [01/Jan/2026:09:50:07 +0000] "PUT /d1/63/AUTH_f80f2090014a42cebdf9493caf59839f/gnocchi.37e1cbd0-6d8b-4085-b1d4-3cf5e0083385/none_v3" 201 - "PUT http://localhost:8080/d1/50/AUTH_f80f2090014a42cebdf9493caf59839f/gnocchi.37e1cbd0-6d8b-4085-b1d4-3cf5e0083385/none_v3" "tx2d2944bdec844c0b8041f-006956434f" "object-server 23" 0.0007 "-" 23 0
Jan 1 09:50:07 standalone object-server[122447]: 172.20.0.100 - - [01/Jan/2026:09:50:07 +0000] "PUT /d1/50/AUTH_f80f2090014a42cebdf9493caf59839f/gnocchi.37e1cbd0-6d8b-4085-b1d4-3cf5e0083385/none_v3" 201 - "PUT http://localhost:8080/v1/AUTH_f80f2090014a42cebdf9493caf59839f/gnocchi.37e1cbd0-6d8b-4085-b1d4-3cf5e0083385/none_v3" "tx2d2944bdec844c0b8041f-006956434f" "proxy-server 21" 0.0126 "-" 23 0
Jan 1 09:50:07 standalone proxy-server[124145]: 172.18.0.2 ::1 01/Jan/2026/09/50/07 PUT /v1/AUTH_f80f2090014a42cebdf9493caf59839f/gnocchi.37e1cbd0-6d8b-4085-b1d4-3cf5e0083385/none_v3 HTTP/1.0 201 - python-swiftclient-3.11.1 gAAAAABpVkKEZUB5... 22 - - tx2d2944bdec844c0b8041f-006956434f - 0.0206 - - 1767261007.444232464 1767261007.464795113 0
Jan 1 09:50:07 standalone container-server[122330]: 172.20.0.100 - - [01/Jan/2026:09:50:07 +0000] "HEAD /d1/315/AUTH_f80f2090014a42cebdf9493caf59839f/gnocchi.5dcb9428-4490-464d-8138-e96658c028e7" 404 - "HEAD http://localhost:8080/v1/AUTH_f80f2090014a42cebdf9493caf59839f/gnocchi.5dcb9428-4490-464d-8138-e96658c028e7?format=json&states=listing" "tx0b62945d8173458eb3b86-006956434f" "proxy-server 21" 0.0006 "-" 22 0
Jan 1 09:50:07 standalone object-server[122444]: 172.20.0.100 - - [01/Jan/2026:09:50:07 +0000] "GET /d1/570/AUTH_f80f2090014a42cebdf9493caf59839f/gnocchi.5dcb9428-4490-464d-8138-e96658c028e7/none_v3" 404 70 "GET http://localhost:8080/v1/AUTH_f80f2090014a42cebdf9493caf59839f/gnocchi.5dcb9428-4490-464d-8138-e96658c028e7/none_v3" "tx0b62945d8173458eb3b86-006956434f" "proxy-server 21" 0.0005 "-" 22 0
Jan 1 09:50:07 standalone proxy-server[124145]: 172.18.0.2 ::1 01/Jan/2026/09/50/07 GET /v1/AUTH_f80f2090014a42cebdf9493caf59839f/gnocchi.5dcb9428-4490-464d-8138-e96658c028e7/none_v3 HTTP/1.0 404 - python-swiftclient-3.11.1 gAAAAABpVkKEZUB5... - 70 - tx0b62945d8173458eb3b86-006956434f - 0.0147 - - 1767261007.481228590 1767261007.495892763 0
Jan 1 09:50:07 standalone account-server[122217]: 172.20.0.100 - - [01/Jan/2026:09:50:07 +0000] "PUT /d1/507/AUTH_f80f2090014a42cebdf9493caf59839f/gnocchi.5dcb9428-4490-464d-8138-e96658c028e7" 201 - "PUT http://172.20.0.100:6001/d1/315/AUTH_f80f2090014a42cebdf9493caf59839f/gnocchi.5dcb9428-4490-464d-8138-e96658c028e7" "txb2e478d56a974749a12b2-006956434f" "container-server 21" 0.0064 "-" 23 0
Jan 1 09:50:07 standalone container-server[122301]: 172.20.0.100 - - [01/Jan/2026:09:50:07 +0000] "PUT /d1/315/AUTH_f80f2090014a42cebdf9493caf59839f/gnocchi.5dcb9428-4490-464d-8138-e96658c028e7" 201 - "PUT http://localhost:8080/v1/AUTH_f80f2090014a42cebdf9493caf59839f/gnocchi.5dcb9428-4490-464d-8138-e96658c028e7" "txb2e478d56a974749a12b2-006956434f" "proxy-server 21" 0.0215 "-" 21 0
Jan 1 09:50:07 standalone proxy-server[124145]: 172.18.0.2 ::1 01/Jan/2026/09/50/07 PUT /v1/AUTH_f80f2090014a42cebdf9493caf59839f/gnocchi.5dcb9428-4490-464d-8138-e96658c028e7 HTTP/1.0 201 - python-swiftclient-3.11.1 gAAAAABpVkKEZUB5... - - - txb2e478d56a974749a12b2-006956434f - 0.0303 - - 1767261007.501022100 1767261007.531294346 0
Jan 1 09:50:07 standalone container-server[122330]: 172.20.0.100 - - [01/Jan/2026:09:50:07 +0000] "HEAD /d1/315/AUTH_f80f2090014a42cebdf9493caf59839f/gnocchi.5dcb9428-4490-464d-8138-e96658c028e7" 204 - "HEAD http://localhost:8080/v1/AUTH_f80f2090014a42cebdf9493caf59839f/gnocchi.5dcb9428-4490-464d-8138-e96658c028e7?format=json&states=listing" "tx91cbd744c7a448ae89d80-006956434f" "proxy-server 21" 0.0024 "-" 22 0
Jan 1 09:50:07 standalone proxy-server[124145]: - - 01/Jan/2026/09/50/07 HEAD /v1/AUTH_f80f2090014a42cebdf9493caf59839f/gnocchi.5dcb9428-4490-464d-8138-e96658c028e7%3Fformat%3Djson%26states%3Dlisting HTTP/1.0 204 - Swift - - - - tx91cbd744c7a448ae89d80-006956434f - 0.0072 RL - 1767261007.538545847 1767261007.545724392 0
Jan 1 09:50:07 standalone container-server[122334]: 172.20.0.100 - - [01/Jan/2026:09:50:07 +0000] "GET /d1/315/AUTH_f80f2090014a42cebdf9493caf59839f/gnocchi.5dcb9428-4490-464d-8138-e96658c028e7" 200 2 "GET http://localhost:8080/v1/AUTH_f80f2090014a42cebdf9493caf59839f/gnocchi.5dcb9428-4490-464d-8138-e96658c028e7?format=json&states=listing" "tx91cbd744c7a448ae89d80-006956434f" "proxy-server 21" 0.0036 "-" 23 0
Jan 1 09:50:07 standalone proxy-server[124145]: 172.18.0.2 ::1 01/Jan/2026/09/50/07 GET /v1/AUTH_f80f2090014a42cebdf9493caf59839f/gnocchi.5dcb9428-4490-464d-8138-e96658c028e7%3Fformat%3Djson%26states%3Dlisting HTTP/1.0 200 - python-swiftclient-3.11.1 gAAAAABpVkKEZUB5... - 2 - tx91cbd744c7a448ae89d80-006956434f - 0.0230 - - 1767261007.536934376 1767261007.559935808 0
Jan 1 09:50:07 standalone object-server[122444]: 172.20.0.100 - - [01/Jan/2026:09:50:07 +0000] "GET /d1/263/AUTH_f80f2090014a42cebdf9493caf59839f/gnocchi.5dcb9428-4490-464d-8138-e96658c028e7/1766880000.0_mean_300.0_v3" 404 70 "GET http://localhost:8080/v1/AUTH_f80f2090014a42cebdf9493caf59839f/gnocchi.5dcb9428-4490-464d-8138-e96658c028e7/1766880000.0_mean_300.0_v3" "txd4340f297a6b4c989e155-006956434f" "proxy-server 21" 0.0007 "-" 22 0
Jan 1 09:50:07 standalone proxy-server[124145]: 172.18.0.2 ::1 01/Jan/2026/09/50/07 GET /v1/AUTH_f80f2090014a42cebdf9493caf59839f/gnocchi.5dcb9428-4490-464d-8138-e96658c028e7/1766880000.0_mean_300.0_v3 HTTP/1.0 404 - python-swiftclient-3.11.1 gAAAAABpVkKEZUB5... - 70 - txd4340f297a6b4c989e155-006956434f - 0.0088 - - 1767261007.567034960 1767261007.575845003 0
Jan 1 09:50:07 standalone container-server[122301]: 172.20.0.100 - - [01/Jan/2026:09:50:07 +0000] "PUT /d1/315/AUTH_f80f2090014a42cebdf9493caf59839f/gnocchi.5dcb9428-4490-464d-8138-e96658c028e7/1766880000.0_mean_300.0_v3" 201 - "PUT http://localhost:8080/d1/263/AUTH_f80f2090014a42cebdf9493caf59839f/gnocchi.5dcb9428-4490-464d-8138-e96658c028e7/1766880000.0_mean_300.0_v3" "tx1d895abc32c04bc2b47a6-006956434f" "object-server 23" 0.0009 "-" 21 0
Jan 1 09:50:07 standalone object-server[122447]: 172.20.0.100 - - [01/Jan/2026:09:50:07 +0000] "PUT /d1/263/AUTH_f80f2090014a42cebdf9493caf59839f/gnocchi.5dcb9428-4490-464d-8138-e96658c028e7/1766880000.0_mean_300.0_v3" 201 - "PUT http://localhost:8080/v1/AUTH_f80f2090014a42cebdf9493caf59839f/gnocchi.5dcb9428-4490-464d-8138-e96658c028e7/1766880000.0_mean_300.0_v3" "tx1d895abc32c04bc2b47a6-006956434f" "proxy-server 21" 0.0125 "-" 23 0
Jan 1 09:50:07 standalone proxy-server[124145]: 172.18.0.2 ::1 01/Jan/2026/09/50/07 PUT /v1/AUTH_f80f2090014a42cebdf9493caf59839f/gnocchi.5dcb9428-4490-464d-8138-e96658c028e7/1766880000.0_mean_300.0_v3 HTTP/1.0 201 - python-swiftclient-3.11.1 gAAAAABpVkKEZUB5... 16 - - tx1d895abc32c04bc2b47a6-006956434f - 0.0209 - - 1767261007.581027746 1767261007.601924419 0
Jan 1 09:50:07 standalone container-server[122330]: 172.20.0.100 - - [01/Jan/2026:09:50:07 +0000] "PUT /d1/315/AUTH_f80f2090014a42cebdf9493caf59839f/gnocchi.5dcb9428-4490-464d-8138-e96658c028e7/none_v3" 201 - "PUT http://localhost:8080/d1/570/AUTH_f80f2090014a42cebdf9493caf59839f/gnocchi.5dcb9428-4490-464d-8138-e96658c028e7/none_v3" "txb9f36548b9b54957b1b30-006956434f" "object-server 20" 0.0009 "-" 22 0
Jan 1 09:50:07 standalone object-server[122435]: 172.20.0.100 - - [01/Jan/2026:09:50:07 +0000] "PUT /d1/570/AUTH_f80f2090014a42cebdf9493caf59839f/gnocchi.5dcb9428-4490-464d-8138-e96658c028e7/none_v3" 201 - "PUT http://localhost:8080/v1/AUTH_f80f2090014a42cebdf9493caf59839f/gnocchi.5dcb9428-4490-464d-8138-e96658c028e7/none_v3" "txb9f36548b9b54957b1b30-006956434f" "proxy-server 21" 0.0129 "-" 20 0
Jan 1 09:50:07 standalone proxy-server[124145]: 172.18.0.2 ::1 01/Jan/2026/09/50/07 PUT /v1/AUTH_f80f2090014a42cebdf9493caf59839f/gnocchi.5dcb9428-4490-464d-8138-e96658c028e7/none_v3 HTTP/1.0 201 - python-swiftclient-3.11.1 gAAAAABpVkKEZUB5... 22 - - txb9f36548b9b54957b1b30-006956434f - 0.0212 - - 1767261007.606823683 1767261007.628048658 0
Jan 1 09:50:07 standalone container-server[122330]: 172.20.0.100 - - [01/Jan/2026:09:50:07 +0000] "HEAD /d1/1017/AUTH_f80f2090014a42cebdf9493caf59839f/gnocchi.02e123fc-33c6-4ac1-89ad-d99ac6f9b3a6" 404 - "HEAD http://localhost:8080/v1/AUTH_f80f2090014a42cebdf9493caf59839f/gnocchi.02e123fc-33c6-4ac1-89ad-d99ac6f9b3a6?format=json&states=listing" "tx9fed2686071046189f510-006956434f" "proxy-server 21" 0.0006 "-" 22 0
Jan 1 09:50:07 standalone object-server[122437]: 172.20.0.100 - - [01/Jan/2026:09:50:07 +0000] "GET /d1/736/AUTH_f80f2090014a42cebdf9493caf59839f/gnocchi.02e123fc-33c6-4ac1-89ad-d99ac6f9b3a6/none_v3" 404 70 "GET http://localhost:8080/v1/AUTH_f80f2090014a42cebdf9493caf59839f/gnocchi.02e123fc-33c6-4ac1-89ad-d99ac6f9b3a6/none_v3" "tx9fed2686071046189f510-006956434f" "proxy-server 21" 0.0005 "-" 21 0
Jan 1 09:50:07 standalone proxy-server[124145]: 172.18.0.2 ::1 01/Jan/2026/09/50/07 GET /v1/AUTH_f80f2090014a42cebdf9493caf59839f/gnocchi.02e123fc-33c6-4ac1-89ad-d99ac6f9b3a6/none_v3 HTTP/1.0 404 - python-swiftclient-3.11.1 gAAAAABpVkKEZUB5... - 70 - tx9fed2686071046189f510-006956434f - 0.0173 - - 1767261007.646515608 1767261007.663774014 0
Jan 1 09:50:07 standalone account-server[122217]: 172.20.0.100 - - [01/Jan/2026:09:50:07 +0000] "PUT /d1/507/AUTH_f80f2090014a42cebdf9493caf59839f/gnocchi.02e123fc-33c6-4ac1-89ad-d99ac6f9b3a6" 201 - "PUT http://172.20.0.100:6001/d1/1017/AUTH_f80f2090014a42cebdf9493caf59839f/gnocchi.02e123fc-33c6-4ac1-89ad-d99ac6f9b3a6" "txeaec1c67f69e41f5b5df7-006956434f" "container-server 23" 0.0047 "-" 23 0
Jan 1 09:50:07 standalone container-server[122334]: 172.20.0.100 - - [01/Jan/2026:09:50:07 +0000] "PUT /d1/1017/AUTH_f80f2090014a42cebdf9493caf59839f/gnocchi.02e123fc-33c6-4ac1-89ad-d99ac6f9b3a6" 201 - "PUT http://localhost:8080/v1/AUTH_f80f2090014a42cebdf9493caf59839f/gnocchi.02e123fc-33c6-4ac1-89ad-d99ac6f9b3a6" "txeaec1c67f69e41f5b5df7-006956434f" "proxy-server 21" 0.0172 "-" 23 0
Jan 1 09:50:07 standalone proxy-server[124145]: 172.18.0.2 ::1 01/Jan/2026/09/50/07 PUT /v1/AUTH_f80f2090014a42cebdf9493caf59839f/gnocchi.02e123fc-33c6-4ac1-89ad-d99ac6f9b3a6 HTTP/1.0 201 - python-swiftclient-3.11.1 gAAAAABpVkKEZUB5... - - - txeaec1c67f69e41f5b5df7-006956434f - 0.0247 - - 1767261007.670421362 1767261007.695114851 0
Jan 1 09:50:07 standalone container-server[122298]: 172.20.0.100 - - [01/Jan/2026:09:50:07 +0000] "HEAD /d1/1017/AUTH_f80f2090014a42cebdf9493caf59839f/gnocchi.02e123fc-33c6-4ac1-89ad-d99ac6f9b3a6" 204 - "HEAD http://localhost:8080/v1/AUTH_f80f2090014a42cebdf9493caf59839f/gnocchi.02e123fc-33c6-4ac1-89ad-d99ac6f9b3a6?format=json&states=listing" "txae28c3ee507d4f90b3688-006956434f" "proxy-server 21" 0.0021 "-" 20 0
Jan 1 09:50:07 standalone proxy-server[124145]: - - 01/Jan/2026/09/50/07 HEAD /v1/AUTH_f80f2090014a42cebdf9493caf59839f/gnocchi.02e123fc-33c6-4ac1-89ad-d99ac6f9b3a6%3Fformat%3Djson%26states%3Dlisting HTTP/1.0 204 - Swift - - - - txae28c3ee507d4f90b3688-006956434f - 0.0071 RL - 1767261007.703276396 1767261007.710383892 0
Jan 1 09:50:07 standalone container-server[122301]: 172.20.0.100 - - [01/Jan/2026:09:50:07 +0000] "GET /d1/1017/AUTH_f80f2090014a42cebdf9493caf59839f/gnocchi.02e123fc-33c6-4ac1-89ad-d99ac6f9b3a6" 200 2 "GET http://localhost:8080/v1/AUTH_f80f2090014a42cebdf9493caf59839f/gnocchi.02e123fc-33c6-4ac1-89ad-d99ac6f9b3a6?format=json&states=listing" "txae28c3ee507d4f90b3688-006956434f" "proxy-server 21" 0.0038 "-" 21 0
Jan 1 09:50:07 standalone proxy-server[124145]: 172.18.0.2 ::1 01/Jan/2026/09/50/07 GET /v1/AUTH_f80f2090014a42cebdf9493caf59839f/gnocchi.02e123fc-33c6-4ac1-89ad-d99ac6f9b3a6%3Fformat%3Djson%26states%3Dlisting HTTP/1.0 200 - python-swiftclient-3.11.1 gAAAAABpVkKEZUB5... - 2 - txae28c3ee507d4f90b3688-006956434f - 0.0216 - - 1767261007.700729847 1767261007.722322226 0
Jan 1 09:50:07 standalone object-server[122435]: 172.20.0.100 - - [01/Jan/2026:09:50:07 +0000] "GET /d1/847/AUTH_f80f2090014a42cebdf9493caf59839f/gnocchi.02e123fc-33c6-4ac1-89ad-d99ac6f9b3a6/1766880000.0_mean_300.0_v3" 404 70 "GET http://localhost:8080/v1/AUTH_f80f2090014a42cebdf9493caf59839f/gnocchi.02e123fc-33c6-4ac1-89ad-d99ac6f9b3a6/1766880000.0_mean_300.0_v3" "tx65e935ed83604d48b6a2f-006956434f" "proxy-server 21" 0.0003 "-" 20 0
Jan 1 09:50:07 standalone proxy-server[124145]: 172.18.0.2 ::1 01/Jan/2026/09/50/07 GET /v1/AUTH_f80f2090014a42cebdf9493caf59839f/gnocchi.02e123fc-33c6-4ac1-89ad-d99ac6f9b3a6/1766880000.0_mean_300.0_v3 HTTP/1.0 404 - python-swiftclient-3.11.1 gAAAAABpVkKEZUB5... - 70 - tx65e935ed83604d48b6a2f-006956434f - 0.0060 - - 1767261007.728013754 1767261007.734042645 0
Jan 1 09:50:07 standalone container-server[122330]: 172.20.0.100 - - [01/Jan/2026:09:50:07 +0000] "PUT /d1/1017/AUTH_f80f2090014a42cebdf9493caf59839f/gnocchi.02e123fc-33c6-4ac1-89ad-d99ac6f9b3a6/1766880000.0_mean_300.0_v3" 201 - "PUT http://localhost:8080/d1/847/AUTH_f80f2090014a42cebdf9493caf59839f/gnocchi.02e123fc-33c6-4ac1-89ad-d99ac6f9b3a6/1766880000.0_mean_300.0_v3" "tx2ac0ebe4ab0541bbb72cb-006956434f" "object-server 21" 0.0006 "-" 22 0
Jan 1 09:50:07 standalone object-server[122437]: 172.20.0.100 - - [01/Jan/2026:09:50:07 +0000] "PUT /d1/847/AUTH_f80f2090014a42cebdf9493caf59839f/gnocchi.02e123fc-33c6-4ac1-89ad-d99ac6f9b3a6/1766880000.0_mean_300.0_v3" 201 - "PUT http://localhost:8080/v1/AUTH_f80f2090014a42cebdf9493caf59839f/gnocchi.02e123fc-33c6-4ac1-89ad-d99ac6f9b3a6/1766880000.0_mean_300.0_v3" "tx2ac0ebe4ab0541bbb72cb-006956434f" "proxy-server 21" 0.0100 "-" 21 0
Jan 1 09:50:07 standalone proxy-server[124145]: 172.18.0.2 ::1 01/Jan/2026/09/50/07 PUT /v1/AUTH_f80f2090014a42cebdf9493caf59839f/gnocchi.02e123fc-33c6-4ac1-89ad-d99ac6f9b3a6/1766880000.0_mean_300.0_v3 HTTP/1.0 201 - python-swiftclient-3.11.1 gAAAAABpVkKEZUB5... 16 - - tx2ac0ebe4ab0541bbb72cb-006956434f - 0.0166 - - 1767261007.737941980 1767261007.754580259 0
Jan 1 09:50:07 standalone container-server[122301]: 172.20.0.100 - - [01/Jan/2026:09:50:07 +0000] "PUT /d1/1017/AUTH_f80f2090014a42cebdf9493caf59839f/gnocchi.02e123fc-33c6-4ac1-89ad-d99ac6f9b3a6/none_v3" 201 - "PUT http://localhost:8080/d1/736/AUTH_f80f2090014a42cebdf9493caf59839f/gnocchi.02e123fc-33c6-4ac1-89ad-d99ac6f9b3a6/none_v3" "tx78cdd8cef66d4acc9a3eb-006956434f" "object-server 22" 0.0017 "-" 21 0
Jan 1 09:50:07 standalone object-server[122444]: 172.20.0.100 - - [01/Jan/2026:09:50:07 +0000] "PUT /d1/736/AUTH_f80f2090014a42cebdf9493caf59839f/gnocchi.02e123fc-33c6-4ac1-89ad-d99ac6f9b3a6/none_v3" 201 - "PUT http://localhost:8080/v1/AUTH_f80f2090014a42cebdf9493caf59839f/gnocchi.02e123fc-33c6-4ac1-89ad-d99ac6f9b3a6/none_v3" "tx78cdd8cef66d4acc9a3eb-006956434f" "proxy-server 21" 0.0139 "-" 22 0
Jan 1 09:50:07 standalone proxy-server[124145]: 172.18.0.2 ::1 01/Jan/2026/09/50/07 PUT /v1/AUTH_f80f2090014a42cebdf9493caf59839f/gnocchi.02e123fc-33c6-4ac1-89ad-d99ac6f9b3a6/none_v3 HTTP/1.0 201 - python-swiftclient-3.11.1 gAAAAABpVkKEZUB5... 22 - - tx78cdd8cef66d4acc9a3eb-006956434f - 0.0238 - - 1767261007.760153294 1767261007.783918858 0
Jan 1 09:50:07 standalone container-server[122301]: 172.20.0.100 - - [01/Jan/2026:09:50:07 +0000] "HEAD /d1/104/AUTH_f80f2090014a42cebdf9493caf59839f/gnocchi.c7acd517-0b4f-47a2-9bf6-e62f974ee432" 404 - "HEAD http://localhost:8080/v1/AUTH_f80f2090014a42cebdf9493caf59839f/gnocchi.c7acd517-0b4f-47a2-9bf6-e62f974ee432?format=json&states=listing" "txf4db57ddddf4403eb80d0-006956434f" "proxy-server 21" 0.0005 "-" 21 0
Jan 1 09:50:07 standalone object-server[122437]: 172.20.0.100 - - [01/Jan/2026:09:50:07 +0000] "GET /d1/197/AUTH_f80f2090014a42cebdf9493caf59839f/gnocchi.c7acd517-0b4f-47a2-9bf6-e62f974ee432/none_v3" 404 70 "GET http://localhost:8080/v1/AUTH_f80f2090014a42cebdf9493caf59839f/gnocchi.c7acd517-0b4f-47a2-9bf6-e62f974ee432/none_v3" "txf4db57ddddf4403eb80d0-006956434f" "proxy-server 21" 0.0004 "-" 21 0
Jan 1 09:50:07 standalone proxy-server[124145]: 172.18.0.2 ::1 01/Jan/2026/09/50/07 GET /v1/AUTH_f80f2090014a42cebdf9493caf59839f/gnocchi.c7acd517-0b4f-47a2-9bf6-e62f974ee432/none_v3 HTTP/1.0 404 - python-swiftclient-3.11.1 gAAAAABpVkKEZUB5... - 70 - txf4db57ddddf4403eb80d0-006956434f - 0.0123 - - 1767261007.800042152 1767261007.812327385 0
Jan 1 09:50:07 standalone account-server[122203]: 172.20.0.100 - - [01/Jan/2026:09:50:07 +0000] "PUT /d1/507/AUTH_f80f2090014a42cebdf9493caf59839f/gnocchi.c7acd517-0b4f-47a2-9bf6-e62f974ee432" 201 - "PUT http://172.20.0.100:6001/d1/104/AUTH_f80f2090014a42cebdf9493caf59839f/gnocchi.c7acd517-0b4f-47a2-9bf6-e62f974ee432" "tx2c151654572c46729837d-006956434f" "container-server 23" 0.0052 "-" 21 0
Jan 1 09:50:07 standalone container-server[122334]: 172.20.0.100 - - [01/Jan/2026:09:50:07 +0000] "PUT /d1/104/AUTH_f80f2090014a42cebdf9493caf59839f/gnocchi.c7acd517-0b4f-47a2-9bf6-e62f974ee432" 201 - "PUT http://localhost:8080/v1/AUTH_f80f2090014a42cebdf9493caf59839f/gnocchi.c7acd517-0b4f-47a2-9bf6-e62f974ee432" "tx2c151654572c46729837d-006956434f" "proxy-server 21" 0.0202 "-" 23 0
Jan 1 09:50:07 standalone proxy-server[124145]: 172.18.0.2 ::1 01/Jan/2026/09/50/07 PUT /v1/AUTH_f80f2090014a42cebdf9493caf59839f/gnocchi.c7acd517-0b4f-47a2-9bf6-e62f974ee432 HTTP/1.0 201 - python-swiftclient-3.11.1 gAAAAABpVkKEZUB5... - - - tx2c151654572c46729837d-006956434f - 0.0284 - - 1767261007.815911055 1767261007.844329834 0
Jan 1 09:50:07 standalone container-server[122298]: 172.20.0.100 - - [01/Jan/2026:09:50:07 +0000] "HEAD /d1/104/AUTH_f80f2090014a42cebdf9493caf59839f/gnocchi.c7acd517-0b4f-47a2-9bf6-e62f974ee432" 204 - "HEAD http://localhost:8080/v1/AUTH_f80f2090014a42cebdf9493caf59839f/gnocchi.c7acd517-0b4f-47a2-9bf6-e62f974ee432?format=json&states=listing" "txdf6a9b8501274d3f906da-006956434f" "proxy-server 21" 0.0022 "-" 20 0
Jan 1 09:50:07 standalone proxy-server[124145]: - - 01/Jan/2026/09/50/07 HEAD /v1/AUTH_f80f2090014a42cebdf9493caf59839f/gnocchi.c7acd517-0b4f-47a2-9bf6-e62f974ee432%3Fformat%3Djson%26states%3Dlisting HTTP/1.0 204 - Swift - - - - txdf6a9b8501274d3f906da-006956434f - 0.0073 RL - 1767261007.852405071 1767261007.859703779 0
Jan 1 09:50:07 standalone container-server[122334]: 172.20.0.100 - - [01/Jan/2026:09:50:07 +0000] "GET /d1/104/AUTH_f80f2090014a42cebdf9493caf59839f/gnocchi.c7acd517-0b4f-47a2-9bf6-e62f974ee432" 200 2 "GET http://localhost:8080/v1/AUTH_f80f2090014a42cebdf9493caf59839f/gnocchi.c7acd517-0b4f-47a2-9bf6-e62f974ee432?format=json&states=listing" "txdf6a9b8501274d3f906da-006956434f" "proxy-server 21" 0.0033 "-" 23 0
Jan 1 09:50:07 standalone proxy-server[124145]: 172.18.0.2 ::1 01/Jan/2026/09/50/07 GET /v1/AUTH_f80f2090014a42cebdf9493caf59839f/gnocchi.c7acd517-0b4f-47a2-9bf6-e62f974ee432%3Fformat%3Djson%26states%3Dlisting HTTP/1.0 200 - python-swiftclient-3.11.1 gAAAAABpVkKEZUB5... - 2 - txdf6a9b8501274d3f906da-006956434f - 0.0208 - - 1767261007.850466728 1767261007.871262789 0
Jan 1 09:50:07 standalone object-server[122435]: 172.20.0.100 - - [01/Jan/2026:09:50:07 +0000] "GET /d1/892/AUTH_f80f2090014a42cebdf9493caf59839f/gnocchi.c7acd517-0b4f-47a2-9bf6-e62f974ee432/1766880000.0_mean_300.0_v3" 404 70 "GET http://localhost:8080/v1/AUTH_f80f2090014a42cebdf9493caf59839f/gnocchi.c7acd517-0b4f-47a2-9bf6-e62f974ee432/1766880000.0_mean_300.0_v3" "tx7d79e1590b594d75b0915-006956434f" "proxy-server 21" 0.0004 "-" 20 0
Jan 1 09:50:07 standalone proxy-server[124145]: 172.18.0.2 ::1 01/Jan/2026/09/50/07 GET /v1/AUTH_f80f2090014a42cebdf9493caf59839f/gnocchi.c7acd517-0b4f-47a2-9bf6-e62f974ee432/1766880000.0_mean_300.0_v3 HTTP/1.0 404 - python-swiftclient-3.11.1 gAAAAABpVkKEZUB5... - 70 - tx7d79e1590b594d75b0915-006956434f - 0.0075 - - 1767261007.877408266 1767261007.884890318 0
Jan 1 09:50:07 standalone container-server[122330]: 172.20.0.100 - - [01/Jan/2026:09:50:07 +0000] "PUT /d1/104/AUTH_f80f2090014a42cebdf9493caf59839f/gnocchi.c7acd517-0b4f-47a2-9bf6-e62f974ee432/1766880000.0_mean_300.0_v3" 201 - "PUT http://localhost:8080/d1/892/AUTH_f80f2090014a42cebdf9493caf59839f/gnocchi.c7acd517-0b4f-47a2-9bf6-e62f974ee432/1766880000.0_mean_300.0_v3" "tx31f539254a9b4fd4a3375-006956434f" "object-server 23" 0.0004 "-" 22 0
Jan 1 09:50:07 standalone object-server[122447]: 172.20.0.100 - - [01/Jan/2026:09:50:07 +0000] "PUT /d1/892/AUTH_f80f2090014a42cebdf9493caf59839f/gnocchi.c7acd517-0b4f-47a2-9bf6-e62f974ee432/1766880000.0_mean_300.0_v3" 201 - "PUT http://localhost:8080/v1/AUTH_f80f2090014a42cebdf9493caf59839f/gnocchi.c7acd517-0b4f-47a2-9bf6-e62f974ee432/1766880000.0_mean_300.0_v3" "tx31f539254a9b4fd4a3375-006956434f" "proxy-server 21" 0.0108 "-" 23 0
Jan 1 09:50:07 standalone proxy-server[124145]: 172.18.0.2 ::1 01/Jan/2026/09/50/07 PUT /v1/AUTH_f80f2090014a42cebdf9493caf59839f/gnocchi.c7acd517-0b4f-47a2-9bf6-e62f974ee432/1766880000.0_mean_300.0_v3 HTTP/1.0 201 - python-swiftclient-3.11.1 gAAAAABpVkKEZUB5... 16 - - tx31f539254a9b4fd4a3375-006956434f - 0.0189 - - 1767261007.890963316 1767261007.909851551 0
Jan 1 09:50:07 standalone container-server[122330]: 172.20.0.100 - - [01/Jan/2026:09:50:07 +0000] "PUT /d1/104/AUTH_f80f2090014a42cebdf9493caf59839f/gnocchi.c7acd517-0b4f-47a2-9bf6-e62f974ee432/none_v3" 201 - "PUT http://localhost:8080/d1/197/AUTH_f80f2090014a42cebdf9493caf59839f/gnocchi.c7acd517-0b4f-47a2-9bf6-e62f974ee432/none_v3" "txfcedc899441a4e1d911ec-006956434f" "object-server 20" 0.0004 "-" 22 0
Jan 1 09:50:07 standalone object-server[122435]: 172.20.0.100 - - [01/Jan/2026:09:50:07 +0000] "PUT /d1/197/AUTH_f80f2090014a42cebdf9493caf59839f/gnocchi.c7acd517-0b4f-47a2-9bf6-e62f974ee432/none_v3" 201 - "PUT http://localhost:8080/v1/AUTH_f80f2090014a42cebdf9493caf59839f/gnocchi.c7acd517-0b4f-47a2-9bf6-e62f974ee432/none_v3" "txfcedc899441a4e1d911ec-006956434f" "proxy-server 21" 0.0098 "-" 20 0
Jan 1 09:50:07 standalone proxy-server[124145]: 172.18.0.2 ::1 01/Jan/2026/09/50/07 PUT /v1/AUTH_f80f2090014a42cebdf9493caf59839f/gnocchi.c7acd517-0b4f-47a2-9bf6-e62f974ee432/none_v3 HTTP/1.0 201 - python-swiftclient-3.11.1 gAAAAABpVkKEZUB5... 22 - - txfcedc899441a4e1d911ec-006956434f - 0.0183 - - 1767261007.914834023 1767261007.933160782 0
Jan 1 09:50:56 standalone account-server[121663]: Devices pass completed: 0.00s
Jan 1 09:51:20 standalone account-server[122203]: 172.20.0.100 - - [01/Jan/2026:09:51:20 +0000] "HEAD /d1/135/.expiring_objects" 404 - "HEAD http://localhost/v1/.expiring_objects?format=json" "tx863fa3e4311d47c6becfb-0069564398" "proxy-server 2" 0.0006 "-" 21 -
Jan 1 09:51:20 standalone object-expirer[122158]: Pass completed in 0s; 0 objects expired (txn: tx863fa3e4311d47c6becfb-0069564398)
Jan 1 09:53:20 standalone account-server[122217]: 172.20.0.100 - - [01/Jan/2026:09:53:20 +0000] "HEAD /d1/135/.expiring_objects" 404 - "HEAD http://localhost/v1/.expiring_objects?format=json" "txc7df43993eec4fdf9320f-0069564410" "proxy-server 2" 0.0008 "-" 23 -
Jan 1 09:53:20 standalone object-expirer[122158]: Pass completed in 0s; 0 objects expired (txn: txc7df43993eec4fdf9320f-0069564410)
Jan 1 09:54:13 standalone object-server[122340]: Begin object update sweep
Jan 1 09:54:13 standalone object-server[252775]: Object update sweep starting on /srv/node/d1 (pid: 15)
Jan 1 09:54:13 standalone object-server[252775]: Object update sweep completed on /srv/node/d1 in 0.00s seconds:, 0 successes, 0 failures, 0 quarantines, 0 unlinks, 0 errors, 0 redirects (pid: 15)
Jan 1 09:54:13 standalone object-server[252775]: Object update sweep of d1 completed: 0.00s, 0 successes, 0 failures, 0 quarantines, 0 unlinks, 0 errors, 0 redirects
Jan 1 09:54:13 standalone object-server[122340]: Object update sweep completed: 0.07s
Jan 1 09:54:18 standalone container-server[122056]: Begin container update sweep
Jan 1 09:54:18 standalone account-server[122186]: 172.20.0.100 - - [01/Jan/2026:09:54:18 +0000] "PUT /d1/507/AUTH_f80f2090014a42cebdf9493caf59839f/gnocchi.02e123fc-33c6-4ac1-89ad-d99ac6f9b3a6" 201 - "-" "-" "container-updater 2" 0.0011 "-" 18 0
Jan 1 09:54:18 standalone account-server[122186]: 172.20.0.100 - - [01/Jan/2026:09:54:18 +0000] "PUT /d1/507/AUTH_f80f2090014a42cebdf9493caf59839f/gnocchi.160a83f9-698e-441f-be5d-113dc18d2eee" 201 - "-" "-" "container-updater 2" 0.0007 "-" 18 0
Jan 1 09:54:18 standalone account-server[122203]: 172.20.0.100 - - [01/Jan/2026:09:54:18 +0000] "PUT /d1/507/AUTH_f80f2090014a42cebdf9493caf59839f/gnocchi.56f25e21-68e5-4974-b047-9d0fd2d1a9e8" 201 - "-" "-" "container-updater 2" 0.0004 "-" 21 0
Jan 1 09:54:18 standalone account-server[122217]: 172.20.0.100 - - [01/Jan/2026:09:54:18 +0000] "PUT /d1/507/AUTH_f80f2090014a42cebdf9493caf59839f/gnocchi.cdfbad61-be53-4c35-a860-05f1415c89e0" 201 - "-" "-" "container-updater 2" 0.0009 "-" 23 0
Jan 1 09:54:19 standalone account-server[122178]: 172.20.0.100 - - [01/Jan/2026:09:54:19 +0000] "PUT /d1/507/AUTH_f80f2090014a42cebdf9493caf59839f/gnocchi.37e1cbd0-6d8b-4085-b1d4-3cf5e0083385" 201 - "-" "-" "container-updater 2" 0.0004 "-" 17 0
Jan 1 09:54:19 standalone account-server[122217]: 172.20.0.100 - - [01/Jan/2026:09:54:19 +0000] "PUT /d1/507/AUTH_f80f2090014a42cebdf9493caf59839f/gnocchi.3452047f-d476-43a2-afb5-517467964a61" 201 - "-" "-" "container-updater 2" 0.0007 "-" 23 0
Jan 1 09:54:19 standalone account-server[122203]: 172.20.0.100 - - [01/Jan/2026:09:54:19 +0000] "PUT /d1/507/AUTH_f80f2090014a42cebdf9493caf59839f/gnocchi.48776157-628a-4d50-9685-41cbc9ee66d8" 201 - "-" "-" "container-updater 2" 0.0004 "-" 21 0
Jan 1 09:54:19 standalone account-server[122203]: 172.20.0.100 - - [01/Jan/2026:09:54:19 +0000] "PUT /d1/507/AUTH_f80f2090014a42cebdf9493caf59839f/gnocchi.cffdc1b0-a44b-48dd-98c4-32ba94438ee5" 201 - "-" "-" "container-updater 2" 0.0006 "-" 21 0
Jan 1 09:54:19 standalone account-server[122186]: 172.20.0.100 - - [01/Jan/2026:09:54:19 +0000] "PUT /d1/507/AUTH_f80f2090014a42cebdf9493caf59839f/gnocchi.36ba9977-03fe-400d-9198-c3485a512f15" 201 - "-" "-" "container-updater 2" 0.0006 "-" 18 0
Jan 1 09:54:19 standalone account-server[122203]: 172.20.0.100 - - [01/Jan/2026:09:54:19 +0000] "PUT /d1/507/AUTH_f80f2090014a42cebdf9493caf59839f/gnocchi.c7acd517-0b4f-47a2-9bf6-e62f974ee432" 201 - "-" "-" "container-updater 2" 0.0003 "-" 21 0
Jan 1 09:54:19 standalone account-server[122217]: 172.20.0.100 - - [01/Jan/2026:09:54:19 +0000] "PUT /d1/507/AUTH_f80f2090014a42cebdf9493caf59839f/gnocchi.b1fc5ba8-616b-4f57-b9e8-cbabf86faa0e" 201 - "-" "-" "container-updater 2" 0.0007 "-" 23 0
Jan 1 09:54:19 standalone account-server[122186]: 172.20.0.100 - - [01/Jan/2026:09:54:19 +0000] "PUT /d1/507/AUTH_f80f2090014a42cebdf9493caf59839f/gnocchi.5dcb9428-4490-464d-8138-e96658c028e7" 201 - "-" "-" "container-updater 2" 0.0004 "-" 18 0
Jan 1 09:54:19 standalone account-server[122178]: 172.20.0.100 - - [01/Jan/2026:09:54:19 +0000] "PUT /d1/507/AUTH_f80f2090014a42cebdf9493caf59839f/gnocchi.a5671419-3096-42c7-8958-ee7c8e56b4d1" 201 - "-" "-" "container-updater 2" 0.0007 "-" 17 0
Jan 1 09:54:20 standalone account-server[122186]: 172.20.0.100 - - [01/Jan/2026:09:54:20 +0000] "PUT /d1/507/AUTH_f80f2090014a42cebdf9493caf59839f/gnocchi.e6a44e8d-0df2-4279-9c31-07bc1ac7c245" 201 - "-" "-" "container-updater 2" 0.0004 "-" 18 0
Jan 1 09:54:20 standalone container-server[122056]: Container update sweep completed: 1.89s
Jan 1 09:56:11 standalone account-server[122178]: 172.20.0.100 - - [01/Jan/2026:09:56:11 +0000] "HEAD /d1/135/.expiring_objects" 404 - "HEAD http://localhost/v1/.expiring_objects?format=json" "tx4a49b1b3d9af43e2810d3-00695644bb" "proxy-server 2" 0.0008 "-" 17 -
Jan 1 09:56:11 standalone object-expirer[122158]: Pass completed in 0s; 0 objects expired (txn: tx4a49b1b3d9af43e2810d3-00695644bb)
Jan 1 09:57:02 standalone account-server[122203]: 172.20.0.100 - - [01/Jan/2026:09:57:02 +0000] "HEAD /d1/135/.expiring_objects" 404 - "HEAD http://localhost/v1/.expiring_objects?format=json" "tx582c3d1932fb430681ab6-00695644ee" "proxy-server 2" 0.0006 "-" 21 -
Jan 1 09:57:02 standalone object-expirer[122158]: Pass completed in 0s; 0 objects expired (txn: tx582c3d1932fb430681ab6-00695644ee)