Jan 1 09:50:06 standalone proxy-server[124145]: 172.18.0.2 ::1 01/Jan/2026/09/50/06 PUT /v1/AUTH_f80f2090014a42cebdf9493caf59839f/gnocchi.3452047f-d476-43a2-afb5-517467964a61/none_v3 HTTP/1.0 201 - python-swiftclient-3.11.1 gAAAAABpVkKEZUB5... 22 - - tx23bc0b7343b540cca78c8-006956434e - 0.0154 - - 1767261006.330345631 1767261006.345772266 0
Jan 1 09:50:06 standalone container-server[122334]: 172.20.0.100 - - [01/Jan/2026:09:50:06 +0000] "HEAD /d1/511/AUTH_f80f2090014a42cebdf9493caf59839f/gnocchi.b1fc5ba8-616b-4f57-b9e8-cbabf86faa0e" 404 - "HEAD http://localhost:8080/v1/AUTH_f80f2090014a42cebdf9493caf59839f/gnocchi.b1fc5ba8-616b-4f57-b9e8-cbabf86faa0e?format=json&states=listing" "tx3b6a524cf1b3440d949ae-006956434e" "proxy-server 21" 0.0006 "-" 23 0
Jan 1 09:50:06 standalone object-server[122444]: 172.20.0.100 - - [01/Jan/2026:09:50:06 +0000] "GET /d1/399/AUTH_f80f2090014a42cebdf9493caf59839f/gnocchi.b1fc5ba8-616b-4f57-b9e8-cbabf86faa0e/none_v3" 404 70 "GET http://localhost:8080/v1/AUTH_f80f2090014a42cebdf9493caf59839f/gnocchi.b1fc5ba8-616b-4f57-b9e8-cbabf86faa0e/none_v3" "tx3b6a524cf1b3440d949ae-006956434e" "proxy-server 21" 0.0004 "-" 22 0
Jan 1 09:50:06 standalone proxy-server[124145]: 172.18.0.2 ::1 01/Jan/2026/09/50/06 GET /v1/AUTH_f80f2090014a42cebdf9493caf59839f/gnocchi.b1fc5ba8-616b-4f57-b9e8-cbabf86faa0e/none_v3 HTTP/1.0 404 - python-swiftclient-3.11.1 gAAAAABpVkKEZUB5... - 70 - tx3b6a524cf1b3440d949ae-006956434e - 0.0153 - - 1767261006.356915712 1767261006.372242212 0
Jan 1 09:50:06 standalone account-server[122217]: 172.20.0.100 - - [01/Jan/2026:09:50:06 +0000] "PUT /d1/507/AUTH_f80f2090014a42cebdf9493caf59839f/gnocchi.b1fc5ba8-616b-4f57-b9e8-cbabf86faa0e" 201 - "PUT http://172.20.0.100:6001/d1/511/AUTH_f80f2090014a42cebdf9493caf59839f/gnocchi.b1fc5ba8-616b-4f57-b9e8-cbabf86faa0e" "txf17f984005794e649b34e-006956434e" "container-server 21" 0.0049 "-" 23 0
Jan 1 09:50:06 standalone container-server[122301]: 172.20.0.100 - - [01/Jan/2026:09:50:06 +0000] "PUT /d1/511/AUTH_f80f2090014a42cebdf9493caf59839f/gnocchi.b1fc5ba8-616b-4f57-b9e8-cbabf86faa0e" 201 - "PUT http://localhost:8080/v1/AUTH_f80f2090014a42cebdf9493caf59839f/gnocchi.b1fc5ba8-616b-4f57-b9e8-cbabf86faa0e" "txf17f984005794e649b34e-006956434e" "proxy-server 21" 0.0182 "-" 21 0
Jan 1 09:50:06 standalone proxy-server[124145]: 172.18.0.2 ::1 01/Jan/2026/09/50/06 PUT /v1/AUTH_f80f2090014a42cebdf9493caf59839f/gnocchi.b1fc5ba8-616b-4f57-b9e8-cbabf86faa0e HTTP/1.0 201 - python-swiftclient-3.11.1 gAAAAABpVkKEZUB5... - - - txf17f984005794e649b34e-006956434e - 0.0256 - - 1767261006.375284195 1767261006.400933266 0
Jan 1 09:50:06 standalone container-server[122301]: 172.20.0.100 - - [01/Jan/2026:09:50:06 +0000] "HEAD /d1/511/AUTH_f80f2090014a42cebdf9493caf59839f/gnocchi.b1fc5ba8-616b-4f57-b9e8-cbabf86faa0e" 204 - "HEAD http://localhost:8080/v1/AUTH_f80f2090014a42cebdf9493caf59839f/gnocchi.b1fc5ba8-616b-4f57-b9e8-cbabf86faa0e?format=json&states=listing" "tx0a0d33b7d857491da7fe0-006956434e" "proxy-server 21" 0.0021 "-" 21 0
Jan 1 09:50:06 standalone proxy-server[124145]: - - 01/Jan/2026/09/50/06 HEAD /v1/AUTH_f80f2090014a42cebdf9493caf59839f/gnocchi.b1fc5ba8-616b-4f57-b9e8-cbabf86faa0e%3Fformat%3Djson%26states%3Dlisting HTTP/1.0 204 - Swift - - - - tx0a0d33b7d857491da7fe0-006956434e - 0.0061 RL - 1767261006.407190323 1767261006.413253546 0
Jan 1 09:50:06 standalone container-server[122330]: 172.20.0.100 - - [01/Jan/2026:09:50:06 +0000] "GET /d1/511/AUTH_f80f2090014a42cebdf9493caf59839f/gnocchi.b1fc5ba8-616b-4f57-b9e8-cbabf86faa0e" 200 2 "GET http://localhost:8080/v1/AUTH_f80f2090014a42cebdf9493caf59839f/gnocchi.b1fc5ba8-616b-4f57-b9e8-cbabf86faa0e?format=json&states=listing" "tx0a0d33b7d857491da7fe0-006956434e" "proxy-server 21" 0.0035 "-" 22 0
Jan 1 09:50:06 standalone proxy-server[124145]: 172.18.0.2 ::1 01/Jan/2026/09/50/06 GET /v1/AUTH_f80f2090014a42cebdf9493caf59839f/gnocchi.b1fc5ba8-616b-4f57-b9e8-cbabf86faa0e%3Fformat%3Djson%26states%3Dlisting HTTP/1.0 200 - python-swiftclient-3.11.1 gAAAAABpVkKEZUB5... - 2 - tx0a0d33b7d857491da7fe0-006956434e - 0.0183 - - 1767261006.405504704 1767261006.423826694 0
Jan 1 09:50:06 standalone object-server[122437]: 172.20.0.100 - - [01/Jan/2026:09:50:06 +0000] "GET /d1/388/AUTH_f80f2090014a42cebdf9493caf59839f/gnocchi.b1fc5ba8-616b-4f57-b9e8-cbabf86faa0e/1766880000.0_mean_300.0_v3" 404 70 "GET http://localhost:8080/v1/AUTH_f80f2090014a42cebdf9493caf59839f/gnocchi.b1fc5ba8-616b-4f57-b9e8-cbabf86faa0e/1766880000.0_mean_300.0_v3" "tx9dbae88ed032416f9904a-006956434e" "proxy-server 21" 0.0010 "-" 21 0
Jan 1 09:50:06 standalone proxy-server[124145]: 172.18.0.2 ::1 01/Jan/2026/09/50/06 GET /v1/AUTH_f80f2090014a42cebdf9493caf59839f/gnocchi.b1fc5ba8-616b-4f57-b9e8-cbabf86faa0e/1766880000.0_mean_300.0_v3 HTTP/1.0 404 - python-swiftclient-3.11.1 gAAAAABpVkKEZUB5... - 70 - tx9dbae88ed032416f9904a-006956434e - 0.0076 - - 1767261006.427745581 1767261006.435301304 0
Jan 1 09:50:06 standalone container-server[122301]: 172.20.0.100 - - [01/Jan/2026:09:50:06 +0000] "PUT /d1/511/AUTH_f80f2090014a42cebdf9493caf59839f/gnocchi.b1fc5ba8-616b-4f57-b9e8-cbabf86faa0e/1766880000.0_mean_300.0_v3" 201 - "PUT http://localhost:8080/d1/388/AUTH_f80f2090014a42cebdf9493caf59839f/gnocchi.b1fc5ba8-616b-4f57-b9e8-cbabf86faa0e/1766880000.0_mean_300.0_v3" "txdfd9dd7799384bfeb7140-006956434e" "object-server 21" 0.0008 "-" 21 0
Jan 1 09:50:06 standalone object-server[122437]: 172.20.0.100 - - [01/Jan/2026:09:50:06 +0000] "PUT /d1/388/AUTH_f80f2090014a42cebdf9493caf59839f/gnocchi.b1fc5ba8-616b-4f57-b9e8-cbabf86faa0e/1766880000.0_mean_300.0_v3" 201 - "PUT http://localhost:8080/v1/AUTH_f80f2090014a42cebdf9493caf59839f/gnocchi.b1fc5ba8-616b-4f57-b9e8-cbabf86faa0e/1766880000.0_mean_300.0_v3" "txdfd9dd7799384bfeb7140-006956434e" "proxy-server 21" 0.0103 "-" 21 0
Jan 1 09:50:06 standalone proxy-server[124145]: 172.18.0.2 ::1 01/Jan/2026/09/50/06 PUT /v1/AUTH_f80f2090014a42cebdf9493caf59839f/gnocchi.b1fc5ba8-616b-4f57-b9e8-cbabf86faa0e/1766880000.0_mean_300.0_v3 HTTP/1.0 201 - python-swiftclient-3.11.1 gAAAAABpVkKEZUB5... 16 - - txdfd9dd7799384bfeb7140-006956434e - 0.0159 - - 1767261006.440428972 1767261006.456347227 0
Jan 1 09:50:06 standalone container-server[122298]: 172.20.0.100 - - [01/Jan/2026:09:50:06 +0000] "PUT /d1/511/AUTH_f80f2090014a42cebdf9493caf59839f/gnocchi.b1fc5ba8-616b-4f57-b9e8-cbabf86faa0e/none_v3" 201 - "PUT http://localhost:8080/d1/399/AUTH_f80f2090014a42cebdf9493caf59839f/gnocchi.b1fc5ba8-616b-4f57-b9e8-cbabf86faa0e/none_v3" "tx1f44933874a44c54be6d1-006956434e" "object-server 22" 0.0007 "-" 20 0
Jan 1 09:50:06 standalone object-server[122444]: 172.20.0.100 - - [01/Jan/2026:09:50:06 +0000] "PUT /d1/399/AUTH_f80f2090014a42cebdf9493caf59839f/gnocchi.b1fc5ba8-616b-4f57-b9e8-cbabf86faa0e/none_v3" 201 - "PUT http://localhost:8080/v1/AUTH_f80f2090014a42cebdf9493caf59839f/gnocchi.b1fc5ba8-616b-4f57-b9e8-cbabf86faa0e/none_v3" "tx1f44933874a44c54be6d1-006956434e" "proxy-server 21" 0.0112 "-" 22 0
Jan 1 09:50:06 standalone proxy-server[124145]: 172.18.0.2 ::1 01/Jan/2026/09/50/06 PUT /v1/AUTH_f80f2090014a42cebdf9493caf59839f/gnocchi.b1fc5ba8-616b-4f57-b9e8-cbabf86faa0e/none_v3 HTTP/1.0 201 - python-swiftclient-3.11.1 gAAAAABpVkKEZUB5... 22 - - tx1f44933874a44c54be6d1-006956434e - 0.0171 - - 1767261006.459297419 1767261006.476404905 0
Jan 1 09:50:06 standalone container-server[122330]: 172.20.0.100 - - [01/Jan/2026:09:50:06 +0000] "HEAD /d1/248/AUTH_f80f2090014a42cebdf9493caf59839f/gnocchi.cdfbad61-be53-4c35-a860-05f1415c89e0" 404 - "HEAD http://localhost:8080/v1/AUTH_f80f2090014a42cebdf9493caf59839f/gnocchi.cdfbad61-be53-4c35-a860-05f1415c89e0?format=json&states=listing" "txefa49ce7750e4abbb3a48-006956434e" "proxy-server 21" 0.0006 "-" 22 0
Jan 1 09:50:06 standalone object-server[122447]: 172.20.0.100 - - [01/Jan/2026:09:50:06 +0000] "GET /d1/802/AUTH_f80f2090014a42cebdf9493caf59839f/gnocchi.cdfbad61-be53-4c35-a860-05f1415c89e0/none_v3" 404 70 "GET http://localhost:8080/v1/AUTH_f80f2090014a42cebdf9493caf59839f/gnocchi.cdfbad61-be53-4c35-a860-05f1415c89e0/none_v3" "txefa49ce7750e4abbb3a48-006956434e" "proxy-server 21" 0.0005 "-" 23 0
Jan 1 09:50:06 standalone proxy-server[124145]: 172.18.0.2 ::1 01/Jan/2026/09/50/06 GET /v1/AUTH_f80f2090014a42cebdf9493caf59839f/gnocchi.cdfbad61-be53-4c35-a860-05f1415c89e0/none_v3 HTTP/1.0 404 - python-swiftclient-3.11.1 gAAAAABpVkKEZUB5... - 70 - txefa49ce7750e4abbb3a48-006956434e - 0.0169 - - 1767261006.489360571 1767261006.506302834 0
Jan 1 09:50:06 standalone account-server[122186]: 172.20.0.100 - - [01/Jan/2026:09:50:06 +0000] "PUT /d1/507/AUTH_f80f2090014a42cebdf9493caf59839f/gnocchi.cdfbad61-be53-4c35-a860-05f1415c89e0" 201 - "PUT http://172.20.0.100:6001/d1/248/AUTH_f80f2090014a42cebdf9493caf59839f/gnocchi.cdfbad61-be53-4c35-a860-05f1415c89e0" "txa4adba0cf9d2431c99e4d-006956434e" "container-server 20" 0.0057 "-" 18 0
Jan 1 09:50:06 standalone container-server[122298]: 172.20.0.100 - - [01/Jan/2026:09:50:06 +0000] "PUT /d1/248/AUTH_f80f2090014a42cebdf9493caf59839f/gnocchi.cdfbad61-be53-4c35-a860-05f1415c89e0" 201 - "PUT http://localhost:8080/v1/AUTH_f80f2090014a42cebdf9493caf59839f/gnocchi.cdfbad61-be53-4c35-a860-05f1415c89e0" "txa4adba0cf9d2431c99e4d-006956434e" "proxy-server 21" 0.0304 "-" 20 0
Jan 1 09:50:06 standalone proxy-server[124145]: 172.18.0.2 ::1 01/Jan/2026/09/50/06 PUT /v1/AUTH_f80f2090014a42cebdf9493caf59839f/gnocchi.cdfbad61-be53-4c35-a860-05f1415c89e0 HTTP/1.0 201 - python-swiftclient-3.11.1 gAAAAABpVkKEZUB5... - - - txa4adba0cf9d2431c99e4d-006956434e - 0.0379 - - 1767261006.510944843 1767261006.548886061 0
Jan 1 09:50:06 standalone container-server[122301]: 172.20.0.100 - - [01/Jan/2026:09:50:06 +0000] "HEAD /d1/248/AUTH_f80f2090014a42cebdf9493caf59839f/gnocchi.cdfbad61-be53-4c35-a860-05f1415c89e0" 204 - "HEAD http://localhost:8080/v1/AUTH_f80f2090014a42cebdf9493caf59839f/gnocchi.cdfbad61-be53-4c35-a860-05f1415c89e0?format=json&states=listing" "txf1c5e7cef22c4487bf078-006956434e" "proxy-server 21" 0.0020 "-" 21 0
Jan 1 09:50:06 standalone proxy-server[124145]: - - 01/Jan/2026/09/50/06 HEAD /v1/AUTH_f80f2090014a42cebdf9493caf59839f/gnocchi.cdfbad61-be53-4c35-a860-05f1415c89e0%3Fformat%3Djson%26states%3Dlisting HTTP/1.0 204 - Swift - - - - txf1c5e7cef22c4487bf078-006956434e - 0.0059 RL - 1767261006.554671526 1767261006.560618401 0
Jan 1 09:50:06 standalone container-server[122301]: 172.20.0.100 - - [01/Jan/2026:09:50:06 +0000] "GET /d1/248/AUTH_f80f2090014a42cebdf9493caf59839f/gnocchi.cdfbad61-be53-4c35-a860-05f1415c89e0" 200 2 "GET http://localhost:8080/v1/AUTH_f80f2090014a42cebdf9493caf59839f/gnocchi.cdfbad61-be53-4c35-a860-05f1415c89e0?format=json&states=listing" "txf1c5e7cef22c4487bf078-006956434e" "proxy-server 21" 0.0033 "-" 21 0
Jan 1 09:50:06 standalone proxy-server[124145]: 172.18.0.2 ::1 01/Jan/2026/09/50/06 GET /v1/AUTH_f80f2090014a42cebdf9493caf59839f/gnocchi.cdfbad61-be53-4c35-a860-05f1415c89e0%3Fformat%3Djson%26states%3Dlisting HTTP/1.0 200 - python-swiftclient-3.11.1 gAAAAABpVkKEZUB5... - 2 - txf1c5e7cef22c4487bf078-006956434e - 0.0165 - - 1767261006.553353548 1767261006.569879055 0
Jan 1 09:50:06 standalone object-server[122447]: 172.20.0.100 - - [01/Jan/2026:09:50:06 +0000] "GET /d1/582/AUTH_f80f2090014a42cebdf9493caf59839f/gnocchi.cdfbad61-be53-4c35-a860-05f1415c89e0/1766880000.0_mean_300.0_v3" 404 70 "GET http://localhost:8080/v1/AUTH_f80f2090014a42cebdf9493caf59839f/gnocchi.cdfbad61-be53-4c35-a860-05f1415c89e0/1766880000.0_mean_300.0_v3" "tx5e3d73c81c8940d59e62f-006956434e" "proxy-server 21" 0.0006 "-" 23 0
Jan 1 09:50:06 standalone proxy-server[124145]: 172.18.0.2 ::1 01/Jan/2026/09/50/06 GET /v1/AUTH_f80f2090014a42cebdf9493caf59839f/gnocchi.cdfbad61-be53-4c35-a860-05f1415c89e0/1766880000.0_mean_300.0_v3 HTTP/1.0 404 - python-swiftclient-3.11.1 gAAAAABpVkKEZUB5... - 70 - tx5e3d73c81c8940d59e62f-006956434e - 0.0063 - - 1767261006.573686600 1767261006.579943419 0
Jan 1 09:50:06 standalone container-server[122330]: 172.20.0.100 - - [01/Jan/2026:09:50:06 +0000] "PUT /d1/248/AUTH_f80f2090014a42cebdf9493caf59839f/gnocchi.cdfbad61-be53-4c35-a860-05f1415c89e0/1766880000.0_mean_300.0_v3" 201 - "PUT http://localhost:8080/d1/582/AUTH_f80f2090014a42cebdf9493caf59839f/gnocchi.cdfbad61-be53-4c35-a860-05f1415c89e0/1766880000.0_mean_300.0_v3" "txabe671373dc6434d9226a-006956434e" "object-server 23" 0.0009 "-" 22 0
Jan 1 09:50:06 standalone object-server[122447]: 172.20.0.100 - - [01/Jan/2026:09:50:06 +0000] "PUT /d1/582/AUTH_f80f2090014a42cebdf9493caf59839f/gnocchi.cdfbad61-be53-4c35-a860-05f1415c89e0/1766880000.0_mean_300.0_v3" 201 - "PUT http://localhost:8080/v1/AUTH_f80f2090014a42cebdf9493caf59839f/gnocchi.cdfbad61-be53-4c35-a860-05f1415c89e0/1766880000.0_mean_300.0_v3" "txabe671373dc6434d9226a-006956434e" "proxy-server 21" 0.0115 "-" 23 0
Jan 1 09:50:06 standalone proxy-server[124145]: 172.18.0.2 ::1 01/Jan/2026/09/50/06 PUT /v1/AUTH_f80f2090014a42cebdf9493caf59839f/gnocchi.cdfbad61-be53-4c35-a860-05f1415c89e0/1766880000.0_mean_300.0_v3 HTTP/1.0 201 - python-swiftclient-3.11.1 gAAAAABpVkKEZUB5... 16 - - txabe671373dc6434d9226a-006956434e - 0.0169 - - 1767261006.583061695 1767261006.599914074 0
Jan 1 09:50:06 standalone container-server[122298]: 172.20.0.100 - - [01/Jan/2026:09:50:06 +0000] "PUT /d1/248/AUTH_f80f2090014a42cebdf9493caf59839f/gnocchi.cdfbad61-be53-4c35-a860-05f1415c89e0/none_v3" 201 - "PUT http://localhost:8080/d1/802/AUTH_f80f2090014a42cebdf9493caf59839f/gnocchi.cdfbad61-be53-4c35-a860-05f1415c89e0/none_v3" "txff46ad6235374ac8ad769-006956434e" "object-server 20" 0.0008 "-" 20 0
Jan 1 09:50:06 standalone object-server[122435]: 172.20.0.100 - - [01/Jan/2026:09:50:06 +0000] "PUT /d1/802/AUTH_f80f2090014a42cebdf9493caf59839f/gnocchi.cdfbad61-be53-4c35-a860-05f1415c89e0/none_v3" 201 - "PUT http://localhost:8080/v1/AUTH_f80f2090014a42cebdf9493caf59839f/gnocchi.cdfbad61-be53-4c35-a860-05f1415c89e0/none_v3" "txff46ad6235374ac8ad769-006956434e" "proxy-server 21" 0.0118 "-" 20 0
Jan 1 09:50:06 standalone proxy-server[124145]: 172.18.0.2 ::1 01/Jan/2026/09/50/06 PUT /v1/AUTH_f80f2090014a42cebdf9493caf59839f/gnocchi.cdfbad61-be53-4c35-a860-05f1415c89e0/none_v3 HTTP/1.0 201 - python-swiftclient-3.11.1 gAAAAABpVkKEZUB5... 22 - - txff46ad6235374ac8ad769-006956434e - 0.0177 - - 1767261006.603018522 1767261006.620668888 0
Jan 1 09:50:06 standalone container-server[122330]: 172.20.0.100 - - [01/Jan/2026:09:50:06 +0000] "HEAD /d1/960/AUTH_f80f2090014a42cebdf9493caf59839f/gnocchi.e6a44e8d-0df2-4279-9c31-07bc1ac7c245" 404 - "HEAD http://localhost:8080/v1/AUTH_f80f2090014a42cebdf9493caf59839f/gnocchi.e6a44e8d-0df2-4279-9c31-07bc1ac7c245?format=json&states=listing" "txbb20bf3a8178455ea646d-006956434e" "proxy-server 21" 0.0005 "-" 22 0
Jan 1 09:50:06 standalone object-server[122437]: 172.20.0.100 - - [01/Jan/2026:09:50:06 +0000] "GET /d1/691/AUTH_f80f2090014a42cebdf9493caf59839f/gnocchi.e6a44e8d-0df2-4279-9c31-07bc1ac7c245/none_v3" 404 70 "GET http://localhost:8080/v1/AUTH_f80f2090014a42cebdf9493caf59839f/gnocchi.e6a44e8d-0df2-4279-9c31-07bc1ac7c245/none_v3" "txbb20bf3a8178455ea646d-006956434e" "proxy-server 21" 0.0004 "-" 21 0
Jan 1 09:50:06 standalone proxy-server[124145]: 172.18.0.2 ::1 01/Jan/2026/09/50/06 GET /v1/AUTH_f80f2090014a42cebdf9493caf59839f/gnocchi.e6a44e8d-0df2-4279-9c31-07bc1ac7c245/none_v3 HTTP/1.0 404 - python-swiftclient-3.11.1 gAAAAABpVkKEZUB5... - 70 - txbb20bf3a8178455ea646d-006956434e - 0.0107 - - 1767261006.632800341 1767261006.643506765 0
Jan 1 09:50:06 standalone account-server[122203]: 172.20.0.100 - - [01/Jan/2026:09:50:06 +0000] "PUT /d1/507/AUTH_f80f2090014a42cebdf9493caf59839f/gnocchi.e6a44e8d-0df2-4279-9c31-07bc1ac7c245" 201 - "PUT http://172.20.0.100:6001/d1/960/AUTH_f80f2090014a42cebdf9493caf59839f/gnocchi.e6a44e8d-0df2-4279-9c31-07bc1ac7c245" "tx4f755007b90a455090bdb-006956434e" "container-server 23" 0.0061 "-" 21 0
Jan 1 09:50:06 standalone container-server[122334]: 172.20.0.100 - - [01/Jan/2026:09:50:06 +0000] "PUT /d1/960/AUTH_f80f2090014a42cebdf9493caf59839f/gnocchi.e6a44e8d-0df2-4279-9c31-07bc1ac7c245" 201 - "PUT http://localhost:8080/v1/AUTH_f80f2090014a42cebdf9493caf59839f/gnocchi.e6a44e8d-0df2-4279-9c31-07bc1ac7c245" "tx4f755007b90a455090bdb-006956434e" "proxy-server 21" 0.0185 "-" 23 0
Jan 1 09:50:06 standalone proxy-server[124145]: 172.18.0.2 ::1 01/Jan/2026/09/50/06 PUT /v1/AUTH_f80f2090014a42cebdf9493caf59839f/gnocchi.e6a44e8d-0df2-4279-9c31-07bc1ac7c245 HTTP/1.0 201 - python-swiftclient-3.11.1 gAAAAABpVkKEZUB5... - - - tx4f755007b90a455090bdb-006956434e - 0.0259 - - 1767261006.647647142 1767261006.673542261 0
Jan 1 09:50:06 standalone container-server[122330]: 172.20.0.100 - - [01/Jan/2026:09:50:06 +0000] "HEAD /d1/960/AUTH_f80f2090014a42cebdf9493caf59839f/gnocchi.e6a44e8d-0df2-4279-9c31-07bc1ac7c245" 204 - "HEAD http://localhost:8080/v1/AUTH_f80f2090014a42cebdf9493caf59839f/gnocchi.e6a44e8d-0df2-4279-9c31-07bc1ac7c245?format=json&states=listing" "tx45354ee8e6c341719e35e-006956434e" "proxy-server 21" 0.0021 "-" 22 0
Jan 1 09:50:06 standalone proxy-server[124145]: - - 01/Jan/2026/09/50/06 HEAD /v1/AUTH_f80f2090014a42cebdf9493caf59839f/gnocchi.e6a44e8d-0df2-4279-9c31-07bc1ac7c245%3Fformat%3Djson%26states%3Dlisting HTTP/1.0 204 - Swift - - - - tx45354ee8e6c341719e35e-006956434e - 0.0069 RL - 1767261006.679976225 1767261006.686882734 0
Jan 1 09:50:06 standalone container-server[122301]: 172.20.0.100 - - [01/Jan/2026:09:50:06 +0000] "GET /d1/960/AUTH_f80f2090014a42cebdf9493caf59839f/gnocchi.e6a44e8d-0df2-4279-9c31-07bc1ac7c245" 200 2 "GET http://localhost:8080/v1/AUTH_f80f2090014a42cebdf9493caf59839f/gnocchi.e6a44e8d-0df2-4279-9c31-07bc1ac7c245?format=json&states=listing" "tx45354ee8e6c341719e35e-006956434e" "proxy-server 21" 0.0034 "-" 21 0
Jan 1 09:50:06 standalone proxy-server[124145]: 172.18.0.2 ::1 01/Jan/2026/09/50/06 GET /v1/AUTH_f80f2090014a42cebdf9493caf59839f/gnocchi.e6a44e8d-0df2-4279-9c31-07bc1ac7c245%3Fformat%3Djson%26states%3Dlisting HTTP/1.0 200 - python-swiftclient-3.11.1 gAAAAABpVkKEZUB5... - 2 - tx45354ee8e6c341719e35e-006956434e - 0.0200 - - 1767261006.678175449 1767261006.698196650 0
Jan 1 09:50:06 standalone object-server[122444]: 172.20.0.100 - - [01/Jan/2026:09:50:06 +0000] "GET /d1/252/AUTH_f80f2090014a42cebdf9493caf59839f/gnocchi.e6a44e8d-0df2-4279-9c31-07bc1ac7c245/1766880000.0_mean_300.0_v3" 404 70 "GET http://localhost:8080/v1/AUTH_f80f2090014a42cebdf9493caf59839f/gnocchi.e6a44e8d-0df2-4279-9c31-07bc1ac7c245/1766880000.0_mean_300.0_v3" "txcd8474be65624f78a204a-006956434e" "proxy-server 21" 0.0004 "-" 22 0
Jan 1 09:50:06 standalone proxy-server[124145]: 172.18.0.2 ::1 01/Jan/2026/09/50/06 GET /v1/AUTH_f80f2090014a42cebdf9493caf59839f/gnocchi.e6a44e8d-0df2-4279-9c31-07bc1ac7c245/1766880000.0_mean_300.0_v3 HTTP/1.0 404 - python-swiftclient-3.11.1 gAAAAABpVkKEZUB5... - 70 - txcd8474be65624f78a204a-006956434e - 0.0055 - - 1767261006.701852560 1767261006.707371950 0
Jan 1 09:50:06 standalone container-server[122334]: 172.20.0.100 - - [01/Jan/2026:09:50:06 +0000] "PUT /d1/960/AUTH_f80f2090014a42cebdf9493caf59839f/gnocchi.e6a44e8d-0df2-4279-9c31-07bc1ac7c245/1766880000.0_mean_300.0_v3" 201 - "PUT http://localhost:8080/d1/252/AUTH_f80f2090014a42cebdf9493caf59839f/gnocchi.e6a44e8d-0df2-4279-9c31-07bc1ac7c245/1766880000.0_mean_300.0_v3" "tx1aa7869c082b430b91c0a-006956434e" "object-server 20" 0.0005 "-" 23 0
Jan 1 09:50:06 standalone object-server[122435]: 172.20.0.100 - - [01/Jan/2026:09:50:06 +0000] "PUT /d1/252/AUTH_f80f2090014a42cebdf9493caf59839f/gnocchi.e6a44e8d-0df2-4279-9c31-07bc1ac7c245/1766880000.0_mean_300.0_v3" 201 - "PUT http://localhost:8080/v1/AUTH_f80f2090014a42cebdf9493caf59839f/gnocchi.e6a44e8d-0df2-4279-9c31-07bc1ac7c245/1766880000.0_mean_300.0_v3" "tx1aa7869c082b430b91c0a-006956434e" "proxy-server 21" 0.0111 "-" 20 0
Jan 1 09:50:06 standalone proxy-server[124145]: 172.18.0.2 ::1 01/Jan/2026/09/50/06 PUT /v1/AUTH_f80f2090014a42cebdf9493caf59839f/gnocchi.e6a44e8d-0df2-4279-9c31-07bc1ac7c245/1766880000.0_mean_300.0_v3 HTTP/1.0 201 - python-swiftclient-3.11.1 gAAAAABpVkKEZUB5... 16 - - tx1aa7869c082b430b91c0a-006956434e - 0.0173 - - 1767261006.710254192 1767261006.727570534 0
Jan 1 09:50:06 standalone container-server[122334]: 172.20.0.100 - - [01/Jan/2026:09:50:06 +0000] "PUT /d1/960/AUTH_f80f2090014a42cebdf9493caf59839f/gnocchi.e6a44e8d-0df2-4279-9c31-07bc1ac7c245/none_v3" 201 - "PUT http://localhost:8080/d1/691/AUTH_f80f2090014a42cebdf9493caf59839f/gnocchi.e6a44e8d-0df2-4279-9c31-07bc1ac7c245/none_v3" "txe9fec9ee774f4fdf96025-006956434e" "object-server 21" 0.0005 "-" 23 0
Jan 1 09:50:06 standalone object-server[122437]: 172.20.0.100 - - [01/Jan/2026:09:50:06 +0000] "PUT /d1/691/AUTH_f80f2090014a42cebdf9493caf59839f/gnocchi.e6a44e8d-0df2-4279-9c31-07bc1ac7c245/none_v3" 201 - "PUT http://localhost:8080/v1/AUTH_f80f2090014a42cebdf9493caf59839f/gnocchi.e6a44e8d-0df2-4279-9c31-07bc1ac7c245/none_v3" "txe9fec9ee774f4fdf96025-006956434e" "proxy-server 21" 0.0093 "-" 21 0
Jan 1 09:50:06 standalone proxy-server[124145]: 172.18.0.2 ::1 01/Jan/2026/09/50/06 PUT /v1/AUTH_f80f2090014a42cebdf9493caf59839f/gnocchi.e6a44e8d-0df2-4279-9c31-07bc1ac7c245/none_v3 HTTP/1.0 201 - python-swiftclient-3.11.1 gAAAAABpVkKEZUB5... 22 - - txe9fec9ee774f4fdf96025-006956434e - 0.0148 - - 1767261006.731013775 1767261006.745800257 0
Jan 1 09:50:06 standalone container-server[122301]: 172.20.0.100 - - [01/Jan/2026:09:50:06 +0000] "HEAD /d1/119/AUTH_f80f2090014a42cebdf9493caf59839f/gnocchi.36ba9977-03fe-400d-9198-c3485a512f15" 404 - "HEAD http://localhost:8080/v1/AUTH_f80f2090014a42cebdf9493caf59839f/gnocchi.36ba9977-03fe-400d-9198-c3485a512f15?format=json&states=listing" "txc3fd4542c51e4ffd98dd9-006956434e" "proxy-server 21" 0.0004 "-" 21 0
Jan 1 09:50:06 standalone object-server[122444]: 172.20.0.100 - - [01/Jan/2026:09:50:06 +0000] "GET /d1/271/AUTH_f80f2090014a42cebdf9493caf59839f/gnocchi.36ba9977-03fe-400d-9198-c3485a512f15/none_v3" 404 70 "GET http://localhost:8080/v1/AUTH_f80f2090014a42cebdf9493caf59839f/gnocchi.36ba9977-03fe-400d-9198-c3485a512f15/none_v3" "txc3fd4542c51e4ffd98dd9-006956434e" "proxy-server 21" 0.0005 "-" 22 0
Jan 1 09:50:06 standalone proxy-server[124145]: 172.18.0.2 ::1 01/Jan/2026/09/50/06 GET /v1/AUTH_f80f2090014a42cebdf9493caf59839f/gnocchi.36ba9977-03fe-400d-9198-c3485a512f15/none_v3 HTTP/1.0 404 - python-swiftclient-3.11.1 gAAAAABpVkKEZUB5... - 70 - txc3fd4542c51e4ffd98dd9-006956434e - 0.0126 - - 1767261006.762461662 1767261006.775051594 0
Jan 1 09:50:06 standalone account-server[122217]: 172.20.0.100 - - [01/Jan/2026:09:50:06 +0000] "PUT /d1/507/AUTH_f80f2090014a42cebdf9493caf59839f/gnocchi.36ba9977-03fe-400d-9198-c3485a512f15" 201 - "PUT http://172.20.0.100:6001/d1/119/AUTH_f80f2090014a42cebdf9493caf59839f/gnocchi.36ba9977-03fe-400d-9198-c3485a512f15" "tx170c56eb8a86460194f39-006956434e" "container-server 21" 0.0094 "-" 23 0
Jan 1 09:50:06 standalone container-server[122301]: 172.20.0.100 - - [01/Jan/2026:09:50:06 +0000] "PUT /d1/119/AUTH_f80f2090014a42cebdf9493caf59839f/gnocchi.36ba9977-03fe-400d-9198-c3485a512f15" 201 - "PUT http://localhost:8080/v1/AUTH_f80f2090014a42cebdf9493caf59839f/gnocchi.36ba9977-03fe-400d-9198-c3485a512f15" "tx170c56eb8a86460194f39-006956434e" "proxy-server 21" 0.0251 "-" 21 0
Jan 1 09:50:06 standalone proxy-server[124145]: 172.18.0.2 ::1 01/Jan/2026/09/50/06 PUT /v1/AUTH_f80f2090014a42cebdf9493caf59839f/gnocchi.36ba9977-03fe-400d-9198-c3485a512f15 HTTP/1.0 201 - python-swiftclient-3.11.1 gAAAAABpVkKEZUB5... - - - tx170c56eb8a86460194f39-006956434e - 0.0325 - - 1767261006.779664755 1767261006.812138796 0
Jan 1 09:50:06 standalone container-server[122334]: 172.20.0.100 - - [01/Jan/2026:09:50:06 +0000] "HEAD /d1/119/AUTH_f80f2090014a42cebdf9493caf59839f/gnocchi.36ba9977-03fe-400d-9198-c3485a512f15" 204 - "HEAD http://localhost:8080/v1/AUTH_f80f2090014a42cebdf9493caf59839f/gnocchi.36ba9977-03fe-400d-9198-c3485a512f15?format=json&states=listing" "txf9a5b5cbedae440fa338f-006956434e" "proxy-server 21" 0.0013 "-" 23 0
Jan 1 09:50:06 standalone proxy-server[124145]: - - 01/Jan/2026/09/50/06 HEAD /v1/AUTH_f80f2090014a42cebdf9493caf59839f/gnocchi.36ba9977-03fe-400d-9198-c3485a512f15%3Fformat%3Djson%26states%3Dlisting HTTP/1.0 204 - Swift - - - - txf9a5b5cbedae440fa338f-006956434e - 0.0056 RL - 1767261006.818286180 1767261006.823932648 0
Jan 1 09:50:06 standalone container-server[122334]: 172.20.0.100 - - [01/Jan/2026:09:50:06 +0000] "GET /d1/119/AUTH_f80f2090014a42cebdf9493caf59839f/gnocchi.36ba9977-03fe-400d-9198-c3485a512f15" 200 2 "GET http://localhost:8080/v1/AUTH_f80f2090014a42cebdf9493caf59839f/gnocchi.36ba9977-03fe-400d-9198-c3485a512f15?format=json&states=listing" "txf9a5b5cbedae440fa338f-006956434e" "proxy-server 21" 0.0017 "-" 23 0
Jan 1 09:50:06 standalone proxy-server[124145]: 172.18.0.2 ::1 01/Jan/2026/09/50/06 GET /v1/AUTH_f80f2090014a42cebdf9493caf59839f/gnocchi.36ba9977-03fe-400d-9198-c3485a512f15%3Fformat%3Djson%26states%3Dlisting HTTP/1.0 200 - python-swiftclient-3.11.1 gAAAAABpVkKEZUB5... - 2 - txf9a5b5cbedae440fa338f-006956434e - 0.0165 - - 1767261006.816557407 1767261006.833080530 0
Jan 1 09:50:06 standalone object-server[122435]: 172.20.0.100 - - [01/Jan/2026:09:50:06 +0000] "GET /d1/517/AUTH_f80f2090014a42cebdf9493caf59839f/gnocchi.36ba9977-03fe-400d-9198-c3485a512f15/1766880000.0_mean_300.0_v3" 404 70 "GET http://localhost:8080/v1/AUTH_f80f2090014a42cebdf9493caf59839f/gnocchi.36ba9977-03fe-400d-9198-c3485a512f15/1766880000.0_mean_300.0_v3" "txce57607963d74e5c99e6d-006956434e" "proxy-server 21" 0.0006 "-" 20 0
Jan 1 09:50:06 standalone proxy-server[124145]: 172.18.0.2 ::1 01/Jan/2026/09/50/06 GET /v1/AUTH_f80f2090014a42cebdf9493caf59839f/gnocchi.36ba9977-03fe-400d-9198-c3485a512f15/1766880000.0_mean_300.0_v3 HTTP/1.0 404 - python-swiftclient-3.11.1 gAAAAABpVkKEZUB5... - 70 - txce57607963d74e5c99e6d-006956434e - 0.0080 - - 1767261006.836891890 1767261006.844921112 0
Jan 1 09:50:06 standalone container-server[122334]: 172.20.0.100 - - [01/Jan/2026:09:50:06 +0000] "PUT /d1/119/AUTH_f80f2090014a42cebdf9493caf59839f/gnocchi.36ba9977-03fe-400d-9198-c3485a512f15/1766880000.0_mean_300.0_v3" 201 - "PUT http://localhost:8080/d1/517/AUTH_f80f2090014a42cebdf9493caf59839f/gnocchi.36ba9977-03fe-400d-9198-c3485a512f15/1766880000.0_mean_300.0_v3" "txd2c06d5084bc44d980ff7-006956434e" "object-server 23" 0.0005 "-" 23 0
Jan 1 09:50:06 standalone object-server[122447]: 172.20.0.100 - - [01/Jan/2026:09:50:06 +0000] "PUT /d1/517/AUTH_f80f2090014a42cebdf9493caf59839f/gnocchi.36ba9977-03fe-400d-9198-c3485a512f15/1766880000.0_mean_300.0_v3" 201 - "PUT http://localhost:8080/v1/AUTH_f80f2090014a42cebdf9493caf59839f/gnocchi.36ba9977-03fe-400d-9198-c3485a512f15/1766880000.0_mean_300.0_v3" "txd2c06d5084bc44d980ff7-006956434e" "proxy-server 21" 0.0108 "-" 23 0
Jan 1 09:50:06 standalone proxy-server[124145]: 172.18.0.2 ::1 01/Jan/2026/09/50/06 PUT /v1/AUTH_f80f2090014a42cebdf9493caf59839f/gnocchi.36ba9977-03fe-400d-9198-c3485a512f15/1766880000.0_mean_300.0_v3 HTTP/1.0 201 - python-swiftclient-3.11.1 gAAAAABpVkKEZUB5... 16 - - txd2c06d5084bc44d980ff7-006956434e - 0.0189 - - 1767261006.848065615 1767261006.866986275 0
Jan 1 09:50:06 standalone container-server[122334]: 172.20.0.100 - - [01/Jan/2026:09:50:06 +0000] "PUT /d1/119/AUTH_f80f2090014a42cebdf9493caf59839f/gnocchi.36ba9977-03fe-400d-9198-c3485a512f15/none_v3" 201 - "PUT http://localhost:8080/d1/271/AUTH_f80f2090014a42cebdf9493caf59839f/gnocchi.36ba9977-03fe-400d-9198-c3485a512f15/none_v3" "txb873ac8b3e464f3c87c30-006956434e" "object-server 23" 0.0004 "-" 23 0
Jan 1 09:50:06 standalone object-server[122447]: 172.20.0.100 - - [01/Jan/2026:09:50:06 +0000] "PUT /d1/271/AUTH_f80f2090014a42cebdf9493caf59839f/gnocchi.36ba9977-03fe-400d-9198-c3485a512f15/none_v3" 201 - "PUT http://localhost:8080/v1/AUTH_f80f2090014a42cebdf9493caf59839f/gnocchi.36ba9977-03fe-400d-9198-c3485a512f15/none_v3" "txb873ac8b3e464f3c87c30-006956434e" "proxy-server 21" 0.0080 "-" 23 0
Jan 1 09:50:06 standalone proxy-server[124145]: 172.18.0.2 ::1 01/Jan/2026/09/50/06 PUT /v1/AUTH_f80f2090014a42cebdf9493caf59839f/gnocchi.36ba9977-03fe-400d-9198-c3485a512f15/none_v3 HTTP/1.0 201 - python-swiftclient-3.11.1 gAAAAABpVkKEZUB5... 22 - - txb873ac8b3e464f3c87c30-006956434e - 0.0142 - - 1767261006.871230602 1767261006.885397911 0
Jan 1 09:50:06 standalone container-server[122298]: 172.20.0.100 - - [01/Jan/2026:09:50:06 +0000] "HEAD /d1/746/AUTH_f80f2090014a42cebdf9493caf59839f/gnocchi.56f25e21-68e5-4974-b047-9d0fd2d1a9e8" 404 - "HEAD http://localhost:8080/v1/AUTH_f80f2090014a42cebdf9493caf59839f/gnocchi.56f25e21-68e5-4974-b047-9d0fd2d1a9e8?format=json&states=listing" "tx20baf3f166334a14b278c-006956434e" "proxy-server 21" 0.0005 "-" 20 0
Jan 1 09:50:06 standalone object-server[122447]: 172.20.0.100 - - [01/Jan/2026:09:50:06 +0000] "GET /d1/190/AUTH_f80f2090014a42cebdf9493caf59839f/gnocchi.56f25e21-68e5-4974-b047-9d0fd2d1a9e8/none_v3" 404 70 "GET http://localhost:8080/v1/AUTH_f80f2090014a42cebdf9493caf59839f/gnocchi.56f25e21-68e5-4974-b047-9d0fd2d1a9e8/none_v3" "tx20baf3f166334a14b278c-006956434e" "proxy-server 21" 0.0004 "-" 23 0
Jan 1 09:50:06 standalone proxy-server[124145]: 172.18.0.2 ::1 01/Jan/2026/09/50/06 GET /v1/AUTH_f80f2090014a42cebdf9493caf59839f/gnocchi.56f25e21-68e5-4974-b047-9d0fd2d1a9e8/none_v3 HTTP/1.0 404 - python-swiftclient-3.11.1 gAAAAABpVkKEZUB5... - 70 - tx20baf3f166334a14b278c-006956434e - 0.0102 - - 1767261006.895045280 1767261006.905215025 0
Jan 1 09:50:06 standalone account-server[122217]: 172.20.0.100 - - [01/Jan/2026:09:50:06 +0000] "PUT /d1/507/AUTH_f80f2090014a42cebdf9493caf59839f/gnocchi.56f25e21-68e5-4974-b047-9d0fd2d1a9e8" 201 - "PUT http://172.20.0.100:6001/d1/746/AUTH_f80f2090014a42cebdf9493caf59839f/gnocchi.56f25e21-68e5-4974-b047-9d0fd2d1a9e8" "tx1e52be2d4dc943ca9d4b4-006956434e" "container-server 23" 0.0051 "-" 23 0
Jan 1 09:50:06 standalone container-server[122334]: 172.20.0.100 - - [01/Jan/2026:09:50:06 +0000] "PUT /d1/746/AUTH_f80f2090014a42cebdf9493caf59839f/gnocchi.56f25e21-68e5-4974-b047-9d0fd2d1a9e8" 201 - "PUT http://localhost:8080/v1/AUTH_f80f2090014a42cebdf9493caf59839f/gnocchi.56f25e21-68e5-4974-b047-9d0fd2d1a9e8" "tx1e52be2d4dc943ca9d4b4-006956434e" "proxy-server 21" 0.0149 "-" 23 0
Jan 1 09:50:06 standalone proxy-server[124145]: 172.18.0.2 ::1 01/Jan/2026/09/50/06 PUT /v1/AUTH_f80f2090014a42cebdf9493caf59839f/gnocchi.56f25e21-68e5-4974-b047-9d0fd2d1a9e8 HTTP/1.0 201 - python-swiftclient-3.11.1 gAAAAABpVkKEZUB5... - - - tx1e52be2d4dc943ca9d4b4-006956434e - 0.0218 - - 1767261006.908065557 1767261006.929911613 0
Jan 1 09:50:06 standalone container-server[122301]: 172.20.0.100 - - [01/Jan/2026:09:50:06 +0000] "HEAD /d1/746/AUTH_f80f2090014a42cebdf9493caf59839f/gnocchi.56f25e21-68e5-4974-b047-9d0fd2d1a9e8" 204 - "HEAD http://localhost:8080/v1/AUTH_f80f2090014a42cebdf9493caf59839f/gnocchi.56f25e21-68e5-4974-b047-9d0fd2d1a9e8?format=json&states=listing" "tx2df18dbbd25348a1be974-006956434e" "proxy-server 21" 0.0025 "-" 21 0
Jan 1 09:50:06 standalone proxy-server[124145]: - - 01/Jan/2026/09/50/06 HEAD /v1/AUTH_f80f2090014a42cebdf9493caf59839f/gnocchi.56f25e21-68e5-4974-b047-9d0fd2d1a9e8%3Fformat%3Djson%26states%3Dlisting HTTP/1.0 204 - Swift - - - - tx2df18dbbd25348a1be974-006956434e - 0.0065 RL - 1767261006.934902668 1767261006.941378117 0
Jan 1 09:50:06 standalone container-server[122334]: 172.20.0.100 - - [01/Jan/2026:09:50:06 +0000] "GET /d1/746/AUTH_f80f2090014a42cebdf9493caf59839f/gnocchi.56f25e21-68e5-4974-b047-9d0fd2d1a9e8" 200 2 "GET http://localhost:8080/v1/AUTH_f80f2090014a42cebdf9493caf59839f/gnocchi.56f25e21-68e5-4974-b047-9d0fd2d1a9e8?format=json&states=listing" "tx2df18dbbd25348a1be974-006956434e" "proxy-server 21" 0.0032 "-" 23 0
Jan 1 09:50:06 standalone proxy-server[124145]: 172.18.0.2 ::1 01/Jan/2026/09/50/06 GET /v1/AUTH_f80f2090014a42cebdf9493caf59839f/gnocchi.56f25e21-68e5-4974-b047-9d0fd2d1a9e8%3Fformat%3Djson%26states%3Dlisting HTTP/1.0 200 - python-swiftclient-3.11.1 gAAAAABpVkKEZUB5... - 2 - tx2df18dbbd25348a1be974-006956434e - 0.0173 - - 1767261006.933548689 1767261006.950873137 0
Jan 1 09:50:06 standalone object-server[122447]: 172.20.0.100 - - [01/Jan/2026:09:50:06 +0000] "GET /d1/667/AUTH_f80f2090014a42cebdf9493caf59839f/gnocchi.56f25e21-68e5-4974-b047-9d0fd2d1a9e8/1766880000.0_mean_300.0_v3" 404 70 "GET http://localhost:8080/v1/AUTH_f80f2090014a42cebdf9493caf59839f/gnocchi.56f25e21-68e5-4974-b047-9d0fd2d1a9e8/1766880000.0_mean_300.0_v3" "tx65f0d35f6ee14fccad5d0-006956434e" "proxy-server 21" 0.0006 "-" 23 0
Jan 1 09:50:06 standalone proxy-server[124145]: 172.18.0.2 ::1 01/Jan/2026/09/50/06 GET /v1/AUTH_f80f2090014a42cebdf9493caf59839f/gnocchi.56f25e21-68e5-4974-b047-9d0fd2d1a9e8/1766880000.0_mean_300.0_v3 HTTP/1.0 404 - python-swiftclient-3.11.1 gAAAAABpVkKEZUB5... - 70 - tx65f0d35f6ee14fccad5d0-006956434e - 0.0065 - - 1767261006.955739975 1767261006.962233782 0
Jan 1 09:50:06 standalone container-server[122334]: 172.20.0.100 - - [01/Jan/2026:09:50:06 +0000] "PUT /d1/746/AUTH_f80f2090014a42cebdf9493caf59839f/gnocchi.56f25e21-68e5-4974-b047-9d0fd2d1a9e8/1766880000.0_mean_300.0_v3" 201 - "PUT http://localhost:8080/d1/667/AUTH_f80f2090014a42cebdf9493caf59839f/gnocchi.56f25e21-68e5-4974-b047-9d0fd2d1a9e8/1766880000.0_mean_300.0_v3" "tx8680d02bd5a54421b6af0-006956434e" "object-server 23" 0.0010 "-" 23 0
Jan 1 09:50:06 standalone object-server[122447]: 172.20.0.100 - - [01/Jan/2026:09:50:06 +0000] "PUT /d1/667/AUTH_f80f2090014a42cebdf9493caf59839f/gnocchi.56f25e21-68e5-4974-b047-9d0fd2d1a9e8/1766880000.0_mean_300.0_v3" 201 - "PUT http://localhost:8080/v1/AUTH_f80f2090014a42cebdf9493caf59839f/gnocchi.56f25e21-68e5-4974-b047-9d0fd2d1a9e8/1766880000.0_mean_300.0_v3" "tx8680d02bd5a54421b6af0-006956434e" "proxy-server 21" 0.0120 "-" 23 0
Jan 1 09:50:06 standalone proxy-server[124145]: 172.18.0.2 ::1 01/Jan/2026/09/50/06 PUT /v1/AUTH_f80f2090014a42cebdf9493caf59839f/gnocchi.56f25e21-68e5-4974-b047-9d0fd2d1a9e8/1766880000.0_mean_300.0_v3 HTTP/1.0 201 - python-swiftclient-3.11.1 gAAAAABpVkKEZUB5... 16 - - tx8680d02bd5a54421b6af0-006956434e - 0.0179 - - 1767261006.966651917 1767261006.984588623 0
Jan 1 09:50:07 standalone container-server[122301]: 172.20.0.100 - - [01/Jan/2026:09:50:07 +0000] "PUT /d1/746/AUTH_f80f2090014a42cebdf9493caf59839f/gnocchi.56f25e21-68e5-4974-b047-9d0fd2d1a9e8/none_v3" 201 - "PUT http://localhost:8080/d1/190/AUTH_f80f2090014a42cebdf9493caf59839f/gnocchi.56f25e21-68e5-4974-b047-9d0fd2d1a9e8/none_v3" "txeb73e60ea5014494985ba-006956434e" "object-server 22" 0.0009 "-" 21 0
Jan 1 09:50:07 standalone object-server[122444]: 172.20.0.100 - - [01/Jan/2026:09:50:07 +0000] "PUT /d1/190/AUTH_f80f2090014a42cebdf9493caf59839f/gnocchi.56f25e21-68e5-4974-b047-9d0fd2d1a9e8/none_v3" 201 - "PUT http://localhost:8080/v1/AUTH_f80f2090014a42cebdf9493caf59839f/gnocchi.56f25e21-68e5-4974-b047-9d0fd2d1a9e8/none_v3" "txeb73e60ea5014494985ba-006956434e" "proxy-server 21" 0.0114 "-" 22 0
Jan 1 09:50:07 standalone proxy-server[124145]: 172.18.0.2 ::1 01/Jan/2026/09/50/07 PUT /v1/AUTH_f80f2090014a42cebdf9493caf59839f/gnocchi.56f25e21-68e5-4974-b047-9d0fd2d1a9e8/none_v3 HTTP/1.0 201 - python-swiftclient-3.11.1 gAAAAABpVkKEZUB5... 22 - - txeb73e60ea5014494985ba-006956434e - 0.0179 - - 1767261006.988720894 1767261007.006660700 0
Jan 1 09:50:07 standalone container-server[122330]: 172.20.0.100 - - [01/Jan/2026:09:50:07 +0000] "HEAD /d1/375/AUTH_f80f2090014a42cebdf9493caf59839f/gnocchi.48776157-628a-4d50-9685-41cbc9ee66d8" 404 - "HEAD http://localhost:8080/v1/AUTH_f80f2090014a42cebdf9493caf59839f/gnocchi.48776157-628a-4d50-9685-41cbc9ee66d8?format=json&states=listing" "txc2dff90b5231436d9bc38-006956434f" "proxy-server 21" 0.0005 "-" 22 0
Jan 1 09:50:07 standalone object-server[122447]: 172.20.0.100 - - [01/Jan/2026:09:50:07 +0000] "GET /d1/386/AUTH_f80f2090014a42cebdf9493caf59839f/gnocchi.48776157-628a-4d50-9685-41cbc9ee66d8/none_v3" 404 70 "GET http://localhost:8080/v1/AUTH_f80f2090014a42cebdf9493caf59839f/gnocchi.48776157-628a-4d50-9685-41cbc9ee66d8/none_v3" "txc2dff90b5231436d9bc38-006956434f" "proxy-server 21" 0.0005 "-" 23 0
Jan 1 09:50:07 standalone proxy-server[124145]: 172.18.0.2 ::1 01/Jan/2026/09/50/07 GET /v1/AUTH_f80f2090014a42cebdf9493caf59839f/gnocchi.48776157-628a-4d50-9685-41cbc9ee66d8/none_v3 HTTP/1.0 404 - python-swiftclient-3.11.1 gAAAAABpVkKEZUB5... - 70 - txc2dff90b5231436d9bc38-006956434f - 0.0116 - - 1767261007.023165941 1767261007.034810305 0
Jan 1 09:50:07 standalone account-server[122203]: 172.20.0.100 - - [01/Jan/2026:09:50:07 +0000] "PUT /d1/507/AUTH_f80f2090014a42cebdf9493caf59839f/gnocchi.48776157-628a-4d50-9685-41cbc9ee66d8" 201 - "PUT http://172.20.0.100:6001/d1/375/AUTH_f80f2090014a42cebdf9493caf59839f/gnocchi.48776157-628a-4d50-9685-41cbc9ee66d8" "tx6c70df7de53b4c39a6350-006956434f" "container-server 20" 0.0051 "-" 21 0
Jan 1 09:50:07 standalone container-server[122298]: 172.20.0.100 - - [01/Jan/2026:09:50:07 +0000] "PUT /d1/375/AUTH_f80f2090014a42cebdf9493caf59839f/gnocchi.48776157-628a-4d50-9685-41cbc9ee66d8" 201 - "PUT http://localhost:8080/v1/AUTH_f80f2090014a42cebdf9493caf59839f/gnocchi.48776157-628a-4d50-9685-41cbc9ee66d8" "tx6c70df7de53b4c39a6350-006956434f" "proxy-server 21" 0.0192 "-" 20 0
Jan 1 09:50:07 standalone proxy-server[124145]: 172.18.0.2 ::1 01/Jan/2026/09/50/07 PUT /v1/AUTH_f80f2090014a42cebdf9493caf59839f/gnocchi.48776157-628a-4d50-9685-41cbc9ee66d8 HTTP/1.0 201 - python-swiftclient-3.11.1 gAAAAABpVkKEZUB5... - - - tx6c70df7de53b4c39a6350-006956434f - 0.0257 - - 1767261007.039412975 1767261007.065100908 0
Jan 1 09:50:07 standalone container-server[122298]: 172.20.0.100 - - [01/Jan/2026:09:50:07 +0000] "HEAD /d1/375/AUTH_f80f2090014a42cebdf9493caf59839f/gnocchi.48776157-628a-4d50-9685-41cbc9ee66d8" 204 - "HEAD http://localhost:8080/v1/AUTH_f80f2090014a42cebdf9493caf59839f/gnocchi.48776157-628a-4d50-9685-41cbc9ee66d8?format=json&states=listing" "tx645701f9ff054d1ebbe64-006956434f" "proxy-server 21" 0.0030 "-" 20 0
Jan 1 09:50:07 standalone proxy-server[124145]: - - 01/Jan/2026/09/50/07 HEAD /v1/AUTH_f80f2090014a42cebdf9493caf59839f/gnocchi.48776157-628a-4d50-9685-41cbc9ee66d8%3Fformat%3Djson%26states%3Dlisting HTTP/1.0 204 - Swift - - - - tx645701f9ff054d1ebbe64-006956434f - 0.0076 RL - 1767261007.072427034 1767261007.080044985 0
Jan 1 09:50:07 standalone container-server[122330]: 172.20.0.100 - - [01/Jan/2026:09:50:07 +0000] "GET /d1/375/AUTH_f80f2090014a42cebdf9493caf59839f/gnocchi.48776157-628a-4d50-9685-41cbc9ee66d8" 200 2 "GET http://localhost:8080/v1/AUTH_f80f2090014a42cebdf9493caf59839f/gnocchi.48776157-628a-4d50-9685-41cbc9ee66d8?format=json&states=listing" "tx645701f9ff054d1ebbe64-006956434f" "proxy-server 21" 0.0035 "-" 22 0
Jan 1 09:50:07 standalone proxy-server[124145]: 172.18.0.2 ::1 01/Jan/2026/09/50/07 GET /v1/AUTH_f80f2090014a42cebdf9493caf59839f/gnocchi.48776157-628a-4d50-9685-41cbc9ee66d8%3Fformat%3Djson%26states%3Dlisting HTTP/1.0 200 - python-swiftclient-3.11.1 gAAAAABpVkKEZUB5... - 2 - tx645701f9ff054d1ebbe64-006956434f - 0.0214 - - 1767261007.070771456 1767261007.092186451 0
Jan 1 09:50:07 standalone object-server[122437]: 172.20.0.100 - - [01/Jan/2026:09:50:07 +0000] "GET /d1/350/AUTH_f80f2090014a42cebdf9493caf59839f/gnocchi.48776157-628a-4d50-9685-41cbc9ee66d8/1766880000.0_mean_300.0_v3" 404 70 "GET http://localhost:8080/v1/AUTH_f80f2090014a42cebdf9493caf59839f/gnocchi.48776157-628a-4d50-9685-41cbc9ee66d8/1766880000.0_mean_300.0_v3" "tx8c118056e28a42589ccf9-006956434f" "proxy-server 21" 0.0005 "-" 21 0
Jan 1 09:50:07 standalone proxy-server[124145]: 172.18.0.2 ::1 01/Jan/2026/09/50/07 GET /v1/AUTH_f80f2090014a42cebdf9493caf59839f/gnocchi.48776157-628a-4d50-9685-41cbc9ee66d8/1766880000.0_mean_300.0_v3 HTTP/1.0 404 - python-swiftclient-3.11.1 gAAAAABpVkKEZUB5... - 70 - tx8c118056e28a42589ccf9-006956434f - 0.0081 - - 1767261007.098202705 1767261007.106311798 0
Jan 1 09:50:07 standalone container-server[122330]: 172.20.0.100 - - [01/Jan/2026:09:50:07 +0000] "PUT /d1/375/AUTH_f80f2090014a42cebdf9493caf59839f/gnocchi.48776157-628a-4d50-9685-41cbc9ee66d8/1766880000.0_mean_300.0_v3" 201 - "PUT http://localhost:8080/d1/350/AUTH_f80f2090014a42cebdf9493caf59839f/gnocchi.48776157-628a-4d50-9685-41cbc9ee66d8/1766880000.0_mean_300.0_v3" "tx429592c47e1345b3ad92a-006956434f" "object-server 20" 0.0015 "-" 22 0
Jan 1 09:50:07 standalone object-server[122435]: 172.20.0.100 - - [01/Jan/2026:09:50:07 +0000] "PUT /d1/350/AUTH_f80f2090014a42cebdf9493caf59839f/gnocchi.48776157-628a-4d50-9685-41cbc9ee66d8/1766880000.0_mean_300.0_v3" 201 - "PUT http://localhost:8080/v1/AUTH_f80f2090014a42cebdf9493caf59839f/gnocchi.48776157-628a-4d50-9685-41cbc9ee66d8/1766880000.0_mean_300.0_v3" "tx429592c47e1345b3ad92a-006956434f" "proxy-server 21" 0.0130 "-" 20 0
Jan 1 09:50:07 standalone proxy-server[124145]: 172.18.0.2 ::1 01/Jan/2026/09/50/07 PUT /v1/AUTH_f80f2090014a42cebdf9493caf59839f/gnocchi.48776157-628a-4d50-9685-41cbc9ee66d8/1766880000.0_mean_300.0_v3 HTTP/1.0 201 - python-swiftclient-3.11.1 gAAAAABpVkKEZUB5... 16 - - tx429592c47e1345b3ad92a-006956434f - 0.0209 - - 1767261007.111782074 1767261007.132714987 0
Jan 1 09:50:07 standalone container-server[122301]: 172.20.0.100 - - [01/Jan/2026:09:50:07 +0000] "PUT /d1/375/AUTH_f80f2090014a42cebdf9493caf59839f/gnocchi.48776157-628a-4d50-9685-41cbc9ee66d8/none_v3" 201 - "PUT http://localhost:8080/d1/386/AUTH_f80f2090014a42cebdf9493caf59839f/gnocchi.48776157-628a-4d50-9685-41cbc9ee66d8/none_v3" "txf445e85d1f864383a3296-006956434f" "object-server 23" 0.0008 "-" 21 0
Jan 1 09:50:07 standalone object-server[122447]: 172.20.0.100 - - [01/Jan/2026:09:50:07 +0000] "PUT /d1/386/AUTH_f80f2090014a42cebdf9493caf59839f/gnocchi.48776157-628a-4d50-9685-41cbc9ee66d8/none_v3" 201 - "PUT http://localhost:8080/v1/AUTH_f80f2090014a42cebdf9493caf59839f/gnocchi.48776157-628a-4d50-9685-41cbc9ee66d8/none_v3" "txf445e85d1f864383a3296-006956434f" "proxy-server 21" 0.0132 "-" 23 0
Jan 1 09:50:07 standalone proxy-server[124145]: 172.18.0.2 ::1 01/Jan/2026/09/50/07 PUT /v1/AUTH_f80f2090014a42cebdf9493caf59839f/gnocchi.48776157-628a-4d50-9685-41cbc9ee66d8/none_v3 HTTP/1.0 201 - python-swiftclient-3.11.1 gAAAAABpVkKEZUB5... 22 - - txf445e85d1f864383a3296-006956434f - 0.0211 - - 1767261007.138069153 1767261007.159209967 0
Jan 1 09:50:07 standalone container-server[122330]: 172.20.0.100 - - [01/Jan/2026:09:50:07 +0000] "HEAD /d1/464/AUTH_f80f2090014a42cebdf9493caf59839f/gnocchi.160a83f9-698e-441f-be5d-113dc18d2eee" 404 - "HEAD http://localhost:8080/v1/AUTH_f80f2090014a42cebdf9493caf59839f/gnocchi.160a83f9-698e-441f-be5d-113dc18d2eee?format=json&states=listing" "tx169912e908e2438f96339-006956434f" "proxy-server 21" 0.0007 "-" 22 0
Jan 1 09:50:07 standalone object-server[122435]: 172.20.0.100 - - [01/Jan/2026:09:50:07 +0000] "GET /d1/50/AUTH_f80f2090014a42cebdf9493caf59839f/gnocchi.160a83f9-698e-441f-be5d-113dc18d2eee/none_v3" 404 70 "GET http://localhost:8080/v1/AUTH_f80f2090014a42cebdf9493caf59839f/gnocchi.160a83f9-698e-441f-be5d-113dc18d2eee/none_v3" "tx169912e908e2438f96339-006956434f" "proxy-server 21" 0.0005 "-" 20 0
Jan 1 09:50:07 standalone proxy-server[124145]: 172.18.0.2 ::1 01/Jan/2026/09/50/07 GET /v1/AUTH_f80f2090014a42cebdf9493caf59839f/gnocchi.160a83f9-698e-441f-be5d-113dc18d2eee/none_v3 HTTP/1.0 404 - python-swiftclient-3.11.1 gAAAAABpVkKEZUB5... - 70 - tx169912e908e2438f96339-006956434f - 0.0125 - - 1767261007.175409079 1767261007.187870502 0
Jan 1 09:50:07 standalone account-server[122178]: 172.20.0.100 - - [01/Jan/2026:09:50:07 +0000] "PUT /d1/507/AUTH_f80f2090014a42cebdf9493caf59839f/gnocchi.160a83f9-698e-441f-be5d-113dc18d2eee" 201 - "PUT http://172.20.0.100:6001/d1/464/AUTH_f80f2090014a42cebdf9493caf59839f/gnocchi.160a83f9-698e-441f-be5d-113dc18d2eee" "tx38b9c55490224b28bb670-006956434f" "container-server 21" 0.0057 "-" 17 0
Jan 1 09:50:07 standalone container-server[122301]: 172.20.0.100 - - [01/Jan/2026:09:50:07 +0000] "PUT /d1/464/AUTH_f80f2090014a42cebdf9493caf59839f/gnocchi.160a83f9-698e-441f-be5d-113dc18d2eee" 201 - "PUT http://localhost:8080/v1/AUTH_f80f2090014a42cebdf9493caf59839f/gnocchi.160a83f9-698e-441f-be5d-113dc18d2eee" "tx38b9c55490224b28bb670-006956434f" "proxy-server 21" 0.0211 "-" 21 0
Jan 1 09:50:07 standalone proxy-server[124145]: 172.18.0.2 ::1 01/Jan/2026/09/50/07 PUT /v1/AUTH_f80f2090014a42cebdf9493caf59839f/gnocchi.160a83f9-698e-441f-be5d-113dc18d2eee HTTP/1.0 201 - python-swiftclient-3.11.1 gAAAAABpVkKEZUB5... - - - tx38b9c55490224b28bb670-006956434f - 0.0278 - - 1767261007.192219019 1767261007.220018625 0
Jan 1 09:50:07 standalone container-server[122298]: 172.20.0.100 - - [01/Jan/2026:09:50:07 +0000] "HEAD /d1/464/AUTH_f80f2090014a42cebdf9493caf59839f/gnocchi.160a83f9-698e-441f-be5d-113dc18d2eee" 204 - "HEAD http://localhost:8080/v1/AUTH_f80f2090014a42cebdf9493caf59839f/gnocchi.160a83f9-698e-441f-be5d-113dc18d2eee?format=json&states=listing" "tx7076c5b6bba5418e90dd3-006956434f" "proxy-server 21" 0.0022 "-" 20 0
Jan 1 09:50:07 standalone proxy-server[124145]: - - 01/Jan/2026/09/50/07 HEAD /v1/AUTH_f80f2090014a42cebdf9493caf59839f/gnocchi.160a83f9-698e-441f-be5d-113dc18d2eee%3Fformat%3Djson%26states%3Dlisting HTTP/1.0 204 - Swift - - - - tx7076c5b6bba5418e90dd3-006956434f - 0.0067 RL - 1767261007.227150917 1767261007.233857632 0
Jan 1 09:50:07 standalone container-server[122334]: 172.20.0.100 - - [01/Jan/2026:09:50:07 +0000] "GET /d1/464/AUTH_f80f2090014a42cebdf9493caf59839f/gnocchi.160a83f9-698e-441f-be5d-113dc18d2eee" 200 2 "GET http://localhost:8080/v1/AUTH_f80f2090014a42cebdf9493caf59839f/gnocchi.160a83f9-698e-441f-be5d-113dc18d2eee?format=json&states=listing" "tx7076c5b6bba5418e90dd3-006956434f" "proxy-server 21" 0.0036 "-" 23 0
Jan 1 09:50:07 standalone proxy-server[124145]: 172.18.0.2 ::1 01/Jan/2026/09/50/07 GET /v1/AUTH_f80f2090014a42cebdf9493caf59839f/gnocchi.160a83f9-698e-441f-be5d-113dc18d2eee%3Fformat%3Djson%26states%3Dlisting HTTP/1.0 200 - python-swiftclient-3.11.1 gAAAAABpVkKEZUB5... - 2 - tx7076c5b6bba5418e90dd3-006956434f - 0.0202 - - 1767261007.225676775 1767261007.245860338 0
Jan 1 09:50:07 standalone object-server[122444]: 172.20.0.100 - - [01/Jan/2026:09:50:07 +0000] "GET /d1/9/AUTH_f80f2090014a42cebdf9493caf59839f/gnocchi.160a83f9-698e-441f-be5d-113dc18d2eee/1766880000.0_mean_300.0_v3" 404 70 "GET http://localhost:8080/v1/AUTH_f80f2090014a42cebdf9493caf59839f/gnocchi.160a83f9-698e-441f-be5d-113dc18d2eee/1766880000.0_mean_300.0_v3" "tx7806b7433bf54813b3553-006956434f" "proxy-server 21" 0.0005 "-" 22 0
Jan 1 09:50:07 standalone proxy-server[124145]: 172.18.0.2 ::1 01/Jan/2026/09/50/07 GET /v1/AUTH_f80f2090014a42cebdf9493caf59839f/gnocchi.160a83f9-698e-441f-be5d-113dc18d2eee/1766880000.0_mean_300.0_v3 HTTP/1.0 404 - python-swiftclient-3.11.1 gAAAAABpVkKEZUB5... - 70 - tx7806b7433bf54813b3553-006956434f - 0.0078 - - 1767261007.252140284 1767261007.259948969 0
Jan 1 09:50:07 standalone container-server[122330]: 172.20.0.100 - - [01/Jan/2026:09:50:07 +0000] "PUT /d1/464/AUTH_f80f2090014a42cebdf9493caf59839f/gnocchi.160a83f9-698e-441f-be5d-113dc18d2eee/1766880000.0_mean_300.0_v3" 201 - "PUT http://localhost:8080/d1/9/AUTH_f80f2090014a42cebdf9493caf59839f/gnocchi.160a83f9-698e-441f-be5d-113dc18d2eee/1766880000.0_mean_300.0_v3" "txdcf6db17744b476693b6b-006956434f" "object-server 22" 0.0008 "-" 22 0
Jan 1 09:50:07 standalone object-server[122444]: 172.20.0.100 - - [01/Jan/2026:09:50:07 +0000] "PUT /d1/9/AUTH_f80f2090014a42cebdf9493caf59839f/gnocchi.160a83f9-698e-441f-be5d-113dc18d2eee/1766880000.0_mean_300.0_v3" 201 - "PUT http://localhost:8080/v1/AUTH_f80f2090014a42cebdf9493caf59839f/gnocchi.160a83f9-698e-441f-be5d-113dc18d2eee/1766880000.0_mean_300.0_v3" "txdcf6db17744b476693b6b-006956434f" "proxy-server 21" 0.0133 "-" 22 0
Jan 1 09:50:07 standalone proxy-server[124145]: 172.18.0.2 ::1 01/Jan/2026/09/50/07 PUT /v1/AUTH_f80f2090014a42cebdf9493caf59839f/gnocchi.160a83f9-698e-441f-be5d-113dc18d2eee/1766880000.0_mean_300.0_v3 HTTP/1.0 201 - python-swiftclient-3.11.1 gAAAAABpVkKEZUB5... 16 - - txdcf6db17744b476693b6b-006956434f - 0.0208 - - 1767261007.265366316 1767261007.286119699 0
Jan 1 09:50:07 standalone container-server[122334]: 172.20.0.100 - - [01/Jan/2026:09:50:07 +0000] "PUT /d1/464/AUTH_f80f2090014a42cebdf9493caf59839f/gnocchi.160a83f9-698e-441f-be5d-113dc18d2eee/none_v3" 201 - "PUT http://localhost:8080/d1/50/AUTH_f80f2090014a42cebdf9493caf59839f/gnocchi.160a83f9-698e-441f-be5d-113dc18d2eee/none_v3" "txdd8c9052f4e74700bcb54-006956434f" "object-server 22" 0.0007 "-" 23 0
Jan 1 09:50:07 standalone object-server[122444]: 172.20.0.100 - - [01/Jan/2026:09:50:07 +0000] "PUT /d1/50/AUTH_f80f2090014a42cebdf9493caf59839f/gnocchi.160a83f9-698e-441f-be5d-113dc18d2eee/none_v3" 201 - "PUT http://localhost:8080/v1/AUTH_f80f2090014a42cebdf9493caf59839f/gnocchi.160a83f9-698e-441f-be5d-113dc18d2eee/none_v3" "txdd8c9052f4e74700bcb54-006956434f" "proxy-server 21" 0.0110 "-" 22 0
Jan 1 09:50:07 standalone proxy-server[124145]: 172.18.0.2 ::1 01/Jan/2026/09/50/07 PUT /v1/AUTH_f80f2090014a42cebdf9493caf59839f/gnocchi.160a83f9-698e-441f-be5d-113dc18d2eee/none_v3 HTTP/1.0 201 - python-swiftclient-3.11.1 gAAAAABpVkKEZUB5... 22 - - txdd8c9052f4e74700bcb54-006956434f - 0.0189 - - 1767261007.291222572 1767261007.310084343 0
Jan 1 09:50:07 standalone container-server[122334]: 172.20.0.100 - - [01/Jan/2026:09:50:07 +0000] "HEAD /d1/63/AUTH_f80f2090014a42cebdf9493caf59839f/gnocchi.37e1cbd0-6d8b-4085-b1d4-3cf5e0083385" 404 - "HEAD http://localhost:8080/v1/AUTH_f80f2090014a42cebdf9493caf59839f/gnocchi.37e1cbd0-6d8b-4085-b1d4-3cf5e0083385?format=json&states=listing" "txad0e4bb219774daca25f8-006956434f" "proxy-server 21" 0.0005 "-" 23 0
