Jan 1 09:35:07 standalone account-server[121663]: Starting 2
Jan 1 09:35:08 standalone account-server[121903]: Started child 17 from parent 2
Jan 1 09:35:08 standalone account-server[121903]: Started child 18 from parent 2
Jan 1 09:35:08 standalone account-server[121903]: Started child 21 from parent 2
Jan 1 09:35:08 standalone account-server[121903]: Started child 23 from parent 2
Jan 1 09:35:08 standalone container-server[122056]: Starting 2
Jan 1 09:35:08 standalone container-server[122046]: Option allow_versions is deprecated. Configure the versioned_writes middleware in the proxy-server instead. This option will be ignored in a future release.
Jan 1 09:35:08 standalone container-server[122298]: Option allow_versions is deprecated. Configure the versioned_writes middleware in the proxy-server instead. This option will be ignored in a future release.
Jan 1 09:35:08 standalone container-server[122046]: Started child 20 from parent 2
Jan 1 09:35:08 standalone container-server[122301]: Option allow_versions is deprecated. Configure the versioned_writes middleware in the proxy-server instead. This option will be ignored in a future release.
Jan 1 09:35:08 standalone container-server[122046]: Started child 21 from parent 2
Jan 1 09:35:08 standalone container-server[122330]: Option allow_versions is deprecated. Configure the versioned_writes middleware in the proxy-server instead. This option will be ignored in a future release.
Jan 1 09:35:08 standalone container-server[122046]: Started child 22 from parent 2
Jan 1 09:35:08 standalone container-server[122334]: Option allow_versions is deprecated. Configure the versioned_writes middleware in the proxy-server instead. This option will be ignored in a future release.
Jan 1 09:35:08 standalone container-server[122046]: Started child 23 from parent 2
Jan 1 09:35:08 standalone object-expirer[122158]: Starting 2
Jan 1 09:35:08 standalone object-expirer[122158]: Option auto_create_account_prefix is deprecated. Configure auto_create_account_prefix under the swift-constraints section of swift.conf. This option will be ignored in a future release.
Jan 1 09:35:09 standalone object-server[122340]: Starting 2
Jan 1 09:35:09 standalone object-server[122339]: Started child 20 from parent 2
Jan 1 09:35:09 standalone object-server[122339]: Started child 21 from parent 2
Jan 1 09:35:09 standalone object-server[122339]: Started child 22 from parent 2
Jan 1 09:35:09 standalone object-server[122339]: Started child 23 from parent 2
Jan 1 09:35:15 standalone proxy-server[123982]: Starting Keystone auth_token middleware
Jan 1 09:35:15 standalone proxy-server[123982]: AuthToken middleware is set with keystone_authtoken.service_token_roles_required set to False. This is backwards compatible but deprecated behaviour. Please set this to True.
Jan 1 09:35:15 standalone proxy-server[124145]: Starting Keystone auth_token middleware
Jan 1 09:35:15 standalone proxy-server[124145]: STDERR: The option "bind_port" is not known to keystonemiddleware
Jan 1 09:35:15 standalone proxy-server[124145]: STDERR: The option "workers" is not known to keystonemiddleware
Jan 1 09:35:15 standalone proxy-server[124145]: STDERR: The option "user" is not known to keystonemiddleware
Jan 1 09:35:15 standalone proxy-server[124145]: STDERR: The option "bind_ip" is not known to keystonemiddleware
Jan 1 09:35:15 standalone proxy-server[124145]: STDERR: The option "log_name" is not known to keystonemiddleware
Jan 1 09:35:15 standalone proxy-server[124145]: STDERR: The option "log_facility" is not known to keystonemiddleware
Jan 1 09:35:15 standalone proxy-server[124145]: STDERR: The option "log_level" is not known to keystonemiddleware
Jan 1 09:35:15 standalone proxy-server[124145]: STDERR: The option "log_headers" is not known to keystonemiddleware
Jan 1 09:35:15 standalone proxy-server[124145]: STDERR: The option "log_address" is not known to keystonemiddleware
Jan 1 09:35:15 standalone proxy-server[124145]: STDERR: The option "project_name" is not known to keystonemiddleware
Jan 1 09:35:15 standalone proxy-server[124145]: STDERR: The option "username" is not known to keystonemiddleware
Jan 1 09:35:15 standalone proxy-server[124145]: STDERR: The option "password" is not known to keystonemiddleware
Jan 1 09:35:15 standalone proxy-server[124145]: STDERR: The option "auth_url" is not known to keystonemiddleware
Jan 1 09:35:15 standalone proxy-server[124145]: STDERR: The option "signing_dir" is not known to keystonemiddleware
Jan 1 09:35:15 standalone proxy-server[124145]: STDERR: The option "project_domain_id" is not known to keystonemiddleware
Jan 1 09:35:15 standalone proxy-server[124145]: STDERR: The option "user_domain_id" is not known to keystonemiddleware
Jan 1 09:35:15 standalone proxy-server[124145]: STDERR: The option "__name__" is not known to keystonemiddleware
Jan 1 09:35:15 standalone proxy-server[124145]: AuthToken middleware is set with keystone_authtoken.service_token_roles_required set to False. This is backwards compatible but deprecated behaviour. Please set this to True.
Jan 1 09:35:15 standalone proxy-server[123982]: Started child 21 from parent 2
Jan 1 09:39:01 standalone account-server[122178]: 172.20.0.100 - - [01/Jan/2026:09:39:01 +0000] "HEAD /d1/135/.expiring_objects" 404 - "HEAD http://localhost/v1/.expiring_objects?format=json" "tx5fdaa96de27d49e4ac2ef-00695640b5" "proxy-server 2" 0.0016 "-" 17 -
Jan 1 09:39:01 standalone object-expirer[122158]: Pass completed in 0s; 0 objects expired (txn: tx5fdaa96de27d49e4ac2ef-00695640b5)
Jan 1 09:39:13 standalone object-server[122340]: Begin object update sweep
Jan 1 09:39:13 standalone object-server[150983]: Object update sweep starting on /srv/node/d1 (pid: 11)
Jan 1 09:39:13 standalone object-server[150983]: Object update sweep completed on /srv/node/d1 in 0.00s seconds:, 0 successes, 0 failures, 0 quarantines, 0 unlinks, 0 errors, 0 redirects (pid: 11)
Jan 1 09:39:13 standalone object-server[150983]: Object update sweep of d1 completed: 0.00s, 0 successes, 0 failures, 0 quarantines, 0 unlinks, 0 errors, 0 redirects
Jan 1 09:39:13 standalone object-server[122340]: Object update sweep completed: 0.09s
Jan 1 09:39:18 standalone container-server[122056]: Begin container update sweep
Jan 1 09:39:18 standalone container-server[122056]: Container update sweep completed: 0.00s
Jan 1 09:41:44 standalone account-server[122203]: 172.20.0.100 - - [01/Jan/2026:09:41:44 +0000] "HEAD /d1/507/AUTH_f80f2090014a42cebdf9493caf59839f" 404 - "HEAD http://localhost:8080/v1/AUTH_f80f2090014a42cebdf9493caf59839f?format=json" "txbb2f55aacc76446a8c304-0069564158" "proxy-server 21" 0.0009 "-" 21 -
Jan 1 09:41:44 standalone proxy-server[124145]: - - 01/Jan/2026/09/41/44 HEAD /v1/AUTH_f80f2090014a42cebdf9493caf59839f%3Fformat%3Djson HTTP/1.0 200 - Swift - - - - txbb2f55aacc76446a8c304-0069564158 - 0.0045 RL - 1767260504.343269825 1767260504.347778797 -
Jan 1 09:41:44 standalone proxy-server[124145]: 172.18.0.2 ::1 01/Jan/2026/09/41/44 HEAD /v1/AUTH_f80f2090014a42cebdf9493caf59839f/glance%3Fformat%3Djson HTTP/1.0 404 - python-swiftclient-3.11.1 gAAAAABpVkFYa_HW... - - - txbb2f55aacc76446a8c304-0069564158 - 0.5042 - - 1767260504.338432550 1767260504.842655182 -
Jan 1 09:41:44 standalone account-server[122178]: 172.20.0.100 - - [01/Jan/2026:09:41:44 +0000] "PUT /d1/507/AUTH_f80f2090014a42cebdf9493caf59839f" 201 - "-" "txbef82af81270462f89fa0-0069564158" "-" 0.0200 "-" 17 -
Jan 1 09:41:44 standalone proxy-server[124145]: autocreate account '/AUTH_f80f2090014a42cebdf9493caf59839f' (txn: txbef82af81270462f89fa0-0069564158)
Jan 1 09:41:44 standalone account-server[122217]: 172.20.0.100 - - [01/Jan/2026:09:41:44 +0000] "HEAD /d1/507/AUTH_f80f2090014a42cebdf9493caf59839f" 204 - "HEAD http://localhost:8080/v1/AUTH_f80f2090014a42cebdf9493caf59839f?format=json" "txbef82af81270462f89fa0-0069564158" "proxy-server 21" 0.0040 "-" 23 -
Jan 1 09:41:44 standalone account-server[122186]: 172.20.0.100 - - [01/Jan/2026:09:41:44 +0000] "PUT /d1/507/AUTH_f80f2090014a42cebdf9493caf59839f/glance" 201 - "PUT http://172.20.0.100:6001/d1/131/AUTH_f80f2090014a42cebdf9493caf59839f/glance" "txbef82af81270462f89fa0-0069564158" "container-server 20" 0.0016 "-" 18 0
Jan 1 09:41:44 standalone container-server[122298]: 172.20.0.100 - - [01/Jan/2026:09:41:44 +0000] "PUT /d1/131/AUTH_f80f2090014a42cebdf9493caf59839f/glance" 201 - "PUT http://localhost:8080/v1/AUTH_f80f2090014a42cebdf9493caf59839f/glance" "txbef82af81270462f89fa0-0069564158" "proxy-server 21" 0.0110 "-" 20 0
Jan 1 09:41:44 standalone proxy-server[124145]: 172.18.0.2 ::1 01/Jan/2026/09/41/44 PUT /v1/AUTH_f80f2090014a42cebdf9493caf59839f/glance HTTP/1.0 201 - python-swiftclient-3.11.1 gAAAAABpVkFYa_HW... - - - txbef82af81270462f89fa0-0069564158 - 0.0543 - - 1767260504.848301172 1767260504.902599573 0
Jan 1 09:41:44 standalone container-server[122301]: 172.20.0.100 - - [01/Jan/2026:09:41:44 +0000] "HEAD /d1/131/AUTH_f80f2090014a42cebdf9493caf59839f/glance" 204 - "HEAD http://localhost:8080/v1/AUTH_f80f2090014a42cebdf9493caf59839f/glance?format=json&states=listing" "txe2051cdf709548ff96a88-0069564158" "proxy-server 21" 0.0041 "-" 21 0
Jan 1 09:41:44 standalone proxy-server[124145]: - - 01/Jan/2026/09/41/44 HEAD /v1/AUTH_f80f2090014a42cebdf9493caf59839f/glance%3Fformat%3Djson%26states%3Dlisting HTTP/1.0 204 - Swift - - - - txe2051cdf709548ff96a88-0069564158 - 0.0103 RL - 1767260504.909596205 1767260504.919875383 0
Jan 1 09:42:04 standalone container-server[122330]: 172.20.0.100 - - [01/Jan/2026:09:42:04 +0000] "PUT /d1/131/AUTH_f80f2090014a42cebdf9493caf59839f/glance/fbbd176c-a0a8-476e-a99f-14b4fc8681bd" 201 - "PUT http://localhost:8080/d1/651/AUTH_f80f2090014a42cebdf9493caf59839f/glance/fbbd176c-a0a8-476e-a99f-14b4fc8681bd" "txe2051cdf709548ff96a88-0069564158" "object-server 21" 0.0015 "-" 22 0
Jan 1 09:42:04 standalone object-server[122437]: 172.20.0.100 - - [01/Jan/2026:09:42:04 +0000] "PUT /d1/651/AUTH_f80f2090014a42cebdf9493caf59839f/glance/fbbd176c-a0a8-476e-a99f-14b4fc8681bd" 201 - "PUT http://localhost:8080/v1/AUTH_f80f2090014a42cebdf9493caf59839f/glance/fbbd176c-a0a8-476e-a99f-14b4fc8681bd" "txe2051cdf709548ff96a88-0069564158" "proxy-server 21" 19.4547 "-" 21 0
Jan 1 09:42:04 standalone proxy-server[124145]: 172.18.0.2 ::1 01/Jan/2026/09/42/04 PUT /v1/AUTH_f80f2090014a42cebdf9493caf59839f/glance/fbbd176c-a0a8-476e-a99f-14b4fc8681bd HTTP/1.0 201 - python-swiftclient-3.11.1 gAAAAABpVkFYa_HW... 1472724992 - - txe2051cdf709548ff96a88-0069564158 - 19.4761 - - 1767260504.908127546 1767260524.384230614 0
Jan 1 09:42:20 standalone account-server[122217]: 172.20.0.100 - - [01/Jan/2026:09:42:20 +0000] "HEAD /d1/135/.expiring_objects" 404 - "HEAD http://localhost/v1/.expiring_objects?format=json" "txede279d6d91148cb8096b-006956417c" "proxy-server 2" 0.0005 "-" 23 -
Jan 1 09:42:20 standalone object-expirer[122158]: Pass completed in 0s; 0 objects expired (txn: txede279d6d91148cb8096b-006956417c)
Jan 1 09:43:25 standalone account-server[122186]: 172.20.0.100 - - [01/Jan/2026:09:43:25 +0000] "HEAD /d1/135/.expiring_objects" 404 - "HEAD http://localhost/v1/.expiring_objects?format=json" "txb7d170b013004095a9822-00695641bd" "proxy-server 2" 0.0006 "-" 18 -
Jan 1 09:43:25 standalone object-expirer[122158]: Pass completed in 0s; 0 objects expired (txn: txb7d170b013004095a9822-00695641bd)
Jan 1 09:44:13 standalone object-server[122340]: Begin object update sweep
Jan 1 09:44:13 standalone object-server[191704]: Object update sweep starting on /srv/node/d1 (pid: 13)
Jan 1 09:44:13 standalone object-server[191704]: Object update sweep completed on /srv/node/d1 in 0.00s seconds:, 0 successes, 0 failures, 0 quarantines, 0 unlinks, 0 errors, 0 redirects (pid: 13)
Jan 1 09:44:13 standalone object-server[191704]: Object update sweep of d1 completed: 0.00s, 0 successes, 0 failures, 0 quarantines, 0 unlinks, 0 errors, 0 redirects
Jan 1 09:44:13 standalone object-server[122340]: Object update sweep completed: 0.06s
Jan 1 09:44:18 standalone container-server[122056]: Begin container update sweep
Jan 1 09:44:18 standalone account-server[122217]: 172.20.0.100 - - [01/Jan/2026:09:44:18 +0000] "PUT /d1/507/AUTH_f80f2090014a42cebdf9493caf59839f/glance" 201 - "-" "-" "container-updater 2" 0.0012 "-" 23 0
Jan 1 09:44:18 standalone container-server[122056]: Container update sweep completed: 0.08s
Jan 1 09:46:35 standalone account-server[122186]: 172.20.0.100 - - [01/Jan/2026:09:46:35 +0000] "HEAD /d1/135/.expiring_objects" 404 - "HEAD http://localhost/v1/.expiring_objects?format=json" "txa80a1417184f4e888224a-006956427b" "proxy-server 2" 0.0006 "-" 18 -
Jan 1 09:46:35 standalone object-expirer[122158]: Pass completed in 0s; 0 objects expired (txn: txa80a1417184f4e888224a-006956427b)
Jan 1 09:46:40 standalone account-server[122203]: 172.20.0.100 - - [01/Jan/2026:09:46:40 +0000] "HEAD /d1/507/AUTH_f80f2090014a42cebdf9493caf59839f" 204 - "HEAD http://localhost:8080/v1/AUTH_f80f2090014a42cebdf9493caf59839f?format=json" "txe7e83607a5f14148828ba-0069564280" "proxy-server 21" 0.0078 "-" 21 -
Jan 1 09:46:40 standalone proxy-server[124145]: - - 01/Jan/2026/09/46/40 HEAD /v1/AUTH_f80f2090014a42cebdf9493caf59839f%3Fformat%3Djson HTTP/1.0 204 - Swift - - - - txe7e83607a5f14148828ba-0069564280 - 0.0113 RL - 1767260800.593498468 1767260800.604767084 -
Jan 1 09:46:40 standalone container-server[122330]: 172.20.0.100 - - [01/Jan/2026:09:46:40 +0000] "HEAD /d1/131/AUTH_f80f2090014a42cebdf9493caf59839f/glance" 204 - "HEAD http://localhost:8080/v1/AUTH_f80f2090014a42cebdf9493caf59839f/glance?format=json&states=listing" "txe7e83607a5f14148828ba-0069564280" "proxy-server 21" 0.0021 "-" 22 0
Jan 1 09:46:40 standalone proxy-server[124145]: 172.18.0.2 ::1 01/Jan/2026/09/46/40 HEAD /v1/AUTH_f80f2090014a42cebdf9493caf59839f/glance%3Fformat%3Djson%26states%3Dlisting HTTP/1.0 204 - python-swiftclient-3.11.1 gAAAAABpVkKA5-bR... - - - txe7e83607a5f14148828ba-0069564280 - 0.0818 - - 1767260800.592717648 1767260800.674539804 0
Jan 1 09:46:43 standalone container-server[122330]: 172.20.0.100 - - [01/Jan/2026:09:46:43 +0000] "PUT /d1/131/AUTH_f80f2090014a42cebdf9493caf59839f/glance/1c1297a2-d8e1-44c7-993c-4207534c46c1-00001" 201 - "PUT http://localhost:8080/d1/597/AUTH_f80f2090014a42cebdf9493caf59839f/glance/1c1297a2-d8e1-44c7-993c-4207534c46c1-00001" "tx2de5c8e38e7d481981bc1-0069564280" "object-server 22" 0.0014 "-" 22 0
Jan 1 09:46:43 standalone object-server[122444]: 172.20.0.100 - - [01/Jan/2026:09:46:43 +0000] "PUT /d1/597/AUTH_f80f2090014a42cebdf9493caf59839f/glance/1c1297a2-d8e1-44c7-993c-4207534c46c1-00001" 201 - "PUT http://localhost:8080/v1/AUTH_f80f2090014a42cebdf9493caf59839f/glance/1c1297a2-d8e1-44c7-993c-4207534c46c1-00001" "tx2de5c8e38e7d481981bc1-0069564280" "proxy-server 21" 2.8266 "-" 22 0
Jan 1 09:46:43 standalone proxy-server[124145]: 172.18.0.2 ::1 01/Jan/2026/09/46/43 PUT /v1/AUTH_f80f2090014a42cebdf9493caf59839f/glance/1c1297a2-d8e1-44c7-993c-4207534c46c1-00001 HTTP/1.0 201 - python-swiftclient-3.11.1 gAAAAABpVkKA5-bR... 21692416 - - tx2de5c8e38e7d481981bc1-0069564280 - 2.8325 - - 1767260800.681521654 1767260803.514025927 0
Jan 1 09:46:43 standalone container-server[122330]: 172.20.0.100 - - [01/Jan/2026:09:46:43 +0000] "PUT /d1/131/AUTH_f80f2090014a42cebdf9493caf59839f/glance/1c1297a2-d8e1-44c7-993c-4207534c46c1" 201 - "PUT http://localhost:8080/d1/178/AUTH_f80f2090014a42cebdf9493caf59839f/glance/1c1297a2-d8e1-44c7-993c-4207534c46c1" "txffd408dee3b04bb7b402e-0069564283" "object-server 22" 0.0006 "-" 22 0
Jan 1 09:46:43 standalone object-server[122444]: 172.20.0.100 - - [01/Jan/2026:09:46:43 +0000] "PUT /d1/178/AUTH_f80f2090014a42cebdf9493caf59839f/glance/1c1297a2-d8e1-44c7-993c-4207534c46c1" 201 - "PUT http://localhost:8080/v1/AUTH_f80f2090014a42cebdf9493caf59839f/glance/1c1297a2-d8e1-44c7-993c-4207534c46c1" "txffd408dee3b04bb7b402e-0069564283" "proxy-server 21" 0.0090 "-" 22 0
Jan 1 09:46:43 standalone proxy-server[124145]: 172.18.0.2 ::1 01/Jan/2026/09/46/43 PUT /v1/AUTH_f80f2090014a42cebdf9493caf59839f/glance/1c1297a2-d8e1-44c7-993c-4207534c46c1 HTTP/1.0 201 - python-swiftclient-3.11.1 gAAAAABpVkKA5-bR... - - - txffd408dee3b04bb7b402e-0069564283 - 0.0219 - - 1767260803.524286509 1767260803.546169043 0
Jan 1 09:46:44 standalone container-server[122334]: 172.20.0.100 - - [01/Jan/2026:09:46:44 +0000] "HEAD /d1/561/AUTH_f80f2090014a42cebdf9493caf59839f/gnocchi.a8e72385-0ee5-4453-b3b8-58fb6f0b80d4" 404 - "HEAD http://localhost:8080/v1/AUTH_f80f2090014a42cebdf9493caf59839f/gnocchi.a8e72385-0ee5-4453-b3b8-58fb6f0b80d4?format=json&states=listing" "txf0d9166ee97041e895d8b-0069564284" "proxy-server 21" 0.0024 "-" 23 0
Jan 1 09:46:44 standalone object-server[122444]: 172.20.0.100 - - [01/Jan/2026:09:46:44 +0000] "GET /d1/510/AUTH_f80f2090014a42cebdf9493caf59839f/gnocchi.a8e72385-0ee5-4453-b3b8-58fb6f0b80d4/none_v3" 404 70 "GET http://localhost:8080/v1/AUTH_f80f2090014a42cebdf9493caf59839f/gnocchi.a8e72385-0ee5-4453-b3b8-58fb6f0b80d4/none_v3" "txf0d9166ee97041e895d8b-0069564284" "proxy-server 21" 0.0004 "-" 22 0
Jan 1 09:46:44 standalone proxy-server[124145]: 172.18.0.2 ::1 01/Jan/2026/09/46/44 GET /v1/AUTH_f80f2090014a42cebdf9493caf59839f/gnocchi.a8e72385-0ee5-4453-b3b8-58fb6f0b80d4/none_v3 HTTP/1.0 404 - python-swiftclient-3.11.1 gAAAAABpVkKEZUB5... - 70 - txf0d9166ee97041e895d8b-0069564284 - 0.0616 - - 1767260804.254592180 1767260804.316144228 0
Jan 1 09:46:44 standalone account-server[122203]: 172.20.0.100 - - [01/Jan/2026:09:46:44 +0000] "PUT /d1/507/AUTH_f80f2090014a42cebdf9493caf59839f/gnocchi.a8e72385-0ee5-4453-b3b8-58fb6f0b80d4" 201 - "PUT http://172.20.0.100:6001/d1/561/AUTH_f80f2090014a42cebdf9493caf59839f/gnocchi.a8e72385-0ee5-4453-b3b8-58fb6f0b80d4" "tx1b9ba6dd97f14a5592061-0069564284" "container-server 21" 0.0021 "-" 21 0
Jan 1 09:46:44 standalone container-server[122301]: 172.20.0.100 - - [01/Jan/2026:09:46:44 +0000] "PUT /d1/561/AUTH_f80f2090014a42cebdf9493caf59839f/gnocchi.a8e72385-0ee5-4453-b3b8-58fb6f0b80d4" 201 - "PUT http://localhost:8080/v1/AUTH_f80f2090014a42cebdf9493caf59839f/gnocchi.a8e72385-0ee5-4453-b3b8-58fb6f0b80d4" "tx1b9ba6dd97f14a5592061-0069564284" "proxy-server 21" 0.0177 "-" 21 0
Jan 1 09:46:44 standalone proxy-server[124145]: 172.18.0.2 ::1 01/Jan/2026/09/46/44 PUT /v1/AUTH_f80f2090014a42cebdf9493caf59839f/gnocchi.a8e72385-0ee5-4453-b3b8-58fb6f0b80d4 HTTP/1.0 201 - python-swiftclient-3.11.1 gAAAAABpVkKEZUB5... - - - tx1b9ba6dd97f14a5592061-0069564284 - 0.0262 - - 1767260804.320814133 1767260804.346970081 0
Jan 1 09:46:44 standalone container-server[122330]: 172.20.0.100 - - [01/Jan/2026:09:46:44 +0000] "HEAD /d1/561/AUTH_f80f2090014a42cebdf9493caf59839f/gnocchi.a8e72385-0ee5-4453-b3b8-58fb6f0b80d4" 204 - "HEAD http://localhost:8080/v1/AUTH_f80f2090014a42cebdf9493caf59839f/gnocchi.a8e72385-0ee5-4453-b3b8-58fb6f0b80d4?format=json&states=listing" "tx2a5150fd5a0145e1943c3-0069564284" "proxy-server 21" 0.0015 "-" 22 0
Jan 1 09:46:44 standalone proxy-server[124145]: - - 01/Jan/2026/09/46/44 HEAD /v1/AUTH_f80f2090014a42cebdf9493caf59839f/gnocchi.a8e72385-0ee5-4453-b3b8-58fb6f0b80d4%3Fformat%3Djson%26states%3Dlisting HTTP/1.0 204 - Swift - - - - tx2a5150fd5a0145e1943c3-0069564284 - 0.0054 RL - 1767260804.354633331 1767260804.360038519 0
Jan 1 09:46:44 standalone container-server[122301]: 172.20.0.100 - - [01/Jan/2026:09:46:44 +0000] "GET /d1/561/AUTH_f80f2090014a42cebdf9493caf59839f/gnocchi.a8e72385-0ee5-4453-b3b8-58fb6f0b80d4" 200 2 "GET http://localhost:8080/v1/AUTH_f80f2090014a42cebdf9493caf59839f/gnocchi.a8e72385-0ee5-4453-b3b8-58fb6f0b80d4?format=json&states=listing" "tx2a5150fd5a0145e1943c3-0069564284" "proxy-server 21" 0.0040 "-" 21 0
Jan 1 09:46:44 standalone proxy-server[124145]: 172.18.0.2 ::1 01/Jan/2026/09/46/44 GET /v1/AUTH_f80f2090014a42cebdf9493caf59839f/gnocchi.a8e72385-0ee5-4453-b3b8-58fb6f0b80d4%3Fformat%3Djson%26states%3Dlisting HTTP/1.0 200 - python-swiftclient-3.11.1 gAAAAABpVkKEZUB5... - 2 - tx2a5150fd5a0145e1943c3-0069564284 - 0.0191 - - 1767260804.353233576 1767260804.372323990 0
Jan 1 09:46:44 standalone object-server[122444]: 172.20.0.100 - - [01/Jan/2026:09:46:44 +0000] "GET /d1/769/AUTH_f80f2090014a42cebdf9493caf59839f/gnocchi.a8e72385-0ee5-4453-b3b8-58fb6f0b80d4/1766880000.0_mean_300.0_v3" 404 70 "GET http://localhost:8080/v1/AUTH_f80f2090014a42cebdf9493caf59839f/gnocchi.a8e72385-0ee5-4453-b3b8-58fb6f0b80d4/1766880000.0_mean_300.0_v3" "tx4fda76fabe6a400f893fd-0069564284" "proxy-server 21" 0.0003 "-" 22 0
Jan 1 09:46:44 standalone proxy-server[124145]: 172.18.0.2 ::1 01/Jan/2026/09/46/44 GET /v1/AUTH_f80f2090014a42cebdf9493caf59839f/gnocchi.a8e72385-0ee5-4453-b3b8-58fb6f0b80d4/1766880000.0_mean_300.0_v3 HTTP/1.0 404 - python-swiftclient-3.11.1 gAAAAABpVkKEZUB5... - 70 - tx4fda76fabe6a400f893fd-0069564284 - 0.0058 - - 1767260804.377374887 1767260804.383209705 0
Jan 1 09:46:44 standalone container-server[122298]: 172.20.0.100 - - [01/Jan/2026:09:46:44 +0000] "PUT /d1/561/AUTH_f80f2090014a42cebdf9493caf59839f/gnocchi.a8e72385-0ee5-4453-b3b8-58fb6f0b80d4/1766880000.0_mean_300.0_v3" 201 - "PUT http://localhost:8080/d1/769/AUTH_f80f2090014a42cebdf9493caf59839f/gnocchi.a8e72385-0ee5-4453-b3b8-58fb6f0b80d4/1766880000.0_mean_300.0_v3" "tx8a8bc7e744f7448e85a72-0069564284" "object-server 21" 0.0010 "-" 20 0
Jan 1 09:46:44 standalone object-server[122437]: 172.20.0.100 - - [01/Jan/2026:09:46:44 +0000] "PUT /d1/769/AUTH_f80f2090014a42cebdf9493caf59839f/gnocchi.a8e72385-0ee5-4453-b3b8-58fb6f0b80d4/1766880000.0_mean_300.0_v3" 201 - "PUT http://localhost:8080/v1/AUTH_f80f2090014a42cebdf9493caf59839f/gnocchi.a8e72385-0ee5-4453-b3b8-58fb6f0b80d4/1766880000.0_mean_300.0_v3" "tx8a8bc7e744f7448e85a72-0069564284" "proxy-server 21" 0.0099 "-" 21 0
Jan 1 09:46:44 standalone proxy-server[124145]: 172.18.0.2 ::1 01/Jan/2026/09/46/44 PUT /v1/AUTH_f80f2090014a42cebdf9493caf59839f/gnocchi.a8e72385-0ee5-4453-b3b8-58fb6f0b80d4/1766880000.0_mean_300.0_v3 HTTP/1.0 201 - python-swiftclient-3.11.1 gAAAAABpVkKEZUB5... 16 - - tx8a8bc7e744f7448e85a72-0069564284 - 0.0181 - - 1767260804.387266397 1767260804.405332327 0
Jan 1 09:46:44 standalone container-server[122334]: 172.20.0.100 - - [01/Jan/2026:09:46:44 +0000] "PUT /d1/561/AUTH_f80f2090014a42cebdf9493caf59839f/gnocchi.a8e72385-0ee5-4453-b3b8-58fb6f0b80d4/none_v3" 201 - "PUT http://localhost:8080/d1/510/AUTH_f80f2090014a42cebdf9493caf59839f/gnocchi.a8e72385-0ee5-4453-b3b8-58fb6f0b80d4/none_v3" "tx2cbc1341ffa44c4789e9e-0069564284" "object-server 23" 0.0010 "-" 23 0
Jan 1 09:46:44 standalone object-server[122447]: 172.20.0.100 - - [01/Jan/2026:09:46:44 +0000] "PUT /d1/510/AUTH_f80f2090014a42cebdf9493caf59839f/gnocchi.a8e72385-0ee5-4453-b3b8-58fb6f0b80d4/none_v3" 201 - "PUT http://localhost:8080/v1/AUTH_f80f2090014a42cebdf9493caf59839f/gnocchi.a8e72385-0ee5-4453-b3b8-58fb6f0b80d4/none_v3" "tx2cbc1341ffa44c4789e9e-0069564284" "proxy-server 21" 0.0326 "-" 23 0
Jan 1 09:46:44 standalone proxy-server[124145]: 172.18.0.2 ::1 01/Jan/2026/09/46/44 PUT /v1/AUTH_f80f2090014a42cebdf9493caf59839f/gnocchi.a8e72385-0ee5-4453-b3b8-58fb6f0b80d4/none_v3 HTTP/1.0 201 - python-swiftclient-3.11.1 gAAAAABpVkKEZUB5... 32 - - tx2cbc1341ffa44c4789e9e-0069564284 - 0.0391 - - 1767260804.408861399 1767260804.447957039 0
Jan 1 09:47:44 standalone account-server[122178]: 172.20.0.100 - - [01/Jan/2026:09:47:44 +0000] "HEAD /d1/507/AUTH_f80f2090014a42cebdf9493caf59839f" 204 - "HEAD http://localhost:8080/v1/AUTH_f80f2090014a42cebdf9493caf59839f?format=json" "tx7abd54b6b5ed427fb1338-00695642c0" "proxy-server 21" 0.0079 "-" 17 -
Jan 1 09:47:44 standalone proxy-server[124145]: - - 01/Jan/2026/09/47/44 HEAD /v1/AUTH_f80f2090014a42cebdf9493caf59839f%3Fformat%3Djson HTTP/1.0 204 - Swift - - - - tx7abd54b6b5ed427fb1338-00695642c0 - 0.0150 RL - 1767260864.864025593 1767260864.879050732 -
Jan 1 09:47:44 standalone container-server[122298]: 172.20.0.100 - - [01/Jan/2026:09:47:44 +0000] "HEAD /d1/131/AUTH_f80f2090014a42cebdf9493caf59839f/glance" 204 - "HEAD http://localhost:8080/v1/AUTH_f80f2090014a42cebdf9493caf59839f/glance?format=json&states=listing" "tx7abd54b6b5ed427fb1338-00695642c0" "proxy-server 21" 0.0108 "-" 20 0
Jan 1 09:47:44 standalone object-server[122435]: 172.20.0.100 - - [01/Jan/2026:09:47:44 +0000] "GET /d1/178/AUTH_f80f2090014a42cebdf9493caf59839f/glance/1c1297a2-d8e1-44c7-993c-4207534c46c1" 200 - "GET http://localhost:8080/v1/AUTH_f80f2090014a42cebdf9493caf59839f/glance/1c1297a2-d8e1-44c7-993c-4207534c46c1" "tx7abd54b6b5ed427fb1338-00695642c0" "proxy-server 21" 0.0018 "-" 20 0
Jan 1 09:47:45 standalone container-server[122301]: 172.20.0.100 - - [01/Jan/2026:09:47:45 +0000] "GET /d1/131/AUTH_f80f2090014a42cebdf9493caf59839f/glance" 200 210 "GET http://localhost:8080/v1/AUTH_f80f2090014a42cebdf9493caf59839f/glance?prefix=1c1297a2-d8e1-44c7-993c-4207534c46c1-&format=json&states=listing" "tx7abd54b6b5ed427fb1338-00695642c0" "proxy-server 21" 0.0029 "-" 21 0
Jan 1 09:47:45 standalone proxy-server[124145]: - - 01/Jan/2026/09/47/45 GET /v1/AUTH_f80f2090014a42cebdf9493caf59839f/glance%3Fprefix%3D1c1297a2-d8e1-44c7-993c-4207534c46c1-%26format%3Djson%26states%3Dlisting HTTP/1.0 200 - python-swiftclient-3.11.1%20DLO%20MultipartGET gAAAAABpVkLAvH4Z... - 210 - tx7abd54b6b5ed427fb1338-00695642c0 - 0.0079 DLO - 1767260865.005680084 1767260865.013554573 0
Jan 1 09:47:45 standalone object-server[122444]: 172.20.0.100 - - [01/Jan/2026:09:47:45 +0000] "GET /d1/597/AUTH_f80f2090014a42cebdf9493caf59839f/glance/1c1297a2-d8e1-44c7-993c-4207534c46c1-00001" 200 21692416 "GET http://localhost:8080/v1/AUTH_f80f2090014a42cebdf9493caf59839f/glance/1c1297a2-d8e1-44c7-993c-4207534c46c1-00001?multipart-manifest=get" "tx7abd54b6b5ed427fb1338-00695642c0" "proxy-server 21" 0.0007 "-" 22 0
Jan 1 09:47:45 standalone proxy-server[124145]: - - 01/Jan/2026/09/47/45 GET /v1/AUTH_f80f2090014a42cebdf9493caf59839f/glance/1c1297a2-d8e1-44c7-993c-4207534c46c1-00001%3Fmultipart-manifest%3Dget HTTP/1.0 200 - python-swiftclient-3.11.1%20%20DLO%20MultipartGET gAAAAABpVkLAvH4Z... - 21692416 - tx7abd54b6b5ed427fb1338-00695642c0 - 0.0861 DLO - 1767260865.014627218 1767260865.100738049 0
Jan 1 09:47:45 standalone proxy-server[124145]: 172.18.0.2 ::1 01/Jan/2026/09/47/45 GET /v1/AUTH_f80f2090014a42cebdf9493caf59839f/glance/1c1297a2-d8e1-44c7-993c-4207534c46c1 HTTP/1.0 200 - python-swiftclient-3.11.1 gAAAAABpVkLAvH4Z... - 21692416 - tx7abd54b6b5ed427fb1338-00695642c0 - 0.2387 - - 1767260864.862678051 1767260865.101379633 0
Jan 1 09:47:45 standalone container-server[122334]: 172.20.0.100 - - [01/Jan/2026:09:47:45 +0000] "HEAD /d1/28/AUTH_f80f2090014a42cebdf9493caf59839f/gnocchi.29cbcb89-5482-453c-a8b9-47ce3b17bae5" 404 - "HEAD http://localhost:8080/v1/AUTH_f80f2090014a42cebdf9493caf59839f/gnocchi.29cbcb89-5482-453c-a8b9-47ce3b17bae5?format=json&states=listing" "txac4ea5e32d7c4089b8c98-00695642c1" "proxy-server 21" 0.0004 "-" 23 0
Jan 1 09:47:45 standalone object-server[122437]: 172.20.0.100 - - [01/Jan/2026:09:47:45 +0000] "GET /d1/348/AUTH_f80f2090014a42cebdf9493caf59839f/gnocchi.29cbcb89-5482-453c-a8b9-47ce3b17bae5/none_v3" 404 70 "GET http://localhost:8080/v1/AUTH_f80f2090014a42cebdf9493caf59839f/gnocchi.29cbcb89-5482-453c-a8b9-47ce3b17bae5/none_v3" "txac4ea5e32d7c4089b8c98-00695642c1" "proxy-server 21" 0.0010 "-" 21 0
Jan 1 09:47:45 standalone proxy-server[124145]: 172.18.0.2 ::1 01/Jan/2026/09/47/45 GET /v1/AUTH_f80f2090014a42cebdf9493caf59839f/gnocchi.29cbcb89-5482-453c-a8b9-47ce3b17bae5/none_v3 HTTP/1.0 404 - python-swiftclient-3.11.1 gAAAAABpVkKEZUB5... - 70 - txac4ea5e32d7c4089b8c98-00695642c1 - 0.0171 - - 1767260865.958189011 1767260865.975265503 0
Jan 1 09:47:45 standalone account-server[122203]: 172.20.0.100 - - [01/Jan/2026:09:47:45 +0000] "PUT /d1/507/AUTH_f80f2090014a42cebdf9493caf59839f/gnocchi.29cbcb89-5482-453c-a8b9-47ce3b17bae5" 201 - "PUT http://172.20.0.100:6001/d1/28/AUTH_f80f2090014a42cebdf9493caf59839f/gnocchi.29cbcb89-5482-453c-a8b9-47ce3b17bae5" "txef5a3fb523384aa185aab-00695642c1" "container-server 21" 0.0014 "-" 21 0
Jan 1 09:47:45 standalone container-server[122301]: 172.20.0.100 - - [01/Jan/2026:09:47:45 +0000] "PUT /d1/28/AUTH_f80f2090014a42cebdf9493caf59839f/gnocchi.29cbcb89-5482-453c-a8b9-47ce3b17bae5" 201 - "PUT http://localhost:8080/v1/AUTH_f80f2090014a42cebdf9493caf59839f/gnocchi.29cbcb89-5482-453c-a8b9-47ce3b17bae5" "txef5a3fb523384aa185aab-00695642c1" "proxy-server 21" 0.0137 "-" 21 0
Jan 1 09:47:46 standalone proxy-server[124145]: 172.18.0.2 ::1 01/Jan/2026/09/47/46 PUT /v1/AUTH_f80f2090014a42cebdf9493caf59839f/gnocchi.29cbcb89-5482-453c-a8b9-47ce3b17bae5 HTTP/1.0 201 - python-swiftclient-3.11.1 gAAAAABpVkKEZUB5... - - - txef5a3fb523384aa185aab-00695642c1 - 0.0211 - - 1767260865.980020046 1767260866.001087904 0
Jan 1 09:47:46 standalone container-server[122334]: 172.20.0.100 - - [01/Jan/2026:09:47:46 +0000] "HEAD /d1/28/AUTH_f80f2090014a42cebdf9493caf59839f/gnocchi.29cbcb89-5482-453c-a8b9-47ce3b17bae5" 204 - "HEAD http://localhost:8080/v1/AUTH_f80f2090014a42cebdf9493caf59839f/gnocchi.29cbcb89-5482-453c-a8b9-47ce3b17bae5?format=json&states=listing" "tx24f7422b3c4844d7aae22-00695642c2" "proxy-server 21" 0.0028 "-" 23 0
Jan 1 09:47:46 standalone proxy-server[124145]: - - 01/Jan/2026/09/47/46 HEAD /v1/AUTH_f80f2090014a42cebdf9493caf59839f/gnocchi.29cbcb89-5482-453c-a8b9-47ce3b17bae5%3Fformat%3Djson%26states%3Dlisting HTTP/1.0 204 - Swift - - - - tx24f7422b3c4844d7aae22-00695642c2 - 0.0079 RL - 1767260866.008599520 1767260866.016513109 0
Jan 1 09:47:46 standalone container-server[122330]: 172.20.0.100 - - [01/Jan/2026:09:47:46 +0000] "GET /d1/28/AUTH_f80f2090014a42cebdf9493caf59839f/gnocchi.29cbcb89-5482-453c-a8b9-47ce3b17bae5" 200 2 "GET http://localhost:8080/v1/AUTH_f80f2090014a42cebdf9493caf59839f/gnocchi.29cbcb89-5482-453c-a8b9-47ce3b17bae5?format=json&states=listing" "tx24f7422b3c4844d7aae22-00695642c2" "proxy-server 21" 0.0039 "-" 22 0
Jan 1 09:47:46 standalone proxy-server[124145]: 172.18.0.2 ::1 01/Jan/2026/09/47/46 GET /v1/AUTH_f80f2090014a42cebdf9493caf59839f/gnocchi.29cbcb89-5482-453c-a8b9-47ce3b17bae5%3Fformat%3Djson%26states%3Dlisting HTTP/1.0 200 - python-swiftclient-3.11.1 gAAAAABpVkKEZUB5... - 2 - tx24f7422b3c4844d7aae22-00695642c2 - 0.0234 - - 1767260866.006775379 1767260866.030217171 0
Jan 1 09:47:46 standalone object-server[122435]: 172.20.0.100 - - [01/Jan/2026:09:47:46 +0000] "GET /d1/535/AUTH_f80f2090014a42cebdf9493caf59839f/gnocchi.29cbcb89-5482-453c-a8b9-47ce3b17bae5/1766880000.0_mean_300.0_v3" 404 70 "GET http://localhost:8080/v1/AUTH_f80f2090014a42cebdf9493caf59839f/gnocchi.29cbcb89-5482-453c-a8b9-47ce3b17bae5/1766880000.0_mean_300.0_v3" "txdbc370faa3c247ef82ecf-00695642c2" "proxy-server 21" 0.0007 "-" 20 0
Jan 1 09:47:46 standalone proxy-server[124145]: 172.18.0.2 ::1 01/Jan/2026/09/47/46 GET /v1/AUTH_f80f2090014a42cebdf9493caf59839f/gnocchi.29cbcb89-5482-453c-a8b9-47ce3b17bae5/1766880000.0_mean_300.0_v3 HTTP/1.0 404 - python-swiftclient-3.11.1 gAAAAABpVkKEZUB5... - 70 - txdbc370faa3c247ef82ecf-00695642c2 - 0.0100 - - 1767260866.036038399 1767260866.046001434 0
Jan 1 09:47:46 standalone container-server[122334]: 172.20.0.100 - - [01/Jan/2026:09:47:46 +0000] "PUT /d1/28/AUTH_f80f2090014a42cebdf9493caf59839f/gnocchi.29cbcb89-5482-453c-a8b9-47ce3b17bae5/1766880000.0_mean_300.0_v3" 201 - "PUT http://localhost:8080/d1/535/AUTH_f80f2090014a42cebdf9493caf59839f/gnocchi.29cbcb89-5482-453c-a8b9-47ce3b17bae5/1766880000.0_mean_300.0_v3" "txecc0f32148ec4dabb1997-00695642c2" "object-server 21" 0.0008 "-" 23 0
Jan 1 09:47:46 standalone object-server[122437]: 172.20.0.100 - - [01/Jan/2026:09:47:46 +0000] "PUT /d1/535/AUTH_f80f2090014a42cebdf9493caf59839f/gnocchi.29cbcb89-5482-453c-a8b9-47ce3b17bae5/1766880000.0_mean_300.0_v3" 201 - "PUT http://localhost:8080/v1/AUTH_f80f2090014a42cebdf9493caf59839f/gnocchi.29cbcb89-5482-453c-a8b9-47ce3b17bae5/1766880000.0_mean_300.0_v3" "txecc0f32148ec4dabb1997-00695642c2" "proxy-server 21" 0.0134 "-" 21 0
Jan 1 09:47:46 standalone proxy-server[124145]: 172.18.0.2 ::1 01/Jan/2026/09/47/46 PUT /v1/AUTH_f80f2090014a42cebdf9493caf59839f/gnocchi.29cbcb89-5482-453c-a8b9-47ce3b17bae5/1766880000.0_mean_300.0_v3 HTTP/1.0 201 - python-swiftclient-3.11.1 gAAAAABpVkKEZUB5... 16 - - txecc0f32148ec4dabb1997-00695642c2 - 0.0224 - - 1767260866.050970078 1767260866.073358536 0
Jan 1 09:47:46 standalone container-server[122330]: 172.20.0.100 - - [01/Jan/2026:09:47:46 +0000] "PUT /d1/28/AUTH_f80f2090014a42cebdf9493caf59839f/gnocchi.29cbcb89-5482-453c-a8b9-47ce3b17bae5/none_v3" 201 - "PUT http://localhost:8080/d1/348/AUTH_f80f2090014a42cebdf9493caf59839f/gnocchi.29cbcb89-5482-453c-a8b9-47ce3b17bae5/none_v3" "tx55116e83e5a94723b4f01-00695642c2" "object-server 22" 0.0007 "-" 22 0
Jan 1 09:47:46 standalone object-server[122444]: 172.20.0.100 - - [01/Jan/2026:09:47:46 +0000] "PUT /d1/348/AUTH_f80f2090014a42cebdf9493caf59839f/gnocchi.29cbcb89-5482-453c-a8b9-47ce3b17bae5/none_v3" 201 - "PUT http://localhost:8080/v1/AUTH_f80f2090014a42cebdf9493caf59839f/gnocchi.29cbcb89-5482-453c-a8b9-47ce3b17bae5/none_v3" "tx55116e83e5a94723b4f01-00695642c2" "proxy-server 21" 0.0182 "-" 22 0
Jan 1 09:47:46 standalone proxy-server[124145]: 172.18.0.2 ::1 01/Jan/2026/09/47/46 PUT /v1/AUTH_f80f2090014a42cebdf9493caf59839f/gnocchi.29cbcb89-5482-453c-a8b9-47ce3b17bae5/none_v3 HTTP/1.0 201 - python-swiftclient-3.11.1 gAAAAABpVkKEZUB5... 22 - - tx55116e83e5a94723b4f01-00695642c2 - 0.0277 - - 1767260866.077786684 1767260866.105528831 0
Jan 1 09:47:46 standalone container-server[122298]: 172.20.0.100 - - [01/Jan/2026:09:47:46 +0000] "HEAD /d1/785/AUTH_f80f2090014a42cebdf9493caf59839f/gnocchi.7a03aac7-fc1c-46fc-9cca-3d2ed1a3f341" 404 - "HEAD http://localhost:8080/v1/AUTH_f80f2090014a42cebdf9493caf59839f/gnocchi.7a03aac7-fc1c-46fc-9cca-3d2ed1a3f341?format=json&states=listing" "txf6a9202553ce4e73afd8c-00695642c2" "proxy-server 21" 0.0003 "-" 20 0
Jan 1 09:47:46 standalone object-server[122435]: 172.20.0.100 - - [01/Jan/2026:09:47:46 +0000] "GET /d1/549/AUTH_f80f2090014a42cebdf9493caf59839f/gnocchi.7a03aac7-fc1c-46fc-9cca-3d2ed1a3f341/none_v3" 404 70 "GET http://localhost:8080/v1/AUTH_f80f2090014a42cebdf9493caf59839f/gnocchi.7a03aac7-fc1c-46fc-9cca-3d2ed1a3f341/none_v3" "txf6a9202553ce4e73afd8c-00695642c2" "proxy-server 21" 0.0004 "-" 20 0
Jan 1 09:47:46 standalone proxy-server[124145]: 172.18.0.2 ::1 01/Jan/2026/09/47/46 GET /v1/AUTH_f80f2090014a42cebdf9493caf59839f/gnocchi.7a03aac7-fc1c-46fc-9cca-3d2ed1a3f341/none_v3 HTTP/1.0 404 - python-swiftclient-3.11.1 gAAAAABpVkKEZUB5... - 70 - txf6a9202553ce4e73afd8c-00695642c2 - 0.0146 - - 1767260866.121227264 1767260866.135777473 0
Jan 1 09:47:46 standalone account-server[122203]: 172.20.0.100 - - [01/Jan/2026:09:47:46 +0000] "PUT /d1/507/AUTH_f80f2090014a42cebdf9493caf59839f/gnocchi.7a03aac7-fc1c-46fc-9cca-3d2ed1a3f341" 201 - "PUT http://172.20.0.100:6001/d1/785/AUTH_f80f2090014a42cebdf9493caf59839f/gnocchi.7a03aac7-fc1c-46fc-9cca-3d2ed1a3f341" "tx68cc76868d0e4b5a9a7fb-00695642c2" "container-server 23" 0.0043 "-" 21 0
Jan 1 09:47:46 standalone container-server[122334]: 172.20.0.100 - - [01/Jan/2026:09:47:46 +0000] "PUT /d1/785/AUTH_f80f2090014a42cebdf9493caf59839f/gnocchi.7a03aac7-fc1c-46fc-9cca-3d2ed1a3f341" 201 - "PUT http://localhost:8080/v1/AUTH_f80f2090014a42cebdf9493caf59839f/gnocchi.7a03aac7-fc1c-46fc-9cca-3d2ed1a3f341" "tx68cc76868d0e4b5a9a7fb-00695642c2" "proxy-server 21" 0.0186 "-" 23 0
Jan 1 09:47:46 standalone proxy-server[124145]: 172.18.0.2 ::1 01/Jan/2026/09/47/46 PUT /v1/AUTH_f80f2090014a42cebdf9493caf59839f/gnocchi.7a03aac7-fc1c-46fc-9cca-3d2ed1a3f341 HTTP/1.0 201 - python-swiftclient-3.11.1 gAAAAABpVkKEZUB5... - - - tx68cc76868d0e4b5a9a7fb-00695642c2 - 0.0261 - - 1767260866.140678406 1767260866.166777611 0
Jan 1 09:47:46 standalone container-server[122298]: 172.20.0.100 - - [01/Jan/2026:09:47:46 +0000] "HEAD /d1/785/AUTH_f80f2090014a42cebdf9493caf59839f/gnocchi.7a03aac7-fc1c-46fc-9cca-3d2ed1a3f341" 204 - "HEAD http://localhost:8080/v1/AUTH_f80f2090014a42cebdf9493caf59839f/gnocchi.7a03aac7-fc1c-46fc-9cca-3d2ed1a3f341?format=json&states=listing" "tx6d5d742a7e374508a22c9-00695642c2" "proxy-server 21" 0.0011 "-" 20 0
Jan 1 09:47:46 standalone proxy-server[124145]: - - 01/Jan/2026/09/47/46 HEAD /v1/AUTH_f80f2090014a42cebdf9493caf59839f/gnocchi.7a03aac7-fc1c-46fc-9cca-3d2ed1a3f341%3Fformat%3Djson%26states%3Dlisting HTTP/1.0 204 - Swift - - - - tx6d5d742a7e374508a22c9-00695642c2 - 0.0056 RL - 1767260866.174271822 1767260866.179863214 0
Jan 1 09:47:46 standalone container-server[122330]: 172.20.0.100 - - [01/Jan/2026:09:47:46 +0000] "GET /d1/785/AUTH_f80f2090014a42cebdf9493caf59839f/gnocchi.7a03aac7-fc1c-46fc-9cca-3d2ed1a3f341" 200 2 "GET http://localhost:8080/v1/AUTH_f80f2090014a42cebdf9493caf59839f/gnocchi.7a03aac7-fc1c-46fc-9cca-3d2ed1a3f341?format=json&states=listing" "tx6d5d742a7e374508a22c9-00695642c2" "proxy-server 21" 0.0041 "-" 22 0
Jan 1 09:47:46 standalone proxy-server[124145]: 172.18.0.2 ::1 01/Jan/2026/09/47/46 GET /v1/AUTH_f80f2090014a42cebdf9493caf59839f/gnocchi.7a03aac7-fc1c-46fc-9cca-3d2ed1a3f341%3Fformat%3Djson%26states%3Dlisting HTTP/1.0 200 - python-swiftclient-3.11.1 gAAAAABpVkKEZUB5... - 2 - tx6d5d742a7e374508a22c9-00695642c2 - 0.0200 - - 1767260866.172757864 1767260866.192805290 0
Jan 1 09:47:46 standalone object-server[122444]: 172.20.0.100 - - [01/Jan/2026:09:47:46 +0000] "GET /d1/1018/AUTH_f80f2090014a42cebdf9493caf59839f/gnocchi.7a03aac7-fc1c-46fc-9cca-3d2ed1a3f341/1766880000.0_mean_300.0_v3" 404 70 "GET http://localhost:8080/v1/AUTH_f80f2090014a42cebdf9493caf59839f/gnocchi.7a03aac7-fc1c-46fc-9cca-3d2ed1a3f341/1766880000.0_mean_300.0_v3" "txb94d8ccae1c0494a9fdaa-00695642c2" "proxy-server 21" 0.0005 "-" 22 0
Jan 1 09:47:46 standalone proxy-server[124145]: 172.18.0.2 ::1 01/Jan/2026/09/47/46 GET /v1/AUTH_f80f2090014a42cebdf9493caf59839f/gnocchi.7a03aac7-fc1c-46fc-9cca-3d2ed1a3f341/1766880000.0_mean_300.0_v3 HTTP/1.0 404 - python-swiftclient-3.11.1 gAAAAABpVkKEZUB5... - 70 - txb94d8ccae1c0494a9fdaa-00695642c2 - 0.0081 - - 1767260866.198603868 1767260866.206657887 0
Jan 1 09:47:46 standalone container-server[122334]: 172.20.0.100 - - [01/Jan/2026:09:47:46 +0000] "PUT /d1/785/AUTH_f80f2090014a42cebdf9493caf59839f/gnocchi.7a03aac7-fc1c-46fc-9cca-3d2ed1a3f341/1766880000.0_mean_300.0_v3" 201 - "PUT http://localhost:8080/d1/1018/AUTH_f80f2090014a42cebdf9493caf59839f/gnocchi.7a03aac7-fc1c-46fc-9cca-3d2ed1a3f341/1766880000.0_mean_300.0_v3" "tx1e87f3b00fa14d168ab89-00695642c2" "object-server 21" 0.0011 "-" 23 0
Jan 1 09:47:46 standalone object-server[122437]: 172.20.0.100 - - [01/Jan/2026:09:47:46 +0000] "PUT /d1/1018/AUTH_f80f2090014a42cebdf9493caf59839f/gnocchi.7a03aac7-fc1c-46fc-9cca-3d2ed1a3f341/1766880000.0_mean_300.0_v3" 201 - "PUT http://localhost:8080/v1/AUTH_f80f2090014a42cebdf9493caf59839f/gnocchi.7a03aac7-fc1c-46fc-9cca-3d2ed1a3f341/1766880000.0_mean_300.0_v3" "tx1e87f3b00fa14d168ab89-00695642c2" "proxy-server 21" 0.0140 "-" 21 0
Jan 1 09:47:46 standalone proxy-server[124145]: 172.18.0.2 ::1 01/Jan/2026/09/47/46 PUT /v1/AUTH_f80f2090014a42cebdf9493caf59839f/gnocchi.7a03aac7-fc1c-46fc-9cca-3d2ed1a3f341/1766880000.0_mean_300.0_v3 HTTP/1.0 201 - python-swiftclient-3.11.1 gAAAAABpVkKEZUB5... 16 - - tx1e87f3b00fa14d168ab89-00695642c2 - 0.0234 - - 1767260866.211756706 1767260866.235188484 0
Jan 1 09:47:46 standalone container-server[122330]: 172.20.0.100 - - [01/Jan/2026:09:47:46 +0000] "PUT /d1/785/AUTH_f80f2090014a42cebdf9493caf59839f/gnocchi.7a03aac7-fc1c-46fc-9cca-3d2ed1a3f341/none_v3" 201 - "PUT http://localhost:8080/d1/549/AUTH_f80f2090014a42cebdf9493caf59839f/gnocchi.7a03aac7-fc1c-46fc-9cca-3d2ed1a3f341/none_v3" "tx650c18777d264a49afcbf-00695642c2" "object-server 21" 0.0010 "-" 22 0
Jan 1 09:47:46 standalone object-server[122437]: 172.20.0.100 - - [01/Jan/2026:09:47:46 +0000] "PUT /d1/549/AUTH_f80f2090014a42cebdf9493caf59839f/gnocchi.7a03aac7-fc1c-46fc-9cca-3d2ed1a3f341/none_v3" 201 - "PUT http://localhost:8080/v1/AUTH_f80f2090014a42cebdf9493caf59839f/gnocchi.7a03aac7-fc1c-46fc-9cca-3d2ed1a3f341/none_v3" "tx650c18777d264a49afcbf-00695642c2" "proxy-server 21" 0.0126 "-" 21 0
Jan 1 09:47:46 standalone proxy-server[124145]: 172.18.0.2 ::1 01/Jan/2026/09/47/46 PUT /v1/AUTH_f80f2090014a42cebdf9493caf59839f/gnocchi.7a03aac7-fc1c-46fc-9cca-3d2ed1a3f341/none_v3 HTTP/1.0 201 - python-swiftclient-3.11.1 gAAAAABpVkKEZUB5... 22 - - tx650c18777d264a49afcbf-00695642c2 - 0.0230 - - 1767260866.241351366 1767260866.264370203 0
Jan 1 09:47:50 standalone container-server[122301]: 172.20.0.100 - - [01/Jan/2026:09:47:50 +0000] "HEAD /d1/718/AUTH_f80f2090014a42cebdf9493caf59839f/gnocchi.3177b9d1-8e24-4dfd-bd40-a96414e5af3f" 404 - "HEAD http://localhost:8080/v1/AUTH_f80f2090014a42cebdf9493caf59839f/gnocchi.3177b9d1-8e24-4dfd-bd40-a96414e5af3f?format=json&states=listing" "txf467c7f3113745a980a6c-00695642c6" "proxy-server 21" 0.0006 "-" 21 0
Jan 1 09:47:50 standalone object-server[122444]: 172.20.0.100 - - [01/Jan/2026:09:47:50 +0000] "GET /d1/192/AUTH_f80f2090014a42cebdf9493caf59839f/gnocchi.3177b9d1-8e24-4dfd-bd40-a96414e5af3f/none_v3" 404 70 "GET http://localhost:8080/v1/AUTH_f80f2090014a42cebdf9493caf59839f/gnocchi.3177b9d1-8e24-4dfd-bd40-a96414e5af3f/none_v3" "txf467c7f3113745a980a6c-00695642c6" "proxy-server 21" 0.0003 "-" 22 0
Jan 1 09:47:50 standalone proxy-server[124145]: 172.18.0.2 ::1 01/Jan/2026/09/47/50 GET /v1/AUTH_f80f2090014a42cebdf9493caf59839f/gnocchi.3177b9d1-8e24-4dfd-bd40-a96414e5af3f/none_v3 HTTP/1.0 404 - python-swiftclient-3.11.1 gAAAAABpVkKEZUB5... - 70 - txf467c7f3113745a980a6c-00695642c6 - 0.0136 - - 1767260870.715342045 1767260870.728927135 0
Jan 1 09:47:50 standalone account-server[122186]: 172.20.0.100 - - [01/Jan/2026:09:47:50 +0000] "PUT /d1/507/AUTH_f80f2090014a42cebdf9493caf59839f/gnocchi.3177b9d1-8e24-4dfd-bd40-a96414e5af3f" 201 - "PUT http://172.20.0.100:6001/d1/718/AUTH_f80f2090014a42cebdf9493caf59839f/gnocchi.3177b9d1-8e24-4dfd-bd40-a96414e5af3f" "txd0a69345310a4e34b9dfe-00695642c6" "container-server 23" 0.0060 "-" 18 0
Jan 1 09:47:50 standalone container-server[122334]: 172.20.0.100 - - [01/Jan/2026:09:47:50 +0000] "PUT /d1/718/AUTH_f80f2090014a42cebdf9493caf59839f/gnocchi.3177b9d1-8e24-4dfd-bd40-a96414e5af3f" 201 - "PUT http://localhost:8080/v1/AUTH_f80f2090014a42cebdf9493caf59839f/gnocchi.3177b9d1-8e24-4dfd-bd40-a96414e5af3f" "txd0a69345310a4e34b9dfe-00695642c6" "proxy-server 21" 0.0161 "-" 23 0
Jan 1 09:47:50 standalone proxy-server[124145]: 172.18.0.2 ::1 01/Jan/2026/09/47/50 PUT /v1/AUTH_f80f2090014a42cebdf9493caf59839f/gnocchi.3177b9d1-8e24-4dfd-bd40-a96414e5af3f HTTP/1.0 201 - python-swiftclient-3.11.1 gAAAAABpVkKEZUB5... - - - txd0a69345310a4e34b9dfe-00695642c6 - 0.0267 - - 1767260870.735989332 1767260870.762663126 0
Jan 1 09:47:50 standalone container-server[122298]: 172.20.0.100 - - [01/Jan/2026:09:47:50 +0000] "HEAD /d1/718/AUTH_f80f2090014a42cebdf9493caf59839f/gnocchi.3177b9d1-8e24-4dfd-bd40-a96414e5af3f" 204 - "HEAD http://localhost:8080/v1/AUTH_f80f2090014a42cebdf9493caf59839f/gnocchi.3177b9d1-8e24-4dfd-bd40-a96414e5af3f?format=json&states=listing" "txe0e8f2f86b13479086dc1-00695642c6" "proxy-server 21" 0.0017 "-" 20 0
Jan 1 09:47:50 standalone proxy-server[124145]: - - 01/Jan/2026/09/47/50 HEAD /v1/AUTH_f80f2090014a42cebdf9493caf59839f/gnocchi.3177b9d1-8e24-4dfd-bd40-a96414e5af3f%3Fformat%3Djson%26states%3Dlisting HTTP/1.0 204 - Swift - - - - txe0e8f2f86b13479086dc1-00695642c6 - 0.0104 RL - 1767260870.773903847 1767260870.784328461 0
Jan 1 09:47:50 standalone container-server[122298]: 172.20.0.100 - - [01/Jan/2026:09:47:50 +0000] "GET /d1/718/AUTH_f80f2090014a42cebdf9493caf59839f/gnocchi.3177b9d1-8e24-4dfd-bd40-a96414e5af3f" 200 2 "GET http://localhost:8080/v1/AUTH_f80f2090014a42cebdf9493caf59839f/gnocchi.3177b9d1-8e24-4dfd-bd40-a96414e5af3f?format=json&states=listing" "txe0e8f2f86b13479086dc1-00695642c6" "proxy-server 21" 0.0029 "-" 20 0
Jan 1 09:47:50 standalone proxy-server[124145]: 172.18.0.2 ::1 01/Jan/2026/09/47/50 GET /v1/AUTH_f80f2090014a42cebdf9493caf59839f/gnocchi.3177b9d1-8e24-4dfd-bd40-a96414e5af3f%3Fformat%3Djson%26states%3Dlisting HTTP/1.0 200 - python-swiftclient-3.11.1 gAAAAABpVkKEZUB5... - 2 - txe0e8f2f86b13479086dc1-00695642c6 - 0.0369 - - 1767260870.770907879 1767260870.807815075 0
Jan 1 09:47:50 standalone object-server[122447]: 172.20.0.100 - - [01/Jan/2026:09:47:50 +0000] "GET /d1/194/AUTH_f80f2090014a42cebdf9493caf59839f/gnocchi.3177b9d1-8e24-4dfd-bd40-a96414e5af3f/1766880000.0_mean_300.0_v3" 404 70 "GET http://localhost:8080/v1/AUTH_f80f2090014a42cebdf9493caf59839f/gnocchi.3177b9d1-8e24-4dfd-bd40-a96414e5af3f/1766880000.0_mean_300.0_v3" "txdd15d4ebae9a463cb76b8-00695642c6" "proxy-server 21" 0.0004 "-" 23 0
Jan 1 09:47:50 standalone proxy-server[124145]: 172.18.0.2 ::1 01/Jan/2026/09/47/50 GET /v1/AUTH_f80f2090014a42cebdf9493caf59839f/gnocchi.3177b9d1-8e24-4dfd-bd40-a96414e5af3f/1766880000.0_mean_300.0_v3 HTTP/1.0 404 - python-swiftclient-3.11.1 gAAAAABpVkKEZUB5... - 70 - txdd15d4ebae9a463cb76b8-00695642c6 - 0.0121 - - 1767260870.816773415 1767260870.828838587 0
Jan 1 09:47:50 standalone container-server[122334]: 172.20.0.100 - - [01/Jan/2026:09:47:50 +0000] "PUT /d1/718/AUTH_f80f2090014a42cebdf9493caf59839f/gnocchi.3177b9d1-8e24-4dfd-bd40-a96414e5af3f/1766880000.0_mean_300.0_v3" 201 - "PUT http://localhost:8080/d1/194/AUTH_f80f2090014a42cebdf9493caf59839f/gnocchi.3177b9d1-8e24-4dfd-bd40-a96414e5af3f/1766880000.0_mean_300.0_v3" "txcb30276726bf463a975d7-00695642c6" "object-server 20" 0.0004 "-" 23 0
Jan 1 09:47:50 standalone object-server[122435]: 172.20.0.100 - - [01/Jan/2026:09:47:50 +0000] "PUT /d1/194/AUTH_f80f2090014a42cebdf9493caf59839f/gnocchi.3177b9d1-8e24-4dfd-bd40-a96414e5af3f/1766880000.0_mean_300.0_v3" 201 - "PUT http://localhost:8080/v1/AUTH_f80f2090014a42cebdf9493caf59839f/gnocchi.3177b9d1-8e24-4dfd-bd40-a96414e5af3f/1766880000.0_mean_300.0_v3" "txcb30276726bf463a975d7-00695642c6" "proxy-server 21" 0.0363 "-" 20 0
Jan 1 09:47:50 standalone proxy-server[124145]: 172.18.0.2 ::1 01/Jan/2026/09/47/50 PUT /v1/AUTH_f80f2090014a42cebdf9493caf59839f/gnocchi.3177b9d1-8e24-4dfd-bd40-a96414e5af3f/1766880000.0_mean_300.0_v3 HTTP/1.0 201 - python-swiftclient-3.11.1 gAAAAABpVkKEZUB5... 16 - - txcb30276726bf463a975d7-00695642c6 - 0.0509 - - 1767260870.836964846 1767260870.887878656 0
Jan 1 09:47:50 standalone container-server[122334]: 172.20.0.100 - - [01/Jan/2026:09:47:50 +0000] "PUT /d1/718/AUTH_f80f2090014a42cebdf9493caf59839f/gnocchi.3177b9d1-8e24-4dfd-bd40-a96414e5af3f/none_v3" 201 - "PUT http://localhost:8080/d1/192/AUTH_f80f2090014a42cebdf9493caf59839f/gnocchi.3177b9d1-8e24-4dfd-bd40-a96414e5af3f/none_v3" "tx0eaead10c99046dcb6efc-00695642c6" "object-server 23" 0.0003 "-" 23 0
Jan 1 09:47:50 standalone object-server[122447]: 172.20.0.100 - - [01/Jan/2026:09:47:50 +0000] "PUT /d1/192/AUTH_f80f2090014a42cebdf9493caf59839f/gnocchi.3177b9d1-8e24-4dfd-bd40-a96414e5af3f/none_v3" 201 - "PUT http://localhost:8080/v1/AUTH_f80f2090014a42cebdf9493caf59839f/gnocchi.3177b9d1-8e24-4dfd-bd40-a96414e5af3f/none_v3" "tx0eaead10c99046dcb6efc-00695642c6" "proxy-server 21" 0.0126 "-" 23 0
Jan 1 09:47:50 standalone proxy-server[124145]: 172.18.0.2 ::1 01/Jan/2026/09/47/50 PUT /v1/AUTH_f80f2090014a42cebdf9493caf59839f/gnocchi.3177b9d1-8e24-4dfd-bd40-a96414e5af3f/none_v3 HTTP/1.0 201 - python-swiftclient-3.11.1 gAAAAABpVkKEZUB5... 22 - - tx0eaead10c99046dcb6efc-00695642c6 - 0.0252 - - 1767260870.896309853 1767260870.921557426 0
Jan 1 09:47:50 standalone container-server[122334]: 172.20.0.100 - - [01/Jan/2026:09:47:50 +0000] "HEAD /d1/210/AUTH_f80f2090014a42cebdf9493caf59839f/gnocchi.8ccf0e03-b690-42f1-b9e5-8604872e8cc0" 404 - "HEAD http://localhost:8080/v1/AUTH_f80f2090014a42cebdf9493caf59839f/gnocchi.8ccf0e03-b690-42f1-b9e5-8604872e8cc0?format=json&states=listing" "tx9535e0de310f4e7b915f8-00695642c6" "proxy-server 21" 0.0002 "-" 23 0
Jan 1 09:47:50 standalone object-server[122435]: 172.20.0.100 - - [01/Jan/2026:09:47:50 +0000] "GET /d1/531/AUTH_f80f2090014a42cebdf9493caf59839f/gnocchi.8ccf0e03-b690-42f1-b9e5-8604872e8cc0/none_v3" 404 70 "GET http://localhost:8080/v1/AUTH_f80f2090014a42cebdf9493caf59839f/gnocchi.8ccf0e03-b690-42f1-b9e5-8604872e8cc0/none_v3" "tx9535e0de310f4e7b915f8-00695642c6" "proxy-server 21" 0.0006 "-" 20 0
Jan 1 09:47:50 standalone proxy-server[124145]: 172.18.0.2 ::1 01/Jan/2026/09/47/50 GET /v1/AUTH_f80f2090014a42cebdf9493caf59839f/gnocchi.8ccf0e03-b690-42f1-b9e5-8604872e8cc0/none_v3 HTTP/1.0 404 - python-swiftclient-3.11.1 gAAAAABpVkKEZUB5... - 70 - tx9535e0de310f4e7b915f8-00695642c6 - 0.0172 - - 1767260870.947110653 1767260870.964269638 0
Jan 1 09:47:50 standalone account-server[122217]: 172.20.0.100 - - [01/Jan/2026:09:47:50 +0000] "PUT /d1/507/AUTH_f80f2090014a42cebdf9493caf59839f/gnocchi.8ccf0e03-b690-42f1-b9e5-8604872e8cc0" 201 - "PUT http://172.20.0.100:6001/d1/210/AUTH_f80f2090014a42cebdf9493caf59839f/gnocchi.8ccf0e03-b690-42f1-b9e5-8604872e8cc0" "txf910bf782b4a402a93332-00695642c6" "container-server 21" 0.0073 "-" 23 0
Jan 1 09:47:50 standalone container-server[122301]: 172.20.0.100 - - [01/Jan/2026:09:47:50 +0000] "PUT /d1/210/AUTH_f80f2090014a42cebdf9493caf59839f/gnocchi.8ccf0e03-b690-42f1-b9e5-8604872e8cc0" 201 - "PUT http://localhost:8080/v1/AUTH_f80f2090014a42cebdf9493caf59839f/gnocchi.8ccf0e03-b690-42f1-b9e5-8604872e8cc0" "txf910bf782b4a402a93332-00695642c6" "proxy-server 21" 0.0172 "-" 21 0
Jan 1 09:47:51 standalone proxy-server[124145]: 172.18.0.2 ::1 01/Jan/2026/09/47/50 PUT /v1/AUTH_f80f2090014a42cebdf9493caf59839f/gnocchi.8ccf0e03-b690-42f1-b9e5-8604872e8cc0 HTTP/1.0 201 - python-swiftclient-3.11.1 gAAAAABpVkKEZUB5... - - - txf910bf782b4a402a93332-00695642c6 - 0.0265 - - 1767260870.972950459 1767260870.999470949 0
