Feb 19 09:22:29 standalone container-server[125608]: Starting 2
Feb 19 09:22:29 standalone account-server[125669]: Starting 2
Feb 19 09:22:29 standalone account-server[125613]: Started child 20 from parent 2
Feb 19 09:22:29 standalone container-server[125587]: Option allow_versions is deprecated. Configure the versioned_writes middleware in the proxy-server instead. This option will be ignored in a future release.
Feb 19 09:22:29 standalone container-server[125981]: Option allow_versions is deprecated. Configure the versioned_writes middleware in the proxy-server instead. This option will be ignored in a future release.
Feb 19 09:22:29 standalone container-server[125587]: Started child 20 from parent 2
Feb 19 09:22:29 standalone account-server[125613]: Started child 21 from parent 2
Feb 19 09:22:29 standalone container-server[126003]: Option allow_versions is deprecated. Configure the versioned_writes middleware in the proxy-server instead. This option will be ignored in a future release.
Feb 19 09:22:29 standalone container-server[125587]: Started child 21 from parent 2
Feb 19 09:22:29 standalone container-server[126014]: Option allow_versions is deprecated. Configure the versioned_writes middleware in the proxy-server instead. This option will be ignored in a future release.
Feb 19 09:22:29 standalone container-server[125587]: Started child 22 from parent 2
Feb 19 09:22:29 standalone account-server[125613]: Started child 22 from parent 2
Feb 19 09:22:29 standalone account-server[125613]: Started child 23 from parent 2
Feb 19 09:22:29 standalone container-server[126020]: Option allow_versions is deprecated. Configure the versioned_writes middleware in the proxy-server instead. This option will be ignored in a future release.
Feb 19 09:22:29 standalone container-server[125587]: Started child 23 from parent 2
Feb 19 09:22:30 standalone object-expirer[126077]: Starting 2
Feb 19 09:22:30 standalone object-expirer[126077]: Option auto_create_account_prefix is deprecated. Configure auto_create_account_prefix under the swift-constraints section of swift.conf. This option will be ignored in a future release.
Feb 19 09:22:30 standalone object-server[126107]: Started child 16 from parent 2
Feb 19 09:22:30 standalone object-server[126107]: Started child 20 from parent 2
Feb 19 09:22:30 standalone object-server[126107]: Started child 21 from parent 2
Feb 19 09:22:30 standalone object-server[126107]: Started child 22 from parent 2
Feb 19 09:22:30 standalone object-server[126202]: Starting 2
Feb 19 09:22:36 standalone proxy-server[127904]: Starting Keystone auth_token middleware
Feb 19 09:22:36 standalone proxy-server[127904]: AuthToken middleware is set with keystone_authtoken.service_token_roles_required set to False. This is backwards compatible but deprecated behaviour. Please set this to True.
Feb 19 09:22:36 standalone proxy-server[128084]: Starting Keystone auth_token middleware
Feb 19 09:22:36 standalone proxy-server[128084]: STDERR: The option "bind_port" is not known to keystonemiddleware
Feb 19 09:22:36 standalone proxy-server[128084]: STDERR: The option "workers" is not known to keystonemiddleware
Feb 19 09:22:36 standalone proxy-server[128084]: STDERR: The option "user" is not known to keystonemiddleware
Feb 19 09:22:36 standalone proxy-server[128084]: STDERR: The option "bind_ip" is not known to keystonemiddleware
Feb 19 09:22:36 standalone proxy-server[128084]: STDERR: The option "log_name" is not known to keystonemiddleware
Feb 19 09:22:36 standalone proxy-server[128084]: STDERR: The option "log_facility" is not known to keystonemiddleware
Feb 19 09:22:36 standalone proxy-server[128084]: STDERR: The option "log_level" is not known to keystonemiddleware
Feb 19 09:22:36 standalone proxy-server[128084]: STDERR: The option "log_headers" is not known to keystonemiddleware
Feb 19 09:22:36 standalone proxy-server[128084]: STDERR: The option "log_address" is not known to keystonemiddleware
Feb 19 09:22:36 standalone proxy-server[128084]: STDERR: The option "project_name" is not known to keystonemiddleware
Feb 19 09:22:36 standalone proxy-server[128084]: STDERR: The option "username" is not known to keystonemiddleware
Feb 19 09:22:36 standalone proxy-server[128084]: STDERR: The option "password" is not known to keystonemiddleware
Feb 19 09:22:36 standalone proxy-server[128084]: STDERR: The option "auth_url" is not known to keystonemiddleware
Feb 19 09:22:36 standalone proxy-server[128084]: STDERR: The option "signing_dir" is not known to keystonemiddleware
Feb 19 09:22:36 standalone proxy-server[128084]: STDERR: The option "project_domain_id" is not known to keystonemiddleware
Feb 19 09:22:36 standalone proxy-server[128084]: STDERR: The option "user_domain_id" is not known to keystonemiddleware
Feb 19 09:22:36 standalone proxy-server[128084]: STDERR: The option "__name__" is not known to keystonemiddleware
Feb 19 09:22:36 standalone proxy-server[128084]: AuthToken middleware is set with keystone_authtoken.service_token_roles_required set to False. This is backwards compatible but deprecated behaviour. Please set this to True.
Feb 19 09:22:36 standalone proxy-server[127904]: Started child 20 from parent 2
Feb 19 09:23:38 standalone account-server[126008]: 172.20.0.100 - - [19/Feb/2026:09:23:38 +0000] "HEAD /d1/703/.expiring_objects" 404 - "HEAD http://localhost/v1/.expiring_objects?format=json" "txacc9bb7d62764e2a904b0-006996d69a" "proxy-server 2" 0.0009 "-" 22 -
Feb 19 09:23:38 standalone object-expirer[126077]: Pass completed in 0s; 0 objects expired (txn: txacc9bb7d62764e2a904b0-006996d69a)
Feb 19 09:25:12 standalone object-server[126202]: Begin object update sweep
Feb 19 09:25:12 standalone object-server[146173]: Object update sweep starting on /srv/node/d1 (pid: 11)
Feb 19 09:25:12 standalone object-server[146173]: Object update sweep completed on /srv/node/d1 in 0.00s seconds:, 0 successes, 0 failures, 0 quarantines, 0 unlinks, 0 errors, 0 redirects (pid: 11)
Feb 19 09:25:12 standalone object-server[146173]: Object update sweep of d1 completed: 0.00s, 0 successes, 0 failures, 0 quarantines, 0 unlinks, 0 errors, 0 redirects
Feb 19 09:25:12 standalone object-server[126202]: Object update sweep completed: 0.08s
Feb 19 09:25:50 standalone account-server[125964]: 172.20.0.100 - - [19/Feb/2026:09:25:50 +0000] "HEAD /d1/703/.expiring_objects" 404 - "HEAD http://localhost/v1/.expiring_objects?format=json" "txb34d1874e41d4a899faa7-006996d71e" "proxy-server 2" 0.0016 "-" 20 -
Feb 19 09:25:50 standalone object-expirer[126077]: Pass completed in 0s; 0 objects expired (txn: txb34d1874e41d4a899faa7-006996d71e)
Feb 19 09:26:39 standalone container-server[125608]: Begin container update sweep
Feb 19 09:26:39 standalone container-server[125608]: Container update sweep completed: 0.00s
Feb 19 09:27:53 standalone account-server[125964]: 172.20.0.100 - - [19/Feb/2026:09:27:53 +0000] "HEAD /d1/703/.expiring_objects" 404 - "HEAD http://localhost/v1/.expiring_objects?format=json" "tx571edac380874573a94db-006996d799" "proxy-server 2" 0.0004 "-" 20 -
Feb 19 09:27:53 standalone object-expirer[126077]: Pass completed in 0s; 0 objects expired (txn: tx571edac380874573a94db-006996d799)
Feb 19 09:30:12 standalone object-server[126202]: Begin object update sweep
Feb 19 09:30:12 standalone object-server[186123]: Object update sweep starting on /srv/node/d1 (pid: 13)
Feb 19 09:30:12 standalone object-server[186123]: Object update sweep completed on /srv/node/d1 in 0.00s seconds:, 0 successes, 0 failures, 0 quarantines, 0 unlinks, 0 errors, 0 redirects (pid: 13)
Feb 19 09:30:12 standalone object-server[186123]: Object update sweep of d1 completed: 0.00s, 0 successes, 0 failures, 0 quarantines, 0 unlinks, 0 errors, 0 redirects
Feb 19 09:30:12 standalone object-server[126202]: Object update sweep completed: 0.09s
Feb 19 09:31:39 standalone container-server[125608]: Begin container update sweep
Feb 19 09:31:39 standalone container-server[125608]: Container update sweep completed: 0.00s
Feb 19 09:32:43 standalone account-server[125964]: 172.20.0.100 - - [19/Feb/2026:09:32:43 +0000] "HEAD /d1/703/.expiring_objects" 404 - "HEAD http://localhost/v1/.expiring_objects?format=json" "txaae16e6408a6406894b46-006996d8bb" "proxy-server 2" 0.0006 "-" 20 -
Feb 19 09:32:43 standalone object-expirer[126077]: Pass completed in 0s; 0 objects expired (txn: txaae16e6408a6406894b46-006996d8bb)
Feb 19 09:34:14 standalone account-server[125980]: 172.20.0.100 - - [19/Feb/2026:09:34:14 +0000] "HEAD /d1/703/.expiring_objects" 404 - "HEAD http://localhost/v1/.expiring_objects?format=json" "tx6353632329654b7692266-006996d916" "proxy-server 2" 0.0017 "-" 21 -
Feb 19 09:34:14 standalone object-expirer[126077]: Pass completed in 0s; 0 objects expired (txn: tx6353632329654b7692266-006996d916)
Feb 19 09:34:32 standalone account-server[125980]: 172.20.0.100 - - [19/Feb/2026:09:34:32 +0000] "HEAD /d1/198/AUTH_9a3de689b1eb4a79be5127ab2a9f7eee" 404 - "HEAD http://172.18.0.2:8080/v1/AUTH_9a3de689b1eb4a79be5127ab2a9f7eee?format=json" "txad6ada4ba75244ca96de5-006996d928" "proxy-server 20" 0.0005 "-" 21 -
Feb 19 09:34:32 standalone proxy-server[128084]: - - 19/Feb/2026/09/34/32 HEAD /v1/AUTH_9a3de689b1eb4a79be5127ab2a9f7eee%3Fformat%3Djson HTTP/1.0 200 - Swift - - - - txad6ada4ba75244ca96de5-006996d928 - 0.0047 RL - 1771493672.599104166 1771493672.603765488 -
Feb 19 09:34:32 standalone object-server[126291]: 172.20.0.100 - - [19/Feb/2026:09:34:32 +0000] "GET /d1/400/AUTH_9a3de689b1eb4a79be5127ab2a9f7eee/gnocchi.f4ba16b3-50e7-445e-b04e-9fe800768f91/none_v3" 404 70 "GET http://172.18.0.2:8080/v1/AUTH_9a3de689b1eb4a79be5127ab2a9f7eee/gnocchi.f4ba16b3-50e7-445e-b04e-9fe800768f91/none_v3" "txad6ada4ba75244ca96de5-006996d928" "proxy-server 20" 0.0016 "-" 21 0
Feb 19 09:34:32 standalone proxy-server[128084]: 172.18.0.2 172.18.0.100 19/Feb/2026/09/34/32 GET /v1/AUTH_9a3de689b1eb4a79be5127ab2a9f7eee/gnocchi.f4ba16b3-50e7-445e-b04e-9fe800768f91/none_v3 HTTP/1.0 404 - python-swiftclient-3.11.1 gAAAAABpltkoOegl... - 70 - txad6ada4ba75244ca96de5-006996d928 - 0.3794 - - 1771493672.596460104 1771493672.975878239 0
Feb 19 09:34:33 standalone account-server[126032]: 172.20.0.100 - - [19/Feb/2026:09:34:33 +0000] "PUT /d1/198/AUTH_9a3de689b1eb4a79be5127ab2a9f7eee" 201 - "-" "tx504852a6704f459a810ac-006996d928" "-" 0.0213 "-" 23 -
Feb 19 09:34:33 standalone proxy-server[128084]: autocreate account '/AUTH_9a3de689b1eb4a79be5127ab2a9f7eee' (txn: tx504852a6704f459a810ac-006996d928)
Feb 19 09:34:33 standalone account-server[126032]: 172.20.0.100 - - [19/Feb/2026:09:34:33 +0000] "HEAD /d1/198/AUTH_9a3de689b1eb4a79be5127ab2a9f7eee" 204 - "HEAD http://172.18.0.2:8080/v1/AUTH_9a3de689b1eb4a79be5127ab2a9f7eee?format=json" "tx504852a6704f459a810ac-006996d928" "proxy-server 20" 0.0027 "-" 23 -
Feb 19 09:34:33 standalone account-server[126032]: 172.20.0.100 - - [19/Feb/2026:09:34:33 +0000] "PUT /d1/198/AUTH_9a3de689b1eb4a79be5127ab2a9f7eee/gnocchi.f4ba16b3-50e7-445e-b04e-9fe800768f91" 201 - "PUT http://172.20.0.100:6001/d1/772/AUTH_9a3de689b1eb4a79be5127ab2a9f7eee/gnocchi.f4ba16b3-50e7-445e-b04e-9fe800768f91" "tx504852a6704f459a810ac-006996d928" "container-server 23" 0.0020 "-" 23 0
Feb 19 09:34:33 standalone container-server[126020]: 172.20.0.100 - - [19/Feb/2026:09:34:33 +0000] "PUT /d1/772/AUTH_9a3de689b1eb4a79be5127ab2a9f7eee/gnocchi.f4ba16b3-50e7-445e-b04e-9fe800768f91" 201 - "PUT http://172.18.0.2:8080/v1/AUTH_9a3de689b1eb4a79be5127ab2a9f7eee/gnocchi.f4ba16b3-50e7-445e-b04e-9fe800768f91" "tx504852a6704f459a810ac-006996d928" "proxy-server 20" 0.0158 "-" 23 0
Feb 19 09:34:33 standalone proxy-server[128084]: 172.18.0.2 172.18.0.100 19/Feb/2026/09/34/33 PUT /v1/AUTH_9a3de689b1eb4a79be5127ab2a9f7eee/gnocchi.f4ba16b3-50e7-445e-b04e-9fe800768f91 HTTP/1.0 201 - python-swiftclient-3.11.1 gAAAAABpltkoOegl... - - - tx504852a6704f459a810ac-006996d928 - 0.0572 - - 1771493672.980228424 1771493673.037386417 0
Feb 19 09:34:33 standalone container-server[126003]: 172.20.0.100 - - [19/Feb/2026:09:34:33 +0000] "HEAD /d1/772/AUTH_9a3de689b1eb4a79be5127ab2a9f7eee/gnocchi.f4ba16b3-50e7-445e-b04e-9fe800768f91" 204 - "HEAD http://172.18.0.2:8080/v1/AUTH_9a3de689b1eb4a79be5127ab2a9f7eee/gnocchi.f4ba16b3-50e7-445e-b04e-9fe800768f91?format=json&states=listing" "tx3a7e53b8898c4c88af4cd-006996d929" "proxy-server 20" 0.0030 "-" 21 0
Feb 19 09:34:33 standalone proxy-server[128084]: - - 19/Feb/2026/09/34/33 HEAD /v1/AUTH_9a3de689b1eb4a79be5127ab2a9f7eee/gnocchi.f4ba16b3-50e7-445e-b04e-9fe800768f91%3Fformat%3Djson%26states%3Dlisting HTTP/1.0 204 - Swift - - - - tx3a7e53b8898c4c88af4cd-006996d929 - 0.0066 RL - 1771493673.049149036 1771493673.055704355 0
Feb 19 09:34:33 standalone container-server[126014]: 172.20.0.100 - - [19/Feb/2026:09:34:33 +0000] "GET /d1/772/AUTH_9a3de689b1eb4a79be5127ab2a9f7eee/gnocchi.f4ba16b3-50e7-445e-b04e-9fe800768f91" 200 2 "GET http://172.18.0.2:8080/v1/AUTH_9a3de689b1eb4a79be5127ab2a9f7eee/gnocchi.f4ba16b3-50e7-445e-b04e-9fe800768f91?format=json&states=listing" "tx3a7e53b8898c4c88af4cd-006996d929" "proxy-server 20" 0.0040 "-" 22 0
Feb 19 09:34:33 standalone proxy-server[128084]: 172.18.0.2 172.18.0.100 19/Feb/2026/09/34/33 GET /v1/AUTH_9a3de689b1eb4a79be5127ab2a9f7eee/gnocchi.f4ba16b3-50e7-445e-b04e-9fe800768f91%3Fformat%3Djson%26states%3Dlisting HTTP/1.0 200 - python-swiftclient-3.11.1 gAAAAABpltkoOegl... - 2 - tx3a7e53b8898c4c88af4cd-006996d929 - 0.0192 - - 1771493673.048028469 1771493673.067178965 0
Feb 19 09:34:33 standalone object-server[126288]: 172.20.0.100 - - [19/Feb/2026:09:34:33 +0000] "GET /d1/558/AUTH_9a3de689b1eb4a79be5127ab2a9f7eee/gnocchi.f4ba16b3-50e7-445e-b04e-9fe800768f91/1771200000.0_mean_300.0_v3" 404 70 "GET http://172.18.0.2:8080/v1/AUTH_9a3de689b1eb4a79be5127ab2a9f7eee/gnocchi.f4ba16b3-50e7-445e-b04e-9fe800768f91/1771200000.0_mean_300.0_v3" "tx988627a319914bb8a050e-006996d929" "proxy-server 20" 0.0006 "-" 20 0
Feb 19 09:34:33 standalone proxy-server[128084]: 172.18.0.2 172.18.0.100 19/Feb/2026/09/34/33 GET /v1/AUTH_9a3de689b1eb4a79be5127ab2a9f7eee/gnocchi.f4ba16b3-50e7-445e-b04e-9fe800768f91/1771200000.0_mean_300.0_v3 HTTP/1.0 404 - python-swiftclient-3.11.1 gAAAAABpltkoOegl... - 70 - tx988627a319914bb8a050e-006996d929 - 0.0053 - - 1771493673.072694778 1771493673.078025579 0
Feb 19 09:34:33 standalone container-server[126014]: 172.20.0.100 - - [19/Feb/2026:09:34:33 +0000] "PUT /d1/772/AUTH_9a3de689b1eb4a79be5127ab2a9f7eee/gnocchi.f4ba16b3-50e7-445e-b04e-9fe800768f91/1771200000.0_mean_300.0_v3" 201 - "PUT http://172.18.0.2:8080/d1/558/AUTH_9a3de689b1eb4a79be5127ab2a9f7eee/gnocchi.f4ba16b3-50e7-445e-b04e-9fe800768f91/1771200000.0_mean_300.0_v3" "txdeee0e2d72e440caac141-006996d929" "object-server 22" 0.0009 "-" 22 0
Feb 19 09:34:33 standalone object-server[126293]: 172.20.0.100 - - [19/Feb/2026:09:34:33 +0000] "PUT /d1/558/AUTH_9a3de689b1eb4a79be5127ab2a9f7eee/gnocchi.f4ba16b3-50e7-445e-b04e-9fe800768f91/1771200000.0_mean_300.0_v3" 201 - "PUT http://172.18.0.2:8080/v1/AUTH_9a3de689b1eb4a79be5127ab2a9f7eee/gnocchi.f4ba16b3-50e7-445e-b04e-9fe800768f91/1771200000.0_mean_300.0_v3" "txdeee0e2d72e440caac141-006996d929" "proxy-server 20" 0.0306 "-" 22 0
Feb 19 09:34:33 standalone proxy-server[128084]: 172.18.0.2 172.18.0.100 19/Feb/2026/09/34/33 PUT /v1/AUTH_9a3de689b1eb4a79be5127ab2a9f7eee/gnocchi.f4ba16b3-50e7-445e-b04e-9fe800768f91/1771200000.0_mean_300.0_v3 HTTP/1.0 201 - python-swiftclient-3.11.1 gAAAAABpltkoOegl... 16 - - txdeee0e2d72e440caac141-006996d929 - 0.0362 - - 1771493673.081514597 1771493673.117760420 0
Feb 19 09:34:33 standalone container-server[126014]: 172.20.0.100 - - [19/Feb/2026:09:34:33 +0000] "PUT /d1/772/AUTH_9a3de689b1eb4a79be5127ab2a9f7eee/gnocchi.f4ba16b3-50e7-445e-b04e-9fe800768f91/none_v3" 201 - "PUT http://172.18.0.2:8080/d1/400/AUTH_9a3de689b1eb4a79be5127ab2a9f7eee/gnocchi.f4ba16b3-50e7-445e-b04e-9fe800768f91/none_v3" "tx24f771e8225b45a9bbcd0-006996d929" "object-server 21" 0.0006 "-" 22 0
Feb 19 09:34:33 standalone object-server[126291]: 172.20.0.100 - - [19/Feb/2026:09:34:33 +0000] "PUT /d1/400/AUTH_9a3de689b1eb4a79be5127ab2a9f7eee/gnocchi.f4ba16b3-50e7-445e-b04e-9fe800768f91/none_v3" 201 - "PUT http://172.18.0.2:8080/v1/AUTH_9a3de689b1eb4a79be5127ab2a9f7eee/gnocchi.f4ba16b3-50e7-445e-b04e-9fe800768f91/none_v3" "tx24f771e8225b45a9bbcd0-006996d929" "proxy-server 20" 0.0320 "-" 21 0
Feb 19 09:34:33 standalone proxy-server[128084]: 172.18.0.2 172.18.0.100 19/Feb/2026/09/34/33 PUT /v1/AUTH_9a3de689b1eb4a79be5127ab2a9f7eee/gnocchi.f4ba16b3-50e7-445e-b04e-9fe800768f91/none_v3 HTTP/1.0 201 - python-swiftclient-3.11.1 gAAAAABpltkoOegl... 22 - - tx24f771e8225b45a9bbcd0-006996d929 - 0.0395 - - 1771493673.121696472 1771493673.161196470 0
Feb 19 09:34:43 standalone account-server[125964]: 172.20.0.100 - - [19/Feb/2026:09:34:43 +0000] "HEAD /d1/703/.expiring_objects" 404 - "HEAD http://localhost/v1/.expiring_objects?format=json" "tx7af1d84adba647b79bbe7-006996d933" "proxy-server 2" 0.0007 "-" 20 -
Feb 19 09:34:43 standalone object-expirer[126077]: Pass completed in 0s; 0 objects expired (txn: tx7af1d84adba647b79bbe7-006996d933)
Feb 19 09:35:02 standalone object-server[126293]: 172.20.0.100 - - [19/Feb/2026:09:35:02 +0000] "GET /d1/400/AUTH_9a3de689b1eb4a79be5127ab2a9f7eee/gnocchi.f4ba16b3-50e7-445e-b04e-9fe800768f91/none_v3" 200 22 "GET http://172.18.0.2:8080/v1/AUTH_9a3de689b1eb4a79be5127ab2a9f7eee/gnocchi.f4ba16b3-50e7-445e-b04e-9fe800768f91/none_v3" "tx7946b8442a8f4cb8a126e-006996d946" "proxy-server 20" 0.0009 "-" 22 0
Feb 19 09:35:02 standalone proxy-server[128084]: 172.18.0.2 172.18.0.100 19/Feb/2026/09/35/02 GET /v1/AUTH_9a3de689b1eb4a79be5127ab2a9f7eee/gnocchi.f4ba16b3-50e7-445e-b04e-9fe800768f91/none_v3 HTTP/1.0 200 - python-swiftclient-3.11.1 gAAAAABpltkoOegl... - 22 - tx7946b8442a8f4cb8a126e-006996d946 - 0.0118 - - 1771493702.252060652 1771493702.263825655 0
Feb 19 09:35:02 standalone container-server[125981]: 172.20.0.100 - - [19/Feb/2026:09:35:02 +0000] "GET /d1/772/AUTH_9a3de689b1eb4a79be5127ab2a9f7eee/gnocchi.f4ba16b3-50e7-445e-b04e-9fe800768f91" 200 357 "GET http://172.18.0.2:8080/v1/AUTH_9a3de689b1eb4a79be5127ab2a9f7eee/gnocchi.f4ba16b3-50e7-445e-b04e-9fe800768f91?format=json&states=listing" "tx8189766084ce4f8fb7e7a-006996d946" "proxy-server 20" 0.0193 "-" 20 0
Feb 19 09:35:02 standalone proxy-server[128084]: 172.18.0.2 172.18.0.100 19/Feb/2026/09/35/02 GET /v1/AUTH_9a3de689b1eb4a79be5127ab2a9f7eee/gnocchi.f4ba16b3-50e7-445e-b04e-9fe800768f91%3Fformat%3Djson%26states%3Dlisting HTTP/1.0 200 - python-swiftclient-3.11.1 gAAAAABpltkoOegl... - 357 - tx8189766084ce4f8fb7e7a-006996d946 - 0.0299 - - 1771493702.271126509 1771493702.301018953 0
Feb 19 09:35:02 standalone container-server[126014]: 172.20.0.100 - - [19/Feb/2026:09:35:02 +0000] "GET /d1/772/AUTH_9a3de689b1eb4a79be5127ab2a9f7eee/gnocchi.f4ba16b3-50e7-445e-b04e-9fe800768f91" 200 2 "GET http://172.18.0.2:8080/v1/AUTH_9a3de689b1eb4a79be5127ab2a9f7eee/gnocchi.f4ba16b3-50e7-445e-b04e-9fe800768f91?format=json&marker=none_v3&states=listing" "txd4df8104c0504041a7b87-006996d946" "proxy-server 20" 0.0048 "-" 22 0
Feb 19 09:35:02 standalone proxy-server[128084]: 172.18.0.2 172.18.0.100 19/Feb/2026/09/35/02 GET /v1/AUTH_9a3de689b1eb4a79be5127ab2a9f7eee/gnocchi.f4ba16b3-50e7-445e-b04e-9fe800768f91%3Fformat%3Djson%26marker%3Dnone_v3%26states%3Dlisting HTTP/1.0 200 - python-swiftclient-3.11.1 gAAAAABpltkoOegl... - 2 - txd4df8104c0504041a7b87-006996d946 - 0.0165 - - 1771493702.306903362 1771493702.323374748 0
Feb 19 09:35:02 standalone object-server[126291]: 172.20.0.100 - - [19/Feb/2026:09:35:02 +0000] "GET /d1/558/AUTH_9a3de689b1eb4a79be5127ab2a9f7eee/gnocchi.f4ba16b3-50e7-445e-b04e-9fe800768f91/1771200000.0_mean_300.0_v3" 200 16 "GET http://172.18.0.2:8080/v1/AUTH_9a3de689b1eb4a79be5127ab2a9f7eee/gnocchi.f4ba16b3-50e7-445e-b04e-9fe800768f91/1771200000.0_mean_300.0_v3" "tx86c6ddbd25ab43d8a44c3-006996d946" "proxy-server 20" 0.0008 "-" 21 0
Feb 19 09:35:02 standalone proxy-server[128084]: 172.18.0.2 172.18.0.100 19/Feb/2026/09/35/02 GET /v1/AUTH_9a3de689b1eb4a79be5127ab2a9f7eee/gnocchi.f4ba16b3-50e7-445e-b04e-9fe800768f91/1771200000.0_mean_300.0_v3 HTTP/1.0 200 - python-swiftclient-3.11.1 gAAAAABpltkoOegl... - 16 - tx86c6ddbd25ab43d8a44c3-006996d946 - 0.0078 - - 1771493702.328598261 1771493702.336396217 0
Feb 19 09:35:02 standalone container-server[126020]: 172.20.0.100 - - [19/Feb/2026:09:35:02 +0000] "PUT /d1/772/AUTH_9a3de689b1eb4a79be5127ab2a9f7eee/gnocchi.f4ba16b3-50e7-445e-b04e-9fe800768f91/1771200000.0_mean_300.0_v3" 201 - "PUT http://172.18.0.2:8080/d1/558/AUTH_9a3de689b1eb4a79be5127ab2a9f7eee/gnocchi.f4ba16b3-50e7-445e-b04e-9fe800768f91/1771200000.0_mean_300.0_v3" "tx20c8d40c99804e5d81c27-006996d946" "object-server 16" 0.0005 "-" 23 0
Feb 19 09:35:02 standalone object-server[126282]: 172.20.0.100 - - [19/Feb/2026:09:35:02 +0000] "PUT /d1/558/AUTH_9a3de689b1eb4a79be5127ab2a9f7eee/gnocchi.f4ba16b3-50e7-445e-b04e-9fe800768f91/1771200000.0_mean_300.0_v3" 201 - "PUT http://172.18.0.2:8080/v1/AUTH_9a3de689b1eb4a79be5127ab2a9f7eee/gnocchi.f4ba16b3-50e7-445e-b04e-9fe800768f91/1771200000.0_mean_300.0_v3" "tx20c8d40c99804e5d81c27-006996d946" "proxy-server 20" 0.0656 "-" 16 0
Feb 19 09:35:02 standalone proxy-server[128084]: 172.18.0.2 172.18.0.100 19/Feb/2026/09/35/02 PUT /v1/AUTH_9a3de689b1eb4a79be5127ab2a9f7eee/gnocchi.f4ba16b3-50e7-445e-b04e-9fe800768f91/1771200000.0_mean_300.0_v3 HTTP/1.0 201 - python-swiftclient-3.11.1 gAAAAABpltkoOegl... 16 - - tx20c8d40c99804e5d81c27-006996d946 - 0.0731 - - 1771493702.343998909 1771493702.417055607 0
Feb 19 09:35:02 standalone container-server[126020]: 172.20.0.100 - - [19/Feb/2026:09:35:02 +0000] "PUT /d1/772/AUTH_9a3de689b1eb4a79be5127ab2a9f7eee/gnocchi.f4ba16b3-50e7-445e-b04e-9fe800768f91/none_v3" 201 - "PUT http://172.18.0.2:8080/d1/400/AUTH_9a3de689b1eb4a79be5127ab2a9f7eee/gnocchi.f4ba16b3-50e7-445e-b04e-9fe800768f91/none_v3" "txe1326a45e8374047a2a0b-006996d946" "object-server 20" 0.0005 "-" 23 0
Feb 19 09:35:02 standalone object-server[126288]: 172.20.0.100 - - [19/Feb/2026:09:35:02 +0000] "PUT /d1/400/AUTH_9a3de689b1eb4a79be5127ab2a9f7eee/gnocchi.f4ba16b3-50e7-445e-b04e-9fe800768f91/none_v3" 201 - "PUT http://172.18.0.2:8080/v1/AUTH_9a3de689b1eb4a79be5127ab2a9f7eee/gnocchi.f4ba16b3-50e7-445e-b04e-9fe800768f91/none_v3" "txe1326a45e8374047a2a0b-006996d946" "proxy-server 20" 0.0306 "-" 20 0
Feb 19 09:35:02 standalone proxy-server[128084]: 172.18.0.2 172.18.0.100 19/Feb/2026/09/35/02 PUT /v1/AUTH_9a3de689b1eb4a79be5127ab2a9f7eee/gnocchi.f4ba16b3-50e7-445e-b04e-9fe800768f91/none_v3 HTTP/1.0 201 - python-swiftclient-3.11.1 gAAAAABpltkoOegl... 32 - - txe1326a45e8374047a2a0b-006996d946 - 0.0350 - - 1771493702.419965029 1771493702.454954863 0
Feb 19 09:35:12 standalone object-server[126202]: Begin object update sweep
Feb 19 09:35:12 standalone object-server[222508]: Object update sweep starting on /srv/node/d1 (pid: 14)
Feb 19 09:35:12 standalone object-server[222508]: Object update sweep completed on /srv/node/d1 in 0.00s seconds:, 0 successes, 0 failures, 0 quarantines, 0 unlinks, 0 errors, 0 redirects (pid: 14)
Feb 19 09:35:12 standalone object-server[222508]: Object update sweep of d1 completed: 0.00s, 0 successes, 0 failures, 0 quarantines, 0 unlinks, 0 errors, 0 redirects
Feb 19 09:35:12 standalone object-server[126202]: Object update sweep completed: 0.08s
Feb 19 09:35:33 standalone account-server[125980]: 172.20.0.100 - - [19/Feb/2026:09:35:33 +0000] "HEAD /d1/198/AUTH_9a3de689b1eb4a79be5127ab2a9f7eee" 204 - "HEAD http://172.18.0.2:8080/v1/AUTH_9a3de689b1eb4a79be5127ab2a9f7eee?format=json" "tx43c28ed29bee4d2c8fc5e-006996d965" "proxy-server 20" 0.0069 "-" 21 -
Feb 19 09:35:33 standalone proxy-server[128084]: - - 19/Feb/2026/09/35/33 HEAD /v1/AUTH_9a3de689b1eb4a79be5127ab2a9f7eee%3Fformat%3Djson HTTP/1.0 204 - Swift - - - - tx43c28ed29bee4d2c8fc5e-006996d965 - 0.0125 RL - 1771493733.308814049 1771493733.321282864 -
Feb 19 09:35:33 standalone container-server[125981]: 172.20.0.100 - - [19/Feb/2026:09:35:33 +0000] "HEAD /d1/881/AUTH_9a3de689b1eb4a79be5127ab2a9f7eee/gnocchi.deaab8ad-569f-4012-a595-159295634a57" 404 - "HEAD http://172.18.0.2:8080/v1/AUTH_9a3de689b1eb4a79be5127ab2a9f7eee/gnocchi.deaab8ad-569f-4012-a595-159295634a57?format=json&states=listing" "tx43c28ed29bee4d2c8fc5e-006996d965" "proxy-server 20" 0.0010 "-" 20 0
Feb 19 09:35:33 standalone object-server[126288]: 172.20.0.100 - - [19/Feb/2026:09:35:33 +0000] "GET /d1/642/AUTH_9a3de689b1eb4a79be5127ab2a9f7eee/gnocchi.deaab8ad-569f-4012-a595-159295634a57/none_v3" 404 70 "GET http://172.18.0.2:8080/v1/AUTH_9a3de689b1eb4a79be5127ab2a9f7eee/gnocchi.deaab8ad-569f-4012-a595-159295634a57/none_v3" "tx43c28ed29bee4d2c8fc5e-006996d965" "proxy-server 20" 0.0009 "-" 20 0
Feb 19 09:35:33 standalone proxy-server[128084]: 172.18.0.2 172.18.0.100 19/Feb/2026/09/35/33 GET /v1/AUTH_9a3de689b1eb4a79be5127ab2a9f7eee/gnocchi.deaab8ad-569f-4012-a595-159295634a57/none_v3 HTTP/1.0 404 - python-swiftclient-3.11.1 gAAAAABpltkoOegl... - 70 - tx43c28ed29bee4d2c8fc5e-006996d965 - 0.0332 - - 1771493733.307495832 1771493733.340666533 0
Feb 19 09:35:33 standalone account-server[125980]: 172.20.0.100 - - [19/Feb/2026:09:35:33 +0000] "PUT /d1/198/AUTH_9a3de689b1eb4a79be5127ab2a9f7eee/gnocchi.deaab8ad-569f-4012-a595-159295634a57" 201 - "PUT http://172.20.0.100:6001/d1/881/AUTH_9a3de689b1eb4a79be5127ab2a9f7eee/gnocchi.deaab8ad-569f-4012-a595-159295634a57" "txfddf5969152f4bbb8980b-006996d965" "container-server 23" 0.0012 "-" 21 0
Feb 19 09:35:33 standalone container-server[126020]: 172.20.0.100 - - [19/Feb/2026:09:35:33 +0000] "PUT /d1/881/AUTH_9a3de689b1eb4a79be5127ab2a9f7eee/gnocchi.deaab8ad-569f-4012-a595-159295634a57" 201 - "PUT http://172.18.0.2:8080/v1/AUTH_9a3de689b1eb4a79be5127ab2a9f7eee/gnocchi.deaab8ad-569f-4012-a595-159295634a57" "txfddf5969152f4bbb8980b-006996d965" "proxy-server 20" 0.0142 "-" 23 0
Feb 19 09:35:33 standalone proxy-server[128084]: 172.18.0.2 172.18.0.100 19/Feb/2026/09/35/33 PUT /v1/AUTH_9a3de689b1eb4a79be5127ab2a9f7eee/gnocchi.deaab8ad-569f-4012-a595-159295634a57 HTTP/1.0 201 - python-swiftclient-3.11.1 gAAAAABpltkoOegl... - - - txfddf5969152f4bbb8980b-006996d965 - 0.0237 - - 1771493733.345706463 1771493733.369436979 0
Feb 19 09:35:33 standalone container-server[126003]: 172.20.0.100 - - [19/Feb/2026:09:35:33 +0000] "HEAD /d1/881/AUTH_9a3de689b1eb4a79be5127ab2a9f7eee/gnocchi.deaab8ad-569f-4012-a595-159295634a57" 204 - "HEAD http://172.18.0.2:8080/v1/AUTH_9a3de689b1eb4a79be5127ab2a9f7eee/gnocchi.deaab8ad-569f-4012-a595-159295634a57?format=json&states=listing" "txb372d4dca35046658fd10-006996d965" "proxy-server 20" 0.0012 "-" 21 0
Feb 19 09:35:33 standalone proxy-server[128084]: - - 19/Feb/2026/09/35/33 HEAD /v1/AUTH_9a3de689b1eb4a79be5127ab2a9f7eee/gnocchi.deaab8ad-569f-4012-a595-159295634a57%3Fformat%3Djson%26states%3Dlisting HTTP/1.0 204 - Swift - - - - txb372d4dca35046658fd10-006996d965 - 0.0043 RL - 1771493733.376632690 1771493733.380894184 0
Feb 19 09:35:33 standalone container-server[125981]: 172.20.0.100 - - [19/Feb/2026:09:35:33 +0000] "GET /d1/881/AUTH_9a3de689b1eb4a79be5127ab2a9f7eee/gnocchi.deaab8ad-569f-4012-a595-159295634a57" 200 2 "GET http://172.18.0.2:8080/v1/AUTH_9a3de689b1eb4a79be5127ab2a9f7eee/gnocchi.deaab8ad-569f-4012-a595-159295634a57?format=json&states=listing" "txb372d4dca35046658fd10-006996d965" "proxy-server 20" 0.0035 "-" 20 0
Feb 19 09:35:33 standalone proxy-server[128084]: 172.18.0.2 172.18.0.100 19/Feb/2026/09/35/33 GET /v1/AUTH_9a3de689b1eb4a79be5127ab2a9f7eee/gnocchi.deaab8ad-569f-4012-a595-159295634a57%3Fformat%3Djson%26states%3Dlisting HTTP/1.0 200 - python-swiftclient-3.11.1 gAAAAABpltkoOegl... - 2 - txb372d4dca35046658fd10-006996d965 - 0.0155 - - 1771493733.375577450 1771493733.391109705 0
Feb 19 09:35:33 standalone object-server[126282]: 172.20.0.100 - - [19/Feb/2026:09:35:33 +0000] "GET /d1/998/AUTH_9a3de689b1eb4a79be5127ab2a9f7eee/gnocchi.deaab8ad-569f-4012-a595-159295634a57/1771200000.0_mean_300.0_v3" 404 70 "GET http://172.18.0.2:8080/v1/AUTH_9a3de689b1eb4a79be5127ab2a9f7eee/gnocchi.deaab8ad-569f-4012-a595-159295634a57/1771200000.0_mean_300.0_v3" "txe80920d35fff4ce9adb16-006996d965" "proxy-server 20" 0.0006 "-" 16 0
Feb 19 09:35:33 standalone proxy-server[128084]: 172.18.0.2 172.18.0.100 19/Feb/2026/09/35/33 GET /v1/AUTH_9a3de689b1eb4a79be5127ab2a9f7eee/gnocchi.deaab8ad-569f-4012-a595-159295634a57/1771200000.0_mean_300.0_v3 HTTP/1.0 404 - python-swiftclient-3.11.1 gAAAAABpltkoOegl... - 70 - txe80920d35fff4ce9adb16-006996d965 - 0.0085 - - 1771493733.398579359 1771493733.407126427 0
Feb 19 09:35:33 standalone container-server[126014]: 172.20.0.100 - - [19/Feb/2026:09:35:33 +0000] "PUT /d1/881/AUTH_9a3de689b1eb4a79be5127ab2a9f7eee/gnocchi.deaab8ad-569f-4012-a595-159295634a57/1771200000.0_mean_300.0_v3" 201 - "PUT http://172.18.0.2:8080/d1/998/AUTH_9a3de689b1eb4a79be5127ab2a9f7eee/gnocchi.deaab8ad-569f-4012-a595-159295634a57/1771200000.0_mean_300.0_v3" "tx38ecb41a6bac432fb42f5-006996d965" "object-server 22" 0.0006 "-" 22 0
Feb 19 09:35:33 standalone object-server[126293]: 172.20.0.100 - - [19/Feb/2026:09:35:33 +0000] "PUT /d1/998/AUTH_9a3de689b1eb4a79be5127ab2a9f7eee/gnocchi.deaab8ad-569f-4012-a595-159295634a57/1771200000.0_mean_300.0_v3" 201 - "PUT http://172.18.0.2:8080/v1/AUTH_9a3de689b1eb4a79be5127ab2a9f7eee/gnocchi.deaab8ad-569f-4012-a595-159295634a57/1771200000.0_mean_300.0_v3" "tx38ecb41a6bac432fb42f5-006996d965" "proxy-server 20" 0.0157 "-" 22 0
Feb 19 09:35:33 standalone proxy-server[128084]: 172.18.0.2 172.18.0.100 19/Feb/2026/09/35/33 PUT /v1/AUTH_9a3de689b1eb4a79be5127ab2a9f7eee/gnocchi.deaab8ad-569f-4012-a595-159295634a57/1771200000.0_mean_300.0_v3 HTTP/1.0 201 - python-swiftclient-3.11.1 gAAAAABpltkoOegl... 16 - - tx38ecb41a6bac432fb42f5-006996d965 - 0.0220 - - 1771493733.412161589 1771493733.434127808 0
Feb 19 09:35:33 standalone container-server[126020]: 172.20.0.100 - - [19/Feb/2026:09:35:33 +0000] "PUT /d1/881/AUTH_9a3de689b1eb4a79be5127ab2a9f7eee/gnocchi.deaab8ad-569f-4012-a595-159295634a57/none_v3" 201 - "PUT http://172.18.0.2:8080/d1/642/AUTH_9a3de689b1eb4a79be5127ab2a9f7eee/gnocchi.deaab8ad-569f-4012-a595-159295634a57/none_v3" "tx08e3a56009d34669bf5c4-006996d965" "object-server 20" 0.0007 "-" 23 0
Feb 19 09:35:33 standalone object-server[126288]: 172.20.0.100 - - [19/Feb/2026:09:35:33 +0000] "PUT /d1/642/AUTH_9a3de689b1eb4a79be5127ab2a9f7eee/gnocchi.deaab8ad-569f-4012-a595-159295634a57/none_v3" 201 - "PUT http://172.18.0.2:8080/v1/AUTH_9a3de689b1eb4a79be5127ab2a9f7eee/gnocchi.deaab8ad-569f-4012-a595-159295634a57/none_v3" "tx08e3a56009d34669bf5c4-006996d965" "proxy-server 20" 0.0365 "-" 20 0
Feb 19 09:35:33 standalone proxy-server[128084]: 172.18.0.2 172.18.0.100 19/Feb/2026/09/35/33 PUT /v1/AUTH_9a3de689b1eb4a79be5127ab2a9f7eee/gnocchi.deaab8ad-569f-4012-a595-159295634a57/none_v3 HTTP/1.0 201 - python-swiftclient-3.11.1 gAAAAABpltkoOegl... 22 - - tx08e3a56009d34669bf5c4-006996d965 - 0.0433 - - 1771493733.439883947 1771493733.483217478 0
Feb 19 09:35:33 standalone container-server[126014]: 172.20.0.100 - - [19/Feb/2026:09:35:33 +0000] "HEAD /d1/128/AUTH_9a3de689b1eb4a79be5127ab2a9f7eee/gnocchi.577f5316-96d6-4afc-8a7f-1ff99d7c6f97" 404 - "HEAD http://172.18.0.2:8080/v1/AUTH_9a3de689b1eb4a79be5127ab2a9f7eee/gnocchi.577f5316-96d6-4afc-8a7f-1ff99d7c6f97?format=json&states=listing" "tx6894c44dbcba47f09ab98-006996d965" "proxy-server 20" 0.0004 "-" 22 0
Feb 19 09:35:33 standalone object-server[126293]: 172.20.0.100 - - [19/Feb/2026:09:35:33 +0000] "GET /d1/333/AUTH_9a3de689b1eb4a79be5127ab2a9f7eee/gnocchi.577f5316-96d6-4afc-8a7f-1ff99d7c6f97/none_v3" 404 70 "GET http://172.18.0.2:8080/v1/AUTH_9a3de689b1eb4a79be5127ab2a9f7eee/gnocchi.577f5316-96d6-4afc-8a7f-1ff99d7c6f97/none_v3" "tx6894c44dbcba47f09ab98-006996d965" "proxy-server 20" 0.0003 "-" 22 0
Feb 19 09:35:33 standalone proxy-server[128084]: 172.18.0.2 172.18.0.100 19/Feb/2026/09/35/33 GET /v1/AUTH_9a3de689b1eb4a79be5127ab2a9f7eee/gnocchi.577f5316-96d6-4afc-8a7f-1ff99d7c6f97/none_v3 HTTP/1.0 404 - python-swiftclient-3.11.1 gAAAAABpltkoOegl... - 70 - tx6894c44dbcba47f09ab98-006996d965 - 0.0080 - - 1771493733.497228146 1771493733.505238295 0
Feb 19 09:35:33 standalone account-server[126008]: 172.20.0.100 - - [19/Feb/2026:09:35:33 +0000] "PUT /d1/198/AUTH_9a3de689b1eb4a79be5127ab2a9f7eee/gnocchi.577f5316-96d6-4afc-8a7f-1ff99d7c6f97" 201 - "PUT http://172.20.0.100:6001/d1/128/AUTH_9a3de689b1eb4a79be5127ab2a9f7eee/gnocchi.577f5316-96d6-4afc-8a7f-1ff99d7c6f97" "txd3c942b751fd4bb18b198-006996d965" "container-server 22" 0.0103 "-" 22 0
Feb 19 09:35:33 standalone container-server[126014]: 172.20.0.100 - - [19/Feb/2026:09:35:33 +0000] "PUT /d1/128/AUTH_9a3de689b1eb4a79be5127ab2a9f7eee/gnocchi.577f5316-96d6-4afc-8a7f-1ff99d7c6f97" 201 - "PUT http://172.18.0.2:8080/v1/AUTH_9a3de689b1eb4a79be5127ab2a9f7eee/gnocchi.577f5316-96d6-4afc-8a7f-1ff99d7c6f97" "txd3c942b751fd4bb18b198-006996d965" "proxy-server 20" 0.0314 "-" 22 0
Feb 19 09:35:33 standalone proxy-server[128084]: 172.18.0.2 172.18.0.100 19/Feb/2026/09/35/33 PUT /v1/AUTH_9a3de689b1eb4a79be5127ab2a9f7eee/gnocchi.577f5316-96d6-4afc-8a7f-1ff99d7c6f97 HTTP/1.0 201 - python-swiftclient-3.11.1 gAAAAABpltkoOegl... - - - txd3c942b751fd4bb18b198-006996d965 - 0.0359 - - 1771493733.508460999 1771493733.544383526 0
Feb 19 09:35:33 standalone container-server[125981]: 172.20.0.100 - - [19/Feb/2026:09:35:33 +0000] "HEAD /d1/128/AUTH_9a3de689b1eb4a79be5127ab2a9f7eee/gnocchi.577f5316-96d6-4afc-8a7f-1ff99d7c6f97" 204 - "HEAD http://172.18.0.2:8080/v1/AUTH_9a3de689b1eb4a79be5127ab2a9f7eee/gnocchi.577f5316-96d6-4afc-8a7f-1ff99d7c6f97?format=json&states=listing" "tx514b72ae0b7e452897789-006996d965" "proxy-server 20" 0.0022 "-" 20 0
Feb 19 09:35:33 standalone proxy-server[128084]: - - 19/Feb/2026/09/35/33 HEAD /v1/AUTH_9a3de689b1eb4a79be5127ab2a9f7eee/gnocchi.577f5316-96d6-4afc-8a7f-1ff99d7c6f97%3Fformat%3Djson%26states%3Dlisting HTTP/1.0 204 - Swift - - - - tx514b72ae0b7e452897789-006996d965 - 0.0062 RL - 1771493733.548863888 1771493733.555086851 0
Feb 19 09:35:33 standalone container-server[126014]: 172.20.0.100 - - [19/Feb/2026:09:35:33 +0000] "GET /d1/128/AUTH_9a3de689b1eb4a79be5127ab2a9f7eee/gnocchi.577f5316-96d6-4afc-8a7f-1ff99d7c6f97" 200 2 "GET http://172.18.0.2:8080/v1/AUTH_9a3de689b1eb4a79be5127ab2a9f7eee/gnocchi.577f5316-96d6-4afc-8a7f-1ff99d7c6f97?format=json&states=listing" "tx514b72ae0b7e452897789-006996d965" "proxy-server 20" 0.0017 "-" 22 0
Feb 19 09:35:33 standalone proxy-server[128084]: 172.18.0.2 172.18.0.100 19/Feb/2026/09/35/33 GET /v1/AUTH_9a3de689b1eb4a79be5127ab2a9f7eee/gnocchi.577f5316-96d6-4afc-8a7f-1ff99d7c6f97%3Fformat%3Djson%26states%3Dlisting HTTP/1.0 200 - python-swiftclient-3.11.1 gAAAAABpltkoOegl... - 2 - tx514b72ae0b7e452897789-006996d965 - 0.0153 - - 1771493733.547689676 1771493733.563013315 0
Feb 19 09:35:33 standalone object-server[126291]: 172.20.0.100 - - [19/Feb/2026:09:35:33 +0000] "GET /d1/275/AUTH_9a3de689b1eb4a79be5127ab2a9f7eee/gnocchi.577f5316-96d6-4afc-8a7f-1ff99d7c6f97/1771200000.0_mean_300.0_v3" 404 70 "GET http://172.18.0.2:8080/v1/AUTH_9a3de689b1eb4a79be5127ab2a9f7eee/gnocchi.577f5316-96d6-4afc-8a7f-1ff99d7c6f97/1771200000.0_mean_300.0_v3" "tx795a8304a0bc4a3c870ee-006996d965" "proxy-server 20" 0.0003 "-" 21 0
Feb 19 09:35:33 standalone proxy-server[128084]: 172.18.0.2 172.18.0.100 19/Feb/2026/09/35/33 GET /v1/AUTH_9a3de689b1eb4a79be5127ab2a9f7eee/gnocchi.577f5316-96d6-4afc-8a7f-1ff99d7c6f97/1771200000.0_mean_300.0_v3 HTTP/1.0 404 - python-swiftclient-3.11.1 gAAAAABpltkoOegl... - 70 - tx795a8304a0bc4a3c870ee-006996d965 - 0.0057 - - 1771493733.568960667 1771493733.574651957 0
Feb 19 09:35:33 standalone container-server[126003]: 172.20.0.100 - - [19/Feb/2026:09:35:33 +0000] "PUT /d1/128/AUTH_9a3de689b1eb4a79be5127ab2a9f7eee/gnocchi.577f5316-96d6-4afc-8a7f-1ff99d7c6f97/1771200000.0_mean_300.0_v3" 201 - "PUT http://172.18.0.2:8080/d1/275/AUTH_9a3de689b1eb4a79be5127ab2a9f7eee/gnocchi.577f5316-96d6-4afc-8a7f-1ff99d7c6f97/1771200000.0_mean_300.0_v3" "txd50ca830237744b08d302-006996d965" "object-server 20" 0.0005 "-" 21 0
Feb 19 09:35:33 standalone object-server[126288]: 172.20.0.100 - - [19/Feb/2026:09:35:33 +0000] "PUT /d1/275/AUTH_9a3de689b1eb4a79be5127ab2a9f7eee/gnocchi.577f5316-96d6-4afc-8a7f-1ff99d7c6f97/1771200000.0_mean_300.0_v3" 201 - "PUT http://172.18.0.2:8080/v1/AUTH_9a3de689b1eb4a79be5127ab2a9f7eee/gnocchi.577f5316-96d6-4afc-8a7f-1ff99d7c6f97/1771200000.0_mean_300.0_v3" "txd50ca830237744b08d302-006996d965" "proxy-server 20" 0.0149 "-" 20 0
Feb 19 09:35:33 standalone proxy-server[128084]: 172.18.0.2 172.18.0.100 19/Feb/2026/09/35/33 PUT /v1/AUTH_9a3de689b1eb4a79be5127ab2a9f7eee/gnocchi.577f5316-96d6-4afc-8a7f-1ff99d7c6f97/1771200000.0_mean_300.0_v3 HTTP/1.0 201 - python-swiftclient-3.11.1 gAAAAABpltkoOegl... 16 - - txd50ca830237744b08d302-006996d965 - 0.0210 - - 1771493733.577569485 1771493733.598582506 0
Feb 19 09:35:33 standalone container-server[126020]: 172.20.0.100 - - [19/Feb/2026:09:35:33 +0000] "PUT /d1/128/AUTH_9a3de689b1eb4a79be5127ab2a9f7eee/gnocchi.577f5316-96d6-4afc-8a7f-1ff99d7c6f97/none_v3" 201 - "PUT http://172.18.0.2:8080/d1/333/AUTH_9a3de689b1eb4a79be5127ab2a9f7eee/gnocchi.577f5316-96d6-4afc-8a7f-1ff99d7c6f97/none_v3" "txb525ae52661e42f1a3cb4-006996d965" "object-server 20" 0.0004 "-" 23 0
Feb 19 09:35:33 standalone object-server[126288]: 172.20.0.100 - - [19/Feb/2026:09:35:33 +0000] "PUT /d1/333/AUTH_9a3de689b1eb4a79be5127ab2a9f7eee/gnocchi.577f5316-96d6-4afc-8a7f-1ff99d7c6f97/none_v3" 201 - "PUT http://172.18.0.2:8080/v1/AUTH_9a3de689b1eb4a79be5127ab2a9f7eee/gnocchi.577f5316-96d6-4afc-8a7f-1ff99d7c6f97/none_v3" "txb525ae52661e42f1a3cb4-006996d965" "proxy-server 20" 0.0159 "-" 20 0
Feb 19 09:35:33 standalone proxy-server[128084]: 172.18.0.2 172.18.0.100 19/Feb/2026/09/35/33 PUT /v1/AUTH_9a3de689b1eb4a79be5127ab2a9f7eee/gnocchi.577f5316-96d6-4afc-8a7f-1ff99d7c6f97/none_v3 HTTP/1.0 201 - python-swiftclient-3.11.1 gAAAAABpltkoOegl... 22 - - txb525ae52661e42f1a3cb4-006996d965 - 0.0202 - - 1771493733.601266623 1771493733.621424675 0
Feb 19 09:35:40 standalone container-server[125981]: 172.20.0.100 - - [19/Feb/2026:09:35:40 +0000] "HEAD /d1/494/AUTH_9a3de689b1eb4a79be5127ab2a9f7eee/gnocchi.3fcad67a-404c-4da2-ba2f-70b454ba4794" 404 - "HEAD http://172.18.0.2:8080/v1/AUTH_9a3de689b1eb4a79be5127ab2a9f7eee/gnocchi.3fcad67a-404c-4da2-ba2f-70b454ba4794?format=json&states=listing" "txce5056e6d1bb4615acc1a-006996d96c" "proxy-server 20" 0.0006 "-" 20 0
Feb 19 09:35:40 standalone object-server[126291]: 172.20.0.100 - - [19/Feb/2026:09:35:40 +0000] "GET /d1/950/AUTH_9a3de689b1eb4a79be5127ab2a9f7eee/gnocchi.3fcad67a-404c-4da2-ba2f-70b454ba4794/none_v3" 404 70 "GET http://172.18.0.2:8080/v1/AUTH_9a3de689b1eb4a79be5127ab2a9f7eee/gnocchi.3fcad67a-404c-4da2-ba2f-70b454ba4794/none_v3" "txce5056e6d1bb4615acc1a-006996d96c" "proxy-server 20" 0.0006 "-" 21 0
Feb 19 09:35:40 standalone proxy-server[128084]: 172.18.0.2 172.18.0.100 19/Feb/2026/09/35/40 GET /v1/AUTH_9a3de689b1eb4a79be5127ab2a9f7eee/gnocchi.3fcad67a-404c-4da2-ba2f-70b454ba4794/none_v3 HTTP/1.0 404 - python-swiftclient-3.11.1 gAAAAABpltkoOegl... - 70 - txce5056e6d1bb4615acc1a-006996d96c - 0.0104 - - 1771493740.810030699 1771493740.820434093 0
Feb 19 09:35:40 standalone account-server[126008]: 172.20.0.100 - - [19/Feb/2026:09:35:40 +0000] "PUT /d1/198/AUTH_9a3de689b1eb4a79be5127ab2a9f7eee/gnocchi.3fcad67a-404c-4da2-ba2f-70b454ba4794" 201 - "PUT http://172.20.0.100:6001/d1/494/AUTH_9a3de689b1eb4a79be5127ab2a9f7eee/gnocchi.3fcad67a-404c-4da2-ba2f-70b454ba4794" "tx9c9e9058486f41a685bc9-006996d96c" "container-server 21" 0.0046 "-" 22 0
Feb 19 09:35:40 standalone container-server[126003]: 172.20.0.100 - - [19/Feb/2026:09:35:40 +0000] "PUT /d1/494/AUTH_9a3de689b1eb4a79be5127ab2a9f7eee/gnocchi.3fcad67a-404c-4da2-ba2f-70b454ba4794" 201 - "PUT http://172.18.0.2:8080/v1/AUTH_9a3de689b1eb4a79be5127ab2a9f7eee/gnocchi.3fcad67a-404c-4da2-ba2f-70b454ba4794" "tx9c9e9058486f41a685bc9-006996d96c" "proxy-server 20" 0.0201 "-" 21 0
Feb 19 09:35:40 standalone proxy-server[128084]: 172.18.0.2 172.18.0.100 19/Feb/2026/09/35/40 PUT /v1/AUTH_9a3de689b1eb4a79be5127ab2a9f7eee/gnocchi.3fcad67a-404c-4da2-ba2f-70b454ba4794 HTTP/1.0 201 - python-swiftclient-3.11.1 gAAAAABpltkoOegl... - - - tx9c9e9058486f41a685bc9-006996d96c - 0.0253 - - 1771493740.822866440 1771493740.848214626 0
Feb 19 09:35:40 standalone container-server[126020]: 172.20.0.100 - - [19/Feb/2026:09:35:40 +0000] "HEAD /d1/494/AUTH_9a3de689b1eb4a79be5127ab2a9f7eee/gnocchi.3fcad67a-404c-4da2-ba2f-70b454ba4794" 204 - "HEAD http://172.18.0.2:8080/v1/AUTH_9a3de689b1eb4a79be5127ab2a9f7eee/gnocchi.3fcad67a-404c-4da2-ba2f-70b454ba4794?format=json&states=listing" "tx95be7d73c6e748c5ac175-006996d96c" "proxy-server 20" 0.0037 "-" 23 0
Feb 19 09:35:40 standalone proxy-server[128084]: - - 19/Feb/2026/09/35/40 HEAD /v1/AUTH_9a3de689b1eb4a79be5127ab2a9f7eee/gnocchi.3fcad67a-404c-4da2-ba2f-70b454ba4794%3Fformat%3Djson%26states%3Dlisting HTTP/1.0 204 - Swift - - - - tx95be7d73c6e748c5ac175-006996d96c - 0.0079 RL - 1771493740.853017330 1771493740.860936165 0
Feb 19 09:35:40 standalone container-server[126003]: 172.20.0.100 - - [19/Feb/2026:09:35:40 +0000] "GET /d1/494/AUTH_9a3de689b1eb4a79be5127ab2a9f7eee/gnocchi.3fcad67a-404c-4da2-ba2f-70b454ba4794" 200 2 "GET http://172.18.0.2:8080/v1/AUTH_9a3de689b1eb4a79be5127ab2a9f7eee/gnocchi.3fcad67a-404c-4da2-ba2f-70b454ba4794?format=json&states=listing" "tx95be7d73c6e748c5ac175-006996d96c" "proxy-server 20" 0.0048 "-" 21 0
Feb 19 09:35:40 standalone proxy-server[128084]: 172.18.0.2 172.18.0.100 19/Feb/2026/09/35/40 GET /v1/AUTH_9a3de689b1eb4a79be5127ab2a9f7eee/gnocchi.3fcad67a-404c-4da2-ba2f-70b454ba4794%3Fformat%3Djson%26states%3Dlisting HTTP/1.0 200 - python-swiftclient-3.11.1 gAAAAABpltkoOegl... - 2 - tx95be7d73c6e748c5ac175-006996d96c - 0.0221 - - 1771493740.851643562 1771493740.873702049 0
Feb 19 09:35:40 standalone object-server[126288]: 172.20.0.100 - - [19/Feb/2026:09:35:40 +0000] "GET /d1/54/AUTH_9a3de689b1eb4a79be5127ab2a9f7eee/gnocchi.3fcad67a-404c-4da2-ba2f-70b454ba4794/1771200000.0_mean_300.0_v3" 404 70 "GET http://172.18.0.2:8080/v1/AUTH_9a3de689b1eb4a79be5127ab2a9f7eee/gnocchi.3fcad67a-404c-4da2-ba2f-70b454ba4794/1771200000.0_mean_300.0_v3" "tx7567465ab10f4677b9659-006996d96c" "proxy-server 20" 0.0007 "-" 20 0
Feb 19 09:35:40 standalone proxy-server[128084]: 172.18.0.2 172.18.0.100 19/Feb/2026/09/35/40 GET /v1/AUTH_9a3de689b1eb4a79be5127ab2a9f7eee/gnocchi.3fcad67a-404c-4da2-ba2f-70b454ba4794/1771200000.0_mean_300.0_v3 HTTP/1.0 404 - python-swiftclient-3.11.1 gAAAAABpltkoOegl... - 70 - tx7567465ab10f4677b9659-006996d96c - 0.0102 - - 1771493740.877195358 1771493740.887418509 0
Feb 19 09:35:40 standalone container-server[126003]: 172.20.0.100 - - [19/Feb/2026:09:35:40 +0000] "PUT /d1/494/AUTH_9a3de689b1eb4a79be5127ab2a9f7eee/gnocchi.3fcad67a-404c-4da2-ba2f-70b454ba4794/1771200000.0_mean_300.0_v3" 201 - "PUT http://172.18.0.2:8080/d1/54/AUTH_9a3de689b1eb4a79be5127ab2a9f7eee/gnocchi.3fcad67a-404c-4da2-ba2f-70b454ba4794/1771200000.0_mean_300.0_v3" "tx0c741b1ddcab432781794-006996d96c" "object-server 20" 0.0010 "-" 21 0
Feb 19 09:35:40 standalone object-server[126288]: 172.20.0.100 - - [19/Feb/2026:09:35:40 +0000] "PUT /d1/54/AUTH_9a3de689b1eb4a79be5127ab2a9f7eee/gnocchi.3fcad67a-404c-4da2-ba2f-70b454ba4794/1771200000.0_mean_300.0_v3" 201 - "PUT http://172.18.0.2:8080/v1/AUTH_9a3de689b1eb4a79be5127ab2a9f7eee/gnocchi.3fcad67a-404c-4da2-ba2f-70b454ba4794/1771200000.0_mean_300.0_v3" "tx0c741b1ddcab432781794-006996d96c" "proxy-server 20" 0.0112 "-" 20 0
Feb 19 09:35:40 standalone proxy-server[128084]: 172.18.0.2 172.18.0.100 19/Feb/2026/09/35/40 PUT /v1/AUTH_9a3de689b1eb4a79be5127ab2a9f7eee/gnocchi.3fcad67a-404c-4da2-ba2f-70b454ba4794/1771200000.0_mean_300.0_v3 HTTP/1.0 201 - python-swiftclient-3.11.1 gAAAAABpltkoOegl... 16 - - tx0c741b1ddcab432781794-006996d96c - 0.0204 - - 1771493740.891588688 1771493740.911944389 0
Feb 19 09:35:40 standalone container-server[125981]: 172.20.0.100 - - [19/Feb/2026:09:35:40 +0000] "PUT /d1/494/AUTH_9a3de689b1eb4a79be5127ab2a9f7eee/gnocchi.3fcad67a-404c-4da2-ba2f-70b454ba4794/none_v3" 201 - "PUT http://172.18.0.2:8080/d1/950/AUTH_9a3de689b1eb4a79be5127ab2a9f7eee/gnocchi.3fcad67a-404c-4da2-ba2f-70b454ba4794/none_v3" "tx9ab8f6c880f34fecad435-006996d96c" "object-server 20" 0.0013 "-" 20 0
Feb 19 09:35:40 standalone object-server[126288]: 172.20.0.100 - - [19/Feb/2026:09:35:40 +0000] "PUT /d1/950/AUTH_9a3de689b1eb4a79be5127ab2a9f7eee/gnocchi.3fcad67a-404c-4da2-ba2f-70b454ba4794/none_v3" 201 - "PUT http://172.18.0.2:8080/v1/AUTH_9a3de689b1eb4a79be5127ab2a9f7eee/gnocchi.3fcad67a-404c-4da2-ba2f-70b454ba4794/none_v3" "tx9ab8f6c880f34fecad435-006996d96c" "proxy-server 20" 0.0181 "-" 20 0
Feb 19 09:35:40 standalone proxy-server[128084]: 172.18.0.2 172.18.0.100 19/Feb/2026/09/35/40 PUT /v1/AUTH_9a3de689b1eb4a79be5127ab2a9f7eee/gnocchi.3fcad67a-404c-4da2-ba2f-70b454ba4794/none_v3 HTTP/1.0 201 - python-swiftclient-3.11.1 gAAAAABpltkoOegl... 22 - - tx9ab8f6c880f34fecad435-006996d96c - 0.0297 - - 1771493740.916855812 1771493740.946535587 0
Feb 19 09:35:40 standalone container-server[126020]: 172.20.0.100 - - [19/Feb/2026:09:35:40 +0000] "HEAD /d1/225/AUTH_9a3de689b1eb4a79be5127ab2a9f7eee/gnocchi.0c2f4108-674d-436f-8905-5b491dd4aeb7" 404 - "HEAD http://172.18.0.2:8080/v1/AUTH_9a3de689b1eb4a79be5127ab2a9f7eee/gnocchi.0c2f4108-674d-436f-8905-5b491dd4aeb7?format=json&states=listing" "tx0cc08494cbee444698066-006996d96c" "proxy-server 20" 0.0006 "-" 23 0
Feb 19 09:35:40 standalone object-server[126291]: 172.20.0.100 - - [19/Feb/2026:09:35:40 +0000] "GET /d1/575/AUTH_9a3de689b1eb4a79be5127ab2a9f7eee/gnocchi.0c2f4108-674d-436f-8905-5b491dd4aeb7/none_v3" 404 70 "GET http://172.18.0.2:8080/v1/AUTH_9a3de689b1eb4a79be5127ab2a9f7eee/gnocchi.0c2f4108-674d-436f-8905-5b491dd4aeb7/none_v3" "tx0cc08494cbee444698066-006996d96c" "proxy-server 20" 0.0004 "-" 21 0
Feb 19 09:35:40 standalone proxy-server[128084]: 172.18.0.2 172.18.0.100 19/Feb/2026/09/35/40 GET /v1/AUTH_9a3de689b1eb4a79be5127ab2a9f7eee/gnocchi.0c2f4108-674d-436f-8905-5b491dd4aeb7/none_v3 HTTP/1.0 404 - python-swiftclient-3.11.1 gAAAAABpltkoOegl... - 70 - tx0cc08494cbee444698066-006996d96c - 0.0130 - - 1771493740.959117174 1771493740.972120523 0
Feb 19 09:35:40 standalone account-server[126032]: 172.20.0.100 - - [19/Feb/2026:09:35:40 +0000] "PUT /d1/198/AUTH_9a3de689b1eb4a79be5127ab2a9f7eee/gnocchi.0c2f4108-674d-436f-8905-5b491dd4aeb7" 201 - "PUT http://172.20.0.100:6001/d1/225/AUTH_9a3de689b1eb4a79be5127ab2a9f7eee/gnocchi.0c2f4108-674d-436f-8905-5b491dd4aeb7" "tx94831cfe779145fda23be-006996d96c" "container-server 20" 0.0051 "-" 23 0
Feb 19 09:35:40 standalone container-server[125981]: 172.20.0.100 - - [19/Feb/2026:09:35:40 +0000] "PUT /d1/225/AUTH_9a3de689b1eb4a79be5127ab2a9f7eee/gnocchi.0c2f4108-674d-436f-8905-5b491dd4aeb7" 201 - "PUT http://172.18.0.2:8080/v1/AUTH_9a3de689b1eb4a79be5127ab2a9f7eee/gnocchi.0c2f4108-674d-436f-8905-5b491dd4aeb7" "tx94831cfe779145fda23be-006996d96c" "proxy-server 20" 0.0155 "-" 20 0
Feb 19 09:35:41 standalone proxy-server[128084]: 172.18.0.2 172.18.0.100 19/Feb/2026/09/35/40 PUT /v1/AUTH_9a3de689b1eb4a79be5127ab2a9f7eee/gnocchi.0c2f4108-674d-436f-8905-5b491dd4aeb7 HTTP/1.0 201 - python-swiftclient-3.11.1 gAAAAABpltkoOegl... - - - tx94831cfe779145fda23be-006996d96c - 0.0220 - - 1771493740.977285385 1771493740.999241114 0
Feb 19 09:35:41 standalone container-server[126020]: 172.20.0.100 - - [19/Feb/2026:09:35:41 +0000] "HEAD /d1/225/AUTH_9a3de689b1eb4a79be5127ab2a9f7eee/gnocchi.0c2f4108-674d-436f-8905-5b491dd4aeb7" 204 - "HEAD http://172.18.0.2:8080/v1/AUTH_9a3de689b1eb4a79be5127ab2a9f7eee/gnocchi.0c2f4108-674d-436f-8905-5b491dd4aeb7?format=json&states=listing" "tx7699e87ca1c2464a993ee-006996d96d" "proxy-server 20" 0.0019 "-" 23 0
Feb 19 09:35:41 standalone proxy-server[128084]: - - 19/Feb/2026/09/35/41 HEAD /v1/AUTH_9a3de689b1eb4a79be5127ab2a9f7eee/gnocchi.0c2f4108-674d-436f-8905-5b491dd4aeb7%3Fformat%3Djson%26states%3Dlisting HTTP/1.0 204 - Swift - - - - tx7699e87ca1c2464a993ee-006996d96d - 0.0078 RL - 1771493741.004840136 1771493741.012605429 0
Feb 19 09:35:41 standalone container-server[125981]: 172.20.0.100 - - [19/Feb/2026:09:35:41 +0000] "GET /d1/225/AUTH_9a3de689b1eb4a79be5127ab2a9f7eee/gnocchi.0c2f4108-674d-436f-8905-5b491dd4aeb7" 200 2 "GET http://172.18.0.2:8080/v1/AUTH_9a3de689b1eb4a79be5127ab2a9f7eee/gnocchi.0c2f4108-674d-436f-8905-5b491dd4aeb7?format=json&states=listing" "tx7699e87ca1c2464a993ee-006996d96d" "proxy-server 20" 0.0156 "-" 20 0
Feb 19 09:35:41 standalone proxy-server[128084]: 172.18.0.2 172.18.0.100 19/Feb/2026/09/35/41 GET /v1/AUTH_9a3de689b1eb4a79be5127ab2a9f7eee/gnocchi.0c2f4108-674d-436f-8905-5b491dd4aeb7%3Fformat%3Djson%26states%3Dlisting HTTP/1.0 200 - python-swiftclient-3.11.1 gAAAAABpltkoOegl... - 2 - tx7699e87ca1c2464a993ee-006996d96d - 0.0987 - - 1771493741.003262997 1771493741.101919651 0
Feb 19 09:35:41 standalone object-server[126288]: 172.20.0.100 - - [19/Feb/2026:09:35:41 +0000] "GET /d1/1018/AUTH_9a3de689b1eb4a79be5127ab2a9f7eee/gnocchi.0c2f4108-674d-436f-8905-5b491dd4aeb7/1771200000.0_mean_300.0_v3" 404 70 "GET http://172.18.0.2:8080/v1/AUTH_9a3de689b1eb4a79be5127ab2a9f7eee/gnocchi.0c2f4108-674d-436f-8905-5b491dd4aeb7/1771200000.0_mean_300.0_v3" "tx9ebddeb8ecce4988aa8c2-006996d96d" "proxy-server 20" 0.0006 "-" 20 0
Feb 19 09:35:41 standalone proxy-server[128084]: 172.18.0.2 172.18.0.100 19/Feb/2026/09/35/41 GET /v1/AUTH_9a3de689b1eb4a79be5127ab2a9f7eee/gnocchi.0c2f4108-674d-436f-8905-5b491dd4aeb7/1771200000.0_mean_300.0_v3 HTTP/1.0 404 - python-swiftclient-3.11.1 gAAAAABpltkoOegl... - 70 - tx9ebddeb8ecce4988aa8c2-006996d96d - 0.0105 - - 1771493741.106431723 1771493741.116919041 0
