Feb 19 09:36:36 standalone object-server[126282]: 172.20.0.100 - - [19/Feb/2026:09:36:36 +0000] "PUT /d1/826/AUTH_9a3de689b1eb4a79be5127ab2a9f7eee/gnocchi.6709bd6e-1485-4d6c-a5c7-708eb498ff5b/1771200000.0_mean_300.0_v3" 201 - "PUT http://172.18.0.2:8080/v1/AUTH_9a3de689b1eb4a79be5127ab2a9f7eee/gnocchi.6709bd6e-1485-4d6c-a5c7-708eb498ff5b/1771200000.0_mean_300.0_v3" "txa7b293aeaf9d4171a4897-006996d9a4" "proxy-server 20" 0.0125 "-" 16 0
Feb 19 09:36:36 standalone proxy-server[128084]: 172.18.0.2 172.18.0.100 19/Feb/2026/09/36/36 PUT /v1/AUTH_9a3de689b1eb4a79be5127ab2a9f7eee/gnocchi.6709bd6e-1485-4d6c-a5c7-708eb498ff5b/1771200000.0_mean_300.0_v3 HTTP/1.0 201 - python-swiftclient-3.11.1 gAAAAABpltkoOegl... 16 - - txa7b293aeaf9d4171a4897-006996d9a4 - 0.0214 - - 1771493796.796330690 1771493796.817741871 0
Feb 19 09:36:36 standalone container-server[126020]: 172.20.0.100 - - [19/Feb/2026:09:36:36 +0000] "PUT /d1/98/AUTH_9a3de689b1eb4a79be5127ab2a9f7eee/gnocchi.6709bd6e-1485-4d6c-a5c7-708eb498ff5b/none_v3" 201 - "PUT http://172.18.0.2:8080/d1/493/AUTH_9a3de689b1eb4a79be5127ab2a9f7eee/gnocchi.6709bd6e-1485-4d6c-a5c7-708eb498ff5b/none_v3" "txea83aad1b3fb457b815fa-006996d9a4" "object-server 21" 0.0009 "-" 23 0
Feb 19 09:36:36 standalone object-server[126291]: 172.20.0.100 - - [19/Feb/2026:09:36:36 +0000] "PUT /d1/493/AUTH_9a3de689b1eb4a79be5127ab2a9f7eee/gnocchi.6709bd6e-1485-4d6c-a5c7-708eb498ff5b/none_v3" 201 - "PUT http://172.18.0.2:8080/v1/AUTH_9a3de689b1eb4a79be5127ab2a9f7eee/gnocchi.6709bd6e-1485-4d6c-a5c7-708eb498ff5b/none_v3" "txea83aad1b3fb457b815fa-006996d9a4" "proxy-server 20" 0.0217 "-" 21 0
Feb 19 09:36:36 standalone proxy-server[128084]: 172.18.0.2 172.18.0.100 19/Feb/2026/09/36/36 PUT /v1/AUTH_9a3de689b1eb4a79be5127ab2a9f7eee/gnocchi.6709bd6e-1485-4d6c-a5c7-708eb498ff5b/none_v3 HTTP/1.0 201 - python-swiftclient-3.11.1 gAAAAABpltkoOegl... 22 - - txea83aad1b3fb457b815fa-006996d9a4 - 0.0324 - - 1771493796.821178675 1771493796.853626728 0
Feb 19 09:36:36 standalone object-server[126282]: 172.20.0.100 - - [19/Feb/2026:09:36:36 +0000] "GET /d1/642/AUTH_9a3de689b1eb4a79be5127ab2a9f7eee/gnocchi.deaab8ad-569f-4012-a595-159295634a57/none_v3" 200 33 "GET http://172.18.0.2:8080/v1/AUTH_9a3de689b1eb4a79be5127ab2a9f7eee/gnocchi.deaab8ad-569f-4012-a595-159295634a57/none_v3" "tx86b23b69ed8d49a08478a-006996d9a4" "proxy-server 20" 0.0006 "-" 16 0
Feb 19 09:36:36 standalone proxy-server[128084]: 172.18.0.2 172.18.0.100 19/Feb/2026/09/36/36 GET /v1/AUTH_9a3de689b1eb4a79be5127ab2a9f7eee/gnocchi.deaab8ad-569f-4012-a595-159295634a57/none_v3 HTTP/1.0 200 - python-swiftclient-3.11.1 gAAAAABpltkoOegl... - 33 - tx86b23b69ed8d49a08478a-006996d9a4 - 0.0110 - - 1771493796.955519676 1771493796.966519833 0
Feb 19 09:36:36 standalone container-server[126014]: 172.20.0.100 - - [19/Feb/2026:09:36:36 +0000] "GET /d1/881/AUTH_9a3de689b1eb4a79be5127ab2a9f7eee/gnocchi.deaab8ad-569f-4012-a595-159295634a57" 200 357 "GET http://172.18.0.2:8080/v1/AUTH_9a3de689b1eb4a79be5127ab2a9f7eee/gnocchi.deaab8ad-569f-4012-a595-159295634a57?format=json&states=listing" "tx7da81c898b3f42028d478-006996d9a4" "proxy-server 20" 0.0107 "-" 22 0
Feb 19 09:36:36 standalone proxy-server[128084]: 172.18.0.2 172.18.0.100 19/Feb/2026/09/36/36 GET /v1/AUTH_9a3de689b1eb4a79be5127ab2a9f7eee/gnocchi.deaab8ad-569f-4012-a595-159295634a57%3Fformat%3Djson%26states%3Dlisting HTTP/1.0 200 - python-swiftclient-3.11.1 gAAAAABpltkoOegl... - 357 - tx7da81c898b3f42028d478-006996d9a4 - 0.0232 - - 1771493796.971519709 1771493796.994714022 0
Feb 19 09:36:37 standalone container-server[125981]: 172.20.0.100 - - [19/Feb/2026:09:36:37 +0000] "GET /d1/881/AUTH_9a3de689b1eb4a79be5127ab2a9f7eee/gnocchi.deaab8ad-569f-4012-a595-159295634a57" 200 2 "GET http://172.18.0.2:8080/v1/AUTH_9a3de689b1eb4a79be5127ab2a9f7eee/gnocchi.deaab8ad-569f-4012-a595-159295634a57?format=json&marker=none_v3&states=listing" "tx1eb33250737b44cfb98ea-006996d9a4" "proxy-server 20" 0.0035 "-" 20 0
Feb 19 09:36:37 standalone proxy-server[128084]: 172.18.0.2 172.18.0.100 19/Feb/2026/09/36/37 GET /v1/AUTH_9a3de689b1eb4a79be5127ab2a9f7eee/gnocchi.deaab8ad-569f-4012-a595-159295634a57%3Fformat%3Djson%26marker%3Dnone_v3%26states%3Dlisting HTTP/1.0 200 - python-swiftclient-3.11.1 gAAAAABpltkoOegl... - 2 - tx1eb33250737b44cfb98ea-006996d9a4 - 0.0158 - - 1771493796.998982906 1771493797.014821053 0
Feb 19 09:36:37 standalone object-server[126293]: 172.20.0.100 - - [19/Feb/2026:09:36:37 +0000] "GET /d1/998/AUTH_9a3de689b1eb4a79be5127ab2a9f7eee/gnocchi.deaab8ad-569f-4012-a595-159295634a57/1771200000.0_mean_300.0_v3" 200 16 "GET http://172.18.0.2:8080/v1/AUTH_9a3de689b1eb4a79be5127ab2a9f7eee/gnocchi.deaab8ad-569f-4012-a595-159295634a57/1771200000.0_mean_300.0_v3" "tx71c8175f169046c684cb0-006996d9a5" "proxy-server 20" 0.0012 "-" 22 0
Feb 19 09:36:37 standalone proxy-server[128084]: 172.18.0.2 172.18.0.100 19/Feb/2026/09/36/37 GET /v1/AUTH_9a3de689b1eb4a79be5127ab2a9f7eee/gnocchi.deaab8ad-569f-4012-a595-159295634a57/1771200000.0_mean_300.0_v3 HTTP/1.0 200 - python-swiftclient-3.11.1 gAAAAABpltkoOegl... - 16 - tx71c8175f169046c684cb0-006996d9a5 - 0.0103 - - 1771493797.020345688 1771493797.030627251 0
Feb 19 09:36:37 standalone container-server[126014]: 172.20.0.100 - - [19/Feb/2026:09:36:37 +0000] "PUT /d1/881/AUTH_9a3de689b1eb4a79be5127ab2a9f7eee/gnocchi.deaab8ad-569f-4012-a595-159295634a57/1771200000.0_mean_300.0_v3" 201 - "PUT http://172.18.0.2:8080/d1/998/AUTH_9a3de689b1eb4a79be5127ab2a9f7eee/gnocchi.deaab8ad-569f-4012-a595-159295634a57/1771200000.0_mean_300.0_v3" "txc456461499244f11860b3-006996d9a5" "object-server 16" 0.0008 "-" 22 0
Feb 19 09:36:37 standalone object-server[126282]: 172.20.0.100 - - [19/Feb/2026:09:36:37 +0000] "PUT /d1/998/AUTH_9a3de689b1eb4a79be5127ab2a9f7eee/gnocchi.deaab8ad-569f-4012-a595-159295634a57/1771200000.0_mean_300.0_v3" 201 - "PUT http://172.18.0.2:8080/v1/AUTH_9a3de689b1eb4a79be5127ab2a9f7eee/gnocchi.deaab8ad-569f-4012-a595-159295634a57/1771200000.0_mean_300.0_v3" "txc456461499244f11860b3-006996d9a5" "proxy-server 20" 0.0110 "-" 16 0
Feb 19 09:36:37 standalone proxy-server[128084]: 172.18.0.2 172.18.0.100 19/Feb/2026/09/36/37 PUT /v1/AUTH_9a3de689b1eb4a79be5127ab2a9f7eee/gnocchi.deaab8ad-569f-4012-a595-159295634a57/1771200000.0_mean_300.0_v3 HTTP/1.0 201 - python-swiftclient-3.11.1 gAAAAABpltkoOegl... 16 - - txc456461499244f11860b3-006996d9a5 - 0.0182 - - 1771493797.035210848 1771493797.053360939 0
Feb 19 09:36:37 standalone container-server[125981]: 172.20.0.100 - - [19/Feb/2026:09:36:37 +0000] "PUT /d1/881/AUTH_9a3de689b1eb4a79be5127ab2a9f7eee/gnocchi.deaab8ad-569f-4012-a595-159295634a57/none_v3" 201 - "PUT http://172.18.0.2:8080/d1/642/AUTH_9a3de689b1eb4a79be5127ab2a9f7eee/gnocchi.deaab8ad-569f-4012-a595-159295634a57/none_v3" "txf270bb5f1b2343d48a59f-006996d9a5" "object-server 16" 0.0007 "-" 20 0
Feb 19 09:36:37 standalone object-server[126282]: 172.20.0.100 - - [19/Feb/2026:09:36:37 +0000] "PUT /d1/642/AUTH_9a3de689b1eb4a79be5127ab2a9f7eee/gnocchi.deaab8ad-569f-4012-a595-159295634a57/none_v3" 201 - "PUT http://172.18.0.2:8080/v1/AUTH_9a3de689b1eb4a79be5127ab2a9f7eee/gnocchi.deaab8ad-569f-4012-a595-159295634a57/none_v3" "txf270bb5f1b2343d48a59f-006996d9a5" "proxy-server 20" 0.0119 "-" 16 0
Feb 19 09:36:37 standalone proxy-server[128084]: 172.18.0.2 172.18.0.100 19/Feb/2026/09/36/37 PUT /v1/AUTH_9a3de689b1eb4a79be5127ab2a9f7eee/gnocchi.deaab8ad-569f-4012-a595-159295634a57/none_v3 HTTP/1.0 201 - python-swiftclient-3.11.1 gAAAAABpltkoOegl... 48 - - txf270bb5f1b2343d48a59f-006996d9a5 - 0.0199 - - 1771493797.058426857 1771493797.078306913 0
Feb 19 09:36:37 standalone object-server[126293]: 172.20.0.100 - - [19/Feb/2026:09:36:37 +0000] "GET /d1/333/AUTH_9a3de689b1eb4a79be5127ab2a9f7eee/gnocchi.577f5316-96d6-4afc-8a7f-1ff99d7c6f97/none_v3" 200 33 "GET http://172.18.0.2:8080/v1/AUTH_9a3de689b1eb4a79be5127ab2a9f7eee/gnocchi.577f5316-96d6-4afc-8a7f-1ff99d7c6f97/none_v3" "txb595f8f47ea04e23b6f8f-006996d9a5" "proxy-server 20" 0.0013 "-" 22 0
Feb 19 09:36:37 standalone proxy-server[128084]: 172.18.0.2 172.18.0.100 19/Feb/2026/09/36/37 GET /v1/AUTH_9a3de689b1eb4a79be5127ab2a9f7eee/gnocchi.577f5316-96d6-4afc-8a7f-1ff99d7c6f97/none_v3 HTTP/1.0 200 - python-swiftclient-3.11.1 gAAAAABpltkoOegl... - 33 - txb595f8f47ea04e23b6f8f-006996d9a5 - 0.0095 - - 1771493797.091223955 1771493797.100742579 0
Feb 19 09:36:37 standalone container-server[126020]: 172.20.0.100 - - [19/Feb/2026:09:36:37 +0000] "GET /d1/128/AUTH_9a3de689b1eb4a79be5127ab2a9f7eee/gnocchi.577f5316-96d6-4afc-8a7f-1ff99d7c6f97" 200 357 "GET http://172.18.0.2:8080/v1/AUTH_9a3de689b1eb4a79be5127ab2a9f7eee/gnocchi.577f5316-96d6-4afc-8a7f-1ff99d7c6f97?format=json&states=listing" "txd504acc969184052a591e-006996d9a5" "proxy-server 20" 0.0100 "-" 23 0
Feb 19 09:36:37 standalone proxy-server[128084]: 172.18.0.2 172.18.0.100 19/Feb/2026/09/36/37 GET /v1/AUTH_9a3de689b1eb4a79be5127ab2a9f7eee/gnocchi.577f5316-96d6-4afc-8a7f-1ff99d7c6f97%3Fformat%3Djson%26states%3Dlisting HTTP/1.0 200 - python-swiftclient-3.11.1 gAAAAABpltkoOegl... - 357 - txd504acc969184052a591e-006996d9a5 - 0.0188 - - 1771493797.105242252 1771493797.124089718 0
Feb 19 09:36:37 standalone container-server[125981]: 172.20.0.100 - - [19/Feb/2026:09:36:37 +0000] "GET /d1/128/AUTH_9a3de689b1eb4a79be5127ab2a9f7eee/gnocchi.577f5316-96d6-4afc-8a7f-1ff99d7c6f97" 200 2 "GET http://172.18.0.2:8080/v1/AUTH_9a3de689b1eb4a79be5127ab2a9f7eee/gnocchi.577f5316-96d6-4afc-8a7f-1ff99d7c6f97?format=json&marker=none_v3&states=listing" "tx9650a7a7f03f4d13a44d6-006996d9a5" "proxy-server 20" 0.0039 "-" 20 0
Feb 19 09:36:37 standalone proxy-server[128084]: 172.18.0.2 172.18.0.100 19/Feb/2026/09/36/37 GET /v1/AUTH_9a3de689b1eb4a79be5127ab2a9f7eee/gnocchi.577f5316-96d6-4afc-8a7f-1ff99d7c6f97%3Fformat%3Djson%26marker%3Dnone_v3%26states%3Dlisting HTTP/1.0 200 - python-swiftclient-3.11.1 gAAAAABpltkoOegl... - 2 - tx9650a7a7f03f4d13a44d6-006996d9a5 - 0.0166 - - 1771493797.128149509 1771493797.144740343 0
Feb 19 09:36:37 standalone object-server[126291]: 172.20.0.100 - - [19/Feb/2026:09:36:37 +0000] "GET /d1/275/AUTH_9a3de689b1eb4a79be5127ab2a9f7eee/gnocchi.577f5316-96d6-4afc-8a7f-1ff99d7c6f97/1771200000.0_mean_300.0_v3" 200 16 "GET http://172.18.0.2:8080/v1/AUTH_9a3de689b1eb4a79be5127ab2a9f7eee/gnocchi.577f5316-96d6-4afc-8a7f-1ff99d7c6f97/1771200000.0_mean_300.0_v3" "tx1b217d6aac8e4c3aacd5e-006996d9a5" "proxy-server 20" 0.0011 "-" 21 0
Feb 19 09:36:37 standalone proxy-server[128084]: 172.18.0.2 172.18.0.100 19/Feb/2026/09/36/37 GET /v1/AUTH_9a3de689b1eb4a79be5127ab2a9f7eee/gnocchi.577f5316-96d6-4afc-8a7f-1ff99d7c6f97/1771200000.0_mean_300.0_v3 HTTP/1.0 200 - python-swiftclient-3.11.1 gAAAAABpltkoOegl... - 16 - tx1b217d6aac8e4c3aacd5e-006996d9a5 - 0.0097 - - 1771493797.150589943 1771493797.160309792 0
Feb 19 09:36:37 standalone container-server[125981]: 172.20.0.100 - - [19/Feb/2026:09:36:37 +0000] "PUT /d1/128/AUTH_9a3de689b1eb4a79be5127ab2a9f7eee/gnocchi.577f5316-96d6-4afc-8a7f-1ff99d7c6f97/1771200000.0_mean_300.0_v3" 201 - "PUT http://172.18.0.2:8080/d1/275/AUTH_9a3de689b1eb4a79be5127ab2a9f7eee/gnocchi.577f5316-96d6-4afc-8a7f-1ff99d7c6f97/1771200000.0_mean_300.0_v3" "tx3083730c5b244cfca1229-006996d9a5" "object-server 16" 0.0008 "-" 20 0
Feb 19 09:36:37 standalone object-server[126282]: 172.20.0.100 - - [19/Feb/2026:09:36:37 +0000] "PUT /d1/275/AUTH_9a3de689b1eb4a79be5127ab2a9f7eee/gnocchi.577f5316-96d6-4afc-8a7f-1ff99d7c6f97/1771200000.0_mean_300.0_v3" 201 - "PUT http://172.18.0.2:8080/v1/AUTH_9a3de689b1eb4a79be5127ab2a9f7eee/gnocchi.577f5316-96d6-4afc-8a7f-1ff99d7c6f97/1771200000.0_mean_300.0_v3" "tx3083730c5b244cfca1229-006996d9a5" "proxy-server 20" 0.0103 "-" 16 0
Feb 19 09:36:37 standalone proxy-server[128084]: 172.18.0.2 172.18.0.100 19/Feb/2026/09/36/37 PUT /v1/AUTH_9a3de689b1eb4a79be5127ab2a9f7eee/gnocchi.577f5316-96d6-4afc-8a7f-1ff99d7c6f97/1771200000.0_mean_300.0_v3 HTTP/1.0 201 - python-swiftclient-3.11.1 gAAAAABpltkoOegl... 16 - - tx3083730c5b244cfca1229-006996d9a5 - 0.0176 - - 1771493797.164520979 1771493797.182104111 0
Feb 19 09:36:37 standalone container-server[126003]: 172.20.0.100 - - [19/Feb/2026:09:36:37 +0000] "PUT /d1/128/AUTH_9a3de689b1eb4a79be5127ab2a9f7eee/gnocchi.577f5316-96d6-4afc-8a7f-1ff99d7c6f97/none_v3" 201 - "PUT http://172.18.0.2:8080/d1/333/AUTH_9a3de689b1eb4a79be5127ab2a9f7eee/gnocchi.577f5316-96d6-4afc-8a7f-1ff99d7c6f97/none_v3" "txada17a3af60a48c7874f0-006996d9a5" "object-server 22" 0.0008 "-" 21 0
Feb 19 09:36:37 standalone object-server[126293]: 172.20.0.100 - - [19/Feb/2026:09:36:37 +0000] "PUT /d1/333/AUTH_9a3de689b1eb4a79be5127ab2a9f7eee/gnocchi.577f5316-96d6-4afc-8a7f-1ff99d7c6f97/none_v3" 201 - "PUT http://172.18.0.2:8080/v1/AUTH_9a3de689b1eb4a79be5127ab2a9f7eee/gnocchi.577f5316-96d6-4afc-8a7f-1ff99d7c6f97/none_v3" "txada17a3af60a48c7874f0-006996d9a5" "proxy-server 20" 0.0116 "-" 22 0
Feb 19 09:36:37 standalone proxy-server[128084]: 172.18.0.2 172.18.0.100 19/Feb/2026/09/36/37 PUT /v1/AUTH_9a3de689b1eb4a79be5127ab2a9f7eee/gnocchi.577f5316-96d6-4afc-8a7f-1ff99d7c6f97/none_v3 HTTP/1.0 201 - python-swiftclient-3.11.1 gAAAAABpltkoOegl... 48 - - txada17a3af60a48c7874f0-006996d9a5 - 0.0190 - - 1771493797.186182261 1771493797.205162048 0
Feb 19 09:36:38 standalone object-server[126293]: 172.20.0.100 - - [19/Feb/2026:09:36:38 +0000] "GET /d1/493/AUTH_9a3de689b1eb4a79be5127ab2a9f7eee/gnocchi.6709bd6e-1485-4d6c-a5c7-708eb498ff5b/none_v3" 200 22 "GET http://172.18.0.2:8080/v1/AUTH_9a3de689b1eb4a79be5127ab2a9f7eee/gnocchi.6709bd6e-1485-4d6c-a5c7-708eb498ff5b/none_v3" "tx3b47aa3a691047238a3b0-006996d9a6" "proxy-server 20" 0.0012 "-" 22 0
Feb 19 09:36:38 standalone proxy-server[128084]: 172.18.0.2 172.18.0.100 19/Feb/2026/09/36/38 GET /v1/AUTH_9a3de689b1eb4a79be5127ab2a9f7eee/gnocchi.6709bd6e-1485-4d6c-a5c7-708eb498ff5b/none_v3 HTTP/1.0 200 - python-swiftclient-3.11.1 gAAAAABpltkoOegl... - 22 - tx3b47aa3a691047238a3b0-006996d9a6 - 0.0105 - - 1771493798.582839966 1771493798.593318701 0
Feb 19 09:36:38 standalone container-server[126014]: 172.20.0.100 - - [19/Feb/2026:09:36:38 +0000] "GET /d1/98/AUTH_9a3de689b1eb4a79be5127ab2a9f7eee/gnocchi.6709bd6e-1485-4d6c-a5c7-708eb498ff5b" 200 357 "GET http://172.18.0.2:8080/v1/AUTH_9a3de689b1eb4a79be5127ab2a9f7eee/gnocchi.6709bd6e-1485-4d6c-a5c7-708eb498ff5b?format=json&states=listing" "txaf379dc84aa5437289944-006996d9a6" "proxy-server 20" 0.0090 "-" 22 0
Feb 19 09:36:38 standalone proxy-server[128084]: 172.18.0.2 172.18.0.100 19/Feb/2026/09/36/38 GET /v1/AUTH_9a3de689b1eb4a79be5127ab2a9f7eee/gnocchi.6709bd6e-1485-4d6c-a5c7-708eb498ff5b%3Fformat%3Djson%26states%3Dlisting HTTP/1.0 200 - python-swiftclient-3.11.1 gAAAAABpltkoOegl... - 357 - txaf379dc84aa5437289944-006996d9a6 - 0.0173 - - 1771493798.596447706 1771493798.613723755 0
Feb 19 09:36:38 standalone container-server[125981]: 172.20.0.100 - - [19/Feb/2026:09:36:38 +0000] "GET /d1/98/AUTH_9a3de689b1eb4a79be5127ab2a9f7eee/gnocchi.6709bd6e-1485-4d6c-a5c7-708eb498ff5b" 200 2 "GET http://172.18.0.2:8080/v1/AUTH_9a3de689b1eb4a79be5127ab2a9f7eee/gnocchi.6709bd6e-1485-4d6c-a5c7-708eb498ff5b?format=json&marker=none_v3&states=listing" "tx3639babcd4cf443eb1d5b-006996d9a6" "proxy-server 20" 0.0036 "-" 20 0
Feb 19 09:36:38 standalone proxy-server[128084]: 172.18.0.2 172.18.0.100 19/Feb/2026/09/36/38 GET /v1/AUTH_9a3de689b1eb4a79be5127ab2a9f7eee/gnocchi.6709bd6e-1485-4d6c-a5c7-708eb498ff5b%3Fformat%3Djson%26marker%3Dnone_v3%26states%3Dlisting HTTP/1.0 200 - python-swiftclient-3.11.1 gAAAAABpltkoOegl... - 2 - tx3639babcd4cf443eb1d5b-006996d9a6 - 0.0125 - - 1771493798.616142035 1771493798.628596067 0
Feb 19 09:36:38 standalone object-server[126291]: 172.20.0.100 - - [19/Feb/2026:09:36:38 +0000] "GET /d1/826/AUTH_9a3de689b1eb4a79be5127ab2a9f7eee/gnocchi.6709bd6e-1485-4d6c-a5c7-708eb498ff5b/1771200000.0_mean_300.0_v3" 200 16 "GET http://172.18.0.2:8080/v1/AUTH_9a3de689b1eb4a79be5127ab2a9f7eee/gnocchi.6709bd6e-1485-4d6c-a5c7-708eb498ff5b/1771200000.0_mean_300.0_v3" "tx397f780d13f144eaa09e0-006996d9a6" "proxy-server 20" 0.0010 "-" 21 0
Feb 19 09:36:38 standalone proxy-server[128084]: 172.18.0.2 172.18.0.100 19/Feb/2026/09/36/38 GET /v1/AUTH_9a3de689b1eb4a79be5127ab2a9f7eee/gnocchi.6709bd6e-1485-4d6c-a5c7-708eb498ff5b/1771200000.0_mean_300.0_v3 HTTP/1.0 200 - python-swiftclient-3.11.1 gAAAAABpltkoOegl... - 16 - tx397f780d13f144eaa09e0-006996d9a6 - 0.0091 - - 1771493798.631605864 1771493798.640731812 0
Feb 19 09:36:38 standalone container-server[126020]: 172.20.0.100 - - [19/Feb/2026:09:36:38 +0000] "PUT /d1/98/AUTH_9a3de689b1eb4a79be5127ab2a9f7eee/gnocchi.6709bd6e-1485-4d6c-a5c7-708eb498ff5b/1771200000.0_mean_300.0_v3" 201 - "PUT http://172.18.0.2:8080/d1/826/AUTH_9a3de689b1eb4a79be5127ab2a9f7eee/gnocchi.6709bd6e-1485-4d6c-a5c7-708eb498ff5b/1771200000.0_mean_300.0_v3" "txe14a71080bbb44639b5b2-006996d9a6" "object-server 20" 0.0004 "-" 23 0
Feb 19 09:36:38 standalone object-server[126288]: 172.20.0.100 - - [19/Feb/2026:09:36:38 +0000] "PUT /d1/826/AUTH_9a3de689b1eb4a79be5127ab2a9f7eee/gnocchi.6709bd6e-1485-4d6c-a5c7-708eb498ff5b/1771200000.0_mean_300.0_v3" 201 - "PUT http://172.18.0.2:8080/v1/AUTH_9a3de689b1eb4a79be5127ab2a9f7eee/gnocchi.6709bd6e-1485-4d6c-a5c7-708eb498ff5b/1771200000.0_mean_300.0_v3" "txe14a71080bbb44639b5b2-006996d9a6" "proxy-server 20" 0.0100 "-" 20 0
Feb 19 09:36:38 standalone proxy-server[128084]: 172.18.0.2 172.18.0.100 19/Feb/2026/09/36/38 PUT /v1/AUTH_9a3de689b1eb4a79be5127ab2a9f7eee/gnocchi.6709bd6e-1485-4d6c-a5c7-708eb498ff5b/1771200000.0_mean_300.0_v3 HTTP/1.0 201 - python-swiftclient-3.11.1 gAAAAABpltkoOegl... 16 - - txe14a71080bbb44639b5b2-006996d9a6 - 0.0176 - - 1771493798.643203497 1771493798.660788536 0
Feb 19 09:36:38 standalone container-server[126020]: 172.20.0.100 - - [19/Feb/2026:09:36:38 +0000] "PUT /d1/98/AUTH_9a3de689b1eb4a79be5127ab2a9f7eee/gnocchi.6709bd6e-1485-4d6c-a5c7-708eb498ff5b/none_v3" 201 - "PUT http://172.18.0.2:8080/d1/493/AUTH_9a3de689b1eb4a79be5127ab2a9f7eee/gnocchi.6709bd6e-1485-4d6c-a5c7-708eb498ff5b/none_v3" "tx68f6b79eab494d10960ba-006996d9a6" "object-server 20" 0.0003 "-" 23 0
Feb 19 09:36:38 standalone object-server[126288]: 172.20.0.100 - - [19/Feb/2026:09:36:38 +0000] "PUT /d1/493/AUTH_9a3de689b1eb4a79be5127ab2a9f7eee/gnocchi.6709bd6e-1485-4d6c-a5c7-708eb498ff5b/none_v3" 201 - "PUT http://172.18.0.2:8080/v1/AUTH_9a3de689b1eb4a79be5127ab2a9f7eee/gnocchi.6709bd6e-1485-4d6c-a5c7-708eb498ff5b/none_v3" "tx68f6b79eab494d10960ba-006996d9a6" "proxy-server 20" 0.0084 "-" 20 0
Feb 19 09:36:38 standalone proxy-server[128084]: 172.18.0.2 172.18.0.100 19/Feb/2026/09/36/38 PUT /v1/AUTH_9a3de689b1eb4a79be5127ab2a9f7eee/gnocchi.6709bd6e-1485-4d6c-a5c7-708eb498ff5b/none_v3 HTTP/1.0 201 - python-swiftclient-3.11.1 gAAAAABpltkoOegl... 31 - - tx68f6b79eab494d10960ba-006996d9a6 - 0.0156 - - 1771493798.663251877 1771493798.678873777 0
Feb 19 09:36:40 standalone container-server[125608]: Begin container update sweep
Feb 19 09:36:40 standalone account-server[126032]: 172.20.0.100 - - [19/Feb/2026:09:36:40 +0000] "PUT /d1/198/AUTH_9a3de689b1eb4a79be5127ab2a9f7eee/gnocchi.3f896c0a-7eb9-4438-926f-8beeb16511e8" 201 - "-" "-" "container-updater 2" 0.0011 "-" 23 0
Feb 19 09:36:40 standalone account-server[126032]: 172.20.0.100 - - [19/Feb/2026:09:36:40 +0000] "PUT /d1/198/AUTH_9a3de689b1eb4a79be5127ab2a9f7eee/gnocchi.577f5316-96d6-4afc-8a7f-1ff99d7c6f97" 201 - "-" "-" "container-updater 2" 0.0008 "-" 23 0
Feb 19 09:36:40 standalone account-server[126008]: 172.20.0.100 - - [19/Feb/2026:09:36:40 +0000] "PUT /d1/198/AUTH_9a3de689b1eb4a79be5127ab2a9f7eee/gnocchi.04e0e391-29da-4eea-9893-b0439a0c90f6" 201 - "-" "-" "container-updater 2" 0.0008 "-" 22 0
Feb 19 09:36:40 standalone account-server[125964]: 172.20.0.100 - - [19/Feb/2026:09:36:40 +0000] "PUT /d1/198/AUTH_9a3de689b1eb4a79be5127ab2a9f7eee/gnocchi.deaab8ad-569f-4012-a595-159295634a57" 201 - "-" "-" "container-updater 2" 0.0007 "-" 20 0
Feb 19 09:36:40 standalone account-server[126008]: 172.20.0.100 - - [19/Feb/2026:09:36:40 +0000] "PUT /d1/198/AUTH_9a3de689b1eb4a79be5127ab2a9f7eee/gnocchi.b713418c-8069-4db4-aaae-fde201fc4004" 201 - "-" "-" "container-updater 2" 0.0007 "-" 22 0
Feb 19 09:36:40 standalone account-server[126008]: 172.20.0.100 - - [19/Feb/2026:09:36:40 +0000] "PUT /d1/198/AUTH_9a3de689b1eb4a79be5127ab2a9f7eee/gnocchi.0c2f4108-674d-436f-8905-5b491dd4aeb7" 201 - "-" "-" "container-updater 2" 0.0007 "-" 22 0
Feb 19 09:36:40 standalone account-server[125964]: 172.20.0.100 - - [19/Feb/2026:09:36:40 +0000] "PUT /d1/198/AUTH_9a3de689b1eb4a79be5127ab2a9f7eee/gnocchi.7085fa9d-b1f5-41fa-8bf1-1dffa9a513b6" 201 - "-" "-" "container-updater 2" 0.0010 "-" 20 0
Feb 19 09:36:40 standalone account-server[126008]: 172.20.0.100 - - [19/Feb/2026:09:36:40 +0000] "PUT /d1/198/AUTH_9a3de689b1eb4a79be5127ab2a9f7eee/gnocchi.3fcad67a-404c-4da2-ba2f-70b454ba4794" 201 - "-" "-" "container-updater 2" 0.0004 "-" 22 0
Feb 19 09:36:40 standalone account-server[125964]: 172.20.0.100 - - [19/Feb/2026:09:36:40 +0000] "PUT /d1/198/AUTH_9a3de689b1eb4a79be5127ab2a9f7eee/gnocchi.1955efd2-0518-40bf-84fb-b21a1ce80ea3" 201 - "-" "-" "container-updater 2" 0.0006 "-" 20 0
Feb 19 09:36:41 standalone account-server[125980]: 172.20.0.100 - - [19/Feb/2026:09:36:41 +0000] "PUT /d1/198/AUTH_9a3de689b1eb4a79be5127ab2a9f7eee/gnocchi.6709bd6e-1485-4d6c-a5c7-708eb498ff5b" 201 - "-" "-" "container-updater 2" 0.0013 "-" 21 0
Feb 19 09:36:41 standalone account-server[125980]: 172.20.0.100 - - [19/Feb/2026:09:36:41 +0000] "PUT /d1/198/AUTH_9a3de689b1eb4a79be5127ab2a9f7eee/gnocchi.f4ba16b3-50e7-445e-b04e-9fe800768f91" 201 - "-" "-" "container-updater 2" 0.0005 "-" 21 0
Feb 19 09:36:41 standalone container-server[125608]: Container update sweep completed: 1.11s
Feb 19 09:36:46 standalone object-server[126293]: 172.20.0.100 - - [19/Feb/2026:09:36:46 +0000] "GET /d1/493/AUTH_9a3de689b1eb4a79be5127ab2a9f7eee/gnocchi.6709bd6e-1485-4d6c-a5c7-708eb498ff5b/none_v3" 200 31 "GET http://172.18.0.2:8080/v1/AUTH_9a3de689b1eb4a79be5127ab2a9f7eee/gnocchi.6709bd6e-1485-4d6c-a5c7-708eb498ff5b/none_v3" "txe58afdd9587449e491cb2-006996d9ae" "proxy-server 20" 0.0013 "-" 22 0
Feb 19 09:36:46 standalone proxy-server[128084]: 172.18.0.2 172.18.0.100 19/Feb/2026/09/36/46 GET /v1/AUTH_9a3de689b1eb4a79be5127ab2a9f7eee/gnocchi.6709bd6e-1485-4d6c-a5c7-708eb498ff5b/none_v3 HTTP/1.0 200 - python-swiftclient-3.11.1 gAAAAABpltkoOegl... - 31 - txe58afdd9587449e491cb2-006996d9ae - 0.0099 - - 1771493806.646194220 1771493806.656092167 0
Feb 19 09:36:46 standalone container-server[126014]: 172.20.0.100 - - [19/Feb/2026:09:36:46 +0000] "GET /d1/98/AUTH_9a3de689b1eb4a79be5127ab2a9f7eee/gnocchi.6709bd6e-1485-4d6c-a5c7-708eb498ff5b" 200 357 "GET http://172.18.0.2:8080/v1/AUTH_9a3de689b1eb4a79be5127ab2a9f7eee/gnocchi.6709bd6e-1485-4d6c-a5c7-708eb498ff5b?format=json&states=listing" "txaa49afc0a17b4b709cc15-006996d9ae" "proxy-server 20" 0.0026 "-" 22 0
Feb 19 09:36:46 standalone proxy-server[128084]: 172.18.0.2 172.18.0.100 19/Feb/2026/09/36/46 GET /v1/AUTH_9a3de689b1eb4a79be5127ab2a9f7eee/gnocchi.6709bd6e-1485-4d6c-a5c7-708eb498ff5b%3Fformat%3Djson%26states%3Dlisting HTTP/1.0 200 - python-swiftclient-3.11.1 gAAAAABpltkoOegl... - 357 - txaa49afc0a17b4b709cc15-006996d9ae - 0.0132 - - 1771493806.664621830 1771493806.677834749 0
Feb 19 09:36:46 standalone container-server[125981]: 172.20.0.100 - - [19/Feb/2026:09:36:46 +0000] "GET /d1/98/AUTH_9a3de689b1eb4a79be5127ab2a9f7eee/gnocchi.6709bd6e-1485-4d6c-a5c7-708eb498ff5b" 200 2 "GET http://172.18.0.2:8080/v1/AUTH_9a3de689b1eb4a79be5127ab2a9f7eee/gnocchi.6709bd6e-1485-4d6c-a5c7-708eb498ff5b?format=json&marker=none_v3&states=listing" "tx90737f604e5243f8a3290-006996d9ae" "proxy-server 20" 0.0030 "-" 20 0
Feb 19 09:36:46 standalone proxy-server[128084]: 172.18.0.2 172.18.0.100 19/Feb/2026/09/36/46 GET /v1/AUTH_9a3de689b1eb4a79be5127ab2a9f7eee/gnocchi.6709bd6e-1485-4d6c-a5c7-708eb498ff5b%3Fformat%3Djson%26marker%3Dnone_v3%26states%3Dlisting HTTP/1.0 200 - python-swiftclient-3.11.1 gAAAAABpltkoOegl... - 2 - tx90737f604e5243f8a3290-006996d9ae - 0.0105 - - 1771493806.683142662 1771493806.693662405 0
Feb 19 09:36:46 standalone object-server[126293]: 172.20.0.100 - - [19/Feb/2026:09:36:46 +0000] "GET /d1/826/AUTH_9a3de689b1eb4a79be5127ab2a9f7eee/gnocchi.6709bd6e-1485-4d6c-a5c7-708eb498ff5b/1771200000.0_mean_300.0_v3" 200 16 "GET http://172.18.0.2:8080/v1/AUTH_9a3de689b1eb4a79be5127ab2a9f7eee/gnocchi.6709bd6e-1485-4d6c-a5c7-708eb498ff5b/1771200000.0_mean_300.0_v3" "tx0ce543a7a575438bbdb8f-006996d9ae" "proxy-server 20" 0.0006 "-" 22 0
Feb 19 09:36:46 standalone proxy-server[128084]: 172.18.0.2 172.18.0.100 19/Feb/2026/09/36/46 GET /v1/AUTH_9a3de689b1eb4a79be5127ab2a9f7eee/gnocchi.6709bd6e-1485-4d6c-a5c7-708eb498ff5b/1771200000.0_mean_300.0_v3 HTTP/1.0 200 - python-swiftclient-3.11.1 gAAAAABpltkoOegl... - 16 - tx0ce543a7a575438bbdb8f-006996d9ae - 0.0084 - - 1771493806.701675177 1771493806.710077763 0
Feb 19 09:36:46 standalone container-server[125981]: 172.20.0.100 - - [19/Feb/2026:09:36:46 +0000] "PUT /d1/98/AUTH_9a3de689b1eb4a79be5127ab2a9f7eee/gnocchi.6709bd6e-1485-4d6c-a5c7-708eb498ff5b/1771200000.0_mean_300.0_v3" 201 - "PUT http://172.18.0.2:8080/d1/826/AUTH_9a3de689b1eb4a79be5127ab2a9f7eee/gnocchi.6709bd6e-1485-4d6c-a5c7-708eb498ff5b/1771200000.0_mean_300.0_v3" "txf1d762c309ee450186eb2-006996d9ae" "object-server 22" 0.0007 "-" 20 0
Feb 19 09:36:46 standalone object-server[126293]: 172.20.0.100 - - [19/Feb/2026:09:36:46 +0000] "PUT /d1/826/AUTH_9a3de689b1eb4a79be5127ab2a9f7eee/gnocchi.6709bd6e-1485-4d6c-a5c7-708eb498ff5b/1771200000.0_mean_300.0_v3" 201 - "PUT http://172.18.0.2:8080/v1/AUTH_9a3de689b1eb4a79be5127ab2a9f7eee/gnocchi.6709bd6e-1485-4d6c-a5c7-708eb498ff5b/1771200000.0_mean_300.0_v3" "txf1d762c309ee450186eb2-006996d9ae" "proxy-server 20" 0.0093 "-" 22 0
Feb 19 09:36:46 standalone proxy-server[128084]: 172.18.0.2 172.18.0.100 19/Feb/2026/09/36/46 PUT /v1/AUTH_9a3de689b1eb4a79be5127ab2a9f7eee/gnocchi.6709bd6e-1485-4d6c-a5c7-708eb498ff5b/1771200000.0_mean_300.0_v3 HTTP/1.0 201 - python-swiftclient-3.11.1 gAAAAABpltkoOegl... 16 - - txf1d762c309ee450186eb2-006996d9ae - 0.0146 - - 1771493806.714495659 1771493806.729138851 0
Feb 19 09:36:46 standalone container-server[126014]: 172.20.0.100 - - [19/Feb/2026:09:36:46 +0000] "PUT /d1/98/AUTH_9a3de689b1eb4a79be5127ab2a9f7eee/gnocchi.6709bd6e-1485-4d6c-a5c7-708eb498ff5b/none_v3" 201 - "PUT http://172.18.0.2:8080/d1/493/AUTH_9a3de689b1eb4a79be5127ab2a9f7eee/gnocchi.6709bd6e-1485-4d6c-a5c7-708eb498ff5b/none_v3" "tx1ca66219303a4510a2f19-006996d9ae" "object-server 16" 0.0004 "-" 22 0
Feb 19 09:36:46 standalone object-server[126282]: 172.20.0.100 - - [19/Feb/2026:09:36:46 +0000] "PUT /d1/493/AUTH_9a3de689b1eb4a79be5127ab2a9f7eee/gnocchi.6709bd6e-1485-4d6c-a5c7-708eb498ff5b/none_v3" 201 - "PUT http://172.18.0.2:8080/v1/AUTH_9a3de689b1eb4a79be5127ab2a9f7eee/gnocchi.6709bd6e-1485-4d6c-a5c7-708eb498ff5b/none_v3" "tx1ca66219303a4510a2f19-006996d9ae" "proxy-server 20" 0.0155 "-" 16 0
Feb 19 09:36:46 standalone proxy-server[128084]: 172.18.0.2 172.18.0.100 19/Feb/2026/09/36/46 PUT /v1/AUTH_9a3de689b1eb4a79be5127ab2a9f7eee/gnocchi.6709bd6e-1485-4d6c-a5c7-708eb498ff5b/none_v3 HTTP/1.0 201 - python-swiftclient-3.11.1 gAAAAABpltkoOegl... 46 - - tx1ca66219303a4510a2f19-006996d9ae - 0.0245 - - 1771493806.735029936 1771493806.759529829 0
Feb 19 09:36:47 standalone object-server[126282]: 172.20.0.100 - - [19/Feb/2026:09:36:47 +0000] "GET /d1/493/AUTH_9a3de689b1eb4a79be5127ab2a9f7eee/gnocchi.6709bd6e-1485-4d6c-a5c7-708eb498ff5b/none_v3" 200 46 "GET http://172.18.0.2:8080/v1/AUTH_9a3de689b1eb4a79be5127ab2a9f7eee/gnocchi.6709bd6e-1485-4d6c-a5c7-708eb498ff5b/none_v3" "tx54404f6d8f7e441bb976a-006996d9af" "proxy-server 20" 0.0008 "-" 16 0
Feb 19 09:36:47 standalone proxy-server[128084]: 172.18.0.2 172.18.0.100 19/Feb/2026/09/36/47 GET /v1/AUTH_9a3de689b1eb4a79be5127ab2a9f7eee/gnocchi.6709bd6e-1485-4d6c-a5c7-708eb498ff5b/none_v3 HTTP/1.0 200 - python-swiftclient-3.11.1 gAAAAABpltkoOegl... - 46 - tx54404f6d8f7e441bb976a-006996d9af - 0.0074 - - 1771493807.479739666 1771493807.487124681 0
Feb 19 09:36:47 standalone container-server[126003]: 172.20.0.100 - - [19/Feb/2026:09:36:47 +0000] "GET /d1/98/AUTH_9a3de689b1eb4a79be5127ab2a9f7eee/gnocchi.6709bd6e-1485-4d6c-a5c7-708eb498ff5b" 200 357 "GET http://172.18.0.2:8080/v1/AUTH_9a3de689b1eb4a79be5127ab2a9f7eee/gnocchi.6709bd6e-1485-4d6c-a5c7-708eb498ff5b?format=json&states=listing" "txf2d1e065b2214dc5805a4-006996d9af" "proxy-server 20" 0.0071 "-" 21 0
Feb 19 09:36:47 standalone proxy-server[128084]: 172.18.0.2 172.18.0.100 19/Feb/2026/09/36/47 GET /v1/AUTH_9a3de689b1eb4a79be5127ab2a9f7eee/gnocchi.6709bd6e-1485-4d6c-a5c7-708eb498ff5b%3Fformat%3Djson%26states%3Dlisting HTTP/1.0 200 - python-swiftclient-3.11.1 gAAAAABpltkoOegl... - 357 - txf2d1e065b2214dc5805a4-006996d9af - 0.0134 - - 1771493807.491219044 1771493807.504602909 0
Feb 19 09:36:47 standalone container-server[126014]: 172.20.0.100 - - [19/Feb/2026:09:36:47 +0000] "GET /d1/98/AUTH_9a3de689b1eb4a79be5127ab2a9f7eee/gnocchi.6709bd6e-1485-4d6c-a5c7-708eb498ff5b" 200 2 "GET http://172.18.0.2:8080/v1/AUTH_9a3de689b1eb4a79be5127ab2a9f7eee/gnocchi.6709bd6e-1485-4d6c-a5c7-708eb498ff5b?format=json&marker=none_v3&states=listing" "tx5acc0cd8436b4453aa106-006996d9af" "proxy-server 20" 0.0018 "-" 22 0
Feb 19 09:36:47 standalone proxy-server[128084]: 172.18.0.2 172.18.0.100 19/Feb/2026/09/36/47 GET /v1/AUTH_9a3de689b1eb4a79be5127ab2a9f7eee/gnocchi.6709bd6e-1485-4d6c-a5c7-708eb498ff5b%3Fformat%3Djson%26marker%3Dnone_v3%26states%3Dlisting HTTP/1.0 200 - python-swiftclient-3.11.1 gAAAAABpltkoOegl... - 2 - tx5acc0cd8436b4453aa106-006996d9af - 0.0070 - - 1771493807.506536722 1771493807.513522387 0
Feb 19 09:36:47 standalone object-server[126293]: 172.20.0.100 - - [19/Feb/2026:09:36:47 +0000] "GET /d1/826/AUTH_9a3de689b1eb4a79be5127ab2a9f7eee/gnocchi.6709bd6e-1485-4d6c-a5c7-708eb498ff5b/1771200000.0_mean_300.0_v3" 200 16 "GET http://172.18.0.2:8080/v1/AUTH_9a3de689b1eb4a79be5127ab2a9f7eee/gnocchi.6709bd6e-1485-4d6c-a5c7-708eb498ff5b/1771200000.0_mean_300.0_v3" "tx7d9cb473e1f64557bc7bf-006996d9af" "proxy-server 20" 0.0006 "-" 22 0
Feb 19 09:36:47 standalone proxy-server[128084]: 172.18.0.2 172.18.0.100 19/Feb/2026/09/36/47 GET /v1/AUTH_9a3de689b1eb4a79be5127ab2a9f7eee/gnocchi.6709bd6e-1485-4d6c-a5c7-708eb498ff5b/1771200000.0_mean_300.0_v3 HTTP/1.0 200 - python-swiftclient-3.11.1 gAAAAABpltkoOegl... - 16 - tx7d9cb473e1f64557bc7bf-006996d9af - 0.0051 - - 1771493807.516095638 1771493807.521234512 0
Feb 19 09:36:47 standalone container-server[126014]: 172.20.0.100 - - [19/Feb/2026:09:36:47 +0000] "PUT /d1/98/AUTH_9a3de689b1eb4a79be5127ab2a9f7eee/gnocchi.6709bd6e-1485-4d6c-a5c7-708eb498ff5b/1771200000.0_mean_300.0_v3" 201 - "PUT http://172.18.0.2:8080/d1/826/AUTH_9a3de689b1eb4a79be5127ab2a9f7eee/gnocchi.6709bd6e-1485-4d6c-a5c7-708eb498ff5b/1771200000.0_mean_300.0_v3" "tx61fa001b2b9341168e269-006996d9af" "object-server 22" 0.0006 "-" 22 0
Feb 19 09:36:47 standalone object-server[126293]: 172.20.0.100 - - [19/Feb/2026:09:36:47 +0000] "PUT /d1/826/AUTH_9a3de689b1eb4a79be5127ab2a9f7eee/gnocchi.6709bd6e-1485-4d6c-a5c7-708eb498ff5b/1771200000.0_mean_300.0_v3" 201 - "PUT http://172.18.0.2:8080/v1/AUTH_9a3de689b1eb4a79be5127ab2a9f7eee/gnocchi.6709bd6e-1485-4d6c-a5c7-708eb498ff5b/1771200000.0_mean_300.0_v3" "tx61fa001b2b9341168e269-006996d9af" "proxy-server 20" 0.0071 "-" 22 0
Feb 19 09:36:47 standalone proxy-server[128084]: 172.18.0.2 172.18.0.100 19/Feb/2026/09/36/47 PUT /v1/AUTH_9a3de689b1eb4a79be5127ab2a9f7eee/gnocchi.6709bd6e-1485-4d6c-a5c7-708eb498ff5b/1771200000.0_mean_300.0_v3 HTTP/1.0 201 - python-swiftclient-3.11.1 gAAAAABpltkoOegl... 16 - - tx61fa001b2b9341168e269-006996d9af - 0.0121 - - 1771493807.525351524 1771493807.537460804 0
Feb 19 09:36:47 standalone container-server[125981]: 172.20.0.100 - - [19/Feb/2026:09:36:47 +0000] "PUT /d1/98/AUTH_9a3de689b1eb4a79be5127ab2a9f7eee/gnocchi.6709bd6e-1485-4d6c-a5c7-708eb498ff5b/none_v3" 201 - "PUT http://172.18.0.2:8080/d1/493/AUTH_9a3de689b1eb4a79be5127ab2a9f7eee/gnocchi.6709bd6e-1485-4d6c-a5c7-708eb498ff5b/none_v3" "tx0187471a70784017a7645-006996d9af" "object-server 22" 0.0005 "-" 20 0
Feb 19 09:36:47 standalone object-server[126293]: 172.20.0.100 - - [19/Feb/2026:09:36:47 +0000] "PUT /d1/493/AUTH_9a3de689b1eb4a79be5127ab2a9f7eee/gnocchi.6709bd6e-1485-4d6c-a5c7-708eb498ff5b/none_v3" 201 - "PUT http://172.18.0.2:8080/v1/AUTH_9a3de689b1eb4a79be5127ab2a9f7eee/gnocchi.6709bd6e-1485-4d6c-a5c7-708eb498ff5b/none_v3" "tx0187471a70784017a7645-006996d9af" "proxy-server 20" 0.0079 "-" 22 0
Feb 19 09:36:47 standalone proxy-server[128084]: 172.18.0.2 172.18.0.100 19/Feb/2026/09/36/47 PUT /v1/AUTH_9a3de689b1eb4a79be5127ab2a9f7eee/gnocchi.6709bd6e-1485-4d6c-a5c7-708eb498ff5b/none_v3 HTTP/1.0 201 - python-swiftclient-3.11.1 gAAAAABpltkoOegl... 51 - - tx0187471a70784017a7645-006996d9af - 0.0124 - - 1771493807.539751768 1771493807.552151442 0
Feb 19 09:36:50 standalone container-server[126020]: 172.20.0.100 - - [19/Feb/2026:09:36:50 +0000] "HEAD /d1/337/AUTH_9a3de689b1eb4a79be5127ab2a9f7eee/gnocchi.ae2d80e7-9e20-40f4-b8e4-573a550aeb29" 404 - "HEAD http://172.18.0.2:8080/v1/AUTH_9a3de689b1eb4a79be5127ab2a9f7eee/gnocchi.ae2d80e7-9e20-40f4-b8e4-573a550aeb29?format=json&states=listing" "tx54751505a41746b1b2779-006996d9b2" "proxy-server 20" 0.0007 "-" 23 0
Feb 19 09:36:50 standalone object-server[126288]: 172.20.0.100 - - [19/Feb/2026:09:36:50 +0000] "GET /d1/577/AUTH_9a3de689b1eb4a79be5127ab2a9f7eee/gnocchi.ae2d80e7-9e20-40f4-b8e4-573a550aeb29/none_v3" 404 70 "GET http://172.18.0.2:8080/v1/AUTH_9a3de689b1eb4a79be5127ab2a9f7eee/gnocchi.ae2d80e7-9e20-40f4-b8e4-573a550aeb29/none_v3" "tx54751505a41746b1b2779-006996d9b2" "proxy-server 20" 0.0004 "-" 20 0
Feb 19 09:36:50 standalone proxy-server[128084]: 172.18.0.2 172.18.0.100 19/Feb/2026/09/36/50 GET /v1/AUTH_9a3de689b1eb4a79be5127ab2a9f7eee/gnocchi.ae2d80e7-9e20-40f4-b8e4-573a550aeb29/none_v3 HTTP/1.0 404 - python-swiftclient-3.11.1 gAAAAABpltkoOegl... - 70 - tx54751505a41746b1b2779-006996d9b2 - 0.0287 - - 1771493810.487009764 1771493810.515731573 0
Feb 19 09:36:50 standalone account-server[125980]: 172.20.0.100 - - [19/Feb/2026:09:36:50 +0000] "PUT /d1/198/AUTH_9a3de689b1eb4a79be5127ab2a9f7eee/gnocchi.ae2d80e7-9e20-40f4-b8e4-573a550aeb29" 201 - "PUT http://172.20.0.100:6001/d1/337/AUTH_9a3de689b1eb4a79be5127ab2a9f7eee/gnocchi.ae2d80e7-9e20-40f4-b8e4-573a550aeb29" "txe341290bae7a4330a1899-006996d9b2" "container-server 21" 0.0068 "-" 21 0
Feb 19 09:36:50 standalone container-server[126003]: 172.20.0.100 - - [19/Feb/2026:09:36:50 +0000] "PUT /d1/337/AUTH_9a3de689b1eb4a79be5127ab2a9f7eee/gnocchi.ae2d80e7-9e20-40f4-b8e4-573a550aeb29" 201 - "PUT http://172.18.0.2:8080/v1/AUTH_9a3de689b1eb4a79be5127ab2a9f7eee/gnocchi.ae2d80e7-9e20-40f4-b8e4-573a550aeb29" "txe341290bae7a4330a1899-006996d9b2" "proxy-server 20" 0.0186 "-" 21 0
Feb 19 09:36:50 standalone proxy-server[128084]: 172.18.0.2 172.18.0.100 19/Feb/2026/09/36/50 PUT /v1/AUTH_9a3de689b1eb4a79be5127ab2a9f7eee/gnocchi.ae2d80e7-9e20-40f4-b8e4-573a550aeb29 HTTP/1.0 201 - python-swiftclient-3.11.1 gAAAAABpltkoOegl... - - - txe341290bae7a4330a1899-006996d9b2 - 0.0310 - - 1771493810.526224375 1771493810.557198286 0
Feb 19 09:36:50 standalone container-server[126014]: 172.20.0.100 - - [19/Feb/2026:09:36:50 +0000] "HEAD /d1/337/AUTH_9a3de689b1eb4a79be5127ab2a9f7eee/gnocchi.ae2d80e7-9e20-40f4-b8e4-573a550aeb29" 204 - "HEAD http://172.18.0.2:8080/v1/AUTH_9a3de689b1eb4a79be5127ab2a9f7eee/gnocchi.ae2d80e7-9e20-40f4-b8e4-573a550aeb29?format=json&states=listing" "tx6dfe9deccb3a4502be5c8-006996d9b2" "proxy-server 20" 0.0033 "-" 22 0
Feb 19 09:36:50 standalone proxy-server[128084]: - - 19/Feb/2026/09/36/50 HEAD /v1/AUTH_9a3de689b1eb4a79be5127ab2a9f7eee/gnocchi.ae2d80e7-9e20-40f4-b8e4-573a550aeb29%3Fformat%3Djson%26states%3Dlisting HTTP/1.0 204 - Swift - - - - tx6dfe9deccb3a4502be5c8-006996d9b2 - 0.0090 RL - 1771493810.563417435 1771493810.572456598 0
Feb 19 09:36:50 standalone container-server[125981]: 172.20.0.100 - - [19/Feb/2026:09:36:50 +0000] "GET /d1/337/AUTH_9a3de689b1eb4a79be5127ab2a9f7eee/gnocchi.ae2d80e7-9e20-40f4-b8e4-573a550aeb29" 200 2 "GET http://172.18.0.2:8080/v1/AUTH_9a3de689b1eb4a79be5127ab2a9f7eee/gnocchi.ae2d80e7-9e20-40f4-b8e4-573a550aeb29?format=json&states=listing" "tx6dfe9deccb3a4502be5c8-006996d9b2" "proxy-server 20" 0.0041 "-" 20 0
Feb 19 09:36:50 standalone proxy-server[128084]: 172.18.0.2 172.18.0.100 19/Feb/2026/09/36/50 GET /v1/AUTH_9a3de689b1eb4a79be5127ab2a9f7eee/gnocchi.ae2d80e7-9e20-40f4-b8e4-573a550aeb29%3Fformat%3Djson%26states%3Dlisting HTTP/1.0 200 - python-swiftclient-3.11.1 gAAAAABpltkoOegl... - 2 - tx6dfe9deccb3a4502be5c8-006996d9b2 - 0.0264 - - 1771493810.561702251 1771493810.588103771 0
Feb 19 09:36:50 standalone object-server[126288]: 172.20.0.100 - - [19/Feb/2026:09:36:50 +0000] "GET /d1/583/AUTH_9a3de689b1eb4a79be5127ab2a9f7eee/gnocchi.ae2d80e7-9e20-40f4-b8e4-573a550aeb29/1771200000.0_mean_300.0_v3" 404 70 "GET http://172.18.0.2:8080/v1/AUTH_9a3de689b1eb4a79be5127ab2a9f7eee/gnocchi.ae2d80e7-9e20-40f4-b8e4-573a550aeb29/1771200000.0_mean_300.0_v3" "tx7c2284fca01f432895564-006996d9b2" "proxy-server 20" 0.0007 "-" 20 0
Feb 19 09:36:50 standalone proxy-server[128084]: 172.18.0.2 172.18.0.100 19/Feb/2026/09/36/50 GET /v1/AUTH_9a3de689b1eb4a79be5127ab2a9f7eee/gnocchi.ae2d80e7-9e20-40f4-b8e4-573a550aeb29/1771200000.0_mean_300.0_v3 HTTP/1.0 404 - python-swiftclient-3.11.1 gAAAAABpltkoOegl... - 70 - tx7c2284fca01f432895564-006996d9b2 - 0.0113 - - 1771493810.592671633 1771493810.603933811 0
Feb 19 09:36:50 standalone container-server[125981]: 172.20.0.100 - - [19/Feb/2026:09:36:50 +0000] "PUT /d1/337/AUTH_9a3de689b1eb4a79be5127ab2a9f7eee/gnocchi.ae2d80e7-9e20-40f4-b8e4-573a550aeb29/1771200000.0_mean_300.0_v3" 201 - "PUT http://172.18.0.2:8080/d1/583/AUTH_9a3de689b1eb4a79be5127ab2a9f7eee/gnocchi.ae2d80e7-9e20-40f4-b8e4-573a550aeb29/1771200000.0_mean_300.0_v3" "txa81495f01ed24c0aac8ea-006996d9b2" "object-server 22" 0.0011 "-" 20 0
Feb 19 09:36:50 standalone object-server[126293]: 172.20.0.100 - - [19/Feb/2026:09:36:50 +0000] "PUT /d1/583/AUTH_9a3de689b1eb4a79be5127ab2a9f7eee/gnocchi.ae2d80e7-9e20-40f4-b8e4-573a550aeb29/1771200000.0_mean_300.0_v3" 201 - "PUT http://172.18.0.2:8080/v1/AUTH_9a3de689b1eb4a79be5127ab2a9f7eee/gnocchi.ae2d80e7-9e20-40f4-b8e4-573a550aeb29/1771200000.0_mean_300.0_v3" "txa81495f01ed24c0aac8ea-006996d9b2" "proxy-server 20" 0.0126 "-" 22 0
Feb 19 09:36:50 standalone proxy-server[128084]: 172.18.0.2 172.18.0.100 19/Feb/2026/09/36/50 PUT /v1/AUTH_9a3de689b1eb4a79be5127ab2a9f7eee/gnocchi.ae2d80e7-9e20-40f4-b8e4-573a550aeb29/1771200000.0_mean_300.0_v3 HTTP/1.0 201 - python-swiftclient-3.11.1 gAAAAABpltkoOegl... 16 - - txa81495f01ed24c0aac8ea-006996d9b2 - 0.0237 - - 1771493810.608414650 1771493810.632134199 0
Feb 19 09:36:50 standalone container-server[126003]: 172.20.0.100 - - [19/Feb/2026:09:36:50 +0000] "PUT /d1/337/AUTH_9a3de689b1eb4a79be5127ab2a9f7eee/gnocchi.ae2d80e7-9e20-40f4-b8e4-573a550aeb29/none_v3" 201 - "PUT http://172.18.0.2:8080/d1/577/AUTH_9a3de689b1eb4a79be5127ab2a9f7eee/gnocchi.ae2d80e7-9e20-40f4-b8e4-573a550aeb29/none_v3" "tx15a746afeca2432182135-006996d9b2" "object-server 20" 0.0016 "-" 21 0
Feb 19 09:36:50 standalone object-server[126288]: 172.20.0.100 - - [19/Feb/2026:09:36:50 +0000] "PUT /d1/577/AUTH_9a3de689b1eb4a79be5127ab2a9f7eee/gnocchi.ae2d80e7-9e20-40f4-b8e4-573a550aeb29/none_v3" 201 - "PUT http://172.18.0.2:8080/v1/AUTH_9a3de689b1eb4a79be5127ab2a9f7eee/gnocchi.ae2d80e7-9e20-40f4-b8e4-573a550aeb29/none_v3" "tx15a746afeca2432182135-006996d9b2" "proxy-server 20" 0.0157 "-" 20 0
Feb 19 09:36:50 standalone proxy-server[128084]: 172.18.0.2 172.18.0.100 19/Feb/2026/09/36/50 PUT /v1/AUTH_9a3de689b1eb4a79be5127ab2a9f7eee/gnocchi.ae2d80e7-9e20-40f4-b8e4-573a550aeb29/none_v3 HTTP/1.0 201 - python-swiftclient-3.11.1 gAAAAABpltkoOegl... 22 - - tx15a746afeca2432182135-006996d9b2 - 0.0260 - - 1771493810.636678219 1771493810.662671804 0
Feb 19 09:36:50 standalone container-server[126020]: 172.20.0.100 - - [19/Feb/2026:09:36:50 +0000] "HEAD /d1/45/AUTH_9a3de689b1eb4a79be5127ab2a9f7eee/gnocchi.67aaa1f0-b07e-4173-9e3d-2aa9e42bfe58" 404 - "HEAD http://172.18.0.2:8080/v1/AUTH_9a3de689b1eb4a79be5127ab2a9f7eee/gnocchi.67aaa1f0-b07e-4173-9e3d-2aa9e42bfe58?format=json&states=listing" "tx92fa515646ef469b86b05-006996d9b2" "proxy-server 20" 0.0010 "-" 23 0
Feb 19 09:36:50 standalone object-server[126291]: 172.20.0.100 - - [19/Feb/2026:09:36:50 +0000] "GET /d1/476/AUTH_9a3de689b1eb4a79be5127ab2a9f7eee/gnocchi.67aaa1f0-b07e-4173-9e3d-2aa9e42bfe58/none_v3" 404 70 "GET http://172.18.0.2:8080/v1/AUTH_9a3de689b1eb4a79be5127ab2a9f7eee/gnocchi.67aaa1f0-b07e-4173-9e3d-2aa9e42bfe58/none_v3" "tx92fa515646ef469b86b05-006996d9b2" "proxy-server 20" 0.0003 "-" 21 0
Feb 19 09:36:50 standalone proxy-server[128084]: 172.18.0.2 172.18.0.100 19/Feb/2026/09/36/50 GET /v1/AUTH_9a3de689b1eb4a79be5127ab2a9f7eee/gnocchi.67aaa1f0-b07e-4173-9e3d-2aa9e42bfe58/none_v3 HTTP/1.0 404 - python-swiftclient-3.11.1 gAAAAABpltkoOegl... - 70 - tx92fa515646ef469b86b05-006996d9b2 - 0.0148 - - 1771493810.698682785 1771493810.713511229 0
Feb 19 09:36:50 standalone account-server[125964]: 172.20.0.100 - - [19/Feb/2026:09:36:50 +0000] "PUT /d1/198/AUTH_9a3de689b1eb4a79be5127ab2a9f7eee/gnocchi.67aaa1f0-b07e-4173-9e3d-2aa9e42bfe58" 201 - "PUT http://172.20.0.100:6001/d1/45/AUTH_9a3de689b1eb4a79be5127ab2a9f7eee/gnocchi.67aaa1f0-b07e-4173-9e3d-2aa9e42bfe58" "txda3a0ba21abe425c997c5-006996d9b2" "container-server 22" 0.0071 "-" 20 0
Feb 19 09:36:50 standalone container-server[126014]: 172.20.0.100 - - [19/Feb/2026:09:36:50 +0000] "PUT /d1/45/AUTH_9a3de689b1eb4a79be5127ab2a9f7eee/gnocchi.67aaa1f0-b07e-4173-9e3d-2aa9e42bfe58" 201 - "PUT http://172.18.0.2:8080/v1/AUTH_9a3de689b1eb4a79be5127ab2a9f7eee/gnocchi.67aaa1f0-b07e-4173-9e3d-2aa9e42bfe58" "txda3a0ba21abe425c997c5-006996d9b2" "proxy-server 20" 0.0215 "-" 22 0
Feb 19 09:36:50 standalone proxy-server[128084]: 172.18.0.2 172.18.0.100 19/Feb/2026/09/36/50 PUT /v1/AUTH_9a3de689b1eb4a79be5127ab2a9f7eee/gnocchi.67aaa1f0-b07e-4173-9e3d-2aa9e42bfe58 HTTP/1.0 201 - python-swiftclient-3.11.1 gAAAAABpltkoOegl... - - - txda3a0ba21abe425c997c5-006996d9b2 - 0.0274 - - 1771493810.717798233 1771493810.745199203 0
Feb 19 09:36:50 standalone container-server[126003]: 172.20.0.100 - - [19/Feb/2026:09:36:50 +0000] "HEAD /d1/45/AUTH_9a3de689b1eb4a79be5127ab2a9f7eee/gnocchi.67aaa1f0-b07e-4173-9e3d-2aa9e42bfe58" 204 - "HEAD http://172.18.0.2:8080/v1/AUTH_9a3de689b1eb4a79be5127ab2a9f7eee/gnocchi.67aaa1f0-b07e-4173-9e3d-2aa9e42bfe58?format=json&states=listing" "txf0e9a3175e0241f1a11eb-006996d9b2" "proxy-server 20" 0.0033 "-" 21 0
Feb 19 09:36:50 standalone proxy-server[128084]: - - 19/Feb/2026/09/36/50 HEAD /v1/AUTH_9a3de689b1eb4a79be5127ab2a9f7eee/gnocchi.67aaa1f0-b07e-4173-9e3d-2aa9e42bfe58%3Fformat%3Djson%26states%3Dlisting HTTP/1.0 204 - Swift - - - - txf0e9a3175e0241f1a11eb-006996d9b2 - 0.0091 RL - 1771493810.751663923 1771493810.760718346 0
Feb 19 09:36:50 standalone container-server[126014]: 172.20.0.100 - - [19/Feb/2026:09:36:50 +0000] "GET /d1/45/AUTH_9a3de689b1eb4a79be5127ab2a9f7eee/gnocchi.67aaa1f0-b07e-4173-9e3d-2aa9e42bfe58" 200 2 "GET http://172.18.0.2:8080/v1/AUTH_9a3de689b1eb4a79be5127ab2a9f7eee/gnocchi.67aaa1f0-b07e-4173-9e3d-2aa9e42bfe58?format=json&states=listing" "txf0e9a3175e0241f1a11eb-006996d9b2" "proxy-server 20" 0.0046 "-" 22 0
Feb 19 09:36:50 standalone proxy-server[128084]: 172.18.0.2 172.18.0.100 19/Feb/2026/09/36/50 GET /v1/AUTH_9a3de689b1eb4a79be5127ab2a9f7eee/gnocchi.67aaa1f0-b07e-4173-9e3d-2aa9e42bfe58%3Fformat%3Djson%26states%3Dlisting HTTP/1.0 200 - python-swiftclient-3.11.1 gAAAAABpltkoOegl... - 2 - txf0e9a3175e0241f1a11eb-006996d9b2 - 0.0258 - - 1771493810.749948263 1771493810.775766134 0
Feb 19 09:36:50 standalone object-server[126293]: 172.20.0.100 - - [19/Feb/2026:09:36:50 +0000] "GET /d1/911/AUTH_9a3de689b1eb4a79be5127ab2a9f7eee/gnocchi.67aaa1f0-b07e-4173-9e3d-2aa9e42bfe58/1771200000.0_mean_300.0_v3" 404 70 "GET http://172.18.0.2:8080/v1/AUTH_9a3de689b1eb4a79be5127ab2a9f7eee/gnocchi.67aaa1f0-b07e-4173-9e3d-2aa9e42bfe58/1771200000.0_mean_300.0_v3" "txc0be97b09c2a4d2a881fd-006996d9b2" "proxy-server 20" 0.0004 "-" 22 0
Feb 19 09:36:50 standalone proxy-server[128084]: 172.18.0.2 172.18.0.100 19/Feb/2026/09/36/50 GET /v1/AUTH_9a3de689b1eb4a79be5127ab2a9f7eee/gnocchi.67aaa1f0-b07e-4173-9e3d-2aa9e42bfe58/1771200000.0_mean_300.0_v3 HTTP/1.0 404 - python-swiftclient-3.11.1 gAAAAABpltkoOegl... - 70 - txc0be97b09c2a4d2a881fd-006996d9b2 - 0.0090 - - 1771493810.786094427 1771493810.795142889 0
Feb 19 09:36:50 standalone container-server[126020]: 172.20.0.100 - - [19/Feb/2026:09:36:50 +0000] "PUT /d1/45/AUTH_9a3de689b1eb4a79be5127ab2a9f7eee/gnocchi.67aaa1f0-b07e-4173-9e3d-2aa9e42bfe58/1771200000.0_mean_300.0_v3" 201 - "PUT http://172.18.0.2:8080/d1/911/AUTH_9a3de689b1eb4a79be5127ab2a9f7eee/gnocchi.67aaa1f0-b07e-4173-9e3d-2aa9e42bfe58/1771200000.0_mean_300.0_v3" "tx757b17fec9944cb68c23e-006996d9b2" "object-server 20" 0.0008 "-" 23 0
Feb 19 09:36:50 standalone object-server[126288]: 172.20.0.100 - - [19/Feb/2026:09:36:50 +0000] "PUT /d1/911/AUTH_9a3de689b1eb4a79be5127ab2a9f7eee/gnocchi.67aaa1f0-b07e-4173-9e3d-2aa9e42bfe58/1771200000.0_mean_300.0_v3" 201 - "PUT http://172.18.0.2:8080/v1/AUTH_9a3de689b1eb4a79be5127ab2a9f7eee/gnocchi.67aaa1f0-b07e-4173-9e3d-2aa9e42bfe58/1771200000.0_mean_300.0_v3" "tx757b17fec9944cb68c23e-006996d9b2" "proxy-server 20" 0.0148 "-" 20 0
Feb 19 09:36:50 standalone proxy-server[128084]: 172.18.0.2 172.18.0.100 19/Feb/2026/09/36/50 PUT /v1/AUTH_9a3de689b1eb4a79be5127ab2a9f7eee/gnocchi.67aaa1f0-b07e-4173-9e3d-2aa9e42bfe58/1771200000.0_mean_300.0_v3 HTTP/1.0 201 - python-swiftclient-3.11.1 gAAAAABpltkoOegl... 16 - - tx757b17fec9944cb68c23e-006996d9b2 - 0.0266 - - 1771493810.804728746 1771493810.831350327 0
Feb 19 09:36:50 standalone container-server[125981]: 172.20.0.100 - - [19/Feb/2026:09:36:50 +0000] "PUT /d1/45/AUTH_9a3de689b1eb4a79be5127ab2a9f7eee/gnocchi.67aaa1f0-b07e-4173-9e3d-2aa9e42bfe58/none_v3" 201 - "PUT http://172.18.0.2:8080/d1/476/AUTH_9a3de689b1eb4a79be5127ab2a9f7eee/gnocchi.67aaa1f0-b07e-4173-9e3d-2aa9e42bfe58/none_v3" "tx523198cc35bf4d59bd5e9-006996d9b2" "object-server 22" 0.0008 "-" 20 0
Feb 19 09:36:50 standalone object-server[126293]: 172.20.0.100 - - [19/Feb/2026:09:36:50 +0000] "PUT /d1/476/AUTH_9a3de689b1eb4a79be5127ab2a9f7eee/gnocchi.67aaa1f0-b07e-4173-9e3d-2aa9e42bfe58/none_v3" 201 - "PUT http://172.18.0.2:8080/v1/AUTH_9a3de689b1eb4a79be5127ab2a9f7eee/gnocchi.67aaa1f0-b07e-4173-9e3d-2aa9e42bfe58/none_v3" "tx523198cc35bf4d59bd5e9-006996d9b2" "proxy-server 20" 0.0131 "-" 22 0
Feb 19 09:36:50 standalone proxy-server[128084]: 172.18.0.2 172.18.0.100 19/Feb/2026/09/36/50 PUT /v1/AUTH_9a3de689b1eb4a79be5127ab2a9f7eee/gnocchi.67aaa1f0-b07e-4173-9e3d-2aa9e42bfe58/none_v3 HTTP/1.0 201 - python-swiftclient-3.11.1 gAAAAABpltkoOegl... 22 - - tx523198cc35bf4d59bd5e9-006996d9b2 - 0.0303 - - 1771493810.841203213 1771493810.871490717 0
Feb 19 09:36:50 standalone container-server[126014]: 172.20.0.100 - - [19/Feb/2026:09:36:50 +0000] "HEAD /d1/272/AUTH_9a3de689b1eb4a79be5127ab2a9f7eee/gnocchi.acc98283-a98b-4663-9143-a7cab6d979fe" 404 - "HEAD http://172.18.0.2:8080/v1/AUTH_9a3de689b1eb4a79be5127ab2a9f7eee/gnocchi.acc98283-a98b-4663-9143-a7cab6d979fe?format=json&states=listing" "txe96f1a9923e14799a0f9f-006996d9b2" "proxy-server 20" 0.0010 "-" 22 0
Feb 19 09:36:50 standalone object-server[126291]: 172.20.0.100 - - [19/Feb/2026:09:36:50 +0000] "GET /d1/722/AUTH_9a3de689b1eb4a79be5127ab2a9f7eee/gnocchi.acc98283-a98b-4663-9143-a7cab6d979fe/none_v3" 404 70 "GET http://172.18.0.2:8080/v1/AUTH_9a3de689b1eb4a79be5127ab2a9f7eee/gnocchi.acc98283-a98b-4663-9143-a7cab6d979fe/none_v3" "txe96f1a9923e14799a0f9f-006996d9b2" "proxy-server 20" 0.0004 "-" 21 0
Feb 19 09:36:50 standalone proxy-server[128084]: 172.18.0.2 172.18.0.100 19/Feb/2026/09/36/50 GET /v1/AUTH_9a3de689b1eb4a79be5127ab2a9f7eee/gnocchi.acc98283-a98b-4663-9143-a7cab6d979fe/none_v3 HTTP/1.0 404 - python-swiftclient-3.11.1 gAAAAABpltkoOegl... - 70 - txe96f1a9923e14799a0f9f-006996d9b2 - 0.0227 - - 1771493810.893628120 1771493810.916377068 0
Feb 19 09:36:50 standalone account-server[125980]: 172.20.0.100 - - [19/Feb/2026:09:36:50 +0000] "PUT /d1/198/AUTH_9a3de689b1eb4a79be5127ab2a9f7eee/gnocchi.acc98283-a98b-4663-9143-a7cab6d979fe" 201 - "PUT http://172.20.0.100:6001/d1/272/AUTH_9a3de689b1eb4a79be5127ab2a9f7eee/gnocchi.acc98283-a98b-4663-9143-a7cab6d979fe" "tx04923730841140349906b-006996d9b2" "container-server 23" 0.0092 "-" 21 0
Feb 19 09:36:50 standalone container-server[126020]: 172.20.0.100 - - [19/Feb/2026:09:36:50 +0000] "PUT /d1/272/AUTH_9a3de689b1eb4a79be5127ab2a9f7eee/gnocchi.acc98283-a98b-4663-9143-a7cab6d979fe" 201 - "PUT http://172.18.0.2:8080/v1/AUTH_9a3de689b1eb4a79be5127ab2a9f7eee/gnocchi.acc98283-a98b-4663-9143-a7cab6d979fe" "tx04923730841140349906b-006996d9b2" "proxy-server 20" 0.0253 "-" 23 0
Feb 19 09:36:50 standalone proxy-server[128084]: 172.18.0.2 172.18.0.100 19/Feb/2026/09/36/50 PUT /v1/AUTH_9a3de689b1eb4a79be5127ab2a9f7eee/gnocchi.acc98283-a98b-4663-9143-a7cab6d979fe HTTP/1.0 201 - python-swiftclient-3.11.1 gAAAAABpltkoOegl... - - - tx04923730841140349906b-006996d9b2 - 0.0331 - - 1771493810.922157049 1771493810.955241442 0
Feb 19 09:36:50 standalone container-server[125981]: 172.20.0.100 - - [19/Feb/2026:09:36:50 +0000] "HEAD /d1/272/AUTH_9a3de689b1eb4a79be5127ab2a9f7eee/gnocchi.acc98283-a98b-4663-9143-a7cab6d979fe" 204 - "HEAD http://172.18.0.2:8080/v1/AUTH_9a3de689b1eb4a79be5127ab2a9f7eee/gnocchi.acc98283-a98b-4663-9143-a7cab6d979fe?format=json&states=listing" "tx88c05455920743e28a088-006996d9b2" "proxy-server 20" 0.0015 "-" 20 0
