Feb 19 09:35:41 standalone container-server[125981]: 172.20.0.100 - - [19/Feb/2026:09:35:41 +0000] "PUT /d1/225/AUTH_9a3de689b1eb4a79be5127ab2a9f7eee/gnocchi.0c2f4108-674d-436f-8905-5b491dd4aeb7/1771200000.0_mean_300.0_v3" 201 - "PUT http://172.18.0.2:8080/d1/1018/AUTH_9a3de689b1eb4a79be5127ab2a9f7eee/gnocchi.0c2f4108-674d-436f-8905-5b491dd4aeb7/1771200000.0_mean_300.0_v3" "tx21ba1856850a43e6acce0-006996d96d" "object-server 21" 0.0010 "-" 20 0
Feb 19 09:35:41 standalone object-server[126291]: 172.20.0.100 - - [19/Feb/2026:09:35:41 +0000] "PUT /d1/1018/AUTH_9a3de689b1eb4a79be5127ab2a9f7eee/gnocchi.0c2f4108-674d-436f-8905-5b491dd4aeb7/1771200000.0_mean_300.0_v3" 201 - "PUT http://172.18.0.2:8080/v1/AUTH_9a3de689b1eb4a79be5127ab2a9f7eee/gnocchi.0c2f4108-674d-436f-8905-5b491dd4aeb7/1771200000.0_mean_300.0_v3" "tx21ba1856850a43e6acce0-006996d96d" "proxy-server 20" 0.0118 "-" 21 0
Feb 19 09:35:41 standalone proxy-server[128084]: 172.18.0.2 172.18.0.100 19/Feb/2026/09/35/41 PUT /v1/AUTH_9a3de689b1eb4a79be5127ab2a9f7eee/gnocchi.0c2f4108-674d-436f-8905-5b491dd4aeb7/1771200000.0_mean_300.0_v3 HTTP/1.0 201 - python-swiftclient-3.11.1 gAAAAABpltkoOegl... 16 - - tx21ba1856850a43e6acce0-006996d96d - 0.0222 - - 1771493741.120733976 1771493741.142970324 0
Feb 19 09:35:41 standalone container-server[125981]: 172.20.0.100 - - [19/Feb/2026:09:35:41 +0000] "PUT /d1/225/AUTH_9a3de689b1eb4a79be5127ab2a9f7eee/gnocchi.0c2f4108-674d-436f-8905-5b491dd4aeb7/none_v3" 201 - "PUT http://172.18.0.2:8080/d1/575/AUTH_9a3de689b1eb4a79be5127ab2a9f7eee/gnocchi.0c2f4108-674d-436f-8905-5b491dd4aeb7/none_v3" "txe86cac45069244e1825e3-006996d96d" "object-server 16" 0.0011 "-" 20 0
Feb 19 09:35:41 standalone object-server[126282]: 172.20.0.100 - - [19/Feb/2026:09:35:41 +0000] "PUT /d1/575/AUTH_9a3de689b1eb4a79be5127ab2a9f7eee/gnocchi.0c2f4108-674d-436f-8905-5b491dd4aeb7/none_v3" 201 - "PUT http://172.18.0.2:8080/v1/AUTH_9a3de689b1eb4a79be5127ab2a9f7eee/gnocchi.0c2f4108-674d-436f-8905-5b491dd4aeb7/none_v3" "txe86cac45069244e1825e3-006996d96d" "proxy-server 20" 0.0153 "-" 16 0
Feb 19 09:35:41 standalone proxy-server[128084]: 172.18.0.2 172.18.0.100 19/Feb/2026/09/35/41 PUT /v1/AUTH_9a3de689b1eb4a79be5127ab2a9f7eee/gnocchi.0c2f4108-674d-436f-8905-5b491dd4aeb7/none_v3 HTTP/1.0 201 - python-swiftclient-3.11.1 gAAAAABpltkoOegl... 22 - - txe86cac45069244e1825e3-006996d96d - 0.0273 - - 1771493741.148635864 1771493741.175919771 0
Feb 19 09:35:41 standalone container-server[126014]: 172.20.0.100 - - [19/Feb/2026:09:35:41 +0000] "HEAD /d1/659/AUTH_9a3de689b1eb4a79be5127ab2a9f7eee/gnocchi.b713418c-8069-4db4-aaae-fde201fc4004" 404 - "HEAD http://172.18.0.2:8080/v1/AUTH_9a3de689b1eb4a79be5127ab2a9f7eee/gnocchi.b713418c-8069-4db4-aaae-fde201fc4004?format=json&states=listing" "tx8b8375d6b076405f9c0ec-006996d96d" "proxy-server 20" 0.0006 "-" 22 0
Feb 19 09:35:41 standalone object-server[126288]: 172.20.0.100 - - [19/Feb/2026:09:35:41 +0000] "GET /d1/127/AUTH_9a3de689b1eb4a79be5127ab2a9f7eee/gnocchi.b713418c-8069-4db4-aaae-fde201fc4004/none_v3" 404 70 "GET http://172.18.0.2:8080/v1/AUTH_9a3de689b1eb4a79be5127ab2a9f7eee/gnocchi.b713418c-8069-4db4-aaae-fde201fc4004/none_v3" "tx8b8375d6b076405f9c0ec-006996d96d" "proxy-server 20" 0.0005 "-" 20 0
Feb 19 09:35:41 standalone proxy-server[128084]: 172.18.0.2 172.18.0.100 19/Feb/2026/09/35/41 GET /v1/AUTH_9a3de689b1eb4a79be5127ab2a9f7eee/gnocchi.b713418c-8069-4db4-aaae-fde201fc4004/none_v3 HTTP/1.0 404 - python-swiftclient-3.11.1 gAAAAABpltkoOegl... - 70 - tx8b8375d6b076405f9c0ec-006996d96d - 0.0171 - - 1771493741.202144861 1771493741.219196320 0
Feb 19 09:35:41 standalone account-server[126032]: 172.20.0.100 - - [19/Feb/2026:09:35:41 +0000] "PUT /d1/198/AUTH_9a3de689b1eb4a79be5127ab2a9f7eee/gnocchi.b713418c-8069-4db4-aaae-fde201fc4004" 201 - "PUT http://172.20.0.100:6001/d1/659/AUTH_9a3de689b1eb4a79be5127ab2a9f7eee/gnocchi.b713418c-8069-4db4-aaae-fde201fc4004" "tx02d4258b1749484284da3-006996d96d" "container-server 21" 0.0046 "-" 23 0
Feb 19 09:35:41 standalone container-server[126003]: 172.20.0.100 - - [19/Feb/2026:09:35:41 +0000] "PUT /d1/659/AUTH_9a3de689b1eb4a79be5127ab2a9f7eee/gnocchi.b713418c-8069-4db4-aaae-fde201fc4004" 201 - "PUT http://172.18.0.2:8080/v1/AUTH_9a3de689b1eb4a79be5127ab2a9f7eee/gnocchi.b713418c-8069-4db4-aaae-fde201fc4004" "tx02d4258b1749484284da3-006996d96d" "proxy-server 20" 0.0204 "-" 21 0
Feb 19 09:35:41 standalone proxy-server[128084]: 172.18.0.2 172.18.0.100 19/Feb/2026/09/35/41 PUT /v1/AUTH_9a3de689b1eb4a79be5127ab2a9f7eee/gnocchi.b713418c-8069-4db4-aaae-fde201fc4004 HTTP/1.0 201 - python-swiftclient-3.11.1 gAAAAABpltkoOegl... - - - tx02d4258b1749484284da3-006996d96d - 0.0287 - - 1771493741.225107431 1771493741.253793001 0
Feb 19 09:35:41 standalone container-server[125981]: 172.20.0.100 - - [19/Feb/2026:09:35:41 +0000] "HEAD /d1/659/AUTH_9a3de689b1eb4a79be5127ab2a9f7eee/gnocchi.b713418c-8069-4db4-aaae-fde201fc4004" 204 - "HEAD http://172.18.0.2:8080/v1/AUTH_9a3de689b1eb4a79be5127ab2a9f7eee/gnocchi.b713418c-8069-4db4-aaae-fde201fc4004?format=json&states=listing" "txae5e0c33d3f5472faa6d0-006996d96d" "proxy-server 20" 0.0029 "-" 20 0
Feb 19 09:35:41 standalone proxy-server[128084]: - - 19/Feb/2026/09/35/41 HEAD /v1/AUTH_9a3de689b1eb4a79be5127ab2a9f7eee/gnocchi.b713418c-8069-4db4-aaae-fde201fc4004%3Fformat%3Djson%26states%3Dlisting HTTP/1.0 204 - Swift - - - - txae5e0c33d3f5472faa6d0-006996d96d - 0.0111 RL - 1771493741.264171124 1771493741.275303364 0
Feb 19 09:35:41 standalone container-server[126003]: 172.20.0.100 - - [19/Feb/2026:09:35:41 +0000] "GET /d1/659/AUTH_9a3de689b1eb4a79be5127ab2a9f7eee/gnocchi.b713418c-8069-4db4-aaae-fde201fc4004" 200 2 "GET http://172.18.0.2:8080/v1/AUTH_9a3de689b1eb4a79be5127ab2a9f7eee/gnocchi.b713418c-8069-4db4-aaae-fde201fc4004?format=json&states=listing" "txae5e0c33d3f5472faa6d0-006996d96d" "proxy-server 20" 0.0031 "-" 21 0
Feb 19 09:35:41 standalone proxy-server[128084]: 172.18.0.2 172.18.0.100 19/Feb/2026/09/35/41 GET /v1/AUTH_9a3de689b1eb4a79be5127ab2a9f7eee/gnocchi.b713418c-8069-4db4-aaae-fde201fc4004%3Fformat%3Djson%26states%3Dlisting HTTP/1.0 200 - python-swiftclient-3.11.1 gAAAAABpltkoOegl... - 2 - txae5e0c33d3f5472faa6d0-006996d96d - 0.0273 - - 1771493741.262418270 1771493741.289762259 0
Feb 19 09:35:41 standalone object-server[126293]: 172.20.0.100 - - [19/Feb/2026:09:35:41 +0000] "GET /d1/573/AUTH_9a3de689b1eb4a79be5127ab2a9f7eee/gnocchi.b713418c-8069-4db4-aaae-fde201fc4004/1771200000.0_mean_300.0_v3" 404 70 "GET http://172.18.0.2:8080/v1/AUTH_9a3de689b1eb4a79be5127ab2a9f7eee/gnocchi.b713418c-8069-4db4-aaae-fde201fc4004/1771200000.0_mean_300.0_v3" "tx0c144743fd854f50bc4d3-006996d96d" "proxy-server 20" 0.0003 "-" 22 0
Feb 19 09:35:41 standalone proxy-server[128084]: 172.18.0.2 172.18.0.100 19/Feb/2026/09/35/41 GET /v1/AUTH_9a3de689b1eb4a79be5127ab2a9f7eee/gnocchi.b713418c-8069-4db4-aaae-fde201fc4004/1771200000.0_mean_300.0_v3 HTTP/1.0 404 - python-swiftclient-3.11.1 gAAAAABpltkoOegl... - 70 - tx0c144743fd854f50bc4d3-006996d96d - 0.0080 - - 1771493741.299420834 1771493741.307416439 0
Feb 19 09:35:41 standalone container-server[126003]: 172.20.0.100 - - [19/Feb/2026:09:35:41 +0000] "PUT /d1/659/AUTH_9a3de689b1eb4a79be5127ab2a9f7eee/gnocchi.b713418c-8069-4db4-aaae-fde201fc4004/1771200000.0_mean_300.0_v3" 201 - "PUT http://172.18.0.2:8080/d1/573/AUTH_9a3de689b1eb4a79be5127ab2a9f7eee/gnocchi.b713418c-8069-4db4-aaae-fde201fc4004/1771200000.0_mean_300.0_v3" "tx20579000a9ed4cb388fd7-006996d96d" "object-server 22" 0.0008 "-" 21 0
Feb 19 09:35:41 standalone object-server[126293]: 172.20.0.100 - - [19/Feb/2026:09:35:41 +0000] "PUT /d1/573/AUTH_9a3de689b1eb4a79be5127ab2a9f7eee/gnocchi.b713418c-8069-4db4-aaae-fde201fc4004/1771200000.0_mean_300.0_v3" 201 - "PUT http://172.18.0.2:8080/v1/AUTH_9a3de689b1eb4a79be5127ab2a9f7eee/gnocchi.b713418c-8069-4db4-aaae-fde201fc4004/1771200000.0_mean_300.0_v3" "tx20579000a9ed4cb388fd7-006996d96d" "proxy-server 20" 0.0095 "-" 22 0
Feb 19 09:35:41 standalone proxy-server[128084]: 172.18.0.2 172.18.0.100 19/Feb/2026/09/35/41 PUT /v1/AUTH_9a3de689b1eb4a79be5127ab2a9f7eee/gnocchi.b713418c-8069-4db4-aaae-fde201fc4004/1771200000.0_mean_300.0_v3 HTTP/1.0 201 - python-swiftclient-3.11.1 gAAAAABpltkoOegl... 16 - - tx20579000a9ed4cb388fd7-006996d96d - 0.0176 - - 1771493741.314337254 1771493741.331888199 0
Feb 19 09:35:41 standalone container-server[126003]: 172.20.0.100 - - [19/Feb/2026:09:35:41 +0000] "PUT /d1/659/AUTH_9a3de689b1eb4a79be5127ab2a9f7eee/gnocchi.b713418c-8069-4db4-aaae-fde201fc4004/none_v3" 201 - "PUT http://172.18.0.2:8080/d1/127/AUTH_9a3de689b1eb4a79be5127ab2a9f7eee/gnocchi.b713418c-8069-4db4-aaae-fde201fc4004/none_v3" "txc546141eff0748549bc94-006996d96d" "object-server 16" 0.0005 "-" 21 0
Feb 19 09:35:41 standalone object-server[126282]: 172.20.0.100 - - [19/Feb/2026:09:35:41 +0000] "PUT /d1/127/AUTH_9a3de689b1eb4a79be5127ab2a9f7eee/gnocchi.b713418c-8069-4db4-aaae-fde201fc4004/none_v3" 201 - "PUT http://172.18.0.2:8080/v1/AUTH_9a3de689b1eb4a79be5127ab2a9f7eee/gnocchi.b713418c-8069-4db4-aaae-fde201fc4004/none_v3" "txc546141eff0748549bc94-006996d96d" "proxy-server 20" 0.0146 "-" 16 0
Feb 19 09:35:41 standalone proxy-server[128084]: 172.18.0.2 172.18.0.100 19/Feb/2026/09/35/41 PUT /v1/AUTH_9a3de689b1eb4a79be5127ab2a9f7eee/gnocchi.b713418c-8069-4db4-aaae-fde201fc4004/none_v3 HTTP/1.0 201 - python-swiftclient-3.11.1 gAAAAABpltkoOegl... 22 - - txc546141eff0748549bc94-006996d96d - 0.0242 - - 1771493741.336743116 1771493741.360959291 0
Feb 19 09:35:41 standalone container-server[126020]: 172.20.0.100 - - [19/Feb/2026:09:35:41 +0000] "HEAD /d1/879/AUTH_9a3de689b1eb4a79be5127ab2a9f7eee/gnocchi.1955efd2-0518-40bf-84fb-b21a1ce80ea3" 404 - "HEAD http://172.18.0.2:8080/v1/AUTH_9a3de689b1eb4a79be5127ab2a9f7eee/gnocchi.1955efd2-0518-40bf-84fb-b21a1ce80ea3?format=json&states=listing" "txbac7fa1d007443598caa9-006996d96d" "proxy-server 20" 0.0006 "-" 23 0
Feb 19 09:35:41 standalone object-server[126293]: 172.20.0.100 - - [19/Feb/2026:09:35:41 +0000] "GET /d1/275/AUTH_9a3de689b1eb4a79be5127ab2a9f7eee/gnocchi.1955efd2-0518-40bf-84fb-b21a1ce80ea3/none_v3" 404 70 "GET http://172.18.0.2:8080/v1/AUTH_9a3de689b1eb4a79be5127ab2a9f7eee/gnocchi.1955efd2-0518-40bf-84fb-b21a1ce80ea3/none_v3" "txbac7fa1d007443598caa9-006996d96d" "proxy-server 20" 0.0006 "-" 22 0
Feb 19 09:35:41 standalone proxy-server[128084]: 172.18.0.2 172.18.0.100 19/Feb/2026/09/35/41 GET /v1/AUTH_9a3de689b1eb4a79be5127ab2a9f7eee/gnocchi.1955efd2-0518-40bf-84fb-b21a1ce80ea3/none_v3 HTTP/1.0 404 - python-swiftclient-3.11.1 gAAAAABpltkoOegl... - 70 - txbac7fa1d007443598caa9-006996d96d - 0.0140 - - 1771493741.371033192 1771493741.385005474 0
Feb 19 09:35:41 standalone account-server[126032]: 172.20.0.100 - - [19/Feb/2026:09:35:41 +0000] "PUT /d1/198/AUTH_9a3de689b1eb4a79be5127ab2a9f7eee/gnocchi.1955efd2-0518-40bf-84fb-b21a1ce80ea3" 201 - "PUT http://172.20.0.100:6001/d1/879/AUTH_9a3de689b1eb4a79be5127ab2a9f7eee/gnocchi.1955efd2-0518-40bf-84fb-b21a1ce80ea3" "tx6aa53cca04cb465795abf-006996d96d" "container-server 23" 0.0047 "-" 23 0
Feb 19 09:35:41 standalone container-server[126020]: 172.20.0.100 - - [19/Feb/2026:09:35:41 +0000] "PUT /d1/879/AUTH_9a3de689b1eb4a79be5127ab2a9f7eee/gnocchi.1955efd2-0518-40bf-84fb-b21a1ce80ea3" 201 - "PUT http://172.18.0.2:8080/v1/AUTH_9a3de689b1eb4a79be5127ab2a9f7eee/gnocchi.1955efd2-0518-40bf-84fb-b21a1ce80ea3" "tx6aa53cca04cb465795abf-006996d96d" "proxy-server 20" 0.0176 "-" 23 0
Feb 19 09:35:41 standalone proxy-server[128084]: 172.18.0.2 172.18.0.100 19/Feb/2026/09/35/41 PUT /v1/AUTH_9a3de689b1eb4a79be5127ab2a9f7eee/gnocchi.1955efd2-0518-40bf-84fb-b21a1ce80ea3 HTTP/1.0 201 - python-swiftclient-3.11.1 gAAAAABpltkoOegl... - - - tx6aa53cca04cb465795abf-006996d96d - 0.0243 - - 1771493741.388069391 1771493741.412391186 0
Feb 19 09:35:41 standalone container-server[126020]: 172.20.0.100 - - [19/Feb/2026:09:35:41 +0000] "HEAD /d1/879/AUTH_9a3de689b1eb4a79be5127ab2a9f7eee/gnocchi.1955efd2-0518-40bf-84fb-b21a1ce80ea3" 204 - "HEAD http://172.18.0.2:8080/v1/AUTH_9a3de689b1eb4a79be5127ab2a9f7eee/gnocchi.1955efd2-0518-40bf-84fb-b21a1ce80ea3?format=json&states=listing" "tx9d72c2ebee35440e9460f-006996d96d" "proxy-server 20" 0.0021 "-" 23 0
Feb 19 09:35:41 standalone proxy-server[128084]: - - 19/Feb/2026/09/35/41 HEAD /v1/AUTH_9a3de689b1eb4a79be5127ab2a9f7eee/gnocchi.1955efd2-0518-40bf-84fb-b21a1ce80ea3%3Fformat%3Djson%26states%3Dlisting HTTP/1.0 204 - Swift - - - - tx9d72c2ebee35440e9460f-006996d96d - 0.0068 RL - 1771493741.418191671 1771493741.424962282 0
Feb 19 09:35:41 standalone container-server[126020]: 172.20.0.100 - - [19/Feb/2026:09:35:41 +0000] "GET /d1/879/AUTH_9a3de689b1eb4a79be5127ab2a9f7eee/gnocchi.1955efd2-0518-40bf-84fb-b21a1ce80ea3" 200 2 "GET http://172.18.0.2:8080/v1/AUTH_9a3de689b1eb4a79be5127ab2a9f7eee/gnocchi.1955efd2-0518-40bf-84fb-b21a1ce80ea3?format=json&states=listing" "tx9d72c2ebee35440e9460f-006996d96d" "proxy-server 20" 0.0040 "-" 23 0
Feb 19 09:35:41 standalone proxy-server[128084]: 172.18.0.2 172.18.0.100 19/Feb/2026/09/35/41 GET /v1/AUTH_9a3de689b1eb4a79be5127ab2a9f7eee/gnocchi.1955efd2-0518-40bf-84fb-b21a1ce80ea3%3Fformat%3Djson%26states%3Dlisting HTTP/1.0 200 - python-swiftclient-3.11.1 gAAAAABpltkoOegl... - 2 - tx9d72c2ebee35440e9460f-006996d96d - 0.0216 - - 1771493741.417067528 1771493741.438675880 0
Feb 19 09:35:41 standalone object-server[126291]: 172.20.0.100 - - [19/Feb/2026:09:35:41 +0000] "GET /d1/799/AUTH_9a3de689b1eb4a79be5127ab2a9f7eee/gnocchi.1955efd2-0518-40bf-84fb-b21a1ce80ea3/1771200000.0_mean_300.0_v3" 404 70 "GET http://172.18.0.2:8080/v1/AUTH_9a3de689b1eb4a79be5127ab2a9f7eee/gnocchi.1955efd2-0518-40bf-84fb-b21a1ce80ea3/1771200000.0_mean_300.0_v3" "tx8dc75a66ec3846e0b7d07-006996d96d" "proxy-server 20" 0.0005 "-" 21 0
Feb 19 09:35:41 standalone proxy-server[128084]: 172.18.0.2 172.18.0.100 19/Feb/2026/09/35/41 GET /v1/AUTH_9a3de689b1eb4a79be5127ab2a9f7eee/gnocchi.1955efd2-0518-40bf-84fb-b21a1ce80ea3/1771200000.0_mean_300.0_v3 HTTP/1.0 404 - python-swiftclient-3.11.1 gAAAAABpltkoOegl... - 70 - tx8dc75a66ec3846e0b7d07-006996d96d - 0.0075 - - 1771493741.444135427 1771493741.451600313 0
Feb 19 09:35:41 standalone container-server[126020]: 172.20.0.100 - - [19/Feb/2026:09:35:41 +0000] "PUT /d1/879/AUTH_9a3de689b1eb4a79be5127ab2a9f7eee/gnocchi.1955efd2-0518-40bf-84fb-b21a1ce80ea3/1771200000.0_mean_300.0_v3" 201 - "PUT http://172.18.0.2:8080/d1/799/AUTH_9a3de689b1eb4a79be5127ab2a9f7eee/gnocchi.1955efd2-0518-40bf-84fb-b21a1ce80ea3/1771200000.0_mean_300.0_v3" "tx01fb076b3fd44c96aac99-006996d96d" "object-server 20" 0.0006 "-" 23 0
Feb 19 09:35:41 standalone object-server[126288]: 172.20.0.100 - - [19/Feb/2026:09:35:41 +0000] "PUT /d1/799/AUTH_9a3de689b1eb4a79be5127ab2a9f7eee/gnocchi.1955efd2-0518-40bf-84fb-b21a1ce80ea3/1771200000.0_mean_300.0_v3" 201 - "PUT http://172.18.0.2:8080/v1/AUTH_9a3de689b1eb4a79be5127ab2a9f7eee/gnocchi.1955efd2-0518-40bf-84fb-b21a1ce80ea3/1771200000.0_mean_300.0_v3" "tx01fb076b3fd44c96aac99-006996d96d" "proxy-server 20" 0.0082 "-" 20 0
Feb 19 09:35:41 standalone proxy-server[128084]: 172.18.0.2 172.18.0.100 19/Feb/2026/09/35/41 PUT /v1/AUTH_9a3de689b1eb4a79be5127ab2a9f7eee/gnocchi.1955efd2-0518-40bf-84fb-b21a1ce80ea3/1771200000.0_mean_300.0_v3 HTTP/1.0 201 - python-swiftclient-3.11.1 gAAAAABpltkoOegl... 16 - - tx01fb076b3fd44c96aac99-006996d96d - 0.0133 - - 1771493741.455164433 1771493741.468508005 0
Feb 19 09:35:41 standalone container-server[126003]: 172.20.0.100 - - [19/Feb/2026:09:35:41 +0000] "PUT /d1/879/AUTH_9a3de689b1eb4a79be5127ab2a9f7eee/gnocchi.1955efd2-0518-40bf-84fb-b21a1ce80ea3/none_v3" 201 - "PUT http://172.18.0.2:8080/d1/275/AUTH_9a3de689b1eb4a79be5127ab2a9f7eee/gnocchi.1955efd2-0518-40bf-84fb-b21a1ce80ea3/none_v3" "txc614cc244f1046c4bd1d5-006996d96d" "object-server 21" 0.0006 "-" 21 0
Feb 19 09:35:41 standalone object-server[126291]: 172.20.0.100 - - [19/Feb/2026:09:35:41 +0000] "PUT /d1/275/AUTH_9a3de689b1eb4a79be5127ab2a9f7eee/gnocchi.1955efd2-0518-40bf-84fb-b21a1ce80ea3/none_v3" 201 - "PUT http://172.18.0.2:8080/v1/AUTH_9a3de689b1eb4a79be5127ab2a9f7eee/gnocchi.1955efd2-0518-40bf-84fb-b21a1ce80ea3/none_v3" "txc614cc244f1046c4bd1d5-006996d96d" "proxy-server 20" 0.0124 "-" 21 0
Feb 19 09:35:41 standalone proxy-server[128084]: 172.18.0.2 172.18.0.100 19/Feb/2026/09/35/41 PUT /v1/AUTH_9a3de689b1eb4a79be5127ab2a9f7eee/gnocchi.1955efd2-0518-40bf-84fb-b21a1ce80ea3/none_v3 HTTP/1.0 201 - python-swiftclient-3.11.1 gAAAAABpltkoOegl... 22 - - txc614cc244f1046c4bd1d5-006996d96d - 0.0173 - - 1771493741.471589088 1771493741.488848686 0
Feb 19 09:35:41 standalone container-server[126020]: 172.20.0.100 - - [19/Feb/2026:09:35:41 +0000] "HEAD /d1/9/AUTH_9a3de689b1eb4a79be5127ab2a9f7eee/gnocchi.04e0e391-29da-4eea-9893-b0439a0c90f6" 404 - "HEAD http://172.18.0.2:8080/v1/AUTH_9a3de689b1eb4a79be5127ab2a9f7eee/gnocchi.04e0e391-29da-4eea-9893-b0439a0c90f6?format=json&states=listing" "tx59524be5b29e44ea8fc0a-006996d96d" "proxy-server 20" 0.0003 "-" 23 0
Feb 19 09:35:41 standalone object-server[126288]: 172.20.0.100 - - [19/Feb/2026:09:35:41 +0000] "GET /d1/926/AUTH_9a3de689b1eb4a79be5127ab2a9f7eee/gnocchi.04e0e391-29da-4eea-9893-b0439a0c90f6/none_v3" 404 70 "GET http://172.18.0.2:8080/v1/AUTH_9a3de689b1eb4a79be5127ab2a9f7eee/gnocchi.04e0e391-29da-4eea-9893-b0439a0c90f6/none_v3" "tx59524be5b29e44ea8fc0a-006996d96d" "proxy-server 20" 0.0004 "-" 20 0
Feb 19 09:35:41 standalone proxy-server[128084]: 172.18.0.2 172.18.0.100 19/Feb/2026/09/35/41 GET /v1/AUTH_9a3de689b1eb4a79be5127ab2a9f7eee/gnocchi.04e0e391-29da-4eea-9893-b0439a0c90f6/none_v3 HTTP/1.0 404 - python-swiftclient-3.11.1 gAAAAABpltkoOegl... - 70 - tx59524be5b29e44ea8fc0a-006996d96d - 0.0082 - - 1771493741.502973080 1771493741.511141062 0
Feb 19 09:35:41 standalone account-server[126008]: 172.20.0.100 - - [19/Feb/2026:09:35:41 +0000] "PUT /d1/198/AUTH_9a3de689b1eb4a79be5127ab2a9f7eee/gnocchi.04e0e391-29da-4eea-9893-b0439a0c90f6" 201 - "PUT http://172.20.0.100:6001/d1/9/AUTH_9a3de689b1eb4a79be5127ab2a9f7eee/gnocchi.04e0e391-29da-4eea-9893-b0439a0c90f6" "tx73dd7aab22c9465b90e8c-006996d96d" "container-server 21" 0.0066 "-" 22 0
Feb 19 09:35:41 standalone container-server[126003]: 172.20.0.100 - - [19/Feb/2026:09:35:41 +0000] "PUT /d1/9/AUTH_9a3de689b1eb4a79be5127ab2a9f7eee/gnocchi.04e0e391-29da-4eea-9893-b0439a0c90f6" 201 - "PUT http://172.18.0.2:8080/v1/AUTH_9a3de689b1eb4a79be5127ab2a9f7eee/gnocchi.04e0e391-29da-4eea-9893-b0439a0c90f6" "tx73dd7aab22c9465b90e8c-006996d96d" "proxy-server 20" 0.0206 "-" 21 0
Feb 19 09:35:41 standalone proxy-server[128084]: 172.18.0.2 172.18.0.100 19/Feb/2026/09/35/41 PUT /v1/AUTH_9a3de689b1eb4a79be5127ab2a9f7eee/gnocchi.04e0e391-29da-4eea-9893-b0439a0c90f6 HTTP/1.0 201 - python-swiftclient-3.11.1 gAAAAABpltkoOegl... - - - tx73dd7aab22c9465b90e8c-006996d96d - 0.0250 - - 1771493741.513416529 1771493741.538419008 0
Feb 19 09:35:41 standalone container-server[125981]: 172.20.0.100 - - [19/Feb/2026:09:35:41 +0000] "HEAD /d1/9/AUTH_9a3de689b1eb4a79be5127ab2a9f7eee/gnocchi.04e0e391-29da-4eea-9893-b0439a0c90f6" 204 - "HEAD http://172.18.0.2:8080/v1/AUTH_9a3de689b1eb4a79be5127ab2a9f7eee/gnocchi.04e0e391-29da-4eea-9893-b0439a0c90f6?format=json&states=listing" "tx3f6bf5793788441eb4bf5-006996d96d" "proxy-server 20" 0.0013 "-" 20 0
Feb 19 09:35:41 standalone proxy-server[128084]: - - 19/Feb/2026/09/35/41 HEAD /v1/AUTH_9a3de689b1eb4a79be5127ab2a9f7eee/gnocchi.04e0e391-29da-4eea-9893-b0439a0c90f6%3Fformat%3Djson%26states%3Dlisting HTTP/1.0 204 - Swift - - - - tx3f6bf5793788441eb4bf5-006996d96d - 0.0051 RL - 1771493741.542703629 1771493741.547757864 0
Feb 19 09:35:41 standalone container-server[126014]: 172.20.0.100 - - [19/Feb/2026:09:35:41 +0000] "GET /d1/9/AUTH_9a3de689b1eb4a79be5127ab2a9f7eee/gnocchi.04e0e391-29da-4eea-9893-b0439a0c90f6" 200 2 "GET http://172.18.0.2:8080/v1/AUTH_9a3de689b1eb4a79be5127ab2a9f7eee/gnocchi.04e0e391-29da-4eea-9893-b0439a0c90f6?format=json&states=listing" "tx3f6bf5793788441eb4bf5-006996d96d" "proxy-server 20" 0.0027 "-" 22 0
Feb 19 09:35:41 standalone proxy-server[128084]: 172.18.0.2 172.18.0.100 19/Feb/2026/09/35/41 GET /v1/AUTH_9a3de689b1eb4a79be5127ab2a9f7eee/gnocchi.04e0e391-29da-4eea-9893-b0439a0c90f6%3Fformat%3Djson%26states%3Dlisting HTTP/1.0 200 - python-swiftclient-3.11.1 gAAAAABpltkoOegl... - 2 - tx3f6bf5793788441eb4bf5-006996d96d - 0.0147 - - 1771493741.541979790 1771493741.556692123 0
Feb 19 09:35:41 standalone object-server[126293]: 172.20.0.100 - - [19/Feb/2026:09:35:41 +0000] "GET /d1/831/AUTH_9a3de689b1eb4a79be5127ab2a9f7eee/gnocchi.04e0e391-29da-4eea-9893-b0439a0c90f6/1771200000.0_mean_300.0_v3" 404 70 "GET http://172.18.0.2:8080/v1/AUTH_9a3de689b1eb4a79be5127ab2a9f7eee/gnocchi.04e0e391-29da-4eea-9893-b0439a0c90f6/1771200000.0_mean_300.0_v3" "txcc37846f8b6c4b53a3af7-006996d96d" "proxy-server 20" 0.0004 "-" 22 0
Feb 19 09:35:41 standalone proxy-server[128084]: 172.18.0.2 172.18.0.100 19/Feb/2026/09/35/41 GET /v1/AUTH_9a3de689b1eb4a79be5127ab2a9f7eee/gnocchi.04e0e391-29da-4eea-9893-b0439a0c90f6/1771200000.0_mean_300.0_v3 HTTP/1.0 404 - python-swiftclient-3.11.1 gAAAAABpltkoOegl... - 70 - txcc37846f8b6c4b53a3af7-006996d96d - 0.0066 - - 1771493741.560967922 1771493741.567532539 0
Feb 19 09:35:41 standalone container-server[126020]: 172.20.0.100 - - [19/Feb/2026:09:35:41 +0000] "PUT /d1/9/AUTH_9a3de689b1eb4a79be5127ab2a9f7eee/gnocchi.04e0e391-29da-4eea-9893-b0439a0c90f6/1771200000.0_mean_300.0_v3" 201 - "PUT http://172.18.0.2:8080/d1/831/AUTH_9a3de689b1eb4a79be5127ab2a9f7eee/gnocchi.04e0e391-29da-4eea-9893-b0439a0c90f6/1771200000.0_mean_300.0_v3" "tx2cd57020d7534e7f8e6fc-006996d96d" "object-server 22" 0.0010 "-" 23 0
Feb 19 09:35:41 standalone object-server[126293]: 172.20.0.100 - - [19/Feb/2026:09:35:41 +0000] "PUT /d1/831/AUTH_9a3de689b1eb4a79be5127ab2a9f7eee/gnocchi.04e0e391-29da-4eea-9893-b0439a0c90f6/1771200000.0_mean_300.0_v3" 201 - "PUT http://172.18.0.2:8080/v1/AUTH_9a3de689b1eb4a79be5127ab2a9f7eee/gnocchi.04e0e391-29da-4eea-9893-b0439a0c90f6/1771200000.0_mean_300.0_v3" "tx2cd57020d7534e7f8e6fc-006996d96d" "proxy-server 20" 0.0158 "-" 22 0
Feb 19 09:35:41 standalone proxy-server[128084]: 172.18.0.2 172.18.0.100 19/Feb/2026/09/35/41 PUT /v1/AUTH_9a3de689b1eb4a79be5127ab2a9f7eee/gnocchi.04e0e391-29da-4eea-9893-b0439a0c90f6/1771200000.0_mean_300.0_v3 HTTP/1.0 201 - python-swiftclient-3.11.1 gAAAAABpltkoOegl... 16 - - tx2cd57020d7534e7f8e6fc-006996d96d - 0.0232 - - 1771493741.571296692 1771493741.594448805 0
Feb 19 09:35:41 standalone container-server[126014]: 172.20.0.100 - - [19/Feb/2026:09:35:41 +0000] "PUT /d1/9/AUTH_9a3de689b1eb4a79be5127ab2a9f7eee/gnocchi.04e0e391-29da-4eea-9893-b0439a0c90f6/none_v3" 201 - "PUT http://172.18.0.2:8080/d1/926/AUTH_9a3de689b1eb4a79be5127ab2a9f7eee/gnocchi.04e0e391-29da-4eea-9893-b0439a0c90f6/none_v3" "txee9a1170822c441eabcea-006996d96d" "object-server 21" 0.0005 "-" 22 0
Feb 19 09:35:41 standalone object-server[126291]: 172.20.0.100 - - [19/Feb/2026:09:35:41 +0000] "PUT /d1/926/AUTH_9a3de689b1eb4a79be5127ab2a9f7eee/gnocchi.04e0e391-29da-4eea-9893-b0439a0c90f6/none_v3" 201 - "PUT http://172.18.0.2:8080/v1/AUTH_9a3de689b1eb4a79be5127ab2a9f7eee/gnocchi.04e0e391-29da-4eea-9893-b0439a0c90f6/none_v3" "txee9a1170822c441eabcea-006996d96d" "proxy-server 20" 0.0156 "-" 21 0
Feb 19 09:35:41 standalone proxy-server[128084]: 172.18.0.2 172.18.0.100 19/Feb/2026/09/35/41 PUT /v1/AUTH_9a3de689b1eb4a79be5127ab2a9f7eee/gnocchi.04e0e391-29da-4eea-9893-b0439a0c90f6/none_v3 HTTP/1.0 201 - python-swiftclient-3.11.1 gAAAAABpltkoOegl... 22 - - txee9a1170822c441eabcea-006996d96d - 0.0294 - - 1771493741.598284960 1771493741.627701044 0
Feb 19 09:36:07 standalone container-server[126003]: 172.20.0.100 - - [19/Feb/2026:09:36:07 +0000] "HEAD /d1/520/AUTH_9a3de689b1eb4a79be5127ab2a9f7eee/gnocchi.7085fa9d-b1f5-41fa-8bf1-1dffa9a513b6" 404 - "HEAD http://172.18.0.2:8080/v1/AUTH_9a3de689b1eb4a79be5127ab2a9f7eee/gnocchi.7085fa9d-b1f5-41fa-8bf1-1dffa9a513b6?format=json&states=listing" "txee84abb520fe477986baf-006996d987" "proxy-server 20" 0.0019 "-" 21 0
Feb 19 09:36:07 standalone object-server[126282]: 172.20.0.100 - - [19/Feb/2026:09:36:07 +0000] "GET /d1/376/AUTH_9a3de689b1eb4a79be5127ab2a9f7eee/gnocchi.7085fa9d-b1f5-41fa-8bf1-1dffa9a513b6/none_v3" 404 70 "GET http://172.18.0.2:8080/v1/AUTH_9a3de689b1eb4a79be5127ab2a9f7eee/gnocchi.7085fa9d-b1f5-41fa-8bf1-1dffa9a513b6/none_v3" "txee84abb520fe477986baf-006996d987" "proxy-server 20" 0.0008 "-" 16 0
Feb 19 09:36:07 standalone proxy-server[128084]: 172.18.0.2 172.18.0.100 19/Feb/2026/09/36/07 GET /v1/AUTH_9a3de689b1eb4a79be5127ab2a9f7eee/gnocchi.7085fa9d-b1f5-41fa-8bf1-1dffa9a513b6/none_v3 HTTP/1.0 404 - python-swiftclient-3.11.1 gAAAAABpltkoOegl... - 70 - txee84abb520fe477986baf-006996d987 - 0.0191 - - 1771493767.784650087 1771493767.803749084 0
Feb 19 09:36:07 standalone account-server[125964]: 172.20.0.100 - - [19/Feb/2026:09:36:07 +0000] "PUT /d1/198/AUTH_9a3de689b1eb4a79be5127ab2a9f7eee/gnocchi.7085fa9d-b1f5-41fa-8bf1-1dffa9a513b6" 201 - "PUT http://172.20.0.100:6001/d1/520/AUTH_9a3de689b1eb4a79be5127ab2a9f7eee/gnocchi.7085fa9d-b1f5-41fa-8bf1-1dffa9a513b6" "tx02c8251fd4a749769c319-006996d987" "container-server 20" 0.0085 "-" 20 0
Feb 19 09:36:07 standalone container-server[125981]: 172.20.0.100 - - [19/Feb/2026:09:36:07 +0000] "PUT /d1/520/AUTH_9a3de689b1eb4a79be5127ab2a9f7eee/gnocchi.7085fa9d-b1f5-41fa-8bf1-1dffa9a513b6" 201 - "PUT http://172.18.0.2:8080/v1/AUTH_9a3de689b1eb4a79be5127ab2a9f7eee/gnocchi.7085fa9d-b1f5-41fa-8bf1-1dffa9a513b6" "tx02c8251fd4a749769c319-006996d987" "proxy-server 20" 0.0234 "-" 20 0
Feb 19 09:36:07 standalone proxy-server[128084]: 172.18.0.2 172.18.0.100 19/Feb/2026/09/36/07 PUT /v1/AUTH_9a3de689b1eb4a79be5127ab2a9f7eee/gnocchi.7085fa9d-b1f5-41fa-8bf1-1dffa9a513b6 HTTP/1.0 201 - python-swiftclient-3.11.1 gAAAAABpltkoOegl... - - - tx02c8251fd4a749769c319-006996d987 - 0.0297 - - 1771493767.808539391 1771493767.838274479 0
Feb 19 09:36:07 standalone container-server[126003]: 172.20.0.100 - - [19/Feb/2026:09:36:07 +0000] "HEAD /d1/520/AUTH_9a3de689b1eb4a79be5127ab2a9f7eee/gnocchi.7085fa9d-b1f5-41fa-8bf1-1dffa9a513b6" 204 - "HEAD http://172.18.0.2:8080/v1/AUTH_9a3de689b1eb4a79be5127ab2a9f7eee/gnocchi.7085fa9d-b1f5-41fa-8bf1-1dffa9a513b6?format=json&states=listing" "tx1d2a331550164e399b64d-006996d987" "proxy-server 20" 0.0015 "-" 21 0
Feb 19 09:36:07 standalone proxy-server[128084]: - - 19/Feb/2026/09/36/07 HEAD /v1/AUTH_9a3de689b1eb4a79be5127ab2a9f7eee/gnocchi.7085fa9d-b1f5-41fa-8bf1-1dffa9a513b6%3Fformat%3Djson%26states%3Dlisting HTTP/1.0 204 - Swift - - - - tx1d2a331550164e399b64d-006996d987 - 0.0102 RL - 1771493767.846822262 1771493767.857060671 0
Feb 19 09:36:07 standalone container-server[126020]: 172.20.0.100 - - [19/Feb/2026:09:36:07 +0000] "GET /d1/520/AUTH_9a3de689b1eb4a79be5127ab2a9f7eee/gnocchi.7085fa9d-b1f5-41fa-8bf1-1dffa9a513b6" 200 2 "GET http://172.18.0.2:8080/v1/AUTH_9a3de689b1eb4a79be5127ab2a9f7eee/gnocchi.7085fa9d-b1f5-41fa-8bf1-1dffa9a513b6?format=json&states=listing" "tx1d2a331550164e399b64d-006996d987" "proxy-server 20" 0.0045 "-" 23 0
Feb 19 09:36:07 standalone proxy-server[128084]: 172.18.0.2 172.18.0.100 19/Feb/2026/09/36/07 GET /v1/AUTH_9a3de689b1eb4a79be5127ab2a9f7eee/gnocchi.7085fa9d-b1f5-41fa-8bf1-1dffa9a513b6%3Fformat%3Djson%26states%3Dlisting HTTP/1.0 200 - python-swiftclient-3.11.1 gAAAAABpltkoOegl... - 2 - tx1d2a331550164e399b64d-006996d987 - 0.0232 - - 1771493767.845085144 1771493767.868283749 0
Feb 19 09:36:07 standalone object-server[126282]: 172.20.0.100 - - [19/Feb/2026:09:36:07 +0000] "GET /d1/222/AUTH_9a3de689b1eb4a79be5127ab2a9f7eee/gnocchi.7085fa9d-b1f5-41fa-8bf1-1dffa9a513b6/1771200000.0_mean_300.0_v3" 404 70 "GET http://172.18.0.2:8080/v1/AUTH_9a3de689b1eb4a79be5127ab2a9f7eee/gnocchi.7085fa9d-b1f5-41fa-8bf1-1dffa9a513b6/1771200000.0_mean_300.0_v3" "tx29e79682d139455ea0d62-006996d987" "proxy-server 20" 0.0005 "-" 16 0
Feb 19 09:36:07 standalone proxy-server[128084]: 172.18.0.2 172.18.0.100 19/Feb/2026/09/36/07 GET /v1/AUTH_9a3de689b1eb4a79be5127ab2a9f7eee/gnocchi.7085fa9d-b1f5-41fa-8bf1-1dffa9a513b6/1771200000.0_mean_300.0_v3 HTTP/1.0 404 - python-swiftclient-3.11.1 gAAAAABpltkoOegl... - 70 - tx29e79682d139455ea0d62-006996d987 - 0.0063 - - 1771493767.872605324 1771493767.878937483 0
Feb 19 09:36:07 standalone container-server[126020]: 172.20.0.100 - - [19/Feb/2026:09:36:07 +0000] "PUT /d1/520/AUTH_9a3de689b1eb4a79be5127ab2a9f7eee/gnocchi.7085fa9d-b1f5-41fa-8bf1-1dffa9a513b6/1771200000.0_mean_300.0_v3" 201 - "PUT http://172.18.0.2:8080/d1/222/AUTH_9a3de689b1eb4a79be5127ab2a9f7eee/gnocchi.7085fa9d-b1f5-41fa-8bf1-1dffa9a513b6/1771200000.0_mean_300.0_v3" "tx7ddc983788184dd288f73-006996d987" "object-server 21" 0.0008 "-" 23 0
Feb 19 09:36:07 standalone object-server[126291]: 172.20.0.100 - - [19/Feb/2026:09:36:07 +0000] "PUT /d1/222/AUTH_9a3de689b1eb4a79be5127ab2a9f7eee/gnocchi.7085fa9d-b1f5-41fa-8bf1-1dffa9a513b6/1771200000.0_mean_300.0_v3" 201 - "PUT http://172.18.0.2:8080/v1/AUTH_9a3de689b1eb4a79be5127ab2a9f7eee/gnocchi.7085fa9d-b1f5-41fa-8bf1-1dffa9a513b6/1771200000.0_mean_300.0_v3" "tx7ddc983788184dd288f73-006996d987" "proxy-server 20" 0.0108 "-" 21 0
Feb 19 09:36:07 standalone proxy-server[128084]: 172.18.0.2 172.18.0.100 19/Feb/2026/09/36/07 PUT /v1/AUTH_9a3de689b1eb4a79be5127ab2a9f7eee/gnocchi.7085fa9d-b1f5-41fa-8bf1-1dffa9a513b6/1771200000.0_mean_300.0_v3 HTTP/1.0 201 - python-swiftclient-3.11.1 gAAAAABpltkoOegl... 16 - - tx7ddc983788184dd288f73-006996d987 - 0.0156 - - 1771493767.929862261 1771493767.945437431 0
Feb 19 09:36:07 standalone container-server[125981]: 172.20.0.100 - - [19/Feb/2026:09:36:07 +0000] "PUT /d1/520/AUTH_9a3de689b1eb4a79be5127ab2a9f7eee/gnocchi.7085fa9d-b1f5-41fa-8bf1-1dffa9a513b6/none_v3" 201 - "PUT http://172.18.0.2:8080/d1/376/AUTH_9a3de689b1eb4a79be5127ab2a9f7eee/gnocchi.7085fa9d-b1f5-41fa-8bf1-1dffa9a513b6/none_v3" "tx59b71a55c5b44148a9973-006996d987" "object-server 21" 0.0007 "-" 20 0
Feb 19 09:36:07 standalone object-server[126291]: 172.20.0.100 - - [19/Feb/2026:09:36:07 +0000] "PUT /d1/376/AUTH_9a3de689b1eb4a79be5127ab2a9f7eee/gnocchi.7085fa9d-b1f5-41fa-8bf1-1dffa9a513b6/none_v3" 201 - "PUT http://172.18.0.2:8080/v1/AUTH_9a3de689b1eb4a79be5127ab2a9f7eee/gnocchi.7085fa9d-b1f5-41fa-8bf1-1dffa9a513b6/none_v3" "tx59b71a55c5b44148a9973-006996d987" "proxy-server 20" 0.0092 "-" 21 0
Feb 19 09:36:07 standalone proxy-server[128084]: 172.18.0.2 172.18.0.100 19/Feb/2026/09/36/07 PUT /v1/AUTH_9a3de689b1eb4a79be5127ab2a9f7eee/gnocchi.7085fa9d-b1f5-41fa-8bf1-1dffa9a513b6/none_v3 HTTP/1.0 201 - python-swiftclient-3.11.1 gAAAAABpltkoOegl... 22 - - tx59b71a55c5b44148a9973-006996d987 - 0.0128 - - 1771493767.949050903 1771493767.961865664 0
Feb 19 09:36:08 standalone object-server[126293]: 172.20.0.100 - - [19/Feb/2026:09:36:08 +0000] "GET /d1/642/AUTH_9a3de689b1eb4a79be5127ab2a9f7eee/gnocchi.deaab8ad-569f-4012-a595-159295634a57/none_v3" 200 22 "GET http://172.18.0.2:8080/v1/AUTH_9a3de689b1eb4a79be5127ab2a9f7eee/gnocchi.deaab8ad-569f-4012-a595-159295634a57/none_v3" "txbbd9dc423a0449f39d74d-006996d988" "proxy-server 20" 0.0006 "-" 22 0
Feb 19 09:36:08 standalone proxy-server[128084]: 172.18.0.2 172.18.0.100 19/Feb/2026/09/36/08 GET /v1/AUTH_9a3de689b1eb4a79be5127ab2a9f7eee/gnocchi.deaab8ad-569f-4012-a595-159295634a57/none_v3 HTTP/1.0 200 - python-swiftclient-3.11.1 gAAAAABpltkoOegl... - 22 - txbbd9dc423a0449f39d74d-006996d988 - 0.0054 - - 1771493768.017943859 1771493768.023297548 0
Feb 19 09:36:08 standalone container-server[126014]: 172.20.0.100 - - [19/Feb/2026:09:36:08 +0000] "GET /d1/881/AUTH_9a3de689b1eb4a79be5127ab2a9f7eee/gnocchi.deaab8ad-569f-4012-a595-159295634a57" 200 357 "GET http://172.18.0.2:8080/v1/AUTH_9a3de689b1eb4a79be5127ab2a9f7eee/gnocchi.deaab8ad-569f-4012-a595-159295634a57?format=json&states=listing" "tx127fcd8650534044aa85e-006996d988" "proxy-server 20" 0.0217 "-" 22 0
Feb 19 09:36:08 standalone proxy-server[128084]: 172.18.0.2 172.18.0.100 19/Feb/2026/09/36/08 GET /v1/AUTH_9a3de689b1eb4a79be5127ab2a9f7eee/gnocchi.deaab8ad-569f-4012-a595-159295634a57%3Fformat%3Djson%26states%3Dlisting HTTP/1.0 200 - python-swiftclient-3.11.1 gAAAAABpltkoOegl... - 357 - tx127fcd8650534044aa85e-006996d988 - 0.0299 - - 1771493768.027539730 1771493768.057487011 0
Feb 19 09:36:08 standalone container-server[125981]: 172.20.0.100 - - [19/Feb/2026:09:36:08 +0000] "GET /d1/881/AUTH_9a3de689b1eb4a79be5127ab2a9f7eee/gnocchi.deaab8ad-569f-4012-a595-159295634a57" 200 2 "GET http://172.18.0.2:8080/v1/AUTH_9a3de689b1eb4a79be5127ab2a9f7eee/gnocchi.deaab8ad-569f-4012-a595-159295634a57?format=json&marker=none_v3&states=listing" "tx6a351c80fada43839209d-006996d988" "proxy-server 20" 0.0038 "-" 20 0
Feb 19 09:36:08 standalone proxy-server[128084]: 172.18.0.2 172.18.0.100 19/Feb/2026/09/36/08 GET /v1/AUTH_9a3de689b1eb4a79be5127ab2a9f7eee/gnocchi.deaab8ad-569f-4012-a595-159295634a57%3Fformat%3Djson%26marker%3Dnone_v3%26states%3Dlisting HTTP/1.0 200 - python-swiftclient-3.11.1 gAAAAABpltkoOegl... - 2 - tx6a351c80fada43839209d-006996d988 - 0.0093 - - 1771493768.060184717 1771493768.069481373 0
Feb 19 09:36:08 standalone object-server[126293]: 172.20.0.100 - - [19/Feb/2026:09:36:08 +0000] "GET /d1/998/AUTH_9a3de689b1eb4a79be5127ab2a9f7eee/gnocchi.deaab8ad-569f-4012-a595-159295634a57/1771200000.0_mean_300.0_v3" 200 16 "GET http://172.18.0.2:8080/v1/AUTH_9a3de689b1eb4a79be5127ab2a9f7eee/gnocchi.deaab8ad-569f-4012-a595-159295634a57/1771200000.0_mean_300.0_v3" "tx0dbcfa5147b74ea3bb072-006996d988" "proxy-server 20" 0.0006 "-" 22 0
Feb 19 09:36:08 standalone proxy-server[128084]: 172.18.0.2 172.18.0.100 19/Feb/2026/09/36/08 GET /v1/AUTH_9a3de689b1eb4a79be5127ab2a9f7eee/gnocchi.deaab8ad-569f-4012-a595-159295634a57/1771200000.0_mean_300.0_v3 HTTP/1.0 200 - python-swiftclient-3.11.1 gAAAAABpltkoOegl... - 16 - tx0dbcfa5147b74ea3bb072-006996d988 - 0.0055 - - 1771493768.072400570 1771493768.077893257 0
Feb 19 09:36:08 standalone container-server[125981]: 172.20.0.100 - - [19/Feb/2026:09:36:08 +0000] "PUT /d1/881/AUTH_9a3de689b1eb4a79be5127ab2a9f7eee/gnocchi.deaab8ad-569f-4012-a595-159295634a57/1771200000.0_mean_300.0_v3" 201 - "PUT http://172.18.0.2:8080/d1/998/AUTH_9a3de689b1eb4a79be5127ab2a9f7eee/gnocchi.deaab8ad-569f-4012-a595-159295634a57/1771200000.0_mean_300.0_v3" "tx4d378e8415494ffdae3c0-006996d988" "object-server 22" 0.0008 "-" 20 0
Feb 19 09:36:08 standalone object-server[126293]: 172.20.0.100 - - [19/Feb/2026:09:36:08 +0000] "PUT /d1/998/AUTH_9a3de689b1eb4a79be5127ab2a9f7eee/gnocchi.deaab8ad-569f-4012-a595-159295634a57/1771200000.0_mean_300.0_v3" 201 - "PUT http://172.18.0.2:8080/v1/AUTH_9a3de689b1eb4a79be5127ab2a9f7eee/gnocchi.deaab8ad-569f-4012-a595-159295634a57/1771200000.0_mean_300.0_v3" "tx4d378e8415494ffdae3c0-006996d988" "proxy-server 20" 0.0096 "-" 22 0
Feb 19 09:36:08 standalone proxy-server[128084]: 172.18.0.2 172.18.0.100 19/Feb/2026/09/36/08 PUT /v1/AUTH_9a3de689b1eb4a79be5127ab2a9f7eee/gnocchi.deaab8ad-569f-4012-a595-159295634a57/1771200000.0_mean_300.0_v3 HTTP/1.0 201 - python-swiftclient-3.11.1 gAAAAABpltkoOegl... 16 - - tx4d378e8415494ffdae3c0-006996d988 - 0.0156 - - 1771493768.080492735 1771493768.096128225 0
Feb 19 09:36:08 standalone container-server[126003]: 172.20.0.100 - - [19/Feb/2026:09:36:08 +0000] "PUT /d1/881/AUTH_9a3de689b1eb4a79be5127ab2a9f7eee/gnocchi.deaab8ad-569f-4012-a595-159295634a57/none_v3" 201 - "PUT http://172.18.0.2:8080/d1/642/AUTH_9a3de689b1eb4a79be5127ab2a9f7eee/gnocchi.deaab8ad-569f-4012-a595-159295634a57/none_v3" "txfd7a62d3585741ad8a392-006996d988" "object-server 22" 0.0006 "-" 21 0
Feb 19 09:36:08 standalone object-server[126293]: 172.20.0.100 - - [19/Feb/2026:09:36:08 +0000] "PUT /d1/642/AUTH_9a3de689b1eb4a79be5127ab2a9f7eee/gnocchi.deaab8ad-569f-4012-a595-159295634a57/none_v3" 201 - "PUT http://172.18.0.2:8080/v1/AUTH_9a3de689b1eb4a79be5127ab2a9f7eee/gnocchi.deaab8ad-569f-4012-a595-159295634a57/none_v3" "txfd7a62d3585741ad8a392-006996d988" "proxy-server 20" 0.0089 "-" 22 0
Feb 19 09:36:08 standalone proxy-server[128084]: 172.18.0.2 172.18.0.100 19/Feb/2026/09/36/08 PUT /v1/AUTH_9a3de689b1eb4a79be5127ab2a9f7eee/gnocchi.deaab8ad-569f-4012-a595-159295634a57/none_v3 HTTP/1.0 201 - python-swiftclient-3.11.1 gAAAAABpltkoOegl... 33 - - txfd7a62d3585741ad8a392-006996d988 - 0.0145 - - 1771493768.098887682 1771493768.113344193 0
Feb 19 09:36:08 standalone object-server[126288]: 172.20.0.100 - - [19/Feb/2026:09:36:08 +0000] "GET /d1/333/AUTH_9a3de689b1eb4a79be5127ab2a9f7eee/gnocchi.577f5316-96d6-4afc-8a7f-1ff99d7c6f97/none_v3" 200 22 "GET http://172.18.0.2:8080/v1/AUTH_9a3de689b1eb4a79be5127ab2a9f7eee/gnocchi.577f5316-96d6-4afc-8a7f-1ff99d7c6f97/none_v3" "tx9570bb20d50b49ccb4589-006996d988" "proxy-server 20" 0.0012 "-" 20 0
Feb 19 09:36:08 standalone proxy-server[128084]: 172.18.0.2 172.18.0.100 19/Feb/2026/09/36/08 GET /v1/AUTH_9a3de689b1eb4a79be5127ab2a9f7eee/gnocchi.577f5316-96d6-4afc-8a7f-1ff99d7c6f97/none_v3 HTTP/1.0 200 - python-swiftclient-3.11.1 gAAAAABpltkoOegl... - 22 - tx9570bb20d50b49ccb4589-006996d988 - 0.0152 - - 1771493768.191955090 1771493768.207158089 0
Feb 19 09:36:08 standalone container-server[126020]: 172.20.0.100 - - [19/Feb/2026:09:36:08 +0000] "GET /d1/128/AUTH_9a3de689b1eb4a79be5127ab2a9f7eee/gnocchi.577f5316-96d6-4afc-8a7f-1ff99d7c6f97" 200 357 "GET http://172.18.0.2:8080/v1/AUTH_9a3de689b1eb4a79be5127ab2a9f7eee/gnocchi.577f5316-96d6-4afc-8a7f-1ff99d7c6f97?format=json&states=listing" "tx22f2ec15864c4e90ba3e5-006996d988" "proxy-server 20" 0.0157 "-" 23 0
Feb 19 09:36:08 standalone proxy-server[128084]: 172.18.0.2 172.18.0.100 19/Feb/2026/09/36/08 GET /v1/AUTH_9a3de689b1eb4a79be5127ab2a9f7eee/gnocchi.577f5316-96d6-4afc-8a7f-1ff99d7c6f97%3Fformat%3Djson%26states%3Dlisting HTTP/1.0 200 - python-swiftclient-3.11.1 gAAAAABpltkoOegl... - 357 - tx22f2ec15864c4e90ba3e5-006996d988 - 0.0248 - - 1771493768.211009979 1771493768.235830069 0
Feb 19 09:36:08 standalone container-server[125981]: 172.20.0.100 - - [19/Feb/2026:09:36:08 +0000] "GET /d1/128/AUTH_9a3de689b1eb4a79be5127ab2a9f7eee/gnocchi.577f5316-96d6-4afc-8a7f-1ff99d7c6f97" 200 2 "GET http://172.18.0.2:8080/v1/AUTH_9a3de689b1eb4a79be5127ab2a9f7eee/gnocchi.577f5316-96d6-4afc-8a7f-1ff99d7c6f97?format=json&marker=none_v3&states=listing" "txc5593f0353a941449fb44-006996d988" "proxy-server 20" 0.0073 "-" 20 0
Feb 19 09:36:08 standalone proxy-server[128084]: 172.18.0.2 172.18.0.100 19/Feb/2026/09/36/08 GET /v1/AUTH_9a3de689b1eb4a79be5127ab2a9f7eee/gnocchi.577f5316-96d6-4afc-8a7f-1ff99d7c6f97%3Fformat%3Djson%26marker%3Dnone_v3%26states%3Dlisting HTTP/1.0 200 - python-swiftclient-3.11.1 gAAAAABpltkoOegl... - 2 - txc5593f0353a941449fb44-006996d988 - 0.0164 - - 1771493768.239964724 1771493768.256365299 0
Feb 19 09:36:08 standalone object-server[126282]: 172.20.0.100 - - [19/Feb/2026:09:36:08 +0000] "GET /d1/275/AUTH_9a3de689b1eb4a79be5127ab2a9f7eee/gnocchi.577f5316-96d6-4afc-8a7f-1ff99d7c6f97/1771200000.0_mean_300.0_v3" 200 16 "GET http://172.18.0.2:8080/v1/AUTH_9a3de689b1eb4a79be5127ab2a9f7eee/gnocchi.577f5316-96d6-4afc-8a7f-1ff99d7c6f97/1771200000.0_mean_300.0_v3" "tx3ca0f12f8b7b4c0f92720-006996d988" "proxy-server 20" 0.0014 "-" 16 0
Feb 19 09:36:08 standalone proxy-server[128084]: 172.18.0.2 172.18.0.100 19/Feb/2026/09/36/08 GET /v1/AUTH_9a3de689b1eb4a79be5127ab2a9f7eee/gnocchi.577f5316-96d6-4afc-8a7f-1ff99d7c6f97/1771200000.0_mean_300.0_v3 HTTP/1.0 200 - python-swiftclient-3.11.1 gAAAAABpltkoOegl... - 16 - tx3ca0f12f8b7b4c0f92720-006996d988 - 0.0106 - - 1771493768.261730671 1771493768.272285938 0
Feb 19 09:36:08 standalone container-server[126014]: 172.20.0.100 - - [19/Feb/2026:09:36:08 +0000] "PUT /d1/128/AUTH_9a3de689b1eb4a79be5127ab2a9f7eee/gnocchi.577f5316-96d6-4afc-8a7f-1ff99d7c6f97/1771200000.0_mean_300.0_v3" 201 - "PUT http://172.18.0.2:8080/d1/275/AUTH_9a3de689b1eb4a79be5127ab2a9f7eee/gnocchi.577f5316-96d6-4afc-8a7f-1ff99d7c6f97/1771200000.0_mean_300.0_v3" "tx01c5906f848b41d6837c6-006996d988" "object-server 20" 0.0008 "-" 22 0
Feb 19 09:36:08 standalone object-server[126288]: 172.20.0.100 - - [19/Feb/2026:09:36:08 +0000] "PUT /d1/275/AUTH_9a3de689b1eb4a79be5127ab2a9f7eee/gnocchi.577f5316-96d6-4afc-8a7f-1ff99d7c6f97/1771200000.0_mean_300.0_v3" 201 - "PUT http://172.18.0.2:8080/v1/AUTH_9a3de689b1eb4a79be5127ab2a9f7eee/gnocchi.577f5316-96d6-4afc-8a7f-1ff99d7c6f97/1771200000.0_mean_300.0_v3" "tx01c5906f848b41d6837c6-006996d988" "proxy-server 20" 0.0115 "-" 20 0
Feb 19 09:36:08 standalone proxy-server[128084]: 172.18.0.2 172.18.0.100 19/Feb/2026/09/36/08 PUT /v1/AUTH_9a3de689b1eb4a79be5127ab2a9f7eee/gnocchi.577f5316-96d6-4afc-8a7f-1ff99d7c6f97/1771200000.0_mean_300.0_v3 HTTP/1.0 201 - python-swiftclient-3.11.1 gAAAAABpltkoOegl... 16 - - tx01c5906f848b41d6837c6-006996d988 - 0.0208 - - 1771493768.276539564 1771493768.297378540 0
Feb 19 09:36:08 standalone container-server[126014]: 172.20.0.100 - - [19/Feb/2026:09:36:08 +0000] "PUT /d1/128/AUTH_9a3de689b1eb4a79be5127ab2a9f7eee/gnocchi.577f5316-96d6-4afc-8a7f-1ff99d7c6f97/none_v3" 201 - "PUT http://172.18.0.2:8080/d1/333/AUTH_9a3de689b1eb4a79be5127ab2a9f7eee/gnocchi.577f5316-96d6-4afc-8a7f-1ff99d7c6f97/none_v3" "tx1be5a0a2ba7244b1a9bce-006996d988" "object-server 22" 0.0008 "-" 22 0
Feb 19 09:36:08 standalone object-server[126293]: 172.20.0.100 - - [19/Feb/2026:09:36:08 +0000] "PUT /d1/333/AUTH_9a3de689b1eb4a79be5127ab2a9f7eee/gnocchi.577f5316-96d6-4afc-8a7f-1ff99d7c6f97/none_v3" 201 - "PUT http://172.18.0.2:8080/v1/AUTH_9a3de689b1eb4a79be5127ab2a9f7eee/gnocchi.577f5316-96d6-4afc-8a7f-1ff99d7c6f97/none_v3" "tx1be5a0a2ba7244b1a9bce-006996d988" "proxy-server 20" 0.0123 "-" 22 0
Feb 19 09:36:08 standalone proxy-server[128084]: 172.18.0.2 172.18.0.100 19/Feb/2026/09/36/08 PUT /v1/AUTH_9a3de689b1eb4a79be5127ab2a9f7eee/gnocchi.577f5316-96d6-4afc-8a7f-1ff99d7c6f97/none_v3 HTTP/1.0 201 - python-swiftclient-3.11.1 gAAAAABpltkoOegl... 33 - - tx1be5a0a2ba7244b1a9bce-006996d988 - 0.0247 - - 1771493768.303404808 1771493768.328098297 0
Feb 19 09:36:11 standalone object-server[126288]: 172.20.0.100 - - [19/Feb/2026:09:36:11 +0000] "GET /d1/376/AUTH_9a3de689b1eb4a79be5127ab2a9f7eee/gnocchi.7085fa9d-b1f5-41fa-8bf1-1dffa9a513b6/none_v3" 200 22 "GET http://172.18.0.2:8080/v1/AUTH_9a3de689b1eb4a79be5127ab2a9f7eee/gnocchi.7085fa9d-b1f5-41fa-8bf1-1dffa9a513b6/none_v3" "tx41ca0ef67e214d6782157-006996d98b" "proxy-server 20" 0.0007 "-" 20 0
Feb 19 09:36:11 standalone proxy-server[128084]: 172.18.0.2 172.18.0.100 19/Feb/2026/09/36/11 GET /v1/AUTH_9a3de689b1eb4a79be5127ab2a9f7eee/gnocchi.7085fa9d-b1f5-41fa-8bf1-1dffa9a513b6/none_v3 HTTP/1.0 200 - python-swiftclient-3.11.1 gAAAAABpltkoOegl... - 22 - tx41ca0ef67e214d6782157-006996d98b - 0.0096 - - 1771493771.464021444 1771493771.473624468 0
Feb 19 09:36:11 standalone container-server[126003]: 172.20.0.100 - - [19/Feb/2026:09:36:11 +0000] "GET /d1/520/AUTH_9a3de689b1eb4a79be5127ab2a9f7eee/gnocchi.7085fa9d-b1f5-41fa-8bf1-1dffa9a513b6" 200 357 "GET http://172.18.0.2:8080/v1/AUTH_9a3de689b1eb4a79be5127ab2a9f7eee/gnocchi.7085fa9d-b1f5-41fa-8bf1-1dffa9a513b6?format=json&states=listing" "txf28c3dae189142bbb9f9d-006996d98b" "proxy-server 20" 0.0196 "-" 21 0
Feb 19 09:36:11 standalone proxy-server[128084]: 172.18.0.2 172.18.0.100 19/Feb/2026/09/36/11 GET /v1/AUTH_9a3de689b1eb4a79be5127ab2a9f7eee/gnocchi.7085fa9d-b1f5-41fa-8bf1-1dffa9a513b6%3Fformat%3Djson%26states%3Dlisting HTTP/1.0 200 - python-swiftclient-3.11.1 gAAAAABpltkoOegl... - 357 - txf28c3dae189142bbb9f9d-006996d98b - 0.0296 - - 1771493771.477681637 1771493771.507318497 0
Feb 19 09:36:11 standalone container-server[126014]: 172.20.0.100 - - [19/Feb/2026:09:36:11 +0000] "GET /d1/520/AUTH_9a3de689b1eb4a79be5127ab2a9f7eee/gnocchi.7085fa9d-b1f5-41fa-8bf1-1dffa9a513b6" 200 2 "GET http://172.18.0.2:8080/v1/AUTH_9a3de689b1eb4a79be5127ab2a9f7eee/gnocchi.7085fa9d-b1f5-41fa-8bf1-1dffa9a513b6?format=json&marker=none_v3&states=listing" "tx53411bb18c6c4c3481af5-006996d98b" "proxy-server 20" 0.0033 "-" 22 0
Feb 19 09:36:11 standalone proxy-server[128084]: 172.18.0.2 172.18.0.100 19/Feb/2026/09/36/11 GET /v1/AUTH_9a3de689b1eb4a79be5127ab2a9f7eee/gnocchi.7085fa9d-b1f5-41fa-8bf1-1dffa9a513b6%3Fformat%3Djson%26marker%3Dnone_v3%26states%3Dlisting HTTP/1.0 200 - python-swiftclient-3.11.1 gAAAAABpltkoOegl... - 2 - tx53411bb18c6c4c3481af5-006996d98b - 0.0121 - - 1771493771.511248589 1771493771.523359776 0
Feb 19 09:36:11 standalone object-server[126288]: 172.20.0.100 - - [19/Feb/2026:09:36:11 +0000] "GET /d1/222/AUTH_9a3de689b1eb4a79be5127ab2a9f7eee/gnocchi.7085fa9d-b1f5-41fa-8bf1-1dffa9a513b6/1771200000.0_mean_300.0_v3" 200 16 "GET http://172.18.0.2:8080/v1/AUTH_9a3de689b1eb4a79be5127ab2a9f7eee/gnocchi.7085fa9d-b1f5-41fa-8bf1-1dffa9a513b6/1771200000.0_mean_300.0_v3" "tx4378ffd38e884cf8a766a-006996d98b" "proxy-server 20" 0.0010 "-" 20 0
Feb 19 09:36:11 standalone proxy-server[128084]: 172.18.0.2 172.18.0.100 19/Feb/2026/09/36/11 GET /v1/AUTH_9a3de689b1eb4a79be5127ab2a9f7eee/gnocchi.7085fa9d-b1f5-41fa-8bf1-1dffa9a513b6/1771200000.0_mean_300.0_v3 HTTP/1.0 200 - python-swiftclient-3.11.1 gAAAAABpltkoOegl... - 16 - tx4378ffd38e884cf8a766a-006996d98b - 0.0112 - - 1771493771.527262449 1771493771.538505316 0
Feb 19 09:36:11 standalone container-server[126014]: 172.20.0.100 - - [19/Feb/2026:09:36:11 +0000] "PUT /d1/520/AUTH_9a3de689b1eb4a79be5127ab2a9f7eee/gnocchi.7085fa9d-b1f5-41fa-8bf1-1dffa9a513b6/1771200000.0_mean_300.0_v3" 201 - "PUT http://172.18.0.2:8080/d1/222/AUTH_9a3de689b1eb4a79be5127ab2a9f7eee/gnocchi.7085fa9d-b1f5-41fa-8bf1-1dffa9a513b6/1771200000.0_mean_300.0_v3" "tx94d1ec576e6045a089b10-006996d98b" "object-server 22" 0.0006 "-" 22 0
Feb 19 09:36:11 standalone object-server[126293]: 172.20.0.100 - - [19/Feb/2026:09:36:11 +0000] "PUT /d1/222/AUTH_9a3de689b1eb4a79be5127ab2a9f7eee/gnocchi.7085fa9d-b1f5-41fa-8bf1-1dffa9a513b6/1771200000.0_mean_300.0_v3" 201 - "PUT http://172.18.0.2:8080/v1/AUTH_9a3de689b1eb4a79be5127ab2a9f7eee/gnocchi.7085fa9d-b1f5-41fa-8bf1-1dffa9a513b6/1771200000.0_mean_300.0_v3" "tx94d1ec576e6045a089b10-006996d98b" "proxy-server 20" 0.0095 "-" 22 0
Feb 19 09:36:11 standalone proxy-server[128084]: 172.18.0.2 172.18.0.100 19/Feb/2026/09/36/11 PUT /v1/AUTH_9a3de689b1eb4a79be5127ab2a9f7eee/gnocchi.7085fa9d-b1f5-41fa-8bf1-1dffa9a513b6/1771200000.0_mean_300.0_v3 HTTP/1.0 201 - python-swiftclient-3.11.1 gAAAAABpltkoOegl... 16 - - tx94d1ec576e6045a089b10-006996d98b - 0.0209 - - 1771493771.541881561 1771493771.562791348 0
Feb 19 09:36:11 standalone container-server[125981]: 172.20.0.100 - - [19/Feb/2026:09:36:11 +0000] "PUT /d1/520/AUTH_9a3de689b1eb4a79be5127ab2a9f7eee/gnocchi.7085fa9d-b1f5-41fa-8bf1-1dffa9a513b6/none_v3" 201 - "PUT http://172.18.0.2:8080/d1/376/AUTH_9a3de689b1eb4a79be5127ab2a9f7eee/gnocchi.7085fa9d-b1f5-41fa-8bf1-1dffa9a513b6/none_v3" "txe9c23834a2e04927a5c49-006996d98b" "object-server 20" 0.0005 "-" 20 0
Feb 19 09:36:11 standalone object-server[126288]: 172.20.0.100 - - [19/Feb/2026:09:36:11 +0000] "PUT /d1/376/AUTH_9a3de689b1eb4a79be5127ab2a9f7eee/gnocchi.7085fa9d-b1f5-41fa-8bf1-1dffa9a513b6/none_v3" 201 - "PUT http://172.18.0.2:8080/v1/AUTH_9a3de689b1eb4a79be5127ab2a9f7eee/gnocchi.7085fa9d-b1f5-41fa-8bf1-1dffa9a513b6/none_v3" "txe9c23834a2e04927a5c49-006996d98b" "proxy-server 20" 0.0100 "-" 20 0
Feb 19 09:36:11 standalone proxy-server[128084]: 172.18.0.2 172.18.0.100 19/Feb/2026/09/36/11 PUT /v1/AUTH_9a3de689b1eb4a79be5127ab2a9f7eee/gnocchi.7085fa9d-b1f5-41fa-8bf1-1dffa9a513b6/none_v3 HTTP/1.0 201 - python-swiftclient-3.11.1 gAAAAABpltkoOegl... 31 - - txe9c23834a2e04927a5c49-006996d98b - 0.0177 - - 1771493771.565754652 1771493771.583490610 0
Feb 19 09:36:22 standalone container-server[126003]: 172.20.0.100 - - [19/Feb/2026:09:36:22 +0000] "HEAD /d1/273/AUTH_9a3de689b1eb4a79be5127ab2a9f7eee/gnocchi.3f896c0a-7eb9-4438-926f-8beeb16511e8" 404 - "HEAD http://172.18.0.2:8080/v1/AUTH_9a3de689b1eb4a79be5127ab2a9f7eee/gnocchi.3f896c0a-7eb9-4438-926f-8beeb16511e8?format=json&states=listing" "txee92ebb28eed47beb3307-006996d996" "proxy-server 20" 0.0007 "-" 21 0
Feb 19 09:36:22 standalone object-server[126293]: 172.20.0.100 - - [19/Feb/2026:09:36:22 +0000] "GET /d1/715/AUTH_9a3de689b1eb4a79be5127ab2a9f7eee/gnocchi.3f896c0a-7eb9-4438-926f-8beeb16511e8/none_v3" 404 70 "GET http://172.18.0.2:8080/v1/AUTH_9a3de689b1eb4a79be5127ab2a9f7eee/gnocchi.3f896c0a-7eb9-4438-926f-8beeb16511e8/none_v3" "txee92ebb28eed47beb3307-006996d996" "proxy-server 20" 0.0036 "-" 22 0
Feb 19 09:36:22 standalone proxy-server[128084]: 172.18.0.2 172.18.0.100 19/Feb/2026/09/36/22 GET /v1/AUTH_9a3de689b1eb4a79be5127ab2a9f7eee/gnocchi.3f896c0a-7eb9-4438-926f-8beeb16511e8/none_v3 HTTP/1.0 404 - python-swiftclient-3.11.1 gAAAAABpltkoOegl... - 70 - txee92ebb28eed47beb3307-006996d996 - 0.0205 - - 1771493782.445333481 1771493782.465846300 0
Feb 19 09:36:22 standalone account-server[126008]: 172.20.0.100 - - [19/Feb/2026:09:36:22 +0000] "PUT /d1/198/AUTH_9a3de689b1eb4a79be5127ab2a9f7eee/gnocchi.3f896c0a-7eb9-4438-926f-8beeb16511e8" 201 - "PUT http://172.20.0.100:6001/d1/273/AUTH_9a3de689b1eb4a79be5127ab2a9f7eee/gnocchi.3f896c0a-7eb9-4438-926f-8beeb16511e8" "tx55dd37850185473581ff0-006996d996" "container-server 20" 0.0074 "-" 22 0
Feb 19 09:36:22 standalone container-server[125981]: 172.20.0.100 - - [19/Feb/2026:09:36:22 +0000] "PUT /d1/273/AUTH_9a3de689b1eb4a79be5127ab2a9f7eee/gnocchi.3f896c0a-7eb9-4438-926f-8beeb16511e8" 201 - "PUT http://172.18.0.2:8080/v1/AUTH_9a3de689b1eb4a79be5127ab2a9f7eee/gnocchi.3f896c0a-7eb9-4438-926f-8beeb16511e8" "tx55dd37850185473581ff0-006996d996" "proxy-server 20" 0.0210 "-" 20 0
Feb 19 09:36:22 standalone proxy-server[128084]: 172.18.0.2 172.18.0.100 19/Feb/2026/09/36/22 PUT /v1/AUTH_9a3de689b1eb4a79be5127ab2a9f7eee/gnocchi.3f896c0a-7eb9-4438-926f-8beeb16511e8 HTTP/1.0 201 - python-swiftclient-3.11.1 gAAAAABpltkoOegl... - - - tx55dd37850185473581ff0-006996d996 - 0.0289 - - 1771493782.469406128 1771493782.498315096 0
