Feb 19 09:36:22 standalone container-server[125981]: 172.20.0.100 - - [19/Feb/2026:09:36:22 +0000] "HEAD /d1/273/AUTH_9a3de689b1eb4a79be5127ab2a9f7eee/gnocchi.3f896c0a-7eb9-4438-926f-8beeb16511e8" 204 - "HEAD http://172.18.0.2:8080/v1/AUTH_9a3de689b1eb4a79be5127ab2a9f7eee/gnocchi.3f896c0a-7eb9-4438-926f-8beeb16511e8?format=json&states=listing" "tx13940df235674e6881895-006996d996" "proxy-server 20" 0.0016 "-" 20 0
Feb 19 09:36:22 standalone proxy-server[128084]: - - 19/Feb/2026/09/36/22 HEAD /v1/AUTH_9a3de689b1eb4a79be5127ab2a9f7eee/gnocchi.3f896c0a-7eb9-4438-926f-8beeb16511e8%3Fformat%3Djson%26states%3Dlisting HTTP/1.0 204 - Swift - - - - tx13940df235674e6881895-006996d996 - 0.0060 RL - 1771493782.503399611 1771493782.509436846 0
Feb 19 09:36:22 standalone container-server[126020]: 172.20.0.100 - - [19/Feb/2026:09:36:22 +0000] "GET /d1/273/AUTH_9a3de689b1eb4a79be5127ab2a9f7eee/gnocchi.3f896c0a-7eb9-4438-926f-8beeb16511e8" 200 2 "GET http://172.18.0.2:8080/v1/AUTH_9a3de689b1eb4a79be5127ab2a9f7eee/gnocchi.3f896c0a-7eb9-4438-926f-8beeb16511e8?format=json&states=listing" "tx13940df235674e6881895-006996d996" "proxy-server 20" 0.0030 "-" 23 0
Feb 19 09:36:22 standalone proxy-server[128084]: 172.18.0.2 172.18.0.100 19/Feb/2026/09/36/22 GET /v1/AUTH_9a3de689b1eb4a79be5127ab2a9f7eee/gnocchi.3f896c0a-7eb9-4438-926f-8beeb16511e8%3Fformat%3Djson%26states%3Dlisting HTTP/1.0 200 - python-swiftclient-3.11.1 gAAAAABpltkoOegl... - 2 - tx13940df235674e6881895-006996d996 - 0.0189 - - 1771493782.501900911 1771493782.520837545 0
Feb 19 09:36:22 standalone object-server[126293]: 172.20.0.100 - - [19/Feb/2026:09:36:22 +0000] "GET /d1/977/AUTH_9a3de689b1eb4a79be5127ab2a9f7eee/gnocchi.3f896c0a-7eb9-4438-926f-8beeb16511e8/1771200000.0_mean_300.0_v3" 404 70 "GET http://172.18.0.2:8080/v1/AUTH_9a3de689b1eb4a79be5127ab2a9f7eee/gnocchi.3f896c0a-7eb9-4438-926f-8beeb16511e8/1771200000.0_mean_300.0_v3" "tx1246a8751a0b4f93b9ad4-006996d996" "proxy-server 20" 0.0004 "-" 22 0
Feb 19 09:36:22 standalone proxy-server[128084]: 172.18.0.2 172.18.0.100 19/Feb/2026/09/36/22 GET /v1/AUTH_9a3de689b1eb4a79be5127ab2a9f7eee/gnocchi.3f896c0a-7eb9-4438-926f-8beeb16511e8/1771200000.0_mean_300.0_v3 HTTP/1.0 404 - python-swiftclient-3.11.1 gAAAAABpltkoOegl... - 70 - tx1246a8751a0b4f93b9ad4-006996d996 - 0.0095 - - 1771493782.524598598 1771493782.534056187 0
Feb 19 09:36:22 standalone container-server[125981]: 172.20.0.100 - - [19/Feb/2026:09:36:22 +0000] "PUT /d1/273/AUTH_9a3de689b1eb4a79be5127ab2a9f7eee/gnocchi.3f896c0a-7eb9-4438-926f-8beeb16511e8/1771200000.0_mean_300.0_v3" 201 - "PUT http://172.18.0.2:8080/d1/977/AUTH_9a3de689b1eb4a79be5127ab2a9f7eee/gnocchi.3f896c0a-7eb9-4438-926f-8beeb16511e8/1771200000.0_mean_300.0_v3" "txe04fbeb5d62441b0bf4da-006996d996" "object-server 21" 0.0007 "-" 20 0
Feb 19 09:36:22 standalone object-server[126291]: 172.20.0.100 - - [19/Feb/2026:09:36:22 +0000] "PUT /d1/977/AUTH_9a3de689b1eb4a79be5127ab2a9f7eee/gnocchi.3f896c0a-7eb9-4438-926f-8beeb16511e8/1771200000.0_mean_300.0_v3" 201 - "PUT http://172.18.0.2:8080/v1/AUTH_9a3de689b1eb4a79be5127ab2a9f7eee/gnocchi.3f896c0a-7eb9-4438-926f-8beeb16511e8/1771200000.0_mean_300.0_v3" "txe04fbeb5d62441b0bf4da-006996d996" "proxy-server 20" 0.0109 "-" 21 0
Feb 19 09:36:22 standalone proxy-server[128084]: 172.18.0.2 172.18.0.100 19/Feb/2026/09/36/22 PUT /v1/AUTH_9a3de689b1eb4a79be5127ab2a9f7eee/gnocchi.3f896c0a-7eb9-4438-926f-8beeb16511e8/1771200000.0_mean_300.0_v3 HTTP/1.0 201 - python-swiftclient-3.11.1 gAAAAABpltkoOegl... 16 - - txe04fbeb5d62441b0bf4da-006996d996 - 0.0189 - - 1771493782.537928343 1771493782.556850433 0
Feb 19 09:36:22 standalone container-server[126020]: 172.20.0.100 - - [19/Feb/2026:09:36:22 +0000] "PUT /d1/273/AUTH_9a3de689b1eb4a79be5127ab2a9f7eee/gnocchi.3f896c0a-7eb9-4438-926f-8beeb16511e8/none_v3" 201 - "PUT http://172.18.0.2:8080/d1/715/AUTH_9a3de689b1eb4a79be5127ab2a9f7eee/gnocchi.3f896c0a-7eb9-4438-926f-8beeb16511e8/none_v3" "txfea286db1c0d4083ae3e8-006996d996" "object-server 20" 0.0006 "-" 23 0
Feb 19 09:36:22 standalone object-server[126288]: 172.20.0.100 - - [19/Feb/2026:09:36:22 +0000] "PUT /d1/715/AUTH_9a3de689b1eb4a79be5127ab2a9f7eee/gnocchi.3f896c0a-7eb9-4438-926f-8beeb16511e8/none_v3" 201 - "PUT http://172.18.0.2:8080/v1/AUTH_9a3de689b1eb4a79be5127ab2a9f7eee/gnocchi.3f896c0a-7eb9-4438-926f-8beeb16511e8/none_v3" "txfea286db1c0d4083ae3e8-006996d996" "proxy-server 20" 0.0112 "-" 20 0
Feb 19 09:36:22 standalone proxy-server[128084]: 172.18.0.2 172.18.0.100 19/Feb/2026/09/36/22 PUT /v1/AUTH_9a3de689b1eb4a79be5127ab2a9f7eee/gnocchi.3f896c0a-7eb9-4438-926f-8beeb16511e8/none_v3 HTTP/1.0 201 - python-swiftclient-3.11.1 gAAAAABpltkoOegl... 22 - - txfea286db1c0d4083ae3e8-006996d996 - 0.0186 - - 1771493782.559943914 1771493782.578503609 0
Feb 19 09:36:23 standalone object-server[126291]: 172.20.0.100 - - [19/Feb/2026:09:36:23 +0000] "GET /d1/715/AUTH_9a3de689b1eb4a79be5127ab2a9f7eee/gnocchi.3f896c0a-7eb9-4438-926f-8beeb16511e8/none_v3" 200 22 "GET http://172.18.0.2:8080/v1/AUTH_9a3de689b1eb4a79be5127ab2a9f7eee/gnocchi.3f896c0a-7eb9-4438-926f-8beeb16511e8/none_v3" "tx878fc5b3c87e4b6eb81eb-006996d997" "proxy-server 20" 0.0011 "-" 21 0
Feb 19 09:36:23 standalone proxy-server[128084]: 172.18.0.2 172.18.0.100 19/Feb/2026/09/36/23 GET /v1/AUTH_9a3de689b1eb4a79be5127ab2a9f7eee/gnocchi.3f896c0a-7eb9-4438-926f-8beeb16511e8/none_v3 HTTP/1.0 200 - python-swiftclient-3.11.1 gAAAAABpltkoOegl... - 22 - tx878fc5b3c87e4b6eb81eb-006996d997 - 0.0107 - - 1771493783.471231222 1771493783.481913090 0
Feb 19 09:36:23 standalone container-server[126014]: 172.20.0.100 - - [19/Feb/2026:09:36:23 +0000] "GET /d1/273/AUTH_9a3de689b1eb4a79be5127ab2a9f7eee/gnocchi.3f896c0a-7eb9-4438-926f-8beeb16511e8" 200 357 "GET http://172.18.0.2:8080/v1/AUTH_9a3de689b1eb4a79be5127ab2a9f7eee/gnocchi.3f896c0a-7eb9-4438-926f-8beeb16511e8?format=json&states=listing" "tx7a4ddd3ec741447a94f1a-006996d997" "proxy-server 20" 0.0073 "-" 22 0
Feb 19 09:36:23 standalone proxy-server[128084]: 172.18.0.2 172.18.0.100 19/Feb/2026/09/36/23 GET /v1/AUTH_9a3de689b1eb4a79be5127ab2a9f7eee/gnocchi.3f896c0a-7eb9-4438-926f-8beeb16511e8%3Fformat%3Djson%26states%3Dlisting HTTP/1.0 200 - python-swiftclient-3.11.1 gAAAAABpltkoOegl... - 357 - tx7a4ddd3ec741447a94f1a-006996d997 - 0.0157 - - 1771493783.485599279 1771493783.501269817 0
Feb 19 09:36:23 standalone container-server[126003]: 172.20.0.100 - - [19/Feb/2026:09:36:23 +0000] "GET /d1/273/AUTH_9a3de689b1eb4a79be5127ab2a9f7eee/gnocchi.3f896c0a-7eb9-4438-926f-8beeb16511e8" 200 2 "GET http://172.18.0.2:8080/v1/AUTH_9a3de689b1eb4a79be5127ab2a9f7eee/gnocchi.3f896c0a-7eb9-4438-926f-8beeb16511e8?format=json&marker=none_v3&states=listing" "tx69b81a3b9a9941249f006-006996d997" "proxy-server 20" 0.0025 "-" 21 0
Feb 19 09:36:23 standalone proxy-server[128084]: 172.18.0.2 172.18.0.100 19/Feb/2026/09/36/23 GET /v1/AUTH_9a3de689b1eb4a79be5127ab2a9f7eee/gnocchi.3f896c0a-7eb9-4438-926f-8beeb16511e8%3Fformat%3Djson%26marker%3Dnone_v3%26states%3Dlisting HTTP/1.0 200 - python-swiftclient-3.11.1 gAAAAABpltkoOegl... - 2 - tx69b81a3b9a9941249f006-006996d997 - 0.0129 - - 1771493783.506490231 1771493783.519373655 0
Feb 19 09:36:23 standalone object-server[126291]: 172.20.0.100 - - [19/Feb/2026:09:36:23 +0000] "GET /d1/977/AUTH_9a3de689b1eb4a79be5127ab2a9f7eee/gnocchi.3f896c0a-7eb9-4438-926f-8beeb16511e8/1771200000.0_mean_300.0_v3" 200 16 "GET http://172.18.0.2:8080/v1/AUTH_9a3de689b1eb4a79be5127ab2a9f7eee/gnocchi.3f896c0a-7eb9-4438-926f-8beeb16511e8/1771200000.0_mean_300.0_v3" "tx46a239545eaf4582b7acc-006996d997" "proxy-server 20" 0.0010 "-" 21 0
Feb 19 09:36:23 standalone proxy-server[128084]: 172.18.0.2 172.18.0.100 19/Feb/2026/09/36/23 GET /v1/AUTH_9a3de689b1eb4a79be5127ab2a9f7eee/gnocchi.3f896c0a-7eb9-4438-926f-8beeb16511e8/1771200000.0_mean_300.0_v3 HTTP/1.0 200 - python-swiftclient-3.11.1 gAAAAABpltkoOegl... - 16 - tx46a239545eaf4582b7acc-006996d997 - 0.0110 - - 1771493783.525764942 1771493783.536787033 0
Feb 19 09:36:23 standalone container-server[126014]: 172.20.0.100 - - [19/Feb/2026:09:36:23 +0000] "PUT /d1/273/AUTH_9a3de689b1eb4a79be5127ab2a9f7eee/gnocchi.3f896c0a-7eb9-4438-926f-8beeb16511e8/1771200000.0_mean_300.0_v3" 201 - "PUT http://172.18.0.2:8080/d1/977/AUTH_9a3de689b1eb4a79be5127ab2a9f7eee/gnocchi.3f896c0a-7eb9-4438-926f-8beeb16511e8/1771200000.0_mean_300.0_v3" "tx6a93c3c2e03344448de9c-006996d997" "object-server 21" 0.0004 "-" 22 0
Feb 19 09:36:23 standalone object-server[126291]: 172.20.0.100 - - [19/Feb/2026:09:36:23 +0000] "PUT /d1/977/AUTH_9a3de689b1eb4a79be5127ab2a9f7eee/gnocchi.3f896c0a-7eb9-4438-926f-8beeb16511e8/1771200000.0_mean_300.0_v3" 201 - "PUT http://172.18.0.2:8080/v1/AUTH_9a3de689b1eb4a79be5127ab2a9f7eee/gnocchi.3f896c0a-7eb9-4438-926f-8beeb16511e8/1771200000.0_mean_300.0_v3" "tx6a93c3c2e03344448de9c-006996d997" "proxy-server 20" 0.0099 "-" 21 0
Feb 19 09:36:23 standalone proxy-server[128084]: 172.18.0.2 172.18.0.100 19/Feb/2026/09/36/23 PUT /v1/AUTH_9a3de689b1eb4a79be5127ab2a9f7eee/gnocchi.3f896c0a-7eb9-4438-926f-8beeb16511e8/1771200000.0_mean_300.0_v3 HTTP/1.0 201 - python-swiftclient-3.11.1 gAAAAABpltkoOegl... 16 - - tx6a93c3c2e03344448de9c-006996d997 - 0.0179 - - 1771493783.540045977 1771493783.557995319 0
Feb 19 09:36:23 standalone container-server[126003]: 172.20.0.100 - - [19/Feb/2026:09:36:23 +0000] "PUT /d1/273/AUTH_9a3de689b1eb4a79be5127ab2a9f7eee/gnocchi.3f896c0a-7eb9-4438-926f-8beeb16511e8/none_v3" 201 - "PUT http://172.18.0.2:8080/d1/715/AUTH_9a3de689b1eb4a79be5127ab2a9f7eee/gnocchi.3f896c0a-7eb9-4438-926f-8beeb16511e8/none_v3" "tx1fab381c5d0343569b8ca-006996d997" "object-server 20" 0.0007 "-" 21 0
Feb 19 09:36:23 standalone object-server[126288]: 172.20.0.100 - - [19/Feb/2026:09:36:23 +0000] "PUT /d1/715/AUTH_9a3de689b1eb4a79be5127ab2a9f7eee/gnocchi.3f896c0a-7eb9-4438-926f-8beeb16511e8/none_v3" 201 - "PUT http://172.18.0.2:8080/v1/AUTH_9a3de689b1eb4a79be5127ab2a9f7eee/gnocchi.3f896c0a-7eb9-4438-926f-8beeb16511e8/none_v3" "tx1fab381c5d0343569b8ca-006996d997" "proxy-server 20" 0.0103 "-" 20 0
Feb 19 09:36:23 standalone proxy-server[128084]: 172.18.0.2 172.18.0.100 19/Feb/2026/09/36/23 PUT /v1/AUTH_9a3de689b1eb4a79be5127ab2a9f7eee/gnocchi.3f896c0a-7eb9-4438-926f-8beeb16511e8/none_v3 HTTP/1.0 201 - python-swiftclient-3.11.1 gAAAAABpltkoOegl... 31 - - tx1fab381c5d0343569b8ca-006996d997 - 0.0193 - - 1771493783.561647892 1771493783.580927372 0
Feb 19 09:36:32 standalone object-server[126291]: 172.20.0.100 - - [19/Feb/2026:09:36:32 +0000] "GET /d1/376/AUTH_9a3de689b1eb4a79be5127ab2a9f7eee/gnocchi.7085fa9d-b1f5-41fa-8bf1-1dffa9a513b6/none_v3" 200 31 "GET http://172.18.0.2:8080/v1/AUTH_9a3de689b1eb4a79be5127ab2a9f7eee/gnocchi.7085fa9d-b1f5-41fa-8bf1-1dffa9a513b6/none_v3" "txa758c23ae3024047b3d3c-006996d9a0" "proxy-server 20" 0.0015 "-" 21 0
Feb 19 09:36:32 standalone proxy-server[128084]: 172.18.0.2 172.18.0.100 19/Feb/2026/09/36/32 GET /v1/AUTH_9a3de689b1eb4a79be5127ab2a9f7eee/gnocchi.7085fa9d-b1f5-41fa-8bf1-1dffa9a513b6/none_v3 HTTP/1.0 200 - python-swiftclient-3.11.1 gAAAAABpltkoOegl... - 31 - txa758c23ae3024047b3d3c-006996d9a0 - 0.0129 - - 1771493792.167346239 1771493792.180225372 0
Feb 19 09:36:32 standalone container-server[126020]: 172.20.0.100 - - [19/Feb/2026:09:36:32 +0000] "GET /d1/520/AUTH_9a3de689b1eb4a79be5127ab2a9f7eee/gnocchi.7085fa9d-b1f5-41fa-8bf1-1dffa9a513b6" 200 357 "GET http://172.18.0.2:8080/v1/AUTH_9a3de689b1eb4a79be5127ab2a9f7eee/gnocchi.7085fa9d-b1f5-41fa-8bf1-1dffa9a513b6?format=json&states=listing" "tx77608985157f47f5b6821-006996d9a0" "proxy-server 20" 0.0113 "-" 23 0
Feb 19 09:36:32 standalone proxy-server[128084]: 172.18.0.2 172.18.0.100 19/Feb/2026/09/36/32 GET /v1/AUTH_9a3de689b1eb4a79be5127ab2a9f7eee/gnocchi.7085fa9d-b1f5-41fa-8bf1-1dffa9a513b6%3Fformat%3Djson%26states%3Dlisting HTTP/1.0 200 - python-swiftclient-3.11.1 gAAAAABpltkoOegl... - 357 - tx77608985157f47f5b6821-006996d9a0 - 0.0209 - - 1771493792.184353113 1771493792.205209255 0
Feb 19 09:36:32 standalone container-server[126014]: 172.20.0.100 - - [19/Feb/2026:09:36:32 +0000] "GET /d1/520/AUTH_9a3de689b1eb4a79be5127ab2a9f7eee/gnocchi.7085fa9d-b1f5-41fa-8bf1-1dffa9a513b6" 200 2 "GET http://172.18.0.2:8080/v1/AUTH_9a3de689b1eb4a79be5127ab2a9f7eee/gnocchi.7085fa9d-b1f5-41fa-8bf1-1dffa9a513b6?format=json&marker=none_v3&states=listing" "txca8dc630f90c4bea91d3f-006996d9a0" "proxy-server 20" 0.0038 "-" 22 0
Feb 19 09:36:32 standalone proxy-server[128084]: 172.18.0.2 172.18.0.100 19/Feb/2026/09/36/32 GET /v1/AUTH_9a3de689b1eb4a79be5127ab2a9f7eee/gnocchi.7085fa9d-b1f5-41fa-8bf1-1dffa9a513b6%3Fformat%3Djson%26marker%3Dnone_v3%26states%3Dlisting HTTP/1.0 200 - python-swiftclient-3.11.1 gAAAAABpltkoOegl... - 2 - txca8dc630f90c4bea91d3f-006996d9a0 - 0.0128 - - 1771493792.208411694 1771493792.221218586 0
Feb 19 09:36:32 standalone object-server[126288]: 172.20.0.100 - - [19/Feb/2026:09:36:32 +0000] "GET /d1/222/AUTH_9a3de689b1eb4a79be5127ab2a9f7eee/gnocchi.7085fa9d-b1f5-41fa-8bf1-1dffa9a513b6/1771200000.0_mean_300.0_v3" 200 16 "GET http://172.18.0.2:8080/v1/AUTH_9a3de689b1eb4a79be5127ab2a9f7eee/gnocchi.7085fa9d-b1f5-41fa-8bf1-1dffa9a513b6/1771200000.0_mean_300.0_v3" "tx7c8cc5f2e0184c3386d8b-006996d9a0" "proxy-server 20" 0.0013 "-" 20 0
Feb 19 09:36:32 standalone proxy-server[128084]: 172.18.0.2 172.18.0.100 19/Feb/2026/09/36/32 GET /v1/AUTH_9a3de689b1eb4a79be5127ab2a9f7eee/gnocchi.7085fa9d-b1f5-41fa-8bf1-1dffa9a513b6/1771200000.0_mean_300.0_v3 HTTP/1.0 200 - python-swiftclient-3.11.1 gAAAAABpltkoOegl... - 16 - tx7c8cc5f2e0184c3386d8b-006996d9a0 - 0.0098 - - 1771493792.227037430 1771493792.236801386 0
Feb 19 09:36:32 standalone container-server[126014]: 172.20.0.100 - - [19/Feb/2026:09:36:32 +0000] "PUT /d1/520/AUTH_9a3de689b1eb4a79be5127ab2a9f7eee/gnocchi.7085fa9d-b1f5-41fa-8bf1-1dffa9a513b6/1771200000.0_mean_300.0_v3" 201 - "PUT http://172.18.0.2:8080/d1/222/AUTH_9a3de689b1eb4a79be5127ab2a9f7eee/gnocchi.7085fa9d-b1f5-41fa-8bf1-1dffa9a513b6/1771200000.0_mean_300.0_v3" "tx1b1be0a8d0e74958854d1-006996d9a0" "object-server 20" 0.0008 "-" 22 0
Feb 19 09:36:32 standalone object-server[126288]: 172.20.0.100 - - [19/Feb/2026:09:36:32 +0000] "PUT /d1/222/AUTH_9a3de689b1eb4a79be5127ab2a9f7eee/gnocchi.7085fa9d-b1f5-41fa-8bf1-1dffa9a513b6/1771200000.0_mean_300.0_v3" 201 - "PUT http://172.18.0.2:8080/v1/AUTH_9a3de689b1eb4a79be5127ab2a9f7eee/gnocchi.7085fa9d-b1f5-41fa-8bf1-1dffa9a513b6/1771200000.0_mean_300.0_v3" "tx1b1be0a8d0e74958854d1-006996d9a0" "proxy-server 20" 0.0132 "-" 20 0
Feb 19 09:36:32 standalone proxy-server[128084]: 172.18.0.2 172.18.0.100 19/Feb/2026/09/36/32 PUT /v1/AUTH_9a3de689b1eb4a79be5127ab2a9f7eee/gnocchi.7085fa9d-b1f5-41fa-8bf1-1dffa9a513b6/1771200000.0_mean_300.0_v3 HTTP/1.0 201 - python-swiftclient-3.11.1 gAAAAABpltkoOegl... 16 - - tx1b1be0a8d0e74958854d1-006996d9a0 - 0.0208 - - 1771493792.241145134 1771493792.261906147 0
Feb 19 09:36:32 standalone container-server[126020]: 172.20.0.100 - - [19/Feb/2026:09:36:32 +0000] "PUT /d1/520/AUTH_9a3de689b1eb4a79be5127ab2a9f7eee/gnocchi.7085fa9d-b1f5-41fa-8bf1-1dffa9a513b6/none_v3" 201 - "PUT http://172.18.0.2:8080/d1/376/AUTH_9a3de689b1eb4a79be5127ab2a9f7eee/gnocchi.7085fa9d-b1f5-41fa-8bf1-1dffa9a513b6/none_v3" "tx18768a0b579b4d058cc54-006996d9a0" "object-server 21" 0.0005 "-" 23 0
Feb 19 09:36:32 standalone object-server[126291]: 172.20.0.100 - - [19/Feb/2026:09:36:32 +0000] "PUT /d1/376/AUTH_9a3de689b1eb4a79be5127ab2a9f7eee/gnocchi.7085fa9d-b1f5-41fa-8bf1-1dffa9a513b6/none_v3" 201 - "PUT http://172.18.0.2:8080/v1/AUTH_9a3de689b1eb4a79be5127ab2a9f7eee/gnocchi.7085fa9d-b1f5-41fa-8bf1-1dffa9a513b6/none_v3" "tx18768a0b579b4d058cc54-006996d9a0" "proxy-server 20" 0.0102 "-" 21 0
Feb 19 09:36:32 standalone proxy-server[128084]: 172.18.0.2 172.18.0.100 19/Feb/2026/09/36/32 PUT /v1/AUTH_9a3de689b1eb4a79be5127ab2a9f7eee/gnocchi.7085fa9d-b1f5-41fa-8bf1-1dffa9a513b6/none_v3 HTTP/1.0 201 - python-swiftclient-3.11.1 gAAAAABpltkoOegl... 46 - - tx18768a0b579b4d058cc54-006996d9a0 - 0.0190 - - 1771493792.265790939 1771493792.284827232 0
Feb 19 09:36:33 standalone account-server[125980]: 172.20.0.100 - - [19/Feb/2026:09:36:33 +0000] "HEAD /d1/198/AUTH_9a3de689b1eb4a79be5127ab2a9f7eee" 204 - "HEAD http://172.18.0.2:8080/v1/AUTH_9a3de689b1eb4a79be5127ab2a9f7eee?format=json" "tx84a52dab545b44ada0b30-006996d9a1" "proxy-server 20" 0.0076 "-" 21 -
Feb 19 09:36:33 standalone proxy-server[128084]: - - 19/Feb/2026/09/36/33 HEAD /v1/AUTH_9a3de689b1eb4a79be5127ab2a9f7eee%3Fformat%3Djson HTTP/1.0 204 - Swift - - - - tx84a52dab545b44ada0b30-006996d9a1 - 0.0119 RL - 1771493793.105592012 1771493793.117510796 -
Feb 19 09:36:33 standalone object-server[126288]: 172.20.0.100 - - [19/Feb/2026:09:36:33 +0000] "GET /d1/376/AUTH_9a3de689b1eb4a79be5127ab2a9f7eee/gnocchi.7085fa9d-b1f5-41fa-8bf1-1dffa9a513b6/none_v3" 200 46 "GET http://172.18.0.2:8080/v1/AUTH_9a3de689b1eb4a79be5127ab2a9f7eee/gnocchi.7085fa9d-b1f5-41fa-8bf1-1dffa9a513b6/none_v3" "tx84a52dab545b44ada0b30-006996d9a1" "proxy-server 20" 0.0008 "-" 20 0
Feb 19 09:36:33 standalone proxy-server[128084]: 172.18.0.2 172.18.0.100 19/Feb/2026/09/36/33 GET /v1/AUTH_9a3de689b1eb4a79be5127ab2a9f7eee/gnocchi.7085fa9d-b1f5-41fa-8bf1-1dffa9a513b6/none_v3 HTTP/1.0 200 - python-swiftclient-3.11.1 gAAAAABpltkoOegl... - 46 - tx84a52dab545b44ada0b30-006996d9a1 - 0.0198 - - 1771493793.104743242 1771493793.124539375 0
Feb 19 09:36:33 standalone container-server[126014]: 172.20.0.100 - - [19/Feb/2026:09:36:33 +0000] "GET /d1/520/AUTH_9a3de689b1eb4a79be5127ab2a9f7eee/gnocchi.7085fa9d-b1f5-41fa-8bf1-1dffa9a513b6" 200 357 "GET http://172.18.0.2:8080/v1/AUTH_9a3de689b1eb4a79be5127ab2a9f7eee/gnocchi.7085fa9d-b1f5-41fa-8bf1-1dffa9a513b6?format=json&states=listing" "tx405bb71c7af443a3a7102-006996d9a1" "proxy-server 20" 0.0070 "-" 22 0
Feb 19 09:36:33 standalone proxy-server[128084]: 172.18.0.2 172.18.0.100 19/Feb/2026/09/36/33 GET /v1/AUTH_9a3de689b1eb4a79be5127ab2a9f7eee/gnocchi.7085fa9d-b1f5-41fa-8bf1-1dffa9a513b6%3Fformat%3Djson%26states%3Dlisting HTTP/1.0 200 - python-swiftclient-3.11.1 gAAAAABpltkoOegl... - 357 - tx405bb71c7af443a3a7102-006996d9a1 - 0.0144 - - 1771493793.128363848 1771493793.142802000 0
Feb 19 09:36:33 standalone container-server[126014]: 172.20.0.100 - - [19/Feb/2026:09:36:33 +0000] "GET /d1/520/AUTH_9a3de689b1eb4a79be5127ab2a9f7eee/gnocchi.7085fa9d-b1f5-41fa-8bf1-1dffa9a513b6" 200 2 "GET http://172.18.0.2:8080/v1/AUTH_9a3de689b1eb4a79be5127ab2a9f7eee/gnocchi.7085fa9d-b1f5-41fa-8bf1-1dffa9a513b6?format=json&marker=none_v3&states=listing" "txf4bd4dcbd0614f5684a4c-006996d9a1" "proxy-server 20" 0.0022 "-" 22 0
Feb 19 09:36:33 standalone proxy-server[128084]: 172.18.0.2 172.18.0.100 19/Feb/2026/09/36/33 GET /v1/AUTH_9a3de689b1eb4a79be5127ab2a9f7eee/gnocchi.7085fa9d-b1f5-41fa-8bf1-1dffa9a513b6%3Fformat%3Djson%26marker%3Dnone_v3%26states%3Dlisting HTTP/1.0 200 - python-swiftclient-3.11.1 gAAAAABpltkoOegl... - 2 - txf4bd4dcbd0614f5684a4c-006996d9a1 - 0.0080 - - 1771493793.145632982 1771493793.153681755 0
Feb 19 09:36:33 standalone object-server[126293]: 172.20.0.100 - - [19/Feb/2026:09:36:33 +0000] "GET /d1/222/AUTH_9a3de689b1eb4a79be5127ab2a9f7eee/gnocchi.7085fa9d-b1f5-41fa-8bf1-1dffa9a513b6/1771200000.0_mean_300.0_v3" 200 16 "GET http://172.18.0.2:8080/v1/AUTH_9a3de689b1eb4a79be5127ab2a9f7eee/gnocchi.7085fa9d-b1f5-41fa-8bf1-1dffa9a513b6/1771200000.0_mean_300.0_v3" "tx4b9cb219aaaa439a9f741-006996d9a1" "proxy-server 20" 0.0008 "-" 22 0
Feb 19 09:36:33 standalone proxy-server[128084]: 172.18.0.2 172.18.0.100 19/Feb/2026/09/36/33 GET /v1/AUTH_9a3de689b1eb4a79be5127ab2a9f7eee/gnocchi.7085fa9d-b1f5-41fa-8bf1-1dffa9a513b6/1771200000.0_mean_300.0_v3 HTTP/1.0 200 - python-swiftclient-3.11.1 gAAAAABpltkoOegl... - 16 - tx4b9cb219aaaa439a9f741-006996d9a1 - 0.0079 - - 1771493793.157008886 1771493793.164916039 0
Feb 19 09:36:33 standalone container-server[125981]: 172.20.0.100 - - [19/Feb/2026:09:36:33 +0000] "PUT /d1/520/AUTH_9a3de689b1eb4a79be5127ab2a9f7eee/gnocchi.7085fa9d-b1f5-41fa-8bf1-1dffa9a513b6/1771200000.0_mean_300.0_v3" 201 - "PUT http://172.18.0.2:8080/d1/222/AUTH_9a3de689b1eb4a79be5127ab2a9f7eee/gnocchi.7085fa9d-b1f5-41fa-8bf1-1dffa9a513b6/1771200000.0_mean_300.0_v3" "tx0ff4e9734ea0453abebeb-006996d9a1" "object-server 22" 0.0006 "-" 20 0
Feb 19 09:36:33 standalone object-server[126293]: 172.20.0.100 - - [19/Feb/2026:09:36:33 +0000] "PUT /d1/222/AUTH_9a3de689b1eb4a79be5127ab2a9f7eee/gnocchi.7085fa9d-b1f5-41fa-8bf1-1dffa9a513b6/1771200000.0_mean_300.0_v3" 201 - "PUT http://172.18.0.2:8080/v1/AUTH_9a3de689b1eb4a79be5127ab2a9f7eee/gnocchi.7085fa9d-b1f5-41fa-8bf1-1dffa9a513b6/1771200000.0_mean_300.0_v3" "tx0ff4e9734ea0453abebeb-006996d9a1" "proxy-server 20" 0.0094 "-" 22 0
Feb 19 09:36:33 standalone proxy-server[128084]: 172.18.0.2 172.18.0.100 19/Feb/2026/09/36/33 PUT /v1/AUTH_9a3de689b1eb4a79be5127ab2a9f7eee/gnocchi.7085fa9d-b1f5-41fa-8bf1-1dffa9a513b6/1771200000.0_mean_300.0_v3 HTTP/1.0 201 - python-swiftclient-3.11.1 gAAAAABpltkoOegl... 16 - - tx0ff4e9734ea0453abebeb-006996d9a1 - 0.0150 - - 1771493793.168158293 1771493793.183154583 0
Feb 19 09:36:33 standalone container-server[126020]: 172.20.0.100 - - [19/Feb/2026:09:36:33 +0000] "PUT /d1/520/AUTH_9a3de689b1eb4a79be5127ab2a9f7eee/gnocchi.7085fa9d-b1f5-41fa-8bf1-1dffa9a513b6/none_v3" 201 - "PUT http://172.18.0.2:8080/d1/376/AUTH_9a3de689b1eb4a79be5127ab2a9f7eee/gnocchi.7085fa9d-b1f5-41fa-8bf1-1dffa9a513b6/none_v3" "txd222b5200c214a2ab32a8-006996d9a1" "object-server 22" 0.0006 "-" 23 0
Feb 19 09:36:33 standalone object-server[126293]: 172.20.0.100 - - [19/Feb/2026:09:36:33 +0000] "PUT /d1/376/AUTH_9a3de689b1eb4a79be5127ab2a9f7eee/gnocchi.7085fa9d-b1f5-41fa-8bf1-1dffa9a513b6/none_v3" 201 - "PUT http://172.18.0.2:8080/v1/AUTH_9a3de689b1eb4a79be5127ab2a9f7eee/gnocchi.7085fa9d-b1f5-41fa-8bf1-1dffa9a513b6/none_v3" "txd222b5200c214a2ab32a8-006996d9a1" "proxy-server 20" 0.0101 "-" 22 0
Feb 19 09:36:33 standalone proxy-server[128084]: 172.18.0.2 172.18.0.100 19/Feb/2026/09/36/33 PUT /v1/AUTH_9a3de689b1eb4a79be5127ab2a9f7eee/gnocchi.7085fa9d-b1f5-41fa-8bf1-1dffa9a513b6/none_v3 HTTP/1.0 201 - python-swiftclient-3.11.1 gAAAAABpltkoOegl... 51 - - txd222b5200c214a2ab32a8-006996d9a1 - 0.0164 - - 1771493793.185996771 1771493793.202362299 0
Feb 19 09:36:33 standalone object-server[126288]: 172.20.0.100 - - [19/Feb/2026:09:36:33 +0000] "GET /d1/950/AUTH_9a3de689b1eb4a79be5127ab2a9f7eee/gnocchi.3fcad67a-404c-4da2-ba2f-70b454ba4794/none_v3" 200 22 "GET http://172.18.0.2:8080/v1/AUTH_9a3de689b1eb4a79be5127ab2a9f7eee/gnocchi.3fcad67a-404c-4da2-ba2f-70b454ba4794/none_v3" "tx4a9b2bfbc5f1479e9ff7e-006996d9a1" "proxy-server 20" 0.0007 "-" 20 0
Feb 19 09:36:33 standalone proxy-server[128084]: 172.18.0.2 172.18.0.100 19/Feb/2026/09/36/33 GET /v1/AUTH_9a3de689b1eb4a79be5127ab2a9f7eee/gnocchi.3fcad67a-404c-4da2-ba2f-70b454ba4794/none_v3 HTTP/1.0 200 - python-swiftclient-3.11.1 gAAAAABpltkoOegl... - 22 - tx4a9b2bfbc5f1479e9ff7e-006996d9a1 - 0.0068 - - 1771493793.210519075 1771493793.217339754 0
Feb 19 09:36:33 standalone container-server[125981]: 172.20.0.100 - - [19/Feb/2026:09:36:33 +0000] "GET /d1/494/AUTH_9a3de689b1eb4a79be5127ab2a9f7eee/gnocchi.3fcad67a-404c-4da2-ba2f-70b454ba4794" 200 357 "GET http://172.18.0.2:8080/v1/AUTH_9a3de689b1eb4a79be5127ab2a9f7eee/gnocchi.3fcad67a-404c-4da2-ba2f-70b454ba4794?format=json&states=listing" "tx65aafa14b188453493f57-006996d9a1" "proxy-server 20" 0.0088 "-" 20 0
Feb 19 09:36:33 standalone proxy-server[128084]: 172.18.0.2 172.18.0.100 19/Feb/2026/09/36/33 GET /v1/AUTH_9a3de689b1eb4a79be5127ab2a9f7eee/gnocchi.3fcad67a-404c-4da2-ba2f-70b454ba4794%3Fformat%3Djson%26states%3Dlisting HTTP/1.0 200 - python-swiftclient-3.11.1 gAAAAABpltkoOegl... - 357 - tx65aafa14b188453493f57-006996d9a1 - 0.0161 - - 1771493793.220108747 1771493793.236220598 0
Feb 19 09:36:33 standalone container-server[125981]: 172.20.0.100 - - [19/Feb/2026:09:36:33 +0000] "GET /d1/494/AUTH_9a3de689b1eb4a79be5127ab2a9f7eee/gnocchi.3fcad67a-404c-4da2-ba2f-70b454ba4794" 200 2 "GET http://172.18.0.2:8080/v1/AUTH_9a3de689b1eb4a79be5127ab2a9f7eee/gnocchi.3fcad67a-404c-4da2-ba2f-70b454ba4794?format=json&marker=none_v3&states=listing" "txfbf07a044700490eba7db-006996d9a1" "proxy-server 20" 0.0023 "-" 20 0
Feb 19 09:36:33 standalone proxy-server[128084]: 172.18.0.2 172.18.0.100 19/Feb/2026/09/36/33 GET /v1/AUTH_9a3de689b1eb4a79be5127ab2a9f7eee/gnocchi.3fcad67a-404c-4da2-ba2f-70b454ba4794%3Fformat%3Djson%26marker%3Dnone_v3%26states%3Dlisting HTTP/1.0 200 - python-swiftclient-3.11.1 gAAAAABpltkoOegl... - 2 - txfbf07a044700490eba7db-006996d9a1 - 0.0096 - - 1771493793.239013195 1771493793.248654366 0
Feb 19 09:36:33 standalone object-server[126291]: 172.20.0.100 - - [19/Feb/2026:09:36:33 +0000] "GET /d1/54/AUTH_9a3de689b1eb4a79be5127ab2a9f7eee/gnocchi.3fcad67a-404c-4da2-ba2f-70b454ba4794/1771200000.0_mean_300.0_v3" 200 16 "GET http://172.18.0.2:8080/v1/AUTH_9a3de689b1eb4a79be5127ab2a9f7eee/gnocchi.3fcad67a-404c-4da2-ba2f-70b454ba4794/1771200000.0_mean_300.0_v3" "txfd310a81ef82474f90d6f-006996d9a1" "proxy-server 20" 0.0007 "-" 21 0
Feb 19 09:36:33 standalone proxy-server[128084]: 172.18.0.2 172.18.0.100 19/Feb/2026/09/36/33 GET /v1/AUTH_9a3de689b1eb4a79be5127ab2a9f7eee/gnocchi.3fcad67a-404c-4da2-ba2f-70b454ba4794/1771200000.0_mean_300.0_v3 HTTP/1.0 200 - python-swiftclient-3.11.1 gAAAAABpltkoOegl... - 16 - txfd310a81ef82474f90d6f-006996d9a1 - 0.0070 - - 1771493793.251755953 1771493793.258715868 0
Feb 19 09:36:33 standalone container-server[126014]: 172.20.0.100 - - [19/Feb/2026:09:36:33 +0000] "PUT /d1/494/AUTH_9a3de689b1eb4a79be5127ab2a9f7eee/gnocchi.3fcad67a-404c-4da2-ba2f-70b454ba4794/1771200000.0_mean_300.0_v3" 201 - "PUT http://172.18.0.2:8080/d1/54/AUTH_9a3de689b1eb4a79be5127ab2a9f7eee/gnocchi.3fcad67a-404c-4da2-ba2f-70b454ba4794/1771200000.0_mean_300.0_v3" "tx4873c20df7f647c8acb56-006996d9a1" "object-server 16" 0.0013 "-" 22 0
Feb 19 09:36:33 standalone object-server[126282]: 172.20.0.100 - - [19/Feb/2026:09:36:33 +0000] "PUT /d1/54/AUTH_9a3de689b1eb4a79be5127ab2a9f7eee/gnocchi.3fcad67a-404c-4da2-ba2f-70b454ba4794/1771200000.0_mean_300.0_v3" 201 - "PUT http://172.18.0.2:8080/v1/AUTH_9a3de689b1eb4a79be5127ab2a9f7eee/gnocchi.3fcad67a-404c-4da2-ba2f-70b454ba4794/1771200000.0_mean_300.0_v3" "tx4873c20df7f647c8acb56-006996d9a1" "proxy-server 20" 0.0106 "-" 16 0
Feb 19 09:36:33 standalone proxy-server[128084]: 172.18.0.2 172.18.0.100 19/Feb/2026/09/36/33 PUT /v1/AUTH_9a3de689b1eb4a79be5127ab2a9f7eee/gnocchi.3fcad67a-404c-4da2-ba2f-70b454ba4794/1771200000.0_mean_300.0_v3 HTTP/1.0 201 - python-swiftclient-3.11.1 gAAAAABpltkoOegl... 16 - - tx4873c20df7f647c8acb56-006996d9a1 - 0.0167 - - 1771493793.261340618 1771493793.278054237 0
Feb 19 09:36:33 standalone container-server[126020]: 172.20.0.100 - - [19/Feb/2026:09:36:33 +0000] "PUT /d1/494/AUTH_9a3de689b1eb4a79be5127ab2a9f7eee/gnocchi.3fcad67a-404c-4da2-ba2f-70b454ba4794/none_v3" 201 - "PUT http://172.18.0.2:8080/d1/950/AUTH_9a3de689b1eb4a79be5127ab2a9f7eee/gnocchi.3fcad67a-404c-4da2-ba2f-70b454ba4794/none_v3" "tx6d76516df04e4437b5e66-006996d9a1" "object-server 21" 0.0005 "-" 23 0
Feb 19 09:36:33 standalone object-server[126291]: 172.20.0.100 - - [19/Feb/2026:09:36:33 +0000] "PUT /d1/950/AUTH_9a3de689b1eb4a79be5127ab2a9f7eee/gnocchi.3fcad67a-404c-4da2-ba2f-70b454ba4794/none_v3" 201 - "PUT http://172.18.0.2:8080/v1/AUTH_9a3de689b1eb4a79be5127ab2a9f7eee/gnocchi.3fcad67a-404c-4da2-ba2f-70b454ba4794/none_v3" "tx6d76516df04e4437b5e66-006996d9a1" "proxy-server 20" 0.0118 "-" 21 0
Feb 19 09:36:33 standalone proxy-server[128084]: 172.18.0.2 172.18.0.100 19/Feb/2026/09/36/33 PUT /v1/AUTH_9a3de689b1eb4a79be5127ab2a9f7eee/gnocchi.3fcad67a-404c-4da2-ba2f-70b454ba4794/none_v3 HTTP/1.0 201 - python-swiftclient-3.11.1 gAAAAABpltkoOegl... 32 - - tx6d76516df04e4437b5e66-006996d9a1 - 0.0175 - - 1771493793.280440092 1771493793.297909021 0
Feb 19 09:36:33 standalone object-server[126291]: 172.20.0.100 - - [19/Feb/2026:09:36:33 +0000] "GET /d1/127/AUTH_9a3de689b1eb4a79be5127ab2a9f7eee/gnocchi.b713418c-8069-4db4-aaae-fde201fc4004/none_v3" 200 22 "GET http://172.18.0.2:8080/v1/AUTH_9a3de689b1eb4a79be5127ab2a9f7eee/gnocchi.b713418c-8069-4db4-aaae-fde201fc4004/none_v3" "tx24d933bac87147a18ec20-006996d9a1" "proxy-server 20" 0.0008 "-" 21 0
Feb 19 09:36:33 standalone proxy-server[128084]: 172.18.0.2 172.18.0.100 19/Feb/2026/09/36/33 GET /v1/AUTH_9a3de689b1eb4a79be5127ab2a9f7eee/gnocchi.b713418c-8069-4db4-aaae-fde201fc4004/none_v3 HTTP/1.0 200 - python-swiftclient-3.11.1 gAAAAABpltkoOegl... - 22 - tx24d933bac87147a18ec20-006996d9a1 - 0.0065 - - 1771493793.305763245 1771493793.312244415 0
Feb 19 09:36:33 standalone container-server[126014]: 172.20.0.100 - - [19/Feb/2026:09:36:33 +0000] "GET /d1/659/AUTH_9a3de689b1eb4a79be5127ab2a9f7eee/gnocchi.b713418c-8069-4db4-aaae-fde201fc4004" 200 357 "GET http://172.18.0.2:8080/v1/AUTH_9a3de689b1eb4a79be5127ab2a9f7eee/gnocchi.b713418c-8069-4db4-aaae-fde201fc4004?format=json&states=listing" "tx7a4a8496f5eb488d9fffa-006996d9a1" "proxy-server 20" 0.0112 "-" 22 0
Feb 19 09:36:33 standalone proxy-server[128084]: 172.18.0.2 172.18.0.100 19/Feb/2026/09/36/33 GET /v1/AUTH_9a3de689b1eb4a79be5127ab2a9f7eee/gnocchi.b713418c-8069-4db4-aaae-fde201fc4004%3Fformat%3Djson%26states%3Dlisting HTTP/1.0 200 - python-swiftclient-3.11.1 gAAAAABpltkoOegl... - 357 - tx7a4a8496f5eb488d9fffa-006996d9a1 - 0.0257 - - 1771493793.315221310 1771493793.340931177 0
Feb 19 09:36:33 standalone container-server[125981]: 172.20.0.100 - - [19/Feb/2026:09:36:33 +0000] "GET /d1/659/AUTH_9a3de689b1eb4a79be5127ab2a9f7eee/gnocchi.b713418c-8069-4db4-aaae-fde201fc4004" 200 2 "GET http://172.18.0.2:8080/v1/AUTH_9a3de689b1eb4a79be5127ab2a9f7eee/gnocchi.b713418c-8069-4db4-aaae-fde201fc4004?format=json&marker=none_v3&states=listing" "tx6319e4ba83484732a82c5-006996d9a1" "proxy-server 20" 0.0023 "-" 20 0
Feb 19 09:36:33 standalone proxy-server[128084]: 172.18.0.2 172.18.0.100 19/Feb/2026/09/36/33 GET /v1/AUTH_9a3de689b1eb4a79be5127ab2a9f7eee/gnocchi.b713418c-8069-4db4-aaae-fde201fc4004%3Fformat%3Djson%26marker%3Dnone_v3%26states%3Dlisting HTTP/1.0 200 - python-swiftclient-3.11.1 gAAAAABpltkoOegl... - 2 - tx6319e4ba83484732a82c5-006996d9a1 - 0.0092 - - 1771493793.343554497 1771493793.352725267 0
Feb 19 09:36:33 standalone object-server[126288]: 172.20.0.100 - - [19/Feb/2026:09:36:33 +0000] "GET /d1/573/AUTH_9a3de689b1eb4a79be5127ab2a9f7eee/gnocchi.b713418c-8069-4db4-aaae-fde201fc4004/1771200000.0_mean_300.0_v3" 200 16 "GET http://172.18.0.2:8080/v1/AUTH_9a3de689b1eb4a79be5127ab2a9f7eee/gnocchi.b713418c-8069-4db4-aaae-fde201fc4004/1771200000.0_mean_300.0_v3" "txa816a140c96443c6b10f5-006996d9a1" "proxy-server 20" 0.0007 "-" 20 0
Feb 19 09:36:33 standalone proxy-server[128084]: 172.18.0.2 172.18.0.100 19/Feb/2026/09/36/33 GET /v1/AUTH_9a3de689b1eb4a79be5127ab2a9f7eee/gnocchi.b713418c-8069-4db4-aaae-fde201fc4004/1771200000.0_mean_300.0_v3 HTTP/1.0 200 - python-swiftclient-3.11.1 gAAAAABpltkoOegl... - 16 - txa816a140c96443c6b10f5-006996d9a1 - 0.0066 - - 1771493793.356431961 1771493793.363000631 0
Feb 19 09:36:33 standalone container-server[126014]: 172.20.0.100 - - [19/Feb/2026:09:36:33 +0000] "PUT /d1/659/AUTH_9a3de689b1eb4a79be5127ab2a9f7eee/gnocchi.b713418c-8069-4db4-aaae-fde201fc4004/1771200000.0_mean_300.0_v3" 201 - "PUT http://172.18.0.2:8080/d1/573/AUTH_9a3de689b1eb4a79be5127ab2a9f7eee/gnocchi.b713418c-8069-4db4-aaae-fde201fc4004/1771200000.0_mean_300.0_v3" "txeb446a0c168c4fe0ac652-006996d9a1" "object-server 20" 0.0007 "-" 22 0
Feb 19 09:36:33 standalone object-server[126288]: 172.20.0.100 - - [19/Feb/2026:09:36:33 +0000] "PUT /d1/573/AUTH_9a3de689b1eb4a79be5127ab2a9f7eee/gnocchi.b713418c-8069-4db4-aaae-fde201fc4004/1771200000.0_mean_300.0_v3" 201 - "PUT http://172.18.0.2:8080/v1/AUTH_9a3de689b1eb4a79be5127ab2a9f7eee/gnocchi.b713418c-8069-4db4-aaae-fde201fc4004/1771200000.0_mean_300.0_v3" "txeb446a0c168c4fe0ac652-006996d9a1" "proxy-server 20" 0.0110 "-" 20 0
Feb 19 09:36:33 standalone proxy-server[128084]: 172.18.0.2 172.18.0.100 19/Feb/2026/09/36/33 PUT /v1/AUTH_9a3de689b1eb4a79be5127ab2a9f7eee/gnocchi.b713418c-8069-4db4-aaae-fde201fc4004/1771200000.0_mean_300.0_v3 HTTP/1.0 201 - python-swiftclient-3.11.1 gAAAAABpltkoOegl... 16 - - txeb446a0c168c4fe0ac652-006996d9a1 - 0.0150 - - 1771493793.368221521 1771493793.383263826 0
Feb 19 09:36:33 standalone container-server[126003]: 172.20.0.100 - - [19/Feb/2026:09:36:33 +0000] "PUT /d1/659/AUTH_9a3de689b1eb4a79be5127ab2a9f7eee/gnocchi.b713418c-8069-4db4-aaae-fde201fc4004/none_v3" 201 - "PUT http://172.18.0.2:8080/d1/127/AUTH_9a3de689b1eb4a79be5127ab2a9f7eee/gnocchi.b713418c-8069-4db4-aaae-fde201fc4004/none_v3" "tx25e2f7b5987d4f6d8d9bc-006996d9a1" "object-server 21" 0.0008 "-" 21 0
Feb 19 09:36:33 standalone object-server[126291]: 172.20.0.100 - - [19/Feb/2026:09:36:33 +0000] "PUT /d1/127/AUTH_9a3de689b1eb4a79be5127ab2a9f7eee/gnocchi.b713418c-8069-4db4-aaae-fde201fc4004/none_v3" 201 - "PUT http://172.18.0.2:8080/v1/AUTH_9a3de689b1eb4a79be5127ab2a9f7eee/gnocchi.b713418c-8069-4db4-aaae-fde201fc4004/none_v3" "tx25e2f7b5987d4f6d8d9bc-006996d9a1" "proxy-server 20" 0.0088 "-" 21 0
Feb 19 09:36:33 standalone proxy-server[128084]: 172.18.0.2 172.18.0.100 19/Feb/2026/09/36/33 PUT /v1/AUTH_9a3de689b1eb4a79be5127ab2a9f7eee/gnocchi.b713418c-8069-4db4-aaae-fde201fc4004/none_v3 HTTP/1.0 201 - python-swiftclient-3.11.1 gAAAAABpltkoOegl... 32 - - tx25e2f7b5987d4f6d8d9bc-006996d9a1 - 0.0137 - - 1771493793.385793209 1771493793.399447918 0
Feb 19 09:36:33 standalone object-server[126291]: 172.20.0.100 - - [19/Feb/2026:09:36:33 +0000] "GET /d1/275/AUTH_9a3de689b1eb4a79be5127ab2a9f7eee/gnocchi.1955efd2-0518-40bf-84fb-b21a1ce80ea3/none_v3" 200 22 "GET http://172.18.0.2:8080/v1/AUTH_9a3de689b1eb4a79be5127ab2a9f7eee/gnocchi.1955efd2-0518-40bf-84fb-b21a1ce80ea3/none_v3" "txa62b1830da9c495ea9e1b-006996d9a1" "proxy-server 20" 0.0011 "-" 21 0
Feb 19 09:36:33 standalone proxy-server[128084]: 172.18.0.2 172.18.0.100 19/Feb/2026/09/36/33 GET /v1/AUTH_9a3de689b1eb4a79be5127ab2a9f7eee/gnocchi.1955efd2-0518-40bf-84fb-b21a1ce80ea3/none_v3 HTTP/1.0 200 - python-swiftclient-3.11.1 gAAAAABpltkoOegl... - 22 - txa62b1830da9c495ea9e1b-006996d9a1 - 0.0062 - - 1771493793.412430048 1771493793.418633699 0
Feb 19 09:36:33 standalone container-server[126003]: 172.20.0.100 - - [19/Feb/2026:09:36:33 +0000] "GET /d1/879/AUTH_9a3de689b1eb4a79be5127ab2a9f7eee/gnocchi.1955efd2-0518-40bf-84fb-b21a1ce80ea3" 200 357 "GET http://172.18.0.2:8080/v1/AUTH_9a3de689b1eb4a79be5127ab2a9f7eee/gnocchi.1955efd2-0518-40bf-84fb-b21a1ce80ea3?format=json&states=listing" "txc9ba2539d29443d0bc250-006996d9a1" "proxy-server 20" 0.0094 "-" 21 0
Feb 19 09:36:33 standalone proxy-server[128084]: 172.18.0.2 172.18.0.100 19/Feb/2026/09/36/33 GET /v1/AUTH_9a3de689b1eb4a79be5127ab2a9f7eee/gnocchi.1955efd2-0518-40bf-84fb-b21a1ce80ea3%3Fformat%3Djson%26states%3Dlisting HTTP/1.0 200 - python-swiftclient-3.11.1 gAAAAABpltkoOegl... - 357 - txc9ba2539d29443d0bc250-006996d9a1 - 0.0157 - - 1771493793.423413754 1771493793.439065933 0
Feb 19 09:36:33 standalone container-server[126020]: 172.20.0.100 - - [19/Feb/2026:09:36:33 +0000] "GET /d1/879/AUTH_9a3de689b1eb4a79be5127ab2a9f7eee/gnocchi.1955efd2-0518-40bf-84fb-b21a1ce80ea3" 200 2 "GET http://172.18.0.2:8080/v1/AUTH_9a3de689b1eb4a79be5127ab2a9f7eee/gnocchi.1955efd2-0518-40bf-84fb-b21a1ce80ea3?format=json&marker=none_v3&states=listing" "txd54a6b1b8f3a41018e897-006996d9a1" "proxy-server 20" 0.0026 "-" 23 0
Feb 19 09:36:33 standalone proxy-server[128084]: 172.18.0.2 172.18.0.100 19/Feb/2026/09/36/33 GET /v1/AUTH_9a3de689b1eb4a79be5127ab2a9f7eee/gnocchi.1955efd2-0518-40bf-84fb-b21a1ce80ea3%3Fformat%3Djson%26marker%3Dnone_v3%26states%3Dlisting HTTP/1.0 200 - python-swiftclient-3.11.1 gAAAAABpltkoOegl... - 2 - txd54a6b1b8f3a41018e897-006996d9a1 - 0.0093 - - 1771493793.443750381 1771493793.453017712 0
Feb 19 09:36:33 standalone object-server[126288]: 172.20.0.100 - - [19/Feb/2026:09:36:33 +0000] "GET /d1/799/AUTH_9a3de689b1eb4a79be5127ab2a9f7eee/gnocchi.1955efd2-0518-40bf-84fb-b21a1ce80ea3/1771200000.0_mean_300.0_v3" 200 16 "GET http://172.18.0.2:8080/v1/AUTH_9a3de689b1eb4a79be5127ab2a9f7eee/gnocchi.1955efd2-0518-40bf-84fb-b21a1ce80ea3/1771200000.0_mean_300.0_v3" "tx68e799c60599489b8cb6d-006996d9a1" "proxy-server 20" 0.0011 "-" 20 0
Feb 19 09:36:33 standalone proxy-server[128084]: 172.18.0.2 172.18.0.100 19/Feb/2026/09/36/33 GET /v1/AUTH_9a3de689b1eb4a79be5127ab2a9f7eee/gnocchi.1955efd2-0518-40bf-84fb-b21a1ce80ea3/1771200000.0_mean_300.0_v3 HTTP/1.0 200 - python-swiftclient-3.11.1 gAAAAABpltkoOegl... - 16 - tx68e799c60599489b8cb6d-006996d9a1 - 0.0079 - - 1771493793.458174706 1771493793.466101646 0
Feb 19 09:36:33 standalone container-server[125981]: 172.20.0.100 - - [19/Feb/2026:09:36:33 +0000] "PUT /d1/879/AUTH_9a3de689b1eb4a79be5127ab2a9f7eee/gnocchi.1955efd2-0518-40bf-84fb-b21a1ce80ea3/1771200000.0_mean_300.0_v3" 201 - "PUT http://172.18.0.2:8080/d1/799/AUTH_9a3de689b1eb4a79be5127ab2a9f7eee/gnocchi.1955efd2-0518-40bf-84fb-b21a1ce80ea3/1771200000.0_mean_300.0_v3" "txe5a185a17c6549fabc9e2-006996d9a1" "object-server 22" 0.0006 "-" 20 0
Feb 19 09:36:33 standalone object-server[126293]: 172.20.0.100 - - [19/Feb/2026:09:36:33 +0000] "PUT /d1/799/AUTH_9a3de689b1eb4a79be5127ab2a9f7eee/gnocchi.1955efd2-0518-40bf-84fb-b21a1ce80ea3/1771200000.0_mean_300.0_v3" 201 - "PUT http://172.18.0.2:8080/v1/AUTH_9a3de689b1eb4a79be5127ab2a9f7eee/gnocchi.1955efd2-0518-40bf-84fb-b21a1ce80ea3/1771200000.0_mean_300.0_v3" "txe5a185a17c6549fabc9e2-006996d9a1" "proxy-server 20" 0.0102 "-" 22 0
Feb 19 09:36:33 standalone proxy-server[128084]: 172.18.0.2 172.18.0.100 19/Feb/2026/09/36/33 PUT /v1/AUTH_9a3de689b1eb4a79be5127ab2a9f7eee/gnocchi.1955efd2-0518-40bf-84fb-b21a1ce80ea3/1771200000.0_mean_300.0_v3 HTTP/1.0 201 - python-swiftclient-3.11.1 gAAAAABpltkoOegl... 16 - - txe5a185a17c6549fabc9e2-006996d9a1 - 0.0180 - - 1771493793.469945908 1771493793.487986088 0
Feb 19 09:36:33 standalone container-server[126003]: 172.20.0.100 - - [19/Feb/2026:09:36:33 +0000] "PUT /d1/879/AUTH_9a3de689b1eb4a79be5127ab2a9f7eee/gnocchi.1955efd2-0518-40bf-84fb-b21a1ce80ea3/none_v3" 201 - "PUT http://172.18.0.2:8080/d1/275/AUTH_9a3de689b1eb4a79be5127ab2a9f7eee/gnocchi.1955efd2-0518-40bf-84fb-b21a1ce80ea3/none_v3" "tx7601f149e5fa48a1a18e1-006996d9a1" "object-server 16" 0.0008 "-" 21 0
Feb 19 09:36:33 standalone object-server[126282]: 172.20.0.100 - - [19/Feb/2026:09:36:33 +0000] "PUT /d1/275/AUTH_9a3de689b1eb4a79be5127ab2a9f7eee/gnocchi.1955efd2-0518-40bf-84fb-b21a1ce80ea3/none_v3" 201 - "PUT http://172.18.0.2:8080/v1/AUTH_9a3de689b1eb4a79be5127ab2a9f7eee/gnocchi.1955efd2-0518-40bf-84fb-b21a1ce80ea3/none_v3" "tx7601f149e5fa48a1a18e1-006996d9a1" "proxy-server 20" 0.0185 "-" 16 0
Feb 19 09:36:33 standalone proxy-server[128084]: 172.18.0.2 172.18.0.100 19/Feb/2026/09/36/33 PUT /v1/AUTH_9a3de689b1eb4a79be5127ab2a9f7eee/gnocchi.1955efd2-0518-40bf-84fb-b21a1ce80ea3/none_v3 HTTP/1.0 201 - python-swiftclient-3.11.1 gAAAAABpltkoOegl... 32 - - tx7601f149e5fa48a1a18e1-006996d9a1 - 0.0283 - - 1771493793.491388559 1771493793.519726276 0
Feb 19 09:36:33 standalone object-server[126288]: 172.20.0.100 - - [19/Feb/2026:09:36:33 +0000] "GET /d1/926/AUTH_9a3de689b1eb4a79be5127ab2a9f7eee/gnocchi.04e0e391-29da-4eea-9893-b0439a0c90f6/none_v3" 200 22 "GET http://172.18.0.2:8080/v1/AUTH_9a3de689b1eb4a79be5127ab2a9f7eee/gnocchi.04e0e391-29da-4eea-9893-b0439a0c90f6/none_v3" "tx06e2302978994b6fb8686-006996d9a1" "proxy-server 20" 0.0009 "-" 20 0
Feb 19 09:36:33 standalone proxy-server[128084]: 172.18.0.2 172.18.0.100 19/Feb/2026/09/36/33 GET /v1/AUTH_9a3de689b1eb4a79be5127ab2a9f7eee/gnocchi.04e0e391-29da-4eea-9893-b0439a0c90f6/none_v3 HTTP/1.0 200 - python-swiftclient-3.11.1 gAAAAABpltkoOegl... - 22 - tx06e2302978994b6fb8686-006996d9a1 - 0.0106 - - 1771493793.532845020 1771493793.543491125 0
Feb 19 09:36:33 standalone container-server[126003]: 172.20.0.100 - - [19/Feb/2026:09:36:33 +0000] "GET /d1/9/AUTH_9a3de689b1eb4a79be5127ab2a9f7eee/gnocchi.04e0e391-29da-4eea-9893-b0439a0c90f6" 200 357 "GET http://172.18.0.2:8080/v1/AUTH_9a3de689b1eb4a79be5127ab2a9f7eee/gnocchi.04e0e391-29da-4eea-9893-b0439a0c90f6?format=json&states=listing" "txc7f11514657a4f05b752f-006996d9a1" "proxy-server 20" 0.0091 "-" 21 0
Feb 19 09:36:33 standalone proxy-server[128084]: 172.18.0.2 172.18.0.100 19/Feb/2026/09/36/33 GET /v1/AUTH_9a3de689b1eb4a79be5127ab2a9f7eee/gnocchi.04e0e391-29da-4eea-9893-b0439a0c90f6%3Fformat%3Djson%26states%3Dlisting HTTP/1.0 200 - python-swiftclient-3.11.1 gAAAAABpltkoOegl... - 357 - txc7f11514657a4f05b752f-006996d9a1 - 0.0184 - - 1771493793.547921419 1771493793.566340923 0
Feb 19 09:36:33 standalone container-server[126014]: 172.20.0.100 - - [19/Feb/2026:09:36:33 +0000] "GET /d1/9/AUTH_9a3de689b1eb4a79be5127ab2a9f7eee/gnocchi.04e0e391-29da-4eea-9893-b0439a0c90f6" 200 2 "GET http://172.18.0.2:8080/v1/AUTH_9a3de689b1eb4a79be5127ab2a9f7eee/gnocchi.04e0e391-29da-4eea-9893-b0439a0c90f6?format=json&marker=none_v3&states=listing" "tx235b416a3c774e55964f8-006996d9a1" "proxy-server 20" 0.0038 "-" 22 0
Feb 19 09:36:33 standalone proxy-server[128084]: 172.18.0.2 172.18.0.100 19/Feb/2026/09/36/33 GET /v1/AUTH_9a3de689b1eb4a79be5127ab2a9f7eee/gnocchi.04e0e391-29da-4eea-9893-b0439a0c90f6%3Fformat%3Djson%26marker%3Dnone_v3%26states%3Dlisting HTTP/1.0 200 - python-swiftclient-3.11.1 gAAAAABpltkoOegl... - 2 - tx235b416a3c774e55964f8-006996d9a1 - 0.0111 - - 1771493793.569734335 1771493793.580823898 0
Feb 19 09:36:33 standalone object-server[126288]: 172.20.0.100 - - [19/Feb/2026:09:36:33 +0000] "GET /d1/831/AUTH_9a3de689b1eb4a79be5127ab2a9f7eee/gnocchi.04e0e391-29da-4eea-9893-b0439a0c90f6/1771200000.0_mean_300.0_v3" 200 16 "GET http://172.18.0.2:8080/v1/AUTH_9a3de689b1eb4a79be5127ab2a9f7eee/gnocchi.04e0e391-29da-4eea-9893-b0439a0c90f6/1771200000.0_mean_300.0_v3" "tx78683871a2134cdd8ede4-006996d9a1" "proxy-server 20" 0.0018 "-" 20 0
Feb 19 09:36:33 standalone proxy-server[128084]: 172.18.0.2 172.18.0.100 19/Feb/2026/09/36/33 GET /v1/AUTH_9a3de689b1eb4a79be5127ab2a9f7eee/gnocchi.04e0e391-29da-4eea-9893-b0439a0c90f6/1771200000.0_mean_300.0_v3 HTTP/1.0 200 - python-swiftclient-3.11.1 gAAAAABpltkoOegl... - 16 - tx78683871a2134cdd8ede4-006996d9a1 - 0.0080 - - 1771493793.585821390 1771493793.593787670 0
Feb 19 09:36:33 standalone container-server[125981]: 172.20.0.100 - - [19/Feb/2026:09:36:33 +0000] "PUT /d1/9/AUTH_9a3de689b1eb4a79be5127ab2a9f7eee/gnocchi.04e0e391-29da-4eea-9893-b0439a0c90f6/1771200000.0_mean_300.0_v3" 201 - "PUT http://172.18.0.2:8080/d1/831/AUTH_9a3de689b1eb4a79be5127ab2a9f7eee/gnocchi.04e0e391-29da-4eea-9893-b0439a0c90f6/1771200000.0_mean_300.0_v3" "tx8b83e6f2c0674778a4a5b-006996d9a1" "object-server 21" 0.0009 "-" 20 0
Feb 19 09:36:33 standalone object-server[126291]: 172.20.0.100 - - [19/Feb/2026:09:36:33 +0000] "PUT /d1/831/AUTH_9a3de689b1eb4a79be5127ab2a9f7eee/gnocchi.04e0e391-29da-4eea-9893-b0439a0c90f6/1771200000.0_mean_300.0_v3" 201 - "PUT http://172.18.0.2:8080/v1/AUTH_9a3de689b1eb4a79be5127ab2a9f7eee/gnocchi.04e0e391-29da-4eea-9893-b0439a0c90f6/1771200000.0_mean_300.0_v3" "tx8b83e6f2c0674778a4a5b-006996d9a1" "proxy-server 20" 0.0184 "-" 21 0
Feb 19 09:36:33 standalone proxy-server[128084]: 172.18.0.2 172.18.0.100 19/Feb/2026/09/36/33 PUT /v1/AUTH_9a3de689b1eb4a79be5127ab2a9f7eee/gnocchi.04e0e391-29da-4eea-9893-b0439a0c90f6/1771200000.0_mean_300.0_v3 HTTP/1.0 201 - python-swiftclient-3.11.1 gAAAAABpltkoOegl... 16 - - tx8b83e6f2c0674778a4a5b-006996d9a1 - 0.0264 - - 1771493793.602777958 1771493793.629207850 0
Feb 19 09:36:33 standalone container-server[126014]: 172.20.0.100 - - [19/Feb/2026:09:36:33 +0000] "PUT /d1/9/AUTH_9a3de689b1eb4a79be5127ab2a9f7eee/gnocchi.04e0e391-29da-4eea-9893-b0439a0c90f6/none_v3" 201 - "PUT http://172.18.0.2:8080/d1/926/AUTH_9a3de689b1eb4a79be5127ab2a9f7eee/gnocchi.04e0e391-29da-4eea-9893-b0439a0c90f6/none_v3" "tx6ce5013914d64a97aa3e4-006996d9a1" "object-server 21" 0.0007 "-" 22 0
Feb 19 09:36:33 standalone object-server[126291]: 172.20.0.100 - - [19/Feb/2026:09:36:33 +0000] "PUT /d1/926/AUTH_9a3de689b1eb4a79be5127ab2a9f7eee/gnocchi.04e0e391-29da-4eea-9893-b0439a0c90f6/none_v3" 201 - "PUT http://172.18.0.2:8080/v1/AUTH_9a3de689b1eb4a79be5127ab2a9f7eee/gnocchi.04e0e391-29da-4eea-9893-b0439a0c90f6/none_v3" "tx6ce5013914d64a97aa3e4-006996d9a1" "proxy-server 20" 0.0101 "-" 21 0
Feb 19 09:36:33 standalone proxy-server[128084]: 172.18.0.2 172.18.0.100 19/Feb/2026/09/36/33 PUT /v1/AUTH_9a3de689b1eb4a79be5127ab2a9f7eee/gnocchi.04e0e391-29da-4eea-9893-b0439a0c90f6/none_v3 HTTP/1.0 201 - python-swiftclient-3.11.1 gAAAAABpltkoOegl... 32 - - tx6ce5013914d64a97aa3e4-006996d9a1 - 0.0167 - - 1771493793.632535219 1771493793.649244785 0
Feb 19 09:36:36 standalone container-server[126014]: 172.20.0.100 - - [19/Feb/2026:09:36:36 +0000] "HEAD /d1/98/AUTH_9a3de689b1eb4a79be5127ab2a9f7eee/gnocchi.6709bd6e-1485-4d6c-a5c7-708eb498ff5b" 404 - "HEAD http://172.18.0.2:8080/v1/AUTH_9a3de689b1eb4a79be5127ab2a9f7eee/gnocchi.6709bd6e-1485-4d6c-a5c7-708eb498ff5b?format=json&states=listing" "txfcf5f12bae3a4bb4a3bcd-006996d9a4" "proxy-server 20" 0.0009 "-" 22 0
Feb 19 09:36:36 standalone object-server[126293]: 172.20.0.100 - - [19/Feb/2026:09:36:36 +0000] "GET /d1/493/AUTH_9a3de689b1eb4a79be5127ab2a9f7eee/gnocchi.6709bd6e-1485-4d6c-a5c7-708eb498ff5b/none_v3" 404 70 "GET http://172.18.0.2:8080/v1/AUTH_9a3de689b1eb4a79be5127ab2a9f7eee/gnocchi.6709bd6e-1485-4d6c-a5c7-708eb498ff5b/none_v3" "txfcf5f12bae3a4bb4a3bcd-006996d9a4" "proxy-server 20" 0.0008 "-" 22 0
Feb 19 09:36:36 standalone proxy-server[128084]: 172.18.0.2 172.18.0.100 19/Feb/2026/09/36/36 GET /v1/AUTH_9a3de689b1eb4a79be5127ab2a9f7eee/gnocchi.6709bd6e-1485-4d6c-a5c7-708eb498ff5b/none_v3 HTTP/1.0 404 - python-swiftclient-3.11.1 gAAAAABpltkoOegl... - 70 - txfcf5f12bae3a4bb4a3bcd-006996d9a4 - 0.0176 - - 1771493796.686281443 1771493796.703874826 0
Feb 19 09:36:36 standalone account-server[126032]: 172.20.0.100 - - [19/Feb/2026:09:36:36 +0000] "PUT /d1/198/AUTH_9a3de689b1eb4a79be5127ab2a9f7eee/gnocchi.6709bd6e-1485-4d6c-a5c7-708eb498ff5b" 201 - "PUT http://172.20.0.100:6001/d1/98/AUTH_9a3de689b1eb4a79be5127ab2a9f7eee/gnocchi.6709bd6e-1485-4d6c-a5c7-708eb498ff5b" "tx95b9d97b0bae4714a48f8-006996d9a4" "container-server 23" 0.0036 "-" 23 0
Feb 19 09:36:36 standalone container-server[126020]: 172.20.0.100 - - [19/Feb/2026:09:36:36 +0000] "PUT /d1/98/AUTH_9a3de689b1eb4a79be5127ab2a9f7eee/gnocchi.6709bd6e-1485-4d6c-a5c7-708eb498ff5b" 201 - "PUT http://172.18.0.2:8080/v1/AUTH_9a3de689b1eb4a79be5127ab2a9f7eee/gnocchi.6709bd6e-1485-4d6c-a5c7-708eb498ff5b" "tx95b9d97b0bae4714a48f8-006996d9a4" "proxy-server 20" 0.0225 "-" 23 0
Feb 19 09:36:36 standalone proxy-server[128084]: 172.18.0.2 172.18.0.100 19/Feb/2026/09/36/36 PUT /v1/AUTH_9a3de689b1eb4a79be5127ab2a9f7eee/gnocchi.6709bd6e-1485-4d6c-a5c7-708eb498ff5b HTTP/1.0 201 - python-swiftclient-3.11.1 gAAAAABpltkoOegl... - - - tx95b9d97b0bae4714a48f8-006996d9a4 - 0.0331 - - 1771493796.708011627 1771493796.741146088 0
Feb 19 09:36:36 standalone container-server[126020]: 172.20.0.100 - - [19/Feb/2026:09:36:36 +0000] "HEAD /d1/98/AUTH_9a3de689b1eb4a79be5127ab2a9f7eee/gnocchi.6709bd6e-1485-4d6c-a5c7-708eb498ff5b" 204 - "HEAD http://172.18.0.2:8080/v1/AUTH_9a3de689b1eb4a79be5127ab2a9f7eee/gnocchi.6709bd6e-1485-4d6c-a5c7-708eb498ff5b?format=json&states=listing" "tx80fab95e279a430689528-006996d9a4" "proxy-server 20" 0.0023 "-" 23 0
Feb 19 09:36:36 standalone proxy-server[128084]: - - 19/Feb/2026/09/36/36 HEAD /v1/AUTH_9a3de689b1eb4a79be5127ab2a9f7eee/gnocchi.6709bd6e-1485-4d6c-a5c7-708eb498ff5b%3Fformat%3Djson%26states%3Dlisting HTTP/1.0 204 - Swift - - - - tx80fab95e279a430689528-006996d9a4 - 0.0080 RL - 1771493796.752904177 1771493796.760857582 0
Feb 19 09:36:36 standalone container-server[126020]: 172.20.0.100 - - [19/Feb/2026:09:36:36 +0000] "GET /d1/98/AUTH_9a3de689b1eb4a79be5127ab2a9f7eee/gnocchi.6709bd6e-1485-4d6c-a5c7-708eb498ff5b" 200 2 "GET http://172.18.0.2:8080/v1/AUTH_9a3de689b1eb4a79be5127ab2a9f7eee/gnocchi.6709bd6e-1485-4d6c-a5c7-708eb498ff5b?format=json&states=listing" "tx80fab95e279a430689528-006996d9a4" "proxy-server 20" 0.0036 "-" 23 0
Feb 19 09:36:36 standalone proxy-server[128084]: 172.18.0.2 172.18.0.100 19/Feb/2026/09/36/36 GET /v1/AUTH_9a3de689b1eb4a79be5127ab2a9f7eee/gnocchi.6709bd6e-1485-4d6c-a5c7-708eb498ff5b%3Fformat%3Djson%26states%3Dlisting HTTP/1.0 200 - python-swiftclient-3.11.1 gAAAAABpltkoOegl... - 2 - tx80fab95e279a430689528-006996d9a4 - 0.0266 - - 1771493796.751020193 1771493796.777663946 0
Feb 19 09:36:36 standalone object-server[126291]: 172.20.0.100 - - [19/Feb/2026:09:36:36 +0000] "GET /d1/826/AUTH_9a3de689b1eb4a79be5127ab2a9f7eee/gnocchi.6709bd6e-1485-4d6c-a5c7-708eb498ff5b/1771200000.0_mean_300.0_v3" 404 70 "GET http://172.18.0.2:8080/v1/AUTH_9a3de689b1eb4a79be5127ab2a9f7eee/gnocchi.6709bd6e-1485-4d6c-a5c7-708eb498ff5b/1771200000.0_mean_300.0_v3" "tx8570fa1834424aeda0513-006996d9a4" "proxy-server 20" 0.0005 "-" 21 0
Feb 19 09:36:36 standalone proxy-server[128084]: 172.18.0.2 172.18.0.100 19/Feb/2026/09/36/36 GET /v1/AUTH_9a3de689b1eb4a79be5127ab2a9f7eee/gnocchi.6709bd6e-1485-4d6c-a5c7-708eb498ff5b/1771200000.0_mean_300.0_v3 HTTP/1.0 404 - python-swiftclient-3.11.1 gAAAAABpltkoOegl... - 70 - tx8570fa1834424aeda0513-006996d9a4 - 0.0089 - - 1771493796.782825470 1771493796.791711807 0
Feb 19 09:36:36 standalone container-server[125981]: 172.20.0.100 - - [19/Feb/2026:09:36:36 +0000] "PUT /d1/98/AUTH_9a3de689b1eb4a79be5127ab2a9f7eee/gnocchi.6709bd6e-1485-4d6c-a5c7-708eb498ff5b/1771200000.0_mean_300.0_v3" 201 - "PUT http://172.18.0.2:8080/d1/826/AUTH_9a3de689b1eb4a79be5127ab2a9f7eee/gnocchi.6709bd6e-1485-4d6c-a5c7-708eb498ff5b/1771200000.0_mean_300.0_v3" "txa7b293aeaf9d4171a4897-006996d9a4" "object-server 16" 0.0006 "-" 20 0
