Feb 19 09:37:26 standalone container-server[125981]: 172.20.0.100 - - [19/Feb/2026:09:37:26 +0000] "PUT /d1/915/AUTH_9a3de689b1eb4a79be5127ab2a9f7eee/gnocchi.424c3ab9-0f9d-487f-a651-ed173e92e233/1771200000.0_mean_300.0_v3" 201 - "PUT http://172.18.0.2:8080/d1/594/AUTH_9a3de689b1eb4a79be5127ab2a9f7eee/gnocchi.424c3ab9-0f9d-487f-a651-ed173e92e233/1771200000.0_mean_300.0_v3" "tx10011beae661498c90a63-006996d9d6" "object-server 16" 0.0005 "-" 20 0
Feb 19 09:37:26 standalone object-server[126282]: 172.20.0.100 - - [19/Feb/2026:09:37:26 +0000] "PUT /d1/594/AUTH_9a3de689b1eb4a79be5127ab2a9f7eee/gnocchi.424c3ab9-0f9d-487f-a651-ed173e92e233/1771200000.0_mean_300.0_v3" 201 - "PUT http://172.18.0.2:8080/v1/AUTH_9a3de689b1eb4a79be5127ab2a9f7eee/gnocchi.424c3ab9-0f9d-487f-a651-ed173e92e233/1771200000.0_mean_300.0_v3" "tx10011beae661498c90a63-006996d9d6" "proxy-server 20" 0.0069 "-" 16 0
Feb 19 09:37:26 standalone proxy-server[128084]: 172.18.0.2 172.18.0.100 19/Feb/2026/09/37/26 PUT /v1/AUTH_9a3de689b1eb4a79be5127ab2a9f7eee/gnocchi.424c3ab9-0f9d-487f-a651-ed173e92e233/1771200000.0_mean_300.0_v3 HTTP/1.0 201 - python-swiftclient-3.11.1 gAAAAABpltkoOegl... 16 - - tx10011beae661498c90a63-006996d9d6 - 0.0118 - - 1771493846.874918699 1771493846.886673689 0
Feb 19 09:37:26 standalone container-server[126014]: 172.20.0.100 - - [19/Feb/2026:09:37:26 +0000] "PUT /d1/915/AUTH_9a3de689b1eb4a79be5127ab2a9f7eee/gnocchi.424c3ab9-0f9d-487f-a651-ed173e92e233/none_v3" 201 - "PUT http://172.18.0.2:8080/d1/942/AUTH_9a3de689b1eb4a79be5127ab2a9f7eee/gnocchi.424c3ab9-0f9d-487f-a651-ed173e92e233/none_v3" "tx30e5e2878786498b95399-006996d9d6" "object-server 22" 0.0004 "-" 22 0
Feb 19 09:37:26 standalone object-server[126293]: 172.20.0.100 - - [19/Feb/2026:09:37:26 +0000] "PUT /d1/942/AUTH_9a3de689b1eb4a79be5127ab2a9f7eee/gnocchi.424c3ab9-0f9d-487f-a651-ed173e92e233/none_v3" 201 - "PUT http://172.18.0.2:8080/v1/AUTH_9a3de689b1eb4a79be5127ab2a9f7eee/gnocchi.424c3ab9-0f9d-487f-a651-ed173e92e233/none_v3" "tx30e5e2878786498b95399-006996d9d6" "proxy-server 20" 0.0089 "-" 22 0
Feb 19 09:37:26 standalone proxy-server[128084]: 172.18.0.2 172.18.0.100 19/Feb/2026/09/37/26 PUT /v1/AUTH_9a3de689b1eb4a79be5127ab2a9f7eee/gnocchi.424c3ab9-0f9d-487f-a651-ed173e92e233/none_v3 HTTP/1.0 201 - python-swiftclient-3.11.1 gAAAAABpltkoOegl... 22 - - tx30e5e2878786498b95399-006996d9d6 - 0.0137 - - 1771493846.888353586 1771493846.902099371 0
Feb 19 09:37:26 standalone container-server[126020]: 172.20.0.100 - - [19/Feb/2026:09:37:26 +0000] "HEAD /d1/282/AUTH_9a3de689b1eb4a79be5127ab2a9f7eee/gnocchi.4b4182e1-597f-4aad-b551-e8515fb167b4" 404 - "HEAD http://172.18.0.2:8080/v1/AUTH_9a3de689b1eb4a79be5127ab2a9f7eee/gnocchi.4b4182e1-597f-4aad-b551-e8515fb167b4?format=json&states=listing" "tx91a6deefd0614466a3542-006996d9d6" "proxy-server 20" 0.0005 "-" 23 0
Feb 19 09:37:26 standalone object-server[126282]: 172.20.0.100 - - [19/Feb/2026:09:37:26 +0000] "GET /d1/344/AUTH_9a3de689b1eb4a79be5127ab2a9f7eee/gnocchi.4b4182e1-597f-4aad-b551-e8515fb167b4/none_v3" 404 70 "GET http://172.18.0.2:8080/v1/AUTH_9a3de689b1eb4a79be5127ab2a9f7eee/gnocchi.4b4182e1-597f-4aad-b551-e8515fb167b4/none_v3" "tx91a6deefd0614466a3542-006996d9d6" "proxy-server 20" 0.0003 "-" 16 0
Feb 19 09:37:26 standalone proxy-server[128084]: 172.18.0.2 172.18.0.100 19/Feb/2026/09/37/26 GET /v1/AUTH_9a3de689b1eb4a79be5127ab2a9f7eee/gnocchi.4b4182e1-597f-4aad-b551-e8515fb167b4/none_v3 HTTP/1.0 404 - python-swiftclient-3.11.1 gAAAAABpltkoOegl... - 70 - tx91a6deefd0614466a3542-006996d9d6 - 0.0125 - - 1771493846.917754650 1771493846.930249691 0
Feb 19 09:37:26 standalone account-server[126032]: 172.20.0.100 - - [19/Feb/2026:09:37:26 +0000] "PUT /d1/198/AUTH_9a3de689b1eb4a79be5127ab2a9f7eee/gnocchi.4b4182e1-597f-4aad-b551-e8515fb167b4" 201 - "PUT http://172.20.0.100:6001/d1/282/AUTH_9a3de689b1eb4a79be5127ab2a9f7eee/gnocchi.4b4182e1-597f-4aad-b551-e8515fb167b4" "tx88fbde5b07a548b7ba312-006996d9d6" "container-server 20" 0.0075 "-" 23 0
Feb 19 09:37:26 standalone container-server[125981]: 172.20.0.100 - - [19/Feb/2026:09:37:26 +0000] "PUT /d1/282/AUTH_9a3de689b1eb4a79be5127ab2a9f7eee/gnocchi.4b4182e1-597f-4aad-b551-e8515fb167b4" 201 - "PUT http://172.18.0.2:8080/v1/AUTH_9a3de689b1eb4a79be5127ab2a9f7eee/gnocchi.4b4182e1-597f-4aad-b551-e8515fb167b4" "tx88fbde5b07a548b7ba312-006996d9d6" "proxy-server 20" 0.0161 "-" 20 0
Feb 19 09:37:26 standalone proxy-server[128084]: 172.18.0.2 172.18.0.100 19/Feb/2026/09/37/26 PUT /v1/AUTH_9a3de689b1eb4a79be5127ab2a9f7eee/gnocchi.4b4182e1-597f-4aad-b551-e8515fb167b4 HTTP/1.0 201 - python-swiftclient-3.11.1 gAAAAABpltkoOegl... - - - tx88fbde5b07a548b7ba312-006996d9d6 - 0.0209 - - 1771493846.933892012 1771493846.954798698 0
Feb 19 09:37:26 standalone container-server[125981]: 172.20.0.100 - - [19/Feb/2026:09:37:26 +0000] "HEAD /d1/282/AUTH_9a3de689b1eb4a79be5127ab2a9f7eee/gnocchi.4b4182e1-597f-4aad-b551-e8515fb167b4" 204 - "HEAD http://172.18.0.2:8080/v1/AUTH_9a3de689b1eb4a79be5127ab2a9f7eee/gnocchi.4b4182e1-597f-4aad-b551-e8515fb167b4?format=json&states=listing" "tx471257ac70c14de0afd87-006996d9d6" "proxy-server 20" 0.0012 "-" 20 0
Feb 19 09:37:26 standalone proxy-server[128084]: - - 19/Feb/2026/09/37/26 HEAD /v1/AUTH_9a3de689b1eb4a79be5127ab2a9f7eee/gnocchi.4b4182e1-597f-4aad-b551-e8515fb167b4%3Fformat%3Djson%26states%3Dlisting HTTP/1.0 204 - Swift - - - - tx471257ac70c14de0afd87-006996d9d6 - 0.0038 RL - 1771493846.961676598 1771493846.965503931 0
Feb 19 09:37:26 standalone container-server[126014]: 172.20.0.100 - - [19/Feb/2026:09:37:26 +0000] "GET /d1/282/AUTH_9a3de689b1eb4a79be5127ab2a9f7eee/gnocchi.4b4182e1-597f-4aad-b551-e8515fb167b4" 200 2 "GET http://172.18.0.2:8080/v1/AUTH_9a3de689b1eb4a79be5127ab2a9f7eee/gnocchi.4b4182e1-597f-4aad-b551-e8515fb167b4?format=json&states=listing" "tx471257ac70c14de0afd87-006996d9d6" "proxy-server 20" 0.0017 "-" 22 0
Feb 19 09:37:26 standalone proxy-server[128084]: 172.18.0.2 172.18.0.100 19/Feb/2026/09/37/26 GET /v1/AUTH_9a3de689b1eb4a79be5127ab2a9f7eee/gnocchi.4b4182e1-597f-4aad-b551-e8515fb167b4%3Fformat%3Djson%26states%3Dlisting HTTP/1.0 200 - python-swiftclient-3.11.1 gAAAAABpltkoOegl... - 2 - tx471257ac70c14de0afd87-006996d9d6 - 0.0104 - - 1771493846.960783243 1771493846.971219778 0
Feb 19 09:37:26 standalone object-server[126282]: 172.20.0.100 - - [19/Feb/2026:09:37:26 +0000] "GET /d1/644/AUTH_9a3de689b1eb4a79be5127ab2a9f7eee/gnocchi.4b4182e1-597f-4aad-b551-e8515fb167b4/1771200000.0_mean_300.0_v3" 404 70 "GET http://172.18.0.2:8080/v1/AUTH_9a3de689b1eb4a79be5127ab2a9f7eee/gnocchi.4b4182e1-597f-4aad-b551-e8515fb167b4/1771200000.0_mean_300.0_v3" "txd15747f5957b40428a0df-006996d9d6" "proxy-server 20" 0.0004 "-" 16 0
Feb 19 09:37:26 standalone proxy-server[128084]: 172.18.0.2 172.18.0.100 19/Feb/2026/09/37/26 GET /v1/AUTH_9a3de689b1eb4a79be5127ab2a9f7eee/gnocchi.4b4182e1-597f-4aad-b551-e8515fb167b4/1771200000.0_mean_300.0_v3 HTTP/1.0 404 - python-swiftclient-3.11.1 gAAAAABpltkoOegl... - 70 - txd15747f5957b40428a0df-006996d9d6 - 0.0045 - - 1771493846.978143930 1771493846.982633829 0
Feb 19 09:37:27 standalone container-server[126003]: 172.20.0.100 - - [19/Feb/2026:09:37:27 +0000] "PUT /d1/282/AUTH_9a3de689b1eb4a79be5127ab2a9f7eee/gnocchi.4b4182e1-597f-4aad-b551-e8515fb167b4/1771200000.0_mean_300.0_v3" 201 - "PUT http://172.18.0.2:8080/d1/644/AUTH_9a3de689b1eb4a79be5127ab2a9f7eee/gnocchi.4b4182e1-597f-4aad-b551-e8515fb167b4/1771200000.0_mean_300.0_v3" "tx083fe5b742b74fd08a432-006996d9d6" "object-server 22" 0.0010 "-" 21 0
Feb 19 09:37:27 standalone object-server[126293]: 172.20.0.100 - - [19/Feb/2026:09:37:27 +0000] "PUT /d1/644/AUTH_9a3de689b1eb4a79be5127ab2a9f7eee/gnocchi.4b4182e1-597f-4aad-b551-e8515fb167b4/1771200000.0_mean_300.0_v3" 201 - "PUT http://172.18.0.2:8080/v1/AUTH_9a3de689b1eb4a79be5127ab2a9f7eee/gnocchi.4b4182e1-597f-4aad-b551-e8515fb167b4/1771200000.0_mean_300.0_v3" "tx083fe5b742b74fd08a432-006996d9d6" "proxy-server 20" 0.0109 "-" 22 0
Feb 19 09:37:27 standalone proxy-server[128084]: 172.18.0.2 172.18.0.100 19/Feb/2026/09/37/27 PUT /v1/AUTH_9a3de689b1eb4a79be5127ab2a9f7eee/gnocchi.4b4182e1-597f-4aad-b551-e8515fb167b4/1771200000.0_mean_300.0_v3 HTTP/1.0 201 - python-swiftclient-3.11.1 gAAAAABpltkoOegl... 16 - - tx083fe5b742b74fd08a432-006996d9d6 - 0.0166 - - 1771493846.987138033 1771493847.003763914 0
Feb 19 09:37:27 standalone container-server[126003]: 172.20.0.100 - - [19/Feb/2026:09:37:27 +0000] "PUT /d1/282/AUTH_9a3de689b1eb4a79be5127ab2a9f7eee/gnocchi.4b4182e1-597f-4aad-b551-e8515fb167b4/none_v3" 201 - "PUT http://172.18.0.2:8080/d1/344/AUTH_9a3de689b1eb4a79be5127ab2a9f7eee/gnocchi.4b4182e1-597f-4aad-b551-e8515fb167b4/none_v3" "tx5798ff16e4354931b0743-006996d9d7" "object-server 22" 0.0010 "-" 21 0
Feb 19 09:37:27 standalone object-server[126293]: 172.20.0.100 - - [19/Feb/2026:09:37:27 +0000] "PUT /d1/344/AUTH_9a3de689b1eb4a79be5127ab2a9f7eee/gnocchi.4b4182e1-597f-4aad-b551-e8515fb167b4/none_v3" 201 - "PUT http://172.18.0.2:8080/v1/AUTH_9a3de689b1eb4a79be5127ab2a9f7eee/gnocchi.4b4182e1-597f-4aad-b551-e8515fb167b4/none_v3" "tx5798ff16e4354931b0743-006996d9d7" "proxy-server 20" 0.0108 "-" 22 0
Feb 19 09:37:27 standalone proxy-server[128084]: 172.18.0.2 172.18.0.100 19/Feb/2026/09/37/27 PUT /v1/AUTH_9a3de689b1eb4a79be5127ab2a9f7eee/gnocchi.4b4182e1-597f-4aad-b551-e8515fb167b4/none_v3 HTTP/1.0 201 - python-swiftclient-3.11.1 gAAAAABpltkoOegl... 22 - - tx5798ff16e4354931b0743-006996d9d7 - 0.0153 - - 1771493847.007956028 1771493847.023254633 0
Feb 19 09:37:27 standalone container-server[126020]: 172.20.0.100 - - [19/Feb/2026:09:37:27 +0000] "HEAD /d1/357/AUTH_9a3de689b1eb4a79be5127ab2a9f7eee/gnocchi.29c044c9-1590-4a98-ad1d-ab1a9260ef35" 404 - "HEAD http://172.18.0.2:8080/v1/AUTH_9a3de689b1eb4a79be5127ab2a9f7eee/gnocchi.29c044c9-1590-4a98-ad1d-ab1a9260ef35?format=json&states=listing" "txc7feafb40e5c45e18932f-006996d9d7" "proxy-server 20" 0.0007 "-" 23 0
Feb 19 09:37:27 standalone object-server[126282]: 172.20.0.100 - - [19/Feb/2026:09:37:27 +0000] "GET /d1/618/AUTH_9a3de689b1eb4a79be5127ab2a9f7eee/gnocchi.29c044c9-1590-4a98-ad1d-ab1a9260ef35/none_v3" 404 70 "GET http://172.18.0.2:8080/v1/AUTH_9a3de689b1eb4a79be5127ab2a9f7eee/gnocchi.29c044c9-1590-4a98-ad1d-ab1a9260ef35/none_v3" "txc7feafb40e5c45e18932f-006996d9d7" "proxy-server 20" 0.0003 "-" 16 0
Feb 19 09:37:27 standalone proxy-server[128084]: 172.18.0.2 172.18.0.100 19/Feb/2026/09/37/27 GET /v1/AUTH_9a3de689b1eb4a79be5127ab2a9f7eee/gnocchi.29c044c9-1590-4a98-ad1d-ab1a9260ef35/none_v3 HTTP/1.0 404 - python-swiftclient-3.11.1 gAAAAABpltkoOegl... - 70 - txc7feafb40e5c45e18932f-006996d9d7 - 0.0106 - - 1771493847.037197590 1771493847.047772884 0
Feb 19 09:37:27 standalone account-server[126032]: 172.20.0.100 - - [19/Feb/2026:09:37:27 +0000] "PUT /d1/198/AUTH_9a3de689b1eb4a79be5127ab2a9f7eee/gnocchi.29c044c9-1590-4a98-ad1d-ab1a9260ef35" 201 - "PUT http://172.20.0.100:6001/d1/357/AUTH_9a3de689b1eb4a79be5127ab2a9f7eee/gnocchi.29c044c9-1590-4a98-ad1d-ab1a9260ef35" "tx791420561ea24aeb951a4-006996d9d7" "container-server 20" 0.0040 "-" 23 0
Feb 19 09:37:27 standalone container-server[125981]: 172.20.0.100 - - [19/Feb/2026:09:37:27 +0000] "PUT /d1/357/AUTH_9a3de689b1eb4a79be5127ab2a9f7eee/gnocchi.29c044c9-1590-4a98-ad1d-ab1a9260ef35" 201 - "PUT http://172.18.0.2:8080/v1/AUTH_9a3de689b1eb4a79be5127ab2a9f7eee/gnocchi.29c044c9-1590-4a98-ad1d-ab1a9260ef35" "tx791420561ea24aeb951a4-006996d9d7" "proxy-server 20" 0.0161 "-" 20 0
Feb 19 09:37:27 standalone proxy-server[128084]: 172.18.0.2 172.18.0.100 19/Feb/2026/09/37/27 PUT /v1/AUTH_9a3de689b1eb4a79be5127ab2a9f7eee/gnocchi.29c044c9-1590-4a98-ad1d-ab1a9260ef35 HTTP/1.0 201 - python-swiftclient-3.11.1 gAAAAABpltkoOegl... - - - tx791420561ea24aeb951a4-006996d9d7 - 0.0228 - - 1771493847.053421021 1771493847.076267958 0
Feb 19 09:37:27 standalone container-server[126003]: 172.20.0.100 - - [19/Feb/2026:09:37:27 +0000] "HEAD /d1/357/AUTH_9a3de689b1eb4a79be5127ab2a9f7eee/gnocchi.29c044c9-1590-4a98-ad1d-ab1a9260ef35" 204 - "HEAD http://172.18.0.2:8080/v1/AUTH_9a3de689b1eb4a79be5127ab2a9f7eee/gnocchi.29c044c9-1590-4a98-ad1d-ab1a9260ef35?format=json&states=listing" "txb40f45ed6d244aa794efa-006996d9d7" "proxy-server 20" 0.0013 "-" 21 0
Feb 19 09:37:27 standalone proxy-server[128084]: - - 19/Feb/2026/09/37/27 HEAD /v1/AUTH_9a3de689b1eb4a79be5127ab2a9f7eee/gnocchi.29c044c9-1590-4a98-ad1d-ab1a9260ef35%3Fformat%3Djson%26states%3Dlisting HTTP/1.0 204 - Swift - - - - txb40f45ed6d244aa794efa-006996d9d7 - 0.0043 RL - 1771493847.080370903 1771493847.084678888 0
Feb 19 09:37:27 standalone container-server[126003]: 172.20.0.100 - - [19/Feb/2026:09:37:27 +0000] "GET /d1/357/AUTH_9a3de689b1eb4a79be5127ab2a9f7eee/gnocchi.29c044c9-1590-4a98-ad1d-ab1a9260ef35" 200 2 "GET http://172.18.0.2:8080/v1/AUTH_9a3de689b1eb4a79be5127ab2a9f7eee/gnocchi.29c044c9-1590-4a98-ad1d-ab1a9260ef35?format=json&states=listing" "txb40f45ed6d244aa794efa-006996d9d7" "proxy-server 20" 0.0014 "-" 21 0
Feb 19 09:37:27 standalone proxy-server[128084]: 172.18.0.2 172.18.0.100 19/Feb/2026/09/37/27 GET /v1/AUTH_9a3de689b1eb4a79be5127ab2a9f7eee/gnocchi.29c044c9-1590-4a98-ad1d-ab1a9260ef35%3Fformat%3Djson%26states%3Dlisting HTTP/1.0 200 - python-swiftclient-3.11.1 gAAAAABpltkoOegl... - 2 - txb40f45ed6d244aa794efa-006996d9d7 - 0.0112 - - 1771493847.079319715 1771493847.090531111 0
Feb 19 09:37:27 standalone account-server[126032]: 172.20.0.100 - - [19/Feb/2026:09:37:27 +0000] "HEAD /d1/703/.expiring_objects" 404 - "HEAD http://localhost/v1/.expiring_objects?format=json" "tx06eed97b14ee4c0eb713e-006996d9d7" "proxy-server 2" 0.0003 "-" 23 -
Feb 19 09:37:27 standalone object-server[126291]: 172.20.0.100 - - [19/Feb/2026:09:37:27 +0000] "GET /d1/541/AUTH_9a3de689b1eb4a79be5127ab2a9f7eee/gnocchi.29c044c9-1590-4a98-ad1d-ab1a9260ef35/1771200000.0_mean_300.0_v3" 404 70 "GET http://172.18.0.2:8080/v1/AUTH_9a3de689b1eb4a79be5127ab2a9f7eee/gnocchi.29c044c9-1590-4a98-ad1d-ab1a9260ef35/1771200000.0_mean_300.0_v3" "tx47ab10ca2b074ec789399-006996d9d7" "proxy-server 20" 0.0003 "-" 21 0
Feb 19 09:37:27 standalone object-expirer[126077]: Pass completed in 0s; 0 objects expired (txn: tx06eed97b14ee4c0eb713e-006996d9d7)
Feb 19 09:37:27 standalone proxy-server[128084]: 172.18.0.2 172.18.0.100 19/Feb/2026/09/37/27 GET /v1/AUTH_9a3de689b1eb4a79be5127ab2a9f7eee/gnocchi.29c044c9-1590-4a98-ad1d-ab1a9260ef35/1771200000.0_mean_300.0_v3 HTTP/1.0 404 - python-swiftclient-3.11.1 gAAAAABpltkoOegl... - 70 - tx47ab10ca2b074ec789399-006996d9d7 - 0.0054 - - 1771493847.093338251 1771493847.098765373 0
Feb 19 09:37:27 standalone container-server[126020]: 172.20.0.100 - - [19/Feb/2026:09:37:27 +0000] "PUT /d1/357/AUTH_9a3de689b1eb4a79be5127ab2a9f7eee/gnocchi.29c044c9-1590-4a98-ad1d-ab1a9260ef35/1771200000.0_mean_300.0_v3" 201 - "PUT http://172.18.0.2:8080/d1/541/AUTH_9a3de689b1eb4a79be5127ab2a9f7eee/gnocchi.29c044c9-1590-4a98-ad1d-ab1a9260ef35/1771200000.0_mean_300.0_v3" "tx3ba34334dc054c328f626-006996d9d7" "object-server 16" 0.0006 "-" 23 0
Feb 19 09:37:27 standalone object-server[126282]: 172.20.0.100 - - [19/Feb/2026:09:37:27 +0000] "PUT /d1/541/AUTH_9a3de689b1eb4a79be5127ab2a9f7eee/gnocchi.29c044c9-1590-4a98-ad1d-ab1a9260ef35/1771200000.0_mean_300.0_v3" 201 - "PUT http://172.18.0.2:8080/v1/AUTH_9a3de689b1eb4a79be5127ab2a9f7eee/gnocchi.29c044c9-1590-4a98-ad1d-ab1a9260ef35/1771200000.0_mean_300.0_v3" "tx3ba34334dc054c328f626-006996d9d7" "proxy-server 20" 0.0095 "-" 16 0
Feb 19 09:37:27 standalone proxy-server[128084]: 172.18.0.2 172.18.0.100 19/Feb/2026/09/37/27 PUT /v1/AUTH_9a3de689b1eb4a79be5127ab2a9f7eee/gnocchi.29c044c9-1590-4a98-ad1d-ab1a9260ef35/1771200000.0_mean_300.0_v3 HTTP/1.0 201 - python-swiftclient-3.11.1 gAAAAABpltkoOegl... 16 - - tx3ba34334dc054c328f626-006996d9d7 - 0.0156 - - 1771493847.101487398 1771493847.117067099 0
Feb 19 09:37:27 standalone container-server[126020]: 172.20.0.100 - - [19/Feb/2026:09:37:27 +0000] "PUT /d1/357/AUTH_9a3de689b1eb4a79be5127ab2a9f7eee/gnocchi.29c044c9-1590-4a98-ad1d-ab1a9260ef35/none_v3" 201 - "PUT http://172.18.0.2:8080/d1/618/AUTH_9a3de689b1eb4a79be5127ab2a9f7eee/gnocchi.29c044c9-1590-4a98-ad1d-ab1a9260ef35/none_v3" "tx83451e758ecb44f5a0869-006996d9d7" "object-server 16" 0.0009 "-" 23 0
Feb 19 09:37:27 standalone object-server[126282]: 172.20.0.100 - - [19/Feb/2026:09:37:27 +0000] "PUT /d1/618/AUTH_9a3de689b1eb4a79be5127ab2a9f7eee/gnocchi.29c044c9-1590-4a98-ad1d-ab1a9260ef35/none_v3" 201 - "PUT http://172.18.0.2:8080/v1/AUTH_9a3de689b1eb4a79be5127ab2a9f7eee/gnocchi.29c044c9-1590-4a98-ad1d-ab1a9260ef35/none_v3" "tx83451e758ecb44f5a0869-006996d9d7" "proxy-server 20" 0.0097 "-" 16 0
Feb 19 09:37:27 standalone proxy-server[128084]: 172.18.0.2 172.18.0.100 19/Feb/2026/09/37/27 PUT /v1/AUTH_9a3de689b1eb4a79be5127ab2a9f7eee/gnocchi.29c044c9-1590-4a98-ad1d-ab1a9260ef35/none_v3 HTTP/1.0 201 - python-swiftclient-3.11.1 gAAAAABpltkoOegl... 22 - - tx83451e758ecb44f5a0869-006996d9d7 - 0.0152 - - 1771493847.119812012 1771493847.134988308 0
Feb 19 09:37:27 standalone container-server[126020]: 172.20.0.100 - - [19/Feb/2026:09:37:27 +0000] "HEAD /d1/377/AUTH_9a3de689b1eb4a79be5127ab2a9f7eee/gnocchi.19353015-f38f-46fa-8440-66dd9a7511c7" 404 - "HEAD http://172.18.0.2:8080/v1/AUTH_9a3de689b1eb4a79be5127ab2a9f7eee/gnocchi.19353015-f38f-46fa-8440-66dd9a7511c7?format=json&states=listing" "tx26df206a18bf48719fa2b-006996d9d7" "proxy-server 20" 0.0006 "-" 23 0
Feb 19 09:37:27 standalone object-server[126291]: 172.20.0.100 - - [19/Feb/2026:09:37:27 +0000] "GET /d1/22/AUTH_9a3de689b1eb4a79be5127ab2a9f7eee/gnocchi.19353015-f38f-46fa-8440-66dd9a7511c7/none_v3" 404 70 "GET http://172.18.0.2:8080/v1/AUTH_9a3de689b1eb4a79be5127ab2a9f7eee/gnocchi.19353015-f38f-46fa-8440-66dd9a7511c7/none_v3" "tx26df206a18bf48719fa2b-006996d9d7" "proxy-server 20" 0.0003 "-" 21 0
Feb 19 09:37:27 standalone proxy-server[128084]: 172.18.0.2 172.18.0.100 19/Feb/2026/09/37/27 GET /v1/AUTH_9a3de689b1eb4a79be5127ab2a9f7eee/gnocchi.19353015-f38f-46fa-8440-66dd9a7511c7/none_v3 HTTP/1.0 404 - python-swiftclient-3.11.1 gAAAAABpltkoOegl... - 70 - tx26df206a18bf48719fa2b-006996d9d7 - 0.0095 - - 1771493847.156442404 1771493847.165947437 0
Feb 19 09:37:27 standalone account-server[125980]: 172.20.0.100 - - [19/Feb/2026:09:37:27 +0000] "PUT /d1/198/AUTH_9a3de689b1eb4a79be5127ab2a9f7eee/gnocchi.19353015-f38f-46fa-8440-66dd9a7511c7" 201 - "PUT http://172.20.0.100:6001/d1/377/AUTH_9a3de689b1eb4a79be5127ab2a9f7eee/gnocchi.19353015-f38f-46fa-8440-66dd9a7511c7" "tx8bfb90d12cfc402186454-006996d9d7" "container-server 20" 0.0072 "-" 21 0
Feb 19 09:37:27 standalone container-server[125981]: 172.20.0.100 - - [19/Feb/2026:09:37:27 +0000] "PUT /d1/377/AUTH_9a3de689b1eb4a79be5127ab2a9f7eee/gnocchi.19353015-f38f-46fa-8440-66dd9a7511c7" 201 - "PUT http://172.18.0.2:8080/v1/AUTH_9a3de689b1eb4a79be5127ab2a9f7eee/gnocchi.19353015-f38f-46fa-8440-66dd9a7511c7" "tx8bfb90d12cfc402186454-006996d9d7" "proxy-server 20" 0.0167 "-" 20 0
Feb 19 09:37:27 standalone proxy-server[128084]: 172.18.0.2 172.18.0.100 19/Feb/2026/09/37/27 PUT /v1/AUTH_9a3de689b1eb4a79be5127ab2a9f7eee/gnocchi.19353015-f38f-46fa-8440-66dd9a7511c7 HTTP/1.0 201 - python-swiftclient-3.11.1 gAAAAABpltkoOegl... - - - tx8bfb90d12cfc402186454-006996d9d7 - 0.0229 - - 1771493847.168113947 1771493847.190964699 0
Feb 19 09:37:27 standalone container-server[126014]: 172.20.0.100 - - [19/Feb/2026:09:37:27 +0000] "HEAD /d1/377/AUTH_9a3de689b1eb4a79be5127ab2a9f7eee/gnocchi.19353015-f38f-46fa-8440-66dd9a7511c7" 204 - "HEAD http://172.18.0.2:8080/v1/AUTH_9a3de689b1eb4a79be5127ab2a9f7eee/gnocchi.19353015-f38f-46fa-8440-66dd9a7511c7?format=json&states=listing" "tx0c9fc2ad59d04fd790ee3-006996d9d7" "proxy-server 20" 0.0021 "-" 22 0
Feb 19 09:37:27 standalone proxy-server[128084]: - - 19/Feb/2026/09/37/27 HEAD /v1/AUTH_9a3de689b1eb4a79be5127ab2a9f7eee/gnocchi.19353015-f38f-46fa-8440-66dd9a7511c7%3Fformat%3Djson%26states%3Dlisting HTTP/1.0 204 - Swift - - - - tx0c9fc2ad59d04fd790ee3-006996d9d7 - 0.0074 RL - 1771493847.199100256 1771493847.206463337 0
Feb 19 09:37:27 standalone container-server[125981]: 172.20.0.100 - - [19/Feb/2026:09:37:27 +0000] "GET /d1/377/AUTH_9a3de689b1eb4a79be5127ab2a9f7eee/gnocchi.19353015-f38f-46fa-8440-66dd9a7511c7" 200 2 "GET http://172.18.0.2:8080/v1/AUTH_9a3de689b1eb4a79be5127ab2a9f7eee/gnocchi.19353015-f38f-46fa-8440-66dd9a7511c7?format=json&states=listing" "tx0c9fc2ad59d04fd790ee3-006996d9d7" "proxy-server 20" 0.0035 "-" 20 0
Feb 19 09:37:27 standalone proxy-server[128084]: 172.18.0.2 172.18.0.100 19/Feb/2026/09/37/27 GET /v1/AUTH_9a3de689b1eb4a79be5127ab2a9f7eee/gnocchi.19353015-f38f-46fa-8440-66dd9a7511c7%3Fformat%3Djson%26states%3Dlisting HTTP/1.0 200 - python-swiftclient-3.11.1 gAAAAABpltkoOegl... - 2 - tx0c9fc2ad59d04fd790ee3-006996d9d7 - 0.0226 - - 1771493847.197168827 1771493847.219772577 0
Feb 19 09:37:27 standalone object-server[126293]: 172.20.0.100 - - [19/Feb/2026:09:37:27 +0000] "GET /d1/138/AUTH_9a3de689b1eb4a79be5127ab2a9f7eee/gnocchi.19353015-f38f-46fa-8440-66dd9a7511c7/1771200000.0_mean_300.0_v3" 404 70 "GET http://172.18.0.2:8080/v1/AUTH_9a3de689b1eb4a79be5127ab2a9f7eee/gnocchi.19353015-f38f-46fa-8440-66dd9a7511c7/1771200000.0_mean_300.0_v3" "tx9d90f0b927aa4324b9e3d-006996d9d7" "proxy-server 20" 0.0004 "-" 22 0
Feb 19 09:37:27 standalone proxy-server[128084]: 172.18.0.2 172.18.0.100 19/Feb/2026/09/37/27 GET /v1/AUTH_9a3de689b1eb4a79be5127ab2a9f7eee/gnocchi.19353015-f38f-46fa-8440-66dd9a7511c7/1771200000.0_mean_300.0_v3 HTTP/1.0 404 - python-swiftclient-3.11.1 gAAAAABpltkoOegl... - 70 - tx9d90f0b927aa4324b9e3d-006996d9d7 - 0.0082 - - 1771493847.225479841 1771493847.233703375 0
Feb 19 09:37:27 standalone container-server[125981]: 172.20.0.100 - - [19/Feb/2026:09:37:27 +0000] "PUT /d1/377/AUTH_9a3de689b1eb4a79be5127ab2a9f7eee/gnocchi.19353015-f38f-46fa-8440-66dd9a7511c7/1771200000.0_mean_300.0_v3" 201 - "PUT http://172.18.0.2:8080/d1/138/AUTH_9a3de689b1eb4a79be5127ab2a9f7eee/gnocchi.19353015-f38f-46fa-8440-66dd9a7511c7/1771200000.0_mean_300.0_v3" "txf1c366d23f3a475d9fbce-006996d9d7" "object-server 22" 0.0010 "-" 20 0
Feb 19 09:37:27 standalone object-server[126293]: 172.20.0.100 - - [19/Feb/2026:09:37:27 +0000] "PUT /d1/138/AUTH_9a3de689b1eb4a79be5127ab2a9f7eee/gnocchi.19353015-f38f-46fa-8440-66dd9a7511c7/1771200000.0_mean_300.0_v3" 201 - "PUT http://172.18.0.2:8080/v1/AUTH_9a3de689b1eb4a79be5127ab2a9f7eee/gnocchi.19353015-f38f-46fa-8440-66dd9a7511c7/1771200000.0_mean_300.0_v3" "txf1c366d23f3a475d9fbce-006996d9d7" "proxy-server 20" 0.0105 "-" 22 0
Feb 19 09:37:27 standalone proxy-server[128084]: 172.18.0.2 172.18.0.100 19/Feb/2026/09/37/27 PUT /v1/AUTH_9a3de689b1eb4a79be5127ab2a9f7eee/gnocchi.19353015-f38f-46fa-8440-66dd9a7511c7/1771200000.0_mean_300.0_v3 HTTP/1.0 201 - python-swiftclient-3.11.1 gAAAAABpltkoOegl... 16 - - txf1c366d23f3a475d9fbce-006996d9d7 - 0.0184 - - 1771493847.238011837 1771493847.256444931 0
Feb 19 09:37:27 standalone container-server[126003]: 172.20.0.100 - - [19/Feb/2026:09:37:27 +0000] "PUT /d1/377/AUTH_9a3de689b1eb4a79be5127ab2a9f7eee/gnocchi.19353015-f38f-46fa-8440-66dd9a7511c7/none_v3" 201 - "PUT http://172.18.0.2:8080/d1/22/AUTH_9a3de689b1eb4a79be5127ab2a9f7eee/gnocchi.19353015-f38f-46fa-8440-66dd9a7511c7/none_v3" "tx92ab0321219244d8bfc84-006996d9d7" "object-server 16" 0.0008 "-" 21 0
Feb 19 09:37:27 standalone object-server[126282]: 172.20.0.100 - - [19/Feb/2026:09:37:27 +0000] "PUT /d1/22/AUTH_9a3de689b1eb4a79be5127ab2a9f7eee/gnocchi.19353015-f38f-46fa-8440-66dd9a7511c7/none_v3" 201 - "PUT http://172.18.0.2:8080/v1/AUTH_9a3de689b1eb4a79be5127ab2a9f7eee/gnocchi.19353015-f38f-46fa-8440-66dd9a7511c7/none_v3" "tx92ab0321219244d8bfc84-006996d9d7" "proxy-server 20" 0.0114 "-" 16 0
Feb 19 09:37:27 standalone proxy-server[128084]: 172.18.0.2 172.18.0.100 19/Feb/2026/09/37/27 PUT /v1/AUTH_9a3de689b1eb4a79be5127ab2a9f7eee/gnocchi.19353015-f38f-46fa-8440-66dd9a7511c7/none_v3 HTTP/1.0 201 - python-swiftclient-3.11.1 gAAAAABpltkoOegl... 22 - - tx92ab0321219244d8bfc84-006996d9d7 - 0.0234 - - 1771493847.260931253 1771493847.284346819 0
Feb 19 09:37:27 standalone container-server[126020]: 172.20.0.100 - - [19/Feb/2026:09:37:27 +0000] "HEAD /d1/784/AUTH_9a3de689b1eb4a79be5127ab2a9f7eee/gnocchi.504f9ea5-8222-491b-ba80-ded606fd6ac8" 404 - "HEAD http://172.18.0.2:8080/v1/AUTH_9a3de689b1eb4a79be5127ab2a9f7eee/gnocchi.504f9ea5-8222-491b-ba80-ded606fd6ac8?format=json&states=listing" "tx34b53b6217cb44858d501-006996d9d7" "proxy-server 20" 0.0005 "-" 23 0
Feb 19 09:37:27 standalone object-server[126293]: 172.20.0.100 - - [19/Feb/2026:09:37:27 +0000] "GET /d1/711/AUTH_9a3de689b1eb4a79be5127ab2a9f7eee/gnocchi.504f9ea5-8222-491b-ba80-ded606fd6ac8/none_v3" 404 70 "GET http://172.18.0.2:8080/v1/AUTH_9a3de689b1eb4a79be5127ab2a9f7eee/gnocchi.504f9ea5-8222-491b-ba80-ded606fd6ac8/none_v3" "tx34b53b6217cb44858d501-006996d9d7" "proxy-server 20" 0.0004 "-" 22 0
Feb 19 09:37:27 standalone proxy-server[128084]: 172.18.0.2 172.18.0.100 19/Feb/2026/09/37/27 GET /v1/AUTH_9a3de689b1eb4a79be5127ab2a9f7eee/gnocchi.504f9ea5-8222-491b-ba80-ded606fd6ac8/none_v3 HTTP/1.0 404 - python-swiftclient-3.11.1 gAAAAABpltkoOegl... - 70 - tx34b53b6217cb44858d501-006996d9d7 - 0.0131 - - 1771493847.298742771 1771493847.311855793 0
Feb 19 09:37:27 standalone account-server[125964]: 172.20.0.100 - - [19/Feb/2026:09:37:27 +0000] "PUT /d1/198/AUTH_9a3de689b1eb4a79be5127ab2a9f7eee/gnocchi.504f9ea5-8222-491b-ba80-ded606fd6ac8" 201 - "PUT http://172.20.0.100:6001/d1/784/AUTH_9a3de689b1eb4a79be5127ab2a9f7eee/gnocchi.504f9ea5-8222-491b-ba80-ded606fd6ac8" "txacc13a2e9a18497f9b18f-006996d9d7" "container-server 22" 0.0061 "-" 20 0
Feb 19 09:37:27 standalone container-server[126014]: 172.20.0.100 - - [19/Feb/2026:09:37:27 +0000] "PUT /d1/784/AUTH_9a3de689b1eb4a79be5127ab2a9f7eee/gnocchi.504f9ea5-8222-491b-ba80-ded606fd6ac8" 201 - "PUT http://172.18.0.2:8080/v1/AUTH_9a3de689b1eb4a79be5127ab2a9f7eee/gnocchi.504f9ea5-8222-491b-ba80-ded606fd6ac8" "txacc13a2e9a18497f9b18f-006996d9d7" "proxy-server 20" 0.0190 "-" 22 0
Feb 19 09:37:27 standalone proxy-server[128084]: 172.18.0.2 172.18.0.100 19/Feb/2026/09/37/27 PUT /v1/AUTH_9a3de689b1eb4a79be5127ab2a9f7eee/gnocchi.504f9ea5-8222-491b-ba80-ded606fd6ac8 HTTP/1.0 201 - python-swiftclient-3.11.1 gAAAAABpltkoOegl... - - - txacc13a2e9a18497f9b18f-006996d9d7 - 0.0244 - - 1771493847.314857960 1771493847.339290142 0
Feb 19 09:37:27 standalone container-server[125981]: 172.20.0.100 - - [19/Feb/2026:09:37:27 +0000] "HEAD /d1/784/AUTH_9a3de689b1eb4a79be5127ab2a9f7eee/gnocchi.504f9ea5-8222-491b-ba80-ded606fd6ac8" 204 - "HEAD http://172.18.0.2:8080/v1/AUTH_9a3de689b1eb4a79be5127ab2a9f7eee/gnocchi.504f9ea5-8222-491b-ba80-ded606fd6ac8?format=json&states=listing" "tx351536ddac15438085fcc-006996d9d7" "proxy-server 20" 0.0021 "-" 20 0
Feb 19 09:37:27 standalone proxy-server[128084]: - - 19/Feb/2026/09/37/27 HEAD /v1/AUTH_9a3de689b1eb4a79be5127ab2a9f7eee/gnocchi.504f9ea5-8222-491b-ba80-ded606fd6ac8%3Fformat%3Djson%26states%3Dlisting HTTP/1.0 204 - Swift - - - - tx351536ddac15438085fcc-006996d9d7 - 0.0060 RL - 1771493847.344704866 1771493847.350670576 0
Feb 19 09:37:27 standalone container-server[126020]: 172.20.0.100 - - [19/Feb/2026:09:37:27 +0000] "GET /d1/784/AUTH_9a3de689b1eb4a79be5127ab2a9f7eee/gnocchi.504f9ea5-8222-491b-ba80-ded606fd6ac8" 200 2 "GET http://172.18.0.2:8080/v1/AUTH_9a3de689b1eb4a79be5127ab2a9f7eee/gnocchi.504f9ea5-8222-491b-ba80-ded606fd6ac8?format=json&states=listing" "tx351536ddac15438085fcc-006996d9d7" "proxy-server 20" 0.0035 "-" 23 0
Feb 19 09:37:27 standalone proxy-server[128084]: 172.18.0.2 172.18.0.100 19/Feb/2026/09/37/27 GET /v1/AUTH_9a3de689b1eb4a79be5127ab2a9f7eee/gnocchi.504f9ea5-8222-491b-ba80-ded606fd6ac8%3Fformat%3Djson%26states%3Dlisting HTTP/1.0 200 - python-swiftclient-3.11.1 gAAAAABpltkoOegl... - 2 - tx351536ddac15438085fcc-006996d9d7 - 0.0166 - - 1771493847.343758106 1771493847.360310078 0
Feb 19 09:37:27 standalone object-server[126288]: 172.20.0.100 - - [19/Feb/2026:09:37:27 +0000] "GET /d1/938/AUTH_9a3de689b1eb4a79be5127ab2a9f7eee/gnocchi.504f9ea5-8222-491b-ba80-ded606fd6ac8/1771200000.0_mean_300.0_v3" 404 70 "GET http://172.18.0.2:8080/v1/AUTH_9a3de689b1eb4a79be5127ab2a9f7eee/gnocchi.504f9ea5-8222-491b-ba80-ded606fd6ac8/1771200000.0_mean_300.0_v3" "tx4f24f40a84e64d6eb8e90-006996d9d7" "proxy-server 20" 0.0005 "-" 20 0
Feb 19 09:37:27 standalone proxy-server[128084]: 172.18.0.2 172.18.0.100 19/Feb/2026/09/37/27 GET /v1/AUTH_9a3de689b1eb4a79be5127ab2a9f7eee/gnocchi.504f9ea5-8222-491b-ba80-ded606fd6ac8/1771200000.0_mean_300.0_v3 HTTP/1.0 404 - python-swiftclient-3.11.1 gAAAAABpltkoOegl... - 70 - tx4f24f40a84e64d6eb8e90-006996d9d7 - 0.0056 - - 1771493847.364617586 1771493847.370249033 0
Feb 19 09:37:27 standalone container-server[126003]: 172.20.0.100 - - [19/Feb/2026:09:37:27 +0000] "PUT /d1/784/AUTH_9a3de689b1eb4a79be5127ab2a9f7eee/gnocchi.504f9ea5-8222-491b-ba80-ded606fd6ac8/1771200000.0_mean_300.0_v3" 201 - "PUT http://172.18.0.2:8080/d1/938/AUTH_9a3de689b1eb4a79be5127ab2a9f7eee/gnocchi.504f9ea5-8222-491b-ba80-ded606fd6ac8/1771200000.0_mean_300.0_v3" "txb520b6808a96453e9ecaf-006996d9d7" "object-server 21" 0.0008 "-" 21 0
Feb 19 09:37:27 standalone object-server[126291]: 172.20.0.100 - - [19/Feb/2026:09:37:27 +0000] "PUT /d1/938/AUTH_9a3de689b1eb4a79be5127ab2a9f7eee/gnocchi.504f9ea5-8222-491b-ba80-ded606fd6ac8/1771200000.0_mean_300.0_v3" 201 - "PUT http://172.18.0.2:8080/v1/AUTH_9a3de689b1eb4a79be5127ab2a9f7eee/gnocchi.504f9ea5-8222-491b-ba80-ded606fd6ac8/1771200000.0_mean_300.0_v3" "txb520b6808a96453e9ecaf-006996d9d7" "proxy-server 20" 0.0107 "-" 21 0
Feb 19 09:37:27 standalone proxy-server[128084]: 172.18.0.2 172.18.0.100 19/Feb/2026/09/37/27 PUT /v1/AUTH_9a3de689b1eb4a79be5127ab2a9f7eee/gnocchi.504f9ea5-8222-491b-ba80-ded606fd6ac8/1771200000.0_mean_300.0_v3 HTTP/1.0 201 - python-swiftclient-3.11.1 gAAAAABpltkoOegl... 16 - - txb520b6808a96453e9ecaf-006996d9d7 - 0.0163 - - 1771493847.373537302 1771493847.389821291 0
Feb 19 09:37:27 standalone container-server[126003]: 172.20.0.100 - - [19/Feb/2026:09:37:27 +0000] "PUT /d1/784/AUTH_9a3de689b1eb4a79be5127ab2a9f7eee/gnocchi.504f9ea5-8222-491b-ba80-ded606fd6ac8/none_v3" 201 - "PUT http://172.18.0.2:8080/d1/711/AUTH_9a3de689b1eb4a79be5127ab2a9f7eee/gnocchi.504f9ea5-8222-491b-ba80-ded606fd6ac8/none_v3" "tx763c438d0fa24368918f2-006996d9d7" "object-server 16" 0.0007 "-" 21 0
Feb 19 09:37:27 standalone object-server[126282]: 172.20.0.100 - - [19/Feb/2026:09:37:27 +0000] "PUT /d1/711/AUTH_9a3de689b1eb4a79be5127ab2a9f7eee/gnocchi.504f9ea5-8222-491b-ba80-ded606fd6ac8/none_v3" 201 - "PUT http://172.18.0.2:8080/v1/AUTH_9a3de689b1eb4a79be5127ab2a9f7eee/gnocchi.504f9ea5-8222-491b-ba80-ded606fd6ac8/none_v3" "tx763c438d0fa24368918f2-006996d9d7" "proxy-server 20" 0.0121 "-" 16 0
Feb 19 09:37:27 standalone proxy-server[128084]: 172.18.0.2 172.18.0.100 19/Feb/2026/09/37/27 PUT /v1/AUTH_9a3de689b1eb4a79be5127ab2a9f7eee/gnocchi.504f9ea5-8222-491b-ba80-ded606fd6ac8/none_v3 HTTP/1.0 201 - python-swiftclient-3.11.1 gAAAAABpltkoOegl... 22 - - tx763c438d0fa24368918f2-006996d9d7 - 0.0206 - - 1771493847.393626451 1771493847.414248943 0
Feb 19 09:37:27 standalone container-server[126003]: 172.20.0.100 - - [19/Feb/2026:09:37:27 +0000] "HEAD /d1/357/AUTH_9a3de689b1eb4a79be5127ab2a9f7eee/gnocchi.bbf0d3b8-c614-4af1-a4ec-c8d5795df0ca" 404 - "HEAD http://172.18.0.2:8080/v1/AUTH_9a3de689b1eb4a79be5127ab2a9f7eee/gnocchi.bbf0d3b8-c614-4af1-a4ec-c8d5795df0ca?format=json&states=listing" "tx7cf614a5a9544326b40d3-006996d9d7" "proxy-server 20" 0.0005 "-" 21 0
Feb 19 09:37:27 standalone object-server[126288]: 172.20.0.100 - - [19/Feb/2026:09:37:27 +0000] "GET /d1/520/AUTH_9a3de689b1eb4a79be5127ab2a9f7eee/gnocchi.bbf0d3b8-c614-4af1-a4ec-c8d5795df0ca/none_v3" 404 70 "GET http://172.18.0.2:8080/v1/AUTH_9a3de689b1eb4a79be5127ab2a9f7eee/gnocchi.bbf0d3b8-c614-4af1-a4ec-c8d5795df0ca/none_v3" "tx7cf614a5a9544326b40d3-006996d9d7" "proxy-server 20" 0.0004 "-" 20 0
Feb 19 09:37:27 standalone proxy-server[128084]: 172.18.0.2 172.18.0.100 19/Feb/2026/09/37/27 GET /v1/AUTH_9a3de689b1eb4a79be5127ab2a9f7eee/gnocchi.bbf0d3b8-c614-4af1-a4ec-c8d5795df0ca/none_v3 HTTP/1.0 404 - python-swiftclient-3.11.1 gAAAAABpltkoOegl... - 70 - tx7cf614a5a9544326b40d3-006996d9d7 - 0.0129 - - 1771493847.427826405 1771493847.440683603 0
Feb 19 09:37:27 standalone account-server[125980]: 172.20.0.100 - - [19/Feb/2026:09:37:27 +0000] "PUT /d1/198/AUTH_9a3de689b1eb4a79be5127ab2a9f7eee/gnocchi.bbf0d3b8-c614-4af1-a4ec-c8d5795df0ca" 201 - "PUT http://172.20.0.100:6001/d1/357/AUTH_9a3de689b1eb4a79be5127ab2a9f7eee/gnocchi.bbf0d3b8-c614-4af1-a4ec-c8d5795df0ca" "tx8a2a27b5a5f642799d166-006996d9d7" "container-server 22" 0.0084 "-" 21 0
Feb 19 09:37:27 standalone container-server[126014]: 172.20.0.100 - - [19/Feb/2026:09:37:27 +0000] "PUT /d1/357/AUTH_9a3de689b1eb4a79be5127ab2a9f7eee/gnocchi.bbf0d3b8-c614-4af1-a4ec-c8d5795df0ca" 201 - "PUT http://172.18.0.2:8080/v1/AUTH_9a3de689b1eb4a79be5127ab2a9f7eee/gnocchi.bbf0d3b8-c614-4af1-a4ec-c8d5795df0ca" "tx8a2a27b5a5f642799d166-006996d9d7" "proxy-server 20" 0.0210 "-" 22 0
Feb 19 09:37:27 standalone proxy-server[128084]: 172.18.0.2 172.18.0.100 19/Feb/2026/09/37/27 PUT /v1/AUTH_9a3de689b1eb4a79be5127ab2a9f7eee/gnocchi.bbf0d3b8-c614-4af1-a4ec-c8d5795df0ca HTTP/1.0 201 - python-swiftclient-3.11.1 gAAAAABpltkoOegl... - - - tx8a2a27b5a5f642799d166-006996d9d7 - 0.0285 - - 1771493847.445785761 1771493847.474274158 0
Feb 19 09:37:27 standalone container-server[126003]: 172.20.0.100 - - [19/Feb/2026:09:37:27 +0000] "HEAD /d1/357/AUTH_9a3de689b1eb4a79be5127ab2a9f7eee/gnocchi.bbf0d3b8-c614-4af1-a4ec-c8d5795df0ca" 204 - "HEAD http://172.18.0.2:8080/v1/AUTH_9a3de689b1eb4a79be5127ab2a9f7eee/gnocchi.bbf0d3b8-c614-4af1-a4ec-c8d5795df0ca?format=json&states=listing" "tx3195ba49dc4e424b9c109-006996d9d7" "proxy-server 20" 0.0023 "-" 21 0
Feb 19 09:37:27 standalone proxy-server[128084]: - - 19/Feb/2026/09/37/27 HEAD /v1/AUTH_9a3de689b1eb4a79be5127ab2a9f7eee/gnocchi.bbf0d3b8-c614-4af1-a4ec-c8d5795df0ca%3Fformat%3Djson%26states%3Dlisting HTTP/1.0 204 - Swift - - - - tx3195ba49dc4e424b9c109-006996d9d7 - 0.0070 RL - 1771493847.480736017 1771493847.487711668 0
Feb 19 09:37:27 standalone container-server[126020]: 172.20.0.100 - - [19/Feb/2026:09:37:27 +0000] "GET /d1/357/AUTH_9a3de689b1eb4a79be5127ab2a9f7eee/gnocchi.bbf0d3b8-c614-4af1-a4ec-c8d5795df0ca" 200 2 "GET http://172.18.0.2:8080/v1/AUTH_9a3de689b1eb4a79be5127ab2a9f7eee/gnocchi.bbf0d3b8-c614-4af1-a4ec-c8d5795df0ca?format=json&states=listing" "tx3195ba49dc4e424b9c109-006996d9d7" "proxy-server 20" 0.0039 "-" 23 0
Feb 19 09:37:27 standalone proxy-server[128084]: 172.18.0.2 172.18.0.100 19/Feb/2026/09/37/27 GET /v1/AUTH_9a3de689b1eb4a79be5127ab2a9f7eee/gnocchi.bbf0d3b8-c614-4af1-a4ec-c8d5795df0ca%3Fformat%3Djson%26states%3Dlisting HTTP/1.0 200 - python-swiftclient-3.11.1 gAAAAABpltkoOegl... - 2 - tx3195ba49dc4e424b9c109-006996d9d7 - 0.0210 - - 1771493847.479192257 1771493847.500184774 0
Feb 19 09:37:27 standalone object-server[126288]: 172.20.0.100 - - [19/Feb/2026:09:37:27 +0000] "GET /d1/78/AUTH_9a3de689b1eb4a79be5127ab2a9f7eee/gnocchi.bbf0d3b8-c614-4af1-a4ec-c8d5795df0ca/1771200000.0_mean_300.0_v3" 404 70 "GET http://172.18.0.2:8080/v1/AUTH_9a3de689b1eb4a79be5127ab2a9f7eee/gnocchi.bbf0d3b8-c614-4af1-a4ec-c8d5795df0ca/1771200000.0_mean_300.0_v3" "tx71cbefce44c94eec93b04-006996d9d7" "proxy-server 20" 0.0004 "-" 20 0
Feb 19 09:37:27 standalone proxy-server[128084]: 172.18.0.2 172.18.0.100 19/Feb/2026/09/37/27 GET /v1/AUTH_9a3de689b1eb4a79be5127ab2a9f7eee/gnocchi.bbf0d3b8-c614-4af1-a4ec-c8d5795df0ca/1771200000.0_mean_300.0_v3 HTTP/1.0 404 - python-swiftclient-3.11.1 gAAAAABpltkoOegl... - 70 - tx71cbefce44c94eec93b04-006996d9d7 - 0.0121 - - 1771493847.504850864 1771493847.516986370 0
Feb 19 09:37:27 standalone container-server[126003]: 172.20.0.100 - - [19/Feb/2026:09:37:27 +0000] "PUT /d1/357/AUTH_9a3de689b1eb4a79be5127ab2a9f7eee/gnocchi.bbf0d3b8-c614-4af1-a4ec-c8d5795df0ca/1771200000.0_mean_300.0_v3" 201 - "PUT http://172.18.0.2:8080/d1/78/AUTH_9a3de689b1eb4a79be5127ab2a9f7eee/gnocchi.bbf0d3b8-c614-4af1-a4ec-c8d5795df0ca/1771200000.0_mean_300.0_v3" "tx6d0db9dedf9346fc83bc2-006996d9d7" "object-server 22" 0.0004 "-" 21 0
Feb 19 09:37:27 standalone object-server[126293]: 172.20.0.100 - - [19/Feb/2026:09:37:27 +0000] "PUT /d1/78/AUTH_9a3de689b1eb4a79be5127ab2a9f7eee/gnocchi.bbf0d3b8-c614-4af1-a4ec-c8d5795df0ca/1771200000.0_mean_300.0_v3" 201 - "PUT http://172.18.0.2:8080/v1/AUTH_9a3de689b1eb4a79be5127ab2a9f7eee/gnocchi.bbf0d3b8-c614-4af1-a4ec-c8d5795df0ca/1771200000.0_mean_300.0_v3" "tx6d0db9dedf9346fc83bc2-006996d9d7" "proxy-server 20" 0.0104 "-" 22 0
Feb 19 09:37:27 standalone proxy-server[128084]: 172.18.0.2 172.18.0.100 19/Feb/2026/09/37/27 PUT /v1/AUTH_9a3de689b1eb4a79be5127ab2a9f7eee/gnocchi.bbf0d3b8-c614-4af1-a4ec-c8d5795df0ca/1771200000.0_mean_300.0_v3 HTTP/1.0 201 - python-swiftclient-3.11.1 gAAAAABpltkoOegl... 16 - - tx6d0db9dedf9346fc83bc2-006996d9d7 - 0.0198 - - 1771493847.521377087 1771493847.541212559 0
Feb 19 09:37:27 standalone container-server[126014]: 172.20.0.100 - - [19/Feb/2026:09:37:27 +0000] "PUT /d1/357/AUTH_9a3de689b1eb4a79be5127ab2a9f7eee/gnocchi.bbf0d3b8-c614-4af1-a4ec-c8d5795df0ca/none_v3" 201 - "PUT http://172.18.0.2:8080/d1/520/AUTH_9a3de689b1eb4a79be5127ab2a9f7eee/gnocchi.bbf0d3b8-c614-4af1-a4ec-c8d5795df0ca/none_v3" "tx45c95f5c328f426a9cecc-006996d9d7" "object-server 21" 0.0007 "-" 22 0
Feb 19 09:37:27 standalone object-server[126291]: 172.20.0.100 - - [19/Feb/2026:09:37:27 +0000] "PUT /d1/520/AUTH_9a3de689b1eb4a79be5127ab2a9f7eee/gnocchi.bbf0d3b8-c614-4af1-a4ec-c8d5795df0ca/none_v3" 201 - "PUT http://172.18.0.2:8080/v1/AUTH_9a3de689b1eb4a79be5127ab2a9f7eee/gnocchi.bbf0d3b8-c614-4af1-a4ec-c8d5795df0ca/none_v3" "tx45c95f5c328f426a9cecc-006996d9d7" "proxy-server 20" 0.0087 "-" 21 0
Feb 19 09:37:27 standalone proxy-server[128084]: 172.18.0.2 172.18.0.100 19/Feb/2026/09/37/27 PUT /v1/AUTH_9a3de689b1eb4a79be5127ab2a9f7eee/gnocchi.bbf0d3b8-c614-4af1-a4ec-c8d5795df0ca/none_v3 HTTP/1.0 201 - python-swiftclient-3.11.1 gAAAAABpltkoOegl... 22 - - tx45c95f5c328f426a9cecc-006996d9d7 - 0.0168 - - 1771493847.545375347 1771493847.562167406 0
Feb 19 09:37:27 standalone container-server[126014]: 172.20.0.100 - - [19/Feb/2026:09:37:27 +0000] "HEAD /d1/28/AUTH_9a3de689b1eb4a79be5127ab2a9f7eee/gnocchi.6d630314-9cfc-4309-a87e-765d81029250" 404 - "HEAD http://172.18.0.2:8080/v1/AUTH_9a3de689b1eb4a79be5127ab2a9f7eee/gnocchi.6d630314-9cfc-4309-a87e-765d81029250?format=json&states=listing" "txf770c85762794e62a17b6-006996d9d7" "proxy-server 20" 0.0005 "-" 22 0
Feb 19 09:37:27 standalone object-server[126291]: 172.20.0.100 - - [19/Feb/2026:09:37:27 +0000] "GET /d1/591/AUTH_9a3de689b1eb4a79be5127ab2a9f7eee/gnocchi.6d630314-9cfc-4309-a87e-765d81029250/none_v3" 404 70 "GET http://172.18.0.2:8080/v1/AUTH_9a3de689b1eb4a79be5127ab2a9f7eee/gnocchi.6d630314-9cfc-4309-a87e-765d81029250/none_v3" "txf770c85762794e62a17b6-006996d9d7" "proxy-server 20" 0.0004 "-" 21 0
Feb 19 09:37:27 standalone proxy-server[128084]: 172.18.0.2 172.18.0.100 19/Feb/2026/09/37/27 GET /v1/AUTH_9a3de689b1eb4a79be5127ab2a9f7eee/gnocchi.6d630314-9cfc-4309-a87e-765d81029250/none_v3 HTTP/1.0 404 - python-swiftclient-3.11.1 gAAAAABpltkoOegl... - 70 - txf770c85762794e62a17b6-006996d9d7 - 0.0142 - - 1771493847.582504511 1771493847.596748352 0
Feb 19 09:37:27 standalone account-server[126008]: 172.20.0.100 - - [19/Feb/2026:09:37:27 +0000] "PUT /d1/198/AUTH_9a3de689b1eb4a79be5127ab2a9f7eee/gnocchi.6d630314-9cfc-4309-a87e-765d81029250" 201 - "PUT http://172.20.0.100:6001/d1/28/AUTH_9a3de689b1eb4a79be5127ab2a9f7eee/gnocchi.6d630314-9cfc-4309-a87e-765d81029250" "txc712e3dcd37048ab8220f-006996d9d7" "container-server 22" 0.0070 "-" 22 0
Feb 19 09:37:27 standalone container-server[126014]: 172.20.0.100 - - [19/Feb/2026:09:37:27 +0000] "PUT /d1/28/AUTH_9a3de689b1eb4a79be5127ab2a9f7eee/gnocchi.6d630314-9cfc-4309-a87e-765d81029250" 201 - "PUT http://172.18.0.2:8080/v1/AUTH_9a3de689b1eb4a79be5127ab2a9f7eee/gnocchi.6d630314-9cfc-4309-a87e-765d81029250" "txc712e3dcd37048ab8220f-006996d9d7" "proxy-server 20" 0.0203 "-" 22 0
Feb 19 09:37:27 standalone proxy-server[128084]: 172.18.0.2 172.18.0.100 19/Feb/2026/09/37/27 PUT /v1/AUTH_9a3de689b1eb4a79be5127ab2a9f7eee/gnocchi.6d630314-9cfc-4309-a87e-765d81029250 HTTP/1.0 201 - python-swiftclient-3.11.1 gAAAAABpltkoOegl... - - - txc712e3dcd37048ab8220f-006996d9d7 - 0.0277 - - 1771493847.600402594 1771493847.628053904 0
Feb 19 09:37:27 standalone container-server[125981]: 172.20.0.100 - - [19/Feb/2026:09:37:27 +0000] "HEAD /d1/28/AUTH_9a3de689b1eb4a79be5127ab2a9f7eee/gnocchi.6d630314-9cfc-4309-a87e-765d81029250" 204 - "HEAD http://172.18.0.2:8080/v1/AUTH_9a3de689b1eb4a79be5127ab2a9f7eee/gnocchi.6d630314-9cfc-4309-a87e-765d81029250?format=json&states=listing" "tx5d8dbc281efa4ccc8ae58-006996d9d7" "proxy-server 20" 0.0023 "-" 20 0
Feb 19 09:37:27 standalone proxy-server[128084]: - - 19/Feb/2026/09/37/27 HEAD /v1/AUTH_9a3de689b1eb4a79be5127ab2a9f7eee/gnocchi.6d630314-9cfc-4309-a87e-765d81029250%3Fformat%3Djson%26states%3Dlisting HTTP/1.0 204 - Swift - - - - tx5d8dbc281efa4ccc8ae58-006996d9d7 - 0.0071 RL - 1771493847.635237455 1771493847.642377138 0
Feb 19 09:37:27 standalone container-server[126014]: 172.20.0.100 - - [19/Feb/2026:09:37:27 +0000] "GET /d1/28/AUTH_9a3de689b1eb4a79be5127ab2a9f7eee/gnocchi.6d630314-9cfc-4309-a87e-765d81029250" 200 2 "GET http://172.18.0.2:8080/v1/AUTH_9a3de689b1eb4a79be5127ab2a9f7eee/gnocchi.6d630314-9cfc-4309-a87e-765d81029250?format=json&states=listing" "tx5d8dbc281efa4ccc8ae58-006996d9d7" "proxy-server 20" 0.0034 "-" 22 0
Feb 19 09:37:27 standalone proxy-server[128084]: 172.18.0.2 172.18.0.100 19/Feb/2026/09/37/27 GET /v1/AUTH_9a3de689b1eb4a79be5127ab2a9f7eee/gnocchi.6d630314-9cfc-4309-a87e-765d81029250%3Fformat%3Djson%26states%3Dlisting HTTP/1.0 200 - python-swiftclient-3.11.1 gAAAAABpltkoOegl... - 2 - tx5d8dbc281efa4ccc8ae58-006996d9d7 - 0.0215 - - 1771493847.633271694 1771493847.654817343 0
Feb 19 09:37:27 standalone object-server[126291]: 172.20.0.100 - - [19/Feb/2026:09:37:27 +0000] "GET /d1/455/AUTH_9a3de689b1eb4a79be5127ab2a9f7eee/gnocchi.6d630314-9cfc-4309-a87e-765d81029250/1771200000.0_mean_300.0_v3" 404 70 "GET http://172.18.0.2:8080/v1/AUTH_9a3de689b1eb4a79be5127ab2a9f7eee/gnocchi.6d630314-9cfc-4309-a87e-765d81029250/1771200000.0_mean_300.0_v3" "tx5bb87a31204549a8a24a9-006996d9d7" "proxy-server 20" 0.0004 "-" 21 0
Feb 19 09:37:27 standalone proxy-server[128084]: 172.18.0.2 172.18.0.100 19/Feb/2026/09/37/27 GET /v1/AUTH_9a3de689b1eb4a79be5127ab2a9f7eee/gnocchi.6d630314-9cfc-4309-a87e-765d81029250/1771200000.0_mean_300.0_v3 HTTP/1.0 404 - python-swiftclient-3.11.1 gAAAAABpltkoOegl... - 70 - tx5bb87a31204549a8a24a9-006996d9d7 - 0.0085 - - 1771493847.659804583 1771493847.668322563 0
Feb 19 09:37:27 standalone container-server[126003]: 172.20.0.100 - - [19/Feb/2026:09:37:27 +0000] "PUT /d1/28/AUTH_9a3de689b1eb4a79be5127ab2a9f7eee/gnocchi.6d630314-9cfc-4309-a87e-765d81029250/1771200000.0_mean_300.0_v3" 201 - "PUT http://172.18.0.2:8080/d1/455/AUTH_9a3de689b1eb4a79be5127ab2a9f7eee/gnocchi.6d630314-9cfc-4309-a87e-765d81029250/1771200000.0_mean_300.0_v3" "tx3c4dd18c15de445991e2f-006996d9d7" "object-server 22" 0.0008 "-" 21 0
Feb 19 09:37:27 standalone object-server[126293]: 172.20.0.100 - - [19/Feb/2026:09:37:27 +0000] "PUT /d1/455/AUTH_9a3de689b1eb4a79be5127ab2a9f7eee/gnocchi.6d630314-9cfc-4309-a87e-765d81029250/1771200000.0_mean_300.0_v3" 201 - "PUT http://172.18.0.2:8080/v1/AUTH_9a3de689b1eb4a79be5127ab2a9f7eee/gnocchi.6d630314-9cfc-4309-a87e-765d81029250/1771200000.0_mean_300.0_v3" "tx3c4dd18c15de445991e2f-006996d9d7" "proxy-server 20" 0.0175 "-" 22 0
Feb 19 09:37:27 standalone proxy-server[128084]: 172.18.0.2 172.18.0.100 19/Feb/2026/09/37/27 PUT /v1/AUTH_9a3de689b1eb4a79be5127ab2a9f7eee/gnocchi.6d630314-9cfc-4309-a87e-765d81029250/1771200000.0_mean_300.0_v3 HTTP/1.0 201 - python-swiftclient-3.11.1 gAAAAABpltkoOegl... 16 - - tx3c4dd18c15de445991e2f-006996d9d7 - 0.0279 - - 1771493847.672196388 1771493847.700111628 0
Feb 19 09:37:27 standalone container-server[125981]: 172.20.0.100 - - [19/Feb/2026:09:37:27 +0000] "PUT /d1/28/AUTH_9a3de689b1eb4a79be5127ab2a9f7eee/gnocchi.6d630314-9cfc-4309-a87e-765d81029250/none_v3" 201 - "PUT http://172.18.0.2:8080/d1/591/AUTH_9a3de689b1eb4a79be5127ab2a9f7eee/gnocchi.6d630314-9cfc-4309-a87e-765d81029250/none_v3" "txb5356b4d55c945b68c772-006996d9d7" "object-server 21" 0.0008 "-" 20 0
Feb 19 09:37:27 standalone object-server[126291]: 172.20.0.100 - - [19/Feb/2026:09:37:27 +0000] "PUT /d1/591/AUTH_9a3de689b1eb4a79be5127ab2a9f7eee/gnocchi.6d630314-9cfc-4309-a87e-765d81029250/none_v3" 201 - "PUT http://172.18.0.2:8080/v1/AUTH_9a3de689b1eb4a79be5127ab2a9f7eee/gnocchi.6d630314-9cfc-4309-a87e-765d81029250/none_v3" "txb5356b4d55c945b68c772-006996d9d7" "proxy-server 20" 0.0120 "-" 21 0
Feb 19 09:37:27 standalone proxy-server[128084]: 172.18.0.2 172.18.0.100 19/Feb/2026/09/37/27 PUT /v1/AUTH_9a3de689b1eb4a79be5127ab2a9f7eee/gnocchi.6d630314-9cfc-4309-a87e-765d81029250/none_v3 HTTP/1.0 201 - python-swiftclient-3.11.1 gAAAAABpltkoOegl... 22 - - txb5356b4d55c945b68c772-006996d9d7 - 0.0199 - - 1771493847.703773499 1771493847.723670006 0
Feb 19 09:37:27 standalone container-server[125981]: 172.20.0.100 - - [19/Feb/2026:09:37:27 +0000] "HEAD /d1/827/AUTH_9a3de689b1eb4a79be5127ab2a9f7eee/gnocchi.cd996844-0289-455b-9264-1105819febd2" 404 - "HEAD http://172.18.0.2:8080/v1/AUTH_9a3de689b1eb4a79be5127ab2a9f7eee/gnocchi.cd996844-0289-455b-9264-1105819febd2?format=json&states=listing" "tx25f9cebc56a446f0a04bb-006996d9d7" "proxy-server 20" 0.0005 "-" 20 0
Feb 19 09:37:27 standalone object-server[126282]: 172.20.0.100 - - [19/Feb/2026:09:37:27 +0000] "GET /d1/565/AUTH_9a3de689b1eb4a79be5127ab2a9f7eee/gnocchi.cd996844-0289-455b-9264-1105819febd2/none_v3" 404 70 "GET http://172.18.0.2:8080/v1/AUTH_9a3de689b1eb4a79be5127ab2a9f7eee/gnocchi.cd996844-0289-455b-9264-1105819febd2/none_v3" "tx25f9cebc56a446f0a04bb-006996d9d7" "proxy-server 20" 0.0005 "-" 16 0
Feb 19 09:37:27 standalone proxy-server[128084]: 172.18.0.2 172.18.0.100 19/Feb/2026/09/37/27 GET /v1/AUTH_9a3de689b1eb4a79be5127ab2a9f7eee/gnocchi.cd996844-0289-455b-9264-1105819febd2/none_v3 HTTP/1.0 404 - python-swiftclient-3.11.1 gAAAAABpltkoOegl... - 70 - tx25f9cebc56a446f0a04bb-006996d9d7 - 0.0126 - - 1771493847.738051653 1771493847.750699997 0
Feb 19 09:37:27 standalone account-server[125980]: 172.20.0.100 - - [19/Feb/2026:09:37:27 +0000] "PUT /d1/198/AUTH_9a3de689b1eb4a79be5127ab2a9f7eee/gnocchi.cd996844-0289-455b-9264-1105819febd2" 201 - "PUT http://172.20.0.100:6001/d1/827/AUTH_9a3de689b1eb4a79be5127ab2a9f7eee/gnocchi.cd996844-0289-455b-9264-1105819febd2" "tx9c5d102cf484460ca8b77-006996d9d7" "container-server 22" 0.0060 "-" 21 0
Feb 19 09:37:27 standalone container-server[126014]: 172.20.0.100 - - [19/Feb/2026:09:37:27 +0000] "PUT /d1/827/AUTH_9a3de689b1eb4a79be5127ab2a9f7eee/gnocchi.cd996844-0289-455b-9264-1105819febd2" 201 - "PUT http://172.18.0.2:8080/v1/AUTH_9a3de689b1eb4a79be5127ab2a9f7eee/gnocchi.cd996844-0289-455b-9264-1105819febd2" "tx9c5d102cf484460ca8b77-006996d9d7" "proxy-server 20" 0.0232 "-" 22 0
Feb 19 09:37:27 standalone proxy-server[128084]: 172.18.0.2 172.18.0.100 19/Feb/2026/09/37/27 PUT /v1/AUTH_9a3de689b1eb4a79be5127ab2a9f7eee/gnocchi.cd996844-0289-455b-9264-1105819febd2 HTTP/1.0 201 - python-swiftclient-3.11.1 gAAAAABpltkoOegl... - - - tx9c5d102cf484460ca8b77-006996d9d7 - 0.0323 - - 1771493847.755507231 1771493847.787775040 0
Feb 19 09:37:27 standalone container-server[125981]: 172.20.0.100 - - [19/Feb/2026:09:37:27 +0000] "HEAD /d1/827/AUTH_9a3de689b1eb4a79be5127ab2a9f7eee/gnocchi.cd996844-0289-455b-9264-1105819febd2" 204 - "HEAD http://172.18.0.2:8080/v1/AUTH_9a3de689b1eb4a79be5127ab2a9f7eee/gnocchi.cd996844-0289-455b-9264-1105819febd2?format=json&states=listing" "tx632a9529362b4e81b8a01-006996d9d7" "proxy-server 20" 0.0024 "-" 20 0
Feb 19 09:37:27 standalone proxy-server[128084]: - - 19/Feb/2026/09/37/27 HEAD /v1/AUTH_9a3de689b1eb4a79be5127ab2a9f7eee/gnocchi.cd996844-0289-455b-9264-1105819febd2%3Fformat%3Djson%26states%3Dlisting HTTP/1.0 204 - Swift - - - - tx632a9529362b4e81b8a01-006996d9d7 - 0.0075 RL - 1771493847.794711113 1771493847.802168369 0
Feb 19 09:37:27 standalone container-server[125981]: 172.20.0.100 - - [19/Feb/2026:09:37:27 +0000] "GET /d1/827/AUTH_9a3de689b1eb4a79be5127ab2a9f7eee/gnocchi.cd996844-0289-455b-9264-1105819febd2" 200 2 "GET http://172.18.0.2:8080/v1/AUTH_9a3de689b1eb4a79be5127ab2a9f7eee/gnocchi.cd996844-0289-455b-9264-1105819febd2?format=json&states=listing" "tx632a9529362b4e81b8a01-006996d9d7" "proxy-server 20" 0.0034 "-" 20 0
Feb 19 09:37:27 standalone proxy-server[128084]: 172.18.0.2 172.18.0.100 19/Feb/2026/09/37/27 GET /v1/AUTH_9a3de689b1eb4a79be5127ab2a9f7eee/gnocchi.cd996844-0289-455b-9264-1105819febd2%3Fformat%3Djson%26states%3Dlisting HTTP/1.0 200 - python-swiftclient-3.11.1 gAAAAABpltkoOegl... - 2 - tx632a9529362b4e81b8a01-006996d9d7 - 0.0213 - - 1771493847.792945147 1771493847.814253330 0
Feb 19 09:37:27 standalone object-server[126293]: 172.20.0.100 - - [19/Feb/2026:09:37:27 +0000] "GET /d1/55/AUTH_9a3de689b1eb4a79be5127ab2a9f7eee/gnocchi.cd996844-0289-455b-9264-1105819febd2/1771200000.0_mean_300.0_v3" 404 70 "GET http://172.18.0.2:8080/v1/AUTH_9a3de689b1eb4a79be5127ab2a9f7eee/gnocchi.cd996844-0289-455b-9264-1105819febd2/1771200000.0_mean_300.0_v3" "txedfe6eafb0d84c6e87817-006996d9d7" "proxy-server 20" 0.0005 "-" 22 0
Feb 19 09:37:27 standalone proxy-server[128084]: 172.18.0.2 172.18.0.100 19/Feb/2026/09/37/27 GET /v1/AUTH_9a3de689b1eb4a79be5127ab2a9f7eee/gnocchi.cd996844-0289-455b-9264-1105819febd2/1771200000.0_mean_300.0_v3 HTTP/1.0 404 - python-swiftclient-3.11.1 gAAAAABpltkoOegl... - 70 - txedfe6eafb0d84c6e87817-006996d9d7 - 0.0086 - - 1771493847.819728374 1771493847.828352451 0
