Oct 10 17:48:46 standalone object-server[130521]: 172.20.0.100 - - [10/Oct/2025:17:48:46 +0000] "PUT /d1/435/AUTH_4a034b86feeb418abfcd525e8e0c7278/gnocchi.664b4502-ccbe-4511-8c2b-442e444f63e1/none_v3" 201 - "PUT http://172.18.0.2:8080/v1/AUTH_4a034b86feeb418abfcd525e8e0c7278/gnocchi.664b4502-ccbe-4511-8c2b-442e444f63e1/none_v3" "txa9a2344eee6246ff91fcd-0068e946fe" "proxy-server 20" 0.0109 "-" 22 0
Oct 10 17:48:46 standalone proxy-server[132450]: 172.18.0.2 172.18.0.100 10/Oct/2025/17/48/46 PUT /v1/AUTH_4a034b86feeb418abfcd525e8e0c7278/gnocchi.664b4502-ccbe-4511-8c2b-442e444f63e1/none_v3 HTTP/1.0 201 - python-swiftclient-3.11.1 gAAAAABo6UZ1YjFp... 22 - - txa9a2344eee6246ff91fcd-0068e946fe - 0.0157 - - 1760118526.270186663 1760118526.285903454 0
Oct 10 17:48:46 standalone container-server[130353]: 172.20.0.100 - - [10/Oct/2025:17:48:46 +0000] "HEAD /d1/412/AUTH_4a034b86feeb418abfcd525e8e0c7278/gnocchi.d4d01c84-1d81-46e6-80dc-48548c9bc362" 404 - "HEAD http://172.18.0.2:8080/v1/AUTH_4a034b86feeb418abfcd525e8e0c7278/gnocchi.d4d01c84-1d81-46e6-80dc-48548c9bc362?format=json&states=listing" "txee5342299e0245af951ff-0068e946fe" "proxy-server 20" 0.0003 "-" 23 0
Oct 10 17:48:46 standalone object-server[130529]: 172.20.0.100 - - [10/Oct/2025:17:48:46 +0000] "GET /d1/948/AUTH_4a034b86feeb418abfcd525e8e0c7278/gnocchi.d4d01c84-1d81-46e6-80dc-48548c9bc362/none_v3" 404 70 "GET http://172.18.0.2:8080/v1/AUTH_4a034b86feeb418abfcd525e8e0c7278/gnocchi.d4d01c84-1d81-46e6-80dc-48548c9bc362/none_v3" "txee5342299e0245af951ff-0068e946fe" "proxy-server 20" 0.0003 "-" 25 0
Oct 10 17:48:46 standalone proxy-server[132450]: 172.18.0.2 172.18.0.100 10/Oct/2025/17/48/46 GET /v1/AUTH_4a034b86feeb418abfcd525e8e0c7278/gnocchi.d4d01c84-1d81-46e6-80dc-48548c9bc362/none_v3 HTTP/1.0 404 - python-swiftclient-3.11.1 gAAAAABo6UZ1YjFp... - 70 - txee5342299e0245af951ff-0068e946fe - 0.0141 - - 1760118526.325143814 1760118526.339198351 0
Oct 10 17:48:46 standalone account-server[130182]: 172.20.0.100 - - [10/Oct/2025:17:48:46 +0000] "PUT /d1/517/AUTH_4a034b86feeb418abfcd525e8e0c7278/gnocchi.d4d01c84-1d81-46e6-80dc-48548c9bc362" 201 - "PUT http://172.20.0.100:6001/d1/412/AUTH_4a034b86feeb418abfcd525e8e0c7278/gnocchi.d4d01c84-1d81-46e6-80dc-48548c9bc362" "tx2f9bbc1f98b24c7991e46-0068e946fe" "container-server 22" 0.0046 "-" 21 0
Oct 10 17:48:46 standalone container-server[130322]: 172.20.0.100 - - [10/Oct/2025:17:48:46 +0000] "PUT /d1/412/AUTH_4a034b86feeb418abfcd525e8e0c7278/gnocchi.d4d01c84-1d81-46e6-80dc-48548c9bc362" 201 - "PUT http://172.18.0.2:8080/v1/AUTH_4a034b86feeb418abfcd525e8e0c7278/gnocchi.d4d01c84-1d81-46e6-80dc-48548c9bc362" "tx2f9bbc1f98b24c7991e46-0068e946fe" "proxy-server 20" 0.0187 "-" 22 0
Oct 10 17:48:46 standalone proxy-server[132450]: 172.18.0.2 172.18.0.100 10/Oct/2025/17/48/46 PUT /v1/AUTH_4a034b86feeb418abfcd525e8e0c7278/gnocchi.d4d01c84-1d81-46e6-80dc-48548c9bc362 HTTP/1.0 201 - python-swiftclient-3.11.1 gAAAAABo6UZ1YjFp... - - - tx2f9bbc1f98b24c7991e46-0068e946fe - 0.0295 - - 1760118526.345513821 1760118526.374996901 0
Oct 10 17:48:46 standalone container-server[130322]: 172.20.0.100 - - [10/Oct/2025:17:48:46 +0000] "HEAD /d1/412/AUTH_4a034b86feeb418abfcd525e8e0c7278/gnocchi.d4d01c84-1d81-46e6-80dc-48548c9bc362" 204 - "HEAD http://172.18.0.2:8080/v1/AUTH_4a034b86feeb418abfcd525e8e0c7278/gnocchi.d4d01c84-1d81-46e6-80dc-48548c9bc362?format=json&states=listing" "txf8d7eb05323147d696e86-0068e946fe" "proxy-server 20" 0.0022 "-" 22 0
Oct 10 17:48:46 standalone proxy-server[132450]: - - 10/Oct/2025/17/48/46 HEAD /v1/AUTH_4a034b86feeb418abfcd525e8e0c7278/gnocchi.d4d01c84-1d81-46e6-80dc-48548c9bc362%3Fformat%3Djson%26states%3Dlisting HTTP/1.0 204 - Swift - - - - txf8d7eb05323147d696e86-0068e946fe - 0.0076 RL - 1760118526.383044958 1760118526.390694618 0
Oct 10 17:48:46 standalone container-server[130353]: 172.20.0.100 - - [10/Oct/2025:17:48:46 +0000] "GET /d1/412/AUTH_4a034b86feeb418abfcd525e8e0c7278/gnocchi.d4d01c84-1d81-46e6-80dc-48548c9bc362" 200 2 "GET http://172.18.0.2:8080/v1/AUTH_4a034b86feeb418abfcd525e8e0c7278/gnocchi.d4d01c84-1d81-46e6-80dc-48548c9bc362?format=json&states=listing" "txf8d7eb05323147d696e86-0068e946fe" "proxy-server 20" 0.0016 "-" 23 0
Oct 10 17:48:46 standalone proxy-server[132450]: 172.18.0.2 172.18.0.100 10/Oct/2025/17/48/46 GET /v1/AUTH_4a034b86feeb418abfcd525e8e0c7278/gnocchi.d4d01c84-1d81-46e6-80dc-48548c9bc362%3Fformat%3Djson%26states%3Dlisting HTTP/1.0 200 - python-swiftclient-3.11.1 gAAAAABo6UZ1YjFp... - 2 - txf8d7eb05323147d696e86-0068e946fe - 0.0296 - - 1760118526.381172180 1760118526.410775900 0
Oct 10 17:48:46 standalone object-server[130521]: 172.20.0.100 - - [10/Oct/2025:17:48:46 +0000] "GET /d1/689/AUTH_4a034b86feeb418abfcd525e8e0c7278/gnocchi.d4d01c84-1d81-46e6-80dc-48548c9bc362/1759320000.0_mean_300.0_v3" 404 70 "GET http://172.18.0.2:8080/v1/AUTH_4a034b86feeb418abfcd525e8e0c7278/gnocchi.d4d01c84-1d81-46e6-80dc-48548c9bc362/1759320000.0_mean_300.0_v3" "txf049c80eaff140dbbde71-0068e946fe" "proxy-server 20" 0.0007 "-" 22 0
Oct 10 17:48:46 standalone proxy-server[132450]: 172.18.0.2 172.18.0.100 10/Oct/2025/17/48/46 GET /v1/AUTH_4a034b86feeb418abfcd525e8e0c7278/gnocchi.d4d01c84-1d81-46e6-80dc-48548c9bc362/1759320000.0_mean_300.0_v3 HTTP/1.0 404 - python-swiftclient-3.11.1 gAAAAABo6UZ1YjFp... - 70 - txf049c80eaff140dbbde71-0068e946fe - 0.0094 - - 1760118526.428771019 1760118526.438181639 0
Oct 10 17:48:46 standalone container-server[130316]: 172.20.0.100 - - [10/Oct/2025:17:48:46 +0000] "PUT /d1/412/AUTH_4a034b86feeb418abfcd525e8e0c7278/gnocchi.d4d01c84-1d81-46e6-80dc-48548c9bc362/1759320000.0_mean_300.0_v3" 201 - "PUT http://172.18.0.2:8080/d1/689/AUTH_4a034b86feeb418abfcd525e8e0c7278/gnocchi.d4d01c84-1d81-46e6-80dc-48548c9bc362/1759320000.0_mean_300.0_v3" "tx76480a635b134f2b9b453-0068e946fe" "object-server 22" 0.0013 "-" 21 0
Oct 10 17:48:46 standalone object-server[130521]: 172.20.0.100 - - [10/Oct/2025:17:48:46 +0000] "PUT /d1/689/AUTH_4a034b86feeb418abfcd525e8e0c7278/gnocchi.d4d01c84-1d81-46e6-80dc-48548c9bc362/1759320000.0_mean_300.0_v3" 201 - "PUT http://172.18.0.2:8080/v1/AUTH_4a034b86feeb418abfcd525e8e0c7278/gnocchi.d4d01c84-1d81-46e6-80dc-48548c9bc362/1759320000.0_mean_300.0_v3" "tx76480a635b134f2b9b453-0068e946fe" "proxy-server 20" 0.0150 "-" 22 0
Oct 10 17:48:46 standalone proxy-server[132450]: 172.18.0.2 172.18.0.100 10/Oct/2025/17/48/46 PUT /v1/AUTH_4a034b86feeb418abfcd525e8e0c7278/gnocchi.d4d01c84-1d81-46e6-80dc-48548c9bc362/1759320000.0_mean_300.0_v3 HTTP/1.0 201 - python-swiftclient-3.11.1 gAAAAABo6UZ1YjFp... 16 - - tx76480a635b134f2b9b453-0068e946fe - 0.0264 - - 1760118526.443245649 1760118526.469623327 0
Oct 10 17:48:46 standalone container-server[130353]: 172.20.0.100 - - [10/Oct/2025:17:48:46 +0000] "PUT /d1/412/AUTH_4a034b86feeb418abfcd525e8e0c7278/gnocchi.d4d01c84-1d81-46e6-80dc-48548c9bc362/none_v3" 201 - "PUT http://172.18.0.2:8080/d1/948/AUTH_4a034b86feeb418abfcd525e8e0c7278/gnocchi.d4d01c84-1d81-46e6-80dc-48548c9bc362/none_v3" "tx53468b82be8a4c4fb2193-0068e946fe" "object-server 25" 0.0004 "-" 23 0
Oct 10 17:48:46 standalone object-server[130529]: 172.20.0.100 - - [10/Oct/2025:17:48:46 +0000] "PUT /d1/948/AUTH_4a034b86feeb418abfcd525e8e0c7278/gnocchi.d4d01c84-1d81-46e6-80dc-48548c9bc362/none_v3" 201 - "PUT http://172.18.0.2:8080/v1/AUTH_4a034b86feeb418abfcd525e8e0c7278/gnocchi.d4d01c84-1d81-46e6-80dc-48548c9bc362/none_v3" "tx53468b82be8a4c4fb2193-0068e946fe" "proxy-server 20" 0.0126 "-" 25 0
Oct 10 17:48:46 standalone proxy-server[132450]: 172.18.0.2 172.18.0.100 10/Oct/2025/17/48/46 PUT /v1/AUTH_4a034b86feeb418abfcd525e8e0c7278/gnocchi.d4d01c84-1d81-46e6-80dc-48548c9bc362/none_v3 HTTP/1.0 201 - python-swiftclient-3.11.1 gAAAAABo6UZ1YjFp... 22 - - tx53468b82be8a4c4fb2193-0068e946fe - 0.0221 - - 1760118526.475002766 1760118526.497143984 0
Oct 10 17:48:46 standalone container-server[130311]: 172.20.0.100 - - [10/Oct/2025:17:48:46 +0000] "HEAD /d1/95/AUTH_4a034b86feeb418abfcd525e8e0c7278/gnocchi.146afd02-89cc-460c-bed3-b8f7b7c439fa" 404 - "HEAD http://172.18.0.2:8080/v1/AUTH_4a034b86feeb418abfcd525e8e0c7278/gnocchi.146afd02-89cc-460c-bed3-b8f7b7c439fa?format=json&states=listing" "tx3472e35d61df4e808636d-0068e946fe" "proxy-server 20" 0.0006 "-" 20 0
Oct 10 17:48:46 standalone object-server[130526]: 172.20.0.100 - - [10/Oct/2025:17:48:46 +0000] "GET /d1/321/AUTH_4a034b86feeb418abfcd525e8e0c7278/gnocchi.146afd02-89cc-460c-bed3-b8f7b7c439fa/none_v3" 404 70 "GET http://172.18.0.2:8080/v1/AUTH_4a034b86feeb418abfcd525e8e0c7278/gnocchi.146afd02-89cc-460c-bed3-b8f7b7c439fa/none_v3" "tx3472e35d61df4e808636d-0068e946fe" "proxy-server 20" 0.0013 "-" 24 0
Oct 10 17:48:46 standalone proxy-server[132450]: 172.18.0.2 172.18.0.100 10/Oct/2025/17/48/46 GET /v1/AUTH_4a034b86feeb418abfcd525e8e0c7278/gnocchi.146afd02-89cc-460c-bed3-b8f7b7c439fa/none_v3 HTTP/1.0 404 - python-swiftclient-3.11.1 gAAAAABo6UZ1YjFp... - 70 - tx3472e35d61df4e808636d-0068e946fe - 0.0172 - - 1760118526.519540548 1760118526.536761045 0
Oct 10 17:48:46 standalone account-server[130182]: 172.20.0.100 - - [10/Oct/2025:17:48:46 +0000] "PUT /d1/517/AUTH_4a034b86feeb418abfcd525e8e0c7278/gnocchi.146afd02-89cc-460c-bed3-b8f7b7c439fa" 201 - "PUT http://172.20.0.100:6001/d1/95/AUTH_4a034b86feeb418abfcd525e8e0c7278/gnocchi.146afd02-89cc-460c-bed3-b8f7b7c439fa" "txc636bc9a760f4a31a837f-0068e946fe" "container-server 22" 0.0053 "-" 21 0
Oct 10 17:48:46 standalone container-server[130322]: 172.20.0.100 - - [10/Oct/2025:17:48:46 +0000] "PUT /d1/95/AUTH_4a034b86feeb418abfcd525e8e0c7278/gnocchi.146afd02-89cc-460c-bed3-b8f7b7c439fa" 201 - "PUT http://172.18.0.2:8080/v1/AUTH_4a034b86feeb418abfcd525e8e0c7278/gnocchi.146afd02-89cc-460c-bed3-b8f7b7c439fa" "txc636bc9a760f4a31a837f-0068e946fe" "proxy-server 20" 0.0184 "-" 22 0
Oct 10 17:48:46 standalone proxy-server[132450]: 172.18.0.2 172.18.0.100 10/Oct/2025/17/48/46 PUT /v1/AUTH_4a034b86feeb418abfcd525e8e0c7278/gnocchi.146afd02-89cc-460c-bed3-b8f7b7c439fa HTTP/1.0 201 - python-swiftclient-3.11.1 gAAAAABo6UZ1YjFp... - - - txc636bc9a760f4a31a837f-0068e946fe - 0.0302 - - 1760118526.542716980 1760118526.572874308 0
Oct 10 17:48:46 standalone container-server[130316]: 172.20.0.100 - - [10/Oct/2025:17:48:46 +0000] "HEAD /d1/95/AUTH_4a034b86feeb418abfcd525e8e0c7278/gnocchi.146afd02-89cc-460c-bed3-b8f7b7c439fa" 204 - "HEAD http://172.18.0.2:8080/v1/AUTH_4a034b86feeb418abfcd525e8e0c7278/gnocchi.146afd02-89cc-460c-bed3-b8f7b7c439fa?format=json&states=listing" "tx151ad59a5a4b4ec985590-0068e946fe" "proxy-server 20" 0.0033 "-" 21 0
Oct 10 17:48:46 standalone proxy-server[132450]: - - 10/Oct/2025/17/48/46 HEAD /v1/AUTH_4a034b86feeb418abfcd525e8e0c7278/gnocchi.146afd02-89cc-460c-bed3-b8f7b7c439fa%3Fformat%3Djson%26states%3Dlisting HTTP/1.0 204 - Swift - - - - tx151ad59a5a4b4ec985590-0068e946fe - 0.0087 RL - 1760118526.581101418 1760118526.589817762 0
Oct 10 17:48:46 standalone container-server[130316]: 172.20.0.100 - - [10/Oct/2025:17:48:46 +0000] "GET /d1/95/AUTH_4a034b86feeb418abfcd525e8e0c7278/gnocchi.146afd02-89cc-460c-bed3-b8f7b7c439fa" 200 2 "GET http://172.18.0.2:8080/v1/AUTH_4a034b86feeb418abfcd525e8e0c7278/gnocchi.146afd02-89cc-460c-bed3-b8f7b7c439fa?format=json&states=listing" "tx151ad59a5a4b4ec985590-0068e946fe" "proxy-server 20" 0.0045 "-" 21 0
Oct 10 17:48:46 standalone proxy-server[132450]: 172.18.0.2 172.18.0.100 10/Oct/2025/17/48/46 GET /v1/AUTH_4a034b86feeb418abfcd525e8e0c7278/gnocchi.146afd02-89cc-460c-bed3-b8f7b7c439fa%3Fformat%3Djson%26states%3Dlisting HTTP/1.0 200 - python-swiftclient-3.11.1 gAAAAABo6UZ1YjFp... - 2 - tx151ad59a5a4b4ec985590-0068e946fe - 0.0270 - - 1760118526.579616785 1760118526.606643200 0
Oct 10 17:48:46 standalone object-server[130529]: 172.20.0.100 - - [10/Oct/2025:17:48:46 +0000] "GET /d1/989/AUTH_4a034b86feeb418abfcd525e8e0c7278/gnocchi.146afd02-89cc-460c-bed3-b8f7b7c439fa/1759320000.0_mean_300.0_v3" 404 70 "GET http://172.18.0.2:8080/v1/AUTH_4a034b86feeb418abfcd525e8e0c7278/gnocchi.146afd02-89cc-460c-bed3-b8f7b7c439fa/1759320000.0_mean_300.0_v3" "tx7f8b1ae389a24d46b91f6-0068e946fe" "proxy-server 20" 0.0011 "-" 25 0
Oct 10 17:48:46 standalone proxy-server[132450]: 172.18.0.2 172.18.0.100 10/Oct/2025/17/48/46 GET /v1/AUTH_4a034b86feeb418abfcd525e8e0c7278/gnocchi.146afd02-89cc-460c-bed3-b8f7b7c439fa/1759320000.0_mean_300.0_v3 HTTP/1.0 404 - python-swiftclient-3.11.1 gAAAAABo6UZ1YjFp... - 70 - tx7f8b1ae389a24d46b91f6-0068e946fe - 0.0133 - - 1760118526.613769054 1760118526.627117634 0
Oct 10 17:48:46 standalone container-server[130322]: 172.20.0.100 - - [10/Oct/2025:17:48:46 +0000] "PUT /d1/95/AUTH_4a034b86feeb418abfcd525e8e0c7278/gnocchi.146afd02-89cc-460c-bed3-b8f7b7c439fa/1759320000.0_mean_300.0_v3" 201 - "PUT http://172.18.0.2:8080/d1/989/AUTH_4a034b86feeb418abfcd525e8e0c7278/gnocchi.146afd02-89cc-460c-bed3-b8f7b7c439fa/1759320000.0_mean_300.0_v3" "tx5ffe6babe7da4a07bf999-0068e946fe" "object-server 22" 0.0006 "-" 22 0
Oct 10 17:48:46 standalone object-server[130521]: 172.20.0.100 - - [10/Oct/2025:17:48:46 +0000] "PUT /d1/989/AUTH_4a034b86feeb418abfcd525e8e0c7278/gnocchi.146afd02-89cc-460c-bed3-b8f7b7c439fa/1759320000.0_mean_300.0_v3" 201 - "PUT http://172.18.0.2:8080/v1/AUTH_4a034b86feeb418abfcd525e8e0c7278/gnocchi.146afd02-89cc-460c-bed3-b8f7b7c439fa/1759320000.0_mean_300.0_v3" "tx5ffe6babe7da4a07bf999-0068e946fe" "proxy-server 20" 0.0124 "-" 22 0
Oct 10 17:48:46 standalone proxy-server[132450]: 172.18.0.2 172.18.0.100 10/Oct/2025/17/48/46 PUT /v1/AUTH_4a034b86feeb418abfcd525e8e0c7278/gnocchi.146afd02-89cc-460c-bed3-b8f7b7c439fa/1759320000.0_mean_300.0_v3 HTTP/1.0 201 - python-swiftclient-3.11.1 gAAAAABo6UZ1YjFp... 16 - - tx5ffe6babe7da4a07bf999-0068e946fe - 0.0293 - - 1760118526.633276701 1760118526.662567616 0
Oct 10 17:48:46 standalone container-server[130353]: 172.20.0.100 - - [10/Oct/2025:17:48:46 +0000] "PUT /d1/95/AUTH_4a034b86feeb418abfcd525e8e0c7278/gnocchi.146afd02-89cc-460c-bed3-b8f7b7c439fa/none_v3" 201 - "PUT http://172.18.0.2:8080/d1/321/AUTH_4a034b86feeb418abfcd525e8e0c7278/gnocchi.146afd02-89cc-460c-bed3-b8f7b7c439fa/none_v3" "txd78bd9186b8a4c34845ee-0068e946fe" "object-server 25" 0.0007 "-" 23 0
Oct 10 17:48:46 standalone object-server[130529]: 172.20.0.100 - - [10/Oct/2025:17:48:46 +0000] "PUT /d1/321/AUTH_4a034b86feeb418abfcd525e8e0c7278/gnocchi.146afd02-89cc-460c-bed3-b8f7b7c439fa/none_v3" 201 - "PUT http://172.18.0.2:8080/v1/AUTH_4a034b86feeb418abfcd525e8e0c7278/gnocchi.146afd02-89cc-460c-bed3-b8f7b7c439fa/none_v3" "txd78bd9186b8a4c34845ee-0068e946fe" "proxy-server 20" 0.0117 "-" 25 0
Oct 10 17:48:46 standalone proxy-server[132450]: 172.18.0.2 172.18.0.100 10/Oct/2025/17/48/46 PUT /v1/AUTH_4a034b86feeb418abfcd525e8e0c7278/gnocchi.146afd02-89cc-460c-bed3-b8f7b7c439fa/none_v3 HTTP/1.0 201 - python-swiftclient-3.11.1 gAAAAABo6UZ1YjFp... 22 - - txd78bd9186b8a4c34845ee-0068e946fe - 0.0232 - - 1760118526.668438435 1760118526.691644907 0
Oct 10 17:48:52 standalone container-server[130316]: 172.20.0.100 - - [10/Oct/2025:17:48:52 +0000] "HEAD /d1/59/AUTH_4a034b86feeb418abfcd525e8e0c7278/gnocchi.9de322d2-0758-4699-ae71-0daf9a4a7917" 404 - "HEAD http://172.18.0.2:8080/v1/AUTH_4a034b86feeb418abfcd525e8e0c7278/gnocchi.9de322d2-0758-4699-ae71-0daf9a4a7917?format=json&states=listing" "txcbded1154b7846f385d3b-0068e94704" "proxy-server 20" 0.0005 "-" 21 0
Oct 10 17:48:52 standalone object-server[130529]: 172.20.0.100 - - [10/Oct/2025:17:48:52 +0000] "GET /d1/122/AUTH_4a034b86feeb418abfcd525e8e0c7278/gnocchi.9de322d2-0758-4699-ae71-0daf9a4a7917/none_v3" 404 70 "GET http://172.18.0.2:8080/v1/AUTH_4a034b86feeb418abfcd525e8e0c7278/gnocchi.9de322d2-0758-4699-ae71-0daf9a4a7917/none_v3" "txcbded1154b7846f385d3b-0068e94704" "proxy-server 20" 0.0006 "-" 25 0
Oct 10 17:48:52 standalone proxy-server[132450]: 172.18.0.2 172.18.0.100 10/Oct/2025/17/48/52 GET /v1/AUTH_4a034b86feeb418abfcd525e8e0c7278/gnocchi.9de322d2-0758-4699-ae71-0daf9a4a7917/none_v3 HTTP/1.0 404 - python-swiftclient-3.11.1 gAAAAABo6UZ1YjFp... - 70 - txcbded1154b7846f385d3b-0068e94704 - 0.0117 - - 1760118532.504512787 1760118532.516199350 0
Oct 10 17:48:52 standalone account-server[130200]: 172.20.0.100 - - [10/Oct/2025:17:48:52 +0000] "PUT /d1/517/AUTH_4a034b86feeb418abfcd525e8e0c7278/gnocchi.9de322d2-0758-4699-ae71-0daf9a4a7917" 201 - "PUT http://172.20.0.100:6001/d1/59/AUTH_4a034b86feeb418abfcd525e8e0c7278/gnocchi.9de322d2-0758-4699-ae71-0daf9a4a7917" "tx00978d2b89d3475599864-0068e94704" "container-server 20" 0.0052 "-" 23 0
Oct 10 17:48:52 standalone container-server[130311]: 172.20.0.100 - - [10/Oct/2025:17:48:52 +0000] "PUT /d1/59/AUTH_4a034b86feeb418abfcd525e8e0c7278/gnocchi.9de322d2-0758-4699-ae71-0daf9a4a7917" 201 - "PUT http://172.18.0.2:8080/v1/AUTH_4a034b86feeb418abfcd525e8e0c7278/gnocchi.9de322d2-0758-4699-ae71-0daf9a4a7917" "tx00978d2b89d3475599864-0068e94704" "proxy-server 20" 0.0134 "-" 20 0
Oct 10 17:48:52 standalone proxy-server[132450]: 172.18.0.2 172.18.0.100 10/Oct/2025/17/48/52 PUT /v1/AUTH_4a034b86feeb418abfcd525e8e0c7278/gnocchi.9de322d2-0758-4699-ae71-0daf9a4a7917 HTTP/1.0 201 - python-swiftclient-3.11.1 gAAAAABo6UZ1YjFp... - - - tx00978d2b89d3475599864-0068e94704 - 0.0173 - - 1760118532.518961191 1760118532.536306620 0
Oct 10 17:48:52 standalone container-server[130322]: 172.20.0.100 - - [10/Oct/2025:17:48:52 +0000] "HEAD /d1/59/AUTH_4a034b86feeb418abfcd525e8e0c7278/gnocchi.9de322d2-0758-4699-ae71-0daf9a4a7917" 204 - "HEAD http://172.18.0.2:8080/v1/AUTH_4a034b86feeb418abfcd525e8e0c7278/gnocchi.9de322d2-0758-4699-ae71-0daf9a4a7917?format=json&states=listing" "tx88cba0b2e7fb46af82aed-0068e94704" "proxy-server 20" 0.0011 "-" 22 0
Oct 10 17:48:52 standalone proxy-server[132450]: - - 10/Oct/2025/17/48/52 HEAD /v1/AUTH_4a034b86feeb418abfcd525e8e0c7278/gnocchi.9de322d2-0758-4699-ae71-0daf9a4a7917%3Fformat%3Djson%26states%3Dlisting HTTP/1.0 204 - Swift - - - - tx88cba0b2e7fb46af82aed-0068e94704 - 0.0036 RL - 1760118532.541365862 1760118532.544994593 0
Oct 10 17:48:52 standalone container-server[130311]: 172.20.0.100 - - [10/Oct/2025:17:48:52 +0000] "GET /d1/59/AUTH_4a034b86feeb418abfcd525e8e0c7278/gnocchi.9de322d2-0758-4699-ae71-0daf9a4a7917" 200 2 "GET http://172.18.0.2:8080/v1/AUTH_4a034b86feeb418abfcd525e8e0c7278/gnocchi.9de322d2-0758-4699-ae71-0daf9a4a7917?format=json&states=listing" "tx88cba0b2e7fb46af82aed-0068e94704" "proxy-server 20" 0.0015 "-" 20 0
Oct 10 17:48:52 standalone proxy-server[132450]: 172.18.0.2 172.18.0.100 10/Oct/2025/17/48/52 GET /v1/AUTH_4a034b86feeb418abfcd525e8e0c7278/gnocchi.9de322d2-0758-4699-ae71-0daf9a4a7917%3Fformat%3Djson%26states%3Dlisting HTTP/1.0 200 - python-swiftclient-3.11.1 gAAAAABo6UZ1YjFp... - 2 - tx88cba0b2e7fb46af82aed-0068e94704 - 0.0101 - - 1760118532.540576696 1760118532.550655603 0
Oct 10 17:48:52 standalone object-server[130526]: 172.20.0.100 - - [10/Oct/2025:17:48:52 +0000] "GET /d1/543/AUTH_4a034b86feeb418abfcd525e8e0c7278/gnocchi.9de322d2-0758-4699-ae71-0daf9a4a7917/1759320000.0_mean_300.0_v3" 404 70 "GET http://172.18.0.2:8080/v1/AUTH_4a034b86feeb418abfcd525e8e0c7278/gnocchi.9de322d2-0758-4699-ae71-0daf9a4a7917/1759320000.0_mean_300.0_v3" "tx8a38d85035804232a9cb9-0068e94704" "proxy-server 20" 0.0003 "-" 24 0
Oct 10 17:48:52 standalone proxy-server[132450]: 172.18.0.2 172.18.0.100 10/Oct/2025/17/48/52 GET /v1/AUTH_4a034b86feeb418abfcd525e8e0c7278/gnocchi.9de322d2-0758-4699-ae71-0daf9a4a7917/1759320000.0_mean_300.0_v3 HTTP/1.0 404 - python-swiftclient-3.11.1 gAAAAABo6UZ1YjFp... - 70 - tx8a38d85035804232a9cb9-0068e94704 - 0.0048 - - 1760118532.553916454 1760118532.558674097 0
Oct 10 17:48:52 standalone container-server[130311]: 172.20.0.100 - - [10/Oct/2025:17:48:52 +0000] "PUT /d1/59/AUTH_4a034b86feeb418abfcd525e8e0c7278/gnocchi.9de322d2-0758-4699-ae71-0daf9a4a7917/1759320000.0_mean_300.0_v3" 201 - "PUT http://172.18.0.2:8080/d1/543/AUTH_4a034b86feeb418abfcd525e8e0c7278/gnocchi.9de322d2-0758-4699-ae71-0daf9a4a7917/1759320000.0_mean_300.0_v3" "tx6d4ef7005072470eb6f8b-0068e94704" "object-server 22" 0.0004 "-" 20 0
Oct 10 17:48:52 standalone object-server[130521]: 172.20.0.100 - - [10/Oct/2025:17:48:52 +0000] "PUT /d1/543/AUTH_4a034b86feeb418abfcd525e8e0c7278/gnocchi.9de322d2-0758-4699-ae71-0daf9a4a7917/1759320000.0_mean_300.0_v3" 201 - "PUT http://172.18.0.2:8080/v1/AUTH_4a034b86feeb418abfcd525e8e0c7278/gnocchi.9de322d2-0758-4699-ae71-0daf9a4a7917/1759320000.0_mean_300.0_v3" "tx6d4ef7005072470eb6f8b-0068e94704" "proxy-server 20" 0.0103 "-" 22 0
Oct 10 17:48:52 standalone proxy-server[132450]: 172.18.0.2 172.18.0.100 10/Oct/2025/17/48/52 PUT /v1/AUTH_4a034b86feeb418abfcd525e8e0c7278/gnocchi.9de322d2-0758-4699-ae71-0daf9a4a7917/1759320000.0_mean_300.0_v3 HTTP/1.0 201 - python-swiftclient-3.11.1 gAAAAABo6UZ1YjFp... 16 - - tx6d4ef7005072470eb6f8b-0068e94704 - 0.0145 - - 1760118532.561167955 1760118532.575654030 0
Oct 10 17:48:52 standalone container-server[130353]: 172.20.0.100 - - [10/Oct/2025:17:48:52 +0000] "PUT /d1/59/AUTH_4a034b86feeb418abfcd525e8e0c7278/gnocchi.9de322d2-0758-4699-ae71-0daf9a4a7917/none_v3" 201 - "PUT http://172.18.0.2:8080/d1/122/AUTH_4a034b86feeb418abfcd525e8e0c7278/gnocchi.9de322d2-0758-4699-ae71-0daf9a4a7917/none_v3" "tx4c6da48c501043cb894cf-0068e94704" "object-server 25" 0.0005 "-" 23 0
Oct 10 17:48:52 standalone object-server[130529]: 172.20.0.100 - - [10/Oct/2025:17:48:52 +0000] "PUT /d1/122/AUTH_4a034b86feeb418abfcd525e8e0c7278/gnocchi.9de322d2-0758-4699-ae71-0daf9a4a7917/none_v3" 201 - "PUT http://172.18.0.2:8080/v1/AUTH_4a034b86feeb418abfcd525e8e0c7278/gnocchi.9de322d2-0758-4699-ae71-0daf9a4a7917/none_v3" "tx4c6da48c501043cb894cf-0068e94704" "proxy-server 20" 0.0093 "-" 25 0
Oct 10 17:48:52 standalone proxy-server[132450]: 172.18.0.2 172.18.0.100 10/Oct/2025/17/48/52 PUT /v1/AUTH_4a034b86feeb418abfcd525e8e0c7278/gnocchi.9de322d2-0758-4699-ae71-0daf9a4a7917/none_v3 HTTP/1.0 201 - python-swiftclient-3.11.1 gAAAAABo6UZ1YjFp... 22 - - tx4c6da48c501043cb894cf-0068e94704 - 0.0131 - - 1760118532.577917099 1760118532.591013908 0
Oct 10 17:48:57 standalone object-server[130521]: 172.20.0.100 - - [10/Oct/2025:17:48:57 +0000] "GET /d1/122/AUTH_4a034b86feeb418abfcd525e8e0c7278/gnocchi.9de322d2-0758-4699-ae71-0daf9a4a7917/none_v3" 200 22 "GET http://172.18.0.2:8080/v1/AUTH_4a034b86feeb418abfcd525e8e0c7278/gnocchi.9de322d2-0758-4699-ae71-0daf9a4a7917/none_v3" "txb76913f07a4b4834b4d19-0068e94709" "proxy-server 20" 0.0008 "-" 22 0
Oct 10 17:48:57 standalone proxy-server[132450]: 172.18.0.2 172.18.0.100 10/Oct/2025/17/48/57 GET /v1/AUTH_4a034b86feeb418abfcd525e8e0c7278/gnocchi.9de322d2-0758-4699-ae71-0daf9a4a7917/none_v3 HTTP/1.0 200 - python-swiftclient-3.11.1 gAAAAABo6UZ1YjFp... - 22 - txb76913f07a4b4834b4d19-0068e94709 - 0.0062 - - 1760118537.532145500 1760118537.538357735 0
Oct 10 17:48:57 standalone container-server[130316]: 172.20.0.100 - - [10/Oct/2025:17:48:57 +0000] "GET /d1/59/AUTH_4a034b86feeb418abfcd525e8e0c7278/gnocchi.9de322d2-0758-4699-ae71-0daf9a4a7917" 200 357 "GET http://172.18.0.2:8080/v1/AUTH_4a034b86feeb418abfcd525e8e0c7278/gnocchi.9de322d2-0758-4699-ae71-0daf9a4a7917?format=json&states=listing" "tx67ca87aab39b4c66be759-0068e94709" "proxy-server 20" 0.0069 "-" 21 0
Oct 10 17:48:57 standalone proxy-server[132450]: 172.18.0.2 172.18.0.100 10/Oct/2025/17/48/57 GET /v1/AUTH_4a034b86feeb418abfcd525e8e0c7278/gnocchi.9de322d2-0758-4699-ae71-0daf9a4a7917%3Fformat%3Djson%26states%3Dlisting HTTP/1.0 200 - python-swiftclient-3.11.1 gAAAAABo6UZ1YjFp... - 357 - tx67ca87aab39b4c66be759-0068e94709 - 0.0113 - - 1760118537.541076422 1760118537.552358150 0
Oct 10 17:48:57 standalone container-server[130316]: 172.20.0.100 - - [10/Oct/2025:17:48:57 +0000] "GET /d1/59/AUTH_4a034b86feeb418abfcd525e8e0c7278/gnocchi.9de322d2-0758-4699-ae71-0daf9a4a7917" 200 2 "GET http://172.18.0.2:8080/v1/AUTH_4a034b86feeb418abfcd525e8e0c7278/gnocchi.9de322d2-0758-4699-ae71-0daf9a4a7917?format=json&marker=none_v3&states=listing" "tx87a50e5f20214202b97e2-0068e94709" "proxy-server 20" 0.0014 "-" 21 0
Oct 10 17:48:57 standalone proxy-server[132450]: 172.18.0.2 172.18.0.100 10/Oct/2025/17/48/57 GET /v1/AUTH_4a034b86feeb418abfcd525e8e0c7278/gnocchi.9de322d2-0758-4699-ae71-0daf9a4a7917%3Fformat%3Djson%26marker%3Dnone_v3%26states%3Dlisting HTTP/1.0 200 - python-swiftclient-3.11.1 gAAAAABo6UZ1YjFp... - 2 - tx87a50e5f20214202b97e2-0068e94709 - 0.0051 - - 1760118537.554155350 1760118537.559227943 0
Oct 10 17:48:57 standalone object-server[130521]: 172.20.0.100 - - [10/Oct/2025:17:48:57 +0000] "GET /d1/543/AUTH_4a034b86feeb418abfcd525e8e0c7278/gnocchi.9de322d2-0758-4699-ae71-0daf9a4a7917/1759320000.0_mean_300.0_v3" 200 16 "GET http://172.18.0.2:8080/v1/AUTH_4a034b86feeb418abfcd525e8e0c7278/gnocchi.9de322d2-0758-4699-ae71-0daf9a4a7917/1759320000.0_mean_300.0_v3" "txeee7383d5c2b4258aa19c-0068e94709" "proxy-server 20" 0.0005 "-" 22 0
Oct 10 17:48:57 standalone proxy-server[132450]: 172.18.0.2 172.18.0.100 10/Oct/2025/17/48/57 GET /v1/AUTH_4a034b86feeb418abfcd525e8e0c7278/gnocchi.9de322d2-0758-4699-ae71-0daf9a4a7917/1759320000.0_mean_300.0_v3 HTTP/1.0 200 - python-swiftclient-3.11.1 gAAAAABo6UZ1YjFp... - 16 - txeee7383d5c2b4258aa19c-0068e94709 - 0.0044 - - 1760118537.561395884 1760118537.565836430 0
Oct 10 17:48:57 standalone container-server[130316]: 172.20.0.100 - - [10/Oct/2025:17:48:57 +0000] "PUT /d1/59/AUTH_4a034b86feeb418abfcd525e8e0c7278/gnocchi.9de322d2-0758-4699-ae71-0daf9a4a7917/1759320000.0_mean_300.0_v3" 201 - "PUT http://172.18.0.2:8080/d1/543/AUTH_4a034b86feeb418abfcd525e8e0c7278/gnocchi.9de322d2-0758-4699-ae71-0daf9a4a7917/1759320000.0_mean_300.0_v3" "tx4a09e818827340d6bdea3-0068e94709" "object-server 25" 0.0005 "-" 21 0
Oct 10 17:48:57 standalone object-server[130529]: 172.20.0.100 - - [10/Oct/2025:17:48:57 +0000] "PUT /d1/543/AUTH_4a034b86feeb418abfcd525e8e0c7278/gnocchi.9de322d2-0758-4699-ae71-0daf9a4a7917/1759320000.0_mean_300.0_v3" 201 - "PUT http://172.18.0.2:8080/v1/AUTH_4a034b86feeb418abfcd525e8e0c7278/gnocchi.9de322d2-0758-4699-ae71-0daf9a4a7917/1759320000.0_mean_300.0_v3" "tx4a09e818827340d6bdea3-0068e94709" "proxy-server 20" 0.0126 "-" 25 0
Oct 10 17:48:57 standalone proxy-server[132450]: 172.18.0.2 172.18.0.100 10/Oct/2025/17/48/57 PUT /v1/AUTH_4a034b86feeb418abfcd525e8e0c7278/gnocchi.9de322d2-0758-4699-ae71-0daf9a4a7917/1759320000.0_mean_300.0_v3 HTTP/1.0 201 - python-swiftclient-3.11.1 gAAAAABo6UZ1YjFp... 16 - - tx4a09e818827340d6bdea3-0068e94709 - 0.0186 - - 1760118537.567633390 1760118537.586225510 0
Oct 10 17:48:57 standalone container-server[130322]: 172.20.0.100 - - [10/Oct/2025:17:48:57 +0000] "PUT /d1/59/AUTH_4a034b86feeb418abfcd525e8e0c7278/gnocchi.9de322d2-0758-4699-ae71-0daf9a4a7917/none_v3" 201 - "PUT http://172.18.0.2:8080/d1/122/AUTH_4a034b86feeb418abfcd525e8e0c7278/gnocchi.9de322d2-0758-4699-ae71-0daf9a4a7917/none_v3" "txe3b26cc3c3504670bede0-0068e94709" "object-server 25" 0.0005 "-" 22 0
Oct 10 17:48:57 standalone object-server[130529]: 172.20.0.100 - - [10/Oct/2025:17:48:57 +0000] "PUT /d1/122/AUTH_4a034b86feeb418abfcd525e8e0c7278/gnocchi.9de322d2-0758-4699-ae71-0daf9a4a7917/none_v3" 201 - "PUT http://172.18.0.2:8080/v1/AUTH_4a034b86feeb418abfcd525e8e0c7278/gnocchi.9de322d2-0758-4699-ae71-0daf9a4a7917/none_v3" "txe3b26cc3c3504670bede0-0068e94709" "proxy-server 20" 0.0096 "-" 25 0
Oct 10 17:48:57 standalone proxy-server[132450]: 172.18.0.2 172.18.0.100 10/Oct/2025/17/48/57 PUT /v1/AUTH_4a034b86feeb418abfcd525e8e0c7278/gnocchi.9de322d2-0758-4699-ae71-0daf9a4a7917/none_v3 HTTP/1.0 201 - python-swiftclient-3.11.1 gAAAAABo6UZ1YjFp... 32 - - txe3b26cc3c3504670bede0-0068e94709 - 0.0142 - - 1760118537.587882996 1760118537.602050543 0
Oct 10 17:49:09 standalone container-server[130294]: Begin container update sweep
Oct 10 17:49:09 standalone account-server[130176]: 172.20.0.100 - - [10/Oct/2025:17:49:09 +0000] "PUT /d1/517/AUTH_4a034b86feeb418abfcd525e8e0c7278/gnocchi.d4d01c84-1d81-46e6-80dc-48548c9bc362" 201 - "-" "-" "container-updater 2" 0.0007 "-" 20 0
Oct 10 17:49:09 standalone account-server[130200]: 172.20.0.100 - - [10/Oct/2025:17:49:09 +0000] "PUT /d1/517/AUTH_4a034b86feeb418abfcd525e8e0c7278/gnocchi.152f95fc-e326-4183-9906-6c848f1cf863" 201 - "-" "-" "container-updater 2" 0.0004 "-" 23 0
Oct 10 17:49:09 standalone account-server[130200]: 172.20.0.100 - - [10/Oct/2025:17:49:09 +0000] "PUT /d1/517/AUTH_4a034b86feeb418abfcd525e8e0c7278/gnocchi.0023e586-f0f1-4cf6-80dc-597d3e9777e8" 201 - "-" "-" "container-updater 2" 0.0003 "-" 23 0
Oct 10 17:49:09 standalone account-server[130176]: 172.20.0.100 - - [10/Oct/2025:17:49:09 +0000] "PUT /d1/517/AUTH_4a034b86feeb418abfcd525e8e0c7278/gnocchi.6cd4c70e-a766-46ea-a197-24a9e0747b3f" 201 - "-" "-" "container-updater 2" 0.0004 "-" 20 0
Oct 10 17:49:09 standalone account-server[130189]: 172.20.0.100 - - [10/Oct/2025:17:49:09 +0000] "PUT /d1/517/AUTH_4a034b86feeb418abfcd525e8e0c7278/gnocchi.b0929b12-ff25-4d97-b6da-ceda5c1b1e0d" 201 - "-" "-" "container-updater 2" 0.0008 "-" 22 0
Oct 10 17:49:09 standalone account-server[130182]: 172.20.0.100 - - [10/Oct/2025:17:49:09 +0000] "PUT /d1/517/AUTH_4a034b86feeb418abfcd525e8e0c7278/gnocchi.dc172151-3e1e-46a5-9baf-2cad55709c4c" 201 - "-" "-" "container-updater 2" 0.0005 "-" 21 0
Oct 10 17:49:09 standalone account-server[130176]: 172.20.0.100 - - [10/Oct/2025:17:49:09 +0000] "PUT /d1/517/AUTH_4a034b86feeb418abfcd525e8e0c7278/gnocchi.146afd02-89cc-460c-bed3-b8f7b7c439fa" 201 - "-" "-" "container-updater 2" 0.0006 "-" 20 0
Oct 10 17:49:09 standalone account-server[130176]: 172.20.0.100 - - [10/Oct/2025:17:49:09 +0000] "PUT /d1/517/AUTH_4a034b86feeb418abfcd525e8e0c7278/gnocchi.22c39ca1-8ee0-4266-8174-e0f70c4d764d" 201 - "-" "-" "container-updater 2" 0.0004 "-" 20 0
Oct 10 17:49:09 standalone account-server[130182]: 172.20.0.100 - - [10/Oct/2025:17:49:09 +0000] "PUT /d1/517/AUTH_4a034b86feeb418abfcd525e8e0c7278/gnocchi.29dddd13-1908-4b32-907d-ed18b9e1831d" 201 - "-" "-" "container-updater 2" 0.0004 "-" 21 0
Oct 10 17:49:09 standalone account-server[130182]: 172.20.0.100 - - [10/Oct/2025:17:49:09 +0000] "PUT /d1/517/AUTH_4a034b86feeb418abfcd525e8e0c7278/gnocchi.c16154af-c009-4f45-8ed5-05e16b1d35e0" 201 - "-" "-" "container-updater 2" 0.0004 "-" 21 0
Oct 10 17:49:10 standalone account-server[130189]: 172.20.0.100 - - [10/Oct/2025:17:49:10 +0000] "PUT /d1/517/AUTH_4a034b86feeb418abfcd525e8e0c7278/gnocchi.e812c358-ea78-4a2c-aa59-35e898d056fd" 201 - "-" "-" "container-updater 2" 0.0004 "-" 22 0
Oct 10 17:49:10 standalone account-server[130200]: 172.20.0.100 - - [10/Oct/2025:17:49:10 +0000] "PUT /d1/517/AUTH_4a034b86feeb418abfcd525e8e0c7278/gnocchi.9de322d2-0758-4699-ae71-0daf9a4a7917" 201 - "-" "-" "container-updater 2" 0.0004 "-" 23 0
Oct 10 17:49:10 standalone account-server[130176]: 172.20.0.100 - - [10/Oct/2025:17:49:10 +0000] "PUT /d1/517/AUTH_4a034b86feeb418abfcd525e8e0c7278/gnocchi.85a76986-6845-484d-9981-5395b0bb66e2" 201 - "-" "-" "container-updater 2" 0.0007 "-" 20 0
Oct 10 17:49:10 standalone account-server[130200]: 172.20.0.100 - - [10/Oct/2025:17:49:10 +0000] "PUT /d1/517/AUTH_4a034b86feeb418abfcd525e8e0c7278/gnocchi.f0aa6b56-90fa-4367-836e-fa90e37c953e" 201 - "-" "-" "container-updater 2" 0.0006 "-" 23 0
Oct 10 17:49:10 standalone account-server[130189]: 172.20.0.100 - - [10/Oct/2025:17:49:10 +0000] "PUT /d1/517/AUTH_4a034b86feeb418abfcd525e8e0c7278/gnocchi.442974a3-edc7-41e3-bb15-14a4533b6481" 201 - "-" "-" "container-updater 2" 0.0007 "-" 22 0
Oct 10 17:49:10 standalone account-server[130189]: 172.20.0.100 - - [10/Oct/2025:17:49:10 +0000] "PUT /d1/517/AUTH_4a034b86feeb418abfcd525e8e0c7278/gnocchi.664b4502-ccbe-4511-8c2b-442e444f63e1" 201 - "-" "-" "container-updater 2" 0.0006 "-" 22 0
Oct 10 17:49:10 standalone account-server[130176]: 172.20.0.100 - - [10/Oct/2025:17:49:10 +0000] "PUT /d1/517/AUTH_4a034b86feeb418abfcd525e8e0c7278/gnocchi.1fc11dfc-5671-4402-8e8c-52a660085944" 201 - "-" "-" "container-updater 2" 0.0004 "-" 20 0
Oct 10 17:49:10 standalone container-server[130294]: Container update sweep completed: 1.37s
Oct 10 17:49:16 standalone account-server[130182]: 172.20.0.100 - - [10/Oct/2025:17:49:16 +0000] "HEAD /d1/592/.expiring_objects" 404 - "HEAD http://localhost/v1/.expiring_objects?format=json" "txb3930f0c82c74ba08a545-0068e9471c" "proxy-server 2" 0.0008 "-" 21 -
Oct 10 17:49:16 standalone object-expirer[130377]: Pass completed in 0s; 0 objects expired (txn: txb3930f0c82c74ba08a545-0068e9471c)
Oct 10 17:49:23 standalone container-server[130353]: 172.20.0.100 - - [10/Oct/2025:17:49:23 +0000] "HEAD /d1/673/AUTH_4a034b86feeb418abfcd525e8e0c7278/gnocchi.2f94398c-7b6c-43dd-a541-a8c13e9d139d" 404 - "HEAD http://172.18.0.2:8080/v1/AUTH_4a034b86feeb418abfcd525e8e0c7278/gnocchi.2f94398c-7b6c-43dd-a541-a8c13e9d139d?format=json&states=listing" "txa22ec7cc66aa484ca28d7-0068e94723" "proxy-server 20" 0.0004 "-" 23 0
Oct 10 17:49:23 standalone object-server[130521]: 172.20.0.100 - - [10/Oct/2025:17:49:23 +0000] "GET /d1/876/AUTH_4a034b86feeb418abfcd525e8e0c7278/gnocchi.2f94398c-7b6c-43dd-a541-a8c13e9d139d/none_v3" 404 70 "GET http://172.18.0.2:8080/v1/AUTH_4a034b86feeb418abfcd525e8e0c7278/gnocchi.2f94398c-7b6c-43dd-a541-a8c13e9d139d/none_v3" "txa22ec7cc66aa484ca28d7-0068e94723" "proxy-server 20" 0.0005 "-" 22 0
Oct 10 17:49:23 standalone proxy-server[132450]: 172.18.0.2 172.18.0.100 10/Oct/2025/17/49/23 GET /v1/AUTH_4a034b86feeb418abfcd525e8e0c7278/gnocchi.2f94398c-7b6c-43dd-a541-a8c13e9d139d/none_v3 HTTP/1.0 404 - python-swiftclient-3.11.1 gAAAAABo6UZ1YjFp... - 70 - txa22ec7cc66aa484ca28d7-0068e94723 - 0.0085 - - 1760118563.932102680 1760118563.940596819 0
Oct 10 17:49:23 standalone account-server[130176]: 172.20.0.100 - - [10/Oct/2025:17:49:23 +0000] "PUT /d1/517/AUTH_4a034b86feeb418abfcd525e8e0c7278/gnocchi.2f94398c-7b6c-43dd-a541-a8c13e9d139d" 201 - "PUT http://172.20.0.100:6001/d1/673/AUTH_4a034b86feeb418abfcd525e8e0c7278/gnocchi.2f94398c-7b6c-43dd-a541-a8c13e9d139d" "tx5a39cd457281412a863fb-0068e94723" "container-server 22" 0.0055 "-" 20 0
Oct 10 17:49:23 standalone container-server[130322]: 172.20.0.100 - - [10/Oct/2025:17:49:23 +0000] "PUT /d1/673/AUTH_4a034b86feeb418abfcd525e8e0c7278/gnocchi.2f94398c-7b6c-43dd-a541-a8c13e9d139d" 201 - "PUT http://172.18.0.2:8080/v1/AUTH_4a034b86feeb418abfcd525e8e0c7278/gnocchi.2f94398c-7b6c-43dd-a541-a8c13e9d139d" "tx5a39cd457281412a863fb-0068e94723" "proxy-server 20" 0.0157 "-" 22 0
Oct 10 17:49:23 standalone proxy-server[132450]: 172.18.0.2 172.18.0.100 10/Oct/2025/17/49/23 PUT /v1/AUTH_4a034b86feeb418abfcd525e8e0c7278/gnocchi.2f94398c-7b6c-43dd-a541-a8c13e9d139d HTTP/1.0 201 - python-swiftclient-3.11.1 gAAAAABo6UZ1YjFp... - - - tx5a39cd457281412a863fb-0068e94723 - 0.0200 - - 1760118563.943774223 1760118563.963762283 0
Oct 10 17:49:23 standalone container-server[130316]: 172.20.0.100 - - [10/Oct/2025:17:49:23 +0000] "HEAD /d1/673/AUTH_4a034b86feeb418abfcd525e8e0c7278/gnocchi.2f94398c-7b6c-43dd-a541-a8c13e9d139d" 204 - "HEAD http://172.18.0.2:8080/v1/AUTH_4a034b86feeb418abfcd525e8e0c7278/gnocchi.2f94398c-7b6c-43dd-a541-a8c13e9d139d?format=json&states=listing" "tx9147aa758a0a4e0096371-0068e94723" "proxy-server 20" 0.0012 "-" 21 0
Oct 10 17:49:23 standalone proxy-server[132450]: - - 10/Oct/2025/17/49/23 HEAD /v1/AUTH_4a034b86feeb418abfcd525e8e0c7278/gnocchi.2f94398c-7b6c-43dd-a541-a8c13e9d139d%3Fformat%3Djson%26states%3Dlisting HTTP/1.0 204 - Swift - - - - tx9147aa758a0a4e0096371-0068e94723 - 0.0037 RL - 1760118563.967091560 1760118563.970759153 0
Oct 10 17:49:23 standalone container-server[130311]: 172.20.0.100 - - [10/Oct/2025:17:49:23 +0000] "GET /d1/673/AUTH_4a034b86feeb418abfcd525e8e0c7278/gnocchi.2f94398c-7b6c-43dd-a541-a8c13e9d139d" 200 2 "GET http://172.18.0.2:8080/v1/AUTH_4a034b86feeb418abfcd525e8e0c7278/gnocchi.2f94398c-7b6c-43dd-a541-a8c13e9d139d?format=json&states=listing" "tx9147aa758a0a4e0096371-0068e94723" "proxy-server 20" 0.0017 "-" 20 0
Oct 10 17:49:23 standalone proxy-server[132450]: 172.18.0.2 172.18.0.100 10/Oct/2025/17/49/23 GET /v1/AUTH_4a034b86feeb418abfcd525e8e0c7278/gnocchi.2f94398c-7b6c-43dd-a541-a8c13e9d139d%3Fformat%3Djson%26states%3Dlisting HTTP/1.0 200 - python-swiftclient-3.11.1 gAAAAABo6UZ1YjFp... - 2 - tx9147aa758a0a4e0096371-0068e94723 - 0.0106 - - 1760118563.966283560 1760118563.976852655 0
Oct 10 17:49:23 standalone object-server[130526]: 172.20.0.100 - - [10/Oct/2025:17:49:23 +0000] "GET /d1/536/AUTH_4a034b86feeb418abfcd525e8e0c7278/gnocchi.2f94398c-7b6c-43dd-a541-a8c13e9d139d/1759320000.0_mean_300.0_v3" 404 70 "GET http://172.18.0.2:8080/v1/AUTH_4a034b86feeb418abfcd525e8e0c7278/gnocchi.2f94398c-7b6c-43dd-a541-a8c13e9d139d/1759320000.0_mean_300.0_v3" "tx9157fb6d574140399e192-0068e94723" "proxy-server 20" 0.0003 "-" 24 0
Oct 10 17:49:23 standalone proxy-server[132450]: 172.18.0.2 172.18.0.100 10/Oct/2025/17/49/23 GET /v1/AUTH_4a034b86feeb418abfcd525e8e0c7278/gnocchi.2f94398c-7b6c-43dd-a541-a8c13e9d139d/1759320000.0_mean_300.0_v3 HTTP/1.0 404 - python-swiftclient-3.11.1 gAAAAABo6UZ1YjFp... - 70 - tx9157fb6d574140399e192-0068e94723 - 0.0042 - - 1760118563.981609583 1760118563.985841513 0
Oct 10 17:49:24 standalone container-server[130322]: 172.20.0.100 - - [10/Oct/2025:17:49:24 +0000] "PUT /d1/673/AUTH_4a034b86feeb418abfcd525e8e0c7278/gnocchi.2f94398c-7b6c-43dd-a541-a8c13e9d139d/1759320000.0_mean_300.0_v3" 201 - "PUT http://172.18.0.2:8080/d1/536/AUTH_4a034b86feeb418abfcd525e8e0c7278/gnocchi.2f94398c-7b6c-43dd-a541-a8c13e9d139d/1759320000.0_mean_300.0_v3" "txef14eda2d7b74ca4a9c70-0068e94723" "object-server 25" 0.0006 "-" 22 0
Oct 10 17:49:24 standalone object-server[130529]: 172.20.0.100 - - [10/Oct/2025:17:49:24 +0000] "PUT /d1/536/AUTH_4a034b86feeb418abfcd525e8e0c7278/gnocchi.2f94398c-7b6c-43dd-a541-a8c13e9d139d/1759320000.0_mean_300.0_v3" 201 - "PUT http://172.18.0.2:8080/v1/AUTH_4a034b86feeb418abfcd525e8e0c7278/gnocchi.2f94398c-7b6c-43dd-a541-a8c13e9d139d/1759320000.0_mean_300.0_v3" "txef14eda2d7b74ca4a9c70-0068e94723" "proxy-server 20" 0.0079 "-" 25 0
Oct 10 17:49:24 standalone proxy-server[132450]: 172.18.0.2 172.18.0.100 10/Oct/2025/17/49/24 PUT /v1/AUTH_4a034b86feeb418abfcd525e8e0c7278/gnocchi.2f94398c-7b6c-43dd-a541-a8c13e9d139d/1759320000.0_mean_300.0_v3 HTTP/1.0 201 - python-swiftclient-3.11.1 gAAAAABo6UZ1YjFp... 16 - - txef14eda2d7b74ca4a9c70-0068e94723 - 0.0155 - - 1760118563.987849712 1760118564.003357887 0
Oct 10 17:49:24 standalone container-server[130353]: 172.20.0.100 - - [10/Oct/2025:17:49:24 +0000] "PUT /d1/673/AUTH_4a034b86feeb418abfcd525e8e0c7278/gnocchi.2f94398c-7b6c-43dd-a541-a8c13e9d139d/none_v3" 201 - "PUT http://172.18.0.2:8080/d1/876/AUTH_4a034b86feeb418abfcd525e8e0c7278/gnocchi.2f94398c-7b6c-43dd-a541-a8c13e9d139d/none_v3" "tx1b41abfd94dc493c8caa1-0068e94724" "object-server 25" 0.0004 "-" 23 0
Oct 10 17:49:24 standalone object-server[130529]: 172.20.0.100 - - [10/Oct/2025:17:49:24 +0000] "PUT /d1/876/AUTH_4a034b86feeb418abfcd525e8e0c7278/gnocchi.2f94398c-7b6c-43dd-a541-a8c13e9d139d/none_v3" 201 - "PUT http://172.18.0.2:8080/v1/AUTH_4a034b86feeb418abfcd525e8e0c7278/gnocchi.2f94398c-7b6c-43dd-a541-a8c13e9d139d/none_v3" "tx1b41abfd94dc493c8caa1-0068e94724" "proxy-server 20" 0.0078 "-" 25 0
Oct 10 17:49:24 standalone proxy-server[132450]: 172.18.0.2 172.18.0.100 10/Oct/2025/17/49/24 PUT /v1/AUTH_4a034b86feeb418abfcd525e8e0c7278/gnocchi.2f94398c-7b6c-43dd-a541-a8c13e9d139d/none_v3 HTTP/1.0 201 - python-swiftclient-3.11.1 gAAAAABo6UZ1YjFp... 22 - - tx1b41abfd94dc493c8caa1-0068e94724 - 0.0133 - - 1760118564.005686522 1760118564.018949270 0
Oct 10 17:49:24 standalone container-server[130322]: 172.20.0.100 - - [10/Oct/2025:17:49:24 +0000] "HEAD /d1/381/AUTH_4a034b86feeb418abfcd525e8e0c7278/gnocchi.5bcb084b-bb88-4fc7-86b8-e765821ad5d2" 404 - "HEAD http://172.18.0.2:8080/v1/AUTH_4a034b86feeb418abfcd525e8e0c7278/gnocchi.5bcb084b-bb88-4fc7-86b8-e765821ad5d2?format=json&states=listing" "tx9c329dc262fb437a96fb1-0068e94724" "proxy-server 20" 0.0004 "-" 22 0
Oct 10 17:49:24 standalone object-server[130521]: 172.20.0.100 - - [10/Oct/2025:17:49:24 +0000] "GET /d1/634/AUTH_4a034b86feeb418abfcd525e8e0c7278/gnocchi.5bcb084b-bb88-4fc7-86b8-e765821ad5d2/none_v3" 404 70 "GET http://172.18.0.2:8080/v1/AUTH_4a034b86feeb418abfcd525e8e0c7278/gnocchi.5bcb084b-bb88-4fc7-86b8-e765821ad5d2/none_v3" "tx9c329dc262fb437a96fb1-0068e94724" "proxy-server 20" 0.0003 "-" 22 0
Oct 10 17:49:24 standalone proxy-server[132450]: 172.18.0.2 172.18.0.100 10/Oct/2025/17/49/24 GET /v1/AUTH_4a034b86feeb418abfcd525e8e0c7278/gnocchi.5bcb084b-bb88-4fc7-86b8-e765821ad5d2/none_v3 HTTP/1.0 404 - python-swiftclient-3.11.1 gAAAAABo6UZ1YjFp... - 70 - tx9c329dc262fb437a96fb1-0068e94724 - 0.0094 - - 1760118564.071386099 1760118564.080739498 0
Oct 10 17:49:24 standalone account-server[130182]: 172.20.0.100 - - [10/Oct/2025:17:49:24 +0000] "PUT /d1/517/AUTH_4a034b86feeb418abfcd525e8e0c7278/gnocchi.5bcb084b-bb88-4fc7-86b8-e765821ad5d2" 201 - "PUT http://172.20.0.100:6001/d1/381/AUTH_4a034b86feeb418abfcd525e8e0c7278/gnocchi.5bcb084b-bb88-4fc7-86b8-e765821ad5d2" "tx62365346142a45309e78d-0068e94724" "container-server 22" 0.0051 "-" 21 0
Oct 10 17:49:24 standalone container-server[130322]: 172.20.0.100 - - [10/Oct/2025:17:49:24 +0000] "PUT /d1/381/AUTH_4a034b86feeb418abfcd525e8e0c7278/gnocchi.5bcb084b-bb88-4fc7-86b8-e765821ad5d2" 201 - "PUT http://172.18.0.2:8080/v1/AUTH_4a034b86feeb418abfcd525e8e0c7278/gnocchi.5bcb084b-bb88-4fc7-86b8-e765821ad5d2" "tx62365346142a45309e78d-0068e94724" "proxy-server 20" 0.0138 "-" 22 0
Oct 10 17:49:24 standalone proxy-server[132450]: 172.18.0.2 172.18.0.100 10/Oct/2025/17/49/24 PUT /v1/AUTH_4a034b86feeb418abfcd525e8e0c7278/gnocchi.5bcb084b-bb88-4fc7-86b8-e765821ad5d2 HTTP/1.0 201 - python-swiftclient-3.11.1 gAAAAABo6UZ1YjFp... - - - tx62365346142a45309e78d-0068e94724 - 0.0190 - - 1760118564.083652496 1760118564.102629185 0
Oct 10 17:49:24 standalone container-server[130311]: 172.20.0.100 - - [10/Oct/2025:17:49:24 +0000] "HEAD /d1/381/AUTH_4a034b86feeb418abfcd525e8e0c7278/gnocchi.5bcb084b-bb88-4fc7-86b8-e765821ad5d2" 204 - "HEAD http://172.18.0.2:8080/v1/AUTH_4a034b86feeb418abfcd525e8e0c7278/gnocchi.5bcb084b-bb88-4fc7-86b8-e765821ad5d2?format=json&states=listing" "tx8f4515203706429dbc5f8-0068e94724" "proxy-server 20" 0.0011 "-" 20 0
Oct 10 17:49:24 standalone proxy-server[132450]: - - 10/Oct/2025/17/49/24 HEAD /v1/AUTH_4a034b86feeb418abfcd525e8e0c7278/gnocchi.5bcb084b-bb88-4fc7-86b8-e765821ad5d2%3Fformat%3Djson%26states%3Dlisting HTTP/1.0 204 - Swift - - - - tx8f4515203706429dbc5f8-0068e94724 - 0.0038 RL - 1760118564.105981588 1760118564.109787226 0
Oct 10 17:49:24 standalone container-server[130353]: 172.20.0.100 - - [10/Oct/2025:17:49:24 +0000] "GET /d1/381/AUTH_4a034b86feeb418abfcd525e8e0c7278/gnocchi.5bcb084b-bb88-4fc7-86b8-e765821ad5d2" 200 2 "GET http://172.18.0.2:8080/v1/AUTH_4a034b86feeb418abfcd525e8e0c7278/gnocchi.5bcb084b-bb88-4fc7-86b8-e765821ad5d2?format=json&states=listing" "tx8f4515203706429dbc5f8-0068e94724" "proxy-server 20" 0.0017 "-" 23 0
Oct 10 17:49:24 standalone proxy-server[132450]: 172.18.0.2 172.18.0.100 10/Oct/2025/17/49/24 GET /v1/AUTH_4a034b86feeb418abfcd525e8e0c7278/gnocchi.5bcb084b-bb88-4fc7-86b8-e765821ad5d2%3Fformat%3Djson%26states%3Dlisting HTTP/1.0 200 - python-swiftclient-3.11.1 gAAAAABo6UZ1YjFp... - 2 - tx8f4515203706429dbc5f8-0068e94724 - 0.0103 - - 1760118564.105164528 1760118564.115491867 0
Oct 10 17:49:24 standalone object-server[130521]: 172.20.0.100 - - [10/Oct/2025:17:49:24 +0000] "GET /d1/636/AUTH_4a034b86feeb418abfcd525e8e0c7278/gnocchi.5bcb084b-bb88-4fc7-86b8-e765821ad5d2/1759320000.0_mean_300.0_v3" 404 70 "GET http://172.18.0.2:8080/v1/AUTH_4a034b86feeb418abfcd525e8e0c7278/gnocchi.5bcb084b-bb88-4fc7-86b8-e765821ad5d2/1759320000.0_mean_300.0_v3" "tx31e146f39cae44aaa1c05-0068e94724" "proxy-server 20" 0.0003 "-" 22 0
Oct 10 17:49:24 standalone proxy-server[132450]: 172.18.0.2 172.18.0.100 10/Oct/2025/17/49/24 GET /v1/AUTH_4a034b86feeb418abfcd525e8e0c7278/gnocchi.5bcb084b-bb88-4fc7-86b8-e765821ad5d2/1759320000.0_mean_300.0_v3 HTTP/1.0 404 - python-swiftclient-3.11.1 gAAAAABo6UZ1YjFp... - 70 - tx31e146f39cae44aaa1c05-0068e94724 - 0.0036 - - 1760118564.117789030 1760118564.121420622 0
Oct 10 17:49:24 standalone container-server[130322]: 172.20.0.100 - - [10/Oct/2025:17:49:24 +0000] "PUT /d1/381/AUTH_4a034b86feeb418abfcd525e8e0c7278/gnocchi.5bcb084b-bb88-4fc7-86b8-e765821ad5d2/1759320000.0_mean_300.0_v3" 201 - "PUT http://172.18.0.2:8080/d1/636/AUTH_4a034b86feeb418abfcd525e8e0c7278/gnocchi.5bcb084b-bb88-4fc7-86b8-e765821ad5d2/1759320000.0_mean_300.0_v3" "tx343d583cf54a4aeeae29e-0068e94724" "object-server 24" 0.0005 "-" 22 0
Oct 10 17:49:24 standalone object-server[130526]: 172.20.0.100 - - [10/Oct/2025:17:49:24 +0000] "PUT /d1/636/AUTH_4a034b86feeb418abfcd525e8e0c7278/gnocchi.5bcb084b-bb88-4fc7-86b8-e765821ad5d2/1759320000.0_mean_300.0_v3" 201 - "PUT http://172.18.0.2:8080/v1/AUTH_4a034b86feeb418abfcd525e8e0c7278/gnocchi.5bcb084b-bb88-4fc7-86b8-e765821ad5d2/1759320000.0_mean_300.0_v3" "tx343d583cf54a4aeeae29e-0068e94724" "proxy-server 20" 0.0074 "-" 24 0
Oct 10 17:49:24 standalone proxy-server[132450]: 172.18.0.2 172.18.0.100 10/Oct/2025/17/49/24 PUT /v1/AUTH_4a034b86feeb418abfcd525e8e0c7278/gnocchi.5bcb084b-bb88-4fc7-86b8-e765821ad5d2/1759320000.0_mean_300.0_v3 HTTP/1.0 201 - python-swiftclient-3.11.1 gAAAAABo6UZ1YjFp... 16 - - tx343d583cf54a4aeeae29e-0068e94724 - 0.0118 - - 1760118564.123265982 1760118564.135104179 0
Oct 10 17:49:24 standalone container-server[130353]: 172.20.0.100 - - [10/Oct/2025:17:49:24 +0000] "PUT /d1/381/AUTH_4a034b86feeb418abfcd525e8e0c7278/gnocchi.5bcb084b-bb88-4fc7-86b8-e765821ad5d2/none_v3" 201 - "PUT http://172.18.0.2:8080/d1/634/AUTH_4a034b86feeb418abfcd525e8e0c7278/gnocchi.5bcb084b-bb88-4fc7-86b8-e765821ad5d2/none_v3" "tx8bf271e2869c407798f11-0068e94724" "object-server 23" 0.0004 "-" 23 0
Oct 10 17:49:24 standalone object-server[130522]: 172.20.0.100 - - [10/Oct/2025:17:49:24 +0000] "PUT /d1/634/AUTH_4a034b86feeb418abfcd525e8e0c7278/gnocchi.5bcb084b-bb88-4fc7-86b8-e765821ad5d2/none_v3" 201 - "PUT http://172.18.0.2:8080/v1/AUTH_4a034b86feeb418abfcd525e8e0c7278/gnocchi.5bcb084b-bb88-4fc7-86b8-e765821ad5d2/none_v3" "tx8bf271e2869c407798f11-0068e94724" "proxy-server 20" 0.0074 "-" 23 0
Oct 10 17:49:24 standalone proxy-server[132450]: 172.18.0.2 172.18.0.100 10/Oct/2025/17/49/24 PUT /v1/AUTH_4a034b86feeb418abfcd525e8e0c7278/gnocchi.5bcb084b-bb88-4fc7-86b8-e765821ad5d2/none_v3 HTTP/1.0 201 - python-swiftclient-3.11.1 gAAAAABo6UZ1YjFp... 22 - - tx8bf271e2869c407798f11-0068e94724 - 0.0113 - - 1760118564.136981249 1760118564.148278713 0
Oct 10 17:49:24 standalone container-server[130322]: 172.20.0.100 - - [10/Oct/2025:17:49:24 +0000] "HEAD /d1/830/AUTH_4a034b86feeb418abfcd525e8e0c7278/gnocchi.20de7e6d-ed59-431a-9120-4ce53a12af53" 404 - "HEAD http://172.18.0.2:8080/v1/AUTH_4a034b86feeb418abfcd525e8e0c7278/gnocchi.20de7e6d-ed59-431a-9120-4ce53a12af53?format=json&states=listing" "tx198f2c79d8fc4c6d8a7f0-0068e94724" "proxy-server 20" 0.0003 "-" 22 0
Oct 10 17:49:24 standalone object-server[130521]: 172.20.0.100 - - [10/Oct/2025:17:49:24 +0000] "GET /d1/679/AUTH_4a034b86feeb418abfcd525e8e0c7278/gnocchi.20de7e6d-ed59-431a-9120-4ce53a12af53/none_v3" 404 70 "GET http://172.18.0.2:8080/v1/AUTH_4a034b86feeb418abfcd525e8e0c7278/gnocchi.20de7e6d-ed59-431a-9120-4ce53a12af53/none_v3" "tx198f2c79d8fc4c6d8a7f0-0068e94724" "proxy-server 20" 0.0003 "-" 22 0
Oct 10 17:49:24 standalone proxy-server[132450]: 172.18.0.2 172.18.0.100 10/Oct/2025/17/49/24 GET /v1/AUTH_4a034b86feeb418abfcd525e8e0c7278/gnocchi.20de7e6d-ed59-431a-9120-4ce53a12af53/none_v3 HTTP/1.0 404 - python-swiftclient-3.11.1 gAAAAABo6UZ1YjFp... - 70 - tx198f2c79d8fc4c6d8a7f0-0068e94724 - 0.0066 - - 1760118564.154727459 1760118564.161309481 0
Oct 10 17:49:24 standalone account-server[130182]: 172.20.0.100 - - [10/Oct/2025:17:49:24 +0000] "PUT /d1/517/AUTH_4a034b86feeb418abfcd525e8e0c7278/gnocchi.20de7e6d-ed59-431a-9120-4ce53a12af53" 201 - "PUT http://172.20.0.100:6001/d1/830/AUTH_4a034b86feeb418abfcd525e8e0c7278/gnocchi.20de7e6d-ed59-431a-9120-4ce53a12af53" "txb2feb5b3075d45bfb065a-0068e94724" "container-server 23" 0.0043 "-" 21 0
Oct 10 17:49:24 standalone container-server[130353]: 172.20.0.100 - - [10/Oct/2025:17:49:24 +0000] "PUT /d1/830/AUTH_4a034b86feeb418abfcd525e8e0c7278/gnocchi.20de7e6d-ed59-431a-9120-4ce53a12af53" 201 - "PUT http://172.18.0.2:8080/v1/AUTH_4a034b86feeb418abfcd525e8e0c7278/gnocchi.20de7e6d-ed59-431a-9120-4ce53a12af53" "txb2feb5b3075d45bfb065a-0068e94724" "proxy-server 20" 0.0147 "-" 23 0
Oct 10 17:49:24 standalone proxy-server[132450]: 172.18.0.2 172.18.0.100 10/Oct/2025/17/49/24 PUT /v1/AUTH_4a034b86feeb418abfcd525e8e0c7278/gnocchi.20de7e6d-ed59-431a-9120-4ce53a12af53 HTTP/1.0 201 - python-swiftclient-3.11.1 gAAAAABo6UZ1YjFp... - - - txb2feb5b3075d45bfb065a-0068e94724 - 0.0187 - - 1760118564.162973404 1760118564.181691170 0
Oct 10 17:49:24 standalone container-server[130322]: 172.20.0.100 - - [10/Oct/2025:17:49:24 +0000] "HEAD /d1/830/AUTH_4a034b86feeb418abfcd525e8e0c7278/gnocchi.20de7e6d-ed59-431a-9120-4ce53a12af53" 204 - "HEAD http://172.18.0.2:8080/v1/AUTH_4a034b86feeb418abfcd525e8e0c7278/gnocchi.20de7e6d-ed59-431a-9120-4ce53a12af53?format=json&states=listing" "tx49da37772c3d4d828b2cc-0068e94724" "proxy-server 20" 0.0013 "-" 22 0
Oct 10 17:49:24 standalone proxy-server[132450]: - - 10/Oct/2025/17/49/24 HEAD /v1/AUTH_4a034b86feeb418abfcd525e8e0c7278/gnocchi.20de7e6d-ed59-431a-9120-4ce53a12af53%3Fformat%3Djson%26states%3Dlisting HTTP/1.0 204 - Swift - - - - tx49da37772c3d4d828b2cc-0068e94724 - 0.0041 RL - 1760118564.186188698 1760118564.190258265 0
Oct 10 17:49:24 standalone container-server[130353]: 172.20.0.100 - - [10/Oct/2025:17:49:24 +0000] "GET /d1/830/AUTH_4a034b86feeb418abfcd525e8e0c7278/gnocchi.20de7e6d-ed59-431a-9120-4ce53a12af53" 200 2 "GET http://172.18.0.2:8080/v1/AUTH_4a034b86feeb418abfcd525e8e0c7278/gnocchi.20de7e6d-ed59-431a-9120-4ce53a12af53?format=json&states=listing" "tx49da37772c3d4d828b2cc-0068e94724" "proxy-server 20" 0.0015 "-" 23 0
