Oct 10 17:49:25 standalone object-server[130522]: 172.20.0.100 - - [10/Oct/2025:17:49:25 +0000] "GET /d1/168/AUTH_4a034b86feeb418abfcd525e8e0c7278/gnocchi.2cb72e62-6549-4dac-bdef-424cbbcb4e72/1759320000.0_mean_300.0_v3" 404 70 "GET http://172.18.0.2:8080/v1/AUTH_4a034b86feeb418abfcd525e8e0c7278/gnocchi.2cb72e62-6549-4dac-bdef-424cbbcb4e72/1759320000.0_mean_300.0_v3" "tx4d3af2e5a5064a9dbc25d-0068e94725" "proxy-server 20" 0.0003 "-" 23 0
Oct 10 17:49:25 standalone proxy-server[132450]: 172.18.0.2 172.18.0.100 10/Oct/2025/17/49/25 GET /v1/AUTH_4a034b86feeb418abfcd525e8e0c7278/gnocchi.2cb72e62-6549-4dac-bdef-424cbbcb4e72/1759320000.0_mean_300.0_v3 HTTP/1.0 404 - python-swiftclient-3.11.1 gAAAAABo6UZ1YjFp... - 70 - tx4d3af2e5a5064a9dbc25d-0068e94725 - 0.0071 - - 1760118565.095052719 1760118565.102192163 0
Oct 10 17:49:25 standalone container-server[130311]: 172.20.0.100 - - [10/Oct/2025:17:49:25 +0000] "PUT /d1/332/AUTH_4a034b86feeb418abfcd525e8e0c7278/gnocchi.2cb72e62-6549-4dac-bdef-424cbbcb4e72/1759320000.0_mean_300.0_v3" 201 - "PUT http://172.18.0.2:8080/d1/168/AUTH_4a034b86feeb418abfcd525e8e0c7278/gnocchi.2cb72e62-6549-4dac-bdef-424cbbcb4e72/1759320000.0_mean_300.0_v3" "txab11400f1ef54f90bb136-0068e94725" "object-server 25" 0.0009 "-" 20 0
Oct 10 17:49:25 standalone object-server[130529]: 172.20.0.100 - - [10/Oct/2025:17:49:25 +0000] "PUT /d1/168/AUTH_4a034b86feeb418abfcd525e8e0c7278/gnocchi.2cb72e62-6549-4dac-bdef-424cbbcb4e72/1759320000.0_mean_300.0_v3" 201 - "PUT http://172.18.0.2:8080/v1/AUTH_4a034b86feeb418abfcd525e8e0c7278/gnocchi.2cb72e62-6549-4dac-bdef-424cbbcb4e72/1759320000.0_mean_300.0_v3" "txab11400f1ef54f90bb136-0068e94725" "proxy-server 20" 0.0112 "-" 25 0
Oct 10 17:49:25 standalone proxy-server[132450]: 172.18.0.2 172.18.0.100 10/Oct/2025/17/49/25 PUT /v1/AUTH_4a034b86feeb418abfcd525e8e0c7278/gnocchi.2cb72e62-6549-4dac-bdef-424cbbcb4e72/1759320000.0_mean_300.0_v3 HTTP/1.0 201 - python-swiftclient-3.11.1 gAAAAABo6UZ1YjFp... 16 - - txab11400f1ef54f90bb136-0068e94725 - 0.0196 - - 1760118565.106456757 1760118565.126007557 0
Oct 10 17:49:25 standalone container-server[130353]: 172.20.0.100 - - [10/Oct/2025:17:49:25 +0000] "PUT /d1/332/AUTH_4a034b86feeb418abfcd525e8e0c7278/gnocchi.2cb72e62-6549-4dac-bdef-424cbbcb4e72/none_v3" 201 - "PUT http://172.18.0.2:8080/d1/608/AUTH_4a034b86feeb418abfcd525e8e0c7278/gnocchi.2cb72e62-6549-4dac-bdef-424cbbcb4e72/none_v3" "tx0bc2f6af0d544f83a259f-0068e94725" "object-server 24" 0.0008 "-" 23 0
Oct 10 17:49:25 standalone object-server[130526]: 172.20.0.100 - - [10/Oct/2025:17:49:25 +0000] "PUT /d1/608/AUTH_4a034b86feeb418abfcd525e8e0c7278/gnocchi.2cb72e62-6549-4dac-bdef-424cbbcb4e72/none_v3" 201 - "PUT http://172.18.0.2:8080/v1/AUTH_4a034b86feeb418abfcd525e8e0c7278/gnocchi.2cb72e62-6549-4dac-bdef-424cbbcb4e72/none_v3" "tx0bc2f6af0d544f83a259f-0068e94725" "proxy-server 20" 0.0123 "-" 24 0
Oct 10 17:49:25 standalone proxy-server[132450]: 172.18.0.2 172.18.0.100 10/Oct/2025/17/49/25 PUT /v1/AUTH_4a034b86feeb418abfcd525e8e0c7278/gnocchi.2cb72e62-6549-4dac-bdef-424cbbcb4e72/none_v3 HTTP/1.0 201 - python-swiftclient-3.11.1 gAAAAABo6UZ1YjFp... 22 - - tx0bc2f6af0d544f83a259f-0068e94725 - 0.0196 - - 1760118565.129940510 1760118565.149552822 0
Oct 10 17:49:25 standalone container-server[130322]: 172.20.0.100 - - [10/Oct/2025:17:49:25 +0000] "HEAD /d1/772/AUTH_4a034b86feeb418abfcd525e8e0c7278/gnocchi.c5e203f3-d77b-437e-9dfc-8528e848f4f7" 404 - "HEAD http://172.18.0.2:8080/v1/AUTH_4a034b86feeb418abfcd525e8e0c7278/gnocchi.c5e203f3-d77b-437e-9dfc-8528e848f4f7?format=json&states=listing" "txf742b0075df642e3a8e02-0068e94725" "proxy-server 20" 0.0005 "-" 22 0
Oct 10 17:49:25 standalone object-server[130526]: 172.20.0.100 - - [10/Oct/2025:17:49:25 +0000] "GET /d1/600/AUTH_4a034b86feeb418abfcd525e8e0c7278/gnocchi.c5e203f3-d77b-437e-9dfc-8528e848f4f7/none_v3" 404 70 "GET http://172.18.0.2:8080/v1/AUTH_4a034b86feeb418abfcd525e8e0c7278/gnocchi.c5e203f3-d77b-437e-9dfc-8528e848f4f7/none_v3" "txf742b0075df642e3a8e02-0068e94725" "proxy-server 20" 0.0003 "-" 24 0
Oct 10 17:49:25 standalone proxy-server[132450]: 172.18.0.2 172.18.0.100 10/Oct/2025/17/49/25 GET /v1/AUTH_4a034b86feeb418abfcd525e8e0c7278/gnocchi.c5e203f3-d77b-437e-9dfc-8528e848f4f7/none_v3 HTTP/1.0 404 - python-swiftclient-3.11.1 gAAAAABo6UZ1YjFp... - 70 - txf742b0075df642e3a8e02-0068e94725 - 0.0123 - - 1760118565.169694901 1760118565.181967497 0
Oct 10 17:49:25 standalone account-server[130200]: 172.20.0.100 - - [10/Oct/2025:17:49:25 +0000] "PUT /d1/517/AUTH_4a034b86feeb418abfcd525e8e0c7278/gnocchi.c5e203f3-d77b-437e-9dfc-8528e848f4f7" 201 - "PUT http://172.20.0.100:6001/d1/772/AUTH_4a034b86feeb418abfcd525e8e0c7278/gnocchi.c5e203f3-d77b-437e-9dfc-8528e848f4f7" "tx3f6a86a88a1742018b071-0068e94725" "container-server 23" 0.0040 "-" 23 0
Oct 10 17:49:25 standalone container-server[130353]: 172.20.0.100 - - [10/Oct/2025:17:49:25 +0000] "PUT /d1/772/AUTH_4a034b86feeb418abfcd525e8e0c7278/gnocchi.c5e203f3-d77b-437e-9dfc-8528e848f4f7" 201 - "PUT http://172.18.0.2:8080/v1/AUTH_4a034b86feeb418abfcd525e8e0c7278/gnocchi.c5e203f3-d77b-437e-9dfc-8528e848f4f7" "tx3f6a86a88a1742018b071-0068e94725" "proxy-server 20" 0.0193 "-" 23 0
Oct 10 17:49:25 standalone proxy-server[132450]: 172.18.0.2 172.18.0.100 10/Oct/2025/17/49/25 PUT /v1/AUTH_4a034b86feeb418abfcd525e8e0c7278/gnocchi.c5e203f3-d77b-437e-9dfc-8528e848f4f7 HTTP/1.0 201 - python-swiftclient-3.11.1 gAAAAABo6UZ1YjFp... - - - tx3f6a86a88a1742018b071-0068e94725 - 0.0268 - - 1760118565.186173916 1760118565.212971210 0
Oct 10 17:49:25 standalone container-server[130322]: 172.20.0.100 - - [10/Oct/2025:17:49:25 +0000] "HEAD /d1/772/AUTH_4a034b86feeb418abfcd525e8e0c7278/gnocchi.c5e203f3-d77b-437e-9dfc-8528e848f4f7" 204 - "HEAD http://172.18.0.2:8080/v1/AUTH_4a034b86feeb418abfcd525e8e0c7278/gnocchi.c5e203f3-d77b-437e-9dfc-8528e848f4f7?format=json&states=listing" "txf8bad0fa907643bcbe778-0068e94725" "proxy-server 20" 0.0021 "-" 22 0
Oct 10 17:49:25 standalone proxy-server[132450]: - - 10/Oct/2025/17/49/25 HEAD /v1/AUTH_4a034b86feeb418abfcd525e8e0c7278/gnocchi.c5e203f3-d77b-437e-9dfc-8528e848f4f7%3Fformat%3Djson%26states%3Dlisting HTTP/1.0 204 - Swift - - - - txf8bad0fa907643bcbe778-0068e94725 - 0.0051 RL - 1760118565.217835426 1760118565.222903490 0
Oct 10 17:49:25 standalone container-server[130353]: 172.20.0.100 - - [10/Oct/2025:17:49:25 +0000] "GET /d1/772/AUTH_4a034b86feeb418abfcd525e8e0c7278/gnocchi.c5e203f3-d77b-437e-9dfc-8528e848f4f7" 200 2 "GET http://172.18.0.2:8080/v1/AUTH_4a034b86feeb418abfcd525e8e0c7278/gnocchi.c5e203f3-d77b-437e-9dfc-8528e848f4f7?format=json&states=listing" "txf8bad0fa907643bcbe778-0068e94725" "proxy-server 20" 0.0031 "-" 23 0
Oct 10 17:49:25 standalone proxy-server[132450]: 172.18.0.2 172.18.0.100 10/Oct/2025/17/49/25 GET /v1/AUTH_4a034b86feeb418abfcd525e8e0c7278/gnocchi.c5e203f3-d77b-437e-9dfc-8528e848f4f7%3Fformat%3Djson%26states%3Dlisting HTTP/1.0 200 - python-swiftclient-3.11.1 gAAAAABo6UZ1YjFp... - 2 - txf8bad0fa907643bcbe778-0068e94725 - 0.0139 - - 1760118565.216905355 1760118565.230773449 0
Oct 10 17:49:25 standalone object-server[130526]: 172.20.0.100 - - [10/Oct/2025:17:49:25 +0000] "GET /d1/957/AUTH_4a034b86feeb418abfcd525e8e0c7278/gnocchi.c5e203f3-d77b-437e-9dfc-8528e848f4f7/1759320000.0_mean_300.0_v3" 404 70 "GET http://172.18.0.2:8080/v1/AUTH_4a034b86feeb418abfcd525e8e0c7278/gnocchi.c5e203f3-d77b-437e-9dfc-8528e848f4f7/1759320000.0_mean_300.0_v3" "tx57a7526402c84d6e8bcde-0068e94725" "proxy-server 20" 0.0004 "-" 24 0
Oct 10 17:49:25 standalone proxy-server[132450]: 172.18.0.2 172.18.0.100 10/Oct/2025/17/49/25 GET /v1/AUTH_4a034b86feeb418abfcd525e8e0c7278/gnocchi.c5e203f3-d77b-437e-9dfc-8528e848f4f7/1759320000.0_mean_300.0_v3 HTTP/1.0 404 - python-swiftclient-3.11.1 gAAAAABo6UZ1YjFp... - 70 - tx57a7526402c84d6e8bcde-0068e94725 - 0.0056 - - 1760118565.232970953 1760118565.238582850 0
Oct 10 17:49:25 standalone container-server[130353]: 172.20.0.100 - - [10/Oct/2025:17:49:25 +0000] "PUT /d1/772/AUTH_4a034b86feeb418abfcd525e8e0c7278/gnocchi.c5e203f3-d77b-437e-9dfc-8528e848f4f7/1759320000.0_mean_300.0_v3" 201 - "PUT http://172.18.0.2:8080/d1/957/AUTH_4a034b86feeb418abfcd525e8e0c7278/gnocchi.c5e203f3-d77b-437e-9dfc-8528e848f4f7/1759320000.0_mean_300.0_v3" "txb2460c7d203943358d919-0068e94725" "object-server 24" 0.0008 "-" 23 0
Oct 10 17:49:25 standalone object-server[130526]: 172.20.0.100 - - [10/Oct/2025:17:49:25 +0000] "PUT /d1/957/AUTH_4a034b86feeb418abfcd525e8e0c7278/gnocchi.c5e203f3-d77b-437e-9dfc-8528e848f4f7/1759320000.0_mean_300.0_v3" 201 - "PUT http://172.18.0.2:8080/v1/AUTH_4a034b86feeb418abfcd525e8e0c7278/gnocchi.c5e203f3-d77b-437e-9dfc-8528e848f4f7/1759320000.0_mean_300.0_v3" "txb2460c7d203943358d919-0068e94725" "proxy-server 20" 0.0107 "-" 24 0
Oct 10 17:49:25 standalone proxy-server[132450]: 172.18.0.2 172.18.0.100 10/Oct/2025/17/49/25 PUT /v1/AUTH_4a034b86feeb418abfcd525e8e0c7278/gnocchi.c5e203f3-d77b-437e-9dfc-8528e848f4f7/1759320000.0_mean_300.0_v3 HTTP/1.0 201 - python-swiftclient-3.11.1 gAAAAABo6UZ1YjFp... 16 - - txb2460c7d203943358d919-0068e94725 - 0.0152 - - 1760118565.240370274 1760118565.255590916 0
Oct 10 17:49:25 standalone container-server[130353]: 172.20.0.100 - - [10/Oct/2025:17:49:25 +0000] "PUT /d1/772/AUTH_4a034b86feeb418abfcd525e8e0c7278/gnocchi.c5e203f3-d77b-437e-9dfc-8528e848f4f7/none_v3" 201 - "PUT http://172.18.0.2:8080/d1/600/AUTH_4a034b86feeb418abfcd525e8e0c7278/gnocchi.c5e203f3-d77b-437e-9dfc-8528e848f4f7/none_v3" "tx80e66ee7d34046beb8db8-0068e94725" "object-server 24" 0.0005 "-" 23 0
Oct 10 17:49:25 standalone object-server[130526]: 172.20.0.100 - - [10/Oct/2025:17:49:25 +0000] "PUT /d1/600/AUTH_4a034b86feeb418abfcd525e8e0c7278/gnocchi.c5e203f3-d77b-437e-9dfc-8528e848f4f7/none_v3" 201 - "PUT http://172.18.0.2:8080/v1/AUTH_4a034b86feeb418abfcd525e8e0c7278/gnocchi.c5e203f3-d77b-437e-9dfc-8528e848f4f7/none_v3" "tx80e66ee7d34046beb8db8-0068e94725" "proxy-server 20" 0.0096 "-" 24 0
Oct 10 17:49:25 standalone proxy-server[132450]: 172.18.0.2 172.18.0.100 10/Oct/2025/17/49/25 PUT /v1/AUTH_4a034b86feeb418abfcd525e8e0c7278/gnocchi.c5e203f3-d77b-437e-9dfc-8528e848f4f7/none_v3 HTTP/1.0 201 - python-swiftclient-3.11.1 gAAAAABo6UZ1YjFp... 22 - - tx80e66ee7d34046beb8db8-0068e94725 - 0.0161 - - 1760118565.257181883 1760118565.273301840 0
Oct 10 17:49:25 standalone container-server[130353]: 172.20.0.100 - - [10/Oct/2025:17:49:25 +0000] "HEAD /d1/846/AUTH_4a034b86feeb418abfcd525e8e0c7278/gnocchi.7bd5d04b-8610-4538-bf7f-460df8490efa" 404 - "HEAD http://172.18.0.2:8080/v1/AUTH_4a034b86feeb418abfcd525e8e0c7278/gnocchi.7bd5d04b-8610-4538-bf7f-460df8490efa?format=json&states=listing" "tx1c985d738e5b48389f4a9-0068e94725" "proxy-server 20" 0.0005 "-" 23 0
Oct 10 17:49:25 standalone object-server[130522]: 172.20.0.100 - - [10/Oct/2025:17:49:25 +0000] "GET /d1/477/AUTH_4a034b86feeb418abfcd525e8e0c7278/gnocchi.7bd5d04b-8610-4538-bf7f-460df8490efa/none_v3" 404 70 "GET http://172.18.0.2:8080/v1/AUTH_4a034b86feeb418abfcd525e8e0c7278/gnocchi.7bd5d04b-8610-4538-bf7f-460df8490efa/none_v3" "tx1c985d738e5b48389f4a9-0068e94725" "proxy-server 20" 0.0005 "-" 23 0
Oct 10 17:49:25 standalone proxy-server[132450]: 172.18.0.2 172.18.0.100 10/Oct/2025/17/49/25 GET /v1/AUTH_4a034b86feeb418abfcd525e8e0c7278/gnocchi.7bd5d04b-8610-4538-bf7f-460df8490efa/none_v3 HTTP/1.0 404 - python-swiftclient-3.11.1 gAAAAABo6UZ1YjFp... - 70 - tx1c985d738e5b48389f4a9-0068e94725 - 0.0085 - - 1760118565.284249306 1760118565.292773962 0
Oct 10 17:49:25 standalone account-server[130176]: 172.20.0.100 - - [10/Oct/2025:17:49:25 +0000] "PUT /d1/517/AUTH_4a034b86feeb418abfcd525e8e0c7278/gnocchi.7bd5d04b-8610-4538-bf7f-460df8490efa" 201 - "PUT http://172.20.0.100:6001/d1/846/AUTH_4a034b86feeb418abfcd525e8e0c7278/gnocchi.7bd5d04b-8610-4538-bf7f-460df8490efa" "txefa30d48eeb842f384f8d-0068e94725" "container-server 22" 0.0074 "-" 20 0
Oct 10 17:49:25 standalone container-server[130322]: 172.20.0.100 - - [10/Oct/2025:17:49:25 +0000] "PUT /d1/846/AUTH_4a034b86feeb418abfcd525e8e0c7278/gnocchi.7bd5d04b-8610-4538-bf7f-460df8490efa" 201 - "PUT http://172.18.0.2:8080/v1/AUTH_4a034b86feeb418abfcd525e8e0c7278/gnocchi.7bd5d04b-8610-4538-bf7f-460df8490efa" "txefa30d48eeb842f384f8d-0068e94725" "proxy-server 20" 0.0209 "-" 22 0
Oct 10 17:49:25 standalone proxy-server[132450]: 172.18.0.2 172.18.0.100 10/Oct/2025/17/49/25 PUT /v1/AUTH_4a034b86feeb418abfcd525e8e0c7278/gnocchi.7bd5d04b-8610-4538-bf7f-460df8490efa HTTP/1.0 201 - python-swiftclient-3.11.1 gAAAAABo6UZ1YjFp... - - - txefa30d48eeb842f384f8d-0068e94725 - 0.0251 - - 1760118565.294589520 1760118565.319676638 0
Oct 10 17:49:25 standalone container-server[130316]: 172.20.0.100 - - [10/Oct/2025:17:49:25 +0000] "HEAD /d1/846/AUTH_4a034b86feeb418abfcd525e8e0c7278/gnocchi.7bd5d04b-8610-4538-bf7f-460df8490efa" 204 - "HEAD http://172.18.0.2:8080/v1/AUTH_4a034b86feeb418abfcd525e8e0c7278/gnocchi.7bd5d04b-8610-4538-bf7f-460df8490efa?format=json&states=listing" "txfaa87a72a09b46538bf0e-0068e94725" "proxy-server 20" 0.0021 "-" 21 0
Oct 10 17:49:25 standalone proxy-server[132450]: - - 10/Oct/2025/17/49/25 HEAD /v1/AUTH_4a034b86feeb418abfcd525e8e0c7278/gnocchi.7bd5d04b-8610-4538-bf7f-460df8490efa%3Fformat%3Djson%26states%3Dlisting HTTP/1.0 204 - Swift - - - - txfaa87a72a09b46538bf0e-0068e94725 - 0.0055 RL - 1760118565.323064327 1760118565.328570604 0
Oct 10 17:49:25 standalone container-server[130316]: 172.20.0.100 - - [10/Oct/2025:17:49:25 +0000] "GET /d1/846/AUTH_4a034b86feeb418abfcd525e8e0c7278/gnocchi.7bd5d04b-8610-4538-bf7f-460df8490efa" 200 2 "GET http://172.18.0.2:8080/v1/AUTH_4a034b86feeb418abfcd525e8e0c7278/gnocchi.7bd5d04b-8610-4538-bf7f-460df8490efa?format=json&states=listing" "txfaa87a72a09b46538bf0e-0068e94725" "proxy-server 20" 0.0041 "-" 21 0
Oct 10 17:49:25 standalone proxy-server[132450]: 172.18.0.2 172.18.0.100 10/Oct/2025/17/49/25 GET /v1/AUTH_4a034b86feeb418abfcd525e8e0c7278/gnocchi.7bd5d04b-8610-4538-bf7f-460df8490efa%3Fformat%3Djson%26states%3Dlisting HTTP/1.0 200 - python-swiftclient-3.11.1 gAAAAABo6UZ1YjFp... - 2 - txfaa87a72a09b46538bf0e-0068e94725 - 0.0152 - - 1760118565.322211981 1760118565.337421417 0
Oct 10 17:49:25 standalone object-server[130522]: 172.20.0.100 - - [10/Oct/2025:17:49:25 +0000] "GET /d1/164/AUTH_4a034b86feeb418abfcd525e8e0c7278/gnocchi.7bd5d04b-8610-4538-bf7f-460df8490efa/1759320000.0_mean_300.0_v3" 404 70 "GET http://172.18.0.2:8080/v1/AUTH_4a034b86feeb418abfcd525e8e0c7278/gnocchi.7bd5d04b-8610-4538-bf7f-460df8490efa/1759320000.0_mean_300.0_v3" "txfedbc2bf0d8e4fdbad643-0068e94725" "proxy-server 20" 0.0005 "-" 23 0
Oct 10 17:49:25 standalone proxy-server[132450]: 172.18.0.2 172.18.0.100 10/Oct/2025/17/49/25 GET /v1/AUTH_4a034b86feeb418abfcd525e8e0c7278/gnocchi.7bd5d04b-8610-4538-bf7f-460df8490efa/1759320000.0_mean_300.0_v3 HTTP/1.0 404 - python-swiftclient-3.11.1 gAAAAABo6UZ1YjFp... - 70 - txfedbc2bf0d8e4fdbad643-0068e94725 - 0.0050 - - 1760118565.339624643 1760118565.344588518 0
Oct 10 17:49:25 standalone container-server[130322]: 172.20.0.100 - - [10/Oct/2025:17:49:25 +0000] "PUT /d1/846/AUTH_4a034b86feeb418abfcd525e8e0c7278/gnocchi.7bd5d04b-8610-4538-bf7f-460df8490efa/1759320000.0_mean_300.0_v3" 201 - "PUT http://172.18.0.2:8080/d1/164/AUTH_4a034b86feeb418abfcd525e8e0c7278/gnocchi.7bd5d04b-8610-4538-bf7f-460df8490efa/1759320000.0_mean_300.0_v3" "tx5c62a8c541bf4b648ccbd-0068e94725" "object-server 23" 0.0007 "-" 22 0
Oct 10 17:49:25 standalone object-server[130522]: 172.20.0.100 - - [10/Oct/2025:17:49:25 +0000] "PUT /d1/164/AUTH_4a034b86feeb418abfcd525e8e0c7278/gnocchi.7bd5d04b-8610-4538-bf7f-460df8490efa/1759320000.0_mean_300.0_v3" 201 - "PUT http://172.18.0.2:8080/v1/AUTH_4a034b86feeb418abfcd525e8e0c7278/gnocchi.7bd5d04b-8610-4538-bf7f-460df8490efa/1759320000.0_mean_300.0_v3" "tx5c62a8c541bf4b648ccbd-0068e94725" "proxy-server 20" 0.0111 "-" 23 0
Oct 10 17:49:25 standalone proxy-server[132450]: 172.18.0.2 172.18.0.100 10/Oct/2025/17/49/25 PUT /v1/AUTH_4a034b86feeb418abfcd525e8e0c7278/gnocchi.7bd5d04b-8610-4538-bf7f-460df8490efa/1759320000.0_mean_300.0_v3 HTTP/1.0 201 - python-swiftclient-3.11.1 gAAAAABo6UZ1YjFp... 16 - - tx5c62a8c541bf4b648ccbd-0068e94725 - 0.0153 - - 1760118565.346315861 1760118565.361571074 0
Oct 10 17:49:25 standalone container-server[130316]: 172.20.0.100 - - [10/Oct/2025:17:49:25 +0000] "PUT /d1/846/AUTH_4a034b86feeb418abfcd525e8e0c7278/gnocchi.7bd5d04b-8610-4538-bf7f-460df8490efa/none_v3" 201 - "PUT http://172.18.0.2:8080/d1/477/AUTH_4a034b86feeb418abfcd525e8e0c7278/gnocchi.7bd5d04b-8610-4538-bf7f-460df8490efa/none_v3" "tx1e8ca550fe76492e8e466-0068e94725" "object-server 22" 0.0008 "-" 21 0
Oct 10 17:49:25 standalone object-server[130521]: 172.20.0.100 - - [10/Oct/2025:17:49:25 +0000] "PUT /d1/477/AUTH_4a034b86feeb418abfcd525e8e0c7278/gnocchi.7bd5d04b-8610-4538-bf7f-460df8490efa/none_v3" 201 - "PUT http://172.18.0.2:8080/v1/AUTH_4a034b86feeb418abfcd525e8e0c7278/gnocchi.7bd5d04b-8610-4538-bf7f-460df8490efa/none_v3" "tx1e8ca550fe76492e8e466-0068e94725" "proxy-server 20" 0.0104 "-" 22 0
Oct 10 17:49:25 standalone proxy-server[132450]: 172.18.0.2 172.18.0.100 10/Oct/2025/17/49/25 PUT /v1/AUTH_4a034b86feeb418abfcd525e8e0c7278/gnocchi.7bd5d04b-8610-4538-bf7f-460df8490efa/none_v3 HTTP/1.0 201 - python-swiftclient-3.11.1 gAAAAABo6UZ1YjFp... 22 - - tx1e8ca550fe76492e8e466-0068e94725 - 0.0155 - - 1760118565.363219976 1760118565.378719091 0
Oct 10 17:49:25 standalone container-server[130316]: 172.20.0.100 - - [10/Oct/2025:17:49:25 +0000] "HEAD /d1/829/AUTH_4a034b86feeb418abfcd525e8e0c7278/gnocchi.652ae6ca-9427-45d1-b394-a0ce2bb752db" 404 - "HEAD http://172.18.0.2:8080/v1/AUTH_4a034b86feeb418abfcd525e8e0c7278/gnocchi.652ae6ca-9427-45d1-b394-a0ce2bb752db?format=json&states=listing" "tx72ba9e1eb43349ef826bd-0068e94725" "proxy-server 20" 0.0005 "-" 21 0
Oct 10 17:49:25 standalone object-server[130521]: 172.20.0.100 - - [10/Oct/2025:17:49:25 +0000] "GET /d1/826/AUTH_4a034b86feeb418abfcd525e8e0c7278/gnocchi.652ae6ca-9427-45d1-b394-a0ce2bb752db/none_v3" 404 70 "GET http://172.18.0.2:8080/v1/AUTH_4a034b86feeb418abfcd525e8e0c7278/gnocchi.652ae6ca-9427-45d1-b394-a0ce2bb752db/none_v3" "tx72ba9e1eb43349ef826bd-0068e94725" "proxy-server 20" 0.0006 "-" 22 0
Oct 10 17:49:25 standalone proxy-server[132450]: 172.18.0.2 172.18.0.100 10/Oct/2025/17/49/25 GET /v1/AUTH_4a034b86feeb418abfcd525e8e0c7278/gnocchi.652ae6ca-9427-45d1-b394-a0ce2bb752db/none_v3 HTTP/1.0 404 - python-swiftclient-3.11.1 gAAAAABo6UZ1YjFp... - 70 - tx72ba9e1eb43349ef826bd-0068e94725 - 0.0089 - - 1760118565.391269922 1760118565.400120497 0
Oct 10 17:49:25 standalone account-server[130189]: 172.20.0.100 - - [10/Oct/2025:17:49:25 +0000] "PUT /d1/517/AUTH_4a034b86feeb418abfcd525e8e0c7278/gnocchi.652ae6ca-9427-45d1-b394-a0ce2bb752db" 201 - "PUT http://172.20.0.100:6001/d1/829/AUTH_4a034b86feeb418abfcd525e8e0c7278/gnocchi.652ae6ca-9427-45d1-b394-a0ce2bb752db" "tx7d9a32c684a44add8e33f-0068e94725" "container-server 20" 0.0058 "-" 22 0
Oct 10 17:49:25 standalone container-server[130311]: 172.20.0.100 - - [10/Oct/2025:17:49:25 +0000] "PUT /d1/829/AUTH_4a034b86feeb418abfcd525e8e0c7278/gnocchi.652ae6ca-9427-45d1-b394-a0ce2bb752db" 201 - "PUT http://172.18.0.2:8080/v1/AUTH_4a034b86feeb418abfcd525e8e0c7278/gnocchi.652ae6ca-9427-45d1-b394-a0ce2bb752db" "tx7d9a32c684a44add8e33f-0068e94725" "proxy-server 20" 0.0199 "-" 20 0
Oct 10 17:49:25 standalone proxy-server[132450]: 172.18.0.2 172.18.0.100 10/Oct/2025/17/49/25 PUT /v1/AUTH_4a034b86feeb418abfcd525e8e0c7278/gnocchi.652ae6ca-9427-45d1-b394-a0ce2bb752db HTTP/1.0 201 - python-swiftclient-3.11.1 gAAAAABo6UZ1YjFp... - - - tx7d9a32c684a44add8e33f-0068e94725 - 0.0249 - - 1760118565.402568817 1760118565.427421808 0
Oct 10 17:49:25 standalone container-server[130322]: 172.20.0.100 - - [10/Oct/2025:17:49:25 +0000] "HEAD /d1/829/AUTH_4a034b86feeb418abfcd525e8e0c7278/gnocchi.652ae6ca-9427-45d1-b394-a0ce2bb752db" 204 - "HEAD http://172.18.0.2:8080/v1/AUTH_4a034b86feeb418abfcd525e8e0c7278/gnocchi.652ae6ca-9427-45d1-b394-a0ce2bb752db?format=json&states=listing" "tx6ce54d30e94548d1b1e01-0068e94725" "proxy-server 20" 0.0020 "-" 22 0
Oct 10 17:49:25 standalone proxy-server[132450]: - - 10/Oct/2025/17/49/25 HEAD /v1/AUTH_4a034b86feeb418abfcd525e8e0c7278/gnocchi.652ae6ca-9427-45d1-b394-a0ce2bb752db%3Fformat%3Djson%26states%3Dlisting HTTP/1.0 204 - Swift - - - - tx6ce54d30e94548d1b1e01-0068e94725 - 0.0066 RL - 1760118565.431425333 1760118565.437984705 0
Oct 10 17:49:25 standalone container-server[130322]: 172.20.0.100 - - [10/Oct/2025:17:49:25 +0000] "GET /d1/829/AUTH_4a034b86feeb418abfcd525e8e0c7278/gnocchi.652ae6ca-9427-45d1-b394-a0ce2bb752db" 200 2 "GET http://172.18.0.2:8080/v1/AUTH_4a034b86feeb418abfcd525e8e0c7278/gnocchi.652ae6ca-9427-45d1-b394-a0ce2bb752db?format=json&states=listing" "tx6ce54d30e94548d1b1e01-0068e94725" "proxy-server 20" 0.0030 "-" 22 0
Oct 10 17:49:25 standalone proxy-server[132450]: 172.18.0.2 172.18.0.100 10/Oct/2025/17/49/25 GET /v1/AUTH_4a034b86feeb418abfcd525e8e0c7278/gnocchi.652ae6ca-9427-45d1-b394-a0ce2bb752db%3Fformat%3Djson%26states%3Dlisting HTTP/1.0 200 - python-swiftclient-3.11.1 gAAAAABo6UZ1YjFp... - 2 - tx6ce54d30e94548d1b1e01-0068e94725 - 0.0162 - - 1760118565.430414677 1760118565.446584940 0
Oct 10 17:49:25 standalone object-server[130521]: 172.20.0.100 - - [10/Oct/2025:17:49:25 +0000] "GET /d1/618/AUTH_4a034b86feeb418abfcd525e8e0c7278/gnocchi.652ae6ca-9427-45d1-b394-a0ce2bb752db/1759320000.0_mean_300.0_v3" 404 70 "GET http://172.18.0.2:8080/v1/AUTH_4a034b86feeb418abfcd525e8e0c7278/gnocchi.652ae6ca-9427-45d1-b394-a0ce2bb752db/1759320000.0_mean_300.0_v3" "tx3ff10719c0354195812fc-0068e94725" "proxy-server 20" 0.0006 "-" 22 0
Oct 10 17:49:25 standalone proxy-server[132450]: 172.18.0.2 172.18.0.100 10/Oct/2025/17/49/25 GET /v1/AUTH_4a034b86feeb418abfcd525e8e0c7278/gnocchi.652ae6ca-9427-45d1-b394-a0ce2bb752db/1759320000.0_mean_300.0_v3 HTTP/1.0 404 - python-swiftclient-3.11.1 gAAAAABo6UZ1YjFp... - 70 - tx3ff10719c0354195812fc-0068e94725 - 0.0094 - - 1760118565.450309992 1760118565.459722996 0
Oct 10 17:49:25 standalone container-server[130353]: 172.20.0.100 - - [10/Oct/2025:17:49:25 +0000] "PUT /d1/829/AUTH_4a034b86feeb418abfcd525e8e0c7278/gnocchi.652ae6ca-9427-45d1-b394-a0ce2bb752db/1759320000.0_mean_300.0_v3" 201 - "PUT http://172.18.0.2:8080/d1/618/AUTH_4a034b86feeb418abfcd525e8e0c7278/gnocchi.652ae6ca-9427-45d1-b394-a0ce2bb752db/1759320000.0_mean_300.0_v3" "txc4acf61a92a44d54a4e15-0068e94725" "object-server 22" 0.0008 "-" 23 0
Oct 10 17:49:25 standalone object-server[130521]: 172.20.0.100 - - [10/Oct/2025:17:49:25 +0000] "PUT /d1/618/AUTH_4a034b86feeb418abfcd525e8e0c7278/gnocchi.652ae6ca-9427-45d1-b394-a0ce2bb752db/1759320000.0_mean_300.0_v3" 201 - "PUT http://172.18.0.2:8080/v1/AUTH_4a034b86feeb418abfcd525e8e0c7278/gnocchi.652ae6ca-9427-45d1-b394-a0ce2bb752db/1759320000.0_mean_300.0_v3" "txc4acf61a92a44d54a4e15-0068e94725" "proxy-server 20" 0.0137 "-" 22 0
Oct 10 17:49:25 standalone proxy-server[132450]: 172.18.0.2 172.18.0.100 10/Oct/2025/17/49/25 PUT /v1/AUTH_4a034b86feeb418abfcd525e8e0c7278/gnocchi.652ae6ca-9427-45d1-b394-a0ce2bb752db/1759320000.0_mean_300.0_v3 HTTP/1.0 201 - python-swiftclient-3.11.1 gAAAAABo6UZ1YjFp... 16 - - txc4acf61a92a44d54a4e15-0068e94725 - 0.0218 - - 1760118565.464850426 1760118565.486623287 0
Oct 10 17:49:25 standalone container-server[130353]: 172.20.0.100 - - [10/Oct/2025:17:49:25 +0000] "PUT /d1/829/AUTH_4a034b86feeb418abfcd525e8e0c7278/gnocchi.652ae6ca-9427-45d1-b394-a0ce2bb752db/none_v3" 201 - "PUT http://172.18.0.2:8080/d1/826/AUTH_4a034b86feeb418abfcd525e8e0c7278/gnocchi.652ae6ca-9427-45d1-b394-a0ce2bb752db/none_v3" "tx1b6003f2f8454bfbba966-0068e94725" "object-server 25" 0.0007 "-" 23 0
Oct 10 17:49:25 standalone object-server[130529]: 172.20.0.100 - - [10/Oct/2025:17:49:25 +0000] "PUT /d1/826/AUTH_4a034b86feeb418abfcd525e8e0c7278/gnocchi.652ae6ca-9427-45d1-b394-a0ce2bb752db/none_v3" 201 - "PUT http://172.18.0.2:8080/v1/AUTH_4a034b86feeb418abfcd525e8e0c7278/gnocchi.652ae6ca-9427-45d1-b394-a0ce2bb752db/none_v3" "tx1b6003f2f8454bfbba966-0068e94725" "proxy-server 20" 0.0118 "-" 25 0
Oct 10 17:49:25 standalone proxy-server[132450]: 172.18.0.2 172.18.0.100 10/Oct/2025/17/49/25 PUT /v1/AUTH_4a034b86feeb418abfcd525e8e0c7278/gnocchi.652ae6ca-9427-45d1-b394-a0ce2bb752db/none_v3 HTTP/1.0 201 - python-swiftclient-3.11.1 gAAAAABo6UZ1YjFp... 22 - - tx1b6003f2f8454bfbba966-0068e94725 - 0.0204 - - 1760118565.489419937 1760118565.509793282 0
Oct 10 17:49:25 standalone container-server[130316]: 172.20.0.100 - - [10/Oct/2025:17:49:25 +0000] "HEAD /d1/351/AUTH_4a034b86feeb418abfcd525e8e0c7278/gnocchi.c1b9805c-d335-486f-8ab8-d5c1f7bc1a2b" 404 - "HEAD http://172.18.0.2:8080/v1/AUTH_4a034b86feeb418abfcd525e8e0c7278/gnocchi.c1b9805c-d335-486f-8ab8-d5c1f7bc1a2b?format=json&states=listing" "tx040a57b1c16f479bb876c-0068e94725" "proxy-server 20" 0.0005 "-" 21 0
Oct 10 17:49:25 standalone object-server[130521]: 172.20.0.100 - - [10/Oct/2025:17:49:25 +0000] "GET /d1/136/AUTH_4a034b86feeb418abfcd525e8e0c7278/gnocchi.c1b9805c-d335-486f-8ab8-d5c1f7bc1a2b/none_v3" 404 70 "GET http://172.18.0.2:8080/v1/AUTH_4a034b86feeb418abfcd525e8e0c7278/gnocchi.c1b9805c-d335-486f-8ab8-d5c1f7bc1a2b/none_v3" "tx040a57b1c16f479bb876c-0068e94725" "proxy-server 20" 0.0005 "-" 22 0
Oct 10 17:49:25 standalone proxy-server[132450]: 172.18.0.2 172.18.0.100 10/Oct/2025/17/49/25 GET /v1/AUTH_4a034b86feeb418abfcd525e8e0c7278/gnocchi.c1b9805c-d335-486f-8ab8-d5c1f7bc1a2b/none_v3 HTTP/1.0 404 - python-swiftclient-3.11.1 gAAAAABo6UZ1YjFp... - 70 - tx040a57b1c16f479bb876c-0068e94725 - 0.0138 - - 1760118565.520296812 1760118565.534117222 0
Oct 10 17:49:25 standalone account-server[130200]: 172.20.0.100 - - [10/Oct/2025:17:49:25 +0000] "PUT /d1/517/AUTH_4a034b86feeb418abfcd525e8e0c7278/gnocchi.c1b9805c-d335-486f-8ab8-d5c1f7bc1a2b" 201 - "PUT http://172.20.0.100:6001/d1/351/AUTH_4a034b86feeb418abfcd525e8e0c7278/gnocchi.c1b9805c-d335-486f-8ab8-d5c1f7bc1a2b" "tx257d77edb02d43168dc69-0068e94725" "container-server 21" 0.0059 "-" 23 0
Oct 10 17:49:25 standalone container-server[130316]: 172.20.0.100 - - [10/Oct/2025:17:49:25 +0000] "PUT /d1/351/AUTH_4a034b86feeb418abfcd525e8e0c7278/gnocchi.c1b9805c-d335-486f-8ab8-d5c1f7bc1a2b" 201 - "PUT http://172.18.0.2:8080/v1/AUTH_4a034b86feeb418abfcd525e8e0c7278/gnocchi.c1b9805c-d335-486f-8ab8-d5c1f7bc1a2b" "tx257d77edb02d43168dc69-0068e94725" "proxy-server 20" 0.0230 "-" 21 0
Oct 10 17:49:25 standalone proxy-server[132450]: 172.18.0.2 172.18.0.100 10/Oct/2025/17/49/25 PUT /v1/AUTH_4a034b86feeb418abfcd525e8e0c7278/gnocchi.c1b9805c-d335-486f-8ab8-d5c1f7bc1a2b HTTP/1.0 201 - python-swiftclient-3.11.1 gAAAAABo6UZ1YjFp... - - - tx257d77edb02d43168dc69-0068e94725 - 0.0316 - - 1760118565.545331240 1760118565.576905251 0
Oct 10 17:49:25 standalone container-server[130316]: 172.20.0.100 - - [10/Oct/2025:17:49:25 +0000] "HEAD /d1/351/AUTH_4a034b86feeb418abfcd525e8e0c7278/gnocchi.c1b9805c-d335-486f-8ab8-d5c1f7bc1a2b" 204 - "HEAD http://172.18.0.2:8080/v1/AUTH_4a034b86feeb418abfcd525e8e0c7278/gnocchi.c1b9805c-d335-486f-8ab8-d5c1f7bc1a2b?format=json&states=listing" "txfd89d441f8f4473c8b72d-0068e94725" "proxy-server 20" 0.0023 "-" 21 0
Oct 10 17:49:25 standalone proxy-server[132450]: - - 10/Oct/2025/17/49/25 HEAD /v1/AUTH_4a034b86feeb418abfcd525e8e0c7278/gnocchi.c1b9805c-d335-486f-8ab8-d5c1f7bc1a2b%3Fformat%3Djson%26states%3Dlisting HTTP/1.0 204 - Swift - - - - txfd89d441f8f4473c8b72d-0068e94725 - 0.0071 RL - 1760118565.583657026 1760118565.590738058 0
Oct 10 17:49:25 standalone container-server[130311]: 172.20.0.100 - - [10/Oct/2025:17:49:25 +0000] "GET /d1/351/AUTH_4a034b86feeb418abfcd525e8e0c7278/gnocchi.c1b9805c-d335-486f-8ab8-d5c1f7bc1a2b" 200 2 "GET http://172.18.0.2:8080/v1/AUTH_4a034b86feeb418abfcd525e8e0c7278/gnocchi.c1b9805c-d335-486f-8ab8-d5c1f7bc1a2b?format=json&states=listing" "txfd89d441f8f4473c8b72d-0068e94725" "proxy-server 20" 0.0035 "-" 20 0
Oct 10 17:49:25 standalone proxy-server[132450]: 172.18.0.2 172.18.0.100 10/Oct/2025/17/49/25 GET /v1/AUTH_4a034b86feeb418abfcd525e8e0c7278/gnocchi.c1b9805c-d335-486f-8ab8-d5c1f7bc1a2b%3Fformat%3Djson%26states%3Dlisting HTTP/1.0 200 - python-swiftclient-3.11.1 gAAAAABo6UZ1YjFp... - 2 - txfd89d441f8f4473c8b72d-0068e94725 - 0.0211 - - 1760118565.581949472 1760118565.603026867 0
Oct 10 17:49:25 standalone object-server[130526]: 172.20.0.100 - - [10/Oct/2025:17:49:25 +0000] "GET /d1/886/AUTH_4a034b86feeb418abfcd525e8e0c7278/gnocchi.c1b9805c-d335-486f-8ab8-d5c1f7bc1a2b/1759320000.0_mean_300.0_v3" 404 70 "GET http://172.18.0.2:8080/v1/AUTH_4a034b86feeb418abfcd525e8e0c7278/gnocchi.c1b9805c-d335-486f-8ab8-d5c1f7bc1a2b/1759320000.0_mean_300.0_v3" "tx74916cd723ff4b2c93b21-0068e94725" "proxy-server 20" 0.0005 "-" 24 0
Oct 10 17:49:25 standalone proxy-server[132450]: 172.18.0.2 172.18.0.100 10/Oct/2025/17/49/25 GET /v1/AUTH_4a034b86feeb418abfcd525e8e0c7278/gnocchi.c1b9805c-d335-486f-8ab8-d5c1f7bc1a2b/1759320000.0_mean_300.0_v3 HTTP/1.0 404 - python-swiftclient-3.11.1 gAAAAABo6UZ1YjFp... - 70 - tx74916cd723ff4b2c93b21-0068e94725 - 0.0080 - - 1760118565.607897282 1760118565.615853071 0
Oct 10 17:49:25 standalone container-server[130316]: 172.20.0.100 - - [10/Oct/2025:17:49:25 +0000] "PUT /d1/351/AUTH_4a034b86feeb418abfcd525e8e0c7278/gnocchi.c1b9805c-d335-486f-8ab8-d5c1f7bc1a2b/1759320000.0_mean_300.0_v3" 201 - "PUT http://172.18.0.2:8080/d1/886/AUTH_4a034b86feeb418abfcd525e8e0c7278/gnocchi.c1b9805c-d335-486f-8ab8-d5c1f7bc1a2b/1759320000.0_mean_300.0_v3" "tx1add1e583d1343a49c07a-0068e94725" "object-server 22" 0.0011 "-" 21 0
Oct 10 17:49:25 standalone object-server[130521]: 172.20.0.100 - - [10/Oct/2025:17:49:25 +0000] "PUT /d1/886/AUTH_4a034b86feeb418abfcd525e8e0c7278/gnocchi.c1b9805c-d335-486f-8ab8-d5c1f7bc1a2b/1759320000.0_mean_300.0_v3" 201 - "PUT http://172.18.0.2:8080/v1/AUTH_4a034b86feeb418abfcd525e8e0c7278/gnocchi.c1b9805c-d335-486f-8ab8-d5c1f7bc1a2b/1759320000.0_mean_300.0_v3" "tx1add1e583d1343a49c07a-0068e94725" "proxy-server 20" 0.0132 "-" 22 0
Oct 10 17:49:25 standalone proxy-server[132450]: 172.18.0.2 172.18.0.100 10/Oct/2025/17/49/25 PUT /v1/AUTH_4a034b86feeb418abfcd525e8e0c7278/gnocchi.c1b9805c-d335-486f-8ab8-d5c1f7bc1a2b/1759320000.0_mean_300.0_v3 HTTP/1.0 201 - python-swiftclient-3.11.1 gAAAAABo6UZ1YjFp... 16 - - tx1add1e583d1343a49c07a-0068e94725 - 0.0218 - - 1760118565.618876457 1760118565.640666723 0
Oct 10 17:49:25 standalone container-server[130353]: 172.20.0.100 - - [10/Oct/2025:17:49:25 +0000] "PUT /d1/351/AUTH_4a034b86feeb418abfcd525e8e0c7278/gnocchi.c1b9805c-d335-486f-8ab8-d5c1f7bc1a2b/none_v3" 201 - "PUT http://172.18.0.2:8080/d1/136/AUTH_4a034b86feeb418abfcd525e8e0c7278/gnocchi.c1b9805c-d335-486f-8ab8-d5c1f7bc1a2b/none_v3" "tx145736b139cd4c33b781c-0068e94725" "object-server 22" 0.0010 "-" 23 0
Oct 10 17:49:25 standalone object-server[130521]: 172.20.0.100 - - [10/Oct/2025:17:49:25 +0000] "PUT /d1/136/AUTH_4a034b86feeb418abfcd525e8e0c7278/gnocchi.c1b9805c-d335-486f-8ab8-d5c1f7bc1a2b/none_v3" 201 - "PUT http://172.18.0.2:8080/v1/AUTH_4a034b86feeb418abfcd525e8e0c7278/gnocchi.c1b9805c-d335-486f-8ab8-d5c1f7bc1a2b/none_v3" "tx145736b139cd4c33b781c-0068e94725" "proxy-server 20" 0.0109 "-" 22 0
Oct 10 17:49:25 standalone proxy-server[132450]: 172.18.0.2 172.18.0.100 10/Oct/2025/17/49/25 PUT /v1/AUTH_4a034b86feeb418abfcd525e8e0c7278/gnocchi.c1b9805c-d335-486f-8ab8-d5c1f7bc1a2b/none_v3 HTTP/1.0 201 - python-swiftclient-3.11.1 gAAAAABo6UZ1YjFp... 22 - - tx145736b139cd4c33b781c-0068e94725 - 0.0195 - - 1760118565.643604994 1760118565.663129091 0
Oct 10 17:49:25 standalone container-server[130322]: 172.20.0.100 - - [10/Oct/2025:17:49:25 +0000] "HEAD /d1/687/AUTH_4a034b86feeb418abfcd525e8e0c7278/gnocchi.b9834b8a-0fb6-4b66-8d0a-d69f5a5f3d4b" 404 - "HEAD http://172.18.0.2:8080/v1/AUTH_4a034b86feeb418abfcd525e8e0c7278/gnocchi.b9834b8a-0fb6-4b66-8d0a-d69f5a5f3d4b?format=json&states=listing" "tx02272233479a4a95bf6e5-0068e94725" "proxy-server 20" 0.0006 "-" 22 0
Oct 10 17:49:25 standalone object-server[130521]: 172.20.0.100 - - [10/Oct/2025:17:49:25 +0000] "GET /d1/694/AUTH_4a034b86feeb418abfcd525e8e0c7278/gnocchi.b9834b8a-0fb6-4b66-8d0a-d69f5a5f3d4b/none_v3" 404 70 "GET http://172.18.0.2:8080/v1/AUTH_4a034b86feeb418abfcd525e8e0c7278/gnocchi.b9834b8a-0fb6-4b66-8d0a-d69f5a5f3d4b/none_v3" "tx02272233479a4a95bf6e5-0068e94725" "proxy-server 20" 0.0005 "-" 22 0
Oct 10 17:49:25 standalone proxy-server[132450]: 172.18.0.2 172.18.0.100 10/Oct/2025/17/49/25 GET /v1/AUTH_4a034b86feeb418abfcd525e8e0c7278/gnocchi.b9834b8a-0fb6-4b66-8d0a-d69f5a5f3d4b/none_v3 HTTP/1.0 404 - python-swiftclient-3.11.1 gAAAAABo6UZ1YjFp... - 70 - tx02272233479a4a95bf6e5-0068e94725 - 0.0171 - - 1760118565.674741268 1760118565.691848516 0
Oct 10 17:49:25 standalone account-server[130189]: 172.20.0.100 - - [10/Oct/2025:17:49:25 +0000] "PUT /d1/517/AUTH_4a034b86feeb418abfcd525e8e0c7278/gnocchi.b9834b8a-0fb6-4b66-8d0a-d69f5a5f3d4b" 201 - "PUT http://172.20.0.100:6001/d1/687/AUTH_4a034b86feeb418abfcd525e8e0c7278/gnocchi.b9834b8a-0fb6-4b66-8d0a-d69f5a5f3d4b" "tx747731ac6a394f01bf2e2-0068e94725" "container-server 23" 0.0064 "-" 22 0
Oct 10 17:49:25 standalone container-server[130353]: 172.20.0.100 - - [10/Oct/2025:17:49:25 +0000] "PUT /d1/687/AUTH_4a034b86feeb418abfcd525e8e0c7278/gnocchi.b9834b8a-0fb6-4b66-8d0a-d69f5a5f3d4b" 201 - "PUT http://172.18.0.2:8080/v1/AUTH_4a034b86feeb418abfcd525e8e0c7278/gnocchi.b9834b8a-0fb6-4b66-8d0a-d69f5a5f3d4b" "tx747731ac6a394f01bf2e2-0068e94725" "proxy-server 20" 0.0200 "-" 23 0
Oct 10 17:49:25 standalone proxy-server[132450]: 172.18.0.2 172.18.0.100 10/Oct/2025/17/49/25 PUT /v1/AUTH_4a034b86feeb418abfcd525e8e0c7278/gnocchi.b9834b8a-0fb6-4b66-8d0a-d69f5a5f3d4b HTTP/1.0 201 - python-swiftclient-3.11.1 gAAAAABo6UZ1YjFp... - - - tx747731ac6a394f01bf2e2-0068e94725 - 0.0261 - - 1760118565.694582939 1760118565.720708370 0
Oct 10 17:49:25 standalone container-server[130353]: 172.20.0.100 - - [10/Oct/2025:17:49:25 +0000] "HEAD /d1/455/AUTH_4a034b86feeb418abfcd525e8e0c7278/gnocchi.c62f62f2-5d71-4847-aeb1-afb4b9aeeacb" 404 - "HEAD http://172.18.0.2:8080/v1/AUTH_4a034b86feeb418abfcd525e8e0c7278/gnocchi.c62f62f2-5d71-4847-aeb1-afb4b9aeeacb?format=json&states=listing" "tx96fa05875e354e51a2829-0068e94725" "proxy-server 20" 0.0006 "-" 23 0
Oct 10 17:49:25 standalone object-server[130521]: 172.20.0.100 - - [10/Oct/2025:17:49:25 +0000] "GET /d1/711/AUTH_4a034b86feeb418abfcd525e8e0c7278/gnocchi.c62f62f2-5d71-4847-aeb1-afb4b9aeeacb/none_v3" 404 70 "GET http://172.18.0.2:8080/v1/AUTH_4a034b86feeb418abfcd525e8e0c7278/gnocchi.c62f62f2-5d71-4847-aeb1-afb4b9aeeacb/none_v3" "tx96fa05875e354e51a2829-0068e94725" "proxy-server 20" 0.0006 "-" 22 0
Oct 10 17:49:25 standalone proxy-server[132450]: 172.18.0.2 172.18.0.100 10/Oct/2025/17/49/25 GET /v1/AUTH_4a034b86feeb418abfcd525e8e0c7278/gnocchi.c62f62f2-5d71-4847-aeb1-afb4b9aeeacb/none_v3 HTTP/1.0 404 - python-swiftclient-3.11.1 gAAAAABo6UZ1YjFp... - 70 - tx96fa05875e354e51a2829-0068e94725 - 0.0101 - - 1760118565.723014593 1760118565.733162403 0
Oct 10 17:49:25 standalone account-server[130176]: 172.20.0.100 - - [10/Oct/2025:17:49:25 +0000] "PUT /d1/517/AUTH_4a034b86feeb418abfcd525e8e0c7278/gnocchi.c62f62f2-5d71-4847-aeb1-afb4b9aeeacb" 201 - "PUT http://172.20.0.100:6001/d1/455/AUTH_4a034b86feeb418abfcd525e8e0c7278/gnocchi.c62f62f2-5d71-4847-aeb1-afb4b9aeeacb" "tx973fc300fdf346e1b8890-0068e94725" "container-server 21" 0.0052 "-" 20 0
Oct 10 17:49:25 standalone container-server[130316]: 172.20.0.100 - - [10/Oct/2025:17:49:25 +0000] "PUT /d1/455/AUTH_4a034b86feeb418abfcd525e8e0c7278/gnocchi.c62f62f2-5d71-4847-aeb1-afb4b9aeeacb" 201 - "PUT http://172.18.0.2:8080/v1/AUTH_4a034b86feeb418abfcd525e8e0c7278/gnocchi.c62f62f2-5d71-4847-aeb1-afb4b9aeeacb" "tx973fc300fdf346e1b8890-0068e94725" "proxy-server 20" 0.0168 "-" 21 0
Oct 10 17:49:25 standalone proxy-server[132450]: 172.18.0.2 172.18.0.100 10/Oct/2025/17/49/25 PUT /v1/AUTH_4a034b86feeb418abfcd525e8e0c7278/gnocchi.c62f62f2-5d71-4847-aeb1-afb4b9aeeacb HTTP/1.0 201 - python-swiftclient-3.11.1 gAAAAABo6UZ1YjFp... - - - tx973fc300fdf346e1b8890-0068e94725 - 0.0221 - - 1760118565.736045837 1760118565.758175373 0
Oct 10 17:49:25 standalone container-server[130353]: 172.20.0.100 - - [10/Oct/2025:17:49:25 +0000] "HEAD /d1/687/AUTH_4a034b86feeb418abfcd525e8e0c7278/gnocchi.b9834b8a-0fb6-4b66-8d0a-d69f5a5f3d4b" 204 - "HEAD http://172.18.0.2:8080/v1/AUTH_4a034b86feeb418abfcd525e8e0c7278/gnocchi.b9834b8a-0fb6-4b66-8d0a-d69f5a5f3d4b?format=json&states=listing" "tx84a6fb6ea500455db49ff-0068e94725" "proxy-server 20" 0.0033 "-" 23 0
Oct 10 17:49:25 standalone proxy-server[132450]: - - 10/Oct/2025/17/49/25 HEAD /v1/AUTH_4a034b86feeb418abfcd525e8e0c7278/gnocchi.b9834b8a-0fb6-4b66-8d0a-d69f5a5f3d4b%3Fformat%3Djson%26states%3Dlisting HTTP/1.0 204 - Swift - - - - tx84a6fb6ea500455db49ff-0068e94725 - 0.0081 RL - 1760118565.762251854 1760118565.770318508 0
Oct 10 17:49:25 standalone container-server[130316]: 172.20.0.100 - - [10/Oct/2025:17:49:25 +0000] "GET /d1/687/AUTH_4a034b86feeb418abfcd525e8e0c7278/gnocchi.b9834b8a-0fb6-4b66-8d0a-d69f5a5f3d4b" 200 2 "GET http://172.18.0.2:8080/v1/AUTH_4a034b86feeb418abfcd525e8e0c7278/gnocchi.b9834b8a-0fb6-4b66-8d0a-d69f5a5f3d4b?format=json&states=listing" "tx84a6fb6ea500455db49ff-0068e94725" "proxy-server 20" 0.0037 "-" 21 0
Oct 10 17:49:25 standalone proxy-server[132450]: 172.18.0.2 172.18.0.100 10/Oct/2025/17/49/25 GET /v1/AUTH_4a034b86feeb418abfcd525e8e0c7278/gnocchi.b9834b8a-0fb6-4b66-8d0a-d69f5a5f3d4b%3Fformat%3Djson%26states%3Dlisting HTTP/1.0 200 - python-swiftclient-3.11.1 gAAAAABo6UZ1YjFp... - 2 - tx84a6fb6ea500455db49ff-0068e94725 - 0.0249 - - 1760118565.761044979 1760118565.785942793 0
Oct 10 17:49:25 standalone container-server[130353]: 172.20.0.100 - - [10/Oct/2025:17:49:25 +0000] "HEAD /d1/455/AUTH_4a034b86feeb418abfcd525e8e0c7278/gnocchi.c62f62f2-5d71-4847-aeb1-afb4b9aeeacb" 204 - "HEAD http://172.18.0.2:8080/v1/AUTH_4a034b86feeb418abfcd525e8e0c7278/gnocchi.c62f62f2-5d71-4847-aeb1-afb4b9aeeacb?format=json&states=listing" "txeb92bafa012c44ecb1bd0-0068e94725" "proxy-server 20" 0.0021 "-" 23 0
Oct 10 17:49:25 standalone proxy-server[132450]: - - 10/Oct/2025/17/49/25 HEAD /v1/AUTH_4a034b86feeb418abfcd525e8e0c7278/gnocchi.c62f62f2-5d71-4847-aeb1-afb4b9aeeacb%3Fformat%3Djson%26states%3Dlisting HTTP/1.0 204 - Swift - - - - txeb92bafa012c44ecb1bd0-0068e94725 - 0.0054 RL - 1760118565.790387869 1760118565.795817614 0
Oct 10 17:49:25 standalone container-server[130311]: 172.20.0.100 - - [10/Oct/2025:17:49:25 +0000] "GET /d1/455/AUTH_4a034b86feeb418abfcd525e8e0c7278/gnocchi.c62f62f2-5d71-4847-aeb1-afb4b9aeeacb" 200 2 "GET http://172.18.0.2:8080/v1/AUTH_4a034b86feeb418abfcd525e8e0c7278/gnocchi.c62f62f2-5d71-4847-aeb1-afb4b9aeeacb?format=json&states=listing" "txeb92bafa012c44ecb1bd0-0068e94725" "proxy-server 20" 0.0033 "-" 20 0
Oct 10 17:49:25 standalone proxy-server[132450]: 172.18.0.2 172.18.0.100 10/Oct/2025/17/49/25 GET /v1/AUTH_4a034b86feeb418abfcd525e8e0c7278/gnocchi.c62f62f2-5d71-4847-aeb1-afb4b9aeeacb%3Fformat%3Djson%26states%3Dlisting HTTP/1.0 200 - python-swiftclient-3.11.1 gAAAAABo6UZ1YjFp... - 2 - txeb92bafa012c44ecb1bd0-0068e94725 - 0.0167 - - 1760118565.789318562 1760118565.805970907 0
Oct 10 17:49:25 standalone object-server[130522]: 172.20.0.100 - - [10/Oct/2025:17:49:25 +0000] "GET /d1/747/AUTH_4a034b86feeb418abfcd525e8e0c7278/gnocchi.b9834b8a-0fb6-4b66-8d0a-d69f5a5f3d4b/1759320000.0_mean_300.0_v3" 404 70 "GET http://172.18.0.2:8080/v1/AUTH_4a034b86feeb418abfcd525e8e0c7278/gnocchi.b9834b8a-0fb6-4b66-8d0a-d69f5a5f3d4b/1759320000.0_mean_300.0_v3" "tx0e2f6839f7ae45369f232-0068e94725" "proxy-server 20" 0.0007 "-" 23 0
Oct 10 17:49:25 standalone proxy-server[132450]: 172.18.0.2 172.18.0.100 10/Oct/2025/17/49/25 GET /v1/AUTH_4a034b86feeb418abfcd525e8e0c7278/gnocchi.b9834b8a-0fb6-4b66-8d0a-d69f5a5f3d4b/1759320000.0_mean_300.0_v3 HTTP/1.0 404 - python-swiftclient-3.11.1 gAAAAABo6UZ1YjFp... - 70 - tx0e2f6839f7ae45369f232-0068e94725 - 0.0079 - - 1760118565.808385134 1760118565.816280127 0
Oct 10 17:49:25 standalone object-server[130521]: 172.20.0.100 - - [10/Oct/2025:17:49:25 +0000] "GET /d1/499/AUTH_4a034b86feeb418abfcd525e8e0c7278/gnocchi.c62f62f2-5d71-4847-aeb1-afb4b9aeeacb/1759320000.0_mean_300.0_v3" 404 70 "GET http://172.18.0.2:8080/v1/AUTH_4a034b86feeb418abfcd525e8e0c7278/gnocchi.c62f62f2-5d71-4847-aeb1-afb4b9aeeacb/1759320000.0_mean_300.0_v3" "tx119604eaaf9746ffbfcd9-0068e94725" "proxy-server 20" 0.0004 "-" 22 0
Oct 10 17:49:25 standalone proxy-server[132450]: 172.18.0.2 172.18.0.100 10/Oct/2025/17/49/25 GET /v1/AUTH_4a034b86feeb418abfcd525e8e0c7278/gnocchi.c62f62f2-5d71-4847-aeb1-afb4b9aeeacb/1759320000.0_mean_300.0_v3 HTTP/1.0 404 - python-swiftclient-3.11.1 gAAAAABo6UZ1YjFp... - 70 - tx119604eaaf9746ffbfcd9-0068e94725 - 0.0053 - - 1760118565.821130514 1760118565.826417446 0
Oct 10 17:49:25 standalone container-server[130311]: 172.20.0.100 - - [10/Oct/2025:17:49:25 +0000] "PUT /d1/687/AUTH_4a034b86feeb418abfcd525e8e0c7278/gnocchi.b9834b8a-0fb6-4b66-8d0a-d69f5a5f3d4b/1759320000.0_mean_300.0_v3" 201 - "PUT http://172.18.0.2:8080/d1/747/AUTH_4a034b86feeb418abfcd525e8e0c7278/gnocchi.b9834b8a-0fb6-4b66-8d0a-d69f5a5f3d4b/1759320000.0_mean_300.0_v3" "tx5a9a1e7e679748168d479-0068e94725" "object-server 23" 0.0011 "-" 20 0
Oct 10 17:49:25 standalone object-server[130522]: 172.20.0.100 - - [10/Oct/2025:17:49:25 +0000] "PUT /d1/747/AUTH_4a034b86feeb418abfcd525e8e0c7278/gnocchi.b9834b8a-0fb6-4b66-8d0a-d69f5a5f3d4b/1759320000.0_mean_300.0_v3" 201 - "PUT http://172.18.0.2:8080/v1/AUTH_4a034b86feeb418abfcd525e8e0c7278/gnocchi.b9834b8a-0fb6-4b66-8d0a-d69f5a5f3d4b/1759320000.0_mean_300.0_v3" "tx5a9a1e7e679748168d479-0068e94725" "proxy-server 20" 0.0153 "-" 23 0
Oct 10 17:49:25 standalone proxy-server[132450]: 172.18.0.2 172.18.0.100 10/Oct/2025/17/49/25 PUT /v1/AUTH_4a034b86feeb418abfcd525e8e0c7278/gnocchi.b9834b8a-0fb6-4b66-8d0a-d69f5a5f3d4b/1759320000.0_mean_300.0_v3 HTTP/1.0 201 - python-swiftclient-3.11.1 gAAAAABo6UZ1YjFp... 16 - - tx5a9a1e7e679748168d479-0068e94725 - 0.0210 - - 1760118565.830208063 1760118565.851175785 0
Oct 10 17:49:25 standalone container-server[130353]: 172.20.0.100 - - [10/Oct/2025:17:49:25 +0000] "PUT /d1/455/AUTH_4a034b86feeb418abfcd525e8e0c7278/gnocchi.c62f62f2-5d71-4847-aeb1-afb4b9aeeacb/1759320000.0_mean_300.0_v3" 201 - "PUT http://172.18.0.2:8080/d1/499/AUTH_4a034b86feeb418abfcd525e8e0c7278/gnocchi.c62f62f2-5d71-4847-aeb1-afb4b9aeeacb/1759320000.0_mean_300.0_v3" "tx921022f6e2bf4b54817b4-0068e94725" "object-server 24" 0.0005 "-" 23 0
Oct 10 17:49:25 standalone object-server[130526]: 172.20.0.100 - - [10/Oct/2025:17:49:25 +0000] "PUT /d1/499/AUTH_4a034b86feeb418abfcd525e8e0c7278/gnocchi.c62f62f2-5d71-4847-aeb1-afb4b9aeeacb/1759320000.0_mean_300.0_v3" 201 - "PUT http://172.18.0.2:8080/v1/AUTH_4a034b86feeb418abfcd525e8e0c7278/gnocchi.c62f62f2-5d71-4847-aeb1-afb4b9aeeacb/1759320000.0_mean_300.0_v3" "tx921022f6e2bf4b54817b4-0068e94725" "proxy-server 20" 0.0085 "-" 24 0
Oct 10 17:49:25 standalone proxy-server[132450]: 172.18.0.2 172.18.0.100 10/Oct/2025/17/49/25 PUT /v1/AUTH_4a034b86feeb418abfcd525e8e0c7278/gnocchi.c62f62f2-5d71-4847-aeb1-afb4b9aeeacb/1759320000.0_mean_300.0_v3 HTTP/1.0 201 - python-swiftclient-3.11.1 gAAAAABo6UZ1YjFp... 16 - - tx921022f6e2bf4b54817b4-0068e94725 - 0.0135 - - 1760118565.854359150 1760118565.867854118 0
Oct 10 17:49:25 standalone container-server[130311]: 172.20.0.100 - - [10/Oct/2025:17:49:25 +0000] "PUT /d1/687/AUTH_4a034b86feeb418abfcd525e8e0c7278/gnocchi.b9834b8a-0fb6-4b66-8d0a-d69f5a5f3d4b/none_v3" 201 - "PUT http://172.18.0.2:8080/d1/694/AUTH_4a034b86feeb418abfcd525e8e0c7278/gnocchi.b9834b8a-0fb6-4b66-8d0a-d69f5a5f3d4b/none_v3" "txc02ab6f2c5314b0c8cd8d-0068e94725" "object-server 23" 0.0009 "-" 20 0
Oct 10 17:49:25 standalone object-server[130522]: 172.20.0.100 - - [10/Oct/2025:17:49:25 +0000] "PUT /d1/694/AUTH_4a034b86feeb418abfcd525e8e0c7278/gnocchi.b9834b8a-0fb6-4b66-8d0a-d69f5a5f3d4b/none_v3" 201 - "PUT http://172.18.0.2:8080/v1/AUTH_4a034b86feeb418abfcd525e8e0c7278/gnocchi.b9834b8a-0fb6-4b66-8d0a-d69f5a5f3d4b/none_v3" "txc02ab6f2c5314b0c8cd8d-0068e94725" "proxy-server 20" 0.0090 "-" 23 0
Oct 10 17:49:25 standalone proxy-server[132450]: 172.18.0.2 172.18.0.100 10/Oct/2025/17/49/25 PUT /v1/AUTH_4a034b86feeb418abfcd525e8e0c7278/gnocchi.b9834b8a-0fb6-4b66-8d0a-d69f5a5f3d4b/none_v3 HTTP/1.0 201 - python-swiftclient-3.11.1 gAAAAABo6UZ1YjFp... 22 - - txc02ab6f2c5314b0c8cd8d-0068e94725 - 0.0140 - - 1760118565.871487379 1760118565.885526180 0
Oct 10 17:49:25 standalone container-server[130353]: 172.20.0.100 - - [10/Oct/2025:17:49:25 +0000] "PUT /d1/455/AUTH_4a034b86feeb418abfcd525e8e0c7278/gnocchi.c62f62f2-5d71-4847-aeb1-afb4b9aeeacb/none_v3" 201 - "PUT http://172.18.0.2:8080/d1/711/AUTH_4a034b86feeb418abfcd525e8e0c7278/gnocchi.c62f62f2-5d71-4847-aeb1-afb4b9aeeacb/none_v3" "tx24bf7b8abd9e498b83f78-0068e94725" "object-server 22" 0.0009 "-" 23 0
Oct 10 17:49:25 standalone object-server[130521]: 172.20.0.100 - - [10/Oct/2025:17:49:25 +0000] "PUT /d1/711/AUTH_4a034b86feeb418abfcd525e8e0c7278/gnocchi.c62f62f2-5d71-4847-aeb1-afb4b9aeeacb/none_v3" 201 - "PUT http://172.18.0.2:8080/v1/AUTH_4a034b86feeb418abfcd525e8e0c7278/gnocchi.c62f62f2-5d71-4847-aeb1-afb4b9aeeacb/none_v3" "tx24bf7b8abd9e498b83f78-0068e94725" "proxy-server 20" 0.0095 "-" 22 0
Oct 10 17:49:25 standalone proxy-server[132450]: 172.18.0.2 172.18.0.100 10/Oct/2025/17/49/25 PUT /v1/AUTH_4a034b86feeb418abfcd525e8e0c7278/gnocchi.c62f62f2-5d71-4847-aeb1-afb4b9aeeacb/none_v3 HTTP/1.0 201 - python-swiftclient-3.11.1 gAAAAABo6UZ1YjFp... 22 - - tx24bf7b8abd9e498b83f78-0068e94725 - 0.0146 - - 1760118565.888490200 1760118565.903130531 0
Oct 10 17:49:25 standalone container-server[130353]: 172.20.0.100 - - [10/Oct/2025:17:49:25 +0000] "HEAD /d1/964/AUTH_4a034b86feeb418abfcd525e8e0c7278/gnocchi.1badb23c-57d8-43d8-ac3f-8515633c9a82" 404 - "HEAD http://172.18.0.2:8080/v1/AUTH_4a034b86feeb418abfcd525e8e0c7278/gnocchi.1badb23c-57d8-43d8-ac3f-8515633c9a82?format=json&states=listing" "txb3feb6f98fc641b9bf19b-0068e94725" "proxy-server 20" 0.0004 "-" 23 0
Oct 10 17:49:25 standalone object-server[130522]: 172.20.0.100 - - [10/Oct/2025:17:49:25 +0000] "GET /d1/479/AUTH_4a034b86feeb418abfcd525e8e0c7278/gnocchi.1badb23c-57d8-43d8-ac3f-8515633c9a82/none_v3" 404 70 "GET http://172.18.0.2:8080/v1/AUTH_4a034b86feeb418abfcd525e8e0c7278/gnocchi.1badb23c-57d8-43d8-ac3f-8515633c9a82/none_v3" "txb3feb6f98fc641b9bf19b-0068e94725" "proxy-server 20" 0.0004 "-" 23 0
Oct 10 17:49:25 standalone proxy-server[132450]: 172.18.0.2 172.18.0.100 10/Oct/2025/17/49/25 GET /v1/AUTH_4a034b86feeb418abfcd525e8e0c7278/gnocchi.1badb23c-57d8-43d8-ac3f-8515633c9a82/none_v3 HTTP/1.0 404 - python-swiftclient-3.11.1 gAAAAABo6UZ1YjFp... - 70 - txb3feb6f98fc641b9bf19b-0068e94725 - 0.0084 - - 1760118565.916066408 1760118565.924480438 0
Oct 10 17:49:25 standalone account-server[130200]: 172.20.0.100 - - [10/Oct/2025:17:49:25 +0000] "PUT /d1/517/AUTH_4a034b86feeb418abfcd525e8e0c7278/gnocchi.1badb23c-57d8-43d8-ac3f-8515633c9a82" 201 - "PUT http://172.20.0.100:6001/d1/964/AUTH_4a034b86feeb418abfcd525e8e0c7278/gnocchi.1badb23c-57d8-43d8-ac3f-8515633c9a82" "tx8d07799c4fd648749ba17-0068e94725" "container-server 22" 0.0046 "-" 23 0
Oct 10 17:49:25 standalone container-server[130322]: 172.20.0.100 - - [10/Oct/2025:17:49:25 +0000] "PUT /d1/964/AUTH_4a034b86feeb418abfcd525e8e0c7278/gnocchi.1badb23c-57d8-43d8-ac3f-8515633c9a82" 201 - "PUT http://172.18.0.2:8080/v1/AUTH_4a034b86feeb418abfcd525e8e0c7278/gnocchi.1badb23c-57d8-43d8-ac3f-8515633c9a82" "tx8d07799c4fd648749ba17-0068e94725" "proxy-server 20" 0.0262 "-" 22 0
Oct 10 17:49:25 standalone proxy-server[132450]: 172.18.0.2 172.18.0.100 10/Oct/2025/17/49/25 PUT /v1/AUTH_4a034b86feeb418abfcd525e8e0c7278/gnocchi.1badb23c-57d8-43d8-ac3f-8515633c9a82 HTTP/1.0 201 - python-swiftclient-3.11.1 gAAAAABo6UZ1YjFp... - - - tx8d07799c4fd648749ba17-0068e94725 - 0.0302 - - 1760118565.927555084 1760118565.957743645 0
Oct 10 17:49:25 standalone container-server[130353]: 172.20.0.100 - - [10/Oct/2025:17:49:25 +0000] "HEAD /d1/964/AUTH_4a034b86feeb418abfcd525e8e0c7278/gnocchi.1badb23c-57d8-43d8-ac3f-8515633c9a82" 204 - "HEAD http://172.18.0.2:8080/v1/AUTH_4a034b86feeb418abfcd525e8e0c7278/gnocchi.1badb23c-57d8-43d8-ac3f-8515633c9a82?format=json&states=listing" "tx88b8d6a0655644c69e7ea-0068e94725" "proxy-server 20" 0.0024 "-" 23 0
Oct 10 17:49:25 standalone proxy-server[132450]: - - 10/Oct/2025/17/49/25 HEAD /v1/AUTH_4a034b86feeb418abfcd525e8e0c7278/gnocchi.1badb23c-57d8-43d8-ac3f-8515633c9a82%3Fformat%3Djson%26states%3Dlisting HTTP/1.0 204 - Swift - - - - tx88b8d6a0655644c69e7ea-0068e94725 - 0.0058 RL - 1760118565.963392258 1760118565.969177485 0
Oct 10 17:49:25 standalone container-server[130322]: 172.20.0.100 - - [10/Oct/2025:17:49:25 +0000] "GET /d1/964/AUTH_4a034b86feeb418abfcd525e8e0c7278/gnocchi.1badb23c-57d8-43d8-ac3f-8515633c9a82" 200 2 "GET http://172.18.0.2:8080/v1/AUTH_4a034b86feeb418abfcd525e8e0c7278/gnocchi.1badb23c-57d8-43d8-ac3f-8515633c9a82?format=json&states=listing" "tx88b8d6a0655644c69e7ea-0068e94725" "proxy-server 20" 0.0038 "-" 22 0
Oct 10 17:49:25 standalone proxy-server[132450]: 172.18.0.2 172.18.0.100 10/Oct/2025/17/49/25 GET /v1/AUTH_4a034b86feeb418abfcd525e8e0c7278/gnocchi.1badb23c-57d8-43d8-ac3f-8515633c9a82%3Fformat%3Djson%26states%3Dlisting HTTP/1.0 200 - python-swiftclient-3.11.1 gAAAAABo6UZ1YjFp... - 2 - tx88b8d6a0655644c69e7ea-0068e94725 - 0.0180 - - 1760118565.962496996 1760118565.980495930 0
Oct 10 17:49:25 standalone object-server[130522]: 172.20.0.100 - - [10/Oct/2025:17:49:25 +0000] "GET /d1/767/AUTH_4a034b86feeb418abfcd525e8e0c7278/gnocchi.1badb23c-57d8-43d8-ac3f-8515633c9a82/1759320000.0_mean_300.0_v3" 404 70 "GET http://172.18.0.2:8080/v1/AUTH_4a034b86feeb418abfcd525e8e0c7278/gnocchi.1badb23c-57d8-43d8-ac3f-8515633c9a82/1759320000.0_mean_300.0_v3" "tx7cb2de6bc5f94a7b97d8a-0068e94725" "proxy-server 20" 0.0006 "-" 23 0
