Oct 10 17:48:32 standalone object-server[130521]: 172.20.0.100 - - [10/Oct/2025:17:48:32 +0000] "PUT /d1/300/AUTH_4a034b86feeb418abfcd525e8e0c7278/gnocchi.85a76986-6845-484d-9981-5395b0bb66e2/none_v3" 201 - "PUT http://172.18.0.2:8080/v1/AUTH_4a034b86feeb418abfcd525e8e0c7278/gnocchi.85a76986-6845-484d-9981-5395b0bb66e2/none_v3" "tx0da4440af33d4239bfb0b-0068e946f0" "proxy-server 20" 0.0149 "-" 22 0
Oct 10 17:48:32 standalone proxy-server[132450]: 172.18.0.2 172.18.0.100 10/Oct/2025/17/48/32 PUT /v1/AUTH_4a034b86feeb418abfcd525e8e0c7278/gnocchi.85a76986-6845-484d-9981-5395b0bb66e2/none_v3 HTTP/1.0 201 - python-swiftclient-3.11.1 gAAAAABo6UZ1YjFp... 22 - - tx0da4440af33d4239bfb0b-0068e946f0 - 0.0220 - - 1760118512.587007999 1760118512.609039068 0
Oct 10 17:48:32 standalone object-server[130521]: 172.20.0.100 - - [10/Oct/2025:17:48:32 +0000] "GET /d1/273/AUTH_4a034b86feeb418abfcd525e8e0c7278/gnocchi.1fc11dfc-5671-4402-8e8c-52a660085944/none_v3" 200 33 "GET http://172.18.0.2:8080/v1/AUTH_4a034b86feeb418abfcd525e8e0c7278/gnocchi.1fc11dfc-5671-4402-8e8c-52a660085944/none_v3" "tx296b4465db0e434e8aee3-0068e946f0" "proxy-server 20" 0.0013 "-" 22 0
Oct 10 17:48:32 standalone proxy-server[132450]: 172.18.0.2 172.18.0.100 10/Oct/2025/17/48/32 GET /v1/AUTH_4a034b86feeb418abfcd525e8e0c7278/gnocchi.1fc11dfc-5671-4402-8e8c-52a660085944/none_v3 HTTP/1.0 200 - python-swiftclient-3.11.1 gAAAAABo6UZ1YjFp... - 33 - tx296b4465db0e434e8aee3-0068e946f0 - 0.0095 - - 1760118512.701196432 1760118512.710697889 0
Oct 10 17:48:32 standalone container-server[130311]: 172.20.0.100 - - [10/Oct/2025:17:48:32 +0000] "GET /d1/852/AUTH_4a034b86feeb418abfcd525e8e0c7278/gnocchi.1fc11dfc-5671-4402-8e8c-52a660085944" 200 357 "GET http://172.18.0.2:8080/v1/AUTH_4a034b86feeb418abfcd525e8e0c7278/gnocchi.1fc11dfc-5671-4402-8e8c-52a660085944?format=json&states=listing" "tx66f8fcc2d8d043a59dfe4-0068e946f0" "proxy-server 20" 0.0102 "-" 20 0
Oct 10 17:48:32 standalone proxy-server[132450]: 172.18.0.2 172.18.0.100 10/Oct/2025/17/48/32 GET /v1/AUTH_4a034b86feeb418abfcd525e8e0c7278/gnocchi.1fc11dfc-5671-4402-8e8c-52a660085944%3Fformat%3Djson%26states%3Dlisting HTTP/1.0 200 - python-swiftclient-3.11.1 gAAAAABo6UZ1YjFp... - 357 - tx66f8fcc2d8d043a59dfe4-0068e946f0 - 0.0168 - - 1760118512.713926315 1760118512.730686903 0
Oct 10 17:48:32 standalone container-server[130322]: 172.20.0.100 - - [10/Oct/2025:17:48:32 +0000] "GET /d1/852/AUTH_4a034b86feeb418abfcd525e8e0c7278/gnocchi.1fc11dfc-5671-4402-8e8c-52a660085944" 200 2 "GET http://172.18.0.2:8080/v1/AUTH_4a034b86feeb418abfcd525e8e0c7278/gnocchi.1fc11dfc-5671-4402-8e8c-52a660085944?format=json&marker=none_v3&states=listing" "tx186bb1931d1e494caee66-0068e946f0" "proxy-server 20" 0.0018 "-" 22 0
Oct 10 17:48:32 standalone proxy-server[132450]: 172.18.0.2 172.18.0.100 10/Oct/2025/17/48/32 GET /v1/AUTH_4a034b86feeb418abfcd525e8e0c7278/gnocchi.1fc11dfc-5671-4402-8e8c-52a660085944%3Fformat%3Djson%26marker%3Dnone_v3%26states%3Dlisting HTTP/1.0 200 - python-swiftclient-3.11.1 gAAAAABo6UZ1YjFp... - 2 - tx186bb1931d1e494caee66-0068e946f0 - 0.0076 - - 1760118512.733844519 1760118512.741427183 0
Oct 10 17:48:32 standalone object-server[130526]: 172.20.0.100 - - [10/Oct/2025:17:48:32 +0000] "GET /d1/90/AUTH_4a034b86feeb418abfcd525e8e0c7278/gnocchi.1fc11dfc-5671-4402-8e8c-52a660085944/1759320000.0_mean_300.0_v3" 200 16 "GET http://172.18.0.2:8080/v1/AUTH_4a034b86feeb418abfcd525e8e0c7278/gnocchi.1fc11dfc-5671-4402-8e8c-52a660085944/1759320000.0_mean_300.0_v3" "tx0e01b96bd1c64b079c41c-0068e946f0" "proxy-server 20" 0.0008 "-" 24 0
Oct 10 17:48:32 standalone proxy-server[132450]: 172.18.0.2 172.18.0.100 10/Oct/2025/17/48/32 GET /v1/AUTH_4a034b86feeb418abfcd525e8e0c7278/gnocchi.1fc11dfc-5671-4402-8e8c-52a660085944/1759320000.0_mean_300.0_v3 HTTP/1.0 200 - python-swiftclient-3.11.1 gAAAAABo6UZ1YjFp... - 16 - tx0e01b96bd1c64b079c41c-0068e946f0 - 0.0057 - - 1760118512.745124340 1760118512.750833988 0
Oct 10 17:48:32 standalone container-server[130353]: 172.20.0.100 - - [10/Oct/2025:17:48:32 +0000] "PUT /d1/852/AUTH_4a034b86feeb418abfcd525e8e0c7278/gnocchi.1fc11dfc-5671-4402-8e8c-52a660085944/1759320000.0_mean_300.0_v3" 201 - "PUT http://172.18.0.2:8080/d1/90/AUTH_4a034b86feeb418abfcd525e8e0c7278/gnocchi.1fc11dfc-5671-4402-8e8c-52a660085944/1759320000.0_mean_300.0_v3" "txa2d21f3531b44d4d946b2-0068e946f0" "object-server 23" 0.0006 "-" 23 0
Oct 10 17:48:32 standalone object-server[130522]: 172.20.0.100 - - [10/Oct/2025:17:48:32 +0000] "PUT /d1/90/AUTH_4a034b86feeb418abfcd525e8e0c7278/gnocchi.1fc11dfc-5671-4402-8e8c-52a660085944/1759320000.0_mean_300.0_v3" 201 - "PUT http://172.18.0.2:8080/v1/AUTH_4a034b86feeb418abfcd525e8e0c7278/gnocchi.1fc11dfc-5671-4402-8e8c-52a660085944/1759320000.0_mean_300.0_v3" "txa2d21f3531b44d4d946b2-0068e946f0" "proxy-server 20" 0.0081 "-" 23 0
Oct 10 17:48:32 standalone proxy-server[132450]: 172.18.0.2 172.18.0.100 10/Oct/2025/17/48/32 PUT /v1/AUTH_4a034b86feeb418abfcd525e8e0c7278/gnocchi.1fc11dfc-5671-4402-8e8c-52a660085944/1759320000.0_mean_300.0_v3 HTTP/1.0 201 - python-swiftclient-3.11.1 gAAAAABo6UZ1YjFp... 16 - - txa2d21f3531b44d4d946b2-0068e946f0 - 0.0139 - - 1760118512.753471136 1760118512.767352343 0
Oct 10 17:48:32 standalone container-server[130316]: 172.20.0.100 - - [10/Oct/2025:17:48:32 +0000] "PUT /d1/852/AUTH_4a034b86feeb418abfcd525e8e0c7278/gnocchi.1fc11dfc-5671-4402-8e8c-52a660085944/none_v3" 201 - "PUT http://172.18.0.2:8080/d1/273/AUTH_4a034b86feeb418abfcd525e8e0c7278/gnocchi.1fc11dfc-5671-4402-8e8c-52a660085944/none_v3" "tx5f6d77f85b3e4c1d94772-0068e946f0" "object-server 23" 0.0006 "-" 21 0
Oct 10 17:48:32 standalone object-server[130522]: 172.20.0.100 - - [10/Oct/2025:17:48:32 +0000] "PUT /d1/273/AUTH_4a034b86feeb418abfcd525e8e0c7278/gnocchi.1fc11dfc-5671-4402-8e8c-52a660085944/none_v3" 201 - "PUT http://172.18.0.2:8080/v1/AUTH_4a034b86feeb418abfcd525e8e0c7278/gnocchi.1fc11dfc-5671-4402-8e8c-52a660085944/none_v3" "tx5f6d77f85b3e4c1d94772-0068e946f0" "proxy-server 20" 0.0084 "-" 23 0
Oct 10 17:48:32 standalone proxy-server[132450]: 172.18.0.2 172.18.0.100 10/Oct/2025/17/48/32 PUT /v1/AUTH_4a034b86feeb418abfcd525e8e0c7278/gnocchi.1fc11dfc-5671-4402-8e8c-52a660085944/none_v3 HTTP/1.0 201 - python-swiftclient-3.11.1 gAAAAABo6UZ1YjFp... 48 - - tx5f6d77f85b3e4c1d94772-0068e946f0 - 0.0175 - - 1760118512.770316601 1760118512.787829161 0
Oct 10 17:48:32 standalone object-server[130529]: 172.20.0.100 - - [10/Oct/2025:17:48:32 +0000] "GET /d1/436/AUTH_4a034b86feeb418abfcd525e8e0c7278/gnocchi.29dddd13-1908-4b32-907d-ed18b9e1831d/none_v3" 200 33 "GET http://172.18.0.2:8080/v1/AUTH_4a034b86feeb418abfcd525e8e0c7278/gnocchi.29dddd13-1908-4b32-907d-ed18b9e1831d/none_v3" "tx666600dd23824981b0b4e-0068e946f0" "proxy-server 20" 0.0007 "-" 25 0
Oct 10 17:48:32 standalone proxy-server[132450]: 172.18.0.2 172.18.0.100 10/Oct/2025/17/48/32 GET /v1/AUTH_4a034b86feeb418abfcd525e8e0c7278/gnocchi.29dddd13-1908-4b32-907d-ed18b9e1831d/none_v3 HTTP/1.0 200 - python-swiftclient-3.11.1 gAAAAABo6UZ1YjFp... - 33 - tx666600dd23824981b0b4e-0068e946f0 - 0.0119 - - 1760118512.807768583 1760118512.819649220 0
Oct 10 17:48:32 standalone container-server[130316]: 172.20.0.100 - - [10/Oct/2025:17:48:32 +0000] "GET /d1/374/AUTH_4a034b86feeb418abfcd525e8e0c7278/gnocchi.29dddd13-1908-4b32-907d-ed18b9e1831d" 200 357 "GET http://172.18.0.2:8080/v1/AUTH_4a034b86feeb418abfcd525e8e0c7278/gnocchi.29dddd13-1908-4b32-907d-ed18b9e1831d?format=json&states=listing" "tx08f192fe915e40b4a3dcb-0068e946f0" "proxy-server 20" 0.0137 "-" 21 0
Oct 10 17:48:32 standalone proxy-server[132450]: 172.18.0.2 172.18.0.100 10/Oct/2025/17/48/32 GET /v1/AUTH_4a034b86feeb418abfcd525e8e0c7278/gnocchi.29dddd13-1908-4b32-907d-ed18b9e1831d%3Fformat%3Djson%26states%3Dlisting HTTP/1.0 200 - python-swiftclient-3.11.1 gAAAAABo6UZ1YjFp... - 357 - tx08f192fe915e40b4a3dcb-0068e946f0 - 0.0204 - - 1760118512.825403929 1760118512.845793247 0
Oct 10 17:48:32 standalone container-server[130311]: 172.20.0.100 - - [10/Oct/2025:17:48:32 +0000] "GET /d1/374/AUTH_4a034b86feeb418abfcd525e8e0c7278/gnocchi.29dddd13-1908-4b32-907d-ed18b9e1831d" 200 2 "GET http://172.18.0.2:8080/v1/AUTH_4a034b86feeb418abfcd525e8e0c7278/gnocchi.29dddd13-1908-4b32-907d-ed18b9e1831d?format=json&marker=none_v3&states=listing" "tx484f1185e72548e39a694-0068e946f0" "proxy-server 20" 0.0026 "-" 20 0
Oct 10 17:48:32 standalone proxy-server[132450]: 172.18.0.2 172.18.0.100 10/Oct/2025/17/48/32 GET /v1/AUTH_4a034b86feeb418abfcd525e8e0c7278/gnocchi.29dddd13-1908-4b32-907d-ed18b9e1831d%3Fformat%3Djson%26marker%3Dnone_v3%26states%3Dlisting HTTP/1.0 200 - python-swiftclient-3.11.1 gAAAAABo6UZ1YjFp... - 2 - tx484f1185e72548e39a694-0068e946f0 - 0.0111 - - 1760118512.849359274 1760118512.860488653 0
Oct 10 17:48:32 standalone object-server[130521]: 172.20.0.100 - - [10/Oct/2025:17:48:32 +0000] "GET /d1/380/AUTH_4a034b86feeb418abfcd525e8e0c7278/gnocchi.29dddd13-1908-4b32-907d-ed18b9e1831d/1759320000.0_mean_300.0_v3" 200 16 "GET http://172.18.0.2:8080/v1/AUTH_4a034b86feeb418abfcd525e8e0c7278/gnocchi.29dddd13-1908-4b32-907d-ed18b9e1831d/1759320000.0_mean_300.0_v3" "txeabb3848726a4a3ca0294-0068e946f0" "proxy-server 20" 0.0008 "-" 22 0
Oct 10 17:48:32 standalone proxy-server[132450]: 172.18.0.2 172.18.0.100 10/Oct/2025/17/48/32 GET /v1/AUTH_4a034b86feeb418abfcd525e8e0c7278/gnocchi.29dddd13-1908-4b32-907d-ed18b9e1831d/1759320000.0_mean_300.0_v3 HTTP/1.0 200 - python-swiftclient-3.11.1 gAAAAABo6UZ1YjFp... - 16 - txeabb3848726a4a3ca0294-0068e946f0 - 0.0097 - - 1760118512.866159916 1760118512.875901937 0
Oct 10 17:48:32 standalone container-server[130311]: 172.20.0.100 - - [10/Oct/2025:17:48:32 +0000] "PUT /d1/374/AUTH_4a034b86feeb418abfcd525e8e0c7278/gnocchi.29dddd13-1908-4b32-907d-ed18b9e1831d/1759320000.0_mean_300.0_v3" 201 - "PUT http://172.18.0.2:8080/d1/380/AUTH_4a034b86feeb418abfcd525e8e0c7278/gnocchi.29dddd13-1908-4b32-907d-ed18b9e1831d/1759320000.0_mean_300.0_v3" "txf26905ae8a214ab2bff08-0068e946f0" "object-server 23" 0.0007 "-" 20 0
Oct 10 17:48:32 standalone object-server[130522]: 172.20.0.100 - - [10/Oct/2025:17:48:32 +0000] "PUT /d1/380/AUTH_4a034b86feeb418abfcd525e8e0c7278/gnocchi.29dddd13-1908-4b32-907d-ed18b9e1831d/1759320000.0_mean_300.0_v3" 201 - "PUT http://172.18.0.2:8080/v1/AUTH_4a034b86feeb418abfcd525e8e0c7278/gnocchi.29dddd13-1908-4b32-907d-ed18b9e1831d/1759320000.0_mean_300.0_v3" "txf26905ae8a214ab2bff08-0068e946f0" "proxy-server 20" 0.0109 "-" 23 0
Oct 10 17:48:32 standalone proxy-server[132450]: 172.18.0.2 172.18.0.100 10/Oct/2025/17/48/32 PUT /v1/AUTH_4a034b86feeb418abfcd525e8e0c7278/gnocchi.29dddd13-1908-4b32-907d-ed18b9e1831d/1759320000.0_mean_300.0_v3 HTTP/1.0 201 - python-swiftclient-3.11.1 gAAAAABo6UZ1YjFp... 16 - - txf26905ae8a214ab2bff08-0068e946f0 - 0.0214 - - 1760118512.881017685 1760118512.902417660 0
Oct 10 17:48:32 standalone container-server[130353]: 172.20.0.100 - - [10/Oct/2025:17:48:32 +0000] "PUT /d1/374/AUTH_4a034b86feeb418abfcd525e8e0c7278/gnocchi.29dddd13-1908-4b32-907d-ed18b9e1831d/none_v3" 201 - "PUT http://172.18.0.2:8080/d1/436/AUTH_4a034b86feeb418abfcd525e8e0c7278/gnocchi.29dddd13-1908-4b32-907d-ed18b9e1831d/none_v3" "tx874e604536474e6287d5e-0068e946f0" "object-server 24" 0.0006 "-" 23 0
Oct 10 17:48:32 standalone object-server[130526]: 172.20.0.100 - - [10/Oct/2025:17:48:32 +0000] "PUT /d1/436/AUTH_4a034b86feeb418abfcd525e8e0c7278/gnocchi.29dddd13-1908-4b32-907d-ed18b9e1831d/none_v3" 201 - "PUT http://172.18.0.2:8080/v1/AUTH_4a034b86feeb418abfcd525e8e0c7278/gnocchi.29dddd13-1908-4b32-907d-ed18b9e1831d/none_v3" "tx874e604536474e6287d5e-0068e946f0" "proxy-server 20" 0.0142 "-" 24 0
Oct 10 17:48:32 standalone proxy-server[132450]: 172.18.0.2 172.18.0.100 10/Oct/2025/17/48/32 PUT /v1/AUTH_4a034b86feeb418abfcd525e8e0c7278/gnocchi.29dddd13-1908-4b32-907d-ed18b9e1831d/none_v3 HTTP/1.0 201 - python-swiftclient-3.11.1 gAAAAABo6UZ1YjFp... 48 - - tx874e604536474e6287d5e-0068e946f0 - 0.0253 - - 1760118512.906592369 1760118512.931905985 0
Oct 10 17:48:34 standalone object-server[130529]: 172.20.0.100 - - [10/Oct/2025:17:48:34 +0000] "GET /d1/300/AUTH_4a034b86feeb418abfcd525e8e0c7278/gnocchi.85a76986-6845-484d-9981-5395b0bb66e2/none_v3" 200 22 "GET http://172.18.0.2:8080/v1/AUTH_4a034b86feeb418abfcd525e8e0c7278/gnocchi.85a76986-6845-484d-9981-5395b0bb66e2/none_v3" "txcbd274f64af84ccdb33a6-0068e946f2" "proxy-server 20" 0.0009 "-" 25 0
Oct 10 17:48:34 standalone proxy-server[132450]: 172.18.0.2 172.18.0.100 10/Oct/2025/17/48/34 GET /v1/AUTH_4a034b86feeb418abfcd525e8e0c7278/gnocchi.85a76986-6845-484d-9981-5395b0bb66e2/none_v3 HTTP/1.0 200 - python-swiftclient-3.11.1 gAAAAABo6UZ1YjFp... - 22 - txcbd274f64af84ccdb33a6-0068e946f2 - 0.0131 - - 1760118514.208036661 1760118514.221180677 0
Oct 10 17:48:34 standalone container-server[130316]: 172.20.0.100 - - [10/Oct/2025:17:48:34 +0000] "GET /d1/470/AUTH_4a034b86feeb418abfcd525e8e0c7278/gnocchi.85a76986-6845-484d-9981-5395b0bb66e2" 200 357 "GET http://172.18.0.2:8080/v1/AUTH_4a034b86feeb418abfcd525e8e0c7278/gnocchi.85a76986-6845-484d-9981-5395b0bb66e2?format=json&states=listing" "tx12451a4aa77649d1b1088-0068e946f2" "proxy-server 20" 0.0108 "-" 21 0
Oct 10 17:48:34 standalone proxy-server[132450]: 172.18.0.2 172.18.0.100 10/Oct/2025/17/48/34 GET /v1/AUTH_4a034b86feeb418abfcd525e8e0c7278/gnocchi.85a76986-6845-484d-9981-5395b0bb66e2%3Fformat%3Djson%26states%3Dlisting HTTP/1.0 200 - python-swiftclient-3.11.1 gAAAAABo6UZ1YjFp... - 357 - tx12451a4aa77649d1b1088-0068e946f2 - 0.0228 - - 1760118514.227292061 1760118514.250105143 0
Oct 10 17:48:34 standalone container-server[130353]: 172.20.0.100 - - [10/Oct/2025:17:48:34 +0000] "GET /d1/470/AUTH_4a034b86feeb418abfcd525e8e0c7278/gnocchi.85a76986-6845-484d-9981-5395b0bb66e2" 200 2 "GET http://172.18.0.2:8080/v1/AUTH_4a034b86feeb418abfcd525e8e0c7278/gnocchi.85a76986-6845-484d-9981-5395b0bb66e2?format=json&marker=none_v3&states=listing" "tx4a3f8b8a4b624e78afd31-0068e946f2" "proxy-server 20" 0.0037 "-" 23 0
Oct 10 17:48:34 standalone proxy-server[132450]: 172.18.0.2 172.18.0.100 10/Oct/2025/17/48/34 GET /v1/AUTH_4a034b86feeb418abfcd525e8e0c7278/gnocchi.85a76986-6845-484d-9981-5395b0bb66e2%3Fformat%3Djson%26marker%3Dnone_v3%26states%3Dlisting HTTP/1.0 200 - python-swiftclient-3.11.1 gAAAAABo6UZ1YjFp... - 2 - tx4a3f8b8a4b624e78afd31-0068e946f2 - 0.0148 - - 1760118514.254977465 1760118514.269819021 0
Oct 10 17:48:34 standalone object-server[130529]: 172.20.0.100 - - [10/Oct/2025:17:48:34 +0000] "GET /d1/561/AUTH_4a034b86feeb418abfcd525e8e0c7278/gnocchi.85a76986-6845-484d-9981-5395b0bb66e2/1759320000.0_mean_300.0_v3" 200 16 "GET http://172.18.0.2:8080/v1/AUTH_4a034b86feeb418abfcd525e8e0c7278/gnocchi.85a76986-6845-484d-9981-5395b0bb66e2/1759320000.0_mean_300.0_v3" "tx34ba5c4e26ac4ce29ccfa-0068e946f2" "proxy-server 20" 0.0008 "-" 25 0
Oct 10 17:48:34 standalone proxy-server[132450]: 172.18.0.2 172.18.0.100 10/Oct/2025/17/48/34 GET /v1/AUTH_4a034b86feeb418abfcd525e8e0c7278/gnocchi.85a76986-6845-484d-9981-5395b0bb66e2/1759320000.0_mean_300.0_v3 HTTP/1.0 200 - python-swiftclient-3.11.1 gAAAAABo6UZ1YjFp... - 16 - tx34ba5c4e26ac4ce29ccfa-0068e946f2 - 0.0088 - - 1760118514.275100946 1760118514.283921480 0
Oct 10 17:48:34 standalone container-server[130322]: 172.20.0.100 - - [10/Oct/2025:17:48:34 +0000] "PUT /d1/470/AUTH_4a034b86feeb418abfcd525e8e0c7278/gnocchi.85a76986-6845-484d-9981-5395b0bb66e2/1759320000.0_mean_300.0_v3" 201 - "PUT http://172.18.0.2:8080/d1/561/AUTH_4a034b86feeb418abfcd525e8e0c7278/gnocchi.85a76986-6845-484d-9981-5395b0bb66e2/1759320000.0_mean_300.0_v3" "tx9d3384b5b3d744a99406e-0068e946f2" "object-server 25" 0.0006 "-" 22 0
Oct 10 17:48:34 standalone object-server[130529]: 172.20.0.100 - - [10/Oct/2025:17:48:34 +0000] "PUT /d1/561/AUTH_4a034b86feeb418abfcd525e8e0c7278/gnocchi.85a76986-6845-484d-9981-5395b0bb66e2/1759320000.0_mean_300.0_v3" 201 - "PUT http://172.18.0.2:8080/v1/AUTH_4a034b86feeb418abfcd525e8e0c7278/gnocchi.85a76986-6845-484d-9981-5395b0bb66e2/1759320000.0_mean_300.0_v3" "tx9d3384b5b3d744a99406e-0068e946f2" "proxy-server 20" 0.0107 "-" 25 0
Oct 10 17:48:34 standalone proxy-server[132450]: 172.18.0.2 172.18.0.100 10/Oct/2025/17/48/34 PUT /v1/AUTH_4a034b86feeb418abfcd525e8e0c7278/gnocchi.85a76986-6845-484d-9981-5395b0bb66e2/1759320000.0_mean_300.0_v3 HTTP/1.0 201 - python-swiftclient-3.11.1 gAAAAABo6UZ1YjFp... 16 - - tx9d3384b5b3d744a99406e-0068e946f2 - 0.0174 - - 1760118514.288053036 1760118514.305491686 0
Oct 10 17:48:34 standalone container-server[130353]: 172.20.0.100 - - [10/Oct/2025:17:48:34 +0000] "PUT /d1/470/AUTH_4a034b86feeb418abfcd525e8e0c7278/gnocchi.85a76986-6845-484d-9981-5395b0bb66e2/none_v3" 201 - "PUT http://172.18.0.2:8080/d1/300/AUTH_4a034b86feeb418abfcd525e8e0c7278/gnocchi.85a76986-6845-484d-9981-5395b0bb66e2/none_v3" "tx12c348a8ccac474299606-0068e946f2" "object-server 24" 0.0006 "-" 23 0
Oct 10 17:48:34 standalone object-server[130526]: 172.20.0.100 - - [10/Oct/2025:17:48:34 +0000] "PUT /d1/300/AUTH_4a034b86feeb418abfcd525e8e0c7278/gnocchi.85a76986-6845-484d-9981-5395b0bb66e2/none_v3" 201 - "PUT http://172.18.0.2:8080/v1/AUTH_4a034b86feeb418abfcd525e8e0c7278/gnocchi.85a76986-6845-484d-9981-5395b0bb66e2/none_v3" "tx12c348a8ccac474299606-0068e946f2" "proxy-server 20" 0.0105 "-" 24 0
Oct 10 17:48:34 standalone proxy-server[132450]: 172.18.0.2 172.18.0.100 10/Oct/2025/17/48/34 PUT /v1/AUTH_4a034b86feeb418abfcd525e8e0c7278/gnocchi.85a76986-6845-484d-9981-5395b0bb66e2/none_v3 HTTP/1.0 201 - python-swiftclient-3.11.1 gAAAAABo6UZ1YjFp... 31 - - tx12c348a8ccac474299606-0068e946f2 - 0.0190 - - 1760118514.309278488 1760118514.328309059 0
Oct 10 17:48:42 standalone account-server[130189]: 172.20.0.100 - - [10/Oct/2025:17:48:42 +0000] "HEAD /d1/517/AUTH_4a034b86feeb418abfcd525e8e0c7278" 204 - "HEAD http://172.18.0.2:8080/v1/AUTH_4a034b86feeb418abfcd525e8e0c7278?format=json" "txd70c227dd9f74a7aa0bee-0068e946fa" "proxy-server 20" 0.0057 "-" 22 -
Oct 10 17:48:42 standalone proxy-server[132450]: - - 10/Oct/2025/17/48/42 HEAD /v1/AUTH_4a034b86feeb418abfcd525e8e0c7278%3Fformat%3Djson HTTP/1.0 204 - Swift - - - - txd70c227dd9f74a7aa0bee-0068e946fa - 0.0095 RL - 1760118522.309922934 1760118522.319388151 -
Oct 10 17:48:42 standalone object-server[130529]: 172.20.0.100 - - [10/Oct/2025:17:48:42 +0000] "GET /d1/300/AUTH_4a034b86feeb418abfcd525e8e0c7278/gnocchi.85a76986-6845-484d-9981-5395b0bb66e2/none_v3" 200 31 "GET http://172.18.0.2:8080/v1/AUTH_4a034b86feeb418abfcd525e8e0c7278/gnocchi.85a76986-6845-484d-9981-5395b0bb66e2/none_v3" "txd70c227dd9f74a7aa0bee-0068e946fa" "proxy-server 20" 0.0009 "-" 25 0
Oct 10 17:48:42 standalone proxy-server[132450]: 172.18.0.2 172.18.0.100 10/Oct/2025/17/48/42 GET /v1/AUTH_4a034b86feeb418abfcd525e8e0c7278/gnocchi.85a76986-6845-484d-9981-5395b0bb66e2/none_v3 HTTP/1.0 200 - python-swiftclient-3.11.1 gAAAAABo6UZ1YjFp... - 31 - txd70c227dd9f74a7aa0bee-0068e946fa - 0.0172 - - 1760118522.308996439 1760118522.326168299 0
Oct 10 17:48:42 standalone container-server[130311]: 172.20.0.100 - - [10/Oct/2025:17:48:42 +0000] "GET /d1/470/AUTH_4a034b86feeb418abfcd525e8e0c7278/gnocchi.85a76986-6845-484d-9981-5395b0bb66e2" 200 357 "GET http://172.18.0.2:8080/v1/AUTH_4a034b86feeb418abfcd525e8e0c7278/gnocchi.85a76986-6845-484d-9981-5395b0bb66e2?format=json&states=listing" "txc837096d65e44cc4a5d14-0068e946fa" "proxy-server 20" 0.0058 "-" 20 0
Oct 10 17:48:42 standalone proxy-server[132450]: 172.18.0.2 172.18.0.100 10/Oct/2025/17/48/42 GET /v1/AUTH_4a034b86feeb418abfcd525e8e0c7278/gnocchi.85a76986-6845-484d-9981-5395b0bb66e2%3Fformat%3Djson%26states%3Dlisting HTTP/1.0 200 - python-swiftclient-3.11.1 gAAAAABo6UZ1YjFp... - 357 - txc837096d65e44cc4a5d14-0068e946fa - 0.0127 - - 1760118522.329012156 1760118522.341738701 0
Oct 10 17:48:42 standalone container-server[130311]: 172.20.0.100 - - [10/Oct/2025:17:48:42 +0000] "GET /d1/470/AUTH_4a034b86feeb418abfcd525e8e0c7278/gnocchi.85a76986-6845-484d-9981-5395b0bb66e2" 200 2 "GET http://172.18.0.2:8080/v1/AUTH_4a034b86feeb418abfcd525e8e0c7278/gnocchi.85a76986-6845-484d-9981-5395b0bb66e2?format=json&marker=none_v3&states=listing" "txb4ea114c60ae43a582a53-0068e946fa" "proxy-server 20" 0.0018 "-" 20 0
Oct 10 17:48:42 standalone proxy-server[132450]: 172.18.0.2 172.18.0.100 10/Oct/2025/17/48/42 GET /v1/AUTH_4a034b86feeb418abfcd525e8e0c7278/gnocchi.85a76986-6845-484d-9981-5395b0bb66e2%3Fformat%3Djson%26marker%3Dnone_v3%26states%3Dlisting HTTP/1.0 200 - python-swiftclient-3.11.1 gAAAAABo6UZ1YjFp... - 2 - txb4ea114c60ae43a582a53-0068e946fa - 0.0112 - - 1760118522.344508886 1760118522.355676889 0
Oct 10 17:48:42 standalone object-server[130529]: 172.20.0.100 - - [10/Oct/2025:17:48:42 +0000] "GET /d1/561/AUTH_4a034b86feeb418abfcd525e8e0c7278/gnocchi.85a76986-6845-484d-9981-5395b0bb66e2/1759320000.0_mean_300.0_v3" 200 16 "GET http://172.18.0.2:8080/v1/AUTH_4a034b86feeb418abfcd525e8e0c7278/gnocchi.85a76986-6845-484d-9981-5395b0bb66e2/1759320000.0_mean_300.0_v3" "tx0f30d0c86f39483a9528e-0068e946fa" "proxy-server 20" 0.0008 "-" 25 0
Oct 10 17:48:42 standalone proxy-server[132450]: 172.18.0.2 172.18.0.100 10/Oct/2025/17/48/42 GET /v1/AUTH_4a034b86feeb418abfcd525e8e0c7278/gnocchi.85a76986-6845-484d-9981-5395b0bb66e2/1759320000.0_mean_300.0_v3 HTTP/1.0 200 - python-swiftclient-3.11.1 gAAAAABo6UZ1YjFp... - 16 - tx0f30d0c86f39483a9528e-0068e946fa - 0.0055 - - 1760118522.359063387 1760118522.364579678 0
Oct 10 17:48:42 standalone container-server[130322]: 172.20.0.100 - - [10/Oct/2025:17:48:42 +0000] "PUT /d1/470/AUTH_4a034b86feeb418abfcd525e8e0c7278/gnocchi.85a76986-6845-484d-9981-5395b0bb66e2/1759320000.0_mean_300.0_v3" 201 - "PUT http://172.18.0.2:8080/d1/561/AUTH_4a034b86feeb418abfcd525e8e0c7278/gnocchi.85a76986-6845-484d-9981-5395b0bb66e2/1759320000.0_mean_300.0_v3" "tx5dcada16cb454d378824c-0068e946fa" "object-server 25" 0.0005 "-" 22 0
Oct 10 17:48:42 standalone object-server[130529]: 172.20.0.100 - - [10/Oct/2025:17:48:42 +0000] "PUT /d1/561/AUTH_4a034b86feeb418abfcd525e8e0c7278/gnocchi.85a76986-6845-484d-9981-5395b0bb66e2/1759320000.0_mean_300.0_v3" 201 - "PUT http://172.18.0.2:8080/v1/AUTH_4a034b86feeb418abfcd525e8e0c7278/gnocchi.85a76986-6845-484d-9981-5395b0bb66e2/1759320000.0_mean_300.0_v3" "tx5dcada16cb454d378824c-0068e946fa" "proxy-server 20" 0.0123 "-" 25 0
Oct 10 17:48:42 standalone proxy-server[132450]: 172.18.0.2 172.18.0.100 10/Oct/2025/17/48/42 PUT /v1/AUTH_4a034b86feeb418abfcd525e8e0c7278/gnocchi.85a76986-6845-484d-9981-5395b0bb66e2/1759320000.0_mean_300.0_v3 HTTP/1.0 201 - python-swiftclient-3.11.1 gAAAAABo6UZ1YjFp... 16 - - tx5dcada16cb454d378824c-0068e946fa - 0.0180 - - 1760118522.370079756 1760118522.388042450 0
Oct 10 17:48:42 standalone container-server[130311]: 172.20.0.100 - - [10/Oct/2025:17:48:42 +0000] "PUT /d1/470/AUTH_4a034b86feeb418abfcd525e8e0c7278/gnocchi.85a76986-6845-484d-9981-5395b0bb66e2/none_v3" 201 - "PUT http://172.18.0.2:8080/d1/300/AUTH_4a034b86feeb418abfcd525e8e0c7278/gnocchi.85a76986-6845-484d-9981-5395b0bb66e2/none_v3" "tx0d3a3fe46845492093879-0068e946fa" "object-server 23" 0.0007 "-" 20 0
Oct 10 17:48:42 standalone object-server[130522]: 172.20.0.100 - - [10/Oct/2025:17:48:42 +0000] "PUT /d1/300/AUTH_4a034b86feeb418abfcd525e8e0c7278/gnocchi.85a76986-6845-484d-9981-5395b0bb66e2/none_v3" 201 - "PUT http://172.18.0.2:8080/v1/AUTH_4a034b86feeb418abfcd525e8e0c7278/gnocchi.85a76986-6845-484d-9981-5395b0bb66e2/none_v3" "tx0d3a3fe46845492093879-0068e946fa" "proxy-server 20" 0.0091 "-" 23 0
Oct 10 17:48:42 standalone proxy-server[132450]: 172.18.0.2 172.18.0.100 10/Oct/2025/17/48/42 PUT /v1/AUTH_4a034b86feeb418abfcd525e8e0c7278/gnocchi.85a76986-6845-484d-9981-5395b0bb66e2/none_v3 HTTP/1.0 201 - python-swiftclient-3.11.1 gAAAAABo6UZ1YjFp... 46 - - tx0d3a3fe46845492093879-0068e946fa - 0.0141 - - 1760118522.397688866 1760118522.411751986 0
Oct 10 17:48:42 standalone object-server[130522]: 172.20.0.100 - - [10/Oct/2025:17:48:42 +0000] "GET /d1/300/AUTH_4a034b86feeb418abfcd525e8e0c7278/gnocchi.85a76986-6845-484d-9981-5395b0bb66e2/none_v3" 200 46 "GET http://172.18.0.2:8080/v1/AUTH_4a034b86feeb418abfcd525e8e0c7278/gnocchi.85a76986-6845-484d-9981-5395b0bb66e2/none_v3" "txcd858f2a885a4cdb92e9f-0068e946fa" "proxy-server 20" 0.0008 "-" 23 0
Oct 10 17:48:42 standalone proxy-server[132450]: 172.18.0.2 172.18.0.100 10/Oct/2025/17/48/42 GET /v1/AUTH_4a034b86feeb418abfcd525e8e0c7278/gnocchi.85a76986-6845-484d-9981-5395b0bb66e2/none_v3 HTTP/1.0 200 - python-swiftclient-3.11.1 gAAAAABo6UZ1YjFp... - 46 - txcd858f2a885a4cdb92e9f-0068e946fa - 0.0280 - - 1760118522.842789412 1760118522.870773554 0
Oct 10 17:48:42 standalone container-server[130353]: 172.20.0.100 - - [10/Oct/2025:17:48:42 +0000] "GET /d1/470/AUTH_4a034b86feeb418abfcd525e8e0c7278/gnocchi.85a76986-6845-484d-9981-5395b0bb66e2" 200 357 "GET http://172.18.0.2:8080/v1/AUTH_4a034b86feeb418abfcd525e8e0c7278/gnocchi.85a76986-6845-484d-9981-5395b0bb66e2?format=json&states=listing" "tx1a109423dce1442580a3f-0068e946fa" "proxy-server 20" 0.0084 "-" 23 0
Oct 10 17:48:42 standalone proxy-server[132450]: 172.18.0.2 172.18.0.100 10/Oct/2025/17/48/42 GET /v1/AUTH_4a034b86feeb418abfcd525e8e0c7278/gnocchi.85a76986-6845-484d-9981-5395b0bb66e2%3Fformat%3Djson%26states%3Dlisting HTTP/1.0 200 - python-swiftclient-3.11.1 gAAAAABo6UZ1YjFp... - 357 - tx1a109423dce1442580a3f-0068e946fa - 0.0147 - - 1760118522.877470970 1760118522.892190218 0
Oct 10 17:48:42 standalone container-server[130311]: 172.20.0.100 - - [10/Oct/2025:17:48:42 +0000] "GET /d1/470/AUTH_4a034b86feeb418abfcd525e8e0c7278/gnocchi.85a76986-6845-484d-9981-5395b0bb66e2" 200 2 "GET http://172.18.0.2:8080/v1/AUTH_4a034b86feeb418abfcd525e8e0c7278/gnocchi.85a76986-6845-484d-9981-5395b0bb66e2?format=json&marker=none_v3&states=listing" "tx3a23950ed4194b5690262-0068e946fa" "proxy-server 20" 0.0022 "-" 20 0
Oct 10 17:48:42 standalone proxy-server[132450]: 172.18.0.2 172.18.0.100 10/Oct/2025/17/48/42 GET /v1/AUTH_4a034b86feeb418abfcd525e8e0c7278/gnocchi.85a76986-6845-484d-9981-5395b0bb66e2%3Fformat%3Djson%26marker%3Dnone_v3%26states%3Dlisting HTTP/1.0 200 - python-swiftclient-3.11.1 gAAAAABo6UZ1YjFp... - 2 - tx3a23950ed4194b5690262-0068e946fa - 0.0131 - - 1760118522.894952297 1760118522.908084631 0
Oct 10 17:48:42 standalone object-server[130526]: 172.20.0.100 - - [10/Oct/2025:17:48:42 +0000] "GET /d1/561/AUTH_4a034b86feeb418abfcd525e8e0c7278/gnocchi.85a76986-6845-484d-9981-5395b0bb66e2/1759320000.0_mean_300.0_v3" 200 16 "GET http://172.18.0.2:8080/v1/AUTH_4a034b86feeb418abfcd525e8e0c7278/gnocchi.85a76986-6845-484d-9981-5395b0bb66e2/1759320000.0_mean_300.0_v3" "txec82d7280d514296b01f8-0068e946fa" "proxy-server 20" 0.0007 "-" 24 0
Oct 10 17:48:42 standalone proxy-server[132450]: 172.18.0.2 172.18.0.100 10/Oct/2025/17/48/42 GET /v1/AUTH_4a034b86feeb418abfcd525e8e0c7278/gnocchi.85a76986-6845-484d-9981-5395b0bb66e2/1759320000.0_mean_300.0_v3 HTTP/1.0 200 - python-swiftclient-3.11.1 gAAAAABo6UZ1YjFp... - 16 - txec82d7280d514296b01f8-0068e946fa - 0.0105 - - 1760118522.911862373 1760118522.922405720 0
Oct 10 17:48:42 standalone container-server[130322]: 172.20.0.100 - - [10/Oct/2025:17:48:42 +0000] "PUT /d1/470/AUTH_4a034b86feeb418abfcd525e8e0c7278/gnocchi.85a76986-6845-484d-9981-5395b0bb66e2/1759320000.0_mean_300.0_v3" 201 - "PUT http://172.18.0.2:8080/d1/561/AUTH_4a034b86feeb418abfcd525e8e0c7278/gnocchi.85a76986-6845-484d-9981-5395b0bb66e2/1759320000.0_mean_300.0_v3" "tx216eb4b7268649418d60e-0068e946fa" "object-server 25" 0.0006 "-" 22 0
Oct 10 17:48:42 standalone object-server[130529]: 172.20.0.100 - - [10/Oct/2025:17:48:42 +0000] "PUT /d1/561/AUTH_4a034b86feeb418abfcd525e8e0c7278/gnocchi.85a76986-6845-484d-9981-5395b0bb66e2/1759320000.0_mean_300.0_v3" 201 - "PUT http://172.18.0.2:8080/v1/AUTH_4a034b86feeb418abfcd525e8e0c7278/gnocchi.85a76986-6845-484d-9981-5395b0bb66e2/1759320000.0_mean_300.0_v3" "tx216eb4b7268649418d60e-0068e946fa" "proxy-server 20" 0.0209 "-" 25 0
Oct 10 17:48:42 standalone proxy-server[132450]: 172.18.0.2 172.18.0.100 10/Oct/2025/17/48/42 PUT /v1/AUTH_4a034b86feeb418abfcd525e8e0c7278/gnocchi.85a76986-6845-484d-9981-5395b0bb66e2/1759320000.0_mean_300.0_v3 HTTP/1.0 201 - python-swiftclient-3.11.1 gAAAAABo6UZ1YjFp... 16 - - tx216eb4b7268649418d60e-0068e946fa - 0.0287 - - 1760118522.925372601 1760118522.954030514 0
Oct 10 17:48:42 standalone container-server[130316]: 172.20.0.100 - - [10/Oct/2025:17:48:42 +0000] "PUT /d1/470/AUTH_4a034b86feeb418abfcd525e8e0c7278/gnocchi.85a76986-6845-484d-9981-5395b0bb66e2/none_v3" 201 - "PUT http://172.18.0.2:8080/d1/300/AUTH_4a034b86feeb418abfcd525e8e0c7278/gnocchi.85a76986-6845-484d-9981-5395b0bb66e2/none_v3" "tx05f37ae7d2b24b44830ec-0068e946fa" "object-server 23" 0.0005 "-" 21 0
Oct 10 17:48:42 standalone object-server[130522]: 172.20.0.100 - - [10/Oct/2025:17:48:42 +0000] "PUT /d1/300/AUTH_4a034b86feeb418abfcd525e8e0c7278/gnocchi.85a76986-6845-484d-9981-5395b0bb66e2/none_v3" 201 - "PUT http://172.18.0.2:8080/v1/AUTH_4a034b86feeb418abfcd525e8e0c7278/gnocchi.85a76986-6845-484d-9981-5395b0bb66e2/none_v3" "tx05f37ae7d2b24b44830ec-0068e946fa" "proxy-server 20" 0.0110 "-" 23 0
Oct 10 17:48:42 standalone proxy-server[132450]: 172.18.0.2 172.18.0.100 10/Oct/2025/17/48/42 PUT /v1/AUTH_4a034b86feeb418abfcd525e8e0c7278/gnocchi.85a76986-6845-484d-9981-5395b0bb66e2/none_v3 HTTP/1.0 201 - python-swiftclient-3.11.1 gAAAAABo6UZ1YjFp... 51 - - tx05f37ae7d2b24b44830ec-0068e946fa - 0.0183 - - 1760118522.957062960 1760118522.975337982 0
Oct 10 17:48:45 standalone container-server[130316]: 172.20.0.100 - - [10/Oct/2025:17:48:45 +0000] "HEAD /d1/126/AUTH_4a034b86feeb418abfcd525e8e0c7278/gnocchi.442974a3-edc7-41e3-bb15-14a4533b6481" 404 - "HEAD http://172.18.0.2:8080/v1/AUTH_4a034b86feeb418abfcd525e8e0c7278/gnocchi.442974a3-edc7-41e3-bb15-14a4533b6481?format=json&states=listing" "tx46e9d0500a6740c681c64-0068e946fd" "proxy-server 20" 0.0004 "-" 21 0
Oct 10 17:48:45 standalone object-server[130522]: 172.20.0.100 - - [10/Oct/2025:17:48:45 +0000] "GET /d1/832/AUTH_4a034b86feeb418abfcd525e8e0c7278/gnocchi.442974a3-edc7-41e3-bb15-14a4533b6481/none_v3" 404 70 "GET http://172.18.0.2:8080/v1/AUTH_4a034b86feeb418abfcd525e8e0c7278/gnocchi.442974a3-edc7-41e3-bb15-14a4533b6481/none_v3" "tx46e9d0500a6740c681c64-0068e946fd" "proxy-server 20" 0.0008 "-" 23 0
Oct 10 17:48:45 standalone proxy-server[132450]: 172.18.0.2 172.18.0.100 10/Oct/2025/17/48/45 GET /v1/AUTH_4a034b86feeb418abfcd525e8e0c7278/gnocchi.442974a3-edc7-41e3-bb15-14a4533b6481/none_v3 HTTP/1.0 404 - python-swiftclient-3.11.1 gAAAAABo6UZ1YjFp... - 70 - tx46e9d0500a6740c681c64-0068e946fd - 0.0156 - - 1760118525.809727669 1760118525.825368404 0
Oct 10 17:48:45 standalone account-server[130182]: 172.20.0.100 - - [10/Oct/2025:17:48:45 +0000] "PUT /d1/517/AUTH_4a034b86feeb418abfcd525e8e0c7278/gnocchi.442974a3-edc7-41e3-bb15-14a4533b6481" 201 - "PUT http://172.20.0.100:6001/d1/126/AUTH_4a034b86feeb418abfcd525e8e0c7278/gnocchi.442974a3-edc7-41e3-bb15-14a4533b6481" "tx2944eaf454c54bb2807bb-0068e946fd" "container-server 21" 0.0011 "-" 21 0
Oct 10 17:48:45 standalone container-server[130316]: 172.20.0.100 - - [10/Oct/2025:17:48:45 +0000] "PUT /d1/126/AUTH_4a034b86feeb418abfcd525e8e0c7278/gnocchi.442974a3-edc7-41e3-bb15-14a4533b6481" 201 - "PUT http://172.18.0.2:8080/v1/AUTH_4a034b86feeb418abfcd525e8e0c7278/gnocchi.442974a3-edc7-41e3-bb15-14a4533b6481" "tx2944eaf454c54bb2807bb-0068e946fd" "proxy-server 20" 0.0086 "-" 21 0
Oct 10 17:48:45 standalone proxy-server[132450]: 172.18.0.2 172.18.0.100 10/Oct/2025/17/48/45 PUT /v1/AUTH_4a034b86feeb418abfcd525e8e0c7278/gnocchi.442974a3-edc7-41e3-bb15-14a4533b6481 HTTP/1.0 201 - python-swiftclient-3.11.1 gAAAAABo6UZ1YjFp... - - - tx2944eaf454c54bb2807bb-0068e946fd - 0.0151 - - 1760118525.829262495 1760118525.844403982 0
Oct 10 17:48:45 standalone container-server[130311]: 172.20.0.100 - - [10/Oct/2025:17:48:45 +0000] "HEAD /d1/126/AUTH_4a034b86feeb418abfcd525e8e0c7278/gnocchi.442974a3-edc7-41e3-bb15-14a4533b6481" 204 - "HEAD http://172.18.0.2:8080/v1/AUTH_4a034b86feeb418abfcd525e8e0c7278/gnocchi.442974a3-edc7-41e3-bb15-14a4533b6481?format=json&states=listing" "tx56dc506764e44f96ab9bd-0068e946fd" "proxy-server 20" 0.0012 "-" 20 0
Oct 10 17:48:45 standalone proxy-server[132450]: - - 10/Oct/2025/17/48/45 HEAD /v1/AUTH_4a034b86feeb418abfcd525e8e0c7278/gnocchi.442974a3-edc7-41e3-bb15-14a4533b6481%3Fformat%3Djson%26states%3Dlisting HTTP/1.0 204 - Swift - - - - tx56dc506764e44f96ab9bd-0068e946fd - 0.0056 RL - 1760118525.849732399 1760118525.855293274 0
Oct 10 17:48:45 standalone container-server[130316]: 172.20.0.100 - - [10/Oct/2025:17:48:45 +0000] "GET /d1/126/AUTH_4a034b86feeb418abfcd525e8e0c7278/gnocchi.442974a3-edc7-41e3-bb15-14a4533b6481" 200 2 "GET http://172.18.0.2:8080/v1/AUTH_4a034b86feeb418abfcd525e8e0c7278/gnocchi.442974a3-edc7-41e3-bb15-14a4533b6481?format=json&states=listing" "tx56dc506764e44f96ab9bd-0068e946fd" "proxy-server 20" 0.0015 "-" 21 0
Oct 10 17:48:45 standalone proxy-server[132450]: 172.18.0.2 172.18.0.100 10/Oct/2025/17/48/45 GET /v1/AUTH_4a034b86feeb418abfcd525e8e0c7278/gnocchi.442974a3-edc7-41e3-bb15-14a4533b6481%3Fformat%3Djson%26states%3Dlisting HTTP/1.0 200 - python-swiftclient-3.11.1 gAAAAABo6UZ1YjFp... - 2 - tx56dc506764e44f96ab9bd-0068e946fd - 0.0166 - - 1760118525.848305464 1760118525.864939928 0
Oct 10 17:48:45 standalone object-server[130521]: 172.20.0.100 - - [10/Oct/2025:17:48:45 +0000] "GET /d1/20/AUTH_4a034b86feeb418abfcd525e8e0c7278/gnocchi.442974a3-edc7-41e3-bb15-14a4533b6481/1759320000.0_mean_300.0_v3" 404 70 "GET http://172.18.0.2:8080/v1/AUTH_4a034b86feeb418abfcd525e8e0c7278/gnocchi.442974a3-edc7-41e3-bb15-14a4533b6481/1759320000.0_mean_300.0_v3" "tx1825c08c461141ba889b1-0068e946fd" "proxy-server 20" 0.0003 "-" 22 0
Oct 10 17:48:45 standalone proxy-server[132450]: 172.18.0.2 172.18.0.100 10/Oct/2025/17/48/45 GET /v1/AUTH_4a034b86feeb418abfcd525e8e0c7278/gnocchi.442974a3-edc7-41e3-bb15-14a4533b6481/1759320000.0_mean_300.0_v3 HTTP/1.0 404 - python-swiftclient-3.11.1 gAAAAABo6UZ1YjFp... - 70 - tx1825c08c461141ba889b1-0068e946fd - 0.0066 - - 1760118525.868933201 1760118525.875537157 0
Oct 10 17:48:45 standalone container-server[130322]: 172.20.0.100 - - [10/Oct/2025:17:48:45 +0000] "PUT /d1/126/AUTH_4a034b86feeb418abfcd525e8e0c7278/gnocchi.442974a3-edc7-41e3-bb15-14a4533b6481/1759320000.0_mean_300.0_v3" 201 - "PUT http://172.18.0.2:8080/d1/20/AUTH_4a034b86feeb418abfcd525e8e0c7278/gnocchi.442974a3-edc7-41e3-bb15-14a4533b6481/1759320000.0_mean_300.0_v3" "tx705695d5e85a49e5a4dce-0068e946fd" "object-server 22" 0.0013 "-" 22 0
Oct 10 17:48:45 standalone object-server[130521]: 172.20.0.100 - - [10/Oct/2025:17:48:45 +0000] "PUT /d1/20/AUTH_4a034b86feeb418abfcd525e8e0c7278/gnocchi.442974a3-edc7-41e3-bb15-14a4533b6481/1759320000.0_mean_300.0_v3" 201 - "PUT http://172.18.0.2:8080/v1/AUTH_4a034b86feeb418abfcd525e8e0c7278/gnocchi.442974a3-edc7-41e3-bb15-14a4533b6481/1759320000.0_mean_300.0_v3" "tx705695d5e85a49e5a4dce-0068e946fd" "proxy-server 20" 0.0162 "-" 22 0
Oct 10 17:48:45 standalone proxy-server[132450]: 172.18.0.2 172.18.0.100 10/Oct/2025/17/48/45 PUT /v1/AUTH_4a034b86feeb418abfcd525e8e0c7278/gnocchi.442974a3-edc7-41e3-bb15-14a4533b6481/1759320000.0_mean_300.0_v3 HTTP/1.0 201 - python-swiftclient-3.11.1 gAAAAABo6UZ1YjFp... 16 - - tx705695d5e85a49e5a4dce-0068e946fd - 0.0240 - - 1760118525.879045010 1760118525.903084755 0
Oct 10 17:48:45 standalone container-server[130322]: 172.20.0.100 - - [10/Oct/2025:17:48:45 +0000] "PUT /d1/126/AUTH_4a034b86feeb418abfcd525e8e0c7278/gnocchi.442974a3-edc7-41e3-bb15-14a4533b6481/none_v3" 201 - "PUT http://172.18.0.2:8080/d1/832/AUTH_4a034b86feeb418abfcd525e8e0c7278/gnocchi.442974a3-edc7-41e3-bb15-14a4533b6481/none_v3" "tx2800eddeff4f45728f1e3-0068e946fd" "object-server 23" 0.0008 "-" 22 0
Oct 10 17:48:45 standalone object-server[130522]: 172.20.0.100 - - [10/Oct/2025:17:48:45 +0000] "PUT /d1/832/AUTH_4a034b86feeb418abfcd525e8e0c7278/gnocchi.442974a3-edc7-41e3-bb15-14a4533b6481/none_v3" 201 - "PUT http://172.18.0.2:8080/v1/AUTH_4a034b86feeb418abfcd525e8e0c7278/gnocchi.442974a3-edc7-41e3-bb15-14a4533b6481/none_v3" "tx2800eddeff4f45728f1e3-0068e946fd" "proxy-server 20" 0.0138 "-" 23 0
Oct 10 17:48:45 standalone proxy-server[132450]: 172.18.0.2 172.18.0.100 10/Oct/2025/17/48/45 PUT /v1/AUTH_4a034b86feeb418abfcd525e8e0c7278/gnocchi.442974a3-edc7-41e3-bb15-14a4533b6481/none_v3 HTTP/1.0 201 - python-swiftclient-3.11.1 gAAAAABo6UZ1YjFp... 22 - - tx2800eddeff4f45728f1e3-0068e946fd - 0.0279 - - 1760118525.906739473 1760118525.934665442 0
Oct 10 17:48:45 standalone container-server[130316]: 172.20.0.100 - - [10/Oct/2025:17:48:45 +0000] "HEAD /d1/349/AUTH_4a034b86feeb418abfcd525e8e0c7278/gnocchi.0023e586-f0f1-4cf6-80dc-597d3e9777e8" 404 - "HEAD http://172.18.0.2:8080/v1/AUTH_4a034b86feeb418abfcd525e8e0c7278/gnocchi.0023e586-f0f1-4cf6-80dc-597d3e9777e8?format=json&states=listing" "txcf04d72792a84ebe82965-0068e946fd" "proxy-server 20" 0.0004 "-" 21 0
Oct 10 17:48:45 standalone object-server[130521]: 172.20.0.100 - - [10/Oct/2025:17:48:45 +0000] "GET /d1/39/AUTH_4a034b86feeb418abfcd525e8e0c7278/gnocchi.0023e586-f0f1-4cf6-80dc-597d3e9777e8/none_v3" 404 70 "GET http://172.18.0.2:8080/v1/AUTH_4a034b86feeb418abfcd525e8e0c7278/gnocchi.0023e586-f0f1-4cf6-80dc-597d3e9777e8/none_v3" "txcf04d72792a84ebe82965-0068e946fd" "proxy-server 20" 0.0003 "-" 22 0
Oct 10 17:48:45 standalone proxy-server[132450]: 172.18.0.2 172.18.0.100 10/Oct/2025/17/48/45 GET /v1/AUTH_4a034b86feeb418abfcd525e8e0c7278/gnocchi.0023e586-f0f1-4cf6-80dc-597d3e9777e8/none_v3 HTTP/1.0 404 - python-swiftclient-3.11.1 gAAAAABo6UZ1YjFp... - 70 - txcf04d72792a84ebe82965-0068e946fd - 0.0157 - - 1760118525.956828833 1760118525.972532511 0
Oct 10 17:48:46 standalone account-server[130176]: 172.20.0.100 - - [10/Oct/2025:17:48:46 +0000] "PUT /d1/517/AUTH_4a034b86feeb418abfcd525e8e0c7278/gnocchi.0023e586-f0f1-4cf6-80dc-597d3e9777e8" 201 - "PUT http://172.20.0.100:6001/d1/349/AUTH_4a034b86feeb418abfcd525e8e0c7278/gnocchi.0023e586-f0f1-4cf6-80dc-597d3e9777e8" "txa7eefd15274f4863b8b79-0068e946fd" "container-server 22" 0.0064 "-" 20 0
Oct 10 17:48:46 standalone container-server[130322]: 172.20.0.100 - - [10/Oct/2025:17:48:46 +0000] "PUT /d1/349/AUTH_4a034b86feeb418abfcd525e8e0c7278/gnocchi.0023e586-f0f1-4cf6-80dc-597d3e9777e8" 201 - "PUT http://172.18.0.2:8080/v1/AUTH_4a034b86feeb418abfcd525e8e0c7278/gnocchi.0023e586-f0f1-4cf6-80dc-597d3e9777e8" "txa7eefd15274f4863b8b79-0068e946fd" "proxy-server 20" 0.0209 "-" 22 0
Oct 10 17:48:46 standalone proxy-server[132450]: 172.18.0.2 172.18.0.100 10/Oct/2025/17/48/46 PUT /v1/AUTH_4a034b86feeb418abfcd525e8e0c7278/gnocchi.0023e586-f0f1-4cf6-80dc-597d3e9777e8 HTTP/1.0 201 - python-swiftclient-3.11.1 gAAAAABo6UZ1YjFp... - - - txa7eefd15274f4863b8b79-0068e946fd - 0.0320 - - 1760118525.978231192 1760118526.010255098 0
Oct 10 17:48:46 standalone container-server[130311]: 172.20.0.100 - - [10/Oct/2025:17:48:46 +0000] "HEAD /d1/349/AUTH_4a034b86feeb418abfcd525e8e0c7278/gnocchi.0023e586-f0f1-4cf6-80dc-597d3e9777e8" 204 - "HEAD http://172.18.0.2:8080/v1/AUTH_4a034b86feeb418abfcd525e8e0c7278/gnocchi.0023e586-f0f1-4cf6-80dc-597d3e9777e8?format=json&states=listing" "txed14ba683fee4e7ba8586-0068e946fe" "proxy-server 20" 0.0031 "-" 20 0
Oct 10 17:48:46 standalone proxy-server[132450]: - - 10/Oct/2025/17/48/46 HEAD /v1/AUTH_4a034b86feeb418abfcd525e8e0c7278/gnocchi.0023e586-f0f1-4cf6-80dc-597d3e9777e8%3Fformat%3Djson%26states%3Dlisting HTTP/1.0 204 - Swift - - - - txed14ba683fee4e7ba8586-0068e946fe - 0.0143 RL - 1760118526.020121574 1760118526.034401655 0
Oct 10 17:48:46 standalone container-server[130322]: 172.20.0.100 - - [10/Oct/2025:17:48:46 +0000] "GET /d1/349/AUTH_4a034b86feeb418abfcd525e8e0c7278/gnocchi.0023e586-f0f1-4cf6-80dc-597d3e9777e8" 200 2 "GET http://172.18.0.2:8080/v1/AUTH_4a034b86feeb418abfcd525e8e0c7278/gnocchi.0023e586-f0f1-4cf6-80dc-597d3e9777e8?format=json&states=listing" "txed14ba683fee4e7ba8586-0068e946fe" "proxy-server 20" 0.0033 "-" 22 0
Oct 10 17:48:46 standalone proxy-server[132450]: 172.18.0.2 172.18.0.100 10/Oct/2025/17/48/46 GET /v1/AUTH_4a034b86feeb418abfcd525e8e0c7278/gnocchi.0023e586-f0f1-4cf6-80dc-597d3e9777e8%3Fformat%3Djson%26states%3Dlisting HTTP/1.0 200 - python-swiftclient-3.11.1 gAAAAABo6UZ1YjFp... - 2 - txed14ba683fee4e7ba8586-0068e946fe - 0.0333 - - 1760118526.017544985 1760118526.050814867 0
Oct 10 17:48:46 standalone object-server[130529]: 172.20.0.100 - - [10/Oct/2025:17:48:46 +0000] "GET /d1/243/AUTH_4a034b86feeb418abfcd525e8e0c7278/gnocchi.0023e586-f0f1-4cf6-80dc-597d3e9777e8/1759320000.0_mean_300.0_v3" 404 70 "GET http://172.18.0.2:8080/v1/AUTH_4a034b86feeb418abfcd525e8e0c7278/gnocchi.0023e586-f0f1-4cf6-80dc-597d3e9777e8/1759320000.0_mean_300.0_v3" "tx86b96c19413d426287fe4-0068e946fe" "proxy-server 20" 0.0004 "-" 25 0
Oct 10 17:48:46 standalone proxy-server[132450]: 172.18.0.2 172.18.0.100 10/Oct/2025/17/48/46 GET /v1/AUTH_4a034b86feeb418abfcd525e8e0c7278/gnocchi.0023e586-f0f1-4cf6-80dc-597d3e9777e8/1759320000.0_mean_300.0_v3 HTTP/1.0 404 - python-swiftclient-3.11.1 gAAAAABo6UZ1YjFp... - 70 - tx86b96c19413d426287fe4-0068e946fe - 0.0076 - - 1760118526.055861950 1760118526.063500404 0
Oct 10 17:48:46 standalone container-server[130322]: 172.20.0.100 - - [10/Oct/2025:17:48:46 +0000] "PUT /d1/349/AUTH_4a034b86feeb418abfcd525e8e0c7278/gnocchi.0023e586-f0f1-4cf6-80dc-597d3e9777e8/1759320000.0_mean_300.0_v3" 201 - "PUT http://172.18.0.2:8080/d1/243/AUTH_4a034b86feeb418abfcd525e8e0c7278/gnocchi.0023e586-f0f1-4cf6-80dc-597d3e9777e8/1759320000.0_mean_300.0_v3" "tx3c4492385e30440e826f9-0068e946fe" "object-server 24" 0.0009 "-" 22 0
Oct 10 17:48:46 standalone object-server[130526]: 172.20.0.100 - - [10/Oct/2025:17:48:46 +0000] "PUT /d1/243/AUTH_4a034b86feeb418abfcd525e8e0c7278/gnocchi.0023e586-f0f1-4cf6-80dc-597d3e9777e8/1759320000.0_mean_300.0_v3" 201 - "PUT http://172.18.0.2:8080/v1/AUTH_4a034b86feeb418abfcd525e8e0c7278/gnocchi.0023e586-f0f1-4cf6-80dc-597d3e9777e8/1759320000.0_mean_300.0_v3" "tx3c4492385e30440e826f9-0068e946fe" "proxy-server 20" 0.0099 "-" 24 0
Oct 10 17:48:46 standalone proxy-server[132450]: 172.18.0.2 172.18.0.100 10/Oct/2025/17/48/46 PUT /v1/AUTH_4a034b86feeb418abfcd525e8e0c7278/gnocchi.0023e586-f0f1-4cf6-80dc-597d3e9777e8/1759320000.0_mean_300.0_v3 HTTP/1.0 201 - python-swiftclient-3.11.1 gAAAAABo6UZ1YjFp... 16 - - tx3c4492385e30440e826f9-0068e946fe - 0.0191 - - 1760118526.072064161 1760118526.091142178 0
Oct 10 17:48:46 standalone container-server[130311]: 172.20.0.100 - - [10/Oct/2025:17:48:46 +0000] "PUT /d1/349/AUTH_4a034b86feeb418abfcd525e8e0c7278/gnocchi.0023e586-f0f1-4cf6-80dc-597d3e9777e8/none_v3" 201 - "PUT http://172.18.0.2:8080/d1/39/AUTH_4a034b86feeb418abfcd525e8e0c7278/gnocchi.0023e586-f0f1-4cf6-80dc-597d3e9777e8/none_v3" "tx9c88e571b3624b2abf7ac-0068e946fe" "object-server 22" 0.0006 "-" 20 0
Oct 10 17:48:46 standalone object-server[130521]: 172.20.0.100 - - [10/Oct/2025:17:48:46 +0000] "PUT /d1/39/AUTH_4a034b86feeb418abfcd525e8e0c7278/gnocchi.0023e586-f0f1-4cf6-80dc-597d3e9777e8/none_v3" 201 - "PUT http://172.18.0.2:8080/v1/AUTH_4a034b86feeb418abfcd525e8e0c7278/gnocchi.0023e586-f0f1-4cf6-80dc-597d3e9777e8/none_v3" "tx9c88e571b3624b2abf7ac-0068e946fe" "proxy-server 20" 0.0096 "-" 22 0
Oct 10 17:48:46 standalone proxy-server[132450]: 172.18.0.2 172.18.0.100 10/Oct/2025/17/48/46 PUT /v1/AUTH_4a034b86feeb418abfcd525e8e0c7278/gnocchi.0023e586-f0f1-4cf6-80dc-597d3e9777e8/none_v3 HTTP/1.0 201 - python-swiftclient-3.11.1 gAAAAABo6UZ1YjFp... 22 - - tx9c88e571b3624b2abf7ac-0068e946fe - 0.0220 - - 1760118526.098356247 1760118526.120370388 0
Oct 10 17:48:46 standalone container-server[130322]: 172.20.0.100 - - [10/Oct/2025:17:48:46 +0000] "HEAD /d1/379/AUTH_4a034b86feeb418abfcd525e8e0c7278/gnocchi.664b4502-ccbe-4511-8c2b-442e444f63e1" 404 - "HEAD http://172.18.0.2:8080/v1/AUTH_4a034b86feeb418abfcd525e8e0c7278/gnocchi.664b4502-ccbe-4511-8c2b-442e444f63e1?format=json&states=listing" "txca23d19c6174423c9ce7d-0068e946fe" "proxy-server 20" 0.0006 "-" 22 0
Oct 10 17:48:46 standalone object-server[130522]: 172.20.0.100 - - [10/Oct/2025:17:48:46 +0000] "GET /d1/435/AUTH_4a034b86feeb418abfcd525e8e0c7278/gnocchi.664b4502-ccbe-4511-8c2b-442e444f63e1/none_v3" 404 70 "GET http://172.18.0.2:8080/v1/AUTH_4a034b86feeb418abfcd525e8e0c7278/gnocchi.664b4502-ccbe-4511-8c2b-442e444f63e1/none_v3" "txca23d19c6174423c9ce7d-0068e946fe" "proxy-server 20" 0.0006 "-" 23 0
Oct 10 17:48:46 standalone proxy-server[132450]: 172.18.0.2 172.18.0.100 10/Oct/2025/17/48/46 GET /v1/AUTH_4a034b86feeb418abfcd525e8e0c7278/gnocchi.664b4502-ccbe-4511-8c2b-442e444f63e1/none_v3 HTTP/1.0 404 - python-swiftclient-3.11.1 gAAAAABo6UZ1YjFp... - 70 - txca23d19c6174423c9ce7d-0068e946fe - 0.0187 - - 1760118526.141645193 1760118526.160387039 0
Oct 10 17:48:46 standalone account-server[130176]: 172.20.0.100 - - [10/Oct/2025:17:48:46 +0000] "PUT /d1/517/AUTH_4a034b86feeb418abfcd525e8e0c7278/gnocchi.664b4502-ccbe-4511-8c2b-442e444f63e1" 201 - "PUT http://172.20.0.100:6001/d1/379/AUTH_4a034b86feeb418abfcd525e8e0c7278/gnocchi.664b4502-ccbe-4511-8c2b-442e444f63e1" "tx2d0ef1f4e49e48c9ba832-0068e946fe" "container-server 22" 0.0062 "-" 20 0
Oct 10 17:48:46 standalone container-server[130322]: 172.20.0.100 - - [10/Oct/2025:17:48:46 +0000] "PUT /d1/379/AUTH_4a034b86feeb418abfcd525e8e0c7278/gnocchi.664b4502-ccbe-4511-8c2b-442e444f63e1" 201 - "PUT http://172.18.0.2:8080/v1/AUTH_4a034b86feeb418abfcd525e8e0c7278/gnocchi.664b4502-ccbe-4511-8c2b-442e444f63e1" "tx2d0ef1f4e49e48c9ba832-0068e946fe" "proxy-server 20" 0.0205 "-" 22 0
Oct 10 17:48:46 standalone proxy-server[132450]: 172.18.0.2 172.18.0.100 10/Oct/2025/17/48/46 PUT /v1/AUTH_4a034b86feeb418abfcd525e8e0c7278/gnocchi.664b4502-ccbe-4511-8c2b-442e444f63e1 HTTP/1.0 201 - python-swiftclient-3.11.1 gAAAAABo6UZ1YjFp... - - - tx2d0ef1f4e49e48c9ba832-0068e946fe - 0.0382 - - 1760118526.166651726 1760118526.204834223 0
Oct 10 17:48:46 standalone container-server[130311]: 172.20.0.100 - - [10/Oct/2025:17:48:46 +0000] "HEAD /d1/379/AUTH_4a034b86feeb418abfcd525e8e0c7278/gnocchi.664b4502-ccbe-4511-8c2b-442e444f63e1" 204 - "HEAD http://172.18.0.2:8080/v1/AUTH_4a034b86feeb418abfcd525e8e0c7278/gnocchi.664b4502-ccbe-4511-8c2b-442e444f63e1?format=json&states=listing" "tx3ed3b2867c8c4445bdf18-0068e946fe" "proxy-server 20" 0.0015 "-" 20 0
Oct 10 17:48:46 standalone proxy-server[132450]: - - 10/Oct/2025/17/48/46 HEAD /v1/AUTH_4a034b86feeb418abfcd525e8e0c7278/gnocchi.664b4502-ccbe-4511-8c2b-442e444f63e1%3Fformat%3Djson%26states%3Dlisting HTTP/1.0 204 - Swift - - - - tx3ed3b2867c8c4445bdf18-0068e946fe - 0.0050 RL - 1760118526.212848186 1760118526.217854977 0
Oct 10 17:48:46 standalone container-server[130353]: 172.20.0.100 - - [10/Oct/2025:17:48:46 +0000] "GET /d1/379/AUTH_4a034b86feeb418abfcd525e8e0c7278/gnocchi.664b4502-ccbe-4511-8c2b-442e444f63e1" 200 2 "GET http://172.18.0.2:8080/v1/AUTH_4a034b86feeb418abfcd525e8e0c7278/gnocchi.664b4502-ccbe-4511-8c2b-442e444f63e1?format=json&states=listing" "tx3ed3b2867c8c4445bdf18-0068e946fe" "proxy-server 20" 0.0017 "-" 23 0
Oct 10 17:48:46 standalone proxy-server[132450]: 172.18.0.2 172.18.0.100 10/Oct/2025/17/48/46 GET /v1/AUTH_4a034b86feeb418abfcd525e8e0c7278/gnocchi.664b4502-ccbe-4511-8c2b-442e444f63e1%3Fformat%3Djson%26states%3Dlisting HTTP/1.0 200 - python-swiftclient-3.11.1 gAAAAABo6UZ1YjFp... - 2 - tx3ed3b2867c8c4445bdf18-0068e946fe - 0.0141 - - 1760118526.211163998 1760118526.225271463 0
Oct 10 17:48:46 standalone object-server[130522]: 172.20.0.100 - - [10/Oct/2025:17:48:46 +0000] "GET /d1/162/AUTH_4a034b86feeb418abfcd525e8e0c7278/gnocchi.664b4502-ccbe-4511-8c2b-442e444f63e1/1759320000.0_mean_300.0_v3" 404 70 "GET http://172.18.0.2:8080/v1/AUTH_4a034b86feeb418abfcd525e8e0c7278/gnocchi.664b4502-ccbe-4511-8c2b-442e444f63e1/1759320000.0_mean_300.0_v3" "tx0f185d16f7f848778ec88-0068e946fe" "proxy-server 20" 0.0005 "-" 23 0
Oct 10 17:48:46 standalone proxy-server[132450]: 172.18.0.2 172.18.0.100 10/Oct/2025/17/48/46 GET /v1/AUTH_4a034b86feeb418abfcd525e8e0c7278/gnocchi.664b4502-ccbe-4511-8c2b-442e444f63e1/1759320000.0_mean_300.0_v3 HTTP/1.0 404 - python-swiftclient-3.11.1 gAAAAABo6UZ1YjFp... - 70 - tx0f185d16f7f848778ec88-0068e946fe - 0.0063 - - 1760118526.229896784 1760118526.236149549 0
Oct 10 17:48:46 standalone container-server[130322]: 172.20.0.100 - - [10/Oct/2025:17:48:46 +0000] "PUT /d1/379/AUTH_4a034b86feeb418abfcd525e8e0c7278/gnocchi.664b4502-ccbe-4511-8c2b-442e444f63e1/1759320000.0_mean_300.0_v3" 201 - "PUT http://172.18.0.2:8080/d1/162/AUTH_4a034b86feeb418abfcd525e8e0c7278/gnocchi.664b4502-ccbe-4511-8c2b-442e444f63e1/1759320000.0_mean_300.0_v3" "tx0d7d5752681b4a02afc08-0068e946fe" "object-server 22" 0.0008 "-" 22 0
Oct 10 17:48:46 standalone object-server[130521]: 172.20.0.100 - - [10/Oct/2025:17:48:46 +0000] "PUT /d1/162/AUTH_4a034b86feeb418abfcd525e8e0c7278/gnocchi.664b4502-ccbe-4511-8c2b-442e444f63e1/1759320000.0_mean_300.0_v3" 201 - "PUT http://172.18.0.2:8080/v1/AUTH_4a034b86feeb418abfcd525e8e0c7278/gnocchi.664b4502-ccbe-4511-8c2b-442e444f63e1/1759320000.0_mean_300.0_v3" "tx0d7d5752681b4a02afc08-0068e946fe" "proxy-server 20" 0.0140 "-" 22 0
Oct 10 17:48:46 standalone proxy-server[132450]: 172.18.0.2 172.18.0.100 10/Oct/2025/17/48/46 PUT /v1/AUTH_4a034b86feeb418abfcd525e8e0c7278/gnocchi.664b4502-ccbe-4511-8c2b-442e444f63e1/1759320000.0_mean_300.0_v3 HTTP/1.0 201 - python-swiftclient-3.11.1 gAAAAABo6UZ1YjFp... 16 - - tx0d7d5752681b4a02afc08-0068e946fe - 0.0203 - - 1760118526.241543055 1760118526.261814594 0
Oct 10 17:48:46 standalone container-server[130316]: 172.20.0.100 - - [10/Oct/2025:17:48:46 +0000] "PUT /d1/379/AUTH_4a034b86feeb418abfcd525e8e0c7278/gnocchi.664b4502-ccbe-4511-8c2b-442e444f63e1/none_v3" 201 - "PUT http://172.18.0.2:8080/d1/435/AUTH_4a034b86feeb418abfcd525e8e0c7278/gnocchi.664b4502-ccbe-4511-8c2b-442e444f63e1/none_v3" "txa9a2344eee6246ff91fcd-0068e946fe" "object-server 22" 0.0008 "-" 21 0
