Oct 10 17:34:26 standalone account-server[129902]: Starting 2
Oct 10 17:34:27 standalone account-server[129910]: Started child 20 from parent 2
Oct 10 17:34:27 standalone account-server[129910]: Started child 21 from parent 2
Oct 10 17:34:27 standalone account-server[129910]: Started child 22 from parent 2
Oct 10 17:34:27 standalone account-server[129910]: Started child 23 from parent 2
Oct 10 17:34:27 standalone container-server[130019]: Option allow_versions is deprecated. Configure the versioned_writes middleware in the proxy-server instead. This option will be ignored in a future release.
Oct 10 17:34:27 standalone container-server[130311]: Option allow_versions is deprecated. Configure the versioned_writes middleware in the proxy-server instead. This option will be ignored in a future release.
Oct 10 17:34:27 standalone container-server[130019]: Started child 20 from parent 2
Oct 10 17:34:27 standalone container-server[130316]: Option allow_versions is deprecated. Configure the versioned_writes middleware in the proxy-server instead. This option will be ignored in a future release.
Oct 10 17:34:27 standalone container-server[130019]: Started child 21 from parent 2
Oct 10 17:34:27 standalone container-server[130322]: Option allow_versions is deprecated. Configure the versioned_writes middleware in the proxy-server instead. This option will be ignored in a future release.
Oct 10 17:34:27 standalone container-server[130019]: Started child 22 from parent 2
Oct 10 17:34:27 standalone container-server[130353]: Option allow_versions is deprecated. Configure the versioned_writes middleware in the proxy-server instead. This option will be ignored in a future release.
Oct 10 17:34:27 standalone container-server[130019]: Started child 23 from parent 2
Oct 10 17:34:27 standalone container-server[130294]: Starting 2
Oct 10 17:34:28 standalone object-expirer[130377]: Starting 2
Oct 10 17:34:28 standalone object-expirer[130377]: Option auto_create_account_prefix is deprecated. Configure auto_create_account_prefix under the swift-constraints section of swift.conf. This option will be ignored in a future release.
Oct 10 17:34:28 standalone object-server[130319]: Started child 22 from parent 2
Oct 10 17:34:28 standalone object-server[130319]: Started child 23 from parent 2
Oct 10 17:34:28 standalone object-server[130420]: Starting 2
Oct 10 17:34:28 standalone object-server[130319]: Started child 24 from parent 2
Oct 10 17:34:28 standalone object-server[130319]: Started child 25 from parent 2
Oct 10 17:34:34 standalone proxy-server[132260]: Starting Keystone auth_token middleware
Oct 10 17:34:34 standalone proxy-server[132260]: AuthToken middleware is set with keystone_authtoken.service_token_roles_required set to False. This is backwards compatible but deprecated behaviour. Please set this to True.
Oct 10 17:34:34 standalone proxy-server[132450]: Starting Keystone auth_token middleware
Oct 10 17:34:34 standalone proxy-server[132450]: STDERR: The option "bind_port" is not known to keystonemiddleware
Oct 10 17:34:34 standalone proxy-server[132450]: STDERR: The option "workers" is not known to keystonemiddleware
Oct 10 17:34:34 standalone proxy-server[132450]: STDERR: The option "user" is not known to keystonemiddleware
Oct 10 17:34:34 standalone proxy-server[132450]: STDERR: The option "bind_ip" is not known to keystonemiddleware
Oct 10 17:34:34 standalone proxy-server[132450]: STDERR: The option "log_name" is not known to keystonemiddleware
Oct 10 17:34:34 standalone proxy-server[132450]: STDERR: The option "log_facility" is not known to keystonemiddleware
Oct 10 17:34:34 standalone proxy-server[132450]: STDERR: The option "log_level" is not known to keystonemiddleware
Oct 10 17:34:34 standalone proxy-server[132450]: STDERR: The option "log_headers" is not known to keystonemiddleware
Oct 10 17:34:34 standalone proxy-server[132450]: STDERR: The option "log_address" is not known to keystonemiddleware
Oct 10 17:34:34 standalone proxy-server[132450]: STDERR: The option "project_name" is not known to keystonemiddleware
Oct 10 17:34:34 standalone proxy-server[132450]: STDERR: The option "username" is not known to keystonemiddleware
Oct 10 17:34:34 standalone proxy-server[132450]: STDERR: The option "password" is not known to keystonemiddleware
Oct 10 17:34:34 standalone proxy-server[132450]: STDERR: The option "auth_url" is not known to keystonemiddleware
Oct 10 17:34:34 standalone proxy-server[132450]: STDERR: The option "signing_dir" is not known to keystonemiddleware
Oct 10 17:34:34 standalone proxy-server[132450]: STDERR: The option "project_domain_id" is not known to keystonemiddleware
Oct 10 17:34:34 standalone proxy-server[132450]: STDERR: The option "user_domain_id" is not known to keystonemiddleware
Oct 10 17:34:34 standalone proxy-server[132450]: STDERR: The option "__name__" is not known to keystonemiddleware
Oct 10 17:34:34 standalone proxy-server[132450]: AuthToken middleware is set with keystone_authtoken.service_token_roles_required set to False. This is backwards compatible but deprecated behaviour. Please set this to True.
Oct 10 17:34:34 standalone proxy-server[132260]: Started child 20 from parent 2
Oct 10 17:36:33 standalone object-server[130420]: Begin object update sweep
Oct 10 17:36:33 standalone object-server[146551]: Object update sweep starting on /srv/node/d1 (pid: 11)
Oct 10 17:36:33 standalone object-server[146551]: Object update sweep completed on /srv/node/d1 in 0.00s seconds:, 0 successes, 0 failures, 0 quarantines, 0 unlinks, 0 errors, 0 redirects (pid: 11)
Oct 10 17:36:33 standalone object-server[146551]: Object update sweep of d1 completed: 0.00s, 0 successes, 0 failures, 0 quarantines, 0 unlinks, 0 errors, 0 redirects
Oct 10 17:36:33 standalone object-server[130420]: Object update sweep completed: 0.08s
Oct 10 17:36:53 standalone account-server[130182]: 172.20.0.100 - - [10/Oct/2025:17:36:53 +0000] "HEAD /d1/592/.expiring_objects" 404 - "HEAD http://localhost/v1/.expiring_objects?format=json" "tx09775ea551e940ec80962-0068e94435" "proxy-server 2" 0.0017 "-" 21 -
Oct 10 17:36:53 standalone object-expirer[130377]: Pass completed in 0s; 0 objects expired (txn: tx09775ea551e940ec80962-0068e94435)
Oct 10 17:39:08 standalone container-server[130294]: Begin container update sweep
Oct 10 17:39:09 standalone container-server[130294]: Container update sweep completed: 0.00s
Oct 10 17:40:41 standalone account-server[130182]: 172.20.0.100 - - [10/Oct/2025:17:40:41 +0000] "HEAD /d1/592/.expiring_objects" 404 - "HEAD http://localhost/v1/.expiring_objects?format=json" "tx885bab7d02dc4c49b6915-0068e94519" "proxy-server 2" 0.0010 "-" 21 -
Oct 10 17:40:41 standalone object-expirer[130377]: Pass completed in 0s; 0 objects expired (txn: tx885bab7d02dc4c49b6915-0068e94519)
Oct 10 17:41:33 standalone object-server[130420]: Begin object update sweep
Oct 10 17:41:33 standalone object-server[184594]: Object update sweep starting on /srv/node/d1 (pid: 13)
Oct 10 17:41:33 standalone object-server[184594]: Object update sweep completed on /srv/node/d1 in 0.00s seconds:, 0 successes, 0 failures, 0 quarantines, 0 unlinks, 0 errors, 0 redirects (pid: 13)
Oct 10 17:41:33 standalone object-server[184594]: Object update sweep of d1 completed: 0.00s, 0 successes, 0 failures, 0 quarantines, 0 unlinks, 0 errors, 0 redirects
Oct 10 17:41:33 standalone object-server[130420]: Object update sweep completed: 0.10s
Oct 10 17:41:59 standalone account-server[130200]: 172.20.0.100 - - [10/Oct/2025:17:41:59 +0000] "HEAD /d1/592/.expiring_objects" 404 - "HEAD http://localhost/v1/.expiring_objects?format=json" "txb06d189427724c4da5929-0068e94567" "proxy-server 2" 0.0017 "-" 23 -
Oct 10 17:41:59 standalone object-expirer[130377]: Pass completed in 0s; 0 objects expired (txn: txb06d189427724c4da5929-0068e94567)
Oct 10 17:44:09 standalone container-server[130294]: Begin container update sweep
Oct 10 17:44:09 standalone container-server[130294]: Container update sweep completed: 0.00s
Oct 10 17:45:25 standalone account-server[129902]: Devices pass completed: 0.00s
Oct 10 17:45:29 standalone account-server[130200]: 172.20.0.100 - - [10/Oct/2025:17:45:29 +0000] "HEAD /d1/592/.expiring_objects" 404 - "HEAD http://localhost/v1/.expiring_objects?format=json" "txb711b0fabb5248e199175-0068e94639" "proxy-server 2" 0.0004 "-" 23 -
Oct 10 17:45:29 standalone object-expirer[130377]: Pass completed in 0s; 0 objects expired (txn: txb711b0fabb5248e199175-0068e94639)
Oct 10 17:46:29 standalone account-server[130176]: 172.20.0.100 - - [10/Oct/2025:17:46:29 +0000] "HEAD /d1/517/AUTH_4a034b86feeb418abfcd525e8e0c7278" 404 - "HEAD http://172.18.0.2:8080/v1/AUTH_4a034b86feeb418abfcd525e8e0c7278?format=json" "tx65fc07ba755246cfad0b6-0068e94675" "proxy-server 20" 0.0016 "-" 20 -
Oct 10 17:46:29 standalone proxy-server[132450]: - - 10/Oct/2025/17/46/29 HEAD /v1/AUTH_4a034b86feeb418abfcd525e8e0c7278%3Fformat%3Djson HTTP/1.0 200 - Swift - - - - tx65fc07ba755246cfad0b6-0068e94675 - 0.0080 RL - 1760118389.726797581 1760118389.734815121 -
Oct 10 17:46:30 standalone object-server[130526]: 172.20.0.100 - - [10/Oct/2025:17:46:30 +0000] "GET /d1/721/AUTH_4a034b86feeb418abfcd525e8e0c7278/gnocchi.c16154af-c009-4f45-8ed5-05e16b1d35e0/none_v3" 404 70 "GET http://172.18.0.2:8080/v1/AUTH_4a034b86feeb418abfcd525e8e0c7278/gnocchi.c16154af-c009-4f45-8ed5-05e16b1d35e0/none_v3" "tx65fc07ba755246cfad0b6-0068e94675" "proxy-server 20" 0.0014 "-" 24 0
Oct 10 17:46:30 standalone proxy-server[132450]: 172.18.0.2 172.18.0.100 10/Oct/2025/17/46/30 GET /v1/AUTH_4a034b86feeb418abfcd525e8e0c7278/gnocchi.c16154af-c009-4f45-8ed5-05e16b1d35e0/none_v3 HTTP/1.0 404 - python-swiftclient-3.11.1 gAAAAABo6UZ1YjFp... - 70 - tx65fc07ba755246cfad0b6-0068e94675 - 0.3802 - - 1760118389.723383188 1760118390.103630304 0
Oct 10 17:46:30 standalone account-server[130182]: 172.20.0.100 - - [10/Oct/2025:17:46:30 +0000] "PUT /d1/517/AUTH_4a034b86feeb418abfcd525e8e0c7278" 201 - "-" "tx15f42a1a043e4d15b3ed0-0068e94676" "-" 0.0180 "-" 21 -
Oct 10 17:46:30 standalone proxy-server[132450]: autocreate account '/AUTH_4a034b86feeb418abfcd525e8e0c7278' (txn: tx15f42a1a043e4d15b3ed0-0068e94676)
Oct 10 17:46:30 standalone account-server[130182]: 172.20.0.100 - - [10/Oct/2025:17:46:30 +0000] "HEAD /d1/517/AUTH_4a034b86feeb418abfcd525e8e0c7278" 204 - "HEAD http://172.18.0.2:8080/v1/AUTH_4a034b86feeb418abfcd525e8e0c7278?format=json" "tx15f42a1a043e4d15b3ed0-0068e94676" "proxy-server 20" 0.0018 "-" 21 -
Oct 10 17:46:30 standalone account-server[130189]: 172.20.0.100 - - [10/Oct/2025:17:46:30 +0000] "PUT /d1/517/AUTH_4a034b86feeb418abfcd525e8e0c7278/gnocchi.c16154af-c009-4f45-8ed5-05e16b1d35e0" 201 - "PUT http://172.20.0.100:6001/d1/759/AUTH_4a034b86feeb418abfcd525e8e0c7278/gnocchi.c16154af-c009-4f45-8ed5-05e16b1d35e0" "tx15f42a1a043e4d15b3ed0-0068e94676" "container-server 20" 0.0018 "-" 22 0
Oct 10 17:46:30 standalone container-server[130311]: 172.20.0.100 - - [10/Oct/2025:17:46:30 +0000] "PUT /d1/759/AUTH_4a034b86feeb418abfcd525e8e0c7278/gnocchi.c16154af-c009-4f45-8ed5-05e16b1d35e0" 201 - "PUT http://172.18.0.2:8080/v1/AUTH_4a034b86feeb418abfcd525e8e0c7278/gnocchi.c16154af-c009-4f45-8ed5-05e16b1d35e0" "tx15f42a1a043e4d15b3ed0-0068e94676" "proxy-server 20" 0.0170 "-" 20 0
Oct 10 17:46:30 standalone proxy-server[132450]: 172.18.0.2 172.18.0.100 10/Oct/2025/17/46/30 PUT /v1/AUTH_4a034b86feeb418abfcd525e8e0c7278/gnocchi.c16154af-c009-4f45-8ed5-05e16b1d35e0 HTTP/1.0 201 - python-swiftclient-3.11.1 gAAAAABo6UZ1YjFp... - - - tx15f42a1a043e4d15b3ed0-0068e94676 - 0.0536 - - 1760118390.107575893 1760118390.161158085 0
Oct 10 17:46:30 standalone container-server[130311]: 172.20.0.100 - - [10/Oct/2025:17:46:30 +0000] "HEAD /d1/759/AUTH_4a034b86feeb418abfcd525e8e0c7278/gnocchi.c16154af-c009-4f45-8ed5-05e16b1d35e0" 204 - "HEAD http://172.18.0.2:8080/v1/AUTH_4a034b86feeb418abfcd525e8e0c7278/gnocchi.c16154af-c009-4f45-8ed5-05e16b1d35e0?format=json&states=listing" "tx2cf3fe80e2ef4b59975bc-0068e94676" "proxy-server 20" 0.0026 "-" 20 0
Oct 10 17:46:30 standalone proxy-server[132450]: - - 10/Oct/2025/17/46/30 HEAD /v1/AUTH_4a034b86feeb418abfcd525e8e0c7278/gnocchi.c16154af-c009-4f45-8ed5-05e16b1d35e0%3Fformat%3Djson%26states%3Dlisting HTTP/1.0 204 - Swift - - - - tx2cf3fe80e2ef4b59975bc-0068e94676 - 0.0071 RL - 1760118390.167326689 1760118390.174433231 0
Oct 10 17:46:30 standalone container-server[130316]: 172.20.0.100 - - [10/Oct/2025:17:46:30 +0000] "GET /d1/759/AUTH_4a034b86feeb418abfcd525e8e0c7278/gnocchi.c16154af-c009-4f45-8ed5-05e16b1d35e0" 200 2 "GET http://172.18.0.2:8080/v1/AUTH_4a034b86feeb418abfcd525e8e0c7278/gnocchi.c16154af-c009-4f45-8ed5-05e16b1d35e0?format=json&states=listing" "tx2cf3fe80e2ef4b59975bc-0068e94676" "proxy-server 20" 0.0038 "-" 21 0
Oct 10 17:46:30 standalone proxy-server[132450]: 172.18.0.2 172.18.0.100 10/Oct/2025/17/46/30 GET /v1/AUTH_4a034b86feeb418abfcd525e8e0c7278/gnocchi.c16154af-c009-4f45-8ed5-05e16b1d35e0%3Fformat%3Djson%26states%3Dlisting HTTP/1.0 200 - python-swiftclient-3.11.1 gAAAAABo6UZ1YjFp... - 2 - tx2cf3fe80e2ef4b59975bc-0068e94676 - 0.0203 - - 1760118390.165956974 1760118390.186209440 0
Oct 10 17:46:30 standalone object-server[130529]: 172.20.0.100 - - [10/Oct/2025:17:46:30 +0000] "GET /d1/556/AUTH_4a034b86feeb418abfcd525e8e0c7278/gnocchi.c16154af-c009-4f45-8ed5-05e16b1d35e0/1759320000.0_mean_300.0_v3" 404 70 "GET http://172.18.0.2:8080/v1/AUTH_4a034b86feeb418abfcd525e8e0c7278/gnocchi.c16154af-c009-4f45-8ed5-05e16b1d35e0/1759320000.0_mean_300.0_v3" "txff2e47b959cc44cda07ff-0068e94676" "proxy-server 20" 0.0012 "-" 25 0
Oct 10 17:46:30 standalone proxy-server[132450]: 172.18.0.2 172.18.0.100 10/Oct/2025/17/46/30 GET /v1/AUTH_4a034b86feeb418abfcd525e8e0c7278/gnocchi.c16154af-c009-4f45-8ed5-05e16b1d35e0/1759320000.0_mean_300.0_v3 HTTP/1.0 404 - python-swiftclient-3.11.1 gAAAAABo6UZ1YjFp... - 70 - txff2e47b959cc44cda07ff-0068e94676 - 0.0079 - - 1760118390.190591812 1760118390.198489666 0
Oct 10 17:46:30 standalone container-server[130316]: 172.20.0.100 - - [10/Oct/2025:17:46:30 +0000] "PUT /d1/759/AUTH_4a034b86feeb418abfcd525e8e0c7278/gnocchi.c16154af-c009-4f45-8ed5-05e16b1d35e0/1759320000.0_mean_300.0_v3" 201 - "PUT http://172.18.0.2:8080/d1/556/AUTH_4a034b86feeb418abfcd525e8e0c7278/gnocchi.c16154af-c009-4f45-8ed5-05e16b1d35e0/1759320000.0_mean_300.0_v3" "tx3ec9b706302f41c98eda2-0068e94676" "object-server 25" 0.0011 "-" 21 0
Oct 10 17:46:30 standalone object-server[130529]: 172.20.0.100 - - [10/Oct/2025:17:46:30 +0000] "PUT /d1/556/AUTH_4a034b86feeb418abfcd525e8e0c7278/gnocchi.c16154af-c009-4f45-8ed5-05e16b1d35e0/1759320000.0_mean_300.0_v3" 201 - "PUT http://172.18.0.2:8080/v1/AUTH_4a034b86feeb418abfcd525e8e0c7278/gnocchi.c16154af-c009-4f45-8ed5-05e16b1d35e0/1759320000.0_mean_300.0_v3" "tx3ec9b706302f41c98eda2-0068e94676" "proxy-server 20" 0.0326 "-" 25 0
Oct 10 17:46:30 standalone proxy-server[132450]: 172.18.0.2 172.18.0.100 10/Oct/2025/17/46/30 PUT /v1/AUTH_4a034b86feeb418abfcd525e8e0c7278/gnocchi.c16154af-c009-4f45-8ed5-05e16b1d35e0/1759320000.0_mean_300.0_v3 HTTP/1.0 201 - python-swiftclient-3.11.1 gAAAAABo6UZ1YjFp... 16 - - tx3ec9b706302f41c98eda2-0068e94676 - 0.0405 - - 1760118390.201654434 1760118390.242191315 0
Oct 10 17:46:30 standalone container-server[130316]: 172.20.0.100 - - [10/Oct/2025:17:46:30 +0000] "PUT /d1/759/AUTH_4a034b86feeb418abfcd525e8e0c7278/gnocchi.c16154af-c009-4f45-8ed5-05e16b1d35e0/none_v3" 201 - "PUT http://172.18.0.2:8080/d1/721/AUTH_4a034b86feeb418abfcd525e8e0c7278/gnocchi.c16154af-c009-4f45-8ed5-05e16b1d35e0/none_v3" "txa7085a7a77374f2f9b912-0068e94676" "object-server 23" 0.0008 "-" 21 0
Oct 10 17:46:30 standalone object-server[130522]: 172.20.0.100 - - [10/Oct/2025:17:46:30 +0000] "PUT /d1/721/AUTH_4a034b86feeb418abfcd525e8e0c7278/gnocchi.c16154af-c009-4f45-8ed5-05e16b1d35e0/none_v3" 201 - "PUT http://172.18.0.2:8080/v1/AUTH_4a034b86feeb418abfcd525e8e0c7278/gnocchi.c16154af-c009-4f45-8ed5-05e16b1d35e0/none_v3" "txa7085a7a77374f2f9b912-0068e94676" "proxy-server 20" 0.0317 "-" 23 0
Oct 10 17:46:30 standalone proxy-server[132450]: 172.18.0.2 172.18.0.100 10/Oct/2025/17/46/30 PUT /v1/AUTH_4a034b86feeb418abfcd525e8e0c7278/gnocchi.c16154af-c009-4f45-8ed5-05e16b1d35e0/none_v3 HTTP/1.0 201 - python-swiftclient-3.11.1 gAAAAABo6UZ1YjFp... 22 - - txa7085a7a77374f2f9b912-0068e94676 - 0.0390 - - 1760118390.245941877 1760118390.284923077 0
Oct 10 17:46:33 standalone object-server[130420]: Begin object update sweep
Oct 10 17:46:33 standalone object-server[223020]: Object update sweep starting on /srv/node/d1 (pid: 14)
Oct 10 17:46:33 standalone object-server[223020]: Object update sweep completed on /srv/node/d1 in 0.00s seconds:, 0 successes, 0 failures, 0 quarantines, 0 unlinks, 0 errors, 0 redirects (pid: 14)
Oct 10 17:46:33 standalone object-server[223020]: Object update sweep of d1 completed: 0.00s, 0 successes, 0 failures, 0 quarantines, 0 unlinks, 0 errors, 0 redirects
Oct 10 17:46:34 standalone object-server[130420]: Object update sweep completed: 0.08s
Oct 10 17:46:59 standalone object-server[130521]: 172.20.0.100 - - [10/Oct/2025:17:46:59 +0000] "GET /d1/721/AUTH_4a034b86feeb418abfcd525e8e0c7278/gnocchi.c16154af-c009-4f45-8ed5-05e16b1d35e0/none_v3" 200 22 "GET http://172.18.0.2:8080/v1/AUTH_4a034b86feeb418abfcd525e8e0c7278/gnocchi.c16154af-c009-4f45-8ed5-05e16b1d35e0/none_v3" "tx4c9b67bb34554afaa8422-0068e94693" "proxy-server 20" 0.0016 "-" 22 0
Oct 10 17:46:59 standalone proxy-server[132450]: 172.18.0.2 172.18.0.100 10/Oct/2025/17/46/59 GET /v1/AUTH_4a034b86feeb418abfcd525e8e0c7278/gnocchi.c16154af-c009-4f45-8ed5-05e16b1d35e0/none_v3 HTTP/1.0 200 - python-swiftclient-3.11.1 gAAAAABo6UZ1YjFp... - 22 - tx4c9b67bb34554afaa8422-0068e94693 - 0.0136 - - 1760118419.465252638 1760118419.478832722 0
Oct 10 17:46:59 standalone container-server[130311]: 172.20.0.100 - - [10/Oct/2025:17:46:59 +0000] "GET /d1/759/AUTH_4a034b86feeb418abfcd525e8e0c7278/gnocchi.c16154af-c009-4f45-8ed5-05e16b1d35e0" 200 357 "GET http://172.18.0.2:8080/v1/AUTH_4a034b86feeb418abfcd525e8e0c7278/gnocchi.c16154af-c009-4f45-8ed5-05e16b1d35e0?format=json&states=listing" "txa9167d4dd67c402d8a0be-0068e94693" "proxy-server 20" 0.0203 "-" 20 0
Oct 10 17:46:59 standalone proxy-server[132450]: 172.18.0.2 172.18.0.100 10/Oct/2025/17/46/59 GET /v1/AUTH_4a034b86feeb418abfcd525e8e0c7278/gnocchi.c16154af-c009-4f45-8ed5-05e16b1d35e0%3Fformat%3Djson%26states%3Dlisting HTTP/1.0 200 - python-swiftclient-3.11.1 gAAAAABo6UZ1YjFp... - 357 - txa9167d4dd67c402d8a0be-0068e94693 - 0.0278 - - 1760118419.481725216 1760118419.509502411 0
Oct 10 17:46:59 standalone container-server[130322]: 172.20.0.100 - - [10/Oct/2025:17:46:59 +0000] "GET /d1/759/AUTH_4a034b86feeb418abfcd525e8e0c7278/gnocchi.c16154af-c009-4f45-8ed5-05e16b1d35e0" 200 2 "GET http://172.18.0.2:8080/v1/AUTH_4a034b86feeb418abfcd525e8e0c7278/gnocchi.c16154af-c009-4f45-8ed5-05e16b1d35e0?format=json&marker=none_v3&states=listing" "tx6e71e4b5a00c424a957da-0068e94693" "proxy-server 20" 0.0067 "-" 22 0
Oct 10 17:46:59 standalone proxy-server[132450]: 172.18.0.2 172.18.0.100 10/Oct/2025/17/46/59 GET /v1/AUTH_4a034b86feeb418abfcd525e8e0c7278/gnocchi.c16154af-c009-4f45-8ed5-05e16b1d35e0%3Fformat%3Djson%26marker%3Dnone_v3%26states%3Dlisting HTTP/1.0 200 - python-swiftclient-3.11.1 gAAAAABo6UZ1YjFp... - 2 - tx6e71e4b5a00c424a957da-0068e94693 - 0.0131 - - 1760118419.511878729 1760118419.525013924 0
Oct 10 17:46:59 standalone object-server[130529]: 172.20.0.100 - - [10/Oct/2025:17:46:59 +0000] "GET /d1/556/AUTH_4a034b86feeb418abfcd525e8e0c7278/gnocchi.c16154af-c009-4f45-8ed5-05e16b1d35e0/1759320000.0_mean_300.0_v3" 200 16 "GET http://172.18.0.2:8080/v1/AUTH_4a034b86feeb418abfcd525e8e0c7278/gnocchi.c16154af-c009-4f45-8ed5-05e16b1d35e0/1759320000.0_mean_300.0_v3" "txe15ec99d5a0141e5b15d3-0068e94693" "proxy-server 20" 0.0014 "-" 25 0
Oct 10 17:46:59 standalone proxy-server[132450]: 172.18.0.2 172.18.0.100 10/Oct/2025/17/46/59 GET /v1/AUTH_4a034b86feeb418abfcd525e8e0c7278/gnocchi.c16154af-c009-4f45-8ed5-05e16b1d35e0/1759320000.0_mean_300.0_v3 HTTP/1.0 200 - python-swiftclient-3.11.1 gAAAAABo6UZ1YjFp... - 16 - txe15ec99d5a0141e5b15d3-0068e94693 - 0.0084 - - 1760118419.533531189 1760118419.541892052 0
Oct 10 17:46:59 standalone container-server[130353]: 172.20.0.100 - - [10/Oct/2025:17:46:59 +0000] "PUT /d1/759/AUTH_4a034b86feeb418abfcd525e8e0c7278/gnocchi.c16154af-c009-4f45-8ed5-05e16b1d35e0/1759320000.0_mean_300.0_v3" 201 - "PUT http://172.18.0.2:8080/d1/556/AUTH_4a034b86feeb418abfcd525e8e0c7278/gnocchi.c16154af-c009-4f45-8ed5-05e16b1d35e0/1759320000.0_mean_300.0_v3" "txc7d9302844854810b4ce5-0068e94693" "object-server 25" 0.0012 "-" 23 0
Oct 10 17:46:59 standalone object-server[130529]: 172.20.0.100 - - [10/Oct/2025:17:46:59 +0000] "PUT /d1/556/AUTH_4a034b86feeb418abfcd525e8e0c7278/gnocchi.c16154af-c009-4f45-8ed5-05e16b1d35e0/1759320000.0_mean_300.0_v3" 201 - "PUT http://172.18.0.2:8080/v1/AUTH_4a034b86feeb418abfcd525e8e0c7278/gnocchi.c16154af-c009-4f45-8ed5-05e16b1d35e0/1759320000.0_mean_300.0_v3" "txc7d9302844854810b4ce5-0068e94693" "proxy-server 20" 0.0126 "-" 25 0
Oct 10 17:46:59 standalone proxy-server[132450]: 172.18.0.2 172.18.0.100 10/Oct/2025/17/46/59 PUT /v1/AUTH_4a034b86feeb418abfcd525e8e0c7278/gnocchi.c16154af-c009-4f45-8ed5-05e16b1d35e0/1759320000.0_mean_300.0_v3 HTTP/1.0 201 - python-swiftclient-3.11.1 gAAAAABo6UZ1YjFp... 16 - - txc7d9302844854810b4ce5-0068e94693 - 0.0183 - - 1760118419.546124697 1760118419.564424992 0
Oct 10 17:46:59 standalone container-server[130353]: 172.20.0.100 - - [10/Oct/2025:17:46:59 +0000] "PUT /d1/759/AUTH_4a034b86feeb418abfcd525e8e0c7278/gnocchi.c16154af-c009-4f45-8ed5-05e16b1d35e0/none_v3" 201 - "PUT http://172.18.0.2:8080/d1/721/AUTH_4a034b86feeb418abfcd525e8e0c7278/gnocchi.c16154af-c009-4f45-8ed5-05e16b1d35e0/none_v3" "txe85b18bc2a9b446fa58a2-0068e94693" "object-server 23" 0.0005 "-" 23 0
Oct 10 17:46:59 standalone object-server[130522]: 172.20.0.100 - - [10/Oct/2025:17:46:59 +0000] "PUT /d1/721/AUTH_4a034b86feeb418abfcd525e8e0c7278/gnocchi.c16154af-c009-4f45-8ed5-05e16b1d35e0/none_v3" 201 - "PUT http://172.18.0.2:8080/v1/AUTH_4a034b86feeb418abfcd525e8e0c7278/gnocchi.c16154af-c009-4f45-8ed5-05e16b1d35e0/none_v3" "txe85b18bc2a9b446fa58a2-0068e94693" "proxy-server 20" 0.0311 "-" 23 0
Oct 10 17:46:59 standalone proxy-server[132450]: 172.18.0.2 172.18.0.100 10/Oct/2025/17/46/59 PUT /v1/AUTH_4a034b86feeb418abfcd525e8e0c7278/gnocchi.c16154af-c009-4f45-8ed5-05e16b1d35e0/none_v3 HTTP/1.0 201 - python-swiftclient-3.11.1 gAAAAABo6UZ1YjFp... 32 - - txe85b18bc2a9b446fa58a2-0068e94693 - 0.0375 - - 1760118419.568554640 1760118419.606034517 0
Oct 10 17:47:28 standalone container-server[130316]: 172.20.0.100 - - [10/Oct/2025:17:47:28 +0000] "HEAD /d1/852/AUTH_4a034b86feeb418abfcd525e8e0c7278/gnocchi.1fc11dfc-5671-4402-8e8c-52a660085944" 404 - "HEAD http://172.18.0.2:8080/v1/AUTH_4a034b86feeb418abfcd525e8e0c7278/gnocchi.1fc11dfc-5671-4402-8e8c-52a660085944?format=json&states=listing" "tx5d75da5491154ba4a1de6-0068e946b0" "proxy-server 20" 0.0006 "-" 21 0
Oct 10 17:47:28 standalone object-server[130526]: 172.20.0.100 - - [10/Oct/2025:17:47:28 +0000] "GET /d1/273/AUTH_4a034b86feeb418abfcd525e8e0c7278/gnocchi.1fc11dfc-5671-4402-8e8c-52a660085944/none_v3" 404 70 "GET http://172.18.0.2:8080/v1/AUTH_4a034b86feeb418abfcd525e8e0c7278/gnocchi.1fc11dfc-5671-4402-8e8c-52a660085944/none_v3" "tx5d75da5491154ba4a1de6-0068e946b0" "proxy-server 20" 0.0007 "-" 24 0
Oct 10 17:47:28 standalone proxy-server[132450]: 172.18.0.2 172.18.0.100 10/Oct/2025/17/47/28 GET /v1/AUTH_4a034b86feeb418abfcd525e8e0c7278/gnocchi.1fc11dfc-5671-4402-8e8c-52a660085944/none_v3 HTTP/1.0 404 - python-swiftclient-3.11.1 gAAAAABo6UZ1YjFp... - 70 - tx5d75da5491154ba4a1de6-0068e946b0 - 0.0242 - - 1760118448.141751289 1760118448.165925980 0
Oct 10 17:47:28 standalone account-server[130176]: 172.20.0.100 - - [10/Oct/2025:17:47:28 +0000] "PUT /d1/517/AUTH_4a034b86feeb418abfcd525e8e0c7278/gnocchi.1fc11dfc-5671-4402-8e8c-52a660085944" 201 - "PUT http://172.20.0.100:6001/d1/852/AUTH_4a034b86feeb418abfcd525e8e0c7278/gnocchi.1fc11dfc-5671-4402-8e8c-52a660085944" "txd12b752404064aa8a1891-0068e946b0" "container-server 20" 0.0085 "-" 20 0
Oct 10 17:47:28 standalone container-server[130311]: 172.20.0.100 - - [10/Oct/2025:17:47:28 +0000] "PUT /d1/852/AUTH_4a034b86feeb418abfcd525e8e0c7278/gnocchi.1fc11dfc-5671-4402-8e8c-52a660085944" 201 - "PUT http://172.18.0.2:8080/v1/AUTH_4a034b86feeb418abfcd525e8e0c7278/gnocchi.1fc11dfc-5671-4402-8e8c-52a660085944" "txd12b752404064aa8a1891-0068e946b0" "proxy-server 20" 0.0223 "-" 20 0
Oct 10 17:47:28 standalone proxy-server[132450]: 172.18.0.2 172.18.0.100 10/Oct/2025/17/47/28 PUT /v1/AUTH_4a034b86feeb418abfcd525e8e0c7278/gnocchi.1fc11dfc-5671-4402-8e8c-52a660085944 HTTP/1.0 201 - python-swiftclient-3.11.1 gAAAAABo6UZ1YjFp... - - - txd12b752404064aa8a1891-0068e946b0 - 0.0323 - - 1760118448.171165466 1760118448.203487635 0
Oct 10 17:47:28 standalone container-server[130316]: 172.20.0.100 - - [10/Oct/2025:17:47:28 +0000] "HEAD /d1/852/AUTH_4a034b86feeb418abfcd525e8e0c7278/gnocchi.1fc11dfc-5671-4402-8e8c-52a660085944" 204 - "HEAD http://172.18.0.2:8080/v1/AUTH_4a034b86feeb418abfcd525e8e0c7278/gnocchi.1fc11dfc-5671-4402-8e8c-52a660085944?format=json&states=listing" "txe9c11218d1874ec89e271-0068e946b0" "proxy-server 20" 0.0012 "-" 21 0
Oct 10 17:47:28 standalone proxy-server[132450]: - - 10/Oct/2025/17/47/28 HEAD /v1/AUTH_4a034b86feeb418abfcd525e8e0c7278/gnocchi.1fc11dfc-5671-4402-8e8c-52a660085944%3Fformat%3Djson%26states%3Dlisting HTTP/1.0 204 - Swift - - - - txe9c11218d1874ec89e271-0068e946b0 - 0.0059 RL - 1760118448.208973646 1760118448.214857817 0
Oct 10 17:47:28 standalone container-server[130311]: 172.20.0.100 - - [10/Oct/2025:17:47:28 +0000] "GET /d1/852/AUTH_4a034b86feeb418abfcd525e8e0c7278/gnocchi.1fc11dfc-5671-4402-8e8c-52a660085944" 200 2 "GET http://172.18.0.2:8080/v1/AUTH_4a034b86feeb418abfcd525e8e0c7278/gnocchi.1fc11dfc-5671-4402-8e8c-52a660085944?format=json&states=listing" "txe9c11218d1874ec89e271-0068e946b0" "proxy-server 20" 0.0034 "-" 20 0
Oct 10 17:47:28 standalone proxy-server[132450]: 172.18.0.2 172.18.0.100 10/Oct/2025/17/47/28 GET /v1/AUTH_4a034b86feeb418abfcd525e8e0c7278/gnocchi.1fc11dfc-5671-4402-8e8c-52a660085944%3Fformat%3Djson%26states%3Dlisting HTTP/1.0 200 - python-swiftclient-3.11.1 gAAAAABo6UZ1YjFp... - 2 - txe9c11218d1874ec89e271-0068e946b0 - 0.0263 - - 1760118448.207283735 1760118448.233590364 0
Oct 10 17:47:28 standalone object-server[130529]: 172.20.0.100 - - [10/Oct/2025:17:47:28 +0000] "GET /d1/90/AUTH_4a034b86feeb418abfcd525e8e0c7278/gnocchi.1fc11dfc-5671-4402-8e8c-52a660085944/1759320000.0_mean_300.0_v3" 404 70 "GET http://172.18.0.2:8080/v1/AUTH_4a034b86feeb418abfcd525e8e0c7278/gnocchi.1fc11dfc-5671-4402-8e8c-52a660085944/1759320000.0_mean_300.0_v3" "txcb116f8e09854642b89fd-0068e946b0" "proxy-server 20" 0.0004 "-" 25 0
Oct 10 17:47:28 standalone proxy-server[132450]: 172.18.0.2 172.18.0.100 10/Oct/2025/17/47/28 GET /v1/AUTH_4a034b86feeb418abfcd525e8e0c7278/gnocchi.1fc11dfc-5671-4402-8e8c-52a660085944/1759320000.0_mean_300.0_v3 HTTP/1.0 404 - python-swiftclient-3.11.1 gAAAAABo6UZ1YjFp... - 70 - txcb116f8e09854642b89fd-0068e946b0 - 0.0056 - - 1760118448.237533092 1760118448.243181467 0
Oct 10 17:47:28 standalone container-server[130322]: 172.20.0.100 - - [10/Oct/2025:17:47:28 +0000] "PUT /d1/852/AUTH_4a034b86feeb418abfcd525e8e0c7278/gnocchi.1fc11dfc-5671-4402-8e8c-52a660085944/1759320000.0_mean_300.0_v3" 201 - "PUT http://172.18.0.2:8080/d1/90/AUTH_4a034b86feeb418abfcd525e8e0c7278/gnocchi.1fc11dfc-5671-4402-8e8c-52a660085944/1759320000.0_mean_300.0_v3" "txf54657905a0e4d5990216-0068e946b0" "object-server 23" 0.0010 "-" 22 0
Oct 10 17:47:28 standalone object-server[130522]: 172.20.0.100 - - [10/Oct/2025:17:47:28 +0000] "PUT /d1/90/AUTH_4a034b86feeb418abfcd525e8e0c7278/gnocchi.1fc11dfc-5671-4402-8e8c-52a660085944/1759320000.0_mean_300.0_v3" 201 - "PUT http://172.18.0.2:8080/v1/AUTH_4a034b86feeb418abfcd525e8e0c7278/gnocchi.1fc11dfc-5671-4402-8e8c-52a660085944/1759320000.0_mean_300.0_v3" "txf54657905a0e4d5990216-0068e946b0" "proxy-server 20" 0.0110 "-" 23 0
Oct 10 17:47:28 standalone proxy-server[132450]: 172.18.0.2 172.18.0.100 10/Oct/2025/17/47/28 PUT /v1/AUTH_4a034b86feeb418abfcd525e8e0c7278/gnocchi.1fc11dfc-5671-4402-8e8c-52a660085944/1759320000.0_mean_300.0_v3 HTTP/1.0 201 - python-swiftclient-3.11.1 gAAAAABo6UZ1YjFp... 16 - - txf54657905a0e4d5990216-0068e946b0 - 0.0182 - - 1760118448.246334791 1760118448.264525652 0
Oct 10 17:47:28 standalone container-server[130311]: 172.20.0.100 - - [10/Oct/2025:17:47:28 +0000] "PUT /d1/852/AUTH_4a034b86feeb418abfcd525e8e0c7278/gnocchi.1fc11dfc-5671-4402-8e8c-52a660085944/none_v3" 201 - "PUT http://172.18.0.2:8080/d1/273/AUTH_4a034b86feeb418abfcd525e8e0c7278/gnocchi.1fc11dfc-5671-4402-8e8c-52a660085944/none_v3" "tx03d712f875b540f1901a3-0068e946b0" "object-server 23" 0.0009 "-" 20 0
Oct 10 17:47:28 standalone object-server[130522]: 172.20.0.100 - - [10/Oct/2025:17:47:28 +0000] "PUT /d1/273/AUTH_4a034b86feeb418abfcd525e8e0c7278/gnocchi.1fc11dfc-5671-4402-8e8c-52a660085944/none_v3" 201 - "PUT http://172.18.0.2:8080/v1/AUTH_4a034b86feeb418abfcd525e8e0c7278/gnocchi.1fc11dfc-5671-4402-8e8c-52a660085944/none_v3" "tx03d712f875b540f1901a3-0068e946b0" "proxy-server 20" 0.0224 "-" 23 0
Oct 10 17:47:28 standalone proxy-server[132450]: 172.18.0.2 172.18.0.100 10/Oct/2025/17/47/28 PUT /v1/AUTH_4a034b86feeb418abfcd525e8e0c7278/gnocchi.1fc11dfc-5671-4402-8e8c-52a660085944/none_v3 HTTP/1.0 201 - python-swiftclient-3.11.1 gAAAAABo6UZ1YjFp... 22 - - tx03d712f875b540f1901a3-0068e946b0 - 0.0292 - - 1760118448.268972397 1760118448.298163176 0
Oct 10 17:47:28 standalone container-server[130322]: 172.20.0.100 - - [10/Oct/2025:17:47:28 +0000] "HEAD /d1/374/AUTH_4a034b86feeb418abfcd525e8e0c7278/gnocchi.29dddd13-1908-4b32-907d-ed18b9e1831d" 404 - "HEAD http://172.18.0.2:8080/v1/AUTH_4a034b86feeb418abfcd525e8e0c7278/gnocchi.29dddd13-1908-4b32-907d-ed18b9e1831d?format=json&states=listing" "txdab037ed50984d08a6bf5-0068e946b0" "proxy-server 20" 0.0005 "-" 22 0
Oct 10 17:47:28 standalone object-server[130522]: 172.20.0.100 - - [10/Oct/2025:17:47:28 +0000] "GET /d1/436/AUTH_4a034b86feeb418abfcd525e8e0c7278/gnocchi.29dddd13-1908-4b32-907d-ed18b9e1831d/none_v3" 404 70 "GET http://172.18.0.2:8080/v1/AUTH_4a034b86feeb418abfcd525e8e0c7278/gnocchi.29dddd13-1908-4b32-907d-ed18b9e1831d/none_v3" "txdab037ed50984d08a6bf5-0068e946b0" "proxy-server 20" 0.0004 "-" 23 0
Oct 10 17:47:28 standalone proxy-server[132450]: 172.18.0.2 172.18.0.100 10/Oct/2025/17/47/28 GET /v1/AUTH_4a034b86feeb418abfcd525e8e0c7278/gnocchi.29dddd13-1908-4b32-907d-ed18b9e1831d/none_v3 HTTP/1.0 404 - python-swiftclient-3.11.1 gAAAAABo6UZ1YjFp... - 70 - txdab037ed50984d08a6bf5-0068e946b0 - 0.0109 - - 1760118448.309594631 1760118448.320543051 0
Oct 10 17:47:28 standalone account-server[130200]: 172.20.0.100 - - [10/Oct/2025:17:47:28 +0000] "PUT /d1/517/AUTH_4a034b86feeb418abfcd525e8e0c7278/gnocchi.29dddd13-1908-4b32-907d-ed18b9e1831d" 201 - "PUT http://172.20.0.100:6001/d1/374/AUTH_4a034b86feeb418abfcd525e8e0c7278/gnocchi.29dddd13-1908-4b32-907d-ed18b9e1831d" "txe20e9d15d5a047ba85e00-0068e946b0" "container-server 21" 0.0122 "-" 23 0
Oct 10 17:47:28 standalone container-server[130316]: 172.20.0.100 - - [10/Oct/2025:17:47:28 +0000] "PUT /d1/374/AUTH_4a034b86feeb418abfcd525e8e0c7278/gnocchi.29dddd13-1908-4b32-907d-ed18b9e1831d" 201 - "PUT http://172.18.0.2:8080/v1/AUTH_4a034b86feeb418abfcd525e8e0c7278/gnocchi.29dddd13-1908-4b32-907d-ed18b9e1831d" "txe20e9d15d5a047ba85e00-0068e946b0" "proxy-server 20" 0.0325 "-" 21 0
Oct 10 17:47:28 standalone proxy-server[132450]: 172.18.0.2 172.18.0.100 10/Oct/2025/17/47/28 PUT /v1/AUTH_4a034b86feeb418abfcd525e8e0c7278/gnocchi.29dddd13-1908-4b32-907d-ed18b9e1831d HTTP/1.0 201 - python-swiftclient-3.11.1 gAAAAABo6UZ1YjFp... - - - txe20e9d15d5a047ba85e00-0068e946b0 - 0.0401 - - 1760118448.323883772 1760118448.363956451 0
Oct 10 17:47:28 standalone container-server[130353]: 172.20.0.100 - - [10/Oct/2025:17:47:28 +0000] "HEAD /d1/374/AUTH_4a034b86feeb418abfcd525e8e0c7278/gnocchi.29dddd13-1908-4b32-907d-ed18b9e1831d" 204 - "HEAD http://172.18.0.2:8080/v1/AUTH_4a034b86feeb418abfcd525e8e0c7278/gnocchi.29dddd13-1908-4b32-907d-ed18b9e1831d?format=json&states=listing" "txaa155ea78590434180e91-0068e946b0" "proxy-server 20" 0.0034 "-" 23 0
Oct 10 17:47:28 standalone proxy-server[132450]: - - 10/Oct/2025/17/47/28 HEAD /v1/AUTH_4a034b86feeb418abfcd525e8e0c7278/gnocchi.29dddd13-1908-4b32-907d-ed18b9e1831d%3Fformat%3Djson%26states%3Dlisting HTTP/1.0 204 - Swift - - - - txaa155ea78590434180e91-0068e946b0 - 0.0078 RL - 1760118448.369795561 1760118448.377644777 0
Oct 10 17:47:28 standalone container-server[130322]: 172.20.0.100 - - [10/Oct/2025:17:47:28 +0000] "GET /d1/374/AUTH_4a034b86feeb418abfcd525e8e0c7278/gnocchi.29dddd13-1908-4b32-907d-ed18b9e1831d" 200 2 "GET http://172.18.0.2:8080/v1/AUTH_4a034b86feeb418abfcd525e8e0c7278/gnocchi.29dddd13-1908-4b32-907d-ed18b9e1831d?format=json&states=listing" "txaa155ea78590434180e91-0068e946b0" "proxy-server 20" 0.0034 "-" 22 0
Oct 10 17:47:28 standalone proxy-server[132450]: 172.18.0.2 172.18.0.100 10/Oct/2025/17/47/28 GET /v1/AUTH_4a034b86feeb418abfcd525e8e0c7278/gnocchi.29dddd13-1908-4b32-907d-ed18b9e1831d%3Fformat%3Djson%26states%3Dlisting HTTP/1.0 200 - python-swiftclient-3.11.1 gAAAAABo6UZ1YjFp... - 2 - txaa155ea78590434180e91-0068e946b0 - 0.0224 - - 1760118448.368029118 1760118448.390475035 0
Oct 10 17:47:28 standalone object-server[130522]: 172.20.0.100 - - [10/Oct/2025:17:47:28 +0000] "GET /d1/380/AUTH_4a034b86feeb418abfcd525e8e0c7278/gnocchi.29dddd13-1908-4b32-907d-ed18b9e1831d/1759320000.0_mean_300.0_v3" 404 70 "GET http://172.18.0.2:8080/v1/AUTH_4a034b86feeb418abfcd525e8e0c7278/gnocchi.29dddd13-1908-4b32-907d-ed18b9e1831d/1759320000.0_mean_300.0_v3" "tx10c2225ffa464a70853c4-0068e946b0" "proxy-server 20" 0.0004 "-" 23 0
Oct 10 17:47:28 standalone proxy-server[132450]: 172.18.0.2 172.18.0.100 10/Oct/2025/17/47/28 GET /v1/AUTH_4a034b86feeb418abfcd525e8e0c7278/gnocchi.29dddd13-1908-4b32-907d-ed18b9e1831d/1759320000.0_mean_300.0_v3 HTTP/1.0 404 - python-swiftclient-3.11.1 gAAAAABo6UZ1YjFp... - 70 - tx10c2225ffa464a70853c4-0068e946b0 - 0.0080 - - 1760118448.395651579 1760118448.403680801 0
Oct 10 17:47:28 standalone container-server[130316]: 172.20.0.100 - - [10/Oct/2025:17:47:28 +0000] "PUT /d1/374/AUTH_4a034b86feeb418abfcd525e8e0c7278/gnocchi.29dddd13-1908-4b32-907d-ed18b9e1831d/1759320000.0_mean_300.0_v3" 201 - "PUT http://172.18.0.2:8080/d1/380/AUTH_4a034b86feeb418abfcd525e8e0c7278/gnocchi.29dddd13-1908-4b32-907d-ed18b9e1831d/1759320000.0_mean_300.0_v3" "tx041be0582f41400b93bcd-0068e946b0" "object-server 25" 0.0015 "-" 21 0
Oct 10 17:47:28 standalone object-server[130529]: 172.20.0.100 - - [10/Oct/2025:17:47:28 +0000] "PUT /d1/380/AUTH_4a034b86feeb418abfcd525e8e0c7278/gnocchi.29dddd13-1908-4b32-907d-ed18b9e1831d/1759320000.0_mean_300.0_v3" 201 - "PUT http://172.18.0.2:8080/v1/AUTH_4a034b86feeb418abfcd525e8e0c7278/gnocchi.29dddd13-1908-4b32-907d-ed18b9e1831d/1759320000.0_mean_300.0_v3" "tx041be0582f41400b93bcd-0068e946b0" "proxy-server 20" 0.0148 "-" 25 0
Oct 10 17:47:28 standalone proxy-server[132450]: 172.18.0.2 172.18.0.100 10/Oct/2025/17/47/28 PUT /v1/AUTH_4a034b86feeb418abfcd525e8e0c7278/gnocchi.29dddd13-1908-4b32-907d-ed18b9e1831d/1759320000.0_mean_300.0_v3 HTTP/1.0 201 - python-swiftclient-3.11.1 gAAAAABo6UZ1YjFp... 16 - - tx041be0582f41400b93bcd-0068e946b0 - 0.0279 - - 1760118448.407514095 1760118448.435431480 0
Oct 10 17:47:28 standalone container-server[130316]: 172.20.0.100 - - [10/Oct/2025:17:47:28 +0000] "PUT /d1/374/AUTH_4a034b86feeb418abfcd525e8e0c7278/gnocchi.29dddd13-1908-4b32-907d-ed18b9e1831d/none_v3" 201 - "PUT http://172.18.0.2:8080/d1/436/AUTH_4a034b86feeb418abfcd525e8e0c7278/gnocchi.29dddd13-1908-4b32-907d-ed18b9e1831d/none_v3" "txf60df1c4e41a468a9ee4e-0068e946b0" "object-server 22" 0.0010 "-" 21 0
Oct 10 17:47:28 standalone object-server[130521]: 172.20.0.100 - - [10/Oct/2025:17:47:28 +0000] "PUT /d1/436/AUTH_4a034b86feeb418abfcd525e8e0c7278/gnocchi.29dddd13-1908-4b32-907d-ed18b9e1831d/none_v3" 201 - "PUT http://172.18.0.2:8080/v1/AUTH_4a034b86feeb418abfcd525e8e0c7278/gnocchi.29dddd13-1908-4b32-907d-ed18b9e1831d/none_v3" "txf60df1c4e41a468a9ee4e-0068e946b0" "proxy-server 20" 0.0302 "-" 22 0
Oct 10 17:47:28 standalone proxy-server[132450]: 172.18.0.2 172.18.0.100 10/Oct/2025/17/47/28 PUT /v1/AUTH_4a034b86feeb418abfcd525e8e0c7278/gnocchi.29dddd13-1908-4b32-907d-ed18b9e1831d/none_v3 HTTP/1.0 201 - python-swiftclient-3.11.1 gAAAAABo6UZ1YjFp... 22 - - txf60df1c4e41a468a9ee4e-0068e946b0 - 0.0397 - - 1760118448.438902378 1760118448.478647470 0
Oct 10 17:47:36 standalone account-server[130182]: 172.20.0.100 - - [10/Oct/2025:17:47:36 +0000] "HEAD /d1/517/AUTH_4a034b86feeb418abfcd525e8e0c7278" 204 - "HEAD http://172.18.0.2:8080/v1/AUTH_4a034b86feeb418abfcd525e8e0c7278?format=json" "tx5e419e1986a54ca6895ad-0068e946b8" "proxy-server 20" 0.0106 "-" 21 -
Oct 10 17:47:36 standalone proxy-server[132450]: - - 10/Oct/2025/17/47/36 HEAD /v1/AUTH_4a034b86feeb418abfcd525e8e0c7278%3Fformat%3Djson HTTP/1.0 204 - Swift - - - - tx5e419e1986a54ca6895ad-0068e946b8 - 0.0233 RL - 1760118456.692589283 1760118456.715873957 -
Oct 10 17:47:36 standalone container-server[130322]: 172.20.0.100 - - [10/Oct/2025:17:47:36 +0000] "HEAD /d1/43/AUTH_4a034b86feeb418abfcd525e8e0c7278/gnocchi.f0aa6b56-90fa-4367-836e-fa90e37c953e" 404 - "HEAD http://172.18.0.2:8080/v1/AUTH_4a034b86feeb418abfcd525e8e0c7278/gnocchi.f0aa6b56-90fa-4367-836e-fa90e37c953e?format=json&states=listing" "tx5e419e1986a54ca6895ad-0068e946b8" "proxy-server 20" 0.0005 "-" 22 0
Oct 10 17:47:36 standalone object-server[130521]: 172.20.0.100 - - [10/Oct/2025:17:47:36 +0000] "GET /d1/829/AUTH_4a034b86feeb418abfcd525e8e0c7278/gnocchi.f0aa6b56-90fa-4367-836e-fa90e37c953e/none_v3" 404 70 "GET http://172.18.0.2:8080/v1/AUTH_4a034b86feeb418abfcd525e8e0c7278/gnocchi.f0aa6b56-90fa-4367-836e-fa90e37c953e/none_v3" "tx5e419e1986a54ca6895ad-0068e946b8" "proxy-server 20" 0.0007 "-" 22 0
Oct 10 17:47:36 standalone proxy-server[132450]: 172.18.0.2 172.18.0.100 10/Oct/2025/17/47/36 GET /v1/AUTH_4a034b86feeb418abfcd525e8e0c7278/gnocchi.f0aa6b56-90fa-4367-836e-fa90e37c953e/none_v3 HTTP/1.0 404 - python-swiftclient-3.11.1 gAAAAABo6UZ1YjFp... - 70 - tx5e419e1986a54ca6895ad-0068e946b8 - 0.0504 - - 1760118456.689526320 1760118456.739974976 0
Oct 10 17:47:36 standalone account-server[130176]: 172.20.0.100 - - [10/Oct/2025:17:47:36 +0000] "PUT /d1/517/AUTH_4a034b86feeb418abfcd525e8e0c7278/gnocchi.f0aa6b56-90fa-4367-836e-fa90e37c953e" 201 - "PUT http://172.20.0.100:6001/d1/43/AUTH_4a034b86feeb418abfcd525e8e0c7278/gnocchi.f0aa6b56-90fa-4367-836e-fa90e37c953e" "tx9b8ca66c99eb41858aec1-0068e946b8" "container-server 22" 0.0009 "-" 20 0
Oct 10 17:47:36 standalone container-server[130322]: 172.20.0.100 - - [10/Oct/2025:17:47:36 +0000] "PUT /d1/43/AUTH_4a034b86feeb418abfcd525e8e0c7278/gnocchi.f0aa6b56-90fa-4367-836e-fa90e37c953e" 201 - "PUT http://172.18.0.2:8080/v1/AUTH_4a034b86feeb418abfcd525e8e0c7278/gnocchi.f0aa6b56-90fa-4367-836e-fa90e37c953e" "tx9b8ca66c99eb41858aec1-0068e946b8" "proxy-server 20" 0.0096 "-" 22 0
Oct 10 17:47:36 standalone proxy-server[132450]: 172.18.0.2 172.18.0.100 10/Oct/2025/17/47/36 PUT /v1/AUTH_4a034b86feeb418abfcd525e8e0c7278/gnocchi.f0aa6b56-90fa-4367-836e-fa90e37c953e HTTP/1.0 201 - python-swiftclient-3.11.1 gAAAAABo6UZ1YjFp... - - - tx9b8ca66c99eb41858aec1-0068e946b8 - 0.0153 - - 1760118456.743482828 1760118456.758778811 0
Oct 10 17:47:36 standalone container-server[130316]: 172.20.0.100 - - [10/Oct/2025:17:47:36 +0000] "HEAD /d1/43/AUTH_4a034b86feeb418abfcd525e8e0c7278/gnocchi.f0aa6b56-90fa-4367-836e-fa90e37c953e" 204 - "HEAD http://172.18.0.2:8080/v1/AUTH_4a034b86feeb418abfcd525e8e0c7278/gnocchi.f0aa6b56-90fa-4367-836e-fa90e37c953e?format=json&states=listing" "txbf35a0973b714a94b6fbd-0068e946b8" "proxy-server 20" 0.0015 "-" 21 0
Oct 10 17:47:36 standalone proxy-server[132450]: - - 10/Oct/2025/17/47/36 HEAD /v1/AUTH_4a034b86feeb418abfcd525e8e0c7278/gnocchi.f0aa6b56-90fa-4367-836e-fa90e37c953e%3Fformat%3Djson%26states%3Dlisting HTTP/1.0 204 - Swift - - - - txbf35a0973b714a94b6fbd-0068e946b8 - 0.0051 RL - 1760118456.763294220 1760118456.768394709 0
Oct 10 17:47:36 standalone container-server[130353]: 172.20.0.100 - - [10/Oct/2025:17:47:36 +0000] "GET /d1/43/AUTH_4a034b86feeb418abfcd525e8e0c7278/gnocchi.f0aa6b56-90fa-4367-836e-fa90e37c953e" 200 2 "GET http://172.18.0.2:8080/v1/AUTH_4a034b86feeb418abfcd525e8e0c7278/gnocchi.f0aa6b56-90fa-4367-836e-fa90e37c953e?format=json&states=listing" "txbf35a0973b714a94b6fbd-0068e946b8" "proxy-server 20" 0.0031 "-" 23 0
Oct 10 17:47:36 standalone proxy-server[132450]: 172.18.0.2 172.18.0.100 10/Oct/2025/17/47/36 GET /v1/AUTH_4a034b86feeb418abfcd525e8e0c7278/gnocchi.f0aa6b56-90fa-4367-836e-fa90e37c953e%3Fformat%3Djson%26states%3Dlisting HTTP/1.0 200 - python-swiftclient-3.11.1 gAAAAABo6UZ1YjFp... - 2 - txbf35a0973b714a94b6fbd-0068e946b8 - 0.0194 - - 1760118456.762052059 1760118456.781464815 0
Oct 10 17:47:36 standalone object-server[130522]: 172.20.0.100 - - [10/Oct/2025:17:47:36 +0000] "GET /d1/325/AUTH_4a034b86feeb418abfcd525e8e0c7278/gnocchi.f0aa6b56-90fa-4367-836e-fa90e37c953e/1759320000.0_mean_300.0_v3" 404 70 "GET http://172.18.0.2:8080/v1/AUTH_4a034b86feeb418abfcd525e8e0c7278/gnocchi.f0aa6b56-90fa-4367-836e-fa90e37c953e/1759320000.0_mean_300.0_v3" "tx7c5eca7111c1455da1026-0068e946b8" "proxy-server 20" 0.0005 "-" 23 0
Oct 10 17:47:36 standalone proxy-server[132450]: 172.18.0.2 172.18.0.100 10/Oct/2025/17/47/36 GET /v1/AUTH_4a034b86feeb418abfcd525e8e0c7278/gnocchi.f0aa6b56-90fa-4367-836e-fa90e37c953e/1759320000.0_mean_300.0_v3 HTTP/1.0 404 - python-swiftclient-3.11.1 gAAAAABo6UZ1YjFp... - 70 - tx7c5eca7111c1455da1026-0068e946b8 - 0.0071 - - 1760118456.786198616 1760118456.793327093 0
Oct 10 17:47:36 standalone container-server[130353]: 172.20.0.100 - - [10/Oct/2025:17:47:36 +0000] "PUT /d1/43/AUTH_4a034b86feeb418abfcd525e8e0c7278/gnocchi.f0aa6b56-90fa-4367-836e-fa90e37c953e/1759320000.0_mean_300.0_v3" 201 - "PUT http://172.18.0.2:8080/d1/325/AUTH_4a034b86feeb418abfcd525e8e0c7278/gnocchi.f0aa6b56-90fa-4367-836e-fa90e37c953e/1759320000.0_mean_300.0_v3" "txfd3cbd15743f40ca9cd49-0068e946b8" "object-server 23" 0.0007 "-" 23 0
Oct 10 17:47:36 standalone object-server[130522]: 172.20.0.100 - - [10/Oct/2025:17:47:36 +0000] "PUT /d1/325/AUTH_4a034b86feeb418abfcd525e8e0c7278/gnocchi.f0aa6b56-90fa-4367-836e-fa90e37c953e/1759320000.0_mean_300.0_v3" 201 - "PUT http://172.18.0.2:8080/v1/AUTH_4a034b86feeb418abfcd525e8e0c7278/gnocchi.f0aa6b56-90fa-4367-836e-fa90e37c953e/1759320000.0_mean_300.0_v3" "txfd3cbd15743f40ca9cd49-0068e946b8" "proxy-server 20" 0.0150 "-" 23 0
Oct 10 17:47:36 standalone proxy-server[132450]: 172.18.0.2 172.18.0.100 10/Oct/2025/17/47/36 PUT /v1/AUTH_4a034b86feeb418abfcd525e8e0c7278/gnocchi.f0aa6b56-90fa-4367-836e-fa90e37c953e/1759320000.0_mean_300.0_v3 HTTP/1.0 201 - python-swiftclient-3.11.1 gAAAAABo6UZ1YjFp... 16 - - txfd3cbd15743f40ca9cd49-0068e946b8 - 0.0246 - - 1760118456.798159122 1760118456.822720051 0
Oct 10 17:47:36 standalone container-server[130322]: 172.20.0.100 - - [10/Oct/2025:17:47:36 +0000] "PUT /d1/43/AUTH_4a034b86feeb418abfcd525e8e0c7278/gnocchi.f0aa6b56-90fa-4367-836e-fa90e37c953e/none_v3" 201 - "PUT http://172.18.0.2:8080/d1/829/AUTH_4a034b86feeb418abfcd525e8e0c7278/gnocchi.f0aa6b56-90fa-4367-836e-fa90e37c953e/none_v3" "tx6da096ba089140e98f40d-0068e946b8" "object-server 23" 0.0006 "-" 22 0
Oct 10 17:47:36 standalone object-server[130522]: 172.20.0.100 - - [10/Oct/2025:17:47:36 +0000] "PUT /d1/829/AUTH_4a034b86feeb418abfcd525e8e0c7278/gnocchi.f0aa6b56-90fa-4367-836e-fa90e37c953e/none_v3" 201 - "PUT http://172.18.0.2:8080/v1/AUTH_4a034b86feeb418abfcd525e8e0c7278/gnocchi.f0aa6b56-90fa-4367-836e-fa90e37c953e/none_v3" "tx6da096ba089140e98f40d-0068e946b8" "proxy-server 20" 0.0128 "-" 23 0
Oct 10 17:47:36 standalone proxy-server[132450]: 172.18.0.2 172.18.0.100 10/Oct/2025/17/47/36 PUT /v1/AUTH_4a034b86feeb418abfcd525e8e0c7278/gnocchi.f0aa6b56-90fa-4367-836e-fa90e37c953e/none_v3 HTTP/1.0 201 - python-swiftclient-3.11.1 gAAAAABo6UZ1YjFp... 22 - - tx6da096ba089140e98f40d-0068e946b8 - 0.0229 - - 1760118456.825291634 1760118456.848147631 0
Oct 10 17:47:36 standalone container-server[130322]: 172.20.0.100 - - [10/Oct/2025:17:47:36 +0000] "HEAD /d1/265/AUTH_4a034b86feeb418abfcd525e8e0c7278/gnocchi.6cd4c70e-a766-46ea-a197-24a9e0747b3f" 404 - "HEAD http://172.18.0.2:8080/v1/AUTH_4a034b86feeb418abfcd525e8e0c7278/gnocchi.6cd4c70e-a766-46ea-a197-24a9e0747b3f?format=json&states=listing" "txf0abeba5eb7d42579b5dc-0068e946b8" "proxy-server 20" 0.0003 "-" 22 0
Oct 10 17:47:36 standalone object-server[130521]: 172.20.0.100 - - [10/Oct/2025:17:47:36 +0000] "GET /d1/258/AUTH_4a034b86feeb418abfcd525e8e0c7278/gnocchi.6cd4c70e-a766-46ea-a197-24a9e0747b3f/none_v3" 404 70 "GET http://172.18.0.2:8080/v1/AUTH_4a034b86feeb418abfcd525e8e0c7278/gnocchi.6cd4c70e-a766-46ea-a197-24a9e0747b3f/none_v3" "txf0abeba5eb7d42579b5dc-0068e946b8" "proxy-server 20" 0.0004 "-" 22 0
Oct 10 17:47:36 standalone proxy-server[132450]: 172.18.0.2 172.18.0.100 10/Oct/2025/17/47/36 GET /v1/AUTH_4a034b86feeb418abfcd525e8e0c7278/gnocchi.6cd4c70e-a766-46ea-a197-24a9e0747b3f/none_v3 HTTP/1.0 404 - python-swiftclient-3.11.1 gAAAAABo6UZ1YjFp... - 70 - txf0abeba5eb7d42579b5dc-0068e946b8 - 0.0119 - - 1760118456.860501528 1760118456.872427225 0
Oct 10 17:47:36 standalone account-server[130189]: 172.20.0.100 - - [10/Oct/2025:17:47:36 +0000] "PUT /d1/517/AUTH_4a034b86feeb418abfcd525e8e0c7278/gnocchi.6cd4c70e-a766-46ea-a197-24a9e0747b3f" 201 - "PUT http://172.20.0.100:6001/d1/265/AUTH_4a034b86feeb418abfcd525e8e0c7278/gnocchi.6cd4c70e-a766-46ea-a197-24a9e0747b3f" "tx4c6ec2dabb66496cab780-0068e946b8" "container-server 20" 0.0049 "-" 22 0
Oct 10 17:47:36 standalone container-server[130311]: 172.20.0.100 - - [10/Oct/2025:17:47:36 +0000] "PUT /d1/265/AUTH_4a034b86feeb418abfcd525e8e0c7278/gnocchi.6cd4c70e-a766-46ea-a197-24a9e0747b3f" 201 - "PUT http://172.18.0.2:8080/v1/AUTH_4a034b86feeb418abfcd525e8e0c7278/gnocchi.6cd4c70e-a766-46ea-a197-24a9e0747b3f" "tx4c6ec2dabb66496cab780-0068e946b8" "proxy-server 20" 0.0215 "-" 20 0
Oct 10 17:47:36 standalone proxy-server[132450]: 172.18.0.2 172.18.0.100 10/Oct/2025/17/47/36 PUT /v1/AUTH_4a034b86feeb418abfcd525e8e0c7278/gnocchi.6cd4c70e-a766-46ea-a197-24a9e0747b3f HTTP/1.0 201 - python-swiftclient-3.11.1 gAAAAABo6UZ1YjFp... - - - tx4c6ec2dabb66496cab780-0068e946b8 - 0.0290 - - 1760118456.875166416 1760118456.904123545 0
Oct 10 17:47:36 standalone container-server[130353]: 172.20.0.100 - - [10/Oct/2025:17:47:36 +0000] "HEAD /d1/265/AUTH_4a034b86feeb418abfcd525e8e0c7278/gnocchi.6cd4c70e-a766-46ea-a197-24a9e0747b3f" 204 - "HEAD http://172.18.0.2:8080/v1/AUTH_4a034b86feeb418abfcd525e8e0c7278/gnocchi.6cd4c70e-a766-46ea-a197-24a9e0747b3f?format=json&states=listing" "tx3e50679cf6f74b728666f-0068e946b8" "proxy-server 20" 0.0027 "-" 23 0
Oct 10 17:47:36 standalone proxy-server[132450]: - - 10/Oct/2025/17/47/36 HEAD /v1/AUTH_4a034b86feeb418abfcd525e8e0c7278/gnocchi.6cd4c70e-a766-46ea-a197-24a9e0747b3f%3Fformat%3Djson%26states%3Dlisting HTTP/1.0 204 - Swift - - - - tx3e50679cf6f74b728666f-0068e946b8 - 0.0066 RL - 1760118456.909942389 1760118456.916514635 0
Oct 10 17:47:36 standalone container-server[130311]: 172.20.0.100 - - [10/Oct/2025:17:47:36 +0000] "GET /d1/265/AUTH_4a034b86feeb418abfcd525e8e0c7278/gnocchi.6cd4c70e-a766-46ea-a197-24a9e0747b3f" 200 2 "GET http://172.18.0.2:8080/v1/AUTH_4a034b86feeb418abfcd525e8e0c7278/gnocchi.6cd4c70e-a766-46ea-a197-24a9e0747b3f?format=json&states=listing" "tx3e50679cf6f74b728666f-0068e946b8" "proxy-server 20" 0.0024 "-" 20 0
Oct 10 17:47:36 standalone proxy-server[132450]: 172.18.0.2 172.18.0.100 10/Oct/2025/17/47/36 GET /v1/AUTH_4a034b86feeb418abfcd525e8e0c7278/gnocchi.6cd4c70e-a766-46ea-a197-24a9e0747b3f%3Fformat%3Djson%26states%3Dlisting HTTP/1.0 200 - python-swiftclient-3.11.1 gAAAAABo6UZ1YjFp... - 2 - tx3e50679cf6f74b728666f-0068e946b8 - 0.0167 - - 1760118456.908526659 1760118456.925187111 0
Oct 10 17:47:36 standalone object-server[130529]: 172.20.0.100 - - [10/Oct/2025:17:47:36 +0000] "GET /d1/937/AUTH_4a034b86feeb418abfcd525e8e0c7278/gnocchi.6cd4c70e-a766-46ea-a197-24a9e0747b3f/1759320000.0_mean_300.0_v3" 404 70 "GET http://172.18.0.2:8080/v1/AUTH_4a034b86feeb418abfcd525e8e0c7278/gnocchi.6cd4c70e-a766-46ea-a197-24a9e0747b3f/1759320000.0_mean_300.0_v3" "txe1b4ea79fb3a46a490e2d-0068e946b8" "proxy-server 20" 0.0005 "-" 25 0
Oct 10 17:47:36 standalone proxy-server[132450]: 172.18.0.2 172.18.0.100 10/Oct/2025/17/47/36 GET /v1/AUTH_4a034b86feeb418abfcd525e8e0c7278/gnocchi.6cd4c70e-a766-46ea-a197-24a9e0747b3f/1759320000.0_mean_300.0_v3 HTTP/1.0 404 - python-swiftclient-3.11.1 gAAAAABo6UZ1YjFp... - 70 - txe1b4ea79fb3a46a490e2d-0068e946b8 - 0.0072 - - 1760118456.928512096 1760118456.935671806 0
Oct 10 17:47:36 standalone container-server[130316]: 172.20.0.100 - - [10/Oct/2025:17:47:36 +0000] "PUT /d1/265/AUTH_4a034b86feeb418abfcd525e8e0c7278/gnocchi.6cd4c70e-a766-46ea-a197-24a9e0747b3f/1759320000.0_mean_300.0_v3" 201 - "PUT http://172.18.0.2:8080/d1/937/AUTH_4a034b86feeb418abfcd525e8e0c7278/gnocchi.6cd4c70e-a766-46ea-a197-24a9e0747b3f/1759320000.0_mean_300.0_v3" "txd103e30bcb944840bc035-0068e946b8" "object-server 23" 0.0008 "-" 21 0
Oct 10 17:47:36 standalone object-server[130522]: 172.20.0.100 - - [10/Oct/2025:17:47:36 +0000] "PUT /d1/937/AUTH_4a034b86feeb418abfcd525e8e0c7278/gnocchi.6cd4c70e-a766-46ea-a197-24a9e0747b3f/1759320000.0_mean_300.0_v3" 201 - "PUT http://172.18.0.2:8080/v1/AUTH_4a034b86feeb418abfcd525e8e0c7278/gnocchi.6cd4c70e-a766-46ea-a197-24a9e0747b3f/1759320000.0_mean_300.0_v3" "txd103e30bcb944840bc035-0068e946b8" "proxy-server 20" 0.0286 "-" 23 0
