Oct 10 17:49:24 standalone proxy-server[132450]: 172.18.0.2 172.18.0.100 10/Oct/2025/17/49/24 GET /v1/AUTH_4a034b86feeb418abfcd525e8e0c7278/gnocchi.20de7e6d-ed59-431a-9120-4ce53a12af53%3Fformat%3Djson%26states%3Dlisting HTTP/1.0 200 - python-swiftclient-3.11.1 gAAAAABo6UZ1YjFp... - 2 - tx49da37772c3d4d828b2cc-0068e94724 - 0.0108 - - 1760118564.184842825 1760118564.195654631 0
Oct 10 17:49:24 standalone object-server[130522]: 172.20.0.100 - - [10/Oct/2025:17:49:24 +0000] "GET /d1/1004/AUTH_4a034b86feeb418abfcd525e8e0c7278/gnocchi.20de7e6d-ed59-431a-9120-4ce53a12af53/1759320000.0_mean_300.0_v3" 404 70 "GET http://172.18.0.2:8080/v1/AUTH_4a034b86feeb418abfcd525e8e0c7278/gnocchi.20de7e6d-ed59-431a-9120-4ce53a12af53/1759320000.0_mean_300.0_v3" "tx5679e5ce21594de0818ba-0068e94724" "proxy-server 20" 0.0003 "-" 23 0
Oct 10 17:49:24 standalone proxy-server[132450]: 172.18.0.2 172.18.0.100 10/Oct/2025/17/49/24 GET /v1/AUTH_4a034b86feeb418abfcd525e8e0c7278/gnocchi.20de7e6d-ed59-431a-9120-4ce53a12af53/1759320000.0_mean_300.0_v3 HTTP/1.0 404 - python-swiftclient-3.11.1 gAAAAABo6UZ1YjFp... - 70 - tx5679e5ce21594de0818ba-0068e94724 - 0.0053 - - 1760118564.198738337 1760118564.204085588 0
Oct 10 17:49:24 standalone container-server[130316]: 172.20.0.100 - - [10/Oct/2025:17:49:24 +0000] "PUT /d1/830/AUTH_4a034b86feeb418abfcd525e8e0c7278/gnocchi.20de7e6d-ed59-431a-9120-4ce53a12af53/1759320000.0_mean_300.0_v3" 201 - "PUT http://172.18.0.2:8080/d1/1004/AUTH_4a034b86feeb418abfcd525e8e0c7278/gnocchi.20de7e6d-ed59-431a-9120-4ce53a12af53/1759320000.0_mean_300.0_v3" "tx7c7215fa35564acbaa453-0068e94724" "object-server 25" 0.0005 "-" 21 0
Oct 10 17:49:24 standalone object-server[130529]: 172.20.0.100 - - [10/Oct/2025:17:49:24 +0000] "PUT /d1/1004/AUTH_4a034b86feeb418abfcd525e8e0c7278/gnocchi.20de7e6d-ed59-431a-9120-4ce53a12af53/1759320000.0_mean_300.0_v3" 201 - "PUT http://172.18.0.2:8080/v1/AUTH_4a034b86feeb418abfcd525e8e0c7278/gnocchi.20de7e6d-ed59-431a-9120-4ce53a12af53/1759320000.0_mean_300.0_v3" "tx7c7215fa35564acbaa453-0068e94724" "proxy-server 20" 0.0081 "-" 25 0
Oct 10 17:49:24 standalone proxy-server[132450]: 172.18.0.2 172.18.0.100 10/Oct/2025/17/49/24 PUT /v1/AUTH_4a034b86feeb418abfcd525e8e0c7278/gnocchi.20de7e6d-ed59-431a-9120-4ce53a12af53/1759320000.0_mean_300.0_v3 HTTP/1.0 201 - python-swiftclient-3.11.1 gAAAAABo6UZ1YjFp... 16 - - tx7c7215fa35564acbaa453-0068e94724 - 0.0127 - - 1760118564.206098318 1760118564.218807459 0
Oct 10 17:49:24 standalone container-server[130316]: 172.20.0.100 - - [10/Oct/2025:17:49:24 +0000] "PUT /d1/830/AUTH_4a034b86feeb418abfcd525e8e0c7278/gnocchi.20de7e6d-ed59-431a-9120-4ce53a12af53/none_v3" 201 - "PUT http://172.18.0.2:8080/d1/679/AUTH_4a034b86feeb418abfcd525e8e0c7278/gnocchi.20de7e6d-ed59-431a-9120-4ce53a12af53/none_v3" "txdf7a5f94fb274be48c424-0068e94724" "object-server 24" 0.0003 "-" 21 0
Oct 10 17:49:24 standalone object-server[130526]: 172.20.0.100 - - [10/Oct/2025:17:49:24 +0000] "PUT /d1/679/AUTH_4a034b86feeb418abfcd525e8e0c7278/gnocchi.20de7e6d-ed59-431a-9120-4ce53a12af53/none_v3" 201 - "PUT http://172.18.0.2:8080/v1/AUTH_4a034b86feeb418abfcd525e8e0c7278/gnocchi.20de7e6d-ed59-431a-9120-4ce53a12af53/none_v3" "txdf7a5f94fb274be48c424-0068e94724" "proxy-server 20" 0.0069 "-" 24 0
Oct 10 17:49:24 standalone proxy-server[132450]: 172.18.0.2 172.18.0.100 10/Oct/2025/17/49/24 PUT /v1/AUTH_4a034b86feeb418abfcd525e8e0c7278/gnocchi.20de7e6d-ed59-431a-9120-4ce53a12af53/none_v3 HTTP/1.0 201 - python-swiftclient-3.11.1 gAAAAABo6UZ1YjFp... 22 - - txdf7a5f94fb274be48c424-0068e94724 - 0.0114 - - 1760118564.220690012 1760118564.232045650 0
Oct 10 17:49:24 standalone container-server[130311]: 172.20.0.100 - - [10/Oct/2025:17:49:24 +0000] "HEAD /d1/1007/AUTH_4a034b86feeb418abfcd525e8e0c7278/gnocchi.e22569c6-b14b-4412-9cde-77c69cf07c56" 404 - "HEAD http://172.18.0.2:8080/v1/AUTH_4a034b86feeb418abfcd525e8e0c7278/gnocchi.e22569c6-b14b-4412-9cde-77c69cf07c56?format=json&states=listing" "tx2d4e2aa5cc3b4bc2af735-0068e94724" "proxy-server 20" 0.0003 "-" 20 0
Oct 10 17:49:24 standalone object-server[130521]: 172.20.0.100 - - [10/Oct/2025:17:49:24 +0000] "GET /d1/114/AUTH_4a034b86feeb418abfcd525e8e0c7278/gnocchi.e22569c6-b14b-4412-9cde-77c69cf07c56/none_v3" 404 70 "GET http://172.18.0.2:8080/v1/AUTH_4a034b86feeb418abfcd525e8e0c7278/gnocchi.e22569c6-b14b-4412-9cde-77c69cf07c56/none_v3" "tx2d4e2aa5cc3b4bc2af735-0068e94724" "proxy-server 20" 0.0003 "-" 22 0
Oct 10 17:49:24 standalone proxy-server[132450]: 172.18.0.2 172.18.0.100 10/Oct/2025/17/49/24 GET /v1/AUTH_4a034b86feeb418abfcd525e8e0c7278/gnocchi.e22569c6-b14b-4412-9cde-77c69cf07c56/none_v3 HTTP/1.0 404 - python-swiftclient-3.11.1 gAAAAABo6UZ1YjFp... - 70 - tx2d4e2aa5cc3b4bc2af735-0068e94724 - 0.0073 - - 1760118564.239807844 1760118564.247110128 0
Oct 10 17:49:24 standalone account-server[130189]: 172.20.0.100 - - [10/Oct/2025:17:49:24 +0000] "PUT /d1/517/AUTH_4a034b86feeb418abfcd525e8e0c7278/gnocchi.e22569c6-b14b-4412-9cde-77c69cf07c56" 201 - "PUT http://172.20.0.100:6001/d1/1007/AUTH_4a034b86feeb418abfcd525e8e0c7278/gnocchi.e22569c6-b14b-4412-9cde-77c69cf07c56" "tx6794d35216c945829019d-0068e94724" "container-server 20" 0.0067 "-" 22 0
Oct 10 17:49:24 standalone container-server[130311]: 172.20.0.100 - - [10/Oct/2025:17:49:24 +0000] "PUT /d1/1007/AUTH_4a034b86feeb418abfcd525e8e0c7278/gnocchi.e22569c6-b14b-4412-9cde-77c69cf07c56" 201 - "PUT http://172.18.0.2:8080/v1/AUTH_4a034b86feeb418abfcd525e8e0c7278/gnocchi.e22569c6-b14b-4412-9cde-77c69cf07c56" "tx6794d35216c945829019d-0068e94724" "proxy-server 20" 0.0167 "-" 20 0
Oct 10 17:49:24 standalone proxy-server[132450]: 172.18.0.2 172.18.0.100 10/Oct/2025/17/49/24 PUT /v1/AUTH_4a034b86feeb418abfcd525e8e0c7278/gnocchi.e22569c6-b14b-4412-9cde-77c69cf07c56 HTTP/1.0 201 - python-swiftclient-3.11.1 gAAAAABo6UZ1YjFp... - - - tx6794d35216c945829019d-0068e94724 - 0.0207 - - 1760118564.249073267 1760118564.269754887 0
Oct 10 17:49:24 standalone container-server[130311]: 172.20.0.100 - - [10/Oct/2025:17:49:24 +0000] "HEAD /d1/1007/AUTH_4a034b86feeb418abfcd525e8e0c7278/gnocchi.e22569c6-b14b-4412-9cde-77c69cf07c56" 204 - "HEAD http://172.18.0.2:8080/v1/AUTH_4a034b86feeb418abfcd525e8e0c7278/gnocchi.e22569c6-b14b-4412-9cde-77c69cf07c56?format=json&states=listing" "txf76666ea880248c09ad55-0068e94724" "proxy-server 20" 0.0009 "-" 20 0
Oct 10 17:49:24 standalone proxy-server[132450]: - - 10/Oct/2025/17/49/24 HEAD /v1/AUTH_4a034b86feeb418abfcd525e8e0c7278/gnocchi.e22569c6-b14b-4412-9cde-77c69cf07c56%3Fformat%3Djson%26states%3Dlisting HTTP/1.0 204 - Swift - - - - txf76666ea880248c09ad55-0068e94724 - 0.0036 RL - 1760118564.273226738 1760118564.276812077 0
Oct 10 17:49:24 standalone container-server[130316]: 172.20.0.100 - - [10/Oct/2025:17:49:24 +0000] "GET /d1/1007/AUTH_4a034b86feeb418abfcd525e8e0c7278/gnocchi.e22569c6-b14b-4412-9cde-77c69cf07c56" 200 2 "GET http://172.18.0.2:8080/v1/AUTH_4a034b86feeb418abfcd525e8e0c7278/gnocchi.e22569c6-b14b-4412-9cde-77c69cf07c56?format=json&states=listing" "txf76666ea880248c09ad55-0068e94724" "proxy-server 20" 0.0020 "-" 21 0
Oct 10 17:49:24 standalone proxy-server[132450]: 172.18.0.2 172.18.0.100 10/Oct/2025/17/49/24 GET /v1/AUTH_4a034b86feeb418abfcd525e8e0c7278/gnocchi.e22569c6-b14b-4412-9cde-77c69cf07c56%3Fformat%3Djson%26states%3Dlisting HTTP/1.0 200 - python-swiftclient-3.11.1 gAAAAABo6UZ1YjFp... - 2 - txf76666ea880248c09ad55-0068e94724 - 0.0130 - - 1760118564.272227526 1760118564.285207987 0
Oct 10 17:49:24 standalone object-server[130526]: 172.20.0.100 - - [10/Oct/2025:17:49:24 +0000] "GET /d1/776/AUTH_4a034b86feeb418abfcd525e8e0c7278/gnocchi.e22569c6-b14b-4412-9cde-77c69cf07c56/1759320000.0_mean_300.0_v3" 404 70 "GET http://172.18.0.2:8080/v1/AUTH_4a034b86feeb418abfcd525e8e0c7278/gnocchi.e22569c6-b14b-4412-9cde-77c69cf07c56/1759320000.0_mean_300.0_v3" "tx2b3bb933c08c431a9caa3-0068e94724" "proxy-server 20" 0.0007 "-" 24 0
Oct 10 17:49:24 standalone proxy-server[132450]: 172.18.0.2 172.18.0.100 10/Oct/2025/17/49/24 GET /v1/AUTH_4a034b86feeb418abfcd525e8e0c7278/gnocchi.e22569c6-b14b-4412-9cde-77c69cf07c56/1759320000.0_mean_300.0_v3 HTTP/1.0 404 - python-swiftclient-3.11.1 gAAAAABo6UZ1YjFp... - 70 - tx2b3bb933c08c431a9caa3-0068e94724 - 0.0062 - - 1760118564.288272142 1760118564.294437170 0
Oct 10 17:49:24 standalone container-server[130316]: 172.20.0.100 - - [10/Oct/2025:17:49:24 +0000] "PUT /d1/1007/AUTH_4a034b86feeb418abfcd525e8e0c7278/gnocchi.e22569c6-b14b-4412-9cde-77c69cf07c56/1759320000.0_mean_300.0_v3" 201 - "PUT http://172.18.0.2:8080/d1/776/AUTH_4a034b86feeb418abfcd525e8e0c7278/gnocchi.e22569c6-b14b-4412-9cde-77c69cf07c56/1759320000.0_mean_300.0_v3" "txc7609b4b01974b9bbe60a-0068e94724" "object-server 24" 0.0005 "-" 21 0
Oct 10 17:49:24 standalone object-server[130526]: 172.20.0.100 - - [10/Oct/2025:17:49:24 +0000] "PUT /d1/776/AUTH_4a034b86feeb418abfcd525e8e0c7278/gnocchi.e22569c6-b14b-4412-9cde-77c69cf07c56/1759320000.0_mean_300.0_v3" 201 - "PUT http://172.18.0.2:8080/v1/AUTH_4a034b86feeb418abfcd525e8e0c7278/gnocchi.e22569c6-b14b-4412-9cde-77c69cf07c56/1759320000.0_mean_300.0_v3" "txc7609b4b01974b9bbe60a-0068e94724" "proxy-server 20" 0.0218 "-" 24 0
Oct 10 17:49:24 standalone proxy-server[132450]: 172.18.0.2 172.18.0.100 10/Oct/2025/17/49/24 PUT /v1/AUTH_4a034b86feeb418abfcd525e8e0c7278/gnocchi.e22569c6-b14b-4412-9cde-77c69cf07c56/1759320000.0_mean_300.0_v3 HTTP/1.0 201 - python-swiftclient-3.11.1 gAAAAABo6UZ1YjFp... 16 - - txc7609b4b01974b9bbe60a-0068e94724 - 0.0269 - - 1760118564.298326969 1760118564.325181961 0
Oct 10 17:49:24 standalone container-server[130322]: 172.20.0.100 - - [10/Oct/2025:17:49:24 +0000] "PUT /d1/1007/AUTH_4a034b86feeb418abfcd525e8e0c7278/gnocchi.e22569c6-b14b-4412-9cde-77c69cf07c56/none_v3" 201 - "PUT http://172.18.0.2:8080/d1/114/AUTH_4a034b86feeb418abfcd525e8e0c7278/gnocchi.e22569c6-b14b-4412-9cde-77c69cf07c56/none_v3" "tx422d72f81eec4ee8ac634-0068e94724" "object-server 25" 0.0006 "-" 22 0
Oct 10 17:49:24 standalone object-server[130529]: 172.20.0.100 - - [10/Oct/2025:17:49:24 +0000] "PUT /d1/114/AUTH_4a034b86feeb418abfcd525e8e0c7278/gnocchi.e22569c6-b14b-4412-9cde-77c69cf07c56/none_v3" 201 - "PUT http://172.18.0.2:8080/v1/AUTH_4a034b86feeb418abfcd525e8e0c7278/gnocchi.e22569c6-b14b-4412-9cde-77c69cf07c56/none_v3" "tx422d72f81eec4ee8ac634-0068e94724" "proxy-server 20" 0.0081 "-" 25 0
Oct 10 17:49:24 standalone proxy-server[132450]: 172.18.0.2 172.18.0.100 10/Oct/2025/17/49/24 PUT /v1/AUTH_4a034b86feeb418abfcd525e8e0c7278/gnocchi.e22569c6-b14b-4412-9cde-77c69cf07c56/none_v3 HTTP/1.0 201 - python-swiftclient-3.11.1 gAAAAABo6UZ1YjFp... 22 - - tx422d72f81eec4ee8ac634-0068e94724 - 0.0142 - - 1760118564.327786207 1760118564.341953754 0
Oct 10 17:49:24 standalone container-server[130322]: 172.20.0.100 - - [10/Oct/2025:17:49:24 +0000] "HEAD /d1/541/AUTH_4a034b86feeb418abfcd525e8e0c7278/gnocchi.7df0fd62-1829-4db3-880b-1ab18206dedc" 404 - "HEAD http://172.18.0.2:8080/v1/AUTH_4a034b86feeb418abfcd525e8e0c7278/gnocchi.7df0fd62-1829-4db3-880b-1ab18206dedc?format=json&states=listing" "tx187550427c6b44da9e710-0068e94724" "proxy-server 20" 0.0003 "-" 22 0
Oct 10 17:49:24 standalone object-server[130522]: 172.20.0.100 - - [10/Oct/2025:17:49:24 +0000] "GET /d1/914/AUTH_4a034b86feeb418abfcd525e8e0c7278/gnocchi.7df0fd62-1829-4db3-880b-1ab18206dedc/none_v3" 404 70 "GET http://172.18.0.2:8080/v1/AUTH_4a034b86feeb418abfcd525e8e0c7278/gnocchi.7df0fd62-1829-4db3-880b-1ab18206dedc/none_v3" "tx187550427c6b44da9e710-0068e94724" "proxy-server 20" 0.0005 "-" 23 0
Oct 10 17:49:24 standalone proxy-server[132450]: 172.18.0.2 172.18.0.100 10/Oct/2025/17/49/24 GET /v1/AUTH_4a034b86feeb418abfcd525e8e0c7278/gnocchi.7df0fd62-1829-4db3-880b-1ab18206dedc/none_v3 HTTP/1.0 404 - python-swiftclient-3.11.1 gAAAAABo6UZ1YjFp... - 70 - tx187550427c6b44da9e710-0068e94724 - 0.0122 - - 1760118564.355399132 1760118564.367564201 0
Oct 10 17:49:24 standalone account-server[130200]: 172.20.0.100 - - [10/Oct/2025:17:49:24 +0000] "PUT /d1/517/AUTH_4a034b86feeb418abfcd525e8e0c7278/gnocchi.7df0fd62-1829-4db3-880b-1ab18206dedc" 201 - "PUT http://172.20.0.100:6001/d1/541/AUTH_4a034b86feeb418abfcd525e8e0c7278/gnocchi.7df0fd62-1829-4db3-880b-1ab18206dedc" "tx88cf30c4594b440196618-0068e94724" "container-server 23" 0.0037 "-" 23 0
Oct 10 17:49:24 standalone container-server[130353]: 172.20.0.100 - - [10/Oct/2025:17:49:24 +0000] "PUT /d1/541/AUTH_4a034b86feeb418abfcd525e8e0c7278/gnocchi.7df0fd62-1829-4db3-880b-1ab18206dedc" 201 - "PUT http://172.18.0.2:8080/v1/AUTH_4a034b86feeb418abfcd525e8e0c7278/gnocchi.7df0fd62-1829-4db3-880b-1ab18206dedc" "tx88cf30c4594b440196618-0068e94724" "proxy-server 20" 0.0165 "-" 23 0
Oct 10 17:49:24 standalone proxy-server[132450]: 172.18.0.2 172.18.0.100 10/Oct/2025/17/49/24 PUT /v1/AUTH_4a034b86feeb418abfcd525e8e0c7278/gnocchi.7df0fd62-1829-4db3-880b-1ab18206dedc HTTP/1.0 201 - python-swiftclient-3.11.1 gAAAAABo6UZ1YjFp... - - - tx88cf30c4594b440196618-0068e94724 - 0.0230 - - 1760118564.369832277 1760118564.392859697 0
Oct 10 17:49:24 standalone container-server[130316]: 172.20.0.100 - - [10/Oct/2025:17:49:24 +0000] "HEAD /d1/541/AUTH_4a034b86feeb418abfcd525e8e0c7278/gnocchi.7df0fd62-1829-4db3-880b-1ab18206dedc" 204 - "HEAD http://172.18.0.2:8080/v1/AUTH_4a034b86feeb418abfcd525e8e0c7278/gnocchi.7df0fd62-1829-4db3-880b-1ab18206dedc?format=json&states=listing" "tx18562e2aa2cb426a93247-0068e94724" "proxy-server 20" 0.0011 "-" 21 0
Oct 10 17:49:24 standalone proxy-server[132450]: - - 10/Oct/2025/17/49/24 HEAD /v1/AUTH_4a034b86feeb418abfcd525e8e0c7278/gnocchi.7df0fd62-1829-4db3-880b-1ab18206dedc%3Fformat%3Djson%26states%3Dlisting HTTP/1.0 204 - Swift - - - - tx18562e2aa2cb426a93247-0068e94724 - 0.0051 RL - 1760118564.397062302 1760118564.402113676 0
Oct 10 17:49:24 standalone container-server[130322]: 172.20.0.100 - - [10/Oct/2025:17:49:24 +0000] "GET /d1/541/AUTH_4a034b86feeb418abfcd525e8e0c7278/gnocchi.7df0fd62-1829-4db3-880b-1ab18206dedc" 200 2 "GET http://172.18.0.2:8080/v1/AUTH_4a034b86feeb418abfcd525e8e0c7278/gnocchi.7df0fd62-1829-4db3-880b-1ab18206dedc?format=json&states=listing" "tx18562e2aa2cb426a93247-0068e94724" "proxy-server 20" 0.0021 "-" 22 0
Oct 10 17:49:24 standalone proxy-server[132450]: 172.18.0.2 172.18.0.100 10/Oct/2025/17/49/24 GET /v1/AUTH_4a034b86feeb418abfcd525e8e0c7278/gnocchi.7df0fd62-1829-4db3-880b-1ab18206dedc%3Fformat%3Djson%26states%3Dlisting HTTP/1.0 200 - python-swiftclient-3.11.1 gAAAAABo6UZ1YjFp... - 2 - tx18562e2aa2cb426a93247-0068e94724 - 0.0165 - - 1760118564.395614862 1760118564.412089348 0
Oct 10 17:49:24 standalone object-server[130521]: 172.20.0.100 - - [10/Oct/2025:17:49:24 +0000] "GET /d1/469/AUTH_4a034b86feeb418abfcd525e8e0c7278/gnocchi.7df0fd62-1829-4db3-880b-1ab18206dedc/1759320000.0_mean_300.0_v3" 404 70 "GET http://172.18.0.2:8080/v1/AUTH_4a034b86feeb418abfcd525e8e0c7278/gnocchi.7df0fd62-1829-4db3-880b-1ab18206dedc/1759320000.0_mean_300.0_v3" "txad40501ffa524c08b67e1-0068e94724" "proxy-server 20" 0.0006 "-" 22 0
Oct 10 17:49:24 standalone proxy-server[132450]: 172.18.0.2 172.18.0.100 10/Oct/2025/17/49/24 GET /v1/AUTH_4a034b86feeb418abfcd525e8e0c7278/gnocchi.7df0fd62-1829-4db3-880b-1ab18206dedc/1759320000.0_mean_300.0_v3 HTTP/1.0 404 - python-swiftclient-3.11.1 gAAAAABo6UZ1YjFp... - 70 - txad40501ffa524c08b67e1-0068e94724 - 0.0083 - - 1760118564.415307760 1760118564.423602104 0
Oct 10 17:49:24 standalone container-server[130353]: 172.20.0.100 - - [10/Oct/2025:17:49:24 +0000] "PUT /d1/541/AUTH_4a034b86feeb418abfcd525e8e0c7278/gnocchi.7df0fd62-1829-4db3-880b-1ab18206dedc/1759320000.0_mean_300.0_v3" 201 - "PUT http://172.18.0.2:8080/d1/469/AUTH_4a034b86feeb418abfcd525e8e0c7278/gnocchi.7df0fd62-1829-4db3-880b-1ab18206dedc/1759320000.0_mean_300.0_v3" "txb870f2aea7754a51b743e-0068e94724" "object-server 22" 0.0006 "-" 23 0
Oct 10 17:49:24 standalone object-server[130521]: 172.20.0.100 - - [10/Oct/2025:17:49:24 +0000] "PUT /d1/469/AUTH_4a034b86feeb418abfcd525e8e0c7278/gnocchi.7df0fd62-1829-4db3-880b-1ab18206dedc/1759320000.0_mean_300.0_v3" 201 - "PUT http://172.18.0.2:8080/v1/AUTH_4a034b86feeb418abfcd525e8e0c7278/gnocchi.7df0fd62-1829-4db3-880b-1ab18206dedc/1759320000.0_mean_300.0_v3" "txb870f2aea7754a51b743e-0068e94724" "proxy-server 20" 0.0112 "-" 22 0
Oct 10 17:49:24 standalone proxy-server[132450]: 172.18.0.2 172.18.0.100 10/Oct/2025/17/49/24 PUT /v1/AUTH_4a034b86feeb418abfcd525e8e0c7278/gnocchi.7df0fd62-1829-4db3-880b-1ab18206dedc/1759320000.0_mean_300.0_v3 HTTP/1.0 201 - python-swiftclient-3.11.1 gAAAAABo6UZ1YjFp... 16 - - txb870f2aea7754a51b743e-0068e94724 - 0.0186 - - 1760118564.426127195 1760118564.444712877 0
Oct 10 17:49:24 standalone container-server[130322]: 172.20.0.100 - - [10/Oct/2025:17:49:24 +0000] "PUT /d1/541/AUTH_4a034b86feeb418abfcd525e8e0c7278/gnocchi.7df0fd62-1829-4db3-880b-1ab18206dedc/none_v3" 201 - "PUT http://172.18.0.2:8080/d1/914/AUTH_4a034b86feeb418abfcd525e8e0c7278/gnocchi.7df0fd62-1829-4db3-880b-1ab18206dedc/none_v3" "tx1c073109686e4d43af35b-0068e94724" "object-server 23" 0.0006 "-" 22 0
Oct 10 17:49:24 standalone object-server[130522]: 172.20.0.100 - - [10/Oct/2025:17:49:24 +0000] "PUT /d1/914/AUTH_4a034b86feeb418abfcd525e8e0c7278/gnocchi.7df0fd62-1829-4db3-880b-1ab18206dedc/none_v3" 201 - "PUT http://172.18.0.2:8080/v1/AUTH_4a034b86feeb418abfcd525e8e0c7278/gnocchi.7df0fd62-1829-4db3-880b-1ab18206dedc/none_v3" "tx1c073109686e4d43af35b-0068e94724" "proxy-server 20" 0.0103 "-" 23 0
Oct 10 17:49:24 standalone proxy-server[132450]: 172.18.0.2 172.18.0.100 10/Oct/2025/17/49/24 PUT /v1/AUTH_4a034b86feeb418abfcd525e8e0c7278/gnocchi.7df0fd62-1829-4db3-880b-1ab18206dedc/none_v3 HTTP/1.0 201 - python-swiftclient-3.11.1 gAAAAABo6UZ1YjFp... 22 - - tx1c073109686e4d43af35b-0068e94724 - 0.0173 - - 1760118564.447285414 1760118564.464630604 0
Oct 10 17:49:24 standalone container-server[130353]: 172.20.0.100 - - [10/Oct/2025:17:49:24 +0000] "HEAD /d1/49/AUTH_4a034b86feeb418abfcd525e8e0c7278/gnocchi.09c434c3-97bc-45ff-a64d-58ac86e1afe9" 404 - "HEAD http://172.18.0.2:8080/v1/AUTH_4a034b86feeb418abfcd525e8e0c7278/gnocchi.09c434c3-97bc-45ff-a64d-58ac86e1afe9?format=json&states=listing" "txe8b9560ff9f04be7938f6-0068e94724" "proxy-server 20" 0.0005 "-" 23 0
Oct 10 17:49:24 standalone object-server[130526]: 172.20.0.100 - - [10/Oct/2025:17:49:24 +0000] "GET /d1/416/AUTH_4a034b86feeb418abfcd525e8e0c7278/gnocchi.09c434c3-97bc-45ff-a64d-58ac86e1afe9/none_v3" 404 70 "GET http://172.18.0.2:8080/v1/AUTH_4a034b86feeb418abfcd525e8e0c7278/gnocchi.09c434c3-97bc-45ff-a64d-58ac86e1afe9/none_v3" "txe8b9560ff9f04be7938f6-0068e94724" "proxy-server 20" 0.0005 "-" 24 0
Oct 10 17:49:24 standalone proxy-server[132450]: 172.18.0.2 172.18.0.100 10/Oct/2025/17/49/24 GET /v1/AUTH_4a034b86feeb418abfcd525e8e0c7278/gnocchi.09c434c3-97bc-45ff-a64d-58ac86e1afe9/none_v3 HTTP/1.0 404 - python-swiftclient-3.11.1 gAAAAABo6UZ1YjFp... - 70 - txe8b9560ff9f04be7938f6-0068e94724 - 0.0130 - - 1760118564.479645729 1760118564.492615461 0
Oct 10 17:49:24 standalone account-server[130182]: 172.20.0.100 - - [10/Oct/2025:17:49:24 +0000] "PUT /d1/517/AUTH_4a034b86feeb418abfcd525e8e0c7278/gnocchi.09c434c3-97bc-45ff-a64d-58ac86e1afe9" 201 - "PUT http://172.20.0.100:6001/d1/49/AUTH_4a034b86feeb418abfcd525e8e0c7278/gnocchi.09c434c3-97bc-45ff-a64d-58ac86e1afe9" "tx90c3bccae22b49fe87128-0068e94724" "container-server 23" 0.0041 "-" 21 0
Oct 10 17:49:24 standalone container-server[130353]: 172.20.0.100 - - [10/Oct/2025:17:49:24 +0000] "PUT /d1/49/AUTH_4a034b86feeb418abfcd525e8e0c7278/gnocchi.09c434c3-97bc-45ff-a64d-58ac86e1afe9" 201 - "PUT http://172.18.0.2:8080/v1/AUTH_4a034b86feeb418abfcd525e8e0c7278/gnocchi.09c434c3-97bc-45ff-a64d-58ac86e1afe9" "tx90c3bccae22b49fe87128-0068e94724" "proxy-server 20" 0.0166 "-" 23 0
Oct 10 17:49:24 standalone proxy-server[132450]: 172.18.0.2 172.18.0.100 10/Oct/2025/17/49/24 PUT /v1/AUTH_4a034b86feeb418abfcd525e8e0c7278/gnocchi.09c434c3-97bc-45ff-a64d-58ac86e1afe9 HTTP/1.0 201 - python-swiftclient-3.11.1 gAAAAABo6UZ1YjFp... - - - tx90c3bccae22b49fe87128-0068e94724 - 0.0236 - - 1760118564.494933605 1760118564.518524885 0
Oct 10 17:49:24 standalone container-server[130322]: 172.20.0.100 - - [10/Oct/2025:17:49:24 +0000] "HEAD /d1/49/AUTH_4a034b86feeb418abfcd525e8e0c7278/gnocchi.09c434c3-97bc-45ff-a64d-58ac86e1afe9" 204 - "HEAD http://172.18.0.2:8080/v1/AUTH_4a034b86feeb418abfcd525e8e0c7278/gnocchi.09c434c3-97bc-45ff-a64d-58ac86e1afe9?format=json&states=listing" "txf7e3a50a4a45492789147-0068e94724" "proxy-server 20" 0.0020 "-" 22 0
Oct 10 17:49:24 standalone proxy-server[132450]: - - 10/Oct/2025/17/49/24 HEAD /v1/AUTH_4a034b86feeb418abfcd525e8e0c7278/gnocchi.09c434c3-97bc-45ff-a64d-58ac86e1afe9%3Fformat%3Djson%26states%3Dlisting HTTP/1.0 204 - Swift - - - - txf7e3a50a4a45492789147-0068e94724 - 0.0066 RL - 1760118564.523693562 1760118564.530257463 0
Oct 10 17:49:24 standalone container-server[130322]: 172.20.0.100 - - [10/Oct/2025:17:49:24 +0000] "GET /d1/49/AUTH_4a034b86feeb418abfcd525e8e0c7278/gnocchi.09c434c3-97bc-45ff-a64d-58ac86e1afe9" 200 2 "GET http://172.18.0.2:8080/v1/AUTH_4a034b86feeb418abfcd525e8e0c7278/gnocchi.09c434c3-97bc-45ff-a64d-58ac86e1afe9?format=json&states=listing" "txf7e3a50a4a45492789147-0068e94724" "proxy-server 20" 0.0030 "-" 22 0
Oct 10 17:49:24 standalone proxy-server[132450]: 172.18.0.2 172.18.0.100 10/Oct/2025/17/49/24 GET /v1/AUTH_4a034b86feeb418abfcd525e8e0c7278/gnocchi.09c434c3-97bc-45ff-a64d-58ac86e1afe9%3Fformat%3Djson%26states%3Dlisting HTTP/1.0 200 - python-swiftclient-3.11.1 gAAAAABo6UZ1YjFp... - 2 - txf7e3a50a4a45492789147-0068e94724 - 0.0195 - - 1760118564.522017956 1760118564.541519880 0
Oct 10 17:49:24 standalone object-server[130529]: 172.20.0.100 - - [10/Oct/2025:17:49:24 +0000] "GET /d1/907/AUTH_4a034b86feeb418abfcd525e8e0c7278/gnocchi.09c434c3-97bc-45ff-a64d-58ac86e1afe9/1759320000.0_mean_300.0_v3" 404 70 "GET http://172.18.0.2:8080/v1/AUTH_4a034b86feeb418abfcd525e8e0c7278/gnocchi.09c434c3-97bc-45ff-a64d-58ac86e1afe9/1759320000.0_mean_300.0_v3" "tx939d48001d4b493599e2b-0068e94724" "proxy-server 20" 0.0006 "-" 25 0
Oct 10 17:49:24 standalone proxy-server[132450]: 172.18.0.2 172.18.0.100 10/Oct/2025/17/49/24 GET /v1/AUTH_4a034b86feeb418abfcd525e8e0c7278/gnocchi.09c434c3-97bc-45ff-a64d-58ac86e1afe9/1759320000.0_mean_300.0_v3 HTTP/1.0 404 - python-swiftclient-3.11.1 gAAAAABo6UZ1YjFp... - 70 - tx939d48001d4b493599e2b-0068e94724 - 0.0078 - - 1760118564.544430017 1760118564.552202702 0
Oct 10 17:49:24 standalone container-server[130316]: 172.20.0.100 - - [10/Oct/2025:17:49:24 +0000] "PUT /d1/49/AUTH_4a034b86feeb418abfcd525e8e0c7278/gnocchi.09c434c3-97bc-45ff-a64d-58ac86e1afe9/1759320000.0_mean_300.0_v3" 201 - "PUT http://172.18.0.2:8080/d1/907/AUTH_4a034b86feeb418abfcd525e8e0c7278/gnocchi.09c434c3-97bc-45ff-a64d-58ac86e1afe9/1759320000.0_mean_300.0_v3" "tx1389ca5658824eca81be1-0068e94724" "object-server 24" 0.0005 "-" 21 0
Oct 10 17:49:24 standalone object-server[130526]: 172.20.0.100 - - [10/Oct/2025:17:49:24 +0000] "PUT /d1/907/AUTH_4a034b86feeb418abfcd525e8e0c7278/gnocchi.09c434c3-97bc-45ff-a64d-58ac86e1afe9/1759320000.0_mean_300.0_v3" 201 - "PUT http://172.18.0.2:8080/v1/AUTH_4a034b86feeb418abfcd525e8e0c7278/gnocchi.09c434c3-97bc-45ff-a64d-58ac86e1afe9/1759320000.0_mean_300.0_v3" "tx1389ca5658824eca81be1-0068e94724" "proxy-server 20" 0.0100 "-" 24 0
Oct 10 17:49:24 standalone proxy-server[132450]: 172.18.0.2 172.18.0.100 10/Oct/2025/17/49/24 PUT /v1/AUTH_4a034b86feeb418abfcd525e8e0c7278/gnocchi.09c434c3-97bc-45ff-a64d-58ac86e1afe9/1759320000.0_mean_300.0_v3 HTTP/1.0 201 - python-swiftclient-3.11.1 gAAAAABo6UZ1YjFp... 16 - - tx1389ca5658824eca81be1-0068e94724 - 0.0176 - - 1760118564.554806232 1760118564.572366476 0
Oct 10 17:49:24 standalone container-server[130316]: 172.20.0.100 - - [10/Oct/2025:17:49:24 +0000] "PUT /d1/49/AUTH_4a034b86feeb418abfcd525e8e0c7278/gnocchi.09c434c3-97bc-45ff-a64d-58ac86e1afe9/none_v3" 201 - "PUT http://172.18.0.2:8080/d1/416/AUTH_4a034b86feeb418abfcd525e8e0c7278/gnocchi.09c434c3-97bc-45ff-a64d-58ac86e1afe9/none_v3" "txeef01266ecdb43cfaeb9c-0068e94724" "object-server 25" 0.0003 "-" 21 0
Oct 10 17:49:24 standalone object-server[130529]: 172.20.0.100 - - [10/Oct/2025:17:49:24 +0000] "PUT /d1/416/AUTH_4a034b86feeb418abfcd525e8e0c7278/gnocchi.09c434c3-97bc-45ff-a64d-58ac86e1afe9/none_v3" 201 - "PUT http://172.18.0.2:8080/v1/AUTH_4a034b86feeb418abfcd525e8e0c7278/gnocchi.09c434c3-97bc-45ff-a64d-58ac86e1afe9/none_v3" "txeef01266ecdb43cfaeb9c-0068e94724" "proxy-server 20" 0.0091 "-" 25 0
Oct 10 17:49:24 standalone proxy-server[132450]: 172.18.0.2 172.18.0.100 10/Oct/2025/17/49/24 PUT /v1/AUTH_4a034b86feeb418abfcd525e8e0c7278/gnocchi.09c434c3-97bc-45ff-a64d-58ac86e1afe9/none_v3 HTTP/1.0 201 - python-swiftclient-3.11.1 gAAAAABo6UZ1YjFp... 22 - - txeef01266ecdb43cfaeb9c-0068e94724 - 0.0171 - - 1760118564.574673414 1760118564.591809034 0
Oct 10 17:49:24 standalone container-server[130316]: 172.20.0.100 - - [10/Oct/2025:17:49:24 +0000] "HEAD /d1/431/AUTH_4a034b86feeb418abfcd525e8e0c7278/gnocchi.9b1333fe-c23a-4d67-80d5-b2f68bc9eaee" 404 - "HEAD http://172.18.0.2:8080/v1/AUTH_4a034b86feeb418abfcd525e8e0c7278/gnocchi.9b1333fe-c23a-4d67-80d5-b2f68bc9eaee?format=json&states=listing" "tx1e9532e621af4d4f97329-0068e94724" "proxy-server 20" 0.0003 "-" 21 0
Oct 10 17:49:24 standalone object-server[130526]: 172.20.0.100 - - [10/Oct/2025:17:49:24 +0000] "GET /d1/7/AUTH_4a034b86feeb418abfcd525e8e0c7278/gnocchi.9b1333fe-c23a-4d67-80d5-b2f68bc9eaee/none_v3" 404 70 "GET http://172.18.0.2:8080/v1/AUTH_4a034b86feeb418abfcd525e8e0c7278/gnocchi.9b1333fe-c23a-4d67-80d5-b2f68bc9eaee/none_v3" "tx1e9532e621af4d4f97329-0068e94724" "proxy-server 20" 0.0005 "-" 24 0
Oct 10 17:49:24 standalone proxy-server[132450]: 172.18.0.2 172.18.0.100 10/Oct/2025/17/49/24 GET /v1/AUTH_4a034b86feeb418abfcd525e8e0c7278/gnocchi.9b1333fe-c23a-4d67-80d5-b2f68bc9eaee/none_v3 HTTP/1.0 404 - python-swiftclient-3.11.1 gAAAAABo6UZ1YjFp... - 70 - tx1e9532e621af4d4f97329-0068e94724 - 0.0126 - - 1760118564.603093863 1760118564.615695477 0
Oct 10 17:49:24 standalone account-server[130189]: 172.20.0.100 - - [10/Oct/2025:17:49:24 +0000] "PUT /d1/517/AUTH_4a034b86feeb418abfcd525e8e0c7278/gnocchi.9b1333fe-c23a-4d67-80d5-b2f68bc9eaee" 201 - "PUT http://172.20.0.100:6001/d1/431/AUTH_4a034b86feeb418abfcd525e8e0c7278/gnocchi.9b1333fe-c23a-4d67-80d5-b2f68bc9eaee" "tx3faad8e06fd345e0a98ee-0068e94724" "container-server 23" 0.0061 "-" 22 0
Oct 10 17:49:24 standalone container-server[130353]: 172.20.0.100 - - [10/Oct/2025:17:49:24 +0000] "PUT /d1/431/AUTH_4a034b86feeb418abfcd525e8e0c7278/gnocchi.9b1333fe-c23a-4d67-80d5-b2f68bc9eaee" 201 - "PUT http://172.18.0.2:8080/v1/AUTH_4a034b86feeb418abfcd525e8e0c7278/gnocchi.9b1333fe-c23a-4d67-80d5-b2f68bc9eaee" "tx3faad8e06fd345e0a98ee-0068e94724" "proxy-server 20" 0.0197 "-" 23 0
Oct 10 17:49:24 standalone proxy-server[132450]: 172.18.0.2 172.18.0.100 10/Oct/2025/17/49/24 PUT /v1/AUTH_4a034b86feeb418abfcd525e8e0c7278/gnocchi.9b1333fe-c23a-4d67-80d5-b2f68bc9eaee HTTP/1.0 201 - python-swiftclient-3.11.1 gAAAAABo6UZ1YjFp... - - - tx3faad8e06fd345e0a98ee-0068e94724 - 0.0268 - - 1760118564.618134022 1760118564.644957781 0
Oct 10 17:49:24 standalone container-server[130322]: 172.20.0.100 - - [10/Oct/2025:17:49:24 +0000] "HEAD /d1/431/AUTH_4a034b86feeb418abfcd525e8e0c7278/gnocchi.9b1333fe-c23a-4d67-80d5-b2f68bc9eaee" 204 - "HEAD http://172.18.0.2:8080/v1/AUTH_4a034b86feeb418abfcd525e8e0c7278/gnocchi.9b1333fe-c23a-4d67-80d5-b2f68bc9eaee?format=json&states=listing" "tx5d6dd0910c9d4a8e810f7-0068e94724" "proxy-server 20" 0.0020 "-" 22 0
Oct 10 17:49:24 standalone proxy-server[132450]: - - 10/Oct/2025/17/49/24 HEAD /v1/AUTH_4a034b86feeb418abfcd525e8e0c7278/gnocchi.9b1333fe-c23a-4d67-80d5-b2f68bc9eaee%3Fformat%3Djson%26states%3Dlisting HTTP/1.0 204 - Swift - - - - tx5d6dd0910c9d4a8e810f7-0068e94724 - 0.0073 RL - 1760118564.649269581 1760118564.656556368 0
Oct 10 17:49:24 standalone container-server[130316]: 172.20.0.100 - - [10/Oct/2025:17:49:24 +0000] "GET /d1/431/AUTH_4a034b86feeb418abfcd525e8e0c7278/gnocchi.9b1333fe-c23a-4d67-80d5-b2f68bc9eaee" 200 2 "GET http://172.18.0.2:8080/v1/AUTH_4a034b86feeb418abfcd525e8e0c7278/gnocchi.9b1333fe-c23a-4d67-80d5-b2f68bc9eaee?format=json&states=listing" "tx5d6dd0910c9d4a8e810f7-0068e94724" "proxy-server 20" 0.0017 "-" 21 0
Oct 10 17:49:24 standalone proxy-server[132450]: 172.18.0.2 172.18.0.100 10/Oct/2025/17/49/24 GET /v1/AUTH_4a034b86feeb418abfcd525e8e0c7278/gnocchi.9b1333fe-c23a-4d67-80d5-b2f68bc9eaee%3Fformat%3Djson%26states%3Dlisting HTTP/1.0 200 - python-swiftclient-3.11.1 gAAAAABo6UZ1YjFp... - 2 - tx5d6dd0910c9d4a8e810f7-0068e94724 - 0.0187 - - 1760118564.647873878 1760118564.666569233 0
Oct 10 17:49:24 standalone object-server[130526]: 172.20.0.100 - - [10/Oct/2025:17:49:24 +0000] "GET /d1/705/AUTH_4a034b86feeb418abfcd525e8e0c7278/gnocchi.9b1333fe-c23a-4d67-80d5-b2f68bc9eaee/1759320000.0_mean_300.0_v3" 404 70 "GET http://172.18.0.2:8080/v1/AUTH_4a034b86feeb418abfcd525e8e0c7278/gnocchi.9b1333fe-c23a-4d67-80d5-b2f68bc9eaee/1759320000.0_mean_300.0_v3" "txa8c0132b7f464537bc72d-0068e94724" "proxy-server 20" 0.0005 "-" 24 0
Oct 10 17:49:24 standalone proxy-server[132450]: 172.18.0.2 172.18.0.100 10/Oct/2025/17/49/24 GET /v1/AUTH_4a034b86feeb418abfcd525e8e0c7278/gnocchi.9b1333fe-c23a-4d67-80d5-b2f68bc9eaee/1759320000.0_mean_300.0_v3 HTTP/1.0 404 - python-swiftclient-3.11.1 gAAAAABo6UZ1YjFp... - 70 - txa8c0132b7f464537bc72d-0068e94724 - 0.0072 - - 1760118564.669879913 1760118564.677045345 0
Oct 10 17:49:24 standalone container-server[130322]: 172.20.0.100 - - [10/Oct/2025:17:49:24 +0000] "PUT /d1/431/AUTH_4a034b86feeb418abfcd525e8e0c7278/gnocchi.9b1333fe-c23a-4d67-80d5-b2f68bc9eaee/1759320000.0_mean_300.0_v3" 201 - "PUT http://172.18.0.2:8080/d1/705/AUTH_4a034b86feeb418abfcd525e8e0c7278/gnocchi.9b1333fe-c23a-4d67-80d5-b2f68bc9eaee/1759320000.0_mean_300.0_v3" "txa476cd7965314cf68cf3d-0068e94724" "object-server 24" 0.0008 "-" 22 0
Oct 10 17:49:24 standalone object-server[130526]: 172.20.0.100 - - [10/Oct/2025:17:49:24 +0000] "PUT /d1/705/AUTH_4a034b86feeb418abfcd525e8e0c7278/gnocchi.9b1333fe-c23a-4d67-80d5-b2f68bc9eaee/1759320000.0_mean_300.0_v3" 201 - "PUT http://172.18.0.2:8080/v1/AUTH_4a034b86feeb418abfcd525e8e0c7278/gnocchi.9b1333fe-c23a-4d67-80d5-b2f68bc9eaee/1759320000.0_mean_300.0_v3" "txa476cd7965314cf68cf3d-0068e94724" "proxy-server 20" 0.0126 "-" 24 0
Oct 10 17:49:24 standalone proxy-server[132450]: 172.18.0.2 172.18.0.100 10/Oct/2025/17/49/24 PUT /v1/AUTH_4a034b86feeb418abfcd525e8e0c7278/gnocchi.9b1333fe-c23a-4d67-80d5-b2f68bc9eaee/1759320000.0_mean_300.0_v3 HTTP/1.0 201 - python-swiftclient-3.11.1 gAAAAABo6UZ1YjFp... 16 - - txa476cd7965314cf68cf3d-0068e94724 - 0.0217 - - 1760118564.679413557 1760118564.701118469 0
Oct 10 17:49:24 standalone container-server[130322]: 172.20.0.100 - - [10/Oct/2025:17:49:24 +0000] "PUT /d1/431/AUTH_4a034b86feeb418abfcd525e8e0c7278/gnocchi.9b1333fe-c23a-4d67-80d5-b2f68bc9eaee/none_v3" 201 - "PUT http://172.18.0.2:8080/d1/7/AUTH_4a034b86feeb418abfcd525e8e0c7278/gnocchi.9b1333fe-c23a-4d67-80d5-b2f68bc9eaee/none_v3" "tx33df02f0c6c646609779a-0068e94724" "object-server 25" 0.0007 "-" 22 0
Oct 10 17:49:24 standalone object-server[130529]: 172.20.0.100 - - [10/Oct/2025:17:49:24 +0000] "PUT /d1/7/AUTH_4a034b86feeb418abfcd525e8e0c7278/gnocchi.9b1333fe-c23a-4d67-80d5-b2f68bc9eaee/none_v3" 201 - "PUT http://172.18.0.2:8080/v1/AUTH_4a034b86feeb418abfcd525e8e0c7278/gnocchi.9b1333fe-c23a-4d67-80d5-b2f68bc9eaee/none_v3" "tx33df02f0c6c646609779a-0068e94724" "proxy-server 20" 0.0103 "-" 25 0
Oct 10 17:49:24 standalone proxy-server[132450]: 172.18.0.2 172.18.0.100 10/Oct/2025/17/49/24 PUT /v1/AUTH_4a034b86feeb418abfcd525e8e0c7278/gnocchi.9b1333fe-c23a-4d67-80d5-b2f68bc9eaee/none_v3 HTTP/1.0 201 - python-swiftclient-3.11.1 gAAAAABo6UZ1YjFp... 22 - - tx33df02f0c6c646609779a-0068e94724 - 0.0197 - - 1760118564.703635216 1760118564.723366976 0
Oct 10 17:49:24 standalone container-server[130311]: 172.20.0.100 - - [10/Oct/2025:17:49:24 +0000] "HEAD /d1/971/AUTH_4a034b86feeb418abfcd525e8e0c7278/gnocchi.2c106c88-511c-4aa1-ae76-967204c2faef" 404 - "HEAD http://172.18.0.2:8080/v1/AUTH_4a034b86feeb418abfcd525e8e0c7278/gnocchi.2c106c88-511c-4aa1-ae76-967204c2faef?format=json&states=listing" "tx5da486f819b64b8a97ccd-0068e94724" "proxy-server 20" 0.0004 "-" 20 0
Oct 10 17:49:24 standalone object-server[130522]: 172.20.0.100 - - [10/Oct/2025:17:49:24 +0000] "GET /d1/482/AUTH_4a034b86feeb418abfcd525e8e0c7278/gnocchi.2c106c88-511c-4aa1-ae76-967204c2faef/none_v3" 404 70 "GET http://172.18.0.2:8080/v1/AUTH_4a034b86feeb418abfcd525e8e0c7278/gnocchi.2c106c88-511c-4aa1-ae76-967204c2faef/none_v3" "tx5da486f819b64b8a97ccd-0068e94724" "proxy-server 20" 0.0005 "-" 23 0
Oct 10 17:49:24 standalone proxy-server[132450]: 172.18.0.2 172.18.0.100 10/Oct/2025/17/49/24 GET /v1/AUTH_4a034b86feeb418abfcd525e8e0c7278/gnocchi.2c106c88-511c-4aa1-ae76-967204c2faef/none_v3 HTTP/1.0 404 - python-swiftclient-3.11.1 gAAAAABo6UZ1YjFp... - 70 - tx5da486f819b64b8a97ccd-0068e94724 - 0.0128 - - 1760118564.731775522 1760118564.744579554 0
Oct 10 17:49:24 standalone account-server[130189]: 172.20.0.100 - - [10/Oct/2025:17:49:24 +0000] "PUT /d1/517/AUTH_4a034b86feeb418abfcd525e8e0c7278/gnocchi.2c106c88-511c-4aa1-ae76-967204c2faef" 201 - "PUT http://172.20.0.100:6001/d1/971/AUTH_4a034b86feeb418abfcd525e8e0c7278/gnocchi.2c106c88-511c-4aa1-ae76-967204c2faef" "tx5126c2bfd4ab4cc6bf4d5-0068e94724" "container-server 21" 0.0060 "-" 22 0
Oct 10 17:49:24 standalone container-server[130316]: 172.20.0.100 - - [10/Oct/2025:17:49:24 +0000] "PUT /d1/971/AUTH_4a034b86feeb418abfcd525e8e0c7278/gnocchi.2c106c88-511c-4aa1-ae76-967204c2faef" 201 - "PUT http://172.18.0.2:8080/v1/AUTH_4a034b86feeb418abfcd525e8e0c7278/gnocchi.2c106c88-511c-4aa1-ae76-967204c2faef" "tx5126c2bfd4ab4cc6bf4d5-0068e94724" "proxy-server 20" 0.0153 "-" 21 0
Oct 10 17:49:24 standalone proxy-server[132450]: 172.18.0.2 172.18.0.100 10/Oct/2025/17/49/24 PUT /v1/AUTH_4a034b86feeb418abfcd525e8e0c7278/gnocchi.2c106c88-511c-4aa1-ae76-967204c2faef HTTP/1.0 201 - python-swiftclient-3.11.1 gAAAAABo6UZ1YjFp... - - - tx5126c2bfd4ab4cc6bf4d5-0068e94724 - 0.0209 - - 1760118564.777491093 1760118564.798417807 0
Oct 10 17:49:24 standalone container-server[130322]: 172.20.0.100 - - [10/Oct/2025:17:49:24 +0000] "HEAD /d1/1008/AUTH_4a034b86feeb418abfcd525e8e0c7278/gnocchi.bdd16419-2047-4c3d-808d-05b04b08f66f" 404 - "HEAD http://172.18.0.2:8080/v1/AUTH_4a034b86feeb418abfcd525e8e0c7278/gnocchi.bdd16419-2047-4c3d-808d-05b04b08f66f?format=json&states=listing" "txb84c9f1643044bc99d38e-0068e94724" "proxy-server 20" 0.0005 "-" 22 0
Oct 10 17:49:24 standalone object-server[130521]: 172.20.0.100 - - [10/Oct/2025:17:49:24 +0000] "GET /d1/95/AUTH_4a034b86feeb418abfcd525e8e0c7278/gnocchi.bdd16419-2047-4c3d-808d-05b04b08f66f/none_v3" 404 70 "GET http://172.18.0.2:8080/v1/AUTH_4a034b86feeb418abfcd525e8e0c7278/gnocchi.bdd16419-2047-4c3d-808d-05b04b08f66f/none_v3" "txb84c9f1643044bc99d38e-0068e94724" "proxy-server 20" 0.0004 "-" 22 0
Oct 10 17:49:24 standalone proxy-server[132450]: 172.18.0.2 172.18.0.100 10/Oct/2025/17/49/24 GET /v1/AUTH_4a034b86feeb418abfcd525e8e0c7278/gnocchi.bdd16419-2047-4c3d-808d-05b04b08f66f/none_v3 HTTP/1.0 404 - python-swiftclient-3.11.1 gAAAAABo6UZ1YjFp... - 70 - txb84c9f1643044bc99d38e-0068e94724 - 0.0128 - - 1760118564.801006794 1760118564.813806295 0
Oct 10 17:49:24 standalone account-server[130176]: 172.20.0.100 - - [10/Oct/2025:17:49:24 +0000] "PUT /d1/517/AUTH_4a034b86feeb418abfcd525e8e0c7278/gnocchi.bdd16419-2047-4c3d-808d-05b04b08f66f" 201 - "PUT http://172.20.0.100:6001/d1/1008/AUTH_4a034b86feeb418abfcd525e8e0c7278/gnocchi.bdd16419-2047-4c3d-808d-05b04b08f66f" "txe403c092b0084e7ca74db-0068e94724" "container-server 20" 0.0059 "-" 20 0
Oct 10 17:49:24 standalone container-server[130311]: 172.20.0.100 - - [10/Oct/2025:17:49:24 +0000] "PUT /d1/1008/AUTH_4a034b86feeb418abfcd525e8e0c7278/gnocchi.bdd16419-2047-4c3d-808d-05b04b08f66f" 201 - "PUT http://172.18.0.2:8080/v1/AUTH_4a034b86feeb418abfcd525e8e0c7278/gnocchi.bdd16419-2047-4c3d-808d-05b04b08f66f" "txe403c092b0084e7ca74db-0068e94724" "proxy-server 20" 0.0156 "-" 20 0
Oct 10 17:49:24 standalone proxy-server[132450]: 172.18.0.2 172.18.0.100 10/Oct/2025/17/49/24 PUT /v1/AUTH_4a034b86feeb418abfcd525e8e0c7278/gnocchi.bdd16419-2047-4c3d-808d-05b04b08f66f HTTP/1.0 201 - python-swiftclient-3.11.1 gAAAAABo6UZ1YjFp... - - - txe403c092b0084e7ca74db-0068e94724 - 0.0218 - - 1760118564.816338778 1760118564.838161469 0
Oct 10 17:49:24 standalone container-server[130322]: 172.20.0.100 - - [10/Oct/2025:17:49:24 +0000] "HEAD /d1/971/AUTH_4a034b86feeb418abfcd525e8e0c7278/gnocchi.2c106c88-511c-4aa1-ae76-967204c2faef" 204 - "HEAD http://172.18.0.2:8080/v1/AUTH_4a034b86feeb418abfcd525e8e0c7278/gnocchi.2c106c88-511c-4aa1-ae76-967204c2faef?format=json&states=listing" "tx3b25aaa91451422595b66-0068e94724" "proxy-server 20" 0.0020 "-" 22 0
Oct 10 17:49:24 standalone proxy-server[132450]: - - 10/Oct/2025/17/49/24 HEAD /v1/AUTH_4a034b86feeb418abfcd525e8e0c7278/gnocchi.2c106c88-511c-4aa1-ae76-967204c2faef%3Fformat%3Djson%26states%3Dlisting HTTP/1.0 204 - Swift - - - - tx3b25aaa91451422595b66-0068e94724 - 0.0071 RL - 1760118564.842825174 1760118564.849925518 0
Oct 10 17:49:24 standalone container-server[130353]: 172.20.0.100 - - [10/Oct/2025:17:49:24 +0000] "GET /d1/971/AUTH_4a034b86feeb418abfcd525e8e0c7278/gnocchi.2c106c88-511c-4aa1-ae76-967204c2faef" 200 2 "GET http://172.18.0.2:8080/v1/AUTH_4a034b86feeb418abfcd525e8e0c7278/gnocchi.2c106c88-511c-4aa1-ae76-967204c2faef?format=json&states=listing" "tx3b25aaa91451422595b66-0068e94724" "proxy-server 20" 0.0035 "-" 23 0
Oct 10 17:49:24 standalone proxy-server[132450]: 172.18.0.2 172.18.0.100 10/Oct/2025/17/49/24 GET /v1/AUTH_4a034b86feeb418abfcd525e8e0c7278/gnocchi.2c106c88-511c-4aa1-ae76-967204c2faef%3Fformat%3Djson%26states%3Dlisting HTTP/1.0 200 - python-swiftclient-3.11.1 gAAAAABo6UZ1YjFp... - 2 - tx3b25aaa91451422595b66-0068e94724 - 0.0212 - - 1760118564.841358900 1760118564.862580776 0
Oct 10 17:49:24 standalone container-server[130353]: 172.20.0.100 - - [10/Oct/2025:17:49:24 +0000] "HEAD /d1/1008/AUTH_4a034b86feeb418abfcd525e8e0c7278/gnocchi.bdd16419-2047-4c3d-808d-05b04b08f66f" 204 - "HEAD http://172.18.0.2:8080/v1/AUTH_4a034b86feeb418abfcd525e8e0c7278/gnocchi.bdd16419-2047-4c3d-808d-05b04b08f66f?format=json&states=listing" "txc596b3e1fb804b43b7923-0068e94724" "proxy-server 20" 0.0020 "-" 23 0
Oct 10 17:49:24 standalone proxy-server[132450]: - - 10/Oct/2025/17/49/24 HEAD /v1/AUTH_4a034b86feeb418abfcd525e8e0c7278/gnocchi.bdd16419-2047-4c3d-808d-05b04b08f66f%3Fformat%3Djson%26states%3Dlisting HTTP/1.0 204 - Swift - - - - txc596b3e1fb804b43b7923-0068e94724 - 0.0061 RL - 1760118564.867888212 1760118564.873989105 0
Oct 10 17:49:24 standalone container-server[130353]: 172.20.0.100 - - [10/Oct/2025:17:49:24 +0000] "GET /d1/1008/AUTH_4a034b86feeb418abfcd525e8e0c7278/gnocchi.bdd16419-2047-4c3d-808d-05b04b08f66f" 200 2 "GET http://172.18.0.2:8080/v1/AUTH_4a034b86feeb418abfcd525e8e0c7278/gnocchi.bdd16419-2047-4c3d-808d-05b04b08f66f?format=json&states=listing" "txc596b3e1fb804b43b7923-0068e94724" "proxy-server 20" 0.0036 "-" 23 0
Oct 10 17:49:24 standalone proxy-server[132450]: 172.18.0.2 172.18.0.100 10/Oct/2025/17/49/24 GET /v1/AUTH_4a034b86feeb418abfcd525e8e0c7278/gnocchi.bdd16419-2047-4c3d-808d-05b04b08f66f%3Fformat%3Djson%26states%3Dlisting HTTP/1.0 200 - python-swiftclient-3.11.1 gAAAAABo6UZ1YjFp... - 2 - txc596b3e1fb804b43b7923-0068e94724 - 0.0199 - - 1760118564.866312981 1760118564.886223078 0
Oct 10 17:49:24 standalone object-server[130526]: 172.20.0.100 - - [10/Oct/2025:17:49:24 +0000] "GET /d1/951/AUTH_4a034b86feeb418abfcd525e8e0c7278/gnocchi.2c106c88-511c-4aa1-ae76-967204c2faef/1759320000.0_mean_300.0_v3" 404 70 "GET http://172.18.0.2:8080/v1/AUTH_4a034b86feeb418abfcd525e8e0c7278/gnocchi.2c106c88-511c-4aa1-ae76-967204c2faef/1759320000.0_mean_300.0_v3" "tx9e15898acb204018b4454-0068e94724" "proxy-server 20" 0.0004 "-" 24 0
Oct 10 17:49:24 standalone proxy-server[132450]: 172.18.0.2 172.18.0.100 10/Oct/2025/17/49/24 GET /v1/AUTH_4a034b86feeb418abfcd525e8e0c7278/gnocchi.2c106c88-511c-4aa1-ae76-967204c2faef/1759320000.0_mean_300.0_v3 HTTP/1.0 404 - python-swiftclient-3.11.1 gAAAAABo6UZ1YjFp... - 70 - tx9e15898acb204018b4454-0068e94724 - 0.0080 - - 1760118564.890730858 1760118564.898736238 0
Oct 10 17:49:24 standalone object-server[130522]: 172.20.0.100 - - [10/Oct/2025:17:49:24 +0000] "GET /d1/554/AUTH_4a034b86feeb418abfcd525e8e0c7278/gnocchi.bdd16419-2047-4c3d-808d-05b04b08f66f/1759320000.0_mean_300.0_v3" 404 70 "GET http://172.18.0.2:8080/v1/AUTH_4a034b86feeb418abfcd525e8e0c7278/gnocchi.bdd16419-2047-4c3d-808d-05b04b08f66f/1759320000.0_mean_300.0_v3" "tx606571197b6a450babe12-0068e94724" "proxy-server 20" 0.0007 "-" 23 0
Oct 10 17:49:24 standalone proxy-server[132450]: 172.18.0.2 172.18.0.100 10/Oct/2025/17/49/24 GET /v1/AUTH_4a034b86feeb418abfcd525e8e0c7278/gnocchi.bdd16419-2047-4c3d-808d-05b04b08f66f/1759320000.0_mean_300.0_v3 HTTP/1.0 404 - python-swiftclient-3.11.1 gAAAAABo6UZ1YjFp... - 70 - tx606571197b6a450babe12-0068e94724 - 0.0094 - - 1760118564.903970003 1760118564.913372993 0
Oct 10 17:49:24 standalone container-server[130316]: 172.20.0.100 - - [10/Oct/2025:17:49:24 +0000] "PUT /d1/971/AUTH_4a034b86feeb418abfcd525e8e0c7278/gnocchi.2c106c88-511c-4aa1-ae76-967204c2faef/1759320000.0_mean_300.0_v3" 201 - "PUT http://172.18.0.2:8080/d1/951/AUTH_4a034b86feeb418abfcd525e8e0c7278/gnocchi.2c106c88-511c-4aa1-ae76-967204c2faef/1759320000.0_mean_300.0_v3" "tx49aa59b4d0a74cf4b7c52-0068e94724" "object-server 23" 0.0006 "-" 21 0
Oct 10 17:49:24 standalone object-server[130522]: 172.20.0.100 - - [10/Oct/2025:17:49:24 +0000] "PUT /d1/951/AUTH_4a034b86feeb418abfcd525e8e0c7278/gnocchi.2c106c88-511c-4aa1-ae76-967204c2faef/1759320000.0_mean_300.0_v3" 201 - "PUT http://172.18.0.2:8080/v1/AUTH_4a034b86feeb418abfcd525e8e0c7278/gnocchi.2c106c88-511c-4aa1-ae76-967204c2faef/1759320000.0_mean_300.0_v3" "tx49aa59b4d0a74cf4b7c52-0068e94724" "proxy-server 20" 0.0106 "-" 23 0
Oct 10 17:49:24 standalone proxy-server[132450]: 172.18.0.2 172.18.0.100 10/Oct/2025/17/49/24 PUT /v1/AUTH_4a034b86feeb418abfcd525e8e0c7278/gnocchi.2c106c88-511c-4aa1-ae76-967204c2faef/1759320000.0_mean_300.0_v3 HTTP/1.0 201 - python-swiftclient-3.11.1 gAAAAABo6UZ1YjFp... 16 - - tx49aa59b4d0a74cf4b7c52-0068e94724 - 0.0202 - - 1760118564.917487383 1760118564.937724829 0
Oct 10 17:49:24 standalone container-server[130322]: 172.20.0.100 - - [10/Oct/2025:17:49:24 +0000] "PUT /d1/1008/AUTH_4a034b86feeb418abfcd525e8e0c7278/gnocchi.bdd16419-2047-4c3d-808d-05b04b08f66f/1759320000.0_mean_300.0_v3" 201 - "PUT http://172.18.0.2:8080/d1/554/AUTH_4a034b86feeb418abfcd525e8e0c7278/gnocchi.bdd16419-2047-4c3d-808d-05b04b08f66f/1759320000.0_mean_300.0_v3" "tx17a856a6ea6f4038ade06-0068e94724" "object-server 25" 0.0008 "-" 22 0
Oct 10 17:49:24 standalone object-server[130529]: 172.20.0.100 - - [10/Oct/2025:17:49:24 +0000] "PUT /d1/554/AUTH_4a034b86feeb418abfcd525e8e0c7278/gnocchi.bdd16419-2047-4c3d-808d-05b04b08f66f/1759320000.0_mean_300.0_v3" 201 - "PUT http://172.18.0.2:8080/v1/AUTH_4a034b86feeb418abfcd525e8e0c7278/gnocchi.bdd16419-2047-4c3d-808d-05b04b08f66f/1759320000.0_mean_300.0_v3" "tx17a856a6ea6f4038ade06-0068e94724" "proxy-server 20" 0.0111 "-" 25 0
Oct 10 17:49:24 standalone proxy-server[132450]: 172.18.0.2 172.18.0.100 10/Oct/2025/17/49/24 PUT /v1/AUTH_4a034b86feeb418abfcd525e8e0c7278/gnocchi.bdd16419-2047-4c3d-808d-05b04b08f66f/1759320000.0_mean_300.0_v3 HTTP/1.0 201 - python-swiftclient-3.11.1 gAAAAABo6UZ1YjFp... 16 - - tx17a856a6ea6f4038ade06-0068e94724 - 0.0193 - - 1760118564.941396952 1760118564.960664034 0
Oct 10 17:49:24 standalone container-server[130322]: 172.20.0.100 - - [10/Oct/2025:17:49:24 +0000] "PUT /d1/971/AUTH_4a034b86feeb418abfcd525e8e0c7278/gnocchi.2c106c88-511c-4aa1-ae76-967204c2faef/none_v3" 201 - "PUT http://172.18.0.2:8080/d1/482/AUTH_4a034b86feeb418abfcd525e8e0c7278/gnocchi.2c106c88-511c-4aa1-ae76-967204c2faef/none_v3" "tx7a5e1fdc4ba94f79a86ef-0068e94724" "object-server 23" 0.0008 "-" 22 0
Oct 10 17:49:24 standalone object-server[130522]: 172.20.0.100 - - [10/Oct/2025:17:49:24 +0000] "PUT /d1/482/AUTH_4a034b86feeb418abfcd525e8e0c7278/gnocchi.2c106c88-511c-4aa1-ae76-967204c2faef/none_v3" 201 - "PUT http://172.18.0.2:8080/v1/AUTH_4a034b86feeb418abfcd525e8e0c7278/gnocchi.2c106c88-511c-4aa1-ae76-967204c2faef/none_v3" "tx7a5e1fdc4ba94f79a86ef-0068e94724" "proxy-server 20" 0.0107 "-" 23 0
Oct 10 17:49:24 standalone proxy-server[132450]: 172.18.0.2 172.18.0.100 10/Oct/2025/17/49/24 PUT /v1/AUTH_4a034b86feeb418abfcd525e8e0c7278/gnocchi.2c106c88-511c-4aa1-ae76-967204c2faef/none_v3 HTTP/1.0 201 - python-swiftclient-3.11.1 gAAAAABo6UZ1YjFp... 22 - - tx7a5e1fdc4ba94f79a86ef-0068e94724 - 0.0181 - - 1760118564.966525078 1760118564.984638453 0
Oct 10 17:49:25 standalone container-server[130353]: 172.20.0.100 - - [10/Oct/2025:17:49:25 +0000] "PUT /d1/1008/AUTH_4a034b86feeb418abfcd525e8e0c7278/gnocchi.bdd16419-2047-4c3d-808d-05b04b08f66f/none_v3" 201 - "PUT http://172.18.0.2:8080/d1/95/AUTH_4a034b86feeb418abfcd525e8e0c7278/gnocchi.bdd16419-2047-4c3d-808d-05b04b08f66f/none_v3" "tx60f0c0379bc847a2831b9-0068e94724" "object-server 25" 0.0004 "-" 23 0
Oct 10 17:49:25 standalone object-server[130529]: 172.20.0.100 - - [10/Oct/2025:17:49:25 +0000] "PUT /d1/95/AUTH_4a034b86feeb418abfcd525e8e0c7278/gnocchi.bdd16419-2047-4c3d-808d-05b04b08f66f/none_v3" 201 - "PUT http://172.18.0.2:8080/v1/AUTH_4a034b86feeb418abfcd525e8e0c7278/gnocchi.bdd16419-2047-4c3d-808d-05b04b08f66f/none_v3" "tx60f0c0379bc847a2831b9-0068e94724" "proxy-server 20" 0.0102 "-" 25 0
Oct 10 17:49:25 standalone proxy-server[132450]: 172.18.0.2 172.18.0.100 10/Oct/2025/17/49/25 PUT /v1/AUTH_4a034b86feeb418abfcd525e8e0c7278/gnocchi.bdd16419-2047-4c3d-808d-05b04b08f66f/none_v3 HTTP/1.0 201 - python-swiftclient-3.11.1 gAAAAABo6UZ1YjFp... 22 - - tx60f0c0379bc847a2831b9-0068e94724 - 0.0187 - - 1760118564.988842964 1760118565.007541180 0
Oct 10 17:49:25 standalone container-server[130311]: 172.20.0.100 - - [10/Oct/2025:17:49:25 +0000] "HEAD /d1/332/AUTH_4a034b86feeb418abfcd525e8e0c7278/gnocchi.2cb72e62-6549-4dac-bdef-424cbbcb4e72" 404 - "HEAD http://172.18.0.2:8080/v1/AUTH_4a034b86feeb418abfcd525e8e0c7278/gnocchi.2cb72e62-6549-4dac-bdef-424cbbcb4e72?format=json&states=listing" "txcb8f104347ef45fd9268b-0068e94725" "proxy-server 20" 0.0004 "-" 20 0
Oct 10 17:49:25 standalone object-server[130521]: 172.20.0.100 - - [10/Oct/2025:17:49:25 +0000] "GET /d1/608/AUTH_4a034b86feeb418abfcd525e8e0c7278/gnocchi.2cb72e62-6549-4dac-bdef-424cbbcb4e72/none_v3" 404 70 "GET http://172.18.0.2:8080/v1/AUTH_4a034b86feeb418abfcd525e8e0c7278/gnocchi.2cb72e62-6549-4dac-bdef-424cbbcb4e72/none_v3" "txcb8f104347ef45fd9268b-0068e94725" "proxy-server 20" 0.0005 "-" 22 0
Oct 10 17:49:25 standalone proxy-server[132450]: 172.18.0.2 172.18.0.100 10/Oct/2025/17/49/25 GET /v1/AUTH_4a034b86feeb418abfcd525e8e0c7278/gnocchi.2cb72e62-6549-4dac-bdef-424cbbcb4e72/none_v3 HTTP/1.0 404 - python-swiftclient-3.11.1 gAAAAABo6UZ1YjFp... - 70 - txcb8f104347ef45fd9268b-0068e94725 - 0.0128 - - 1760118565.022160530 1760118565.034928560 0
Oct 10 17:49:25 standalone account-server[130182]: 172.20.0.100 - - [10/Oct/2025:17:49:25 +0000] "PUT /d1/517/AUTH_4a034b86feeb418abfcd525e8e0c7278/gnocchi.2cb72e62-6549-4dac-bdef-424cbbcb4e72" 201 - "PUT http://172.20.0.100:6001/d1/332/AUTH_4a034b86feeb418abfcd525e8e0c7278/gnocchi.2cb72e62-6549-4dac-bdef-424cbbcb4e72" "txbb0d238fc846448f8283b-0068e94725" "container-server 20" 0.0061 "-" 21 0
Oct 10 17:49:25 standalone container-server[130311]: 172.20.0.100 - - [10/Oct/2025:17:49:25 +0000] "PUT /d1/332/AUTH_4a034b86feeb418abfcd525e8e0c7278/gnocchi.2cb72e62-6549-4dac-bdef-424cbbcb4e72" 201 - "PUT http://172.18.0.2:8080/v1/AUTH_4a034b86feeb418abfcd525e8e0c7278/gnocchi.2cb72e62-6549-4dac-bdef-424cbbcb4e72" "txbb0d238fc846448f8283b-0068e94725" "proxy-server 20" 0.0148 "-" 20 0
Oct 10 17:49:25 standalone proxy-server[132450]: 172.18.0.2 172.18.0.100 10/Oct/2025/17/49/25 PUT /v1/AUTH_4a034b86feeb418abfcd525e8e0c7278/gnocchi.2cb72e62-6549-4dac-bdef-424cbbcb4e72 HTTP/1.0 201 - python-swiftclient-3.11.1 gAAAAABo6UZ1YjFp... - - - txbb0d238fc846448f8283b-0068e94725 - 0.0217 - - 1760118565.039430380 1760118565.061150312 0
Oct 10 17:49:25 standalone container-server[130353]: 172.20.0.100 - - [10/Oct/2025:17:49:25 +0000] "HEAD /d1/332/AUTH_4a034b86feeb418abfcd525e8e0c7278/gnocchi.2cb72e62-6549-4dac-bdef-424cbbcb4e72" 204 - "HEAD http://172.18.0.2:8080/v1/AUTH_4a034b86feeb418abfcd525e8e0c7278/gnocchi.2cb72e62-6549-4dac-bdef-424cbbcb4e72?format=json&states=listing" "tx05bd5bcc9aa74632af1ee-0068e94725" "proxy-server 20" 0.0011 "-" 23 0
Oct 10 17:49:25 standalone proxy-server[132450]: - - 10/Oct/2025/17/49/25 HEAD /v1/AUTH_4a034b86feeb418abfcd525e8e0c7278/gnocchi.2cb72e62-6549-4dac-bdef-424cbbcb4e72%3Fformat%3Djson%26states%3Dlisting HTTP/1.0 204 - Swift - - - - tx05bd5bcc9aa74632af1ee-0068e94725 - 0.0057 RL - 1760118565.068671227 1760118565.074367046 0
Oct 10 17:49:25 standalone container-server[130316]: 172.20.0.100 - - [10/Oct/2025:17:49:25 +0000] "GET /d1/332/AUTH_4a034b86feeb418abfcd525e8e0c7278/gnocchi.2cb72e62-6549-4dac-bdef-424cbbcb4e72" 200 2 "GET http://172.18.0.2:8080/v1/AUTH_4a034b86feeb418abfcd525e8e0c7278/gnocchi.2cb72e62-6549-4dac-bdef-424cbbcb4e72?format=json&states=listing" "tx05bd5bcc9aa74632af1ee-0068e94725" "proxy-server 20" 0.0037 "-" 21 0
Oct 10 17:49:25 standalone proxy-server[132450]: 172.18.0.2 172.18.0.100 10/Oct/2025/17/49/25 GET /v1/AUTH_4a034b86feeb418abfcd525e8e0c7278/gnocchi.2cb72e62-6549-4dac-bdef-424cbbcb4e72%3Fformat%3Djson%26states%3Dlisting HTTP/1.0 200 - python-swiftclient-3.11.1 gAAAAABo6UZ1YjFp... - 2 - tx05bd5bcc9aa74632af1ee-0068e94725 - 0.0224 - - 1760118565.066386223 1760118565.088829041 0
