Dec 3 07:49:19 standalone container-server[127919]: 172.20.0.100 - - [03/Dec/2025:07:49:19 +0000] "HEAD /d1/903/AUTH_3f7aaf69da22429aaa2b35b7eb8b6cfb/gnocchi.ac7179ec-6b5e-4fc9-b594-9ed465eeddf2" 204 - "HEAD http://172.18.0.2:8080/v1/AUTH_3f7aaf69da22429aaa2b35b7eb8b6cfb/gnocchi.ac7179ec-6b5e-4fc9-b594-9ed465eeddf2?format=json&states=listing" "tx08690156f2ef43238ce53-00692feb7f" "proxy-server 20" 0.0024 "-" 15 0
Dec 3 07:49:19 standalone proxy-server[130028]: - - 03/Dec/2025/07/49/19 HEAD /v1/AUTH_3f7aaf69da22429aaa2b35b7eb8b6cfb/gnocchi.ac7179ec-6b5e-4fc9-b594-9ed465eeddf2%3Fformat%3Djson%26states%3Dlisting HTTP/1.0 204 - Swift - - - - tx08690156f2ef43238ce53-00692feb7f - 0.0072 RL - 1764748159.673338890 1764748159.680559397 0
Dec 3 07:49:19 standalone container-server[127924]: 172.20.0.100 - - [03/Dec/2025:07:49:19 +0000] "GET /d1/903/AUTH_3f7aaf69da22429aaa2b35b7eb8b6cfb/gnocchi.ac7179ec-6b5e-4fc9-b594-9ed465eeddf2" 200 2 "GET http://172.18.0.2:8080/v1/AUTH_3f7aaf69da22429aaa2b35b7eb8b6cfb/gnocchi.ac7179ec-6b5e-4fc9-b594-9ed465eeddf2?format=json&states=listing" "tx08690156f2ef43238ce53-00692feb7f" "proxy-server 20" 0.0037 "-" 16 0
Dec 3 07:49:19 standalone proxy-server[130028]: 172.18.0.2 172.18.0.100 03/Dec/2025/07/49/19 GET /v1/AUTH_3f7aaf69da22429aaa2b35b7eb8b6cfb/gnocchi.ac7179ec-6b5e-4fc9-b594-9ed465eeddf2%3Fformat%3Djson%26states%3Dlisting HTTP/1.0 200 - python-swiftclient-3.11.1 gAAAAABpL-sLW2Eo... - 2 - tx08690156f2ef43238ce53-00692feb7f - 0.0213 - - 1764748159.671488762 1764748159.692818165 0
Dec 3 07:49:19 standalone object-server[128006]: 172.20.0.100 - - [03/Dec/2025:07:49:19 +0000] "GET /d1/525/AUTH_3f7aaf69da22429aaa2b35b7eb8b6cfb/gnocchi.ac7179ec-6b5e-4fc9-b594-9ed465eeddf2/1764720000.0_mean_300.0_v3" 404 70 "GET http://172.18.0.2:8080/v1/AUTH_3f7aaf69da22429aaa2b35b7eb8b6cfb/gnocchi.ac7179ec-6b5e-4fc9-b594-9ed465eeddf2/1764720000.0_mean_300.0_v3" "txc65cfffb20c340849c947-00692feb7f" "proxy-server 20" 0.0005 "-" 25 0
Dec 3 07:49:19 standalone proxy-server[130028]: 172.18.0.2 172.18.0.100 03/Dec/2025/07/49/19 GET /v1/AUTH_3f7aaf69da22429aaa2b35b7eb8b6cfb/gnocchi.ac7179ec-6b5e-4fc9-b594-9ed465eeddf2/1764720000.0_mean_300.0_v3 HTTP/1.0 404 - python-swiftclient-3.11.1 gAAAAABpL-sLW2Eo... - 70 - txc65cfffb20c340849c947-00692feb7f - 0.0081 - - 1764748159.697503567 1764748159.705633163 0
Dec 3 07:49:19 standalone container-server[127919]: 172.20.0.100 - - [03/Dec/2025:07:49:19 +0000] "PUT /d1/903/AUTH_3f7aaf69da22429aaa2b35b7eb8b6cfb/gnocchi.ac7179ec-6b5e-4fc9-b594-9ed465eeddf2/1764720000.0_mean_300.0_v3" 201 - "PUT http://172.18.0.2:8080/d1/525/AUTH_3f7aaf69da22429aaa2b35b7eb8b6cfb/gnocchi.ac7179ec-6b5e-4fc9-b594-9ed465eeddf2/1764720000.0_mean_300.0_v3" "txa81513c7415b40b8ad162-00692feb7f" "object-server 23" 0.0009 "-" 15 0
Dec 3 07:49:19 standalone object-server[128003]: 172.20.0.100 - - [03/Dec/2025:07:49:19 +0000] "PUT /d1/525/AUTH_3f7aaf69da22429aaa2b35b7eb8b6cfb/gnocchi.ac7179ec-6b5e-4fc9-b594-9ed465eeddf2/1764720000.0_mean_300.0_v3" 201 - "PUT http://172.18.0.2:8080/v1/AUTH_3f7aaf69da22429aaa2b35b7eb8b6cfb/gnocchi.ac7179ec-6b5e-4fc9-b594-9ed465eeddf2/1764720000.0_mean_300.0_v3" "txa81513c7415b40b8ad162-00692feb7f" "proxy-server 20" 0.0145 "-" 23 0
Dec 3 07:49:19 standalone proxy-server[130028]: 172.18.0.2 172.18.0.100 03/Dec/2025/07/49/19 PUT /v1/AUTH_3f7aaf69da22429aaa2b35b7eb8b6cfb/gnocchi.ac7179ec-6b5e-4fc9-b594-9ed465eeddf2/1764720000.0_mean_300.0_v3 HTTP/1.0 201 - python-swiftclient-3.11.1 gAAAAABpL-sLW2Eo... 16 - - txa81513c7415b40b8ad162-00692feb7f - 0.0243 - - 1764748159.710109949 1764748159.734379292 0
Dec 3 07:49:19 standalone container-server[127924]: 172.20.0.100 - - [03/Dec/2025:07:49:19 +0000] "PUT /d1/903/AUTH_3f7aaf69da22429aaa2b35b7eb8b6cfb/gnocchi.ac7179ec-6b5e-4fc9-b594-9ed465eeddf2/none_v3" 201 - "PUT http://172.18.0.2:8080/d1/272/AUTH_3f7aaf69da22429aaa2b35b7eb8b6cfb/gnocchi.ac7179ec-6b5e-4fc9-b594-9ed465eeddf2/none_v3" "txcad8e841e5324598a41c7-00692feb7f" "object-server 24" 0.0010 "-" 16 0
Dec 3 07:49:19 standalone object-server[128004]: 172.20.0.100 - - [03/Dec/2025:07:49:19 +0000] "PUT /d1/272/AUTH_3f7aaf69da22429aaa2b35b7eb8b6cfb/gnocchi.ac7179ec-6b5e-4fc9-b594-9ed465eeddf2/none_v3" 201 - "PUT http://172.18.0.2:8080/v1/AUTH_3f7aaf69da22429aaa2b35b7eb8b6cfb/gnocchi.ac7179ec-6b5e-4fc9-b594-9ed465eeddf2/none_v3" "txcad8e841e5324598a41c7-00692feb7f" "proxy-server 20" 0.0141 "-" 24 0
Dec 3 07:49:19 standalone proxy-server[130028]: 172.18.0.2 172.18.0.100 03/Dec/2025/07/49/19 PUT /v1/AUTH_3f7aaf69da22429aaa2b35b7eb8b6cfb/gnocchi.ac7179ec-6b5e-4fc9-b594-9ed465eeddf2/none_v3 HTTP/1.0 201 - python-swiftclient-3.11.1 gAAAAABpL-sLW2Eo... 22 - - txcad8e841e5324598a41c7-00692feb7f - 0.0237 - - 1764748159.737972736 1764748159.761722326 0
Dec 3 07:49:20 standalone object-server[128004]: 172.20.0.100 - - [03/Dec/2025:07:49:20 +0000] "GET /d1/272/AUTH_3f7aaf69da22429aaa2b35b7eb8b6cfb/gnocchi.ac7179ec-6b5e-4fc9-b594-9ed465eeddf2/none_v3" 200 22 "GET http://172.18.0.2:8080/v1/AUTH_3f7aaf69da22429aaa2b35b7eb8b6cfb/gnocchi.ac7179ec-6b5e-4fc9-b594-9ed465eeddf2/none_v3" "tx7fc7fee15cd04fa0868ac-00692feb80" "proxy-server 20" 0.0012 "-" 24 0
Dec 3 07:49:20 standalone proxy-server[130028]: 172.18.0.2 172.18.0.100 03/Dec/2025/07/49/20 GET /v1/AUTH_3f7aaf69da22429aaa2b35b7eb8b6cfb/gnocchi.ac7179ec-6b5e-4fc9-b594-9ed465eeddf2/none_v3 HTTP/1.0 200 - python-swiftclient-3.11.1 gAAAAABpL-sLW2Eo... - 22 - tx7fc7fee15cd04fa0868ac-00692feb80 - 0.0086 - - 1764748160.101700783 1764748160.110260725 0
Dec 3 07:49:20 standalone container-server[127927]: 172.20.0.100 - - [03/Dec/2025:07:49:20 +0000] "GET /d1/903/AUTH_3f7aaf69da22429aaa2b35b7eb8b6cfb/gnocchi.ac7179ec-6b5e-4fc9-b594-9ed465eeddf2" 200 357 "GET http://172.18.0.2:8080/v1/AUTH_3f7aaf69da22429aaa2b35b7eb8b6cfb/gnocchi.ac7179ec-6b5e-4fc9-b594-9ed465eeddf2?format=json&states=listing" "txada50ffd5e914fa3bf8f9-00692feb80" "proxy-server 20" 0.0101 "-" 17 0
Dec 3 07:49:20 standalone proxy-server[130028]: 172.18.0.2 172.18.0.100 03/Dec/2025/07/49/20 GET /v1/AUTH_3f7aaf69da22429aaa2b35b7eb8b6cfb/gnocchi.ac7179ec-6b5e-4fc9-b594-9ed465eeddf2%3Fformat%3Djson%26states%3Dlisting HTTP/1.0 200 - python-swiftclient-3.11.1 gAAAAABpL-sLW2Eo... - 357 - txada50ffd5e914fa3bf8f9-00692feb80 - 0.0179 - - 1764748160.114972115 1764748160.132849455 0
Dec 3 07:49:20 standalone container-server[127924]: 172.20.0.100 - - [03/Dec/2025:07:49:20 +0000] "GET /d1/903/AUTH_3f7aaf69da22429aaa2b35b7eb8b6cfb/gnocchi.ac7179ec-6b5e-4fc9-b594-9ed465eeddf2" 200 2 "GET http://172.18.0.2:8080/v1/AUTH_3f7aaf69da22429aaa2b35b7eb8b6cfb/gnocchi.ac7179ec-6b5e-4fc9-b594-9ed465eeddf2?format=json&marker=none_v3&states=listing" "tx90669f5aad214f85b8dd4-00692feb80" "proxy-server 20" 0.0037 "-" 16 0
Dec 3 07:49:20 standalone proxy-server[130028]: 172.18.0.2 172.18.0.100 03/Dec/2025/07/49/20 GET /v1/AUTH_3f7aaf69da22429aaa2b35b7eb8b6cfb/gnocchi.ac7179ec-6b5e-4fc9-b594-9ed465eeddf2%3Fformat%3Djson%26marker%3Dnone_v3%26states%3Dlisting HTTP/1.0 200 - python-swiftclient-3.11.1 gAAAAABpL-sLW2Eo... - 2 - tx90669f5aad214f85b8dd4-00692feb80 - 0.0115 - - 1764748160.136170149 1764748160.147705317 0
Dec 3 07:49:20 standalone object-server[128003]: 172.20.0.100 - - [03/Dec/2025:07:49:20 +0000] "GET /d1/525/AUTH_3f7aaf69da22429aaa2b35b7eb8b6cfb/gnocchi.ac7179ec-6b5e-4fc9-b594-9ed465eeddf2/1764720000.0_mean_300.0_v3" 200 16 "GET http://172.18.0.2:8080/v1/AUTH_3f7aaf69da22429aaa2b35b7eb8b6cfb/gnocchi.ac7179ec-6b5e-4fc9-b594-9ed465eeddf2/1764720000.0_mean_300.0_v3" "tx0a14be5e3b5a40de96a81-00692feb80" "proxy-server 20" 0.0013 "-" 23 0
Dec 3 07:49:20 standalone proxy-server[130028]: 172.18.0.2 172.18.0.100 03/Dec/2025/07/49/20 GET /v1/AUTH_3f7aaf69da22429aaa2b35b7eb8b6cfb/gnocchi.ac7179ec-6b5e-4fc9-b594-9ed465eeddf2/1764720000.0_mean_300.0_v3 HTTP/1.0 200 - python-swiftclient-3.11.1 gAAAAABpL-sLW2Eo... - 16 - tx0a14be5e3b5a40de96a81-00692feb80 - 0.0081 - - 1764748160.152157784 1764748160.160281420 0
Dec 3 07:49:20 standalone container-server[127927]: 172.20.0.100 - - [03/Dec/2025:07:49:20 +0000] "PUT /d1/903/AUTH_3f7aaf69da22429aaa2b35b7eb8b6cfb/gnocchi.ac7179ec-6b5e-4fc9-b594-9ed465eeddf2/1764720000.0_mean_300.0_v3" 201 - "PUT http://172.18.0.2:8080/d1/525/AUTH_3f7aaf69da22429aaa2b35b7eb8b6cfb/gnocchi.ac7179ec-6b5e-4fc9-b594-9ed465eeddf2/1764720000.0_mean_300.0_v3" "tx2f57d8ce3d4348a988883-00692feb80" "object-server 23" 0.0008 "-" 17 0
Dec 3 07:49:20 standalone object-server[128003]: 172.20.0.100 - - [03/Dec/2025:07:49:20 +0000] "PUT /d1/525/AUTH_3f7aaf69da22429aaa2b35b7eb8b6cfb/gnocchi.ac7179ec-6b5e-4fc9-b594-9ed465eeddf2/1764720000.0_mean_300.0_v3" 201 - "PUT http://172.18.0.2:8080/v1/AUTH_3f7aaf69da22429aaa2b35b7eb8b6cfb/gnocchi.ac7179ec-6b5e-4fc9-b594-9ed465eeddf2/1764720000.0_mean_300.0_v3" "tx2f57d8ce3d4348a988883-00692feb80" "proxy-server 20" 0.0115 "-" 23 0
Dec 3 07:49:20 standalone proxy-server[130028]: 172.18.0.2 172.18.0.100 03/Dec/2025/07/49/20 PUT /v1/AUTH_3f7aaf69da22429aaa2b35b7eb8b6cfb/gnocchi.ac7179ec-6b5e-4fc9-b594-9ed465eeddf2/1764720000.0_mean_300.0_v3 HTTP/1.0 201 - python-swiftclient-3.11.1 gAAAAABpL-sLW2Eo... 16 - - tx2f57d8ce3d4348a988883-00692feb80 - 0.0175 - - 1764748160.164004087 1764748160.181464911 0
Dec 3 07:49:20 standalone container-server[127927]: 172.20.0.100 - - [03/Dec/2025:07:49:20 +0000] "PUT /d1/903/AUTH_3f7aaf69da22429aaa2b35b7eb8b6cfb/gnocchi.ac7179ec-6b5e-4fc9-b594-9ed465eeddf2/none_v3" 201 - "PUT http://172.18.0.2:8080/d1/272/AUTH_3f7aaf69da22429aaa2b35b7eb8b6cfb/gnocchi.ac7179ec-6b5e-4fc9-b594-9ed465eeddf2/none_v3" "tx4a4a4e019f3a4b189203b-00692feb80" "object-server 22" 0.0006 "-" 17 0
Dec 3 07:49:20 standalone object-server[128001]: 172.20.0.100 - - [03/Dec/2025:07:49:20 +0000] "PUT /d1/272/AUTH_3f7aaf69da22429aaa2b35b7eb8b6cfb/gnocchi.ac7179ec-6b5e-4fc9-b594-9ed465eeddf2/none_v3" 201 - "PUT http://172.18.0.2:8080/v1/AUTH_3f7aaf69da22429aaa2b35b7eb8b6cfb/gnocchi.ac7179ec-6b5e-4fc9-b594-9ed465eeddf2/none_v3" "tx4a4a4e019f3a4b189203b-00692feb80" "proxy-server 20" 0.0157 "-" 22 0
Dec 3 07:49:20 standalone proxy-server[130028]: 172.18.0.2 172.18.0.100 03/Dec/2025/07/49/20 PUT /v1/AUTH_3f7aaf69da22429aaa2b35b7eb8b6cfb/gnocchi.ac7179ec-6b5e-4fc9-b594-9ed465eeddf2/none_v3 HTTP/1.0 201 - python-swiftclient-3.11.1 gAAAAABpL-sLW2Eo... 31 - - tx4a4a4e019f3a4b189203b-00692feb80 - 0.0224 - - 1764748160.185121775 1764748160.207480431 0
Dec 3 07:49:29 standalone account-server[127778]: 172.20.0.100 - - [03/Dec/2025:07:49:29 +0000] "HEAD /d1/385/AUTH_3f7aaf69da22429aaa2b35b7eb8b6cfb" 204 - "HEAD http://172.18.0.2:8080/v1/AUTH_3f7aaf69da22429aaa2b35b7eb8b6cfb?format=json" "tx3b80718d8fd040b18c1c8-00692feb89" "proxy-server 20" 0.0114 "-" 21 -
Dec 3 07:49:29 standalone proxy-server[130028]: - - 03/Dec/2025/07/49/29 HEAD /v1/AUTH_3f7aaf69da22429aaa2b35b7eb8b6cfb%3Fformat%3Djson HTTP/1.0 204 - Swift - - - - tx3b80718d8fd040b18c1c8-00692feb89 - 0.0180 RL - 1764748169.280732632 1764748169.298712969 -
Dec 3 07:49:29 standalone object-server[128004]: 172.20.0.100 - - [03/Dec/2025:07:49:29 +0000] "GET /d1/496/AUTH_3f7aaf69da22429aaa2b35b7eb8b6cfb/gnocchi.0f1da30d-7762-4fcc-be4e-7dcec6ee8a8c/none_v3" 200 31 "GET http://172.18.0.2:8080/v1/AUTH_3f7aaf69da22429aaa2b35b7eb8b6cfb/gnocchi.0f1da30d-7762-4fcc-be4e-7dcec6ee8a8c/none_v3" "tx3b80718d8fd040b18c1c8-00692feb89" "proxy-server 20" 0.0014 "-" 24 0
Dec 3 07:49:29 standalone proxy-server[130028]: 172.18.0.2 172.18.0.100 03/Dec/2025/07/49/29 GET /v1/AUTH_3f7aaf69da22429aaa2b35b7eb8b6cfb/gnocchi.0f1da30d-7762-4fcc-be4e-7dcec6ee8a8c/none_v3 HTTP/1.0 200 - python-swiftclient-3.11.1 gAAAAABpL-sLW2Eo... - 31 - tx3b80718d8fd040b18c1c8-00692feb89 - 0.0307 - - 1764748169.279163599 1764748169.309827089 0
Dec 3 07:49:29 standalone container-server[127927]: 172.20.0.100 - - [03/Dec/2025:07:49:29 +0000] "GET /d1/260/AUTH_3f7aaf69da22429aaa2b35b7eb8b6cfb/gnocchi.0f1da30d-7762-4fcc-be4e-7dcec6ee8a8c" 200 357 "GET http://172.18.0.2:8080/v1/AUTH_3f7aaf69da22429aaa2b35b7eb8b6cfb/gnocchi.0f1da30d-7762-4fcc-be4e-7dcec6ee8a8c?format=json&states=listing" "tx2f336c3108b342c88d484-00692feb89" "proxy-server 20" 0.0104 "-" 17 0
Dec 3 07:49:29 standalone proxy-server[130028]: 172.18.0.2 172.18.0.100 03/Dec/2025/07/49/29 GET /v1/AUTH_3f7aaf69da22429aaa2b35b7eb8b6cfb/gnocchi.0f1da30d-7762-4fcc-be4e-7dcec6ee8a8c%3Fformat%3Djson%26states%3Dlisting HTTP/1.0 200 - python-swiftclient-3.11.1 gAAAAABpL-sLW2Eo... - 357 - tx2f336c3108b342c88d484-00692feb89 - 0.0218 - - 1764748169.313090801 1764748169.334853649 0
Dec 3 07:49:29 standalone container-server[127924]: 172.20.0.100 - - [03/Dec/2025:07:49:29 +0000] "GET /d1/260/AUTH_3f7aaf69da22429aaa2b35b7eb8b6cfb/gnocchi.0f1da30d-7762-4fcc-be4e-7dcec6ee8a8c" 200 2 "GET http://172.18.0.2:8080/v1/AUTH_3f7aaf69da22429aaa2b35b7eb8b6cfb/gnocchi.0f1da30d-7762-4fcc-be4e-7dcec6ee8a8c?format=json&marker=none_v3&states=listing" "tx68ddd68c68334221a30dc-00692feb89" "proxy-server 20" 0.0020 "-" 16 0
Dec 3 07:49:29 standalone proxy-server[130028]: 172.18.0.2 172.18.0.100 03/Dec/2025/07/49/29 GET /v1/AUTH_3f7aaf69da22429aaa2b35b7eb8b6cfb/gnocchi.0f1da30d-7762-4fcc-be4e-7dcec6ee8a8c%3Fformat%3Djson%26marker%3Dnone_v3%26states%3Dlisting HTTP/1.0 200 - python-swiftclient-3.11.1 gAAAAABpL-sLW2Eo... - 2 - tx68ddd68c68334221a30dc-00692feb89 - 0.0156 - - 1764748169.338458300 1764748169.354057550 0
Dec 3 07:49:29 standalone object-server[128003]: 172.20.0.100 - - [03/Dec/2025:07:49:29 +0000] "GET /d1/789/AUTH_3f7aaf69da22429aaa2b35b7eb8b6cfb/gnocchi.0f1da30d-7762-4fcc-be4e-7dcec6ee8a8c/1764720000.0_mean_300.0_v3" 200 16 "GET http://172.18.0.2:8080/v1/AUTH_3f7aaf69da22429aaa2b35b7eb8b6cfb/gnocchi.0f1da30d-7762-4fcc-be4e-7dcec6ee8a8c/1764720000.0_mean_300.0_v3" "txecae3d9d83a443e78856c-00692feb89" "proxy-server 20" 0.0011 "-" 23 0
Dec 3 07:49:29 standalone proxy-server[130028]: 172.18.0.2 172.18.0.100 03/Dec/2025/07/49/29 GET /v1/AUTH_3f7aaf69da22429aaa2b35b7eb8b6cfb/gnocchi.0f1da30d-7762-4fcc-be4e-7dcec6ee8a8c/1764720000.0_mean_300.0_v3 HTTP/1.0 200 - python-swiftclient-3.11.1 gAAAAABpL-sLW2Eo... - 16 - txecae3d9d83a443e78856c-00692feb89 - 0.0107 - - 1764748169.357587337 1764748169.368259430 0
Dec 3 07:49:29 standalone container-server[127927]: 172.20.0.100 - - [03/Dec/2025:07:49:29 +0000] "PUT /d1/260/AUTH_3f7aaf69da22429aaa2b35b7eb8b6cfb/gnocchi.0f1da30d-7762-4fcc-be4e-7dcec6ee8a8c/1764720000.0_mean_300.0_v3" 201 - "PUT http://172.18.0.2:8080/d1/789/AUTH_3f7aaf69da22429aaa2b35b7eb8b6cfb/gnocchi.0f1da30d-7762-4fcc-be4e-7dcec6ee8a8c/1764720000.0_mean_300.0_v3" "tx654985e3e3724efca25e4-00692feb89" "object-server 25" 0.0011 "-" 17 0
Dec 3 07:49:29 standalone object-server[128006]: 172.20.0.100 - - [03/Dec/2025:07:49:29 +0000] "PUT /d1/789/AUTH_3f7aaf69da22429aaa2b35b7eb8b6cfb/gnocchi.0f1da30d-7762-4fcc-be4e-7dcec6ee8a8c/1764720000.0_mean_300.0_v3" 201 - "PUT http://172.18.0.2:8080/v1/AUTH_3f7aaf69da22429aaa2b35b7eb8b6cfb/gnocchi.0f1da30d-7762-4fcc-be4e-7dcec6ee8a8c/1764720000.0_mean_300.0_v3" "tx654985e3e3724efca25e4-00692feb89" "proxy-server 20" 0.0129 "-" 25 0
Dec 3 07:49:29 standalone proxy-server[130028]: 172.18.0.2 172.18.0.100 03/Dec/2025/07/49/29 PUT /v1/AUTH_3f7aaf69da22429aaa2b35b7eb8b6cfb/gnocchi.0f1da30d-7762-4fcc-be4e-7dcec6ee8a8c/1764720000.0_mean_300.0_v3 HTTP/1.0 201 - python-swiftclient-3.11.1 gAAAAABpL-sLW2Eo... 16 - - tx654985e3e3724efca25e4-00692feb89 - 0.0224 - - 1764748169.371634483 1764748169.393985987 0
Dec 3 07:49:29 standalone container-server[127924]: 172.20.0.100 - - [03/Dec/2025:07:49:29 +0000] "PUT /d1/260/AUTH_3f7aaf69da22429aaa2b35b7eb8b6cfb/gnocchi.0f1da30d-7762-4fcc-be4e-7dcec6ee8a8c/none_v3" 201 - "PUT http://172.18.0.2:8080/d1/496/AUTH_3f7aaf69da22429aaa2b35b7eb8b6cfb/gnocchi.0f1da30d-7762-4fcc-be4e-7dcec6ee8a8c/none_v3" "txeaff7792c6834245980b1-00692feb89" "object-server 25" 0.0005 "-" 16 0
Dec 3 07:49:29 standalone object-server[128006]: 172.20.0.100 - - [03/Dec/2025:07:49:29 +0000] "PUT /d1/496/AUTH_3f7aaf69da22429aaa2b35b7eb8b6cfb/gnocchi.0f1da30d-7762-4fcc-be4e-7dcec6ee8a8c/none_v3" 201 - "PUT http://172.18.0.2:8080/v1/AUTH_3f7aaf69da22429aaa2b35b7eb8b6cfb/gnocchi.0f1da30d-7762-4fcc-be4e-7dcec6ee8a8c/none_v3" "txeaff7792c6834245980b1-00692feb89" "proxy-server 20" 0.0115 "-" 25 0
Dec 3 07:49:29 standalone proxy-server[130028]: 172.18.0.2 172.18.0.100 03/Dec/2025/07/49/29 PUT /v1/AUTH_3f7aaf69da22429aaa2b35b7eb8b6cfb/gnocchi.0f1da30d-7762-4fcc-be4e-7dcec6ee8a8c/none_v3 HTTP/1.0 201 - python-swiftclient-3.11.1 gAAAAABpL-sLW2Eo... 46 - - txeaff7792c6834245980b1-00692feb89 - 0.0209 - - 1764748169.396805048 1764748169.417691231 0
Dec 3 07:49:30 standalone object-server[128003]: 172.20.0.100 - - [03/Dec/2025:07:49:30 +0000] "GET /d1/496/AUTH_3f7aaf69da22429aaa2b35b7eb8b6cfb/gnocchi.0f1da30d-7762-4fcc-be4e-7dcec6ee8a8c/none_v3" 200 46 "GET http://172.18.0.2:8080/v1/AUTH_3f7aaf69da22429aaa2b35b7eb8b6cfb/gnocchi.0f1da30d-7762-4fcc-be4e-7dcec6ee8a8c/none_v3" "tx8a250f51a0944f9d80f42-00692feb8a" "proxy-server 20" 0.0019 "-" 23 0
Dec 3 07:49:30 standalone proxy-server[130028]: 172.18.0.2 172.18.0.100 03/Dec/2025/07/49/30 GET /v1/AUTH_3f7aaf69da22429aaa2b35b7eb8b6cfb/gnocchi.0f1da30d-7762-4fcc-be4e-7dcec6ee8a8c/none_v3 HTTP/1.0 200 - python-swiftclient-3.11.1 gAAAAABpL-sLW2Eo... - 46 - tx8a250f51a0944f9d80f42-00692feb8a - 0.0187 - - 1764748170.248536110 1764748170.267206669 0
Dec 3 07:49:30 standalone container-server[127919]: 172.20.0.100 - - [03/Dec/2025:07:49:30 +0000] "GET /d1/260/AUTH_3f7aaf69da22429aaa2b35b7eb8b6cfb/gnocchi.0f1da30d-7762-4fcc-be4e-7dcec6ee8a8c" 200 357 "GET http://172.18.0.2:8080/v1/AUTH_3f7aaf69da22429aaa2b35b7eb8b6cfb/gnocchi.0f1da30d-7762-4fcc-be4e-7dcec6ee8a8c?format=json&states=listing" "txc93f1115335b4e8ca6f94-00692feb8a" "proxy-server 20" 0.0055 "-" 15 0
Dec 3 07:49:30 standalone proxy-server[130028]: 172.18.0.2 172.18.0.100 03/Dec/2025/07/49/30 GET /v1/AUTH_3f7aaf69da22429aaa2b35b7eb8b6cfb/gnocchi.0f1da30d-7762-4fcc-be4e-7dcec6ee8a8c%3Fformat%3Djson%26states%3Dlisting HTTP/1.0 200 - python-swiftclient-3.11.1 gAAAAABpL-sLW2Eo... - 357 - txc93f1115335b4e8ca6f94-00692feb8a - 0.0106 - - 1764748170.270879745 1764748170.281503201 0
Dec 3 07:49:30 standalone container-server[127927]: 172.20.0.100 - - [03/Dec/2025:07:49:30 +0000] "GET /d1/260/AUTH_3f7aaf69da22429aaa2b35b7eb8b6cfb/gnocchi.0f1da30d-7762-4fcc-be4e-7dcec6ee8a8c" 200 2 "GET http://172.18.0.2:8080/v1/AUTH_3f7aaf69da22429aaa2b35b7eb8b6cfb/gnocchi.0f1da30d-7762-4fcc-be4e-7dcec6ee8a8c?format=json&marker=none_v3&states=listing" "tx102f3df41bb9400593420-00692feb8a" "proxy-server 20" 0.0063 "-" 17 0
Dec 3 07:49:30 standalone proxy-server[130028]: 172.18.0.2 172.18.0.100 03/Dec/2025/07/49/30 GET /v1/AUTH_3f7aaf69da22429aaa2b35b7eb8b6cfb/gnocchi.0f1da30d-7762-4fcc-be4e-7dcec6ee8a8c%3Fformat%3Djson%26marker%3Dnone_v3%26states%3Dlisting HTTP/1.0 200 - python-swiftclient-3.11.1 gAAAAABpL-sLW2Eo... - 2 - tx102f3df41bb9400593420-00692feb8a - 0.0120 - - 1764748170.285388708 1764748170.297397852 0
Dec 3 07:49:30 standalone object-server[128001]: 172.20.0.100 - - [03/Dec/2025:07:49:30 +0000] "GET /d1/789/AUTH_3f7aaf69da22429aaa2b35b7eb8b6cfb/gnocchi.0f1da30d-7762-4fcc-be4e-7dcec6ee8a8c/1764720000.0_mean_300.0_v3" 200 16 "GET http://172.18.0.2:8080/v1/AUTH_3f7aaf69da22429aaa2b35b7eb8b6cfb/gnocchi.0f1da30d-7762-4fcc-be4e-7dcec6ee8a8c/1764720000.0_mean_300.0_v3" "tx7b299d2adb6d4aff85b5d-00692feb8a" "proxy-server 20" 0.0007 "-" 22 0
Dec 3 07:49:30 standalone proxy-server[130028]: 172.18.0.2 172.18.0.100 03/Dec/2025/07/49/30 GET /v1/AUTH_3f7aaf69da22429aaa2b35b7eb8b6cfb/gnocchi.0f1da30d-7762-4fcc-be4e-7dcec6ee8a8c/1764720000.0_mean_300.0_v3 HTTP/1.0 200 - python-swiftclient-3.11.1 gAAAAABpL-sLW2Eo... - 16 - tx7b299d2adb6d4aff85b5d-00692feb8a - 0.0047 - - 1764748170.299945116 1764748170.304642677 0
Dec 3 07:49:30 standalone container-server[127924]: 172.20.0.100 - - [03/Dec/2025:07:49:30 +0000] "PUT /d1/260/AUTH_3f7aaf69da22429aaa2b35b7eb8b6cfb/gnocchi.0f1da30d-7762-4fcc-be4e-7dcec6ee8a8c/1764720000.0_mean_300.0_v3" 201 - "PUT http://172.18.0.2:8080/d1/789/AUTH_3f7aaf69da22429aaa2b35b7eb8b6cfb/gnocchi.0f1da30d-7762-4fcc-be4e-7dcec6ee8a8c/1764720000.0_mean_300.0_v3" "tx42812010de564170802b0-00692feb8a" "object-server 23" 0.0008 "-" 16 0
Dec 3 07:49:30 standalone object-server[128003]: 172.20.0.100 - - [03/Dec/2025:07:49:30 +0000] "PUT /d1/789/AUTH_3f7aaf69da22429aaa2b35b7eb8b6cfb/gnocchi.0f1da30d-7762-4fcc-be4e-7dcec6ee8a8c/1764720000.0_mean_300.0_v3" 201 - "PUT http://172.18.0.2:8080/v1/AUTH_3f7aaf69da22429aaa2b35b7eb8b6cfb/gnocchi.0f1da30d-7762-4fcc-be4e-7dcec6ee8a8c/1764720000.0_mean_300.0_v3" "tx42812010de564170802b0-00692feb8a" "proxy-server 20" 0.0102 "-" 23 0
Dec 3 07:49:30 standalone proxy-server[130028]: 172.18.0.2 172.18.0.100 03/Dec/2025/07/49/30 PUT /v1/AUTH_3f7aaf69da22429aaa2b35b7eb8b6cfb/gnocchi.0f1da30d-7762-4fcc-be4e-7dcec6ee8a8c/1764720000.0_mean_300.0_v3 HTTP/1.0 201 - python-swiftclient-3.11.1 gAAAAABpL-sLW2Eo... 16 - - tx42812010de564170802b0-00692feb8a - 0.0148 - - 1764748170.306638956 1764748170.321458340 0
Dec 3 07:49:30 standalone container-server[127913]: 172.20.0.100 - - [03/Dec/2025:07:49:30 +0000] "PUT /d1/260/AUTH_3f7aaf69da22429aaa2b35b7eb8b6cfb/gnocchi.0f1da30d-7762-4fcc-be4e-7dcec6ee8a8c/none_v3" 201 - "PUT http://172.18.0.2:8080/d1/496/AUTH_3f7aaf69da22429aaa2b35b7eb8b6cfb/gnocchi.0f1da30d-7762-4fcc-be4e-7dcec6ee8a8c/none_v3" "tx760bbe2b2650408bbbfd2-00692feb8a" "object-server 23" 0.0006 "-" 14 0
Dec 3 07:49:30 standalone object-server[128003]: 172.20.0.100 - - [03/Dec/2025:07:49:30 +0000] "PUT /d1/496/AUTH_3f7aaf69da22429aaa2b35b7eb8b6cfb/gnocchi.0f1da30d-7762-4fcc-be4e-7dcec6ee8a8c/none_v3" 201 - "PUT http://172.18.0.2:8080/v1/AUTH_3f7aaf69da22429aaa2b35b7eb8b6cfb/gnocchi.0f1da30d-7762-4fcc-be4e-7dcec6ee8a8c/none_v3" "tx760bbe2b2650408bbbfd2-00692feb8a" "proxy-server 20" 0.0078 "-" 23 0
Dec 3 07:49:30 standalone proxy-server[130028]: 172.18.0.2 172.18.0.100 03/Dec/2025/07/49/30 PUT /v1/AUTH_3f7aaf69da22429aaa2b35b7eb8b6cfb/gnocchi.0f1da30d-7762-4fcc-be4e-7dcec6ee8a8c/none_v3 HTTP/1.0 201 - python-swiftclient-3.11.1 gAAAAABpL-sLW2Eo... 51 - - tx760bbe2b2650408bbbfd2-00692feb8a - 0.0116 - - 1764748170.323235035 1764748170.334847689 0
Dec 3 07:49:30 standalone object-server[128001]: 172.20.0.100 - - [03/Dec/2025:07:49:30 +0000] "GET /d1/349/AUTH_3f7aaf69da22429aaa2b35b7eb8b6cfb/gnocchi.ccd103c1-cc42-4acb-9931-51491c2bf28e/none_v3" 200 22 "GET http://172.18.0.2:8080/v1/AUTH_3f7aaf69da22429aaa2b35b7eb8b6cfb/gnocchi.ccd103c1-cc42-4acb-9931-51491c2bf28e/none_v3" "tx3cf55cdd0cb34075b6c56-00692feb8a" "proxy-server 20" 0.0004 "-" 22 0
Dec 3 07:49:30 standalone proxy-server[130028]: 172.18.0.2 172.18.0.100 03/Dec/2025/07/49/30 GET /v1/AUTH_3f7aaf69da22429aaa2b35b7eb8b6cfb/gnocchi.ccd103c1-cc42-4acb-9931-51491c2bf28e/none_v3 HTTP/1.0 200 - python-swiftclient-3.11.1 gAAAAABpL-sLW2Eo... - 22 - tx3cf55cdd0cb34075b6c56-00692feb8a - 0.0042 - - 1764748170.342307329 1764748170.346535444 0
Dec 3 07:49:30 standalone container-server[127927]: 172.20.0.100 - - [03/Dec/2025:07:49:30 +0000] "GET /d1/564/AUTH_3f7aaf69da22429aaa2b35b7eb8b6cfb/gnocchi.ccd103c1-cc42-4acb-9931-51491c2bf28e" 200 357 "GET http://172.18.0.2:8080/v1/AUTH_3f7aaf69da22429aaa2b35b7eb8b6cfb/gnocchi.ccd103c1-cc42-4acb-9931-51491c2bf28e?format=json&states=listing" "tx862052f2235b4d3997c38-00692feb8a" "proxy-server 20" 0.0085 "-" 17 0
Dec 3 07:49:30 standalone proxy-server[130028]: 172.18.0.2 172.18.0.100 03/Dec/2025/07/49/30 GET /v1/AUTH_3f7aaf69da22429aaa2b35b7eb8b6cfb/gnocchi.ccd103c1-cc42-4acb-9931-51491c2bf28e%3Fformat%3Djson%26states%3Dlisting HTTP/1.0 200 - python-swiftclient-3.11.1 gAAAAABpL-sLW2Eo... - 357 - tx862052f2235b4d3997c38-00692feb8a - 0.0140 - - 1764748170.348565578 1764748170.362580776 0
Dec 3 07:49:30 standalone container-server[127913]: 172.20.0.100 - - [03/Dec/2025:07:49:30 +0000] "GET /d1/564/AUTH_3f7aaf69da22429aaa2b35b7eb8b6cfb/gnocchi.ccd103c1-cc42-4acb-9931-51491c2bf28e" 200 2 "GET http://172.18.0.2:8080/v1/AUTH_3f7aaf69da22429aaa2b35b7eb8b6cfb/gnocchi.ccd103c1-cc42-4acb-9931-51491c2bf28e?format=json&marker=none_v3&states=listing" "txad6b9ba2228e4094b76c6-00692feb8a" "proxy-server 20" 0.0019 "-" 14 0
Dec 3 07:49:30 standalone proxy-server[130028]: 172.18.0.2 172.18.0.100 03/Dec/2025/07/49/30 GET /v1/AUTH_3f7aaf69da22429aaa2b35b7eb8b6cfb/gnocchi.ccd103c1-cc42-4acb-9931-51491c2bf28e%3Fformat%3Djson%26marker%3Dnone_v3%26states%3Dlisting HTTP/1.0 200 - python-swiftclient-3.11.1 gAAAAABpL-sLW2Eo... - 2 - txad6b9ba2228e4094b76c6-00692feb8a - 0.0065 - - 1764748170.364946127 1764748170.371454239 0
Dec 3 07:49:30 standalone object-server[128004]: 172.20.0.100 - - [03/Dec/2025:07:49:30 +0000] "GET /d1/642/AUTH_3f7aaf69da22429aaa2b35b7eb8b6cfb/gnocchi.ccd103c1-cc42-4acb-9931-51491c2bf28e/1764720000.0_mean_300.0_v3" 200 16 "GET http://172.18.0.2:8080/v1/AUTH_3f7aaf69da22429aaa2b35b7eb8b6cfb/gnocchi.ccd103c1-cc42-4acb-9931-51491c2bf28e/1764720000.0_mean_300.0_v3" "tx8b2bc0773b7344398f10d-00692feb8a" "proxy-server 20" 0.0008 "-" 24 0
Dec 3 07:49:30 standalone proxy-server[130028]: 172.18.0.2 172.18.0.100 03/Dec/2025/07/49/30 GET /v1/AUTH_3f7aaf69da22429aaa2b35b7eb8b6cfb/gnocchi.ccd103c1-cc42-4acb-9931-51491c2bf28e/1764720000.0_mean_300.0_v3 HTTP/1.0 200 - python-swiftclient-3.11.1 gAAAAABpL-sLW2Eo... - 16 - tx8b2bc0773b7344398f10d-00692feb8a - 0.0049 - - 1764748170.373488903 1764748170.378374338 0
Dec 3 07:49:30 standalone container-server[127913]: 172.20.0.100 - - [03/Dec/2025:07:49:30 +0000] "PUT /d1/564/AUTH_3f7aaf69da22429aaa2b35b7eb8b6cfb/gnocchi.ccd103c1-cc42-4acb-9931-51491c2bf28e/1764720000.0_mean_300.0_v3" 201 - "PUT http://172.18.0.2:8080/d1/642/AUTH_3f7aaf69da22429aaa2b35b7eb8b6cfb/gnocchi.ccd103c1-cc42-4acb-9931-51491c2bf28e/1764720000.0_mean_300.0_v3" "txe0cf0f9b3ec54c2ab739f-00692feb8a" "object-server 22" 0.0004 "-" 14 0
Dec 3 07:49:30 standalone object-server[128001]: 172.20.0.100 - - [03/Dec/2025:07:49:30 +0000] "PUT /d1/642/AUTH_3f7aaf69da22429aaa2b35b7eb8b6cfb/gnocchi.ccd103c1-cc42-4acb-9931-51491c2bf28e/1764720000.0_mean_300.0_v3" 201 - "PUT http://172.18.0.2:8080/v1/AUTH_3f7aaf69da22429aaa2b35b7eb8b6cfb/gnocchi.ccd103c1-cc42-4acb-9931-51491c2bf28e/1764720000.0_mean_300.0_v3" "txe0cf0f9b3ec54c2ab739f-00692feb8a" "proxy-server 20" 0.0070 "-" 22 0
Dec 3 07:49:30 standalone proxy-server[130028]: 172.18.0.2 172.18.0.100 03/Dec/2025/07/49/30 PUT /v1/AUTH_3f7aaf69da22429aaa2b35b7eb8b6cfb/gnocchi.ccd103c1-cc42-4acb-9931-51491c2bf28e/1764720000.0_mean_300.0_v3 HTTP/1.0 201 - python-swiftclient-3.11.1 gAAAAABpL-sLW2Eo... 16 - - txe0cf0f9b3ec54c2ab739f-00692feb8a - 0.0106 - - 1764748170.380291224 1764748170.390852451 0
Dec 3 07:49:30 standalone container-server[127927]: 172.20.0.100 - - [03/Dec/2025:07:49:30 +0000] "PUT /d1/564/AUTH_3f7aaf69da22429aaa2b35b7eb8b6cfb/gnocchi.ccd103c1-cc42-4acb-9931-51491c2bf28e/none_v3" 201 - "PUT http://172.18.0.2:8080/d1/349/AUTH_3f7aaf69da22429aaa2b35b7eb8b6cfb/gnocchi.ccd103c1-cc42-4acb-9931-51491c2bf28e/none_v3" "tx9ab727a52cf5405e95f6a-00692feb8a" "object-server 25" 0.0008 "-" 17 0
Dec 3 07:49:30 standalone object-server[128006]: 172.20.0.100 - - [03/Dec/2025:07:49:30 +0000] "PUT /d1/349/AUTH_3f7aaf69da22429aaa2b35b7eb8b6cfb/gnocchi.ccd103c1-cc42-4acb-9931-51491c2bf28e/none_v3" 201 - "PUT http://172.18.0.2:8080/v1/AUTH_3f7aaf69da22429aaa2b35b7eb8b6cfb/gnocchi.ccd103c1-cc42-4acb-9931-51491c2bf28e/none_v3" "tx9ab727a52cf5405e95f6a-00692feb8a" "proxy-server 20" 0.0142 "-" 25 0
Dec 3 07:49:30 standalone proxy-server[130028]: 172.18.0.2 172.18.0.100 03/Dec/2025/07/49/30 PUT /v1/AUTH_3f7aaf69da22429aaa2b35b7eb8b6cfb/gnocchi.ccd103c1-cc42-4acb-9931-51491c2bf28e/none_v3 HTTP/1.0 201 - python-swiftclient-3.11.1 gAAAAABpL-sLW2Eo... 32 - - tx9ab727a52cf5405e95f6a-00692feb8a - 0.0181 - - 1764748170.392449141 1764748170.410505056 0
Dec 3 07:49:30 standalone object-server[128004]: 172.20.0.100 - - [03/Dec/2025:07:49:30 +0000] "GET /d1/416/AUTH_3f7aaf69da22429aaa2b35b7eb8b6cfb/gnocchi.c16ed6be-8336-4fd9-8bbb-3b914d65b79d/none_v3" 200 22 "GET http://172.18.0.2:8080/v1/AUTH_3f7aaf69da22429aaa2b35b7eb8b6cfb/gnocchi.c16ed6be-8336-4fd9-8bbb-3b914d65b79d/none_v3" "tx1bc8d759c7504d8d9e186-00692feb8a" "proxy-server 20" 0.0006 "-" 24 0
Dec 3 07:49:30 standalone proxy-server[130028]: 172.18.0.2 172.18.0.100 03/Dec/2025/07/49/30 GET /v1/AUTH_3f7aaf69da22429aaa2b35b7eb8b6cfb/gnocchi.c16ed6be-8336-4fd9-8bbb-3b914d65b79d/none_v3 HTTP/1.0 200 - python-swiftclient-3.11.1 gAAAAABpL-sLW2Eo... - 22 - tx1bc8d759c7504d8d9e186-00692feb8a - 0.0046 - - 1764748170.417816401 1764748170.422409296 0
Dec 3 07:49:30 standalone container-server[127924]: 172.20.0.100 - - [03/Dec/2025:07:49:30 +0000] "GET /d1/366/AUTH_3f7aaf69da22429aaa2b35b7eb8b6cfb/gnocchi.c16ed6be-8336-4fd9-8bbb-3b914d65b79d" 200 357 "GET http://172.18.0.2:8080/v1/AUTH_3f7aaf69da22429aaa2b35b7eb8b6cfb/gnocchi.c16ed6be-8336-4fd9-8bbb-3b914d65b79d?format=json&states=listing" "txdef1291777a24a999b989-00692feb8a" "proxy-server 20" 0.0161 "-" 16 0
Dec 3 07:49:30 standalone proxy-server[130028]: 172.18.0.2 172.18.0.100 03/Dec/2025/07/49/30 GET /v1/AUTH_3f7aaf69da22429aaa2b35b7eb8b6cfb/gnocchi.c16ed6be-8336-4fd9-8bbb-3b914d65b79d%3Fformat%3Djson%26states%3Dlisting HTTP/1.0 200 - python-swiftclient-3.11.1 gAAAAABpL-sLW2Eo... - 357 - txdef1291777a24a999b989-00692feb8a - 0.0216 - - 1764748170.424665689 1764748170.446301937 0
Dec 3 07:49:30 standalone container-server[127913]: 172.20.0.100 - - [03/Dec/2025:07:49:30 +0000] "GET /d1/366/AUTH_3f7aaf69da22429aaa2b35b7eb8b6cfb/gnocchi.c16ed6be-8336-4fd9-8bbb-3b914d65b79d" 200 2 "GET http://172.18.0.2:8080/v1/AUTH_3f7aaf69da22429aaa2b35b7eb8b6cfb/gnocchi.c16ed6be-8336-4fd9-8bbb-3b914d65b79d?format=json&marker=none_v3&states=listing" "tx39b34c3b80b643d1b0421-00692feb8a" "proxy-server 20" 0.0044 "-" 14 0
Dec 3 07:49:30 standalone proxy-server[130028]: 172.18.0.2 172.18.0.100 03/Dec/2025/07/49/30 GET /v1/AUTH_3f7aaf69da22429aaa2b35b7eb8b6cfb/gnocchi.c16ed6be-8336-4fd9-8bbb-3b914d65b79d%3Fformat%3Djson%26marker%3Dnone_v3%26states%3Dlisting HTTP/1.0 200 - python-swiftclient-3.11.1 gAAAAABpL-sLW2Eo... - 2 - tx39b34c3b80b643d1b0421-00692feb8a - 0.0093 - - 1764748170.447982550 1764748170.457243919 0
Dec 3 07:49:30 standalone object-server[128003]: 172.20.0.100 - - [03/Dec/2025:07:49:30 +0000] "GET /d1/490/AUTH_3f7aaf69da22429aaa2b35b7eb8b6cfb/gnocchi.c16ed6be-8336-4fd9-8bbb-3b914d65b79d/1764720000.0_mean_300.0_v3" 200 16 "GET http://172.18.0.2:8080/v1/AUTH_3f7aaf69da22429aaa2b35b7eb8b6cfb/gnocchi.c16ed6be-8336-4fd9-8bbb-3b914d65b79d/1764720000.0_mean_300.0_v3" "tx83d2f9117d9c495ab5c75-00692feb8a" "proxy-server 20" 0.0012 "-" 23 0
Dec 3 07:49:30 standalone proxy-server[130028]: 172.18.0.2 172.18.0.100 03/Dec/2025/07/49/30 GET /v1/AUTH_3f7aaf69da22429aaa2b35b7eb8b6cfb/gnocchi.c16ed6be-8336-4fd9-8bbb-3b914d65b79d/1764720000.0_mean_300.0_v3 HTTP/1.0 200 - python-swiftclient-3.11.1 gAAAAABpL-sLW2Eo... - 16 - tx83d2f9117d9c495ab5c75-00692feb8a - 0.0060 - - 1764748170.459326506 1764748170.465345621 0
Dec 3 07:49:30 standalone container-server[127927]: 172.20.0.100 - - [03/Dec/2025:07:49:30 +0000] "PUT /d1/366/AUTH_3f7aaf69da22429aaa2b35b7eb8b6cfb/gnocchi.c16ed6be-8336-4fd9-8bbb-3b914d65b79d/1764720000.0_mean_300.0_v3" 201 - "PUT http://172.18.0.2:8080/d1/490/AUTH_3f7aaf69da22429aaa2b35b7eb8b6cfb/gnocchi.c16ed6be-8336-4fd9-8bbb-3b914d65b79d/1764720000.0_mean_300.0_v3" "tx4c8c82fd086e4619948a8-00692feb8a" "object-server 24" 0.0013 "-" 17 0
Dec 3 07:49:30 standalone object-server[128004]: 172.20.0.100 - - [03/Dec/2025:07:49:30 +0000] "PUT /d1/490/AUTH_3f7aaf69da22429aaa2b35b7eb8b6cfb/gnocchi.c16ed6be-8336-4fd9-8bbb-3b914d65b79d/1764720000.0_mean_300.0_v3" 201 - "PUT http://172.18.0.2:8080/v1/AUTH_3f7aaf69da22429aaa2b35b7eb8b6cfb/gnocchi.c16ed6be-8336-4fd9-8bbb-3b914d65b79d/1764720000.0_mean_300.0_v3" "tx4c8c82fd086e4619948a8-00692feb8a" "proxy-server 20" 0.0393 "-" 24 0
Dec 3 07:49:30 standalone proxy-server[130028]: 172.18.0.2 172.18.0.100 03/Dec/2025/07/49/30 PUT /v1/AUTH_3f7aaf69da22429aaa2b35b7eb8b6cfb/gnocchi.c16ed6be-8336-4fd9-8bbb-3b914d65b79d/1764720000.0_mean_300.0_v3 HTTP/1.0 201 - python-swiftclient-3.11.1 gAAAAABpL-sLW2Eo... 16 - - tx4c8c82fd086e4619948a8-00692feb8a - 0.0448 - - 1764748170.467317343 1764748170.512085199 0
Dec 3 07:49:30 standalone container-server[127924]: 172.20.0.100 - - [03/Dec/2025:07:49:30 +0000] "PUT /d1/366/AUTH_3f7aaf69da22429aaa2b35b7eb8b6cfb/gnocchi.c16ed6be-8336-4fd9-8bbb-3b914d65b79d/none_v3" 201 - "PUT http://172.18.0.2:8080/d1/416/AUTH_3f7aaf69da22429aaa2b35b7eb8b6cfb/gnocchi.c16ed6be-8336-4fd9-8bbb-3b914d65b79d/none_v3" "txd6dd5cf9012f4178bde85-00692feb8a" "object-server 24" 0.0006 "-" 16 0
Dec 3 07:49:30 standalone object-server[128004]: 172.20.0.100 - - [03/Dec/2025:07:49:30 +0000] "PUT /d1/416/AUTH_3f7aaf69da22429aaa2b35b7eb8b6cfb/gnocchi.c16ed6be-8336-4fd9-8bbb-3b914d65b79d/none_v3" 201 - "PUT http://172.18.0.2:8080/v1/AUTH_3f7aaf69da22429aaa2b35b7eb8b6cfb/gnocchi.c16ed6be-8336-4fd9-8bbb-3b914d65b79d/none_v3" "txd6dd5cf9012f4178bde85-00692feb8a" "proxy-server 20" 0.0099 "-" 24 0
Dec 3 07:49:30 standalone proxy-server[130028]: 172.18.0.2 172.18.0.100 03/Dec/2025/07/49/30 PUT /v1/AUTH_3f7aaf69da22429aaa2b35b7eb8b6cfb/gnocchi.c16ed6be-8336-4fd9-8bbb-3b914d65b79d/none_v3 HTTP/1.0 201 - python-swiftclient-3.11.1 gAAAAABpL-sLW2Eo... 32 - - txd6dd5cf9012f4178bde85-00692feb8a - 0.0140 - - 1764748170.514940262 1764748170.528932810 0
Dec 3 07:49:30 standalone object-server[128001]: 172.20.0.100 - - [03/Dec/2025:07:49:30 +0000] "GET /d1/702/AUTH_3f7aaf69da22429aaa2b35b7eb8b6cfb/gnocchi.f979a0c5-8cf4-4ed4-94e2-c68269eec650/none_v3" 200 22 "GET http://172.18.0.2:8080/v1/AUTH_3f7aaf69da22429aaa2b35b7eb8b6cfb/gnocchi.f979a0c5-8cf4-4ed4-94e2-c68269eec650/none_v3" "txa8fe74c1f41541bd85be4-00692feb8a" "proxy-server 20" 0.0008 "-" 22 0
Dec 3 07:49:30 standalone proxy-server[130028]: 172.18.0.2 172.18.0.100 03/Dec/2025/07/49/30 GET /v1/AUTH_3f7aaf69da22429aaa2b35b7eb8b6cfb/gnocchi.f979a0c5-8cf4-4ed4-94e2-c68269eec650/none_v3 HTTP/1.0 200 - python-swiftclient-3.11.1 gAAAAABpL-sLW2Eo... - 22 - txa8fe74c1f41541bd85be4-00692feb8a - 0.0092 - - 1764748170.539570332 1764748170.548769236 0
Dec 3 07:49:30 standalone container-server[127685]: Begin container update sweep
Dec 3 07:49:30 standalone container-server[127927]: 172.20.0.100 - - [03/Dec/2025:07:49:30 +0000] "GET /d1/788/AUTH_3f7aaf69da22429aaa2b35b7eb8b6cfb/gnocchi.f979a0c5-8cf4-4ed4-94e2-c68269eec650" 200 357 "GET http://172.18.0.2:8080/v1/AUTH_3f7aaf69da22429aaa2b35b7eb8b6cfb/gnocchi.f979a0c5-8cf4-4ed4-94e2-c68269eec650?format=json&states=listing" "txb80d884e77bd419ba0519-00692feb8a" "proxy-server 20" 0.0112 "-" 17 0
Dec 3 07:49:30 standalone proxy-server[130028]: 172.18.0.2 172.18.0.100 03/Dec/2025/07/49/30 GET /v1/AUTH_3f7aaf69da22429aaa2b35b7eb8b6cfb/gnocchi.f979a0c5-8cf4-4ed4-94e2-c68269eec650%3Fformat%3Djson%26states%3Dlisting HTTP/1.0 200 - python-swiftclient-3.11.1 gAAAAABpL-sLW2Eo... - 357 - txb80d884e77bd419ba0519-00692feb8a - 0.0162 - - 1764748170.551455021 1764748170.567614317 0
Dec 3 07:49:30 standalone container-server[127913]: 172.20.0.100 - - [03/Dec/2025:07:49:30 +0000] "GET /d1/788/AUTH_3f7aaf69da22429aaa2b35b7eb8b6cfb/gnocchi.f979a0c5-8cf4-4ed4-94e2-c68269eec650" 200 2 "GET http://172.18.0.2:8080/v1/AUTH_3f7aaf69da22429aaa2b35b7eb8b6cfb/gnocchi.f979a0c5-8cf4-4ed4-94e2-c68269eec650?format=json&marker=none_v3&states=listing" "txf7f5b21453764441996d7-00692feb8a" "proxy-server 20" 0.0038 "-" 14 0
Dec 3 07:49:30 standalone proxy-server[130028]: 172.18.0.2 172.18.0.100 03/Dec/2025/07/49/30 GET /v1/AUTH_3f7aaf69da22429aaa2b35b7eb8b6cfb/gnocchi.f979a0c5-8cf4-4ed4-94e2-c68269eec650%3Fformat%3Djson%26marker%3Dnone_v3%26states%3Dlisting HTTP/1.0 200 - python-swiftclient-3.11.1 gAAAAABpL-sLW2Eo... - 2 - txf7f5b21453764441996d7-00692feb8a - 0.0093 - - 1764748170.571073771 1764748170.580332279 0
Dec 3 07:49:30 standalone object-server[128001]: 172.20.0.100 - - [03/Dec/2025:07:49:30 +0000] "GET /d1/814/AUTH_3f7aaf69da22429aaa2b35b7eb8b6cfb/gnocchi.f979a0c5-8cf4-4ed4-94e2-c68269eec650/1764720000.0_mean_300.0_v3" 200 16 "GET http://172.18.0.2:8080/v1/AUTH_3f7aaf69da22429aaa2b35b7eb8b6cfb/gnocchi.f979a0c5-8cf4-4ed4-94e2-c68269eec650/1764720000.0_mean_300.0_v3" "tx8de7bce7c656451190bf0-00692feb8a" "proxy-server 20" 0.0008 "-" 22 0
Dec 3 07:49:30 standalone proxy-server[130028]: 172.18.0.2 172.18.0.100 03/Dec/2025/07/49/30 GET /v1/AUTH_3f7aaf69da22429aaa2b35b7eb8b6cfb/gnocchi.f979a0c5-8cf4-4ed4-94e2-c68269eec650/1764720000.0_mean_300.0_v3 HTTP/1.0 200 - python-swiftclient-3.11.1 gAAAAABpL-sLW2Eo... - 16 - tx8de7bce7c656451190bf0-00692feb8a - 0.0048 - - 1764748170.583073139 1764748170.587842464 0
Dec 3 07:49:30 standalone account-server[127770]: 172.20.0.100 - - [03/Dec/2025:07:49:30 +0000] "PUT /d1/385/AUTH_3f7aaf69da22429aaa2b35b7eb8b6cfb/gnocchi.d11e5ab2-e708-4265-ab85-4453669b94f5" 201 - "-" "-" "container-updater 2" 0.0007 "-" 20 0
Dec 3 07:49:30 standalone container-server[127919]: 172.20.0.100 - - [03/Dec/2025:07:49:30 +0000] "PUT /d1/788/AUTH_3f7aaf69da22429aaa2b35b7eb8b6cfb/gnocchi.f979a0c5-8cf4-4ed4-94e2-c68269eec650/1764720000.0_mean_300.0_v3" 201 - "PUT http://172.18.0.2:8080/d1/814/AUTH_3f7aaf69da22429aaa2b35b7eb8b6cfb/gnocchi.f979a0c5-8cf4-4ed4-94e2-c68269eec650/1764720000.0_mean_300.0_v3" "tx42ceffedd69d4caca9965-00692feb8a" "object-server 24" 0.0006 "-" 15 0
Dec 3 07:49:30 standalone object-server[128004]: 172.20.0.100 - - [03/Dec/2025:07:49:30 +0000] "PUT /d1/814/AUTH_3f7aaf69da22429aaa2b35b7eb8b6cfb/gnocchi.f979a0c5-8cf4-4ed4-94e2-c68269eec650/1764720000.0_mean_300.0_v3" 201 - "PUT http://172.18.0.2:8080/v1/AUTH_3f7aaf69da22429aaa2b35b7eb8b6cfb/gnocchi.f979a0c5-8cf4-4ed4-94e2-c68269eec650/1764720000.0_mean_300.0_v3" "tx42ceffedd69d4caca9965-00692feb8a" "proxy-server 20" 0.0110 "-" 24 0
Dec 3 07:49:30 standalone proxy-server[130028]: 172.18.0.2 172.18.0.100 03/Dec/2025/07/49/30 PUT /v1/AUTH_3f7aaf69da22429aaa2b35b7eb8b6cfb/gnocchi.f979a0c5-8cf4-4ed4-94e2-c68269eec650/1764720000.0_mean_300.0_v3 HTTP/1.0 201 - python-swiftclient-3.11.1 gAAAAABpL-sLW2Eo... 16 - - tx42ceffedd69d4caca9965-00692feb8a - 0.0160 - - 1764748170.590671301 1764748170.606701374 0
Dec 3 07:49:30 standalone container-server[127927]: 172.20.0.100 - - [03/Dec/2025:07:49:30 +0000] "PUT /d1/788/AUTH_3f7aaf69da22429aaa2b35b7eb8b6cfb/gnocchi.f979a0c5-8cf4-4ed4-94e2-c68269eec650/none_v3" 201 - "PUT http://172.18.0.2:8080/d1/702/AUTH_3f7aaf69da22429aaa2b35b7eb8b6cfb/gnocchi.f979a0c5-8cf4-4ed4-94e2-c68269eec650/none_v3" "tx45cafdd85a66474c9e65e-00692feb8a" "object-server 23" 0.0007 "-" 17 0
Dec 3 07:49:30 standalone object-server[128003]: 172.20.0.100 - - [03/Dec/2025:07:49:30 +0000] "PUT /d1/702/AUTH_3f7aaf69da22429aaa2b35b7eb8b6cfb/gnocchi.f979a0c5-8cf4-4ed4-94e2-c68269eec650/none_v3" 201 - "PUT http://172.18.0.2:8080/v1/AUTH_3f7aaf69da22429aaa2b35b7eb8b6cfb/gnocchi.f979a0c5-8cf4-4ed4-94e2-c68269eec650/none_v3" "tx45cafdd85a66474c9e65e-00692feb8a" "proxy-server 20" 0.0106 "-" 23 0
Dec 3 07:49:30 standalone proxy-server[130028]: 172.18.0.2 172.18.0.100 03/Dec/2025/07/49/30 PUT /v1/AUTH_3f7aaf69da22429aaa2b35b7eb8b6cfb/gnocchi.f979a0c5-8cf4-4ed4-94e2-c68269eec650/none_v3 HTTP/1.0 201 - python-swiftclient-3.11.1 gAAAAABpL-sLW2Eo... 32 - - tx45cafdd85a66474c9e65e-00692feb8a - 0.0205 - - 1764748170.609343052 1764748170.629850149 0
Dec 3 07:49:30 standalone object-server[128001]: 172.20.0.100 - - [03/Dec/2025:07:49:30 +0000] "GET /d1/951/AUTH_3f7aaf69da22429aaa2b35b7eb8b6cfb/gnocchi.a689dfd8-4561-475b-acf1-dedd369d4c56/none_v3" 200 22 "GET http://172.18.0.2:8080/v1/AUTH_3f7aaf69da22429aaa2b35b7eb8b6cfb/gnocchi.a689dfd8-4561-475b-acf1-dedd369d4c56/none_v3" "tx75e42b006fc14658ac9b9-00692feb8a" "proxy-server 20" 0.0008 "-" 22 0
Dec 3 07:49:30 standalone proxy-server[130028]: 172.18.0.2 172.18.0.100 03/Dec/2025/07/49/30 GET /v1/AUTH_3f7aaf69da22429aaa2b35b7eb8b6cfb/gnocchi.a689dfd8-4561-475b-acf1-dedd369d4c56/none_v3 HTTP/1.0 200 - python-swiftclient-3.11.1 gAAAAABpL-sLW2Eo... - 22 - tx75e42b006fc14658ac9b9-00692feb8a - 0.0145 - - 1764748170.639033079 1764748170.653567791 0
Dec 3 07:49:30 standalone container-server[127924]: 172.20.0.100 - - [03/Dec/2025:07:49:30 +0000] "GET /d1/569/AUTH_3f7aaf69da22429aaa2b35b7eb8b6cfb/gnocchi.a689dfd8-4561-475b-acf1-dedd369d4c56" 200 357 "GET http://172.18.0.2:8080/v1/AUTH_3f7aaf69da22429aaa2b35b7eb8b6cfb/gnocchi.a689dfd8-4561-475b-acf1-dedd369d4c56?format=json&states=listing" "tx1e1639fa345d4aacb82fb-00692feb8a" "proxy-server 20" 0.0100 "-" 16 0
Dec 3 07:49:30 standalone proxy-server[130028]: 172.18.0.2 172.18.0.100 03/Dec/2025/07/49/30 GET /v1/AUTH_3f7aaf69da22429aaa2b35b7eb8b6cfb/gnocchi.a689dfd8-4561-475b-acf1-dedd369d4c56%3Fformat%3Djson%26states%3Dlisting HTTP/1.0 200 - python-swiftclient-3.11.1 gAAAAABpL-sLW2Eo... - 357 - tx1e1639fa345d4aacb82fb-00692feb8a - 0.0161 - - 1764748170.661252022 1764748170.677358150 0
Dec 3 07:49:30 standalone container-server[127919]: 172.20.0.100 - - [03/Dec/2025:07:49:30 +0000] "GET /d1/569/AUTH_3f7aaf69da22429aaa2b35b7eb8b6cfb/gnocchi.a689dfd8-4561-475b-acf1-dedd369d4c56" 200 2 "GET http://172.18.0.2:8080/v1/AUTH_3f7aaf69da22429aaa2b35b7eb8b6cfb/gnocchi.a689dfd8-4561-475b-acf1-dedd369d4c56?format=json&marker=none_v3&states=listing" "tx5ef2b4c7f46c429695b74-00692feb8a" "proxy-server 20" 0.0025 "-" 15 0
Dec 3 07:49:30 standalone proxy-server[130028]: 172.18.0.2 172.18.0.100 03/Dec/2025/07/49/30 GET /v1/AUTH_3f7aaf69da22429aaa2b35b7eb8b6cfb/gnocchi.a689dfd8-4561-475b-acf1-dedd369d4c56%3Fformat%3Djson%26marker%3Dnone_v3%26states%3Dlisting HTTP/1.0 200 - python-swiftclient-3.11.1 gAAAAABpL-sLW2Eo... - 2 - tx5ef2b4c7f46c429695b74-00692feb8a - 0.0069 - - 1764748170.679551840 1764748170.686416626 0
Dec 3 07:49:30 standalone object-server[128001]: 172.20.0.100 - - [03/Dec/2025:07:49:30 +0000] "GET /d1/562/AUTH_3f7aaf69da22429aaa2b35b7eb8b6cfb/gnocchi.a689dfd8-4561-475b-acf1-dedd369d4c56/1764720000.0_mean_300.0_v3" 200 16 "GET http://172.18.0.2:8080/v1/AUTH_3f7aaf69da22429aaa2b35b7eb8b6cfb/gnocchi.a689dfd8-4561-475b-acf1-dedd369d4c56/1764720000.0_mean_300.0_v3" "tx53083bdff97649afab0b3-00692feb8a" "proxy-server 20" 0.0008 "-" 22 0
Dec 3 07:49:30 standalone proxy-server[130028]: 172.18.0.2 172.18.0.100 03/Dec/2025/07/49/30 GET /v1/AUTH_3f7aaf69da22429aaa2b35b7eb8b6cfb/gnocchi.a689dfd8-4561-475b-acf1-dedd369d4c56/1764720000.0_mean_300.0_v3 HTTP/1.0 200 - python-swiftclient-3.11.1 gAAAAABpL-sLW2Eo... - 16 - tx53083bdff97649afab0b3-00692feb8a - 0.0051 - - 1764748170.689109802 1764748170.694185734 0
Dec 3 07:49:30 standalone container-server[127924]: 172.20.0.100 - - [03/Dec/2025:07:49:30 +0000] "PUT /d1/569/AUTH_3f7aaf69da22429aaa2b35b7eb8b6cfb/gnocchi.a689dfd8-4561-475b-acf1-dedd369d4c56/1764720000.0_mean_300.0_v3" 201 - "PUT http://172.18.0.2:8080/d1/562/AUTH_3f7aaf69da22429aaa2b35b7eb8b6cfb/gnocchi.a689dfd8-4561-475b-acf1-dedd369d4c56/1764720000.0_mean_300.0_v3" "tx85d55b1a144343dcb1b67-00692feb8a" "object-server 22" 0.0014 "-" 16 0
Dec 3 07:49:30 standalone object-server[128001]: 172.20.0.100 - - [03/Dec/2025:07:49:30 +0000] "PUT /d1/562/AUTH_3f7aaf69da22429aaa2b35b7eb8b6cfb/gnocchi.a689dfd8-4561-475b-acf1-dedd369d4c56/1764720000.0_mean_300.0_v3" 201 - "PUT http://172.18.0.2:8080/v1/AUTH_3f7aaf69da22429aaa2b35b7eb8b6cfb/gnocchi.a689dfd8-4561-475b-acf1-dedd369d4c56/1764720000.0_mean_300.0_v3" "tx85d55b1a144343dcb1b67-00692feb8a" "proxy-server 20" 0.0118 "-" 22 0
Dec 3 07:49:30 standalone account-server[127778]: 172.20.0.100 - - [03/Dec/2025:07:49:30 +0000] "PUT /d1/385/AUTH_3f7aaf69da22429aaa2b35b7eb8b6cfb/gnocchi.0f1da30d-7762-4fcc-be4e-7dcec6ee8a8c" 201 - "-" "-" "container-updater 2" 0.0007 "-" 21 0
Dec 3 07:49:30 standalone proxy-server[130028]: 172.18.0.2 172.18.0.100 03/Dec/2025/07/49/30 PUT /v1/AUTH_3f7aaf69da22429aaa2b35b7eb8b6cfb/gnocchi.a689dfd8-4561-475b-acf1-dedd369d4c56/1764720000.0_mean_300.0_v3 HTTP/1.0 201 - python-swiftclient-3.11.1 gAAAAABpL-sLW2Eo... 16 - - tx85d55b1a144343dcb1b67-00692feb8a - 0.0154 - - 1764748170.696147442 1764748170.711528778 0
Dec 3 07:49:30 standalone container-server[127919]: 172.20.0.100 - - [03/Dec/2025:07:49:30 +0000] "PUT /d1/569/AUTH_3f7aaf69da22429aaa2b35b7eb8b6cfb/gnocchi.a689dfd8-4561-475b-acf1-dedd369d4c56/none_v3" 201 - "PUT http://172.18.0.2:8080/d1/951/AUTH_3f7aaf69da22429aaa2b35b7eb8b6cfb/gnocchi.a689dfd8-4561-475b-acf1-dedd369d4c56/none_v3" "tx895100f8d5254037963b8-00692feb8a" "object-server 24" 0.0006 "-" 15 0
Dec 3 07:49:30 standalone object-server[128004]: 172.20.0.100 - - [03/Dec/2025:07:49:30 +0000] "PUT /d1/951/AUTH_3f7aaf69da22429aaa2b35b7eb8b6cfb/gnocchi.a689dfd8-4561-475b-acf1-dedd369d4c56/none_v3" 201 - "PUT http://172.18.0.2:8080/v1/AUTH_3f7aaf69da22429aaa2b35b7eb8b6cfb/gnocchi.a689dfd8-4561-475b-acf1-dedd369d4c56/none_v3" "tx895100f8d5254037963b8-00692feb8a" "proxy-server 20" 0.0106 "-" 24 0
Dec 3 07:49:30 standalone proxy-server[130028]: 172.18.0.2 172.18.0.100 03/Dec/2025/07/49/30 PUT /v1/AUTH_3f7aaf69da22429aaa2b35b7eb8b6cfb/gnocchi.a689dfd8-4561-475b-acf1-dedd369d4c56/none_v3 HTTP/1.0 201 - python-swiftclient-3.11.1 gAAAAABpL-sLW2Eo... 32 - - tx895100f8d5254037963b8-00692feb8a - 0.0154 - - 1764748170.713799477 1764748170.729244471 0
Dec 3 07:49:30 standalone account-server[127770]: 172.20.0.100 - - [03/Dec/2025:07:49:30 +0000] "PUT /d1/385/AUTH_3f7aaf69da22429aaa2b35b7eb8b6cfb/gnocchi.23cbd108-ca3a-4d8d-9a03-34df7e8a7e01" 201 - "-" "-" "container-updater 2" 0.0004 "-" 20 0
Dec 3 07:49:30 standalone account-server[127793]: 172.20.0.100 - - [03/Dec/2025:07:49:30 +0000] "PUT /d1/385/AUTH_3f7aaf69da22429aaa2b35b7eb8b6cfb/gnocchi.a689dfd8-4561-475b-acf1-dedd369d4c56" 201 - "-" "-" "container-updater 2" 0.0007 "-" 23 0
Dec 3 07:49:31 standalone account-server[127778]: 172.20.0.100 - - [03/Dec/2025:07:49:31 +0000] "PUT /d1/385/AUTH_3f7aaf69da22429aaa2b35b7eb8b6cfb/gnocchi.f979a0c5-8cf4-4ed4-94e2-c68269eec650" 201 - "-" "-" "container-updater 2" 0.0005 "-" 21 0
Dec 3 07:49:31 standalone account-server[127778]: 172.20.0.100 - - [03/Dec/2025:07:49:31 +0000] "PUT /d1/385/AUTH_3f7aaf69da22429aaa2b35b7eb8b6cfb/gnocchi.51d4833e-2fe9-41b3-82d3-af532bb3dfd2" 201 - "-" "-" "container-updater 2" 0.0006 "-" 21 0
Dec 3 07:49:31 standalone account-server[127793]: 172.20.0.100 - - [03/Dec/2025:07:49:31 +0000] "PUT /d1/385/AUTH_3f7aaf69da22429aaa2b35b7eb8b6cfb/gnocchi.ac7179ec-6b5e-4fc9-b594-9ed465eeddf2" 201 - "-" "-" "container-updater 2" 0.0005 "-" 23 0
Dec 3 07:49:31 standalone account-server[127770]: 172.20.0.100 - - [03/Dec/2025:07:49:31 +0000] "PUT /d1/385/AUTH_3f7aaf69da22429aaa2b35b7eb8b6cfb/gnocchi.c16ed6be-8336-4fd9-8bbb-3b914d65b79d" 201 - "-" "-" "container-updater 2" 0.0015 "-" 20 0
Dec 3 07:49:31 standalone account-server[127793]: 172.20.0.100 - - [03/Dec/2025:07:49:31 +0000] "PUT /d1/385/AUTH_3f7aaf69da22429aaa2b35b7eb8b6cfb/gnocchi.e1a0e729-8d2f-42b1-9a54-0ce7b70f55d1" 201 - "-" "-" "container-updater 2" 0.0007 "-" 23 0
Dec 3 07:49:31 standalone account-server[127778]: 172.20.0.100 - - [03/Dec/2025:07:49:31 +0000] "PUT /d1/385/AUTH_3f7aaf69da22429aaa2b35b7eb8b6cfb/gnocchi.ccd103c1-cc42-4acb-9931-51491c2bf28e" 201 - "-" "-" "container-updater 2" 0.0004 "-" 21 0
Dec 3 07:49:31 standalone container-server[127685]: Container update sweep completed: 1.02s
Dec 3 07:49:34 standalone container-server[127919]: 172.20.0.100 - - [03/Dec/2025:07:49:34 +0000] "HEAD /d1/1022/AUTH_3f7aaf69da22429aaa2b35b7eb8b6cfb/gnocchi.47e20719-a5ce-41e2-bad2-69c8fddfb34d" 404 - "HEAD http://172.18.0.2:8080/v1/AUTH_3f7aaf69da22429aaa2b35b7eb8b6cfb/gnocchi.47e20719-a5ce-41e2-bad2-69c8fddfb34d?format=json&states=listing" "tx7bd47dfaa74e454ab535d-00692feb8e" "proxy-server 20" 0.0008 "-" 15 0
Dec 3 07:49:34 standalone object-server[128006]: 172.20.0.100 - - [03/Dec/2025:07:49:34 +0000] "GET /d1/569/AUTH_3f7aaf69da22429aaa2b35b7eb8b6cfb/gnocchi.47e20719-a5ce-41e2-bad2-69c8fddfb34d/none_v3" 404 70 "GET http://172.18.0.2:8080/v1/AUTH_3f7aaf69da22429aaa2b35b7eb8b6cfb/gnocchi.47e20719-a5ce-41e2-bad2-69c8fddfb34d/none_v3" "tx7bd47dfaa74e454ab535d-00692feb8e" "proxy-server 20" 0.0005 "-" 25 0
Dec 3 07:49:34 standalone proxy-server[130028]: 172.18.0.2 172.18.0.100 03/Dec/2025/07/49/34 GET /v1/AUTH_3f7aaf69da22429aaa2b35b7eb8b6cfb/gnocchi.47e20719-a5ce-41e2-bad2-69c8fddfb34d/none_v3 HTTP/1.0 404 - python-swiftclient-3.11.1 gAAAAABpL-sLW2Eo... - 70 - tx7bd47dfaa74e454ab535d-00692feb8e - 0.0333 - - 1764748174.141560316 1764748174.174847603 0
Dec 3 07:49:34 standalone account-server[127770]: 172.20.0.100 - - [03/Dec/2025:07:49:34 +0000] "PUT /d1/385/AUTH_3f7aaf69da22429aaa2b35b7eb8b6cfb/gnocchi.47e20719-a5ce-41e2-bad2-69c8fddfb34d" 201 - "PUT http://172.20.0.100:6001/d1/1022/AUTH_3f7aaf69da22429aaa2b35b7eb8b6cfb/gnocchi.47e20719-a5ce-41e2-bad2-69c8fddfb34d" "tx6faa943441dd4fd193e2d-00692feb8e" "container-server 16" 0.0064 "-" 20 0
Dec 3 07:49:34 standalone container-server[127924]: 172.20.0.100 - - [03/Dec/2025:07:49:34 +0000] "PUT /d1/1022/AUTH_3f7aaf69da22429aaa2b35b7eb8b6cfb/gnocchi.47e20719-a5ce-41e2-bad2-69c8fddfb34d" 201 - "PUT http://172.18.0.2:8080/v1/AUTH_3f7aaf69da22429aaa2b35b7eb8b6cfb/gnocchi.47e20719-a5ce-41e2-bad2-69c8fddfb34d" "tx6faa943441dd4fd193e2d-00692feb8e" "proxy-server 20" 0.0213 "-" 16 0
Dec 3 07:49:34 standalone proxy-server[130028]: 172.18.0.2 172.18.0.100 03/Dec/2025/07/49/34 PUT /v1/AUTH_3f7aaf69da22429aaa2b35b7eb8b6cfb/gnocchi.47e20719-a5ce-41e2-bad2-69c8fddfb34d HTTP/1.0 201 - python-swiftclient-3.11.1 gAAAAABpL-sLW2Eo... - - - tx6faa943441dd4fd193e2d-00692feb8e - 0.0268 - - 1764748174.178973675 1764748174.205770016 0
Dec 3 07:49:34 standalone container-server[127924]: 172.20.0.100 - - [03/Dec/2025:07:49:34 +0000] "HEAD /d1/1022/AUTH_3f7aaf69da22429aaa2b35b7eb8b6cfb/gnocchi.47e20719-a5ce-41e2-bad2-69c8fddfb34d" 204 - "HEAD http://172.18.0.2:8080/v1/AUTH_3f7aaf69da22429aaa2b35b7eb8b6cfb/gnocchi.47e20719-a5ce-41e2-bad2-69c8fddfb34d?format=json&states=listing" "tx4429dc7298af4db8b11f5-00692feb8e" "proxy-server 20" 0.0015 "-" 16 0
