Dec 3 07:49:34 standalone proxy-server[130028]: - - 03/Dec/2025/07/49/34 HEAD /v1/AUTH_3f7aaf69da22429aaa2b35b7eb8b6cfb/gnocchi.47e20719-a5ce-41e2-bad2-69c8fddfb34d%3Fformat%3Djson%26states%3Dlisting HTTP/1.0 204 - Swift - - - - tx4429dc7298af4db8b11f5-00692feb8e - 0.0047 RL - 1764748174.211268425 1764748174.215976477 0
Dec 3 07:49:34 standalone container-server[127913]: 172.20.0.100 - - [03/Dec/2025:07:49:34 +0000] "GET /d1/1022/AUTH_3f7aaf69da22429aaa2b35b7eb8b6cfb/gnocchi.47e20719-a5ce-41e2-bad2-69c8fddfb34d" 200 2 "GET http://172.18.0.2:8080/v1/AUTH_3f7aaf69da22429aaa2b35b7eb8b6cfb/gnocchi.47e20719-a5ce-41e2-bad2-69c8fddfb34d?format=json&states=listing" "tx4429dc7298af4db8b11f5-00692feb8e" "proxy-server 20" 0.0033 "-" 14 0
Dec 3 07:49:34 standalone proxy-server[130028]: 172.18.0.2 172.18.0.100 03/Dec/2025/07/49/34 GET /v1/AUTH_3f7aaf69da22429aaa2b35b7eb8b6cfb/gnocchi.47e20719-a5ce-41e2-bad2-69c8fddfb34d%3Fformat%3Djson%26states%3Dlisting HTTP/1.0 200 - python-swiftclient-3.11.1 gAAAAABpL-sLW2Eo... - 2 - tx4429dc7298af4db8b11f5-00692feb8e - 0.0171 - - 1764748174.210252285 1764748174.227322817 0
Dec 3 07:49:34 standalone object-server[128004]: 172.20.0.100 - - [03/Dec/2025:07:49:34 +0000] "GET /d1/750/AUTH_3f7aaf69da22429aaa2b35b7eb8b6cfb/gnocchi.47e20719-a5ce-41e2-bad2-69c8fddfb34d/1764720000.0_mean_300.0_v3" 404 70 "GET http://172.18.0.2:8080/v1/AUTH_3f7aaf69da22429aaa2b35b7eb8b6cfb/gnocchi.47e20719-a5ce-41e2-bad2-69c8fddfb34d/1764720000.0_mean_300.0_v3" "txb4ae476ea70441e289c55-00692feb8e" "proxy-server 20" 0.0004 "-" 24 0
Dec 3 07:49:34 standalone proxy-server[130028]: 172.18.0.2 172.18.0.100 03/Dec/2025/07/49/34 GET /v1/AUTH_3f7aaf69da22429aaa2b35b7eb8b6cfb/gnocchi.47e20719-a5ce-41e2-bad2-69c8fddfb34d/1764720000.0_mean_300.0_v3 HTTP/1.0 404 - python-swiftclient-3.11.1 gAAAAABpL-sLW2Eo... - 70 - txb4ae476ea70441e289c55-00692feb8e - 0.0053 - - 1764748174.234788179 1764748174.240079880 0
Dec 3 07:49:34 standalone container-server[127924]: 172.20.0.100 - - [03/Dec/2025:07:49:34 +0000] "PUT /d1/1022/AUTH_3f7aaf69da22429aaa2b35b7eb8b6cfb/gnocchi.47e20719-a5ce-41e2-bad2-69c8fddfb34d/1764720000.0_mean_300.0_v3" 201 - "PUT http://172.18.0.2:8080/d1/750/AUTH_3f7aaf69da22429aaa2b35b7eb8b6cfb/gnocchi.47e20719-a5ce-41e2-bad2-69c8fddfb34d/1764720000.0_mean_300.0_v3" "tx870cb133cc6942aa8cfbd-00692feb8e" "object-server 22" 0.0006 "-" 16 0
Dec 3 07:49:34 standalone object-server[128001]: 172.20.0.100 - - [03/Dec/2025:07:49:34 +0000] "PUT /d1/750/AUTH_3f7aaf69da22429aaa2b35b7eb8b6cfb/gnocchi.47e20719-a5ce-41e2-bad2-69c8fddfb34d/1764720000.0_mean_300.0_v3" 201 - "PUT http://172.18.0.2:8080/v1/AUTH_3f7aaf69da22429aaa2b35b7eb8b6cfb/gnocchi.47e20719-a5ce-41e2-bad2-69c8fddfb34d/1764720000.0_mean_300.0_v3" "tx870cb133cc6942aa8cfbd-00692feb8e" "proxy-server 20" 0.0166 "-" 22 0
Dec 3 07:49:34 standalone proxy-server[130028]: 172.18.0.2 172.18.0.100 03/Dec/2025/07/49/34 PUT /v1/AUTH_3f7aaf69da22429aaa2b35b7eb8b6cfb/gnocchi.47e20719-a5ce-41e2-bad2-69c8fddfb34d/1764720000.0_mean_300.0_v3 HTTP/1.0 201 - python-swiftclient-3.11.1 gAAAAABpL-sLW2Eo... 16 - - tx870cb133cc6942aa8cfbd-00692feb8e - 0.0236 - - 1764748174.262721777 1764748174.286355019 0
Dec 3 07:49:34 standalone container-server[127927]: 172.20.0.100 - - [03/Dec/2025:07:49:34 +0000] "PUT /d1/1022/AUTH_3f7aaf69da22429aaa2b35b7eb8b6cfb/gnocchi.47e20719-a5ce-41e2-bad2-69c8fddfb34d/none_v3" 201 - "PUT http://172.18.0.2:8080/d1/569/AUTH_3f7aaf69da22429aaa2b35b7eb8b6cfb/gnocchi.47e20719-a5ce-41e2-bad2-69c8fddfb34d/none_v3" "tx9e78f28de0354867a74a1-00692feb8e" "object-server 22" 0.0006 "-" 17 0
Dec 3 07:49:34 standalone object-server[128001]: 172.20.0.100 - - [03/Dec/2025:07:49:34 +0000] "PUT /d1/569/AUTH_3f7aaf69da22429aaa2b35b7eb8b6cfb/gnocchi.47e20719-a5ce-41e2-bad2-69c8fddfb34d/none_v3" 201 - "PUT http://172.18.0.2:8080/v1/AUTH_3f7aaf69da22429aaa2b35b7eb8b6cfb/gnocchi.47e20719-a5ce-41e2-bad2-69c8fddfb34d/none_v3" "tx9e78f28de0354867a74a1-00692feb8e" "proxy-server 20" 0.0116 "-" 22 0
Dec 3 07:49:34 standalone proxy-server[130028]: 172.18.0.2 172.18.0.100 03/Dec/2025/07/49/34 PUT /v1/AUTH_3f7aaf69da22429aaa2b35b7eb8b6cfb/gnocchi.47e20719-a5ce-41e2-bad2-69c8fddfb34d/none_v3 HTTP/1.0 201 - python-swiftclient-3.11.1 gAAAAABpL-sLW2Eo... 22 - - tx9e78f28de0354867a74a1-00692feb8e - 0.0183 - - 1764748174.290712833 1764748174.309004545 0
Dec 3 07:49:34 standalone object-server[128004]: 172.20.0.100 - - [03/Dec/2025:07:49:34 +0000] "GET /d1/80/AUTH_3f7aaf69da22429aaa2b35b7eb8b6cfb/gnocchi.d11e5ab2-e708-4265-ab85-4453669b94f5/none_v3" 200 33 "GET http://172.18.0.2:8080/v1/AUTH_3f7aaf69da22429aaa2b35b7eb8b6cfb/gnocchi.d11e5ab2-e708-4265-ab85-4453669b94f5/none_v3" "tx7c4e9d39452a488eb3839-00692feb8e" "proxy-server 20" 0.0006 "-" 24 0
Dec 3 07:49:34 standalone proxy-server[130028]: 172.18.0.2 172.18.0.100 03/Dec/2025/07/49/34 GET /v1/AUTH_3f7aaf69da22429aaa2b35b7eb8b6cfb/gnocchi.d11e5ab2-e708-4265-ab85-4453669b94f5/none_v3 HTTP/1.0 200 - python-swiftclient-3.11.1 gAAAAABpL-sLW2Eo... - 33 - tx7c4e9d39452a488eb3839-00692feb8e - 0.0102 - - 1764748174.469402313 1764748174.479650736 0
Dec 3 07:49:34 standalone container-server[127927]: 172.20.0.100 - - [03/Dec/2025:07:49:34 +0000] "GET /d1/665/AUTH_3f7aaf69da22429aaa2b35b7eb8b6cfb/gnocchi.d11e5ab2-e708-4265-ab85-4453669b94f5" 200 357 "GET http://172.18.0.2:8080/v1/AUTH_3f7aaf69da22429aaa2b35b7eb8b6cfb/gnocchi.d11e5ab2-e708-4265-ab85-4453669b94f5?format=json&states=listing" "tx49af087fb8994a11b964d-00692feb8e" "proxy-server 20" 0.0019 "-" 17 0
Dec 3 07:49:34 standalone proxy-server[130028]: 172.18.0.2 172.18.0.100 03/Dec/2025/07/49/34 GET /v1/AUTH_3f7aaf69da22429aaa2b35b7eb8b6cfb/gnocchi.d11e5ab2-e708-4265-ab85-4453669b94f5%3Fformat%3Djson%26states%3Dlisting HTTP/1.0 200 - python-swiftclient-3.11.1 gAAAAABpL-sLW2Eo... - 357 - tx49af087fb8994a11b964d-00692feb8e - 0.0067 - - 1764748174.485927343 1764748174.492653131 0
Dec 3 07:49:34 standalone container-server[127913]: 172.20.0.100 - - [03/Dec/2025:07:49:34 +0000] "GET /d1/665/AUTH_3f7aaf69da22429aaa2b35b7eb8b6cfb/gnocchi.d11e5ab2-e708-4265-ab85-4453669b94f5" 200 2 "GET http://172.18.0.2:8080/v1/AUTH_3f7aaf69da22429aaa2b35b7eb8b6cfb/gnocchi.d11e5ab2-e708-4265-ab85-4453669b94f5?format=json&marker=none_v3&states=listing" "tx1eeffc5d38464137a54d3-00692feb8e" "proxy-server 20" 0.0039 "-" 14 0
Dec 3 07:49:34 standalone proxy-server[130028]: 172.18.0.2 172.18.0.100 03/Dec/2025/07/49/34 GET /v1/AUTH_3f7aaf69da22429aaa2b35b7eb8b6cfb/gnocchi.d11e5ab2-e708-4265-ab85-4453669b94f5%3Fformat%3Djson%26marker%3Dnone_v3%26states%3Dlisting HTTP/1.0 200 - python-swiftclient-3.11.1 gAAAAABpL-sLW2Eo... - 2 - tx1eeffc5d38464137a54d3-00692feb8e - 0.0094 - - 1764748174.499928236 1764748174.509338617 0
Dec 3 07:49:34 standalone object-server[128004]: 172.20.0.100 - - [03/Dec/2025:07:49:34 +0000] "GET /d1/710/AUTH_3f7aaf69da22429aaa2b35b7eb8b6cfb/gnocchi.d11e5ab2-e708-4265-ab85-4453669b94f5/1764720000.0_mean_300.0_v3" 200 16 "GET http://172.18.0.2:8080/v1/AUTH_3f7aaf69da22429aaa2b35b7eb8b6cfb/gnocchi.d11e5ab2-e708-4265-ab85-4453669b94f5/1764720000.0_mean_300.0_v3" "txc7e61069d03f40cd9347d-00692feb8e" "proxy-server 20" 0.0017 "-" 24 0
Dec 3 07:49:34 standalone proxy-server[130028]: 172.18.0.2 172.18.0.100 03/Dec/2025/07/49/34 GET /v1/AUTH_3f7aaf69da22429aaa2b35b7eb8b6cfb/gnocchi.d11e5ab2-e708-4265-ab85-4453669b94f5/1764720000.0_mean_300.0_v3 HTTP/1.0 200 - python-swiftclient-3.11.1 gAAAAABpL-sLW2Eo... - 16 - txc7e61069d03f40cd9347d-00692feb8e - 0.0073 - - 1764748174.517271996 1764748174.524612427 0
Dec 3 07:49:34 standalone container-server[127927]: 172.20.0.100 - - [03/Dec/2025:07:49:34 +0000] "PUT /d1/665/AUTH_3f7aaf69da22429aaa2b35b7eb8b6cfb/gnocchi.d11e5ab2-e708-4265-ab85-4453669b94f5/1764720000.0_mean_300.0_v3" 201 - "PUT http://172.18.0.2:8080/d1/710/AUTH_3f7aaf69da22429aaa2b35b7eb8b6cfb/gnocchi.d11e5ab2-e708-4265-ab85-4453669b94f5/1764720000.0_mean_300.0_v3" "tx8ae12dfb44f74abc9aed0-00692feb8e" "object-server 25" 0.0007 "-" 17 0
Dec 3 07:49:34 standalone object-server[128006]: 172.20.0.100 - - [03/Dec/2025:07:49:34 +0000] "PUT /d1/710/AUTH_3f7aaf69da22429aaa2b35b7eb8b6cfb/gnocchi.d11e5ab2-e708-4265-ab85-4453669b94f5/1764720000.0_mean_300.0_v3" 201 - "PUT http://172.18.0.2:8080/v1/AUTH_3f7aaf69da22429aaa2b35b7eb8b6cfb/gnocchi.d11e5ab2-e708-4265-ab85-4453669b94f5/1764720000.0_mean_300.0_v3" "tx8ae12dfb44f74abc9aed0-00692feb8e" "proxy-server 20" 0.0105 "-" 25 0
Dec 3 07:49:34 standalone proxy-server[130028]: 172.18.0.2 172.18.0.100 03/Dec/2025/07/49/34 PUT /v1/AUTH_3f7aaf69da22429aaa2b35b7eb8b6cfb/gnocchi.d11e5ab2-e708-4265-ab85-4453669b94f5/1764720000.0_mean_300.0_v3 HTTP/1.0 201 - python-swiftclient-3.11.1 gAAAAABpL-sLW2Eo... 16 - - tx8ae12dfb44f74abc9aed0-00692feb8e - 0.0147 - - 1764748174.528745651 1764748174.543421745 0
Dec 3 07:49:34 standalone container-server[127913]: 172.20.0.100 - - [03/Dec/2025:07:49:34 +0000] "PUT /d1/665/AUTH_3f7aaf69da22429aaa2b35b7eb8b6cfb/gnocchi.d11e5ab2-e708-4265-ab85-4453669b94f5/none_v3" 201 - "PUT http://172.18.0.2:8080/d1/80/AUTH_3f7aaf69da22429aaa2b35b7eb8b6cfb/gnocchi.d11e5ab2-e708-4265-ab85-4453669b94f5/none_v3" "txa957b17ba7ff45e6bf538-00692feb8e" "object-server 22" 0.0006 "-" 14 0
Dec 3 07:49:34 standalone object-server[128001]: 172.20.0.100 - - [03/Dec/2025:07:49:34 +0000] "PUT /d1/80/AUTH_3f7aaf69da22429aaa2b35b7eb8b6cfb/gnocchi.d11e5ab2-e708-4265-ab85-4453669b94f5/none_v3" 201 - "PUT http://172.18.0.2:8080/v1/AUTH_3f7aaf69da22429aaa2b35b7eb8b6cfb/gnocchi.d11e5ab2-e708-4265-ab85-4453669b94f5/none_v3" "txa957b17ba7ff45e6bf538-00692feb8e" "proxy-server 20" 0.0159 "-" 22 0
Dec 3 07:49:34 standalone proxy-server[130028]: 172.18.0.2 172.18.0.100 03/Dec/2025/07/49/34 PUT /v1/AUTH_3f7aaf69da22429aaa2b35b7eb8b6cfb/gnocchi.d11e5ab2-e708-4265-ab85-4453669b94f5/none_v3 HTTP/1.0 201 - python-swiftclient-3.11.1 gAAAAABpL-sLW2Eo... 48 - - txa957b17ba7ff45e6bf538-00692feb8e - 0.0208 - - 1764748174.546812057 1764748174.567606688 0
Dec 3 07:49:34 standalone object-server[128006]: 172.20.0.100 - - [03/Dec/2025:07:49:34 +0000] "GET /d1/108/AUTH_3f7aaf69da22429aaa2b35b7eb8b6cfb/gnocchi.23cbd108-ca3a-4d8d-9a03-34df7e8a7e01/none_v3" 200 33 "GET http://172.18.0.2:8080/v1/AUTH_3f7aaf69da22429aaa2b35b7eb8b6cfb/gnocchi.23cbd108-ca3a-4d8d-9a03-34df7e8a7e01/none_v3" "txceae789757924a0cab481-00692feb8e" "proxy-server 20" 0.0006 "-" 25 0
Dec 3 07:49:34 standalone proxy-server[130028]: 172.18.0.2 172.18.0.100 03/Dec/2025/07/49/34 GET /v1/AUTH_3f7aaf69da22429aaa2b35b7eb8b6cfb/gnocchi.23cbd108-ca3a-4d8d-9a03-34df7e8a7e01/none_v3 HTTP/1.0 200 - python-swiftclient-3.11.1 gAAAAABpL-sLW2Eo... - 33 - txceae789757924a0cab481-00692feb8e - 0.0043 - - 1764748174.576814175 1764748174.581143856 0
Dec 3 07:49:34 standalone container-server[127913]: 172.20.0.100 - - [03/Dec/2025:07:49:34 +0000] "GET /d1/583/AUTH_3f7aaf69da22429aaa2b35b7eb8b6cfb/gnocchi.23cbd108-ca3a-4d8d-9a03-34df7e8a7e01" 200 357 "GET http://172.18.0.2:8080/v1/AUTH_3f7aaf69da22429aaa2b35b7eb8b6cfb/gnocchi.23cbd108-ca3a-4d8d-9a03-34df7e8a7e01?format=json&states=listing" "tx6e1434afec0641949f683-00692feb8e" "proxy-server 20" 0.0026 "-" 14 0
Dec 3 07:49:34 standalone proxy-server[130028]: 172.18.0.2 172.18.0.100 03/Dec/2025/07/49/34 GET /v1/AUTH_3f7aaf69da22429aaa2b35b7eb8b6cfb/gnocchi.23cbd108-ca3a-4d8d-9a03-34df7e8a7e01%3Fformat%3Djson%26states%3Dlisting HTTP/1.0 200 - python-swiftclient-3.11.1 gAAAAABpL-sLW2Eo... - 357 - tx6e1434afec0641949f683-00692feb8e - 0.0069 - - 1764748174.583768129 1764748174.590662479 0
Dec 3 07:49:34 standalone container-server[127924]: 172.20.0.100 - - [03/Dec/2025:07:49:34 +0000] "GET /d1/583/AUTH_3f7aaf69da22429aaa2b35b7eb8b6cfb/gnocchi.23cbd108-ca3a-4d8d-9a03-34df7e8a7e01" 200 2 "GET http://172.18.0.2:8080/v1/AUTH_3f7aaf69da22429aaa2b35b7eb8b6cfb/gnocchi.23cbd108-ca3a-4d8d-9a03-34df7e8a7e01?format=json&marker=none_v3&states=listing" "txac44a9473c7047f49be6c-00692feb8e" "proxy-server 20" 0.0023 "-" 16 0
Dec 3 07:49:34 standalone proxy-server[130028]: 172.18.0.2 172.18.0.100 03/Dec/2025/07/49/34 GET /v1/AUTH_3f7aaf69da22429aaa2b35b7eb8b6cfb/gnocchi.23cbd108-ca3a-4d8d-9a03-34df7e8a7e01%3Fformat%3Djson%26marker%3Dnone_v3%26states%3Dlisting HTTP/1.0 200 - python-swiftclient-3.11.1 gAAAAABpL-sLW2Eo... - 2 - txac44a9473c7047f49be6c-00692feb8e - 0.0066 - - 1764748174.592792273 1764748174.599384785 0
Dec 3 07:49:34 standalone object-server[128003]: 172.20.0.100 - - [03/Dec/2025:07:49:34 +0000] "GET /d1/650/AUTH_3f7aaf69da22429aaa2b35b7eb8b6cfb/gnocchi.23cbd108-ca3a-4d8d-9a03-34df7e8a7e01/1764720000.0_mean_300.0_v3" 200 16 "GET http://172.18.0.2:8080/v1/AUTH_3f7aaf69da22429aaa2b35b7eb8b6cfb/gnocchi.23cbd108-ca3a-4d8d-9a03-34df7e8a7e01/1764720000.0_mean_300.0_v3" "tx49e9517cfe8f4532867e7-00692feb8e" "proxy-server 20" 0.0008 "-" 23 0
Dec 3 07:49:34 standalone proxy-server[130028]: 172.18.0.2 172.18.0.100 03/Dec/2025/07/49/34 GET /v1/AUTH_3f7aaf69da22429aaa2b35b7eb8b6cfb/gnocchi.23cbd108-ca3a-4d8d-9a03-34df7e8a7e01/1764720000.0_mean_300.0_v3 HTTP/1.0 200 - python-swiftclient-3.11.1 gAAAAABpL-sLW2Eo... - 16 - tx49e9517cfe8f4532867e7-00692feb8e - 0.0050 - - 1764748174.602493763 1764748174.607500076 0
Dec 3 07:49:34 standalone container-server[127913]: 172.20.0.100 - - [03/Dec/2025:07:49:34 +0000] "PUT /d1/583/AUTH_3f7aaf69da22429aaa2b35b7eb8b6cfb/gnocchi.23cbd108-ca3a-4d8d-9a03-34df7e8a7e01/1764720000.0_mean_300.0_v3" 201 - "PUT http://172.18.0.2:8080/d1/650/AUTH_3f7aaf69da22429aaa2b35b7eb8b6cfb/gnocchi.23cbd108-ca3a-4d8d-9a03-34df7e8a7e01/1764720000.0_mean_300.0_v3" "tx4a617cdde24a4066adec1-00692feb8e" "object-server 23" 0.0006 "-" 14 0
Dec 3 07:49:34 standalone object-server[128003]: 172.20.0.100 - - [03/Dec/2025:07:49:34 +0000] "PUT /d1/650/AUTH_3f7aaf69da22429aaa2b35b7eb8b6cfb/gnocchi.23cbd108-ca3a-4d8d-9a03-34df7e8a7e01/1764720000.0_mean_300.0_v3" 201 - "PUT http://172.18.0.2:8080/v1/AUTH_3f7aaf69da22429aaa2b35b7eb8b6cfb/gnocchi.23cbd108-ca3a-4d8d-9a03-34df7e8a7e01/1764720000.0_mean_300.0_v3" "tx4a617cdde24a4066adec1-00692feb8e" "proxy-server 20" 0.0089 "-" 23 0
Dec 3 07:49:34 standalone proxy-server[130028]: 172.18.0.2 172.18.0.100 03/Dec/2025/07/49/34 PUT /v1/AUTH_3f7aaf69da22429aaa2b35b7eb8b6cfb/gnocchi.23cbd108-ca3a-4d8d-9a03-34df7e8a7e01/1764720000.0_mean_300.0_v3 HTTP/1.0 201 - python-swiftclient-3.11.1 gAAAAABpL-sLW2Eo... 16 - - tx4a617cdde24a4066adec1-00692feb8e - 0.0128 - - 1764748174.610003233 1764748174.622813225 0
Dec 3 07:49:34 standalone container-server[127924]: 172.20.0.100 - - [03/Dec/2025:07:49:34 +0000] "PUT /d1/583/AUTH_3f7aaf69da22429aaa2b35b7eb8b6cfb/gnocchi.23cbd108-ca3a-4d8d-9a03-34df7e8a7e01/none_v3" 201 - "PUT http://172.18.0.2:8080/d1/108/AUTH_3f7aaf69da22429aaa2b35b7eb8b6cfb/gnocchi.23cbd108-ca3a-4d8d-9a03-34df7e8a7e01/none_v3" "tx1df323a61cc64d7aa8480-00692feb8e" "object-server 23" 0.0007 "-" 16 0
Dec 3 07:49:34 standalone object-server[128003]: 172.20.0.100 - - [03/Dec/2025:07:49:34 +0000] "PUT /d1/108/AUTH_3f7aaf69da22429aaa2b35b7eb8b6cfb/gnocchi.23cbd108-ca3a-4d8d-9a03-34df7e8a7e01/none_v3" 201 - "PUT http://172.18.0.2:8080/v1/AUTH_3f7aaf69da22429aaa2b35b7eb8b6cfb/gnocchi.23cbd108-ca3a-4d8d-9a03-34df7e8a7e01/none_v3" "tx1df323a61cc64d7aa8480-00692feb8e" "proxy-server 20" 0.0117 "-" 23 0
Dec 3 07:49:34 standalone proxy-server[130028]: 172.18.0.2 172.18.0.100 03/Dec/2025/07/49/34 PUT /v1/AUTH_3f7aaf69da22429aaa2b35b7eb8b6cfb/gnocchi.23cbd108-ca3a-4d8d-9a03-34df7e8a7e01/none_v3 HTTP/1.0 201 - python-swiftclient-3.11.1 gAAAAABpL-sLW2Eo... 48 - - tx1df323a61cc64d7aa8480-00692feb8e - 0.0157 - - 1764748174.625326872 1764748174.641055822 0
Dec 3 07:49:36 standalone object-server[128003]: 172.20.0.100 - - [03/Dec/2025:07:49:36 +0000] "GET /d1/569/AUTH_3f7aaf69da22429aaa2b35b7eb8b6cfb/gnocchi.47e20719-a5ce-41e2-bad2-69c8fddfb34d/none_v3" 200 22 "GET http://172.18.0.2:8080/v1/AUTH_3f7aaf69da22429aaa2b35b7eb8b6cfb/gnocchi.47e20719-a5ce-41e2-bad2-69c8fddfb34d/none_v3" "txef3cf34b4b8147299c189-00692feb90" "proxy-server 20" 0.0014 "-" 23 0
Dec 3 07:49:36 standalone proxy-server[130028]: 172.18.0.2 172.18.0.100 03/Dec/2025/07/49/36 GET /v1/AUTH_3f7aaf69da22429aaa2b35b7eb8b6cfb/gnocchi.47e20719-a5ce-41e2-bad2-69c8fddfb34d/none_v3 HTTP/1.0 200 - python-swiftclient-3.11.1 gAAAAABpL-sLW2Eo... - 22 - txef3cf34b4b8147299c189-00692feb90 - 0.0090 - - 1764748176.197835207 1764748176.206820011 0
Dec 3 07:49:36 standalone container-server[127913]: 172.20.0.100 - - [03/Dec/2025:07:49:36 +0000] "GET /d1/1022/AUTH_3f7aaf69da22429aaa2b35b7eb8b6cfb/gnocchi.47e20719-a5ce-41e2-bad2-69c8fddfb34d" 200 357 "GET http://172.18.0.2:8080/v1/AUTH_3f7aaf69da22429aaa2b35b7eb8b6cfb/gnocchi.47e20719-a5ce-41e2-bad2-69c8fddfb34d?format=json&states=listing" "tx5a96858fe6da4b9a801a2-00692feb90" "proxy-server 20" 0.0070 "-" 14 0
Dec 3 07:49:36 standalone proxy-server[130028]: 172.18.0.2 172.18.0.100 03/Dec/2025/07/49/36 GET /v1/AUTH_3f7aaf69da22429aaa2b35b7eb8b6cfb/gnocchi.47e20719-a5ce-41e2-bad2-69c8fddfb34d%3Fformat%3Djson%26states%3Dlisting HTTP/1.0 200 - python-swiftclient-3.11.1 gAAAAABpL-sLW2Eo... - 357 - tx5a96858fe6da4b9a801a2-00692feb90 - 0.0117 - - 1764748176.210431337 1764748176.222103119 0
Dec 3 07:49:36 standalone container-server[127927]: 172.20.0.100 - - [03/Dec/2025:07:49:36 +0000] "GET /d1/1022/AUTH_3f7aaf69da22429aaa2b35b7eb8b6cfb/gnocchi.47e20719-a5ce-41e2-bad2-69c8fddfb34d" 200 2 "GET http://172.18.0.2:8080/v1/AUTH_3f7aaf69da22429aaa2b35b7eb8b6cfb/gnocchi.47e20719-a5ce-41e2-bad2-69c8fddfb34d?format=json&marker=none_v3&states=listing" "tx71faeb2e048042ae97b1f-00692feb90" "proxy-server 20" 0.0023 "-" 17 0
Dec 3 07:49:36 standalone proxy-server[130028]: 172.18.0.2 172.18.0.100 03/Dec/2025/07/49/36 GET /v1/AUTH_3f7aaf69da22429aaa2b35b7eb8b6cfb/gnocchi.47e20719-a5ce-41e2-bad2-69c8fddfb34d%3Fformat%3Djson%26marker%3Dnone_v3%26states%3Dlisting HTTP/1.0 200 - python-swiftclient-3.11.1 gAAAAABpL-sLW2Eo... - 2 - tx71faeb2e048042ae97b1f-00692feb90 - 0.0063 - - 1764748176.224176884 1764748176.230501652 0
Dec 3 07:49:36 standalone object-server[128004]: 172.20.0.100 - - [03/Dec/2025:07:49:36 +0000] "GET /d1/750/AUTH_3f7aaf69da22429aaa2b35b7eb8b6cfb/gnocchi.47e20719-a5ce-41e2-bad2-69c8fddfb34d/1764720000.0_mean_300.0_v3" 200 16 "GET http://172.18.0.2:8080/v1/AUTH_3f7aaf69da22429aaa2b35b7eb8b6cfb/gnocchi.47e20719-a5ce-41e2-bad2-69c8fddfb34d/1764720000.0_mean_300.0_v3" "txfd036414bf6d44e685d51-00692feb90" "proxy-server 20" 0.0015 "-" 24 0
Dec 3 07:49:36 standalone proxy-server[130028]: 172.18.0.2 172.18.0.100 03/Dec/2025/07/49/36 GET /v1/AUTH_3f7aaf69da22429aaa2b35b7eb8b6cfb/gnocchi.47e20719-a5ce-41e2-bad2-69c8fddfb34d/1764720000.0_mean_300.0_v3 HTTP/1.0 200 - python-swiftclient-3.11.1 gAAAAABpL-sLW2Eo... - 16 - txfd036414bf6d44e685d51-00692feb90 - 0.0072 - - 1764748176.233988285 1764748176.241196394 0
Dec 3 07:49:36 standalone container-server[127913]: 172.20.0.100 - - [03/Dec/2025:07:49:36 +0000] "PUT /d1/1022/AUTH_3f7aaf69da22429aaa2b35b7eb8b6cfb/gnocchi.47e20719-a5ce-41e2-bad2-69c8fddfb34d/1764720000.0_mean_300.0_v3" 201 - "PUT http://172.18.0.2:8080/d1/750/AUTH_3f7aaf69da22429aaa2b35b7eb8b6cfb/gnocchi.47e20719-a5ce-41e2-bad2-69c8fddfb34d/1764720000.0_mean_300.0_v3" "tx3877957ad7c3478089fef-00692feb90" "object-server 22" 0.0005 "-" 14 0
Dec 3 07:49:36 standalone object-server[128001]: 172.20.0.100 - - [03/Dec/2025:07:49:36 +0000] "PUT /d1/750/AUTH_3f7aaf69da22429aaa2b35b7eb8b6cfb/gnocchi.47e20719-a5ce-41e2-bad2-69c8fddfb34d/1764720000.0_mean_300.0_v3" 201 - "PUT http://172.18.0.2:8080/v1/AUTH_3f7aaf69da22429aaa2b35b7eb8b6cfb/gnocchi.47e20719-a5ce-41e2-bad2-69c8fddfb34d/1764720000.0_mean_300.0_v3" "tx3877957ad7c3478089fef-00692feb90" "proxy-server 20" 0.0085 "-" 22 0
Dec 3 07:49:36 standalone proxy-server[130028]: 172.18.0.2 172.18.0.100 03/Dec/2025/07/49/36 PUT /v1/AUTH_3f7aaf69da22429aaa2b35b7eb8b6cfb/gnocchi.47e20719-a5ce-41e2-bad2-69c8fddfb34d/1764720000.0_mean_300.0_v3 HTTP/1.0 201 - python-swiftclient-3.11.1 gAAAAABpL-sLW2Eo... 16 - - tx3877957ad7c3478089fef-00692feb90 - 0.0141 - - 1764748176.243697166 1764748176.257768154 0
Dec 3 07:49:36 standalone container-server[127919]: 172.20.0.100 - - [03/Dec/2025:07:49:36 +0000] "PUT /d1/1022/AUTH_3f7aaf69da22429aaa2b35b7eb8b6cfb/gnocchi.47e20719-a5ce-41e2-bad2-69c8fddfb34d/none_v3" 201 - "PUT http://172.18.0.2:8080/d1/569/AUTH_3f7aaf69da22429aaa2b35b7eb8b6cfb/gnocchi.47e20719-a5ce-41e2-bad2-69c8fddfb34d/none_v3" "tx17fdef438c3a4ca68c067-00692feb90" "object-server 22" 0.0014 "-" 15 0
Dec 3 07:49:36 standalone object-server[128001]: 172.20.0.100 - - [03/Dec/2025:07:49:36 +0000] "PUT /d1/569/AUTH_3f7aaf69da22429aaa2b35b7eb8b6cfb/gnocchi.47e20719-a5ce-41e2-bad2-69c8fddfb34d/none_v3" 201 - "PUT http://172.18.0.2:8080/v1/AUTH_3f7aaf69da22429aaa2b35b7eb8b6cfb/gnocchi.47e20719-a5ce-41e2-bad2-69c8fddfb34d/none_v3" "tx17fdef438c3a4ca68c067-00692feb90" "proxy-server 20" 0.0089 "-" 22 0
Dec 3 07:49:36 standalone proxy-server[130028]: 172.18.0.2 172.18.0.100 03/Dec/2025/07/49/36 PUT /v1/AUTH_3f7aaf69da22429aaa2b35b7eb8b6cfb/gnocchi.47e20719-a5ce-41e2-bad2-69c8fddfb34d/none_v3 HTTP/1.0 201 - python-swiftclient-3.11.1 gAAAAABpL-sLW2Eo... 31 - - tx17fdef438c3a4ca68c067-00692feb90 - 0.0126 - - 1764748176.259793997 1764748176.272393703 0
Dec 3 07:49:44 standalone object-server[128004]: 172.20.0.100 - - [03/Dec/2025:07:49:44 +0000] "GET /d1/569/AUTH_3f7aaf69da22429aaa2b35b7eb8b6cfb/gnocchi.47e20719-a5ce-41e2-bad2-69c8fddfb34d/none_v3" 200 31 "GET http://172.18.0.2:8080/v1/AUTH_3f7aaf69da22429aaa2b35b7eb8b6cfb/gnocchi.47e20719-a5ce-41e2-bad2-69c8fddfb34d/none_v3" "tx4e9de711ddc74454a6d17-00692feb98" "proxy-server 20" 0.0011 "-" 24 0
Dec 3 07:49:44 standalone proxy-server[130028]: 172.18.0.2 172.18.0.100 03/Dec/2025/07/49/44 GET /v1/AUTH_3f7aaf69da22429aaa2b35b7eb8b6cfb/gnocchi.47e20719-a5ce-41e2-bad2-69c8fddfb34d/none_v3 HTTP/1.0 200 - python-swiftclient-3.11.1 gAAAAABpL-sLW2Eo... - 31 - tx4e9de711ddc74454a6d17-00692feb98 - 0.0095 - - 1764748184.309732676 1764748184.319215059 0
Dec 3 07:49:44 standalone container-server[127913]: 172.20.0.100 - - [03/Dec/2025:07:49:44 +0000] "GET /d1/1022/AUTH_3f7aaf69da22429aaa2b35b7eb8b6cfb/gnocchi.47e20719-a5ce-41e2-bad2-69c8fddfb34d" 200 357 "GET http://172.18.0.2:8080/v1/AUTH_3f7aaf69da22429aaa2b35b7eb8b6cfb/gnocchi.47e20719-a5ce-41e2-bad2-69c8fddfb34d?format=json&states=listing" "tx049b6d45d05540828d986-00692feb98" "proxy-server 20" 0.0087 "-" 14 0
Dec 3 07:49:44 standalone proxy-server[130028]: 172.18.0.2 172.18.0.100 03/Dec/2025/07/49/44 GET /v1/AUTH_3f7aaf69da22429aaa2b35b7eb8b6cfb/gnocchi.47e20719-a5ce-41e2-bad2-69c8fddfb34d%3Fformat%3Djson%26states%3Dlisting HTTP/1.0 200 - python-swiftclient-3.11.1 gAAAAABpL-sLW2Eo... - 357 - tx049b6d45d05540828d986-00692feb98 - 0.0194 - - 1764748184.323540449 1764748184.342943430 0
Dec 3 07:49:44 standalone container-server[127927]: 172.20.0.100 - - [03/Dec/2025:07:49:44 +0000] "GET /d1/1022/AUTH_3f7aaf69da22429aaa2b35b7eb8b6cfb/gnocchi.47e20719-a5ce-41e2-bad2-69c8fddfb34d" 200 2 "GET http://172.18.0.2:8080/v1/AUTH_3f7aaf69da22429aaa2b35b7eb8b6cfb/gnocchi.47e20719-a5ce-41e2-bad2-69c8fddfb34d?format=json&marker=none_v3&states=listing" "txe7089c80fbc34d87a01e1-00692feb98" "proxy-server 20" 0.0025 "-" 17 0
Dec 3 07:49:44 standalone proxy-server[130028]: 172.18.0.2 172.18.0.100 03/Dec/2025/07/49/44 GET /v1/AUTH_3f7aaf69da22429aaa2b35b7eb8b6cfb/gnocchi.47e20719-a5ce-41e2-bad2-69c8fddfb34d%3Fformat%3Djson%26marker%3Dnone_v3%26states%3Dlisting HTTP/1.0 200 - python-swiftclient-3.11.1 gAAAAABpL-sLW2Eo... - 2 - txe7089c80fbc34d87a01e1-00692feb98 - 0.0077 - - 1764748184.346149206 1764748184.353851318 0
Dec 3 07:49:44 standalone object-server[128004]: 172.20.0.100 - - [03/Dec/2025:07:49:44 +0000] "GET /d1/750/AUTH_3f7aaf69da22429aaa2b35b7eb8b6cfb/gnocchi.47e20719-a5ce-41e2-bad2-69c8fddfb34d/1764720000.0_mean_300.0_v3" 200 16 "GET http://172.18.0.2:8080/v1/AUTH_3f7aaf69da22429aaa2b35b7eb8b6cfb/gnocchi.47e20719-a5ce-41e2-bad2-69c8fddfb34d/1764720000.0_mean_300.0_v3" "txd9ffed3af31f4de389619-00692feb98" "proxy-server 20" 0.0007 "-" 24 0
Dec 3 07:49:44 standalone proxy-server[130028]: 172.18.0.2 172.18.0.100 03/Dec/2025/07/49/44 GET /v1/AUTH_3f7aaf69da22429aaa2b35b7eb8b6cfb/gnocchi.47e20719-a5ce-41e2-bad2-69c8fddfb34d/1764720000.0_mean_300.0_v3 HTTP/1.0 200 - python-swiftclient-3.11.1 gAAAAABpL-sLW2Eo... - 16 - txd9ffed3af31f4de389619-00692feb98 - 0.0045 - - 1764748184.358620882 1764748184.363105059 0
Dec 3 07:49:44 standalone container-server[127913]: 172.20.0.100 - - [03/Dec/2025:07:49:44 +0000] "PUT /d1/1022/AUTH_3f7aaf69da22429aaa2b35b7eb8b6cfb/gnocchi.47e20719-a5ce-41e2-bad2-69c8fddfb34d/1764720000.0_mean_300.0_v3" 201 - "PUT http://172.18.0.2:8080/d1/750/AUTH_3f7aaf69da22429aaa2b35b7eb8b6cfb/gnocchi.47e20719-a5ce-41e2-bad2-69c8fddfb34d/1764720000.0_mean_300.0_v3" "txd4e5a48d8a994f3e93c3a-00692feb98" "object-server 22" 0.0009 "-" 14 0
Dec 3 07:49:44 standalone object-server[128001]: 172.20.0.100 - - [03/Dec/2025:07:49:44 +0000] "PUT /d1/750/AUTH_3f7aaf69da22429aaa2b35b7eb8b6cfb/gnocchi.47e20719-a5ce-41e2-bad2-69c8fddfb34d/1764720000.0_mean_300.0_v3" 201 - "PUT http://172.18.0.2:8080/v1/AUTH_3f7aaf69da22429aaa2b35b7eb8b6cfb/gnocchi.47e20719-a5ce-41e2-bad2-69c8fddfb34d/1764720000.0_mean_300.0_v3" "txd4e5a48d8a994f3e93c3a-00692feb98" "proxy-server 20" 0.0228 "-" 22 0
Dec 3 07:49:44 standalone proxy-server[130028]: 172.18.0.2 172.18.0.100 03/Dec/2025/07/49/44 PUT /v1/AUTH_3f7aaf69da22429aaa2b35b7eb8b6cfb/gnocchi.47e20719-a5ce-41e2-bad2-69c8fddfb34d/1764720000.0_mean_300.0_v3 HTTP/1.0 201 - python-swiftclient-3.11.1 gAAAAABpL-sLW2Eo... 16 - - txd4e5a48d8a994f3e93c3a-00692feb98 - 0.0269 - - 1764748184.367814302 1764748184.394728899 0
Dec 3 07:49:44 standalone container-server[127927]: 172.20.0.100 - - [03/Dec/2025:07:49:44 +0000] "PUT /d1/1022/AUTH_3f7aaf69da22429aaa2b35b7eb8b6cfb/gnocchi.47e20719-a5ce-41e2-bad2-69c8fddfb34d/none_v3" 201 - "PUT http://172.18.0.2:8080/d1/569/AUTH_3f7aaf69da22429aaa2b35b7eb8b6cfb/gnocchi.47e20719-a5ce-41e2-bad2-69c8fddfb34d/none_v3" "tx690a3f13e2044841be2b0-00692feb98" "object-server 25" 0.0006 "-" 17 0
Dec 3 07:49:44 standalone object-server[128006]: 172.20.0.100 - - [03/Dec/2025:07:49:44 +0000] "PUT /d1/569/AUTH_3f7aaf69da22429aaa2b35b7eb8b6cfb/gnocchi.47e20719-a5ce-41e2-bad2-69c8fddfb34d/none_v3" 201 - "PUT http://172.18.0.2:8080/v1/AUTH_3f7aaf69da22429aaa2b35b7eb8b6cfb/gnocchi.47e20719-a5ce-41e2-bad2-69c8fddfb34d/none_v3" "tx690a3f13e2044841be2b0-00692feb98" "proxy-server 20" 0.0090 "-" 25 0
Dec 3 07:49:44 standalone proxy-server[130028]: 172.18.0.2 172.18.0.100 03/Dec/2025/07/49/44 PUT /v1/AUTH_3f7aaf69da22429aaa2b35b7eb8b6cfb/gnocchi.47e20719-a5ce-41e2-bad2-69c8fddfb34d/none_v3 HTTP/1.0 201 - python-swiftclient-3.11.1 gAAAAABpL-sLW2Eo... 46 - - tx690a3f13e2044841be2b0-00692feb98 - 0.0149 - - 1764748184.405774832 1764748184.420724630 0
Dec 3 07:49:45 standalone object-server[128003]: 172.20.0.100 - - [03/Dec/2025:07:49:45 +0000] "GET /d1/569/AUTH_3f7aaf69da22429aaa2b35b7eb8b6cfb/gnocchi.47e20719-a5ce-41e2-bad2-69c8fddfb34d/none_v3" 200 46 "GET http://172.18.0.2:8080/v1/AUTH_3f7aaf69da22429aaa2b35b7eb8b6cfb/gnocchi.47e20719-a5ce-41e2-bad2-69c8fddfb34d/none_v3" "tx85710bc17231429fa509a-00692feb99" "proxy-server 20" 0.0010 "-" 23 0
Dec 3 07:49:45 standalone proxy-server[130028]: 172.18.0.2 172.18.0.100 03/Dec/2025/07/49/45 GET /v1/AUTH_3f7aaf69da22429aaa2b35b7eb8b6cfb/gnocchi.47e20719-a5ce-41e2-bad2-69c8fddfb34d/none_v3 HTTP/1.0 200 - python-swiftclient-3.11.1 gAAAAABpL-sLW2Eo... - 46 - tx85710bc17231429fa509a-00692feb99 - 0.0166 - - 1764748185.039577961 1764748185.056206703 0
Dec 3 07:49:45 standalone container-server[127919]: 172.20.0.100 - - [03/Dec/2025:07:49:45 +0000] "GET /d1/1022/AUTH_3f7aaf69da22429aaa2b35b7eb8b6cfb/gnocchi.47e20719-a5ce-41e2-bad2-69c8fddfb34d" 200 357 "GET http://172.18.0.2:8080/v1/AUTH_3f7aaf69da22429aaa2b35b7eb8b6cfb/gnocchi.47e20719-a5ce-41e2-bad2-69c8fddfb34d?format=json&states=listing" "tx63cb1f900db54ff5a70cf-00692feb99" "proxy-server 20" 0.0065 "-" 15 0
Dec 3 07:49:45 standalone proxy-server[130028]: 172.18.0.2 172.18.0.100 03/Dec/2025/07/49/45 GET /v1/AUTH_3f7aaf69da22429aaa2b35b7eb8b6cfb/gnocchi.47e20719-a5ce-41e2-bad2-69c8fddfb34d%3Fformat%3Djson%26states%3Dlisting HTTP/1.0 200 - python-swiftclient-3.11.1 gAAAAABpL-sLW2Eo... - 357 - tx63cb1f900db54ff5a70cf-00692feb99 - 0.0145 - - 1764748185.062390566 1764748185.076853275 0
Dec 3 07:49:45 standalone container-server[127927]: 172.20.0.100 - - [03/Dec/2025:07:49:45 +0000] "GET /d1/1022/AUTH_3f7aaf69da22429aaa2b35b7eb8b6cfb/gnocchi.47e20719-a5ce-41e2-bad2-69c8fddfb34d" 200 2 "GET http://172.18.0.2:8080/v1/AUTH_3f7aaf69da22429aaa2b35b7eb8b6cfb/gnocchi.47e20719-a5ce-41e2-bad2-69c8fddfb34d?format=json&marker=none_v3&states=listing" "tx8b7ca8779fb349739e6bf-00692feb99" "proxy-server 20" 0.0019 "-" 17 0
Dec 3 07:49:45 standalone proxy-server[130028]: 172.18.0.2 172.18.0.100 03/Dec/2025/07/49/45 GET /v1/AUTH_3f7aaf69da22429aaa2b35b7eb8b6cfb/gnocchi.47e20719-a5ce-41e2-bad2-69c8fddfb34d%3Fformat%3Djson%26marker%3Dnone_v3%26states%3Dlisting HTTP/1.0 200 - python-swiftclient-3.11.1 gAAAAABpL-sLW2Eo... - 2 - tx8b7ca8779fb349739e6bf-00692feb99 - 0.0125 - - 1764748185.082678318 1764748185.095166683 0
Dec 3 07:49:45 standalone object-server[128001]: 172.20.0.100 - - [03/Dec/2025:07:49:45 +0000] "GET /d1/750/AUTH_3f7aaf69da22429aaa2b35b7eb8b6cfb/gnocchi.47e20719-a5ce-41e2-bad2-69c8fddfb34d/1764720000.0_mean_300.0_v3" 200 16 "GET http://172.18.0.2:8080/v1/AUTH_3f7aaf69da22429aaa2b35b7eb8b6cfb/gnocchi.47e20719-a5ce-41e2-bad2-69c8fddfb34d/1764720000.0_mean_300.0_v3" "tx5afab560877b4fa68b0c3-00692feb99" "proxy-server 20" 0.0009 "-" 22 0
Dec 3 07:49:45 standalone proxy-server[130028]: 172.18.0.2 172.18.0.100 03/Dec/2025/07/49/45 GET /v1/AUTH_3f7aaf69da22429aaa2b35b7eb8b6cfb/gnocchi.47e20719-a5ce-41e2-bad2-69c8fddfb34d/1764720000.0_mean_300.0_v3 HTTP/1.0 200 - python-swiftclient-3.11.1 gAAAAABpL-sLW2Eo... - 16 - tx5afab560877b4fa68b0c3-00692feb99 - 0.0068 - - 1764748185.103363037 1764748185.110115767 0
Dec 3 07:49:45 standalone container-server[127919]: 172.20.0.100 - - [03/Dec/2025:07:49:45 +0000] "PUT /d1/1022/AUTH_3f7aaf69da22429aaa2b35b7eb8b6cfb/gnocchi.47e20719-a5ce-41e2-bad2-69c8fddfb34d/1764720000.0_mean_300.0_v3" 201 - "PUT http://172.18.0.2:8080/d1/750/AUTH_3f7aaf69da22429aaa2b35b7eb8b6cfb/gnocchi.47e20719-a5ce-41e2-bad2-69c8fddfb34d/1764720000.0_mean_300.0_v3" "tx61f75fed5bcd49179a15d-00692feb99" "object-server 22" 0.0005 "-" 15 0
Dec 3 07:49:45 standalone object-server[128001]: 172.20.0.100 - - [03/Dec/2025:07:49:45 +0000] "PUT /d1/750/AUTH_3f7aaf69da22429aaa2b35b7eb8b6cfb/gnocchi.47e20719-a5ce-41e2-bad2-69c8fddfb34d/1764720000.0_mean_300.0_v3" 201 - "PUT http://172.18.0.2:8080/v1/AUTH_3f7aaf69da22429aaa2b35b7eb8b6cfb/gnocchi.47e20719-a5ce-41e2-bad2-69c8fddfb34d/1764720000.0_mean_300.0_v3" "tx61f75fed5bcd49179a15d-00692feb99" "proxy-server 20" 0.0120 "-" 22 0
Dec 3 07:49:45 standalone proxy-server[130028]: 172.18.0.2 172.18.0.100 03/Dec/2025/07/49/45 PUT /v1/AUTH_3f7aaf69da22429aaa2b35b7eb8b6cfb/gnocchi.47e20719-a5ce-41e2-bad2-69c8fddfb34d/1764720000.0_mean_300.0_v3 HTTP/1.0 201 - python-swiftclient-3.11.1 gAAAAABpL-sLW2Eo... 16 - - tx61f75fed5bcd49179a15d-00692feb99 - 0.0178 - - 1764748185.113291502 1764748185.131132126 0
Dec 3 07:49:45 standalone container-server[127913]: 172.20.0.100 - - [03/Dec/2025:07:49:45 +0000] "PUT /d1/1022/AUTH_3f7aaf69da22429aaa2b35b7eb8b6cfb/gnocchi.47e20719-a5ce-41e2-bad2-69c8fddfb34d/none_v3" 201 - "PUT http://172.18.0.2:8080/d1/569/AUTH_3f7aaf69da22429aaa2b35b7eb8b6cfb/gnocchi.47e20719-a5ce-41e2-bad2-69c8fddfb34d/none_v3" "tx685de0a7d14440cfa2018-00692feb99" "object-server 22" 0.0005 "-" 14 0
Dec 3 07:49:45 standalone object-server[128001]: 172.20.0.100 - - [03/Dec/2025:07:49:45 +0000] "PUT /d1/569/AUTH_3f7aaf69da22429aaa2b35b7eb8b6cfb/gnocchi.47e20719-a5ce-41e2-bad2-69c8fddfb34d/none_v3" 201 - "PUT http://172.18.0.2:8080/v1/AUTH_3f7aaf69da22429aaa2b35b7eb8b6cfb/gnocchi.47e20719-a5ce-41e2-bad2-69c8fddfb34d/none_v3" "tx685de0a7d14440cfa2018-00692feb99" "proxy-server 20" 0.0108 "-" 22 0
Dec 3 07:49:45 standalone proxy-server[130028]: 172.18.0.2 172.18.0.100 03/Dec/2025/07/49/45 PUT /v1/AUTH_3f7aaf69da22429aaa2b35b7eb8b6cfb/gnocchi.47e20719-a5ce-41e2-bad2-69c8fddfb34d/none_v3 HTTP/1.0 201 - python-swiftclient-3.11.1 gAAAAABpL-sLW2Eo... 51 - - tx685de0a7d14440cfa2018-00692feb99 - 0.0174 - - 1764748185.135113478 1764748185.152482271 0
Dec 3 07:49:47 standalone container-server[127924]: 172.20.0.100 - - [03/Dec/2025:07:49:47 +0000] "HEAD /d1/463/AUTH_3f7aaf69da22429aaa2b35b7eb8b6cfb/gnocchi.e0c68e47-5c92-4662-bdc4-8e10260cdd37" 404 - "HEAD http://172.18.0.2:8080/v1/AUTH_3f7aaf69da22429aaa2b35b7eb8b6cfb/gnocchi.e0c68e47-5c92-4662-bdc4-8e10260cdd37?format=json&states=listing" "tx1b6ace390bac4918a4573-00692feb9b" "proxy-server 20" 0.0006 "-" 16 0
Dec 3 07:49:47 standalone object-server[128003]: 172.20.0.100 - - [03/Dec/2025:07:49:47 +0000] "GET /d1/967/AUTH_3f7aaf69da22429aaa2b35b7eb8b6cfb/gnocchi.e0c68e47-5c92-4662-bdc4-8e10260cdd37/none_v3" 404 70 "GET http://172.18.0.2:8080/v1/AUTH_3f7aaf69da22429aaa2b35b7eb8b6cfb/gnocchi.e0c68e47-5c92-4662-bdc4-8e10260cdd37/none_v3" "tx1b6ace390bac4918a4573-00692feb9b" "proxy-server 20" 0.0005 "-" 23 0
Dec 3 07:49:47 standalone proxy-server[130028]: 172.18.0.2 172.18.0.100 03/Dec/2025/07/49/47 GET /v1/AUTH_3f7aaf69da22429aaa2b35b7eb8b6cfb/gnocchi.e0c68e47-5c92-4662-bdc4-8e10260cdd37/none_v3 HTTP/1.0 404 - python-swiftclient-3.11.1 gAAAAABpL-sLW2Eo... - 70 - tx1b6ace390bac4918a4573-00692feb9b - 0.0088 - - 1764748187.924873114 1764748187.933682203 0
Dec 3 07:49:47 standalone account-server[127778]: 172.20.0.100 - - [03/Dec/2025:07:49:47 +0000] "PUT /d1/385/AUTH_3f7aaf69da22429aaa2b35b7eb8b6cfb/gnocchi.e0c68e47-5c92-4662-bdc4-8e10260cdd37" 201 - "PUT http://172.20.0.100:6001/d1/463/AUTH_3f7aaf69da22429aaa2b35b7eb8b6cfb/gnocchi.e0c68e47-5c92-4662-bdc4-8e10260cdd37" "tx2eed7932fb774b5f9bd1f-00692feb9b" "container-server 16" 0.0075 "-" 21 0
Dec 3 07:49:47 standalone container-server[127924]: 172.20.0.100 - - [03/Dec/2025:07:49:47 +0000] "PUT /d1/463/AUTH_3f7aaf69da22429aaa2b35b7eb8b6cfb/gnocchi.e0c68e47-5c92-4662-bdc4-8e10260cdd37" 201 - "PUT http://172.18.0.2:8080/v1/AUTH_3f7aaf69da22429aaa2b35b7eb8b6cfb/gnocchi.e0c68e47-5c92-4662-bdc4-8e10260cdd37" "tx2eed7932fb774b5f9bd1f-00692feb9b" "proxy-server 20" 0.0185 "-" 16 0
Dec 3 07:49:47 standalone proxy-server[130028]: 172.18.0.2 172.18.0.100 03/Dec/2025/07/49/47 PUT /v1/AUTH_3f7aaf69da22429aaa2b35b7eb8b6cfb/gnocchi.e0c68e47-5c92-4662-bdc4-8e10260cdd37 HTTP/1.0 201 - python-swiftclient-3.11.1 gAAAAABpL-sLW2Eo... - - - tx2eed7932fb774b5f9bd1f-00692feb9b - 0.0219 - - 1764748187.935848713 1764748187.957756758 0
Dec 3 07:49:47 standalone container-server[127919]: 172.20.0.100 - - [03/Dec/2025:07:49:47 +0000] "HEAD /d1/463/AUTH_3f7aaf69da22429aaa2b35b7eb8b6cfb/gnocchi.e0c68e47-5c92-4662-bdc4-8e10260cdd37" 204 - "HEAD http://172.18.0.2:8080/v1/AUTH_3f7aaf69da22429aaa2b35b7eb8b6cfb/gnocchi.e0c68e47-5c92-4662-bdc4-8e10260cdd37?format=json&states=listing" "tx61dace3e5eb644039075a-00692feb9b" "proxy-server 20" 0.0012 "-" 15 0
Dec 3 07:49:47 standalone proxy-server[130028]: - - 03/Dec/2025/07/49/47 HEAD /v1/AUTH_3f7aaf69da22429aaa2b35b7eb8b6cfb/gnocchi.e0c68e47-5c92-4662-bdc4-8e10260cdd37%3Fformat%3Djson%26states%3Dlisting HTTP/1.0 204 - Swift - - - - tx61dace3e5eb644039075a-00692feb9b - 0.0037 RL - 1764748187.961175203 1764748187.964887142 0
Dec 3 07:49:47 standalone container-server[127913]: 172.20.0.100 - - [03/Dec/2025:07:49:47 +0000] "GET /d1/463/AUTH_3f7aaf69da22429aaa2b35b7eb8b6cfb/gnocchi.e0c68e47-5c92-4662-bdc4-8e10260cdd37" 200 2 "GET http://172.18.0.2:8080/v1/AUTH_3f7aaf69da22429aaa2b35b7eb8b6cfb/gnocchi.e0c68e47-5c92-4662-bdc4-8e10260cdd37?format=json&states=listing" "tx61dace3e5eb644039075a-00692feb9b" "proxy-server 20" 0.0041 "-" 14 0
Dec 3 07:49:47 standalone proxy-server[130028]: 172.18.0.2 172.18.0.100 03/Dec/2025/07/49/47 GET /v1/AUTH_3f7aaf69da22429aaa2b35b7eb8b6cfb/gnocchi.e0c68e47-5c92-4662-bdc4-8e10260cdd37%3Fformat%3Djson%26states%3Dlisting HTTP/1.0 200 - python-swiftclient-3.11.1 gAAAAABpL-sLW2Eo... - 2 - tx61dace3e5eb644039075a-00692feb9b - 0.0141 - - 1764748187.960299492 1764748187.974434614 0
Dec 3 07:49:47 standalone object-server[128003]: 172.20.0.100 - - [03/Dec/2025:07:49:47 +0000] "GET /d1/667/AUTH_3f7aaf69da22429aaa2b35b7eb8b6cfb/gnocchi.e0c68e47-5c92-4662-bdc4-8e10260cdd37/1764720000.0_mean_300.0_v3" 404 70 "GET http://172.18.0.2:8080/v1/AUTH_3f7aaf69da22429aaa2b35b7eb8b6cfb/gnocchi.e0c68e47-5c92-4662-bdc4-8e10260cdd37/1764720000.0_mean_300.0_v3" "txc89eee80648e478f877a6-00692feb9b" "proxy-server 20" 0.0003 "-" 23 0
Dec 3 07:49:47 standalone proxy-server[130028]: 172.18.0.2 172.18.0.100 03/Dec/2025/07/49/47 GET /v1/AUTH_3f7aaf69da22429aaa2b35b7eb8b6cfb/gnocchi.e0c68e47-5c92-4662-bdc4-8e10260cdd37/1764720000.0_mean_300.0_v3 HTTP/1.0 404 - python-swiftclient-3.11.1 gAAAAABpL-sLW2Eo... - 70 - txc89eee80648e478f877a6-00692feb9b - 0.0040 - - 1764748187.977011442 1764748187.981009483 0
Dec 3 07:49:47 standalone container-server[127924]: 172.20.0.100 - - [03/Dec/2025:07:49:47 +0000] "PUT /d1/463/AUTH_3f7aaf69da22429aaa2b35b7eb8b6cfb/gnocchi.e0c68e47-5c92-4662-bdc4-8e10260cdd37/1764720000.0_mean_300.0_v3" 201 - "PUT http://172.18.0.2:8080/d1/667/AUTH_3f7aaf69da22429aaa2b35b7eb8b6cfb/gnocchi.e0c68e47-5c92-4662-bdc4-8e10260cdd37/1764720000.0_mean_300.0_v3" "txe270eec5cb1b4c09ac8f6-00692feb9b" "object-server 24" 0.0007 "-" 16 0
Dec 3 07:49:48 standalone object-server[128004]: 172.20.0.100 - - [03/Dec/2025:07:49:48 +0000] "PUT /d1/667/AUTH_3f7aaf69da22429aaa2b35b7eb8b6cfb/gnocchi.e0c68e47-5c92-4662-bdc4-8e10260cdd37/1764720000.0_mean_300.0_v3" 201 - "PUT http://172.18.0.2:8080/v1/AUTH_3f7aaf69da22429aaa2b35b7eb8b6cfb/gnocchi.e0c68e47-5c92-4662-bdc4-8e10260cdd37/1764720000.0_mean_300.0_v3" "txe270eec5cb1b4c09ac8f6-00692feb9b" "proxy-server 20" 0.0109 "-" 24 0
Dec 3 07:49:48 standalone proxy-server[130028]: 172.18.0.2 172.18.0.100 03/Dec/2025/07/49/48 PUT /v1/AUTH_3f7aaf69da22429aaa2b35b7eb8b6cfb/gnocchi.e0c68e47-5c92-4662-bdc4-8e10260cdd37/1764720000.0_mean_300.0_v3 HTTP/1.0 201 - python-swiftclient-3.11.1 gAAAAABpL-sLW2Eo... 16 - - txe270eec5cb1b4c09ac8f6-00692feb9b - 0.0183 - - 1764748187.983097076 1764748188.001419783 0
Dec 3 07:49:48 standalone container-server[127919]: 172.20.0.100 - - [03/Dec/2025:07:49:48 +0000] "PUT /d1/463/AUTH_3f7aaf69da22429aaa2b35b7eb8b6cfb/gnocchi.e0c68e47-5c92-4662-bdc4-8e10260cdd37/none_v3" 201 - "PUT http://172.18.0.2:8080/d1/967/AUTH_3f7aaf69da22429aaa2b35b7eb8b6cfb/gnocchi.e0c68e47-5c92-4662-bdc4-8e10260cdd37/none_v3" "txc53b33b9a213484789bbd-00692feb9c" "object-server 22" 0.0040 "-" 15 0
Dec 3 07:49:48 standalone object-server[128001]: 172.20.0.100 - - [03/Dec/2025:07:49:48 +0000] "PUT /d1/967/AUTH_3f7aaf69da22429aaa2b35b7eb8b6cfb/gnocchi.e0c68e47-5c92-4662-bdc4-8e10260cdd37/none_v3" 201 - "PUT http://172.18.0.2:8080/v1/AUTH_3f7aaf69da22429aaa2b35b7eb8b6cfb/gnocchi.e0c68e47-5c92-4662-bdc4-8e10260cdd37/none_v3" "txc53b33b9a213484789bbd-00692feb9c" "proxy-server 20" 0.0359 "-" 22 0
Dec 3 07:49:48 standalone proxy-server[130028]: 172.18.0.2 172.18.0.100 03/Dec/2025/07/49/48 PUT /v1/AUTH_3f7aaf69da22429aaa2b35b7eb8b6cfb/gnocchi.e0c68e47-5c92-4662-bdc4-8e10260cdd37/none_v3 HTTP/1.0 201 - python-swiftclient-3.11.1 gAAAAABpL-sLW2Eo... 22 - - txc53b33b9a213484789bbd-00692feb9c - 0.0408 - - 1764748188.003345251 1764748188.044168949 0
Dec 3 07:49:48 standalone container-server[127927]: 172.20.0.100 - - [03/Dec/2025:07:49:48 +0000] "HEAD /d1/458/AUTH_3f7aaf69da22429aaa2b35b7eb8b6cfb/gnocchi.ed28cb9c-bafd-43f8-9f25-51c28fa466fc" 404 - "HEAD http://172.18.0.2:8080/v1/AUTH_3f7aaf69da22429aaa2b35b7eb8b6cfb/gnocchi.ed28cb9c-bafd-43f8-9f25-51c28fa466fc?format=json&states=listing" "tx9f3a22d87c7247d8adda4-00692feb9c" "proxy-server 20" 0.0008 "-" 17 0
Dec 3 07:49:48 standalone object-server[128006]: 172.20.0.100 - - [03/Dec/2025:07:49:48 +0000] "GET /d1/83/AUTH_3f7aaf69da22429aaa2b35b7eb8b6cfb/gnocchi.ed28cb9c-bafd-43f8-9f25-51c28fa466fc/none_v3" 404 70 "GET http://172.18.0.2:8080/v1/AUTH_3f7aaf69da22429aaa2b35b7eb8b6cfb/gnocchi.ed28cb9c-bafd-43f8-9f25-51c28fa466fc/none_v3" "tx9f3a22d87c7247d8adda4-00692feb9c" "proxy-server 20" 0.0005 "-" 25 0
Dec 3 07:49:48 standalone proxy-server[130028]: 172.18.0.2 172.18.0.100 03/Dec/2025/07/49/48 GET /v1/AUTH_3f7aaf69da22429aaa2b35b7eb8b6cfb/gnocchi.ed28cb9c-bafd-43f8-9f25-51c28fa466fc/none_v3 HTTP/1.0 404 - python-swiftclient-3.11.1 gAAAAABpL-sLW2Eo... - 70 - tx9f3a22d87c7247d8adda4-00692feb9c - 0.0151 - - 1764748188.055140018 1764748188.070227623 0
Dec 3 07:49:48 standalone account-server[127770]: 172.20.0.100 - - [03/Dec/2025:07:49:48 +0000] "PUT /d1/385/AUTH_3f7aaf69da22429aaa2b35b7eb8b6cfb/gnocchi.ed28cb9c-bafd-43f8-9f25-51c28fa466fc" 201 - "PUT http://172.20.0.100:6001/d1/458/AUTH_3f7aaf69da22429aaa2b35b7eb8b6cfb/gnocchi.ed28cb9c-bafd-43f8-9f25-51c28fa466fc" "tx22416bc00e5c42d18007b-00692feb9c" "container-server 16" 0.0085 "-" 20 0
Dec 3 07:49:48 standalone container-server[127924]: 172.20.0.100 - - [03/Dec/2025:07:49:48 +0000] "PUT /d1/458/AUTH_3f7aaf69da22429aaa2b35b7eb8b6cfb/gnocchi.ed28cb9c-bafd-43f8-9f25-51c28fa466fc" 201 - "PUT http://172.18.0.2:8080/v1/AUTH_3f7aaf69da22429aaa2b35b7eb8b6cfb/gnocchi.ed28cb9c-bafd-43f8-9f25-51c28fa466fc" "tx22416bc00e5c42d18007b-00692feb9c" "proxy-server 20" 0.0223 "-" 16 0
Dec 3 07:49:48 standalone proxy-server[130028]: 172.18.0.2 172.18.0.100 03/Dec/2025/07/49/48 PUT /v1/AUTH_3f7aaf69da22429aaa2b35b7eb8b6cfb/gnocchi.ed28cb9c-bafd-43f8-9f25-51c28fa466fc HTTP/1.0 201 - python-swiftclient-3.11.1 gAAAAABpL-sLW2Eo... - - - tx22416bc00e5c42d18007b-00692feb9c - 0.0613 - - 1764748188.074144840 1764748188.135397196 0
Dec 3 07:49:48 standalone container-server[127919]: 172.20.0.100 - - [03/Dec/2025:07:49:48 +0000] "HEAD /d1/458/AUTH_3f7aaf69da22429aaa2b35b7eb8b6cfb/gnocchi.ed28cb9c-bafd-43f8-9f25-51c28fa466fc" 204 - "HEAD http://172.18.0.2:8080/v1/AUTH_3f7aaf69da22429aaa2b35b7eb8b6cfb/gnocchi.ed28cb9c-bafd-43f8-9f25-51c28fa466fc?format=json&states=listing" "tx2fe1f85399864311a6875-00692feb9c" "proxy-server 20" 0.0090 "-" 15 0
Dec 3 07:49:48 standalone proxy-server[130028]: - - 03/Dec/2025/07/49/48 HEAD /v1/AUTH_3f7aaf69da22429aaa2b35b7eb8b6cfb/gnocchi.ed28cb9c-bafd-43f8-9f25-51c28fa466fc%3Fformat%3Djson%26states%3Dlisting HTTP/1.0 204 - Swift - - - - tx2fe1f85399864311a6875-00692feb9c - 0.0247 RL - 1764748188.143527031 1764748188.168219090 0
Dec 3 07:49:48 standalone container-server[127924]: 172.20.0.100 - - [03/Dec/2025:07:49:48 +0000] "GET /d1/458/AUTH_3f7aaf69da22429aaa2b35b7eb8b6cfb/gnocchi.ed28cb9c-bafd-43f8-9f25-51c28fa466fc" 200 2 "GET http://172.18.0.2:8080/v1/AUTH_3f7aaf69da22429aaa2b35b7eb8b6cfb/gnocchi.ed28cb9c-bafd-43f8-9f25-51c28fa466fc?format=json&states=listing" "tx2fe1f85399864311a6875-00692feb9c" "proxy-server 20" 0.0028 "-" 16 0
Dec 3 07:49:48 standalone proxy-server[130028]: 172.18.0.2 172.18.0.100 03/Dec/2025/07/49/48 GET /v1/AUTH_3f7aaf69da22429aaa2b35b7eb8b6cfb/gnocchi.ed28cb9c-bafd-43f8-9f25-51c28fa466fc%3Fformat%3Djson%26states%3Dlisting HTTP/1.0 200 - python-swiftclient-3.11.1 gAAAAABpL-sLW2Eo... - 2 - tx2fe1f85399864311a6875-00692feb9c - 0.0385 - - 1764748188.141289711 1764748188.179835320 0
Dec 3 07:49:48 standalone object-server[128001]: 172.20.0.100 - - [03/Dec/2025:07:49:48 +0000] "GET /d1/76/AUTH_3f7aaf69da22429aaa2b35b7eb8b6cfb/gnocchi.ed28cb9c-bafd-43f8-9f25-51c28fa466fc/1764720000.0_mean_300.0_v3" 404 70 "GET http://172.18.0.2:8080/v1/AUTH_3f7aaf69da22429aaa2b35b7eb8b6cfb/gnocchi.ed28cb9c-bafd-43f8-9f25-51c28fa466fc/1764720000.0_mean_300.0_v3" "tx6812fd4523b744cda60ff-00692feb9c" "proxy-server 20" 0.0005 "-" 22 0
Dec 3 07:49:48 standalone proxy-server[130028]: 172.18.0.2 172.18.0.100 03/Dec/2025/07/49/48 GET /v1/AUTH_3f7aaf69da22429aaa2b35b7eb8b6cfb/gnocchi.ed28cb9c-bafd-43f8-9f25-51c28fa466fc/1764720000.0_mean_300.0_v3 HTTP/1.0 404 - python-swiftclient-3.11.1 gAAAAABpL-sLW2Eo... - 70 - tx6812fd4523b744cda60ff-00692feb9c - 0.0105 - - 1764748188.186468840 1764748188.196951151 0
Dec 3 07:49:48 standalone container-server[127927]: 172.20.0.100 - - [03/Dec/2025:07:49:48 +0000] "PUT /d1/458/AUTH_3f7aaf69da22429aaa2b35b7eb8b6cfb/gnocchi.ed28cb9c-bafd-43f8-9f25-51c28fa466fc/1764720000.0_mean_300.0_v3" 201 - "PUT http://172.18.0.2:8080/d1/76/AUTH_3f7aaf69da22429aaa2b35b7eb8b6cfb/gnocchi.ed28cb9c-bafd-43f8-9f25-51c28fa466fc/1764720000.0_mean_300.0_v3" "tx8daf529172f340cd8cf7d-00692feb9c" "object-server 22" 0.0011 "-" 17 0
Dec 3 07:49:48 standalone object-server[128001]: 172.20.0.100 - - [03/Dec/2025:07:49:48 +0000] "PUT /d1/76/AUTH_3f7aaf69da22429aaa2b35b7eb8b6cfb/gnocchi.ed28cb9c-bafd-43f8-9f25-51c28fa466fc/1764720000.0_mean_300.0_v3" 201 - "PUT http://172.18.0.2:8080/v1/AUTH_3f7aaf69da22429aaa2b35b7eb8b6cfb/gnocchi.ed28cb9c-bafd-43f8-9f25-51c28fa466fc/1764720000.0_mean_300.0_v3" "tx8daf529172f340cd8cf7d-00692feb9c" "proxy-server 20" 0.0113 "-" 22 0
Dec 3 07:49:48 standalone proxy-server[130028]: 172.18.0.2 172.18.0.100 03/Dec/2025/07/49/48 PUT /v1/AUTH_3f7aaf69da22429aaa2b35b7eb8b6cfb/gnocchi.ed28cb9c-bafd-43f8-9f25-51c28fa466fc/1764720000.0_mean_300.0_v3 HTTP/1.0 201 - python-swiftclient-3.11.1 gAAAAABpL-sLW2Eo... 16 - - tx8daf529172f340cd8cf7d-00692feb9c - 0.0199 - - 1764748188.201875210 1764748188.221760750 0
Dec 3 07:49:48 standalone container-server[127924]: 172.20.0.100 - - [03/Dec/2025:07:49:48 +0000] "PUT /d1/458/AUTH_3f7aaf69da22429aaa2b35b7eb8b6cfb/gnocchi.ed28cb9c-bafd-43f8-9f25-51c28fa466fc/none_v3" 201 - "PUT http://172.18.0.2:8080/d1/83/AUTH_3f7aaf69da22429aaa2b35b7eb8b6cfb/gnocchi.ed28cb9c-bafd-43f8-9f25-51c28fa466fc/none_v3" "tx03a94d9e5fe24d219950b-00692feb9c" "object-server 24" 0.0013 "-" 16 0
Dec 3 07:49:48 standalone object-server[128004]: 172.20.0.100 - - [03/Dec/2025:07:49:48 +0000] "PUT /d1/83/AUTH_3f7aaf69da22429aaa2b35b7eb8b6cfb/gnocchi.ed28cb9c-bafd-43f8-9f25-51c28fa466fc/none_v3" 201 - "PUT http://172.18.0.2:8080/v1/AUTH_3f7aaf69da22429aaa2b35b7eb8b6cfb/gnocchi.ed28cb9c-bafd-43f8-9f25-51c28fa466fc/none_v3" "tx03a94d9e5fe24d219950b-00692feb9c" "proxy-server 20" 0.0162 "-" 24 0
Dec 3 07:49:48 standalone proxy-server[130028]: 172.18.0.2 172.18.0.100 03/Dec/2025/07/49/48 PUT /v1/AUTH_3f7aaf69da22429aaa2b35b7eb8b6cfb/gnocchi.ed28cb9c-bafd-43f8-9f25-51c28fa466fc/none_v3 HTTP/1.0 201 - python-swiftclient-3.11.1 gAAAAABpL-sLW2Eo... 22 - - tx03a94d9e5fe24d219950b-00692feb9c - 0.0251 - - 1764748188.226626873 1764748188.251708269 0
Dec 3 07:49:48 standalone container-server[127919]: 172.20.0.100 - - [03/Dec/2025:07:49:48 +0000] "HEAD /d1/993/AUTH_3f7aaf69da22429aaa2b35b7eb8b6cfb/gnocchi.05b84819-c92a-4f34-ab43-6754b317c50d" 404 - "HEAD http://172.18.0.2:8080/v1/AUTH_3f7aaf69da22429aaa2b35b7eb8b6cfb/gnocchi.05b84819-c92a-4f34-ab43-6754b317c50d?format=json&states=listing" "txcfbe4eadc7cd4619af20c-00692feb9c" "proxy-server 20" 0.0006 "-" 15 0
Dec 3 07:49:48 standalone object-server[128006]: 172.20.0.100 - - [03/Dec/2025:07:49:48 +0000] "GET /d1/130/AUTH_3f7aaf69da22429aaa2b35b7eb8b6cfb/gnocchi.05b84819-c92a-4f34-ab43-6754b317c50d/none_v3" 404 70 "GET http://172.18.0.2:8080/v1/AUTH_3f7aaf69da22429aaa2b35b7eb8b6cfb/gnocchi.05b84819-c92a-4f34-ab43-6754b317c50d/none_v3" "txcfbe4eadc7cd4619af20c-00692feb9c" "proxy-server 20" 0.0007 "-" 25 0
Dec 3 07:49:48 standalone proxy-server[130028]: 172.18.0.2 172.18.0.100 03/Dec/2025/07/49/48 GET /v1/AUTH_3f7aaf69da22429aaa2b35b7eb8b6cfb/gnocchi.05b84819-c92a-4f34-ab43-6754b317c50d/none_v3 HTTP/1.0 404 - python-swiftclient-3.11.1 gAAAAABpL-sLW2Eo... - 70 - txcfbe4eadc7cd4619af20c-00692feb9c - 0.0146 - - 1764748188.268469810 1764748188.283054352 0
Dec 3 07:49:48 standalone account-server[127784]: 172.20.0.100 - - [03/Dec/2025:07:49:48 +0000] "PUT /d1/385/AUTH_3f7aaf69da22429aaa2b35b7eb8b6cfb/gnocchi.05b84819-c92a-4f34-ab43-6754b317c50d" 201 - "PUT http://172.20.0.100:6001/d1/993/AUTH_3f7aaf69da22429aaa2b35b7eb8b6cfb/gnocchi.05b84819-c92a-4f34-ab43-6754b317c50d" "txb235e3ddf8164ae092bff-00692feb9c" "container-server 16" 0.0058 "-" 22 0
Dec 3 07:49:48 standalone container-server[127924]: 172.20.0.100 - - [03/Dec/2025:07:49:48 +0000] "PUT /d1/993/AUTH_3f7aaf69da22429aaa2b35b7eb8b6cfb/gnocchi.05b84819-c92a-4f34-ab43-6754b317c50d" 201 - "PUT http://172.18.0.2:8080/v1/AUTH_3f7aaf69da22429aaa2b35b7eb8b6cfb/gnocchi.05b84819-c92a-4f34-ab43-6754b317c50d" "txb235e3ddf8164ae092bff-00692feb9c" "proxy-server 20" 0.0252 "-" 16 0
Dec 3 07:49:48 standalone proxy-server[130028]: 172.18.0.2 172.18.0.100 03/Dec/2025/07/49/48 PUT /v1/AUTH_3f7aaf69da22429aaa2b35b7eb8b6cfb/gnocchi.05b84819-c92a-4f34-ab43-6754b317c50d HTTP/1.0 201 - python-swiftclient-3.11.1 gAAAAABpL-sLW2Eo... - - - txb235e3ddf8164ae092bff-00692feb9c - 0.0346 - - 1764748188.287777901 1764748188.322405338 0
Dec 3 07:49:48 standalone container-server[127919]: 172.20.0.100 - - [03/Dec/2025:07:49:48 +0000] "HEAD /d1/993/AUTH_3f7aaf69da22429aaa2b35b7eb8b6cfb/gnocchi.05b84819-c92a-4f34-ab43-6754b317c50d" 204 - "HEAD http://172.18.0.2:8080/v1/AUTH_3f7aaf69da22429aaa2b35b7eb8b6cfb/gnocchi.05b84819-c92a-4f34-ab43-6754b317c50d?format=json&states=listing" "tx9eded9d7f7364d90bb2c3-00692feb9c" "proxy-server 20" 0.0019 "-" 15 0
Dec 3 07:49:48 standalone proxy-server[130028]: - - 03/Dec/2025/07/49/48 HEAD /v1/AUTH_3f7aaf69da22429aaa2b35b7eb8b6cfb/gnocchi.05b84819-c92a-4f34-ab43-6754b317c50d%3Fformat%3Djson%26states%3Dlisting HTTP/1.0 204 - Swift - - - - tx9eded9d7f7364d90bb2c3-00692feb9c - 0.0081 RL - 1764748188.329351187 1764748188.337496758 0
Dec 3 07:49:48 standalone container-server[127913]: 172.20.0.100 - - [03/Dec/2025:07:49:48 +0000] "GET /d1/993/AUTH_3f7aaf69da22429aaa2b35b7eb8b6cfb/gnocchi.05b84819-c92a-4f34-ab43-6754b317c50d" 200 2 "GET http://172.18.0.2:8080/v1/AUTH_3f7aaf69da22429aaa2b35b7eb8b6cfb/gnocchi.05b84819-c92a-4f34-ab43-6754b317c50d?format=json&states=listing" "tx9eded9d7f7364d90bb2c3-00692feb9c" "proxy-server 20" 0.0024 "-" 14 0
