Dec 3 07:50:08 standalone proxy-server[130028]: 172.18.0.2 172.18.0.100 03/Dec/2025/07/50/08 PUT /v1/AUTH_3f7aaf69da22429aaa2b35b7eb8b6cfb/gnocchi.dc5d6a74-c74d-455e-9427-1303d44c7566/none_v3 HTTP/1.0 201 - python-swiftclient-3.11.1 gAAAAABpL-sLW2Eo... 22 - - tx0a6f45eb87eb4293819cc-00692febb0 - 0.0212 - - 1764748208.906840563 1764748208.928041935 0
Dec 3 07:50:08 standalone container-server[127927]: 172.20.0.100 - - [03/Dec/2025:07:50:08 +0000] "HEAD /d1/992/AUTH_3f7aaf69da22429aaa2b35b7eb8b6cfb/gnocchi.5d386560-0f2d-4b3a-84f7-59f1625091e7" 404 - "HEAD http://172.18.0.2:8080/v1/AUTH_3f7aaf69da22429aaa2b35b7eb8b6cfb/gnocchi.5d386560-0f2d-4b3a-84f7-59f1625091e7?format=json&states=listing" "tx6d7587da3b074258a2fd9-00692febb0" "proxy-server 20" 0.0007 "-" 17 0
Dec 3 07:50:08 standalone object-server[128006]: 172.20.0.100 - - [03/Dec/2025:07:50:08 +0000] "GET /d1/794/AUTH_3f7aaf69da22429aaa2b35b7eb8b6cfb/gnocchi.5d386560-0f2d-4b3a-84f7-59f1625091e7/none_v3" 404 70 "GET http://172.18.0.2:8080/v1/AUTH_3f7aaf69da22429aaa2b35b7eb8b6cfb/gnocchi.5d386560-0f2d-4b3a-84f7-59f1625091e7/none_v3" "tx6d7587da3b074258a2fd9-00692febb0" "proxy-server 20" 0.0005 "-" 25 0
Dec 3 07:50:08 standalone proxy-server[130028]: 172.18.0.2 172.18.0.100 03/Dec/2025/07/50/08 GET /v1/AUTH_3f7aaf69da22429aaa2b35b7eb8b6cfb/gnocchi.5d386560-0f2d-4b3a-84f7-59f1625091e7/none_v3 HTTP/1.0 404 - python-swiftclient-3.11.1 gAAAAABpL-sLW2Eo... - 70 - tx6d7587da3b074258a2fd9-00692febb0 - 0.0138 - - 1764748208.939898252 1764748208.953694820 0
Dec 3 07:50:08 standalone account-server[127778]: 172.20.0.100 - - [03/Dec/2025:07:50:08 +0000] "PUT /d1/385/AUTH_3f7aaf69da22429aaa2b35b7eb8b6cfb/gnocchi.5d386560-0f2d-4b3a-84f7-59f1625091e7" 201 - "PUT http://172.20.0.100:6001/d1/992/AUTH_3f7aaf69da22429aaa2b35b7eb8b6cfb/gnocchi.5d386560-0f2d-4b3a-84f7-59f1625091e7" "tx026efb4a136245d9a728e-00692febb0" "container-server 16" 0.0056 "-" 21 0
Dec 3 07:50:08 standalone container-server[127924]: 172.20.0.100 - - [03/Dec/2025:07:50:08 +0000] "PUT /d1/992/AUTH_3f7aaf69da22429aaa2b35b7eb8b6cfb/gnocchi.5d386560-0f2d-4b3a-84f7-59f1625091e7" 201 - "PUT http://172.18.0.2:8080/v1/AUTH_3f7aaf69da22429aaa2b35b7eb8b6cfb/gnocchi.5d386560-0f2d-4b3a-84f7-59f1625091e7" "tx026efb4a136245d9a728e-00692febb0" "proxy-server 20" 0.0198 "-" 16 0
Dec 3 07:50:08 standalone proxy-server[130028]: 172.18.0.2 172.18.0.100 03/Dec/2025/07/50/08 PUT /v1/AUTH_3f7aaf69da22429aaa2b35b7eb8b6cfb/gnocchi.5d386560-0f2d-4b3a-84f7-59f1625091e7 HTTP/1.0 201 - python-swiftclient-3.11.1 gAAAAABpL-sLW2Eo... - - - tx026efb4a136245d9a728e-00692febb0 - 0.0263 - - 1764748208.957417250 1764748208.983717203 0
Dec 3 07:50:08 standalone container-server[127927]: 172.20.0.100 - - [03/Dec/2025:07:50:08 +0000] "HEAD /d1/992/AUTH_3f7aaf69da22429aaa2b35b7eb8b6cfb/gnocchi.5d386560-0f2d-4b3a-84f7-59f1625091e7" 204 - "HEAD http://172.18.0.2:8080/v1/AUTH_3f7aaf69da22429aaa2b35b7eb8b6cfb/gnocchi.5d386560-0f2d-4b3a-84f7-59f1625091e7?format=json&states=listing" "txebed5babccda48bc9ad00-00692febb0" "proxy-server 20" 0.0020 "-" 17 0
Dec 3 07:50:08 standalone proxy-server[130028]: - - 03/Dec/2025/07/50/08 HEAD /v1/AUTH_3f7aaf69da22429aaa2b35b7eb8b6cfb/gnocchi.5d386560-0f2d-4b3a-84f7-59f1625091e7%3Fformat%3Djson%26states%3Dlisting HTTP/1.0 204 - Swift - - - - txebed5babccda48bc9ad00-00692febb0 - 0.0075 RL - 1764748208.990777016 1764748208.998250961 0
Dec 3 07:50:09 standalone container-server[127924]: 172.20.0.100 - - [03/Dec/2025:07:50:09 +0000] "GET /d1/992/AUTH_3f7aaf69da22429aaa2b35b7eb8b6cfb/gnocchi.5d386560-0f2d-4b3a-84f7-59f1625091e7" 200 2 "GET http://172.18.0.2:8080/v1/AUTH_3f7aaf69da22429aaa2b35b7eb8b6cfb/gnocchi.5d386560-0f2d-4b3a-84f7-59f1625091e7?format=json&states=listing" "txebed5babccda48bc9ad00-00692febb0" "proxy-server 20" 0.0034 "-" 16 0
Dec 3 07:50:09 standalone proxy-server[130028]: 172.18.0.2 172.18.0.100 03/Dec/2025/07/50/09 GET /v1/AUTH_3f7aaf69da22429aaa2b35b7eb8b6cfb/gnocchi.5d386560-0f2d-4b3a-84f7-59f1625091e7%3Fformat%3Djson%26states%3Dlisting HTTP/1.0 200 - python-swiftclient-3.11.1 gAAAAABpL-sLW2Eo... - 2 - txebed5babccda48bc9ad00-00692febb0 - 0.0213 - - 1764748208.989131927 1764748209.010462999 0
Dec 3 07:50:09 standalone object-server[128001]: 172.20.0.100 - - [03/Dec/2025:07:50:09 +0000] "GET /d1/982/AUTH_3f7aaf69da22429aaa2b35b7eb8b6cfb/gnocchi.5d386560-0f2d-4b3a-84f7-59f1625091e7/1764720000.0_mean_300.0_v3" 404 70 "GET http://172.18.0.2:8080/v1/AUTH_3f7aaf69da22429aaa2b35b7eb8b6cfb/gnocchi.5d386560-0f2d-4b3a-84f7-59f1625091e7/1764720000.0_mean_300.0_v3" "tx68b752d222084e26b90a1-00692febb1" "proxy-server 20" 0.0005 "-" 22 0
Dec 3 07:50:09 standalone proxy-server[130028]: 172.18.0.2 172.18.0.100 03/Dec/2025/07/50/09 GET /v1/AUTH_3f7aaf69da22429aaa2b35b7eb8b6cfb/gnocchi.5d386560-0f2d-4b3a-84f7-59f1625091e7/1764720000.0_mean_300.0_v3 HTTP/1.0 404 - python-swiftclient-3.11.1 gAAAAABpL-sLW2Eo... - 70 - tx68b752d222084e26b90a1-00692febb1 - 0.0084 - - 1764748209.015868902 1764748209.024259090 0
Dec 3 07:50:09 standalone container-server[127927]: 172.20.0.100 - - [03/Dec/2025:07:50:09 +0000] "PUT /d1/992/AUTH_3f7aaf69da22429aaa2b35b7eb8b6cfb/gnocchi.5d386560-0f2d-4b3a-84f7-59f1625091e7/1764720000.0_mean_300.0_v3" 201 - "PUT http://172.18.0.2:8080/d1/982/AUTH_3f7aaf69da22429aaa2b35b7eb8b6cfb/gnocchi.5d386560-0f2d-4b3a-84f7-59f1625091e7/1764720000.0_mean_300.0_v3" "tx37c324336bdc4fa0b3755-00692febb1" "object-server 23" 0.0011 "-" 17 0
Dec 3 07:50:09 standalone object-server[128003]: 172.20.0.100 - - [03/Dec/2025:07:50:09 +0000] "PUT /d1/982/AUTH_3f7aaf69da22429aaa2b35b7eb8b6cfb/gnocchi.5d386560-0f2d-4b3a-84f7-59f1625091e7/1764720000.0_mean_300.0_v3" 201 - "PUT http://172.18.0.2:8080/v1/AUTH_3f7aaf69da22429aaa2b35b7eb8b6cfb/gnocchi.5d386560-0f2d-4b3a-84f7-59f1625091e7/1764720000.0_mean_300.0_v3" "tx37c324336bdc4fa0b3755-00692febb1" "proxy-server 20" 0.0121 "-" 23 0
Dec 3 07:50:09 standalone proxy-server[130028]: 172.18.0.2 172.18.0.100 03/Dec/2025/07/50/09 PUT /v1/AUTH_3f7aaf69da22429aaa2b35b7eb8b6cfb/gnocchi.5d386560-0f2d-4b3a-84f7-59f1625091e7/1764720000.0_mean_300.0_v3 HTTP/1.0 201 - python-swiftclient-3.11.1 gAAAAABpL-sLW2Eo... 16 - - tx37c324336bdc4fa0b3755-00692febb1 - 0.0213 - - 1764748209.028474808 1764748209.049743176 0
Dec 3 07:50:09 standalone container-server[127913]: 172.20.0.100 - - [03/Dec/2025:07:50:09 +0000] "PUT /d1/992/AUTH_3f7aaf69da22429aaa2b35b7eb8b6cfb/gnocchi.5d386560-0f2d-4b3a-84f7-59f1625091e7/none_v3" 201 - "PUT http://172.18.0.2:8080/d1/794/AUTH_3f7aaf69da22429aaa2b35b7eb8b6cfb/gnocchi.5d386560-0f2d-4b3a-84f7-59f1625091e7/none_v3" "tx57204b26574f41519dc4c-00692febb1" "object-server 23" 0.0009 "-" 14 0
Dec 3 07:50:09 standalone object-server[128003]: 172.20.0.100 - - [03/Dec/2025:07:50:09 +0000] "PUT /d1/794/AUTH_3f7aaf69da22429aaa2b35b7eb8b6cfb/gnocchi.5d386560-0f2d-4b3a-84f7-59f1625091e7/none_v3" 201 - "PUT http://172.18.0.2:8080/v1/AUTH_3f7aaf69da22429aaa2b35b7eb8b6cfb/gnocchi.5d386560-0f2d-4b3a-84f7-59f1625091e7/none_v3" "tx57204b26574f41519dc4c-00692febb1" "proxy-server 20" 0.0118 "-" 23 0
Dec 3 07:50:09 standalone proxy-server[130028]: 172.18.0.2 172.18.0.100 03/Dec/2025/07/50/09 PUT /v1/AUTH_3f7aaf69da22429aaa2b35b7eb8b6cfb/gnocchi.5d386560-0f2d-4b3a-84f7-59f1625091e7/none_v3 HTTP/1.0 201 - python-swiftclient-3.11.1 gAAAAABpL-sLW2Eo... 22 - - tx57204b26574f41519dc4c-00692febb1 - 0.0211 - - 1764748209.054286957 1764748209.075359821 0
Dec 3 07:50:09 standalone container-server[127913]: 172.20.0.100 - - [03/Dec/2025:07:50:09 +0000] "HEAD /d1/787/AUTH_3f7aaf69da22429aaa2b35b7eb8b6cfb/gnocchi.84bf9172-a831-4169-b46b-892b5942b2b5" 404 - "HEAD http://172.18.0.2:8080/v1/AUTH_3f7aaf69da22429aaa2b35b7eb8b6cfb/gnocchi.84bf9172-a831-4169-b46b-892b5942b2b5?format=json&states=listing" "tx5ecc1a2de3844b9896886-00692febb1" "proxy-server 20" 0.0007 "-" 14 0
Dec 3 07:50:09 standalone object-server[128006]: 172.20.0.100 - - [03/Dec/2025:07:50:09 +0000] "GET /d1/193/AUTH_3f7aaf69da22429aaa2b35b7eb8b6cfb/gnocchi.84bf9172-a831-4169-b46b-892b5942b2b5/none_v3" 404 70 "GET http://172.18.0.2:8080/v1/AUTH_3f7aaf69da22429aaa2b35b7eb8b6cfb/gnocchi.84bf9172-a831-4169-b46b-892b5942b2b5/none_v3" "tx5ecc1a2de3844b9896886-00692febb1" "proxy-server 20" 0.0004 "-" 25 0
Dec 3 07:50:09 standalone proxy-server[130028]: 172.18.0.2 172.18.0.100 03/Dec/2025/07/50/09 GET /v1/AUTH_3f7aaf69da22429aaa2b35b7eb8b6cfb/gnocchi.84bf9172-a831-4169-b46b-892b5942b2b5/none_v3 HTTP/1.0 404 - python-swiftclient-3.11.1 gAAAAABpL-sLW2Eo... - 70 - tx5ecc1a2de3844b9896886-00692febb1 - 0.0159 - - 1764748209.089693069 1764748209.105593204 0
Dec 3 07:50:09 standalone account-server[127778]: 172.20.0.100 - - [03/Dec/2025:07:50:09 +0000] "PUT /d1/385/AUTH_3f7aaf69da22429aaa2b35b7eb8b6cfb/gnocchi.84bf9172-a831-4169-b46b-892b5942b2b5" 201 - "PUT http://172.20.0.100:6001/d1/787/AUTH_3f7aaf69da22429aaa2b35b7eb8b6cfb/gnocchi.84bf9172-a831-4169-b46b-892b5942b2b5" "tx32cf7e7159014f9a8b6d4-00692febb1" "container-server 16" 0.0061 "-" 21 0
Dec 3 07:50:09 standalone container-server[127924]: 172.20.0.100 - - [03/Dec/2025:07:50:09 +0000] "PUT /d1/787/AUTH_3f7aaf69da22429aaa2b35b7eb8b6cfb/gnocchi.84bf9172-a831-4169-b46b-892b5942b2b5" 201 - "PUT http://172.18.0.2:8080/v1/AUTH_3f7aaf69da22429aaa2b35b7eb8b6cfb/gnocchi.84bf9172-a831-4169-b46b-892b5942b2b5" "tx32cf7e7159014f9a8b6d4-00692febb1" "proxy-server 20" 0.0223 "-" 16 0
Dec 3 07:50:09 standalone proxy-server[130028]: 172.18.0.2 172.18.0.100 03/Dec/2025/07/50/09 PUT /v1/AUTH_3f7aaf69da22429aaa2b35b7eb8b6cfb/gnocchi.84bf9172-a831-4169-b46b-892b5942b2b5 HTTP/1.0 201 - python-swiftclient-3.11.1 gAAAAABpL-sLW2Eo... - - - tx32cf7e7159014f9a8b6d4-00692febb1 - 0.0308 - - 1764748209.110002279 1764748209.140831470 0
Dec 3 07:50:09 standalone container-server[127924]: 172.20.0.100 - - [03/Dec/2025:07:50:09 +0000] "HEAD /d1/418/AUTH_3f7aaf69da22429aaa2b35b7eb8b6cfb/gnocchi.90ff0046-df40-43f5-b596-74340b28bf35" 404 - "HEAD http://172.18.0.2:8080/v1/AUTH_3f7aaf69da22429aaa2b35b7eb8b6cfb/gnocchi.90ff0046-df40-43f5-b596-74340b28bf35?format=json&states=listing" "tx1ed25be45a894a6bbe038-00692febb1" "proxy-server 20" 0.0005 "-" 16 0
Dec 3 07:50:09 standalone object-server[128006]: 172.20.0.100 - - [03/Dec/2025:07:50:09 +0000] "GET /d1/356/AUTH_3f7aaf69da22429aaa2b35b7eb8b6cfb/gnocchi.90ff0046-df40-43f5-b596-74340b28bf35/none_v3" 404 70 "GET http://172.18.0.2:8080/v1/AUTH_3f7aaf69da22429aaa2b35b7eb8b6cfb/gnocchi.90ff0046-df40-43f5-b596-74340b28bf35/none_v3" "tx1ed25be45a894a6bbe038-00692febb1" "proxy-server 20" 0.0006 "-" 25 0
Dec 3 07:50:09 standalone proxy-server[130028]: 172.18.0.2 172.18.0.100 03/Dec/2025/07/50/09 GET /v1/AUTH_3f7aaf69da22429aaa2b35b7eb8b6cfb/gnocchi.90ff0046-df40-43f5-b596-74340b28bf35/none_v3 HTTP/1.0 404 - python-swiftclient-3.11.1 gAAAAABpL-sLW2Eo... - 70 - tx1ed25be45a894a6bbe038-00692febb1 - 0.0157 - - 1764748209.145725012 1764748209.161395311 0
Dec 3 07:50:09 standalone account-server[127784]: 172.20.0.100 - - [03/Dec/2025:07:50:09 +0000] "PUT /d1/385/AUTH_3f7aaf69da22429aaa2b35b7eb8b6cfb/gnocchi.90ff0046-df40-43f5-b596-74340b28bf35" 201 - "PUT http://172.20.0.100:6001/d1/418/AUTH_3f7aaf69da22429aaa2b35b7eb8b6cfb/gnocchi.90ff0046-df40-43f5-b596-74340b28bf35" "tx559b076378ae49238bd83-00692febb1" "container-server 17" 0.0081 "-" 22 0
Dec 3 07:50:09 standalone container-server[127927]: 172.20.0.100 - - [03/Dec/2025:07:50:09 +0000] "PUT /d1/418/AUTH_3f7aaf69da22429aaa2b35b7eb8b6cfb/gnocchi.90ff0046-df40-43f5-b596-74340b28bf35" 201 - "PUT http://172.18.0.2:8080/v1/AUTH_3f7aaf69da22429aaa2b35b7eb8b6cfb/gnocchi.90ff0046-df40-43f5-b596-74340b28bf35" "tx559b076378ae49238bd83-00692febb1" "proxy-server 20" 0.0221 "-" 17 0
Dec 3 07:50:09 standalone proxy-server[130028]: 172.18.0.2 172.18.0.100 03/Dec/2025/07/50/09 PUT /v1/AUTH_3f7aaf69da22429aaa2b35b7eb8b6cfb/gnocchi.90ff0046-df40-43f5-b596-74340b28bf35 HTTP/1.0 201 - python-swiftclient-3.11.1 gAAAAABpL-sLW2Eo... - - - tx559b076378ae49238bd83-00692febb1 - 0.0330 - - 1764748209.165248871 1764748209.198201656 0
Dec 3 07:50:09 standalone container-server[127919]: 172.20.0.100 - - [03/Dec/2025:07:50:09 +0000] "HEAD /d1/787/AUTH_3f7aaf69da22429aaa2b35b7eb8b6cfb/gnocchi.84bf9172-a831-4169-b46b-892b5942b2b5" 204 - "HEAD http://172.18.0.2:8080/v1/AUTH_3f7aaf69da22429aaa2b35b7eb8b6cfb/gnocchi.84bf9172-a831-4169-b46b-892b5942b2b5?format=json&states=listing" "tx68d9d57e6bc543ce99b61-00692febb1" "proxy-server 20" 0.0022 "-" 15 0
Dec 3 07:50:09 standalone proxy-server[130028]: - - 03/Dec/2025/07/50/09 HEAD /v1/AUTH_3f7aaf69da22429aaa2b35b7eb8b6cfb/gnocchi.84bf9172-a831-4169-b46b-892b5942b2b5%3Fformat%3Djson%26states%3Dlisting HTTP/1.0 204 - Swift - - - - tx68d9d57e6bc543ce99b61-00692febb1 - 0.0072 RL - 1764748209.205824375 1764748209.213037968 0
Dec 3 07:50:09 standalone container-server[127924]: 172.20.0.100 - - [03/Dec/2025:07:50:09 +0000] "GET /d1/787/AUTH_3f7aaf69da22429aaa2b35b7eb8b6cfb/gnocchi.84bf9172-a831-4169-b46b-892b5942b2b5" 200 2 "GET http://172.18.0.2:8080/v1/AUTH_3f7aaf69da22429aaa2b35b7eb8b6cfb/gnocchi.84bf9172-a831-4169-b46b-892b5942b2b5?format=json&states=listing" "tx68d9d57e6bc543ce99b61-00692febb1" "proxy-server 20" 0.0036 "-" 16 0
Dec 3 07:50:09 standalone proxy-server[130028]: 172.18.0.2 172.18.0.100 03/Dec/2025/07/50/09 GET /v1/AUTH_3f7aaf69da22429aaa2b35b7eb8b6cfb/gnocchi.84bf9172-a831-4169-b46b-892b5942b2b5%3Fformat%3Djson%26states%3Dlisting HTTP/1.0 200 - python-swiftclient-3.11.1 gAAAAABpL-sLW2Eo... - 2 - tx68d9d57e6bc543ce99b61-00692febb1 - 0.0230 - - 1764748209.203599930 1764748209.226562977 0
Dec 3 07:50:09 standalone container-server[127919]: 172.20.0.100 - - [03/Dec/2025:07:50:09 +0000] "HEAD /d1/418/AUTH_3f7aaf69da22429aaa2b35b7eb8b6cfb/gnocchi.90ff0046-df40-43f5-b596-74340b28bf35" 204 - "HEAD http://172.18.0.2:8080/v1/AUTH_3f7aaf69da22429aaa2b35b7eb8b6cfb/gnocchi.90ff0046-df40-43f5-b596-74340b28bf35?format=json&states=listing" "txc2dcd7ed86aa43f681f61-00692febb1" "proxy-server 20" 0.0019 "-" 15 0
Dec 3 07:50:09 standalone proxy-server[130028]: - - 03/Dec/2025/07/50/09 HEAD /v1/AUTH_3f7aaf69da22429aaa2b35b7eb8b6cfb/gnocchi.90ff0046-df40-43f5-b596-74340b28bf35%3Fformat%3Djson%26states%3Dlisting HTTP/1.0 204 - Swift - - - - txc2dcd7ed86aa43f681f61-00692febb1 - 0.0062 RL - 1764748209.233575106 1764748209.239787579 0
Dec 3 07:50:09 standalone container-server[127913]: 172.20.0.100 - - [03/Dec/2025:07:50:09 +0000] "GET /d1/418/AUTH_3f7aaf69da22429aaa2b35b7eb8b6cfb/gnocchi.90ff0046-df40-43f5-b596-74340b28bf35" 200 2 "GET http://172.18.0.2:8080/v1/AUTH_3f7aaf69da22429aaa2b35b7eb8b6cfb/gnocchi.90ff0046-df40-43f5-b596-74340b28bf35?format=json&states=listing" "txc2dcd7ed86aa43f681f61-00692febb1" "proxy-server 20" 0.0025 "-" 14 0
Dec 3 07:50:09 standalone proxy-server[130028]: 172.18.0.2 172.18.0.100 03/Dec/2025/07/50/09 GET /v1/AUTH_3f7aaf69da22429aaa2b35b7eb8b6cfb/gnocchi.90ff0046-df40-43f5-b596-74340b28bf35%3Fformat%3Djson%26states%3Dlisting HTTP/1.0 200 - python-swiftclient-3.11.1 gAAAAABpL-sLW2Eo... - 2 - txc2dcd7ed86aa43f681f61-00692febb1 - 0.0190 - - 1764748209.232121944 1764748209.251092434 0
Dec 3 07:50:09 standalone object-server[128004]: 172.20.0.100 - - [03/Dec/2025:07:50:09 +0000] "GET /d1/773/AUTH_3f7aaf69da22429aaa2b35b7eb8b6cfb/gnocchi.84bf9172-a831-4169-b46b-892b5942b2b5/1764720000.0_mean_300.0_v3" 404 70 "GET http://172.18.0.2:8080/v1/AUTH_3f7aaf69da22429aaa2b35b7eb8b6cfb/gnocchi.84bf9172-a831-4169-b46b-892b5942b2b5/1764720000.0_mean_300.0_v3" "txa9c55095b4be44189adc1-00692febb1" "proxy-server 20" 0.0004 "-" 24 0
Dec 3 07:50:09 standalone proxy-server[130028]: 172.18.0.2 172.18.0.100 03/Dec/2025/07/50/09 GET /v1/AUTH_3f7aaf69da22429aaa2b35b7eb8b6cfb/gnocchi.84bf9172-a831-4169-b46b-892b5942b2b5/1764720000.0_mean_300.0_v3 HTTP/1.0 404 - python-swiftclient-3.11.1 gAAAAABpL-sLW2Eo... - 70 - txa9c55095b4be44189adc1-00692febb1 - 0.0093 - - 1764748209.256582499 1764748209.265897751 0
Dec 3 07:50:09 standalone object-server[128003]: 172.20.0.100 - - [03/Dec/2025:07:50:09 +0000] "GET /d1/854/AUTH_3f7aaf69da22429aaa2b35b7eb8b6cfb/gnocchi.90ff0046-df40-43f5-b596-74340b28bf35/1764720000.0_mean_300.0_v3" 404 70 "GET http://172.18.0.2:8080/v1/AUTH_3f7aaf69da22429aaa2b35b7eb8b6cfb/gnocchi.90ff0046-df40-43f5-b596-74340b28bf35/1764720000.0_mean_300.0_v3" "txffe3ee551beb451f98f11-00692febb1" "proxy-server 20" 0.0005 "-" 23 0
Dec 3 07:50:09 standalone proxy-server[130028]: 172.18.0.2 172.18.0.100 03/Dec/2025/07/50/09 GET /v1/AUTH_3f7aaf69da22429aaa2b35b7eb8b6cfb/gnocchi.90ff0046-df40-43f5-b596-74340b28bf35/1764720000.0_mean_300.0_v3 HTTP/1.0 404 - python-swiftclient-3.11.1 gAAAAABpL-sLW2Eo... - 70 - txffe3ee551beb451f98f11-00692febb1 - 0.0079 - - 1764748209.270305634 1764748209.278249025 0
Dec 3 07:50:09 standalone container-server[127927]: 172.20.0.100 - - [03/Dec/2025:07:50:09 +0000] "PUT /d1/787/AUTH_3f7aaf69da22429aaa2b35b7eb8b6cfb/gnocchi.84bf9172-a831-4169-b46b-892b5942b2b5/1764720000.0_mean_300.0_v3" 201 - "PUT http://172.18.0.2:8080/d1/773/AUTH_3f7aaf69da22429aaa2b35b7eb8b6cfb/gnocchi.84bf9172-a831-4169-b46b-892b5942b2b5/1764720000.0_mean_300.0_v3" "tx649ee5a8c59a4ee795c64-00692febb1" "object-server 22" 0.0016 "-" 17 0
Dec 3 07:50:09 standalone object-server[128001]: 172.20.0.100 - - [03/Dec/2025:07:50:09 +0000] "PUT /d1/773/AUTH_3f7aaf69da22429aaa2b35b7eb8b6cfb/gnocchi.84bf9172-a831-4169-b46b-892b5942b2b5/1764720000.0_mean_300.0_v3" 201 - "PUT http://172.18.0.2:8080/v1/AUTH_3f7aaf69da22429aaa2b35b7eb8b6cfb/gnocchi.84bf9172-a831-4169-b46b-892b5942b2b5/1764720000.0_mean_300.0_v3" "tx649ee5a8c59a4ee795c64-00692febb1" "proxy-server 20" 0.0186 "-" 22 0
Dec 3 07:50:09 standalone proxy-server[130028]: 172.18.0.2 172.18.0.100 03/Dec/2025/07/50/09 PUT /v1/AUTH_3f7aaf69da22429aaa2b35b7eb8b6cfb/gnocchi.84bf9172-a831-4169-b46b-892b5942b2b5/1764720000.0_mean_300.0_v3 HTTP/1.0 201 - python-swiftclient-3.11.1 gAAAAABpL-sLW2Eo... 16 - - tx649ee5a8c59a4ee795c64-00692febb1 - 0.0269 - - 1764748209.282572269 1764748209.309494257 0
Dec 3 07:50:09 standalone container-server[127919]: 172.20.0.100 - - [03/Dec/2025:07:50:09 +0000] "PUT /d1/418/AUTH_3f7aaf69da22429aaa2b35b7eb8b6cfb/gnocchi.90ff0046-df40-43f5-b596-74340b28bf35/1764720000.0_mean_300.0_v3" 201 - "PUT http://172.18.0.2:8080/d1/854/AUTH_3f7aaf69da22429aaa2b35b7eb8b6cfb/gnocchi.90ff0046-df40-43f5-b596-74340b28bf35/1764720000.0_mean_300.0_v3" "tx184d349c4beb47579258e-00692febb1" "object-server 22" 0.0009 "-" 15 0
Dec 3 07:50:09 standalone object-server[128001]: 172.20.0.100 - - [03/Dec/2025:07:50:09 +0000] "PUT /d1/854/AUTH_3f7aaf69da22429aaa2b35b7eb8b6cfb/gnocchi.90ff0046-df40-43f5-b596-74340b28bf35/1764720000.0_mean_300.0_v3" 201 - "PUT http://172.18.0.2:8080/v1/AUTH_3f7aaf69da22429aaa2b35b7eb8b6cfb/gnocchi.90ff0046-df40-43f5-b596-74340b28bf35/1764720000.0_mean_300.0_v3" "tx184d349c4beb47579258e-00692febb1" "proxy-server 20" 0.0106 "-" 22 0
Dec 3 07:50:09 standalone proxy-server[130028]: 172.18.0.2 172.18.0.100 03/Dec/2025/07/50/09 PUT /v1/AUTH_3f7aaf69da22429aaa2b35b7eb8b6cfb/gnocchi.90ff0046-df40-43f5-b596-74340b28bf35/1764720000.0_mean_300.0_v3 HTTP/1.0 201 - python-swiftclient-3.11.1 gAAAAABpL-sLW2Eo... 16 - - tx184d349c4beb47579258e-00692febb1 - 0.0183 - - 1764748209.314707518 1764748209.332958460 0
Dec 3 07:50:09 standalone container-server[127913]: 172.20.0.100 - - [03/Dec/2025:07:50:09 +0000] "PUT /d1/787/AUTH_3f7aaf69da22429aaa2b35b7eb8b6cfb/gnocchi.84bf9172-a831-4169-b46b-892b5942b2b5/none_v3" 201 - "PUT http://172.18.0.2:8080/d1/193/AUTH_3f7aaf69da22429aaa2b35b7eb8b6cfb/gnocchi.84bf9172-a831-4169-b46b-892b5942b2b5/none_v3" "txe272911c401f4e43aeddd-00692febb1" "object-server 22" 0.0009 "-" 14 0
Dec 3 07:50:09 standalone object-server[128001]: 172.20.0.100 - - [03/Dec/2025:07:50:09 +0000] "PUT /d1/193/AUTH_3f7aaf69da22429aaa2b35b7eb8b6cfb/gnocchi.84bf9172-a831-4169-b46b-892b5942b2b5/none_v3" 201 - "PUT http://172.18.0.2:8080/v1/AUTH_3f7aaf69da22429aaa2b35b7eb8b6cfb/gnocchi.84bf9172-a831-4169-b46b-892b5942b2b5/none_v3" "txe272911c401f4e43aeddd-00692febb1" "proxy-server 20" 0.0130 "-" 22 0
Dec 3 07:50:09 standalone proxy-server[130028]: 172.18.0.2 172.18.0.100 03/Dec/2025/07/50/09 PUT /v1/AUTH_3f7aaf69da22429aaa2b35b7eb8b6cfb/gnocchi.84bf9172-a831-4169-b46b-892b5942b2b5/none_v3 HTTP/1.0 201 - python-swiftclient-3.11.1 gAAAAABpL-sLW2Eo... 22 - - txe272911c401f4e43aeddd-00692febb1 - 0.0209 - - 1764748209.336584806 1764748209.357494593 0
Dec 3 07:50:09 standalone container-server[127913]: 172.20.0.100 - - [03/Dec/2025:07:50:09 +0000] "PUT /d1/418/AUTH_3f7aaf69da22429aaa2b35b7eb8b6cfb/gnocchi.90ff0046-df40-43f5-b596-74340b28bf35/none_v3" 201 - "PUT http://172.18.0.2:8080/d1/356/AUTH_3f7aaf69da22429aaa2b35b7eb8b6cfb/gnocchi.90ff0046-df40-43f5-b596-74340b28bf35/none_v3" "txf9d083fdde2a49b18f90d-00692febb1" "object-server 22" 0.0009 "-" 14 0
Dec 3 07:50:09 standalone object-server[128001]: 172.20.0.100 - - [03/Dec/2025:07:50:09 +0000] "PUT /d1/356/AUTH_3f7aaf69da22429aaa2b35b7eb8b6cfb/gnocchi.90ff0046-df40-43f5-b596-74340b28bf35/none_v3" 201 - "PUT http://172.18.0.2:8080/v1/AUTH_3f7aaf69da22429aaa2b35b7eb8b6cfb/gnocchi.90ff0046-df40-43f5-b596-74340b28bf35/none_v3" "txf9d083fdde2a49b18f90d-00692febb1" "proxy-server 20" 0.0140 "-" 22 0
Dec 3 07:50:09 standalone proxy-server[130028]: 172.18.0.2 172.18.0.100 03/Dec/2025/07/50/09 PUT /v1/AUTH_3f7aaf69da22429aaa2b35b7eb8b6cfb/gnocchi.90ff0046-df40-43f5-b596-74340b28bf35/none_v3 HTTP/1.0 201 - python-swiftclient-3.11.1 gAAAAABpL-sLW2Eo... 22 - - txf9d083fdde2a49b18f90d-00692febb1 - 0.0212 - - 1764748209.362017393 1764748209.383227348 0
Dec 3 07:50:09 standalone container-server[127913]: 172.20.0.100 - - [03/Dec/2025:07:50:09 +0000] "HEAD /d1/873/AUTH_3f7aaf69da22429aaa2b35b7eb8b6cfb/gnocchi.07fb895f-6da1-4fb3-9cbf-11b7d9957d0e" 404 - "HEAD http://172.18.0.2:8080/v1/AUTH_3f7aaf69da22429aaa2b35b7eb8b6cfb/gnocchi.07fb895f-6da1-4fb3-9cbf-11b7d9957d0e?format=json&states=listing" "tx800698143fd3407cadf7c-00692febb1" "proxy-server 20" 0.0007 "-" 14 0
Dec 3 07:50:09 standalone object-server[128006]: 172.20.0.100 - - [03/Dec/2025:07:50:09 +0000] "GET /d1/337/AUTH_3f7aaf69da22429aaa2b35b7eb8b6cfb/gnocchi.07fb895f-6da1-4fb3-9cbf-11b7d9957d0e/none_v3" 404 70 "GET http://172.18.0.2:8080/v1/AUTH_3f7aaf69da22429aaa2b35b7eb8b6cfb/gnocchi.07fb895f-6da1-4fb3-9cbf-11b7d9957d0e/none_v3" "tx800698143fd3407cadf7c-00692febb1" "proxy-server 20" 0.0005 "-" 25 0
Dec 3 07:50:09 standalone proxy-server[130028]: 172.18.0.2 172.18.0.100 03/Dec/2025/07/50/09 GET /v1/AUTH_3f7aaf69da22429aaa2b35b7eb8b6cfb/gnocchi.07fb895f-6da1-4fb3-9cbf-11b7d9957d0e/none_v3 HTTP/1.0 404 - python-swiftclient-3.11.1 gAAAAABpL-sLW2Eo... - 70 - tx800698143fd3407cadf7c-00692febb1 - 0.0146 - - 1764748209.426986694 1764748209.441594124 0
Dec 3 07:50:09 standalone account-server[127784]: 172.20.0.100 - - [03/Dec/2025:07:50:09 +0000] "PUT /d1/385/AUTH_3f7aaf69da22429aaa2b35b7eb8b6cfb/gnocchi.07fb895f-6da1-4fb3-9cbf-11b7d9957d0e" 201 - "PUT http://172.20.0.100:6001/d1/873/AUTH_3f7aaf69da22429aaa2b35b7eb8b6cfb/gnocchi.07fb895f-6da1-4fb3-9cbf-11b7d9957d0e" "tx0a5a71942a104e2dbeade-00692febb1" "container-server 15" 0.0050 "-" 22 0
Dec 3 07:50:09 standalone container-server[127919]: 172.20.0.100 - - [03/Dec/2025:07:50:09 +0000] "PUT /d1/873/AUTH_3f7aaf69da22429aaa2b35b7eb8b6cfb/gnocchi.07fb895f-6da1-4fb3-9cbf-11b7d9957d0e" 201 - "PUT http://172.18.0.2:8080/v1/AUTH_3f7aaf69da22429aaa2b35b7eb8b6cfb/gnocchi.07fb895f-6da1-4fb3-9cbf-11b7d9957d0e" "tx0a5a71942a104e2dbeade-00692febb1" "proxy-server 20" 0.0191 "-" 15 0
Dec 3 07:50:09 standalone proxy-server[130028]: 172.18.0.2 172.18.0.100 03/Dec/2025/07/50/09 PUT /v1/AUTH_3f7aaf69da22429aaa2b35b7eb8b6cfb/gnocchi.07fb895f-6da1-4fb3-9cbf-11b7d9957d0e HTTP/1.0 201 - python-swiftclient-3.11.1 gAAAAABpL-sLW2Eo... - - - tx0a5a71942a104e2dbeade-00692febb1 - 0.0262 - - 1764748209.446005344 1764748209.472213030 0
Dec 3 07:50:09 standalone container-server[127927]: 172.20.0.100 - - [03/Dec/2025:07:50:09 +0000] "HEAD /d1/873/AUTH_3f7aaf69da22429aaa2b35b7eb8b6cfb/gnocchi.07fb895f-6da1-4fb3-9cbf-11b7d9957d0e" 204 - "HEAD http://172.18.0.2:8080/v1/AUTH_3f7aaf69da22429aaa2b35b7eb8b6cfb/gnocchi.07fb895f-6da1-4fb3-9cbf-11b7d9957d0e?format=json&states=listing" "tx1b3ce6d8a6cb43ddaa97c-00692febb1" "proxy-server 20" 0.0024 "-" 17 0
Dec 3 07:50:09 standalone proxy-server[130028]: - - 03/Dec/2025/07/50/09 HEAD /v1/AUTH_3f7aaf69da22429aaa2b35b7eb8b6cfb/gnocchi.07fb895f-6da1-4fb3-9cbf-11b7d9957d0e%3Fformat%3Djson%26states%3Dlisting HTTP/1.0 204 - Swift - - - - tx1b3ce6d8a6cb43ddaa97c-00692febb1 - 0.0075 RL - 1764748209.479567051 1764748209.487050295 0
Dec 3 07:50:09 standalone container-server[127919]: 172.20.0.100 - - [03/Dec/2025:07:50:09 +0000] "GET /d1/873/AUTH_3f7aaf69da22429aaa2b35b7eb8b6cfb/gnocchi.07fb895f-6da1-4fb3-9cbf-11b7d9957d0e" 200 2 "GET http://172.18.0.2:8080/v1/AUTH_3f7aaf69da22429aaa2b35b7eb8b6cfb/gnocchi.07fb895f-6da1-4fb3-9cbf-11b7d9957d0e?format=json&states=listing" "tx1b3ce6d8a6cb43ddaa97c-00692febb1" "proxy-server 20" 0.0033 "-" 15 0
Dec 3 07:50:09 standalone proxy-server[130028]: 172.18.0.2 172.18.0.100 03/Dec/2025/07/50/09 GET /v1/AUTH_3f7aaf69da22429aaa2b35b7eb8b6cfb/gnocchi.07fb895f-6da1-4fb3-9cbf-11b7d9957d0e%3Fformat%3Djson%26states%3Dlisting HTTP/1.0 200 - python-swiftclient-3.11.1 gAAAAABpL-sLW2Eo... - 2 - tx1b3ce6d8a6cb43ddaa97c-00692febb1 - 0.0209 - - 1764748209.477788448 1764748209.498660803 0
Dec 3 07:50:09 standalone object-server[128003]: 172.20.0.100 - - [03/Dec/2025:07:50:09 +0000] "GET /d1/133/AUTH_3f7aaf69da22429aaa2b35b7eb8b6cfb/gnocchi.07fb895f-6da1-4fb3-9cbf-11b7d9957d0e/1764720000.0_mean_300.0_v3" 404 70 "GET http://172.18.0.2:8080/v1/AUTH_3f7aaf69da22429aaa2b35b7eb8b6cfb/gnocchi.07fb895f-6da1-4fb3-9cbf-11b7d9957d0e/1764720000.0_mean_300.0_v3" "txd7985f8ce4f64201912b9-00692febb1" "proxy-server 20" 0.0007 "-" 23 0
Dec 3 07:50:09 standalone proxy-server[130028]: 172.18.0.2 172.18.0.100 03/Dec/2025/07/50/09 GET /v1/AUTH_3f7aaf69da22429aaa2b35b7eb8b6cfb/gnocchi.07fb895f-6da1-4fb3-9cbf-11b7d9957d0e/1764720000.0_mean_300.0_v3 HTTP/1.0 404 - python-swiftclient-3.11.1 gAAAAABpL-sLW2Eo... - 70 - txd7985f8ce4f64201912b9-00692febb1 - 0.0081 - - 1764748209.503721952 1764748209.511786699 0
Dec 3 07:50:09 standalone container-server[127927]: 172.20.0.100 - - [03/Dec/2025:07:50:09 +0000] "PUT /d1/873/AUTH_3f7aaf69da22429aaa2b35b7eb8b6cfb/gnocchi.07fb895f-6da1-4fb3-9cbf-11b7d9957d0e/1764720000.0_mean_300.0_v3" 201 - "PUT http://172.18.0.2:8080/d1/133/AUTH_3f7aaf69da22429aaa2b35b7eb8b6cfb/gnocchi.07fb895f-6da1-4fb3-9cbf-11b7d9957d0e/1764720000.0_mean_300.0_v3" "tx3ff165f33b2149999c312-00692febb1" "object-server 22" 0.0009 "-" 17 0
Dec 3 07:50:09 standalone object-server[128001]: 172.20.0.100 - - [03/Dec/2025:07:50:09 +0000] "PUT /d1/133/AUTH_3f7aaf69da22429aaa2b35b7eb8b6cfb/gnocchi.07fb895f-6da1-4fb3-9cbf-11b7d9957d0e/1764720000.0_mean_300.0_v3" 201 - "PUT http://172.18.0.2:8080/v1/AUTH_3f7aaf69da22429aaa2b35b7eb8b6cfb/gnocchi.07fb895f-6da1-4fb3-9cbf-11b7d9957d0e/1764720000.0_mean_300.0_v3" "tx3ff165f33b2149999c312-00692febb1" "proxy-server 20" 0.0148 "-" 22 0
Dec 3 07:50:09 standalone proxy-server[130028]: 172.18.0.2 172.18.0.100 03/Dec/2025/07/50/09 PUT /v1/AUTH_3f7aaf69da22429aaa2b35b7eb8b6cfb/gnocchi.07fb895f-6da1-4fb3-9cbf-11b7d9957d0e/1764720000.0_mean_300.0_v3 HTTP/1.0 201 - python-swiftclient-3.11.1 gAAAAABpL-sLW2Eo... 16 - - tx3ff165f33b2149999c312-00692febb1 - 0.0227 - - 1764748209.515682697 1764748209.538367271 0
Dec 3 07:50:09 standalone container-server[127913]: 172.20.0.100 - - [03/Dec/2025:07:50:09 +0000] "PUT /d1/873/AUTH_3f7aaf69da22429aaa2b35b7eb8b6cfb/gnocchi.07fb895f-6da1-4fb3-9cbf-11b7d9957d0e/none_v3" 201 - "PUT http://172.18.0.2:8080/d1/337/AUTH_3f7aaf69da22429aaa2b35b7eb8b6cfb/gnocchi.07fb895f-6da1-4fb3-9cbf-11b7d9957d0e/none_v3" "txeaae00770c0d42a683055-00692febb1" "object-server 23" 0.0016 "-" 14 0
Dec 3 07:50:09 standalone object-server[128003]: 172.20.0.100 - - [03/Dec/2025:07:50:09 +0000] "PUT /d1/337/AUTH_3f7aaf69da22429aaa2b35b7eb8b6cfb/gnocchi.07fb895f-6da1-4fb3-9cbf-11b7d9957d0e/none_v3" 201 - "PUT http://172.18.0.2:8080/v1/AUTH_3f7aaf69da22429aaa2b35b7eb8b6cfb/gnocchi.07fb895f-6da1-4fb3-9cbf-11b7d9957d0e/none_v3" "txeaae00770c0d42a683055-00692febb1" "proxy-server 20" 0.0135 "-" 23 0
Dec 3 07:50:09 standalone proxy-server[130028]: 172.18.0.2 172.18.0.100 03/Dec/2025/07/50/09 PUT /v1/AUTH_3f7aaf69da22429aaa2b35b7eb8b6cfb/gnocchi.07fb895f-6da1-4fb3-9cbf-11b7d9957d0e/none_v3 HTTP/1.0 201 - python-swiftclient-3.11.1 gAAAAABpL-sLW2Eo... 22 - - txeaae00770c0d42a683055-00692febb1 - 0.0235 - - 1764748209.542314529 1764748209.565838575 0
Dec 3 07:50:09 standalone container-server[127927]: 172.20.0.100 - - [03/Dec/2025:07:50:09 +0000] "HEAD /d1/918/AUTH_3f7aaf69da22429aaa2b35b7eb8b6cfb/gnocchi.82af02b3-58bb-4370-976c-e6b9ea113242" 404 - "HEAD http://172.18.0.2:8080/v1/AUTH_3f7aaf69da22429aaa2b35b7eb8b6cfb/gnocchi.82af02b3-58bb-4370-976c-e6b9ea113242?format=json&states=listing" "txc97bd03e32ad4529a34ef-00692febb1" "proxy-server 20" 0.0004 "-" 17 0
Dec 3 07:50:09 standalone object-server[128006]: 172.20.0.100 - - [03/Dec/2025:07:50:09 +0000] "GET /d1/7/AUTH_3f7aaf69da22429aaa2b35b7eb8b6cfb/gnocchi.82af02b3-58bb-4370-976c-e6b9ea113242/none_v3" 404 70 "GET http://172.18.0.2:8080/v1/AUTH_3f7aaf69da22429aaa2b35b7eb8b6cfb/gnocchi.82af02b3-58bb-4370-976c-e6b9ea113242/none_v3" "txc97bd03e32ad4529a34ef-00692febb1" "proxy-server 20" 0.0003 "-" 25 0
Dec 3 07:50:09 standalone proxy-server[130028]: 172.18.0.2 172.18.0.100 03/Dec/2025/07/50/09 GET /v1/AUTH_3f7aaf69da22429aaa2b35b7eb8b6cfb/gnocchi.82af02b3-58bb-4370-976c-e6b9ea113242/none_v3 HTTP/1.0 404 - python-swiftclient-3.11.1 gAAAAABpL-sLW2Eo... - 70 - txc97bd03e32ad4529a34ef-00692febb1 - 0.0133 - - 1764748209.660706282 1764748209.674041033 0
Dec 3 07:50:09 standalone account-server[127778]: 172.20.0.100 - - [03/Dec/2025:07:50:09 +0000] "PUT /d1/385/AUTH_3f7aaf69da22429aaa2b35b7eb8b6cfb/gnocchi.82af02b3-58bb-4370-976c-e6b9ea113242" 201 - "PUT http://172.20.0.100:6001/d1/918/AUTH_3f7aaf69da22429aaa2b35b7eb8b6cfb/gnocchi.82af02b3-58bb-4370-976c-e6b9ea113242" "tx5434c97c58494740bcea5-00692febb1" "container-server 16" 0.0060 "-" 21 0
Dec 3 07:50:09 standalone container-server[127924]: 172.20.0.100 - - [03/Dec/2025:07:50:09 +0000] "PUT /d1/918/AUTH_3f7aaf69da22429aaa2b35b7eb8b6cfb/gnocchi.82af02b3-58bb-4370-976c-e6b9ea113242" 201 - "PUT http://172.18.0.2:8080/v1/AUTH_3f7aaf69da22429aaa2b35b7eb8b6cfb/gnocchi.82af02b3-58bb-4370-976c-e6b9ea113242" "tx5434c97c58494740bcea5-00692febb1" "proxy-server 20" 0.0167 "-" 16 0
Dec 3 07:50:09 standalone proxy-server[130028]: 172.18.0.2 172.18.0.100 03/Dec/2025/07/50/09 PUT /v1/AUTH_3f7aaf69da22429aaa2b35b7eb8b6cfb/gnocchi.82af02b3-58bb-4370-976c-e6b9ea113242 HTTP/1.0 201 - python-swiftclient-3.11.1 gAAAAABpL-sLW2Eo... - - - tx5434c97c58494740bcea5-00692febb1 - 0.0247 - - 1764748209.677937269 1764748209.702647209 0
Dec 3 07:50:09 standalone container-server[127913]: 172.20.0.100 - - [03/Dec/2025:07:50:09 +0000] "HEAD /d1/918/AUTH_3f7aaf69da22429aaa2b35b7eb8b6cfb/gnocchi.82af02b3-58bb-4370-976c-e6b9ea113242" 204 - "HEAD http://172.18.0.2:8080/v1/AUTH_3f7aaf69da22429aaa2b35b7eb8b6cfb/gnocchi.82af02b3-58bb-4370-976c-e6b9ea113242?format=json&states=listing" "tx8b9baa12cdf6488e8d7fd-00692febb1" "proxy-server 20" 0.0029 "-" 14 0
Dec 3 07:50:09 standalone proxy-server[130028]: - - 03/Dec/2025/07/50/09 HEAD /v1/AUTH_3f7aaf69da22429aaa2b35b7eb8b6cfb/gnocchi.82af02b3-58bb-4370-976c-e6b9ea113242%3Fformat%3Djson%26states%3Dlisting HTTP/1.0 204 - Swift - - - - tx8b9baa12cdf6488e8d7fd-00692febb1 - 0.0091 RL - 1764748209.709630966 1764748209.718720913 0
Dec 3 07:50:09 standalone container-server[127919]: 172.20.0.100 - - [03/Dec/2025:07:50:09 +0000] "GET /d1/918/AUTH_3f7aaf69da22429aaa2b35b7eb8b6cfb/gnocchi.82af02b3-58bb-4370-976c-e6b9ea113242" 200 2 "GET http://172.18.0.2:8080/v1/AUTH_3f7aaf69da22429aaa2b35b7eb8b6cfb/gnocchi.82af02b3-58bb-4370-976c-e6b9ea113242?format=json&states=listing" "tx8b9baa12cdf6488e8d7fd-00692febb1" "proxy-server 20" 0.0030 "-" 15 0
Dec 3 07:50:09 standalone proxy-server[130028]: 172.18.0.2 172.18.0.100 03/Dec/2025/07/50/09 GET /v1/AUTH_3f7aaf69da22429aaa2b35b7eb8b6cfb/gnocchi.82af02b3-58bb-4370-976c-e6b9ea113242%3Fformat%3Djson%26states%3Dlisting HTTP/1.0 200 - python-swiftclient-3.11.1 gAAAAABpL-sLW2Eo... - 2 - tx8b9baa12cdf6488e8d7fd-00692febb1 - 0.0243 - - 1764748209.707721233 1764748209.732060432 0
Dec 3 07:50:09 standalone object-server[128001]: 172.20.0.100 - - [03/Dec/2025:07:50:09 +0000] "GET /d1/495/AUTH_3f7aaf69da22429aaa2b35b7eb8b6cfb/gnocchi.82af02b3-58bb-4370-976c-e6b9ea113242/1764720000.0_mean_300.0_v3" 404 70 "GET http://172.18.0.2:8080/v1/AUTH_3f7aaf69da22429aaa2b35b7eb8b6cfb/gnocchi.82af02b3-58bb-4370-976c-e6b9ea113242/1764720000.0_mean_300.0_v3" "tx1f6ea9cdb4784292be59e-00692febb1" "proxy-server 20" 0.0006 "-" 22 0
Dec 3 07:50:09 standalone proxy-server[130028]: 172.18.0.2 172.18.0.100 03/Dec/2025/07/50/09 GET /v1/AUTH_3f7aaf69da22429aaa2b35b7eb8b6cfb/gnocchi.82af02b3-58bb-4370-976c-e6b9ea113242/1764720000.0_mean_300.0_v3 HTTP/1.0 404 - python-swiftclient-3.11.1 gAAAAABpL-sLW2Eo... - 70 - tx1f6ea9cdb4784292be59e-00692febb1 - 0.0129 - - 1764748209.736352682 1764748209.749281883 0
Dec 3 07:50:09 standalone container-server[127924]: 172.20.0.100 - - [03/Dec/2025:07:50:09 +0000] "PUT /d1/918/AUTH_3f7aaf69da22429aaa2b35b7eb8b6cfb/gnocchi.82af02b3-58bb-4370-976c-e6b9ea113242/1764720000.0_mean_300.0_v3" 201 - "PUT http://172.18.0.2:8080/d1/495/AUTH_3f7aaf69da22429aaa2b35b7eb8b6cfb/gnocchi.82af02b3-58bb-4370-976c-e6b9ea113242/1764720000.0_mean_300.0_v3" "tx66a9af7003b2468ab74bd-00692febb1" "object-server 23" 0.0007 "-" 16 0
Dec 3 07:50:09 standalone object-server[128003]: 172.20.0.100 - - [03/Dec/2025:07:50:09 +0000] "PUT /d1/495/AUTH_3f7aaf69da22429aaa2b35b7eb8b6cfb/gnocchi.82af02b3-58bb-4370-976c-e6b9ea113242/1764720000.0_mean_300.0_v3" 201 - "PUT http://172.18.0.2:8080/v1/AUTH_3f7aaf69da22429aaa2b35b7eb8b6cfb/gnocchi.82af02b3-58bb-4370-976c-e6b9ea113242/1764720000.0_mean_300.0_v3" "tx66a9af7003b2468ab74bd-00692febb1" "proxy-server 20" 0.0120 "-" 23 0
Dec 3 07:50:09 standalone proxy-server[130028]: 172.18.0.2 172.18.0.100 03/Dec/2025/07/50/09 PUT /v1/AUTH_3f7aaf69da22429aaa2b35b7eb8b6cfb/gnocchi.82af02b3-58bb-4370-976c-e6b9ea113242/1764720000.0_mean_300.0_v3 HTTP/1.0 201 - python-swiftclient-3.11.1 gAAAAABpL-sLW2Eo... 16 - - tx66a9af7003b2468ab74bd-00692febb1 - 0.0275 - - 1764748209.753035784 1764748209.780533791 0
Dec 3 07:50:09 standalone container-server[127927]: 172.20.0.100 - - [03/Dec/2025:07:50:09 +0000] "PUT /d1/918/AUTH_3f7aaf69da22429aaa2b35b7eb8b6cfb/gnocchi.82af02b3-58bb-4370-976c-e6b9ea113242/none_v3" 201 - "PUT http://172.18.0.2:8080/d1/7/AUTH_3f7aaf69da22429aaa2b35b7eb8b6cfb/gnocchi.82af02b3-58bb-4370-976c-e6b9ea113242/none_v3" "txdcdcabc789314acbb3bca-00692febb1" "object-server 24" 0.0005 "-" 17 0
Dec 3 07:50:09 standalone object-server[128004]: 172.20.0.100 - - [03/Dec/2025:07:50:09 +0000] "PUT /d1/7/AUTH_3f7aaf69da22429aaa2b35b7eb8b6cfb/gnocchi.82af02b3-58bb-4370-976c-e6b9ea113242/none_v3" 201 - "PUT http://172.18.0.2:8080/v1/AUTH_3f7aaf69da22429aaa2b35b7eb8b6cfb/gnocchi.82af02b3-58bb-4370-976c-e6b9ea113242/none_v3" "txdcdcabc789314acbb3bca-00692febb1" "proxy-server 20" 0.0091 "-" 24 0
Dec 3 07:50:09 standalone proxy-server[130028]: 172.18.0.2 172.18.0.100 03/Dec/2025/07/50/09 PUT /v1/AUTH_3f7aaf69da22429aaa2b35b7eb8b6cfb/gnocchi.82af02b3-58bb-4370-976c-e6b9ea113242/none_v3 HTTP/1.0 201 - python-swiftclient-3.11.1 gAAAAABpL-sLW2Eo... 22 - - txdcdcabc789314acbb3bca-00692febb1 - 0.0171 - - 1764748209.787353754 1764748209.804473639 0
Dec 3 07:50:09 standalone container-server[127919]: 172.20.0.100 - - [03/Dec/2025:07:50:09 +0000] "HEAD /d1/998/AUTH_3f7aaf69da22429aaa2b35b7eb8b6cfb/gnocchi.974d9ac9-49e1-4cc0-8718-e58c0d14e1ee" 404 - "HEAD http://172.18.0.2:8080/v1/AUTH_3f7aaf69da22429aaa2b35b7eb8b6cfb/gnocchi.974d9ac9-49e1-4cc0-8718-e58c0d14e1ee?format=json&states=listing" "tx111cdfa03dcd4c06ab4d1-00692febb1" "proxy-server 20" 0.0004 "-" 15 0
Dec 3 07:50:09 standalone object-server[128003]: 172.20.0.100 - - [03/Dec/2025:07:50:09 +0000] "GET /d1/889/AUTH_3f7aaf69da22429aaa2b35b7eb8b6cfb/gnocchi.974d9ac9-49e1-4cc0-8718-e58c0d14e1ee/none_v3" 404 70 "GET http://172.18.0.2:8080/v1/AUTH_3f7aaf69da22429aaa2b35b7eb8b6cfb/gnocchi.974d9ac9-49e1-4cc0-8718-e58c0d14e1ee/none_v3" "tx111cdfa03dcd4c06ab4d1-00692febb1" "proxy-server 20" 0.0003 "-" 23 0
Dec 3 07:50:09 standalone proxy-server[130028]: 172.18.0.2 172.18.0.100 03/Dec/2025/07/50/09 GET /v1/AUTH_3f7aaf69da22429aaa2b35b7eb8b6cfb/gnocchi.974d9ac9-49e1-4cc0-8718-e58c0d14e1ee/none_v3 HTTP/1.0 404 - python-swiftclient-3.11.1 gAAAAABpL-sLW2Eo... - 70 - tx111cdfa03dcd4c06ab4d1-00692febb1 - 0.0119 - - 1764748209.870166540 1764748209.882050037 0
Dec 3 07:50:09 standalone account-server[127770]: 172.20.0.100 - - [03/Dec/2025:07:50:09 +0000] "PUT /d1/385/AUTH_3f7aaf69da22429aaa2b35b7eb8b6cfb/gnocchi.974d9ac9-49e1-4cc0-8718-e58c0d14e1ee" 201 - "PUT http://172.20.0.100:6001/d1/998/AUTH_3f7aaf69da22429aaa2b35b7eb8b6cfb/gnocchi.974d9ac9-49e1-4cc0-8718-e58c0d14e1ee" "tx852f555a5c3343da83637-00692febb1" "container-server 15" 0.0052 "-" 20 0
Dec 3 07:50:09 standalone container-server[127919]: 172.20.0.100 - - [03/Dec/2025:07:50:09 +0000] "PUT /d1/998/AUTH_3f7aaf69da22429aaa2b35b7eb8b6cfb/gnocchi.974d9ac9-49e1-4cc0-8718-e58c0d14e1ee" 201 - "PUT http://172.18.0.2:8080/v1/AUTH_3f7aaf69da22429aaa2b35b7eb8b6cfb/gnocchi.974d9ac9-49e1-4cc0-8718-e58c0d14e1ee" "tx852f555a5c3343da83637-00692febb1" "proxy-server 20" 0.0137 "-" 15 0
Dec 3 07:50:09 standalone proxy-server[130028]: 172.18.0.2 172.18.0.100 03/Dec/2025/07/50/09 PUT /v1/AUTH_3f7aaf69da22429aaa2b35b7eb8b6cfb/gnocchi.974d9ac9-49e1-4cc0-8718-e58c0d14e1ee HTTP/1.0 201 - python-swiftclient-3.11.1 gAAAAABpL-sLW2Eo... - - - tx852f555a5c3343da83637-00692febb1 - 0.0184 - - 1764748209.884744883 1764748209.903102160 0
Dec 3 07:50:09 standalone container-server[127919]: 172.20.0.100 - - [03/Dec/2025:07:50:09 +0000] "HEAD /d1/998/AUTH_3f7aaf69da22429aaa2b35b7eb8b6cfb/gnocchi.974d9ac9-49e1-4cc0-8718-e58c0d14e1ee" 204 - "HEAD http://172.18.0.2:8080/v1/AUTH_3f7aaf69da22429aaa2b35b7eb8b6cfb/gnocchi.974d9ac9-49e1-4cc0-8718-e58c0d14e1ee?format=json&states=listing" "tx6c7b1dfb8cc04c3dafed4-00692febb1" "proxy-server 20" 0.0009 "-" 15 0
Dec 3 07:50:09 standalone proxy-server[130028]: - - 03/Dec/2025/07/50/09 HEAD /v1/AUTH_3f7aaf69da22429aaa2b35b7eb8b6cfb/gnocchi.974d9ac9-49e1-4cc0-8718-e58c0d14e1ee%3Fformat%3Djson%26states%3Dlisting HTTP/1.0 204 - Swift - - - - tx6c7b1dfb8cc04c3dafed4-00692febb1 - 0.0035 RL - 1764748209.906141281 1764748209.909625530 0
Dec 3 07:50:09 standalone container-server[127927]: 172.20.0.100 - - [03/Dec/2025:07:50:09 +0000] "GET /d1/998/AUTH_3f7aaf69da22429aaa2b35b7eb8b6cfb/gnocchi.974d9ac9-49e1-4cc0-8718-e58c0d14e1ee" 200 2 "GET http://172.18.0.2:8080/v1/AUTH_3f7aaf69da22429aaa2b35b7eb8b6cfb/gnocchi.974d9ac9-49e1-4cc0-8718-e58c0d14e1ee?format=json&states=listing" "tx6c7b1dfb8cc04c3dafed4-00692febb1" "proxy-server 20" 0.0017 "-" 17 0
Dec 3 07:50:09 standalone proxy-server[130028]: 172.18.0.2 172.18.0.100 03/Dec/2025/07/50/09 GET /v1/AUTH_3f7aaf69da22429aaa2b35b7eb8b6cfb/gnocchi.974d9ac9-49e1-4cc0-8718-e58c0d14e1ee%3Fformat%3Djson%26states%3Dlisting HTTP/1.0 200 - python-swiftclient-3.11.1 gAAAAABpL-sLW2Eo... - 2 - tx6c7b1dfb8cc04c3dafed4-00692febb1 - 0.0106 - - 1764748209.905383825 1764748209.915974379 0
Dec 3 07:50:09 standalone object-server[128003]: 172.20.0.100 - - [03/Dec/2025:07:50:09 +0000] "GET /d1/415/AUTH_3f7aaf69da22429aaa2b35b7eb8b6cfb/gnocchi.974d9ac9-49e1-4cc0-8718-e58c0d14e1ee/1764720000.0_mean_300.0_v3" 404 70 "GET http://172.18.0.2:8080/v1/AUTH_3f7aaf69da22429aaa2b35b7eb8b6cfb/gnocchi.974d9ac9-49e1-4cc0-8718-e58c0d14e1ee/1764720000.0_mean_300.0_v3" "tx15a5d89be02144369c59b-00692febb1" "proxy-server 20" 0.0003 "-" 23 0
Dec 3 07:50:09 standalone proxy-server[130028]: 172.18.0.2 172.18.0.100 03/Dec/2025/07/50/09 GET /v1/AUTH_3f7aaf69da22429aaa2b35b7eb8b6cfb/gnocchi.974d9ac9-49e1-4cc0-8718-e58c0d14e1ee/1764720000.0_mean_300.0_v3 HTTP/1.0 404 - python-swiftclient-3.11.1 gAAAAABpL-sLW2Eo... - 70 - tx15a5d89be02144369c59b-00692febb1 - 0.0039 - - 1764748209.918186188 1764748209.922045231 0
Dec 3 07:50:09 standalone container-server[127924]: 172.20.0.100 - - [03/Dec/2025:07:50:09 +0000] "PUT /d1/998/AUTH_3f7aaf69da22429aaa2b35b7eb8b6cfb/gnocchi.974d9ac9-49e1-4cc0-8718-e58c0d14e1ee/1764720000.0_mean_300.0_v3" 201 - "PUT http://172.18.0.2:8080/d1/415/AUTH_3f7aaf69da22429aaa2b35b7eb8b6cfb/gnocchi.974d9ac9-49e1-4cc0-8718-e58c0d14e1ee/1764720000.0_mean_300.0_v3" "txab2f539f86434e7583b7e-00692febb1" "object-server 22" 0.0005 "-" 16 0
Dec 3 07:50:09 standalone object-server[128001]: 172.20.0.100 - - [03/Dec/2025:07:50:09 +0000] "PUT /d1/415/AUTH_3f7aaf69da22429aaa2b35b7eb8b6cfb/gnocchi.974d9ac9-49e1-4cc0-8718-e58c0d14e1ee/1764720000.0_mean_300.0_v3" 201 - "PUT http://172.18.0.2:8080/v1/AUTH_3f7aaf69da22429aaa2b35b7eb8b6cfb/gnocchi.974d9ac9-49e1-4cc0-8718-e58c0d14e1ee/1764720000.0_mean_300.0_v3" "txab2f539f86434e7583b7e-00692febb1" "proxy-server 20" 0.0098 "-" 22 0
Dec 3 07:50:09 standalone proxy-server[130028]: 172.18.0.2 172.18.0.100 03/Dec/2025/07/50/09 PUT /v1/AUTH_3f7aaf69da22429aaa2b35b7eb8b6cfb/gnocchi.974d9ac9-49e1-4cc0-8718-e58c0d14e1ee/1764720000.0_mean_300.0_v3 HTTP/1.0 201 - python-swiftclient-3.11.1 gAAAAABpL-sLW2Eo... 16 - - txab2f539f86434e7583b7e-00692febb1 - 0.0146 - - 1764748209.923795462 1764748209.938397169 0
Dec 3 07:50:09 standalone container-server[127913]: 172.20.0.100 - - [03/Dec/2025:07:50:09 +0000] "PUT /d1/998/AUTH_3f7aaf69da22429aaa2b35b7eb8b6cfb/gnocchi.974d9ac9-49e1-4cc0-8718-e58c0d14e1ee/none_v3" 201 - "PUT http://172.18.0.2:8080/d1/889/AUTH_3f7aaf69da22429aaa2b35b7eb8b6cfb/gnocchi.974d9ac9-49e1-4cc0-8718-e58c0d14e1ee/none_v3" "txef74e753740d41bf9dbb6-00692febb1" "object-server 23" 0.0009 "-" 14 0
Dec 3 07:50:09 standalone object-server[128003]: 172.20.0.100 - - [03/Dec/2025:07:50:09 +0000] "PUT /d1/889/AUTH_3f7aaf69da22429aaa2b35b7eb8b6cfb/gnocchi.974d9ac9-49e1-4cc0-8718-e58c0d14e1ee/none_v3" 201 - "PUT http://172.18.0.2:8080/v1/AUTH_3f7aaf69da22429aaa2b35b7eb8b6cfb/gnocchi.974d9ac9-49e1-4cc0-8718-e58c0d14e1ee/none_v3" "txef74e753740d41bf9dbb6-00692febb1" "proxy-server 20" 0.0186 "-" 23 0
Dec 3 07:50:09 standalone proxy-server[130028]: 172.18.0.2 172.18.0.100 03/Dec/2025/07/50/09 PUT /v1/AUTH_3f7aaf69da22429aaa2b35b7eb8b6cfb/gnocchi.974d9ac9-49e1-4cc0-8718-e58c0d14e1ee/none_v3 HTTP/1.0 201 - python-swiftclient-3.11.1 gAAAAABpL-sLW2Eo... 22 - - txef74e753740d41bf9dbb6-00692febb1 - 0.0222 - - 1764748209.940117598 1764748209.962301731 0
Dec 3 07:50:09 standalone container-server[127924]: 172.20.0.100 - - [03/Dec/2025:07:50:09 +0000] "HEAD /d1/583/AUTH_3f7aaf69da22429aaa2b35b7eb8b6cfb/gnocchi.687c9e83-b24e-42e6-beda-32e0272466f4" 404 - "HEAD http://172.18.0.2:8080/v1/AUTH_3f7aaf69da22429aaa2b35b7eb8b6cfb/gnocchi.687c9e83-b24e-42e6-beda-32e0272466f4?format=json&states=listing" "tx93f5b7b71d334b07ab494-00692febb1" "proxy-server 20" 0.0003 "-" 16 0
Dec 3 07:50:09 standalone object-server[128004]: 172.20.0.100 - - [03/Dec/2025:07:50:09 +0000] "GET /d1/68/AUTH_3f7aaf69da22429aaa2b35b7eb8b6cfb/gnocchi.687c9e83-b24e-42e6-beda-32e0272466f4/none_v3" 404 70 "GET http://172.18.0.2:8080/v1/AUTH_3f7aaf69da22429aaa2b35b7eb8b6cfb/gnocchi.687c9e83-b24e-42e6-beda-32e0272466f4/none_v3" "tx93f5b7b71d334b07ab494-00692febb1" "proxy-server 20" 0.0003 "-" 24 0
Dec 3 07:50:09 standalone proxy-server[130028]: 172.18.0.2 172.18.0.100 03/Dec/2025/07/50/09 GET /v1/AUTH_3f7aaf69da22429aaa2b35b7eb8b6cfb/gnocchi.687c9e83-b24e-42e6-beda-32e0272466f4/none_v3 HTTP/1.0 404 - python-swiftclient-3.11.1 gAAAAABpL-sLW2Eo... - 70 - tx93f5b7b71d334b07ab494-00692febb1 - 0.0071 - - 1764748209.973750830 1764748209.980805635 0
Dec 3 07:50:10 standalone account-server[127778]: 172.20.0.100 - - [03/Dec/2025:07:50:10 +0000] "PUT /d1/385/AUTH_3f7aaf69da22429aaa2b35b7eb8b6cfb/gnocchi.687c9e83-b24e-42e6-beda-32e0272466f4" 201 - "PUT http://172.20.0.100:6001/d1/583/AUTH_3f7aaf69da22429aaa2b35b7eb8b6cfb/gnocchi.687c9e83-b24e-42e6-beda-32e0272466f4" "tx4a8e1985198d4007b7d44-00692febb1" "container-server 14" 0.0056 "-" 21 0
Dec 3 07:50:10 standalone container-server[127913]: 172.20.0.100 - - [03/Dec/2025:07:50:10 +0000] "PUT /d1/583/AUTH_3f7aaf69da22429aaa2b35b7eb8b6cfb/gnocchi.687c9e83-b24e-42e6-beda-32e0272466f4" 201 - "PUT http://172.18.0.2:8080/v1/AUTH_3f7aaf69da22429aaa2b35b7eb8b6cfb/gnocchi.687c9e83-b24e-42e6-beda-32e0272466f4" "tx4a8e1985198d4007b7d44-00692febb1" "proxy-server 20" 0.0215 "-" 14 0
Dec 3 07:50:10 standalone proxy-server[130028]: 172.18.0.2 172.18.0.100 03/Dec/2025/07/50/10 PUT /v1/AUTH_3f7aaf69da22429aaa2b35b7eb8b6cfb/gnocchi.687c9e83-b24e-42e6-beda-32e0272466f4 HTTP/1.0 201 - python-swiftclient-3.11.1 gAAAAABpL-sLW2Eo... - - - tx4a8e1985198d4007b7d44-00692febb1 - 0.0260 - - 1764748209.982559919 1764748210.008582115 0
Dec 3 07:50:10 standalone container-server[127924]: 172.20.0.100 - - [03/Dec/2025:07:50:10 +0000] "HEAD /d1/583/AUTH_3f7aaf69da22429aaa2b35b7eb8b6cfb/gnocchi.687c9e83-b24e-42e6-beda-32e0272466f4" 204 - "HEAD http://172.18.0.2:8080/v1/AUTH_3f7aaf69da22429aaa2b35b7eb8b6cfb/gnocchi.687c9e83-b24e-42e6-beda-32e0272466f4?format=json&states=listing" "tx970bbbd522dc4eec82b48-00692febb2" "proxy-server 20" 0.0012 "-" 16 0
Dec 3 07:50:10 standalone proxy-server[130028]: - - 03/Dec/2025/07/50/10 HEAD /v1/AUTH_3f7aaf69da22429aaa2b35b7eb8b6cfb/gnocchi.687c9e83-b24e-42e6-beda-32e0272466f4%3Fformat%3Djson%26states%3Dlisting HTTP/1.0 204 - Swift - - - - tx970bbbd522dc4eec82b48-00692febb2 - 0.0038 RL - 1764748210.011808872 1764748210.015566349 0
Dec 3 07:50:10 standalone container-server[127913]: 172.20.0.100 - - [03/Dec/2025:07:50:10 +0000] "GET /d1/583/AUTH_3f7aaf69da22429aaa2b35b7eb8b6cfb/gnocchi.687c9e83-b24e-42e6-beda-32e0272466f4" 200 2 "GET http://172.18.0.2:8080/v1/AUTH_3f7aaf69da22429aaa2b35b7eb8b6cfb/gnocchi.687c9e83-b24e-42e6-beda-32e0272466f4?format=json&states=listing" "tx970bbbd522dc4eec82b48-00692febb2" "proxy-server 20" 0.0035 "-" 14 0
Dec 3 07:50:10 standalone proxy-server[130028]: 172.18.0.2 172.18.0.100 03/Dec/2025/07/50/10 GET /v1/AUTH_3f7aaf69da22429aaa2b35b7eb8b6cfb/gnocchi.687c9e83-b24e-42e6-beda-32e0272466f4%3Fformat%3Djson%26states%3Dlisting HTTP/1.0 200 - python-swiftclient-3.11.1 gAAAAABpL-sLW2Eo... - 2 - tx970bbbd522dc4eec82b48-00692febb2 - 0.0132 - - 1764748210.011054993 1764748210.024262428 0
Dec 3 07:50:10 standalone object-server[128006]: 172.20.0.100 - - [03/Dec/2025:07:50:10 +0000] "GET /d1/812/AUTH_3f7aaf69da22429aaa2b35b7eb8b6cfb/gnocchi.687c9e83-b24e-42e6-beda-32e0272466f4/1764720000.0_mean_300.0_v3" 404 70 "GET http://172.18.0.2:8080/v1/AUTH_3f7aaf69da22429aaa2b35b7eb8b6cfb/gnocchi.687c9e83-b24e-42e6-beda-32e0272466f4/1764720000.0_mean_300.0_v3" "tx36343d379e304ac28dd1d-00692febb2" "proxy-server 20" 0.0004 "-" 25 0
Dec 3 07:50:10 standalone proxy-server[130028]: 172.18.0.2 172.18.0.100 03/Dec/2025/07/50/10 GET /v1/AUTH_3f7aaf69da22429aaa2b35b7eb8b6cfb/gnocchi.687c9e83-b24e-42e6-beda-32e0272466f4/1764720000.0_mean_300.0_v3 HTTP/1.0 404 - python-swiftclient-3.11.1 gAAAAABpL-sLW2Eo... - 70 - tx36343d379e304ac28dd1d-00692febb2 - 0.0047 - - 1764748210.026615620 1764748210.031302929 0
Dec 3 07:50:10 standalone container-server[127927]: 172.20.0.100 - - [03/Dec/2025:07:50:10 +0000] "PUT /d1/583/AUTH_3f7aaf69da22429aaa2b35b7eb8b6cfb/gnocchi.687c9e83-b24e-42e6-beda-32e0272466f4/1764720000.0_mean_300.0_v3" 201 - "PUT http://172.18.0.2:8080/d1/812/AUTH_3f7aaf69da22429aaa2b35b7eb8b6cfb/gnocchi.687c9e83-b24e-42e6-beda-32e0272466f4/1764720000.0_mean_300.0_v3" "tx4dd8f3cab8dd4497b0be0-00692febb2" "object-server 23" 0.0006 "-" 17 0
Dec 3 07:50:10 standalone object-server[128003]: 172.20.0.100 - - [03/Dec/2025:07:50:10 +0000] "PUT /d1/812/AUTH_3f7aaf69da22429aaa2b35b7eb8b6cfb/gnocchi.687c9e83-b24e-42e6-beda-32e0272466f4/1764720000.0_mean_300.0_v3" 201 - "PUT http://172.18.0.2:8080/v1/AUTH_3f7aaf69da22429aaa2b35b7eb8b6cfb/gnocchi.687c9e83-b24e-42e6-beda-32e0272466f4/1764720000.0_mean_300.0_v3" "tx4dd8f3cab8dd4497b0be0-00692febb2" "proxy-server 20" 0.0119 "-" 23 0
Dec 3 07:50:10 standalone proxy-server[130028]: 172.18.0.2 172.18.0.100 03/Dec/2025/07/50/10 PUT /v1/AUTH_3f7aaf69da22429aaa2b35b7eb8b6cfb/gnocchi.687c9e83-b24e-42e6-beda-32e0272466f4/1764720000.0_mean_300.0_v3 HTTP/1.0 201 - python-swiftclient-3.11.1 gAAAAABpL-sLW2Eo... 16 - - tx4dd8f3cab8dd4497b0be0-00692febb2 - 0.0159 - - 1764748210.033068657 1764748210.048983097 0
Dec 3 07:50:10 standalone container-server[127913]: 172.20.0.100 - - [03/Dec/2025:07:50:10 +0000] "PUT /d1/583/AUTH_3f7aaf69da22429aaa2b35b7eb8b6cfb/gnocchi.687c9e83-b24e-42e6-beda-32e0272466f4/none_v3" 201 - "PUT http://172.18.0.2:8080/d1/68/AUTH_3f7aaf69da22429aaa2b35b7eb8b6cfb/gnocchi.687c9e83-b24e-42e6-beda-32e0272466f4/none_v3" "tx3d9766a9aa864ab7babf5-00692febb2" "object-server 24" 0.0008 "-" 14 0
Dec 3 07:50:10 standalone object-server[128004]: 172.20.0.100 - - [03/Dec/2025:07:50:10 +0000] "PUT /d1/68/AUTH_3f7aaf69da22429aaa2b35b7eb8b6cfb/gnocchi.687c9e83-b24e-42e6-beda-32e0272466f4/none_v3" 201 - "PUT http://172.18.0.2:8080/v1/AUTH_3f7aaf69da22429aaa2b35b7eb8b6cfb/gnocchi.687c9e83-b24e-42e6-beda-32e0272466f4/none_v3" "tx3d9766a9aa864ab7babf5-00692febb2" "proxy-server 20" 0.0083 "-" 24 0
Dec 3 07:50:10 standalone proxy-server[130028]: 172.18.0.2 172.18.0.100 03/Dec/2025/07/50/10 PUT /v1/AUTH_3f7aaf69da22429aaa2b35b7eb8b6cfb/gnocchi.687c9e83-b24e-42e6-beda-32e0272466f4/none_v3 HTTP/1.0 201 - python-swiftclient-3.11.1 gAAAAABpL-sLW2Eo... 22 - - tx3d9766a9aa864ab7babf5-00692febb2 - 0.0123 - - 1764748210.051092625 1764748210.063408852 0
