Dec 3 07:48:35 standalone object-server[128004]: 172.20.0.100 - - [03/Dec/2025:07:48:35 +0000] "PUT /d1/814/AUTH_3f7aaf69da22429aaa2b35b7eb8b6cfb/gnocchi.f979a0c5-8cf4-4ed4-94e2-c68269eec650/1764720000.0_mean_300.0_v3" 201 - "PUT http://172.18.0.2:8080/v1/AUTH_3f7aaf69da22429aaa2b35b7eb8b6cfb/gnocchi.f979a0c5-8cf4-4ed4-94e2-c68269eec650/1764720000.0_mean_300.0_v3" "tx3092bac7cbed4f02ba8b8-00692feb53" "proxy-server 20" 0.0114 "-" 24 0
Dec 3 07:48:35 standalone proxy-server[130028]: 172.18.0.2 172.18.0.100 03/Dec/2025/07/48/35 PUT /v1/AUTH_3f7aaf69da22429aaa2b35b7eb8b6cfb/gnocchi.f979a0c5-8cf4-4ed4-94e2-c68269eec650/1764720000.0_mean_300.0_v3 HTTP/1.0 201 - python-swiftclient-3.11.1 gAAAAABpL-sLW2Eo... 16 - - tx3092bac7cbed4f02ba8b8-00692feb53 - 0.0174 - - 1764748115.680723429 1764748115.698168278 0
Dec 3 07:48:35 standalone container-server[127927]: 172.20.0.100 - - [03/Dec/2025:07:48:35 +0000] "PUT /d1/788/AUTH_3f7aaf69da22429aaa2b35b7eb8b6cfb/gnocchi.f979a0c5-8cf4-4ed4-94e2-c68269eec650/none_v3" 201 - "PUT http://172.18.0.2:8080/d1/702/AUTH_3f7aaf69da22429aaa2b35b7eb8b6cfb/gnocchi.f979a0c5-8cf4-4ed4-94e2-c68269eec650/none_v3" "tx2b0c48fb510848c4b2e4c-00692feb53" "object-server 23" 0.0009 "-" 17 0
Dec 3 07:48:35 standalone object-server[128003]: 172.20.0.100 - - [03/Dec/2025:07:48:35 +0000] "PUT /d1/702/AUTH_3f7aaf69da22429aaa2b35b7eb8b6cfb/gnocchi.f979a0c5-8cf4-4ed4-94e2-c68269eec650/none_v3" 201 - "PUT http://172.18.0.2:8080/v1/AUTH_3f7aaf69da22429aaa2b35b7eb8b6cfb/gnocchi.f979a0c5-8cf4-4ed4-94e2-c68269eec650/none_v3" "tx2b0c48fb510848c4b2e4c-00692feb53" "proxy-server 20" 0.0134 "-" 23 0
Dec 3 07:48:35 standalone proxy-server[130028]: 172.18.0.2 172.18.0.100 03/Dec/2025/07/48/35 PUT /v1/AUTH_3f7aaf69da22429aaa2b35b7eb8b6cfb/gnocchi.f979a0c5-8cf4-4ed4-94e2-c68269eec650/none_v3 HTTP/1.0 201 - python-swiftclient-3.11.1 gAAAAABpL-sLW2Eo... 22 - - tx2b0c48fb510848c4b2e4c-00692feb53 - 0.0217 - - 1764748115.705294609 1764748115.727036953 0
Dec 3 07:48:35 standalone container-server[127924]: 172.20.0.100 - - [03/Dec/2025:07:48:35 +0000] "HEAD /d1/569/AUTH_3f7aaf69da22429aaa2b35b7eb8b6cfb/gnocchi.a689dfd8-4561-475b-acf1-dedd369d4c56" 404 - "HEAD http://172.18.0.2:8080/v1/AUTH_3f7aaf69da22429aaa2b35b7eb8b6cfb/gnocchi.a689dfd8-4561-475b-acf1-dedd369d4c56?format=json&states=listing" "tx5c903e86ff5043d29b52b-00692feb53" "proxy-server 20" 0.0004 "-" 16 0
Dec 3 07:48:35 standalone object-server[128001]: 172.20.0.100 - - [03/Dec/2025:07:48:35 +0000] "GET /d1/951/AUTH_3f7aaf69da22429aaa2b35b7eb8b6cfb/gnocchi.a689dfd8-4561-475b-acf1-dedd369d4c56/none_v3" 404 70 "GET http://172.18.0.2:8080/v1/AUTH_3f7aaf69da22429aaa2b35b7eb8b6cfb/gnocchi.a689dfd8-4561-475b-acf1-dedd369d4c56/none_v3" "tx5c903e86ff5043d29b52b-00692feb53" "proxy-server 20" 0.0004 "-" 22 0
Dec 3 07:48:35 standalone proxy-server[130028]: 172.18.0.2 172.18.0.100 03/Dec/2025/07/48/35 GET /v1/AUTH_3f7aaf69da22429aaa2b35b7eb8b6cfb/gnocchi.a689dfd8-4561-475b-acf1-dedd369d4c56/none_v3 HTTP/1.0 404 - python-swiftclient-3.11.1 gAAAAABpL-sLW2Eo... - 70 - tx5c903e86ff5043d29b52b-00692feb53 - 0.0193 - - 1764748115.746671438 1764748115.765959978 0
Dec 3 07:48:35 standalone account-server[127770]: 172.20.0.100 - - [03/Dec/2025:07:48:35 +0000] "PUT /d1/385/AUTH_3f7aaf69da22429aaa2b35b7eb8b6cfb/gnocchi.a689dfd8-4561-475b-acf1-dedd369d4c56" 201 - "PUT http://172.20.0.100:6001/d1/569/AUTH_3f7aaf69da22429aaa2b35b7eb8b6cfb/gnocchi.a689dfd8-4561-475b-acf1-dedd369d4c56" "tx333cbd79599e4e7d858f2-00692feb53" "container-server 15" 0.0089 "-" 20 0
Dec 3 07:48:35 standalone container-server[127919]: 172.20.0.100 - - [03/Dec/2025:07:48:35 +0000] "PUT /d1/569/AUTH_3f7aaf69da22429aaa2b35b7eb8b6cfb/gnocchi.a689dfd8-4561-475b-acf1-dedd369d4c56" 201 - "PUT http://172.18.0.2:8080/v1/AUTH_3f7aaf69da22429aaa2b35b7eb8b6cfb/gnocchi.a689dfd8-4561-475b-acf1-dedd369d4c56" "tx333cbd79599e4e7d858f2-00692feb53" "proxy-server 20" 0.0413 "-" 15 0
Dec 3 07:48:35 standalone proxy-server[130028]: 172.18.0.2 172.18.0.100 03/Dec/2025/07/48/35 PUT /v1/AUTH_3f7aaf69da22429aaa2b35b7eb8b6cfb/gnocchi.a689dfd8-4561-475b-acf1-dedd369d4c56 HTTP/1.0 201 - python-swiftclient-3.11.1 gAAAAABpL-sLW2Eo... - - - tx333cbd79599e4e7d858f2-00692feb53 - 0.0515 - - 1764748115.770789146 1764748115.822299719 0
Dec 3 07:48:35 standalone container-server[127913]: 172.20.0.100 - - [03/Dec/2025:07:48:35 +0000] "HEAD /d1/569/AUTH_3f7aaf69da22429aaa2b35b7eb8b6cfb/gnocchi.a689dfd8-4561-475b-acf1-dedd369d4c56" 204 - "HEAD http://172.18.0.2:8080/v1/AUTH_3f7aaf69da22429aaa2b35b7eb8b6cfb/gnocchi.a689dfd8-4561-475b-acf1-dedd369d4c56?format=json&states=listing" "tx117715ae572d48c6a1608-00692feb53" "proxy-server 20" 0.0060 "-" 14 0
Dec 3 07:48:35 standalone proxy-server[130028]: - - 03/Dec/2025/07/48/35 HEAD /v1/AUTH_3f7aaf69da22429aaa2b35b7eb8b6cfb/gnocchi.a689dfd8-4561-475b-acf1-dedd369d4c56%3Fformat%3Djson%26states%3Dlisting HTTP/1.0 204 - Swift - - - - tx117715ae572d48c6a1608-00692feb53 - 0.0131 RL - 1764748115.834231138 1764748115.847350836 0
Dec 3 07:48:35 standalone container-server[127927]: 172.20.0.100 - - [03/Dec/2025:07:48:35 +0000] "GET /d1/569/AUTH_3f7aaf69da22429aaa2b35b7eb8b6cfb/gnocchi.a689dfd8-4561-475b-acf1-dedd369d4c56" 200 2 "GET http://172.18.0.2:8080/v1/AUTH_3f7aaf69da22429aaa2b35b7eb8b6cfb/gnocchi.a689dfd8-4561-475b-acf1-dedd369d4c56?format=json&states=listing" "tx117715ae572d48c6a1608-00692feb53" "proxy-server 20" 0.0058 "-" 17 0
Dec 3 07:48:35 standalone proxy-server[130028]: 172.18.0.2 172.18.0.100 03/Dec/2025/07/48/35 GET /v1/AUTH_3f7aaf69da22429aaa2b35b7eb8b6cfb/gnocchi.a689dfd8-4561-475b-acf1-dedd369d4c56%3Fformat%3Djson%26states%3Dlisting HTTP/1.0 200 - python-swiftclient-3.11.1 gAAAAABpL-sLW2Eo... - 2 - tx117715ae572d48c6a1608-00692feb53 - 0.0348 - - 1764748115.831684113 1764748115.866450071 0
Dec 3 07:48:35 standalone object-server[128006]: 172.20.0.100 - - [03/Dec/2025:07:48:35 +0000] "GET /d1/562/AUTH_3f7aaf69da22429aaa2b35b7eb8b6cfb/gnocchi.a689dfd8-4561-475b-acf1-dedd369d4c56/1764720000.0_mean_300.0_v3" 404 70 "GET http://172.18.0.2:8080/v1/AUTH_3f7aaf69da22429aaa2b35b7eb8b6cfb/gnocchi.a689dfd8-4561-475b-acf1-dedd369d4c56/1764720000.0_mean_300.0_v3" "txec8ee589d5d74cefb6d02-00692feb53" "proxy-server 20" 0.0004 "-" 25 0
Dec 3 07:48:35 standalone proxy-server[130028]: 172.18.0.2 172.18.0.100 03/Dec/2025/07/48/35 GET /v1/AUTH_3f7aaf69da22429aaa2b35b7eb8b6cfb/gnocchi.a689dfd8-4561-475b-acf1-dedd369d4c56/1764720000.0_mean_300.0_v3 HTTP/1.0 404 - python-swiftclient-3.11.1 gAAAAABpL-sLW2Eo... - 70 - txec8ee589d5d74cefb6d02-00692feb53 - 0.0117 - - 1764748115.875535965 1764748115.887205839 0
Dec 3 07:48:35 standalone container-server[127919]: 172.20.0.100 - - [03/Dec/2025:07:48:35 +0000] "PUT /d1/569/AUTH_3f7aaf69da22429aaa2b35b7eb8b6cfb/gnocchi.a689dfd8-4561-475b-acf1-dedd369d4c56/1764720000.0_mean_300.0_v3" 201 - "PUT http://172.18.0.2:8080/d1/562/AUTH_3f7aaf69da22429aaa2b35b7eb8b6cfb/gnocchi.a689dfd8-4561-475b-acf1-dedd369d4c56/1764720000.0_mean_300.0_v3" "txb4e5dd27f0654023ac024-00692feb53" "object-server 24" 0.0015 "-" 15 0
Dec 3 07:48:35 standalone object-server[128004]: 172.20.0.100 - - [03/Dec/2025:07:48:35 +0000] "PUT /d1/562/AUTH_3f7aaf69da22429aaa2b35b7eb8b6cfb/gnocchi.a689dfd8-4561-475b-acf1-dedd369d4c56/1764720000.0_mean_300.0_v3" 201 - "PUT http://172.18.0.2:8080/v1/AUTH_3f7aaf69da22429aaa2b35b7eb8b6cfb/gnocchi.a689dfd8-4561-475b-acf1-dedd369d4c56/1764720000.0_mean_300.0_v3" "txb4e5dd27f0654023ac024-00692feb53" "proxy-server 20" 0.0147 "-" 24 0
Dec 3 07:48:35 standalone proxy-server[130028]: 172.18.0.2 172.18.0.100 03/Dec/2025/07/48/35 PUT /v1/AUTH_3f7aaf69da22429aaa2b35b7eb8b6cfb/gnocchi.a689dfd8-4561-475b-acf1-dedd369d4c56/1764720000.0_mean_300.0_v3 HTTP/1.0 201 - python-swiftclient-3.11.1 gAAAAABpL-sLW2Eo... 16 - - txb4e5dd27f0654023ac024-00692feb53 - 0.0266 - - 1764748115.893383265 1764748115.919950247 0
Dec 3 07:48:35 standalone container-server[127924]: 172.20.0.100 - - [03/Dec/2025:07:48:35 +0000] "PUT /d1/569/AUTH_3f7aaf69da22429aaa2b35b7eb8b6cfb/gnocchi.a689dfd8-4561-475b-acf1-dedd369d4c56/none_v3" 201 - "PUT http://172.18.0.2:8080/d1/951/AUTH_3f7aaf69da22429aaa2b35b7eb8b6cfb/gnocchi.a689dfd8-4561-475b-acf1-dedd369d4c56/none_v3" "tx800513e5f2a147b8ae483-00692feb53" "object-server 24" 0.0023 "-" 16 0
Dec 3 07:48:35 standalone object-server[128004]: 172.20.0.100 - - [03/Dec/2025:07:48:35 +0000] "PUT /d1/951/AUTH_3f7aaf69da22429aaa2b35b7eb8b6cfb/gnocchi.a689dfd8-4561-475b-acf1-dedd369d4c56/none_v3" 201 - "PUT http://172.18.0.2:8080/v1/AUTH_3f7aaf69da22429aaa2b35b7eb8b6cfb/gnocchi.a689dfd8-4561-475b-acf1-dedd369d4c56/none_v3" "tx800513e5f2a147b8ae483-00692feb53" "proxy-server 20" 0.0155 "-" 24 0
Dec 3 07:48:35 standalone proxy-server[130028]: 172.18.0.2 172.18.0.100 03/Dec/2025/07/48/35 PUT /v1/AUTH_3f7aaf69da22429aaa2b35b7eb8b6cfb/gnocchi.a689dfd8-4561-475b-acf1-dedd369d4c56/none_v3 HTTP/1.0 201 - python-swiftclient-3.11.1 gAAAAABpL-sLW2Eo... 22 - - tx800513e5f2a147b8ae483-00692feb53 - 0.0292 - - 1764748115.925086975 1764748115.954297543 0
Dec 3 07:48:35 standalone container-server[127927]: 172.20.0.100 - - [03/Dec/2025:07:48:35 +0000] "HEAD /d1/134/AUTH_3f7aaf69da22429aaa2b35b7eb8b6cfb/gnocchi.51d4833e-2fe9-41b3-82d3-af532bb3dfd2" 404 - "HEAD http://172.18.0.2:8080/v1/AUTH_3f7aaf69da22429aaa2b35b7eb8b6cfb/gnocchi.51d4833e-2fe9-41b3-82d3-af532bb3dfd2?format=json&states=listing" "tx4831aa78c7924a27a2373-00692feb53" "proxy-server 20" 0.0015 "-" 17 0
Dec 3 07:48:35 standalone object-server[128004]: 172.20.0.100 - - [03/Dec/2025:07:48:35 +0000] "GET /d1/988/AUTH_3f7aaf69da22429aaa2b35b7eb8b6cfb/gnocchi.51d4833e-2fe9-41b3-82d3-af532bb3dfd2/none_v3" 404 70 "GET http://172.18.0.2:8080/v1/AUTH_3f7aaf69da22429aaa2b35b7eb8b6cfb/gnocchi.51d4833e-2fe9-41b3-82d3-af532bb3dfd2/none_v3" "tx4831aa78c7924a27a2373-00692feb53" "proxy-server 20" 0.0005 "-" 24 0
Dec 3 07:48:35 standalone proxy-server[130028]: 172.18.0.2 172.18.0.100 03/Dec/2025/07/48/35 GET /v1/AUTH_3f7aaf69da22429aaa2b35b7eb8b6cfb/gnocchi.51d4833e-2fe9-41b3-82d3-af532bb3dfd2/none_v3 HTTP/1.0 404 - python-swiftclient-3.11.1 gAAAAABpL-sLW2Eo... - 70 - tx4831aa78c7924a27a2373-00692feb53 - 0.0230 - - 1764748115.969120026 1764748115.992131233 0
Dec 3 07:48:36 standalone account-server[127778]: 172.20.0.100 - - [03/Dec/2025:07:48:36 +0000] "PUT /d1/385/AUTH_3f7aaf69da22429aaa2b35b7eb8b6cfb/gnocchi.51d4833e-2fe9-41b3-82d3-af532bb3dfd2" 201 - "PUT http://172.20.0.100:6001/d1/134/AUTH_3f7aaf69da22429aaa2b35b7eb8b6cfb/gnocchi.51d4833e-2fe9-41b3-82d3-af532bb3dfd2" "txa839031cb5b544f9a1bd2-00692feb53" "container-server 15" 0.0045 "-" 21 0
Dec 3 07:48:36 standalone container-server[127919]: 172.20.0.100 - - [03/Dec/2025:07:48:36 +0000] "PUT /d1/134/AUTH_3f7aaf69da22429aaa2b35b7eb8b6cfb/gnocchi.51d4833e-2fe9-41b3-82d3-af532bb3dfd2" 201 - "PUT http://172.18.0.2:8080/v1/AUTH_3f7aaf69da22429aaa2b35b7eb8b6cfb/gnocchi.51d4833e-2fe9-41b3-82d3-af532bb3dfd2" "txa839031cb5b544f9a1bd2-00692feb53" "proxy-server 20" 0.0203 "-" 15 0
Dec 3 07:48:36 standalone proxy-server[130028]: 172.18.0.2 172.18.0.100 03/Dec/2025/07/48/36 PUT /v1/AUTH_3f7aaf69da22429aaa2b35b7eb8b6cfb/gnocchi.51d4833e-2fe9-41b3-82d3-af532bb3dfd2 HTTP/1.0 201 - python-swiftclient-3.11.1 gAAAAABpL-sLW2Eo... - - - txa839031cb5b544f9a1bd2-00692feb53 - 0.0296 - - 1764748115.997733593 1764748116.027304411 0
Dec 3 07:48:36 standalone container-server[127919]: 172.20.0.100 - - [03/Dec/2025:07:48:36 +0000] "HEAD /d1/134/AUTH_3f7aaf69da22429aaa2b35b7eb8b6cfb/gnocchi.51d4833e-2fe9-41b3-82d3-af532bb3dfd2" 204 - "HEAD http://172.18.0.2:8080/v1/AUTH_3f7aaf69da22429aaa2b35b7eb8b6cfb/gnocchi.51d4833e-2fe9-41b3-82d3-af532bb3dfd2?format=json&states=listing" "txbac542f50676456bb28de-00692feb54" "proxy-server 20" 0.0011 "-" 15 0
Dec 3 07:48:36 standalone proxy-server[130028]: - - 03/Dec/2025/07/48/36 HEAD /v1/AUTH_3f7aaf69da22429aaa2b35b7eb8b6cfb/gnocchi.51d4833e-2fe9-41b3-82d3-af532bb3dfd2%3Fformat%3Djson%26states%3Dlisting HTTP/1.0 204 - Swift - - - - txbac542f50676456bb28de-00692feb54 - 0.0080 RL - 1764748116.037178040 1764748116.045208693 0
Dec 3 07:48:36 standalone container-server[127919]: 172.20.0.100 - - [03/Dec/2025:07:48:36 +0000] "GET /d1/134/AUTH_3f7aaf69da22429aaa2b35b7eb8b6cfb/gnocchi.51d4833e-2fe9-41b3-82d3-af532bb3dfd2" 200 2 "GET http://172.18.0.2:8080/v1/AUTH_3f7aaf69da22429aaa2b35b7eb8b6cfb/gnocchi.51d4833e-2fe9-41b3-82d3-af532bb3dfd2?format=json&states=listing" "txbac542f50676456bb28de-00692feb54" "proxy-server 20" 0.0017 "-" 15 0
Dec 3 07:48:36 standalone proxy-server[130028]: 172.18.0.2 172.18.0.100 03/Dec/2025/07/48/36 GET /v1/AUTH_3f7aaf69da22429aaa2b35b7eb8b6cfb/gnocchi.51d4833e-2fe9-41b3-82d3-af532bb3dfd2%3Fformat%3Djson%26states%3Dlisting HTTP/1.0 200 - python-swiftclient-3.11.1 gAAAAABpL-sLW2Eo... - 2 - txbac542f50676456bb28de-00692feb54 - 0.0256 - - 1764748116.034227371 1764748116.059809446 0
Dec 3 07:48:36 standalone object-server[128003]: 172.20.0.100 - - [03/Dec/2025:07:48:36 +0000] "GET /d1/677/AUTH_3f7aaf69da22429aaa2b35b7eb8b6cfb/gnocchi.51d4833e-2fe9-41b3-82d3-af532bb3dfd2/1764720000.0_mean_300.0_v3" 404 70 "GET http://172.18.0.2:8080/v1/AUTH_3f7aaf69da22429aaa2b35b7eb8b6cfb/gnocchi.51d4833e-2fe9-41b3-82d3-af532bb3dfd2/1764720000.0_mean_300.0_v3" "tx63539e55ac674cfe91437-00692feb54" "proxy-server 20" 0.0008 "-" 23 0
Dec 3 07:48:36 standalone proxy-server[130028]: 172.18.0.2 172.18.0.100 03/Dec/2025/07/48/36 GET /v1/AUTH_3f7aaf69da22429aaa2b35b7eb8b6cfb/gnocchi.51d4833e-2fe9-41b3-82d3-af532bb3dfd2/1764720000.0_mean_300.0_v3 HTTP/1.0 404 - python-swiftclient-3.11.1 gAAAAABpL-sLW2Eo... - 70 - tx63539e55ac674cfe91437-00692feb54 - 0.0154 - - 1764748116.072423935 1764748116.087871313 0
Dec 3 07:48:36 standalone container-server[127927]: 172.20.0.100 - - [03/Dec/2025:07:48:36 +0000] "PUT /d1/134/AUTH_3f7aaf69da22429aaa2b35b7eb8b6cfb/gnocchi.51d4833e-2fe9-41b3-82d3-af532bb3dfd2/1764720000.0_mean_300.0_v3" 201 - "PUT http://172.18.0.2:8080/d1/677/AUTH_3f7aaf69da22429aaa2b35b7eb8b6cfb/gnocchi.51d4833e-2fe9-41b3-82d3-af532bb3dfd2/1764720000.0_mean_300.0_v3" "txb200c625c4cb44b2af0af-00692feb54" "object-server 24" 0.0015 "-" 17 0
Dec 3 07:48:36 standalone object-server[128004]: 172.20.0.100 - - [03/Dec/2025:07:48:36 +0000] "PUT /d1/677/AUTH_3f7aaf69da22429aaa2b35b7eb8b6cfb/gnocchi.51d4833e-2fe9-41b3-82d3-af532bb3dfd2/1764720000.0_mean_300.0_v3" 201 - "PUT http://172.18.0.2:8080/v1/AUTH_3f7aaf69da22429aaa2b35b7eb8b6cfb/gnocchi.51d4833e-2fe9-41b3-82d3-af532bb3dfd2/1764720000.0_mean_300.0_v3" "txb200c625c4cb44b2af0af-00692feb54" "proxy-server 20" 0.0146 "-" 24 0
Dec 3 07:48:36 standalone proxy-server[130028]: 172.18.0.2 172.18.0.100 03/Dec/2025/07/48/36 PUT /v1/AUTH_3f7aaf69da22429aaa2b35b7eb8b6cfb/gnocchi.51d4833e-2fe9-41b3-82d3-af532bb3dfd2/1764720000.0_mean_300.0_v3 HTTP/1.0 201 - python-swiftclient-3.11.1 gAAAAABpL-sLW2Eo... 16 - - txb200c625c4cb44b2af0af-00692feb54 - 0.0317 - - 1764748116.092752934 1764748116.124454737 0
Dec 3 07:48:36 standalone container-server[127919]: 172.20.0.100 - - [03/Dec/2025:07:48:36 +0000] "PUT /d1/134/AUTH_3f7aaf69da22429aaa2b35b7eb8b6cfb/gnocchi.51d4833e-2fe9-41b3-82d3-af532bb3dfd2/none_v3" 201 - "PUT http://172.18.0.2:8080/d1/988/AUTH_3f7aaf69da22429aaa2b35b7eb8b6cfb/gnocchi.51d4833e-2fe9-41b3-82d3-af532bb3dfd2/none_v3" "tx590257e122744e65bac3a-00692feb54" "object-server 23" 0.0006 "-" 15 0
Dec 3 07:48:36 standalone object-server[128003]: 172.20.0.100 - - [03/Dec/2025:07:48:36 +0000] "PUT /d1/988/AUTH_3f7aaf69da22429aaa2b35b7eb8b6cfb/gnocchi.51d4833e-2fe9-41b3-82d3-af532bb3dfd2/none_v3" 201 - "PUT http://172.18.0.2:8080/v1/AUTH_3f7aaf69da22429aaa2b35b7eb8b6cfb/gnocchi.51d4833e-2fe9-41b3-82d3-af532bb3dfd2/none_v3" "tx590257e122744e65bac3a-00692feb54" "proxy-server 20" 0.0136 "-" 23 0
Dec 3 07:48:36 standalone proxy-server[130028]: 172.18.0.2 172.18.0.100 03/Dec/2025/07/48/36 PUT /v1/AUTH_3f7aaf69da22429aaa2b35b7eb8b6cfb/gnocchi.51d4833e-2fe9-41b3-82d3-af532bb3dfd2/none_v3 HTTP/1.0 201 - python-swiftclient-3.11.1 gAAAAABpL-sLW2Eo... 22 - - tx590257e122744e65bac3a-00692feb54 - 0.0264 - - 1764748116.130644083 1764748116.157007217 0
Dec 3 07:48:36 standalone container-server[127924]: 172.20.0.100 - - [03/Dec/2025:07:48:36 +0000] "HEAD /d1/564/AUTH_3f7aaf69da22429aaa2b35b7eb8b6cfb/gnocchi.ccd103c1-cc42-4acb-9931-51491c2bf28e" 404 - "HEAD http://172.18.0.2:8080/v1/AUTH_3f7aaf69da22429aaa2b35b7eb8b6cfb/gnocchi.ccd103c1-cc42-4acb-9931-51491c2bf28e?format=json&states=listing" "txf435889eeaba498ba782d-00692feb54" "proxy-server 20" 0.0004 "-" 16 0
Dec 3 07:48:36 standalone object-server[128004]: 172.20.0.100 - - [03/Dec/2025:07:48:36 +0000] "GET /d1/349/AUTH_3f7aaf69da22429aaa2b35b7eb8b6cfb/gnocchi.ccd103c1-cc42-4acb-9931-51491c2bf28e/none_v3" 404 70 "GET http://172.18.0.2:8080/v1/AUTH_3f7aaf69da22429aaa2b35b7eb8b6cfb/gnocchi.ccd103c1-cc42-4acb-9931-51491c2bf28e/none_v3" "txf435889eeaba498ba782d-00692feb54" "proxy-server 20" 0.0004 "-" 24 0
Dec 3 07:48:36 standalone proxy-server[130028]: 172.18.0.2 172.18.0.100 03/Dec/2025/07/48/36 GET /v1/AUTH_3f7aaf69da22429aaa2b35b7eb8b6cfb/gnocchi.ccd103c1-cc42-4acb-9931-51491c2bf28e/none_v3 HTTP/1.0 404 - python-swiftclient-3.11.1 gAAAAABpL-sLW2Eo... - 70 - txf435889eeaba498ba782d-00692feb54 - 0.0106 - - 1764748116.176584244 1764748116.187151670 0
Dec 3 07:48:36 standalone account-server[127784]: 172.20.0.100 - - [03/Dec/2025:07:48:36 +0000] "PUT /d1/385/AUTH_3f7aaf69da22429aaa2b35b7eb8b6cfb/gnocchi.ccd103c1-cc42-4acb-9931-51491c2bf28e" 201 - "PUT http://172.20.0.100:6001/d1/564/AUTH_3f7aaf69da22429aaa2b35b7eb8b6cfb/gnocchi.ccd103c1-cc42-4acb-9931-51491c2bf28e" "tx55f80a24487f44959708c-00692feb54" "container-server 15" 0.0095 "-" 22 0
Dec 3 07:48:36 standalone container-server[127919]: 172.20.0.100 - - [03/Dec/2025:07:48:36 +0000] "PUT /d1/564/AUTH_3f7aaf69da22429aaa2b35b7eb8b6cfb/gnocchi.ccd103c1-cc42-4acb-9931-51491c2bf28e" 201 - "PUT http://172.18.0.2:8080/v1/AUTH_3f7aaf69da22429aaa2b35b7eb8b6cfb/gnocchi.ccd103c1-cc42-4acb-9931-51491c2bf28e" "tx55f80a24487f44959708c-00692feb54" "proxy-server 20" 0.0247 "-" 15 0
Dec 3 07:48:36 standalone proxy-server[130028]: 172.18.0.2 172.18.0.100 03/Dec/2025/07/48/36 PUT /v1/AUTH_3f7aaf69da22429aaa2b35b7eb8b6cfb/gnocchi.ccd103c1-cc42-4acb-9931-51491c2bf28e HTTP/1.0 201 - python-swiftclient-3.11.1 gAAAAABpL-sLW2Eo... - - - tx55f80a24487f44959708c-00692feb54 - 0.0311 - - 1764748116.191269636 1764748116.222395420 0
Dec 3 07:48:36 standalone container-server[127927]: 172.20.0.100 - - [03/Dec/2025:07:48:36 +0000] "HEAD /d1/564/AUTH_3f7aaf69da22429aaa2b35b7eb8b6cfb/gnocchi.ccd103c1-cc42-4acb-9931-51491c2bf28e" 204 - "HEAD http://172.18.0.2:8080/v1/AUTH_3f7aaf69da22429aaa2b35b7eb8b6cfb/gnocchi.ccd103c1-cc42-4acb-9931-51491c2bf28e?format=json&states=listing" "txbd2ed8e7c8724403962b2-00692feb54" "proxy-server 20" 0.0029 "-" 17 0
Dec 3 07:48:36 standalone proxy-server[130028]: - - 03/Dec/2025/07/48/36 HEAD /v1/AUTH_3f7aaf69da22429aaa2b35b7eb8b6cfb/gnocchi.ccd103c1-cc42-4acb-9931-51491c2bf28e%3Fformat%3Djson%26states%3Dlisting HTTP/1.0 204 - Swift - - - - txbd2ed8e7c8724403962b2-00692feb54 - 0.0093 RL - 1764748116.231259108 1764748116.240516901 0
Dec 3 07:48:36 standalone container-server[127919]: 172.20.0.100 - - [03/Dec/2025:07:48:36 +0000] "GET /d1/564/AUTH_3f7aaf69da22429aaa2b35b7eb8b6cfb/gnocchi.ccd103c1-cc42-4acb-9931-51491c2bf28e" 200 2 "GET http://172.18.0.2:8080/v1/AUTH_3f7aaf69da22429aaa2b35b7eb8b6cfb/gnocchi.ccd103c1-cc42-4acb-9931-51491c2bf28e?format=json&states=listing" "txbd2ed8e7c8724403962b2-00692feb54" "proxy-server 20" 0.0047 "-" 15 0
Dec 3 07:48:36 standalone proxy-server[130028]: 172.18.0.2 172.18.0.100 03/Dec/2025/07/48/36 GET /v1/AUTH_3f7aaf69da22429aaa2b35b7eb8b6cfb/gnocchi.ccd103c1-cc42-4acb-9931-51491c2bf28e%3Fformat%3Djson%26states%3Dlisting HTTP/1.0 200 - python-swiftclient-3.11.1 gAAAAABpL-sLW2Eo... - 2 - txbd2ed8e7c8724403962b2-00692feb54 - 0.0287 - - 1764748116.228231907 1764748116.256940126 0
Dec 3 07:48:36 standalone object-server[128006]: 172.20.0.100 - - [03/Dec/2025:07:48:36 +0000] "GET /d1/642/AUTH_3f7aaf69da22429aaa2b35b7eb8b6cfb/gnocchi.ccd103c1-cc42-4acb-9931-51491c2bf28e/1764720000.0_mean_300.0_v3" 404 70 "GET http://172.18.0.2:8080/v1/AUTH_3f7aaf69da22429aaa2b35b7eb8b6cfb/gnocchi.ccd103c1-cc42-4acb-9931-51491c2bf28e/1764720000.0_mean_300.0_v3" "tx812561e65019417d9a60e-00692feb54" "proxy-server 20" 0.0005 "-" 25 0
Dec 3 07:48:36 standalone proxy-server[130028]: 172.18.0.2 172.18.0.100 03/Dec/2025/07/48/36 GET /v1/AUTH_3f7aaf69da22429aaa2b35b7eb8b6cfb/gnocchi.ccd103c1-cc42-4acb-9931-51491c2bf28e/1764720000.0_mean_300.0_v3 HTTP/1.0 404 - python-swiftclient-3.11.1 gAAAAABpL-sLW2Eo... - 70 - tx812561e65019417d9a60e-00692feb54 - 0.0067 - - 1764748116.261352777 1764748116.268087387 0
Dec 3 07:48:36 standalone container-server[127924]: 172.20.0.100 - - [03/Dec/2025:07:48:36 +0000] "PUT /d1/564/AUTH_3f7aaf69da22429aaa2b35b7eb8b6cfb/gnocchi.ccd103c1-cc42-4acb-9931-51491c2bf28e/1764720000.0_mean_300.0_v3" 201 - "PUT http://172.18.0.2:8080/d1/642/AUTH_3f7aaf69da22429aaa2b35b7eb8b6cfb/gnocchi.ccd103c1-cc42-4acb-9931-51491c2bf28e/1764720000.0_mean_300.0_v3" "tx9c66b1ef6098427db03f7-00692feb54" "object-server 23" 0.0010 "-" 16 0
Dec 3 07:48:36 standalone object-server[128003]: 172.20.0.100 - - [03/Dec/2025:07:48:36 +0000] "PUT /d1/642/AUTH_3f7aaf69da22429aaa2b35b7eb8b6cfb/gnocchi.ccd103c1-cc42-4acb-9931-51491c2bf28e/1764720000.0_mean_300.0_v3" 201 - "PUT http://172.18.0.2:8080/v1/AUTH_3f7aaf69da22429aaa2b35b7eb8b6cfb/gnocchi.ccd103c1-cc42-4acb-9931-51491c2bf28e/1764720000.0_mean_300.0_v3" "tx9c66b1ef6098427db03f7-00692feb54" "proxy-server 20" 0.0141 "-" 23 0
Dec 3 07:48:36 standalone proxy-server[130028]: 172.18.0.2 172.18.0.100 03/Dec/2025/07/48/36 PUT /v1/AUTH_3f7aaf69da22429aaa2b35b7eb8b6cfb/gnocchi.ccd103c1-cc42-4acb-9931-51491c2bf28e/1764720000.0_mean_300.0_v3 HTTP/1.0 201 - python-swiftclient-3.11.1 gAAAAABpL-sLW2Eo... 16 - - tx9c66b1ef6098427db03f7-00692feb54 - 0.0217 - - 1764748116.273930073 1764748116.295588017 0
Dec 3 07:48:36 standalone container-server[127913]: 172.20.0.100 - - [03/Dec/2025:07:48:36 +0000] "PUT /d1/564/AUTH_3f7aaf69da22429aaa2b35b7eb8b6cfb/gnocchi.ccd103c1-cc42-4acb-9931-51491c2bf28e/none_v3" 201 - "PUT http://172.18.0.2:8080/d1/349/AUTH_3f7aaf69da22429aaa2b35b7eb8b6cfb/gnocchi.ccd103c1-cc42-4acb-9931-51491c2bf28e/none_v3" "tx9ee673d6ea474fe29d998-00692feb54" "object-server 23" 0.0009 "-" 14 0
Dec 3 07:48:36 standalone object-server[128003]: 172.20.0.100 - - [03/Dec/2025:07:48:36 +0000] "PUT /d1/349/AUTH_3f7aaf69da22429aaa2b35b7eb8b6cfb/gnocchi.ccd103c1-cc42-4acb-9931-51491c2bf28e/none_v3" 201 - "PUT http://172.18.0.2:8080/v1/AUTH_3f7aaf69da22429aaa2b35b7eb8b6cfb/gnocchi.ccd103c1-cc42-4acb-9931-51491c2bf28e/none_v3" "tx9ee673d6ea474fe29d998-00692feb54" "proxy-server 20" 0.0139 "-" 23 0
Dec 3 07:48:36 standalone proxy-server[130028]: 172.18.0.2 172.18.0.100 03/Dec/2025/07/48/36 PUT /v1/AUTH_3f7aaf69da22429aaa2b35b7eb8b6cfb/gnocchi.ccd103c1-cc42-4acb-9931-51491c2bf28e/none_v3 HTTP/1.0 201 - python-swiftclient-3.11.1 gAAAAABpL-sLW2Eo... 22 - - tx9ee673d6ea474fe29d998-00692feb54 - 0.0270 - - 1764748116.300617218 1764748116.327620268 0
Dec 3 07:48:50 standalone account-server[127770]: 172.20.0.100 - - [03/Dec/2025:07:48:50 +0000] "HEAD /d1/581/.expiring_objects" 404 - "HEAD http://localhost/v1/.expiring_objects?format=json" "txeee4f3066f824382a8466-00692feb62" "proxy-server 2" 0.0014 "-" 20 -
Dec 3 07:48:50 standalone object-expirer[127737]: Pass completed in 0s; 0 objects expired (txn: txeee4f3066f824382a8466-00692feb62)
Dec 3 07:49:04 standalone container-server[127927]: 172.20.0.100 - - [03/Dec/2025:07:49:04 +0000] "HEAD /d1/260/AUTH_3f7aaf69da22429aaa2b35b7eb8b6cfb/gnocchi.0f1da30d-7762-4fcc-be4e-7dcec6ee8a8c" 404 - "HEAD http://172.18.0.2:8080/v1/AUTH_3f7aaf69da22429aaa2b35b7eb8b6cfb/gnocchi.0f1da30d-7762-4fcc-be4e-7dcec6ee8a8c?format=json&states=listing" "txa2f480ccba9948bbaa860-00692feb70" "proxy-server 20" 0.0012 "-" 17 0
Dec 3 07:49:04 standalone object-server[128001]: 172.20.0.100 - - [03/Dec/2025:07:49:04 +0000] "GET /d1/496/AUTH_3f7aaf69da22429aaa2b35b7eb8b6cfb/gnocchi.0f1da30d-7762-4fcc-be4e-7dcec6ee8a8c/none_v3" 404 70 "GET http://172.18.0.2:8080/v1/AUTH_3f7aaf69da22429aaa2b35b7eb8b6cfb/gnocchi.0f1da30d-7762-4fcc-be4e-7dcec6ee8a8c/none_v3" "txa2f480ccba9948bbaa860-00692feb70" "proxy-server 20" 0.0007 "-" 22 0
Dec 3 07:49:04 standalone proxy-server[130028]: 172.18.0.2 172.18.0.100 03/Dec/2025/07/49/04 GET /v1/AUTH_3f7aaf69da22429aaa2b35b7eb8b6cfb/gnocchi.0f1da30d-7762-4fcc-be4e-7dcec6ee8a8c/none_v3 HTTP/1.0 404 - python-swiftclient-3.11.1 gAAAAABpL-sLW2Eo... - 70 - txa2f480ccba9948bbaa860-00692feb70 - 0.0185 - - 1764748144.698197842 1764748144.716706276 0
Dec 3 07:49:04 standalone account-server[127778]: 172.20.0.100 - - [03/Dec/2025:07:49:04 +0000] "PUT /d1/385/AUTH_3f7aaf69da22429aaa2b35b7eb8b6cfb/gnocchi.0f1da30d-7762-4fcc-be4e-7dcec6ee8a8c" 201 - "PUT http://172.20.0.100:6001/d1/260/AUTH_3f7aaf69da22429aaa2b35b7eb8b6cfb/gnocchi.0f1da30d-7762-4fcc-be4e-7dcec6ee8a8c" "txf9f454b3ffb24d78a1274-00692feb70" "container-server 14" 0.0077 "-" 21 0
Dec 3 07:49:04 standalone container-server[127913]: 172.20.0.100 - - [03/Dec/2025:07:49:04 +0000] "PUT /d1/260/AUTH_3f7aaf69da22429aaa2b35b7eb8b6cfb/gnocchi.0f1da30d-7762-4fcc-be4e-7dcec6ee8a8c" 201 - "PUT http://172.18.0.2:8080/v1/AUTH_3f7aaf69da22429aaa2b35b7eb8b6cfb/gnocchi.0f1da30d-7762-4fcc-be4e-7dcec6ee8a8c" "txf9f454b3ffb24d78a1274-00692feb70" "proxy-server 20" 0.0204 "-" 14 0
Dec 3 07:49:04 standalone proxy-server[130028]: 172.18.0.2 172.18.0.100 03/Dec/2025/07/49/04 PUT /v1/AUTH_3f7aaf69da22429aaa2b35b7eb8b6cfb/gnocchi.0f1da30d-7762-4fcc-be4e-7dcec6ee8a8c HTTP/1.0 201 - python-swiftclient-3.11.1 gAAAAABpL-sLW2Eo... - - - txf9f454b3ffb24d78a1274-00692feb70 - 0.0272 - - 1764748144.723062992 1764748144.750298738 0
Dec 3 07:49:04 standalone container-server[127924]: 172.20.0.100 - - [03/Dec/2025:07:49:04 +0000] "HEAD /d1/260/AUTH_3f7aaf69da22429aaa2b35b7eb8b6cfb/gnocchi.0f1da30d-7762-4fcc-be4e-7dcec6ee8a8c" 204 - "HEAD http://172.18.0.2:8080/v1/AUTH_3f7aaf69da22429aaa2b35b7eb8b6cfb/gnocchi.0f1da30d-7762-4fcc-be4e-7dcec6ee8a8c?format=json&states=listing" "txbb55cd98fd534e809ee43-00692feb70" "proxy-server 20" 0.0016 "-" 16 0
Dec 3 07:49:04 standalone proxy-server[130028]: - - 03/Dec/2025/07/49/04 HEAD /v1/AUTH_3f7aaf69da22429aaa2b35b7eb8b6cfb/gnocchi.0f1da30d-7762-4fcc-be4e-7dcec6ee8a8c%3Fformat%3Djson%26states%3Dlisting HTTP/1.0 204 - Swift - - - - txbb55cd98fd534e809ee43-00692feb70 - 0.0082 RL - 1764748144.762190342 1764748144.770358562 0
Dec 3 07:49:04 standalone container-server[127927]: 172.20.0.100 - - [03/Dec/2025:07:49:04 +0000] "GET /d1/260/AUTH_3f7aaf69da22429aaa2b35b7eb8b6cfb/gnocchi.0f1da30d-7762-4fcc-be4e-7dcec6ee8a8c" 200 2 "GET http://172.18.0.2:8080/v1/AUTH_3f7aaf69da22429aaa2b35b7eb8b6cfb/gnocchi.0f1da30d-7762-4fcc-be4e-7dcec6ee8a8c?format=json&states=listing" "txbb55cd98fd534e809ee43-00692feb70" "proxy-server 20" 0.0039 "-" 17 0
Dec 3 07:49:04 standalone proxy-server[130028]: 172.18.0.2 172.18.0.100 03/Dec/2025/07/49/04 GET /v1/AUTH_3f7aaf69da22429aaa2b35b7eb8b6cfb/gnocchi.0f1da30d-7762-4fcc-be4e-7dcec6ee8a8c%3Fformat%3Djson%26states%3Dlisting HTTP/1.0 200 - python-swiftclient-3.11.1 gAAAAABpL-sLW2Eo... - 2 - txbb55cd98fd534e809ee43-00692feb70 - 0.0255 - - 1764748144.757093906 1764748144.782636404 0
Dec 3 07:49:04 standalone object-server[128004]: 172.20.0.100 - - [03/Dec/2025:07:49:04 +0000] "GET /d1/789/AUTH_3f7aaf69da22429aaa2b35b7eb8b6cfb/gnocchi.0f1da30d-7762-4fcc-be4e-7dcec6ee8a8c/1764720000.0_mean_300.0_v3" 404 70 "GET http://172.18.0.2:8080/v1/AUTH_3f7aaf69da22429aaa2b35b7eb8b6cfb/gnocchi.0f1da30d-7762-4fcc-be4e-7dcec6ee8a8c/1764720000.0_mean_300.0_v3" "tx237e1c236880422e8c2ac-00692feb70" "proxy-server 20" 0.0006 "-" 24 0
Dec 3 07:49:04 standalone proxy-server[130028]: 172.18.0.2 172.18.0.100 03/Dec/2025/07/49/04 GET /v1/AUTH_3f7aaf69da22429aaa2b35b7eb8b6cfb/gnocchi.0f1da30d-7762-4fcc-be4e-7dcec6ee8a8c/1764720000.0_mean_300.0_v3 HTTP/1.0 404 - python-swiftclient-3.11.1 gAAAAABpL-sLW2Eo... - 70 - tx237e1c236880422e8c2ac-00692feb70 - 0.0058 - - 1764748144.788157225 1764748144.793956280 0
Dec 3 07:49:04 standalone container-server[127919]: 172.20.0.100 - - [03/Dec/2025:07:49:04 +0000] "PUT /d1/260/AUTH_3f7aaf69da22429aaa2b35b7eb8b6cfb/gnocchi.0f1da30d-7762-4fcc-be4e-7dcec6ee8a8c/1764720000.0_mean_300.0_v3" 201 - "PUT http://172.18.0.2:8080/d1/789/AUTH_3f7aaf69da22429aaa2b35b7eb8b6cfb/gnocchi.0f1da30d-7762-4fcc-be4e-7dcec6ee8a8c/1764720000.0_mean_300.0_v3" "tx91f44468bf6c40b38f515-00692feb70" "object-server 24" 0.0015 "-" 15 0
Dec 3 07:49:04 standalone object-server[128004]: 172.20.0.100 - - [03/Dec/2025:07:49:04 +0000] "PUT /d1/789/AUTH_3f7aaf69da22429aaa2b35b7eb8b6cfb/gnocchi.0f1da30d-7762-4fcc-be4e-7dcec6ee8a8c/1764720000.0_mean_300.0_v3" 201 - "PUT http://172.18.0.2:8080/v1/AUTH_3f7aaf69da22429aaa2b35b7eb8b6cfb/gnocchi.0f1da30d-7762-4fcc-be4e-7dcec6ee8a8c/1764720000.0_mean_300.0_v3" "tx91f44468bf6c40b38f515-00692feb70" "proxy-server 20" 0.0179 "-" 24 0
Dec 3 07:49:04 standalone proxy-server[130028]: 172.18.0.2 172.18.0.100 03/Dec/2025/07/49/04 PUT /v1/AUTH_3f7aaf69da22429aaa2b35b7eb8b6cfb/gnocchi.0f1da30d-7762-4fcc-be4e-7dcec6ee8a8c/1764720000.0_mean_300.0_v3 HTTP/1.0 201 - python-swiftclient-3.11.1 gAAAAABpL-sLW2Eo... 16 - - tx91f44468bf6c40b38f515-00692feb70 - 0.0238 - - 1764748144.798568487 1764748144.822389603 0
Dec 3 07:49:04 standalone container-server[127924]: 172.20.0.100 - - [03/Dec/2025:07:49:04 +0000] "PUT /d1/260/AUTH_3f7aaf69da22429aaa2b35b7eb8b6cfb/gnocchi.0f1da30d-7762-4fcc-be4e-7dcec6ee8a8c/none_v3" 201 - "PUT http://172.18.0.2:8080/d1/496/AUTH_3f7aaf69da22429aaa2b35b7eb8b6cfb/gnocchi.0f1da30d-7762-4fcc-be4e-7dcec6ee8a8c/none_v3" "txfb4d55d2e7304b57be45f-00692feb70" "object-server 22" 0.0006 "-" 16 0
Dec 3 07:49:04 standalone object-server[128001]: 172.20.0.100 - - [03/Dec/2025:07:49:04 +0000] "PUT /d1/496/AUTH_3f7aaf69da22429aaa2b35b7eb8b6cfb/gnocchi.0f1da30d-7762-4fcc-be4e-7dcec6ee8a8c/none_v3" 201 - "PUT http://172.18.0.2:8080/v1/AUTH_3f7aaf69da22429aaa2b35b7eb8b6cfb/gnocchi.0f1da30d-7762-4fcc-be4e-7dcec6ee8a8c/none_v3" "txfb4d55d2e7304b57be45f-00692feb70" "proxy-server 20" 0.0124 "-" 22 0
Dec 3 07:49:04 standalone proxy-server[130028]: 172.18.0.2 172.18.0.100 03/Dec/2025/07/49/04 PUT /v1/AUTH_3f7aaf69da22429aaa2b35b7eb8b6cfb/gnocchi.0f1da30d-7762-4fcc-be4e-7dcec6ee8a8c/none_v3 HTTP/1.0 201 - python-swiftclient-3.11.1 gAAAAABpL-sLW2Eo... 22 - - txfb4d55d2e7304b57be45f-00692feb70 - 0.0197 - - 1764748144.826791286 1764748144.846473932 0
Dec 3 07:49:05 standalone object-server[128006]: 172.20.0.100 - - [03/Dec/2025:07:49:05 +0000] "GET /d1/80/AUTH_3f7aaf69da22429aaa2b35b7eb8b6cfb/gnocchi.d11e5ab2-e708-4265-ab85-4453669b94f5/none_v3" 200 22 "GET http://172.18.0.2:8080/v1/AUTH_3f7aaf69da22429aaa2b35b7eb8b6cfb/gnocchi.d11e5ab2-e708-4265-ab85-4453669b94f5/none_v3" "txf8b31fab7b9a4e03a4086-00692feb71" "proxy-server 20" 0.0011 "-" 25 0
Dec 3 07:49:05 standalone proxy-server[130028]: 172.18.0.2 172.18.0.100 03/Dec/2025/07/49/05 GET /v1/AUTH_3f7aaf69da22429aaa2b35b7eb8b6cfb/gnocchi.d11e5ab2-e708-4265-ab85-4453669b94f5/none_v3 HTTP/1.0 200 - python-swiftclient-3.11.1 gAAAAABpL-sLW2Eo... - 22 - txf8b31fab7b9a4e03a4086-00692feb71 - 0.0099 - - 1764748145.007956743 1764748145.017827511 0
Dec 3 07:49:05 standalone container-server[127913]: 172.20.0.100 - - [03/Dec/2025:07:49:05 +0000] "GET /d1/665/AUTH_3f7aaf69da22429aaa2b35b7eb8b6cfb/gnocchi.d11e5ab2-e708-4265-ab85-4453669b94f5" 200 357 "GET http://172.18.0.2:8080/v1/AUTH_3f7aaf69da22429aaa2b35b7eb8b6cfb/gnocchi.d11e5ab2-e708-4265-ab85-4453669b94f5?format=json&states=listing" "tx507feb047b41430baab13-00692feb71" "proxy-server 20" 0.0165 "-" 14 0
Dec 3 07:49:05 standalone proxy-server[130028]: 172.18.0.2 172.18.0.100 03/Dec/2025/07/49/05 GET /v1/AUTH_3f7aaf69da22429aaa2b35b7eb8b6cfb/gnocchi.d11e5ab2-e708-4265-ab85-4453669b94f5%3Fformat%3Djson%26states%3Dlisting HTTP/1.0 200 - python-swiftclient-3.11.1 gAAAAABpL-sLW2Eo... - 357 - tx507feb047b41430baab13-00692feb71 - 0.0250 - - 1764748145.021899462 1764748145.046882153 0
Dec 3 07:49:05 standalone container-server[127919]: 172.20.0.100 - - [03/Dec/2025:07:49:05 +0000] "GET /d1/665/AUTH_3f7aaf69da22429aaa2b35b7eb8b6cfb/gnocchi.d11e5ab2-e708-4265-ab85-4453669b94f5" 200 2 "GET http://172.18.0.2:8080/v1/AUTH_3f7aaf69da22429aaa2b35b7eb8b6cfb/gnocchi.d11e5ab2-e708-4265-ab85-4453669b94f5?format=json&marker=none_v3&states=listing" "tx7e315c888077497b84c08-00692feb71" "proxy-server 20" 0.0026 "-" 15 0
Dec 3 07:49:05 standalone proxy-server[130028]: 172.18.0.2 172.18.0.100 03/Dec/2025/07/49/05 GET /v1/AUTH_3f7aaf69da22429aaa2b35b7eb8b6cfb/gnocchi.d11e5ab2-e708-4265-ab85-4453669b94f5%3Fformat%3Djson%26marker%3Dnone_v3%26states%3Dlisting HTTP/1.0 200 - python-swiftclient-3.11.1 gAAAAABpL-sLW2Eo... - 2 - tx7e315c888077497b84c08-00692feb71 - 0.0101 - - 1764748145.050810099 1764748145.060868025 0
Dec 3 07:49:05 standalone object-server[128001]: 172.20.0.100 - - [03/Dec/2025:07:49:05 +0000] "GET /d1/710/AUTH_3f7aaf69da22429aaa2b35b7eb8b6cfb/gnocchi.d11e5ab2-e708-4265-ab85-4453669b94f5/1764720000.0_mean_300.0_v3" 200 16 "GET http://172.18.0.2:8080/v1/AUTH_3f7aaf69da22429aaa2b35b7eb8b6cfb/gnocchi.d11e5ab2-e708-4265-ab85-4453669b94f5/1764720000.0_mean_300.0_v3" "tx40a7698cc15b4e26af9b3-00692feb71" "proxy-server 20" 0.0014 "-" 22 0
Dec 3 07:49:05 standalone proxy-server[130028]: 172.18.0.2 172.18.0.100 03/Dec/2025/07/49/05 GET /v1/AUTH_3f7aaf69da22429aaa2b35b7eb8b6cfb/gnocchi.d11e5ab2-e708-4265-ab85-4453669b94f5/1764720000.0_mean_300.0_v3 HTTP/1.0 200 - python-swiftclient-3.11.1 gAAAAABpL-sLW2Eo... - 16 - tx40a7698cc15b4e26af9b3-00692feb71 - 0.0079 - - 1764748145.065498352 1764748145.073441029 0
Dec 3 07:49:05 standalone container-server[127913]: 172.20.0.100 - - [03/Dec/2025:07:49:05 +0000] "PUT /d1/665/AUTH_3f7aaf69da22429aaa2b35b7eb8b6cfb/gnocchi.d11e5ab2-e708-4265-ab85-4453669b94f5/1764720000.0_mean_300.0_v3" 201 - "PUT http://172.18.0.2:8080/d1/710/AUTH_3f7aaf69da22429aaa2b35b7eb8b6cfb/gnocchi.d11e5ab2-e708-4265-ab85-4453669b94f5/1764720000.0_mean_300.0_v3" "txd7378c55130a4530b8f1b-00692feb71" "object-server 24" 0.0006 "-" 14 0
Dec 3 07:49:05 standalone object-server[128004]: 172.20.0.100 - - [03/Dec/2025:07:49:05 +0000] "PUT /d1/710/AUTH_3f7aaf69da22429aaa2b35b7eb8b6cfb/gnocchi.d11e5ab2-e708-4265-ab85-4453669b94f5/1764720000.0_mean_300.0_v3" 201 - "PUT http://172.18.0.2:8080/v1/AUTH_3f7aaf69da22429aaa2b35b7eb8b6cfb/gnocchi.d11e5ab2-e708-4265-ab85-4453669b94f5/1764720000.0_mean_300.0_v3" "txd7378c55130a4530b8f1b-00692feb71" "proxy-server 20" 0.0318 "-" 24 0
Dec 3 07:49:05 standalone proxy-server[130028]: 172.18.0.2 172.18.0.100 03/Dec/2025/07/49/05 PUT /v1/AUTH_3f7aaf69da22429aaa2b35b7eb8b6cfb/gnocchi.d11e5ab2-e708-4265-ab85-4453669b94f5/1764720000.0_mean_300.0_v3 HTTP/1.0 201 - python-swiftclient-3.11.1 gAAAAABpL-sLW2Eo... 16 - - txd7378c55130a4530b8f1b-00692feb71 - 0.0399 - - 1764748145.075646877 1764748145.115542412 0
Dec 3 07:49:05 standalone container-server[127919]: 172.20.0.100 - - [03/Dec/2025:07:49:05 +0000] "PUT /d1/665/AUTH_3f7aaf69da22429aaa2b35b7eb8b6cfb/gnocchi.d11e5ab2-e708-4265-ab85-4453669b94f5/none_v3" 201 - "PUT http://172.18.0.2:8080/d1/80/AUTH_3f7aaf69da22429aaa2b35b7eb8b6cfb/gnocchi.d11e5ab2-e708-4265-ab85-4453669b94f5/none_v3" "tx664439220f7a4dfab7436-00692feb71" "object-server 25" 0.0007 "-" 15 0
Dec 3 07:49:05 standalone object-server[128006]: 172.20.0.100 - - [03/Dec/2025:07:49:05 +0000] "PUT /d1/80/AUTH_3f7aaf69da22429aaa2b35b7eb8b6cfb/gnocchi.d11e5ab2-e708-4265-ab85-4453669b94f5/none_v3" 201 - "PUT http://172.18.0.2:8080/v1/AUTH_3f7aaf69da22429aaa2b35b7eb8b6cfb/gnocchi.d11e5ab2-e708-4265-ab85-4453669b94f5/none_v3" "tx664439220f7a4dfab7436-00692feb71" "proxy-server 20" 0.0080 "-" 25 0
Dec 3 07:49:05 standalone proxy-server[130028]: 172.18.0.2 172.18.0.100 03/Dec/2025/07/49/05 PUT /v1/AUTH_3f7aaf69da22429aaa2b35b7eb8b6cfb/gnocchi.d11e5ab2-e708-4265-ab85-4453669b94f5/none_v3 HTTP/1.0 201 - python-swiftclient-3.11.1 gAAAAABpL-sLW2Eo... 33 - - tx664439220f7a4dfab7436-00692feb71 - 0.0132 - - 1764748145.120169163 1764748145.133358955 0
Dec 3 07:49:05 standalone object-server[128006]: 172.20.0.100 - - [03/Dec/2025:07:49:05 +0000] "GET /d1/108/AUTH_3f7aaf69da22429aaa2b35b7eb8b6cfb/gnocchi.23cbd108-ca3a-4d8d-9a03-34df7e8a7e01/none_v3" 200 22 "GET http://172.18.0.2:8080/v1/AUTH_3f7aaf69da22429aaa2b35b7eb8b6cfb/gnocchi.23cbd108-ca3a-4d8d-9a03-34df7e8a7e01/none_v3" "txfc4874ce24114bfa90fe8-00692feb71" "proxy-server 20" 0.0006 "-" 25 0
Dec 3 07:49:05 standalone proxy-server[130028]: 172.18.0.2 172.18.0.100 03/Dec/2025/07/49/05 GET /v1/AUTH_3f7aaf69da22429aaa2b35b7eb8b6cfb/gnocchi.23cbd108-ca3a-4d8d-9a03-34df7e8a7e01/none_v3 HTTP/1.0 200 - python-swiftclient-3.11.1 gAAAAABpL-sLW2Eo... - 22 - txfc4874ce24114bfa90fe8-00692feb71 - 0.0055 - - 1764748145.159526348 1764748145.165031195 0
Dec 3 07:49:05 standalone container-server[127919]: 172.20.0.100 - - [03/Dec/2025:07:49:05 +0000] "GET /d1/583/AUTH_3f7aaf69da22429aaa2b35b7eb8b6cfb/gnocchi.23cbd108-ca3a-4d8d-9a03-34df7e8a7e01" 200 357 "GET http://172.18.0.2:8080/v1/AUTH_3f7aaf69da22429aaa2b35b7eb8b6cfb/gnocchi.23cbd108-ca3a-4d8d-9a03-34df7e8a7e01?format=json&states=listing" "tx0fbcfb40ba054736874c1-00692feb71" "proxy-server 20" 0.0155 "-" 15 0
Dec 3 07:49:05 standalone proxy-server[130028]: 172.18.0.2 172.18.0.100 03/Dec/2025/07/49/05 GET /v1/AUTH_3f7aaf69da22429aaa2b35b7eb8b6cfb/gnocchi.23cbd108-ca3a-4d8d-9a03-34df7e8a7e01%3Fformat%3Djson%26states%3Dlisting HTTP/1.0 200 - python-swiftclient-3.11.1 gAAAAABpL-sLW2Eo... - 357 - tx0fbcfb40ba054736874c1-00692feb71 - 0.0208 - - 1764748145.168360949 1764748145.189201832 0
Dec 3 07:49:05 standalone container-server[127927]: 172.20.0.100 - - [03/Dec/2025:07:49:05 +0000] "GET /d1/583/AUTH_3f7aaf69da22429aaa2b35b7eb8b6cfb/gnocchi.23cbd108-ca3a-4d8d-9a03-34df7e8a7e01" 200 2 "GET http://172.18.0.2:8080/v1/AUTH_3f7aaf69da22429aaa2b35b7eb8b6cfb/gnocchi.23cbd108-ca3a-4d8d-9a03-34df7e8a7e01?format=json&marker=none_v3&states=listing" "tx08876802446e465b87df7-00692feb71" "proxy-server 20" 0.0036 "-" 17 0
Dec 3 07:49:05 standalone proxy-server[130028]: 172.18.0.2 172.18.0.100 03/Dec/2025/07/49/05 GET /v1/AUTH_3f7aaf69da22429aaa2b35b7eb8b6cfb/gnocchi.23cbd108-ca3a-4d8d-9a03-34df7e8a7e01%3Fformat%3Djson%26marker%3Dnone_v3%26states%3Dlisting HTTP/1.0 200 - python-swiftclient-3.11.1 gAAAAABpL-sLW2Eo... - 2 - tx08876802446e465b87df7-00692feb71 - 0.0097 - - 1764748145.191710711 1764748145.201439857 0
Dec 3 07:49:05 standalone object-server[128004]: 172.20.0.100 - - [03/Dec/2025:07:49:05 +0000] "GET /d1/650/AUTH_3f7aaf69da22429aaa2b35b7eb8b6cfb/gnocchi.23cbd108-ca3a-4d8d-9a03-34df7e8a7e01/1764720000.0_mean_300.0_v3" 200 16 "GET http://172.18.0.2:8080/v1/AUTH_3f7aaf69da22429aaa2b35b7eb8b6cfb/gnocchi.23cbd108-ca3a-4d8d-9a03-34df7e8a7e01/1764720000.0_mean_300.0_v3" "tx2b6d76f4942741a08b388-00692feb71" "proxy-server 20" 0.0010 "-" 24 0
Dec 3 07:49:05 standalone proxy-server[130028]: 172.18.0.2 172.18.0.100 03/Dec/2025/07/49/05 GET /v1/AUTH_3f7aaf69da22429aaa2b35b7eb8b6cfb/gnocchi.23cbd108-ca3a-4d8d-9a03-34df7e8a7e01/1764720000.0_mean_300.0_v3 HTTP/1.0 200 - python-swiftclient-3.11.1 gAAAAABpL-sLW2Eo... - 16 - tx2b6d76f4942741a08b388-00692feb71 - 0.0057 - - 1764748145.204753160 1764748145.210492134 0
Dec 3 07:49:05 standalone container-server[127913]: 172.20.0.100 - - [03/Dec/2025:07:49:05 +0000] "PUT /d1/583/AUTH_3f7aaf69da22429aaa2b35b7eb8b6cfb/gnocchi.23cbd108-ca3a-4d8d-9a03-34df7e8a7e01/1764720000.0_mean_300.0_v3" 201 - "PUT http://172.18.0.2:8080/d1/650/AUTH_3f7aaf69da22429aaa2b35b7eb8b6cfb/gnocchi.23cbd108-ca3a-4d8d-9a03-34df7e8a7e01/1764720000.0_mean_300.0_v3" "txa02c2bb99a71455ab0cda-00692feb71" "object-server 25" 0.0008 "-" 14 0
Dec 3 07:49:05 standalone object-server[128006]: 172.20.0.100 - - [03/Dec/2025:07:49:05 +0000] "PUT /d1/650/AUTH_3f7aaf69da22429aaa2b35b7eb8b6cfb/gnocchi.23cbd108-ca3a-4d8d-9a03-34df7e8a7e01/1764720000.0_mean_300.0_v3" 201 - "PUT http://172.18.0.2:8080/v1/AUTH_3f7aaf69da22429aaa2b35b7eb8b6cfb/gnocchi.23cbd108-ca3a-4d8d-9a03-34df7e8a7e01/1764720000.0_mean_300.0_v3" "txa02c2bb99a71455ab0cda-00692feb71" "proxy-server 20" 0.0089 "-" 25 0
Dec 3 07:49:05 standalone proxy-server[130028]: 172.18.0.2 172.18.0.100 03/Dec/2025/07/49/05 PUT /v1/AUTH_3f7aaf69da22429aaa2b35b7eb8b6cfb/gnocchi.23cbd108-ca3a-4d8d-9a03-34df7e8a7e01/1764720000.0_mean_300.0_v3 HTTP/1.0 201 - python-swiftclient-3.11.1 gAAAAABpL-sLW2Eo... 16 - - txa02c2bb99a71455ab0cda-00692feb71 - 0.0134 - - 1764748145.213160276 1764748145.226561785 0
Dec 3 07:49:05 standalone container-server[127927]: 172.20.0.100 - - [03/Dec/2025:07:49:05 +0000] "PUT /d1/583/AUTH_3f7aaf69da22429aaa2b35b7eb8b6cfb/gnocchi.23cbd108-ca3a-4d8d-9a03-34df7e8a7e01/none_v3" 201 - "PUT http://172.18.0.2:8080/d1/108/AUTH_3f7aaf69da22429aaa2b35b7eb8b6cfb/gnocchi.23cbd108-ca3a-4d8d-9a03-34df7e8a7e01/none_v3" "tx691114f9846649ea84590-00692feb71" "object-server 25" 0.0009 "-" 17 0
Dec 3 07:49:05 standalone object-server[128006]: 172.20.0.100 - - [03/Dec/2025:07:49:05 +0000] "PUT /d1/108/AUTH_3f7aaf69da22429aaa2b35b7eb8b6cfb/gnocchi.23cbd108-ca3a-4d8d-9a03-34df7e8a7e01/none_v3" 201 - "PUT http://172.18.0.2:8080/v1/AUTH_3f7aaf69da22429aaa2b35b7eb8b6cfb/gnocchi.23cbd108-ca3a-4d8d-9a03-34df7e8a7e01/none_v3" "tx691114f9846649ea84590-00692feb71" "proxy-server 20" 0.0088 "-" 25 0
Dec 3 07:49:05 standalone proxy-server[130028]: 172.18.0.2 172.18.0.100 03/Dec/2025/07/49/05 PUT /v1/AUTH_3f7aaf69da22429aaa2b35b7eb8b6cfb/gnocchi.23cbd108-ca3a-4d8d-9a03-34df7e8a7e01/none_v3 HTTP/1.0 201 - python-swiftclient-3.11.1 gAAAAABpL-sLW2Eo... 33 - - tx691114f9846649ea84590-00692feb71 - 0.0130 - - 1764748145.229269981 1764748145.242233515 0
Dec 3 07:49:08 standalone object-server[128001]: 172.20.0.100 - - [03/Dec/2025:07:49:08 +0000] "GET /d1/496/AUTH_3f7aaf69da22429aaa2b35b7eb8b6cfb/gnocchi.0f1da30d-7762-4fcc-be4e-7dcec6ee8a8c/none_v3" 200 22 "GET http://172.18.0.2:8080/v1/AUTH_3f7aaf69da22429aaa2b35b7eb8b6cfb/gnocchi.0f1da30d-7762-4fcc-be4e-7dcec6ee8a8c/none_v3" "txa6f37ed963f04a91bcbf6-00692feb74" "proxy-server 20" 0.0015 "-" 22 0
Dec 3 07:49:08 standalone proxy-server[130028]: 172.18.0.2 172.18.0.100 03/Dec/2025/07/49/08 GET /v1/AUTH_3f7aaf69da22429aaa2b35b7eb8b6cfb/gnocchi.0f1da30d-7762-4fcc-be4e-7dcec6ee8a8c/none_v3 HTTP/1.0 200 - python-swiftclient-3.11.1 gAAAAABpL-sLW2Eo... - 22 - txa6f37ed963f04a91bcbf6-00692feb74 - 0.0094 - - 1764748148.541355371 1764748148.550727606 0
Dec 3 07:49:08 standalone container-server[127919]: 172.20.0.100 - - [03/Dec/2025:07:49:08 +0000] "GET /d1/260/AUTH_3f7aaf69da22429aaa2b35b7eb8b6cfb/gnocchi.0f1da30d-7762-4fcc-be4e-7dcec6ee8a8c" 200 357 "GET http://172.18.0.2:8080/v1/AUTH_3f7aaf69da22429aaa2b35b7eb8b6cfb/gnocchi.0f1da30d-7762-4fcc-be4e-7dcec6ee8a8c?format=json&states=listing" "tx856ad95f11eb4a0aa9be4-00692feb74" "proxy-server 20" 0.0100 "-" 15 0
Dec 3 07:49:08 standalone proxy-server[130028]: 172.18.0.2 172.18.0.100 03/Dec/2025/07/49/08 GET /v1/AUTH_3f7aaf69da22429aaa2b35b7eb8b6cfb/gnocchi.0f1da30d-7762-4fcc-be4e-7dcec6ee8a8c%3Fformat%3Djson%26states%3Dlisting HTTP/1.0 200 - python-swiftclient-3.11.1 gAAAAABpL-sLW2Eo... - 357 - tx856ad95f11eb4a0aa9be4-00692feb74 - 0.0170 - - 1764748148.555989504 1764748148.572987556 0
Dec 3 07:49:08 standalone container-server[127927]: 172.20.0.100 - - [03/Dec/2025:07:49:08 +0000] "GET /d1/260/AUTH_3f7aaf69da22429aaa2b35b7eb8b6cfb/gnocchi.0f1da30d-7762-4fcc-be4e-7dcec6ee8a8c" 200 2 "GET http://172.18.0.2:8080/v1/AUTH_3f7aaf69da22429aaa2b35b7eb8b6cfb/gnocchi.0f1da30d-7762-4fcc-be4e-7dcec6ee8a8c?format=json&marker=none_v3&states=listing" "tx793b942895024b1fbe742-00692feb74" "proxy-server 20" 0.0039 "-" 17 0
Dec 3 07:49:08 standalone proxy-server[130028]: 172.18.0.2 172.18.0.100 03/Dec/2025/07/49/08 GET /v1/AUTH_3f7aaf69da22429aaa2b35b7eb8b6cfb/gnocchi.0f1da30d-7762-4fcc-be4e-7dcec6ee8a8c%3Fformat%3Djson%26marker%3Dnone_v3%26states%3Dlisting HTTP/1.0 200 - python-swiftclient-3.11.1 gAAAAABpL-sLW2Eo... - 2 - tx793b942895024b1fbe742-00692feb74 - 0.0104 - - 1764748148.576657295 1764748148.587100744 0
Dec 3 07:49:08 standalone object-server[128004]: 172.20.0.100 - - [03/Dec/2025:07:49:08 +0000] "GET /d1/789/AUTH_3f7aaf69da22429aaa2b35b7eb8b6cfb/gnocchi.0f1da30d-7762-4fcc-be4e-7dcec6ee8a8c/1764720000.0_mean_300.0_v3" 200 16 "GET http://172.18.0.2:8080/v1/AUTH_3f7aaf69da22429aaa2b35b7eb8b6cfb/gnocchi.0f1da30d-7762-4fcc-be4e-7dcec6ee8a8c/1764720000.0_mean_300.0_v3" "tx0a0d46d2aca04b2abc377-00692feb74" "proxy-server 20" 0.0012 "-" 24 0
Dec 3 07:49:08 standalone proxy-server[130028]: 172.18.0.2 172.18.0.100 03/Dec/2025/07/49/08 GET /v1/AUTH_3f7aaf69da22429aaa2b35b7eb8b6cfb/gnocchi.0f1da30d-7762-4fcc-be4e-7dcec6ee8a8c/1764720000.0_mean_300.0_v3 HTTP/1.0 200 - python-swiftclient-3.11.1 gAAAAABpL-sLW2Eo... - 16 - tx0a0d46d2aca04b2abc377-00692feb74 - 0.0075 - - 1764748148.594173193 1764748148.601714134 0
Dec 3 07:49:08 standalone container-server[127924]: 172.20.0.100 - - [03/Dec/2025:07:49:08 +0000] "PUT /d1/260/AUTH_3f7aaf69da22429aaa2b35b7eb8b6cfb/gnocchi.0f1da30d-7762-4fcc-be4e-7dcec6ee8a8c/1764720000.0_mean_300.0_v3" 201 - "PUT http://172.18.0.2:8080/d1/789/AUTH_3f7aaf69da22429aaa2b35b7eb8b6cfb/gnocchi.0f1da30d-7762-4fcc-be4e-7dcec6ee8a8c/1764720000.0_mean_300.0_v3" "tx0677778e52fe44e7ab24e-00692feb74" "object-server 23" 0.0006 "-" 16 0
Dec 3 07:49:08 standalone object-server[128003]: 172.20.0.100 - - [03/Dec/2025:07:49:08 +0000] "PUT /d1/789/AUTH_3f7aaf69da22429aaa2b35b7eb8b6cfb/gnocchi.0f1da30d-7762-4fcc-be4e-7dcec6ee8a8c/1764720000.0_mean_300.0_v3" 201 - "PUT http://172.18.0.2:8080/v1/AUTH_3f7aaf69da22429aaa2b35b7eb8b6cfb/gnocchi.0f1da30d-7762-4fcc-be4e-7dcec6ee8a8c/1764720000.0_mean_300.0_v3" "tx0677778e52fe44e7ab24e-00692feb74" "proxy-server 20" 0.0123 "-" 23 0
Dec 3 07:49:08 standalone proxy-server[130028]: 172.18.0.2 172.18.0.100 03/Dec/2025/07/49/08 PUT /v1/AUTH_3f7aaf69da22429aaa2b35b7eb8b6cfb/gnocchi.0f1da30d-7762-4fcc-be4e-7dcec6ee8a8c/1764720000.0_mean_300.0_v3 HTTP/1.0 201 - python-swiftclient-3.11.1 gAAAAABpL-sLW2Eo... 16 - - tx0677778e52fe44e7ab24e-00692feb74 - 0.0203 - - 1764748148.607817411 1764748148.628164053 0
Dec 3 07:49:08 standalone container-server[127913]: 172.20.0.100 - - [03/Dec/2025:07:49:08 +0000] "PUT /d1/260/AUTH_3f7aaf69da22429aaa2b35b7eb8b6cfb/gnocchi.0f1da30d-7762-4fcc-be4e-7dcec6ee8a8c/none_v3" 201 - "PUT http://172.18.0.2:8080/d1/496/AUTH_3f7aaf69da22429aaa2b35b7eb8b6cfb/gnocchi.0f1da30d-7762-4fcc-be4e-7dcec6ee8a8c/none_v3" "tx91f6210b519446788a4eb-00692feb74" "object-server 25" 0.0009 "-" 14 0
Dec 3 07:49:08 standalone object-server[128006]: 172.20.0.100 - - [03/Dec/2025:07:49:08 +0000] "PUT /d1/496/AUTH_3f7aaf69da22429aaa2b35b7eb8b6cfb/gnocchi.0f1da30d-7762-4fcc-be4e-7dcec6ee8a8c/none_v3" 201 - "PUT http://172.18.0.2:8080/v1/AUTH_3f7aaf69da22429aaa2b35b7eb8b6cfb/gnocchi.0f1da30d-7762-4fcc-be4e-7dcec6ee8a8c/none_v3" "tx91f6210b519446788a4eb-00692feb74" "proxy-server 20" 0.0108 "-" 25 0
Dec 3 07:49:08 standalone proxy-server[130028]: 172.18.0.2 172.18.0.100 03/Dec/2025/07/49/08 PUT /v1/AUTH_3f7aaf69da22429aaa2b35b7eb8b6cfb/gnocchi.0f1da30d-7762-4fcc-be4e-7dcec6ee8a8c/none_v3 HTTP/1.0 201 - python-swiftclient-3.11.1 gAAAAABpL-sLW2Eo... 31 - - tx91f6210b519446788a4eb-00692feb74 - 0.0161 - - 1764748148.631462812 1764748148.647590399 0
Dec 3 07:49:19 standalone container-server[127927]: 172.20.0.100 - - [03/Dec/2025:07:49:19 +0000] "HEAD /d1/903/AUTH_3f7aaf69da22429aaa2b35b7eb8b6cfb/gnocchi.ac7179ec-6b5e-4fc9-b594-9ed465eeddf2" 404 - "HEAD http://172.18.0.2:8080/v1/AUTH_3f7aaf69da22429aaa2b35b7eb8b6cfb/gnocchi.ac7179ec-6b5e-4fc9-b594-9ed465eeddf2?format=json&states=listing" "txc7482c1310ad456cbeca4-00692feb7f" "proxy-server 20" 0.0009 "-" 17 0
Dec 3 07:49:19 standalone object-server[128004]: 172.20.0.100 - - [03/Dec/2025:07:49:19 +0000] "GET /d1/272/AUTH_3f7aaf69da22429aaa2b35b7eb8b6cfb/gnocchi.ac7179ec-6b5e-4fc9-b594-9ed465eeddf2/none_v3" 404 70 "GET http://172.18.0.2:8080/v1/AUTH_3f7aaf69da22429aaa2b35b7eb8b6cfb/gnocchi.ac7179ec-6b5e-4fc9-b594-9ed465eeddf2/none_v3" "txc7482c1310ad456cbeca4-00692feb7f" "proxy-server 20" 0.0011 "-" 24 0
Dec 3 07:49:19 standalone proxy-server[130028]: 172.18.0.2 172.18.0.100 03/Dec/2025/07/49/19 GET /v1/AUTH_3f7aaf69da22429aaa2b35b7eb8b6cfb/gnocchi.ac7179ec-6b5e-4fc9-b594-9ed465eeddf2/none_v3 HTTP/1.0 404 - python-swiftclient-3.11.1 gAAAAABpL-sLW2Eo... - 70 - txc7482c1310ad456cbeca4-00692feb7f - 0.0188 - - 1764748159.616770506 1764748159.635543108 0
Dec 3 07:49:19 standalone account-server[127784]: 172.20.0.100 - - [03/Dec/2025:07:49:19 +0000] "PUT /d1/385/AUTH_3f7aaf69da22429aaa2b35b7eb8b6cfb/gnocchi.ac7179ec-6b5e-4fc9-b594-9ed465eeddf2" 201 - "PUT http://172.20.0.100:6001/d1/903/AUTH_3f7aaf69da22429aaa2b35b7eb8b6cfb/gnocchi.ac7179ec-6b5e-4fc9-b594-9ed465eeddf2" "tx371a2a762faf4c948f347-00692feb7f" "container-server 17" 0.0044 "-" 22 0
Dec 3 07:49:19 standalone container-server[127927]: 172.20.0.100 - - [03/Dec/2025:07:49:19 +0000] "PUT /d1/903/AUTH_3f7aaf69da22429aaa2b35b7eb8b6cfb/gnocchi.ac7179ec-6b5e-4fc9-b594-9ed465eeddf2" 201 - "PUT http://172.18.0.2:8080/v1/AUTH_3f7aaf69da22429aaa2b35b7eb8b6cfb/gnocchi.ac7179ec-6b5e-4fc9-b594-9ed465eeddf2" "tx371a2a762faf4c948f347-00692feb7f" "proxy-server 20" 0.0198 "-" 17 0
Dec 3 07:49:19 standalone proxy-server[130028]: 172.18.0.2 172.18.0.100 03/Dec/2025/07/49/19 PUT /v1/AUTH_3f7aaf69da22429aaa2b35b7eb8b6cfb/gnocchi.ac7179ec-6b5e-4fc9-b594-9ed465eeddf2 HTTP/1.0 201 - python-swiftclient-3.11.1 gAAAAABpL-sLW2Eo... - - - tx371a2a762faf4c948f347-00692feb7f - 0.0275 - - 1764748159.639607668 1764748159.667099476 0
