Dec 3 07:35:08 standalone account-server[127408]: Starting 2
Dec 3 07:35:09 standalone account-server[127595]: Started child 20 from parent 2
Dec 3 07:35:09 standalone account-server[127595]: Started child 21 from parent 2
Dec 3 07:35:09 standalone account-server[127595]: Started child 22 from parent 2
Dec 3 07:35:09 standalone account-server[127595]: Started child 23 from parent 2
Dec 3 07:35:09 standalone container-server[127685]: Starting 2
Dec 3 07:35:09 standalone object-expirer[127737]: Starting 2
Dec 3 07:35:09 standalone object-expirer[127737]: Option auto_create_account_prefix is deprecated. Configure auto_create_account_prefix under the swift-constraints section of swift.conf. This option will be ignored in a future release.
Dec 3 07:35:09 standalone container-server[127735]: Option allow_versions is deprecated. Configure the versioned_writes middleware in the proxy-server instead. This option will be ignored in a future release.
Dec 3 07:35:09 standalone container-server[127913]: Option allow_versions is deprecated. Configure the versioned_writes middleware in the proxy-server instead. This option will be ignored in a future release.
Dec 3 07:35:09 standalone container-server[127735]: Started child 14 from parent 2
Dec 3 07:35:09 standalone container-server[127919]: Option allow_versions is deprecated. Configure the versioned_writes middleware in the proxy-server instead. This option will be ignored in a future release.
Dec 3 07:35:09 standalone container-server[127735]: Started child 15 from parent 2
Dec 3 07:35:09 standalone container-server[127924]: Option allow_versions is deprecated. Configure the versioned_writes middleware in the proxy-server instead. This option will be ignored in a future release.
Dec 3 07:35:09 standalone container-server[127735]: Started child 16 from parent 2
Dec 3 07:35:09 standalone container-server[127927]: Option allow_versions is deprecated. Configure the versioned_writes middleware in the proxy-server instead. This option will be ignored in a future release.
Dec 3 07:35:09 standalone container-server[127735]: Started child 17 from parent 2
Dec 3 07:35:10 standalone object-server[127906]: Started child 22 from parent 2
Dec 3 07:35:10 standalone object-server[127906]: Started child 23 from parent 2
Dec 3 07:35:10 standalone object-server[127906]: Started child 24 from parent 2
Dec 3 07:35:10 standalone object-server[127906]: Started child 25 from parent 2
Dec 3 07:35:10 standalone object-server[127950]: Starting 2
Dec 3 07:35:16 standalone proxy-server[129728]: Starting Keystone auth_token middleware
Dec 3 07:35:16 standalone proxy-server[129728]: AuthToken middleware is set with keystone_authtoken.service_token_roles_required set to False. This is backwards compatible but deprecated behaviour. Please set this to True.
Dec 3 07:35:16 standalone proxy-server[130028]: Starting Keystone auth_token middleware
Dec 3 07:35:16 standalone proxy-server[130028]: STDERR: The option "bind_port" is not known to keystonemiddleware
Dec 3 07:35:16 standalone proxy-server[130028]: STDERR: The option "workers" is not known to keystonemiddleware
Dec 3 07:35:16 standalone proxy-server[130028]: STDERR: The option "user" is not known to keystonemiddleware
Dec 3 07:35:16 standalone proxy-server[130028]: STDERR: The option "bind_ip" is not known to keystonemiddleware
Dec 3 07:35:16 standalone proxy-server[130028]: STDERR: The option "log_name" is not known to keystonemiddleware
Dec 3 07:35:16 standalone proxy-server[130028]: STDERR: The option "log_facility" is not known to keystonemiddleware
Dec 3 07:35:16 standalone proxy-server[130028]: STDERR: The option "log_level" is not known to keystonemiddleware
Dec 3 07:35:16 standalone proxy-server[130028]: STDERR: The option "log_headers" is not known to keystonemiddleware
Dec 3 07:35:16 standalone proxy-server[130028]: STDERR: The option "log_address" is not known to keystonemiddleware
Dec 3 07:35:16 standalone proxy-server[130028]: STDERR: The option "project_name" is not known to keystonemiddleware
Dec 3 07:35:16 standalone proxy-server[130028]: STDERR: The option "username" is not known to keystonemiddleware
Dec 3 07:35:16 standalone proxy-server[130028]: STDERR: The option "password" is not known to keystonemiddleware
Dec 3 07:35:16 standalone proxy-server[130028]: STDERR: The option "auth_url" is not known to keystonemiddleware
Dec 3 07:35:16 standalone proxy-server[130028]: STDERR: The option "signing_dir" is not known to keystonemiddleware
Dec 3 07:35:16 standalone proxy-server[130028]: STDERR: The option "project_domain_id" is not known to keystonemiddleware
Dec 3 07:35:16 standalone proxy-server[130028]: STDERR: The option "user_domain_id" is not known to keystonemiddleware
Dec 3 07:35:16 standalone proxy-server[130028]: STDERR: The option "__name__" is not known to keystonemiddleware
Dec 3 07:35:16 standalone proxy-server[130028]: AuthToken middleware is set with keystone_authtoken.service_token_roles_required set to False. This is backwards compatible but deprecated behaviour. Please set this to True.
Dec 3 07:35:16 standalone proxy-server[129728]: Started child 20 from parent 2
Dec 3 07:37:24 standalone account-server[127784]: 172.20.0.100 - - [03/Dec/2025:07:37:24 +0000] "HEAD /d1/581/.expiring_objects" 404 - "HEAD http://localhost/v1/.expiring_objects?format=json" "tx9cac902848f94b0394606-00692fe8b4" "proxy-server 2" 0.0016 "-" 22 -
Dec 3 07:37:24 standalone object-expirer[127737]: Pass completed in 0s; 0 objects expired (txn: tx9cac902848f94b0394606-00692fe8b4)
Dec 3 07:38:29 standalone object-server[127950]: Begin object update sweep
Dec 3 07:38:29 standalone object-server[151847]: Object update sweep starting on /srv/node/d1 (pid: 11)
Dec 3 07:38:29 standalone object-server[151847]: Object update sweep completed on /srv/node/d1 in 0.00s seconds:, 0 successes, 0 failures, 0 quarantines, 0 unlinks, 0 errors, 0 redirects (pid: 11)
Dec 3 07:38:29 standalone object-server[151847]: Object update sweep of d1 completed: 0.00s, 0 successes, 0 failures, 0 quarantines, 0 unlinks, 0 errors, 0 redirects
Dec 3 07:38:29 standalone object-server[127950]: Object update sweep completed: 0.09s
Dec 3 07:38:34 standalone account-server[127784]: 172.20.0.100 - - [03/Dec/2025:07:38:34 +0000] "HEAD /d1/581/.expiring_objects" 404 - "HEAD http://localhost/v1/.expiring_objects?format=json" "tx0d49f69e570140e0a4190-00692fe8fa" "proxy-server 2" 0.0006 "-" 22 -
Dec 3 07:38:34 standalone object-expirer[127737]: Pass completed in 0s; 0 objects expired (txn: tx0d49f69e570140e0a4190-00692fe8fa)
Dec 3 07:39:30 standalone container-server[127685]: Begin container update sweep
Dec 3 07:39:30 standalone container-server[127685]: Container update sweep completed: 0.00s
Dec 3 07:39:52 standalone account-server[127784]: 172.20.0.100 - - [03/Dec/2025:07:39:52 +0000] "HEAD /d1/581/.expiring_objects" 404 - "HEAD http://localhost/v1/.expiring_objects?format=json" "txb533fe12f7704aafb4693-00692fe948" "proxy-server 2" 0.0007 "-" 22 -
Dec 3 07:39:52 standalone object-expirer[127737]: Pass completed in 0s; 0 objects expired (txn: txb533fe12f7704aafb4693-00692fe948)
Dec 3 07:43:00 standalone account-server[127778]: 172.20.0.100 - - [03/Dec/2025:07:43:00 +0000] "HEAD /d1/581/.expiring_objects" 404 - "HEAD http://localhost/v1/.expiring_objects?format=json" "txae56721e630a4635a975d-00692fea04" "proxy-server 2" 0.0018 "-" 21 -
Dec 3 07:43:00 standalone object-expirer[127737]: Pass completed in 0s; 0 objects expired (txn: txae56721e630a4635a975d-00692fea04)
Dec 3 07:43:29 standalone object-server[127950]: Begin object update sweep
Dec 3 07:43:29 standalone object-server[191986]: Object update sweep starting on /srv/node/d1 (pid: 13)
Dec 3 07:43:29 standalone object-server[191986]: Object update sweep completed on /srv/node/d1 in 0.00s seconds:, 0 successes, 0 failures, 0 quarantines, 0 unlinks, 0 errors, 0 redirects (pid: 13)
Dec 3 07:43:29 standalone object-server[191986]: Object update sweep of d1 completed: 0.00s, 0 successes, 0 failures, 0 quarantines, 0 unlinks, 0 errors, 0 redirects
Dec 3 07:43:29 standalone object-server[127950]: Object update sweep completed: 0.11s
Dec 3 07:44:30 standalone container-server[127685]: Begin container update sweep
Dec 3 07:44:30 standalone container-server[127685]: Container update sweep completed: 0.00s
Dec 3 07:46:51 standalone account-server[127784]: 172.20.0.100 - - [03/Dec/2025:07:46:51 +0000] "HEAD /d1/581/.expiring_objects" 404 - "HEAD http://localhost/v1/.expiring_objects?format=json" "txfaa61b4f38f24b45bd75a-00692feaeb" "proxy-server 2" 0.0009 "-" 22 -
Dec 3 07:46:51 standalone object-expirer[127737]: Pass completed in 0s; 0 objects expired (txn: txfaa61b4f38f24b45bd75a-00692feaeb)
Dec 3 07:47:23 standalone account-server[127793]: 172.20.0.100 - - [03/Dec/2025:07:47:23 +0000] "HEAD /d1/385/AUTH_3f7aaf69da22429aaa2b35b7eb8b6cfb" 404 - "HEAD http://172.18.0.2:8080/v1/AUTH_3f7aaf69da22429aaa2b35b7eb8b6cfb?format=json" "txe66f3066bca547209e4d0-00692feb0b" "proxy-server 20" 0.0017 "-" 23 -
Dec 3 07:47:23 standalone proxy-server[130028]: - - 03/Dec/2025/07/47/23 HEAD /v1/AUTH_3f7aaf69da22429aaa2b35b7eb8b6cfb%3Fformat%3Djson HTTP/1.0 200 - Swift - - - - txe66f3066bca547209e4d0-00692feb0b - 0.0095 RL - 1764748043.429874897 1764748043.439344645 -
Dec 3 07:47:23 standalone object-server[128004]: 172.20.0.100 - - [03/Dec/2025:07:47:23 +0000] "GET /d1/704/AUTH_3f7aaf69da22429aaa2b35b7eb8b6cfb/gnocchi.e1a0e729-8d2f-42b1-9a54-0ce7b70f55d1/none_v3" 404 70 "GET http://172.18.0.2:8080/v1/AUTH_3f7aaf69da22429aaa2b35b7eb8b6cfb/gnocchi.e1a0e729-8d2f-42b1-9a54-0ce7b70f55d1/none_v3" "txe66f3066bca547209e4d0-00692feb0b" "proxy-server 20" 0.0009 "-" 24 0
Dec 3 07:47:23 standalone proxy-server[130028]: 172.18.0.2 172.18.0.100 03/Dec/2025/07/47/23 GET /v1/AUTH_3f7aaf69da22429aaa2b35b7eb8b6cfb/gnocchi.e1a0e729-8d2f-42b1-9a54-0ce7b70f55d1/none_v3 HTTP/1.0 404 - python-swiftclient-3.11.1 gAAAAABpL-sLW2Eo... - 70 - txe66f3066bca547209e4d0-00692feb0b - 0.4187 - - 1764748043.425839663 1764748043.844547749 0
Dec 3 07:47:23 standalone account-server[127770]: 172.20.0.100 - - [03/Dec/2025:07:47:23 +0000] "PUT /d1/385/AUTH_3f7aaf69da22429aaa2b35b7eb8b6cfb" 201 - "-" "tx52ff6065b98b4db7b2ed2-00692feb0b" "-" 0.0138 "-" 20 -
Dec 3 07:47:23 standalone proxy-server[130028]: autocreate account '/AUTH_3f7aaf69da22429aaa2b35b7eb8b6cfb' (txn: tx52ff6065b98b4db7b2ed2-00692feb0b)
Dec 3 07:47:23 standalone account-server[127784]: 172.20.0.100 - - [03/Dec/2025:07:47:23 +0000] "HEAD /d1/385/AUTH_3f7aaf69da22429aaa2b35b7eb8b6cfb" 204 - "HEAD http://172.18.0.2:8080/v1/AUTH_3f7aaf69da22429aaa2b35b7eb8b6cfb?format=json" "tx52ff6065b98b4db7b2ed2-00692feb0b" "proxy-server 20" 0.0019 "-" 22 -
Dec 3 07:47:23 standalone account-server[127778]: 172.20.0.100 - - [03/Dec/2025:07:47:23 +0000] "PUT /d1/385/AUTH_3f7aaf69da22429aaa2b35b7eb8b6cfb/gnocchi.e1a0e729-8d2f-42b1-9a54-0ce7b70f55d1" 201 - "PUT http://172.20.0.100:6001/d1/11/AUTH_3f7aaf69da22429aaa2b35b7eb8b6cfb/gnocchi.e1a0e729-8d2f-42b1-9a54-0ce7b70f55d1" "tx52ff6065b98b4db7b2ed2-00692feb0b" "container-server 16" 0.0018 "-" 21 0
Dec 3 07:47:23 standalone container-server[127924]: 172.20.0.100 - - [03/Dec/2025:07:47:23 +0000] "PUT /d1/11/AUTH_3f7aaf69da22429aaa2b35b7eb8b6cfb/gnocchi.e1a0e729-8d2f-42b1-9a54-0ce7b70f55d1" 201 - "PUT http://172.18.0.2:8080/v1/AUTH_3f7aaf69da22429aaa2b35b7eb8b6cfb/gnocchi.e1a0e729-8d2f-42b1-9a54-0ce7b70f55d1" "tx52ff6065b98b4db7b2ed2-00692feb0b" "proxy-server 20" 0.0188 "-" 16 0
Dec 3 07:47:23 standalone proxy-server[130028]: 172.18.0.2 172.18.0.100 03/Dec/2025/07/47/23 PUT /v1/AUTH_3f7aaf69da22429aaa2b35b7eb8b6cfb/gnocchi.e1a0e729-8d2f-42b1-9a54-0ce7b70f55d1 HTTP/1.0 201 - python-swiftclient-3.11.1 gAAAAABpL-sLW2Eo... - - - tx52ff6065b98b4db7b2ed2-00692feb0b - 0.0454 - - 1764748043.848118305 1764748043.893472672 0
Dec 3 07:47:23 standalone container-server[127913]: 172.20.0.100 - - [03/Dec/2025:07:47:23 +0000] "HEAD /d1/11/AUTH_3f7aaf69da22429aaa2b35b7eb8b6cfb/gnocchi.e1a0e729-8d2f-42b1-9a54-0ce7b70f55d1" 204 - "HEAD http://172.18.0.2:8080/v1/AUTH_3f7aaf69da22429aaa2b35b7eb8b6cfb/gnocchi.e1a0e729-8d2f-42b1-9a54-0ce7b70f55d1?format=json&states=listing" "txe706abb0c0924998aa3f8-00692feb0b" "proxy-server 20" 0.0026 "-" 14 0
Dec 3 07:47:23 standalone proxy-server[130028]: - - 03/Dec/2025/07/47/23 HEAD /v1/AUTH_3f7aaf69da22429aaa2b35b7eb8b6cfb/gnocchi.e1a0e729-8d2f-42b1-9a54-0ce7b70f55d1%3Fformat%3Djson%26states%3Dlisting HTTP/1.0 204 - Swift - - - - txe706abb0c0924998aa3f8-00692feb0b - 0.0055 RL - 1764748043.898622274 1764748043.904152632 0
Dec 3 07:47:23 standalone container-server[127919]: 172.20.0.100 - - [03/Dec/2025:07:47:23 +0000] "GET /d1/11/AUTH_3f7aaf69da22429aaa2b35b7eb8b6cfb/gnocchi.e1a0e729-8d2f-42b1-9a54-0ce7b70f55d1" 200 2 "GET http://172.18.0.2:8080/v1/AUTH_3f7aaf69da22429aaa2b35b7eb8b6cfb/gnocchi.e1a0e729-8d2f-42b1-9a54-0ce7b70f55d1?format=json&states=listing" "txe706abb0c0924998aa3f8-00692feb0b" "proxy-server 20" 0.0042 "-" 15 0
Dec 3 07:47:23 standalone proxy-server[130028]: 172.18.0.2 172.18.0.100 03/Dec/2025/07/47/23 GET /v1/AUTH_3f7aaf69da22429aaa2b35b7eb8b6cfb/gnocchi.e1a0e729-8d2f-42b1-9a54-0ce7b70f55d1%3Fformat%3Djson%26states%3Dlisting HTTP/1.0 200 - python-swiftclient-3.11.1 gAAAAABpL-sLW2Eo... - 2 - txe706abb0c0924998aa3f8-00692feb0b - 0.0151 - - 1764748043.897748947 1764748043.912895203 0
Dec 3 07:47:23 standalone object-server[128004]: 172.20.0.100 - - [03/Dec/2025:07:47:23 +0000] "GET /d1/54/AUTH_3f7aaf69da22429aaa2b35b7eb8b6cfb/gnocchi.e1a0e729-8d2f-42b1-9a54-0ce7b70f55d1/1764720000.0_mean_300.0_v3" 404 70 "GET http://172.18.0.2:8080/v1/AUTH_3f7aaf69da22429aaa2b35b7eb8b6cfb/gnocchi.e1a0e729-8d2f-42b1-9a54-0ce7b70f55d1/1764720000.0_mean_300.0_v3" "tx2187fe33ff40497981f41-00692feb0b" "proxy-server 20" 0.0003 "-" 24 0
Dec 3 07:47:23 standalone proxy-server[130028]: 172.18.0.2 172.18.0.100 03/Dec/2025/07/47/23 GET /v1/AUTH_3f7aaf69da22429aaa2b35b7eb8b6cfb/gnocchi.e1a0e729-8d2f-42b1-9a54-0ce7b70f55d1/1764720000.0_mean_300.0_v3 HTTP/1.0 404 - python-swiftclient-3.11.1 gAAAAABpL-sLW2Eo... - 70 - tx2187fe33ff40497981f41-00692feb0b - 0.0040 - - 1764748043.916349411 1764748043.920331240 0
Dec 3 07:47:23 standalone container-server[127919]: 172.20.0.100 - - [03/Dec/2025:07:47:23 +0000] "PUT /d1/11/AUTH_3f7aaf69da22429aaa2b35b7eb8b6cfb/gnocchi.e1a0e729-8d2f-42b1-9a54-0ce7b70f55d1/1764720000.0_mean_300.0_v3" 201 - "PUT http://172.18.0.2:8080/d1/54/AUTH_3f7aaf69da22429aaa2b35b7eb8b6cfb/gnocchi.e1a0e729-8d2f-42b1-9a54-0ce7b70f55d1/1764720000.0_mean_300.0_v3" "tx633ce95f597c4b12a16df-00692feb0b" "object-server 25" 0.0007 "-" 15 0
Dec 3 07:47:23 standalone object-server[128006]: 172.20.0.100 - - [03/Dec/2025:07:47:23 +0000] "PUT /d1/54/AUTH_3f7aaf69da22429aaa2b35b7eb8b6cfb/gnocchi.e1a0e729-8d2f-42b1-9a54-0ce7b70f55d1/1764720000.0_mean_300.0_v3" 201 - "PUT http://172.18.0.2:8080/v1/AUTH_3f7aaf69da22429aaa2b35b7eb8b6cfb/gnocchi.e1a0e729-8d2f-42b1-9a54-0ce7b70f55d1/1764720000.0_mean_300.0_v3" "tx633ce95f597c4b12a16df-00692feb0b" "proxy-server 20" 0.0559 "-" 25 0
Dec 3 07:47:23 standalone proxy-server[130028]: 172.18.0.2 172.18.0.100 03/Dec/2025/07/47/23 PUT /v1/AUTH_3f7aaf69da22429aaa2b35b7eb8b6cfb/gnocchi.e1a0e729-8d2f-42b1-9a54-0ce7b70f55d1/1764720000.0_mean_300.0_v3 HTTP/1.0 201 - python-swiftclient-3.11.1 gAAAAABpL-sLW2Eo... 16 - - tx633ce95f597c4b12a16df-00692feb0b - 0.0606 - - 1764748043.922215462 1764748043.982786655 0
Dec 3 07:47:24 standalone container-server[127927]: 172.20.0.100 - - [03/Dec/2025:07:47:24 +0000] "PUT /d1/11/AUTH_3f7aaf69da22429aaa2b35b7eb8b6cfb/gnocchi.e1a0e729-8d2f-42b1-9a54-0ce7b70f55d1/none_v3" 201 - "PUT http://172.18.0.2:8080/d1/704/AUTH_3f7aaf69da22429aaa2b35b7eb8b6cfb/gnocchi.e1a0e729-8d2f-42b1-9a54-0ce7b70f55d1/none_v3" "tx472d33246e9745debb8a8-00692feb0b" "object-server 22" 0.0011 "-" 17 0
Dec 3 07:47:24 standalone object-server[128001]: 172.20.0.100 - - [03/Dec/2025:07:47:24 +0000] "PUT /d1/704/AUTH_3f7aaf69da22429aaa2b35b7eb8b6cfb/gnocchi.e1a0e729-8d2f-42b1-9a54-0ce7b70f55d1/none_v3" 201 - "PUT http://172.18.0.2:8080/v1/AUTH_3f7aaf69da22429aaa2b35b7eb8b6cfb/gnocchi.e1a0e729-8d2f-42b1-9a54-0ce7b70f55d1/none_v3" "tx472d33246e9745debb8a8-00692feb0b" "proxy-server 20" 0.0528 "-" 22 0
Dec 3 07:47:24 standalone proxy-server[130028]: 172.18.0.2 172.18.0.100 03/Dec/2025/07/47/24 PUT /v1/AUTH_3f7aaf69da22429aaa2b35b7eb8b6cfb/gnocchi.e1a0e729-8d2f-42b1-9a54-0ce7b70f55d1/none_v3 HTTP/1.0 201 - python-swiftclient-3.11.1 gAAAAABpL-sLW2Eo... 22 - - tx472d33246e9745debb8a8-00692feb0b - 0.0589 - - 1764748043.987810850 1764748044.046726465 0
Dec 3 07:47:53 standalone object-server[128004]: 172.20.0.100 - - [03/Dec/2025:07:47:53 +0000] "GET /d1/704/AUTH_3f7aaf69da22429aaa2b35b7eb8b6cfb/gnocchi.e1a0e729-8d2f-42b1-9a54-0ce7b70f55d1/none_v3" 200 22 "GET http://172.18.0.2:8080/v1/AUTH_3f7aaf69da22429aaa2b35b7eb8b6cfb/gnocchi.e1a0e729-8d2f-42b1-9a54-0ce7b70f55d1/none_v3" "tx0bb14b6a088e4f6986292-00692feb29" "proxy-server 20" 0.0013 "-" 24 0
Dec 3 07:47:53 standalone proxy-server[130028]: 172.18.0.2 172.18.0.100 03/Dec/2025/07/47/53 GET /v1/AUTH_3f7aaf69da22429aaa2b35b7eb8b6cfb/gnocchi.e1a0e729-8d2f-42b1-9a54-0ce7b70f55d1/none_v3 HTTP/1.0 200 - python-swiftclient-3.11.1 gAAAAABpL-sLW2Eo... - 22 - tx0bb14b6a088e4f6986292-00692feb29 - 0.0183 - - 1764748073.166849136 1764748073.185120344 0
Dec 3 07:47:53 standalone container-server[127927]: 172.20.0.100 - - [03/Dec/2025:07:47:53 +0000] "GET /d1/11/AUTH_3f7aaf69da22429aaa2b35b7eb8b6cfb/gnocchi.e1a0e729-8d2f-42b1-9a54-0ce7b70f55d1" 200 357 "GET http://172.18.0.2:8080/v1/AUTH_3f7aaf69da22429aaa2b35b7eb8b6cfb/gnocchi.e1a0e729-8d2f-42b1-9a54-0ce7b70f55d1?format=json&states=listing" "txfc4de178f396405485b7f-00692feb29" "proxy-server 20" 0.0229 "-" 17 0
Dec 3 07:47:53 standalone proxy-server[130028]: 172.18.0.2 172.18.0.100 03/Dec/2025/07/47/53 GET /v1/AUTH_3f7aaf69da22429aaa2b35b7eb8b6cfb/gnocchi.e1a0e729-8d2f-42b1-9a54-0ce7b70f55d1%3Fformat%3Djson%26states%3Dlisting HTTP/1.0 200 - python-swiftclient-3.11.1 gAAAAABpL-sLW2Eo... - 357 - txfc4de178f396405485b7f-00692feb29 - 0.0345 - - 1764748073.190593004 1764748073.225062132 0
Dec 3 07:47:53 standalone container-server[127919]: 172.20.0.100 - - [03/Dec/2025:07:47:53 +0000] "GET /d1/11/AUTH_3f7aaf69da22429aaa2b35b7eb8b6cfb/gnocchi.e1a0e729-8d2f-42b1-9a54-0ce7b70f55d1" 200 2 "GET http://172.18.0.2:8080/v1/AUTH_3f7aaf69da22429aaa2b35b7eb8b6cfb/gnocchi.e1a0e729-8d2f-42b1-9a54-0ce7b70f55d1?format=json&marker=none_v3&states=listing" "txbc757708fee14ca494ae9-00692feb29" "proxy-server 20" 0.0041 "-" 15 0
Dec 3 07:47:53 standalone proxy-server[130028]: 172.18.0.2 172.18.0.100 03/Dec/2025/07/47/53 GET /v1/AUTH_3f7aaf69da22429aaa2b35b7eb8b6cfb/gnocchi.e1a0e729-8d2f-42b1-9a54-0ce7b70f55d1%3Fformat%3Djson%26marker%3Dnone_v3%26states%3Dlisting HTTP/1.0 200 - python-swiftclient-3.11.1 gAAAAABpL-sLW2Eo... - 2 - txbc757708fee14ca494ae9-00692feb29 - 0.0138 - - 1764748073.231353521 1764748073.245164394 0
Dec 3 07:47:53 standalone object-server[128003]: 172.20.0.100 - - [03/Dec/2025:07:47:53 +0000] "GET /d1/54/AUTH_3f7aaf69da22429aaa2b35b7eb8b6cfb/gnocchi.e1a0e729-8d2f-42b1-9a54-0ce7b70f55d1/1764720000.0_mean_300.0_v3" 200 16 "GET http://172.18.0.2:8080/v1/AUTH_3f7aaf69da22429aaa2b35b7eb8b6cfb/gnocchi.e1a0e729-8d2f-42b1-9a54-0ce7b70f55d1/1764720000.0_mean_300.0_v3" "txc0ca7e24877d4a97878a9-00692feb29" "proxy-server 20" 0.0013 "-" 23 0
Dec 3 07:47:53 standalone proxy-server[130028]: 172.18.0.2 172.18.0.100 03/Dec/2025/07/47/53 GET /v1/AUTH_3f7aaf69da22429aaa2b35b7eb8b6cfb/gnocchi.e1a0e729-8d2f-42b1-9a54-0ce7b70f55d1/1764720000.0_mean_300.0_v3 HTTP/1.0 200 - python-swiftclient-3.11.1 gAAAAABpL-sLW2Eo... - 16 - txc0ca7e24877d4a97878a9-00692feb29 - 0.0122 - - 1764748073.250026703 1764748073.262234926 0
Dec 3 07:47:53 standalone container-server[127924]: 172.20.0.100 - - [03/Dec/2025:07:47:53 +0000] "PUT /d1/11/AUTH_3f7aaf69da22429aaa2b35b7eb8b6cfb/gnocchi.e1a0e729-8d2f-42b1-9a54-0ce7b70f55d1/1764720000.0_mean_300.0_v3" 201 - "PUT http://172.18.0.2:8080/d1/54/AUTH_3f7aaf69da22429aaa2b35b7eb8b6cfb/gnocchi.e1a0e729-8d2f-42b1-9a54-0ce7b70f55d1/1764720000.0_mean_300.0_v3" "tx22c4697235c6424fb5ac3-00692feb29" "object-server 24" 0.0007 "-" 16 0
Dec 3 07:47:53 standalone object-server[128004]: 172.20.0.100 - - [03/Dec/2025:07:47:53 +0000] "PUT /d1/54/AUTH_3f7aaf69da22429aaa2b35b7eb8b6cfb/gnocchi.e1a0e729-8d2f-42b1-9a54-0ce7b70f55d1/1764720000.0_mean_300.0_v3" 201 - "PUT http://172.18.0.2:8080/v1/AUTH_3f7aaf69da22429aaa2b35b7eb8b6cfb/gnocchi.e1a0e729-8d2f-42b1-9a54-0ce7b70f55d1/1764720000.0_mean_300.0_v3" "tx22c4697235c6424fb5ac3-00692feb29" "proxy-server 20" 0.0250 "-" 24 0
Dec 3 07:47:53 standalone proxy-server[130028]: 172.18.0.2 172.18.0.100 03/Dec/2025/07/47/53 PUT /v1/AUTH_3f7aaf69da22429aaa2b35b7eb8b6cfb/gnocchi.e1a0e729-8d2f-42b1-9a54-0ce7b70f55d1/1764720000.0_mean_300.0_v3 HTTP/1.0 201 - python-swiftclient-3.11.1 gAAAAABpL-sLW2Eo... 16 - - tx22c4697235c6424fb5ac3-00692feb29 - 0.0298 - - 1764748073.265882969 1764748073.295725107 0
Dec 3 07:47:53 standalone container-server[127927]: 172.20.0.100 - - [03/Dec/2025:07:47:53 +0000] "PUT /d1/11/AUTH_3f7aaf69da22429aaa2b35b7eb8b6cfb/gnocchi.e1a0e729-8d2f-42b1-9a54-0ce7b70f55d1/none_v3" 201 - "PUT http://172.18.0.2:8080/d1/704/AUTH_3f7aaf69da22429aaa2b35b7eb8b6cfb/gnocchi.e1a0e729-8d2f-42b1-9a54-0ce7b70f55d1/none_v3" "tx9465bbe0bc2647e4821af-00692feb29" "object-server 24" 0.0011 "-" 17 0
Dec 3 07:47:53 standalone object-server[128004]: 172.20.0.100 - - [03/Dec/2025:07:47:53 +0000] "PUT /d1/704/AUTH_3f7aaf69da22429aaa2b35b7eb8b6cfb/gnocchi.e1a0e729-8d2f-42b1-9a54-0ce7b70f55d1/none_v3" 201 - "PUT http://172.18.0.2:8080/v1/AUTH_3f7aaf69da22429aaa2b35b7eb8b6cfb/gnocchi.e1a0e729-8d2f-42b1-9a54-0ce7b70f55d1/none_v3" "tx9465bbe0bc2647e4821af-00692feb29" "proxy-server 20" 0.0123 "-" 24 0
Dec 3 07:47:53 standalone proxy-server[130028]: 172.18.0.2 172.18.0.100 03/Dec/2025/07/47/53 PUT /v1/AUTH_3f7aaf69da22429aaa2b35b7eb8b6cfb/gnocchi.e1a0e729-8d2f-42b1-9a54-0ce7b70f55d1/none_v3 HTTP/1.0 201 - python-swiftclient-3.11.1 gAAAAABpL-sLW2Eo... 32 - - tx9465bbe0bc2647e4821af-00692feb29 - 0.0166 - - 1764748073.298758745 1764748073.315347433 0
Dec 3 07:48:28 standalone account-server[127793]: 172.20.0.100 - - [03/Dec/2025:07:48:28 +0000] "HEAD /d1/385/AUTH_3f7aaf69da22429aaa2b35b7eb8b6cfb" 204 - "HEAD http://172.18.0.2:8080/v1/AUTH_3f7aaf69da22429aaa2b35b7eb8b6cfb?format=json" "txb39fa3cf2dd348d38ed0d-00692feb4c" "proxy-server 20" 0.0085 "-" 23 -
Dec 3 07:48:28 standalone proxy-server[130028]: - - 03/Dec/2025/07/48/28 HEAD /v1/AUTH_3f7aaf69da22429aaa2b35b7eb8b6cfb%3Fformat%3Djson HTTP/1.0 204 - Swift - - - - txb39fa3cf2dd348d38ed0d-00692feb4c - 0.0127 RL - 1764748108.584239721 1764748108.596942663 -
Dec 3 07:48:28 standalone container-server[127919]: 172.20.0.100 - - [03/Dec/2025:07:48:28 +0000] "HEAD /d1/665/AUTH_3f7aaf69da22429aaa2b35b7eb8b6cfb/gnocchi.d11e5ab2-e708-4265-ab85-4453669b94f5" 404 - "HEAD http://172.18.0.2:8080/v1/AUTH_3f7aaf69da22429aaa2b35b7eb8b6cfb/gnocchi.d11e5ab2-e708-4265-ab85-4453669b94f5?format=json&states=listing" "txb39fa3cf2dd348d38ed0d-00692feb4c" "proxy-server 20" 0.0006 "-" 15 0
Dec 3 07:48:28 standalone object-server[128003]: 172.20.0.100 - - [03/Dec/2025:07:48:28 +0000] "GET /d1/80/AUTH_3f7aaf69da22429aaa2b35b7eb8b6cfb/gnocchi.d11e5ab2-e708-4265-ab85-4453669b94f5/none_v3" 404 70 "GET http://172.18.0.2:8080/v1/AUTH_3f7aaf69da22429aaa2b35b7eb8b6cfb/gnocchi.d11e5ab2-e708-4265-ab85-4453669b94f5/none_v3" "txb39fa3cf2dd348d38ed0d-00692feb4c" "proxy-server 20" 0.0005 "-" 23 0
Dec 3 07:48:28 standalone proxy-server[130028]: 172.18.0.2 172.18.0.100 03/Dec/2025/07/48/28 GET /v1/AUTH_3f7aaf69da22429aaa2b35b7eb8b6cfb/gnocchi.d11e5ab2-e708-4265-ab85-4453669b94f5/none_v3 HTTP/1.0 404 - python-swiftclient-3.11.1 gAAAAABpL-sLW2Eo... - 70 - txb39fa3cf2dd348d38ed0d-00692feb4c - 0.0225 - - 1764748108.583358765 1764748108.605838537 0
Dec 3 07:48:28 standalone account-server[127793]: 172.20.0.100 - - [03/Dec/2025:07:48:28 +0000] "PUT /d1/385/AUTH_3f7aaf69da22429aaa2b35b7eb8b6cfb/gnocchi.d11e5ab2-e708-4265-ab85-4453669b94f5" 201 - "PUT http://172.20.0.100:6001/d1/665/AUTH_3f7aaf69da22429aaa2b35b7eb8b6cfb/gnocchi.d11e5ab2-e708-4265-ab85-4453669b94f5" "tx3673c189f4e249ffbb23c-00692feb4c" "container-server 14" 0.0019 "-" 23 0
Dec 3 07:48:28 standalone container-server[127913]: 172.20.0.100 - - [03/Dec/2025:07:48:28 +0000] "PUT /d1/665/AUTH_3f7aaf69da22429aaa2b35b7eb8b6cfb/gnocchi.d11e5ab2-e708-4265-ab85-4453669b94f5" 201 - "PUT http://172.18.0.2:8080/v1/AUTH_3f7aaf69da22429aaa2b35b7eb8b6cfb/gnocchi.d11e5ab2-e708-4265-ab85-4453669b94f5" "tx3673c189f4e249ffbb23c-00692feb4c" "proxy-server 20" 0.0124 "-" 14 0
Dec 3 07:48:28 standalone proxy-server[130028]: 172.18.0.2 172.18.0.100 03/Dec/2025/07/48/28 PUT /v1/AUTH_3f7aaf69da22429aaa2b35b7eb8b6cfb/gnocchi.d11e5ab2-e708-4265-ab85-4453669b94f5 HTTP/1.0 201 - python-swiftclient-3.11.1 gAAAAABpL-sLW2Eo... - - - tx3673c189f4e249ffbb23c-00692feb4c - 0.0188 - - 1764748108.611728907 1764748108.630576849 0
Dec 3 07:48:28 standalone container-server[127924]: 172.20.0.100 - - [03/Dec/2025:07:48:28 +0000] "HEAD /d1/665/AUTH_3f7aaf69da22429aaa2b35b7eb8b6cfb/gnocchi.d11e5ab2-e708-4265-ab85-4453669b94f5" 204 - "HEAD http://172.18.0.2:8080/v1/AUTH_3f7aaf69da22429aaa2b35b7eb8b6cfb/gnocchi.d11e5ab2-e708-4265-ab85-4453669b94f5?format=json&states=listing" "txce08155043be48b2a1763-00692feb4c" "proxy-server 20" 0.0032 "-" 16 0
Dec 3 07:48:28 standalone proxy-server[130028]: - - 03/Dec/2025/07/48/28 HEAD /v1/AUTH_3f7aaf69da22429aaa2b35b7eb8b6cfb/gnocchi.d11e5ab2-e708-4265-ab85-4453669b94f5%3Fformat%3Djson%26states%3Dlisting HTTP/1.0 204 - Swift - - - - txce08155043be48b2a1763-00692feb4c - 0.0090 RL - 1764748108.636666536 1764748108.645633459 0
Dec 3 07:48:28 standalone container-server[127913]: 172.20.0.100 - - [03/Dec/2025:07:48:28 +0000] "GET /d1/665/AUTH_3f7aaf69da22429aaa2b35b7eb8b6cfb/gnocchi.d11e5ab2-e708-4265-ab85-4453669b94f5" 200 2 "GET http://172.18.0.2:8080/v1/AUTH_3f7aaf69da22429aaa2b35b7eb8b6cfb/gnocchi.d11e5ab2-e708-4265-ab85-4453669b94f5?format=json&states=listing" "txce08155043be48b2a1763-00692feb4c" "proxy-server 20" 0.0026 "-" 14 0
Dec 3 07:48:28 standalone proxy-server[130028]: 172.18.0.2 172.18.0.100 03/Dec/2025/07/48/28 GET /v1/AUTH_3f7aaf69da22429aaa2b35b7eb8b6cfb/gnocchi.d11e5ab2-e708-4265-ab85-4453669b94f5%3Fformat%3Djson%26states%3Dlisting HTTP/1.0 200 - python-swiftclient-3.11.1 gAAAAABpL-sLW2Eo... - 2 - txce08155043be48b2a1763-00692feb4c - 0.0214 - - 1764748108.634099245 1764748108.655512571 0
Dec 3 07:48:28 standalone object-server[128001]: 172.20.0.100 - - [03/Dec/2025:07:48:28 +0000] "GET /d1/710/AUTH_3f7aaf69da22429aaa2b35b7eb8b6cfb/gnocchi.d11e5ab2-e708-4265-ab85-4453669b94f5/1764720000.0_mean_300.0_v3" 404 70 "GET http://172.18.0.2:8080/v1/AUTH_3f7aaf69da22429aaa2b35b7eb8b6cfb/gnocchi.d11e5ab2-e708-4265-ab85-4453669b94f5/1764720000.0_mean_300.0_v3" "txfbf8ac65f439497ea5093-00692feb4c" "proxy-server 20" 0.0006 "-" 22 0
Dec 3 07:48:28 standalone proxy-server[130028]: 172.18.0.2 172.18.0.100 03/Dec/2025/07/48/28 GET /v1/AUTH_3f7aaf69da22429aaa2b35b7eb8b6cfb/gnocchi.d11e5ab2-e708-4265-ab85-4453669b94f5/1764720000.0_mean_300.0_v3 HTTP/1.0 404 - python-swiftclient-3.11.1 gAAAAABpL-sLW2Eo... - 70 - txfbf8ac65f439497ea5093-00692feb4c - 0.0074 - - 1764748108.659891367 1764748108.667325974 0
Dec 3 07:48:28 standalone container-server[127919]: 172.20.0.100 - - [03/Dec/2025:07:48:28 +0000] "PUT /d1/665/AUTH_3f7aaf69da22429aaa2b35b7eb8b6cfb/gnocchi.d11e5ab2-e708-4265-ab85-4453669b94f5/1764720000.0_mean_300.0_v3" 201 - "PUT http://172.18.0.2:8080/d1/710/AUTH_3f7aaf69da22429aaa2b35b7eb8b6cfb/gnocchi.d11e5ab2-e708-4265-ab85-4453669b94f5/1764720000.0_mean_300.0_v3" "txa3e219e26d3f45a290cb0-00692feb4c" "object-server 22" 0.0007 "-" 15 0
Dec 3 07:48:28 standalone object-server[128001]: 172.20.0.100 - - [03/Dec/2025:07:48:28 +0000] "PUT /d1/710/AUTH_3f7aaf69da22429aaa2b35b7eb8b6cfb/gnocchi.d11e5ab2-e708-4265-ab85-4453669b94f5/1764720000.0_mean_300.0_v3" 201 - "PUT http://172.18.0.2:8080/v1/AUTH_3f7aaf69da22429aaa2b35b7eb8b6cfb/gnocchi.d11e5ab2-e708-4265-ab85-4453669b94f5/1764720000.0_mean_300.0_v3" "txa3e219e26d3f45a290cb0-00692feb4c" "proxy-server 20" 0.0202 "-" 22 0
Dec 3 07:48:28 standalone proxy-server[130028]: 172.18.0.2 172.18.0.100 03/Dec/2025/07/48/28 PUT /v1/AUTH_3f7aaf69da22429aaa2b35b7eb8b6cfb/gnocchi.d11e5ab2-e708-4265-ab85-4453669b94f5/1764720000.0_mean_300.0_v3 HTTP/1.0 201 - python-swiftclient-3.11.1 gAAAAABpL-sLW2Eo... 16 - - txa3e219e26d3f45a290cb0-00692feb4c - 0.0336 - - 1764748108.673158407 1764748108.706788778 0
Dec 3 07:48:28 standalone container-server[127927]: 172.20.0.100 - - [03/Dec/2025:07:48:28 +0000] "PUT /d1/665/AUTH_3f7aaf69da22429aaa2b35b7eb8b6cfb/gnocchi.d11e5ab2-e708-4265-ab85-4453669b94f5/none_v3" 201 - "PUT http://172.18.0.2:8080/d1/80/AUTH_3f7aaf69da22429aaa2b35b7eb8b6cfb/gnocchi.d11e5ab2-e708-4265-ab85-4453669b94f5/none_v3" "tx5c1b6250e8324e02b806e-00692feb4c" "object-server 25" 0.0009 "-" 17 0
Dec 3 07:48:28 standalone object-server[128006]: 172.20.0.100 - - [03/Dec/2025:07:48:28 +0000] "PUT /d1/80/AUTH_3f7aaf69da22429aaa2b35b7eb8b6cfb/gnocchi.d11e5ab2-e708-4265-ab85-4453669b94f5/none_v3" 201 - "PUT http://172.18.0.2:8080/v1/AUTH_3f7aaf69da22429aaa2b35b7eb8b6cfb/gnocchi.d11e5ab2-e708-4265-ab85-4453669b94f5/none_v3" "tx5c1b6250e8324e02b806e-00692feb4c" "proxy-server 20" 0.0088 "-" 25 0
Dec 3 07:48:28 standalone proxy-server[130028]: 172.18.0.2 172.18.0.100 03/Dec/2025/07/48/28 PUT /v1/AUTH_3f7aaf69da22429aaa2b35b7eb8b6cfb/gnocchi.d11e5ab2-e708-4265-ab85-4453669b94f5/none_v3 HTTP/1.0 201 - python-swiftclient-3.11.1 gAAAAABpL-sLW2Eo... 22 - - tx5c1b6250e8324e02b806e-00692feb4c - 0.0182 - - 1764748108.712580681 1764748108.730770350 0
Dec 3 07:48:28 standalone container-server[127913]: 172.20.0.100 - - [03/Dec/2025:07:48:28 +0000] "HEAD /d1/583/AUTH_3f7aaf69da22429aaa2b35b7eb8b6cfb/gnocchi.23cbd108-ca3a-4d8d-9a03-34df7e8a7e01" 404 - "HEAD http://172.18.0.2:8080/v1/AUTH_3f7aaf69da22429aaa2b35b7eb8b6cfb/gnocchi.23cbd108-ca3a-4d8d-9a03-34df7e8a7e01?format=json&states=listing" "txb1a5180a214748e1afa55-00692feb4c" "proxy-server 20" 0.0004 "-" 14 0
Dec 3 07:48:28 standalone object-server[128004]: 172.20.0.100 - - [03/Dec/2025:07:48:28 +0000] "GET /d1/108/AUTH_3f7aaf69da22429aaa2b35b7eb8b6cfb/gnocchi.23cbd108-ca3a-4d8d-9a03-34df7e8a7e01/none_v3" 404 70 "GET http://172.18.0.2:8080/v1/AUTH_3f7aaf69da22429aaa2b35b7eb8b6cfb/gnocchi.23cbd108-ca3a-4d8d-9a03-34df7e8a7e01/none_v3" "txb1a5180a214748e1afa55-00692feb4c" "proxy-server 20" 0.0004 "-" 24 0
Dec 3 07:48:28 standalone proxy-server[130028]: 172.18.0.2 172.18.0.100 03/Dec/2025/07/48/28 GET /v1/AUTH_3f7aaf69da22429aaa2b35b7eb8b6cfb/gnocchi.23cbd108-ca3a-4d8d-9a03-34df7e8a7e01/none_v3 HTTP/1.0 404 - python-swiftclient-3.11.1 gAAAAABpL-sLW2Eo... - 70 - txb1a5180a214748e1afa55-00692feb4c - 0.0145 - - 1764748108.746102571 1764748108.760604382 0
Dec 3 07:48:28 standalone account-server[127784]: 172.20.0.100 - - [03/Dec/2025:07:48:28 +0000] "PUT /d1/385/AUTH_3f7aaf69da22429aaa2b35b7eb8b6cfb/gnocchi.23cbd108-ca3a-4d8d-9a03-34df7e8a7e01" 201 - "PUT http://172.20.0.100:6001/d1/583/AUTH_3f7aaf69da22429aaa2b35b7eb8b6cfb/gnocchi.23cbd108-ca3a-4d8d-9a03-34df7e8a7e01" "txfefa8ed0f1b34fc1accf9-00692feb4c" "container-server 17" 0.0047 "-" 22 0
Dec 3 07:48:28 standalone container-server[127927]: 172.20.0.100 - - [03/Dec/2025:07:48:28 +0000] "PUT /d1/583/AUTH_3f7aaf69da22429aaa2b35b7eb8b6cfb/gnocchi.23cbd108-ca3a-4d8d-9a03-34df7e8a7e01" 201 - "PUT http://172.18.0.2:8080/v1/AUTH_3f7aaf69da22429aaa2b35b7eb8b6cfb/gnocchi.23cbd108-ca3a-4d8d-9a03-34df7e8a7e01" "txfefa8ed0f1b34fc1accf9-00692feb4c" "proxy-server 20" 0.0165 "-" 17 0
Dec 3 07:48:28 standalone proxy-server[130028]: 172.18.0.2 172.18.0.100 03/Dec/2025/07/48/28 PUT /v1/AUTH_3f7aaf69da22429aaa2b35b7eb8b6cfb/gnocchi.23cbd108-ca3a-4d8d-9a03-34df7e8a7e01 HTTP/1.0 201 - python-swiftclient-3.11.1 gAAAAABpL-sLW2Eo... - - - txfefa8ed0f1b34fc1accf9-00692feb4c - 0.0241 - - 1764748108.765444517 1764748108.789586067 0
Dec 3 07:48:28 standalone container-server[127927]: 172.20.0.100 - - [03/Dec/2025:07:48:28 +0000] "HEAD /d1/583/AUTH_3f7aaf69da22429aaa2b35b7eb8b6cfb/gnocchi.23cbd108-ca3a-4d8d-9a03-34df7e8a7e01" 204 - "HEAD http://172.18.0.2:8080/v1/AUTH_3f7aaf69da22429aaa2b35b7eb8b6cfb/gnocchi.23cbd108-ca3a-4d8d-9a03-34df7e8a7e01?format=json&states=listing" "tx889a183090aa43d1a9093-00692feb4c" "proxy-server 20" 0.0017 "-" 17 0
Dec 3 07:48:28 standalone proxy-server[130028]: - - 03/Dec/2025/07/48/28 HEAD /v1/AUTH_3f7aaf69da22429aaa2b35b7eb8b6cfb/gnocchi.23cbd108-ca3a-4d8d-9a03-34df7e8a7e01%3Fformat%3Djson%26states%3Dlisting HTTP/1.0 204 - Swift - - - - tx889a183090aa43d1a9093-00692feb4c - 0.0061 RL - 1764748108.793895721 1764748108.800030470 0
Dec 3 07:48:28 standalone container-server[127927]: 172.20.0.100 - - [03/Dec/2025:07:48:28 +0000] "GET /d1/583/AUTH_3f7aaf69da22429aaa2b35b7eb8b6cfb/gnocchi.23cbd108-ca3a-4d8d-9a03-34df7e8a7e01" 200 2 "GET http://172.18.0.2:8080/v1/AUTH_3f7aaf69da22429aaa2b35b7eb8b6cfb/gnocchi.23cbd108-ca3a-4d8d-9a03-34df7e8a7e01?format=json&states=listing" "tx889a183090aa43d1a9093-00692feb4c" "proxy-server 20" 0.0028 "-" 17 0
Dec 3 07:48:28 standalone proxy-server[130028]: 172.18.0.2 172.18.0.100 03/Dec/2025/07/48/28 GET /v1/AUTH_3f7aaf69da22429aaa2b35b7eb8b6cfb/gnocchi.23cbd108-ca3a-4d8d-9a03-34df7e8a7e01%3Fformat%3Djson%26states%3Dlisting HTTP/1.0 200 - python-swiftclient-3.11.1 gAAAAABpL-sLW2Eo... - 2 - tx889a183090aa43d1a9093-00692feb4c - 0.0178 - - 1764748108.792824507 1764748108.810638905 0
Dec 3 07:48:28 standalone object-server[128006]: 172.20.0.100 - - [03/Dec/2025:07:48:28 +0000] "GET /d1/650/AUTH_3f7aaf69da22429aaa2b35b7eb8b6cfb/gnocchi.23cbd108-ca3a-4d8d-9a03-34df7e8a7e01/1764720000.0_mean_300.0_v3" 404 70 "GET http://172.18.0.2:8080/v1/AUTH_3f7aaf69da22429aaa2b35b7eb8b6cfb/gnocchi.23cbd108-ca3a-4d8d-9a03-34df7e8a7e01/1764720000.0_mean_300.0_v3" "tx70d645df63fe46e08a4df-00692feb4c" "proxy-server 20" 0.0005 "-" 25 0
Dec 3 07:48:28 standalone proxy-server[130028]: 172.18.0.2 172.18.0.100 03/Dec/2025/07/48/28 GET /v1/AUTH_3f7aaf69da22429aaa2b35b7eb8b6cfb/gnocchi.23cbd108-ca3a-4d8d-9a03-34df7e8a7e01/1764720000.0_mean_300.0_v3 HTTP/1.0 404 - python-swiftclient-3.11.1 gAAAAABpL-sLW2Eo... - 70 - tx70d645df63fe46e08a4df-00692feb4c - 0.0067 - - 1764748108.814038038 1764748108.820759535 0
Dec 3 07:48:28 standalone container-server[127927]: 172.20.0.100 - - [03/Dec/2025:07:48:28 +0000] "PUT /d1/583/AUTH_3f7aaf69da22429aaa2b35b7eb8b6cfb/gnocchi.23cbd108-ca3a-4d8d-9a03-34df7e8a7e01/1764720000.0_mean_300.0_v3" 201 - "PUT http://172.18.0.2:8080/d1/650/AUTH_3f7aaf69da22429aaa2b35b7eb8b6cfb/gnocchi.23cbd108-ca3a-4d8d-9a03-34df7e8a7e01/1764720000.0_mean_300.0_v3" "txf4604f150abf40068e685-00692feb4c" "object-server 24" 0.0008 "-" 17 0
Dec 3 07:48:28 standalone object-server[128004]: 172.20.0.100 - - [03/Dec/2025:07:48:28 +0000] "PUT /d1/650/AUTH_3f7aaf69da22429aaa2b35b7eb8b6cfb/gnocchi.23cbd108-ca3a-4d8d-9a03-34df7e8a7e01/1764720000.0_mean_300.0_v3" 201 - "PUT http://172.18.0.2:8080/v1/AUTH_3f7aaf69da22429aaa2b35b7eb8b6cfb/gnocchi.23cbd108-ca3a-4d8d-9a03-34df7e8a7e01/1764720000.0_mean_300.0_v3" "txf4604f150abf40068e685-00692feb4c" "proxy-server 20" 0.0105 "-" 24 0
Dec 3 07:48:28 standalone proxy-server[130028]: 172.18.0.2 172.18.0.100 03/Dec/2025/07/48/28 PUT /v1/AUTH_3f7aaf69da22429aaa2b35b7eb8b6cfb/gnocchi.23cbd108-ca3a-4d8d-9a03-34df7e8a7e01/1764720000.0_mean_300.0_v3 HTTP/1.0 201 - python-swiftclient-3.11.1 gAAAAABpL-sLW2Eo... 16 - - txf4604f150abf40068e685-00692feb4c - 0.0152 - - 1764748108.824571848 1764748108.839764595 0
Dec 3 07:48:28 standalone container-server[127924]: 172.20.0.100 - - [03/Dec/2025:07:48:28 +0000] "PUT /d1/583/AUTH_3f7aaf69da22429aaa2b35b7eb8b6cfb/gnocchi.23cbd108-ca3a-4d8d-9a03-34df7e8a7e01/none_v3" 201 - "PUT http://172.18.0.2:8080/d1/108/AUTH_3f7aaf69da22429aaa2b35b7eb8b6cfb/gnocchi.23cbd108-ca3a-4d8d-9a03-34df7e8a7e01/none_v3" "tx31da2712f72f465eb7a8e-00692feb4c" "object-server 25" 0.0004 "-" 16 0
Dec 3 07:48:28 standalone object-server[128006]: 172.20.0.100 - - [03/Dec/2025:07:48:28 +0000] "PUT /d1/108/AUTH_3f7aaf69da22429aaa2b35b7eb8b6cfb/gnocchi.23cbd108-ca3a-4d8d-9a03-34df7e8a7e01/none_v3" 201 - "PUT http://172.18.0.2:8080/v1/AUTH_3f7aaf69da22429aaa2b35b7eb8b6cfb/gnocchi.23cbd108-ca3a-4d8d-9a03-34df7e8a7e01/none_v3" "tx31da2712f72f465eb7a8e-00692feb4c" "proxy-server 20" 0.0070 "-" 25 0
Dec 3 07:48:28 standalone proxy-server[130028]: 172.18.0.2 172.18.0.100 03/Dec/2025/07/48/28 PUT /v1/AUTH_3f7aaf69da22429aaa2b35b7eb8b6cfb/gnocchi.23cbd108-ca3a-4d8d-9a03-34df7e8a7e01/none_v3 HTTP/1.0 201 - python-swiftclient-3.11.1 gAAAAABpL-sLW2Eo... 22 - - tx31da2712f72f465eb7a8e-00692feb4c - 0.0106 - - 1764748108.844353199 1764748108.854938030 0
Dec 3 07:48:29 standalone object-server[127950]: Begin object update sweep
Dec 3 07:48:29 standalone object-server[228873]: Object update sweep starting on /srv/node/d1 (pid: 14)
Dec 3 07:48:29 standalone object-server[228873]: Object update sweep completed on /srv/node/d1 in 0.00s seconds:, 0 successes, 0 failures, 0 quarantines, 0 unlinks, 0 errors, 0 redirects (pid: 14)
Dec 3 07:48:29 standalone object-server[228873]: Object update sweep of d1 completed: 0.00s, 0 successes, 0 failures, 0 quarantines, 0 unlinks, 0 errors, 0 redirects
Dec 3 07:48:29 standalone object-server[127950]: Object update sweep completed: 0.08s
Dec 3 07:48:35 standalone container-server[127913]: 172.20.0.100 - - [03/Dec/2025:07:48:35 +0000] "HEAD /d1/366/AUTH_3f7aaf69da22429aaa2b35b7eb8b6cfb/gnocchi.c16ed6be-8336-4fd9-8bbb-3b914d65b79d" 404 - "HEAD http://172.18.0.2:8080/v1/AUTH_3f7aaf69da22429aaa2b35b7eb8b6cfb/gnocchi.c16ed6be-8336-4fd9-8bbb-3b914d65b79d?format=json&states=listing" "tx5027459de7e84d09b09ba-00692feb53" "proxy-server 20" 0.0008 "-" 14 0
Dec 3 07:48:35 standalone object-server[128003]: 172.20.0.100 - - [03/Dec/2025:07:48:35 +0000] "GET /d1/416/AUTH_3f7aaf69da22429aaa2b35b7eb8b6cfb/gnocchi.c16ed6be-8336-4fd9-8bbb-3b914d65b79d/none_v3" 404 70 "GET http://172.18.0.2:8080/v1/AUTH_3f7aaf69da22429aaa2b35b7eb8b6cfb/gnocchi.c16ed6be-8336-4fd9-8bbb-3b914d65b79d/none_v3" "tx5027459de7e84d09b09ba-00692feb53" "proxy-server 20" 0.0010 "-" 23 0
Dec 3 07:48:35 standalone proxy-server[130028]: 172.18.0.2 172.18.0.100 03/Dec/2025/07/48/35 GET /v1/AUTH_3f7aaf69da22429aaa2b35b7eb8b6cfb/gnocchi.c16ed6be-8336-4fd9-8bbb-3b914d65b79d/none_v3 HTTP/1.0 404 - python-swiftclient-3.11.1 gAAAAABpL-sLW2Eo... - 70 - tx5027459de7e84d09b09ba-00692feb53 - 0.0140 - - 1764748115.369606733 1764748115.383579254 0
Dec 3 07:48:35 standalone account-server[127770]: 172.20.0.100 - - [03/Dec/2025:07:48:35 +0000] "PUT /d1/385/AUTH_3f7aaf69da22429aaa2b35b7eb8b6cfb/gnocchi.c16ed6be-8336-4fd9-8bbb-3b914d65b79d" 201 - "PUT http://172.20.0.100:6001/d1/366/AUTH_3f7aaf69da22429aaa2b35b7eb8b6cfb/gnocchi.c16ed6be-8336-4fd9-8bbb-3b914d65b79d" "txb0fec99b4b7f411dab2ae-00692feb53" "container-server 16" 0.0080 "-" 20 0
Dec 3 07:48:35 standalone container-server[127924]: 172.20.0.100 - - [03/Dec/2025:07:48:35 +0000] "PUT /d1/366/AUTH_3f7aaf69da22429aaa2b35b7eb8b6cfb/gnocchi.c16ed6be-8336-4fd9-8bbb-3b914d65b79d" 201 - "PUT http://172.18.0.2:8080/v1/AUTH_3f7aaf69da22429aaa2b35b7eb8b6cfb/gnocchi.c16ed6be-8336-4fd9-8bbb-3b914d65b79d" "txb0fec99b4b7f411dab2ae-00692feb53" "proxy-server 20" 0.0266 "-" 16 0
Dec 3 07:48:35 standalone proxy-server[130028]: 172.18.0.2 172.18.0.100 03/Dec/2025/07/48/35 PUT /v1/AUTH_3f7aaf69da22429aaa2b35b7eb8b6cfb/gnocchi.c16ed6be-8336-4fd9-8bbb-3b914d65b79d HTTP/1.0 201 - python-swiftclient-3.11.1 gAAAAABpL-sLW2Eo... - - - txb0fec99b4b7f411dab2ae-00692feb53 - 0.0320 - - 1764748115.386343718 1764748115.418323517 0
Dec 3 07:48:35 standalone container-server[127919]: 172.20.0.100 - - [03/Dec/2025:07:48:35 +0000] "HEAD /d1/366/AUTH_3f7aaf69da22429aaa2b35b7eb8b6cfb/gnocchi.c16ed6be-8336-4fd9-8bbb-3b914d65b79d" 204 - "HEAD http://172.18.0.2:8080/v1/AUTH_3f7aaf69da22429aaa2b35b7eb8b6cfb/gnocchi.c16ed6be-8336-4fd9-8bbb-3b914d65b79d?format=json&states=listing" "tx47761ae1b45548d99ccc5-00692feb53" "proxy-server 20" 0.0027 "-" 15 0
Dec 3 07:48:35 standalone proxy-server[130028]: - - 03/Dec/2025/07/48/35 HEAD /v1/AUTH_3f7aaf69da22429aaa2b35b7eb8b6cfb/gnocchi.c16ed6be-8336-4fd9-8bbb-3b914d65b79d%3Fformat%3Djson%26states%3Dlisting HTTP/1.0 204 - Swift - - - - tx47761ae1b45548d99ccc5-00692feb53 - 0.0063 RL - 1764748115.425198078 1764748115.431519270 0
Dec 3 07:48:35 standalone container-server[127924]: 172.20.0.100 - - [03/Dec/2025:07:48:35 +0000] "GET /d1/366/AUTH_3f7aaf69da22429aaa2b35b7eb8b6cfb/gnocchi.c16ed6be-8336-4fd9-8bbb-3b914d65b79d" 200 2 "GET http://172.18.0.2:8080/v1/AUTH_3f7aaf69da22429aaa2b35b7eb8b6cfb/gnocchi.c16ed6be-8336-4fd9-8bbb-3b914d65b79d?format=json&states=listing" "tx47761ae1b45548d99ccc5-00692feb53" "proxy-server 20" 0.0046 "-" 16 0
Dec 3 07:48:35 standalone proxy-server[130028]: 172.18.0.2 172.18.0.100 03/Dec/2025/07/48/35 GET /v1/AUTH_3f7aaf69da22429aaa2b35b7eb8b6cfb/gnocchi.c16ed6be-8336-4fd9-8bbb-3b914d65b79d%3Fformat%3Djson%26states%3Dlisting HTTP/1.0 200 - python-swiftclient-3.11.1 gAAAAABpL-sLW2Eo... - 2 - tx47761ae1b45548d99ccc5-00692feb53 - 0.0171 - - 1764748115.424490213 1764748115.441548109 0
Dec 3 07:48:35 standalone object-server[128006]: 172.20.0.100 - - [03/Dec/2025:07:48:35 +0000] "GET /d1/490/AUTH_3f7aaf69da22429aaa2b35b7eb8b6cfb/gnocchi.c16ed6be-8336-4fd9-8bbb-3b914d65b79d/1764720000.0_mean_300.0_v3" 404 70 "GET http://172.18.0.2:8080/v1/AUTH_3f7aaf69da22429aaa2b35b7eb8b6cfb/gnocchi.c16ed6be-8336-4fd9-8bbb-3b914d65b79d/1764720000.0_mean_300.0_v3" "tx3e51a521469746839900e-00692feb53" "proxy-server 20" 0.0008 "-" 25 0
Dec 3 07:48:35 standalone proxy-server[130028]: 172.18.0.2 172.18.0.100 03/Dec/2025/07/48/35 GET /v1/AUTH_3f7aaf69da22429aaa2b35b7eb8b6cfb/gnocchi.c16ed6be-8336-4fd9-8bbb-3b914d65b79d/1764720000.0_mean_300.0_v3 HTTP/1.0 404 - python-swiftclient-3.11.1 gAAAAABpL-sLW2Eo... - 70 - tx3e51a521469746839900e-00692feb53 - 0.0072 - - 1764748115.447923183 1764748115.455085993 0
Dec 3 07:48:35 standalone container-server[127913]: 172.20.0.100 - - [03/Dec/2025:07:48:35 +0000] "PUT /d1/366/AUTH_3f7aaf69da22429aaa2b35b7eb8b6cfb/gnocchi.c16ed6be-8336-4fd9-8bbb-3b914d65b79d/1764720000.0_mean_300.0_v3" 201 - "PUT http://172.18.0.2:8080/d1/490/AUTH_3f7aaf69da22429aaa2b35b7eb8b6cfb/gnocchi.c16ed6be-8336-4fd9-8bbb-3b914d65b79d/1764720000.0_mean_300.0_v3" "tx5de26cd27bfe4c229be00-00692feb53" "object-server 25" 0.0012 "-" 14 0
Dec 3 07:48:35 standalone object-server[128006]: 172.20.0.100 - - [03/Dec/2025:07:48:35 +0000] "PUT /d1/490/AUTH_3f7aaf69da22429aaa2b35b7eb8b6cfb/gnocchi.c16ed6be-8336-4fd9-8bbb-3b914d65b79d/1764720000.0_mean_300.0_v3" 201 - "PUT http://172.18.0.2:8080/v1/AUTH_3f7aaf69da22429aaa2b35b7eb8b6cfb/gnocchi.c16ed6be-8336-4fd9-8bbb-3b914d65b79d/1764720000.0_mean_300.0_v3" "tx5de26cd27bfe4c229be00-00692feb53" "proxy-server 20" 0.0163 "-" 25 0
Dec 3 07:48:35 standalone proxy-server[130028]: 172.18.0.2 172.18.0.100 03/Dec/2025/07/48/35 PUT /v1/AUTH_3f7aaf69da22429aaa2b35b7eb8b6cfb/gnocchi.c16ed6be-8336-4fd9-8bbb-3b914d65b79d/1764720000.0_mean_300.0_v3 HTTP/1.0 201 - python-swiftclient-3.11.1 gAAAAABpL-sLW2Eo... 16 - - tx5de26cd27bfe4c229be00-00692feb53 - 0.0224 - - 1764748115.460779190 1764748115.483222485 0
Dec 3 07:48:35 standalone container-server[127927]: 172.20.0.100 - - [03/Dec/2025:07:48:35 +0000] "PUT /d1/366/AUTH_3f7aaf69da22429aaa2b35b7eb8b6cfb/gnocchi.c16ed6be-8336-4fd9-8bbb-3b914d65b79d/none_v3" 201 - "PUT http://172.18.0.2:8080/d1/416/AUTH_3f7aaf69da22429aaa2b35b7eb8b6cfb/gnocchi.c16ed6be-8336-4fd9-8bbb-3b914d65b79d/none_v3" "tx3b8658ce854b45b18ab6c-00692feb53" "object-server 23" 0.0010 "-" 17 0
Dec 3 07:48:35 standalone object-server[128003]: 172.20.0.100 - - [03/Dec/2025:07:48:35 +0000] "PUT /d1/416/AUTH_3f7aaf69da22429aaa2b35b7eb8b6cfb/gnocchi.c16ed6be-8336-4fd9-8bbb-3b914d65b79d/none_v3" 201 - "PUT http://172.18.0.2:8080/v1/AUTH_3f7aaf69da22429aaa2b35b7eb8b6cfb/gnocchi.c16ed6be-8336-4fd9-8bbb-3b914d65b79d/none_v3" "tx3b8658ce854b45b18ab6c-00692feb53" "proxy-server 20" 0.0319 "-" 23 0
Dec 3 07:48:35 standalone proxy-server[130028]: 172.18.0.2 172.18.0.100 03/Dec/2025/07/48/35 PUT /v1/AUTH_3f7aaf69da22429aaa2b35b7eb8b6cfb/gnocchi.c16ed6be-8336-4fd9-8bbb-3b914d65b79d/none_v3 HTTP/1.0 201 - python-swiftclient-3.11.1 gAAAAABpL-sLW2Eo... 22 - - tx3b8658ce854b45b18ab6c-00692feb53 - 0.0397 - - 1764748115.486964226 1764748115.526677132 0
Dec 3 07:48:35 standalone container-server[127927]: 172.20.0.100 - - [03/Dec/2025:07:48:35 +0000] "HEAD /d1/788/AUTH_3f7aaf69da22429aaa2b35b7eb8b6cfb/gnocchi.f979a0c5-8cf4-4ed4-94e2-c68269eec650" 404 - "HEAD http://172.18.0.2:8080/v1/AUTH_3f7aaf69da22429aaa2b35b7eb8b6cfb/gnocchi.f979a0c5-8cf4-4ed4-94e2-c68269eec650?format=json&states=listing" "tx98bcc0073a11453ea22fa-00692feb53" "proxy-server 20" 0.0005 "-" 17 0
Dec 3 07:48:35 standalone object-server[128001]: 172.20.0.100 - - [03/Dec/2025:07:48:35 +0000] "GET /d1/702/AUTH_3f7aaf69da22429aaa2b35b7eb8b6cfb/gnocchi.f979a0c5-8cf4-4ed4-94e2-c68269eec650/none_v3" 404 70 "GET http://172.18.0.2:8080/v1/AUTH_3f7aaf69da22429aaa2b35b7eb8b6cfb/gnocchi.f979a0c5-8cf4-4ed4-94e2-c68269eec650/none_v3" "tx98bcc0073a11453ea22fa-00692feb53" "proxy-server 20" 0.0006 "-" 22 0
Dec 3 07:48:35 standalone proxy-server[130028]: 172.18.0.2 172.18.0.100 03/Dec/2025/07/48/35 GET /v1/AUTH_3f7aaf69da22429aaa2b35b7eb8b6cfb/gnocchi.f979a0c5-8cf4-4ed4-94e2-c68269eec650/none_v3 HTTP/1.0 404 - python-swiftclient-3.11.1 gAAAAABpL-sLW2Eo... - 70 - tx98bcc0073a11453ea22fa-00692feb53 - 0.0113 - - 1764748115.549659252 1764748115.560975790 0
Dec 3 07:48:35 standalone account-server[127784]: 172.20.0.100 - - [03/Dec/2025:07:48:35 +0000] "PUT /d1/385/AUTH_3f7aaf69da22429aaa2b35b7eb8b6cfb/gnocchi.f979a0c5-8cf4-4ed4-94e2-c68269eec650" 201 - "PUT http://172.20.0.100:6001/d1/788/AUTH_3f7aaf69da22429aaa2b35b7eb8b6cfb/gnocchi.f979a0c5-8cf4-4ed4-94e2-c68269eec650" "txa40e11af131d499aa403f-00692feb53" "container-server 14" 0.0046 "-" 22 0
Dec 3 07:48:35 standalone container-server[127913]: 172.20.0.100 - - [03/Dec/2025:07:48:35 +0000] "PUT /d1/788/AUTH_3f7aaf69da22429aaa2b35b7eb8b6cfb/gnocchi.f979a0c5-8cf4-4ed4-94e2-c68269eec650" 201 - "PUT http://172.18.0.2:8080/v1/AUTH_3f7aaf69da22429aaa2b35b7eb8b6cfb/gnocchi.f979a0c5-8cf4-4ed4-94e2-c68269eec650" "txa40e11af131d499aa403f-00692feb53" "proxy-server 20" 0.0246 "-" 14 0
Dec 3 07:48:35 standalone proxy-server[130028]: 172.18.0.2 172.18.0.100 03/Dec/2025/07/48/35 PUT /v1/AUTH_3f7aaf69da22429aaa2b35b7eb8b6cfb/gnocchi.f979a0c5-8cf4-4ed4-94e2-c68269eec650 HTTP/1.0 201 - python-swiftclient-3.11.1 gAAAAABpL-sLW2Eo... - - - txa40e11af131d499aa403f-00692feb53 - 0.0316 - - 1764748115.566994429 1764748115.598558903 0
Dec 3 07:48:35 standalone container-server[127913]: 172.20.0.100 - - [03/Dec/2025:07:48:35 +0000] "HEAD /d1/788/AUTH_3f7aaf69da22429aaa2b35b7eb8b6cfb/gnocchi.f979a0c5-8cf4-4ed4-94e2-c68269eec650" 204 - "HEAD http://172.18.0.2:8080/v1/AUTH_3f7aaf69da22429aaa2b35b7eb8b6cfb/gnocchi.f979a0c5-8cf4-4ed4-94e2-c68269eec650?format=json&states=listing" "tx15add6b7d6994ef7a91c0-00692feb53" "proxy-server 20" 0.0029 "-" 14 0
Dec 3 07:48:35 standalone proxy-server[130028]: - - 03/Dec/2025/07/48/35 HEAD /v1/AUTH_3f7aaf69da22429aaa2b35b7eb8b6cfb/gnocchi.f979a0c5-8cf4-4ed4-94e2-c68269eec650%3Fformat%3Djson%26states%3Dlisting HTTP/1.0 204 - Swift - - - - tx15add6b7d6994ef7a91c0-00692feb53 - 0.0079 RL - 1764748115.605151892 1764748115.613004208 0
Dec 3 07:48:35 standalone container-server[127919]: 172.20.0.100 - - [03/Dec/2025:07:48:35 +0000] "GET /d1/788/AUTH_3f7aaf69da22429aaa2b35b7eb8b6cfb/gnocchi.f979a0c5-8cf4-4ed4-94e2-c68269eec650" 200 2 "GET http://172.18.0.2:8080/v1/AUTH_3f7aaf69da22429aaa2b35b7eb8b6cfb/gnocchi.f979a0c5-8cf4-4ed4-94e2-c68269eec650?format=json&states=listing" "tx15add6b7d6994ef7a91c0-00692feb53" "proxy-server 20" 0.0100 "-" 15 0
Dec 3 07:48:35 standalone proxy-server[130028]: 172.18.0.2 172.18.0.100 03/Dec/2025/07/48/35 GET /v1/AUTH_3f7aaf69da22429aaa2b35b7eb8b6cfb/gnocchi.f979a0c5-8cf4-4ed4-94e2-c68269eec650%3Fformat%3Djson%26states%3Dlisting HTTP/1.0 200 - python-swiftclient-3.11.1 gAAAAABpL-sLW2Eo... - 2 - tx15add6b7d6994ef7a91c0-00692feb53 - 0.0611 - - 1764748115.604039669 1764748115.665112972 0
Dec 3 07:48:35 standalone object-server[128001]: 172.20.0.100 - - [03/Dec/2025:07:48:35 +0000] "GET /d1/814/AUTH_3f7aaf69da22429aaa2b35b7eb8b6cfb/gnocchi.f979a0c5-8cf4-4ed4-94e2-c68269eec650/1764720000.0_mean_300.0_v3" 404 70 "GET http://172.18.0.2:8080/v1/AUTH_3f7aaf69da22429aaa2b35b7eb8b6cfb/gnocchi.f979a0c5-8cf4-4ed4-94e2-c68269eec650/1764720000.0_mean_300.0_v3" "tx32ffb67ac36b477fa2ccf-00692feb53" "proxy-server 20" 0.0005 "-" 22 0
Dec 3 07:48:35 standalone proxy-server[130028]: 172.18.0.2 172.18.0.100 03/Dec/2025/07/48/35 GET /v1/AUTH_3f7aaf69da22429aaa2b35b7eb8b6cfb/gnocchi.f979a0c5-8cf4-4ed4-94e2-c68269eec650/1764720000.0_mean_300.0_v3 HTTP/1.0 404 - python-swiftclient-3.11.1 gAAAAABpL-sLW2Eo... - 70 - tx32ffb67ac36b477fa2ccf-00692feb53 - 0.0066 - - 1764748115.671079636 1764748115.677674532 0
Dec 3 07:48:35 standalone container-server[127924]: 172.20.0.100 - - [03/Dec/2025:07:48:35 +0000] "PUT /d1/788/AUTH_3f7aaf69da22429aaa2b35b7eb8b6cfb/gnocchi.f979a0c5-8cf4-4ed4-94e2-c68269eec650/1764720000.0_mean_300.0_v3" 201 - "PUT http://172.18.0.2:8080/d1/814/AUTH_3f7aaf69da22429aaa2b35b7eb8b6cfb/gnocchi.f979a0c5-8cf4-4ed4-94e2-c68269eec650/1764720000.0_mean_300.0_v3" "tx3092bac7cbed4f02ba8b8-00692feb53" "object-server 24" 0.0008 "-" 16 0
