Dec 3 07:50:07 standalone object-server[128004]: 172.20.0.100 - - [03/Dec/2025:07:50:07 +0000] "PUT /d1/318/AUTH_3f7aaf69da22429aaa2b35b7eb8b6cfb/gnocchi.901441c7-a7ca-448a-a5c9-271757c95944/none_v3" 201 - "PUT http://172.18.0.2:8080/v1/AUTH_3f7aaf69da22429aaa2b35b7eb8b6cfb/gnocchi.901441c7-a7ca-448a-a5c9-271757c95944/none_v3" "txd62cdbbbc34148268fac9-00692febaf" "proxy-server 20" 0.0084 "-" 24 0
Dec 3 07:50:07 standalone proxy-server[130028]: 172.18.0.2 172.18.0.100 03/Dec/2025/07/50/07 PUT /v1/AUTH_3f7aaf69da22429aaa2b35b7eb8b6cfb/gnocchi.901441c7-a7ca-448a-a5c9-271757c95944/none_v3 HTTP/1.0 201 - python-swiftclient-3.11.1 gAAAAABpL-sLW2Eo... 22 - - txd62cdbbbc34148268fac9-00692febaf - 0.0139 - - 1764748207.916098356 1764748207.929970026 0
Dec 3 07:50:07 standalone container-server[127913]: 172.20.0.100 - - [03/Dec/2025:07:50:07 +0000] "HEAD /d1/35/AUTH_3f7aaf69da22429aaa2b35b7eb8b6cfb/gnocchi.c0b3e300-1099-489c-8626-87402e4b0fd7" 404 - "HEAD http://172.18.0.2:8080/v1/AUTH_3f7aaf69da22429aaa2b35b7eb8b6cfb/gnocchi.c0b3e300-1099-489c-8626-87402e4b0fd7?format=json&states=listing" "tx3891cf7c7ac04d16b51b7-00692febaf" "proxy-server 20" 0.0006 "-" 14 0
Dec 3 07:50:07 standalone object-server[128001]: 172.20.0.100 - - [03/Dec/2025:07:50:07 +0000] "GET /d1/530/AUTH_3f7aaf69da22429aaa2b35b7eb8b6cfb/gnocchi.c0b3e300-1099-489c-8626-87402e4b0fd7/none_v3" 404 70 "GET http://172.18.0.2:8080/v1/AUTH_3f7aaf69da22429aaa2b35b7eb8b6cfb/gnocchi.c0b3e300-1099-489c-8626-87402e4b0fd7/none_v3" "tx3891cf7c7ac04d16b51b7-00692febaf" "proxy-server 20" 0.0003 "-" 22 0
Dec 3 07:50:07 standalone proxy-server[130028]: 172.18.0.2 172.18.0.100 03/Dec/2025/07/50/07 GET /v1/AUTH_3f7aaf69da22429aaa2b35b7eb8b6cfb/gnocchi.c0b3e300-1099-489c-8626-87402e4b0fd7/none_v3 HTTP/1.0 404 - python-swiftclient-3.11.1 gAAAAABpL-sLW2Eo... - 70 - tx3891cf7c7ac04d16b51b7-00692febaf - 0.0120 - - 1764748207.941256523 1764748207.953241348 0
Dec 3 07:50:07 standalone account-server[127784]: 172.20.0.100 - - [03/Dec/2025:07:50:07 +0000] "PUT /d1/385/AUTH_3f7aaf69da22429aaa2b35b7eb8b6cfb/gnocchi.c0b3e300-1099-489c-8626-87402e4b0fd7" 201 - "PUT http://172.20.0.100:6001/d1/35/AUTH_3f7aaf69da22429aaa2b35b7eb8b6cfb/gnocchi.c0b3e300-1099-489c-8626-87402e4b0fd7" "tx62b2f678ff3449dbad31d-00692febaf" "container-server 14" 0.0050 "-" 22 0
Dec 3 07:50:07 standalone container-server[127913]: 172.20.0.100 - - [03/Dec/2025:07:50:07 +0000] "PUT /d1/35/AUTH_3f7aaf69da22429aaa2b35b7eb8b6cfb/gnocchi.c0b3e300-1099-489c-8626-87402e4b0fd7" 201 - "PUT http://172.18.0.2:8080/v1/AUTH_3f7aaf69da22429aaa2b35b7eb8b6cfb/gnocchi.c0b3e300-1099-489c-8626-87402e4b0fd7" "tx62b2f678ff3449dbad31d-00692febaf" "proxy-server 20" 0.0173 "-" 14 0
Dec 3 07:50:07 standalone proxy-server[130028]: 172.18.0.2 172.18.0.100 03/Dec/2025/07/50/07 PUT /v1/AUTH_3f7aaf69da22429aaa2b35b7eb8b6cfb/gnocchi.c0b3e300-1099-489c-8626-87402e4b0fd7 HTTP/1.0 201 - python-swiftclient-3.11.1 gAAAAABpL-sLW2Eo... - - - tx62b2f678ff3449dbad31d-00692febaf - 0.0235 - - 1764748207.957582235 1764748207.981072426 0
Dec 3 07:50:07 standalone container-server[127924]: 172.20.0.100 - - [03/Dec/2025:07:50:07 +0000] "HEAD /d1/35/AUTH_3f7aaf69da22429aaa2b35b7eb8b6cfb/gnocchi.c0b3e300-1099-489c-8626-87402e4b0fd7" 204 - "HEAD http://172.18.0.2:8080/v1/AUTH_3f7aaf69da22429aaa2b35b7eb8b6cfb/gnocchi.c0b3e300-1099-489c-8626-87402e4b0fd7?format=json&states=listing" "tx59426d44fcda4184a8738-00692febaf" "proxy-server 20" 0.0025 "-" 16 0
Dec 3 07:50:07 standalone proxy-server[130028]: - - 03/Dec/2025/07/50/07 HEAD /v1/AUTH_3f7aaf69da22429aaa2b35b7eb8b6cfb/gnocchi.c0b3e300-1099-489c-8626-87402e4b0fd7%3Fformat%3Djson%26states%3Dlisting HTTP/1.0 204 - Swift - - - - tx59426d44fcda4184a8738-00692febaf - 0.0074 RL - 1764748207.987269640 1764748207.994677544 0
Dec 3 07:50:08 standalone container-server[127927]: 172.20.0.100 - - [03/Dec/2025:07:50:08 +0000] "GET /d1/35/AUTH_3f7aaf69da22429aaa2b35b7eb8b6cfb/gnocchi.c0b3e300-1099-489c-8626-87402e4b0fd7" 200 2 "GET http://172.18.0.2:8080/v1/AUTH_3f7aaf69da22429aaa2b35b7eb8b6cfb/gnocchi.c0b3e300-1099-489c-8626-87402e4b0fd7?format=json&states=listing" "tx59426d44fcda4184a8738-00692febaf" "proxy-server 20" 0.0034 "-" 17 0
Dec 3 07:50:08 standalone proxy-server[130028]: 172.18.0.2 172.18.0.100 03/Dec/2025/07/50/08 GET /v1/AUTH_3f7aaf69da22429aaa2b35b7eb8b6cfb/gnocchi.c0b3e300-1099-489c-8626-87402e4b0fd7%3Fformat%3Djson%26states%3Dlisting HTTP/1.0 200 - python-swiftclient-3.11.1 gAAAAABpL-sLW2Eo... - 2 - tx59426d44fcda4184a8738-00692febaf - 0.0213 - - 1764748207.985694647 1764748208.006945133 0
Dec 3 07:50:08 standalone object-server[128001]: 172.20.0.100 - - [03/Dec/2025:07:50:08 +0000] "GET /d1/958/AUTH_3f7aaf69da22429aaa2b35b7eb8b6cfb/gnocchi.c0b3e300-1099-489c-8626-87402e4b0fd7/1764720000.0_mean_300.0_v3" 404 70 "GET http://172.18.0.2:8080/v1/AUTH_3f7aaf69da22429aaa2b35b7eb8b6cfb/gnocchi.c0b3e300-1099-489c-8626-87402e4b0fd7/1764720000.0_mean_300.0_v3" "tx85b42121dbc44a5b80dc8-00692febb0" "proxy-server 20" 0.0003 "-" 22 0
Dec 3 07:50:08 standalone proxy-server[130028]: 172.18.0.2 172.18.0.100 03/Dec/2025/07/50/08 GET /v1/AUTH_3f7aaf69da22429aaa2b35b7eb8b6cfb/gnocchi.c0b3e300-1099-489c-8626-87402e4b0fd7/1764720000.0_mean_300.0_v3 HTTP/1.0 404 - python-swiftclient-3.11.1 gAAAAABpL-sLW2Eo... - 70 - tx85b42121dbc44a5b80dc8-00692febb0 - 0.0066 - - 1764748208.011530399 1764748208.018088818 0
Dec 3 07:50:08 standalone container-server[127913]: 172.20.0.100 - - [03/Dec/2025:07:50:08 +0000] "PUT /d1/35/AUTH_3f7aaf69da22429aaa2b35b7eb8b6cfb/gnocchi.c0b3e300-1099-489c-8626-87402e4b0fd7/1764720000.0_mean_300.0_v3" 201 - "PUT http://172.18.0.2:8080/d1/958/AUTH_3f7aaf69da22429aaa2b35b7eb8b6cfb/gnocchi.c0b3e300-1099-489c-8626-87402e4b0fd7/1764720000.0_mean_300.0_v3" "tx24450ed5f99b47c69e7be-00692febb0" "object-server 25" 0.0006 "-" 14 0
Dec 3 07:50:08 standalone object-server[128006]: 172.20.0.100 - - [03/Dec/2025:07:50:08 +0000] "PUT /d1/958/AUTH_3f7aaf69da22429aaa2b35b7eb8b6cfb/gnocchi.c0b3e300-1099-489c-8626-87402e4b0fd7/1764720000.0_mean_300.0_v3" 201 - "PUT http://172.18.0.2:8080/v1/AUTH_3f7aaf69da22429aaa2b35b7eb8b6cfb/gnocchi.c0b3e300-1099-489c-8626-87402e4b0fd7/1764720000.0_mean_300.0_v3" "tx24450ed5f99b47c69e7be-00692febb0" "proxy-server 20" 0.0125 "-" 25 0
Dec 3 07:50:08 standalone proxy-server[130028]: 172.18.0.2 172.18.0.100 03/Dec/2025/07/50/08 PUT /v1/AUTH_3f7aaf69da22429aaa2b35b7eb8b6cfb/gnocchi.c0b3e300-1099-489c-8626-87402e4b0fd7/1764720000.0_mean_300.0_v3 HTTP/1.0 201 - python-swiftclient-3.11.1 gAAAAABpL-sLW2Eo... 16 - - tx24450ed5f99b47c69e7be-00692febb0 - 0.0214 - - 1764748208.021993399 1764748208.043368816 0
Dec 3 07:50:08 standalone container-server[127927]: 172.20.0.100 - - [03/Dec/2025:07:50:08 +0000] "PUT /d1/35/AUTH_3f7aaf69da22429aaa2b35b7eb8b6cfb/gnocchi.c0b3e300-1099-489c-8626-87402e4b0fd7/none_v3" 201 - "PUT http://172.18.0.2:8080/d1/530/AUTH_3f7aaf69da22429aaa2b35b7eb8b6cfb/gnocchi.c0b3e300-1099-489c-8626-87402e4b0fd7/none_v3" "tx5be71816df7a49de9d118-00692febb0" "object-server 23" 0.0007 "-" 17 0
Dec 3 07:50:08 standalone object-server[128003]: 172.20.0.100 - - [03/Dec/2025:07:50:08 +0000] "PUT /d1/530/AUTH_3f7aaf69da22429aaa2b35b7eb8b6cfb/gnocchi.c0b3e300-1099-489c-8626-87402e4b0fd7/none_v3" 201 - "PUT http://172.18.0.2:8080/v1/AUTH_3f7aaf69da22429aaa2b35b7eb8b6cfb/gnocchi.c0b3e300-1099-489c-8626-87402e4b0fd7/none_v3" "tx5be71816df7a49de9d118-00692febb0" "proxy-server 20" 0.0108 "-" 23 0
Dec 3 07:50:08 standalone proxy-server[130028]: 172.18.0.2 172.18.0.100 03/Dec/2025/07/50/08 PUT /v1/AUTH_3f7aaf69da22429aaa2b35b7eb8b6cfb/gnocchi.c0b3e300-1099-489c-8626-87402e4b0fd7/none_v3 HTTP/1.0 201 - python-swiftclient-3.11.1 gAAAAABpL-sLW2Eo... 22 - - tx5be71816df7a49de9d118-00692febb0 - 0.0189 - - 1764748208.048400879 1764748208.067338467 0
Dec 3 07:50:08 standalone container-server[127924]: 172.20.0.100 - - [03/Dec/2025:07:50:08 +0000] "HEAD /d1/358/AUTH_3f7aaf69da22429aaa2b35b7eb8b6cfb/gnocchi.ee4987e7-3e69-4f17-b937-87d52f61399c" 404 - "HEAD http://172.18.0.2:8080/v1/AUTH_3f7aaf69da22429aaa2b35b7eb8b6cfb/gnocchi.ee4987e7-3e69-4f17-b937-87d52f61399c?format=json&states=listing" "txd6bd2f20641042e8a5d02-00692febb0" "proxy-server 20" 0.0006 "-" 16 0
Dec 3 07:50:08 standalone object-server[128004]: 172.20.0.100 - - [03/Dec/2025:07:50:08 +0000] "GET /d1/308/AUTH_3f7aaf69da22429aaa2b35b7eb8b6cfb/gnocchi.ee4987e7-3e69-4f17-b937-87d52f61399c/none_v3" 404 70 "GET http://172.18.0.2:8080/v1/AUTH_3f7aaf69da22429aaa2b35b7eb8b6cfb/gnocchi.ee4987e7-3e69-4f17-b937-87d52f61399c/none_v3" "txd6bd2f20641042e8a5d02-00692febb0" "proxy-server 20" 0.0007 "-" 24 0
Dec 3 07:50:08 standalone proxy-server[130028]: 172.18.0.2 172.18.0.100 03/Dec/2025/07/50/08 GET /v1/AUTH_3f7aaf69da22429aaa2b35b7eb8b6cfb/gnocchi.ee4987e7-3e69-4f17-b937-87d52f61399c/none_v3 HTTP/1.0 404 - python-swiftclient-3.11.1 gAAAAABpL-sLW2Eo... - 70 - txd6bd2f20641042e8a5d02-00692febb0 - 0.0209 - - 1764748208.083847284 1764748208.104705334 0
Dec 3 07:50:08 standalone account-server[127778]: 172.20.0.100 - - [03/Dec/2025:07:50:08 +0000] "PUT /d1/385/AUTH_3f7aaf69da22429aaa2b35b7eb8b6cfb/gnocchi.ee4987e7-3e69-4f17-b937-87d52f61399c" 201 - "PUT http://172.20.0.100:6001/d1/358/AUTH_3f7aaf69da22429aaa2b35b7eb8b6cfb/gnocchi.ee4987e7-3e69-4f17-b937-87d52f61399c" "tx53a9b92023e04be1bb798-00692febb0" "container-server 14" 0.0041 "-" 21 0
Dec 3 07:50:08 standalone container-server[127913]: 172.20.0.100 - - [03/Dec/2025:07:50:08 +0000] "PUT /d1/358/AUTH_3f7aaf69da22429aaa2b35b7eb8b6cfb/gnocchi.ee4987e7-3e69-4f17-b937-87d52f61399c" 201 - "PUT http://172.18.0.2:8080/v1/AUTH_3f7aaf69da22429aaa2b35b7eb8b6cfb/gnocchi.ee4987e7-3e69-4f17-b937-87d52f61399c" "tx53a9b92023e04be1bb798-00692febb0" "proxy-server 20" 0.0168 "-" 14 0
Dec 3 07:50:08 standalone proxy-server[130028]: 172.18.0.2 172.18.0.100 03/Dec/2025/07/50/08 PUT /v1/AUTH_3f7aaf69da22429aaa2b35b7eb8b6cfb/gnocchi.ee4987e7-3e69-4f17-b937-87d52f61399c HTTP/1.0 201 - python-swiftclient-3.11.1 gAAAAABpL-sLW2Eo... - - - tx53a9b92023e04be1bb798-00692febb0 - 0.0218 - - 1764748208.114366770 1764748208.136210203 0
Dec 3 07:50:08 standalone container-server[127919]: 172.20.0.100 - - [03/Dec/2025:07:50:08 +0000] "HEAD /d1/358/AUTH_3f7aaf69da22429aaa2b35b7eb8b6cfb/gnocchi.ee4987e7-3e69-4f17-b937-87d52f61399c" 204 - "HEAD http://172.18.0.2:8080/v1/AUTH_3f7aaf69da22429aaa2b35b7eb8b6cfb/gnocchi.ee4987e7-3e69-4f17-b937-87d52f61399c?format=json&states=listing" "txfa06cf693fa54be289469-00692febb0" "proxy-server 20" 0.0013 "-" 15 0
Dec 3 07:50:08 standalone proxy-server[130028]: - - 03/Dec/2025/07/50/08 HEAD /v1/AUTH_3f7aaf69da22429aaa2b35b7eb8b6cfb/gnocchi.ee4987e7-3e69-4f17-b937-87d52f61399c%3Fformat%3Djson%26states%3Dlisting HTTP/1.0 204 - Swift - - - - txfa06cf693fa54be289469-00692febb0 - 0.0042 RL - 1764748208.143061876 1764748208.147259235 0
Dec 3 07:50:08 standalone container-server[127919]: 172.20.0.100 - - [03/Dec/2025:07:50:08 +0000] "GET /d1/358/AUTH_3f7aaf69da22429aaa2b35b7eb8b6cfb/gnocchi.ee4987e7-3e69-4f17-b937-87d52f61399c" 200 2 "GET http://172.18.0.2:8080/v1/AUTH_3f7aaf69da22429aaa2b35b7eb8b6cfb/gnocchi.ee4987e7-3e69-4f17-b937-87d52f61399c?format=json&states=listing" "txfa06cf693fa54be289469-00692febb0" "proxy-server 20" 0.0016 "-" 15 0
Dec 3 07:50:08 standalone proxy-server[130028]: 172.18.0.2 172.18.0.100 03/Dec/2025/07/50/08 GET /v1/AUTH_3f7aaf69da22429aaa2b35b7eb8b6cfb/gnocchi.ee4987e7-3e69-4f17-b937-87d52f61399c%3Fformat%3Djson%26states%3Dlisting HTTP/1.0 200 - python-swiftclient-3.11.1 gAAAAABpL-sLW2Eo... - 2 - txfa06cf693fa54be289469-00692febb0 - 0.0111 - - 1764748208.142137527 1764748208.153261423 0
Dec 3 07:50:08 standalone object-server[128006]: 172.20.0.100 - - [03/Dec/2025:07:50:08 +0000] "GET /d1/351/AUTH_3f7aaf69da22429aaa2b35b7eb8b6cfb/gnocchi.ee4987e7-3e69-4f17-b937-87d52f61399c/1764720000.0_mean_300.0_v3" 404 70 "GET http://172.18.0.2:8080/v1/AUTH_3f7aaf69da22429aaa2b35b7eb8b6cfb/gnocchi.ee4987e7-3e69-4f17-b937-87d52f61399c/1764720000.0_mean_300.0_v3" "tx547efb8545ee4a9ebab67-00692febb0" "proxy-server 20" 0.0004 "-" 25 0
Dec 3 07:50:08 standalone proxy-server[130028]: 172.18.0.2 172.18.0.100 03/Dec/2025/07/50/08 GET /v1/AUTH_3f7aaf69da22429aaa2b35b7eb8b6cfb/gnocchi.ee4987e7-3e69-4f17-b937-87d52f61399c/1764720000.0_mean_300.0_v3 HTTP/1.0 404 - python-swiftclient-3.11.1 gAAAAABpL-sLW2Eo... - 70 - tx547efb8545ee4a9ebab67-00692febb0 - 0.0060 - - 1764748208.156489134 1764748208.162457228 0
Dec 3 07:50:08 standalone container-server[127919]: 172.20.0.100 - - [03/Dec/2025:07:50:08 +0000] "PUT /d1/358/AUTH_3f7aaf69da22429aaa2b35b7eb8b6cfb/gnocchi.ee4987e7-3e69-4f17-b937-87d52f61399c/1764720000.0_mean_300.0_v3" 201 - "PUT http://172.18.0.2:8080/d1/351/AUTH_3f7aaf69da22429aaa2b35b7eb8b6cfb/gnocchi.ee4987e7-3e69-4f17-b937-87d52f61399c/1764720000.0_mean_300.0_v3" "tx2f13d565cf5549d6a99fd-00692febb0" "object-server 22" 0.0010 "-" 15 0
Dec 3 07:50:08 standalone object-server[128001]: 172.20.0.100 - - [03/Dec/2025:07:50:08 +0000] "PUT /d1/351/AUTH_3f7aaf69da22429aaa2b35b7eb8b6cfb/gnocchi.ee4987e7-3e69-4f17-b937-87d52f61399c/1764720000.0_mean_300.0_v3" 201 - "PUT http://172.18.0.2:8080/v1/AUTH_3f7aaf69da22429aaa2b35b7eb8b6cfb/gnocchi.ee4987e7-3e69-4f17-b937-87d52f61399c/1764720000.0_mean_300.0_v3" "tx2f13d565cf5549d6a99fd-00692febb0" "proxy-server 20" 0.0117 "-" 22 0
Dec 3 07:50:08 standalone proxy-server[130028]: 172.18.0.2 172.18.0.100 03/Dec/2025/07/50/08 PUT /v1/AUTH_3f7aaf69da22429aaa2b35b7eb8b6cfb/gnocchi.ee4987e7-3e69-4f17-b937-87d52f61399c/1764720000.0_mean_300.0_v3 HTTP/1.0 201 - python-swiftclient-3.11.1 gAAAAABpL-sLW2Eo... 16 - - tx2f13d565cf5549d6a99fd-00692febb0 - 0.0177 - - 1764748208.165049076 1764748208.182788134 0
Dec 3 07:50:08 standalone container-server[127924]: 172.20.0.100 - - [03/Dec/2025:07:50:08 +0000] "PUT /d1/358/AUTH_3f7aaf69da22429aaa2b35b7eb8b6cfb/gnocchi.ee4987e7-3e69-4f17-b937-87d52f61399c/none_v3" 201 - "PUT http://172.18.0.2:8080/d1/308/AUTH_3f7aaf69da22429aaa2b35b7eb8b6cfb/gnocchi.ee4987e7-3e69-4f17-b937-87d52f61399c/none_v3" "tx500e4c9933ba465a923f2-00692febb0" "object-server 24" 0.0005 "-" 16 0
Dec 3 07:50:08 standalone object-server[128004]: 172.20.0.100 - - [03/Dec/2025:07:50:08 +0000] "PUT /d1/308/AUTH_3f7aaf69da22429aaa2b35b7eb8b6cfb/gnocchi.ee4987e7-3e69-4f17-b937-87d52f61399c/none_v3" 201 - "PUT http://172.18.0.2:8080/v1/AUTH_3f7aaf69da22429aaa2b35b7eb8b6cfb/gnocchi.ee4987e7-3e69-4f17-b937-87d52f61399c/none_v3" "tx500e4c9933ba465a923f2-00692febb0" "proxy-server 20" 0.0091 "-" 24 0
Dec 3 07:50:08 standalone proxy-server[130028]: 172.18.0.2 172.18.0.100 03/Dec/2025/07/50/08 PUT /v1/AUTH_3f7aaf69da22429aaa2b35b7eb8b6cfb/gnocchi.ee4987e7-3e69-4f17-b937-87d52f61399c/none_v3 HTTP/1.0 201 - python-swiftclient-3.11.1 gAAAAABpL-sLW2Eo... 22 - - tx500e4c9933ba465a923f2-00692febb0 - 0.0145 - - 1764748208.186253309 1764748208.200706720 0
Dec 3 07:50:08 standalone container-server[127924]: 172.20.0.100 - - [03/Dec/2025:07:50:08 +0000] "HEAD /d1/231/AUTH_3f7aaf69da22429aaa2b35b7eb8b6cfb/gnocchi.f5eb8f54-6067-40df-a21f-fd367f789426" 404 - "HEAD http://172.18.0.2:8080/v1/AUTH_3f7aaf69da22429aaa2b35b7eb8b6cfb/gnocchi.f5eb8f54-6067-40df-a21f-fd367f789426?format=json&states=listing" "txa09241eadea743e4bd3d0-00692febb0" "proxy-server 20" 0.0004 "-" 16 0
Dec 3 07:50:08 standalone object-server[128003]: 172.20.0.100 - - [03/Dec/2025:07:50:08 +0000] "GET /d1/454/AUTH_3f7aaf69da22429aaa2b35b7eb8b6cfb/gnocchi.f5eb8f54-6067-40df-a21f-fd367f789426/none_v3" 404 70 "GET http://172.18.0.2:8080/v1/AUTH_3f7aaf69da22429aaa2b35b7eb8b6cfb/gnocchi.f5eb8f54-6067-40df-a21f-fd367f789426/none_v3" "txa09241eadea743e4bd3d0-00692febb0" "proxy-server 20" 0.0004 "-" 23 0
Dec 3 07:50:08 standalone proxy-server[130028]: 172.18.0.2 172.18.0.100 03/Dec/2025/07/50/08 GET /v1/AUTH_3f7aaf69da22429aaa2b35b7eb8b6cfb/gnocchi.f5eb8f54-6067-40df-a21f-fd367f789426/none_v3 HTTP/1.0 404 - python-swiftclient-3.11.1 gAAAAABpL-sLW2Eo... - 70 - txa09241eadea743e4bd3d0-00692febb0 - 0.0105 - - 1764748208.212426186 1764748208.222931147 0
Dec 3 07:50:08 standalone account-server[127770]: 172.20.0.100 - - [03/Dec/2025:07:50:08 +0000] "PUT /d1/385/AUTH_3f7aaf69da22429aaa2b35b7eb8b6cfb/gnocchi.f5eb8f54-6067-40df-a21f-fd367f789426" 201 - "PUT http://172.20.0.100:6001/d1/231/AUTH_3f7aaf69da22429aaa2b35b7eb8b6cfb/gnocchi.f5eb8f54-6067-40df-a21f-fd367f789426" "tx5587122c288349bbb2f7c-00692febb0" "container-server 14" 0.0069 "-" 20 0
Dec 3 07:50:08 standalone container-server[127913]: 172.20.0.100 - - [03/Dec/2025:07:50:08 +0000] "PUT /d1/231/AUTH_3f7aaf69da22429aaa2b35b7eb8b6cfb/gnocchi.f5eb8f54-6067-40df-a21f-fd367f789426" 201 - "PUT http://172.18.0.2:8080/v1/AUTH_3f7aaf69da22429aaa2b35b7eb8b6cfb/gnocchi.f5eb8f54-6067-40df-a21f-fd367f789426" "tx5587122c288349bbb2f7c-00692febb0" "proxy-server 20" 0.0187 "-" 14 0
Dec 3 07:50:08 standalone proxy-server[130028]: 172.18.0.2 172.18.0.100 03/Dec/2025/07/50/08 PUT /v1/AUTH_3f7aaf69da22429aaa2b35b7eb8b6cfb/gnocchi.f5eb8f54-6067-40df-a21f-fd367f789426 HTTP/1.0 201 - python-swiftclient-3.11.1 gAAAAABpL-sLW2Eo... - - - tx5587122c288349bbb2f7c-00692febb0 - 0.0251 - - 1764748208.227310658 1764748208.252421618 0
Dec 3 07:50:08 standalone container-server[127924]: 172.20.0.100 - - [03/Dec/2025:07:50:08 +0000] "HEAD /d1/231/AUTH_3f7aaf69da22429aaa2b35b7eb8b6cfb/gnocchi.f5eb8f54-6067-40df-a21f-fd367f789426" 204 - "HEAD http://172.18.0.2:8080/v1/AUTH_3f7aaf69da22429aaa2b35b7eb8b6cfb/gnocchi.f5eb8f54-6067-40df-a21f-fd367f789426?format=json&states=listing" "tx8eaecea9ee984d22bf0d3-00692febb0" "proxy-server 20" 0.0016 "-" 16 0
Dec 3 07:50:08 standalone proxy-server[130028]: - - 03/Dec/2025/07/50/08 HEAD /v1/AUTH_3f7aaf69da22429aaa2b35b7eb8b6cfb/gnocchi.f5eb8f54-6067-40df-a21f-fd367f789426%3Fformat%3Djson%26states%3Dlisting HTTP/1.0 204 - Swift - - - - tx8eaecea9ee984d22bf0d3-00692febb0 - 0.0067 RL - 1764748208.259652376 1764748208.266344547 0
Dec 3 07:50:08 standalone container-server[127924]: 172.20.0.100 - - [03/Dec/2025:07:50:08 +0000] "GET /d1/231/AUTH_3f7aaf69da22429aaa2b35b7eb8b6cfb/gnocchi.f5eb8f54-6067-40df-a21f-fd367f789426" 200 2 "GET http://172.18.0.2:8080/v1/AUTH_3f7aaf69da22429aaa2b35b7eb8b6cfb/gnocchi.f5eb8f54-6067-40df-a21f-fd367f789426?format=json&states=listing" "tx8eaecea9ee984d22bf0d3-00692febb0" "proxy-server 20" 0.0025 "-" 16 0
Dec 3 07:50:08 standalone proxy-server[130028]: 172.18.0.2 172.18.0.100 03/Dec/2025/07/50/08 GET /v1/AUTH_3f7aaf69da22429aaa2b35b7eb8b6cfb/gnocchi.f5eb8f54-6067-40df-a21f-fd367f789426%3Fformat%3Djson%26states%3Dlisting HTTP/1.0 200 - python-swiftclient-3.11.1 gAAAAABpL-sLW2Eo... - 2 - tx8eaecea9ee984d22bf0d3-00692febb0 - 0.0183 - - 1764748208.258299828 1764748208.276585102 0
Dec 3 07:50:08 standalone object-server[128006]: 172.20.0.100 - - [03/Dec/2025:07:50:08 +0000] "GET /d1/441/AUTH_3f7aaf69da22429aaa2b35b7eb8b6cfb/gnocchi.f5eb8f54-6067-40df-a21f-fd367f789426/1764720000.0_mean_300.0_v3" 404 70 "GET http://172.18.0.2:8080/v1/AUTH_3f7aaf69da22429aaa2b35b7eb8b6cfb/gnocchi.f5eb8f54-6067-40df-a21f-fd367f789426/1764720000.0_mean_300.0_v3" "txb24b0b8db3084bf591409-00692febb0" "proxy-server 20" 0.0007 "-" 25 0
Dec 3 07:50:08 standalone proxy-server[130028]: 172.18.0.2 172.18.0.100 03/Dec/2025/07/50/08 GET /v1/AUTH_3f7aaf69da22429aaa2b35b7eb8b6cfb/gnocchi.f5eb8f54-6067-40df-a21f-fd367f789426/1764720000.0_mean_300.0_v3 HTTP/1.0 404 - python-swiftclient-3.11.1 gAAAAABpL-sLW2Eo... - 70 - txb24b0b8db3084bf591409-00692febb0 - 0.0087 - - 1764748208.284468174 1764748208.293185234 0
Dec 3 07:50:08 standalone container-server[127913]: 172.20.0.100 - - [03/Dec/2025:07:50:08 +0000] "PUT /d1/231/AUTH_3f7aaf69da22429aaa2b35b7eb8b6cfb/gnocchi.f5eb8f54-6067-40df-a21f-fd367f789426/1764720000.0_mean_300.0_v3" 201 - "PUT http://172.18.0.2:8080/d1/441/AUTH_3f7aaf69da22429aaa2b35b7eb8b6cfb/gnocchi.f5eb8f54-6067-40df-a21f-fd367f789426/1764720000.0_mean_300.0_v3" "tx8623cc25226044e0949fe-00692febb0" "object-server 25" 0.0011 "-" 14 0
Dec 3 07:50:08 standalone object-server[128006]: 172.20.0.100 - - [03/Dec/2025:07:50:08 +0000] "PUT /d1/441/AUTH_3f7aaf69da22429aaa2b35b7eb8b6cfb/gnocchi.f5eb8f54-6067-40df-a21f-fd367f789426/1764720000.0_mean_300.0_v3" 201 - "PUT http://172.18.0.2:8080/v1/AUTH_3f7aaf69da22429aaa2b35b7eb8b6cfb/gnocchi.f5eb8f54-6067-40df-a21f-fd367f789426/1764720000.0_mean_300.0_v3" "tx8623cc25226044e0949fe-00692febb0" "proxy-server 20" 0.0128 "-" 25 0
Dec 3 07:50:08 standalone proxy-server[130028]: 172.18.0.2 172.18.0.100 03/Dec/2025/07/50/08 PUT /v1/AUTH_3f7aaf69da22429aaa2b35b7eb8b6cfb/gnocchi.f5eb8f54-6067-40df-a21f-fd367f789426/1764720000.0_mean_300.0_v3 HTTP/1.0 201 - python-swiftclient-3.11.1 gAAAAABpL-sLW2Eo... 16 - - tx8623cc25226044e0949fe-00692febb0 - 0.0195 - - 1764748208.297260284 1764748208.316752434 0
Dec 3 07:50:08 standalone container-server[127924]: 172.20.0.100 - - [03/Dec/2025:07:50:08 +0000] "PUT /d1/231/AUTH_3f7aaf69da22429aaa2b35b7eb8b6cfb/gnocchi.f5eb8f54-6067-40df-a21f-fd367f789426/none_v3" 201 - "PUT http://172.18.0.2:8080/d1/454/AUTH_3f7aaf69da22429aaa2b35b7eb8b6cfb/gnocchi.f5eb8f54-6067-40df-a21f-fd367f789426/none_v3" "tx907f7f803b6a40a18576b-00692febb0" "object-server 23" 0.0006 "-" 16 0
Dec 3 07:50:08 standalone object-server[128003]: 172.20.0.100 - - [03/Dec/2025:07:50:08 +0000] "PUT /d1/454/AUTH_3f7aaf69da22429aaa2b35b7eb8b6cfb/gnocchi.f5eb8f54-6067-40df-a21f-fd367f789426/none_v3" 201 - "PUT http://172.18.0.2:8080/v1/AUTH_3f7aaf69da22429aaa2b35b7eb8b6cfb/gnocchi.f5eb8f54-6067-40df-a21f-fd367f789426/none_v3" "tx907f7f803b6a40a18576b-00692febb0" "proxy-server 20" 0.0108 "-" 23 0
Dec 3 07:50:08 standalone proxy-server[130028]: 172.18.0.2 172.18.0.100 03/Dec/2025/07/50/08 PUT /v1/AUTH_3f7aaf69da22429aaa2b35b7eb8b6cfb/gnocchi.f5eb8f54-6067-40df-a21f-fd367f789426/none_v3 HTTP/1.0 201 - python-swiftclient-3.11.1 gAAAAABpL-sLW2Eo... 22 - - tx907f7f803b6a40a18576b-00692febb0 - 0.0180 - - 1764748208.320362568 1764748208.338398218 0
Dec 3 07:50:08 standalone container-server[127919]: 172.20.0.100 - - [03/Dec/2025:07:50:08 +0000] "HEAD /d1/693/AUTH_3f7aaf69da22429aaa2b35b7eb8b6cfb/gnocchi.0068da25-f699-4d14-a1ce-98ef98caf8bc" 404 - "HEAD http://172.18.0.2:8080/v1/AUTH_3f7aaf69da22429aaa2b35b7eb8b6cfb/gnocchi.0068da25-f699-4d14-a1ce-98ef98caf8bc?format=json&states=listing" "txc193912a487d415c8ec2f-00692febb0" "proxy-server 20" 0.0006 "-" 15 0
Dec 3 07:50:08 standalone object-server[128006]: 172.20.0.100 - - [03/Dec/2025:07:50:08 +0000] "GET /d1/927/AUTH_3f7aaf69da22429aaa2b35b7eb8b6cfb/gnocchi.0068da25-f699-4d14-a1ce-98ef98caf8bc/none_v3" 404 70 "GET http://172.18.0.2:8080/v1/AUTH_3f7aaf69da22429aaa2b35b7eb8b6cfb/gnocchi.0068da25-f699-4d14-a1ce-98ef98caf8bc/none_v3" "txc193912a487d415c8ec2f-00692febb0" "proxy-server 20" 0.0005 "-" 25 0
Dec 3 07:50:08 standalone proxy-server[130028]: 172.18.0.2 172.18.0.100 03/Dec/2025/07/50/08 GET /v1/AUTH_3f7aaf69da22429aaa2b35b7eb8b6cfb/gnocchi.0068da25-f699-4d14-a1ce-98ef98caf8bc/none_v3 HTTP/1.0 404 - python-swiftclient-3.11.1 gAAAAABpL-sLW2Eo... - 70 - txc193912a487d415c8ec2f-00692febb0 - 0.0141 - - 1764748208.351571560 1764748208.365623236 0
Dec 3 07:50:08 standalone account-server[127778]: 172.20.0.100 - - [03/Dec/2025:07:50:08 +0000] "PUT /d1/385/AUTH_3f7aaf69da22429aaa2b35b7eb8b6cfb/gnocchi.0068da25-f699-4d14-a1ce-98ef98caf8bc" 201 - "PUT http://172.20.0.100:6001/d1/693/AUTH_3f7aaf69da22429aaa2b35b7eb8b6cfb/gnocchi.0068da25-f699-4d14-a1ce-98ef98caf8bc" "tx80863f81e094471294286-00692febb0" "container-server 15" 0.0059 "-" 21 0
Dec 3 07:50:08 standalone container-server[127919]: 172.20.0.100 - - [03/Dec/2025:07:50:08 +0000] "PUT /d1/693/AUTH_3f7aaf69da22429aaa2b35b7eb8b6cfb/gnocchi.0068da25-f699-4d14-a1ce-98ef98caf8bc" 201 - "PUT http://172.18.0.2:8080/v1/AUTH_3f7aaf69da22429aaa2b35b7eb8b6cfb/gnocchi.0068da25-f699-4d14-a1ce-98ef98caf8bc" "tx80863f81e094471294286-00692febb0" "proxy-server 20" 0.0184 "-" 15 0
Dec 3 07:50:08 standalone proxy-server[130028]: 172.18.0.2 172.18.0.100 03/Dec/2025/07/50/08 PUT /v1/AUTH_3f7aaf69da22429aaa2b35b7eb8b6cfb/gnocchi.0068da25-f699-4d14-a1ce-98ef98caf8bc HTTP/1.0 201 - python-swiftclient-3.11.1 gAAAAABpL-sLW2Eo... - - - tx80863f81e094471294286-00692febb0 - 0.0254 - - 1764748208.369325399 1764748208.394771814 0
Dec 3 07:50:08 standalone container-server[127913]: 172.20.0.100 - - [03/Dec/2025:07:50:08 +0000] "HEAD /d1/693/AUTH_3f7aaf69da22429aaa2b35b7eb8b6cfb/gnocchi.0068da25-f699-4d14-a1ce-98ef98caf8bc" 204 - "HEAD http://172.18.0.2:8080/v1/AUTH_3f7aaf69da22429aaa2b35b7eb8b6cfb/gnocchi.0068da25-f699-4d14-a1ce-98ef98caf8bc?format=json&states=listing" "txbe3616938ad9404e86389-00692febb0" "proxy-server 20" 0.0024 "-" 14 0
Dec 3 07:50:08 standalone proxy-server[130028]: - - 03/Dec/2025/07/50/08 HEAD /v1/AUTH_3f7aaf69da22429aaa2b35b7eb8b6cfb/gnocchi.0068da25-f699-4d14-a1ce-98ef98caf8bc%3Fformat%3Djson%26states%3Dlisting HTTP/1.0 204 - Swift - - - - txbe3616938ad9404e86389-00692febb0 - 0.0078 RL - 1764748208.402968645 1764748208.410790682 0
Dec 3 07:50:08 standalone container-server[127924]: 172.20.0.100 - - [03/Dec/2025:07:50:08 +0000] "GET /d1/693/AUTH_3f7aaf69da22429aaa2b35b7eb8b6cfb/gnocchi.0068da25-f699-4d14-a1ce-98ef98caf8bc" 200 2 "GET http://172.18.0.2:8080/v1/AUTH_3f7aaf69da22429aaa2b35b7eb8b6cfb/gnocchi.0068da25-f699-4d14-a1ce-98ef98caf8bc?format=json&states=listing" "txbe3616938ad9404e86389-00692febb0" "proxy-server 20" 0.0024 "-" 16 0
Dec 3 07:50:08 standalone proxy-server[130028]: 172.18.0.2 172.18.0.100 03/Dec/2025/07/50/08 GET /v1/AUTH_3f7aaf69da22429aaa2b35b7eb8b6cfb/gnocchi.0068da25-f699-4d14-a1ce-98ef98caf8bc%3Fformat%3Djson%26states%3Dlisting HTTP/1.0 200 - python-swiftclient-3.11.1 gAAAAABpL-sLW2Eo... - 2 - txbe3616938ad9404e86389-00692febb0 - 0.0200 - - 1764748208.401241779 1764748208.421240330 0
Dec 3 07:50:08 standalone object-server[128006]: 172.20.0.100 - - [03/Dec/2025:07:50:08 +0000] "GET /d1/245/AUTH_3f7aaf69da22429aaa2b35b7eb8b6cfb/gnocchi.0068da25-f699-4d14-a1ce-98ef98caf8bc/1764720000.0_mean_300.0_v3" 404 70 "GET http://172.18.0.2:8080/v1/AUTH_3f7aaf69da22429aaa2b35b7eb8b6cfb/gnocchi.0068da25-f699-4d14-a1ce-98ef98caf8bc/1764720000.0_mean_300.0_v3" "tx717ece969f1b414a8bc04-00692febb0" "proxy-server 20" 0.0006 "-" 25 0
Dec 3 07:50:08 standalone proxy-server[130028]: 172.18.0.2 172.18.0.100 03/Dec/2025/07/50/08 GET /v1/AUTH_3f7aaf69da22429aaa2b35b7eb8b6cfb/gnocchi.0068da25-f699-4d14-a1ce-98ef98caf8bc/1764720000.0_mean_300.0_v3 HTTP/1.0 404 - python-swiftclient-3.11.1 gAAAAABpL-sLW2Eo... - 70 - tx717ece969f1b414a8bc04-00692febb0 - 0.0079 - - 1764748208.427240849 1764748208.435121775 0
Dec 3 07:50:08 standalone container-server[127913]: 172.20.0.100 - - [03/Dec/2025:07:50:08 +0000] "PUT /d1/693/AUTH_3f7aaf69da22429aaa2b35b7eb8b6cfb/gnocchi.0068da25-f699-4d14-a1ce-98ef98caf8bc/1764720000.0_mean_300.0_v3" 201 - "PUT http://172.18.0.2:8080/d1/245/AUTH_3f7aaf69da22429aaa2b35b7eb8b6cfb/gnocchi.0068da25-f699-4d14-a1ce-98ef98caf8bc/1764720000.0_mean_300.0_v3" "tx1791e486dd0f46d3a7b32-00692febb0" "object-server 22" 0.0009 "-" 14 0
Dec 3 07:50:08 standalone object-server[128001]: 172.20.0.100 - - [03/Dec/2025:07:50:08 +0000] "PUT /d1/245/AUTH_3f7aaf69da22429aaa2b35b7eb8b6cfb/gnocchi.0068da25-f699-4d14-a1ce-98ef98caf8bc/1764720000.0_mean_300.0_v3" 201 - "PUT http://172.18.0.2:8080/v1/AUTH_3f7aaf69da22429aaa2b35b7eb8b6cfb/gnocchi.0068da25-f699-4d14-a1ce-98ef98caf8bc/1764720000.0_mean_300.0_v3" "tx1791e486dd0f46d3a7b32-00692febb0" "proxy-server 20" 0.0126 "-" 22 0
Dec 3 07:50:08 standalone proxy-server[130028]: 172.18.0.2 172.18.0.100 03/Dec/2025/07/50/08 PUT /v1/AUTH_3f7aaf69da22429aaa2b35b7eb8b6cfb/gnocchi.0068da25-f699-4d14-a1ce-98ef98caf8bc/1764720000.0_mean_300.0_v3 HTTP/1.0 201 - python-swiftclient-3.11.1 gAAAAABpL-sLW2Eo... 16 - - tx1791e486dd0f46d3a7b32-00692febb0 - 0.0215 - - 1764748208.439319849 1764748208.460771561 0
Dec 3 07:50:08 standalone container-server[127913]: 172.20.0.100 - - [03/Dec/2025:07:50:08 +0000] "PUT /d1/693/AUTH_3f7aaf69da22429aaa2b35b7eb8b6cfb/gnocchi.0068da25-f699-4d14-a1ce-98ef98caf8bc/none_v3" 201 - "PUT http://172.18.0.2:8080/d1/927/AUTH_3f7aaf69da22429aaa2b35b7eb8b6cfb/gnocchi.0068da25-f699-4d14-a1ce-98ef98caf8bc/none_v3" "txc6937b74cb7a463a8ede9-00692febb0" "object-server 23" 0.0007 "-" 14 0
Dec 3 07:50:08 standalone object-server[128003]: 172.20.0.100 - - [03/Dec/2025:07:50:08 +0000] "PUT /d1/927/AUTH_3f7aaf69da22429aaa2b35b7eb8b6cfb/gnocchi.0068da25-f699-4d14-a1ce-98ef98caf8bc/none_v3" 201 - "PUT http://172.18.0.2:8080/v1/AUTH_3f7aaf69da22429aaa2b35b7eb8b6cfb/gnocchi.0068da25-f699-4d14-a1ce-98ef98caf8bc/none_v3" "txc6937b74cb7a463a8ede9-00692febb0" "proxy-server 20" 0.0121 "-" 23 0
Dec 3 07:50:08 standalone proxy-server[130028]: 172.18.0.2 172.18.0.100 03/Dec/2025/07/50/08 PUT /v1/AUTH_3f7aaf69da22429aaa2b35b7eb8b6cfb/gnocchi.0068da25-f699-4d14-a1ce-98ef98caf8bc/none_v3 HTTP/1.0 201 - python-swiftclient-3.11.1 gAAAAABpL-sLW2Eo... 22 - - txc6937b74cb7a463a8ede9-00692febb0 - 0.0203 - - 1764748208.466155767 1764748208.486478329 0
Dec 3 07:50:08 standalone container-server[127913]: 172.20.0.100 - - [03/Dec/2025:07:50:08 +0000] "HEAD /d1/622/AUTH_3f7aaf69da22429aaa2b35b7eb8b6cfb/gnocchi.247a6fd7-2700-4b58-adaf-08bbcc3a15b4" 404 - "HEAD http://172.18.0.2:8080/v1/AUTH_3f7aaf69da22429aaa2b35b7eb8b6cfb/gnocchi.247a6fd7-2700-4b58-adaf-08bbcc3a15b4?format=json&states=listing" "tx46fbe2ac266243029a197-00692febb0" "proxy-server 20" 0.0005 "-" 14 0
Dec 3 07:50:08 standalone object-server[128003]: 172.20.0.100 - - [03/Dec/2025:07:50:08 +0000] "GET /d1/260/AUTH_3f7aaf69da22429aaa2b35b7eb8b6cfb/gnocchi.247a6fd7-2700-4b58-adaf-08bbcc3a15b4/none_v3" 404 70 "GET http://172.18.0.2:8080/v1/AUTH_3f7aaf69da22429aaa2b35b7eb8b6cfb/gnocchi.247a6fd7-2700-4b58-adaf-08bbcc3a15b4/none_v3" "tx46fbe2ac266243029a197-00692febb0" "proxy-server 20" 0.0006 "-" 23 0
Dec 3 07:50:08 standalone proxy-server[130028]: 172.18.0.2 172.18.0.100 03/Dec/2025/07/50/08 GET /v1/AUTH_3f7aaf69da22429aaa2b35b7eb8b6cfb/gnocchi.247a6fd7-2700-4b58-adaf-08bbcc3a15b4/none_v3 HTTP/1.0 404 - python-swiftclient-3.11.1 gAAAAABpL-sLW2Eo... - 70 - tx46fbe2ac266243029a197-00692febb0 - 0.0125 - - 1764748208.498721600 1764748208.511226654 0
Dec 3 07:50:08 standalone account-server[127778]: 172.20.0.100 - - [03/Dec/2025:07:50:08 +0000] "PUT /d1/385/AUTH_3f7aaf69da22429aaa2b35b7eb8b6cfb/gnocchi.247a6fd7-2700-4b58-adaf-08bbcc3a15b4" 201 - "PUT http://172.20.0.100:6001/d1/622/AUTH_3f7aaf69da22429aaa2b35b7eb8b6cfb/gnocchi.247a6fd7-2700-4b58-adaf-08bbcc3a15b4" "txa08e68a0e304486395783-00692febb0" "container-server 15" 0.0058 "-" 21 0
Dec 3 07:50:08 standalone container-server[127919]: 172.20.0.100 - - [03/Dec/2025:07:50:08 +0000] "PUT /d1/622/AUTH_3f7aaf69da22429aaa2b35b7eb8b6cfb/gnocchi.247a6fd7-2700-4b58-adaf-08bbcc3a15b4" 201 - "PUT http://172.18.0.2:8080/v1/AUTH_3f7aaf69da22429aaa2b35b7eb8b6cfb/gnocchi.247a6fd7-2700-4b58-adaf-08bbcc3a15b4" "txa08e68a0e304486395783-00692febb0" "proxy-server 20" 0.0191 "-" 15 0
Dec 3 07:50:08 standalone proxy-server[130028]: 172.18.0.2 172.18.0.100 03/Dec/2025/07/50/08 PUT /v1/AUTH_3f7aaf69da22429aaa2b35b7eb8b6cfb/gnocchi.247a6fd7-2700-4b58-adaf-08bbcc3a15b4 HTTP/1.0 201 - python-swiftclient-3.11.1 gAAAAABpL-sLW2Eo... - - - txa08e68a0e304486395783-00692febb0 - 0.0337 - - 1764748208.514727592 1764748208.548378468 0
Dec 3 07:50:08 standalone container-server[127927]: 172.20.0.100 - - [03/Dec/2025:07:50:08 +0000] "HEAD /d1/622/AUTH_3f7aaf69da22429aaa2b35b7eb8b6cfb/gnocchi.247a6fd7-2700-4b58-adaf-08bbcc3a15b4" 204 - "HEAD http://172.18.0.2:8080/v1/AUTH_3f7aaf69da22429aaa2b35b7eb8b6cfb/gnocchi.247a6fd7-2700-4b58-adaf-08bbcc3a15b4?format=json&states=listing" "tx9a0bbc922b474c8d99702-00692febb0" "proxy-server 20" 0.0024 "-" 17 0
Dec 3 07:50:08 standalone proxy-server[130028]: - - 03/Dec/2025/07/50/08 HEAD /v1/AUTH_3f7aaf69da22429aaa2b35b7eb8b6cfb/gnocchi.247a6fd7-2700-4b58-adaf-08bbcc3a15b4%3Fformat%3Djson%26states%3Dlisting HTTP/1.0 204 - Swift - - - - tx9a0bbc922b474c8d99702-00692febb0 - 0.0073 RL - 1764748208.555336475 1764748208.562685013 0
Dec 3 07:50:08 standalone container-server[127927]: 172.20.0.100 - - [03/Dec/2025:07:50:08 +0000] "GET /d1/622/AUTH_3f7aaf69da22429aaa2b35b7eb8b6cfb/gnocchi.247a6fd7-2700-4b58-adaf-08bbcc3a15b4" 200 2 "GET http://172.18.0.2:8080/v1/AUTH_3f7aaf69da22429aaa2b35b7eb8b6cfb/gnocchi.247a6fd7-2700-4b58-adaf-08bbcc3a15b4?format=json&states=listing" "tx9a0bbc922b474c8d99702-00692febb0" "proxy-server 20" 0.0020 "-" 17 0
Dec 3 07:50:08 standalone proxy-server[130028]: 172.18.0.2 172.18.0.100 03/Dec/2025/07/50/08 GET /v1/AUTH_3f7aaf69da22429aaa2b35b7eb8b6cfb/gnocchi.247a6fd7-2700-4b58-adaf-08bbcc3a15b4%3Fformat%3Djson%26states%3Dlisting HTTP/1.0 200 - python-swiftclient-3.11.1 gAAAAABpL-sLW2Eo... - 2 - tx9a0bbc922b474c8d99702-00692febb0 - 0.0184 - - 1764748208.553596497 1764748208.572025061 0
Dec 3 07:50:08 standalone object-server[128006]: 172.20.0.100 - - [03/Dec/2025:07:50:08 +0000] "GET /d1/354/AUTH_3f7aaf69da22429aaa2b35b7eb8b6cfb/gnocchi.247a6fd7-2700-4b58-adaf-08bbcc3a15b4/1764720000.0_mean_300.0_v3" 404 70 "GET http://172.18.0.2:8080/v1/AUTH_3f7aaf69da22429aaa2b35b7eb8b6cfb/gnocchi.247a6fd7-2700-4b58-adaf-08bbcc3a15b4/1764720000.0_mean_300.0_v3" "tx4b7cefb8a36a42bfa04b3-00692febb0" "proxy-server 20" 0.0006 "-" 25 0
Dec 3 07:50:08 standalone proxy-server[130028]: 172.18.0.2 172.18.0.100 03/Dec/2025/07/50/08 GET /v1/AUTH_3f7aaf69da22429aaa2b35b7eb8b6cfb/gnocchi.247a6fd7-2700-4b58-adaf-08bbcc3a15b4/1764720000.0_mean_300.0_v3 HTTP/1.0 404 - python-swiftclient-3.11.1 gAAAAABpL-sLW2Eo... - 70 - tx4b7cefb8a36a42bfa04b3-00692febb0 - 0.0093 - - 1764748208.577251673 1764748208.586549282 0
Dec 3 07:50:08 standalone container-server[127927]: 172.20.0.100 - - [03/Dec/2025:07:50:08 +0000] "PUT /d1/622/AUTH_3f7aaf69da22429aaa2b35b7eb8b6cfb/gnocchi.247a6fd7-2700-4b58-adaf-08bbcc3a15b4/1764720000.0_mean_300.0_v3" 201 - "PUT http://172.18.0.2:8080/d1/354/AUTH_3f7aaf69da22429aaa2b35b7eb8b6cfb/gnocchi.247a6fd7-2700-4b58-adaf-08bbcc3a15b4/1764720000.0_mean_300.0_v3" "txf66b8c3974b443c188e75-00692febb0" "object-server 22" 0.0007 "-" 17 0
Dec 3 07:50:08 standalone object-server[128001]: 172.20.0.100 - - [03/Dec/2025:07:50:08 +0000] "PUT /d1/354/AUTH_3f7aaf69da22429aaa2b35b7eb8b6cfb/gnocchi.247a6fd7-2700-4b58-adaf-08bbcc3a15b4/1764720000.0_mean_300.0_v3" 201 - "PUT http://172.18.0.2:8080/v1/AUTH_3f7aaf69da22429aaa2b35b7eb8b6cfb/gnocchi.247a6fd7-2700-4b58-adaf-08bbcc3a15b4/1764720000.0_mean_300.0_v3" "txf66b8c3974b443c188e75-00692febb0" "proxy-server 20" 0.0116 "-" 22 0
Dec 3 07:50:08 standalone proxy-server[130028]: 172.18.0.2 172.18.0.100 03/Dec/2025/07/50/08 PUT /v1/AUTH_3f7aaf69da22429aaa2b35b7eb8b6cfb/gnocchi.247a6fd7-2700-4b58-adaf-08bbcc3a15b4/1764720000.0_mean_300.0_v3 HTTP/1.0 201 - python-swiftclient-3.11.1 gAAAAABpL-sLW2Eo... 16 - - txf66b8c3974b443c188e75-00692febb0 - 0.0205 - - 1764748208.591139317 1764748208.611593008 0
Dec 3 07:50:08 standalone container-server[127919]: 172.20.0.100 - - [03/Dec/2025:07:50:08 +0000] "PUT /d1/622/AUTH_3f7aaf69da22429aaa2b35b7eb8b6cfb/gnocchi.247a6fd7-2700-4b58-adaf-08bbcc3a15b4/none_v3" 201 - "PUT http://172.18.0.2:8080/d1/260/AUTH_3f7aaf69da22429aaa2b35b7eb8b6cfb/gnocchi.247a6fd7-2700-4b58-adaf-08bbcc3a15b4/none_v3" "tx61f0f50ccda84096b9841-00692febb0" "object-server 24" 0.0008 "-" 15 0
Dec 3 07:50:08 standalone object-server[128004]: 172.20.0.100 - - [03/Dec/2025:07:50:08 +0000] "PUT /d1/260/AUTH_3f7aaf69da22429aaa2b35b7eb8b6cfb/gnocchi.247a6fd7-2700-4b58-adaf-08bbcc3a15b4/none_v3" 201 - "PUT http://172.18.0.2:8080/v1/AUTH_3f7aaf69da22429aaa2b35b7eb8b6cfb/gnocchi.247a6fd7-2700-4b58-adaf-08bbcc3a15b4/none_v3" "tx61f0f50ccda84096b9841-00692febb0" "proxy-server 20" 0.0117 "-" 24 0
Dec 3 07:50:08 standalone proxy-server[130028]: 172.18.0.2 172.18.0.100 03/Dec/2025/07/50/08 PUT /v1/AUTH_3f7aaf69da22429aaa2b35b7eb8b6cfb/gnocchi.247a6fd7-2700-4b58-adaf-08bbcc3a15b4/none_v3 HTTP/1.0 201 - python-swiftclient-3.11.1 gAAAAABpL-sLW2Eo... 22 - - tx61f0f50ccda84096b9841-00692febb0 - 0.0213 - - 1764748208.615677834 1764748208.636987925 0
Dec 3 07:50:08 standalone container-server[127913]: 172.20.0.100 - - [03/Dec/2025:07:50:08 +0000] "HEAD /d1/137/AUTH_3f7aaf69da22429aaa2b35b7eb8b6cfb/gnocchi.d1b443d4-6285-48f6-b672-83ed6e522295" 404 - "HEAD http://172.18.0.2:8080/v1/AUTH_3f7aaf69da22429aaa2b35b7eb8b6cfb/gnocchi.d1b443d4-6285-48f6-b672-83ed6e522295?format=json&states=listing" "txcd40072d3d3f49bba099f-00692febb0" "proxy-server 20" 0.0005 "-" 14 0
Dec 3 07:50:08 standalone object-server[128004]: 172.20.0.100 - - [03/Dec/2025:07:50:08 +0000] "GET /d1/755/AUTH_3f7aaf69da22429aaa2b35b7eb8b6cfb/gnocchi.d1b443d4-6285-48f6-b672-83ed6e522295/none_v3" 404 70 "GET http://172.18.0.2:8080/v1/AUTH_3f7aaf69da22429aaa2b35b7eb8b6cfb/gnocchi.d1b443d4-6285-48f6-b672-83ed6e522295/none_v3" "txcd40072d3d3f49bba099f-00692febb0" "proxy-server 20" 0.0004 "-" 24 0
Dec 3 07:50:08 standalone proxy-server[130028]: 172.18.0.2 172.18.0.100 03/Dec/2025/07/50/08 GET /v1/AUTH_3f7aaf69da22429aaa2b35b7eb8b6cfb/gnocchi.d1b443d4-6285-48f6-b672-83ed6e522295/none_v3 HTTP/1.0 404 - python-swiftclient-3.11.1 gAAAAABpL-sLW2Eo... - 70 - txcd40072d3d3f49bba099f-00692febb0 - 0.0161 - - 1764748208.654366255 1764748208.670468092 0
Dec 3 07:50:08 standalone account-server[127784]: 172.20.0.100 - - [03/Dec/2025:07:50:08 +0000] "PUT /d1/385/AUTH_3f7aaf69da22429aaa2b35b7eb8b6cfb/gnocchi.d1b443d4-6285-48f6-b672-83ed6e522295" 201 - "PUT http://172.20.0.100:6001/d1/137/AUTH_3f7aaf69da22429aaa2b35b7eb8b6cfb/gnocchi.d1b443d4-6285-48f6-b672-83ed6e522295" "txd03eb6d0a17c4f9b9efa6-00692febb0" "container-server 17" 0.0043 "-" 22 0
Dec 3 07:50:08 standalone container-server[127927]: 172.20.0.100 - - [03/Dec/2025:07:50:08 +0000] "PUT /d1/137/AUTH_3f7aaf69da22429aaa2b35b7eb8b6cfb/gnocchi.d1b443d4-6285-48f6-b672-83ed6e522295" 201 - "PUT http://172.18.0.2:8080/v1/AUTH_3f7aaf69da22429aaa2b35b7eb8b6cfb/gnocchi.d1b443d4-6285-48f6-b672-83ed6e522295" "txd03eb6d0a17c4f9b9efa6-00692febb0" "proxy-server 20" 0.0201 "-" 17 0
Dec 3 07:50:08 standalone proxy-server[130028]: 172.18.0.2 172.18.0.100 03/Dec/2025/07/50/08 PUT /v1/AUTH_3f7aaf69da22429aaa2b35b7eb8b6cfb/gnocchi.d1b443d4-6285-48f6-b672-83ed6e522295 HTTP/1.0 201 - python-swiftclient-3.11.1 gAAAAABpL-sLW2Eo... - - - txd03eb6d0a17c4f9b9efa6-00692febb0 - 0.0290 - - 1764748208.674770832 1764748208.703725338 0
Dec 3 07:50:08 standalone container-server[127927]: 172.20.0.100 - - [03/Dec/2025:07:50:08 +0000] "HEAD /d1/137/AUTH_3f7aaf69da22429aaa2b35b7eb8b6cfb/gnocchi.d1b443d4-6285-48f6-b672-83ed6e522295" 204 - "HEAD http://172.18.0.2:8080/v1/AUTH_3f7aaf69da22429aaa2b35b7eb8b6cfb/gnocchi.d1b443d4-6285-48f6-b672-83ed6e522295?format=json&states=listing" "txbff2def62f70488894ec1-00692febb0" "proxy-server 20" 0.0021 "-" 17 0
Dec 3 07:50:08 standalone proxy-server[130028]: - - 03/Dec/2025/07/50/08 HEAD /v1/AUTH_3f7aaf69da22429aaa2b35b7eb8b6cfb/gnocchi.d1b443d4-6285-48f6-b672-83ed6e522295%3Fformat%3Djson%26states%3Dlisting HTTP/1.0 204 - Swift - - - - txbff2def62f70488894ec1-00692febb0 - 0.0062 RL - 1764748208.711509466 1764748208.717737436 0
Dec 3 07:50:08 standalone container-server[127927]: 172.20.0.100 - - [03/Dec/2025:07:50:08 +0000] "GET /d1/137/AUTH_3f7aaf69da22429aaa2b35b7eb8b6cfb/gnocchi.d1b443d4-6285-48f6-b672-83ed6e522295" 200 2 "GET http://172.18.0.2:8080/v1/AUTH_3f7aaf69da22429aaa2b35b7eb8b6cfb/gnocchi.d1b443d4-6285-48f6-b672-83ed6e522295?format=json&states=listing" "txbff2def62f70488894ec1-00692febb0" "proxy-server 20" 0.0033 "-" 17 0
Dec 3 07:50:08 standalone proxy-server[130028]: 172.18.0.2 172.18.0.100 03/Dec/2025/07/50/08 GET /v1/AUTH_3f7aaf69da22429aaa2b35b7eb8b6cfb/gnocchi.d1b443d4-6285-48f6-b672-83ed6e522295%3Fformat%3Djson%26states%3Dlisting HTTP/1.0 200 - python-swiftclient-3.11.1 gAAAAABpL-sLW2Eo... - 2 - txbff2def62f70488894ec1-00692febb0 - 0.0176 - - 1764748208.709983826 1764748208.727552652 0
Dec 3 07:50:08 standalone object-server[128001]: 172.20.0.100 - - [03/Dec/2025:07:50:08 +0000] "GET /d1/524/AUTH_3f7aaf69da22429aaa2b35b7eb8b6cfb/gnocchi.d1b443d4-6285-48f6-b672-83ed6e522295/1764720000.0_mean_300.0_v3" 404 70 "GET http://172.18.0.2:8080/v1/AUTH_3f7aaf69da22429aaa2b35b7eb8b6cfb/gnocchi.d1b443d4-6285-48f6-b672-83ed6e522295/1764720000.0_mean_300.0_v3" "txa208dbe81e4d44729b5b7-00692febb0" "proxy-server 20" 0.0008 "-" 22 0
Dec 3 07:50:08 standalone proxy-server[130028]: 172.18.0.2 172.18.0.100 03/Dec/2025/07/50/08 GET /v1/AUTH_3f7aaf69da22429aaa2b35b7eb8b6cfb/gnocchi.d1b443d4-6285-48f6-b672-83ed6e522295/1764720000.0_mean_300.0_v3 HTTP/1.0 404 - python-swiftclient-3.11.1 gAAAAABpL-sLW2Eo... - 70 - txa208dbe81e4d44729b5b7-00692febb0 - 0.0068 - - 1764748208.734088421 1764748208.740869999 0
Dec 3 07:50:08 standalone container-server[127927]: 172.20.0.100 - - [03/Dec/2025:07:50:08 +0000] "PUT /d1/137/AUTH_3f7aaf69da22429aaa2b35b7eb8b6cfb/gnocchi.d1b443d4-6285-48f6-b672-83ed6e522295/1764720000.0_mean_300.0_v3" 201 - "PUT http://172.18.0.2:8080/d1/524/AUTH_3f7aaf69da22429aaa2b35b7eb8b6cfb/gnocchi.d1b443d4-6285-48f6-b672-83ed6e522295/1764720000.0_mean_300.0_v3" "tx9ab85ab01bb249a49b20a-00692febb0" "object-server 23" 0.0008 "-" 17 0
Dec 3 07:50:08 standalone object-server[128003]: 172.20.0.100 - - [03/Dec/2025:07:50:08 +0000] "PUT /d1/524/AUTH_3f7aaf69da22429aaa2b35b7eb8b6cfb/gnocchi.d1b443d4-6285-48f6-b672-83ed6e522295/1764720000.0_mean_300.0_v3" 201 - "PUT http://172.18.0.2:8080/v1/AUTH_3f7aaf69da22429aaa2b35b7eb8b6cfb/gnocchi.d1b443d4-6285-48f6-b672-83ed6e522295/1764720000.0_mean_300.0_v3" "tx9ab85ab01bb249a49b20a-00692febb0" "proxy-server 20" 0.0094 "-" 23 0
Dec 3 07:50:08 standalone proxy-server[130028]: 172.18.0.2 172.18.0.100 03/Dec/2025/07/50/08 PUT /v1/AUTH_3f7aaf69da22429aaa2b35b7eb8b6cfb/gnocchi.d1b443d4-6285-48f6-b672-83ed6e522295/1764720000.0_mean_300.0_v3 HTTP/1.0 201 - python-swiftclient-3.11.1 gAAAAABpL-sLW2Eo... 16 - - tx9ab85ab01bb249a49b20a-00692febb0 - 0.0156 - - 1764748208.745283842 1764748208.760845661 0
Dec 3 07:50:08 standalone container-server[127913]: 172.20.0.100 - - [03/Dec/2025:07:50:08 +0000] "PUT /d1/137/AUTH_3f7aaf69da22429aaa2b35b7eb8b6cfb/gnocchi.d1b443d4-6285-48f6-b672-83ed6e522295/none_v3" 201 - "PUT http://172.18.0.2:8080/d1/755/AUTH_3f7aaf69da22429aaa2b35b7eb8b6cfb/gnocchi.d1b443d4-6285-48f6-b672-83ed6e522295/none_v3" "txda4db4aa4ccc4d9bb5588-00692febb0" "object-server 25" 0.0005 "-" 14 0
Dec 3 07:50:08 standalone object-server[128006]: 172.20.0.100 - - [03/Dec/2025:07:50:08 +0000] "PUT /d1/755/AUTH_3f7aaf69da22429aaa2b35b7eb8b6cfb/gnocchi.d1b443d4-6285-48f6-b672-83ed6e522295/none_v3" 201 - "PUT http://172.18.0.2:8080/v1/AUTH_3f7aaf69da22429aaa2b35b7eb8b6cfb/gnocchi.d1b443d4-6285-48f6-b672-83ed6e522295/none_v3" "txda4db4aa4ccc4d9bb5588-00692febb0" "proxy-server 20" 0.0115 "-" 25 0
Dec 3 07:50:08 standalone proxy-server[130028]: 172.18.0.2 172.18.0.100 03/Dec/2025/07/50/08 PUT /v1/AUTH_3f7aaf69da22429aaa2b35b7eb8b6cfb/gnocchi.d1b443d4-6285-48f6-b672-83ed6e522295/none_v3 HTTP/1.0 201 - python-swiftclient-3.11.1 gAAAAABpL-sLW2Eo... 22 - - txda4db4aa4ccc4d9bb5588-00692febb0 - 0.0210 - - 1764748208.765407085 1764748208.786394358 0
Dec 3 07:50:08 standalone container-server[127913]: 172.20.0.100 - - [03/Dec/2025:07:50:08 +0000] "HEAD /d1/769/AUTH_3f7aaf69da22429aaa2b35b7eb8b6cfb/gnocchi.dc5d6a74-c74d-455e-9427-1303d44c7566" 404 - "HEAD http://172.18.0.2:8080/v1/AUTH_3f7aaf69da22429aaa2b35b7eb8b6cfb/gnocchi.dc5d6a74-c74d-455e-9427-1303d44c7566?format=json&states=listing" "txe92ac78c9acb46859360a-00692febb0" "proxy-server 20" 0.0004 "-" 14 0
Dec 3 07:50:08 standalone object-server[128003]: 172.20.0.100 - - [03/Dec/2025:07:50:08 +0000] "GET /d1/597/AUTH_3f7aaf69da22429aaa2b35b7eb8b6cfb/gnocchi.dc5d6a74-c74d-455e-9427-1303d44c7566/none_v3" 404 70 "GET http://172.18.0.2:8080/v1/AUTH_3f7aaf69da22429aaa2b35b7eb8b6cfb/gnocchi.dc5d6a74-c74d-455e-9427-1303d44c7566/none_v3" "txe92ac78c9acb46859360a-00692febb0" "proxy-server 20" 0.0006 "-" 23 0
Dec 3 07:50:08 standalone proxy-server[130028]: 172.18.0.2 172.18.0.100 03/Dec/2025/07/50/08 GET /v1/AUTH_3f7aaf69da22429aaa2b35b7eb8b6cfb/gnocchi.dc5d6a74-c74d-455e-9427-1303d44c7566/none_v3 HTTP/1.0 404 - python-swiftclient-3.11.1 gAAAAABpL-sLW2Eo... - 70 - txe92ac78c9acb46859360a-00692febb0 - 0.0131 - - 1764748208.800870180 1764748208.813965082 0
Dec 3 07:50:08 standalone account-server[127770]: 172.20.0.100 - - [03/Dec/2025:07:50:08 +0000] "PUT /d1/385/AUTH_3f7aaf69da22429aaa2b35b7eb8b6cfb/gnocchi.dc5d6a74-c74d-455e-9427-1303d44c7566" 201 - "PUT http://172.20.0.100:6001/d1/769/AUTH_3f7aaf69da22429aaa2b35b7eb8b6cfb/gnocchi.dc5d6a74-c74d-455e-9427-1303d44c7566" "txeb9f9ec9d52946e49988b-00692febb0" "container-server 14" 0.0063 "-" 20 0
Dec 3 07:50:08 standalone container-server[127913]: 172.20.0.100 - - [03/Dec/2025:07:50:08 +0000] "PUT /d1/769/AUTH_3f7aaf69da22429aaa2b35b7eb8b6cfb/gnocchi.dc5d6a74-c74d-455e-9427-1303d44c7566" 201 - "PUT http://172.18.0.2:8080/v1/AUTH_3f7aaf69da22429aaa2b35b7eb8b6cfb/gnocchi.dc5d6a74-c74d-455e-9427-1303d44c7566" "txeb9f9ec9d52946e49988b-00692febb0" "proxy-server 20" 0.0176 "-" 14 0
Dec 3 07:50:08 standalone proxy-server[130028]: 172.18.0.2 172.18.0.100 03/Dec/2025/07/50/08 PUT /v1/AUTH_3f7aaf69da22429aaa2b35b7eb8b6cfb/gnocchi.dc5d6a74-c74d-455e-9427-1303d44c7566 HTTP/1.0 201 - python-swiftclient-3.11.1 gAAAAABpL-sLW2Eo... - - - txeb9f9ec9d52946e49988b-00692febb0 - 0.0232 - - 1764748208.817776680 1764748208.841018200 0
Dec 3 07:50:08 standalone container-server[127919]: 172.20.0.100 - - [03/Dec/2025:07:50:08 +0000] "HEAD /d1/769/AUTH_3f7aaf69da22429aaa2b35b7eb8b6cfb/gnocchi.dc5d6a74-c74d-455e-9427-1303d44c7566" 204 - "HEAD http://172.18.0.2:8080/v1/AUTH_3f7aaf69da22429aaa2b35b7eb8b6cfb/gnocchi.dc5d6a74-c74d-455e-9427-1303d44c7566?format=json&states=listing" "txd4300a3d2bd249f698d1d-00692febb0" "proxy-server 20" 0.0023 "-" 15 0
Dec 3 07:50:08 standalone proxy-server[130028]: - - 03/Dec/2025/07/50/08 HEAD /v1/AUTH_3f7aaf69da22429aaa2b35b7eb8b6cfb/gnocchi.dc5d6a74-c74d-455e-9427-1303d44c7566%3Fformat%3Djson%26states%3Dlisting HTTP/1.0 204 - Swift - - - - txd4300a3d2bd249f698d1d-00692febb0 - 0.0073 RL - 1764748208.847258329 1764748208.854583263 0
Dec 3 07:50:08 standalone container-server[127927]: 172.20.0.100 - - [03/Dec/2025:07:50:08 +0000] "GET /d1/769/AUTH_3f7aaf69da22429aaa2b35b7eb8b6cfb/gnocchi.dc5d6a74-c74d-455e-9427-1303d44c7566" 200 2 "GET http://172.18.0.2:8080/v1/AUTH_3f7aaf69da22429aaa2b35b7eb8b6cfb/gnocchi.dc5d6a74-c74d-455e-9427-1303d44c7566?format=json&states=listing" "txd4300a3d2bd249f698d1d-00692febb0" "proxy-server 20" 0.0038 "-" 17 0
Dec 3 07:50:08 standalone proxy-server[130028]: 172.18.0.2 172.18.0.100 03/Dec/2025/07/50/08 GET /v1/AUTH_3f7aaf69da22429aaa2b35b7eb8b6cfb/gnocchi.dc5d6a74-c74d-455e-9427-1303d44c7566%3Fformat%3Djson%26states%3Dlisting HTTP/1.0 200 - python-swiftclient-3.11.1 gAAAAABpL-sLW2Eo... - 2 - txd4300a3d2bd249f698d1d-00692febb0 - 0.0208 - - 1764748208.845813990 1764748208.866621494 0
Dec 3 07:50:08 standalone object-server[128004]: 172.20.0.100 - - [03/Dec/2025:07:50:08 +0000] "GET /d1/132/AUTH_3f7aaf69da22429aaa2b35b7eb8b6cfb/gnocchi.dc5d6a74-c74d-455e-9427-1303d44c7566/1764720000.0_mean_300.0_v3" 404 70 "GET http://172.18.0.2:8080/v1/AUTH_3f7aaf69da22429aaa2b35b7eb8b6cfb/gnocchi.dc5d6a74-c74d-455e-9427-1303d44c7566/1764720000.0_mean_300.0_v3" "txb3276395f2ea4474b1731-00692febb0" "proxy-server 20" 0.0005 "-" 24 0
Dec 3 07:50:08 standalone proxy-server[130028]: 172.18.0.2 172.18.0.100 03/Dec/2025/07/50/08 GET /v1/AUTH_3f7aaf69da22429aaa2b35b7eb8b6cfb/gnocchi.dc5d6a74-c74d-455e-9427-1303d44c7566/1764720000.0_mean_300.0_v3 HTTP/1.0 404 - python-swiftclient-3.11.1 gAAAAABpL-sLW2Eo... - 70 - txb3276395f2ea4474b1731-00692febb0 - 0.0074 - - 1764748208.871568918 1764748208.878991365 0
Dec 3 07:50:08 standalone container-server[127927]: 172.20.0.100 - - [03/Dec/2025:07:50:08 +0000] "PUT /d1/769/AUTH_3f7aaf69da22429aaa2b35b7eb8b6cfb/gnocchi.dc5d6a74-c74d-455e-9427-1303d44c7566/1764720000.0_mean_300.0_v3" 201 - "PUT http://172.18.0.2:8080/d1/132/AUTH_3f7aaf69da22429aaa2b35b7eb8b6cfb/gnocchi.dc5d6a74-c74d-455e-9427-1303d44c7566/1764720000.0_mean_300.0_v3" "tx3cf6d01566b3431c8ca0f-00692febb0" "object-server 25" 0.0009 "-" 17 0
Dec 3 07:50:08 standalone object-server[128006]: 172.20.0.100 - - [03/Dec/2025:07:50:08 +0000] "PUT /d1/132/AUTH_3f7aaf69da22429aaa2b35b7eb8b6cfb/gnocchi.dc5d6a74-c74d-455e-9427-1303d44c7566/1764720000.0_mean_300.0_v3" 201 - "PUT http://172.18.0.2:8080/v1/AUTH_3f7aaf69da22429aaa2b35b7eb8b6cfb/gnocchi.dc5d6a74-c74d-455e-9427-1303d44c7566/1764720000.0_mean_300.0_v3" "tx3cf6d01566b3431c8ca0f-00692febb0" "proxy-server 20" 0.0121 "-" 25 0
Dec 3 07:50:08 standalone proxy-server[130028]: 172.18.0.2 172.18.0.100 03/Dec/2025/07/50/08 PUT /v1/AUTH_3f7aaf69da22429aaa2b35b7eb8b6cfb/gnocchi.dc5d6a74-c74d-455e-9427-1303d44c7566/1764720000.0_mean_300.0_v3 HTTP/1.0 201 - python-swiftclient-3.11.1 gAAAAABpL-sLW2Eo... 16 - - tx3cf6d01566b3431c8ca0f-00692febb0 - 0.0200 - - 1764748208.882875681 1764748208.902840376 0
Dec 3 07:50:08 standalone container-server[127924]: 172.20.0.100 - - [03/Dec/2025:07:50:08 +0000] "PUT /d1/769/AUTH_3f7aaf69da22429aaa2b35b7eb8b6cfb/gnocchi.dc5d6a74-c74d-455e-9427-1303d44c7566/none_v3" 201 - "PUT http://172.18.0.2:8080/d1/597/AUTH_3f7aaf69da22429aaa2b35b7eb8b6cfb/gnocchi.dc5d6a74-c74d-455e-9427-1303d44c7566/none_v3" "tx0a6f45eb87eb4293819cc-00692febb0" "object-server 25" 0.0009 "-" 16 0
Dec 3 07:50:08 standalone object-server[128006]: 172.20.0.100 - - [03/Dec/2025:07:50:08 +0000] "PUT /d1/597/AUTH_3f7aaf69da22429aaa2b35b7eb8b6cfb/gnocchi.dc5d6a74-c74d-455e-9427-1303d44c7566/none_v3" 201 - "PUT http://172.18.0.2:8080/v1/AUTH_3f7aaf69da22429aaa2b35b7eb8b6cfb/gnocchi.dc5d6a74-c74d-455e-9427-1303d44c7566/none_v3" "tx0a6f45eb87eb4293819cc-00692febb0" "proxy-server 20" 0.0108 "-" 25 0
