Mar 9 04:08:16 standalone proxy-server[125668]: 172.18.0.2 ::1 09/Mar/2026/04/08/16 PUT /v1/AUTH_99813a8ee31846b8a9bfdc5904248362/gnocchi.600ce8bc-7b3f-4eae-bdff-f6b6da6db47c HTTP/1.0 201 - python-swiftclient-3.11.1 gAAAAABprkbm0Q3S... - - - tx57b0917e8d734c80a3417-0069ae47b0 - 0.0382 - - 1773029296.318137646 1773029296.356352329 0
Mar 9 04:08:16 standalone container-server[123581]: 172.20.0.100 - - [09/Mar/2026:04:08:16 +0000] "HEAD /d1/111/AUTH_99813a8ee31846b8a9bfdc5904248362/gnocchi.73cdf851-99bf-48fd-b7d4-b3babb797ffc" 404 - "HEAD http://localhost:8080/v1/AUTH_99813a8ee31846b8a9bfdc5904248362/gnocchi.73cdf851-99bf-48fd-b7d4-b3babb797ffc?format=json&states=listing" "tx5ef11735c4b4475399fcd-0069ae47b0" "proxy-server 21" 0.0009 "-" 19 0
Mar 9 04:08:16 standalone object-server[123757]: 172.20.0.100 - - [09/Mar/2026:04:08:16 +0000] "GET /d1/606/AUTH_99813a8ee31846b8a9bfdc5904248362/gnocchi.73cdf851-99bf-48fd-b7d4-b3babb797ffc/none_v3" 404 70 "GET http://localhost:8080/v1/AUTH_99813a8ee31846b8a9bfdc5904248362/gnocchi.73cdf851-99bf-48fd-b7d4-b3babb797ffc/none_v3" "tx5ef11735c4b4475399fcd-0069ae47b0" "proxy-server 21" 0.0003 "-" 25 0
Mar 9 04:08:16 standalone proxy-server[125668]: 172.18.0.2 ::1 09/Mar/2026/04/08/16 GET /v1/AUTH_99813a8ee31846b8a9bfdc5904248362/gnocchi.73cdf851-99bf-48fd-b7d4-b3babb797ffc/none_v3 HTTP/1.0 404 - python-swiftclient-3.11.1 gAAAAABprkbm0Q3S... - 70 - tx5ef11735c4b4475399fcd-0069ae47b0 - 0.0165 - - 1773029296.361727715 1773029296.378263950 0
Mar 9 04:08:16 standalone account-server[123462]: 172.20.0.100 - - [09/Mar/2026:04:08:16 +0000] "PUT /d1/550/AUTH_99813a8ee31846b8a9bfdc5904248362/gnocchi.73cdf851-99bf-48fd-b7d4-b3babb797ffc" 201 - "PUT http://172.20.0.100:6001/d1/111/AUTH_99813a8ee31846b8a9bfdc5904248362/gnocchi.73cdf851-99bf-48fd-b7d4-b3babb797ffc" "txaf762398101c42eabb9ee-0069ae47b0" "container-server 21" 0.0041 "-" 15 0
Mar 9 04:08:16 standalone container-server[123593]: 172.20.0.100 - - [09/Mar/2026:04:08:16 +0000] "PUT /d1/111/AUTH_99813a8ee31846b8a9bfdc5904248362/gnocchi.73cdf851-99bf-48fd-b7d4-b3babb797ffc" 201 - "PUT http://localhost:8080/v1/AUTH_99813a8ee31846b8a9bfdc5904248362/gnocchi.73cdf851-99bf-48fd-b7d4-b3babb797ffc" "txaf762398101c42eabb9ee-0069ae47b0" "proxy-server 21" 0.0151 "-" 21 0
Mar 9 04:08:16 standalone proxy-server[125668]: 172.18.0.2 ::1 09/Mar/2026/04/08/16 PUT /v1/AUTH_99813a8ee31846b8a9bfdc5904248362/gnocchi.73cdf851-99bf-48fd-b7d4-b3babb797ffc HTTP/1.0 201 - python-swiftclient-3.11.1 gAAAAABprkbm0Q3S... - - - txaf762398101c42eabb9ee-0069ae47b0 - 0.0231 - - 1773029296.386156797 1773029296.409242392 0
Mar 9 04:08:16 standalone container-server[123589]: 172.20.0.100 - - [09/Mar/2026:04:08:16 +0000] "HEAD /d1/469/AUTH_99813a8ee31846b8a9bfdc5904248362/gnocchi.600ce8bc-7b3f-4eae-bdff-f6b6da6db47c" 204 - "HEAD http://localhost:8080/v1/AUTH_99813a8ee31846b8a9bfdc5904248362/gnocchi.600ce8bc-7b3f-4eae-bdff-f6b6da6db47c?format=json&states=listing" "tx93074640a6ce44398d015-0069ae47b0" "proxy-server 21" 0.0011 "-" 20 0
Mar 9 04:08:16 standalone proxy-server[125668]: - - 09/Mar/2026/04/08/16 HEAD /v1/AUTH_99813a8ee31846b8a9bfdc5904248362/gnocchi.600ce8bc-7b3f-4eae-bdff-f6b6da6db47c%3Fformat%3Djson%26states%3Dlisting HTTP/1.0 204 - Swift - - - - tx93074640a6ce44398d015-0069ae47b0 - 0.0051 RL - 1773029296.416663885 1773029296.421757221 0
Mar 9 04:08:16 standalone container-server[123581]: 172.20.0.100 - - [09/Mar/2026:04:08:16 +0000] "GET /d1/469/AUTH_99813a8ee31846b8a9bfdc5904248362/gnocchi.600ce8bc-7b3f-4eae-bdff-f6b6da6db47c" 200 2 "GET http://localhost:8080/v1/AUTH_99813a8ee31846b8a9bfdc5904248362/gnocchi.600ce8bc-7b3f-4eae-bdff-f6b6da6db47c?format=json&states=listing" "tx93074640a6ce44398d015-0069ae47b0" "proxy-server 21" 0.0041 "-" 19 0
Mar 9 04:08:16 standalone proxy-server[125668]: 172.18.0.2 ::1 09/Mar/2026/04/08/16 GET /v1/AUTH_99813a8ee31846b8a9bfdc5904248362/gnocchi.600ce8bc-7b3f-4eae-bdff-f6b6da6db47c%3Fformat%3Djson%26states%3Dlisting HTTP/1.0 200 - python-swiftclient-3.11.1 gAAAAABprkbm0Q3S... - 2 - tx93074640a6ce44398d015-0069ae47b0 - 0.0177 - - 1773029296.415261507 1773029296.432998180 0
Mar 9 04:08:16 standalone container-server[123615]: 172.20.0.100 - - [09/Mar/2026:04:08:16 +0000] "HEAD /d1/111/AUTH_99813a8ee31846b8a9bfdc5904248362/gnocchi.73cdf851-99bf-48fd-b7d4-b3babb797ffc" 204 - "HEAD http://localhost:8080/v1/AUTH_99813a8ee31846b8a9bfdc5904248362/gnocchi.73cdf851-99bf-48fd-b7d4-b3babb797ffc?format=json&states=listing" "tx342fef2c4cd94cadbb732-0069ae47b0" "proxy-server 21" 0.0022 "-" 22 0
Mar 9 04:08:16 standalone proxy-server[125668]: - - 09/Mar/2026/04/08/16 HEAD /v1/AUTH_99813a8ee31846b8a9bfdc5904248362/gnocchi.73cdf851-99bf-48fd-b7d4-b3babb797ffc%3Fformat%3Djson%26states%3Dlisting HTTP/1.0 204 - Swift - - - - tx342fef2c4cd94cadbb732-0069ae47b0 - 0.0072 RL - 1773029296.444290876 1773029296.451464415 0
Mar 9 04:08:16 standalone container-server[123615]: 172.20.0.100 - - [09/Mar/2026:04:08:16 +0000] "GET /d1/111/AUTH_99813a8ee31846b8a9bfdc5904248362/gnocchi.73cdf851-99bf-48fd-b7d4-b3babb797ffc" 200 2 "GET http://localhost:8080/v1/AUTH_99813a8ee31846b8a9bfdc5904248362/gnocchi.73cdf851-99bf-48fd-b7d4-b3babb797ffc?format=json&states=listing" "tx342fef2c4cd94cadbb732-0069ae47b0" "proxy-server 21" 0.0029 "-" 22 0
Mar 9 04:08:16 standalone proxy-server[125668]: 172.18.0.2 ::1 09/Mar/2026/04/08/16 GET /v1/AUTH_99813a8ee31846b8a9bfdc5904248362/gnocchi.73cdf851-99bf-48fd-b7d4-b3babb797ffc%3Fformat%3Djson%26states%3Dlisting HTTP/1.0 200 - python-swiftclient-3.11.1 gAAAAABprkbm0Q3S... - 2 - tx342fef2c4cd94cadbb732-0069ae47b0 - 0.0215 - - 1773029296.442493200 1773029296.463975191 0
Mar 9 04:08:16 standalone object-server[123754]: 172.20.0.100 - - [09/Mar/2026:04:08:16 +0000] "GET /d1/954/AUTH_99813a8ee31846b8a9bfdc5904248362/gnocchi.600ce8bc-7b3f-4eae-bdff-f6b6da6db47c/1772280000.0_mean_300.0_v3" 404 70 "GET http://localhost:8080/v1/AUTH_99813a8ee31846b8a9bfdc5904248362/gnocchi.600ce8bc-7b3f-4eae-bdff-f6b6da6db47c/1772280000.0_mean_300.0_v3" "tx803a7e14b2b841b9a5b9a-0069ae47b0" "proxy-server 21" 0.0005 "-" 23 0
Mar 9 04:08:16 standalone proxy-server[125668]: 172.18.0.2 ::1 09/Mar/2026/04/08/16 GET /v1/AUTH_99813a8ee31846b8a9bfdc5904248362/gnocchi.600ce8bc-7b3f-4eae-bdff-f6b6da6db47c/1772280000.0_mean_300.0_v3 HTTP/1.0 404 - python-swiftclient-3.11.1 gAAAAABprkbm0Q3S... - 70 - tx803a7e14b2b841b9a5b9a-0069ae47b0 - 0.0087 - - 1773029296.470300436 1773029296.478961229 0
Mar 9 04:08:16 standalone object-server[123754]: 172.20.0.100 - - [09/Mar/2026:04:08:16 +0000] "GET /d1/758/AUTH_99813a8ee31846b8a9bfdc5904248362/gnocchi.73cdf851-99bf-48fd-b7d4-b3babb797ffc/1772280000.0_mean_300.0_v3" 404 70 "GET http://localhost:8080/v1/AUTH_99813a8ee31846b8a9bfdc5904248362/gnocchi.73cdf851-99bf-48fd-b7d4-b3babb797ffc/1772280000.0_mean_300.0_v3" "txd0afd71f38814f5591b90-0069ae47b0" "proxy-server 21" 0.0004 "-" 23 0
Mar 9 04:08:16 standalone proxy-server[125668]: 172.18.0.2 ::1 09/Mar/2026/04/08/16 GET /v1/AUTH_99813a8ee31846b8a9bfdc5904248362/gnocchi.73cdf851-99bf-48fd-b7d4-b3babb797ffc/1772280000.0_mean_300.0_v3 HTTP/1.0 404 - python-swiftclient-3.11.1 gAAAAABprkbm0Q3S... - 70 - txd0afd71f38814f5591b90-0069ae47b0 - 0.0080 - - 1773029296.487105370 1773029296.495073080 0
Mar 9 04:08:16 standalone container-server[123615]: 172.20.0.100 - - [09/Mar/2026:04:08:16 +0000] "PUT /d1/469/AUTH_99813a8ee31846b8a9bfdc5904248362/gnocchi.600ce8bc-7b3f-4eae-bdff-f6b6da6db47c/1772280000.0_mean_300.0_v3" 201 - "PUT http://localhost:8080/d1/954/AUTH_99813a8ee31846b8a9bfdc5904248362/gnocchi.600ce8bc-7b3f-4eae-bdff-f6b6da6db47c/1772280000.0_mean_300.0_v3" "tx9ed6358e6be24e4bb806d-0069ae47b0" "object-server 24" 0.0008 "-" 22 0
Mar 9 04:08:16 standalone object-server[123756]: 172.20.0.100 - - [09/Mar/2026:04:08:16 +0000] "PUT /d1/954/AUTH_99813a8ee31846b8a9bfdc5904248362/gnocchi.600ce8bc-7b3f-4eae-bdff-f6b6da6db47c/1772280000.0_mean_300.0_v3" 201 - "PUT http://localhost:8080/v1/AUTH_99813a8ee31846b8a9bfdc5904248362/gnocchi.600ce8bc-7b3f-4eae-bdff-f6b6da6db47c/1772280000.0_mean_300.0_v3" "tx9ed6358e6be24e4bb806d-0069ae47b0" "proxy-server 21" 0.0139 "-" 24 0
Mar 9 04:08:16 standalone proxy-server[125668]: 172.18.0.2 ::1 09/Mar/2026/04/08/16 PUT /v1/AUTH_99813a8ee31846b8a9bfdc5904248362/gnocchi.600ce8bc-7b3f-4eae-bdff-f6b6da6db47c/1772280000.0_mean_300.0_v3 HTTP/1.0 201 - python-swiftclient-3.11.1 gAAAAABprkbm0Q3S... 16 - - tx9ed6358e6be24e4bb806d-0069ae47b0 - 0.0243 - - 1773029296.500611782 1773029296.524942875 0
Mar 9 04:08:16 standalone container-server[123589]: 172.20.0.100 - - [09/Mar/2026:04:08:16 +0000] "PUT /d1/111/AUTH_99813a8ee31846b8a9bfdc5904248362/gnocchi.73cdf851-99bf-48fd-b7d4-b3babb797ffc/1772280000.0_mean_300.0_v3" 201 - "PUT http://localhost:8080/d1/758/AUTH_99813a8ee31846b8a9bfdc5904248362/gnocchi.73cdf851-99bf-48fd-b7d4-b3babb797ffc/1772280000.0_mean_300.0_v3" "tx29437aa5e7cb4f8f9d843-0069ae47b0" "object-server 24" 0.0008 "-" 20 0
Mar 9 04:08:16 standalone object-server[123756]: 172.20.0.100 - - [09/Mar/2026:04:08:16 +0000] "PUT /d1/758/AUTH_99813a8ee31846b8a9bfdc5904248362/gnocchi.73cdf851-99bf-48fd-b7d4-b3babb797ffc/1772280000.0_mean_300.0_v3" 201 - "PUT http://localhost:8080/v1/AUTH_99813a8ee31846b8a9bfdc5904248362/gnocchi.73cdf851-99bf-48fd-b7d4-b3babb797ffc/1772280000.0_mean_300.0_v3" "tx29437aa5e7cb4f8f9d843-0069ae47b0" "proxy-server 21" 0.0136 "-" 24 0
Mar 9 04:08:16 standalone proxy-server[125668]: 172.18.0.2 ::1 09/Mar/2026/04/08/16 PUT /v1/AUTH_99813a8ee31846b8a9bfdc5904248362/gnocchi.73cdf851-99bf-48fd-b7d4-b3babb797ffc/1772280000.0_mean_300.0_v3 HTTP/1.0 201 - python-swiftclient-3.11.1 gAAAAABprkbm0Q3S... 16 - - tx29437aa5e7cb4f8f9d843-0069ae47b0 - 0.0231 - - 1773029296.530509233 1773029296.553570986 0
Mar 9 04:08:16 standalone container-server[123593]: 172.20.0.100 - - [09/Mar/2026:04:08:16 +0000] "PUT /d1/469/AUTH_99813a8ee31846b8a9bfdc5904248362/gnocchi.600ce8bc-7b3f-4eae-bdff-f6b6da6db47c/none_v3" 201 - "PUT http://localhost:8080/d1/814/AUTH_99813a8ee31846b8a9bfdc5904248362/gnocchi.600ce8bc-7b3f-4eae-bdff-f6b6da6db47c/none_v3" "txe697eb33180d4132a8703-0069ae47b0" "object-server 22" 0.0007 "-" 21 0
Mar 9 04:08:16 standalone object-server[123750]: 172.20.0.100 - - [09/Mar/2026:04:08:16 +0000] "PUT /d1/814/AUTH_99813a8ee31846b8a9bfdc5904248362/gnocchi.600ce8bc-7b3f-4eae-bdff-f6b6da6db47c/none_v3" 201 - "PUT http://localhost:8080/v1/AUTH_99813a8ee31846b8a9bfdc5904248362/gnocchi.600ce8bc-7b3f-4eae-bdff-f6b6da6db47c/none_v3" "txe697eb33180d4132a8703-0069ae47b0" "proxy-server 21" 0.0109 "-" 22 0
Mar 9 04:08:16 standalone proxy-server[125668]: 172.18.0.2 ::1 09/Mar/2026/04/08/16 PUT /v1/AUTH_99813a8ee31846b8a9bfdc5904248362/gnocchi.600ce8bc-7b3f-4eae-bdff-f6b6da6db47c/none_v3 HTTP/1.0 201 - python-swiftclient-3.11.1 gAAAAABprkbm0Q3S... 22 - - txe697eb33180d4132a8703-0069ae47b0 - 0.0191 - - 1773029296.558179855 1773029296.577280045 0
Mar 9 04:08:16 standalone container-server[123581]: 172.20.0.100 - - [09/Mar/2026:04:08:16 +0000] "PUT /d1/111/AUTH_99813a8ee31846b8a9bfdc5904248362/gnocchi.73cdf851-99bf-48fd-b7d4-b3babb797ffc/none_v3" 201 - "PUT http://localhost:8080/d1/606/AUTH_99813a8ee31846b8a9bfdc5904248362/gnocchi.73cdf851-99bf-48fd-b7d4-b3babb797ffc/none_v3" "txd57fb36ff45b42b88609c-0069ae47b0" "object-server 24" 0.0007 "-" 19 0
Mar 9 04:08:16 standalone object-server[123756]: 172.20.0.100 - - [09/Mar/2026:04:08:16 +0000] "PUT /d1/606/AUTH_99813a8ee31846b8a9bfdc5904248362/gnocchi.73cdf851-99bf-48fd-b7d4-b3babb797ffc/none_v3" 201 - "PUT http://localhost:8080/v1/AUTH_99813a8ee31846b8a9bfdc5904248362/gnocchi.73cdf851-99bf-48fd-b7d4-b3babb797ffc/none_v3" "txd57fb36ff45b42b88609c-0069ae47b0" "proxy-server 21" 0.0135 "-" 24 0
Mar 9 04:08:16 standalone proxy-server[125668]: 172.18.0.2 ::1 09/Mar/2026/04/08/16 PUT /v1/AUTH_99813a8ee31846b8a9bfdc5904248362/gnocchi.73cdf851-99bf-48fd-b7d4-b3babb797ffc/none_v3 HTTP/1.0 201 - python-swiftclient-3.11.1 gAAAAABprkbm0Q3S... 22 - - txd57fb36ff45b42b88609c-0069ae47b0 - 0.0221 - - 1773029296.581254244 1773029296.603355169 0
Mar 9 04:08:16 standalone container-server[123589]: 172.20.0.100 - - [09/Mar/2026:04:08:16 +0000] "HEAD /d1/828/AUTH_99813a8ee31846b8a9bfdc5904248362/gnocchi.99c31994-3ea1-49aa-83aa-1d74ce6397d3" 404 - "HEAD http://localhost:8080/v1/AUTH_99813a8ee31846b8a9bfdc5904248362/gnocchi.99c31994-3ea1-49aa-83aa-1d74ce6397d3?format=json&states=listing" "txe3d019c61ef04b0f82381-0069ae47b0" "proxy-server 21" 0.0007 "-" 20 0
Mar 9 04:08:16 standalone object-server[123756]: 172.20.0.100 - - [09/Mar/2026:04:08:16 +0000] "GET /d1/873/AUTH_99813a8ee31846b8a9bfdc5904248362/gnocchi.99c31994-3ea1-49aa-83aa-1d74ce6397d3/none_v3" 404 70 "GET http://localhost:8080/v1/AUTH_99813a8ee31846b8a9bfdc5904248362/gnocchi.99c31994-3ea1-49aa-83aa-1d74ce6397d3/none_v3" "txe3d019c61ef04b0f82381-0069ae47b0" "proxy-server 21" 0.0009 "-" 24 0
Mar 9 04:08:16 standalone proxy-server[125668]: 172.18.0.2 ::1 09/Mar/2026/04/08/16 GET /v1/AUTH_99813a8ee31846b8a9bfdc5904248362/gnocchi.99c31994-3ea1-49aa-83aa-1d74ce6397d3/none_v3 HTTP/1.0 404 - python-swiftclient-3.11.1 gAAAAABprkbm0Q3S... - 70 - txe3d019c61ef04b0f82381-0069ae47b0 - 0.0174 - - 1773029296.621455431 1773029296.638823509 0
Mar 9 04:08:16 standalone account-server[123462]: 172.20.0.100 - - [09/Mar/2026:04:08:16 +0000] "PUT /d1/550/AUTH_99813a8ee31846b8a9bfdc5904248362/gnocchi.99c31994-3ea1-49aa-83aa-1d74ce6397d3" 201 - "PUT http://172.20.0.100:6001/d1/828/AUTH_99813a8ee31846b8a9bfdc5904248362/gnocchi.99c31994-3ea1-49aa-83aa-1d74ce6397d3" "txcb6aea2094764f63828fa-0069ae47b0" "container-server 22" 0.0055 "-" 15 0
Mar 9 04:08:16 standalone container-server[123615]: 172.20.0.100 - - [09/Mar/2026:04:08:16 +0000] "PUT /d1/828/AUTH_99813a8ee31846b8a9bfdc5904248362/gnocchi.99c31994-3ea1-49aa-83aa-1d74ce6397d3" 201 - "PUT http://localhost:8080/v1/AUTH_99813a8ee31846b8a9bfdc5904248362/gnocchi.99c31994-3ea1-49aa-83aa-1d74ce6397d3" "txcb6aea2094764f63828fa-0069ae47b0" "proxy-server 21" 0.0181 "-" 22 0
Mar 9 04:08:16 standalone proxy-server[125668]: 172.18.0.2 ::1 09/Mar/2026/04/08/16 PUT /v1/AUTH_99813a8ee31846b8a9bfdc5904248362/gnocchi.99c31994-3ea1-49aa-83aa-1d74ce6397d3 HTTP/1.0 201 - python-swiftclient-3.11.1 gAAAAABprkbm0Q3S... - - - txcb6aea2094764f63828fa-0069ae47b0 - 0.0272 - - 1773029296.644060850 1773029296.671287060 0
Mar 9 04:08:16 standalone container-server[123615]: 172.20.0.100 - - [09/Mar/2026:04:08:16 +0000] "HEAD /d1/828/AUTH_99813a8ee31846b8a9bfdc5904248362/gnocchi.99c31994-3ea1-49aa-83aa-1d74ce6397d3" 204 - "HEAD http://localhost:8080/v1/AUTH_99813a8ee31846b8a9bfdc5904248362/gnocchi.99c31994-3ea1-49aa-83aa-1d74ce6397d3?format=json&states=listing" "tx4c018fd32deb4a02a5205-0069ae47b0" "proxy-server 21" 0.0020 "-" 22 0
Mar 9 04:08:16 standalone proxy-server[125668]: - - 09/Mar/2026/04/08/16 HEAD /v1/AUTH_99813a8ee31846b8a9bfdc5904248362/gnocchi.99c31994-3ea1-49aa-83aa-1d74ce6397d3%3Fformat%3Djson%26states%3Dlisting HTTP/1.0 204 - Swift - - - - tx4c018fd32deb4a02a5205-0069ae47b0 - 0.0068 RL - 1773029296.679149151 1773029296.685910940 0
Mar 9 04:08:16 standalone container-server[123615]: 172.20.0.100 - - [09/Mar/2026:04:08:16 +0000] "GET /d1/828/AUTH_99813a8ee31846b8a9bfdc5904248362/gnocchi.99c31994-3ea1-49aa-83aa-1d74ce6397d3" 200 2 "GET http://localhost:8080/v1/AUTH_99813a8ee31846b8a9bfdc5904248362/gnocchi.99c31994-3ea1-49aa-83aa-1d74ce6397d3?format=json&states=listing" "tx4c018fd32deb4a02a5205-0069ae47b0" "proxy-server 21" 0.0031 "-" 22 0
Mar 9 04:08:16 standalone proxy-server[125668]: 172.18.0.2 ::1 09/Mar/2026/04/08/16 GET /v1/AUTH_99813a8ee31846b8a9bfdc5904248362/gnocchi.99c31994-3ea1-49aa-83aa-1d74ce6397d3%3Fformat%3Djson%26states%3Dlisting HTTP/1.0 200 - python-swiftclient-3.11.1 gAAAAABprkbm0Q3S... - 2 - tx4c018fd32deb4a02a5205-0069ae47b0 - 0.0199 - - 1773029296.677351475 1773029296.697268486 0
Mar 9 04:08:16 standalone object-server[123756]: 172.20.0.100 - - [09/Mar/2026:04:08:16 +0000] "GET /d1/359/AUTH_99813a8ee31846b8a9bfdc5904248362/gnocchi.99c31994-3ea1-49aa-83aa-1d74ce6397d3/1772280000.0_mean_300.0_v3" 404 70 "GET http://localhost:8080/v1/AUTH_99813a8ee31846b8a9bfdc5904248362/gnocchi.99c31994-3ea1-49aa-83aa-1d74ce6397d3/1772280000.0_mean_300.0_v3" "tx634944f9dacd468a9d1f1-0069ae47b0" "proxy-server 21" 0.0006 "-" 24 0
Mar 9 04:08:16 standalone proxy-server[125668]: 172.18.0.2 ::1 09/Mar/2026/04/08/16 GET /v1/AUTH_99813a8ee31846b8a9bfdc5904248362/gnocchi.99c31994-3ea1-49aa-83aa-1d74ce6397d3/1772280000.0_mean_300.0_v3 HTTP/1.0 404 - python-swiftclient-3.11.1 gAAAAABprkbm0Q3S... - 70 - tx634944f9dacd468a9d1f1-0069ae47b0 - 0.0084 - - 1773029296.701887846 1773029296.710296869 0
Mar 9 04:08:16 standalone container-server[123581]: 172.20.0.100 - - [09/Mar/2026:04:08:16 +0000] "PUT /d1/828/AUTH_99813a8ee31846b8a9bfdc5904248362/gnocchi.99c31994-3ea1-49aa-83aa-1d74ce6397d3/1772280000.0_mean_300.0_v3" 201 - "PUT http://localhost:8080/d1/359/AUTH_99813a8ee31846b8a9bfdc5904248362/gnocchi.99c31994-3ea1-49aa-83aa-1d74ce6397d3/1772280000.0_mean_300.0_v3" "txa410ad9586fd4d64a0f67-0069ae47b0" "object-server 22" 0.0009 "-" 19 0
Mar 9 04:08:16 standalone object-server[123750]: 172.20.0.100 - - [09/Mar/2026:04:08:16 +0000] "PUT /d1/359/AUTH_99813a8ee31846b8a9bfdc5904248362/gnocchi.99c31994-3ea1-49aa-83aa-1d74ce6397d3/1772280000.0_mean_300.0_v3" 201 - "PUT http://localhost:8080/v1/AUTH_99813a8ee31846b8a9bfdc5904248362/gnocchi.99c31994-3ea1-49aa-83aa-1d74ce6397d3/1772280000.0_mean_300.0_v3" "txa410ad9586fd4d64a0f67-0069ae47b0" "proxy-server 21" 0.0115 "-" 22 0
Mar 9 04:08:16 standalone proxy-server[125668]: 172.18.0.2 ::1 09/Mar/2026/04/08/16 PUT /v1/AUTH_99813a8ee31846b8a9bfdc5904248362/gnocchi.99c31994-3ea1-49aa-83aa-1d74ce6397d3/1772280000.0_mean_300.0_v3 HTTP/1.0 201 - python-swiftclient-3.11.1 gAAAAABprkbm0Q3S... 16 - - txa410ad9586fd4d64a0f67-0069ae47b0 - 0.0187 - - 1773029296.714074850 1773029296.732745886 0
Mar 9 04:08:16 standalone container-server[123581]: 172.20.0.100 - - [09/Mar/2026:04:08:16 +0000] "PUT /d1/828/AUTH_99813a8ee31846b8a9bfdc5904248362/gnocchi.99c31994-3ea1-49aa-83aa-1d74ce6397d3/none_v3" 201 - "PUT http://localhost:8080/d1/873/AUTH_99813a8ee31846b8a9bfdc5904248362/gnocchi.99c31994-3ea1-49aa-83aa-1d74ce6397d3/none_v3" "txfc9b8c839c6d4e98a6be3-0069ae47b0" "object-server 22" 0.0007 "-" 19 0
Mar 9 04:08:16 standalone object-server[123750]: 172.20.0.100 - - [09/Mar/2026:04:08:16 +0000] "PUT /d1/873/AUTH_99813a8ee31846b8a9bfdc5904248362/gnocchi.99c31994-3ea1-49aa-83aa-1d74ce6397d3/none_v3" 201 - "PUT http://localhost:8080/v1/AUTH_99813a8ee31846b8a9bfdc5904248362/gnocchi.99c31994-3ea1-49aa-83aa-1d74ce6397d3/none_v3" "txfc9b8c839c6d4e98a6be3-0069ae47b0" "proxy-server 21" 0.0125 "-" 22 0
Mar 9 04:08:16 standalone proxy-server[125668]: 172.18.0.2 ::1 09/Mar/2026/04/08/16 PUT /v1/AUTH_99813a8ee31846b8a9bfdc5904248362/gnocchi.99c31994-3ea1-49aa-83aa-1d74ce6397d3/none_v3 HTTP/1.0 201 - python-swiftclient-3.11.1 gAAAAABprkbm0Q3S... 22 - - txfc9b8c839c6d4e98a6be3-0069ae47b0 - 0.0209 - - 1773029296.737232685 1773029296.758136272 0
Mar 9 04:08:16 standalone container-server[123615]: 172.20.0.100 - - [09/Mar/2026:04:08:16 +0000] "HEAD /d1/671/AUTH_99813a8ee31846b8a9bfdc5904248362/gnocchi.8c8084a2-79dd-44c5-b31f-b2b10303a155" 404 - "HEAD http://localhost:8080/v1/AUTH_99813a8ee31846b8a9bfdc5904248362/gnocchi.8c8084a2-79dd-44c5-b31f-b2b10303a155?format=json&states=listing" "tx3db412e39fa6458593fc3-0069ae47b0" "proxy-server 21" 0.0007 "-" 22 0
Mar 9 04:08:16 standalone object-server[123754]: 172.20.0.100 - - [09/Mar/2026:04:08:16 +0000] "GET /d1/36/AUTH_99813a8ee31846b8a9bfdc5904248362/gnocchi.8c8084a2-79dd-44c5-b31f-b2b10303a155/none_v3" 404 70 "GET http://localhost:8080/v1/AUTH_99813a8ee31846b8a9bfdc5904248362/gnocchi.8c8084a2-79dd-44c5-b31f-b2b10303a155/none_v3" "tx3db412e39fa6458593fc3-0069ae47b0" "proxy-server 21" 0.0005 "-" 23 0
Mar 9 04:08:16 standalone proxy-server[125668]: 172.18.0.2 ::1 09/Mar/2026/04/08/16 GET /v1/AUTH_99813a8ee31846b8a9bfdc5904248362/gnocchi.8c8084a2-79dd-44c5-b31f-b2b10303a155/none_v3 HTTP/1.0 404 - python-swiftclient-3.11.1 gAAAAABprkbm0Q3S... - 70 - tx3db412e39fa6458593fc3-0069ae47b0 - 0.0158 - - 1773029296.774420023 1773029296.790219307 0
Mar 9 04:08:16 standalone account-server[123462]: 172.20.0.100 - - [09/Mar/2026:04:08:16 +0000] "PUT /d1/550/AUTH_99813a8ee31846b8a9bfdc5904248362/gnocchi.8c8084a2-79dd-44c5-b31f-b2b10303a155" 201 - "PUT http://172.20.0.100:6001/d1/671/AUTH_99813a8ee31846b8a9bfdc5904248362/gnocchi.8c8084a2-79dd-44c5-b31f-b2b10303a155" "tx4be1dd911cb24cee8e5ac-0069ae47b0" "container-server 21" 0.0060 "-" 15 0
Mar 9 04:08:16 standalone container-server[123593]: 172.20.0.100 - - [09/Mar/2026:04:08:16 +0000] "PUT /d1/671/AUTH_99813a8ee31846b8a9bfdc5904248362/gnocchi.8c8084a2-79dd-44c5-b31f-b2b10303a155" 201 - "PUT http://localhost:8080/v1/AUTH_99813a8ee31846b8a9bfdc5904248362/gnocchi.8c8084a2-79dd-44c5-b31f-b2b10303a155" "tx4be1dd911cb24cee8e5ac-0069ae47b0" "proxy-server 21" 0.0209 "-" 21 0
Mar 9 04:08:16 standalone proxy-server[125668]: 172.18.0.2 ::1 09/Mar/2026/04/08/16 PUT /v1/AUTH_99813a8ee31846b8a9bfdc5904248362/gnocchi.8c8084a2-79dd-44c5-b31f-b2b10303a155 HTTP/1.0 201 - python-swiftclient-3.11.1 gAAAAABprkbm0Q3S... - - - tx4be1dd911cb24cee8e5ac-0069ae47b0 - 0.0287 - - 1773029296.795423985 1773029296.824133873 0
Mar 9 04:08:16 standalone container-server[123581]: 172.20.0.100 - - [09/Mar/2026:04:08:16 +0000] "HEAD /d1/671/AUTH_99813a8ee31846b8a9bfdc5904248362/gnocchi.8c8084a2-79dd-44c5-b31f-b2b10303a155" 204 - "HEAD http://localhost:8080/v1/AUTH_99813a8ee31846b8a9bfdc5904248362/gnocchi.8c8084a2-79dd-44c5-b31f-b2b10303a155?format=json&states=listing" "tx57de2745f735451398710-0069ae47b0" "proxy-server 21" 0.0026 "-" 19 0
Mar 9 04:08:16 standalone proxy-server[125668]: - - 09/Mar/2026/04/08/16 HEAD /v1/AUTH_99813a8ee31846b8a9bfdc5904248362/gnocchi.8c8084a2-79dd-44c5-b31f-b2b10303a155%3Fformat%3Djson%26states%3Dlisting HTTP/1.0 204 - Swift - - - - tx57de2745f735451398710-0069ae47b0 - 0.0082 RL - 1773029296.832298517 1773029296.840512753 0
Mar 9 04:08:16 standalone container-server[123593]: 172.20.0.100 - - [09/Mar/2026:04:08:16 +0000] "GET /d1/671/AUTH_99813a8ee31846b8a9bfdc5904248362/gnocchi.8c8084a2-79dd-44c5-b31f-b2b10303a155" 200 2 "GET http://localhost:8080/v1/AUTH_99813a8ee31846b8a9bfdc5904248362/gnocchi.8c8084a2-79dd-44c5-b31f-b2b10303a155?format=json&states=listing" "tx57de2745f735451398710-0069ae47b0" "proxy-server 21" 0.0053 "-" 21 0
Mar 9 04:08:16 standalone proxy-server[125668]: 172.18.0.2 ::1 09/Mar/2026/04/08/16 GET /v1/AUTH_99813a8ee31846b8a9bfdc5904248362/gnocchi.8c8084a2-79dd-44c5-b31f-b2b10303a155%3Fformat%3Djson%26states%3Dlisting HTTP/1.0 200 - python-swiftclient-3.11.1 gAAAAABprkbm0Q3S... - 2 - tx57de2745f735451398710-0069ae47b0 - 0.0244 - - 1773029296.830688238 1773029296.855126619 0
Mar 9 04:08:16 standalone object-server[123757]: 172.20.0.100 - - [09/Mar/2026:04:08:16 +0000] "GET /d1/216/AUTH_99813a8ee31846b8a9bfdc5904248362/gnocchi.8c8084a2-79dd-44c5-b31f-b2b10303a155/1772280000.0_mean_300.0_v3" 404 70 "GET http://localhost:8080/v1/AUTH_99813a8ee31846b8a9bfdc5904248362/gnocchi.8c8084a2-79dd-44c5-b31f-b2b10303a155/1772280000.0_mean_300.0_v3" "tx1f2ee091ae224577a7d0b-0069ae47b0" "proxy-server 21" 0.0005 "-" 25 0
Mar 9 04:08:16 standalone proxy-server[125668]: 172.18.0.2 ::1 09/Mar/2026/04/08/16 GET /v1/AUTH_99813a8ee31846b8a9bfdc5904248362/gnocchi.8c8084a2-79dd-44c5-b31f-b2b10303a155/1772280000.0_mean_300.0_v3 HTTP/1.0 404 - python-swiftclient-3.11.1 gAAAAABprkbm0Q3S... - 70 - tx1f2ee091ae224577a7d0b-0069ae47b0 - 0.0082 - - 1773029296.863240242 1773029296.871443033 0
Mar 9 04:08:16 standalone container-server[123589]: 172.20.0.100 - - [09/Mar/2026:04:08:16 +0000] "PUT /d1/671/AUTH_99813a8ee31846b8a9bfdc5904248362/gnocchi.8c8084a2-79dd-44c5-b31f-b2b10303a155/1772280000.0_mean_300.0_v3" 201 - "PUT http://localhost:8080/d1/216/AUTH_99813a8ee31846b8a9bfdc5904248362/gnocchi.8c8084a2-79dd-44c5-b31f-b2b10303a155/1772280000.0_mean_300.0_v3" "txe0688125264c45448bb0b-0069ae47b0" "object-server 23" 0.0008 "-" 20 0
Mar 9 04:08:16 standalone object-server[123754]: 172.20.0.100 - - [09/Mar/2026:04:08:16 +0000] "PUT /d1/216/AUTH_99813a8ee31846b8a9bfdc5904248362/gnocchi.8c8084a2-79dd-44c5-b31f-b2b10303a155/1772280000.0_mean_300.0_v3" 201 - "PUT http://localhost:8080/v1/AUTH_99813a8ee31846b8a9bfdc5904248362/gnocchi.8c8084a2-79dd-44c5-b31f-b2b10303a155/1772280000.0_mean_300.0_v3" "txe0688125264c45448bb0b-0069ae47b0" "proxy-server 21" 0.0110 "-" 23 0
Mar 9 04:08:16 standalone proxy-server[125668]: 172.18.0.2 ::1 09/Mar/2026/04/08/16 PUT /v1/AUTH_99813a8ee31846b8a9bfdc5904248362/gnocchi.8c8084a2-79dd-44c5-b31f-b2b10303a155/1772280000.0_mean_300.0_v3 HTTP/1.0 201 - python-swiftclient-3.11.1 gAAAAABprkbm0Q3S... 16 - - txe0688125264c45448bb0b-0069ae47b0 - 0.0192 - - 1773029296.875404119 1773029296.894571066 0
Mar 9 04:08:16 standalone container-server[123615]: 172.20.0.100 - - [09/Mar/2026:04:08:16 +0000] "PUT /d1/671/AUTH_99813a8ee31846b8a9bfdc5904248362/gnocchi.8c8084a2-79dd-44c5-b31f-b2b10303a155/none_v3" 201 - "PUT http://localhost:8080/d1/36/AUTH_99813a8ee31846b8a9bfdc5904248362/gnocchi.8c8084a2-79dd-44c5-b31f-b2b10303a155/none_v3" "txcdd105e1dca1401d89281-0069ae47b0" "object-server 24" 0.0007 "-" 22 0
Mar 9 04:08:16 standalone object-server[123756]: 172.20.0.100 - - [09/Mar/2026:04:08:16 +0000] "PUT /d1/36/AUTH_99813a8ee31846b8a9bfdc5904248362/gnocchi.8c8084a2-79dd-44c5-b31f-b2b10303a155/none_v3" 201 - "PUT http://localhost:8080/v1/AUTH_99813a8ee31846b8a9bfdc5904248362/gnocchi.8c8084a2-79dd-44c5-b31f-b2b10303a155/none_v3" "txcdd105e1dca1401d89281-0069ae47b0" "proxy-server 21" 0.0101 "-" 24 0
Mar 9 04:08:16 standalone proxy-server[125668]: 172.18.0.2 ::1 09/Mar/2026/04/08/16 PUT /v1/AUTH_99813a8ee31846b8a9bfdc5904248362/gnocchi.8c8084a2-79dd-44c5-b31f-b2b10303a155/none_v3 HTTP/1.0 201 - python-swiftclient-3.11.1 gAAAAABprkbm0Q3S... 22 - - txcdd105e1dca1401d89281-0069ae47b0 - 0.0181 - - 1773029296.899259329 1773029296.917397022 0
Mar 9 04:08:16 standalone container-server[123589]: 172.20.0.100 - - [09/Mar/2026:04:08:16 +0000] "HEAD /d1/527/AUTH_99813a8ee31846b8a9bfdc5904248362/gnocchi.5957102f-3676-4afe-85ea-972e1b68fcc4" 404 - "HEAD http://localhost:8080/v1/AUTH_99813a8ee31846b8a9bfdc5904248362/gnocchi.5957102f-3676-4afe-85ea-972e1b68fcc4?format=json&states=listing" "tx359fc0c4598e4b0c8a75c-0069ae47b0" "proxy-server 21" 0.0005 "-" 20 0
Mar 9 04:08:16 standalone object-server[123756]: 172.20.0.100 - - [09/Mar/2026:04:08:16 +0000] "GET /d1/462/AUTH_99813a8ee31846b8a9bfdc5904248362/gnocchi.5957102f-3676-4afe-85ea-972e1b68fcc4/none_v3" 404 70 "GET http://localhost:8080/v1/AUTH_99813a8ee31846b8a9bfdc5904248362/gnocchi.5957102f-3676-4afe-85ea-972e1b68fcc4/none_v3" "tx359fc0c4598e4b0c8a75c-0069ae47b0" "proxy-server 21" 0.0004 "-" 24 0
Mar 9 04:08:16 standalone proxy-server[125668]: 172.18.0.2 ::1 09/Mar/2026/04/08/16 GET /v1/AUTH_99813a8ee31846b8a9bfdc5904248362/gnocchi.5957102f-3676-4afe-85ea-972e1b68fcc4/none_v3 HTTP/1.0 404 - python-swiftclient-3.11.1 gAAAAABprkbm0Q3S... - 70 - tx359fc0c4598e4b0c8a75c-0069ae47b0 - 0.0136 - - 1773029296.929540634 1773029296.943187237 0
Mar 9 04:08:16 standalone account-server[123472]: 172.20.0.100 - - [09/Mar/2026:04:08:16 +0000] "PUT /d1/550/AUTH_99813a8ee31846b8a9bfdc5904248362/gnocchi.5957102f-3676-4afe-85ea-972e1b68fcc4" 201 - "PUT http://172.20.0.100:6001/d1/527/AUTH_99813a8ee31846b8a9bfdc5904248362/gnocchi.5957102f-3676-4afe-85ea-972e1b68fcc4" "tx2120a331b96c427cbfbe8-0069ae47b0" "container-server 22" 0.0062 "-" 16 0
Mar 9 04:08:16 standalone container-server[123615]: 172.20.0.100 - - [09/Mar/2026:04:08:16 +0000] "PUT /d1/527/AUTH_99813a8ee31846b8a9bfdc5904248362/gnocchi.5957102f-3676-4afe-85ea-972e1b68fcc4" 201 - "PUT http://localhost:8080/v1/AUTH_99813a8ee31846b8a9bfdc5904248362/gnocchi.5957102f-3676-4afe-85ea-972e1b68fcc4" "tx2120a331b96c427cbfbe8-0069ae47b0" "proxy-server 21" 0.0197 "-" 22 0
Mar 9 04:08:16 standalone proxy-server[125668]: 172.18.0.2 ::1 09/Mar/2026/04/08/16 PUT /v1/AUTH_99813a8ee31846b8a9bfdc5904248362/gnocchi.5957102f-3676-4afe-85ea-972e1b68fcc4 HTTP/1.0 201 - python-swiftclient-3.11.1 gAAAAABprkbm0Q3S... - - - tx2120a331b96c427cbfbe8-0069ae47b0 - 0.0266 - - 1773029296.947000980 1773029296.973606586 0
Mar 9 04:08:16 standalone container-server[123615]: 172.20.0.100 - - [09/Mar/2026:04:08:16 +0000] "HEAD /d1/527/AUTH_99813a8ee31846b8a9bfdc5904248362/gnocchi.5957102f-3676-4afe-85ea-972e1b68fcc4" 204 - "HEAD http://localhost:8080/v1/AUTH_99813a8ee31846b8a9bfdc5904248362/gnocchi.5957102f-3676-4afe-85ea-972e1b68fcc4?format=json&states=listing" "tx737cde52f0a7455ab7221-0069ae47b0" "proxy-server 21" 0.0021 "-" 22 0
Mar 9 04:08:16 standalone proxy-server[125668]: - - 09/Mar/2026/04/08/16 HEAD /v1/AUTH_99813a8ee31846b8a9bfdc5904248362/gnocchi.5957102f-3676-4afe-85ea-972e1b68fcc4%3Fformat%3Djson%26states%3Dlisting HTTP/1.0 204 - Swift - - - - tx737cde52f0a7455ab7221-0069ae47b0 - 0.0065 RL - 1773029296.992214441 1773029296.998718262 0
Mar 9 04:08:17 standalone container-server[123593]: 172.20.0.100 - - [09/Mar/2026:04:08:17 +0000] "GET /d1/527/AUTH_99813a8ee31846b8a9bfdc5904248362/gnocchi.5957102f-3676-4afe-85ea-972e1b68fcc4" 200 2 "GET http://localhost:8080/v1/AUTH_99813a8ee31846b8a9bfdc5904248362/gnocchi.5957102f-3676-4afe-85ea-972e1b68fcc4?format=json&states=listing" "tx737cde52f0a7455ab7221-0069ae47b0" "proxy-server 21" 0.0035 "-" 21 0
Mar 9 04:08:17 standalone proxy-server[125668]: 172.18.0.2 ::1 09/Mar/2026/04/08/17 GET /v1/AUTH_99813a8ee31846b8a9bfdc5904248362/gnocchi.5957102f-3676-4afe-85ea-972e1b68fcc4%3Fformat%3Djson%26states%3Dlisting HTTP/1.0 200 - python-swiftclient-3.11.1 gAAAAABprkbm0Q3S... - 2 - tx737cde52f0a7455ab7221-0069ae47b0 - 0.0206 - - 1773029296.990646839 1773029297.011213779 0
Mar 9 04:08:17 standalone object-server[123756]: 172.20.0.100 - - [09/Mar/2026:04:08:17 +0000] "GET /d1/233/AUTH_99813a8ee31846b8a9bfdc5904248362/gnocchi.5957102f-3676-4afe-85ea-972e1b68fcc4/1772280000.0_mean_300.0_v3" 404 70 "GET http://localhost:8080/v1/AUTH_99813a8ee31846b8a9bfdc5904248362/gnocchi.5957102f-3676-4afe-85ea-972e1b68fcc4/1772280000.0_mean_300.0_v3" "txe7750dba179840f0ba892-0069ae47b1" "proxy-server 21" 0.0005 "-" 24 0
Mar 9 04:08:17 standalone proxy-server[125668]: 172.18.0.2 ::1 09/Mar/2026/04/08/17 GET /v1/AUTH_99813a8ee31846b8a9bfdc5904248362/gnocchi.5957102f-3676-4afe-85ea-972e1b68fcc4/1772280000.0_mean_300.0_v3 HTTP/1.0 404 - python-swiftclient-3.11.1 gAAAAABprkbm0Q3S... - 70 - txe7750dba179840f0ba892-0069ae47b1 - 0.0096 - - 1773029297.020271301 1773029297.029837132 0
Mar 9 04:08:17 standalone container-server[123615]: 172.20.0.100 - - [09/Mar/2026:04:08:17 +0000] "PUT /d1/527/AUTH_99813a8ee31846b8a9bfdc5904248362/gnocchi.5957102f-3676-4afe-85ea-972e1b68fcc4/1772280000.0_mean_300.0_v3" 201 - "PUT http://localhost:8080/d1/233/AUTH_99813a8ee31846b8a9bfdc5904248362/gnocchi.5957102f-3676-4afe-85ea-972e1b68fcc4/1772280000.0_mean_300.0_v3" "tx18b963f8a07b44988a05a-0069ae47b1" "object-server 25" 0.0009 "-" 22 0
Mar 9 04:08:17 standalone object-server[123757]: 172.20.0.100 - - [09/Mar/2026:04:08:17 +0000] "PUT /d1/233/AUTH_99813a8ee31846b8a9bfdc5904248362/gnocchi.5957102f-3676-4afe-85ea-972e1b68fcc4/1772280000.0_mean_300.0_v3" 201 - "PUT http://localhost:8080/v1/AUTH_99813a8ee31846b8a9bfdc5904248362/gnocchi.5957102f-3676-4afe-85ea-972e1b68fcc4/1772280000.0_mean_300.0_v3" "tx18b963f8a07b44988a05a-0069ae47b1" "proxy-server 21" 0.0216 "-" 25 0
Mar 9 04:08:17 standalone proxy-server[125668]: 172.18.0.2 ::1 09/Mar/2026/04/08/17 PUT /v1/AUTH_99813a8ee31846b8a9bfdc5904248362/gnocchi.5957102f-3676-4afe-85ea-972e1b68fcc4/1772280000.0_mean_300.0_v3 HTTP/1.0 201 - python-swiftclient-3.11.1 gAAAAABprkbm0Q3S... 16 - - tx18b963f8a07b44988a05a-0069ae47b1 - 0.0363 - - 1773029297.040205240 1773029297.076467991 0
Mar 9 04:08:17 standalone container-server[123581]: 172.20.0.100 - - [09/Mar/2026:04:08:17 +0000] "PUT /d1/527/AUTH_99813a8ee31846b8a9bfdc5904248362/gnocchi.5957102f-3676-4afe-85ea-972e1b68fcc4/none_v3" 201 - "PUT http://localhost:8080/d1/462/AUTH_99813a8ee31846b8a9bfdc5904248362/gnocchi.5957102f-3676-4afe-85ea-972e1b68fcc4/none_v3" "tx42fa018ffae84346936ed-0069ae47b1" "object-server 23" 0.0005 "-" 19 0
Mar 9 04:08:17 standalone object-server[123754]: 172.20.0.100 - - [09/Mar/2026:04:08:17 +0000] "PUT /d1/462/AUTH_99813a8ee31846b8a9bfdc5904248362/gnocchi.5957102f-3676-4afe-85ea-972e1b68fcc4/none_v3" 201 - "PUT http://localhost:8080/v1/AUTH_99813a8ee31846b8a9bfdc5904248362/gnocchi.5957102f-3676-4afe-85ea-972e1b68fcc4/none_v3" "tx42fa018ffae84346936ed-0069ae47b1" "proxy-server 21" 0.0134 "-" 23 0
Mar 9 04:08:17 standalone proxy-server[125668]: 172.18.0.2 ::1 09/Mar/2026/04/08/17 PUT /v1/AUTH_99813a8ee31846b8a9bfdc5904248362/gnocchi.5957102f-3676-4afe-85ea-972e1b68fcc4/none_v3 HTTP/1.0 201 - python-swiftclient-3.11.1 gAAAAABprkbm0Q3S... 22 - - tx42fa018ffae84346936ed-0069ae47b1 - 0.0214 - - 1773029297.083713293 1773029297.105092764 0
Mar 9 04:08:39 standalone account-server[123472]: 172.20.0.100 - - [09/Mar/2026:04:08:39 +0000] "HEAD /d1/554/.expiring_objects" 404 - "HEAD http://localhost/v1/.expiring_objects?format=json" "txaafddd3e31b545d494c64-0069ae47c7" "proxy-server 2" 0.0007 "-" 16 -
Mar 9 04:08:39 standalone object-expirer[123577]: Pass completed in 0s; 0 objects expired (txn: txaafddd3e31b545d494c64-0069ae47c7)
Mar 9 04:12:03 standalone object-server[123759]: Begin object update sweep
Mar 9 04:12:03 standalone object-server[251522]: Object update sweep starting on /srv/node/d1 (pid: 15)
Mar 9 04:12:03 standalone object-server[251522]: Object update sweep completed on /srv/node/d1 in 0.00s seconds:, 0 successes, 0 failures, 0 quarantines, 0 unlinks, 0 errors, 0 redirects (pid: 15)
Mar 9 04:12:03 standalone object-server[251522]: Object update sweep of d1 completed: 0.00s, 0 successes, 0 failures, 0 quarantines, 0 unlinks, 0 errors, 0 redirects
Mar 9 04:12:03 standalone object-server[123759]: Object update sweep completed: 0.09s
Mar 9 04:12:07 standalone account-server[123484]: 172.20.0.100 - - [09/Mar/2026:04:12:07 +0000] "HEAD /d1/554/.expiring_objects" 404 - "HEAD http://localhost/v1/.expiring_objects?format=json" "tx04af1e3dfb8e41378e4c5-0069ae4897" "proxy-server 2" 0.0006 "-" 17 -
Mar 9 04:12:07 standalone object-expirer[123577]: Pass completed in 0s; 0 objects expired (txn: tx04af1e3dfb8e41378e4c5-0069ae4897)
Mar 9 04:12:07 standalone container-server[123574]: Begin container update sweep
Mar 9 04:12:07 standalone account-server[123459]: 172.20.0.100 - - [09/Mar/2026:04:12:07 +0000] "PUT /d1/550/AUTH_99813a8ee31846b8a9bfdc5904248362/gnocchi.5957102f-3676-4afe-85ea-972e1b68fcc4" 201 - "-" "-" "container-updater 2" 0.0010 "-" 14 0
Mar 9 04:12:07 standalone account-server[123459]: 172.20.0.100 - - [09/Mar/2026:04:12:07 +0000] "PUT /d1/550/AUTH_99813a8ee31846b8a9bfdc5904248362/gnocchi.5929788d-c8c0-47f5-8607-4160edfcd74f" 201 - "-" "-" "container-updater 2" 0.0007 "-" 14 0
Mar 9 04:12:08 standalone account-server[123462]: 172.20.0.100 - - [09/Mar/2026:04:12:08 +0000] "PUT /d1/550/AUTH_99813a8ee31846b8a9bfdc5904248362/gnocchi.7857a690-9f0a-48d9-ad84-f290dec08214" 201 - "-" "-" "container-updater 2" 0.0008 "-" 15 0
Mar 9 04:12:08 standalone account-server[123459]: 172.20.0.100 - - [09/Mar/2026:04:12:08 +0000] "PUT /d1/550/AUTH_99813a8ee31846b8a9bfdc5904248362/gnocchi.8c8084a2-79dd-44c5-b31f-b2b10303a155" 201 - "-" "-" "container-updater 2" 0.0008 "-" 14 0
Mar 9 04:12:08 standalone account-server[123484]: 172.20.0.100 - - [09/Mar/2026:04:12:08 +0000] "PUT /d1/550/AUTH_99813a8ee31846b8a9bfdc5904248362/gnocchi.613f9423-2ee0-4f0b-86f7-8c37e1266404" 201 - "-" "-" "container-updater 2" 0.0005 "-" 17 0
Mar 9 04:12:08 standalone account-server[123472]: 172.20.0.100 - - [09/Mar/2026:04:12:08 +0000] "PUT /d1/550/AUTH_99813a8ee31846b8a9bfdc5904248362/gnocchi.600ce8bc-7b3f-4eae-bdff-f6b6da6db47c" 201 - "-" "-" "container-updater 2" 0.0008 "-" 16 0
Mar 9 04:12:08 standalone account-server[123462]: 172.20.0.100 - - [09/Mar/2026:04:12:08 +0000] "PUT /d1/550/AUTH_99813a8ee31846b8a9bfdc5904248362/gnocchi.e971333d-1d20-4b62-94bc-bb1a381a239a" 201 - "-" "-" "container-updater 2" 0.0008 "-" 15 0
Mar 9 04:12:08 standalone account-server[123484]: 172.20.0.100 - - [09/Mar/2026:04:12:08 +0000] "PUT /d1/550/AUTH_99813a8ee31846b8a9bfdc5904248362/gnocchi.73cdf851-99bf-48fd-b7d4-b3babb797ffc" 201 - "-" "-" "container-updater 2" 0.0012 "-" 17 0
Mar 9 04:12:08 standalone account-server[123484]: 172.20.0.100 - - [09/Mar/2026:04:12:08 +0000] "PUT /d1/550/AUTH_99813a8ee31846b8a9bfdc5904248362/gnocchi.c69ac60f-949c-4653-af4d-5db960fab5da" 201 - "-" "-" "container-updater 2" 0.0006 "-" 17 0
Mar 9 04:12:09 standalone account-server[123459]: 172.20.0.100 - - [09/Mar/2026:04:12:09 +0000] "PUT /d1/550/AUTH_99813a8ee31846b8a9bfdc5904248362/gnocchi.4e603a27-6444-451f-9528-121ec1e68473" 201 - "-" "-" "container-updater 2" 0.0007 "-" 14 0
Mar 9 04:12:09 standalone account-server[123484]: 172.20.0.100 - - [09/Mar/2026:04:12:09 +0000] "PUT /d1/550/AUTH_99813a8ee31846b8a9bfdc5904248362/gnocchi.726bf0ff-8ca7-4b28-9e36-489e0e86acb0" 201 - "-" "-" "container-updater 2" 0.0008 "-" 17 0
Mar 9 04:12:09 standalone account-server[123462]: 172.20.0.100 - - [09/Mar/2026:04:12:09 +0000] "PUT /d1/550/AUTH_99813a8ee31846b8a9bfdc5904248362/gnocchi.3cba695c-6d5c-4df7-8e24-f4b8815db3da" 201 - "-" "-" "container-updater 2" 0.0007 "-" 15 0
Mar 9 04:12:09 standalone account-server[123472]: 172.20.0.100 - - [09/Mar/2026:04:12:09 +0000] "PUT /d1/550/AUTH_99813a8ee31846b8a9bfdc5904248362/gnocchi.e1d47fe7-e097-4dc3-b524-7da0fa44e026" 201 - "-" "-" "container-updater 2" 0.0010 "-" 16 0
Mar 9 04:12:09 standalone account-server[123472]: 172.20.0.100 - - [09/Mar/2026:04:12:09 +0000] "PUT /d1/550/AUTH_99813a8ee31846b8a9bfdc5904248362/gnocchi.99c31994-3ea1-49aa-83aa-1d74ce6397d3" 201 - "-" "-" "container-updater 2" 0.0021 "-" 16 0
Mar 9 04:12:09 standalone container-server[123574]: Container update sweep completed: 2.06s
Mar 9 04:14:35 standalone account-server[123472]: 172.20.0.100 - - [09/Mar/2026:04:14:35 +0000] "HEAD /d1/554/.expiring_objects" 404 - "HEAD http://localhost/v1/.expiring_objects?format=json" "tx78c482d6ab514f2bb902c-0069ae492b" "proxy-server 2" 0.0010 "-" 16 -
Mar 9 04:14:35 standalone object-expirer[123577]: Pass completed in 0s; 0 objects expired (txn: tx78c482d6ab514f2bb902c-0069ae492b)
Mar 9 04:15:08 standalone account-server[123459]: 172.20.0.100 - - [09/Mar/2026:04:15:08 +0000] "HEAD /d1/554/.expiring_objects" 404 - "HEAD http://localhost/v1/.expiring_objects?format=json" "tx29ad787034f244f29e793-0069ae494c" "proxy-server 2" 0.0008 "-" 14 -
Mar 9 04:15:08 standalone object-expirer[123577]: Pass completed in 0s; 0 objects expired (txn: tx29ad787034f244f29e793-0069ae494c)
Mar 9 04:17:00 standalone account-server[123472]: 172.20.0.100 - - [09/Mar/2026:04:17:00 +0000] "HEAD /d1/554/.expiring_objects" 404 - "HEAD http://localhost/v1/.expiring_objects?format=json" "tx05609dc4c8f641789e6cc-0069ae49bc" "proxy-server 2" 0.0011 "-" 16 -
Mar 9 04:17:00 standalone object-expirer[123577]: Pass completed in 0s; 0 objects expired (txn: tx05609dc4c8f641789e6cc-0069ae49bc)
Mar 9 04:17:03 standalone object-server[123759]: Begin object update sweep
Mar 9 04:17:03 standalone object-server[275172]: Object update sweep starting on /srv/node/d1 (pid: 16)
Mar 9 04:17:03 standalone object-server[275172]: Object update sweep completed on /srv/node/d1 in 0.00s seconds:, 0 successes, 0 failures, 0 quarantines, 0 unlinks, 0 errors, 0 redirects (pid: 16)
Mar 9 04:17:03 standalone object-server[275172]: Object update sweep of d1 completed: 0.00s, 0 successes, 0 failures, 0 quarantines, 0 unlinks, 0 errors, 0 redirects
Mar 9 04:17:03 standalone object-server[123759]: Object update sweep completed: 0.08s
Mar 9 04:17:07 standalone container-server[123574]: Begin container update sweep
Mar 9 04:17:09 standalone container-server[123574]: Container update sweep completed: 1.33s
Mar 9 04:21:27 standalone account-server[123484]: 172.20.0.100 - - [09/Mar/2026:04:21:27 +0000] "HEAD /d1/554/.expiring_objects" 404 - "HEAD http://localhost/v1/.expiring_objects?format=json" "txb5608783b8b34b8a83295-0069ae4ac7" "proxy-server 2" 0.0014 "-" 17 -
Mar 9 04:21:27 standalone object-expirer[123577]: Pass completed in 0s; 0 objects expired (txn: txb5608783b8b34b8a83295-0069ae4ac7)
Mar 9 04:22:03 standalone object-server[123759]: Begin object update sweep
Mar 9 04:22:03 standalone object-server[295607]: Object update sweep starting on /srv/node/d1 (pid: 17)
Mar 9 04:22:03 standalone object-server[295607]: Object update sweep completed on /srv/node/d1 in 0.00s seconds:, 0 successes, 0 failures, 0 quarantines, 0 unlinks, 0 errors, 0 redirects (pid: 17)
Mar 9 04:22:03 standalone object-server[295607]: Object update sweep of d1 completed: 0.00s, 0 successes, 0 failures, 0 quarantines, 0 unlinks, 0 errors, 0 redirects
Mar 9 04:22:03 standalone object-server[123759]: Object update sweep completed: 0.09s
Mar 9 04:22:07 standalone container-server[123574]: Begin container update sweep
Mar 9 04:22:09 standalone container-server[123574]: Container update sweep completed: 1.94s
Mar 9 04:24:53 standalone account-server[123484]: 172.20.0.100 - - [09/Mar/2026:04:24:53 +0000] "HEAD /d1/554/.expiring_objects" 404 - "HEAD http://localhost/v1/.expiring_objects?format=json" "tx22b56f7c2014467cacdce-0069ae4b95" "proxy-server 2" 0.0013 "-" 17 -
Mar 9 04:24:53 standalone object-expirer[123577]: Pass completed in 0s; 0 objects expired (txn: tx22b56f7c2014467cacdce-0069ae4b95)
Mar 9 04:27:03 standalone object-server[123759]: Begin object update sweep
Mar 9 04:27:03 standalone object-server[316138]: Object update sweep starting on /srv/node/d1 (pid: 18)
Mar 9 04:27:03 standalone object-server[316138]: Object update sweep completed on /srv/node/d1 in 0.00s seconds:, 0 successes, 0 failures, 0 quarantines, 0 unlinks, 0 errors, 0 redirects (pid: 18)
Mar 9 04:27:03 standalone object-server[316138]: Object update sweep of d1 completed: 0.00s, 0 successes, 0 failures, 0 quarantines, 0 unlinks, 0 errors, 0 redirects
Mar 9 04:27:03 standalone object-server[123759]: Object update sweep completed: 0.09s
Mar 9 04:27:07 standalone container-server[123574]: Begin container update sweep
Mar 9 04:27:09 standalone container-server[123574]: Container update sweep completed: 1.33s
Mar 9 04:27:12 standalone account-server[123462]: 172.20.0.100 - - [09/Mar/2026:04:27:12 +0000] "HEAD /d1/554/.expiring_objects" 404 - "HEAD http://localhost/v1/.expiring_objects?format=json" "txe327b45a241f4d4baa3f1-0069ae4c20" "proxy-server 2" 0.0006 "-" 15 -
Mar 9 04:27:12 standalone object-expirer[123577]: Pass completed in 0s; 0 objects expired (txn: txe327b45a241f4d4baa3f1-0069ae4c20)
Mar 9 04:28:23 standalone account-server[123472]: 172.20.0.100 - - [09/Mar/2026:04:28:23 +0000] "HEAD /d1/554/.expiring_objects" 404 - "HEAD http://localhost/v1/.expiring_objects?format=json" "txbe1f8d61fc8045a989931-0069ae4c67" "proxy-server 2" 0.0006 "-" 16 -
Mar 9 04:28:23 standalone object-expirer[123577]: Pass completed in 0s; 0 objects expired (txn: txbe1f8d61fc8045a989931-0069ae4c67)
Mar 9 04:32:03 standalone object-server[123759]: Begin object update sweep
Mar 9 04:32:03 standalone object-server[336820]: Object update sweep starting on /srv/node/d1 (pid: 19)
Mar 9 04:32:03 standalone object-server[336820]: Object update sweep completed on /srv/node/d1 in 0.00s seconds:, 0 successes, 0 failures, 0 quarantines, 0 unlinks, 0 errors, 0 redirects (pid: 19)
Mar 9 04:32:03 standalone object-server[336820]: Object update sweep of d1 completed: 0.00s, 0 successes, 0 failures, 0 quarantines, 0 unlinks, 0 errors, 0 redirects
Mar 9 04:32:03 standalone object-server[123759]: Object update sweep completed: 0.08s
Mar 9 04:32:07 standalone container-server[123574]: Begin container update sweep
Mar 9 04:32:09 standalone container-server[123574]: Container update sweep completed: 1.78s
Mar 9 04:32:46 standalone account-server[123462]: 172.20.0.100 - - [09/Mar/2026:04:32:46 +0000] "HEAD /d1/554/.expiring_objects" 404 - "HEAD http://localhost/v1/.expiring_objects?format=json" "tx97a5ce129c4447e080f5b-0069ae4d6e" "proxy-server 2" 0.0006 "-" 15 -
Mar 9 04:32:46 standalone object-expirer[123577]: Pass completed in 0s; 0 objects expired (txn: tx97a5ce129c4447e080f5b-0069ae4d6e)