Mar 9 04:08:15 standalone account-server[123484]: 172.20.0.100 - - [09/Mar/2026:04:08:15 +0000] "PUT /d1/550/AUTH_99813a8ee31846b8a9bfdc5904248362/gnocchi.3cba695c-6d5c-4df7-8e24-f4b8815db3da" 201 - "PUT http://172.20.0.100:6001/d1/558/AUTH_99813a8ee31846b8a9bfdc5904248362/gnocchi.3cba695c-6d5c-4df7-8e24-f4b8815db3da" "txf9c2f5b62f084614833aa-0069ae47af" "container-server 20" 0.0068 "-" 17 0
Mar 9 04:08:15 standalone container-server[123589]: 172.20.0.100 - - [09/Mar/2026:04:08:15 +0000] "PUT /d1/558/AUTH_99813a8ee31846b8a9bfdc5904248362/gnocchi.3cba695c-6d5c-4df7-8e24-f4b8815db3da" 201 - "PUT http://localhost:8080/v1/AUTH_99813a8ee31846b8a9bfdc5904248362/gnocchi.3cba695c-6d5c-4df7-8e24-f4b8815db3da" "txf9c2f5b62f084614833aa-0069ae47af" "proxy-server 21" 0.0278 "-" 20 0
Mar 9 04:08:15 standalone proxy-server[125668]: 172.18.0.2 ::1 09/Mar/2026/04/08/15 PUT /v1/AUTH_99813a8ee31846b8a9bfdc5904248362/gnocchi.3cba695c-6d5c-4df7-8e24-f4b8815db3da HTTP/1.0 201 - python-swiftclient-3.11.1 gAAAAABprkbm0Q3S... - - - txf9c2f5b62f084614833aa-0069ae47af - 0.0337 - - 1773029295.292752743 1773029295.326420307 0
Mar 9 04:08:15 standalone container-server[123589]: 172.20.0.100 - - [09/Mar/2026:04:08:15 +0000] "HEAD /d1/364/AUTH_99813a8ee31846b8a9bfdc5904248362/gnocchi.c69ac60f-949c-4653-af4d-5db960fab5da" 404 - "HEAD http://localhost:8080/v1/AUTH_99813a8ee31846b8a9bfdc5904248362/gnocchi.c69ac60f-949c-4653-af4d-5db960fab5da?format=json&states=listing" "txd8767fd023134c8791c10-0069ae47af" "proxy-server 21" 0.0005 "-" 20 0
Mar 9 04:08:15 standalone object-server[123754]: 172.20.0.100 - - [09/Mar/2026:04:08:15 +0000] "GET /d1/39/AUTH_99813a8ee31846b8a9bfdc5904248362/gnocchi.c69ac60f-949c-4653-af4d-5db960fab5da/none_v3" 404 70 "GET http://localhost:8080/v1/AUTH_99813a8ee31846b8a9bfdc5904248362/gnocchi.c69ac60f-949c-4653-af4d-5db960fab5da/none_v3" "txd8767fd023134c8791c10-0069ae47af" "proxy-server 21" 0.0006 "-" 23 0
Mar 9 04:08:15 standalone proxy-server[125668]: 172.18.0.2 ::1 09/Mar/2026/04/08/15 GET /v1/AUTH_99813a8ee31846b8a9bfdc5904248362/gnocchi.c69ac60f-949c-4653-af4d-5db960fab5da/none_v3 HTTP/1.0 404 - python-swiftclient-3.11.1 gAAAAABprkbm0Q3S... - 70 - txd8767fd023134c8791c10-0069ae47af - 0.0131 - - 1773029295.332751274 1773029295.345810413 0
Mar 9 04:08:15 standalone account-server[123462]: 172.20.0.100 - - [09/Mar/2026:04:08:15 +0000] "PUT /d1/550/AUTH_99813a8ee31846b8a9bfdc5904248362/gnocchi.c69ac60f-949c-4653-af4d-5db960fab5da" 201 - "PUT http://172.20.0.100:6001/d1/364/AUTH_99813a8ee31846b8a9bfdc5904248362/gnocchi.c69ac60f-949c-4653-af4d-5db960fab5da" "tx42c6243b42534c6386537-0069ae47af" "container-server 21" 0.0053 "-" 15 0
Mar 9 04:08:15 standalone container-server[123593]: 172.20.0.100 - - [09/Mar/2026:04:08:15 +0000] "PUT /d1/364/AUTH_99813a8ee31846b8a9bfdc5904248362/gnocchi.c69ac60f-949c-4653-af4d-5db960fab5da" 201 - "PUT http://localhost:8080/v1/AUTH_99813a8ee31846b8a9bfdc5904248362/gnocchi.c69ac60f-949c-4653-af4d-5db960fab5da" "tx42c6243b42534c6386537-0069ae47af" "proxy-server 21" 0.0149 "-" 21 0
Mar 9 04:08:15 standalone proxy-server[125668]: 172.18.0.2 ::1 09/Mar/2026/04/08/15 PUT /v1/AUTH_99813a8ee31846b8a9bfdc5904248362/gnocchi.c69ac60f-949c-4653-af4d-5db960fab5da HTTP/1.0 201 - python-swiftclient-3.11.1 gAAAAABprkbm0Q3S... - - - tx42c6243b42534c6386537-0069ae47af - 0.0201 - - 1773029295.350418329 1773029295.370518208 0
Mar 9 04:08:15 standalone container-server[123581]: 172.20.0.100 - - [09/Mar/2026:04:08:15 +0000] "HEAD /d1/558/AUTH_99813a8ee31846b8a9bfdc5904248362/gnocchi.3cba695c-6d5c-4df7-8e24-f4b8815db3da" 204 - "HEAD http://localhost:8080/v1/AUTH_99813a8ee31846b8a9bfdc5904248362/gnocchi.3cba695c-6d5c-4df7-8e24-f4b8815db3da?format=json&states=listing" "txc9ad440ed9ad4652b277e-0069ae47af" "proxy-server 21" 0.0027 "-" 19 0
Mar 9 04:08:15 standalone proxy-server[125668]: - - 09/Mar/2026/04/08/15 HEAD /v1/AUTH_99813a8ee31846b8a9bfdc5904248362/gnocchi.3cba695c-6d5c-4df7-8e24-f4b8815db3da%3Fformat%3Djson%26states%3Dlisting HTTP/1.0 204 - Swift - - - - txc9ad440ed9ad4652b277e-0069ae47af - 0.0071 RL - 1773029295.377556801 1773029295.384642601 0
Mar 9 04:08:15 standalone container-server[123589]: 172.20.0.100 - - [09/Mar/2026:04:08:15 +0000] "GET /d1/558/AUTH_99813a8ee31846b8a9bfdc5904248362/gnocchi.3cba695c-6d5c-4df7-8e24-f4b8815db3da" 200 2 "GET http://localhost:8080/v1/AUTH_99813a8ee31846b8a9bfdc5904248362/gnocchi.3cba695c-6d5c-4df7-8e24-f4b8815db3da?format=json&states=listing" "txc9ad440ed9ad4652b277e-0069ae47af" "proxy-server 21" 0.0024 "-" 20 0
Mar 9 04:08:15 standalone proxy-server[125668]: 172.18.0.2 ::1 09/Mar/2026/04/08/15 GET /v1/AUTH_99813a8ee31846b8a9bfdc5904248362/gnocchi.3cba695c-6d5c-4df7-8e24-f4b8815db3da%3Fformat%3Djson%26states%3Dlisting HTTP/1.0 200 - python-swiftclient-3.11.1 gAAAAABprkbm0Q3S... - 2 - txc9ad440ed9ad4652b277e-0069ae47af - 0.0177 - - 1773029295.376239300 1773029295.393978834 0
Mar 9 04:08:15 standalone container-server[123589]: 172.20.0.100 - - [09/Mar/2026:04:08:15 +0000] "HEAD /d1/364/AUTH_99813a8ee31846b8a9bfdc5904248362/gnocchi.c69ac60f-949c-4653-af4d-5db960fab5da" 204 - "HEAD http://localhost:8080/v1/AUTH_99813a8ee31846b8a9bfdc5904248362/gnocchi.c69ac60f-949c-4653-af4d-5db960fab5da?format=json&states=listing" "txb64e3c18dd0e405c93577-0069ae47af" "proxy-server 21" 0.0015 "-" 20 0
Mar 9 04:08:15 standalone proxy-server[125668]: - - 09/Mar/2026/04/08/15 HEAD /v1/AUTH_99813a8ee31846b8a9bfdc5904248362/gnocchi.c69ac60f-949c-4653-af4d-5db960fab5da%3Fformat%3Djson%26states%3Dlisting HTTP/1.0 204 - Swift - - - - txb64e3c18dd0e405c93577-0069ae47af - 0.0056 RL - 1773029295.402955770 1773029295.408586025 0
Mar 9 04:08:15 standalone container-server[123589]: 172.20.0.100 - - [09/Mar/2026:04:08:15 +0000] "GET /d1/364/AUTH_99813a8ee31846b8a9bfdc5904248362/gnocchi.c69ac60f-949c-4653-af4d-5db960fab5da" 200 2 "GET http://localhost:8080/v1/AUTH_99813a8ee31846b8a9bfdc5904248362/gnocchi.c69ac60f-949c-4653-af4d-5db960fab5da?format=json&states=listing" "txb64e3c18dd0e405c93577-0069ae47af" "proxy-server 21" 0.0020 "-" 20 0
Mar 9 04:08:15 standalone proxy-server[125668]: 172.18.0.2 ::1 09/Mar/2026/04/08/15 GET /v1/AUTH_99813a8ee31846b8a9bfdc5904248362/gnocchi.c69ac60f-949c-4653-af4d-5db960fab5da%3Fformat%3Djson%26states%3Dlisting HTTP/1.0 200 - python-swiftclient-3.11.1 gAAAAABprkbm0Q3S... - 2 - txb64e3c18dd0e405c93577-0069ae47af - 0.0178 - - 1773029295.401487112 1773029295.419329643 0
Mar 9 04:08:15 standalone object-server[123756]: 172.20.0.100 - - [09/Mar/2026:04:08:15 +0000] "GET /d1/223/AUTH_99813a8ee31846b8a9bfdc5904248362/gnocchi.3cba695c-6d5c-4df7-8e24-f4b8815db3da/1772280000.0_mean_300.0_v3" 404 70 "GET http://localhost:8080/v1/AUTH_99813a8ee31846b8a9bfdc5904248362/gnocchi.3cba695c-6d5c-4df7-8e24-f4b8815db3da/1772280000.0_mean_300.0_v3" "txd0f2ae756f4146c092420-0069ae47af" "proxy-server 21" 0.0004 "-" 24 0
Mar 9 04:08:15 standalone proxy-server[125668]: 172.18.0.2 ::1 09/Mar/2026/04/08/15 GET /v1/AUTH_99813a8ee31846b8a9bfdc5904248362/gnocchi.3cba695c-6d5c-4df7-8e24-f4b8815db3da/1772280000.0_mean_300.0_v3 HTTP/1.0 404 - python-swiftclient-3.11.1 gAAAAABprkbm0Q3S... - 70 - txd0f2ae756f4146c092420-0069ae47af - 0.0081 - - 1773029295.425975323 1773029295.434102774 0
Mar 9 04:08:15 standalone object-server[123754]: 172.20.0.100 - - [09/Mar/2026:04:08:15 +0000] "GET /d1/386/AUTH_99813a8ee31846b8a9bfdc5904248362/gnocchi.c69ac60f-949c-4653-af4d-5db960fab5da/1772280000.0_mean_300.0_v3" 404 70 "GET http://localhost:8080/v1/AUTH_99813a8ee31846b8a9bfdc5904248362/gnocchi.c69ac60f-949c-4653-af4d-5db960fab5da/1772280000.0_mean_300.0_v3" "txf77fdaa146e0460dbd9b4-0069ae47af" "proxy-server 21" 0.0006 "-" 23 0
Mar 9 04:08:15 standalone proxy-server[125668]: 172.18.0.2 ::1 09/Mar/2026/04/08/15 GET /v1/AUTH_99813a8ee31846b8a9bfdc5904248362/gnocchi.c69ac60f-949c-4653-af4d-5db960fab5da/1772280000.0_mean_300.0_v3 HTTP/1.0 404 - python-swiftclient-3.11.1 gAAAAABprkbm0Q3S... - 70 - txf77fdaa146e0460dbd9b4-0069ae47af - 0.0114 - - 1773029295.439633131 1773029295.450998545 0
Mar 9 04:08:15 standalone container-server[123615]: 172.20.0.100 - - [09/Mar/2026:04:08:15 +0000] "PUT /d1/558/AUTH_99813a8ee31846b8a9bfdc5904248362/gnocchi.3cba695c-6d5c-4df7-8e24-f4b8815db3da/1772280000.0_mean_300.0_v3" 201 - "PUT http://localhost:8080/d1/223/AUTH_99813a8ee31846b8a9bfdc5904248362/gnocchi.3cba695c-6d5c-4df7-8e24-f4b8815db3da/1772280000.0_mean_300.0_v3" "tx0cbbdbef4e6d460aae7ca-0069ae47af" "object-server 25" 0.0009 "-" 22 0
Mar 9 04:08:15 standalone object-server[123757]: 172.20.0.100 - - [09/Mar/2026:04:08:15 +0000] "PUT /d1/223/AUTH_99813a8ee31846b8a9bfdc5904248362/gnocchi.3cba695c-6d5c-4df7-8e24-f4b8815db3da/1772280000.0_mean_300.0_v3" 201 - "PUT http://localhost:8080/v1/AUTH_99813a8ee31846b8a9bfdc5904248362/gnocchi.3cba695c-6d5c-4df7-8e24-f4b8815db3da/1772280000.0_mean_300.0_v3" "tx0cbbdbef4e6d460aae7ca-0069ae47af" "proxy-server 21" 0.0115 "-" 25 0
Mar 9 04:08:15 standalone proxy-server[125668]: 172.18.0.2 ::1 09/Mar/2026/04/08/15 PUT /v1/AUTH_99813a8ee31846b8a9bfdc5904248362/gnocchi.3cba695c-6d5c-4df7-8e24-f4b8815db3da/1772280000.0_mean_300.0_v3 HTTP/1.0 201 - python-swiftclient-3.11.1 gAAAAABprkbm0Q3S... 16 - - tx0cbbdbef4e6d460aae7ca-0069ae47af - 0.0222 - - 1773029295.458538771 1773029295.480735779 0
Mar 9 04:08:15 standalone container-server[123581]: 172.20.0.100 - - [09/Mar/2026:04:08:15 +0000] "PUT /d1/364/AUTH_99813a8ee31846b8a9bfdc5904248362/gnocchi.c69ac60f-949c-4653-af4d-5db960fab5da/1772280000.0_mean_300.0_v3" 201 - "PUT http://localhost:8080/d1/386/AUTH_99813a8ee31846b8a9bfdc5904248362/gnocchi.c69ac60f-949c-4653-af4d-5db960fab5da/1772280000.0_mean_300.0_v3" "tx927c2b2498fe46b0af7cc-0069ae47af" "object-server 22" 0.0011 "-" 19 0
Mar 9 04:08:15 standalone object-server[123750]: 172.20.0.100 - - [09/Mar/2026:04:08:15 +0000] "PUT /d1/386/AUTH_99813a8ee31846b8a9bfdc5904248362/gnocchi.c69ac60f-949c-4653-af4d-5db960fab5da/1772280000.0_mean_300.0_v3" 201 - "PUT http://localhost:8080/v1/AUTH_99813a8ee31846b8a9bfdc5904248362/gnocchi.c69ac60f-949c-4653-af4d-5db960fab5da/1772280000.0_mean_300.0_v3" "tx927c2b2498fe46b0af7cc-0069ae47af" "proxy-server 21" 0.0126 "-" 22 0
Mar 9 04:08:15 standalone proxy-server[125668]: 172.18.0.2 ::1 09/Mar/2026/04/08/15 PUT /v1/AUTH_99813a8ee31846b8a9bfdc5904248362/gnocchi.c69ac60f-949c-4653-af4d-5db960fab5da/1772280000.0_mean_300.0_v3 HTTP/1.0 201 - python-swiftclient-3.11.1 gAAAAABprkbm0Q3S... 16 - - tx927c2b2498fe46b0af7cc-0069ae47af - 0.0214 - - 1773029295.487236977 1773029295.508621931 0
Mar 9 04:08:15 standalone container-server[123581]: 172.20.0.100 - - [09/Mar/2026:04:08:15 +0000] "PUT /d1/558/AUTH_99813a8ee31846b8a9bfdc5904248362/gnocchi.3cba695c-6d5c-4df7-8e24-f4b8815db3da/none_v3" 201 - "PUT http://localhost:8080/d1/173/AUTH_99813a8ee31846b8a9bfdc5904248362/gnocchi.3cba695c-6d5c-4df7-8e24-f4b8815db3da/none_v3" "tx6db52e4c42b1438b964aa-0069ae47af" "object-server 23" 0.0007 "-" 19 0
Mar 9 04:08:15 standalone object-server[123754]: 172.20.0.100 - - [09/Mar/2026:04:08:15 +0000] "PUT /d1/173/AUTH_99813a8ee31846b8a9bfdc5904248362/gnocchi.3cba695c-6d5c-4df7-8e24-f4b8815db3da/none_v3" 201 - "PUT http://localhost:8080/v1/AUTH_99813a8ee31846b8a9bfdc5904248362/gnocchi.3cba695c-6d5c-4df7-8e24-f4b8815db3da/none_v3" "tx6db52e4c42b1438b964aa-0069ae47af" "proxy-server 21" 0.0110 "-" 23 0
Mar 9 04:08:15 standalone proxy-server[125668]: 172.18.0.2 ::1 09/Mar/2026/04/08/15 PUT /v1/AUTH_99813a8ee31846b8a9bfdc5904248362/gnocchi.3cba695c-6d5c-4df7-8e24-f4b8815db3da/none_v3 HTTP/1.0 201 - python-swiftclient-3.11.1 gAAAAABprkbm0Q3S... 22 - - tx6db52e4c42b1438b964aa-0069ae47af - 0.0173 - - 1773029295.512604237 1773029295.529928923 0
Mar 9 04:08:15 standalone container-server[123589]: 172.20.0.100 - - [09/Mar/2026:04:08:15 +0000] "PUT /d1/364/AUTH_99813a8ee31846b8a9bfdc5904248362/gnocchi.c69ac60f-949c-4653-af4d-5db960fab5da/none_v3" 201 - "PUT http://localhost:8080/d1/39/AUTH_99813a8ee31846b8a9bfdc5904248362/gnocchi.c69ac60f-949c-4653-af4d-5db960fab5da/none_v3" "txb2074d1ac7bc45ca9147b-0069ae47af" "object-server 24" 0.0006 "-" 20 0
Mar 9 04:08:15 standalone object-server[123756]: 172.20.0.100 - - [09/Mar/2026:04:08:15 +0000] "PUT /d1/39/AUTH_99813a8ee31846b8a9bfdc5904248362/gnocchi.c69ac60f-949c-4653-af4d-5db960fab5da/none_v3" 201 - "PUT http://localhost:8080/v1/AUTH_99813a8ee31846b8a9bfdc5904248362/gnocchi.c69ac60f-949c-4653-af4d-5db960fab5da/none_v3" "txb2074d1ac7bc45ca9147b-0069ae47af" "proxy-server 21" 0.0117 "-" 24 0
Mar 9 04:08:15 standalone proxy-server[125668]: 172.18.0.2 ::1 09/Mar/2026/04/08/15 PUT /v1/AUTH_99813a8ee31846b8a9bfdc5904248362/gnocchi.c69ac60f-949c-4653-af4d-5db960fab5da/none_v3 HTTP/1.0 201 - python-swiftclient-3.11.1 gAAAAABprkbm0Q3S... 22 - - txb2074d1ac7bc45ca9147b-0069ae47af - 0.0187 - - 1773029295.533459663 1773029295.552174330 0
Mar 9 04:08:15 standalone container-server[123589]: 172.20.0.100 - - [09/Mar/2026:04:08:15 +0000] "HEAD /d1/672/AUTH_99813a8ee31846b8a9bfdc5904248362/gnocchi.e1d47fe7-e097-4dc3-b524-7da0fa44e026" 404 - "HEAD http://localhost:8080/v1/AUTH_99813a8ee31846b8a9bfdc5904248362/gnocchi.e1d47fe7-e097-4dc3-b524-7da0fa44e026?format=json&states=listing" "txe674918f58c442eea3dcf-0069ae47af" "proxy-server 21" 0.0004 "-" 20 0
Mar 9 04:08:15 standalone object-server[123750]: 172.20.0.100 - - [09/Mar/2026:04:08:15 +0000] "GET /d1/961/AUTH_99813a8ee31846b8a9bfdc5904248362/gnocchi.e1d47fe7-e097-4dc3-b524-7da0fa44e026/none_v3" 404 70 "GET http://localhost:8080/v1/AUTH_99813a8ee31846b8a9bfdc5904248362/gnocchi.e1d47fe7-e097-4dc3-b524-7da0fa44e026/none_v3" "txe674918f58c442eea3dcf-0069ae47af" "proxy-server 21" 0.0004 "-" 22 0
Mar 9 04:08:15 standalone proxy-server[125668]: 172.18.0.2 ::1 09/Mar/2026/04/08/15 GET /v1/AUTH_99813a8ee31846b8a9bfdc5904248362/gnocchi.e1d47fe7-e097-4dc3-b524-7da0fa44e026/none_v3 HTTP/1.0 404 - python-swiftclient-3.11.1 gAAAAABprkbm0Q3S... - 70 - txe674918f58c442eea3dcf-0069ae47af - 0.0099 - - 1773029295.564368010 1773029295.574259043 0
Mar 9 04:08:15 standalone account-server[123484]: 172.20.0.100 - - [09/Mar/2026:04:08:15 +0000] "PUT /d1/550/AUTH_99813a8ee31846b8a9bfdc5904248362/gnocchi.e1d47fe7-e097-4dc3-b524-7da0fa44e026" 201 - "PUT http://172.20.0.100:6001/d1/672/AUTH_99813a8ee31846b8a9bfdc5904248362/gnocchi.e1d47fe7-e097-4dc3-b524-7da0fa44e026" "tx5fdb2e0a9abe497baeea4-0069ae47af" "container-server 21" 0.0044 "-" 17 0
Mar 9 04:08:15 standalone container-server[123593]: 172.20.0.100 - - [09/Mar/2026:04:08:15 +0000] "PUT /d1/672/AUTH_99813a8ee31846b8a9bfdc5904248362/gnocchi.e1d47fe7-e097-4dc3-b524-7da0fa44e026" 201 - "PUT http://localhost:8080/v1/AUTH_99813a8ee31846b8a9bfdc5904248362/gnocchi.e1d47fe7-e097-4dc3-b524-7da0fa44e026" "tx5fdb2e0a9abe497baeea4-0069ae47af" "proxy-server 21" 0.0184 "-" 21 0
Mar 9 04:08:15 standalone proxy-server[125668]: 172.18.0.2 ::1 09/Mar/2026/04/08/15 PUT /v1/AUTH_99813a8ee31846b8a9bfdc5904248362/gnocchi.e1d47fe7-e097-4dc3-b524-7da0fa44e026 HTTP/1.0 201 - python-swiftclient-3.11.1 gAAAAABprkbm0Q3S... - - - tx5fdb2e0a9abe497baeea4-0069ae47af - 0.0243 - - 1773029295.577792883 1773029295.602110147 0
Mar 9 04:08:15 standalone container-server[123589]: 172.20.0.100 - - [09/Mar/2026:04:08:15 +0000] "HEAD /d1/672/AUTH_99813a8ee31846b8a9bfdc5904248362/gnocchi.e1d47fe7-e097-4dc3-b524-7da0fa44e026" 204 - "HEAD http://localhost:8080/v1/AUTH_99813a8ee31846b8a9bfdc5904248362/gnocchi.e1d47fe7-e097-4dc3-b524-7da0fa44e026?format=json&states=listing" "txebf3cbdfc4154f3aa3765-0069ae47af" "proxy-server 21" 0.0015 "-" 20 0
Mar 9 04:08:15 standalone proxy-server[125668]: - - 09/Mar/2026/04/08/15 HEAD /v1/AUTH_99813a8ee31846b8a9bfdc5904248362/gnocchi.e1d47fe7-e097-4dc3-b524-7da0fa44e026%3Fformat%3Djson%26states%3Dlisting HTTP/1.0 204 - Swift - - - - txebf3cbdfc4154f3aa3765-0069ae47af - 0.0050 RL - 1773029295.607582092 1773029295.612593889 0
Mar 9 04:08:15 standalone container-server[123581]: 172.20.0.100 - - [09/Mar/2026:04:08:15 +0000] "GET /d1/672/AUTH_99813a8ee31846b8a9bfdc5904248362/gnocchi.e1d47fe7-e097-4dc3-b524-7da0fa44e026" 200 2 "GET http://localhost:8080/v1/AUTH_99813a8ee31846b8a9bfdc5904248362/gnocchi.e1d47fe7-e097-4dc3-b524-7da0fa44e026?format=json&states=listing" "txebf3cbdfc4154f3aa3765-0069ae47af" "proxy-server 21" 0.0039 "-" 19 0
Mar 9 04:08:15 standalone proxy-server[125668]: 172.18.0.2 ::1 09/Mar/2026/04/08/15 GET /v1/AUTH_99813a8ee31846b8a9bfdc5904248362/gnocchi.e1d47fe7-e097-4dc3-b524-7da0fa44e026%3Fformat%3Djson%26states%3Dlisting HTTP/1.0 200 - python-swiftclient-3.11.1 gAAAAABprkbm0Q3S... - 2 - txebf3cbdfc4154f3aa3765-0069ae47af - 0.0165 - - 1773029295.606370449 1773029295.622857571 0
Mar 9 04:08:15 standalone object-server[123754]: 172.20.0.100 - - [09/Mar/2026:04:08:15 +0000] "GET /d1/171/AUTH_99813a8ee31846b8a9bfdc5904248362/gnocchi.e1d47fe7-e097-4dc3-b524-7da0fa44e026/1772280000.0_mean_300.0_v3" 404 70 "GET http://localhost:8080/v1/AUTH_99813a8ee31846b8a9bfdc5904248362/gnocchi.e1d47fe7-e097-4dc3-b524-7da0fa44e026/1772280000.0_mean_300.0_v3" "txa679fb6deac8457a843f9-0069ae47af" "proxy-server 21" 0.0005 "-" 23 0
Mar 9 04:08:15 standalone proxy-server[125668]: 172.18.0.2 ::1 09/Mar/2026/04/08/15 GET /v1/AUTH_99813a8ee31846b8a9bfdc5904248362/gnocchi.e1d47fe7-e097-4dc3-b524-7da0fa44e026/1772280000.0_mean_300.0_v3 HTTP/1.0 404 - python-swiftclient-3.11.1 gAAAAABprkbm0Q3S... - 70 - txa679fb6deac8457a843f9-0069ae47af - 0.0067 - - 1773029295.627578020 1773029295.634242773 0
Mar 9 04:08:15 standalone container-server[123581]: 172.20.0.100 - - [09/Mar/2026:04:08:15 +0000] "PUT /d1/672/AUTH_99813a8ee31846b8a9bfdc5904248362/gnocchi.e1d47fe7-e097-4dc3-b524-7da0fa44e026/1772280000.0_mean_300.0_v3" 201 - "PUT http://localhost:8080/d1/171/AUTH_99813a8ee31846b8a9bfdc5904248362/gnocchi.e1d47fe7-e097-4dc3-b524-7da0fa44e026/1772280000.0_mean_300.0_v3" "tx6dc4c832c2a84b0490227-0069ae47af" "object-server 22" 0.0008 "-" 19 0
Mar 9 04:08:15 standalone object-server[123750]: 172.20.0.100 - - [09/Mar/2026:04:08:15 +0000] "PUT /d1/171/AUTH_99813a8ee31846b8a9bfdc5904248362/gnocchi.e1d47fe7-e097-4dc3-b524-7da0fa44e026/1772280000.0_mean_300.0_v3" 201 - "PUT http://localhost:8080/v1/AUTH_99813a8ee31846b8a9bfdc5904248362/gnocchi.e1d47fe7-e097-4dc3-b524-7da0fa44e026/1772280000.0_mean_300.0_v3" "tx6dc4c832c2a84b0490227-0069ae47af" "proxy-server 21" 0.0106 "-" 22 0
Mar 9 04:08:15 standalone proxy-server[125668]: 172.18.0.2 ::1 09/Mar/2026/04/08/15 PUT /v1/AUTH_99813a8ee31846b8a9bfdc5904248362/gnocchi.e1d47fe7-e097-4dc3-b524-7da0fa44e026/1772280000.0_mean_300.0_v3 HTTP/1.0 201 - python-swiftclient-3.11.1 gAAAAABprkbm0Q3S... 16 - - tx6dc4c832c2a84b0490227-0069ae47af - 0.0174 - - 1773029295.637851238 1773029295.655271053 0
Mar 9 04:08:15 standalone container-server[123593]: 172.20.0.100 - - [09/Mar/2026:04:08:15 +0000] "PUT /d1/672/AUTH_99813a8ee31846b8a9bfdc5904248362/gnocchi.e1d47fe7-e097-4dc3-b524-7da0fa44e026/none_v3" 201 - "PUT http://localhost:8080/d1/961/AUTH_99813a8ee31846b8a9bfdc5904248362/gnocchi.e1d47fe7-e097-4dc3-b524-7da0fa44e026/none_v3" "tx1182fc005cf44336ac43b-0069ae47af" "object-server 23" 0.0010 "-" 21 0
Mar 9 04:08:15 standalone object-server[123754]: 172.20.0.100 - - [09/Mar/2026:04:08:15 +0000] "PUT /d1/961/AUTH_99813a8ee31846b8a9bfdc5904248362/gnocchi.e1d47fe7-e097-4dc3-b524-7da0fa44e026/none_v3" 201 - "PUT http://localhost:8080/v1/AUTH_99813a8ee31846b8a9bfdc5904248362/gnocchi.e1d47fe7-e097-4dc3-b524-7da0fa44e026/none_v3" "tx1182fc005cf44336ac43b-0069ae47af" "proxy-server 21" 0.0131 "-" 23 0
Mar 9 04:08:15 standalone proxy-server[125668]: 172.18.0.2 ::1 09/Mar/2026/04/08/15 PUT /v1/AUTH_99813a8ee31846b8a9bfdc5904248362/gnocchi.e1d47fe7-e097-4dc3-b524-7da0fa44e026/none_v3 HTTP/1.0 201 - python-swiftclient-3.11.1 gAAAAABprkbm0Q3S... 22 - - tx1182fc005cf44336ac43b-0069ae47af - 0.0194 - - 1773029295.658604145 1773029295.678051949 0
Mar 9 04:08:15 standalone container-server[123615]: 172.20.0.100 - - [09/Mar/2026:04:08:15 +0000] "HEAD /d1/342/AUTH_99813a8ee31846b8a9bfdc5904248362/gnocchi.726bf0ff-8ca7-4b28-9e36-489e0e86acb0" 404 - "HEAD http://localhost:8080/v1/AUTH_99813a8ee31846b8a9bfdc5904248362/gnocchi.726bf0ff-8ca7-4b28-9e36-489e0e86acb0?format=json&states=listing" "txec1e340b447b4304ba038-0069ae47af" "proxy-server 21" 0.0005 "-" 22 0
Mar 9 04:08:15 standalone object-server[123757]: 172.20.0.100 - - [09/Mar/2026:04:08:15 +0000] "GET /d1/201/AUTH_99813a8ee31846b8a9bfdc5904248362/gnocchi.726bf0ff-8ca7-4b28-9e36-489e0e86acb0/none_v3" 404 70 "GET http://localhost:8080/v1/AUTH_99813a8ee31846b8a9bfdc5904248362/gnocchi.726bf0ff-8ca7-4b28-9e36-489e0e86acb0/none_v3" "txec1e340b447b4304ba038-0069ae47af" "proxy-server 21" 0.0006 "-" 25 0
Mar 9 04:08:15 standalone proxy-server[125668]: 172.18.0.2 ::1 09/Mar/2026/04/08/15 GET /v1/AUTH_99813a8ee31846b8a9bfdc5904248362/gnocchi.726bf0ff-8ca7-4b28-9e36-489e0e86acb0/none_v3 HTTP/1.0 404 - python-swiftclient-3.11.1 gAAAAABprkbm0Q3S... - 70 - txec1e340b447b4304ba038-0069ae47af - 0.0109 - - 1773029295.690203667 1773029295.701105595 0
Mar 9 04:08:15 standalone account-server[123459]: 172.20.0.100 - - [09/Mar/2026:04:08:15 +0000] "PUT /d1/550/AUTH_99813a8ee31846b8a9bfdc5904248362/gnocchi.726bf0ff-8ca7-4b28-9e36-489e0e86acb0" 201 - "PUT http://172.20.0.100:6001/d1/342/AUTH_99813a8ee31846b8a9bfdc5904248362/gnocchi.726bf0ff-8ca7-4b28-9e36-489e0e86acb0" "tx5a8824f7abf345288852d-0069ae47af" "container-server 22" 0.0060 "-" 14 0
Mar 9 04:08:15 standalone container-server[123615]: 172.20.0.100 - - [09/Mar/2026:04:08:15 +0000] "PUT /d1/342/AUTH_99813a8ee31846b8a9bfdc5904248362/gnocchi.726bf0ff-8ca7-4b28-9e36-489e0e86acb0" 201 - "PUT http://localhost:8080/v1/AUTH_99813a8ee31846b8a9bfdc5904248362/gnocchi.726bf0ff-8ca7-4b28-9e36-489e0e86acb0" "tx5a8824f7abf345288852d-0069ae47af" "proxy-server 21" 0.0189 "-" 22 0
Mar 9 04:08:15 standalone proxy-server[125668]: 172.18.0.2 ::1 09/Mar/2026/04/08/15 PUT /v1/AUTH_99813a8ee31846b8a9bfdc5904248362/gnocchi.726bf0ff-8ca7-4b28-9e36-489e0e86acb0 HTTP/1.0 201 - python-swiftclient-3.11.1 gAAAAABprkbm0Q3S... - - - tx5a8824f7abf345288852d-0069ae47af - 0.0262 - - 1773029295.704967499 1773029295.731118679 0
Mar 9 04:08:15 standalone container-server[123589]: 172.20.0.100 - - [09/Mar/2026:04:08:15 +0000] "HEAD /d1/342/AUTH_99813a8ee31846b8a9bfdc5904248362/gnocchi.726bf0ff-8ca7-4b28-9e36-489e0e86acb0" 204 - "HEAD http://localhost:8080/v1/AUTH_99813a8ee31846b8a9bfdc5904248362/gnocchi.726bf0ff-8ca7-4b28-9e36-489e0e86acb0?format=json&states=listing" "txe095e7ba8a694e6b8fdb8-0069ae47af" "proxy-server 21" 0.0023 "-" 20 0
Mar 9 04:08:15 standalone proxy-server[125668]: - - 09/Mar/2026/04/08/15 HEAD /v1/AUTH_99813a8ee31846b8a9bfdc5904248362/gnocchi.726bf0ff-8ca7-4b28-9e36-489e0e86acb0%3Fformat%3Djson%26states%3Dlisting HTTP/1.0 204 - Swift - - - - txe095e7ba8a694e6b8fdb8-0069ae47af - 0.0080 RL - 1773029295.737680912 1773029295.745700598 0
Mar 9 04:08:15 standalone container-server[123593]: 172.20.0.100 - - [09/Mar/2026:04:08:15 +0000] "GET /d1/342/AUTH_99813a8ee31846b8a9bfdc5904248362/gnocchi.726bf0ff-8ca7-4b28-9e36-489e0e86acb0" 200 2 "GET http://localhost:8080/v1/AUTH_99813a8ee31846b8a9bfdc5904248362/gnocchi.726bf0ff-8ca7-4b28-9e36-489e0e86acb0?format=json&states=listing" "txe095e7ba8a694e6b8fdb8-0069ae47af" "proxy-server 21" 0.0035 "-" 21 0
Mar 9 04:08:15 standalone proxy-server[125668]: 172.18.0.2 ::1 09/Mar/2026/04/08/15 GET /v1/AUTH_99813a8ee31846b8a9bfdc5904248362/gnocchi.726bf0ff-8ca7-4b28-9e36-489e0e86acb0%3Fformat%3Djson%26states%3Dlisting HTTP/1.0 200 - python-swiftclient-3.11.1 gAAAAABprkbm0Q3S... - 2 - txe095e7ba8a694e6b8fdb8-0069ae47af - 0.0228 - - 1773029295.735763788 1773029295.758565664 0
Mar 9 04:08:15 standalone object-server[123754]: 172.20.0.100 - - [09/Mar/2026:04:08:15 +0000] "GET /d1/429/AUTH_99813a8ee31846b8a9bfdc5904248362/gnocchi.726bf0ff-8ca7-4b28-9e36-489e0e86acb0/1772280000.0_mean_300.0_v3" 404 70 "GET http://localhost:8080/v1/AUTH_99813a8ee31846b8a9bfdc5904248362/gnocchi.726bf0ff-8ca7-4b28-9e36-489e0e86acb0/1772280000.0_mean_300.0_v3" "txaef717f9e1864cb1bacc7-0069ae47af" "proxy-server 21" 0.0004 "-" 23 0
Mar 9 04:08:15 standalone proxy-server[125668]: 172.18.0.2 ::1 09/Mar/2026/04/08/15 GET /v1/AUTH_99813a8ee31846b8a9bfdc5904248362/gnocchi.726bf0ff-8ca7-4b28-9e36-489e0e86acb0/1772280000.0_mean_300.0_v3 HTTP/1.0 404 - python-swiftclient-3.11.1 gAAAAABprkbm0Q3S... - 70 - txaef717f9e1864cb1bacc7-0069ae47af - 0.0074 - - 1773029295.764316082 1773029295.771713734 0
Mar 9 04:08:15 standalone container-server[123589]: 172.20.0.100 - - [09/Mar/2026:04:08:15 +0000] "PUT /d1/342/AUTH_99813a8ee31846b8a9bfdc5904248362/gnocchi.726bf0ff-8ca7-4b28-9e36-489e0e86acb0/1772280000.0_mean_300.0_v3" 201 - "PUT http://localhost:8080/d1/429/AUTH_99813a8ee31846b8a9bfdc5904248362/gnocchi.726bf0ff-8ca7-4b28-9e36-489e0e86acb0/1772280000.0_mean_300.0_v3" "tx00b881092da24889bfa74-0069ae47af" "object-server 22" 0.0008 "-" 20 0
Mar 9 04:08:15 standalone object-server[123750]: 172.20.0.100 - - [09/Mar/2026:04:08:15 +0000] "PUT /d1/429/AUTH_99813a8ee31846b8a9bfdc5904248362/gnocchi.726bf0ff-8ca7-4b28-9e36-489e0e86acb0/1772280000.0_mean_300.0_v3" 201 - "PUT http://localhost:8080/v1/AUTH_99813a8ee31846b8a9bfdc5904248362/gnocchi.726bf0ff-8ca7-4b28-9e36-489e0e86acb0/1772280000.0_mean_300.0_v3" "tx00b881092da24889bfa74-0069ae47af" "proxy-server 21" 0.0107 "-" 22 0
Mar 9 04:08:15 standalone proxy-server[125668]: 172.18.0.2 ::1 09/Mar/2026/04/08/15 PUT /v1/AUTH_99813a8ee31846b8a9bfdc5904248362/gnocchi.726bf0ff-8ca7-4b28-9e36-489e0e86acb0/1772280000.0_mean_300.0_v3 HTTP/1.0 201 - python-swiftclient-3.11.1 gAAAAABprkbm0Q3S... 16 - - tx00b881092da24889bfa74-0069ae47af - 0.0180 - - 1773029295.776192188 1773029295.794212103 0
Mar 9 04:08:15 standalone container-server[123615]: 172.20.0.100 - - [09/Mar/2026:04:08:15 +0000] "PUT /d1/342/AUTH_99813a8ee31846b8a9bfdc5904248362/gnocchi.726bf0ff-8ca7-4b28-9e36-489e0e86acb0/none_v3" 201 - "PUT http://localhost:8080/d1/201/AUTH_99813a8ee31846b8a9bfdc5904248362/gnocchi.726bf0ff-8ca7-4b28-9e36-489e0e86acb0/none_v3" "txe509c6ceec004ba9bf489-0069ae47af" "object-server 22" 0.0007 "-" 22 0
Mar 9 04:08:15 standalone object-server[123750]: 172.20.0.100 - - [09/Mar/2026:04:08:15 +0000] "PUT /d1/201/AUTH_99813a8ee31846b8a9bfdc5904248362/gnocchi.726bf0ff-8ca7-4b28-9e36-489e0e86acb0/none_v3" 201 - "PUT http://localhost:8080/v1/AUTH_99813a8ee31846b8a9bfdc5904248362/gnocchi.726bf0ff-8ca7-4b28-9e36-489e0e86acb0/none_v3" "txe509c6ceec004ba9bf489-0069ae47af" "proxy-server 21" 0.0092 "-" 22 0
Mar 9 04:08:15 standalone proxy-server[125668]: 172.18.0.2 ::1 09/Mar/2026/04/08/15 PUT /v1/AUTH_99813a8ee31846b8a9bfdc5904248362/gnocchi.726bf0ff-8ca7-4b28-9e36-489e0e86acb0/none_v3 HTTP/1.0 201 - python-swiftclient-3.11.1 gAAAAABprkbm0Q3S... 22 - - txe509c6ceec004ba9bf489-0069ae47af - 0.0196 - - 1773029295.798455477 1773029295.818062782 0
Mar 9 04:08:15 standalone container-server[123581]: 172.20.0.100 - - [09/Mar/2026:04:08:15 +0000] "HEAD /d1/933/AUTH_99813a8ee31846b8a9bfdc5904248362/gnocchi.613f9423-2ee0-4f0b-86f7-8c37e1266404" 404 - "HEAD http://localhost:8080/v1/AUTH_99813a8ee31846b8a9bfdc5904248362/gnocchi.613f9423-2ee0-4f0b-86f7-8c37e1266404?format=json&states=listing" "tx66eb518026304725b27b9-0069ae47af" "proxy-server 21" 0.0006 "-" 19 0
Mar 9 04:08:15 standalone object-server[123754]: 172.20.0.100 - - [09/Mar/2026:04:08:15 +0000] "GET /d1/233/AUTH_99813a8ee31846b8a9bfdc5904248362/gnocchi.613f9423-2ee0-4f0b-86f7-8c37e1266404/none_v3" 404 70 "GET http://localhost:8080/v1/AUTH_99813a8ee31846b8a9bfdc5904248362/gnocchi.613f9423-2ee0-4f0b-86f7-8c37e1266404/none_v3" "tx66eb518026304725b27b9-0069ae47af" "proxy-server 21" 0.0010 "-" 23 0
Mar 9 04:08:15 standalone proxy-server[125668]: 172.18.0.2 ::1 09/Mar/2026/04/08/15 GET /v1/AUTH_99813a8ee31846b8a9bfdc5904248362/gnocchi.613f9423-2ee0-4f0b-86f7-8c37e1266404/none_v3 HTTP/1.0 404 - python-swiftclient-3.11.1 gAAAAABprkbm0Q3S... - 70 - tx66eb518026304725b27b9-0069ae47af - 0.0186 - - 1773029295.835305691 1773029295.853948832 0
Mar 9 04:08:15 standalone account-server[123462]: 172.20.0.100 - - [09/Mar/2026:04:08:15 +0000] "PUT /d1/550/AUTH_99813a8ee31846b8a9bfdc5904248362/gnocchi.613f9423-2ee0-4f0b-86f7-8c37e1266404" 201 - "PUT http://172.20.0.100:6001/d1/933/AUTH_99813a8ee31846b8a9bfdc5904248362/gnocchi.613f9423-2ee0-4f0b-86f7-8c37e1266404" "tx23f9b3e25f6c4c3e97658-0069ae47af" "container-server 19" 0.0062 "-" 15 0
Mar 9 04:08:15 standalone container-server[123581]: 172.20.0.100 - - [09/Mar/2026:04:08:15 +0000] "PUT /d1/933/AUTH_99813a8ee31846b8a9bfdc5904248362/gnocchi.613f9423-2ee0-4f0b-86f7-8c37e1266404" 201 - "PUT http://localhost:8080/v1/AUTH_99813a8ee31846b8a9bfdc5904248362/gnocchi.613f9423-2ee0-4f0b-86f7-8c37e1266404" "tx23f9b3e25f6c4c3e97658-0069ae47af" "proxy-server 21" 0.0160 "-" 19 0
Mar 9 04:08:15 standalone proxy-server[125668]: 172.18.0.2 ::1 09/Mar/2026/04/08/15 PUT /v1/AUTH_99813a8ee31846b8a9bfdc5904248362/gnocchi.613f9423-2ee0-4f0b-86f7-8c37e1266404 HTTP/1.0 201 - python-swiftclient-3.11.1 gAAAAABprkbm0Q3S... - - - tx23f9b3e25f6c4c3e97658-0069ae47af - 0.0218 - - 1773029295.858142614 1773029295.879935026 0
Mar 9 04:08:15 standalone container-server[123593]: 172.20.0.100 - - [09/Mar/2026:04:08:15 +0000] "HEAD /d1/933/AUTH_99813a8ee31846b8a9bfdc5904248362/gnocchi.613f9423-2ee0-4f0b-86f7-8c37e1266404" 204 - "HEAD http://localhost:8080/v1/AUTH_99813a8ee31846b8a9bfdc5904248362/gnocchi.613f9423-2ee0-4f0b-86f7-8c37e1266404?format=json&states=listing" "txebf6ffb631e444d2b9732-0069ae47af" "proxy-server 21" 0.0025 "-" 21 0
Mar 9 04:08:15 standalone proxy-server[125668]: - - 09/Mar/2026/04/08/15 HEAD /v1/AUTH_99813a8ee31846b8a9bfdc5904248362/gnocchi.613f9423-2ee0-4f0b-86f7-8c37e1266404%3Fformat%3Djson%26states%3Dlisting HTTP/1.0 204 - Swift - - - - txebf6ffb631e444d2b9732-0069ae47af - 0.0065 RL - 1773029295.885813475 1773029295.892295361 0
Mar 9 04:08:15 standalone container-server[123593]: 172.20.0.100 - - [09/Mar/2026:04:08:15 +0000] "GET /d1/933/AUTH_99813a8ee31846b8a9bfdc5904248362/gnocchi.613f9423-2ee0-4f0b-86f7-8c37e1266404" 200 2 "GET http://localhost:8080/v1/AUTH_99813a8ee31846b8a9bfdc5904248362/gnocchi.613f9423-2ee0-4f0b-86f7-8c37e1266404?format=json&states=listing" "txebf6ffb631e444d2b9732-0069ae47af" "proxy-server 21" 0.0032 "-" 21 0
Mar 9 04:08:15 standalone proxy-server[125668]: 172.18.0.2 ::1 09/Mar/2026/04/08/15 GET /v1/AUTH_99813a8ee31846b8a9bfdc5904248362/gnocchi.613f9423-2ee0-4f0b-86f7-8c37e1266404%3Fformat%3Djson%26states%3Dlisting HTTP/1.0 200 - python-swiftclient-3.11.1 gAAAAABprkbm0Q3S... - 2 - txebf6ffb631e444d2b9732-0069ae47af - 0.0176 - - 1773029295.884403944 1773029295.901998758 0
Mar 9 04:08:15 standalone object-server[123757]: 172.20.0.100 - - [09/Mar/2026:04:08:15 +0000] "GET /d1/329/AUTH_99813a8ee31846b8a9bfdc5904248362/gnocchi.613f9423-2ee0-4f0b-86f7-8c37e1266404/1772280000.0_mean_300.0_v3" 404 70 "GET http://localhost:8080/v1/AUTH_99813a8ee31846b8a9bfdc5904248362/gnocchi.613f9423-2ee0-4f0b-86f7-8c37e1266404/1772280000.0_mean_300.0_v3" "tx51202eb030eb46e3a547e-0069ae47af" "proxy-server 21" 0.0006 "-" 25 0
Mar 9 04:08:15 standalone proxy-server[125668]: 172.18.0.2 ::1 09/Mar/2026/04/08/15 GET /v1/AUTH_99813a8ee31846b8a9bfdc5904248362/gnocchi.613f9423-2ee0-4f0b-86f7-8c37e1266404/1772280000.0_mean_300.0_v3 HTTP/1.0 404 - python-swiftclient-3.11.1 gAAAAABprkbm0Q3S... - 70 - tx51202eb030eb46e3a547e-0069ae47af - 0.0068 - - 1773029295.907887697 1773029295.914680243 0
Mar 9 04:08:15 standalone container-server[123615]: 172.20.0.100 - - [09/Mar/2026:04:08:15 +0000] "PUT /d1/933/AUTH_99813a8ee31846b8a9bfdc5904248362/gnocchi.613f9423-2ee0-4f0b-86f7-8c37e1266404/1772280000.0_mean_300.0_v3" 201 - "PUT http://localhost:8080/d1/329/AUTH_99813a8ee31846b8a9bfdc5904248362/gnocchi.613f9423-2ee0-4f0b-86f7-8c37e1266404/1772280000.0_mean_300.0_v3" "tx19d2d321ad2c47f28d30f-0069ae47af" "object-server 22" 0.0009 "-" 22 0
Mar 9 04:08:15 standalone object-server[123750]: 172.20.0.100 - - [09/Mar/2026:04:08:15 +0000] "PUT /d1/329/AUTH_99813a8ee31846b8a9bfdc5904248362/gnocchi.613f9423-2ee0-4f0b-86f7-8c37e1266404/1772280000.0_mean_300.0_v3" 201 - "PUT http://localhost:8080/v1/AUTH_99813a8ee31846b8a9bfdc5904248362/gnocchi.613f9423-2ee0-4f0b-86f7-8c37e1266404/1772280000.0_mean_300.0_v3" "tx19d2d321ad2c47f28d30f-0069ae47af" "proxy-server 21" 0.0159 "-" 22 0
Mar 9 04:08:15 standalone proxy-server[125668]: 172.18.0.2 ::1 09/Mar/2026/04/08/15 PUT /v1/AUTH_99813a8ee31846b8a9bfdc5904248362/gnocchi.613f9423-2ee0-4f0b-86f7-8c37e1266404/1772280000.0_mean_300.0_v3 HTTP/1.0 201 - python-swiftclient-3.11.1 gAAAAABprkbm0Q3S... 16 - - tx19d2d321ad2c47f28d30f-0069ae47af - 0.0233 - - 1773029295.919286251 1773029295.942605972 0
Mar 9 04:08:15 standalone container-server[123581]: 172.20.0.100 - - [09/Mar/2026:04:08:15 +0000] "PUT /d1/933/AUTH_99813a8ee31846b8a9bfdc5904248362/gnocchi.613f9423-2ee0-4f0b-86f7-8c37e1266404/none_v3" 201 - "PUT http://localhost:8080/d1/233/AUTH_99813a8ee31846b8a9bfdc5904248362/gnocchi.613f9423-2ee0-4f0b-86f7-8c37e1266404/none_v3" "tx4c18ab5738c643518ddf7-0069ae47af" "object-server 24" 0.0008 "-" 19 0
Mar 9 04:08:15 standalone object-server[123756]: 172.20.0.100 - - [09/Mar/2026:04:08:15 +0000] "PUT /d1/233/AUTH_99813a8ee31846b8a9bfdc5904248362/gnocchi.613f9423-2ee0-4f0b-86f7-8c37e1266404/none_v3" 201 - "PUT http://localhost:8080/v1/AUTH_99813a8ee31846b8a9bfdc5904248362/gnocchi.613f9423-2ee0-4f0b-86f7-8c37e1266404/none_v3" "tx4c18ab5738c643518ddf7-0069ae47af" "proxy-server 21" 0.0117 "-" 24 0
Mar 9 04:08:15 standalone proxy-server[125668]: 172.18.0.2 ::1 09/Mar/2026/04/08/15 PUT /v1/AUTH_99813a8ee31846b8a9bfdc5904248362/gnocchi.613f9423-2ee0-4f0b-86f7-8c37e1266404/none_v3 HTTP/1.0 201 - python-swiftclient-3.11.1 gAAAAABprkbm0Q3S... 22 - - tx4c18ab5738c643518ddf7-0069ae47af - 0.0190 - - 1773029295.947395086 1773029295.966414928 0
Mar 9 04:08:15 standalone container-server[123589]: 172.20.0.100 - - [09/Mar/2026:04:08:15 +0000] "HEAD /d1/820/AUTH_99813a8ee31846b8a9bfdc5904248362/gnocchi.e971333d-1d20-4b62-94bc-bb1a381a239a" 404 - "HEAD http://localhost:8080/v1/AUTH_99813a8ee31846b8a9bfdc5904248362/gnocchi.e971333d-1d20-4b62-94bc-bb1a381a239a?format=json&states=listing" "tx528fde2628444899b3e32-0069ae47af" "proxy-server 21" 0.0008 "-" 20 0
Mar 9 04:08:16 standalone object-server[123757]: 172.20.0.100 - - [09/Mar/2026:04:08:16 +0000] "GET /d1/591/AUTH_99813a8ee31846b8a9bfdc5904248362/gnocchi.e971333d-1d20-4b62-94bc-bb1a381a239a/none_v3" 404 70 "GET http://localhost:8080/v1/AUTH_99813a8ee31846b8a9bfdc5904248362/gnocchi.e971333d-1d20-4b62-94bc-bb1a381a239a/none_v3" "tx528fde2628444899b3e32-0069ae47af" "proxy-server 21" 0.0006 "-" 25 0
Mar 9 04:08:16 standalone proxy-server[125668]: 172.18.0.2 ::1 09/Mar/2026/04/08/16 GET /v1/AUTH_99813a8ee31846b8a9bfdc5904248362/gnocchi.e971333d-1d20-4b62-94bc-bb1a381a239a/none_v3 HTTP/1.0 404 - python-swiftclient-3.11.1 gAAAAABprkbm0Q3S... - 70 - tx528fde2628444899b3e32-0069ae47af - 0.0149 - - 1773029295.989763498 1773029296.004633427 0
Mar 9 04:08:16 standalone account-server[123472]: 172.20.0.100 - - [09/Mar/2026:04:08:16 +0000] "PUT /d1/550/AUTH_99813a8ee31846b8a9bfdc5904248362/gnocchi.e971333d-1d20-4b62-94bc-bb1a381a239a" 201 - "PUT http://172.20.0.100:6001/d1/820/AUTH_99813a8ee31846b8a9bfdc5904248362/gnocchi.e971333d-1d20-4b62-94bc-bb1a381a239a" "txb06b5ee30bc24a2bb0222-0069ae47b0" "container-server 22" 0.0069 "-" 16 0
Mar 9 04:08:16 standalone container-server[123615]: 172.20.0.100 - - [09/Mar/2026:04:08:16 +0000] "PUT /d1/820/AUTH_99813a8ee31846b8a9bfdc5904248362/gnocchi.e971333d-1d20-4b62-94bc-bb1a381a239a" 201 - "PUT http://localhost:8080/v1/AUTH_99813a8ee31846b8a9bfdc5904248362/gnocchi.e971333d-1d20-4b62-94bc-bb1a381a239a" "txb06b5ee30bc24a2bb0222-0069ae47b0" "proxy-server 21" 0.0255 "-" 22 0
Mar 9 04:08:16 standalone proxy-server[125668]: 172.18.0.2 ::1 09/Mar/2026/04/08/16 PUT /v1/AUTH_99813a8ee31846b8a9bfdc5904248362/gnocchi.e971333d-1d20-4b62-94bc-bb1a381a239a HTTP/1.0 201 - python-swiftclient-3.11.1 gAAAAABprkbm0Q3S... - - - txb06b5ee30bc24a2bb0222-0069ae47b0 - 0.0340 - - 1773029296.011106730 1773029296.045118809 0
Mar 9 04:08:16 standalone container-server[123589]: 172.20.0.100 - - [09/Mar/2026:04:08:16 +0000] "HEAD /d1/820/AUTH_99813a8ee31846b8a9bfdc5904248362/gnocchi.e971333d-1d20-4b62-94bc-bb1a381a239a" 204 - "HEAD http://localhost:8080/v1/AUTH_99813a8ee31846b8a9bfdc5904248362/gnocchi.e971333d-1d20-4b62-94bc-bb1a381a239a?format=json&states=listing" "tx5d3e1cccf05546f9b60c8-0069ae47b0" "proxy-server 21" 0.0024 "-" 20 0
Mar 9 04:08:16 standalone proxy-server[125668]: - - 09/Mar/2026/04/08/16 HEAD /v1/AUTH_99813a8ee31846b8a9bfdc5904248362/gnocchi.e971333d-1d20-4b62-94bc-bb1a381a239a%3Fformat%3Djson%26states%3Dlisting HTTP/1.0 204 - Swift - - - - tx5d3e1cccf05546f9b60c8-0069ae47b0 - 0.0070 RL - 1773029296.053511620 1773029296.060549259 0
Mar 9 04:08:16 standalone container-server[123615]: 172.20.0.100 - - [09/Mar/2026:04:08:16 +0000] "GET /d1/820/AUTH_99813a8ee31846b8a9bfdc5904248362/gnocchi.e971333d-1d20-4b62-94bc-bb1a381a239a" 200 2 "GET http://localhost:8080/v1/AUTH_99813a8ee31846b8a9bfdc5904248362/gnocchi.e971333d-1d20-4b62-94bc-bb1a381a239a?format=json&states=listing" "tx5d3e1cccf05546f9b60c8-0069ae47b0" "proxy-server 21" 0.0036 "-" 22 0
Mar 9 04:08:16 standalone proxy-server[125668]: 172.18.0.2 ::1 09/Mar/2026/04/08/16 GET /v1/AUTH_99813a8ee31846b8a9bfdc5904248362/gnocchi.e971333d-1d20-4b62-94bc-bb1a381a239a%3Fformat%3Djson%26states%3Dlisting HTTP/1.0 200 - python-swiftclient-3.11.1 gAAAAABprkbm0Q3S... - 2 - tx5d3e1cccf05546f9b60c8-0069ae47b0 - 0.0202 - - 1773029296.052062511 1773029296.072229147 0
Mar 9 04:08:16 standalone object-server[123754]: 172.20.0.100 - - [09/Mar/2026:04:08:16 +0000] "GET /d1/774/AUTH_99813a8ee31846b8a9bfdc5904248362/gnocchi.e971333d-1d20-4b62-94bc-bb1a381a239a/1772280000.0_mean_300.0_v3" 404 70 "GET http://localhost:8080/v1/AUTH_99813a8ee31846b8a9bfdc5904248362/gnocchi.e971333d-1d20-4b62-94bc-bb1a381a239a/1772280000.0_mean_300.0_v3" "txb5e439ddb2cc439caf567-0069ae47b0" "proxy-server 21" 0.0004 "-" 23 0
Mar 9 04:08:16 standalone proxy-server[125668]: 172.18.0.2 ::1 09/Mar/2026/04/08/16 GET /v1/AUTH_99813a8ee31846b8a9bfdc5904248362/gnocchi.e971333d-1d20-4b62-94bc-bb1a381a239a/1772280000.0_mean_300.0_v3 HTTP/1.0 404 - python-swiftclient-3.11.1 gAAAAABprkbm0Q3S... - 70 - txb5e439ddb2cc439caf567-0069ae47b0 - 0.0071 - - 1773029296.077736616 1773029296.084792376 0
Mar 9 04:08:16 standalone container-server[123581]: 172.20.0.100 - - [09/Mar/2026:04:08:16 +0000] "PUT /d1/820/AUTH_99813a8ee31846b8a9bfdc5904248362/gnocchi.e971333d-1d20-4b62-94bc-bb1a381a239a/1772280000.0_mean_300.0_v3" 201 - "PUT http://localhost:8080/d1/774/AUTH_99813a8ee31846b8a9bfdc5904248362/gnocchi.e971333d-1d20-4b62-94bc-bb1a381a239a/1772280000.0_mean_300.0_v3" "tx934f5e68f9a64620af833-0069ae47b0" "object-server 24" 0.0009 "-" 19 0
Mar 9 04:08:16 standalone object-server[123756]: 172.20.0.100 - - [09/Mar/2026:04:08:16 +0000] "PUT /d1/774/AUTH_99813a8ee31846b8a9bfdc5904248362/gnocchi.e971333d-1d20-4b62-94bc-bb1a381a239a/1772280000.0_mean_300.0_v3" 201 - "PUT http://localhost:8080/v1/AUTH_99813a8ee31846b8a9bfdc5904248362/gnocchi.e971333d-1d20-4b62-94bc-bb1a381a239a/1772280000.0_mean_300.0_v3" "tx934f5e68f9a64620af833-0069ae47b0" "proxy-server 21" 0.0140 "-" 24 0
Mar 9 04:08:16 standalone proxy-server[125668]: 172.18.0.2 ::1 09/Mar/2026/04/08/16 PUT /v1/AUTH_99813a8ee31846b8a9bfdc5904248362/gnocchi.e971333d-1d20-4b62-94bc-bb1a381a239a/1772280000.0_mean_300.0_v3 HTTP/1.0 201 - python-swiftclient-3.11.1 gAAAAABprkbm0Q3S... 16 - - tx934f5e68f9a64620af833-0069ae47b0 - 0.0214 - - 1773029296.089155912 1773029296.110593796 0
Mar 9 04:08:16 standalone container-server[123589]: 172.20.0.100 - - [09/Mar/2026:04:08:16 +0000] "PUT /d1/820/AUTH_99813a8ee31846b8a9bfdc5904248362/gnocchi.e971333d-1d20-4b62-94bc-bb1a381a239a/none_v3" 201 - "PUT http://localhost:8080/d1/591/AUTH_99813a8ee31846b8a9bfdc5904248362/gnocchi.e971333d-1d20-4b62-94bc-bb1a381a239a/none_v3" "tx0eb64804abfd4a85a8ac1-0069ae47b0" "object-server 22" 0.0007 "-" 20 0
Mar 9 04:08:16 standalone object-server[123750]: 172.20.0.100 - - [09/Mar/2026:04:08:16 +0000] "PUT /d1/591/AUTH_99813a8ee31846b8a9bfdc5904248362/gnocchi.e971333d-1d20-4b62-94bc-bb1a381a239a/none_v3" 201 - "PUT http://localhost:8080/v1/AUTH_99813a8ee31846b8a9bfdc5904248362/gnocchi.e971333d-1d20-4b62-94bc-bb1a381a239a/none_v3" "tx0eb64804abfd4a85a8ac1-0069ae47b0" "proxy-server 21" 0.0111 "-" 22 0
Mar 9 04:08:16 standalone proxy-server[125668]: 172.18.0.2 ::1 09/Mar/2026/04/08/16 PUT /v1/AUTH_99813a8ee31846b8a9bfdc5904248362/gnocchi.e971333d-1d20-4b62-94bc-bb1a381a239a/none_v3 HTTP/1.0 201 - python-swiftclient-3.11.1 gAAAAABprkbm0Q3S... 22 - - tx0eb64804abfd4a85a8ac1-0069ae47b0 - 0.0183 - - 1773029296.117523193 1773029296.135831118 0
Mar 9 04:08:16 standalone container-server[123615]: 172.20.0.100 - - [09/Mar/2026:04:08:16 +0000] "HEAD /d1/993/AUTH_99813a8ee31846b8a9bfdc5904248362/gnocchi.5929788d-c8c0-47f5-8607-4160edfcd74f" 404 - "HEAD http://localhost:8080/v1/AUTH_99813a8ee31846b8a9bfdc5904248362/gnocchi.5929788d-c8c0-47f5-8607-4160edfcd74f?format=json&states=listing" "tx91dd2da725584d808ccb8-0069ae47b0" "proxy-server 21" 0.0006 "-" 22 0
Mar 9 04:08:16 standalone object-server[123750]: 172.20.0.100 - - [09/Mar/2026:04:08:16 +0000] "GET /d1/93/AUTH_99813a8ee31846b8a9bfdc5904248362/gnocchi.5929788d-c8c0-47f5-8607-4160edfcd74f/none_v3" 404 70 "GET http://localhost:8080/v1/AUTH_99813a8ee31846b8a9bfdc5904248362/gnocchi.5929788d-c8c0-47f5-8607-4160edfcd74f/none_v3" "tx91dd2da725584d808ccb8-0069ae47b0" "proxy-server 21" 0.0007 "-" 22 0
Mar 9 04:08:16 standalone proxy-server[125668]: 172.18.0.2 ::1 09/Mar/2026/04/08/16 GET /v1/AUTH_99813a8ee31846b8a9bfdc5904248362/gnocchi.5929788d-c8c0-47f5-8607-4160edfcd74f/none_v3 HTTP/1.0 404 - python-swiftclient-3.11.1 gAAAAABprkbm0Q3S... - 70 - tx91dd2da725584d808ccb8-0069ae47b0 - 0.0117 - - 1773029296.152539968 1773029296.164232016 0
Mar 9 04:08:16 standalone account-server[123472]: 172.20.0.100 - - [09/Mar/2026:04:08:16 +0000] "PUT /d1/550/AUTH_99813a8ee31846b8a9bfdc5904248362/gnocchi.5929788d-c8c0-47f5-8607-4160edfcd74f" 201 - "PUT http://172.20.0.100:6001/d1/993/AUTH_99813a8ee31846b8a9bfdc5904248362/gnocchi.5929788d-c8c0-47f5-8607-4160edfcd74f" "txcea34dd9e1f24bcea1909-0069ae47b0" "container-server 19" 0.0069 "-" 16 0
Mar 9 04:08:16 standalone container-server[123581]: 172.20.0.100 - - [09/Mar/2026:04:08:16 +0000] "PUT /d1/993/AUTH_99813a8ee31846b8a9bfdc5904248362/gnocchi.5929788d-c8c0-47f5-8607-4160edfcd74f" 201 - "PUT http://localhost:8080/v1/AUTH_99813a8ee31846b8a9bfdc5904248362/gnocchi.5929788d-c8c0-47f5-8607-4160edfcd74f" "txcea34dd9e1f24bcea1909-0069ae47b0" "proxy-server 21" 0.0226 "-" 19 0
Mar 9 04:08:16 standalone proxy-server[125668]: 172.18.0.2 ::1 09/Mar/2026/04/08/16 PUT /v1/AUTH_99813a8ee31846b8a9bfdc5904248362/gnocchi.5929788d-c8c0-47f5-8607-4160edfcd74f HTTP/1.0 201 - python-swiftclient-3.11.1 gAAAAABprkbm0Q3S... - - - txcea34dd9e1f24bcea1909-0069ae47b0 - 0.0320 - - 1773029296.168117523 1773029296.200070620 0
Mar 9 04:08:16 standalone container-server[123615]: 172.20.0.100 - - [09/Mar/2026:04:08:16 +0000] "HEAD /d1/993/AUTH_99813a8ee31846b8a9bfdc5904248362/gnocchi.5929788d-c8c0-47f5-8607-4160edfcd74f" 204 - "HEAD http://localhost:8080/v1/AUTH_99813a8ee31846b8a9bfdc5904248362/gnocchi.5929788d-c8c0-47f5-8607-4160edfcd74f?format=json&states=listing" "txb43f8190bd9940cf98990-0069ae47b0" "proxy-server 21" 0.0022 "-" 22 0
Mar 9 04:08:16 standalone proxy-server[125668]: - - 09/Mar/2026/04/08/16 HEAD /v1/AUTH_99813a8ee31846b8a9bfdc5904248362/gnocchi.5929788d-c8c0-47f5-8607-4160edfcd74f%3Fformat%3Djson%26states%3Dlisting HTTP/1.0 204 - Swift - - - - txb43f8190bd9940cf98990-0069ae47b0 - 0.0062 RL - 1773029296.206632137 1773029296.212788582 0
Mar 9 04:08:16 standalone container-server[123581]: 172.20.0.100 - - [09/Mar/2026:04:08:16 +0000] "GET /d1/993/AUTH_99813a8ee31846b8a9bfdc5904248362/gnocchi.5929788d-c8c0-47f5-8607-4160edfcd74f" 200 2 "GET http://localhost:8080/v1/AUTH_99813a8ee31846b8a9bfdc5904248362/gnocchi.5929788d-c8c0-47f5-8607-4160edfcd74f?format=json&states=listing" "txb43f8190bd9940cf98990-0069ae47b0" "proxy-server 21" 0.0034 "-" 19 0
Mar 9 04:08:16 standalone proxy-server[125668]: 172.18.0.2 ::1 09/Mar/2026/04/08/16 GET /v1/AUTH_99813a8ee31846b8a9bfdc5904248362/gnocchi.5929788d-c8c0-47f5-8607-4160edfcd74f%3Fformat%3Djson%26states%3Dlisting HTTP/1.0 200 - python-swiftclient-3.11.1 gAAAAABprkbm0Q3S... - 2 - txb43f8190bd9940cf98990-0069ae47b0 - 0.0175 - - 1773029296.205309868 1773029296.222800493 0
Mar 9 04:08:16 standalone object-server[123757]: 172.20.0.100 - - [09/Mar/2026:04:08:16 +0000] "GET /d1/897/AUTH_99813a8ee31846b8a9bfdc5904248362/gnocchi.5929788d-c8c0-47f5-8607-4160edfcd74f/1772280000.0_mean_300.0_v3" 404 70 "GET http://localhost:8080/v1/AUTH_99813a8ee31846b8a9bfdc5904248362/gnocchi.5929788d-c8c0-47f5-8607-4160edfcd74f/1772280000.0_mean_300.0_v3" "tx7f4e579db7614549af262-0069ae47b0" "proxy-server 21" 0.0005 "-" 25 0
Mar 9 04:08:16 standalone proxy-server[125668]: 172.18.0.2 ::1 09/Mar/2026/04/08/16 GET /v1/AUTH_99813a8ee31846b8a9bfdc5904248362/gnocchi.5929788d-c8c0-47f5-8607-4160edfcd74f/1772280000.0_mean_300.0_v3 HTTP/1.0 404 - python-swiftclient-3.11.1 gAAAAABprkbm0Q3S... - 70 - tx7f4e579db7614549af262-0069ae47b0 - 0.0073 - - 1773029296.227925062 1773029296.235195637 0
Mar 9 04:08:16 standalone container-server[123615]: 172.20.0.100 - - [09/Mar/2026:04:08:16 +0000] "PUT /d1/993/AUTH_99813a8ee31846b8a9bfdc5904248362/gnocchi.5929788d-c8c0-47f5-8607-4160edfcd74f/1772280000.0_mean_300.0_v3" 201 - "PUT http://localhost:8080/d1/897/AUTH_99813a8ee31846b8a9bfdc5904248362/gnocchi.5929788d-c8c0-47f5-8607-4160edfcd74f/1772280000.0_mean_300.0_v3" "tx3cc098eb5b1a496ca45f2-0069ae47b0" "object-server 22" 0.0010 "-" 22 0
Mar 9 04:08:16 standalone object-server[123750]: 172.20.0.100 - - [09/Mar/2026:04:08:16 +0000] "PUT /d1/897/AUTH_99813a8ee31846b8a9bfdc5904248362/gnocchi.5929788d-c8c0-47f5-8607-4160edfcd74f/1772280000.0_mean_300.0_v3" 201 - "PUT http://localhost:8080/v1/AUTH_99813a8ee31846b8a9bfdc5904248362/gnocchi.5929788d-c8c0-47f5-8607-4160edfcd74f/1772280000.0_mean_300.0_v3" "tx3cc098eb5b1a496ca45f2-0069ae47b0" "proxy-server 21" 0.0151 "-" 22 0
Mar 9 04:08:16 standalone proxy-server[125668]: 172.18.0.2 ::1 09/Mar/2026/04/08/16 PUT /v1/AUTH_99813a8ee31846b8a9bfdc5904248362/gnocchi.5929788d-c8c0-47f5-8607-4160edfcd74f/1772280000.0_mean_300.0_v3 HTTP/1.0 201 - python-swiftclient-3.11.1 gAAAAABprkbm0Q3S... 16 - - tx3cc098eb5b1a496ca45f2-0069ae47b0 - 0.0230 - - 1773029296.239388227 1773029296.262368441 0
Mar 9 04:08:16 standalone container-server[123615]: 172.20.0.100 - - [09/Mar/2026:04:08:16 +0000] "PUT /d1/993/AUTH_99813a8ee31846b8a9bfdc5904248362/gnocchi.5929788d-c8c0-47f5-8607-4160edfcd74f/none_v3" 201 - "PUT http://localhost:8080/d1/93/AUTH_99813a8ee31846b8a9bfdc5904248362/gnocchi.5929788d-c8c0-47f5-8607-4160edfcd74f/none_v3" "tx6c78b8ad8445424396610-0069ae47b0" "object-server 23" 0.0007 "-" 22 0
Mar 9 04:08:16 standalone object-server[123754]: 172.20.0.100 - - [09/Mar/2026:04:08:16 +0000] "PUT /d1/93/AUTH_99813a8ee31846b8a9bfdc5904248362/gnocchi.5929788d-c8c0-47f5-8607-4160edfcd74f/none_v3" 201 - "PUT http://localhost:8080/v1/AUTH_99813a8ee31846b8a9bfdc5904248362/gnocchi.5929788d-c8c0-47f5-8607-4160edfcd74f/none_v3" "tx6c78b8ad8445424396610-0069ae47b0" "proxy-server 21" 0.0161 "-" 23 0
Mar 9 04:08:16 standalone proxy-server[125668]: 172.18.0.2 ::1 09/Mar/2026/04/08/16 PUT /v1/AUTH_99813a8ee31846b8a9bfdc5904248362/gnocchi.5929788d-c8c0-47f5-8607-4160edfcd74f/none_v3 HTTP/1.0 201 - python-swiftclient-3.11.1 gAAAAABprkbm0Q3S... 22 - - tx6c78b8ad8445424396610-0069ae47b0 - 0.0243 - - 1773029296.266845703 1773029296.291131020 0
Mar 9 04:08:16 standalone container-server[123593]: 172.20.0.100 - - [09/Mar/2026:04:08:16 +0000] "HEAD /d1/469/AUTH_99813a8ee31846b8a9bfdc5904248362/gnocchi.600ce8bc-7b3f-4eae-bdff-f6b6da6db47c" 404 - "HEAD http://localhost:8080/v1/AUTH_99813a8ee31846b8a9bfdc5904248362/gnocchi.600ce8bc-7b3f-4eae-bdff-f6b6da6db47c?format=json&states=listing" "tx14643888083d4f2bbd914-0069ae47b0" "proxy-server 21" 0.0003 "-" 21 0
Mar 9 04:08:16 standalone object-server[123757]: 172.20.0.100 - - [09/Mar/2026:04:08:16 +0000] "GET /d1/814/AUTH_99813a8ee31846b8a9bfdc5904248362/gnocchi.600ce8bc-7b3f-4eae-bdff-f6b6da6db47c/none_v3" 404 70 "GET http://localhost:8080/v1/AUTH_99813a8ee31846b8a9bfdc5904248362/gnocchi.600ce8bc-7b3f-4eae-bdff-f6b6da6db47c/none_v3" "tx14643888083d4f2bbd914-0069ae47b0" "proxy-server 21" 0.0003 "-" 25 0
Mar 9 04:08:16 standalone proxy-server[125668]: 172.18.0.2 ::1 09/Mar/2026/04/08/16 GET /v1/AUTH_99813a8ee31846b8a9bfdc5904248362/gnocchi.600ce8bc-7b3f-4eae-bdff-f6b6da6db47c/none_v3 HTTP/1.0 404 - python-swiftclient-3.11.1 gAAAAABprkbm0Q3S... - 70 - tx14643888083d4f2bbd914-0069ae47b0 - 0.0074 - - 1773029296.307543993 1773029296.314962149 0
Mar 9 04:08:16 standalone account-server[123462]: 172.20.0.100 - - [09/Mar/2026:04:08:16 +0000] "PUT /d1/550/AUTH_99813a8ee31846b8a9bfdc5904248362/gnocchi.600ce8bc-7b3f-4eae-bdff-f6b6da6db47c" 201 - "PUT http://172.20.0.100:6001/d1/469/AUTH_99813a8ee31846b8a9bfdc5904248362/gnocchi.600ce8bc-7b3f-4eae-bdff-f6b6da6db47c" "tx57b0917e8d734c80a3417-0069ae47b0" "container-server 21" 0.0060 "-" 15 0
Mar 9 04:08:16 standalone container-server[123593]: 172.20.0.100 - - [09/Mar/2026:04:08:16 +0000] "PUT /d1/469/AUTH_99813a8ee31846b8a9bfdc5904248362/gnocchi.600ce8bc-7b3f-4eae-bdff-f6b6da6db47c" 201 - "PUT http://localhost:8080/v1/AUTH_99813a8ee31846b8a9bfdc5904248362/gnocchi.600ce8bc-7b3f-4eae-bdff-f6b6da6db47c" "tx57b0917e8d734c80a3417-0069ae47b0" "proxy-server 21" 0.0340 "-" 21 0
