Mar 9 03:53:17 standalone account-server[123277]: Started child 14 from parent 2
Mar 9 03:53:17 standalone account-server[123277]: Started child 15 from parent 2
Mar 9 03:53:17 standalone account-server[123277]: Started child 16 from parent 2
Mar 9 03:53:17 standalone account-server[123244]: Starting 2
Mar 9 03:53:17 standalone account-server[123277]: Started child 17 from parent 2
Mar 9 03:53:17 standalone container-server[123429]: Option allow_versions is deprecated. Configure the versioned_writes middleware in the proxy-server instead. This option will be ignored in a future release.
Mar 9 03:53:17 standalone container-server[123581]: Option allow_versions is deprecated. Configure the versioned_writes middleware in the proxy-server instead. This option will be ignored in a future release.
Mar 9 03:53:17 standalone container-server[123429]: Started child 19 from parent 2
Mar 9 03:53:17 standalone container-server[123589]: Option allow_versions is deprecated. Configure the versioned_writes middleware in the proxy-server instead. This option will be ignored in a future release.
Mar 9 03:53:17 standalone container-server[123429]: Started child 20 from parent 2
Mar 9 03:53:17 standalone container-server[123593]: Option allow_versions is deprecated. Configure the versioned_writes middleware in the proxy-server instead. This option will be ignored in a future release.
Mar 9 03:53:17 standalone container-server[123429]: Started child 21 from parent 2
Mar 9 03:53:17 standalone container-server[123615]: Option allow_versions is deprecated. Configure the versioned_writes middleware in the proxy-server instead. This option will be ignored in a future release.
Mar 9 03:53:17 standalone container-server[123429]: Started child 22 from parent 2
Mar 9 03:53:18 standalone container-server[123574]: Starting 2
Mar 9 03:53:18 standalone object-expirer[123577]: Starting 2
Mar 9 03:53:18 standalone object-expirer[123577]: Option auto_create_account_prefix is deprecated. Configure auto_create_account_prefix under the swift-constraints section of swift.conf. This option will be ignored in a future release.
Mar 9 03:53:18 standalone object-server[123612]: Started child 22 from parent 2
Mar 9 03:53:18 standalone object-server[123612]: Started child 23 from parent 2
Mar 9 03:53:18 standalone object-server[123612]: Started child 24 from parent 2
Mar 9 03:53:18 standalone object-server[123612]: Started child 25 from parent 2
Mar 9 03:53:18 standalone object-server[123759]: Starting 2
Mar 9 03:53:24 standalone proxy-server[125494]: Starting Keystone auth_token middleware
Mar 9 03:53:24 standalone proxy-server[125494]: AuthToken middleware is set with keystone_authtoken.service_token_roles_required set to False. This is backwards compatible but deprecated behaviour. Please set this to True.
Mar 9 03:53:24 standalone proxy-server[125668]: Starting Keystone auth_token middleware
Mar 9 03:53:24 standalone proxy-server[125668]: STDERR: The option "bind_port" is not known to keystonemiddleware
Mar 9 03:53:24 standalone proxy-server[125668]: STDERR: The option "workers" is not known to keystonemiddleware
Mar 9 03:53:24 standalone proxy-server[125668]: STDERR: The option "user" is not known to keystonemiddleware
Mar 9 03:53:24 standalone proxy-server[125668]: STDERR: The option "bind_ip" is not known to keystonemiddleware
Mar 9 03:53:24 standalone proxy-server[125668]: STDERR: The option "log_name" is not known to keystonemiddleware
Mar 9 03:53:24 standalone proxy-server[125668]: STDERR: The option "log_facility" is not known to keystonemiddleware
Mar 9 03:53:24 standalone proxy-server[125668]: STDERR: The option "log_level" is not known to keystonemiddleware
Mar 9 03:53:24 standalone proxy-server[125668]: STDERR: The option "log_headers" is not known to keystonemiddleware
Mar 9 03:53:24 standalone proxy-server[125668]: STDERR: The option "log_address" is not known to keystonemiddleware
Mar 9 03:53:24 standalone proxy-server[125668]: STDERR: The option "project_name" is not known to keystonemiddleware
Mar 9 03:53:24 standalone proxy-server[125668]: STDERR: The option "username" is not known to keystonemiddleware
Mar 9 03:53:24 standalone proxy-server[125668]: STDERR: The option "password" is not known to keystonemiddleware
Mar 9 03:53:24 standalone proxy-server[125668]: STDERR: The option "auth_url" is not known to keystonemiddleware
Mar 9 03:53:24 standalone proxy-server[125668]: STDERR: The option "signing_dir" is not known to keystonemiddleware
Mar 9 03:53:24 standalone proxy-server[125668]: STDERR: The option "project_domain_id" is not known to keystonemiddleware
Mar 9 03:53:24 standalone proxy-server[125668]: STDERR: The option "user_domain_id" is not known to keystonemiddleware
Mar 9 03:53:24 standalone proxy-server[125668]: STDERR: The option "__name__" is not known to keystonemiddleware
Mar 9 03:53:24 standalone proxy-server[125668]: AuthToken middleware is set with keystone_authtoken.service_token_roles_required set to False. This is backwards compatible but deprecated behaviour. Please set this to True.
Mar 9 03:53:24 standalone proxy-server[125494]: Started child 21 from parent 2
Mar 9 03:57:02 standalone object-server[123759]: Begin object update sweep
Mar 9 03:57:02 standalone object-server[150080]: Object update sweep starting on /srv/node/d1 (pid: 11)
Mar 9 03:57:02 standalone object-server[150080]: Object update sweep completed on /srv/node/d1 in 0.00s seconds:, 0 successes, 0 failures, 0 quarantines, 0 unlinks, 0 errors, 0 redirects (pid: 11)
Mar 9 03:57:02 standalone object-server[150080]: Object update sweep of d1 completed: 0.00s, 0 successes, 0 failures, 0 quarantines, 0 unlinks, 0 errors, 0 redirects
Mar 9 03:57:02 standalone object-server[123759]: Object update sweep completed: 0.08s
Mar 9 03:57:07 standalone container-server[123574]: Begin container update sweep
Mar 9 03:57:07 standalone container-server[123574]: Container update sweep completed: 0.00s
Mar 9 03:58:11 standalone account-server[123484]: 172.20.0.100 - - [09/Mar/2026:03:58:11 +0000] "HEAD /d1/554/.expiring_objects" 404 - "HEAD http://localhost/v1/.expiring_objects?format=json" "tx45b1927444f247bda1a9c-0069ae4553" "proxy-server 2" 0.0009 "-" 17 -
Mar 9 03:58:11 standalone object-expirer[123577]: Pass completed in 0s; 0 objects expired (txn: tx45b1927444f247bda1a9c-0069ae4553)
Mar 9 03:59:24 standalone account-server[123472]: 172.20.0.100 - - [09/Mar/2026:03:59:24 +0000] "HEAD /d1/554/.expiring_objects" 404 - "HEAD http://localhost/v1/.expiring_objects?format=json" "tx855dfb255417423193436-0069ae459c" "proxy-server 2" 0.0016 "-" 16 -
Mar 9 03:59:24 standalone object-expirer[123577]: Pass completed in 0s; 0 objects expired (txn: tx855dfb255417423193436-0069ae459c)
Mar 9 03:59:45 standalone account-server[123462]: 172.20.0.100 - - [09/Mar/2026:03:59:45 +0000] "HEAD /d1/550/AUTH_99813a8ee31846b8a9bfdc5904248362" 404 - "HEAD http://localhost:8080/v1/AUTH_99813a8ee31846b8a9bfdc5904248362?format=json" "tx25aeaa995a984c5f86f47-0069ae45b1" "proxy-server 21" 0.0012 "-" 15 -
Mar 9 03:59:45 standalone proxy-server[125668]: - - 09/Mar/2026/03/59/45 HEAD /v1/AUTH_99813a8ee31846b8a9bfdc5904248362%3Fformat%3Djson HTTP/1.0 200 - Swift - - - - tx25aeaa995a984c5f86f47-0069ae45b1 - 0.0058 RL - 1773028785.879505873 1773028785.885266066 -
Mar 9 03:59:46 standalone proxy-server[125668]: 172.18.0.2 ::1 09/Mar/2026/03/59/46 HEAD /v1/AUTH_99813a8ee31846b8a9bfdc5904248362/glance%3Fformat%3Djson HTTP/1.0 404 - python-swiftclient-3.11.1 gAAAAABprkWxg0Ah... - - - tx25aeaa995a984c5f86f47-0069ae45b1 - 0.4674 - - 1773028785.874380350 1773028786.341800690 -
Mar 9 03:59:46 standalone account-server[123484]: 172.20.0.100 - - [09/Mar/2026:03:59:46 +0000] "PUT /d1/550/AUTH_99813a8ee31846b8a9bfdc5904248362" 201 - "-" "tx97cc515d8ecf4f7eb69ef-0069ae45b2" "-" 0.0105 "-" 17 -
Mar 9 03:59:46 standalone proxy-server[125668]: autocreate account '/AUTH_99813a8ee31846b8a9bfdc5904248362' (txn: tx97cc515d8ecf4f7eb69ef-0069ae45b2)
Mar 9 03:59:46 standalone account-server[123472]: 172.20.0.100 - - [09/Mar/2026:03:59:46 +0000] "HEAD /d1/550/AUTH_99813a8ee31846b8a9bfdc5904248362" 204 - "HEAD http://localhost:8080/v1/AUTH_99813a8ee31846b8a9bfdc5904248362?format=json" "tx97cc515d8ecf4f7eb69ef-0069ae45b2" "proxy-server 21" 0.0029 "-" 16 -
Mar 9 03:59:46 standalone account-server[123459]: 172.20.0.100 - - [09/Mar/2026:03:59:46 +0000] "PUT /d1/550/AUTH_99813a8ee31846b8a9bfdc5904248362/glance" 201 - "PUT http://172.20.0.100:6001/d1/290/AUTH_99813a8ee31846b8a9bfdc5904248362/glance" "tx97cc515d8ecf4f7eb69ef-0069ae45b2" "container-server 22" 0.0042 "-" 14 0
Mar 9 03:59:46 standalone container-server[123615]: 172.20.0.100 - - [09/Mar/2026:03:59:46 +0000] "PUT /d1/290/AUTH_99813a8ee31846b8a9bfdc5904248362/glance" 201 - "PUT http://localhost:8080/v1/AUTH_99813a8ee31846b8a9bfdc5904248362/glance" "tx97cc515d8ecf4f7eb69ef-0069ae45b2" "proxy-server 21" 0.0248 "-" 22 0
Mar 9 03:59:46 standalone proxy-server[125668]: 172.18.0.2 ::1 09/Mar/2026/03/59/46 PUT /v1/AUTH_99813a8ee31846b8a9bfdc5904248362/glance HTTP/1.0 201 - python-swiftclient-3.11.1 gAAAAABprkWxg0Ah... - - - tx97cc515d8ecf4f7eb69ef-0069ae45b2 - 0.0619 - - 1773028786.350361824 1773028786.412265778 0
Mar 9 03:59:46 standalone container-server[123615]: 172.20.0.100 - - [09/Mar/2026:03:59:46 +0000] "HEAD /d1/290/AUTH_99813a8ee31846b8a9bfdc5904248362/glance" 204 - "HEAD http://localhost:8080/v1/AUTH_99813a8ee31846b8a9bfdc5904248362/glance?format=json&states=listing" "tx8d71162855ab43839c4b5-0069ae45b2" "proxy-server 21" 0.0034 "-" 22 0
Mar 9 03:59:46 standalone proxy-server[125668]: - - 09/Mar/2026/03/59/46 HEAD /v1/AUTH_99813a8ee31846b8a9bfdc5904248362/glance%3Fformat%3Djson%26states%3Dlisting HTTP/1.0 204 - Swift - - - - tx8d71162855ab43839c4b5-0069ae45b2 - 0.0085 RL - 1773028786.420224667 1773028786.428759336 0
Mar 9 04:00:04 standalone container-server[123615]: 172.20.0.100 - - [09/Mar/2026:04:00:04 +0000] "PUT /d1/290/AUTH_99813a8ee31846b8a9bfdc5904248362/glance/c57ac7ba-65ee-41ec-b0fc-40ed5baa74f5" 201 - "PUT http://localhost:8080/d1/154/AUTH_99813a8ee31846b8a9bfdc5904248362/glance/c57ac7ba-65ee-41ec-b0fc-40ed5baa74f5" "tx8d71162855ab43839c4b5-0069ae45b2" "object-server 24" 0.0015 "-" 22 0
Mar 9 04:00:04 standalone object-server[123756]: 172.20.0.100 - - [09/Mar/2026:04:00:04 +0000] "PUT /d1/154/AUTH_99813a8ee31846b8a9bfdc5904248362/glance/c57ac7ba-65ee-41ec-b0fc-40ed5baa74f5" 201 - "PUT http://localhost:8080/v1/AUTH_99813a8ee31846b8a9bfdc5904248362/glance/c57ac7ba-65ee-41ec-b0fc-40ed5baa74f5" "tx8d71162855ab43839c4b5-0069ae45b2" "proxy-server 21" 18.4639 "-" 24 0
Mar 9 04:00:04 standalone proxy-server[125668]: 172.18.0.2 ::1 09/Mar/2026/04/00/04 PUT /v1/AUTH_99813a8ee31846b8a9bfdc5904248362/glance/c57ac7ba-65ee-41ec-b0fc-40ed5baa74f5 HTTP/1.0 201 - python-swiftclient-3.11.1 gAAAAABprkWxg0Ah... 1481900032 - - tx8d71162855ab43839c4b5-0069ae45b2 - 18.4855 - - 1773028786.419049501 1773028804.904506445 0
Mar 9 04:01:56 standalone account-server[123472]: 172.20.0.100 - - [09/Mar/2026:04:01:56 +0000] "HEAD /d1/554/.expiring_objects" 404 - "HEAD http://localhost/v1/.expiring_objects?format=json" "tx01c7e64e63cd4f1781101-0069ae4634" "proxy-server 2" 0.0014 "-" 16 -
Mar 9 04:01:56 standalone object-expirer[123577]: Pass completed in 0s; 0 objects expired (txn: tx01c7e64e63cd4f1781101-0069ae4634)
Mar 9 04:02:02 standalone object-server[123759]: Begin object update sweep
Mar 9 04:02:02 standalone object-server[190102]: Object update sweep starting on /srv/node/d1 (pid: 13)
Mar 9 04:02:02 standalone object-server[190102]: Object update sweep completed on /srv/node/d1 in 0.00s seconds:, 0 successes, 0 failures, 0 quarantines, 0 unlinks, 0 errors, 0 redirects (pid: 13)
Mar 9 04:02:02 standalone object-server[190102]: Object update sweep of d1 completed: 0.00s, 0 successes, 0 failures, 0 quarantines, 0 unlinks, 0 errors, 0 redirects
Mar 9 04:02:03 standalone object-server[123759]: Object update sweep completed: 0.09s
Mar 9 04:02:07 standalone container-server[123574]: Begin container update sweep
Mar 9 04:02:07 standalone account-server[123484]: 172.20.0.100 - - [09/Mar/2026:04:02:07 +0000] "PUT /d1/550/AUTH_99813a8ee31846b8a9bfdc5904248362/glance" 201 - "-" "-" "container-updater 2" 0.0012 "-" 17 0
Mar 9 04:02:07 standalone container-server[123574]: Container update sweep completed: 0.10s
Mar 9 04:04:42 standalone account-server[123484]: 172.20.0.100 - - [09/Mar/2026:04:04:42 +0000] "HEAD /d1/554/.expiring_objects" 404 - "HEAD http://localhost/v1/.expiring_objects?format=json" "txb5bd4bd8500b4d12809e2-0069ae46da" "proxy-server 2" 0.0008 "-" 17 -
Mar 9 04:04:42 standalone object-expirer[123577]: Pass completed in 0s; 0 objects expired (txn: txb5bd4bd8500b4d12809e2-0069ae46da)
Mar 9 04:04:50 standalone account-server[123472]: 172.20.0.100 - - [09/Mar/2026:04:04:50 +0000] "HEAD /d1/550/AUTH_99813a8ee31846b8a9bfdc5904248362" 204 - "HEAD http://localhost:8080/v1/AUTH_99813a8ee31846b8a9bfdc5904248362?format=json" "tx2a31560487314fc5a7fd1-0069ae46e2" "proxy-server 21" 0.0053 "-" 16 -
Mar 9 04:04:50 standalone proxy-server[125668]: - - 09/Mar/2026/04/04/50 HEAD /v1/AUTH_99813a8ee31846b8a9bfdc5904248362%3Fformat%3Djson HTTP/1.0 204 - Swift - - - - tx2a31560487314fc5a7fd1-0069ae46e2 - 0.0111 RL - 1773029090.803312302 1773029090.814372778 -
Mar 9 04:04:50 standalone container-server[123589]: 172.20.0.100 - - [09/Mar/2026:04:04:50 +0000] "HEAD /d1/290/AUTH_99813a8ee31846b8a9bfdc5904248362/glance" 204 - "HEAD http://localhost:8080/v1/AUTH_99813a8ee31846b8a9bfdc5904248362/glance?format=json&states=listing" "tx2a31560487314fc5a7fd1-0069ae46e2" "proxy-server 21" 0.0046 "-" 20 0
Mar 9 04:04:50 standalone proxy-server[125668]: 172.18.0.2 ::1 09/Mar/2026/04/04/50 HEAD /v1/AUTH_99813a8ee31846b8a9bfdc5904248362/glance%3Fformat%3Djson%26states%3Dlisting HTTP/1.0 204 - python-swiftclient-3.11.1 gAAAAABprkbiiOrG... - - - tx2a31560487314fc5a7fd1-0069ae46e2 - 0.1196 - - 1773029090.801793337 1773029090.921422482 0
Mar 9 04:04:53 standalone container-server[123615]: 172.20.0.100 - - [09/Mar/2026:04:04:53 +0000] "PUT /d1/290/AUTH_99813a8ee31846b8a9bfdc5904248362/glance/cd883496-6d71-44f1-b208-4b605691f1df-00001" 201 - "PUT http://localhost:8080/d1/7/AUTH_99813a8ee31846b8a9bfdc5904248362/glance/cd883496-6d71-44f1-b208-4b605691f1df-00001" "tx764bc5a799c74d6096548-0069ae46e2" "object-server 24" 0.0008 "-" 22 0
Mar 9 04:04:53 standalone object-server[123756]: 172.20.0.100 - - [09/Mar/2026:04:04:53 +0000] "PUT /d1/7/AUTH_99813a8ee31846b8a9bfdc5904248362/glance/cd883496-6d71-44f1-b208-4b605691f1df-00001" 201 - "PUT http://localhost:8080/v1/AUTH_99813a8ee31846b8a9bfdc5904248362/glance/cd883496-6d71-44f1-b208-4b605691f1df-00001" "tx764bc5a799c74d6096548-0069ae46e2" "proxy-server 21" 2.8772 "-" 24 0
Mar 9 04:04:53 standalone proxy-server[125668]: 172.18.0.2 ::1 09/Mar/2026/04/04/53 PUT /v1/AUTH_99813a8ee31846b8a9bfdc5904248362/glance/cd883496-6d71-44f1-b208-4b605691f1df-00001 HTTP/1.0 201 - python-swiftclient-3.11.1 gAAAAABprkbiiOrG... 21692416 - - tx764bc5a799c74d6096548-0069ae46e2 - 2.8856 - - 1773029090.930255413 1773029093.815844536 0
Mar 9 04:04:53 standalone container-server[123581]: 172.20.0.100 - - [09/Mar/2026:04:04:53 +0000] "PUT /d1/290/AUTH_99813a8ee31846b8a9bfdc5904248362/glance/cd883496-6d71-44f1-b208-4b605691f1df" 201 - "PUT http://localhost:8080/d1/1008/AUTH_99813a8ee31846b8a9bfdc5904248362/glance/cd883496-6d71-44f1-b208-4b605691f1df" "txb63130da9dc6444185b9f-0069ae46e5" "object-server 24" 0.0012 "-" 19 0
Mar 9 04:04:53 standalone object-server[123756]: 172.20.0.100 - - [09/Mar/2026:04:04:53 +0000] "PUT /d1/1008/AUTH_99813a8ee31846b8a9bfdc5904248362/glance/cd883496-6d71-44f1-b208-4b605691f1df" 201 - "PUT http://localhost:8080/v1/AUTH_99813a8ee31846b8a9bfdc5904248362/glance/cd883496-6d71-44f1-b208-4b605691f1df" "txb63130da9dc6444185b9f-0069ae46e5" "proxy-server 21" 0.0082 "-" 24 0
Mar 9 04:04:53 standalone proxy-server[125668]: 172.18.0.2 ::1 09/Mar/2026/04/04/53 PUT /v1/AUTH_99813a8ee31846b8a9bfdc5904248362/glance/cd883496-6d71-44f1-b208-4b605691f1df HTTP/1.0 201 - python-swiftclient-3.11.1 gAAAAABprkbiiOrG... - - - txb63130da9dc6444185b9f-0069ae46e5 - 0.0126 - - 1773029093.820174694 1773029093.832817554 0
Mar 9 04:04:54 standalone container-server[123615]: 172.20.0.100 - - [09/Mar/2026:04:04:54 +0000] "HEAD /d1/655/AUTH_99813a8ee31846b8a9bfdc5904248362/gnocchi.48c77d2a-a2a6-4e5c-8d4b-771d14e8ec57" 404 - "HEAD http://localhost:8080/v1/AUTH_99813a8ee31846b8a9bfdc5904248362/gnocchi.48c77d2a-a2a6-4e5c-8d4b-771d14e8ec57?format=json&states=listing" "tx5f21fc74d94c4646b216e-0069ae46e6" "proxy-server 21" 0.0006 "-" 22 0
Mar 9 04:04:54 standalone object-server[123757]: 172.20.0.100 - - [09/Mar/2026:04:04:54 +0000] "GET /d1/844/AUTH_99813a8ee31846b8a9bfdc5904248362/gnocchi.48c77d2a-a2a6-4e5c-8d4b-771d14e8ec57/none_v3" 404 70 "GET http://localhost:8080/v1/AUTH_99813a8ee31846b8a9bfdc5904248362/gnocchi.48c77d2a-a2a6-4e5c-8d4b-771d14e8ec57/none_v3" "tx5f21fc74d94c4646b216e-0069ae46e6" "proxy-server 21" 0.0013 "-" 25 0
Mar 9 04:04:54 standalone proxy-server[125668]: 172.18.0.2 ::1 09/Mar/2026/04/04/54 GET /v1/AUTH_99813a8ee31846b8a9bfdc5904248362/gnocchi.48c77d2a-a2a6-4e5c-8d4b-771d14e8ec57/none_v3 HTTP/1.0 404 - python-swiftclient-3.11.1 gAAAAABprkbm0Q3S... - 70 - tx5f21fc74d94c4646b216e-0069ae46e6 - 0.0345 - - 1773029094.469177246 1773029094.503651142 0
Mar 9 04:04:54 standalone account-server[123472]: 172.20.0.100 - - [09/Mar/2026:04:04:54 +0000] "PUT /d1/550/AUTH_99813a8ee31846b8a9bfdc5904248362/gnocchi.48c77d2a-a2a6-4e5c-8d4b-771d14e8ec57" 201 - "PUT http://172.20.0.100:6001/d1/655/AUTH_99813a8ee31846b8a9bfdc5904248362/gnocchi.48c77d2a-a2a6-4e5c-8d4b-771d14e8ec57" "tx5dcf86695bb142498de5b-0069ae46e6" "container-server 19" 0.0022 "-" 16 0
Mar 9 04:04:54 standalone container-server[123581]: 172.20.0.100 - - [09/Mar/2026:04:04:54 +0000] "PUT /d1/655/AUTH_99813a8ee31846b8a9bfdc5904248362/gnocchi.48c77d2a-a2a6-4e5c-8d4b-771d14e8ec57" 201 - "PUT http://localhost:8080/v1/AUTH_99813a8ee31846b8a9bfdc5904248362/gnocchi.48c77d2a-a2a6-4e5c-8d4b-771d14e8ec57" "tx5dcf86695bb142498de5b-0069ae46e6" "proxy-server 21" 0.0140 "-" 19 0
Mar 9 04:04:54 standalone proxy-server[125668]: 172.18.0.2 ::1 09/Mar/2026/04/04/54 PUT /v1/AUTH_99813a8ee31846b8a9bfdc5904248362/gnocchi.48c77d2a-a2a6-4e5c-8d4b-771d14e8ec57 HTTP/1.0 201 - python-swiftclient-3.11.1 gAAAAABprkbm0Q3S... - - - tx5dcf86695bb142498de5b-0069ae46e6 - 0.0184 - - 1773029094.508167267 1773029094.526568890 0
Mar 9 04:04:54 standalone container-server[123593]: 172.20.0.100 - - [09/Mar/2026:04:04:54 +0000] "HEAD /d1/655/AUTH_99813a8ee31846b8a9bfdc5904248362/gnocchi.48c77d2a-a2a6-4e5c-8d4b-771d14e8ec57" 204 - "HEAD http://localhost:8080/v1/AUTH_99813a8ee31846b8a9bfdc5904248362/gnocchi.48c77d2a-a2a6-4e5c-8d4b-771d14e8ec57?format=json&states=listing" "tx918eee8480ba48ca81985-0069ae46e6" "proxy-server 21" 0.0041 "-" 21 0
Mar 9 04:04:54 standalone proxy-server[125668]: - - 09/Mar/2026/04/04/54 HEAD /v1/AUTH_99813a8ee31846b8a9bfdc5904248362/gnocchi.48c77d2a-a2a6-4e5c-8d4b-771d14e8ec57%3Fformat%3Djson%26states%3Dlisting HTTP/1.0 204 - Swift - - - - tx918eee8480ba48ca81985-0069ae46e6 - 0.0081 RL - 1773029094.537079811 1773029094.545180559 0
Mar 9 04:04:54 standalone container-server[123581]: 172.20.0.100 - - [09/Mar/2026:04:04:54 +0000] "GET /d1/655/AUTH_99813a8ee31846b8a9bfdc5904248362/gnocchi.48c77d2a-a2a6-4e5c-8d4b-771d14e8ec57" 200 2 "GET http://localhost:8080/v1/AUTH_99813a8ee31846b8a9bfdc5904248362/gnocchi.48c77d2a-a2a6-4e5c-8d4b-771d14e8ec57?format=json&states=listing" "tx918eee8480ba48ca81985-0069ae46e6" "proxy-server 21" 0.0025 "-" 19 0
Mar 9 04:04:54 standalone proxy-server[125668]: 172.18.0.2 ::1 09/Mar/2026/04/04/54 GET /v1/AUTH_99813a8ee31846b8a9bfdc5904248362/gnocchi.48c77d2a-a2a6-4e5c-8d4b-771d14e8ec57%3Fformat%3Djson%26states%3Dlisting HTTP/1.0 200 - python-swiftclient-3.11.1 gAAAAABprkbm0Q3S... - 2 - tx918eee8480ba48ca81985-0069ae46e6 - 0.0158 - - 1773029094.536171913 1773029094.551939249 0
Mar 9 04:04:54 standalone object-server[123757]: 172.20.0.100 - - [09/Mar/2026:04:04:54 +0000] "GET /d1/647/AUTH_99813a8ee31846b8a9bfdc5904248362/gnocchi.48c77d2a-a2a6-4e5c-8d4b-771d14e8ec57/1772280000.0_mean_300.0_v3" 404 70 "GET http://localhost:8080/v1/AUTH_99813a8ee31846b8a9bfdc5904248362/gnocchi.48c77d2a-a2a6-4e5c-8d4b-771d14e8ec57/1772280000.0_mean_300.0_v3" "txff4fd83cf0994a89aeac1-0069ae46e6" "proxy-server 21" 0.0005 "-" 25 0
Mar 9 04:04:54 standalone proxy-server[125668]: 172.18.0.2 ::1 09/Mar/2026/04/04/54 GET /v1/AUTH_99813a8ee31846b8a9bfdc5904248362/gnocchi.48c77d2a-a2a6-4e5c-8d4b-771d14e8ec57/1772280000.0_mean_300.0_v3 HTTP/1.0 404 - python-swiftclient-3.11.1 gAAAAABprkbm0Q3S... - 70 - txff4fd83cf0994a89aeac1-0069ae46e6 - 0.0052 - - 1773029094.560087204 1773029094.565309525 0
Mar 9 04:04:54 standalone container-server[123589]: 172.20.0.100 - - [09/Mar/2026:04:04:54 +0000] "PUT /d1/655/AUTH_99813a8ee31846b8a9bfdc5904248362/gnocchi.48c77d2a-a2a6-4e5c-8d4b-771d14e8ec57/1772280000.0_mean_300.0_v3" 201 - "PUT http://localhost:8080/d1/647/AUTH_99813a8ee31846b8a9bfdc5904248362/gnocchi.48c77d2a-a2a6-4e5c-8d4b-771d14e8ec57/1772280000.0_mean_300.0_v3" "txdf3149827bba48deb7e68-0069ae46e6" "object-server 24" 0.0011 "-" 20 0
Mar 9 04:04:54 standalone object-server[123756]: 172.20.0.100 - - [09/Mar/2026:04:04:54 +0000] "PUT /d1/647/AUTH_99813a8ee31846b8a9bfdc5904248362/gnocchi.48c77d2a-a2a6-4e5c-8d4b-771d14e8ec57/1772280000.0_mean_300.0_v3" 201 - "PUT http://localhost:8080/v1/AUTH_99813a8ee31846b8a9bfdc5904248362/gnocchi.48c77d2a-a2a6-4e5c-8d4b-771d14e8ec57/1772280000.0_mean_300.0_v3" "txdf3149827bba48deb7e68-0069ae46e6" "proxy-server 21" 0.0214 "-" 24 0
Mar 9 04:04:54 standalone proxy-server[125668]: 172.18.0.2 ::1 09/Mar/2026/04/04/54 PUT /v1/AUTH_99813a8ee31846b8a9bfdc5904248362/gnocchi.48c77d2a-a2a6-4e5c-8d4b-771d14e8ec57/1772280000.0_mean_300.0_v3 HTTP/1.0 201 - python-swiftclient-3.11.1 gAAAAABprkbm0Q3S... 16 - - txdf3149827bba48deb7e68-0069ae46e6 - 0.0285 - - 1773029094.573628664 1773029094.602149725 0
Mar 9 04:04:54 standalone container-server[123589]: 172.20.0.100 - - [09/Mar/2026:04:04:54 +0000] "PUT /d1/655/AUTH_99813a8ee31846b8a9bfdc5904248362/gnocchi.48c77d2a-a2a6-4e5c-8d4b-771d14e8ec57/none_v3" 201 - "PUT http://localhost:8080/d1/844/AUTH_99813a8ee31846b8a9bfdc5904248362/gnocchi.48c77d2a-a2a6-4e5c-8d4b-771d14e8ec57/none_v3" "txca39d35c23314a2484839-0069ae46e6" "object-server 22" 0.0008 "-" 20 0
Mar 9 04:04:54 standalone object-server[123750]: 172.20.0.100 - - [09/Mar/2026:04:04:54 +0000] "PUT /d1/844/AUTH_99813a8ee31846b8a9bfdc5904248362/gnocchi.48c77d2a-a2a6-4e5c-8d4b-771d14e8ec57/none_v3" 201 - "PUT http://localhost:8080/v1/AUTH_99813a8ee31846b8a9bfdc5904248362/gnocchi.48c77d2a-a2a6-4e5c-8d4b-771d14e8ec57/none_v3" "txca39d35c23314a2484839-0069ae46e6" "proxy-server 21" 0.0267 "-" 22 0
Mar 9 04:04:54 standalone proxy-server[125668]: 172.18.0.2 ::1 09/Mar/2026/04/04/54 PUT /v1/AUTH_99813a8ee31846b8a9bfdc5904248362/gnocchi.48c77d2a-a2a6-4e5c-8d4b-771d14e8ec57/none_v3 HTTP/1.0 201 - python-swiftclient-3.11.1 gAAAAABprkbm0Q3S... 22 - - txca39d35c23314a2484839-0069ae46e6 - 0.0337 - - 1773029094.608852386 1773029094.642556190 0
Mar 9 04:05:24 standalone object-server[123756]: 172.20.0.100 - - [09/Mar/2026:04:05:24 +0000] "GET /d1/844/AUTH_99813a8ee31846b8a9bfdc5904248362/gnocchi.48c77d2a-a2a6-4e5c-8d4b-771d14e8ec57/none_v3" 200 22 "GET http://localhost:8080/v1/AUTH_99813a8ee31846b8a9bfdc5904248362/gnocchi.48c77d2a-a2a6-4e5c-8d4b-771d14e8ec57/none_v3" "tx7e03a69bbf7e4567a3fe8-0069ae4704" "proxy-server 21" 0.0009 "-" 24 0
Mar 9 04:05:24 standalone proxy-server[125668]: 172.18.0.2 ::1 09/Mar/2026/04/05/24 GET /v1/AUTH_99813a8ee31846b8a9bfdc5904248362/gnocchi.48c77d2a-a2a6-4e5c-8d4b-771d14e8ec57/none_v3 HTTP/1.0 200 - python-swiftclient-3.11.1 gAAAAABprkbm0Q3S... - 22 - tx7e03a69bbf7e4567a3fe8-0069ae4704 - 0.0072 - - 1773029124.246685743 1773029124.253868818 0
Mar 9 04:05:24 standalone container-server[123593]: 172.20.0.100 - - [09/Mar/2026:04:05:24 +0000] "GET /d1/655/AUTH_99813a8ee31846b8a9bfdc5904248362/gnocchi.48c77d2a-a2a6-4e5c-8d4b-771d14e8ec57" 200 357 "GET http://localhost:8080/v1/AUTH_99813a8ee31846b8a9bfdc5904248362/gnocchi.48c77d2a-a2a6-4e5c-8d4b-771d14e8ec57?format=json&states=listing" "tx0d51af8c120f4adba1448-0069ae4704" "proxy-server 21" 0.0097 "-" 21 0
Mar 9 04:05:24 standalone proxy-server[125668]: 172.18.0.2 ::1 09/Mar/2026/04/05/24 GET /v1/AUTH_99813a8ee31846b8a9bfdc5904248362/gnocchi.48c77d2a-a2a6-4e5c-8d4b-771d14e8ec57%3Fformat%3Djson%26states%3Dlisting HTTP/1.0 200 - python-swiftclient-3.11.1 gAAAAABprkbm0Q3S... - 357 - tx0d51af8c120f4adba1448-0069ae4704 - 0.0168 - - 1773029124.257427692 1773029124.274224997 0
Mar 9 04:05:24 standalone container-server[123615]: 172.20.0.100 - - [09/Mar/2026:04:05:24 +0000] "GET /d1/655/AUTH_99813a8ee31846b8a9bfdc5904248362/gnocchi.48c77d2a-a2a6-4e5c-8d4b-771d14e8ec57" 200 2 "GET http://localhost:8080/v1/AUTH_99813a8ee31846b8a9bfdc5904248362/gnocchi.48c77d2a-a2a6-4e5c-8d4b-771d14e8ec57?format=json&marker=none_v3&states=listing" "txfa57962da56e49f9bad08-0069ae4704" "proxy-server 21" 0.0022 "-" 22 0
Mar 9 04:05:24 standalone proxy-server[125668]: 172.18.0.2 ::1 09/Mar/2026/04/05/24 GET /v1/AUTH_99813a8ee31846b8a9bfdc5904248362/gnocchi.48c77d2a-a2a6-4e5c-8d4b-771d14e8ec57%3Fformat%3Djson%26marker%3Dnone_v3%26states%3Dlisting HTTP/1.0 200 - python-swiftclient-3.11.1 gAAAAABprkbm0Q3S... - 2 - txfa57962da56e49f9bad08-0069ae4704 - 0.0086 - - 1773029124.277766705 1773029124.286321163 0
Mar 9 04:05:24 standalone object-server[123757]: 172.20.0.100 - - [09/Mar/2026:04:05:24 +0000] "GET /d1/647/AUTH_99813a8ee31846b8a9bfdc5904248362/gnocchi.48c77d2a-a2a6-4e5c-8d4b-771d14e8ec57/1772280000.0_mean_300.0_v3" 200 16 "GET http://localhost:8080/v1/AUTH_99813a8ee31846b8a9bfdc5904248362/gnocchi.48c77d2a-a2a6-4e5c-8d4b-771d14e8ec57/1772280000.0_mean_300.0_v3" "tx5a203fd49d054e26ba856-0069ae4704" "proxy-server 21" 0.0008 "-" 25 0
Mar 9 04:05:24 standalone proxy-server[125668]: 172.18.0.2 ::1 09/Mar/2026/04/05/24 GET /v1/AUTH_99813a8ee31846b8a9bfdc5904248362/gnocchi.48c77d2a-a2a6-4e5c-8d4b-771d14e8ec57/1772280000.0_mean_300.0_v3 HTTP/1.0 200 - python-swiftclient-3.11.1 gAAAAABprkbm0Q3S... - 16 - tx5a203fd49d054e26ba856-0069ae4704 - 0.0104 - - 1773029124.290035486 1773029124.300419331 0
Mar 9 04:05:24 standalone container-server[123589]: 172.20.0.100 - - [09/Mar/2026:04:05:24 +0000] "PUT /d1/655/AUTH_99813a8ee31846b8a9bfdc5904248362/gnocchi.48c77d2a-a2a6-4e5c-8d4b-771d14e8ec57/1772280000.0_mean_300.0_v3" 201 - "PUT http://localhost:8080/d1/647/AUTH_99813a8ee31846b8a9bfdc5904248362/gnocchi.48c77d2a-a2a6-4e5c-8d4b-771d14e8ec57/1772280000.0_mean_300.0_v3" "tx6262bea17b2547f68e2a8-0069ae4704" "object-server 24" 0.0005 "-" 20 0
Mar 9 04:05:24 standalone object-server[123756]: 172.20.0.100 - - [09/Mar/2026:04:05:24 +0000] "PUT /d1/647/AUTH_99813a8ee31846b8a9bfdc5904248362/gnocchi.48c77d2a-a2a6-4e5c-8d4b-771d14e8ec57/1772280000.0_mean_300.0_v3" 201 - "PUT http://localhost:8080/v1/AUTH_99813a8ee31846b8a9bfdc5904248362/gnocchi.48c77d2a-a2a6-4e5c-8d4b-771d14e8ec57/1772280000.0_mean_300.0_v3" "tx6262bea17b2547f68e2a8-0069ae4704" "proxy-server 21" 0.0081 "-" 24 0
Mar 9 04:05:24 standalone proxy-server[125668]: 172.18.0.2 ::1 09/Mar/2026/04/05/24 PUT /v1/AUTH_99813a8ee31846b8a9bfdc5904248362/gnocchi.48c77d2a-a2a6-4e5c-8d4b-771d14e8ec57/1772280000.0_mean_300.0_v3 HTTP/1.0 201 - python-swiftclient-3.11.1 gAAAAABprkbm0Q3S... 16 - - tx6262bea17b2547f68e2a8-0069ae4704 - 0.0131 - - 1773029124.302937508 1773029124.316001892 0
Mar 9 04:05:24 standalone container-server[123589]: 172.20.0.100 - - [09/Mar/2026:04:05:24 +0000] "PUT /d1/655/AUTH_99813a8ee31846b8a9bfdc5904248362/gnocchi.48c77d2a-a2a6-4e5c-8d4b-771d14e8ec57/none_v3" 201 - "PUT http://localhost:8080/d1/844/AUTH_99813a8ee31846b8a9bfdc5904248362/gnocchi.48c77d2a-a2a6-4e5c-8d4b-771d14e8ec57/none_v3" "txcb89a29c7671472a9e22f-0069ae4704" "object-server 24" 0.0004 "-" 20 0
Mar 9 04:05:24 standalone object-server[123756]: 172.20.0.100 - - [09/Mar/2026:04:05:24 +0000] "PUT /d1/844/AUTH_99813a8ee31846b8a9bfdc5904248362/gnocchi.48c77d2a-a2a6-4e5c-8d4b-771d14e8ec57/none_v3" 201 - "PUT http://localhost:8080/v1/AUTH_99813a8ee31846b8a9bfdc5904248362/gnocchi.48c77d2a-a2a6-4e5c-8d4b-771d14e8ec57/none_v3" "txcb89a29c7671472a9e22f-0069ae4704" "proxy-server 21" 0.0109 "-" 24 0
Mar 9 04:05:24 standalone proxy-server[125668]: 172.18.0.2 ::1 09/Mar/2026/04/05/24 PUT /v1/AUTH_99813a8ee31846b8a9bfdc5904248362/gnocchi.48c77d2a-a2a6-4e5c-8d4b-771d14e8ec57/none_v3 HTTP/1.0 201 - python-swiftclient-3.11.1 gAAAAABprkbm0Q3S... 32 - - txcb89a29c7671472a9e22f-0069ae4704 - 0.0154 - - 1773029124.318845749 1773029124.334275484 0
Mar 9 04:05:57 standalone account-server[123459]: 172.20.0.100 - - [09/Mar/2026:04:05:57 +0000] "HEAD /d1/550/AUTH_99813a8ee31846b8a9bfdc5904248362" 204 - "HEAD http://localhost:8080/v1/AUTH_99813a8ee31846b8a9bfdc5904248362?format=json" "tx8f6b9ccf593b424a93c61-0069ae4725" "proxy-server 21" 0.0065 "-" 14 -
Mar 9 04:05:57 standalone proxy-server[125668]: - - 09/Mar/2026/04/05/57 HEAD /v1/AUTH_99813a8ee31846b8a9bfdc5904248362%3Fformat%3Djson HTTP/1.0 204 - Swift - - - - tx8f6b9ccf593b424a93c61-0069ae4725 - 0.0114 RL - 1773029157.675823689 1773029157.687210083 -
Mar 9 04:05:57 standalone container-server[123589]: 172.20.0.100 - - [09/Mar/2026:04:05:57 +0000] "HEAD /d1/290/AUTH_99813a8ee31846b8a9bfdc5904248362/glance" 204 - "HEAD http://localhost:8080/v1/AUTH_99813a8ee31846b8a9bfdc5904248362/glance?format=json&states=listing" "tx8f6b9ccf593b424a93c61-0069ae4725" "proxy-server 21" 0.0122 "-" 20 0
Mar 9 04:05:57 standalone object-server[123750]: 172.20.0.100 - - [09/Mar/2026:04:05:57 +0000] "GET /d1/1008/AUTH_99813a8ee31846b8a9bfdc5904248362/glance/cd883496-6d71-44f1-b208-4b605691f1df" 200 - "GET http://localhost:8080/v1/AUTH_99813a8ee31846b8a9bfdc5904248362/glance/cd883496-6d71-44f1-b208-4b605691f1df" "tx8f6b9ccf593b424a93c61-0069ae4725" "proxy-server 21" 0.0017 "-" 22 0
Mar 9 04:05:57 standalone container-server[123581]: 172.20.0.100 - - [09/Mar/2026:04:05:57 +0000] "GET /d1/290/AUTH_99813a8ee31846b8a9bfdc5904248362/glance" 200 210 "GET http://localhost:8080/v1/AUTH_99813a8ee31846b8a9bfdc5904248362/glance?prefix=cd883496-6d71-44f1-b208-4b605691f1df-&format=json&states=listing" "tx8f6b9ccf593b424a93c61-0069ae4725" "proxy-server 21" 0.0183 "-" 19 0
Mar 9 04:05:57 standalone proxy-server[125668]: - - 09/Mar/2026/04/05/57 GET /v1/AUTH_99813a8ee31846b8a9bfdc5904248362/glance%3Fprefix%3Dcd883496-6d71-44f1-b208-4b605691f1df-%26format%3Djson%26states%3Dlisting HTTP/1.0 200 - python-swiftclient-3.11.1%20DLO%20MultipartGET gAAAAABprkclRI3f... - 210 - tx8f6b9ccf593b424a93c61-0069ae4725 - 0.0246 DLO - 1773029157.810535192 1773029157.835177660 0
Mar 9 04:05:57 standalone object-server[123757]: 172.20.0.100 - - [09/Mar/2026:04:05:57 +0000] "GET /d1/7/AUTH_99813a8ee31846b8a9bfdc5904248362/glance/cd883496-6d71-44f1-b208-4b605691f1df-00001" 200 21692416 "GET http://localhost:8080/v1/AUTH_99813a8ee31846b8a9bfdc5904248362/glance/cd883496-6d71-44f1-b208-4b605691f1df-00001?multipart-manifest=get" "tx8f6b9ccf593b424a93c61-0069ae4725" "proxy-server 21" 0.0009 "-" 25 0
Mar 9 04:05:57 standalone proxy-server[125668]: - - 09/Mar/2026/04/05/57 GET /v1/AUTH_99813a8ee31846b8a9bfdc5904248362/glance/cd883496-6d71-44f1-b208-4b605691f1df-00001%3Fmultipart-manifest%3Dget HTTP/1.0 200 - python-swiftclient-3.11.1%20%20DLO%20MultipartGET gAAAAABprkclRI3f... - 21692416 - tx8f6b9ccf593b424a93c61-0069ae4725 - 0.1346 DLO - 1773029157.835916996 1773029157.970490456 0
Mar 9 04:05:57 standalone proxy-server[125668]: 172.18.0.2 ::1 09/Mar/2026/04/05/57 GET /v1/AUTH_99813a8ee31846b8a9bfdc5904248362/glance/cd883496-6d71-44f1-b208-4b605691f1df HTTP/1.0 200 - python-swiftclient-3.11.1 gAAAAABprkclRI3f... - 21692416 - tx8f6b9ccf593b424a93c61-0069ae4725 - 0.2961 - - 1773029157.674866676 1773029157.971008778 0
Mar 9 04:05:58 standalone container-server[123615]: 172.20.0.100 - - [09/Mar/2026:04:05:58 +0000] "HEAD /d1/394/AUTH_99813a8ee31846b8a9bfdc5904248362/gnocchi.2048b882-5a57-49fb-b363-1f593ef60740" 404 - "HEAD http://localhost:8080/v1/AUTH_99813a8ee31846b8a9bfdc5904248362/gnocchi.2048b882-5a57-49fb-b363-1f593ef60740?format=json&states=listing" "txcd98863667db4579a4bde-0069ae4726" "proxy-server 21" 0.0007 "-" 22 0
Mar 9 04:05:58 standalone object-server[123750]: 172.20.0.100 - - [09/Mar/2026:04:05:58 +0000] "GET /d1/781/AUTH_99813a8ee31846b8a9bfdc5904248362/gnocchi.2048b882-5a57-49fb-b363-1f593ef60740/none_v3" 404 70 "GET http://localhost:8080/v1/AUTH_99813a8ee31846b8a9bfdc5904248362/gnocchi.2048b882-5a57-49fb-b363-1f593ef60740/none_v3" "txcd98863667db4579a4bde-0069ae4726" "proxy-server 21" 0.0007 "-" 22 0
Mar 9 04:05:58 standalone proxy-server[125668]: 172.18.0.2 ::1 09/Mar/2026/04/05/58 GET /v1/AUTH_99813a8ee31846b8a9bfdc5904248362/gnocchi.2048b882-5a57-49fb-b363-1f593ef60740/none_v3 HTTP/1.0 404 - python-swiftclient-3.11.1 gAAAAABprkbm0Q3S... - 70 - txcd98863667db4579a4bde-0069ae4726 - 0.0237 - - 1773029158.602468014 1773029158.626200914 0
Mar 9 04:05:58 standalone account-server[123472]: 172.20.0.100 - - [09/Mar/2026:04:05:58 +0000] "PUT /d1/550/AUTH_99813a8ee31846b8a9bfdc5904248362/gnocchi.2048b882-5a57-49fb-b363-1f593ef60740" 201 - "PUT http://172.20.0.100:6001/d1/394/AUTH_99813a8ee31846b8a9bfdc5904248362/gnocchi.2048b882-5a57-49fb-b363-1f593ef60740" "tx1e6835f599f948ef9e1e1-0069ae4726" "container-server 21" 0.0012 "-" 16 0
Mar 9 04:05:58 standalone container-server[123593]: 172.20.0.100 - - [09/Mar/2026:04:05:58 +0000] "PUT /d1/394/AUTH_99813a8ee31846b8a9bfdc5904248362/gnocchi.2048b882-5a57-49fb-b363-1f593ef60740" 201 - "PUT http://localhost:8080/v1/AUTH_99813a8ee31846b8a9bfdc5904248362/gnocchi.2048b882-5a57-49fb-b363-1f593ef60740" "tx1e6835f599f948ef9e1e1-0069ae4726" "proxy-server 21" 0.0123 "-" 21 0
Mar 9 04:05:58 standalone proxy-server[125668]: 172.18.0.2 ::1 09/Mar/2026/04/05/58 PUT /v1/AUTH_99813a8ee31846b8a9bfdc5904248362/gnocchi.2048b882-5a57-49fb-b363-1f593ef60740 HTTP/1.0 201 - python-swiftclient-3.11.1 gAAAAABprkbm0Q3S... - - - tx1e6835f599f948ef9e1e1-0069ae4726 - 0.0190 - - 1773029158.633459806 1773029158.652508497 0
Mar 9 04:05:58 standalone container-server[123589]: 172.20.0.100 - - [09/Mar/2026:04:05:58 +0000] "HEAD /d1/394/AUTH_99813a8ee31846b8a9bfdc5904248362/gnocchi.2048b882-5a57-49fb-b363-1f593ef60740" 204 - "HEAD http://localhost:8080/v1/AUTH_99813a8ee31846b8a9bfdc5904248362/gnocchi.2048b882-5a57-49fb-b363-1f593ef60740?format=json&states=listing" "txb916769c4770440e99ab2-0069ae4726" "proxy-server 21" 0.0012 "-" 20 0
Mar 9 04:05:58 standalone proxy-server[125668]: - - 09/Mar/2026/04/05/58 HEAD /v1/AUTH_99813a8ee31846b8a9bfdc5904248362/gnocchi.2048b882-5a57-49fb-b363-1f593ef60740%3Fformat%3Djson%26states%3Dlisting HTTP/1.0 204 - Swift - - - - txb916769c4770440e99ab2-0069ae4726 - 0.0063 RL - 1773029158.663064718 1773029158.669331312 0
Mar 9 04:05:58 standalone container-server[123581]: 172.20.0.100 - - [09/Mar/2026:04:05:58 +0000] "GET /d1/394/AUTH_99813a8ee31846b8a9bfdc5904248362/gnocchi.2048b882-5a57-49fb-b363-1f593ef60740" 200 2 "GET http://localhost:8080/v1/AUTH_99813a8ee31846b8a9bfdc5904248362/gnocchi.2048b882-5a57-49fb-b363-1f593ef60740?format=json&states=listing" "txb916769c4770440e99ab2-0069ae4726" "proxy-server 21" 0.0018 "-" 19 0
Mar 9 04:05:58 standalone proxy-server[125668]: 172.18.0.2 ::1 09/Mar/2026/04/05/58 GET /v1/AUTH_99813a8ee31846b8a9bfdc5904248362/gnocchi.2048b882-5a57-49fb-b363-1f593ef60740%3Fformat%3Djson%26states%3Dlisting HTTP/1.0 200 - python-swiftclient-3.11.1 gAAAAABprkbm0Q3S... - 2 - txb916769c4770440e99ab2-0069ae4726 - 0.0159 - - 1773029158.661221027 1773029158.677072287 0
Mar 9 04:05:58 standalone object-server[123750]: 172.20.0.100 - - [09/Mar/2026:04:05:58 +0000] "GET /d1/434/AUTH_99813a8ee31846b8a9bfdc5904248362/gnocchi.2048b882-5a57-49fb-b363-1f593ef60740/1772280000.0_mean_300.0_v3" 404 70 "GET http://localhost:8080/v1/AUTH_99813a8ee31846b8a9bfdc5904248362/gnocchi.2048b882-5a57-49fb-b363-1f593ef60740/1772280000.0_mean_300.0_v3" "txf629bb1ded2a4dbc9fb12-0069ae4726" "proxy-server 21" 0.0004 "-" 22 0
Mar 9 04:05:58 standalone proxy-server[125668]: 172.18.0.2 ::1 09/Mar/2026/04/05/58 GET /v1/AUTH_99813a8ee31846b8a9bfdc5904248362/gnocchi.2048b882-5a57-49fb-b363-1f593ef60740/1772280000.0_mean_300.0_v3 HTTP/1.0 404 - python-swiftclient-3.11.1 gAAAAABprkbm0Q3S... - 70 - txf629bb1ded2a4dbc9fb12-0069ae4726 - 0.0079 - - 1773029158.684515476 1773029158.692436695 0
Mar 9 04:05:58 standalone container-server[123593]: 172.20.0.100 - - [09/Mar/2026:04:05:58 +0000] "PUT /d1/394/AUTH_99813a8ee31846b8a9bfdc5904248362/gnocchi.2048b882-5a57-49fb-b363-1f593ef60740/1772280000.0_mean_300.0_v3" 201 - "PUT http://localhost:8080/d1/434/AUTH_99813a8ee31846b8a9bfdc5904248362/gnocchi.2048b882-5a57-49fb-b363-1f593ef60740/1772280000.0_mean_300.0_v3" "tx40798a231cae48f09e5da-0069ae4726" "object-server 23" 0.0006 "-" 21 0
Mar 9 04:05:58 standalone object-server[123754]: 172.20.0.100 - - [09/Mar/2026:04:05:58 +0000] "PUT /d1/434/AUTH_99813a8ee31846b8a9bfdc5904248362/gnocchi.2048b882-5a57-49fb-b363-1f593ef60740/1772280000.0_mean_300.0_v3" 201 - "PUT http://localhost:8080/v1/AUTH_99813a8ee31846b8a9bfdc5904248362/gnocchi.2048b882-5a57-49fb-b363-1f593ef60740/1772280000.0_mean_300.0_v3" "tx40798a231cae48f09e5da-0069ae4726" "proxy-server 21" 0.0357 "-" 23 0
Mar 9 04:05:58 standalone proxy-server[125668]: 172.18.0.2 ::1 09/Mar/2026/04/05/58 PUT /v1/AUTH_99813a8ee31846b8a9bfdc5904248362/gnocchi.2048b882-5a57-49fb-b363-1f593ef60740/1772280000.0_mean_300.0_v3 HTTP/1.0 201 - python-swiftclient-3.11.1 gAAAAABprkbm0Q3S... 16 - - tx40798a231cae48f09e5da-0069ae4726 - 0.0412 - - 1773029158.697560787 1773029158.738714933 0
Mar 9 04:05:58 standalone container-server[123593]: 172.20.0.100 - - [09/Mar/2026:04:05:58 +0000] "PUT /d1/394/AUTH_99813a8ee31846b8a9bfdc5904248362/gnocchi.2048b882-5a57-49fb-b363-1f593ef60740/none_v3" 201 - "PUT http://localhost:8080/d1/781/AUTH_99813a8ee31846b8a9bfdc5904248362/gnocchi.2048b882-5a57-49fb-b363-1f593ef60740/none_v3" "tx1af722a3b9ee4b63b236e-0069ae4726" "object-server 22" 0.0005 "-" 21 0
Mar 9 04:05:58 standalone object-server[123750]: 172.20.0.100 - - [09/Mar/2026:04:05:58 +0000] "PUT /d1/781/AUTH_99813a8ee31846b8a9bfdc5904248362/gnocchi.2048b882-5a57-49fb-b363-1f593ef60740/none_v3" 201 - "PUT http://localhost:8080/v1/AUTH_99813a8ee31846b8a9bfdc5904248362/gnocchi.2048b882-5a57-49fb-b363-1f593ef60740/none_v3" "tx1af722a3b9ee4b63b236e-0069ae4726" "proxy-server 21" 0.0132 "-" 22 0
Mar 9 04:05:58 standalone proxy-server[125668]: 172.18.0.2 ::1 09/Mar/2026/04/05/58 PUT /v1/AUTH_99813a8ee31846b8a9bfdc5904248362/gnocchi.2048b882-5a57-49fb-b363-1f593ef60740/none_v3 HTTP/1.0 201 - python-swiftclient-3.11.1 gAAAAABprkbm0Q3S... 22 - - tx1af722a3b9ee4b63b236e-0069ae4726 - 0.0213 - - 1773029158.742081165 1773029158.763430595 0
Mar 9 04:05:58 standalone container-server[123581]: 172.20.0.100 - - [09/Mar/2026:04:05:58 +0000] "HEAD /d1/581/AUTH_99813a8ee31846b8a9bfdc5904248362/gnocchi.40c6f47c-dc87-40d1-a664-3c604cfb76f5" 404 - "HEAD http://localhost:8080/v1/AUTH_99813a8ee31846b8a9bfdc5904248362/gnocchi.40c6f47c-dc87-40d1-a664-3c604cfb76f5?format=json&states=listing" "txdaaed82fe977495eba868-0069ae4726" "proxy-server 21" 0.0003 "-" 19 0
Mar 9 04:05:58 standalone object-server[123750]: 172.20.0.100 - - [09/Mar/2026:04:05:58 +0000] "GET /d1/536/AUTH_99813a8ee31846b8a9bfdc5904248362/gnocchi.40c6f47c-dc87-40d1-a664-3c604cfb76f5/none_v3" 404 70 "GET http://localhost:8080/v1/AUTH_99813a8ee31846b8a9bfdc5904248362/gnocchi.40c6f47c-dc87-40d1-a664-3c604cfb76f5/none_v3" "txdaaed82fe977495eba868-0069ae4726" "proxy-server 21" 0.0005 "-" 22 0
Mar 9 04:05:58 standalone proxy-server[125668]: 172.18.0.2 ::1 09/Mar/2026/04/05/58 GET /v1/AUTH_99813a8ee31846b8a9bfdc5904248362/gnocchi.40c6f47c-dc87-40d1-a664-3c604cfb76f5/none_v3 HTTP/1.0 404 - python-swiftclient-3.11.1 gAAAAABprkbm0Q3S... - 70 - txdaaed82fe977495eba868-0069ae4726 - 0.0108 - - 1773029158.778441191 1773029158.789241314 0
Mar 9 04:05:58 standalone account-server[123462]: 172.20.0.100 - - [09/Mar/2026:04:05:58 +0000] "PUT /d1/550/AUTH_99813a8ee31846b8a9bfdc5904248362/gnocchi.40c6f47c-dc87-40d1-a664-3c604cfb76f5" 201 - "PUT http://172.20.0.100:6001/d1/581/AUTH_99813a8ee31846b8a9bfdc5904248362/gnocchi.40c6f47c-dc87-40d1-a664-3c604cfb76f5" "tx30c9d18f3bfd4ce38f31c-0069ae4726" "container-server 22" 0.0052 "-" 15 0
Mar 9 04:05:58 standalone container-server[123615]: 172.20.0.100 - - [09/Mar/2026:04:05:58 +0000] "PUT /d1/581/AUTH_99813a8ee31846b8a9bfdc5904248362/gnocchi.40c6f47c-dc87-40d1-a664-3c604cfb76f5" 201 - "PUT http://localhost:8080/v1/AUTH_99813a8ee31846b8a9bfdc5904248362/gnocchi.40c6f47c-dc87-40d1-a664-3c604cfb76f5" "tx30c9d18f3bfd4ce38f31c-0069ae4726" "proxy-server 21" 0.0167 "-" 22 0
Mar 9 04:05:58 standalone proxy-server[125668]: 172.18.0.2 ::1 09/Mar/2026/04/05/58 PUT /v1/AUTH_99813a8ee31846b8a9bfdc5904248362/gnocchi.40c6f47c-dc87-40d1-a664-3c604cfb76f5 HTTP/1.0 201 - python-swiftclient-3.11.1 gAAAAABprkbm0Q3S... - - - tx30c9d18f3bfd4ce38f31c-0069ae4726 - 0.0213 - - 1773029158.792136192 1773029158.813468695 0
Mar 9 04:05:58 standalone container-server[123581]: 172.20.0.100 - - [09/Mar/2026:04:05:58 +0000] "HEAD /d1/581/AUTH_99813a8ee31846b8a9bfdc5904248362/gnocchi.40c6f47c-dc87-40d1-a664-3c604cfb76f5" 204 - "HEAD http://localhost:8080/v1/AUTH_99813a8ee31846b8a9bfdc5904248362/gnocchi.40c6f47c-dc87-40d1-a664-3c604cfb76f5?format=json&states=listing" "tx5d5d33c3065040dcb1250-0069ae4726" "proxy-server 21" 0.0015 "-" 19 0
Mar 9 04:05:58 standalone proxy-server[125668]: - - 09/Mar/2026/04/05/58 HEAD /v1/AUTH_99813a8ee31846b8a9bfdc5904248362/gnocchi.40c6f47c-dc87-40d1-a664-3c604cfb76f5%3Fformat%3Djson%26states%3Dlisting HTTP/1.0 204 - Swift - - - - tx5d5d33c3065040dcb1250-0069ae4726 - 0.0061 RL - 1773029158.822632074 1773029158.828704119 0
Mar 9 04:05:58 standalone container-server[123615]: 172.20.0.100 - - [09/Mar/2026:04:05:58 +0000] "GET /d1/581/AUTH_99813a8ee31846b8a9bfdc5904248362/gnocchi.40c6f47c-dc87-40d1-a664-3c604cfb76f5" 200 2 "GET http://localhost:8080/v1/AUTH_99813a8ee31846b8a9bfdc5904248362/gnocchi.40c6f47c-dc87-40d1-a664-3c604cfb76f5?format=json&states=listing" "tx5d5d33c3065040dcb1250-0069ae4726" "proxy-server 21" 0.0024 "-" 22 0
Mar 9 04:05:58 standalone proxy-server[125668]: 172.18.0.2 ::1 09/Mar/2026/04/05/58 GET /v1/AUTH_99813a8ee31846b8a9bfdc5904248362/gnocchi.40c6f47c-dc87-40d1-a664-3c604cfb76f5%3Fformat%3Djson%26states%3Dlisting HTTP/1.0 200 - python-swiftclient-3.11.1 gAAAAABprkbm0Q3S... - 2 - tx5d5d33c3065040dcb1250-0069ae4726 - 0.0232 - - 1773029158.816891432 1773029158.840092659 0
Mar 9 04:05:58 standalone object-server[123750]: 172.20.0.100 - - [09/Mar/2026:04:05:58 +0000] "GET /d1/981/AUTH_99813a8ee31846b8a9bfdc5904248362/gnocchi.40c6f47c-dc87-40d1-a664-3c604cfb76f5/1772280000.0_mean_300.0_v3" 404 70 "GET http://localhost:8080/v1/AUTH_99813a8ee31846b8a9bfdc5904248362/gnocchi.40c6f47c-dc87-40d1-a664-3c604cfb76f5/1772280000.0_mean_300.0_v3" "tx4eef1d5ebbb1460cae713-0069ae4726" "proxy-server 21" 0.0007 "-" 22 0
Mar 9 04:05:58 standalone proxy-server[125668]: 172.18.0.2 ::1 09/Mar/2026/04/05/58 GET /v1/AUTH_99813a8ee31846b8a9bfdc5904248362/gnocchi.40c6f47c-dc87-40d1-a664-3c604cfb76f5/1772280000.0_mean_300.0_v3 HTTP/1.0 404 - python-swiftclient-3.11.1 gAAAAABprkbm0Q3S... - 70 - tx4eef1d5ebbb1460cae713-0069ae4726 - 0.0064 - - 1773029158.843758345 1773029158.850171566 0
Mar 9 04:05:58 standalone container-server[123581]: 172.20.0.100 - - [09/Mar/2026:04:05:58 +0000] "PUT /d1/581/AUTH_99813a8ee31846b8a9bfdc5904248362/gnocchi.40c6f47c-dc87-40d1-a664-3c604cfb76f5/1772280000.0_mean_300.0_v3" 201 - "PUT http://localhost:8080/d1/981/AUTH_99813a8ee31846b8a9bfdc5904248362/gnocchi.40c6f47c-dc87-40d1-a664-3c604cfb76f5/1772280000.0_mean_300.0_v3" "tx2995ad62adf948b9b33ad-0069ae4726" "object-server 23" 0.0005 "-" 19 0
Mar 9 04:05:58 standalone object-server[123754]: 172.20.0.100 - - [09/Mar/2026:04:05:58 +0000] "PUT /d1/981/AUTH_99813a8ee31846b8a9bfdc5904248362/gnocchi.40c6f47c-dc87-40d1-a664-3c604cfb76f5/1772280000.0_mean_300.0_v3" 201 - "PUT http://localhost:8080/v1/AUTH_99813a8ee31846b8a9bfdc5904248362/gnocchi.40c6f47c-dc87-40d1-a664-3c604cfb76f5/1772280000.0_mean_300.0_v3" "tx2995ad62adf948b9b33ad-0069ae4726" "proxy-server 21" 0.0112 "-" 23 0
Mar 9 04:05:58 standalone proxy-server[125668]: 172.18.0.2 ::1 09/Mar/2026/04/05/58 PUT /v1/AUTH_99813a8ee31846b8a9bfdc5904248362/gnocchi.40c6f47c-dc87-40d1-a664-3c604cfb76f5/1772280000.0_mean_300.0_v3 HTTP/1.0 201 - python-swiftclient-3.11.1 gAAAAABprkbm0Q3S... 16 - - tx2995ad62adf948b9b33ad-0069ae4726 - 0.0164 - - 1773029158.852910995 1773029158.869323492 0
Mar 9 04:05:58 standalone container-server[123593]: 172.20.0.100 - - [09/Mar/2026:04:05:58 +0000] "PUT /d1/581/AUTH_99813a8ee31846b8a9bfdc5904248362/gnocchi.40c6f47c-dc87-40d1-a664-3c604cfb76f5/none_v3" 201 - "PUT http://localhost:8080/d1/536/AUTH_99813a8ee31846b8a9bfdc5904248362/gnocchi.40c6f47c-dc87-40d1-a664-3c604cfb76f5/none_v3" "tx1b184b8f0140479381d03-0069ae4726" "object-server 24" 0.0004 "-" 21 0
Mar 9 04:05:58 standalone object-server[123756]: 172.20.0.100 - - [09/Mar/2026:04:05:58 +0000] "PUT /d1/536/AUTH_99813a8ee31846b8a9bfdc5904248362/gnocchi.40c6f47c-dc87-40d1-a664-3c604cfb76f5/none_v3" 201 - "PUT http://localhost:8080/v1/AUTH_99813a8ee31846b8a9bfdc5904248362/gnocchi.40c6f47c-dc87-40d1-a664-3c604cfb76f5/none_v3" "tx1b184b8f0140479381d03-0069ae4726" "proxy-server 21" 0.0084 "-" 24 0
Mar 9 04:05:58 standalone proxy-server[125668]: 172.18.0.2 ::1 09/Mar/2026/04/05/58 PUT /v1/AUTH_99813a8ee31846b8a9bfdc5904248362/gnocchi.40c6f47c-dc87-40d1-a664-3c604cfb76f5/none_v3 HTTP/1.0 201 - python-swiftclient-3.11.1 gAAAAABprkbm0Q3S... 22 - - tx1b184b8f0140479381d03-0069ae4726 - 0.0136 - - 1773029158.873248100 1773029158.886871338 0
Mar 9 04:06:02 standalone container-server[123589]: 172.20.0.100 - - [09/Mar/2026:04:06:02 +0000] "HEAD /d1/349/AUTH_99813a8ee31846b8a9bfdc5904248362/gnocchi.ec60adb7-48a6-4dc2-9154-56f42c81d1ae" 404 - "HEAD http://localhost:8080/v1/AUTH_99813a8ee31846b8a9bfdc5904248362/gnocchi.ec60adb7-48a6-4dc2-9154-56f42c81d1ae?format=json&states=listing" "tx4a3eccb6f7474f0285511-0069ae472a" "proxy-server 21" 0.0010 "-" 20 0
Mar 9 04:06:02 standalone object-server[123756]: 172.20.0.100 - - [09/Mar/2026:04:06:02 +0000] "GET /d1/191/AUTH_99813a8ee31846b8a9bfdc5904248362/gnocchi.ec60adb7-48a6-4dc2-9154-56f42c81d1ae/none_v3" 404 70 "GET http://localhost:8080/v1/AUTH_99813a8ee31846b8a9bfdc5904248362/gnocchi.ec60adb7-48a6-4dc2-9154-56f42c81d1ae/none_v3" "tx4a3eccb6f7474f0285511-0069ae472a" "proxy-server 21" 0.0008 "-" 24 0
Mar 9 04:06:02 standalone proxy-server[125668]: 172.18.0.2 ::1 09/Mar/2026/04/06/02 GET /v1/AUTH_99813a8ee31846b8a9bfdc5904248362/gnocchi.ec60adb7-48a6-4dc2-9154-56f42c81d1ae/none_v3 HTTP/1.0 404 - python-swiftclient-3.11.1 gAAAAABprkbm0Q3S... - 70 - tx4a3eccb6f7474f0285511-0069ae472a - 0.0205 - - 1773029162.869905472 1773029162.890444040 0
Mar 9 04:06:02 standalone account-server[123484]: 172.20.0.100 - - [09/Mar/2026:04:06:02 +0000] "PUT /d1/550/AUTH_99813a8ee31846b8a9bfdc5904248362/gnocchi.ec60adb7-48a6-4dc2-9154-56f42c81d1ae" 201 - "PUT http://172.20.0.100:6001/d1/349/AUTH_99813a8ee31846b8a9bfdc5904248362/gnocchi.ec60adb7-48a6-4dc2-9154-56f42c81d1ae" "txc8663d491ffb4298a41be-0069ae472a" "container-server 19" 0.0080 "-" 17 0
Mar 9 04:06:02 standalone container-server[123581]: 172.20.0.100 - - [09/Mar/2026:04:06:02 +0000] "PUT /d1/349/AUTH_99813a8ee31846b8a9bfdc5904248362/gnocchi.ec60adb7-48a6-4dc2-9154-56f42c81d1ae" 201 - "PUT http://localhost:8080/v1/AUTH_99813a8ee31846b8a9bfdc5904248362/gnocchi.ec60adb7-48a6-4dc2-9154-56f42c81d1ae" "txc8663d491ffb4298a41be-0069ae472a" "proxy-server 21" 0.0252 "-" 19 0
Mar 9 04:06:02 standalone proxy-server[125668]: 172.18.0.2 ::1 09/Mar/2026/04/06/02 PUT /v1/AUTH_99813a8ee31846b8a9bfdc5904248362/gnocchi.ec60adb7-48a6-4dc2-9154-56f42c81d1ae HTTP/1.0 201 - python-swiftclient-3.11.1 gAAAAABprkbm0Q3S... - - - txc8663d491ffb4298a41be-0069ae472a - 0.0318 - - 1773029162.901813030 1773029162.933574200 0
Mar 9 04:06:02 standalone container-server[123593]: 172.20.0.100 - - [09/Mar/2026:04:06:02 +0000] "HEAD /d1/349/AUTH_99813a8ee31846b8a9bfdc5904248362/gnocchi.ec60adb7-48a6-4dc2-9154-56f42c81d1ae" 204 - "HEAD http://localhost:8080/v1/AUTH_99813a8ee31846b8a9bfdc5904248362/gnocchi.ec60adb7-48a6-4dc2-9154-56f42c81d1ae?format=json&states=listing" "tx37c00c7d9db74064934f3-0069ae472a" "proxy-server 21" 0.0012 "-" 21 0
Mar 9 04:06:02 standalone proxy-server[125668]: - - 09/Mar/2026/04/06/02 HEAD /v1/AUTH_99813a8ee31846b8a9bfdc5904248362/gnocchi.ec60adb7-48a6-4dc2-9154-56f42c81d1ae%3Fformat%3Djson%26states%3Dlisting HTTP/1.0 204 - Swift - - - - tx37c00c7d9db74064934f3-0069ae472a - 0.0042 RL - 1773029162.939975739 1773029162.944143295 0
Mar 9 04:06:02 standalone container-server[123589]: 172.20.0.100 - - [09/Mar/2026:04:06:02 +0000] "GET /d1/349/AUTH_99813a8ee31846b8a9bfdc5904248362/gnocchi.ec60adb7-48a6-4dc2-9154-56f42c81d1ae" 200 2 "GET http://localhost:8080/v1/AUTH_99813a8ee31846b8a9bfdc5904248362/gnocchi.ec60adb7-48a6-4dc2-9154-56f42c81d1ae?format=json&states=listing" "tx37c00c7d9db74064934f3-0069ae472a" "proxy-server 21" 0.0041 "-" 20 0
Mar 9 04:06:02 standalone proxy-server[125668]: 172.18.0.2 ::1 09/Mar/2026/04/06/02 GET /v1/AUTH_99813a8ee31846b8a9bfdc5904248362/gnocchi.ec60adb7-48a6-4dc2-9154-56f42c81d1ae%3Fformat%3Djson%26states%3Dlisting HTTP/1.0 200 - python-swiftclient-3.11.1 gAAAAABprkbm0Q3S... - 2 - tx37c00c7d9db74064934f3-0069ae472a - 0.0150 - - 1773029162.938958406 1773029162.953974962 0
