Mar 9 04:06:02 standalone object-server[123754]: 172.20.0.100 - - [09/Mar/2026:04:06:02 +0000] "GET /d1/562/AUTH_99813a8ee31846b8a9bfdc5904248362/gnocchi.ec60adb7-48a6-4dc2-9154-56f42c81d1ae/1772280000.0_mean_300.0_v3" 404 70 "GET http://localhost:8080/v1/AUTH_99813a8ee31846b8a9bfdc5904248362/gnocchi.ec60adb7-48a6-4dc2-9154-56f42c81d1ae/1772280000.0_mean_300.0_v3" "tx7538ef65f8354ac0a3172-0069ae472a" "proxy-server 21" 0.0005 "-" 23 0
Mar 9 04:06:02 standalone proxy-server[125668]: 172.18.0.2 ::1 09/Mar/2026/04/06/02 GET /v1/AUTH_99813a8ee31846b8a9bfdc5904248362/gnocchi.ec60adb7-48a6-4dc2-9154-56f42c81d1ae/1772280000.0_mean_300.0_v3 HTTP/1.0 404 - python-swiftclient-3.11.1 gAAAAABprkbm0Q3S... - 70 - tx7538ef65f8354ac0a3172-0069ae472a - 0.0372 - - 1773029162.960900307 1773029162.998143673 0
Mar 9 04:06:03 standalone container-server[123589]: 172.20.0.100 - - [09/Mar/2026:04:06:03 +0000] "PUT /d1/349/AUTH_99813a8ee31846b8a9bfdc5904248362/gnocchi.ec60adb7-48a6-4dc2-9154-56f42c81d1ae/1772280000.0_mean_300.0_v3" 201 - "PUT http://localhost:8080/d1/562/AUTH_99813a8ee31846b8a9bfdc5904248362/gnocchi.ec60adb7-48a6-4dc2-9154-56f42c81d1ae/1772280000.0_mean_300.0_v3" "txbf5f0e33499c4dfe94797-0069ae472b" "object-server 22" 0.0009 "-" 20 0
Mar 9 04:06:03 standalone object-server[123750]: 172.20.0.100 - - [09/Mar/2026:04:06:03 +0000] "PUT /d1/562/AUTH_99813a8ee31846b8a9bfdc5904248362/gnocchi.ec60adb7-48a6-4dc2-9154-56f42c81d1ae/1772280000.0_mean_300.0_v3" 201 - "PUT http://localhost:8080/v1/AUTH_99813a8ee31846b8a9bfdc5904248362/gnocchi.ec60adb7-48a6-4dc2-9154-56f42c81d1ae/1772280000.0_mean_300.0_v3" "txbf5f0e33499c4dfe94797-0069ae472b" "proxy-server 21" 0.0138 "-" 22 0
Mar 9 04:06:03 standalone proxy-server[125668]: 172.18.0.2 ::1 09/Mar/2026/04/06/03 PUT /v1/AUTH_99813a8ee31846b8a9bfdc5904248362/gnocchi.ec60adb7-48a6-4dc2-9154-56f42c81d1ae/1772280000.0_mean_300.0_v3 HTTP/1.0 201 - python-swiftclient-3.11.1 gAAAAABprkbm0Q3S... 16 - - txbf5f0e33499c4dfe94797-0069ae472b - 0.0199 - - 1773029163.002207518 1773029163.022085667 0
Mar 9 04:06:03 standalone container-server[123581]: 172.20.0.100 - - [09/Mar/2026:04:06:03 +0000] "PUT /d1/349/AUTH_99813a8ee31846b8a9bfdc5904248362/gnocchi.ec60adb7-48a6-4dc2-9154-56f42c81d1ae/none_v3" 201 - "PUT http://localhost:8080/d1/191/AUTH_99813a8ee31846b8a9bfdc5904248362/gnocchi.ec60adb7-48a6-4dc2-9154-56f42c81d1ae/none_v3" "tx9c507916056a456c92a9e-0069ae472b" "object-server 23" 0.0010 "-" 19 0
Mar 9 04:06:03 standalone object-server[123754]: 172.20.0.100 - - [09/Mar/2026:04:06:03 +0000] "PUT /d1/191/AUTH_99813a8ee31846b8a9bfdc5904248362/gnocchi.ec60adb7-48a6-4dc2-9154-56f42c81d1ae/none_v3" 201 - "PUT http://localhost:8080/v1/AUTH_99813a8ee31846b8a9bfdc5904248362/gnocchi.ec60adb7-48a6-4dc2-9154-56f42c81d1ae/none_v3" "tx9c507916056a456c92a9e-0069ae472b" "proxy-server 21" 0.0099 "-" 23 0
Mar 9 04:06:03 standalone proxy-server[125668]: 172.18.0.2 ::1 09/Mar/2026/04/06/03 PUT /v1/AUTH_99813a8ee31846b8a9bfdc5904248362/gnocchi.ec60adb7-48a6-4dc2-9154-56f42c81d1ae/none_v3 HTTP/1.0 201 - python-swiftclient-3.11.1 gAAAAABprkbm0Q3S... 22 - - tx9c507916056a456c92a9e-0069ae472b - 0.0164 - - 1773029163.028008223 1773029163.044382811 0
Mar 9 04:06:03 standalone container-server[123581]: 172.20.0.100 - - [09/Mar/2026:04:06:03 +0000] "HEAD /d1/152/AUTH_99813a8ee31846b8a9bfdc5904248362/gnocchi.4e0eb6d5-62bb-4dee-9e18-82a56db2dba8" 404 - "HEAD http://localhost:8080/v1/AUTH_99813a8ee31846b8a9bfdc5904248362/gnocchi.4e0eb6d5-62bb-4dee-9e18-82a56db2dba8?format=json&states=listing" "tx84eb61c8beb9481b9971c-0069ae472b" "proxy-server 21" 0.0006 "-" 19 0
Mar 9 04:06:03 standalone object-server[123756]: 172.20.0.100 - - [09/Mar/2026:04:06:03 +0000] "GET /d1/538/AUTH_99813a8ee31846b8a9bfdc5904248362/gnocchi.4e0eb6d5-62bb-4dee-9e18-82a56db2dba8/none_v3" 404 70 "GET http://localhost:8080/v1/AUTH_99813a8ee31846b8a9bfdc5904248362/gnocchi.4e0eb6d5-62bb-4dee-9e18-82a56db2dba8/none_v3" "tx84eb61c8beb9481b9971c-0069ae472b" "proxy-server 21" 0.0005 "-" 24 0
Mar 9 04:06:03 standalone proxy-server[125668]: 172.18.0.2 ::1 09/Mar/2026/04/06/03 GET /v1/AUTH_99813a8ee31846b8a9bfdc5904248362/gnocchi.4e0eb6d5-62bb-4dee-9e18-82a56db2dba8/none_v3 HTTP/1.0 404 - python-swiftclient-3.11.1 gAAAAABprkbm0Q3S... - 70 - tx84eb61c8beb9481b9971c-0069ae472b - 0.0101 - - 1773029163.064716339 1773029163.074784994 0
Mar 9 04:06:03 standalone account-server[123462]: 172.20.0.100 - - [09/Mar/2026:04:06:03 +0000] "PUT /d1/550/AUTH_99813a8ee31846b8a9bfdc5904248362/gnocchi.4e0eb6d5-62bb-4dee-9e18-82a56db2dba8" 201 - "PUT http://172.20.0.100:6001/d1/152/AUTH_99813a8ee31846b8a9bfdc5904248362/gnocchi.4e0eb6d5-62bb-4dee-9e18-82a56db2dba8" "tx99e5993b67ce40f88fb29-0069ae472b" "container-server 22" 0.0069 "-" 15 0
Mar 9 04:06:03 standalone container-server[123615]: 172.20.0.100 - - [09/Mar/2026:04:06:03 +0000] "PUT /d1/152/AUTH_99813a8ee31846b8a9bfdc5904248362/gnocchi.4e0eb6d5-62bb-4dee-9e18-82a56db2dba8" 201 - "PUT http://localhost:8080/v1/AUTH_99813a8ee31846b8a9bfdc5904248362/gnocchi.4e0eb6d5-62bb-4dee-9e18-82a56db2dba8" "tx99e5993b67ce40f88fb29-0069ae472b" "proxy-server 21" 0.0224 "-" 22 0
Mar 9 04:06:03 standalone proxy-server[125668]: 172.18.0.2 ::1 09/Mar/2026/04/06/03 PUT /v1/AUTH_99813a8ee31846b8a9bfdc5904248362/gnocchi.4e0eb6d5-62bb-4dee-9e18-82a56db2dba8 HTTP/1.0 201 - python-swiftclient-3.11.1 gAAAAABprkbm0Q3S... - - - tx99e5993b67ce40f88fb29-0069ae472b - 0.0289 - - 1773029163.080366373 1773029163.109258175 0
Mar 9 04:06:03 standalone container-server[123593]: 172.20.0.100 - - [09/Mar/2026:04:06:03 +0000] "HEAD /d1/152/AUTH_99813a8ee31846b8a9bfdc5904248362/gnocchi.4e0eb6d5-62bb-4dee-9e18-82a56db2dba8" 204 - "HEAD http://localhost:8080/v1/AUTH_99813a8ee31846b8a9bfdc5904248362/gnocchi.4e0eb6d5-62bb-4dee-9e18-82a56db2dba8?format=json&states=listing" "tx38745451ef264fd48957a-0069ae472b" "proxy-server 21" 0.0016 "-" 21 0
Mar 9 04:06:03 standalone proxy-server[125668]: - - 09/Mar/2026/04/06/03 HEAD /v1/AUTH_99813a8ee31846b8a9bfdc5904248362/gnocchi.4e0eb6d5-62bb-4dee-9e18-82a56db2dba8%3Fformat%3Djson%26states%3Dlisting HTTP/1.0 204 - Swift - - - - tx38745451ef264fd48957a-0069ae472b - 0.0059 RL - 1773029163.117539167 1773029163.123460054 0
Mar 9 04:06:03 standalone container-server[123581]: 172.20.0.100 - - [09/Mar/2026:04:06:03 +0000] "GET /d1/152/AUTH_99813a8ee31846b8a9bfdc5904248362/gnocchi.4e0eb6d5-62bb-4dee-9e18-82a56db2dba8" 200 2 "GET http://localhost:8080/v1/AUTH_99813a8ee31846b8a9bfdc5904248362/gnocchi.4e0eb6d5-62bb-4dee-9e18-82a56db2dba8?format=json&states=listing" "tx38745451ef264fd48957a-0069ae472b" "proxy-server 21" 0.0034 "-" 19 0
Mar 9 04:06:03 standalone proxy-server[125668]: 172.18.0.2 ::1 09/Mar/2026/04/06/03 GET /v1/AUTH_99813a8ee31846b8a9bfdc5904248362/gnocchi.4e0eb6d5-62bb-4dee-9e18-82a56db2dba8%3Fformat%3Djson%26states%3Dlisting HTTP/1.0 200 - python-swiftclient-3.11.1 gAAAAABprkbm0Q3S... - 2 - tx38745451ef264fd48957a-0069ae472b - 0.0187 - - 1773029163.115655184 1773029163.134356499 0
Mar 9 04:06:03 standalone object-server[123750]: 172.20.0.100 - - [09/Mar/2026:04:06:03 +0000] "GET /d1/804/AUTH_99813a8ee31846b8a9bfdc5904248362/gnocchi.4e0eb6d5-62bb-4dee-9e18-82a56db2dba8/1772280000.0_mean_300.0_v3" 404 70 "GET http://localhost:8080/v1/AUTH_99813a8ee31846b8a9bfdc5904248362/gnocchi.4e0eb6d5-62bb-4dee-9e18-82a56db2dba8/1772280000.0_mean_300.0_v3" "tx0f0b5523bcaa421aa330e-0069ae472b" "proxy-server 21" 0.0005 "-" 22 0
Mar 9 04:06:03 standalone proxy-server[125668]: 172.18.0.2 ::1 09/Mar/2026/04/06/03 GET /v1/AUTH_99813a8ee31846b8a9bfdc5904248362/gnocchi.4e0eb6d5-62bb-4dee-9e18-82a56db2dba8/1772280000.0_mean_300.0_v3 HTTP/1.0 404 - python-swiftclient-3.11.1 gAAAAABprkbm0Q3S... - 70 - tx0f0b5523bcaa421aa330e-0069ae472b - 0.0074 - - 1773029163.143916130 1773029163.151347876 0
Mar 9 04:06:03 standalone container-server[123593]: 172.20.0.100 - - [09/Mar/2026:04:06:03 +0000] "PUT /d1/152/AUTH_99813a8ee31846b8a9bfdc5904248362/gnocchi.4e0eb6d5-62bb-4dee-9e18-82a56db2dba8/1772280000.0_mean_300.0_v3" 201 - "PUT http://localhost:8080/d1/804/AUTH_99813a8ee31846b8a9bfdc5904248362/gnocchi.4e0eb6d5-62bb-4dee-9e18-82a56db2dba8/1772280000.0_mean_300.0_v3" "tx487b989d99524b0cad477-0069ae472b" "object-server 24" 0.0006 "-" 21 0
Mar 9 04:06:03 standalone object-server[123756]: 172.20.0.100 - - [09/Mar/2026:04:06:03 +0000] "PUT /d1/804/AUTH_99813a8ee31846b8a9bfdc5904248362/gnocchi.4e0eb6d5-62bb-4dee-9e18-82a56db2dba8/1772280000.0_mean_300.0_v3" 201 - "PUT http://localhost:8080/v1/AUTH_99813a8ee31846b8a9bfdc5904248362/gnocchi.4e0eb6d5-62bb-4dee-9e18-82a56db2dba8/1772280000.0_mean_300.0_v3" "tx487b989d99524b0cad477-0069ae472b" "proxy-server 21" 0.0099 "-" 24 0
Mar 9 04:06:03 standalone proxy-server[125668]: 172.18.0.2 ::1 09/Mar/2026/04/06/03 PUT /v1/AUTH_99813a8ee31846b8a9bfdc5904248362/gnocchi.4e0eb6d5-62bb-4dee-9e18-82a56db2dba8/1772280000.0_mean_300.0_v3 HTTP/1.0 201 - python-swiftclient-3.11.1 gAAAAABprkbm0Q3S... 16 - - tx487b989d99524b0cad477-0069ae472b - 0.0159 - - 1773029163.166481972 1773029163.182409286 0
Mar 9 04:06:03 standalone container-server[123589]: 172.20.0.100 - - [09/Mar/2026:04:06:03 +0000] "PUT /d1/152/AUTH_99813a8ee31846b8a9bfdc5904248362/gnocchi.4e0eb6d5-62bb-4dee-9e18-82a56db2dba8/none_v3" 201 - "PUT http://localhost:8080/d1/538/AUTH_99813a8ee31846b8a9bfdc5904248362/gnocchi.4e0eb6d5-62bb-4dee-9e18-82a56db2dba8/none_v3" "txab77a9f693ae49c5b0b30-0069ae472b" "object-server 22" 0.0006 "-" 20 0
Mar 9 04:06:03 standalone object-server[123750]: 172.20.0.100 - - [09/Mar/2026:04:06:03 +0000] "PUT /d1/538/AUTH_99813a8ee31846b8a9bfdc5904248362/gnocchi.4e0eb6d5-62bb-4dee-9e18-82a56db2dba8/none_v3" 201 - "PUT http://localhost:8080/v1/AUTH_99813a8ee31846b8a9bfdc5904248362/gnocchi.4e0eb6d5-62bb-4dee-9e18-82a56db2dba8/none_v3" "txab77a9f693ae49c5b0b30-0069ae472b" "proxy-server 21" 0.0126 "-" 22 0
Mar 9 04:06:03 standalone proxy-server[125668]: 172.18.0.2 ::1 09/Mar/2026/04/06/03 PUT /v1/AUTH_99813a8ee31846b8a9bfdc5904248362/gnocchi.4e0eb6d5-62bb-4dee-9e18-82a56db2dba8/none_v3 HTTP/1.0 201 - python-swiftclient-3.11.1 gAAAAABprkbm0Q3S... 22 - - txab77a9f693ae49c5b0b30-0069ae472b - 0.0204 - - 1773029163.192084312 1773029163.212462187 0
Mar 9 04:06:03 standalone container-server[123593]: 172.20.0.100 - - [09/Mar/2026:04:06:03 +0000] "HEAD /d1/307/AUTH_99813a8ee31846b8a9bfdc5904248362/gnocchi.76ab11de-9433-43d1-8173-94453185e27c" 404 - "HEAD http://localhost:8080/v1/AUTH_99813a8ee31846b8a9bfdc5904248362/gnocchi.76ab11de-9433-43d1-8173-94453185e27c?format=json&states=listing" "txb8856efa138441178bc5d-0069ae472b" "proxy-server 21" 0.0003 "-" 21 0
Mar 9 04:06:03 standalone object-server[123757]: 172.20.0.100 - - [09/Mar/2026:04:06:03 +0000] "GET /d1/274/AUTH_99813a8ee31846b8a9bfdc5904248362/gnocchi.76ab11de-9433-43d1-8173-94453185e27c/none_v3" 404 70 "GET http://localhost:8080/v1/AUTH_99813a8ee31846b8a9bfdc5904248362/gnocchi.76ab11de-9433-43d1-8173-94453185e27c/none_v3" "txb8856efa138441178bc5d-0069ae472b" "proxy-server 21" 0.0005 "-" 25 0
Mar 9 04:06:03 standalone proxy-server[125668]: 172.18.0.2 ::1 09/Mar/2026/04/06/03 GET /v1/AUTH_99813a8ee31846b8a9bfdc5904248362/gnocchi.76ab11de-9433-43d1-8173-94453185e27c/none_v3 HTTP/1.0 404 - python-swiftclient-3.11.1 gAAAAABprkbm0Q3S... - 70 - txb8856efa138441178bc5d-0069ae472b - 0.0100 - - 1773029163.301229477 1773029163.311252594 0
Mar 9 04:06:03 standalone account-server[123484]: 172.20.0.100 - - [09/Mar/2026:04:06:03 +0000] "PUT /d1/550/AUTH_99813a8ee31846b8a9bfdc5904248362/gnocchi.76ab11de-9433-43d1-8173-94453185e27c" 201 - "PUT http://172.20.0.100:6001/d1/307/AUTH_99813a8ee31846b8a9bfdc5904248362/gnocchi.76ab11de-9433-43d1-8173-94453185e27c" "tx299335dc73044ab18e534-0069ae472b" "container-server 21" 0.0092 "-" 17 0
Mar 9 04:06:03 standalone container-server[123593]: 172.20.0.100 - - [09/Mar/2026:04:06:03 +0000] "PUT /d1/307/AUTH_99813a8ee31846b8a9bfdc5904248362/gnocchi.76ab11de-9433-43d1-8173-94453185e27c" 201 - "PUT http://localhost:8080/v1/AUTH_99813a8ee31846b8a9bfdc5904248362/gnocchi.76ab11de-9433-43d1-8173-94453185e27c" "tx299335dc73044ab18e534-0069ae472b" "proxy-server 21" 0.0187 "-" 21 0
Mar 9 04:06:03 standalone proxy-server[125668]: 172.18.0.2 ::1 09/Mar/2026/04/06/03 PUT /v1/AUTH_99813a8ee31846b8a9bfdc5904248362/gnocchi.76ab11de-9433-43d1-8173-94453185e27c HTTP/1.0 201 - python-swiftclient-3.11.1 gAAAAABprkbm0Q3S... - - - tx299335dc73044ab18e534-0069ae472b - 0.0233 - - 1773029163.317008972 1773029163.340330601 0
Mar 9 04:06:03 standalone container-server[123615]: 172.20.0.100 - - [09/Mar/2026:04:06:03 +0000] "HEAD /d1/307/AUTH_99813a8ee31846b8a9bfdc5904248362/gnocchi.76ab11de-9433-43d1-8173-94453185e27c" 204 - "HEAD http://localhost:8080/v1/AUTH_99813a8ee31846b8a9bfdc5904248362/gnocchi.76ab11de-9433-43d1-8173-94453185e27c?format=json&states=listing" "txdbb8306905134ec6a547e-0069ae472b" "proxy-server 21" 0.0031 "-" 22 0
Mar 9 04:06:03 standalone proxy-server[125668]: - - 09/Mar/2026/04/06/03 HEAD /v1/AUTH_99813a8ee31846b8a9bfdc5904248362/gnocchi.76ab11de-9433-43d1-8173-94453185e27c%3Fformat%3Djson%26states%3Dlisting HTTP/1.0 204 - Swift - - - - txdbb8306905134ec6a547e-0069ae472b - 0.0071 RL - 1773029163.348308802 1773029163.355366945 0
Mar 9 04:06:03 standalone container-server[123581]: 172.20.0.100 - - [09/Mar/2026:04:06:03 +0000] "GET /d1/307/AUTH_99813a8ee31846b8a9bfdc5904248362/gnocchi.76ab11de-9433-43d1-8173-94453185e27c" 200 2 "GET http://localhost:8080/v1/AUTH_99813a8ee31846b8a9bfdc5904248362/gnocchi.76ab11de-9433-43d1-8173-94453185e27c?format=json&states=listing" "txdbb8306905134ec6a547e-0069ae472b" "proxy-server 21" 0.0048 "-" 19 0
Mar 9 04:06:03 standalone proxy-server[125668]: 172.18.0.2 ::1 09/Mar/2026/04/06/03 GET /v1/AUTH_99813a8ee31846b8a9bfdc5904248362/gnocchi.76ab11de-9433-43d1-8173-94453185e27c%3Fformat%3Djson%26states%3Dlisting HTTP/1.0 200 - python-swiftclient-3.11.1 gAAAAABprkbm0Q3S... - 2 - txdbb8306905134ec6a547e-0069ae472b - 0.0191 - - 1773029163.347368240 1773029163.366497993 0
Mar 9 04:06:03 standalone object-server[123754]: 172.20.0.100 - - [09/Mar/2026:04:06:03 +0000] "GET /d1/545/AUTH_99813a8ee31846b8a9bfdc5904248362/gnocchi.76ab11de-9433-43d1-8173-94453185e27c/1772280000.0_mean_300.0_v3" 404 70 "GET http://localhost:8080/v1/AUTH_99813a8ee31846b8a9bfdc5904248362/gnocchi.76ab11de-9433-43d1-8173-94453185e27c/1772280000.0_mean_300.0_v3" "tx3dc5a8b1eec44aa681e45-0069ae472b" "proxy-server 21" 0.0009 "-" 23 0
Mar 9 04:06:03 standalone proxy-server[125668]: 172.18.0.2 ::1 09/Mar/2026/04/06/03 GET /v1/AUTH_99813a8ee31846b8a9bfdc5904248362/gnocchi.76ab11de-9433-43d1-8173-94453185e27c/1772280000.0_mean_300.0_v3 HTTP/1.0 404 - python-swiftclient-3.11.1 gAAAAABprkbm0Q3S... - 70 - tx3dc5a8b1eec44aa681e45-0069ae472b - 0.0073 - - 1773029163.373296976 1773029163.380612135 0
Mar 9 04:06:03 standalone container-server[123615]: 172.20.0.100 - - [09/Mar/2026:04:06:03 +0000] "PUT /d1/307/AUTH_99813a8ee31846b8a9bfdc5904248362/gnocchi.76ab11de-9433-43d1-8173-94453185e27c/1772280000.0_mean_300.0_v3" 201 - "PUT http://localhost:8080/d1/545/AUTH_99813a8ee31846b8a9bfdc5904248362/gnocchi.76ab11de-9433-43d1-8173-94453185e27c/1772280000.0_mean_300.0_v3" "tx08ffc338cf8a4aedb54f5-0069ae472b" "object-server 22" 0.0012 "-" 22 0
Mar 9 04:06:03 standalone object-server[123750]: 172.20.0.100 - - [09/Mar/2026:04:06:03 +0000] "PUT /d1/545/AUTH_99813a8ee31846b8a9bfdc5904248362/gnocchi.76ab11de-9433-43d1-8173-94453185e27c/1772280000.0_mean_300.0_v3" 201 - "PUT http://localhost:8080/v1/AUTH_99813a8ee31846b8a9bfdc5904248362/gnocchi.76ab11de-9433-43d1-8173-94453185e27c/1772280000.0_mean_300.0_v3" "tx08ffc338cf8a4aedb54f5-0069ae472b" "proxy-server 21" 0.0148 "-" 22 0
Mar 9 04:06:03 standalone proxy-server[125668]: 172.18.0.2 ::1 09/Mar/2026/04/06/03 PUT /v1/AUTH_99813a8ee31846b8a9bfdc5904248362/gnocchi.76ab11de-9433-43d1-8173-94453185e27c/1772280000.0_mean_300.0_v3 HTTP/1.0 201 - python-swiftclient-3.11.1 gAAAAABprkbm0Q3S... 16 - - tx08ffc338cf8a4aedb54f5-0069ae472b - 0.0225 - - 1773029163.386223078 1773029163.408740520 0
Mar 9 04:06:03 standalone container-server[123593]: 172.20.0.100 - - [09/Mar/2026:04:06:03 +0000] "PUT /d1/307/AUTH_99813a8ee31846b8a9bfdc5904248362/gnocchi.76ab11de-9433-43d1-8173-94453185e27c/none_v3" 201 - "PUT http://localhost:8080/d1/274/AUTH_99813a8ee31846b8a9bfdc5904248362/gnocchi.76ab11de-9433-43d1-8173-94453185e27c/none_v3" "txbc5cdcf4a98a45b180753-0069ae472b" "object-server 23" 0.0004 "-" 21 0
Mar 9 04:06:03 standalone object-server[123754]: 172.20.0.100 - - [09/Mar/2026:04:06:03 +0000] "PUT /d1/274/AUTH_99813a8ee31846b8a9bfdc5904248362/gnocchi.76ab11de-9433-43d1-8173-94453185e27c/none_v3" 201 - "PUT http://localhost:8080/v1/AUTH_99813a8ee31846b8a9bfdc5904248362/gnocchi.76ab11de-9433-43d1-8173-94453185e27c/none_v3" "txbc5cdcf4a98a45b180753-0069ae472b" "proxy-server 21" 0.0081 "-" 23 0
Mar 9 04:06:03 standalone proxy-server[125668]: 172.18.0.2 ::1 09/Mar/2026/04/06/03 PUT /v1/AUTH_99813a8ee31846b8a9bfdc5904248362/gnocchi.76ab11de-9433-43d1-8173-94453185e27c/none_v3 HTTP/1.0 201 - python-swiftclient-3.11.1 gAAAAABprkbm0Q3S... 22 - - txbc5cdcf4a98a45b180753-0069ae472b - 0.0127 - - 1773029163.413913488 1773029163.426580906 0
Mar 9 04:06:03 standalone container-server[123615]: 172.20.0.100 - - [09/Mar/2026:04:06:03 +0000] "HEAD /d1/171/AUTH_99813a8ee31846b8a9bfdc5904248362/gnocchi.6918efbd-a67d-455f-a5d4-c38f0443139f" 404 - "HEAD http://localhost:8080/v1/AUTH_99813a8ee31846b8a9bfdc5904248362/gnocchi.6918efbd-a67d-455f-a5d4-c38f0443139f?format=json&states=listing" "tx2c41ceaa2d7a48dca720e-0069ae472b" "proxy-server 21" 0.0008 "-" 22 0
Mar 9 04:06:03 standalone object-server[123754]: 172.20.0.100 - - [09/Mar/2026:04:06:03 +0000] "GET /d1/533/AUTH_99813a8ee31846b8a9bfdc5904248362/gnocchi.6918efbd-a67d-455f-a5d4-c38f0443139f/none_v3" 404 70 "GET http://localhost:8080/v1/AUTH_99813a8ee31846b8a9bfdc5904248362/gnocchi.6918efbd-a67d-455f-a5d4-c38f0443139f/none_v3" "tx2c41ceaa2d7a48dca720e-0069ae472b" "proxy-server 21" 0.0007 "-" 23 0
Mar 9 04:06:03 standalone proxy-server[125668]: 172.18.0.2 ::1 09/Mar/2026/04/06/03 GET /v1/AUTH_99813a8ee31846b8a9bfdc5904248362/gnocchi.6918efbd-a67d-455f-a5d4-c38f0443139f/none_v3 HTTP/1.0 404 - python-swiftclient-3.11.1 gAAAAABprkbm0Q3S... - 70 - tx2c41ceaa2d7a48dca720e-0069ae472b - 0.0169 - - 1773029163.444448948 1773029163.461344004 0
Mar 9 04:06:03 standalone account-server[123462]: 172.20.0.100 - - [09/Mar/2026:04:06:03 +0000] "PUT /d1/550/AUTH_99813a8ee31846b8a9bfdc5904248362/gnocchi.6918efbd-a67d-455f-a5d4-c38f0443139f" 201 - "PUT http://172.20.0.100:6001/d1/171/AUTH_99813a8ee31846b8a9bfdc5904248362/gnocchi.6918efbd-a67d-455f-a5d4-c38f0443139f" "txf80996109f2743459567e-0069ae472b" "container-server 21" 0.0060 "-" 15 0
Mar 9 04:06:03 standalone container-server[123593]: 172.20.0.100 - - [09/Mar/2026:04:06:03 +0000] "PUT /d1/171/AUTH_99813a8ee31846b8a9bfdc5904248362/gnocchi.6918efbd-a67d-455f-a5d4-c38f0443139f" 201 - "PUT http://localhost:8080/v1/AUTH_99813a8ee31846b8a9bfdc5904248362/gnocchi.6918efbd-a67d-455f-a5d4-c38f0443139f" "txf80996109f2743459567e-0069ae472b" "proxy-server 21" 0.0188 "-" 21 0
Mar 9 04:06:03 standalone proxy-server[125668]: 172.18.0.2 ::1 09/Mar/2026/04/06/03 PUT /v1/AUTH_99813a8ee31846b8a9bfdc5904248362/gnocchi.6918efbd-a67d-455f-a5d4-c38f0443139f HTTP/1.0 201 - python-swiftclient-3.11.1 gAAAAABprkbm0Q3S... - - - txf80996109f2743459567e-0069ae472b - 0.0254 - - 1773029163.466871738 1773029163.492282152 0
Mar 9 04:06:03 standalone container-server[123581]: 172.20.0.100 - - [09/Mar/2026:04:06:03 +0000] "HEAD /d1/171/AUTH_99813a8ee31846b8a9bfdc5904248362/gnocchi.6918efbd-a67d-455f-a5d4-c38f0443139f" 204 - "HEAD http://localhost:8080/v1/AUTH_99813a8ee31846b8a9bfdc5904248362/gnocchi.6918efbd-a67d-455f-a5d4-c38f0443139f?format=json&states=listing" "txd3f00106f4a24d1eaaf15-0069ae472b" "proxy-server 21" 0.0031 "-" 19 0
Mar 9 04:06:03 standalone proxy-server[125668]: - - 09/Mar/2026/04/06/03 HEAD /v1/AUTH_99813a8ee31846b8a9bfdc5904248362/gnocchi.6918efbd-a67d-455f-a5d4-c38f0443139f%3Fformat%3Djson%26states%3Dlisting HTTP/1.0 204 - Swift - - - - txd3f00106f4a24d1eaaf15-0069ae472b - 0.0082 RL - 1773029163.500558853 1773029163.508778334 0
Mar 9 04:06:03 standalone container-server[123593]: 172.20.0.100 - - [09/Mar/2026:04:06:03 +0000] "GET /d1/171/AUTH_99813a8ee31846b8a9bfdc5904248362/gnocchi.6918efbd-a67d-455f-a5d4-c38f0443139f" 200 2 "GET http://localhost:8080/v1/AUTH_99813a8ee31846b8a9bfdc5904248362/gnocchi.6918efbd-a67d-455f-a5d4-c38f0443139f?format=json&states=listing" "txd3f00106f4a24d1eaaf15-0069ae472b" "proxy-server 21" 0.0025 "-" 21 0
Mar 9 04:06:03 standalone proxy-server[125668]: 172.18.0.2 ::1 09/Mar/2026/04/06/03 GET /v1/AUTH_99813a8ee31846b8a9bfdc5904248362/gnocchi.6918efbd-a67d-455f-a5d4-c38f0443139f%3Fformat%3Djson%26states%3Dlisting HTTP/1.0 200 - python-swiftclient-3.11.1 gAAAAABprkbm0Q3S... - 2 - txd3f00106f4a24d1eaaf15-0069ae472b - 0.0197 - - 1773029163.499076843 1773029163.518756628 0
Mar 9 04:06:03 standalone object-server[123757]: 172.20.0.100 - - [09/Mar/2026:04:06:03 +0000] "GET /d1/536/AUTH_99813a8ee31846b8a9bfdc5904248362/gnocchi.6918efbd-a67d-455f-a5d4-c38f0443139f/1772280000.0_mean_300.0_v3" 404 70 "GET http://localhost:8080/v1/AUTH_99813a8ee31846b8a9bfdc5904248362/gnocchi.6918efbd-a67d-455f-a5d4-c38f0443139f/1772280000.0_mean_300.0_v3" "tx781942af3a7c47e2be123-0069ae472b" "proxy-server 21" 0.0004 "-" 25 0
Mar 9 04:06:03 standalone proxy-server[125668]: 172.18.0.2 ::1 09/Mar/2026/04/06/03 GET /v1/AUTH_99813a8ee31846b8a9bfdc5904248362/gnocchi.6918efbd-a67d-455f-a5d4-c38f0443139f/1772280000.0_mean_300.0_v3 HTTP/1.0 404 - python-swiftclient-3.11.1 gAAAAABprkbm0Q3S... - 70 - tx781942af3a7c47e2be123-0069ae472b - 0.0070 - - 1773029163.525351286 1773029163.532304287 0
Mar 9 04:06:03 standalone container-server[123589]: 172.20.0.100 - - [09/Mar/2026:04:06:03 +0000] "PUT /d1/171/AUTH_99813a8ee31846b8a9bfdc5904248362/gnocchi.6918efbd-a67d-455f-a5d4-c38f0443139f/1772280000.0_mean_300.0_v3" 201 - "PUT http://localhost:8080/d1/536/AUTH_99813a8ee31846b8a9bfdc5904248362/gnocchi.6918efbd-a67d-455f-a5d4-c38f0443139f/1772280000.0_mean_300.0_v3" "tx0e8c331a92fd4d3c9c08e-0069ae472b" "object-server 22" 0.0012 "-" 20 0
Mar 9 04:06:03 standalone object-server[123750]: 172.20.0.100 - - [09/Mar/2026:04:06:03 +0000] "PUT /d1/536/AUTH_99813a8ee31846b8a9bfdc5904248362/gnocchi.6918efbd-a67d-455f-a5d4-c38f0443139f/1772280000.0_mean_300.0_v3" 201 - "PUT http://localhost:8080/v1/AUTH_99813a8ee31846b8a9bfdc5904248362/gnocchi.6918efbd-a67d-455f-a5d4-c38f0443139f/1772280000.0_mean_300.0_v3" "tx0e8c331a92fd4d3c9c08e-0069ae472b" "proxy-server 21" 0.0150 "-" 22 0
Mar 9 04:06:03 standalone proxy-server[125668]: 172.18.0.2 ::1 09/Mar/2026/04/06/03 PUT /v1/AUTH_99813a8ee31846b8a9bfdc5904248362/gnocchi.6918efbd-a67d-455f-a5d4-c38f0443139f/1772280000.0_mean_300.0_v3 HTTP/1.0 201 - python-swiftclient-3.11.1 gAAAAABprkbm0Q3S... 16 - - tx0e8c331a92fd4d3c9c08e-0069ae472b - 0.0223 - - 1773029163.537199974 1773029163.559541464 0
Mar 9 04:06:03 standalone container-server[123593]: 172.20.0.100 - - [09/Mar/2026:04:06:03 +0000] "PUT /d1/171/AUTH_99813a8ee31846b8a9bfdc5904248362/gnocchi.6918efbd-a67d-455f-a5d4-c38f0443139f/none_v3" 201 - "PUT http://localhost:8080/d1/533/AUTH_99813a8ee31846b8a9bfdc5904248362/gnocchi.6918efbd-a67d-455f-a5d4-c38f0443139f/none_v3" "tx89ebc791c47741ef9f1b2-0069ae472b" "object-server 23" 0.0005 "-" 21 0
Mar 9 04:06:03 standalone object-server[123754]: 172.20.0.100 - - [09/Mar/2026:04:06:03 +0000] "PUT /d1/533/AUTH_99813a8ee31846b8a9bfdc5904248362/gnocchi.6918efbd-a67d-455f-a5d4-c38f0443139f/none_v3" 201 - "PUT http://localhost:8080/v1/AUTH_99813a8ee31846b8a9bfdc5904248362/gnocchi.6918efbd-a67d-455f-a5d4-c38f0443139f/none_v3" "tx89ebc791c47741ef9f1b2-0069ae472b" "proxy-server 21" 0.0130 "-" 23 0
Mar 9 04:06:03 standalone proxy-server[125668]: 172.18.0.2 ::1 09/Mar/2026/04/06/03 PUT /v1/AUTH_99813a8ee31846b8a9bfdc5904248362/gnocchi.6918efbd-a67d-455f-a5d4-c38f0443139f/none_v3 HTTP/1.0 201 - python-swiftclient-3.11.1 gAAAAABprkbm0Q3S... 22 - - tx89ebc791c47741ef9f1b2-0069ae472b - 0.0219 - - 1773029163.565522909 1773029163.587435961 0
Mar 9 04:06:03 standalone container-server[123593]: 172.20.0.100 - - [09/Mar/2026:04:06:03 +0000] "HEAD /d1/15/AUTH_99813a8ee31846b8a9bfdc5904248362/gnocchi.4caa9680-130e-4d20-8de3-f77c0f857462" 404 - "HEAD http://localhost:8080/v1/AUTH_99813a8ee31846b8a9bfdc5904248362/gnocchi.4caa9680-130e-4d20-8de3-f77c0f857462?format=json&states=listing" "tx4b5fccf72f2c4ba0ac615-0069ae472b" "proxy-server 21" 0.0008 "-" 21 0
Mar 9 04:06:03 standalone object-server[123754]: 172.20.0.100 - - [09/Mar/2026:04:06:03 +0000] "GET /d1/2/AUTH_99813a8ee31846b8a9bfdc5904248362/gnocchi.4caa9680-130e-4d20-8de3-f77c0f857462/none_v3" 404 70 "GET http://localhost:8080/v1/AUTH_99813a8ee31846b8a9bfdc5904248362/gnocchi.4caa9680-130e-4d20-8de3-f77c0f857462/none_v3" "tx4b5fccf72f2c4ba0ac615-0069ae472b" "proxy-server 21" 0.0008 "-" 23 0
Mar 9 04:06:03 standalone proxy-server[125668]: 172.18.0.2 ::1 09/Mar/2026/04/06/03 GET /v1/AUTH_99813a8ee31846b8a9bfdc5904248362/gnocchi.4caa9680-130e-4d20-8de3-f77c0f857462/none_v3 HTTP/1.0 404 - python-swiftclient-3.11.1 gAAAAABprkbm0Q3S... - 70 - tx4b5fccf72f2c4ba0ac615-0069ae472b - 0.0180 - - 1773029163.607810974 1773029163.625786543 0
Mar 9 04:06:03 standalone account-server[123462]: 172.20.0.100 - - [09/Mar/2026:04:06:03 +0000] "PUT /d1/550/AUTH_99813a8ee31846b8a9bfdc5904248362/gnocchi.4caa9680-130e-4d20-8de3-f77c0f857462" 201 - "PUT http://172.20.0.100:6001/d1/15/AUTH_99813a8ee31846b8a9bfdc5904248362/gnocchi.4caa9680-130e-4d20-8de3-f77c0f857462" "tx628fc8a9343a4ffc8dee5-0069ae472b" "container-server 19" 0.0047 "-" 15 0
Mar 9 04:06:03 standalone container-server[123581]: 172.20.0.100 - - [09/Mar/2026:04:06:03 +0000] "PUT /d1/15/AUTH_99813a8ee31846b8a9bfdc5904248362/gnocchi.4caa9680-130e-4d20-8de3-f77c0f857462" 201 - "PUT http://localhost:8080/v1/AUTH_99813a8ee31846b8a9bfdc5904248362/gnocchi.4caa9680-130e-4d20-8de3-f77c0f857462" "tx628fc8a9343a4ffc8dee5-0069ae472b" "proxy-server 21" 0.0184 "-" 19 0
Mar 9 04:06:03 standalone proxy-server[125668]: 172.18.0.2 ::1 09/Mar/2026/04/06/03 PUT /v1/AUTH_99813a8ee31846b8a9bfdc5904248362/gnocchi.4caa9680-130e-4d20-8de3-f77c0f857462 HTTP/1.0 201 - python-swiftclient-3.11.1 gAAAAABprkbm0Q3S... - - - tx628fc8a9343a4ffc8dee5-0069ae472b - 0.0270 - - 1773029163.632575512 1773029163.659596205 0
Mar 9 04:06:03 standalone container-server[123581]: 172.20.0.100 - - [09/Mar/2026:04:06:03 +0000] "HEAD /d1/15/AUTH_99813a8ee31846b8a9bfdc5904248362/gnocchi.4caa9680-130e-4d20-8de3-f77c0f857462" 204 - "HEAD http://localhost:8080/v1/AUTH_99813a8ee31846b8a9bfdc5904248362/gnocchi.4caa9680-130e-4d20-8de3-f77c0f857462?format=json&states=listing" "txd57e329248e645818086c-0069ae472b" "proxy-server 21" 0.0018 "-" 19 0
Mar 9 04:06:03 standalone proxy-server[125668]: - - 09/Mar/2026/04/06/03 HEAD /v1/AUTH_99813a8ee31846b8a9bfdc5904248362/gnocchi.4caa9680-130e-4d20-8de3-f77c0f857462%3Fformat%3Djson%26states%3Dlisting HTTP/1.0 204 - Swift - - - - txd57e329248e645818086c-0069ae472b - 0.0055 RL - 1773029163.666637659 1773029163.672181129 0
Mar 9 04:06:03 standalone container-server[123593]: 172.20.0.100 - - [09/Mar/2026:04:06:03 +0000] "GET /d1/15/AUTH_99813a8ee31846b8a9bfdc5904248362/gnocchi.4caa9680-130e-4d20-8de3-f77c0f857462" 200 2 "GET http://localhost:8080/v1/AUTH_99813a8ee31846b8a9bfdc5904248362/gnocchi.4caa9680-130e-4d20-8de3-f77c0f857462?format=json&states=listing" "txd57e329248e645818086c-0069ae472b" "proxy-server 21" 0.0025 "-" 21 0
Mar 9 04:06:03 standalone proxy-server[125668]: 172.18.0.2 ::1 09/Mar/2026/04/06/03 GET /v1/AUTH_99813a8ee31846b8a9bfdc5904248362/gnocchi.4caa9680-130e-4d20-8de3-f77c0f857462%3Fformat%3Djson%26states%3Dlisting HTTP/1.0 200 - python-swiftclient-3.11.1 gAAAAABprkbm0Q3S... - 2 - txd57e329248e645818086c-0069ae472b - 0.0171 - - 1773029163.665067434 1773029163.682206631 0
Mar 9 04:06:03 standalone object-server[123754]: 172.20.0.100 - - [09/Mar/2026:04:06:03 +0000] "GET /d1/770/AUTH_99813a8ee31846b8a9bfdc5904248362/gnocchi.4caa9680-130e-4d20-8de3-f77c0f857462/1772280000.0_mean_300.0_v3" 404 70 "GET http://localhost:8080/v1/AUTH_99813a8ee31846b8a9bfdc5904248362/gnocchi.4caa9680-130e-4d20-8de3-f77c0f857462/1772280000.0_mean_300.0_v3" "tx0c3f44bb5010424b81566-0069ae472b" "proxy-server 21" 0.0004 "-" 23 0
Mar 9 04:06:03 standalone proxy-server[125668]: 172.18.0.2 ::1 09/Mar/2026/04/06/03 GET /v1/AUTH_99813a8ee31846b8a9bfdc5904248362/gnocchi.4caa9680-130e-4d20-8de3-f77c0f857462/1772280000.0_mean_300.0_v3 HTTP/1.0 404 - python-swiftclient-3.11.1 gAAAAABprkbm0Q3S... - 70 - tx0c3f44bb5010424b81566-0069ae472b - 0.0069 - - 1773029163.692295313 1773029163.699168682 0
Mar 9 04:06:03 standalone container-server[123581]: 172.20.0.100 - - [09/Mar/2026:04:06:03 +0000] "PUT /d1/15/AUTH_99813a8ee31846b8a9bfdc5904248362/gnocchi.4caa9680-130e-4d20-8de3-f77c0f857462/1772280000.0_mean_300.0_v3" 201 - "PUT http://localhost:8080/d1/770/AUTH_99813a8ee31846b8a9bfdc5904248362/gnocchi.4caa9680-130e-4d20-8de3-f77c0f857462/1772280000.0_mean_300.0_v3" "txae6c1ba391aa42f18faeb-0069ae472b" "object-server 24" 0.0010 "-" 19 0
Mar 9 04:06:03 standalone object-server[123756]: 172.20.0.100 - - [09/Mar/2026:04:06:03 +0000] "PUT /d1/770/AUTH_99813a8ee31846b8a9bfdc5904248362/gnocchi.4caa9680-130e-4d20-8de3-f77c0f857462/1772280000.0_mean_300.0_v3" 201 - "PUT http://localhost:8080/v1/AUTH_99813a8ee31846b8a9bfdc5904248362/gnocchi.4caa9680-130e-4d20-8de3-f77c0f857462/1772280000.0_mean_300.0_v3" "txae6c1ba391aa42f18faeb-0069ae472b" "proxy-server 21" 0.0114 "-" 24 0
Mar 9 04:06:03 standalone proxy-server[125668]: 172.18.0.2 ::1 09/Mar/2026/04/06/03 PUT /v1/AUTH_99813a8ee31846b8a9bfdc5904248362/gnocchi.4caa9680-130e-4d20-8de3-f77c0f857462/1772280000.0_mean_300.0_v3 HTTP/1.0 201 - python-swiftclient-3.11.1 gAAAAABprkbm0Q3S... 16 - - txae6c1ba391aa42f18faeb-0069ae472b - 0.0185 - - 1773029163.712441921 1773029163.730912924 0
Mar 9 04:06:03 standalone container-server[123589]: 172.20.0.100 - - [09/Mar/2026:04:06:03 +0000] "PUT /d1/15/AUTH_99813a8ee31846b8a9bfdc5904248362/gnocchi.4caa9680-130e-4d20-8de3-f77c0f857462/none_v3" 201 - "PUT http://localhost:8080/d1/2/AUTH_99813a8ee31846b8a9bfdc5904248362/gnocchi.4caa9680-130e-4d20-8de3-f77c0f857462/none_v3" "tx5b1f87a7ef14465686db7-0069ae472b" "object-server 25" 0.0008 "-" 20 0
Mar 9 04:06:03 standalone object-server[123757]: 172.20.0.100 - - [09/Mar/2026:04:06:03 +0000] "PUT /d1/2/AUTH_99813a8ee31846b8a9bfdc5904248362/gnocchi.4caa9680-130e-4d20-8de3-f77c0f857462/none_v3" 201 - "PUT http://localhost:8080/v1/AUTH_99813a8ee31846b8a9bfdc5904248362/gnocchi.4caa9680-130e-4d20-8de3-f77c0f857462/none_v3" "tx5b1f87a7ef14465686db7-0069ae472b" "proxy-server 21" 0.0383 "-" 25 0
Mar 9 04:06:03 standalone proxy-server[125668]: 172.18.0.2 ::1 09/Mar/2026/04/06/03 PUT /v1/AUTH_99813a8ee31846b8a9bfdc5904248362/gnocchi.4caa9680-130e-4d20-8de3-f77c0f857462/none_v3 HTTP/1.0 201 - python-swiftclient-3.11.1 gAAAAABprkbm0Q3S... 22 - - tx5b1f87a7ef14465686db7-0069ae472b - 0.0458 - - 1773029163.735843182 1773029163.781642675 0
Mar 9 04:07:03 standalone object-server[123759]: Begin object update sweep
Mar 9 04:07:03 standalone object-server[221911]: Object update sweep starting on /srv/node/d1 (pid: 14)
Mar 9 04:07:03 standalone object-server[221911]: Object update sweep completed on /srv/node/d1 in 0.00s seconds:, 0 successes, 0 failures, 0 quarantines, 0 unlinks, 0 errors, 0 redirects (pid: 14)
Mar 9 04:07:03 standalone object-server[221911]: Object update sweep of d1 completed: 0.00s, 0 successes, 0 failures, 0 quarantines, 0 unlinks, 0 errors, 0 redirects
Mar 9 04:07:03 standalone object-server[123759]: Object update sweep completed: 0.09s
Mar 9 04:07:07 standalone container-server[123574]: Begin container update sweep
Mar 9 04:07:07 standalone account-server[123459]: 172.20.0.100 - - [09/Mar/2026:04:07:07 +0000] "PUT /d1/550/AUTH_99813a8ee31846b8a9bfdc5904248362/gnocchi.76ab11de-9433-43d1-8173-94453185e27c" 201 - "-" "-" "container-updater 2" 0.0013 "-" 14 0
Mar 9 04:07:07 standalone account-server[123484]: 172.20.0.100 - - [09/Mar/2026:04:07:07 +0000] "PUT /d1/550/AUTH_99813a8ee31846b8a9bfdc5904248362/gnocchi.4caa9680-130e-4d20-8de3-f77c0f857462" 201 - "-" "-" "container-updater 2" 0.0008 "-" 17 0
Mar 9 04:07:07 standalone account-server[123472]: 172.20.0.100 - - [09/Mar/2026:04:07:07 +0000] "PUT /d1/550/AUTH_99813a8ee31846b8a9bfdc5904248362/gnocchi.ec60adb7-48a6-4dc2-9154-56f42c81d1ae" 201 - "-" "-" "container-updater 2" 0.0009 "-" 16 0
Mar 9 04:07:08 standalone account-server[123462]: 172.20.0.100 - - [09/Mar/2026:04:07:08 +0000] "PUT /d1/550/AUTH_99813a8ee31846b8a9bfdc5904248362/gnocchi.48c77d2a-a2a6-4e5c-8d4b-771d14e8ec57" 201 - "-" "-" "container-updater 2" 0.0011 "-" 15 0
Mar 9 04:07:08 standalone account-server[123462]: 172.20.0.100 - - [09/Mar/2026:04:07:08 +0000] "PUT /d1/550/AUTH_99813a8ee31846b8a9bfdc5904248362/gnocchi.40c6f47c-dc87-40d1-a664-3c604cfb76f5" 201 - "-" "-" "container-updater 2" 0.0008 "-" 15 0
Mar 9 04:07:08 standalone account-server[123462]: 172.20.0.100 - - [09/Mar/2026:04:07:08 +0000] "PUT /d1/550/AUTH_99813a8ee31846b8a9bfdc5904248362/gnocchi.6918efbd-a67d-455f-a5d4-c38f0443139f" 201 - "-" "-" "container-updater 2" 0.0006 "-" 15 0
Mar 9 04:07:08 standalone account-server[123484]: 172.20.0.100 - - [09/Mar/2026:04:07:08 +0000] "PUT /d1/550/AUTH_99813a8ee31846b8a9bfdc5904248362/gnocchi.4e0eb6d5-62bb-4dee-9e18-82a56db2dba8" 201 - "-" "-" "container-updater 2" 0.0006 "-" 17 0
Mar 9 04:07:08 standalone account-server[123459]: 172.20.0.100 - - [09/Mar/2026:04:07:08 +0000] "PUT /d1/550/AUTH_99813a8ee31846b8a9bfdc5904248362/glance" 201 - "-" "-" "container-updater 2" 0.0006 "-" 14 0
Mar 9 04:07:08 standalone account-server[123459]: 172.20.0.100 - - [09/Mar/2026:04:07:08 +0000] "PUT /d1/550/AUTH_99813a8ee31846b8a9bfdc5904248362/gnocchi.2048b882-5a57-49fb-b363-1f593ef60740" 201 - "-" "-" "container-updater 2" 0.0013 "-" 14 0
Mar 9 04:07:08 standalone container-server[123574]: Container update sweep completed: 0.88s
Mar 9 04:07:17 standalone account-server[123244]: Devices pass completed: 0.00s
Mar 9 04:08:15 standalone account-server[123462]: 172.20.0.100 - - [09/Mar/2026:04:08:15 +0000] "HEAD /d1/550/AUTH_99813a8ee31846b8a9bfdc5904248362" 204 - "HEAD http://localhost:8080/v1/AUTH_99813a8ee31846b8a9bfdc5904248362?format=json" "txb05a975e806b4650a7a84-0069ae47af" "proxy-server 21" 0.0063 "-" 15 -
Mar 9 04:08:15 standalone proxy-server[125668]: - - 09/Mar/2026/04/08/15 HEAD /v1/AUTH_99813a8ee31846b8a9bfdc5904248362%3Fformat%3Djson HTTP/1.0 204 - Swift - - - - txb05a975e806b4650a7a84-0069ae47af - 0.0107 RL - 1773029295.087102652 1773029295.097781658 -
Mar 9 04:08:15 standalone container-server[123581]: 172.20.0.100 - - [09/Mar/2026:04:08:15 +0000] "HEAD /d1/694/AUTH_99813a8ee31846b8a9bfdc5904248362/gnocchi.4e603a27-6444-451f-9528-121ec1e68473" 404 - "HEAD http://localhost:8080/v1/AUTH_99813a8ee31846b8a9bfdc5904248362/gnocchi.4e603a27-6444-451f-9528-121ec1e68473?format=json&states=listing" "txb05a975e806b4650a7a84-0069ae47af" "proxy-server 21" 0.0006 "-" 19 0
Mar 9 04:08:15 standalone object-server[123757]: 172.20.0.100 - - [09/Mar/2026:04:08:15 +0000] "GET /d1/68/AUTH_99813a8ee31846b8a9bfdc5904248362/gnocchi.4e603a27-6444-451f-9528-121ec1e68473/none_v3" 404 70 "GET http://localhost:8080/v1/AUTH_99813a8ee31846b8a9bfdc5904248362/gnocchi.4e603a27-6444-451f-9528-121ec1e68473/none_v3" "txb05a975e806b4650a7a84-0069ae47af" "proxy-server 21" 0.0006 "-" 25 0
Mar 9 04:08:15 standalone proxy-server[125668]: 172.18.0.2 ::1 09/Mar/2026/04/08/15 GET /v1/AUTH_99813a8ee31846b8a9bfdc5904248362/gnocchi.4e603a27-6444-451f-9528-121ec1e68473/none_v3 HTTP/1.0 404 - python-swiftclient-3.11.1 gAAAAABprkbm0Q3S... - 70 - txb05a975e806b4650a7a84-0069ae47af - 0.0212 - - 1773029295.086363316 1773029295.107528448 0
Mar 9 04:08:15 standalone account-server[123472]: 172.20.0.100 - - [09/Mar/2026:04:08:15 +0000] "PUT /d1/550/AUTH_99813a8ee31846b8a9bfdc5904248362/gnocchi.4e603a27-6444-451f-9528-121ec1e68473" 201 - "PUT http://172.20.0.100:6001/d1/694/AUTH_99813a8ee31846b8a9bfdc5904248362/gnocchi.4e603a27-6444-451f-9528-121ec1e68473" "txd32fe1da28a441ddb00a5-0069ae47af" "container-server 22" 0.0010 "-" 16 0
Mar 9 04:08:15 standalone container-server[123615]: 172.20.0.100 - - [09/Mar/2026:04:08:15 +0000] "PUT /d1/694/AUTH_99813a8ee31846b8a9bfdc5904248362/gnocchi.4e603a27-6444-451f-9528-121ec1e68473" 201 - "PUT http://localhost:8080/v1/AUTH_99813a8ee31846b8a9bfdc5904248362/gnocchi.4e603a27-6444-451f-9528-121ec1e68473" "txd32fe1da28a441ddb00a5-0069ae47af" "proxy-server 21" 0.0126 "-" 22 0
Mar 9 04:08:15 standalone proxy-server[125668]: 172.18.0.2 ::1 09/Mar/2026/04/08/15 PUT /v1/AUTH_99813a8ee31846b8a9bfdc5904248362/gnocchi.4e603a27-6444-451f-9528-121ec1e68473 HTTP/1.0 201 - python-swiftclient-3.11.1 gAAAAABprkbm0Q3S... - - - txd32fe1da28a441ddb00a5-0069ae47af - 0.0165 - - 1773029295.110605478 1773029295.127107859 0
Mar 9 04:08:15 standalone container-server[123581]: 172.20.0.100 - - [09/Mar/2026:04:08:15 +0000] "HEAD /d1/694/AUTH_99813a8ee31846b8a9bfdc5904248362/gnocchi.4e603a27-6444-451f-9528-121ec1e68473" 204 - "HEAD http://localhost:8080/v1/AUTH_99813a8ee31846b8a9bfdc5904248362/gnocchi.4e603a27-6444-451f-9528-121ec1e68473?format=json&states=listing" "txc837d8b570804529882a3-0069ae47af" "proxy-server 21" 0.0011 "-" 19 0
Mar 9 04:08:15 standalone proxy-server[125668]: - - 09/Mar/2026/04/08/15 HEAD /v1/AUTH_99813a8ee31846b8a9bfdc5904248362/gnocchi.4e603a27-6444-451f-9528-121ec1e68473%3Fformat%3Djson%26states%3Dlisting HTTP/1.0 204 - Swift - - - - txc837d8b570804529882a3-0069ae47af - 0.0037 RL - 1773029295.131398201 1773029295.135113955 0
Mar 9 04:08:15 standalone container-server[123615]: 172.20.0.100 - - [09/Mar/2026:04:08:15 +0000] "GET /d1/694/AUTH_99813a8ee31846b8a9bfdc5904248362/gnocchi.4e603a27-6444-451f-9528-121ec1e68473" 200 2 "GET http://localhost:8080/v1/AUTH_99813a8ee31846b8a9bfdc5904248362/gnocchi.4e603a27-6444-451f-9528-121ec1e68473?format=json&states=listing" "txc837d8b570804529882a3-0069ae47af" "proxy-server 21" 0.0018 "-" 22 0
Mar 9 04:08:15 standalone proxy-server[125668]: 172.18.0.2 ::1 09/Mar/2026/04/08/15 GET /v1/AUTH_99813a8ee31846b8a9bfdc5904248362/gnocchi.4e603a27-6444-451f-9528-121ec1e68473%3Fformat%3Djson%26states%3Dlisting HTTP/1.0 200 - python-swiftclient-3.11.1 gAAAAABprkbm0Q3S... - 2 - txc837d8b570804529882a3-0069ae47af - 0.0103 - - 1773029295.130560398 1773029295.140884638 0
Mar 9 04:08:15 standalone object-server[123756]: 172.20.0.100 - - [09/Mar/2026:04:08:15 +0000] "GET /d1/805/AUTH_99813a8ee31846b8a9bfdc5904248362/gnocchi.4e603a27-6444-451f-9528-121ec1e68473/1772280000.0_mean_300.0_v3" 404 70 "GET http://localhost:8080/v1/AUTH_99813a8ee31846b8a9bfdc5904248362/gnocchi.4e603a27-6444-451f-9528-121ec1e68473/1772280000.0_mean_300.0_v3" "tx7506949a98504fc4a45c0-0069ae47af" "proxy-server 21" 0.0003 "-" 24 0
Mar 9 04:08:15 standalone proxy-server[125668]: 172.18.0.2 ::1 09/Mar/2026/04/08/15 GET /v1/AUTH_99813a8ee31846b8a9bfdc5904248362/gnocchi.4e603a27-6444-451f-9528-121ec1e68473/1772280000.0_mean_300.0_v3 HTTP/1.0 404 - python-swiftclient-3.11.1 gAAAAABprkbm0Q3S... - 70 - tx7506949a98504fc4a45c0-0069ae47af - 0.0043 - - 1773029295.144317389 1773029295.148570299 0
Mar 9 04:08:15 standalone container-server[123593]: 172.20.0.100 - - [09/Mar/2026:04:08:15 +0000] "PUT /d1/694/AUTH_99813a8ee31846b8a9bfdc5904248362/gnocchi.4e603a27-6444-451f-9528-121ec1e68473/1772280000.0_mean_300.0_v3" 201 - "PUT http://localhost:8080/d1/805/AUTH_99813a8ee31846b8a9bfdc5904248362/gnocchi.4e603a27-6444-451f-9528-121ec1e68473/1772280000.0_mean_300.0_v3" "txc596ec71dab747208dae8-0069ae47af" "object-server 24" 0.0006 "-" 21 0
Mar 9 04:08:15 standalone object-server[123756]: 172.20.0.100 - - [09/Mar/2026:04:08:15 +0000] "PUT /d1/805/AUTH_99813a8ee31846b8a9bfdc5904248362/gnocchi.4e603a27-6444-451f-9528-121ec1e68473/1772280000.0_mean_300.0_v3" 201 - "PUT http://localhost:8080/v1/AUTH_99813a8ee31846b8a9bfdc5904248362/gnocchi.4e603a27-6444-451f-9528-121ec1e68473/1772280000.0_mean_300.0_v3" "txc596ec71dab747208dae8-0069ae47af" "proxy-server 21" 0.0089 "-" 24 0
Mar 9 04:08:15 standalone proxy-server[125668]: 172.18.0.2 ::1 09/Mar/2026/04/08/15 PUT /v1/AUTH_99813a8ee31846b8a9bfdc5904248362/gnocchi.4e603a27-6444-451f-9528-121ec1e68473/1772280000.0_mean_300.0_v3 HTTP/1.0 201 - python-swiftclient-3.11.1 gAAAAABprkbm0Q3S... 16 - - txc596ec71dab747208dae8-0069ae47af - 0.0130 - - 1773029295.151386976 1773029295.164359093 0
Mar 9 04:08:15 standalone container-server[123615]: 172.20.0.100 - - [09/Mar/2026:04:08:15 +0000] "PUT /d1/694/AUTH_99813a8ee31846b8a9bfdc5904248362/gnocchi.4e603a27-6444-451f-9528-121ec1e68473/none_v3" 201 - "PUT http://localhost:8080/d1/68/AUTH_99813a8ee31846b8a9bfdc5904248362/gnocchi.4e603a27-6444-451f-9528-121ec1e68473/none_v3" "tx4b4d803efd7f4259a9ea5-0069ae47af" "object-server 23" 0.0004 "-" 22 0
Mar 9 04:08:15 standalone object-server[123754]: 172.20.0.100 - - [09/Mar/2026:04:08:15 +0000] "PUT /d1/68/AUTH_99813a8ee31846b8a9bfdc5904248362/gnocchi.4e603a27-6444-451f-9528-121ec1e68473/none_v3" 201 - "PUT http://localhost:8080/v1/AUTH_99813a8ee31846b8a9bfdc5904248362/gnocchi.4e603a27-6444-451f-9528-121ec1e68473/none_v3" "tx4b4d803efd7f4259a9ea5-0069ae47af" "proxy-server 21" 0.0091 "-" 23 0
Mar 9 04:08:15 standalone proxy-server[125668]: 172.18.0.2 ::1 09/Mar/2026/04/08/15 PUT /v1/AUTH_99813a8ee31846b8a9bfdc5904248362/gnocchi.4e603a27-6444-451f-9528-121ec1e68473/none_v3 HTTP/1.0 201 - python-swiftclient-3.11.1 gAAAAABprkbm0Q3S... 22 - - tx4b4d803efd7f4259a9ea5-0069ae47af - 0.0136 - - 1773029295.166681290 1773029295.180272579 0
Mar 9 04:08:15 standalone container-server[123581]: 172.20.0.100 - - [09/Mar/2026:04:08:15 +0000] "HEAD /d1/529/AUTH_99813a8ee31846b8a9bfdc5904248362/gnocchi.7857a690-9f0a-48d9-ad84-f290dec08214" 404 - "HEAD http://localhost:8080/v1/AUTH_99813a8ee31846b8a9bfdc5904248362/gnocchi.7857a690-9f0a-48d9-ad84-f290dec08214?format=json&states=listing" "txa337ee199870490e9df17-0069ae47af" "proxy-server 21" 0.0003 "-" 19 0
Mar 9 04:08:15 standalone object-server[123757]: 172.20.0.100 - - [09/Mar/2026:04:08:15 +0000] "GET /d1/121/AUTH_99813a8ee31846b8a9bfdc5904248362/gnocchi.7857a690-9f0a-48d9-ad84-f290dec08214/none_v3" 404 70 "GET http://localhost:8080/v1/AUTH_99813a8ee31846b8a9bfdc5904248362/gnocchi.7857a690-9f0a-48d9-ad84-f290dec08214/none_v3" "txa337ee199870490e9df17-0069ae47af" "proxy-server 21" 0.0003 "-" 25 0
Mar 9 04:08:15 standalone proxy-server[125668]: 172.18.0.2 ::1 09/Mar/2026/04/08/15 GET /v1/AUTH_99813a8ee31846b8a9bfdc5904248362/gnocchi.7857a690-9f0a-48d9-ad84-f290dec08214/none_v3 HTTP/1.0 404 - python-swiftclient-3.11.1 gAAAAABprkbm0Q3S... - 70 - txa337ee199870490e9df17-0069ae47af - 0.0072 - - 1773029295.192424297 1773029295.199584484 0
Mar 9 04:08:15 standalone account-server[123472]: 172.20.0.100 - - [09/Mar/2026:04:08:15 +0000] "PUT /d1/550/AUTH_99813a8ee31846b8a9bfdc5904248362/gnocchi.7857a690-9f0a-48d9-ad84-f290dec08214" 201 - "PUT http://172.20.0.100:6001/d1/529/AUTH_99813a8ee31846b8a9bfdc5904248362/gnocchi.7857a690-9f0a-48d9-ad84-f290dec08214" "txaea2f4ccf7284bb6a04b2-0069ae47af" "container-server 19" 0.0038 "-" 16 0
Mar 9 04:08:15 standalone container-server[123581]: 172.20.0.100 - - [09/Mar/2026:04:08:15 +0000] "PUT /d1/529/AUTH_99813a8ee31846b8a9bfdc5904248362/gnocchi.7857a690-9f0a-48d9-ad84-f290dec08214" 201 - "PUT http://localhost:8080/v1/AUTH_99813a8ee31846b8a9bfdc5904248362/gnocchi.7857a690-9f0a-48d9-ad84-f290dec08214" "txaea2f4ccf7284bb6a04b2-0069ae47af" "proxy-server 21" 0.0118 "-" 19 0
Mar 9 04:08:15 standalone proxy-server[125668]: 172.18.0.2 ::1 09/Mar/2026/04/08/15 PUT /v1/AUTH_99813a8ee31846b8a9bfdc5904248362/gnocchi.7857a690-9f0a-48d9-ad84-f290dec08214 HTTP/1.0 201 - python-swiftclient-3.11.1 gAAAAABprkbm0Q3S... - - - txaea2f4ccf7284bb6a04b2-0069ae47af - 0.0148 - - 1773029295.201765299 1773029295.216538668 0
Mar 9 04:08:15 standalone container-server[123589]: 172.20.0.100 - - [09/Mar/2026:04:08:15 +0000] "HEAD /d1/529/AUTH_99813a8ee31846b8a9bfdc5904248362/gnocchi.7857a690-9f0a-48d9-ad84-f290dec08214" 204 - "HEAD http://localhost:8080/v1/AUTH_99813a8ee31846b8a9bfdc5904248362/gnocchi.7857a690-9f0a-48d9-ad84-f290dec08214?format=json&states=listing" "tx94576de2cff9497bbdd5e-0069ae47af" "proxy-server 21" 0.0012 "-" 20 0
Mar 9 04:08:15 standalone proxy-server[125668]: - - 09/Mar/2026/04/08/15 HEAD /v1/AUTH_99813a8ee31846b8a9bfdc5904248362/gnocchi.7857a690-9f0a-48d9-ad84-f290dec08214%3Fformat%3Djson%26states%3Dlisting HTTP/1.0 204 - Swift - - - - tx94576de2cff9497bbdd5e-0069ae47af - 0.0040 RL - 1773029295.220099688 1773029295.224112988 0
Mar 9 04:08:15 standalone container-server[123589]: 172.20.0.100 - - [09/Mar/2026:04:08:15 +0000] "GET /d1/529/AUTH_99813a8ee31846b8a9bfdc5904248362/gnocchi.7857a690-9f0a-48d9-ad84-f290dec08214" 200 2 "GET http://localhost:8080/v1/AUTH_99813a8ee31846b8a9bfdc5904248362/gnocchi.7857a690-9f0a-48d9-ad84-f290dec08214?format=json&states=listing" "tx94576de2cff9497bbdd5e-0069ae47af" "proxy-server 21" 0.0014 "-" 20 0
Mar 9 04:08:15 standalone proxy-server[125668]: 172.18.0.2 ::1 09/Mar/2026/04/08/15 GET /v1/AUTH_99813a8ee31846b8a9bfdc5904248362/gnocchi.7857a690-9f0a-48d9-ad84-f290dec08214%3Fformat%3Djson%26states%3Dlisting HTTP/1.0 200 - python-swiftclient-3.11.1 gAAAAABprkbm0Q3S... - 2 - tx94576de2cff9497bbdd5e-0069ae47af - 0.0100 - - 1773029295.219311953 1773029295.229300976 0
Mar 9 04:08:15 standalone object-server[123756]: 172.20.0.100 - - [09/Mar/2026:04:08:15 +0000] "GET /d1/394/AUTH_99813a8ee31846b8a9bfdc5904248362/gnocchi.7857a690-9f0a-48d9-ad84-f290dec08214/1772280000.0_mean_300.0_v3" 404 70 "GET http://localhost:8080/v1/AUTH_99813a8ee31846b8a9bfdc5904248362/gnocchi.7857a690-9f0a-48d9-ad84-f290dec08214/1772280000.0_mean_300.0_v3" "tx929afc181bf442db9b4ec-0069ae47af" "proxy-server 21" 0.0003 "-" 24 0
Mar 9 04:08:15 standalone proxy-server[125668]: 172.18.0.2 ::1 09/Mar/2026/04/08/15 GET /v1/AUTH_99813a8ee31846b8a9bfdc5904248362/gnocchi.7857a690-9f0a-48d9-ad84-f290dec08214/1772280000.0_mean_300.0_v3 HTTP/1.0 404 - python-swiftclient-3.11.1 gAAAAABprkbm0Q3S... - 70 - tx929afc181bf442db9b4ec-0069ae47af - 0.0036 - - 1773029295.231864214 1773029295.235486507 0
Mar 9 04:08:15 standalone container-server[123581]: 172.20.0.100 - - [09/Mar/2026:04:08:15 +0000] "PUT /d1/529/AUTH_99813a8ee31846b8a9bfdc5904248362/gnocchi.7857a690-9f0a-48d9-ad84-f290dec08214/1772280000.0_mean_300.0_v3" 201 - "PUT http://localhost:8080/d1/394/AUTH_99813a8ee31846b8a9bfdc5904248362/gnocchi.7857a690-9f0a-48d9-ad84-f290dec08214/1772280000.0_mean_300.0_v3" "tx7532a3d98b6642e686d72-0069ae47af" "object-server 23" 0.0004 "-" 19 0
Mar 9 04:08:15 standalone object-server[123754]: 172.20.0.100 - - [09/Mar/2026:04:08:15 +0000] "PUT /d1/394/AUTH_99813a8ee31846b8a9bfdc5904248362/gnocchi.7857a690-9f0a-48d9-ad84-f290dec08214/1772280000.0_mean_300.0_v3" 201 - "PUT http://localhost:8080/v1/AUTH_99813a8ee31846b8a9bfdc5904248362/gnocchi.7857a690-9f0a-48d9-ad84-f290dec08214/1772280000.0_mean_300.0_v3" "tx7532a3d98b6642e686d72-0069ae47af" "proxy-server 21" 0.0073 "-" 23 0
Mar 9 04:08:15 standalone proxy-server[125668]: 172.18.0.2 ::1 09/Mar/2026/04/08/15 PUT /v1/AUTH_99813a8ee31846b8a9bfdc5904248362/gnocchi.7857a690-9f0a-48d9-ad84-f290dec08214/1772280000.0_mean_300.0_v3 HTTP/1.0 201 - python-swiftclient-3.11.1 gAAAAABprkbm0Q3S... 16 - - tx7532a3d98b6642e686d72-0069ae47af - 0.0108 - - 1773029295.237859249 1773029295.248647213 0
Mar 9 04:08:15 standalone container-server[123593]: 172.20.0.100 - - [09/Mar/2026:04:08:15 +0000] "PUT /d1/529/AUTH_99813a8ee31846b8a9bfdc5904248362/gnocchi.7857a690-9f0a-48d9-ad84-f290dec08214/none_v3" 201 - "PUT http://localhost:8080/d1/121/AUTH_99813a8ee31846b8a9bfdc5904248362/gnocchi.7857a690-9f0a-48d9-ad84-f290dec08214/none_v3" "txf3a14b9e303a42728c27f-0069ae47af" "object-server 24" 0.0007 "-" 21 0
Mar 9 04:08:15 standalone object-server[123756]: 172.20.0.100 - - [09/Mar/2026:04:08:15 +0000] "PUT /d1/121/AUTH_99813a8ee31846b8a9bfdc5904248362/gnocchi.7857a690-9f0a-48d9-ad84-f290dec08214/none_v3" 201 - "PUT http://localhost:8080/v1/AUTH_99813a8ee31846b8a9bfdc5904248362/gnocchi.7857a690-9f0a-48d9-ad84-f290dec08214/none_v3" "txf3a14b9e303a42728c27f-0069ae47af" "proxy-server 21" 0.0110 "-" 24 0
Mar 9 04:08:15 standalone proxy-server[125668]: 172.18.0.2 ::1 09/Mar/2026/04/08/15 PUT /v1/AUTH_99813a8ee31846b8a9bfdc5904248362/gnocchi.7857a690-9f0a-48d9-ad84-f290dec08214/none_v3 HTTP/1.0 201 - python-swiftclient-3.11.1 gAAAAABprkbm0Q3S... 22 - - txf3a14b9e303a42728c27f-0069ae47af - 0.0159 - - 1773029295.251723289 1773029295.267592430 0
Mar 9 04:08:15 standalone container-server[123581]: 172.20.0.100 - - [09/Mar/2026:04:08:15 +0000] "HEAD /d1/558/AUTH_99813a8ee31846b8a9bfdc5904248362/gnocchi.3cba695c-6d5c-4df7-8e24-f4b8815db3da" 404 - "HEAD http://localhost:8080/v1/AUTH_99813a8ee31846b8a9bfdc5904248362/gnocchi.3cba695c-6d5c-4df7-8e24-f4b8815db3da?format=json&states=listing" "tx62b4bb469f1548979a535-0069ae47af" "proxy-server 21" 0.0003 "-" 19 0
Mar 9 04:08:15 standalone object-server[123756]: 172.20.0.100 - - [09/Mar/2026:04:08:15 +0000] "GET /d1/173/AUTH_99813a8ee31846b8a9bfdc5904248362/gnocchi.3cba695c-6d5c-4df7-8e24-f4b8815db3da/none_v3" 404 70 "GET http://localhost:8080/v1/AUTH_99813a8ee31846b8a9bfdc5904248362/gnocchi.3cba695c-6d5c-4df7-8e24-f4b8815db3da/none_v3" "tx62b4bb469f1548979a535-0069ae47af" "proxy-server 21" 0.0003 "-" 24 0
Mar 9 04:08:15 standalone proxy-server[125668]: 172.18.0.2 ::1 09/Mar/2026/04/08/15 GET /v1/AUTH_99813a8ee31846b8a9bfdc5904248362/gnocchi.3cba695c-6d5c-4df7-8e24-f4b8815db3da/none_v3 HTTP/1.0 404 - python-swiftclient-3.11.1 gAAAAABprkbm0Q3S... - 70 - tx62b4bb469f1548979a535-0069ae47af - 0.0112 - - 1773029295.278713703 1773029295.289866209 0
