Oct 10 09:28:08 standalone account-server[116132]: 172.20.0.5 - - [10/Oct/2025:09:28:08 +0000] "HEAD /d1/573/AUTH_f8ed63db661f490ebd405b58baf33c13" 404 - "HEAD http://swift-internal.openstack.svc:8080/v1/AUTH_f8ed63db661f490ebd405b58baf33c13?format=json" "tx507984e03dc34c33a4be0-0068e8d1a8" "proxy-server 13" 0.0003 "-" 22 -
Oct 10 09:28:08 standalone account-server[116120]: 172.20.0.5 - - [10/Oct/2025:09:28:08 +0000] "HEAD /d1/878/AUTH_fe4135d9999f4408a96cfa3425aa29f3" 204 - "HEAD http://swift-internal.openstack.svc:8080/v1/AUTH_fe4135d9999f4408a96cfa3425aa29f3?format=json" "tx58263e11893844b8a744f-0068e8d1a8" "proxy-server 12" 0.0023 "-" 20 -
Oct 10 09:29:01 standalone account-server[116132]: 172.20.0.100 - - [10/Oct/2025:09:29:01 +0000] "HEAD /d1/189/.expiring_objects" 404 - "HEAD http://localhost/v1/.expiring_objects?format=json" "tx49902975b9b34955a693d-0068e8d1dd" "proxy-server 2" 0.0006 "-" 22 -
Oct 10 09:29:01 standalone object-expirer[116167]: Pass completed in 0s; 0 objects expired (txn: tx49902975b9b34955a693d-0068e8d1dd)
Oct 10 09:31:36 standalone object-server[116466]: Begin object update sweep
Oct 10 09:31:37 standalone object-server[510296]: Object update sweep starting on /srv/node/d1 (pid: 31)
Oct 10 09:31:37 standalone object-server[510296]: Object update sweep completed on /srv/node/d1 in 0.00s seconds:, 0 successes, 0 failures, 0 quarantines, 0 unlinks, 0 errors, 0 redirects (pid: 31)
Oct 10 09:31:37 standalone object-server[510296]: Object update sweep of d1 completed: 0.00s, 0 successes, 0 failures, 0 quarantines, 0 unlinks, 0 errors, 0 redirects
Oct 10 09:31:37 standalone object-server[116466]: Object update sweep completed: 0.09s
Oct 10 09:31:49 standalone account-server[116125]: 172.20.0.100 - - [10/Oct/2025:09:31:49 +0000] "HEAD /d1/189/.expiring_objects" 404 - "HEAD http://localhost/v1/.expiring_objects?format=json" "tx64e180ca54cc43bb8417f-0068e8d285" "proxy-server 2" 0.0012 "-" 21 -
Oct 10 09:31:49 standalone object-expirer[116167]: Pass completed in 0s; 0 objects expired (txn: tx64e180ca54cc43bb8417f-0068e8d285)
Oct 10 09:32:20 standalone container-server[116038]: Begin container update sweep
Oct 10 09:32:20 standalone container-server[116038]: Container update sweep completed: 0.08s
Oct 10 09:32:56 standalone account-server[116132]: 172.20.0.5 - - [10/Oct/2025:09:32:56 +0000] "HEAD /d1/878/AUTH_fe4135d9999f4408a96cfa3425aa29f3" 204 - "HEAD http://swift-internal.openstack.svc:8080/v1/AUTH_fe4135d9999f4408a96cfa3425aa29f3?format=json" "tx0d6ab9d9e09e453b9ac77-0068e8d2c8" "proxy-server 14" 0.0022 "-" 22 -
Oct 10 09:32:57 standalone container-server[116307]: 172.20.0.5 - - [10/Oct/2025:09:32:57 +0000] "HEAD /d1/720/AUTH_fe4135d9999f4408a96cfa3425aa29f3/glance" 204 - "HEAD http://swift-internal.openstack.svc:8080/v1/AUTH_fe4135d9999f4408a96cfa3425aa29f3/glance?format=json&states=listing" "tx0d6ab9d9e09e453b9ac77-0068e8d2c8" "proxy-server 14" 0.0026 "-" 19 0
Oct 10 09:32:57 standalone container-server[116314]: 172.20.0.100 - - [10/Oct/2025:09:32:57 +0000] "PUT /d1/720/AUTH_fe4135d9999f4408a96cfa3425aa29f3/glance/b59847ec-0568-4090-a0db-a581c934a228-00001" 201 - "PUT http://swift-internal.openstack.svc:8080/d1/792/AUTH_fe4135d9999f4408a96cfa3425aa29f3/glance/b59847ec-0568-4090-a0db-a581c934a228-00001" "txe78fb70f851442d0a41fc-0068e8d2c9" "object-server 24" 0.0009 "-" 21 0
Oct 10 09:32:57 standalone object-server[116524]: 172.20.0.5 - - [10/Oct/2025:09:32:57 +0000] "PUT /d1/792/AUTH_fe4135d9999f4408a96cfa3425aa29f3/glance/b59847ec-0568-4090-a0db-a581c934a228-00001" 201 - "PUT http://swift-internal.openstack.svc:8080/v1/AUTH_fe4135d9999f4408a96cfa3425aa29f3/glance/b59847ec-0568-4090-a0db-a581c934a228-00001" "txe78fb70f851442d0a41fc-0068e8d2c9" "proxy-server 14" 0.2560 "-" 24 0
Oct 10 09:32:57 standalone container-server[116336]: 172.20.0.100 - - [10/Oct/2025:09:32:57 +0000] "PUT /d1/720/AUTH_fe4135d9999f4408a96cfa3425aa29f3/glance/b59847ec-0568-4090-a0db-a581c934a228" 201 - "PUT http://swift-internal.openstack.svc:8080/d1/362/AUTH_fe4135d9999f4408a96cfa3425aa29f3/glance/b59847ec-0568-4090-a0db-a581c934a228" "tx2cc5bb3b1cc14da38e89c-0068e8d2c9" "object-server 22" 0.0009 "-" 23 0
Oct 10 09:32:57 standalone object-server[116517]: 172.20.0.5 - - [10/Oct/2025:09:32:57 +0000] "PUT /d1/362/AUTH_fe4135d9999f4408a96cfa3425aa29f3/glance/b59847ec-0568-4090-a0db-a581c934a228" 201 - "PUT http://swift-internal.openstack.svc:8080/v1/AUTH_fe4135d9999f4408a96cfa3425aa29f3/glance/b59847ec-0568-4090-a0db-a581c934a228" "tx2cc5bb3b1cc14da38e89c-0068e8d2c9" "proxy-server 14" 0.0118 "-" 22 0
Oct 10 09:32:58 standalone container-server[116314]: 172.20.0.5 - - [10/Oct/2025:09:32:58 +0000] "HEAD /d1/720/AUTH_fe4135d9999f4408a96cfa3425aa29f3/glance" 204 - "HEAD http://swift-internal.openstack.svc:8080/v1/AUTH_fe4135d9999f4408a96cfa3425aa29f3/glance?format=json&states=listing" "tx5c723a2c1b694c039c7ac-0068e8d2c9" "proxy-server 7" 0.0242 "-" 21 0
Oct 10 09:32:58 standalone container-server[116314]: 172.20.0.100 - - [10/Oct/2025:09:32:58 +0000] "PUT /d1/720/AUTH_fe4135d9999f4408a96cfa3425aa29f3/glance/b5be78c4-5c2c-4c4a-8fc5-fc0651933e93-00001" 201 - "PUT http://swift-internal.openstack.svc:8080/d1/499/AUTH_fe4135d9999f4408a96cfa3425aa29f3/glance/b5be78c4-5c2c-4c4a-8fc5-fc0651933e93-00001" "txa031810c63284c2390ed7-0068e8d2ca" "object-server 23" 0.0008 "-" 21 0
Oct 10 09:32:58 standalone object-server[116519]: 172.20.0.5 - - [10/Oct/2025:09:32:58 +0000] "PUT /d1/499/AUTH_fe4135d9999f4408a96cfa3425aa29f3/glance/b5be78c4-5c2c-4c4a-8fc5-fc0651933e93-00001" 201 - "PUT http://swift-internal.openstack.svc:8080/v1/AUTH_fe4135d9999f4408a96cfa3425aa29f3/glance/b5be78c4-5c2c-4c4a-8fc5-fc0651933e93-00001" "txa031810c63284c2390ed7-0068e8d2ca" "proxy-server 7" 0.2112 "-" 23 0
Oct 10 09:32:58 standalone container-server[116330]: 172.20.0.100 - - [10/Oct/2025:09:32:58 +0000] "PUT /d1/720/AUTH_fe4135d9999f4408a96cfa3425aa29f3/glance/b5be78c4-5c2c-4c4a-8fc5-fc0651933e93" 201 - "PUT http://swift-internal.openstack.svc:8080/d1/655/AUTH_fe4135d9999f4408a96cfa3425aa29f3/glance/b5be78c4-5c2c-4c4a-8fc5-fc0651933e93" "txb7b051fad802407b88906-0068e8d2ca" "object-server 25" 0.0009 "-" 22 0
Oct 10 09:32:58 standalone object-server[116527]: 172.20.0.5 - - [10/Oct/2025:09:32:58 +0000] "PUT /d1/655/AUTH_fe4135d9999f4408a96cfa3425aa29f3/glance/b5be78c4-5c2c-4c4a-8fc5-fc0651933e93" 201 - "PUT http://swift-internal.openstack.svc:8080/v1/AUTH_fe4135d9999f4408a96cfa3425aa29f3/glance/b5be78c4-5c2c-4c4a-8fc5-fc0651933e93" "txb7b051fad802407b88906-0068e8d2ca" "proxy-server 7" 0.0330 "-" 25 0
Oct 10 09:33:08 standalone account-server[116125]: 172.20.0.5 - - [10/Oct/2025:09:33:08 +0000] "HEAD /d1/319/AUTH_0c5873fc83ad4544b6c97e46d560900f" 404 - "HEAD http://swift-internal.openstack.svc:8080/v1/AUTH_0c5873fc83ad4544b6c97e46d560900f?format=json" "tx6b093ba8ee6a462c85402-0068e8d2d4" "proxy-server 7" 0.0006 "-" 21 -
Oct 10 09:33:09 standalone account-server[116166]: 172.20.0.5 - - [10/Oct/2025:09:33:09 +0000] "HEAD /d1/319/AUTH_0c5873fc83ad4544b6c97e46d560900f" 404 - "HEAD http://swift-internal.openstack.svc:8080/v1/AUTH_0c5873fc83ad4544b6c97e46d560900f?format=json" "tx6b093ba8ee6a462c85402-0068e8d2d4" "proxy-server 7" 0.0005 "-" 23 -
Oct 10 09:33:09 standalone account-server[116125]: 172.20.0.5 - - [10/Oct/2025:09:33:09 +0000] "HEAD /d1/94/AUTH_f23bde6d102444fdb53f16d2ea2524a0" 404 - "HEAD http://swift-internal.openstack.svc:8080/v1/AUTH_f23bde6d102444fdb53f16d2ea2524a0?format=json" "tx9aa4665d6f664d40b9ca5-0068e8d2d5" "proxy-server 7" 0.0005 "-" 21 -
Oct 10 09:33:09 standalone account-server[116166]: 172.20.0.5 - - [10/Oct/2025:09:33:09 +0000] "HEAD /d1/94/AUTH_f23bde6d102444fdb53f16d2ea2524a0" 404 - "HEAD http://swift-internal.openstack.svc:8080/v1/AUTH_f23bde6d102444fdb53f16d2ea2524a0?format=json" "tx9aa4665d6f664d40b9ca5-0068e8d2d5" "proxy-server 7" 0.0004 "-" 23 -
Oct 10 09:33:09 standalone account-server[116125]: 172.20.0.5 - - [10/Oct/2025:09:33:09 +0000] "HEAD /d1/573/AUTH_f8ed63db661f490ebd405b58baf33c13" 404 - "HEAD http://swift-internal.openstack.svc:8080/v1/AUTH_f8ed63db661f490ebd405b58baf33c13?format=json" "tx25760d76e4664df1a164c-0068e8d2d5" "proxy-server 16" 0.0003 "-" 21 -
Oct 10 09:33:09 standalone account-server[116125]: 172.20.0.5 - - [10/Oct/2025:09:33:09 +0000] "HEAD /d1/573/AUTH_f8ed63db661f490ebd405b58baf33c13" 404 - "HEAD http://swift-internal.openstack.svc:8080/v1/AUTH_f8ed63db661f490ebd405b58baf33c13?format=json" "tx25760d76e4664df1a164c-0068e8d2d5" "proxy-server 16" 0.0005 "-" 21 -
Oct 10 09:33:09 standalone account-server[116132]: 172.20.0.5 - - [10/Oct/2025:09:33:09 +0000] "HEAD /d1/878/AUTH_fe4135d9999f4408a96cfa3425aa29f3" 204 - "HEAD http://swift-internal.openstack.svc:8080/v1/AUTH_fe4135d9999f4408a96cfa3425aa29f3?format=json" "txdb005af31901488289dba-0068e8d2d5" "proxy-server 7" 0.0022 "-" 22 -
Oct 10 09:33:09 standalone account-server[116125]: 172.20.0.5 - - [10/Oct/2025:09:33:09 +0000] "GET /d1/319/AUTH_0c5873fc83ad4544b6c97e46d560900f" 404 - "GET http://swift-internal.openstack.svc:8080/v1/AUTH_0c5873fc83ad4544b6c97e46d560900f?format=json" "txa959791963844c2f9931b-0068e8d2d5" "proxy-server 7" 0.0005 "-" 21 -
Oct 10 09:33:09 standalone account-server[116132]: 172.20.0.5 - - [10/Oct/2025:09:33:09 +0000] "GET /d1/94/AUTH_f23bde6d102444fdb53f16d2ea2524a0" 404 - "GET http://swift-internal.openstack.svc:8080/v1/AUTH_f23bde6d102444fdb53f16d2ea2524a0?format=json" "tx6a691e7f15a34a4a8e0d5-0068e8d2d5" "proxy-server 7" 0.0003 "-" 22 -
Oct 10 09:33:09 standalone account-server[116132]: 172.20.0.5 - - [10/Oct/2025:09:33:09 +0000] "GET /d1/573/AUTH_f8ed63db661f490ebd405b58baf33c13" 404 - "GET http://swift-internal.openstack.svc:8080/v1/AUTH_f8ed63db661f490ebd405b58baf33c13?format=json" "txc0a2a01c5f9e4ec291642-0068e8d2d5" "proxy-server 16" 0.0004 "-" 22 -
Oct 10 09:33:09 standalone account-server[116166]: 172.20.0.5 - - [10/Oct/2025:09:33:09 +0000] "GET /d1/878/AUTH_fe4135d9999f4408a96cfa3425aa29f3" 200 98 "GET http://swift-internal.openstack.svc:8080/v1/AUTH_fe4135d9999f4408a96cfa3425aa29f3?format=json" "tx26d15ded3de345c3a8197-0068e8d2d5" "proxy-server 7" 0.0029 "-" 23 -
Oct 10 09:34:31 standalone account-server[116132]: 172.20.0.5 - - [10/Oct/2025:09:34:31 +0000] "HEAD /d1/878/AUTH_fe4135d9999f4408a96cfa3425aa29f3" 204 - "HEAD http://swift-internal.openstack.svc:8080/v1/AUTH_fe4135d9999f4408a96cfa3425aa29f3?format=json" "tx46fb9e56385b4f29bb4bb-0068e8d327" "proxy-server 6" 0.0025 "-" 22 -
Oct 10 09:34:32 standalone container-server[116307]: 172.20.0.5 - - [10/Oct/2025:09:34:32 +0000] "HEAD /d1/720/AUTH_fe4135d9999f4408a96cfa3425aa29f3/glance" 204 - "HEAD http://swift-internal.openstack.svc:8080/v1/AUTH_fe4135d9999f4408a96cfa3425aa29f3/glance?format=json&states=listing" "tx46fb9e56385b4f29bb4bb-0068e8d327" "proxy-server 6" 0.0132 "-" 19 0
Oct 10 09:34:32 standalone container-server[116336]: 172.20.0.100 - - [10/Oct/2025:09:34:32 +0000] "PUT /d1/720/AUTH_fe4135d9999f4408a96cfa3425aa29f3/glance/67f056f8-2bea-4b0b-90e6-d66af91e7559-00001" 201 - "PUT http://swift-internal.openstack.svc:8080/d1/790/AUTH_fe4135d9999f4408a96cfa3425aa29f3/glance/67f056f8-2bea-4b0b-90e6-d66af91e7559-00001" "tx2a8b1502b6324ea09520e-0068e8d328" "object-server 23" 0.0008 "-" 23 0
Oct 10 09:34:32 standalone object-server[116519]: 172.20.0.5 - - [10/Oct/2025:09:34:32 +0000] "PUT /d1/790/AUTH_fe4135d9999f4408a96cfa3425aa29f3/glance/67f056f8-2bea-4b0b-90e6-d66af91e7559-00001" 201 - "PUT http://swift-internal.openstack.svc:8080/v1/AUTH_fe4135d9999f4408a96cfa3425aa29f3/glance/67f056f8-2bea-4b0b-90e6-d66af91e7559-00001" "tx2a8b1502b6324ea09520e-0068e8d328" "proxy-server 6" 0.0214 "-" 23 0
Oct 10 09:34:32 standalone container-server[116314]: 172.20.0.100 - - [10/Oct/2025:09:34:32 +0000] "PUT /d1/720/AUTH_fe4135d9999f4408a96cfa3425aa29f3/glance/67f056f8-2bea-4b0b-90e6-d66af91e7559" 201 - "PUT http://swift-internal.openstack.svc:8080/d1/543/AUTH_fe4135d9999f4408a96cfa3425aa29f3/glance/67f056f8-2bea-4b0b-90e6-d66af91e7559" "txbbf2c85808bd4359aee9d-0068e8d328" "object-server 25" 0.0009 "-" 21 0
Oct 10 09:34:32 standalone object-server[116527]: 172.20.0.5 - - [10/Oct/2025:09:34:32 +0000] "PUT /d1/543/AUTH_fe4135d9999f4408a96cfa3425aa29f3/glance/67f056f8-2bea-4b0b-90e6-d66af91e7559" 201 - "PUT http://swift-internal.openstack.svc:8080/v1/AUTH_fe4135d9999f4408a96cfa3425aa29f3/glance/67f056f8-2bea-4b0b-90e6-d66af91e7559" "txbbf2c85808bd4359aee9d-0068e8d328" "proxy-server 6" 0.0125 "-" 25 0
Oct 10 09:34:33 standalone container-server[116307]: 172.20.0.5 - - [10/Oct/2025:09:34:33 +0000] "HEAD /d1/720/AUTH_fe4135d9999f4408a96cfa3425aa29f3/glance" 204 - "HEAD http://swift-internal.openstack.svc:8080/v1/AUTH_fe4135d9999f4408a96cfa3425aa29f3/glance?format=json&states=listing" "tx6ce091e630e54cb5bd35d-0068e8d329" "proxy-server 11" 0.0105 "-" 19 0
Oct 10 09:34:33 standalone container-server[116336]: 172.20.0.100 - - [10/Oct/2025:09:34:33 +0000] "PUT /d1/720/AUTH_fe4135d9999f4408a96cfa3425aa29f3/glance/29ed4a2f-cd48-4b7e-a04d-45e01e546755-00001" 201 - "PUT http://swift-internal.openstack.svc:8080/d1/214/AUTH_fe4135d9999f4408a96cfa3425aa29f3/glance/29ed4a2f-cd48-4b7e-a04d-45e01e546755-00001" "tx2aa33e5cb44b4883899af-0068e8d329" "object-server 22" 0.0008 "-" 23 0
Oct 10 09:34:33 standalone object-server[116517]: 172.20.0.5 - - [10/Oct/2025:09:34:33 +0000] "PUT /d1/214/AUTH_fe4135d9999f4408a96cfa3425aa29f3/glance/29ed4a2f-cd48-4b7e-a04d-45e01e546755-00001" 201 - "PUT http://swift-internal.openstack.svc:8080/v1/AUTH_fe4135d9999f4408a96cfa3425aa29f3/glance/29ed4a2f-cd48-4b7e-a04d-45e01e546755-00001" "tx2aa33e5cb44b4883899af-0068e8d329" "proxy-server 11" 0.0217 "-" 22 0
Oct 10 09:34:33 standalone container-server[116330]: 172.20.0.100 - - [10/Oct/2025:09:34:33 +0000] "PUT /d1/720/AUTH_fe4135d9999f4408a96cfa3425aa29f3/glance/29ed4a2f-cd48-4b7e-a04d-45e01e546755" 201 - "PUT http://swift-internal.openstack.svc:8080/d1/634/AUTH_fe4135d9999f4408a96cfa3425aa29f3/glance/29ed4a2f-cd48-4b7e-a04d-45e01e546755" "tx0b46cf4b80824eeaa460c-0068e8d329" "object-server 25" 0.0008 "-" 22 0
Oct 10 09:34:33 standalone object-server[116527]: 172.20.0.5 - - [10/Oct/2025:09:34:33 +0000] "PUT /d1/634/AUTH_fe4135d9999f4408a96cfa3425aa29f3/glance/29ed4a2f-cd48-4b7e-a04d-45e01e546755" 201 - "PUT http://swift-internal.openstack.svc:8080/v1/AUTH_fe4135d9999f4408a96cfa3425aa29f3/glance/29ed4a2f-cd48-4b7e-a04d-45e01e546755" "tx0b46cf4b80824eeaa460c-0068e8d329" "proxy-server 11" 0.0105 "-" 25 0
Oct 10 09:34:39 standalone object-server[116527]: 172.20.0.5 - - [10/Oct/2025:09:34:39 +0000] "HEAD /d1/634/AUTH_fe4135d9999f4408a96cfa3425aa29f3/glance/29ed4a2f-cd48-4b7e-a04d-45e01e546755" 200 - "HEAD http://swift-internal.openstack.svc:8080/v1/AUTH_fe4135d9999f4408a96cfa3425aa29f3/glance/29ed4a2f-cd48-4b7e-a04d-45e01e546755" "tx557d255c85bf49519af3b-0068e8d32f" "proxy-server 10" 0.0019 "-" 25 0
Oct 10 09:34:39 standalone container-server[116307]: 172.20.0.5 - - [10/Oct/2025:09:34:39 +0000] "GET /d1/720/AUTH_fe4135d9999f4408a96cfa3425aa29f3/glance" 200 206 "GET http://swift-internal.openstack.svc:8080/v1/AUTH_fe4135d9999f4408a96cfa3425aa29f3/glance?prefix=29ed4a2f-cd48-4b7e-a04d-45e01e546755-&format=json&states=listing" "tx557d255c85bf49519af3b-0068e8d32f" "proxy-server 10" 0.0105 "-" 19 0
Oct 10 09:34:39 standalone container-server[116330]: 172.20.0.5 - - [10/Oct/2025:09:34:39 +0000] "GET /d1/720/AUTH_fe4135d9999f4408a96cfa3425aa29f3/glance" 200 206 "GET http://swift-internal.openstack.svc:8080/v1/AUTH_fe4135d9999f4408a96cfa3425aa29f3/glance?format=json&prefix=29ed4a2f-cd48-4b7e-a04d-45e01e546755-&states=listing" "txde7a676ce92a4243bc077-0068e8d32f" "proxy-server 10" 0.0078 "-" 22 0
Oct 10 09:34:39 standalone container-server[116336]: 172.20.0.100 - - [10/Oct/2025:09:34:39 +0000] "DELETE /d1/720/AUTH_fe4135d9999f4408a96cfa3425aa29f3/glance/29ed4a2f-cd48-4b7e-a04d-45e01e546755-00001" 204 - "DELETE http://swift-internal.openstack.svc:8080/d1/214/AUTH_fe4135d9999f4408a96cfa3425aa29f3/glance/29ed4a2f-cd48-4b7e-a04d-45e01e546755-00001" "tx4c720001c96c47c29ca8f-0068e8d32f" "object-server 24" 0.0013 "-" 23 0
Oct 10 09:34:39 standalone object-server[116524]: 172.20.0.5 - - [10/Oct/2025:09:34:39 +0000] "DELETE /d1/214/AUTH_fe4135d9999f4408a96cfa3425aa29f3/glance/29ed4a2f-cd48-4b7e-a04d-45e01e546755-00001" 204 - "DELETE http://swift-internal.openstack.svc:8080/v1/AUTH_fe4135d9999f4408a96cfa3425aa29f3/glance/29ed4a2f-cd48-4b7e-a04d-45e01e546755-00001" "tx4c720001c96c47c29ca8f-0068e8d32f" "proxy-server 10" 0.0108 "-" 24 0
Oct 10 09:34:39 standalone container-server[116314]: 172.20.0.100 - - [10/Oct/2025:09:34:39 +0000] "DELETE /d1/720/AUTH_fe4135d9999f4408a96cfa3425aa29f3/glance/29ed4a2f-cd48-4b7e-a04d-45e01e546755" 204 - "DELETE http://swift-internal.openstack.svc:8080/d1/634/AUTH_fe4135d9999f4408a96cfa3425aa29f3/glance/29ed4a2f-cd48-4b7e-a04d-45e01e546755" "txaf330f3274e84f5abe802-0068e8d32f" "object-server 25" 0.0007 "-" 21 0
Oct 10 09:34:39 standalone object-server[116527]: 172.20.0.5 - - [10/Oct/2025:09:34:39 +0000] "DELETE /d1/634/AUTH_fe4135d9999f4408a96cfa3425aa29f3/glance/29ed4a2f-cd48-4b7e-a04d-45e01e546755" 204 - "DELETE http://swift-internal.openstack.svc:8080/v1/AUTH_fe4135d9999f4408a96cfa3425aa29f3/glance/29ed4a2f-cd48-4b7e-a04d-45e01e546755" "txaf330f3274e84f5abe802-0068e8d32f" "proxy-server 10" 0.0103 "-" 25 0
Oct 10 09:35:17 standalone object-server[116527]: 172.20.0.5 - - [10/Oct/2025:09:35:17 +0000] "HEAD /d1/543/AUTH_fe4135d9999f4408a96cfa3425aa29f3/glance/67f056f8-2bea-4b0b-90e6-d66af91e7559" 200 - "HEAD http://swift-internal.openstack.svc:8080/v1/AUTH_fe4135d9999f4408a96cfa3425aa29f3/glance/67f056f8-2bea-4b0b-90e6-d66af91e7559" "txefc44f4dbac04ae9b0e07-0068e8d355" "proxy-server 10" 0.0010 "-" 25 0
Oct 10 09:35:17 standalone container-server[116336]: 172.20.0.5 - - [10/Oct/2025:09:35:17 +0000] "GET /d1/720/AUTH_fe4135d9999f4408a96cfa3425aa29f3/glance" 200 206 "GET http://swift-internal.openstack.svc:8080/v1/AUTH_fe4135d9999f4408a96cfa3425aa29f3/glance?prefix=67f056f8-2bea-4b0b-90e6-d66af91e7559-&format=json&states=listing" "txefc44f4dbac04ae9b0e07-0068e8d355" "proxy-server 10" 0.0233 "-" 23 0
Oct 10 09:35:17 standalone container-server[116307]: 172.20.0.5 - - [10/Oct/2025:09:35:17 +0000] "GET /d1/720/AUTH_fe4135d9999f4408a96cfa3425aa29f3/glance" 200 206 "GET http://swift-internal.openstack.svc:8080/v1/AUTH_fe4135d9999f4408a96cfa3425aa29f3/glance?format=json&prefix=67f056f8-2bea-4b0b-90e6-d66af91e7559-&states=listing" "tx5c84784ccfa84b86a4b77-0068e8d355" "proxy-server 10" 0.0066 "-" 19 0
Oct 10 09:35:17 standalone container-server[116336]: 172.20.0.100 - - [10/Oct/2025:09:35:17 +0000] "DELETE /d1/720/AUTH_fe4135d9999f4408a96cfa3425aa29f3/glance/67f056f8-2bea-4b0b-90e6-d66af91e7559-00001" 204 - "DELETE http://swift-internal.openstack.svc:8080/d1/790/AUTH_fe4135d9999f4408a96cfa3425aa29f3/glance/67f056f8-2bea-4b0b-90e6-d66af91e7559-00001" "txa56dcf0470584ec29cd64-0068e8d355" "object-server 25" 0.0009 "-" 23 0
Oct 10 09:35:17 standalone object-server[116527]: 172.20.0.5 - - [10/Oct/2025:09:35:17 +0000] "DELETE /d1/790/AUTH_fe4135d9999f4408a96cfa3425aa29f3/glance/67f056f8-2bea-4b0b-90e6-d66af91e7559-00001" 204 - "DELETE http://swift-internal.openstack.svc:8080/v1/AUTH_fe4135d9999f4408a96cfa3425aa29f3/glance/67f056f8-2bea-4b0b-90e6-d66af91e7559-00001" "txa56dcf0470584ec29cd64-0068e8d355" "proxy-server 10" 0.0092 "-" 25 0
Oct 10 09:35:17 standalone container-server[116330]: 172.20.0.100 - - [10/Oct/2025:09:35:17 +0000] "DELETE /d1/720/AUTH_fe4135d9999f4408a96cfa3425aa29f3/glance/67f056f8-2bea-4b0b-90e6-d66af91e7559" 204 - "DELETE http://swift-internal.openstack.svc:8080/d1/543/AUTH_fe4135d9999f4408a96cfa3425aa29f3/glance/67f056f8-2bea-4b0b-90e6-d66af91e7559" "txab0391290636434eac726-0068e8d355" "object-server 24" 0.0009 "-" 22 0
Oct 10 09:35:17 standalone object-server[116524]: 172.20.0.5 - - [10/Oct/2025:09:35:17 +0000] "DELETE /d1/543/AUTH_fe4135d9999f4408a96cfa3425aa29f3/glance/67f056f8-2bea-4b0b-90e6-d66af91e7559" 204 - "DELETE http://swift-internal.openstack.svc:8080/v1/AUTH_fe4135d9999f4408a96cfa3425aa29f3/glance/67f056f8-2bea-4b0b-90e6-d66af91e7559" "txab0391290636434eac726-0068e8d355" "proxy-server 10" 0.0092 "-" 24 0
Oct 10 09:35:22 standalone account-server[116132]: 172.20.0.100 - - [10/Oct/2025:09:35:22 +0000] "HEAD /d1/189/.expiring_objects" 404 - "HEAD http://localhost/v1/.expiring_objects?format=json" "tx90e4fdc7502242a9a6fa8-0068e8d35a" "proxy-server 2" 0.0008 "-" 22 -
Oct 10 09:35:22 standalone object-expirer[116167]: Pass completed in 0s; 0 objects expired (txn: tx90e4fdc7502242a9a6fa8-0068e8d35a)
Oct 10 09:36:16 standalone account-server[116125]: 172.20.0.100 - - [10/Oct/2025:09:36:16 +0000] "HEAD /d1/189/.expiring_objects" 404 - "HEAD http://localhost/v1/.expiring_objects?format=json" "txfd7d6443a8184152bf4de-0068e8d390" "proxy-server 2" 0.0005 "-" 21 -
Oct 10 09:36:16 standalone object-expirer[116167]: Pass completed in 0s; 0 objects expired (txn: txfd7d6443a8184152bf4de-0068e8d390)
Oct 10 09:36:37 standalone object-server[116466]: Begin object update sweep
Oct 10 09:36:37 standalone object-server[519432]: Object update sweep starting on /srv/node/d1 (pid: 32)
Oct 10 09:36:37 standalone object-server[519432]: Object update sweep completed on /srv/node/d1 in 0.00s seconds:, 0 successes, 0 failures, 0 quarantines, 0 unlinks, 0 errors, 0 redirects (pid: 32)
Oct 10 09:36:37 standalone object-server[519432]: Object update sweep of d1 completed: 0.00s, 0 successes, 0 failures, 0 quarantines, 0 unlinks, 0 errors, 0 redirects
Oct 10 09:36:37 standalone object-server[116466]: Object update sweep completed: 0.08s
Oct 10 09:36:38 standalone account-server[116125]: 172.20.0.5 - - [10/Oct/2025:09:36:38 +0000] "HEAD /d1/878/AUTH_fe4135d9999f4408a96cfa3425aa29f3" 204 - "HEAD http://swift-internal.openstack.svc:8080/v1/AUTH_fe4135d9999f4408a96cfa3425aa29f3?format=json" "tx0bf6942cfb1e40c7ab163-0068e8d3a6" "proxy-server 9" 0.0032 "-" 21 -
Oct 10 09:36:39 standalone container-server[116314]: 172.20.0.5 - - [10/Oct/2025:09:36:39 +0000] "HEAD /d1/720/AUTH_fe4135d9999f4408a96cfa3425aa29f3/glance" 204 - "HEAD http://swift-internal.openstack.svc:8080/v1/AUTH_fe4135d9999f4408a96cfa3425aa29f3/glance?format=json&states=listing" "tx0bf6942cfb1e40c7ab163-0068e8d3a6" "proxy-server 9" 0.0134 "-" 21 0
Oct 10 09:36:39 standalone object-server[116524]: 172.20.0.5 - - [10/Oct/2025:09:36:39 +0000] "GET /d1/362/AUTH_fe4135d9999f4408a96cfa3425aa29f3/glance/b59847ec-0568-4090-a0db-a581c934a228" 200 - "GET http://swift-internal.openstack.svc:8080/v1/AUTH_fe4135d9999f4408a96cfa3425aa29f3/glance/b59847ec-0568-4090-a0db-a581c934a228" "tx0bf6942cfb1e40c7ab163-0068e8d3a6" "proxy-server 9" 0.0016 "-" 24 0
Oct 10 09:36:39 standalone container-server[116336]: 172.20.0.5 - - [10/Oct/2025:09:36:39 +0000] "GET /d1/720/AUTH_fe4135d9999f4408a96cfa3425aa29f3/glance" 200 210 "GET http://swift-internal.openstack.svc:8080/v1/AUTH_fe4135d9999f4408a96cfa3425aa29f3/glance?prefix=b59847ec-0568-4090-a0db-a581c934a228-&format=json&states=listing" "tx0bf6942cfb1e40c7ab163-0068e8d3a6" "proxy-server 9" 0.0042 "-" 23 0
Oct 10 09:36:39 standalone object-server[116519]: 172.20.0.5 - - [10/Oct/2025:09:36:39 +0000] "GET /d1/792/AUTH_fe4135d9999f4408a96cfa3425aa29f3/glance/b59847ec-0568-4090-a0db-a581c934a228-00001" 200 21430272 "GET http://swift-internal.openstack.svc:8080/v1/AUTH_fe4135d9999f4408a96cfa3425aa29f3/glance/b59847ec-0568-4090-a0db-a581c934a228-00001?multipart-manifest=get" "tx0bf6942cfb1e40c7ab163-0068e8d3a6" "proxy-server 9" 0.0018 "-" 23 0
Oct 10 09:37:19 standalone account-server[116132]: 172.20.0.100 - - [10/Oct/2025:09:37:19 +0000] "HEAD /d1/189/.expiring_objects" 404 - "HEAD http://localhost/v1/.expiring_objects?format=json" "txb0d5f2f42e974caab38c6-0068e8d3cf" "proxy-server 2" 0.0009 "-" 22 -
Oct 10 09:37:19 standalone object-expirer[116167]: Pass completed in 0s; 0 objects expired (txn: txb0d5f2f42e974caab38c6-0068e8d3cf)
Oct 10 09:37:20 standalone container-server[116038]: Begin container update sweep
Oct 10 09:37:20 standalone account-server[116132]: 172.20.0.100 - - [10/Oct/2025:09:37:20 +0000] "PUT /d1/878/AUTH_fe4135d9999f4408a96cfa3425aa29f3/glance" 201 - "-" "-" "container-updater 2" 0.0009 "-" 22 0
Oct 10 09:37:20 standalone container-server[116038]: Container update sweep completed: 0.09s
Oct 10 09:38:08 standalone account-server[116120]: 172.20.0.5 - - [10/Oct/2025:09:38:08 +0000] "HEAD /d1/319/AUTH_0c5873fc83ad4544b6c97e46d560900f" 404 - "HEAD http://swift-internal.openstack.svc:8080/v1/AUTH_0c5873fc83ad4544b6c97e46d560900f?format=json" "tx8c85a8d25a6f4c6da229d-0068e8d400" "proxy-server 6" 0.0009 "-" 20 -
Oct 10 09:38:08 standalone account-server[116120]: 172.20.0.5 - - [10/Oct/2025:09:38:08 +0000] "HEAD /d1/319/AUTH_0c5873fc83ad4544b6c97e46d560900f" 404 - "HEAD http://swift-internal.openstack.svc:8080/v1/AUTH_0c5873fc83ad4544b6c97e46d560900f?format=json" "tx8c85a8d25a6f4c6da229d-0068e8d400" "proxy-server 6" 0.0004 "-" 20 -
Oct 10 09:38:08 standalone account-server[116166]: 172.20.0.5 - - [10/Oct/2025:09:38:08 +0000] "HEAD /d1/988/AUTH_1e9ea6b876514cf692a273071e908832" 404 - "HEAD http://swift-internal.openstack.svc:8080/v1/AUTH_1e9ea6b876514cf692a273071e908832?format=json" "tx077f19f583ad46bd9a672-0068e8d400" "proxy-server 9" 0.0005 "-" 23 -
Oct 10 09:38:08 standalone account-server[116125]: 172.20.0.5 - - [10/Oct/2025:09:38:08 +0000] "HEAD /d1/988/AUTH_1e9ea6b876514cf692a273071e908832" 404 - "HEAD http://swift-internal.openstack.svc:8080/v1/AUTH_1e9ea6b876514cf692a273071e908832?format=json" "tx077f19f583ad46bd9a672-0068e8d400" "proxy-server 9" 0.0005 "-" 21 -
Oct 10 09:38:08 standalone account-server[116132]: 172.20.0.5 - - [10/Oct/2025:09:38:08 +0000] "HEAD /d1/702/AUTH_26e7a65d17b4467ea1031630a9ba15d6" 404 - "HEAD http://swift-internal.openstack.svc:8080/v1/AUTH_26e7a65d17b4467ea1031630a9ba15d6?format=json" "tx669deada4d28419a86d01-0068e8d400" "proxy-server 10" 0.0005 "-" 22 -
Oct 10 09:38:08 standalone account-server[116132]: 172.20.0.5 - - [10/Oct/2025:09:38:08 +0000] "HEAD /d1/702/AUTH_26e7a65d17b4467ea1031630a9ba15d6" 404 - "HEAD http://swift-internal.openstack.svc:8080/v1/AUTH_26e7a65d17b4467ea1031630a9ba15d6?format=json" "tx669deada4d28419a86d01-0068e8d400" "proxy-server 10" 0.0005 "-" 22 -
Oct 10 09:38:08 standalone account-server[116120]: 172.20.0.5 - - [10/Oct/2025:09:38:08 +0000] "HEAD /d1/136/AUTH_3a71fbea110d4ebda082a1d2a9782f20" 404 - "HEAD http://swift-internal.openstack.svc:8080/v1/AUTH_3a71fbea110d4ebda082a1d2a9782f20?format=json" "tx85b481844ab94066ab0f1-0068e8d400" "proxy-server 10" 0.0004 "-" 20 -
Oct 10 09:38:08 standalone account-server[116125]: 172.20.0.5 - - [10/Oct/2025:09:38:08 +0000] "HEAD /d1/136/AUTH_3a71fbea110d4ebda082a1d2a9782f20" 404 - "HEAD http://swift-internal.openstack.svc:8080/v1/AUTH_3a71fbea110d4ebda082a1d2a9782f20?format=json" "tx85b481844ab94066ab0f1-0068e8d400" "proxy-server 10" 0.0007 "-" 21 -
Oct 10 09:38:08 standalone account-server[116125]: 172.20.0.5 - - [10/Oct/2025:09:38:08 +0000] "HEAD /d1/239/AUTH_68d984dc937a456780aaadaae21f6937" 404 - "HEAD http://swift-internal.openstack.svc:8080/v1/AUTH_68d984dc937a456780aaadaae21f6937?format=json" "tx218e726b63d74d5b93416-0068e8d400" "proxy-server 9" 0.0007 "-" 21 -
Oct 10 09:38:08 standalone account-server[116132]: 172.20.0.5 - - [10/Oct/2025:09:38:08 +0000] "HEAD /d1/239/AUTH_68d984dc937a456780aaadaae21f6937" 404 - "HEAD http://swift-internal.openstack.svc:8080/v1/AUTH_68d984dc937a456780aaadaae21f6937?format=json" "tx218e726b63d74d5b93416-0068e8d400" "proxy-server 9" 0.0005 "-" 22 -
Oct 10 09:38:08 standalone account-server[116166]: 172.20.0.5 - - [10/Oct/2025:09:38:08 +0000] "HEAD /d1/959/AUTH_6f9de691e8a647c58d4c0ec73fa4bbd1" 404 - "HEAD http://swift-internal.openstack.svc:8080/v1/AUTH_6f9de691e8a647c58d4c0ec73fa4bbd1?format=json" "tx81a44f91612f4636aff79-0068e8d400" "proxy-server 9" 0.0005 "-" 23 -
Oct 10 09:38:08 standalone account-server[116132]: 172.20.0.5 - - [10/Oct/2025:09:38:08 +0000] "HEAD /d1/959/AUTH_6f9de691e8a647c58d4c0ec73fa4bbd1" 404 - "HEAD http://swift-internal.openstack.svc:8080/v1/AUTH_6f9de691e8a647c58d4c0ec73fa4bbd1?format=json" "tx81a44f91612f4636aff79-0068e8d400" "proxy-server 9" 0.0003 "-" 22 -
Oct 10 09:38:08 standalone account-server[116120]: 172.20.0.5 - - [10/Oct/2025:09:38:08 +0000] "HEAD /d1/275/AUTH_79c6610c0de148829cc1c806b31b821c" 404 - "HEAD http://swift-internal.openstack.svc:8080/v1/AUTH_79c6610c0de148829cc1c806b31b821c?format=json" "tx5f0b7b29e52a4799b2e3d-0068e8d400" "proxy-server 6" 0.0005 "-" 20 -
Oct 10 09:38:08 standalone account-server[116166]: 172.20.0.5 - - [10/Oct/2025:09:38:08 +0000] "HEAD /d1/275/AUTH_79c6610c0de148829cc1c806b31b821c" 404 - "HEAD http://swift-internal.openstack.svc:8080/v1/AUTH_79c6610c0de148829cc1c806b31b821c?format=json" "tx5f0b7b29e52a4799b2e3d-0068e8d400" "proxy-server 6" 0.0005 "-" 23 -
Oct 10 09:38:08 standalone account-server[116132]: 172.20.0.5 - - [10/Oct/2025:09:38:08 +0000] "HEAD /d1/788/AUTH_c5c422d5820f42278350a19f65f4cb30" 404 - "HEAD http://swift-internal.openstack.svc:8080/v1/AUTH_c5c422d5820f42278350a19f65f4cb30?format=json" "tx37c9a23ded0a43ee8c48d-0068e8d400" "proxy-server 9" 0.0006 "-" 22 -
Oct 10 09:38:08 standalone account-server[116132]: 172.20.0.5 - - [10/Oct/2025:09:38:08 +0000] "HEAD /d1/788/AUTH_c5c422d5820f42278350a19f65f4cb30" 404 - "HEAD http://swift-internal.openstack.svc:8080/v1/AUTH_c5c422d5820f42278350a19f65f4cb30?format=json" "tx37c9a23ded0a43ee8c48d-0068e8d400" "proxy-server 9" 0.0003 "-" 22 -
Oct 10 09:38:08 standalone account-server[116120]: 172.20.0.5 - - [10/Oct/2025:09:38:08 +0000] "HEAD /d1/477/AUTH_ccdc579662bb4e178bc04065196bd35e" 404 - "HEAD http://swift-internal.openstack.svc:8080/v1/AUTH_ccdc579662bb4e178bc04065196bd35e?format=json" "tx1add1e9178b34b5e80952-0068e8d400" "proxy-server 9" 0.0005 "-" 20 -
Oct 10 09:38:08 standalone account-server[116120]: 172.20.0.5 - - [10/Oct/2025:09:38:08 +0000] "HEAD /d1/477/AUTH_ccdc579662bb4e178bc04065196bd35e" 404 - "HEAD http://swift-internal.openstack.svc:8080/v1/AUTH_ccdc579662bb4e178bc04065196bd35e?format=json" "tx1add1e9178b34b5e80952-0068e8d400" "proxy-server 9" 0.0004 "-" 20 -
Oct 10 09:38:08 standalone account-server[116132]: 172.20.0.5 - - [10/Oct/2025:09:38:08 +0000] "HEAD /d1/587/AUTH_ed00256adcad419d9e4604f664fa0227" 404 - "HEAD http://swift-internal.openstack.svc:8080/v1/AUTH_ed00256adcad419d9e4604f664fa0227?format=json" "tx50d61da929d94bb893a4f-0068e8d400" "proxy-server 9" 0.0006 "-" 22 -
Oct 10 09:38:08 standalone account-server[116125]: 172.20.0.5 - - [10/Oct/2025:09:38:08 +0000] "HEAD /d1/587/AUTH_ed00256adcad419d9e4604f664fa0227" 404 - "HEAD http://swift-internal.openstack.svc:8080/v1/AUTH_ed00256adcad419d9e4604f664fa0227?format=json" "tx50d61da929d94bb893a4f-0068e8d400" "proxy-server 9" 0.0004 "-" 21 -
Oct 10 09:38:08 standalone account-server[116120]: 172.20.0.5 - - [10/Oct/2025:09:38:08 +0000] "HEAD /d1/94/AUTH_f23bde6d102444fdb53f16d2ea2524a0" 404 - "HEAD http://swift-internal.openstack.svc:8080/v1/AUTH_f23bde6d102444fdb53f16d2ea2524a0?format=json" "tx83546d9c974b4cd2a367f-0068e8d400" "proxy-server 6" 0.0005 "-" 20 -
Oct 10 09:38:08 standalone account-server[116132]: 172.20.0.5 - - [10/Oct/2025:09:38:08 +0000] "HEAD /d1/94/AUTH_f23bde6d102444fdb53f16d2ea2524a0" 404 - "HEAD http://swift-internal.openstack.svc:8080/v1/AUTH_f23bde6d102444fdb53f16d2ea2524a0?format=json" "tx83546d9c974b4cd2a367f-0068e8d400" "proxy-server 6" 0.0005 "-" 22 -
Oct 10 09:38:08 standalone account-server[116125]: 172.20.0.5 - - [10/Oct/2025:09:38:08 +0000] "HEAD /d1/573/AUTH_f8ed63db661f490ebd405b58baf33c13" 404 - "HEAD http://swift-internal.openstack.svc:8080/v1/AUTH_f8ed63db661f490ebd405b58baf33c13?format=json" "tx5a1d5a7cc8e741a0b7d14-0068e8d400" "proxy-server 9" 0.0005 "-" 21 -
Oct 10 09:38:08 standalone account-server[116132]: 172.20.0.5 - - [10/Oct/2025:09:38:08 +0000] "HEAD /d1/573/AUTH_f8ed63db661f490ebd405b58baf33c13" 404 - "HEAD http://swift-internal.openstack.svc:8080/v1/AUTH_f8ed63db661f490ebd405b58baf33c13?format=json" "tx5a1d5a7cc8e741a0b7d14-0068e8d400" "proxy-server 9" 0.0005 "-" 22 -
Oct 10 09:38:08 standalone account-server[116120]: 172.20.0.5 - - [10/Oct/2025:09:38:08 +0000] "HEAD /d1/878/AUTH_fe4135d9999f4408a96cfa3425aa29f3" 204 - "HEAD http://swift-internal.openstack.svc:8080/v1/AUTH_fe4135d9999f4408a96cfa3425aa29f3?format=json" "tx72a1f1c0d03b4377b3dd8-0068e8d400" "proxy-server 6" 0.0106 "-" 20 -
Oct 10 09:38:08 standalone account-server[116125]: 172.20.0.5 - - [10/Oct/2025:09:38:08 +0000] "HEAD /d1/878/AUTH_fe4135d9999f4408a96cfa3425aa29f3" 204 - "HEAD http://swift-internal.openstack.svc:8080/v1/AUTH_fe4135d9999f4408a96cfa3425aa29f3?format=json" "tx72a1f1c0d03b4377b3dd8-0068e8d400" "proxy-server 6" 0.0022 "-" 21 -
Oct 10 09:38:09 standalone account-server[116166]: 172.20.0.5 - - [10/Oct/2025:09:38:09 +0000] "GET /d1/319/AUTH_0c5873fc83ad4544b6c97e46d560900f" 404 - "GET http://swift-internal.openstack.svc:8080/v1/AUTH_0c5873fc83ad4544b6c97e46d560900f?format=json" "txdded7adf6d204e93995ea-0068e8d401" "proxy-server 10" 0.0005 "-" 23 -
Oct 10 09:38:09 standalone account-server[116132]: 172.20.0.5 - - [10/Oct/2025:09:38:09 +0000] "GET /d1/988/AUTH_1e9ea6b876514cf692a273071e908832" 404 - "GET http://swift-internal.openstack.svc:8080/v1/AUTH_1e9ea6b876514cf692a273071e908832?format=json" "tx2f58be95fad1453391d35-0068e8d401" "proxy-server 10" 0.0005 "-" 22 -
Oct 10 09:38:09 standalone account-server[116125]: 172.20.0.5 - - [10/Oct/2025:09:38:09 +0000] "GET /d1/702/AUTH_26e7a65d17b4467ea1031630a9ba15d6" 404 - "GET http://swift-internal.openstack.svc:8080/v1/AUTH_26e7a65d17b4467ea1031630a9ba15d6?format=json" "tx3327b2f4226a4fb795145-0068e8d401" "proxy-server 6" 0.0005 "-" 21 -
Oct 10 09:38:09 standalone account-server[116120]: 172.20.0.5 - - [10/Oct/2025:09:38:09 +0000] "GET /d1/136/AUTH_3a71fbea110d4ebda082a1d2a9782f20" 404 - "GET http://swift-internal.openstack.svc:8080/v1/AUTH_3a71fbea110d4ebda082a1d2a9782f20?format=json" "tx08637934d4144b16949cc-0068e8d401" "proxy-server 10" 0.0005 "-" 20 -
Oct 10 09:38:09 standalone account-server[116125]: 172.20.0.5 - - [10/Oct/2025:09:38:09 +0000] "GET /d1/239/AUTH_68d984dc937a456780aaadaae21f6937" 404 - "GET http://swift-internal.openstack.svc:8080/v1/AUTH_68d984dc937a456780aaadaae21f6937?format=json" "txaac8668ed9ee4870b42c5-0068e8d401" "proxy-server 6" 0.0005 "-" 21 -
Oct 10 09:38:09 standalone account-server[116166]: 172.20.0.5 - - [10/Oct/2025:09:38:09 +0000] "GET /d1/959/AUTH_6f9de691e8a647c58d4c0ec73fa4bbd1" 404 - "GET http://swift-internal.openstack.svc:8080/v1/AUTH_6f9de691e8a647c58d4c0ec73fa4bbd1?format=json" "txb9b20c87bffc46fa81068-0068e8d401" "proxy-server 9" 0.0007 "-" 23 -
Oct 10 09:38:09 standalone account-server[116132]: 172.20.0.5 - - [10/Oct/2025:09:38:09 +0000] "GET /d1/275/AUTH_79c6610c0de148829cc1c806b31b821c" 404 - "GET http://swift-internal.openstack.svc:8080/v1/AUTH_79c6610c0de148829cc1c806b31b821c?format=json" "txf6f731a898f84cc9a7b67-0068e8d401" "proxy-server 10" 0.0006 "-" 22 -
Oct 10 09:38:09 standalone account-server[116166]: 172.20.0.5 - - [10/Oct/2025:09:38:09 +0000] "GET /d1/788/AUTH_c5c422d5820f42278350a19f65f4cb30" 404 - "GET http://swift-internal.openstack.svc:8080/v1/AUTH_c5c422d5820f42278350a19f65f4cb30?format=json" "txc55413ef56f94dbf9703d-0068e8d401" "proxy-server 9" 0.0004 "-" 23 -
Oct 10 09:38:09 standalone account-server[116120]: 172.20.0.5 - - [10/Oct/2025:09:38:09 +0000] "GET /d1/477/AUTH_ccdc579662bb4e178bc04065196bd35e" 404 - "GET http://swift-internal.openstack.svc:8080/v1/AUTH_ccdc579662bb4e178bc04065196bd35e?format=json" "tx14c36fdc231c4f92803e3-0068e8d401" "proxy-server 6" 0.0005 "-" 20 -
Oct 10 09:38:09 standalone account-server[116132]: 172.20.0.5 - - [10/Oct/2025:09:38:09 +0000] "GET /d1/587/AUTH_ed00256adcad419d9e4604f664fa0227" 404 - "GET http://swift-internal.openstack.svc:8080/v1/AUTH_ed00256adcad419d9e4604f664fa0227?format=json" "tx8ca0bcc8e4ff426daac53-0068e8d401" "proxy-server 9" 0.0005 "-" 22 -
Oct 10 09:38:09 standalone account-server[116166]: 172.20.0.5 - - [10/Oct/2025:09:38:09 +0000] "GET /d1/94/AUTH_f23bde6d102444fdb53f16d2ea2524a0" 404 - "GET http://swift-internal.openstack.svc:8080/v1/AUTH_f23bde6d102444fdb53f16d2ea2524a0?format=json" "tx678aee087c2341c28ecac-0068e8d401" "proxy-server 10" 0.0006 "-" 23 -
Oct 10 09:38:09 standalone account-server[116132]: 172.20.0.5 - - [10/Oct/2025:09:38:09 +0000] "GET /d1/573/AUTH_f8ed63db661f490ebd405b58baf33c13" 404 - "GET http://swift-internal.openstack.svc:8080/v1/AUTH_f8ed63db661f490ebd405b58baf33c13?format=json" "tx700c7f5a6cf94040b2d85-0068e8d401" "proxy-server 6" 0.0005 "-" 22 -
Oct 10 09:38:09 standalone account-server[116125]: 172.20.0.5 - - [10/Oct/2025:09:38:09 +0000] "GET /d1/878/AUTH_fe4135d9999f4408a96cfa3425aa29f3" 200 99 "GET http://swift-internal.openstack.svc:8080/v1/AUTH_fe4135d9999f4408a96cfa3425aa29f3?format=json" "tx7f9ece94709d4611ac880-0068e8d401" "proxy-server 9" 0.0019 "-" 21 -
Oct 10 09:38:25 standalone account-server[116125]: 172.20.0.100 - - [10/Oct/2025:09:38:25 +0000] "HEAD /d1/189/.expiring_objects" 404 - "HEAD http://localhost/v1/.expiring_objects?format=json" "tx1dc1a79653784262a0158-0068e8d411" "proxy-server 2" 0.0009 "-" 21 -
Oct 10 09:38:25 standalone object-expirer[116167]: Pass completed in 0s; 0 objects expired (txn: tx1dc1a79653784262a0158-0068e8d411)
Oct 10 09:38:52 standalone account-server[115573]: Devices pass completed: 0.00s
Oct 10 09:41:37 standalone object-server[116466]: Begin object update sweep
Oct 10 09:41:37 standalone object-server[548278]: Object update sweep starting on /srv/node/d1 (pid: 33)
Oct 10 09:41:37 standalone object-server[548278]: Object update sweep completed on /srv/node/d1 in 0.00s seconds:, 0 successes, 0 failures, 0 quarantines, 0 unlinks, 0 errors, 0 redirects (pid: 33)
Oct 10 09:41:37 standalone object-server[548278]: Object update sweep of d1 completed: 0.00s, 0 successes, 0 failures, 0 quarantines, 0 unlinks, 0 errors, 0 redirects
Oct 10 09:41:37 standalone object-server[116466]: Object update sweep completed: 0.08s
Oct 10 09:42:00 standalone account-server[116166]: 172.20.0.100 - - [10/Oct/2025:09:42:00 +0000] "HEAD /d1/189/.expiring_objects" 404 - "HEAD http://localhost/v1/.expiring_objects?format=json" "txce63948ee6ad4757bff62-0068e8d4e8" "proxy-server 2" 0.0011 "-" 23 -
Oct 10 09:42:00 standalone object-expirer[116167]: Pass completed in 0s; 0 objects expired (txn: txce63948ee6ad4757bff62-0068e8d4e8)
Oct 10 09:42:20 standalone container-server[116038]: Begin container update sweep
Oct 10 09:42:20 standalone container-server[116038]: Container update sweep completed: 0.07s
Oct 10 09:43:08 standalone account-server[116132]: 172.20.0.5 - - [10/Oct/2025:09:43:08 +0000] "HEAD /d1/319/AUTH_0c5873fc83ad4544b6c97e46d560900f" 404 - "HEAD http://swift-internal.openstack.svc:8080/v1/AUTH_0c5873fc83ad4544b6c97e46d560900f?format=json" "txf3f33e27683d4fc38c6e3-0068e8d52c" "proxy-server 7" 0.0008 "-" 22 -
Oct 10 09:43:08 standalone account-server[116132]: 172.20.0.5 - - [10/Oct/2025:09:43:08 +0000] "HEAD /d1/319/AUTH_0c5873fc83ad4544b6c97e46d560900f" 404 - "HEAD http://swift-internal.openstack.svc:8080/v1/AUTH_0c5873fc83ad4544b6c97e46d560900f?format=json" "txf3f33e27683d4fc38c6e3-0068e8d52c" "proxy-server 7" 0.0005 "-" 22 -
Oct 10 09:43:08 standalone account-server[116120]: 172.20.0.5 - - [10/Oct/2025:09:43:08 +0000] "HEAD /d1/94/AUTH_f23bde6d102444fdb53f16d2ea2524a0" 404 - "HEAD http://swift-internal.openstack.svc:8080/v1/AUTH_f23bde6d102444fdb53f16d2ea2524a0?format=json" "tx6ba6e1a475fe4fa591f3b-0068e8d52c" "proxy-server 14" 0.0005 "-" 20 -
Oct 10 09:43:08 standalone account-server[116120]: 172.20.0.5 - - [10/Oct/2025:09:43:08 +0000] "HEAD /d1/94/AUTH_f23bde6d102444fdb53f16d2ea2524a0" 404 - "HEAD http://swift-internal.openstack.svc:8080/v1/AUTH_f23bde6d102444fdb53f16d2ea2524a0?format=json" "tx6ba6e1a475fe4fa591f3b-0068e8d52c" "proxy-server 14" 0.0006 "-" 20 -
Oct 10 09:43:08 standalone account-server[116120]: 172.20.0.5 - - [10/Oct/2025:09:43:08 +0000] "HEAD /d1/573/AUTH_f8ed63db661f490ebd405b58baf33c13" 404 - "HEAD http://swift-internal.openstack.svc:8080/v1/AUTH_f8ed63db661f490ebd405b58baf33c13?format=json" "tx2870b21492af4a628319f-0068e8d52c" "proxy-server 14" 0.0003 "-" 20 -
Oct 10 09:43:08 standalone account-server[116132]: 172.20.0.5 - - [10/Oct/2025:09:43:08 +0000] "HEAD /d1/573/AUTH_f8ed63db661f490ebd405b58baf33c13" 404 - "HEAD http://swift-internal.openstack.svc:8080/v1/AUTH_f8ed63db661f490ebd405b58baf33c13?format=json" "tx2870b21492af4a628319f-0068e8d52c" "proxy-server 14" 0.0005 "-" 22 -
Oct 10 09:43:08 standalone account-server[116132]: 172.20.0.5 - - [10/Oct/2025:09:43:08 +0000] "HEAD /d1/878/AUTH_fe4135d9999f4408a96cfa3425aa29f3" 204 - "HEAD http://swift-internal.openstack.svc:8080/v1/AUTH_fe4135d9999f4408a96cfa3425aa29f3?format=json" "tx8fa418e7887b4851bee7c-0068e8d52c" "proxy-server 11" 0.0024 "-" 22 -
Oct 10 09:43:08 standalone account-server[116125]: 172.20.0.5 - - [10/Oct/2025:09:43:08 +0000] "HEAD /d1/878/AUTH_fe4135d9999f4408a96cfa3425aa29f3" 204 - "HEAD http://swift-internal.openstack.svc:8080/v1/AUTH_fe4135d9999f4408a96cfa3425aa29f3?format=json" "tx8fa418e7887b4851bee7c-0068e8d52c" "proxy-server 11" 0.0022 "-" 21 -
Oct 10 09:43:08 standalone account-server[116132]: 172.20.0.5 - - [10/Oct/2025:09:43:08 +0000] "GET /d1/319/AUTH_0c5873fc83ad4544b6c97e46d560900f" 404 - "GET http://swift-internal.openstack.svc:8080/v1/AUTH_0c5873fc83ad4544b6c97e46d560900f?format=json" "tx7ac7151449ee45d3ac0e5-0068e8d52c" "proxy-server 14" 0.0005 "-" 22 -
Oct 10 09:43:08 standalone account-server[116166]: 172.20.0.5 - - [10/Oct/2025:09:43:08 +0000] "GET /d1/94/AUTH_f23bde6d102444fdb53f16d2ea2524a0" 404 - "GET http://swift-internal.openstack.svc:8080/v1/AUTH_f23bde6d102444fdb53f16d2ea2524a0?format=json" "tx25c77dedc3db4ce5a8625-0068e8d52c" "proxy-server 7" 0.0005 "-" 23 -
Oct 10 09:43:08 standalone account-server[116132]: 172.20.0.5 - - [10/Oct/2025:09:43:08 +0000] "GET /d1/573/AUTH_f8ed63db661f490ebd405b58baf33c13" 404 - "GET http://swift-internal.openstack.svc:8080/v1/AUTH_f8ed63db661f490ebd405b58baf33c13?format=json" "tx673bb38b5191407cbc977-0068e8d52c" "proxy-server 11" 0.0004 "-" 22 -
Oct 10 09:43:08 standalone account-server[116120]: 172.20.0.5 - - [10/Oct/2025:09:43:08 +0000] "GET /d1/878/AUTH_fe4135d9999f4408a96cfa3425aa29f3" 200 99 "GET http://swift-internal.openstack.svc:8080/v1/AUTH_fe4135d9999f4408a96cfa3425aa29f3?format=json" "tx64c2987873d048af97033-0068e8d52c" "proxy-server 11" 0.0027 "-" 20 -
Oct 10 09:43:19 standalone account-server[116125]: 172.20.0.100 - - [10/Oct/2025:09:43:19 +0000] "HEAD /d1/189/.expiring_objects" 404 - "HEAD http://localhost/v1/.expiring_objects?format=json" "tx5659afa8f3f240068646d-0068e8d537" "proxy-server 2" 0.0006 "-" 21 -
Oct 10 09:43:19 standalone object-expirer[116167]: Pass completed in 0s; 0 objects expired (txn: tx5659afa8f3f240068646d-0068e8d537)