Oct 10 07:55:53 standalone account-server[115573]: Starting 2
Oct 10 07:55:54 standalone account-server[115884]: Started child 20 from parent 2
Oct 10 07:55:54 standalone account-server[115884]: Started child 21 from parent 2
Oct 10 07:55:54 standalone account-server[115884]: Started child 22 from parent 2
Oct 10 07:55:54 standalone account-server[115884]: Started child 23 from parent 2
Oct 10 07:55:54 standalone container-server[116038]: Starting 2
Oct 10 07:55:54 standalone container-server[116028]: Option allow_versions is deprecated. Configure the versioned_writes middleware in the proxy-server instead. This option will be ignored in a future release.
Oct 10 07:55:54 standalone container-server[116307]: Option allow_versions is deprecated. Configure the versioned_writes middleware in the proxy-server instead. This option will be ignored in a future release.
Oct 10 07:55:54 standalone container-server[116028]: Started child 19 from parent 2
Oct 10 07:55:54 standalone container-server[116314]: Option allow_versions is deprecated. Configure the versioned_writes middleware in the proxy-server instead. This option will be ignored in a future release.
Oct 10 07:55:54 standalone container-server[116028]: Started child 21 from parent 2
Oct 10 07:55:54 standalone container-server[116330]: Option allow_versions is deprecated. Configure the versioned_writes middleware in the proxy-server instead. This option will be ignored in a future release.
Oct 10 07:55:54 standalone container-server[116028]: Started child 22 from parent 2
Oct 10 07:55:54 standalone container-server[116336]: Option allow_versions is deprecated. Configure the versioned_writes middleware in the proxy-server instead. This option will be ignored in a future release.
Oct 10 07:55:54 standalone container-server[116028]: Started child 23 from parent 2
Oct 10 07:55:55 standalone object-expirer[116167]: Starting 2
Oct 10 07:55:55 standalone object-expirer[116167]: Option auto_create_account_prefix is deprecated. Configure auto_create_account_prefix under the swift-constraints section of swift.conf. This option will be ignored in a future release.
Oct 10 07:55:55 standalone object-server[116415]: Started child 22 from parent 2
Oct 10 07:55:55 standalone object-server[116415]: Started child 23 from parent 2
Oct 10 07:55:55 standalone object-server[116466]: Starting 2
Oct 10 07:55:55 standalone object-server[116415]: Started child 24 from parent 2
Oct 10 07:55:55 standalone object-server[116415]: Started child 25 from parent 2
Oct 10 07:56:01 standalone proxy-server[117885]: Starting Keystone auth_token middleware
Oct 10 07:56:01 standalone proxy-server[117885]: AuthToken middleware is set with keystone_authtoken.service_token_roles_required set to False. This is backwards compatible but deprecated behaviour. Please set this to True.
Oct 10 07:56:01 standalone proxy-server[117958]: Starting Keystone auth_token middleware
Oct 10 07:56:01 standalone proxy-server[117958]: STDERR: The option "bind_port" is not known to keystonemiddleware
Oct 10 07:56:01 standalone proxy-server[117958]: STDERR: The option "workers" is not known to keystonemiddleware
Oct 10 07:56:01 standalone proxy-server[117958]: STDERR: The option "user" is not known to keystonemiddleware
Oct 10 07:56:01 standalone proxy-server[117958]: STDERR: The option "bind_ip" is not known to keystonemiddleware
Oct 10 07:56:01 standalone proxy-server[117958]: STDERR: The option "log_name" is not known to keystonemiddleware
Oct 10 07:56:01 standalone proxy-server[117958]: STDERR: The option "log_facility" is not known to keystonemiddleware
Oct 10 07:56:01 standalone proxy-server[117958]: STDERR: The option "log_level" is not known to keystonemiddleware
Oct 10 07:56:01 standalone proxy-server[117958]: STDERR: The option "log_headers" is not known to keystonemiddleware
Oct 10 07:56:01 standalone proxy-server[117958]: STDERR: The option "log_address" is not known to keystonemiddleware
Oct 10 07:56:01 standalone proxy-server[117958]: STDERR: The option "project_name" is not known to keystonemiddleware
Oct 10 07:56:01 standalone proxy-server[117958]: STDERR: The option "username" is not known to keystonemiddleware
Oct 10 07:56:01 standalone proxy-server[117958]: STDERR: The option "password" is not known to keystonemiddleware
Oct 10 07:56:01 standalone proxy-server[117958]: STDERR: The option "auth_url" is not known to keystonemiddleware
Oct 10 07:56:01 standalone proxy-server[117958]: STDERR: The option "signing_dir" is not known to keystonemiddleware
Oct 10 07:56:01 standalone proxy-server[117958]: STDERR: The option "project_domain_id" is not known to keystonemiddleware
Oct 10 07:56:01 standalone proxy-server[117958]: STDERR: The option "user_domain_id" is not known to keystonemiddleware
Oct 10 07:56:01 standalone proxy-server[117958]: STDERR: The option "__name__" is not known to keystonemiddleware
Oct 10 07:56:01 standalone proxy-server[117958]: AuthToken middleware is set with keystone_authtoken.service_token_roles_required set to False. This is backwards compatible but deprecated behaviour. Please set this to True.
Oct 10 07:56:01 standalone proxy-server[117885]: Started child 12 from parent 2
Oct 10 07:56:35 standalone object-server[116466]: Begin object update sweep
Oct 10 07:56:35 standalone object-server[121634]: Object update sweep starting on /srv/node/d1 (pid: 11)
Oct 10 07:56:35 standalone object-server[121634]: Object update sweep completed on /srv/node/d1 in 0.00s seconds:, 0 successes, 0 failures, 0 quarantines, 0 unlinks, 0 errors, 0 redirects (pid: 11)
Oct 10 07:56:35 standalone object-server[121634]: Object update sweep of d1 completed: 0.00s, 0 successes, 0 failures, 0 quarantines, 0 unlinks, 0 errors, 0 redirects
Oct 10 07:56:35 standalone object-server[116466]: Object update sweep completed: 0.06s
Oct 10 07:56:42 standalone account-server[116132]: 172.20.0.100 - - [10/Oct/2025:07:56:42 +0000] "HEAD /d1/189/.expiring_objects" 404 - "HEAD http://localhost/v1/.expiring_objects?format=json" "txb0ce067b011f4e219d375-0068e8bc3a" "proxy-server 2" 0.0016 "-" 22 -
Oct 10 07:56:42 standalone object-expirer[116167]: Pass completed in 0s; 0 objects expired (txn: txb0ce067b011f4e219d375-0068e8bc3a)
Oct 10 07:57:18 standalone container-server[116038]: Begin container update sweep
Oct 10 07:57:18 standalone container-server[116038]: Container update sweep completed: 0.00s
Oct 10 07:59:19 standalone account-server[116166]: 172.20.0.100 - - [10/Oct/2025:07:59:19 +0000] "HEAD /d1/189/.expiring_objects" 404 - "HEAD http://localhost/v1/.expiring_objects?format=json" "txe45f22683a2548d3b8827-0068e8bcd7" "proxy-server 2" 0.0015 "-" 23 -
Oct 10 07:59:19 standalone object-expirer[116167]: Pass completed in 0s; 0 objects expired (txn: txe45f22683a2548d3b8827-0068e8bcd7)
Oct 10 08:01:35 standalone object-server[116466]: Begin object update sweep
Oct 10 08:01:35 standalone object-server[151953]: Object update sweep starting on /srv/node/d1 (pid: 13)
Oct 10 08:01:35 standalone object-server[151953]: Object update sweep completed on /srv/node/d1 in 0.00s seconds:, 0 successes, 0 failures, 0 quarantines, 0 unlinks, 0 errors, 0 redirects (pid: 13)
Oct 10 08:01:35 standalone object-server[151953]: Object update sweep of d1 completed: 0.00s, 0 successes, 0 failures, 0 quarantines, 0 unlinks, 0 errors, 0 redirects
Oct 10 08:01:35 standalone object-server[116466]: Object update sweep completed: 0.09s
Oct 10 08:01:39 standalone account-server[116132]: 172.20.0.100 - - [10/Oct/2025:08:01:39 +0000] "HEAD /d1/189/.expiring_objects" 404 - "HEAD http://localhost/v1/.expiring_objects?format=json" "txc85aeed1512d443ca7f6a-0068e8bd63" "proxy-server 2" 0.0004 "-" 22 -
Oct 10 08:01:39 standalone object-expirer[116167]: Pass completed in 0s; 0 objects expired (txn: txc85aeed1512d443ca7f6a-0068e8bd63)
Oct 10 08:01:54 standalone proxy-server[117958]: 172.21.0.2 ::1 10/Oct/2025/08/01/54 GET /info HTTP/1.0 200 - python-urllib3/1.26.5 gAAAAABo6L1vchlu... - 1671 - txdf38b700cafc43a59f6f0-0068e8bd71 - 0.4731 - - 1760083313.747961998 1760083314.221070766 -
Oct 10 08:01:59 standalone account-server[116166]: 172.20.0.100 - - [10/Oct/2025:08:01:59 +0000] "HEAD /d1/878/AUTH_fe4135d9999f4408a96cfa3425aa29f3" 404 - "HEAD http://localhost:8080/v1/AUTH_fe4135d9999f4408a96cfa3425aa29f3?format=json" "tx44d7a68873c644ad80d89-0068e8bd77" "proxy-server 12" 0.0007 "-" 23 -
Oct 10 08:01:59 standalone proxy-server[117958]: - - 10/Oct/2025/08/01/59 HEAD /v1/AUTH_fe4135d9999f4408a96cfa3425aa29f3%3Fformat%3Djson HTTP/1.0 200 - Swift - - - - tx44d7a68873c644ad80d89-0068e8bd77 - 0.0066 RL - 1760083319.306929111 1760083319.313501835 -
Oct 10 08:01:59 standalone proxy-server[117958]: 172.18.0.2 ::1 10/Oct/2025/08/01/59 HEAD /v1/AUTH_fe4135d9999f4408a96cfa3425aa29f3/glance%3Fformat%3Djson HTTP/1.0 404 - python-swiftclient-3.11.1 gAAAAABo6L13mlE8... - - - tx44d7a68873c644ad80d89-0068e8bd77 - 0.0785 - - 1760083319.305865288 1760083319.384412766 -
Oct 10 08:01:59 standalone account-server[116166]: 172.20.0.100 - - [10/Oct/2025:08:01:59 +0000] "PUT /d1/878/AUTH_fe4135d9999f4408a96cfa3425aa29f3" 201 - "-" "txfd0f0334e2784f45ba294-0068e8bd77" "-" 0.0169 "-" 23 -
Oct 10 08:01:59 standalone proxy-server[117958]: autocreate account '/AUTH_fe4135d9999f4408a96cfa3425aa29f3' (txn: txfd0f0334e2784f45ba294-0068e8bd77)
Oct 10 08:01:59 standalone account-server[116132]: 172.20.0.100 - - [10/Oct/2025:08:01:59 +0000] "HEAD /d1/878/AUTH_fe4135d9999f4408a96cfa3425aa29f3" 204 - "HEAD http://localhost:8080/v1/AUTH_fe4135d9999f4408a96cfa3425aa29f3?format=json" "txfd0f0334e2784f45ba294-0068e8bd77" "proxy-server 12" 0.0027 "-" 22 -
Oct 10 08:01:59 standalone account-server[116125]: 172.20.0.100 - - [10/Oct/2025:08:01:59 +0000] "PUT /d1/878/AUTH_fe4135d9999f4408a96cfa3425aa29f3/glance" 201 - "PUT http://172.20.0.100:6001/d1/720/AUTH_fe4135d9999f4408a96cfa3425aa29f3/glance" "txfd0f0334e2784f45ba294-0068e8bd77" "container-server 23" 0.0033 "-" 21 0
Oct 10 08:01:59 standalone container-server[116336]: 172.20.0.100 - - [10/Oct/2025:08:01:59 +0000] "PUT /d1/720/AUTH_fe4135d9999f4408a96cfa3425aa29f3/glance" 201 - "PUT http://localhost:8080/v1/AUTH_fe4135d9999f4408a96cfa3425aa29f3/glance" "txfd0f0334e2784f45ba294-0068e8bd77" "proxy-server 12" 0.0244 "-" 23 0
Oct 10 08:01:59 standalone proxy-server[117958]: 172.18.0.2 ::1 10/Oct/2025/08/01/59 PUT /v1/AUTH_fe4135d9999f4408a96cfa3425aa29f3/glance HTTP/1.0 201 - python-swiftclient-3.11.1 gAAAAABo6L13mlE8... - - - txfd0f0334e2784f45ba294-0068e8bd77 - 0.0609 - - 1760083319.390347004 1760083319.451266527 0
Oct 10 08:01:59 standalone container-server[116307]: 172.20.0.100 - - [10/Oct/2025:08:01:59 +0000] "HEAD /d1/720/AUTH_fe4135d9999f4408a96cfa3425aa29f3/glance" 204 - "HEAD http://localhost:8080/v1/AUTH_fe4135d9999f4408a96cfa3425aa29f3/glance?format=json&states=listing" "txe52d1f414c3c42cd98706-0068e8bd77" "proxy-server 12" 0.0051 "-" 19 0
Oct 10 08:01:59 standalone proxy-server[117958]: - - 10/Oct/2025/08/01/59 HEAD /v1/AUTH_fe4135d9999f4408a96cfa3425aa29f3/glance%3Fformat%3Djson%26states%3Dlisting HTTP/1.0 204 - Swift - - - - txe52d1f414c3c42cd98706-0068e8bd77 - 0.0127 RL - 1760083319.470608711 1760083319.483332872 0
Oct 10 08:01:59 standalone container-server[116314]: 172.20.0.100 - - [10/Oct/2025:08:01:59 +0000] "PUT /d1/720/AUTH_fe4135d9999f4408a96cfa3425aa29f3/glance/ea60d1b1-522a-4b73-8d67-b5a2a21e0093-00001" 201 - "PUT http://localhost:8080/d1/557/AUTH_fe4135d9999f4408a96cfa3425aa29f3/glance/ea60d1b1-522a-4b73-8d67-b5a2a21e0093-00001" "txe52d1f414c3c42cd98706-0068e8bd77" "object-server 24" 0.0015 "-" 21 0
Oct 10 08:01:59 standalone object-server[116524]: 172.20.0.100 - - [10/Oct/2025:08:01:59 +0000] "PUT /d1/557/AUTH_fe4135d9999f4408a96cfa3425aa29f3/glance/ea60d1b1-522a-4b73-8d67-b5a2a21e0093-00001" 201 - "PUT http://localhost:8080/v1/AUTH_fe4135d9999f4408a96cfa3425aa29f3/glance/ea60d1b1-522a-4b73-8d67-b5a2a21e0093-00001" "txe52d1f414c3c42cd98706-0068e8bd77" "proxy-server 12" 0.1541 "-" 24 0
Oct 10 08:01:59 standalone proxy-server[117958]: 172.18.0.2 ::1 10/Oct/2025/08/01/59 PUT /v1/AUTH_fe4135d9999f4408a96cfa3425aa29f3/glance/ea60d1b1-522a-4b73-8d67-b5a2a21e0093-00001 HTTP/1.0 201 - python-swiftclient-3.11.1 gAAAAABo6L13mlE8... 16300544 - - txe52d1f414c3c42cd98706-0068e8bd77 - 0.1892 - - 1760083319.459187746 1760083319.648340225 0
Oct 10 08:01:59 standalone container-server[116307]: 172.20.0.100 - - [10/Oct/2025:08:01:59 +0000] "PUT /d1/720/AUTH_fe4135d9999f4408a96cfa3425aa29f3/glance/ea60d1b1-522a-4b73-8d67-b5a2a21e0093" 201 - "PUT http://localhost:8080/d1/526/AUTH_fe4135d9999f4408a96cfa3425aa29f3/glance/ea60d1b1-522a-4b73-8d67-b5a2a21e0093" "tx41fb02570cd24dfa8e2af-0068e8bd77" "object-server 23" 0.0009 "-" 19 0
Oct 10 08:01:59 standalone object-server[116519]: 172.20.0.100 - - [10/Oct/2025:08:01:59 +0000] "PUT /d1/526/AUTH_fe4135d9999f4408a96cfa3425aa29f3/glance/ea60d1b1-522a-4b73-8d67-b5a2a21e0093" 201 - "PUT http://localhost:8080/v1/AUTH_fe4135d9999f4408a96cfa3425aa29f3/glance/ea60d1b1-522a-4b73-8d67-b5a2a21e0093" "tx41fb02570cd24dfa8e2af-0068e8bd77" "proxy-server 12" 0.0246 "-" 23 0
Oct 10 08:01:59 standalone proxy-server[117958]: 172.18.0.2 ::1 10/Oct/2025/08/01/59 PUT /v1/AUTH_fe4135d9999f4408a96cfa3425aa29f3/glance/ea60d1b1-522a-4b73-8d67-b5a2a21e0093 HTTP/1.0 201 - python-swiftclient-3.11.1 gAAAAABo6L13mlE8... - - - tx41fb02570cd24dfa8e2af-0068e8bd77 - 0.0300 - - 1760083319.653937340 1760083319.683940411 0
Oct 10 08:02:00 standalone container-server[116307]: 172.20.0.100 - - [10/Oct/2025:08:02:00 +0000] "HEAD /d1/720/AUTH_fe4135d9999f4408a96cfa3425aa29f3/glance" 204 - "HEAD http://localhost:8080/v1/AUTH_fe4135d9999f4408a96cfa3425aa29f3/glance?format=json&states=listing" "tx530857d4a6bd4ddb873fc-0068e8bd78" "proxy-server 12" 0.0160 "-" 19 0
Oct 10 08:02:00 standalone proxy-server[117958]: 172.18.0.2 ::1 10/Oct/2025/08/02/00 HEAD /v1/AUTH_fe4135d9999f4408a96cfa3425aa29f3/glance%3Fformat%3Djson%26states%3Dlisting HTTP/1.0 204 - python-swiftclient-3.11.1 gAAAAABo6L140uVL... - - - tx530857d4a6bd4ddb873fc-0068e8bd78 - 0.0627 - - 1760083320.274421930 1760083320.337124825 0
Oct 10 08:02:00 standalone container-server[116330]: 172.20.0.100 - - [10/Oct/2025:08:02:00 +0000] "PUT /d1/720/AUTH_fe4135d9999f4408a96cfa3425aa29f3/glance/f991bc0b-8010-469d-8a6f-acce4ab0823c-00001" 201 - "PUT http://localhost:8080/d1/578/AUTH_fe4135d9999f4408a96cfa3425aa29f3/glance/f991bc0b-8010-469d-8a6f-acce4ab0823c-00001" "txd30d99a996a34ab3ab8aa-0068e8bd78" "object-server 24" 0.0017 "-" 22 0
Oct 10 08:02:00 standalone object-server[116524]: 172.20.0.100 - - [10/Oct/2025:08:02:00 +0000] "PUT /d1/578/AUTH_fe4135d9999f4408a96cfa3425aa29f3/glance/f991bc0b-8010-469d-8a6f-acce4ab0823c-00001" 201 - "PUT http://localhost:8080/v1/AUTH_fe4135d9999f4408a96cfa3425aa29f3/glance/f991bc0b-8010-469d-8a6f-acce4ab0823c-00001" "txd30d99a996a34ab3ab8aa-0068e8bd78" "proxy-server 12" 0.1972 "-" 24 0
Oct 10 08:02:00 standalone proxy-server[117958]: 172.18.0.2 ::1 10/Oct/2025/08/02/00 PUT /v1/AUTH_fe4135d9999f4408a96cfa3425aa29f3/glance/f991bc0b-8010-469d-8a6f-acce4ab0823c-00001 HTTP/1.0 201 - python-swiftclient-3.11.1 gAAAAABo6L140uVL... 16300544 - - txd30d99a996a34ab3ab8aa-0068e8bd78 - 0.2099 - - 1760083320.345356703 1760083320.555262566 0
Oct 10 08:02:00 standalone container-server[116314]: 172.20.0.100 - - [10/Oct/2025:08:02:00 +0000] "PUT /d1/720/AUTH_fe4135d9999f4408a96cfa3425aa29f3/glance/f991bc0b-8010-469d-8a6f-acce4ab0823c" 201 - "PUT http://localhost:8080/d1/725/AUTH_fe4135d9999f4408a96cfa3425aa29f3/glance/f991bc0b-8010-469d-8a6f-acce4ab0823c" "tx7680ba687d494615baab4-0068e8bd78" "object-server 24" 0.0005 "-" 21 0
Oct 10 08:02:00 standalone object-server[116524]: 172.20.0.100 - - [10/Oct/2025:08:02:00 +0000] "PUT /d1/725/AUTH_fe4135d9999f4408a96cfa3425aa29f3/glance/f991bc0b-8010-469d-8a6f-acce4ab0823c" 201 - "PUT http://localhost:8080/v1/AUTH_fe4135d9999f4408a96cfa3425aa29f3/glance/f991bc0b-8010-469d-8a6f-acce4ab0823c" "tx7680ba687d494615baab4-0068e8bd78" "proxy-server 12" 0.0103 "-" 24 0
Oct 10 08:02:00 standalone proxy-server[117958]: 172.18.0.2 ::1 10/Oct/2025/08/02/00 PUT /v1/AUTH_fe4135d9999f4408a96cfa3425aa29f3/glance/f991bc0b-8010-469d-8a6f-acce4ab0823c HTTP/1.0 201 - python-swiftclient-3.11.1 gAAAAABo6L140uVL... - - - tx7680ba687d494615baab4-0068e8bd78 - 0.0180 - - 1760083320.560170412 1760083320.578130722 0
Oct 10 08:02:02 standalone account-server[116120]: 172.20.0.100 - - [10/Oct/2025:08:02:02 +0000] "HEAD /d1/189/.expiring_objects" 404 - "HEAD http://localhost/v1/.expiring_objects?format=json" "txe9558f5793e843e782165-0068e8bd7a" "proxy-server 2" 0.0009 "-" 20 -
Oct 10 08:02:02 standalone object-expirer[116167]: Pass completed in 0s; 0 objects expired (txn: txe9558f5793e843e782165-0068e8bd7a)
Oct 10 08:02:18 standalone container-server[116038]: Begin container update sweep
Oct 10 08:02:18 standalone account-server[116125]: 172.20.0.100 - - [10/Oct/2025:08:02:18 +0000] "PUT /d1/878/AUTH_fe4135d9999f4408a96cfa3425aa29f3/glance" 201 - "-" "-" "container-updater 2" 0.0010 "-" 21 0
Oct 10 08:02:18 standalone container-server[116038]: Container update sweep completed: 0.14s
Oct 10 08:04:51 standalone account-server[116125]: 172.20.0.100 - - [10/Oct/2025:08:04:51 +0000] "HEAD /d1/189/.expiring_objects" 404 - "HEAD http://localhost/v1/.expiring_objects?format=json" "tx85ad59bdea644bb69cfd4-0068e8be23" "proxy-server 2" 0.0009 "-" 21 -
Oct 10 08:04:51 standalone object-expirer[116167]: Pass completed in 0s; 0 objects expired (txn: tx85ad59bdea644bb69cfd4-0068e8be23)
Oct 10 08:06:35 standalone object-server[116466]: Begin object update sweep
Oct 10 08:06:35 standalone object-server[177008]: Object update sweep starting on /srv/node/d1 (pid: 14)
Oct 10 08:06:35 standalone object-server[177008]: Object update sweep completed on /srv/node/d1 in 0.00s seconds:, 0 successes, 0 failures, 0 quarantines, 0 unlinks, 0 errors, 0 redirects (pid: 14)
Oct 10 08:06:35 standalone object-server[177008]: Object update sweep of d1 completed: 0.00s, 0 successes, 0 failures, 0 quarantines, 0 unlinks, 0 errors, 0 redirects
Oct 10 08:06:35 standalone object-server[116466]: Object update sweep completed: 0.08s
Oct 10 08:06:36 standalone account-server[116166]: 172.20.0.100 - - [10/Oct/2025:08:06:36 +0000] "HEAD /d1/878/AUTH_fe4135d9999f4408a96cfa3425aa29f3" 204 - "HEAD http://localhost:8080/v1/AUTH_fe4135d9999f4408a96cfa3425aa29f3?format=json" "tx91a932a19e4143f699081-0068e8be8c" "proxy-server 12" 0.0104 "-" 23 -
Oct 10 08:06:36 standalone proxy-server[117958]: - - 10/Oct/2025/08/06/36 HEAD /v1/AUTH_fe4135d9999f4408a96cfa3425aa29f3%3Fformat%3Djson HTTP/1.0 204 - Swift - - - - tx91a932a19e4143f699081-0068e8be8c - 0.0140 RL - 1760083596.174868584 1760083596.188852072 -
Oct 10 08:06:36 standalone container-server[116314]: 172.20.0.100 - - [10/Oct/2025:08:06:36 +0000] "HEAD /d1/720/AUTH_fe4135d9999f4408a96cfa3425aa29f3/glance" 204 - "HEAD http://localhost:8080/v1/AUTH_fe4135d9999f4408a96cfa3425aa29f3/glance?format=json&states=listing" "tx91a932a19e4143f699081-0068e8be8c" "proxy-server 12" 0.0039 "-" 21 0
Oct 10 08:06:36 standalone proxy-server[117958]: 172.18.0.2 ::1 10/Oct/2025/08/06/36 HEAD /v1/AUTH_fe4135d9999f4408a96cfa3425aa29f3/glance%3Fformat%3Djson%26states%3Dlisting HTTP/1.0 204 - python-swiftclient-3.11.1 gAAAAABo6L6MThr-... - - - tx91a932a19e4143f699081-0068e8be8c - 0.1537 - - 1760083596.173710585 1760083596.327454567 0
Oct 10 08:06:39 standalone container-server[116314]: 172.20.0.100 - - [10/Oct/2025:08:06:39 +0000] "PUT /d1/720/AUTH_fe4135d9999f4408a96cfa3425aa29f3/glance/8060e450-f5d8-4df6-8522-a931808b3c93-00001" 201 - "PUT http://localhost:8080/d1/182/AUTH_fe4135d9999f4408a96cfa3425aa29f3/glance/8060e450-f5d8-4df6-8522-a931808b3c93-00001" "tx7ca71d4559ba493eabec2-0068e8be8c" "object-server 24" 0.0007 "-" 21 0
Oct 10 08:06:39 standalone object-server[116524]: 172.20.0.100 - - [10/Oct/2025:08:06:39 +0000] "PUT /d1/182/AUTH_fe4135d9999f4408a96cfa3425aa29f3/glance/8060e450-f5d8-4df6-8522-a931808b3c93-00001" 201 - "PUT http://localhost:8080/v1/AUTH_fe4135d9999f4408a96cfa3425aa29f3/glance/8060e450-f5d8-4df6-8522-a931808b3c93-00001" "tx7ca71d4559ba493eabec2-0068e8be8c" "proxy-server 12" 2.8399 "-" 24 0
Oct 10 08:06:39 standalone proxy-server[117958]: 172.18.0.2 ::1 10/Oct/2025/08/06/39 PUT /v1/AUTH_fe4135d9999f4408a96cfa3425aa29f3/glance/8060e450-f5d8-4df6-8522-a931808b3c93-00001 HTTP/1.0 201 - python-swiftclient-3.11.1 gAAAAABo6L6MThr-... 21692416 - - tx7ca71d4559ba493eabec2-0068e8be8c - 2.8469 - - 1760083596.337552786 1760083599.184475183 0
Oct 10 08:06:39 standalone container-server[116314]: 172.20.0.100 - - [10/Oct/2025:08:06:39 +0000] "PUT /d1/720/AUTH_fe4135d9999f4408a96cfa3425aa29f3/glance/8060e450-f5d8-4df6-8522-a931808b3c93" 201 - "PUT http://localhost:8080/d1/634/AUTH_fe4135d9999f4408a96cfa3425aa29f3/glance/8060e450-f5d8-4df6-8522-a931808b3c93" "txc30e4108793d4770a341b-0068e8be8f" "object-server 22" 0.0005 "-" 21 0
Oct 10 08:06:39 standalone object-server[116517]: 172.20.0.100 - - [10/Oct/2025:08:06:39 +0000] "PUT /d1/634/AUTH_fe4135d9999f4408a96cfa3425aa29f3/glance/8060e450-f5d8-4df6-8522-a931808b3c93" 201 - "PUT http://localhost:8080/v1/AUTH_fe4135d9999f4408a96cfa3425aa29f3/glance/8060e450-f5d8-4df6-8522-a931808b3c93" "txc30e4108793d4770a341b-0068e8be8f" "proxy-server 12" 0.0269 "-" 22 0
Oct 10 08:06:39 standalone proxy-server[117958]: 172.18.0.2 ::1 10/Oct/2025/08/06/39 PUT /v1/AUTH_fe4135d9999f4408a96cfa3425aa29f3/glance/8060e450-f5d8-4df6-8522-a931808b3c93 HTTP/1.0 201 - python-swiftclient-3.11.1 gAAAAABo6L6MThr-... - - - txc30e4108793d4770a341b-0068e8be8f - 0.0369 - - 1760083599.191076279 1760083599.227946520 0
Oct 10 08:07:18 standalone container-server[116038]: Begin container update sweep
Oct 10 08:07:18 standalone account-server[116120]: 172.20.0.100 - - [10/Oct/2025:08:07:18 +0000] "PUT /d1/878/AUTH_fe4135d9999f4408a96cfa3425aa29f3/glance" 201 - "-" "-" "container-updater 2" 0.0020 "-" 20 0
Oct 10 08:07:19 standalone container-server[116038]: Container update sweep completed: 0.09s
Oct 10 08:07:40 standalone account-server[116166]: 172.20.0.100 - - [10/Oct/2025:08:07:40 +0000] "HEAD /d1/878/AUTH_fe4135d9999f4408a96cfa3425aa29f3" 204 - "HEAD http://localhost:8080/v1/AUTH_fe4135d9999f4408a96cfa3425aa29f3?format=json" "tx3c888eed9b5d4e99a1559-0068e8becc" "proxy-server 12" 0.0066 "-" 23 -
Oct 10 08:07:40 standalone proxy-server[117958]: - - 10/Oct/2025/08/07/40 HEAD /v1/AUTH_fe4135d9999f4408a96cfa3425aa29f3%3Fformat%3Djson HTTP/1.0 204 - Swift - - - - tx3c888eed9b5d4e99a1559-0068e8becc - 0.0128 RL - 1760083660.964573860 1760083660.977418423 -
Oct 10 08:07:41 standalone container-server[116314]: 172.20.0.100 - - [10/Oct/2025:08:07:41 +0000] "HEAD /d1/720/AUTH_fe4135d9999f4408a96cfa3425aa29f3/glance" 204 - "HEAD http://localhost:8080/v1/AUTH_fe4135d9999f4408a96cfa3425aa29f3/glance?format=json&states=listing" "tx3c888eed9b5d4e99a1559-0068e8becc" "proxy-server 12" 0.0019 "-" 21 0
Oct 10 08:07:41 standalone object-server[116524]: 172.20.0.100 - - [10/Oct/2025:08:07:41 +0000] "GET /d1/634/AUTH_fe4135d9999f4408a96cfa3425aa29f3/glance/8060e450-f5d8-4df6-8522-a931808b3c93" 200 - "GET http://localhost:8080/v1/AUTH_fe4135d9999f4408a96cfa3425aa29f3/glance/8060e450-f5d8-4df6-8522-a931808b3c93" "tx3c888eed9b5d4e99a1559-0068e8becc" "proxy-server 12" 0.0009 "-" 24 0
Oct 10 08:07:41 standalone container-server[116307]: 172.20.0.100 - - [10/Oct/2025:08:07:41 +0000] "GET /d1/720/AUTH_fe4135d9999f4408a96cfa3425aa29f3/glance" 200 210 "GET http://localhost:8080/v1/AUTH_fe4135d9999f4408a96cfa3425aa29f3/glance?prefix=8060e450-f5d8-4df6-8522-a931808b3c93-&format=json&states=listing" "tx3c888eed9b5d4e99a1559-0068e8becc" "proxy-server 12" 0.0048 "-" 19 0
Oct 10 08:07:41 standalone proxy-server[117958]: - - 10/Oct/2025/08/07/41 GET /v1/AUTH_fe4135d9999f4408a96cfa3425aa29f3/glance%3Fprefix%3D8060e450-f5d8-4df6-8522-a931808b3c93-%26format%3Djson%26states%3Dlisting HTTP/1.0 200 - python-swiftclient-3.11.1%20DLO%20MultipartGET gAAAAABo6L7M55xb... - 210 - tx3c888eed9b5d4e99a1559-0068e8becc - 0.0099 DLO - 1760083661.095895052 1760083661.105825901 0
Oct 10 08:07:41 standalone object-server[116524]: 172.20.0.100 - - [10/Oct/2025:08:07:41 +0000] "GET /d1/182/AUTH_fe4135d9999f4408a96cfa3425aa29f3/glance/8060e450-f5d8-4df6-8522-a931808b3c93-00001" 200 21692416 "GET http://localhost:8080/v1/AUTH_fe4135d9999f4408a96cfa3425aa29f3/glance/8060e450-f5d8-4df6-8522-a931808b3c93-00001?multipart-manifest=get" "tx3c888eed9b5d4e99a1559-0068e8becc" "proxy-server 12" 0.0005 "-" 24 0
Oct 10 08:07:41 standalone proxy-server[117958]: - - 10/Oct/2025/08/07/41 GET /v1/AUTH_fe4135d9999f4408a96cfa3425aa29f3/glance/8060e450-f5d8-4df6-8522-a931808b3c93-00001%3Fmultipart-manifest%3Dget HTTP/1.0 200 - python-swiftclient-3.11.1%20%20DLO%20MultipartGET gAAAAABo6L7M55xb... - 21692416 - tx3c888eed9b5d4e99a1559-0068e8becc - 0.0814 DLO - 1760083661.106529474 1760083661.187902212 0
Oct 10 08:07:41 standalone proxy-server[117958]: 172.18.0.2 ::1 10/Oct/2025/08/07/41 GET /v1/AUTH_fe4135d9999f4408a96cfa3425aa29f3/glance/8060e450-f5d8-4df6-8522-a931808b3c93 HTTP/1.0 200 - python-swiftclient-3.11.1 gAAAAABo6L7M55xb... - 21692416 - tx3c888eed9b5d4e99a1559-0068e8becc - 0.2250 - - 1760083660.963330984 1760083661.188367605 0
Oct 10 08:08:39 standalone account-server[116125]: 172.20.0.100 - - [10/Oct/2025:08:08:39 +0000] "HEAD /d1/189/.expiring_objects" 404 - "HEAD http://localhost/v1/.expiring_objects?format=json" "txa5145e0e143b4b8ebcfc8-0068e8bf07" "proxy-server 2" 0.0007 "-" 21 -
Oct 10 08:08:39 standalone object-expirer[116167]: Pass completed in 0s; 0 objects expired (txn: txa5145e0e143b4b8ebcfc8-0068e8bf07)
Oct 10 08:10:59 standalone account-server[116132]: 172.20.0.100 - - [10/Oct/2025:08:10:59 +0000] "HEAD /d1/189/.expiring_objects" 404 - "HEAD http://localhost/v1/.expiring_objects?format=json" "txc027f8fc79ec4d9fad600-0068e8bf93" "proxy-server 2" 0.0008 "-" 22 -
Oct 10 08:10:59 standalone object-expirer[116167]: Pass completed in 0s; 0 objects expired (txn: txc027f8fc79ec4d9fad600-0068e8bf93)
Oct 10 08:11:17 standalone account-server[116132]: 172.20.0.100 - - [10/Oct/2025:08:11:17 +0000] "HEAD /d1/189/.expiring_objects" 404 - "HEAD http://localhost/v1/.expiring_objects?format=json" "tx559ade755a85452eafda9-0068e8bfa5" "proxy-server 2" 0.0007 "-" 22 -
Oct 10 08:11:17 standalone object-expirer[116167]: Pass completed in 0s; 0 objects expired (txn: tx559ade755a85452eafda9-0068e8bfa5)
Oct 10 08:11:35 standalone object-server[116466]: Begin object update sweep
Oct 10 08:11:35 standalone object-server[203748]: Object update sweep starting on /srv/node/d1 (pid: 15)
Oct 10 08:11:35 standalone object-server[203748]: Object update sweep completed on /srv/node/d1 in 0.00s seconds:, 0 successes, 0 failures, 0 quarantines, 0 unlinks, 0 errors, 0 redirects (pid: 15)
Oct 10 08:11:35 standalone object-server[203748]: Object update sweep of d1 completed: 0.00s, 0 successes, 0 failures, 0 quarantines, 0 unlinks, 0 errors, 0 redirects
Oct 10 08:11:35 standalone object-server[116466]: Object update sweep completed: 0.06s
Oct 10 08:12:06 standalone account-server[116120]: 172.20.0.100 - - [10/Oct/2025:08:12:06 +0000] "HEAD /d1/189/.expiring_objects" 404 - "HEAD http://localhost/v1/.expiring_objects?format=json" "txfb445e2ba636492c851e7-0068e8bfd6" "proxy-server 2" 0.0010 "-" 20 -
Oct 10 08:12:06 standalone object-expirer[116167]: Pass completed in 0s; 0 objects expired (txn: txfb445e2ba636492c851e7-0068e8bfd6)
Oct 10 08:12:19 standalone container-server[116038]: Begin container update sweep
Oct 10 08:12:19 standalone container-server[116038]: Container update sweep completed: 0.08s
Oct 10 08:12:57 standalone account-server[116120]: 172.20.0.100 - - [10/Oct/2025:08:12:57 +0000] "HEAD /d1/189/.expiring_objects" 404 - "HEAD http://localhost/v1/.expiring_objects?format=json" "txd57a22928a5a4a04a77f6-0068e8c009" "proxy-server 2" 0.0010 "-" 20 -
Oct 10 08:12:57 standalone object-expirer[116167]: Pass completed in 0s; 0 objects expired (txn: txd57a22928a5a4a04a77f6-0068e8c009)
Oct 10 08:14:44 standalone account-server[116132]: 172.20.0.100 - - [10/Oct/2025:08:14:44 +0000] "HEAD /d1/189/.expiring_objects" 404 - "HEAD http://localhost/v1/.expiring_objects?format=json" "tx6536fef5f810452f84386-0068e8c074" "proxy-server 2" 0.0012 "-" 22 -
Oct 10 08:14:44 standalone object-expirer[116167]: Pass completed in 0s; 0 objects expired (txn: tx6536fef5f810452f84386-0068e8c074)
Oct 10 08:16:35 standalone object-server[116466]: Begin object update sweep
Oct 10 08:16:35 standalone object-server[228367]: Object update sweep starting on /srv/node/d1 (pid: 16)
Oct 10 08:16:35 standalone object-server[228367]: Object update sweep completed on /srv/node/d1 in 0.00s seconds:, 0 successes, 0 failures, 0 quarantines, 0 unlinks, 0 errors, 0 redirects (pid: 16)
Oct 10 08:16:35 standalone object-server[228367]: Object update sweep of d1 completed: 0.00s, 0 successes, 0 failures, 0 quarantines, 0 unlinks, 0 errors, 0 redirects
Oct 10 08:16:35 standalone object-server[116466]: Object update sweep completed: 0.09s
Oct 10 08:17:19 standalone container-server[116038]: Begin container update sweep
Oct 10 08:17:19 standalone container-server[116038]: Container update sweep completed: 0.10s
Oct 10 08:19:22 standalone account-server[116125]: 172.20.0.100 - - [10/Oct/2025:08:19:22 +0000] "HEAD /d1/189/.expiring_objects" 404 - "HEAD http://localhost/v1/.expiring_objects?format=json" "tx98d14cae3d764275abd05-0068e8c18a" "proxy-server 2" 0.0007 "-" 21 -
Oct 10 08:19:22 standalone object-expirer[116167]: Pass completed in 0s; 0 objects expired (txn: tx98d14cae3d764275abd05-0068e8c18a)
Oct 10 08:20:54 standalone account-server[116132]: 172.20.0.5 - - [10/Oct/2025:08:20:54 +0000] "HEAD /d1/573/AUTH_f8ed63db661f490ebd405b58baf33c13" 404 - "HEAD http://swift-public-openstack.apps-crc.testing/v1/AUTH_f8ed63db661f490ebd405b58baf33c13?format=json" "tx578fc78fb2af414a96f14-0068e8c1e6" "proxy-server 12" 0.0009 "-" 22 -
Oct 10 08:20:55 standalone account-server[116132]: 172.20.0.5 - - [10/Oct/2025:08:20:55 +0000] "GET /d1/573/AUTH_f8ed63db661f490ebd405b58baf33c13" 404 - "GET http://swift-public-openstack.apps-crc.testing/v1/AUTH_f8ed63db661f490ebd405b58baf33c13?format=json" "tx578fc78fb2af414a96f14-0068e8c1e6" "proxy-server 12" 0.0006 "-" 22 -
Oct 10 08:21:34 standalone account-server[116132]: 172.20.0.100 - - [10/Oct/2025:08:21:34 +0000] "HEAD /d1/189/.expiring_objects" 404 - "HEAD http://localhost/v1/.expiring_objects?format=json" "txc8d13ad9326843869f333-0068e8c20e" "proxy-server 2" 0.0004 "-" 22 -
Oct 10 08:21:34 standalone object-expirer[116167]: Pass completed in 0s; 0 objects expired (txn: txc8d13ad9326843869f333-0068e8c20e)
Oct 10 08:21:35 standalone object-server[116466]: Begin object update sweep
Oct 10 08:21:35 standalone object-server[247662]: Object update sweep starting on /srv/node/d1 (pid: 17)
Oct 10 08:21:35 standalone object-server[247662]: Object update sweep completed on /srv/node/d1 in 0.00s seconds:, 0 successes, 0 failures, 0 quarantines, 0 unlinks, 0 errors, 0 redirects (pid: 17)
Oct 10 08:21:35 standalone object-server[247662]: Object update sweep of d1 completed: 0.00s, 0 successes, 0 failures, 0 quarantines, 0 unlinks, 0 errors, 0 redirects
Oct 10 08:21:35 standalone object-server[116466]: Object update sweep completed: 0.08s
Oct 10 08:21:58 standalone account-server[116120]: 172.20.0.100 - - [10/Oct/2025:08:21:58 +0000] "HEAD /d1/189/.expiring_objects" 404 - "HEAD http://localhost/v1/.expiring_objects?format=json" "txb53812bbb7b24589842ee-0068e8c226" "proxy-server 2" 0.0006 "-" 20 -
Oct 10 08:21:58 standalone object-expirer[116167]: Pass completed in 0s; 0 objects expired (txn: txb53812bbb7b24589842ee-0068e8c226)
Oct 10 08:22:19 standalone container-server[116038]: Begin container update sweep
Oct 10 08:22:19 standalone container-server[116038]: Container update sweep completed: 0.07s
Oct 10 08:24:05 standalone account-server[116125]: 172.20.0.100 - - [10/Oct/2025:08:24:05 +0000] "HEAD /d1/189/.expiring_objects" 404 - "HEAD http://localhost/v1/.expiring_objects?format=json" "txff452ddca88148ad8398a-0068e8c2a5" "proxy-server 2" 0.0008 "-" 21 -
Oct 10 08:24:05 standalone object-expirer[116167]: Pass completed in 0s; 0 objects expired (txn: txff452ddca88148ad8398a-0068e8c2a5)
Oct 10 08:24:13 standalone account-server[116120]: 172.20.0.100 - - [10/Oct/2025:08:24:13 +0000] "HEAD /d1/189/.expiring_objects" 404 - "HEAD http://localhost/v1/.expiring_objects?format=json" "txc529e77ac92246d6bfb29-0068e8c2ad" "proxy-server 2" 0.0009 "-" 20 -
Oct 10 08:24:13 standalone object-expirer[116167]: Pass completed in 0s; 0 objects expired (txn: txc529e77ac92246d6bfb29-0068e8c2ad)
Oct 10 08:25:03 standalone account-server[116166]: 172.20.0.100 - - [10/Oct/2025:08:25:03 +0000] "HEAD /d1/189/.expiring_objects" 404 - "HEAD http://localhost/v1/.expiring_objects?format=json" "tx13d6573025a54e89983f1-0068e8c2df" "proxy-server 2" 0.0009 "-" 23 -
Oct 10 08:25:03 standalone object-expirer[116167]: Pass completed in 0s; 0 objects expired (txn: tx13d6573025a54e89983f1-0068e8c2df)
Oct 10 08:26:12 standalone account-server[116125]: 172.20.0.100 - - [10/Oct/2025:08:26:12 +0000] "HEAD /d1/189/.expiring_objects" 404 - "HEAD http://localhost/v1/.expiring_objects?format=json" "tx05a951dbe6a445f2aa654-0068e8c324" "proxy-server 2" 0.0008 "-" 21 -
Oct 10 08:26:12 standalone object-expirer[116167]: Pass completed in 0s; 0 objects expired (txn: tx05a951dbe6a445f2aa654-0068e8c324)
Oct 10 08:26:13 standalone account-server[116132]: 172.20.0.100 - - [10/Oct/2025:08:26:13 +0000] "HEAD /d1/189/.expiring_objects" 404 - "HEAD http://localhost/v1/.expiring_objects?format=json" "tx89de54da519d490d852fb-0068e8c325" "proxy-server 2" 0.0006 "-" 22 -
Oct 10 08:26:13 standalone object-expirer[116167]: Pass completed in 0s; 0 objects expired (txn: tx89de54da519d490d852fb-0068e8c325)
Oct 10 08:26:35 standalone object-server[116466]: Begin object update sweep
Oct 10 08:26:35 standalone object-server[266814]: Object update sweep starting on /srv/node/d1 (pid: 18)
Oct 10 08:26:35 standalone object-server[266814]: Object update sweep completed on /srv/node/d1 in 0.00s seconds:, 0 successes, 0 failures, 0 quarantines, 0 unlinks, 0 errors, 0 redirects (pid: 18)
Oct 10 08:26:35 standalone object-server[266814]: Object update sweep of d1 completed: 0.00s, 0 successes, 0 failures, 0 quarantines, 0 unlinks, 0 errors, 0 redirects
Oct 10 08:26:35 standalone object-server[116466]: Object update sweep completed: 0.08s
Oct 10 08:27:19 standalone container-server[116038]: Begin container update sweep
Oct 10 08:27:19 standalone container-server[116038]: Container update sweep completed: 0.07s
Oct 10 08:29:01 standalone account-server[116166]: 172.20.0.100 - - [10/Oct/2025:08:29:01 +0000] "HEAD /d1/189/.expiring_objects" 404 - "HEAD http://localhost/v1/.expiring_objects?format=json" "tx8c05306ed58840e19b9e6-0068e8c3cd" "proxy-server 2" 0.0007 "-" 23 -
Oct 10 08:29:01 standalone object-expirer[116167]: Pass completed in 0s; 0 objects expired (txn: tx8c05306ed58840e19b9e6-0068e8c3cd)
Oct 10 08:31:35 standalone object-server[116466]: Begin object update sweep
Oct 10 08:31:35 standalone object-server[286291]: Object update sweep starting on /srv/node/d1 (pid: 19)
Oct 10 08:31:35 standalone object-server[286291]: Object update sweep completed on /srv/node/d1 in 0.00s seconds:, 0 successes, 0 failures, 0 quarantines, 0 unlinks, 0 errors, 0 redirects (pid: 19)
Oct 10 08:31:35 standalone object-server[286291]: Object update sweep of d1 completed: 0.00s, 0 successes, 0 failures, 0 quarantines, 0 unlinks, 0 errors, 0 redirects
Oct 10 08:31:35 standalone object-server[116466]: Object update sweep completed: 0.06s
Oct 10 08:32:09 standalone account-server[116120]: 172.20.0.100 - - [10/Oct/2025:08:32:09 +0000] "HEAD /d1/189/.expiring_objects" 404 - "HEAD http://localhost/v1/.expiring_objects?format=json" "txa4282d87acd5479baaede-0068e8c489" "proxy-server 2" 0.0003 "-" 20 -
Oct 10 08:32:09 standalone object-expirer[116167]: Pass completed in 0s; 0 objects expired (txn: txa4282d87acd5479baaede-0068e8c489)
Oct 10 08:32:17 standalone account-server[116132]: 172.20.0.5 - - [10/Oct/2025:08:32:17 +0000] "HEAD /d1/319/AUTH_0c5873fc83ad4544b6c97e46d560900f" 404 - "HEAD http://swift-internal.openstack.svc:8080/v1/AUTH_0c5873fc83ad4544b6c97e46d560900f?format=json" "tx191ddeded0e94eed8c382-0068e8c491" "proxy-server 13" 0.0009 "-" 22 -
Oct 10 08:32:18 standalone account-server[116166]: 172.20.0.5 - - [10/Oct/2025:08:32:18 +0000] "HEAD /d1/319/AUTH_0c5873fc83ad4544b6c97e46d560900f" 404 - "HEAD http://swift-internal.openstack.svc:8080/v1/AUTH_0c5873fc83ad4544b6c97e46d560900f?format=json" "tx191ddeded0e94eed8c382-0068e8c491" "proxy-server 13" 0.0005 "-" 23 -
Oct 10 08:32:18 standalone account-server[116125]: 172.20.0.5 - - [10/Oct/2025:08:32:18 +0000] "HEAD /d1/94/AUTH_f23bde6d102444fdb53f16d2ea2524a0" 404 - "HEAD http://swift-internal.openstack.svc:8080/v1/AUTH_f23bde6d102444fdb53f16d2ea2524a0?format=json" "tx84cef46fc7094e238dd83-0068e8c492" "proxy-server 15" 0.0005 "-" 21 -
Oct 10 08:32:19 standalone account-server[116132]: 172.20.0.5 - - [10/Oct/2025:08:32:19 +0000] "HEAD /d1/94/AUTH_f23bde6d102444fdb53f16d2ea2524a0" 404 - "HEAD http://swift-internal.openstack.svc:8080/v1/AUTH_f23bde6d102444fdb53f16d2ea2524a0?format=json" "tx84cef46fc7094e238dd83-0068e8c492" "proxy-server 15" 0.0005 "-" 22 -
Oct 10 08:32:19 standalone account-server[116166]: 172.20.0.5 - - [10/Oct/2025:08:32:19 +0000] "HEAD /d1/573/AUTH_f8ed63db661f490ebd405b58baf33c13" 404 - "HEAD http://swift-internal.openstack.svc:8080/v1/AUTH_f8ed63db661f490ebd405b58baf33c13?format=json" "tx30844ef964ea4fa89ab79-0068e8c493" "proxy-server 10" 0.0005 "-" 23 -
Oct 10 08:32:19 standalone container-server[116038]: Begin container update sweep
Oct 10 08:32:19 standalone container-server[116038]: Container update sweep completed: 0.09s
Oct 10 08:32:19 standalone account-server[116166]: 172.20.0.5 - - [10/Oct/2025:08:32:19 +0000] "HEAD /d1/573/AUTH_f8ed63db661f490ebd405b58baf33c13" 404 - "HEAD http://swift-internal.openstack.svc:8080/v1/AUTH_f8ed63db661f490ebd405b58baf33c13?format=json" "tx30844ef964ea4fa89ab79-0068e8c493" "proxy-server 10" 0.0005 "-" 23 -
Oct 10 08:32:19 standalone account-server[116125]: 172.20.0.5 - - [10/Oct/2025:08:32:19 +0000] "HEAD /d1/878/AUTH_fe4135d9999f4408a96cfa3425aa29f3" 204 - "HEAD http://swift-internal.openstack.svc:8080/v1/AUTH_fe4135d9999f4408a96cfa3425aa29f3?format=json" "tx2f3fe7c695154346a10ee-0068e8c493" "proxy-server 10" 0.0015 "-" 21 -
Oct 10 08:32:19 standalone account-server[116132]: 172.20.0.5 - - [10/Oct/2025:08:32:19 +0000] "HEAD /d1/878/AUTH_fe4135d9999f4408a96cfa3425aa29f3" 204 - "HEAD http://swift-internal.openstack.svc:8080/v1/AUTH_fe4135d9999f4408a96cfa3425aa29f3?format=json" "tx2f3fe7c695154346a10ee-0068e8c493" "proxy-server 10" 0.0023 "-" 22 -
Oct 10 08:32:19 standalone account-server[116132]: 172.20.0.5 - - [10/Oct/2025:08:32:19 +0000] "GET /d1/319/AUTH_0c5873fc83ad4544b6c97e46d560900f" 404 - "GET http://swift-internal.openstack.svc:8080/v1/AUTH_0c5873fc83ad4544b6c97e46d560900f?format=json" "txfa1673f0596f4deda3793-0068e8c493" "proxy-server 10" 0.0005 "-" 22 -
Oct 10 08:32:19 standalone account-server[116132]: 172.20.0.5 - - [10/Oct/2025:08:32:19 +0000] "GET /d1/94/AUTH_f23bde6d102444fdb53f16d2ea2524a0" 404 - "GET http://swift-internal.openstack.svc:8080/v1/AUTH_f23bde6d102444fdb53f16d2ea2524a0?format=json" "tx3177d2f1fed0447aaff49-0068e8c493" "proxy-server 10" 0.0003 "-" 22 -
Oct 10 08:32:19 standalone account-server[116120]: 172.20.0.5 - - [10/Oct/2025:08:32:19 +0000] "GET /d1/573/AUTH_f8ed63db661f490ebd405b58baf33c13" 404 - "GET http://swift-internal.openstack.svc:8080/v1/AUTH_f8ed63db661f490ebd405b58baf33c13?format=json" "txa422c781b60a49df803be-0068e8c493" "proxy-server 10" 0.0005 "-" 20 -
Oct 10 08:32:19 standalone account-server[116166]: 172.20.0.5 - - [10/Oct/2025:08:32:19 +0000] "GET /d1/878/AUTH_fe4135d9999f4408a96cfa3425aa29f3" 200 98 "GET http://swift-internal.openstack.svc:8080/v1/AUTH_fe4135d9999f4408a96cfa3425aa29f3?format=json" "txe20e61c5a15147529813c-0068e8c493" "proxy-server 15" 0.0034 "-" 23 -
Oct 10 08:32:59 standalone account-server[116166]: 172.20.0.5 - - [10/Oct/2025:08:32:59 +0000] "HEAD /d1/319/AUTH_0c5873fc83ad4544b6c97e46d560900f" 404 - "HEAD http://swift-internal.openstack.svc:8080/v1/AUTH_0c5873fc83ad4544b6c97e46d560900f?format=json" "tx54b7cfe3323c4e22b31a8-0068e8c4bb" "proxy-server 15" 0.0005 "-" 23 -
Oct 10 08:32:59 standalone account-server[116166]: 172.20.0.5 - - [10/Oct/2025:08:32:59 +0000] "HEAD /d1/94/AUTH_f23bde6d102444fdb53f16d2ea2524a0" 404 - "HEAD http://swift-internal.openstack.svc:8080/v1/AUTH_f23bde6d102444fdb53f16d2ea2524a0?format=json" "tx7af7ae91de3248f39fb65-0068e8c4bb" "proxy-server 6" 0.0008 "-" 23 -
Oct 10 08:33:00 standalone account-server[116125]: 172.20.0.5 - - [10/Oct/2025:08:33:00 +0000] "HEAD /d1/573/AUTH_f8ed63db661f490ebd405b58baf33c13" 404 - "HEAD http://swift-internal.openstack.svc:8080/v1/AUTH_f8ed63db661f490ebd405b58baf33c13?format=json" "tx978a5f11d9f74c6e82491-0068e8c4bc" "proxy-server 10" 0.0005 "-" 21 -
Oct 10 08:33:01 standalone account-server[116132]: 172.20.0.5 - - [10/Oct/2025:08:33:01 +0000] "HEAD /d1/878/AUTH_fe4135d9999f4408a96cfa3425aa29f3" 204 - "HEAD http://swift-internal.openstack.svc:8080/v1/AUTH_fe4135d9999f4408a96cfa3425aa29f3?format=json" "txe7a2ffe1b9804ceb96609-0068e8c4bc" "proxy-server 7" 0.0022 "-" 22 -
Oct 10 08:33:02 standalone account-server[116125]: 172.20.0.5 - - [10/Oct/2025:08:33:02 +0000] "GET /d1/319/AUTH_0c5873fc83ad4544b6c97e46d560900f" 404 - "GET http://swift-internal.openstack.svc:8080/v1/AUTH_0c5873fc83ad4544b6c97e46d560900f?format=json" "txd375f00b00ba4fd68340c-0068e8c4be" "proxy-server 15" 0.0007 "-" 21 -
Oct 10 08:33:02 standalone account-server[116125]: 172.20.0.5 - - [10/Oct/2025:08:33:02 +0000] "GET /d1/94/AUTH_f23bde6d102444fdb53f16d2ea2524a0" 404 - "GET http://swift-internal.openstack.svc:8080/v1/AUTH_f23bde6d102444fdb53f16d2ea2524a0?format=json" "tx83e8a820955f414dbbf1a-0068e8c4be" "proxy-server 15" 0.0006 "-" 21 -
Oct 10 08:33:03 standalone account-server[116166]: 172.20.0.5 - - [10/Oct/2025:08:33:03 +0000] "GET /d1/573/AUTH_f8ed63db661f490ebd405b58baf33c13" 404 - "GET http://swift-internal.openstack.svc:8080/v1/AUTH_f8ed63db661f490ebd405b58baf33c13?format=json" "tx130adfcce8f44ab7a3f19-0068e8c4bf" "proxy-server 7" 0.0003 "-" 23 -
Oct 10 08:33:03 standalone account-server[116125]: 172.20.0.5 - - [10/Oct/2025:08:33:03 +0000] "GET /d1/878/AUTH_fe4135d9999f4408a96cfa3425aa29f3" 200 98 "GET http://swift-internal.openstack.svc:8080/v1/AUTH_fe4135d9999f4408a96cfa3425aa29f3?format=json" "tx6fe36005eba94b95956a9-0068e8c4bf" "proxy-server 15" 0.0016 "-" 21 -
Oct 10 08:33:07 standalone account-server[116120]: 172.20.0.5 - - [10/Oct/2025:08:33:07 +0000] "GET /d1/319/AUTH_0c5873fc83ad4544b6c97e46d560900f" 404 - "GET http://swift-internal.openstack.svc:8080/v1/AUTH_0c5873fc83ad4544b6c97e46d560900f?format=json" "tx586a9798a37b4e1fa65cb-0068e8c4c3" "proxy-server 7" 0.0011 "-" 20 -
Oct 10 08:33:08 standalone account-server[116166]: 172.20.0.5 - - [10/Oct/2025:08:33:08 +0000] "GET /d1/94/AUTH_f23bde6d102444fdb53f16d2ea2524a0" 404 - "GET http://swift-internal.openstack.svc:8080/v1/AUTH_f23bde6d102444fdb53f16d2ea2524a0?format=json" "tx4fb3a606df7346af97c18-0068e8c4c3" "proxy-server 6" 0.0004 "-" 23 -
Oct 10 08:33:08 standalone account-server[116120]: 172.20.0.5 - - [10/Oct/2025:08:33:08 +0000] "GET /d1/573/AUTH_f8ed63db661f490ebd405b58baf33c13" 404 - "GET http://swift-internal.openstack.svc:8080/v1/AUTH_f8ed63db661f490ebd405b58baf33c13?format=json" "tx68c523d714464ca88fa4f-0068e8c4c4" "proxy-server 15" 0.0008 "-" 20 -
Oct 10 08:33:08 standalone account-server[116166]: 172.20.0.5 - - [10/Oct/2025:08:33:08 +0000] "GET /d1/878/AUTH_fe4135d9999f4408a96cfa3425aa29f3" 200 98 "GET http://swift-internal.openstack.svc:8080/v1/AUTH_fe4135d9999f4408a96cfa3425aa29f3?format=json" "tx5016c90a4ab940cf9634d-0068e8c4c4" "proxy-server 10" 0.0020 "-" 23 -
Oct 10 08:33:09 standalone account-server[116166]: 172.20.0.5 - - [10/Oct/2025:08:33:09 +0000] "HEAD /d1/319/AUTH_0c5873fc83ad4544b6c97e46d560900f" 404 - "HEAD http://swift-internal.openstack.svc:8080/v1/AUTH_0c5873fc83ad4544b6c97e46d560900f?format=json" "tx01df16227a964b1ea77aa-0068e8c4c5" "proxy-server 15" 0.0008 "-" 23 -
Oct 10 08:33:09 standalone account-server[116132]: 172.20.0.5 - - [10/Oct/2025:08:33:09 +0000] "HEAD /d1/94/AUTH_f23bde6d102444fdb53f16d2ea2524a0" 404 - "HEAD http://swift-internal.openstack.svc:8080/v1/AUTH_f23bde6d102444fdb53f16d2ea2524a0?format=json" "txda2a77638799486e8e732-0068e8c4c5" "proxy-server 15" 0.0004 "-" 22 -
Oct 10 08:33:09 standalone account-server[116125]: 172.20.0.5 - - [10/Oct/2025:08:33:09 +0000] "HEAD /d1/573/AUTH_f8ed63db661f490ebd405b58baf33c13" 404 - "HEAD http://swift-internal.openstack.svc:8080/v1/AUTH_f8ed63db661f490ebd405b58baf33c13?format=json" "txf8f34a61199a428298198-0068e8c4c5" "proxy-server 10" 0.0005 "-" 21 -
Oct 10 08:33:09 standalone account-server[116125]: 172.20.0.5 - - [10/Oct/2025:08:33:09 +0000] "HEAD /d1/878/AUTH_fe4135d9999f4408a96cfa3425aa29f3" 204 - "HEAD http://swift-internal.openstack.svc:8080/v1/AUTH_fe4135d9999f4408a96cfa3425aa29f3?format=json" "tx68c8cd05e34c4614b245e-0068e8c4c5" "proxy-server 10" 0.0025 "-" 21 -
Oct 10 08:36:36 standalone object-server[116466]: Begin object update sweep
Oct 10 08:36:36 standalone object-server[300929]: Object update sweep starting on /srv/node/d1 (pid: 20)
Oct 10 08:36:36 standalone object-server[300929]: Object update sweep completed on /srv/node/d1 in 0.00s seconds:, 0 successes, 0 failures, 0 quarantines, 0 unlinks, 0 errors, 0 redirects (pid: 20)
Oct 10 08:36:36 standalone object-server[300929]: Object update sweep of d1 completed: 0.00s, 0 successes, 0 failures, 0 quarantines, 0 unlinks, 0 errors, 0 redirects
Oct 10 08:36:36 standalone object-server[116466]: Object update sweep completed: 0.07s
Oct 10 08:36:51 standalone account-server[116125]: 172.20.0.100 - - [10/Oct/2025:08:36:51 +0000] "HEAD /d1/189/.expiring_objects" 404 - "HEAD http://localhost/v1/.expiring_objects?format=json" "tx688dd0af7edd42c492634-0068e8c5a3" "proxy-server 2" 0.0015 "-" 21 -
Oct 10 08:36:51 standalone object-expirer[116167]: Pass completed in 0s; 0 objects expired (txn: tx688dd0af7edd42c492634-0068e8c5a3)
Oct 10 08:37:19 standalone container-server[116038]: Begin container update sweep
Oct 10 08:37:19 standalone container-server[116038]: Container update sweep completed: 0.08s
Oct 10 08:38:08 standalone account-server[116166]: 172.20.0.5 - - [10/Oct/2025:08:38:08 +0000] "HEAD /d1/319/AUTH_0c5873fc83ad4544b6c97e46d560900f" 404 - "HEAD http://swift-internal.openstack.svc:8080/v1/AUTH_0c5873fc83ad4544b6c97e46d560900f?format=json" "txf08f84a7a6b8429e8ce73-0068e8c5f0" "proxy-server 5" 0.0008 "-" 23 -
Oct 10 08:38:08 standalone account-server[116125]: 172.20.0.5 - - [10/Oct/2025:08:38:08 +0000] "HEAD /d1/319/AUTH_0c5873fc83ad4544b6c97e46d560900f" 404 - "HEAD http://swift-internal.openstack.svc:8080/v1/AUTH_0c5873fc83ad4544b6c97e46d560900f?format=json" "txf08f84a7a6b8429e8ce73-0068e8c5f0" "proxy-server 5" 0.0004 "-" 21 -
Oct 10 08:38:08 standalone account-server[116120]: 172.20.0.5 - - [10/Oct/2025:08:38:08 +0000] "HEAD /d1/94/AUTH_f23bde6d102444fdb53f16d2ea2524a0" 404 - "HEAD http://swift-internal.openstack.svc:8080/v1/AUTH_f23bde6d102444fdb53f16d2ea2524a0?format=json" "txd6d815cb882d4ed29a5d5-0068e8c5f0" "proxy-server 10" 0.0010 "-" 20 -
Oct 10 08:38:08 standalone account-server[116166]: 172.20.0.5 - - [10/Oct/2025:08:38:08 +0000] "HEAD /d1/94/AUTH_f23bde6d102444fdb53f16d2ea2524a0" 404 - "HEAD http://swift-internal.openstack.svc:8080/v1/AUTH_f23bde6d102444fdb53f16d2ea2524a0?format=json" "txd6d815cb882d4ed29a5d5-0068e8c5f0" "proxy-server 10" 0.0006 "-" 23 -
Oct 10 08:38:08 standalone account-server[116132]: 172.20.0.5 - - [10/Oct/2025:08:38:08 +0000] "HEAD /d1/573/AUTH_f8ed63db661f490ebd405b58baf33c13" 404 - "HEAD http://swift-internal.openstack.svc:8080/v1/AUTH_f8ed63db661f490ebd405b58baf33c13?format=json" "tx4e5a9c7bed4c4d89944da-0068e8c5f0" "proxy-server 10" 0.0006 "-" 22 -
Oct 10 08:38:08 standalone account-server[116120]: 172.20.0.5 - - [10/Oct/2025:08:38:08 +0000] "HEAD /d1/573/AUTH_f8ed63db661f490ebd405b58baf33c13" 404 - "HEAD http://swift-internal.openstack.svc:8080/v1/AUTH_f8ed63db661f490ebd405b58baf33c13?format=json" "tx4e5a9c7bed4c4d89944da-0068e8c5f0" "proxy-server 10" 0.0007 "-" 20 -
Oct 10 08:38:08 standalone account-server[116120]: 172.20.0.5 - - [10/Oct/2025:08:38:08 +0000] "HEAD /d1/878/AUTH_fe4135d9999f4408a96cfa3425aa29f3" 204 - "HEAD http://swift-internal.openstack.svc:8080/v1/AUTH_fe4135d9999f4408a96cfa3425aa29f3?format=json" "txb02d03bf677e4831aeab7-0068e8c5f0" "proxy-server 10" 0.0040 "-" 20 -
Oct 10 08:38:08 standalone account-server[116125]: 172.20.0.5 - - [10/Oct/2025:08:38:08 +0000] "HEAD /d1/878/AUTH_fe4135d9999f4408a96cfa3425aa29f3" 204 - "HEAD http://swift-internal.openstack.svc:8080/v1/AUTH_fe4135d9999f4408a96cfa3425aa29f3?format=json" "txb02d03bf677e4831aeab7-0068e8c5f0" "proxy-server 10" 0.0031 "-" 21 -
Oct 10 08:38:09 standalone account-server[116120]: 172.20.0.5 - - [10/Oct/2025:08:38:09 +0000] "GET /d1/319/AUTH_0c5873fc83ad4544b6c97e46d560900f" 404 - "GET http://swift-internal.openstack.svc:8080/v1/AUTH_0c5873fc83ad4544b6c97e46d560900f?format=json" "txb50ecf158b644c2dbe8fb-0068e8c5f1" "proxy-server 6" 0.0005 "-" 20 -
Oct 10 08:38:09 standalone account-server[116166]: 172.20.0.5 - - [10/Oct/2025:08:38:09 +0000] "GET /d1/94/AUTH_f23bde6d102444fdb53f16d2ea2524a0" 404 - "GET http://swift-internal.openstack.svc:8080/v1/AUTH_f23bde6d102444fdb53f16d2ea2524a0?format=json" "tx6f27eeaf7034434aa66f2-0068e8c5f1" "proxy-server 10" 0.0005 "-" 23 -
