2025-10-14 07:34:00.965 16 DEBUG neutron.wsgi [-] (16) accepted ('192.168.122.100', 60570) server /usr/lib/python3.9/site-packages/eventlet/wsgi.py:992
2025-10-14 07:34:00.968 16 INFO neutron.wsgi [-] 192.168.122.100 "GET /healthcheck HTTP/1.0" status: 200 len: 137 time: 0.0017188
2025-10-14 07:34:02.969 15 DEBUG neutron.wsgi [-] (15) accepted ('192.168.122.100', 60584) server /usr/lib/python3.9/site-packages/eventlet/wsgi.py:992
2025-10-14 07:34:02.973 15 INFO neutron.wsgi [-] 192.168.122.100 "GET /healthcheck HTTP/1.0" status: 200 len: 137 time: 0.0026152
2025-10-14 07:34:04.974 16 DEBUG neutron.wsgi [-] (16) accepted ('192.168.122.100', 60588) server /usr/lib/python3.9/site-packages/eventlet/wsgi.py:992
2025-10-14 07:34:04.976 16 INFO neutron.wsgi [-] 192.168.122.100 "GET /healthcheck HTTP/1.0" status: 200 len: 137 time: 0.0013564
2025-10-14 07:34:06.977 15 DEBUG neutron.wsgi [-] (15) accepted ('192.168.122.100', 52134) server /usr/lib/python3.9/site-packages/eventlet/wsgi.py:992
2025-10-14 07:34:06.981 15 INFO neutron.wsgi [-] 192.168.122.100 "GET /healthcheck HTTP/1.0" status: 200 len: 137 time: 0.0025344
2025-10-14 07:34:08.982 15 DEBUG neutron.wsgi [-] (15) accepted ('192.168.122.100', 52142) server /usr/lib/python3.9/site-packages/eventlet/wsgi.py:992
2025-10-14 07:34:08.984 15 INFO neutron.wsgi [-] 192.168.122.100 "GET /healthcheck HTTP/1.0" status: 200 len: 137 time: 0.0014143
2025-10-14 07:34:10.985 15 DEBUG neutron.wsgi [-] (15) accepted ('192.168.122.100', 52156) server /usr/lib/python3.9/site-packages/eventlet/wsgi.py:992
2025-10-14 07:34:10.987 15 INFO neutron.wsgi [-] 192.168.122.100 "GET /healthcheck HTTP/1.0" status: 200 len: 137 time: 0.0014935
2025-10-14 07:34:12.987 17 DEBUG neutron.wsgi [-] (17) accepted ('192.168.122.100', 52164) server /usr/lib/python3.9/site-packages/eventlet/wsgi.py:992
2025-10-14 07:34:12.989 17 INFO neutron.wsgi [-] 192.168.122.100 "GET /healthcheck HTTP/1.0" status: 200 len: 137 time: 0.0015662
2025-10-14 07:34:14.991 18 DEBUG neutron.wsgi [-] (18) accepted ('192.168.122.100', 52166) server /usr/lib/python3.9/site-packages/eventlet/wsgi.py:992
2025-10-14 07:34:14.994 18 INFO neutron.wsgi [-] 192.168.122.100 "GET /healthcheck HTTP/1.0" status: 200 len: 137 time: 0.0017300
2025-10-14 07:34:16.995 16 DEBUG neutron.wsgi [-] (16) accepted ('192.168.122.100', 50310) server /usr/lib/python3.9/site-packages/eventlet/wsgi.py:992
2025-10-14 07:34:16.997 16 INFO neutron.wsgi [-] 192.168.122.100 "GET /healthcheck HTTP/1.0" status: 200 len: 137 time: 0.0013194
2025-10-14 07:34:18.998 18 DEBUG neutron.wsgi [-] (18) accepted ('192.168.122.100', 50320) server /usr/lib/python3.9/site-packages/eventlet/wsgi.py:992
2025-10-14 07:34:19.002 18 INFO neutron.wsgi [-] 192.168.122.100 "GET /healthcheck HTTP/1.0" status: 200 len: 137 time: 0.0025141
2025-10-14 07:34:21.002 17 DEBUG neutron.wsgi [-] (17) accepted ('192.168.122.100', 50332) server /usr/lib/python3.9/site-packages/eventlet/wsgi.py:992
2025-10-14 07:34:21.004 17 INFO neutron.wsgi [-] 192.168.122.100 "GET /healthcheck HTTP/1.0" status: 200 len: 137 time: 0.0013015
2025-10-14 07:34:22.442 22 DEBUG neutron_lib.callbacks.manager [req-e6fb847e-5159-4f2d-98fd-36ef5df06429 - - - - -] Notify callbacks ['neutron.services.segments.db._update_segment_host_mapping_for_agent-8783846264926', 'neutron.plugins.ml2.plugin.Ml2Plugin._retry_binding_revived_agents-1446802'] for agent, after_update _notify_loop /usr/lib/python3.9/site-packages/neutron_lib/callbacks/manager.py:200
2025-10-14 07:34:22.779 19 DEBUG neutron_lib.callbacks.manager [req-25d0a3ee-aa2f-4e64-9048-c3e79aaeabd4 - - - - -] Notify callbacks ['neutron.services.segments.db._update_segment_host_mapping_for_agent-8783846264926', 'neutron.plugins.ml2.plugin.Ml2Plugin._retry_binding_revived_agents-1446802'] for agent, after_update _notify_loop /usr/lib/python3.9/site-packages/neutron_lib/callbacks/manager.py:200
2025-10-14 07:34:23.005 15 DEBUG neutron.wsgi [-] (15) accepted ('192.168.122.100', 50336) server /usr/lib/python3.9/site-packages/eventlet/wsgi.py:992
2025-10-14 07:34:23.009 15 INFO neutron.wsgi [-] 192.168.122.100 "GET /healthcheck HTTP/1.0" status: 200 len: 137 time: 0.0028524
2025-10-14 07:34:25.010 16 DEBUG neutron.wsgi [-] (16) accepted ('192.168.122.100', 50350) server /usr/lib/python3.9/site-packages/eventlet/wsgi.py:992
2025-10-14 07:34:25.012 16 INFO neutron.wsgi [-] 192.168.122.100 "GET /healthcheck HTTP/1.0" status: 200 len: 137 time: 0.0012424
2025-10-14 07:34:27.014 16 DEBUG neutron.wsgi [-] (16) accepted ('192.168.122.100', 60124) server /usr/lib/python3.9/site-packages/eventlet/wsgi.py:992
2025-10-14 07:34:27.017 16 INFO neutron.wsgi [-] 192.168.122.100 "GET /healthcheck HTTP/1.0" status: 200 len: 137 time: 0.0023713
2025-10-14 07:34:28.607 21 DEBUG neutron_lib.callbacks.manager [req-3242208e-f413-4444-9f29-f36da9350005 - - - - -] Notify callbacks ['neutron.services.segments.db._update_segment_host_mapping_for_agent-8783846264926', 'neutron.plugins.ml2.plugin.Ml2Plugin._retry_binding_revived_agents-1446802'] for agent, after_update _notify_loop /usr/lib/python3.9/site-packages/neutron_lib/callbacks/manager.py:200
2025-10-14 07:34:29.018 16 DEBUG neutron.wsgi [-] (16) accepted ('192.168.122.100', 60130) server /usr/lib/python3.9/site-packages/eventlet/wsgi.py:992
2025-10-14 07:34:29.022 16 INFO neutron.wsgi [-] 192.168.122.100 "GET /healthcheck HTTP/1.0" status: 200 len: 137 time: 0.0025251
2025-10-14 07:34:30.262 15 DEBUG neutron.wsgi [-] (15) accepted ('192.168.122.100', 60132) server /usr/lib/python3.9/site-packages/eventlet/wsgi.py:992
2025-10-14 07:34:30.264 15 INFO neutron.wsgi [-] 192.168.122.100 "GET / HTTP/1.1" status: 200 len: 233 time: 0.0013952
2025-10-14 07:34:31.024 16 DEBUG neutron.wsgi [-] (16) accepted ('192.168.122.100', 60136) server /usr/lib/python3.9/site-packages/eventlet/wsgi.py:992
2025-10-14 07:34:31.027 16 INFO neutron.wsgi [-] 192.168.122.100 "GET /healthcheck HTTP/1.0" status: 200 len: 137 time: 0.0024085
2025-10-14 07:34:33.028 17 DEBUG neutron.wsgi [-] (17) accepted ('192.168.122.100', 60150) server /usr/lib/python3.9/site-packages/eventlet/wsgi.py:992
2025-10-14 07:34:33.033 17 INFO neutron.wsgi [-] 192.168.122.100 "GET /healthcheck HTTP/1.0" status: 200 len: 137 time: 0.0031939
2025-10-14 07:34:35.034 16 DEBUG neutron.wsgi [-] (16) accepted ('192.168.122.100', 60156) server /usr/lib/python3.9/site-packages/eventlet/wsgi.py:992
2025-10-14 07:34:35.038 16 INFO neutron.wsgi [-] 192.168.122.100 "GET /healthcheck HTTP/1.0" status: 200 len: 137 time: 0.0025225
2025-10-14 07:34:37.039 16 DEBUG neutron.wsgi [-] (16) accepted ('192.168.122.100', 49628) server /usr/lib/python3.9/site-packages/eventlet/wsgi.py:992
2025-10-14 07:34:37.043 16 INFO neutron.wsgi [-] 192.168.122.100 "GET /healthcheck HTTP/1.0" status: 200 len: 137 time: 0.0027046
2025-10-14 07:34:39.044 16 DEBUG neutron.wsgi [-] (16) accepted ('192.168.122.100', 49630) server /usr/lib/python3.9/site-packages/eventlet/wsgi.py:992
2025-10-14 07:34:39.048 16 INFO neutron.wsgi [-] 192.168.122.100 "GET /healthcheck HTTP/1.0" status: 200 len: 137 time: 0.0024714
2025-10-14 07:34:41.049 17 DEBUG neutron.wsgi [-] (17) accepted ('192.168.122.100', 49632) server /usr/lib/python3.9/site-packages/eventlet/wsgi.py:992
2025-10-14 07:34:41.053 17 INFO neutron.wsgi [-] 192.168.122.100 "GET /healthcheck HTTP/1.0" status: 200 len: 137 time: 0.0025227
2025-10-14 07:34:43.055 16 DEBUG neutron.wsgi [-] (16) accepted ('192.168.122.100', 49642) server /usr/lib/python3.9/site-packages/eventlet/wsgi.py:992
2025-10-14 07:34:43.059 16 INFO neutron.wsgi [-] 192.168.122.100 "GET /healthcheck HTTP/1.0" status: 200 len: 137 time: 0.0025413
2025-10-14 07:34:45.060 15 DEBUG neutron.wsgi [-] (15) accepted ('192.168.122.100', 49658) server /usr/lib/python3.9/site-packages/eventlet/wsgi.py:992
2025-10-14 07:34:45.062 15 INFO neutron.wsgi [-] 192.168.122.100 "GET /healthcheck HTTP/1.0" status: 200 len: 137 time: 0.0013094
2025-10-14 07:34:47.063 15 DEBUG neutron.wsgi [-] (15) accepted ('192.168.122.100', 40864) server /usr/lib/python3.9/site-packages/eventlet/wsgi.py:992
2025-10-14 07:34:47.067 15 INFO neutron.wsgi [-] 192.168.122.100 "GET /healthcheck HTTP/1.0" status: 200 len: 137 time: 0.0027416
2025-10-14 07:34:49.067 17 DEBUG neutron.wsgi [-] (17) accepted ('192.168.122.100', 40876) server /usr/lib/python3.9/site-packages/eventlet/wsgi.py:992
2025-10-14 07:34:49.069 17 INFO neutron.wsgi [-] 192.168.122.100 "GET /healthcheck HTTP/1.0" status: 200 len: 137 time: 0.0012639
2025-10-14 07:34:51.070 17 DEBUG neutron.wsgi [-] (17) accepted ('192.168.122.100', 40888) server /usr/lib/python3.9/site-packages/eventlet/wsgi.py:992
2025-10-14 07:34:51.072 17 INFO neutron.wsgi [-] 192.168.122.100 "GET /healthcheck HTTP/1.0" status: 200 len: 137 time: 0.0013018
2025-10-14 07:34:53.073 16 DEBUG neutron.wsgi [-] (16) accepted ('192.168.122.100', 40894) server /usr/lib/python3.9/site-packages/eventlet/wsgi.py:992
2025-10-14 07:34:53.075 16 INFO neutron.wsgi [-] 192.168.122.100 "GET /healthcheck HTTP/1.0" status: 200 len: 137 time: 0.0013266
2025-10-14 07:34:55.075 16 DEBUG neutron.wsgi [-] (16) accepted ('192.168.122.100', 40906) server /usr/lib/python3.9/site-packages/eventlet/wsgi.py:992
2025-10-14 07:34:55.077 16 INFO neutron.wsgi [-] 192.168.122.100 "GET /healthcheck HTTP/1.0" status: 200 len: 137 time: 0.0013924
2025-10-14 07:34:57.078 18 DEBUG neutron.wsgi [-] (18) accepted ('192.168.122.100', 54876) server /usr/lib/python3.9/site-packages/eventlet/wsgi.py:992
2025-10-14 07:34:57.080 18 INFO neutron.wsgi [-] 192.168.122.100 "GET /healthcheck HTTP/1.0" status: 200 len: 137 time: 0.0014856
2025-10-14 07:34:58.470 24 DEBUG neutron.db.agents_db [req-9c8dc19e-e3ae-4766-a93e-b350b0f39719 - - - - -] Agent healthcheck: found 3 active agents agent_health_check /usr/lib/python3.9/site-packages/neutron/db/agents_db.py:328
2025-10-14 07:34:59.082 17 DEBUG neutron.wsgi [-] (17) accepted ('192.168.122.100', 54878) server /usr/lib/python3.9/site-packages/eventlet/wsgi.py:992
2025-10-14 07:34:59.085 17 INFO neutron.wsgi [-] 192.168.122.100 "GET /healthcheck HTTP/1.0" status: 200 len: 137 time: 0.0018077
2025-10-14 07:35:01.086 17 DEBUG neutron.wsgi [-] (17) accepted ('192.168.122.100', 54890) server /usr/lib/python3.9/site-packages/eventlet/wsgi.py:992
2025-10-14 07:35:01.089 17 INFO neutron.wsgi [-] 192.168.122.100 "GET /healthcheck HTTP/1.0" status: 200 len: 137 time: 0.0017848
2025-10-14 07:35:01.139 17 DEBUG neutron.wsgi [-] (17) accepted ('192.168.122.100', 54898) server /usr/lib/python3.9/site-packages/eventlet/wsgi.py:992
2025-10-14 07:35:01.143 17 INFO neutron.wsgi [-] 192.168.122.100 "GET / HTTP/1.1" status: 200 len: 233 time: 0.0027137
2025-10-14 07:35:03.090 18 DEBUG neutron.wsgi [-] (18) accepted ('192.168.122.100', 54902) server /usr/lib/python3.9/site-packages/eventlet/wsgi.py:992
2025-10-14 07:35:03.094 18 INFO neutron.wsgi [-] 192.168.122.100 "GET /healthcheck HTTP/1.0" status: 200 len: 137 time: 0.0025496
2025-10-14 07:35:05.094 16 DEBUG neutron.wsgi [-] (16) accepted ('192.168.122.100', 54918) server /usr/lib/python3.9/site-packages/eventlet/wsgi.py:992
2025-10-14 07:35:05.097 16 INFO neutron.wsgi [-] 192.168.122.100 "GET /healthcheck HTTP/1.0" status: 200 len: 137 time: 0.0014446
2025-10-14 07:35:07.097 16 DEBUG neutron.wsgi [-] (16) accepted ('192.168.122.100', 32896) server /usr/lib/python3.9/site-packages/eventlet/wsgi.py:992
2025-10-14 07:35:07.101 16 INFO neutron.wsgi [-] 192.168.122.100 "GET /healthcheck HTTP/1.0" status: 200 len: 137 time: 0.0031905
2025-10-14 07:35:09.101 18 DEBUG neutron.wsgi [-] (18) accepted ('192.168.122.100', 32898) server /usr/lib/python3.9/site-packages/eventlet/wsgi.py:992
2025-10-14 07:35:09.105 18 INFO neutron.wsgi [-] 192.168.122.100 "GET /healthcheck HTTP/1.0" status: 200 len: 137 time: 0.0027945
2025-10-14 07:35:11.107 17 DEBUG neutron.wsgi [-] (17) accepted ('192.168.122.100', 32900) server /usr/lib/python3.9/site-packages/eventlet/wsgi.py:992
2025-10-14 07:35:11.110 17 INFO neutron.wsgi [-] 192.168.122.100 "GET /healthcheck HTTP/1.0" status: 200 len: 137 time: 0.0018585
2025-10-14 07:35:13.112 17 DEBUG neutron.wsgi [-] (17) accepted ('192.168.122.100', 32904) server /usr/lib/python3.9/site-packages/eventlet/wsgi.py:992
2025-10-14 07:35:13.115 17 INFO neutron.wsgi [-] 192.168.122.100 "GET /healthcheck HTTP/1.0" status: 200 len: 137 time: 0.0024228
2025-10-14 07:35:15.116 15 DEBUG neutron.wsgi [-] (15) accepted ('192.168.122.100', 32914) server /usr/lib/python3.9/site-packages/eventlet/wsgi.py:992
2025-10-14 07:35:15.120 15 INFO neutron.wsgi [-] 192.168.122.100 "GET /healthcheck HTTP/1.0" status: 200 len: 137 time: 0.0023632
2025-10-14 07:35:17.121 16 DEBUG neutron.wsgi [-] (16) accepted ('192.168.122.100', 44802) server /usr/lib/python3.9/site-packages/eventlet/wsgi.py:992
2025-10-14 07:35:17.125 16 INFO neutron.wsgi [-] 192.168.122.100 "GET /healthcheck HTTP/1.0" status: 200 len: 137 time: 0.0024543
2025-10-14 07:35:19.126 18 DEBUG neutron.wsgi [-] (18) accepted ('192.168.122.100', 44806) server /usr/lib/python3.9/site-packages/eventlet/wsgi.py:992
2025-10-14 07:35:19.128 18 INFO neutron.wsgi [-] 192.168.122.100 "GET /healthcheck HTTP/1.0" status: 200 len: 137 time: 0.0013452
2025-10-14 07:35:21.129 15 DEBUG neutron.wsgi [-] (15) accepted ('192.168.122.100', 44812) server /usr/lib/python3.9/site-packages/eventlet/wsgi.py:992
2025-10-14 07:35:21.132 15 INFO neutron.wsgi [-] 192.168.122.100 "GET /healthcheck HTTP/1.0" status: 200 len: 137 time: 0.0017588
2025-10-14 07:35:23.134 17 DEBUG neutron.wsgi [-] (17) accepted ('192.168.122.100', 44826) server /usr/lib/python3.9/site-packages/eventlet/wsgi.py:992
2025-10-14 07:35:23.137 17 INFO neutron.wsgi [-] 192.168.122.100 "GET /healthcheck HTTP/1.0" status: 200 len: 137 time: 0.0024605
2025-10-14 07:35:25.138 18 DEBUG neutron.wsgi [-] (18) accepted ('192.168.122.100', 44832) server /usr/lib/python3.9/site-packages/eventlet/wsgi.py:992
2025-10-14 07:35:25.142 18 INFO neutron.wsgi [-] 192.168.122.100 "GET /healthcheck HTTP/1.0" status: 200 len: 137 time: 0.0025413
2025-10-14 07:35:27.143 17 DEBUG neutron.wsgi [-] (17) accepted ('192.168.122.100', 34156) server /usr/lib/python3.9/site-packages/eventlet/wsgi.py:992
2025-10-14 07:35:27.145 17 INFO neutron.wsgi [-] 192.168.122.100 "GET /healthcheck HTTP/1.0" status: 200 len: 137 time: 0.0014606
2025-10-14 07:35:29.147 17 DEBUG neutron.wsgi [-] (17) accepted ('192.168.122.100', 34162) server /usr/lib/python3.9/site-packages/eventlet/wsgi.py:992
2025-10-14 07:35:29.151 17 INFO neutron.wsgi [-] 192.168.122.100 "GET /healthcheck HTTP/1.0" status: 200 len: 137 time: 0.0026846
2025-10-14 07:35:31.151 15 DEBUG neutron.wsgi [-] (15) accepted ('192.168.122.100', 34168) server /usr/lib/python3.9/site-packages/eventlet/wsgi.py:992
2025-10-14 07:35:31.153 15 INFO neutron.wsgi [-] 192.168.122.100 "GET /healthcheck HTTP/1.0" status: 200 len: 137 time: 0.0013852
2025-10-14 07:35:32.001 15 DEBUG neutron.wsgi [-] (15) accepted ('192.168.122.100', 34180) server /usr/lib/python3.9/site-packages/eventlet/wsgi.py:992
2025-10-14 07:35:32.004 15 INFO neutron.wsgi [-] 192.168.122.100 "GET / HTTP/1.1" status: 200 len: 233 time: 0.0015128
2025-10-14 07:35:33.154 16 DEBUG neutron.wsgi [-] (16) accepted ('192.168.122.100', 34182) server /usr/lib/python3.9/site-packages/eventlet/wsgi.py:992
2025-10-14 07:35:33.158 16 INFO neutron.wsgi [-] 192.168.122.100 "GET /healthcheck HTTP/1.0" status: 200 len: 137 time: 0.0025413
2025-10-14 07:35:35.160 16 DEBUG neutron.wsgi [-] (16) accepted ('192.168.122.100', 34192) server /usr/lib/python3.9/site-packages/eventlet/wsgi.py:992
2025-10-14 07:35:35.164 16 INFO neutron.wsgi [-] 192.168.122.100 "GET /healthcheck HTTP/1.0" status: 200 len: 137 time: 0.0028782
2025-10-14 07:35:37.167 16 DEBUG neutron.wsgi [-] (16) accepted ('192.168.122.100', 55856) server /usr/lib/python3.9/site-packages/eventlet/wsgi.py:992
2025-10-14 07:35:37.169 16 INFO neutron.wsgi [-] 192.168.122.100 "GET /healthcheck HTTP/1.0" status: 200 len: 137 time: 0.0017567
2025-10-14 07:35:39.171 17 DEBUG neutron.wsgi [-] (17) accepted ('192.168.122.100', 55866) server /usr/lib/python3.9/site-packages/eventlet/wsgi.py:992
2025-10-14 07:35:39.174 17 INFO neutron.wsgi [-] 192.168.122.100 "GET /healthcheck HTTP/1.0" status: 200 len: 137 time: 0.0026958
2025-10-14 07:35:41.177 15 DEBUG neutron.wsgi [-] (15) accepted ('192.168.122.100', 55868) server /usr/lib/python3.9/site-packages/eventlet/wsgi.py:992
2025-10-14 07:35:41.180 15 INFO neutron.wsgi [-] 192.168.122.100 "GET /healthcheck HTTP/1.0" status: 200 len: 137 time: 0.0029218
2025-10-14 07:35:43.181 16 DEBUG neutron.wsgi [-] (16) accepted ('192.168.122.100', 55874) server /usr/lib/python3.9/site-packages/eventlet/wsgi.py:992
2025-10-14 07:35:43.185 16 INFO neutron.wsgi [-] 192.168.122.100 "GET /healthcheck HTTP/1.0" status: 200 len: 137 time: 0.0026164
2025-10-14 07:35:45.185 16 DEBUG neutron.wsgi [-] (16) accepted ('192.168.122.100', 55890) server /usr/lib/python3.9/site-packages/eventlet/wsgi.py:992
2025-10-14 07:35:45.188 16 INFO neutron.wsgi [-] 192.168.122.100 "GET /healthcheck HTTP/1.0" status: 200 len: 137 time: 0.0019250
2025-10-14 07:35:47.189 16 DEBUG neutron.wsgi [-] (16) accepted ('192.168.122.100', 37542) server /usr/lib/python3.9/site-packages/eventlet/wsgi.py:992
2025-10-14 07:35:47.191 16 INFO neutron.wsgi [-] 192.168.122.100 "GET /healthcheck HTTP/1.0" status: 200 len: 137 time: 0.0013311
2025-10-14 07:35:49.193 16 DEBUG neutron.wsgi [-] (16) accepted ('192.168.122.100', 37556) server /usr/lib/python3.9/site-packages/eventlet/wsgi.py:992
2025-10-14 07:35:49.197 16 INFO neutron.wsgi [-] 192.168.122.100 "GET /healthcheck HTTP/1.0" status: 200 len: 137 time: 0.0024655
2025-10-14 07:35:51.199 16 DEBUG neutron.wsgi [-] (16) accepted ('192.168.122.100', 37558) server /usr/lib/python3.9/site-packages/eventlet/wsgi.py:992
2025-10-14 07:35:51.202 16 INFO neutron.wsgi [-] 192.168.122.100 "GET /healthcheck HTTP/1.0" status: 200 len: 137 time: 0.0025616
2025-10-14 07:35:51.657 18 DEBUG neutron.wsgi [-] (18) accepted ('192.168.122.100', 37574) server /usr/lib/python3.9/site-packages/eventlet/wsgi.py:992
2025-10-14 07:35:51.745 18 DEBUG neutron.pecan_wsgi.hooks.policy_enforcement [req-6dfedf98-3023-4f6b-9cc4-598bc012a10c c02f3ebb3f9947439f25736305573ec2 d388af1b00194e40ada407009d98f654 - default default] Attributes excluded by policy engine: ['standard_attr_id'] _exclude_attributes_by_policy /usr/lib/python3.9/site-packages/neutron/pecan_wsgi/hooks/policy_enforcement.py:259
2025-10-14 07:35:51.746 18 DEBUG neutron.pecan_wsgi.hooks.policy_enforcement [req-6dfedf98-3023-4f6b-9cc4-598bc012a10c c02f3ebb3f9947439f25736305573ec2 d388af1b00194e40ada407009d98f654 - default default] Attributes excluded by policy engine: ['standard_attr_id'] _exclude_attributes_by_policy /usr/lib/python3.9/site-packages/neutron/pecan_wsgi/hooks/policy_enforcement.py:259
2025-10-14 07:35:51.746 18 DEBUG neutron.pecan_wsgi.hooks.policy_enforcement [req-6dfedf98-3023-4f6b-9cc4-598bc012a10c c02f3ebb3f9947439f25736305573ec2 d388af1b00194e40ada407009d98f654 - default default] Attributes excluded by policy engine: ['standard_attr_id'] _exclude_attributes_by_policy /usr/lib/python3.9/site-packages/neutron/pecan_wsgi/hooks/policy_enforcement.py:259
2025-10-14 07:35:51.746 18 DEBUG neutron.pecan_wsgi.hooks.policy_enforcement [req-6dfedf98-3023-4f6b-9cc4-598bc012a10c c02f3ebb3f9947439f25736305573ec2 d388af1b00194e40ada407009d98f654 - default default] Attributes excluded by policy engine: ['standard_attr_id'] _exclude_attributes_by_policy /usr/lib/python3.9/site-packages/neutron/pecan_wsgi/hooks/policy_enforcement.py:259
2025-10-14 07:35:51.746 18 DEBUG neutron.pecan_wsgi.hooks.policy_enforcement [req-6dfedf98-3023-4f6b-9cc4-598bc012a10c c02f3ebb3f9947439f25736305573ec2 d388af1b00194e40ada407009d98f654 - default default] Attributes excluded by policy engine: ['standard_attr_id'] _exclude_attributes_by_policy /usr/lib/python3.9/site-packages/neutron/pecan_wsgi/hooks/policy_enforcement.py:259
2025-10-14 07:35:51.747 18 INFO neutron.wsgi [req-6dfedf98-3023-4f6b-9cc4-598bc012a10c c02f3ebb3f9947439f25736305573ec2 d388af1b00194e40ada407009d98f654 - default default] 192.168.122.99,192.168.122.100 "GET /v2.0/ports?tags=tripleo_stack_name%3Dovercloud HTTP/1.1" status: 200 len: 5303 time: 0.0891874
2025-10-14 07:35:51.765 18 INFO neutron.pecan_wsgi.hooks.translation [req-a6b102f6-082f-4a24-833b-9b6e4007cda9 c02f3ebb3f9947439f25736305573ec2 d388af1b00194e40ada407009d98f654 - default default] GET failed (client error): The resource could not be found.
2025-10-14 07:35:51.766 18 INFO neutron.wsgi [req-a6b102f6-082f-4a24-833b-9b6e4007cda9 c02f3ebb3f9947439f25736305573ec2 d388af1b00194e40ada407009d98f654 - default default] 192.168.122.99,192.168.122.100 "GET /v2.0/networks/ctlplane HTTP/1.1" status: 404 len: 292 time: 0.0119298
2025-10-14 07:35:51.822 18 DEBUG neutron.pecan_wsgi.hooks.policy_enforcement [req-ad8bcf8a-7497-4b5a-add7-b4ae8177a896 c02f3ebb3f9947439f25736305573ec2 d388af1b00194e40ada407009d98f654 - default default] Attributes excluded by policy engine: ['standard_attr_id', 'vlan_transparent'] _exclude_attributes_by_policy /usr/lib/python3.9/site-packages/neutron/pecan_wsgi/hooks/policy_enforcement.py:259
2025-10-14 07:35:51.823 18 INFO neutron.wsgi [req-ad8bcf8a-7497-4b5a-add7-b4ae8177a896 c02f3ebb3f9947439f25736305573ec2 d388af1b00194e40ada407009d98f654 - default default] 192.168.122.99,192.168.122.100 "GET /v2.0/networks?name=ctlplane HTTP/1.1" status: 200 len: 922 time: 0.0548606
2025-10-14 07:35:53.203 15 DEBUG neutron.wsgi [-] (15) accepted ('192.168.122.100', 37588) server /usr/lib/python3.9/site-packages/eventlet/wsgi.py:992
2025-10-14 07:35:53.207 15 INFO neutron.wsgi [-] 192.168.122.100 "GET /healthcheck HTTP/1.0" status: 200 len: 137 time: 0.0024459
2025-10-14 07:35:55.208 15 DEBUG neutron.wsgi [-] (15) accepted ('192.168.122.100', 37598) server /usr/lib/python3.9/site-packages/eventlet/wsgi.py:992
2025-10-14 07:35:55.211 15 INFO neutron.wsgi [-] 192.168.122.100 "GET /healthcheck HTTP/1.0" status: 200 len: 137 time: 0.0017152
2025-10-14 07:35:57.212 16 DEBUG neutron.wsgi [-] (16) accepted ('192.168.122.100', 52576) server /usr/lib/python3.9/site-packages/eventlet/wsgi.py:992
2025-10-14 07:35:57.215 16 INFO neutron.wsgi [-] 192.168.122.100 "GET /healthcheck HTTP/1.0" status: 200 len: 137 time: 0.0018179
2025-10-14 07:35:59.216 17 DEBUG neutron.wsgi [-] (17) accepted ('192.168.122.100', 52578) server /usr/lib/python3.9/site-packages/eventlet/wsgi.py:992
2025-10-14 07:35:59.219 17 INFO neutron.wsgi [-] 192.168.122.100 "GET /healthcheck HTTP/1.0" status: 200 len: 137 time: 0.0019727
2025-10-14 07:36:01.221 15 DEBUG neutron.wsgi [-] (15) accepted ('192.168.122.100', 52584) server /usr/lib/python3.9/site-packages/eventlet/wsgi.py:992
2025-10-14 07:36:01.225 15 INFO neutron.wsgi [-] 192.168.122.100 "GET /healthcheck HTTP/1.0" status: 200 len: 137 time: 0.0025976
2025-10-14 07:36:02.542 15 DEBUG neutron.wsgi [-] (15) accepted ('192.168.122.100', 52586) server /usr/lib/python3.9/site-packages/eventlet/wsgi.py:992
2025-10-14 07:36:02.545 15 INFO neutron.wsgi [-] 192.168.122.100 "GET / HTTP/1.1" status: 200 len: 233 time: 0.0012934
2025-10-14 07:36:03.227 15 DEBUG neutron.wsgi [-] (15) accepted ('192.168.122.100', 52598) server /usr/lib/python3.9/site-packages/eventlet/wsgi.py:992
2025-10-14 07:36:03.231 15 INFO neutron.wsgi [-] 192.168.122.100 "GET /healthcheck HTTP/1.0" status: 200 len: 137 time: 0.0029011
2025-10-14 07:36:05.232 15 DEBUG neutron.wsgi [-] (15) accepted ('192.168.122.100', 52600) server /usr/lib/python3.9/site-packages/eventlet/wsgi.py:992
2025-10-14 07:36:05.234 15 INFO neutron.wsgi [-] 192.168.122.100 "GET /healthcheck HTTP/1.0" status: 200 len: 137 time: 0.0013177
2025-10-14 07:36:07.235 15 DEBUG neutron.wsgi [-] (15) accepted ('192.168.122.100', 52360) server /usr/lib/python3.9/site-packages/eventlet/wsgi.py:992
2025-10-14 07:36:07.239 15 INFO neutron.wsgi [-] 192.168.122.100 "GET /healthcheck HTTP/1.0" status: 200 len: 137 time: 0.0025644
2025-10-14 07:36:09.240 15 DEBUG neutron.wsgi [-] (15) accepted ('192.168.122.100', 52366) server /usr/lib/python3.9/site-packages/eventlet/wsgi.py:992
2025-10-14 07:36:09.244 15 INFO neutron.wsgi [-] 192.168.122.100 "GET /healthcheck HTTP/1.0" status: 200 len: 137 time: 0.0025554
2025-10-14 07:36:11.245 15 DEBUG neutron.wsgi [-] (15) accepted ('192.168.122.100', 52372) server /usr/lib/python3.9/site-packages/eventlet/wsgi.py:992
2025-10-14 07:36:11.248 15 INFO neutron.wsgi [-] 192.168.122.100 "GET /healthcheck HTTP/1.0" status: 200 len: 137 time: 0.0016909
2025-10-14 07:36:13.249 18 DEBUG neutron.wsgi [-] (18) accepted ('192.168.122.100', 52386) server /usr/lib/python3.9/site-packages/eventlet/wsgi.py:992
2025-10-14 07:36:13.251 18 INFO neutron.wsgi [-] 192.168.122.100 "GET /healthcheck HTTP/1.0" status: 200 len: 137 time: 0.0015538
2025-10-14 07:36:15.090 16 DEBUG neutron.wsgi [-] (16) accepted ('192.168.122.100', 52388) server /usr/lib/python3.9/site-packages/eventlet/wsgi.py:992
2025-10-14 07:36:15.135 16 INFO neutron.pecan_wsgi.hooks.translation [req-472e0ca0-8c53-40fc-af13-a762f44ac737 c02f3ebb3f9947439f25736305573ec2 d388af1b00194e40ada407009d98f654 - default default] GET failed (client error): The resource could not be found.
2025-10-14 07:36:15.136 16 INFO neutron.wsgi [req-472e0ca0-8c53-40fc-af13-a762f44ac737 c02f3ebb3f9947439f25736305573ec2 d388af1b00194e40ada407009d98f654 - default default] 192.168.122.99,192.168.122.100 "GET /v2.0/networks/ovn_mac_addr_net HTTP/1.1" status: 404 len: 300 time: 0.0453296
2025-10-14 07:36:15.153 16 INFO neutron.wsgi [req-adeaf47e-8d1d-4c05-8173-c5976fba053f c02f3ebb3f9947439f25736305573ec2 d388af1b00194e40ada407009d98f654 - default default] 192.168.122.99,192.168.122.100 "GET /v2.0/networks?name=ovn_mac_addr_net HTTP/1.1" status: 200 len: 189 time: 0.0136037
2025-10-14 07:36:15.160 16 DEBUG neutron.api.v2.base [req-7a3e1bc7-7639-4f9c-9e7d-d4e2ed0598c4 c02f3ebb3f9947439f25736305573ec2 d388af1b00194e40ada407009d98f654 - default default] Request body: {'network': {'description': 'Network used to allocate MAC addresses for OVN chassis.', 'name': 'ovn_mac_addr_net'}} prepare_request_body /usr/lib/python3.9/site-packages/neutron/api/v2/base.py:729
2025-10-14 07:36:15.173 16 DEBUG neutron.pecan_wsgi.hooks.quota_enforcement [req-7a3e1bc7-7639-4f9c-9e7d-d4e2ed0598c4 c02f3ebb3f9947439f25736305573ec2 d388af1b00194e40ada407009d98f654 - default default] Made reservation on behalf of d388af1b00194e40ada407009d98f654 for: {'network': 1} before /usr/lib/python3.9/site-packages/neutron/pecan_wsgi/hooks/quota_enforcement.py:53
2025-10-14 07:36:15.174 16 DEBUG neutron_lib.callbacks.manager [req-7a3e1bc7-7639-4f9c-9e7d-d4e2ed0598c4 c02f3ebb3f9947439f25736305573ec2 d388af1b00194e40ada407009d98f654 - default default] Notify callbacks ['neutron.plugins.ml2.plugin.SecurityGroupDbMixin._ensure_default_security_group_handler-1803135'] for network, before_create _notify_loop /usr/lib/python3.9/site-packages/neutron_lib/callbacks/manager.py:200
2025-10-14 07:36:15.203 16 DEBUG neutron_lib.callbacks.manager [req-7a3e1bc7-7639-4f9c-9e7d-d4e2ed0598c4 c02f3ebb3f9947439f25736305573ec2 d388af1b00194e40ada407009d98f654 - default default] Notify callbacks ['neutron.services.segments.db._add_segment_host_mapping_for_segment-8783846264935', 'neutron.plugins.ml2.plugin.Ml2Plugin._handle_segment_change-1444108'] for segment, precommit_create _notify_loop /usr/lib/python3.9/site-packages/neutron_lib/callbacks/manager.py:200
2025-10-14 07:36:15.203 16 INFO neutron.db.segments_db [req-7a3e1bc7-7639-4f9c-9e7d-d4e2ed0598c4 c02f3ebb3f9947439f25736305573ec2 d388af1b00194e40ada407009d98f654 - default default] Added segment 99c0ddbb-2eac-4fcf-b350-b7f26fcdc497 of type local for network 8c36771c-74d0-4375-8471-7a50479b0d4f
2025-10-14 07:36:15.222 16 DEBUG neutron_lib.callbacks.manager [req-7a3e1bc7-7639-4f9c-9e7d-d4e2ed0598c4 c02f3ebb3f9947439f25736305573ec2 d388af1b00194e40ada407009d98f654 - default default] Notify callbacks ['neutron.services.auto_allocate.db._ensure_external_network_default_value_callback-8783845619330'] for network, precommit_create _notify_loop /usr/lib/python3.9/site-packages/neutron_lib/callbacks/manager.py:200
2025-10-14 07:36:15.234 16 DEBUG neutron_lib.callbacks.manager [req-7a3e1bc7-7639-4f9c-9e7d-d4e2ed0598c4 c02f3ebb3f9947439f25736305573ec2 d388af1b00194e40ada407009d98f654 - default default] Notify callbacks ['neutron.plugins.ml2.ovo_rpc._ObjectChangeHandler.handle_event-601131', 'neutron.api.rpc.agentnotifiers.dhcp_rpc_agent_api.DhcpAgentNotifyAPI._native_event_send_dhcp_notification-710301'] for network, after_create _notify_loop /usr/lib/python3.9/site-packages/neutron_lib/callbacks/manager.py:200
2025-10-14 07:36:15.235 16 DEBUG neutron.pecan_wsgi.hooks.policy_enforcement [req-7a3e1bc7-7639-4f9c-9e7d-d4e2ed0598c4 c02f3ebb3f9947439f25736305573ec2 d388af1b00194e40ada407009d98f654 - default default] Attributes excluded by policy engine: ['standard_attr_id', 'vlan_transparent'] _exclude_attributes_by_policy /usr/lib/python3.9/site-packages/neutron/pecan_wsgi/hooks/policy_enforcement.py:259
2025-10-14 07:36:15.235 16 DEBUG neutron_lib.callbacks.manager [req-7a3e1bc7-7639-4f9c-9e7d-d4e2ed0598c4 c02f3ebb3f9947439f25736305573ec2 d388af1b00194e40ada407009d98f654 - default default] Notify callbacks ['neutron.api.rpc.agentnotifiers.dhcp_rpc_agent_api.DhcpAgentNotifyAPI._send_dhcp_notification-710383'] for network, before_response _notify_loop /usr/lib/python3.9/site-packages/neutron_lib/callbacks/manager.py:200
2025-10-14 07:36:15.252 16 DEBUG neutron.wsgi [-] (16) accepted ('192.168.122.100', 52392) server /usr/lib/python3.9/site-packages/eventlet/wsgi.py:992
2025-10-14 07:36:15.254 16 INFO neutron.wsgi [-] 192.168.122.100 "GET /healthcheck HTTP/1.0" status: 200 len: 137 time: 0.0012574
2025-10-14 07:36:15.257 16 INFO neutron.wsgi [req-7a3e1bc7-7639-4f9c-9e7d-d4e2ed0598c4 c02f3ebb3f9947439f25736305573ec2 d388af1b00194e40ada407009d98f654 - default default] 192.168.122.99,192.168.122.100 "POST /v2.0/networks HTTP/1.1" status: 201 len: 918 time: 0.0990775
2025-10-14 07:36:15.296 16 DEBUG neutron.api.rpc.handlers.resources_rpc [req-7a3e1bc7-7639-4f9c-9e7d-d4e2ed0598c4 c02f3ebb3f9947439f25736305573ec2 d388af1b00194e40ada407009d98f654 - - -] Pushing event updated for resources: {'Network': ['ID=8c36771c-74d0-4375-8471-7a50479b0d4f,revision_number=1']} push /usr/lib/python3.9/site-packages/neutron/api/rpc/handlers/resources_rpc.py:237
2025-10-14 07:36:15.301 16 INFO neutron.wsgi [req-216ec4e3-ae2c-4ec9-bc9b-aa2b15acabfc c02f3ebb3f9947439f25736305573ec2 d388af1b00194e40ada407009d98f654 - default default] 192.168.122.99,192.168.122.100 "GET /v2.0/ports?name=np0005486756_ovn_physnet_datacentre&network_id=8c36771c-74d0-4375-8471-7a50479b0d4f&tags=tripleo_stack_name%3Dovercloud HTTP/1.1" status: 200 len: 186 time: 0.0270121
2025-10-14 07:36:15.305 16 DEBUG neutron.api.rpc.callbacks.version_manager [req-7a3e1bc7-7639-4f9c-9e7d-d4e2ed0598c4 c02f3ebb3f9947439f25736305573ec2 d388af1b00194e40ada407009d98f654 - - -] Version for resource type AddressGroup changed None to 1.2 on consumer Open vSwitch agent@undercloud.ooo.test _set_version /usr/lib/python3.9/site-packages/neutron/api/rpc/callbacks/version_manager.py:113
2025-10-14 07:36:15.306 16 DEBUG neutron.api.rpc.callbacks.version_manager [req-7a3e1bc7-7639-4f9c-9e7d-d4e2ed0598c4 c02f3ebb3f9947439f25736305573ec2 d388af1b00194e40ada407009d98f654 - - -] Version for resource type ConntrackHelper changed None to 1.0 on consumer Open vSwitch agent@undercloud.ooo.test _set_version /usr/lib/python3.9/site-packages/neutron/api/rpc/callbacks/version_manager.py:113
2025-10-14 07:36:15.306 16 DEBUG neutron.api.rpc.callbacks.version_manager [req-7a3e1bc7-7639-4f9c-9e7d-d4e2ed0598c4 c02f3ebb3f9947439f25736305573ec2 d388af1b00194e40ada407009d98f654 - - -] Version for resource type Log changed None to 1.0 on consumer Open vSwitch agent@undercloud.ooo.test _set_version /usr/lib/python3.9/site-packages/neutron/api/rpc/callbacks/version_manager.py:113
2025-10-14 07:36:15.306 16 DEBUG neutron.api.rpc.callbacks.version_manager [req-7a3e1bc7-7639-4f9c-9e7d-d4e2ed0598c4 c02f3ebb3f9947439f25736305573ec2 d388af1b00194e40ada407009d98f654 - - -] Version for resource type Network changed None to 1.1 on consumer Open vSwitch agent@undercloud.ooo.test _set_version /usr/lib/python3.9/site-packages/neutron/api/rpc/callbacks/version_manager.py:113
2025-10-14 07:36:15.306 16 DEBUG neutron.api.rpc.callbacks.version_manager [req-7a3e1bc7-7639-4f9c-9e7d-d4e2ed0598c4 c02f3ebb3f9947439f25736305573ec2 d388af1b00194e40ada407009d98f654 - - -] Version for resource type Port changed None to 1.7 on consumer Open vSwitch agent@undercloud.ooo.test _set_version /usr/lib/python3.9/site-packages/neutron/api/rpc/callbacks/version_manager.py:113
2025-10-14 07:36:15.306 16 DEBUG neutron.api.rpc.callbacks.version_manager [req-7a3e1bc7-7639-4f9c-9e7d-d4e2ed0598c4 c02f3ebb3f9947439f25736305573ec2 d388af1b00194e40ada407009d98f654 - - -] Version for resource type PortForwarding changed None to 1.2 on consumer Open vSwitch agent@undercloud.ooo.test _set_version /usr/lib/python3.9/site-packages/neutron/api/rpc/callbacks/version_manager.py:113
2025-10-14 07:36:15.306 16 DEBUG neutron.api.rpc.callbacks.version_manager [req-7a3e1bc7-7639-4f9c-9e7d-d4e2ed0598c4 c02f3ebb3f9947439f25736305573ec2 d388af1b00194e40ada407009d98f654 - - -] Version for resource type QosPolicy changed None to 1.8 on consumer Open vSwitch agent@undercloud.ooo.test _set_version /usr/lib/python3.9/site-packages/neutron/api/rpc/callbacks/version_manager.py:113
2025-10-14 07:36:15.306 16 DEBUG neutron.api.rpc.callbacks.version_manager [req-7a3e1bc7-7639-4f9c-9e7d-d4e2ed0598c4 c02f3ebb3f9947439f25736305573ec2 d388af1b00194e40ada407009d98f654 - - -] Version for resource type SecurityGroup changed None to 1.5 on consumer Open vSwitch agent@undercloud.ooo.test _set_version /usr/lib/python3.9/site-packages/neutron/api/rpc/callbacks/version_manager.py:113
2025-10-14 07:36:15.306 16 DEBUG neutron.api.rpc.callbacks.version_manager [req-7a3e1bc7-7639-4f9c-9e7d-d4e2ed0598c4 c02f3ebb3f9947439f25736305573ec2 d388af1b00194e40ada407009d98f654 - - -] Version for resource type SecurityGroupRule changed None to 1.2 on consumer Open vSwitch agent@undercloud.ooo.test _set_version /usr/lib/python3.9/site-packages/neutron/api/rpc/callbacks/version_manager.py:113
2025-10-14 07:36:15.307 16 DEBUG neutron.api.rpc.callbacks.version_manager [req-7a3e1bc7-7639-4f9c-9e7d-d4e2ed0598c4 c02f3ebb3f9947439f25736305573ec2 d388af1b00194e40ada407009d98f654 - - -] Version for resource type SubPort changed None to 1.0 on consumer Open vSwitch agent@undercloud.ooo.test _set_version /usr/lib/python3.9/site-packages/neutron/api/rpc/callbacks/version_manager.py:113
2025-10-14 07:36:15.307 16 DEBUG neutron.api.rpc.callbacks.version_manager [req-7a3e1bc7-7639-4f9c-9e7d-d4e2ed0598c4 c02f3ebb3f9947439f25736305573ec2 d388af1b00194e40ada407009d98f654 - - -] Version for resource type Subnet changed None to 1.1 on consumer Open vSwitch agent@undercloud.ooo.test _set_version /usr/lib/python3.9/site-packages/neutron/api/rpc/callbacks/version_manager.py:113
2025-10-14 07:36:15.307 16 DEBUG neutron.api.rpc.callbacks.version_manager [req-7a3e1bc7-7639-4f9c-9e7d-d4e2ed0598c4 c02f3ebb3f9947439f25736305573ec2 d388af1b00194e40ada407009d98f654 - - -] Version for resource type Trunk changed None to 1.1 on consumer Open vSwitch agent@undercloud.ooo.test _set_version /usr/lib/python3.9/site-packages/neutron/api/rpc/callbacks/version_manager.py:113
2025-10-14 07:36:15.310 16 DEBUG neutron.api.v2.base [req-da3599f2-c701-4469-9aae-63826ec3e3b9 c02f3ebb3f9947439f25736305573ec2 d388af1b00194e40ada407009d98f654 - default default] Request body: {'port': {'dns_name': 'np0005486756', 'network_id': '8c36771c-74d0-4375-8471-7a50479b0d4f', 'name': 'np0005486756_ovn_physnet_datacentre'}} prepare_request_body /usr/lib/python3.9/site-packages/neutron/api/v2/base.py:729
2025-10-14 07:36:15.314 21 DEBUG neutron.plugins.ml2.rpc [req-3242208e-f413-4444-9f29-f36da9350005 - - - - -] Network 8c36771c-74d0-4375-8471-7a50479b0d4f details requested by agent ovs-agent-undercloud.ooo.test with host undercloud.ooo.test get_network_details /usr/lib/python3.9/site-packages/neutron/plugins/ml2/rpc.py:232
2025-10-14 07:36:15.330 16 DEBUG neutron.pecan_wsgi.hooks.quota_enforcement [req-da3599f2-c701-4469-9aae-63826ec3e3b9 c02f3ebb3f9947439f25736305573ec2 d388af1b00194e40ada407009d98f654 - default default] Made reservation on behalf of d388af1b00194e40ada407009d98f654 for: {'port': 1} before /usr/lib/python3.9/site-packages/neutron/pecan_wsgi/hooks/quota_enforcement.py:53
2025-10-14 07:36:15.332 16 DEBUG neutron_lib.callbacks.manager [req-da3599f2-c701-4469-9aae-63826ec3e3b9 c02f3ebb3f9947439f25736305573ec2 d388af1b00194e40ada407009d98f654 - default default] Notify callbacks ['neutron.plugins.ml2.plugin.SecurityGroupDbMixin._ensure_default_security_group_handler-1803135'] for port, before_create _notify_loop /usr/lib/python3.9/site-packages/neutron_lib/callbacks/manager.py:200
2025-10-14 07:36:15.352 16 DEBUG neutron.notifiers.nova [req-da3599f2-c701-4469-9aae-63826ec3e3b9 c02f3ebb3f9947439f25736305573ec2 d388af1b00194e40ada407009d98f654 - default default] device_id is not set on port 4a60723e-20aa-435e-b244-a69f3c057063 yet. _can_notify /usr/lib/python3.9/site-packages/neutron/notifiers/nova.py:201
2025-10-14 07:36:15.560 16 DEBUG neutron_lib.callbacks.manager [req-da3599f2-c701-4469-9aae-63826ec3e3b9 c02f3ebb3f9947439f25736305573ec2 d388af1b00194e40ada407009d98f654 - default default] Notify callbacks [] for port, precommit_create _notify_loop /usr/lib/python3.9/site-packages/neutron_lib/callbacks/manager.py:200
2025-10-14 07:36:15.575 16 DEBUG neutron_lib.callbacks.manager [req-da3599f2-c701-4469-9aae-63826ec3e3b9 c02f3ebb3f9947439f25736305573ec2 d388af1b00194e40ada407009d98f654 - default default] Notify callbacks ['neutron.plugins.ml2.plugin.SecurityGroupServerNotifierRpcMixin.notify_sg_on_port_change-1586059', 'neutron.plugins.ml2.extensions.dns_integration._create_port_in_external_dns_service-8783846149434', 'neutron.plugins.ml2.ovo_rpc._ObjectChangeHandler.handle_event-872418', 'neutron.api.rpc.agentnotifiers.dhcp_rpc_agent_api.DhcpAgentNotifyAPI._native_event_send_dhcp_notification-710301', 'neutron.services.segments.plugin.NovaSegmentNotifier._notify_port_created_or_deleted-503058'] for port, after_create _notify_loop /usr/lib/python3.9/site-packages/neutron_lib/callbacks/manager.py:200
2025-10-14 07:36:15.612 16 DEBUG neutron.api.rpc.handlers.resources_rpc [req-da3599f2-c701-4469-9aae-63826ec3e3b9 c02f3ebb3f9947439f25736305573ec2 d388af1b00194e40ada407009d98f654 - - -] Pushing event updated for resources: {'Port': ['ID=4a60723e-20aa-435e-b244-a69f3c057063,revision_number=1']} push /usr/lib/python3.9/site-packages/neutron/api/rpc/handlers/resources_rpc.py:237
2025-10-14 07:36:15.619 16 DEBUG neutron.plugins.ml2.drivers.mech_agent [req-da3599f2-c701-4469-9aae-63826ec3e3b9 c02f3ebb3f9947439f25736305573ec2 d388af1b00194e40ada407009d98f654 - default default] Checking segment: {'id': '99c0ddbb-2eac-4fcf-b350-b7f26fcdc497', 'network_type': 'local', 'physical_network': None, 'segmentation_id': None, 'network_id': '8c36771c-74d0-4375-8471-7a50479b0d4f'} for mappings: {'ctlplane': 'br-ctlplane'} with network types: ['local', 'flat', 'vlan'] check_segment_for_agent /usr/lib/python3.9/site-packages/neutron/plugins/ml2/drivers/mech_agent.py:343
2025-10-14 07:36:15.619 16 DEBUG neutron.scheduler.dhcp_agent_scheduler [req-da3599f2-c701-4469-9aae-63826ec3e3b9 c02f3ebb3f9947439f25736305573ec2 d388af1b00194e40ada407009d98f654 - default default] Network hostable DHCP agents. Network: 8c36771c-74d0-4375-8471-7a50479b0d4f, hostable agents: ['bfba7fb9-6e98-4c08-9d9b-0527e1cbb26e'], hosted agents: [] _get_network_hostable_dhcp_agents /usr/lib/python3.9/site-packages/neutron/scheduler/dhcp_agent_scheduler.py:329
2025-10-14 07:36:15.631 16 DEBUG neutron.scheduler.dhcp_agent_scheduler [req-da3599f2-c701-4469-9aae-63826ec3e3b9 c02f3ebb3f9947439f25736305573ec2 d388af1b00194e40ada407009d98f654 - default default] Network 8c36771c-74d0-4375-8471-7a50479b0d4f is scheduled to be hosted by DHCP agent bfba7fb9-6e98-4c08-9d9b-0527e1cbb26e with binding_index 1 bind /usr/lib/python3.9/site-packages/neutron/scheduler/dhcp_agent_scheduler.py:227
2025-10-14 07:36:15.636 16 DEBUG neutron.scheduler.base_scheduler [req-da3599f2-c701-4469-9aae-63826ec3e3b9 c02f3ebb3f9947439f25736305573ec2 d388af1b00194e40ada407009d98f654 - default default] Resources bound (agent type, host, resource id): (DHCP agent, undercloud.ooo.test, 8c36771c-74d0-4375-8471-7a50479b0d4f) schedule /usr/lib/python3.9/site-packages/neutron/scheduler/base_scheduler.py:57
2025-10-14 07:36:15.639 16 DEBUG neutron.pecan_wsgi.hooks.policy_enforcement [req-da3599f2-c701-4469-9aae-63826ec3e3b9 c02f3ebb3f9947439f25736305573ec2 d388af1b00194e40ada407009d98f654 - default default] Attributes excluded by policy engine: ['standard_attr_id', 'network'] _exclude_attributes_by_policy /usr/lib/python3.9/site-packages/neutron/pecan_wsgi/hooks/policy_enforcement.py:259
2025-10-14 07:36:15.639 16 DEBUG neutron_lib.callbacks.manager [req-da3599f2-c701-4469-9aae-63826ec3e3b9 c02f3ebb3f9947439f25736305573ec2 d388af1b00194e40ada407009d98f654 - default default] Notify callbacks ['neutron.notifiers.nova.Notifier._send_nova_notification-152401', 'neutron.api.rpc.agentnotifiers.dhcp_rpc_agent_api.DhcpAgentNotifyAPI._send_dhcp_notification-710383'] for port, before_response _notify_loop /usr/lib/python3.9/site-packages/neutron_lib/callbacks/manager.py:200
2025-10-14 07:36:15.645 22 DEBUG neutron.api.rpc.handlers.dhcp_rpc [req-0a7c066a-fa95-4ff7-97ea-0196313113ac - - - - -] Network 8c36771c-74d0-4375-8471-7a50479b0d4f requested from undercloud.ooo.test get_network_info /usr/lib/python3.9/site-packages/neutron/api/rpc/handlers/dhcp_rpc.py:213
2025-10-14 07:36:15.648 16 INFO neutron.wsgi [req-da3599f2-c701-4469-9aae-63826ec3e3b9 c02f3ebb3f9947439f25736305573ec2 d388af1b00194e40ada407009d98f654 - default default] 192.168.122.99,192.168.122.100 "POST /v2.0/ports HTTP/1.1" status: 201 len: 1016 time: 0.3432870
2025-10-14 07:36:15.654 16 DEBUG neutron.services.tag.tag_plugin [req-ca5e97d1-a682-413d-82aa-ee78b69412dc c02f3ebb3f9947439f25736305573ec2 d388af1b00194e40ada407009d98f654 - default default] neutron.services.tag.tag_plugin.TagPlugin method update_tags called with arguments (, 'ports', '4a60723e-20aa-435e-b244-a69f3c057063', {'tags': ['tripleo_stack_name=overcloud', 'tripleo_ovn_physnet=datacentre']}) {} wrapper /usr/lib/python3.9/site-packages/oslo_log/helpers.py:65
2025-10-14 07:36:15.688 16 INFO neutron.wsgi [req-ca5e97d1-a682-413d-82aa-ee78b69412dc c02f3ebb3f9947439f25736305573ec2 d388af1b00194e40ada407009d98f654 - default default] 192.168.122.99,192.168.122.100 "PUT /v2.0/ports/4a60723e-20aa-435e-b244-a69f3c057063/tags HTTP/1.1" status: 200 len: 250 time: 0.0361979
2025-10-14 07:36:15.729 16 DEBUG neutron.pecan_wsgi.hooks.policy_enforcement [req-90f56fbb-01d9-4371-9a4f-ffecfa189dcc c02f3ebb3f9947439f25736305573ec2 d388af1b00194e40ada407009d98f654 - default default] Attributes excluded by policy engine: ['standard_attr_id'] _exclude_attributes_by_policy /usr/lib/python3.9/site-packages/neutron/pecan_wsgi/hooks/policy_enforcement.py:259
2025-10-14 07:36:15.730 16 INFO neutron.wsgi [req-90f56fbb-01d9-4371-9a4f-ffecfa189dcc c02f3ebb3f9947439f25736305573ec2 d388af1b00194e40ada407009d98f654 - default default] 192.168.122.99,192.168.122.100 "GET /v2.0/ports?network_id=8c36771c-74d0-4375-8471-7a50479b0d4f&tags=tripleo_stack_name%3Dovercloud HTTP/1.1" status: 200 len: 1077 time: 0.0394261
2025-10-14 07:36:15.770 16 DEBUG neutron.pecan_wsgi.hooks.policy_enforcement [req-79a3a9e1-16bd-47ba-a52e-bfdc6e1131d9 c02f3ebb3f9947439f25736305573ec2 d388af1b00194e40ada407009d98f654 - default default] Attributes excluded by policy engine: ['standard_attr_id'] _exclude_attributes_by_policy /usr/lib/python3.9/site-packages/neutron/pecan_wsgi/hooks/policy_enforcement.py:259
2025-10-14 07:36:15.771 16 INFO neutron.wsgi [req-79a3a9e1-16bd-47ba-a52e-bfdc6e1131d9 c02f3ebb3f9947439f25736305573ec2 d388af1b00194e40ada407009d98f654 - default default] 192.168.122.99,192.168.122.100 "GET /v2.0/ports?network_id=8c36771c-74d0-4375-8471-7a50479b0d4f&tags=tripleo_stack_name%3Dovercloud HTTP/1.1" status: 200 len: 1077 time: 0.0375702
2025-10-14 07:36:17.256 15 DEBUG neutron.wsgi [-] (15) accepted ('192.168.122.100', 48698) server /usr/lib/python3.9/site-packages/eventlet/wsgi.py:992
2025-10-14 07:36:17.258 15 INFO neutron.wsgi [-] 192.168.122.100 "GET /healthcheck HTTP/1.0" status: 200 len: 137 time: 0.0018172
2025-10-14 07:36:19.260 15 DEBUG neutron.wsgi [-] (15) accepted ('192.168.122.100', 48708) server /usr/lib/python3.9/site-packages/eventlet/wsgi.py:992
2025-10-14 07:36:19.262 15 INFO neutron.wsgi [-] 192.168.122.100 "GET /healthcheck HTTP/1.0" status: 200 len: 137 time: 0.0013275
2025-10-14 07:36:21.263 18 DEBUG neutron.wsgi [-] (18) accepted ('192.168.122.100', 48718) server /usr/lib/python3.9/site-packages/eventlet/wsgi.py:992
2025-10-14 07:36:21.266 18 INFO neutron.wsgi [-] 192.168.122.100 "GET /healthcheck HTTP/1.0" status: 200 len: 137 time: 0.0019505
2025-10-14 07:36:23.268 17 DEBUG neutron.wsgi [-] (17) accepted ('192.168.122.100', 48720) server /usr/lib/python3.9/site-packages/eventlet/wsgi.py:992
2025-10-14 07:36:23.270 17 INFO neutron.wsgi [-] 192.168.122.100 "GET /healthcheck HTTP/1.0" status: 200 len: 137 time: 0.0013011
2025-10-14 07:36:25.272 15 DEBUG neutron.wsgi [-] (15) accepted ('192.168.122.100', 48730) server /usr/lib/python3.9/site-packages/eventlet/wsgi.py:992
2025-10-14 07:36:25.276 15 INFO neutron.wsgi [-] 192.168.122.100 "GET /healthcheck HTTP/1.0" status: 200 len: 137 time: 0.0026071
2025-10-14 07:36:27.277 15 DEBUG neutron.wsgi [-] (15) accepted ('192.168.122.100', 34504) server /usr/lib/python3.9/site-packages/eventlet/wsgi.py:992
2025-10-14 07:36:27.280 15 INFO neutron.wsgi [-] 192.168.122.100 "GET /healthcheck HTTP/1.0" status: 200 len: 137 time: 0.0018320
2025-10-14 07:36:29.281 15 DEBUG neutron.wsgi [-] (15) accepted ('192.168.122.100', 34520) server /usr/lib/python3.9/site-packages/eventlet/wsgi.py:992
2025-10-14 07:36:29.285 15 INFO neutron.wsgi [-] 192.168.122.100 "GET /healthcheck HTTP/1.0" status: 200 len: 137 time: 0.0027251
2025-10-14 07:36:31.287 15 DEBUG neutron.wsgi [-] (15) accepted ('192.168.122.100', 34534) server /usr/lib/python3.9/site-packages/eventlet/wsgi.py:992
2025-10-14 07:36:31.291 15 INFO neutron.wsgi [-] 192.168.122.100 "GET /healthcheck HTTP/1.0" status: 200 len: 137 time: 0.0024734
2025-10-14 07:36:33.004 15 DEBUG neutron.wsgi [-] (15) accepted ('192.168.122.100', 34542) server /usr/lib/python3.9/site-packages/eventlet/wsgi.py:992
2025-10-14 07:36:33.008 15 INFO neutron.wsgi [-] 192.168.122.100 "GET / HTTP/1.1" status: 200 len: 233 time: 0.0028570
2025-10-14 07:36:33.292 16 DEBUG neutron.wsgi [-] (16) accepted ('192.168.122.100', 34550) server /usr/lib/python3.9/site-packages/eventlet/wsgi.py:992
2025-10-14 07:36:33.295 16 INFO neutron.wsgi [-] 192.168.122.100 "GET /healthcheck HTTP/1.0" status: 200 len: 137 time: 0.0024188
2025-10-14 07:36:35.297 15 DEBUG neutron.wsgi [-] (15) accepted ('192.168.122.100', 34560) server /usr/lib/python3.9/site-packages/eventlet/wsgi.py:992
2025-10-14 07:36:35.301 15 INFO neutron.wsgi [-] 192.168.122.100 "GET /healthcheck HTTP/1.0" status: 200 len: 137 time: 0.0029573
2025-10-14 07:36:37.303 16 DEBUG neutron.wsgi [-] (16) accepted ('192.168.122.100', 35174) server /usr/lib/python3.9/site-packages/eventlet/wsgi.py:992
2025-10-14 07:36:37.305 16 INFO neutron.wsgi [-] 192.168.122.100 "GET /healthcheck HTTP/1.0" status: 200 len: 137 time: 0.0013244
2025-10-14 07:36:39.306 15 DEBUG neutron.wsgi [-] (15) accepted ('192.168.122.100', 35180) server /usr/lib/python3.9/site-packages/eventlet/wsgi.py:992
2025-10-14 07:36:39.309 15 INFO neutron.wsgi [-] 192.168.122.100 "GET /healthcheck HTTP/1.0" status: 200 len: 137 time: 0.0018215
2025-10-14 07:36:41.310 18 DEBUG neutron.wsgi [-] (18) accepted ('192.168.122.100', 35190) server /usr/lib/python3.9/site-packages/eventlet/wsgi.py:992
2025-10-14 07:36:41.313 18 INFO neutron.wsgi [-] 192.168.122.100 "GET /healthcheck HTTP/1.0" status: 200 len: 137 time: 0.0020065
2025-10-14 07:36:43.314 18 DEBUG neutron.wsgi [-] (18) accepted ('192.168.122.100', 35202) server /usr/lib/python3.9/site-packages/eventlet/wsgi.py:992
2025-10-14 07:36:43.316 18 INFO neutron.wsgi [-] 192.168.122.100 "GET /healthcheck HTTP/1.0" status: 200 len: 137 time: 0.0013268
2025-10-14 07:36:45.318 15 DEBUG neutron.wsgi [-] (15) accepted ('192.168.122.100', 35208) server /usr/lib/python3.9/site-packages/eventlet/wsgi.py:992
2025-10-14 07:36:45.322 15 INFO neutron.wsgi [-] 192.168.122.100 "GET /healthcheck HTTP/1.0" status: 200 len: 137 time: 0.0024731
2025-10-14 07:36:47.324 15 DEBUG neutron.wsgi [-] (15) accepted ('192.168.122.100', 35200) server /usr/lib/python3.9/site-packages/eventlet/wsgi.py:992
2025-10-14 07:36:47.327 15 INFO neutron.wsgi [-] 192.168.122.100 "GET /healthcheck HTTP/1.0" status: 200 len: 137 time: 0.0019152
2025-10-14 07:36:49.328 18 DEBUG neutron.wsgi [-] (18) accepted ('192.168.122.100', 35204) server /usr/lib/python3.9/site-packages/eventlet/wsgi.py:992
2025-10-14 07:36:49.333 18 INFO neutron.wsgi [-] 192.168.122.100 "GET /healthcheck HTTP/1.0" status: 200 len: 137 time: 0.0027285
2025-10-14 07:36:51.334 17 DEBUG neutron.wsgi [-] (17) accepted ('192.168.122.100', 35218) server /usr/lib/python3.9/site-packages/eventlet/wsgi.py:992
2025-10-14 07:36:51.339 17 INFO neutron.wsgi [-] 192.168.122.100 "GET /healthcheck HTTP/1.0" status: 200 len: 137 time: 0.0033979
