2025-10-14 07:29:44.407 18 DEBUG neutron.wsgi [-] (18) accepted ('192.168.122.100', 39970) server /usr/lib/python3.9/site-packages/eventlet/wsgi.py:992
2025-10-14 07:29:44.409 18 INFO neutron.wsgi [-] 192.168.122.100 "GET /healthcheck HTTP/1.0" status: 200 len: 137 time: 0.0016026
2025-10-14 07:29:46.411 16 DEBUG neutron.wsgi [-] (16) accepted ('192.168.122.100', 60034) server /usr/lib/python3.9/site-packages/eventlet/wsgi.py:992
2025-10-14 07:29:46.414 16 INFO neutron.wsgi [-] 192.168.122.100 "GET /healthcheck HTTP/1.0" status: 200 len: 137 time: 0.0016785
2025-10-14 07:29:48.416 16 DEBUG neutron.wsgi [-] (16) accepted ('192.168.122.100', 60040) server /usr/lib/python3.9/site-packages/eventlet/wsgi.py:992
2025-10-14 07:29:48.421 16 INFO neutron.wsgi [-] 192.168.122.100 "GET /healthcheck HTTP/1.0" status: 200 len: 137 time: 0.0030646
2025-10-14 07:29:50.423 18 DEBUG neutron.wsgi [-] (18) accepted ('192.168.122.100', 60048) server /usr/lib/python3.9/site-packages/eventlet/wsgi.py:992
2025-10-14 07:29:50.427 18 INFO neutron.wsgi [-] 192.168.122.100 "GET /healthcheck HTTP/1.0" status: 200 len: 137 time: 0.0026100
2025-10-14 07:29:50.917 17 DEBUG neutron.wsgi [-] (17) accepted ('192.168.122.100', 60054) server /usr/lib/python3.9/site-packages/eventlet/wsgi.py:992
2025-10-14 07:29:50.920 17 INFO neutron.wsgi [-] 192.168.122.100 "GET / HTTP/1.1" status: 200 len: 233 time: 0.0019674
2025-10-14 07:29:52.429 17 DEBUG neutron.wsgi [-] (17) accepted ('192.168.122.100', 60070) server /usr/lib/python3.9/site-packages/eventlet/wsgi.py:992
2025-10-14 07:29:52.431 17 INFO neutron.wsgi [-] 192.168.122.100 "GET /healthcheck HTTP/1.0" status: 200 len: 137 time: 0.0012889
2025-10-14 07:29:54.433 16 DEBUG neutron.wsgi [-] (16) accepted ('192.168.122.100', 60072) server /usr/lib/python3.9/site-packages/eventlet/wsgi.py:992
2025-10-14 07:29:54.437 16 INFO neutron.wsgi [-] 192.168.122.100 "GET /healthcheck HTTP/1.0" status: 200 len: 137 time: 0.0028315
2025-10-14 07:29:56.439 16 DEBUG neutron.wsgi [-] (16) accepted ('192.168.122.100', 56114) server /usr/lib/python3.9/site-packages/eventlet/wsgi.py:992
2025-10-14 07:29:56.442 16 INFO neutron.wsgi [-] 192.168.122.100 "GET /healthcheck HTTP/1.0" status: 200 len: 137 time: 0.0018456
2025-10-14 07:29:58.443 18 DEBUG neutron.wsgi [-] (18) accepted ('192.168.122.100', 56128) server /usr/lib/python3.9/site-packages/eventlet/wsgi.py:992
2025-10-14 07:29:58.445 18 INFO neutron.wsgi [-] 192.168.122.100 "GET /healthcheck HTTP/1.0" status: 200 len: 137 time: 0.0013442
2025-10-14 07:30:00.447 17 DEBUG neutron.wsgi [-] (17) accepted ('192.168.122.100', 56136) server /usr/lib/python3.9/site-packages/eventlet/wsgi.py:992
2025-10-14 07:30:00.449 17 INFO neutron.wsgi [-] 192.168.122.100 "GET /healthcheck HTTP/1.0" status: 200 len: 137 time: 0.0012476
2025-10-14 07:30:02.451 18 DEBUG neutron.wsgi [-] (18) accepted ('192.168.122.100', 56144) server /usr/lib/python3.9/site-packages/eventlet/wsgi.py:992
2025-10-14 07:30:02.454 18 INFO neutron.wsgi [-] 192.168.122.100 "GET /healthcheck HTTP/1.0" status: 200 len: 137 time: 0.0025494
2025-10-14 07:30:04.456 15 DEBUG neutron.wsgi [-] (15) accepted ('192.168.122.100', 56152) server /usr/lib/python3.9/site-packages/eventlet/wsgi.py:992
2025-10-14 07:30:04.460 15 INFO neutron.wsgi [-] 192.168.122.100 "GET /healthcheck HTTP/1.0" status: 200 len: 137 time: 0.0025096
2025-10-14 07:30:06.462 18 DEBUG neutron.wsgi [-] (18) accepted ('192.168.122.100', 55220) server /usr/lib/python3.9/site-packages/eventlet/wsgi.py:992
2025-10-14 07:30:06.464 18 INFO neutron.wsgi [-] 192.168.122.100 "GET /healthcheck HTTP/1.0" status: 200 len: 137 time: 0.0018756
2025-10-14 07:30:08.465 18 DEBUG neutron.wsgi [-] (18) accepted ('192.168.122.100', 55228) server /usr/lib/python3.9/site-packages/eventlet/wsgi.py:992
2025-10-14 07:30:08.469 18 INFO neutron.wsgi [-] 192.168.122.100 "GET /healthcheck HTTP/1.0" status: 200 len: 137 time: 0.0027931
2025-10-14 07:30:10.471 18 DEBUG neutron.wsgi [-] (18) accepted ('192.168.122.100', 55230) server /usr/lib/python3.9/site-packages/eventlet/wsgi.py:992
2025-10-14 07:30:10.474 18 INFO neutron.wsgi [-] 192.168.122.100 "GET /healthcheck HTTP/1.0" status: 200 len: 137 time: 0.0025191
2025-10-14 07:30:12.476 18 DEBUG neutron.wsgi [-] (18) accepted ('192.168.122.100', 55242) server /usr/lib/python3.9/site-packages/eventlet/wsgi.py:992
2025-10-14 07:30:12.480 18 INFO neutron.wsgi [-] 192.168.122.100 "GET /healthcheck HTTP/1.0" status: 200 len: 137 time: 0.0025527
2025-10-14 07:30:14.482 18 DEBUG neutron.wsgi [-] (18) accepted ('192.168.122.100', 55256) server /usr/lib/python3.9/site-packages/eventlet/wsgi.py:992
2025-10-14 07:30:14.484 18 INFO neutron.wsgi [-] 192.168.122.100 "GET /healthcheck HTTP/1.0" status: 200 len: 137 time: 0.0012534
2025-10-14 07:30:16.486 18 DEBUG neutron.wsgi [-] (18) accepted ('192.168.122.100', 48724) server /usr/lib/python3.9/site-packages/eventlet/wsgi.py:992
2025-10-14 07:30:16.489 18 INFO neutron.wsgi [-] 192.168.122.100 "GET /healthcheck HTTP/1.0" status: 200 len: 137 time: 0.0024881
2025-10-14 07:30:18.491 18 DEBUG neutron.wsgi [-] (18) accepted ('192.168.122.100', 48738) server /usr/lib/python3.9/site-packages/eventlet/wsgi.py:992
2025-10-14 07:30:18.494 18 INFO neutron.wsgi [-] 192.168.122.100 "GET /healthcheck HTTP/1.0" status: 200 len: 137 time: 0.0025463
2025-10-14 07:30:20.496 16 DEBUG neutron.wsgi [-] (16) accepted ('192.168.122.100', 48746) server /usr/lib/python3.9/site-packages/eventlet/wsgi.py:992
2025-10-14 07:30:20.499 16 INFO neutron.wsgi [-] 192.168.122.100 "GET /healthcheck HTTP/1.0" status: 200 len: 137 time: 0.0025299
2025-10-14 07:30:22.005 18 DEBUG neutron.wsgi [-] (18) accepted ('192.168.122.100', 48754) server /usr/lib/python3.9/site-packages/eventlet/wsgi.py:992
2025-10-14 07:30:22.009 18 INFO neutron.wsgi [-] 192.168.122.100 "GET / HTTP/1.1" status: 200 len: 233 time: 0.0026367
2025-10-14 07:30:22.501 17 DEBUG neutron.wsgi [-] (17) accepted ('192.168.122.100', 48764) server /usr/lib/python3.9/site-packages/eventlet/wsgi.py:992
2025-10-14 07:30:22.503 17 INFO neutron.wsgi [-] 192.168.122.100 "GET /healthcheck HTTP/1.0" status: 200 len: 137 time: 0.0016367
2025-10-14 07:30:24.505 18 DEBUG neutron.wsgi [-] (18) accepted ('192.168.122.100', 48776) server /usr/lib/python3.9/site-packages/eventlet/wsgi.py:992
2025-10-14 07:30:24.509 18 INFO neutron.wsgi [-] 192.168.122.100 "GET /healthcheck HTTP/1.0" status: 200 len: 137 time: 0.0026429
2025-10-14 07:30:26.511 15 DEBUG neutron.wsgi [-] (15) accepted ('192.168.122.100', 43772) server /usr/lib/python3.9/site-packages/eventlet/wsgi.py:992
2025-10-14 07:30:26.513 15 INFO neutron.wsgi [-] 192.168.122.100 "GET /healthcheck HTTP/1.0" status: 200 len: 137 time: 0.0017259
2025-10-14 07:30:28.515 16 DEBUG neutron.wsgi [-] (16) accepted ('192.168.122.100', 43784) server /usr/lib/python3.9/site-packages/eventlet/wsgi.py:992
2025-10-14 07:30:28.518 16 INFO neutron.wsgi [-] 192.168.122.100 "GET /healthcheck HTTP/1.0" status: 200 len: 137 time: 0.0015202
2025-10-14 07:30:30.520 17 DEBUG neutron.wsgi [-] (17) accepted ('192.168.122.100', 43796) server /usr/lib/python3.9/site-packages/eventlet/wsgi.py:992
2025-10-14 07:30:30.522 17 INFO neutron.wsgi [-] 192.168.122.100 "GET /healthcheck HTTP/1.0" status: 200 len: 137 time: 0.0012569
2025-10-14 07:30:32.524 15 DEBUG neutron.wsgi [-] (15) accepted ('192.168.122.100', 43812) server /usr/lib/python3.9/site-packages/eventlet/wsgi.py:992
2025-10-14 07:30:32.526 15 INFO neutron.wsgi [-] 192.168.122.100 "GET /healthcheck HTTP/1.0" status: 200 len: 137 time: 0.0013578
2025-10-14 07:30:34.528 18 DEBUG neutron.wsgi [-] (18) accepted ('192.168.122.100', 43820) server /usr/lib/python3.9/site-packages/eventlet/wsgi.py:992
2025-10-14 07:30:34.532 18 INFO neutron.wsgi [-] 192.168.122.100 "GET /healthcheck HTTP/1.0" status: 200 len: 137 time: 0.0021882
2025-10-14 07:30:36.533 17 DEBUG neutron.wsgi [-] (17) accepted ('192.168.122.100', 33592) server /usr/lib/python3.9/site-packages/eventlet/wsgi.py:992
2025-10-14 07:30:36.537 17 INFO neutron.wsgi [-] 192.168.122.100 "GET /healthcheck HTTP/1.0" status: 200 len: 137 time: 0.0024428
2025-10-14 07:30:38.539 17 DEBUG neutron.wsgi [-] (17) accepted ('192.168.122.100', 33598) server /usr/lib/python3.9/site-packages/eventlet/wsgi.py:992
2025-10-14 07:30:38.541 17 INFO neutron.wsgi [-] 192.168.122.100 "GET /healthcheck HTTP/1.0" status: 200 len: 137 time: 0.0017400
2025-10-14 07:30:40.543 16 DEBUG neutron.wsgi [-] (16) accepted ('192.168.122.100', 33604) server /usr/lib/python3.9/site-packages/eventlet/wsgi.py:992
2025-10-14 07:30:40.545 16 INFO neutron.wsgi [-] 192.168.122.100 "GET /healthcheck HTTP/1.0" status: 200 len: 137 time: 0.0017796
2025-10-14 07:30:42.546 15 DEBUG neutron.wsgi [-] (15) accepted ('192.168.122.100', 33612) server /usr/lib/python3.9/site-packages/eventlet/wsgi.py:992
2025-10-14 07:30:42.548 15 INFO neutron.wsgi [-] 192.168.122.100 "GET /healthcheck HTTP/1.0" status: 200 len: 137 time: 0.0013678
2025-10-14 07:30:44.550 18 DEBUG neutron.wsgi [-] (18) accepted ('192.168.122.100', 33616) server /usr/lib/python3.9/site-packages/eventlet/wsgi.py:992
2025-10-14 07:30:44.554 18 INFO neutron.wsgi [-] 192.168.122.100 "GET /healthcheck HTTP/1.0" status: 200 len: 137 time: 0.0025222
2025-10-14 07:30:46.556 15 DEBUG neutron.wsgi [-] (15) accepted ('192.168.122.100', 47660) server /usr/lib/python3.9/site-packages/eventlet/wsgi.py:992
2025-10-14 07:30:46.558 15 INFO neutron.wsgi [-] 192.168.122.100 "GET /healthcheck HTTP/1.0" status: 200 len: 137 time: 0.0012927
2025-10-14 07:30:48.560 18 DEBUG neutron.wsgi [-] (18) accepted ('192.168.122.100', 47666) server /usr/lib/python3.9/site-packages/eventlet/wsgi.py:992
2025-10-14 07:30:48.564 18 INFO neutron.wsgi [-] 192.168.122.100 "GET /healthcheck HTTP/1.0" status: 200 len: 137 time: 0.0030065
2025-10-14 07:30:50.566 16 DEBUG neutron.wsgi [-] (16) accepted ('192.168.122.100', 47672) server /usr/lib/python3.9/site-packages/eventlet/wsgi.py:992
2025-10-14 07:30:50.568 16 INFO neutron.wsgi [-] 192.168.122.100 "GET /healthcheck HTTP/1.0" status: 200 len: 137 time: 0.0013747
2025-10-14 07:30:52.568 18 DEBUG neutron.wsgi [-] (18) accepted ('192.168.122.100', 47682) server /usr/lib/python3.9/site-packages/eventlet/wsgi.py:992
2025-10-14 07:30:52.568 16 DEBUG neutron.wsgi [-] (16) accepted ('192.168.122.100', 47692) server /usr/lib/python3.9/site-packages/eventlet/wsgi.py:992
2025-10-14 07:30:52.570 18 INFO neutron.wsgi [-] 192.168.122.100 "GET /healthcheck HTTP/1.0" status: 200 len: 137 time: 0.0013447
2025-10-14 07:30:53.039 18 DEBUG neutron.wsgi [-] (18) accepted ('192.168.122.100', 47698) server /usr/lib/python3.9/site-packages/eventlet/wsgi.py:992
2025-10-14 07:30:53.041 18 INFO neutron.wsgi [-] 192.168.122.100 "GET / HTTP/1.1" status: 200 len: 233 time: 0.0012805
2025-10-14 07:30:53.325 16 DEBUG neutron.policy [req-6308d71a-418c-4dce-acd4-ed365ef0acb6 c02f3ebb3f9947439f25736305573ec2 d388af1b00194e40ada407009d98f654 - default default] Loaded default policies from ['networking-bgpvpn', 'neutron'] under neutron.policies entry points register_rules /usr/lib/python3.9/site-packages/neutron/policy.py:73
2025-10-14 07:30:53.352 16 INFO neutron.wsgi [req-6308d71a-418c-4dce-acd4-ed365ef0acb6 c02f3ebb3f9947439f25736305573ec2 d388af1b00194e40ada407009d98f654 - default default] 192.168.122.99,192.168.122.100 "GET /v2.0/networks?name=ctlplane HTTP/1.1" status: 200 len: 189 time: 0.7826557
2025-10-14 07:30:53.361 16 DEBUG neutron.api.v2.base [req-d0387819-3516-49d5-a8e4-349279ec2f98 c02f3ebb3f9947439f25736305573ec2 d388af1b00194e40ada407009d98f654 - default default] Request body: {'network': {'name': 'ctlplane', 'mtu': 1500, 'provider:network_type': 'flat', 'dns_domain': 'ctlplane.ooo.test.', 'provider:physical_network': 'ctlplane'}} prepare_request_body /usr/lib/python3.9/site-packages/neutron/api/v2/base.py:729
2025-10-14 07:30:53.380 16 DEBUG neutron.pecan_wsgi.hooks.quota_enforcement [req-d0387819-3516-49d5-a8e4-349279ec2f98 c02f3ebb3f9947439f25736305573ec2 d388af1b00194e40ada407009d98f654 - default default] Made reservation on behalf of d388af1b00194e40ada407009d98f654 for: {'network': 1} before /usr/lib/python3.9/site-packages/neutron/pecan_wsgi/hooks/quota_enforcement.py:53
2025-10-14 07:30:53.382 16 DEBUG neutron_lib.callbacks.manager [req-d0387819-3516-49d5-a8e4-349279ec2f98 c02f3ebb3f9947439f25736305573ec2 d388af1b00194e40ada407009d98f654 - default default] Notify callbacks ['neutron.plugins.ml2.plugin.SecurityGroupDbMixin._ensure_default_security_group_handler-1803135'] for network, before_create _notify_loop /usr/lib/python3.9/site-packages/neutron_lib/callbacks/manager.py:200
2025-10-14 07:30:53.396 16 DEBUG neutron_lib.callbacks.manager [req-d0387819-3516-49d5-a8e4-349279ec2f98 c02f3ebb3f9947439f25736305573ec2 d388af1b00194e40ada407009d98f654 - default default] Notify callbacks [] for security_group, before_create _notify_loop /usr/lib/python3.9/site-packages/neutron_lib/callbacks/manager.py:200
2025-10-14 07:30:53.463 16 DEBUG neutron_lib.callbacks.manager [req-d0387819-3516-49d5-a8e4-349279ec2f98 c02f3ebb3f9947439f25736305573ec2 d388af1b00194e40ada407009d98f654 - default default] Notify callbacks [] for security_group, precommit_create _notify_loop /usr/lib/python3.9/site-packages/neutron_lib/callbacks/manager.py:200
2025-10-14 07:30:53.469 16 DEBUG neutron_lib.callbacks.manager [req-d0387819-3516-49d5-a8e4-349279ec2f98 c02f3ebb3f9947439f25736305573ec2 d388af1b00194e40ada407009d98f654 - default default] Notify callbacks ['neutron.plugins.ml2.ovo_rpc._ObjectChangeHandler.handle_event-601338'] for security_group, after_create _notify_loop /usr/lib/python3.9/site-packages/neutron_lib/callbacks/manager.py:200
2025-10-14 07:30:53.483 16 DEBUG neutron.plugins.ml2.drivers.type_flat [req-d0387819-3516-49d5-a8e4-349279ec2f98 c02f3ebb3f9947439f25736305573ec2 d388af1b00194e40ada407009d98f654 - default default] Reserving flat network on physical network ctlplane reserve_provider_segment /usr/lib/python3.9/site-packages/neutron/plugins/ml2/drivers/type_flat.py:100
2025-10-14 07:30:53.494 16 DEBUG neutron.api.rpc.handlers.resources_rpc [req-d0387819-3516-49d5-a8e4-349279ec2f98 c02f3ebb3f9947439f25736305573ec2 d388af1b00194e40ada407009d98f654 - - -] Pushing event updated for resources: {'SecurityGroup': ['ID=d6df4a75-8e81-4acc-84ba-d8992465628e,revision_number=1']} push /usr/lib/python3.9/site-packages/neutron/api/rpc/handlers/resources_rpc.py:237
2025-10-14 07:30:53.497 16 DEBUG neutron_lib.callbacks.manager [req-d0387819-3516-49d5-a8e4-349279ec2f98 c02f3ebb3f9947439f25736305573ec2 d388af1b00194e40ada407009d98f654 - default default] Notify callbacks ['neutron.services.segments.db._add_segment_host_mapping_for_segment-8783846264935', 'neutron.plugins.ml2.plugin.Ml2Plugin._handle_segment_change-1444108'] for segment, precommit_create _notify_loop /usr/lib/python3.9/site-packages/neutron_lib/callbacks/manager.py:200
2025-10-14 07:30:53.500 16 DEBUG neutron.plugins.ml2.drivers.mech_agent [req-d0387819-3516-49d5-a8e4-349279ec2f98 c02f3ebb3f9947439f25736305573ec2 d388af1b00194e40ada407009d98f654 - default default] Checking segment: NetworkSegment(created_at=2025-10-14T07:30:53Z,description=,hosts=[],id=37d21b6c-975b-41df-9153-9cf80270ba1f,is_dynamic=False,name=,network_id=8e9521c9-bb42-4d50-b229-7d9896859293,network_type='flat',physical_network='ctlplane',revision_number=0,segment_index=0,segmentation_id=None,updated_at=2025-10-14T07:30:53Z) for mappings: {'ctlplane': 'br-ctlplane'} with network types: ['local', 'flat', 'vlan'] check_segment_for_agent /usr/lib/python3.9/site-packages/neutron/plugins/ml2/drivers/mech_agent.py:343
2025-10-14 07:30:53.502 16 DEBUG neutron.api.rpc.callbacks.version_manager [req-d0387819-3516-49d5-a8e4-349279ec2f98 c02f3ebb3f9947439f25736305573ec2 d388af1b00194e40ada407009d98f654 - - -] Version for resource type AddressGroup changed None to 1.2 on consumer Open vSwitch agent@undercloud.ooo.test _set_version /usr/lib/python3.9/site-packages/neutron/api/rpc/callbacks/version_manager.py:113
2025-10-14 07:30:53.502 16 DEBUG neutron.api.rpc.callbacks.version_manager [req-d0387819-3516-49d5-a8e4-349279ec2f98 c02f3ebb3f9947439f25736305573ec2 d388af1b00194e40ada407009d98f654 - - -] Version for resource type ConntrackHelper changed None to 1.0 on consumer Open vSwitch agent@undercloud.ooo.test _set_version /usr/lib/python3.9/site-packages/neutron/api/rpc/callbacks/version_manager.py:113
2025-10-14 07:30:53.502 16 DEBUG neutron.api.rpc.callbacks.version_manager [req-d0387819-3516-49d5-a8e4-349279ec2f98 c02f3ebb3f9947439f25736305573ec2 d388af1b00194e40ada407009d98f654 - - -] Version for resource type Log changed None to 1.0 on consumer Open vSwitch agent@undercloud.ooo.test _set_version /usr/lib/python3.9/site-packages/neutron/api/rpc/callbacks/version_manager.py:113
2025-10-14 07:30:53.502 16 DEBUG neutron.api.rpc.callbacks.version_manager [req-d0387819-3516-49d5-a8e4-349279ec2f98 c02f3ebb3f9947439f25736305573ec2 d388af1b00194e40ada407009d98f654 - - -] Version for resource type Network changed None to 1.1 on consumer Open vSwitch agent@undercloud.ooo.test _set_version /usr/lib/python3.9/site-packages/neutron/api/rpc/callbacks/version_manager.py:113
2025-10-14 07:30:53.502 16 DEBUG neutron.api.rpc.callbacks.version_manager [req-d0387819-3516-49d5-a8e4-349279ec2f98 c02f3ebb3f9947439f25736305573ec2 d388af1b00194e40ada407009d98f654 - - -] Version for resource type Port changed None to 1.7 on consumer Open vSwitch agent@undercloud.ooo.test _set_version /usr/lib/python3.9/site-packages/neutron/api/rpc/callbacks/version_manager.py:113
2025-10-14 07:30:53.503 16 DEBUG neutron.api.rpc.callbacks.version_manager [req-d0387819-3516-49d5-a8e4-349279ec2f98 c02f3ebb3f9947439f25736305573ec2 d388af1b00194e40ada407009d98f654 - - -] Version for resource type PortForwarding changed None to 1.2 on consumer Open vSwitch agent@undercloud.ooo.test _set_version /usr/lib/python3.9/site-packages/neutron/api/rpc/callbacks/version_manager.py:113
2025-10-14 07:30:53.503 16 DEBUG neutron.api.rpc.callbacks.version_manager [req-d0387819-3516-49d5-a8e4-349279ec2f98 c02f3ebb3f9947439f25736305573ec2 d388af1b00194e40ada407009d98f654 - - -] Version for resource type QosPolicy changed None to 1.8 on consumer Open vSwitch agent@undercloud.ooo.test _set_version /usr/lib/python3.9/site-packages/neutron/api/rpc/callbacks/version_manager.py:113
2025-10-14 07:30:53.503 16 DEBUG neutron.api.rpc.callbacks.version_manager [req-d0387819-3516-49d5-a8e4-349279ec2f98 c02f3ebb3f9947439f25736305573ec2 d388af1b00194e40ada407009d98f654 - - -] Version for resource type SecurityGroup changed None to 1.5 on consumer Open vSwitch agent@undercloud.ooo.test _set_version /usr/lib/python3.9/site-packages/neutron/api/rpc/callbacks/version_manager.py:113
2025-10-14 07:30:53.503 16 DEBUG neutron.api.rpc.callbacks.version_manager [req-d0387819-3516-49d5-a8e4-349279ec2f98 c02f3ebb3f9947439f25736305573ec2 d388af1b00194e40ada407009d98f654 - - -] Version for resource type SecurityGroupRule changed None to 1.2 on consumer Open vSwitch agent@undercloud.ooo.test _set_version /usr/lib/python3.9/site-packages/neutron/api/rpc/callbacks/version_manager.py:113
2025-10-14 07:30:53.503 16 DEBUG neutron.api.rpc.callbacks.version_manager [req-d0387819-3516-49d5-a8e4-349279ec2f98 c02f3ebb3f9947439f25736305573ec2 d388af1b00194e40ada407009d98f654 - - -] Version for resource type SubPort changed None to 1.0 on consumer Open vSwitch agent@undercloud.ooo.test _set_version /usr/lib/python3.9/site-packages/neutron/api/rpc/callbacks/version_manager.py:113
2025-10-14 07:30:53.503 16 DEBUG neutron.api.rpc.callbacks.version_manager [req-d0387819-3516-49d5-a8e4-349279ec2f98 c02f3ebb3f9947439f25736305573ec2 d388af1b00194e40ada407009d98f654 - - -] Version for resource type Subnet changed None to 1.1 on consumer Open vSwitch agent@undercloud.ooo.test _set_version /usr/lib/python3.9/site-packages/neutron/api/rpc/callbacks/version_manager.py:113
2025-10-14 07:30:53.503 16 DEBUG neutron.api.rpc.callbacks.version_manager [req-d0387819-3516-49d5-a8e4-349279ec2f98 c02f3ebb3f9947439f25736305573ec2 d388af1b00194e40ada407009d98f654 - - -] Version for resource type Trunk changed None to 1.1 on consumer Open vSwitch agent@undercloud.ooo.test _set_version /usr/lib/python3.9/site-packages/neutron/api/rpc/callbacks/version_manager.py:113
2025-10-14 07:30:53.504 16 DEBUG neutron.api.rpc.callbacks.version_manager [req-d0387819-3516-49d5-a8e4-349279ec2f98 c02f3ebb3f9947439f25736305573ec2 d388af1b00194e40ada407009d98f654 - - -] Tracked resource versions report: pushed versions: { 'AddressGroup': {'1.2'}, 'ConntrackHelper': {'1.0'}, 'Log': {'1.0'}, 'Network': {'1.1'}, 'Port': {'1.7'}, 'PortForwarding': {'1.2'}, 'QosPolicy': {'1.8'}, 'SecurityGroup': {'1.5'}, 'SecurityGroupRule': {'1.2'}, 'SubPort': {'1.0'}, 'Subnet': {'1.1'}, 'Trunk': {'1.1'}} consumer versions: { DHCP agent@undercloud.ooo.test: {}, L3 agent@undercloud.ooo.test: {}, Open vSwitch agent@undercloud.ooo.test: { 'AddressGroup': '1.2', 'ConntrackHelper': '1.0', 'Log': '1.0', 'Network': '1.1', 'Port': '1.7', 'PortForwarding': '1.2', 'QosPolicy': '1.8', 'SecurityGroup': '1.5', 'SecurityGroupRule': '1.2', 'SubPort': '1.0', 'Subnet': '1.1', 'Trunk': '1.1'}} report /usr/lib/python3.9/site-packages/neutron/api/rpc/callbacks/version_manager.py:175
2025-10-14 07:30:53.518 16 INFO neutron.db.segments_db [req-d0387819-3516-49d5-a8e4-349279ec2f98 c02f3ebb3f9947439f25736305573ec2 d388af1b00194e40ada407009d98f654 - default default] Added segment 37d21b6c-975b-41df-9153-9cf80270ba1f of type flat for network 8e9521c9-bb42-4d50-b229-7d9896859293
2025-10-14 07:30:53.559 16 DEBUG neutron_lib.callbacks.manager [req-d0387819-3516-49d5-a8e4-349279ec2f98 c02f3ebb3f9947439f25736305573ec2 d388af1b00194e40ada407009d98f654 - default default] Notify callbacks ['neutron.services.auto_allocate.db._ensure_external_network_default_value_callback-8783845619330'] for network, precommit_create _notify_loop /usr/lib/python3.9/site-packages/neutron_lib/callbacks/manager.py:200
2025-10-14 07:30:53.582 16 DEBUG neutron_lib.callbacks.manager [req-d0387819-3516-49d5-a8e4-349279ec2f98 c02f3ebb3f9947439f25736305573ec2 d388af1b00194e40ada407009d98f654 - default default] Notify callbacks ['neutron.plugins.ml2.ovo_rpc._ObjectChangeHandler.handle_event-601131', 'neutron.api.rpc.agentnotifiers.dhcp_rpc_agent_api.DhcpAgentNotifyAPI._native_event_send_dhcp_notification-710301'] for network, after_create _notify_loop /usr/lib/python3.9/site-packages/neutron_lib/callbacks/manager.py:200
2025-10-14 07:30:53.583 16 DEBUG neutron.pecan_wsgi.hooks.policy_enforcement [req-d0387819-3516-49d5-a8e4-349279ec2f98 c02f3ebb3f9947439f25736305573ec2 d388af1b00194e40ada407009d98f654 - default default] Attributes excluded by policy engine: ['standard_attr_id', 'vlan_transparent'] _exclude_attributes_by_policy /usr/lib/python3.9/site-packages/neutron/pecan_wsgi/hooks/policy_enforcement.py:259
2025-10-14 07:30:53.584 16 DEBUG neutron_lib.callbacks.manager [req-d0387819-3516-49d5-a8e4-349279ec2f98 c02f3ebb3f9947439f25736305573ec2 d388af1b00194e40ada407009d98f654 - default default] Notify callbacks ['neutron.api.rpc.agentnotifiers.dhcp_rpc_agent_api.DhcpAgentNotifyAPI._send_dhcp_notification-710383'] for network, before_response _notify_loop /usr/lib/python3.9/site-packages/neutron_lib/callbacks/manager.py:200
2025-10-14 07:30:53.628 16 INFO neutron.wsgi [req-d0387819-3516-49d5-a8e4-349279ec2f98 c02f3ebb3f9947439f25736305573ec2 d388af1b00194e40ada407009d98f654 - default default] 192.168.122.99,192.168.122.100 "POST /v2.0/networks HTTP/1.1" status: 201 len: 881 time: 0.2696235
2025-10-14 07:30:53.635 16 DEBUG neutron.api.rpc.handlers.resources_rpc [req-d0387819-3516-49d5-a8e4-349279ec2f98 c02f3ebb3f9947439f25736305573ec2 d388af1b00194e40ada407009d98f654 - - -] Pushing event updated for resources: {'Network': ['ID=8e9521c9-bb42-4d50-b229-7d9896859293,revision_number=1']} push /usr/lib/python3.9/site-packages/neutron/api/rpc/handlers/resources_rpc.py:237
2025-10-14 07:30:53.658 16 INFO neutron.wsgi [req-220a1281-206b-48d7-af1e-a76b802b5350 c02f3ebb3f9947439f25736305573ec2 d388af1b00194e40ada407009d98f654 - default default] 192.168.122.99,192.168.122.100 "GET /v2.0/subnets?cidr=192.168.122.0%2F24&network_id=8e9521c9-bb42-4d50-b229-7d9896859293 HTTP/1.1" status: 200 len: 188 time: 0.0230401
2025-10-14 07:30:53.662 20 DEBUG neutron.plugins.ml2.rpc [req-3242208e-f413-4444-9f29-f36da9350005 - - - - -] Network 8e9521c9-bb42-4d50-b229-7d9896859293 details requested by agent ovs-agent-undercloud.ooo.test with host undercloud.ooo.test get_network_details /usr/lib/python3.9/site-packages/neutron/plugins/ml2/rpc.py:232
2025-10-14 07:30:53.665 16 DEBUG neutron.services.segments.db [req-0094553a-370a-46a1-9de2-6d3dc92b71a5 c02f3ebb3f9947439f25736305573ec2 d388af1b00194e40ada407009d98f654 - default default] neutron.services.segments.plugin.Plugin method get_segments called with arguments (,) {'filters': {'network_id': ['8e9521c9-bb42-4d50-b229-7d9896859293'], 'physical_network': ['ctlplane']}, 'fields': [], 'sorts': [('id', True)], 'limit': None, 'marker': None, 'page_reverse': False} wrapper /usr/lib/python3.9/site-packages/oslo_log/helpers.py:65
2025-10-14 07:30:53.677 16 INFO neutron.wsgi [req-0094553a-370a-46a1-9de2-6d3dc92b71a5 c02f3ebb3f9947439f25736305573ec2 d388af1b00194e40ada407009d98f654 - default default] 192.168.122.99,192.168.122.100 "GET /v2.0/segments?network_id=8e9521c9-bb42-4d50-b229-7d9896859293&physical_network=ctlplane HTTP/1.1" status: 200 len: 505 time: 0.0142629
2025-10-14 07:30:53.685 16 DEBUG neutron.api.v2.base [req-f1951ead-a169-46ef-846f-1e8e97cb2fa9 c02f3ebb3f9947439f25736305573ec2 d388af1b00194e40ada407009d98f654 - default default] Request body: {'subnet': {'cidr': '192.168.122.0/24', 'name': 'ctlplane-subnet', 'enable_dhcp': True, 'network_id': '8e9521c9-bb42-4d50-b229-7d9896859293', 'host_routes': [], 'dns_nameservers': ['192.168.122.10'], 'segment_id': None, 'ip_version': '4', 'allocation_pools': [{'end': '192.168.122.130', 'start': '192.168.122.110'}], 'gateway_ip': '192.168.122.10'}} prepare_request_body /usr/lib/python3.9/site-packages/neutron/api/v2/base.py:729
2025-10-14 07:30:53.698 16 DEBUG neutron.pecan_wsgi.hooks.quota_enforcement [req-f1951ead-a169-46ef-846f-1e8e97cb2fa9 c02f3ebb3f9947439f25736305573ec2 d388af1b00194e40ada407009d98f654 - default default] Made reservation on behalf of d388af1b00194e40ada407009d98f654 for: {'subnet': 1} before /usr/lib/python3.9/site-packages/neutron/pecan_wsgi/hooks/quota_enforcement.py:53
2025-10-14 07:30:53.699 16 DEBUG neutron_lib.callbacks.manager [req-f1951ead-a169-46ef-846f-1e8e97cb2fa9 c02f3ebb3f9947439f25736305573ec2 d388af1b00194e40ada407009d98f654 - default default] Notify callbacks ['neutron.services.segments.plugin.SegmentHostRoutes.host_routes_before_create-66630105'] for subnet, before_create _notify_loop /usr/lib/python3.9/site-packages/neutron_lib/callbacks/manager.py:200
2025-10-14 07:30:53.739 16 DEBUG neutron.db.ipam_backend_mixin [req-f1951ead-a169-46ef-846f-1e8e97cb2fa9 c02f3ebb3f9947439f25736305573ec2 d388af1b00194e40ada407009d98f654 - default default] Performing IP validity checks on allocation pools validate_allocation_pools /usr/lib/python3.9/site-packages/neutron/db/ipam_backend_mixin.py:314
2025-10-14 07:30:53.740 16 DEBUG neutron.db.ipam_backend_mixin [req-f1951ead-a169-46ef-846f-1e8e97cb2fa9 c02f3ebb3f9947439f25736305573ec2 d388af1b00194e40ada407009d98f654 - default default] Checking for overlaps among allocation pools and gateway ip validate_allocation_pools /usr/lib/python3.9/site-packages/neutron/db/ipam_backend_mixin.py:335
2025-10-14 07:30:53.830 16 DEBUG neutron_lib.callbacks.manager [req-f1951ead-a169-46ef-846f-1e8e97cb2fa9 c02f3ebb3f9947439f25736305573ec2 d388af1b00194e40ada407009d98f654 - default default] Notify callbacks ['neutron.plugins.ml2.ovo_rpc._ObjectChangeHandler.handle_event-641174', 'neutron.api.rpc.agentnotifiers.dhcp_rpc_agent_api.DhcpAgentNotifyAPI._native_event_send_dhcp_notification-710301', 'neutron.services.segments.plugin.NovaSegmentNotifier._notify_subnet_created-503150', 'neutron.services.segments.plugin.SegmentHostRoutes.host_routes_after_create-66630087'] for subnet, after_create _notify_loop /usr/lib/python3.9/site-packages/neutron_lib/callbacks/manager.py:200
2025-10-14 07:30:53.856 16 DEBUG neutron.api.rpc.handlers.resources_rpc [req-f1951ead-a169-46ef-846f-1e8e97cb2fa9 c02f3ebb3f9947439f25736305573ec2 d388af1b00194e40ada407009d98f654 - - -] Pushing event updated for resources: {'Subnet': ['ID=32b0fc0b-8b9c-4385-a283-333a987abd89,revision_number=0']} push /usr/lib/python3.9/site-packages/neutron/api/rpc/handlers/resources_rpc.py:237
2025-10-14 07:30:53.876 16 DEBUG neutron.plugins.ml2.drivers.mech_agent [req-f1951ead-a169-46ef-846f-1e8e97cb2fa9 c02f3ebb3f9947439f25736305573ec2 d388af1b00194e40ada407009d98f654 - default default] Checking segment: {'id': '37d21b6c-975b-41df-9153-9cf80270ba1f', 'network_type': 'flat', 'physical_network': 'ctlplane', 'segmentation_id': None, 'network_id': '8e9521c9-bb42-4d50-b229-7d9896859293'} for mappings: {'ctlplane': 'br-ctlplane'} with network types: ['local', 'flat', 'vlan'] check_segment_for_agent /usr/lib/python3.9/site-packages/neutron/plugins/ml2/drivers/mech_agent.py:343
2025-10-14 07:30:53.876 16 DEBUG neutron.scheduler.dhcp_agent_scheduler [req-f1951ead-a169-46ef-846f-1e8e97cb2fa9 c02f3ebb3f9947439f25736305573ec2 d388af1b00194e40ada407009d98f654 - default default] Network hostable DHCP agents. Network: 8e9521c9-bb42-4d50-b229-7d9896859293, hostable agents: ['bfba7fb9-6e98-4c08-9d9b-0527e1cbb26e'], hosted agents: [] _get_network_hostable_dhcp_agents /usr/lib/python3.9/site-packages/neutron/scheduler/dhcp_agent_scheduler.py:329
2025-10-14 07:30:53.889 16 DEBUG neutron.scheduler.dhcp_agent_scheduler [req-f1951ead-a169-46ef-846f-1e8e97cb2fa9 c02f3ebb3f9947439f25736305573ec2 d388af1b00194e40ada407009d98f654 - default default] Network 8e9521c9-bb42-4d50-b229-7d9896859293 is scheduled to be hosted by DHCP agent bfba7fb9-6e98-4c08-9d9b-0527e1cbb26e with binding_index 1 bind /usr/lib/python3.9/site-packages/neutron/scheduler/dhcp_agent_scheduler.py:227
2025-10-14 07:30:53.894 16 DEBUG neutron.scheduler.base_scheduler [req-f1951ead-a169-46ef-846f-1e8e97cb2fa9 c02f3ebb3f9947439f25736305573ec2 d388af1b00194e40ada407009d98f654 - default default] Resources bound (agent type, host, resource id): (DHCP agent, undercloud.ooo.test, 8e9521c9-bb42-4d50-b229-7d9896859293) schedule /usr/lib/python3.9/site-packages/neutron/scheduler/base_scheduler.py:57
2025-10-14 07:30:53.900 16 DEBUG neutron.pecan_wsgi.hooks.policy_enforcement [req-f1951ead-a169-46ef-846f-1e8e97cb2fa9 c02f3ebb3f9947439f25736305573ec2 d388af1b00194e40ada407009d98f654 - default default] Attributes excluded by policy engine: ['standard_attr_id', 'shared', 'network'] _exclude_attributes_by_policy /usr/lib/python3.9/site-packages/neutron/pecan_wsgi/hooks/policy_enforcement.py:259
2025-10-14 07:30:53.900 16 DEBUG neutron_lib.callbacks.manager [req-f1951ead-a169-46ef-846f-1e8e97cb2fa9 c02f3ebb3f9947439f25736305573ec2 d388af1b00194e40ada407009d98f654 - default default] Notify callbacks ['neutron.api.rpc.agentnotifiers.dhcp_rpc_agent_api.DhcpAgentNotifyAPI._send_dhcp_notification-710383'] for subnet, before_response _notify_loop /usr/lib/python3.9/site-packages/neutron_lib/callbacks/manager.py:200
2025-10-14 07:30:53.908 21 DEBUG neutron.api.rpc.handlers.dhcp_rpc [req-124bcc7c-2885-45fc-a09f-e56e0a2eb2a1 - - - - -] Network 8e9521c9-bb42-4d50-b229-7d9896859293 requested from undercloud.ooo.test get_network_info /usr/lib/python3.9/site-packages/neutron/api/rpc/handlers/dhcp_rpc.py:213
2025-10-14 07:30:53.909 16 INFO neutron.wsgi [req-f1951ead-a169-46ef-846f-1e8e97cb2fa9 c02f3ebb3f9947439f25736305573ec2 d388af1b00194e40ada407009d98f654 - default default] 192.168.122.99,192.168.122.100 "POST /v2.0/subnets HTTP/1.1" status: 201 len: 847 time: 0.2262230
2025-10-14 07:30:53.918 16 DEBUG neutron.services.tag.tag_plugin [req-ebf26cd0-96aa-4d25-9469-c5d3277a0fc1 c02f3ebb3f9947439f25736305573ec2 d388af1b00194e40ada407009d98f654 - default default] neutron.services.tag.tag_plugin.TagPlugin method update_tags called with arguments (, 'networks', '8e9521c9-bb42-4d50-b229-7d9896859293', {'tags': ['192.168.122.0/24']}) {} wrapper /usr/lib/python3.9/site-packages/oslo_log/helpers.py:65
2025-10-14 07:30:53.975 16 INFO neutron.wsgi [req-ebf26cd0-96aa-4d25-9469-c5d3277a0fc1 c02f3ebb3f9947439f25736305573ec2 d388af1b00194e40ada407009d98f654 - default default] 192.168.122.99,192.168.122.100 "PUT /v2.0/networks/8e9521c9-bb42-4d50-b229-7d9896859293/tags HTTP/1.1" status: 200 len: 204 time: 0.0599360
2025-10-14 07:30:54.111 22 DEBUG neutron.api.rpc.handlers.dhcp_rpc [req-98ae4042-349c-4faf-a82a-1c160c76227b - - - - -] Create dhcp port {'port': {'name': '', 'admin_state_up': True, 'device_id': 'dhcp4ffb0b0c-492f-50f3-b91f-5f97b4a206be-8e9521c9-bb42-4d50-b229-7d9896859293', 'network_id': '8e9521c9-bb42-4d50-b229-7d9896859293', 'tenant_id': 'd388af1b00194e40ada407009d98f654', 'fixed_ips': [{'subnet_id': '32b0fc0b-8b9c-4385-a283-333a987abd89'}]}} from undercloud.ooo.test. create_dhcp_port /usr/lib/python3.9/site-packages/neutron/api/rpc/handlers/dhcp_rpc.py:279
2025-10-14 07:30:54.113 22 DEBUG neutron_lib.callbacks.manager [req-98ae4042-349c-4faf-a82a-1c160c76227b - - - - -] Notify callbacks ['neutron.plugins.ml2.plugin.SecurityGroupDbMixin._ensure_default_security_group_handler-1803135'] for port, before_create _notify_loop /usr/lib/python3.9/site-packages/neutron_lib/callbacks/manager.py:200
2025-10-14 07:30:54.228 22 DEBUG neutron.db.db_base_plugin_common [req-98ae4042-349c-4faf-a82a-1c160c76227b - - - - -] Allocated IP 192.168.122.110 (8e9521c9-bb42-4d50-b229-7d9896859293/32b0fc0b-8b9c-4385-a283-333a987abd89/6b1f80de-eed7-4320-a196-0f911a180e18) _store_ip_allocation /usr/lib/python3.9/site-packages/neutron/db/db_base_plugin_common.py:131
2025-10-14 07:30:54.348 22 DEBUG neutron_lib.callbacks.manager [req-98ae4042-349c-4faf-a82a-1c160c76227b - - - - -] Notify callbacks [] for port, precommit_create _notify_loop /usr/lib/python3.9/site-packages/neutron_lib/callbacks/manager.py:200
2025-10-14 07:30:54.355 22 DEBUG neutron.db.provisioning_blocks [req-98ae4042-349c-4faf-a82a-1c160c76227b - - - - -] Transition to ACTIVE for port object 6b1f80de-eed7-4320-a196-0f911a180e18 will not be triggered until provisioned by entity L2. add_provisioning_component /usr/lib/python3.9/site-packages/neutron/db/provisioning_blocks.py:74
2025-10-14 07:30:54.363 22 DEBUG neutron.db.provisioning_blocks [req-98ae4042-349c-4faf-a82a-1c160c76227b - - - - -] Transition to ACTIVE for port object 6b1f80de-eed7-4320-a196-0f911a180e18 will not be triggered until provisioned by entity DHCP. add_provisioning_component /usr/lib/python3.9/site-packages/neutron/db/provisioning_blocks.py:74
2025-10-14 07:30:54.376 22 DEBUG neutron_lib.callbacks.manager [req-98ae4042-349c-4faf-a82a-1c160c76227b - - - - -] Notify callbacks ['neutron.plugins.ml2.plugin.SecurityGroupServerNotifierRpcMixin.notify_sg_on_port_change-1586059', 'neutron.plugins.ml2.extensions.dns_integration._create_port_in_external_dns_service-8783846149434', 'neutron.plugins.ml2.ovo_rpc._ObjectChangeHandler.handle_event-872418', 'neutron.api.rpc.agentnotifiers.dhcp_rpc_agent_api.DhcpAgentNotifyAPI._native_event_send_dhcp_notification-710301', 'neutron.services.segments.plugin.NovaSegmentNotifier._notify_port_created_or_deleted-503058'] for port, after_create _notify_loop /usr/lib/python3.9/site-packages/neutron_lib/callbacks/manager.py:200
2025-10-14 07:30:54.399 22 DEBUG neutron.scheduler.dhcp_agent_scheduler [req-98ae4042-349c-4faf-a82a-1c160c76227b - - - - -] Network 8e9521c9-bb42-4d50-b229-7d9896859293 is already hosted by enough agents. _get_dhcp_agents_hosting_network /usr/lib/python3.9/site-packages/neutron/scheduler/dhcp_agent_scheduler.py:275
2025-10-14 07:30:54.401 22 DEBUG neutron.scheduler.base_scheduler [req-98ae4042-349c-4faf-a82a-1c160c76227b - - - - -] Resources bound (agent type, host, resource id): schedule /usr/lib/python3.9/site-packages/neutron/scheduler/base_scheduler.py:57
2025-10-14 07:30:54.430 22 DEBUG neutron.api.rpc.handlers.resources_rpc [req-98ae4042-349c-4faf-a82a-1c160c76227b - - - - -] Pushing event updated for resources: {'Port': ['ID=6b1f80de-eed7-4320-a196-0f911a180e18,revision_number=1']} push /usr/lib/python3.9/site-packages/neutron/api/rpc/handlers/resources_rpc.py:237
2025-10-14 07:30:54.435 22 DEBUG neutron.api.rpc.callbacks.version_manager [req-98ae4042-349c-4faf-a82a-1c160c76227b - - - - -] Version for resource type AddressGroup changed None to 1.2 on consumer Open vSwitch agent@undercloud.ooo.test _set_version /usr/lib/python3.9/site-packages/neutron/api/rpc/callbacks/version_manager.py:113
2025-10-14 07:30:54.436 22 DEBUG neutron.api.rpc.callbacks.version_manager [req-98ae4042-349c-4faf-a82a-1c160c76227b - - - - -] Version for resource type ConntrackHelper changed None to 1.0 on consumer Open vSwitch agent@undercloud.ooo.test _set_version /usr/lib/python3.9/site-packages/neutron/api/rpc/callbacks/version_manager.py:113
2025-10-14 07:30:54.436 22 DEBUG neutron.api.rpc.callbacks.version_manager [req-98ae4042-349c-4faf-a82a-1c160c76227b - - - - -] Version for resource type Log changed None to 1.0 on consumer Open vSwitch agent@undercloud.ooo.test _set_version /usr/lib/python3.9/site-packages/neutron/api/rpc/callbacks/version_manager.py:113
2025-10-14 07:30:54.436 22 DEBUG neutron.api.rpc.callbacks.version_manager [req-98ae4042-349c-4faf-a82a-1c160c76227b - - - - -] Version for resource type Network changed None to 1.1 on consumer Open vSwitch agent@undercloud.ooo.test _set_version /usr/lib/python3.9/site-packages/neutron/api/rpc/callbacks/version_manager.py:113
2025-10-14 07:30:54.436 22 DEBUG neutron.api.rpc.callbacks.version_manager [req-98ae4042-349c-4faf-a82a-1c160c76227b - - - - -] Version for resource type Port changed None to 1.7 on consumer Open vSwitch agent@undercloud.ooo.test _set_version /usr/lib/python3.9/site-packages/neutron/api/rpc/callbacks/version_manager.py:113
2025-10-14 07:30:54.436 22 DEBUG neutron.api.rpc.callbacks.version_manager [req-98ae4042-349c-4faf-a82a-1c160c76227b - - - - -] Version for resource type PortForwarding changed None to 1.2 on consumer Open vSwitch agent@undercloud.ooo.test _set_version /usr/lib/python3.9/site-packages/neutron/api/rpc/callbacks/version_manager.py:113
2025-10-14 07:30:54.436 22 DEBUG neutron.api.rpc.callbacks.version_manager [req-98ae4042-349c-4faf-a82a-1c160c76227b - - - - -] Version for resource type QosPolicy changed None to 1.8 on consumer Open vSwitch agent@undercloud.ooo.test _set_version /usr/lib/python3.9/site-packages/neutron/api/rpc/callbacks/version_manager.py:113
2025-10-14 07:30:54.436 22 DEBUG neutron.api.rpc.callbacks.version_manager [req-98ae4042-349c-4faf-a82a-1c160c76227b - - - - -] Version for resource type SecurityGroup changed None to 1.5 on consumer Open vSwitch agent@undercloud.ooo.test _set_version /usr/lib/python3.9/site-packages/neutron/api/rpc/callbacks/version_manager.py:113
2025-10-14 07:30:54.437 22 DEBUG neutron.api.rpc.callbacks.version_manager [req-98ae4042-349c-4faf-a82a-1c160c76227b - - - - -] Version for resource type SecurityGroupRule changed None to 1.2 on consumer Open vSwitch agent@undercloud.ooo.test _set_version /usr/lib/python3.9/site-packages/neutron/api/rpc/callbacks/version_manager.py:113
2025-10-14 07:30:54.437 22 DEBUG neutron.api.rpc.callbacks.version_manager [req-98ae4042-349c-4faf-a82a-1c160c76227b - - - - -] Version for resource type SubPort changed None to 1.0 on consumer Open vSwitch agent@undercloud.ooo.test _set_version /usr/lib/python3.9/site-packages/neutron/api/rpc/callbacks/version_manager.py:113
2025-10-14 07:30:54.437 22 DEBUG neutron.api.rpc.callbacks.version_manager [req-98ae4042-349c-4faf-a82a-1c160c76227b - - - - -] Version for resource type Subnet changed None to 1.1 on consumer Open vSwitch agent@undercloud.ooo.test _set_version /usr/lib/python3.9/site-packages/neutron/api/rpc/callbacks/version_manager.py:113
2025-10-14 07:30:54.437 22 DEBUG neutron.api.rpc.callbacks.version_manager [req-98ae4042-349c-4faf-a82a-1c160c76227b - - - - -] Version for resource type Trunk changed None to 1.1 on consumer Open vSwitch agent@undercloud.ooo.test _set_version /usr/lib/python3.9/site-packages/neutron/api/rpc/callbacks/version_manager.py:113
2025-10-14 07:30:54.437 22 DEBUG neutron.api.rpc.callbacks.version_manager [req-98ae4042-349c-4faf-a82a-1c160c76227b - - - - -] Tracked resource versions report: pushed versions: { 'AddressGroup': {'1.2'}, 'ConntrackHelper': {'1.0'}, 'Log': {'1.0'}, 'Network': {'1.1'}, 'Port': {'1.7'}, 'PortForwarding': {'1.2'}, 'QosPolicy': {'1.8'}, 'SecurityGroup': {'1.5'}, 'SecurityGroupRule': {'1.2'}, 'SubPort': {'1.0'}, 'Subnet': {'1.1'}, 'Trunk': {'1.1'}} consumer versions: { DHCP agent@undercloud.ooo.test: {}, L3 agent@undercloud.ooo.test: {}, Open vSwitch agent@undercloud.ooo.test: { 'AddressGroup': '1.2', 'ConntrackHelper': '1.0', 'Log': '1.0', 'Network': '1.1', 'Port': '1.7', 'PortForwarding': '1.2', 'QosPolicy': '1.8', 'SecurityGroup': '1.5', 'SecurityGroupRule': '1.2', 'SubPort': '1.0', 'Subnet': '1.1', 'Trunk': '1.1'}} report /usr/lib/python3.9/site-packages/neutron/api/rpc/callbacks/version_manager.py:175
2025-10-14 07:30:54.439 22 DEBUG neutron.plugins.ml2.managers [req-98ae4042-349c-4faf-a82a-1c160c76227b - - - - -] Attempting to bind port 6b1f80de-eed7-4320-a196-0f911a180e18 on host undercloud.ooo.test for vnic_type normal with profile bind_port /usr/lib/python3.9/site-packages/neutron/plugins/ml2/managers.py:806
2025-10-14 07:30:54.439 22 DEBUG neutron.plugins.ml2.managers [req-98ae4042-349c-4faf-a82a-1c160c76227b - - - - -] Attempting to bind port 6b1f80de-eed7-4320-a196-0f911a180e18 by drivers openvswitch,baremetal on host undercloud.ooo.test at level 0 using segments [{'id': '37d21b6c-975b-41df-9153-9cf80270ba1f', 'network_type': 'flat', 'physical_network': 'ctlplane', 'segmentation_id': None, 'network_id': '8e9521c9-bb42-4d50-b229-7d9896859293'}] _bind_port_level /usr/lib/python3.9/site-packages/neutron/plugins/ml2/managers.py:831
2025-10-14 07:30:54.439 22 DEBUG neutron.plugins.ml2.drivers.mech_agent [req-98ae4042-349c-4faf-a82a-1c160c76227b - - - - -] Attempting to bind port 6b1f80de-eed7-4320-a196-0f911a180e18 on network 8e9521c9-bb42-4d50-b229-7d9896859293 bind_port /usr/lib/python3.9/site-packages/neutron/plugins/ml2/drivers/mech_agent.py:86
2025-10-14 07:30:54.448 22 DEBUG neutron.plugins.ml2.drivers.mech_agent [req-98ae4042-349c-4faf-a82a-1c160c76227b - - - - -] Checking agent: {'id': '1f98a8e7-ef81-41f9-91fd-40cde8a2aa45', 'agent_type': 'Open vSwitch agent', 'binary': 'neutron-openvswitch-agent', 'topic': 'N/A', 'host': 'undercloud.ooo.test', 'admin_state_up': True, 'created_at': datetime.datetime(2025, 10, 14, 7, 29, 28), 'started_at': datetime.datetime(2025, 10, 14, 7, 29, 28), 'heartbeat_timestamp': datetime.datetime(2025, 10, 14, 7, 29, 28), 'description': None, 'resources_synced': None, 'availability_zone': None, 'alive': True, 'configurations': {'arp_responder_enabled': False, 'baremetal_smartnic': False, 'bridge_mappings': {'ctlplane': 'br-ctlplane'}, 'datapath_type': 'system', 'devices': 0, 'enable_distributed_routing': False, 'extensions': [], 'in_distributed_mode': False, 'integration_bridge': 'br-int', 'l2_population': False, 'log_agent_heartbeats': False, 'ovs_capabilities': {'datapath_types': ['netdev', 'system'], 'iface_types': ['bareudp', 'erspan', 'geneve', 'gre', 'gtpu', 'internal', 'ip6erspan', 'ip6gre', 'lisp', 'patch', 'srv6', 'stt', 'system', 'tap', 'vxlan']}, 'ovs_hybrid_plug': True, 'resource_provider_bandwidths': {}, 'resource_provider_hypervisors': {'br-ctlplane': 'undercloud.ooo.test'}, 'resource_provider_inventory_defaults': {'allocation_ratio': 1.0, 'min_unit': 1, 'step_size': 1, 'reserved': 0}, 'tunnel_types': [], 'tunneling_ip': None, 'vhostuser_socket_dir': '/var/run/openvswitch'}, 'resource_versions': {'AddressGroup': '1.2', 'ConntrackHelper': '1.0', 'Log': '1.0', 'Network': '1.1', 'Port': '1.7', 'PortForwarding': '1.2', 'QosPolicy': '1.8', 'SecurityGroup': '1.5', 'SecurityGroupRule': '1.2', 'SubPort': '1.0', 'Subnet': '1.1', 'Trunk': '1.1'}} bind_port /usr/lib/python3.9/site-packages/neutron/plugins/ml2/drivers/mech_agent.py:105
2025-10-14 07:30:54.448 22 DEBUG neutron.plugins.ml2.drivers.mech_agent [req-98ae4042-349c-4faf-a82a-1c160c76227b - - - - -] Checking segment: {'id': '37d21b6c-975b-41df-9153-9cf80270ba1f', 'network_type': 'flat', 'physical_network': 'ctlplane', 'segmentation_id': None, 'network_id': '8e9521c9-bb42-4d50-b229-7d9896859293'} for mappings: {'ctlplane': 'br-ctlplane'} with network types: ['local', 'flat', 'vlan'] check_segment_for_agent /usr/lib/python3.9/site-packages/neutron/plugins/ml2/drivers/mech_agent.py:343
2025-10-14 07:30:54.448 22 DEBUG neutron_lib.callbacks.manager [req-98ae4042-349c-4faf-a82a-1c160c76227b - - - - -] Notify callbacks [] for ovs_bridge_name, before_read _notify_loop /usr/lib/python3.9/site-packages/neutron_lib/callbacks/manager.py:200
2025-10-14 07:30:54.448 22 DEBUG neutron.plugins.ml2.drivers.mech_agent [req-98ae4042-349c-4faf-a82a-1c160c76227b - - - - -] Bound using segment: {'id': '37d21b6c-975b-41df-9153-9cf80270ba1f', 'network_type': 'flat', 'physical_network': 'ctlplane', 'segmentation_id': None, 'network_id': '8e9521c9-bb42-4d50-b229-7d9896859293'} bind_port /usr/lib/python3.9/site-packages/neutron/plugins/ml2/drivers/mech_agent.py:115
2025-10-14 07:30:54.448 22 DEBUG neutron.plugins.ml2.managers [req-98ae4042-349c-4faf-a82a-1c160c76227b - - - - -] Bound port: 6b1f80de-eed7-4320-a196-0f911a180e18, host: undercloud.ooo.test, vif_type: ovs, vif_details: {"connectivity": "l2", "port_filter": true, "ovs_hybrid_plug": true, "datapath_type": "system", "bridge_name": "br-int"}, binding_levels: [{'bound_driver': 'openvswitch', 'bound_segment': {'id': '37d21b6c-975b-41df-9153-9cf80270ba1f', 'network_type': 'flat', 'physical_network': 'ctlplane', 'segmentation_id': None, 'network_id': '8e9521c9-bb42-4d50-b229-7d9896859293'}}] _bind_port_level /usr/lib/python3.9/site-packages/neutron/plugins/ml2/managers.py:944
2025-10-14 07:30:54.449 22 DEBUG neutron_lib.callbacks.manager [req-98ae4042-349c-4faf-a82a-1c160c76227b - - - - -] Notify callbacks ['neutron.plugins.ml2.plugin.SecurityGroupDbMixin._ensure_default_security_group_handler-1803135'] for port, before_update _notify_loop /usr/lib/python3.9/site-packages/neutron_lib/callbacks/manager.py:200
2025-10-14 07:30:54.558 22 DEBUG neutron.plugins.ml2.db [req-98ae4042-349c-4faf-a82a-1c160c76227b - - - - -] For port 6b1f80de-eed7-4320-a196-0f911a180e18, host undercloud.ooo.test, cleared binding levels clear_binding_levels /usr/lib/python3.9/site-packages/neutron/plugins/ml2/db.py:88
2025-10-14 07:30:54.561 22 DEBUG neutron.plugins.ml2.db [req-98ae4042-349c-4faf-a82a-1c160c76227b - - - - -] For port 6b1f80de-eed7-4320-a196-0f911a180e18, host undercloud.ooo.test, set binding levels [PortBindingLevel(driver='openvswitch',host='undercloud.ooo.test',level=0,port_id=6b1f80de-eed7-4320-a196-0f911a180e18,segment=NetworkSegment(37d21b6c-975b-41df-9153-9cf80270ba1f),segment_id=37d21b6c-975b-41df-9153-9cf80270ba1f)] set_binding_levels /usr/lib/python3.9/site-packages/neutron/plugins/ml2/db.py:60
2025-10-14 07:30:54.568 22 DEBUG neutron_lib.callbacks.manager [req-98ae4042-349c-4faf-a82a-1c160c76227b - - - - -] Notify callbacks ['neutron.plugins.ml2.plugin.SecurityGroupServerNotifierRpcMixin.notify_sg_on_port_change-1586059', 'neutron.plugins.ml2.extensions.dns_integration._update_port_in_external_dns_service-8783846149461', 'neutron.plugins.ml2.ovo_rpc._ObjectChangeHandler.handle_event-872418', 'neutron.api.rpc.agentnotifiers.dhcp_rpc_agent_api.DhcpAgentNotifyAPI._native_event_send_dhcp_notification-710301', 'neutron.db.l3_db.L3RpcNotifierMixin._notify_gateway_port_ip_changed-8783846220436', 'neutron.db.l3_hascheduler_db._notify_l3_agent_ha_port_update-8783845706909', 'neutron.services.segments.plugin.NovaSegmentNotifier._notify_port_updated-502753'] for port, after_update _notify_loop /usr/lib/python3.9/site-packages/neutron_lib/callbacks/manager.py:200
2025-10-14 07:30:54.571 17 DEBUG neutron.wsgi [-] (17) accepted ('192.168.122.100', 47704) server /usr/lib/python3.9/site-packages/eventlet/wsgi.py:992
2025-10-14 07:30:54.573 17 INFO neutron.wsgi [-] 192.168.122.100 "GET /healthcheck HTTP/1.0" status: 200 len: 137 time: 0.0016398
2025-10-14 07:30:54.630 22 DEBUG neutron.api.rpc.handlers.resources_rpc [req-98ae4042-349c-4faf-a82a-1c160c76227b - - - - -] Pushing event updated for resources: {'Port': ['ID=6b1f80de-eed7-4320-a196-0f911a180e18,revision_number=2']} push /usr/lib/python3.9/site-packages/neutron/api/rpc/handlers/resources_rpc.py:237
2025-10-14 07:30:56.576 15 DEBUG neutron.wsgi [-] (15) accepted ('192.168.122.100', 58332) server /usr/lib/python3.9/site-packages/eventlet/wsgi.py:992
2025-10-14 07:30:56.580 15 INFO neutron.wsgi [-] 192.168.122.100 "GET /healthcheck HTTP/1.0" status: 200 len: 137 time: 0.0028360
2025-10-14 07:30:57.034 20 DEBUG neutron.api.rpc.handlers.dhcp_rpc [req-14a6931f-cfb0-4191-80a2-70a644a62d49 - - - - -] Network 8e9521c9-bb42-4d50-b229-7d9896859293 requested from undercloud.ooo.test get_network_info /usr/lib/python3.9/site-packages/neutron/api/rpc/handlers/dhcp_rpc.py:213
2025-10-14 07:30:57.041 21 DEBUG neutron.db.provisioning_blocks [req-ac32d958-53e4-4376-83da-61e38337515d - - - - -] Provisioning for port 6b1f80de-eed7-4320-a196-0f911a180e18 completed by entity DHCP. provisioning_complete /usr/lib/python3.9/site-packages/neutron/db/provisioning_blocks.py:134
