2025-10-14 07:31:22.099 15 INFO neutron.pecan_wsgi.hooks.translation [req-d6754dab-cadd-4c83-b9f9-b3fad4a93c9b c02f3ebb3f9947439f25736305573ec2 d388af1b00194e40ada407009d98f654 - default default] GET failed (client error): The resource could not be found.
2025-10-14 07:31:22.100 15 INFO neutron.wsgi [req-d6754dab-cadd-4c83-b9f9-b3fad4a93c9b c02f3ebb3f9947439f25736305573ec2 d388af1b00194e40ada407009d98f654 - default default] 192.168.122.99,192.168.122.100 "GET /v2.0/networks/storage HTTP/1.1" status: 404 len: 291 time: 0.6434500
2025-10-14 07:31:22.202 15 DEBUG neutron.policy [req-af19ab44-96c7-48e9-ab37-90922a7a7fb7 c02f3ebb3f9947439f25736305573ec2 d388af1b00194e40ada407009d98f654 - default default] Loaded default policies from ['networking-bgpvpn', 'neutron'] under neutron.policies entry points register_rules /usr/lib/python3.9/site-packages/neutron/policy.py:73
2025-10-14 07:31:22.227 15 DEBUG neutron.pecan_wsgi.hooks.policy_enforcement [req-af19ab44-96c7-48e9-ab37-90922a7a7fb7 c02f3ebb3f9947439f25736305573ec2 d388af1b00194e40ada407009d98f654 - default default] Attributes excluded by policy engine: ['standard_attr_id', 'vlan_transparent'] _exclude_attributes_by_policy /usr/lib/python3.9/site-packages/neutron/pecan_wsgi/hooks/policy_enforcement.py:259
2025-10-14 07:31:22.228 15 INFO neutron.wsgi [req-af19ab44-96c7-48e9-ab37-90922a7a7fb7 c02f3ebb3f9947439f25736305573ec2 d388af1b00194e40ada407009d98f654 - default default] 192.168.122.99,192.168.122.100 "GET /v2.0/networks?name=storage HTTP/1.1" status: 200 len: 1023 time: 0.1244423
2025-10-14 07:31:22.265 15 DEBUG neutron.pecan_wsgi.hooks.policy_enforcement [req-87d5f761-8c0e-438f-92ed-2260f9647541 c02f3ebb3f9947439f25736305573ec2 d388af1b00194e40ada407009d98f654 - default default] Attributes excluded by policy engine: ['standard_attr_id', 'shared'] _exclude_attributes_by_policy /usr/lib/python3.9/site-packages/neutron/pecan_wsgi/hooks/policy_enforcement.py:259
2025-10-14 07:31:22.266 15 INFO neutron.wsgi [req-87d5f761-8c0e-438f-92ed-2260f9647541 c02f3ebb3f9947439f25736305573ec2 d388af1b00194e40ada407009d98f654 - default default] 192.168.122.99,192.168.122.100 "GET /v2.0/subnets/1e8a0cad-693e-4f33-8951-8308805f04b2 HTTP/1.1" status: 200 len: 859 time: 0.0306149
2025-10-14 07:31:22.284 15 INFO neutron.pecan_wsgi.hooks.translation [req-f2b191dc-ad40-477b-95c4-a26797463060 c02f3ebb3f9947439f25736305573ec2 d388af1b00194e40ada407009d98f654 - default default] GET failed (client error): The resource could not be found.
2025-10-14 07:31:22.284 15 INFO neutron.wsgi [req-f2b191dc-ad40-477b-95c4-a26797463060 c02f3ebb3f9947439f25736305573ec2 d388af1b00194e40ada407009d98f654 - default default] 192.168.122.99,192.168.122.100 "GET /v2.0/networks/storage_mgmt HTTP/1.1" status: 404 len: 296 time: 0.0127301
2025-10-14 07:31:22.344 15 DEBUG neutron.pecan_wsgi.hooks.policy_enforcement [req-2e2c52c8-46ec-471c-a52a-5623bc31e71b c02f3ebb3f9947439f25736305573ec2 d388af1b00194e40ada407009d98f654 - default default] Attributes excluded by policy engine: ['standard_attr_id', 'vlan_transparent'] _exclude_attributes_by_policy /usr/lib/python3.9/site-packages/neutron/pecan_wsgi/hooks/policy_enforcement.py:259
2025-10-14 07:31:22.345 15 INFO neutron.wsgi [req-2e2c52c8-46ec-471c-a52a-5623bc31e71b c02f3ebb3f9947439f25736305573ec2 d388af1b00194e40ada407009d98f654 - default default] 192.168.122.99,192.168.122.100 "GET /v2.0/networks?name=storage_mgmt HTTP/1.1" status: 200 len: 1051 time: 0.0575323
2025-10-14 07:31:22.382 15 DEBUG neutron.pecan_wsgi.hooks.policy_enforcement [req-20f7067b-fe19-442e-bc7f-995dbac41053 c02f3ebb3f9947439f25736305573ec2 d388af1b00194e40ada407009d98f654 - default default] Attributes excluded by policy engine: ['standard_attr_id', 'shared'] _exclude_attributes_by_policy /usr/lib/python3.9/site-packages/neutron/pecan_wsgi/hooks/policy_enforcement.py:259
2025-10-14 07:31:22.383 15 INFO neutron.wsgi [req-20f7067b-fe19-442e-bc7f-995dbac41053 c02f3ebb3f9947439f25736305573ec2 d388af1b00194e40ada407009d98f654 - default default] 192.168.122.99,192.168.122.100 "GET /v2.0/subnets/8ca98072-da24-4926-9ee6-cd9bfffc2920 HTTP/1.1" status: 200 len: 864 time: 0.0316474
2025-10-14 07:31:22.402 15 INFO neutron.pecan_wsgi.hooks.translation [req-6905492c-d862-4e0b-85da-2004012c64d0 c02f3ebb3f9947439f25736305573ec2 d388af1b00194e40ada407009d98f654 - default default] GET failed (client error): The resource could not be found.
2025-10-14 07:31:22.403 15 INFO neutron.wsgi [req-6905492c-d862-4e0b-85da-2004012c64d0 c02f3ebb3f9947439f25736305573ec2 d388af1b00194e40ada407009d98f654 - default default] 192.168.122.99,192.168.122.100 "GET /v2.0/networks/internal_api HTTP/1.1" status: 404 len: 296 time: 0.0119383
2025-10-14 07:31:22.476 15 DEBUG neutron.pecan_wsgi.hooks.policy_enforcement [req-7c66e147-a9b9-4f9c-b4ca-36d80c32e5a3 c02f3ebb3f9947439f25736305573ec2 d388af1b00194e40ada407009d98f654 - default default] Attributes excluded by policy engine: ['standard_attr_id', 'vlan_transparent'] _exclude_attributes_by_policy /usr/lib/python3.9/site-packages/neutron/pecan_wsgi/hooks/policy_enforcement.py:259
2025-10-14 07:31:22.477 15 INFO neutron.wsgi [req-7c66e147-a9b9-4f9c-b4ca-36d80c32e5a3 c02f3ebb3f9947439f25736305573ec2 d388af1b00194e40ada407009d98f654 - default default] 192.168.122.99,192.168.122.100 "GET /v2.0/networks?name=internal_api HTTP/1.1" status: 200 len: 1052 time: 0.0693574
2025-10-14 07:31:22.518 15 DEBUG neutron.pecan_wsgi.hooks.policy_enforcement [req-fb56ef73-4688-4ba0-9b46-e860018ced61 c02f3ebb3f9947439f25736305573ec2 d388af1b00194e40ada407009d98f654 - default default] Attributes excluded by policy engine: ['standard_attr_id', 'shared'] _exclude_attributes_by_policy /usr/lib/python3.9/site-packages/neutron/pecan_wsgi/hooks/policy_enforcement.py:259
2025-10-14 07:31:22.519 15 INFO neutron.wsgi [req-fb56ef73-4688-4ba0-9b46-e860018ced61 c02f3ebb3f9947439f25736305573ec2 d388af1b00194e40ada407009d98f654 - default default] 192.168.122.99,192.168.122.100 "GET /v2.0/subnets/d31f4c80-a39f-4221-8221-efbd0b05f76f HTTP/1.1" status: 200 len: 864 time: 0.0337219
2025-10-14 07:31:22.535 15 INFO neutron.pecan_wsgi.hooks.translation [req-deb91a82-5aef-441e-9948-fb03c5ca93eb c02f3ebb3f9947439f25736305573ec2 d388af1b00194e40ada407009d98f654 - default default] GET failed (client error): The resource could not be found.
2025-10-14 07:31:22.536 15 INFO neutron.wsgi [req-deb91a82-5aef-441e-9948-fb03c5ca93eb c02f3ebb3f9947439f25736305573ec2 d388af1b00194e40ada407009d98f654 - default default] 192.168.122.99,192.168.122.100 "GET /v2.0/networks/tenant HTTP/1.1" status: 404 len: 290 time: 0.0135646
2025-10-14 07:31:22.596 15 DEBUG neutron.pecan_wsgi.hooks.policy_enforcement [req-8e80d276-2c77-426b-a50d-b3b7dfba8c88 c02f3ebb3f9947439f25736305573ec2 d388af1b00194e40ada407009d98f654 - default default] Attributes excluded by policy engine: ['standard_attr_id', 'vlan_transparent'] _exclude_attributes_by_policy /usr/lib/python3.9/site-packages/neutron/pecan_wsgi/hooks/policy_enforcement.py:259
2025-10-14 07:31:22.597 15 INFO neutron.wsgi [req-8e80d276-2c77-426b-a50d-b3b7dfba8c88 c02f3ebb3f9947439f25736305573ec2 d388af1b00194e40ada407009d98f654 - default default] 192.168.122.99,192.168.122.100 "GET /v2.0/networks?name=tenant HTTP/1.1" status: 200 len: 998 time: 0.0586240
2025-10-14 07:31:22.630 15 DEBUG neutron.pecan_wsgi.hooks.policy_enforcement [req-599746e3-e4ce-4fc5-a431-5cb6627c989b c02f3ebb3f9947439f25736305573ec2 d388af1b00194e40ada407009d98f654 - default default] Attributes excluded by policy engine: ['standard_attr_id', 'shared'] _exclude_attributes_by_policy /usr/lib/python3.9/site-packages/neutron/pecan_wsgi/hooks/policy_enforcement.py:259
2025-10-14 07:31:22.631 15 INFO neutron.wsgi [req-599746e3-e4ce-4fc5-a431-5cb6627c989b c02f3ebb3f9947439f25736305573ec2 d388af1b00194e40ada407009d98f654 - default default] 192.168.122.99,192.168.122.100 "GET /v2.0/subnets/12861caf-e829-443e-bf24-78c9f60f68fa HTTP/1.1" status: 200 len: 858 time: 0.0301540
2025-10-14 07:31:22.635 15 DEBUG neutron.wsgi [-] (15) accepted ('192.168.122.100', 57944) server /usr/lib/python3.9/site-packages/eventlet/wsgi.py:992
2025-10-14 07:31:22.636 15 INFO neutron.wsgi [-] 192.168.122.100 "GET /healthcheck HTTP/1.0" status: 200 len: 137 time: 0.0013900
2025-10-14 07:31:22.650 15 INFO neutron.pecan_wsgi.hooks.translation [req-e5f7d3f2-ad81-4e1a-a484-0989162322d6 c02f3ebb3f9947439f25736305573ec2 d388af1b00194e40ada407009d98f654 - default default] GET failed (client error): The resource could not be found.
2025-10-14 07:31:22.651 15 INFO neutron.wsgi [req-e5f7d3f2-ad81-4e1a-a484-0989162322d6 c02f3ebb3f9947439f25736305573ec2 d388af1b00194e40ada407009d98f654 - default default] 192.168.122.99,192.168.122.100 "GET /v2.0/networks/external HTTP/1.1" status: 404 len: 292 time: 0.0132768
2025-10-14 07:31:22.722 15 DEBUG neutron.pecan_wsgi.hooks.policy_enforcement [req-18e865a8-a0b1-45fd-9ad4-a2ebf2bf00ff c02f3ebb3f9947439f25736305573ec2 d388af1b00194e40ada407009d98f654 - default default] Attributes excluded by policy engine: ['standard_attr_id', 'vlan_transparent'] _exclude_attributes_by_policy /usr/lib/python3.9/site-packages/neutron/pecan_wsgi/hooks/policy_enforcement.py:259
2025-10-14 07:31:22.723 15 INFO neutron.wsgi [req-18e865a8-a0b1-45fd-9ad4-a2ebf2bf00ff c02f3ebb3f9947439f25736305573ec2 d388af1b00194e40ada407009d98f654 - default default] 192.168.122.99,192.168.122.100 "GET /v2.0/networks?name=external HTTP/1.1" status: 200 len: 1029 time: 0.0667315
2025-10-14 07:31:22.758 15 DEBUG neutron.pecan_wsgi.hooks.policy_enforcement [req-7f48779a-7ec3-48f8-9381-6b2ce91244a7 c02f3ebb3f9947439f25736305573ec2 d388af1b00194e40ada407009d98f654 - default default] Attributes excluded by policy engine: ['standard_attr_id', 'shared'] _exclude_attributes_by_policy /usr/lib/python3.9/site-packages/neutron/pecan_wsgi/hooks/policy_enforcement.py:259
2025-10-14 07:31:22.760 15 INFO neutron.wsgi [req-7f48779a-7ec3-48f8-9381-6b2ce91244a7 c02f3ebb3f9947439f25736305573ec2 d388af1b00194e40ada407009d98f654 - default default] 192.168.122.99,192.168.122.100 "GET /v2.0/subnets/e8bc36ac-82dd-4d04-8392-133cf5e98abd HTTP/1.1" status: 200 len: 868 time: 0.0306187
2025-10-14 07:31:24.189 16 DEBUG neutron.wsgi [-] (16) accepted ('192.168.122.100', 57946) server /usr/lib/python3.9/site-packages/eventlet/wsgi.py:992
2025-10-14 07:31:24.191 16 INFO neutron.wsgi [-] 192.168.122.100 "GET / HTTP/1.1" status: 200 len: 233 time: 0.0019853
2025-10-14 07:31:24.638 17 DEBUG neutron.wsgi [-] (17) accepted ('192.168.122.100', 57952) server /usr/lib/python3.9/site-packages/eventlet/wsgi.py:992
2025-10-14 07:31:24.641 17 INFO neutron.wsgi [-] 192.168.122.100 "GET /healthcheck HTTP/1.0" status: 200 len: 137 time: 0.0025244
2025-10-14 07:31:26.644 18 DEBUG neutron.wsgi [-] (18) accepted ('192.168.122.100', 47672) server /usr/lib/python3.9/site-packages/eventlet/wsgi.py:992
2025-10-14 07:31:26.646 18 INFO neutron.wsgi [-] 192.168.122.100 "GET /healthcheck HTTP/1.0" status: 200 len: 137 time: 0.0015855
2025-10-14 07:31:28.283 18 DEBUG neutron.wsgi [-] (18) accepted ('192.168.122.100', 47686) server /usr/lib/python3.9/site-packages/eventlet/wsgi.py:992
2025-10-14 07:31:28.393 18 DEBUG neutron.pecan_wsgi.hooks.policy_enforcement [req-6265523b-4e66-4417-873f-113a5bc330b0 c02f3ebb3f9947439f25736305573ec2 d388af1b00194e40ada407009d98f654 - default default] Attributes excluded by policy engine: ['standard_attr_id', 'vlan_transparent'] _exclude_attributes_by_policy /usr/lib/python3.9/site-packages/neutron/pecan_wsgi/hooks/policy_enforcement.py:259
2025-10-14 07:31:28.393 18 DEBUG neutron.pecan_wsgi.hooks.policy_enforcement [req-6265523b-4e66-4417-873f-113a5bc330b0 c02f3ebb3f9947439f25736305573ec2 d388af1b00194e40ada407009d98f654 - default default] Attributes excluded by policy engine: ['standard_attr_id', 'vlan_transparent'] _exclude_attributes_by_policy /usr/lib/python3.9/site-packages/neutron/pecan_wsgi/hooks/policy_enforcement.py:259
2025-10-14 07:31:28.393 18 DEBUG neutron.pecan_wsgi.hooks.policy_enforcement [req-6265523b-4e66-4417-873f-113a5bc330b0 c02f3ebb3f9947439f25736305573ec2 d388af1b00194e40ada407009d98f654 - default default] Attributes excluded by policy engine: ['standard_attr_id', 'vlan_transparent'] _exclude_attributes_by_policy /usr/lib/python3.9/site-packages/neutron/pecan_wsgi/hooks/policy_enforcement.py:259
2025-10-14 07:31:28.394 18 DEBUG neutron.pecan_wsgi.hooks.policy_enforcement [req-6265523b-4e66-4417-873f-113a5bc330b0 c02f3ebb3f9947439f25736305573ec2 d388af1b00194e40ada407009d98f654 - default default] Attributes excluded by policy engine: ['standard_attr_id', 'vlan_transparent'] _exclude_attributes_by_policy /usr/lib/python3.9/site-packages/neutron/pecan_wsgi/hooks/policy_enforcement.py:259
2025-10-14 07:31:28.394 18 DEBUG neutron.pecan_wsgi.hooks.policy_enforcement [req-6265523b-4e66-4417-873f-113a5bc330b0 c02f3ebb3f9947439f25736305573ec2 d388af1b00194e40ada407009d98f654 - default default] Attributes excluded by policy engine: ['standard_attr_id', 'vlan_transparent'] _exclude_attributes_by_policy /usr/lib/python3.9/site-packages/neutron/pecan_wsgi/hooks/policy_enforcement.py:259
2025-10-14 07:31:28.394 18 DEBUG neutron.pecan_wsgi.hooks.policy_enforcement [req-6265523b-4e66-4417-873f-113a5bc330b0 c02f3ebb3f9947439f25736305573ec2 d388af1b00194e40ada407009d98f654 - default default] Attributes excluded by policy engine: ['standard_attr_id', 'vlan_transparent'] _exclude_attributes_by_policy /usr/lib/python3.9/site-packages/neutron/pecan_wsgi/hooks/policy_enforcement.py:259
2025-10-14 07:31:28.395 18 INFO neutron.wsgi [req-6265523b-4e66-4417-873f-113a5bc330b0 c02f3ebb3f9947439f25736305573ec2 d388af1b00194e40ada407009d98f654 - default default] 192.168.122.99,192.168.122.100 "GET /v2.0/networks HTTP/1.1" status: 200 len: 5131 time: 0.1114614
2025-10-14 07:31:28.440 18 DEBUG neutron.pecan_wsgi.hooks.policy_enforcement [req-4423e527-12df-44e6-a0be-134a90ba8241 c02f3ebb3f9947439f25736305573ec2 d388af1b00194e40ada407009d98f654 - default default] Attributes excluded by policy engine: ['standard_attr_id', 'shared'] _exclude_attributes_by_policy /usr/lib/python3.9/site-packages/neutron/pecan_wsgi/hooks/policy_enforcement.py:259
2025-10-14 07:31:28.441 18 INFO neutron.wsgi [req-4423e527-12df-44e6-a0be-134a90ba8241 c02f3ebb3f9947439f25736305573ec2 d388af1b00194e40ada407009d98f654 - default default] 192.168.122.99,192.168.122.100 "GET /v2.0/subnets?network_id=2ea14b84-7bf5-4c6b-958a-5b9c7ded7914 HTTP/1.1" status: 200 len: 867 time: 0.0393038
2025-10-14 07:31:28.475 18 DEBUG neutron.pecan_wsgi.hooks.policy_enforcement [req-a11ab448-6c22-44ef-95cd-a39a4634709d c02f3ebb3f9947439f25736305573ec2 d388af1b00194e40ada407009d98f654 - default default] Attributes excluded by policy engine: ['standard_attr_id', 'shared'] _exclude_attributes_by_policy /usr/lib/python3.9/site-packages/neutron/pecan_wsgi/hooks/policy_enforcement.py:259
2025-10-14 07:31:28.476 18 INFO neutron.wsgi [req-a11ab448-6c22-44ef-95cd-a39a4634709d c02f3ebb3f9947439f25736305573ec2 d388af1b00194e40ada407009d98f654 - default default] 192.168.122.99,192.168.122.100 "GET /v2.0/subnets?network_id=8e9521c9-bb42-4d50-b229-7d9896859293 HTTP/1.1" status: 200 len: 845 time: 0.0278680
2025-10-14 07:31:28.519 18 DEBUG neutron.pecan_wsgi.hooks.policy_enforcement [req-924b769f-c99e-4c0c-8692-7cb1f1ea9128 c02f3ebb3f9947439f25736305573ec2 d388af1b00194e40ada407009d98f654 - default default] Attributes excluded by policy engine: ['standard_attr_id', 'shared'] _exclude_attributes_by_policy /usr/lib/python3.9/site-packages/neutron/pecan_wsgi/hooks/policy_enforcement.py:259
2025-10-14 07:31:28.520 18 INFO neutron.wsgi [req-924b769f-c99e-4c0c-8692-7cb1f1ea9128 c02f3ebb3f9947439f25736305573ec2 d388af1b00194e40ada407009d98f654 - default default] 192.168.122.99,192.168.122.100 "GET /v2.0/subnets?network_id=9622ea8e-f50c-49fb-9d3c-e87c020e92f1 HTTP/1.1" status: 200 len: 861 time: 0.0371511
2025-10-14 07:31:28.560 18 DEBUG neutron.pecan_wsgi.hooks.policy_enforcement [req-cca91202-892a-412b-8d06-c2682bbcee35 c02f3ebb3f9947439f25736305573ec2 d388af1b00194e40ada407009d98f654 - default default] Attributes excluded by policy engine: ['standard_attr_id', 'shared'] _exclude_attributes_by_policy /usr/lib/python3.9/site-packages/neutron/pecan_wsgi/hooks/policy_enforcement.py:259
2025-10-14 07:31:28.560 18 INFO neutron.wsgi [req-cca91202-892a-412b-8d06-c2682bbcee35 c02f3ebb3f9947439f25736305573ec2 d388af1b00194e40ada407009d98f654 - default default] 192.168.122.99,192.168.122.100 "GET /v2.0/subnets?network_id=d732f5a0-a42e-4acd-8601-000e52e8b92e HTTP/1.1" status: 200 len: 862 time: 0.0326655
2025-10-14 07:31:28.595 18 DEBUG neutron.pecan_wsgi.hooks.policy_enforcement [req-4a6ac0a2-193b-408d-820b-b6ed8e62ba13 c02f3ebb3f9947439f25736305573ec2 d388af1b00194e40ada407009d98f654 - default default] Attributes excluded by policy engine: ['standard_attr_id', 'shared'] _exclude_attributes_by_policy /usr/lib/python3.9/site-packages/neutron/pecan_wsgi/hooks/policy_enforcement.py:259
2025-10-14 07:31:28.595 18 INFO neutron.wsgi [req-4a6ac0a2-193b-408d-820b-b6ed8e62ba13 c02f3ebb3f9947439f25736305573ec2 d388af1b00194e40ada407009d98f654 - default default] 192.168.122.99,192.168.122.100 "GET /v2.0/subnets?network_id=d943c9f8-7ba1-409b-a86e-ceaf448ba594 HTTP/1.1" status: 200 len: 871 time: 0.0309238
2025-10-14 07:31:28.626 18 DEBUG neutron.pecan_wsgi.hooks.policy_enforcement [req-4377b5bb-8c8f-47f1-a6d7-53977f204d74 c02f3ebb3f9947439f25736305573ec2 d388af1b00194e40ada407009d98f654 - default default] Attributes excluded by policy engine: ['standard_attr_id', 'shared'] _exclude_attributes_by_policy /usr/lib/python3.9/site-packages/neutron/pecan_wsgi/hooks/policy_enforcement.py:259
2025-10-14 07:31:28.627 18 INFO neutron.wsgi [req-4377b5bb-8c8f-47f1-a6d7-53977f204d74 c02f3ebb3f9947439f25736305573ec2 d388af1b00194e40ada407009d98f654 - default default] 192.168.122.99,192.168.122.100 "GET /v2.0/subnets?network_id=fd6cea85-82cc-4a6e-88de-ff3a207d9217 HTTP/1.1" status: 200 len: 867 time: 0.0272901
2025-10-14 07:31:28.647 15 DEBUG neutron.wsgi [-] (15) accepted ('192.168.122.100', 47702) server /usr/lib/python3.9/site-packages/eventlet/wsgi.py:992
2025-10-14 07:31:28.650 15 INFO neutron.wsgi [-] 192.168.122.100 "GET /healthcheck HTTP/1.0" status: 200 len: 137 time: 0.0020030
2025-10-14 07:31:28.650 16 DEBUG neutron.wsgi [-] (16) accepted ('192.168.122.100', 47708) server /usr/lib/python3.9/site-packages/eventlet/wsgi.py:992
2025-10-14 07:31:28.652 15 DEBUG neutron.wsgi [-] (15) accepted ('192.168.122.100', 47716) server /usr/lib/python3.9/site-packages/eventlet/wsgi.py:992
2025-10-14 07:31:28.655 17 DEBUG neutron.wsgi [-] (17) accepted ('192.168.122.100', 47730) server /usr/lib/python3.9/site-packages/eventlet/wsgi.py:992
2025-10-14 07:31:28.655 17 DEBUG neutron.wsgi [-] (17) accepted ('192.168.122.100', 47746) server /usr/lib/python3.9/site-packages/eventlet/wsgi.py:992
2025-10-14 07:31:28.679 18 INFO neutron.wsgi [req-6e9e61ec-b8a3-4b8a-9f02-b13b3288a1f5 c02f3ebb3f9947439f25736305573ec2 d388af1b00194e40ada407009d98f654 - default default] 192.168.122.99,192.168.122.100 "GET /v2.0/ports?network_id=8e9521c9-bb42-4d50-b229-7d9896859293&tags=tripleo_stack_name%3Dovercloud&tags=tripleo_vip_net%3Dctlplane HTTP/1.1" status: 200 len: 186 time: 0.0469551
2025-10-14 07:31:28.688 18 DEBUG neutron.api.v2.base [req-19a0b1a8-1856-46a6-8b40-5a29a481f5da c02f3ebb3f9947439f25736305573ec2 d388af1b00194e40ada407009d98f654 - default default] Request body: {'port': {'name': 'ctlplane_vip', 'fixed_ips': [{'ip_address': '192.168.122.90'}], 'network_id': '8e9521c9-bb42-4d50-b229-7d9896859293', 'dns_name': 'multicell'}} prepare_request_body /usr/lib/python3.9/site-packages/neutron/api/v2/base.py:729
2025-10-14 07:31:28.699 15 INFO neutron.wsgi [req-97a00a6a-1ba0-4848-8132-acaf747e4290 c02f3ebb3f9947439f25736305573ec2 d388af1b00194e40ada407009d98f654 - default default] 192.168.122.99,192.168.122.100 "GET /v2.0/ports?network_id=d732f5a0-a42e-4acd-8601-000e52e8b92e&tags=tripleo_stack_name%3Dovercloud&tags=tripleo_vip_net%3Dstorage HTTP/1.1" status: 200 len: 186 time: 0.0471735
2025-10-14 07:31:28.700 18 DEBUG neutron.pecan_wsgi.hooks.quota_enforcement [req-19a0b1a8-1856-46a6-8b40-5a29a481f5da c02f3ebb3f9947439f25736305573ec2 d388af1b00194e40ada407009d98f654 - default default] Made reservation on behalf of d388af1b00194e40ada407009d98f654 for: {'port': 1} before /usr/lib/python3.9/site-packages/neutron/pecan_wsgi/hooks/quota_enforcement.py:53
2025-10-14 07:31:28.702 18 DEBUG neutron_lib.callbacks.manager [req-19a0b1a8-1856-46a6-8b40-5a29a481f5da c02f3ebb3f9947439f25736305573ec2 d388af1b00194e40ada407009d98f654 - default default] Notify callbacks ['neutron.plugins.ml2.plugin.SecurityGroupDbMixin._ensure_default_security_group_handler-1803135'] for port, before_create _notify_loop /usr/lib/python3.9/site-packages/neutron_lib/callbacks/manager.py:200
2025-10-14 07:31:28.703 16 INFO neutron.wsgi [req-900ce409-cde7-41ee-9348-88c56c171597 c02f3ebb3f9947439f25736305573ec2 d388af1b00194e40ada407009d98f654 - default default] 192.168.122.99,192.168.122.100 "GET /v2.0/ports?network_id=fd6cea85-82cc-4a6e-88de-ff3a207d9217&tags=tripleo_stack_name%3Dovercloud&tags=tripleo_vip_net%3Dinternal_api HTTP/1.1" status: 200 len: 186 time: 0.0526989
2025-10-14 07:31:28.712 16 DEBUG neutron.api.v2.base [req-c8250efc-455c-45d4-8d0e-b8abb27c18c4 c02f3ebb3f9947439f25736305573ec2 d388af1b00194e40ada407009d98f654 - default default] Request body: {'port': {'name': 'internal_api_vip', 'fixed_ips': [{'ip_address': '172.17.0.130'}], 'network_id': 'fd6cea85-82cc-4a6e-88de-ff3a207d9217', 'dns_name': 'multicell'}} prepare_request_body /usr/lib/python3.9/site-packages/neutron/api/v2/base.py:729
2025-10-14 07:31:28.712 15 DEBUG neutron.api.v2.base [req-549a34be-e4d7-4eb0-8787-a8bc141f1390 c02f3ebb3f9947439f25736305573ec2 d388af1b00194e40ada407009d98f654 - default default] Request body: {'port': {'name': 'storage_vip', 'fixed_ips': [{'ip_address': '172.18.0.140'}], 'network_id': 'd732f5a0-a42e-4acd-8601-000e52e8b92e', 'dns_name': 'multicell'}} prepare_request_body /usr/lib/python3.9/site-packages/neutron/api/v2/base.py:729
2025-10-14 07:31:28.725 18 DEBUG neutron.notifiers.nova [req-19a0b1a8-1856-46a6-8b40-5a29a481f5da c02f3ebb3f9947439f25736305573ec2 d388af1b00194e40ada407009d98f654 - default default] device_id is not set on port 8df8d142-5e0b-42ba-ab88-2ab3cf460e57 yet. _can_notify /usr/lib/python3.9/site-packages/neutron/notifiers/nova.py:201
2025-10-14 07:31:28.728 16 DEBUG neutron.pecan_wsgi.hooks.quota_enforcement [req-c8250efc-455c-45d4-8d0e-b8abb27c18c4 c02f3ebb3f9947439f25736305573ec2 d388af1b00194e40ada407009d98f654 - default default] Made reservation on behalf of d388af1b00194e40ada407009d98f654 for: {'port': 1} before /usr/lib/python3.9/site-packages/neutron/pecan_wsgi/hooks/quota_enforcement.py:53
2025-10-14 07:31:28.730 16 DEBUG neutron_lib.callbacks.manager [req-c8250efc-455c-45d4-8d0e-b8abb27c18c4 c02f3ebb3f9947439f25736305573ec2 d388af1b00194e40ada407009d98f654 - default default] Notify callbacks ['neutron.plugins.ml2.plugin.SecurityGroupDbMixin._ensure_default_security_group_handler-1803135'] for port, before_create _notify_loop /usr/lib/python3.9/site-packages/neutron_lib/callbacks/manager.py:200
2025-10-14 07:31:28.730 15 DEBUG neutron.pecan_wsgi.hooks.quota_enforcement [req-549a34be-e4d7-4eb0-8787-a8bc141f1390 c02f3ebb3f9947439f25736305573ec2 d388af1b00194e40ada407009d98f654 - default default] Made reservation on behalf of d388af1b00194e40ada407009d98f654 for: {'port': 1} before /usr/lib/python3.9/site-packages/neutron/pecan_wsgi/hooks/quota_enforcement.py:53
2025-10-14 07:31:28.731 15 DEBUG neutron_lib.callbacks.manager [req-549a34be-e4d7-4eb0-8787-a8bc141f1390 c02f3ebb3f9947439f25736305573ec2 d388af1b00194e40ada407009d98f654 - default default] Notify callbacks ['neutron.plugins.ml2.plugin.SecurityGroupDbMixin._ensure_default_security_group_handler-1803135'] for port, before_create _notify_loop /usr/lib/python3.9/site-packages/neutron_lib/callbacks/manager.py:200
2025-10-14 07:31:28.749 16 DEBUG neutron.notifiers.nova [req-c8250efc-455c-45d4-8d0e-b8abb27c18c4 c02f3ebb3f9947439f25736305573ec2 d388af1b00194e40ada407009d98f654 - default default] device_id is not set on port 4d9ac835-daaa-4ba1-879b-753fa2462aeb yet. _can_notify /usr/lib/python3.9/site-packages/neutron/notifiers/nova.py:201
2025-10-14 07:31:28.749 15 DEBUG neutron.notifiers.nova [req-549a34be-e4d7-4eb0-8787-a8bc141f1390 c02f3ebb3f9947439f25736305573ec2 d388af1b00194e40ada407009d98f654 - default default] device_id is not set on port ea99be48-e6fc-46d3-99ec-15e3d746a647 yet. _can_notify /usr/lib/python3.9/site-packages/neutron/notifiers/nova.py:201
2025-10-14 07:31:28.755 17 INFO neutron.wsgi [req-3a18d842-53d6-45a9-835b-7585c441d2b2 c02f3ebb3f9947439f25736305573ec2 d388af1b00194e40ada407009d98f654 - default default] 192.168.122.99,192.168.122.100 "GET /v2.0/ports?network_id=2ea14b84-7bf5-4c6b-958a-5b9c7ded7914&tags=tripleo_stack_name%3Dovercloud&tags=tripleo_vip_net%3Dstorage_mgmt HTTP/1.1" status: 200 len: 186 time: 0.0975382
2025-10-14 07:31:28.757 17 INFO neutron.wsgi [req-ec419468-f3db-4831-95e3-f87bd0220526 c02f3ebb3f9947439f25736305573ec2 d388af1b00194e40ada407009d98f654 - default default] 192.168.122.99,192.168.122.100 "GET /v2.0/ports?network_id=d943c9f8-7ba1-409b-a86e-ceaf448ba594&tags=tripleo_stack_name%3Dovercloud&tags=tripleo_vip_net%3Dexternal HTTP/1.1" status: 200 len: 186 time: 0.1004841
2025-10-14 07:31:28.770 17 DEBUG neutron.api.v2.base [req-62fee6c5-2004-4602-9afc-5f79900db3a7 c02f3ebb3f9947439f25736305573ec2 d388af1b00194e40ada407009d98f654 - default default] Request body: {'port': {'name': 'external_vip', 'fixed_ips': [{'ip_address': '172.21.0.80'}], 'network_id': 'd943c9f8-7ba1-409b-a86e-ceaf448ba594', 'dns_name': 'multicell'}} prepare_request_body /usr/lib/python3.9/site-packages/neutron/api/v2/base.py:729
2025-10-14 07:31:28.775 17 DEBUG neutron.api.v2.base [req-000acaf6-6b10-47f0-84f6-7b106baf013e c02f3ebb3f9947439f25736305573ec2 d388af1b00194e40ada407009d98f654 - default default] Request body: {'port': {'name': 'storage_mgmt_vip', 'fixed_ips': [{'ip_address': '172.20.0.150'}], 'network_id': '2ea14b84-7bf5-4c6b-958a-5b9c7ded7914', 'dns_name': 'multicell'}} prepare_request_body /usr/lib/python3.9/site-packages/neutron/api/v2/base.py:729
2025-10-14 07:31:28.787 17 DEBUG neutron.pecan_wsgi.hooks.quota_enforcement [req-62fee6c5-2004-4602-9afc-5f79900db3a7 c02f3ebb3f9947439f25736305573ec2 d388af1b00194e40ada407009d98f654 - default default] Made reservation on behalf of d388af1b00194e40ada407009d98f654 for: {'port': 1} before /usr/lib/python3.9/site-packages/neutron/pecan_wsgi/hooks/quota_enforcement.py:53
2025-10-14 07:31:28.789 17 DEBUG neutron_lib.callbacks.manager [req-62fee6c5-2004-4602-9afc-5f79900db3a7 c02f3ebb3f9947439f25736305573ec2 d388af1b00194e40ada407009d98f654 - default default] Notify callbacks ['neutron.plugins.ml2.plugin.SecurityGroupDbMixin._ensure_default_security_group_handler-1803135'] for port, before_create _notify_loop /usr/lib/python3.9/site-packages/neutron_lib/callbacks/manager.py:200
2025-10-14 07:31:28.805 17 DEBUG neutron.pecan_wsgi.hooks.quota_enforcement [req-000acaf6-6b10-47f0-84f6-7b106baf013e c02f3ebb3f9947439f25736305573ec2 d388af1b00194e40ada407009d98f654 - default default] Made reservation on behalf of d388af1b00194e40ada407009d98f654 for: {'port': 1} before /usr/lib/python3.9/site-packages/neutron/pecan_wsgi/hooks/quota_enforcement.py:53
2025-10-14 07:31:28.807 17 DEBUG neutron_lib.callbacks.manager [req-000acaf6-6b10-47f0-84f6-7b106baf013e c02f3ebb3f9947439f25736305573ec2 d388af1b00194e40ada407009d98f654 - default default] Notify callbacks ['neutron.plugins.ml2.plugin.SecurityGroupDbMixin._ensure_default_security_group_handler-1803135'] for port, before_create _notify_loop /usr/lib/python3.9/site-packages/neutron_lib/callbacks/manager.py:200
2025-10-14 07:31:28.824 17 DEBUG neutron.notifiers.nova [req-62fee6c5-2004-4602-9afc-5f79900db3a7 c02f3ebb3f9947439f25736305573ec2 d388af1b00194e40ada407009d98f654 - default default] device_id is not set on port 8911f5c5-1dee-45da-bbf5-a4ad2a6c11c9 yet. _can_notify /usr/lib/python3.9/site-packages/neutron/notifiers/nova.py:201
2025-10-14 07:31:28.834 16 DEBUG neutron.db.db_base_plugin_common [req-c8250efc-455c-45d4-8d0e-b8abb27c18c4 c02f3ebb3f9947439f25736305573ec2 d388af1b00194e40ada407009d98f654 - default default] Allocated IP 172.17.0.130 (fd6cea85-82cc-4a6e-88de-ff3a207d9217/d31f4c80-a39f-4221-8221-efbd0b05f76f/4d9ac835-daaa-4ba1-879b-753fa2462aeb) _store_ip_allocation /usr/lib/python3.9/site-packages/neutron/db/db_base_plugin_common.py:131
2025-10-14 07:31:28.847 15 DEBUG neutron.db.db_base_plugin_common [req-549a34be-e4d7-4eb0-8787-a8bc141f1390 c02f3ebb3f9947439f25736305573ec2 d388af1b00194e40ada407009d98f654 - default default] Allocated IP 172.18.0.140 (d732f5a0-a42e-4acd-8601-000e52e8b92e/1e8a0cad-693e-4f33-8951-8308805f04b2/ea99be48-e6fc-46d3-99ec-15e3d746a647) _store_ip_allocation /usr/lib/python3.9/site-packages/neutron/db/db_base_plugin_common.py:131
2025-10-14 07:31:28.865 17 DEBUG neutron.notifiers.nova [req-000acaf6-6b10-47f0-84f6-7b106baf013e c02f3ebb3f9947439f25736305573ec2 d388af1b00194e40ada407009d98f654 - default default] device_id is not set on port 5e9c5bf7-f9e0-4921-8b8b-538e814c7b7d yet. _can_notify /usr/lib/python3.9/site-packages/neutron/notifiers/nova.py:201
2025-10-14 07:31:28.888 18 DEBUG neutron.db.db_base_plugin_common [req-19a0b1a8-1856-46a6-8b40-5a29a481f5da c02f3ebb3f9947439f25736305573ec2 d388af1b00194e40ada407009d98f654 - default default] Allocated IP 192.168.122.90 (8e9521c9-bb42-4d50-b229-7d9896859293/32b0fc0b-8b9c-4385-a283-333a987abd89/8df8d142-5e0b-42ba-ab88-2ab3cf460e57) _store_ip_allocation /usr/lib/python3.9/site-packages/neutron/db/db_base_plugin_common.py:131
2025-10-14 07:31:28.969 17 DEBUG neutron.db.db_base_plugin_common [req-62fee6c5-2004-4602-9afc-5f79900db3a7 c02f3ebb3f9947439f25736305573ec2 d388af1b00194e40ada407009d98f654 - default default] Allocated IP 172.21.0.80 (d943c9f8-7ba1-409b-a86e-ceaf448ba594/e8bc36ac-82dd-4d04-8392-133cf5e98abd/8911f5c5-1dee-45da-bbf5-a4ad2a6c11c9) _store_ip_allocation /usr/lib/python3.9/site-packages/neutron/db/db_base_plugin_common.py:131
2025-10-14 07:31:29.036 17 DEBUG neutron.db.db_base_plugin_common [req-000acaf6-6b10-47f0-84f6-7b106baf013e c02f3ebb3f9947439f25736305573ec2 d388af1b00194e40ada407009d98f654 - default default] Allocated IP 172.20.0.150 (2ea14b84-7bf5-4c6b-958a-5b9c7ded7914/8ca98072-da24-4926-9ee6-cd9bfffc2920/5e9c5bf7-f9e0-4921-8b8b-538e814c7b7d) _store_ip_allocation /usr/lib/python3.9/site-packages/neutron/db/db_base_plugin_common.py:131
2025-10-14 07:31:29.060 16 DEBUG neutron_lib.callbacks.manager [req-c8250efc-455c-45d4-8d0e-b8abb27c18c4 c02f3ebb3f9947439f25736305573ec2 d388af1b00194e40ada407009d98f654 - default default] Notify callbacks [] for port, precommit_create _notify_loop /usr/lib/python3.9/site-packages/neutron_lib/callbacks/manager.py:200
2025-10-14 07:31:29.087 15 DEBUG neutron_lib.callbacks.manager [req-549a34be-e4d7-4eb0-8787-a8bc141f1390 c02f3ebb3f9947439f25736305573ec2 d388af1b00194e40ada407009d98f654 - default default] Notify callbacks [] for port, precommit_create _notify_loop /usr/lib/python3.9/site-packages/neutron_lib/callbacks/manager.py:200
2025-10-14 07:31:29.149 16 DEBUG neutron_lib.callbacks.manager [req-c8250efc-455c-45d4-8d0e-b8abb27c18c4 c02f3ebb3f9947439f25736305573ec2 d388af1b00194e40ada407009d98f654 - default default] Notify callbacks ['neutron.plugins.ml2.plugin.SecurityGroupServerNotifierRpcMixin.notify_sg_on_port_change-1586059', 'neutron.plugins.ml2.extensions.dns_integration._create_port_in_external_dns_service-8783846149434', 'neutron.plugins.ml2.ovo_rpc._ObjectChangeHandler.handle_event-872418', 'neutron.api.rpc.agentnotifiers.dhcp_rpc_agent_api.DhcpAgentNotifyAPI._native_event_send_dhcp_notification-710301', 'neutron.services.segments.plugin.NovaSegmentNotifier._notify_port_created_or_deleted-503058'] for port, after_create _notify_loop /usr/lib/python3.9/site-packages/neutron_lib/callbacks/manager.py:200
2025-10-14 07:31:29.249 16 DEBUG neutron.plugins.ml2.drivers.mech_agent [req-c8250efc-455c-45d4-8d0e-b8abb27c18c4 c02f3ebb3f9947439f25736305573ec2 d388af1b00194e40ada407009d98f654 - default default] Checking segment: {'id': '7c63ca76-1329-414b-9a1c-75f4e333f5b1', 'network_type': 'flat', 'physical_network': 'internal_api_internal_api_subnet', 'segmentation_id': None, 'network_id': 'fd6cea85-82cc-4a6e-88de-ff3a207d9217'} for mappings: {'ctlplane': 'br-ctlplane'} with network types: ['local', 'flat', 'vlan'] check_segment_for_agent /usr/lib/python3.9/site-packages/neutron/plugins/ml2/drivers/mech_agent.py:343
2025-10-14 07:31:29.249 16 DEBUG neutron.plugins.ml2.drivers.mech_agent [req-c8250efc-455c-45d4-8d0e-b8abb27c18c4 c02f3ebb3f9947439f25736305573ec2 d388af1b00194e40ada407009d98f654 - default default] Network fd6cea85-82cc-4a6e-88de-ff3a207d9217 with segment 7c63ca76-1329-414b-9a1c-75f4e333f5b1 is connected to physical network internal_api_internal_api_subnet, but agent undercloud.ooo.test reported physical networks {'ctlplane': 'br-ctlplane'}. The physical network must be configured on the agent if binding is to succeed. check_segment_for_agent /usr/lib/python3.9/site-packages/neutron/plugins/ml2/drivers/mech_agent.py:365
2025-10-14 07:31:29.250 18 DEBUG neutron_lib.callbacks.manager [req-19a0b1a8-1856-46a6-8b40-5a29a481f5da c02f3ebb3f9947439f25736305573ec2 d388af1b00194e40ada407009d98f654 - default default] Notify callbacks [] for port, precommit_create _notify_loop /usr/lib/python3.9/site-packages/neutron_lib/callbacks/manager.py:200
2025-10-14 07:31:29.255 16 DEBUG neutron.api.rpc.handlers.resources_rpc [req-c8250efc-455c-45d4-8d0e-b8abb27c18c4 c02f3ebb3f9947439f25736305573ec2 d388af1b00194e40ada407009d98f654 - - -] Pushing event updated for resources: {'Port': ['ID=4d9ac835-daaa-4ba1-879b-753fa2462aeb,revision_number=1']} push /usr/lib/python3.9/site-packages/neutron/api/rpc/handlers/resources_rpc.py:237
2025-10-14 07:31:29.257 16 DEBUG neutron.scheduler.dhcp_agent_scheduler [req-c8250efc-455c-45d4-8d0e-b8abb27c18c4 c02f3ebb3f9947439f25736305573ec2 d388af1b00194e40ada407009d98f654 - default default] Network hostable DHCP agents. Network: fd6cea85-82cc-4a6e-88de-ff3a207d9217, hostable agents: [], hosted agents: [] _get_network_hostable_dhcp_agents /usr/lib/python3.9/site-packages/neutron/scheduler/dhcp_agent_scheduler.py:329
2025-10-14 07:31:29.257 16 DEBUG neutron.scheduler.base_scheduler [req-c8250efc-455c-45d4-8d0e-b8abb27c18c4 c02f3ebb3f9947439f25736305573ec2 d388af1b00194e40ada407009d98f654 - default default] Resources bound (agent type, host, resource id): schedule /usr/lib/python3.9/site-packages/neutron/scheduler/base_scheduler.py:57
2025-10-14 07:31:29.257 16 WARNING neutron.api.rpc.agentnotifiers.dhcp_rpc_agent_api [req-c8250efc-455c-45d4-8d0e-b8abb27c18c4 c02f3ebb3f9947439f25736305573ec2 d388af1b00194e40ada407009d98f654 - default default] Unable to schedule network fd6cea85-82cc-4a6e-88de-ff3a207d9217: no agents available; will retry on subsequent port and subnet creation events.
2025-10-14 07:31:29.257 16 DEBUG neutron.api.rpc.agentnotifiers.dhcp_rpc_agent_api [req-c8250efc-455c-45d4-8d0e-b8abb27c18c4 c02f3ebb3f9947439f25736305573ec2 d388af1b00194e40ada407009d98f654 - default default] Network fd6cea85-82cc-4a6e-88de-ff3a207d9217 is not hosted by any dhcp agent _notify_agents /usr/lib/python3.9/site-packages/neutron/api/rpc/agentnotifiers/dhcp_rpc_agent_api.py:228
2025-10-14 07:31:29.259 15 DEBUG neutron_lib.callbacks.manager [req-549a34be-e4d7-4eb0-8787-a8bc141f1390 c02f3ebb3f9947439f25736305573ec2 d388af1b00194e40ada407009d98f654 - default default] Notify callbacks ['neutron.plugins.ml2.plugin.SecurityGroupServerNotifierRpcMixin.notify_sg_on_port_change-1586059', 'neutron.plugins.ml2.extensions.dns_integration._create_port_in_external_dns_service-8783846149434', 'neutron.plugins.ml2.ovo_rpc._ObjectChangeHandler.handle_event-872418', 'neutron.api.rpc.agentnotifiers.dhcp_rpc_agent_api.DhcpAgentNotifyAPI._native_event_send_dhcp_notification-710301', 'neutron.services.segments.plugin.NovaSegmentNotifier._notify_port_created_or_deleted-503058'] for port, after_create _notify_loop /usr/lib/python3.9/site-packages/neutron_lib/callbacks/manager.py:200
2025-10-14 07:31:29.276 18 DEBUG neutron.db.provisioning_blocks [req-19a0b1a8-1856-46a6-8b40-5a29a481f5da c02f3ebb3f9947439f25736305573ec2 d388af1b00194e40ada407009d98f654 - default default] Transition to ACTIVE for port object 8df8d142-5e0b-42ba-ab88-2ab3cf460e57 will not be triggered until provisioned by entity DHCP. add_provisioning_component /usr/lib/python3.9/site-packages/neutron/db/provisioning_blocks.py:74
2025-10-14 07:31:29.306 16 DEBUG neutron.pecan_wsgi.hooks.policy_enforcement [req-c8250efc-455c-45d4-8d0e-b8abb27c18c4 c02f3ebb3f9947439f25736305573ec2 d388af1b00194e40ada407009d98f654 - default default] Attributes excluded by policy engine: ['standard_attr_id', 'network'] _exclude_attributes_by_policy /usr/lib/python3.9/site-packages/neutron/pecan_wsgi/hooks/policy_enforcement.py:259
2025-10-14 07:31:29.308 16 DEBUG neutron_lib.callbacks.manager [req-c8250efc-455c-45d4-8d0e-b8abb27c18c4 c02f3ebb3f9947439f25736305573ec2 d388af1b00194e40ada407009d98f654 - default default] Notify callbacks ['neutron.notifiers.nova.Notifier._send_nova_notification-152401', 'neutron.api.rpc.agentnotifiers.dhcp_rpc_agent_api.DhcpAgentNotifyAPI._send_dhcp_notification-710383'] for port, before_response _notify_loop /usr/lib/python3.9/site-packages/neutron_lib/callbacks/manager.py:200
2025-10-14 07:31:29.316 18 DEBUG neutron_lib.callbacks.manager [req-19a0b1a8-1856-46a6-8b40-5a29a481f5da c02f3ebb3f9947439f25736305573ec2 d388af1b00194e40ada407009d98f654 - default default] Notify callbacks ['neutron.plugins.ml2.plugin.SecurityGroupServerNotifierRpcMixin.notify_sg_on_port_change-1586059', 'neutron.plugins.ml2.extensions.dns_integration._create_port_in_external_dns_service-8783846149434', 'neutron.plugins.ml2.ovo_rpc._ObjectChangeHandler.handle_event-872418', 'neutron.api.rpc.agentnotifiers.dhcp_rpc_agent_api.DhcpAgentNotifyAPI._native_event_send_dhcp_notification-710301', 'neutron.services.segments.plugin.NovaSegmentNotifier._notify_port_created_or_deleted-503058'] for port, after_create _notify_loop /usr/lib/python3.9/site-packages/neutron_lib/callbacks/manager.py:200
2025-10-14 07:31:29.331 16 INFO neutron.wsgi [req-c8250efc-455c-45d4-8d0e-b8abb27c18c4 c02f3ebb3f9947439f25736305573ec2 d388af1b00194e40ada407009d98f654 - default default] 192.168.122.99,192.168.122.100 "POST /v2.0/ports HTTP/1.1" status: 201 len: 1155 time: 0.6225560
2025-10-14 07:31:29.334 15 DEBUG neutron.api.rpc.handlers.resources_rpc [req-549a34be-e4d7-4eb0-8787-a8bc141f1390 c02f3ebb3f9947439f25736305573ec2 d388af1b00194e40ada407009d98f654 - - -] Pushing event updated for resources: {'Port': ['ID=ea99be48-e6fc-46d3-99ec-15e3d746a647,revision_number=1']} push /usr/lib/python3.9/site-packages/neutron/api/rpc/handlers/resources_rpc.py:237
2025-10-14 07:31:29.337 15 DEBUG neutron.plugins.ml2.drivers.mech_agent [req-549a34be-e4d7-4eb0-8787-a8bc141f1390 c02f3ebb3f9947439f25736305573ec2 d388af1b00194e40ada407009d98f654 - default default] Checking segment: {'id': 'f8cfdab3-1301-424b-9262-c7b471ec1fcf', 'network_type': 'flat', 'physical_network': 'storage_storage_subnet', 'segmentation_id': None, 'network_id': 'd732f5a0-a42e-4acd-8601-000e52e8b92e'} for mappings: {'ctlplane': 'br-ctlplane'} with network types: ['local', 'flat', 'vlan'] check_segment_for_agent /usr/lib/python3.9/site-packages/neutron/plugins/ml2/drivers/mech_agent.py:343
2025-10-14 07:31:29.337 15 DEBUG neutron.plugins.ml2.drivers.mech_agent [req-549a34be-e4d7-4eb0-8787-a8bc141f1390 c02f3ebb3f9947439f25736305573ec2 d388af1b00194e40ada407009d98f654 - default default] Network d732f5a0-a42e-4acd-8601-000e52e8b92e with segment f8cfdab3-1301-424b-9262-c7b471ec1fcf is connected to physical network storage_storage_subnet, but agent undercloud.ooo.test reported physical networks {'ctlplane': 'br-ctlplane'}. The physical network must be configured on the agent if binding is to succeed. check_segment_for_agent /usr/lib/python3.9/site-packages/neutron/plugins/ml2/drivers/mech_agent.py:365
2025-10-14 07:31:29.340 15 DEBUG neutron.api.rpc.callbacks.version_manager [req-549a34be-e4d7-4eb0-8787-a8bc141f1390 c02f3ebb3f9947439f25736305573ec2 d388af1b00194e40ada407009d98f654 - - -] Version for resource type AddressGroup changed None to 1.2 on consumer Open vSwitch agent@undercloud.ooo.test _set_version /usr/lib/python3.9/site-packages/neutron/api/rpc/callbacks/version_manager.py:113
2025-10-14 07:31:29.340 15 DEBUG neutron.api.rpc.callbacks.version_manager [req-549a34be-e4d7-4eb0-8787-a8bc141f1390 c02f3ebb3f9947439f25736305573ec2 d388af1b00194e40ada407009d98f654 - - -] Version for resource type ConntrackHelper changed None to 1.0 on consumer Open vSwitch agent@undercloud.ooo.test _set_version /usr/lib/python3.9/site-packages/neutron/api/rpc/callbacks/version_manager.py:113
2025-10-14 07:31:29.340 15 DEBUG neutron.api.rpc.callbacks.version_manager [req-549a34be-e4d7-4eb0-8787-a8bc141f1390 c02f3ebb3f9947439f25736305573ec2 d388af1b00194e40ada407009d98f654 - - -] Version for resource type Log changed None to 1.0 on consumer Open vSwitch agent@undercloud.ooo.test _set_version /usr/lib/python3.9/site-packages/neutron/api/rpc/callbacks/version_manager.py:113
2025-10-14 07:31:29.340 15 DEBUG neutron.api.rpc.callbacks.version_manager [req-549a34be-e4d7-4eb0-8787-a8bc141f1390 c02f3ebb3f9947439f25736305573ec2 d388af1b00194e40ada407009d98f654 - - -] Version for resource type Network changed None to 1.1 on consumer Open vSwitch agent@undercloud.ooo.test _set_version /usr/lib/python3.9/site-packages/neutron/api/rpc/callbacks/version_manager.py:113
2025-10-14 07:31:29.340 15 DEBUG neutron.api.rpc.callbacks.version_manager [req-549a34be-e4d7-4eb0-8787-a8bc141f1390 c02f3ebb3f9947439f25736305573ec2 d388af1b00194e40ada407009d98f654 - - -] Version for resource type Port changed None to 1.7 on consumer Open vSwitch agent@undercloud.ooo.test _set_version /usr/lib/python3.9/site-packages/neutron/api/rpc/callbacks/version_manager.py:113
2025-10-14 07:31:29.341 15 DEBUG neutron.api.rpc.callbacks.version_manager [req-549a34be-e4d7-4eb0-8787-a8bc141f1390 c02f3ebb3f9947439f25736305573ec2 d388af1b00194e40ada407009d98f654 - - -] Version for resource type PortForwarding changed None to 1.2 on consumer Open vSwitch agent@undercloud.ooo.test _set_version /usr/lib/python3.9/site-packages/neutron/api/rpc/callbacks/version_manager.py:113
2025-10-14 07:31:29.341 15 DEBUG neutron.api.rpc.callbacks.version_manager [req-549a34be-e4d7-4eb0-8787-a8bc141f1390 c02f3ebb3f9947439f25736305573ec2 d388af1b00194e40ada407009d98f654 - - -] Version for resource type QosPolicy changed None to 1.8 on consumer Open vSwitch agent@undercloud.ooo.test _set_version /usr/lib/python3.9/site-packages/neutron/api/rpc/callbacks/version_manager.py:113
2025-10-14 07:31:29.341 15 DEBUG neutron.api.rpc.callbacks.version_manager [req-549a34be-e4d7-4eb0-8787-a8bc141f1390 c02f3ebb3f9947439f25736305573ec2 d388af1b00194e40ada407009d98f654 - - -] Version for resource type SecurityGroup changed None to 1.5 on consumer Open vSwitch agent@undercloud.ooo.test _set_version /usr/lib/python3.9/site-packages/neutron/api/rpc/callbacks/version_manager.py:113
2025-10-14 07:31:29.341 15 DEBUG neutron.api.rpc.callbacks.version_manager [req-549a34be-e4d7-4eb0-8787-a8bc141f1390 c02f3ebb3f9947439f25736305573ec2 d388af1b00194e40ada407009d98f654 - - -] Version for resource type SecurityGroupRule changed None to 1.2 on consumer Open vSwitch agent@undercloud.ooo.test _set_version /usr/lib/python3.9/site-packages/neutron/api/rpc/callbacks/version_manager.py:113
2025-10-14 07:31:29.341 15 DEBUG neutron.api.rpc.callbacks.version_manager [req-549a34be-e4d7-4eb0-8787-a8bc141f1390 c02f3ebb3f9947439f25736305573ec2 d388af1b00194e40ada407009d98f654 - - -] Version for resource type SubPort changed None to 1.0 on consumer Open vSwitch agent@undercloud.ooo.test _set_version /usr/lib/python3.9/site-packages/neutron/api/rpc/callbacks/version_manager.py:113
2025-10-14 07:31:29.341 15 DEBUG neutron.api.rpc.callbacks.version_manager [req-549a34be-e4d7-4eb0-8787-a8bc141f1390 c02f3ebb3f9947439f25736305573ec2 d388af1b00194e40ada407009d98f654 - - -] Version for resource type Subnet changed None to 1.1 on consumer Open vSwitch agent@undercloud.ooo.test _set_version /usr/lib/python3.9/site-packages/neutron/api/rpc/callbacks/version_manager.py:113
2025-10-14 07:31:29.341 15 DEBUG neutron.api.rpc.callbacks.version_manager [req-549a34be-e4d7-4eb0-8787-a8bc141f1390 c02f3ebb3f9947439f25736305573ec2 d388af1b00194e40ada407009d98f654 - - -] Version for resource type Trunk changed None to 1.1 on consumer Open vSwitch agent@undercloud.ooo.test _set_version /usr/lib/python3.9/site-packages/neutron/api/rpc/callbacks/version_manager.py:113
2025-10-14 07:31:29.342 15 DEBUG neutron.api.rpc.callbacks.version_manager [req-549a34be-e4d7-4eb0-8787-a8bc141f1390 c02f3ebb3f9947439f25736305573ec2 d388af1b00194e40ada407009d98f654 - - -] Tracked resource versions report: pushed versions: { 'AddressGroup': {'1.2'}, 'ConntrackHelper': {'1.0'}, 'Log': {'1.0'}, 'Network': {'1.1'}, 'Port': {'1.7'}, 'PortForwarding': {'1.2'}, 'QosPolicy': {'1.8'}, 'SecurityGroup': {'1.5'}, 'SecurityGroupRule': {'1.2'}, 'SubPort': {'1.0'}, 'Subnet': {'1.1'}, 'Trunk': {'1.1'}} consumer versions: { DHCP agent@undercloud.ooo.test: {}, L3 agent@undercloud.ooo.test: {}, Open vSwitch agent@undercloud.ooo.test: { 'AddressGroup': '1.2', 'ConntrackHelper': '1.0', 'Log': '1.0', 'Network': '1.1', 'Port': '1.7', 'PortForwarding': '1.2', 'QosPolicy': '1.8', 'SecurityGroup': '1.5', 'SecurityGroupRule': '1.2', 'SubPort': '1.0', 'Subnet': '1.1', 'Trunk': '1.1'}} report /usr/lib/python3.9/site-packages/neutron/api/rpc/callbacks/version_manager.py:175
2025-10-14 07:31:29.343 16 DEBUG neutron.services.tag.tag_plugin [req-efea87df-8c4f-4414-8e76-0d3975107a1b c02f3ebb3f9947439f25736305573ec2 d388af1b00194e40ada407009d98f654 - default default] neutron.services.tag.tag_plugin.TagPlugin method update_tags called with arguments (, 'ports', '4d9ac835-daaa-4ba1-879b-753fa2462aeb', {'tags': ['tripleo_stack_name=overcloud', 'tripleo_vip_net=internal_api']}) {} wrapper /usr/lib/python3.9/site-packages/oslo_log/helpers.py:65
2025-10-14 07:31:29.344 15 DEBUG neutron.scheduler.dhcp_agent_scheduler [req-549a34be-e4d7-4eb0-8787-a8bc141f1390 c02f3ebb3f9947439f25736305573ec2 d388af1b00194e40ada407009d98f654 - default default] Network hostable DHCP agents. Network: d732f5a0-a42e-4acd-8601-000e52e8b92e, hostable agents: [], hosted agents: [] _get_network_hostable_dhcp_agents /usr/lib/python3.9/site-packages/neutron/scheduler/dhcp_agent_scheduler.py:329
2025-10-14 07:31:29.344 15 DEBUG neutron.scheduler.base_scheduler [req-549a34be-e4d7-4eb0-8787-a8bc141f1390 c02f3ebb3f9947439f25736305573ec2 d388af1b00194e40ada407009d98f654 - default default] Resources bound (agent type, host, resource id): schedule /usr/lib/python3.9/site-packages/neutron/scheduler/base_scheduler.py:57
2025-10-14 07:31:29.344 15 WARNING neutron.api.rpc.agentnotifiers.dhcp_rpc_agent_api [req-549a34be-e4d7-4eb0-8787-a8bc141f1390 c02f3ebb3f9947439f25736305573ec2 d388af1b00194e40ada407009d98f654 - default default] Unable to schedule network d732f5a0-a42e-4acd-8601-000e52e8b92e: no agents available; will retry on subsequent port and subnet creation events.
2025-10-14 07:31:29.345 15 DEBUG neutron.api.rpc.agentnotifiers.dhcp_rpc_agent_api [req-549a34be-e4d7-4eb0-8787-a8bc141f1390 c02f3ebb3f9947439f25736305573ec2 d388af1b00194e40ada407009d98f654 - default default] Network d732f5a0-a42e-4acd-8601-000e52e8b92e is not hosted by any dhcp agent _notify_agents /usr/lib/python3.9/site-packages/neutron/api/rpc/agentnotifiers/dhcp_rpc_agent_api.py:228
2025-10-14 07:31:29.352 18 DEBUG neutron.scheduler.dhcp_agent_scheduler [req-19a0b1a8-1856-46a6-8b40-5a29a481f5da c02f3ebb3f9947439f25736305573ec2 d388af1b00194e40ada407009d98f654 - default default] Network 8e9521c9-bb42-4d50-b229-7d9896859293 is already hosted by enough agents. _get_dhcp_agents_hosting_network /usr/lib/python3.9/site-packages/neutron/scheduler/dhcp_agent_scheduler.py:275
2025-10-14 07:31:29.353 18 DEBUG neutron.scheduler.base_scheduler [req-19a0b1a8-1856-46a6-8b40-5a29a481f5da c02f3ebb3f9947439f25736305573ec2 d388af1b00194e40ada407009d98f654 - default default] Resources bound (agent type, host, resource id): schedule /usr/lib/python3.9/site-packages/neutron/scheduler/base_scheduler.py:57
2025-10-14 07:31:29.373 17 DEBUG neutron_lib.callbacks.manager [req-62fee6c5-2004-4602-9afc-5f79900db3a7 c02f3ebb3f9947439f25736305573ec2 d388af1b00194e40ada407009d98f654 - default default] Notify callbacks [] for port, precommit_create _notify_loop /usr/lib/python3.9/site-packages/neutron_lib/callbacks/manager.py:200
2025-10-14 07:31:29.374 18 DEBUG neutron.api.rpc.handlers.resources_rpc [req-19a0b1a8-1856-46a6-8b40-5a29a481f5da c02f3ebb3f9947439f25736305573ec2 d388af1b00194e40ada407009d98f654 - - -] Pushing event updated for resources: {'Port': ['ID=8df8d142-5e0b-42ba-ab88-2ab3cf460e57,revision_number=1']} push /usr/lib/python3.9/site-packages/neutron/api/rpc/handlers/resources_rpc.py:237
2025-10-14 07:31:29.375 15 DEBUG neutron.pecan_wsgi.hooks.policy_enforcement [req-549a34be-e4d7-4eb0-8787-a8bc141f1390 c02f3ebb3f9947439f25736305573ec2 d388af1b00194e40ada407009d98f654 - default default] Attributes excluded by policy engine: ['standard_attr_id', 'network'] _exclude_attributes_by_policy /usr/lib/python3.9/site-packages/neutron/pecan_wsgi/hooks/policy_enforcement.py:259
