2025-10-14 07:31:53.591 15 DEBUG neutron.notifiers.nova [req-93808555-f99d-4f05-9b64-0f8c949b10dd c02f3ebb3f9947439f25736305573ec2 d388af1b00194e40ada407009d98f654 - default default] device_id is not set on port bb8d5a19-74a6-416f-bb8b-c184839752aa yet. _can_notify /usr/lib/python3.9/site-packages/neutron/notifiers/nova.py:201
2025-10-14 07:31:53.594 18 DEBUG neutron.notifiers.nova [req-c7e5e55b-1ff4-4d7b-9125-034275016a54 c02f3ebb3f9947439f25736305573ec2 d388af1b00194e40ada407009d98f654 - default default] device_id is not set on port 4ea6934b-f751-4fdb-b19c-f908d4a4a614 yet. _can_notify /usr/lib/python3.9/site-packages/neutron/notifiers/nova.py:201
2025-10-14 07:31:53.609 17 INFO neutron.wsgi [req-3f562197-b424-4a2a-ab2e-ae188f793fb7 c02f3ebb3f9947439f25736305573ec2 d388af1b00194e40ada407009d98f654 - default default] 192.168.122.99,192.168.122.100 "GET /v2.0/ports?network_id=d732f5a0-a42e-4acd-8601-000e52e8b92e&tags=tripleo_stack_name%3Dcell1&tags=tripleo_vip_net%3Dstorage HTTP/1.1" status: 200 len: 186 time: 0.0960953
2025-10-14 07:31:53.612 17 INFO neutron.wsgi [req-681073b5-667e-4a85-b5cc-39956cda1c67 c02f3ebb3f9947439f25736305573ec2 d388af1b00194e40ada407009d98f654 - default default] 192.168.122.99,192.168.122.100 "GET /v2.0/ports?network_id=d943c9f8-7ba1-409b-a86e-ceaf448ba594&tags=tripleo_stack_name%3Dcell1&tags=tripleo_vip_net%3Dexternal HTTP/1.1" status: 200 len: 186 time: 0.1011207
2025-10-14 07:31:53.626 17 DEBUG neutron.api.v2.base [req-69b19827-f90b-4fae-9951-addc95af9cdc c02f3ebb3f9947439f25736305573ec2 d388af1b00194e40ada407009d98f654 - default default] Request body: {'port': {'fixed_ips': [{'ip_address': '172.21.0.83'}], 'network_id': 'd943c9f8-7ba1-409b-a86e-ceaf448ba594', 'dns_name': 'multicell', 'name': 'external_vip'}} prepare_request_body /usr/lib/python3.9/site-packages/neutron/api/v2/base.py:729
2025-10-14 07:31:53.633 17 DEBUG neutron.api.v2.base [req-a2cba851-d9eb-487d-b140-270787a882ab c02f3ebb3f9947439f25736305573ec2 d388af1b00194e40ada407009d98f654 - default default] Request body: {'port': {'fixed_ips': [{'ip_address': '172.18.0.143'}], 'network_id': 'd732f5a0-a42e-4acd-8601-000e52e8b92e', 'dns_name': 'multicell', 'name': 'storage_vip'}} prepare_request_body /usr/lib/python3.9/site-packages/neutron/api/v2/base.py:729
2025-10-14 07:31:53.653 17 DEBUG neutron.pecan_wsgi.hooks.quota_enforcement [req-69b19827-f90b-4fae-9951-addc95af9cdc c02f3ebb3f9947439f25736305573ec2 d388af1b00194e40ada407009d98f654 - default default] Made reservation on behalf of d388af1b00194e40ada407009d98f654 for: {'port': 1} before /usr/lib/python3.9/site-packages/neutron/pecan_wsgi/hooks/quota_enforcement.py:53
2025-10-14 07:31:53.655 17 DEBUG neutron_lib.callbacks.manager [req-69b19827-f90b-4fae-9951-addc95af9cdc c02f3ebb3f9947439f25736305573ec2 d388af1b00194e40ada407009d98f654 - default default] Notify callbacks ['neutron.plugins.ml2.plugin.SecurityGroupDbMixin._ensure_default_security_group_handler-1803135'] for port, before_create _notify_loop /usr/lib/python3.9/site-packages/neutron_lib/callbacks/manager.py:200
2025-10-14 07:31:53.671 17 DEBUG neutron.pecan_wsgi.hooks.quota_enforcement [req-a2cba851-d9eb-487d-b140-270787a882ab c02f3ebb3f9947439f25736305573ec2 d388af1b00194e40ada407009d98f654 - default default] Made reservation on behalf of d388af1b00194e40ada407009d98f654 for: {'port': 1} before /usr/lib/python3.9/site-packages/neutron/pecan_wsgi/hooks/quota_enforcement.py:53
2025-10-14 07:31:53.672 16 DEBUG neutron.db.db_base_plugin_common [req-f14ca803-37ff-4cab-98f4-d7cd0909f1d0 c02f3ebb3f9947439f25736305573ec2 d388af1b00194e40ada407009d98f654 - default default] Allocated IP 192.168.122.93 (8e9521c9-bb42-4d50-b229-7d9896859293/32b0fc0b-8b9c-4385-a283-333a987abd89/a641276e-b3ce-4635-9089-83135c3bef94) _store_ip_allocation /usr/lib/python3.9/site-packages/neutron/db/db_base_plugin_common.py:131
2025-10-14 07:31:53.674 17 DEBUG neutron_lib.callbacks.manager [req-a2cba851-d9eb-487d-b140-270787a882ab c02f3ebb3f9947439f25736305573ec2 d388af1b00194e40ada407009d98f654 - default default] Notify callbacks ['neutron.plugins.ml2.plugin.SecurityGroupDbMixin._ensure_default_security_group_handler-1803135'] for port, before_create _notify_loop /usr/lib/python3.9/site-packages/neutron_lib/callbacks/manager.py:200
2025-10-14 07:31:53.706 15 DEBUG neutron.db.db_base_plugin_common [req-93808555-f99d-4f05-9b64-0f8c949b10dd c02f3ebb3f9947439f25736305573ec2 d388af1b00194e40ada407009d98f654 - default default] Allocated IP 172.20.0.153 (2ea14b84-7bf5-4c6b-958a-5b9c7ded7914/8ca98072-da24-4926-9ee6-cd9bfffc2920/bb8d5a19-74a6-416f-bb8b-c184839752aa) _store_ip_allocation /usr/lib/python3.9/site-packages/neutron/db/db_base_plugin_common.py:131
2025-10-14 07:31:53.715 17 DEBUG neutron.notifiers.nova [req-69b19827-f90b-4fae-9951-addc95af9cdc c02f3ebb3f9947439f25736305573ec2 d388af1b00194e40ada407009d98f654 - default default] device_id is not set on port c4422f0a-527a-49a0-9dce-3c685e8f5ef1 yet. _can_notify /usr/lib/python3.9/site-packages/neutron/notifiers/nova.py:201
2025-10-14 07:31:53.734 17 DEBUG neutron.notifiers.nova [req-a2cba851-d9eb-487d-b140-270787a882ab c02f3ebb3f9947439f25736305573ec2 d388af1b00194e40ada407009d98f654 - default default] device_id is not set on port e597df18-67cf-4a50-b28d-6acd18977199 yet. _can_notify /usr/lib/python3.9/site-packages/neutron/notifiers/nova.py:201
2025-10-14 07:31:53.755 18 DEBUG neutron.db.db_base_plugin_common [req-c7e5e55b-1ff4-4d7b-9125-034275016a54 c02f3ebb3f9947439f25736305573ec2 d388af1b00194e40ada407009d98f654 - default default] Allocated IP 172.17.0.133 (fd6cea85-82cc-4a6e-88de-ff3a207d9217/d31f4c80-a39f-4221-8221-efbd0b05f76f/4ea6934b-f751-4fdb-b19c-f908d4a4a614) _store_ip_allocation /usr/lib/python3.9/site-packages/neutron/db/db_base_plugin_common.py:131
2025-10-14 07:31:53.841 16 DEBUG neutron_lib.callbacks.manager [req-f14ca803-37ff-4cab-98f4-d7cd0909f1d0 c02f3ebb3f9947439f25736305573ec2 d388af1b00194e40ada407009d98f654 - default default] Notify callbacks [] for port, precommit_create _notify_loop /usr/lib/python3.9/site-packages/neutron_lib/callbacks/manager.py:200
2025-10-14 07:31:53.849 16 DEBUG neutron.db.provisioning_blocks [req-f14ca803-37ff-4cab-98f4-d7cd0909f1d0 c02f3ebb3f9947439f25736305573ec2 d388af1b00194e40ada407009d98f654 - default default] Transition to ACTIVE for port object a641276e-b3ce-4635-9089-83135c3bef94 will not be triggered until provisioned by entity DHCP. add_provisioning_component /usr/lib/python3.9/site-packages/neutron/db/provisioning_blocks.py:74
2025-10-14 07:31:53.863 16 DEBUG neutron_lib.callbacks.manager [req-f14ca803-37ff-4cab-98f4-d7cd0909f1d0 c02f3ebb3f9947439f25736305573ec2 d388af1b00194e40ada407009d98f654 - default default] Notify callbacks ['neutron.plugins.ml2.plugin.SecurityGroupServerNotifierRpcMixin.notify_sg_on_port_change-1586059', 'neutron.plugins.ml2.extensions.dns_integration._create_port_in_external_dns_service-8783846149434', 'neutron.plugins.ml2.ovo_rpc._ObjectChangeHandler.handle_event-872418', 'neutron.api.rpc.agentnotifiers.dhcp_rpc_agent_api.DhcpAgentNotifyAPI._native_event_send_dhcp_notification-710301', 'neutron.services.segments.plugin.NovaSegmentNotifier._notify_port_created_or_deleted-503058'] for port, after_create _notify_loop /usr/lib/python3.9/site-packages/neutron_lib/callbacks/manager.py:200
2025-10-14 07:31:53.884 17 DEBUG neutron.db.db_base_plugin_common [req-69b19827-f90b-4fae-9951-addc95af9cdc c02f3ebb3f9947439f25736305573ec2 d388af1b00194e40ada407009d98f654 - default default] Allocated IP 172.21.0.83 (d943c9f8-7ba1-409b-a86e-ceaf448ba594/e8bc36ac-82dd-4d04-8392-133cf5e98abd/c4422f0a-527a-49a0-9dce-3c685e8f5ef1) _store_ip_allocation /usr/lib/python3.9/site-packages/neutron/db/db_base_plugin_common.py:131
2025-10-14 07:31:53.887 17 DEBUG neutron.db.db_base_plugin_common [req-a2cba851-d9eb-487d-b140-270787a882ab c02f3ebb3f9947439f25736305573ec2 d388af1b00194e40ada407009d98f654 - default default] Allocated IP 172.18.0.143 (d732f5a0-a42e-4acd-8601-000e52e8b92e/1e8a0cad-693e-4f33-8951-8308805f04b2/e597df18-67cf-4a50-b28d-6acd18977199) _store_ip_allocation /usr/lib/python3.9/site-packages/neutron/db/db_base_plugin_common.py:131
2025-10-14 07:31:53.896 16 DEBUG neutron.scheduler.dhcp_agent_scheduler [req-f14ca803-37ff-4cab-98f4-d7cd0909f1d0 c02f3ebb3f9947439f25736305573ec2 d388af1b00194e40ada407009d98f654 - default default] Network 8e9521c9-bb42-4d50-b229-7d9896859293 is already hosted by enough agents. _get_dhcp_agents_hosting_network /usr/lib/python3.9/site-packages/neutron/scheduler/dhcp_agent_scheduler.py:275
2025-10-14 07:31:53.897 16 DEBUG neutron.scheduler.base_scheduler [req-f14ca803-37ff-4cab-98f4-d7cd0909f1d0 c02f3ebb3f9947439f25736305573ec2 d388af1b00194e40ada407009d98f654 - default default] Resources bound (agent type, host, resource id): schedule /usr/lib/python3.9/site-packages/neutron/scheduler/base_scheduler.py:57
2025-10-14 07:31:53.905 15 DEBUG neutron_lib.callbacks.manager [req-93808555-f99d-4f05-9b64-0f8c949b10dd c02f3ebb3f9947439f25736305573ec2 d388af1b00194e40ada407009d98f654 - default default] Notify callbacks [] for port, precommit_create _notify_loop /usr/lib/python3.9/site-packages/neutron_lib/callbacks/manager.py:200
2025-10-14 07:31:53.926 15 DEBUG neutron_lib.callbacks.manager [req-93808555-f99d-4f05-9b64-0f8c949b10dd c02f3ebb3f9947439f25736305573ec2 d388af1b00194e40ada407009d98f654 - default default] Notify callbacks ['neutron.plugins.ml2.plugin.SecurityGroupServerNotifierRpcMixin.notify_sg_on_port_change-1586059', 'neutron.plugins.ml2.extensions.dns_integration._create_port_in_external_dns_service-8783846149434', 'neutron.plugins.ml2.ovo_rpc._ObjectChangeHandler.handle_event-872418', 'neutron.api.rpc.agentnotifiers.dhcp_rpc_agent_api.DhcpAgentNotifyAPI._native_event_send_dhcp_notification-710301', 'neutron.services.segments.plugin.NovaSegmentNotifier._notify_port_created_or_deleted-503058'] for port, after_create _notify_loop /usr/lib/python3.9/site-packages/neutron_lib/callbacks/manager.py:200
2025-10-14 07:31:53.929 16 DEBUG neutron.api.rpc.handlers.resources_rpc [req-f14ca803-37ff-4cab-98f4-d7cd0909f1d0 c02f3ebb3f9947439f25736305573ec2 d388af1b00194e40ada407009d98f654 - - -] Pushing event updated for resources: {'Port': ['ID=a641276e-b3ce-4635-9089-83135c3bef94,revision_number=1']} push /usr/lib/python3.9/site-packages/neutron/api/rpc/handlers/resources_rpc.py:237
2025-10-14 07:31:53.947 18 DEBUG neutron_lib.callbacks.manager [req-c7e5e55b-1ff4-4d7b-9125-034275016a54 c02f3ebb3f9947439f25736305573ec2 d388af1b00194e40ada407009d98f654 - default default] Notify callbacks [] for port, precommit_create _notify_loop /usr/lib/python3.9/site-packages/neutron_lib/callbacks/manager.py:200
2025-10-14 07:31:53.948 16 DEBUG neutron.api.rpc.callbacks.version_manager [req-f14ca803-37ff-4cab-98f4-d7cd0909f1d0 c02f3ebb3f9947439f25736305573ec2 d388af1b00194e40ada407009d98f654 - - -] Version for resource type AddressGroup changed None to 1.2 on consumer Open vSwitch agent@undercloud.ooo.test _set_version /usr/lib/python3.9/site-packages/neutron/api/rpc/callbacks/version_manager.py:113
2025-10-14 07:31:53.949 16 DEBUG neutron.api.rpc.callbacks.version_manager [req-f14ca803-37ff-4cab-98f4-d7cd0909f1d0 c02f3ebb3f9947439f25736305573ec2 d388af1b00194e40ada407009d98f654 - - -] Version for resource type ConntrackHelper changed None to 1.0 on consumer Open vSwitch agent@undercloud.ooo.test _set_version /usr/lib/python3.9/site-packages/neutron/api/rpc/callbacks/version_manager.py:113
2025-10-14 07:31:53.949 16 DEBUG neutron.api.rpc.callbacks.version_manager [req-f14ca803-37ff-4cab-98f4-d7cd0909f1d0 c02f3ebb3f9947439f25736305573ec2 d388af1b00194e40ada407009d98f654 - - -] Version for resource type Log changed None to 1.0 on consumer Open vSwitch agent@undercloud.ooo.test _set_version /usr/lib/python3.9/site-packages/neutron/api/rpc/callbacks/version_manager.py:113
2025-10-14 07:31:53.950 16 DEBUG neutron.api.rpc.callbacks.version_manager [req-f14ca803-37ff-4cab-98f4-d7cd0909f1d0 c02f3ebb3f9947439f25736305573ec2 d388af1b00194e40ada407009d98f654 - - -] Version for resource type Network changed None to 1.1 on consumer Open vSwitch agent@undercloud.ooo.test _set_version /usr/lib/python3.9/site-packages/neutron/api/rpc/callbacks/version_manager.py:113
2025-10-14 07:31:53.950 16 DEBUG neutron.api.rpc.callbacks.version_manager [req-f14ca803-37ff-4cab-98f4-d7cd0909f1d0 c02f3ebb3f9947439f25736305573ec2 d388af1b00194e40ada407009d98f654 - - -] Version for resource type Port changed None to 1.7 on consumer Open vSwitch agent@undercloud.ooo.test _set_version /usr/lib/python3.9/site-packages/neutron/api/rpc/callbacks/version_manager.py:113
2025-10-14 07:31:53.951 16 DEBUG neutron.api.rpc.callbacks.version_manager [req-f14ca803-37ff-4cab-98f4-d7cd0909f1d0 c02f3ebb3f9947439f25736305573ec2 d388af1b00194e40ada407009d98f654 - - -] Version for resource type PortForwarding changed None to 1.2 on consumer Open vSwitch agent@undercloud.ooo.test _set_version /usr/lib/python3.9/site-packages/neutron/api/rpc/callbacks/version_manager.py:113
2025-10-14 07:31:53.951 16 DEBUG neutron.api.rpc.callbacks.version_manager [req-f14ca803-37ff-4cab-98f4-d7cd0909f1d0 c02f3ebb3f9947439f25736305573ec2 d388af1b00194e40ada407009d98f654 - - -] Version for resource type QosPolicy changed None to 1.8 on consumer Open vSwitch agent@undercloud.ooo.test _set_version /usr/lib/python3.9/site-packages/neutron/api/rpc/callbacks/version_manager.py:113
2025-10-14 07:31:53.952 16 DEBUG neutron.api.rpc.callbacks.version_manager [req-f14ca803-37ff-4cab-98f4-d7cd0909f1d0 c02f3ebb3f9947439f25736305573ec2 d388af1b00194e40ada407009d98f654 - - -] Version for resource type SecurityGroup changed None to 1.5 on consumer Open vSwitch agent@undercloud.ooo.test _set_version /usr/lib/python3.9/site-packages/neutron/api/rpc/callbacks/version_manager.py:113
2025-10-14 07:31:53.953 16 DEBUG neutron.api.rpc.callbacks.version_manager [req-f14ca803-37ff-4cab-98f4-d7cd0909f1d0 c02f3ebb3f9947439f25736305573ec2 d388af1b00194e40ada407009d98f654 - - -] Version for resource type SecurityGroupRule changed None to 1.2 on consumer Open vSwitch agent@undercloud.ooo.test _set_version /usr/lib/python3.9/site-packages/neutron/api/rpc/callbacks/version_manager.py:113
2025-10-14 07:31:53.954 16 DEBUG neutron.api.rpc.callbacks.version_manager [req-f14ca803-37ff-4cab-98f4-d7cd0909f1d0 c02f3ebb3f9947439f25736305573ec2 d388af1b00194e40ada407009d98f654 - - -] Version for resource type SubPort changed None to 1.0 on consumer Open vSwitch agent@undercloud.ooo.test _set_version /usr/lib/python3.9/site-packages/neutron/api/rpc/callbacks/version_manager.py:113
2025-10-14 07:31:53.954 16 DEBUG neutron.api.rpc.callbacks.version_manager [req-f14ca803-37ff-4cab-98f4-d7cd0909f1d0 c02f3ebb3f9947439f25736305573ec2 d388af1b00194e40ada407009d98f654 - - -] Version for resource type Subnet changed None to 1.1 on consumer Open vSwitch agent@undercloud.ooo.test _set_version /usr/lib/python3.9/site-packages/neutron/api/rpc/callbacks/version_manager.py:113
2025-10-14 07:31:53.955 16 DEBUG neutron.api.rpc.callbacks.version_manager [req-f14ca803-37ff-4cab-98f4-d7cd0909f1d0 c02f3ebb3f9947439f25736305573ec2 d388af1b00194e40ada407009d98f654 - - -] Version for resource type Trunk changed None to 1.1 on consumer Open vSwitch agent@undercloud.ooo.test _set_version /usr/lib/python3.9/site-packages/neutron/api/rpc/callbacks/version_manager.py:113
2025-10-14 07:31:53.966 15 DEBUG neutron.api.rpc.handlers.resources_rpc [req-93808555-f99d-4f05-9b64-0f8c949b10dd c02f3ebb3f9947439f25736305573ec2 d388af1b00194e40ada407009d98f654 - - -] Pushing event updated for resources: {'Port': ['ID=bb8d5a19-74a6-416f-bb8b-c184839752aa,revision_number=1']} push /usr/lib/python3.9/site-packages/neutron/api/rpc/handlers/resources_rpc.py:237
2025-10-14 07:31:53.967 18 DEBUG neutron_lib.callbacks.manager [req-c7e5e55b-1ff4-4d7b-9125-034275016a54 c02f3ebb3f9947439f25736305573ec2 d388af1b00194e40ada407009d98f654 - default default] Notify callbacks ['neutron.plugins.ml2.plugin.SecurityGroupServerNotifierRpcMixin.notify_sg_on_port_change-1586059', 'neutron.plugins.ml2.extensions.dns_integration._create_port_in_external_dns_service-8783846149434', 'neutron.plugins.ml2.ovo_rpc._ObjectChangeHandler.handle_event-872418', 'neutron.api.rpc.agentnotifiers.dhcp_rpc_agent_api.DhcpAgentNotifyAPI._native_event_send_dhcp_notification-710301', 'neutron.services.segments.plugin.NovaSegmentNotifier._notify_port_created_or_deleted-503058'] for port, after_create _notify_loop /usr/lib/python3.9/site-packages/neutron_lib/callbacks/manager.py:200
2025-10-14 07:31:53.973 15 DEBUG neutron.plugins.ml2.drivers.mech_agent [req-93808555-f99d-4f05-9b64-0f8c949b10dd c02f3ebb3f9947439f25736305573ec2 d388af1b00194e40ada407009d98f654 - default default] Checking segment: {'id': '7e0710ba-91f8-4dcb-abe2-a952222a009b', 'network_type': 'flat', 'physical_network': 'storage_mgmt_storage_mgmt_subnet', 'segmentation_id': None, 'network_id': '2ea14b84-7bf5-4c6b-958a-5b9c7ded7914'} for mappings: {'ctlplane': 'br-ctlplane'} with network types: ['local', 'flat', 'vlan'] check_segment_for_agent /usr/lib/python3.9/site-packages/neutron/plugins/ml2/drivers/mech_agent.py:343
2025-10-14 07:31:53.973 15 DEBUG neutron.plugins.ml2.drivers.mech_agent [req-93808555-f99d-4f05-9b64-0f8c949b10dd c02f3ebb3f9947439f25736305573ec2 d388af1b00194e40ada407009d98f654 - default default] Network 2ea14b84-7bf5-4c6b-958a-5b9c7ded7914 with segment 7e0710ba-91f8-4dcb-abe2-a952222a009b is connected to physical network storage_mgmt_storage_mgmt_subnet, but agent undercloud.ooo.test reported physical networks {'ctlplane': 'br-ctlplane'}. The physical network must be configured on the agent if binding is to succeed. check_segment_for_agent /usr/lib/python3.9/site-packages/neutron/plugins/ml2/drivers/mech_agent.py:365
2025-10-14 07:31:53.975 16 DEBUG neutron.pecan_wsgi.hooks.policy_enforcement [req-f14ca803-37ff-4cab-98f4-d7cd0909f1d0 c02f3ebb3f9947439f25736305573ec2 d388af1b00194e40ada407009d98f654 - default default] Attributes excluded by policy engine: ['standard_attr_id', 'network'] _exclude_attributes_by_policy /usr/lib/python3.9/site-packages/neutron/pecan_wsgi/hooks/policy_enforcement.py:259
2025-10-14 07:31:53.975 16 DEBUG neutron_lib.callbacks.manager [req-f14ca803-37ff-4cab-98f4-d7cd0909f1d0 c02f3ebb3f9947439f25736305573ec2 d388af1b00194e40ada407009d98f654 - default default] Notify callbacks ['neutron.notifiers.nova.Notifier._send_nova_notification-152401', 'neutron.api.rpc.agentnotifiers.dhcp_rpc_agent_api.DhcpAgentNotifyAPI._send_dhcp_notification-710383'] for port, before_response _notify_loop /usr/lib/python3.9/site-packages/neutron_lib/callbacks/manager.py:200
2025-10-14 07:31:53.975 15 DEBUG neutron.scheduler.dhcp_agent_scheduler [req-93808555-f99d-4f05-9b64-0f8c949b10dd c02f3ebb3f9947439f25736305573ec2 d388af1b00194e40ada407009d98f654 - default default] Network hostable DHCP agents. Network: 2ea14b84-7bf5-4c6b-958a-5b9c7ded7914, hostable agents: [], hosted agents: [] _get_network_hostable_dhcp_agents /usr/lib/python3.9/site-packages/neutron/scheduler/dhcp_agent_scheduler.py:329
2025-10-14 07:31:53.976 15 DEBUG neutron.scheduler.base_scheduler [req-93808555-f99d-4f05-9b64-0f8c949b10dd c02f3ebb3f9947439f25736305573ec2 d388af1b00194e40ada407009d98f654 - default default] Resources bound (agent type, host, resource id): schedule /usr/lib/python3.9/site-packages/neutron/scheduler/base_scheduler.py:57
2025-10-14 07:31:53.976 15 WARNING neutron.api.rpc.agentnotifiers.dhcp_rpc_agent_api [req-93808555-f99d-4f05-9b64-0f8c949b10dd c02f3ebb3f9947439f25736305573ec2 d388af1b00194e40ada407009d98f654 - default default] Unable to schedule network 2ea14b84-7bf5-4c6b-958a-5b9c7ded7914: no agents available; will retry on subsequent port and subnet creation events.
2025-10-14 07:31:53.976 15 DEBUG neutron.api.rpc.agentnotifiers.dhcp_rpc_agent_api [req-93808555-f99d-4f05-9b64-0f8c949b10dd c02f3ebb3f9947439f25736305573ec2 d388af1b00194e40ada407009d98f654 - default default] Network 2ea14b84-7bf5-4c6b-958a-5b9c7ded7914 is not hosted by any dhcp agent _notify_agents /usr/lib/python3.9/site-packages/neutron/api/rpc/agentnotifiers/dhcp_rpc_agent_api.py:228
2025-10-14 07:31:53.987 16 INFO neutron.wsgi [req-f14ca803-37ff-4cab-98f4-d7cd0909f1d0 c02f3ebb3f9947439f25736305573ec2 d388af1b00194e40ada407009d98f654 - default default] 192.168.122.99,192.168.122.100 "POST /v2.0/ports HTTP/1.1" status: 201 len: 1155 time: 0.4674962
2025-10-14 07:31:53.996 16 DEBUG neutron.services.tag.tag_plugin [req-02d0cf09-5c68-4236-a82f-25f2f8e007ad c02f3ebb3f9947439f25736305573ec2 d388af1b00194e40ada407009d98f654 - default default] neutron.services.tag.tag_plugin.TagPlugin method update_tags called with arguments (, 'ports', 'a641276e-b3ce-4635-9089-83135c3bef94', {'tags': ['tripleo_stack_name=cell1', 'tripleo_vip_net=ctlplane']}) {} wrapper /usr/lib/python3.9/site-packages/oslo_log/helpers.py:65
2025-10-14 07:31:54.003 15 DEBUG neutron.pecan_wsgi.hooks.policy_enforcement [req-93808555-f99d-4f05-9b64-0f8c949b10dd c02f3ebb3f9947439f25736305573ec2 d388af1b00194e40ada407009d98f654 - default default] Attributes excluded by policy engine: ['standard_attr_id', 'network'] _exclude_attributes_by_policy /usr/lib/python3.9/site-packages/neutron/pecan_wsgi/hooks/policy_enforcement.py:259
2025-10-14 07:31:54.003 15 DEBUG neutron_lib.callbacks.manager [req-93808555-f99d-4f05-9b64-0f8c949b10dd c02f3ebb3f9947439f25736305573ec2 d388af1b00194e40ada407009d98f654 - default default] Notify callbacks ['neutron.notifiers.nova.Notifier._send_nova_notification-152401', 'neutron.api.rpc.agentnotifiers.dhcp_rpc_agent_api.DhcpAgentNotifyAPI._send_dhcp_notification-710383'] for port, before_response _notify_loop /usr/lib/python3.9/site-packages/neutron_lib/callbacks/manager.py:200
2025-10-14 07:31:54.010 18 DEBUG neutron.api.rpc.handlers.resources_rpc [req-c7e5e55b-1ff4-4d7b-9125-034275016a54 c02f3ebb3f9947439f25736305573ec2 d388af1b00194e40ada407009d98f654 - - -] Pushing event updated for resources: {'Port': ['ID=4ea6934b-f751-4fdb-b19c-f908d4a4a614,revision_number=1']} push /usr/lib/python3.9/site-packages/neutron/api/rpc/handlers/resources_rpc.py:237
2025-10-14 07:31:54.013 15 INFO neutron.wsgi [req-93808555-f99d-4f05-9b64-0f8c949b10dd c02f3ebb3f9947439f25736305573ec2 d388af1b00194e40ada407009d98f654 - default default] 192.168.122.99,192.168.122.100 "POST /v2.0/ports HTTP/1.1" status: 201 len: 1155 time: 0.4685786
2025-10-14 07:31:54.020 15 DEBUG neutron.services.tag.tag_plugin [req-d47466b2-688a-445a-aac3-21c6607d0f20 c02f3ebb3f9947439f25736305573ec2 d388af1b00194e40ada407009d98f654 - default default] neutron.services.tag.tag_plugin.TagPlugin method update_tags called with arguments (, 'ports', 'bb8d5a19-74a6-416f-bb8b-c184839752aa', {'tags': ['tripleo_stack_name=cell1', 'tripleo_vip_net=storage_mgmt']}) {} wrapper /usr/lib/python3.9/site-packages/oslo_log/helpers.py:65
2025-10-14 07:31:54.030 18 DEBUG neutron.plugins.ml2.drivers.mech_agent [req-c7e5e55b-1ff4-4d7b-9125-034275016a54 c02f3ebb3f9947439f25736305573ec2 d388af1b00194e40ada407009d98f654 - default default] Checking segment: {'id': '7c63ca76-1329-414b-9a1c-75f4e333f5b1', 'network_type': 'flat', 'physical_network': 'internal_api_internal_api_subnet', 'segmentation_id': None, 'network_id': 'fd6cea85-82cc-4a6e-88de-ff3a207d9217'} for mappings: {'ctlplane': 'br-ctlplane'} with network types: ['local', 'flat', 'vlan'] check_segment_for_agent /usr/lib/python3.9/site-packages/neutron/plugins/ml2/drivers/mech_agent.py:343
2025-10-14 07:31:54.030 18 DEBUG neutron.plugins.ml2.drivers.mech_agent [req-c7e5e55b-1ff4-4d7b-9125-034275016a54 c02f3ebb3f9947439f25736305573ec2 d388af1b00194e40ada407009d98f654 - default default] Network fd6cea85-82cc-4a6e-88de-ff3a207d9217 with segment 7c63ca76-1329-414b-9a1c-75f4e333f5b1 is connected to physical network internal_api_internal_api_subnet, but agent undercloud.ooo.test reported physical networks {'ctlplane': 'br-ctlplane'}. The physical network must be configured on the agent if binding is to succeed. check_segment_for_agent /usr/lib/python3.9/site-packages/neutron/plugins/ml2/drivers/mech_agent.py:365
2025-10-14 07:31:54.033 18 DEBUG neutron.scheduler.dhcp_agent_scheduler [req-c7e5e55b-1ff4-4d7b-9125-034275016a54 c02f3ebb3f9947439f25736305573ec2 d388af1b00194e40ada407009d98f654 - default default] Network hostable DHCP agents. Network: fd6cea85-82cc-4a6e-88de-ff3a207d9217, hostable agents: [], hosted agents: [] _get_network_hostable_dhcp_agents /usr/lib/python3.9/site-packages/neutron/scheduler/dhcp_agent_scheduler.py:329
2025-10-14 07:31:54.033 18 DEBUG neutron.scheduler.base_scheduler [req-c7e5e55b-1ff4-4d7b-9125-034275016a54 c02f3ebb3f9947439f25736305573ec2 d388af1b00194e40ada407009d98f654 - default default] Resources bound (agent type, host, resource id): schedule /usr/lib/python3.9/site-packages/neutron/scheduler/base_scheduler.py:57
2025-10-14 07:31:54.034 18 WARNING neutron.api.rpc.agentnotifiers.dhcp_rpc_agent_api [req-c7e5e55b-1ff4-4d7b-9125-034275016a54 c02f3ebb3f9947439f25736305573ec2 d388af1b00194e40ada407009d98f654 - default default] Unable to schedule network fd6cea85-82cc-4a6e-88de-ff3a207d9217: no agents available; will retry on subsequent port and subnet creation events.
2025-10-14 07:31:54.034 18 DEBUG neutron.api.rpc.agentnotifiers.dhcp_rpc_agent_api [req-c7e5e55b-1ff4-4d7b-9125-034275016a54 c02f3ebb3f9947439f25736305573ec2 d388af1b00194e40ada407009d98f654 - default default] Network fd6cea85-82cc-4a6e-88de-ff3a207d9217 is not hosted by any dhcp agent _notify_agents /usr/lib/python3.9/site-packages/neutron/api/rpc/agentnotifiers/dhcp_rpc_agent_api.py:228
2025-10-14 07:31:54.046 16 INFO neutron.wsgi [req-02d0cf09-5c68-4236-a82f-25f2f8e007ad c02f3ebb3f9947439f25736305573ec2 d388af1b00194e40ada407009d98f654 - default default] 192.168.122.99,192.168.122.100 "PUT /v2.0/ports/a641276e-b3ce-4635-9089-83135c3bef94/tags HTTP/1.1" status: 200 len: 240 time: 0.0527828
2025-10-14 07:31:54.054 15 INFO neutron.wsgi [req-d47466b2-688a-445a-aac3-21c6607d0f20 c02f3ebb3f9947439f25736305573ec2 d388af1b00194e40ada407009d98f654 - default default] 192.168.122.99,192.168.122.100 "PUT /v2.0/ports/bb8d5a19-74a6-416f-bb8b-c184839752aa/tags HTTP/1.1" status: 200 len: 244 time: 0.0368619
2025-10-14 07:31:54.067 18 DEBUG neutron.pecan_wsgi.hooks.policy_enforcement [req-c7e5e55b-1ff4-4d7b-9125-034275016a54 c02f3ebb3f9947439f25736305573ec2 d388af1b00194e40ada407009d98f654 - default default] Attributes excluded by policy engine: ['standard_attr_id', 'network'] _exclude_attributes_by_policy /usr/lib/python3.9/site-packages/neutron/pecan_wsgi/hooks/policy_enforcement.py:259
2025-10-14 07:31:54.068 18 DEBUG neutron_lib.callbacks.manager [req-c7e5e55b-1ff4-4d7b-9125-034275016a54 c02f3ebb3f9947439f25736305573ec2 d388af1b00194e40ada407009d98f654 - default default] Notify callbacks ['neutron.notifiers.nova.Notifier._send_nova_notification-152401', 'neutron.api.rpc.agentnotifiers.dhcp_rpc_agent_api.DhcpAgentNotifyAPI._send_dhcp_notification-710383'] for port, before_response _notify_loop /usr/lib/python3.9/site-packages/neutron_lib/callbacks/manager.py:200
2025-10-14 07:31:54.082 18 INFO neutron.wsgi [req-c7e5e55b-1ff4-4d7b-9125-034275016a54 c02f3ebb3f9947439f25736305573ec2 d388af1b00194e40ada407009d98f654 - default default] 192.168.122.99,192.168.122.100 "POST /v2.0/ports HTTP/1.1" status: 201 len: 1155 time: 0.5286341
2025-10-14 07:31:54.088 18 DEBUG neutron.services.tag.tag_plugin [req-25a9d3d8-3c95-4e47-aa41-64a77fe143b4 c02f3ebb3f9947439f25736305573ec2 d388af1b00194e40ada407009d98f654 - default default] neutron.services.tag.tag_plugin.TagPlugin method update_tags called with arguments (, 'ports', '4ea6934b-f751-4fdb-b19c-f908d4a4a614', {'tags': ['tripleo_stack_name=cell1', 'tripleo_vip_net=internal_api']}) {} wrapper /usr/lib/python3.9/site-packages/oslo_log/helpers.py:65
2025-10-14 07:31:54.140 18 INFO neutron.wsgi [req-25a9d3d8-3c95-4e47-aa41-64a77fe143b4 c02f3ebb3f9947439f25736305573ec2 d388af1b00194e40ada407009d98f654 - default default] 192.168.122.99,192.168.122.100 "PUT /v2.0/ports/4ea6934b-f751-4fdb-b19c-f908d4a4a614/tags HTTP/1.1" status: 200 len: 244 time: 0.0541646
2025-10-14 07:31:54.163 17 DEBUG neutron_lib.callbacks.manager [req-69b19827-f90b-4fae-9951-addc95af9cdc c02f3ebb3f9947439f25736305573ec2 d388af1b00194e40ada407009d98f654 - default default] Notify callbacks [] for port, precommit_create _notify_loop /usr/lib/python3.9/site-packages/neutron_lib/callbacks/manager.py:200
2025-10-14 07:31:54.171 17 DEBUG neutron_lib.callbacks.manager [req-a2cba851-d9eb-487d-b140-270787a882ab c02f3ebb3f9947439f25736305573ec2 d388af1b00194e40ada407009d98f654 - default default] Notify callbacks [] for port, precommit_create _notify_loop /usr/lib/python3.9/site-packages/neutron_lib/callbacks/manager.py:200
2025-10-14 07:31:54.188 17 DEBUG neutron_lib.callbacks.manager [req-69b19827-f90b-4fae-9951-addc95af9cdc c02f3ebb3f9947439f25736305573ec2 d388af1b00194e40ada407009d98f654 - default default] Notify callbacks ['neutron.plugins.ml2.plugin.SecurityGroupServerNotifierRpcMixin.notify_sg_on_port_change-1586059', 'neutron.plugins.ml2.extensions.dns_integration._create_port_in_external_dns_service-8783846149434', 'neutron.plugins.ml2.ovo_rpc._ObjectChangeHandler.handle_event-872418', 'neutron.api.rpc.agentnotifiers.dhcp_rpc_agent_api.DhcpAgentNotifyAPI._native_event_send_dhcp_notification-710301', 'neutron.services.segments.plugin.NovaSegmentNotifier._notify_port_created_or_deleted-503058'] for port, after_create _notify_loop /usr/lib/python3.9/site-packages/neutron_lib/callbacks/manager.py:200
2025-10-14 07:31:54.231 17 DEBUG neutron_lib.callbacks.manager [req-a2cba851-d9eb-487d-b140-270787a882ab c02f3ebb3f9947439f25736305573ec2 d388af1b00194e40ada407009d98f654 - default default] Notify callbacks ['neutron.plugins.ml2.plugin.SecurityGroupServerNotifierRpcMixin.notify_sg_on_port_change-1586059', 'neutron.plugins.ml2.extensions.dns_integration._create_port_in_external_dns_service-8783846149434', 'neutron.plugins.ml2.ovo_rpc._ObjectChangeHandler.handle_event-872418', 'neutron.api.rpc.agentnotifiers.dhcp_rpc_agent_api.DhcpAgentNotifyAPI._native_event_send_dhcp_notification-710301', 'neutron.services.segments.plugin.NovaSegmentNotifier._notify_port_created_or_deleted-503058'] for port, after_create _notify_loop /usr/lib/python3.9/site-packages/neutron_lib/callbacks/manager.py:200
2025-10-14 07:31:54.257 17 DEBUG neutron.api.rpc.handlers.resources_rpc [req-69b19827-f90b-4fae-9951-addc95af9cdc c02f3ebb3f9947439f25736305573ec2 d388af1b00194e40ada407009d98f654 - - -] Pushing event updated for resources: {'Port': ['ID=c4422f0a-527a-49a0-9dce-3c685e8f5ef1,revision_number=1']} push /usr/lib/python3.9/site-packages/neutron/api/rpc/handlers/resources_rpc.py:237
2025-10-14 07:31:54.271 22 DEBUG neutron.db.provisioning_blocks [req-3087d047-6b32-4a0b-a297-ca7f1cbd804a - - - - -] Provisioning for port a641276e-b3ce-4635-9089-83135c3bef94 completed by entity DHCP. provisioning_complete /usr/lib/python3.9/site-packages/neutron/db/provisioning_blocks.py:134
2025-10-14 07:31:54.276 22 DEBUG neutron.db.provisioning_blocks [req-3087d047-6b32-4a0b-a297-ca7f1cbd804a - - - - -] Provisioning complete for port a641276e-b3ce-4635-9089-83135c3bef94 triggered by entity DHCP. provisioning_complete /usr/lib/python3.9/site-packages/neutron/db/provisioning_blocks.py:140
2025-10-14 07:31:54.276 22 DEBUG neutron_lib.callbacks.manager [req-3087d047-6b32-4a0b-a297-ca7f1cbd804a - - - - -] Notify callbacks ['neutron.plugins.ml2.plugin.Ml2Plugin._port_provisioned-1446512'] for port, provisioning_complete _notify_loop /usr/lib/python3.9/site-packages/neutron_lib/callbacks/manager.py:200
2025-10-14 07:31:54.277 22 INFO neutron.plugins.ml2.plugin [req-3087d047-6b32-4a0b-a297-ca7f1cbd804a - - - - -] Attempt 1 to provision port a641276e-b3ce-4635-9089-83135c3bef94
2025-10-14 07:31:54.290 17 DEBUG neutron.plugins.ml2.drivers.mech_agent [req-69b19827-f90b-4fae-9951-addc95af9cdc c02f3ebb3f9947439f25736305573ec2 d388af1b00194e40ada407009d98f654 - default default] Checking segment: {'id': '0a31f5ea-b5e1-4e9b-87ed-dc1dd0a43e71', 'network_type': 'flat', 'physical_network': 'external_external_subnet', 'segmentation_id': None, 'network_id': 'd943c9f8-7ba1-409b-a86e-ceaf448ba594'} for mappings: {'ctlplane': 'br-ctlplane'} with network types: ['local', 'flat', 'vlan'] check_segment_for_agent /usr/lib/python3.9/site-packages/neutron/plugins/ml2/drivers/mech_agent.py:343
2025-10-14 07:31:54.290 17 DEBUG neutron.plugins.ml2.drivers.mech_agent [req-69b19827-f90b-4fae-9951-addc95af9cdc c02f3ebb3f9947439f25736305573ec2 d388af1b00194e40ada407009d98f654 - default default] Network d943c9f8-7ba1-409b-a86e-ceaf448ba594 with segment 0a31f5ea-b5e1-4e9b-87ed-dc1dd0a43e71 is connected to physical network external_external_subnet, but agent undercloud.ooo.test reported physical networks {'ctlplane': 'br-ctlplane'}. The physical network must be configured on the agent if binding is to succeed. check_segment_for_agent /usr/lib/python3.9/site-packages/neutron/plugins/ml2/drivers/mech_agent.py:365
2025-10-14 07:31:54.295 17 DEBUG neutron.scheduler.dhcp_agent_scheduler [req-69b19827-f90b-4fae-9951-addc95af9cdc c02f3ebb3f9947439f25736305573ec2 d388af1b00194e40ada407009d98f654 - default default] Network hostable DHCP agents. Network: d943c9f8-7ba1-409b-a86e-ceaf448ba594, hostable agents: [], hosted agents: [] _get_network_hostable_dhcp_agents /usr/lib/python3.9/site-packages/neutron/scheduler/dhcp_agent_scheduler.py:329
2025-10-14 07:31:54.296 17 DEBUG neutron.scheduler.base_scheduler [req-69b19827-f90b-4fae-9951-addc95af9cdc c02f3ebb3f9947439f25736305573ec2 d388af1b00194e40ada407009d98f654 - default default] Resources bound (agent type, host, resource id): schedule /usr/lib/python3.9/site-packages/neutron/scheduler/base_scheduler.py:57
2025-10-14 07:31:54.296 17 WARNING neutron.api.rpc.agentnotifiers.dhcp_rpc_agent_api [req-69b19827-f90b-4fae-9951-addc95af9cdc c02f3ebb3f9947439f25736305573ec2 d388af1b00194e40ada407009d98f654 - default default] Unable to schedule network d943c9f8-7ba1-409b-a86e-ceaf448ba594: no agents available; will retry on subsequent port and subnet creation events.
2025-10-14 07:31:54.296 17 DEBUG neutron.api.rpc.agentnotifiers.dhcp_rpc_agent_api [req-69b19827-f90b-4fae-9951-addc95af9cdc c02f3ebb3f9947439f25736305573ec2 d388af1b00194e40ada407009d98f654 - default default] Network d943c9f8-7ba1-409b-a86e-ceaf448ba594 is not hosted by any dhcp agent _notify_agents /usr/lib/python3.9/site-packages/neutron/api/rpc/agentnotifiers/dhcp_rpc_agent_api.py:228
2025-10-14 07:31:54.310 17 DEBUG neutron.api.rpc.handlers.resources_rpc [req-a2cba851-d9eb-487d-b140-270787a882ab c02f3ebb3f9947439f25736305573ec2 d388af1b00194e40ada407009d98f654 - - -] Pushing event updated for resources: {'Port': ['ID=e597df18-67cf-4a50-b28d-6acd18977199,revision_number=1']} push /usr/lib/python3.9/site-packages/neutron/api/rpc/handlers/resources_rpc.py:237
2025-10-14 07:31:54.314 17 DEBUG neutron.plugins.ml2.drivers.mech_agent [req-a2cba851-d9eb-487d-b140-270787a882ab c02f3ebb3f9947439f25736305573ec2 d388af1b00194e40ada407009d98f654 - default default] Checking segment: {'id': 'f8cfdab3-1301-424b-9262-c7b471ec1fcf', 'network_type': 'flat', 'physical_network': 'storage_storage_subnet', 'segmentation_id': None, 'network_id': 'd732f5a0-a42e-4acd-8601-000e52e8b92e'} for mappings: {'ctlplane': 'br-ctlplane'} with network types: ['local', 'flat', 'vlan'] check_segment_for_agent /usr/lib/python3.9/site-packages/neutron/plugins/ml2/drivers/mech_agent.py:343
2025-10-14 07:31:54.314 17 DEBUG neutron.plugins.ml2.drivers.mech_agent [req-a2cba851-d9eb-487d-b140-270787a882ab c02f3ebb3f9947439f25736305573ec2 d388af1b00194e40ada407009d98f654 - default default] Network d732f5a0-a42e-4acd-8601-000e52e8b92e with segment f8cfdab3-1301-424b-9262-c7b471ec1fcf is connected to physical network storage_storage_subnet, but agent undercloud.ooo.test reported physical networks {'ctlplane': 'br-ctlplane'}. The physical network must be configured on the agent if binding is to succeed. check_segment_for_agent /usr/lib/python3.9/site-packages/neutron/plugins/ml2/drivers/mech_agent.py:365
2025-10-14 07:31:54.320 17 DEBUG neutron.scheduler.dhcp_agent_scheduler [req-a2cba851-d9eb-487d-b140-270787a882ab c02f3ebb3f9947439f25736305573ec2 d388af1b00194e40ada407009d98f654 - default default] Network hostable DHCP agents. Network: d732f5a0-a42e-4acd-8601-000e52e8b92e, hostable agents: [], hosted agents: [] _get_network_hostable_dhcp_agents /usr/lib/python3.9/site-packages/neutron/scheduler/dhcp_agent_scheduler.py:329
2025-10-14 07:31:54.320 17 DEBUG neutron.scheduler.base_scheduler [req-a2cba851-d9eb-487d-b140-270787a882ab c02f3ebb3f9947439f25736305573ec2 d388af1b00194e40ada407009d98f654 - default default] Resources bound (agent type, host, resource id): schedule /usr/lib/python3.9/site-packages/neutron/scheduler/base_scheduler.py:57
2025-10-14 07:31:54.320 17 WARNING neutron.api.rpc.agentnotifiers.dhcp_rpc_agent_api [req-a2cba851-d9eb-487d-b140-270787a882ab c02f3ebb3f9947439f25736305573ec2 d388af1b00194e40ada407009d98f654 - default default] Unable to schedule network d732f5a0-a42e-4acd-8601-000e52e8b92e: no agents available; will retry on subsequent port and subnet creation events.
2025-10-14 07:31:54.320 17 DEBUG neutron.api.rpc.agentnotifiers.dhcp_rpc_agent_api [req-a2cba851-d9eb-487d-b140-270787a882ab c02f3ebb3f9947439f25736305573ec2 d388af1b00194e40ada407009d98f654 - default default] Network d732f5a0-a42e-4acd-8601-000e52e8b92e is not hosted by any dhcp agent _notify_agents /usr/lib/python3.9/site-packages/neutron/api/rpc/agentnotifiers/dhcp_rpc_agent_api.py:228
2025-10-14 07:31:54.336 22 DEBUG neutron.plugins.ml2.plugin [req-3087d047-6b32-4a0b-a297-ca7f1cbd804a - - - - -] Port a641276e-b3ce-4635-9089-83135c3bef94 cannot update to ACTIVE because it is not bound. _port_provisioned /usr/lib/python3.9/site-packages/neutron/plugins/ml2/plugin.py:353
2025-10-14 07:31:54.341 17 DEBUG neutron.pecan_wsgi.hooks.policy_enforcement [req-69b19827-f90b-4fae-9951-addc95af9cdc c02f3ebb3f9947439f25736305573ec2 d388af1b00194e40ada407009d98f654 - default default] Attributes excluded by policy engine: ['standard_attr_id', 'network'] _exclude_attributes_by_policy /usr/lib/python3.9/site-packages/neutron/pecan_wsgi/hooks/policy_enforcement.py:259
2025-10-14 07:31:54.341 17 DEBUG neutron_lib.callbacks.manager [req-69b19827-f90b-4fae-9951-addc95af9cdc c02f3ebb3f9947439f25736305573ec2 d388af1b00194e40ada407009d98f654 - default default] Notify callbacks ['neutron.notifiers.nova.Notifier._send_nova_notification-152401', 'neutron.api.rpc.agentnotifiers.dhcp_rpc_agent_api.DhcpAgentNotifyAPI._send_dhcp_notification-710383'] for port, before_response _notify_loop /usr/lib/python3.9/site-packages/neutron_lib/callbacks/manager.py:200
2025-10-14 07:31:54.352 17 DEBUG neutron.pecan_wsgi.hooks.policy_enforcement [req-a2cba851-d9eb-487d-b140-270787a882ab c02f3ebb3f9947439f25736305573ec2 d388af1b00194e40ada407009d98f654 - default default] Attributes excluded by policy engine: ['standard_attr_id', 'network'] _exclude_attributes_by_policy /usr/lib/python3.9/site-packages/neutron/pecan_wsgi/hooks/policy_enforcement.py:259
2025-10-14 07:31:54.352 17 DEBUG neutron_lib.callbacks.manager [req-a2cba851-d9eb-487d-b140-270787a882ab c02f3ebb3f9947439f25736305573ec2 d388af1b00194e40ada407009d98f654 - default default] Notify callbacks ['neutron.notifiers.nova.Notifier._send_nova_notification-152401', 'neutron.api.rpc.agentnotifiers.dhcp_rpc_agent_api.DhcpAgentNotifyAPI._send_dhcp_notification-710383'] for port, before_response _notify_loop /usr/lib/python3.9/site-packages/neutron_lib/callbacks/manager.py:200
2025-10-14 07:31:54.359 17 INFO neutron.wsgi [req-69b19827-f90b-4fae-9951-addc95af9cdc c02f3ebb3f9947439f25736305573ec2 d388af1b00194e40ada407009d98f654 - default default] 192.168.122.99,192.168.122.100 "POST /v2.0/ports HTTP/1.1" status: 201 len: 1149 time: 0.7367907
2025-10-14 07:31:54.364 17 INFO neutron.wsgi [req-a2cba851-d9eb-487d-b140-270787a882ab c02f3ebb3f9947439f25736305573ec2 d388af1b00194e40ada407009d98f654 - default default] 192.168.122.99,192.168.122.100 "POST /v2.0/ports HTTP/1.1" status: 201 len: 1150 time: 0.7429671
2025-10-14 07:31:54.369 17 DEBUG neutron.services.tag.tag_plugin [req-f6763786-05aa-4fb5-a9e3-c6dee0581a68 c02f3ebb3f9947439f25736305573ec2 d388af1b00194e40ada407009d98f654 - default default] neutron.services.tag.tag_plugin.TagPlugin method update_tags called with arguments (, 'ports', 'c4422f0a-527a-49a0-9dce-3c685e8f5ef1', {'tags': ['tripleo_stack_name=cell1', 'tripleo_vip_net=external']}) {} wrapper /usr/lib/python3.9/site-packages/oslo_log/helpers.py:65
2025-10-14 07:31:54.383 17 DEBUG neutron.services.tag.tag_plugin [req-62f774b2-4bf9-45b4-b409-d3e8bfafafcb c02f3ebb3f9947439f25736305573ec2 d388af1b00194e40ada407009d98f654 - default default] neutron.services.tag.tag_plugin.TagPlugin method update_tags called with arguments (, 'ports', 'e597df18-67cf-4a50-b28d-6acd18977199', {'tags': ['tripleo_stack_name=cell1', 'tripleo_vip_net=storage']}) {} wrapper /usr/lib/python3.9/site-packages/oslo_log/helpers.py:65
2025-10-14 07:31:54.422 17 INFO neutron.wsgi [req-f6763786-05aa-4fb5-a9e3-c6dee0581a68 c02f3ebb3f9947439f25736305573ec2 d388af1b00194e40ada407009d98f654 - default default] 192.168.122.99,192.168.122.100 "PUT /v2.0/ports/c4422f0a-527a-49a0-9dce-3c685e8f5ef1/tags HTTP/1.1" status: 200 len: 240 time: 0.0564785
2025-10-14 07:31:54.423 17 INFO neutron.wsgi [req-62f774b2-4bf9-45b4-b409-d3e8bfafafcb c02f3ebb3f9947439f25736305573ec2 d388af1b00194e40ada407009d98f654 - default default] 192.168.122.99,192.168.122.100 "PUT /v2.0/ports/e597df18-67cf-4a50-b28d-6acd18977199/tags HTTP/1.1" status: 200 len: 239 time: 0.0551934
2025-10-14 07:31:54.467 17 DEBUG neutron.pecan_wsgi.hooks.policy_enforcement [req-5bd9bd50-81f0-441a-bd94-d8bbcea9f31e c02f3ebb3f9947439f25736305573ec2 d388af1b00194e40ada407009d98f654 - default default] Attributes excluded by policy engine: ['standard_attr_id'] _exclude_attributes_by_policy /usr/lib/python3.9/site-packages/neutron/pecan_wsgi/hooks/policy_enforcement.py:259
2025-10-14 07:31:54.468 17 DEBUG neutron.pecan_wsgi.hooks.policy_enforcement [req-5bd9bd50-81f0-441a-bd94-d8bbcea9f31e c02f3ebb3f9947439f25736305573ec2 d388af1b00194e40ada407009d98f654 - default default] Attributes excluded by policy engine: ['standard_attr_id'] _exclude_attributes_by_policy /usr/lib/python3.9/site-packages/neutron/pecan_wsgi/hooks/policy_enforcement.py:259
2025-10-14 07:31:54.468 17 DEBUG neutron.pecan_wsgi.hooks.policy_enforcement [req-5bd9bd50-81f0-441a-bd94-d8bbcea9f31e c02f3ebb3f9947439f25736305573ec2 d388af1b00194e40ada407009d98f654 - default default] Attributes excluded by policy engine: ['standard_attr_id'] _exclude_attributes_by_policy /usr/lib/python3.9/site-packages/neutron/pecan_wsgi/hooks/policy_enforcement.py:259
2025-10-14 07:31:54.468 17 DEBUG neutron.pecan_wsgi.hooks.policy_enforcement [req-5bd9bd50-81f0-441a-bd94-d8bbcea9f31e c02f3ebb3f9947439f25736305573ec2 d388af1b00194e40ada407009d98f654 - default default] Attributes excluded by policy engine: ['standard_attr_id'] _exclude_attributes_by_policy /usr/lib/python3.9/site-packages/neutron/pecan_wsgi/hooks/policy_enforcement.py:259
2025-10-14 07:31:54.468 17 DEBUG neutron.pecan_wsgi.hooks.policy_enforcement [req-5bd9bd50-81f0-441a-bd94-d8bbcea9f31e c02f3ebb3f9947439f25736305573ec2 d388af1b00194e40ada407009d98f654 - default default] Attributes excluded by policy engine: ['standard_attr_id'] _exclude_attributes_by_policy /usr/lib/python3.9/site-packages/neutron/pecan_wsgi/hooks/policy_enforcement.py:259
2025-10-14 07:31:54.469 17 INFO neutron.wsgi [req-5bd9bd50-81f0-441a-bd94-d8bbcea9f31e c02f3ebb3f9947439f25736305573ec2 d388af1b00194e40ada407009d98f654 - default default] 192.168.122.99,192.168.122.100 "GET /v2.0/ports?tags=tripleo_stack_name%3Dcell1 HTTP/1.1" status: 200 len: 5283 time: 0.0410256
2025-10-14 07:31:54.709 16 DEBUG neutron.wsgi [-] (16) accepted ('192.168.122.100', 40776) server /usr/lib/python3.9/site-packages/eventlet/wsgi.py:992
2025-10-14 07:31:54.711 16 INFO neutron.wsgi [-] 192.168.122.100 "GET /healthcheck HTTP/1.0" status: 200 len: 137 time: 0.0015805
2025-10-14 07:31:55.010 15 DEBUG neutron.wsgi [-] (15) accepted ('192.168.122.100', 40782) server /usr/lib/python3.9/site-packages/eventlet/wsgi.py:992
2025-10-14 07:31:55.016 15 INFO neutron.wsgi [-] 192.168.122.100 "GET / HTTP/1.1" status: 200 len: 233 time: 0.0055056
2025-10-14 07:31:55.804 15 DEBUG neutron.wsgi [-] (15) accepted ('192.168.122.100', 49468) server /usr/lib/python3.9/site-packages/eventlet/wsgi.py:992
2025-10-14 07:31:55.911 15 DEBUG neutron.pecan_wsgi.hooks.policy_enforcement [req-619d76fa-381a-4125-9417-98681a682d1b c02f3ebb3f9947439f25736305573ec2 d388af1b00194e40ada407009d98f654 - default default] Attributes excluded by policy engine: ['standard_attr_id', 'vlan_transparent'] _exclude_attributes_by_policy /usr/lib/python3.9/site-packages/neutron/pecan_wsgi/hooks/policy_enforcement.py:259
2025-10-14 07:31:55.911 15 DEBUG neutron.pecan_wsgi.hooks.policy_enforcement [req-619d76fa-381a-4125-9417-98681a682d1b c02f3ebb3f9947439f25736305573ec2 d388af1b00194e40ada407009d98f654 - default default] Attributes excluded by policy engine: ['standard_attr_id', 'vlan_transparent'] _exclude_attributes_by_policy /usr/lib/python3.9/site-packages/neutron/pecan_wsgi/hooks/policy_enforcement.py:259
2025-10-14 07:31:55.911 15 DEBUG neutron.pecan_wsgi.hooks.policy_enforcement [req-619d76fa-381a-4125-9417-98681a682d1b c02f3ebb3f9947439f25736305573ec2 d388af1b00194e40ada407009d98f654 - default default] Attributes excluded by policy engine: ['standard_attr_id', 'vlan_transparent'] _exclude_attributes_by_policy /usr/lib/python3.9/site-packages/neutron/pecan_wsgi/hooks/policy_enforcement.py:259
2025-10-14 07:31:55.912 15 DEBUG neutron.pecan_wsgi.hooks.policy_enforcement [req-619d76fa-381a-4125-9417-98681a682d1b c02f3ebb3f9947439f25736305573ec2 d388af1b00194e40ada407009d98f654 - default default] Attributes excluded by policy engine: ['standard_attr_id', 'vlan_transparent'] _exclude_attributes_by_policy /usr/lib/python3.9/site-packages/neutron/pecan_wsgi/hooks/policy_enforcement.py:259
2025-10-14 07:31:55.912 15 DEBUG neutron.pecan_wsgi.hooks.policy_enforcement [req-619d76fa-381a-4125-9417-98681a682d1b c02f3ebb3f9947439f25736305573ec2 d388af1b00194e40ada407009d98f654 - default default] Attributes excluded by policy engine: ['standard_attr_id', 'vlan_transparent'] _exclude_attributes_by_policy /usr/lib/python3.9/site-packages/neutron/pecan_wsgi/hooks/policy_enforcement.py:259
2025-10-14 07:31:55.912 15 DEBUG neutron.pecan_wsgi.hooks.policy_enforcement [req-619d76fa-381a-4125-9417-98681a682d1b c02f3ebb3f9947439f25736305573ec2 d388af1b00194e40ada407009d98f654 - default default] Attributes excluded by policy engine: ['standard_attr_id', 'vlan_transparent'] _exclude_attributes_by_policy /usr/lib/python3.9/site-packages/neutron/pecan_wsgi/hooks/policy_enforcement.py:259
2025-10-14 07:31:55.913 15 INFO neutron.wsgi [req-619d76fa-381a-4125-9417-98681a682d1b c02f3ebb3f9947439f25736305573ec2 d388af1b00194e40ada407009d98f654 - default default] 192.168.122.99,192.168.122.100 "GET /v2.0/networks HTTP/1.1" status: 200 len: 5131 time: 0.1090560
2025-10-14 07:31:55.955 15 DEBUG neutron.pecan_wsgi.hooks.policy_enforcement [req-83bd9b84-3c59-41f3-9d9f-926af7020857 c02f3ebb3f9947439f25736305573ec2 d388af1b00194e40ada407009d98f654 - default default] Attributes excluded by policy engine: ['standard_attr_id', 'shared'] _exclude_attributes_by_policy /usr/lib/python3.9/site-packages/neutron/pecan_wsgi/hooks/policy_enforcement.py:259
2025-10-14 07:31:55.956 15 INFO neutron.wsgi [req-83bd9b84-3c59-41f3-9d9f-926af7020857 c02f3ebb3f9947439f25736305573ec2 d388af1b00194e40ada407009d98f654 - default default] 192.168.122.99,192.168.122.100 "GET /v2.0/subnets?network_id=2ea14b84-7bf5-4c6b-958a-5b9c7ded7914 HTTP/1.1" status: 200 len: 867 time: 0.0355375
2025-10-14 07:31:55.990 15 DEBUG neutron.pecan_wsgi.hooks.policy_enforcement [req-e3ff0da6-1dc8-464a-8149-86f7b31c27f7 c02f3ebb3f9947439f25736305573ec2 d388af1b00194e40ada407009d98f654 - default default] Attributes excluded by policy engine: ['standard_attr_id', 'shared'] _exclude_attributes_by_policy /usr/lib/python3.9/site-packages/neutron/pecan_wsgi/hooks/policy_enforcement.py:259
2025-10-14 07:31:55.990 15 INFO neutron.wsgi [req-e3ff0da6-1dc8-464a-8149-86f7b31c27f7 c02f3ebb3f9947439f25736305573ec2 d388af1b00194e40ada407009d98f654 - default default] 192.168.122.99,192.168.122.100 "GET /v2.0/subnets?network_id=8e9521c9-bb42-4d50-b229-7d9896859293 HTTP/1.1" status: 200 len: 845 time: 0.0264819
2025-10-14 07:31:56.023 15 DEBUG neutron.pecan_wsgi.hooks.policy_enforcement [req-312193eb-da67-4b19-9118-1c38b64a53ec c02f3ebb3f9947439f25736305573ec2 d388af1b00194e40ada407009d98f654 - default default] Attributes excluded by policy engine: ['standard_attr_id', 'shared'] _exclude_attributes_by_policy /usr/lib/python3.9/site-packages/neutron/pecan_wsgi/hooks/policy_enforcement.py:259
2025-10-14 07:31:56.024 15 INFO neutron.wsgi [req-312193eb-da67-4b19-9118-1c38b64a53ec c02f3ebb3f9947439f25736305573ec2 d388af1b00194e40ada407009d98f654 - default default] 192.168.122.99,192.168.122.100 "GET /v2.0/subnets?network_id=9622ea8e-f50c-49fb-9d3c-e87c020e92f1 HTTP/1.1" status: 200 len: 861 time: 0.0264599
2025-10-14 07:31:56.060 15 DEBUG neutron.pecan_wsgi.hooks.policy_enforcement [req-f5bee67d-7b12-47ca-ac99-f11fe5cfc2a6 c02f3ebb3f9947439f25736305573ec2 d388af1b00194e40ada407009d98f654 - default default] Attributes excluded by policy engine: ['standard_attr_id', 'shared'] _exclude_attributes_by_policy /usr/lib/python3.9/site-packages/neutron/pecan_wsgi/hooks/policy_enforcement.py:259
