2025-10-14 07:32:09.839 16 INFO neutron.wsgi [req-7b419b21-4049-43dd-a21b-ff9971f916f4 c02f3ebb3f9947439f25736305573ec2 d388af1b00194e40ada407009d98f654 - default default] 192.168.122.99,192.168.122.100 "GET /v2.0/subnets/external_subnet?network_id=d943c9f8-7ba1-409b-a86e-ceaf448ba594 HTTP/1.1" status: 404 len: 297 time: 0.0195978
2025-10-14 07:32:09.867 16 DEBUG neutron.pecan_wsgi.hooks.policy_enforcement [req-b375ca4a-bfa3-4816-a7eb-f88cbfbe3264 c02f3ebb3f9947439f25736305573ec2 d388af1b00194e40ada407009d98f654 - default default] Attributes excluded by policy engine: ['standard_attr_id', 'shared'] _exclude_attributes_by_policy /usr/lib/python3.9/site-packages/neutron/pecan_wsgi/hooks/policy_enforcement.py:259
2025-10-14 07:32:09.868 16 INFO neutron.wsgi [req-b375ca4a-bfa3-4816-a7eb-f88cbfbe3264 c02f3ebb3f9947439f25736305573ec2 d388af1b00194e40ada407009d98f654 - default default] 192.168.122.99,192.168.122.100 "GET /v2.0/subnets?name=external_subnet&network_id=d943c9f8-7ba1-409b-a86e-ceaf448ba594 HTTP/1.1" status: 200 len: 871 time: 0.0262575
2025-10-14 07:32:10.743 17 DEBUG neutron.wsgi [-] (17) accepted ('192.168.122.100', 54658) server /usr/lib/python3.9/site-packages/eventlet/wsgi.py:992
2025-10-14 07:32:10.746 17 INFO neutron.wsgi [-] 192.168.122.100 "GET /healthcheck HTTP/1.0" status: 200 len: 137 time: 0.0021069
2025-10-14 07:32:11.213 17 DEBUG neutron.wsgi [-] (17) accepted ('192.168.122.100', 54672) server /usr/lib/python3.9/site-packages/eventlet/wsgi.py:992
2025-10-14 07:32:11.285 17 INFO neutron.pecan_wsgi.hooks.translation [req-1816f0b0-c3ff-4dc4-a31b-3d9183d0d6f9 c02f3ebb3f9947439f25736305573ec2 d388af1b00194e40ada407009d98f654 - default default] GET failed (client error): The resource could not be found.
2025-10-14 07:32:11.286 17 INFO neutron.wsgi [req-1816f0b0-c3ff-4dc4-a31b-3d9183d0d6f9 c02f3ebb3f9947439f25736305573ec2 d388af1b00194e40ada407009d98f654 - default default] 192.168.122.99,192.168.122.100 "GET /v2.0/networks/storage HTTP/1.1" status: 404 len: 291 time: 0.0721884
2025-10-14 07:32:11.397 17 DEBUG neutron.pecan_wsgi.hooks.policy_enforcement [req-74085f04-ff15-4089-a93e-99016c1bc449 c02f3ebb3f9947439f25736305573ec2 d388af1b00194e40ada407009d98f654 - default default] Attributes excluded by policy engine: ['standard_attr_id', 'vlan_transparent'] _exclude_attributes_by_policy /usr/lib/python3.9/site-packages/neutron/pecan_wsgi/hooks/policy_enforcement.py:259
2025-10-14 07:32:11.399 17 INFO neutron.wsgi [req-74085f04-ff15-4089-a93e-99016c1bc449 c02f3ebb3f9947439f25736305573ec2 d388af1b00194e40ada407009d98f654 - default default] 192.168.122.99,192.168.122.100 "GET /v2.0/networks?name=storage HTTP/1.1" status: 200 len: 1023 time: 0.1080976
2025-10-14 07:32:11.455 17 DEBUG neutron.pecan_wsgi.hooks.policy_enforcement [req-a4e62b46-95bc-4752-ab50-fe61d4d5ea0e c02f3ebb3f9947439f25736305573ec2 d388af1b00194e40ada407009d98f654 - default default] Attributes excluded by policy engine: ['standard_attr_id', 'shared'] _exclude_attributes_by_policy /usr/lib/python3.9/site-packages/neutron/pecan_wsgi/hooks/policy_enforcement.py:259
2025-10-14 07:32:11.456 17 INFO neutron.wsgi [req-a4e62b46-95bc-4752-ab50-fe61d4d5ea0e c02f3ebb3f9947439f25736305573ec2 d388af1b00194e40ada407009d98f654 - default default] 192.168.122.99,192.168.122.100 "GET /v2.0/subnets/1e8a0cad-693e-4f33-8951-8308805f04b2 HTTP/1.1" status: 200 len: 859 time: 0.0503569
2025-10-14 07:32:11.480 17 INFO neutron.pecan_wsgi.hooks.translation [req-d74c9f65-4617-4a20-85be-6bc6081b72f2 c02f3ebb3f9947439f25736305573ec2 d388af1b00194e40ada407009d98f654 - default default] GET failed (client error): The resource could not be found.
2025-10-14 07:32:11.481 17 INFO neutron.wsgi [req-d74c9f65-4617-4a20-85be-6bc6081b72f2 c02f3ebb3f9947439f25736305573ec2 d388af1b00194e40ada407009d98f654 - default default] 192.168.122.99,192.168.122.100 "GET /v2.0/networks/storage_mgmt HTTP/1.1" status: 404 len: 296 time: 0.0185006
2025-10-14 07:32:11.553 17 DEBUG neutron.pecan_wsgi.hooks.policy_enforcement [req-52f430f9-8ad7-43a0-a0a5-07452d533e39 c02f3ebb3f9947439f25736305573ec2 d388af1b00194e40ada407009d98f654 - default default] Attributes excluded by policy engine: ['standard_attr_id', 'vlan_transparent'] _exclude_attributes_by_policy /usr/lib/python3.9/site-packages/neutron/pecan_wsgi/hooks/policy_enforcement.py:259
2025-10-14 07:32:11.554 17 INFO neutron.wsgi [req-52f430f9-8ad7-43a0-a0a5-07452d533e39 c02f3ebb3f9947439f25736305573ec2 d388af1b00194e40ada407009d98f654 - default default] 192.168.122.99,192.168.122.100 "GET /v2.0/networks?name=storage_mgmt HTTP/1.1" status: 200 len: 1051 time: 0.0684726
2025-10-14 07:32:11.587 17 DEBUG neutron.pecan_wsgi.hooks.policy_enforcement [req-da3a6e17-50ce-4b29-9d68-fa2df3b04270 c02f3ebb3f9947439f25736305573ec2 d388af1b00194e40ada407009d98f654 - default default] Attributes excluded by policy engine: ['standard_attr_id', 'shared'] _exclude_attributes_by_policy /usr/lib/python3.9/site-packages/neutron/pecan_wsgi/hooks/policy_enforcement.py:259
2025-10-14 07:32:11.588 17 INFO neutron.wsgi [req-da3a6e17-50ce-4b29-9d68-fa2df3b04270 c02f3ebb3f9947439f25736305573ec2 d388af1b00194e40ada407009d98f654 - default default] 192.168.122.99,192.168.122.100 "GET /v2.0/subnets/8ca98072-da24-4926-9ee6-cd9bfffc2920 HTTP/1.1" status: 200 len: 864 time: 0.0270464
2025-10-14 07:32:11.604 17 INFO neutron.pecan_wsgi.hooks.translation [req-9ff9810b-d9ae-4ea7-ae5a-e49d9ea33afb c02f3ebb3f9947439f25736305573ec2 d388af1b00194e40ada407009d98f654 - default default] GET failed (client error): The resource could not be found.
2025-10-14 07:32:11.605 17 INFO neutron.wsgi [req-9ff9810b-d9ae-4ea7-ae5a-e49d9ea33afb c02f3ebb3f9947439f25736305573ec2 d388af1b00194e40ada407009d98f654 - default default] 192.168.122.99,192.168.122.100 "GET /v2.0/networks/internal_api HTTP/1.1" status: 404 len: 296 time: 0.0117514
2025-10-14 07:32:11.666 17 DEBUG neutron.pecan_wsgi.hooks.policy_enforcement [req-6702f772-97f3-4fbc-a9fa-e5fa9b51dfae c02f3ebb3f9947439f25736305573ec2 d388af1b00194e40ada407009d98f654 - default default] Attributes excluded by policy engine: ['standard_attr_id', 'vlan_transparent'] _exclude_attributes_by_policy /usr/lib/python3.9/site-packages/neutron/pecan_wsgi/hooks/policy_enforcement.py:259
2025-10-14 07:32:11.667 17 INFO neutron.wsgi [req-6702f772-97f3-4fbc-a9fa-e5fa9b51dfae c02f3ebb3f9947439f25736305573ec2 d388af1b00194e40ada407009d98f654 - default default] 192.168.122.99,192.168.122.100 "GET /v2.0/networks?name=internal_api HTTP/1.1" status: 200 len: 1052 time: 0.0577083
2025-10-14 07:32:11.703 17 DEBUG neutron.pecan_wsgi.hooks.policy_enforcement [req-f9944f9e-c97f-42ac-9d73-a96e613734de c02f3ebb3f9947439f25736305573ec2 d388af1b00194e40ada407009d98f654 - default default] Attributes excluded by policy engine: ['standard_attr_id', 'shared'] _exclude_attributes_by_policy /usr/lib/python3.9/site-packages/neutron/pecan_wsgi/hooks/policy_enforcement.py:259
2025-10-14 07:32:11.704 17 INFO neutron.wsgi [req-f9944f9e-c97f-42ac-9d73-a96e613734de c02f3ebb3f9947439f25736305573ec2 d388af1b00194e40ada407009d98f654 - default default] 192.168.122.99,192.168.122.100 "GET /v2.0/subnets/d31f4c80-a39f-4221-8221-efbd0b05f76f HTTP/1.1" status: 200 len: 864 time: 0.0301561
2025-10-14 07:32:11.721 17 INFO neutron.pecan_wsgi.hooks.translation [req-941d41ca-a4e2-4a11-9e8e-569ec1ee3df3 c02f3ebb3f9947439f25736305573ec2 d388af1b00194e40ada407009d98f654 - default default] GET failed (client error): The resource could not be found.
2025-10-14 07:32:11.722 17 INFO neutron.wsgi [req-941d41ca-a4e2-4a11-9e8e-569ec1ee3df3 c02f3ebb3f9947439f25736305573ec2 d388af1b00194e40ada407009d98f654 - default default] 192.168.122.99,192.168.122.100 "GET /v2.0/networks/tenant HTTP/1.1" status: 404 len: 290 time: 0.0118697
2025-10-14 07:32:11.781 17 DEBUG neutron.pecan_wsgi.hooks.policy_enforcement [req-e5a2a3ce-de31-4b3a-9716-ce8fa7ce9555 c02f3ebb3f9947439f25736305573ec2 d388af1b00194e40ada407009d98f654 - default default] Attributes excluded by policy engine: ['standard_attr_id', 'vlan_transparent'] _exclude_attributes_by_policy /usr/lib/python3.9/site-packages/neutron/pecan_wsgi/hooks/policy_enforcement.py:259
2025-10-14 07:32:11.782 17 INFO neutron.wsgi [req-e5a2a3ce-de31-4b3a-9716-ce8fa7ce9555 c02f3ebb3f9947439f25736305573ec2 d388af1b00194e40ada407009d98f654 - default default] 192.168.122.99,192.168.122.100 "GET /v2.0/networks?name=tenant HTTP/1.1" status: 200 len: 998 time: 0.0553787
2025-10-14 07:32:11.815 17 DEBUG neutron.pecan_wsgi.hooks.policy_enforcement [req-f1acfb4c-e1c7-4e27-adfa-a1a4f134bfb3 c02f3ebb3f9947439f25736305573ec2 d388af1b00194e40ada407009d98f654 - default default] Attributes excluded by policy engine: ['standard_attr_id', 'shared'] _exclude_attributes_by_policy /usr/lib/python3.9/site-packages/neutron/pecan_wsgi/hooks/policy_enforcement.py:259
2025-10-14 07:32:11.816 17 INFO neutron.wsgi [req-f1acfb4c-e1c7-4e27-adfa-a1a4f134bfb3 c02f3ebb3f9947439f25736305573ec2 d388af1b00194e40ada407009d98f654 - default default] 192.168.122.99,192.168.122.100 "GET /v2.0/subnets/12861caf-e829-443e-bf24-78c9f60f68fa HTTP/1.1" status: 200 len: 858 time: 0.0277522
2025-10-14 07:32:11.833 17 INFO neutron.pecan_wsgi.hooks.translation [req-6778b369-700f-4159-8e37-ec1a60e7f5f6 c02f3ebb3f9947439f25736305573ec2 d388af1b00194e40ada407009d98f654 - default default] GET failed (client error): The resource could not be found.
2025-10-14 07:32:11.834 17 INFO neutron.wsgi [req-6778b369-700f-4159-8e37-ec1a60e7f5f6 c02f3ebb3f9947439f25736305573ec2 d388af1b00194e40ada407009d98f654 - default default] 192.168.122.99,192.168.122.100 "GET /v2.0/networks/external HTTP/1.1" status: 404 len: 292 time: 0.0123422
2025-10-14 07:32:11.894 17 DEBUG neutron.pecan_wsgi.hooks.policy_enforcement [req-7b2dabf4-b07a-4486-a58f-b56d59ae4978 c02f3ebb3f9947439f25736305573ec2 d388af1b00194e40ada407009d98f654 - default default] Attributes excluded by policy engine: ['standard_attr_id', 'vlan_transparent'] _exclude_attributes_by_policy /usr/lib/python3.9/site-packages/neutron/pecan_wsgi/hooks/policy_enforcement.py:259
2025-10-14 07:32:11.895 17 INFO neutron.wsgi [req-7b2dabf4-b07a-4486-a58f-b56d59ae4978 c02f3ebb3f9947439f25736305573ec2 d388af1b00194e40ada407009d98f654 - default default] 192.168.122.99,192.168.122.100 "GET /v2.0/networks?name=external HTTP/1.1" status: 200 len: 1029 time: 0.0565305
2025-10-14 07:32:11.949 17 DEBUG neutron.pecan_wsgi.hooks.policy_enforcement [req-363d49d7-d71f-4295-b2f4-9341c394b722 c02f3ebb3f9947439f25736305573ec2 d388af1b00194e40ada407009d98f654 - default default] Attributes excluded by policy engine: ['standard_attr_id', 'shared'] _exclude_attributes_by_policy /usr/lib/python3.9/site-packages/neutron/pecan_wsgi/hooks/policy_enforcement.py:259
2025-10-14 07:32:11.950 17 INFO neutron.wsgi [req-363d49d7-d71f-4295-b2f4-9341c394b722 c02f3ebb3f9947439f25736305573ec2 d388af1b00194e40ada407009d98f654 - default default] 192.168.122.99,192.168.122.100 "GET /v2.0/subnets/e8bc36ac-82dd-4d04-8392-133cf5e98abd HTTP/1.1" status: 200 len: 868 time: 0.0518749
2025-10-14 07:32:12.747 18 DEBUG neutron.wsgi [-] (18) accepted ('192.168.122.100', 54682) server /usr/lib/python3.9/site-packages/eventlet/wsgi.py:992
2025-10-14 07:32:12.750 18 INFO neutron.wsgi [-] 192.168.122.100 "GET /healthcheck HTTP/1.0" status: 200 len: 137 time: 0.0017672
2025-10-14 07:32:14.751 17 DEBUG neutron.wsgi [-] (17) accepted ('192.168.122.100', 54692) server /usr/lib/python3.9/site-packages/eventlet/wsgi.py:992
2025-10-14 07:32:14.754 17 INFO neutron.wsgi [-] 192.168.122.100 "GET /healthcheck HTTP/1.0" status: 200 len: 137 time: 0.0024734
2025-10-14 07:32:16.756 17 DEBUG neutron.wsgi [-] (17) accepted ('192.168.122.100', 45644) server /usr/lib/python3.9/site-packages/eventlet/wsgi.py:992
2025-10-14 07:32:16.759 17 INFO neutron.wsgi [-] 192.168.122.100 "GET /healthcheck HTTP/1.0" status: 200 len: 137 time: 0.0020480
2025-10-14 07:32:17.571 17 DEBUG neutron.wsgi [-] (17) accepted ('192.168.122.100', 45646) server /usr/lib/python3.9/site-packages/eventlet/wsgi.py:992
2025-10-14 07:32:17.682 17 DEBUG neutron.pecan_wsgi.hooks.policy_enforcement [req-c688734f-36ff-4c51-8ba0-5ecc4c36929c c02f3ebb3f9947439f25736305573ec2 d388af1b00194e40ada407009d98f654 - default default] Attributes excluded by policy engine: ['standard_attr_id', 'vlan_transparent'] _exclude_attributes_by_policy /usr/lib/python3.9/site-packages/neutron/pecan_wsgi/hooks/policy_enforcement.py:259
2025-10-14 07:32:17.683 17 DEBUG neutron.pecan_wsgi.hooks.policy_enforcement [req-c688734f-36ff-4c51-8ba0-5ecc4c36929c c02f3ebb3f9947439f25736305573ec2 d388af1b00194e40ada407009d98f654 - default default] Attributes excluded by policy engine: ['standard_attr_id', 'vlan_transparent'] _exclude_attributes_by_policy /usr/lib/python3.9/site-packages/neutron/pecan_wsgi/hooks/policy_enforcement.py:259
2025-10-14 07:32:17.683 17 DEBUG neutron.pecan_wsgi.hooks.policy_enforcement [req-c688734f-36ff-4c51-8ba0-5ecc4c36929c c02f3ebb3f9947439f25736305573ec2 d388af1b00194e40ada407009d98f654 - default default] Attributes excluded by policy engine: ['standard_attr_id', 'vlan_transparent'] _exclude_attributes_by_policy /usr/lib/python3.9/site-packages/neutron/pecan_wsgi/hooks/policy_enforcement.py:259
2025-10-14 07:32:17.683 17 DEBUG neutron.pecan_wsgi.hooks.policy_enforcement [req-c688734f-36ff-4c51-8ba0-5ecc4c36929c c02f3ebb3f9947439f25736305573ec2 d388af1b00194e40ada407009d98f654 - default default] Attributes excluded by policy engine: ['standard_attr_id', 'vlan_transparent'] _exclude_attributes_by_policy /usr/lib/python3.9/site-packages/neutron/pecan_wsgi/hooks/policy_enforcement.py:259
2025-10-14 07:32:17.683 17 DEBUG neutron.pecan_wsgi.hooks.policy_enforcement [req-c688734f-36ff-4c51-8ba0-5ecc4c36929c c02f3ebb3f9947439f25736305573ec2 d388af1b00194e40ada407009d98f654 - default default] Attributes excluded by policy engine: ['standard_attr_id', 'vlan_transparent'] _exclude_attributes_by_policy /usr/lib/python3.9/site-packages/neutron/pecan_wsgi/hooks/policy_enforcement.py:259
2025-10-14 07:32:17.684 17 DEBUG neutron.pecan_wsgi.hooks.policy_enforcement [req-c688734f-36ff-4c51-8ba0-5ecc4c36929c c02f3ebb3f9947439f25736305573ec2 d388af1b00194e40ada407009d98f654 - default default] Attributes excluded by policy engine: ['standard_attr_id', 'vlan_transparent'] _exclude_attributes_by_policy /usr/lib/python3.9/site-packages/neutron/pecan_wsgi/hooks/policy_enforcement.py:259
2025-10-14 07:32:17.684 17 INFO neutron.wsgi [req-c688734f-36ff-4c51-8ba0-5ecc4c36929c c02f3ebb3f9947439f25736305573ec2 d388af1b00194e40ada407009d98f654 - default default] 192.168.122.99,192.168.122.100 "GET /v2.0/networks HTTP/1.1" status: 200 len: 5131 time: 0.1124749
2025-10-14 07:32:17.720 17 DEBUG neutron.pecan_wsgi.hooks.policy_enforcement [req-6519eaf2-1c62-44ff-923f-e2622f2d4602 c02f3ebb3f9947439f25736305573ec2 d388af1b00194e40ada407009d98f654 - default default] Attributes excluded by policy engine: ['standard_attr_id', 'shared'] _exclude_attributes_by_policy /usr/lib/python3.9/site-packages/neutron/pecan_wsgi/hooks/policy_enforcement.py:259
2025-10-14 07:32:17.721 17 INFO neutron.wsgi [req-6519eaf2-1c62-44ff-923f-e2622f2d4602 c02f3ebb3f9947439f25736305573ec2 d388af1b00194e40ada407009d98f654 - default default] 192.168.122.99,192.168.122.100 "GET /v2.0/subnets?network_id=2ea14b84-7bf5-4c6b-958a-5b9c7ded7914 HTTP/1.1" status: 200 len: 867 time: 0.0274706
2025-10-14 07:32:17.757 17 DEBUG neutron.pecan_wsgi.hooks.policy_enforcement [req-abb60135-411b-485c-a736-c2923bb1cbb4 c02f3ebb3f9947439f25736305573ec2 d388af1b00194e40ada407009d98f654 - default default] Attributes excluded by policy engine: ['standard_attr_id', 'shared'] _exclude_attributes_by_policy /usr/lib/python3.9/site-packages/neutron/pecan_wsgi/hooks/policy_enforcement.py:259
2025-10-14 07:32:17.758 17 INFO neutron.wsgi [req-abb60135-411b-485c-a736-c2923bb1cbb4 c02f3ebb3f9947439f25736305573ec2 d388af1b00194e40ada407009d98f654 - default default] 192.168.122.99,192.168.122.100 "GET /v2.0/subnets?network_id=8e9521c9-bb42-4d50-b229-7d9896859293 HTTP/1.1" status: 200 len: 845 time: 0.0300980
2025-10-14 07:32:17.790 17 DEBUG neutron.pecan_wsgi.hooks.policy_enforcement [req-bc675edc-78ff-4cc1-b7f0-5065ccb21ae3 c02f3ebb3f9947439f25736305573ec2 d388af1b00194e40ada407009d98f654 - default default] Attributes excluded by policy engine: ['standard_attr_id', 'shared'] _exclude_attributes_by_policy /usr/lib/python3.9/site-packages/neutron/pecan_wsgi/hooks/policy_enforcement.py:259
2025-10-14 07:32:17.791 17 INFO neutron.wsgi [req-bc675edc-78ff-4cc1-b7f0-5065ccb21ae3 c02f3ebb3f9947439f25736305573ec2 d388af1b00194e40ada407009d98f654 - default default] 192.168.122.99,192.168.122.100 "GET /v2.0/subnets?network_id=9622ea8e-f50c-49fb-9d3c-e87c020e92f1 HTTP/1.1" status: 200 len: 861 time: 0.0276241
2025-10-14 07:32:17.827 17 DEBUG neutron.pecan_wsgi.hooks.policy_enforcement [req-766aa61d-55b9-4012-bb11-a77675b20d9e c02f3ebb3f9947439f25736305573ec2 d388af1b00194e40ada407009d98f654 - default default] Attributes excluded by policy engine: ['standard_attr_id', 'shared'] _exclude_attributes_by_policy /usr/lib/python3.9/site-packages/neutron/pecan_wsgi/hooks/policy_enforcement.py:259
2025-10-14 07:32:17.827 17 INFO neutron.wsgi [req-766aa61d-55b9-4012-bb11-a77675b20d9e c02f3ebb3f9947439f25736305573ec2 d388af1b00194e40ada407009d98f654 - default default] 192.168.122.99,192.168.122.100 "GET /v2.0/subnets?network_id=d732f5a0-a42e-4acd-8601-000e52e8b92e HTTP/1.1" status: 200 len: 862 time: 0.0269270
2025-10-14 07:32:17.875 17 DEBUG neutron.pecan_wsgi.hooks.policy_enforcement [req-00ba97df-2cad-440e-8a3e-c1e75a3d9c74 c02f3ebb3f9947439f25736305573ec2 d388af1b00194e40ada407009d98f654 - default default] Attributes excluded by policy engine: ['standard_attr_id', 'shared'] _exclude_attributes_by_policy /usr/lib/python3.9/site-packages/neutron/pecan_wsgi/hooks/policy_enforcement.py:259
2025-10-14 07:32:17.876 17 INFO neutron.wsgi [req-00ba97df-2cad-440e-8a3e-c1e75a3d9c74 c02f3ebb3f9947439f25736305573ec2 d388af1b00194e40ada407009d98f654 - default default] 192.168.122.99,192.168.122.100 "GET /v2.0/subnets?network_id=d943c9f8-7ba1-409b-a86e-ceaf448ba594 HTTP/1.1" status: 200 len: 871 time: 0.0404191
2025-10-14 07:32:17.912 17 DEBUG neutron.pecan_wsgi.hooks.policy_enforcement [req-aed8559d-0af4-4c39-bad9-733e6644d196 c02f3ebb3f9947439f25736305573ec2 d388af1b00194e40ada407009d98f654 - default default] Attributes excluded by policy engine: ['standard_attr_id', 'shared'] _exclude_attributes_by_policy /usr/lib/python3.9/site-packages/neutron/pecan_wsgi/hooks/policy_enforcement.py:259
2025-10-14 07:32:17.913 17 INFO neutron.wsgi [req-aed8559d-0af4-4c39-bad9-733e6644d196 c02f3ebb3f9947439f25736305573ec2 d388af1b00194e40ada407009d98f654 - default default] 192.168.122.99,192.168.122.100 "GET /v2.0/subnets?network_id=fd6cea85-82cc-4a6e-88de-ff3a207d9217 HTTP/1.1" status: 200 len: 867 time: 0.0297484
2025-10-14 07:32:17.941 16 DEBUG neutron.wsgi [-] (16) accepted ('192.168.122.100', 45654) server /usr/lib/python3.9/site-packages/eventlet/wsgi.py:992
2025-10-14 07:32:17.945 15 DEBUG neutron.wsgi [-] (15) accepted ('192.168.122.100', 45660) server /usr/lib/python3.9/site-packages/eventlet/wsgi.py:992
2025-10-14 07:32:17.947 18 DEBUG neutron.wsgi [-] (18) accepted ('192.168.122.100', 45670) server /usr/lib/python3.9/site-packages/eventlet/wsgi.py:992
2025-10-14 07:32:17.953 17 INFO neutron.wsgi [req-3cb22af1-d341-496f-a6ab-e8587b87c9f7 c02f3ebb3f9947439f25736305573ec2 d388af1b00194e40ada407009d98f654 - default default] 192.168.122.99,192.168.122.100 "GET /v2.0/ports?network_id=8e9521c9-bb42-4d50-b229-7d9896859293&tags=tripleo_stack_name%3Dcell2&tags=tripleo_vip_net%3Dctlplane HTTP/1.1" status: 200 len: 186 time: 0.0316446
2025-10-14 07:32:17.953 17 DEBUG neutron.wsgi [-] (17) accepted ('192.168.122.100', 45680) server /usr/lib/python3.9/site-packages/eventlet/wsgi.py:992
2025-10-14 07:32:17.974 17 DEBUG neutron.api.v2.base [req-222c62e0-71c9-49ed-a7eb-b536b9a5190d c02f3ebb3f9947439f25736305573ec2 d388af1b00194e40ada407009d98f654 - default default] Request body: {'port': {'fixed_ips': [{'ip_address': '192.168.122.96'}], 'dns_name': 'multicell', 'network_id': '8e9521c9-bb42-4d50-b229-7d9896859293', 'name': 'ctlplane_vip'}} prepare_request_body /usr/lib/python3.9/site-packages/neutron/api/v2/base.py:729
2025-10-14 07:32:17.980 17 INFO neutron.wsgi [req-3924afe9-ad7c-4092-8bb4-ead6c7500bba c02f3ebb3f9947439f25736305573ec2 d388af1b00194e40ada407009d98f654 - default default] 192.168.122.99,192.168.122.100 "GET /v2.0/ports?network_id=2ea14b84-7bf5-4c6b-958a-5b9c7ded7914&tags=tripleo_stack_name%3Dcell2&tags=tripleo_vip_net%3Dstorage_mgmt HTTP/1.1" status: 200 len: 186 time: 0.0268981
2025-10-14 07:32:17.988 17 DEBUG neutron.api.v2.base [req-e1784936-732f-404f-a4a5-4e65acc3c590 c02f3ebb3f9947439f25736305573ec2 d388af1b00194e40ada407009d98f654 - default default] Request body: {'port': {'fixed_ips': [{'ip_address': '172.20.0.156'}], 'dns_name': 'multicell', 'network_id': '2ea14b84-7bf5-4c6b-958a-5b9c7ded7914', 'name': 'storage_mgmt_vip'}} prepare_request_body /usr/lib/python3.9/site-packages/neutron/api/v2/base.py:729
2025-10-14 07:32:17.990 17 DEBUG neutron.pecan_wsgi.hooks.quota_enforcement [req-222c62e0-71c9-49ed-a7eb-b536b9a5190d c02f3ebb3f9947439f25736305573ec2 d388af1b00194e40ada407009d98f654 - default default] Made reservation on behalf of d388af1b00194e40ada407009d98f654 for: {'port': 1} before /usr/lib/python3.9/site-packages/neutron/pecan_wsgi/hooks/quota_enforcement.py:53
2025-10-14 07:32:17.991 17 DEBUG neutron_lib.callbacks.manager [req-222c62e0-71c9-49ed-a7eb-b536b9a5190d c02f3ebb3f9947439f25736305573ec2 d388af1b00194e40ada407009d98f654 - default default] Notify callbacks ['neutron.plugins.ml2.plugin.SecurityGroupDbMixin._ensure_default_security_group_handler-1803135'] for port, before_create _notify_loop /usr/lib/python3.9/site-packages/neutron_lib/callbacks/manager.py:200
2025-10-14 07:32:17.996 15 INFO neutron.wsgi [req-dd9efd8b-0fa5-42b8-abce-c45a72a33965 c02f3ebb3f9947439f25736305573ec2 d388af1b00194e40ada407009d98f654 - default default] 192.168.122.99,192.168.122.100 "GET /v2.0/ports?network_id=d943c9f8-7ba1-409b-a86e-ceaf448ba594&tags=tripleo_stack_name%3Dcell2&tags=tripleo_vip_net%3Dexternal HTTP/1.1" status: 200 len: 186 time: 0.0492945
2025-10-14 07:32:17.996 16 INFO neutron.wsgi [req-620a54fd-b29e-44fe-9b28-a44466a89fa9 c02f3ebb3f9947439f25736305573ec2 d388af1b00194e40ada407009d98f654 - default default] 192.168.122.99,192.168.122.100 "GET /v2.0/ports?network_id=fd6cea85-82cc-4a6e-88de-ff3a207d9217&tags=tripleo_stack_name%3Dcell2&tags=tripleo_vip_net%3Dinternal_api HTTP/1.1" status: 200 len: 186 time: 0.0543380
2025-10-14 07:32:18.006 16 DEBUG neutron.api.v2.base [req-d72bb5d3-0e2b-4ff8-bb2d-98871b628b74 c02f3ebb3f9947439f25736305573ec2 d388af1b00194e40ada407009d98f654 - default default] Request body: {'port': {'fixed_ips': [{'ip_address': '172.21.0.86'}], 'dns_name': 'multicell', 'network_id': 'd943c9f8-7ba1-409b-a86e-ceaf448ba594', 'name': 'external_vip'}} prepare_request_body /usr/lib/python3.9/site-packages/neutron/api/v2/base.py:729
2025-10-14 07:32:18.014 18 INFO neutron.wsgi [req-2b9d6466-cc8f-4c90-99c8-1f362dae6e47 c02f3ebb3f9947439f25736305573ec2 d388af1b00194e40ada407009d98f654 - default default] 192.168.122.99,192.168.122.100 "GET /v2.0/ports?network_id=d732f5a0-a42e-4acd-8601-000e52e8b92e&tags=tripleo_stack_name%3Dcell2&tags=tripleo_vip_net%3Dstorage HTTP/1.1" status: 200 len: 186 time: 0.0660734
2025-10-14 07:32:18.015 16 DEBUG neutron.api.v2.base [req-92d55a06-51db-414b-b700-09d11850dbd3 c02f3ebb3f9947439f25736305573ec2 d388af1b00194e40ada407009d98f654 - default default] Request body: {'port': {'fixed_ips': [{'ip_address': '172.17.0.136'}], 'dns_name': 'multicell', 'network_id': 'fd6cea85-82cc-4a6e-88de-ff3a207d9217', 'name': 'internal_api_vip'}} prepare_request_body /usr/lib/python3.9/site-packages/neutron/api/v2/base.py:729
2025-10-14 07:32:18.016 17 DEBUG neutron.pecan_wsgi.hooks.quota_enforcement [req-e1784936-732f-404f-a4a5-4e65acc3c590 c02f3ebb3f9947439f25736305573ec2 d388af1b00194e40ada407009d98f654 - default default] Made reservation on behalf of d388af1b00194e40ada407009d98f654 for: {'port': 1} before /usr/lib/python3.9/site-packages/neutron/pecan_wsgi/hooks/quota_enforcement.py:53
2025-10-14 07:32:18.017 17 DEBUG neutron_lib.callbacks.manager [req-e1784936-732f-404f-a4a5-4e65acc3c590 c02f3ebb3f9947439f25736305573ec2 d388af1b00194e40ada407009d98f654 - default default] Notify callbacks ['neutron.plugins.ml2.plugin.SecurityGroupDbMixin._ensure_default_security_group_handler-1803135'] for port, before_create _notify_loop /usr/lib/python3.9/site-packages/neutron_lib/callbacks/manager.py:200
2025-10-14 07:32:18.024 17 DEBUG neutron.notifiers.nova [req-222c62e0-71c9-49ed-a7eb-b536b9a5190d c02f3ebb3f9947439f25736305573ec2 d388af1b00194e40ada407009d98f654 - default default] device_id is not set on port 2aaef9f3-d127-4bf3-b549-6285aea75302 yet. _can_notify /usr/lib/python3.9/site-packages/neutron/notifiers/nova.py:201
2025-10-14 07:32:18.031 16 DEBUG neutron.pecan_wsgi.hooks.quota_enforcement [req-d72bb5d3-0e2b-4ff8-bb2d-98871b628b74 c02f3ebb3f9947439f25736305573ec2 d388af1b00194e40ada407009d98f654 - default default] Made reservation on behalf of d388af1b00194e40ada407009d98f654 for: {'port': 1} before /usr/lib/python3.9/site-packages/neutron/pecan_wsgi/hooks/quota_enforcement.py:53
2025-10-14 07:32:18.033 16 DEBUG neutron_lib.callbacks.manager [req-d72bb5d3-0e2b-4ff8-bb2d-98871b628b74 c02f3ebb3f9947439f25736305573ec2 d388af1b00194e40ada407009d98f654 - default default] Notify callbacks ['neutron.plugins.ml2.plugin.SecurityGroupDbMixin._ensure_default_security_group_handler-1803135'] for port, before_create _notify_loop /usr/lib/python3.9/site-packages/neutron_lib/callbacks/manager.py:200
2025-10-14 07:32:18.049 16 DEBUG neutron.pecan_wsgi.hooks.quota_enforcement [req-92d55a06-51db-414b-b700-09d11850dbd3 c02f3ebb3f9947439f25736305573ec2 d388af1b00194e40ada407009d98f654 - default default] Made reservation on behalf of d388af1b00194e40ada407009d98f654 for: {'port': 1} before /usr/lib/python3.9/site-packages/neutron/pecan_wsgi/hooks/quota_enforcement.py:53
2025-10-14 07:32:18.051 16 DEBUG neutron_lib.callbacks.manager [req-92d55a06-51db-414b-b700-09d11850dbd3 c02f3ebb3f9947439f25736305573ec2 d388af1b00194e40ada407009d98f654 - default default] Notify callbacks ['neutron.plugins.ml2.plugin.SecurityGroupDbMixin._ensure_default_security_group_handler-1803135'] for port, before_create _notify_loop /usr/lib/python3.9/site-packages/neutron_lib/callbacks/manager.py:200
2025-10-14 07:32:18.054 17 DEBUG neutron.api.v2.base [req-60488e29-d9ce-4958-bc3a-13da56bc7fef c02f3ebb3f9947439f25736305573ec2 d388af1b00194e40ada407009d98f654 - default default] Request body: {'port': {'fixed_ips': [{'ip_address': '172.18.0.146'}], 'dns_name': 'multicell', 'network_id': 'd732f5a0-a42e-4acd-8601-000e52e8b92e', 'name': 'storage_vip'}} prepare_request_body /usr/lib/python3.9/site-packages/neutron/api/v2/base.py:729
2025-10-14 07:32:18.068 16 DEBUG neutron.notifiers.nova [req-92d55a06-51db-414b-b700-09d11850dbd3 c02f3ebb3f9947439f25736305573ec2 d388af1b00194e40ada407009d98f654 - default default] device_id is not set on port 2254c37a-48ee-4fa4-8d1b-afacb872fd00 yet. _can_notify /usr/lib/python3.9/site-packages/neutron/notifiers/nova.py:201
2025-10-14 07:32:18.081 16 DEBUG neutron.notifiers.nova [req-d72bb5d3-0e2b-4ff8-bb2d-98871b628b74 c02f3ebb3f9947439f25736305573ec2 d388af1b00194e40ada407009d98f654 - default default] device_id is not set on port 3b03c84e-a84f-44e0-a8df-5aaeb8bce78b yet. _can_notify /usr/lib/python3.9/site-packages/neutron/notifiers/nova.py:201
2025-10-14 07:32:18.094 17 DEBUG neutron.notifiers.nova [req-e1784936-732f-404f-a4a5-4e65acc3c590 c02f3ebb3f9947439f25736305573ec2 d388af1b00194e40ada407009d98f654 - default default] device_id is not set on port 6b40d418-7eb5-406a-9ff2-c7c7567e5867 yet. _can_notify /usr/lib/python3.9/site-packages/neutron/notifiers/nova.py:201
2025-10-14 07:32:18.139 17 DEBUG neutron.pecan_wsgi.hooks.quota_enforcement [req-60488e29-d9ce-4958-bc3a-13da56bc7fef c02f3ebb3f9947439f25736305573ec2 d388af1b00194e40ada407009d98f654 - default default] Made reservation on behalf of d388af1b00194e40ada407009d98f654 for: {'port': 1} before /usr/lib/python3.9/site-packages/neutron/pecan_wsgi/hooks/quota_enforcement.py:53
2025-10-14 07:32:18.141 17 DEBUG neutron_lib.callbacks.manager [req-60488e29-d9ce-4958-bc3a-13da56bc7fef c02f3ebb3f9947439f25736305573ec2 d388af1b00194e40ada407009d98f654 - default default] Notify callbacks ['neutron.plugins.ml2.plugin.SecurityGroupDbMixin._ensure_default_security_group_handler-1803135'] for port, before_create _notify_loop /usr/lib/python3.9/site-packages/neutron_lib/callbacks/manager.py:200
2025-10-14 07:32:18.183 17 DEBUG neutron.notifiers.nova [req-60488e29-d9ce-4958-bc3a-13da56bc7fef c02f3ebb3f9947439f25736305573ec2 d388af1b00194e40ada407009d98f654 - default default] device_id is not set on port b8a1ea60-e13a-4fd4-bf84-b13eaae799bc yet. _can_notify /usr/lib/python3.9/site-packages/neutron/notifiers/nova.py:201
2025-10-14 07:32:18.208 16 DEBUG neutron.db.db_base_plugin_common [req-d72bb5d3-0e2b-4ff8-bb2d-98871b628b74 c02f3ebb3f9947439f25736305573ec2 d388af1b00194e40ada407009d98f654 - default default] Allocated IP 172.21.0.86 (d943c9f8-7ba1-409b-a86e-ceaf448ba594/e8bc36ac-82dd-4d04-8392-133cf5e98abd/3b03c84e-a84f-44e0-a8df-5aaeb8bce78b) _store_ip_allocation /usr/lib/python3.9/site-packages/neutron/db/db_base_plugin_common.py:131
2025-10-14 07:32:18.209 16 DEBUG neutron.db.db_base_plugin_common [req-92d55a06-51db-414b-b700-09d11850dbd3 c02f3ebb3f9947439f25736305573ec2 d388af1b00194e40ada407009d98f654 - default default] Allocated IP 172.17.0.136 (fd6cea85-82cc-4a6e-88de-ff3a207d9217/d31f4c80-a39f-4221-8221-efbd0b05f76f/2254c37a-48ee-4fa4-8d1b-afacb872fd00) _store_ip_allocation /usr/lib/python3.9/site-packages/neutron/db/db_base_plugin_common.py:131
2025-10-14 07:32:18.263 17 DEBUG neutron.db.db_base_plugin_common [req-222c62e0-71c9-49ed-a7eb-b536b9a5190d c02f3ebb3f9947439f25736305573ec2 d388af1b00194e40ada407009d98f654 - default default] Allocated IP 192.168.122.96 (8e9521c9-bb42-4d50-b229-7d9896859293/32b0fc0b-8b9c-4385-a283-333a987abd89/2aaef9f3-d127-4bf3-b549-6285aea75302) _store_ip_allocation /usr/lib/python3.9/site-packages/neutron/db/db_base_plugin_common.py:131
2025-10-14 07:32:18.290 17 DEBUG neutron.db.db_base_plugin_common [req-e1784936-732f-404f-a4a5-4e65acc3c590 c02f3ebb3f9947439f25736305573ec2 d388af1b00194e40ada407009d98f654 - default default] Allocated IP 172.20.0.156 (2ea14b84-7bf5-4c6b-958a-5b9c7ded7914/8ca98072-da24-4926-9ee6-cd9bfffc2920/6b40d418-7eb5-406a-9ff2-c7c7567e5867) _store_ip_allocation /usr/lib/python3.9/site-packages/neutron/db/db_base_plugin_common.py:131
2025-10-14 07:32:18.374 17 DEBUG neutron.db.db_base_plugin_common [req-60488e29-d9ce-4958-bc3a-13da56bc7fef c02f3ebb3f9947439f25736305573ec2 d388af1b00194e40ada407009d98f654 - default default] Allocated IP 172.18.0.146 (d732f5a0-a42e-4acd-8601-000e52e8b92e/1e8a0cad-693e-4f33-8951-8308805f04b2/b8a1ea60-e13a-4fd4-bf84-b13eaae799bc) _store_ip_allocation /usr/lib/python3.9/site-packages/neutron/db/db_base_plugin_common.py:131
2025-10-14 07:32:18.504 16 DEBUG neutron_lib.callbacks.manager [req-d72bb5d3-0e2b-4ff8-bb2d-98871b628b74 c02f3ebb3f9947439f25736305573ec2 d388af1b00194e40ada407009d98f654 - default default] Notify callbacks [] for port, precommit_create _notify_loop /usr/lib/python3.9/site-packages/neutron_lib/callbacks/manager.py:200
2025-10-14 07:32:18.507 16 DEBUG neutron_lib.callbacks.manager [req-92d55a06-51db-414b-b700-09d11850dbd3 c02f3ebb3f9947439f25736305573ec2 d388af1b00194e40ada407009d98f654 - default default] Notify callbacks [] for port, precommit_create _notify_loop /usr/lib/python3.9/site-packages/neutron_lib/callbacks/manager.py:200
2025-10-14 07:32:18.529 16 DEBUG neutron_lib.callbacks.manager [req-92d55a06-51db-414b-b700-09d11850dbd3 c02f3ebb3f9947439f25736305573ec2 d388af1b00194e40ada407009d98f654 - default default] Notify callbacks ['neutron.plugins.ml2.plugin.SecurityGroupServerNotifierRpcMixin.notify_sg_on_port_change-1586059', 'neutron.plugins.ml2.extensions.dns_integration._create_port_in_external_dns_service-8783846149434', 'neutron.plugins.ml2.ovo_rpc._ObjectChangeHandler.handle_event-872418', 'neutron.api.rpc.agentnotifiers.dhcp_rpc_agent_api.DhcpAgentNotifyAPI._native_event_send_dhcp_notification-710301', 'neutron.services.segments.plugin.NovaSegmentNotifier._notify_port_created_or_deleted-503058'] for port, after_create _notify_loop /usr/lib/python3.9/site-packages/neutron_lib/callbacks/manager.py:200
2025-10-14 07:32:18.546 16 DEBUG neutron_lib.callbacks.manager [req-d72bb5d3-0e2b-4ff8-bb2d-98871b628b74 c02f3ebb3f9947439f25736305573ec2 d388af1b00194e40ada407009d98f654 - default default] Notify callbacks ['neutron.plugins.ml2.plugin.SecurityGroupServerNotifierRpcMixin.notify_sg_on_port_change-1586059', 'neutron.plugins.ml2.extensions.dns_integration._create_port_in_external_dns_service-8783846149434', 'neutron.plugins.ml2.ovo_rpc._ObjectChangeHandler.handle_event-872418', 'neutron.api.rpc.agentnotifiers.dhcp_rpc_agent_api.DhcpAgentNotifyAPI._native_event_send_dhcp_notification-710301', 'neutron.services.segments.plugin.NovaSegmentNotifier._notify_port_created_or_deleted-503058'] for port, after_create _notify_loop /usr/lib/python3.9/site-packages/neutron_lib/callbacks/manager.py:200
2025-10-14 07:32:18.580 16 DEBUG neutron.api.rpc.handlers.resources_rpc [req-92d55a06-51db-414b-b700-09d11850dbd3 c02f3ebb3f9947439f25736305573ec2 d388af1b00194e40ada407009d98f654 - - -] Pushing event updated for resources: {'Port': ['ID=2254c37a-48ee-4fa4-8d1b-afacb872fd00,revision_number=1']} push /usr/lib/python3.9/site-packages/neutron/api/rpc/handlers/resources_rpc.py:237
2025-10-14 07:32:18.611 16 DEBUG neutron.plugins.ml2.drivers.mech_agent [req-92d55a06-51db-414b-b700-09d11850dbd3 c02f3ebb3f9947439f25736305573ec2 d388af1b00194e40ada407009d98f654 - default default] Checking segment: {'id': '7c63ca76-1329-414b-9a1c-75f4e333f5b1', 'network_type': 'flat', 'physical_network': 'internal_api_internal_api_subnet', 'segmentation_id': None, 'network_id': 'fd6cea85-82cc-4a6e-88de-ff3a207d9217'} for mappings: {'ctlplane': 'br-ctlplane'} with network types: ['local', 'flat', 'vlan'] check_segment_for_agent /usr/lib/python3.9/site-packages/neutron/plugins/ml2/drivers/mech_agent.py:343
2025-10-14 07:32:18.611 16 DEBUG neutron.plugins.ml2.drivers.mech_agent [req-92d55a06-51db-414b-b700-09d11850dbd3 c02f3ebb3f9947439f25736305573ec2 d388af1b00194e40ada407009d98f654 - default default] Network fd6cea85-82cc-4a6e-88de-ff3a207d9217 with segment 7c63ca76-1329-414b-9a1c-75f4e333f5b1 is connected to physical network internal_api_internal_api_subnet, but agent undercloud.ooo.test reported physical networks {'ctlplane': 'br-ctlplane'}. The physical network must be configured on the agent if binding is to succeed. check_segment_for_agent /usr/lib/python3.9/site-packages/neutron/plugins/ml2/drivers/mech_agent.py:365
2025-10-14 07:32:18.617 16 DEBUG neutron.plugins.ml2.drivers.mech_agent [req-d72bb5d3-0e2b-4ff8-bb2d-98871b628b74 c02f3ebb3f9947439f25736305573ec2 d388af1b00194e40ada407009d98f654 - default default] Checking segment: {'id': '0a31f5ea-b5e1-4e9b-87ed-dc1dd0a43e71', 'network_type': 'flat', 'physical_network': 'external_external_subnet', 'segmentation_id': None, 'network_id': 'd943c9f8-7ba1-409b-a86e-ceaf448ba594'} for mappings: {'ctlplane': 'br-ctlplane'} with network types: ['local', 'flat', 'vlan'] check_segment_for_agent /usr/lib/python3.9/site-packages/neutron/plugins/ml2/drivers/mech_agent.py:343
2025-10-14 07:32:18.617 16 DEBUG neutron.plugins.ml2.drivers.mech_agent [req-d72bb5d3-0e2b-4ff8-bb2d-98871b628b74 c02f3ebb3f9947439f25736305573ec2 d388af1b00194e40ada407009d98f654 - default default] Network d943c9f8-7ba1-409b-a86e-ceaf448ba594 with segment 0a31f5ea-b5e1-4e9b-87ed-dc1dd0a43e71 is connected to physical network external_external_subnet, but agent undercloud.ooo.test reported physical networks {'ctlplane': 'br-ctlplane'}. The physical network must be configured on the agent if binding is to succeed. check_segment_for_agent /usr/lib/python3.9/site-packages/neutron/plugins/ml2/drivers/mech_agent.py:365
2025-10-14 07:32:18.622 16 DEBUG neutron.scheduler.dhcp_agent_scheduler [req-92d55a06-51db-414b-b700-09d11850dbd3 c02f3ebb3f9947439f25736305573ec2 d388af1b00194e40ada407009d98f654 - default default] Network hostable DHCP agents. Network: fd6cea85-82cc-4a6e-88de-ff3a207d9217, hostable agents: [], hosted agents: [] _get_network_hostable_dhcp_agents /usr/lib/python3.9/site-packages/neutron/scheduler/dhcp_agent_scheduler.py:329
2025-10-14 07:32:18.623 16 DEBUG neutron.scheduler.base_scheduler [req-92d55a06-51db-414b-b700-09d11850dbd3 c02f3ebb3f9947439f25736305573ec2 d388af1b00194e40ada407009d98f654 - default default] Resources bound (agent type, host, resource id): schedule /usr/lib/python3.9/site-packages/neutron/scheduler/base_scheduler.py:57
2025-10-14 07:32:18.623 16 WARNING neutron.api.rpc.agentnotifiers.dhcp_rpc_agent_api [req-92d55a06-51db-414b-b700-09d11850dbd3 c02f3ebb3f9947439f25736305573ec2 d388af1b00194e40ada407009d98f654 - default default] Unable to schedule network fd6cea85-82cc-4a6e-88de-ff3a207d9217: no agents available; will retry on subsequent port and subnet creation events.
2025-10-14 07:32:18.623 16 DEBUG neutron.api.rpc.agentnotifiers.dhcp_rpc_agent_api [req-92d55a06-51db-414b-b700-09d11850dbd3 c02f3ebb3f9947439f25736305573ec2 d388af1b00194e40ada407009d98f654 - default default] Network fd6cea85-82cc-4a6e-88de-ff3a207d9217 is not hosted by any dhcp agent _notify_agents /usr/lib/python3.9/site-packages/neutron/api/rpc/agentnotifiers/dhcp_rpc_agent_api.py:228
2025-10-14 07:32:18.638 16 DEBUG neutron.scheduler.dhcp_agent_scheduler [req-d72bb5d3-0e2b-4ff8-bb2d-98871b628b74 c02f3ebb3f9947439f25736305573ec2 d388af1b00194e40ada407009d98f654 - default default] Network hostable DHCP agents. Network: d943c9f8-7ba1-409b-a86e-ceaf448ba594, hostable agents: [], hosted agents: [] _get_network_hostable_dhcp_agents /usr/lib/python3.9/site-packages/neutron/scheduler/dhcp_agent_scheduler.py:329
2025-10-14 07:32:18.638 16 DEBUG neutron.scheduler.base_scheduler [req-d72bb5d3-0e2b-4ff8-bb2d-98871b628b74 c02f3ebb3f9947439f25736305573ec2 d388af1b00194e40ada407009d98f654 - default default] Resources bound (agent type, host, resource id): schedule /usr/lib/python3.9/site-packages/neutron/scheduler/base_scheduler.py:57
2025-10-14 07:32:18.639 16 WARNING neutron.api.rpc.agentnotifiers.dhcp_rpc_agent_api [req-d72bb5d3-0e2b-4ff8-bb2d-98871b628b74 c02f3ebb3f9947439f25736305573ec2 d388af1b00194e40ada407009d98f654 - default default] Unable to schedule network d943c9f8-7ba1-409b-a86e-ceaf448ba594: no agents available; will retry on subsequent port and subnet creation events.
2025-10-14 07:32:18.639 16 DEBUG neutron.api.rpc.agentnotifiers.dhcp_rpc_agent_api [req-d72bb5d3-0e2b-4ff8-bb2d-98871b628b74 c02f3ebb3f9947439f25736305573ec2 d388af1b00194e40ada407009d98f654 - default default] Network d943c9f8-7ba1-409b-a86e-ceaf448ba594 is not hosted by any dhcp agent _notify_agents /usr/lib/python3.9/site-packages/neutron/api/rpc/agentnotifiers/dhcp_rpc_agent_api.py:228
2025-10-14 07:32:18.653 16 DEBUG neutron.api.rpc.handlers.resources_rpc [req-d72bb5d3-0e2b-4ff8-bb2d-98871b628b74 c02f3ebb3f9947439f25736305573ec2 d388af1b00194e40ada407009d98f654 - - -] Pushing event updated for resources: {'Port': ['ID=3b03c84e-a84f-44e0-a8df-5aaeb8bce78b,revision_number=1']} push /usr/lib/python3.9/site-packages/neutron/api/rpc/handlers/resources_rpc.py:237
2025-10-14 07:32:18.674 16 DEBUG neutron.pecan_wsgi.hooks.policy_enforcement [req-92d55a06-51db-414b-b700-09d11850dbd3 c02f3ebb3f9947439f25736305573ec2 d388af1b00194e40ada407009d98f654 - default default] Attributes excluded by policy engine: ['standard_attr_id', 'network'] _exclude_attributes_by_policy /usr/lib/python3.9/site-packages/neutron/pecan_wsgi/hooks/policy_enforcement.py:259
2025-10-14 07:32:18.674 16 DEBUG neutron_lib.callbacks.manager [req-92d55a06-51db-414b-b700-09d11850dbd3 c02f3ebb3f9947439f25736305573ec2 d388af1b00194e40ada407009d98f654 - default default] Notify callbacks ['neutron.notifiers.nova.Notifier._send_nova_notification-152401', 'neutron.api.rpc.agentnotifiers.dhcp_rpc_agent_api.DhcpAgentNotifyAPI._send_dhcp_notification-710383'] for port, before_response _notify_loop /usr/lib/python3.9/site-packages/neutron_lib/callbacks/manager.py:200
2025-10-14 07:32:18.686 16 DEBUG neutron.pecan_wsgi.hooks.policy_enforcement [req-d72bb5d3-0e2b-4ff8-bb2d-98871b628b74 c02f3ebb3f9947439f25736305573ec2 d388af1b00194e40ada407009d98f654 - default default] Attributes excluded by policy engine: ['standard_attr_id', 'network'] _exclude_attributes_by_policy /usr/lib/python3.9/site-packages/neutron/pecan_wsgi/hooks/policy_enforcement.py:259
2025-10-14 07:32:18.687 16 DEBUG neutron_lib.callbacks.manager [req-d72bb5d3-0e2b-4ff8-bb2d-98871b628b74 c02f3ebb3f9947439f25736305573ec2 d388af1b00194e40ada407009d98f654 - default default] Notify callbacks ['neutron.notifiers.nova.Notifier._send_nova_notification-152401', 'neutron.api.rpc.agentnotifiers.dhcp_rpc_agent_api.DhcpAgentNotifyAPI._send_dhcp_notification-710383'] for port, before_response _notify_loop /usr/lib/python3.9/site-packages/neutron_lib/callbacks/manager.py:200
2025-10-14 07:32:18.691 16 INFO neutron.wsgi [req-92d55a06-51db-414b-b700-09d11850dbd3 c02f3ebb3f9947439f25736305573ec2 d388af1b00194e40ada407009d98f654 - default default] 192.168.122.99,192.168.122.100 "POST /v2.0/ports HTTP/1.1" status: 201 len: 1155 time: 0.6817508
2025-10-14 07:32:18.702 16 DEBUG neutron.services.tag.tag_plugin [req-e89812a9-b21f-4c88-a231-38f883d1364a c02f3ebb3f9947439f25736305573ec2 d388af1b00194e40ada407009d98f654 - default default] neutron.services.tag.tag_plugin.TagPlugin method update_tags called with arguments (, 'ports', '2254c37a-48ee-4fa4-8d1b-afacb872fd00', {'tags': ['tripleo_stack_name=cell2', 'tripleo_vip_net=internal_api']}) {} wrapper /usr/lib/python3.9/site-packages/oslo_log/helpers.py:65
2025-10-14 07:32:18.709 17 DEBUG neutron_lib.callbacks.manager [req-222c62e0-71c9-49ed-a7eb-b536b9a5190d c02f3ebb3f9947439f25736305573ec2 d388af1b00194e40ada407009d98f654 - default default] Notify callbacks [] for port, precommit_create _notify_loop /usr/lib/python3.9/site-packages/neutron_lib/callbacks/manager.py:200
2025-10-14 07:32:18.722 16 INFO neutron.wsgi [req-d72bb5d3-0e2b-4ff8-bb2d-98871b628b74 c02f3ebb3f9947439f25736305573ec2 d388af1b00194e40ada407009d98f654 - default default] 192.168.122.99,192.168.122.100 "POST /v2.0/ports HTTP/1.1" status: 201 len: 1149 time: 0.7207692
2025-10-14 07:32:18.725 17 DEBUG neutron_lib.callbacks.manager [req-e1784936-732f-404f-a4a5-4e65acc3c590 c02f3ebb3f9947439f25736305573ec2 d388af1b00194e40ada407009d98f654 - default default] Notify callbacks [] for port, precommit_create _notify_loop /usr/lib/python3.9/site-packages/neutron_lib/callbacks/manager.py:200
2025-10-14 07:32:18.733 16 DEBUG neutron.services.tag.tag_plugin [req-8a6bb907-c393-4fbf-920c-e5adb9f47f4c c02f3ebb3f9947439f25736305573ec2 d388af1b00194e40ada407009d98f654 - default default] neutron.services.tag.tag_plugin.TagPlugin method update_tags called with arguments (, 'ports', '3b03c84e-a84f-44e0-a8df-5aaeb8bce78b', {'tags': ['tripleo_stack_name=cell2', 'tripleo_vip_net=external']}) {} wrapper /usr/lib/python3.9/site-packages/oslo_log/helpers.py:65
2025-10-14 07:32:18.749 17 DEBUG neutron.db.provisioning_blocks [req-222c62e0-71c9-49ed-a7eb-b536b9a5190d c02f3ebb3f9947439f25736305573ec2 d388af1b00194e40ada407009d98f654 - default default] Transition to ACTIVE for port object 2aaef9f3-d127-4bf3-b549-6285aea75302 will not be triggered until provisioned by entity DHCP. add_provisioning_component /usr/lib/python3.9/site-packages/neutron/db/provisioning_blocks.py:74
2025-10-14 07:32:18.759 15 DEBUG neutron.wsgi [-] (15) accepted ('192.168.122.100', 45688) server /usr/lib/python3.9/site-packages/eventlet/wsgi.py:992
2025-10-14 07:32:18.762 15 INFO neutron.wsgi [-] 192.168.122.100 "GET /healthcheck HTTP/1.0" status: 200 len: 137 time: 0.0022218
2025-10-14 07:32:18.770 16 INFO neutron.wsgi [req-e89812a9-b21f-4c88-a231-38f883d1364a c02f3ebb3f9947439f25736305573ec2 d388af1b00194e40ada407009d98f654 - default default] 192.168.122.99,192.168.122.100 "PUT /v2.0/ports/2254c37a-48ee-4fa4-8d1b-afacb872fd00/tags HTTP/1.1" status: 200 len: 244 time: 0.0709569
2025-10-14 07:32:18.773 16 INFO neutron.wsgi [req-8a6bb907-c393-4fbf-920c-e5adb9f47f4c c02f3ebb3f9947439f25736305573ec2 d388af1b00194e40ada407009d98f654 - default default] 192.168.122.99,192.168.122.100 "PUT /v2.0/ports/3b03c84e-a84f-44e0-a8df-5aaeb8bce78b/tags HTTP/1.1" status: 200 len: 240 time: 0.0437241
2025-10-14 07:32:18.788 17 DEBUG neutron_lib.callbacks.manager [req-222c62e0-71c9-49ed-a7eb-b536b9a5190d c02f3ebb3f9947439f25736305573ec2 d388af1b00194e40ada407009d98f654 - default default] Notify callbacks ['neutron.plugins.ml2.plugin.SecurityGroupServerNotifierRpcMixin.notify_sg_on_port_change-1586059', 'neutron.plugins.ml2.extensions.dns_integration._create_port_in_external_dns_service-8783846149434', 'neutron.plugins.ml2.ovo_rpc._ObjectChangeHandler.handle_event-872418', 'neutron.api.rpc.agentnotifiers.dhcp_rpc_agent_api.DhcpAgentNotifyAPI._native_event_send_dhcp_notification-710301', 'neutron.services.segments.plugin.NovaSegmentNotifier._notify_port_created_or_deleted-503058'] for port, after_create _notify_loop /usr/lib/python3.9/site-packages/neutron_lib/callbacks/manager.py:200
2025-10-14 07:32:18.812 17 DEBUG neutron_lib.callbacks.manager [req-60488e29-d9ce-4958-bc3a-13da56bc7fef c02f3ebb3f9947439f25736305573ec2 d388af1b00194e40ada407009d98f654 - default default] Notify callbacks [] for port, precommit_create _notify_loop /usr/lib/python3.9/site-packages/neutron_lib/callbacks/manager.py:200
2025-10-14 07:32:18.828 17 DEBUG neutron_lib.callbacks.manager [req-e1784936-732f-404f-a4a5-4e65acc3c590 c02f3ebb3f9947439f25736305573ec2 d388af1b00194e40ada407009d98f654 - default default] Notify callbacks ['neutron.plugins.ml2.plugin.SecurityGroupServerNotifierRpcMixin.notify_sg_on_port_change-1586059', 'neutron.plugins.ml2.extensions.dns_integration._create_port_in_external_dns_service-8783846149434', 'neutron.plugins.ml2.ovo_rpc._ObjectChangeHandler.handle_event-872418', 'neutron.api.rpc.agentnotifiers.dhcp_rpc_agent_api.DhcpAgentNotifyAPI._native_event_send_dhcp_notification-710301', 'neutron.services.segments.plugin.NovaSegmentNotifier._notify_port_created_or_deleted-503058'] for port, after_create _notify_loop /usr/lib/python3.9/site-packages/neutron_lib/callbacks/manager.py:200
2025-10-14 07:32:18.830 17 DEBUG neutron.scheduler.dhcp_agent_scheduler [req-222c62e0-71c9-49ed-a7eb-b536b9a5190d c02f3ebb3f9947439f25736305573ec2 d388af1b00194e40ada407009d98f654 - default default] Network 8e9521c9-bb42-4d50-b229-7d9896859293 is already hosted by enough agents. _get_dhcp_agents_hosting_network /usr/lib/python3.9/site-packages/neutron/scheduler/dhcp_agent_scheduler.py:275
2025-10-14 07:32:18.837 17 DEBUG neutron.scheduler.base_scheduler [req-222c62e0-71c9-49ed-a7eb-b536b9a5190d c02f3ebb3f9947439f25736305573ec2 d388af1b00194e40ada407009d98f654 - default default] Resources bound (agent type, host, resource id): schedule /usr/lib/python3.9/site-packages/neutron/scheduler/base_scheduler.py:57
2025-10-14 07:32:18.870 17 DEBUG neutron.api.rpc.handlers.resources_rpc [req-222c62e0-71c9-49ed-a7eb-b536b9a5190d c02f3ebb3f9947439f25736305573ec2 d388af1b00194e40ada407009d98f654 - - -] Pushing event updated for resources: {'Port': ['ID=2aaef9f3-d127-4bf3-b549-6285aea75302,revision_number=1']} push /usr/lib/python3.9/site-packages/neutron/api/rpc/handlers/resources_rpc.py:237
2025-10-14 07:32:18.906 17 DEBUG neutron.pecan_wsgi.hooks.policy_enforcement [req-222c62e0-71c9-49ed-a7eb-b536b9a5190d c02f3ebb3f9947439f25736305573ec2 d388af1b00194e40ada407009d98f654 - default default] Attributes excluded by policy engine: ['standard_attr_id', 'network'] _exclude_attributes_by_policy /usr/lib/python3.9/site-packages/neutron/pecan_wsgi/hooks/policy_enforcement.py:259
2025-10-14 07:32:18.906 17 DEBUG neutron_lib.callbacks.manager [req-222c62e0-71c9-49ed-a7eb-b536b9a5190d c02f3ebb3f9947439f25736305573ec2 d388af1b00194e40ada407009d98f654 - default default] Notify callbacks ['neutron.notifiers.nova.Notifier._send_nova_notification-152401', 'neutron.api.rpc.agentnotifiers.dhcp_rpc_agent_api.DhcpAgentNotifyAPI._send_dhcp_notification-710383'] for port, before_response _notify_loop /usr/lib/python3.9/site-packages/neutron_lib/callbacks/manager.py:200
2025-10-14 07:32:18.923 17 DEBUG neutron.api.rpc.handlers.resources_rpc [req-e1784936-732f-404f-a4a5-4e65acc3c590 c02f3ebb3f9947439f25736305573ec2 d388af1b00194e40ada407009d98f654 - - -] Pushing event updated for resources: {'Port': ['ID=6b40d418-7eb5-406a-9ff2-c7c7567e5867,revision_number=1']} push /usr/lib/python3.9/site-packages/neutron/api/rpc/handlers/resources_rpc.py:237
