Oct 14 10:04:13 np0005486756 account-server[106626]: 1 successes, 0 failures
Oct 14 10:04:13 np0005486756 account-server[106626]: diff:0 diff_capped:0 empty:0 hashmatch:0 no_change:1 remote_merge:0 rsync:0 ts_repl:0
Oct 14 10:04:18 np0005486756 account-server[106183]: Account audit pass completed: 0.00s
Oct 14 10:04:18 np0005486756 account-server[106183]: Begin account audit pass.
Oct 14 10:04:18 np0005486756 account-server[106183]: Since Tue Oct 14 09:04:18 2025: Account audits: 2 passed audit,0 failed audit
Oct 14 10:04:18 np0005486756 object-server[107372]: Starting object replication pass.
Oct 14 10:04:18 np0005486756 object-server[107372]: 12/12 (100.00%) partitions replicated in 0.03s (478.02/sec, 0s remaining)
Oct 14 10:04:18 np0005486756 object-server[107372]: 0 successes, 0 failures
Oct 14 10:04:18 np0005486756 object-server[107372]: 12 suffixes checked - 0.00% hashed, 0.00% synced
Oct 14 10:04:18 np0005486756 object-server[107372]: Partition times: max 0.0054s, min 0.0003s, med 0.0008s
Oct 14 10:04:18 np0005486756 object-server[107372]: Object replication complete. (0.00 minutes)
Oct 14 10:04:37 np0005486756 container-server[106812]: Beginning replication run
Oct 14 10:04:38 np0005486756 container-server[106812]: Replication run OVER
Oct 14 10:04:38 np0005486756 container-server[106812]: Attempted to replicate 1 dbs in 0.01030 seconds (97.12540/s)
Oct 14 10:04:38 np0005486756 container-server[106812]: Removed 0 dbs
Oct 14 10:04:38 np0005486756 container-server[106812]: 1 successes, 0 failures
Oct 14 10:04:38 np0005486756 container-server[106812]: diff:0 diff_capped:0 empty:0 hashmatch:0 no_change:1 remote_merge:0 rsync:0 ts_repl:0
Oct 14 10:04:42 np0005486756 object-server[585698]: Begin object audit "forever" mode (ALL)
Oct 14 10:04:42 np0005486756 object-server[585697]: Begin object audit "forever" mode (ZBF)
Oct 14 10:04:42 np0005486756 object-server[585697]: Object audit (ZBF). Since Tue Oct 14 10:04:42 2025: Locally: 1 passed, 0 quarantined, 0 errors, files/sec: 548.85, bytes/sec: 0.00, Total time: 0.00, Auditing time: 0.00, Rate: 0.00
Oct 14 10:04:43 np0005486756 object-server[585697]: Object audit (ZBF) "forever" mode completed: 0.20s. Total quarantined: 0, Total errors: 0, Total files/sec: 58.91, Total bytes/sec: 0.00, Auditing time: 0.20, Rate: 0.97
Oct 14 10:04:43 np0005486756 account-server[106626]: Beginning replication run
Oct 14 10:04:43 np0005486756 account-server[106626]: Replication run OVER
Oct 14 10:04:43 np0005486756 account-server[106626]: Attempted to replicate 1 dbs in 0.01064 seconds (93.97228/s)
Oct 14 10:04:43 np0005486756 account-server[106626]: Removed 0 dbs
Oct 14 10:04:43 np0005486756 account-server[106626]: 1 successes, 0 failures
Oct 14 10:04:43 np0005486756 account-server[106626]: diff:0 diff_capped:0 empty:0 hashmatch:0 no_change:1 remote_merge:0 rsync:0 ts_repl:0
Oct 14 10:04:45 np0005486756 object-server[585698]: Object audit (ALL). Since Tue Oct 14 10:04:42 2025: Locally: 1 passed, 0 quarantined, 0 errors, files/sec: 0.46, bytes/sec: 10038309.50, Total time: 2.16, Auditing time: 0.00, Rate: 0.00
Oct 14 10:04:48 np0005486756 object-server[107372]: Starting object replication pass.
Oct 14 10:04:48 np0005486756 object-server[107372]: 12/12 (100.00%) partitions replicated in 0.02s (734.31/sec, 0s remaining)
Oct 14 10:04:48 np0005486756 object-server[107372]: 0 successes, 0 failures
Oct 14 10:04:48 np0005486756 object-server[107372]: 12 suffixes checked - 0.00% hashed, 0.00% synced
Oct 14 10:04:48 np0005486756 object-server[107372]: Partition times: max 0.0019s, min 0.0005s, med 0.0007s
Oct 14 10:04:48 np0005486756 object-server[107372]: Object replication complete. (0.00 minutes)
Oct 14 10:04:49 np0005486756 object-server[585698]: Object audit (ALL) "forever" mode completed: 6.45s. Total quarantined: 0, Total errors: 0, Total files/sec: 1.86, Total bytes/sec: 10007660.33, Auditing time: 6.44, Rate: 1.00
Oct 14 10:04:53 np0005486756 account-server[106998]: 172.20.0.103 - - [14/Oct/2025:10:04:53 +0000] "HEAD /d1/943/.expiring_objects" 404 - "HEAD http://localhost/v1/.expiring_objects?format=json" "tx32162bc97c3d414787aad-0068ee2045" "proxy-server 2" 0.0009 "-" 22 -
Oct 14 10:04:53 np0005486756 object-expirer[107198]: Pass completed in 0s; 0 objects expired (txn: tx32162bc97c3d414787aad-0068ee2045)
Oct 14 10:04:58 np0005486756 account-server[106986]: 172.20.0.30 - - [14/Oct/2025:10:04:58 +0000] "HEAD /d1/884/AUTH_bbb70b4d4f0f4594ba31143518520ca7" 204 - "HEAD http://swift-internal.openstack.svc:8080/v1/AUTH_bbb70b4d4f0f4594ba31143518520ca7?format=json" "tx0daa57e2ce644f99bba79-0068ee204a" "proxy-server 14" 0.0036 "-" 20 -
Oct 14 10:04:58 np0005486756 container-server[107157]: 172.20.0.30 - - [14/Oct/2025:10:04:58 +0000] "HEAD /d1/556/AUTH_bbb70b4d4f0f4594ba31143518520ca7/glance" 204 - "HEAD http://swift-internal.openstack.svc:8080/v1/AUTH_bbb70b4d4f0f4594ba31143518520ca7/glance?format=json&states=listing" "tx0daa57e2ce644f99bba79-0068ee204a" "proxy-server 14" 0.0028 "-" 21 0
Oct 14 10:04:58 np0005486756 container-server[107159]: 172.20.0.103 - - [14/Oct/2025:10:04:58 +0000] "PUT /d1/556/AUTH_bbb70b4d4f0f4594ba31143518520ca7/glance/18d37459-f699-459f-b55c-401ed009cca7-00001" 201 - "PUT http://swift-internal.openstack.svc:8080/d1/862/AUTH_bbb70b4d4f0f4594ba31143518520ca7/glance/18d37459-f699-459f-b55c-401ed009cca7-00001" "tx1f1ded20d5d3442d82b57-0068ee204a" "object-server 11" 0.0012 "-" 22 0
Oct 14 10:04:58 np0005486756 object-server[107523]: 172.20.0.30 - - [14/Oct/2025:10:04:58 +0000] "PUT /d1/862/AUTH_bbb70b4d4f0f4594ba31143518520ca7/glance/18d37459-f699-459f-b55c-401ed009cca7-00001" 201 - "PUT http://swift-internal.openstack.svc:8080/v1/AUTH_bbb70b4d4f0f4594ba31143518520ca7/glance/18d37459-f699-459f-b55c-401ed009cca7-00001" "tx1f1ded20d5d3442d82b57-0068ee204a" "proxy-server 14" 0.0270 "-" 11 0
Oct 14 10:04:58 np0005486756 container-server[107165]: 172.20.0.103 - - [14/Oct/2025:10:04:58 +0000] "PUT /d1/556/AUTH_bbb70b4d4f0f4594ba31143518520ca7/glance/18d37459-f699-459f-b55c-401ed009cca7" 201 - "PUT http://swift-internal.openstack.svc:8080/d1/317/AUTH_bbb70b4d4f0f4594ba31143518520ca7/glance/18d37459-f699-459f-b55c-401ed009cca7" "tx32cd2db88fbd4e7092707-0068ee204a" "object-server 13" 0.0012 "-" 23 0
Oct 14 10:04:58 np0005486756 object-server[107527]: 172.20.0.30 - - [14/Oct/2025:10:04:58 +0000] "PUT /d1/317/AUTH_bbb70b4d4f0f4594ba31143518520ca7/glance/18d37459-f699-459f-b55c-401ed009cca7" 201 - "PUT http://swift-internal.openstack.svc:8080/v1/AUTH_bbb70b4d4f0f4594ba31143518520ca7/glance/18d37459-f699-459f-b55c-401ed009cca7" "tx32cd2db88fbd4e7092707-0068ee204a" "proxy-server 14" 0.0123 "-" 13 0
Oct 14 10:04:59 np0005486756 container-server[107165]: 172.20.0.30 - - [14/Oct/2025:10:04:59 +0000] "HEAD /d1/556/AUTH_bbb70b4d4f0f4594ba31143518520ca7/glance" 204 - "HEAD http://swift-internal.openstack.svc:8080/v1/AUTH_bbb70b4d4f0f4594ba31143518520ca7/glance?format=json&states=listing" "tx12eadffe21614fb895e55-0068ee204b" "proxy-server 12" 0.0187 "-" 23 0
Oct 14 10:04:59 np0005486756 container-server[107155]: 172.20.0.103 - - [14/Oct/2025:10:04:59 +0000] "PUT /d1/556/AUTH_bbb70b4d4f0f4594ba31143518520ca7/glance/d4dcaff8-b0a6-4dd7-92ab-4f80b7eaa310-00001" 201 - "PUT http://swift-internal.openstack.svc:8080/d1/659/AUTH_bbb70b4d4f0f4594ba31143518520ca7/glance/d4dcaff8-b0a6-4dd7-92ab-4f80b7eaa310-00001" "tx3b8cd7760f144961b0630-0068ee204b" "object-server 13" 0.0008 "-" 20 0
Oct 14 10:04:59 np0005486756 object-server[107527]: 172.20.0.30 - - [14/Oct/2025:10:04:59 +0000] "PUT /d1/659/AUTH_bbb70b4d4f0f4594ba31143518520ca7/glance/d4dcaff8-b0a6-4dd7-92ab-4f80b7eaa310-00001" 201 - "PUT http://swift-internal.openstack.svc:8080/v1/AUTH_bbb70b4d4f0f4594ba31143518520ca7/glance/d4dcaff8-b0a6-4dd7-92ab-4f80b7eaa310-00001" "tx3b8cd7760f144961b0630-0068ee204b" "proxy-server 12" 0.0140 "-" 13 0
Oct 14 10:04:59 np0005486756 container-server[107165]: 172.20.0.103 - - [14/Oct/2025:10:04:59 +0000] "PUT /d1/556/AUTH_bbb70b4d4f0f4594ba31143518520ca7/glance/d4dcaff8-b0a6-4dd7-92ab-4f80b7eaa310" 201 - "PUT http://swift-internal.openstack.svc:8080/d1/775/AUTH_bbb70b4d4f0f4594ba31143518520ca7/glance/d4dcaff8-b0a6-4dd7-92ab-4f80b7eaa310" "txd3f95ffd9b7b4dd0b0841-0068ee204b" "object-server 14" 0.0008 "-" 23 0
Oct 14 10:04:59 np0005486756 object-server[107539]: 172.20.0.30 - - [14/Oct/2025:10:04:59 +0000] "PUT /d1/775/AUTH_bbb70b4d4f0f4594ba31143518520ca7/glance/d4dcaff8-b0a6-4dd7-92ab-4f80b7eaa310" 201 - "PUT http://swift-internal.openstack.svc:8080/v1/AUTH_bbb70b4d4f0f4594ba31143518520ca7/glance/d4dcaff8-b0a6-4dd7-92ab-4f80b7eaa310" "txd3f95ffd9b7b4dd0b0841-0068ee204b" "proxy-server 12" 0.0137 "-" 14 0
Oct 14 10:05:00 np0005486756 container-server[107157]: 172.20.0.30 - - [14/Oct/2025:10:05:00 +0000] "HEAD /d1/556/AUTH_bbb70b4d4f0f4594ba31143518520ca7/glance" 204 - "HEAD http://swift-internal.openstack.svc:8080/v1/AUTH_bbb70b4d4f0f4594ba31143518520ca7/glance?format=json&states=listing" "tx6a5fa6148b644dd3877f0-0068ee204c" "proxy-server 12" 0.0101 "-" 21 0
Oct 14 10:05:00 np0005486756 container-server[107155]: 172.20.0.103 - - [14/Oct/2025:10:05:00 +0000] "PUT /d1/556/AUTH_bbb70b4d4f0f4594ba31143518520ca7/glance/397094dc-5d75-4e18-90cc-bdadee125c2e-00001" 201 - "PUT http://swift-internal.openstack.svc:8080/d1/9/AUTH_bbb70b4d4f0f4594ba31143518520ca7/glance/397094dc-5d75-4e18-90cc-bdadee125c2e-00001" "txa94033e8bfd04d6cbc444-0068ee204c" "object-server 11" 0.0009 "-" 20 0
Oct 14 10:05:00 np0005486756 object-server[107523]: 172.20.0.30 - - [14/Oct/2025:10:05:00 +0000] "PUT /d1/9/AUTH_bbb70b4d4f0f4594ba31143518520ca7/glance/397094dc-5d75-4e18-90cc-bdadee125c2e-00001" 201 - "PUT http://swift-internal.openstack.svc:8080/v1/AUTH_bbb70b4d4f0f4594ba31143518520ca7/glance/397094dc-5d75-4e18-90cc-bdadee125c2e-00001" "txa94033e8bfd04d6cbc444-0068ee204c" "proxy-server 12" 0.0126 "-" 11 0
Oct 14 10:05:00 np0005486756 container-server[107155]: 172.20.0.103 - - [14/Oct/2025:10:05:00 +0000] "PUT /d1/556/AUTH_bbb70b4d4f0f4594ba31143518520ca7/glance/397094dc-5d75-4e18-90cc-bdadee125c2e" 201 - "PUT http://swift-internal.openstack.svc:8080/d1/259/AUTH_bbb70b4d4f0f4594ba31143518520ca7/glance/397094dc-5d75-4e18-90cc-bdadee125c2e" "txe5b3172075bb46b9b56ea-0068ee204c" "object-server 13" 0.0007 "-" 20 0
Oct 14 10:05:00 np0005486756 object-server[107527]: 172.20.0.30 - - [14/Oct/2025:10:05:00 +0000] "PUT /d1/259/AUTH_bbb70b4d4f0f4594ba31143518520ca7/glance/397094dc-5d75-4e18-90cc-bdadee125c2e" 201 - "PUT http://swift-internal.openstack.svc:8080/v1/AUTH_bbb70b4d4f0f4594ba31143518520ca7/glance/397094dc-5d75-4e18-90cc-bdadee125c2e" "txe5b3172075bb46b9b56ea-0068ee204c" "proxy-server 12" 0.0117 "-" 13 0
Oct 14 10:05:00 np0005486756 container-server[107155]: 172.20.0.30 - - [14/Oct/2025:10:05:00 +0000] "HEAD /d1/556/AUTH_bbb70b4d4f0f4594ba31143518520ca7/glance" 204 - "HEAD http://swift-internal.openstack.svc:8080/v1/AUTH_bbb70b4d4f0f4594ba31143518520ca7/glance?format=json&states=listing" "txc851f487d9804b368cb2f-0068ee204c" "proxy-server 12" 0.0101 "-" 20 0
Oct 14 10:05:00 np0005486756 container-server[107155]: 172.20.0.103 - - [14/Oct/2025:10:05:00 +0000] "PUT /d1/556/AUTH_bbb70b4d4f0f4594ba31143518520ca7/glance/56374ff9-1cab-4878-9dd8-b6f8ad87494e-00001" 201 - "PUT http://swift-internal.openstack.svc:8080/d1/428/AUTH_bbb70b4d4f0f4594ba31143518520ca7/glance/56374ff9-1cab-4878-9dd8-b6f8ad87494e-00001" "tx5b2c025c5b234bcfb601f-0068ee204c" "object-server 12" 0.0009 "-" 20 0
Oct 14 10:05:00 np0005486756 object-server[107526]: 172.20.0.30 - - [14/Oct/2025:10:05:00 +0000] "PUT /d1/428/AUTH_bbb70b4d4f0f4594ba31143518520ca7/glance/56374ff9-1cab-4878-9dd8-b6f8ad87494e-00001" 201 - "PUT http://swift-internal.openstack.svc:8080/v1/AUTH_bbb70b4d4f0f4594ba31143518520ca7/glance/56374ff9-1cab-4878-9dd8-b6f8ad87494e-00001" "tx5b2c025c5b234bcfb601f-0068ee204c" "proxy-server 12" 0.0255 "-" 12 0
Oct 14 10:05:00 np0005486756 container-server[107157]: 172.20.0.103 - - [14/Oct/2025:10:05:00 +0000] "PUT /d1/556/AUTH_bbb70b4d4f0f4594ba31143518520ca7/glance/56374ff9-1cab-4878-9dd8-b6f8ad87494e" 201 - "PUT http://swift-internal.openstack.svc:8080/d1/622/AUTH_bbb70b4d4f0f4594ba31143518520ca7/glance/56374ff9-1cab-4878-9dd8-b6f8ad87494e" "tx8bf9743d56d5436486579-0068ee204c" "object-server 13" 0.0009 "-" 21 0
Oct 14 10:05:00 np0005486756 object-server[107527]: 172.20.0.30 - - [14/Oct/2025:10:05:00 +0000] "PUT /d1/622/AUTH_bbb70b4d4f0f4594ba31143518520ca7/glance/56374ff9-1cab-4878-9dd8-b6f8ad87494e" 201 - "PUT http://swift-internal.openstack.svc:8080/v1/AUTH_bbb70b4d4f0f4594ba31143518520ca7/glance/56374ff9-1cab-4878-9dd8-b6f8ad87494e" "tx8bf9743d56d5436486579-0068ee204c" "proxy-server 12" 0.0121 "-" 13 0
Oct 14 10:05:01 np0005486756 object-server[107539]: 172.20.0.30 - - [14/Oct/2025:10:05:01 +0000] "GET /d1/259/AUTH_bbb70b4d4f0f4594ba31143518520ca7/glance/397094dc-5d75-4e18-90cc-bdadee125c2e" 200 - "GET http://swift-internal.openstack.svc:8080/v1/AUTH_bbb70b4d4f0f4594ba31143518520ca7/glance/397094dc-5d75-4e18-90cc-bdadee125c2e" "tx3dac5a242f8f4b198fb93-0068ee204c" "proxy-server 14" 0.0011 "-" 14 0
Oct 14 10:05:01 np0005486756 container-server[107159]: 172.20.0.30 - - [14/Oct/2025:10:05:01 +0000] "GET /d1/556/AUTH_bbb70b4d4f0f4594ba31143518520ca7/glance" 200 206 "GET http://swift-internal.openstack.svc:8080/v1/AUTH_bbb70b4d4f0f4594ba31143518520ca7/glance?prefix=397094dc-5d75-4e18-90cc-bdadee125c2e-&format=json&states=listing" "tx3dac5a242f8f4b198fb93-0068ee204c" "proxy-server 14" 0.0205 "-" 22 0
Oct 14 10:05:01 np0005486756 object-server[107523]: 172.20.0.30 - - [14/Oct/2025:10:05:01 +0000] "GET /d1/9/AUTH_bbb70b4d4f0f4594ba31143518520ca7/glance/397094dc-5d75-4e18-90cc-bdadee125c2e-00001" 200 1024 "GET http://swift-internal.openstack.svc:8080/v1/AUTH_bbb70b4d4f0f4594ba31143518520ca7/glance/397094dc-5d75-4e18-90cc-bdadee125c2e-00001?multipart-manifest=get" "tx3dac5a242f8f4b198fb93-0068ee204c" "proxy-server 14" 0.0011 "-" 11 0
Oct 14 10:05:01 np0005486756 container-server[107159]: 172.20.0.30 - - [14/Oct/2025:10:05:01 +0000] "HEAD /d1/556/AUTH_bbb70b4d4f0f4594ba31143518520ca7/glance" 204 - "HEAD http://swift-internal.openstack.svc:8080/v1/AUTH_bbb70b4d4f0f4594ba31143518520ca7/glance?format=json&states=listing" "txb8d92eaaaa004985b52f5-0068ee204d" "proxy-server 16" 0.0024 "-" 22 0
Oct 14 10:05:01 np0005486756 container-server[107159]: 172.20.0.103 - - [14/Oct/2025:10:05:01 +0000] "PUT /d1/556/AUTH_bbb70b4d4f0f4594ba31143518520ca7/glance/ebb5798d-5e0c-4818-a1d6-7cc2c4930e44-00001" 201 - "PUT http://swift-internal.openstack.svc:8080/d1/114/AUTH_bbb70b4d4f0f4594ba31143518520ca7/glance/ebb5798d-5e0c-4818-a1d6-7cc2c4930e44-00001" "txd75ecb87c2bc41769cb4f-0068ee204d" "object-server 14" 0.0007 "-" 22 0
Oct 14 10:05:01 np0005486756 object-server[107539]: 172.20.0.30 - - [14/Oct/2025:10:05:01 +0000] "PUT /d1/114/AUTH_bbb70b4d4f0f4594ba31143518520ca7/glance/ebb5798d-5e0c-4818-a1d6-7cc2c4930e44-00001" 201 - "PUT http://swift-internal.openstack.svc:8080/v1/AUTH_bbb70b4d4f0f4594ba31143518520ca7/glance/ebb5798d-5e0c-4818-a1d6-7cc2c4930e44-00001" "txd75ecb87c2bc41769cb4f-0068ee204d" "proxy-server 16" 0.0218 "-" 14 0
Oct 14 10:05:01 np0005486756 container-server[107157]: 172.20.0.103 - - [14/Oct/2025:10:05:01 +0000] "PUT /d1/556/AUTH_bbb70b4d4f0f4594ba31143518520ca7/glance/ebb5798d-5e0c-4818-a1d6-7cc2c4930e44" 201 - "PUT http://swift-internal.openstack.svc:8080/d1/414/AUTH_bbb70b4d4f0f4594ba31143518520ca7/glance/ebb5798d-5e0c-4818-a1d6-7cc2c4930e44" "txe56dd877e5974acc8d12d-0068ee204d" "object-server 13" 0.0012 "-" 21 0
Oct 14 10:05:01 np0005486756 object-server[107527]: 172.20.0.30 - - [14/Oct/2025:10:05:01 +0000] "PUT /d1/414/AUTH_bbb70b4d4f0f4594ba31143518520ca7/glance/ebb5798d-5e0c-4818-a1d6-7cc2c4930e44" 201 - "PUT http://swift-internal.openstack.svc:8080/v1/AUTH_bbb70b4d4f0f4594ba31143518520ca7/glance/ebb5798d-5e0c-4818-a1d6-7cc2c4930e44" "txe56dd877e5974acc8d12d-0068ee204d" "proxy-server 16" 0.0131 "-" 13 0
Oct 14 10:05:01 np0005486756 container-server[107165]: 172.20.0.30 - - [14/Oct/2025:10:05:01 +0000] "HEAD /d1/556/AUTH_bbb70b4d4f0f4594ba31143518520ca7/glance" 204 - "HEAD http://swift-internal.openstack.svc:8080/v1/AUTH_bbb70b4d4f0f4594ba31143518520ca7/glance?format=json&states=listing" "tx666a605440bf423392f2e-0068ee204d" "proxy-server 6" 0.0090 "-" 23 0
Oct 14 10:05:02 np0005486756 container-server[107165]: 172.20.0.103 - - [14/Oct/2025:10:05:02 +0000] "PUT /d1/556/AUTH_bbb70b4d4f0f4594ba31143518520ca7/glance/f5e09b09-d990-433b-9a5e-2e1647f8b5c2-00001" 201 - "PUT http://swift-internal.openstack.svc:8080/d1/29/AUTH_bbb70b4d4f0f4594ba31143518520ca7/glance/f5e09b09-d990-433b-9a5e-2e1647f8b5c2-00001" "tx20d22e5512574f4495065-0068ee204e" "object-server 13" 0.0008 "-" 23 0
Oct 14 10:05:02 np0005486756 object-server[107527]: 172.20.0.30 - - [14/Oct/2025:10:05:02 +0000] "PUT /d1/29/AUTH_bbb70b4d4f0f4594ba31143518520ca7/glance/f5e09b09-d990-433b-9a5e-2e1647f8b5c2-00001" 201 - "PUT http://swift-internal.openstack.svc:8080/v1/AUTH_bbb70b4d4f0f4594ba31143518520ca7/glance/f5e09b09-d990-433b-9a5e-2e1647f8b5c2-00001" "tx20d22e5512574f4495065-0068ee204e" "proxy-server 6" 0.0156 "-" 13 0
Oct 14 10:05:02 np0005486756 container-server[107165]: 172.20.0.103 - - [14/Oct/2025:10:05:02 +0000] "PUT /d1/556/AUTH_bbb70b4d4f0f4594ba31143518520ca7/glance/f5e09b09-d990-433b-9a5e-2e1647f8b5c2" 201 - "PUT http://swift-internal.openstack.svc:8080/d1/970/AUTH_bbb70b4d4f0f4594ba31143518520ca7/glance/f5e09b09-d990-433b-9a5e-2e1647f8b5c2" "tx73b738f32c204a2ab3f42-0068ee204e" "object-server 12" 0.0006 "-" 23 0
Oct 14 10:05:02 np0005486756 object-server[107526]: 172.20.0.30 - - [14/Oct/2025:10:05:02 +0000] "PUT /d1/970/AUTH_bbb70b4d4f0f4594ba31143518520ca7/glance/f5e09b09-d990-433b-9a5e-2e1647f8b5c2" 201 - "PUT http://swift-internal.openstack.svc:8080/v1/AUTH_bbb70b4d4f0f4594ba31143518520ca7/glance/f5e09b09-d990-433b-9a5e-2e1647f8b5c2" "tx73b738f32c204a2ab3f42-0068ee204e" "proxy-server 6" 0.0112 "-" 12 0
Oct 14 10:05:02 np0005486756 container-server[107165]: 172.20.0.30 - - [14/Oct/2025:10:05:02 +0000] "HEAD /d1/556/AUTH_bbb70b4d4f0f4594ba31143518520ca7/glance" 204 - "HEAD http://swift-internal.openstack.svc:8080/v1/AUTH_bbb70b4d4f0f4594ba31143518520ca7/glance?format=json&states=listing" "tx9e1b165120264c70a319e-0068ee204e" "proxy-server 12" 0.0084 "-" 23 0
Oct 14 10:05:02 np0005486756 container-server[107165]: 172.20.0.103 - - [14/Oct/2025:10:05:02 +0000] "PUT /d1/556/AUTH_bbb70b4d4f0f4594ba31143518520ca7/glance/662cb7d6-883f-491e-afec-ba1a3613b21a-00001" 201 - "PUT http://swift-internal.openstack.svc:8080/d1/617/AUTH_bbb70b4d4f0f4594ba31143518520ca7/glance/662cb7d6-883f-491e-afec-ba1a3613b21a-00001" "tx8989eee57b014a62aacf3-0068ee204e" "object-server 11" 0.0007 "-" 23 0
Oct 14 10:05:02 np0005486756 object-server[107523]: 172.20.0.30 - - [14/Oct/2025:10:05:02 +0000] "PUT /d1/617/AUTH_bbb70b4d4f0f4594ba31143518520ca7/glance/662cb7d6-883f-491e-afec-ba1a3613b21a-00001" 201 - "PUT http://swift-internal.openstack.svc:8080/v1/AUTH_bbb70b4d4f0f4594ba31143518520ca7/glance/662cb7d6-883f-491e-afec-ba1a3613b21a-00001" "tx8989eee57b014a62aacf3-0068ee204e" "proxy-server 12" 0.0130 "-" 11 0
Oct 14 10:05:02 np0005486756 container-server[107165]: 172.20.0.103 - - [14/Oct/2025:10:05:02 +0000] "PUT /d1/556/AUTH_bbb70b4d4f0f4594ba31143518520ca7/glance/662cb7d6-883f-491e-afec-ba1a3613b21a" 201 - "PUT http://swift-internal.openstack.svc:8080/d1/400/AUTH_bbb70b4d4f0f4594ba31143518520ca7/glance/662cb7d6-883f-491e-afec-ba1a3613b21a" "tx3c3ea41725f1408783fda-0068ee204e" "object-server 11" 0.0006 "-" 23 0
Oct 14 10:05:02 np0005486756 object-server[107523]: 172.20.0.30 - - [14/Oct/2025:10:05:02 +0000] "PUT /d1/400/AUTH_bbb70b4d4f0f4594ba31143518520ca7/glance/662cb7d6-883f-491e-afec-ba1a3613b21a" 201 - "PUT http://swift-internal.openstack.svc:8080/v1/AUTH_bbb70b4d4f0f4594ba31143518520ca7/glance/662cb7d6-883f-491e-afec-ba1a3613b21a" "tx3c3ea41725f1408783fda-0068ee204e" "proxy-server 12" 0.0101 "-" 11 0
Oct 14 10:05:02 np0005486756 object-server[107539]: 172.20.0.30 - - [14/Oct/2025:10:05:02 +0000] "GET /d1/970/AUTH_bbb70b4d4f0f4594ba31143518520ca7/glance/f5e09b09-d990-433b-9a5e-2e1647f8b5c2" 200 - "GET http://swift-internal.openstack.svc:8080/v1/AUTH_bbb70b4d4f0f4594ba31143518520ca7/glance/f5e09b09-d990-433b-9a5e-2e1647f8b5c2" "tx139bcdaae37a47a590a57-0068ee204e" "proxy-server 6" 0.0030 "-" 14 0
Oct 14 10:05:02 np0005486756 container-server[107155]: 172.20.0.30 - - [14/Oct/2025:10:05:02 +0000] "GET /d1/556/AUTH_bbb70b4d4f0f4594ba31143518520ca7/glance" 200 206 "GET http://swift-internal.openstack.svc:8080/v1/AUTH_bbb70b4d4f0f4594ba31143518520ca7/glance?prefix=f5e09b09-d990-433b-9a5e-2e1647f8b5c2-&format=json&states=listing" "tx139bcdaae37a47a590a57-0068ee204e" "proxy-server 6" 0.0098 "-" 20 0
Oct 14 10:05:02 np0005486756 object-server[107527]: 172.20.0.30 - - [14/Oct/2025:10:05:02 +0000] "GET /d1/29/AUTH_bbb70b4d4f0f4594ba31143518520ca7/glance/f5e09b09-d990-433b-9a5e-2e1647f8b5c2-00001" 200 1024 "GET http://swift-internal.openstack.svc:8080/v1/AUTH_bbb70b4d4f0f4594ba31143518520ca7/glance/f5e09b09-d990-433b-9a5e-2e1647f8b5c2-00001?multipart-manifest=get" "tx139bcdaae37a47a590a57-0068ee204e" "proxy-server 6" 0.0012 "-" 13 0
Oct 14 10:05:03 np0005486756 container-server[107165]: 172.20.0.30 - - [14/Oct/2025:10:05:03 +0000] "HEAD /d1/556/AUTH_bbb70b4d4f0f4594ba31143518520ca7/glance" 204 - "HEAD http://swift-internal.openstack.svc:8080/v1/AUTH_bbb70b4d4f0f4594ba31143518520ca7/glance?format=json&states=listing" "tx8d496ff87c734705bb15f-0068ee204e" "proxy-server 6" 0.0024 "-" 23 0
Oct 14 10:05:03 np0005486756 container-server[107159]: 172.20.0.103 - - [14/Oct/2025:10:05:03 +0000] "PUT /d1/556/AUTH_bbb70b4d4f0f4594ba31143518520ca7/glance/23a3a866-86c5-4169-9f27-a39d94ef4927-00001" 201 - "PUT http://swift-internal.openstack.svc:8080/d1/87/AUTH_bbb70b4d4f0f4594ba31143518520ca7/glance/23a3a866-86c5-4169-9f27-a39d94ef4927-00001" "txd46fccc7a8fe40988f208-0068ee204f" "object-server 11" 0.0008 "-" 22 0
Oct 14 10:05:03 np0005486756 object-server[107523]: 172.20.0.30 - - [14/Oct/2025:10:05:03 +0000] "PUT /d1/87/AUTH_bbb70b4d4f0f4594ba31143518520ca7/glance/23a3a866-86c5-4169-9f27-a39d94ef4927-00001" 201 - "PUT http://swift-internal.openstack.svc:8080/v1/AUTH_bbb70b4d4f0f4594ba31143518520ca7/glance/23a3a866-86c5-4169-9f27-a39d94ef4927-00001" "txd46fccc7a8fe40988f208-0068ee204f" "proxy-server 6" 0.0156 "-" 11 0
Oct 14 10:05:03 np0005486756 container-server[107157]: 172.20.0.103 - - [14/Oct/2025:10:05:03 +0000] "PUT /d1/556/AUTH_bbb70b4d4f0f4594ba31143518520ca7/glance/23a3a866-86c5-4169-9f27-a39d94ef4927" 201 - "PUT http://swift-internal.openstack.svc:8080/d1/810/AUTH_bbb70b4d4f0f4594ba31143518520ca7/glance/23a3a866-86c5-4169-9f27-a39d94ef4927" "tx15568c43685e432893ebf-0068ee204f" "object-server 11" 0.0008 "-" 21 0
Oct 14 10:05:03 np0005486756 object-server[107523]: 172.20.0.30 - - [14/Oct/2025:10:05:03 +0000] "PUT /d1/810/AUTH_bbb70b4d4f0f4594ba31143518520ca7/glance/23a3a866-86c5-4169-9f27-a39d94ef4927" 201 - "PUT http://swift-internal.openstack.svc:8080/v1/AUTH_bbb70b4d4f0f4594ba31143518520ca7/glance/23a3a866-86c5-4169-9f27-a39d94ef4927" "tx15568c43685e432893ebf-0068ee204f" "proxy-server 6" 0.0118 "-" 11 0
Oct 14 10:05:03 np0005486756 object-server[107523]: 172.20.0.30 - - [14/Oct/2025:10:05:03 +0000] "HEAD /d1/970/AUTH_bbb70b4d4f0f4594ba31143518520ca7/glance/f5e09b09-d990-433b-9a5e-2e1647f8b5c2" 200 - "HEAD http://swift-internal.openstack.svc:8080/v1/AUTH_bbb70b4d4f0f4594ba31143518520ca7/glance/f5e09b09-d990-433b-9a5e-2e1647f8b5c2" "txadfd8d4f82264f99ad869-0068ee204f" "proxy-server 16" 0.0010 "-" 11 0
Oct 14 10:05:03 np0005486756 container-server[107157]: 172.20.0.30 - - [14/Oct/2025:10:05:03 +0000] "GET /d1/556/AUTH_bbb70b4d4f0f4594ba31143518520ca7/glance" 200 206 "GET http://swift-internal.openstack.svc:8080/v1/AUTH_bbb70b4d4f0f4594ba31143518520ca7/glance?prefix=f5e09b09-d990-433b-9a5e-2e1647f8b5c2-&format=json&states=listing" "txadfd8d4f82264f99ad869-0068ee204f" "proxy-server 16" 0.0119 "-" 21 0
Oct 14 10:05:03 np0005486756 container-server[107157]: 172.20.0.30 - - [14/Oct/2025:10:05:03 +0000] "GET /d1/556/AUTH_bbb70b4d4f0f4594ba31143518520ca7/glance" 200 206 "GET http://swift-internal.openstack.svc:8080/v1/AUTH_bbb70b4d4f0f4594ba31143518520ca7/glance?format=json&prefix=f5e09b09-d990-433b-9a5e-2e1647f8b5c2-&states=listing" "txa6e296f88ede44adad8b2-0068ee204f" "proxy-server 16" 0.0037 "-" 21 0
Oct 14 10:05:03 np0005486756 container-server[107159]: 172.20.0.103 - - [14/Oct/2025:10:05:03 +0000] "DELETE /d1/556/AUTH_bbb70b4d4f0f4594ba31143518520ca7/glance/f5e09b09-d990-433b-9a5e-2e1647f8b5c2-00001" 204 - "DELETE http://swift-internal.openstack.svc:8080/d1/29/AUTH_bbb70b4d4f0f4594ba31143518520ca7/glance/f5e09b09-d990-433b-9a5e-2e1647f8b5c2-00001" "tx71a526e9de974af5b97cb-0068ee204f" "object-server 13" 0.0008 "-" 22 0
Oct 14 10:05:03 np0005486756 object-server[107527]: 172.20.0.30 - - [14/Oct/2025:10:05:03 +0000] "DELETE /d1/29/AUTH_bbb70b4d4f0f4594ba31143518520ca7/glance/f5e09b09-d990-433b-9a5e-2e1647f8b5c2-00001" 204 - "DELETE http://swift-internal.openstack.svc:8080/v1/AUTH_bbb70b4d4f0f4594ba31143518520ca7/glance/f5e09b09-d990-433b-9a5e-2e1647f8b5c2-00001" "tx71a526e9de974af5b97cb-0068ee204f" "proxy-server 16" 0.0108 "-" 13 0
Oct 14 10:05:03 np0005486756 container-server[107155]: 172.20.0.103 - - [14/Oct/2025:10:05:03 +0000] "DELETE /d1/556/AUTH_bbb70b4d4f0f4594ba31143518520ca7/glance/f5e09b09-d990-433b-9a5e-2e1647f8b5c2" 204 - "DELETE http://swift-internal.openstack.svc:8080/d1/970/AUTH_bbb70b4d4f0f4594ba31143518520ca7/glance/f5e09b09-d990-433b-9a5e-2e1647f8b5c2" "tx40d50c9f776d4fe791505-0068ee204f" "object-server 11" 0.0008 "-" 20 0
Oct 14 10:05:03 np0005486756 object-server[107523]: 172.20.0.30 - - [14/Oct/2025:10:05:03 +0000] "DELETE /d1/970/AUTH_bbb70b4d4f0f4594ba31143518520ca7/glance/f5e09b09-d990-433b-9a5e-2e1647f8b5c2" 204 - "DELETE http://swift-internal.openstack.svc:8080/v1/AUTH_bbb70b4d4f0f4594ba31143518520ca7/glance/f5e09b09-d990-433b-9a5e-2e1647f8b5c2" "tx40d50c9f776d4fe791505-0068ee204f" "proxy-server 16" 0.0103 "-" 11 0
Oct 14 10:05:04 np0005486756 object-server[107523]: 172.20.0.30 - - [14/Oct/2025:10:05:04 +0000] "HEAD /d1/259/AUTH_bbb70b4d4f0f4594ba31143518520ca7/glance/397094dc-5d75-4e18-90cc-bdadee125c2e" 200 - "HEAD http://swift-internal.openstack.svc:8080/v1/AUTH_bbb70b4d4f0f4594ba31143518520ca7/glance/397094dc-5d75-4e18-90cc-bdadee125c2e" "txd9ca3a2f4fc34a54aa27e-0068ee2050" "proxy-server 6" 0.0009 "-" 11 0
Oct 14 10:05:04 np0005486756 container-server[107159]: 172.20.0.30 - - [14/Oct/2025:10:05:04 +0000] "GET /d1/556/AUTH_bbb70b4d4f0f4594ba31143518520ca7/glance" 200 206 "GET http://swift-internal.openstack.svc:8080/v1/AUTH_bbb70b4d4f0f4594ba31143518520ca7/glance?prefix=397094dc-5d75-4e18-90cc-bdadee125c2e-&format=json&states=listing" "txd9ca3a2f4fc34a54aa27e-0068ee2050" "proxy-server 6" 0.0119 "-" 22 0
Oct 14 10:05:04 np0005486756 container-server[107165]: 172.20.0.30 - - [14/Oct/2025:10:05:04 +0000] "GET /d1/556/AUTH_bbb70b4d4f0f4594ba31143518520ca7/glance" 200 206 "GET http://swift-internal.openstack.svc:8080/v1/AUTH_bbb70b4d4f0f4594ba31143518520ca7/glance?format=json&prefix=397094dc-5d75-4e18-90cc-bdadee125c2e-&states=listing" "tx8776562f9269464db328b-0068ee2050" "proxy-server 6" 0.0022 "-" 23 0
Oct 14 10:05:04 np0005486756 container-server[107157]: 172.20.0.103 - - [14/Oct/2025:10:05:04 +0000] "DELETE /d1/556/AUTH_bbb70b4d4f0f4594ba31143518520ca7/glance/397094dc-5d75-4e18-90cc-bdadee125c2e-00001" 204 - "DELETE http://swift-internal.openstack.svc:8080/d1/9/AUTH_bbb70b4d4f0f4594ba31143518520ca7/glance/397094dc-5d75-4e18-90cc-bdadee125c2e-00001" "txa034d0ba4f1e4d23922e5-0068ee2050" "object-server 14" 0.0010 "-" 21 0
Oct 14 10:05:04 np0005486756 object-server[107539]: 172.20.0.30 - - [14/Oct/2025:10:05:04 +0000] "DELETE /d1/9/AUTH_bbb70b4d4f0f4594ba31143518520ca7/glance/397094dc-5d75-4e18-90cc-bdadee125c2e-00001" 204 - "DELETE http://swift-internal.openstack.svc:8080/v1/AUTH_bbb70b4d4f0f4594ba31143518520ca7/glance/397094dc-5d75-4e18-90cc-bdadee125c2e-00001" "txa034d0ba4f1e4d23922e5-0068ee2050" "proxy-server 6" 0.0120 "-" 14 0
Oct 14 10:05:04 np0005486756 container-server[107157]: 172.20.0.103 - - [14/Oct/2025:10:05:04 +0000] "DELETE /d1/556/AUTH_bbb70b4d4f0f4594ba31143518520ca7/glance/397094dc-5d75-4e18-90cc-bdadee125c2e" 204 - "DELETE http://swift-internal.openstack.svc:8080/d1/259/AUTH_bbb70b4d4f0f4594ba31143518520ca7/glance/397094dc-5d75-4e18-90cc-bdadee125c2e" "txc708007408a745558a161-0068ee2050" "object-server 11" 0.0008 "-" 21 0
Oct 14 10:05:04 np0005486756 object-server[107523]: 172.20.0.30 - - [14/Oct/2025:10:05:04 +0000] "DELETE /d1/259/AUTH_bbb70b4d4f0f4594ba31143518520ca7/glance/397094dc-5d75-4e18-90cc-bdadee125c2e" 204 - "DELETE http://swift-internal.openstack.svc:8080/v1/AUTH_bbb70b4d4f0f4594ba31143518520ca7/glance/397094dc-5d75-4e18-90cc-bdadee125c2e" "txc708007408a745558a161-0068ee2050" "proxy-server 6" 0.0092 "-" 11 0
Oct 14 10:05:05 np0005486756 object-server[107523]: 172.20.0.30 - - [14/Oct/2025:10:05:05 +0000] "HEAD /d1/810/AUTH_bbb70b4d4f0f4594ba31143518520ca7/glance/23a3a866-86c5-4169-9f27-a39d94ef4927" 200 - "HEAD http://swift-internal.openstack.svc:8080/v1/AUTH_bbb70b4d4f0f4594ba31143518520ca7/glance/23a3a866-86c5-4169-9f27-a39d94ef4927" "txef37065e40f846d2b7415-0068ee2050" "proxy-server 12" 0.0010 "-" 11 0
Oct 14 10:05:05 np0005486756 container-server[107165]: 172.20.0.30 - - [14/Oct/2025:10:05:05 +0000] "GET /d1/556/AUTH_bbb70b4d4f0f4594ba31143518520ca7/glance" 200 206 "GET http://swift-internal.openstack.svc:8080/v1/AUTH_bbb70b4d4f0f4594ba31143518520ca7/glance?prefix=23a3a866-86c5-4169-9f27-a39d94ef4927-&format=json&states=listing" "txef37065e40f846d2b7415-0068ee2050" "proxy-server 12" 0.0119 "-" 23 0
Oct 14 10:05:05 np0005486756 container-server[107157]: 172.20.0.30 - - [14/Oct/2025:10:05:05 +0000] "GET /d1/556/AUTH_bbb70b4d4f0f4594ba31143518520ca7/glance" 200 206 "GET http://swift-internal.openstack.svc:8080/v1/AUTH_bbb70b4d4f0f4594ba31143518520ca7/glance?format=json&prefix=23a3a866-86c5-4169-9f27-a39d94ef4927-&states=listing" "tx736edacb29054d2c86cc4-0068ee2051" "proxy-server 12" 0.0042 "-" 21 0
Oct 14 10:05:05 np0005486756 container-server[107165]: 172.20.0.103 - - [14/Oct/2025:10:05:05 +0000] "DELETE /d1/556/AUTH_bbb70b4d4f0f4594ba31143518520ca7/glance/23a3a866-86c5-4169-9f27-a39d94ef4927-00001" 204 - "DELETE http://swift-internal.openstack.svc:8080/d1/87/AUTH_bbb70b4d4f0f4594ba31143518520ca7/glance/23a3a866-86c5-4169-9f27-a39d94ef4927-00001" "tx1ad9c1058f0745e781ab0-0068ee2051" "object-server 13" 0.0006 "-" 23 0
Oct 14 10:05:05 np0005486756 object-server[107527]: 172.20.0.30 - - [14/Oct/2025:10:05:05 +0000] "DELETE /d1/87/AUTH_bbb70b4d4f0f4594ba31143518520ca7/glance/23a3a866-86c5-4169-9f27-a39d94ef4927-00001" 204 - "DELETE http://swift-internal.openstack.svc:8080/v1/AUTH_bbb70b4d4f0f4594ba31143518520ca7/glance/23a3a866-86c5-4169-9f27-a39d94ef4927-00001" "tx1ad9c1058f0745e781ab0-0068ee2051" "proxy-server 12" 0.0107 "-" 13 0
Oct 14 10:05:05 np0005486756 container-server[107159]: 172.20.0.103 - - [14/Oct/2025:10:05:05 +0000] "DELETE /d1/556/AUTH_bbb70b4d4f0f4594ba31143518520ca7/glance/23a3a866-86c5-4169-9f27-a39d94ef4927" 204 - "DELETE http://swift-internal.openstack.svc:8080/d1/810/AUTH_bbb70b4d4f0f4594ba31143518520ca7/glance/23a3a866-86c5-4169-9f27-a39d94ef4927" "tx3a1d9736071748a5a52f5-0068ee2051" "object-server 12" 0.0008 "-" 22 0
Oct 14 10:05:05 np0005486756 object-server[107526]: 172.20.0.30 - - [14/Oct/2025:10:05:05 +0000] "DELETE /d1/810/AUTH_bbb70b4d4f0f4594ba31143518520ca7/glance/23a3a866-86c5-4169-9f27-a39d94ef4927" 204 - "DELETE http://swift-internal.openstack.svc:8080/v1/AUTH_bbb70b4d4f0f4594ba31143518520ca7/glance/23a3a866-86c5-4169-9f27-a39d94ef4927" "tx3a1d9736071748a5a52f5-0068ee2051" "proxy-server 12" 0.0097 "-" 12 0
Oct 14 10:05:05 np0005486756 object-server[107539]: 172.20.0.30 - - [14/Oct/2025:10:05:05 +0000] "HEAD /d1/400/AUTH_bbb70b4d4f0f4594ba31143518520ca7/glance/662cb7d6-883f-491e-afec-ba1a3613b21a" 200 - "HEAD http://swift-internal.openstack.svc:8080/v1/AUTH_bbb70b4d4f0f4594ba31143518520ca7/glance/662cb7d6-883f-491e-afec-ba1a3613b21a" "txe50a8a3c8bb74c449312f-0068ee2051" "proxy-server 6" 0.0010 "-" 14 0
Oct 14 10:05:05 np0005486756 container-server[107159]: 172.20.0.30 - - [14/Oct/2025:10:05:05 +0000] "GET /d1/556/AUTH_bbb70b4d4f0f4594ba31143518520ca7/glance" 200 206 "GET http://swift-internal.openstack.svc:8080/v1/AUTH_bbb70b4d4f0f4594ba31143518520ca7/glance?prefix=662cb7d6-883f-491e-afec-ba1a3613b21a-&format=json&states=listing" "txe50a8a3c8bb74c449312f-0068ee2051" "proxy-server 6" 0.0142 "-" 22 0
Oct 14 10:05:05 np0005486756 container-server[107165]: 172.20.0.30 - - [14/Oct/2025:10:05:05 +0000] "GET /d1/556/AUTH_bbb70b4d4f0f4594ba31143518520ca7/glance" 200 206 "GET http://swift-internal.openstack.svc:8080/v1/AUTH_bbb70b4d4f0f4594ba31143518520ca7/glance?format=json&prefix=662cb7d6-883f-491e-afec-ba1a3613b21a-&states=listing" "tx548e481a40914c7c8ffbd-0068ee2051" "proxy-server 6" 0.0036 "-" 23 0
Oct 14 10:05:05 np0005486756 container-server[107157]: 172.20.0.103 - - [14/Oct/2025:10:05:05 +0000] "DELETE /d1/556/AUTH_bbb70b4d4f0f4594ba31143518520ca7/glance/662cb7d6-883f-491e-afec-ba1a3613b21a-00001" 204 - "DELETE http://swift-internal.openstack.svc:8080/d1/617/AUTH_bbb70b4d4f0f4594ba31143518520ca7/glance/662cb7d6-883f-491e-afec-ba1a3613b21a-00001" "tx233773788b9044d38a768-0068ee2051" "object-server 13" 0.0012 "-" 21 0
Oct 14 10:05:05 np0005486756 object-server[107527]: 172.20.0.30 - - [14/Oct/2025:10:05:05 +0000] "DELETE /d1/617/AUTH_bbb70b4d4f0f4594ba31143518520ca7/glance/662cb7d6-883f-491e-afec-ba1a3613b21a-00001" 204 - "DELETE http://swift-internal.openstack.svc:8080/v1/AUTH_bbb70b4d4f0f4594ba31143518520ca7/glance/662cb7d6-883f-491e-afec-ba1a3613b21a-00001" "tx233773788b9044d38a768-0068ee2051" "proxy-server 6" 0.0107 "-" 13 0
Oct 14 10:05:05 np0005486756 container-server[107155]: 172.20.0.103 - - [14/Oct/2025:10:05:05 +0000] "DELETE /d1/556/AUTH_bbb70b4d4f0f4594ba31143518520ca7/glance/662cb7d6-883f-491e-afec-ba1a3613b21a" 204 - "DELETE http://swift-internal.openstack.svc:8080/d1/400/AUTH_bbb70b4d4f0f4594ba31143518520ca7/glance/662cb7d6-883f-491e-afec-ba1a3613b21a" "tx45b4354ba2204fd490555-0068ee2051" "object-server 12" 0.0007 "-" 20 0
Oct 14 10:05:05 np0005486756 object-server[107526]: 172.20.0.30 - - [14/Oct/2025:10:05:05 +0000] "DELETE /d1/400/AUTH_bbb70b4d4f0f4594ba31143518520ca7/glance/662cb7d6-883f-491e-afec-ba1a3613b21a" 204 - "DELETE http://swift-internal.openstack.svc:8080/v1/AUTH_bbb70b4d4f0f4594ba31143518520ca7/glance/662cb7d6-883f-491e-afec-ba1a3613b21a" "tx45b4354ba2204fd490555-0068ee2051" "proxy-server 6" 0.0095 "-" 12 0
Oct 14 10:05:06 np0005486756 object-server[107539]: 172.20.0.30 - - [14/Oct/2025:10:05:06 +0000] "HEAD /d1/414/AUTH_bbb70b4d4f0f4594ba31143518520ca7/glance/ebb5798d-5e0c-4818-a1d6-7cc2c4930e44" 200 - "HEAD http://swift-internal.openstack.svc:8080/v1/AUTH_bbb70b4d4f0f4594ba31143518520ca7/glance/ebb5798d-5e0c-4818-a1d6-7cc2c4930e44" "txb539fd1519294541add83-0068ee2052" "proxy-server 12" 0.0009 "-" 14 0
Oct 14 10:05:06 np0005486756 container-server[107165]: 172.20.0.30 - - [14/Oct/2025:10:05:06 +0000] "GET /d1/556/AUTH_bbb70b4d4f0f4594ba31143518520ca7/glance" 200 206 "GET http://swift-internal.openstack.svc:8080/v1/AUTH_bbb70b4d4f0f4594ba31143518520ca7/glance?prefix=ebb5798d-5e0c-4818-a1d6-7cc2c4930e44-&format=json&states=listing" "txb539fd1519294541add83-0068ee2052" "proxy-server 12" 0.0100 "-" 23 0
Oct 14 10:05:06 np0005486756 container-server[107157]: 172.20.0.30 - - [14/Oct/2025:10:05:06 +0000] "GET /d1/556/AUTH_bbb70b4d4f0f4594ba31143518520ca7/glance" 200 206 "GET http://swift-internal.openstack.svc:8080/v1/AUTH_bbb70b4d4f0f4594ba31143518520ca7/glance?format=json&prefix=ebb5798d-5e0c-4818-a1d6-7cc2c4930e44-&states=listing" "txffd4dc4f4d454c4f9628e-0068ee2052" "proxy-server 12" 0.0049 "-" 21 0
Oct 14 10:05:06 np0005486756 container-server[107157]: 172.20.0.103 - - [14/Oct/2025:10:05:06 +0000] "DELETE /d1/556/AUTH_bbb70b4d4f0f4594ba31143518520ca7/glance/ebb5798d-5e0c-4818-a1d6-7cc2c4930e44-00001" 204 - "DELETE http://swift-internal.openstack.svc:8080/d1/114/AUTH_bbb70b4d4f0f4594ba31143518520ca7/glance/ebb5798d-5e0c-4818-a1d6-7cc2c4930e44-00001" "tx43113189b60541b792b3d-0068ee2052" "object-server 14" 0.0009 "-" 21 0
Oct 14 10:05:06 np0005486756 object-server[107539]: 172.20.0.30 - - [14/Oct/2025:10:05:06 +0000] "DELETE /d1/114/AUTH_bbb70b4d4f0f4594ba31143518520ca7/glance/ebb5798d-5e0c-4818-a1d6-7cc2c4930e44-00001" 204 - "DELETE http://swift-internal.openstack.svc:8080/v1/AUTH_bbb70b4d4f0f4594ba31143518520ca7/glance/ebb5798d-5e0c-4818-a1d6-7cc2c4930e44-00001" "tx43113189b60541b792b3d-0068ee2052" "proxy-server 12" 0.0110 "-" 14 0
Oct 14 10:05:06 np0005486756 container-server[107157]: 172.20.0.103 - - [14/Oct/2025:10:05:06 +0000] "DELETE /d1/556/AUTH_bbb70b4d4f0f4594ba31143518520ca7/glance/ebb5798d-5e0c-4818-a1d6-7cc2c4930e44" 204 - "DELETE http://swift-internal.openstack.svc:8080/d1/414/AUTH_bbb70b4d4f0f4594ba31143518520ca7/glance/ebb5798d-5e0c-4818-a1d6-7cc2c4930e44" "txdd9548202f4448b5aa74f-0068ee2052" "object-server 11" 0.0005 "-" 21 0
Oct 14 10:05:06 np0005486756 object-server[107523]: 172.20.0.30 - - [14/Oct/2025:10:05:06 +0000] "DELETE /d1/414/AUTH_bbb70b4d4f0f4594ba31143518520ca7/glance/ebb5798d-5e0c-4818-a1d6-7cc2c4930e44" 204 - "DELETE http://swift-internal.openstack.svc:8080/v1/AUTH_bbb70b4d4f0f4594ba31143518520ca7/glance/ebb5798d-5e0c-4818-a1d6-7cc2c4930e44" "txdd9548202f4448b5aa74f-0068ee2052" "proxy-server 12" 0.0083 "-" 11 0
Oct 14 10:05:07 np0005486756 object-server[107526]: 172.20.0.30 - - [14/Oct/2025:10:05:07 +0000] "HEAD /d1/622/AUTH_bbb70b4d4f0f4594ba31143518520ca7/glance/56374ff9-1cab-4878-9dd8-b6f8ad87494e" 200 - "HEAD http://swift-internal.openstack.svc:8080/v1/AUTH_bbb70b4d4f0f4594ba31143518520ca7/glance/56374ff9-1cab-4878-9dd8-b6f8ad87494e" "txc4891306d0f34e599d193-0068ee2053" "proxy-server 12" 0.0011 "-" 12 0
Oct 14 10:05:07 np0005486756 container-server[107165]: 172.20.0.30 - - [14/Oct/2025:10:05:07 +0000] "GET /d1/556/AUTH_bbb70b4d4f0f4594ba31143518520ca7/glance" 200 206 "GET http://swift-internal.openstack.svc:8080/v1/AUTH_bbb70b4d4f0f4594ba31143518520ca7/glance?prefix=56374ff9-1cab-4878-9dd8-b6f8ad87494e-&format=json&states=listing" "txc4891306d0f34e599d193-0068ee2053" "proxy-server 12" 0.0111 "-" 23 0
Oct 14 10:05:07 np0005486756 container-server[107155]: 172.20.0.30 - - [14/Oct/2025:10:05:07 +0000] "GET /d1/556/AUTH_bbb70b4d4f0f4594ba31143518520ca7/glance" 200 206 "GET http://swift-internal.openstack.svc:8080/v1/AUTH_bbb70b4d4f0f4594ba31143518520ca7/glance?format=json&prefix=56374ff9-1cab-4878-9dd8-b6f8ad87494e-&states=listing" "txd9ddc53fd75640bc925b0-0068ee2053" "proxy-server 12" 0.0036 "-" 20 0
Oct 14 10:05:07 np0005486756 container-server[107159]: 172.20.0.103 - - [14/Oct/2025:10:05:07 +0000] "DELETE /d1/556/AUTH_bbb70b4d4f0f4594ba31143518520ca7/glance/56374ff9-1cab-4878-9dd8-b6f8ad87494e-00001" 204 - "DELETE http://swift-internal.openstack.svc:8080/d1/428/AUTH_bbb70b4d4f0f4594ba31143518520ca7/glance/56374ff9-1cab-4878-9dd8-b6f8ad87494e-00001" "tx3ae2c011effa4cd49c5eb-0068ee2053" "object-server 13" 0.0010 "-" 22 0
Oct 14 10:05:07 np0005486756 object-server[107527]: 172.20.0.30 - - [14/Oct/2025:10:05:07 +0000] "DELETE /d1/428/AUTH_bbb70b4d4f0f4594ba31143518520ca7/glance/56374ff9-1cab-4878-9dd8-b6f8ad87494e-00001" 204 - "DELETE http://swift-internal.openstack.svc:8080/v1/AUTH_bbb70b4d4f0f4594ba31143518520ca7/glance/56374ff9-1cab-4878-9dd8-b6f8ad87494e-00001" "tx3ae2c011effa4cd49c5eb-0068ee2053" "proxy-server 12" 0.0109 "-" 13 0
Oct 14 10:05:07 np0005486756 container-server[107159]: 172.20.0.103 - - [14/Oct/2025:10:05:07 +0000] "DELETE /d1/556/AUTH_bbb70b4d4f0f4594ba31143518520ca7/glance/56374ff9-1cab-4878-9dd8-b6f8ad87494e" 204 - "DELETE http://swift-internal.openstack.svc:8080/d1/622/AUTH_bbb70b4d4f0f4594ba31143518520ca7/glance/56374ff9-1cab-4878-9dd8-b6f8ad87494e" "txdd647b23b65f461e80eae-0068ee2053" "object-server 11" 0.0006 "-" 22 0
Oct 14 10:05:07 np0005486756 object-server[107523]: 172.20.0.30 - - [14/Oct/2025:10:05:07 +0000] "DELETE /d1/622/AUTH_bbb70b4d4f0f4594ba31143518520ca7/glance/56374ff9-1cab-4878-9dd8-b6f8ad87494e" 204 - "DELETE http://swift-internal.openstack.svc:8080/v1/AUTH_bbb70b4d4f0f4594ba31143518520ca7/glance/56374ff9-1cab-4878-9dd8-b6f8ad87494e" "txdd647b23b65f461e80eae-0068ee2053" "proxy-server 12" 0.0088 "-" 11 0
Oct 14 10:05:08 np0005486756 container-server[106812]: Beginning replication run
Oct 14 10:05:08 np0005486756 container-server[106812]: Replication run OVER
Oct 14 10:05:08 np0005486756 container-server[106812]: Attempted to replicate 1 dbs in 0.03483 seconds (28.70856/s)
Oct 14 10:05:08 np0005486756 container-server[106812]: Removed 0 dbs
Oct 14 10:05:08 np0005486756 container-server[106812]: 1 successes, 0 failures
Oct 14 10:05:08 np0005486756 container-server[106812]: diff:0 diff_capped:0 empty:0 hashmatch:0 no_change:1 remote_merge:0 rsync:0 ts_repl:0
Oct 14 10:05:08 np0005486756 object-server[107523]: 172.20.0.30 - - [14/Oct/2025:10:05:08 +0000] "HEAD /d1/775/AUTH_bbb70b4d4f0f4594ba31143518520ca7/glance/d4dcaff8-b0a6-4dd7-92ab-4f80b7eaa310" 200 - "HEAD http://swift-internal.openstack.svc:8080/v1/AUTH_bbb70b4d4f0f4594ba31143518520ca7/glance/d4dcaff8-b0a6-4dd7-92ab-4f80b7eaa310" "txf8f901b3b26c433fb94a2-0068ee2054" "proxy-server 12" 0.0011 "-" 11 0
Oct 14 10:05:08 np0005486756 container-server[107157]: 172.20.0.30 - - [14/Oct/2025:10:05:08 +0000] "GET /d1/556/AUTH_bbb70b4d4f0f4594ba31143518520ca7/glance" 200 206 "GET http://swift-internal.openstack.svc:8080/v1/AUTH_bbb70b4d4f0f4594ba31143518520ca7/glance?prefix=d4dcaff8-b0a6-4dd7-92ab-4f80b7eaa310-&format=json&states=listing" "txf8f901b3b26c433fb94a2-0068ee2054" "proxy-server 12" 0.0039 "-" 21 0
Oct 14 10:05:08 np0005486756 container-server[107159]: 172.20.0.30 - - [14/Oct/2025:10:05:08 +0000] "GET /d1/556/AUTH_bbb70b4d4f0f4594ba31143518520ca7/glance" 200 206 "GET http://swift-internal.openstack.svc:8080/v1/AUTH_bbb70b4d4f0f4594ba31143518520ca7/glance?format=json&prefix=d4dcaff8-b0a6-4dd7-92ab-4f80b7eaa310-&states=listing" "txef2c766d60db4a1ab003b-0068ee2054" "proxy-server 12" 0.0039 "-" 22 0
Oct 14 10:05:08 np0005486756 container-server[107165]: 172.20.0.103 - - [14/Oct/2025:10:05:08 +0000] "DELETE /d1/556/AUTH_bbb70b4d4f0f4594ba31143518520ca7/glance/d4dcaff8-b0a6-4dd7-92ab-4f80b7eaa310-00001" 204 - "DELETE http://swift-internal.openstack.svc:8080/d1/659/AUTH_bbb70b4d4f0f4594ba31143518520ca7/glance/d4dcaff8-b0a6-4dd7-92ab-4f80b7eaa310-00001" "tx58ab3a16285c4c6ea9dd6-0068ee2054" "object-server 14" 0.0007 "-" 23 0
Oct 14 10:05:08 np0005486756 object-server[107539]: 172.20.0.30 - - [14/Oct/2025:10:05:08 +0000] "DELETE /d1/659/AUTH_bbb70b4d4f0f4594ba31143518520ca7/glance/d4dcaff8-b0a6-4dd7-92ab-4f80b7eaa310-00001" 204 - "DELETE http://swift-internal.openstack.svc:8080/v1/AUTH_bbb70b4d4f0f4594ba31143518520ca7/glance/d4dcaff8-b0a6-4dd7-92ab-4f80b7eaa310-00001" "tx58ab3a16285c4c6ea9dd6-0068ee2054" "proxy-server 12" 0.0118 "-" 14 0
Oct 14 10:05:08 np0005486756 container-server[107159]: 172.20.0.103 - - [14/Oct/2025:10:05:08 +0000] "DELETE /d1/556/AUTH_bbb70b4d4f0f4594ba31143518520ca7/glance/d4dcaff8-b0a6-4dd7-92ab-4f80b7eaa310" 204 - "DELETE http://swift-internal.openstack.svc:8080/d1/775/AUTH_bbb70b4d4f0f4594ba31143518520ca7/glance/d4dcaff8-b0a6-4dd7-92ab-4f80b7eaa310" "txd34f87e02ec044f687e5e-0068ee2054" "object-server 12" 0.0007 "-" 22 0
Oct 14 10:05:08 np0005486756 object-server[107526]: 172.20.0.30 - - [14/Oct/2025:10:05:08 +0000] "DELETE /d1/775/AUTH_bbb70b4d4f0f4594ba31143518520ca7/glance/d4dcaff8-b0a6-4dd7-92ab-4f80b7eaa310" 204 - "DELETE http://swift-internal.openstack.svc:8080/v1/AUTH_bbb70b4d4f0f4594ba31143518520ca7/glance/d4dcaff8-b0a6-4dd7-92ab-4f80b7eaa310" "txd34f87e02ec044f687e5e-0068ee2054" "proxy-server 12" 0.0104 "-" 12 0
Oct 14 10:05:09 np0005486756 object-server[107523]: 172.20.0.30 - - [14/Oct/2025:10:05:09 +0000] "HEAD /d1/317/AUTH_bbb70b4d4f0f4594ba31143518520ca7/glance/18d37459-f699-459f-b55c-401ed009cca7" 200 - "HEAD http://swift-internal.openstack.svc:8080/v1/AUTH_bbb70b4d4f0f4594ba31143518520ca7/glance/18d37459-f699-459f-b55c-401ed009cca7" "txe9a07dbcd9be4b2591d79-0068ee2054" "proxy-server 12" 0.0010 "-" 11 0
Oct 14 10:05:09 np0005486756 container-server[107157]: 172.20.0.30 - - [14/Oct/2025:10:05:09 +0000] "GET /d1/556/AUTH_bbb70b4d4f0f4594ba31143518520ca7/glance" 200 206 "GET http://swift-internal.openstack.svc:8080/v1/AUTH_bbb70b4d4f0f4594ba31143518520ca7/glance?prefix=18d37459-f699-459f-b55c-401ed009cca7-&format=json&states=listing" "txe9a07dbcd9be4b2591d79-0068ee2054" "proxy-server 12" 0.0097 "-" 21 0
Oct 14 10:05:09 np0005486756 container-server[107165]: 172.20.0.30 - - [14/Oct/2025:10:05:09 +0000] "GET /d1/556/AUTH_bbb70b4d4f0f4594ba31143518520ca7/glance" 200 206 "GET http://swift-internal.openstack.svc:8080/v1/AUTH_bbb70b4d4f0f4594ba31143518520ca7/glance?format=json&prefix=18d37459-f699-459f-b55c-401ed009cca7-&states=listing" "tx4eb82b9b0a504f8a8299b-0068ee2055" "proxy-server 12" 0.0041 "-" 23 0
Oct 14 10:05:09 np0005486756 container-server[107155]: 172.20.0.103 - - [14/Oct/2025:10:05:09 +0000] "DELETE /d1/556/AUTH_bbb70b4d4f0f4594ba31143518520ca7/glance/18d37459-f699-459f-b55c-401ed009cca7-00001" 204 - "DELETE http://swift-internal.openstack.svc:8080/d1/862/AUTH_bbb70b4d4f0f4594ba31143518520ca7/glance/18d37459-f699-459f-b55c-401ed009cca7-00001" "tx7c67231d5ddf48709bec7-0068ee2055" "object-server 13" 0.0008 "-" 20 0
Oct 14 10:05:09 np0005486756 object-server[107527]: 172.20.0.30 - - [14/Oct/2025:10:05:09 +0000] "DELETE /d1/862/AUTH_bbb70b4d4f0f4594ba31143518520ca7/glance/18d37459-f699-459f-b55c-401ed009cca7-00001" 204 - "DELETE http://swift-internal.openstack.svc:8080/v1/AUTH_bbb70b4d4f0f4594ba31143518520ca7/glance/18d37459-f699-459f-b55c-401ed009cca7-00001" "tx7c67231d5ddf48709bec7-0068ee2055" "proxy-server 12" 0.0098 "-" 13 0
Oct 14 10:05:09 np0005486756 container-server[107159]: 172.20.0.103 - - [14/Oct/2025:10:05:09 +0000] "DELETE /d1/556/AUTH_bbb70b4d4f0f4594ba31143518520ca7/glance/18d37459-f699-459f-b55c-401ed009cca7" 204 - "DELETE http://swift-internal.openstack.svc:8080/d1/317/AUTH_bbb70b4d4f0f4594ba31143518520ca7/glance/18d37459-f699-459f-b55c-401ed009cca7" "tx423999901ecc46b99607a-0068ee2055" "object-server 11" 0.0009 "-" 22 0
Oct 14 10:05:09 np0005486756 object-server[107523]: 172.20.0.30 - - [14/Oct/2025:10:05:09 +0000] "DELETE /d1/317/AUTH_bbb70b4d4f0f4594ba31143518520ca7/glance/18d37459-f699-459f-b55c-401ed009cca7" 204 - "DELETE http://swift-internal.openstack.svc:8080/v1/AUTH_bbb70b4d4f0f4594ba31143518520ca7/glance/18d37459-f699-459f-b55c-401ed009cca7" "tx423999901ecc46b99607a-0068ee2055" "proxy-server 12" 0.0098 "-" 11 0
Oct 14 10:05:10 np0005486756 container-server[107159]: 172.20.0.30 - - [14/Oct/2025:10:05:10 +0000] "HEAD /d1/556/AUTH_bbb70b4d4f0f4594ba31143518520ca7/glance" 204 - "HEAD http://swift-internal.openstack.svc:8080/v1/AUTH_bbb70b4d4f0f4594ba31143518520ca7/glance?format=json&states=listing" "txb4b6ad2c5c3b419eb5119-0068ee2056" "proxy-server 12" 0.0092 "-" 22 0
Oct 14 10:05:10 np0005486756 container-server[107157]: 172.20.0.103 - - [14/Oct/2025:10:05:10 +0000] "PUT /d1/556/AUTH_bbb70b4d4f0f4594ba31143518520ca7/glance/cea77aeb-5140-4660-8842-91ed890bcd6b-00001" 201 - "PUT http://swift-internal.openstack.svc:8080/d1/912/AUTH_bbb70b4d4f0f4594ba31143518520ca7/glance/cea77aeb-5140-4660-8842-91ed890bcd6b-00001" "txe8aaa7592baa4a7ba2893-0068ee2056" "object-server 13" 0.0008 "-" 21 0
Oct 14 10:05:10 np0005486756 object-server[107527]: 172.20.0.30 - - [14/Oct/2025:10:05:10 +0000] "PUT /d1/912/AUTH_bbb70b4d4f0f4594ba31143518520ca7/glance/cea77aeb-5140-4660-8842-91ed890bcd6b-00001" 201 - "PUT http://swift-internal.openstack.svc:8080/v1/AUTH_bbb70b4d4f0f4594ba31143518520ca7/glance/cea77aeb-5140-4660-8842-91ed890bcd6b-00001" "txe8aaa7592baa4a7ba2893-0068ee2056" "proxy-server 12" 0.0118 "-" 13 0
Oct 14 10:05:10 np0005486756 container-server[107165]: 172.20.0.103 - - [14/Oct/2025:10:05:10 +0000] "PUT /d1/556/AUTH_bbb70b4d4f0f4594ba31143518520ca7/glance/cea77aeb-5140-4660-8842-91ed890bcd6b" 201 - "PUT http://swift-internal.openstack.svc:8080/d1/251/AUTH_bbb70b4d4f0f4594ba31143518520ca7/glance/cea77aeb-5140-4660-8842-91ed890bcd6b" "txfd3db3b844dc43ccaf3a3-0068ee2056" "object-server 12" 0.0011 "-" 23 0
Oct 14 10:05:10 np0005486756 object-server[107526]: 172.20.0.30 - - [14/Oct/2025:10:05:10 +0000] "PUT /d1/251/AUTH_bbb70b4d4f0f4594ba31143518520ca7/glance/cea77aeb-5140-4660-8842-91ed890bcd6b" 201 - "PUT http://swift-internal.openstack.svc:8080/v1/AUTH_bbb70b4d4f0f4594ba31143518520ca7/glance/cea77aeb-5140-4660-8842-91ed890bcd6b" "txfd3db3b844dc43ccaf3a3-0068ee2056" "proxy-server 12" 0.0132 "-" 12 0
Oct 14 10:05:13 np0005486756 object-server[585700]: Begin object audit "forever" mode (ZBF)
Oct 14 10:05:13 np0005486756 object-server[585700]: Object audit (ZBF). Since Tue Oct 14 10:05:13 2025: Locally: 1 passed, 0 quarantined, 0 errors, files/sec: 538.49, bytes/sec: 0.00, Total time: 0.00, Auditing time: 0.00, Rate: 0.00
Oct 14 10:05:13 np0005486756 object-server[585700]: Object audit (ZBF) "forever" mode completed: 0.56s. Total quarantined: 0, Total errors: 0, Total files/sec: 53.24, Total bytes/sec: 0.00, Auditing time: 0.55, Rate: 0.98
Oct 14 10:05:13 np0005486756 container-server[107157]: 172.20.0.30 - - [14/Oct/2025:10:05:13 +0000] "HEAD /d1/556/AUTH_bbb70b4d4f0f4594ba31143518520ca7/glance" 204 - "HEAD http://swift-internal.openstack.svc:8080/v1/AUTH_bbb70b4d4f0f4594ba31143518520ca7/glance?format=json&states=listing" "tx7831871f76e14b78ab7a9-0068ee2059" "proxy-server 6" 0.0085 "-" 21 0
Oct 14 10:05:13 np0005486756 account-server[106626]: Beginning replication run
Oct 14 10:05:13 np0005486756 account-server[106626]: Replication run OVER
