Dec 06 22:40:58 np0005549343.novalocal object-server[96909]: ::1 - - [07/Dec/2025:03:40:58 +0000] "GET /3/62177/AUTH_9cb2db62181546998c52314d1567748c/gnocchi.095ddb65-ffe5-408e-839b-f8637dbf39dc/1764720000.0_mean_300.0_v3" 404 70 "GET https://[::1]:8080/v1/AUTH_9cb2db62181546998c52314d1567748c/gnocchi.095ddb65-ffe5-408e-839b-f8637dbf39dc/1764720000.0_mean_300.0_v3" "txc1ef6fa502cb413fa4f0e-006934f74a" "proxy-server 97857" 0.0003 "-" 96909 0
Dec 06 22:40:58 np0005549343.novalocal proxy-server[97857]: ::1 ::1 07/Dec/2025/03/40/58 GET /v1/AUTH_9cb2db62181546998c52314d1567748c/gnocchi.095ddb65-ffe5-408e-839b-f8637dbf39dc/1764720000.0_mean_300.0_v3 HTTP/1.0 404 - python-swiftclient-4.8.0 gAAAAABpNPcx8Tdl... - 70 - txc1ef6fa502cb413fa4f0e-006934f74a - 0.0129 - - 1765078858.484655142 1765078858.497575521 0 0c044fc9f411403aa3ab5cf8f2b14495
Dec 06 22:40:58 np0005549343.novalocal container-server[96575]: ::1 - - [07/Dec/2025:03:40:58 +0000] "HEAD /2/116573/AUTH_9cb2db62181546998c52314d1567748c/gnocchi.88583bed-cfec-46b0-8697-d77d06c2a8e9" 404 - "HEAD http://[::1]:8080/v1/AUTH_9cb2db62181546998c52314d1567748c/gnocchi.88583bed-cfec-46b0-8697-d77d06c2a8e9" "tx174229ef453e415d8dabe-006934f74a" "proxy-server 97857" 0.0005 "-" 96575 0
Dec 06 22:40:58 np0005549343.novalocal container-server[96575]: ::1 - - [07/Dec/2025:03:40:58 +0000] "HEAD /1/116573/AUTH_9cb2db62181546998c52314d1567748c/gnocchi.88583bed-cfec-46b0-8697-d77d06c2a8e9" 404 - "HEAD http://[::1]:8080/v1/AUTH_9cb2db62181546998c52314d1567748c/gnocchi.88583bed-cfec-46b0-8697-d77d06c2a8e9" "tx174229ef453e415d8dabe-006934f74a" "proxy-server 97857" 0.0006 "-" 96575 0
Dec 06 22:40:58 np0005549343.novalocal container-server[96576]: ::1 - - [07/Dec/2025:03:40:58 +0000] "HEAD /3/116573/AUTH_9cb2db62181546998c52314d1567748c/gnocchi.88583bed-cfec-46b0-8697-d77d06c2a8e9" 404 - "HEAD http://[::1]:8080/v1/AUTH_9cb2db62181546998c52314d1567748c/gnocchi.88583bed-cfec-46b0-8697-d77d06c2a8e9" "tx174229ef453e415d8dabe-006934f74a" "proxy-server 97857" 0.0005 "-" 96576 0
Dec 06 22:40:58 np0005549343.novalocal proxy-server[97857]: - - 07/Dec/2025/03/40/58 HEAD /v1/AUTH_9cb2db62181546998c52314d1567748c/gnocchi.88583bed-cfec-46b0-8697-d77d06c2a8e9 HTTP/1.0 404 - Swift - - - - tx174229ef453e415d8dabe-006934f74a - 0.0123 CS - 1765078858.514476776 1765078858.526787281 0 -
Dec 06 22:40:58 np0005549343.novalocal container-server[96575]: ::1 - - [07/Dec/2025:03:40:58 +0000] "PUT /3/129849/AUTH_9cb2db62181546998c52314d1567748c/gnocchi.095ddb65-ffe5-408e-839b-f8637dbf39dc/1764720000.0_mean_300.0_v3" 201 - "PUT http://[::1]:8080/1/62177/AUTH_9cb2db62181546998c52314d1567748c/gnocchi.095ddb65-ffe5-408e-839b-f8637dbf39dc/1764720000.0_mean_300.0_v3" "tx001bdcdd4f9541ae8063f-006934f74a" "object-server 96909" 0.0007 "-" 96575 0
Dec 06 22:40:58 np0005549343.novalocal object-server[96909]: ::1 - - [07/Dec/2025:03:40:58 +0000] "GET /3/257120/AUTH_9cb2db62181546998c52314d1567748c/gnocchi.88583bed-cfec-46b0-8697-d77d06c2a8e9/none_v3" 404 70 "GET https://[::1]:8080/v1/AUTH_9cb2db62181546998c52314d1567748c/gnocchi.88583bed-cfec-46b0-8697-d77d06c2a8e9/none_v3" "tx174229ef453e415d8dabe-006934f74a" "proxy-server 97857" 0.0002 "-" 96909 0
Dec 06 22:40:58 np0005549343.novalocal object-server[96909]: ::1 - - [07/Dec/2025:03:40:58 +0000] "PUT /1/62177/AUTH_9cb2db62181546998c52314d1567748c/gnocchi.095ddb65-ffe5-408e-839b-f8637dbf39dc/1764720000.0_mean_300.0_v3" 201 - "PUT https://[::1]:8080/v1/AUTH_9cb2db62181546998c52314d1567748c/gnocchi.095ddb65-ffe5-408e-839b-f8637dbf39dc/1764720000.0_mean_300.0_v3" "tx001bdcdd4f9541ae8063f-006934f74a" "proxy-server 97857" 0.0225 "-" 96909 0
Dec 06 22:40:58 np0005549343.novalocal container-server[96575]: ::1 - - [07/Dec/2025:03:40:58 +0000] "PUT /2/129849/AUTH_9cb2db62181546998c52314d1567748c/gnocchi.095ddb65-ffe5-408e-839b-f8637dbf39dc/1764720000.0_mean_300.0_v3" 201 - "PUT http://[::1]:8080/2/62177/AUTH_9cb2db62181546998c52314d1567748c/gnocchi.095ddb65-ffe5-408e-839b-f8637dbf39dc/1764720000.0_mean_300.0_v3" "tx001bdcdd4f9541ae8063f-006934f74a" "object-server 96910" 0.0005 "-" 96575 0
Dec 06 22:40:58 np0005549343.novalocal container-server[96576]: ::1 - - [07/Dec/2025:03:40:58 +0000] "PUT /1/129849/AUTH_9cb2db62181546998c52314d1567748c/gnocchi.095ddb65-ffe5-408e-839b-f8637dbf39dc/1764720000.0_mean_300.0_v3" 201 - "PUT http://[::1]:8080/3/62177/AUTH_9cb2db62181546998c52314d1567748c/gnocchi.095ddb65-ffe5-408e-839b-f8637dbf39dc/1764720000.0_mean_300.0_v3" "tx001bdcdd4f9541ae8063f-006934f74a" "object-server 96909" 0.0009 "-" 96576 0
Dec 06 22:40:58 np0005549343.novalocal object-server[96909]: ::1 - - [07/Dec/2025:03:40:58 +0000] "PUT /3/62177/AUTH_9cb2db62181546998c52314d1567748c/gnocchi.095ddb65-ffe5-408e-839b-f8637dbf39dc/1764720000.0_mean_300.0_v3" 201 - "PUT https://[::1]:8080/v1/AUTH_9cb2db62181546998c52314d1567748c/gnocchi.095ddb65-ffe5-408e-839b-f8637dbf39dc/1764720000.0_mean_300.0_v3" "tx001bdcdd4f9541ae8063f-006934f74a" "proxy-server 97857" 0.0255 "-" 96909 0
Dec 06 22:40:58 np0005549343.novalocal object-server[96910]: ::1 - - [07/Dec/2025:03:40:58 +0000] "PUT /2/62177/AUTH_9cb2db62181546998c52314d1567748c/gnocchi.095ddb65-ffe5-408e-839b-f8637dbf39dc/1764720000.0_mean_300.0_v3" 201 - "PUT https://[::1]:8080/v1/AUTH_9cb2db62181546998c52314d1567748c/gnocchi.095ddb65-ffe5-408e-839b-f8637dbf39dc/1764720000.0_mean_300.0_v3" "tx001bdcdd4f9541ae8063f-006934f74a" "proxy-server 97857" 0.0268 "-" 96910 0
Dec 06 22:40:58 np0005549343.novalocal proxy-server[97857]: ::1 ::1 07/Dec/2025/03/40/58 PUT /v1/AUTH_9cb2db62181546998c52314d1567748c/gnocchi.095ddb65-ffe5-408e-839b-f8637dbf39dc/1764720000.0_mean_300.0_v3 HTTP/1.0 201 - python-swiftclient-4.8.0 gAAAAABpNPcx8Tdl... 16 - - tx001bdcdd4f9541ae8063f-006934f74a - 0.0350 - - 1765078858.501575232 1765078858.536584139 0 0c044fc9f411403aa3ab5cf8f2b14495
Dec 06 22:40:58 np0005549343.novalocal object-server[96910]: ::1 - - [07/Dec/2025:03:40:58 +0000] "GET /1/257120/AUTH_9cb2db62181546998c52314d1567748c/gnocchi.88583bed-cfec-46b0-8697-d77d06c2a8e9/none_v3" 404 70 "GET https://[::1]:8080/v1/AUTH_9cb2db62181546998c52314d1567748c/gnocchi.88583bed-cfec-46b0-8697-d77d06c2a8e9/none_v3" "tx174229ef453e415d8dabe-006934f74a" "proxy-server 97857" 0.0005 "-" 96910 0
Dec 06 22:40:58 np0005549343.novalocal object-server[96910]: ::1 - - [07/Dec/2025:03:40:58 +0000] "GET /2/257120/AUTH_9cb2db62181546998c52314d1567748c/gnocchi.88583bed-cfec-46b0-8697-d77d06c2a8e9/none_v3" 404 70 "GET https://[::1]:8080/v1/AUTH_9cb2db62181546998c52314d1567748c/gnocchi.88583bed-cfec-46b0-8697-d77d06c2a8e9/none_v3" "tx174229ef453e415d8dabe-006934f74a" "proxy-server 97857" 0.0006 "-" 96910 0
Dec 06 22:40:58 np0005549343.novalocal proxy-server[97857]: ::1 ::1 07/Dec/2025/03/40/58 GET /v1/AUTH_9cb2db62181546998c52314d1567748c/gnocchi.88583bed-cfec-46b0-8697-d77d06c2a8e9/none_v3 HTTP/1.0 404 - python-swiftclient-4.8.0 gAAAAABpNPckgn8e... - 70 - tx174229ef453e415d8dabe-006934f74a - 0.0316 - - 1765078858.513487816 1765078858.545047283 0 0c044fc9f411403aa3ab5cf8f2b14495
Dec 06 22:40:58 np0005549343.novalocal container-server[96576]: ::1 - - [07/Dec/2025:03:40:58 +0000] "PUT /1/129849/AUTH_9cb2db62181546998c52314d1567748c/gnocchi.095ddb65-ffe5-408e-839b-f8637dbf39dc/none_v3" 201 - "PUT http://[::1]:8080/2/40802/AUTH_9cb2db62181546998c52314d1567748c/gnocchi.095ddb65-ffe5-408e-839b-f8637dbf39dc/none_v3" "txf69ccf80b7c746aea1579-006934f74a" "object-server 96909" 0.0007 "-" 96576 0
Dec 06 22:40:58 np0005549343.novalocal object-server[96909]: ::1 - - [07/Dec/2025:03:40:58 +0000] "PUT /2/40802/AUTH_9cb2db62181546998c52314d1567748c/gnocchi.095ddb65-ffe5-408e-839b-f8637dbf39dc/none_v3" 201 - "PUT https://[::1]:8080/v1/AUTH_9cb2db62181546998c52314d1567748c/gnocchi.095ddb65-ffe5-408e-839b-f8637dbf39dc/none_v3" "txf69ccf80b7c746aea1579-006934f74a" "proxy-server 97857" 0.0283 "-" 96909 0
Dec 06 22:40:58 np0005549343.novalocal container-server[96576]: ::1 - - [07/Dec/2025:03:40:58 +0000] "PUT /2/129849/AUTH_9cb2db62181546998c52314d1567748c/gnocchi.095ddb65-ffe5-408e-839b-f8637dbf39dc/none_v3" 201 - "PUT http://[::1]:8080/1/40802/AUTH_9cb2db62181546998c52314d1567748c/gnocchi.095ddb65-ffe5-408e-839b-f8637dbf39dc/none_v3" "txf69ccf80b7c746aea1579-006934f74a" "object-server 96910" 0.0011 "-" 96576 0
Dec 06 22:40:58 np0005549343.novalocal object-server[96910]: ::1 - - [07/Dec/2025:03:40:58 +0000] "PUT /1/40802/AUTH_9cb2db62181546998c52314d1567748c/gnocchi.095ddb65-ffe5-408e-839b-f8637dbf39dc/none_v3" 201 - "PUT https://[::1]:8080/v1/AUTH_9cb2db62181546998c52314d1567748c/gnocchi.095ddb65-ffe5-408e-839b-f8637dbf39dc/none_v3" "txf69ccf80b7c746aea1579-006934f74a" "proxy-server 97857" 0.0344 "-" 96910 0
Dec 06 22:40:58 np0005549343.novalocal account-server[96281]: ::1 - - [07/Dec/2025:03:40:58 +0000] "PUT /3/78968/AUTH_9cb2db62181546998c52314d1567748c/gnocchi.88583bed-cfec-46b0-8697-d77d06c2a8e9" 201 - "PUT http://[::1]:6001/2/116573/AUTH_9cb2db62181546998c52314d1567748c/gnocchi.88583bed-cfec-46b0-8697-d77d06c2a8e9" "txf0346436e9b04b2d9eced-006934f74a" "container-server 96576" 0.0152 "-" 96281 0
Dec 06 22:40:58 np0005549343.novalocal container-server[96576]: ::1 - - [07/Dec/2025:03:40:58 +0000] "PUT /2/116573/AUTH_9cb2db62181546998c52314d1567748c/gnocchi.88583bed-cfec-46b0-8697-d77d06c2a8e9" 201 - "PUT https://[::1]:8080/v1/AUTH_9cb2db62181546998c52314d1567748c/gnocchi.88583bed-cfec-46b0-8697-d77d06c2a8e9" "txf0346436e9b04b2d9eced-006934f74a" "proxy-server 97857" 0.0343 "-" 96576 0
Dec 06 22:40:58 np0005549343.novalocal container-server[96575]: ::1 - - [07/Dec/2025:03:40:58 +0000] "PUT /3/129849/AUTH_9cb2db62181546998c52314d1567748c/gnocchi.095ddb65-ffe5-408e-839b-f8637dbf39dc/none_v3" 201 - "PUT http://[::1]:8080/3/40802/AUTH_9cb2db62181546998c52314d1567748c/gnocchi.095ddb65-ffe5-408e-839b-f8637dbf39dc/none_v3" "txf69ccf80b7c746aea1579-006934f74a" "object-server 96910" 0.0009 "-" 96575 0
Dec 06 22:40:58 np0005549343.novalocal object-server[96910]: ::1 - - [07/Dec/2025:03:40:58 +0000] "PUT /3/40802/AUTH_9cb2db62181546998c52314d1567748c/gnocchi.095ddb65-ffe5-408e-839b-f8637dbf39dc/none_v3" 201 - "PUT https://[::1]:8080/v1/AUTH_9cb2db62181546998c52314d1567748c/gnocchi.095ddb65-ffe5-408e-839b-f8637dbf39dc/none_v3" "txf69ccf80b7c746aea1579-006934f74a" "proxy-server 97857" 0.0407 "-" 96910 0
Dec 06 22:40:58 np0005549343.novalocal proxy-server[97857]: ::1 ::1 07/Dec/2025/03/40/58 PUT /v1/AUTH_9cb2db62181546998c52314d1567748c/gnocchi.095ddb65-ffe5-408e-839b-f8637dbf39dc/none_v3 HTTP/1.0 201 - python-swiftclient-4.8.0 gAAAAABpNPcx8Tdl... 22 - - txf69ccf80b7c746aea1579-006934f74a - 0.0530 - - 1765078858.539585114 1765078858.592598677 0 0c044fc9f411403aa3ab5cf8f2b14495
Dec 06 22:40:58 np0005549343.novalocal account-server[96280]: ::1 - - [07/Dec/2025:03:40:58 +0000] "PUT /1/78968/AUTH_9cb2db62181546998c52314d1567748c/gnocchi.88583bed-cfec-46b0-8697-d77d06c2a8e9" 201 - "PUT http://[::1]:6001/3/116573/AUTH_9cb2db62181546998c52314d1567748c/gnocchi.88583bed-cfec-46b0-8697-d77d06c2a8e9" "txf0346436e9b04b2d9eced-006934f74a" "container-server 96575" 0.0098 "-" 96280 0
Dec 06 22:40:58 np0005549343.novalocal container-server[96575]: ::1 - - [07/Dec/2025:03:40:58 +0000] "PUT /3/116573/AUTH_9cb2db62181546998c52314d1567748c/gnocchi.88583bed-cfec-46b0-8697-d77d06c2a8e9" 201 - "PUT https://[::1]:8080/v1/AUTH_9cb2db62181546998c52314d1567748c/gnocchi.88583bed-cfec-46b0-8697-d77d06c2a8e9" "txf0346436e9b04b2d9eced-006934f74a" "proxy-server 97857" 0.0465 "-" 96575 0
Dec 06 22:40:58 np0005549343.novalocal account-server[96281]: ::1 - - [07/Dec/2025:03:40:58 +0000] "PUT /2/78968/AUTH_9cb2db62181546998c52314d1567748c/gnocchi.88583bed-cfec-46b0-8697-d77d06c2a8e9" 201 - "PUT http://[::1]:6001/1/116573/AUTH_9cb2db62181546998c52314d1567748c/gnocchi.88583bed-cfec-46b0-8697-d77d06c2a8e9" "txf0346436e9b04b2d9eced-006934f74a" "container-server 96575" 0.0102 "-" 96281 0
Dec 06 22:40:58 np0005549343.novalocal container-server[96575]: ::1 - - [07/Dec/2025:03:40:58 +0000] "PUT /1/116573/AUTH_9cb2db62181546998c52314d1567748c/gnocchi.88583bed-cfec-46b0-8697-d77d06c2a8e9" 201 - "PUT https://[::1]:8080/v1/AUTH_9cb2db62181546998c52314d1567748c/gnocchi.88583bed-cfec-46b0-8697-d77d06c2a8e9" "txf0346436e9b04b2d9eced-006934f74a" "proxy-server 97857" 0.0320 "-" 96575 0
Dec 06 22:40:58 np0005549343.novalocal proxy-server[97857]: ::1 ::1 07/Dec/2025/03/40/58 PUT /v1/AUTH_9cb2db62181546998c52314d1567748c/gnocchi.88583bed-cfec-46b0-8697-d77d06c2a8e9 HTTP/1.0 201 - python-swiftclient-4.8.0 gAAAAABpNPckgn8e... - - - txf0346436e9b04b2d9eced-006934f74a - 0.0536 - - 1765078858.548741341 1765078858.602344990 0 0c044fc9f411403aa3ab5cf8f2b14495
Dec 06 22:40:58 np0005549343.novalocal container-server[96575]: ::1 - - [07/Dec/2025:03:40:58 +0000] "HEAD /1/116573/AUTH_9cb2db62181546998c52314d1567748c/gnocchi.88583bed-cfec-46b0-8697-d77d06c2a8e9" 204 - "HEAD http://[::1]:8080/v1/AUTH_9cb2db62181546998c52314d1567748c/gnocchi.88583bed-cfec-46b0-8697-d77d06c2a8e9" "tx3e6c5b517d0c4916913bd-006934f74a" "proxy-server 97857" 0.0013 "-" 96575 0
Dec 06 22:40:58 np0005549343.novalocal proxy-server[97857]: - - 07/Dec/2025/03/40/58 HEAD /v1/AUTH_9cb2db62181546998c52314d1567748c/gnocchi.88583bed-cfec-46b0-8697-d77d06c2a8e9 HTTP/1.0 204 - Swift - - - - tx3e6c5b517d0c4916913bd-006934f74a - 0.0048 CS - 1765078858.610504627 1765078858.615288973 0 -
Dec 06 22:40:58 np0005549343.novalocal container-server[96576]: ::1 - - [07/Dec/2025:03:40:58 +0000] "GET /3/116573/AUTH_9cb2db62181546998c52314d1567748c/gnocchi.88583bed-cfec-46b0-8697-d77d06c2a8e9" 200 2 "GET https://[::1]:8080/v1/AUTH_9cb2db62181546998c52314d1567748c/gnocchi.88583bed-cfec-46b0-8697-d77d06c2a8e9?format=json&states=listing" "tx3e6c5b517d0c4916913bd-006934f74a" "proxy-server 97857" 0.0036 "-" 96576 0
Dec 06 22:40:58 np0005549343.novalocal proxy-server[97857]: ::1 ::1 07/Dec/2025/03/40/58 GET /v1/AUTH_9cb2db62181546998c52314d1567748c/gnocchi.88583bed-cfec-46b0-8697-d77d06c2a8e9%3Fformat%3Djson%26states%3Dlisting HTTP/1.0 200 - python-swiftclient-4.8.0 gAAAAABpNPckgn8e... - 2 - tx3e6c5b517d0c4916913bd-006934f74a - 0.0167 - - 1765078858.609816313 1765078858.626501322 0 0c044fc9f411403aa3ab5cf8f2b14495
Dec 06 22:40:58 np0005549343.novalocal object-server[96909]: ::1 - - [07/Dec/2025:03:40:58 +0000] "GET /1/176331/AUTH_9cb2db62181546998c52314d1567748c/gnocchi.88583bed-cfec-46b0-8697-d77d06c2a8e9/1764720000.0_mean_300.0_v3" 404 70 "GET https://[::1]:8080/v1/AUTH_9cb2db62181546998c52314d1567748c/gnocchi.88583bed-cfec-46b0-8697-d77d06c2a8e9/1764720000.0_mean_300.0_v3" "tx83564ebf997d400594214-006934f74a" "proxy-server 97857" 0.0003 "-" 96909 0
Dec 06 22:40:58 np0005549343.novalocal container-server[96575]: ::1 - - [07/Dec/2025:03:40:58 +0000] "HEAD /2/50385/AUTH_9cb2db62181546998c52314d1567748c/gnocchi.4b6c0fc0-723d-481b-8e40-a0b10fdaab71" 404 - "HEAD http://[::1]:8080/v1/AUTH_9cb2db62181546998c52314d1567748c/gnocchi.4b6c0fc0-723d-481b-8e40-a0b10fdaab71" "txc06e76e466354185b19f0-006934f74a" "proxy-server 97857" 0.0004 "-" 96575 0
Dec 06 22:40:58 np0005549343.novalocal object-server[96910]: ::1 - - [07/Dec/2025:03:40:58 +0000] "GET /3/176331/AUTH_9cb2db62181546998c52314d1567748c/gnocchi.88583bed-cfec-46b0-8697-d77d06c2a8e9/1764720000.0_mean_300.0_v3" 404 70 "GET https://[::1]:8080/v1/AUTH_9cb2db62181546998c52314d1567748c/gnocchi.88583bed-cfec-46b0-8697-d77d06c2a8e9/1764720000.0_mean_300.0_v3" "tx83564ebf997d400594214-006934f74a" "proxy-server 97857" 0.0005 "-" 96910 0
Dec 06 22:40:58 np0005549343.novalocal container-server[96576]: ::1 - - [07/Dec/2025:03:40:58 +0000] "HEAD /3/50385/AUTH_9cb2db62181546998c52314d1567748c/gnocchi.4b6c0fc0-723d-481b-8e40-a0b10fdaab71" 404 - "HEAD http://[::1]:8080/v1/AUTH_9cb2db62181546998c52314d1567748c/gnocchi.4b6c0fc0-723d-481b-8e40-a0b10fdaab71" "txc06e76e466354185b19f0-006934f74a" "proxy-server 97857" 0.0005 "-" 96576 0
Dec 06 22:40:58 np0005549343.novalocal container-server[96575]: ::1 - - [07/Dec/2025:03:40:58 +0000] "HEAD /1/50385/AUTH_9cb2db62181546998c52314d1567748c/gnocchi.4b6c0fc0-723d-481b-8e40-a0b10fdaab71" 404 - "HEAD http://[::1]:8080/v1/AUTH_9cb2db62181546998c52314d1567748c/gnocchi.4b6c0fc0-723d-481b-8e40-a0b10fdaab71" "txc06e76e466354185b19f0-006934f74a" "proxy-server 97857" 0.0003 "-" 96575 0
Dec 06 22:40:58 np0005549343.novalocal object-server[96910]: ::1 - - [07/Dec/2025:03:40:58 +0000] "GET /2/176331/AUTH_9cb2db62181546998c52314d1567748c/gnocchi.88583bed-cfec-46b0-8697-d77d06c2a8e9/1764720000.0_mean_300.0_v3" 404 70 "GET https://[::1]:8080/v1/AUTH_9cb2db62181546998c52314d1567748c/gnocchi.88583bed-cfec-46b0-8697-d77d06c2a8e9/1764720000.0_mean_300.0_v3" "tx83564ebf997d400594214-006934f74a" "proxy-server 97857" 0.0004 "-" 96910 0
Dec 06 22:40:58 np0005549343.novalocal proxy-server[97857]: ::1 ::1 07/Dec/2025/03/40/58 GET /v1/AUTH_9cb2db62181546998c52314d1567748c/gnocchi.88583bed-cfec-46b0-8697-d77d06c2a8e9/1764720000.0_mean_300.0_v3 HTTP/1.0 404 - python-swiftclient-4.8.0 gAAAAABpNPckgn8e... - 70 - tx83564ebf997d400594214-006934f74a - 0.0163 - - 1765078858.630583525 1765078858.646924734 0 0c044fc9f411403aa3ab5cf8f2b14495
Dec 06 22:40:58 np0005549343.novalocal proxy-server[97857]: - - 07/Dec/2025/03/40/58 HEAD /v1/AUTH_9cb2db62181546998c52314d1567748c/gnocchi.4b6c0fc0-723d-481b-8e40-a0b10fdaab71 HTTP/1.0 404 - Swift - - - - txc06e76e466354185b19f0-006934f74a - 0.0124 CS - 1765078858.635385752 1765078858.647780180 0 -
Dec 06 22:40:58 np0005549343.novalocal object-server[96910]: ::1 - - [07/Dec/2025:03:40:58 +0000] "GET /1/132865/AUTH_9cb2db62181546998c52314d1567748c/gnocchi.4b6c0fc0-723d-481b-8e40-a0b10fdaab71/none_v3" 404 70 "GET https://[::1]:8080/v1/AUTH_9cb2db62181546998c52314d1567748c/gnocchi.4b6c0fc0-723d-481b-8e40-a0b10fdaab71/none_v3" "txc06e76e466354185b19f0-006934f74a" "proxy-server 97857" 0.0005 "-" 96910 0
Dec 06 22:40:58 np0005549343.novalocal object-server[96909]: ::1 - - [07/Dec/2025:03:40:58 +0000] "GET /3/132865/AUTH_9cb2db62181546998c52314d1567748c/gnocchi.4b6c0fc0-723d-481b-8e40-a0b10fdaab71/none_v3" 404 70 "GET https://[::1]:8080/v1/AUTH_9cb2db62181546998c52314d1567748c/gnocchi.4b6c0fc0-723d-481b-8e40-a0b10fdaab71/none_v3" "txc06e76e466354185b19f0-006934f74a" "proxy-server 97857" 0.0002 "-" 96909 0
Dec 06 22:40:58 np0005549343.novalocal object-server[96910]: ::1 - - [07/Dec/2025:03:40:58 +0000] "GET /2/132865/AUTH_9cb2db62181546998c52314d1567748c/gnocchi.4b6c0fc0-723d-481b-8e40-a0b10fdaab71/none_v3" 404 70 "GET https://[::1]:8080/v1/AUTH_9cb2db62181546998c52314d1567748c/gnocchi.4b6c0fc0-723d-481b-8e40-a0b10fdaab71/none_v3" "txc06e76e466354185b19f0-006934f74a" "proxy-server 97857" 0.0004 "-" 96910 0
Dec 06 22:40:58 np0005549343.novalocal proxy-server[97857]: ::1 ::1 07/Dec/2025/03/40/58 GET /v1/AUTH_9cb2db62181546998c52314d1567748c/gnocchi.4b6c0fc0-723d-481b-8e40-a0b10fdaab71/none_v3 HTTP/1.0 404 - python-swiftclient-4.8.0 gAAAAABpNPcx8Tdl... - 70 - txc06e76e466354185b19f0-006934f74a - 0.0322 - - 1765078858.634160042 1765078858.666365385 0 0c044fc9f411403aa3ab5cf8f2b14495
Dec 06 22:40:58 np0005549343.novalocal container-server[96575]: ::1 - - [07/Dec/2025:03:40:58 +0000] "PUT /2/116573/AUTH_9cb2db62181546998c52314d1567748c/gnocchi.88583bed-cfec-46b0-8697-d77d06c2a8e9/1764720000.0_mean_300.0_v3" 201 - "PUT http://[::1]:8080/1/176331/AUTH_9cb2db62181546998c52314d1567748c/gnocchi.88583bed-cfec-46b0-8697-d77d06c2a8e9/1764720000.0_mean_300.0_v3" "tx5cfe88b868a44098bcfe1-006934f74a" "object-server 96909" 0.0011 "-" 96575 0
Dec 06 22:40:58 np0005549343.novalocal object-server[96909]: ::1 - - [07/Dec/2025:03:40:58 +0000] "PUT /1/176331/AUTH_9cb2db62181546998c52314d1567748c/gnocchi.88583bed-cfec-46b0-8697-d77d06c2a8e9/1764720000.0_mean_300.0_v3" 201 - "PUT https://[::1]:8080/v1/AUTH_9cb2db62181546998c52314d1567748c/gnocchi.88583bed-cfec-46b0-8697-d77d06c2a8e9/1764720000.0_mean_300.0_v3" "tx5cfe88b868a44098bcfe1-006934f74a" "proxy-server 97857" 0.0175 "-" 96909 0
Dec 06 22:40:58 np0005549343.novalocal container-server[96575]: ::1 - - [07/Dec/2025:03:40:58 +0000] "PUT /3/116573/AUTH_9cb2db62181546998c52314d1567748c/gnocchi.88583bed-cfec-46b0-8697-d77d06c2a8e9/1764720000.0_mean_300.0_v3" 201 - "PUT http://[::1]:8080/2/176331/AUTH_9cb2db62181546998c52314d1567748c/gnocchi.88583bed-cfec-46b0-8697-d77d06c2a8e9/1764720000.0_mean_300.0_v3" "tx5cfe88b868a44098bcfe1-006934f74a" "object-server 96909" 0.0011 "-" 96575 0
Dec 06 22:40:58 np0005549343.novalocal object-server[96909]: ::1 - - [07/Dec/2025:03:40:58 +0000] "PUT /2/176331/AUTH_9cb2db62181546998c52314d1567748c/gnocchi.88583bed-cfec-46b0-8697-d77d06c2a8e9/1764720000.0_mean_300.0_v3" 201 - "PUT https://[::1]:8080/v1/AUTH_9cb2db62181546998c52314d1567748c/gnocchi.88583bed-cfec-46b0-8697-d77d06c2a8e9/1764720000.0_mean_300.0_v3" "tx5cfe88b868a44098bcfe1-006934f74a" "proxy-server 97857" 0.0221 "-" 96909 0
Dec 06 22:40:58 np0005549343.novalocal container-server[96575]: ::1 - - [07/Dec/2025:03:40:58 +0000] "PUT /1/116573/AUTH_9cb2db62181546998c52314d1567748c/gnocchi.88583bed-cfec-46b0-8697-d77d06c2a8e9/1764720000.0_mean_300.0_v3" 201 - "PUT http://[::1]:8080/3/176331/AUTH_9cb2db62181546998c52314d1567748c/gnocchi.88583bed-cfec-46b0-8697-d77d06c2a8e9/1764720000.0_mean_300.0_v3" "tx5cfe88b868a44098bcfe1-006934f74a" "object-server 96910" 0.0007 "-" 96575 0
Dec 06 22:40:58 np0005549343.novalocal object-server[96910]: ::1 - - [07/Dec/2025:03:40:58 +0000] "PUT /3/176331/AUTH_9cb2db62181546998c52314d1567748c/gnocchi.88583bed-cfec-46b0-8697-d77d06c2a8e9/1764720000.0_mean_300.0_v3" 201 - "PUT https://[::1]:8080/v1/AUTH_9cb2db62181546998c52314d1567748c/gnocchi.88583bed-cfec-46b0-8697-d77d06c2a8e9/1764720000.0_mean_300.0_v3" "tx5cfe88b868a44098bcfe1-006934f74a" "proxy-server 97857" 0.0274 "-" 96910 0
Dec 06 22:40:58 np0005549343.novalocal proxy-server[97857]: ::1 ::1 07/Dec/2025/03/40/58 PUT /v1/AUTH_9cb2db62181546998c52314d1567748c/gnocchi.88583bed-cfec-46b0-8697-d77d06c2a8e9/1764720000.0_mean_300.0_v3 HTTP/1.0 201 - python-swiftclient-4.8.0 gAAAAABpNPckgn8e... 16 - - tx5cfe88b868a44098bcfe1-006934f74a - 0.0361 - - 1765078858.651591063 1765078858.687718630 0 0c044fc9f411403aa3ab5cf8f2b14495
Dec 06 22:40:58 np0005549343.novalocal container-server[96575]: ::1 - - [07/Dec/2025:03:40:58 +0000] "PUT /1/116573/AUTH_9cb2db62181546998c52314d1567748c/gnocchi.88583bed-cfec-46b0-8697-d77d06c2a8e9/none_v3" 201 - "PUT http://[::1]:8080/1/257120/AUTH_9cb2db62181546998c52314d1567748c/gnocchi.88583bed-cfec-46b0-8697-d77d06c2a8e9/none_v3" "txb96d557a5353416f85a96-006934f74a" "object-server 96909" 0.0005 "-" 96575 0
Dec 06 22:40:58 np0005549343.novalocal container-server[96575]: ::1 - - [07/Dec/2025:03:40:58 +0000] "PUT /3/116573/AUTH_9cb2db62181546998c52314d1567748c/gnocchi.88583bed-cfec-46b0-8697-d77d06c2a8e9/none_v3" 201 - "PUT http://[::1]:8080/2/257120/AUTH_9cb2db62181546998c52314d1567748c/gnocchi.88583bed-cfec-46b0-8697-d77d06c2a8e9/none_v3" "txb96d557a5353416f85a96-006934f74a" "object-server 96910" 0.0003 "-" 96575 0
Dec 06 22:40:58 np0005549343.novalocal object-server[96909]: ::1 - - [07/Dec/2025:03:40:58 +0000] "PUT /1/257120/AUTH_9cb2db62181546998c52314d1567748c/gnocchi.88583bed-cfec-46b0-8697-d77d06c2a8e9/none_v3" 201 - "PUT https://[::1]:8080/v1/AUTH_9cb2db62181546998c52314d1567748c/gnocchi.88583bed-cfec-46b0-8697-d77d06c2a8e9/none_v3" "txb96d557a5353416f85a96-006934f74a" "proxy-server 97857" 0.0165 "-" 96909 0
Dec 06 22:40:58 np0005549343.novalocal object-server[96910]: ::1 - - [07/Dec/2025:03:40:58 +0000] "PUT /2/257120/AUTH_9cb2db62181546998c52314d1567748c/gnocchi.88583bed-cfec-46b0-8697-d77d06c2a8e9/none_v3" 201 - "PUT https://[::1]:8080/v1/AUTH_9cb2db62181546998c52314d1567748c/gnocchi.88583bed-cfec-46b0-8697-d77d06c2a8e9/none_v3" "txb96d557a5353416f85a96-006934f74a" "proxy-server 97857" 0.0170 "-" 96910 0
Dec 06 22:40:58 np0005549343.novalocal account-server[96281]: ::1 - - [07/Dec/2025:03:40:58 +0000] "PUT /1/78968/AUTH_9cb2db62181546998c52314d1567748c/gnocchi.4b6c0fc0-723d-481b-8e40-a0b10fdaab71" 201 - "PUT http://[::1]:6001/3/50385/AUTH_9cb2db62181546998c52314d1567748c/gnocchi.4b6c0fc0-723d-481b-8e40-a0b10fdaab71" "tx6aa1091c2630402a84d5c-006934f74a" "container-server 96576" 0.0118 "-" 96281 0
Dec 06 22:40:58 np0005549343.novalocal container-server[96576]: ::1 - - [07/Dec/2025:03:40:58 +0000] "PUT /3/50385/AUTH_9cb2db62181546998c52314d1567748c/gnocchi.4b6c0fc0-723d-481b-8e40-a0b10fdaab71" 201 - "PUT https://[::1]:8080/v1/AUTH_9cb2db62181546998c52314d1567748c/gnocchi.4b6c0fc0-723d-481b-8e40-a0b10fdaab71" "tx6aa1091c2630402a84d5c-006934f74a" "proxy-server 97857" 0.0403 "-" 96576 0
Dec 06 22:40:58 np0005549343.novalocal container-server[96576]: ::1 - - [07/Dec/2025:03:40:58 +0000] "PUT /2/116573/AUTH_9cb2db62181546998c52314d1567748c/gnocchi.88583bed-cfec-46b0-8697-d77d06c2a8e9/none_v3" 201 - "PUT http://[::1]:8080/3/257120/AUTH_9cb2db62181546998c52314d1567748c/gnocchi.88583bed-cfec-46b0-8697-d77d06c2a8e9/none_v3" "txb96d557a5353416f85a96-006934f74a" "object-server 96910" 0.0007 "-" 96576 0
Dec 06 22:40:58 np0005549343.novalocal object-server[96910]: ::1 - - [07/Dec/2025:03:40:58 +0000] "PUT /3/257120/AUTH_9cb2db62181546998c52314d1567748c/gnocchi.88583bed-cfec-46b0-8697-d77d06c2a8e9/none_v3" 201 - "PUT https://[::1]:8080/v1/AUTH_9cb2db62181546998c52314d1567748c/gnocchi.88583bed-cfec-46b0-8697-d77d06c2a8e9/none_v3" "txb96d557a5353416f85a96-006934f74a" "proxy-server 97857" 0.0322 "-" 96910 0
Dec 06 22:40:58 np0005549343.novalocal proxy-server[97857]: ::1 ::1 07/Dec/2025/03/40/58 PUT /v1/AUTH_9cb2db62181546998c52314d1567748c/gnocchi.88583bed-cfec-46b0-8697-d77d06c2a8e9/none_v3 HTTP/1.0 201 - python-swiftclient-4.8.0 gAAAAABpNPckgn8e... 22 - - txb96d557a5353416f85a96-006934f74a - 0.0482 - - 1765078858.691669703 1765078858.739874840 0 0c044fc9f411403aa3ab5cf8f2b14495
Dec 06 22:40:58 np0005549343.novalocal account-server[96280]: ::1 - - [07/Dec/2025:03:40:58 +0000] "PUT /2/78968/AUTH_9cb2db62181546998c52314d1567748c/gnocchi.4b6c0fc0-723d-481b-8e40-a0b10fdaab71" 201 - "PUT http://[::1]:6001/2/50385/AUTH_9cb2db62181546998c52314d1567748c/gnocchi.4b6c0fc0-723d-481b-8e40-a0b10fdaab71" "tx6aa1091c2630402a84d5c-006934f74a" "container-server 96576" 0.0104 "-" 96280 0
Dec 06 22:40:58 np0005549343.novalocal container-server[96576]: ::1 - - [07/Dec/2025:03:40:58 +0000] "PUT /2/50385/AUTH_9cb2db62181546998c52314d1567748c/gnocchi.4b6c0fc0-723d-481b-8e40-a0b10fdaab71" 201 - "PUT https://[::1]:8080/v1/AUTH_9cb2db62181546998c52314d1567748c/gnocchi.4b6c0fc0-723d-481b-8e40-a0b10fdaab71" "tx6aa1091c2630402a84d5c-006934f74a" "proxy-server 97857" 0.0271 "-" 96576 0
Dec 06 22:40:58 np0005549343.novalocal account-server[96281]: ::1 - - [07/Dec/2025:03:40:58 +0000] "PUT /3/78968/AUTH_9cb2db62181546998c52314d1567748c/gnocchi.4b6c0fc0-723d-481b-8e40-a0b10fdaab71" 201 - "PUT http://[::1]:6001/1/50385/AUTH_9cb2db62181546998c52314d1567748c/gnocchi.4b6c0fc0-723d-481b-8e40-a0b10fdaab71" "tx6aa1091c2630402a84d5c-006934f74a" "container-server 96576" 0.0189 "-" 96281 0
Dec 06 22:40:58 np0005549343.novalocal container-server[96576]: ::1 - - [07/Dec/2025:03:40:58 +0000] "PUT /1/50385/AUTH_9cb2db62181546998c52314d1567748c/gnocchi.4b6c0fc0-723d-481b-8e40-a0b10fdaab71" 201 - "PUT https://[::1]:8080/v1/AUTH_9cb2db62181546998c52314d1567748c/gnocchi.4b6c0fc0-723d-481b-8e40-a0b10fdaab71" "tx6aa1091c2630402a84d5c-006934f74a" "proxy-server 97857" 0.0802 "-" 96576 0
Dec 06 22:40:58 np0005549343.novalocal proxy-server[97857]: ::1 ::1 07/Dec/2025/03/40/58 PUT /v1/AUTH_9cb2db62181546998c52314d1567748c/gnocchi.4b6c0fc0-723d-481b-8e40-a0b10fdaab71 HTTP/1.0 201 - python-swiftclient-4.8.0 gAAAAABpNPcx8Tdl... - - - tx6aa1091c2630402a84d5c-006934f74a - 0.0873 - - 1765078858.669444084 1765078858.756695509 0 0c044fc9f411403aa3ab5cf8f2b14495
Dec 06 22:40:58 np0005549343.novalocal container-server[96575]: ::1 - - [07/Dec/2025:03:40:58 +0000] "HEAD /3/227979/AUTH_9cb2db62181546998c52314d1567748c/gnocchi.9ef6c519-f36e-4224-9f1a-eb4a50154271" 404 - "HEAD http://[::1]:8080/v1/AUTH_9cb2db62181546998c52314d1567748c/gnocchi.9ef6c519-f36e-4224-9f1a-eb4a50154271" "txa30c38b3cd964fc2b3f33-006934f74a" "proxy-server 97857" 0.0009 "-" 96575 0
Dec 06 22:40:58 np0005549343.novalocal container-server[96576]: ::1 - - [07/Dec/2025:03:40:58 +0000] "HEAD /1/227979/AUTH_9cb2db62181546998c52314d1567748c/gnocchi.9ef6c519-f36e-4224-9f1a-eb4a50154271" 404 - "HEAD http://[::1]:8080/v1/AUTH_9cb2db62181546998c52314d1567748c/gnocchi.9ef6c519-f36e-4224-9f1a-eb4a50154271" "txa30c38b3cd964fc2b3f33-006934f74a" "proxy-server 97857" 0.0004 "-" 96576 0
Dec 06 22:40:58 np0005549343.novalocal container-server[96575]: ::1 - - [07/Dec/2025:03:40:58 +0000] "HEAD /2/227979/AUTH_9cb2db62181546998c52314d1567748c/gnocchi.9ef6c519-f36e-4224-9f1a-eb4a50154271" 404 - "HEAD http://[::1]:8080/v1/AUTH_9cb2db62181546998c52314d1567748c/gnocchi.9ef6c519-f36e-4224-9f1a-eb4a50154271" "txa30c38b3cd964fc2b3f33-006934f74a" "proxy-server 97857" 0.0004 "-" 96575 0
Dec 06 22:40:58 np0005549343.novalocal proxy-server[97857]: - - 07/Dec/2025/03/40/58 HEAD /v1/AUTH_9cb2db62181546998c52314d1567748c/gnocchi.9ef6c519-f36e-4224-9f1a-eb4a50154271 HTTP/1.0 404 - Swift - - - - txa30c38b3cd964fc2b3f33-006934f74a - 0.0108 CS - 1765078858.760873556 1765078858.771694422 0 -
Dec 06 22:40:58 np0005549343.novalocal object-server[96909]: ::1 - - [07/Dec/2025:03:40:58 +0000] "GET /1/46818/AUTH_9cb2db62181546998c52314d1567748c/gnocchi.9ef6c519-f36e-4224-9f1a-eb4a50154271/none_v3" 404 70 "GET https://[::1]:8080/v1/AUTH_9cb2db62181546998c52314d1567748c/gnocchi.9ef6c519-f36e-4224-9f1a-eb4a50154271/none_v3" "txa30c38b3cd964fc2b3f33-006934f74a" "proxy-server 97857" 0.0005 "-" 96909 0
Dec 06 22:40:58 np0005549343.novalocal object-server[96909]: ::1 - - [07/Dec/2025:03:40:58 +0000] "GET /2/46818/AUTH_9cb2db62181546998c52314d1567748c/gnocchi.9ef6c519-f36e-4224-9f1a-eb4a50154271/none_v3" 404 70 "GET https://[::1]:8080/v1/AUTH_9cb2db62181546998c52314d1567748c/gnocchi.9ef6c519-f36e-4224-9f1a-eb4a50154271/none_v3" "txa30c38b3cd964fc2b3f33-006934f74a" "proxy-server 97857" 0.0004 "-" 96909 0
Dec 06 22:40:58 np0005549343.novalocal object-server[96909]: ::1 - - [07/Dec/2025:03:40:58 +0000] "GET /3/46818/AUTH_9cb2db62181546998c52314d1567748c/gnocchi.9ef6c519-f36e-4224-9f1a-eb4a50154271/none_v3" 404 70 "GET https://[::1]:8080/v1/AUTH_9cb2db62181546998c52314d1567748c/gnocchi.9ef6c519-f36e-4224-9f1a-eb4a50154271/none_v3" "txa30c38b3cd964fc2b3f33-006934f74a" "proxy-server 97857" 0.0009 "-" 96909 0
Dec 06 22:40:58 np0005549343.novalocal proxy-server[97857]: ::1 ::1 07/Dec/2025/03/40/58 GET /v1/AUTH_9cb2db62181546998c52314d1567748c/gnocchi.9ef6c519-f36e-4224-9f1a-eb4a50154271/none_v3 HTTP/1.0 404 - python-swiftclient-4.8.0 gAAAAABpNPcx8Tdl... - 70 - txa30c38b3cd964fc2b3f33-006934f74a - 0.0255 - - 1765078858.760223389 1765078858.785734415 0 0c044fc9f411403aa3ab5cf8f2b14495
Dec 06 22:40:58 np0005549343.novalocal account-server[96280]: ::1 - - [07/Dec/2025:03:40:58 +0000] "PUT /2/78968/AUTH_9cb2db62181546998c52314d1567748c/gnocchi.9ef6c519-f36e-4224-9f1a-eb4a50154271" 201 - "PUT http://[::1]:6001/3/227979/AUTH_9cb2db62181546998c52314d1567748c/gnocchi.9ef6c519-f36e-4224-9f1a-eb4a50154271" "tx20b432f2751342acb956f-006934f74a" "container-server 96576" 0.0045 "-" 96280 0
Dec 06 22:40:58 np0005549343.novalocal container-server[96576]: ::1 - - [07/Dec/2025:03:40:58 +0000] "PUT /3/227979/AUTH_9cb2db62181546998c52314d1567748c/gnocchi.9ef6c519-f36e-4224-9f1a-eb4a50154271" 201 - "PUT https://[::1]:8080/v1/AUTH_9cb2db62181546998c52314d1567748c/gnocchi.9ef6c519-f36e-4224-9f1a-eb4a50154271" "tx20b432f2751342acb956f-006934f74a" "proxy-server 97857" 0.0309 "-" 96576 0
Dec 06 22:40:58 np0005549343.novalocal object-auditor[104309]: Object audit (ALL). Since Sun Dec 7 03:40:56 2025: Locally: 1 passed, 0 quarantined, 0 errors, files/sec: 0.46, bytes/sec: 9964563.45, Total time: 2.15, Auditing time: 0.00, Rate: 0.00
Dec 06 22:40:58 np0005549343.novalocal account-server[96281]: ::1 - - [07/Dec/2025:03:40:58 +0000] "PUT /3/78968/AUTH_9cb2db62181546998c52314d1567748c/gnocchi.9ef6c519-f36e-4224-9f1a-eb4a50154271" 201 - "PUT http://[::1]:6001/2/227979/AUTH_9cb2db62181546998c52314d1567748c/gnocchi.9ef6c519-f36e-4224-9f1a-eb4a50154271" "tx20b432f2751342acb956f-006934f74a" "container-server 96575" 0.0085 "-" 96281 0
Dec 06 22:40:58 np0005549343.novalocal container-server[96575]: ::1 - - [07/Dec/2025:03:40:58 +0000] "PUT /2/227979/AUTH_9cb2db62181546998c52314d1567748c/gnocchi.9ef6c519-f36e-4224-9f1a-eb4a50154271" 201 - "PUT https://[::1]:8080/v1/AUTH_9cb2db62181546998c52314d1567748c/gnocchi.9ef6c519-f36e-4224-9f1a-eb4a50154271" "tx20b432f2751342acb956f-006934f74a" "proxy-server 97857" 0.0380 "-" 96575 0
Dec 06 22:40:58 np0005549343.novalocal account-server[96280]: ::1 - - [07/Dec/2025:03:40:58 +0000] "PUT /1/78968/AUTH_9cb2db62181546998c52314d1567748c/gnocchi.9ef6c519-f36e-4224-9f1a-eb4a50154271" 201 - "PUT http://[::1]:6001/1/227979/AUTH_9cb2db62181546998c52314d1567748c/gnocchi.9ef6c519-f36e-4224-9f1a-eb4a50154271" "tx20b432f2751342acb956f-006934f74a" "container-server 96575" 0.0049 "-" 96280 0
Dec 06 22:40:58 np0005549343.novalocal container-server[96575]: ::1 - - [07/Dec/2025:03:40:58 +0000] "PUT /1/227979/AUTH_9cb2db62181546998c52314d1567748c/gnocchi.9ef6c519-f36e-4224-9f1a-eb4a50154271" 201 - "PUT https://[::1]:8080/v1/AUTH_9cb2db62181546998c52314d1567748c/gnocchi.9ef6c519-f36e-4224-9f1a-eb4a50154271" "tx20b432f2751342acb956f-006934f74a" "proxy-server 97857" 0.0642 "-" 96575 0
Dec 06 22:40:58 np0005549343.novalocal proxy-server[97857]: ::1 ::1 07/Dec/2025/03/40/58 PUT /v1/AUTH_9cb2db62181546998c52314d1567748c/gnocchi.9ef6c519-f36e-4224-9f1a-eb4a50154271 HTTP/1.0 201 - python-swiftclient-4.8.0 gAAAAABpNPcx8Tdl... - - - tx20b432f2751342acb956f-006934f74a - 0.0724 - - 1765078858.789203882 1765078858.861643076 0 0c044fc9f411403aa3ab5cf8f2b14495
Dec 06 22:40:58 np0005549343.novalocal container-server[96576]: ::1 - - [07/Dec/2025:03:40:58 +0000] "HEAD /1/50385/AUTH_9cb2db62181546998c52314d1567748c/gnocchi.4b6c0fc0-723d-481b-8e40-a0b10fdaab71" 204 - "HEAD http://[::1]:8080/v1/AUTH_9cb2db62181546998c52314d1567748c/gnocchi.4b6c0fc0-723d-481b-8e40-a0b10fdaab71" "txd6fcae9a13d04587ae9df-006934f74a" "proxy-server 97857" 0.0030 "-" 96576 0
Dec 06 22:40:58 np0005549343.novalocal proxy-server[97857]: - - 07/Dec/2025/03/40/58 HEAD /v1/AUTH_9cb2db62181546998c52314d1567748c/gnocchi.4b6c0fc0-723d-481b-8e40-a0b10fdaab71 HTTP/1.0 204 - Swift - - - - txd6fcae9a13d04587ae9df-006934f74a - 0.0076 CS - 1765078858.866598845 1765078858.874192715 0 -
Dec 06 22:40:58 np0005549343.novalocal container-server[96576]: ::1 - - [07/Dec/2025:03:40:58 +0000] "GET /3/50385/AUTH_9cb2db62181546998c52314d1567748c/gnocchi.4b6c0fc0-723d-481b-8e40-a0b10fdaab71" 200 2 "GET https://[::1]:8080/v1/AUTH_9cb2db62181546998c52314d1567748c/gnocchi.4b6c0fc0-723d-481b-8e40-a0b10fdaab71?format=json&states=listing" "txd6fcae9a13d04587ae9df-006934f74a" "proxy-server 97857" 0.0046 "-" 96576 0
Dec 06 22:40:58 np0005549343.novalocal proxy-server[97857]: ::1 ::1 07/Dec/2025/03/40/58 GET /v1/AUTH_9cb2db62181546998c52314d1567748c/gnocchi.4b6c0fc0-723d-481b-8e40-a0b10fdaab71%3Fformat%3Djson%26states%3Dlisting HTTP/1.0 200 - python-swiftclient-4.8.0 gAAAAABpNPcx8Tdl... - 2 - txd6fcae9a13d04587ae9df-006934f74a - 0.0222 - - 1765078858.864913702 1765078858.887096643 0 0c044fc9f411403aa3ab5cf8f2b14495
Dec 06 22:40:58 np0005549343.novalocal container-server[96576]: ::1 - - [07/Dec/2025:03:40:58 +0000] "HEAD /3/227979/AUTH_9cb2db62181546998c52314d1567748c/gnocchi.9ef6c519-f36e-4224-9f1a-eb4a50154271" 204 - "HEAD http://[::1]:8080/v1/AUTH_9cb2db62181546998c52314d1567748c/gnocchi.9ef6c519-f36e-4224-9f1a-eb4a50154271" "tx165e8554e0964aa4bd538-006934f74a" "proxy-server 97857" 0.0029 "-" 96576 0
Dec 06 22:40:58 np0005549343.novalocal proxy-server[97857]: - - 07/Dec/2025/03/40/58 HEAD /v1/AUTH_9cb2db62181546998c52314d1567748c/gnocchi.9ef6c519-f36e-4224-9f1a-eb4a50154271 HTTP/1.0 204 - Swift - - - - tx165e8554e0964aa4bd538-006934f74a - 0.0073 CS - 1765078858.893915415 1765078858.901204824 0 -
Dec 06 22:40:58 np0005549343.novalocal container-server[96575]: ::1 - - [07/Dec/2025:03:40:58 +0000] "GET /3/227979/AUTH_9cb2db62181546998c52314d1567748c/gnocchi.9ef6c519-f36e-4224-9f1a-eb4a50154271" 200 2 "GET https://[::1]:8080/v1/AUTH_9cb2db62181546998c52314d1567748c/gnocchi.9ef6c519-f36e-4224-9f1a-eb4a50154271?format=json&states=listing" "tx165e8554e0964aa4bd538-006934f74a" "proxy-server 97857" 0.0046 "-" 96575 0
Dec 06 22:40:58 np0005549343.novalocal proxy-server[97857]: ::1 ::1 07/Dec/2025/03/40/58 GET /v1/AUTH_9cb2db62181546998c52314d1567748c/gnocchi.9ef6c519-f36e-4224-9f1a-eb4a50154271%3Fformat%3Djson%26states%3Dlisting HTTP/1.0 200 - python-swiftclient-4.8.0 gAAAAABpNPcx8Tdl... - 2 - tx165e8554e0964aa4bd538-006934f74a - 0.0211 - - 1765078858.893185854 1765078858.914253235 0 0c044fc9f411403aa3ab5cf8f2b14495
Dec 06 22:40:58 np0005549343.novalocal object-server[96909]: ::1 - - [07/Dec/2025:03:40:58 +0000] "GET /2/23250/AUTH_9cb2db62181546998c52314d1567748c/gnocchi.4b6c0fc0-723d-481b-8e40-a0b10fdaab71/1764720000.0_mean_300.0_v3" 404 70 "GET https://[::1]:8080/v1/AUTH_9cb2db62181546998c52314d1567748c/gnocchi.4b6c0fc0-723d-481b-8e40-a0b10fdaab71/1764720000.0_mean_300.0_v3" "tx3634db0c74a145a48b543-006934f74a" "proxy-server 97857" 0.0006 "-" 96909 0
Dec 06 22:40:58 np0005549343.novalocal object-server[96909]: ::1 - - [07/Dec/2025:03:40:58 +0000] "GET /3/23250/AUTH_9cb2db62181546998c52314d1567748c/gnocchi.4b6c0fc0-723d-481b-8e40-a0b10fdaab71/1764720000.0_mean_300.0_v3" 404 70 "GET https://[::1]:8080/v1/AUTH_9cb2db62181546998c52314d1567748c/gnocchi.4b6c0fc0-723d-481b-8e40-a0b10fdaab71/1764720000.0_mean_300.0_v3" "tx3634db0c74a145a48b543-006934f74a" "proxy-server 97857" 0.0004 "-" 96909 0
Dec 06 22:40:58 np0005549343.novalocal object-server[96909]: ::1 - - [07/Dec/2025:03:40:58 +0000] "GET /1/23250/AUTH_9cb2db62181546998c52314d1567748c/gnocchi.4b6c0fc0-723d-481b-8e40-a0b10fdaab71/1764720000.0_mean_300.0_v3" 404 70 "GET https://[::1]:8080/v1/AUTH_9cb2db62181546998c52314d1567748c/gnocchi.4b6c0fc0-723d-481b-8e40-a0b10fdaab71/1764720000.0_mean_300.0_v3" "tx3634db0c74a145a48b543-006934f74a" "proxy-server 97857" 0.0006 "-" 96909 0
Dec 06 22:40:58 np0005549343.novalocal proxy-server[97857]: ::1 ::1 07/Dec/2025/03/40/58 GET /v1/AUTH_9cb2db62181546998c52314d1567748c/gnocchi.4b6c0fc0-723d-481b-8e40-a0b10fdaab71/1764720000.0_mean_300.0_v3 HTTP/1.0 404 - python-swiftclient-4.8.0 gAAAAABpNPcx8Tdl... - 70 - tx3634db0c74a145a48b543-006934f74a - 0.0160 - - 1765078858.919414282 1765078858.935373306 0 0c044fc9f411403aa3ab5cf8f2b14495
Dec 06 22:40:58 np0005549343.novalocal object-server[96909]: ::1 - - [07/Dec/2025:03:40:58 +0000] "GET /1/228483/AUTH_9cb2db62181546998c52314d1567748c/gnocchi.9ef6c519-f36e-4224-9f1a-eb4a50154271/1764720000.0_mean_300.0_v3" 404 70 "GET https://[::1]:8080/v1/AUTH_9cb2db62181546998c52314d1567748c/gnocchi.9ef6c519-f36e-4224-9f1a-eb4a50154271/1764720000.0_mean_300.0_v3" "tx207341fc62374c9d90f4f-006934f74a" "proxy-server 97857" 0.0004 "-" 96909 0
Dec 06 22:40:58 np0005549343.novalocal object-server[96910]: ::1 - - [07/Dec/2025:03:40:58 +0000] "GET /3/228483/AUTH_9cb2db62181546998c52314d1567748c/gnocchi.9ef6c519-f36e-4224-9f1a-eb4a50154271/1764720000.0_mean_300.0_v3" 404 70 "GET https://[::1]:8080/v1/AUTH_9cb2db62181546998c52314d1567748c/gnocchi.9ef6c519-f36e-4224-9f1a-eb4a50154271/1764720000.0_mean_300.0_v3" "tx207341fc62374c9d90f4f-006934f74a" "proxy-server 97857" 0.0004 "-" 96910 0
Dec 06 22:40:58 np0005549343.novalocal object-server[96909]: ::1 - - [07/Dec/2025:03:40:58 +0000] "GET /2/228483/AUTH_9cb2db62181546998c52314d1567748c/gnocchi.9ef6c519-f36e-4224-9f1a-eb4a50154271/1764720000.0_mean_300.0_v3" 404 70 "GET https://[::1]:8080/v1/AUTH_9cb2db62181546998c52314d1567748c/gnocchi.9ef6c519-f36e-4224-9f1a-eb4a50154271/1764720000.0_mean_300.0_v3" "tx207341fc62374c9d90f4f-006934f74a" "proxy-server 97857" 0.0004 "-" 96909 0
Dec 06 22:40:58 np0005549343.novalocal proxy-server[97857]: ::1 ::1 07/Dec/2025/03/40/58 GET /v1/AUTH_9cb2db62181546998c52314d1567748c/gnocchi.9ef6c519-f36e-4224-9f1a-eb4a50154271/1764720000.0_mean_300.0_v3 HTTP/1.0 404 - python-swiftclient-4.8.0 gAAAAABpNPcx8Tdl... - 70 - tx207341fc62374c9d90f4f-006934f74a - 0.0183 - - 1765078858.939712048 1765078858.958056688 0 0c044fc9f411403aa3ab5cf8f2b14495
Dec 06 22:40:59 np0005549343.novalocal container-server[96575]: ::1 - - [07/Dec/2025:03:40:59 +0000] "PUT /1/50385/AUTH_9cb2db62181546998c52314d1567748c/gnocchi.4b6c0fc0-723d-481b-8e40-a0b10fdaab71/1764720000.0_mean_300.0_v3" 201 - "PUT http://[::1]:8080/1/23250/AUTH_9cb2db62181546998c52314d1567748c/gnocchi.4b6c0fc0-723d-481b-8e40-a0b10fdaab71/1764720000.0_mean_300.0_v3" "tx3a4f2e8332834d28883e4-006934f74a" "object-server 96910" 0.0009 "-" 96575 0
Dec 06 22:40:59 np0005549343.novalocal container-server[96576]: ::1 - - [07/Dec/2025:03:40:59 +0000] "PUT /3/50385/AUTH_9cb2db62181546998c52314d1567748c/gnocchi.4b6c0fc0-723d-481b-8e40-a0b10fdaab71/1764720000.0_mean_300.0_v3" 201 - "PUT http://[::1]:8080/3/23250/AUTH_9cb2db62181546998c52314d1567748c/gnocchi.4b6c0fc0-723d-481b-8e40-a0b10fdaab71/1764720000.0_mean_300.0_v3" "tx3a4f2e8332834d28883e4-006934f74a" "object-server 96910" 0.0009 "-" 96576 0
Dec 06 22:40:59 np0005549343.novalocal object-server[96910]: ::1 - - [07/Dec/2025:03:40:59 +0000] "PUT /1/23250/AUTH_9cb2db62181546998c52314d1567748c/gnocchi.4b6c0fc0-723d-481b-8e40-a0b10fdaab71/1764720000.0_mean_300.0_v3" 201 - "PUT https://[::1]:8080/v1/AUTH_9cb2db62181546998c52314d1567748c/gnocchi.4b6c0fc0-723d-481b-8e40-a0b10fdaab71/1764720000.0_mean_300.0_v3" "tx3a4f2e8332834d28883e4-006934f74a" "proxy-server 97857" 0.0352 "-" 96910 0
Dec 06 22:40:59 np0005549343.novalocal object-server[96910]: ::1 - - [07/Dec/2025:03:40:59 +0000] "PUT /3/23250/AUTH_9cb2db62181546998c52314d1567748c/gnocchi.4b6c0fc0-723d-481b-8e40-a0b10fdaab71/1764720000.0_mean_300.0_v3" 201 - "PUT https://[::1]:8080/v1/AUTH_9cb2db62181546998c52314d1567748c/gnocchi.4b6c0fc0-723d-481b-8e40-a0b10fdaab71/1764720000.0_mean_300.0_v3" "tx3a4f2e8332834d28883e4-006934f74a" "proxy-server 97857" 0.0378 "-" 96910 0
Dec 06 22:40:59 np0005549343.novalocal container-server[96575]: ::1 - - [07/Dec/2025:03:40:59 +0000] "PUT /2/50385/AUTH_9cb2db62181546998c52314d1567748c/gnocchi.4b6c0fc0-723d-481b-8e40-a0b10fdaab71/1764720000.0_mean_300.0_v3" 201 - "PUT http://[::1]:8080/2/23250/AUTH_9cb2db62181546998c52314d1567748c/gnocchi.4b6c0fc0-723d-481b-8e40-a0b10fdaab71/1764720000.0_mean_300.0_v3" "tx3a4f2e8332834d28883e4-006934f74a" "object-server 96909" 0.0008 "-" 96575 0
Dec 06 22:40:59 np0005549343.novalocal object-server[96909]: ::1 - - [07/Dec/2025:03:40:59 +0000] "PUT /2/23250/AUTH_9cb2db62181546998c52314d1567748c/gnocchi.4b6c0fc0-723d-481b-8e40-a0b10fdaab71/1764720000.0_mean_300.0_v3" 201 - "PUT https://[::1]:8080/v1/AUTH_9cb2db62181546998c52314d1567748c/gnocchi.4b6c0fc0-723d-481b-8e40-a0b10fdaab71/1764720000.0_mean_300.0_v3" "tx3a4f2e8332834d28883e4-006934f74a" "proxy-server 97857" 0.0385 "-" 96909 0
Dec 06 22:40:59 np0005549343.novalocal proxy-server[97857]: ::1 ::1 07/Dec/2025/03/40/59 PUT /v1/AUTH_9cb2db62181546998c52314d1567748c/gnocchi.4b6c0fc0-723d-481b-8e40-a0b10fdaab71/1764720000.0_mean_300.0_v3 HTTP/1.0 201 - python-swiftclient-4.8.0 gAAAAABpNPcx8Tdl... 16 - - tx3a4f2e8332834d28883e4-006934f74a - 0.0506 - - 1765078858.963160038 1765078859.013730764 0 0c044fc9f411403aa3ab5cf8f2b14495
Dec 06 22:40:59 np0005549343.novalocal container-server[96575]: ::1 - - [07/Dec/2025:03:40:59 +0000] "PUT /3/227979/AUTH_9cb2db62181546998c52314d1567748c/gnocchi.9ef6c519-f36e-4224-9f1a-eb4a50154271/1764720000.0_mean_300.0_v3" 201 - "PUT http://[::1]:8080/1/228483/AUTH_9cb2db62181546998c52314d1567748c/gnocchi.9ef6c519-f36e-4224-9f1a-eb4a50154271/1764720000.0_mean_300.0_v3" "tx00f5fd5335594f2ab9375-006934f74b" "object-server 96910" 0.0008 "-" 96575 0
Dec 06 22:40:59 np0005549343.novalocal container-server[96576]: ::1 - - [07/Dec/2025:03:40:59 +0000] "PUT /1/227979/AUTH_9cb2db62181546998c52314d1567748c/gnocchi.9ef6c519-f36e-4224-9f1a-eb4a50154271/1764720000.0_mean_300.0_v3" 201 - "PUT http://[::1]:8080/3/228483/AUTH_9cb2db62181546998c52314d1567748c/gnocchi.9ef6c519-f36e-4224-9f1a-eb4a50154271/1764720000.0_mean_300.0_v3" "tx00f5fd5335594f2ab9375-006934f74b" "object-server 96909" 0.0006 "-" 96576 0
Dec 06 22:40:59 np0005549343.novalocal object-server[96910]: ::1 - - [07/Dec/2025:03:40:59 +0000] "PUT /1/228483/AUTH_9cb2db62181546998c52314d1567748c/gnocchi.9ef6c519-f36e-4224-9f1a-eb4a50154271/1764720000.0_mean_300.0_v3" 201 - "PUT https://[::1]:8080/v1/AUTH_9cb2db62181546998c52314d1567748c/gnocchi.9ef6c519-f36e-4224-9f1a-eb4a50154271/1764720000.0_mean_300.0_v3" "tx00f5fd5335594f2ab9375-006934f74b" "proxy-server 97857" 0.0299 "-" 96910 0
Dec 06 22:40:59 np0005549343.novalocal container-server[96576]: ::1 - - [07/Dec/2025:03:40:59 +0000] "PUT /2/227979/AUTH_9cb2db62181546998c52314d1567748c/gnocchi.9ef6c519-f36e-4224-9f1a-eb4a50154271/1764720000.0_mean_300.0_v3" 201 - "PUT http://[::1]:8080/2/228483/AUTH_9cb2db62181546998c52314d1567748c/gnocchi.9ef6c519-f36e-4224-9f1a-eb4a50154271/1764720000.0_mean_300.0_v3" "tx00f5fd5335594f2ab9375-006934f74b" "object-server 96910" 0.0006 "-" 96576 0
Dec 06 22:40:59 np0005549343.novalocal object-server[96909]: ::1 - - [07/Dec/2025:03:40:59 +0000] "PUT /3/228483/AUTH_9cb2db62181546998c52314d1567748c/gnocchi.9ef6c519-f36e-4224-9f1a-eb4a50154271/1764720000.0_mean_300.0_v3" 201 - "PUT https://[::1]:8080/v1/AUTH_9cb2db62181546998c52314d1567748c/gnocchi.9ef6c519-f36e-4224-9f1a-eb4a50154271/1764720000.0_mean_300.0_v3" "tx00f5fd5335594f2ab9375-006934f74b" "proxy-server 97857" 0.0249 "-" 96909 0
Dec 06 22:40:59 np0005549343.novalocal object-server[96910]: ::1 - - [07/Dec/2025:03:40:59 +0000] "PUT /2/228483/AUTH_9cb2db62181546998c52314d1567748c/gnocchi.9ef6c519-f36e-4224-9f1a-eb4a50154271/1764720000.0_mean_300.0_v3" 201 - "PUT https://[::1]:8080/v1/AUTH_9cb2db62181546998c52314d1567748c/gnocchi.9ef6c519-f36e-4224-9f1a-eb4a50154271/1764720000.0_mean_300.0_v3" "tx00f5fd5335594f2ab9375-006934f74b" "proxy-server 97857" 0.0303 "-" 96910 0
Dec 06 22:40:59 np0005549343.novalocal proxy-server[97857]: ::1 ::1 07/Dec/2025/03/40/59 PUT /v1/AUTH_9cb2db62181546998c52314d1567748c/gnocchi.9ef6c519-f36e-4224-9f1a-eb4a50154271/1764720000.0_mean_300.0_v3 HTTP/1.0 201 - python-swiftclient-4.8.0 gAAAAABpNPcx8Tdl... 16 - - tx00f5fd5335594f2ab9375-006934f74b - 0.0438 - - 1765078859.017070770 1765078859.060876131 0 0c044fc9f411403aa3ab5cf8f2b14495
Dec 06 22:40:59 np0005549343.novalocal container-server[96575]: ::1 - - [07/Dec/2025:03:40:59 +0000] "PUT /3/50385/AUTH_9cb2db62181546998c52314d1567748c/gnocchi.4b6c0fc0-723d-481b-8e40-a0b10fdaab71/none_v3" 201 - "PUT http://[::1]:8080/2/132865/AUTH_9cb2db62181546998c52314d1567748c/gnocchi.4b6c0fc0-723d-481b-8e40-a0b10fdaab71/none_v3" "txfc8e294a7aea41a8acf65-006934f74b" "object-server 96910" 0.0008 "-" 96575 0
Dec 06 22:40:59 np0005549343.novalocal container-server[96576]: ::1 - - [07/Dec/2025:03:40:59 +0000] "PUT /2/50385/AUTH_9cb2db62181546998c52314d1567748c/gnocchi.4b6c0fc0-723d-481b-8e40-a0b10fdaab71/none_v3" 201 - "PUT http://[::1]:8080/1/132865/AUTH_9cb2db62181546998c52314d1567748c/gnocchi.4b6c0fc0-723d-481b-8e40-a0b10fdaab71/none_v3" "txfc8e294a7aea41a8acf65-006934f74b" "object-server 96910" 0.0008 "-" 96576 0
Dec 06 22:40:59 np0005549343.novalocal object-server[96910]: ::1 - - [07/Dec/2025:03:40:59 +0000] "PUT /1/132865/AUTH_9cb2db62181546998c52314d1567748c/gnocchi.4b6c0fc0-723d-481b-8e40-a0b10fdaab71/none_v3" 201 - "PUT https://[::1]:8080/v1/AUTH_9cb2db62181546998c52314d1567748c/gnocchi.4b6c0fc0-723d-481b-8e40-a0b10fdaab71/none_v3" "txfc8e294a7aea41a8acf65-006934f74b" "proxy-server 97857" 0.0243 "-" 96910 0
Dec 06 22:40:59 np0005549343.novalocal object-server[96910]: ::1 - - [07/Dec/2025:03:40:59 +0000] "PUT /2/132865/AUTH_9cb2db62181546998c52314d1567748c/gnocchi.4b6c0fc0-723d-481b-8e40-a0b10fdaab71/none_v3" 201 - "PUT https://[::1]:8080/v1/AUTH_9cb2db62181546998c52314d1567748c/gnocchi.4b6c0fc0-723d-481b-8e40-a0b10fdaab71/none_v3" "txfc8e294a7aea41a8acf65-006934f74b" "proxy-server 97857" 0.0278 "-" 96910 0
Dec 06 22:40:59 np0005549343.novalocal container-server[96576]: ::1 - - [07/Dec/2025:03:40:59 +0000] "PUT /1/50385/AUTH_9cb2db62181546998c52314d1567748c/gnocchi.4b6c0fc0-723d-481b-8e40-a0b10fdaab71/none_v3" 201 - "PUT http://[::1]:8080/3/132865/AUTH_9cb2db62181546998c52314d1567748c/gnocchi.4b6c0fc0-723d-481b-8e40-a0b10fdaab71/none_v3" "txfc8e294a7aea41a8acf65-006934f74b" "object-server 96909" 0.0008 "-" 96576 0
Dec 06 22:40:59 np0005549343.novalocal object-server[96909]: ::1 - - [07/Dec/2025:03:40:59 +0000] "PUT /3/132865/AUTH_9cb2db62181546998c52314d1567748c/gnocchi.4b6c0fc0-723d-481b-8e40-a0b10fdaab71/none_v3" 201 - "PUT https://[::1]:8080/v1/AUTH_9cb2db62181546998c52314d1567748c/gnocchi.4b6c0fc0-723d-481b-8e40-a0b10fdaab71/none_v3" "txfc8e294a7aea41a8acf65-006934f74b" "proxy-server 97857" 0.0294 "-" 96909 0
Dec 06 22:40:59 np0005549343.novalocal proxy-server[97857]: ::1 ::1 07/Dec/2025/03/40/59 PUT /v1/AUTH_9cb2db62181546998c52314d1567748c/gnocchi.4b6c0fc0-723d-481b-8e40-a0b10fdaab71/none_v3 HTTP/1.0 201 - python-swiftclient-4.8.0 gAAAAABpNPcx8Tdl... 22 - - txfc8e294a7aea41a8acf65-006934f74b - 0.0409 - - 1765078859.065144300 1765078859.106047392 0 0c044fc9f411403aa3ab5cf8f2b14495
Dec 06 22:40:59 np0005549343.novalocal container-server[96575]: ::1 - - [07/Dec/2025:03:40:59 +0000] "PUT /3/227979/AUTH_9cb2db62181546998c52314d1567748c/gnocchi.9ef6c519-f36e-4224-9f1a-eb4a50154271/none_v3" 201 - "PUT http://[::1]:8080/2/46818/AUTH_9cb2db62181546998c52314d1567748c/gnocchi.9ef6c519-f36e-4224-9f1a-eb4a50154271/none_v3" "tx20918b0c4d594faa92bca-006934f74b" "object-server 96910" 0.0008 "-" 96575 0
