Dec 06 22:41:21 np0005549343.novalocal proxy-server[97857]: ::1 ::1 07/Dec/2025/03/41/21 GET /v1/AUTH_9cb2db62181546998c52314d1567748c/gnocchi.8a741be1-81ed-47f5-aecf-e2216f7eaadd/none_v3 HTTP/1.0 200 - python-swiftclient-4.8.0 gAAAAABpNPckgn8e... - 45 - tx356206a6f5194b2fa5f7d-006934f761 - 0.0121 - - 1765078881.010592222 1765078881.022654295 0 0c044fc9f411403aa3ab5cf8f2b14495
Dec 06 22:41:21 np0005549343.novalocal container-server[96575]: ::1 - - [07/Dec/2025:03:41:21 +0000] "GET /3/123717/AUTH_9cb2db62181546998c52314d1567748c/gnocchi.8a741be1-81ed-47f5-aecf-e2216f7eaadd" 200 357 "GET https://[::1]:8080/v1/AUTH_9cb2db62181546998c52314d1567748c/gnocchi.8a741be1-81ed-47f5-aecf-e2216f7eaadd?format=json&states=listing" "txe8b62c37d3a849e988c88-006934f761" "proxy-server 97857" 0.0027 "-" 96575 0
Dec 06 22:41:21 np0005549343.novalocal proxy-server[97857]: ::1 ::1 07/Dec/2025/03/41/21 GET /v1/AUTH_9cb2db62181546998c52314d1567748c/gnocchi.8a741be1-81ed-47f5-aecf-e2216f7eaadd%3Fformat%3Djson%26states%3Dlisting HTTP/1.0 200 - python-swiftclient-4.8.0 gAAAAABpNPckgn8e... - 357 - txe8b62c37d3a849e988c88-006934f761 - 0.0122 - - 1765078881.030185461 1765078881.042420149 0 0c044fc9f411403aa3ab5cf8f2b14495
Dec 06 22:41:21 np0005549343.novalocal container-server[96575]: ::1 - - [07/Dec/2025:03:41:21 +0000] "GET /1/123717/AUTH_9cb2db62181546998c52314d1567748c/gnocchi.8a741be1-81ed-47f5-aecf-e2216f7eaadd" 200 2 "GET https://[::1]:8080/v1/AUTH_9cb2db62181546998c52314d1567748c/gnocchi.8a741be1-81ed-47f5-aecf-e2216f7eaadd?format=json&marker=none_v3&states=listing" "txa49473da98a345f6981e3-006934f761" "proxy-server 97857" 0.0021 "-" 96575 0
Dec 06 22:41:21 np0005549343.novalocal proxy-server[97857]: ::1 ::1 07/Dec/2025/03/41/21 GET /v1/AUTH_9cb2db62181546998c52314d1567748c/gnocchi.8a741be1-81ed-47f5-aecf-e2216f7eaadd%3Fformat%3Djson%26marker%3Dnone_v3%26states%3Dlisting HTTP/1.0 200 - python-swiftclient-4.8.0 gAAAAABpNPckgn8e... - 2 - txa49473da98a345f6981e3-006934f761 - 0.0099 - - 1765078881.045655251 1765078881.055552721 0 0c044fc9f411403aa3ab5cf8f2b14495
Dec 06 22:41:21 np0005549343.novalocal object-server[96909]: ::1 - - [07/Dec/2025:03:41:21 +0000] "GET /2/97368/AUTH_9cb2db62181546998c52314d1567748c/gnocchi.8a741be1-81ed-47f5-aecf-e2216f7eaadd/1764720000.0_mean_300.0_v3" 200 16 "GET https://[::1]:8080/v1/AUTH_9cb2db62181546998c52314d1567748c/gnocchi.8a741be1-81ed-47f5-aecf-e2216f7eaadd/1764720000.0_mean_300.0_v3" "txa32d8ed4dcb24bafad90b-006934f761" "proxy-server 97857" 0.0010 "-" 96909 0
Dec 06 22:41:21 np0005549343.novalocal proxy-server[97857]: ::1 ::1 07/Dec/2025/03/41/21 GET /v1/AUTH_9cb2db62181546998c52314d1567748c/gnocchi.8a741be1-81ed-47f5-aecf-e2216f7eaadd/1764720000.0_mean_300.0_v3 HTTP/1.0 200 - python-swiftclient-4.8.0 gAAAAABpNPckgn8e... - 16 - txa32d8ed4dcb24bafad90b-006934f761 - 0.0079 - - 1765078881.059475183 1765078881.067359686 0 0c044fc9f411403aa3ab5cf8f2b14495
Dec 06 22:41:21 np0005549343.novalocal container-server[96576]: ::1 - - [07/Dec/2025:03:41:21 +0000] "PUT /3/123717/AUTH_9cb2db62181546998c52314d1567748c/gnocchi.8a741be1-81ed-47f5-aecf-e2216f7eaadd/1764720000.0_mean_300.0_v3" 201 - "PUT http://[::1]:8080/3/97368/AUTH_9cb2db62181546998c52314d1567748c/gnocchi.8a741be1-81ed-47f5-aecf-e2216f7eaadd/1764720000.0_mean_300.0_v3" "txfc2f234a08804fa682798-006934f761" "object-server 96910" 0.0008 "-" 96576 0
Dec 06 22:41:21 np0005549343.novalocal object-server[96910]: ::1 - - [07/Dec/2025:03:41:21 +0000] "PUT /3/97368/AUTH_9cb2db62181546998c52314d1567748c/gnocchi.8a741be1-81ed-47f5-aecf-e2216f7eaadd/1764720000.0_mean_300.0_v3" 201 - "PUT https://[::1]:8080/v1/AUTH_9cb2db62181546998c52314d1567748c/gnocchi.8a741be1-81ed-47f5-aecf-e2216f7eaadd/1764720000.0_mean_300.0_v3" "txfc2f234a08804fa682798-006934f761" "proxy-server 97857" 0.0133 "-" 96910 0
Dec 06 22:41:21 np0005549343.novalocal container-server[96576]: ::1 - - [07/Dec/2025:03:41:21 +0000] "PUT /1/123717/AUTH_9cb2db62181546998c52314d1567748c/gnocchi.8a741be1-81ed-47f5-aecf-e2216f7eaadd/1764720000.0_mean_300.0_v3" 201 - "PUT http://[::1]:8080/2/97368/AUTH_9cb2db62181546998c52314d1567748c/gnocchi.8a741be1-81ed-47f5-aecf-e2216f7eaadd/1764720000.0_mean_300.0_v3" "txfc2f234a08804fa682798-006934f761" "object-server 96909" 0.0007 "-" 96576 0
Dec 06 22:41:21 np0005549343.novalocal container-server[96575]: ::1 - - [07/Dec/2025:03:41:21 +0000] "PUT /2/123717/AUTH_9cb2db62181546998c52314d1567748c/gnocchi.8a741be1-81ed-47f5-aecf-e2216f7eaadd/1764720000.0_mean_300.0_v3" 201 - "PUT http://[::1]:8080/1/97368/AUTH_9cb2db62181546998c52314d1567748c/gnocchi.8a741be1-81ed-47f5-aecf-e2216f7eaadd/1764720000.0_mean_300.0_v3" "txfc2f234a08804fa682798-006934f761" "object-server 96909" 0.0006 "-" 96575 0
Dec 06 22:41:21 np0005549343.novalocal object-server[96909]: ::1 - - [07/Dec/2025:03:41:21 +0000] "PUT /2/97368/AUTH_9cb2db62181546998c52314d1567748c/gnocchi.8a741be1-81ed-47f5-aecf-e2216f7eaadd/1764720000.0_mean_300.0_v3" 201 - "PUT https://[::1]:8080/v1/AUTH_9cb2db62181546998c52314d1567748c/gnocchi.8a741be1-81ed-47f5-aecf-e2216f7eaadd/1764720000.0_mean_300.0_v3" "txfc2f234a08804fa682798-006934f761" "proxy-server 97857" 0.0126 "-" 96909 0
Dec 06 22:41:21 np0005549343.novalocal object-server[96909]: ::1 - - [07/Dec/2025:03:41:21 +0000] "PUT /1/97368/AUTH_9cb2db62181546998c52314d1567748c/gnocchi.8a741be1-81ed-47f5-aecf-e2216f7eaadd/1764720000.0_mean_300.0_v3" 201 - "PUT https://[::1]:8080/v1/AUTH_9cb2db62181546998c52314d1567748c/gnocchi.8a741be1-81ed-47f5-aecf-e2216f7eaadd/1764720000.0_mean_300.0_v3" "txfc2f234a08804fa682798-006934f761" "proxy-server 97857" 0.0164 "-" 96909 0
Dec 06 22:41:21 np0005549343.novalocal proxy-server[97857]: ::1 ::1 07/Dec/2025/03/41/21 PUT /v1/AUTH_9cb2db62181546998c52314d1567748c/gnocchi.8a741be1-81ed-47f5-aecf-e2216f7eaadd/1764720000.0_mean_300.0_v3 HTTP/1.0 201 - python-swiftclient-4.8.0 gAAAAABpNPckgn8e... 16 - - txfc2f234a08804fa682798-006934f761 - 0.0242 - - 1765078881.072010517 1765078881.096233130 0 0c044fc9f411403aa3ab5cf8f2b14495
Dec 06 22:41:21 np0005549343.novalocal container-server[96575]: ::1 - - [07/Dec/2025:03:41:21 +0000] "PUT /1/123717/AUTH_9cb2db62181546998c52314d1567748c/gnocchi.8a741be1-81ed-47f5-aecf-e2216f7eaadd/none_v3" 201 - "PUT http://[::1]:8080/1/187521/AUTH_9cb2db62181546998c52314d1567748c/gnocchi.8a741be1-81ed-47f5-aecf-e2216f7eaadd/none_v3" "tx714a620b69214d0194498-006934f761" "object-server 96909" 0.0016 "-" 96575 0
Dec 06 22:41:21 np0005549343.novalocal container-server[96576]: ::1 - - [07/Dec/2025:03:41:21 +0000] "PUT /2/123717/AUTH_9cb2db62181546998c52314d1567748c/gnocchi.8a741be1-81ed-47f5-aecf-e2216f7eaadd/none_v3" 201 - "PUT http://[::1]:8080/2/187521/AUTH_9cb2db62181546998c52314d1567748c/gnocchi.8a741be1-81ed-47f5-aecf-e2216f7eaadd/none_v3" "tx714a620b69214d0194498-006934f761" "object-server 96910" 0.0009 "-" 96576 0
Dec 06 22:41:21 np0005549343.novalocal object-server[96909]: ::1 - - [07/Dec/2025:03:41:21 +0000] "PUT /1/187521/AUTH_9cb2db62181546998c52314d1567748c/gnocchi.8a741be1-81ed-47f5-aecf-e2216f7eaadd/none_v3" 201 - "PUT https://[::1]:8080/v1/AUTH_9cb2db62181546998c52314d1567748c/gnocchi.8a741be1-81ed-47f5-aecf-e2216f7eaadd/none_v3" "tx714a620b69214d0194498-006934f761" "proxy-server 97857" 0.0120 "-" 96909 0
Dec 06 22:41:21 np0005549343.novalocal object-server[96910]: ::1 - - [07/Dec/2025:03:41:21 +0000] "PUT /2/187521/AUTH_9cb2db62181546998c52314d1567748c/gnocchi.8a741be1-81ed-47f5-aecf-e2216f7eaadd/none_v3" 201 - "PUT https://[::1]:8080/v1/AUTH_9cb2db62181546998c52314d1567748c/gnocchi.8a741be1-81ed-47f5-aecf-e2216f7eaadd/none_v3" "tx714a620b69214d0194498-006934f761" "proxy-server 97857" 0.0117 "-" 96910 0
Dec 06 22:41:21 np0005549343.novalocal container-server[96575]: ::1 - - [07/Dec/2025:03:41:21 +0000] "PUT /3/123717/AUTH_9cb2db62181546998c52314d1567748c/gnocchi.8a741be1-81ed-47f5-aecf-e2216f7eaadd/none_v3" 201 - "PUT http://[::1]:8080/3/187521/AUTH_9cb2db62181546998c52314d1567748c/gnocchi.8a741be1-81ed-47f5-aecf-e2216f7eaadd/none_v3" "tx714a620b69214d0194498-006934f761" "object-server 96910" 0.0006 "-" 96575 0
Dec 06 22:41:21 np0005549343.novalocal object-server[96910]: ::1 - - [07/Dec/2025:03:41:21 +0000] "PUT /3/187521/AUTH_9cb2db62181546998c52314d1567748c/gnocchi.8a741be1-81ed-47f5-aecf-e2216f7eaadd/none_v3" 201 - "PUT https://[::1]:8080/v1/AUTH_9cb2db62181546998c52314d1567748c/gnocchi.8a741be1-81ed-47f5-aecf-e2216f7eaadd/none_v3" "tx714a620b69214d0194498-006934f761" "proxy-server 97857" 0.0146 "-" 96910 0
Dec 06 22:41:21 np0005549343.novalocal proxy-server[97857]: ::1 ::1 07/Dec/2025/03/41/21 PUT /v1/AUTH_9cb2db62181546998c52314d1567748c/gnocchi.8a741be1-81ed-47f5-aecf-e2216f7eaadd/none_v3 HTTP/1.0 201 - python-swiftclient-4.8.0 gAAAAABpNPckgn8e... 52 - - tx714a620b69214d0194498-006934f761 - 0.0242 - - 1765078881.100608349 1765078881.124816179 0 0c044fc9f411403aa3ab5cf8f2b14495
Dec 06 22:41:21 np0005549343.novalocal kernel: qvb96d541f5-a7: left allmulticast mode
Dec 06 22:41:21 np0005549343.novalocal kernel: qvb96d541f5-a7: left promiscuous mode
Dec 06 22:41:21 np0005549343.novalocal kernel: qbr96d541f5-a7: port 1(qvb96d541f5-a7) entered disabled state
Dec 06 22:41:21 np0005549343.novalocal NetworkManager[854]: [1765078881.4859] device (qbr96d541f5-a7): bridge port qvb96d541f5-a7 was detached
Dec 06 22:41:21 np0005549343.novalocal NetworkManager[854]: [1765078881.4873] device (qbr96d541f5-a7): state change: activated -> unmanaged (reason 'unmanaged', managed-type: 'removed')
Dec 06 22:41:21 np0005549343.novalocal kernel: qvo96d541f5-a7: left promiscuous mode
Dec 06 22:41:22 np0005549343.novalocal account-replicator[96346]: Beginning replication run
Dec 06 22:41:22 np0005549343.novalocal account-replicator[96346]: Replication run OVER
Dec 06 22:41:22 np0005549343.novalocal account-replicator[96346]: Attempted to replicate 3 dbs in 0.08622 seconds (34.79668/s)
Dec 06 22:41:22 np0005549343.novalocal account-replicator[96346]: Removed 0 dbs
Dec 06 22:41:22 np0005549343.novalocal account-replicator[96346]: 6 successes, 0 failures
Dec 06 22:41:22 np0005549343.novalocal account-replicator[96346]: diff:0 diff_capped:0 empty:0 hashmatch:0 no_change:6 remote_merge:0 rsync:0 ts_repl:0
Dec 06 22:41:22 np0005549343.novalocal object-replicator[96973]: 186/186 (100.00%) partitions replicated in 2.61s (71.18/sec, 0s remaining)
Dec 06 22:41:22 np0005549343.novalocal object-replicator[96973]: 372 successes, 0 failures
Dec 06 22:41:22 np0005549343.novalocal object-replicator[96973]: 186 suffixes checked - 31.72% hashed, 0.00% synced
Dec 06 22:41:22 np0005549343.novalocal object-replicator[96973]: Partition times: max 0.0405s, min 0.0041s, med 0.0088s
Dec 06 22:41:22 np0005549343.novalocal object-replicator[96973]: Object replication complete. (0.04 minutes)
Dec 06 22:41:23 np0005549343.novalocal object-server[96910]: ::1 - - [07/Dec/2025:03:41:23 +0000] "GET /3/130820/AUTH_9cb2db62181546998c52314d1567748c/gnocchi.1a7775db-355a-4364-8e23-94110f57c20c/none_v3" 200 52 "GET https://[::1]:8080/v1/AUTH_9cb2db62181546998c52314d1567748c/gnocchi.1a7775db-355a-4364-8e23-94110f57c20c/none_v3" "txbc55ad0e1aa84e2c85e6f-006934f762" "proxy-server 97857" 0.0032 "-" 96910 0
Dec 06 22:41:23 np0005549343.novalocal proxy-server[97857]: ::1 ::1 07/Dec/2025/03/41/23 GET /v1/AUTH_9cb2db62181546998c52314d1567748c/gnocchi.1a7775db-355a-4364-8e23-94110f57c20c/none_v3 HTTP/1.0 200 - python-swiftclient-4.8.0 gAAAAABpNPcx8Tdl... - 52 - txbc55ad0e1aa84e2c85e6f-006934f762 - 0.0136 - - 1765078882.994007826 1765078883.007600307 0 0c044fc9f411403aa3ab5cf8f2b14495
Dec 06 22:41:23 np0005549343.novalocal container-server[96576]: ::1 - - [07/Dec/2025:03:41:23 +0000] "GET /2/142424/AUTH_9cb2db62181546998c52314d1567748c/gnocchi.1a7775db-355a-4364-8e23-94110f57c20c" 200 357 "GET https://[::1]:8080/v1/AUTH_9cb2db62181546998c52314d1567748c/gnocchi.1a7775db-355a-4364-8e23-94110f57c20c?format=json&states=listing" "tx998950595ecb42eea5681-006934f763" "proxy-server 97857" 0.0092 "-" 96576 0
Dec 06 22:41:23 np0005549343.novalocal proxy-server[97857]: ::1 ::1 07/Dec/2025/03/41/23 GET /v1/AUTH_9cb2db62181546998c52314d1567748c/gnocchi.1a7775db-355a-4364-8e23-94110f57c20c%3Fformat%3Djson%26states%3Dlisting HTTP/1.0 200 - python-swiftclient-4.8.0 gAAAAABpNPcx8Tdl... - 357 - tx998950595ecb42eea5681-006934f763 - 0.0180 - - 1765078883.012268782 1765078883.030279160 0 0c044fc9f411403aa3ab5cf8f2b14495
Dec 06 22:41:23 np0005549343.novalocal container-server[96575]: ::1 - - [07/Dec/2025:03:41:23 +0000] "GET /2/142424/AUTH_9cb2db62181546998c52314d1567748c/gnocchi.1a7775db-355a-4364-8e23-94110f57c20c" 200 2 "GET https://[::1]:8080/v1/AUTH_9cb2db62181546998c52314d1567748c/gnocchi.1a7775db-355a-4364-8e23-94110f57c20c?format=json&marker=none_v3&states=listing" "tx567a6f116fd34981a11b8-006934f763" "proxy-server 97857" 0.0050 "-" 96575 0
Dec 06 22:41:23 np0005549343.novalocal proxy-server[97857]: ::1 ::1 07/Dec/2025/03/41/23 GET /v1/AUTH_9cb2db62181546998c52314d1567748c/gnocchi.1a7775db-355a-4364-8e23-94110f57c20c%3Fformat%3Djson%26marker%3Dnone_v3%26states%3Dlisting HTTP/1.0 200 - python-swiftclient-4.8.0 gAAAAABpNPcx8Tdl... - 2 - tx567a6f116fd34981a11b8-006934f763 - 0.0135 - - 1765078883.034460068 1765078883.048001528 0 0c044fc9f411403aa3ab5cf8f2b14495
Dec 06 22:41:23 np0005549343.novalocal object-server[96909]: ::1 - - [07/Dec/2025:03:41:23 +0000] "GET /2/119212/AUTH_9cb2db62181546998c52314d1567748c/gnocchi.1a7775db-355a-4364-8e23-94110f57c20c/1764720000.0_mean_300.0_v3" 200 16 "GET https://[::1]:8080/v1/AUTH_9cb2db62181546998c52314d1567748c/gnocchi.1a7775db-355a-4364-8e23-94110f57c20c/1764720000.0_mean_300.0_v3" "tx72476a4af6b04564b555f-006934f763" "proxy-server 97857" 0.0011 "-" 96909 0
Dec 06 22:41:23 np0005549343.novalocal proxy-server[97857]: ::1 ::1 07/Dec/2025/03/41/23 GET /v1/AUTH_9cb2db62181546998c52314d1567748c/gnocchi.1a7775db-355a-4364-8e23-94110f57c20c/1764720000.0_mean_300.0_v3 HTTP/1.0 200 - python-swiftclient-4.8.0 gAAAAABpNPcx8Tdl... - 16 - tx72476a4af6b04564b555f-006934f763 - 0.0079 - - 1765078883.052550077 1765078883.060491562 0 0c044fc9f411403aa3ab5cf8f2b14495
Dec 06 22:41:23 np0005549343.novalocal container-server[96576]: ::1 - - [07/Dec/2025:03:41:23 +0000] "PUT /1/142424/AUTH_9cb2db62181546998c52314d1567748c/gnocchi.1a7775db-355a-4364-8e23-94110f57c20c/1764720000.0_mean_300.0_v3" 201 - "PUT http://[::1]:8080/1/119212/AUTH_9cb2db62181546998c52314d1567748c/gnocchi.1a7775db-355a-4364-8e23-94110f57c20c/1764720000.0_mean_300.0_v3" "tx8607fb97cd6c463e96928-006934f763" "object-server 96910" 0.0008 "-" 96576 0
Dec 06 22:41:23 np0005549343.novalocal container-server[96575]: ::1 - - [07/Dec/2025:03:41:23 +0000] "PUT /3/142424/AUTH_9cb2db62181546998c52314d1567748c/gnocchi.1a7775db-355a-4364-8e23-94110f57c20c/1764720000.0_mean_300.0_v3" 201 - "PUT http://[::1]:8080/2/119212/AUTH_9cb2db62181546998c52314d1567748c/gnocchi.1a7775db-355a-4364-8e23-94110f57c20c/1764720000.0_mean_300.0_v3" "tx8607fb97cd6c463e96928-006934f763" "object-server 96909" 0.0012 "-" 96575 0
Dec 06 22:41:23 np0005549343.novalocal object-server[96910]: ::1 - - [07/Dec/2025:03:41:23 +0000] "PUT /1/119212/AUTH_9cb2db62181546998c52314d1567748c/gnocchi.1a7775db-355a-4364-8e23-94110f57c20c/1764720000.0_mean_300.0_v3" 201 - "PUT https://[::1]:8080/v1/AUTH_9cb2db62181546998c52314d1567748c/gnocchi.1a7775db-355a-4364-8e23-94110f57c20c/1764720000.0_mean_300.0_v3" "tx8607fb97cd6c463e96928-006934f763" "proxy-server 97857" 0.0151 "-" 96910 0
Dec 06 22:41:23 np0005549343.novalocal container-server[96576]: ::1 - - [07/Dec/2025:03:41:23 +0000] "PUT /2/142424/AUTH_9cb2db62181546998c52314d1567748c/gnocchi.1a7775db-355a-4364-8e23-94110f57c20c/1764720000.0_mean_300.0_v3" 201 - "PUT http://[::1]:8080/3/119212/AUTH_9cb2db62181546998c52314d1567748c/gnocchi.1a7775db-355a-4364-8e23-94110f57c20c/1764720000.0_mean_300.0_v3" "tx8607fb97cd6c463e96928-006934f763" "object-server 96909" 0.0008 "-" 96576 0
Dec 06 22:41:23 np0005549343.novalocal object-server[96909]: ::1 - - [07/Dec/2025:03:41:23 +0000] "PUT /2/119212/AUTH_9cb2db62181546998c52314d1567748c/gnocchi.1a7775db-355a-4364-8e23-94110f57c20c/1764720000.0_mean_300.0_v3" 201 - "PUT https://[::1]:8080/v1/AUTH_9cb2db62181546998c52314d1567748c/gnocchi.1a7775db-355a-4364-8e23-94110f57c20c/1764720000.0_mean_300.0_v3" "tx8607fb97cd6c463e96928-006934f763" "proxy-server 97857" 0.0143 "-" 96909 0
Dec 06 22:41:23 np0005549343.novalocal object-server[96909]: ::1 - - [07/Dec/2025:03:41:23 +0000] "PUT /3/119212/AUTH_9cb2db62181546998c52314d1567748c/gnocchi.1a7775db-355a-4364-8e23-94110f57c20c/1764720000.0_mean_300.0_v3" 201 - "PUT https://[::1]:8080/v1/AUTH_9cb2db62181546998c52314d1567748c/gnocchi.1a7775db-355a-4364-8e23-94110f57c20c/1764720000.0_mean_300.0_v3" "tx8607fb97cd6c463e96928-006934f763" "proxy-server 97857" 0.0192 "-" 96909 0
Dec 06 22:41:23 np0005549343.novalocal proxy-server[97857]: ::1 ::1 07/Dec/2025/03/41/23 PUT /v1/AUTH_9cb2db62181546998c52314d1567748c/gnocchi.1a7775db-355a-4364-8e23-94110f57c20c/1764720000.0_mean_300.0_v3 HTTP/1.0 201 - python-swiftclient-4.8.0 gAAAAABpNPcx8Tdl... 16 - - tx8607fb97cd6c463e96928-006934f763 - 0.0280 - - 1765078883.065005779 1765078883.092996359 0 0c044fc9f411403aa3ab5cf8f2b14495
Dec 06 22:41:23 np0005549343.novalocal container-server[96575]: ::1 - - [07/Dec/2025:03:41:23 +0000] "PUT /3/142424/AUTH_9cb2db62181546998c52314d1567748c/gnocchi.1a7775db-355a-4364-8e23-94110f57c20c/none_v3" 201 - "PUT http://[::1]:8080/2/130820/AUTH_9cb2db62181546998c52314d1567748c/gnocchi.1a7775db-355a-4364-8e23-94110f57c20c/none_v3" "txcf9b6bcf793a42c197784-006934f763" "object-server 96910" 0.0015 "-" 96575 0
Dec 06 22:41:23 np0005549343.novalocal container-server[96576]: ::1 - - [07/Dec/2025:03:41:23 +0000] "PUT /1/142424/AUTH_9cb2db62181546998c52314d1567748c/gnocchi.1a7775db-355a-4364-8e23-94110f57c20c/none_v3" 201 - "PUT http://[::1]:8080/3/130820/AUTH_9cb2db62181546998c52314d1567748c/gnocchi.1a7775db-355a-4364-8e23-94110f57c20c/none_v3" "txcf9b6bcf793a42c197784-006934f763" "object-server 96910" 0.0006 "-" 96576 0
Dec 06 22:41:23 np0005549343.novalocal object-server[96910]: ::1 - - [07/Dec/2025:03:41:23 +0000] "PUT /2/130820/AUTH_9cb2db62181546998c52314d1567748c/gnocchi.1a7775db-355a-4364-8e23-94110f57c20c/none_v3" 201 - "PUT https://[::1]:8080/v1/AUTH_9cb2db62181546998c52314d1567748c/gnocchi.1a7775db-355a-4364-8e23-94110f57c20c/none_v3" "txcf9b6bcf793a42c197784-006934f763" "proxy-server 97857" 0.0240 "-" 96910 0
Dec 06 22:41:23 np0005549343.novalocal container-server[96575]: ::1 - - [07/Dec/2025:03:41:23 +0000] "PUT /2/142424/AUTH_9cb2db62181546998c52314d1567748c/gnocchi.1a7775db-355a-4364-8e23-94110f57c20c/none_v3" 201 - "PUT http://[::1]:8080/1/130820/AUTH_9cb2db62181546998c52314d1567748c/gnocchi.1a7775db-355a-4364-8e23-94110f57c20c/none_v3" "txcf9b6bcf793a42c197784-006934f763" "object-server 96910" 0.0009 "-" 96575 0
Dec 06 22:41:23 np0005549343.novalocal object-server[96910]: ::1 - - [07/Dec/2025:03:41:23 +0000] "PUT /3/130820/AUTH_9cb2db62181546998c52314d1567748c/gnocchi.1a7775db-355a-4364-8e23-94110f57c20c/none_v3" 201 - "PUT https://[::1]:8080/v1/AUTH_9cb2db62181546998c52314d1567748c/gnocchi.1a7775db-355a-4364-8e23-94110f57c20c/none_v3" "txcf9b6bcf793a42c197784-006934f763" "proxy-server 97857" 0.0200 "-" 96910 0
Dec 06 22:41:23 np0005549343.novalocal object-server[96910]: ::1 - - [07/Dec/2025:03:41:23 +0000] "PUT /1/130820/AUTH_9cb2db62181546998c52314d1567748c/gnocchi.1a7775db-355a-4364-8e23-94110f57c20c/none_v3" 201 - "PUT https://[::1]:8080/v1/AUTH_9cb2db62181546998c52314d1567748c/gnocchi.1a7775db-355a-4364-8e23-94110f57c20c/none_v3" "txcf9b6bcf793a42c197784-006934f763" "proxy-server 97857" 0.0238 "-" 96910 0
Dec 06 22:41:23 np0005549343.novalocal proxy-server[97857]: ::1 ::1 07/Dec/2025/03/41/23 PUT /v1/AUTH_9cb2db62181546998c52314d1567748c/gnocchi.1a7775db-355a-4364-8e23-94110f57c20c/none_v3 HTTP/1.0 201 - python-swiftclient-4.8.0 gAAAAABpNPcx8Tdl... 60 - - txcf9b6bcf793a42c197784-006934f763 - 0.0410 - - 1765078883.097637415 1765078883.138685703 0 0c044fc9f411403aa3ab5cf8f2b14495
Dec 06 22:41:23 np0005549343.novalocal object-server[96909]: ::1 - - [07/Dec/2025:03:41:23 +0000] "GET /1/1222/AUTH_9cb2db62181546998c52314d1567748c/gnocchi.3b68cbb1-ebe4-4d39-a327-1f3d544a1314/none_v3" 200 51 "GET https://[::1]:8080/v1/AUTH_9cb2db62181546998c52314d1567748c/gnocchi.3b68cbb1-ebe4-4d39-a327-1f3d544a1314/none_v3" "tx9d00f107cd094b7caa0cd-006934f763" "proxy-server 97857" 0.0012 "-" 96909 0
Dec 06 22:41:23 np0005549343.novalocal proxy-server[97857]: ::1 ::1 07/Dec/2025/03/41/23 GET /v1/AUTH_9cb2db62181546998c52314d1567748c/gnocchi.3b68cbb1-ebe4-4d39-a327-1f3d544a1314/none_v3 HTTP/1.0 200 - python-swiftclient-4.8.0 gAAAAABpNPcx8Tdl... - 51 - tx9d00f107cd094b7caa0cd-006934f763 - 0.0116 - - 1765078883.162893772 1765078883.174474239 0 0c044fc9f411403aa3ab5cf8f2b14495
Dec 06 22:41:23 np0005549343.novalocal container-server[96575]: ::1 - - [07/Dec/2025:03:41:23 +0000] "GET /1/125107/AUTH_9cb2db62181546998c52314d1567748c/gnocchi.3b68cbb1-ebe4-4d39-a327-1f3d544a1314" 200 357 "GET https://[::1]:8080/v1/AUTH_9cb2db62181546998c52314d1567748c/gnocchi.3b68cbb1-ebe4-4d39-a327-1f3d544a1314?format=json&states=listing" "tx0ba9f75cda5f45138bd52-006934f763" "proxy-server 97857" 0.0103 "-" 96575 0
Dec 06 22:41:23 np0005549343.novalocal proxy-server[97857]: ::1 ::1 07/Dec/2025/03/41/23 GET /v1/AUTH_9cb2db62181546998c52314d1567748c/gnocchi.3b68cbb1-ebe4-4d39-a327-1f3d544a1314%3Fformat%3Djson%26states%3Dlisting HTTP/1.0 200 - python-swiftclient-4.8.0 gAAAAABpNPcx8Tdl... - 357 - tx0ba9f75cda5f45138bd52-006934f763 - 0.0215 - - 1765078883.178841114 1765078883.200374842 0 0c044fc9f411403aa3ab5cf8f2b14495
Dec 06 22:41:23 np0005549343.novalocal container-server[96576]: ::1 - - [07/Dec/2025:03:41:23 +0000] "GET /1/125107/AUTH_9cb2db62181546998c52314d1567748c/gnocchi.3b68cbb1-ebe4-4d39-a327-1f3d544a1314" 200 2 "GET https://[::1]:8080/v1/AUTH_9cb2db62181546998c52314d1567748c/gnocchi.3b68cbb1-ebe4-4d39-a327-1f3d544a1314?format=json&marker=none_v3&states=listing" "tx4d5817da223848efa4c8c-006934f763" "proxy-server 97857" 0.0041 "-" 96576 0
Dec 06 22:41:23 np0005549343.novalocal proxy-server[97857]: ::1 ::1 07/Dec/2025/03/41/23 GET /v1/AUTH_9cb2db62181546998c52314d1567748c/gnocchi.3b68cbb1-ebe4-4d39-a327-1f3d544a1314%3Fformat%3Djson%26marker%3Dnone_v3%26states%3Dlisting HTTP/1.0 200 - python-swiftclient-4.8.0 gAAAAABpNPcx8Tdl... - 2 - tx4d5817da223848efa4c8c-006934f763 - 0.0141 - - 1765078883.204143763 1765078883.218231916 0 0c044fc9f411403aa3ab5cf8f2b14495
Dec 06 22:41:23 np0005549343.novalocal object-server[96910]: ::1 - - [07/Dec/2025:03:41:23 +0000] "GET /3/129707/AUTH_9cb2db62181546998c52314d1567748c/gnocchi.3b68cbb1-ebe4-4d39-a327-1f3d544a1314/1764720000.0_mean_300.0_v3" 200 16 "GET https://[::1]:8080/v1/AUTH_9cb2db62181546998c52314d1567748c/gnocchi.3b68cbb1-ebe4-4d39-a327-1f3d544a1314/1764720000.0_mean_300.0_v3" "txc6999720ea174a4ca32e2-006934f763" "proxy-server 97857" 0.0019 "-" 96910 0
Dec 06 22:41:23 np0005549343.novalocal proxy-server[97857]: ::1 ::1 07/Dec/2025/03/41/23 GET /v1/AUTH_9cb2db62181546998c52314d1567748c/gnocchi.3b68cbb1-ebe4-4d39-a327-1f3d544a1314/1764720000.0_mean_300.0_v3 HTTP/1.0 200 - python-swiftclient-4.8.0 gAAAAABpNPcx8Tdl... - 16 - txc6999720ea174a4ca32e2-006934f763 - 0.0128 - - 1765078883.223522663 1765078883.236348152 0 0c044fc9f411403aa3ab5cf8f2b14495
Dec 06 22:41:23 np0005549343.novalocal container-server[96576]: ::1 - - [07/Dec/2025:03:41:23 +0000] "PUT /1/125107/AUTH_9cb2db62181546998c52314d1567748c/gnocchi.3b68cbb1-ebe4-4d39-a327-1f3d544a1314/1764720000.0_mean_300.0_v3" 201 - "PUT http://[::1]:8080/2/129707/AUTH_9cb2db62181546998c52314d1567748c/gnocchi.3b68cbb1-ebe4-4d39-a327-1f3d544a1314/1764720000.0_mean_300.0_v3" "tx33786c380c5d4883ba22d-006934f763" "object-server 96910" 0.0008 "-" 96576 0
Dec 06 22:41:23 np0005549343.novalocal object-server[96910]: ::1 - - [07/Dec/2025:03:41:23 +0000] "PUT /2/129707/AUTH_9cb2db62181546998c52314d1567748c/gnocchi.3b68cbb1-ebe4-4d39-a327-1f3d544a1314/1764720000.0_mean_300.0_v3" 201 - "PUT https://[::1]:8080/v1/AUTH_9cb2db62181546998c52314d1567748c/gnocchi.3b68cbb1-ebe4-4d39-a327-1f3d544a1314/1764720000.0_mean_300.0_v3" "tx33786c380c5d4883ba22d-006934f763" "proxy-server 97857" 0.0138 "-" 96910 0
Dec 06 22:41:23 np0005549343.novalocal container-server[96576]: ::1 - - [07/Dec/2025:03:41:23 +0000] "PUT /3/125107/AUTH_9cb2db62181546998c52314d1567748c/gnocchi.3b68cbb1-ebe4-4d39-a327-1f3d544a1314/1764720000.0_mean_300.0_v3" 201 - "PUT http://[::1]:8080/1/129707/AUTH_9cb2db62181546998c52314d1567748c/gnocchi.3b68cbb1-ebe4-4d39-a327-1f3d544a1314/1764720000.0_mean_300.0_v3" "tx33786c380c5d4883ba22d-006934f763" "object-server 96909" 0.0015 "-" 96576 0
Dec 06 22:41:23 np0005549343.novalocal object-server[96909]: ::1 - - [07/Dec/2025:03:41:23 +0000] "PUT /1/129707/AUTH_9cb2db62181546998c52314d1567748c/gnocchi.3b68cbb1-ebe4-4d39-a327-1f3d544a1314/1764720000.0_mean_300.0_v3" 201 - "PUT https://[::1]:8080/v1/AUTH_9cb2db62181546998c52314d1567748c/gnocchi.3b68cbb1-ebe4-4d39-a327-1f3d544a1314/1764720000.0_mean_300.0_v3" "tx33786c380c5d4883ba22d-006934f763" "proxy-server 97857" 0.0149 "-" 96909 0
Dec 06 22:41:23 np0005549343.novalocal container-server[96575]: ::1 - - [07/Dec/2025:03:41:23 +0000] "PUT /2/125107/AUTH_9cb2db62181546998c52314d1567748c/gnocchi.3b68cbb1-ebe4-4d39-a327-1f3d544a1314/1764720000.0_mean_300.0_v3" 201 - "PUT http://[::1]:8080/3/129707/AUTH_9cb2db62181546998c52314d1567748c/gnocchi.3b68cbb1-ebe4-4d39-a327-1f3d544a1314/1764720000.0_mean_300.0_v3" "tx33786c380c5d4883ba22d-006934f763" "object-server 96909" 0.0022 "-" 96575 0
Dec 06 22:41:23 np0005549343.novalocal object-server[96909]: ::1 - - [07/Dec/2025:03:41:23 +0000] "PUT /3/129707/AUTH_9cb2db62181546998c52314d1567748c/gnocchi.3b68cbb1-ebe4-4d39-a327-1f3d544a1314/1764720000.0_mean_300.0_v3" 201 - "PUT https://[::1]:8080/v1/AUTH_9cb2db62181546998c52314d1567748c/gnocchi.3b68cbb1-ebe4-4d39-a327-1f3d544a1314/1764720000.0_mean_300.0_v3" "tx33786c380c5d4883ba22d-006934f763" "proxy-server 97857" 0.0221 "-" 96909 0
Dec 06 22:41:23 np0005549343.novalocal proxy-server[97857]: ::1 ::1 07/Dec/2025/03/41/23 PUT /v1/AUTH_9cb2db62181546998c52314d1567748c/gnocchi.3b68cbb1-ebe4-4d39-a327-1f3d544a1314/1764720000.0_mean_300.0_v3 HTTP/1.0 201 - python-swiftclient-4.8.0 gAAAAABpNPcx8Tdl... 16 - - tx33786c380c5d4883ba22d-006934f763 - 0.0373 - - 1765078883.240707397 1765078883.277979136 0 0c044fc9f411403aa3ab5cf8f2b14495
Dec 06 22:41:23 np0005549343.novalocal container-server[96575]: ::1 - - [07/Dec/2025:03:41:23 +0000] "PUT /3/125107/AUTH_9cb2db62181546998c52314d1567748c/gnocchi.3b68cbb1-ebe4-4d39-a327-1f3d544a1314/none_v3" 201 - "PUT http://[::1]:8080/2/1222/AUTH_9cb2db62181546998c52314d1567748c/gnocchi.3b68cbb1-ebe4-4d39-a327-1f3d544a1314/none_v3" "tx8f4847b6a7a64f54b5f3f-006934f763" "object-server 96910" 0.0013 "-" 96575 0
Dec 06 22:41:23 np0005549343.novalocal container-server[96575]: ::1 - - [07/Dec/2025:03:41:23 +0000] "PUT /1/125107/AUTH_9cb2db62181546998c52314d1567748c/gnocchi.3b68cbb1-ebe4-4d39-a327-1f3d544a1314/none_v3" 201 - "PUT http://[::1]:8080/1/1222/AUTH_9cb2db62181546998c52314d1567748c/gnocchi.3b68cbb1-ebe4-4d39-a327-1f3d544a1314/none_v3" "tx8f4847b6a7a64f54b5f3f-006934f763" "object-server 96910" 0.0008 "-" 96575 0
Dec 06 22:41:23 np0005549343.novalocal object-server[96910]: ::1 - - [07/Dec/2025:03:41:23 +0000] "PUT /2/1222/AUTH_9cb2db62181546998c52314d1567748c/gnocchi.3b68cbb1-ebe4-4d39-a327-1f3d544a1314/none_v3" 201 - "PUT https://[::1]:8080/v1/AUTH_9cb2db62181546998c52314d1567748c/gnocchi.3b68cbb1-ebe4-4d39-a327-1f3d544a1314/none_v3" "tx8f4847b6a7a64f54b5f3f-006934f763" "proxy-server 97857" 0.0212 "-" 96910 0
Dec 06 22:41:23 np0005549343.novalocal container-server[96576]: ::1 - - [07/Dec/2025:03:41:23 +0000] "PUT /2/125107/AUTH_9cb2db62181546998c52314d1567748c/gnocchi.3b68cbb1-ebe4-4d39-a327-1f3d544a1314/none_v3" 201 - "PUT http://[::1]:8080/3/1222/AUTH_9cb2db62181546998c52314d1567748c/gnocchi.3b68cbb1-ebe4-4d39-a327-1f3d544a1314/none_v3" "tx8f4847b6a7a64f54b5f3f-006934f763" "object-server 96910" 0.0006 "-" 96576 0
Dec 06 22:41:23 np0005549343.novalocal object-server[96910]: ::1 - - [07/Dec/2025:03:41:23 +0000] "PUT /1/1222/AUTH_9cb2db62181546998c52314d1567748c/gnocchi.3b68cbb1-ebe4-4d39-a327-1f3d544a1314/none_v3" 201 - "PUT https://[::1]:8080/v1/AUTH_9cb2db62181546998c52314d1567748c/gnocchi.3b68cbb1-ebe4-4d39-a327-1f3d544a1314/none_v3" "tx8f4847b6a7a64f54b5f3f-006934f763" "proxy-server 97857" 0.0200 "-" 96910 0
Dec 06 22:41:23 np0005549343.novalocal object-server[96910]: ::1 - - [07/Dec/2025:03:41:23 +0000] "PUT /3/1222/AUTH_9cb2db62181546998c52314d1567748c/gnocchi.3b68cbb1-ebe4-4d39-a327-1f3d544a1314/none_v3" 201 - "PUT https://[::1]:8080/v1/AUTH_9cb2db62181546998c52314d1567748c/gnocchi.3b68cbb1-ebe4-4d39-a327-1f3d544a1314/none_v3" "tx8f4847b6a7a64f54b5f3f-006934f763" "proxy-server 97857" 0.0192 "-" 96910 0
Dec 06 22:41:23 np0005549343.novalocal proxy-server[97857]: ::1 ::1 07/Dec/2025/03/41/23 PUT /v1/AUTH_9cb2db62181546998c52314d1567748c/gnocchi.3b68cbb1-ebe4-4d39-a327-1f3d544a1314/none_v3 HTTP/1.0 201 - python-swiftclient-4.8.0 gAAAAABpNPcx8Tdl... 59 - - tx8f4847b6a7a64f54b5f3f-006934f763 - 0.0372 - - 1765078883.282322884 1765078883.319530010 0 0c044fc9f411403aa3ab5cf8f2b14495
Dec 06 22:41:23 np0005549343.novalocal object-server[96909]: ::1 - - [07/Dec/2025:03:41:23 +0000] "GET /1/38476/AUTH_9cb2db62181546998c52314d1567748c/gnocchi.e0bcb974-4bc6-4426-88f8-d589e00e99d2/none_v3" 200 45 "GET https://[::1]:8080/v1/AUTH_9cb2db62181546998c52314d1567748c/gnocchi.e0bcb974-4bc6-4426-88f8-d589e00e99d2/none_v3" "tx9a06e16dd9fe49aa8e07b-006934f763" "proxy-server 97857" 0.0014 "-" 96909 0
Dec 06 22:41:23 np0005549343.novalocal proxy-server[97857]: ::1 ::1 07/Dec/2025/03/41/23 GET /v1/AUTH_9cb2db62181546998c52314d1567748c/gnocchi.e0bcb974-4bc6-4426-88f8-d589e00e99d2/none_v3 HTTP/1.0 200 - python-swiftclient-4.8.0 gAAAAABpNPcx8Tdl... - 45 - tx9a06e16dd9fe49aa8e07b-006934f763 - 0.0115 - - 1765078883.424843788 1765078883.436352015 0 0c044fc9f411403aa3ab5cf8f2b14495
Dec 06 22:41:23 np0005549343.novalocal container-server[96576]: ::1 - - [07/Dec/2025:03:41:23 +0000] "GET /2/191780/AUTH_9cb2db62181546998c52314d1567748c/gnocchi.e0bcb974-4bc6-4426-88f8-d589e00e99d2" 200 357 "GET https://[::1]:8080/v1/AUTH_9cb2db62181546998c52314d1567748c/gnocchi.e0bcb974-4bc6-4426-88f8-d589e00e99d2?format=json&states=listing" "tx4ccbdac9d5684bf295297-006934f763" "proxy-server 97857" 0.0102 "-" 96576 0
Dec 06 22:41:23 np0005549343.novalocal proxy-server[97857]: ::1 ::1 07/Dec/2025/03/41/23 GET /v1/AUTH_9cb2db62181546998c52314d1567748c/gnocchi.e0bcb974-4bc6-4426-88f8-d589e00e99d2%3Fformat%3Djson%26states%3Dlisting HTTP/1.0 200 - python-swiftclient-4.8.0 gAAAAABpNPcx8Tdl... - 357 - tx4ccbdac9d5684bf295297-006934f763 - 0.0198 - - 1765078883.439916849 1765078883.459697962 0 0c044fc9f411403aa3ab5cf8f2b14495
Dec 06 22:41:23 np0005549343.novalocal container-server[96576]: ::1 - - [07/Dec/2025:03:41:23 +0000] "GET /3/191780/AUTH_9cb2db62181546998c52314d1567748c/gnocchi.e0bcb974-4bc6-4426-88f8-d589e00e99d2" 200 2 "GET https://[::1]:8080/v1/AUTH_9cb2db62181546998c52314d1567748c/gnocchi.e0bcb974-4bc6-4426-88f8-d589e00e99d2?format=json&marker=none_v3&states=listing" "txbf9df3e146854d86968d2-006934f763" "proxy-server 97857" 0.0103 "-" 96576 0
Dec 06 22:41:23 np0005549343.novalocal proxy-server[97857]: ::1 ::1 07/Dec/2025/03/41/23 GET /v1/AUTH_9cb2db62181546998c52314d1567748c/gnocchi.e0bcb974-4bc6-4426-88f8-d589e00e99d2%3Fformat%3Djson%26marker%3Dnone_v3%26states%3Dlisting HTTP/1.0 200 - python-swiftclient-4.8.0 gAAAAABpNPcx8Tdl... - 2 - txbf9df3e146854d86968d2-006934f763 - 0.0197 - - 1765078883.463443518 1765078883.483149052 0 0c044fc9f411403aa3ab5cf8f2b14495
Dec 06 22:41:23 np0005549343.novalocal object-server[96909]: ::1 - - [07/Dec/2025:03:41:23 +0000] "GET /1/164983/AUTH_9cb2db62181546998c52314d1567748c/gnocchi.e0bcb974-4bc6-4426-88f8-d589e00e99d2/1764720000.0_mean_300.0_v3" 200 16 "GET https://[::1]:8080/v1/AUTH_9cb2db62181546998c52314d1567748c/gnocchi.e0bcb974-4bc6-4426-88f8-d589e00e99d2/1764720000.0_mean_300.0_v3" "tx27d31c60d8b94436acba3-006934f763" "proxy-server 97857" 0.0013 "-" 96909 0
Dec 06 22:41:23 np0005549343.novalocal proxy-server[97857]: ::1 ::1 07/Dec/2025/03/41/23 GET /v1/AUTH_9cb2db62181546998c52314d1567748c/gnocchi.e0bcb974-4bc6-4426-88f8-d589e00e99d2/1764720000.0_mean_300.0_v3 HTTP/1.0 200 - python-swiftclient-4.8.0 gAAAAABpNPcx8Tdl... - 16 - tx27d31c60d8b94436acba3-006934f763 - 0.0103 - - 1765078883.487783909 1765078883.498096228 0 0c044fc9f411403aa3ab5cf8f2b14495
Dec 06 22:41:23 np0005549343.novalocal container-server[96575]: ::1 - - [07/Dec/2025:03:41:23 +0000] "PUT /2/191780/AUTH_9cb2db62181546998c52314d1567748c/gnocchi.e0bcb974-4bc6-4426-88f8-d589e00e99d2/1764720000.0_mean_300.0_v3" 201 - "PUT http://[::1]:8080/1/164983/AUTH_9cb2db62181546998c52314d1567748c/gnocchi.e0bcb974-4bc6-4426-88f8-d589e00e99d2/1764720000.0_mean_300.0_v3" "tx29d3e0f525f34a7cbe413-006934f763" "object-server 96910" 0.0008 "-" 96575 0
Dec 06 22:41:23 np0005549343.novalocal container-server[96575]: ::1 - - [07/Dec/2025:03:41:23 +0000] "PUT /1/191780/AUTH_9cb2db62181546998c52314d1567748c/gnocchi.e0bcb974-4bc6-4426-88f8-d589e00e99d2/1764720000.0_mean_300.0_v3" 201 - "PUT http://[::1]:8080/2/164983/AUTH_9cb2db62181546998c52314d1567748c/gnocchi.e0bcb974-4bc6-4426-88f8-d589e00e99d2/1764720000.0_mean_300.0_v3" "tx29d3e0f525f34a7cbe413-006934f763" "object-server 96909" 0.0004 "-" 96575 0
Dec 06 22:41:23 np0005549343.novalocal object-server[96910]: ::1 - - [07/Dec/2025:03:41:23 +0000] "PUT /1/164983/AUTH_9cb2db62181546998c52314d1567748c/gnocchi.e0bcb974-4bc6-4426-88f8-d589e00e99d2/1764720000.0_mean_300.0_v3" 201 - "PUT https://[::1]:8080/v1/AUTH_9cb2db62181546998c52314d1567748c/gnocchi.e0bcb974-4bc6-4426-88f8-d589e00e99d2/1764720000.0_mean_300.0_v3" "tx29d3e0f525f34a7cbe413-006934f763" "proxy-server 97857" 0.0153 "-" 96910 0
Dec 06 22:41:23 np0005549343.novalocal container-server[96575]: ::1 - - [07/Dec/2025:03:41:23 +0000] "PUT /3/191780/AUTH_9cb2db62181546998c52314d1567748c/gnocchi.e0bcb974-4bc6-4426-88f8-d589e00e99d2/1764720000.0_mean_300.0_v3" 201 - "PUT http://[::1]:8080/3/164983/AUTH_9cb2db62181546998c52314d1567748c/gnocchi.e0bcb974-4bc6-4426-88f8-d589e00e99d2/1764720000.0_mean_300.0_v3" "tx29d3e0f525f34a7cbe413-006934f763" "object-server 96909" 0.0003 "-" 96575 0
Dec 06 22:41:23 np0005549343.novalocal object-server[96909]: ::1 - - [07/Dec/2025:03:41:23 +0000] "PUT /2/164983/AUTH_9cb2db62181546998c52314d1567748c/gnocchi.e0bcb974-4bc6-4426-88f8-d589e00e99d2/1764720000.0_mean_300.0_v3" 201 - "PUT https://[::1]:8080/v1/AUTH_9cb2db62181546998c52314d1567748c/gnocchi.e0bcb974-4bc6-4426-88f8-d589e00e99d2/1764720000.0_mean_300.0_v3" "tx29d3e0f525f34a7cbe413-006934f763" "proxy-server 97857" 0.0153 "-" 96909 0
Dec 06 22:41:23 np0005549343.novalocal object-server[96909]: ::1 - - [07/Dec/2025:03:41:23 +0000] "PUT /3/164983/AUTH_9cb2db62181546998c52314d1567748c/gnocchi.e0bcb974-4bc6-4426-88f8-d589e00e99d2/1764720000.0_mean_300.0_v3" 201 - "PUT https://[::1]:8080/v1/AUTH_9cb2db62181546998c52314d1567748c/gnocchi.e0bcb974-4bc6-4426-88f8-d589e00e99d2/1764720000.0_mean_300.0_v3" "tx29d3e0f525f34a7cbe413-006934f763" "proxy-server 97857" 0.0142 "-" 96909 0
Dec 06 22:41:23 np0005549343.novalocal proxy-server[97857]: ::1 ::1 07/Dec/2025/03/41/23 PUT /v1/AUTH_9cb2db62181546998c52314d1567748c/gnocchi.e0bcb974-4bc6-4426-88f8-d589e00e99d2/1764720000.0_mean_300.0_v3 HTTP/1.0 201 - python-swiftclient-4.8.0 gAAAAABpNPcx8Tdl... 16 - - tx29d3e0f525f34a7cbe413-006934f763 - 0.0298 - - 1765078883.501655579 1765078883.531478643 0 0c044fc9f411403aa3ab5cf8f2b14495
Dec 06 22:41:23 np0005549343.novalocal container-server[96576]: ::1 - - [07/Dec/2025:03:41:23 +0000] "PUT /3/191780/AUTH_9cb2db62181546998c52314d1567748c/gnocchi.e0bcb974-4bc6-4426-88f8-d589e00e99d2/none_v3" 201 - "PUT http://[::1]:8080/3/38476/AUTH_9cb2db62181546998c52314d1567748c/gnocchi.e0bcb974-4bc6-4426-88f8-d589e00e99d2/none_v3" "tx36504fc9a98c4ed781b04-006934f763" "object-server 96909" 0.0009 "-" 96576 0
Dec 06 22:41:23 np0005549343.novalocal object-server[96909]: ::1 - - [07/Dec/2025:03:41:23 +0000] "PUT /3/38476/AUTH_9cb2db62181546998c52314d1567748c/gnocchi.e0bcb974-4bc6-4426-88f8-d589e00e99d2/none_v3" 201 - "PUT https://[::1]:8080/v1/AUTH_9cb2db62181546998c52314d1567748c/gnocchi.e0bcb974-4bc6-4426-88f8-d589e00e99d2/none_v3" "tx36504fc9a98c4ed781b04-006934f763" "proxy-server 97857" 0.0144 "-" 96909 0
Dec 06 22:41:23 np0005549343.novalocal container-server[96576]: ::1 - - [07/Dec/2025:03:41:23 +0000] "PUT /1/191780/AUTH_9cb2db62181546998c52314d1567748c/gnocchi.e0bcb974-4bc6-4426-88f8-d589e00e99d2/none_v3" 201 - "PUT http://[::1]:8080/2/38476/AUTH_9cb2db62181546998c52314d1567748c/gnocchi.e0bcb974-4bc6-4426-88f8-d589e00e99d2/none_v3" "tx36504fc9a98c4ed781b04-006934f763" "object-server 96910" 0.0006 "-" 96576 0
Dec 06 22:41:23 np0005549343.novalocal object-server[96910]: ::1 - - [07/Dec/2025:03:41:23 +0000] "PUT /2/38476/AUTH_9cb2db62181546998c52314d1567748c/gnocchi.e0bcb974-4bc6-4426-88f8-d589e00e99d2/none_v3" 201 - "PUT https://[::1]:8080/v1/AUTH_9cb2db62181546998c52314d1567748c/gnocchi.e0bcb974-4bc6-4426-88f8-d589e00e99d2/none_v3" "tx36504fc9a98c4ed781b04-006934f763" "proxy-server 97857" 0.0181 "-" 96910 0
Dec 06 22:41:23 np0005549343.novalocal container-server[96576]: ::1 - - [07/Dec/2025:03:41:23 +0000] "PUT /2/191780/AUTH_9cb2db62181546998c52314d1567748c/gnocchi.e0bcb974-4bc6-4426-88f8-d589e00e99d2/none_v3" 201 - "PUT http://[::1]:8080/1/38476/AUTH_9cb2db62181546998c52314d1567748c/gnocchi.e0bcb974-4bc6-4426-88f8-d589e00e99d2/none_v3" "tx36504fc9a98c4ed781b04-006934f763" "object-server 96909" 0.0007 "-" 96576 0
Dec 06 22:41:23 np0005549343.novalocal object-server[96909]: ::1 - - [07/Dec/2025:03:41:23 +0000] "PUT /1/38476/AUTH_9cb2db62181546998c52314d1567748c/gnocchi.e0bcb974-4bc6-4426-88f8-d589e00e99d2/none_v3" 201 - "PUT https://[::1]:8080/v1/AUTH_9cb2db62181546998c52314d1567748c/gnocchi.e0bcb974-4bc6-4426-88f8-d589e00e99d2/none_v3" "tx36504fc9a98c4ed781b04-006934f763" "proxy-server 97857" 0.0206 "-" 96909 0
Dec 06 22:41:23 np0005549343.novalocal proxy-server[97857]: ::1 ::1 07/Dec/2025/03/41/23 PUT /v1/AUTH_9cb2db62181546998c52314d1567748c/gnocchi.e0bcb974-4bc6-4426-88f8-d589e00e99d2/none_v3 HTTP/1.0 201 - python-swiftclient-4.8.0 gAAAAABpNPcx8Tdl... 52 - - tx36504fc9a98c4ed781b04-006934f763 - 0.0330 - - 1765078883.535671711 1765078883.568713188 0 0c044fc9f411403aa3ab5cf8f2b14495
Dec 06 22:41:23 np0005549343.novalocal object-server[96909]: ::1 - - [07/Dec/2025:03:41:23 +0000] "GET /2/187521/AUTH_9cb2db62181546998c52314d1567748c/gnocchi.8a741be1-81ed-47f5-aecf-e2216f7eaadd/none_v3" 200 52 "GET https://[::1]:8080/v1/AUTH_9cb2db62181546998c52314d1567748c/gnocchi.8a741be1-81ed-47f5-aecf-e2216f7eaadd/none_v3" "txce1d402ee9074e51ac107-006934f763" "proxy-server 97857" 0.0012 "-" 96909 0
Dec 06 22:41:23 np0005549343.novalocal proxy-server[97857]: ::1 ::1 07/Dec/2025/03/41/23 GET /v1/AUTH_9cb2db62181546998c52314d1567748c/gnocchi.8a741be1-81ed-47f5-aecf-e2216f7eaadd/none_v3 HTTP/1.0 200 - python-swiftclient-4.8.0 gAAAAABpNPcx8Tdl... - 52 - txce1d402ee9074e51ac107-006934f763 - 0.0100 - - 1765078883.600204945 1765078883.610222101 0 0c044fc9f411403aa3ab5cf8f2b14495
Dec 06 22:41:23 np0005549343.novalocal container-server[96575]: ::1 - - [07/Dec/2025:03:41:23 +0000] "GET /3/123717/AUTH_9cb2db62181546998c52314d1567748c/gnocchi.8a741be1-81ed-47f5-aecf-e2216f7eaadd" 200 357 "GET https://[::1]:8080/v1/AUTH_9cb2db62181546998c52314d1567748c/gnocchi.8a741be1-81ed-47f5-aecf-e2216f7eaadd?format=json&states=listing" "tx02fddfc3d41342aca01a4-006934f763" "proxy-server 97857" 0.0119 "-" 96575 0
Dec 06 22:41:23 np0005549343.novalocal proxy-server[97857]: ::1 ::1 07/Dec/2025/03/41/23 GET /v1/AUTH_9cb2db62181546998c52314d1567748c/gnocchi.8a741be1-81ed-47f5-aecf-e2216f7eaadd%3Fformat%3Djson%26states%3Dlisting HTTP/1.0 200 - python-swiftclient-4.8.0 gAAAAABpNPcx8Tdl... - 357 - tx02fddfc3d41342aca01a4-006934f763 - 0.0212 - - 1765078883.613808155 1765078883.635032177 0 0c044fc9f411403aa3ab5cf8f2b14495
Dec 06 22:41:23 np0005549343.novalocal container-server[96576]: ::1 - - [07/Dec/2025:03:41:23 +0000] "GET /3/123717/AUTH_9cb2db62181546998c52314d1567748c/gnocchi.8a741be1-81ed-47f5-aecf-e2216f7eaadd" 200 2 "GET https://[::1]:8080/v1/AUTH_9cb2db62181546998c52314d1567748c/gnocchi.8a741be1-81ed-47f5-aecf-e2216f7eaadd?format=json&marker=none_v3&states=listing" "txb5eca2d5e56445b68bdfc-006934f763" "proxy-server 97857" 0.0054 "-" 96576 0
Dec 06 22:41:23 np0005549343.novalocal proxy-server[97857]: ::1 ::1 07/Dec/2025/03/41/23 GET /v1/AUTH_9cb2db62181546998c52314d1567748c/gnocchi.8a741be1-81ed-47f5-aecf-e2216f7eaadd%3Fformat%3Djson%26marker%3Dnone_v3%26states%3Dlisting HTTP/1.0 200 - python-swiftclient-4.8.0 gAAAAABpNPcx8Tdl... - 2 - txb5eca2d5e56445b68bdfc-006934f763 - 0.0152 - - 1765078883.638301373 1765078883.653507471 0 0c044fc9f411403aa3ab5cf8f2b14495
Dec 06 22:41:23 np0005549343.novalocal object-server[96909]: ::1 - - [07/Dec/2025:03:41:23 +0000] "GET /1/97368/AUTH_9cb2db62181546998c52314d1567748c/gnocchi.8a741be1-81ed-47f5-aecf-e2216f7eaadd/1764720000.0_mean_300.0_v3" 200 16 "GET https://[::1]:8080/v1/AUTH_9cb2db62181546998c52314d1567748c/gnocchi.8a741be1-81ed-47f5-aecf-e2216f7eaadd/1764720000.0_mean_300.0_v3" "txa8160d04e54c4221ae16f-006934f763" "proxy-server 97857" 0.0012 "-" 96909 0
Dec 06 22:41:23 np0005549343.novalocal proxy-server[97857]: ::1 ::1 07/Dec/2025/03/41/23 GET /v1/AUTH_9cb2db62181546998c52314d1567748c/gnocchi.8a741be1-81ed-47f5-aecf-e2216f7eaadd/1764720000.0_mean_300.0_v3 HTTP/1.0 200 - python-swiftclient-4.8.0 gAAAAABpNPcx8Tdl... - 16 - txa8160d04e54c4221ae16f-006934f763 - 0.0098 - - 1765078883.657757521 1765078883.667563915 0 0c044fc9f411403aa3ab5cf8f2b14495
Dec 06 22:41:23 np0005549343.novalocal container-server[96576]: ::1 - - [07/Dec/2025:03:41:23 +0000] "PUT /1/123717/AUTH_9cb2db62181546998c52314d1567748c/gnocchi.8a741be1-81ed-47f5-aecf-e2216f7eaadd/1764720000.0_mean_300.0_v3" 201 - "PUT http://[::1]:8080/3/97368/AUTH_9cb2db62181546998c52314d1567748c/gnocchi.8a741be1-81ed-47f5-aecf-e2216f7eaadd/1764720000.0_mean_300.0_v3" "tx5ee01036e5424b3f99286-006934f763" "object-server 96910" 0.0012 "-" 96576 0
Dec 06 22:41:23 np0005549343.novalocal container-server[96575]: ::1 - - [07/Dec/2025:03:41:23 +0000] "PUT /2/123717/AUTH_9cb2db62181546998c52314d1567748c/gnocchi.8a741be1-81ed-47f5-aecf-e2216f7eaadd/1764720000.0_mean_300.0_v3" 201 - "PUT http://[::1]:8080/1/97368/AUTH_9cb2db62181546998c52314d1567748c/gnocchi.8a741be1-81ed-47f5-aecf-e2216f7eaadd/1764720000.0_mean_300.0_v3" "tx5ee01036e5424b3f99286-006934f763" "object-server 96909" 0.0009 "-" 96575 0
Dec 06 22:41:23 np0005549343.novalocal object-server[96909]: ::1 - - [07/Dec/2025:03:41:23 +0000] "PUT /1/97368/AUTH_9cb2db62181546998c52314d1567748c/gnocchi.8a741be1-81ed-47f5-aecf-e2216f7eaadd/1764720000.0_mean_300.0_v3" 201 - "PUT https://[::1]:8080/v1/AUTH_9cb2db62181546998c52314d1567748c/gnocchi.8a741be1-81ed-47f5-aecf-e2216f7eaadd/1764720000.0_mean_300.0_v3" "tx5ee01036e5424b3f99286-006934f763" "proxy-server 97857" 0.0157 "-" 96909 0
Dec 06 22:41:23 np0005549343.novalocal object-server[96910]: ::1 - - [07/Dec/2025:03:41:23 +0000] "PUT /3/97368/AUTH_9cb2db62181546998c52314d1567748c/gnocchi.8a741be1-81ed-47f5-aecf-e2216f7eaadd/1764720000.0_mean_300.0_v3" 201 - "PUT https://[::1]:8080/v1/AUTH_9cb2db62181546998c52314d1567748c/gnocchi.8a741be1-81ed-47f5-aecf-e2216f7eaadd/1764720000.0_mean_300.0_v3" "tx5ee01036e5424b3f99286-006934f763" "proxy-server 97857" 0.0154 "-" 96910 0
Dec 06 22:41:23 np0005549343.novalocal container-server[96576]: ::1 - - [07/Dec/2025:03:41:23 +0000] "PUT /3/123717/AUTH_9cb2db62181546998c52314d1567748c/gnocchi.8a741be1-81ed-47f5-aecf-e2216f7eaadd/1764720000.0_mean_300.0_v3" 201 - "PUT http://[::1]:8080/2/97368/AUTH_9cb2db62181546998c52314d1567748c/gnocchi.8a741be1-81ed-47f5-aecf-e2216f7eaadd/1764720000.0_mean_300.0_v3" "tx5ee01036e5424b3f99286-006934f763" "object-server 96909" 0.0010 "-" 96576 0
Dec 06 22:41:23 np0005549343.novalocal object-server[96909]: ::1 - - [07/Dec/2025:03:41:23 +0000] "PUT /2/97368/AUTH_9cb2db62181546998c52314d1567748c/gnocchi.8a741be1-81ed-47f5-aecf-e2216f7eaadd/1764720000.0_mean_300.0_v3" 201 - "PUT https://[::1]:8080/v1/AUTH_9cb2db62181546998c52314d1567748c/gnocchi.8a741be1-81ed-47f5-aecf-e2216f7eaadd/1764720000.0_mean_300.0_v3" "tx5ee01036e5424b3f99286-006934f763" "proxy-server 97857" 0.0153 "-" 96909 0
Dec 06 22:41:23 np0005549343.novalocal proxy-server[97857]: ::1 ::1 07/Dec/2025/03/41/23 PUT /v1/AUTH_9cb2db62181546998c52314d1567748c/gnocchi.8a741be1-81ed-47f5-aecf-e2216f7eaadd/1764720000.0_mean_300.0_v3 HTTP/1.0 201 - python-swiftclient-4.8.0 gAAAAABpNPcx8Tdl... 16 - - tx5ee01036e5424b3f99286-006934f763 - 0.0298 - - 1765078883.671147346 1765078883.700965643 0 0c044fc9f411403aa3ab5cf8f2b14495
Dec 06 22:41:23 np0005549343.novalocal container-server[96575]: ::1 - - [07/Dec/2025:03:41:23 +0000] "PUT /2/123717/AUTH_9cb2db62181546998c52314d1567748c/gnocchi.8a741be1-81ed-47f5-aecf-e2216f7eaadd/none_v3" 201 - "PUT http://[::1]:8080/1/187521/AUTH_9cb2db62181546998c52314d1567748c/gnocchi.8a741be1-81ed-47f5-aecf-e2216f7eaadd/none_v3" "tx6e71a1a6fd784c7c8bc9f-006934f763" "object-server 96909" 0.0008 "-" 96575 0
Dec 06 22:41:23 np0005549343.novalocal object-server[96909]: ::1 - - [07/Dec/2025:03:41:23 +0000] "PUT /1/187521/AUTH_9cb2db62181546998c52314d1567748c/gnocchi.8a741be1-81ed-47f5-aecf-e2216f7eaadd/none_v3" 201 - "PUT https://[::1]:8080/v1/AUTH_9cb2db62181546998c52314d1567748c/gnocchi.8a741be1-81ed-47f5-aecf-e2216f7eaadd/none_v3" "tx6e71a1a6fd784c7c8bc9f-006934f763" "proxy-server 97857" 0.0128 "-" 96909 0
Dec 06 22:41:23 np0005549343.novalocal container-server[96576]: ::1 - - [07/Dec/2025:03:41:23 +0000] "PUT /3/123717/AUTH_9cb2db62181546998c52314d1567748c/gnocchi.8a741be1-81ed-47f5-aecf-e2216f7eaadd/none_v3" 201 - "PUT http://[::1]:8080/3/187521/AUTH_9cb2db62181546998c52314d1567748c/gnocchi.8a741be1-81ed-47f5-aecf-e2216f7eaadd/none_v3" "tx6e71a1a6fd784c7c8bc9f-006934f763" "object-server 96910" 0.0008 "-" 96576 0
Dec 06 22:41:23 np0005549343.novalocal container-server[96575]: ::1 - - [07/Dec/2025:03:41:23 +0000] "PUT /1/123717/AUTH_9cb2db62181546998c52314d1567748c/gnocchi.8a741be1-81ed-47f5-aecf-e2216f7eaadd/none_v3" 201 - "PUT http://[::1]:8080/2/187521/AUTH_9cb2db62181546998c52314d1567748c/gnocchi.8a741be1-81ed-47f5-aecf-e2216f7eaadd/none_v3" "tx6e71a1a6fd784c7c8bc9f-006934f763" "object-server 96910" 0.0006 "-" 96575 0
Dec 06 22:41:23 np0005549343.novalocal object-server[96910]: ::1 - - [07/Dec/2025:03:41:23 +0000] "PUT /3/187521/AUTH_9cb2db62181546998c52314d1567748c/gnocchi.8a741be1-81ed-47f5-aecf-e2216f7eaadd/none_v3" 201 - "PUT https://[::1]:8080/v1/AUTH_9cb2db62181546998c52314d1567748c/gnocchi.8a741be1-81ed-47f5-aecf-e2216f7eaadd/none_v3" "tx6e71a1a6fd784c7c8bc9f-006934f763" "proxy-server 97857" 0.0142 "-" 96910 0
Dec 06 22:41:23 np0005549343.novalocal object-server[96910]: ::1 - - [07/Dec/2025:03:41:23 +0000] "PUT /2/187521/AUTH_9cb2db62181546998c52314d1567748c/gnocchi.8a741be1-81ed-47f5-aecf-e2216f7eaadd/none_v3" 201 - "PUT https://[::1]:8080/v1/AUTH_9cb2db62181546998c52314d1567748c/gnocchi.8a741be1-81ed-47f5-aecf-e2216f7eaadd/none_v3" "tx6e71a1a6fd784c7c8bc9f-006934f763" "proxy-server 97857" 0.0179 "-" 96910 0
Dec 06 22:41:23 np0005549343.novalocal proxy-server[97857]: ::1 ::1 07/Dec/2025/03/41/23 PUT /v1/AUTH_9cb2db62181546998c52314d1567748c/gnocchi.8a741be1-81ed-47f5-aecf-e2216f7eaadd/none_v3 HTTP/1.0 201 - python-swiftclient-4.8.0 gAAAAABpNPcx8Tdl... 60 - - tx6e71a1a6fd784c7c8bc9f-006934f763 - 0.0281 - - 1765078883.704356670 1765078883.732417345 0 0c044fc9f411403aa3ab5cf8f2b14495
Dec 06 22:41:23 np0005549343.novalocal NetworkManager[854]: [1765078883.9871] manager: (qbr96d541f5-a7): new Bridge device (/org/freedesktop/NetworkManager/Devices/29)
Dec 06 22:41:23 np0005549343.novalocal NetworkManager[854]: [1765078883.9961] manager: (qvo96d541f5-a7): new Veth device (/org/freedesktop/NetworkManager/Devices/30)
Dec 06 22:41:23 np0005549343.novalocal NetworkManager[854]: [1765078883.9975] manager: (qvb96d541f5-a7): new Veth device (/org/freedesktop/NetworkManager/Devices/31)
Dec 06 22:41:24 np0005549343.novalocal NetworkManager[854]: [1765078884.0076] device (qvo96d541f5-a7): carrier: link connected
Dec 06 22:41:24 np0005549343.novalocal NetworkManager[854]: [1765078884.0079] device (qvb96d541f5-a7): carrier: link connected
Dec 06 22:41:24 np0005549343.novalocal systemd-udevd[104494]: Network interface NamePolicy= disabled on kernel command line.
Dec 06 22:41:24 np0005549343.novalocal kernel: qbr96d541f5-a7: port 1(qvb96d541f5-a7) entered blocking state
Dec 06 22:41:24 np0005549343.novalocal kernel: qbr96d541f5-a7: port 1(qvb96d541f5-a7) entered disabled state
Dec 06 22:41:24 np0005549343.novalocal kernel: qvb96d541f5-a7: entered allmulticast mode
Dec 06 22:41:24 np0005549343.novalocal kernel: qvb96d541f5-a7: entered promiscuous mode
Dec 06 22:41:24 np0005549343.novalocal kernel: qbr96d541f5-a7: port 1(qvb96d541f5-a7) entered blocking state
Dec 06 22:41:24 np0005549343.novalocal kernel: qbr96d541f5-a7: port 1(qvb96d541f5-a7) entered forwarding state
Dec 06 22:41:24 np0005549343.novalocal systemd-udevd[104495]: Network interface NamePolicy= disabled on kernel command line.
Dec 06 22:41:24 np0005549343.novalocal NetworkManager[854]: [1765078884.0178] device (qbr96d541f5-a7): carrier: link connected
Dec 06 22:41:24 np0005549343.novalocal systemd-udevd[104496]: Network interface NamePolicy= disabled on kernel command line.
Dec 06 22:41:24 np0005549343.novalocal NetworkManager[854]: [1765078884.0379] device (qbr96d541f5-a7): state change: unmanaged -> unavailable (reason 'connection-assumed', managed-type: 'external')
