Dec 06 22:41:24 np0005549343.novalocal NetworkManager[854]: [1765078884.0387] device (qbr96d541f5-a7): state change: unavailable -> disconnected (reason 'connection-assumed', managed-type: 'external')
Dec 06 22:41:24 np0005549343.novalocal NetworkManager[854]: [1765078884.0393] device (qbr96d541f5-a7): Activation: starting connection 'qbr96d541f5-a7' (c5ff81b9-db96-42f6-ba4a-52aa517b7995)
Dec 06 22:41:24 np0005549343.novalocal NetworkManager[854]: [1765078884.0394] device (qbr96d541f5-a7): state change: disconnected -> prepare (reason 'none', managed-type: 'external')
Dec 06 22:41:24 np0005549343.novalocal NetworkManager[854]: [1765078884.0396] device (qbr96d541f5-a7): state change: prepare -> config (reason 'none', managed-type: 'external')
Dec 06 22:41:24 np0005549343.novalocal NetworkManager[854]: [1765078884.0398] device (qbr96d541f5-a7): state change: config -> ip-config (reason 'none', managed-type: 'external')
Dec 06 22:41:24 np0005549343.novalocal NetworkManager[854]: [1765078884.0400] device (qbr96d541f5-a7): state change: ip-config -> ip-check (reason 'none', managed-type: 'external')
Dec 06 22:41:24 np0005549343.novalocal NetworkManager[854]: [1765078884.0681] device (qbr96d541f5-a7): state change: ip-check -> secondaries (reason 'none', managed-type: 'external')
Dec 06 22:41:24 np0005549343.novalocal NetworkManager[854]: [1765078884.0685] device (qbr96d541f5-a7): state change: secondaries -> activated (reason 'none', managed-type: 'external')
Dec 06 22:41:24 np0005549343.novalocal NetworkManager[854]: [1765078884.0710] device (qbr96d541f5-a7): Activation: successful, device activated.
Dec 06 22:41:24 np0005549343.novalocal kernel: qvo96d541f5-a7: entered promiscuous mode
Dec 06 22:41:24 np0005549343.novalocal systemd[1]: iscsi.service: Unit cannot be reloaded because it is inactive.
Dec 06 22:41:24 np0005549343.novalocal kernel: qbr96d541f5-a7: port 2(tap96d541f5-a7) entered blocking state
Dec 06 22:41:24 np0005549343.novalocal kernel: qbr96d541f5-a7: port 2(tap96d541f5-a7) entered disabled state
Dec 06 22:41:24 np0005549343.novalocal kernel: tap96d541f5-a7: entered allmulticast mode
Dec 06 22:41:24 np0005549343.novalocal kernel: tap96d541f5-a7: entered promiscuous mode
Dec 06 22:41:24 np0005549343.novalocal kernel: qbr96d541f5-a7: port 2(tap96d541f5-a7) entered blocking state
Dec 06 22:41:24 np0005549343.novalocal kernel: qbr96d541f5-a7: port 2(tap96d541f5-a7) entered forwarding state
Dec 06 22:41:24 np0005549343.novalocal NetworkManager[854]: [1765078884.1448] manager: (tap96d541f5-a7): new Tun device (/org/freedesktop/NetworkManager/Devices/32)
Dec 06 22:41:24 np0005549343.novalocal systemd-udevd[104505]: Network interface NamePolicy= disabled on kernel command line.
Dec 06 22:41:24 np0005549343.novalocal virtqemud[99253]: Domain id=3 name='instance-00000002' uuid=a5bfd5d0-a707-4deb-bd37-6a0a7673a441 is tainted: deprecated-config (machine type 'pc-i440fx-rhel7.6.0')
Dec 06 22:41:24 np0005549343.novalocal virtqemud[99253]: Domain id=3 name='instance-00000002' uuid=a5bfd5d0-a707-4deb-bd37-6a0a7673a441 is tainted: deprecated-config (CPU model 'qemu64')
Dec 06 22:41:24 np0005549343.novalocal NetworkManager[854]: [1765078884.1613] device (tap96d541f5-a7): state change: unmanaged -> unavailable (reason 'connection-assumed', managed-type: 'external')
Dec 06 22:41:24 np0005549343.novalocal NetworkManager[854]: [1765078884.1622] device (tap96d541f5-a7): state change: unavailable -> disconnected (reason 'connection-assumed', managed-type: 'external')
Dec 06 22:41:24 np0005549343.novalocal NetworkManager[854]: [1765078884.1627] device (tap96d541f5-a7): Activation: starting connection 'tap96d541f5-a7' (a99b3dc4-60a2-4edf-a088-1bda4576b9b3)
Dec 06 22:41:24 np0005549343.novalocal NetworkManager[854]: [1765078884.1628] device (tap96d541f5-a7): state change: disconnected -> prepare (reason 'none', managed-type: 'external')
Dec 06 22:41:24 np0005549343.novalocal NetworkManager[854]: [1765078884.1630] device (tap96d541f5-a7): state change: prepare -> config (reason 'none', managed-type: 'external')
Dec 06 22:41:24 np0005549343.novalocal NetworkManager[854]: [1765078884.1632] device (tap96d541f5-a7): state change: config -> ip-config (reason 'none', managed-type: 'external')
Dec 06 22:41:24 np0005549343.novalocal NetworkManager[854]: [1765078884.1633] device (qbr96d541f5-a7): bridge port tap96d541f5-a7 was attached
Dec 06 22:41:24 np0005549343.novalocal NetworkManager[854]: [1765078884.1633] device (tap96d541f5-a7): Activation: connection 'tap96d541f5-a7' attached as port, continuing activation
Dec 06 22:41:24 np0005549343.novalocal NetworkManager[854]: [1765078884.1634] device (tap96d541f5-a7): state change: ip-config -> ip-check (reason 'none', managed-type: 'external')
Dec 06 22:41:24 np0005549343.novalocal NetworkManager[854]: [1765078884.1652] device (tap96d541f5-a7): state change: ip-check -> secondaries (reason 'none', managed-type: 'external')
Dec 06 22:41:24 np0005549343.novalocal NetworkManager[854]: [1765078884.1653] device (tap96d541f5-a7): state change: secondaries -> activated (reason 'none', managed-type: 'external')
Dec 06 22:41:24 np0005549343.novalocal NetworkManager[854]: [1765078884.1660] device (tap96d541f5-a7): Activation: successful, device activated.
Dec 06 22:41:24 np0005549343.novalocal systemd-machined[93474]: New machine qemu-3-instance-00000002.
Dec 06 22:41:24 np0005549343.novalocal systemd[1]: Started Virtual Machine qemu-3-instance-00000002.
Dec 06 22:41:24 np0005549343.novalocal systemd[1]: iscsi.service: Unit cannot be reloaded because it is inactive.
Dec 06 22:41:25 np0005549343.novalocal container-replicator[96639]: Beginning replication run
Dec 06 22:41:27 np0005549343.novalocal container-replicator[96639]: Replication run OVER
Dec 06 22:41:27 np0005549343.novalocal container-replicator[96639]: Attempted to replicate 93 dbs in 2.54609 seconds (36.52666/s)
Dec 06 22:41:27 np0005549343.novalocal container-replicator[96639]: Removed 0 dbs
Dec 06 22:41:27 np0005549343.novalocal container-replicator[96639]: 186 successes, 0 failures
Dec 06 22:41:27 np0005549343.novalocal container-replicator[96639]: diff:0 diff_capped:0 empty:0 hashmatch:0 no_change:186 remote_merge:0 rsync:0 ts_repl:0
Dec 06 22:41:27 np0005549343.novalocal account-server[96281]: ::1 - - [07/Dec/2025:03:41:27 +0000] "HEAD /3/249817/.misplaced_objects" 404 - "HEAD http://localhost/v1/.misplaced_objects?format=json" "txb4567ce9902149ff83f29-006934f767" "Swift Container Reconciler" 0.0003 "-" 96281 -
Dec 06 22:41:27 np0005549343.novalocal account-server[96280]: ::1 - - [07/Dec/2025:03:41:27 +0000] "HEAD /1/249817/.misplaced_objects" 404 - "HEAD http://localhost/v1/.misplaced_objects?format=json" "txb4567ce9902149ff83f29-006934f767" "Swift Container Reconciler" 0.0003 "-" 96280 -
Dec 06 22:41:27 np0005549343.novalocal account-server[96281]: ::1 - - [07/Dec/2025:03:41:27 +0000] "HEAD /2/249817/.misplaced_objects" 404 - "HEAD http://localhost/v1/.misplaced_objects?format=json" "txb4567ce9902149ff83f29-006934f767" "Swift Container Reconciler" 0.0001 "-" 96281 -
Dec 06 22:41:27 np0005549343.novalocal container-reconciler-ic[92310]: - - 07/Dec/2025/03/41/27 HEAD /v1/.misplaced_objects%3Fformat%3Djson HTTP/1.0 404 - Swift - - - - txb4567ce9902149ff83f29-006934f767 - 0.0097 GET_ACCOUNT_INFO - 1765078887.984715223 1765078887.994377375 - -
Dec 06 22:41:27 np0005549343.novalocal object-server[96909]: ::1 - - [07/Dec/2025:03:41:27 +0000] "GET /2/70413/AUTH_9cb2db62181546998c52314d1567748c/gnocchi.75b5af1f-be73-4bd9-8247-c4fe9f7db181/none_v3" 200 27 "GET https://[::1]:8080/v1/AUTH_9cb2db62181546998c52314d1567748c/gnocchi.75b5af1f-be73-4bd9-8247-c4fe9f7db181/none_v3" "txab92ca874f1e421780e63-006934f767" "proxy-server 97857" 0.0017 "-" 96909 0
Dec 06 22:41:27 np0005549343.novalocal proxy-server[97857]: ::1 ::1 07/Dec/2025/03/41/27 GET /v1/AUTH_9cb2db62181546998c52314d1567748c/gnocchi.75b5af1f-be73-4bd9-8247-c4fe9f7db181/none_v3 HTTP/1.0 200 - python-swiftclient-4.8.0 gAAAAABpNPcx8Tdl... - 27 - txab92ca874f1e421780e63-006934f767 - 0.0124 - - 1765078887.985081911 1765078887.997464657 0 0c044fc9f411403aa3ab5cf8f2b14495
Dec 06 22:41:27 np0005549343.novalocal container-server[96575]: ::1 - - [07/Dec/2025:03:41:27 +0000] "GET /3/96805/.misplaced_objects/1765076400" 404 - "GET http://localhost/v1/.misplaced_objects/1765076400?format=json&marker=&end_marker=&prefix=&states=listing" "txb4567ce9902149ff83f29-006934f767" "Swift Container Reconciler" 0.0008 "-" 96575 0
Dec 06 22:41:28 np0005549343.novalocal container-server[96576]: ::1 - - [07/Dec/2025:03:41:28 +0000] "GET /1/96805/.misplaced_objects/1765076400" 404 - "GET http://localhost/v1/.misplaced_objects/1765076400?format=json&marker=&end_marker=&prefix=&states=listing" "txb4567ce9902149ff83f29-006934f767" "Swift Container Reconciler" 0.0006 "-" 96576 0
Dec 06 22:41:28 np0005549343.novalocal container-server[96576]: ::1 - - [07/Dec/2025:03:41:28 +0000] "GET /2/96805/.misplaced_objects/1765076400" 404 - "GET http://localhost/v1/.misplaced_objects/1765076400?format=json&marker=&end_marker=&prefix=&states=listing" "txb4567ce9902149ff83f29-006934f767" "Swift Container Reconciler" 0.0004 "-" 96576 0
Dec 06 22:41:28 np0005549343.novalocal container-reconciler-ic[92310]: - - 07/Dec/2025/03/41/28 GET /v1/.misplaced_objects/1765076400%3Fformat%3Djson%26marker%3D%26end_marker%3D%26prefix%3D%26states%3Dlisting HTTP/1.0 404 - Swift%20Container%20Reconciler - - 70 - txb4567ce9902149ff83f29-006934f767 - 0.0286 - - 1765078887.983498335 1765078888.012060165 0 -
Dec 06 22:41:28 np0005549343.novalocal account-server[96281]: ::1 - - [07/Dec/2025:03:41:28 +0000] "GET /1/249817/.misplaced_objects" 404 - "GET http://localhost/v1/.misplaced_objects?format=json&marker=&end_marker=&prefix=" "tx357deb8e39c64770899b2-006934f768" "Swift Container Reconciler" 0.0002 "-" 96281 -
Dec 06 22:41:28 np0005549343.novalocal container-server[96576]: ::1 - - [07/Dec/2025:03:41:28 +0000] "GET /1/219435/AUTH_9cb2db62181546998c52314d1567748c/gnocchi.75b5af1f-be73-4bd9-8247-c4fe9f7db181" 200 357 "GET https://[::1]:8080/v1/AUTH_9cb2db62181546998c52314d1567748c/gnocchi.75b5af1f-be73-4bd9-8247-c4fe9f7db181?format=json&states=listing" "txb1c4b1d38f834ff38b744-006934f768" "proxy-server 97857" 0.0078 "-" 96576 0
Dec 06 22:41:28 np0005549343.novalocal account-server[96281]: ::1 - - [07/Dec/2025:03:41:28 +0000] "GET /2/249817/.misplaced_objects" 404 - "GET http://localhost/v1/.misplaced_objects?format=json&marker=&end_marker=&prefix=" "tx357deb8e39c64770899b2-006934f768" "Swift Container Reconciler" 0.0001 "-" 96281 -
Dec 06 22:41:28 np0005549343.novalocal proxy-server[97857]: ::1 ::1 07/Dec/2025/03/41/28 GET /v1/AUTH_9cb2db62181546998c52314d1567748c/gnocchi.75b5af1f-be73-4bd9-8247-c4fe9f7db181%3Fformat%3Djson%26states%3Dlisting HTTP/1.0 200 - python-swiftclient-4.8.0 gAAAAABpNPcx8Tdl... - 357 - txb1c4b1d38f834ff38b744-006934f768 - 0.0155 - - 1765078888.004770279 1765078888.020223856 0 0c044fc9f411403aa3ab5cf8f2b14495
Dec 06 22:41:28 np0005549343.novalocal account-server[96280]: ::1 - - [07/Dec/2025:03:41:28 +0000] "GET /3/249817/.misplaced_objects" 404 - "GET http://localhost/v1/.misplaced_objects?format=json&marker=&end_marker=&prefix=" "tx357deb8e39c64770899b2-006934f768" "Swift Container Reconciler" 0.0005 "-" 96280 -
Dec 06 22:41:28 np0005549343.novalocal container-reconciler-ic[92310]: - - 07/Dec/2025/03/41/28 GET /v1/.misplaced_objects%3Fformat%3Djson%26marker%3D%26end_marker%3D%26prefix%3D HTTP/1.0 404 - Swift%20Container%20Reconciler - - - - tx357deb8e39c64770899b2-006934f768 - 0.0102 - - 1765078888.013090134 1765078888.023326635 - -
Dec 06 22:41:28 np0005549343.novalocal container-reconciler[92310]: Reconciler Stats: {}
Dec 06 22:41:28 np0005549343.novalocal container-reconciler[92310]: sleeping between intervals (30.0s)
Dec 06 22:41:28 np0005549343.novalocal container-server[96575]: ::1 - - [07/Dec/2025:03:41:28 +0000] "GET /1/219435/AUTH_9cb2db62181546998c52314d1567748c/gnocchi.75b5af1f-be73-4bd9-8247-c4fe9f7db181" 200 2 "GET https://[::1]:8080/v1/AUTH_9cb2db62181546998c52314d1567748c/gnocchi.75b5af1f-be73-4bd9-8247-c4fe9f7db181?format=json&marker=none_v3&states=listing" "txbaa276d2b6654755adf75-006934f768" "proxy-server 97857" 0.0052 "-" 96575 0
Dec 06 22:41:28 np0005549343.novalocal proxy-server[97857]: ::1 ::1 07/Dec/2025/03/41/28 GET /v1/AUTH_9cb2db62181546998c52314d1567748c/gnocchi.75b5af1f-be73-4bd9-8247-c4fe9f7db181%3Fformat%3Djson%26marker%3Dnone_v3%26states%3Dlisting HTTP/1.0 200 - python-swiftclient-4.8.0 gAAAAABpNPcx8Tdl... - 2 - txbaa276d2b6654755adf75-006934f768 - 0.0130 - - 1765078888.025512695 1765078888.038523912 0 0c044fc9f411403aa3ab5cf8f2b14495
Dec 06 22:41:28 np0005549343.novalocal object-server[96910]: ::1 - - [07/Dec/2025:03:41:28 +0000] "GET /3/225328/AUTH_9cb2db62181546998c52314d1567748c/gnocchi.75b5af1f-be73-4bd9-8247-c4fe9f7db181/1764720000.0_mean_300.0_v3" 200 16 "GET https://[::1]:8080/v1/AUTH_9cb2db62181546998c52314d1567748c/gnocchi.75b5af1f-be73-4bd9-8247-c4fe9f7db181/1764720000.0_mean_300.0_v3" "tx526687c929c643f2a3ffc-006934f768" "proxy-server 97857" 0.0011 "-" 96910 0
Dec 06 22:41:28 np0005549343.novalocal proxy-server[97857]: ::1 ::1 07/Dec/2025/03/41/28 GET /v1/AUTH_9cb2db62181546998c52314d1567748c/gnocchi.75b5af1f-be73-4bd9-8247-c4fe9f7db181/1764720000.0_mean_300.0_v3 HTTP/1.0 200 - python-swiftclient-4.8.0 gAAAAABpNPcx8Tdl... - 16 - tx526687c929c643f2a3ffc-006934f768 - 0.0077 - - 1765078888.045563459 1765078888.053245068 0 0c044fc9f411403aa3ab5cf8f2b14495
Dec 06 22:41:28 np0005549343.novalocal container-server[96575]: ::1 - - [07/Dec/2025:03:41:28 +0000] "PUT /2/219435/AUTH_9cb2db62181546998c52314d1567748c/gnocchi.75b5af1f-be73-4bd9-8247-c4fe9f7db181/1764720000.0_mean_300.0_v3" 201 - "PUT http://[::1]:8080/1/225328/AUTH_9cb2db62181546998c52314d1567748c/gnocchi.75b5af1f-be73-4bd9-8247-c4fe9f7db181/1764720000.0_mean_300.0_v3" "tx7abb360e074b4075b69d2-006934f768" "object-server 96910" 0.0009 "-" 96575 0
Dec 06 22:41:28 np0005549343.novalocal object-server[96910]: ::1 - - [07/Dec/2025:03:41:28 +0000] "PUT /1/225328/AUTH_9cb2db62181546998c52314d1567748c/gnocchi.75b5af1f-be73-4bd9-8247-c4fe9f7db181/1764720000.0_mean_300.0_v3" 201 - "PUT https://[::1]:8080/v1/AUTH_9cb2db62181546998c52314d1567748c/gnocchi.75b5af1f-be73-4bd9-8247-c4fe9f7db181/1764720000.0_mean_300.0_v3" "tx7abb360e074b4075b69d2-006934f768" "proxy-server 97857" 0.0351 "-" 96910 0
Dec 06 22:41:28 np0005549343.novalocal container-server[96575]: ::1 - - [07/Dec/2025:03:41:28 +0000] "PUT /1/219435/AUTH_9cb2db62181546998c52314d1567748c/gnocchi.75b5af1f-be73-4bd9-8247-c4fe9f7db181/1764720000.0_mean_300.0_v3" 201 - "PUT http://[::1]:8080/3/225328/AUTH_9cb2db62181546998c52314d1567748c/gnocchi.75b5af1f-be73-4bd9-8247-c4fe9f7db181/1764720000.0_mean_300.0_v3" "tx7abb360e074b4075b69d2-006934f768" "object-server 96909" 0.0007 "-" 96575 0
Dec 06 22:41:28 np0005549343.novalocal object-server[96909]: ::1 - - [07/Dec/2025:03:41:28 +0000] "PUT /3/225328/AUTH_9cb2db62181546998c52314d1567748c/gnocchi.75b5af1f-be73-4bd9-8247-c4fe9f7db181/1764720000.0_mean_300.0_v3" 201 - "PUT https://[::1]:8080/v1/AUTH_9cb2db62181546998c52314d1567748c/gnocchi.75b5af1f-be73-4bd9-8247-c4fe9f7db181/1764720000.0_mean_300.0_v3" "tx7abb360e074b4075b69d2-006934f768" "proxy-server 97857" 0.0330 "-" 96909 0
Dec 06 22:41:28 np0005549343.novalocal container-server[96575]: ::1 - - [07/Dec/2025:03:41:28 +0000] "PUT /3/219435/AUTH_9cb2db62181546998c52314d1567748c/gnocchi.75b5af1f-be73-4bd9-8247-c4fe9f7db181/1764720000.0_mean_300.0_v3" 201 - "PUT http://[::1]:8080/2/225328/AUTH_9cb2db62181546998c52314d1567748c/gnocchi.75b5af1f-be73-4bd9-8247-c4fe9f7db181/1764720000.0_mean_300.0_v3" "tx7abb360e074b4075b69d2-006934f768" "object-server 96909" 0.0007 "-" 96575 0
Dec 06 22:41:28 np0005549343.novalocal object-server[96909]: ::1 - - [07/Dec/2025:03:41:28 +0000] "PUT /2/225328/AUTH_9cb2db62181546998c52314d1567748c/gnocchi.75b5af1f-be73-4bd9-8247-c4fe9f7db181/1764720000.0_mean_300.0_v3" 201 - "PUT https://[::1]:8080/v1/AUTH_9cb2db62181546998c52314d1567748c/gnocchi.75b5af1f-be73-4bd9-8247-c4fe9f7db181/1764720000.0_mean_300.0_v3" "tx7abb360e074b4075b69d2-006934f768" "proxy-server 97857" 0.0397 "-" 96909 0
Dec 06 22:41:28 np0005549343.novalocal proxy-server[97857]: ::1 ::1 07/Dec/2025/03/41/28 PUT /v1/AUTH_9cb2db62181546998c52314d1567748c/gnocchi.75b5af1f-be73-4bd9-8247-c4fe9f7db181/1764720000.0_mean_300.0_v3 HTTP/1.0 201 - python-swiftclient-4.8.0 gAAAAABpNPcx8Tdl... 16 - - tx7abb360e074b4075b69d2-006934f768 - 0.0485 - - 1765078888.058261156 1765078888.106725216 0 0c044fc9f411403aa3ab5cf8f2b14495
Dec 06 22:41:28 np0005549343.novalocal container-server[96575]: ::1 - - [07/Dec/2025:03:41:28 +0000] "PUT /3/219435/AUTH_9cb2db62181546998c52314d1567748c/gnocchi.75b5af1f-be73-4bd9-8247-c4fe9f7db181/none_v3" 201 - "PUT http://[::1]:8080/1/70413/AUTH_9cb2db62181546998c52314d1567748c/gnocchi.75b5af1f-be73-4bd9-8247-c4fe9f7db181/none_v3" "tx3d9c8fee1cbd407d8920e-006934f768" "object-server 96909" 0.0008 "-" 96575 0
Dec 06 22:41:28 np0005549343.novalocal container-server[96576]: ::1 - - [07/Dec/2025:03:41:28 +0000] "PUT /2/219435/AUTH_9cb2db62181546998c52314d1567748c/gnocchi.75b5af1f-be73-4bd9-8247-c4fe9f7db181/none_v3" 201 - "PUT http://[::1]:8080/2/70413/AUTH_9cb2db62181546998c52314d1567748c/gnocchi.75b5af1f-be73-4bd9-8247-c4fe9f7db181/none_v3" "tx3d9c8fee1cbd407d8920e-006934f768" "object-server 96910" 0.0008 "-" 96576 0
Dec 06 22:41:28 np0005549343.novalocal container-server[96575]: ::1 - - [07/Dec/2025:03:41:28 +0000] "PUT /1/219435/AUTH_9cb2db62181546998c52314d1567748c/gnocchi.75b5af1f-be73-4bd9-8247-c4fe9f7db181/none_v3" 201 - "PUT http://[::1]:8080/3/70413/AUTH_9cb2db62181546998c52314d1567748c/gnocchi.75b5af1f-be73-4bd9-8247-c4fe9f7db181/none_v3" "tx3d9c8fee1cbd407d8920e-006934f768" "object-server 96910" 0.0006 "-" 96575 0
Dec 06 22:41:28 np0005549343.novalocal object-server[96910]: ::1 - - [07/Dec/2025:03:41:28 +0000] "PUT /2/70413/AUTH_9cb2db62181546998c52314d1567748c/gnocchi.75b5af1f-be73-4bd9-8247-c4fe9f7db181/none_v3" 201 - "PUT https://[::1]:8080/v1/AUTH_9cb2db62181546998c52314d1567748c/gnocchi.75b5af1f-be73-4bd9-8247-c4fe9f7db181/none_v3" "tx3d9c8fee1cbd407d8920e-006934f768" "proxy-server 97857" 0.0225 "-" 96910 0
Dec 06 22:41:28 np0005549343.novalocal object-server[96909]: ::1 - - [07/Dec/2025:03:41:28 +0000] "PUT /1/70413/AUTH_9cb2db62181546998c52314d1567748c/gnocchi.75b5af1f-be73-4bd9-8247-c4fe9f7db181/none_v3" 201 - "PUT https://[::1]:8080/v1/AUTH_9cb2db62181546998c52314d1567748c/gnocchi.75b5af1f-be73-4bd9-8247-c4fe9f7db181/none_v3" "tx3d9c8fee1cbd407d8920e-006934f768" "proxy-server 97857" 0.0239 "-" 96909 0
Dec 06 22:41:28 np0005549343.novalocal object-server[96910]: ::1 - - [07/Dec/2025:03:41:28 +0000] "PUT /3/70413/AUTH_9cb2db62181546998c52314d1567748c/gnocchi.75b5af1f-be73-4bd9-8247-c4fe9f7db181/none_v3" 201 - "PUT https://[::1]:8080/v1/AUTH_9cb2db62181546998c52314d1567748c/gnocchi.75b5af1f-be73-4bd9-8247-c4fe9f7db181/none_v3" "tx3d9c8fee1cbd407d8920e-006934f768" "proxy-server 97857" 0.0264 "-" 96910 0
Dec 06 22:41:28 np0005549343.novalocal proxy-server[97857]: ::1 ::1 07/Dec/2025/03/41/28 PUT /v1/AUTH_9cb2db62181546998c52314d1567748c/gnocchi.75b5af1f-be73-4bd9-8247-c4fe9f7db181/none_v3 HTTP/1.0 201 - python-swiftclient-4.8.0 gAAAAABpNPcx8Tdl... 37 - - tx3d9c8fee1cbd407d8920e-006934f768 - 0.0347 - - 1765078888.111557961 1765078888.146258116 0 0c044fc9f411403aa3ab5cf8f2b14495
Dec 06 22:41:28 np0005549343.novalocal object-server[96910]: ::1 - - [07/Dec/2025:03:41:28 +0000] "GET /1/72829/AUTH_9cb2db62181546998c52314d1567748c/gnocchi.a3699f36-4a65-4694-9e7d-d434ebb89650/none_v3" 200 31 "GET https://[::1]:8080/v1/AUTH_9cb2db62181546998c52314d1567748c/gnocchi.a3699f36-4a65-4694-9e7d-d434ebb89650/none_v3" "txe3e4cd1e463e488cbb086-006934f768" "proxy-server 97857" 0.0013 "-" 96910 0
Dec 06 22:41:28 np0005549343.novalocal proxy-server[97857]: ::1 ::1 07/Dec/2025/03/41/28 GET /v1/AUTH_9cb2db62181546998c52314d1567748c/gnocchi.a3699f36-4a65-4694-9e7d-d434ebb89650/none_v3 HTTP/1.0 200 - python-swiftclient-4.8.0 gAAAAABpNPcx8Tdl... - 31 - txe3e4cd1e463e488cbb086-006934f768 - 0.0106 - - 1765078888.273377419 1765078888.284018517 0 0c044fc9f411403aa3ab5cf8f2b14495
Dec 06 22:41:28 np0005549343.novalocal container-server[96575]: ::1 - - [07/Dec/2025:03:41:28 +0000] "GET /3/42585/AUTH_9cb2db62181546998c52314d1567748c/gnocchi.a3699f36-4a65-4694-9e7d-d434ebb89650" 200 357 "GET https://[::1]:8080/v1/AUTH_9cb2db62181546998c52314d1567748c/gnocchi.a3699f36-4a65-4694-9e7d-d434ebb89650?format=json&states=listing" "txab157068cc8442479c0cc-006934f768" "proxy-server 97857" 0.0042 "-" 96575 0
Dec 06 22:41:28 np0005549343.novalocal proxy-server[97857]: ::1 ::1 07/Dec/2025/03/41/28 GET /v1/AUTH_9cb2db62181546998c52314d1567748c/gnocchi.a3699f36-4a65-4694-9e7d-d434ebb89650%3Fformat%3Djson%26states%3Dlisting HTTP/1.0 200 - python-swiftclient-4.8.0 gAAAAABpNPcx8Tdl... - 357 - txab157068cc8442479c0cc-006934f768 - 0.0138 - - 1765078888.287875414 1765078888.301673174 0 0c044fc9f411403aa3ab5cf8f2b14495
Dec 06 22:41:28 np0005549343.novalocal container-server[96575]: ::1 - - [07/Dec/2025:03:41:28 +0000] "GET /1/42585/AUTH_9cb2db62181546998c52314d1567748c/gnocchi.a3699f36-4a65-4694-9e7d-d434ebb89650" 200 2 "GET https://[::1]:8080/v1/AUTH_9cb2db62181546998c52314d1567748c/gnocchi.a3699f36-4a65-4694-9e7d-d434ebb89650?format=json&marker=none_v3&states=listing" "tx4d7e53873a924fa189c45-006934f768" "proxy-server 97857" 0.0037 "-" 96575 0
Dec 06 22:41:28 np0005549343.novalocal proxy-server[97857]: ::1 ::1 07/Dec/2025/03/41/28 GET /v1/AUTH_9cb2db62181546998c52314d1567748c/gnocchi.a3699f36-4a65-4694-9e7d-d434ebb89650%3Fformat%3Djson%26marker%3Dnone_v3%26states%3Dlisting HTTP/1.0 200 - python-swiftclient-4.8.0 gAAAAABpNPcx8Tdl... - 2 - tx4d7e53873a924fa189c45-006934f768 - 0.0127 - - 1765078888.304554701 1765078888.317228317 0 0c044fc9f411403aa3ab5cf8f2b14495
Dec 06 22:41:28 np0005549343.novalocal object-server[96909]: ::1 - - [07/Dec/2025:03:41:28 +0000] "GET /1/229207/AUTH_9cb2db62181546998c52314d1567748c/gnocchi.a3699f36-4a65-4694-9e7d-d434ebb89650/1764720000.0_mean_300.0_v3" 200 16 "GET https://[::1]:8080/v1/AUTH_9cb2db62181546998c52314d1567748c/gnocchi.a3699f36-4a65-4694-9e7d-d434ebb89650/1764720000.0_mean_300.0_v3" "txe62e93a818c54dc49edd9-006934f768" "proxy-server 97857" 0.0006 "-" 96909 0
Dec 06 22:41:28 np0005549343.novalocal proxy-server[97857]: ::1 ::1 07/Dec/2025/03/41/28 GET /v1/AUTH_9cb2db62181546998c52314d1567748c/gnocchi.a3699f36-4a65-4694-9e7d-d434ebb89650/1764720000.0_mean_300.0_v3 HTTP/1.0 200 - python-swiftclient-4.8.0 gAAAAABpNPcx8Tdl... - 16 - txe62e93a818c54dc49edd9-006934f768 - 0.0083 - - 1765078888.320839643 1765078888.329162121 0 0c044fc9f411403aa3ab5cf8f2b14495
Dec 06 22:41:28 np0005549343.novalocal container-server[96575]: ::1 - - [07/Dec/2025:03:41:28 +0000] "PUT /1/42585/AUTH_9cb2db62181546998c52314d1567748c/gnocchi.a3699f36-4a65-4694-9e7d-d434ebb89650/1764720000.0_mean_300.0_v3" 201 - "PUT http://[::1]:8080/1/229207/AUTH_9cb2db62181546998c52314d1567748c/gnocchi.a3699f36-4a65-4694-9e7d-d434ebb89650/1764720000.0_mean_300.0_v3" "tx3c8393aa6dd043bebcaa9-006934f768" "object-server 96909" 0.0010 "-" 96575 0
Dec 06 22:41:28 np0005549343.novalocal object-server[96909]: ::1 - - [07/Dec/2025:03:41:28 +0000] "PUT /1/229207/AUTH_9cb2db62181546998c52314d1567748c/gnocchi.a3699f36-4a65-4694-9e7d-d434ebb89650/1764720000.0_mean_300.0_v3" 201 - "PUT https://[::1]:8080/v1/AUTH_9cb2db62181546998c52314d1567748c/gnocchi.a3699f36-4a65-4694-9e7d-d434ebb89650/1764720000.0_mean_300.0_v3" "tx3c8393aa6dd043bebcaa9-006934f768" "proxy-server 97857" 0.0153 "-" 96909 0
Dec 06 22:41:28 np0005549343.novalocal container-server[96576]: ::1 - - [07/Dec/2025:03:41:28 +0000] "PUT /3/42585/AUTH_9cb2db62181546998c52314d1567748c/gnocchi.a3699f36-4a65-4694-9e7d-d434ebb89650/1764720000.0_mean_300.0_v3" 201 - "PUT http://[::1]:8080/2/229207/AUTH_9cb2db62181546998c52314d1567748c/gnocchi.a3699f36-4a65-4694-9e7d-d434ebb89650/1764720000.0_mean_300.0_v3" "tx3c8393aa6dd043bebcaa9-006934f768" "object-server 96910" 0.0010 "-" 96576 0
Dec 06 22:41:28 np0005549343.novalocal container-server[96575]: ::1 - - [07/Dec/2025:03:41:28 +0000] "PUT /2/42585/AUTH_9cb2db62181546998c52314d1567748c/gnocchi.a3699f36-4a65-4694-9e7d-d434ebb89650/1764720000.0_mean_300.0_v3" 201 - "PUT http://[::1]:8080/3/229207/AUTH_9cb2db62181546998c52314d1567748c/gnocchi.a3699f36-4a65-4694-9e7d-d434ebb89650/1764720000.0_mean_300.0_v3" "tx3c8393aa6dd043bebcaa9-006934f768" "object-server 96910" 0.0007 "-" 96575 0
Dec 06 22:41:28 np0005549343.novalocal object-server[96910]: ::1 - - [07/Dec/2025:03:41:28 +0000] "PUT /2/229207/AUTH_9cb2db62181546998c52314d1567748c/gnocchi.a3699f36-4a65-4694-9e7d-d434ebb89650/1764720000.0_mean_300.0_v3" 201 - "PUT https://[::1]:8080/v1/AUTH_9cb2db62181546998c52314d1567748c/gnocchi.a3699f36-4a65-4694-9e7d-d434ebb89650/1764720000.0_mean_300.0_v3" "tx3c8393aa6dd043bebcaa9-006934f768" "proxy-server 97857" 0.0182 "-" 96910 0
Dec 06 22:41:28 np0005549343.novalocal object-server[96910]: ::1 - - [07/Dec/2025:03:41:28 +0000] "PUT /3/229207/AUTH_9cb2db62181546998c52314d1567748c/gnocchi.a3699f36-4a65-4694-9e7d-d434ebb89650/1764720000.0_mean_300.0_v3" 201 - "PUT https://[::1]:8080/v1/AUTH_9cb2db62181546998c52314d1567748c/gnocchi.a3699f36-4a65-4694-9e7d-d434ebb89650/1764720000.0_mean_300.0_v3" "tx3c8393aa6dd043bebcaa9-006934f768" "proxy-server 97857" 0.0167 "-" 96910 0
Dec 06 22:41:28 np0005549343.novalocal proxy-server[97857]: ::1 ::1 07/Dec/2025/03/41/28 PUT /v1/AUTH_9cb2db62181546998c52314d1567748c/gnocchi.a3699f36-4a65-4694-9e7d-d434ebb89650/1764720000.0_mean_300.0_v3 HTTP/1.0 201 - python-swiftclient-4.8.0 gAAAAABpNPcx8Tdl... 16 - - tx3c8393aa6dd043bebcaa9-006934f768 - 0.0297 - - 1765078888.331898212 1765078888.361623287 0 0c044fc9f411403aa3ab5cf8f2b14495
Dec 06 22:41:28 np0005549343.novalocal container-server[96576]: ::1 - - [07/Dec/2025:03:41:28 +0000] "PUT /2/42585/AUTH_9cb2db62181546998c52314d1567748c/gnocchi.a3699f36-4a65-4694-9e7d-d434ebb89650/none_v3" 201 - "PUT http://[::1]:8080/2/72829/AUTH_9cb2db62181546998c52314d1567748c/gnocchi.a3699f36-4a65-4694-9e7d-d434ebb89650/none_v3" "txcbd83e96b8844393890d2-006934f768" "object-server 96909" 0.0008 "-" 96576 0
Dec 06 22:41:28 np0005549343.novalocal object-server[96909]: ::1 - - [07/Dec/2025:03:41:28 +0000] "PUT /2/72829/AUTH_9cb2db62181546998c52314d1567748c/gnocchi.a3699f36-4a65-4694-9e7d-d434ebb89650/none_v3" 201 - "PUT https://[::1]:8080/v1/AUTH_9cb2db62181546998c52314d1567748c/gnocchi.a3699f36-4a65-4694-9e7d-d434ebb89650/none_v3" "txcbd83e96b8844393890d2-006934f768" "proxy-server 97857" 0.0098 "-" 96909 0
Dec 06 22:41:28 np0005549343.novalocal container-server[96575]: ::1 - - [07/Dec/2025:03:41:28 +0000] "PUT /3/42585/AUTH_9cb2db62181546998c52314d1567748c/gnocchi.a3699f36-4a65-4694-9e7d-d434ebb89650/none_v3" 201 - "PUT http://[::1]:8080/3/72829/AUTH_9cb2db62181546998c52314d1567748c/gnocchi.a3699f36-4a65-4694-9e7d-d434ebb89650/none_v3" "txcbd83e96b8844393890d2-006934f768" "object-server 96910" 0.0008 "-" 96575 0
Dec 06 22:41:28 np0005549343.novalocal container-server[96576]: ::1 - - [07/Dec/2025:03:41:28 +0000] "PUT /1/42585/AUTH_9cb2db62181546998c52314d1567748c/gnocchi.a3699f36-4a65-4694-9e7d-d434ebb89650/none_v3" 201 - "PUT http://[::1]:8080/1/72829/AUTH_9cb2db62181546998c52314d1567748c/gnocchi.a3699f36-4a65-4694-9e7d-d434ebb89650/none_v3" "txcbd83e96b8844393890d2-006934f768" "object-server 96909" 0.0006 "-" 96576 0
Dec 06 22:41:28 np0005549343.novalocal object-server[96909]: ::1 - - [07/Dec/2025:03:41:28 +0000] "PUT /1/72829/AUTH_9cb2db62181546998c52314d1567748c/gnocchi.a3699f36-4a65-4694-9e7d-d434ebb89650/none_v3" 201 - "PUT https://[::1]:8080/v1/AUTH_9cb2db62181546998c52314d1567748c/gnocchi.a3699f36-4a65-4694-9e7d-d434ebb89650/none_v3" "txcbd83e96b8844393890d2-006934f768" "proxy-server 97857" 0.0133 "-" 96909 0
Dec 06 22:41:28 np0005549343.novalocal object-server[96910]: ::1 - - [07/Dec/2025:03:41:28 +0000] "PUT /3/72829/AUTH_9cb2db62181546998c52314d1567748c/gnocchi.a3699f36-4a65-4694-9e7d-d434ebb89650/none_v3" 201 - "PUT https://[::1]:8080/v1/AUTH_9cb2db62181546998c52314d1567748c/gnocchi.a3699f36-4a65-4694-9e7d-d434ebb89650/none_v3" "txcbd83e96b8844393890d2-006934f768" "proxy-server 97857" 0.0126 "-" 96910 0
Dec 06 22:41:28 np0005549343.novalocal proxy-server[97857]: ::1 ::1 07/Dec/2025/03/41/28 PUT /v1/AUTH_9cb2db62181546998c52314d1567748c/gnocchi.a3699f36-4a65-4694-9e7d-d434ebb89650/none_v3 HTTP/1.0 201 - python-swiftclient-4.8.0 gAAAAABpNPcx8Tdl... 44 - - txcbd83e96b8844393890d2-006934f768 - 0.0237 - - 1765078888.364206791 1765078888.387881756 0 0c044fc9f411403aa3ab5cf8f2b14495
Dec 06 22:41:28 np0005549343.novalocal object-server[96909]: ::1 - - [07/Dec/2025:03:41:28 +0000] "GET /2/102725/AUTH_9cb2db62181546998c52314d1567748c/gnocchi.b32af3c1-f78e-4e75-95dc-2034dc2373d6/none_v3" 200 32 "GET https://[::1]:8080/v1/AUTH_9cb2db62181546998c52314d1567748c/gnocchi.b32af3c1-f78e-4e75-95dc-2034dc2373d6/none_v3" "tx392585ee899c4027b58fb-006934f768" "proxy-server 97857" 0.0010 "-" 96909 0
Dec 06 22:41:28 np0005549343.novalocal proxy-server[97857]: ::1 ::1 07/Dec/2025/03/41/28 GET /v1/AUTH_9cb2db62181546998c52314d1567748c/gnocchi.b32af3c1-f78e-4e75-95dc-2034dc2373d6/none_v3 HTTP/1.0 200 - python-swiftclient-4.8.0 gAAAAABpNPcx8Tdl... - 32 - tx392585ee899c4027b58fb-006934f768 - 0.0093 - - 1765078888.402727127 1765078888.412015676 0 0c044fc9f411403aa3ab5cf8f2b14495
Dec 06 22:41:28 np0005549343.novalocal container-server[96576]: ::1 - - [07/Dec/2025:03:41:28 +0000] "GET /3/241019/AUTH_9cb2db62181546998c52314d1567748c/gnocchi.b32af3c1-f78e-4e75-95dc-2034dc2373d6" 200 357 "GET https://[::1]:8080/v1/AUTH_9cb2db62181546998c52314d1567748c/gnocchi.b32af3c1-f78e-4e75-95dc-2034dc2373d6?format=json&states=listing" "tx91d94161aacb4859a622c-006934f768" "proxy-server 97857" 0.0039 "-" 96576 0
Dec 06 22:41:28 np0005549343.novalocal proxy-server[97857]: ::1 ::1 07/Dec/2025/03/41/28 GET /v1/AUTH_9cb2db62181546998c52314d1567748c/gnocchi.b32af3c1-f78e-4e75-95dc-2034dc2373d6%3Fformat%3Djson%26states%3Dlisting HTTP/1.0 200 - python-swiftclient-4.8.0 gAAAAABpNPcx8Tdl... - 357 - tx91d94161aacb4859a622c-006934f768 - 0.0132 - - 1765078888.416225433 1765078888.429400682 0 0c044fc9f411403aa3ab5cf8f2b14495
Dec 06 22:41:28 np0005549343.novalocal container-server[96575]: ::1 - - [07/Dec/2025:03:41:28 +0000] "GET /2/241019/AUTH_9cb2db62181546998c52314d1567748c/gnocchi.b32af3c1-f78e-4e75-95dc-2034dc2373d6" 200 2 "GET https://[::1]:8080/v1/AUTH_9cb2db62181546998c52314d1567748c/gnocchi.b32af3c1-f78e-4e75-95dc-2034dc2373d6?format=json&marker=none_v3&states=listing" "txf7dc20b786704bf0b5afc-006934f768" "proxy-server 97857" 0.0043 "-" 96575 0
Dec 06 22:41:28 np0005549343.novalocal proxy-server[97857]: ::1 ::1 07/Dec/2025/03/41/28 GET /v1/AUTH_9cb2db62181546998c52314d1567748c/gnocchi.b32af3c1-f78e-4e75-95dc-2034dc2373d6%3Fformat%3Djson%26marker%3Dnone_v3%26states%3Dlisting HTTP/1.0 200 - python-swiftclient-4.8.0 gAAAAABpNPcx8Tdl... - 2 - txf7dc20b786704bf0b5afc-006934f768 - 0.0133 - - 1765078888.432370424 1765078888.445642233 0 0c044fc9f411403aa3ab5cf8f2b14495
Dec 06 22:41:28 np0005549343.novalocal object-server[96910]: ::1 - - [07/Dec/2025:03:41:28 +0000] "GET /2/28735/AUTH_9cb2db62181546998c52314d1567748c/gnocchi.b32af3c1-f78e-4e75-95dc-2034dc2373d6/1764720000.0_mean_300.0_v3" 200 16 "GET https://[::1]:8080/v1/AUTH_9cb2db62181546998c52314d1567748c/gnocchi.b32af3c1-f78e-4e75-95dc-2034dc2373d6/1764720000.0_mean_300.0_v3" "tx527b4127a5804fbd96f95-006934f768" "proxy-server 97857" 0.0012 "-" 96910 0
Dec 06 22:41:28 np0005549343.novalocal proxy-server[97857]: ::1 ::1 07/Dec/2025/03/41/28 GET /v1/AUTH_9cb2db62181546998c52314d1567748c/gnocchi.b32af3c1-f78e-4e75-95dc-2034dc2373d6/1764720000.0_mean_300.0_v3 HTTP/1.0 200 - python-swiftclient-4.8.0 gAAAAABpNPcx8Tdl... - 16 - tx527b4127a5804fbd96f95-006934f768 - 0.0096 - - 1765078888.449256182 1765078888.458826780 0 0c044fc9f411403aa3ab5cf8f2b14495
Dec 06 22:41:28 np0005549343.novalocal container-server[96576]: ::1 - - [07/Dec/2025:03:41:28 +0000] "PUT /3/241019/AUTH_9cb2db62181546998c52314d1567748c/gnocchi.b32af3c1-f78e-4e75-95dc-2034dc2373d6/1764720000.0_mean_300.0_v3" 201 - "PUT http://[::1]:8080/1/28735/AUTH_9cb2db62181546998c52314d1567748c/gnocchi.b32af3c1-f78e-4e75-95dc-2034dc2373d6/1764720000.0_mean_300.0_v3" "txb3f96eae91f84648b21d8-006934f768" "object-server 96910" 0.0011 "-" 96576 0
Dec 06 22:41:28 np0005549343.novalocal container-server[96575]: ::1 - - [07/Dec/2025:03:41:28 +0000] "PUT /2/241019/AUTH_9cb2db62181546998c52314d1567748c/gnocchi.b32af3c1-f78e-4e75-95dc-2034dc2373d6/1764720000.0_mean_300.0_v3" 201 - "PUT http://[::1]:8080/3/28735/AUTH_9cb2db62181546998c52314d1567748c/gnocchi.b32af3c1-f78e-4e75-95dc-2034dc2373d6/1764720000.0_mean_300.0_v3" "txb3f96eae91f84648b21d8-006934f768" "object-server 96910" 0.0008 "-" 96575 0
Dec 06 22:41:28 np0005549343.novalocal object-server[96910]: ::1 - - [07/Dec/2025:03:41:28 +0000] "PUT /1/28735/AUTH_9cb2db62181546998c52314d1567748c/gnocchi.b32af3c1-f78e-4e75-95dc-2034dc2373d6/1764720000.0_mean_300.0_v3" 201 - "PUT https://[::1]:8080/v1/AUTH_9cb2db62181546998c52314d1567748c/gnocchi.b32af3c1-f78e-4e75-95dc-2034dc2373d6/1764720000.0_mean_300.0_v3" "txb3f96eae91f84648b21d8-006934f768" "proxy-server 97857" 0.0204 "-" 96910 0
Dec 06 22:41:28 np0005549343.novalocal container-server[96576]: ::1 - - [07/Dec/2025:03:41:28 +0000] "PUT /1/241019/AUTH_9cb2db62181546998c52314d1567748c/gnocchi.b32af3c1-f78e-4e75-95dc-2034dc2373d6/1764720000.0_mean_300.0_v3" 201 - "PUT http://[::1]:8080/2/28735/AUTH_9cb2db62181546998c52314d1567748c/gnocchi.b32af3c1-f78e-4e75-95dc-2034dc2373d6/1764720000.0_mean_300.0_v3" "txb3f96eae91f84648b21d8-006934f768" "object-server 96910" 0.0006 "-" 96576 0
Dec 06 22:41:28 np0005549343.novalocal object-server[96910]: ::1 - - [07/Dec/2025:03:41:28 +0000] "PUT /3/28735/AUTH_9cb2db62181546998c52314d1567748c/gnocchi.b32af3c1-f78e-4e75-95dc-2034dc2373d6/1764720000.0_mean_300.0_v3" 201 - "PUT https://[::1]:8080/v1/AUTH_9cb2db62181546998c52314d1567748c/gnocchi.b32af3c1-f78e-4e75-95dc-2034dc2373d6/1764720000.0_mean_300.0_v3" "txb3f96eae91f84648b21d8-006934f768" "proxy-server 97857" 0.0196 "-" 96910 0
Dec 06 22:41:28 np0005549343.novalocal object-server[96910]: ::1 - - [07/Dec/2025:03:41:28 +0000] "PUT /2/28735/AUTH_9cb2db62181546998c52314d1567748c/gnocchi.b32af3c1-f78e-4e75-95dc-2034dc2373d6/1764720000.0_mean_300.0_v3" 201 - "PUT https://[::1]:8080/v1/AUTH_9cb2db62181546998c52314d1567748c/gnocchi.b32af3c1-f78e-4e75-95dc-2034dc2373d6/1764720000.0_mean_300.0_v3" "txb3f96eae91f84648b21d8-006934f768" "proxy-server 97857" 0.0179 "-" 96910 0
Dec 06 22:41:28 np0005549343.novalocal proxy-server[97857]: ::1 ::1 07/Dec/2025/03/41/28 PUT /v1/AUTH_9cb2db62181546998c52314d1567748c/gnocchi.b32af3c1-f78e-4e75-95dc-2034dc2373d6/1764720000.0_mean_300.0_v3 HTTP/1.0 201 - python-swiftclient-4.8.0 gAAAAABpNPcx8Tdl... 16 - - txb3f96eae91f84648b21d8-006934f768 - 0.0349 - - 1765078888.462562084 1765078888.497504473 0 0c044fc9f411403aa3ab5cf8f2b14495
Dec 06 22:41:28 np0005549343.novalocal container-server[96576]: ::1 - - [07/Dec/2025:03:41:28 +0000] "PUT /3/241019/AUTH_9cb2db62181546998c52314d1567748c/gnocchi.b32af3c1-f78e-4e75-95dc-2034dc2373d6/none_v3" 201 - "PUT http://[::1]:8080/2/102725/AUTH_9cb2db62181546998c52314d1567748c/gnocchi.b32af3c1-f78e-4e75-95dc-2034dc2373d6/none_v3" "tx354224893ab247f08b90d-006934f768" "object-server 96910" 0.0006 "-" 96576 0
Dec 06 22:41:28 np0005549343.novalocal object-server[96910]: ::1 - - [07/Dec/2025:03:41:28 +0000] "PUT /2/102725/AUTH_9cb2db62181546998c52314d1567748c/gnocchi.b32af3c1-f78e-4e75-95dc-2034dc2373d6/none_v3" 201 - "PUT https://[::1]:8080/v1/AUTH_9cb2db62181546998c52314d1567748c/gnocchi.b32af3c1-f78e-4e75-95dc-2034dc2373d6/none_v3" "tx354224893ab247f08b90d-006934f768" "proxy-server 97857" 0.0134 "-" 96910 0
Dec 06 22:41:28 np0005549343.novalocal container-server[96576]: ::1 - - [07/Dec/2025:03:41:28 +0000] "PUT /2/241019/AUTH_9cb2db62181546998c52314d1567748c/gnocchi.b32af3c1-f78e-4e75-95dc-2034dc2373d6/none_v3" 201 - "PUT http://[::1]:8080/1/102725/AUTH_9cb2db62181546998c52314d1567748c/gnocchi.b32af3c1-f78e-4e75-95dc-2034dc2373d6/none_v3" "tx354224893ab247f08b90d-006934f768" "object-server 96909" 0.0006 "-" 96576 0
Dec 06 22:41:28 np0005549343.novalocal container-server[96575]: ::1 - - [07/Dec/2025:03:41:28 +0000] "PUT /1/241019/AUTH_9cb2db62181546998c52314d1567748c/gnocchi.b32af3c1-f78e-4e75-95dc-2034dc2373d6/none_v3" 201 - "PUT http://[::1]:8080/3/102725/AUTH_9cb2db62181546998c52314d1567748c/gnocchi.b32af3c1-f78e-4e75-95dc-2034dc2373d6/none_v3" "tx354224893ab247f08b90d-006934f768" "object-server 96910" 0.0008 "-" 96575 0
Dec 06 22:41:28 np0005549343.novalocal object-server[96909]: ::1 - - [07/Dec/2025:03:41:28 +0000] "PUT /1/102725/AUTH_9cb2db62181546998c52314d1567748c/gnocchi.b32af3c1-f78e-4e75-95dc-2034dc2373d6/none_v3" 201 - "PUT https://[::1]:8080/v1/AUTH_9cb2db62181546998c52314d1567748c/gnocchi.b32af3c1-f78e-4e75-95dc-2034dc2373d6/none_v3" "tx354224893ab247f08b90d-006934f768" "proxy-server 97857" 0.0156 "-" 96909 0
Dec 06 22:41:28 np0005549343.novalocal object-server[96910]: ::1 - - [07/Dec/2025:03:41:28 +0000] "PUT /3/102725/AUTH_9cb2db62181546998c52314d1567748c/gnocchi.b32af3c1-f78e-4e75-95dc-2034dc2373d6/none_v3" 201 - "PUT https://[::1]:8080/v1/AUTH_9cb2db62181546998c52314d1567748c/gnocchi.b32af3c1-f78e-4e75-95dc-2034dc2373d6/none_v3" "tx354224893ab247f08b90d-006934f768" "proxy-server 97857" 0.0134 "-" 96910 0
Dec 06 22:41:28 np0005549343.novalocal proxy-server[97857]: ::1 ::1 07/Dec/2025/03/41/28 PUT /v1/AUTH_9cb2db62181546998c52314d1567748c/gnocchi.b32af3c1-f78e-4e75-95dc-2034dc2373d6/none_v3 HTTP/1.0 201 - python-swiftclient-4.8.0 gAAAAABpNPcx8Tdl... 46 - - tx354224893ab247f08b90d-006934f768 - 0.0259 - - 1765078888.500347376 1765078888.526252747 0 0c044fc9f411403aa3ab5cf8f2b14495
Dec 06 22:41:28 np0005549343.novalocal object-server[96910]: ::1 - - [07/Dec/2025:03:41:28 +0000] "GET /2/199828/AUTH_9cb2db62181546998c52314d1567748c/gnocchi.af561d87-3380-4b44-bb47-d9dcd6d2655a/none_v3" 200 32 "GET https://[::1]:8080/v1/AUTH_9cb2db62181546998c52314d1567748c/gnocchi.af561d87-3380-4b44-bb47-d9dcd6d2655a/none_v3" "tx5816fd043cca44daa615a-006934f768" "proxy-server 97857" 0.0010 "-" 96910 0
Dec 06 22:41:28 np0005549343.novalocal proxy-server[97857]: ::1 ::1 07/Dec/2025/03/41/28 GET /v1/AUTH_9cb2db62181546998c52314d1567748c/gnocchi.af561d87-3380-4b44-bb47-d9dcd6d2655a/none_v3 HTTP/1.0 200 - python-swiftclient-4.8.0 gAAAAABpNPcx8Tdl... - 32 - tx5816fd043cca44daa615a-006934f768 - 0.0094 - - 1765078888.539978743 1765078888.549336433 0 0c044fc9f411403aa3ab5cf8f2b14495
Dec 06 22:41:28 np0005549343.novalocal container-server[96575]: ::1 - - [07/Dec/2025:03:41:28 +0000] "GET /2/82633/AUTH_9cb2db62181546998c52314d1567748c/gnocchi.af561d87-3380-4b44-bb47-d9dcd6d2655a" 200 357 "GET https://[::1]:8080/v1/AUTH_9cb2db62181546998c52314d1567748c/gnocchi.af561d87-3380-4b44-bb47-d9dcd6d2655a?format=json&states=listing" "txaa81bb4a2acb4b9c8754f-006934f768" "proxy-server 97857" 0.0039 "-" 96575 0
Dec 06 22:41:28 np0005549343.novalocal proxy-server[97857]: ::1 ::1 07/Dec/2025/03/41/28 GET /v1/AUTH_9cb2db62181546998c52314d1567748c/gnocchi.af561d87-3380-4b44-bb47-d9dcd6d2655a%3Fformat%3Djson%26states%3Dlisting HTTP/1.0 200 - python-swiftclient-4.8.0 gAAAAABpNPcx8Tdl... - 357 - txaa81bb4a2acb4b9c8754f-006934f768 - 0.0130 - - 1765078888.554805756 1765078888.567759991 0 0c044fc9f411403aa3ab5cf8f2b14495
Dec 06 22:41:28 np0005549343.novalocal container-server[96575]: ::1 - - [07/Dec/2025:03:41:28 +0000] "GET /1/82633/AUTH_9cb2db62181546998c52314d1567748c/gnocchi.af561d87-3380-4b44-bb47-d9dcd6d2655a" 200 2 "GET https://[::1]:8080/v1/AUTH_9cb2db62181546998c52314d1567748c/gnocchi.af561d87-3380-4b44-bb47-d9dcd6d2655a?format=json&marker=none_v3&states=listing" "txe649645a28f54411bd27f-006934f768" "proxy-server 97857" 0.0033 "-" 96575 0
Dec 06 22:41:28 np0005549343.novalocal proxy-server[97857]: ::1 ::1 07/Dec/2025/03/41/28 GET /v1/AUTH_9cb2db62181546998c52314d1567748c/gnocchi.af561d87-3380-4b44-bb47-d9dcd6d2655a%3Fformat%3Djson%26marker%3Dnone_v3%26states%3Dlisting HTTP/1.0 200 - python-swiftclient-4.8.0 gAAAAABpNPcx8Tdl... - 2 - txe649645a28f54411bd27f-006934f768 - 0.0121 - - 1765078888.570432663 1765078888.582556963 0 0c044fc9f411403aa3ab5cf8f2b14495
Dec 06 22:41:28 np0005549343.novalocal object-server[96910]: ::1 - - [07/Dec/2025:03:41:28 +0000] "GET /1/160819/AUTH_9cb2db62181546998c52314d1567748c/gnocchi.af561d87-3380-4b44-bb47-d9dcd6d2655a/1764720000.0_mean_300.0_v3" 200 16 "GET https://[::1]:8080/v1/AUTH_9cb2db62181546998c52314d1567748c/gnocchi.af561d87-3380-4b44-bb47-d9dcd6d2655a/1764720000.0_mean_300.0_v3" "tx5217b96bb3044cf89a073-006934f768" "proxy-server 97857" 0.0012 "-" 96910 0
Dec 06 22:41:28 np0005549343.novalocal proxy-server[97857]: ::1 ::1 07/Dec/2025/03/41/28 GET /v1/AUTH_9cb2db62181546998c52314d1567748c/gnocchi.af561d87-3380-4b44-bb47-d9dcd6d2655a/1764720000.0_mean_300.0_v3 HTTP/1.0 200 - python-swiftclient-4.8.0 gAAAAABpNPcx8Tdl... - 16 - tx5217b96bb3044cf89a073-006934f768 - 0.0100 - - 1765078888.585881233 1765078888.595854044 0 0c044fc9f411403aa3ab5cf8f2b14495
Dec 06 22:41:28 np0005549343.novalocal container-server[96575]: ::1 - - [07/Dec/2025:03:41:28 +0000] "PUT /2/82633/AUTH_9cb2db62181546998c52314d1567748c/gnocchi.af561d87-3380-4b44-bb47-d9dcd6d2655a/1764720000.0_mean_300.0_v3" 201 - "PUT http://[::1]:8080/3/160819/AUTH_9cb2db62181546998c52314d1567748c/gnocchi.af561d87-3380-4b44-bb47-d9dcd6d2655a/1764720000.0_mean_300.0_v3" "txc8b5a82f4a4b4a7cbc00d-006934f768" "object-server 96909" 0.0008 "-" 96575 0
Dec 06 22:41:28 np0005549343.novalocal object-server[96909]: ::1 - - [07/Dec/2025:03:41:28 +0000] "PUT /3/160819/AUTH_9cb2db62181546998c52314d1567748c/gnocchi.af561d87-3380-4b44-bb47-d9dcd6d2655a/1764720000.0_mean_300.0_v3" 201 - "PUT https://[::1]:8080/v1/AUTH_9cb2db62181546998c52314d1567748c/gnocchi.af561d87-3380-4b44-bb47-d9dcd6d2655a/1764720000.0_mean_300.0_v3" "txc8b5a82f4a4b4a7cbc00d-006934f768" "proxy-server 97857" 0.0131 "-" 96909 0
Dec 06 22:41:28 np0005549343.novalocal container-server[96576]: ::1 - - [07/Dec/2025:03:41:28 +0000] "PUT /3/82633/AUTH_9cb2db62181546998c52314d1567748c/gnocchi.af561d87-3380-4b44-bb47-d9dcd6d2655a/1764720000.0_mean_300.0_v3" 201 - "PUT http://[::1]:8080/2/160819/AUTH_9cb2db62181546998c52314d1567748c/gnocchi.af561d87-3380-4b44-bb47-d9dcd6d2655a/1764720000.0_mean_300.0_v3" "txc8b5a82f4a4b4a7cbc00d-006934f768" "object-server 96910" 0.0009 "-" 96576 0
Dec 06 22:41:28 np0005549343.novalocal object-server[96910]: ::1 - - [07/Dec/2025:03:41:28 +0000] "PUT /2/160819/AUTH_9cb2db62181546998c52314d1567748c/gnocchi.af561d87-3380-4b44-bb47-d9dcd6d2655a/1764720000.0_mean_300.0_v3" 201 - "PUT https://[::1]:8080/v1/AUTH_9cb2db62181546998c52314d1567748c/gnocchi.af561d87-3380-4b44-bb47-d9dcd6d2655a/1764720000.0_mean_300.0_v3" "txc8b5a82f4a4b4a7cbc00d-006934f768" "proxy-server 97857" 0.0141 "-" 96910 0
Dec 06 22:41:28 np0005549343.novalocal container-server[96576]: ::1 - - [07/Dec/2025:03:41:28 +0000] "PUT /1/82633/AUTH_9cb2db62181546998c52314d1567748c/gnocchi.af561d87-3380-4b44-bb47-d9dcd6d2655a/1764720000.0_mean_300.0_v3" 201 - "PUT http://[::1]:8080/1/160819/AUTH_9cb2db62181546998c52314d1567748c/gnocchi.af561d87-3380-4b44-bb47-d9dcd6d2655a/1764720000.0_mean_300.0_v3" "txc8b5a82f4a4b4a7cbc00d-006934f768" "object-server 96910" 0.0007 "-" 96576 0
Dec 06 22:41:28 np0005549343.novalocal object-server[96910]: ::1 - - [07/Dec/2025:03:41:28 +0000] "PUT /1/160819/AUTH_9cb2db62181546998c52314d1567748c/gnocchi.af561d87-3380-4b44-bb47-d9dcd6d2655a/1764720000.0_mean_300.0_v3" 201 - "PUT https://[::1]:8080/v1/AUTH_9cb2db62181546998c52314d1567748c/gnocchi.af561d87-3380-4b44-bb47-d9dcd6d2655a/1764720000.0_mean_300.0_v3" "txc8b5a82f4a4b4a7cbc00d-006934f768" "proxy-server 97857" 0.0181 "-" 96910 0
Dec 06 22:41:28 np0005549343.novalocal proxy-server[97857]: ::1 ::1 07/Dec/2025/03/41/28 PUT /v1/AUTH_9cb2db62181546998c52314d1567748c/gnocchi.af561d87-3380-4b44-bb47-d9dcd6d2655a/1764720000.0_mean_300.0_v3 HTTP/1.0 201 - python-swiftclient-4.8.0 gAAAAABpNPcx8Tdl... 16 - - txc8b5a82f4a4b4a7cbc00d-006934f768 - 0.0285 - - 1765078888.599605560 1765078888.628101349 0 0c044fc9f411403aa3ab5cf8f2b14495
Dec 06 22:41:28 np0005549343.novalocal container-server[96575]: ::1 - - [07/Dec/2025:03:41:28 +0000] "PUT /2/82633/AUTH_9cb2db62181546998c52314d1567748c/gnocchi.af561d87-3380-4b44-bb47-d9dcd6d2655a/none_v3" 201 - "PUT http://[::1]:8080/2/199828/AUTH_9cb2db62181546998c52314d1567748c/gnocchi.af561d87-3380-4b44-bb47-d9dcd6d2655a/none_v3" "txe47ec3f09ce14dfbaedc3-006934f768" "object-server 96909" 0.0012 "-" 96575 0
Dec 06 22:41:28 np0005549343.novalocal object-server[96909]: ::1 - - [07/Dec/2025:03:41:28 +0000] "PUT /2/199828/AUTH_9cb2db62181546998c52314d1567748c/gnocchi.af561d87-3380-4b44-bb47-d9dcd6d2655a/none_v3" 201 - "PUT https://[::1]:8080/v1/AUTH_9cb2db62181546998c52314d1567748c/gnocchi.af561d87-3380-4b44-bb47-d9dcd6d2655a/none_v3" "txe47ec3f09ce14dfbaedc3-006934f768" "proxy-server 97857" 0.0214 "-" 96909 0
Dec 06 22:41:28 np0005549343.novalocal container-server[96575]: ::1 - - [07/Dec/2025:03:41:28 +0000] "PUT /3/82633/AUTH_9cb2db62181546998c52314d1567748c/gnocchi.af561d87-3380-4b44-bb47-d9dcd6d2655a/none_v3" 201 - "PUT http://[::1]:8080/1/199828/AUTH_9cb2db62181546998c52314d1567748c/gnocchi.af561d87-3380-4b44-bb47-d9dcd6d2655a/none_v3" "txe47ec3f09ce14dfbaedc3-006934f768" "object-server 96910" 0.0006 "-" 96575 0
Dec 06 22:41:28 np0005549343.novalocal object-server[96910]: ::1 - - [07/Dec/2025:03:41:28 +0000] "PUT /1/199828/AUTH_9cb2db62181546998c52314d1567748c/gnocchi.af561d87-3380-4b44-bb47-d9dcd6d2655a/none_v3" 201 - "PUT https://[::1]:8080/v1/AUTH_9cb2db62181546998c52314d1567748c/gnocchi.af561d87-3380-4b44-bb47-d9dcd6d2655a/none_v3" "txe47ec3f09ce14dfbaedc3-006934f768" "proxy-server 97857" 0.0235 "-" 96910 0
Dec 06 22:41:28 np0005549343.novalocal container-server[96575]: ::1 - - [07/Dec/2025:03:41:28 +0000] "PUT /1/82633/AUTH_9cb2db62181546998c52314d1567748c/gnocchi.af561d87-3380-4b44-bb47-d9dcd6d2655a/none_v3" 201 - "PUT http://[::1]:8080/3/199828/AUTH_9cb2db62181546998c52314d1567748c/gnocchi.af561d87-3380-4b44-bb47-d9dcd6d2655a/none_v3" "txe47ec3f09ce14dfbaedc3-006934f768" "object-server 96910" 0.0007 "-" 96575 0
Dec 06 22:41:28 np0005549343.novalocal object-server[96910]: ::1 - - [07/Dec/2025:03:41:28 +0000] "PUT /3/199828/AUTH_9cb2db62181546998c52314d1567748c/gnocchi.af561d87-3380-4b44-bb47-d9dcd6d2655a/none_v3" 201 - "PUT https://[::1]:8080/v1/AUTH_9cb2db62181546998c52314d1567748c/gnocchi.af561d87-3380-4b44-bb47-d9dcd6d2655a/none_v3" "txe47ec3f09ce14dfbaedc3-006934f768" "proxy-server 97857" 0.0235 "-" 96910 0
Dec 06 22:41:28 np0005549343.novalocal proxy-server[97857]: ::1 ::1 07/Dec/2025/03/41/28 PUT /v1/AUTH_9cb2db62181546998c52314d1567748c/gnocchi.af561d87-3380-4b44-bb47-d9dcd6d2655a/none_v3 HTTP/1.0 201 - python-swiftclient-4.8.0 gAAAAABpNPcx8Tdl... 46 - - txe47ec3f09ce14dfbaedc3-006934f768 - 0.0359 - - 1765078888.631120443 1765078888.666983843 0 0c044fc9f411403aa3ab5cf8f2b14495
Dec 06 22:41:29 np0005549343.novalocal object-auditor[104316]: Begin object audit "forever" mode (ZBF)
Dec 06 22:41:29 np0005549343.novalocal object-auditor[104316]: Object audit (ZBF). Since Sun Dec 7 03:41:29 2025: Locally: 1 passed, 0 quarantined, 0 errors, files/sec: 423.03, bytes/sec: 0.00, Total time: 0.00, Auditing time: 0.00, Rate: 0.00
Dec 06 22:41:30 np0005549343.novalocal object-server[96910]: ::1 - - [07/Dec/2025:03:41:30 +0000] "GET /3/130820/AUTH_9cb2db62181546998c52314d1567748c/gnocchi.1a7775db-355a-4364-8e23-94110f57c20c/none_v3" 200 60 "GET https://[::1]:8080/v1/AUTH_9cb2db62181546998c52314d1567748c/gnocchi.1a7775db-355a-4364-8e23-94110f57c20c/none_v3" "tx41969f8b0b56475a86f68-006934f76a" "proxy-server 97857" 0.0008 "-" 96910 0
Dec 06 22:41:30 np0005549343.novalocal proxy-server[97857]: ::1 ::1 07/Dec/2025/03/41/30 GET /v1/AUTH_9cb2db62181546998c52314d1567748c/gnocchi.1a7775db-355a-4364-8e23-94110f57c20c/none_v3 HTTP/1.0 200 - python-swiftclient-4.8.0 gAAAAABpNPckgn8e... - 60 - tx41969f8b0b56475a86f68-006934f76a - 0.0094 - - 1765078890.018826962 1765078890.028213263 0 0c044fc9f411403aa3ab5cf8f2b14495
Dec 06 22:41:30 np0005549343.novalocal container-server[96575]: ::1 - - [07/Dec/2025:03:41:30 +0000] "GET /2/142424/AUTH_9cb2db62181546998c52314d1567748c/gnocchi.1a7775db-355a-4364-8e23-94110f57c20c" 200 357 "GET https://[::1]:8080/v1/AUTH_9cb2db62181546998c52314d1567748c/gnocchi.1a7775db-355a-4364-8e23-94110f57c20c?format=json&states=listing" "tx965e516f076b48d8a71b3-006934f76a" "proxy-server 97857" 0.0040 "-" 96575 0
Dec 06 22:41:30 np0005549343.novalocal proxy-server[97857]: ::1 ::1 07/Dec/2025/03/41/30 GET /v1/AUTH_9cb2db62181546998c52314d1567748c/gnocchi.1a7775db-355a-4364-8e23-94110f57c20c%3Fformat%3Djson%26states%3Dlisting HTTP/1.0 200 - python-swiftclient-4.8.0 gAAAAABpNPckgn8e... - 357 - tx965e516f076b48d8a71b3-006934f76a - 0.0140 - - 1765078890.033145905 1765078890.047113180 0 0c044fc9f411403aa3ab5cf8f2b14495
Dec 06 22:41:30 np0005549343.novalocal container-server[96576]: ::1 - - [07/Dec/2025:03:41:30 +0000] "GET /1/142424/AUTH_9cb2db62181546998c52314d1567748c/gnocchi.1a7775db-355a-4364-8e23-94110f57c20c" 200 2 "GET https://[::1]:8080/v1/AUTH_9cb2db62181546998c52314d1567748c/gnocchi.1a7775db-355a-4364-8e23-94110f57c20c?format=json&marker=none_v3&states=listing" "txb0850fc509734d1cb8894-006934f76a" "proxy-server 97857" 0.0021 "-" 96576 0
