Dec 06 22:41:53 np0005549343.novalocal object-server[96909]: ::1 - - [07/Dec/2025:03:41:53 +0000] "GET /3/231929/AUTH_9cb2db62181546998c52314d1567748c/gnocchi.21873fbf-104d-4a13-8f8f-c82943eebfb7/1764720000.0_rate%3Amean_300.0_v3" 404 70 "GET https://[::1]:8080/v1/AUTH_9cb2db62181546998c52314d1567748c/gnocchi.21873fbf-104d-4a13-8f8f-c82943eebfb7/1764720000.0_rate%3Amean_300.0_v3" "tx7a269a42beb644f89c4aa-006934f781" "proxy-server 97857" 0.0006 "-" 96909 0
Dec 06 22:41:53 np0005549343.novalocal proxy-server[97857]: ::1 ::1 07/Dec/2025/03/41/53 GET /v1/AUTH_9cb2db62181546998c52314d1567748c/gnocchi.21873fbf-104d-4a13-8f8f-c82943eebfb7/1764720000.0_rate%253Amean_300.0_v3 HTTP/1.0 404 - python-swiftclient-4.8.0 gAAAAABpNPcx8Tdl... - 70 - tx7a269a42beb644f89c4aa-006934f781 - 0.0195 - - 1765078913.376880884 1765078913.396362782 0 0c044fc9f411403aa3ab5cf8f2b14495
Dec 06 22:41:53 np0005549343.novalocal sudo[105035]: pam_unix(sudo:session): session closed for user root
Dec 06 22:41:53 np0005549343.novalocal systemd[1]: session-c101.scope: Deactivated successfully.
Dec 06 22:41:53 np0005549343.novalocal object-server[96910]: ::1 - - [07/Dec/2025:03:41:53 +0000] "GET /1/131330/AUTH_9cb2db62181546998c52314d1567748c/gnocchi.21873fbf-104d-4a13-8f8f-c82943eebfb7/1764720000.0_mean_300.0_v3" 200 16 "GET https://[::1]:8080/v1/AUTH_9cb2db62181546998c52314d1567748c/gnocchi.21873fbf-104d-4a13-8f8f-c82943eebfb7/1764720000.0_mean_300.0_v3" "tx04b61ae7e4984ad78d9d4-006934f781" "proxy-server 97857" 0.0013 "-" 96910 0
Dec 06 22:41:53 np0005549343.novalocal proxy-server[97857]: ::1 ::1 07/Dec/2025/03/41/53 GET /v1/AUTH_9cb2db62181546998c52314d1567748c/gnocchi.21873fbf-104d-4a13-8f8f-c82943eebfb7/1764720000.0_mean_300.0_v3 HTTP/1.0 200 - python-swiftclient-4.8.0 gAAAAABpNPcx8Tdl... - 16 - tx04b61ae7e4984ad78d9d4-006934f781 - 0.0085 - - 1765078913.399421453 1765078913.407882452 0 0c044fc9f411403aa3ab5cf8f2b14495
Dec 06 22:41:53 np0005549343.novalocal container-server[96575]: ::1 - - [07/Dec/2025:03:41:53 +0000] "PUT /3/241683/AUTH_9cb2db62181546998c52314d1567748c/gnocchi.21873fbf-104d-4a13-8f8f-c82943eebfb7/1764720000.0_rate%3Amean_300.0_v3" 201 - "PUT http://[::1]:8080/3/231929/AUTH_9cb2db62181546998c52314d1567748c/gnocchi.21873fbf-104d-4a13-8f8f-c82943eebfb7/1764720000.0_rate%3Amean_300.0_v3" "tx01632ab371444262ab5be-006934f781" "object-server 96909" 0.0016 "-" 96575 0
Dec 06 22:41:53 np0005549343.novalocal container-server[96576]: ::1 - - [07/Dec/2025:03:41:53 +0000] "PUT /1/241683/AUTH_9cb2db62181546998c52314d1567748c/gnocchi.21873fbf-104d-4a13-8f8f-c82943eebfb7/1764720000.0_rate%3Amean_300.0_v3" 201 - "PUT http://[::1]:8080/1/231929/AUTH_9cb2db62181546998c52314d1567748c/gnocchi.21873fbf-104d-4a13-8f8f-c82943eebfb7/1764720000.0_rate%3Amean_300.0_v3" "tx01632ab371444262ab5be-006934f781" "object-server 96910" 0.0011 "-" 96576 0
Dec 06 22:41:53 np0005549343.novalocal object-server[96910]: ::1 - - [07/Dec/2025:03:41:53 +0000] "PUT /1/231929/AUTH_9cb2db62181546998c52314d1567748c/gnocchi.21873fbf-104d-4a13-8f8f-c82943eebfb7/1764720000.0_rate%3Amean_300.0_v3" 201 - "PUT https://[::1]:8080/v1/AUTH_9cb2db62181546998c52314d1567748c/gnocchi.21873fbf-104d-4a13-8f8f-c82943eebfb7/1764720000.0_rate%3Amean_300.0_v3" "tx01632ab371444262ab5be-006934f781" "proxy-server 97857" 0.0244 "-" 96910 0
Dec 06 22:41:53 np0005549343.novalocal container-server[96575]: ::1 - - [07/Dec/2025:03:41:53 +0000] "PUT /2/241683/AUTH_9cb2db62181546998c52314d1567748c/gnocchi.21873fbf-104d-4a13-8f8f-c82943eebfb7/1764720000.0_rate%3Amean_300.0_v3" 201 - "PUT http://[::1]:8080/2/231929/AUTH_9cb2db62181546998c52314d1567748c/gnocchi.21873fbf-104d-4a13-8f8f-c82943eebfb7/1764720000.0_rate%3Amean_300.0_v3" "tx01632ab371444262ab5be-006934f781" "object-server 96910" 0.0006 "-" 96575 0
Dec 06 22:41:53 np0005549343.novalocal object-server[96910]: ::1 - - [07/Dec/2025:03:41:53 +0000] "PUT /2/231929/AUTH_9cb2db62181546998c52314d1567748c/gnocchi.21873fbf-104d-4a13-8f8f-c82943eebfb7/1764720000.0_rate%3Amean_300.0_v3" 201 - "PUT https://[::1]:8080/v1/AUTH_9cb2db62181546998c52314d1567748c/gnocchi.21873fbf-104d-4a13-8f8f-c82943eebfb7/1764720000.0_rate%3Amean_300.0_v3" "tx01632ab371444262ab5be-006934f781" "proxy-server 97857" 0.0236 "-" 96910 0
Dec 06 22:41:53 np0005549343.novalocal object-server[96909]: ::1 - - [07/Dec/2025:03:41:53 +0000] "PUT /3/231929/AUTH_9cb2db62181546998c52314d1567748c/gnocchi.21873fbf-104d-4a13-8f8f-c82943eebfb7/1764720000.0_rate%3Amean_300.0_v3" 201 - "PUT https://[::1]:8080/v1/AUTH_9cb2db62181546998c52314d1567748c/gnocchi.21873fbf-104d-4a13-8f8f-c82943eebfb7/1764720000.0_rate%3Amean_300.0_v3" "tx01632ab371444262ab5be-006934f781" "proxy-server 97857" 0.0295 "-" 96909 0
Dec 06 22:41:53 np0005549343.novalocal proxy-server[97857]: ::1 ::1 07/Dec/2025/03/41/53 PUT /v1/AUTH_9cb2db62181546998c52314d1567748c/gnocchi.21873fbf-104d-4a13-8f8f-c82943eebfb7/1764720000.0_rate%253Amean_300.0_v3 HTTP/1.0 201 - python-swiftclient-4.8.0 gAAAAABpNPcx8Tdl... 16 - - tx01632ab371444262ab5be-006934f781 - 0.0368 - - 1765078913.411761522 1765078913.448549032 0 0c044fc9f411403aa3ab5cf8f2b14495
Dec 06 22:41:53 np0005549343.novalocal sudo[105042]: cinder : PWD=/ ; USER=root ; COMMAND=/usr/bin/cinder-rootwrap /etc/cinder/rootwrap.conf env LC_ALL=C lvcreate -T -V 1g -n volume-b980e288-386f-4c36-8225-f3d6633a65d9 cinder-volumes/cinder-volumes-pool
Dec 06 22:41:53 np0005549343.novalocal systemd[1]: Started Session c102 of User root.
Dec 06 22:41:53 np0005549343.novalocal container-server[96575]: ::1 - - [07/Dec/2025:03:41:53 +0000] "PUT /2/241683/AUTH_9cb2db62181546998c52314d1567748c/gnocchi.21873fbf-104d-4a13-8f8f-c82943eebfb7/1764720000.0_mean_300.0_v3" 201 - "PUT http://[::1]:8080/2/131330/AUTH_9cb2db62181546998c52314d1567748c/gnocchi.21873fbf-104d-4a13-8f8f-c82943eebfb7/1764720000.0_mean_300.0_v3" "txeb62dcf51bcb4904aced1-006934f781" "object-server 96910" 0.0009 "-" 96575 0
Dec 06 22:41:53 np0005549343.novalocal object-server[96910]: ::1 - - [07/Dec/2025:03:41:53 +0000] "PUT /2/131330/AUTH_9cb2db62181546998c52314d1567748c/gnocchi.21873fbf-104d-4a13-8f8f-c82943eebfb7/1764720000.0_mean_300.0_v3" 201 - "PUT https://[::1]:8080/v1/AUTH_9cb2db62181546998c52314d1567748c/gnocchi.21873fbf-104d-4a13-8f8f-c82943eebfb7/1764720000.0_mean_300.0_v3" "txeb62dcf51bcb4904aced1-006934f781" "proxy-server 97857" 0.0214 "-" 96910 0
Dec 06 22:41:53 np0005549343.novalocal container-server[96575]: ::1 - - [07/Dec/2025:03:41:53 +0000] "PUT /1/241683/AUTH_9cb2db62181546998c52314d1567748c/gnocchi.21873fbf-104d-4a13-8f8f-c82943eebfb7/1764720000.0_mean_300.0_v3" 201 - "PUT http://[::1]:8080/1/131330/AUTH_9cb2db62181546998c52314d1567748c/gnocchi.21873fbf-104d-4a13-8f8f-c82943eebfb7/1764720000.0_mean_300.0_v3" "txeb62dcf51bcb4904aced1-006934f781" "object-server 96910" 0.0004 "-" 96575 0
Dec 06 22:41:53 np0005549343.novalocal object-server[96910]: ::1 - - [07/Dec/2025:03:41:53 +0000] "PUT /1/131330/AUTH_9cb2db62181546998c52314d1567748c/gnocchi.21873fbf-104d-4a13-8f8f-c82943eebfb7/1764720000.0_mean_300.0_v3" 201 - "PUT https://[::1]:8080/v1/AUTH_9cb2db62181546998c52314d1567748c/gnocchi.21873fbf-104d-4a13-8f8f-c82943eebfb7/1764720000.0_mean_300.0_v3" "txeb62dcf51bcb4904aced1-006934f781" "proxy-server 97857" 0.0213 "-" 96910 0
Dec 06 22:41:53 np0005549343.novalocal sudo[105042]: pam_unix(sudo:session): session opened for user root(uid=0) by (uid=165)
Dec 06 22:41:53 np0005549343.novalocal container-server[96576]: ::1 - - [07/Dec/2025:03:41:53 +0000] "PUT /3/241683/AUTH_9cb2db62181546998c52314d1567748c/gnocchi.21873fbf-104d-4a13-8f8f-c82943eebfb7/1764720000.0_mean_300.0_v3" 201 - "PUT http://[::1]:8080/3/131330/AUTH_9cb2db62181546998c52314d1567748c/gnocchi.21873fbf-104d-4a13-8f8f-c82943eebfb7/1764720000.0_mean_300.0_v3" "txeb62dcf51bcb4904aced1-006934f781" "object-server 96909" 0.0008 "-" 96576 0
Dec 06 22:41:53 np0005549343.novalocal object-server[96909]: ::1 - - [07/Dec/2025:03:41:53 +0000] "PUT /3/131330/AUTH_9cb2db62181546998c52314d1567748c/gnocchi.21873fbf-104d-4a13-8f8f-c82943eebfb7/1764720000.0_mean_300.0_v3" 201 - "PUT https://[::1]:8080/v1/AUTH_9cb2db62181546998c52314d1567748c/gnocchi.21873fbf-104d-4a13-8f8f-c82943eebfb7/1764720000.0_mean_300.0_v3" "txeb62dcf51bcb4904aced1-006934f781" "proxy-server 97857" 0.0274 "-" 96909 0
Dec 06 22:41:53 np0005549343.novalocal proxy-server[97857]: ::1 ::1 07/Dec/2025/03/41/53 PUT /v1/AUTH_9cb2db62181546998c52314d1567748c/gnocchi.21873fbf-104d-4a13-8f8f-c82943eebfb7/1764720000.0_mean_300.0_v3 HTTP/1.0 201 - python-swiftclient-4.8.0 gAAAAABpNPcx8Tdl... 16 - - txeb62dcf51bcb4904aced1-006934f781 - 0.0412 - - 1765078913.452542782 1765078913.493703842 0 0c044fc9f411403aa3ab5cf8f2b14495
Dec 06 22:41:53 np0005549343.novalocal container-server[96576]: ::1 - - [07/Dec/2025:03:41:53 +0000] "PUT /1/241683/AUTH_9cb2db62181546998c52314d1567748c/gnocchi.21873fbf-104d-4a13-8f8f-c82943eebfb7/none_v3" 201 - "PUT http://[::1]:8080/2/236764/AUTH_9cb2db62181546998c52314d1567748c/gnocchi.21873fbf-104d-4a13-8f8f-c82943eebfb7/none_v3" "tx02a40efc87fd487885dd2-006934f781" "object-server 96910" 0.0005 "-" 96576 0
Dec 06 22:41:53 np0005549343.novalocal container-server[96575]: ::1 - - [07/Dec/2025:03:41:53 +0000] "PUT /2/241683/AUTH_9cb2db62181546998c52314d1567748c/gnocchi.21873fbf-104d-4a13-8f8f-c82943eebfb7/none_v3" 201 - "PUT http://[::1]:8080/1/236764/AUTH_9cb2db62181546998c52314d1567748c/gnocchi.21873fbf-104d-4a13-8f8f-c82943eebfb7/none_v3" "tx02a40efc87fd487885dd2-006934f781" "object-server 96909" 0.0010 "-" 96575 0
Dec 06 22:41:53 np0005549343.novalocal object-server[96910]: ::1 - - [07/Dec/2025:03:41:53 +0000] "PUT /2/236764/AUTH_9cb2db62181546998c52314d1567748c/gnocchi.21873fbf-104d-4a13-8f8f-c82943eebfb7/none_v3" 201 - "PUT https://[::1]:8080/v1/AUTH_9cb2db62181546998c52314d1567748c/gnocchi.21873fbf-104d-4a13-8f8f-c82943eebfb7/none_v3" "tx02a40efc87fd487885dd2-006934f781" "proxy-server 97857" 0.0136 "-" 96910 0
Dec 06 22:41:53 np0005549343.novalocal object-server[96909]: ::1 - - [07/Dec/2025:03:41:53 +0000] "PUT /1/236764/AUTH_9cb2db62181546998c52314d1567748c/gnocchi.21873fbf-104d-4a13-8f8f-c82943eebfb7/none_v3" 201 - "PUT https://[::1]:8080/v1/AUTH_9cb2db62181546998c52314d1567748c/gnocchi.21873fbf-104d-4a13-8f8f-c82943eebfb7/none_v3" "tx02a40efc87fd487885dd2-006934f781" "proxy-server 97857" 0.0145 "-" 96909 0
Dec 06 22:41:53 np0005549343.novalocal container-server[96575]: ::1 - - [07/Dec/2025:03:41:53 +0000] "PUT /3/241683/AUTH_9cb2db62181546998c52314d1567748c/gnocchi.21873fbf-104d-4a13-8f8f-c82943eebfb7/none_v3" 201 - "PUT http://[::1]:8080/3/236764/AUTH_9cb2db62181546998c52314d1567748c/gnocchi.21873fbf-104d-4a13-8f8f-c82943eebfb7/none_v3" "tx02a40efc87fd487885dd2-006934f781" "object-server 96910" 0.0008 "-" 96575 0
Dec 06 22:41:53 np0005549343.novalocal object-server[96910]: ::1 - - [07/Dec/2025:03:41:53 +0000] "PUT /3/236764/AUTH_9cb2db62181546998c52314d1567748c/gnocchi.21873fbf-104d-4a13-8f8f-c82943eebfb7/none_v3" 201 - "PUT https://[::1]:8080/v1/AUTH_9cb2db62181546998c52314d1567748c/gnocchi.21873fbf-104d-4a13-8f8f-c82943eebfb7/none_v3" "tx02a40efc87fd487885dd2-006934f781" "proxy-server 97857" 0.0144 "-" 96910 0
Dec 06 22:41:53 np0005549343.novalocal proxy-server[97857]: ::1 ::1 07/Dec/2025/03/41/53 PUT /v1/AUTH_9cb2db62181546998c52314d1567748c/gnocchi.21873fbf-104d-4a13-8f8f-c82943eebfb7/none_v3 HTTP/1.0 201 - python-swiftclient-4.8.0 gAAAAABpNPcx8Tdl... 33 - - tx02a40efc87fd487885dd2-006934f781 - 0.0245 - - 1765078913.498302460 1765078913.522758722 0 0c044fc9f411403aa3ab5cf8f2b14495
Dec 06 22:41:53 np0005549343.novalocal object-server[96910]: ::1 - - [07/Dec/2025:03:41:53 +0000] "GET /1/15206/AUTH_9cb2db62181546998c52314d1567748c/gnocchi.b3a61b1e-9c69-4ff8-afa1-b29b9a510c48/none_v3" 200 22 "GET https://[::1]:8080/v1/AUTH_9cb2db62181546998c52314d1567748c/gnocchi.b3a61b1e-9c69-4ff8-afa1-b29b9a510c48/none_v3" "txcc405c9ca5af4c0bb557b-006934f781" "proxy-server 97857" 0.0008 "-" 96910 0
Dec 06 22:41:53 np0005549343.novalocal proxy-server[97857]: ::1 ::1 07/Dec/2025/03/41/53 GET /v1/AUTH_9cb2db62181546998c52314d1567748c/gnocchi.b3a61b1e-9c69-4ff8-afa1-b29b9a510c48/none_v3 HTTP/1.0 200 - python-swiftclient-4.8.0 gAAAAABpNPcx8Tdl... - 22 - txcc405c9ca5af4c0bb557b-006934f781 - 0.0080 - - 1765078913.556463003 1765078913.564447641 0 0c044fc9f411403aa3ab5cf8f2b14495
Dec 06 22:41:53 np0005549343.novalocal container-server[96576]: ::1 - - [07/Dec/2025:03:41:53 +0000] "GET /3/25707/AUTH_9cb2db62181546998c52314d1567748c/gnocchi.b3a61b1e-9c69-4ff8-afa1-b29b9a510c48" 200 357 "GET https://[::1]:8080/v1/AUTH_9cb2db62181546998c52314d1567748c/gnocchi.b3a61b1e-9c69-4ff8-afa1-b29b9a510c48?format=json&states=listing" "tx6c70db27fead4dc88e8da-006934f781" "proxy-server 97857" 0.0021 "-" 96576 0
Dec 06 22:41:53 np0005549343.novalocal proxy-server[97857]: ::1 ::1 07/Dec/2025/03/41/53 GET /v1/AUTH_9cb2db62181546998c52314d1567748c/gnocchi.b3a61b1e-9c69-4ff8-afa1-b29b9a510c48%3Fformat%3Djson%26states%3Dlisting HTTP/1.0 200 - python-swiftclient-4.8.0 gAAAAABpNPcx8Tdl... - 357 - tx6c70db27fead4dc88e8da-006934f781 - 0.0104 - - 1765078913.569053888 1765078913.579502344 0 0c044fc9f411403aa3ab5cf8f2b14495
Dec 06 22:41:53 np0005549343.novalocal container-server[96576]: ::1 - - [07/Dec/2025:03:41:53 +0000] "GET /1/25707/AUTH_9cb2db62181546998c52314d1567748c/gnocchi.b3a61b1e-9c69-4ff8-afa1-b29b9a510c48" 200 2 "GET https://[::1]:8080/v1/AUTH_9cb2db62181546998c52314d1567748c/gnocchi.b3a61b1e-9c69-4ff8-afa1-b29b9a510c48?format=json&marker=none_v3&states=listing" "txfcd2949447c345f485a41-006934f781" "proxy-server 97857" 0.0019 "-" 96576 0
Dec 06 22:41:53 np0005549343.novalocal proxy-server[97857]: ::1 ::1 07/Dec/2025/03/41/53 GET /v1/AUTH_9cb2db62181546998c52314d1567748c/gnocchi.b3a61b1e-9c69-4ff8-afa1-b29b9a510c48%3Fformat%3Djson%26marker%3Dnone_v3%26states%3Dlisting HTTP/1.0 200 - python-swiftclient-4.8.0 gAAAAABpNPcx8Tdl... - 2 - txfcd2949447c345f485a41-006934f781 - 0.0143 - - 1765078913.584096909 1765078913.598443270 0 0c044fc9f411403aa3ab5cf8f2b14495
Dec 06 22:41:53 np0005549343.novalocal object-server[96909]: ::1 - - [07/Dec/2025:03:41:53 +0000] "GET /3/87307/AUTH_9cb2db62181546998c52314d1567748c/gnocchi.b3a61b1e-9c69-4ff8-afa1-b29b9a510c48/1764720000.0_rate%3Amean_300.0_v3" 404 70 "GET https://[::1]:8080/v1/AUTH_9cb2db62181546998c52314d1567748c/gnocchi.b3a61b1e-9c69-4ff8-afa1-b29b9a510c48/1764720000.0_rate%3Amean_300.0_v3" "txd7028dc6419444cc96ac2-006934f781" "proxy-server 97857" 0.0005 "-" 96909 0
Dec 06 22:41:53 np0005549343.novalocal object-server[96909]: ::1 - - [07/Dec/2025:03:41:53 +0000] "GET /1/87307/AUTH_9cb2db62181546998c52314d1567748c/gnocchi.b3a61b1e-9c69-4ff8-afa1-b29b9a510c48/1764720000.0_rate%3Amean_300.0_v3" 404 70 "GET https://[::1]:8080/v1/AUTH_9cb2db62181546998c52314d1567748c/gnocchi.b3a61b1e-9c69-4ff8-afa1-b29b9a510c48/1764720000.0_rate%3Amean_300.0_v3" "txd7028dc6419444cc96ac2-006934f781" "proxy-server 97857" 0.0018 "-" 96909 0
Dec 06 22:41:53 np0005549343.novalocal object-server[96910]: ::1 - - [07/Dec/2025:03:41:53 +0000] "GET /2/87307/AUTH_9cb2db62181546998c52314d1567748c/gnocchi.b3a61b1e-9c69-4ff8-afa1-b29b9a510c48/1764720000.0_rate%3Amean_300.0_v3" 404 70 "GET https://[::1]:8080/v1/AUTH_9cb2db62181546998c52314d1567748c/gnocchi.b3a61b1e-9c69-4ff8-afa1-b29b9a510c48/1764720000.0_rate%3Amean_300.0_v3" "txd7028dc6419444cc96ac2-006934f781" "proxy-server 97857" 0.0003 "-" 96910 0
Dec 06 22:41:53 np0005549343.novalocal proxy-server[97857]: ::1 ::1 07/Dec/2025/03/41/53 GET /v1/AUTH_9cb2db62181546998c52314d1567748c/gnocchi.b3a61b1e-9c69-4ff8-afa1-b29b9a510c48/1764720000.0_rate%253Amean_300.0_v3 HTTP/1.0 404 - python-swiftclient-4.8.0 gAAAAABpNPcx8Tdl... - 70 - txd7028dc6419444cc96ac2-006934f781 - 0.0209 - - 1765078913.604295492 1765078913.625206947 0 0c044fc9f411403aa3ab5cf8f2b14495
Dec 06 22:41:53 np0005549343.novalocal object-server[96909]: ::1 - - [07/Dec/2025:03:41:53 +0000] "GET /1/65002/AUTH_9cb2db62181546998c52314d1567748c/gnocchi.b3a61b1e-9c69-4ff8-afa1-b29b9a510c48/1764720000.0_mean_300.0_v3" 200 16 "GET https://[::1]:8080/v1/AUTH_9cb2db62181546998c52314d1567748c/gnocchi.b3a61b1e-9c69-4ff8-afa1-b29b9a510c48/1764720000.0_mean_300.0_v3" "txc40ef4a2fa4645bfbd4b6-006934f781" "proxy-server 97857" 0.0008 "-" 96909 0
Dec 06 22:41:53 np0005549343.novalocal proxy-server[97857]: ::1 ::1 07/Dec/2025/03/41/53 GET /v1/AUTH_9cb2db62181546998c52314d1567748c/gnocchi.b3a61b1e-9c69-4ff8-afa1-b29b9a510c48/1764720000.0_mean_300.0_v3 HTTP/1.0 200 - python-swiftclient-4.8.0 gAAAAABpNPcx8Tdl... - 16 - txc40ef4a2fa4645bfbd4b6-006934f781 - 0.0137 - - 1765078913.630326271 1765078913.644017458 0 0c044fc9f411403aa3ab5cf8f2b14495
Dec 06 22:41:53 np0005549343.novalocal container-server[96576]: ::1 - - [07/Dec/2025:03:41:53 +0000] "PUT /1/25707/AUTH_9cb2db62181546998c52314d1567748c/gnocchi.b3a61b1e-9c69-4ff8-afa1-b29b9a510c48/1764720000.0_rate%3Amean_300.0_v3" 201 - "PUT http://[::1]:8080/3/87307/AUTH_9cb2db62181546998c52314d1567748c/gnocchi.b3a61b1e-9c69-4ff8-afa1-b29b9a510c48/1764720000.0_rate%3Amean_300.0_v3" "txf76540b579354ad0b781a-006934f781" "object-server 96910" 0.0007 "-" 96576 0
Dec 06 22:41:53 np0005549343.novalocal container-server[96575]: ::1 - - [07/Dec/2025:03:41:53 +0000] "PUT /3/25707/AUTH_9cb2db62181546998c52314d1567748c/gnocchi.b3a61b1e-9c69-4ff8-afa1-b29b9a510c48/1764720000.0_rate%3Amean_300.0_v3" 201 - "PUT http://[::1]:8080/2/87307/AUTH_9cb2db62181546998c52314d1567748c/gnocchi.b3a61b1e-9c69-4ff8-afa1-b29b9a510c48/1764720000.0_rate%3Amean_300.0_v3" "txf76540b579354ad0b781a-006934f781" "object-server 96910" 0.0010 "-" 96575 0
Dec 06 22:41:53 np0005549343.novalocal container-server[96576]: ::1 - - [07/Dec/2025:03:41:53 +0000] "PUT /2/25707/AUTH_9cb2db62181546998c52314d1567748c/gnocchi.b3a61b1e-9c69-4ff8-afa1-b29b9a510c48/1764720000.0_rate%3Amean_300.0_v3" 201 - "PUT http://[::1]:8080/1/87307/AUTH_9cb2db62181546998c52314d1567748c/gnocchi.b3a61b1e-9c69-4ff8-afa1-b29b9a510c48/1764720000.0_rate%3Amean_300.0_v3" "txf76540b579354ad0b781a-006934f781" "object-server 96910" 0.0005 "-" 96576 0
Dec 06 22:41:53 np0005549343.novalocal object-server[96910]: ::1 - - [07/Dec/2025:03:41:53 +0000] "PUT /3/87307/AUTH_9cb2db62181546998c52314d1567748c/gnocchi.b3a61b1e-9c69-4ff8-afa1-b29b9a510c48/1764720000.0_rate%3Amean_300.0_v3" 201 - "PUT https://[::1]:8080/v1/AUTH_9cb2db62181546998c52314d1567748c/gnocchi.b3a61b1e-9c69-4ff8-afa1-b29b9a510c48/1764720000.0_rate%3Amean_300.0_v3" "txf76540b579354ad0b781a-006934f781" "proxy-server 97857" 0.0204 "-" 96910 0
Dec 06 22:41:53 np0005549343.novalocal object-server[96910]: ::1 - - [07/Dec/2025:03:41:53 +0000] "PUT /1/87307/AUTH_9cb2db62181546998c52314d1567748c/gnocchi.b3a61b1e-9c69-4ff8-afa1-b29b9a510c48/1764720000.0_rate%3Amean_300.0_v3" 201 - "PUT https://[::1]:8080/v1/AUTH_9cb2db62181546998c52314d1567748c/gnocchi.b3a61b1e-9c69-4ff8-afa1-b29b9a510c48/1764720000.0_rate%3Amean_300.0_v3" "txf76540b579354ad0b781a-006934f781" "proxy-server 97857" 0.0243 "-" 96910 0
Dec 06 22:41:53 np0005549343.novalocal object-server[96910]: ::1 - - [07/Dec/2025:03:41:53 +0000] "PUT /2/87307/AUTH_9cb2db62181546998c52314d1567748c/gnocchi.b3a61b1e-9c69-4ff8-afa1-b29b9a510c48/1764720000.0_rate%3Amean_300.0_v3" 201 - "PUT https://[::1]:8080/v1/AUTH_9cb2db62181546998c52314d1567748c/gnocchi.b3a61b1e-9c69-4ff8-afa1-b29b9a510c48/1764720000.0_rate%3Amean_300.0_v3" "txf76540b579354ad0b781a-006934f781" "proxy-server 97857" 0.0271 "-" 96910 0
Dec 06 22:41:53 np0005549343.novalocal proxy-server[97857]: ::1 ::1 07/Dec/2025/03/41/53 PUT /v1/AUTH_9cb2db62181546998c52314d1567748c/gnocchi.b3a61b1e-9c69-4ff8-afa1-b29b9a510c48/1764720000.0_rate%253Amean_300.0_v3 HTTP/1.0 201 - python-swiftclient-4.8.0 gAAAAABpNPcx8Tdl... 16 - - txf76540b579354ad0b781a-006934f781 - 0.0372 - - 1765078913.647176743 1765078913.684354544 0 0c044fc9f411403aa3ab5cf8f2b14495
Dec 06 22:41:53 np0005549343.novalocal container-server[96575]: ::1 - - [07/Dec/2025:03:41:53 +0000] "PUT /3/25707/AUTH_9cb2db62181546998c52314d1567748c/gnocchi.b3a61b1e-9c69-4ff8-afa1-b29b9a510c48/1764720000.0_mean_300.0_v3" 201 - "PUT http://[::1]:8080/2/65002/AUTH_9cb2db62181546998c52314d1567748c/gnocchi.b3a61b1e-9c69-4ff8-afa1-b29b9a510c48/1764720000.0_mean_300.0_v3" "tx7ceb5255be9b4a8fb04de-006934f781" "object-server 96910" 0.0009 "-" 96575 0
Dec 06 22:41:53 np0005549343.novalocal object-server[96910]: ::1 - - [07/Dec/2025:03:41:53 +0000] "PUT /2/65002/AUTH_9cb2db62181546998c52314d1567748c/gnocchi.b3a61b1e-9c69-4ff8-afa1-b29b9a510c48/1764720000.0_mean_300.0_v3" 201 - "PUT https://[::1]:8080/v1/AUTH_9cb2db62181546998c52314d1567748c/gnocchi.b3a61b1e-9c69-4ff8-afa1-b29b9a510c48/1764720000.0_mean_300.0_v3" "tx7ceb5255be9b4a8fb04de-006934f781" "proxy-server 97857" 0.0108 "-" 96910 0
Dec 06 22:41:53 np0005549343.novalocal container-server[96575]: ::1 - - [07/Dec/2025:03:41:53 +0000] "PUT /1/25707/AUTH_9cb2db62181546998c52314d1567748c/gnocchi.b3a61b1e-9c69-4ff8-afa1-b29b9a510c48/1764720000.0_mean_300.0_v3" 201 - "PUT http://[::1]:8080/3/65002/AUTH_9cb2db62181546998c52314d1567748c/gnocchi.b3a61b1e-9c69-4ff8-afa1-b29b9a510c48/1764720000.0_mean_300.0_v3" "tx7ceb5255be9b4a8fb04de-006934f781" "object-server 96910" 0.0010 "-" 96575 0
Dec 06 22:41:53 np0005549343.novalocal object-server[96910]: ::1 - - [07/Dec/2025:03:41:53 +0000] "PUT /3/65002/AUTH_9cb2db62181546998c52314d1567748c/gnocchi.b3a61b1e-9c69-4ff8-afa1-b29b9a510c48/1764720000.0_mean_300.0_v3" 201 - "PUT https://[::1]:8080/v1/AUTH_9cb2db62181546998c52314d1567748c/gnocchi.b3a61b1e-9c69-4ff8-afa1-b29b9a510c48/1764720000.0_mean_300.0_v3" "tx7ceb5255be9b4a8fb04de-006934f781" "proxy-server 97857" 0.0144 "-" 96910 0
Dec 06 22:41:53 np0005549343.novalocal container-server[96575]: ::1 - - [07/Dec/2025:03:41:53 +0000] "PUT /2/25707/AUTH_9cb2db62181546998c52314d1567748c/gnocchi.b3a61b1e-9c69-4ff8-afa1-b29b9a510c48/1764720000.0_mean_300.0_v3" 201 - "PUT http://[::1]:8080/1/65002/AUTH_9cb2db62181546998c52314d1567748c/gnocchi.b3a61b1e-9c69-4ff8-afa1-b29b9a510c48/1764720000.0_mean_300.0_v3" "tx7ceb5255be9b4a8fb04de-006934f781" "object-server 96909" 0.0005 "-" 96575 0
Dec 06 22:41:53 np0005549343.novalocal object-server[96909]: ::1 - - [07/Dec/2025:03:41:53 +0000] "PUT /1/65002/AUTH_9cb2db62181546998c52314d1567748c/gnocchi.b3a61b1e-9c69-4ff8-afa1-b29b9a510c48/1764720000.0_mean_300.0_v3" 201 - "PUT https://[::1]:8080/v1/AUTH_9cb2db62181546998c52314d1567748c/gnocchi.b3a61b1e-9c69-4ff8-afa1-b29b9a510c48/1764720000.0_mean_300.0_v3" "tx7ceb5255be9b4a8fb04de-006934f781" "proxy-server 97857" 0.0171 "-" 96909 0
Dec 06 22:41:53 np0005549343.novalocal proxy-server[97857]: ::1 ::1 07/Dec/2025/03/41/53 PUT /v1/AUTH_9cb2db62181546998c52314d1567748c/gnocchi.b3a61b1e-9c69-4ff8-afa1-b29b9a510c48/1764720000.0_mean_300.0_v3 HTTP/1.0 201 - python-swiftclient-4.8.0 gAAAAABpNPcx8Tdl... 16 - - tx7ceb5255be9b4a8fb04de-006934f781 - 0.0271 - - 1765078913.688181400 1765078913.715328455 0 0c044fc9f411403aa3ab5cf8f2b14495
Dec 06 22:41:53 np0005549343.novalocal container-server[96575]: ::1 - - [07/Dec/2025:03:41:53 +0000] "PUT /2/25707/AUTH_9cb2db62181546998c52314d1567748c/gnocchi.b3a61b1e-9c69-4ff8-afa1-b29b9a510c48/none_v3" 201 - "PUT http://[::1]:8080/3/15206/AUTH_9cb2db62181546998c52314d1567748c/gnocchi.b3a61b1e-9c69-4ff8-afa1-b29b9a510c48/none_v3" "txbb5529e2c1a045faa0c78-006934f781" "object-server 96909" 0.0009 "-" 96575 0
Dec 06 22:41:53 np0005549343.novalocal container-server[96576]: ::1 - - [07/Dec/2025:03:41:53 +0000] "PUT /3/25707/AUTH_9cb2db62181546998c52314d1567748c/gnocchi.b3a61b1e-9c69-4ff8-afa1-b29b9a510c48/none_v3" 201 - "PUT http://[::1]:8080/2/15206/AUTH_9cb2db62181546998c52314d1567748c/gnocchi.b3a61b1e-9c69-4ff8-afa1-b29b9a510c48/none_v3" "txbb5529e2c1a045faa0c78-006934f781" "object-server 96910" 0.0009 "-" 96576 0
Dec 06 22:41:53 np0005549343.novalocal object-server[96909]: ::1 - - [07/Dec/2025:03:41:53 +0000] "PUT /3/15206/AUTH_9cb2db62181546998c52314d1567748c/gnocchi.b3a61b1e-9c69-4ff8-afa1-b29b9a510c48/none_v3" 201 - "PUT https://[::1]:8080/v1/AUTH_9cb2db62181546998c52314d1567748c/gnocchi.b3a61b1e-9c69-4ff8-afa1-b29b9a510c48/none_v3" "txbb5529e2c1a045faa0c78-006934f781" "proxy-server 97857" 0.0134 "-" 96909 0
Dec 06 22:41:53 np0005549343.novalocal container-server[96575]: ::1 - - [07/Dec/2025:03:41:53 +0000] "PUT /1/25707/AUTH_9cb2db62181546998c52314d1567748c/gnocchi.b3a61b1e-9c69-4ff8-afa1-b29b9a510c48/none_v3" 201 - "PUT http://[::1]:8080/1/15206/AUTH_9cb2db62181546998c52314d1567748c/gnocchi.b3a61b1e-9c69-4ff8-afa1-b29b9a510c48/none_v3" "txbb5529e2c1a045faa0c78-006934f781" "object-server 96910" 0.0004 "-" 96575 0
Dec 06 22:41:53 np0005549343.novalocal object-server[96910]: ::1 - - [07/Dec/2025:03:41:53 +0000] "PUT /2/15206/AUTH_9cb2db62181546998c52314d1567748c/gnocchi.b3a61b1e-9c69-4ff8-afa1-b29b9a510c48/none_v3" 201 - "PUT https://[::1]:8080/v1/AUTH_9cb2db62181546998c52314d1567748c/gnocchi.b3a61b1e-9c69-4ff8-afa1-b29b9a510c48/none_v3" "txbb5529e2c1a045faa0c78-006934f781" "proxy-server 97857" 0.0131 "-" 96910 0
Dec 06 22:41:53 np0005549343.novalocal object-server[96910]: ::1 - - [07/Dec/2025:03:41:53 +0000] "PUT /1/15206/AUTH_9cb2db62181546998c52314d1567748c/gnocchi.b3a61b1e-9c69-4ff8-afa1-b29b9a510c48/none_v3" 201 - "PUT https://[::1]:8080/v1/AUTH_9cb2db62181546998c52314d1567748c/gnocchi.b3a61b1e-9c69-4ff8-afa1-b29b9a510c48/none_v3" "txbb5529e2c1a045faa0c78-006934f781" "proxy-server 97857" 0.0129 "-" 96910 0
Dec 06 22:41:53 np0005549343.novalocal proxy-server[97857]: ::1 ::1 07/Dec/2025/03/41/53 PUT /v1/AUTH_9cb2db62181546998c52314d1567748c/gnocchi.b3a61b1e-9c69-4ff8-afa1-b29b9a510c48/none_v3 HTTP/1.0 201 - python-swiftclient-4.8.0 gAAAAABpNPcx8Tdl... 33 - - txbb5529e2c1a045faa0c78-006934f781 - 0.0221 - - 1765078913.717572689 1765078913.739643097 0 0c044fc9f411403aa3ab5cf8f2b14495
Dec 06 22:41:53 np0005549343.novalocal dmeventd[94254]: No longer monitoring thin pool cinder--volumes-cinder--volumes--pool.
Dec 06 22:41:53 np0005549343.novalocal object-server[96910]: ::1 - - [07/Dec/2025:03:41:53 +0000] "GET /2/87925/AUTH_9cb2db62181546998c52314d1567748c/gnocchi.8ba52879-3d8a-4652-b821-60f3f788154d/none_v3" 200 22 "GET https://[::1]:8080/v1/AUTH_9cb2db62181546998c52314d1567748c/gnocchi.8ba52879-3d8a-4652-b821-60f3f788154d/none_v3" "tx174afdeb024a4da5bdfe3-006934f781" "proxy-server 97857" 0.0008 "-" 96910 0
Dec 06 22:41:53 np0005549343.novalocal proxy-server[97857]: ::1 ::1 07/Dec/2025/03/41/53 GET /v1/AUTH_9cb2db62181546998c52314d1567748c/gnocchi.8ba52879-3d8a-4652-b821-60f3f788154d/none_v3 HTTP/1.0 200 - python-swiftclient-4.8.0 gAAAAABpNPcx8Tdl... - 22 - tx174afdeb024a4da5bdfe3-006934f781 - 0.0114 - - 1765078913.753010750 1765078913.764449596 0 0c044fc9f411403aa3ab5cf8f2b14495
Dec 06 22:41:53 np0005549343.novalocal container-server[96576]: ::1 - - [07/Dec/2025:03:41:53 +0000] "GET /1/33360/AUTH_9cb2db62181546998c52314d1567748c/gnocchi.8ba52879-3d8a-4652-b821-60f3f788154d" 200 357 "GET https://[::1]:8080/v1/AUTH_9cb2db62181546998c52314d1567748c/gnocchi.8ba52879-3d8a-4652-b821-60f3f788154d?format=json&states=listing" "tx84ff5e4c00fd4491bd0ab-006934f781" "proxy-server 97857" 0.0058 "-" 96576 0
Dec 06 22:41:53 np0005549343.novalocal proxy-server[97857]: ::1 ::1 07/Dec/2025/03/41/53 GET /v1/AUTH_9cb2db62181546998c52314d1567748c/gnocchi.8ba52879-3d8a-4652-b821-60f3f788154d%3Fformat%3Djson%26states%3Dlisting HTTP/1.0 200 - python-swiftclient-4.8.0 gAAAAABpNPcx8Tdl... - 357 - tx84ff5e4c00fd4491bd0ab-006934f781 - 0.0188 - - 1765078913.769438982 1765078913.788228273 0 0c044fc9f411403aa3ab5cf8f2b14495
Dec 06 22:41:53 np0005549343.novalocal container-server[96575]: ::1 - - [07/Dec/2025:03:41:53 +0000] "GET /1/33360/AUTH_9cb2db62181546998c52314d1567748c/gnocchi.8ba52879-3d8a-4652-b821-60f3f788154d" 200 2 "GET https://[::1]:8080/v1/AUTH_9cb2db62181546998c52314d1567748c/gnocchi.8ba52879-3d8a-4652-b821-60f3f788154d?format=json&marker=none_v3&states=listing" "txabf2162f74564aff84602-006934f781" "proxy-server 97857" 0.0041 "-" 96575 0
Dec 06 22:41:53 np0005549343.novalocal proxy-server[97857]: ::1 ::1 07/Dec/2025/03/41/53 GET /v1/AUTH_9cb2db62181546998c52314d1567748c/gnocchi.8ba52879-3d8a-4652-b821-60f3f788154d%3Fformat%3Djson%26marker%3Dnone_v3%26states%3Dlisting HTTP/1.0 200 - python-swiftclient-4.8.0 gAAAAABpNPcx8Tdl... - 2 - txabf2162f74564aff84602-006934f781 - 0.0151 - - 1765078913.791273832 1765078913.806336403 0 0c044fc9f411403aa3ab5cf8f2b14495
Dec 06 22:41:53 np0005549343.novalocal object-server[96910]: ::1 - - [07/Dec/2025:03:41:53 +0000] "GET /2/224148/AUTH_9cb2db62181546998c52314d1567748c/gnocchi.8ba52879-3d8a-4652-b821-60f3f788154d/1764720000.0_rate%3Amean_300.0_v3" 404 70 "GET https://[::1]:8080/v1/AUTH_9cb2db62181546998c52314d1567748c/gnocchi.8ba52879-3d8a-4652-b821-60f3f788154d/1764720000.0_rate%3Amean_300.0_v3" "txd81e56bd12814abdac79f-006934f781" "proxy-server 97857" 0.0003 "-" 96910 0
Dec 06 22:41:53 np0005549343.novalocal object-server[96909]: ::1 - - [07/Dec/2025:03:41:53 +0000] "GET /1/224148/AUTH_9cb2db62181546998c52314d1567748c/gnocchi.8ba52879-3d8a-4652-b821-60f3f788154d/1764720000.0_rate%3Amean_300.0_v3" 404 70 "GET https://[::1]:8080/v1/AUTH_9cb2db62181546998c52314d1567748c/gnocchi.8ba52879-3d8a-4652-b821-60f3f788154d/1764720000.0_rate%3Amean_300.0_v3" "txd81e56bd12814abdac79f-006934f781" "proxy-server 97857" 0.0005 "-" 96909 0
Dec 06 22:41:53 np0005549343.novalocal object-server[96910]: ::1 - - [07/Dec/2025:03:41:53 +0000] "GET /3/224148/AUTH_9cb2db62181546998c52314d1567748c/gnocchi.8ba52879-3d8a-4652-b821-60f3f788154d/1764720000.0_rate%3Amean_300.0_v3" 404 70 "GET https://[::1]:8080/v1/AUTH_9cb2db62181546998c52314d1567748c/gnocchi.8ba52879-3d8a-4652-b821-60f3f788154d/1764720000.0_rate%3Amean_300.0_v3" "txd81e56bd12814abdac79f-006934f781" "proxy-server 97857" 0.0002 "-" 96910 0
Dec 06 22:41:53 np0005549343.novalocal proxy-server[97857]: ::1 ::1 07/Dec/2025/03/41/53 GET /v1/AUTH_9cb2db62181546998c52314d1567748c/gnocchi.8ba52879-3d8a-4652-b821-60f3f788154d/1764720000.0_rate%253Amean_300.0_v3 HTTP/1.0 404 - python-swiftclient-4.8.0 gAAAAABpNPcx8Tdl... - 70 - txd81e56bd12814abdac79f-006934f781 - 0.0126 - - 1765078913.811442614 1765078913.823997736 0 0c044fc9f411403aa3ab5cf8f2b14495
Dec 06 22:41:53 np0005549343.novalocal object-server[96909]: ::1 - - [07/Dec/2025:03:41:53 +0000] "GET /3/165647/AUTH_9cb2db62181546998c52314d1567748c/gnocchi.8ba52879-3d8a-4652-b821-60f3f788154d/1764720000.0_mean_300.0_v3" 200 16 "GET https://[::1]:8080/v1/AUTH_9cb2db62181546998c52314d1567748c/gnocchi.8ba52879-3d8a-4652-b821-60f3f788154d/1764720000.0_mean_300.0_v3" "txb4ed4cedfc504de697aab-006934f781" "proxy-server 97857" 0.0019 "-" 96909 0
Dec 06 22:41:53 np0005549343.novalocal proxy-server[97857]: ::1 ::1 07/Dec/2025/03/41/53 GET /v1/AUTH_9cb2db62181546998c52314d1567748c/gnocchi.8ba52879-3d8a-4652-b821-60f3f788154d/1764720000.0_mean_300.0_v3 HTTP/1.0 200 - python-swiftclient-4.8.0 gAAAAABpNPcx8Tdl... - 16 - txb4ed4cedfc504de697aab-006934f781 - 0.0160 - - 1765078913.826701641 1765078913.842743874 0 0c044fc9f411403aa3ab5cf8f2b14495
Dec 06 22:41:53 np0005549343.novalocal container-server[96575]: ::1 - - [07/Dec/2025:03:41:53 +0000] "PUT /3/33360/AUTH_9cb2db62181546998c52314d1567748c/gnocchi.8ba52879-3d8a-4652-b821-60f3f788154d/1764720000.0_rate%3Amean_300.0_v3" 201 - "PUT http://[::1]:8080/1/224148/AUTH_9cb2db62181546998c52314d1567748c/gnocchi.8ba52879-3d8a-4652-b821-60f3f788154d/1764720000.0_rate%3Amean_300.0_v3" "txe88ea66dbadc4a5c828d5-006934f781" "object-server 96909" 0.0008 "-" 96575 0
Dec 06 22:41:53 np0005549343.novalocal object-server[96909]: ::1 - - [07/Dec/2025:03:41:53 +0000] "PUT /1/224148/AUTH_9cb2db62181546998c52314d1567748c/gnocchi.8ba52879-3d8a-4652-b821-60f3f788154d/1764720000.0_rate%3Amean_300.0_v3" 201 - "PUT https://[::1]:8080/v1/AUTH_9cb2db62181546998c52314d1567748c/gnocchi.8ba52879-3d8a-4652-b821-60f3f788154d/1764720000.0_rate%3Amean_300.0_v3" "txe88ea66dbadc4a5c828d5-006934f781" "proxy-server 97857" 0.0131 "-" 96909 0
Dec 06 22:41:53 np0005549343.novalocal container-server[96575]: ::1 - - [07/Dec/2025:03:41:53 +0000] "PUT /2/33360/AUTH_9cb2db62181546998c52314d1567748c/gnocchi.8ba52879-3d8a-4652-b821-60f3f788154d/1764720000.0_rate%3Amean_300.0_v3" 201 - "PUT http://[::1]:8080/2/224148/AUTH_9cb2db62181546998c52314d1567748c/gnocchi.8ba52879-3d8a-4652-b821-60f3f788154d/1764720000.0_rate%3Amean_300.0_v3" "txe88ea66dbadc4a5c828d5-006934f781" "object-server 96909" 0.0006 "-" 96575 0
Dec 06 22:41:53 np0005549343.novalocal object-server[96909]: ::1 - - [07/Dec/2025:03:41:53 +0000] "PUT /2/224148/AUTH_9cb2db62181546998c52314d1567748c/gnocchi.8ba52879-3d8a-4652-b821-60f3f788154d/1764720000.0_rate%3Amean_300.0_v3" 201 - "PUT https://[::1]:8080/v1/AUTH_9cb2db62181546998c52314d1567748c/gnocchi.8ba52879-3d8a-4652-b821-60f3f788154d/1764720000.0_rate%3Amean_300.0_v3" "txe88ea66dbadc4a5c828d5-006934f781" "proxy-server 97857" 0.0175 "-" 96909 0
Dec 06 22:41:53 np0005549343.novalocal container-server[96575]: ::1 - - [07/Dec/2025:03:41:53 +0000] "PUT /1/33360/AUTH_9cb2db62181546998c52314d1567748c/gnocchi.8ba52879-3d8a-4652-b821-60f3f788154d/1764720000.0_rate%3Amean_300.0_v3" 201 - "PUT http://[::1]:8080/3/224148/AUTH_9cb2db62181546998c52314d1567748c/gnocchi.8ba52879-3d8a-4652-b821-60f3f788154d/1764720000.0_rate%3Amean_300.0_v3" "txe88ea66dbadc4a5c828d5-006934f781" "object-server 96909" 0.0008 "-" 96575 0
Dec 06 22:41:53 np0005549343.novalocal object-server[96909]: ::1 - - [07/Dec/2025:03:41:53 +0000] "PUT /3/224148/AUTH_9cb2db62181546998c52314d1567748c/gnocchi.8ba52879-3d8a-4652-b821-60f3f788154d/1764720000.0_rate%3Amean_300.0_v3" 201 - "PUT https://[::1]:8080/v1/AUTH_9cb2db62181546998c52314d1567748c/gnocchi.8ba52879-3d8a-4652-b821-60f3f788154d/1764720000.0_rate%3Amean_300.0_v3" "txe88ea66dbadc4a5c828d5-006934f781" "proxy-server 97857" 0.0182 "-" 96909 0
Dec 06 22:41:53 np0005549343.novalocal proxy-server[97857]: ::1 ::1 07/Dec/2025/03/41/53 PUT /v1/AUTH_9cb2db62181546998c52314d1567748c/gnocchi.8ba52879-3d8a-4652-b821-60f3f788154d/1764720000.0_rate%253Amean_300.0_v3 HTTP/1.0 201 - python-swiftclient-4.8.0 gAAAAABpNPcx8Tdl... 16 - - txe88ea66dbadc4a5c828d5-006934f781 - 0.0294 - - 1765078913.845928431 1765078913.875366688 0 0c044fc9f411403aa3ab5cf8f2b14495
Dec 06 22:41:53 np0005549343.novalocal container-server[96575]: ::1 - - [07/Dec/2025:03:41:53 +0000] "PUT /2/33360/AUTH_9cb2db62181546998c52314d1567748c/gnocchi.8ba52879-3d8a-4652-b821-60f3f788154d/1764720000.0_mean_300.0_v3" 201 - "PUT http://[::1]:8080/1/165647/AUTH_9cb2db62181546998c52314d1567748c/gnocchi.8ba52879-3d8a-4652-b821-60f3f788154d/1764720000.0_mean_300.0_v3" "tx6bff973d4cdd4cfb80b05-006934f781" "object-server 96909" 0.0008 "-" 96575 0
Dec 06 22:41:53 np0005549343.novalocal object-server[96909]: ::1 - - [07/Dec/2025:03:41:53 +0000] "PUT /1/165647/AUTH_9cb2db62181546998c52314d1567748c/gnocchi.8ba52879-3d8a-4652-b821-60f3f788154d/1764720000.0_mean_300.0_v3" 201 - "PUT https://[::1]:8080/v1/AUTH_9cb2db62181546998c52314d1567748c/gnocchi.8ba52879-3d8a-4652-b821-60f3f788154d/1764720000.0_mean_300.0_v3" "tx6bff973d4cdd4cfb80b05-006934f781" "proxy-server 97857" 0.0106 "-" 96909 0
Dec 06 22:41:53 np0005549343.novalocal container-server[96575]: ::1 - - [07/Dec/2025:03:41:53 +0000] "PUT /3/33360/AUTH_9cb2db62181546998c52314d1567748c/gnocchi.8ba52879-3d8a-4652-b821-60f3f788154d/1764720000.0_mean_300.0_v3" 201 - "PUT http://[::1]:8080/2/165647/AUTH_9cb2db62181546998c52314d1567748c/gnocchi.8ba52879-3d8a-4652-b821-60f3f788154d/1764720000.0_mean_300.0_v3" "tx6bff973d4cdd4cfb80b05-006934f781" "object-server 96910" 0.0006 "-" 96575 0
Dec 06 22:41:53 np0005549343.novalocal object-server[96910]: ::1 - - [07/Dec/2025:03:41:53 +0000] "PUT /2/165647/AUTH_9cb2db62181546998c52314d1567748c/gnocchi.8ba52879-3d8a-4652-b821-60f3f788154d/1764720000.0_mean_300.0_v3" 201 - "PUT https://[::1]:8080/v1/AUTH_9cb2db62181546998c52314d1567748c/gnocchi.8ba52879-3d8a-4652-b821-60f3f788154d/1764720000.0_mean_300.0_v3" "tx6bff973d4cdd4cfb80b05-006934f781" "proxy-server 97857" 0.0147 "-" 96910 0
Dec 06 22:41:53 np0005549343.novalocal container-server[96575]: ::1 - - [07/Dec/2025:03:41:53 +0000] "PUT /1/33360/AUTH_9cb2db62181546998c52314d1567748c/gnocchi.8ba52879-3d8a-4652-b821-60f3f788154d/1764720000.0_mean_300.0_v3" 201 - "PUT http://[::1]:8080/3/165647/AUTH_9cb2db62181546998c52314d1567748c/gnocchi.8ba52879-3d8a-4652-b821-60f3f788154d/1764720000.0_mean_300.0_v3" "tx6bff973d4cdd4cfb80b05-006934f781" "object-server 96909" 0.0006 "-" 96575 0
Dec 06 22:41:53 np0005549343.novalocal object-server[96909]: ::1 - - [07/Dec/2025:03:41:53 +0000] "PUT /3/165647/AUTH_9cb2db62181546998c52314d1567748c/gnocchi.8ba52879-3d8a-4652-b821-60f3f788154d/1764720000.0_mean_300.0_v3" 201 - "PUT https://[::1]:8080/v1/AUTH_9cb2db62181546998c52314d1567748c/gnocchi.8ba52879-3d8a-4652-b821-60f3f788154d/1764720000.0_mean_300.0_v3" "tx6bff973d4cdd4cfb80b05-006934f781" "proxy-server 97857" 0.0165 "-" 96909 0
Dec 06 22:41:53 np0005549343.novalocal proxy-server[97857]: ::1 ::1 07/Dec/2025/03/41/53 PUT /v1/AUTH_9cb2db62181546998c52314d1567748c/gnocchi.8ba52879-3d8a-4652-b821-60f3f788154d/1764720000.0_mean_300.0_v3 HTTP/1.0 201 - python-swiftclient-4.8.0 gAAAAABpNPcx8Tdl... 16 - - tx6bff973d4cdd4cfb80b05-006934f781 - 0.0262 - - 1765078913.878175497 1765078913.904332399 0 0c044fc9f411403aa3ab5cf8f2b14495
Dec 06 22:41:53 np0005549343.novalocal container-server[96575]: ::1 - - [07/Dec/2025:03:41:53 +0000] "PUT /1/33360/AUTH_9cb2db62181546998c52314d1567748c/gnocchi.8ba52879-3d8a-4652-b821-60f3f788154d/none_v3" 201 - "PUT http://[::1]:8080/3/87925/AUTH_9cb2db62181546998c52314d1567748c/gnocchi.8ba52879-3d8a-4652-b821-60f3f788154d/none_v3" "txd2b5d21399354bf38ec8f-006934f781" "object-server 96910" 0.0013 "-" 96575 0
Dec 06 22:41:53 np0005549343.novalocal object-server[96910]: ::1 - - [07/Dec/2025:03:41:53 +0000] "PUT /3/87925/AUTH_9cb2db62181546998c52314d1567748c/gnocchi.8ba52879-3d8a-4652-b821-60f3f788154d/none_v3" 201 - "PUT https://[::1]:8080/v1/AUTH_9cb2db62181546998c52314d1567748c/gnocchi.8ba52879-3d8a-4652-b821-60f3f788154d/none_v3" "txd2b5d21399354bf38ec8f-006934f781" "proxy-server 97857" 0.0167 "-" 96910 0
Dec 06 22:41:53 np0005549343.novalocal container-server[96575]: ::1 - - [07/Dec/2025:03:41:53 +0000] "PUT /3/33360/AUTH_9cb2db62181546998c52314d1567748c/gnocchi.8ba52879-3d8a-4652-b821-60f3f788154d/none_v3" 201 - "PUT http://[::1]:8080/1/87925/AUTH_9cb2db62181546998c52314d1567748c/gnocchi.8ba52879-3d8a-4652-b821-60f3f788154d/none_v3" "txd2b5d21399354bf38ec8f-006934f781" "object-server 96910" 0.0006 "-" 96575 0
Dec 06 22:41:53 np0005549343.novalocal object-server[96910]: ::1 - - [07/Dec/2025:03:41:53 +0000] "PUT /1/87925/AUTH_9cb2db62181546998c52314d1567748c/gnocchi.8ba52879-3d8a-4652-b821-60f3f788154d/none_v3" 201 - "PUT https://[::1]:8080/v1/AUTH_9cb2db62181546998c52314d1567748c/gnocchi.8ba52879-3d8a-4652-b821-60f3f788154d/none_v3" "txd2b5d21399354bf38ec8f-006934f781" "proxy-server 97857" 0.0152 "-" 96910 0
Dec 06 22:41:53 np0005549343.novalocal container-server[96575]: ::1 - - [07/Dec/2025:03:41:53 +0000] "PUT /2/33360/AUTH_9cb2db62181546998c52314d1567748c/gnocchi.8ba52879-3d8a-4652-b821-60f3f788154d/none_v3" 201 - "PUT http://[::1]:8080/2/87925/AUTH_9cb2db62181546998c52314d1567748c/gnocchi.8ba52879-3d8a-4652-b821-60f3f788154d/none_v3" "txd2b5d21399354bf38ec8f-006934f781" "object-server 96910" 0.0006 "-" 96575 0
Dec 06 22:41:53 np0005549343.novalocal object-server[96910]: ::1 - - [07/Dec/2025:03:41:53 +0000] "PUT /2/87925/AUTH_9cb2db62181546998c52314d1567748c/gnocchi.8ba52879-3d8a-4652-b821-60f3f788154d/none_v3" 201 - "PUT https://[::1]:8080/v1/AUTH_9cb2db62181546998c52314d1567748c/gnocchi.8ba52879-3d8a-4652-b821-60f3f788154d/none_v3" "txd2b5d21399354bf38ec8f-006934f781" "proxy-server 97857" 0.0191 "-" 96910 0
Dec 06 22:41:53 np0005549343.novalocal proxy-server[97857]: ::1 ::1 07/Dec/2025/03/41/53 PUT /v1/AUTH_9cb2db62181546998c52314d1567748c/gnocchi.8ba52879-3d8a-4652-b821-60f3f788154d/none_v3 HTTP/1.0 201 - python-swiftclient-4.8.0 gAAAAABpNPcx8Tdl... 33 - - txd2b5d21399354bf38ec8f-006934f781 - 0.0293 - - 1765078913.907274961 1765078913.936563969 0 0c044fc9f411403aa3ab5cf8f2b14495
Dec 06 22:41:53 np0005549343.novalocal object-server[96909]: ::1 - - [07/Dec/2025:03:41:53 +0000] "GET /3/40802/AUTH_9cb2db62181546998c52314d1567748c/gnocchi.095ddb65-ffe5-408e-839b-f8637dbf39dc/none_v3" 200 22 "GET https://[::1]:8080/v1/AUTH_9cb2db62181546998c52314d1567748c/gnocchi.095ddb65-ffe5-408e-839b-f8637dbf39dc/none_v3" "txfa844f4e14ee4b3f9cfec-006934f781" "proxy-server 97857" 0.0012 "-" 96909 0
Dec 06 22:41:53 np0005549343.novalocal proxy-server[97857]: ::1 ::1 07/Dec/2025/03/41/53 GET /v1/AUTH_9cb2db62181546998c52314d1567748c/gnocchi.095ddb65-ffe5-408e-839b-f8637dbf39dc/none_v3 HTTP/1.0 200 - python-swiftclient-4.8.0 gAAAAABpNPcx8Tdl... - 22 - txfa844f4e14ee4b3f9cfec-006934f781 - 0.0096 - - 1765078913.961867809 1765078913.971453667 0 0c044fc9f411403aa3ab5cf8f2b14495
Dec 06 22:41:53 np0005549343.novalocal container-server[96575]: ::1 - - [07/Dec/2025:03:41:53 +0000] "GET /1/129849/AUTH_9cb2db62181546998c52314d1567748c/gnocchi.095ddb65-ffe5-408e-839b-f8637dbf39dc" 200 357 "GET https://[::1]:8080/v1/AUTH_9cb2db62181546998c52314d1567748c/gnocchi.095ddb65-ffe5-408e-839b-f8637dbf39dc?format=json&states=listing" "tx8a3874525e5540b285282-006934f781" "proxy-server 97857" 0.0052 "-" 96575 0
Dec 06 22:41:53 np0005549343.novalocal proxy-server[97857]: ::1 ::1 07/Dec/2025/03/41/53 GET /v1/AUTH_9cb2db62181546998c52314d1567748c/gnocchi.095ddb65-ffe5-408e-839b-f8637dbf39dc%3Fformat%3Djson%26states%3Dlisting HTTP/1.0 200 - python-swiftclient-4.8.0 gAAAAABpNPcx8Tdl... - 357 - tx8a3874525e5540b285282-006934f781 - 0.0115 - - 1765078913.974290133 1765078913.985780954 0 0c044fc9f411403aa3ab5cf8f2b14495
Dec 06 22:41:53 np0005549343.novalocal container-server[96576]: ::1 - - [07/Dec/2025:03:41:53 +0000] "GET /1/129849/AUTH_9cb2db62181546998c52314d1567748c/gnocchi.095ddb65-ffe5-408e-839b-f8637dbf39dc" 200 2 "GET https://[::1]:8080/v1/AUTH_9cb2db62181546998c52314d1567748c/gnocchi.095ddb65-ffe5-408e-839b-f8637dbf39dc?format=json&marker=none_v3&states=listing" "txf05c412499cb483a9f854-006934f781" "proxy-server 97857" 0.0041 "-" 96576 0
Dec 06 22:41:53 np0005549343.novalocal proxy-server[97857]: ::1 ::1 07/Dec/2025/03/41/53 GET /v1/AUTH_9cb2db62181546998c52314d1567748c/gnocchi.095ddb65-ffe5-408e-839b-f8637dbf39dc%3Fformat%3Djson%26marker%3Dnone_v3%26states%3Dlisting HTTP/1.0 200 - python-swiftclient-4.8.0 gAAAAABpNPcx8Tdl... - 2 - txf05c412499cb483a9f854-006934f781 - 0.0100 - - 1765078913.988181591 1765078913.998134375 0 0c044fc9f411403aa3ab5cf8f2b14495
Dec 06 22:41:54 np0005549343.novalocal object-server[96909]: ::1 - - [07/Dec/2025:03:41:54 +0000] "GET /1/99644/AUTH_9cb2db62181546998c52314d1567748c/gnocchi.095ddb65-ffe5-408e-839b-f8637dbf39dc/1764720000.0_rate%3Amean_300.0_v3" 404 70 "GET https://[::1]:8080/v1/AUTH_9cb2db62181546998c52314d1567748c/gnocchi.095ddb65-ffe5-408e-839b-f8637dbf39dc/1764720000.0_rate%3Amean_300.0_v3" "tx864ef8967ea44bfb8dc81-006934f782" "proxy-server 97857" 0.0004 "-" 96909 0
Dec 06 22:41:54 np0005549343.novalocal object-server[96910]: ::1 - - [07/Dec/2025:03:41:54 +0000] "GET /2/99644/AUTH_9cb2db62181546998c52314d1567748c/gnocchi.095ddb65-ffe5-408e-839b-f8637dbf39dc/1764720000.0_rate%3Amean_300.0_v3" 404 70 "GET https://[::1]:8080/v1/AUTH_9cb2db62181546998c52314d1567748c/gnocchi.095ddb65-ffe5-408e-839b-f8637dbf39dc/1764720000.0_rate%3Amean_300.0_v3" "tx864ef8967ea44bfb8dc81-006934f782" "proxy-server 97857" 0.0005 "-" 96910 0
Dec 06 22:41:54 np0005549343.novalocal object-server[96910]: ::1 - - [07/Dec/2025:03:41:54 +0000] "GET /3/99644/AUTH_9cb2db62181546998c52314d1567748c/gnocchi.095ddb65-ffe5-408e-839b-f8637dbf39dc/1764720000.0_rate%3Amean_300.0_v3" 404 70 "GET https://[::1]:8080/v1/AUTH_9cb2db62181546998c52314d1567748c/gnocchi.095ddb65-ffe5-408e-839b-f8637dbf39dc/1764720000.0_rate%3Amean_300.0_v3" "tx864ef8967ea44bfb8dc81-006934f782" "proxy-server 97857" 0.0005 "-" 96910 0
Dec 06 22:41:54 np0005549343.novalocal proxy-server[97857]: ::1 ::1 07/Dec/2025/03/41/54 GET /v1/AUTH_9cb2db62181546998c52314d1567748c/gnocchi.095ddb65-ffe5-408e-839b-f8637dbf39dc/1764720000.0_rate%253Amean_300.0_v3 HTTP/1.0 404 - python-swiftclient-4.8.0 gAAAAABpNPcx8Tdl... - 70 - tx864ef8967ea44bfb8dc81-006934f782 - 0.0106 - - 1765078914.000923634 1765078914.011563540 0 0c044fc9f411403aa3ab5cf8f2b14495
Dec 06 22:41:54 np0005549343.novalocal object-server[96910]: ::1 - - [07/Dec/2025:03:41:54 +0000] "GET /2/62177/AUTH_9cb2db62181546998c52314d1567748c/gnocchi.095ddb65-ffe5-408e-839b-f8637dbf39dc/1764720000.0_mean_300.0_v3" 200 16 "GET https://[::1]:8080/v1/AUTH_9cb2db62181546998c52314d1567748c/gnocchi.095ddb65-ffe5-408e-839b-f8637dbf39dc/1764720000.0_mean_300.0_v3" "txd1e6ab5912ba46c6a87f7-006934f782" "proxy-server 97857" 0.0014 "-" 96910 0
Dec 06 22:41:54 np0005549343.novalocal proxy-server[97857]: ::1 ::1 07/Dec/2025/03/41/54 GET /v1/AUTH_9cb2db62181546998c52314d1567748c/gnocchi.095ddb65-ffe5-408e-839b-f8637dbf39dc/1764720000.0_mean_300.0_v3 HTTP/1.0 200 - python-swiftclient-4.8.0 gAAAAABpNPcx8Tdl... - 16 - txd1e6ab5912ba46c6a87f7-006934f782 - 0.0082 - - 1765078914.013218641 1765078914.021396875 0 0c044fc9f411403aa3ab5cf8f2b14495
Dec 06 22:41:54 np0005549343.novalocal container-server[96576]: ::1 - - [07/Dec/2025:03:41:54 +0000] "PUT /2/129849/AUTH_9cb2db62181546998c52314d1567748c/gnocchi.095ddb65-ffe5-408e-839b-f8637dbf39dc/1764720000.0_rate%3Amean_300.0_v3" 201 - "PUT http://[::1]:8080/3/99644/AUTH_9cb2db62181546998c52314d1567748c/gnocchi.095ddb65-ffe5-408e-839b-f8637dbf39dc/1764720000.0_rate%3Amean_300.0_v3" "txa7360354b824461582b93-006934f782" "object-server 96909" 0.0006 "-" 96576 0
Dec 06 22:41:54 np0005549343.novalocal object-server[96909]: ::1 - - [07/Dec/2025:03:41:54 +0000] "PUT /3/99644/AUTH_9cb2db62181546998c52314d1567748c/gnocchi.095ddb65-ffe5-408e-839b-f8637dbf39dc/1764720000.0_rate%3Amean_300.0_v3" 201 - "PUT https://[::1]:8080/v1/AUTH_9cb2db62181546998c52314d1567748c/gnocchi.095ddb65-ffe5-408e-839b-f8637dbf39dc/1764720000.0_rate%3Amean_300.0_v3" "txa7360354b824461582b93-006934f782" "proxy-server 97857" 0.0206 "-" 96909 0
Dec 06 22:41:54 np0005549343.novalocal container-server[96575]: ::1 - - [07/Dec/2025:03:41:54 +0000] "PUT /3/129849/AUTH_9cb2db62181546998c52314d1567748c/gnocchi.095ddb65-ffe5-408e-839b-f8637dbf39dc/1764720000.0_rate%3Amean_300.0_v3" 201 - "PUT http://[::1]:8080/2/99644/AUTH_9cb2db62181546998c52314d1567748c/gnocchi.095ddb65-ffe5-408e-839b-f8637dbf39dc/1764720000.0_rate%3Amean_300.0_v3" "txa7360354b824461582b93-006934f782" "object-server 96909" 0.0009 "-" 96575 0
Dec 06 22:41:54 np0005549343.novalocal object-server[96909]: ::1 - - [07/Dec/2025:03:41:54 +0000] "PUT /2/99644/AUTH_9cb2db62181546998c52314d1567748c/gnocchi.095ddb65-ffe5-408e-839b-f8637dbf39dc/1764720000.0_rate%3Amean_300.0_v3" 201 - "PUT https://[::1]:8080/v1/AUTH_9cb2db62181546998c52314d1567748c/gnocchi.095ddb65-ffe5-408e-839b-f8637dbf39dc/1764720000.0_rate%3Amean_300.0_v3" "txa7360354b824461582b93-006934f782" "proxy-server 97857" 0.0283 "-" 96909 0
Dec 06 22:41:54 np0005549343.novalocal container-server[96575]: ::1 - - [07/Dec/2025:03:41:54 +0000] "PUT /1/129849/AUTH_9cb2db62181546998c52314d1567748c/gnocchi.095ddb65-ffe5-408e-839b-f8637dbf39dc/1764720000.0_rate%3Amean_300.0_v3" 201 - "PUT http://[::1]:8080/1/99644/AUTH_9cb2db62181546998c52314d1567748c/gnocchi.095ddb65-ffe5-408e-839b-f8637dbf39dc/1764720000.0_rate%3Amean_300.0_v3" "txa7360354b824461582b93-006934f782" "object-server 96909" 0.0006 "-" 96575 0
Dec 06 22:41:54 np0005549343.novalocal object-server[96909]: ::1 - - [07/Dec/2025:03:41:54 +0000] "PUT /1/99644/AUTH_9cb2db62181546998c52314d1567748c/gnocchi.095ddb65-ffe5-408e-839b-f8637dbf39dc/1764720000.0_rate%3Amean_300.0_v3" 201 - "PUT https://[::1]:8080/v1/AUTH_9cb2db62181546998c52314d1567748c/gnocchi.095ddb65-ffe5-408e-839b-f8637dbf39dc/1764720000.0_rate%3Amean_300.0_v3" "txa7360354b824461582b93-006934f782" "proxy-server 97857" 0.0244 "-" 96909 0
Dec 06 22:41:54 np0005549343.novalocal proxy-server[97857]: ::1 ::1 07/Dec/2025/03/41/54 PUT /v1/AUTH_9cb2db62181546998c52314d1567748c/gnocchi.095ddb65-ffe5-408e-839b-f8637dbf39dc/1764720000.0_rate%253Amean_300.0_v3 HTTP/1.0 201 - python-swiftclient-4.8.0 gAAAAABpNPcx8Tdl... 16 - - txa7360354b824461582b93-006934f782 - 0.0372 - - 1765078914.023557186 1765078914.060798645 0 0c044fc9f411403aa3ab5cf8f2b14495
Dec 06 22:41:54 np0005549343.novalocal container-server[96576]: ::1 - - [07/Dec/2025:03:41:54 +0000] "PUT /2/129849/AUTH_9cb2db62181546998c52314d1567748c/gnocchi.095ddb65-ffe5-408e-839b-f8637dbf39dc/1764720000.0_mean_300.0_v3" 201 - "PUT http://[::1]:8080/1/62177/AUTH_9cb2db62181546998c52314d1567748c/gnocchi.095ddb65-ffe5-408e-839b-f8637dbf39dc/1764720000.0_mean_300.0_v3" "txa49c0f77f5714946a42c1-006934f782" "object-server 96909" 0.0004 "-" 96576 0
Dec 06 22:41:54 np0005549343.novalocal container-server[96576]: ::1 - - [07/Dec/2025:03:41:54 +0000] "PUT /3/129849/AUTH_9cb2db62181546998c52314d1567748c/gnocchi.095ddb65-ffe5-408e-839b-f8637dbf39dc/1764720000.0_mean_300.0_v3" 201 - "PUT http://[::1]:8080/3/62177/AUTH_9cb2db62181546998c52314d1567748c/gnocchi.095ddb65-ffe5-408e-839b-f8637dbf39dc/1764720000.0_mean_300.0_v3" "txa49c0f77f5714946a42c1-006934f782" "object-server 96910" 0.0003 "-" 96576 0
Dec 06 22:41:54 np0005549343.novalocal object-server[96909]: ::1 - - [07/Dec/2025:03:41:54 +0000] "PUT /1/62177/AUTH_9cb2db62181546998c52314d1567748c/gnocchi.095ddb65-ffe5-408e-839b-f8637dbf39dc/1764720000.0_mean_300.0_v3" 201 - "PUT https://[::1]:8080/v1/AUTH_9cb2db62181546998c52314d1567748c/gnocchi.095ddb65-ffe5-408e-839b-f8637dbf39dc/1764720000.0_mean_300.0_v3" "txa49c0f77f5714946a42c1-006934f782" "proxy-server 97857" 0.0120 "-" 96909 0
