Dec 06 22:41:38 np0005549343.novalocal object-server[96910]: ::1 - - [07/Dec/2025:03:41:38 +0000] "PUT /1/164983/AUTH_9cb2db62181546998c52314d1567748c/gnocchi.e0bcb974-4bc6-4426-88f8-d589e00e99d2/1764720000.0_mean_300.0_v3" 201 - "PUT https://[::1]:8080/v1/AUTH_9cb2db62181546998c52314d1567748c/gnocchi.e0bcb974-4bc6-4426-88f8-d589e00e99d2/1764720000.0_mean_300.0_v3" "tx1b107cae1dfd4fc78cfa6-006934f772" "proxy-server 97857" 0.0135 "-" 96910 0
Dec 06 22:41:38 np0005549343.novalocal container-server[96576]: ::1 - - [07/Dec/2025:03:41:38 +0000] "PUT /1/191780/AUTH_9cb2db62181546998c52314d1567748c/gnocchi.e0bcb974-4bc6-4426-88f8-d589e00e99d2/1764720000.0_mean_300.0_v3" 201 - "PUT http://[::1]:8080/2/164983/AUTH_9cb2db62181546998c52314d1567748c/gnocchi.e0bcb974-4bc6-4426-88f8-d589e00e99d2/1764720000.0_mean_300.0_v3" "tx1b107cae1dfd4fc78cfa6-006934f772" "object-server 96910" 0.0004 "-" 96576 0
Dec 06 22:41:38 np0005549343.novalocal object-server[96910]: ::1 - - [07/Dec/2025:03:41:38 +0000] "PUT /2/164983/AUTH_9cb2db62181546998c52314d1567748c/gnocchi.e0bcb974-4bc6-4426-88f8-d589e00e99d2/1764720000.0_mean_300.0_v3" 201 - "PUT https://[::1]:8080/v1/AUTH_9cb2db62181546998c52314d1567748c/gnocchi.e0bcb974-4bc6-4426-88f8-d589e00e99d2/1764720000.0_mean_300.0_v3" "tx1b107cae1dfd4fc78cfa6-006934f772" "proxy-server 97857" 0.0129 "-" 96910 0
Dec 06 22:41:38 np0005549343.novalocal proxy-server[97857]: ::1 ::1 07/Dec/2025/03/41/38 PUT /v1/AUTH_9cb2db62181546998c52314d1567748c/gnocchi.e0bcb974-4bc6-4426-88f8-d589e00e99d2/1764720000.0_mean_300.0_v3 HTTP/1.0 201 - python-swiftclient-4.8.0 gAAAAABpNPcx8Tdl... 16 - - tx1b107cae1dfd4fc78cfa6-006934f772 - 0.0224 - - 1765078898.460874796 1765078898.483304739 0 0c044fc9f411403aa3ab5cf8f2b14495
Dec 06 22:41:38 np0005549343.novalocal container-server[96576]: ::1 - - [07/Dec/2025:03:41:38 +0000] "PUT /3/191780/AUTH_9cb2db62181546998c52314d1567748c/gnocchi.e0bcb974-4bc6-4426-88f8-d589e00e99d2/none_v3" 201 - "PUT http://[::1]:8080/2/38476/AUTH_9cb2db62181546998c52314d1567748c/gnocchi.e0bcb974-4bc6-4426-88f8-d589e00e99d2/none_v3" "tx97a13c6b0a454ad688cfa-006934f772" "object-server 96910" 0.0007 "-" 96576 0
Dec 06 22:41:38 np0005549343.novalocal container-server[96576]: ::1 - - [07/Dec/2025:03:41:38 +0000] "PUT /1/191780/AUTH_9cb2db62181546998c52314d1567748c/gnocchi.e0bcb974-4bc6-4426-88f8-d589e00e99d2/none_v3" 201 - "PUT http://[::1]:8080/1/38476/AUTH_9cb2db62181546998c52314d1567748c/gnocchi.e0bcb974-4bc6-4426-88f8-d589e00e99d2/none_v3" "tx97a13c6b0a454ad688cfa-006934f772" "object-server 96909" 0.0004 "-" 96576 0
Dec 06 22:41:38 np0005549343.novalocal object-server[96910]: ::1 - - [07/Dec/2025:03:41:38 +0000] "PUT /2/38476/AUTH_9cb2db62181546998c52314d1567748c/gnocchi.e0bcb974-4bc6-4426-88f8-d589e00e99d2/none_v3" 201 - "PUT https://[::1]:8080/v1/AUTH_9cb2db62181546998c52314d1567748c/gnocchi.e0bcb974-4bc6-4426-88f8-d589e00e99d2/none_v3" "tx97a13c6b0a454ad688cfa-006934f772" "proxy-server 97857" 0.0117 "-" 96910 0
Dec 06 22:41:38 np0005549343.novalocal object-server[96909]: ::1 - - [07/Dec/2025:03:41:38 +0000] "PUT /1/38476/AUTH_9cb2db62181546998c52314d1567748c/gnocchi.e0bcb974-4bc6-4426-88f8-d589e00e99d2/none_v3" 201 - "PUT https://[::1]:8080/v1/AUTH_9cb2db62181546998c52314d1567748c/gnocchi.e0bcb974-4bc6-4426-88f8-d589e00e99d2/none_v3" "tx97a13c6b0a454ad688cfa-006934f772" "proxy-server 97857" 0.0113 "-" 96909 0
Dec 06 22:41:38 np0005549343.novalocal container-server[96575]: ::1 - - [07/Dec/2025:03:41:38 +0000] "PUT /2/191780/AUTH_9cb2db62181546998c52314d1567748c/gnocchi.e0bcb974-4bc6-4426-88f8-d589e00e99d2/none_v3" 201 - "PUT http://[::1]:8080/3/38476/AUTH_9cb2db62181546998c52314d1567748c/gnocchi.e0bcb974-4bc6-4426-88f8-d589e00e99d2/none_v3" "tx97a13c6b0a454ad688cfa-006934f772" "object-server 96909" 0.0010 "-" 96575 0
Dec 06 22:41:38 np0005549343.novalocal object-server[96909]: ::1 - - [07/Dec/2025:03:41:38 +0000] "PUT /3/38476/AUTH_9cb2db62181546998c52314d1567748c/gnocchi.e0bcb974-4bc6-4426-88f8-d589e00e99d2/none_v3" 201 - "PUT https://[::1]:8080/v1/AUTH_9cb2db62181546998c52314d1567748c/gnocchi.e0bcb974-4bc6-4426-88f8-d589e00e99d2/none_v3" "tx97a13c6b0a454ad688cfa-006934f772" "proxy-server 97857" 0.0139 "-" 96909 0
Dec 06 22:41:38 np0005549343.novalocal proxy-server[97857]: ::1 ::1 07/Dec/2025/03/41/38 PUT /v1/AUTH_9cb2db62181546998c52314d1567748c/gnocchi.e0bcb974-4bc6-4426-88f8-d589e00e99d2/none_v3 HTTP/1.0 201 - python-swiftclient-4.8.0 gAAAAABpNPcx8Tdl... 76 - - tx97a13c6b0a454ad688cfa-006934f772 - 0.0224 - - 1765078898.486366987 1765078898.508741140 0 0c044fc9f411403aa3ab5cf8f2b14495
Dec 06 22:41:38 np0005549343.novalocal object-server[96909]: ::1 - - [07/Dec/2025:03:41:38 +0000] "GET /3/187521/AUTH_9cb2db62181546998c52314d1567748c/gnocchi.8a741be1-81ed-47f5-aecf-e2216f7eaadd/none_v3" 200 76 "GET https://[::1]:8080/v1/AUTH_9cb2db62181546998c52314d1567748c/gnocchi.8a741be1-81ed-47f5-aecf-e2216f7eaadd/none_v3" "txaf6e04fcbd6a40c9b0294-006934f772" "proxy-server 97857" 0.0009 "-" 96909 0
Dec 06 22:41:38 np0005549343.novalocal proxy-server[97857]: ::1 ::1 07/Dec/2025/03/41/38 GET /v1/AUTH_9cb2db62181546998c52314d1567748c/gnocchi.8a741be1-81ed-47f5-aecf-e2216f7eaadd/none_v3 HTTP/1.0 200 - python-swiftclient-4.8.0 gAAAAABpNPcx8Tdl... - 76 - txaf6e04fcbd6a40c9b0294-006934f772 - 0.0123 - - 1765078898.534726620 1765078898.547001362 0 0c044fc9f411403aa3ab5cf8f2b14495
Dec 06 22:41:38 np0005549343.novalocal container-server[96576]: ::1 - - [07/Dec/2025:03:41:38 +0000] "GET /1/123717/AUTH_9cb2db62181546998c52314d1567748c/gnocchi.8a741be1-81ed-47f5-aecf-e2216f7eaadd" 200 357 "GET https://[::1]:8080/v1/AUTH_9cb2db62181546998c52314d1567748c/gnocchi.8a741be1-81ed-47f5-aecf-e2216f7eaadd?format=json&states=listing" "tx9e54336d25b44083956d7-006934f772" "proxy-server 97857" 0.0440 "-" 96576 0
Dec 06 22:41:38 np0005549343.novalocal proxy-server[97857]: ::1 ::1 07/Dec/2025/03/41/38 GET /v1/AUTH_9cb2db62181546998c52314d1567748c/gnocchi.8a741be1-81ed-47f5-aecf-e2216f7eaadd%3Fformat%3Djson%26states%3Dlisting HTTP/1.0 200 - python-swiftclient-4.8.0 gAAAAABpNPcx8Tdl... - 357 - tx9e54336d25b44083956d7-006934f772 - 0.0541 - - 1765078898.551518440 1765078898.605655670 0 0c044fc9f411403aa3ab5cf8f2b14495
Dec 06 22:41:38 np0005549343.novalocal container-server[96576]: ::1 - - [07/Dec/2025:03:41:38 +0000] "GET /1/123717/AUTH_9cb2db62181546998c52314d1567748c/gnocchi.8a741be1-81ed-47f5-aecf-e2216f7eaadd" 200 2 "GET https://[::1]:8080/v1/AUTH_9cb2db62181546998c52314d1567748c/gnocchi.8a741be1-81ed-47f5-aecf-e2216f7eaadd?format=json&marker=none_v3&states=listing" "txf8bd6b34e94a488481268-006934f772" "proxy-server 97857" 0.0023 "-" 96576 0
Dec 06 22:41:38 np0005549343.novalocal proxy-server[97857]: ::1 ::1 07/Dec/2025/03/41/38 GET /v1/AUTH_9cb2db62181546998c52314d1567748c/gnocchi.8a741be1-81ed-47f5-aecf-e2216f7eaadd%3Fformat%3Djson%26marker%3Dnone_v3%26states%3Dlisting HTTP/1.0 200 - python-swiftclient-4.8.0 gAAAAABpNPcx8Tdl... - 2 - txf8bd6b34e94a488481268-006934f772 - 0.0130 - - 1765078898.610135794 1765078898.623094320 0 0c044fc9f411403aa3ab5cf8f2b14495
Dec 06 22:41:38 np0005549343.novalocal object-server[96910]: ::1 - - [07/Dec/2025:03:41:38 +0000] "GET /1/97368/AUTH_9cb2db62181546998c52314d1567748c/gnocchi.8a741be1-81ed-47f5-aecf-e2216f7eaadd/1764720000.0_mean_300.0_v3" 200 16 "GET https://[::1]:8080/v1/AUTH_9cb2db62181546998c52314d1567748c/gnocchi.8a741be1-81ed-47f5-aecf-e2216f7eaadd/1764720000.0_mean_300.0_v3" "tx4c29b0e0968c4b89aeb8f-006934f772" "proxy-server 97857" 0.0012 "-" 96910 0
Dec 06 22:41:38 np0005549343.novalocal proxy-server[97857]: ::1 ::1 07/Dec/2025/03/41/38 GET /v1/AUTH_9cb2db62181546998c52314d1567748c/gnocchi.8a741be1-81ed-47f5-aecf-e2216f7eaadd/1764720000.0_mean_300.0_v3 HTTP/1.0 200 - python-swiftclient-4.8.0 gAAAAABpNPcx8Tdl... - 16 - tx4c29b0e0968c4b89aeb8f-006934f772 - 0.0108 - - 1765078898.627991438 1765078898.638791084 0 0c044fc9f411403aa3ab5cf8f2b14495
Dec 06 22:41:38 np0005549343.novalocal container-server[96576]: ::1 - - [07/Dec/2025:03:41:38 +0000] "PUT /3/123717/AUTH_9cb2db62181546998c52314d1567748c/gnocchi.8a741be1-81ed-47f5-aecf-e2216f7eaadd/1764720000.0_mean_300.0_v3" 201 - "PUT http://[::1]:8080/1/97368/AUTH_9cb2db62181546998c52314d1567748c/gnocchi.8a741be1-81ed-47f5-aecf-e2216f7eaadd/1764720000.0_mean_300.0_v3" "tx53df8c1cdbd24d6f9e2f1-006934f772" "object-server 96909" 0.0007 "-" 96576 0
Dec 06 22:41:38 np0005549343.novalocal object-server[96909]: ::1 - - [07/Dec/2025:03:41:38 +0000] "PUT /1/97368/AUTH_9cb2db62181546998c52314d1567748c/gnocchi.8a741be1-81ed-47f5-aecf-e2216f7eaadd/1764720000.0_mean_300.0_v3" 201 - "PUT https://[::1]:8080/v1/AUTH_9cb2db62181546998c52314d1567748c/gnocchi.8a741be1-81ed-47f5-aecf-e2216f7eaadd/1764720000.0_mean_300.0_v3" "tx53df8c1cdbd24d6f9e2f1-006934f772" "proxy-server 97857" 0.0311 "-" 96909 0
Dec 06 22:41:38 np0005549343.novalocal container-server[96575]: ::1 - - [07/Dec/2025:03:41:38 +0000] "PUT /1/123717/AUTH_9cb2db62181546998c52314d1567748c/gnocchi.8a741be1-81ed-47f5-aecf-e2216f7eaadd/1764720000.0_mean_300.0_v3" 201 - "PUT http://[::1]:8080/3/97368/AUTH_9cb2db62181546998c52314d1567748c/gnocchi.8a741be1-81ed-47f5-aecf-e2216f7eaadd/1764720000.0_mean_300.0_v3" "tx53df8c1cdbd24d6f9e2f1-006934f772" "object-server 96910" 0.0009 "-" 96575 0
Dec 06 22:41:38 np0005549343.novalocal object-server[96910]: ::1 - - [07/Dec/2025:03:41:38 +0000] "PUT /3/97368/AUTH_9cb2db62181546998c52314d1567748c/gnocchi.8a741be1-81ed-47f5-aecf-e2216f7eaadd/1764720000.0_mean_300.0_v3" 201 - "PUT https://[::1]:8080/v1/AUTH_9cb2db62181546998c52314d1567748c/gnocchi.8a741be1-81ed-47f5-aecf-e2216f7eaadd/1764720000.0_mean_300.0_v3" "tx53df8c1cdbd24d6f9e2f1-006934f772" "proxy-server 97857" 0.0324 "-" 96910 0
Dec 06 22:41:38 np0005549343.novalocal container-server[96575]: ::1 - - [07/Dec/2025:03:41:38 +0000] "PUT /2/123717/AUTH_9cb2db62181546998c52314d1567748c/gnocchi.8a741be1-81ed-47f5-aecf-e2216f7eaadd/1764720000.0_mean_300.0_v3" 201 - "PUT http://[::1]:8080/2/97368/AUTH_9cb2db62181546998c52314d1567748c/gnocchi.8a741be1-81ed-47f5-aecf-e2216f7eaadd/1764720000.0_mean_300.0_v3" "tx53df8c1cdbd24d6f9e2f1-006934f772" "object-server 96909" 0.0006 "-" 96575 0
Dec 06 22:41:38 np0005549343.novalocal object-server[96909]: ::1 - - [07/Dec/2025:03:41:38 +0000] "PUT /2/97368/AUTH_9cb2db62181546998c52314d1567748c/gnocchi.8a741be1-81ed-47f5-aecf-e2216f7eaadd/1764720000.0_mean_300.0_v3" 201 - "PUT https://[::1]:8080/v1/AUTH_9cb2db62181546998c52314d1567748c/gnocchi.8a741be1-81ed-47f5-aecf-e2216f7eaadd/1764720000.0_mean_300.0_v3" "tx53df8c1cdbd24d6f9e2f1-006934f772" "proxy-server 97857" 0.0326 "-" 96909 0
Dec 06 22:41:38 np0005549343.novalocal proxy-server[97857]: ::1 ::1 07/Dec/2025/03/41/38 PUT /v1/AUTH_9cb2db62181546998c52314d1567748c/gnocchi.8a741be1-81ed-47f5-aecf-e2216f7eaadd/1764720000.0_mean_300.0_v3 HTTP/1.0 201 - python-swiftclient-4.8.0 gAAAAABpNPcx8Tdl... 16 - - tx53df8c1cdbd24d6f9e2f1-006934f772 - 0.0448 - - 1765078898.643827438 1765078898.688624382 0 0c044fc9f411403aa3ab5cf8f2b14495
Dec 06 22:41:38 np0005549343.novalocal container-server[96575]: ::1 - - [07/Dec/2025:03:41:38 +0000] "PUT /2/123717/AUTH_9cb2db62181546998c52314d1567748c/gnocchi.8a741be1-81ed-47f5-aecf-e2216f7eaadd/none_v3" 201 - "PUT http://[::1]:8080/1/187521/AUTH_9cb2db62181546998c52314d1567748c/gnocchi.8a741be1-81ed-47f5-aecf-e2216f7eaadd/none_v3" "txd1f5a6f1bb78443aaac9e-006934f772" "object-server 96910" 0.0006 "-" 96575 0
Dec 06 22:41:38 np0005549343.novalocal container-server[96576]: ::1 - - [07/Dec/2025:03:41:38 +0000] "PUT /1/123717/AUTH_9cb2db62181546998c52314d1567748c/gnocchi.8a741be1-81ed-47f5-aecf-e2216f7eaadd/none_v3" 201 - "PUT http://[::1]:8080/3/187521/AUTH_9cb2db62181546998c52314d1567748c/gnocchi.8a741be1-81ed-47f5-aecf-e2216f7eaadd/none_v3" "txd1f5a6f1bb78443aaac9e-006934f772" "object-server 96910" 0.0006 "-" 96576 0
Dec 06 22:41:38 np0005549343.novalocal object-server[96910]: ::1 - - [07/Dec/2025:03:41:38 +0000] "PUT /1/187521/AUTH_9cb2db62181546998c52314d1567748c/gnocchi.8a741be1-81ed-47f5-aecf-e2216f7eaadd/none_v3" 201 - "PUT https://[::1]:8080/v1/AUTH_9cb2db62181546998c52314d1567748c/gnocchi.8a741be1-81ed-47f5-aecf-e2216f7eaadd/none_v3" "txd1f5a6f1bb78443aaac9e-006934f772" "proxy-server 97857" 0.0277 "-" 96910 0
Dec 06 22:41:38 np0005549343.novalocal container-server[96575]: ::1 - - [07/Dec/2025:03:41:38 +0000] "PUT /3/123717/AUTH_9cb2db62181546998c52314d1567748c/gnocchi.8a741be1-81ed-47f5-aecf-e2216f7eaadd/none_v3" 201 - "PUT http://[::1]:8080/2/187521/AUTH_9cb2db62181546998c52314d1567748c/gnocchi.8a741be1-81ed-47f5-aecf-e2216f7eaadd/none_v3" "txd1f5a6f1bb78443aaac9e-006934f772" "object-server 96910" 0.0006 "-" 96575 0
Dec 06 22:41:38 np0005549343.novalocal object-server[96910]: ::1 - - [07/Dec/2025:03:41:38 +0000] "PUT /2/187521/AUTH_9cb2db62181546998c52314d1567748c/gnocchi.8a741be1-81ed-47f5-aecf-e2216f7eaadd/none_v3" 201 - "PUT https://[::1]:8080/v1/AUTH_9cb2db62181546998c52314d1567748c/gnocchi.8a741be1-81ed-47f5-aecf-e2216f7eaadd/none_v3" "txd1f5a6f1bb78443aaac9e-006934f772" "proxy-server 97857" 0.0268 "-" 96910 0
Dec 06 22:41:38 np0005549343.novalocal object-server[96910]: ::1 - - [07/Dec/2025:03:41:38 +0000] "PUT /3/187521/AUTH_9cb2db62181546998c52314d1567748c/gnocchi.8a741be1-81ed-47f5-aecf-e2216f7eaadd/none_v3" 201 - "PUT https://[::1]:8080/v1/AUTH_9cb2db62181546998c52314d1567748c/gnocchi.8a741be1-81ed-47f5-aecf-e2216f7eaadd/none_v3" "txd1f5a6f1bb78443aaac9e-006934f772" "proxy-server 97857" 0.0257 "-" 96910 0
Dec 06 22:41:38 np0005549343.novalocal proxy-server[97857]: ::1 ::1 07/Dec/2025/03/41/38 PUT /v1/AUTH_9cb2db62181546998c52314d1567748c/gnocchi.8a741be1-81ed-47f5-aecf-e2216f7eaadd/none_v3 HTTP/1.0 201 - python-swiftclient-4.8.0 gAAAAABpNPcx8Tdl... 84 - - txd1f5a6f1bb78443aaac9e-006934f772 - 0.0415 - - 1765078898.692498207 1765078898.733993530 0 0c044fc9f411403aa3ab5cf8f2b14495
Dec 06 22:41:38 np0005549343.novalocal sudo[104660]: cinder : PWD=/ ; USER=root ; COMMAND=/usr/bin/cinder-rootwrap /etc/cinder/rootwrap.conf env LC_ALL=C vgs --noheadings --unit=g -o name,size,free,lv_count,uuid --separator : --nosuffix cinder-volumes
Dec 06 22:41:38 np0005549343.novalocal systemd[1]: Started Session c95 of User root.
Dec 06 22:41:38 np0005549343.novalocal sudo[104660]: pam_unix(sudo:session): session opened for user root(uid=0) by (uid=165)
Dec 06 22:41:39 np0005549343.novalocal sudo[104660]: pam_unix(sudo:session): session closed for user root
Dec 06 22:41:39 np0005549343.novalocal systemd[1]: session-c95.scope: Deactivated successfully.
Dec 06 22:41:39 np0005549343.novalocal sudo[104664]: cinder : PWD=/ ; USER=root ; COMMAND=/usr/bin/cinder-rootwrap /etc/cinder/rootwrap.conf env LC_ALL=C lvs --noheadings --unit=g -o vg_name,name,size --nosuffix --readonly cinder-volumes
Dec 06 22:41:39 np0005549343.novalocal systemd[1]: Started Session c96 of User root.
Dec 06 22:41:39 np0005549343.novalocal sudo[104664]: pam_unix(sudo:session): session opened for user root(uid=0) by (uid=165)
Dec 06 22:41:39 np0005549343.novalocal sudo[104664]: pam_unix(sudo:session): session closed for user root
Dec 06 22:41:39 np0005549343.novalocal systemd[1]: session-c96.scope: Deactivated successfully.
Dec 06 22:41:39 np0005549343.novalocal sudo[104669]: cinder : PWD=/ ; USER=root ; COMMAND=/usr/bin/cinder-rootwrap /etc/cinder/rootwrap.conf env LC_ALL=C lvs --noheadings --unit=g -o size,data_percent --separator : --nosuffix /dev/cinder-volumes/cinder-volumes-pool
Dec 06 22:41:39 np0005549343.novalocal systemd[1]: Started Session c97 of User root.
Dec 06 22:41:39 np0005549343.novalocal sudo[104669]: pam_unix(sudo:session): session opened for user root(uid=0) by (uid=165)
Dec 06 22:41:40 np0005549343.novalocal sudo[104669]: pam_unix(sudo:session): session closed for user root
Dec 06 22:41:40 np0005549343.novalocal systemd[1]: session-c97.scope: Deactivated successfully.
Dec 06 22:41:40 np0005549343.novalocal sudo[104676]: cinder : PWD=/ ; USER=root ; COMMAND=/usr/bin/cinder-rootwrap /etc/cinder/rootwrap.conf env LC_ALL=C lvs --noheadings --unit=g -o vg_name,name,size --nosuffix --readonly cinder-volumes
Dec 06 22:41:40 np0005549343.novalocal systemd[1]: Started Session c98 of User root.
Dec 06 22:41:40 np0005549343.novalocal sudo[104676]: pam_unix(sudo:session): session opened for user root(uid=0) by (uid=165)
Dec 06 22:41:40 np0005549343.novalocal sudo[104676]: pam_unix(sudo:session): session closed for user root
Dec 06 22:41:40 np0005549343.novalocal systemd[1]: session-c98.scope: Deactivated successfully.
Dec 06 22:41:41 np0005549343.novalocal dnsmasq[103118]: read /var/lib/neutron/dhcp/a7b8db30-53f4-4ab5-8504-186ab5469d9f/addn_hosts - 0 addresses
Dec 06 22:41:41 np0005549343.novalocal dnsmasq-dhcp[103118]: read /var/lib/neutron/dhcp/a7b8db30-53f4-4ab5-8504-186ab5469d9f/host
Dec 06 22:41:41 np0005549343.novalocal dnsmasq-dhcp[103118]: read /var/lib/neutron/dhcp/a7b8db30-53f4-4ab5-8504-186ab5469d9f/opts
Dec 06 22:41:41 np0005549343.novalocal systemd[1]: NetworkManager-dispatcher.service: Deactivated successfully.
Dec 06 22:41:41 np0005549343.novalocal kernel: qr-858d156a-0d: left promiscuous mode
Dec 06 22:41:41 np0005549343.novalocal kernel: qg-ea508118-ea: left promiscuous mode
Dec 06 22:41:41 np0005549343.novalocal systemd[1]: run-netns-qrouter\x2d20246861\x2dfd77\x2d476b\x2db351\x2d2eb2a649ef34.mount: Deactivated successfully.
Dec 06 22:41:42 np0005549343.novalocal dnsmasq[103118]: exiting on receipt of SIGTERM
Dec 06 22:41:42 np0005549343.novalocal kernel: tap29ee284e-93: left promiscuous mode
Dec 06 22:41:42 np0005549343.novalocal haproxy-metadata-proxy-2af58657-767d-42db-a7ed-796d65cdf85a[103897]: ::ffff:10.100.0.11:42574 [06/Dec/2025:22:41:41.271] listener listener/metadata 0/0/0/1115/1115 200 97 - - ---- 1/1/0/0/0 0/0 "GET /2009-04-04/meta-data/instance-id HTTP/1.1"
Dec 06 22:41:42 np0005549343.novalocal systemd[1]: run-netns-qdhcp\x2da7b8db30\x2d53f4\x2d4ab5\x2d8504\x2d186ab5469d9f.mount: Deactivated successfully.
Dec 06 22:41:42 np0005549343.novalocal container-sharder[95937]: Container sharder cycle starting, auto-sharding False
Dec 06 22:41:43 np0005549343.novalocal haproxy-metadata-proxy-2af58657-767d-42db-a7ed-796d65cdf85a[103897]: ::ffff:10.100.0.11:42578 [06/Dec/2025:22:41:42.450] listener listener/metadata 0/0/0/1021/1021 200 114 - - ---- 1/1/0/0/0 0/0 "GET /2009-04-04/meta-data/public-keys HTTP/1.1"
Dec 06 22:41:44 np0005549343.novalocal haproxy-metadata-proxy-2af58657-767d-42db-a7ed-796d65cdf85a[103897]: ::ffff:10.100.0.11:42580 [06/Dec/2025:22:41:43.514] listener listener/metadata 0/0/0/1020/1020 200 292 - - ---- 1/1/0/0/0 0/0 "GET /2009-04-04/meta-data/public-keys/0/openssh-key HTTP/1.1"
Dec 06 22:41:44 np0005549343.novalocal container-sharder[95937]: Since Sun Dec 7 03:41:42 2025 visited - attempted:0 success:0 failure:0 skipped:93 completed:0
Dec 06 22:41:44 np0005549343.novalocal container-sharder[95937]: Since Sun Dec 7 03:41:42 2025 scanned - attempted:0 success:0 failure:0 found:0 min_time:0 max_time:0
Dec 06 22:41:44 np0005549343.novalocal container-sharder[95937]: Since Sun Dec 7 03:41:42 2025 created - attempted:0 success:0 failure:0
Dec 06 22:41:44 np0005549343.novalocal container-sharder[95937]: Since Sun Dec 7 03:41:42 2025 cleaved - attempted:0 success:0 failure:0 min_time:0 max_time:0
Dec 06 22:41:44 np0005549343.novalocal container-sharder[95937]: Since Sun Dec 7 03:41:42 2025 misplaced - attempted:0 success:0 failure:0 found:0 placed:0 unplaced:0
Dec 06 22:41:44 np0005549343.novalocal container-sharder[95937]: Since Sun Dec 7 03:41:42 2025 audit_root - attempted:0 success:0 failure:0 has_overlap:0 num_overlap:0
Dec 06 22:41:44 np0005549343.novalocal container-sharder[95937]: Since Sun Dec 7 03:41:42 2025 audit_shard - attempted:0 success:0 failure:0
Dec 06 22:41:44 np0005549343.novalocal container-sharder[95937]: Container sharder cycle completed: 1.85s
Dec 06 22:41:45 np0005549343.novalocal haproxy-metadata-proxy-2af58657-767d-42db-a7ed-796d65cdf85a[103897]: ::ffff:10.100.0.11:42596 [06/Dec/2025:22:41:44.606] listener listener/metadata 0/0/0/1022/1022 200 97 - - ---- 1/1/0/0/0 0/0 "GET /2009-04-04/meta-data/instance-id HTTP/1.1"
Dec 06 22:41:46 np0005549343.novalocal kernel: tap1b718242-76: entered promiscuous mode
Dec 06 22:41:46 np0005549343.novalocal NetworkManager[854]: [1765078906.0553] manager: (tap1b718242-76): 'openvswitch' plugin not available; creating generic device
Dec 06 22:41:46 np0005549343.novalocal NetworkManager[854]: [1765078906.0583] manager: (tap1b718242-76): new Generic device (/org/freedesktop/NetworkManager/Devices/33)
Dec 06 22:41:46 np0005549343.novalocal haproxy-metadata-proxy-2af58657-767d-42db-a7ed-796d65cdf85a[103897]: ::ffff:10.100.0.11:42610 [06/Dec/2025:22:41:45.684] listener listener/metadata 0/0/0/1015/1015 200 87 - - ---- 1/1/0/0/0 0/0 "GET /2009-04-04/meta-data/ami-launch-index HTTP/1.1"
Dec 06 22:41:46 np0005549343.novalocal kernel: qr-f6ab1fe6-95: entered promiscuous mode
Dec 06 22:41:46 np0005549343.novalocal NetworkManager[854]: [1765078906.7590] manager: (qr-f6ab1fe6-95): 'openvswitch' plugin not available; creating generic device
Dec 06 22:41:46 np0005549343.novalocal NetworkManager[854]: [1765078906.7607] manager: (qr-f6ab1fe6-95): new Generic device (/org/freedesktop/NetworkManager/Devices/34)
Dec 06 22:41:46 np0005549343.novalocal systemd-udevd[104763]: Network interface NamePolicy= disabled on kernel command line.
Dec 06 22:41:46 np0005549343.novalocal virtnodedevd[99731]: ethtool ioctl error on qr-f6ab1fe6-95: No such device
Dec 06 22:41:46 np0005549343.novalocal virtnodedevd[99731]: ethtool ioctl error on qr-f6ab1fe6-95: No such device
Dec 06 22:41:46 np0005549343.novalocal virtnodedevd[99731]: ethtool ioctl error on qr-f6ab1fe6-95: No such device
Dec 06 22:41:46 np0005549343.novalocal virtnodedevd[99731]: ethtool ioctl error on qr-f6ab1fe6-95: No such device
Dec 06 22:41:46 np0005549343.novalocal virtnodedevd[99731]: ethtool ioctl error on qr-f6ab1fe6-95: No such device
Dec 06 22:41:46 np0005549343.novalocal virtnodedevd[99731]: ethtool ioctl error on qr-f6ab1fe6-95: No such device
Dec 06 22:41:46 np0005549343.novalocal virtnodedevd[99731]: ethtool ioctl error on qr-f6ab1fe6-95: No such device
Dec 06 22:41:46 np0005549343.novalocal virtnodedevd[99731]: ethtool ioctl error on qr-f6ab1fe6-95: No such device
Dec 06 22:41:47 np0005549343.novalocal kernel: qg-273d6b97-ab: entered promiscuous mode
Dec 06 22:41:47 np0005549343.novalocal NetworkManager[854]: [1765078907.3349] manager: (qg-273d6b97-ab): 'openvswitch' plugin not available; creating generic device
Dec 06 22:41:47 np0005549343.novalocal NetworkManager[854]: [1765078907.3364] manager: (qg-273d6b97-ab): new Generic device (/org/freedesktop/NetworkManager/Devices/35)
Dec 06 22:41:47 np0005549343.novalocal dnsmasq[104838]: started, version 2.85 cachesize 150
Dec 06 22:41:47 np0005549343.novalocal dnsmasq[104838]: DNS service limited to local subnets
Dec 06 22:41:47 np0005549343.novalocal dnsmasq[104838]: compile time options: IPv6 GNU-getopt DBus no-UBus no-i18n IDN2 DHCP DHCPv6 no-Lua TFTP no-conntrack ipset auth cryptohash DNSSEC loop-detect inotify dumpfile
Dec 06 22:41:47 np0005549343.novalocal dnsmasq[104838]: warning: no upstream servers configured
Dec 06 22:41:47 np0005549343.novalocal dnsmasq-dhcp[104838]: DHCP, static leases only on 10.100.0.0, lease time 1d
Dec 06 22:41:47 np0005549343.novalocal dnsmasq[104838]: read /var/lib/neutron/dhcp/8a00049a-4721-4bc9-b0d0-44cec56f6eeb/addn_hosts - 0 addresses
Dec 06 22:41:47 np0005549343.novalocal dnsmasq-dhcp[104838]: read /var/lib/neutron/dhcp/8a00049a-4721-4bc9-b0d0-44cec56f6eeb/host
Dec 06 22:41:47 np0005549343.novalocal dnsmasq-dhcp[104838]: read /var/lib/neutron/dhcp/8a00049a-4721-4bc9-b0d0-44cec56f6eeb/opts
Dec 06 22:41:47 np0005549343.novalocal virtnodedevd[99731]: ethtool ioctl error on qg-273d6b97-ab: No such device
Dec 06 22:41:47 np0005549343.novalocal virtnodedevd[99731]: ethtool ioctl error on qg-273d6b97-ab: No such device
Dec 06 22:41:47 np0005549343.novalocal virtnodedevd[99731]: ethtool ioctl error on qg-273d6b97-ab: No such device
Dec 06 22:41:47 np0005549343.novalocal virtnodedevd[99731]: ethtool ioctl error on qg-273d6b97-ab: No such device
Dec 06 22:41:47 np0005549343.novalocal virtnodedevd[99731]: ethtool ioctl error on qg-273d6b97-ab: No such device
Dec 06 22:41:47 np0005549343.novalocal virtnodedevd[99731]: ethtool ioctl error on qg-273d6b97-ab: No such device
Dec 06 22:41:47 np0005549343.novalocal virtnodedevd[99731]: ethtool ioctl error on qg-273d6b97-ab: No such device
Dec 06 22:41:47 np0005549343.novalocal virtnodedevd[99731]: ethtool ioctl error on qg-273d6b97-ab: No such device
Dec 06 22:41:47 np0005549343.novalocal haproxy-metadata-proxy-2af58657-767d-42db-a7ed-796d65cdf85a[103897]: ::ffff:10.100.0.11:42618 [06/Dec/2025:22:41:46.779] listener listener/metadata 0/0/0/1019/1019 200 93 - - ---- 1/1/0/0/0 0/0 "GET /2009-04-04/meta-data/instance-type HTTP/1.1"
Dec 06 22:41:48 np0005549343.novalocal dnsmasq[104838]: read /var/lib/neutron/dhcp/8a00049a-4721-4bc9-b0d0-44cec56f6eeb/addn_hosts - 1 addresses
Dec 06 22:41:48 np0005549343.novalocal dnsmasq-dhcp[104838]: read /var/lib/neutron/dhcp/8a00049a-4721-4bc9-b0d0-44cec56f6eeb/host
Dec 06 22:41:48 np0005549343.novalocal dnsmasq-dhcp[104838]: read /var/lib/neutron/dhcp/8a00049a-4721-4bc9-b0d0-44cec56f6eeb/opts
Dec 06 22:41:48 np0005549343.novalocal haproxy-metadata-proxy-2af58657-767d-42db-a7ed-796d65cdf85a[103897]: ::ffff:10.100.0.11:42626 [06/Dec/2025:22:41:47.877] listener listener/metadata 0/0/0/1024/1024 200 98 - - ---- 1/1/0/0/0 0/0 "GET /2009-04-04/meta-data/local-ipv4 HTTP/1.1"
Dec 06 22:41:49 np0005549343.novalocal haproxy-metadata-proxy-2af58657-767d-42db-a7ed-796d65cdf85a[103897]: ::ffff:10.100.0.11:41858 [06/Dec/2025:22:41:48.966] listener listener/metadata 0/0/0/1021/1021 200 98 - - ---- 1/1/0/0/0 0/0 "GET /2009-04-04/meta-data/public-ipv4 HTTP/1.1"
Dec 06 22:41:50 np0005549343.novalocal dnsmasq[104838]: read /var/lib/neutron/dhcp/8a00049a-4721-4bc9-b0d0-44cec56f6eeb/addn_hosts - 1 addresses
Dec 06 22:41:50 np0005549343.novalocal dnsmasq-dhcp[104838]: read /var/lib/neutron/dhcp/8a00049a-4721-4bc9-b0d0-44cec56f6eeb/host
Dec 06 22:41:50 np0005549343.novalocal dnsmasq-dhcp[104838]: read /var/lib/neutron/dhcp/8a00049a-4721-4bc9-b0d0-44cec56f6eeb/opts
Dec 06 22:41:51 np0005549343.novalocal haproxy-metadata-proxy-2af58657-767d-42db-a7ed-796d65cdf85a[103897]: ::ffff:10.100.0.11:41870 [06/Dec/2025:22:41:50.043] listener listener/metadata 0/0/0/1027/1027 200 143 - - ---- 1/1/0/0/0 0/0 "GET /2009-04-04/meta-data/hostname HTTP/1.1"
Dec 06 22:41:51 np0005549343.novalocal dnsmasq[104838]: read /var/lib/neutron/dhcp/8a00049a-4721-4bc9-b0d0-44cec56f6eeb/addn_hosts - 1 addresses
Dec 06 22:41:51 np0005549343.novalocal dnsmasq-dhcp[104838]: read /var/lib/neutron/dhcp/8a00049a-4721-4bc9-b0d0-44cec56f6eeb/host
Dec 06 22:41:51 np0005549343.novalocal dnsmasq-dhcp[104838]: read /var/lib/neutron/dhcp/8a00049a-4721-4bc9-b0d0-44cec56f6eeb/opts
Dec 06 22:41:51 np0005549343.novalocal container-server[96576]: ::1 - - [07/Dec/2025:03:41:51 +0000] "HEAD /2/96094/AUTH_9cb2db62181546998c52314d1567748c/glance" 204 - "HEAD http://[::1]:8080/v1/AUTH_9cb2db62181546998c52314d1567748c/glance" "tx17d5fe8821714efd94b87-006934f77f" "proxy-server 97858" 0.0017 "-" 96576 0
Dec 06 22:41:51 np0005549343.novalocal proxy-server[97858]: - - 07/Dec/2025/03/41/51 HEAD /v1/AUTH_9cb2db62181546998c52314d1567748c/glance HTTP/1.0 204 - Swift - - - - tx17d5fe8821714efd94b87-006934f77f - 0.0419 CS - 1765078911.297930717 1765078911.339829206 0 -
Dec 06 22:41:51 np0005549343.novalocal object-server[96910]: ::1 - - [07/Dec/2025:03:41:51 +0000] "GET /1/82635/AUTH_9cb2db62181546998c52314d1567748c/glance/d1cf3290-a09f-474b-b958-c7322b20f67a" 200 21430272 "GET https://[::1]:8080/v1/AUTH_9cb2db62181546998c52314d1567748c/glance/d1cf3290-a09f-474b-b958-c7322b20f67a" "tx17d5fe8821714efd94b87-006934f77f" "proxy-server 97858" 0.0011 "-" 96910 0
Dec 06 22:41:51 np0005549343.novalocal proxy-server[97858]: ::1 ::1 07/Dec/2025/03/41/51 GET /v1/AUTH_9cb2db62181546998c52314d1567748c/glance/d1cf3290-a09f-474b-b958-c7322b20f67a HTTP/1.0 200 - python-swiftclient-4.8.0 gAAAAABpNPd_AQmC... - 21430272 - tx17d5fe8821714efd94b87-006934f77f - 0.3448 - - 1765078911.276958227 1765078911.621772051 0 68342b358c0f465ea8abc3f684def82f
Dec 06 22:41:51 np0005549343.novalocal sudo[105018]: cinder : PWD=/ ; USER=root ; COMMAND=/usr/bin/cinder-rootwrap /etc/cinder/rootwrap.conf privsep-helper --config-file /usr/share/cinder/cinder-dist.conf --config-file /etc/cinder/cinder.conf --privsep_context cinder.privsep.sys_admin_pctxt --privsep_sock_path /tmp/tmpjyf59jxa/privsep.sock
Dec 06 22:41:51 np0005549343.novalocal systemd[1]: Started Session c99 of User root.
Dec 06 22:41:51 np0005549343.novalocal sudo[105018]: pam_unix(sudo:session): session opened for user root(uid=0) by (uid=165)
Dec 06 22:41:52 np0005549343.novalocal haproxy-metadata-proxy-2af58657-767d-42db-a7ed-796d65cdf85a[103897]: ::ffff:10.100.0.11:41880 [06/Dec/2025:22:41:51.145] listener listener/metadata 0/0/0/1015/1015 200 143 - - ---- 1/1/0/0/0 0/0 "GET /2009-04-04/meta-data/local-hostname HTTP/1.1"
Dec 06 22:41:52 np0005549343.novalocal account-replicator[96346]: Beginning replication run
Dec 06 22:41:52 np0005549343.novalocal account-replicator[96346]: Replication run OVER
Dec 06 22:41:52 np0005549343.novalocal account-replicator[96346]: Attempted to replicate 3 dbs in 0.05199 seconds (57.70802/s)
Dec 06 22:41:52 np0005549343.novalocal account-replicator[96346]: Removed 0 dbs
Dec 06 22:41:52 np0005549343.novalocal account-replicator[96346]: 6 successes, 0 failures
Dec 06 22:41:52 np0005549343.novalocal account-replicator[96346]: diff:0 diff_capped:0 empty:0 hashmatch:0 no_change:6 remote_merge:0 rsync:0 ts_repl:0
Dec 06 22:41:52 np0005549343.novalocal sudo[105018]: pam_unix(sudo:session): session closed for user root
Dec 06 22:41:52 np0005549343.novalocal object-replicator[96973]: Starting object replication pass.
Dec 06 22:41:52 np0005549343.novalocal sudo[105029]: cinder : PWD=/ ; USER=root ; COMMAND=/usr/bin/cinder-rootwrap /etc/cinder/rootwrap.conf env LC_ALL=C qemu-img info -f qcow2 --output=json /var/lib/cinder/conversion/image_fetch_d1cf3290-a09f-474b-b958-c7322b20f67a_z8t7shcvnp0005549343.novalocal@BACKEND_1
Dec 06 22:41:52 np0005549343.novalocal systemd[1]: Started Session c100 of User root.
Dec 06 22:41:52 np0005549343.novalocal sudo[105029]: pam_unix(sudo:session): session opened for user root(uid=0) by (uid=165)
Dec 06 22:41:52 np0005549343.novalocal sudo[105029]: pam_unix(sudo:session): session closed for user root
Dec 06 22:41:52 np0005549343.novalocal systemd[1]: session-c100.scope: Deactivated successfully.
Dec 06 22:41:53 np0005549343.novalocal container-server[96576]: ::1 - - [07/Dec/2025:03:41:53 +0000] "HEAD /1/84297/AUTH_9cb2db62181546998c52314d1567748c/gnocchi.8465cdcb-9eaa-4982-bfa7-391726c5abb1" 404 - "HEAD http://[::1]:8080/v1/AUTH_9cb2db62181546998c52314d1567748c/gnocchi.8465cdcb-9eaa-4982-bfa7-391726c5abb1" "txcf2943550b224558b8614-006934f781" "proxy-server 97857" 0.0005 "-" 96576 0
Dec 06 22:41:53 np0005549343.novalocal container-server[96576]: ::1 - - [07/Dec/2025:03:41:53 +0000] "HEAD /3/84297/AUTH_9cb2db62181546998c52314d1567748c/gnocchi.8465cdcb-9eaa-4982-bfa7-391726c5abb1" 404 - "HEAD http://[::1]:8080/v1/AUTH_9cb2db62181546998c52314d1567748c/gnocchi.8465cdcb-9eaa-4982-bfa7-391726c5abb1" "txcf2943550b224558b8614-006934f781" "proxy-server 97857" 0.0004 "-" 96576 0
Dec 06 22:41:53 np0005549343.novalocal container-server[96576]: ::1 - - [07/Dec/2025:03:41:53 +0000] "HEAD /2/84297/AUTH_9cb2db62181546998c52314d1567748c/gnocchi.8465cdcb-9eaa-4982-bfa7-391726c5abb1" 404 - "HEAD http://[::1]:8080/v1/AUTH_9cb2db62181546998c52314d1567748c/gnocchi.8465cdcb-9eaa-4982-bfa7-391726c5abb1" "txcf2943550b224558b8614-006934f781" "proxy-server 97857" 0.0004 "-" 96576 0
Dec 06 22:41:53 np0005549343.novalocal proxy-server[97857]: - - 07/Dec/2025/03/41/53 HEAD /v1/AUTH_9cb2db62181546998c52314d1567748c/gnocchi.8465cdcb-9eaa-4982-bfa7-391726c5abb1 HTTP/1.0 404 - Swift - - - - txcf2943550b224558b8614-006934f781 - 0.0142 CS - 1765078913.055261374 1765078913.069449425 0 -
Dec 06 22:41:53 np0005549343.novalocal object-server[96909]: ::1 - - [07/Dec/2025:03:41:53 +0000] "GET /2/983/AUTH_9cb2db62181546998c52314d1567748c/gnocchi.8465cdcb-9eaa-4982-bfa7-391726c5abb1/none_v3" 404 70 "GET https://[::1]:8080/v1/AUTH_9cb2db62181546998c52314d1567748c/gnocchi.8465cdcb-9eaa-4982-bfa7-391726c5abb1/none_v3" "txcf2943550b224558b8614-006934f781" "proxy-server 97857" 0.0008 "-" 96909 0
Dec 06 22:41:53 np0005549343.novalocal object-server[96910]: ::1 - - [07/Dec/2025:03:41:53 +0000] "GET /3/983/AUTH_9cb2db62181546998c52314d1567748c/gnocchi.8465cdcb-9eaa-4982-bfa7-391726c5abb1/none_v3" 404 70 "GET https://[::1]:8080/v1/AUTH_9cb2db62181546998c52314d1567748c/gnocchi.8465cdcb-9eaa-4982-bfa7-391726c5abb1/none_v3" "txcf2943550b224558b8614-006934f781" "proxy-server 97857" 0.0007 "-" 96910 0
Dec 06 22:41:53 np0005549343.novalocal object-server[96909]: ::1 - - [07/Dec/2025:03:41:53 +0000] "GET /1/983/AUTH_9cb2db62181546998c52314d1567748c/gnocchi.8465cdcb-9eaa-4982-bfa7-391726c5abb1/none_v3" 404 70 "GET https://[::1]:8080/v1/AUTH_9cb2db62181546998c52314d1567748c/gnocchi.8465cdcb-9eaa-4982-bfa7-391726c5abb1/none_v3" "txcf2943550b224558b8614-006934f781" "proxy-server 97857" 0.0004 "-" 96909 0
Dec 06 22:41:53 np0005549343.novalocal proxy-server[97857]: ::1 ::1 07/Dec/2025/03/41/53 GET /v1/AUTH_9cb2db62181546998c52314d1567748c/gnocchi.8465cdcb-9eaa-4982-bfa7-391726c5abb1/none_v3 HTTP/1.0 404 - python-swiftclient-4.8.0 gAAAAABpNPcx8Tdl... - 70 - txcf2943550b224558b8614-006934f781 - 0.0348 - - 1765078913.053918839 1765078913.088713408 0 0c044fc9f411403aa3ab5cf8f2b14495
Dec 06 22:41:53 np0005549343.novalocal account-server[96281]: ::1 - - [07/Dec/2025:03:41:53 +0000] "PUT /1/78968/AUTH_9cb2db62181546998c52314d1567748c/gnocchi.8465cdcb-9eaa-4982-bfa7-391726c5abb1" 201 - "PUT http://[::1]:6001/2/84297/AUTH_9cb2db62181546998c52314d1567748c/gnocchi.8465cdcb-9eaa-4982-bfa7-391726c5abb1" "tx18ab6fb5ede74c33aa3f8-006934f781" "container-server 96575" 0.0014 "-" 96281 0
Dec 06 22:41:53 np0005549343.novalocal container-server[96575]: ::1 - - [07/Dec/2025:03:41:53 +0000] "PUT /2/84297/AUTH_9cb2db62181546998c52314d1567748c/gnocchi.8465cdcb-9eaa-4982-bfa7-391726c5abb1" 201 - "PUT https://[::1]:8080/v1/AUTH_9cb2db62181546998c52314d1567748c/gnocchi.8465cdcb-9eaa-4982-bfa7-391726c5abb1" "tx18ab6fb5ede74c33aa3f8-006934f781" "proxy-server 97857" 0.0130 "-" 96575 0
Dec 06 22:41:53 np0005549343.novalocal sudo[105035]: cinder : PWD=/ ; USER=root ; COMMAND=/usr/bin/cinder-rootwrap /etc/cinder/rootwrap.conf env LC_ALL=C qemu-img info -f qcow2 --output=json /var/lib/cinder/conversion/image_fetch_d1cf3290-a09f-474b-b958-c7322b20f67a_z8t7shcvnp0005549343.novalocal@BACKEND_1
Dec 06 22:41:53 np0005549343.novalocal account-server[96280]: ::1 - - [07/Dec/2025:03:41:53 +0000] "PUT /3/78968/AUTH_9cb2db62181546998c52314d1567748c/gnocchi.8465cdcb-9eaa-4982-bfa7-391726c5abb1" 201 - "PUT http://[::1]:6001/1/84297/AUTH_9cb2db62181546998c52314d1567748c/gnocchi.8465cdcb-9eaa-4982-bfa7-391726c5abb1" "tx18ab6fb5ede74c33aa3f8-006934f781" "container-server 96576" 0.0009 "-" 96280 0
Dec 06 22:41:53 np0005549343.novalocal account-server[96281]: ::1 - - [07/Dec/2025:03:41:53 +0000] "PUT /2/78968/AUTH_9cb2db62181546998c52314d1567748c/gnocchi.8465cdcb-9eaa-4982-bfa7-391726c5abb1" 201 - "PUT http://[::1]:6001/3/84297/AUTH_9cb2db62181546998c52314d1567748c/gnocchi.8465cdcb-9eaa-4982-bfa7-391726c5abb1" "tx18ab6fb5ede74c33aa3f8-006934f781" "container-server 96576" 0.0012 "-" 96281 0
Dec 06 22:41:53 np0005549343.novalocal container-server[96576]: ::1 - - [07/Dec/2025:03:41:53 +0000] "PUT /1/84297/AUTH_9cb2db62181546998c52314d1567748c/gnocchi.8465cdcb-9eaa-4982-bfa7-391726c5abb1" 201 - "PUT https://[::1]:8080/v1/AUTH_9cb2db62181546998c52314d1567748c/gnocchi.8465cdcb-9eaa-4982-bfa7-391726c5abb1" "tx18ab6fb5ede74c33aa3f8-006934f781" "proxy-server 97857" 0.0182 "-" 96576 0
Dec 06 22:41:53 np0005549343.novalocal container-server[96576]: ::1 - - [07/Dec/2025:03:41:53 +0000] "PUT /3/84297/AUTH_9cb2db62181546998c52314d1567748c/gnocchi.8465cdcb-9eaa-4982-bfa7-391726c5abb1" 201 - "PUT https://[::1]:8080/v1/AUTH_9cb2db62181546998c52314d1567748c/gnocchi.8465cdcb-9eaa-4982-bfa7-391726c5abb1" "tx18ab6fb5ede74c33aa3f8-006934f781" "proxy-server 97857" 0.0332 "-" 96576 0
Dec 06 22:41:53 np0005549343.novalocal proxy-server[97857]: ::1 ::1 07/Dec/2025/03/41/53 PUT /v1/AUTH_9cb2db62181546998c52314d1567748c/gnocchi.8465cdcb-9eaa-4982-bfa7-391726c5abb1 HTTP/1.0 201 - python-swiftclient-4.8.0 gAAAAABpNPcx8Tdl... - - - tx18ab6fb5ede74c33aa3f8-006934f781 - 0.0434 - - 1765078913.092348337 1765078913.135783911 0 0c044fc9f411403aa3ab5cf8f2b14495
Dec 06 22:41:53 np0005549343.novalocal systemd[1]: Started Session c101 of User root.
Dec 06 22:41:53 np0005549343.novalocal sudo[105035]: pam_unix(sudo:session): session opened for user root(uid=0) by (uid=165)
Dec 06 22:41:53 np0005549343.novalocal container-server[96575]: ::1 - - [07/Dec/2025:03:41:53 +0000] "HEAD /1/84297/AUTH_9cb2db62181546998c52314d1567748c/gnocchi.8465cdcb-9eaa-4982-bfa7-391726c5abb1" 204 - "HEAD http://[::1]:8080/v1/AUTH_9cb2db62181546998c52314d1567748c/gnocchi.8465cdcb-9eaa-4982-bfa7-391726c5abb1" "txc233d4b62e3a426baea7c-006934f781" "proxy-server 97857" 0.0032 "-" 96575 0
Dec 06 22:41:53 np0005549343.novalocal proxy-server[97857]: - - 07/Dec/2025/03/41/53 HEAD /v1/AUTH_9cb2db62181546998c52314d1567748c/gnocchi.8465cdcb-9eaa-4982-bfa7-391726c5abb1 HTTP/1.0 204 - Swift - - - - txc233d4b62e3a426baea7c-006934f781 - 0.0143 CS - 1765078913.149313211 1765078913.163613796 0 -
Dec 06 22:41:53 np0005549343.novalocal container-server[96575]: ::1 - - [07/Dec/2025:03:41:53 +0000] "GET /1/84297/AUTH_9cb2db62181546998c52314d1567748c/gnocchi.8465cdcb-9eaa-4982-bfa7-391726c5abb1" 200 2 "GET https://[::1]:8080/v1/AUTH_9cb2db62181546998c52314d1567748c/gnocchi.8465cdcb-9eaa-4982-bfa7-391726c5abb1?format=json&states=listing" "txc233d4b62e3a426baea7c-006934f781" "proxy-server 97857" 0.0042 "-" 96575 0
Dec 06 22:41:53 np0005549343.novalocal proxy-server[97857]: ::1 ::1 07/Dec/2025/03/41/53 GET /v1/AUTH_9cb2db62181546998c52314d1567748c/gnocchi.8465cdcb-9eaa-4982-bfa7-391726c5abb1%3Fformat%3Djson%26states%3Dlisting HTTP/1.0 200 - python-swiftclient-4.8.0 gAAAAABpNPcx8Tdl... - 2 - txc233d4b62e3a426baea7c-006934f781 - 0.0353 - - 1765078913.145715475 1765078913.181053400 0 0c044fc9f411403aa3ab5cf8f2b14495
Dec 06 22:41:53 np0005549343.novalocal object-server[96910]: ::1 - - [07/Dec/2025:03:41:53 +0000] "GET /3/33542/AUTH_9cb2db62181546998c52314d1567748c/gnocchi.8465cdcb-9eaa-4982-bfa7-391726c5abb1/1764720000.0_mean_300.0_v3" 404 70 "GET https://[::1]:8080/v1/AUTH_9cb2db62181546998c52314d1567748c/gnocchi.8465cdcb-9eaa-4982-bfa7-391726c5abb1/1764720000.0_mean_300.0_v3" "txd8bab4c3ed6c45fdafc61-006934f781" "proxy-server 97857" 0.0005 "-" 96910 0
Dec 06 22:41:53 np0005549343.novalocal object-server[96909]: ::1 - - [07/Dec/2025:03:41:53 +0000] "GET /1/33542/AUTH_9cb2db62181546998c52314d1567748c/gnocchi.8465cdcb-9eaa-4982-bfa7-391726c5abb1/1764720000.0_mean_300.0_v3" 404 70 "GET https://[::1]:8080/v1/AUTH_9cb2db62181546998c52314d1567748c/gnocchi.8465cdcb-9eaa-4982-bfa7-391726c5abb1/1764720000.0_mean_300.0_v3" "txd8bab4c3ed6c45fdafc61-006934f781" "proxy-server 97857" 0.0006 "-" 96909 0
Dec 06 22:41:53 np0005549343.novalocal object-server[96910]: ::1 - - [07/Dec/2025:03:41:53 +0000] "GET /2/33542/AUTH_9cb2db62181546998c52314d1567748c/gnocchi.8465cdcb-9eaa-4982-bfa7-391726c5abb1/1764720000.0_mean_300.0_v3" 404 70 "GET https://[::1]:8080/v1/AUTH_9cb2db62181546998c52314d1567748c/gnocchi.8465cdcb-9eaa-4982-bfa7-391726c5abb1/1764720000.0_mean_300.0_v3" "txd8bab4c3ed6c45fdafc61-006934f781" "proxy-server 97857" 0.0002 "-" 96910 0
Dec 06 22:41:53 np0005549343.novalocal proxy-server[97857]: ::1 ::1 07/Dec/2025/03/41/53 GET /v1/AUTH_9cb2db62181546998c52314d1567748c/gnocchi.8465cdcb-9eaa-4982-bfa7-391726c5abb1/1764720000.0_mean_300.0_v3 HTTP/1.0 404 - python-swiftclient-4.8.0 gAAAAABpNPcx8Tdl... - 70 - txd8bab4c3ed6c45fdafc61-006934f781 - 0.0204 - - 1765078913.192242861 1765078913.212607861 0 0c044fc9f411403aa3ab5cf8f2b14495
Dec 06 22:41:53 np0005549343.novalocal haproxy-metadata-proxy-2af58657-767d-42db-a7ed-796d65cdf85a[103897]: ::ffff:10.100.0.11:41886 [06/Dec/2025:22:41:52.204] listener listener/metadata 0/0/0/1031/1031 200 182 - - ---- 1/1/0/0/0 0/0 "GET /2009-04-04/user-data HTTP/1.1"
Dec 06 22:41:53 np0005549343.novalocal container-server[96576]: ::1 - - [07/Dec/2025:03:41:53 +0000] "PUT /3/84297/AUTH_9cb2db62181546998c52314d1567748c/gnocchi.8465cdcb-9eaa-4982-bfa7-391726c5abb1/1764720000.0_mean_300.0_v3" 201 - "PUT http://[::1]:8080/2/33542/AUTH_9cb2db62181546998c52314d1567748c/gnocchi.8465cdcb-9eaa-4982-bfa7-391726c5abb1/1764720000.0_mean_300.0_v3" "tx997282b657a64a0db8040-006934f781" "object-server 96909" 0.0005 "-" 96576 0
Dec 06 22:41:53 np0005549343.novalocal container-server[96575]: ::1 - - [07/Dec/2025:03:41:53 +0000] "PUT /1/84297/AUTH_9cb2db62181546998c52314d1567748c/gnocchi.8465cdcb-9eaa-4982-bfa7-391726c5abb1/1764720000.0_mean_300.0_v3" 201 - "PUT http://[::1]:8080/3/33542/AUTH_9cb2db62181546998c52314d1567748c/gnocchi.8465cdcb-9eaa-4982-bfa7-391726c5abb1/1764720000.0_mean_300.0_v3" "tx997282b657a64a0db8040-006934f781" "object-server 96910" 0.0009 "-" 96575 0
Dec 06 22:41:53 np0005549343.novalocal object-server[96909]: ::1 - - [07/Dec/2025:03:41:53 +0000] "PUT /2/33542/AUTH_9cb2db62181546998c52314d1567748c/gnocchi.8465cdcb-9eaa-4982-bfa7-391726c5abb1/1764720000.0_mean_300.0_v3" 201 - "PUT https://[::1]:8080/v1/AUTH_9cb2db62181546998c52314d1567748c/gnocchi.8465cdcb-9eaa-4982-bfa7-391726c5abb1/1764720000.0_mean_300.0_v3" "tx997282b657a64a0db8040-006934f781" "proxy-server 97857" 0.0357 "-" 96909 0
Dec 06 22:41:53 np0005549343.novalocal object-server[96910]: ::1 - - [07/Dec/2025:03:41:53 +0000] "PUT /3/33542/AUTH_9cb2db62181546998c52314d1567748c/gnocchi.8465cdcb-9eaa-4982-bfa7-391726c5abb1/1764720000.0_mean_300.0_v3" 201 - "PUT https://[::1]:8080/v1/AUTH_9cb2db62181546998c52314d1567748c/gnocchi.8465cdcb-9eaa-4982-bfa7-391726c5abb1/1764720000.0_mean_300.0_v3" "tx997282b657a64a0db8040-006934f781" "proxy-server 97857" 0.0373 "-" 96910 0
Dec 06 22:41:53 np0005549343.novalocal container-server[96576]: ::1 - - [07/Dec/2025:03:41:53 +0000] "PUT /2/84297/AUTH_9cb2db62181546998c52314d1567748c/gnocchi.8465cdcb-9eaa-4982-bfa7-391726c5abb1/1764720000.0_mean_300.0_v3" 201 - "PUT http://[::1]:8080/1/33542/AUTH_9cb2db62181546998c52314d1567748c/gnocchi.8465cdcb-9eaa-4982-bfa7-391726c5abb1/1764720000.0_mean_300.0_v3" "tx997282b657a64a0db8040-006934f781" "object-server 96909" 0.0006 "-" 96576 0
Dec 06 22:41:53 np0005549343.novalocal object-server[96909]: ::1 - - [07/Dec/2025:03:41:53 +0000] "PUT /1/33542/AUTH_9cb2db62181546998c52314d1567748c/gnocchi.8465cdcb-9eaa-4982-bfa7-391726c5abb1/1764720000.0_mean_300.0_v3" 201 - "PUT https://[::1]:8080/v1/AUTH_9cb2db62181546998c52314d1567748c/gnocchi.8465cdcb-9eaa-4982-bfa7-391726c5abb1/1764720000.0_mean_300.0_v3" "tx997282b657a64a0db8040-006934f781" "proxy-server 97857" 0.0263 "-" 96909 0
Dec 06 22:41:53 np0005549343.novalocal proxy-server[97857]: ::1 ::1 07/Dec/2025/03/41/53 PUT /v1/AUTH_9cb2db62181546998c52314d1567748c/gnocchi.8465cdcb-9eaa-4982-bfa7-391726c5abb1/1764720000.0_mean_300.0_v3 HTTP/1.0 201 - python-swiftclient-4.8.0 gAAAAABpNPcx8Tdl... 16 - - tx997282b657a64a0db8040-006934f781 - 0.0595 - - 1765078913.217924118 1765078913.277403116 0 0c044fc9f411403aa3ab5cf8f2b14495
Dec 06 22:41:53 np0005549343.novalocal container-server[96576]: ::1 - - [07/Dec/2025:03:41:53 +0000] "PUT /3/84297/AUTH_9cb2db62181546998c52314d1567748c/gnocchi.8465cdcb-9eaa-4982-bfa7-391726c5abb1/none_v3" 201 - "PUT http://[::1]:8080/1/983/AUTH_9cb2db62181546998c52314d1567748c/gnocchi.8465cdcb-9eaa-4982-bfa7-391726c5abb1/none_v3" "txe97ba4e2e6e440e6aed5f-006934f781" "object-server 96910" 0.0005 "-" 96576 0
Dec 06 22:41:53 np0005549343.novalocal object-server[96910]: ::1 - - [07/Dec/2025:03:41:53 +0000] "PUT /1/983/AUTH_9cb2db62181546998c52314d1567748c/gnocchi.8465cdcb-9eaa-4982-bfa7-391726c5abb1/none_v3" 201 - "PUT https://[::1]:8080/v1/AUTH_9cb2db62181546998c52314d1567748c/gnocchi.8465cdcb-9eaa-4982-bfa7-391726c5abb1/none_v3" "txe97ba4e2e6e440e6aed5f-006934f781" "proxy-server 97857" 0.0167 "-" 96910 0
Dec 06 22:41:53 np0005549343.novalocal container-server[96576]: ::1 - - [07/Dec/2025:03:41:53 +0000] "PUT /1/84297/AUTH_9cb2db62181546998c52314d1567748c/gnocchi.8465cdcb-9eaa-4982-bfa7-391726c5abb1/none_v3" 201 - "PUT http://[::1]:8080/3/983/AUTH_9cb2db62181546998c52314d1567748c/gnocchi.8465cdcb-9eaa-4982-bfa7-391726c5abb1/none_v3" "txe97ba4e2e6e440e6aed5f-006934f781" "object-server 96909" 0.0004 "-" 96576 0
Dec 06 22:41:53 np0005549343.novalocal object-server[96909]: ::1 - - [07/Dec/2025:03:41:53 +0000] "PUT /3/983/AUTH_9cb2db62181546998c52314d1567748c/gnocchi.8465cdcb-9eaa-4982-bfa7-391726c5abb1/none_v3" 201 - "PUT https://[::1]:8080/v1/AUTH_9cb2db62181546998c52314d1567748c/gnocchi.8465cdcb-9eaa-4982-bfa7-391726c5abb1/none_v3" "txe97ba4e2e6e440e6aed5f-006934f781" "proxy-server 97857" 0.0164 "-" 96909 0
Dec 06 22:41:53 np0005549343.novalocal container-server[96576]: ::1 - - [07/Dec/2025:03:41:53 +0000] "PUT /2/84297/AUTH_9cb2db62181546998c52314d1567748c/gnocchi.8465cdcb-9eaa-4982-bfa7-391726c5abb1/none_v3" 201 - "PUT http://[::1]:8080/2/983/AUTH_9cb2db62181546998c52314d1567748c/gnocchi.8465cdcb-9eaa-4982-bfa7-391726c5abb1/none_v3" "txe97ba4e2e6e440e6aed5f-006934f781" "object-server 96909" 0.0004 "-" 96576 0
Dec 06 22:41:53 np0005549343.novalocal object-server[96909]: ::1 - - [07/Dec/2025:03:41:53 +0000] "PUT /2/983/AUTH_9cb2db62181546998c52314d1567748c/gnocchi.8465cdcb-9eaa-4982-bfa7-391726c5abb1/none_v3" 201 - "PUT https://[::1]:8080/v1/AUTH_9cb2db62181546998c52314d1567748c/gnocchi.8465cdcb-9eaa-4982-bfa7-391726c5abb1/none_v3" "txe97ba4e2e6e440e6aed5f-006934f781" "proxy-server 97857" 0.0202 "-" 96909 0
Dec 06 22:41:53 np0005549343.novalocal proxy-server[97857]: ::1 ::1 07/Dec/2025/03/41/53 PUT /v1/AUTH_9cb2db62181546998c52314d1567748c/gnocchi.8465cdcb-9eaa-4982-bfa7-391726c5abb1/none_v3 HTTP/1.0 201 - python-swiftclient-4.8.0 gAAAAABpNPcx8Tdl... 31 - - txe97ba4e2e6e440e6aed5f-006934f781 - 0.0382 - - 1765078913.281971455 1765078913.320166111 0 0c044fc9f411403aa3ab5cf8f2b14495
Dec 06 22:41:53 np0005549343.novalocal object-server[96910]: ::1 - - [07/Dec/2025:03:41:53 +0000] "GET /3/236764/AUTH_9cb2db62181546998c52314d1567748c/gnocchi.21873fbf-104d-4a13-8f8f-c82943eebfb7/none_v3" 200 22 "GET https://[::1]:8080/v1/AUTH_9cb2db62181546998c52314d1567748c/gnocchi.21873fbf-104d-4a13-8f8f-c82943eebfb7/none_v3" "tx2506f6c1b70e4449a1e87-006934f781" "proxy-server 97857" 0.0010 "-" 96910 0
Dec 06 22:41:53 np0005549343.novalocal proxy-server[97857]: ::1 ::1 07/Dec/2025/03/41/53 GET /v1/AUTH_9cb2db62181546998c52314d1567748c/gnocchi.21873fbf-104d-4a13-8f8f-c82943eebfb7/none_v3 HTTP/1.0 200 - python-swiftclient-4.8.0 gAAAAABpNPcx8Tdl... - 22 - tx2506f6c1b70e4449a1e87-006934f781 - 0.0080 - - 1765078913.335284710 1765078913.343256235 0 0c044fc9f411403aa3ab5cf8f2b14495
Dec 06 22:41:53 np0005549343.novalocal container-server[96575]: ::1 - - [07/Dec/2025:03:41:53 +0000] "GET /3/241683/AUTH_9cb2db62181546998c52314d1567748c/gnocchi.21873fbf-104d-4a13-8f8f-c82943eebfb7" 200 357 "GET https://[::1]:8080/v1/AUTH_9cb2db62181546998c52314d1567748c/gnocchi.21873fbf-104d-4a13-8f8f-c82943eebfb7?format=json&states=listing" "tx9426dd44d96247229d277-006934f781" "proxy-server 97857" 0.0025 "-" 96575 0
Dec 06 22:41:53 np0005549343.novalocal proxy-server[97857]: ::1 ::1 07/Dec/2025/03/41/53 GET /v1/AUTH_9cb2db62181546998c52314d1567748c/gnocchi.21873fbf-104d-4a13-8f8f-c82943eebfb7%3Fformat%3Djson%26states%3Dlisting HTTP/1.0 200 - python-swiftclient-4.8.0 gAAAAABpNPcx8Tdl... - 357 - tx9426dd44d96247229d277-006934f781 - 0.0115 - - 1765078913.346745968 1765078913.358261108 0 0c044fc9f411403aa3ab5cf8f2b14495
Dec 06 22:41:53 np0005549343.novalocal container-server[96576]: ::1 - - [07/Dec/2025:03:41:53 +0000] "GET /2/241683/AUTH_9cb2db62181546998c52314d1567748c/gnocchi.21873fbf-104d-4a13-8f8f-c82943eebfb7" 200 2 "GET https://[::1]:8080/v1/AUTH_9cb2db62181546998c52314d1567748c/gnocchi.21873fbf-104d-4a13-8f8f-c82943eebfb7?format=json&marker=none_v3&states=listing" "tx9445353e025342348a493-006934f781" "proxy-server 97857" 0.0018 "-" 96576 0
Dec 06 22:41:53 np0005549343.novalocal proxy-server[97857]: ::1 ::1 07/Dec/2025/03/41/53 GET /v1/AUTH_9cb2db62181546998c52314d1567748c/gnocchi.21873fbf-104d-4a13-8f8f-c82943eebfb7%3Fformat%3Djson%26marker%3Dnone_v3%26states%3Dlisting HTTP/1.0 200 - python-swiftclient-4.8.0 gAAAAABpNPcx8Tdl... - 2 - tx9445353e025342348a493-006934f781 - 0.0083 - - 1765078913.361084461 1765078913.369415522 0 0c044fc9f411403aa3ab5cf8f2b14495
Dec 06 22:41:53 np0005549343.novalocal object-server[96910]: ::1 - - [07/Dec/2025:03:41:53 +0000] "GET /1/231929/AUTH_9cb2db62181546998c52314d1567748c/gnocchi.21873fbf-104d-4a13-8f8f-c82943eebfb7/1764720000.0_rate%3Amean_300.0_v3" 404 70 "GET https://[::1]:8080/v1/AUTH_9cb2db62181546998c52314d1567748c/gnocchi.21873fbf-104d-4a13-8f8f-c82943eebfb7/1764720000.0_rate%3Amean_300.0_v3" "tx7a269a42beb644f89c4aa-006934f781" "proxy-server 97857" 0.0004 "-" 96910 0
Dec 06 22:41:53 np0005549343.novalocal object-server[96910]: ::1 - - [07/Dec/2025:03:41:53 +0000] "GET /2/231929/AUTH_9cb2db62181546998c52314d1567748c/gnocchi.21873fbf-104d-4a13-8f8f-c82943eebfb7/1764720000.0_rate%3Amean_300.0_v3" 404 70 "GET https://[::1]:8080/v1/AUTH_9cb2db62181546998c52314d1567748c/gnocchi.21873fbf-104d-4a13-8f8f-c82943eebfb7/1764720000.0_rate%3Amean_300.0_v3" "tx7a269a42beb644f89c4aa-006934f781" "proxy-server 97857" 0.0002 "-" 96910 0
