Dec 06 22:41:55 np0005549343.novalocal container-server[96576]: ::1 - - [07/Dec/2025:03:41:55 +0000] "PUT /2/242170/AUTH_9cb2db62181546998c52314d1567748c/gnocchi.233c05ce-40e1-48f3-867c-8ec7394de90d/none_v3" 201 - "PUT http://[::1]:8080/1/250056/AUTH_9cb2db62181546998c52314d1567748c/gnocchi.233c05ce-40e1-48f3-867c-8ec7394de90d/none_v3" "txe7435a1df1b74d6c945e9-006934f783" "object-server 96909" 0.0005 "-" 96576 0
Dec 06 22:41:55 np0005549343.novalocal object-server[96909]: ::1 - - [07/Dec/2025:03:41:55 +0000] "PUT /1/250056/AUTH_9cb2db62181546998c52314d1567748c/gnocchi.233c05ce-40e1-48f3-867c-8ec7394de90d/none_v3" 201 - "PUT https://[::1]:8080/v1/AUTH_9cb2db62181546998c52314d1567748c/gnocchi.233c05ce-40e1-48f3-867c-8ec7394de90d/none_v3" "txe7435a1df1b74d6c945e9-006934f783" "proxy-server 97857" 0.0160 "-" 96909 0
Dec 06 22:41:55 np0005549343.novalocal container-server[96576]: ::1 - - [07/Dec/2025:03:41:55 +0000] "PUT /1/242170/AUTH_9cb2db62181546998c52314d1567748c/gnocchi.233c05ce-40e1-48f3-867c-8ec7394de90d/none_v3" 201 - "PUT http://[::1]:8080/3/250056/AUTH_9cb2db62181546998c52314d1567748c/gnocchi.233c05ce-40e1-48f3-867c-8ec7394de90d/none_v3" "txe7435a1df1b74d6c945e9-006934f783" "object-server 96909" 0.0006 "-" 96576 0
Dec 06 22:41:55 np0005549343.novalocal object-server[96909]: ::1 - - [07/Dec/2025:03:41:55 +0000] "PUT /3/250056/AUTH_9cb2db62181546998c52314d1567748c/gnocchi.233c05ce-40e1-48f3-867c-8ec7394de90d/none_v3" 201 - "PUT https://[::1]:8080/v1/AUTH_9cb2db62181546998c52314d1567748c/gnocchi.233c05ce-40e1-48f3-867c-8ec7394de90d/none_v3" "txe7435a1df1b74d6c945e9-006934f783" "proxy-server 97857" 0.0174 "-" 96909 0
Dec 06 22:41:55 np0005549343.novalocal proxy-server[97857]: ::1 ::1 07/Dec/2025/03/41/55 PUT /v1/AUTH_9cb2db62181546998c52314d1567748c/gnocchi.233c05ce-40e1-48f3-867c-8ec7394de90d/none_v3 HTTP/1.0 201 - python-swiftclient-4.8.0 gAAAAABpNPckgn8e... 32 - - txe7435a1df1b74d6c945e9-006934f783 - 0.0319 - - 1765078915.613387823 1765078915.645262480 0 0c044fc9f411403aa3ab5cf8f2b14495
Dec 06 22:41:55 np0005549343.novalocal container-server[96576]: ::1 - - [07/Dec/2025:03:41:55 +0000] "HEAD /1/119016/AUTH_9cb2db62181546998c52314d1567748c/gnocchi.f8ce4c78-835a-457e-bcc2-806152195196" 204 - "HEAD http://[::1]:8080/v1/AUTH_9cb2db62181546998c52314d1567748c/gnocchi.f8ce4c78-835a-457e-bcc2-806152195196" "tx186fd5d15aeb4c968d315-006934f783" "proxy-server 97857" 0.0013 "-" 96576 0
Dec 06 22:41:55 np0005549343.novalocal proxy-server[97857]: - - 07/Dec/2025/03/41/55 HEAD /v1/AUTH_9cb2db62181546998c52314d1567748c/gnocchi.f8ce4c78-835a-457e-bcc2-806152195196 HTTP/1.0 204 - Swift - - - - tx186fd5d15aeb4c968d315-006934f783 - 0.0079 CS - 1765078915.674052238 1765078915.681963921 0 -
Dec 06 22:41:55 np0005549343.novalocal sudo[105105]: pam_unix(sudo:session): session closed for user root
Dec 06 22:41:55 np0005549343.novalocal systemd[1]: session-c103.scope: Deactivated successfully.
Dec 06 22:41:55 np0005549343.novalocal object-server[96909]: ::1 - - [07/Dec/2025:03:41:55 +0000] "GET /3/23003/AUTH_9cb2db62181546998c52314d1567748c/gnocchi.f8ce4c78-835a-457e-bcc2-806152195196/none_v3" 200 22 "GET https://[::1]:8080/v1/AUTH_9cb2db62181546998c52314d1567748c/gnocchi.f8ce4c78-835a-457e-bcc2-806152195196/none_v3" "tx186fd5d15aeb4c968d315-006934f783" "proxy-server 97857" 0.0007 "-" 96909 0
Dec 06 22:41:55 np0005549343.novalocal proxy-server[97857]: ::1 ::1 07/Dec/2025/03/41/55 GET /v1/AUTH_9cb2db62181546998c52314d1567748c/gnocchi.f8ce4c78-835a-457e-bcc2-806152195196/none_v3 HTTP/1.0 200 - python-swiftclient-4.8.0 gAAAAABpNPckgn8e... - 22 - tx186fd5d15aeb4c968d315-006934f783 - 0.0151 - - 1765078915.673203468 1765078915.688298702 0 0c044fc9f411403aa3ab5cf8f2b14495
Dec 06 22:41:55 np0005549343.novalocal container-server[96575]: ::1 - - [07/Dec/2025:03:41:55 +0000] "GET /1/119016/AUTH_9cb2db62181546998c52314d1567748c/gnocchi.f8ce4c78-835a-457e-bcc2-806152195196" 200 357 "GET https://[::1]:8080/v1/AUTH_9cb2db62181546998c52314d1567748c/gnocchi.f8ce4c78-835a-457e-bcc2-806152195196?format=json&states=listing" "tx2c2c58bdc1d5484586510-006934f783" "proxy-server 97857" 0.0019 "-" 96575 0
Dec 06 22:41:55 np0005549343.novalocal proxy-server[97857]: ::1 ::1 07/Dec/2025/03/41/55 GET /v1/AUTH_9cb2db62181546998c52314d1567748c/gnocchi.f8ce4c78-835a-457e-bcc2-806152195196%3Fformat%3Djson%26states%3Dlisting HTTP/1.0 200 - python-swiftclient-4.8.0 gAAAAABpNPckgn8e... - 357 - tx2c2c58bdc1d5484586510-006934f783 - 0.0074 - - 1765078915.692229033 1765078915.699629545 0 0c044fc9f411403aa3ab5cf8f2b14495
Dec 06 22:41:55 np0005549343.novalocal container-server[96576]: ::1 - - [07/Dec/2025:03:41:55 +0000] "GET /1/119016/AUTH_9cb2db62181546998c52314d1567748c/gnocchi.f8ce4c78-835a-457e-bcc2-806152195196" 200 2 "GET https://[::1]:8080/v1/AUTH_9cb2db62181546998c52314d1567748c/gnocchi.f8ce4c78-835a-457e-bcc2-806152195196?format=json&marker=none_v3&states=listing" "tx6269527e466544758f196-006934f783" "proxy-server 97857" 0.0024 "-" 96576 0
Dec 06 22:41:55 np0005549343.novalocal proxy-server[97857]: ::1 ::1 07/Dec/2025/03/41/55 GET /v1/AUTH_9cb2db62181546998c52314d1567748c/gnocchi.f8ce4c78-835a-457e-bcc2-806152195196%3Fformat%3Djson%26marker%3Dnone_v3%26states%3Dlisting HTTP/1.0 200 - python-swiftclient-4.8.0 gAAAAABpNPckgn8e... - 2 - tx6269527e466544758f196-006934f783 - 0.0080 - - 1765078915.701801062 1765078915.709754944 0 0c044fc9f411403aa3ab5cf8f2b14495
Dec 06 22:41:55 np0005549343.novalocal object-server[96910]: ::1 - - [07/Dec/2025:03:41:55 +0000] "GET /2/186465/AUTH_9cb2db62181546998c52314d1567748c/gnocchi.f8ce4c78-835a-457e-bcc2-806152195196/1764720000.0_rate%3Amean_300.0_v3" 404 70 "GET https://[::1]:8080/v1/AUTH_9cb2db62181546998c52314d1567748c/gnocchi.f8ce4c78-835a-457e-bcc2-806152195196/1764720000.0_rate%3Amean_300.0_v3" "tx1ce97371c48f45d2831ba-006934f783" "proxy-server 97857" 0.0003 "-" 96910 0
Dec 06 22:41:55 np0005549343.novalocal object-server[96909]: ::1 - - [07/Dec/2025:03:41:55 +0000] "GET /3/186465/AUTH_9cb2db62181546998c52314d1567748c/gnocchi.f8ce4c78-835a-457e-bcc2-806152195196/1764720000.0_rate%3Amean_300.0_v3" 404 70 "GET https://[::1]:8080/v1/AUTH_9cb2db62181546998c52314d1567748c/gnocchi.f8ce4c78-835a-457e-bcc2-806152195196/1764720000.0_rate%3Amean_300.0_v3" "tx1ce97371c48f45d2831ba-006934f783" "proxy-server 97857" 0.0004 "-" 96909 0
Dec 06 22:41:55 np0005549343.novalocal object-server[96909]: ::1 - - [07/Dec/2025:03:41:55 +0000] "GET /1/186465/AUTH_9cb2db62181546998c52314d1567748c/gnocchi.f8ce4c78-835a-457e-bcc2-806152195196/1764720000.0_rate%3Amean_300.0_v3" 404 70 "GET https://[::1]:8080/v1/AUTH_9cb2db62181546998c52314d1567748c/gnocchi.f8ce4c78-835a-457e-bcc2-806152195196/1764720000.0_rate%3Amean_300.0_v3" "tx1ce97371c48f45d2831ba-006934f783" "proxy-server 97857" 0.0003 "-" 96909 0
Dec 06 22:41:55 np0005549343.novalocal proxy-server[97857]: ::1 ::1 07/Dec/2025/03/41/55 GET /v1/AUTH_9cb2db62181546998c52314d1567748c/gnocchi.f8ce4c78-835a-457e-bcc2-806152195196/1764720000.0_rate%253Amean_300.0_v3 HTTP/1.0 404 - python-swiftclient-4.8.0 gAAAAABpNPckgn8e... - 70 - tx1ce97371c48f45d2831ba-006934f783 - 0.0103 - - 1765078915.717422485 1765078915.727722168 0 0c044fc9f411403aa3ab5cf8f2b14495
Dec 06 22:41:55 np0005549343.novalocal object-server[96910]: ::1 - - [07/Dec/2025:03:41:55 +0000] "GET /3/1190/AUTH_9cb2db62181546998c52314d1567748c/gnocchi.f8ce4c78-835a-457e-bcc2-806152195196/1764720000.0_mean_300.0_v3" 200 16 "GET https://[::1]:8080/v1/AUTH_9cb2db62181546998c52314d1567748c/gnocchi.f8ce4c78-835a-457e-bcc2-806152195196/1764720000.0_mean_300.0_v3" "tx90dac51c1692466898a37-006934f783" "proxy-server 97857" 0.0006 "-" 96910 0
Dec 06 22:41:55 np0005549343.novalocal proxy-server[97857]: ::1 ::1 07/Dec/2025/03/41/55 GET /v1/AUTH_9cb2db62181546998c52314d1567748c/gnocchi.f8ce4c78-835a-457e-bcc2-806152195196/1764720000.0_mean_300.0_v3 HTTP/1.0 200 - python-swiftclient-4.8.0 gAAAAABpNPckgn8e... - 16 - tx90dac51c1692466898a37-006934f783 - 0.0059 - - 1765078915.734635353 1765078915.740516663 0 0c044fc9f411403aa3ab5cf8f2b14495
Dec 06 22:41:55 np0005549343.novalocal container-server[96576]: ::1 - - [07/Dec/2025:03:41:55 +0000] "PUT /1/119016/AUTH_9cb2db62181546998c52314d1567748c/gnocchi.f8ce4c78-835a-457e-bcc2-806152195196/1764720000.0_rate%3Amean_300.0_v3" 201 - "PUT http://[::1]:8080/1/186465/AUTH_9cb2db62181546998c52314d1567748c/gnocchi.f8ce4c78-835a-457e-bcc2-806152195196/1764720000.0_rate%3Amean_300.0_v3" "txb10410a7ce2843bbbce20-006934f783" "object-server 96910" 0.0007 "-" 96576 0
Dec 06 22:41:55 np0005549343.novalocal object-server[96910]: ::1 - - [07/Dec/2025:03:41:55 +0000] "PUT /1/186465/AUTH_9cb2db62181546998c52314d1567748c/gnocchi.f8ce4c78-835a-457e-bcc2-806152195196/1764720000.0_rate%3Amean_300.0_v3" 201 - "PUT https://[::1]:8080/v1/AUTH_9cb2db62181546998c52314d1567748c/gnocchi.f8ce4c78-835a-457e-bcc2-806152195196/1764720000.0_rate%3Amean_300.0_v3" "txb10410a7ce2843bbbce20-006934f783" "proxy-server 97857" 0.0097 "-" 96910 0
Dec 06 22:41:55 np0005549343.novalocal container-server[96576]: ::1 - - [07/Dec/2025:03:41:55 +0000] "PUT /2/119016/AUTH_9cb2db62181546998c52314d1567748c/gnocchi.f8ce4c78-835a-457e-bcc2-806152195196/1764720000.0_rate%3Amean_300.0_v3" 201 - "PUT http://[::1]:8080/2/186465/AUTH_9cb2db62181546998c52314d1567748c/gnocchi.f8ce4c78-835a-457e-bcc2-806152195196/1764720000.0_rate%3Amean_300.0_v3" "txb10410a7ce2843bbbce20-006934f783" "object-server 96909" 0.0004 "-" 96576 0
Dec 06 22:41:55 np0005549343.novalocal object-server[96909]: ::1 - - [07/Dec/2025:03:41:55 +0000] "PUT /2/186465/AUTH_9cb2db62181546998c52314d1567748c/gnocchi.f8ce4c78-835a-457e-bcc2-806152195196/1764720000.0_rate%3Amean_300.0_v3" 201 - "PUT https://[::1]:8080/v1/AUTH_9cb2db62181546998c52314d1567748c/gnocchi.f8ce4c78-835a-457e-bcc2-806152195196/1764720000.0_rate%3Amean_300.0_v3" "txb10410a7ce2843bbbce20-006934f783" "proxy-server 97857" 0.0097 "-" 96909 0
Dec 06 22:41:55 np0005549343.novalocal container-server[96576]: ::1 - - [07/Dec/2025:03:41:55 +0000] "PUT /3/119016/AUTH_9cb2db62181546998c52314d1567748c/gnocchi.f8ce4c78-835a-457e-bcc2-806152195196/1764720000.0_rate%3Amean_300.0_v3" 201 - "PUT http://[::1]:8080/3/186465/AUTH_9cb2db62181546998c52314d1567748c/gnocchi.f8ce4c78-835a-457e-bcc2-806152195196/1764720000.0_rate%3Amean_300.0_v3" "txb10410a7ce2843bbbce20-006934f783" "object-server 96909" 0.0003 "-" 96576 0
Dec 06 22:41:55 np0005549343.novalocal object-server[96909]: ::1 - - [07/Dec/2025:03:41:55 +0000] "PUT /3/186465/AUTH_9cb2db62181546998c52314d1567748c/gnocchi.f8ce4c78-835a-457e-bcc2-806152195196/1764720000.0_rate%3Amean_300.0_v3" 201 - "PUT https://[::1]:8080/v1/AUTH_9cb2db62181546998c52314d1567748c/gnocchi.f8ce4c78-835a-457e-bcc2-806152195196/1764720000.0_rate%3Amean_300.0_v3" "txb10410a7ce2843bbbce20-006934f783" "proxy-server 97857" 0.0120 "-" 96909 0
Dec 06 22:41:55 np0005549343.novalocal proxy-server[97857]: ::1 ::1 07/Dec/2025/03/41/55 PUT /v1/AUTH_9cb2db62181546998c52314d1567748c/gnocchi.f8ce4c78-835a-457e-bcc2-806152195196/1764720000.0_rate%253Amean_300.0_v3 HTTP/1.0 201 - python-swiftclient-4.8.0 gAAAAABpNPckgn8e... 16 - - txb10410a7ce2843bbbce20-006934f783 - 0.0180 - - 1765078915.744581461 1765078915.762573004 0 0c044fc9f411403aa3ab5cf8f2b14495
Dec 06 22:41:55 np0005549343.novalocal sudo[105115]: cinder : PWD=/ ; USER=root ; COMMAND=/usr/bin/cinder-rootwrap /etc/cinder/rootwrap.conf env LC_ALL=C qemu-img info -f luks --output=json /var/lib/cinder/conversion/image_download_d1cf3290-a09f-474b-b958-c7322b20f67a_81jsm2jr
Dec 06 22:41:55 np0005549343.novalocal container-server[96575]: ::1 - - [07/Dec/2025:03:41:55 +0000] "PUT /2/119016/AUTH_9cb2db62181546998c52314d1567748c/gnocchi.f8ce4c78-835a-457e-bcc2-806152195196/1764720000.0_mean_300.0_v3" 201 - "PUT http://[::1]:8080/3/1190/AUTH_9cb2db62181546998c52314d1567748c/gnocchi.f8ce4c78-835a-457e-bcc2-806152195196/1764720000.0_mean_300.0_v3" "tx2b47e87377c44b8496ace-006934f783" "object-server 96910" 0.0005 "-" 96575 0
Dec 06 22:41:55 np0005549343.novalocal object-server[96910]: ::1 - - [07/Dec/2025:03:41:55 +0000] "PUT /3/1190/AUTH_9cb2db62181546998c52314d1567748c/gnocchi.f8ce4c78-835a-457e-bcc2-806152195196/1764720000.0_mean_300.0_v3" 201 - "PUT https://[::1]:8080/v1/AUTH_9cb2db62181546998c52314d1567748c/gnocchi.f8ce4c78-835a-457e-bcc2-806152195196/1764720000.0_mean_300.0_v3" "tx2b47e87377c44b8496ace-006934f783" "proxy-server 97857" 0.0121 "-" 96910 0
Dec 06 22:41:55 np0005549343.novalocal container-server[96576]: ::1 - - [07/Dec/2025:03:41:55 +0000] "PUT /3/119016/AUTH_9cb2db62181546998c52314d1567748c/gnocchi.f8ce4c78-835a-457e-bcc2-806152195196/1764720000.0_mean_300.0_v3" 201 - "PUT http://[::1]:8080/1/1190/AUTH_9cb2db62181546998c52314d1567748c/gnocchi.f8ce4c78-835a-457e-bcc2-806152195196/1764720000.0_mean_300.0_v3" "tx2b47e87377c44b8496ace-006934f783" "object-server 96910" 0.0005 "-" 96576 0
Dec 06 22:41:55 np0005549343.novalocal container-server[96575]: ::1 - - [07/Dec/2025:03:41:55 +0000] "PUT /1/119016/AUTH_9cb2db62181546998c52314d1567748c/gnocchi.f8ce4c78-835a-457e-bcc2-806152195196/1764720000.0_mean_300.0_v3" 201 - "PUT http://[::1]:8080/2/1190/AUTH_9cb2db62181546998c52314d1567748c/gnocchi.f8ce4c78-835a-457e-bcc2-806152195196/1764720000.0_mean_300.0_v3" "tx2b47e87377c44b8496ace-006934f783" "object-server 96909" 0.0004 "-" 96575 0
Dec 06 22:41:55 np0005549343.novalocal object-server[96910]: ::1 - - [07/Dec/2025:03:41:55 +0000] "PUT /1/1190/AUTH_9cb2db62181546998c52314d1567748c/gnocchi.f8ce4c78-835a-457e-bcc2-806152195196/1764720000.0_mean_300.0_v3" 201 - "PUT https://[::1]:8080/v1/AUTH_9cb2db62181546998c52314d1567748c/gnocchi.f8ce4c78-835a-457e-bcc2-806152195196/1764720000.0_mean_300.0_v3" "tx2b47e87377c44b8496ace-006934f783" "proxy-server 97857" 0.0110 "-" 96910 0
Dec 06 22:41:55 np0005549343.novalocal object-server[96909]: ::1 - - [07/Dec/2025:03:41:55 +0000] "PUT /2/1190/AUTH_9cb2db62181546998c52314d1567748c/gnocchi.f8ce4c78-835a-457e-bcc2-806152195196/1764720000.0_mean_300.0_v3" 201 - "PUT https://[::1]:8080/v1/AUTH_9cb2db62181546998c52314d1567748c/gnocchi.f8ce4c78-835a-457e-bcc2-806152195196/1764720000.0_mean_300.0_v3" "tx2b47e87377c44b8496ace-006934f783" "proxy-server 97857" 0.0112 "-" 96909 0
Dec 06 22:41:55 np0005549343.novalocal proxy-server[97857]: ::1 ::1 07/Dec/2025/03/41/55 PUT /v1/AUTH_9cb2db62181546998c52314d1567748c/gnocchi.f8ce4c78-835a-457e-bcc2-806152195196/1764720000.0_mean_300.0_v3 HTTP/1.0 201 - python-swiftclient-4.8.0 gAAAAABpNPckgn8e... 16 - - tx2b47e87377c44b8496ace-006934f783 - 0.0208 - - 1765078915.766117811 1765078915.786895990 0 0c044fc9f411403aa3ab5cf8f2b14495
Dec 06 22:41:55 np0005549343.novalocal systemd[1]: Started Session c104 of User root.
Dec 06 22:41:55 np0005549343.novalocal sudo[105115]: pam_unix(sudo:session): session opened for user root(uid=0) by (uid=165)
Dec 06 22:41:55 np0005549343.novalocal container-server[96575]: ::1 - - [07/Dec/2025:03:41:55 +0000] "PUT /1/119016/AUTH_9cb2db62181546998c52314d1567748c/gnocchi.f8ce4c78-835a-457e-bcc2-806152195196/none_v3" 201 - "PUT http://[::1]:8080/3/23003/AUTH_9cb2db62181546998c52314d1567748c/gnocchi.f8ce4c78-835a-457e-bcc2-806152195196/none_v3" "txcf517d3268ea4dc9a6eb2-006934f783" "object-server 96910" 0.0004 "-" 96575 0
Dec 06 22:41:55 np0005549343.novalocal object-server[96910]: ::1 - - [07/Dec/2025:03:41:55 +0000] "PUT /3/23003/AUTH_9cb2db62181546998c52314d1567748c/gnocchi.f8ce4c78-835a-457e-bcc2-806152195196/none_v3" 201 - "PUT https://[::1]:8080/v1/AUTH_9cb2db62181546998c52314d1567748c/gnocchi.f8ce4c78-835a-457e-bcc2-806152195196/none_v3" "txcf517d3268ea4dc9a6eb2-006934f783" "proxy-server 97857" 0.0089 "-" 96910 0
Dec 06 22:41:55 np0005549343.novalocal container-server[96575]: ::1 - - [07/Dec/2025:03:41:55 +0000] "PUT /2/119016/AUTH_9cb2db62181546998c52314d1567748c/gnocchi.f8ce4c78-835a-457e-bcc2-806152195196/none_v3" 201 - "PUT http://[::1]:8080/1/23003/AUTH_9cb2db62181546998c52314d1567748c/gnocchi.f8ce4c78-835a-457e-bcc2-806152195196/none_v3" "txcf517d3268ea4dc9a6eb2-006934f783" "object-server 96909" 0.0003 "-" 96575 0
Dec 06 22:41:55 np0005549343.novalocal container-server[96576]: ::1 - - [07/Dec/2025:03:41:55 +0000] "PUT /3/119016/AUTH_9cb2db62181546998c52314d1567748c/gnocchi.f8ce4c78-835a-457e-bcc2-806152195196/none_v3" 201 - "PUT http://[::1]:8080/2/23003/AUTH_9cb2db62181546998c52314d1567748c/gnocchi.f8ce4c78-835a-457e-bcc2-806152195196/none_v3" "txcf517d3268ea4dc9a6eb2-006934f783" "object-server 96910" 0.0005 "-" 96576 0
Dec 06 22:41:55 np0005549343.novalocal object-server[96910]: ::1 - - [07/Dec/2025:03:41:55 +0000] "PUT /2/23003/AUTH_9cb2db62181546998c52314d1567748c/gnocchi.f8ce4c78-835a-457e-bcc2-806152195196/none_v3" 201 - "PUT https://[::1]:8080/v1/AUTH_9cb2db62181546998c52314d1567748c/gnocchi.f8ce4c78-835a-457e-bcc2-806152195196/none_v3" "txcf517d3268ea4dc9a6eb2-006934f783" "proxy-server 97857" 0.0116 "-" 96910 0
Dec 06 22:41:55 np0005549343.novalocal object-server[96909]: ::1 - - [07/Dec/2025:03:41:55 +0000] "PUT /1/23003/AUTH_9cb2db62181546998c52314d1567748c/gnocchi.f8ce4c78-835a-457e-bcc2-806152195196/none_v3" 201 - "PUT https://[::1]:8080/v1/AUTH_9cb2db62181546998c52314d1567748c/gnocchi.f8ce4c78-835a-457e-bcc2-806152195196/none_v3" "txcf517d3268ea4dc9a6eb2-006934f783" "proxy-server 97857" 0.0092 "-" 96909 0
Dec 06 22:41:55 np0005549343.novalocal proxy-server[97857]: ::1 ::1 07/Dec/2025/03/41/55 PUT /v1/AUTH_9cb2db62181546998c52314d1567748c/gnocchi.f8ce4c78-835a-457e-bcc2-806152195196/none_v3 HTTP/1.0 201 - python-swiftclient-4.8.0 gAAAAABpNPckgn8e... 35 - - txcf517d3268ea4dc9a6eb2-006934f783 - 0.0189 - - 1765078915.790576935 1765078915.809470654 0 0c044fc9f411403aa3ab5cf8f2b14495
Dec 06 22:41:55 np0005549343.novalocal container-server[96576]: ::1 - - [07/Dec/2025:03:41:55 +0000] "HEAD /3/260392/AUTH_9cb2db62181546998c52314d1567748c/gnocchi.f5210e58-e9f4-48de-9cab-541f57fa972a" 204 - "HEAD http://[::1]:8080/v1/AUTH_9cb2db62181546998c52314d1567748c/gnocchi.f5210e58-e9f4-48de-9cab-541f57fa972a" "txcc39fefc06f44625b92d1-006934f783" "proxy-server 97857" 0.0013 "-" 96576 0
Dec 06 22:41:55 np0005549343.novalocal proxy-server[97857]: - - 07/Dec/2025/03/41/55 HEAD /v1/AUTH_9cb2db62181546998c52314d1567748c/gnocchi.f5210e58-e9f4-48de-9cab-541f57fa972a HTTP/1.0 204 - Swift - - - - txcc39fefc06f44625b92d1-006934f783 - 0.0062 CS - 1765078915.840060949 1765078915.846216917 0 -
Dec 06 22:41:55 np0005549343.novalocal object-server[96909]: ::1 - - [07/Dec/2025:03:41:55 +0000] "GET /1/261841/AUTH_9cb2db62181546998c52314d1567748c/gnocchi.f5210e58-e9f4-48de-9cab-541f57fa972a/none_v3" 200 22 "GET https://[::1]:8080/v1/AUTH_9cb2db62181546998c52314d1567748c/gnocchi.f5210e58-e9f4-48de-9cab-541f57fa972a/none_v3" "txcc39fefc06f44625b92d1-006934f783" "proxy-server 97857" 0.0006 "-" 96909 0
Dec 06 22:41:55 np0005549343.novalocal proxy-server[97857]: ::1 ::1 07/Dec/2025/03/41/55 GET /v1/AUTH_9cb2db62181546998c52314d1567748c/gnocchi.f5210e58-e9f4-48de-9cab-541f57fa972a/none_v3 HTTP/1.0 200 - python-swiftclient-4.8.0 gAAAAABpNPckgn8e... - 22 - txcc39fefc06f44625b92d1-006934f783 - 0.0125 - - 1765078915.839282036 1765078915.851752043 0 0c044fc9f411403aa3ab5cf8f2b14495
Dec 06 22:41:55 np0005549343.novalocal container-server[96576]: ::1 - - [07/Dec/2025:03:41:55 +0000] "GET /1/260392/AUTH_9cb2db62181546998c52314d1567748c/gnocchi.f5210e58-e9f4-48de-9cab-541f57fa972a" 200 357 "GET https://[::1]:8080/v1/AUTH_9cb2db62181546998c52314d1567748c/gnocchi.f5210e58-e9f4-48de-9cab-541f57fa972a?format=json&states=listing" "tx992143c8db2843229a90a-006934f783" "proxy-server 97857" 0.0022 "-" 96576 0
Dec 06 22:41:55 np0005549343.novalocal proxy-server[97857]: ::1 ::1 07/Dec/2025/03/41/55 GET /v1/AUTH_9cb2db62181546998c52314d1567748c/gnocchi.f5210e58-e9f4-48de-9cab-541f57fa972a%3Fformat%3Djson%26states%3Dlisting HTTP/1.0 200 - python-swiftclient-4.8.0 gAAAAABpNPckgn8e... - 357 - tx992143c8db2843229a90a-006934f783 - 0.0083 - - 1765078915.854563236 1765078915.862904549 0 0c044fc9f411403aa3ab5cf8f2b14495
Dec 06 22:41:55 np0005549343.novalocal container-server[96575]: ::1 - - [07/Dec/2025:03:41:55 +0000] "GET /2/260392/AUTH_9cb2db62181546998c52314d1567748c/gnocchi.f5210e58-e9f4-48de-9cab-541f57fa972a" 200 2 "GET https://[::1]:8080/v1/AUTH_9cb2db62181546998c52314d1567748c/gnocchi.f5210e58-e9f4-48de-9cab-541f57fa972a?format=json&marker=none_v3&states=listing" "txf15d126de34249a0b7aa7-006934f783" "proxy-server 97857" 0.0018 "-" 96575 0
Dec 06 22:41:55 np0005549343.novalocal proxy-server[97857]: ::1 ::1 07/Dec/2025/03/41/55 GET /v1/AUTH_9cb2db62181546998c52314d1567748c/gnocchi.f5210e58-e9f4-48de-9cab-541f57fa972a%3Fformat%3Djson%26marker%3Dnone_v3%26states%3Dlisting HTTP/1.0 200 - python-swiftclient-4.8.0 gAAAAABpNPckgn8e... - 2 - txf15d126de34249a0b7aa7-006934f783 - 0.0066 - - 1765078915.864677906 1765078915.871318579 0 0c044fc9f411403aa3ab5cf8f2b14495
Dec 06 22:41:55 np0005549343.novalocal object-server[96909]: ::1 - - [07/Dec/2025:03:41:55 +0000] "GET /2/106982/AUTH_9cb2db62181546998c52314d1567748c/gnocchi.f5210e58-e9f4-48de-9cab-541f57fa972a/1764720000.0_mean_300.0_v3" 200 16 "GET https://[::1]:8080/v1/AUTH_9cb2db62181546998c52314d1567748c/gnocchi.f5210e58-e9f4-48de-9cab-541f57fa972a/1764720000.0_mean_300.0_v3" "txca8de2880d4547ad8e8e2-006934f783" "proxy-server 97857" 0.0006 "-" 96909 0
Dec 06 22:41:55 np0005549343.novalocal proxy-server[97857]: ::1 ::1 07/Dec/2025/03/41/55 GET /v1/AUTH_9cb2db62181546998c52314d1567748c/gnocchi.f5210e58-e9f4-48de-9cab-541f57fa972a/1764720000.0_mean_300.0_v3 HTTP/1.0 200 - python-swiftclient-4.8.0 gAAAAABpNPckgn8e... - 16 - txca8de2880d4547ad8e8e2-006934f783 - 0.0053 - - 1765078915.873731375 1765078915.879061460 0 0c044fc9f411403aa3ab5cf8f2b14495
Dec 06 22:41:55 np0005549343.novalocal container-server[96576]: ::1 - - [07/Dec/2025:03:41:55 +0000] "PUT /1/260392/AUTH_9cb2db62181546998c52314d1567748c/gnocchi.f5210e58-e9f4-48de-9cab-541f57fa972a/1764720000.0_mean_300.0_v3" 201 - "PUT http://[::1]:8080/1/106982/AUTH_9cb2db62181546998c52314d1567748c/gnocchi.f5210e58-e9f4-48de-9cab-541f57fa972a/1764720000.0_mean_300.0_v3" "tx1adb9a63ed114febbb8e7-006934f783" "object-server 96909" 0.0009 "-" 96576 0
Dec 06 22:41:55 np0005549343.novalocal object-server[96909]: ::1 - - [07/Dec/2025:03:41:55 +0000] "PUT /1/106982/AUTH_9cb2db62181546998c52314d1567748c/gnocchi.f5210e58-e9f4-48de-9cab-541f57fa972a/1764720000.0_mean_300.0_v3" 201 - "PUT https://[::1]:8080/v1/AUTH_9cb2db62181546998c52314d1567748c/gnocchi.f5210e58-e9f4-48de-9cab-541f57fa972a/1764720000.0_mean_300.0_v3" "tx1adb9a63ed114febbb8e7-006934f783" "proxy-server 97857" 0.0098 "-" 96909 0
Dec 06 22:41:55 np0005549343.novalocal container-server[96575]: ::1 - - [07/Dec/2025:03:41:55 +0000] "PUT /3/260392/AUTH_9cb2db62181546998c52314d1567748c/gnocchi.f5210e58-e9f4-48de-9cab-541f57fa972a/1764720000.0_mean_300.0_v3" 201 - "PUT http://[::1]:8080/2/106982/AUTH_9cb2db62181546998c52314d1567748c/gnocchi.f5210e58-e9f4-48de-9cab-541f57fa972a/1764720000.0_mean_300.0_v3" "tx1adb9a63ed114febbb8e7-006934f783" "object-server 96910" 0.0010 "-" 96575 0
Dec 06 22:41:55 np0005549343.novalocal object-server[96910]: ::1 - - [07/Dec/2025:03:41:55 +0000] "PUT /2/106982/AUTH_9cb2db62181546998c52314d1567748c/gnocchi.f5210e58-e9f4-48de-9cab-541f57fa972a/1764720000.0_mean_300.0_v3" 201 - "PUT https://[::1]:8080/v1/AUTH_9cb2db62181546998c52314d1567748c/gnocchi.f5210e58-e9f4-48de-9cab-541f57fa972a/1764720000.0_mean_300.0_v3" "tx1adb9a63ed114febbb8e7-006934f783" "proxy-server 97857" 0.0141 "-" 96910 0
Dec 06 22:41:55 np0005549343.novalocal container-server[96575]: ::1 - - [07/Dec/2025:03:41:55 +0000] "PUT /2/260392/AUTH_9cb2db62181546998c52314d1567748c/gnocchi.f5210e58-e9f4-48de-9cab-541f57fa972a/1764720000.0_mean_300.0_v3" 201 - "PUT http://[::1]:8080/3/106982/AUTH_9cb2db62181546998c52314d1567748c/gnocchi.f5210e58-e9f4-48de-9cab-541f57fa972a/1764720000.0_mean_300.0_v3" "tx1adb9a63ed114febbb8e7-006934f783" "object-server 96909" 0.0006 "-" 96575 0
Dec 06 22:41:55 np0005549343.novalocal object-server[96909]: ::1 - - [07/Dec/2025:03:41:55 +0000] "PUT /3/106982/AUTH_9cb2db62181546998c52314d1567748c/gnocchi.f5210e58-e9f4-48de-9cab-541f57fa972a/1764720000.0_mean_300.0_v3" 201 - "PUT https://[::1]:8080/v1/AUTH_9cb2db62181546998c52314d1567748c/gnocchi.f5210e58-e9f4-48de-9cab-541f57fa972a/1764720000.0_mean_300.0_v3" "tx1adb9a63ed114febbb8e7-006934f783" "proxy-server 97857" 0.0173 "-" 96909 0
Dec 06 22:41:55 np0005549343.novalocal proxy-server[97857]: ::1 ::1 07/Dec/2025/03/41/55 PUT /v1/AUTH_9cb2db62181546998c52314d1567748c/gnocchi.f5210e58-e9f4-48de-9cab-541f57fa972a/1764720000.0_mean_300.0_v3 HTTP/1.0 201 - python-swiftclient-4.8.0 gAAAAABpNPckgn8e... 16 - - tx1adb9a63ed114febbb8e7-006934f783 - 0.0234 - - 1765078915.881274223 1765078915.904635191 0 0c044fc9f411403aa3ab5cf8f2b14495
Dec 06 22:41:55 np0005549343.novalocal container-server[96575]: ::1 - - [07/Dec/2025:03:41:55 +0000] "PUT /2/260392/AUTH_9cb2db62181546998c52314d1567748c/gnocchi.f5210e58-e9f4-48de-9cab-541f57fa972a/none_v3" 201 - "PUT http://[::1]:8080/3/261841/AUTH_9cb2db62181546998c52314d1567748c/gnocchi.f5210e58-e9f4-48de-9cab-541f57fa972a/none_v3" "tx38b02f66539f48d1bf282-006934f783" "object-server 96910" 0.0006 "-" 96575 0
Dec 06 22:41:55 np0005549343.novalocal object-server[96910]: ::1 - - [07/Dec/2025:03:41:55 +0000] "PUT /3/261841/AUTH_9cb2db62181546998c52314d1567748c/gnocchi.f5210e58-e9f4-48de-9cab-541f57fa972a/none_v3" 201 - "PUT https://[::1]:8080/v1/AUTH_9cb2db62181546998c52314d1567748c/gnocchi.f5210e58-e9f4-48de-9cab-541f57fa972a/none_v3" "tx38b02f66539f48d1bf282-006934f783" "proxy-server 97857" 0.0095 "-" 96910 0
Dec 06 22:41:55 np0005549343.novalocal container-server[96575]: ::1 - - [07/Dec/2025:03:41:55 +0000] "PUT /1/260392/AUTH_9cb2db62181546998c52314d1567748c/gnocchi.f5210e58-e9f4-48de-9cab-541f57fa972a/none_v3" 201 - "PUT http://[::1]:8080/1/261841/AUTH_9cb2db62181546998c52314d1567748c/gnocchi.f5210e58-e9f4-48de-9cab-541f57fa972a/none_v3" "tx38b02f66539f48d1bf282-006934f783" "object-server 96909" 0.0005 "-" 96575 0
Dec 06 22:41:55 np0005549343.novalocal object-server[96909]: ::1 - - [07/Dec/2025:03:41:55 +0000] "PUT /1/261841/AUTH_9cb2db62181546998c52314d1567748c/gnocchi.f5210e58-e9f4-48de-9cab-541f57fa972a/none_v3" 201 - "PUT https://[::1]:8080/v1/AUTH_9cb2db62181546998c52314d1567748c/gnocchi.f5210e58-e9f4-48de-9cab-541f57fa972a/none_v3" "tx38b02f66539f48d1bf282-006934f783" "proxy-server 97857" 0.0097 "-" 96909 0
Dec 06 22:41:55 np0005549343.novalocal container-server[96575]: ::1 - - [07/Dec/2025:03:41:55 +0000] "PUT /3/260392/AUTH_9cb2db62181546998c52314d1567748c/gnocchi.f5210e58-e9f4-48de-9cab-541f57fa972a/none_v3" 201 - "PUT http://[::1]:8080/2/261841/AUTH_9cb2db62181546998c52314d1567748c/gnocchi.f5210e58-e9f4-48de-9cab-541f57fa972a/none_v3" "tx38b02f66539f48d1bf282-006934f783" "object-server 96909" 0.0005 "-" 96575 0
Dec 06 22:41:55 np0005549343.novalocal object-server[96909]: ::1 - - [07/Dec/2025:03:41:55 +0000] "PUT /2/261841/AUTH_9cb2db62181546998c52314d1567748c/gnocchi.f5210e58-e9f4-48de-9cab-541f57fa972a/none_v3" 201 - "PUT https://[::1]:8080/v1/AUTH_9cb2db62181546998c52314d1567748c/gnocchi.f5210e58-e9f4-48de-9cab-541f57fa972a/none_v3" "tx38b02f66539f48d1bf282-006934f783" "proxy-server 97857" 0.0152 "-" 96909 0
Dec 06 22:41:55 np0005549343.novalocal proxy-server[97857]: ::1 ::1 07/Dec/2025/03/41/55 PUT /v1/AUTH_9cb2db62181546998c52314d1567748c/gnocchi.f5210e58-e9f4-48de-9cab-541f57fa972a/none_v3 HTTP/1.0 201 - python-swiftclient-4.8.0 gAAAAABpNPckgn8e... 34 - - tx38b02f66539f48d1bf282-006934f783 - 0.0210 - - 1765078915.906818628 1765078915.927788734 0 0c044fc9f411403aa3ab5cf8f2b14495
Dec 06 22:41:55 np0005549343.novalocal container-server[96575]: ::1 - - [07/Dec/2025:03:41:55 +0000] "HEAD /3/244507/AUTH_9cb2db62181546998c52314d1567748c/gnocchi.8099b8c6-4db5-497f-8d1b-427134423aae" 204 - "HEAD http://[::1]:8080/v1/AUTH_9cb2db62181546998c52314d1567748c/gnocchi.8099b8c6-4db5-497f-8d1b-427134423aae" "txf1d859a73957416690815-006934f783" "proxy-server 97857" 0.0016 "-" 96575 0
Dec 06 22:41:55 np0005549343.novalocal proxy-server[97857]: - - 07/Dec/2025/03/41/55 HEAD /v1/AUTH_9cb2db62181546998c52314d1567748c/gnocchi.8099b8c6-4db5-497f-8d1b-427134423aae HTTP/1.0 204 - Swift - - - - txf1d859a73957416690815-006934f783 - 0.0048 CS - 1765078915.946474075 1765078915.951281548 0 -
Dec 06 22:41:55 np0005549343.novalocal object-server[96909]: ::1 - - [07/Dec/2025:03:41:55 +0000] "GET /1/231724/AUTH_9cb2db62181546998c52314d1567748c/gnocchi.8099b8c6-4db5-497f-8d1b-427134423aae/none_v3" 200 22 "GET https://[::1]:8080/v1/AUTH_9cb2db62181546998c52314d1567748c/gnocchi.8099b8c6-4db5-497f-8d1b-427134423aae/none_v3" "txf1d859a73957416690815-006934f783" "proxy-server 97857" 0.0006 "-" 96909 0
Dec 06 22:41:55 np0005549343.novalocal proxy-server[97857]: ::1 ::1 07/Dec/2025/03/41/55 GET /v1/AUTH_9cb2db62181546998c52314d1567748c/gnocchi.8099b8c6-4db5-497f-8d1b-427134423aae/none_v3 HTTP/1.0 200 - python-swiftclient-4.8.0 gAAAAABpNPckgn8e... - 22 - txf1d859a73957416690815-006934f783 - 0.0110 - - 1765078915.945790768 1765078915.956767797 0 0c044fc9f411403aa3ab5cf8f2b14495
Dec 06 22:41:55 np0005549343.novalocal container-server[96575]: ::1 - - [07/Dec/2025:03:41:55 +0000] "GET /2/244507/AUTH_9cb2db62181546998c52314d1567748c/gnocchi.8099b8c6-4db5-497f-8d1b-427134423aae" 200 357 "GET https://[::1]:8080/v1/AUTH_9cb2db62181546998c52314d1567748c/gnocchi.8099b8c6-4db5-497f-8d1b-427134423aae?format=json&states=listing" "tx2f0536a40d1549b2a0a99-006934f783" "proxy-server 97857" 0.0029 "-" 96575 0
Dec 06 22:41:55 np0005549343.novalocal proxy-server[97857]: ::1 ::1 07/Dec/2025/03/41/55 GET /v1/AUTH_9cb2db62181546998c52314d1567748c/gnocchi.8099b8c6-4db5-497f-8d1b-427134423aae%3Fformat%3Djson%26states%3Dlisting HTTP/1.0 200 - python-swiftclient-4.8.0 gAAAAABpNPckgn8e... - 357 - tx2f0536a40d1549b2a0a99-006934f783 - 0.0167 - - 1765078915.959453106 1765078915.976133108 0 0c044fc9f411403aa3ab5cf8f2b14495
Dec 06 22:41:55 np0005549343.novalocal container-server[96575]: ::1 - - [07/Dec/2025:03:41:55 +0000] "GET /3/244507/AUTH_9cb2db62181546998c52314d1567748c/gnocchi.8099b8c6-4db5-497f-8d1b-427134423aae" 200 2 "GET https://[::1]:8080/v1/AUTH_9cb2db62181546998c52314d1567748c/gnocchi.8099b8c6-4db5-497f-8d1b-427134423aae?format=json&marker=none_v3&states=listing" "txca9bc3ff92fb4fc88874f-006934f783" "proxy-server 97857" 0.0024 "-" 96575 0
Dec 06 22:41:55 np0005549343.novalocal proxy-server[97857]: ::1 ::1 07/Dec/2025/03/41/55 GET /v1/AUTH_9cb2db62181546998c52314d1567748c/gnocchi.8099b8c6-4db5-497f-8d1b-427134423aae%3Fformat%3Djson%26marker%3Dnone_v3%26states%3Dlisting HTTP/1.0 200 - python-swiftclient-4.8.0 gAAAAABpNPckgn8e... - 2 - txca9bc3ff92fb4fc88874f-006934f783 - 0.0107 - - 1765078915.978105068 1765078915.988813162 0 0c044fc9f411403aa3ab5cf8f2b14495
Dec 06 22:41:55 np0005549343.novalocal object-server[96910]: ::1 - - [07/Dec/2025:03:41:55 +0000] "GET /1/117122/AUTH_9cb2db62181546998c52314d1567748c/gnocchi.8099b8c6-4db5-497f-8d1b-427134423aae/1764720000.0_rate%3Amean_300.0_v3" 404 70 "GET https://[::1]:8080/v1/AUTH_9cb2db62181546998c52314d1567748c/gnocchi.8099b8c6-4db5-497f-8d1b-427134423aae/1764720000.0_rate%3Amean_300.0_v3" "tx4c93387e959e498783889-006934f783" "proxy-server 97857" 0.0003 "-" 96910 0
Dec 06 22:41:55 np0005549343.novalocal object-server[96909]: ::1 - - [07/Dec/2025:03:41:55 +0000] "GET /2/117122/AUTH_9cb2db62181546998c52314d1567748c/gnocchi.8099b8c6-4db5-497f-8d1b-427134423aae/1764720000.0_rate%3Amean_300.0_v3" 404 70 "GET https://[::1]:8080/v1/AUTH_9cb2db62181546998c52314d1567748c/gnocchi.8099b8c6-4db5-497f-8d1b-427134423aae/1764720000.0_rate%3Amean_300.0_v3" "tx4c93387e959e498783889-006934f783" "proxy-server 97857" 0.0003 "-" 96909 0
Dec 06 22:41:56 np0005549343.novalocal object-server[96909]: ::1 - - [07/Dec/2025:03:41:56 +0000] "GET /3/117122/AUTH_9cb2db62181546998c52314d1567748c/gnocchi.8099b8c6-4db5-497f-8d1b-427134423aae/1764720000.0_rate%3Amean_300.0_v3" 404 70 "GET https://[::1]:8080/v1/AUTH_9cb2db62181546998c52314d1567748c/gnocchi.8099b8c6-4db5-497f-8d1b-427134423aae/1764720000.0_rate%3Amean_300.0_v3" "tx4c93387e959e498783889-006934f783" "proxy-server 97857" 0.0002 "-" 96909 0
Dec 06 22:41:56 np0005549343.novalocal proxy-server[97857]: ::1 ::1 07/Dec/2025/03/41/56 GET /v1/AUTH_9cb2db62181546998c52314d1567748c/gnocchi.8099b8c6-4db5-497f-8d1b-427134423aae/1764720000.0_rate%253Amean_300.0_v3 HTTP/1.0 404 - python-swiftclient-4.8.0 gAAAAABpNPckgn8e... - 70 - tx4c93387e959e498783889-006934f783 - 0.0105 - - 1765078915.991692781 1765078916.002191782 0 0c044fc9f411403aa3ab5cf8f2b14495
Dec 06 22:41:56 np0005549343.novalocal object-server[96909]: ::1 - - [07/Dec/2025:03:41:56 +0000] "GET /2/188909/AUTH_9cb2db62181546998c52314d1567748c/gnocchi.8099b8c6-4db5-497f-8d1b-427134423aae/1764720000.0_mean_300.0_v3" 200 16 "GET https://[::1]:8080/v1/AUTH_9cb2db62181546998c52314d1567748c/gnocchi.8099b8c6-4db5-497f-8d1b-427134423aae/1764720000.0_mean_300.0_v3" "txf20b34f840d04ce19c0be-006934f784" "proxy-server 97857" 0.0005 "-" 96909 0
Dec 06 22:41:56 np0005549343.novalocal proxy-server[97857]: ::1 ::1 07/Dec/2025/03/41/56 GET /v1/AUTH_9cb2db62181546998c52314d1567748c/gnocchi.8099b8c6-4db5-497f-8d1b-427134423aae/1764720000.0_mean_300.0_v3 HTTP/1.0 200 - python-swiftclient-4.8.0 gAAAAABpNPckgn8e... - 16 - txf20b34f840d04ce19c0be-006934f784 - 0.0050 - - 1765078916.004439831 1765078916.009418964 0 0c044fc9f411403aa3ab5cf8f2b14495
Dec 06 22:41:56 np0005549343.novalocal container-server[96576]: ::1 - - [07/Dec/2025:03:41:56 +0000] "PUT /2/244507/AUTH_9cb2db62181546998c52314d1567748c/gnocchi.8099b8c6-4db5-497f-8d1b-427134423aae/1764720000.0_rate%3Amean_300.0_v3" 201 - "PUT http://[::1]:8080/2/117122/AUTH_9cb2db62181546998c52314d1567748c/gnocchi.8099b8c6-4db5-497f-8d1b-427134423aae/1764720000.0_rate%3Amean_300.0_v3" "tx7c703f6a21c6446ca2f7e-006934f784" "object-server 96910" 0.0005 "-" 96576 0
Dec 06 22:41:56 np0005549343.novalocal object-server[96910]: ::1 - - [07/Dec/2025:03:41:56 +0000] "PUT /2/117122/AUTH_9cb2db62181546998c52314d1567748c/gnocchi.8099b8c6-4db5-497f-8d1b-427134423aae/1764720000.0_rate%3Amean_300.0_v3" 201 - "PUT https://[::1]:8080/v1/AUTH_9cb2db62181546998c52314d1567748c/gnocchi.8099b8c6-4db5-497f-8d1b-427134423aae/1764720000.0_rate%3Amean_300.0_v3" "tx7c703f6a21c6446ca2f7e-006934f784" "proxy-server 97857" 0.0117 "-" 96910 0
Dec 06 22:41:56 np0005549343.novalocal container-server[96576]: ::1 - - [07/Dec/2025:03:41:56 +0000] "PUT /1/244507/AUTH_9cb2db62181546998c52314d1567748c/gnocchi.8099b8c6-4db5-497f-8d1b-427134423aae/1764720000.0_rate%3Amean_300.0_v3" 201 - "PUT http://[::1]:8080/3/117122/AUTH_9cb2db62181546998c52314d1567748c/gnocchi.8099b8c6-4db5-497f-8d1b-427134423aae/1764720000.0_rate%3Amean_300.0_v3" "tx7c703f6a21c6446ca2f7e-006934f784" "object-server 96910" 0.0006 "-" 96576 0
Dec 06 22:41:56 np0005549343.novalocal object-server[96910]: ::1 - - [07/Dec/2025:03:41:56 +0000] "PUT /3/117122/AUTH_9cb2db62181546998c52314d1567748c/gnocchi.8099b8c6-4db5-497f-8d1b-427134423aae/1764720000.0_rate%3Amean_300.0_v3" 201 - "PUT https://[::1]:8080/v1/AUTH_9cb2db62181546998c52314d1567748c/gnocchi.8099b8c6-4db5-497f-8d1b-427134423aae/1764720000.0_rate%3Amean_300.0_v3" "tx7c703f6a21c6446ca2f7e-006934f784" "proxy-server 97857" 0.0145 "-" 96910 0
Dec 06 22:41:56 np0005549343.novalocal container-server[96575]: ::1 - - [07/Dec/2025:03:41:56 +0000] "PUT /3/244507/AUTH_9cb2db62181546998c52314d1567748c/gnocchi.8099b8c6-4db5-497f-8d1b-427134423aae/1764720000.0_rate%3Amean_300.0_v3" 201 - "PUT http://[::1]:8080/1/117122/AUTH_9cb2db62181546998c52314d1567748c/gnocchi.8099b8c6-4db5-497f-8d1b-427134423aae/1764720000.0_rate%3Amean_300.0_v3" "tx7c703f6a21c6446ca2f7e-006934f784" "object-server 96910" 0.0007 "-" 96575 0
Dec 06 22:41:56 np0005549343.novalocal object-server[96910]: ::1 - - [07/Dec/2025:03:41:56 +0000] "PUT /1/117122/AUTH_9cb2db62181546998c52314d1567748c/gnocchi.8099b8c6-4db5-497f-8d1b-427134423aae/1764720000.0_rate%3Amean_300.0_v3" 201 - "PUT https://[::1]:8080/v1/AUTH_9cb2db62181546998c52314d1567748c/gnocchi.8099b8c6-4db5-497f-8d1b-427134423aae/1764720000.0_rate%3Amean_300.0_v3" "tx7c703f6a21c6446ca2f7e-006934f784" "proxy-server 97857" 0.0164 "-" 96910 0
Dec 06 22:41:56 np0005549343.novalocal proxy-server[97857]: ::1 ::1 07/Dec/2025/03/41/56 PUT /v1/AUTH_9cb2db62181546998c52314d1567748c/gnocchi.8099b8c6-4db5-497f-8d1b-427134423aae/1764720000.0_rate%253Amean_300.0_v3 HTTP/1.0 201 - python-swiftclient-4.8.0 gAAAAABpNPckgn8e... 16 - - tx7c703f6a21c6446ca2f7e-006934f784 - 0.0228 - - 1765078916.012622356 1765078916.035427332 0 0c044fc9f411403aa3ab5cf8f2b14495
Dec 06 22:41:56 np0005549343.novalocal container-server[96576]: ::1 - - [07/Dec/2025:03:41:56 +0000] "PUT /3/244507/AUTH_9cb2db62181546998c52314d1567748c/gnocchi.8099b8c6-4db5-497f-8d1b-427134423aae/1764720000.0_mean_300.0_v3" 201 - "PUT http://[::1]:8080/2/188909/AUTH_9cb2db62181546998c52314d1567748c/gnocchi.8099b8c6-4db5-497f-8d1b-427134423aae/1764720000.0_mean_300.0_v3" "tx52e5e10830ac4bafb3a53-006934f784" "object-server 96910" 0.0005 "-" 96576 0
Dec 06 22:41:56 np0005549343.novalocal object-server[96910]: ::1 - - [07/Dec/2025:03:41:56 +0000] "PUT /2/188909/AUTH_9cb2db62181546998c52314d1567748c/gnocchi.8099b8c6-4db5-497f-8d1b-427134423aae/1764720000.0_mean_300.0_v3" 201 - "PUT https://[::1]:8080/v1/AUTH_9cb2db62181546998c52314d1567748c/gnocchi.8099b8c6-4db5-497f-8d1b-427134423aae/1764720000.0_mean_300.0_v3" "tx52e5e10830ac4bafb3a53-006934f784" "proxy-server 97857" 0.0092 "-" 96910 0
Dec 06 22:41:56 np0005549343.novalocal container-server[96576]: ::1 - - [07/Dec/2025:03:41:56 +0000] "PUT /1/244507/AUTH_9cb2db62181546998c52314d1567748c/gnocchi.8099b8c6-4db5-497f-8d1b-427134423aae/1764720000.0_mean_300.0_v3" 201 - "PUT http://[::1]:8080/1/188909/AUTH_9cb2db62181546998c52314d1567748c/gnocchi.8099b8c6-4db5-497f-8d1b-427134423aae/1764720000.0_mean_300.0_v3" "tx52e5e10830ac4bafb3a53-006934f784" "object-server 96909" 0.0004 "-" 96576 0
Dec 06 22:41:56 np0005549343.novalocal object-server[96909]: ::1 - - [07/Dec/2025:03:41:56 +0000] "PUT /1/188909/AUTH_9cb2db62181546998c52314d1567748c/gnocchi.8099b8c6-4db5-497f-8d1b-427134423aae/1764720000.0_mean_300.0_v3" 201 - "PUT https://[::1]:8080/v1/AUTH_9cb2db62181546998c52314d1567748c/gnocchi.8099b8c6-4db5-497f-8d1b-427134423aae/1764720000.0_mean_300.0_v3" "tx52e5e10830ac4bafb3a53-006934f784" "proxy-server 97857" 0.0127 "-" 96909 0
Dec 06 22:41:56 np0005549343.novalocal container-server[96576]: ::1 - - [07/Dec/2025:03:41:56 +0000] "PUT /2/244507/AUTH_9cb2db62181546998c52314d1567748c/gnocchi.8099b8c6-4db5-497f-8d1b-427134423aae/1764720000.0_mean_300.0_v3" 201 - "PUT http://[::1]:8080/3/188909/AUTH_9cb2db62181546998c52314d1567748c/gnocchi.8099b8c6-4db5-497f-8d1b-427134423aae/1764720000.0_mean_300.0_v3" "tx52e5e10830ac4bafb3a53-006934f784" "object-server 96910" 0.0005 "-" 96576 0
Dec 06 22:41:56 np0005549343.novalocal object-server[96910]: ::1 - - [07/Dec/2025:03:41:56 +0000] "PUT /3/188909/AUTH_9cb2db62181546998c52314d1567748c/gnocchi.8099b8c6-4db5-497f-8d1b-427134423aae/1764720000.0_mean_300.0_v3" 201 - "PUT https://[::1]:8080/v1/AUTH_9cb2db62181546998c52314d1567748c/gnocchi.8099b8c6-4db5-497f-8d1b-427134423aae/1764720000.0_mean_300.0_v3" "tx52e5e10830ac4bafb3a53-006934f784" "proxy-server 97857" 0.0113 "-" 96910 0
Dec 06 22:41:56 np0005549343.novalocal proxy-server[97857]: ::1 ::1 07/Dec/2025/03/41/56 PUT /v1/AUTH_9cb2db62181546998c52314d1567748c/gnocchi.8099b8c6-4db5-497f-8d1b-427134423aae/1764720000.0_mean_300.0_v3 HTTP/1.0 201 - python-swiftclient-4.8.0 gAAAAABpNPckgn8e... 16 - - tx52e5e10830ac4bafb3a53-006934f784 - 0.0202 - - 1765078916.037735462 1765078916.057886839 0 0c044fc9f411403aa3ab5cf8f2b14495
Dec 06 22:41:56 np0005549343.novalocal sudo[105115]: pam_unix(sudo:session): session closed for user root
Dec 06 22:41:56 np0005549343.novalocal systemd[1]: session-c104.scope: Deactivated successfully.
Dec 06 22:41:56 np0005549343.novalocal container-server[96576]: ::1 - - [07/Dec/2025:03:41:56 +0000] "PUT /2/244507/AUTH_9cb2db62181546998c52314d1567748c/gnocchi.8099b8c6-4db5-497f-8d1b-427134423aae/none_v3" 201 - "PUT http://[::1]:8080/2/231724/AUTH_9cb2db62181546998c52314d1567748c/gnocchi.8099b8c6-4db5-497f-8d1b-427134423aae/none_v3" "tx6347a2544a484d53b7f5f-006934f784" "object-server 96909" 0.0007 "-" 96576 0
Dec 06 22:41:56 np0005549343.novalocal object-server[96909]: ::1 - - [07/Dec/2025:03:41:56 +0000] "PUT /2/231724/AUTH_9cb2db62181546998c52314d1567748c/gnocchi.8099b8c6-4db5-497f-8d1b-427134423aae/none_v3" 201 - "PUT https://[::1]:8080/v1/AUTH_9cb2db62181546998c52314d1567748c/gnocchi.8099b8c6-4db5-497f-8d1b-427134423aae/none_v3" "tx6347a2544a484d53b7f5f-006934f784" "proxy-server 97857" 0.0123 "-" 96909 0
Dec 06 22:41:56 np0005549343.novalocal container-server[96576]: ::1 - - [07/Dec/2025:03:41:56 +0000] "PUT /3/244507/AUTH_9cb2db62181546998c52314d1567748c/gnocchi.8099b8c6-4db5-497f-8d1b-427134423aae/none_v3" 201 - "PUT http://[::1]:8080/1/231724/AUTH_9cb2db62181546998c52314d1567748c/gnocchi.8099b8c6-4db5-497f-8d1b-427134423aae/none_v3" "tx6347a2544a484d53b7f5f-006934f784" "object-server 96910" 0.0003 "-" 96576 0
Dec 06 22:41:56 np0005549343.novalocal container-server[96576]: ::1 - - [07/Dec/2025:03:41:56 +0000] "PUT /1/244507/AUTH_9cb2db62181546998c52314d1567748c/gnocchi.8099b8c6-4db5-497f-8d1b-427134423aae/none_v3" 201 - "PUT http://[::1]:8080/3/231724/AUTH_9cb2db62181546998c52314d1567748c/gnocchi.8099b8c6-4db5-497f-8d1b-427134423aae/none_v3" "tx6347a2544a484d53b7f5f-006934f784" "object-server 96910" 0.0003 "-" 96576 0
Dec 06 22:41:56 np0005549343.novalocal object-server[96910]: ::1 - - [07/Dec/2025:03:41:56 +0000] "PUT /1/231724/AUTH_9cb2db62181546998c52314d1567748c/gnocchi.8099b8c6-4db5-497f-8d1b-427134423aae/none_v3" 201 - "PUT https://[::1]:8080/v1/AUTH_9cb2db62181546998c52314d1567748c/gnocchi.8099b8c6-4db5-497f-8d1b-427134423aae/none_v3" "tx6347a2544a484d53b7f5f-006934f784" "proxy-server 97857" 0.0137 "-" 96910 0
Dec 06 22:41:56 np0005549343.novalocal object-server[96910]: ::1 - - [07/Dec/2025:03:41:56 +0000] "PUT /3/231724/AUTH_9cb2db62181546998c52314d1567748c/gnocchi.8099b8c6-4db5-497f-8d1b-427134423aae/none_v3" 201 - "PUT https://[::1]:8080/v1/AUTH_9cb2db62181546998c52314d1567748c/gnocchi.8099b8c6-4db5-497f-8d1b-427134423aae/none_v3" "tx6347a2544a484d53b7f5f-006934f784" "proxy-server 97857" 0.0175 "-" 96910 0
Dec 06 22:41:56 np0005549343.novalocal proxy-server[97857]: ::1 ::1 07/Dec/2025/03/41/56 PUT /v1/AUTH_9cb2db62181546998c52314d1567748c/gnocchi.8099b8c6-4db5-497f-8d1b-427134423aae/none_v3 HTTP/1.0 201 - python-swiftclient-4.8.0 gAAAAABpNPckgn8e... 34 - - tx6347a2544a484d53b7f5f-006934f784 - 0.0305 - - 1765078916.093170881 1765078916.123677015 0 0c044fc9f411403aa3ab5cf8f2b14495
Dec 06 22:41:56 np0005549343.novalocal sudo[105120]: cinder : PWD=/ ; USER=root ; COMMAND=/usr/bin/cinder-rootwrap /etc/cinder/rootwrap.conf env LC_ALL=C qemu-img info -f qcow2 --output=json /var/lib/cinder/conversion/image_fetch_d1cf3290-a09f-474b-b958-c7322b20f67a_z8t7shcvnp0005549343.novalocal@BACKEND_1
Dec 06 22:41:56 np0005549343.novalocal systemd[1]: Started Session c105 of User root.
Dec 06 22:41:56 np0005549343.novalocal sudo[105120]: pam_unix(sudo:session): session opened for user root(uid=0) by (uid=165)
Dec 06 22:41:56 np0005549343.novalocal sudo[105120]: pam_unix(sudo:session): session closed for user root
Dec 06 22:41:56 np0005549343.novalocal systemd[1]: session-c105.scope: Deactivated successfully.
Dec 06 22:41:56 np0005549343.novalocal haproxy-metadata-proxy-2af58657-767d-42db-a7ed-796d65cdf85a[103897]: ::ffff:10.100.0.11:41908 [06/Dec/2025:22:41:55.424] listener listener/metadata 0/0/0/1016/1016 200 94 - - ---- 1/1/0/0/0 0/0 "GET /2009-04-04/meta-data/block-device-mapping/root HTTP/1.1"
Dec 06 22:41:56 np0005549343.novalocal sudo[105126]: cinder : PWD=/ ; USER=root ; COMMAND=/usr/bin/cinder-rootwrap /etc/cinder/rootwrap.conf dd count=0 if=/var/lib/cinder/conversion/image_fetch_d1cf3290-a09f-474b-b958-c7322b20f67a_z8t7shcvnp0005549343.novalocal@BACKEND_1 of=/dev/mapper/cinder--volumes-volume--b980e288--386f--4c36--8225--f3d6633a65d9 oflag=direct
Dec 06 22:41:56 np0005549343.novalocal systemd[1]: Started Session c106 of User root.
Dec 06 22:41:56 np0005549343.novalocal sudo[105126]: pam_unix(sudo:session): session opened for user root(uid=0) by (uid=165)
Dec 06 22:41:56 np0005549343.novalocal sudo[105126]: pam_unix(sudo:session): session closed for user root
Dec 06 22:41:56 np0005549343.novalocal systemd[1]: session-c106.scope: Deactivated successfully.
Dec 06 22:41:56 np0005549343.novalocal sudo[105132]: cinder : PWD=/ ; USER=root ; COMMAND=/usr/bin/cinder-rootwrap /etc/cinder/rootwrap.conf qemu-img convert -O raw -t none -f qcow2 /var/lib/cinder/conversion/image_fetch_d1cf3290-a09f-474b-b958-c7322b20f67a_z8t7shcvnp0005549343.novalocal@BACKEND_1 /dev/mapper/cinder--volumes-volume--b980e288--386f--4c36--8225--f3d6633a65d9
Dec 06 22:41:56 np0005549343.novalocal systemd[1]: Started Session c107 of User root.
Dec 06 22:41:56 np0005549343.novalocal sudo[105132]: pam_unix(sudo:session): session opened for user root(uid=0) by (uid=165)
Dec 06 22:41:57 np0005549343.novalocal haproxy-metadata-proxy-2af58657-767d-42db-a7ed-796d65cdf85a[103897]: ::ffff:10.100.0.11:41914 [06/Dec/2025:22:41:56.509] listener listener/metadata 0/0/0/1167/1167 200 143 - - ---- 1/1/0/0/0 0/0 "GET /2009-04-04/meta-data/public-hostname HTTP/1.1"
Dec 06 22:41:57 np0005549343.novalocal sudo[105132]: pam_unix(sudo:session): session closed for user root
Dec 06 22:41:57 np0005549343.novalocal systemd[1]: session-c107.scope: Deactivated successfully.
Dec 06 22:41:58 np0005549343.novalocal account-server[96281]: ::1 - - [07/Dec/2025:03:41:58 +0000] "HEAD /1/249817/.misplaced_objects" 404 - "HEAD http://localhost/v1/.misplaced_objects?format=json" "tx01cadef89b3f4cd79a4d3-006934f786" "Swift Container Reconciler" 0.0004 "-" 96281 -
Dec 06 22:41:58 np0005549343.novalocal account-server[96280]: ::1 - - [07/Dec/2025:03:41:58 +0000] "HEAD /2/249817/.misplaced_objects" 404 - "HEAD http://localhost/v1/.misplaced_objects?format=json" "tx01cadef89b3f4cd79a4d3-006934f786" "Swift Container Reconciler" 0.0005 "-" 96280 -
Dec 06 22:41:58 np0005549343.novalocal account-server[96281]: ::1 - - [07/Dec/2025:03:41:58 +0000] "HEAD /3/249817/.misplaced_objects" 404 - "HEAD http://localhost/v1/.misplaced_objects?format=json" "tx01cadef89b3f4cd79a4d3-006934f786" "Swift Container Reconciler" 0.0004 "-" 96281 -
Dec 06 22:41:58 np0005549343.novalocal container-reconciler-ic[92310]: - - 07/Dec/2025/03/41/58 HEAD /v1/.misplaced_objects%3Fformat%3Djson HTTP/1.0 404 - Swift - - - - tx01cadef89b3f4cd79a4d3-006934f786 - 0.0095 GET_ACCOUNT_INFO - 1765078918.055182695 1765078918.064721346 - -
Dec 06 22:41:58 np0005549343.novalocal container-server[96576]: ::1 - - [07/Dec/2025:03:41:58 +0000] "GET /2/96805/.misplaced_objects/1765076400" 404 - "GET http://localhost/v1/.misplaced_objects/1765076400?format=json&marker=&end_marker=&prefix=&states=listing" "tx01cadef89b3f4cd79a4d3-006934f786" "Swift Container Reconciler" 0.0006 "-" 96576 0
Dec 06 22:41:58 np0005549343.novalocal container-server[96575]: ::1 - - [07/Dec/2025:03:41:58 +0000] "GET /3/96805/.misplaced_objects/1765076400" 404 - "GET http://localhost/v1/.misplaced_objects/1765076400?format=json&marker=&end_marker=&prefix=&states=listing" "tx01cadef89b3f4cd79a4d3-006934f786" "Swift Container Reconciler" 0.0006 "-" 96575 0
Dec 06 22:41:58 np0005549343.novalocal container-server[96576]: ::1 - - [07/Dec/2025:03:41:58 +0000] "GET /1/96805/.misplaced_objects/1765076400" 404 - "GET http://localhost/v1/.misplaced_objects/1765076400?format=json&marker=&end_marker=&prefix=&states=listing" "tx01cadef89b3f4cd79a4d3-006934f786" "Swift Container Reconciler" 0.0004 "-" 96576 0
Dec 06 22:41:58 np0005549343.novalocal container-reconciler-ic[92310]: - - 07/Dec/2025/03/41/58 GET /v1/.misplaced_objects/1765076400%3Fformat%3Djson%26marker%3D%26end_marker%3D%26prefix%3D%26states%3Dlisting HTTP/1.0 404 - Swift%20Container%20Reconciler - - 70 - tx01cadef89b3f4cd79a4d3-006934f786 - 0.0231 - - 1765078918.054382563 1765078918.077440262 0 -
Dec 06 22:41:58 np0005549343.novalocal container-replicator[96639]: Replication run OVER
Dec 06 22:41:58 np0005549343.novalocal container-replicator[96639]: Attempted to replicate 96 dbs in 2.66815 seconds (35.97996/s)
Dec 06 22:41:58 np0005549343.novalocal container-replicator[96639]: Removed 0 dbs
Dec 06 22:41:58 np0005549343.novalocal container-replicator[96639]: 192 successes, 0 failures
Dec 06 22:41:58 np0005549343.novalocal account-server[96281]: ::1 - - [07/Dec/2025:03:41:58 +0000] "GET /1/249817/.misplaced_objects" 404 - "GET http://localhost/v1/.misplaced_objects?format=json&marker=&end_marker=&prefix=" "tx1271fdfb9ed34dd8b5939-006934f786" "Swift Container Reconciler" 0.0003 "-" 96281 -
Dec 06 22:41:58 np0005549343.novalocal container-replicator[96639]: diff:0 diff_capped:0 empty:0 hashmatch:0 no_change:192 remote_merge:0 rsync:0 ts_repl:0
Dec 06 22:41:58 np0005549343.novalocal account-server[96281]: ::1 - - [07/Dec/2025:03:41:58 +0000] "GET /2/249817/.misplaced_objects" 404 - "GET http://localhost/v1/.misplaced_objects?format=json&marker=&end_marker=&prefix=" "tx1271fdfb9ed34dd8b5939-006934f786" "Swift Container Reconciler" 0.0004 "-" 96281 -
Dec 06 22:41:58 np0005549343.novalocal account-server[96281]: ::1 - - [07/Dec/2025:03:41:58 +0000] "GET /3/249817/.misplaced_objects" 404 - "GET http://localhost/v1/.misplaced_objects?format=json&marker=&end_marker=&prefix=" "tx1271fdfb9ed34dd8b5939-006934f786" "Swift Container Reconciler" 0.0005 "-" 96281 -
Dec 06 22:41:58 np0005549343.novalocal container-reconciler-ic[92310]: - - 07/Dec/2025/03/41/58 GET /v1/.misplaced_objects%3Fformat%3Djson%26marker%3D%26end_marker%3D%26prefix%3D HTTP/1.0 404 - Swift%20Container%20Reconciler - - - - tx1271fdfb9ed34dd8b5939-006934f786 - 0.0079 - - 1765078918.078000784 1765078918.085858583 - -
