Dec 06 22:40:15 np0005549343.novalocal kernel: Warning: Deprecated Driver is detected: ip6_tables will not be maintained in a future major release and may be disabled
Dec 06 22:40:15 np0005549343.novalocal kernel: Warning: Deprecated Driver is detected: ip6_tables_init will not be maintained in a future major release and may be disabled
Dec 06 22:40:16 np0005549343.novalocal kernel: tape54624e4-f9: entered promiscuous mode
Dec 06 22:40:16 np0005549343.novalocal NetworkManager[854]: [1765078816.3231] manager: (tape54624e4-f9): 'openvswitch' plugin not available; creating generic device
Dec 06 22:40:16 np0005549343.novalocal NetworkManager[854]: [1765078816.3252] manager: (tape54624e4-f9): new Generic device (/org/freedesktop/NetworkManager/Devices/22)
Dec 06 22:40:17 np0005549343.novalocal kernel: qr-ffccd831-6f: entered promiscuous mode
Dec 06 22:40:17 np0005549343.novalocal NetworkManager[854]: [1765078817.0471] manager: (qr-ffccd831-6f): 'openvswitch' plugin not available; creating generic device
Dec 06 22:40:17 np0005549343.novalocal systemd-udevd[103709]: Network interface NamePolicy= disabled on kernel command line.
Dec 06 22:40:17 np0005549343.novalocal NetworkManager[854]: [1765078817.0491] manager: (qr-ffccd831-6f): new Generic device (/org/freedesktop/NetworkManager/Devices/23)
Dec 06 22:40:17 np0005549343.novalocal dnsmasq[103777]: started, version 2.85 cachesize 150
Dec 06 22:40:17 np0005549343.novalocal dnsmasq[103777]: DNS service limited to local subnets
Dec 06 22:40:17 np0005549343.novalocal dnsmasq[103777]: compile time options: IPv6 GNU-getopt DBus no-UBus no-i18n IDN2 DHCP DHCPv6 no-Lua TFTP no-conntrack ipset auth cryptohash DNSSEC loop-detect inotify dumpfile
Dec 06 22:40:17 np0005549343.novalocal dnsmasq[103777]: warning: no upstream servers configured
Dec 06 22:40:17 np0005549343.novalocal dnsmasq-dhcp[103777]: DHCP, static leases only on 10.100.0.0, lease time 1d
Dec 06 22:40:17 np0005549343.novalocal dnsmasq[103777]: read /var/lib/neutron/dhcp/f1b3e8c6-9d85-4eb4-9c48-f1cf1454c883/addn_hosts - 0 addresses
Dec 06 22:40:17 np0005549343.novalocal dnsmasq-dhcp[103777]: read /var/lib/neutron/dhcp/f1b3e8c6-9d85-4eb4-9c48-f1cf1454c883/host
Dec 06 22:40:17 np0005549343.novalocal dnsmasq-dhcp[103777]: read /var/lib/neutron/dhcp/f1b3e8c6-9d85-4eb4-9c48-f1cf1454c883/opts
Dec 06 22:40:17 np0005549343.novalocal kernel: qg-c058ed93-a5: entered promiscuous mode
Dec 06 22:40:17 np0005549343.novalocal NetworkManager[854]: [1765078817.5292] manager: (qg-c058ed93-a5): 'openvswitch' plugin not available; creating generic device
Dec 06 22:40:17 np0005549343.novalocal NetworkManager[854]: [1765078817.5300] manager: (qg-c058ed93-a5): new Generic device (/org/freedesktop/NetworkManager/Devices/24)
Dec 06 22:40:17 np0005549343.novalocal virtnodedevd[99731]: ethtool ioctl error on qg-c058ed93-a5: No such device
Dec 06 22:40:17 np0005549343.novalocal virtnodedevd[99731]: ethtool ioctl error on qg-c058ed93-a5: No such device
Dec 06 22:40:17 np0005549343.novalocal virtnodedevd[99731]: ethtool ioctl error on qg-c058ed93-a5: No such device
Dec 06 22:40:17 np0005549343.novalocal virtnodedevd[99731]: ethtool ioctl error on qg-c058ed93-a5: No such device
Dec 06 22:40:17 np0005549343.novalocal virtnodedevd[99731]: ethtool ioctl error on qg-c058ed93-a5: No such device
Dec 06 22:40:17 np0005549343.novalocal virtnodedevd[99731]: ethtool ioctl error on qg-c058ed93-a5: No such device
Dec 06 22:40:17 np0005549343.novalocal virtnodedevd[99731]: ethtool ioctl error on qg-c058ed93-a5: No such device
Dec 06 22:40:17 np0005549343.novalocal virtnodedevd[99731]: ethtool ioctl error on qg-c058ed93-a5: No such device
Dec 06 22:40:18 np0005549343.novalocal object-replicator[96973]: Starting object replication pass.
Dec 06 22:40:18 np0005549343.novalocal object-replicator[96973]: 6/6 (100.00%) partitions replicated in 0.05s (116.92/sec, 0s remaining)
Dec 06 22:40:18 np0005549343.novalocal object-replicator[96973]: 12 successes, 0 failures
Dec 06 22:40:18 np0005549343.novalocal object-replicator[96973]: 6 suffixes checked - 0.00% hashed, 0.00% synced
Dec 06 22:40:18 np0005549343.novalocal object-replicator[96973]: Partition times: max 0.0137s, min 0.0059s, med 0.0078s
Dec 06 22:40:18 np0005549343.novalocal object-replicator[96973]: Object replication complete. (0.00 minutes)
Dec 06 22:40:19 np0005549343.novalocal dnsmasq[103777]: read /var/lib/neutron/dhcp/f1b3e8c6-9d85-4eb4-9c48-f1cf1454c883/addn_hosts - 1 addresses
Dec 06 22:40:19 np0005549343.novalocal dnsmasq-dhcp[103777]: read /var/lib/neutron/dhcp/f1b3e8c6-9d85-4eb4-9c48-f1cf1454c883/host
Dec 06 22:40:19 np0005549343.novalocal dnsmasq-dhcp[103777]: read /var/lib/neutron/dhcp/f1b3e8c6-9d85-4eb4-9c48-f1cf1454c883/opts
Dec 06 22:40:20 np0005549343.novalocal dnsmasq[103777]: read /var/lib/neutron/dhcp/f1b3e8c6-9d85-4eb4-9c48-f1cf1454c883/addn_hosts - 1 addresses
Dec 06 22:40:20 np0005549343.novalocal dnsmasq-dhcp[103777]: read /var/lib/neutron/dhcp/f1b3e8c6-9d85-4eb4-9c48-f1cf1454c883/host
Dec 06 22:40:20 np0005549343.novalocal dnsmasq-dhcp[103777]: read /var/lib/neutron/dhcp/f1b3e8c6-9d85-4eb4-9c48-f1cf1454c883/opts
Dec 06 22:40:20 np0005549343.novalocal container-server[96575]: ::1 - - [07/Dec/2025:03:40:20 +0000] "HEAD /1/142424/AUTH_9cb2db62181546998c52314d1567748c/gnocchi.1a7775db-355a-4364-8e23-94110f57c20c" 404 - "HEAD http://[::1]:8080/v1/AUTH_9cb2db62181546998c52314d1567748c/gnocchi.1a7775db-355a-4364-8e23-94110f57c20c" "txf348d58919b74c31be287-006934f724" "proxy-server 97857" 0.0005 "-" 96575 0
Dec 06 22:40:20 np0005549343.novalocal container-server[96575]: ::1 - - [07/Dec/2025:03:40:20 +0000] "HEAD /2/142424/AUTH_9cb2db62181546998c52314d1567748c/gnocchi.1a7775db-355a-4364-8e23-94110f57c20c" 404 - "HEAD http://[::1]:8080/v1/AUTH_9cb2db62181546998c52314d1567748c/gnocchi.1a7775db-355a-4364-8e23-94110f57c20c" "txf348d58919b74c31be287-006934f724" "proxy-server 97857" 0.0003 "-" 96575 0
Dec 06 22:40:20 np0005549343.novalocal container-server[96575]: ::1 - - [07/Dec/2025:03:40:20 +0000] "HEAD /3/142424/AUTH_9cb2db62181546998c52314d1567748c/gnocchi.1a7775db-355a-4364-8e23-94110f57c20c" 404 - "HEAD http://[::1]:8080/v1/AUTH_9cb2db62181546998c52314d1567748c/gnocchi.1a7775db-355a-4364-8e23-94110f57c20c" "txf348d58919b74c31be287-006934f724" "proxy-server 97857" 0.0004 "-" 96575 0
Dec 06 22:40:20 np0005549343.novalocal proxy-server[97857]: - - 07/Dec/2025/03/40/20 HEAD /v1/AUTH_9cb2db62181546998c52314d1567748c/gnocchi.1a7775db-355a-4364-8e23-94110f57c20c HTTP/1.0 404 - Swift - - - - txf348d58919b74c31be287-006934f724 - 0.0105 CS - 1765078820.927456856 1765078820.938006639 0 -
Dec 06 22:40:21 np0005549343.novalocal object-server[96910]: ::1 - - [07/Dec/2025:03:40:21 +0000] "GET /1/130820/AUTH_9cb2db62181546998c52314d1567748c/gnocchi.1a7775db-355a-4364-8e23-94110f57c20c/none_v3" 404 70 "GET https://[::1]:8080/v1/AUTH_9cb2db62181546998c52314d1567748c/gnocchi.1a7775db-355a-4364-8e23-94110f57c20c/none_v3" "txf348d58919b74c31be287-006934f724" "proxy-server 97857" 0.0019 "-" 96910 0
Dec 06 22:40:21 np0005549343.novalocal object-server[96909]: ::1 - - [07/Dec/2025:03:40:21 +0000] "GET /2/130820/AUTH_9cb2db62181546998c52314d1567748c/gnocchi.1a7775db-355a-4364-8e23-94110f57c20c/none_v3" 404 70 "GET https://[::1]:8080/v1/AUTH_9cb2db62181546998c52314d1567748c/gnocchi.1a7775db-355a-4364-8e23-94110f57c20c/none_v3" "txf348d58919b74c31be287-006934f724" "proxy-server 97857" 0.0074 "-" 96909 0
Dec 06 22:40:21 np0005549343.novalocal object-server[96909]: ::1 - - [07/Dec/2025:03:40:21 +0000] "GET /3/130820/AUTH_9cb2db62181546998c52314d1567748c/gnocchi.1a7775db-355a-4364-8e23-94110f57c20c/none_v3" 404 70 "GET https://[::1]:8080/v1/AUTH_9cb2db62181546998c52314d1567748c/gnocchi.1a7775db-355a-4364-8e23-94110f57c20c/none_v3" "txf348d58919b74c31be287-006934f724" "proxy-server 97857" 0.0004 "-" 96909 0
Dec 06 22:40:21 np0005549343.novalocal proxy-server[97857]: ::1 ::1 07/Dec/2025/03/40/21 GET /v1/AUTH_9cb2db62181546998c52314d1567748c/gnocchi.1a7775db-355a-4364-8e23-94110f57c20c/none_v3 HTTP/1.0 404 - python-swiftclient-4.8.0 gAAAAABpNPckgn8e... - 70 - txf348d58919b74c31be287-006934f724 - 0.1627 - - 1765078820.926700115 1765078821.089396477 0 0c044fc9f411403aa3ab5cf8f2b14495
Dec 06 22:40:21 np0005549343.novalocal account-server[96281]: ::1 - - [07/Dec/2025:03:40:21 +0000] "PUT /3/78968/AUTH_9cb2db62181546998c52314d1567748c/gnocchi.1a7775db-355a-4364-8e23-94110f57c20c" 201 - "PUT http://[::1]:6001/1/142424/AUTH_9cb2db62181546998c52314d1567748c/gnocchi.1a7775db-355a-4364-8e23-94110f57c20c" "tx77996f2ee7cf46508dd65-006934f725" "container-server 96575" 0.0046 "-" 96281 0
Dec 06 22:40:21 np0005549343.novalocal account-server[96280]: ::1 - - [07/Dec/2025:03:40:21 +0000] "PUT /1/78968/AUTH_9cb2db62181546998c52314d1567748c/gnocchi.1a7775db-355a-4364-8e23-94110f57c20c" 201 - "PUT http://[::1]:6001/2/142424/AUTH_9cb2db62181546998c52314d1567748c/gnocchi.1a7775db-355a-4364-8e23-94110f57c20c" "tx77996f2ee7cf46508dd65-006934f725" "container-server 96576" 0.0055 "-" 96280 0
Dec 06 22:40:21 np0005549343.novalocal container-server[96575]: ::1 - - [07/Dec/2025:03:40:21 +0000] "PUT /1/142424/AUTH_9cb2db62181546998c52314d1567748c/gnocchi.1a7775db-355a-4364-8e23-94110f57c20c" 201 - "PUT https://[::1]:8080/v1/AUTH_9cb2db62181546998c52314d1567748c/gnocchi.1a7775db-355a-4364-8e23-94110f57c20c" "tx77996f2ee7cf46508dd65-006934f725" "proxy-server 97857" 0.0449 "-" 96575 0
Dec 06 22:40:21 np0005549343.novalocal container-server[96576]: ::1 - - [07/Dec/2025:03:40:21 +0000] "PUT /2/142424/AUTH_9cb2db62181546998c52314d1567748c/gnocchi.1a7775db-355a-4364-8e23-94110f57c20c" 201 - "PUT https://[::1]:8080/v1/AUTH_9cb2db62181546998c52314d1567748c/gnocchi.1a7775db-355a-4364-8e23-94110f57c20c" "tx77996f2ee7cf46508dd65-006934f725" "proxy-server 97857" 0.0615 "-" 96576 0
Dec 06 22:40:21 np0005549343.novalocal account-server[96281]: ::1 - - [07/Dec/2025:03:40:21 +0000] "PUT /2/78968/AUTH_9cb2db62181546998c52314d1567748c/gnocchi.1a7775db-355a-4364-8e23-94110f57c20c" 201 - "PUT http://[::1]:6001/3/142424/AUTH_9cb2db62181546998c52314d1567748c/gnocchi.1a7775db-355a-4364-8e23-94110f57c20c" "tx77996f2ee7cf46508dd65-006934f725" "container-server 96576" 0.0038 "-" 96281 0
Dec 06 22:40:21 np0005549343.novalocal container-server[96576]: ::1 - - [07/Dec/2025:03:40:21 +0000] "PUT /3/142424/AUTH_9cb2db62181546998c52314d1567748c/gnocchi.1a7775db-355a-4364-8e23-94110f57c20c" 201 - "PUT https://[::1]:8080/v1/AUTH_9cb2db62181546998c52314d1567748c/gnocchi.1a7775db-355a-4364-8e23-94110f57c20c" "tx77996f2ee7cf46508dd65-006934f725" "proxy-server 97857" 0.0239 "-" 96576 0
Dec 06 22:40:21 np0005549343.novalocal proxy-server[97857]: ::1 ::1 07/Dec/2025/03/40/21 PUT /v1/AUTH_9cb2db62181546998c52314d1567748c/gnocchi.1a7775db-355a-4364-8e23-94110f57c20c HTTP/1.0 201 - python-swiftclient-4.8.0 gAAAAABpNPckgn8e... - - - tx77996f2ee7cf46508dd65-006934f725 - 0.0814 - - 1765078821.102483511 1765078821.183858156 0 0c044fc9f411403aa3ab5cf8f2b14495
Dec 06 22:40:21 np0005549343.novalocal container-server[96576]: ::1 - - [07/Dec/2025:03:40:21 +0000] "HEAD /3/142424/AUTH_9cb2db62181546998c52314d1567748c/gnocchi.1a7775db-355a-4364-8e23-94110f57c20c" 204 - "HEAD http://[::1]:8080/v1/AUTH_9cb2db62181546998c52314d1567748c/gnocchi.1a7775db-355a-4364-8e23-94110f57c20c" "tx8f6744db98064eb3ab48e-006934f725" "proxy-server 97857" 0.0020 "-" 96576 0
Dec 06 22:40:21 np0005549343.novalocal proxy-server[97857]: - - 07/Dec/2025/03/40/21 HEAD /v1/AUTH_9cb2db62181546998c52314d1567748c/gnocchi.1a7775db-355a-4364-8e23-94110f57c20c HTTP/1.0 204 - Swift - - - - tx8f6744db98064eb3ab48e-006934f725 - 0.0063 CS - 1765078821.216536522 1765078821.222796917 0 -
Dec 06 22:40:21 np0005549343.novalocal container-server[96576]: ::1 - - [07/Dec/2025:03:40:21 +0000] "GET /1/142424/AUTH_9cb2db62181546998c52314d1567748c/gnocchi.1a7775db-355a-4364-8e23-94110f57c20c" 200 2 "GET https://[::1]:8080/v1/AUTH_9cb2db62181546998c52314d1567748c/gnocchi.1a7775db-355a-4364-8e23-94110f57c20c?format=json&states=listing" "tx8f6744db98064eb3ab48e-006934f725" "proxy-server 97857" 0.0043 "-" 96576 0
Dec 06 22:40:21 np0005549343.novalocal proxy-server[97857]: ::1 ::1 07/Dec/2025/03/40/21 GET /v1/AUTH_9cb2db62181546998c52314d1567748c/gnocchi.1a7775db-355a-4364-8e23-94110f57c20c%3Fformat%3Djson%26states%3Dlisting HTTP/1.0 200 - python-swiftclient-4.8.0 gAAAAABpNPckgn8e... - 2 - tx8f6744db98064eb3ab48e-006934f725 - 0.0260 - - 1765078821.210483313 1765078821.236465216 0 0c044fc9f411403aa3ab5cf8f2b14495
Dec 06 22:40:21 np0005549343.novalocal object-server[96909]: ::1 - - [07/Dec/2025:03:40:21 +0000] "GET /1/119212/AUTH_9cb2db62181546998c52314d1567748c/gnocchi.1a7775db-355a-4364-8e23-94110f57c20c/1764720000.0_mean_300.0_v3" 404 70 "GET https://[::1]:8080/v1/AUTH_9cb2db62181546998c52314d1567748c/gnocchi.1a7775db-355a-4364-8e23-94110f57c20c/1764720000.0_mean_300.0_v3" "tx43d706c473e640fa80ae0-006934f725" "proxy-server 97857" 0.0006 "-" 96909 0
Dec 06 22:40:21 np0005549343.novalocal object-server[96910]: ::1 - - [07/Dec/2025:03:40:21 +0000] "GET /3/119212/AUTH_9cb2db62181546998c52314d1567748c/gnocchi.1a7775db-355a-4364-8e23-94110f57c20c/1764720000.0_mean_300.0_v3" 404 70 "GET https://[::1]:8080/v1/AUTH_9cb2db62181546998c52314d1567748c/gnocchi.1a7775db-355a-4364-8e23-94110f57c20c/1764720000.0_mean_300.0_v3" "tx43d706c473e640fa80ae0-006934f725" "proxy-server 97857" 0.0003 "-" 96910 0
Dec 06 22:40:21 np0005549343.novalocal object-server[96909]: ::1 - - [07/Dec/2025:03:40:21 +0000] "GET /2/119212/AUTH_9cb2db62181546998c52314d1567748c/gnocchi.1a7775db-355a-4364-8e23-94110f57c20c/1764720000.0_mean_300.0_v3" 404 70 "GET https://[::1]:8080/v1/AUTH_9cb2db62181546998c52314d1567748c/gnocchi.1a7775db-355a-4364-8e23-94110f57c20c/1764720000.0_mean_300.0_v3" "tx43d706c473e640fa80ae0-006934f725" "proxy-server 97857" 0.0003 "-" 96909 0
Dec 06 22:40:21 np0005549343.novalocal proxy-server[97857]: ::1 ::1 07/Dec/2025/03/40/21 GET /v1/AUTH_9cb2db62181546998c52314d1567748c/gnocchi.1a7775db-355a-4364-8e23-94110f57c20c/1764720000.0_mean_300.0_v3 HTTP/1.0 404 - python-swiftclient-4.8.0 gAAAAABpNPckgn8e... - 70 - tx43d706c473e640fa80ae0-006934f725 - 0.0147 - - 1765078821.249415874 1765078821.264111280 0 0c044fc9f411403aa3ab5cf8f2b14495
Dec 06 22:40:21 np0005549343.novalocal container-server[96576]: ::1 - - [07/Dec/2025:03:40:21 +0000] "PUT /1/142424/AUTH_9cb2db62181546998c52314d1567748c/gnocchi.1a7775db-355a-4364-8e23-94110f57c20c/1764720000.0_mean_300.0_v3" 201 - "PUT http://[::1]:8080/3/119212/AUTH_9cb2db62181546998c52314d1567748c/gnocchi.1a7775db-355a-4364-8e23-94110f57c20c/1764720000.0_mean_300.0_v3" "txfacc156fe7394d31a0218-006934f725" "object-server 96909" 0.0010 "-" 96576 0
Dec 06 22:40:21 np0005549343.novalocal container-server[96575]: ::1 - - [07/Dec/2025:03:40:21 +0000] "PUT /2/142424/AUTH_9cb2db62181546998c52314d1567748c/gnocchi.1a7775db-355a-4364-8e23-94110f57c20c/1764720000.0_mean_300.0_v3" 201 - "PUT http://[::1]:8080/2/119212/AUTH_9cb2db62181546998c52314d1567748c/gnocchi.1a7775db-355a-4364-8e23-94110f57c20c/1764720000.0_mean_300.0_v3" "txfacc156fe7394d31a0218-006934f725" "object-server 96910" 0.0037 "-" 96575 0
Dec 06 22:40:21 np0005549343.novalocal container-server[96576]: ::1 - - [07/Dec/2025:03:40:21 +0000] "PUT /3/142424/AUTH_9cb2db62181546998c52314d1567748c/gnocchi.1a7775db-355a-4364-8e23-94110f57c20c/1764720000.0_mean_300.0_v3" 201 - "PUT http://[::1]:8080/1/119212/AUTH_9cb2db62181546998c52314d1567748c/gnocchi.1a7775db-355a-4364-8e23-94110f57c20c/1764720000.0_mean_300.0_v3" "txfacc156fe7394d31a0218-006934f725" "object-server 96909" 0.0006 "-" 96576 0
Dec 06 22:40:21 np0005549343.novalocal object-server[96909]: ::1 - - [07/Dec/2025:03:40:21 +0000] "PUT /3/119212/AUTH_9cb2db62181546998c52314d1567748c/gnocchi.1a7775db-355a-4364-8e23-94110f57c20c/1764720000.0_mean_300.0_v3" 201 - "PUT https://[::1]:8080/v1/AUTH_9cb2db62181546998c52314d1567748c/gnocchi.1a7775db-355a-4364-8e23-94110f57c20c/1764720000.0_mean_300.0_v3" "txfacc156fe7394d31a0218-006934f725" "proxy-server 97857" 0.0234 "-" 96909 0
Dec 06 22:40:21 np0005549343.novalocal object-server[96910]: ::1 - - [07/Dec/2025:03:40:21 +0000] "PUT /2/119212/AUTH_9cb2db62181546998c52314d1567748c/gnocchi.1a7775db-355a-4364-8e23-94110f57c20c/1764720000.0_mean_300.0_v3" 201 - "PUT https://[::1]:8080/v1/AUTH_9cb2db62181546998c52314d1567748c/gnocchi.1a7775db-355a-4364-8e23-94110f57c20c/1764720000.0_mean_300.0_v3" "txfacc156fe7394d31a0218-006934f725" "proxy-server 97857" 0.0249 "-" 96910 0
Dec 06 22:40:21 np0005549343.novalocal object-server[96909]: ::1 - - [07/Dec/2025:03:40:21 +0000] "PUT /1/119212/AUTH_9cb2db62181546998c52314d1567748c/gnocchi.1a7775db-355a-4364-8e23-94110f57c20c/1764720000.0_mean_300.0_v3" 201 - "PUT https://[::1]:8080/v1/AUTH_9cb2db62181546998c52314d1567748c/gnocchi.1a7775db-355a-4364-8e23-94110f57c20c/1764720000.0_mean_300.0_v3" "txfacc156fe7394d31a0218-006934f725" "proxy-server 97857" 0.0378 "-" 96909 0
Dec 06 22:40:21 np0005549343.novalocal proxy-server[97857]: ::1 ::1 07/Dec/2025/03/40/21 PUT /v1/AUTH_9cb2db62181546998c52314d1567748c/gnocchi.1a7775db-355a-4364-8e23-94110f57c20c/1764720000.0_mean_300.0_v3 HTTP/1.0 201 - python-swiftclient-4.8.0 gAAAAABpNPckgn8e... 16 - - txfacc156fe7394d31a0218-006934f725 - 0.0498 - - 1765078821.268440723 1765078821.318216085 0 0c044fc9f411403aa3ab5cf8f2b14495
Dec 06 22:40:21 np0005549343.novalocal container-server[96576]: ::1 - - [07/Dec/2025:03:40:21 +0000] "PUT /3/142424/AUTH_9cb2db62181546998c52314d1567748c/gnocchi.1a7775db-355a-4364-8e23-94110f57c20c/none_v3" 201 - "PUT http://[::1]:8080/1/130820/AUTH_9cb2db62181546998c52314d1567748c/gnocchi.1a7775db-355a-4364-8e23-94110f57c20c/none_v3" "tx2810ba075df44bf0b1f90-006934f725" "object-server 96910" 0.0004 "-" 96576 0
Dec 06 22:40:21 np0005549343.novalocal object-server[96910]: ::1 - - [07/Dec/2025:03:40:21 +0000] "PUT /1/130820/AUTH_9cb2db62181546998c52314d1567748c/gnocchi.1a7775db-355a-4364-8e23-94110f57c20c/none_v3" 201 - "PUT https://[::1]:8080/v1/AUTH_9cb2db62181546998c52314d1567748c/gnocchi.1a7775db-355a-4364-8e23-94110f57c20c/none_v3" "tx2810ba075df44bf0b1f90-006934f725" "proxy-server 97857" 0.0093 "-" 96910 0
Dec 06 22:40:21 np0005549343.novalocal container-server[96575]: ::1 - - [07/Dec/2025:03:40:21 +0000] "PUT /1/142424/AUTH_9cb2db62181546998c52314d1567748c/gnocchi.1a7775db-355a-4364-8e23-94110f57c20c/none_v3" 201 - "PUT http://[::1]:8080/2/130820/AUTH_9cb2db62181546998c52314d1567748c/gnocchi.1a7775db-355a-4364-8e23-94110f57c20c/none_v3" "tx2810ba075df44bf0b1f90-006934f725" "object-server 96909" 0.0010 "-" 96575 0
Dec 06 22:40:21 np0005549343.novalocal object-server[96909]: ::1 - - [07/Dec/2025:03:40:21 +0000] "PUT /2/130820/AUTH_9cb2db62181546998c52314d1567748c/gnocchi.1a7775db-355a-4364-8e23-94110f57c20c/none_v3" 201 - "PUT https://[::1]:8080/v1/AUTH_9cb2db62181546998c52314d1567748c/gnocchi.1a7775db-355a-4364-8e23-94110f57c20c/none_v3" "tx2810ba075df44bf0b1f90-006934f725" "proxy-server 97857" 0.0140 "-" 96909 0
Dec 06 22:40:21 np0005549343.novalocal container-server[96575]: ::1 - - [07/Dec/2025:03:40:21 +0000] "PUT /2/142424/AUTH_9cb2db62181546998c52314d1567748c/gnocchi.1a7775db-355a-4364-8e23-94110f57c20c/none_v3" 201 - "PUT http://[::1]:8080/3/130820/AUTH_9cb2db62181546998c52314d1567748c/gnocchi.1a7775db-355a-4364-8e23-94110f57c20c/none_v3" "tx2810ba075df44bf0b1f90-006934f725" "object-server 96909" 0.0008 "-" 96575 0
Dec 06 22:40:21 np0005549343.novalocal object-server[96909]: ::1 - - [07/Dec/2025:03:40:21 +0000] "PUT /3/130820/AUTH_9cb2db62181546998c52314d1567748c/gnocchi.1a7775db-355a-4364-8e23-94110f57c20c/none_v3" 201 - "PUT https://[::1]:8080/v1/AUTH_9cb2db62181546998c52314d1567748c/gnocchi.1a7775db-355a-4364-8e23-94110f57c20c/none_v3" "tx2810ba075df44bf0b1f90-006934f725" "proxy-server 97857" 0.0185 "-" 96909 0
Dec 06 22:40:21 np0005549343.novalocal proxy-server[97857]: ::1 ::1 07/Dec/2025/03/40/21 PUT /v1/AUTH_9cb2db62181546998c52314d1567748c/gnocchi.1a7775db-355a-4364-8e23-94110f57c20c/none_v3 HTTP/1.0 201 - python-swiftclient-4.8.0 gAAAAABpNPckgn8e... 22 - - tx2810ba075df44bf0b1f90-006934f725 - 0.0244 - - 1765078821.323327541 1765078821.347776651 0 0c044fc9f411403aa3ab5cf8f2b14495
Dec 06 22:40:21 np0005549343.novalocal container-server[96576]: ::1 - - [07/Dec/2025:03:40:21 +0000] "HEAD /3/163128/AUTH_9cb2db62181546998c52314d1567748c/gnocchi.46820c38-b1bd-4e12-8ed9-bfab58934692" 404 - "HEAD http://[::1]:8080/v1/AUTH_9cb2db62181546998c52314d1567748c/gnocchi.46820c38-b1bd-4e12-8ed9-bfab58934692" "tx3aae2a5920894fca8bc9c-006934f725" "proxy-server 97857" 0.0004 "-" 96576 0
Dec 06 22:40:21 np0005549343.novalocal container-server[96575]: ::1 - - [07/Dec/2025:03:40:21 +0000] "HEAD /2/163128/AUTH_9cb2db62181546998c52314d1567748c/gnocchi.46820c38-b1bd-4e12-8ed9-bfab58934692" 404 - "HEAD http://[::1]:8080/v1/AUTH_9cb2db62181546998c52314d1567748c/gnocchi.46820c38-b1bd-4e12-8ed9-bfab58934692" "tx3aae2a5920894fca8bc9c-006934f725" "proxy-server 97857" 0.0002 "-" 96575 0
Dec 06 22:40:21 np0005549343.novalocal container-server[96576]: ::1 - - [07/Dec/2025:03:40:21 +0000] "HEAD /1/163128/AUTH_9cb2db62181546998c52314d1567748c/gnocchi.46820c38-b1bd-4e12-8ed9-bfab58934692" 404 - "HEAD http://[::1]:8080/v1/AUTH_9cb2db62181546998c52314d1567748c/gnocchi.46820c38-b1bd-4e12-8ed9-bfab58934692" "tx3aae2a5920894fca8bc9c-006934f725" "proxy-server 97857" 0.0002 "-" 96576 0
Dec 06 22:40:21 np0005549343.novalocal proxy-server[97857]: - - 07/Dec/2025/03/40/21 HEAD /v1/AUTH_9cb2db62181546998c52314d1567748c/gnocchi.46820c38-b1bd-4e12-8ed9-bfab58934692 HTTP/1.0 404 - Swift - - - - tx3aae2a5920894fca8bc9c-006934f725 - 0.0073 CS - 1765078821.375650883 1765078821.382976770 0 -
Dec 06 22:40:21 np0005549343.novalocal object-server[96909]: ::1 - - [07/Dec/2025:03:40:21 +0000] "GET /3/180968/AUTH_9cb2db62181546998c52314d1567748c/gnocchi.46820c38-b1bd-4e12-8ed9-bfab58934692/none_v3" 404 70 "GET https://[::1]:8080/v1/AUTH_9cb2db62181546998c52314d1567748c/gnocchi.46820c38-b1bd-4e12-8ed9-bfab58934692/none_v3" "tx3aae2a5920894fca8bc9c-006934f725" "proxy-server 97857" 0.0005 "-" 96909 0
Dec 06 22:40:21 np0005549343.novalocal object-server[96909]: ::1 - - [07/Dec/2025:03:40:21 +0000] "GET /1/180968/AUTH_9cb2db62181546998c52314d1567748c/gnocchi.46820c38-b1bd-4e12-8ed9-bfab58934692/none_v3" 404 70 "GET https://[::1]:8080/v1/AUTH_9cb2db62181546998c52314d1567748c/gnocchi.46820c38-b1bd-4e12-8ed9-bfab58934692/none_v3" "tx3aae2a5920894fca8bc9c-006934f725" "proxy-server 97857" 0.0004 "-" 96909 0
Dec 06 22:40:21 np0005549343.novalocal object-server[96910]: ::1 - - [07/Dec/2025:03:40:21 +0000] "GET /2/180968/AUTH_9cb2db62181546998c52314d1567748c/gnocchi.46820c38-b1bd-4e12-8ed9-bfab58934692/none_v3" 404 70 "GET https://[::1]:8080/v1/AUTH_9cb2db62181546998c52314d1567748c/gnocchi.46820c38-b1bd-4e12-8ed9-bfab58934692/none_v3" "tx3aae2a5920894fca8bc9c-006934f725" "proxy-server 97857" 0.0005 "-" 96910 0
Dec 06 22:40:21 np0005549343.novalocal proxy-server[97857]: ::1 ::1 07/Dec/2025/03/40/21 GET /v1/AUTH_9cb2db62181546998c52314d1567748c/gnocchi.46820c38-b1bd-4e12-8ed9-bfab58934692/none_v3 HTTP/1.0 404 - python-swiftclient-4.8.0 gAAAAABpNPckgn8e... - 70 - tx3aae2a5920894fca8bc9c-006934f725 - 0.0202 - - 1765078821.374836683 1765078821.395064116 0 0c044fc9f411403aa3ab5cf8f2b14495
Dec 06 22:40:21 np0005549343.novalocal account-server[96280]: ::1 - - [07/Dec/2025:03:40:21 +0000] "PUT /2/78968/AUTH_9cb2db62181546998c52314d1567748c/gnocchi.46820c38-b1bd-4e12-8ed9-bfab58934692" 201 - "PUT http://[::1]:6001/3/163128/AUTH_9cb2db62181546998c52314d1567748c/gnocchi.46820c38-b1bd-4e12-8ed9-bfab58934692" "tx780755272d23445997735-006934f725" "container-server 96576" 0.0069 "-" 96280 0
Dec 06 22:40:21 np0005549343.novalocal container-server[96576]: ::1 - - [07/Dec/2025:03:40:21 +0000] "PUT /3/163128/AUTH_9cb2db62181546998c52314d1567748c/gnocchi.46820c38-b1bd-4e12-8ed9-bfab58934692" 201 - "PUT https://[::1]:8080/v1/AUTH_9cb2db62181546998c52314d1567748c/gnocchi.46820c38-b1bd-4e12-8ed9-bfab58934692" "tx780755272d23445997735-006934f725" "proxy-server 97857" 0.0240 "-" 96576 0
Dec 06 22:40:21 np0005549343.novalocal account-server[96281]: ::1 - - [07/Dec/2025:03:40:21 +0000] "PUT /3/78968/AUTH_9cb2db62181546998c52314d1567748c/gnocchi.46820c38-b1bd-4e12-8ed9-bfab58934692" 201 - "PUT http://[::1]:6001/1/163128/AUTH_9cb2db62181546998c52314d1567748c/gnocchi.46820c38-b1bd-4e12-8ed9-bfab58934692" "tx780755272d23445997735-006934f725" "container-server 96575" 0.0102 "-" 96281 0
Dec 06 22:40:21 np0005549343.novalocal container-server[96575]: ::1 - - [07/Dec/2025:03:40:21 +0000] "PUT /1/163128/AUTH_9cb2db62181546998c52314d1567748c/gnocchi.46820c38-b1bd-4e12-8ed9-bfab58934692" 201 - "PUT https://[::1]:8080/v1/AUTH_9cb2db62181546998c52314d1567748c/gnocchi.46820c38-b1bd-4e12-8ed9-bfab58934692" "tx780755272d23445997735-006934f725" "proxy-server 97857" 0.0255 "-" 96575 0
Dec 06 22:40:21 np0005549343.novalocal account-server[96280]: ::1 - - [07/Dec/2025:03:40:21 +0000] "PUT /1/78968/AUTH_9cb2db62181546998c52314d1567748c/gnocchi.46820c38-b1bd-4e12-8ed9-bfab58934692" 201 - "PUT http://[::1]:6001/2/163128/AUTH_9cb2db62181546998c52314d1567748c/gnocchi.46820c38-b1bd-4e12-8ed9-bfab58934692" "tx780755272d23445997735-006934f725" "container-server 96576" 0.0050 "-" 96280 0
Dec 06 22:40:21 np0005549343.novalocal container-server[96576]: ::1 - - [07/Dec/2025:03:40:21 +0000] "PUT /2/163128/AUTH_9cb2db62181546998c52314d1567748c/gnocchi.46820c38-b1bd-4e12-8ed9-bfab58934692" 201 - "PUT https://[::1]:8080/v1/AUTH_9cb2db62181546998c52314d1567748c/gnocchi.46820c38-b1bd-4e12-8ed9-bfab58934692" "tx780755272d23445997735-006934f725" "proxy-server 97857" 0.0181 "-" 96576 0
Dec 06 22:40:21 np0005549343.novalocal proxy-server[97857]: ::1 ::1 07/Dec/2025/03/40/21 PUT /v1/AUTH_9cb2db62181546998c52314d1567748c/gnocchi.46820c38-b1bd-4e12-8ed9-bfab58934692 HTTP/1.0 201 - python-swiftclient-4.8.0 gAAAAABpNPckgn8e... - - - tx780755272d23445997735-006934f725 - 0.0364 - - 1765078821.398642778 1765078821.435055017 0 0c044fc9f411403aa3ab5cf8f2b14495
Dec 06 22:40:21 np0005549343.novalocal dnsmasq[103777]: read /var/lib/neutron/dhcp/f1b3e8c6-9d85-4eb4-9c48-f1cf1454c883/addn_hosts - 1 addresses
Dec 06 22:40:21 np0005549343.novalocal dnsmasq-dhcp[103777]: read /var/lib/neutron/dhcp/f1b3e8c6-9d85-4eb4-9c48-f1cf1454c883/host
Dec 06 22:40:21 np0005549343.novalocal dnsmasq-dhcp[103777]: read /var/lib/neutron/dhcp/f1b3e8c6-9d85-4eb4-9c48-f1cf1454c883/opts
Dec 06 22:40:21 np0005549343.novalocal container-server[96576]: ::1 - - [07/Dec/2025:03:40:21 +0000] "HEAD /3/163128/AUTH_9cb2db62181546998c52314d1567748c/gnocchi.46820c38-b1bd-4e12-8ed9-bfab58934692" 204 - "HEAD http://[::1]:8080/v1/AUTH_9cb2db62181546998c52314d1567748c/gnocchi.46820c38-b1bd-4e12-8ed9-bfab58934692" "tx293467ab9d15416b962ba-006934f725" "proxy-server 97857" 0.0012 "-" 96576 0
Dec 06 22:40:21 np0005549343.novalocal proxy-server[97857]: - - 07/Dec/2025/03/40/21 HEAD /v1/AUTH_9cb2db62181546998c52314d1567748c/gnocchi.46820c38-b1bd-4e12-8ed9-bfab58934692 HTTP/1.0 204 - Swift - - - - tx293467ab9d15416b962ba-006934f725 - 0.0052 CS - 1765078821.446248055 1765078821.451452494 0 -
Dec 06 22:40:21 np0005549343.novalocal container-server[96576]: ::1 - - [07/Dec/2025:03:40:21 +0000] "GET /2/163128/AUTH_9cb2db62181546998c52314d1567748c/gnocchi.46820c38-b1bd-4e12-8ed9-bfab58934692" 200 2 "GET https://[::1]:8080/v1/AUTH_9cb2db62181546998c52314d1567748c/gnocchi.46820c38-b1bd-4e12-8ed9-bfab58934692?format=json&states=listing" "tx293467ab9d15416b962ba-006934f725" "proxy-server 97857" 0.0020 "-" 96576 0
Dec 06 22:40:21 np0005549343.novalocal proxy-server[97857]: ::1 ::1 07/Dec/2025/03/40/21 GET /v1/AUTH_9cb2db62181546998c52314d1567748c/gnocchi.46820c38-b1bd-4e12-8ed9-bfab58934692%3Fformat%3Djson%26states%3Dlisting HTTP/1.0 200 - python-swiftclient-4.8.0 gAAAAABpNPckgn8e... - 2 - tx293467ab9d15416b962ba-006934f725 - 0.0143 - - 1765078821.445633173 1765078821.459915638 0 0c044fc9f411403aa3ab5cf8f2b14495
Dec 06 22:40:21 np0005549343.novalocal object-server[96910]: ::1 - - [07/Dec/2025:03:40:21 +0000] "GET /1/55995/AUTH_9cb2db62181546998c52314d1567748c/gnocchi.46820c38-b1bd-4e12-8ed9-bfab58934692/1764720000.0_mean_300.0_v3" 404 70 "GET https://[::1]:8080/v1/AUTH_9cb2db62181546998c52314d1567748c/gnocchi.46820c38-b1bd-4e12-8ed9-bfab58934692/1764720000.0_mean_300.0_v3" "tx9b8de1434a854501a5c81-006934f725" "proxy-server 97857" 0.0005 "-" 96910 0
Dec 06 22:40:21 np0005549343.novalocal object-server[96910]: ::1 - - [07/Dec/2025:03:40:21 +0000] "GET /2/55995/AUTH_9cb2db62181546998c52314d1567748c/gnocchi.46820c38-b1bd-4e12-8ed9-bfab58934692/1764720000.0_mean_300.0_v3" 404 70 "GET https://[::1]:8080/v1/AUTH_9cb2db62181546998c52314d1567748c/gnocchi.46820c38-b1bd-4e12-8ed9-bfab58934692/1764720000.0_mean_300.0_v3" "tx9b8de1434a854501a5c81-006934f725" "proxy-server 97857" 0.0003 "-" 96910 0
Dec 06 22:40:21 np0005549343.novalocal object-server[96910]: ::1 - - [07/Dec/2025:03:40:21 +0000] "GET /3/55995/AUTH_9cb2db62181546998c52314d1567748c/gnocchi.46820c38-b1bd-4e12-8ed9-bfab58934692/1764720000.0_mean_300.0_v3" 404 70 "GET https://[::1]:8080/v1/AUTH_9cb2db62181546998c52314d1567748c/gnocchi.46820c38-b1bd-4e12-8ed9-bfab58934692/1764720000.0_mean_300.0_v3" "tx9b8de1434a854501a5c81-006934f725" "proxy-server 97857" 0.0003 "-" 96910 0
Dec 06 22:40:21 np0005549343.novalocal proxy-server[97857]: ::1 ::1 07/Dec/2025/03/40/21 GET /v1/AUTH_9cb2db62181546998c52314d1567748c/gnocchi.46820c38-b1bd-4e12-8ed9-bfab58934692/1764720000.0_mean_300.0_v3 HTTP/1.0 404 - python-swiftclient-4.8.0 gAAAAABpNPckgn8e... - 70 - tx9b8de1434a854501a5c81-006934f725 - 0.0326 - - 1765078821.468658447 1765078821.501238108 0 0c044fc9f411403aa3ab5cf8f2b14495
Dec 06 22:40:21 np0005549343.novalocal container-server[96576]: ::1 - - [07/Dec/2025:03:40:21 +0000] "PUT /3/163128/AUTH_9cb2db62181546998c52314d1567748c/gnocchi.46820c38-b1bd-4e12-8ed9-bfab58934692/1764720000.0_mean_300.0_v3" 201 - "PUT http://[::1]:8080/3/55995/AUTH_9cb2db62181546998c52314d1567748c/gnocchi.46820c38-b1bd-4e12-8ed9-bfab58934692/1764720000.0_mean_300.0_v3" "tx3e6517fe97a64c55a9769-006934f725" "object-server 96909" 0.0006 "-" 96576 0
Dec 06 22:40:21 np0005549343.novalocal container-server[96576]: ::1 - - [07/Dec/2025:03:40:21 +0000] "PUT /1/163128/AUTH_9cb2db62181546998c52314d1567748c/gnocchi.46820c38-b1bd-4e12-8ed9-bfab58934692/1764720000.0_mean_300.0_v3" 201 - "PUT http://[::1]:8080/1/55995/AUTH_9cb2db62181546998c52314d1567748c/gnocchi.46820c38-b1bd-4e12-8ed9-bfab58934692/1764720000.0_mean_300.0_v3" "tx3e6517fe97a64c55a9769-006934f725" "object-server 96909" 0.0003 "-" 96576 0
Dec 06 22:40:21 np0005549343.novalocal object-server[96909]: ::1 - - [07/Dec/2025:03:40:21 +0000] "PUT /3/55995/AUTH_9cb2db62181546998c52314d1567748c/gnocchi.46820c38-b1bd-4e12-8ed9-bfab58934692/1764720000.0_mean_300.0_v3" 201 - "PUT https://[::1]:8080/v1/AUTH_9cb2db62181546998c52314d1567748c/gnocchi.46820c38-b1bd-4e12-8ed9-bfab58934692/1764720000.0_mean_300.0_v3" "tx3e6517fe97a64c55a9769-006934f725" "proxy-server 97857" 0.0548 "-" 96909 0
Dec 06 22:40:21 np0005549343.novalocal object-server[96909]: ::1 - - [07/Dec/2025:03:40:21 +0000] "PUT /1/55995/AUTH_9cb2db62181546998c52314d1567748c/gnocchi.46820c38-b1bd-4e12-8ed9-bfab58934692/1764720000.0_mean_300.0_v3" 201 - "PUT https://[::1]:8080/v1/AUTH_9cb2db62181546998c52314d1567748c/gnocchi.46820c38-b1bd-4e12-8ed9-bfab58934692/1764720000.0_mean_300.0_v3" "tx3e6517fe97a64c55a9769-006934f725" "proxy-server 97857" 0.0452 "-" 96909 0
Dec 06 22:40:21 np0005549343.novalocal container-server[96576]: ::1 - - [07/Dec/2025:03:40:21 +0000] "PUT /2/163128/AUTH_9cb2db62181546998c52314d1567748c/gnocchi.46820c38-b1bd-4e12-8ed9-bfab58934692/1764720000.0_mean_300.0_v3" 201 - "PUT http://[::1]:8080/2/55995/AUTH_9cb2db62181546998c52314d1567748c/gnocchi.46820c38-b1bd-4e12-8ed9-bfab58934692/1764720000.0_mean_300.0_v3" "tx3e6517fe97a64c55a9769-006934f725" "object-server 96910" 0.0008 "-" 96576 0
Dec 06 22:40:21 np0005549343.novalocal object-server[96910]: ::1 - - [07/Dec/2025:03:40:21 +0000] "PUT /2/55995/AUTH_9cb2db62181546998c52314d1567748c/gnocchi.46820c38-b1bd-4e12-8ed9-bfab58934692/1764720000.0_mean_300.0_v3" 201 - "PUT https://[::1]:8080/v1/AUTH_9cb2db62181546998c52314d1567748c/gnocchi.46820c38-b1bd-4e12-8ed9-bfab58934692/1764720000.0_mean_300.0_v3" "tx3e6517fe97a64c55a9769-006934f725" "proxy-server 97857" 0.0705 "-" 96910 0
Dec 06 22:40:21 np0005549343.novalocal proxy-server[97857]: ::1 ::1 07/Dec/2025/03/40/21 PUT /v1/AUTH_9cb2db62181546998c52314d1567748c/gnocchi.46820c38-b1bd-4e12-8ed9-bfab58934692/1764720000.0_mean_300.0_v3 HTTP/1.0 201 - python-swiftclient-4.8.0 gAAAAABpNPckgn8e... 16 - - tx3e6517fe97a64c55a9769-006934f725 - 0.0867 - - 1765078821.506034374 1765078821.592738628 0 0c044fc9f411403aa3ab5cf8f2b14495
Dec 06 22:40:21 np0005549343.novalocal container-server[96575]: ::1 - - [07/Dec/2025:03:40:21 +0000] "PUT /3/163128/AUTH_9cb2db62181546998c52314d1567748c/gnocchi.46820c38-b1bd-4e12-8ed9-bfab58934692/none_v3" 201 - "PUT http://[::1]:8080/3/180968/AUTH_9cb2db62181546998c52314d1567748c/gnocchi.46820c38-b1bd-4e12-8ed9-bfab58934692/none_v3" "tx6a9c6db81d554b7cadc64-006934f725" "object-server 96909" 0.0006 "-" 96575 0
Dec 06 22:40:21 np0005549343.novalocal object-server[96909]: ::1 - - [07/Dec/2025:03:40:21 +0000] "PUT /3/180968/AUTH_9cb2db62181546998c52314d1567748c/gnocchi.46820c38-b1bd-4e12-8ed9-bfab58934692/none_v3" 201 - "PUT https://[::1]:8080/v1/AUTH_9cb2db62181546998c52314d1567748c/gnocchi.46820c38-b1bd-4e12-8ed9-bfab58934692/none_v3" "tx6a9c6db81d554b7cadc64-006934f725" "proxy-server 97857" 0.0246 "-" 96909 0
Dec 06 22:40:21 np0005549343.novalocal container-server[96575]: ::1 - - [07/Dec/2025:03:40:21 +0000] "PUT /2/163128/AUTH_9cb2db62181546998c52314d1567748c/gnocchi.46820c38-b1bd-4e12-8ed9-bfab58934692/none_v3" 201 - "PUT http://[::1]:8080/1/180968/AUTH_9cb2db62181546998c52314d1567748c/gnocchi.46820c38-b1bd-4e12-8ed9-bfab58934692/none_v3" "tx6a9c6db81d554b7cadc64-006934f725" "object-server 96910" 0.0004 "-" 96575 0
Dec 06 22:40:21 np0005549343.novalocal object-server[96910]: ::1 - - [07/Dec/2025:03:40:21 +0000] "PUT /1/180968/AUTH_9cb2db62181546998c52314d1567748c/gnocchi.46820c38-b1bd-4e12-8ed9-bfab58934692/none_v3" 201 - "PUT https://[::1]:8080/v1/AUTH_9cb2db62181546998c52314d1567748c/gnocchi.46820c38-b1bd-4e12-8ed9-bfab58934692/none_v3" "tx6a9c6db81d554b7cadc64-006934f725" "proxy-server 97857" 0.0301 "-" 96910 0
Dec 06 22:40:21 np0005549343.novalocal container-server[96575]: ::1 - - [07/Dec/2025:03:40:21 +0000] "PUT /1/163128/AUTH_9cb2db62181546998c52314d1567748c/gnocchi.46820c38-b1bd-4e12-8ed9-bfab58934692/none_v3" 201 - "PUT http://[::1]:8080/2/180968/AUTH_9cb2db62181546998c52314d1567748c/gnocchi.46820c38-b1bd-4e12-8ed9-bfab58934692/none_v3" "tx6a9c6db81d554b7cadc64-006934f725" "object-server 96910" 0.0005 "-" 96575 0
Dec 06 22:40:21 np0005549343.novalocal object-server[96910]: ::1 - - [07/Dec/2025:03:40:21 +0000] "PUT /2/180968/AUTH_9cb2db62181546998c52314d1567748c/gnocchi.46820c38-b1bd-4e12-8ed9-bfab58934692/none_v3" 201 - "PUT https://[::1]:8080/v1/AUTH_9cb2db62181546998c52314d1567748c/gnocchi.46820c38-b1bd-4e12-8ed9-bfab58934692/none_v3" "tx6a9c6db81d554b7cadc64-006934f725" "proxy-server 97857" 0.0310 "-" 96910 0
Dec 06 22:40:21 np0005549343.novalocal proxy-server[97857]: ::1 ::1 07/Dec/2025/03/40/21 PUT /v1/AUTH_9cb2db62181546998c52314d1567748c/gnocchi.46820c38-b1bd-4e12-8ed9-bfab58934692/none_v3 HTTP/1.0 201 - python-swiftclient-4.8.0 gAAAAABpNPckgn8e... 22 - - tx6a9c6db81d554b7cadc64-006934f725 - 0.0525 - - 1765078821.599902630 1765078821.652364492 0 0c044fc9f411403aa3ab5cf8f2b14495
Dec 06 22:40:21 np0005549343.novalocal container-auditor[96737]: Begin container audit pass.
Dec 06 22:40:21 np0005549343.novalocal container-server[96576]: ::1 - - [07/Dec/2025:03:40:21 +0000] "HEAD /1/125107/AUTH_9cb2db62181546998c52314d1567748c/gnocchi.3b68cbb1-ebe4-4d39-a327-1f3d544a1314" 404 - "HEAD http://[::1]:8080/v1/AUTH_9cb2db62181546998c52314d1567748c/gnocchi.3b68cbb1-ebe4-4d39-a327-1f3d544a1314" "tx3e7c4d599cb04789a6dbc-006934f725" "proxy-server 97857" 0.0003 "-" 96576 0
Dec 06 22:40:21 np0005549343.novalocal container-server[96575]: ::1 - - [07/Dec/2025:03:40:21 +0000] "HEAD /3/125107/AUTH_9cb2db62181546998c52314d1567748c/gnocchi.3b68cbb1-ebe4-4d39-a327-1f3d544a1314" 404 - "HEAD http://[::1]:8080/v1/AUTH_9cb2db62181546998c52314d1567748c/gnocchi.3b68cbb1-ebe4-4d39-a327-1f3d544a1314" "tx3e7c4d599cb04789a6dbc-006934f725" "proxy-server 97857" 0.0003 "-" 96575 0
Dec 06 22:40:21 np0005549343.novalocal container-server[96576]: ::1 - - [07/Dec/2025:03:40:21 +0000] "HEAD /2/125107/AUTH_9cb2db62181546998c52314d1567748c/gnocchi.3b68cbb1-ebe4-4d39-a327-1f3d544a1314" 404 - "HEAD http://[::1]:8080/v1/AUTH_9cb2db62181546998c52314d1567748c/gnocchi.3b68cbb1-ebe4-4d39-a327-1f3d544a1314" "tx3e7c4d599cb04789a6dbc-006934f725" "proxy-server 97857" 0.0002 "-" 96576 0
Dec 06 22:40:21 np0005549343.novalocal proxy-server[97857]: - - 07/Dec/2025/03/40/21 HEAD /v1/AUTH_9cb2db62181546998c52314d1567748c/gnocchi.3b68cbb1-ebe4-4d39-a327-1f3d544a1314 HTTP/1.0 404 - Swift - - - - tx3e7c4d599cb04789a6dbc-006934f725 - 0.0098 CS - 1765078821.672103405 1765078821.681904316 0 -
Dec 06 22:40:21 np0005549343.novalocal object-server[96909]: ::1 - - [07/Dec/2025:03:40:21 +0000] "GET /3/1222/AUTH_9cb2db62181546998c52314d1567748c/gnocchi.3b68cbb1-ebe4-4d39-a327-1f3d544a1314/none_v3" 404 70 "GET https://[::1]:8080/v1/AUTH_9cb2db62181546998c52314d1567748c/gnocchi.3b68cbb1-ebe4-4d39-a327-1f3d544a1314/none_v3" "tx3e7c4d599cb04789a6dbc-006934f725" "proxy-server 97857" 0.0005 "-" 96909 0
Dec 06 22:40:21 np0005549343.novalocal object-server[96910]: ::1 - - [07/Dec/2025:03:40:21 +0000] "GET /1/1222/AUTH_9cb2db62181546998c52314d1567748c/gnocchi.3b68cbb1-ebe4-4d39-a327-1f3d544a1314/none_v3" 404 70 "GET https://[::1]:8080/v1/AUTH_9cb2db62181546998c52314d1567748c/gnocchi.3b68cbb1-ebe4-4d39-a327-1f3d544a1314/none_v3" "tx3e7c4d599cb04789a6dbc-006934f725" "proxy-server 97857" 0.0004 "-" 96910 0
Dec 06 22:40:21 np0005549343.novalocal object-server[96910]: ::1 - - [07/Dec/2025:03:40:21 +0000] "GET /2/1222/AUTH_9cb2db62181546998c52314d1567748c/gnocchi.3b68cbb1-ebe4-4d39-a327-1f3d544a1314/none_v3" 404 70 "GET https://[::1]:8080/v1/AUTH_9cb2db62181546998c52314d1567748c/gnocchi.3b68cbb1-ebe4-4d39-a327-1f3d544a1314/none_v3" "tx3e7c4d599cb04789a6dbc-006934f725" "proxy-server 97857" 0.0003 "-" 96910 0
Dec 06 22:40:21 np0005549343.novalocal proxy-server[97857]: ::1 ::1 07/Dec/2025/03/40/21 GET /v1/AUTH_9cb2db62181546998c52314d1567748c/gnocchi.3b68cbb1-ebe4-4d39-a327-1f3d544a1314/none_v3 HTTP/1.0 404 - python-swiftclient-4.8.0 gAAAAABpNPckgn8e... - 70 - tx3e7c4d599cb04789a6dbc-006934f725 - 0.0231 - - 1765078821.671434164 1765078821.694529533 0 0c044fc9f411403aa3ab5cf8f2b14495
Dec 06 22:40:21 np0005549343.novalocal account-server[96280]: ::1 - - [07/Dec/2025:03:40:21 +0000] "PUT /1/78968/AUTH_9cb2db62181546998c52314d1567748c/gnocchi.3b68cbb1-ebe4-4d39-a327-1f3d544a1314" 201 - "PUT http://[::1]:6001/1/125107/AUTH_9cb2db62181546998c52314d1567748c/gnocchi.3b68cbb1-ebe4-4d39-a327-1f3d544a1314" "txead182296e3c495bb024e-006934f725" "container-server 96576" 0.0048 "-" 96280 0
Dec 06 22:40:21 np0005549343.novalocal container-server[96576]: ::1 - - [07/Dec/2025:03:40:21 +0000] "PUT /1/125107/AUTH_9cb2db62181546998c52314d1567748c/gnocchi.3b68cbb1-ebe4-4d39-a327-1f3d544a1314" 201 - "PUT https://[::1]:8080/v1/AUTH_9cb2db62181546998c52314d1567748c/gnocchi.3b68cbb1-ebe4-4d39-a327-1f3d544a1314" "txead182296e3c495bb024e-006934f725" "proxy-server 97857" 0.0490 "-" 96576 0
Dec 06 22:40:21 np0005549343.novalocal account-server[96281]: ::1 - - [07/Dec/2025:03:40:21 +0000] "PUT /3/78968/AUTH_9cb2db62181546998c52314d1567748c/gnocchi.3b68cbb1-ebe4-4d39-a327-1f3d544a1314" 201 - "PUT http://[::1]:6001/3/125107/AUTH_9cb2db62181546998c52314d1567748c/gnocchi.3b68cbb1-ebe4-4d39-a327-1f3d544a1314" "txead182296e3c495bb024e-006934f725" "container-server 96576" 0.0039 "-" 96281 0
Dec 06 22:40:21 np0005549343.novalocal container-server[96576]: ::1 - - [07/Dec/2025:03:40:21 +0000] "PUT /3/125107/AUTH_9cb2db62181546998c52314d1567748c/gnocchi.3b68cbb1-ebe4-4d39-a327-1f3d544a1314" 201 - "PUT https://[::1]:8080/v1/AUTH_9cb2db62181546998c52314d1567748c/gnocchi.3b68cbb1-ebe4-4d39-a327-1f3d544a1314" "txead182296e3c495bb024e-006934f725" "proxy-server 97857" 0.0115 "-" 96576 0
Dec 06 22:40:21 np0005549343.novalocal account-server[96281]: ::1 - - [07/Dec/2025:03:40:21 +0000] "PUT /2/78968/AUTH_9cb2db62181546998c52314d1567748c/gnocchi.3b68cbb1-ebe4-4d39-a327-1f3d544a1314" 201 - "PUT http://[::1]:6001/2/125107/AUTH_9cb2db62181546998c52314d1567748c/gnocchi.3b68cbb1-ebe4-4d39-a327-1f3d544a1314" "txead182296e3c495bb024e-006934f725" "container-server 96576" 0.0031 "-" 96281 0
Dec 06 22:40:21 np0005549343.novalocal container-server[96576]: ::1 - - [07/Dec/2025:03:40:21 +0000] "PUT /2/125107/AUTH_9cb2db62181546998c52314d1567748c/gnocchi.3b68cbb1-ebe4-4d39-a327-1f3d544a1314" 201 - "PUT https://[::1]:8080/v1/AUTH_9cb2db62181546998c52314d1567748c/gnocchi.3b68cbb1-ebe4-4d39-a327-1f3d544a1314" "txead182296e3c495bb024e-006934f725" "proxy-server 97857" 0.0325 "-" 96576 0
Dec 06 22:40:21 np0005549343.novalocal proxy-server[97857]: ::1 ::1 07/Dec/2025/03/40/21 PUT /v1/AUTH_9cb2db62181546998c52314d1567748c/gnocchi.3b68cbb1-ebe4-4d39-a327-1f3d544a1314 HTTP/1.0 201 - python-swiftclient-4.8.0 gAAAAABpNPckgn8e... - - - txead182296e3c495bb024e-006934f725 - 0.0655 - - 1765078821.700093269 1765078821.765624285 0 0c044fc9f411403aa3ab5cf8f2b14495
Dec 06 22:40:21 np0005549343.novalocal container-server[96576]: ::1 - - [07/Dec/2025:03:40:21 +0000] "HEAD /1/125107/AUTH_9cb2db62181546998c52314d1567748c/gnocchi.3b68cbb1-ebe4-4d39-a327-1f3d544a1314" 204 - "HEAD http://[::1]:8080/v1/AUTH_9cb2db62181546998c52314d1567748c/gnocchi.3b68cbb1-ebe4-4d39-a327-1f3d544a1314" "txf1a3199284e345119f6db-006934f725" "proxy-server 97857" 0.0010 "-" 96576 0
Dec 06 22:40:21 np0005549343.novalocal proxy-server[97857]: - - 07/Dec/2025/03/40/21 HEAD /v1/AUTH_9cb2db62181546998c52314d1567748c/gnocchi.3b68cbb1-ebe4-4d39-a327-1f3d544a1314 HTTP/1.0 204 - Swift - - - - txf1a3199284e345119f6db-006934f725 - 0.0035 CS - 1765078821.771285534 1765078821.774751425 0 -
Dec 06 22:40:21 np0005549343.novalocal container-auditor[96737]: Container audit pass completed: 0.13s
Dec 06 22:40:21 np0005549343.novalocal container-server[96575]: ::1 - - [07/Dec/2025:03:40:21 +0000] "GET /1/125107/AUTH_9cb2db62181546998c52314d1567748c/gnocchi.3b68cbb1-ebe4-4d39-a327-1f3d544a1314" 200 2 "GET https://[::1]:8080/v1/AUTH_9cb2db62181546998c52314d1567748c/gnocchi.3b68cbb1-ebe4-4d39-a327-1f3d544a1314?format=json&states=listing" "txf1a3199284e345119f6db-006934f725" "proxy-server 97857" 0.0141 "-" 96575 0
Dec 06 22:40:21 np0005549343.novalocal proxy-server[97857]: ::1 ::1 07/Dec/2025/03/40/21 GET /v1/AUTH_9cb2db62181546998c52314d1567748c/gnocchi.3b68cbb1-ebe4-4d39-a327-1f3d544a1314%3Fformat%3Djson%26states%3Dlisting HTTP/1.0 200 - python-swiftclient-4.8.0 gAAAAABpNPckgn8e... - 2 - txf1a3199284e345119f6db-006934f725 - 0.0235 - - 1765078821.770811319 1765078821.794323683 0 0c044fc9f411403aa3ab5cf8f2b14495
Dec 06 22:40:21 np0005549343.novalocal object-server[96909]: ::1 - - [07/Dec/2025:03:40:21 +0000] "GET /2/129707/AUTH_9cb2db62181546998c52314d1567748c/gnocchi.3b68cbb1-ebe4-4d39-a327-1f3d544a1314/1764720000.0_mean_300.0_v3" 404 70 "GET https://[::1]:8080/v1/AUTH_9cb2db62181546998c52314d1567748c/gnocchi.3b68cbb1-ebe4-4d39-a327-1f3d544a1314/1764720000.0_mean_300.0_v3" "txaf942219167c45969a77f-006934f725" "proxy-server 97857" 0.0007 "-" 96909 0
Dec 06 22:40:21 np0005549343.novalocal object-server[96909]: ::1 - - [07/Dec/2025:03:40:21 +0000] "GET /1/129707/AUTH_9cb2db62181546998c52314d1567748c/gnocchi.3b68cbb1-ebe4-4d39-a327-1f3d544a1314/1764720000.0_mean_300.0_v3" 404 70 "GET https://[::1]:8080/v1/AUTH_9cb2db62181546998c52314d1567748c/gnocchi.3b68cbb1-ebe4-4d39-a327-1f3d544a1314/1764720000.0_mean_300.0_v3" "txaf942219167c45969a77f-006934f725" "proxy-server 97857" 0.0003 "-" 96909 0
Dec 06 22:40:21 np0005549343.novalocal object-server[96910]: ::1 - - [07/Dec/2025:03:40:21 +0000] "GET /3/129707/AUTH_9cb2db62181546998c52314d1567748c/gnocchi.3b68cbb1-ebe4-4d39-a327-1f3d544a1314/1764720000.0_mean_300.0_v3" 404 70 "GET https://[::1]:8080/v1/AUTH_9cb2db62181546998c52314d1567748c/gnocchi.3b68cbb1-ebe4-4d39-a327-1f3d544a1314/1764720000.0_mean_300.0_v3" "txaf942219167c45969a77f-006934f725" "proxy-server 97857" 0.0003 "-" 96910 0
Dec 06 22:40:21 np0005549343.novalocal proxy-server[97857]: ::1 ::1 07/Dec/2025/03/40/21 GET /v1/AUTH_9cb2db62181546998c52314d1567748c/gnocchi.3b68cbb1-ebe4-4d39-a327-1f3d544a1314/1764720000.0_mean_300.0_v3 HTTP/1.0 404 - python-swiftclient-4.8.0 gAAAAABpNPckgn8e... - 70 - txaf942219167c45969a77f-006934f725 - 0.0111 - - 1765078821.797268152 1765078821.808393717 0 0c044fc9f411403aa3ab5cf8f2b14495
Dec 06 22:40:21 np0005549343.novalocal container-server[96576]: ::1 - - [07/Dec/2025:03:40:21 +0000] "PUT /1/125107/AUTH_9cb2db62181546998c52314d1567748c/gnocchi.3b68cbb1-ebe4-4d39-a327-1f3d544a1314/1764720000.0_mean_300.0_v3" 201 - "PUT http://[::1]:8080/1/129707/AUTH_9cb2db62181546998c52314d1567748c/gnocchi.3b68cbb1-ebe4-4d39-a327-1f3d544a1314/1764720000.0_mean_300.0_v3" "tx1c20d76abecd404a904ef-006934f725" "object-server 96910" 0.0005 "-" 96576 0
Dec 06 22:40:21 np0005549343.novalocal object-server[96910]: ::1 - - [07/Dec/2025:03:40:21 +0000] "PUT /1/129707/AUTH_9cb2db62181546998c52314d1567748c/gnocchi.3b68cbb1-ebe4-4d39-a327-1f3d544a1314/1764720000.0_mean_300.0_v3" 201 - "PUT https://[::1]:8080/v1/AUTH_9cb2db62181546998c52314d1567748c/gnocchi.3b68cbb1-ebe4-4d39-a327-1f3d544a1314/1764720000.0_mean_300.0_v3" "tx1c20d76abecd404a904ef-006934f725" "proxy-server 97857" 0.0149 "-" 96910 0
Dec 06 22:40:21 np0005549343.novalocal container-server[96576]: ::1 - - [07/Dec/2025:03:40:21 +0000] "PUT /3/125107/AUTH_9cb2db62181546998c52314d1567748c/gnocchi.3b68cbb1-ebe4-4d39-a327-1f3d544a1314/1764720000.0_mean_300.0_v3" 201 - "PUT http://[::1]:8080/3/129707/AUTH_9cb2db62181546998c52314d1567748c/gnocchi.3b68cbb1-ebe4-4d39-a327-1f3d544a1314/1764720000.0_mean_300.0_v3" "tx1c20d76abecd404a904ef-006934f725" "object-server 96909" 0.0003 "-" 96576 0
Dec 06 22:40:21 np0005549343.novalocal object-server[96909]: ::1 - - [07/Dec/2025:03:40:21 +0000] "PUT /3/129707/AUTH_9cb2db62181546998c52314d1567748c/gnocchi.3b68cbb1-ebe4-4d39-a327-1f3d544a1314/1764720000.0_mean_300.0_v3" 201 - "PUT https://[::1]:8080/v1/AUTH_9cb2db62181546998c52314d1567748c/gnocchi.3b68cbb1-ebe4-4d39-a327-1f3d544a1314/1764720000.0_mean_300.0_v3" "tx1c20d76abecd404a904ef-006934f725" "proxy-server 97857" 0.0119 "-" 96909 0
Dec 06 22:40:21 np0005549343.novalocal container-server[96576]: ::1 - - [07/Dec/2025:03:40:21 +0000] "PUT /2/125107/AUTH_9cb2db62181546998c52314d1567748c/gnocchi.3b68cbb1-ebe4-4d39-a327-1f3d544a1314/1764720000.0_mean_300.0_v3" 201 - "PUT http://[::1]:8080/2/129707/AUTH_9cb2db62181546998c52314d1567748c/gnocchi.3b68cbb1-ebe4-4d39-a327-1f3d544a1314/1764720000.0_mean_300.0_v3" "tx1c20d76abecd404a904ef-006934f725" "object-server 96909" 0.0006 "-" 96576 0
Dec 06 22:40:21 np0005549343.novalocal object-server[96909]: ::1 - - [07/Dec/2025:03:40:21 +0000] "PUT /2/129707/AUTH_9cb2db62181546998c52314d1567748c/gnocchi.3b68cbb1-ebe4-4d39-a327-1f3d544a1314/1764720000.0_mean_300.0_v3" 201 - "PUT https://[::1]:8080/v1/AUTH_9cb2db62181546998c52314d1567748c/gnocchi.3b68cbb1-ebe4-4d39-a327-1f3d544a1314/1764720000.0_mean_300.0_v3" "tx1c20d76abecd404a904ef-006934f725" "proxy-server 97857" 0.0233 "-" 96909 0
Dec 06 22:40:21 np0005549343.novalocal proxy-server[97857]: ::1 ::1 07/Dec/2025/03/40/21 PUT /v1/AUTH_9cb2db62181546998c52314d1567748c/gnocchi.3b68cbb1-ebe4-4d39-a327-1f3d544a1314/1764720000.0_mean_300.0_v3 HTTP/1.0 201 - python-swiftclient-4.8.0 gAAAAABpNPckgn8e... 16 - - tx1c20d76abecd404a904ef-006934f725 - 0.0305 - - 1765078821.811801910 1765078821.842301369 0 0c044fc9f411403aa3ab5cf8f2b14495
Dec 06 22:40:21 np0005549343.novalocal container-server[96576]: ::1 - - [07/Dec/2025:03:40:21 +0000] "PUT /2/125107/AUTH_9cb2db62181546998c52314d1567748c/gnocchi.3b68cbb1-ebe4-4d39-a327-1f3d544a1314/none_v3" 201 - "PUT http://[::1]:8080/2/1222/AUTH_9cb2db62181546998c52314d1567748c/gnocchi.3b68cbb1-ebe4-4d39-a327-1f3d544a1314/none_v3" "txfe835f70d3d94f739f570-006934f725" "object-server 96909" 0.0004 "-" 96576 0
Dec 06 22:40:21 np0005549343.novalocal container-server[96575]: ::1 - - [07/Dec/2025:03:40:21 +0000] "PUT /3/125107/AUTH_9cb2db62181546998c52314d1567748c/gnocchi.3b68cbb1-ebe4-4d39-a327-1f3d544a1314/none_v3" 201 - "PUT http://[::1]:8080/1/1222/AUTH_9cb2db62181546998c52314d1567748c/gnocchi.3b68cbb1-ebe4-4d39-a327-1f3d544a1314/none_v3" "txfe835f70d3d94f739f570-006934f725" "object-server 96909" 0.0004 "-" 96575 0
Dec 06 22:40:21 np0005549343.novalocal container-server[96576]: ::1 - - [07/Dec/2025:03:40:21 +0000] "PUT /1/125107/AUTH_9cb2db62181546998c52314d1567748c/gnocchi.3b68cbb1-ebe4-4d39-a327-1f3d544a1314/none_v3" 201 - "PUT http://[::1]:8080/3/1222/AUTH_9cb2db62181546998c52314d1567748c/gnocchi.3b68cbb1-ebe4-4d39-a327-1f3d544a1314/none_v3" "txfe835f70d3d94f739f570-006934f725" "object-server 96909" 0.0003 "-" 96576 0
Dec 06 22:40:21 np0005549343.novalocal object-server[96909]: ::1 - - [07/Dec/2025:03:40:21 +0000] "PUT /2/1222/AUTH_9cb2db62181546998c52314d1567748c/gnocchi.3b68cbb1-ebe4-4d39-a327-1f3d544a1314/none_v3" 201 - "PUT https://[::1]:8080/v1/AUTH_9cb2db62181546998c52314d1567748c/gnocchi.3b68cbb1-ebe4-4d39-a327-1f3d544a1314/none_v3" "txfe835f70d3d94f739f570-006934f725" "proxy-server 97857" 0.0527 "-" 96909 0
