Dec 06 22:40:55 np0005549343.novalocal object-server[96909]: ::1 - - [07/Dec/2025:03:40:55 +0000] "PUT /2/254543/AUTH_9cb2db62181546998c52314d1567748c/gnocchi.233c05ce-40e1-48f3-867c-8ec7394de90d/1764720000.0_mean_300.0_v3" 201 - "PUT https://[::1]:8080/v1/AUTH_9cb2db62181546998c52314d1567748c/gnocchi.233c05ce-40e1-48f3-867c-8ec7394de90d/1764720000.0_mean_300.0_v3" "tx9c346cb516894e49a5f58-006934f747" "proxy-server 97857" 0.0347 "-" 96909 0
Dec 06 22:40:55 np0005549343.novalocal proxy-server[97857]: ::1 ::1 07/Dec/2025/03/40/55 PUT /v1/AUTH_9cb2db62181546998c52314d1567748c/gnocchi.233c05ce-40e1-48f3-867c-8ec7394de90d/1764720000.0_mean_300.0_v3 HTTP/1.0 201 - python-swiftclient-4.8.0 gAAAAABpNPckgn8e... 16 - - tx9c346cb516894e49a5f58-006934f747 - 0.0460 - - 1765078855.803654432 1765078855.849662542 0 0c044fc9f411403aa3ab5cf8f2b14495
Dec 06 22:40:55 np0005549343.novalocal container-server[96575]: ::1 - - [07/Dec/2025:03:40:55 +0000] "PUT /2/242170/AUTH_9cb2db62181546998c52314d1567748c/gnocchi.233c05ce-40e1-48f3-867c-8ec7394de90d/none_v3" 201 - "PUT http://[::1]:8080/2/250056/AUTH_9cb2db62181546998c52314d1567748c/gnocchi.233c05ce-40e1-48f3-867c-8ec7394de90d/none_v3" "txb2948232b9164c848c18f-006934f747" "object-server 96909" 0.0008 "-" 96575 0
Dec 06 22:40:55 np0005549343.novalocal container-server[96576]: ::1 - - [07/Dec/2025:03:40:55 +0000] "PUT /3/242170/AUTH_9cb2db62181546998c52314d1567748c/gnocchi.233c05ce-40e1-48f3-867c-8ec7394de90d/none_v3" 201 - "PUT http://[::1]:8080/1/250056/AUTH_9cb2db62181546998c52314d1567748c/gnocchi.233c05ce-40e1-48f3-867c-8ec7394de90d/none_v3" "txb2948232b9164c848c18f-006934f747" "object-server 96909" 0.0011 "-" 96576 0
Dec 06 22:40:55 np0005549343.novalocal object-server[96909]: ::1 - - [07/Dec/2025:03:40:55 +0000] "PUT /2/250056/AUTH_9cb2db62181546998c52314d1567748c/gnocchi.233c05ce-40e1-48f3-867c-8ec7394de90d/none_v3" 201 - "PUT https://[::1]:8080/v1/AUTH_9cb2db62181546998c52314d1567748c/gnocchi.233c05ce-40e1-48f3-867c-8ec7394de90d/none_v3" "txb2948232b9164c848c18f-006934f747" "proxy-server 97857" 0.0133 "-" 96909 0
Dec 06 22:40:55 np0005549343.novalocal object-server[96909]: ::1 - - [07/Dec/2025:03:40:55 +0000] "PUT /1/250056/AUTH_9cb2db62181546998c52314d1567748c/gnocchi.233c05ce-40e1-48f3-867c-8ec7394de90d/none_v3" 201 - "PUT https://[::1]:8080/v1/AUTH_9cb2db62181546998c52314d1567748c/gnocchi.233c05ce-40e1-48f3-867c-8ec7394de90d/none_v3" "txb2948232b9164c848c18f-006934f747" "proxy-server 97857" 0.0168 "-" 96909 0
Dec 06 22:40:55 np0005549343.novalocal container-server[96576]: ::1 - - [07/Dec/2025:03:40:55 +0000] "PUT /1/242170/AUTH_9cb2db62181546998c52314d1567748c/gnocchi.233c05ce-40e1-48f3-867c-8ec7394de90d/none_v3" 201 - "PUT http://[::1]:8080/3/250056/AUTH_9cb2db62181546998c52314d1567748c/gnocchi.233c05ce-40e1-48f3-867c-8ec7394de90d/none_v3" "txb2948232b9164c848c18f-006934f747" "object-server 96910" 0.0014 "-" 96576 0
Dec 06 22:40:55 np0005549343.novalocal object-server[96910]: ::1 - - [07/Dec/2025:03:40:55 +0000] "PUT /3/250056/AUTH_9cb2db62181546998c52314d1567748c/gnocchi.233c05ce-40e1-48f3-867c-8ec7394de90d/none_v3" 201 - "PUT https://[::1]:8080/v1/AUTH_9cb2db62181546998c52314d1567748c/gnocchi.233c05ce-40e1-48f3-867c-8ec7394de90d/none_v3" "txb2948232b9164c848c18f-006934f747" "proxy-server 97857" 0.0185 "-" 96910 0
Dec 06 22:40:55 np0005549343.novalocal proxy-server[97857]: ::1 ::1 07/Dec/2025/03/40/55 PUT /v1/AUTH_9cb2db62181546998c52314d1567748c/gnocchi.233c05ce-40e1-48f3-867c-8ec7394de90d/none_v3 HTTP/1.0 201 - python-swiftclient-4.8.0 gAAAAABpNPckgn8e... 22 - - txb2948232b9164c848c18f-006934f747 - 0.0323 - - 1765078855.854019165 1765078855.886285782 0 0c044fc9f411403aa3ab5cf8f2b14495
Dec 06 22:40:55 np0005549343.novalocal container-server[96576]: ::1 - - [07/Dec/2025:03:40:55 +0000] "HEAD /2/222071/AUTH_9cb2db62181546998c52314d1567748c/gnocchi.b101f3bf-86e3-4c91-abf7-29390dedda12" 404 - "HEAD http://[::1]:8080/v1/AUTH_9cb2db62181546998c52314d1567748c/gnocchi.b101f3bf-86e3-4c91-abf7-29390dedda12" "tx37cf3011c4134a6699053-006934f747" "proxy-server 97857" 0.0004 "-" 96576 0
Dec 06 22:40:55 np0005549343.novalocal container-server[96575]: ::1 - - [07/Dec/2025:03:40:55 +0000] "HEAD /3/222071/AUTH_9cb2db62181546998c52314d1567748c/gnocchi.b101f3bf-86e3-4c91-abf7-29390dedda12" 404 - "HEAD http://[::1]:8080/v1/AUTH_9cb2db62181546998c52314d1567748c/gnocchi.b101f3bf-86e3-4c91-abf7-29390dedda12" "tx37cf3011c4134a6699053-006934f747" "proxy-server 97857" 0.0004 "-" 96575 0
Dec 06 22:40:55 np0005549343.novalocal container-server[96576]: ::1 - - [07/Dec/2025:03:40:55 +0000] "HEAD /1/222071/AUTH_9cb2db62181546998c52314d1567748c/gnocchi.b101f3bf-86e3-4c91-abf7-29390dedda12" 404 - "HEAD http://[::1]:8080/v1/AUTH_9cb2db62181546998c52314d1567748c/gnocchi.b101f3bf-86e3-4c91-abf7-29390dedda12" "tx37cf3011c4134a6699053-006934f747" "proxy-server 97857" 0.0005 "-" 96576 0
Dec 06 22:40:55 np0005549343.novalocal proxy-server[97857]: - - 07/Dec/2025/03/40/55 HEAD /v1/AUTH_9cb2db62181546998c52314d1567748c/gnocchi.b101f3bf-86e3-4c91-abf7-29390dedda12 HTTP/1.0 404 - Swift - - - - tx37cf3011c4134a6699053-006934f747 - 0.0245 CS - 1765078855.909042120 1765078855.933547974 0 -
Dec 06 22:40:55 np0005549343.novalocal object-server[96909]: ::1 - - [07/Dec/2025:03:40:55 +0000] "GET /2/130036/AUTH_9cb2db62181546998c52314d1567748c/gnocchi.b101f3bf-86e3-4c91-abf7-29390dedda12/none_v3" 404 70 "GET https://[::1]:8080/v1/AUTH_9cb2db62181546998c52314d1567748c/gnocchi.b101f3bf-86e3-4c91-abf7-29390dedda12/none_v3" "tx37cf3011c4134a6699053-006934f747" "proxy-server 97857" 0.0006 "-" 96909 0
Dec 06 22:40:55 np0005549343.novalocal object-server[96910]: ::1 - - [07/Dec/2025:03:40:55 +0000] "GET /1/130036/AUTH_9cb2db62181546998c52314d1567748c/gnocchi.b101f3bf-86e3-4c91-abf7-29390dedda12/none_v3" 404 70 "GET https://[::1]:8080/v1/AUTH_9cb2db62181546998c52314d1567748c/gnocchi.b101f3bf-86e3-4c91-abf7-29390dedda12/none_v3" "tx37cf3011c4134a6699053-006934f747" "proxy-server 97857" 0.0005 "-" 96910 0
Dec 06 22:40:55 np0005549343.novalocal object-server[96909]: ::1 - - [07/Dec/2025:03:40:55 +0000] "GET /3/130036/AUTH_9cb2db62181546998c52314d1567748c/gnocchi.b101f3bf-86e3-4c91-abf7-29390dedda12/none_v3" 404 70 "GET https://[::1]:8080/v1/AUTH_9cb2db62181546998c52314d1567748c/gnocchi.b101f3bf-86e3-4c91-abf7-29390dedda12/none_v3" "tx37cf3011c4134a6699053-006934f747" "proxy-server 97857" 0.0004 "-" 96909 0
Dec 06 22:40:55 np0005549343.novalocal proxy-server[97857]: ::1 ::1 07/Dec/2025/03/40/55 GET /v1/AUTH_9cb2db62181546998c52314d1567748c/gnocchi.b101f3bf-86e3-4c91-abf7-29390dedda12/none_v3 HTTP/1.0 404 - python-swiftclient-4.8.0 gAAAAABpNPckgn8e... - 70 - tx37cf3011c4134a6699053-006934f747 - 0.0435 - - 1765078855.907798052 1765078855.951320410 0 0c044fc9f411403aa3ab5cf8f2b14495
Dec 06 22:40:55 np0005549343.novalocal haproxy-metadata-proxy-20246861-fd77-476b-b351-2eb2a649ef34[103164]: ::ffff:10.100.0.9:49804 [06/Dec/2025:22:40:54.933] listener listener/metadata 0/0/0/1028/1028 200 94 - - ---- 1/1/0/0/0 0/0 "GET /2009-04-04/meta-data/block-device-mapping/root HTTP/1.1"
Dec 06 22:40:55 np0005549343.novalocal haproxy-metadata-proxy-2af58657-767d-42db-a7ed-796d65cdf85a[103897]: ::ffff:10.100.0.11:55838 [06/Dec/2025:22:40:54.950] listener listener/metadata 0/0/0/1024/1024 200 98 - - ---- 1/1/0/0/0 0/0 "GET /2009-04-04/meta-data/local-ipv4 HTTP/1.1"
Dec 06 22:40:55 np0005549343.novalocal account-server[96281]: ::1 - - [07/Dec/2025:03:40:55 +0000] "PUT /1/78968/AUTH_9cb2db62181546998c52314d1567748c/gnocchi.b101f3bf-86e3-4c91-abf7-29390dedda12" 201 - "PUT http://[::1]:6001/2/222071/AUTH_9cb2db62181546998c52314d1567748c/gnocchi.b101f3bf-86e3-4c91-abf7-29390dedda12" "tx3049beeb3b7043039174c-006934f747" "container-server 96575" 0.0057 "-" 96281 0
Dec 06 22:40:55 np0005549343.novalocal container-server[96575]: ::1 - - [07/Dec/2025:03:40:55 +0000] "PUT /2/222071/AUTH_9cb2db62181546998c52314d1567748c/gnocchi.b101f3bf-86e3-4c91-abf7-29390dedda12" 201 - "PUT https://[::1]:8080/v1/AUTH_9cb2db62181546998c52314d1567748c/gnocchi.b101f3bf-86e3-4c91-abf7-29390dedda12" "tx3049beeb3b7043039174c-006934f747" "proxy-server 97857" 0.0276 "-" 96575 0
Dec 06 22:40:55 np0005549343.novalocal account-server[96280]: ::1 - - [07/Dec/2025:03:40:55 +0000] "PUT /3/78968/AUTH_9cb2db62181546998c52314d1567748c/gnocchi.b101f3bf-86e3-4c91-abf7-29390dedda12" 201 - "PUT http://[::1]:6001/1/222071/AUTH_9cb2db62181546998c52314d1567748c/gnocchi.b101f3bf-86e3-4c91-abf7-29390dedda12" "tx3049beeb3b7043039174c-006934f747" "container-server 96576" 0.0084 "-" 96280 0
Dec 06 22:40:56 np0005549343.novalocal container-server[96576]: ::1 - - [07/Dec/2025:03:40:56 +0000] "PUT /1/222071/AUTH_9cb2db62181546998c52314d1567748c/gnocchi.b101f3bf-86e3-4c91-abf7-29390dedda12" 201 - "PUT https://[::1]:8080/v1/AUTH_9cb2db62181546998c52314d1567748c/gnocchi.b101f3bf-86e3-4c91-abf7-29390dedda12" "tx3049beeb3b7043039174c-006934f747" "proxy-server 97857" 0.0337 "-" 96576 0
Dec 06 22:40:56 np0005549343.novalocal account-server[96280]: ::1 - - [07/Dec/2025:03:40:56 +0000] "PUT /2/78968/AUTH_9cb2db62181546998c52314d1567748c/gnocchi.b101f3bf-86e3-4c91-abf7-29390dedda12" 201 - "PUT http://[::1]:6001/3/222071/AUTH_9cb2db62181546998c52314d1567748c/gnocchi.b101f3bf-86e3-4c91-abf7-29390dedda12" "tx3049beeb3b7043039174c-006934f747" "container-server 96576" 0.0070 "-" 96280 0
Dec 06 22:40:56 np0005549343.novalocal container-server[96576]: ::1 - - [07/Dec/2025:03:40:56 +0000] "PUT /3/222071/AUTH_9cb2db62181546998c52314d1567748c/gnocchi.b101f3bf-86e3-4c91-abf7-29390dedda12" 201 - "PUT https://[::1]:8080/v1/AUTH_9cb2db62181546998c52314d1567748c/gnocchi.b101f3bf-86e3-4c91-abf7-29390dedda12" "tx3049beeb3b7043039174c-006934f747" "proxy-server 97857" 0.0267 "-" 96576 0
Dec 06 22:40:56 np0005549343.novalocal proxy-server[97857]: ::1 ::1 07/Dec/2025/03/40/56 PUT /v1/AUTH_9cb2db62181546998c52314d1567748c/gnocchi.b101f3bf-86e3-4c91-abf7-29390dedda12 HTTP/1.0 201 - python-swiftclient-4.8.0 gAAAAABpNPckgn8e... - - - tx3049beeb3b7043039174c-006934f747 - 0.0621 - - 1765078855.955340862 1765078856.017401934 0 0c044fc9f411403aa3ab5cf8f2b14495
Dec 06 22:40:56 np0005549343.novalocal container-server[96575]: ::1 - - [07/Dec/2025:03:40:56 +0000] "HEAD /2/222071/AUTH_9cb2db62181546998c52314d1567748c/gnocchi.b101f3bf-86e3-4c91-abf7-29390dedda12" 204 - "HEAD http://[::1]:8080/v1/AUTH_9cb2db62181546998c52314d1567748c/gnocchi.b101f3bf-86e3-4c91-abf7-29390dedda12" "tx6d7f14e4d0f04c55a0137-006934f748" "proxy-server 97857" 0.0025 "-" 96575 0
Dec 06 22:40:56 np0005549343.novalocal proxy-server[97857]: - - 07/Dec/2025/03/40/56 HEAD /v1/AUTH_9cb2db62181546998c52314d1567748c/gnocchi.b101f3bf-86e3-4c91-abf7-29390dedda12 HTTP/1.0 204 - Swift - - - - tx6d7f14e4d0f04c55a0137-006934f748 - 0.0083 CS - 1765078856.023719311 1765078856.032028437 0 -
Dec 06 22:40:56 np0005549343.novalocal container-server[96576]: ::1 - - [07/Dec/2025:03:40:56 +0000] "GET /2/222071/AUTH_9cb2db62181546998c52314d1567748c/gnocchi.b101f3bf-86e3-4c91-abf7-29390dedda12" 200 2 "GET https://[::1]:8080/v1/AUTH_9cb2db62181546998c52314d1567748c/gnocchi.b101f3bf-86e3-4c91-abf7-29390dedda12?format=json&states=listing" "tx6d7f14e4d0f04c55a0137-006934f748" "proxy-server 97857" 0.0026 "-" 96576 0
Dec 06 22:40:56 np0005549343.novalocal proxy-server[97857]: ::1 ::1 07/Dec/2025/03/40/56 GET /v1/AUTH_9cb2db62181546998c52314d1567748c/gnocchi.b101f3bf-86e3-4c91-abf7-29390dedda12%3Fformat%3Djson%26states%3Dlisting HTTP/1.0 200 - python-swiftclient-4.8.0 gAAAAABpNPckgn8e... - 2 - tx6d7f14e4d0f04c55a0137-006934f748 - 0.0359 - - 1765078856.022782803 1765078856.058728218 0 0c044fc9f411403aa3ab5cf8f2b14495
Dec 06 22:40:56 np0005549343.novalocal object-server[96909]: ::1 - - [07/Dec/2025:03:40:56 +0000] "GET /2/260410/AUTH_9cb2db62181546998c52314d1567748c/gnocchi.b101f3bf-86e3-4c91-abf7-29390dedda12/1764720000.0_mean_300.0_v3" 404 70 "GET https://[::1]:8080/v1/AUTH_9cb2db62181546998c52314d1567748c/gnocchi.b101f3bf-86e3-4c91-abf7-29390dedda12/1764720000.0_mean_300.0_v3" "tx90491be75b53487ea3bff-006934f748" "proxy-server 97857" 0.0004 "-" 96909 0
Dec 06 22:40:56 np0005549343.novalocal object-server[96909]: ::1 - - [07/Dec/2025:03:40:56 +0000] "GET /3/260410/AUTH_9cb2db62181546998c52314d1567748c/gnocchi.b101f3bf-86e3-4c91-abf7-29390dedda12/1764720000.0_mean_300.0_v3" 404 70 "GET https://[::1]:8080/v1/AUTH_9cb2db62181546998c52314d1567748c/gnocchi.b101f3bf-86e3-4c91-abf7-29390dedda12/1764720000.0_mean_300.0_v3" "tx90491be75b53487ea3bff-006934f748" "proxy-server 97857" 0.0002 "-" 96909 0
Dec 06 22:40:56 np0005549343.novalocal object-server[96909]: ::1 - - [07/Dec/2025:03:40:56 +0000] "GET /1/260410/AUTH_9cb2db62181546998c52314d1567748c/gnocchi.b101f3bf-86e3-4c91-abf7-29390dedda12/1764720000.0_mean_300.0_v3" 404 70 "GET https://[::1]:8080/v1/AUTH_9cb2db62181546998c52314d1567748c/gnocchi.b101f3bf-86e3-4c91-abf7-29390dedda12/1764720000.0_mean_300.0_v3" "tx90491be75b53487ea3bff-006934f748" "proxy-server 97857" 0.0002 "-" 96909 0
Dec 06 22:40:56 np0005549343.novalocal proxy-server[97857]: ::1 ::1 07/Dec/2025/03/40/56 GET /v1/AUTH_9cb2db62181546998c52314d1567748c/gnocchi.b101f3bf-86e3-4c91-abf7-29390dedda12/1764720000.0_mean_300.0_v3 HTTP/1.0 404 - python-swiftclient-4.8.0 gAAAAABpNPckgn8e... - 70 - tx90491be75b53487ea3bff-006934f748 - 0.0099 - - 1765078856.063590050 1765078856.073493958 0 0c044fc9f411403aa3ab5cf8f2b14495
Dec 06 22:40:56 np0005549343.novalocal container-server[96575]: ::1 - - [07/Dec/2025:03:40:56 +0000] "PUT /3/222071/AUTH_9cb2db62181546998c52314d1567748c/gnocchi.b101f3bf-86e3-4c91-abf7-29390dedda12/1764720000.0_mean_300.0_v3" 201 - "PUT http://[::1]:8080/2/260410/AUTH_9cb2db62181546998c52314d1567748c/gnocchi.b101f3bf-86e3-4c91-abf7-29390dedda12/1764720000.0_mean_300.0_v3" "txc530f99f51cd4d828cbda-006934f748" "object-server 96910" 0.0008 "-" 96575 0
Dec 06 22:40:56 np0005549343.novalocal object-server[96910]: ::1 - - [07/Dec/2025:03:40:56 +0000] "PUT /2/260410/AUTH_9cb2db62181546998c52314d1567748c/gnocchi.b101f3bf-86e3-4c91-abf7-29390dedda12/1764720000.0_mean_300.0_v3" 201 - "PUT https://[::1]:8080/v1/AUTH_9cb2db62181546998c52314d1567748c/gnocchi.b101f3bf-86e3-4c91-abf7-29390dedda12/1764720000.0_mean_300.0_v3" "txc530f99f51cd4d828cbda-006934f748" "proxy-server 97857" 0.0154 "-" 96910 0
Dec 06 22:40:56 np0005549343.novalocal container-server[96575]: ::1 - - [07/Dec/2025:03:40:56 +0000] "PUT /1/222071/AUTH_9cb2db62181546998c52314d1567748c/gnocchi.b101f3bf-86e3-4c91-abf7-29390dedda12/1764720000.0_mean_300.0_v3" 201 - "PUT http://[::1]:8080/3/260410/AUTH_9cb2db62181546998c52314d1567748c/gnocchi.b101f3bf-86e3-4c91-abf7-29390dedda12/1764720000.0_mean_300.0_v3" "txc530f99f51cd4d828cbda-006934f748" "object-server 96910" 0.0007 "-" 96575 0
Dec 06 22:40:56 np0005549343.novalocal object-server[96910]: ::1 - - [07/Dec/2025:03:40:56 +0000] "PUT /3/260410/AUTH_9cb2db62181546998c52314d1567748c/gnocchi.b101f3bf-86e3-4c91-abf7-29390dedda12/1764720000.0_mean_300.0_v3" 201 - "PUT https://[::1]:8080/v1/AUTH_9cb2db62181546998c52314d1567748c/gnocchi.b101f3bf-86e3-4c91-abf7-29390dedda12/1764720000.0_mean_300.0_v3" "txc530f99f51cd4d828cbda-006934f748" "proxy-server 97857" 0.0198 "-" 96910 0
Dec 06 22:40:56 np0005549343.novalocal container-server[96575]: ::1 - - [07/Dec/2025:03:40:56 +0000] "PUT /2/222071/AUTH_9cb2db62181546998c52314d1567748c/gnocchi.b101f3bf-86e3-4c91-abf7-29390dedda12/1764720000.0_mean_300.0_v3" 201 - "PUT http://[::1]:8080/1/260410/AUTH_9cb2db62181546998c52314d1567748c/gnocchi.b101f3bf-86e3-4c91-abf7-29390dedda12/1764720000.0_mean_300.0_v3" "txc530f99f51cd4d828cbda-006934f748" "object-server 96910" 0.0007 "-" 96575 0
Dec 06 22:40:56 np0005549343.novalocal object-server[96910]: ::1 - - [07/Dec/2025:03:40:56 +0000] "PUT /1/260410/AUTH_9cb2db62181546998c52314d1567748c/gnocchi.b101f3bf-86e3-4c91-abf7-29390dedda12/1764720000.0_mean_300.0_v3" 201 - "PUT https://[::1]:8080/v1/AUTH_9cb2db62181546998c52314d1567748c/gnocchi.b101f3bf-86e3-4c91-abf7-29390dedda12/1764720000.0_mean_300.0_v3" "txc530f99f51cd4d828cbda-006934f748" "proxy-server 97857" 0.0168 "-" 96910 0
Dec 06 22:40:56 np0005549343.novalocal proxy-server[97857]: ::1 ::1 07/Dec/2025/03/40/56 PUT /v1/AUTH_9cb2db62181546998c52314d1567748c/gnocchi.b101f3bf-86e3-4c91-abf7-29390dedda12/1764720000.0_mean_300.0_v3 HTTP/1.0 201 - python-swiftclient-4.8.0 gAAAAABpNPckgn8e... 16 - - txc530f99f51cd4d828cbda-006934f748 - 0.0299 - - 1765078856.076101303 1765078856.105996609 0 0c044fc9f411403aa3ab5cf8f2b14495
Dec 06 22:40:56 np0005549343.novalocal container-server[96575]: ::1 - - [07/Dec/2025:03:40:56 +0000] "PUT /2/222071/AUTH_9cb2db62181546998c52314d1567748c/gnocchi.b101f3bf-86e3-4c91-abf7-29390dedda12/none_v3" 201 - "PUT http://[::1]:8080/3/130036/AUTH_9cb2db62181546998c52314d1567748c/gnocchi.b101f3bf-86e3-4c91-abf7-29390dedda12/none_v3" "tx9a424913ab8a434290286-006934f748" "object-server 96909" 0.0007 "-" 96575 0
Dec 06 22:40:56 np0005549343.novalocal object-server[96909]: ::1 - - [07/Dec/2025:03:40:56 +0000] "PUT /3/130036/AUTH_9cb2db62181546998c52314d1567748c/gnocchi.b101f3bf-86e3-4c91-abf7-29390dedda12/none_v3" 201 - "PUT https://[::1]:8080/v1/AUTH_9cb2db62181546998c52314d1567748c/gnocchi.b101f3bf-86e3-4c91-abf7-29390dedda12/none_v3" "tx9a424913ab8a434290286-006934f748" "proxy-server 97857" 0.0118 "-" 96909 0
Dec 06 22:40:56 np0005549343.novalocal container-server[96576]: ::1 - - [07/Dec/2025:03:40:56 +0000] "PUT /3/222071/AUTH_9cb2db62181546998c52314d1567748c/gnocchi.b101f3bf-86e3-4c91-abf7-29390dedda12/none_v3" 201 - "PUT http://[::1]:8080/2/130036/AUTH_9cb2db62181546998c52314d1567748c/gnocchi.b101f3bf-86e3-4c91-abf7-29390dedda12/none_v3" "tx9a424913ab8a434290286-006934f748" "object-server 96910" 0.0013 "-" 96576 0
Dec 06 22:40:56 np0005549343.novalocal object-server[96910]: ::1 - - [07/Dec/2025:03:40:56 +0000] "PUT /2/130036/AUTH_9cb2db62181546998c52314d1567748c/gnocchi.b101f3bf-86e3-4c91-abf7-29390dedda12/none_v3" 201 - "PUT https://[::1]:8080/v1/AUTH_9cb2db62181546998c52314d1567748c/gnocchi.b101f3bf-86e3-4c91-abf7-29390dedda12/none_v3" "tx9a424913ab8a434290286-006934f748" "proxy-server 97857" 0.0108 "-" 96910 0
Dec 06 22:40:56 np0005549343.novalocal container-server[96576]: ::1 - - [07/Dec/2025:03:40:56 +0000] "PUT /1/222071/AUTH_9cb2db62181546998c52314d1567748c/gnocchi.b101f3bf-86e3-4c91-abf7-29390dedda12/none_v3" 201 - "PUT http://[::1]:8080/1/130036/AUTH_9cb2db62181546998c52314d1567748c/gnocchi.b101f3bf-86e3-4c91-abf7-29390dedda12/none_v3" "tx9a424913ab8a434290286-006934f748" "object-server 96910" 0.0004 "-" 96576 0
Dec 06 22:40:56 np0005549343.novalocal object-server[96910]: ::1 - - [07/Dec/2025:03:40:56 +0000] "PUT /1/130036/AUTH_9cb2db62181546998c52314d1567748c/gnocchi.b101f3bf-86e3-4c91-abf7-29390dedda12/none_v3" 201 - "PUT https://[::1]:8080/v1/AUTH_9cb2db62181546998c52314d1567748c/gnocchi.b101f3bf-86e3-4c91-abf7-29390dedda12/none_v3" "tx9a424913ab8a434290286-006934f748" "proxy-server 97857" 0.0141 "-" 96910 0
Dec 06 22:40:56 np0005549343.novalocal proxy-server[97857]: ::1 ::1 07/Dec/2025/03/40/56 PUT /v1/AUTH_9cb2db62181546998c52314d1567748c/gnocchi.b101f3bf-86e3-4c91-abf7-29390dedda12/none_v3 HTTP/1.0 201 - python-swiftclient-4.8.0 gAAAAABpNPckgn8e... 22 - - tx9a424913ab8a434290286-006934f748 - 0.0262 - - 1765078856.109312057 1765078856.135469913 0 0c044fc9f411403aa3ab5cf8f2b14495
Dec 06 22:40:56 np0005549343.novalocal container-server[96576]: ::1 - - [07/Dec/2025:03:40:56 +0000] "HEAD /1/119016/AUTH_9cb2db62181546998c52314d1567748c/gnocchi.f8ce4c78-835a-457e-bcc2-806152195196" 404 - "HEAD http://[::1]:8080/v1/AUTH_9cb2db62181546998c52314d1567748c/gnocchi.f8ce4c78-835a-457e-bcc2-806152195196" "tx216411d164074620b9db7-006934f748" "proxy-server 97857" 0.0003 "-" 96576 0
Dec 06 22:40:56 np0005549343.novalocal container-server[96576]: ::1 - - [07/Dec/2025:03:40:56 +0000] "HEAD /3/119016/AUTH_9cb2db62181546998c52314d1567748c/gnocchi.f8ce4c78-835a-457e-bcc2-806152195196" 404 - "HEAD http://[::1]:8080/v1/AUTH_9cb2db62181546998c52314d1567748c/gnocchi.f8ce4c78-835a-457e-bcc2-806152195196" "tx216411d164074620b9db7-006934f748" "proxy-server 97857" 0.0002 "-" 96576 0
Dec 06 22:40:56 np0005549343.novalocal container-server[96576]: ::1 - - [07/Dec/2025:03:40:56 +0000] "HEAD /2/119016/AUTH_9cb2db62181546998c52314d1567748c/gnocchi.f8ce4c78-835a-457e-bcc2-806152195196" 404 - "HEAD http://[::1]:8080/v1/AUTH_9cb2db62181546998c52314d1567748c/gnocchi.f8ce4c78-835a-457e-bcc2-806152195196" "tx216411d164074620b9db7-006934f748" "proxy-server 97857" 0.0001 "-" 96576 0
Dec 06 22:40:56 np0005549343.novalocal proxy-server[97857]: - - 07/Dec/2025/03/40/56 HEAD /v1/AUTH_9cb2db62181546998c52314d1567748c/gnocchi.f8ce4c78-835a-457e-bcc2-806152195196 HTTP/1.0 404 - Swift - - - - tx216411d164074620b9db7-006934f748 - 0.0090 CS - 1765078856.148316145 1765078856.157325029 0 -
Dec 06 22:40:56 np0005549343.novalocal object-server[96909]: ::1 - - [07/Dec/2025:03:40:56 +0000] "GET /2/23003/AUTH_9cb2db62181546998c52314d1567748c/gnocchi.f8ce4c78-835a-457e-bcc2-806152195196/none_v3" 404 70 "GET https://[::1]:8080/v1/AUTH_9cb2db62181546998c52314d1567748c/gnocchi.f8ce4c78-835a-457e-bcc2-806152195196/none_v3" "tx216411d164074620b9db7-006934f748" "proxy-server 97857" 0.0005 "-" 96909 0
Dec 06 22:40:56 np0005549343.novalocal object-server[96909]: ::1 - - [07/Dec/2025:03:40:56 +0000] "GET /3/23003/AUTH_9cb2db62181546998c52314d1567748c/gnocchi.f8ce4c78-835a-457e-bcc2-806152195196/none_v3" 404 70 "GET https://[::1]:8080/v1/AUTH_9cb2db62181546998c52314d1567748c/gnocchi.f8ce4c78-835a-457e-bcc2-806152195196/none_v3" "tx216411d164074620b9db7-006934f748" "proxy-server 97857" 0.0002 "-" 96909 0
Dec 06 22:40:56 np0005549343.novalocal object-server[96910]: ::1 - - [07/Dec/2025:03:40:56 +0000] "GET /1/23003/AUTH_9cb2db62181546998c52314d1567748c/gnocchi.f8ce4c78-835a-457e-bcc2-806152195196/none_v3" 404 70 "GET https://[::1]:8080/v1/AUTH_9cb2db62181546998c52314d1567748c/gnocchi.f8ce4c78-835a-457e-bcc2-806152195196/none_v3" "tx216411d164074620b9db7-006934f748" "proxy-server 97857" 0.0004 "-" 96910 0
Dec 06 22:40:56 np0005549343.novalocal proxy-server[97857]: ::1 ::1 07/Dec/2025/03/40/56 GET /v1/AUTH_9cb2db62181546998c52314d1567748c/gnocchi.f8ce4c78-835a-457e-bcc2-806152195196/none_v3 HTTP/1.0 404 - python-swiftclient-4.8.0 gAAAAABpNPckgn8e... - 70 - tx216411d164074620b9db7-006934f748 - 0.0243 - - 1765078856.146861315 1765078856.171129942 0 0c044fc9f411403aa3ab5cf8f2b14495
Dec 06 22:40:56 np0005549343.novalocal account-server[96281]: ::1 - - [07/Dec/2025:03:40:56 +0000] "PUT /3/78968/AUTH_9cb2db62181546998c52314d1567748c/gnocchi.f8ce4c78-835a-457e-bcc2-806152195196" 201 - "PUT http://[::1]:6001/3/119016/AUTH_9cb2db62181546998c52314d1567748c/gnocchi.f8ce4c78-835a-457e-bcc2-806152195196" "txe1cb33297cc649cf989f7-006934f748" "container-server 96575" 0.0046 "-" 96281 0
Dec 06 22:40:56 np0005549343.novalocal account-server[96280]: ::1 - - [07/Dec/2025:03:40:56 +0000] "PUT /2/78968/AUTH_9cb2db62181546998c52314d1567748c/gnocchi.f8ce4c78-835a-457e-bcc2-806152195196" 201 - "PUT http://[::1]:6001/1/119016/AUTH_9cb2db62181546998c52314d1567748c/gnocchi.f8ce4c78-835a-457e-bcc2-806152195196" "txe1cb33297cc649cf989f7-006934f748" "container-server 96575" 0.0069 "-" 96280 0
Dec 06 22:40:56 np0005549343.novalocal container-server[96575]: ::1 - - [07/Dec/2025:03:40:56 +0000] "PUT /3/119016/AUTH_9cb2db62181546998c52314d1567748c/gnocchi.f8ce4c78-835a-457e-bcc2-806152195196" 201 - "PUT https://[::1]:8080/v1/AUTH_9cb2db62181546998c52314d1567748c/gnocchi.f8ce4c78-835a-457e-bcc2-806152195196" "txe1cb33297cc649cf989f7-006934f748" "proxy-server 97857" 0.0262 "-" 96575 0
Dec 06 22:40:56 np0005549343.novalocal container-server[96575]: ::1 - - [07/Dec/2025:03:40:56 +0000] "PUT /1/119016/AUTH_9cb2db62181546998c52314d1567748c/gnocchi.f8ce4c78-835a-457e-bcc2-806152195196" 201 - "PUT https://[::1]:8080/v1/AUTH_9cb2db62181546998c52314d1567748c/gnocchi.f8ce4c78-835a-457e-bcc2-806152195196" "txe1cb33297cc649cf989f7-006934f748" "proxy-server 97857" 0.0378 "-" 96575 0
Dec 06 22:40:56 np0005549343.novalocal account-server[96281]: ::1 - - [07/Dec/2025:03:40:56 +0000] "PUT /1/78968/AUTH_9cb2db62181546998c52314d1567748c/gnocchi.f8ce4c78-835a-457e-bcc2-806152195196" 201 - "PUT http://[::1]:6001/2/119016/AUTH_9cb2db62181546998c52314d1567748c/gnocchi.f8ce4c78-835a-457e-bcc2-806152195196" "txe1cb33297cc649cf989f7-006934f748" "container-server 96575" 0.0056 "-" 96281 0
Dec 06 22:40:56 np0005549343.novalocal container-server[96575]: ::1 - - [07/Dec/2025:03:40:56 +0000] "PUT /2/119016/AUTH_9cb2db62181546998c52314d1567748c/gnocchi.f8ce4c78-835a-457e-bcc2-806152195196" 201 - "PUT https://[::1]:8080/v1/AUTH_9cb2db62181546998c52314d1567748c/gnocchi.f8ce4c78-835a-457e-bcc2-806152195196" "txe1cb33297cc649cf989f7-006934f748" "proxy-server 97857" 0.0203 "-" 96575 0
Dec 06 22:40:56 np0005549343.novalocal proxy-server[97857]: ::1 ::1 07/Dec/2025/03/40/56 PUT /v1/AUTH_9cb2db62181546998c52314d1567748c/gnocchi.f8ce4c78-835a-457e-bcc2-806152195196 HTTP/1.0 201 - python-swiftclient-4.8.0 gAAAAABpNPckgn8e... - - - txe1cb33297cc649cf989f7-006934f748 - 0.0550 - - 1765078856.174190044 1765078856.229178667 0 0c044fc9f411403aa3ab5cf8f2b14495
Dec 06 22:40:56 np0005549343.novalocal container-server[96575]: ::1 - - [07/Dec/2025:03:40:56 +0000] "HEAD /1/119016/AUTH_9cb2db62181546998c52314d1567748c/gnocchi.f8ce4c78-835a-457e-bcc2-806152195196" 204 - "HEAD http://[::1]:8080/v1/AUTH_9cb2db62181546998c52314d1567748c/gnocchi.f8ce4c78-835a-457e-bcc2-806152195196" "txa6002379d46248218fda0-006934f748" "proxy-server 97857" 0.0010 "-" 96575 0
Dec 06 22:40:56 np0005549343.novalocal proxy-server[97857]: - - 07/Dec/2025/03/40/56 HEAD /v1/AUTH_9cb2db62181546998c52314d1567748c/gnocchi.f8ce4c78-835a-457e-bcc2-806152195196 HTTP/1.0 204 - Swift - - - - txa6002379d46248218fda0-006934f748 - 0.0104 CS - 1765078856.235882044 1765078856.246269703 0 -
Dec 06 22:40:56 np0005549343.novalocal container-server[96576]: ::1 - - [07/Dec/2025:03:40:56 +0000] "GET /1/119016/AUTH_9cb2db62181546998c52314d1567748c/gnocchi.f8ce4c78-835a-457e-bcc2-806152195196" 200 2 "GET https://[::1]:8080/v1/AUTH_9cb2db62181546998c52314d1567748c/gnocchi.f8ce4c78-835a-457e-bcc2-806152195196?format=json&states=listing" "txa6002379d46248218fda0-006934f748" "proxy-server 97857" 0.0021 "-" 96576 0
Dec 06 22:40:56 np0005549343.novalocal proxy-server[97857]: ::1 ::1 07/Dec/2025/03/40/56 GET /v1/AUTH_9cb2db62181546998c52314d1567748c/gnocchi.f8ce4c78-835a-457e-bcc2-806152195196%3Fformat%3Djson%26states%3Dlisting HTTP/1.0 200 - python-swiftclient-4.8.0 gAAAAABpNPckgn8e... - 2 - txa6002379d46248218fda0-006934f748 - 0.0229 - - 1765078856.234896660 1765078856.257773638 0 0c044fc9f411403aa3ab5cf8f2b14495
Dec 06 22:40:56 np0005549343.novalocal object-server[96910]: ::1 - - [07/Dec/2025:03:40:56 +0000] "GET /3/1190/AUTH_9cb2db62181546998c52314d1567748c/gnocchi.f8ce4c78-835a-457e-bcc2-806152195196/1764720000.0_mean_300.0_v3" 404 70 "GET https://[::1]:8080/v1/AUTH_9cb2db62181546998c52314d1567748c/gnocchi.f8ce4c78-835a-457e-bcc2-806152195196/1764720000.0_mean_300.0_v3" "tx0f92950c6c994369a1f9f-006934f748" "proxy-server 97857" 0.0006 "-" 96910 0
Dec 06 22:40:56 np0005549343.novalocal object-server[96909]: ::1 - - [07/Dec/2025:03:40:56 +0000] "GET /2/1190/AUTH_9cb2db62181546998c52314d1567748c/gnocchi.f8ce4c78-835a-457e-bcc2-806152195196/1764720000.0_mean_300.0_v3" 404 70 "GET https://[::1]:8080/v1/AUTH_9cb2db62181546998c52314d1567748c/gnocchi.f8ce4c78-835a-457e-bcc2-806152195196/1764720000.0_mean_300.0_v3" "tx0f92950c6c994369a1f9f-006934f748" "proxy-server 97857" 0.0005 "-" 96909 0
Dec 06 22:40:56 np0005549343.novalocal object-server[96910]: ::1 - - [07/Dec/2025:03:40:56 +0000] "GET /1/1190/AUTH_9cb2db62181546998c52314d1567748c/gnocchi.f8ce4c78-835a-457e-bcc2-806152195196/1764720000.0_mean_300.0_v3" 404 70 "GET https://[::1]:8080/v1/AUTH_9cb2db62181546998c52314d1567748c/gnocchi.f8ce4c78-835a-457e-bcc2-806152195196/1764720000.0_mean_300.0_v3" "tx0f92950c6c994369a1f9f-006934f748" "proxy-server 97857" 0.0005 "-" 96910 0
Dec 06 22:40:56 np0005549343.novalocal proxy-server[97857]: ::1 ::1 07/Dec/2025/03/40/56 GET /v1/AUTH_9cb2db62181546998c52314d1567748c/gnocchi.f8ce4c78-835a-457e-bcc2-806152195196/1764720000.0_mean_300.0_v3 HTTP/1.0 404 - python-swiftclient-4.8.0 gAAAAABpNPckgn8e... - 70 - tx0f92950c6c994369a1f9f-006934f748 - 0.0195 - - 1765078856.263468504 1765078856.283017397 0 0c044fc9f411403aa3ab5cf8f2b14495
Dec 06 22:40:56 np0005549343.novalocal container-server[96576]: ::1 - - [07/Dec/2025:03:40:56 +0000] "PUT /1/119016/AUTH_9cb2db62181546998c52314d1567748c/gnocchi.f8ce4c78-835a-457e-bcc2-806152195196/1764720000.0_mean_300.0_v3" 201 - "PUT http://[::1]:8080/3/1190/AUTH_9cb2db62181546998c52314d1567748c/gnocchi.f8ce4c78-835a-457e-bcc2-806152195196/1764720000.0_mean_300.0_v3" "tx99e507671255426facf6d-006934f748" "object-server 96909" 0.0006 "-" 96576 0
Dec 06 22:40:56 np0005549343.novalocal container-server[96575]: ::1 - - [07/Dec/2025:03:40:56 +0000] "PUT /3/119016/AUTH_9cb2db62181546998c52314d1567748c/gnocchi.f8ce4c78-835a-457e-bcc2-806152195196/1764720000.0_mean_300.0_v3" 201 - "PUT http://[::1]:8080/2/1190/AUTH_9cb2db62181546998c52314d1567748c/gnocchi.f8ce4c78-835a-457e-bcc2-806152195196/1764720000.0_mean_300.0_v3" "tx99e507671255426facf6d-006934f748" "object-server 96910" 0.0011 "-" 96575 0
Dec 06 22:40:56 np0005549343.novalocal object-server[96909]: ::1 - - [07/Dec/2025:03:40:56 +0000] "PUT /3/1190/AUTH_9cb2db62181546998c52314d1567748c/gnocchi.f8ce4c78-835a-457e-bcc2-806152195196/1764720000.0_mean_300.0_v3" 201 - "PUT https://[::1]:8080/v1/AUTH_9cb2db62181546998c52314d1567748c/gnocchi.f8ce4c78-835a-457e-bcc2-806152195196/1764720000.0_mean_300.0_v3" "tx99e507671255426facf6d-006934f748" "proxy-server 97857" 0.0133 "-" 96909 0
Dec 06 22:40:56 np0005549343.novalocal object-server[96910]: ::1 - - [07/Dec/2025:03:40:56 +0000] "PUT /2/1190/AUTH_9cb2db62181546998c52314d1567748c/gnocchi.f8ce4c78-835a-457e-bcc2-806152195196/1764720000.0_mean_300.0_v3" 201 - "PUT https://[::1]:8080/v1/AUTH_9cb2db62181546998c52314d1567748c/gnocchi.f8ce4c78-835a-457e-bcc2-806152195196/1764720000.0_mean_300.0_v3" "tx99e507671255426facf6d-006934f748" "proxy-server 97857" 0.0150 "-" 96910 0
Dec 06 22:40:56 np0005549343.novalocal container-server[96575]: ::1 - - [07/Dec/2025:03:40:56 +0000] "PUT /2/119016/AUTH_9cb2db62181546998c52314d1567748c/gnocchi.f8ce4c78-835a-457e-bcc2-806152195196/1764720000.0_mean_300.0_v3" 201 - "PUT http://[::1]:8080/1/1190/AUTH_9cb2db62181546998c52314d1567748c/gnocchi.f8ce4c78-835a-457e-bcc2-806152195196/1764720000.0_mean_300.0_v3" "tx99e507671255426facf6d-006934f748" "object-server 96910" 0.0006 "-" 96575 0
Dec 06 22:40:56 np0005549343.novalocal object-server[96910]: ::1 - - [07/Dec/2025:03:40:56 +0000] "PUT /1/1190/AUTH_9cb2db62181546998c52314d1567748c/gnocchi.f8ce4c78-835a-457e-bcc2-806152195196/1764720000.0_mean_300.0_v3" 201 - "PUT https://[::1]:8080/v1/AUTH_9cb2db62181546998c52314d1567748c/gnocchi.f8ce4c78-835a-457e-bcc2-806152195196/1764720000.0_mean_300.0_v3" "tx99e507671255426facf6d-006934f748" "proxy-server 97857" 0.0153 "-" 96910 0
Dec 06 22:40:56 np0005549343.novalocal proxy-server[97857]: ::1 ::1 07/Dec/2025/03/40/56 PUT /v1/AUTH_9cb2db62181546998c52314d1567748c/gnocchi.f8ce4c78-835a-457e-bcc2-806152195196/1764720000.0_mean_300.0_v3 HTTP/1.0 201 - python-swiftclient-4.8.0 gAAAAABpNPckgn8e... 16 - - tx99e507671255426facf6d-006934f748 - 0.0282 - - 1765078856.288224459 1765078856.316473961 0 0c044fc9f411403aa3ab5cf8f2b14495
Dec 06 22:40:56 np0005549343.novalocal container-server[96575]: ::1 - - [07/Dec/2025:03:40:56 +0000] "PUT /1/119016/AUTH_9cb2db62181546998c52314d1567748c/gnocchi.f8ce4c78-835a-457e-bcc2-806152195196/none_v3" 201 - "PUT http://[::1]:8080/1/23003/AUTH_9cb2db62181546998c52314d1567748c/gnocchi.f8ce4c78-835a-457e-bcc2-806152195196/none_v3" "tx51d73dc79df344b4b8b85-006934f748" "object-server 96909" 0.0008 "-" 96575 0
Dec 06 22:40:56 np0005549343.novalocal container-server[96575]: ::1 - - [07/Dec/2025:03:40:56 +0000] "PUT /3/119016/AUTH_9cb2db62181546998c52314d1567748c/gnocchi.f8ce4c78-835a-457e-bcc2-806152195196/none_v3" 201 - "PUT http://[::1]:8080/2/23003/AUTH_9cb2db62181546998c52314d1567748c/gnocchi.f8ce4c78-835a-457e-bcc2-806152195196/none_v3" "tx51d73dc79df344b4b8b85-006934f748" "object-server 96910" 0.0003 "-" 96575 0
Dec 06 22:40:56 np0005549343.novalocal object-server[96909]: ::1 - - [07/Dec/2025:03:40:56 +0000] "PUT /1/23003/AUTH_9cb2db62181546998c52314d1567748c/gnocchi.f8ce4c78-835a-457e-bcc2-806152195196/none_v3" 201 - "PUT https://[::1]:8080/v1/AUTH_9cb2db62181546998c52314d1567748c/gnocchi.f8ce4c78-835a-457e-bcc2-806152195196/none_v3" "tx51d73dc79df344b4b8b85-006934f748" "proxy-server 97857" 0.0130 "-" 96909 0
Dec 06 22:40:56 np0005549343.novalocal container-server[96575]: ::1 - - [07/Dec/2025:03:40:56 +0000] "PUT /2/119016/AUTH_9cb2db62181546998c52314d1567748c/gnocchi.f8ce4c78-835a-457e-bcc2-806152195196/none_v3" 201 - "PUT http://[::1]:8080/3/23003/AUTH_9cb2db62181546998c52314d1567748c/gnocchi.f8ce4c78-835a-457e-bcc2-806152195196/none_v3" "tx51d73dc79df344b4b8b85-006934f748" "object-server 96910" 0.0003 "-" 96575 0
Dec 06 22:40:56 np0005549343.novalocal object-server[96910]: ::1 - - [07/Dec/2025:03:40:56 +0000] "PUT /2/23003/AUTH_9cb2db62181546998c52314d1567748c/gnocchi.f8ce4c78-835a-457e-bcc2-806152195196/none_v3" 201 - "PUT https://[::1]:8080/v1/AUTH_9cb2db62181546998c52314d1567748c/gnocchi.f8ce4c78-835a-457e-bcc2-806152195196/none_v3" "tx51d73dc79df344b4b8b85-006934f748" "proxy-server 97857" 0.0115 "-" 96910 0
Dec 06 22:40:56 np0005549343.novalocal object-server[96910]: ::1 - - [07/Dec/2025:03:40:56 +0000] "PUT /3/23003/AUTH_9cb2db62181546998c52314d1567748c/gnocchi.f8ce4c78-835a-457e-bcc2-806152195196/none_v3" 201 - "PUT https://[::1]:8080/v1/AUTH_9cb2db62181546998c52314d1567748c/gnocchi.f8ce4c78-835a-457e-bcc2-806152195196/none_v3" "tx51d73dc79df344b4b8b85-006934f748" "proxy-server 97857" 0.0157 "-" 96910 0
Dec 06 22:40:56 np0005549343.novalocal proxy-server[97857]: ::1 ::1 07/Dec/2025/03/40/56 PUT /v1/AUTH_9cb2db62181546998c52314d1567748c/gnocchi.f8ce4c78-835a-457e-bcc2-806152195196/none_v3 HTTP/1.0 201 - python-swiftclient-4.8.0 gAAAAABpNPckgn8e... 22 - - tx51d73dc79df344b4b8b85-006934f748 - 0.0272 - - 1765078856.321548700 1765078856.348701954 0 0c044fc9f411403aa3ab5cf8f2b14495
Dec 06 22:40:56 np0005549343.novalocal container-replicator[96639]: Replication run OVER
Dec 06 22:40:56 np0005549343.novalocal container-replicator[96639]: Attempted to replicate 39 dbs in 0.99280 seconds (39.28279/s)
Dec 06 22:40:56 np0005549343.novalocal container-replicator[96639]: Removed 0 dbs
Dec 06 22:40:56 np0005549343.novalocal container-server[96575]: ::1 - - [07/Dec/2025:03:40:56 +0000] "HEAD /3/3477/AUTH_9cb2db62181546998c52314d1567748c/gnocchi.3892032f-851a-440c-a9c0-5e3786fea21a" 404 - "HEAD http://[::1]:8080/v1/AUTH_9cb2db62181546998c52314d1567748c/gnocchi.3892032f-851a-440c-a9c0-5e3786fea21a" "tx38d13ad02245450097b15-006934f748" "proxy-server 97857" 0.0004 "-" 96575 0
Dec 06 22:40:56 np0005549343.novalocal container-replicator[96639]: 78 successes, 0 failures
Dec 06 22:40:56 np0005549343.novalocal container-replicator[96639]: diff:0 diff_capped:0 empty:0 hashmatch:0 no_change:78 remote_merge:0 rsync:0 ts_repl:0
Dec 06 22:40:56 np0005549343.novalocal container-server[96576]: ::1 - - [07/Dec/2025:03:40:56 +0000] "HEAD /1/3477/AUTH_9cb2db62181546998c52314d1567748c/gnocchi.3892032f-851a-440c-a9c0-5e3786fea21a" 404 - "HEAD http://[::1]:8080/v1/AUTH_9cb2db62181546998c52314d1567748c/gnocchi.3892032f-851a-440c-a9c0-5e3786fea21a" "tx38d13ad02245450097b15-006934f748" "proxy-server 97857" 0.0003 "-" 96576 0
Dec 06 22:40:56 np0005549343.novalocal container-server[96576]: ::1 - - [07/Dec/2025:03:40:56 +0000] "HEAD /2/3477/AUTH_9cb2db62181546998c52314d1567748c/gnocchi.3892032f-851a-440c-a9c0-5e3786fea21a" 404 - "HEAD http://[::1]:8080/v1/AUTH_9cb2db62181546998c52314d1567748c/gnocchi.3892032f-851a-440c-a9c0-5e3786fea21a" "tx38d13ad02245450097b15-006934f748" "proxy-server 97857" 0.0001 "-" 96576 0
Dec 06 22:40:56 np0005549343.novalocal proxy-server[97857]: - - 07/Dec/2025/03/40/56 HEAD /v1/AUTH_9cb2db62181546998c52314d1567748c/gnocchi.3892032f-851a-440c-a9c0-5e3786fea21a HTTP/1.0 404 - Swift - - - - tx38d13ad02245450097b15-006934f748 - 0.0094 CS - 1765078856.366253376 1765078856.375697136 0 -
Dec 06 22:40:56 np0005549343.novalocal object-server[96910]: ::1 - - [07/Dec/2025:03:40:56 +0000] "GET /1/224796/AUTH_9cb2db62181546998c52314d1567748c/gnocchi.3892032f-851a-440c-a9c0-5e3786fea21a/none_v3" 404 70 "GET https://[::1]:8080/v1/AUTH_9cb2db62181546998c52314d1567748c/gnocchi.3892032f-851a-440c-a9c0-5e3786fea21a/none_v3" "tx38d13ad02245450097b15-006934f748" "proxy-server 97857" 0.0007 "-" 96910 0
Dec 06 22:40:56 np0005549343.novalocal object-server[96909]: ::1 - - [07/Dec/2025:03:40:56 +0000] "GET /2/224796/AUTH_9cb2db62181546998c52314d1567748c/gnocchi.3892032f-851a-440c-a9c0-5e3786fea21a/none_v3" 404 70 "GET https://[::1]:8080/v1/AUTH_9cb2db62181546998c52314d1567748c/gnocchi.3892032f-851a-440c-a9c0-5e3786fea21a/none_v3" "tx38d13ad02245450097b15-006934f748" "proxy-server 97857" 0.0007 "-" 96909 0
Dec 06 22:40:56 np0005549343.novalocal object-server[96910]: ::1 - - [07/Dec/2025:03:40:56 +0000] "GET /3/224796/AUTH_9cb2db62181546998c52314d1567748c/gnocchi.3892032f-851a-440c-a9c0-5e3786fea21a/none_v3" 404 70 "GET https://[::1]:8080/v1/AUTH_9cb2db62181546998c52314d1567748c/gnocchi.3892032f-851a-440c-a9c0-5e3786fea21a/none_v3" "tx38d13ad02245450097b15-006934f748" "proxy-server 97857" 0.0004 "-" 96910 0
Dec 06 22:40:56 np0005549343.novalocal proxy-server[97857]: ::1 ::1 07/Dec/2025/03/40/56 GET /v1/AUTH_9cb2db62181546998c52314d1567748c/gnocchi.3892032f-851a-440c-a9c0-5e3786fea21a/none_v3 HTTP/1.0 404 - python-swiftclient-4.8.0 gAAAAABpNPckgn8e... - 70 - tx38d13ad02245450097b15-006934f748 - 0.0274 - - 1765078856.365339994 1765078856.392781734 0 0c044fc9f411403aa3ab5cf8f2b14495
Dec 06 22:40:56 np0005549343.novalocal account-server[96281]: ::1 - - [07/Dec/2025:03:40:56 +0000] "PUT /2/78968/AUTH_9cb2db62181546998c52314d1567748c/gnocchi.3892032f-851a-440c-a9c0-5e3786fea21a" 201 - "PUT http://[::1]:6001/3/3477/AUTH_9cb2db62181546998c52314d1567748c/gnocchi.3892032f-851a-440c-a9c0-5e3786fea21a" "tx0cddedc0aa3a4e92a76a0-006934f748" "container-server 96576" 0.0059 "-" 96281 0
Dec 06 22:40:56 np0005549343.novalocal container-server[96576]: ::1 - - [07/Dec/2025:03:40:56 +0000] "PUT /3/3477/AUTH_9cb2db62181546998c52314d1567748c/gnocchi.3892032f-851a-440c-a9c0-5e3786fea21a" 201 - "PUT https://[::1]:8080/v1/AUTH_9cb2db62181546998c52314d1567748c/gnocchi.3892032f-851a-440c-a9c0-5e3786fea21a" "tx0cddedc0aa3a4e92a76a0-006934f748" "proxy-server 97857" 0.0203 "-" 96576 0
Dec 06 22:40:56 np0005549343.novalocal account-server[96280]: ::1 - - [07/Dec/2025:03:40:56 +0000] "PUT /3/78968/AUTH_9cb2db62181546998c52314d1567748c/gnocchi.3892032f-851a-440c-a9c0-5e3786fea21a" 201 - "PUT http://[::1]:6001/2/3477/AUTH_9cb2db62181546998c52314d1567748c/gnocchi.3892032f-851a-440c-a9c0-5e3786fea21a" "tx0cddedc0aa3a4e92a76a0-006934f748" "container-server 96576" 0.0036 "-" 96280 0
Dec 06 22:40:56 np0005549343.novalocal container-server[96576]: ::1 - - [07/Dec/2025:03:40:56 +0000] "PUT /2/3477/AUTH_9cb2db62181546998c52314d1567748c/gnocchi.3892032f-851a-440c-a9c0-5e3786fea21a" 201 - "PUT https://[::1]:8080/v1/AUTH_9cb2db62181546998c52314d1567748c/gnocchi.3892032f-851a-440c-a9c0-5e3786fea21a" "tx0cddedc0aa3a4e92a76a0-006934f748" "proxy-server 97857" 0.0179 "-" 96576 0
Dec 06 22:40:56 np0005549343.novalocal account-server[96281]: ::1 - - [07/Dec/2025:03:40:56 +0000] "PUT /1/78968/AUTH_9cb2db62181546998c52314d1567748c/gnocchi.3892032f-851a-440c-a9c0-5e3786fea21a" 201 - "PUT http://[::1]:6001/1/3477/AUTH_9cb2db62181546998c52314d1567748c/gnocchi.3892032f-851a-440c-a9c0-5e3786fea21a" "tx0cddedc0aa3a4e92a76a0-006934f748" "container-server 96576" 0.0061 "-" 96281 0
Dec 06 22:40:56 np0005549343.novalocal container-server[96576]: ::1 - - [07/Dec/2025:03:40:56 +0000] "PUT /1/3477/AUTH_9cb2db62181546998c52314d1567748c/gnocchi.3892032f-851a-440c-a9c0-5e3786fea21a" 201 - "PUT https://[::1]:8080/v1/AUTH_9cb2db62181546998c52314d1567748c/gnocchi.3892032f-851a-440c-a9c0-5e3786fea21a" "tx0cddedc0aa3a4e92a76a0-006934f748" "proxy-server 97857" 0.0155 "-" 96576 0
Dec 06 22:40:56 np0005549343.novalocal proxy-server[97857]: ::1 ::1 07/Dec/2025/03/40/56 PUT /v1/AUTH_9cb2db62181546998c52314d1567748c/gnocchi.3892032f-851a-440c-a9c0-5e3786fea21a HTTP/1.0 201 - python-swiftclient-4.8.0 gAAAAABpNPckgn8e... - - - tx0cddedc0aa3a4e92a76a0-006934f748 - 0.0380 - - 1765078856.396563768 1765078856.434533119 0 0c044fc9f411403aa3ab5cf8f2b14495
Dec 06 22:40:56 np0005549343.novalocal container-server[96576]: ::1 - - [07/Dec/2025:03:40:56 +0000] "HEAD /1/3477/AUTH_9cb2db62181546998c52314d1567748c/gnocchi.3892032f-851a-440c-a9c0-5e3786fea21a" 204 - "HEAD http://[::1]:8080/v1/AUTH_9cb2db62181546998c52314d1567748c/gnocchi.3892032f-851a-440c-a9c0-5e3786fea21a" "tx38b518495a264e289c153-006934f748" "proxy-server 97857" 0.0010 "-" 96576 0
Dec 06 22:40:56 np0005549343.novalocal proxy-server[97857]: - - 07/Dec/2025/03/40/56 HEAD /v1/AUTH_9cb2db62181546998c52314d1567748c/gnocchi.3892032f-851a-440c-a9c0-5e3786fea21a HTTP/1.0 204 - Swift - - - - tx38b518495a264e289c153-006934f748 - 0.0059 CS - 1765078856.442648172 1765078856.448530674 0 -
Dec 06 22:40:56 np0005549343.novalocal container-server[96576]: ::1 - - [07/Dec/2025:03:40:56 +0000] "GET /2/3477/AUTH_9cb2db62181546998c52314d1567748c/gnocchi.3892032f-851a-440c-a9c0-5e3786fea21a" 200 2 "GET https://[::1]:8080/v1/AUTH_9cb2db62181546998c52314d1567748c/gnocchi.3892032f-851a-440c-a9c0-5e3786fea21a?format=json&states=listing" "tx38b518495a264e289c153-006934f748" "proxy-server 97857" 0.0015 "-" 96576 0
Dec 06 22:40:56 np0005549343.novalocal proxy-server[97857]: ::1 ::1 07/Dec/2025/03/40/56 GET /v1/AUTH_9cb2db62181546998c52314d1567748c/gnocchi.3892032f-851a-440c-a9c0-5e3786fea21a%3Fformat%3Djson%26states%3Dlisting HTTP/1.0 200 - python-swiftclient-4.8.0 gAAAAABpNPckgn8e... - 2 - tx38b518495a264e289c153-006934f748 - 0.0165 - - 1765078856.441545725 1765078856.458054304 0 0c044fc9f411403aa3ab5cf8f2b14495
Dec 06 22:40:56 np0005549343.novalocal object-server[96909]: ::1 - - [07/Dec/2025:03:40:56 +0000] "GET /3/241481/AUTH_9cb2db62181546998c52314d1567748c/gnocchi.3892032f-851a-440c-a9c0-5e3786fea21a/1764720000.0_mean_300.0_v3" 404 70 "GET https://[::1]:8080/v1/AUTH_9cb2db62181546998c52314d1567748c/gnocchi.3892032f-851a-440c-a9c0-5e3786fea21a/1764720000.0_mean_300.0_v3" "txb97c7613d52f44d89cad3-006934f748" "proxy-server 97857" 0.0005 "-" 96909 0
Dec 06 22:40:56 np0005549343.novalocal object-server[96910]: ::1 - - [07/Dec/2025:03:40:56 +0000] "GET /1/241481/AUTH_9cb2db62181546998c52314d1567748c/gnocchi.3892032f-851a-440c-a9c0-5e3786fea21a/1764720000.0_mean_300.0_v3" 404 70 "GET https://[::1]:8080/v1/AUTH_9cb2db62181546998c52314d1567748c/gnocchi.3892032f-851a-440c-a9c0-5e3786fea21a/1764720000.0_mean_300.0_v3" "txb97c7613d52f44d89cad3-006934f748" "proxy-server 97857" 0.0007 "-" 96910 0
Dec 06 22:40:56 np0005549343.novalocal object-server[96910]: ::1 - - [07/Dec/2025:03:40:56 +0000] "GET /2/241481/AUTH_9cb2db62181546998c52314d1567748c/gnocchi.3892032f-851a-440c-a9c0-5e3786fea21a/1764720000.0_mean_300.0_v3" 404 70 "GET https://[::1]:8080/v1/AUTH_9cb2db62181546998c52314d1567748c/gnocchi.3892032f-851a-440c-a9c0-5e3786fea21a/1764720000.0_mean_300.0_v3" "txb97c7613d52f44d89cad3-006934f748" "proxy-server 97857" 0.0005 "-" 96910 0
Dec 06 22:40:56 np0005549343.novalocal proxy-server[97857]: ::1 ::1 07/Dec/2025/03/40/56 GET /v1/AUTH_9cb2db62181546998c52314d1567748c/gnocchi.3892032f-851a-440c-a9c0-5e3786fea21a/1764720000.0_mean_300.0_v3 HTTP/1.0 404 - python-swiftclient-4.8.0 gAAAAABpNPckgn8e... - 70 - txb97c7613d52f44d89cad3-006934f748 - 0.0183 - - 1765078856.461232185 1765078856.479532719 0 0c044fc9f411403aa3ab5cf8f2b14495
Dec 06 22:40:56 np0005549343.novalocal container-server[96575]: ::1 - - [07/Dec/2025:03:40:56 +0000] "PUT /1/3477/AUTH_9cb2db62181546998c52314d1567748c/gnocchi.3892032f-851a-440c-a9c0-5e3786fea21a/1764720000.0_mean_300.0_v3" 201 - "PUT http://[::1]:8080/2/241481/AUTH_9cb2db62181546998c52314d1567748c/gnocchi.3892032f-851a-440c-a9c0-5e3786fea21a/1764720000.0_mean_300.0_v3" "tx4393678ec74f46a99d316-006934f748" "object-server 96909" 0.0006 "-" 96575 0
Dec 06 22:40:56 np0005549343.novalocal object-server[96909]: ::1 - - [07/Dec/2025:03:40:56 +0000] "PUT /2/241481/AUTH_9cb2db62181546998c52314d1567748c/gnocchi.3892032f-851a-440c-a9c0-5e3786fea21a/1764720000.0_mean_300.0_v3" 201 - "PUT https://[::1]:8080/v1/AUTH_9cb2db62181546998c52314d1567748c/gnocchi.3892032f-851a-440c-a9c0-5e3786fea21a/1764720000.0_mean_300.0_v3" "tx4393678ec74f46a99d316-006934f748" "proxy-server 97857" 0.0154 "-" 96909 0
Dec 06 22:40:56 np0005549343.novalocal container-server[96575]: ::1 - - [07/Dec/2025:03:40:56 +0000] "PUT /2/3477/AUTH_9cb2db62181546998c52314d1567748c/gnocchi.3892032f-851a-440c-a9c0-5e3786fea21a/1764720000.0_mean_300.0_v3" 201 - "PUT http://[::1]:8080/1/241481/AUTH_9cb2db62181546998c52314d1567748c/gnocchi.3892032f-851a-440c-a9c0-5e3786fea21a/1764720000.0_mean_300.0_v3" "tx4393678ec74f46a99d316-006934f748" "object-server 96909" 0.0005 "-" 96575 0
Dec 06 22:40:56 np0005549343.novalocal object-server[96909]: ::1 - - [07/Dec/2025:03:40:56 +0000] "PUT /1/241481/AUTH_9cb2db62181546998c52314d1567748c/gnocchi.3892032f-851a-440c-a9c0-5e3786fea21a/1764720000.0_mean_300.0_v3" 201 - "PUT https://[::1]:8080/v1/AUTH_9cb2db62181546998c52314d1567748c/gnocchi.3892032f-851a-440c-a9c0-5e3786fea21a/1764720000.0_mean_300.0_v3" "tx4393678ec74f46a99d316-006934f748" "proxy-server 97857" 0.0147 "-" 96909 0
Dec 06 22:40:56 np0005549343.novalocal container-server[96576]: ::1 - - [07/Dec/2025:03:40:56 +0000] "PUT /3/3477/AUTH_9cb2db62181546998c52314d1567748c/gnocchi.3892032f-851a-440c-a9c0-5e3786fea21a/1764720000.0_mean_300.0_v3" 201 - "PUT http://[::1]:8080/3/241481/AUTH_9cb2db62181546998c52314d1567748c/gnocchi.3892032f-851a-440c-a9c0-5e3786fea21a/1764720000.0_mean_300.0_v3" "tx4393678ec74f46a99d316-006934f748" "object-server 96910" 0.0017 "-" 96576 0
Dec 06 22:40:56 np0005549343.novalocal object-server[96910]: ::1 - - [07/Dec/2025:03:40:56 +0000] "PUT /3/241481/AUTH_9cb2db62181546998c52314d1567748c/gnocchi.3892032f-851a-440c-a9c0-5e3786fea21a/1764720000.0_mean_300.0_v3" 201 - "PUT https://[::1]:8080/v1/AUTH_9cb2db62181546998c52314d1567748c/gnocchi.3892032f-851a-440c-a9c0-5e3786fea21a/1764720000.0_mean_300.0_v3" "tx4393678ec74f46a99d316-006934f748" "proxy-server 97857" 0.0201 "-" 96910 0
Dec 06 22:40:56 np0005549343.novalocal proxy-server[97857]: ::1 ::1 07/Dec/2025/03/40/56 PUT /v1/AUTH_9cb2db62181546998c52314d1567748c/gnocchi.3892032f-851a-440c-a9c0-5e3786fea21a/1764720000.0_mean_300.0_v3 HTTP/1.0 201 - python-swiftclient-4.8.0 gAAAAABpNPckgn8e... 16 - - tx4393678ec74f46a99d316-006934f748 - 0.0303 - - 1765078856.483031511 1765078856.513319492 0 0c044fc9f411403aa3ab5cf8f2b14495
Dec 06 22:40:56 np0005549343.novalocal container-server[96576]: ::1 - - [07/Dec/2025:03:40:56 +0000] "PUT /1/3477/AUTH_9cb2db62181546998c52314d1567748c/gnocchi.3892032f-851a-440c-a9c0-5e3786fea21a/none_v3" 201 - "PUT http://[::1]:8080/2/224796/AUTH_9cb2db62181546998c52314d1567748c/gnocchi.3892032f-851a-440c-a9c0-5e3786fea21a/none_v3" "tx7b13837ad66746b3ae834-006934f748" "object-server 96910" 0.0007 "-" 96576 0
Dec 06 22:40:56 np0005549343.novalocal object-server[96910]: ::1 - - [07/Dec/2025:03:40:56 +0000] "PUT /2/224796/AUTH_9cb2db62181546998c52314d1567748c/gnocchi.3892032f-851a-440c-a9c0-5e3786fea21a/none_v3" 201 - "PUT https://[::1]:8080/v1/AUTH_9cb2db62181546998c52314d1567748c/gnocchi.3892032f-851a-440c-a9c0-5e3786fea21a/none_v3" "tx7b13837ad66746b3ae834-006934f748" "proxy-server 97857" 0.0294 "-" 96910 0
Dec 06 22:40:56 np0005549343.novalocal container-server[96576]: ::1 - - [07/Dec/2025:03:40:56 +0000] "PUT /3/3477/AUTH_9cb2db62181546998c52314d1567748c/gnocchi.3892032f-851a-440c-a9c0-5e3786fea21a/none_v3" 201 - "PUT http://[::1]:8080/3/224796/AUTH_9cb2db62181546998c52314d1567748c/gnocchi.3892032f-851a-440c-a9c0-5e3786fea21a/none_v3" "tx7b13837ad66746b3ae834-006934f748" "object-server 96910" 0.0008 "-" 96576 0
Dec 06 22:40:56 np0005549343.novalocal container-server[96575]: ::1 - - [07/Dec/2025:03:40:56 +0000] "PUT /2/3477/AUTH_9cb2db62181546998c52314d1567748c/gnocchi.3892032f-851a-440c-a9c0-5e3786fea21a/none_v3" 201 - "PUT http://[::1]:8080/1/224796/AUTH_9cb2db62181546998c52314d1567748c/gnocchi.3892032f-851a-440c-a9c0-5e3786fea21a/none_v3" "tx7b13837ad66746b3ae834-006934f748" "object-server 96910" 0.0009 "-" 96575 0
Dec 06 22:40:56 np0005549343.novalocal object-server[96910]: ::1 - - [07/Dec/2025:03:40:56 +0000] "PUT /3/224796/AUTH_9cb2db62181546998c52314d1567748c/gnocchi.3892032f-851a-440c-a9c0-5e3786fea21a/none_v3" 201 - "PUT https://[::1]:8080/v1/AUTH_9cb2db62181546998c52314d1567748c/gnocchi.3892032f-851a-440c-a9c0-5e3786fea21a/none_v3" "tx7b13837ad66746b3ae834-006934f748" "proxy-server 97857" 0.0265 "-" 96910 0
Dec 06 22:40:56 np0005549343.novalocal object-server[96910]: ::1 - - [07/Dec/2025:03:40:56 +0000] "PUT /1/224796/AUTH_9cb2db62181546998c52314d1567748c/gnocchi.3892032f-851a-440c-a9c0-5e3786fea21a/none_v3" 201 - "PUT https://[::1]:8080/v1/AUTH_9cb2db62181546998c52314d1567748c/gnocchi.3892032f-851a-440c-a9c0-5e3786fea21a/none_v3" "tx7b13837ad66746b3ae834-006934f748" "proxy-server 97857" 0.0299 "-" 96910 0
Dec 06 22:40:56 np0005549343.novalocal proxy-server[97857]: ::1 ::1 07/Dec/2025/03/40/56 PUT /v1/AUTH_9cb2db62181546998c52314d1567748c/gnocchi.3892032f-851a-440c-a9c0-5e3786fea21a/none_v3 HTTP/1.0 201 - python-swiftclient-4.8.0 gAAAAABpNPckgn8e... 22 - - tx7b13837ad66746b3ae834-006934f748 - 0.0450 - - 1765078856.516684055 1765078856.561697483 0 0c044fc9f411403aa3ab5cf8f2b14495
