Dec 06 22:41:30 np0005549343.novalocal proxy-server[97857]: ::1 ::1 07/Dec/2025/03/41/30 GET /v1/AUTH_9cb2db62181546998c52314d1567748c/gnocchi.1a7775db-355a-4364-8e23-94110f57c20c%3Fformat%3Djson%26marker%3Dnone_v3%26states%3Dlisting HTTP/1.0 200 - python-swiftclient-4.8.0 gAAAAABpNPckgn8e... - 2 - txb0850fc509734d1cb8894-006934f76a - 0.0112 - - 1765078890.050258875 1765078890.061414242 0 0c044fc9f411403aa3ab5cf8f2b14495
Dec 06 22:41:30 np0005549343.novalocal object-server[96909]: ::1 - - [07/Dec/2025:03:41:30 +0000] "GET /1/119212/AUTH_9cb2db62181546998c52314d1567748c/gnocchi.1a7775db-355a-4364-8e23-94110f57c20c/1764720000.0_mean_300.0_v3" 200 16 "GET https://[::1]:8080/v1/AUTH_9cb2db62181546998c52314d1567748c/gnocchi.1a7775db-355a-4364-8e23-94110f57c20c/1764720000.0_mean_300.0_v3" "tx6f4f3719f51d4bbdb50c4-006934f76a" "proxy-server 97857" 0.0010 "-" 96909 0
Dec 06 22:41:30 np0005549343.novalocal proxy-server[97857]: ::1 ::1 07/Dec/2025/03/41/30 GET /v1/AUTH_9cb2db62181546998c52314d1567748c/gnocchi.1a7775db-355a-4364-8e23-94110f57c20c/1764720000.0_mean_300.0_v3 HTTP/1.0 200 - python-swiftclient-4.8.0 gAAAAABpNPckgn8e... - 16 - tx6f4f3719f51d4bbdb50c4-006934f76a - 0.0103 - - 1765078890.066656113 1765078890.076935053 0 0c044fc9f411403aa3ab5cf8f2b14495
Dec 06 22:41:30 np0005549343.novalocal sshd-session[104573]: Received disconnect from 116.71.136.125 port 33914:11: Bye Bye [preauth]
Dec 06 22:41:30 np0005549343.novalocal sshd-session[104573]: Disconnected from authenticating user root 116.71.136.125 port 33914 [preauth]
Dec 06 22:41:30 np0005549343.novalocal container-server[96576]: ::1 - - [07/Dec/2025:03:41:30 +0000] "PUT /2/142424/AUTH_9cb2db62181546998c52314d1567748c/gnocchi.1a7775db-355a-4364-8e23-94110f57c20c/1764720000.0_mean_300.0_v3" 201 - "PUT http://[::1]:8080/3/119212/AUTH_9cb2db62181546998c52314d1567748c/gnocchi.1a7775db-355a-4364-8e23-94110f57c20c/1764720000.0_mean_300.0_v3" "tx082719e99cb2450695142-006934f76a" "object-server 96910" 0.0005 "-" 96576 0
Dec 06 22:41:30 np0005549343.novalocal container-server[96575]: ::1 - - [07/Dec/2025:03:41:30 +0000] "PUT /3/142424/AUTH_9cb2db62181546998c52314d1567748c/gnocchi.1a7775db-355a-4364-8e23-94110f57c20c/1764720000.0_mean_300.0_v3" 201 - "PUT http://[::1]:8080/1/119212/AUTH_9cb2db62181546998c52314d1567748c/gnocchi.1a7775db-355a-4364-8e23-94110f57c20c/1764720000.0_mean_300.0_v3" "tx082719e99cb2450695142-006934f76a" "object-server 96909" 0.0010 "-" 96575 0
Dec 06 22:41:30 np0005549343.novalocal object-server[96910]: ::1 - - [07/Dec/2025:03:41:30 +0000] "PUT /3/119212/AUTH_9cb2db62181546998c52314d1567748c/gnocchi.1a7775db-355a-4364-8e23-94110f57c20c/1764720000.0_mean_300.0_v3" 201 - "PUT https://[::1]:8080/v1/AUTH_9cb2db62181546998c52314d1567748c/gnocchi.1a7775db-355a-4364-8e23-94110f57c20c/1764720000.0_mean_300.0_v3" "tx082719e99cb2450695142-006934f76a" "proxy-server 97857" 0.0277 "-" 96910 0
Dec 06 22:41:30 np0005549343.novalocal object-server[96909]: ::1 - - [07/Dec/2025:03:41:30 +0000] "PUT /1/119212/AUTH_9cb2db62181546998c52314d1567748c/gnocchi.1a7775db-355a-4364-8e23-94110f57c20c/1764720000.0_mean_300.0_v3" 201 - "PUT https://[::1]:8080/v1/AUTH_9cb2db62181546998c52314d1567748c/gnocchi.1a7775db-355a-4364-8e23-94110f57c20c/1764720000.0_mean_300.0_v3" "tx082719e99cb2450695142-006934f76a" "proxy-server 97857" 0.0332 "-" 96909 0
Dec 06 22:41:30 np0005549343.novalocal container-server[96575]: ::1 - - [07/Dec/2025:03:41:30 +0000] "PUT /1/142424/AUTH_9cb2db62181546998c52314d1567748c/gnocchi.1a7775db-355a-4364-8e23-94110f57c20c/1764720000.0_mean_300.0_v3" 201 - "PUT http://[::1]:8080/2/119212/AUTH_9cb2db62181546998c52314d1567748c/gnocchi.1a7775db-355a-4364-8e23-94110f57c20c/1764720000.0_mean_300.0_v3" "tx082719e99cb2450695142-006934f76a" "object-server 96910" 0.0006 "-" 96575 0
Dec 06 22:41:30 np0005549343.novalocal object-server[96910]: ::1 - - [07/Dec/2025:03:41:30 +0000] "PUT /2/119212/AUTH_9cb2db62181546998c52314d1567748c/gnocchi.1a7775db-355a-4364-8e23-94110f57c20c/1764720000.0_mean_300.0_v3" 201 - "PUT https://[::1]:8080/v1/AUTH_9cb2db62181546998c52314d1567748c/gnocchi.1a7775db-355a-4364-8e23-94110f57c20c/1764720000.0_mean_300.0_v3" "tx082719e99cb2450695142-006934f76a" "proxy-server 97857" 0.0287 "-" 96910 0
Dec 06 22:41:30 np0005549343.novalocal proxy-server[97857]: ::1 ::1 07/Dec/2025/03/41/30 PUT /v1/AUTH_9cb2db62181546998c52314d1567748c/gnocchi.1a7775db-355a-4364-8e23-94110f57c20c/1764720000.0_mean_300.0_v3 HTTP/1.0 201 - python-swiftclient-4.8.0 gAAAAABpNPckgn8e... 16 - - tx082719e99cb2450695142-006934f76a - 0.0461 - - 1765078890.081523180 1765078890.127641201 0 0c044fc9f411403aa3ab5cf8f2b14495
Dec 06 22:41:30 np0005549343.novalocal container-server[96576]: ::1 - - [07/Dec/2025:03:41:30 +0000] "PUT /1/142424/AUTH_9cb2db62181546998c52314d1567748c/gnocchi.1a7775db-355a-4364-8e23-94110f57c20c/none_v3" 201 - "PUT http://[::1]:8080/3/130820/AUTH_9cb2db62181546998c52314d1567748c/gnocchi.1a7775db-355a-4364-8e23-94110f57c20c/none_v3" "txea48f2381bef4af397bd9-006934f76a" "object-server 96909" 0.0006 "-" 96576 0
Dec 06 22:41:30 np0005549343.novalocal object-server[96909]: ::1 - - [07/Dec/2025:03:41:30 +0000] "PUT /3/130820/AUTH_9cb2db62181546998c52314d1567748c/gnocchi.1a7775db-355a-4364-8e23-94110f57c20c/none_v3" 201 - "PUT https://[::1]:8080/v1/AUTH_9cb2db62181546998c52314d1567748c/gnocchi.1a7775db-355a-4364-8e23-94110f57c20c/none_v3" "txea48f2381bef4af397bd9-006934f76a" "proxy-server 97857" 0.0129 "-" 96909 0
Dec 06 22:41:30 np0005549343.novalocal container-server[96575]: ::1 - - [07/Dec/2025:03:41:30 +0000] "PUT /2/142424/AUTH_9cb2db62181546998c52314d1567748c/gnocchi.1a7775db-355a-4364-8e23-94110f57c20c/none_v3" 201 - "PUT http://[::1]:8080/2/130820/AUTH_9cb2db62181546998c52314d1567748c/gnocchi.1a7775db-355a-4364-8e23-94110f57c20c/none_v3" "txea48f2381bef4af397bd9-006934f76a" "object-server 96910" 0.0008 "-" 96575 0
Dec 06 22:41:30 np0005549343.novalocal container-server[96576]: ::1 - - [07/Dec/2025:03:41:30 +0000] "PUT /3/142424/AUTH_9cb2db62181546998c52314d1567748c/gnocchi.1a7775db-355a-4364-8e23-94110f57c20c/none_v3" 201 - "PUT http://[::1]:8080/1/130820/AUTH_9cb2db62181546998c52314d1567748c/gnocchi.1a7775db-355a-4364-8e23-94110f57c20c/none_v3" "txea48f2381bef4af397bd9-006934f76a" "object-server 96910" 0.0005 "-" 96576 0
Dec 06 22:41:30 np0005549343.novalocal object-server[96910]: ::1 - - [07/Dec/2025:03:41:30 +0000] "PUT /2/130820/AUTH_9cb2db62181546998c52314d1567748c/gnocchi.1a7775db-355a-4364-8e23-94110f57c20c/none_v3" 201 - "PUT https://[::1]:8080/v1/AUTH_9cb2db62181546998c52314d1567748c/gnocchi.1a7775db-355a-4364-8e23-94110f57c20c/none_v3" "txea48f2381bef4af397bd9-006934f76a" "proxy-server 97857" 0.0122 "-" 96910 0
Dec 06 22:41:30 np0005549343.novalocal object-server[96910]: ::1 - - [07/Dec/2025:03:41:30 +0000] "PUT /1/130820/AUTH_9cb2db62181546998c52314d1567748c/gnocchi.1a7775db-355a-4364-8e23-94110f57c20c/none_v3" 201 - "PUT https://[::1]:8080/v1/AUTH_9cb2db62181546998c52314d1567748c/gnocchi.1a7775db-355a-4364-8e23-94110f57c20c/none_v3" "txea48f2381bef4af397bd9-006934f76a" "proxy-server 97857" 0.0161 "-" 96910 0
Dec 06 22:41:30 np0005549343.novalocal proxy-server[97857]: ::1 ::1 07/Dec/2025/03/41/30 PUT /v1/AUTH_9cb2db62181546998c52314d1567748c/gnocchi.1a7775db-355a-4364-8e23-94110f57c20c/none_v3 HTTP/1.0 201 - python-swiftclient-4.8.0 gAAAAABpNPckgn8e... 69 - - txea48f2381bef4af397bd9-006934f76a - 0.0261 - - 1765078890.131452322 1765078890.157589436 0 0c044fc9f411403aa3ab5cf8f2b14495
Dec 06 22:41:30 np0005549343.novalocal object-server[96910]: ::1 - - [07/Dec/2025:03:41:30 +0000] "GET /3/1222/AUTH_9cb2db62181546998c52314d1567748c/gnocchi.3b68cbb1-ebe4-4d39-a327-1f3d544a1314/none_v3" 200 59 "GET https://[::1]:8080/v1/AUTH_9cb2db62181546998c52314d1567748c/gnocchi.3b68cbb1-ebe4-4d39-a327-1f3d544a1314/none_v3" "txe57004dea4fb4681b4d63-006934f76a" "proxy-server 97857" 0.0010 "-" 96910 0
Dec 06 22:41:30 np0005549343.novalocal proxy-server[97857]: ::1 ::1 07/Dec/2025/03/41/30 GET /v1/AUTH_9cb2db62181546998c52314d1567748c/gnocchi.3b68cbb1-ebe4-4d39-a327-1f3d544a1314/none_v3 HTTP/1.0 200 - python-swiftclient-4.8.0 gAAAAABpNPckgn8e... - 59 - txe57004dea4fb4681b4d63-006934f76a - 0.0091 - - 1765078890.177963734 1765078890.187108517 0 0c044fc9f411403aa3ab5cf8f2b14495
Dec 06 22:41:30 np0005549343.novalocal container-server[96576]: ::1 - - [07/Dec/2025:03:41:30 +0000] "GET /1/125107/AUTH_9cb2db62181546998c52314d1567748c/gnocchi.3b68cbb1-ebe4-4d39-a327-1f3d544a1314" 200 357 "GET https://[::1]:8080/v1/AUTH_9cb2db62181546998c52314d1567748c/gnocchi.3b68cbb1-ebe4-4d39-a327-1f3d544a1314?format=json&states=listing" "txc73215bb9eb248c2ad544-006934f76a" "proxy-server 97857" 0.0043 "-" 96576 0
Dec 06 22:41:30 np0005549343.novalocal proxy-server[97857]: ::1 ::1 07/Dec/2025/03/41/30 GET /v1/AUTH_9cb2db62181546998c52314d1567748c/gnocchi.3b68cbb1-ebe4-4d39-a327-1f3d544a1314%3Fformat%3Djson%26states%3Dlisting HTTP/1.0 200 - python-swiftclient-4.8.0 gAAAAABpNPckgn8e... - 357 - txc73215bb9eb248c2ad544-006934f76a - 0.0127 - - 1765078890.191585302 1765078890.204258442 0 0c044fc9f411403aa3ab5cf8f2b14495
Dec 06 22:41:30 np0005549343.novalocal container-server[96576]: ::1 - - [07/Dec/2025:03:41:30 +0000] "GET /3/125107/AUTH_9cb2db62181546998c52314d1567748c/gnocchi.3b68cbb1-ebe4-4d39-a327-1f3d544a1314" 200 2 "GET https://[::1]:8080/v1/AUTH_9cb2db62181546998c52314d1567748c/gnocchi.3b68cbb1-ebe4-4d39-a327-1f3d544a1314?format=json&marker=none_v3&states=listing" "tx9c6f766037224678bf941-006934f76a" "proxy-server 97857" 0.0049 "-" 96576 0
Dec 06 22:41:30 np0005549343.novalocal proxy-server[97857]: ::1 ::1 07/Dec/2025/03/41/30 GET /v1/AUTH_9cb2db62181546998c52314d1567748c/gnocchi.3b68cbb1-ebe4-4d39-a327-1f3d544a1314%3Fformat%3Djson%26marker%3Dnone_v3%26states%3Dlisting HTTP/1.0 200 - python-swiftclient-4.8.0 gAAAAABpNPckgn8e... - 2 - tx9c6f766037224678bf941-006934f76a - 0.0119 - - 1765078890.206860781 1765078890.218768358 0 0c044fc9f411403aa3ab5cf8f2b14495
Dec 06 22:41:30 np0005549343.novalocal object-server[96909]: ::1 - - [07/Dec/2025:03:41:30 +0000] "GET /1/129707/AUTH_9cb2db62181546998c52314d1567748c/gnocchi.3b68cbb1-ebe4-4d39-a327-1f3d544a1314/1764720000.0_mean_300.0_v3" 200 16 "GET https://[::1]:8080/v1/AUTH_9cb2db62181546998c52314d1567748c/gnocchi.3b68cbb1-ebe4-4d39-a327-1f3d544a1314/1764720000.0_mean_300.0_v3" "tx6d3b4d03d10b41e0849d9-006934f76a" "proxy-server 97857" 0.0007 "-" 96909 0
Dec 06 22:41:30 np0005549343.novalocal proxy-server[97857]: ::1 ::1 07/Dec/2025/03/41/30 GET /v1/AUTH_9cb2db62181546998c52314d1567748c/gnocchi.3b68cbb1-ebe4-4d39-a327-1f3d544a1314/1764720000.0_mean_300.0_v3 HTTP/1.0 200 - python-swiftclient-4.8.0 gAAAAABpNPckgn8e... - 16 - tx6d3b4d03d10b41e0849d9-006934f76a - 0.0073 - - 1765078890.222335815 1765078890.229624271 0 0c044fc9f411403aa3ab5cf8f2b14495
Dec 06 22:41:30 np0005549343.novalocal container-server[96576]: ::1 - - [07/Dec/2025:03:41:30 +0000] "PUT /3/125107/AUTH_9cb2db62181546998c52314d1567748c/gnocchi.3b68cbb1-ebe4-4d39-a327-1f3d544a1314/1764720000.0_mean_300.0_v3" 201 - "PUT http://[::1]:8080/2/129707/AUTH_9cb2db62181546998c52314d1567748c/gnocchi.3b68cbb1-ebe4-4d39-a327-1f3d544a1314/1764720000.0_mean_300.0_v3" "txfc4a55fad5e0404a8f031-006934f76a" "object-server 96909" 0.0007 "-" 96576 0
Dec 06 22:41:30 np0005549343.novalocal object-server[96909]: ::1 - - [07/Dec/2025:03:41:30 +0000] "PUT /2/129707/AUTH_9cb2db62181546998c52314d1567748c/gnocchi.3b68cbb1-ebe4-4d39-a327-1f3d544a1314/1764720000.0_mean_300.0_v3" 201 - "PUT https://[::1]:8080/v1/AUTH_9cb2db62181546998c52314d1567748c/gnocchi.3b68cbb1-ebe4-4d39-a327-1f3d544a1314/1764720000.0_mean_300.0_v3" "txfc4a55fad5e0404a8f031-006934f76a" "proxy-server 97857" 0.0111 "-" 96909 0
Dec 06 22:41:30 np0005549343.novalocal container-server[96576]: ::1 - - [07/Dec/2025:03:41:30 +0000] "PUT /1/125107/AUTH_9cb2db62181546998c52314d1567748c/gnocchi.3b68cbb1-ebe4-4d39-a327-1f3d544a1314/1764720000.0_mean_300.0_v3" 201 - "PUT http://[::1]:8080/1/129707/AUTH_9cb2db62181546998c52314d1567748c/gnocchi.3b68cbb1-ebe4-4d39-a327-1f3d544a1314/1764720000.0_mean_300.0_v3" "txfc4a55fad5e0404a8f031-006934f76a" "object-server 96909" 0.0005 "-" 96576 0
Dec 06 22:41:30 np0005549343.novalocal object-server[96909]: ::1 - - [07/Dec/2025:03:41:30 +0000] "PUT /1/129707/AUTH_9cb2db62181546998c52314d1567748c/gnocchi.3b68cbb1-ebe4-4d39-a327-1f3d544a1314/1764720000.0_mean_300.0_v3" 201 - "PUT https://[::1]:8080/v1/AUTH_9cb2db62181546998c52314d1567748c/gnocchi.3b68cbb1-ebe4-4d39-a327-1f3d544a1314/1764720000.0_mean_300.0_v3" "txfc4a55fad5e0404a8f031-006934f76a" "proxy-server 97857" 0.0144 "-" 96909 0
Dec 06 22:41:30 np0005549343.novalocal container-server[96575]: ::1 - - [07/Dec/2025:03:41:30 +0000] "PUT /2/125107/AUTH_9cb2db62181546998c52314d1567748c/gnocchi.3b68cbb1-ebe4-4d39-a327-1f3d544a1314/1764720000.0_mean_300.0_v3" 201 - "PUT http://[::1]:8080/3/129707/AUTH_9cb2db62181546998c52314d1567748c/gnocchi.3b68cbb1-ebe4-4d39-a327-1f3d544a1314/1764720000.0_mean_300.0_v3" "txfc4a55fad5e0404a8f031-006934f76a" "object-server 96910" 0.0009 "-" 96575 0
Dec 06 22:41:30 np0005549343.novalocal object-server[96910]: ::1 - - [07/Dec/2025:03:41:30 +0000] "PUT /3/129707/AUTH_9cb2db62181546998c52314d1567748c/gnocchi.3b68cbb1-ebe4-4d39-a327-1f3d544a1314/1764720000.0_mean_300.0_v3" 201 - "PUT https://[::1]:8080/v1/AUTH_9cb2db62181546998c52314d1567748c/gnocchi.3b68cbb1-ebe4-4d39-a327-1f3d544a1314/1764720000.0_mean_300.0_v3" "txfc4a55fad5e0404a8f031-006934f76a" "proxy-server 97857" 0.0163 "-" 96910 0
Dec 06 22:41:30 np0005549343.novalocal proxy-server[97857]: ::1 ::1 07/Dec/2025/03/41/30 PUT /v1/AUTH_9cb2db62181546998c52314d1567748c/gnocchi.3b68cbb1-ebe4-4d39-a327-1f3d544a1314/1764720000.0_mean_300.0_v3 HTTP/1.0 201 - python-swiftclient-4.8.0 gAAAAABpNPckgn8e... 16 - - txfc4a55fad5e0404a8f031-006934f76a - 0.0243 - - 1765078890.232687712 1765078890.257028818 0 0c044fc9f411403aa3ab5cf8f2b14495
Dec 06 22:41:30 np0005549343.novalocal container-server[96575]: ::1 - - [07/Dec/2025:03:41:30 +0000] "PUT /3/125107/AUTH_9cb2db62181546998c52314d1567748c/gnocchi.3b68cbb1-ebe4-4d39-a327-1f3d544a1314/none_v3" 201 - "PUT http://[::1]:8080/2/1222/AUTH_9cb2db62181546998c52314d1567748c/gnocchi.3b68cbb1-ebe4-4d39-a327-1f3d544a1314/none_v3" "tx7b196730cf9d4f3b9b3d7-006934f76a" "object-server 96909" 0.0007 "-" 96575 0
Dec 06 22:41:30 np0005549343.novalocal object-server[96909]: ::1 - - [07/Dec/2025:03:41:30 +0000] "PUT /2/1222/AUTH_9cb2db62181546998c52314d1567748c/gnocchi.3b68cbb1-ebe4-4d39-a327-1f3d544a1314/none_v3" 201 - "PUT https://[::1]:8080/v1/AUTH_9cb2db62181546998c52314d1567748c/gnocchi.3b68cbb1-ebe4-4d39-a327-1f3d544a1314/none_v3" "tx7b196730cf9d4f3b9b3d7-006934f76a" "proxy-server 97857" 0.0201 "-" 96909 0
Dec 06 22:41:30 np0005549343.novalocal container-server[96576]: ::1 - - [07/Dec/2025:03:41:30 +0000] "PUT /2/125107/AUTH_9cb2db62181546998c52314d1567748c/gnocchi.3b68cbb1-ebe4-4d39-a327-1f3d544a1314/none_v3" 201 - "PUT http://[::1]:8080/1/1222/AUTH_9cb2db62181546998c52314d1567748c/gnocchi.3b68cbb1-ebe4-4d39-a327-1f3d544a1314/none_v3" "tx7b196730cf9d4f3b9b3d7-006934f76a" "object-server 96910" 0.0008 "-" 96576 0
Dec 06 22:41:30 np0005549343.novalocal object-server[96910]: ::1 - - [07/Dec/2025:03:41:30 +0000] "PUT /1/1222/AUTH_9cb2db62181546998c52314d1567748c/gnocchi.3b68cbb1-ebe4-4d39-a327-1f3d544a1314/none_v3" 201 - "PUT https://[::1]:8080/v1/AUTH_9cb2db62181546998c52314d1567748c/gnocchi.3b68cbb1-ebe4-4d39-a327-1f3d544a1314/none_v3" "tx7b196730cf9d4f3b9b3d7-006934f76a" "proxy-server 97857" 0.0204 "-" 96910 0
Dec 06 22:41:30 np0005549343.novalocal container-server[96575]: ::1 - - [07/Dec/2025:03:41:30 +0000] "PUT /1/125107/AUTH_9cb2db62181546998c52314d1567748c/gnocchi.3b68cbb1-ebe4-4d39-a327-1f3d544a1314/none_v3" 201 - "PUT http://[::1]:8080/3/1222/AUTH_9cb2db62181546998c52314d1567748c/gnocchi.3b68cbb1-ebe4-4d39-a327-1f3d544a1314/none_v3" "tx7b196730cf9d4f3b9b3d7-006934f76a" "object-server 96910" 0.0007 "-" 96575 0
Dec 06 22:41:30 np0005549343.novalocal object-server[96910]: ::1 - - [07/Dec/2025:03:41:30 +0000] "PUT /3/1222/AUTH_9cb2db62181546998c52314d1567748c/gnocchi.3b68cbb1-ebe4-4d39-a327-1f3d544a1314/none_v3" 201 - "PUT https://[::1]:8080/v1/AUTH_9cb2db62181546998c52314d1567748c/gnocchi.3b68cbb1-ebe4-4d39-a327-1f3d544a1314/none_v3" "tx7b196730cf9d4f3b9b3d7-006934f76a" "proxy-server 97857" 0.0214 "-" 96910 0
Dec 06 22:41:30 np0005549343.novalocal proxy-server[97857]: ::1 ::1 07/Dec/2025/03/41/30 PUT /v1/AUTH_9cb2db62181546998c52314d1567748c/gnocchi.3b68cbb1-ebe4-4d39-a327-1f3d544a1314/none_v3 HTTP/1.0 201 - python-swiftclient-4.8.0 gAAAAABpNPckgn8e... 68 - - tx7b196730cf9d4f3b9b3d7-006934f76a - 0.0325 - - 1765078890.259721518 1765078890.292242289 0 0c044fc9f411403aa3ab5cf8f2b14495
Dec 06 22:41:30 np0005549343.novalocal object-server[96909]: ::1 - - [07/Dec/2025:03:41:30 +0000] "GET /1/38476/AUTH_9cb2db62181546998c52314d1567748c/gnocchi.e0bcb974-4bc6-4426-88f8-d589e00e99d2/none_v3" 200 52 "GET https://[::1]:8080/v1/AUTH_9cb2db62181546998c52314d1567748c/gnocchi.e0bcb974-4bc6-4426-88f8-d589e00e99d2/none_v3" "tx18174c18e35145a5a29b5-006934f76a" "proxy-server 97857" 0.0008 "-" 96909 0
Dec 06 22:41:30 np0005549343.novalocal proxy-server[97857]: ::1 ::1 07/Dec/2025/03/41/30 GET /v1/AUTH_9cb2db62181546998c52314d1567748c/gnocchi.e0bcb974-4bc6-4426-88f8-d589e00e99d2/none_v3 HTTP/1.0 200 - python-swiftclient-4.8.0 gAAAAABpNPckgn8e... - 52 - tx18174c18e35145a5a29b5-006934f76a - 0.0073 - - 1765078890.364601374 1765078890.371912956 0 0c044fc9f411403aa3ab5cf8f2b14495
Dec 06 22:41:30 np0005549343.novalocal container-server[96576]: ::1 - - [07/Dec/2025:03:41:30 +0000] "GET /1/191780/AUTH_9cb2db62181546998c52314d1567748c/gnocchi.e0bcb974-4bc6-4426-88f8-d589e00e99d2" 200 357 "GET https://[::1]:8080/v1/AUTH_9cb2db62181546998c52314d1567748c/gnocchi.e0bcb974-4bc6-4426-88f8-d589e00e99d2?format=json&states=listing" "txe2ddb362ed474012aae6a-006934f76a" "proxy-server 97857" 0.0028 "-" 96576 0
Dec 06 22:41:30 np0005549343.novalocal proxy-server[97857]: ::1 ::1 07/Dec/2025/03/41/30 GET /v1/AUTH_9cb2db62181546998c52314d1567748c/gnocchi.e0bcb974-4bc6-4426-88f8-d589e00e99d2%3Fformat%3Djson%26states%3Dlisting HTTP/1.0 200 - python-swiftclient-4.8.0 gAAAAABpNPckgn8e... - 357 - txe2ddb362ed474012aae6a-006934f76a - 0.0104 - - 1765078890.374458551 1765078890.384822845 0 0c044fc9f411403aa3ab5cf8f2b14495
Dec 06 22:41:30 np0005549343.novalocal container-server[96575]: ::1 - - [07/Dec/2025:03:41:30 +0000] "GET /3/191780/AUTH_9cb2db62181546998c52314d1567748c/gnocchi.e0bcb974-4bc6-4426-88f8-d589e00e99d2" 200 2 "GET https://[::1]:8080/v1/AUTH_9cb2db62181546998c52314d1567748c/gnocchi.e0bcb974-4bc6-4426-88f8-d589e00e99d2?format=json&marker=none_v3&states=listing" "tx08631a8149cc4352ae955-006934f76a" "proxy-server 97857" 0.0039 "-" 96575 0
Dec 06 22:41:30 np0005549343.novalocal proxy-server[97857]: ::1 ::1 07/Dec/2025/03/41/30 GET /v1/AUTH_9cb2db62181546998c52314d1567748c/gnocchi.e0bcb974-4bc6-4426-88f8-d589e00e99d2%3Fformat%3Djson%26marker%3Dnone_v3%26states%3Dlisting HTTP/1.0 200 - python-swiftclient-4.8.0 gAAAAABpNPckgn8e... - 2 - tx08631a8149cc4352ae955-006934f76a - 0.0105 - - 1765078890.387239695 1765078890.397740364 0 0c044fc9f411403aa3ab5cf8f2b14495
Dec 06 22:41:30 np0005549343.novalocal object-server[96909]: ::1 - - [07/Dec/2025:03:41:30 +0000] "GET /2/164983/AUTH_9cb2db62181546998c52314d1567748c/gnocchi.e0bcb974-4bc6-4426-88f8-d589e00e99d2/1764720000.0_mean_300.0_v3" 200 16 "GET https://[::1]:8080/v1/AUTH_9cb2db62181546998c52314d1567748c/gnocchi.e0bcb974-4bc6-4426-88f8-d589e00e99d2/1764720000.0_mean_300.0_v3" "tx1ffb1e4116b6428da61c0-006934f76a" "proxy-server 97857" 0.0007 "-" 96909 0
Dec 06 22:41:30 np0005549343.novalocal proxy-server[97857]: ::1 ::1 07/Dec/2025/03/41/30 GET /v1/AUTH_9cb2db62181546998c52314d1567748c/gnocchi.e0bcb974-4bc6-4426-88f8-d589e00e99d2/1764720000.0_mean_300.0_v3 HTTP/1.0 200 - python-swiftclient-4.8.0 gAAAAABpNPckgn8e... - 16 - tx1ffb1e4116b6428da61c0-006934f76a - 0.0064 - - 1765078890.400170088 1765078890.406588316 0 0c044fc9f411403aa3ab5cf8f2b14495
Dec 06 22:41:30 np0005549343.novalocal kernel: qbrbb41d0db-ed: port 2(tapbb41d0db-ed) entered disabled state
Dec 06 22:41:30 np0005549343.novalocal kernel: tapbb41d0db-ed (unregistering): left allmulticast mode
Dec 06 22:41:30 np0005549343.novalocal kernel: tapbb41d0db-ed (unregistering): left promiscuous mode
Dec 06 22:41:30 np0005549343.novalocal kernel: qbrbb41d0db-ed: port 2(tapbb41d0db-ed) entered disabled state
Dec 06 22:41:30 np0005549343.novalocal NetworkManager[854]: [1765078890.4259] device (tapbb41d0db-ed): state change: activated -> unmanaged (reason 'unmanaged', managed-type: 'removed')
Dec 06 22:41:30 np0005549343.novalocal NetworkManager[854]: [1765078890.4265] device (tapbb41d0db-ed): released from controller device qbrbb41d0db-ed
Dec 06 22:41:30 np0005549343.novalocal container-server[96576]: ::1 - - [07/Dec/2025:03:41:30 +0000] "PUT /3/191780/AUTH_9cb2db62181546998c52314d1567748c/gnocchi.e0bcb974-4bc6-4426-88f8-d589e00e99d2/1764720000.0_mean_300.0_v3" 201 - "PUT http://[::1]:8080/2/164983/AUTH_9cb2db62181546998c52314d1567748c/gnocchi.e0bcb974-4bc6-4426-88f8-d589e00e99d2/1764720000.0_mean_300.0_v3" "txb0692125537641b2874e8-006934f76a" "object-server 96909" 0.0014 "-" 96576 0
Dec 06 22:41:30 np0005549343.novalocal object-server[96909]: ::1 - - [07/Dec/2025:03:41:30 +0000] "PUT /2/164983/AUTH_9cb2db62181546998c52314d1567748c/gnocchi.e0bcb974-4bc6-4426-88f8-d589e00e99d2/1764720000.0_mean_300.0_v3" 201 - "PUT https://[::1]:8080/v1/AUTH_9cb2db62181546998c52314d1567748c/gnocchi.e0bcb974-4bc6-4426-88f8-d589e00e99d2/1764720000.0_mean_300.0_v3" "txb0692125537641b2874e8-006934f76a" "proxy-server 97857" 0.0276 "-" 96909 0
Dec 06 22:41:30 np0005549343.novalocal container-server[96575]: ::1 - - [07/Dec/2025:03:41:30 +0000] "PUT /1/191780/AUTH_9cb2db62181546998c52314d1567748c/gnocchi.e0bcb974-4bc6-4426-88f8-d589e00e99d2/1764720000.0_mean_300.0_v3" 201 - "PUT http://[::1]:8080/1/164983/AUTH_9cb2db62181546998c52314d1567748c/gnocchi.e0bcb974-4bc6-4426-88f8-d589e00e99d2/1764720000.0_mean_300.0_v3" "txb0692125537641b2874e8-006934f76a" "object-server 96909" 0.0025 "-" 96575 0
Dec 06 22:41:30 np0005549343.novalocal object-server[96909]: ::1 - - [07/Dec/2025:03:41:30 +0000] "PUT /1/164983/AUTH_9cb2db62181546998c52314d1567748c/gnocchi.e0bcb974-4bc6-4426-88f8-d589e00e99d2/1764720000.0_mean_300.0_v3" 201 - "PUT https://[::1]:8080/v1/AUTH_9cb2db62181546998c52314d1567748c/gnocchi.e0bcb974-4bc6-4426-88f8-d589e00e99d2/1764720000.0_mean_300.0_v3" "txb0692125537641b2874e8-006934f76a" "proxy-server 97857" 0.0303 "-" 96909 0
Dec 06 22:41:30 np0005549343.novalocal container-server[96575]: ::1 - - [07/Dec/2025:03:41:30 +0000] "PUT /2/191780/AUTH_9cb2db62181546998c52314d1567748c/gnocchi.e0bcb974-4bc6-4426-88f8-d589e00e99d2/1764720000.0_mean_300.0_v3" 201 - "PUT http://[::1]:8080/3/164983/AUTH_9cb2db62181546998c52314d1567748c/gnocchi.e0bcb974-4bc6-4426-88f8-d589e00e99d2/1764720000.0_mean_300.0_v3" "txb0692125537641b2874e8-006934f76a" "object-server 96910" 0.0010 "-" 96575 0
Dec 06 22:41:30 np0005549343.novalocal object-server[96910]: ::1 - - [07/Dec/2025:03:41:30 +0000] "PUT /3/164983/AUTH_9cb2db62181546998c52314d1567748c/gnocchi.e0bcb974-4bc6-4426-88f8-d589e00e99d2/1764720000.0_mean_300.0_v3" 201 - "PUT https://[::1]:8080/v1/AUTH_9cb2db62181546998c52314d1567748c/gnocchi.e0bcb974-4bc6-4426-88f8-d589e00e99d2/1764720000.0_mean_300.0_v3" "txb0692125537641b2874e8-006934f76a" "proxy-server 97857" 0.0230 "-" 96910 0
Dec 06 22:41:30 np0005549343.novalocal proxy-server[97857]: ::1 ::1 07/Dec/2025/03/41/30 PUT /v1/AUTH_9cb2db62181546998c52314d1567748c/gnocchi.e0bcb974-4bc6-4426-88f8-d589e00e99d2/1764720000.0_mean_300.0_v3 HTTP/1.0 201 - python-swiftclient-4.8.0 gAAAAABpNPckgn8e... 16 - - txb0692125537641b2874e8-006934f76a - 0.0446 - - 1765078890.410175085 1765078890.454805136 0 0c044fc9f411403aa3ab5cf8f2b14495
Dec 06 22:41:30 np0005549343.novalocal systemd[1]: machine-qemu\x2d1\x2dinstance\x2d00000001.scope: Deactivated successfully.
Dec 06 22:41:30 np0005549343.novalocal systemd[1]: machine-qemu\x2d1\x2dinstance\x2d00000001.scope: Consumed 23.355s CPU time.
Dec 06 22:41:30 np0005549343.novalocal systemd-machined[93474]: Machine qemu-1-instance-00000001 terminated.
Dec 06 22:41:30 np0005549343.novalocal container-server[96575]: ::1 - - [07/Dec/2025:03:41:30 +0000] "PUT /3/191780/AUTH_9cb2db62181546998c52314d1567748c/gnocchi.e0bcb974-4bc6-4426-88f8-d589e00e99d2/none_v3" 201 - "PUT http://[::1]:8080/1/38476/AUTH_9cb2db62181546998c52314d1567748c/gnocchi.e0bcb974-4bc6-4426-88f8-d589e00e99d2/none_v3" "tx99d79f9735d0428f8c2a1-006934f76a" "object-server 96909" 0.0016 "-" 96575 0
Dec 06 22:41:30 np0005549343.novalocal object-server[96909]: ::1 - - [07/Dec/2025:03:41:30 +0000] "PUT /1/38476/AUTH_9cb2db62181546998c52314d1567748c/gnocchi.e0bcb974-4bc6-4426-88f8-d589e00e99d2/none_v3" 201 - "PUT https://[::1]:8080/v1/AUTH_9cb2db62181546998c52314d1567748c/gnocchi.e0bcb974-4bc6-4426-88f8-d589e00e99d2/none_v3" "tx99d79f9735d0428f8c2a1-006934f76a" "proxy-server 97857" 0.0116 "-" 96909 0
Dec 06 22:41:30 np0005549343.novalocal container-server[96575]: ::1 - - [07/Dec/2025:03:41:30 +0000] "PUT /1/191780/AUTH_9cb2db62181546998c52314d1567748c/gnocchi.e0bcb974-4bc6-4426-88f8-d589e00e99d2/none_v3" 201 - "PUT http://[::1]:8080/3/38476/AUTH_9cb2db62181546998c52314d1567748c/gnocchi.e0bcb974-4bc6-4426-88f8-d589e00e99d2/none_v3" "tx99d79f9735d0428f8c2a1-006934f76a" "object-server 96910" 0.0006 "-" 96575 0
Dec 06 22:41:30 np0005549343.novalocal object-server[96910]: ::1 - - [07/Dec/2025:03:41:30 +0000] "PUT /3/38476/AUTH_9cb2db62181546998c52314d1567748c/gnocchi.e0bcb974-4bc6-4426-88f8-d589e00e99d2/none_v3" 201 - "PUT https://[::1]:8080/v1/AUTH_9cb2db62181546998c52314d1567748c/gnocchi.e0bcb974-4bc6-4426-88f8-d589e00e99d2/none_v3" "tx99d79f9735d0428f8c2a1-006934f76a" "proxy-server 97857" 0.0179 "-" 96910 0
Dec 06 22:41:30 np0005549343.novalocal container-server[96575]: ::1 - - [07/Dec/2025:03:41:30 +0000] "PUT /2/191780/AUTH_9cb2db62181546998c52314d1567748c/gnocchi.e0bcb974-4bc6-4426-88f8-d589e00e99d2/none_v3" 201 - "PUT http://[::1]:8080/2/38476/AUTH_9cb2db62181546998c52314d1567748c/gnocchi.e0bcb974-4bc6-4426-88f8-d589e00e99d2/none_v3" "tx99d79f9735d0428f8c2a1-006934f76a" "object-server 96909" 0.0005 "-" 96575 0
Dec 06 22:41:30 np0005549343.novalocal object-server[96909]: ::1 - - [07/Dec/2025:03:41:30 +0000] "PUT /2/38476/AUTH_9cb2db62181546998c52314d1567748c/gnocchi.e0bcb974-4bc6-4426-88f8-d589e00e99d2/none_v3" 201 - "PUT https://[::1]:8080/v1/AUTH_9cb2db62181546998c52314d1567748c/gnocchi.e0bcb974-4bc6-4426-88f8-d589e00e99d2/none_v3" "tx99d79f9735d0428f8c2a1-006934f76a" "proxy-server 97857" 0.0195 "-" 96909 0
Dec 06 22:41:30 np0005549343.novalocal proxy-server[97857]: ::1 ::1 07/Dec/2025/03/41/30 PUT /v1/AUTH_9cb2db62181546998c52314d1567748c/gnocchi.e0bcb974-4bc6-4426-88f8-d589e00e99d2/none_v3 HTTP/1.0 201 - python-swiftclient-4.8.0 gAAAAABpNPckgn8e... 61 - - tx99d79f9735d0428f8c2a1-006934f76a - 0.0282 - - 1765078890.457710266 1765078890.485925674 0 0c044fc9f411403aa3ab5cf8f2b14495
Dec 06 22:41:30 np0005549343.novalocal object-server[96910]: ::1 - - [07/Dec/2025:03:41:30 +0000] "GET /3/187521/AUTH_9cb2db62181546998c52314d1567748c/gnocchi.8a741be1-81ed-47f5-aecf-e2216f7eaadd/none_v3" 200 60 "GET https://[::1]:8080/v1/AUTH_9cb2db62181546998c52314d1567748c/gnocchi.8a741be1-81ed-47f5-aecf-e2216f7eaadd/none_v3" "tx9fa41df7493449959a13c-006934f76a" "proxy-server 97857" 0.0012 "-" 96910 0
Dec 06 22:41:30 np0005549343.novalocal proxy-server[97857]: ::1 ::1 07/Dec/2025/03/41/30 GET /v1/AUTH_9cb2db62181546998c52314d1567748c/gnocchi.8a741be1-81ed-47f5-aecf-e2216f7eaadd/none_v3 HTTP/1.0 200 - python-swiftclient-4.8.0 gAAAAABpNPckgn8e... - 60 - tx9fa41df7493449959a13c-006934f76a - 0.0103 - - 1765078890.502925158 1765078890.513227940 0 0c044fc9f411403aa3ab5cf8f2b14495
Dec 06 22:41:30 np0005549343.novalocal container-server[96576]: ::1 - - [07/Dec/2025:03:41:30 +0000] "GET /2/123717/AUTH_9cb2db62181546998c52314d1567748c/gnocchi.8a741be1-81ed-47f5-aecf-e2216f7eaadd" 200 357 "GET https://[::1]:8080/v1/AUTH_9cb2db62181546998c52314d1567748c/gnocchi.8a741be1-81ed-47f5-aecf-e2216f7eaadd?format=json&states=listing" "tx47c59bc93171446b8ca73-006934f76a" "proxy-server 97857" 0.0028 "-" 96576 0
Dec 06 22:41:30 np0005549343.novalocal proxy-server[97857]: ::1 ::1 07/Dec/2025/03/41/30 GET /v1/AUTH_9cb2db62181546998c52314d1567748c/gnocchi.8a741be1-81ed-47f5-aecf-e2216f7eaadd%3Fformat%3Djson%26states%3Dlisting HTTP/1.0 200 - python-swiftclient-4.8.0 gAAAAABpNPckgn8e... - 357 - tx47c59bc93171446b8ca73-006934f76a - 0.0116 - - 1765078890.516191006 1765078890.527788877 0 0c044fc9f411403aa3ab5cf8f2b14495
Dec 06 22:41:30 np0005549343.novalocal container-server[96575]: ::1 - - [07/Dec/2025:03:41:30 +0000] "GET /2/123717/AUTH_9cb2db62181546998c52314d1567748c/gnocchi.8a741be1-81ed-47f5-aecf-e2216f7eaadd" 200 2 "GET https://[::1]:8080/v1/AUTH_9cb2db62181546998c52314d1567748c/gnocchi.8a741be1-81ed-47f5-aecf-e2216f7eaadd?format=json&marker=none_v3&states=listing" "tx5d5fb773e42143a4b1940-006934f76a" "proxy-server 97857" 0.0018 "-" 96575 0
Dec 06 22:41:30 np0005549343.novalocal proxy-server[97857]: ::1 ::1 07/Dec/2025/03/41/30 GET /v1/AUTH_9cb2db62181546998c52314d1567748c/gnocchi.8a741be1-81ed-47f5-aecf-e2216f7eaadd%3Fformat%3Djson%26marker%3Dnone_v3%26states%3Dlisting HTTP/1.0 200 - python-swiftclient-4.8.0 gAAAAABpNPckgn8e... - 2 - tx5d5fb773e42143a4b1940-006934f76a - 0.0097 - - 1765078890.529893637 1765078890.539557934 0 0c044fc9f411403aa3ab5cf8f2b14495
Dec 06 22:41:30 np0005549343.novalocal object-server[96909]: ::1 - - [07/Dec/2025:03:41:30 +0000] "GET /2/97368/AUTH_9cb2db62181546998c52314d1567748c/gnocchi.8a741be1-81ed-47f5-aecf-e2216f7eaadd/1764720000.0_mean_300.0_v3" 200 16 "GET https://[::1]:8080/v1/AUTH_9cb2db62181546998c52314d1567748c/gnocchi.8a741be1-81ed-47f5-aecf-e2216f7eaadd/1764720000.0_mean_300.0_v3" "txa3e1242efe92462cafef7-006934f76a" "proxy-server 97857" 0.0008 "-" 96909 0
Dec 06 22:41:30 np0005549343.novalocal proxy-server[97857]: ::1 ::1 07/Dec/2025/03/41/30 GET /v1/AUTH_9cb2db62181546998c52314d1567748c/gnocchi.8a741be1-81ed-47f5-aecf-e2216f7eaadd/1764720000.0_mean_300.0_v3 HTTP/1.0 200 - python-swiftclient-4.8.0 gAAAAABpNPckgn8e... - 16 - txa3e1242efe92462cafef7-006934f76a - 0.0070 - - 1765078890.542698145 1765078890.549737930 0 0c044fc9f411403aa3ab5cf8f2b14495
Dec 06 22:41:30 np0005549343.novalocal container-server[96576]: ::1 - - [07/Dec/2025:03:41:30 +0000] "PUT /3/123717/AUTH_9cb2db62181546998c52314d1567748c/gnocchi.8a741be1-81ed-47f5-aecf-e2216f7eaadd/1764720000.0_mean_300.0_v3" 201 - "PUT http://[::1]:8080/2/97368/AUTH_9cb2db62181546998c52314d1567748c/gnocchi.8a741be1-81ed-47f5-aecf-e2216f7eaadd/1764720000.0_mean_300.0_v3" "tx3e1d3b09f4b74d069c0a1-006934f76a" "object-server 96909" 0.0008 "-" 96576 0
Dec 06 22:41:30 np0005549343.novalocal object-server[96909]: ::1 - - [07/Dec/2025:03:41:30 +0000] "PUT /2/97368/AUTH_9cb2db62181546998c52314d1567748c/gnocchi.8a741be1-81ed-47f5-aecf-e2216f7eaadd/1764720000.0_mean_300.0_v3" 201 - "PUT https://[::1]:8080/v1/AUTH_9cb2db62181546998c52314d1567748c/gnocchi.8a741be1-81ed-47f5-aecf-e2216f7eaadd/1764720000.0_mean_300.0_v3" "tx3e1d3b09f4b74d069c0a1-006934f76a" "proxy-server 97857" 0.0134 "-" 96909 0
Dec 06 22:41:30 np0005549343.novalocal container-server[96576]: ::1 - - [07/Dec/2025:03:41:30 +0000] "PUT /1/123717/AUTH_9cb2db62181546998c52314d1567748c/gnocchi.8a741be1-81ed-47f5-aecf-e2216f7eaadd/1764720000.0_mean_300.0_v3" 201 - "PUT http://[::1]:8080/3/97368/AUTH_9cb2db62181546998c52314d1567748c/gnocchi.8a741be1-81ed-47f5-aecf-e2216f7eaadd/1764720000.0_mean_300.0_v3" "tx3e1d3b09f4b74d069c0a1-006934f76a" "object-server 96910" 0.0006 "-" 96576 0
Dec 06 22:41:30 np0005549343.novalocal object-server[96910]: ::1 - - [07/Dec/2025:03:41:30 +0000] "PUT /3/97368/AUTH_9cb2db62181546998c52314d1567748c/gnocchi.8a741be1-81ed-47f5-aecf-e2216f7eaadd/1764720000.0_mean_300.0_v3" 201 - "PUT https://[::1]:8080/v1/AUTH_9cb2db62181546998c52314d1567748c/gnocchi.8a741be1-81ed-47f5-aecf-e2216f7eaadd/1764720000.0_mean_300.0_v3" "tx3e1d3b09f4b74d069c0a1-006934f76a" "proxy-server 97857" 0.0169 "-" 96910 0
Dec 06 22:41:30 np0005549343.novalocal container-server[96576]: ::1 - - [07/Dec/2025:03:41:30 +0000] "PUT /2/123717/AUTH_9cb2db62181546998c52314d1567748c/gnocchi.8a741be1-81ed-47f5-aecf-e2216f7eaadd/1764720000.0_mean_300.0_v3" 201 - "PUT http://[::1]:8080/1/97368/AUTH_9cb2db62181546998c52314d1567748c/gnocchi.8a741be1-81ed-47f5-aecf-e2216f7eaadd/1764720000.0_mean_300.0_v3" "tx3e1d3b09f4b74d069c0a1-006934f76a" "object-server 96910" 0.0006 "-" 96576 0
Dec 06 22:41:30 np0005549343.novalocal object-server[96910]: ::1 - - [07/Dec/2025:03:41:30 +0000] "PUT /1/97368/AUTH_9cb2db62181546998c52314d1567748c/gnocchi.8a741be1-81ed-47f5-aecf-e2216f7eaadd/1764720000.0_mean_300.0_v3" 201 - "PUT https://[::1]:8080/v1/AUTH_9cb2db62181546998c52314d1567748c/gnocchi.8a741be1-81ed-47f5-aecf-e2216f7eaadd/1764720000.0_mean_300.0_v3" "tx3e1d3b09f4b74d069c0a1-006934f76a" "proxy-server 97857" 0.0187 "-" 96910 0
Dec 06 22:41:30 np0005549343.novalocal proxy-server[97857]: ::1 ::1 07/Dec/2025/03/41/30 PUT /v1/AUTH_9cb2db62181546998c52314d1567748c/gnocchi.8a741be1-81ed-47f5-aecf-e2216f7eaadd/1764720000.0_mean_300.0_v3 HTTP/1.0 201 - python-swiftclient-4.8.0 gAAAAABpNPckgn8e... 16 - - tx3e1d3b09f4b74d069c0a1-006934f76a - 0.0285 - - 1765078890.552016973 1765078890.580525160 0 0c044fc9f411403aa3ab5cf8f2b14495
Dec 06 22:41:30 np0005549343.novalocal container-server[96576]: ::1 - - [07/Dec/2025:03:41:30 +0000] "PUT /3/123717/AUTH_9cb2db62181546998c52314d1567748c/gnocchi.8a741be1-81ed-47f5-aecf-e2216f7eaadd/none_v3" 201 - "PUT http://[::1]:8080/2/187521/AUTH_9cb2db62181546998c52314d1567748c/gnocchi.8a741be1-81ed-47f5-aecf-e2216f7eaadd/none_v3" "tx7ca0306b796c43a390607-006934f76a" "object-server 96910" 0.0007 "-" 96576 0
Dec 06 22:41:30 np0005549343.novalocal object-server[96910]: ::1 - - [07/Dec/2025:03:41:30 +0000] "PUT /2/187521/AUTH_9cb2db62181546998c52314d1567748c/gnocchi.8a741be1-81ed-47f5-aecf-e2216f7eaadd/none_v3" 201 - "PUT https://[::1]:8080/v1/AUTH_9cb2db62181546998c52314d1567748c/gnocchi.8a741be1-81ed-47f5-aecf-e2216f7eaadd/none_v3" "tx7ca0306b796c43a390607-006934f76a" "proxy-server 97857" 0.0157 "-" 96910 0
Dec 06 22:41:30 np0005549343.novalocal container-server[96576]: ::1 - - [07/Dec/2025:03:41:30 +0000] "PUT /1/123717/AUTH_9cb2db62181546998c52314d1567748c/gnocchi.8a741be1-81ed-47f5-aecf-e2216f7eaadd/none_v3" 201 - "PUT http://[::1]:8080/3/187521/AUTH_9cb2db62181546998c52314d1567748c/gnocchi.8a741be1-81ed-47f5-aecf-e2216f7eaadd/none_v3" "tx7ca0306b796c43a390607-006934f76a" "object-server 96910" 0.0006 "-" 96576 0
Dec 06 22:41:30 np0005549343.novalocal object-server[96910]: ::1 - - [07/Dec/2025:03:41:30 +0000] "PUT /3/187521/AUTH_9cb2db62181546998c52314d1567748c/gnocchi.8a741be1-81ed-47f5-aecf-e2216f7eaadd/none_v3" 201 - "PUT https://[::1]:8080/v1/AUTH_9cb2db62181546998c52314d1567748c/gnocchi.8a741be1-81ed-47f5-aecf-e2216f7eaadd/none_v3" "tx7ca0306b796c43a390607-006934f76a" "proxy-server 97857" 0.0229 "-" 96910 0
Dec 06 22:41:30 np0005549343.novalocal container-server[96575]: ::1 - - [07/Dec/2025:03:41:30 +0000] "PUT /2/123717/AUTH_9cb2db62181546998c52314d1567748c/gnocchi.8a741be1-81ed-47f5-aecf-e2216f7eaadd/none_v3" 201 - "PUT http://[::1]:8080/1/187521/AUTH_9cb2db62181546998c52314d1567748c/gnocchi.8a741be1-81ed-47f5-aecf-e2216f7eaadd/none_v3" "tx7ca0306b796c43a390607-006934f76a" "object-server 96910" 0.0008 "-" 96575 0
Dec 06 22:41:30 np0005549343.novalocal object-server[96910]: ::1 - - [07/Dec/2025:03:41:30 +0000] "PUT /1/187521/AUTH_9cb2db62181546998c52314d1567748c/gnocchi.8a741be1-81ed-47f5-aecf-e2216f7eaadd/none_v3" 201 - "PUT https://[::1]:8080/v1/AUTH_9cb2db62181546998c52314d1567748c/gnocchi.8a741be1-81ed-47f5-aecf-e2216f7eaadd/none_v3" "tx7ca0306b796c43a390607-006934f76a" "proxy-server 97857" 0.0200 "-" 96910 0
Dec 06 22:41:30 np0005549343.novalocal proxy-server[97857]: ::1 ::1 07/Dec/2025/03/41/30 PUT /v1/AUTH_9cb2db62181546998c52314d1567748c/gnocchi.8a741be1-81ed-47f5-aecf-e2216f7eaadd/none_v3 HTTP/1.0 201 - python-swiftclient-4.8.0 gAAAAABpNPckgn8e... 69 - - tx7ca0306b796c43a390607-006934f76a - 0.0341 - - 1765078890.584370375 1765078890.618495464 0 0c044fc9f411403aa3ab5cf8f2b14495
Dec 06 22:41:31 np0005549343.novalocal kernel: qvbbb41d0db-ed: left allmulticast mode
Dec 06 22:41:31 np0005549343.novalocal kernel: qvbbb41d0db-ed: left promiscuous mode
Dec 06 22:41:31 np0005549343.novalocal kernel: qbrbb41d0db-ed: port 1(qvbbb41d0db-ed) entered disabled state
Dec 06 22:41:31 np0005549343.novalocal NetworkManager[854]: [1765078891.1753] device (qbrbb41d0db-ed): bridge port qvbbb41d0db-ed was detached
Dec 06 22:41:31 np0005549343.novalocal NetworkManager[854]: [1765078891.1765] device (qbrbb41d0db-ed): state change: activated -> unmanaged (reason 'unmanaged', managed-type: 'removed')
Dec 06 22:41:31 np0005549343.novalocal kernel: qvobb41d0db-ed: left promiscuous mode
Dec 06 22:41:32 np0005549343.novalocal sudo[104618]: neutron : PWD=/ ; USER=root ; COMMAND=/usr/bin/neutron-rootwrap /etc/neutron/rootwrap.conf privsep-helper --config-file /usr/share/neutron/neutron-dist.conf --config-file /etc/neutron/neutron.conf --config-file /etc/neutron/dhcp_agent.ini --config-dir /etc/neutron/conf.d/neutron-dhcp-agent --privsep_context neutron.privileged.dhcp_release_cmd --privsep_sock_path /tmp/tmpder07fcf/privsep.sock
Dec 06 22:41:32 np0005549343.novalocal systemd[1]: Started Session c94 of User root.
Dec 06 22:41:32 np0005549343.novalocal sudo[104618]: pam_unix(sudo:session): session opened for user root(uid=0) by (uid=981)
Dec 06 22:41:32 np0005549343.novalocal object-reconstructor[96135]: Starting object reconstruction pass.
Dec 06 22:41:32 np0005549343.novalocal object-reconstructor[96135]: Nothing reconstructed for 0.0002465248107910156 seconds.
Dec 06 22:41:32 np0005549343.novalocal object-reconstructor[96135]: Object reconstruction complete. (0.00 minutes)
Dec 06 22:41:33 np0005549343.novalocal sudo[104618]: pam_unix(sudo:session): session closed for user root
Dec 06 22:41:33 np0005549343.novalocal object-auditor[104316]: Object audit (ZBF) "forever" mode completed: 3.70s. Total quarantined: 0, Total errors: 0, Total files/sec: 50.23, Total bytes/sec: 0.00, Auditing time: 3.65, Rate: 0.99
Dec 06 22:41:33 np0005549343.novalocal dnsmasq-dhcp[103118]: DHCPRELEASE(tap29ee284e-93) 10.100.0.9 fa:16:3e:06:a6:4b
Dec 06 22:41:33 np0005549343.novalocal dnsmasq-dhcp[103118]: DHCPRELEASE(tap29ee284e-93) 10.100.0.9 fa:16:3e:06:a6:4b unknown lease
Dec 06 22:41:34 np0005549343.novalocal dnsmasq[103118]: read /var/lib/neutron/dhcp/a7b8db30-53f4-4ab5-8504-186ab5469d9f/addn_hosts - 1 addresses
Dec 06 22:41:34 np0005549343.novalocal dnsmasq-dhcp[103118]: read /var/lib/neutron/dhcp/a7b8db30-53f4-4ab5-8504-186ab5469d9f/host
Dec 06 22:41:34 np0005549343.novalocal dnsmasq-dhcp[103118]: read /var/lib/neutron/dhcp/a7b8db30-53f4-4ab5-8504-186ab5469d9f/opts
Dec 06 22:41:35 np0005549343.novalocal object-server[96909]: ::1 - - [07/Dec/2025:03:41:35 +0000] "GET /1/130820/AUTH_9cb2db62181546998c52314d1567748c/gnocchi.1a7775db-355a-4364-8e23-94110f57c20c/none_v3" 200 69 "GET https://[::1]:8080/v1/AUTH_9cb2db62181546998c52314d1567748c/gnocchi.1a7775db-355a-4364-8e23-94110f57c20c/none_v3" "txd7508e3266cd4af686902-006934f76f" "proxy-server 97857" 0.0011 "-" 96909 0
Dec 06 22:41:35 np0005549343.novalocal proxy-server[97857]: ::1 ::1 07/Dec/2025/03/41/35 GET /v1/AUTH_9cb2db62181546998c52314d1567748c/gnocchi.1a7775db-355a-4364-8e23-94110f57c20c/none_v3 HTTP/1.0 200 - python-swiftclient-4.8.0 gAAAAABpNPckgn8e... - 69 - txd7508e3266cd4af686902-006934f76f - 0.0135 - - 1765078895.002170563 1765078895.015688658 0 0c044fc9f411403aa3ab5cf8f2b14495
Dec 06 22:41:35 np0005549343.novalocal container-server[96575]: ::1 - - [07/Dec/2025:03:41:35 +0000] "GET /1/142424/AUTH_9cb2db62181546998c52314d1567748c/gnocchi.1a7775db-355a-4364-8e23-94110f57c20c" 200 357 "GET https://[::1]:8080/v1/AUTH_9cb2db62181546998c52314d1567748c/gnocchi.1a7775db-355a-4364-8e23-94110f57c20c?format=json&states=listing" "txb28f6c2e4bb144829ee90-006934f76f" "proxy-server 97857" 0.0102 "-" 96575 0
Dec 06 22:41:35 np0005549343.novalocal proxy-server[97857]: ::1 ::1 07/Dec/2025/03/41/35 GET /v1/AUTH_9cb2db62181546998c52314d1567748c/gnocchi.1a7775db-355a-4364-8e23-94110f57c20c%3Fformat%3Djson%26states%3Dlisting HTTP/1.0 200 - python-swiftclient-4.8.0 gAAAAABpNPckgn8e... - 357 - txb28f6c2e4bb144829ee90-006934f76f - 0.0237 - - 1765078895.022110224 1765078895.045849323 0 0c044fc9f411403aa3ab5cf8f2b14495
Dec 06 22:41:35 np0005549343.novalocal container-server[96576]: ::1 - - [07/Dec/2025:03:41:35 +0000] "GET /1/142424/AUTH_9cb2db62181546998c52314d1567748c/gnocchi.1a7775db-355a-4364-8e23-94110f57c20c" 200 2 "GET https://[::1]:8080/v1/AUTH_9cb2db62181546998c52314d1567748c/gnocchi.1a7775db-355a-4364-8e23-94110f57c20c?format=json&marker=none_v3&states=listing" "tx3312967ded844dc7b3751-006934f76f" "proxy-server 97857" 0.0040 "-" 96576 0
Dec 06 22:41:35 np0005549343.novalocal proxy-server[97857]: ::1 ::1 07/Dec/2025/03/41/35 GET /v1/AUTH_9cb2db62181546998c52314d1567748c/gnocchi.1a7775db-355a-4364-8e23-94110f57c20c%3Fformat%3Djson%26marker%3Dnone_v3%26states%3Dlisting HTTP/1.0 200 - python-swiftclient-4.8.0 gAAAAABpNPckgn8e... - 2 - tx3312967ded844dc7b3751-006934f76f - 0.0135 - - 1765078895.050207376 1765078895.063657761 0 0c044fc9f411403aa3ab5cf8f2b14495
Dec 06 22:41:35 np0005549343.novalocal object-server[96909]: ::1 - - [07/Dec/2025:03:41:35 +0000] "GET /1/119212/AUTH_9cb2db62181546998c52314d1567748c/gnocchi.1a7775db-355a-4364-8e23-94110f57c20c/1764720000.0_mean_300.0_v3" 200 16 "GET https://[::1]:8080/v1/AUTH_9cb2db62181546998c52314d1567748c/gnocchi.1a7775db-355a-4364-8e23-94110f57c20c/1764720000.0_mean_300.0_v3" "txa8c6101c09ad4a8cb864d-006934f76f" "proxy-server 97857" 0.0011 "-" 96909 0
Dec 06 22:41:35 np0005549343.novalocal proxy-server[97857]: ::1 ::1 07/Dec/2025/03/41/35 GET /v1/AUTH_9cb2db62181546998c52314d1567748c/gnocchi.1a7775db-355a-4364-8e23-94110f57c20c/1764720000.0_mean_300.0_v3 HTTP/1.0 200 - python-swiftclient-4.8.0 gAAAAABpNPckgn8e... - 16 - txa8c6101c09ad4a8cb864d-006934f76f - 0.0081 - - 1765078895.069071293 1765078895.077142477 0 0c044fc9f411403aa3ab5cf8f2b14495
Dec 06 22:41:35 np0005549343.novalocal container-server[96576]: ::1 - - [07/Dec/2025:03:41:35 +0000] "PUT /3/142424/AUTH_9cb2db62181546998c52314d1567748c/gnocchi.1a7775db-355a-4364-8e23-94110f57c20c/1764720000.0_mean_300.0_v3" 201 - "PUT http://[::1]:8080/1/119212/AUTH_9cb2db62181546998c52314d1567748c/gnocchi.1a7775db-355a-4364-8e23-94110f57c20c/1764720000.0_mean_300.0_v3" "tx2735d7d119794da69b9d5-006934f76f" "object-server 96910" 0.0010 "-" 96576 0
Dec 06 22:41:35 np0005549343.novalocal container-server[96575]: ::1 - - [07/Dec/2025:03:41:35 +0000] "PUT /2/142424/AUTH_9cb2db62181546998c52314d1567748c/gnocchi.1a7775db-355a-4364-8e23-94110f57c20c/1764720000.0_mean_300.0_v3" 201 - "PUT http://[::1]:8080/3/119212/AUTH_9cb2db62181546998c52314d1567748c/gnocchi.1a7775db-355a-4364-8e23-94110f57c20c/1764720000.0_mean_300.0_v3" "tx2735d7d119794da69b9d5-006934f76f" "object-server 96909" 0.0010 "-" 96575 0
Dec 06 22:41:35 np0005549343.novalocal object-server[96910]: ::1 - - [07/Dec/2025:03:41:35 +0000] "PUT /1/119212/AUTH_9cb2db62181546998c52314d1567748c/gnocchi.1a7775db-355a-4364-8e23-94110f57c20c/1764720000.0_mean_300.0_v3" 201 - "PUT https://[::1]:8080/v1/AUTH_9cb2db62181546998c52314d1567748c/gnocchi.1a7775db-355a-4364-8e23-94110f57c20c/1764720000.0_mean_300.0_v3" "tx2735d7d119794da69b9d5-006934f76f" "proxy-server 97857" 0.0132 "-" 96910 0
Dec 06 22:41:35 np0005549343.novalocal object-server[96909]: ::1 - - [07/Dec/2025:03:41:35 +0000] "PUT /3/119212/AUTH_9cb2db62181546998c52314d1567748c/gnocchi.1a7775db-355a-4364-8e23-94110f57c20c/1764720000.0_mean_300.0_v3" 201 - "PUT https://[::1]:8080/v1/AUTH_9cb2db62181546998c52314d1567748c/gnocchi.1a7775db-355a-4364-8e23-94110f57c20c/1764720000.0_mean_300.0_v3" "tx2735d7d119794da69b9d5-006934f76f" "proxy-server 97857" 0.0156 "-" 96909 0
Dec 06 22:41:35 np0005549343.novalocal container-server[96576]: ::1 - - [07/Dec/2025:03:41:35 +0000] "PUT /1/142424/AUTH_9cb2db62181546998c52314d1567748c/gnocchi.1a7775db-355a-4364-8e23-94110f57c20c/1764720000.0_mean_300.0_v3" 201 - "PUT http://[::1]:8080/2/119212/AUTH_9cb2db62181546998c52314d1567748c/gnocchi.1a7775db-355a-4364-8e23-94110f57c20c/1764720000.0_mean_300.0_v3" "tx2735d7d119794da69b9d5-006934f76f" "object-server 96909" 0.0009 "-" 96576 0
Dec 06 22:41:35 np0005549343.novalocal object-server[96909]: ::1 - - [07/Dec/2025:03:41:35 +0000] "PUT /2/119212/AUTH_9cb2db62181546998c52314d1567748c/gnocchi.1a7775db-355a-4364-8e23-94110f57c20c/1764720000.0_mean_300.0_v3" 201 - "PUT https://[::1]:8080/v1/AUTH_9cb2db62181546998c52314d1567748c/gnocchi.1a7775db-355a-4364-8e23-94110f57c20c/1764720000.0_mean_300.0_v3" "tx2735d7d119794da69b9d5-006934f76f" "proxy-server 97857" 0.0164 "-" 96909 0
Dec 06 22:41:35 np0005549343.novalocal proxy-server[97857]: ::1 ::1 07/Dec/2025/03/41/35 PUT /v1/AUTH_9cb2db62181546998c52314d1567748c/gnocchi.1a7775db-355a-4364-8e23-94110f57c20c/1764720000.0_mean_300.0_v3 HTTP/1.0 201 - python-swiftclient-4.8.0 gAAAAABpNPckgn8e... 16 - - tx2735d7d119794da69b9d5-006934f76f - 0.0298 - - 1765078895.080425262 1765078895.110249043 0 0c044fc9f411403aa3ab5cf8f2b14495
Dec 06 22:41:35 np0005549343.novalocal container-server[96575]: ::1 - - [07/Dec/2025:03:41:35 +0000] "PUT /2/142424/AUTH_9cb2db62181546998c52314d1567748c/gnocchi.1a7775db-355a-4364-8e23-94110f57c20c/none_v3" 201 - "PUT http://[::1]:8080/1/130820/AUTH_9cb2db62181546998c52314d1567748c/gnocchi.1a7775db-355a-4364-8e23-94110f57c20c/none_v3" "txffe1aff5e1584d488402e-006934f76f" "object-server 96909" 0.0012 "-" 96575 0
Dec 06 22:41:35 np0005549343.novalocal object-server[96909]: ::1 - - [07/Dec/2025:03:41:35 +0000] "PUT /1/130820/AUTH_9cb2db62181546998c52314d1567748c/gnocchi.1a7775db-355a-4364-8e23-94110f57c20c/none_v3" 201 - "PUT https://[::1]:8080/v1/AUTH_9cb2db62181546998c52314d1567748c/gnocchi.1a7775db-355a-4364-8e23-94110f57c20c/none_v3" "txffe1aff5e1584d488402e-006934f76f" "proxy-server 97857" 0.0147 "-" 96909 0
Dec 06 22:41:35 np0005549343.novalocal container-server[96576]: ::1 - - [07/Dec/2025:03:41:35 +0000] "PUT /3/142424/AUTH_9cb2db62181546998c52314d1567748c/gnocchi.1a7775db-355a-4364-8e23-94110f57c20c/none_v3" 201 - "PUT http://[::1]:8080/2/130820/AUTH_9cb2db62181546998c52314d1567748c/gnocchi.1a7775db-355a-4364-8e23-94110f57c20c/none_v3" "txffe1aff5e1584d488402e-006934f76f" "object-server 96910" 0.0008 "-" 96576 0
Dec 06 22:41:35 np0005549343.novalocal object-server[96910]: ::1 - - [07/Dec/2025:03:41:35 +0000] "PUT /2/130820/AUTH_9cb2db62181546998c52314d1567748c/gnocchi.1a7775db-355a-4364-8e23-94110f57c20c/none_v3" 201 - "PUT https://[::1]:8080/v1/AUTH_9cb2db62181546998c52314d1567748c/gnocchi.1a7775db-355a-4364-8e23-94110f57c20c/none_v3" "txffe1aff5e1584d488402e-006934f76f" "proxy-server 97857" 0.0133 "-" 96910 0
Dec 06 22:41:35 np0005549343.novalocal container-server[96576]: ::1 - - [07/Dec/2025:03:41:35 +0000] "PUT /1/142424/AUTH_9cb2db62181546998c52314d1567748c/gnocchi.1a7775db-355a-4364-8e23-94110f57c20c/none_v3" 201 - "PUT http://[::1]:8080/3/130820/AUTH_9cb2db62181546998c52314d1567748c/gnocchi.1a7775db-355a-4364-8e23-94110f57c20c/none_v3" "txffe1aff5e1584d488402e-006934f76f" "object-server 96910" 0.0004 "-" 96576 0
Dec 06 22:41:35 np0005549343.novalocal object-server[96910]: ::1 - - [07/Dec/2025:03:41:35 +0000] "PUT /3/130820/AUTH_9cb2db62181546998c52314d1567748c/gnocchi.1a7775db-355a-4364-8e23-94110f57c20c/none_v3" 201 - "PUT https://[::1]:8080/v1/AUTH_9cb2db62181546998c52314d1567748c/gnocchi.1a7775db-355a-4364-8e23-94110f57c20c/none_v3" "txffe1aff5e1584d488402e-006934f76f" "proxy-server 97857" 0.0175 "-" 96910 0
Dec 06 22:41:35 np0005549343.novalocal proxy-server[97857]: ::1 ::1 07/Dec/2025/03/41/35 PUT /v1/AUTH_9cb2db62181546998c52314d1567748c/gnocchi.1a7775db-355a-4364-8e23-94110f57c20c/none_v3 HTTP/1.0 201 - python-swiftclient-4.8.0 gAAAAABpNPckgn8e... 76 - - txffe1aff5e1584d488402e-006934f76f - 0.0264 - - 1765078895.114631176 1765078895.140999079 0 0c044fc9f411403aa3ab5cf8f2b14495
Dec 06 22:41:35 np0005549343.novalocal object-server[96909]: ::1 - - [07/Dec/2025:03:41:35 +0000] "GET /2/1222/AUTH_9cb2db62181546998c52314d1567748c/gnocchi.3b68cbb1-ebe4-4d39-a327-1f3d544a1314/none_v3" 200 68 "GET https://[::1]:8080/v1/AUTH_9cb2db62181546998c52314d1567748c/gnocchi.3b68cbb1-ebe4-4d39-a327-1f3d544a1314/none_v3" "tx3535c17ef4b14bb6b3c96-006934f76f" "proxy-server 97857" 0.0005 "-" 96909 0
Dec 06 22:41:35 np0005549343.novalocal proxy-server[97857]: ::1 ::1 07/Dec/2025/03/41/35 GET /v1/AUTH_9cb2db62181546998c52314d1567748c/gnocchi.3b68cbb1-ebe4-4d39-a327-1f3d544a1314/none_v3 HTTP/1.0 200 - python-swiftclient-4.8.0 gAAAAABpNPckgn8e... - 68 - tx3535c17ef4b14bb6b3c96-006934f76f - 0.0111 - - 1765078895.165385246 1765078895.176443815 0 0c044fc9f411403aa3ab5cf8f2b14495
Dec 06 22:41:35 np0005549343.novalocal container-server[96575]: ::1 - - [07/Dec/2025:03:41:35 +0000] "GET /1/125107/AUTH_9cb2db62181546998c52314d1567748c/gnocchi.3b68cbb1-ebe4-4d39-a327-1f3d544a1314" 200 357 "GET https://[::1]:8080/v1/AUTH_9cb2db62181546998c52314d1567748c/gnocchi.3b68cbb1-ebe4-4d39-a327-1f3d544a1314?format=json&states=listing" "tx6b403a82f02c4cc28450f-006934f76f" "proxy-server 97857" 0.0097 "-" 96575 0
Dec 06 22:41:35 np0005549343.novalocal proxy-server[97857]: ::1 ::1 07/Dec/2025/03/41/35 GET /v1/AUTH_9cb2db62181546998c52314d1567748c/gnocchi.3b68cbb1-ebe4-4d39-a327-1f3d544a1314%3Fformat%3Djson%26states%3Dlisting HTTP/1.0 200 - python-swiftclient-4.8.0 gAAAAABpNPckgn8e... - 357 - tx6b403a82f02c4cc28450f-006934f76f - 0.0227 - - 1765078895.183923244 1765078895.206611395 0 0c044fc9f411403aa3ab5cf8f2b14495
