Dec 06 22:40:33 np0005549343.novalocal object-server[96910]: ::1 - - [07/Dec/2025:03:40:33 +0000] "GET /3/70413/AUTH_9cb2db62181546998c52314d1567748c/gnocchi.75b5af1f-be73-4bd9-8247-c4fe9f7db181/none_v3" 404 70 "GET https://[::1]:8080/v1/AUTH_9cb2db62181546998c52314d1567748c/gnocchi.75b5af1f-be73-4bd9-8247-c4fe9f7db181/none_v3" "tx4a43525793894941babd8-006934f731" "proxy-server 97857" 0.0005 "-" 96910 0
Dec 06 22:40:33 np0005549343.novalocal proxy-server[97857]: ::1 ::1 07/Dec/2025/03/40/33 GET /v1/AUTH_9cb2db62181546998c52314d1567748c/gnocchi.75b5af1f-be73-4bd9-8247-c4fe9f7db181/none_v3 HTTP/1.0 404 - python-swiftclient-4.8.0 gAAAAABpNPcx8Tdl... - 70 - tx4a43525793894941babd8-006934f731 - 0.1025 - - 1765078833.599180698 1765078833.701695442 0 0c044fc9f411403aa3ab5cf8f2b14495
Dec 06 22:40:33 np0005549343.novalocal account-server[96281]: ::1 - - [07/Dec/2025:03:40:33 +0000] "PUT /1/78968/AUTH_9cb2db62181546998c52314d1567748c/gnocchi.75b5af1f-be73-4bd9-8247-c4fe9f7db181" 201 - "PUT http://[::1]:6001/3/219435/AUTH_9cb2db62181546998c52314d1567748c/gnocchi.75b5af1f-be73-4bd9-8247-c4fe9f7db181" "txae855b74edb24db288b09-006934f731" "container-server 96576" 0.0019 "-" 96281 0
Dec 06 22:40:33 np0005549343.novalocal account-server[96280]: ::1 - - [07/Dec/2025:03:40:33 +0000] "PUT /3/78968/AUTH_9cb2db62181546998c52314d1567748c/gnocchi.75b5af1f-be73-4bd9-8247-c4fe9f7db181" 201 - "PUT http://[::1]:6001/2/219435/AUTH_9cb2db62181546998c52314d1567748c/gnocchi.75b5af1f-be73-4bd9-8247-c4fe9f7db181" "txae855b74edb24db288b09-006934f731" "container-server 96575" 0.0025 "-" 96280 0
Dec 06 22:40:33 np0005549343.novalocal container-server[96575]: ::1 - - [07/Dec/2025:03:40:33 +0000] "PUT /2/219435/AUTH_9cb2db62181546998c52314d1567748c/gnocchi.75b5af1f-be73-4bd9-8247-c4fe9f7db181" 201 - "PUT https://[::1]:8080/v1/AUTH_9cb2db62181546998c52314d1567748c/gnocchi.75b5af1f-be73-4bd9-8247-c4fe9f7db181" "txae855b74edb24db288b09-006934f731" "proxy-server 97857" 0.0203 "-" 96575 0
Dec 06 22:40:33 np0005549343.novalocal container-server[96576]: ::1 - - [07/Dec/2025:03:40:33 +0000] "PUT /3/219435/AUTH_9cb2db62181546998c52314d1567748c/gnocchi.75b5af1f-be73-4bd9-8247-c4fe9f7db181" 201 - "PUT https://[::1]:8080/v1/AUTH_9cb2db62181546998c52314d1567748c/gnocchi.75b5af1f-be73-4bd9-8247-c4fe9f7db181" "txae855b74edb24db288b09-006934f731" "proxy-server 97857" 0.0279 "-" 96576 0
Dec 06 22:40:33 np0005549343.novalocal account-server[96280]: ::1 - - [07/Dec/2025:03:40:33 +0000] "PUT /2/78968/AUTH_9cb2db62181546998c52314d1567748c/gnocchi.75b5af1f-be73-4bd9-8247-c4fe9f7db181" 201 - "PUT http://[::1]:6001/1/219435/AUTH_9cb2db62181546998c52314d1567748c/gnocchi.75b5af1f-be73-4bd9-8247-c4fe9f7db181" "txae855b74edb24db288b09-006934f731" "container-server 96576" 0.0020 "-" 96280 0
Dec 06 22:40:33 np0005549343.novalocal container-server[96576]: ::1 - - [07/Dec/2025:03:40:33 +0000] "PUT /1/219435/AUTH_9cb2db62181546998c52314d1567748c/gnocchi.75b5af1f-be73-4bd9-8247-c4fe9f7db181" 201 - "PUT https://[::1]:8080/v1/AUTH_9cb2db62181546998c52314d1567748c/gnocchi.75b5af1f-be73-4bd9-8247-c4fe9f7db181" "txae855b74edb24db288b09-006934f731" "proxy-server 97857" 0.0154 "-" 96576 0
Dec 06 22:40:33 np0005549343.novalocal proxy-server[97857]: ::1 ::1 07/Dec/2025/03/40/33 PUT /v1/AUTH_9cb2db62181546998c52314d1567748c/gnocchi.75b5af1f-be73-4bd9-8247-c4fe9f7db181 HTTP/1.0 201 - python-swiftclient-4.8.0 gAAAAABpNPcx8Tdl... - - - txae855b74edb24db288b09-006934f731 - 0.0439 - - 1765078833.707248449 1765078833.751122475 0 0c044fc9f411403aa3ab5cf8f2b14495
Dec 06 22:40:33 np0005549343.novalocal container-server[96575]: ::1 - - [07/Dec/2025:03:40:33 +0000] "HEAD /1/219435/AUTH_9cb2db62181546998c52314d1567748c/gnocchi.75b5af1f-be73-4bd9-8247-c4fe9f7db181" 204 - "HEAD http://[::1]:8080/v1/AUTH_9cb2db62181546998c52314d1567748c/gnocchi.75b5af1f-be73-4bd9-8247-c4fe9f7db181" "tx4d47be9cc475491b9c59d-006934f731" "proxy-server 97857" 0.0039 "-" 96575 0
Dec 06 22:40:33 np0005549343.novalocal proxy-server[97857]: - - 07/Dec/2025/03/40/33 HEAD /v1/AUTH_9cb2db62181546998c52314d1567748c/gnocchi.75b5af1f-be73-4bd9-8247-c4fe9f7db181 HTTP/1.0 204 - Swift - - - - tx4d47be9cc475491b9c59d-006934f731 - 0.0122 CS - 1765078833.776409388 1765078833.788618088 0 -
Dec 06 22:40:33 np0005549343.novalocal container-server[96575]: ::1 - - [07/Dec/2025:03:40:33 +0000] "GET /1/219435/AUTH_9cb2db62181546998c52314d1567748c/gnocchi.75b5af1f-be73-4bd9-8247-c4fe9f7db181" 200 2 "GET https://[::1]:8080/v1/AUTH_9cb2db62181546998c52314d1567748c/gnocchi.75b5af1f-be73-4bd9-8247-c4fe9f7db181?format=json&states=listing" "tx4d47be9cc475491b9c59d-006934f731" "proxy-server 97857" 0.0043 "-" 96575 0
Dec 06 22:40:33 np0005549343.novalocal proxy-server[97857]: ::1 ::1 07/Dec/2025/03/40/33 GET /v1/AUTH_9cb2db62181546998c52314d1567748c/gnocchi.75b5af1f-be73-4bd9-8247-c4fe9f7db181%3Fformat%3Djson%26states%3Dlisting HTTP/1.0 200 - python-swiftclient-4.8.0 gAAAAABpNPcx8Tdl... - 2 - tx4d47be9cc475491b9c59d-006934f731 - 0.0327 - - 1765078833.772355556 1765078833.805030346 0 0c044fc9f411403aa3ab5cf8f2b14495
Dec 06 22:40:33 np0005549343.novalocal object-server[96909]: ::1 - - [07/Dec/2025:03:40:33 +0000] "GET /3/225328/AUTH_9cb2db62181546998c52314d1567748c/gnocchi.75b5af1f-be73-4bd9-8247-c4fe9f7db181/1764720000.0_mean_300.0_v3" 404 70 "GET https://[::1]:8080/v1/AUTH_9cb2db62181546998c52314d1567748c/gnocchi.75b5af1f-be73-4bd9-8247-c4fe9f7db181/1764720000.0_mean_300.0_v3" "txb1856c5d6dab49b79b915-006934f731" "proxy-server 97857" 0.0006 "-" 96909 0
Dec 06 22:40:33 np0005549343.novalocal object-server[96909]: ::1 - - [07/Dec/2025:03:40:33 +0000] "GET /1/225328/AUTH_9cb2db62181546998c52314d1567748c/gnocchi.75b5af1f-be73-4bd9-8247-c4fe9f7db181/1764720000.0_mean_300.0_v3" 404 70 "GET https://[::1]:8080/v1/AUTH_9cb2db62181546998c52314d1567748c/gnocchi.75b5af1f-be73-4bd9-8247-c4fe9f7db181/1764720000.0_mean_300.0_v3" "txb1856c5d6dab49b79b915-006934f731" "proxy-server 97857" 0.0009 "-" 96909 0
Dec 06 22:40:33 np0005549343.novalocal object-server[96909]: ::1 - - [07/Dec/2025:03:40:33 +0000] "GET /2/225328/AUTH_9cb2db62181546998c52314d1567748c/gnocchi.75b5af1f-be73-4bd9-8247-c4fe9f7db181/1764720000.0_mean_300.0_v3" 404 70 "GET https://[::1]:8080/v1/AUTH_9cb2db62181546998c52314d1567748c/gnocchi.75b5af1f-be73-4bd9-8247-c4fe9f7db181/1764720000.0_mean_300.0_v3" "txb1856c5d6dab49b79b915-006934f731" "proxy-server 97857" 0.0004 "-" 96909 0
Dec 06 22:40:33 np0005549343.novalocal proxy-server[97857]: ::1 ::1 07/Dec/2025/03/40/33 GET /v1/AUTH_9cb2db62181546998c52314d1567748c/gnocchi.75b5af1f-be73-4bd9-8247-c4fe9f7db181/1764720000.0_mean_300.0_v3 HTTP/1.0 404 - python-swiftclient-4.8.0 gAAAAABpNPcx8Tdl... - 70 - txb1856c5d6dab49b79b915-006934f731 - 0.0152 - - 1765078833.812861919 1765078833.828012466 0 0c044fc9f411403aa3ab5cf8f2b14495
Dec 06 22:40:33 np0005549343.novalocal container-server[96575]: ::1 - - [07/Dec/2025:03:40:33 +0000] "PUT /3/219435/AUTH_9cb2db62181546998c52314d1567748c/gnocchi.75b5af1f-be73-4bd9-8247-c4fe9f7db181/1764720000.0_mean_300.0_v3" 201 - "PUT http://[::1]:8080/2/225328/AUTH_9cb2db62181546998c52314d1567748c/gnocchi.75b5af1f-be73-4bd9-8247-c4fe9f7db181/1764720000.0_mean_300.0_v3" "tx55b690e878ac437e831da-006934f731" "object-server 96910" 0.0009 "-" 96575 0
Dec 06 22:40:33 np0005549343.novalocal object-server[96910]: ::1 - - [07/Dec/2025:03:40:33 +0000] "PUT /2/225328/AUTH_9cb2db62181546998c52314d1567748c/gnocchi.75b5af1f-be73-4bd9-8247-c4fe9f7db181/1764720000.0_mean_300.0_v3" 201 - "PUT https://[::1]:8080/v1/AUTH_9cb2db62181546998c52314d1567748c/gnocchi.75b5af1f-be73-4bd9-8247-c4fe9f7db181/1764720000.0_mean_300.0_v3" "tx55b690e878ac437e831da-006934f731" "proxy-server 97857" 0.0163 "-" 96910 0
Dec 06 22:40:33 np0005549343.novalocal container-server[96576]: ::1 - - [07/Dec/2025:03:40:33 +0000] "PUT /1/219435/AUTH_9cb2db62181546998c52314d1567748c/gnocchi.75b5af1f-be73-4bd9-8247-c4fe9f7db181/1764720000.0_mean_300.0_v3" 201 - "PUT http://[::1]:8080/3/225328/AUTH_9cb2db62181546998c52314d1567748c/gnocchi.75b5af1f-be73-4bd9-8247-c4fe9f7db181/1764720000.0_mean_300.0_v3" "tx55b690e878ac437e831da-006934f731" "object-server 96910" 0.0009 "-" 96576 0
Dec 06 22:40:33 np0005549343.novalocal object-server[96910]: ::1 - - [07/Dec/2025:03:40:33 +0000] "PUT /3/225328/AUTH_9cb2db62181546998c52314d1567748c/gnocchi.75b5af1f-be73-4bd9-8247-c4fe9f7db181/1764720000.0_mean_300.0_v3" 201 - "PUT https://[::1]:8080/v1/AUTH_9cb2db62181546998c52314d1567748c/gnocchi.75b5af1f-be73-4bd9-8247-c4fe9f7db181/1764720000.0_mean_300.0_v3" "tx55b690e878ac437e831da-006934f731" "proxy-server 97857" 0.0152 "-" 96910 0
Dec 06 22:40:33 np0005549343.novalocal container-server[96575]: ::1 - - [07/Dec/2025:03:40:33 +0000] "PUT /2/219435/AUTH_9cb2db62181546998c52314d1567748c/gnocchi.75b5af1f-be73-4bd9-8247-c4fe9f7db181/1764720000.0_mean_300.0_v3" 201 - "PUT http://[::1]:8080/1/225328/AUTH_9cb2db62181546998c52314d1567748c/gnocchi.75b5af1f-be73-4bd9-8247-c4fe9f7db181/1764720000.0_mean_300.0_v3" "tx55b690e878ac437e831da-006934f731" "object-server 96910" 0.0007 "-" 96575 0
Dec 06 22:40:33 np0005549343.novalocal object-server[96910]: ::1 - - [07/Dec/2025:03:40:33 +0000] "PUT /1/225328/AUTH_9cb2db62181546998c52314d1567748c/gnocchi.75b5af1f-be73-4bd9-8247-c4fe9f7db181/1764720000.0_mean_300.0_v3" 201 - "PUT https://[::1]:8080/v1/AUTH_9cb2db62181546998c52314d1567748c/gnocchi.75b5af1f-be73-4bd9-8247-c4fe9f7db181/1764720000.0_mean_300.0_v3" "tx55b690e878ac437e831da-006934f731" "proxy-server 97857" 0.0154 "-" 96910 0
Dec 06 22:40:33 np0005549343.novalocal proxy-server[97857]: ::1 ::1 07/Dec/2025/03/40/33 PUT /v1/AUTH_9cb2db62181546998c52314d1567748c/gnocchi.75b5af1f-be73-4bd9-8247-c4fe9f7db181/1764720000.0_mean_300.0_v3 HTTP/1.0 201 - python-swiftclient-4.8.0 gAAAAABpNPcx8Tdl... 16 - - tx55b690e878ac437e831da-006934f731 - 0.0258 - - 1765078833.831936598 1765078833.857758999 0 0c044fc9f411403aa3ab5cf8f2b14495
Dec 06 22:40:33 np0005549343.novalocal container-server[96576]: ::1 - - [07/Dec/2025:03:40:33 +0000] "PUT /3/219435/AUTH_9cb2db62181546998c52314d1567748c/gnocchi.75b5af1f-be73-4bd9-8247-c4fe9f7db181/none_v3" 201 - "PUT http://[::1]:8080/3/70413/AUTH_9cb2db62181546998c52314d1567748c/gnocchi.75b5af1f-be73-4bd9-8247-c4fe9f7db181/none_v3" "tx9193e1be8bc94478823e0-006934f731" "object-server 96910" 0.0007 "-" 96576 0
Dec 06 22:40:33 np0005549343.novalocal object-server[96910]: ::1 - - [07/Dec/2025:03:40:33 +0000] "PUT /3/70413/AUTH_9cb2db62181546998c52314d1567748c/gnocchi.75b5af1f-be73-4bd9-8247-c4fe9f7db181/none_v3" 201 - "PUT https://[::1]:8080/v1/AUTH_9cb2db62181546998c52314d1567748c/gnocchi.75b5af1f-be73-4bd9-8247-c4fe9f7db181/none_v3" "tx9193e1be8bc94478823e0-006934f731" "proxy-server 97857" 0.0286 "-" 96910 0
Dec 06 22:40:33 np0005549343.novalocal container-server[96575]: ::1 - - [07/Dec/2025:03:40:33 +0000] "PUT /1/219435/AUTH_9cb2db62181546998c52314d1567748c/gnocchi.75b5af1f-be73-4bd9-8247-c4fe9f7db181/none_v3" 201 - "PUT http://[::1]:8080/2/70413/AUTH_9cb2db62181546998c52314d1567748c/gnocchi.75b5af1f-be73-4bd9-8247-c4fe9f7db181/none_v3" "tx9193e1be8bc94478823e0-006934f731" "object-server 96910" 0.0010 "-" 96575 0
Dec 06 22:40:33 np0005549343.novalocal container-server[96576]: ::1 - - [07/Dec/2025:03:40:33 +0000] "PUT /2/219435/AUTH_9cb2db62181546998c52314d1567748c/gnocchi.75b5af1f-be73-4bd9-8247-c4fe9f7db181/none_v3" 201 - "PUT http://[::1]:8080/1/70413/AUTH_9cb2db62181546998c52314d1567748c/gnocchi.75b5af1f-be73-4bd9-8247-c4fe9f7db181/none_v3" "tx9193e1be8bc94478823e0-006934f731" "object-server 96909" 0.0006 "-" 96576 0
Dec 06 22:40:33 np0005549343.novalocal object-server[96910]: ::1 - - [07/Dec/2025:03:40:33 +0000] "PUT /2/70413/AUTH_9cb2db62181546998c52314d1567748c/gnocchi.75b5af1f-be73-4bd9-8247-c4fe9f7db181/none_v3" 201 - "PUT https://[::1]:8080/v1/AUTH_9cb2db62181546998c52314d1567748c/gnocchi.75b5af1f-be73-4bd9-8247-c4fe9f7db181/none_v3" "tx9193e1be8bc94478823e0-006934f731" "proxy-server 97857" 0.0284 "-" 96910 0
Dec 06 22:40:33 np0005549343.novalocal object-server[96909]: ::1 - - [07/Dec/2025:03:40:33 +0000] "PUT /1/70413/AUTH_9cb2db62181546998c52314d1567748c/gnocchi.75b5af1f-be73-4bd9-8247-c4fe9f7db181/none_v3" 201 - "PUT https://[::1]:8080/v1/AUTH_9cb2db62181546998c52314d1567748c/gnocchi.75b5af1f-be73-4bd9-8247-c4fe9f7db181/none_v3" "tx9193e1be8bc94478823e0-006934f731" "proxy-server 97857" 0.0284 "-" 96909 0
Dec 06 22:40:33 np0005549343.novalocal proxy-server[97857]: ::1 ::1 07/Dec/2025/03/40/33 PUT /v1/AUTH_9cb2db62181546998c52314d1567748c/gnocchi.75b5af1f-be73-4bd9-8247-c4fe9f7db181/none_v3 HTTP/1.0 201 - python-swiftclient-4.8.0 gAAAAABpNPcx8Tdl... 22 - - tx9193e1be8bc94478823e0-006934f731 - 0.0380 - - 1765078833.860724449 1765078833.898742676 0 0c044fc9f411403aa3ab5cf8f2b14495
Dec 06 22:40:34 np0005549343.novalocal container-server[96575]: ::1 - - [07/Dec/2025:03:40:34 +0000] "HEAD /2/84712/AUTH_9cb2db62181546998c52314d1567748c/gnocchi.2ce7dfb6-ac4f-440e-b6c8-709657297436" 404 - "HEAD http://[::1]:8080/v1/AUTH_9cb2db62181546998c52314d1567748c/gnocchi.2ce7dfb6-ac4f-440e-b6c8-709657297436" "txf146f9fd5a66431499d05-006934f732" "proxy-server 97857" 0.0004 "-" 96575 0
Dec 06 22:40:34 np0005549343.novalocal container-server[96575]: ::1 - - [07/Dec/2025:03:40:34 +0000] "HEAD /3/84712/AUTH_9cb2db62181546998c52314d1567748c/gnocchi.2ce7dfb6-ac4f-440e-b6c8-709657297436" 404 - "HEAD http://[::1]:8080/v1/AUTH_9cb2db62181546998c52314d1567748c/gnocchi.2ce7dfb6-ac4f-440e-b6c8-709657297436" "txf146f9fd5a66431499d05-006934f732" "proxy-server 97857" 0.0003 "-" 96575 0
Dec 06 22:40:34 np0005549343.novalocal container-server[96576]: ::1 - - [07/Dec/2025:03:40:34 +0000] "HEAD /1/84712/AUTH_9cb2db62181546998c52314d1567748c/gnocchi.2ce7dfb6-ac4f-440e-b6c8-709657297436" 404 - "HEAD http://[::1]:8080/v1/AUTH_9cb2db62181546998c52314d1567748c/gnocchi.2ce7dfb6-ac4f-440e-b6c8-709657297436" "txf146f9fd5a66431499d05-006934f732" "proxy-server 97857" 0.0006 "-" 96576 0
Dec 06 22:40:34 np0005549343.novalocal proxy-server[97857]: - - 07/Dec/2025/03/40/34 HEAD /v1/AUTH_9cb2db62181546998c52314d1567748c/gnocchi.2ce7dfb6-ac4f-440e-b6c8-709657297436 HTTP/1.0 404 - Swift - - - - txf146f9fd5a66431499d05-006934f732 - 0.0105 CS - 1765078834.001602650 1765078834.012122154 0 -
Dec 06 22:40:34 np0005549343.novalocal object-server[96909]: ::1 - - [07/Dec/2025:03:40:34 +0000] "GET /2/114014/AUTH_9cb2db62181546998c52314d1567748c/gnocchi.2ce7dfb6-ac4f-440e-b6c8-709657297436/none_v3" 404 70 "GET https://[::1]:8080/v1/AUTH_9cb2db62181546998c52314d1567748c/gnocchi.2ce7dfb6-ac4f-440e-b6c8-709657297436/none_v3" "txf146f9fd5a66431499d05-006934f732" "proxy-server 97857" 0.0005 "-" 96909 0
Dec 06 22:40:34 np0005549343.novalocal object-server[96910]: ::1 - - [07/Dec/2025:03:40:34 +0000] "GET /3/114014/AUTH_9cb2db62181546998c52314d1567748c/gnocchi.2ce7dfb6-ac4f-440e-b6c8-709657297436/none_v3" 404 70 "GET https://[::1]:8080/v1/AUTH_9cb2db62181546998c52314d1567748c/gnocchi.2ce7dfb6-ac4f-440e-b6c8-709657297436/none_v3" "txf146f9fd5a66431499d05-006934f732" "proxy-server 97857" 0.0005 "-" 96910 0
Dec 06 22:40:34 np0005549343.novalocal object-server[96909]: ::1 - - [07/Dec/2025:03:40:34 +0000] "GET /1/114014/AUTH_9cb2db62181546998c52314d1567748c/gnocchi.2ce7dfb6-ac4f-440e-b6c8-709657297436/none_v3" 404 70 "GET https://[::1]:8080/v1/AUTH_9cb2db62181546998c52314d1567748c/gnocchi.2ce7dfb6-ac4f-440e-b6c8-709657297436/none_v3" "txf146f9fd5a66431499d05-006934f732" "proxy-server 97857" 0.0005 "-" 96909 0
Dec 06 22:40:34 np0005549343.novalocal proxy-server[97857]: ::1 ::1 07/Dec/2025/03/40/34 GET /v1/AUTH_9cb2db62181546998c52314d1567748c/gnocchi.2ce7dfb6-ac4f-440e-b6c8-709657297436/none_v3 HTTP/1.0 404 - python-swiftclient-4.8.0 gAAAAABpNPcx8Tdl... - 70 - txf146f9fd5a66431499d05-006934f732 - 0.0257 - - 1765078834.000285387 1765078834.025988102 0 0c044fc9f411403aa3ab5cf8f2b14495
Dec 06 22:40:34 np0005549343.novalocal account-server[96281]: ::1 - - [07/Dec/2025:03:40:34 +0000] "PUT /3/78968/AUTH_9cb2db62181546998c52314d1567748c/gnocchi.2ce7dfb6-ac4f-440e-b6c8-709657297436" 201 - "PUT http://[::1]:6001/1/84712/AUTH_9cb2db62181546998c52314d1567748c/gnocchi.2ce7dfb6-ac4f-440e-b6c8-709657297436" "txab6a9a69f4b04452a14ca-006934f732" "container-server 96575" 0.0063 "-" 96281 0
Dec 06 22:40:34 np0005549343.novalocal container-server[96575]: ::1 - - [07/Dec/2025:03:40:34 +0000] "PUT /1/84712/AUTH_9cb2db62181546998c52314d1567748c/gnocchi.2ce7dfb6-ac4f-440e-b6c8-709657297436" 201 - "PUT https://[::1]:8080/v1/AUTH_9cb2db62181546998c52314d1567748c/gnocchi.2ce7dfb6-ac4f-440e-b6c8-709657297436" "txab6a9a69f4b04452a14ca-006934f732" "proxy-server 97857" 0.0199 "-" 96575 0
Dec 06 22:40:34 np0005549343.novalocal account-server[96280]: ::1 - - [07/Dec/2025:03:40:34 +0000] "PUT /2/78968/AUTH_9cb2db62181546998c52314d1567748c/gnocchi.2ce7dfb6-ac4f-440e-b6c8-709657297436" 201 - "PUT http://[::1]:6001/2/84712/AUTH_9cb2db62181546998c52314d1567748c/gnocchi.2ce7dfb6-ac4f-440e-b6c8-709657297436" "txab6a9a69f4b04452a14ca-006934f732" "container-server 96576" 0.0061 "-" 96280 0
Dec 06 22:40:34 np0005549343.novalocal container-server[96576]: ::1 - - [07/Dec/2025:03:40:34 +0000] "PUT /2/84712/AUTH_9cb2db62181546998c52314d1567748c/gnocchi.2ce7dfb6-ac4f-440e-b6c8-709657297436" 201 - "PUT https://[::1]:8080/v1/AUTH_9cb2db62181546998c52314d1567748c/gnocchi.2ce7dfb6-ac4f-440e-b6c8-709657297436" "txab6a9a69f4b04452a14ca-006934f732" "proxy-server 97857" 0.0200 "-" 96576 0
Dec 06 22:40:34 np0005549343.novalocal account-server[96280]: ::1 - - [07/Dec/2025:03:40:34 +0000] "PUT /1/78968/AUTH_9cb2db62181546998c52314d1567748c/gnocchi.2ce7dfb6-ac4f-440e-b6c8-709657297436" 201 - "PUT http://[::1]:6001/3/84712/AUTH_9cb2db62181546998c52314d1567748c/gnocchi.2ce7dfb6-ac4f-440e-b6c8-709657297436" "txab6a9a69f4b04452a14ca-006934f732" "container-server 96576" 0.0064 "-" 96280 0
Dec 06 22:40:34 np0005549343.novalocal container-server[96576]: ::1 - - [07/Dec/2025:03:40:34 +0000] "PUT /3/84712/AUTH_9cb2db62181546998c52314d1567748c/gnocchi.2ce7dfb6-ac4f-440e-b6c8-709657297436" 201 - "PUT https://[::1]:8080/v1/AUTH_9cb2db62181546998c52314d1567748c/gnocchi.2ce7dfb6-ac4f-440e-b6c8-709657297436" "txab6a9a69f4b04452a14ca-006934f732" "proxy-server 97857" 0.0389 "-" 96576 0
Dec 06 22:40:34 np0005549343.novalocal proxy-server[97857]: ::1 ::1 07/Dec/2025/03/40/34 PUT /v1/AUTH_9cb2db62181546998c52314d1567748c/gnocchi.2ce7dfb6-ac4f-440e-b6c8-709657297436 HTTP/1.0 201 - python-swiftclient-4.8.0 gAAAAABpNPcx8Tdl... - - - txab6a9a69f4b04452a14ca-006934f732 - 0.0460 - - 1765078834.028574467 1765078834.074617386 0 0c044fc9f411403aa3ab5cf8f2b14495
Dec 06 22:40:34 np0005549343.novalocal container-server[96575]: ::1 - - [07/Dec/2025:03:40:34 +0000] "HEAD /2/84712/AUTH_9cb2db62181546998c52314d1567748c/gnocchi.2ce7dfb6-ac4f-440e-b6c8-709657297436" 204 - "HEAD http://[::1]:8080/v1/AUTH_9cb2db62181546998c52314d1567748c/gnocchi.2ce7dfb6-ac4f-440e-b6c8-709657297436" "txd636953714ae4b4f9c8c0-006934f732" "proxy-server 97857" 0.0021 "-" 96575 0
Dec 06 22:40:34 np0005549343.novalocal proxy-server[97857]: - - 07/Dec/2025/03/40/34 HEAD /v1/AUTH_9cb2db62181546998c52314d1567748c/gnocchi.2ce7dfb6-ac4f-440e-b6c8-709657297436 HTTP/1.0 204 - Swift - - - - txd636953714ae4b4f9c8c0-006934f732 - 0.0061 CS - 1765078834.079416037 1765078834.085495234 0 -
Dec 06 22:40:34 np0005549343.novalocal container-server[96576]: ::1 - - [07/Dec/2025:03:40:34 +0000] "GET /2/84712/AUTH_9cb2db62181546998c52314d1567748c/gnocchi.2ce7dfb6-ac4f-440e-b6c8-709657297436" 200 2 "GET https://[::1]:8080/v1/AUTH_9cb2db62181546998c52314d1567748c/gnocchi.2ce7dfb6-ac4f-440e-b6c8-709657297436?format=json&states=listing" "txd636953714ae4b4f9c8c0-006934f732" "proxy-server 97857" 0.0036 "-" 96576 0
Dec 06 22:40:34 np0005549343.novalocal proxy-server[97857]: ::1 ::1 07/Dec/2025/03/40/34 GET /v1/AUTH_9cb2db62181546998c52314d1567748c/gnocchi.2ce7dfb6-ac4f-440e-b6c8-709657297436%3Fformat%3Djson%26states%3Dlisting HTTP/1.0 200 - python-swiftclient-4.8.0 gAAAAABpNPcx8Tdl... - 2 - txd636953714ae4b4f9c8c0-006934f732 - 0.0195 - - 1765078834.078562737 1765078834.098019600 0 0c044fc9f411403aa3ab5cf8f2b14495
Dec 06 22:40:34 np0005549343.novalocal object-server[96909]: ::1 - - [07/Dec/2025:03:40:34 +0000] "GET /2/96288/AUTH_9cb2db62181546998c52314d1567748c/gnocchi.2ce7dfb6-ac4f-440e-b6c8-709657297436/1764720000.0_mean_300.0_v3" 404 70 "GET https://[::1]:8080/v1/AUTH_9cb2db62181546998c52314d1567748c/gnocchi.2ce7dfb6-ac4f-440e-b6c8-709657297436/1764720000.0_mean_300.0_v3" "txfc81b1044ffc4897879be-006934f732" "proxy-server 97857" 0.0005 "-" 96909 0
Dec 06 22:40:34 np0005549343.novalocal object-server[96910]: ::1 - - [07/Dec/2025:03:40:34 +0000] "GET /1/96288/AUTH_9cb2db62181546998c52314d1567748c/gnocchi.2ce7dfb6-ac4f-440e-b6c8-709657297436/1764720000.0_mean_300.0_v3" 404 70 "GET https://[::1]:8080/v1/AUTH_9cb2db62181546998c52314d1567748c/gnocchi.2ce7dfb6-ac4f-440e-b6c8-709657297436/1764720000.0_mean_300.0_v3" "txfc81b1044ffc4897879be-006934f732" "proxy-server 97857" 0.0004 "-" 96910 0
Dec 06 22:40:34 np0005549343.novalocal object-server[96909]: ::1 - - [07/Dec/2025:03:40:34 +0000] "GET /3/96288/AUTH_9cb2db62181546998c52314d1567748c/gnocchi.2ce7dfb6-ac4f-440e-b6c8-709657297436/1764720000.0_mean_300.0_v3" 404 70 "GET https://[::1]:8080/v1/AUTH_9cb2db62181546998c52314d1567748c/gnocchi.2ce7dfb6-ac4f-440e-b6c8-709657297436/1764720000.0_mean_300.0_v3" "txfc81b1044ffc4897879be-006934f732" "proxy-server 97857" 0.0003 "-" 96909 0
Dec 06 22:40:34 np0005549343.novalocal proxy-server[97857]: ::1 ::1 07/Dec/2025/03/40/34 GET /v1/AUTH_9cb2db62181546998c52314d1567748c/gnocchi.2ce7dfb6-ac4f-440e-b6c8-709657297436/1764720000.0_mean_300.0_v3 HTTP/1.0 404 - python-swiftclient-4.8.0 gAAAAABpNPcx8Tdl... - 70 - txfc81b1044ffc4897879be-006934f732 - 0.0140 - - 1765078834.102130413 1765078834.116176367 0 0c044fc9f411403aa3ab5cf8f2b14495
Dec 06 22:40:34 np0005549343.novalocal container-server[96575]: ::1 - - [07/Dec/2025:03:40:34 +0000] "PUT /1/84712/AUTH_9cb2db62181546998c52314d1567748c/gnocchi.2ce7dfb6-ac4f-440e-b6c8-709657297436/1764720000.0_mean_300.0_v3" 201 - "PUT http://[::1]:8080/2/96288/AUTH_9cb2db62181546998c52314d1567748c/gnocchi.2ce7dfb6-ac4f-440e-b6c8-709657297436/1764720000.0_mean_300.0_v3" "txce407b11b44b40a6b297e-006934f732" "object-server 96909" 0.0008 "-" 96575 0
Dec 06 22:40:34 np0005549343.novalocal object-server[96909]: ::1 - - [07/Dec/2025:03:40:34 +0000] "PUT /2/96288/AUTH_9cb2db62181546998c52314d1567748c/gnocchi.2ce7dfb6-ac4f-440e-b6c8-709657297436/1764720000.0_mean_300.0_v3" 201 - "PUT https://[::1]:8080/v1/AUTH_9cb2db62181546998c52314d1567748c/gnocchi.2ce7dfb6-ac4f-440e-b6c8-709657297436/1764720000.0_mean_300.0_v3" "txce407b11b44b40a6b297e-006934f732" "proxy-server 97857" 0.0137 "-" 96909 0
Dec 06 22:40:34 np0005549343.novalocal container-server[96575]: ::1 - - [07/Dec/2025:03:40:34 +0000] "PUT /2/84712/AUTH_9cb2db62181546998c52314d1567748c/gnocchi.2ce7dfb6-ac4f-440e-b6c8-709657297436/1764720000.0_mean_300.0_v3" 201 - "PUT http://[::1]:8080/1/96288/AUTH_9cb2db62181546998c52314d1567748c/gnocchi.2ce7dfb6-ac4f-440e-b6c8-709657297436/1764720000.0_mean_300.0_v3" "txce407b11b44b40a6b297e-006934f732" "object-server 96910" 0.0007 "-" 96575 0
Dec 06 22:40:34 np0005549343.novalocal object-server[96910]: ::1 - - [07/Dec/2025:03:40:34 +0000] "PUT /1/96288/AUTH_9cb2db62181546998c52314d1567748c/gnocchi.2ce7dfb6-ac4f-440e-b6c8-709657297436/1764720000.0_mean_300.0_v3" 201 - "PUT https://[::1]:8080/v1/AUTH_9cb2db62181546998c52314d1567748c/gnocchi.2ce7dfb6-ac4f-440e-b6c8-709657297436/1764720000.0_mean_300.0_v3" "txce407b11b44b40a6b297e-006934f732" "proxy-server 97857" 0.0153 "-" 96910 0
Dec 06 22:40:34 np0005549343.novalocal container-server[96575]: ::1 - - [07/Dec/2025:03:40:34 +0000] "PUT /3/84712/AUTH_9cb2db62181546998c52314d1567748c/gnocchi.2ce7dfb6-ac4f-440e-b6c8-709657297436/1764720000.0_mean_300.0_v3" 201 - "PUT http://[::1]:8080/3/96288/AUTH_9cb2db62181546998c52314d1567748c/gnocchi.2ce7dfb6-ac4f-440e-b6c8-709657297436/1764720000.0_mean_300.0_v3" "txce407b11b44b40a6b297e-006934f732" "object-server 96910" 0.0006 "-" 96575 0
Dec 06 22:40:34 np0005549343.novalocal object-server[96910]: ::1 - - [07/Dec/2025:03:40:34 +0000] "PUT /3/96288/AUTH_9cb2db62181546998c52314d1567748c/gnocchi.2ce7dfb6-ac4f-440e-b6c8-709657297436/1764720000.0_mean_300.0_v3" 201 - "PUT https://[::1]:8080/v1/AUTH_9cb2db62181546998c52314d1567748c/gnocchi.2ce7dfb6-ac4f-440e-b6c8-709657297436/1764720000.0_mean_300.0_v3" "txce407b11b44b40a6b297e-006934f732" "proxy-server 97857" 0.0190 "-" 96910 0
Dec 06 22:40:34 np0005549343.novalocal proxy-server[97857]: ::1 ::1 07/Dec/2025/03/40/34 PUT /v1/AUTH_9cb2db62181546998c52314d1567748c/gnocchi.2ce7dfb6-ac4f-440e-b6c8-709657297436/1764720000.0_mean_300.0_v3 HTTP/1.0 201 - python-swiftclient-4.8.0 gAAAAABpNPcx8Tdl... 16 - - txce407b11b44b40a6b297e-006934f732 - 0.0283 - - 1765078834.119702339 1765078834.148018599 0 0c044fc9f411403aa3ab5cf8f2b14495
Dec 06 22:40:34 np0005549343.novalocal container-server[96575]: ::1 - - [07/Dec/2025:03:40:34 +0000] "PUT /2/84712/AUTH_9cb2db62181546998c52314d1567748c/gnocchi.2ce7dfb6-ac4f-440e-b6c8-709657297436/none_v3" 201 - "PUT http://[::1]:8080/1/114014/AUTH_9cb2db62181546998c52314d1567748c/gnocchi.2ce7dfb6-ac4f-440e-b6c8-709657297436/none_v3" "tx37f67fd9f9514e7a88cf8-006934f732" "object-server 96910" 0.0007 "-" 96575 0
Dec 06 22:40:34 np0005549343.novalocal object-server[96910]: ::1 - - [07/Dec/2025:03:40:34 +0000] "PUT /1/114014/AUTH_9cb2db62181546998c52314d1567748c/gnocchi.2ce7dfb6-ac4f-440e-b6c8-709657297436/none_v3" 201 - "PUT https://[::1]:8080/v1/AUTH_9cb2db62181546998c52314d1567748c/gnocchi.2ce7dfb6-ac4f-440e-b6c8-709657297436/none_v3" "tx37f67fd9f9514e7a88cf8-006934f732" "proxy-server 97857" 0.0114 "-" 96910 0
Dec 06 22:40:34 np0005549343.novalocal container-server[96576]: ::1 - - [07/Dec/2025:03:40:34 +0000] "PUT /3/84712/AUTH_9cb2db62181546998c52314d1567748c/gnocchi.2ce7dfb6-ac4f-440e-b6c8-709657297436/none_v3" 201 - "PUT http://[::1]:8080/3/114014/AUTH_9cb2db62181546998c52314d1567748c/gnocchi.2ce7dfb6-ac4f-440e-b6c8-709657297436/none_v3" "tx37f67fd9f9514e7a88cf8-006934f732" "object-server 96910" 0.0009 "-" 96576 0
Dec 06 22:40:34 np0005549343.novalocal container-server[96575]: ::1 - - [07/Dec/2025:03:40:34 +0000] "PUT /1/84712/AUTH_9cb2db62181546998c52314d1567748c/gnocchi.2ce7dfb6-ac4f-440e-b6c8-709657297436/none_v3" 201 - "PUT http://[::1]:8080/2/114014/AUTH_9cb2db62181546998c52314d1567748c/gnocchi.2ce7dfb6-ac4f-440e-b6c8-709657297436/none_v3" "tx37f67fd9f9514e7a88cf8-006934f732" "object-server 96910" 0.0009 "-" 96575 0
Dec 06 22:40:34 np0005549343.novalocal object-server[96910]: ::1 - - [07/Dec/2025:03:40:34 +0000] "PUT /3/114014/AUTH_9cb2db62181546998c52314d1567748c/gnocchi.2ce7dfb6-ac4f-440e-b6c8-709657297436/none_v3" 201 - "PUT https://[::1]:8080/v1/AUTH_9cb2db62181546998c52314d1567748c/gnocchi.2ce7dfb6-ac4f-440e-b6c8-709657297436/none_v3" "tx37f67fd9f9514e7a88cf8-006934f732" "proxy-server 97857" 0.0176 "-" 96910 0
Dec 06 22:40:34 np0005549343.novalocal object-server[96910]: ::1 - - [07/Dec/2025:03:40:34 +0000] "PUT /2/114014/AUTH_9cb2db62181546998c52314d1567748c/gnocchi.2ce7dfb6-ac4f-440e-b6c8-709657297436/none_v3" 201 - "PUT https://[::1]:8080/v1/AUTH_9cb2db62181546998c52314d1567748c/gnocchi.2ce7dfb6-ac4f-440e-b6c8-709657297436/none_v3" "tx37f67fd9f9514e7a88cf8-006934f732" "proxy-server 97857" 0.0163 "-" 96910 0
Dec 06 22:40:34 np0005549343.novalocal proxy-server[97857]: ::1 ::1 07/Dec/2025/03/40/34 PUT /v1/AUTH_9cb2db62181546998c52314d1567748c/gnocchi.2ce7dfb6-ac4f-440e-b6c8-709657297436/none_v3 HTTP/1.0 201 - python-swiftclient-4.8.0 gAAAAABpNPcx8Tdl... 22 - - tx37f67fd9f9514e7a88cf8-006934f732 - 0.0275 - - 1765078834.151088715 1765078834.178584337 0 0c044fc9f411403aa3ab5cf8f2b14495
Dec 06 22:40:34 np0005549343.novalocal container-server[96575]: ::1 - - [07/Dec/2025:03:40:34 +0000] "HEAD /2/42585/AUTH_9cb2db62181546998c52314d1567748c/gnocchi.a3699f36-4a65-4694-9e7d-d434ebb89650" 404 - "HEAD http://[::1]:8080/v1/AUTH_9cb2db62181546998c52314d1567748c/gnocchi.a3699f36-4a65-4694-9e7d-d434ebb89650" "tx505a92904341491c8956e-006934f732" "proxy-server 97857" 0.0004 "-" 96575 0
Dec 06 22:40:34 np0005549343.novalocal container-server[96576]: ::1 - - [07/Dec/2025:03:40:34 +0000] "HEAD /3/42585/AUTH_9cb2db62181546998c52314d1567748c/gnocchi.a3699f36-4a65-4694-9e7d-d434ebb89650" 404 - "HEAD http://[::1]:8080/v1/AUTH_9cb2db62181546998c52314d1567748c/gnocchi.a3699f36-4a65-4694-9e7d-d434ebb89650" "tx505a92904341491c8956e-006934f732" "proxy-server 97857" 0.0005 "-" 96576 0
Dec 06 22:40:34 np0005549343.novalocal container-server[96576]: ::1 - - [07/Dec/2025:03:40:34 +0000] "HEAD /1/42585/AUTH_9cb2db62181546998c52314d1567748c/gnocchi.a3699f36-4a65-4694-9e7d-d434ebb89650" 404 - "HEAD http://[::1]:8080/v1/AUTH_9cb2db62181546998c52314d1567748c/gnocchi.a3699f36-4a65-4694-9e7d-d434ebb89650" "tx505a92904341491c8956e-006934f732" "proxy-server 97857" 0.0003 "-" 96576 0
Dec 06 22:40:34 np0005549343.novalocal proxy-server[97857]: - - 07/Dec/2025/03/40/34 HEAD /v1/AUTH_9cb2db62181546998c52314d1567748c/gnocchi.a3699f36-4a65-4694-9e7d-d434ebb89650 HTTP/1.0 404 - Swift - - - - tx505a92904341491c8956e-006934f732 - 0.0088 CS - 1765078834.232009172 1765078834.240826845 0 -
Dec 06 22:40:34 np0005549343.novalocal object-server[96909]: ::1 - - [07/Dec/2025:03:40:34 +0000] "GET /2/72829/AUTH_9cb2db62181546998c52314d1567748c/gnocchi.a3699f36-4a65-4694-9e7d-d434ebb89650/none_v3" 404 70 "GET https://[::1]:8080/v1/AUTH_9cb2db62181546998c52314d1567748c/gnocchi.a3699f36-4a65-4694-9e7d-d434ebb89650/none_v3" "tx505a92904341491c8956e-006934f732" "proxy-server 97857" 0.0005 "-" 96909 0
Dec 06 22:40:34 np0005549343.novalocal object-server[96910]: ::1 - - [07/Dec/2025:03:40:34 +0000] "GET /3/72829/AUTH_9cb2db62181546998c52314d1567748c/gnocchi.a3699f36-4a65-4694-9e7d-d434ebb89650/none_v3" 404 70 "GET https://[::1]:8080/v1/AUTH_9cb2db62181546998c52314d1567748c/gnocchi.a3699f36-4a65-4694-9e7d-d434ebb89650/none_v3" "tx505a92904341491c8956e-006934f732" "proxy-server 97857" 0.0003 "-" 96910 0
Dec 06 22:40:34 np0005549343.novalocal object-server[96910]: ::1 - - [07/Dec/2025:03:40:34 +0000] "GET /1/72829/AUTH_9cb2db62181546998c52314d1567748c/gnocchi.a3699f36-4a65-4694-9e7d-d434ebb89650/none_v3" 404 70 "GET https://[::1]:8080/v1/AUTH_9cb2db62181546998c52314d1567748c/gnocchi.a3699f36-4a65-4694-9e7d-d434ebb89650/none_v3" "tx505a92904341491c8956e-006934f732" "proxy-server 97857" 0.0002 "-" 96910 0
Dec 06 22:40:34 np0005549343.novalocal proxy-server[97857]: ::1 ::1 07/Dec/2025/03/40/34 GET /v1/AUTH_9cb2db62181546998c52314d1567748c/gnocchi.a3699f36-4a65-4694-9e7d-d434ebb89650/none_v3 HTTP/1.0 404 - python-swiftclient-4.8.0 gAAAAABpNPcx8Tdl... - 70 - tx505a92904341491c8956e-006934f732 - 0.0197 - - 1765078834.231364965 1765078834.251111984 0 0c044fc9f411403aa3ab5cf8f2b14495
Dec 06 22:40:34 np0005549343.novalocal account-server[96280]: ::1 - - [07/Dec/2025:03:40:34 +0000] "PUT /1/78968/AUTH_9cb2db62181546998c52314d1567748c/gnocchi.a3699f36-4a65-4694-9e7d-d434ebb89650" 201 - "PUT http://[::1]:6001/2/42585/AUTH_9cb2db62181546998c52314d1567748c/gnocchi.a3699f36-4a65-4694-9e7d-d434ebb89650" "tx988c6bfdc0324ad9ba306-006934f732" "container-server 96576" 0.0064 "-" 96280 0
Dec 06 22:40:34 np0005549343.novalocal container-server[96576]: ::1 - - [07/Dec/2025:03:40:34 +0000] "PUT /2/42585/AUTH_9cb2db62181546998c52314d1567748c/gnocchi.a3699f36-4a65-4694-9e7d-d434ebb89650" 201 - "PUT https://[::1]:8080/v1/AUTH_9cb2db62181546998c52314d1567748c/gnocchi.a3699f36-4a65-4694-9e7d-d434ebb89650" "tx988c6bfdc0324ad9ba306-006934f732" "proxy-server 97857" 0.0208 "-" 96576 0
Dec 06 22:40:34 np0005549343.novalocal account-server[96281]: ::1 - - [07/Dec/2025:03:40:34 +0000] "PUT /3/78968/AUTH_9cb2db62181546998c52314d1567748c/gnocchi.a3699f36-4a65-4694-9e7d-d434ebb89650" 201 - "PUT http://[::1]:6001/3/42585/AUTH_9cb2db62181546998c52314d1567748c/gnocchi.a3699f36-4a65-4694-9e7d-d434ebb89650" "tx988c6bfdc0324ad9ba306-006934f732" "container-server 96575" 0.0057 "-" 96281 0
Dec 06 22:40:34 np0005549343.novalocal container-server[96575]: ::1 - - [07/Dec/2025:03:40:34 +0000] "PUT /3/42585/AUTH_9cb2db62181546998c52314d1567748c/gnocchi.a3699f36-4a65-4694-9e7d-d434ebb89650" 201 - "PUT https://[::1]:8080/v1/AUTH_9cb2db62181546998c52314d1567748c/gnocchi.a3699f36-4a65-4694-9e7d-d434ebb89650" "tx988c6bfdc0324ad9ba306-006934f732" "proxy-server 97857" 0.0343 "-" 96575 0
Dec 06 22:40:34 np0005549343.novalocal account-server[96280]: ::1 - - [07/Dec/2025:03:40:34 +0000] "PUT /2/78968/AUTH_9cb2db62181546998c52314d1567748c/gnocchi.a3699f36-4a65-4694-9e7d-d434ebb89650" 201 - "PUT http://[::1]:6001/1/42585/AUTH_9cb2db62181546998c52314d1567748c/gnocchi.a3699f36-4a65-4694-9e7d-d434ebb89650" "tx988c6bfdc0324ad9ba306-006934f732" "container-server 96575" 0.0067 "-" 96280 0
Dec 06 22:40:34 np0005549343.novalocal container-server[96575]: ::1 - - [07/Dec/2025:03:40:34 +0000] "PUT /1/42585/AUTH_9cb2db62181546998c52314d1567748c/gnocchi.a3699f36-4a65-4694-9e7d-d434ebb89650" 201 - "PUT https://[::1]:8080/v1/AUTH_9cb2db62181546998c52314d1567748c/gnocchi.a3699f36-4a65-4694-9e7d-d434ebb89650" "tx988c6bfdc0324ad9ba306-006934f732" "proxy-server 97857" 0.0220 "-" 96575 0
Dec 06 22:40:34 np0005549343.novalocal proxy-server[97857]: ::1 ::1 07/Dec/2025/03/40/34 PUT /v1/AUTH_9cb2db62181546998c52314d1567748c/gnocchi.a3699f36-4a65-4694-9e7d-d434ebb89650 HTTP/1.0 201 - python-swiftclient-4.8.0 gAAAAABpNPcx8Tdl... - - - tx988c6bfdc0324ad9ba306-006934f732 - 0.0421 - - 1765078834.254133701 1765078834.296226263 0 0c044fc9f411403aa3ab5cf8f2b14495
Dec 06 22:40:34 np0005549343.novalocal container-server[96575]: ::1 - - [07/Dec/2025:03:40:34 +0000] "HEAD /1/42585/AUTH_9cb2db62181546998c52314d1567748c/gnocchi.a3699f36-4a65-4694-9e7d-d434ebb89650" 204 - "HEAD http://[::1]:8080/v1/AUTH_9cb2db62181546998c52314d1567748c/gnocchi.a3699f36-4a65-4694-9e7d-d434ebb89650" "tx2bbded1b0ec342d294905-006934f732" "proxy-server 97857" 0.0019 "-" 96575 0
Dec 06 22:40:34 np0005549343.novalocal proxy-server[97857]: - - 07/Dec/2025/03/40/34 HEAD /v1/AUTH_9cb2db62181546998c52314d1567748c/gnocchi.a3699f36-4a65-4694-9e7d-d434ebb89650 HTTP/1.0 204 - Swift - - - - tx2bbded1b0ec342d294905-006934f732 - 0.0067 CS - 1765078834.302079916 1765078834.308763027 0 -
Dec 06 22:40:34 np0005549343.novalocal container-server[96576]: ::1 - - [07/Dec/2025:03:40:34 +0000] "GET /2/42585/AUTH_9cb2db62181546998c52314d1567748c/gnocchi.a3699f36-4a65-4694-9e7d-d434ebb89650" 200 2 "GET https://[::1]:8080/v1/AUTH_9cb2db62181546998c52314d1567748c/gnocchi.a3699f36-4a65-4694-9e7d-d434ebb89650?format=json&states=listing" "tx2bbded1b0ec342d294905-006934f732" "proxy-server 97857" 0.0038 "-" 96576 0
Dec 06 22:40:34 np0005549343.novalocal proxy-server[97857]: ::1 ::1 07/Dec/2025/03/40/34 GET /v1/AUTH_9cb2db62181546998c52314d1567748c/gnocchi.a3699f36-4a65-4694-9e7d-d434ebb89650%3Fformat%3Djson%26states%3Dlisting HTTP/1.0 200 - python-swiftclient-4.8.0 gAAAAABpNPcx8Tdl... - 2 - tx2bbded1b0ec342d294905-006934f732 - 0.0222 - - 1765078834.300876617 1765078834.323056221 0 0c044fc9f411403aa3ab5cf8f2b14495
Dec 06 22:40:34 np0005549343.novalocal object-server[96909]: ::1 - - [07/Dec/2025:03:40:34 +0000] "GET /2/229207/AUTH_9cb2db62181546998c52314d1567748c/gnocchi.a3699f36-4a65-4694-9e7d-d434ebb89650/1764720000.0_mean_300.0_v3" 404 70 "GET https://[::1]:8080/v1/AUTH_9cb2db62181546998c52314d1567748c/gnocchi.a3699f36-4a65-4694-9e7d-d434ebb89650/1764720000.0_mean_300.0_v3" "tx79e53be6c7874232821de-006934f732" "proxy-server 97857" 0.0007 "-" 96909 0
Dec 06 22:40:34 np0005549343.novalocal object-server[96910]: ::1 - - [07/Dec/2025:03:40:34 +0000] "GET /1/229207/AUTH_9cb2db62181546998c52314d1567748c/gnocchi.a3699f36-4a65-4694-9e7d-d434ebb89650/1764720000.0_mean_300.0_v3" 404 70 "GET https://[::1]:8080/v1/AUTH_9cb2db62181546998c52314d1567748c/gnocchi.a3699f36-4a65-4694-9e7d-d434ebb89650/1764720000.0_mean_300.0_v3" "tx79e53be6c7874232821de-006934f732" "proxy-server 97857" 0.0007 "-" 96910 0
Dec 06 22:40:34 np0005549343.novalocal object-server[96909]: ::1 - - [07/Dec/2025:03:40:34 +0000] "GET /3/229207/AUTH_9cb2db62181546998c52314d1567748c/gnocchi.a3699f36-4a65-4694-9e7d-d434ebb89650/1764720000.0_mean_300.0_v3" 404 70 "GET https://[::1]:8080/v1/AUTH_9cb2db62181546998c52314d1567748c/gnocchi.a3699f36-4a65-4694-9e7d-d434ebb89650/1764720000.0_mean_300.0_v3" "tx79e53be6c7874232821de-006934f732" "proxy-server 97857" 0.0004 "-" 96909 0
Dec 06 22:40:34 np0005549343.novalocal proxy-server[97857]: ::1 ::1 07/Dec/2025/03/40/34 GET /v1/AUTH_9cb2db62181546998c52314d1567748c/gnocchi.a3699f36-4a65-4694-9e7d-d434ebb89650/1764720000.0_mean_300.0_v3 HTTP/1.0 404 - python-swiftclient-4.8.0 gAAAAABpNPcx8Tdl... - 70 - tx79e53be6c7874232821de-006934f732 - 0.0181 - - 1765078834.328030348 1765078834.346167088 0 0c044fc9f411403aa3ab5cf8f2b14495
Dec 06 22:40:34 np0005549343.novalocal container-server[96576]: ::1 - - [07/Dec/2025:03:40:34 +0000] "PUT /3/42585/AUTH_9cb2db62181546998c52314d1567748c/gnocchi.a3699f36-4a65-4694-9e7d-d434ebb89650/1764720000.0_mean_300.0_v3" 201 - "PUT http://[::1]:8080/1/229207/AUTH_9cb2db62181546998c52314d1567748c/gnocchi.a3699f36-4a65-4694-9e7d-d434ebb89650/1764720000.0_mean_300.0_v3" "txf2b98acaa3304502b7b97-006934f732" "object-server 96910" 0.0008 "-" 96576 0
Dec 06 22:40:34 np0005549343.novalocal object-server[96910]: ::1 - - [07/Dec/2025:03:40:34 +0000] "PUT /1/229207/AUTH_9cb2db62181546998c52314d1567748c/gnocchi.a3699f36-4a65-4694-9e7d-d434ebb89650/1764720000.0_mean_300.0_v3" 201 - "PUT https://[::1]:8080/v1/AUTH_9cb2db62181546998c52314d1567748c/gnocchi.a3699f36-4a65-4694-9e7d-d434ebb89650/1764720000.0_mean_300.0_v3" "txf2b98acaa3304502b7b97-006934f732" "proxy-server 97857" 0.0153 "-" 96910 0
Dec 06 22:40:34 np0005549343.novalocal container-server[96575]: ::1 - - [07/Dec/2025:03:40:34 +0000] "PUT /2/42585/AUTH_9cb2db62181546998c52314d1567748c/gnocchi.a3699f36-4a65-4694-9e7d-d434ebb89650/1764720000.0_mean_300.0_v3" 201 - "PUT http://[::1]:8080/3/229207/AUTH_9cb2db62181546998c52314d1567748c/gnocchi.a3699f36-4a65-4694-9e7d-d434ebb89650/1764720000.0_mean_300.0_v3" "txf2b98acaa3304502b7b97-006934f732" "object-server 96909" 0.0008 "-" 96575 0
Dec 06 22:40:34 np0005549343.novalocal object-server[96909]: ::1 - - [07/Dec/2025:03:40:34 +0000] "PUT /3/229207/AUTH_9cb2db62181546998c52314d1567748c/gnocchi.a3699f36-4a65-4694-9e7d-d434ebb89650/1764720000.0_mean_300.0_v3" 201 - "PUT https://[::1]:8080/v1/AUTH_9cb2db62181546998c52314d1567748c/gnocchi.a3699f36-4a65-4694-9e7d-d434ebb89650/1764720000.0_mean_300.0_v3" "txf2b98acaa3304502b7b97-006934f732" "proxy-server 97857" 0.0145 "-" 96909 0
Dec 06 22:40:34 np0005549343.novalocal container-server[96575]: ::1 - - [07/Dec/2025:03:40:34 +0000] "PUT /1/42585/AUTH_9cb2db62181546998c52314d1567748c/gnocchi.a3699f36-4a65-4694-9e7d-d434ebb89650/1764720000.0_mean_300.0_v3" 201 - "PUT http://[::1]:8080/2/229207/AUTH_9cb2db62181546998c52314d1567748c/gnocchi.a3699f36-4a65-4694-9e7d-d434ebb89650/1764720000.0_mean_300.0_v3" "txf2b98acaa3304502b7b97-006934f732" "object-server 96909" 0.0010 "-" 96575 0
Dec 06 22:40:34 np0005549343.novalocal object-server[96909]: ::1 - - [07/Dec/2025:03:40:34 +0000] "PUT /2/229207/AUTH_9cb2db62181546998c52314d1567748c/gnocchi.a3699f36-4a65-4694-9e7d-d434ebb89650/1764720000.0_mean_300.0_v3" 201 - "PUT https://[::1]:8080/v1/AUTH_9cb2db62181546998c52314d1567748c/gnocchi.a3699f36-4a65-4694-9e7d-d434ebb89650/1764720000.0_mean_300.0_v3" "txf2b98acaa3304502b7b97-006934f732" "proxy-server 97857" 0.0205 "-" 96909 0
Dec 06 22:40:34 np0005549343.novalocal proxy-server[97857]: ::1 ::1 07/Dec/2025/03/40/34 PUT /v1/AUTH_9cb2db62181546998c52314d1567748c/gnocchi.a3699f36-4a65-4694-9e7d-d434ebb89650/1764720000.0_mean_300.0_v3 HTTP/1.0 201 - python-swiftclient-4.8.0 gAAAAABpNPcx8Tdl... 16 - - txf2b98acaa3304502b7b97-006934f732 - 0.0372 - - 1765078834.349908590 1765078834.387059212 0 0c044fc9f411403aa3ab5cf8f2b14495
Dec 06 22:40:34 np0005549343.novalocal container-server[96575]: ::1 - - [07/Dec/2025:03:40:34 +0000] "PUT /3/42585/AUTH_9cb2db62181546998c52314d1567748c/gnocchi.a3699f36-4a65-4694-9e7d-d434ebb89650/none_v3" 201 - "PUT http://[::1]:8080/2/72829/AUTH_9cb2db62181546998c52314d1567748c/gnocchi.a3699f36-4a65-4694-9e7d-d434ebb89650/none_v3" "tx1e5e1b4283de4c918aa1b-006934f732" "object-server 96910" 0.0006 "-" 96575 0
Dec 06 22:40:34 np0005549343.novalocal object-server[96910]: ::1 - - [07/Dec/2025:03:40:34 +0000] "PUT /2/72829/AUTH_9cb2db62181546998c52314d1567748c/gnocchi.a3699f36-4a65-4694-9e7d-d434ebb89650/none_v3" 201 - "PUT https://[::1]:8080/v1/AUTH_9cb2db62181546998c52314d1567748c/gnocchi.a3699f36-4a65-4694-9e7d-d434ebb89650/none_v3" "tx1e5e1b4283de4c918aa1b-006934f732" "proxy-server 97857" 0.0121 "-" 96910 0
Dec 06 22:40:34 np0005549343.novalocal container-server[96575]: ::1 - - [07/Dec/2025:03:40:34 +0000] "PUT /2/42585/AUTH_9cb2db62181546998c52314d1567748c/gnocchi.a3699f36-4a65-4694-9e7d-d434ebb89650/none_v3" 201 - "PUT http://[::1]:8080/3/72829/AUTH_9cb2db62181546998c52314d1567748c/gnocchi.a3699f36-4a65-4694-9e7d-d434ebb89650/none_v3" "tx1e5e1b4283de4c918aa1b-006934f732" "object-server 96910" 0.0016 "-" 96575 0
Dec 06 22:40:34 np0005549343.novalocal object-server[96910]: ::1 - - [07/Dec/2025:03:40:34 +0000] "PUT /3/72829/AUTH_9cb2db62181546998c52314d1567748c/gnocchi.a3699f36-4a65-4694-9e7d-d434ebb89650/none_v3" 201 - "PUT https://[::1]:8080/v1/AUTH_9cb2db62181546998c52314d1567748c/gnocchi.a3699f36-4a65-4694-9e7d-d434ebb89650/none_v3" "tx1e5e1b4283de4c918aa1b-006934f732" "proxy-server 97857" 0.0171 "-" 96910 0
Dec 06 22:40:34 np0005549343.novalocal container-server[96575]: ::1 - - [07/Dec/2025:03:40:34 +0000] "PUT /1/42585/AUTH_9cb2db62181546998c52314d1567748c/gnocchi.a3699f36-4a65-4694-9e7d-d434ebb89650/none_v3" 201 - "PUT http://[::1]:8080/1/72829/AUTH_9cb2db62181546998c52314d1567748c/gnocchi.a3699f36-4a65-4694-9e7d-d434ebb89650/none_v3" "tx1e5e1b4283de4c918aa1b-006934f732" "object-server 96910" 0.0006 "-" 96575 0
Dec 06 22:40:34 np0005549343.novalocal object-server[96910]: ::1 - - [07/Dec/2025:03:40:34 +0000] "PUT /1/72829/AUTH_9cb2db62181546998c52314d1567748c/gnocchi.a3699f36-4a65-4694-9e7d-d434ebb89650/none_v3" 201 - "PUT https://[::1]:8080/v1/AUTH_9cb2db62181546998c52314d1567748c/gnocchi.a3699f36-4a65-4694-9e7d-d434ebb89650/none_v3" "tx1e5e1b4283de4c918aa1b-006934f732" "proxy-server 97857" 0.0212 "-" 96910 0
Dec 06 22:40:34 np0005549343.novalocal proxy-server[97857]: ::1 ::1 07/Dec/2025/03/40/34 PUT /v1/AUTH_9cb2db62181546998c52314d1567748c/gnocchi.a3699f36-4a65-4694-9e7d-d434ebb89650/none_v3 HTTP/1.0 201 - python-swiftclient-4.8.0 gAAAAABpNPcx8Tdl... 22 - - tx1e5e1b4283de4c918aa1b-006934f732 - 0.0316 - - 1765078834.390332937 1765078834.421890736 0 0c044fc9f411403aa3ab5cf8f2b14495
Dec 06 22:40:34 np0005549343.novalocal container-server[96576]: ::1 - - [07/Dec/2025:03:40:34 +0000] "HEAD /1/241019/AUTH_9cb2db62181546998c52314d1567748c/gnocchi.b32af3c1-f78e-4e75-95dc-2034dc2373d6" 404 - "HEAD http://[::1]:8080/v1/AUTH_9cb2db62181546998c52314d1567748c/gnocchi.b32af3c1-f78e-4e75-95dc-2034dc2373d6" "txd11b19cc6376407dab0ac-006934f732" "proxy-server 97857" 0.0004 "-" 96576 0
Dec 06 22:40:34 np0005549343.novalocal container-server[96575]: ::1 - - [07/Dec/2025:03:40:34 +0000] "HEAD /2/241019/AUTH_9cb2db62181546998c52314d1567748c/gnocchi.b32af3c1-f78e-4e75-95dc-2034dc2373d6" 404 - "HEAD http://[::1]:8080/v1/AUTH_9cb2db62181546998c52314d1567748c/gnocchi.b32af3c1-f78e-4e75-95dc-2034dc2373d6" "txd11b19cc6376407dab0ac-006934f732" "proxy-server 97857" 0.0005 "-" 96575 0
Dec 06 22:40:34 np0005549343.novalocal container-server[96575]: ::1 - - [07/Dec/2025:03:40:34 +0000] "HEAD /3/241019/AUTH_9cb2db62181546998c52314d1567748c/gnocchi.b32af3c1-f78e-4e75-95dc-2034dc2373d6" 404 - "HEAD http://[::1]:8080/v1/AUTH_9cb2db62181546998c52314d1567748c/gnocchi.b32af3c1-f78e-4e75-95dc-2034dc2373d6" "txd11b19cc6376407dab0ac-006934f732" "proxy-server 97857" 0.0004 "-" 96575 0
Dec 06 22:40:34 np0005549343.novalocal proxy-server[97857]: - - 07/Dec/2025/03/40/34 HEAD /v1/AUTH_9cb2db62181546998c52314d1567748c/gnocchi.b32af3c1-f78e-4e75-95dc-2034dc2373d6 HTTP/1.0 404 - Swift - - - - txd11b19cc6376407dab0ac-006934f732 - 0.0125 CS - 1765078834.442554712 1765078834.455028772 0 -
Dec 06 22:40:34 np0005549343.novalocal object-server[96910]: ::1 - - [07/Dec/2025:03:40:34 +0000] "GET /1/102725/AUTH_9cb2db62181546998c52314d1567748c/gnocchi.b32af3c1-f78e-4e75-95dc-2034dc2373d6/none_v3" 404 70 "GET https://[::1]:8080/v1/AUTH_9cb2db62181546998c52314d1567748c/gnocchi.b32af3c1-f78e-4e75-95dc-2034dc2373d6/none_v3" "txd11b19cc6376407dab0ac-006934f732" "proxy-server 97857" 0.0004 "-" 96910 0
Dec 06 22:40:34 np0005549343.novalocal object-server[96910]: ::1 - - [07/Dec/2025:03:40:34 +0000] "GET /3/102725/AUTH_9cb2db62181546998c52314d1567748c/gnocchi.b32af3c1-f78e-4e75-95dc-2034dc2373d6/none_v3" 404 70 "GET https://[::1]:8080/v1/AUTH_9cb2db62181546998c52314d1567748c/gnocchi.b32af3c1-f78e-4e75-95dc-2034dc2373d6/none_v3" "txd11b19cc6376407dab0ac-006934f732" "proxy-server 97857" 0.0003 "-" 96910 0
Dec 06 22:40:34 np0005549343.novalocal object-server[96909]: ::1 - - [07/Dec/2025:03:40:34 +0000] "GET /2/102725/AUTH_9cb2db62181546998c52314d1567748c/gnocchi.b32af3c1-f78e-4e75-95dc-2034dc2373d6/none_v3" 404 70 "GET https://[::1]:8080/v1/AUTH_9cb2db62181546998c52314d1567748c/gnocchi.b32af3c1-f78e-4e75-95dc-2034dc2373d6/none_v3" "txd11b19cc6376407dab0ac-006934f732" "proxy-server 97857" 0.0006 "-" 96909 0
Dec 06 22:40:34 np0005549343.novalocal proxy-server[97857]: ::1 ::1 07/Dec/2025/03/40/34 GET /v1/AUTH_9cb2db62181546998c52314d1567748c/gnocchi.b32af3c1-f78e-4e75-95dc-2034dc2373d6/none_v3 HTTP/1.0 404 - python-swiftclient-4.8.0 gAAAAABpNPcx8Tdl... - 70 - txd11b19cc6376407dab0ac-006934f732 - 0.0325 - - 1765078834.441403389 1765078834.473865986 0 0c044fc9f411403aa3ab5cf8f2b14495
Dec 06 22:40:34 np0005549343.novalocal account-server[96280]: ::1 - - [07/Dec/2025:03:40:34 +0000] "PUT /1/78968/AUTH_9cb2db62181546998c52314d1567748c/gnocchi.b32af3c1-f78e-4e75-95dc-2034dc2373d6" 201 - "PUT http://[::1]:6001/2/241019/AUTH_9cb2db62181546998c52314d1567748c/gnocchi.b32af3c1-f78e-4e75-95dc-2034dc2373d6" "tx214cd55efc434e4d8a87c-006934f732" "container-server 96576" 0.0061 "-" 96280 0
Dec 06 22:40:34 np0005549343.novalocal container-server[96576]: ::1 - - [07/Dec/2025:03:40:34 +0000] "PUT /2/241019/AUTH_9cb2db62181546998c52314d1567748c/gnocchi.b32af3c1-f78e-4e75-95dc-2034dc2373d6" 201 - "PUT https://[::1]:8080/v1/AUTH_9cb2db62181546998c52314d1567748c/gnocchi.b32af3c1-f78e-4e75-95dc-2034dc2373d6" "tx214cd55efc434e4d8a87c-006934f732" "proxy-server 97857" 0.0429 "-" 96576 0
Dec 06 22:40:34 np0005549343.novalocal account-server[96280]: ::1 - - [07/Dec/2025:03:40:34 +0000] "PUT /2/78968/AUTH_9cb2db62181546998c52314d1567748c/gnocchi.b32af3c1-f78e-4e75-95dc-2034dc2373d6" 201 - "PUT http://[::1]:6001/3/241019/AUTH_9cb2db62181546998c52314d1567748c/gnocchi.b32af3c1-f78e-4e75-95dc-2034dc2373d6" "tx214cd55efc434e4d8a87c-006934f732" "container-server 96576" 0.0065 "-" 96280 0
Dec 06 22:40:34 np0005549343.novalocal container-server[96576]: ::1 - - [07/Dec/2025:03:40:34 +0000] "PUT /3/241019/AUTH_9cb2db62181546998c52314d1567748c/gnocchi.b32af3c1-f78e-4e75-95dc-2034dc2373d6" 201 - "PUT https://[::1]:8080/v1/AUTH_9cb2db62181546998c52314d1567748c/gnocchi.b32af3c1-f78e-4e75-95dc-2034dc2373d6" "tx214cd55efc434e4d8a87c-006934f732" "proxy-server 97857" 0.0386 "-" 96576 0
Dec 06 22:40:34 np0005549343.novalocal account-server[96280]: ::1 - - [07/Dec/2025:03:40:34 +0000] "PUT /3/78968/AUTH_9cb2db62181546998c52314d1567748c/gnocchi.b32af3c1-f78e-4e75-95dc-2034dc2373d6" 201 - "PUT http://[::1]:6001/1/241019/AUTH_9cb2db62181546998c52314d1567748c/gnocchi.b32af3c1-f78e-4e75-95dc-2034dc2373d6" "tx214cd55efc434e4d8a87c-006934f732" "container-server 96576" 0.0057 "-" 96280 0
Dec 06 22:40:34 np0005549343.novalocal container-server[96576]: ::1 - - [07/Dec/2025:03:40:34 +0000] "PUT /1/241019/AUTH_9cb2db62181546998c52314d1567748c/gnocchi.b32af3c1-f78e-4e75-95dc-2034dc2373d6" 201 - "PUT https://[::1]:8080/v1/AUTH_9cb2db62181546998c52314d1567748c/gnocchi.b32af3c1-f78e-4e75-95dc-2034dc2373d6" "tx214cd55efc434e4d8a87c-006934f732" "proxy-server 97857" 0.0339 "-" 96576 0
Dec 06 22:40:34 np0005549343.novalocal proxy-server[97857]: ::1 ::1 07/Dec/2025/03/40/34 PUT /v1/AUTH_9cb2db62181546998c52314d1567748c/gnocchi.b32af3c1-f78e-4e75-95dc-2034dc2373d6 HTTP/1.0 201 - python-swiftclient-4.8.0 gAAAAABpNPcx8Tdl... - - - tx214cd55efc434e4d8a87c-006934f732 - 0.0706 - - 1765078834.477705717 1765078834.548255920 0 0c044fc9f411403aa3ab5cf8f2b14495
Dec 06 22:40:34 np0005549343.novalocal container-server[96576]: ::1 - - [07/Dec/2025:03:40:34 +0000] "HEAD /2/241019/AUTH_9cb2db62181546998c52314d1567748c/gnocchi.b32af3c1-f78e-4e75-95dc-2034dc2373d6" 204 - "HEAD http://[::1]:8080/v1/AUTH_9cb2db62181546998c52314d1567748c/gnocchi.b32af3c1-f78e-4e75-95dc-2034dc2373d6" "txb6e3f8afb7544f078afb8-006934f732" "proxy-server 97857" 0.0022 "-" 96576 0
Dec 06 22:40:34 np0005549343.novalocal proxy-server[97857]: - - 07/Dec/2025/03/40/34 HEAD /v1/AUTH_9cb2db62181546998c52314d1567748c/gnocchi.b32af3c1-f78e-4e75-95dc-2034dc2373d6 HTTP/1.0 204 - Swift - - - - txb6e3f8afb7544f078afb8-006934f732 - 0.0075 CS - 1765078834.554012299 1765078834.561555386 0 -
Dec 06 22:40:34 np0005549343.novalocal container-server[96575]: ::1 - - [07/Dec/2025:03:40:34 +0000] "GET /1/241019/AUTH_9cb2db62181546998c52314d1567748c/gnocchi.b32af3c1-f78e-4e75-95dc-2034dc2373d6" 200 2 "GET https://[::1]:8080/v1/AUTH_9cb2db62181546998c52314d1567748c/gnocchi.b32af3c1-f78e-4e75-95dc-2034dc2373d6?format=json&states=listing" "txb6e3f8afb7544f078afb8-006934f732" "proxy-server 97857" 0.0031 "-" 96575 0
