Dec 06 22:41:35 np0005549343.novalocal container-server[96575]: ::1 - - [07/Dec/2025:03:41:35 +0000] "GET /2/125107/AUTH_9cb2db62181546998c52314d1567748c/gnocchi.3b68cbb1-ebe4-4d39-a327-1f3d544a1314" 200 2 "GET https://[::1]:8080/v1/AUTH_9cb2db62181546998c52314d1567748c/gnocchi.3b68cbb1-ebe4-4d39-a327-1f3d544a1314?format=json&marker=none_v3&states=listing" "txaa5ca8a541b94cd5be620-006934f76f" "proxy-server 97857" 0.0083 "-" 96575 0
Dec 06 22:41:35 np0005549343.novalocal proxy-server[97857]: ::1 ::1 07/Dec/2025/03/41/35 GET /v1/AUTH_9cb2db62181546998c52314d1567748c/gnocchi.3b68cbb1-ebe4-4d39-a327-1f3d544a1314%3Fformat%3Djson%26marker%3Dnone_v3%26states%3Dlisting HTTP/1.0 200 - python-swiftclient-4.8.0 gAAAAABpNPckgn8e... - 2 - txaa5ca8a541b94cd5be620-006934f76f - 0.0184 - - 1765078895.210502148 1765078895.228886604 0 0c044fc9f411403aa3ab5cf8f2b14495
Dec 06 22:41:35 np0005549343.novalocal object-server[96909]: ::1 - - [07/Dec/2025:03:41:35 +0000] "GET /1/129707/AUTH_9cb2db62181546998c52314d1567748c/gnocchi.3b68cbb1-ebe4-4d39-a327-1f3d544a1314/1764720000.0_mean_300.0_v3" 200 16 "GET https://[::1]:8080/v1/AUTH_9cb2db62181546998c52314d1567748c/gnocchi.3b68cbb1-ebe4-4d39-a327-1f3d544a1314/1764720000.0_mean_300.0_v3" "txe74ab6aebe2c4a92a14ea-006934f76f" "proxy-server 97857" 0.0006 "-" 96909 0
Dec 06 22:41:35 np0005549343.novalocal proxy-server[97857]: ::1 ::1 07/Dec/2025/03/41/35 GET /v1/AUTH_9cb2db62181546998c52314d1567748c/gnocchi.3b68cbb1-ebe4-4d39-a327-1f3d544a1314/1764720000.0_mean_300.0_v3 HTTP/1.0 200 - python-swiftclient-4.8.0 gAAAAABpNPckgn8e... - 16 - txe74ab6aebe2c4a92a14ea-006934f76f - 0.0085 - - 1765078895.233761787 1765078895.242304087 0 0c044fc9f411403aa3ab5cf8f2b14495
Dec 06 22:41:35 np0005549343.novalocal dnsmasq-dhcp[103777]: DHCPREQUEST(tape54624e4-f9) 10.100.0.11 fa:16:3e:c2:5d:6e
Dec 06 22:41:35 np0005549343.novalocal dnsmasq-dhcp[103777]: DHCPACK(tape54624e4-f9) 10.100.0.11 fa:16:3e:c2:5d:6e host-10-100-0-11
Dec 06 22:41:35 np0005549343.novalocal container-server[96576]: ::1 - - [07/Dec/2025:03:41:35 +0000] "PUT /1/125107/AUTH_9cb2db62181546998c52314d1567748c/gnocchi.3b68cbb1-ebe4-4d39-a327-1f3d544a1314/1764720000.0_mean_300.0_v3" 201 - "PUT http://[::1]:8080/2/129707/AUTH_9cb2db62181546998c52314d1567748c/gnocchi.3b68cbb1-ebe4-4d39-a327-1f3d544a1314/1764720000.0_mean_300.0_v3" "tx928d3a66f7244e1392216-006934f76f" "object-server 96909" 0.0005 "-" 96576 0
Dec 06 22:41:35 np0005549343.novalocal container-server[96575]: ::1 - - [07/Dec/2025:03:41:35 +0000] "PUT /3/125107/AUTH_9cb2db62181546998c52314d1567748c/gnocchi.3b68cbb1-ebe4-4d39-a327-1f3d544a1314/1764720000.0_mean_300.0_v3" 201 - "PUT http://[::1]:8080/1/129707/AUTH_9cb2db62181546998c52314d1567748c/gnocchi.3b68cbb1-ebe4-4d39-a327-1f3d544a1314/1764720000.0_mean_300.0_v3" "tx928d3a66f7244e1392216-006934f76f" "object-server 96909" 0.0006 "-" 96575 0
Dec 06 22:41:35 np0005549343.novalocal object-server[96909]: ::1 - - [07/Dec/2025:03:41:35 +0000] "PUT /2/129707/AUTH_9cb2db62181546998c52314d1567748c/gnocchi.3b68cbb1-ebe4-4d39-a327-1f3d544a1314/1764720000.0_mean_300.0_v3" 201 - "PUT https://[::1]:8080/v1/AUTH_9cb2db62181546998c52314d1567748c/gnocchi.3b68cbb1-ebe4-4d39-a327-1f3d544a1314/1764720000.0_mean_300.0_v3" "tx928d3a66f7244e1392216-006934f76f" "proxy-server 97857" 0.0111 "-" 96909 0
Dec 06 22:41:35 np0005549343.novalocal object-server[96909]: ::1 - - [07/Dec/2025:03:41:35 +0000] "PUT /1/129707/AUTH_9cb2db62181546998c52314d1567748c/gnocchi.3b68cbb1-ebe4-4d39-a327-1f3d544a1314/1764720000.0_mean_300.0_v3" 201 - "PUT https://[::1]:8080/v1/AUTH_9cb2db62181546998c52314d1567748c/gnocchi.3b68cbb1-ebe4-4d39-a327-1f3d544a1314/1764720000.0_mean_300.0_v3" "tx928d3a66f7244e1392216-006934f76f" "proxy-server 97857" 0.0141 "-" 96909 0
Dec 06 22:41:35 np0005549343.novalocal container-server[96575]: ::1 - - [07/Dec/2025:03:41:35 +0000] "PUT /2/125107/AUTH_9cb2db62181546998c52314d1567748c/gnocchi.3b68cbb1-ebe4-4d39-a327-1f3d544a1314/1764720000.0_mean_300.0_v3" 201 - "PUT http://[::1]:8080/3/129707/AUTH_9cb2db62181546998c52314d1567748c/gnocchi.3b68cbb1-ebe4-4d39-a327-1f3d544a1314/1764720000.0_mean_300.0_v3" "tx928d3a66f7244e1392216-006934f76f" "object-server 96909" 0.0004 "-" 96575 0
Dec 06 22:41:35 np0005549343.novalocal object-server[96909]: ::1 - - [07/Dec/2025:03:41:35 +0000] "PUT /3/129707/AUTH_9cb2db62181546998c52314d1567748c/gnocchi.3b68cbb1-ebe4-4d39-a327-1f3d544a1314/1764720000.0_mean_300.0_v3" 201 - "PUT https://[::1]:8080/v1/AUTH_9cb2db62181546998c52314d1567748c/gnocchi.3b68cbb1-ebe4-4d39-a327-1f3d544a1314/1764720000.0_mean_300.0_v3" "tx928d3a66f7244e1392216-006934f76f" "proxy-server 97857" 0.0139 "-" 96909 0
Dec 06 22:41:35 np0005549343.novalocal proxy-server[97857]: ::1 ::1 07/Dec/2025/03/41/35 PUT /v1/AUTH_9cb2db62181546998c52314d1567748c/gnocchi.3b68cbb1-ebe4-4d39-a327-1f3d544a1314/1764720000.0_mean_300.0_v3 HTTP/1.0 201 - python-swiftclient-4.8.0 gAAAAABpNPckgn8e... 16 - - tx928d3a66f7244e1392216-006934f76f - 0.0258 - - 1765078895.245468378 1765078895.271249771 0 0c044fc9f411403aa3ab5cf8f2b14495
Dec 06 22:41:35 np0005549343.novalocal container-server[96575]: ::1 - - [07/Dec/2025:03:41:35 +0000] "PUT /1/125107/AUTH_9cb2db62181546998c52314d1567748c/gnocchi.3b68cbb1-ebe4-4d39-a327-1f3d544a1314/none_v3" 201 - "PUT http://[::1]:8080/3/1222/AUTH_9cb2db62181546998c52314d1567748c/gnocchi.3b68cbb1-ebe4-4d39-a327-1f3d544a1314/none_v3" "tx3db1c4222532421390e81-006934f76f" "object-server 96909" 0.0010 "-" 96575 0
Dec 06 22:41:35 np0005549343.novalocal object-server[96909]: ::1 - - [07/Dec/2025:03:41:35 +0000] "PUT /3/1222/AUTH_9cb2db62181546998c52314d1567748c/gnocchi.3b68cbb1-ebe4-4d39-a327-1f3d544a1314/none_v3" 201 - "PUT https://[::1]:8080/v1/AUTH_9cb2db62181546998c52314d1567748c/gnocchi.3b68cbb1-ebe4-4d39-a327-1f3d544a1314/none_v3" "tx3db1c4222532421390e81-006934f76f" "proxy-server 97857" 0.0115 "-" 96909 0
Dec 06 22:41:35 np0005549343.novalocal container-server[96575]: ::1 - - [07/Dec/2025:03:41:35 +0000] "PUT /3/125107/AUTH_9cb2db62181546998c52314d1567748c/gnocchi.3b68cbb1-ebe4-4d39-a327-1f3d544a1314/none_v3" 201 - "PUT http://[::1]:8080/1/1222/AUTH_9cb2db62181546998c52314d1567748c/gnocchi.3b68cbb1-ebe4-4d39-a327-1f3d544a1314/none_v3" "tx3db1c4222532421390e81-006934f76f" "object-server 96910" 0.0006 "-" 96575 0
Dec 06 22:41:35 np0005549343.novalocal object-server[96910]: ::1 - - [07/Dec/2025:03:41:35 +0000] "PUT /1/1222/AUTH_9cb2db62181546998c52314d1567748c/gnocchi.3b68cbb1-ebe4-4d39-a327-1f3d544a1314/none_v3" 201 - "PUT https://[::1]:8080/v1/AUTH_9cb2db62181546998c52314d1567748c/gnocchi.3b68cbb1-ebe4-4d39-a327-1f3d544a1314/none_v3" "tx3db1c4222532421390e81-006934f76f" "proxy-server 97857" 0.0138 "-" 96910 0
Dec 06 22:41:35 np0005549343.novalocal container-server[96575]: ::1 - - [07/Dec/2025:03:41:35 +0000] "PUT /2/125107/AUTH_9cb2db62181546998c52314d1567748c/gnocchi.3b68cbb1-ebe4-4d39-a327-1f3d544a1314/none_v3" 201 - "PUT http://[::1]:8080/2/1222/AUTH_9cb2db62181546998c52314d1567748c/gnocchi.3b68cbb1-ebe4-4d39-a327-1f3d544a1314/none_v3" "tx3db1c4222532421390e81-006934f76f" "object-server 96910" 0.0007 "-" 96575 0
Dec 06 22:41:35 np0005549343.novalocal object-server[96910]: ::1 - - [07/Dec/2025:03:41:35 +0000] "PUT /2/1222/AUTH_9cb2db62181546998c52314d1567748c/gnocchi.3b68cbb1-ebe4-4d39-a327-1f3d544a1314/none_v3" 201 - "PUT https://[::1]:8080/v1/AUTH_9cb2db62181546998c52314d1567748c/gnocchi.3b68cbb1-ebe4-4d39-a327-1f3d544a1314/none_v3" "tx3db1c4222532421390e81-006934f76f" "proxy-server 97857" 0.0140 "-" 96910 0
Dec 06 22:41:35 np0005549343.novalocal proxy-server[97857]: ::1 ::1 07/Dec/2025/03/41/35 PUT /v1/AUTH_9cb2db62181546998c52314d1567748c/gnocchi.3b68cbb1-ebe4-4d39-a327-1f3d544a1314/none_v3 HTTP/1.0 201 - python-swiftclient-4.8.0 gAAAAABpNPckgn8e... 75 - - tx3db1c4222532421390e81-006934f76f - 0.0268 - - 1765078895.274527073 1765078895.301355124 0 0c044fc9f411403aa3ab5cf8f2b14495
Dec 06 22:41:35 np0005549343.novalocal object-server[96909]: ::1 - - [07/Dec/2025:03:41:35 +0000] "GET /3/38476/AUTH_9cb2db62181546998c52314d1567748c/gnocchi.e0bcb974-4bc6-4426-88f8-d589e00e99d2/none_v3" 200 61 "GET https://[::1]:8080/v1/AUTH_9cb2db62181546998c52314d1567748c/gnocchi.e0bcb974-4bc6-4426-88f8-d589e00e99d2/none_v3" "tx30da42717b9641dc9bef8-006934f76f" "proxy-server 97857" 0.0006 "-" 96909 0
Dec 06 22:41:35 np0005549343.novalocal proxy-server[97857]: ::1 ::1 07/Dec/2025/03/41/35 GET /v1/AUTH_9cb2db62181546998c52314d1567748c/gnocchi.e0bcb974-4bc6-4426-88f8-d589e00e99d2/none_v3 HTTP/1.0 200 - python-swiftclient-4.8.0 gAAAAABpNPckgn8e... - 61 - tx30da42717b9641dc9bef8-006934f76f - 0.0082 - - 1765078895.377701044 1765078895.385884523 0 0c044fc9f411403aa3ab5cf8f2b14495
Dec 06 22:41:35 np0005549343.novalocal container-server[96576]: ::1 - - [07/Dec/2025:03:41:35 +0000] "GET /1/191780/AUTH_9cb2db62181546998c52314d1567748c/gnocchi.e0bcb974-4bc6-4426-88f8-d589e00e99d2" 200 357 "GET https://[::1]:8080/v1/AUTH_9cb2db62181546998c52314d1567748c/gnocchi.e0bcb974-4bc6-4426-88f8-d589e00e99d2?format=json&states=listing" "tx91afe278aa09446690c2a-006934f76f" "proxy-server 97857" 0.0101 "-" 96576 0
Dec 06 22:41:35 np0005549343.novalocal proxy-server[97857]: ::1 ::1 07/Dec/2025/03/41/35 GET /v1/AUTH_9cb2db62181546998c52314d1567748c/gnocchi.e0bcb974-4bc6-4426-88f8-d589e00e99d2%3Fformat%3Djson%26states%3Dlisting HTTP/1.0 200 - python-swiftclient-4.8.0 gAAAAABpNPckgn8e... - 357 - tx91afe278aa09446690c2a-006934f76f - 0.0184 - - 1765078895.388721704 1765078895.407155275 0 0c044fc9f411403aa3ab5cf8f2b14495
Dec 06 22:41:35 np0005549343.novalocal container-server[96575]: ::1 - - [07/Dec/2025:03:41:35 +0000] "GET /3/191780/AUTH_9cb2db62181546998c52314d1567748c/gnocchi.e0bcb974-4bc6-4426-88f8-d589e00e99d2" 200 2 "GET https://[::1]:8080/v1/AUTH_9cb2db62181546998c52314d1567748c/gnocchi.e0bcb974-4bc6-4426-88f8-d589e00e99d2?format=json&marker=none_v3&states=listing" "tx6d1e279de67749b588fa7-006934f76f" "proxy-server 97857" 0.0083 "-" 96575 0
Dec 06 22:41:35 np0005549343.novalocal proxy-server[97857]: ::1 ::1 07/Dec/2025/03/41/35 GET /v1/AUTH_9cb2db62181546998c52314d1567748c/gnocchi.e0bcb974-4bc6-4426-88f8-d589e00e99d2%3Fformat%3Djson%26marker%3Dnone_v3%26states%3Dlisting HTTP/1.0 200 - python-swiftclient-4.8.0 gAAAAABpNPckgn8e... - 2 - tx6d1e279de67749b588fa7-006934f76f - 0.0186 - - 1765078895.410023928 1765078895.428661346 0 0c044fc9f411403aa3ab5cf8f2b14495
Dec 06 22:41:35 np0005549343.novalocal object-server[96909]: ::1 - - [07/Dec/2025:03:41:35 +0000] "GET /3/164983/AUTH_9cb2db62181546998c52314d1567748c/gnocchi.e0bcb974-4bc6-4426-88f8-d589e00e99d2/1764720000.0_mean_300.0_v3" 200 16 "GET https://[::1]:8080/v1/AUTH_9cb2db62181546998c52314d1567748c/gnocchi.e0bcb974-4bc6-4426-88f8-d589e00e99d2/1764720000.0_mean_300.0_v3" "tx8d4a266f02e541ee918bd-006934f76f" "proxy-server 97857" 0.0008 "-" 96909 0
Dec 06 22:41:35 np0005549343.novalocal proxy-server[97857]: ::1 ::1 07/Dec/2025/03/41/35 GET /v1/AUTH_9cb2db62181546998c52314d1567748c/gnocchi.e0bcb974-4bc6-4426-88f8-d589e00e99d2/1764720000.0_mean_300.0_v3 HTTP/1.0 200 - python-swiftclient-4.8.0 gAAAAABpNPckgn8e... - 16 - tx8d4a266f02e541ee918bd-006934f76f - 0.0101 - - 1765078895.435734272 1765078895.445788860 0 0c044fc9f411403aa3ab5cf8f2b14495
Dec 06 22:41:35 np0005549343.novalocal container-server[96576]: ::1 - - [07/Dec/2025:03:41:35 +0000] "PUT /2/191780/AUTH_9cb2db62181546998c52314d1567748c/gnocchi.e0bcb974-4bc6-4426-88f8-d589e00e99d2/1764720000.0_mean_300.0_v3" 201 - "PUT http://[::1]:8080/2/164983/AUTH_9cb2db62181546998c52314d1567748c/gnocchi.e0bcb974-4bc6-4426-88f8-d589e00e99d2/1764720000.0_mean_300.0_v3" "txd4dee34e4f1744249f885-006934f76f" "object-server 96909" 0.0009 "-" 96576 0
Dec 06 22:41:35 np0005549343.novalocal object-server[96909]: ::1 - - [07/Dec/2025:03:41:35 +0000] "PUT /2/164983/AUTH_9cb2db62181546998c52314d1567748c/gnocchi.e0bcb974-4bc6-4426-88f8-d589e00e99d2/1764720000.0_mean_300.0_v3" 201 - "PUT https://[::1]:8080/v1/AUTH_9cb2db62181546998c52314d1567748c/gnocchi.e0bcb974-4bc6-4426-88f8-d589e00e99d2/1764720000.0_mean_300.0_v3" "txd4dee34e4f1744249f885-006934f76f" "proxy-server 97857" 0.0135 "-" 96909 0
Dec 06 22:41:35 np0005549343.novalocal container-server[96575]: ::1 - - [07/Dec/2025:03:41:35 +0000] "PUT /3/191780/AUTH_9cb2db62181546998c52314d1567748c/gnocchi.e0bcb974-4bc6-4426-88f8-d589e00e99d2/1764720000.0_mean_300.0_v3" 201 - "PUT http://[::1]:8080/3/164983/AUTH_9cb2db62181546998c52314d1567748c/gnocchi.e0bcb974-4bc6-4426-88f8-d589e00e99d2/1764720000.0_mean_300.0_v3" "txd4dee34e4f1744249f885-006934f76f" "object-server 96909" 0.0009 "-" 96575 0
Dec 06 22:41:35 np0005549343.novalocal object-server[96909]: ::1 - - [07/Dec/2025:03:41:35 +0000] "PUT /3/164983/AUTH_9cb2db62181546998c52314d1567748c/gnocchi.e0bcb974-4bc6-4426-88f8-d589e00e99d2/1764720000.0_mean_300.0_v3" 201 - "PUT https://[::1]:8080/v1/AUTH_9cb2db62181546998c52314d1567748c/gnocchi.e0bcb974-4bc6-4426-88f8-d589e00e99d2/1764720000.0_mean_300.0_v3" "txd4dee34e4f1744249f885-006934f76f" "proxy-server 97857" 0.0175 "-" 96909 0
Dec 06 22:41:35 np0005549343.novalocal container-server[96576]: ::1 - - [07/Dec/2025:03:41:35 +0000] "PUT /1/191780/AUTH_9cb2db62181546998c52314d1567748c/gnocchi.e0bcb974-4bc6-4426-88f8-d589e00e99d2/1764720000.0_mean_300.0_v3" 201 - "PUT http://[::1]:8080/1/164983/AUTH_9cb2db62181546998c52314d1567748c/gnocchi.e0bcb974-4bc6-4426-88f8-d589e00e99d2/1764720000.0_mean_300.0_v3" "txd4dee34e4f1744249f885-006934f76f" "object-server 96909" 0.0008 "-" 96576 0
Dec 06 22:41:35 np0005549343.novalocal object-server[96909]: ::1 - - [07/Dec/2025:03:41:35 +0000] "PUT /1/164983/AUTH_9cb2db62181546998c52314d1567748c/gnocchi.e0bcb974-4bc6-4426-88f8-d589e00e99d2/1764720000.0_mean_300.0_v3" 201 - "PUT https://[::1]:8080/v1/AUTH_9cb2db62181546998c52314d1567748c/gnocchi.e0bcb974-4bc6-4426-88f8-d589e00e99d2/1764720000.0_mean_300.0_v3" "txd4dee34e4f1744249f885-006934f76f" "proxy-server 97857" 0.0180 "-" 96909 0
Dec 06 22:41:35 np0005549343.novalocal proxy-server[97857]: ::1 ::1 07/Dec/2025/03/41/35 PUT /v1/AUTH_9cb2db62181546998c52314d1567748c/gnocchi.e0bcb974-4bc6-4426-88f8-d589e00e99d2/1764720000.0_mean_300.0_v3 HTTP/1.0 201 - python-swiftclient-4.8.0 gAAAAABpNPckgn8e... 16 - - txd4dee34e4f1744249f885-006934f76f - 0.0274 - - 1765078895.451385975 1765078895.478785276 0 0c044fc9f411403aa3ab5cf8f2b14495
Dec 06 22:41:35 np0005549343.novalocal container-server[96576]: ::1 - - [07/Dec/2025:03:41:35 +0000] "PUT /2/191780/AUTH_9cb2db62181546998c52314d1567748c/gnocchi.e0bcb974-4bc6-4426-88f8-d589e00e99d2/none_v3" 201 - "PUT http://[::1]:8080/1/38476/AUTH_9cb2db62181546998c52314d1567748c/gnocchi.e0bcb974-4bc6-4426-88f8-d589e00e99d2/none_v3" "txa60edefbe30c4498887bd-006934f76f" "object-server 96909" 0.0011 "-" 96576 0
Dec 06 22:41:35 np0005549343.novalocal object-server[96909]: ::1 - - [07/Dec/2025:03:41:35 +0000] "PUT /1/38476/AUTH_9cb2db62181546998c52314d1567748c/gnocchi.e0bcb974-4bc6-4426-88f8-d589e00e99d2/none_v3" 201 - "PUT https://[::1]:8080/v1/AUTH_9cb2db62181546998c52314d1567748c/gnocchi.e0bcb974-4bc6-4426-88f8-d589e00e99d2/none_v3" "txa60edefbe30c4498887bd-006934f76f" "proxy-server 97857" 0.0179 "-" 96909 0
Dec 06 22:41:35 np0005549343.novalocal container-server[96575]: ::1 - - [07/Dec/2025:03:41:35 +0000] "PUT /3/191780/AUTH_9cb2db62181546998c52314d1567748c/gnocchi.e0bcb974-4bc6-4426-88f8-d589e00e99d2/none_v3" 201 - "PUT http://[::1]:8080/2/38476/AUTH_9cb2db62181546998c52314d1567748c/gnocchi.e0bcb974-4bc6-4426-88f8-d589e00e99d2/none_v3" "txa60edefbe30c4498887bd-006934f76f" "object-server 96909" 0.0008 "-" 96575 0
Dec 06 22:41:35 np0005549343.novalocal object-server[96909]: ::1 - - [07/Dec/2025:03:41:35 +0000] "PUT /2/38476/AUTH_9cb2db62181546998c52314d1567748c/gnocchi.e0bcb974-4bc6-4426-88f8-d589e00e99d2/none_v3" 201 - "PUT https://[::1]:8080/v1/AUTH_9cb2db62181546998c52314d1567748c/gnocchi.e0bcb974-4bc6-4426-88f8-d589e00e99d2/none_v3" "txa60edefbe30c4498887bd-006934f76f" "proxy-server 97857" 0.0159 "-" 96909 0
Dec 06 22:41:35 np0005549343.novalocal container-server[96576]: ::1 - - [07/Dec/2025:03:41:35 +0000] "PUT /1/191780/AUTH_9cb2db62181546998c52314d1567748c/gnocchi.e0bcb974-4bc6-4426-88f8-d589e00e99d2/none_v3" 201 - "PUT http://[::1]:8080/3/38476/AUTH_9cb2db62181546998c52314d1567748c/gnocchi.e0bcb974-4bc6-4426-88f8-d589e00e99d2/none_v3" "txa60edefbe30c4498887bd-006934f76f" "object-server 96909" 0.0008 "-" 96576 0
Dec 06 22:41:35 np0005549343.novalocal object-server[96909]: ::1 - - [07/Dec/2025:03:41:35 +0000] "PUT /3/38476/AUTH_9cb2db62181546998c52314d1567748c/gnocchi.e0bcb974-4bc6-4426-88f8-d589e00e99d2/none_v3" 201 - "PUT https://[::1]:8080/v1/AUTH_9cb2db62181546998c52314d1567748c/gnocchi.e0bcb974-4bc6-4426-88f8-d589e00e99d2/none_v3" "txa60edefbe30c4498887bd-006934f76f" "proxy-server 97857" 0.0187 "-" 96909 0
Dec 06 22:41:35 np0005549343.novalocal proxy-server[97857]: ::1 ::1 07/Dec/2025/03/41/35 PUT /v1/AUTH_9cb2db62181546998c52314d1567748c/gnocchi.e0bcb974-4bc6-4426-88f8-d589e00e99d2/none_v3 HTTP/1.0 201 - python-swiftclient-4.8.0 gAAAAABpNPckgn8e... 68 - - txa60edefbe30c4498887bd-006934f76f - 0.0298 - - 1765078895.483618021 1765078895.513456345 0 0c044fc9f411403aa3ab5cf8f2b14495
Dec 06 22:41:35 np0005549343.novalocal object-server[96910]: ::1 - - [07/Dec/2025:03:41:35 +0000] "GET /3/187521/AUTH_9cb2db62181546998c52314d1567748c/gnocchi.8a741be1-81ed-47f5-aecf-e2216f7eaadd/none_v3" 200 69 "GET https://[::1]:8080/v1/AUTH_9cb2db62181546998c52314d1567748c/gnocchi.8a741be1-81ed-47f5-aecf-e2216f7eaadd/none_v3" "txf8e2df7300a54105988e9-006934f76f" "proxy-server 97857" 0.0014 "-" 96910 0
Dec 06 22:41:35 np0005549343.novalocal proxy-server[97857]: ::1 ::1 07/Dec/2025/03/41/35 GET /v1/AUTH_9cb2db62181546998c52314d1567748c/gnocchi.8a741be1-81ed-47f5-aecf-e2216f7eaadd/none_v3 HTTP/1.0 200 - python-swiftclient-4.8.0 gAAAAABpNPckgn8e... - 69 - txf8e2df7300a54105988e9-006934f76f - 0.0121 - - 1765078895.541644096 1765078895.553788424 0 0c044fc9f411403aa3ab5cf8f2b14495
Dec 06 22:41:35 np0005549343.novalocal container-server[96576]: ::1 - - [07/Dec/2025:03:41:35 +0000] "GET /3/123717/AUTH_9cb2db62181546998c52314d1567748c/gnocchi.8a741be1-81ed-47f5-aecf-e2216f7eaadd" 200 357 "GET https://[::1]:8080/v1/AUTH_9cb2db62181546998c52314d1567748c/gnocchi.8a741be1-81ed-47f5-aecf-e2216f7eaadd?format=json&states=listing" "tx4bcb7fe50dbb4ec291f9b-006934f76f" "proxy-server 97857" 0.0086 "-" 96576 0
Dec 06 22:41:35 np0005549343.novalocal proxy-server[97857]: ::1 ::1 07/Dec/2025/03/41/35 GET /v1/AUTH_9cb2db62181546998c52314d1567748c/gnocchi.8a741be1-81ed-47f5-aecf-e2216f7eaadd%3Fformat%3Djson%26states%3Dlisting HTTP/1.0 200 - python-swiftclient-4.8.0 gAAAAABpNPckgn8e... - 357 - tx4bcb7fe50dbb4ec291f9b-006934f76f - 0.0208 - - 1765078895.558256388 1765078895.579100132 0 0c044fc9f411403aa3ab5cf8f2b14495
Dec 06 22:41:35 np0005549343.novalocal container-server[96576]: ::1 - - [07/Dec/2025:03:41:35 +0000] "GET /1/123717/AUTH_9cb2db62181546998c52314d1567748c/gnocchi.8a741be1-81ed-47f5-aecf-e2216f7eaadd" 200 2 "GET https://[::1]:8080/v1/AUTH_9cb2db62181546998c52314d1567748c/gnocchi.8a741be1-81ed-47f5-aecf-e2216f7eaadd?format=json&marker=none_v3&states=listing" "tx8c4f021f69884906a28ea-006934f76f" "proxy-server 97857" 0.0112 "-" 96576 0
Dec 06 22:41:35 np0005549343.novalocal proxy-server[97857]: ::1 ::1 07/Dec/2025/03/41/35 GET /v1/AUTH_9cb2db62181546998c52314d1567748c/gnocchi.8a741be1-81ed-47f5-aecf-e2216f7eaadd%3Fformat%3Djson%26marker%3Dnone_v3%26states%3Dlisting HTTP/1.0 200 - python-swiftclient-4.8.0 gAAAAABpNPckgn8e... - 2 - tx8c4f021f69884906a28ea-006934f76f - 0.0226 - - 1765078895.583217859 1765078895.605769634 0 0c044fc9f411403aa3ab5cf8f2b14495
Dec 06 22:41:35 np0005549343.novalocal object-server[96909]: ::1 - - [07/Dec/2025:03:41:35 +0000] "GET /3/97368/AUTH_9cb2db62181546998c52314d1567748c/gnocchi.8a741be1-81ed-47f5-aecf-e2216f7eaadd/1764720000.0_mean_300.0_v3" 200 16 "GET https://[::1]:8080/v1/AUTH_9cb2db62181546998c52314d1567748c/gnocchi.8a741be1-81ed-47f5-aecf-e2216f7eaadd/1764720000.0_mean_300.0_v3" "tx653df16d9e954390af7ed-006934f76f" "proxy-server 97857" 0.0018 "-" 96909 0
Dec 06 22:41:35 np0005549343.novalocal proxy-server[97857]: ::1 ::1 07/Dec/2025/03/41/35 GET /v1/AUTH_9cb2db62181546998c52314d1567748c/gnocchi.8a741be1-81ed-47f5-aecf-e2216f7eaadd/1764720000.0_mean_300.0_v3 HTTP/1.0 200 - python-swiftclient-4.8.0 gAAAAABpNPckgn8e... - 16 - tx653df16d9e954390af7ed-006934f76f - 0.0119 - - 1765078895.610439777 1765078895.622369051 0 0c044fc9f411403aa3ab5cf8f2b14495
Dec 06 22:41:35 np0005549343.novalocal container-server[96575]: ::1 - - [07/Dec/2025:03:41:35 +0000] "PUT /2/123717/AUTH_9cb2db62181546998c52314d1567748c/gnocchi.8a741be1-81ed-47f5-aecf-e2216f7eaadd/1764720000.0_mean_300.0_v3" 201 - "PUT http://[::1]:8080/2/97368/AUTH_9cb2db62181546998c52314d1567748c/gnocchi.8a741be1-81ed-47f5-aecf-e2216f7eaadd/1764720000.0_mean_300.0_v3" "txaaf7094bb588471284768-006934f76f" "object-server 96910" 0.0011 "-" 96575 0
Dec 06 22:41:35 np0005549343.novalocal object-server[96910]: ::1 - - [07/Dec/2025:03:41:35 +0000] "PUT /2/97368/AUTH_9cb2db62181546998c52314d1567748c/gnocchi.8a741be1-81ed-47f5-aecf-e2216f7eaadd/1764720000.0_mean_300.0_v3" 201 - "PUT https://[::1]:8080/v1/AUTH_9cb2db62181546998c52314d1567748c/gnocchi.8a741be1-81ed-47f5-aecf-e2216f7eaadd/1764720000.0_mean_300.0_v3" "txaaf7094bb588471284768-006934f76f" "proxy-server 97857" 0.0194 "-" 96910 0
Dec 06 22:41:35 np0005549343.novalocal container-server[96575]: ::1 - - [07/Dec/2025:03:41:35 +0000] "PUT /1/123717/AUTH_9cb2db62181546998c52314d1567748c/gnocchi.8a741be1-81ed-47f5-aecf-e2216f7eaadd/1764720000.0_mean_300.0_v3" 201 - "PUT http://[::1]:8080/1/97368/AUTH_9cb2db62181546998c52314d1567748c/gnocchi.8a741be1-81ed-47f5-aecf-e2216f7eaadd/1764720000.0_mean_300.0_v3" "txaaf7094bb588471284768-006934f76f" "object-server 96909" 0.0009 "-" 96575 0
Dec 06 22:41:35 np0005549343.novalocal container-server[96576]: ::1 - - [07/Dec/2025:03:41:35 +0000] "PUT /3/123717/AUTH_9cb2db62181546998c52314d1567748c/gnocchi.8a741be1-81ed-47f5-aecf-e2216f7eaadd/1764720000.0_mean_300.0_v3" 201 - "PUT http://[::1]:8080/3/97368/AUTH_9cb2db62181546998c52314d1567748c/gnocchi.8a741be1-81ed-47f5-aecf-e2216f7eaadd/1764720000.0_mean_300.0_v3" "txaaf7094bb588471284768-006934f76f" "object-server 96909" 0.0007 "-" 96576 0
Dec 06 22:41:35 np0005549343.novalocal object-server[96909]: ::1 - - [07/Dec/2025:03:41:35 +0000] "PUT /1/97368/AUTH_9cb2db62181546998c52314d1567748c/gnocchi.8a741be1-81ed-47f5-aecf-e2216f7eaadd/1764720000.0_mean_300.0_v3" 201 - "PUT https://[::1]:8080/v1/AUTH_9cb2db62181546998c52314d1567748c/gnocchi.8a741be1-81ed-47f5-aecf-e2216f7eaadd/1764720000.0_mean_300.0_v3" "txaaf7094bb588471284768-006934f76f" "proxy-server 97857" 0.0186 "-" 96909 0
Dec 06 22:41:35 np0005549343.novalocal object-server[96909]: ::1 - - [07/Dec/2025:03:41:35 +0000] "PUT /3/97368/AUTH_9cb2db62181546998c52314d1567748c/gnocchi.8a741be1-81ed-47f5-aecf-e2216f7eaadd/1764720000.0_mean_300.0_v3" 201 - "PUT https://[::1]:8080/v1/AUTH_9cb2db62181546998c52314d1567748c/gnocchi.8a741be1-81ed-47f5-aecf-e2216f7eaadd/1764720000.0_mean_300.0_v3" "txaaf7094bb588471284768-006934f76f" "proxy-server 97857" 0.0236 "-" 96909 0
Dec 06 22:41:35 np0005549343.novalocal proxy-server[97857]: ::1 ::1 07/Dec/2025/03/41/35 PUT /v1/AUTH_9cb2db62181546998c52314d1567748c/gnocchi.8a741be1-81ed-47f5-aecf-e2216f7eaadd/1764720000.0_mean_300.0_v3 HTTP/1.0 201 - python-swiftclient-4.8.0 gAAAAABpNPckgn8e... 16 - - txaaf7094bb588471284768-006934f76f - 0.0392 - - 1765078895.629472733 1765078895.668678045 0 0c044fc9f411403aa3ab5cf8f2b14495
Dec 06 22:41:35 np0005549343.novalocal container-server[96575]: ::1 - - [07/Dec/2025:03:41:35 +0000] "PUT /3/123717/AUTH_9cb2db62181546998c52314d1567748c/gnocchi.8a741be1-81ed-47f5-aecf-e2216f7eaadd/none_v3" 201 - "PUT http://[::1]:8080/2/187521/AUTH_9cb2db62181546998c52314d1567748c/gnocchi.8a741be1-81ed-47f5-aecf-e2216f7eaadd/none_v3" "txe846c7caf53c48bf82ff5-006934f76f" "object-server 96910" 0.0008 "-" 96575 0
Dec 06 22:41:35 np0005549343.novalocal object-server[96910]: ::1 - - [07/Dec/2025:03:41:35 +0000] "PUT /2/187521/AUTH_9cb2db62181546998c52314d1567748c/gnocchi.8a741be1-81ed-47f5-aecf-e2216f7eaadd/none_v3" 201 - "PUT https://[::1]:8080/v1/AUTH_9cb2db62181546998c52314d1567748c/gnocchi.8a741be1-81ed-47f5-aecf-e2216f7eaadd/none_v3" "txe846c7caf53c48bf82ff5-006934f76f" "proxy-server 97857" 0.0263 "-" 96910 0
Dec 06 22:41:35 np0005549343.novalocal container-server[96576]: ::1 - - [07/Dec/2025:03:41:35 +0000] "PUT /1/123717/AUTH_9cb2db62181546998c52314d1567748c/gnocchi.8a741be1-81ed-47f5-aecf-e2216f7eaadd/none_v3" 201 - "PUT http://[::1]:8080/1/187521/AUTH_9cb2db62181546998c52314d1567748c/gnocchi.8a741be1-81ed-47f5-aecf-e2216f7eaadd/none_v3" "txe846c7caf53c48bf82ff5-006934f76f" "object-server 96909" 0.0009 "-" 96576 0
Dec 06 22:41:35 np0005549343.novalocal container-server[96575]: ::1 - - [07/Dec/2025:03:41:35 +0000] "PUT /2/123717/AUTH_9cb2db62181546998c52314d1567748c/gnocchi.8a741be1-81ed-47f5-aecf-e2216f7eaadd/none_v3" 201 - "PUT http://[::1]:8080/3/187521/AUTH_9cb2db62181546998c52314d1567748c/gnocchi.8a741be1-81ed-47f5-aecf-e2216f7eaadd/none_v3" "txe846c7caf53c48bf82ff5-006934f76f" "object-server 96910" 0.0005 "-" 96575 0
Dec 06 22:41:35 np0005549343.novalocal object-server[96909]: ::1 - - [07/Dec/2025:03:41:35 +0000] "PUT /1/187521/AUTH_9cb2db62181546998c52314d1567748c/gnocchi.8a741be1-81ed-47f5-aecf-e2216f7eaadd/none_v3" 201 - "PUT https://[::1]:8080/v1/AUTH_9cb2db62181546998c52314d1567748c/gnocchi.8a741be1-81ed-47f5-aecf-e2216f7eaadd/none_v3" "txe846c7caf53c48bf82ff5-006934f76f" "proxy-server 97857" 0.0277 "-" 96909 0
Dec 06 22:41:35 np0005549343.novalocal object-server[96910]: ::1 - - [07/Dec/2025:03:41:35 +0000] "PUT /3/187521/AUTH_9cb2db62181546998c52314d1567748c/gnocchi.8a741be1-81ed-47f5-aecf-e2216f7eaadd/none_v3" 201 - "PUT https://[::1]:8080/v1/AUTH_9cb2db62181546998c52314d1567748c/gnocchi.8a741be1-81ed-47f5-aecf-e2216f7eaadd/none_v3" "txe846c7caf53c48bf82ff5-006934f76f" "proxy-server 97857" 0.0259 "-" 96910 0
Dec 06 22:41:35 np0005549343.novalocal proxy-server[97857]: ::1 ::1 07/Dec/2025/03/41/35 PUT /v1/AUTH_9cb2db62181546998c52314d1567748c/gnocchi.8a741be1-81ed-47f5-aecf-e2216f7eaadd/none_v3 HTTP/1.0 201 - python-swiftclient-4.8.0 gAAAAABpNPckgn8e... 76 - - txe846c7caf53c48bf82ff5-006934f76f - 0.0411 - - 1765078895.673321247 1765078895.714448452 0 0c044fc9f411403aa3ab5cf8f2b14495
Dec 06 22:41:38 np0005549343.novalocal object-server[96910]: ::1 - - [07/Dec/2025:03:41:38 +0000] "GET /1/130820/AUTH_9cb2db62181546998c52314d1567748c/gnocchi.1a7775db-355a-4364-8e23-94110f57c20c/none_v3" 200 76 "GET https://[::1]:8080/v1/AUTH_9cb2db62181546998c52314d1567748c/gnocchi.1a7775db-355a-4364-8e23-94110f57c20c/none_v3" "tx7abba734f2d3479299e7e-006934f772" "proxy-server 97857" 0.0012 "-" 96910 0
Dec 06 22:41:38 np0005549343.novalocal proxy-server[97857]: ::1 ::1 07/Dec/2025/03/41/38 GET /v1/AUTH_9cb2db62181546998c52314d1567748c/gnocchi.1a7775db-355a-4364-8e23-94110f57c20c/none_v3 HTTP/1.0 200 - python-swiftclient-4.8.0 gAAAAABpNPcx8Tdl... - 76 - tx7abba734f2d3479299e7e-006934f772 - 0.0109 - - 1765078898.009416103 1765078898.020318031 0 0c044fc9f411403aa3ab5cf8f2b14495
Dec 06 22:41:38 np0005549343.novalocal container-server[96575]: ::1 - - [07/Dec/2025:03:41:38 +0000] "GET /2/142424/AUTH_9cb2db62181546998c52314d1567748c/gnocchi.1a7775db-355a-4364-8e23-94110f57c20c" 200 357 "GET https://[::1]:8080/v1/AUTH_9cb2db62181546998c52314d1567748c/gnocchi.1a7775db-355a-4364-8e23-94110f57c20c?format=json&states=listing" "tx08abf9bdd48047c4bc8fd-006934f772" "proxy-server 97857" 0.0124 "-" 96575 0
Dec 06 22:41:38 np0005549343.novalocal proxy-server[97857]: ::1 ::1 07/Dec/2025/03/41/38 GET /v1/AUTH_9cb2db62181546998c52314d1567748c/gnocchi.1a7775db-355a-4364-8e23-94110f57c20c%3Fformat%3Djson%26states%3Dlisting HTTP/1.0 200 - python-swiftclient-4.8.0 gAAAAABpNPcx8Tdl... - 357 - tx08abf9bdd48047c4bc8fd-006934f772 - 0.0223 - - 1765078898.025170088 1765078898.047508478 0 0c044fc9f411403aa3ab5cf8f2b14495
Dec 06 22:41:38 np0005549343.novalocal container-server[96576]: ::1 - - [07/Dec/2025:03:41:38 +0000] "GET /3/142424/AUTH_9cb2db62181546998c52314d1567748c/gnocchi.1a7775db-355a-4364-8e23-94110f57c20c" 200 2 "GET https://[::1]:8080/v1/AUTH_9cb2db62181546998c52314d1567748c/gnocchi.1a7775db-355a-4364-8e23-94110f57c20c?format=json&marker=none_v3&states=listing" "tx95f9e98116834ae085823-006934f772" "proxy-server 97857" 0.0090 "-" 96576 0
Dec 06 22:41:38 np0005549343.novalocal proxy-server[97857]: ::1 ::1 07/Dec/2025/03/41/38 GET /v1/AUTH_9cb2db62181546998c52314d1567748c/gnocchi.1a7775db-355a-4364-8e23-94110f57c20c%3Fformat%3Djson%26marker%3Dnone_v3%26states%3Dlisting HTTP/1.0 200 - python-swiftclient-4.8.0 gAAAAABpNPcx8Tdl... - 2 - tx95f9e98116834ae085823-006934f772 - 0.0175 - - 1765078898.052176714 1765078898.069636106 0 0c044fc9f411403aa3ab5cf8f2b14495
Dec 06 22:41:38 np0005549343.novalocal object-server[96909]: ::1 - - [07/Dec/2025:03:41:38 +0000] "GET /1/119212/AUTH_9cb2db62181546998c52314d1567748c/gnocchi.1a7775db-355a-4364-8e23-94110f57c20c/1764720000.0_mean_300.0_v3" 200 16 "GET https://[::1]:8080/v1/AUTH_9cb2db62181546998c52314d1567748c/gnocchi.1a7775db-355a-4364-8e23-94110f57c20c/1764720000.0_mean_300.0_v3" "txb74e65217b184ff79e5a1-006934f772" "proxy-server 97857" 0.0011 "-" 96909 0
Dec 06 22:41:38 np0005549343.novalocal proxy-server[97857]: ::1 ::1 07/Dec/2025/03/41/38 GET /v1/AUTH_9cb2db62181546998c52314d1567748c/gnocchi.1a7775db-355a-4364-8e23-94110f57c20c/1764720000.0_mean_300.0_v3 HTTP/1.0 200 - python-swiftclient-4.8.0 gAAAAABpNPcx8Tdl... - 16 - txb74e65217b184ff79e5a1-006934f772 - 0.0066 - - 1765078898.073996544 1765078898.080570698 0 0c044fc9f411403aa3ab5cf8f2b14495
Dec 06 22:41:38 np0005549343.novalocal container-server[96576]: ::1 - - [07/Dec/2025:03:41:38 +0000] "PUT /3/142424/AUTH_9cb2db62181546998c52314d1567748c/gnocchi.1a7775db-355a-4364-8e23-94110f57c20c/1764720000.0_mean_300.0_v3" 201 - "PUT http://[::1]:8080/2/119212/AUTH_9cb2db62181546998c52314d1567748c/gnocchi.1a7775db-355a-4364-8e23-94110f57c20c/1764720000.0_mean_300.0_v3" "txcb091a53df324c199ea2e-006934f772" "object-server 96909" 0.0005 "-" 96576 0
Dec 06 22:41:38 np0005549343.novalocal container-server[96576]: ::1 - - [07/Dec/2025:03:41:38 +0000] "PUT /2/142424/AUTH_9cb2db62181546998c52314d1567748c/gnocchi.1a7775db-355a-4364-8e23-94110f57c20c/1764720000.0_mean_300.0_v3" 201 - "PUT http://[::1]:8080/1/119212/AUTH_9cb2db62181546998c52314d1567748c/gnocchi.1a7775db-355a-4364-8e23-94110f57c20c/1764720000.0_mean_300.0_v3" "txcb091a53df324c199ea2e-006934f772" "object-server 96910" 0.0004 "-" 96576 0
Dec 06 22:41:38 np0005549343.novalocal object-server[96909]: ::1 - - [07/Dec/2025:03:41:38 +0000] "PUT /2/119212/AUTH_9cb2db62181546998c52314d1567748c/gnocchi.1a7775db-355a-4364-8e23-94110f57c20c/1764720000.0_mean_300.0_v3" 201 - "PUT https://[::1]:8080/v1/AUTH_9cb2db62181546998c52314d1567748c/gnocchi.1a7775db-355a-4364-8e23-94110f57c20c/1764720000.0_mean_300.0_v3" "txcb091a53df324c199ea2e-006934f772" "proxy-server 97857" 0.0127 "-" 96909 0
Dec 06 22:41:38 np0005549343.novalocal container-server[96575]: ::1 - - [07/Dec/2025:03:41:38 +0000] "PUT /1/142424/AUTH_9cb2db62181546998c52314d1567748c/gnocchi.1a7775db-355a-4364-8e23-94110f57c20c/1764720000.0_mean_300.0_v3" 201 - "PUT http://[::1]:8080/3/119212/AUTH_9cb2db62181546998c52314d1567748c/gnocchi.1a7775db-355a-4364-8e23-94110f57c20c/1764720000.0_mean_300.0_v3" "txcb091a53df324c199ea2e-006934f772" "object-server 96909" 0.0007 "-" 96575 0
Dec 06 22:41:38 np0005549343.novalocal object-server[96910]: ::1 - - [07/Dec/2025:03:41:38 +0000] "PUT /1/119212/AUTH_9cb2db62181546998c52314d1567748c/gnocchi.1a7775db-355a-4364-8e23-94110f57c20c/1764720000.0_mean_300.0_v3" 201 - "PUT https://[::1]:8080/v1/AUTH_9cb2db62181546998c52314d1567748c/gnocchi.1a7775db-355a-4364-8e23-94110f57c20c/1764720000.0_mean_300.0_v3" "txcb091a53df324c199ea2e-006934f772" "proxy-server 97857" 0.0139 "-" 96910 0
Dec 06 22:41:38 np0005549343.novalocal object-server[96909]: ::1 - - [07/Dec/2025:03:41:38 +0000] "PUT /3/119212/AUTH_9cb2db62181546998c52314d1567748c/gnocchi.1a7775db-355a-4364-8e23-94110f57c20c/1764720000.0_mean_300.0_v3" 201 - "PUT https://[::1]:8080/v1/AUTH_9cb2db62181546998c52314d1567748c/gnocchi.1a7775db-355a-4364-8e23-94110f57c20c/1764720000.0_mean_300.0_v3" "txcb091a53df324c199ea2e-006934f772" "proxy-server 97857" 0.0125 "-" 96909 0
Dec 06 22:41:38 np0005549343.novalocal proxy-server[97857]: ::1 ::1 07/Dec/2025/03/41/38 PUT /v1/AUTH_9cb2db62181546998c52314d1567748c/gnocchi.1a7775db-355a-4364-8e23-94110f57c20c/1764720000.0_mean_300.0_v3 HTTP/1.0 201 - python-swiftclient-4.8.0 gAAAAABpNPcx8Tdl... 16 - - txcb091a53df324c199ea2e-006934f772 - 0.0209 - - 1765078898.084528446 1765078898.105407953 0 0c044fc9f411403aa3ab5cf8f2b14495
Dec 06 22:41:38 np0005549343.novalocal container-server[96575]: ::1 - - [07/Dec/2025:03:41:38 +0000] "PUT /1/142424/AUTH_9cb2db62181546998c52314d1567748c/gnocchi.1a7775db-355a-4364-8e23-94110f57c20c/none_v3" 201 - "PUT http://[::1]:8080/2/130820/AUTH_9cb2db62181546998c52314d1567748c/gnocchi.1a7775db-355a-4364-8e23-94110f57c20c/none_v3" "tx629c75a7fb58475fb0005-006934f772" "object-server 96909" 0.0008 "-" 96575 0
Dec 06 22:41:38 np0005549343.novalocal container-server[96576]: ::1 - - [07/Dec/2025:03:41:38 +0000] "PUT /3/142424/AUTH_9cb2db62181546998c52314d1567748c/gnocchi.1a7775db-355a-4364-8e23-94110f57c20c/none_v3" 201 - "PUT http://[::1]:8080/1/130820/AUTH_9cb2db62181546998c52314d1567748c/gnocchi.1a7775db-355a-4364-8e23-94110f57c20c/none_v3" "tx629c75a7fb58475fb0005-006934f772" "object-server 96910" 0.0005 "-" 96576 0
Dec 06 22:41:38 np0005549343.novalocal object-server[96909]: ::1 - - [07/Dec/2025:03:41:38 +0000] "PUT /2/130820/AUTH_9cb2db62181546998c52314d1567748c/gnocchi.1a7775db-355a-4364-8e23-94110f57c20c/none_v3" 201 - "PUT https://[::1]:8080/v1/AUTH_9cb2db62181546998c52314d1567748c/gnocchi.1a7775db-355a-4364-8e23-94110f57c20c/none_v3" "tx629c75a7fb58475fb0005-006934f772" "proxy-server 97857" 0.0121 "-" 96909 0
Dec 06 22:41:38 np0005549343.novalocal container-server[96576]: ::1 - - [07/Dec/2025:03:41:38 +0000] "PUT /2/142424/AUTH_9cb2db62181546998c52314d1567748c/gnocchi.1a7775db-355a-4364-8e23-94110f57c20c/none_v3" 201 - "PUT http://[::1]:8080/3/130820/AUTH_9cb2db62181546998c52314d1567748c/gnocchi.1a7775db-355a-4364-8e23-94110f57c20c/none_v3" "tx629c75a7fb58475fb0005-006934f772" "object-server 96910" 0.0004 "-" 96576 0
Dec 06 22:41:38 np0005549343.novalocal object-server[96910]: ::1 - - [07/Dec/2025:03:41:38 +0000] "PUT /1/130820/AUTH_9cb2db62181546998c52314d1567748c/gnocchi.1a7775db-355a-4364-8e23-94110f57c20c/none_v3" 201 - "PUT https://[::1]:8080/v1/AUTH_9cb2db62181546998c52314d1567748c/gnocchi.1a7775db-355a-4364-8e23-94110f57c20c/none_v3" "tx629c75a7fb58475fb0005-006934f772" "proxy-server 97857" 0.0130 "-" 96910 0
Dec 06 22:41:38 np0005549343.novalocal object-server[96910]: ::1 - - [07/Dec/2025:03:41:38 +0000] "PUT /3/130820/AUTH_9cb2db62181546998c52314d1567748c/gnocchi.1a7775db-355a-4364-8e23-94110f57c20c/none_v3" 201 - "PUT https://[::1]:8080/v1/AUTH_9cb2db62181546998c52314d1567748c/gnocchi.1a7775db-355a-4364-8e23-94110f57c20c/none_v3" "tx629c75a7fb58475fb0005-006934f772" "proxy-server 97857" 0.0124 "-" 96910 0
Dec 06 22:41:38 np0005549343.novalocal proxy-server[97857]: ::1 ::1 07/Dec/2025/03/41/38 PUT /v1/AUTH_9cb2db62181546998c52314d1567748c/gnocchi.1a7775db-355a-4364-8e23-94110f57c20c/none_v3 HTTP/1.0 201 - python-swiftclient-4.8.0 gAAAAABpNPcx8Tdl... 84 - - tx629c75a7fb58475fb0005-006934f772 - 0.0202 - - 1765078898.108951569 1765078898.129191160 0 0c044fc9f411403aa3ab5cf8f2b14495
Dec 06 22:41:38 np0005549343.novalocal object-server[96909]: ::1 - - [07/Dec/2025:03:41:38 +0000] "GET /1/1222/AUTH_9cb2db62181546998c52314d1567748c/gnocchi.3b68cbb1-ebe4-4d39-a327-1f3d544a1314/none_v3" 200 75 "GET https://[::1]:8080/v1/AUTH_9cb2db62181546998c52314d1567748c/gnocchi.3b68cbb1-ebe4-4d39-a327-1f3d544a1314/none_v3" "tx798e607c02d640bea3ef3-006934f772" "proxy-server 97857" 0.0011 "-" 96909 0
Dec 06 22:41:38 np0005549343.novalocal proxy-server[97857]: ::1 ::1 07/Dec/2025/03/41/38 GET /v1/AUTH_9cb2db62181546998c52314d1567748c/gnocchi.3b68cbb1-ebe4-4d39-a327-1f3d544a1314/none_v3 HTTP/1.0 200 - python-swiftclient-4.8.0 gAAAAABpNPcx8Tdl... - 75 - tx798e607c02d640bea3ef3-006934f772 - 0.0067 - - 1765078898.155081034 1765078898.161737680 0 0c044fc9f411403aa3ab5cf8f2b14495
Dec 06 22:41:38 np0005549343.novalocal container-server[96575]: ::1 - - [07/Dec/2025:03:41:38 +0000] "GET /1/125107/AUTH_9cb2db62181546998c52314d1567748c/gnocchi.3b68cbb1-ebe4-4d39-a327-1f3d544a1314" 200 357 "GET https://[::1]:8080/v1/AUTH_9cb2db62181546998c52314d1567748c/gnocchi.3b68cbb1-ebe4-4d39-a327-1f3d544a1314?format=json&states=listing" "txb2526f1204084ae6b512b-006934f772" "proxy-server 97857" 0.0116 "-" 96575 0
Dec 06 22:41:38 np0005549343.novalocal proxy-server[97857]: ::1 ::1 07/Dec/2025/03/41/38 GET /v1/AUTH_9cb2db62181546998c52314d1567748c/gnocchi.3b68cbb1-ebe4-4d39-a327-1f3d544a1314%3Fformat%3Djson%26states%3Dlisting HTTP/1.0 200 - python-swiftclient-4.8.0 gAAAAABpNPcx8Tdl... - 357 - txb2526f1204084ae6b512b-006934f772 - 0.0205 - - 1765078898.166619062 1765078898.187089920 0 0c044fc9f411403aa3ab5cf8f2b14495
Dec 06 22:41:38 np0005549343.novalocal container-server[96576]: ::1 - - [07/Dec/2025:03:41:38 +0000] "GET /1/125107/AUTH_9cb2db62181546998c52314d1567748c/gnocchi.3b68cbb1-ebe4-4d39-a327-1f3d544a1314" 200 2 "GET https://[::1]:8080/v1/AUTH_9cb2db62181546998c52314d1567748c/gnocchi.3b68cbb1-ebe4-4d39-a327-1f3d544a1314?format=json&marker=none_v3&states=listing" "tx428eb273d8304f4cb602d-006934f772" "proxy-server 97857" 0.0036 "-" 96576 0
Dec 06 22:41:38 np0005549343.novalocal proxy-server[97857]: ::1 ::1 07/Dec/2025/03/41/38 GET /v1/AUTH_9cb2db62181546998c52314d1567748c/gnocchi.3b68cbb1-ebe4-4d39-a327-1f3d544a1314%3Fformat%3Djson%26marker%3Dnone_v3%26states%3Dlisting HTTP/1.0 200 - python-swiftclient-4.8.0 gAAAAABpNPcx8Tdl... - 2 - tx428eb273d8304f4cb602d-006934f772 - 0.0141 - - 1765078898.191284418 1765078898.205346584 0 0c044fc9f411403aa3ab5cf8f2b14495
Dec 06 22:41:38 np0005549343.novalocal object-server[96909]: ::1 - - [07/Dec/2025:03:41:38 +0000] "GET /1/129707/AUTH_9cb2db62181546998c52314d1567748c/gnocchi.3b68cbb1-ebe4-4d39-a327-1f3d544a1314/1764720000.0_mean_300.0_v3" 200 16 "GET https://[::1]:8080/v1/AUTH_9cb2db62181546998c52314d1567748c/gnocchi.3b68cbb1-ebe4-4d39-a327-1f3d544a1314/1764720000.0_mean_300.0_v3" "tx4e0041d3d67f4fdb8eb17-006934f772" "proxy-server 97857" 0.0011 "-" 96909 0
Dec 06 22:41:38 np0005549343.novalocal proxy-server[97857]: ::1 ::1 07/Dec/2025/03/41/38 GET /v1/AUTH_9cb2db62181546998c52314d1567748c/gnocchi.3b68cbb1-ebe4-4d39-a327-1f3d544a1314/1764720000.0_mean_300.0_v3 HTTP/1.0 200 - python-swiftclient-4.8.0 gAAAAABpNPcx8Tdl... - 16 - tx4e0041d3d67f4fdb8eb17-006934f772 - 0.0112 - - 1765078898.210460424 1765078898.221706152 0 0c044fc9f411403aa3ab5cf8f2b14495
Dec 06 22:41:38 np0005549343.novalocal container-server[96576]: ::1 - - [07/Dec/2025:03:41:38 +0000] "PUT /3/125107/AUTH_9cb2db62181546998c52314d1567748c/gnocchi.3b68cbb1-ebe4-4d39-a327-1f3d544a1314/1764720000.0_mean_300.0_v3" 201 - "PUT http://[::1]:8080/3/129707/AUTH_9cb2db62181546998c52314d1567748c/gnocchi.3b68cbb1-ebe4-4d39-a327-1f3d544a1314/1764720000.0_mean_300.0_v3" "tx0e982fcd89d2418b8a86a-006934f772" "object-server 96910" 0.0008 "-" 96576 0
Dec 06 22:41:38 np0005549343.novalocal object-server[96910]: ::1 - - [07/Dec/2025:03:41:38 +0000] "PUT /3/129707/AUTH_9cb2db62181546998c52314d1567748c/gnocchi.3b68cbb1-ebe4-4d39-a327-1f3d544a1314/1764720000.0_mean_300.0_v3" 201 - "PUT https://[::1]:8080/v1/AUTH_9cb2db62181546998c52314d1567748c/gnocchi.3b68cbb1-ebe4-4d39-a327-1f3d544a1314/1764720000.0_mean_300.0_v3" "tx0e982fcd89d2418b8a86a-006934f772" "proxy-server 97857" 0.0162 "-" 96910 0
Dec 06 22:41:38 np0005549343.novalocal container-server[96576]: ::1 - - [07/Dec/2025:03:41:38 +0000] "PUT /2/125107/AUTH_9cb2db62181546998c52314d1567748c/gnocchi.3b68cbb1-ebe4-4d39-a327-1f3d544a1314/1764720000.0_mean_300.0_v3" 201 - "PUT http://[::1]:8080/1/129707/AUTH_9cb2db62181546998c52314d1567748c/gnocchi.3b68cbb1-ebe4-4d39-a327-1f3d544a1314/1764720000.0_mean_300.0_v3" "tx0e982fcd89d2418b8a86a-006934f772" "object-server 96909" 0.0007 "-" 96576 0
Dec 06 22:41:38 np0005549343.novalocal object-server[96909]: ::1 - - [07/Dec/2025:03:41:38 +0000] "PUT /1/129707/AUTH_9cb2db62181546998c52314d1567748c/gnocchi.3b68cbb1-ebe4-4d39-a327-1f3d544a1314/1764720000.0_mean_300.0_v3" 201 - "PUT https://[::1]:8080/v1/AUTH_9cb2db62181546998c52314d1567748c/gnocchi.3b68cbb1-ebe4-4d39-a327-1f3d544a1314/1764720000.0_mean_300.0_v3" "tx0e982fcd89d2418b8a86a-006934f772" "proxy-server 97857" 0.0186 "-" 96909 0
Dec 06 22:41:38 np0005549343.novalocal container-server[96576]: ::1 - - [07/Dec/2025:03:41:38 +0000] "PUT /1/125107/AUTH_9cb2db62181546998c52314d1567748c/gnocchi.3b68cbb1-ebe4-4d39-a327-1f3d544a1314/1764720000.0_mean_300.0_v3" 201 - "PUT http://[::1]:8080/2/129707/AUTH_9cb2db62181546998c52314d1567748c/gnocchi.3b68cbb1-ebe4-4d39-a327-1f3d544a1314/1764720000.0_mean_300.0_v3" "tx0e982fcd89d2418b8a86a-006934f772" "object-server 96909" 0.0007 "-" 96576 0
Dec 06 22:41:38 np0005549343.novalocal object-server[96909]: ::1 - - [07/Dec/2025:03:41:38 +0000] "PUT /2/129707/AUTH_9cb2db62181546998c52314d1567748c/gnocchi.3b68cbb1-ebe4-4d39-a327-1f3d544a1314/1764720000.0_mean_300.0_v3" 201 - "PUT https://[::1]:8080/v1/AUTH_9cb2db62181546998c52314d1567748c/gnocchi.3b68cbb1-ebe4-4d39-a327-1f3d544a1314/1764720000.0_mean_300.0_v3" "tx0e982fcd89d2418b8a86a-006934f772" "proxy-server 97857" 0.0176 "-" 96909 0
Dec 06 22:41:38 np0005549343.novalocal proxy-server[97857]: ::1 ::1 07/Dec/2025/03/41/38 PUT /v1/AUTH_9cb2db62181546998c52314d1567748c/gnocchi.3b68cbb1-ebe4-4d39-a327-1f3d544a1314/1764720000.0_mean_300.0_v3 HTTP/1.0 201 - python-swiftclient-4.8.0 gAAAAABpNPcx8Tdl... 16 - - tx0e982fcd89d2418b8a86a-006934f772 - 0.0329 - - 1765078898.226460457 1765078898.259331942 0 0c044fc9f411403aa3ab5cf8f2b14495
Dec 06 22:41:38 np0005549343.novalocal container-server[96575]: ::1 - - [07/Dec/2025:03:41:38 +0000] "PUT /2/125107/AUTH_9cb2db62181546998c52314d1567748c/gnocchi.3b68cbb1-ebe4-4d39-a327-1f3d544a1314/none_v3" 201 - "PUT http://[::1]:8080/1/1222/AUTH_9cb2db62181546998c52314d1567748c/gnocchi.3b68cbb1-ebe4-4d39-a327-1f3d544a1314/none_v3" "txd1c21934c1064046ba807-006934f772" "object-server 96910" 0.0011 "-" 96575 0
Dec 06 22:41:38 np0005549343.novalocal object-server[96910]: ::1 - - [07/Dec/2025:03:41:38 +0000] "PUT /1/1222/AUTH_9cb2db62181546998c52314d1567748c/gnocchi.3b68cbb1-ebe4-4d39-a327-1f3d544a1314/none_v3" 201 - "PUT https://[::1]:8080/v1/AUTH_9cb2db62181546998c52314d1567748c/gnocchi.3b68cbb1-ebe4-4d39-a327-1f3d544a1314/none_v3" "txd1c21934c1064046ba807-006934f772" "proxy-server 97857" 0.0171 "-" 96910 0
Dec 06 22:41:38 np0005549343.novalocal container-server[96575]: ::1 - - [07/Dec/2025:03:41:38 +0000] "PUT /3/125107/AUTH_9cb2db62181546998c52314d1567748c/gnocchi.3b68cbb1-ebe4-4d39-a327-1f3d544a1314/none_v3" 201 - "PUT http://[::1]:8080/3/1222/AUTH_9cb2db62181546998c52314d1567748c/gnocchi.3b68cbb1-ebe4-4d39-a327-1f3d544a1314/none_v3" "txd1c21934c1064046ba807-006934f772" "object-server 96909" 0.0010 "-" 96575 0
Dec 06 22:41:38 np0005549343.novalocal object-server[96909]: ::1 - - [07/Dec/2025:03:41:38 +0000] "PUT /3/1222/AUTH_9cb2db62181546998c52314d1567748c/gnocchi.3b68cbb1-ebe4-4d39-a327-1f3d544a1314/none_v3" 201 - "PUT https://[::1]:8080/v1/AUTH_9cb2db62181546998c52314d1567748c/gnocchi.3b68cbb1-ebe4-4d39-a327-1f3d544a1314/none_v3" "txd1c21934c1064046ba807-006934f772" "proxy-server 97857" 0.0201 "-" 96909 0
Dec 06 22:41:38 np0005549343.novalocal container-server[96575]: ::1 - - [07/Dec/2025:03:41:38 +0000] "PUT /1/125107/AUTH_9cb2db62181546998c52314d1567748c/gnocchi.3b68cbb1-ebe4-4d39-a327-1f3d544a1314/none_v3" 201 - "PUT http://[::1]:8080/2/1222/AUTH_9cb2db62181546998c52314d1567748c/gnocchi.3b68cbb1-ebe4-4d39-a327-1f3d544a1314/none_v3" "txd1c21934c1064046ba807-006934f772" "object-server 96910" 0.0012 "-" 96575 0
Dec 06 22:41:38 np0005549343.novalocal object-server[96910]: ::1 - - [07/Dec/2025:03:41:38 +0000] "PUT /2/1222/AUTH_9cb2db62181546998c52314d1567748c/gnocchi.3b68cbb1-ebe4-4d39-a327-1f3d544a1314/none_v3" 201 - "PUT https://[::1]:8080/v1/AUTH_9cb2db62181546998c52314d1567748c/gnocchi.3b68cbb1-ebe4-4d39-a327-1f3d544a1314/none_v3" "txd1c21934c1064046ba807-006934f772" "proxy-server 97857" 0.0193 "-" 96910 0
Dec 06 22:41:38 np0005549343.novalocal proxy-server[97857]: ::1 ::1 07/Dec/2025/03/41/38 PUT /v1/AUTH_9cb2db62181546998c52314d1567748c/gnocchi.3b68cbb1-ebe4-4d39-a327-1f3d544a1314/none_v3 HTTP/1.0 201 - python-swiftclient-4.8.0 gAAAAABpNPcx8Tdl... 83 - - txd1c21934c1064046ba807-006934f772 - 0.0349 - - 1765078898.264160156 1765078898.299011230 0 0c044fc9f411403aa3ab5cf8f2b14495
Dec 06 22:41:38 np0005549343.novalocal object-server[96910]: ::1 - - [07/Dec/2025:03:41:38 +0000] "GET /2/38476/AUTH_9cb2db62181546998c52314d1567748c/gnocchi.e0bcb974-4bc6-4426-88f8-d589e00e99d2/none_v3" 200 68 "GET https://[::1]:8080/v1/AUTH_9cb2db62181546998c52314d1567748c/gnocchi.e0bcb974-4bc6-4426-88f8-d589e00e99d2/none_v3" "tx6d8bb85206594a7b98fa6-006934f772" "proxy-server 97857" 0.0015 "-" 96910 0
Dec 06 22:41:38 np0005549343.novalocal proxy-server[97857]: ::1 ::1 07/Dec/2025/03/41/38 GET /v1/AUTH_9cb2db62181546998c52314d1567748c/gnocchi.e0bcb974-4bc6-4426-88f8-d589e00e99d2/none_v3 HTTP/1.0 200 - python-swiftclient-4.8.0 gAAAAABpNPcx8Tdl... - 68 - tx6d8bb85206594a7b98fa6-006934f772 - 0.0131 - - 1765078898.389245749 1765078898.402335405 0 0c044fc9f411403aa3ab5cf8f2b14495
Dec 06 22:41:38 np0005549343.novalocal container-server[96575]: ::1 - - [07/Dec/2025:03:41:38 +0000] "GET /2/191780/AUTH_9cb2db62181546998c52314d1567748c/gnocchi.e0bcb974-4bc6-4426-88f8-d589e00e99d2" 200 357 "GET https://[::1]:8080/v1/AUTH_9cb2db62181546998c52314d1567748c/gnocchi.e0bcb974-4bc6-4426-88f8-d589e00e99d2?format=json&states=listing" "tx83c5e97180d541758ea82-006934f772" "proxy-server 97857" 0.0097 "-" 96575 0
Dec 06 22:41:38 np0005549343.novalocal proxy-server[97857]: ::1 ::1 07/Dec/2025/03/41/38 GET /v1/AUTH_9cb2db62181546998c52314d1567748c/gnocchi.e0bcb974-4bc6-4426-88f8-d589e00e99d2%3Fformat%3Djson%26states%3Dlisting HTTP/1.0 200 - python-swiftclient-4.8.0 gAAAAABpNPcx8Tdl... - 357 - tx83c5e97180d541758ea82-006934f772 - 0.0194 - - 1765078898.406407833 1765078898.425853729 0 0c044fc9f411403aa3ab5cf8f2b14495
Dec 06 22:41:38 np0005549343.novalocal container-server[96575]: ::1 - - [07/Dec/2025:03:41:38 +0000] "GET /3/191780/AUTH_9cb2db62181546998c52314d1567748c/gnocchi.e0bcb974-4bc6-4426-88f8-d589e00e99d2" 200 2 "GET https://[::1]:8080/v1/AUTH_9cb2db62181546998c52314d1567748c/gnocchi.e0bcb974-4bc6-4426-88f8-d589e00e99d2?format=json&marker=none_v3&states=listing" "txde3ec80ca14f4e3e94575-006934f772" "proxy-server 97857" 0.0085 "-" 96575 0
Dec 06 22:41:38 np0005549343.novalocal proxy-server[97857]: ::1 ::1 07/Dec/2025/03/41/38 GET /v1/AUTH_9cb2db62181546998c52314d1567748c/gnocchi.e0bcb974-4bc6-4426-88f8-d589e00e99d2%3Fformat%3Djson%26marker%3Dnone_v3%26states%3Dlisting HTTP/1.0 200 - python-swiftclient-4.8.0 gAAAAABpNPcx8Tdl... - 2 - txde3ec80ca14f4e3e94575-006934f772 - 0.0157 - - 1765078898.428650141 1765078898.444396019 0 0c044fc9f411403aa3ab5cf8f2b14495
Dec 06 22:41:38 np0005549343.novalocal object-server[96910]: ::1 - - [07/Dec/2025:03:41:38 +0000] "GET /3/164983/AUTH_9cb2db62181546998c52314d1567748c/gnocchi.e0bcb974-4bc6-4426-88f8-d589e00e99d2/1764720000.0_mean_300.0_v3" 200 16 "GET https://[::1]:8080/v1/AUTH_9cb2db62181546998c52314d1567748c/gnocchi.e0bcb974-4bc6-4426-88f8-d589e00e99d2/1764720000.0_mean_300.0_v3" "tx9b7ff8c30b584ab4809b1-006934f772" "proxy-server 97857" 0.0012 "-" 96910 0
Dec 06 22:41:38 np0005549343.novalocal proxy-server[97857]: ::1 ::1 07/Dec/2025/03/41/38 GET /v1/AUTH_9cb2db62181546998c52314d1567748c/gnocchi.e0bcb974-4bc6-4426-88f8-d589e00e99d2/1764720000.0_mean_300.0_v3 HTTP/1.0 200 - python-swiftclient-4.8.0 gAAAAABpNPcx8Tdl... - 16 - tx9b7ff8c30b584ab4809b1-006934f772 - 0.0077 - - 1765078898.449648857 1765078898.457304478 0 0c044fc9f411403aa3ab5cf8f2b14495
Dec 06 22:41:38 np0005549343.novalocal container-server[96576]: ::1 - - [07/Dec/2025:03:41:38 +0000] "PUT /3/191780/AUTH_9cb2db62181546998c52314d1567748c/gnocchi.e0bcb974-4bc6-4426-88f8-d589e00e99d2/1764720000.0_mean_300.0_v3" 201 - "PUT http://[::1]:8080/3/164983/AUTH_9cb2db62181546998c52314d1567748c/gnocchi.e0bcb974-4bc6-4426-88f8-d589e00e99d2/1764720000.0_mean_300.0_v3" "tx1b107cae1dfd4fc78cfa6-006934f772" "object-server 96909" 0.0006 "-" 96576 0
Dec 06 22:41:38 np0005549343.novalocal object-server[96909]: ::1 - - [07/Dec/2025:03:41:38 +0000] "PUT /3/164983/AUTH_9cb2db62181546998c52314d1567748c/gnocchi.e0bcb974-4bc6-4426-88f8-d589e00e99d2/1764720000.0_mean_300.0_v3" 201 - "PUT https://[::1]:8080/v1/AUTH_9cb2db62181546998c52314d1567748c/gnocchi.e0bcb974-4bc6-4426-88f8-d589e00e99d2/1764720000.0_mean_300.0_v3" "tx1b107cae1dfd4fc78cfa6-006934f772" "proxy-server 97857" 0.0116 "-" 96909 0
Dec 06 22:41:38 np0005549343.novalocal container-server[96576]: ::1 - - [07/Dec/2025:03:41:38 +0000] "PUT /2/191780/AUTH_9cb2db62181546998c52314d1567748c/gnocchi.e0bcb974-4bc6-4426-88f8-d589e00e99d2/1764720000.0_mean_300.0_v3" 201 - "PUT http://[::1]:8080/1/164983/AUTH_9cb2db62181546998c52314d1567748c/gnocchi.e0bcb974-4bc6-4426-88f8-d589e00e99d2/1764720000.0_mean_300.0_v3" "tx1b107cae1dfd4fc78cfa6-006934f772" "object-server 96910" 0.0006 "-" 96576 0
