Dec 06 22:40:58 np0005549343.novalocal container-server[96576]: ::1 - - [07/Dec/2025:03:40:58 +0000] "PUT /1/34230/AUTH_9cb2db62181546998c52314d1567748c/gnocchi.36fa1bb7-f577-4dcd-bb80-2148218fc649/1764720000.0_mean_300.0_v3" 201 - "PUT http://[::1]:8080/3/142052/AUTH_9cb2db62181546998c52314d1567748c/gnocchi.36fa1bb7-f577-4dcd-bb80-2148218fc649/1764720000.0_mean_300.0_v3" "txec61e226113242a5a47fc-006934f74a" "object-server 96910" 0.0007 "-" 96576 0
Dec 06 22:40:58 np0005549343.novalocal container-server[96575]: ::1 - - [07/Dec/2025:03:40:58 +0000] "PUT /2/34230/AUTH_9cb2db62181546998c52314d1567748c/gnocchi.36fa1bb7-f577-4dcd-bb80-2148218fc649/1764720000.0_mean_300.0_v3" 201 - "PUT http://[::1]:8080/2/142052/AUTH_9cb2db62181546998c52314d1567748c/gnocchi.36fa1bb7-f577-4dcd-bb80-2148218fc649/1764720000.0_mean_300.0_v3" "txec61e226113242a5a47fc-006934f74a" "object-server 96910" 0.0010 "-" 96575 0
Dec 06 22:40:58 np0005549343.novalocal object-server[96910]: ::1 - - [07/Dec/2025:03:40:58 +0000] "PUT /3/142052/AUTH_9cb2db62181546998c52314d1567748c/gnocchi.36fa1bb7-f577-4dcd-bb80-2148218fc649/1764720000.0_mean_300.0_v3" 201 - "PUT https://[::1]:8080/v1/AUTH_9cb2db62181546998c52314d1567748c/gnocchi.36fa1bb7-f577-4dcd-bb80-2148218fc649/1764720000.0_mean_300.0_v3" "txec61e226113242a5a47fc-006934f74a" "proxy-server 97857" 0.0176 "-" 96910 0
Dec 06 22:40:58 np0005549343.novalocal object-server[96910]: ::1 - - [07/Dec/2025:03:40:58 +0000] "PUT /2/142052/AUTH_9cb2db62181546998c52314d1567748c/gnocchi.36fa1bb7-f577-4dcd-bb80-2148218fc649/1764720000.0_mean_300.0_v3" 201 - "PUT https://[::1]:8080/v1/AUTH_9cb2db62181546998c52314d1567748c/gnocchi.36fa1bb7-f577-4dcd-bb80-2148218fc649/1764720000.0_mean_300.0_v3" "txec61e226113242a5a47fc-006934f74a" "proxy-server 97857" 0.0217 "-" 96910 0
Dec 06 22:40:58 np0005549343.novalocal proxy-server[97857]: ::1 ::1 07/Dec/2025/03/40/58 PUT /v1/AUTH_9cb2db62181546998c52314d1567748c/gnocchi.36fa1bb7-f577-4dcd-bb80-2148218fc649/1764720000.0_mean_300.0_v3 HTTP/1.0 201 - python-swiftclient-4.8.0 gAAAAABpNPckgn8e... 16 - - txec61e226113242a5a47fc-006934f74a - 0.0319 - - 1765078858.048211098 1765078858.080126047 0 0c044fc9f411403aa3ab5cf8f2b14495
Dec 06 22:40:58 np0005549343.novalocal container-server[96575]: ::1 - - [07/Dec/2025:03:40:58 +0000] "PUT /3/202407/AUTH_9cb2db62181546998c52314d1567748c/gnocchi.9ec5e3cb-18bf-4a5c-9ac1-4ce9befcee49/1764720000.0_mean_300.0_v3" 201 - "PUT http://[::1]:8080/3/141122/AUTH_9cb2db62181546998c52314d1567748c/gnocchi.9ec5e3cb-18bf-4a5c-9ac1-4ce9befcee49/1764720000.0_mean_300.0_v3" "txd61ea27cc05d43fab27f6-006934f74a" "object-server 96910" 0.0006 "-" 96575 0
Dec 06 22:40:58 np0005549343.novalocal object-server[96910]: ::1 - - [07/Dec/2025:03:40:58 +0000] "PUT /3/141122/AUTH_9cb2db62181546998c52314d1567748c/gnocchi.9ec5e3cb-18bf-4a5c-9ac1-4ce9befcee49/1764720000.0_mean_300.0_v3" 201 - "PUT https://[::1]:8080/v1/AUTH_9cb2db62181546998c52314d1567748c/gnocchi.9ec5e3cb-18bf-4a5c-9ac1-4ce9befcee49/1764720000.0_mean_300.0_v3" "txd61ea27cc05d43fab27f6-006934f74a" "proxy-server 97857" 0.0198 "-" 96910 0
Dec 06 22:40:58 np0005549343.novalocal container-server[96575]: ::1 - - [07/Dec/2025:03:40:58 +0000] "PUT /2/202407/AUTH_9cb2db62181546998c52314d1567748c/gnocchi.9ec5e3cb-18bf-4a5c-9ac1-4ce9befcee49/1764720000.0_mean_300.0_v3" 201 - "PUT http://[::1]:8080/2/141122/AUTH_9cb2db62181546998c52314d1567748c/gnocchi.9ec5e3cb-18bf-4a5c-9ac1-4ce9befcee49/1764720000.0_mean_300.0_v3" "txd61ea27cc05d43fab27f6-006934f74a" "object-server 96909" 0.0006 "-" 96575 0
Dec 06 22:40:58 np0005549343.novalocal container-server[96575]: ::1 - - [07/Dec/2025:03:40:58 +0000] "PUT /1/202407/AUTH_9cb2db62181546998c52314d1567748c/gnocchi.9ec5e3cb-18bf-4a5c-9ac1-4ce9befcee49/1764720000.0_mean_300.0_v3" 201 - "PUT http://[::1]:8080/1/141122/AUTH_9cb2db62181546998c52314d1567748c/gnocchi.9ec5e3cb-18bf-4a5c-9ac1-4ce9befcee49/1764720000.0_mean_300.0_v3" "txd61ea27cc05d43fab27f6-006934f74a" "object-server 96909" 0.0005 "-" 96575 0
Dec 06 22:40:58 np0005549343.novalocal object-server[96909]: ::1 - - [07/Dec/2025:03:40:58 +0000] "PUT /2/141122/AUTH_9cb2db62181546998c52314d1567748c/gnocchi.9ec5e3cb-18bf-4a5c-9ac1-4ce9befcee49/1764720000.0_mean_300.0_v3" 201 - "PUT https://[::1]:8080/v1/AUTH_9cb2db62181546998c52314d1567748c/gnocchi.9ec5e3cb-18bf-4a5c-9ac1-4ce9befcee49/1764720000.0_mean_300.0_v3" "txd61ea27cc05d43fab27f6-006934f74a" "proxy-server 97857" 0.0189 "-" 96909 0
Dec 06 22:40:58 np0005549343.novalocal container-server[96576]: ::1 - - [07/Dec/2025:03:40:58 +0000] "HEAD /2/33360/AUTH_9cb2db62181546998c52314d1567748c/gnocchi.8ba52879-3d8a-4652-b821-60f3f788154d" 404 - "HEAD http://[::1]:8080/v1/AUTH_9cb2db62181546998c52314d1567748c/gnocchi.8ba52879-3d8a-4652-b821-60f3f788154d" "txe7e95cc1022047ef8e44c-006934f74a" "proxy-server 97857" 0.0004 "-" 96576 0
Dec 06 22:40:58 np0005549343.novalocal object-server[96909]: ::1 - - [07/Dec/2025:03:40:58 +0000] "PUT /1/141122/AUTH_9cb2db62181546998c52314d1567748c/gnocchi.9ec5e3cb-18bf-4a5c-9ac1-4ce9befcee49/1764720000.0_mean_300.0_v3" 201 - "PUT https://[::1]:8080/v1/AUTH_9cb2db62181546998c52314d1567748c/gnocchi.9ec5e3cb-18bf-4a5c-9ac1-4ce9befcee49/1764720000.0_mean_300.0_v3" "txd61ea27cc05d43fab27f6-006934f74a" "proxy-server 97857" 0.0241 "-" 96909 0
Dec 06 22:40:58 np0005549343.novalocal container-server[96575]: ::1 - - [07/Dec/2025:03:40:58 +0000] "HEAD /1/33360/AUTH_9cb2db62181546998c52314d1567748c/gnocchi.8ba52879-3d8a-4652-b821-60f3f788154d" 404 - "HEAD http://[::1]:8080/v1/AUTH_9cb2db62181546998c52314d1567748c/gnocchi.8ba52879-3d8a-4652-b821-60f3f788154d" "txe7e95cc1022047ef8e44c-006934f74a" "proxy-server 97857" 0.0003 "-" 96575 0
Dec 06 22:40:58 np0005549343.novalocal proxy-server[97857]: ::1 ::1 07/Dec/2025/03/40/58 PUT /v1/AUTH_9cb2db62181546998c52314d1567748c/gnocchi.9ec5e3cb-18bf-4a5c-9ac1-4ce9befcee49/1764720000.0_mean_300.0_v3 HTTP/1.0 201 - python-swiftclient-4.8.0 gAAAAABpNPckgn8e... 16 - - txd61ea27cc05d43fab27f6-006934f74a - 0.0419 - - 1765078858.084538698 1765078858.126485586 0 0c044fc9f411403aa3ab5cf8f2b14495
Dec 06 22:40:58 np0005549343.novalocal container-server[96576]: ::1 - - [07/Dec/2025:03:40:58 +0000] "HEAD /3/33360/AUTH_9cb2db62181546998c52314d1567748c/gnocchi.8ba52879-3d8a-4652-b821-60f3f788154d" 404 - "HEAD http://[::1]:8080/v1/AUTH_9cb2db62181546998c52314d1567748c/gnocchi.8ba52879-3d8a-4652-b821-60f3f788154d" "txe7e95cc1022047ef8e44c-006934f74a" "proxy-server 97857" 0.0007 "-" 96576 0
Dec 06 22:40:58 np0005549343.novalocal haproxy-metadata-proxy-20246861-fd77-476b-b351-2eb2a649ef34[103164]: ::ffff:10.100.0.9:49814 [06/Dec/2025:22:40:57.118] listener listener/metadata 0/0/0/1021/1021 200 90 - - ---- 1/1/0/0/0 0/0 "GET /2009-04-04/meta-data/placement/availability-zone HTTP/1.1"
Dec 06 22:40:58 np0005549343.novalocal proxy-server[97857]: - - 07/Dec/2025/03/40/58 HEAD /v1/AUTH_9cb2db62181546998c52314d1567748c/gnocchi.8ba52879-3d8a-4652-b821-60f3f788154d HTTP/1.0 404 - Swift - - - - txe7e95cc1022047ef8e44c-006934f74a - 0.0218 CS - 1765078858.118165493 1765078858.140000820 0 -
Dec 06 22:40:58 np0005549343.novalocal object-server[96910]: ::1 - - [07/Dec/2025:03:40:58 +0000] "GET /1/87925/AUTH_9cb2db62181546998c52314d1567748c/gnocchi.8ba52879-3d8a-4652-b821-60f3f788154d/none_v3" 404 70 "GET https://[::1]:8080/v1/AUTH_9cb2db62181546998c52314d1567748c/gnocchi.8ba52879-3d8a-4652-b821-60f3f788154d/none_v3" "txe7e95cc1022047ef8e44c-006934f74a" "proxy-server 97857" 0.0004 "-" 96910 0
Dec 06 22:40:58 np0005549343.novalocal object-server[96910]: ::1 - - [07/Dec/2025:03:40:58 +0000] "GET /3/87925/AUTH_9cb2db62181546998c52314d1567748c/gnocchi.8ba52879-3d8a-4652-b821-60f3f788154d/none_v3" 404 70 "GET https://[::1]:8080/v1/AUTH_9cb2db62181546998c52314d1567748c/gnocchi.8ba52879-3d8a-4652-b821-60f3f788154d/none_v3" "txe7e95cc1022047ef8e44c-006934f74a" "proxy-server 97857" 0.0002 "-" 96910 0
Dec 06 22:40:58 np0005549343.novalocal object-server[96910]: ::1 - - [07/Dec/2025:03:40:58 +0000] "GET /2/87925/AUTH_9cb2db62181546998c52314d1567748c/gnocchi.8ba52879-3d8a-4652-b821-60f3f788154d/none_v3" 404 70 "GET https://[::1]:8080/v1/AUTH_9cb2db62181546998c52314d1567748c/gnocchi.8ba52879-3d8a-4652-b821-60f3f788154d/none_v3" "txe7e95cc1022047ef8e44c-006934f74a" "proxy-server 97857" 0.0004 "-" 96910 0
Dec 06 22:40:58 np0005549343.novalocal proxy-server[97857]: ::1 ::1 07/Dec/2025/03/40/58 GET /v1/AUTH_9cb2db62181546998c52314d1567748c/gnocchi.8ba52879-3d8a-4652-b821-60f3f788154d/none_v3 HTTP/1.0 404 - python-swiftclient-4.8.0 gAAAAABpNPcx8Tdl... - 70 - txe7e95cc1022047ef8e44c-006934f74a - 0.0404 - - 1765078858.116401434 1765078858.156851053 0 0c044fc9f411403aa3ab5cf8f2b14495
Dec 06 22:40:58 np0005549343.novalocal account-server[96280]: ::1 - - [07/Dec/2025:03:40:58 +0000] "PUT /1/78968/AUTH_9cb2db62181546998c52314d1567748c/gnocchi.8ba52879-3d8a-4652-b821-60f3f788154d" 201 - "PUT http://[::1]:6001/2/33360/AUTH_9cb2db62181546998c52314d1567748c/gnocchi.8ba52879-3d8a-4652-b821-60f3f788154d" "tx1e64a53d22a048b5930f9-006934f74a" "container-server 96575" 0.0107 "-" 96280 0
Dec 06 22:40:58 np0005549343.novalocal container-server[96575]: ::1 - - [07/Dec/2025:03:40:58 +0000] "PUT /2/33360/AUTH_9cb2db62181546998c52314d1567748c/gnocchi.8ba52879-3d8a-4652-b821-60f3f788154d" 201 - "PUT https://[::1]:8080/v1/AUTH_9cb2db62181546998c52314d1567748c/gnocchi.8ba52879-3d8a-4652-b821-60f3f788154d" "tx1e64a53d22a048b5930f9-006934f74a" "proxy-server 97857" 0.0237 "-" 96575 0
Dec 06 22:40:58 np0005549343.novalocal container-server[96575]: ::1 - - [07/Dec/2025:03:40:58 +0000] "PUT /1/34230/AUTH_9cb2db62181546998c52314d1567748c/gnocchi.36fa1bb7-f577-4dcd-bb80-2148218fc649/none_v3" 201 - "PUT http://[::1]:8080/2/47098/AUTH_9cb2db62181546998c52314d1567748c/gnocchi.36fa1bb7-f577-4dcd-bb80-2148218fc649/none_v3" "tx4f5533781218480c921ae-006934f74a" "object-server 96909" 0.0005 "-" 96575 0
Dec 06 22:40:58 np0005549343.novalocal container-server[96575]: ::1 - - [07/Dec/2025:03:40:58 +0000] "PUT /2/34230/AUTH_9cb2db62181546998c52314d1567748c/gnocchi.36fa1bb7-f577-4dcd-bb80-2148218fc649/none_v3" 201 - "PUT http://[::1]:8080/3/47098/AUTH_9cb2db62181546998c52314d1567748c/gnocchi.36fa1bb7-f577-4dcd-bb80-2148218fc649/none_v3" "tx4f5533781218480c921ae-006934f74a" "object-server 96909" 0.0004 "-" 96575 0
Dec 06 22:40:58 np0005549343.novalocal object-server[96909]: ::1 - - [07/Dec/2025:03:40:58 +0000] "PUT /2/47098/AUTH_9cb2db62181546998c52314d1567748c/gnocchi.36fa1bb7-f577-4dcd-bb80-2148218fc649/none_v3" 201 - "PUT https://[::1]:8080/v1/AUTH_9cb2db62181546998c52314d1567748c/gnocchi.36fa1bb7-f577-4dcd-bb80-2148218fc649/none_v3" "tx4f5533781218480c921ae-006934f74a" "proxy-server 97857" 0.0572 "-" 96909 0
Dec 06 22:40:58 np0005549343.novalocal container-server[96575]: ::1 - - [07/Dec/2025:03:40:58 +0000] "PUT /3/34230/AUTH_9cb2db62181546998c52314d1567748c/gnocchi.36fa1bb7-f577-4dcd-bb80-2148218fc649/none_v3" 201 - "PUT http://[::1]:8080/1/47098/AUTH_9cb2db62181546998c52314d1567748c/gnocchi.36fa1bb7-f577-4dcd-bb80-2148218fc649/none_v3" "tx4f5533781218480c921ae-006934f74a" "object-server 96909" 0.0018 "-" 96575 0
Dec 06 22:40:58 np0005549343.novalocal object-server[96909]: ::1 - - [07/Dec/2025:03:40:58 +0000] "PUT /3/47098/AUTH_9cb2db62181546998c52314d1567748c/gnocchi.36fa1bb7-f577-4dcd-bb80-2148218fc649/none_v3" 201 - "PUT https://[::1]:8080/v1/AUTH_9cb2db62181546998c52314d1567748c/gnocchi.36fa1bb7-f577-4dcd-bb80-2148218fc649/none_v3" "tx4f5533781218480c921ae-006934f74a" "proxy-server 97857" 0.0522 "-" 96909 0
Dec 06 22:40:58 np0005549343.novalocal object-server[96909]: ::1 - - [07/Dec/2025:03:40:58 +0000] "PUT /1/47098/AUTH_9cb2db62181546998c52314d1567748c/gnocchi.36fa1bb7-f577-4dcd-bb80-2148218fc649/none_v3" 201 - "PUT https://[::1]:8080/v1/AUTH_9cb2db62181546998c52314d1567748c/gnocchi.36fa1bb7-f577-4dcd-bb80-2148218fc649/none_v3" "tx4f5533781218480c921ae-006934f74a" "proxy-server 97857" 0.0570 "-" 96909 0
Dec 06 22:40:58 np0005549343.novalocal proxy-server[97857]: ::1 ::1 07/Dec/2025/03/40/58 PUT /v1/AUTH_9cb2db62181546998c52314d1567748c/gnocchi.36fa1bb7-f577-4dcd-bb80-2148218fc649/none_v3 HTTP/1.0 201 - python-swiftclient-4.8.0 gAAAAABpNPckgn8e... 22 - - tx4f5533781218480c921ae-006934f74a - 0.0710 - - 1765078858.130608082 1765078858.201628685 0 0c044fc9f411403aa3ab5cf8f2b14495
Dec 06 22:40:58 np0005549343.novalocal haproxy-metadata-proxy-2af58657-767d-42db-a7ed-796d65cdf85a[103897]: ::ffff:10.100.0.11:55860 [06/Dec/2025:22:40:57.182] listener listener/metadata 0/0/0/1021/1021 200 143 - - ---- 1/1/0/0/0 0/0 "GET /2009-04-04/meta-data/hostname HTTP/1.1"
Dec 06 22:40:58 np0005549343.novalocal account-server[96281]: ::1 - - [07/Dec/2025:03:40:58 +0000] "PUT /2/78968/AUTH_9cb2db62181546998c52314d1567748c/gnocchi.8ba52879-3d8a-4652-b821-60f3f788154d" 201 - "PUT http://[::1]:6001/1/33360/AUTH_9cb2db62181546998c52314d1567748c/gnocchi.8ba52879-3d8a-4652-b821-60f3f788154d" "tx1e64a53d22a048b5930f9-006934f74a" "container-server 96575" 0.0125 "-" 96281 0
Dec 06 22:40:58 np0005549343.novalocal account-server[96280]: ::1 - - [07/Dec/2025:03:40:58 +0000] "PUT /3/78968/AUTH_9cb2db62181546998c52314d1567748c/gnocchi.8ba52879-3d8a-4652-b821-60f3f788154d" 201 - "PUT http://[::1]:6001/3/33360/AUTH_9cb2db62181546998c52314d1567748c/gnocchi.8ba52879-3d8a-4652-b821-60f3f788154d" "tx1e64a53d22a048b5930f9-006934f74a" "container-server 96576" 0.0158 "-" 96280 0
Dec 06 22:40:58 np0005549343.novalocal container-server[96575]: ::1 - - [07/Dec/2025:03:40:58 +0000] "PUT /1/33360/AUTH_9cb2db62181546998c52314d1567748c/gnocchi.8ba52879-3d8a-4652-b821-60f3f788154d" 201 - "PUT https://[::1]:8080/v1/AUTH_9cb2db62181546998c52314d1567748c/gnocchi.8ba52879-3d8a-4652-b821-60f3f788154d" "tx1e64a53d22a048b5930f9-006934f74a" "proxy-server 97857" 0.0313 "-" 96575 0
Dec 06 22:40:58 np0005549343.novalocal container-server[96576]: ::1 - - [07/Dec/2025:03:40:58 +0000] "PUT /3/33360/AUTH_9cb2db62181546998c52314d1567748c/gnocchi.8ba52879-3d8a-4652-b821-60f3f788154d" 201 - "PUT https://[::1]:8080/v1/AUTH_9cb2db62181546998c52314d1567748c/gnocchi.8ba52879-3d8a-4652-b821-60f3f788154d" "tx1e64a53d22a048b5930f9-006934f74a" "proxy-server 97857" 0.0383 "-" 96576 0
Dec 06 22:40:58 np0005549343.novalocal proxy-server[97857]: ::1 ::1 07/Dec/2025/03/40/58 PUT /v1/AUTH_9cb2db62181546998c52314d1567748c/gnocchi.8ba52879-3d8a-4652-b821-60f3f788154d HTTP/1.0 201 - python-swiftclient-4.8.0 gAAAAABpNPcx8Tdl... - - - tx1e64a53d22a048b5930f9-006934f74a - 0.0514 - - 1765078858.161034346 1765078858.212440252 0 0c044fc9f411403aa3ab5cf8f2b14495
Dec 06 22:40:58 np0005549343.novalocal container-server[96575]: ::1 - - [07/Dec/2025:03:40:58 +0000] "HEAD /1/33360/AUTH_9cb2db62181546998c52314d1567748c/gnocchi.8ba52879-3d8a-4652-b821-60f3f788154d" 204 - "HEAD http://[::1]:8080/v1/AUTH_9cb2db62181546998c52314d1567748c/gnocchi.8ba52879-3d8a-4652-b821-60f3f788154d" "tx10bd4e4ea3fd4caa93c92-006934f74a" "proxy-server 97857" 0.0018 "-" 96575 0
Dec 06 22:40:58 np0005549343.novalocal proxy-server[97857]: - - 07/Dec/2025/03/40/58 HEAD /v1/AUTH_9cb2db62181546998c52314d1567748c/gnocchi.8ba52879-3d8a-4652-b821-60f3f788154d HTTP/1.0 204 - Swift - - - - tx10bd4e4ea3fd4caa93c92-006934f74a - 0.0051 CS - 1765078858.216776371 1765078858.221854448 0 -
Dec 06 22:40:58 np0005549343.novalocal container-server[96576]: ::1 - - [07/Dec/2025:03:40:58 +0000] "GET /2/33360/AUTH_9cb2db62181546998c52314d1567748c/gnocchi.8ba52879-3d8a-4652-b821-60f3f788154d" 200 2 "GET https://[::1]:8080/v1/AUTH_9cb2db62181546998c52314d1567748c/gnocchi.8ba52879-3d8a-4652-b821-60f3f788154d?format=json&states=listing" "tx10bd4e4ea3fd4caa93c92-006934f74a" "proxy-server 97857" 0.0036 "-" 96576 0
Dec 06 22:40:58 np0005549343.novalocal proxy-server[97857]: ::1 ::1 07/Dec/2025/03/40/58 GET /v1/AUTH_9cb2db62181546998c52314d1567748c/gnocchi.8ba52879-3d8a-4652-b821-60f3f788154d%3Fformat%3Djson%26states%3Dlisting HTTP/1.0 200 - python-swiftclient-4.8.0 gAAAAABpNPcx8Tdl... - 2 - tx10bd4e4ea3fd4caa93c92-006934f74a - 0.0172 - - 1765078858.215920925 1765078858.233077049 0 0c044fc9f411403aa3ab5cf8f2b14495
Dec 06 22:40:58 np0005549343.novalocal container-server[96576]: ::1 - - [07/Dec/2025:03:40:58 +0000] "PUT /3/202407/AUTH_9cb2db62181546998c52314d1567748c/gnocchi.9ec5e3cb-18bf-4a5c-9ac1-4ce9befcee49/none_v3" 201 - "PUT http://[::1]:8080/3/6934/AUTH_9cb2db62181546998c52314d1567748c/gnocchi.9ec5e3cb-18bf-4a5c-9ac1-4ce9befcee49/none_v3" "tx7e04fdeed0914ff4ae3ab-006934f74a" "object-server 96909" 0.0008 "-" 96576 0
Dec 06 22:40:58 np0005549343.novalocal object-server[96909]: ::1 - - [07/Dec/2025:03:40:58 +0000] "PUT /3/6934/AUTH_9cb2db62181546998c52314d1567748c/gnocchi.9ec5e3cb-18bf-4a5c-9ac1-4ce9befcee49/none_v3" 201 - "PUT https://[::1]:8080/v1/AUTH_9cb2db62181546998c52314d1567748c/gnocchi.9ec5e3cb-18bf-4a5c-9ac1-4ce9befcee49/none_v3" "tx7e04fdeed0914ff4ae3ab-006934f74a" "proxy-server 97857" 0.0275 "-" 96909 0
Dec 06 22:40:58 np0005549343.novalocal object-server[96909]: ::1 - - [07/Dec/2025:03:40:58 +0000] "GET /2/165647/AUTH_9cb2db62181546998c52314d1567748c/gnocchi.8ba52879-3d8a-4652-b821-60f3f788154d/1764720000.0_mean_300.0_v3" 404 70 "GET https://[::1]:8080/v1/AUTH_9cb2db62181546998c52314d1567748c/gnocchi.8ba52879-3d8a-4652-b821-60f3f788154d/1764720000.0_mean_300.0_v3" "tx4ef63a13060f4667b43d0-006934f74a" "proxy-server 97857" 0.0010 "-" 96909 0
Dec 06 22:40:58 np0005549343.novalocal container-server[96576]: ::1 - - [07/Dec/2025:03:40:58 +0000] "PUT /1/202407/AUTH_9cb2db62181546998c52314d1567748c/gnocchi.9ec5e3cb-18bf-4a5c-9ac1-4ce9befcee49/none_v3" 201 - "PUT http://[::1]:8080/1/6934/AUTH_9cb2db62181546998c52314d1567748c/gnocchi.9ec5e3cb-18bf-4a5c-9ac1-4ce9befcee49/none_v3" "tx7e04fdeed0914ff4ae3ab-006934f74a" "object-server 96909" 0.0008 "-" 96576 0
Dec 06 22:40:58 np0005549343.novalocal container-server[96575]: ::1 - - [07/Dec/2025:03:40:58 +0000] "PUT /2/202407/AUTH_9cb2db62181546998c52314d1567748c/gnocchi.9ec5e3cb-18bf-4a5c-9ac1-4ce9befcee49/none_v3" 201 - "PUT http://[::1]:8080/2/6934/AUTH_9cb2db62181546998c52314d1567748c/gnocchi.9ec5e3cb-18bf-4a5c-9ac1-4ce9befcee49/none_v3" "tx7e04fdeed0914ff4ae3ab-006934f74a" "object-server 96909" 0.0009 "-" 96575 0
Dec 06 22:40:58 np0005549343.novalocal object-server[96909]: ::1 - - [07/Dec/2025:03:40:58 +0000] "GET /1/165647/AUTH_9cb2db62181546998c52314d1567748c/gnocchi.8ba52879-3d8a-4652-b821-60f3f788154d/1764720000.0_mean_300.0_v3" 404 70 "GET https://[::1]:8080/v1/AUTH_9cb2db62181546998c52314d1567748c/gnocchi.8ba52879-3d8a-4652-b821-60f3f788154d/1764720000.0_mean_300.0_v3" "tx4ef63a13060f4667b43d0-006934f74a" "proxy-server 97857" 0.0007 "-" 96909 0
Dec 06 22:40:58 np0005549343.novalocal object-server[96910]: ::1 - - [07/Dec/2025:03:40:58 +0000] "GET /3/165647/AUTH_9cb2db62181546998c52314d1567748c/gnocchi.8ba52879-3d8a-4652-b821-60f3f788154d/1764720000.0_mean_300.0_v3" 404 70 "GET https://[::1]:8080/v1/AUTH_9cb2db62181546998c52314d1567748c/gnocchi.8ba52879-3d8a-4652-b821-60f3f788154d/1764720000.0_mean_300.0_v3" "tx4ef63a13060f4667b43d0-006934f74a" "proxy-server 97857" 0.0005 "-" 96910 0
Dec 06 22:40:58 np0005549343.novalocal proxy-server[97857]: ::1 ::1 07/Dec/2025/03/40/58 GET /v1/AUTH_9cb2db62181546998c52314d1567748c/gnocchi.8ba52879-3d8a-4652-b821-60f3f788154d/1764720000.0_mean_300.0_v3 HTTP/1.0 404 - python-swiftclient-4.8.0 gAAAAABpNPcx8Tdl... - 70 - tx4ef63a13060f4667b43d0-006934f74a - 0.0224 - - 1765078858.236475945 1765078858.258840799 0 0c044fc9f411403aa3ab5cf8f2b14495
Dec 06 22:40:58 np0005549343.novalocal object-server[96909]: ::1 - - [07/Dec/2025:03:40:58 +0000] "PUT /1/6934/AUTH_9cb2db62181546998c52314d1567748c/gnocchi.9ec5e3cb-18bf-4a5c-9ac1-4ce9befcee49/none_v3" 201 - "PUT https://[::1]:8080/v1/AUTH_9cb2db62181546998c52314d1567748c/gnocchi.9ec5e3cb-18bf-4a5c-9ac1-4ce9befcee49/none_v3" "tx7e04fdeed0914ff4ae3ab-006934f74a" "proxy-server 97857" 0.0429 "-" 96909 0
Dec 06 22:40:58 np0005549343.novalocal object-server[96909]: ::1 - - [07/Dec/2025:03:40:58 +0000] "PUT /2/6934/AUTH_9cb2db62181546998c52314d1567748c/gnocchi.9ec5e3cb-18bf-4a5c-9ac1-4ce9befcee49/none_v3" 201 - "PUT https://[::1]:8080/v1/AUTH_9cb2db62181546998c52314d1567748c/gnocchi.9ec5e3cb-18bf-4a5c-9ac1-4ce9befcee49/none_v3" "tx7e04fdeed0914ff4ae3ab-006934f74a" "proxy-server 97857" 0.0453 "-" 96909 0
Dec 06 22:40:58 np0005549343.novalocal proxy-server[97857]: ::1 ::1 07/Dec/2025/03/40/58 PUT /v1/AUTH_9cb2db62181546998c52314d1567748c/gnocchi.9ec5e3cb-18bf-4a5c-9ac1-4ce9befcee49/none_v3 HTTP/1.0 201 - python-swiftclient-4.8.0 gAAAAABpNPckgn8e... 22 - - tx7e04fdeed0914ff4ae3ab-006934f74a - 0.0596 - - 1765078858.204483986 1765078858.264079332 0 0c044fc9f411403aa3ab5cf8f2b14495
Dec 06 22:40:58 np0005549343.novalocal container-server[96575]: ::1 - - [07/Dec/2025:03:40:58 +0000] "HEAD /3/95355/AUTH_9cb2db62181546998c52314d1567748c/gnocchi.d549a205-52e2-430a-b428-221d46e7c751" 404 - "HEAD http://[::1]:8080/v1/AUTH_9cb2db62181546998c52314d1567748c/gnocchi.d549a205-52e2-430a-b428-221d46e7c751" "txebc22191493242e0b5fac-006934f74a" "proxy-server 97857" 0.0004 "-" 96575 0
Dec 06 22:40:58 np0005549343.novalocal container-server[96575]: ::1 - - [07/Dec/2025:03:40:58 +0000] "HEAD /1/95355/AUTH_9cb2db62181546998c52314d1567748c/gnocchi.d549a205-52e2-430a-b428-221d46e7c751" 404 - "HEAD http://[::1]:8080/v1/AUTH_9cb2db62181546998c52314d1567748c/gnocchi.d549a205-52e2-430a-b428-221d46e7c751" "txebc22191493242e0b5fac-006934f74a" "proxy-server 97857" 0.0002 "-" 96575 0
Dec 06 22:40:58 np0005549343.novalocal container-server[96575]: ::1 - - [07/Dec/2025:03:40:58 +0000] "HEAD /2/95355/AUTH_9cb2db62181546998c52314d1567748c/gnocchi.d549a205-52e2-430a-b428-221d46e7c751" 404 - "HEAD http://[::1]:8080/v1/AUTH_9cb2db62181546998c52314d1567748c/gnocchi.d549a205-52e2-430a-b428-221d46e7c751" "txebc22191493242e0b5fac-006934f74a" "proxy-server 97857" 0.0002 "-" 96575 0
Dec 06 22:40:58 np0005549343.novalocal container-server[96575]: ::1 - - [07/Dec/2025:03:40:58 +0000] "PUT /2/33360/AUTH_9cb2db62181546998c52314d1567748c/gnocchi.8ba52879-3d8a-4652-b821-60f3f788154d/1764720000.0_mean_300.0_v3" 201 - "PUT http://[::1]:8080/2/165647/AUTH_9cb2db62181546998c52314d1567748c/gnocchi.8ba52879-3d8a-4652-b821-60f3f788154d/1764720000.0_mean_300.0_v3" "tx7ebfec61b1a44dbdb0e51-006934f74a" "object-server 96910" 0.0006 "-" 96575 0
Dec 06 22:40:58 np0005549343.novalocal container-server[96576]: ::1 - - [07/Dec/2025:03:40:58 +0000] "PUT /3/33360/AUTH_9cb2db62181546998c52314d1567748c/gnocchi.8ba52879-3d8a-4652-b821-60f3f788154d/1764720000.0_mean_300.0_v3" 201 - "PUT http://[::1]:8080/1/165647/AUTH_9cb2db62181546998c52314d1567748c/gnocchi.8ba52879-3d8a-4652-b821-60f3f788154d/1764720000.0_mean_300.0_v3" "tx7ebfec61b1a44dbdb0e51-006934f74a" "object-server 96910" 0.0009 "-" 96576 0
Dec 06 22:40:58 np0005549343.novalocal proxy-server[97857]: - - 07/Dec/2025/03/40/58 HEAD /v1/AUTH_9cb2db62181546998c52314d1567748c/gnocchi.d549a205-52e2-430a-b428-221d46e7c751 HTTP/1.0 404 - Swift - - - - txebc22191493242e0b5fac-006934f74a - 0.0091 CS - 1765078858.290524721 1765078858.299668550 0 -
Dec 06 22:40:58 np0005549343.novalocal container-server[96575]: ::1 - - [07/Dec/2025:03:40:58 +0000] "PUT /1/33360/AUTH_9cb2db62181546998c52314d1567748c/gnocchi.8ba52879-3d8a-4652-b821-60f3f788154d/1764720000.0_mean_300.0_v3" 201 - "PUT http://[::1]:8080/3/165647/AUTH_9cb2db62181546998c52314d1567748c/gnocchi.8ba52879-3d8a-4652-b821-60f3f788154d/1764720000.0_mean_300.0_v3" "tx7ebfec61b1a44dbdb0e51-006934f74a" "object-server 96910" 0.0003 "-" 96575 0
Dec 06 22:40:58 np0005549343.novalocal object-server[96910]: ::1 - - [07/Dec/2025:03:40:58 +0000] "PUT /2/165647/AUTH_9cb2db62181546998c52314d1567748c/gnocchi.8ba52879-3d8a-4652-b821-60f3f788154d/1764720000.0_mean_300.0_v3" 201 - "PUT https://[::1]:8080/v1/AUTH_9cb2db62181546998c52314d1567748c/gnocchi.8ba52879-3d8a-4652-b821-60f3f788154d/1764720000.0_mean_300.0_v3" "tx7ebfec61b1a44dbdb0e51-006934f74a" "proxy-server 97857" 0.0262 "-" 96910 0
Dec 06 22:40:58 np0005549343.novalocal object-server[96910]: ::1 - - [07/Dec/2025:03:40:58 +0000] "PUT /3/165647/AUTH_9cb2db62181546998c52314d1567748c/gnocchi.8ba52879-3d8a-4652-b821-60f3f788154d/1764720000.0_mean_300.0_v3" 201 - "PUT https://[::1]:8080/v1/AUTH_9cb2db62181546998c52314d1567748c/gnocchi.8ba52879-3d8a-4652-b821-60f3f788154d/1764720000.0_mean_300.0_v3" "tx7ebfec61b1a44dbdb0e51-006934f74a" "proxy-server 97857" 0.0313 "-" 96910 0
Dec 06 22:40:58 np0005549343.novalocal object-server[96910]: ::1 - - [07/Dec/2025:03:40:58 +0000] "PUT /1/165647/AUTH_9cb2db62181546998c52314d1567748c/gnocchi.8ba52879-3d8a-4652-b821-60f3f788154d/1764720000.0_mean_300.0_v3" 201 - "PUT https://[::1]:8080/v1/AUTH_9cb2db62181546998c52314d1567748c/gnocchi.8ba52879-3d8a-4652-b821-60f3f788154d/1764720000.0_mean_300.0_v3" "tx7ebfec61b1a44dbdb0e51-006934f74a" "proxy-server 97857" 0.0270 "-" 96910 0
Dec 06 22:40:58 np0005549343.novalocal proxy-server[97857]: ::1 ::1 07/Dec/2025/03/40/58 PUT /v1/AUTH_9cb2db62181546998c52314d1567748c/gnocchi.8ba52879-3d8a-4652-b821-60f3f788154d/1764720000.0_mean_300.0_v3 HTTP/1.0 201 - python-swiftclient-4.8.0 gAAAAABpNPcx8Tdl... 16 - - tx7ebfec61b1a44dbdb0e51-006934f74a - 0.0467 - - 1765078858.262314796 1765078858.308993816 0 0c044fc9f411403aa3ab5cf8f2b14495
Dec 06 22:40:58 np0005549343.novalocal object-server[96910]: ::1 - - [07/Dec/2025:03:40:58 +0000] "GET /3/112247/AUTH_9cb2db62181546998c52314d1567748c/gnocchi.d549a205-52e2-430a-b428-221d46e7c751/none_v3" 404 70 "GET https://[::1]:8080/v1/AUTH_9cb2db62181546998c52314d1567748c/gnocchi.d549a205-52e2-430a-b428-221d46e7c751/none_v3" "txebc22191493242e0b5fac-006934f74a" "proxy-server 97857" 0.0022 "-" 96910 0
Dec 06 22:40:58 np0005549343.novalocal object-server[96909]: ::1 - - [07/Dec/2025:03:40:58 +0000] "GET /1/112247/AUTH_9cb2db62181546998c52314d1567748c/gnocchi.d549a205-52e2-430a-b428-221d46e7c751/none_v3" 404 70 "GET https://[::1]:8080/v1/AUTH_9cb2db62181546998c52314d1567748c/gnocchi.d549a205-52e2-430a-b428-221d46e7c751/none_v3" "txebc22191493242e0b5fac-006934f74a" "proxy-server 97857" 0.0003 "-" 96909 0
Dec 06 22:40:58 np0005549343.novalocal object-server[96910]: ::1 - - [07/Dec/2025:03:40:58 +0000] "GET /2/112247/AUTH_9cb2db62181546998c52314d1567748c/gnocchi.d549a205-52e2-430a-b428-221d46e7c751/none_v3" 404 70 "GET https://[::1]:8080/v1/AUTH_9cb2db62181546998c52314d1567748c/gnocchi.d549a205-52e2-430a-b428-221d46e7c751/none_v3" "txebc22191493242e0b5fac-006934f74a" "proxy-server 97857" 0.0008 "-" 96910 0
Dec 06 22:40:58 np0005549343.novalocal proxy-server[97857]: ::1 ::1 07/Dec/2025/03/40/58 GET /v1/AUTH_9cb2db62181546998c52314d1567748c/gnocchi.d549a205-52e2-430a-b428-221d46e7c751/none_v3 HTTP/1.0 404 - python-swiftclient-4.8.0 gAAAAABpNPckgn8e... - 70 - txebc22191493242e0b5fac-006934f74a - 0.0392 - - 1765078858.289734840 1765078858.328979969 0 0c044fc9f411403aa3ab5cf8f2b14495
Dec 06 22:40:58 np0005549343.novalocal container-server[96576]: ::1 - - [07/Dec/2025:03:40:58 +0000] "PUT /2/33360/AUTH_9cb2db62181546998c52314d1567748c/gnocchi.8ba52879-3d8a-4652-b821-60f3f788154d/none_v3" 201 - "PUT http://[::1]:8080/1/87925/AUTH_9cb2db62181546998c52314d1567748c/gnocchi.8ba52879-3d8a-4652-b821-60f3f788154d/none_v3" "tx653893d7f37844f1b13a8-006934f74a" "object-server 96909" 0.0008 "-" 96576 0
Dec 06 22:40:58 np0005549343.novalocal object-server[96909]: ::1 - - [07/Dec/2025:03:40:58 +0000] "PUT /1/87925/AUTH_9cb2db62181546998c52314d1567748c/gnocchi.8ba52879-3d8a-4652-b821-60f3f788154d/none_v3" 201 - "PUT https://[::1]:8080/v1/AUTH_9cb2db62181546998c52314d1567748c/gnocchi.8ba52879-3d8a-4652-b821-60f3f788154d/none_v3" "tx653893d7f37844f1b13a8-006934f74a" "proxy-server 97857" 0.0140 "-" 96909 0
Dec 06 22:40:58 np0005549343.novalocal container-server[96576]: ::1 - - [07/Dec/2025:03:40:58 +0000] "PUT /3/33360/AUTH_9cb2db62181546998c52314d1567748c/gnocchi.8ba52879-3d8a-4652-b821-60f3f788154d/none_v3" 201 - "PUT http://[::1]:8080/3/87925/AUTH_9cb2db62181546998c52314d1567748c/gnocchi.8ba52879-3d8a-4652-b821-60f3f788154d/none_v3" "tx653893d7f37844f1b13a8-006934f74a" "object-server 96909" 0.0006 "-" 96576 0
Dec 06 22:40:58 np0005549343.novalocal object-server[96909]: ::1 - - [07/Dec/2025:03:40:58 +0000] "PUT /3/87925/AUTH_9cb2db62181546998c52314d1567748c/gnocchi.8ba52879-3d8a-4652-b821-60f3f788154d/none_v3" 201 - "PUT https://[::1]:8080/v1/AUTH_9cb2db62181546998c52314d1567748c/gnocchi.8ba52879-3d8a-4652-b821-60f3f788154d/none_v3" "tx653893d7f37844f1b13a8-006934f74a" "proxy-server 97857" 0.0147 "-" 96909 0
Dec 06 22:40:58 np0005549343.novalocal container-server[96576]: ::1 - - [07/Dec/2025:03:40:58 +0000] "PUT /1/33360/AUTH_9cb2db62181546998c52314d1567748c/gnocchi.8ba52879-3d8a-4652-b821-60f3f788154d/none_v3" 201 - "PUT http://[::1]:8080/2/87925/AUTH_9cb2db62181546998c52314d1567748c/gnocchi.8ba52879-3d8a-4652-b821-60f3f788154d/none_v3" "tx653893d7f37844f1b13a8-006934f74a" "object-server 96910" 0.0007 "-" 96576 0
Dec 06 22:40:58 np0005549343.novalocal object-server[96910]: ::1 - - [07/Dec/2025:03:40:58 +0000] "PUT /2/87925/AUTH_9cb2db62181546998c52314d1567748c/gnocchi.8ba52879-3d8a-4652-b821-60f3f788154d/none_v3" 201 - "PUT https://[::1]:8080/v1/AUTH_9cb2db62181546998c52314d1567748c/gnocchi.8ba52879-3d8a-4652-b821-60f3f788154d/none_v3" "tx653893d7f37844f1b13a8-006934f74a" "proxy-server 97857" 0.0146 "-" 96910 0
Dec 06 22:40:58 np0005549343.novalocal proxy-server[97857]: ::1 ::1 07/Dec/2025/03/40/58 PUT /v1/AUTH_9cb2db62181546998c52314d1567748c/gnocchi.8ba52879-3d8a-4652-b821-60f3f788154d/none_v3 HTTP/1.0 201 - python-swiftclient-4.8.0 gAAAAABpNPcx8Tdl... 22 - - tx653893d7f37844f1b13a8-006934f74a - 0.0277 - - 1765078858.312781096 1765078858.340516329 0 0c044fc9f411403aa3ab5cf8f2b14495
Dec 06 22:40:58 np0005549343.novalocal account-server[96281]: ::1 - - [07/Dec/2025:03:40:58 +0000] "PUT /3/78968/AUTH_9cb2db62181546998c52314d1567748c/gnocchi.d549a205-52e2-430a-b428-221d46e7c751" 201 - "PUT http://[::1]:6001/3/95355/AUTH_9cb2db62181546998c52314d1567748c/gnocchi.d549a205-52e2-430a-b428-221d46e7c751" "tx39fcd2f56295430f90633-006934f74a" "container-server 96575" 0.0082 "-" 96281 0
Dec 06 22:40:58 np0005549343.novalocal container-server[96575]: ::1 - - [07/Dec/2025:03:40:58 +0000] "PUT /3/95355/AUTH_9cb2db62181546998c52314d1567748c/gnocchi.d549a205-52e2-430a-b428-221d46e7c751" 201 - "PUT https://[::1]:8080/v1/AUTH_9cb2db62181546998c52314d1567748c/gnocchi.d549a205-52e2-430a-b428-221d46e7c751" "tx39fcd2f56295430f90633-006934f74a" "proxy-server 97857" 0.0408 "-" 96575 0
Dec 06 22:40:58 np0005549343.novalocal container-server[96575]: ::1 - - [07/Dec/2025:03:40:58 +0000] "HEAD /2/129849/AUTH_9cb2db62181546998c52314d1567748c/gnocchi.095ddb65-ffe5-408e-839b-f8637dbf39dc" 404 - "HEAD http://[::1]:8080/v1/AUTH_9cb2db62181546998c52314d1567748c/gnocchi.095ddb65-ffe5-408e-839b-f8637dbf39dc" "tx41efdf5650f94ee8a50f9-006934f74a" "proxy-server 97857" 0.0002 "-" 96575 0
Dec 06 22:40:58 np0005549343.novalocal container-server[96576]: ::1 - - [07/Dec/2025:03:40:58 +0000] "HEAD /1/129849/AUTH_9cb2db62181546998c52314d1567748c/gnocchi.095ddb65-ffe5-408e-839b-f8637dbf39dc" 404 - "HEAD http://[::1]:8080/v1/AUTH_9cb2db62181546998c52314d1567748c/gnocchi.095ddb65-ffe5-408e-839b-f8637dbf39dc" "tx41efdf5650f94ee8a50f9-006934f74a" "proxy-server 97857" 0.0004 "-" 96576 0
Dec 06 22:40:58 np0005549343.novalocal account-server[96280]: ::1 - - [07/Dec/2025:03:40:58 +0000] "PUT /2/78968/AUTH_9cb2db62181546998c52314d1567748c/gnocchi.d549a205-52e2-430a-b428-221d46e7c751" 201 - "PUT http://[::1]:6001/2/95355/AUTH_9cb2db62181546998c52314d1567748c/gnocchi.d549a205-52e2-430a-b428-221d46e7c751" "tx39fcd2f56295430f90633-006934f74a" "container-server 96575" 0.0052 "-" 96280 0
Dec 06 22:40:58 np0005549343.novalocal container-server[96575]: ::1 - - [07/Dec/2025:03:40:58 +0000] "PUT /2/95355/AUTH_9cb2db62181546998c52314d1567748c/gnocchi.d549a205-52e2-430a-b428-221d46e7c751" 201 - "PUT https://[::1]:8080/v1/AUTH_9cb2db62181546998c52314d1567748c/gnocchi.d549a205-52e2-430a-b428-221d46e7c751" "tx39fcd2f56295430f90633-006934f74a" "proxy-server 97857" 0.0265 "-" 96575 0
Dec 06 22:40:58 np0005549343.novalocal account-server[96280]: ::1 - - [07/Dec/2025:03:40:58 +0000] "PUT /1/78968/AUTH_9cb2db62181546998c52314d1567748c/gnocchi.d549a205-52e2-430a-b428-221d46e7c751" 201 - "PUT http://[::1]:6001/1/95355/AUTH_9cb2db62181546998c52314d1567748c/gnocchi.d549a205-52e2-430a-b428-221d46e7c751" "tx39fcd2f56295430f90633-006934f74a" "container-server 96575" 0.0033 "-" 96280 0
Dec 06 22:40:58 np0005549343.novalocal container-server[96576]: ::1 - - [07/Dec/2025:03:40:58 +0000] "HEAD /3/129849/AUTH_9cb2db62181546998c52314d1567748c/gnocchi.095ddb65-ffe5-408e-839b-f8637dbf39dc" 404 - "HEAD http://[::1]:8080/v1/AUTH_9cb2db62181546998c52314d1567748c/gnocchi.095ddb65-ffe5-408e-839b-f8637dbf39dc" "tx41efdf5650f94ee8a50f9-006934f74a" "proxy-server 97857" 0.0004 "-" 96576 0
Dec 06 22:40:58 np0005549343.novalocal container-server[96575]: ::1 - - [07/Dec/2025:03:40:58 +0000] "PUT /1/95355/AUTH_9cb2db62181546998c52314d1567748c/gnocchi.d549a205-52e2-430a-b428-221d46e7c751" 201 - "PUT https://[::1]:8080/v1/AUTH_9cb2db62181546998c52314d1567748c/gnocchi.d549a205-52e2-430a-b428-221d46e7c751" "tx39fcd2f56295430f90633-006934f74a" "proxy-server 97857" 0.0195 "-" 96575 0
Dec 06 22:40:58 np0005549343.novalocal proxy-server[97857]: - - 07/Dec/2025/03/40/58 HEAD /v1/AUTH_9cb2db62181546998c52314d1567748c/gnocchi.095ddb65-ffe5-408e-839b-f8637dbf39dc HTTP/1.0 404 - Swift - - - - tx41efdf5650f94ee8a50f9-006934f74a - 0.0275 CS - 1765078858.363595247 1765078858.391045809 0 -
Dec 06 22:40:58 np0005549343.novalocal proxy-server[97857]: ::1 ::1 07/Dec/2025/03/40/58 PUT /v1/AUTH_9cb2db62181546998c52314d1567748c/gnocchi.d549a205-52e2-430a-b428-221d46e7c751 HTTP/1.0 201 - python-swiftclient-4.8.0 gAAAAABpNPckgn8e... - - - tx39fcd2f56295430f90633-006934f74a - 0.0599 - - 1765078858.332382441 1765078858.392308712 0 0c044fc9f411403aa3ab5cf8f2b14495
Dec 06 22:40:58 np0005549343.novalocal object-server[96909]: ::1 - - [07/Dec/2025:03:40:58 +0000] "GET /1/40802/AUTH_9cb2db62181546998c52314d1567748c/gnocchi.095ddb65-ffe5-408e-839b-f8637dbf39dc/none_v3" 404 70 "GET https://[::1]:8080/v1/AUTH_9cb2db62181546998c52314d1567748c/gnocchi.095ddb65-ffe5-408e-839b-f8637dbf39dc/none_v3" "tx41efdf5650f94ee8a50f9-006934f74a" "proxy-server 97857" 0.0004 "-" 96909 0
Dec 06 22:40:58 np0005549343.novalocal container-server[96575]: ::1 - - [07/Dec/2025:03:40:58 +0000] "HEAD /2/95355/AUTH_9cb2db62181546998c52314d1567748c/gnocchi.d549a205-52e2-430a-b428-221d46e7c751" 204 - "HEAD http://[::1]:8080/v1/AUTH_9cb2db62181546998c52314d1567748c/gnocchi.d549a205-52e2-430a-b428-221d46e7c751" "tx4fcbaa9b6b144879888b0-006934f74a" "proxy-server 97857" 0.0014 "-" 96575 0
Dec 06 22:40:58 np0005549343.novalocal object-server[96910]: ::1 - - [07/Dec/2025:03:40:58 +0000] "GET /2/40802/AUTH_9cb2db62181546998c52314d1567748c/gnocchi.095ddb65-ffe5-408e-839b-f8637dbf39dc/none_v3" 404 70 "GET https://[::1]:8080/v1/AUTH_9cb2db62181546998c52314d1567748c/gnocchi.095ddb65-ffe5-408e-839b-f8637dbf39dc/none_v3" "tx41efdf5650f94ee8a50f9-006934f74a" "proxy-server 97857" 0.0006 "-" 96910 0
Dec 06 22:40:58 np0005549343.novalocal proxy-server[97857]: - - 07/Dec/2025/03/40/58 HEAD /v1/AUTH_9cb2db62181546998c52314d1567748c/gnocchi.d549a205-52e2-430a-b428-221d46e7c751 HTTP/1.0 204 - Swift - - - - tx4fcbaa9b6b144879888b0-006934f74a - 0.0038 CS - 1765078858.395857573 1765078858.399636030 0 -
Dec 06 22:40:58 np0005549343.novalocal object-server[96909]: ::1 - - [07/Dec/2025:03:40:58 +0000] "GET /3/40802/AUTH_9cb2db62181546998c52314d1567748c/gnocchi.095ddb65-ffe5-408e-839b-f8637dbf39dc/none_v3" 404 70 "GET https://[::1]:8080/v1/AUTH_9cb2db62181546998c52314d1567748c/gnocchi.095ddb65-ffe5-408e-839b-f8637dbf39dc/none_v3" "tx41efdf5650f94ee8a50f9-006934f74a" "proxy-server 97857" 0.0005 "-" 96909 0
Dec 06 22:40:58 np0005549343.novalocal proxy-server[97857]: ::1 ::1 07/Dec/2025/03/40/58 GET /v1/AUTH_9cb2db62181546998c52314d1567748c/gnocchi.095ddb65-ffe5-408e-839b-f8637dbf39dc/none_v3 HTTP/1.0 404 - python-swiftclient-4.8.0 gAAAAABpNPcx8Tdl... - 70 - tx41efdf5650f94ee8a50f9-006934f74a - 0.0422 - - 1765078858.362747908 1765078858.404898643 0 0c044fc9f411403aa3ab5cf8f2b14495
Dec 06 22:40:58 np0005549343.novalocal container-server[96576]: ::1 - - [07/Dec/2025:03:40:58 +0000] "GET /2/95355/AUTH_9cb2db62181546998c52314d1567748c/gnocchi.d549a205-52e2-430a-b428-221d46e7c751" 200 2 "GET https://[::1]:8080/v1/AUTH_9cb2db62181546998c52314d1567748c/gnocchi.d549a205-52e2-430a-b428-221d46e7c751?format=json&states=listing" "tx4fcbaa9b6b144879888b0-006934f74a" "proxy-server 97857" 0.0034 "-" 96576 0
Dec 06 22:40:58 np0005549343.novalocal proxy-server[97857]: ::1 ::1 07/Dec/2025/03/40/58 GET /v1/AUTH_9cb2db62181546998c52314d1567748c/gnocchi.d549a205-52e2-430a-b428-221d46e7c751%3Fformat%3Djson%26states%3Dlisting HTTP/1.0 200 - python-swiftclient-4.8.0 gAAAAABpNPckgn8e... - 2 - tx4fcbaa9b6b144879888b0-006934f74a - 0.0177 - - 1765078858.395392179 1765078858.413059473 0 0c044fc9f411403aa3ab5cf8f2b14495
Dec 06 22:40:58 np0005549343.novalocal object-server[96910]: ::1 - - [07/Dec/2025:03:40:58 +0000] "GET /1/34060/AUTH_9cb2db62181546998c52314d1567748c/gnocchi.d549a205-52e2-430a-b428-221d46e7c751/1764720000.0_mean_300.0_v3" 404 70 "GET https://[::1]:8080/v1/AUTH_9cb2db62181546998c52314d1567748c/gnocchi.d549a205-52e2-430a-b428-221d46e7c751/1764720000.0_mean_300.0_v3" "txa37b3b3633ce4cf7acff0-006934f74a" "proxy-server 97857" 0.0003 "-" 96910 0
Dec 06 22:40:58 np0005549343.novalocal object-server[96910]: ::1 - - [07/Dec/2025:03:40:58 +0000] "GET /2/34060/AUTH_9cb2db62181546998c52314d1567748c/gnocchi.d549a205-52e2-430a-b428-221d46e7c751/1764720000.0_mean_300.0_v3" 404 70 "GET https://[::1]:8080/v1/AUTH_9cb2db62181546998c52314d1567748c/gnocchi.d549a205-52e2-430a-b428-221d46e7c751/1764720000.0_mean_300.0_v3" "txa37b3b3633ce4cf7acff0-006934f74a" "proxy-server 97857" 0.0002 "-" 96910 0
Dec 06 22:40:58 np0005549343.novalocal object-server[96910]: ::1 - - [07/Dec/2025:03:40:58 +0000] "GET /3/34060/AUTH_9cb2db62181546998c52314d1567748c/gnocchi.d549a205-52e2-430a-b428-221d46e7c751/1764720000.0_mean_300.0_v3" 404 70 "GET https://[::1]:8080/v1/AUTH_9cb2db62181546998c52314d1567748c/gnocchi.d549a205-52e2-430a-b428-221d46e7c751/1764720000.0_mean_300.0_v3" "txa37b3b3633ce4cf7acff0-006934f74a" "proxy-server 97857" 0.0002 "-" 96910 0
Dec 06 22:40:58 np0005549343.novalocal proxy-server[97857]: ::1 ::1 07/Dec/2025/03/40/58 GET /v1/AUTH_9cb2db62181546998c52314d1567748c/gnocchi.d549a205-52e2-430a-b428-221d46e7c751/1764720000.0_mean_300.0_v3 HTTP/1.0 404 - python-swiftclient-4.8.0 gAAAAABpNPckgn8e... - 70 - txa37b3b3633ce4cf7acff0-006934f74a - 0.0117 - - 1765078858.416148186 1765078858.427806139 0 0c044fc9f411403aa3ab5cf8f2b14495
Dec 06 22:40:58 np0005549343.novalocal account-server[96281]: ::1 - - [07/Dec/2025:03:40:58 +0000] "PUT /3/78968/AUTH_9cb2db62181546998c52314d1567748c/gnocchi.095ddb65-ffe5-408e-839b-f8637dbf39dc" 201 - "PUT http://[::1]:6001/1/129849/AUTH_9cb2db62181546998c52314d1567748c/gnocchi.095ddb65-ffe5-408e-839b-f8637dbf39dc" "txa7cfbcb414634e878a5cb-006934f74a" "container-server 96576" 0.0097 "-" 96281 0
Dec 06 22:40:58 np0005549343.novalocal container-server[96576]: ::1 - - [07/Dec/2025:03:40:58 +0000] "PUT /1/129849/AUTH_9cb2db62181546998c52314d1567748c/gnocchi.095ddb65-ffe5-408e-839b-f8637dbf39dc" 201 - "PUT https://[::1]:8080/v1/AUTH_9cb2db62181546998c52314d1567748c/gnocchi.095ddb65-ffe5-408e-839b-f8637dbf39dc" "txa7cfbcb414634e878a5cb-006934f74a" "proxy-server 97857" 0.0300 "-" 96576 0
Dec 06 22:40:58 np0005549343.novalocal account-server[96281]: ::1 - - [07/Dec/2025:03:40:58 +0000] "PUT /2/78968/AUTH_9cb2db62181546998c52314d1567748c/gnocchi.095ddb65-ffe5-408e-839b-f8637dbf39dc" 201 - "PUT http://[::1]:6001/3/129849/AUTH_9cb2db62181546998c52314d1567748c/gnocchi.095ddb65-ffe5-408e-839b-f8637dbf39dc" "txa7cfbcb414634e878a5cb-006934f74a" "container-server 96575" 0.0048 "-" 96281 0
Dec 06 22:40:58 np0005549343.novalocal container-server[96575]: ::1 - - [07/Dec/2025:03:40:58 +0000] "PUT /3/129849/AUTH_9cb2db62181546998c52314d1567748c/gnocchi.095ddb65-ffe5-408e-839b-f8637dbf39dc" 201 - "PUT https://[::1]:8080/v1/AUTH_9cb2db62181546998c52314d1567748c/gnocchi.095ddb65-ffe5-408e-839b-f8637dbf39dc" "txa7cfbcb414634e878a5cb-006934f74a" "proxy-server 97857" 0.0390 "-" 96575 0
Dec 06 22:40:58 np0005549343.novalocal container-server[96576]: ::1 - - [07/Dec/2025:03:40:58 +0000] "PUT /3/95355/AUTH_9cb2db62181546998c52314d1567748c/gnocchi.d549a205-52e2-430a-b428-221d46e7c751/1764720000.0_mean_300.0_v3" 201 - "PUT http://[::1]:8080/1/34060/AUTH_9cb2db62181546998c52314d1567748c/gnocchi.d549a205-52e2-430a-b428-221d46e7c751/1764720000.0_mean_300.0_v3" "tx5380bc1a882d4be0b54f6-006934f74a" "object-server 96909" 0.0008 "-" 96576 0
Dec 06 22:40:58 np0005549343.novalocal object-server[96909]: ::1 - - [07/Dec/2025:03:40:58 +0000] "PUT /1/34060/AUTH_9cb2db62181546998c52314d1567748c/gnocchi.d549a205-52e2-430a-b428-221d46e7c751/1764720000.0_mean_300.0_v3" 201 - "PUT https://[::1]:8080/v1/AUTH_9cb2db62181546998c52314d1567748c/gnocchi.d549a205-52e2-430a-b428-221d46e7c751/1764720000.0_mean_300.0_v3" "tx5380bc1a882d4be0b54f6-006934f74a" "proxy-server 97857" 0.0117 "-" 96909 0
Dec 06 22:40:58 np0005549343.novalocal container-server[96575]: ::1 - - [07/Dec/2025:03:40:58 +0000] "PUT /1/95355/AUTH_9cb2db62181546998c52314d1567748c/gnocchi.d549a205-52e2-430a-b428-221d46e7c751/1764720000.0_mean_300.0_v3" 201 - "PUT http://[::1]:8080/3/34060/AUTH_9cb2db62181546998c52314d1567748c/gnocchi.d549a205-52e2-430a-b428-221d46e7c751/1764720000.0_mean_300.0_v3" "tx5380bc1a882d4be0b54f6-006934f74a" "object-server 96909" 0.0004 "-" 96575 0
Dec 06 22:40:58 np0005549343.novalocal object-server[96909]: ::1 - - [07/Dec/2025:03:40:58 +0000] "PUT /3/34060/AUTH_9cb2db62181546998c52314d1567748c/gnocchi.d549a205-52e2-430a-b428-221d46e7c751/1764720000.0_mean_300.0_v3" 201 - "PUT https://[::1]:8080/v1/AUTH_9cb2db62181546998c52314d1567748c/gnocchi.d549a205-52e2-430a-b428-221d46e7c751/1764720000.0_mean_300.0_v3" "tx5380bc1a882d4be0b54f6-006934f74a" "proxy-server 97857" 0.0156 "-" 96909 0
Dec 06 22:40:58 np0005549343.novalocal container-server[96575]: ::1 - - [07/Dec/2025:03:40:58 +0000] "PUT /2/95355/AUTH_9cb2db62181546998c52314d1567748c/gnocchi.d549a205-52e2-430a-b428-221d46e7c751/1764720000.0_mean_300.0_v3" 201 - "PUT http://[::1]:8080/2/34060/AUTH_9cb2db62181546998c52314d1567748c/gnocchi.d549a205-52e2-430a-b428-221d46e7c751/1764720000.0_mean_300.0_v3" "tx5380bc1a882d4be0b54f6-006934f74a" "object-server 96909" 0.0004 "-" 96575 0
Dec 06 22:40:58 np0005549343.novalocal object-server[96909]: ::1 - - [07/Dec/2025:03:40:58 +0000] "PUT /2/34060/AUTH_9cb2db62181546998c52314d1567748c/gnocchi.d549a205-52e2-430a-b428-221d46e7c751/1764720000.0_mean_300.0_v3" 201 - "PUT https://[::1]:8080/v1/AUTH_9cb2db62181546998c52314d1567748c/gnocchi.d549a205-52e2-430a-b428-221d46e7c751/1764720000.0_mean_300.0_v3" "tx5380bc1a882d4be0b54f6-006934f74a" "proxy-server 97857" 0.0152 "-" 96909 0
Dec 06 22:40:58 np0005549343.novalocal proxy-server[97857]: ::1 ::1 07/Dec/2025/03/40/58 PUT /v1/AUTH_9cb2db62181546998c52314d1567748c/gnocchi.d549a205-52e2-430a-b428-221d46e7c751/1764720000.0_mean_300.0_v3 HTTP/1.0 201 - python-swiftclient-4.8.0 gAAAAABpNPckgn8e... 16 - - tx5380bc1a882d4be0b54f6-006934f74a - 0.0226 - - 1765078858.432933092 1765078858.455559254 0 0c044fc9f411403aa3ab5cf8f2b14495
Dec 06 22:40:58 np0005549343.novalocal account-server[96281]: ::1 - - [07/Dec/2025:03:40:58 +0000] "PUT /1/78968/AUTH_9cb2db62181546998c52314d1567748c/gnocchi.095ddb65-ffe5-408e-839b-f8637dbf39dc" 201 - "PUT http://[::1]:6001/2/129849/AUTH_9cb2db62181546998c52314d1567748c/gnocchi.095ddb65-ffe5-408e-839b-f8637dbf39dc" "txa7cfbcb414634e878a5cb-006934f74a" "container-server 96575" 0.0074 "-" 96281 0
Dec 06 22:40:58 np0005549343.novalocal container-server[96575]: ::1 - - [07/Dec/2025:03:40:58 +0000] "PUT /2/129849/AUTH_9cb2db62181546998c52314d1567748c/gnocchi.095ddb65-ffe5-408e-839b-f8637dbf39dc" 201 - "PUT https://[::1]:8080/v1/AUTH_9cb2db62181546998c52314d1567748c/gnocchi.095ddb65-ffe5-408e-839b-f8637dbf39dc" "txa7cfbcb414634e878a5cb-006934f74a" "proxy-server 97857" 0.0251 "-" 96575 0
Dec 06 22:40:58 np0005549343.novalocal proxy-server[97857]: ::1 ::1 07/Dec/2025/03/40/58 PUT /v1/AUTH_9cb2db62181546998c52314d1567748c/gnocchi.095ddb65-ffe5-408e-839b-f8637dbf39dc HTTP/1.0 201 - python-swiftclient-4.8.0 gAAAAABpNPcx8Tdl... - - - txa7cfbcb414634e878a5cb-006934f74a - 0.0561 - - 1765078858.407220364 1765078858.463349342 0 0c044fc9f411403aa3ab5cf8f2b14495
Dec 06 22:40:58 np0005549343.novalocal container-server[96576]: ::1 - - [07/Dec/2025:03:40:58 +0000] "HEAD /3/129849/AUTH_9cb2db62181546998c52314d1567748c/gnocchi.095ddb65-ffe5-408e-839b-f8637dbf39dc" 204 - "HEAD http://[::1]:8080/v1/AUTH_9cb2db62181546998c52314d1567748c/gnocchi.095ddb65-ffe5-408e-839b-f8637dbf39dc" "tx8b3022c6568e4b6696196-006934f74a" "proxy-server 97857" 0.0020 "-" 96576 0
Dec 06 22:40:58 np0005549343.novalocal proxy-server[97857]: - - 07/Dec/2025/03/40/58 HEAD /v1/AUTH_9cb2db62181546998c52314d1567748c/gnocchi.095ddb65-ffe5-408e-839b-f8637dbf39dc HTTP/1.0 204 - Swift - - - - tx8b3022c6568e4b6696196-006934f74a - 0.0055 CS - 1765078858.467073679 1765078858.472568512 0 -
Dec 06 22:40:58 np0005549343.novalocal container-server[96575]: ::1 - - [07/Dec/2025:03:40:58 +0000] "GET /3/129849/AUTH_9cb2db62181546998c52314d1567748c/gnocchi.095ddb65-ffe5-408e-839b-f8637dbf39dc" 200 2 "GET https://[::1]:8080/v1/AUTH_9cb2db62181546998c52314d1567748c/gnocchi.095ddb65-ffe5-408e-839b-f8637dbf39dc?format=json&states=listing" "tx8b3022c6568e4b6696196-006934f74a" "proxy-server 97857" 0.0023 "-" 96575 0
Dec 06 22:40:58 np0005549343.novalocal container-server[96576]: ::1 - - [07/Dec/2025:03:40:58 +0000] "PUT /3/95355/AUTH_9cb2db62181546998c52314d1567748c/gnocchi.d549a205-52e2-430a-b428-221d46e7c751/none_v3" 201 - "PUT http://[::1]:8080/1/112247/AUTH_9cb2db62181546998c52314d1567748c/gnocchi.d549a205-52e2-430a-b428-221d46e7c751/none_v3" "txd606480fd447487ca5f47-006934f74a" "object-server 96909" 0.0007 "-" 96576 0
Dec 06 22:40:58 np0005549343.novalocal object-server[96909]: ::1 - - [07/Dec/2025:03:40:58 +0000] "PUT /1/112247/AUTH_9cb2db62181546998c52314d1567748c/gnocchi.d549a205-52e2-430a-b428-221d46e7c751/none_v3" 201 - "PUT https://[::1]:8080/v1/AUTH_9cb2db62181546998c52314d1567748c/gnocchi.d549a205-52e2-430a-b428-221d46e7c751/none_v3" "txd606480fd447487ca5f47-006934f74a" "proxy-server 97857" 0.0151 "-" 96909 0
Dec 06 22:40:58 np0005549343.novalocal container-server[96575]: ::1 - - [07/Dec/2025:03:40:58 +0000] "PUT /2/95355/AUTH_9cb2db62181546998c52314d1567748c/gnocchi.d549a205-52e2-430a-b428-221d46e7c751/none_v3" 201 - "PUT http://[::1]:8080/3/112247/AUTH_9cb2db62181546998c52314d1567748c/gnocchi.d549a205-52e2-430a-b428-221d46e7c751/none_v3" "txd606480fd447487ca5f47-006934f74a" "object-server 96909" 0.0004 "-" 96575 0
Dec 06 22:40:58 np0005549343.novalocal container-server[96575]: ::1 - - [07/Dec/2025:03:40:58 +0000] "PUT /1/95355/AUTH_9cb2db62181546998c52314d1567748c/gnocchi.d549a205-52e2-430a-b428-221d46e7c751/none_v3" 201 - "PUT http://[::1]:8080/2/112247/AUTH_9cb2db62181546998c52314d1567748c/gnocchi.d549a205-52e2-430a-b428-221d46e7c751/none_v3" "txd606480fd447487ca5f47-006934f74a" "object-server 96910" 0.0003 "-" 96575 0
Dec 06 22:40:58 np0005549343.novalocal object-server[96909]: ::1 - - [07/Dec/2025:03:40:58 +0000] "PUT /3/112247/AUTH_9cb2db62181546998c52314d1567748c/gnocchi.d549a205-52e2-430a-b428-221d46e7c751/none_v3" 201 - "PUT https://[::1]:8080/v1/AUTH_9cb2db62181546998c52314d1567748c/gnocchi.d549a205-52e2-430a-b428-221d46e7c751/none_v3" "txd606480fd447487ca5f47-006934f74a" "proxy-server 97857" 0.0178 "-" 96909 0
Dec 06 22:40:58 np0005549343.novalocal proxy-server[97857]: ::1 ::1 07/Dec/2025/03/40/58 GET /v1/AUTH_9cb2db62181546998c52314d1567748c/gnocchi.095ddb65-ffe5-408e-839b-f8637dbf39dc%3Fformat%3Djson%26states%3Dlisting HTTP/1.0 200 - python-swiftclient-4.8.0 gAAAAABpNPcx8Tdl... - 2 - tx8b3022c6568e4b6696196-006934f74a - 0.0150 - - 1765078858.466382027 1765078858.481408834 0 0c044fc9f411403aa3ab5cf8f2b14495
Dec 06 22:40:58 np0005549343.novalocal object-server[96910]: ::1 - - [07/Dec/2025:03:40:58 +0000] "PUT /2/112247/AUTH_9cb2db62181546998c52314d1567748c/gnocchi.d549a205-52e2-430a-b428-221d46e7c751/none_v3" 201 - "PUT https://[::1]:8080/v1/AUTH_9cb2db62181546998c52314d1567748c/gnocchi.d549a205-52e2-430a-b428-221d46e7c751/none_v3" "txd606480fd447487ca5f47-006934f74a" "proxy-server 97857" 0.0186 "-" 96910 0
Dec 06 22:40:58 np0005549343.novalocal proxy-server[97857]: ::1 ::1 07/Dec/2025/03/40/58 PUT /v1/AUTH_9cb2db62181546998c52314d1567748c/gnocchi.d549a205-52e2-430a-b428-221d46e7c751/none_v3 HTTP/1.0 201 - python-swiftclient-4.8.0 gAAAAABpNPckgn8e... 22 - - txd606480fd447487ca5f47-006934f74a - 0.0258 - - 1765078858.457858562 1765078858.483682871 0 0c044fc9f411403aa3ab5cf8f2b14495
Dec 06 22:40:58 np0005549343.novalocal object-server[96909]: ::1 - - [07/Dec/2025:03:40:58 +0000] "GET /2/62177/AUTH_9cb2db62181546998c52314d1567748c/gnocchi.095ddb65-ffe5-408e-839b-f8637dbf39dc/1764720000.0_mean_300.0_v3" 404 70 "GET https://[::1]:8080/v1/AUTH_9cb2db62181546998c52314d1567748c/gnocchi.095ddb65-ffe5-408e-839b-f8637dbf39dc/1764720000.0_mean_300.0_v3" "txc1ef6fa502cb413fa4f0e-006934f74a" "proxy-server 97857" 0.0003 "-" 96909 0
Dec 06 22:40:58 np0005549343.novalocal object-server[96909]: ::1 - - [07/Dec/2025:03:40:58 +0000] "GET /1/62177/AUTH_9cb2db62181546998c52314d1567748c/gnocchi.095ddb65-ffe5-408e-839b-f8637dbf39dc/1764720000.0_mean_300.0_v3" 404 70 "GET https://[::1]:8080/v1/AUTH_9cb2db62181546998c52314d1567748c/gnocchi.095ddb65-ffe5-408e-839b-f8637dbf39dc/1764720000.0_mean_300.0_v3" "txc1ef6fa502cb413fa4f0e-006934f74a" "proxy-server 97857" 0.0003 "-" 96909 0
