Dec 06 22:40:55 np0005549343.novalocal container-server[96575]: ::1 - - [07/Dec/2025:03:40:55 +0000] "HEAD /1/145713/AUTH_9cb2db62181546998c52314d1567748c/gnocchi.c53db31a-534d-43a7-86c3-6bd8cb97d787" 404 - "HEAD http://[::1]:8080/v1/AUTH_9cb2db62181546998c52314d1567748c/gnocchi.c53db31a-534d-43a7-86c3-6bd8cb97d787" "txbcc31a9fc0b042e589f05-006934f747" "proxy-server 97857" 0.0003 "-" 96575 0
Dec 06 22:40:55 np0005549343.novalocal proxy-server[97857]: - - 07/Dec/2025/03/40/55 HEAD /v1/AUTH_9cb2db62181546998c52314d1567748c/gnocchi.c53db31a-534d-43a7-86c3-6bd8cb97d787 HTTP/1.0 404 - Swift - - - - txbcc31a9fc0b042e589f05-006934f747 - 0.0120 CS - 1765078855.073163986 1765078855.085189342 0 -
Dec 06 22:40:55 np0005549343.novalocal object-server[96909]: ::1 - - [07/Dec/2025:03:40:55 +0000] "GET /3/199531/AUTH_9cb2db62181546998c52314d1567748c/gnocchi.c53db31a-534d-43a7-86c3-6bd8cb97d787/none_v3" 404 70 "GET https://[::1]:8080/v1/AUTH_9cb2db62181546998c52314d1567748c/gnocchi.c53db31a-534d-43a7-86c3-6bd8cb97d787/none_v3" "txbcc31a9fc0b042e589f05-006934f747" "proxy-server 97857" 0.0007 "-" 96909 0
Dec 06 22:40:55 np0005549343.novalocal object-server[96910]: ::1 - - [07/Dec/2025:03:40:55 +0000] "GET /2/199531/AUTH_9cb2db62181546998c52314d1567748c/gnocchi.c53db31a-534d-43a7-86c3-6bd8cb97d787/none_v3" 404 70 "GET https://[::1]:8080/v1/AUTH_9cb2db62181546998c52314d1567748c/gnocchi.c53db31a-534d-43a7-86c3-6bd8cb97d787/none_v3" "txbcc31a9fc0b042e589f05-006934f747" "proxy-server 97857" 0.0003 "-" 96910 0
Dec 06 22:40:55 np0005549343.novalocal object-server[96910]: ::1 - - [07/Dec/2025:03:40:55 +0000] "GET /1/199531/AUTH_9cb2db62181546998c52314d1567748c/gnocchi.c53db31a-534d-43a7-86c3-6bd8cb97d787/none_v3" 404 70 "GET https://[::1]:8080/v1/AUTH_9cb2db62181546998c52314d1567748c/gnocchi.c53db31a-534d-43a7-86c3-6bd8cb97d787/none_v3" "txbcc31a9fc0b042e589f05-006934f747" "proxy-server 97857" 0.0002 "-" 96910 0
Dec 06 22:40:55 np0005549343.novalocal proxy-server[97857]: ::1 ::1 07/Dec/2025/03/40/55 GET /v1/AUTH_9cb2db62181546998c52314d1567748c/gnocchi.c53db31a-534d-43a7-86c3-6bd8cb97d787/none_v3 HTTP/1.0 404 - python-swiftclient-4.8.0 gAAAAABpNPckgn8e... - 70 - txbcc31a9fc0b042e589f05-006934f747 - 0.0276 - - 1765078855.072311640 1765078855.099881649 0 0c044fc9f411403aa3ab5cf8f2b14495
Dec 06 22:40:55 np0005549343.novalocal account-server[96281]: ::1 - - [07/Dec/2025:03:40:55 +0000] "PUT /2/78968/AUTH_9cb2db62181546998c52314d1567748c/gnocchi.c53db31a-534d-43a7-86c3-6bd8cb97d787" 201 - "PUT http://[::1]:6001/3/145713/AUTH_9cb2db62181546998c52314d1567748c/gnocchi.c53db31a-534d-43a7-86c3-6bd8cb97d787" "tx1abacf10dee94e6fa1390-006934f747" "container-server 96576" 0.0068 "-" 96281 0
Dec 06 22:40:55 np0005549343.novalocal container-server[96576]: ::1 - - [07/Dec/2025:03:40:55 +0000] "PUT /3/145713/AUTH_9cb2db62181546998c52314d1567748c/gnocchi.c53db31a-534d-43a7-86c3-6bd8cb97d787" 201 - "PUT https://[::1]:8080/v1/AUTH_9cb2db62181546998c52314d1567748c/gnocchi.c53db31a-534d-43a7-86c3-6bd8cb97d787" "tx1abacf10dee94e6fa1390-006934f747" "proxy-server 97857" 0.0208 "-" 96576 0
Dec 06 22:40:55 np0005549343.novalocal account-server[96280]: ::1 - - [07/Dec/2025:03:40:55 +0000] "PUT /3/78968/AUTH_9cb2db62181546998c52314d1567748c/gnocchi.c53db31a-534d-43a7-86c3-6bd8cb97d787" 201 - "PUT http://[::1]:6001/2/145713/AUTH_9cb2db62181546998c52314d1567748c/gnocchi.c53db31a-534d-43a7-86c3-6bd8cb97d787" "tx1abacf10dee94e6fa1390-006934f747" "container-server 96575" 0.0063 "-" 96280 0
Dec 06 22:40:55 np0005549343.novalocal container-server[96575]: ::1 - - [07/Dec/2025:03:40:55 +0000] "PUT /2/145713/AUTH_9cb2db62181546998c52314d1567748c/gnocchi.c53db31a-534d-43a7-86c3-6bd8cb97d787" 201 - "PUT https://[::1]:8080/v1/AUTH_9cb2db62181546998c52314d1567748c/gnocchi.c53db31a-534d-43a7-86c3-6bd8cb97d787" "tx1abacf10dee94e6fa1390-006934f747" "proxy-server 97857" 0.0178 "-" 96575 0
Dec 06 22:40:55 np0005549343.novalocal account-server[96281]: ::1 - - [07/Dec/2025:03:40:55 +0000] "PUT /1/78968/AUTH_9cb2db62181546998c52314d1567748c/gnocchi.c53db31a-534d-43a7-86c3-6bd8cb97d787" 201 - "PUT http://[::1]:6001/1/145713/AUTH_9cb2db62181546998c52314d1567748c/gnocchi.c53db31a-534d-43a7-86c3-6bd8cb97d787" "tx1abacf10dee94e6fa1390-006934f747" "container-server 96575" 0.0083 "-" 96281 0
Dec 06 22:40:55 np0005549343.novalocal container-server[96575]: ::1 - - [07/Dec/2025:03:40:55 +0000] "PUT /1/145713/AUTH_9cb2db62181546998c52314d1567748c/gnocchi.c53db31a-534d-43a7-86c3-6bd8cb97d787" 201 - "PUT https://[::1]:8080/v1/AUTH_9cb2db62181546998c52314d1567748c/gnocchi.c53db31a-534d-43a7-86c3-6bd8cb97d787" "tx1abacf10dee94e6fa1390-006934f747" "proxy-server 97857" 0.0330 "-" 96575 0
Dec 06 22:40:55 np0005549343.novalocal proxy-server[97857]: ::1 ::1 07/Dec/2025/03/40/55 PUT /v1/AUTH_9cb2db62181546998c52314d1567748c/gnocchi.c53db31a-534d-43a7-86c3-6bd8cb97d787 HTTP/1.0 201 - python-swiftclient-4.8.0 gAAAAABpNPckgn8e... - - - tx1abacf10dee94e6fa1390-006934f747 - 0.0432 - - 1765078855.102851868 1765078855.146013021 0 0c044fc9f411403aa3ab5cf8f2b14495
Dec 06 22:40:55 np0005549343.novalocal container-server[96576]: ::1 - - [07/Dec/2025:03:40:55 +0000] "HEAD /3/227497/AUTH_9cb2db62181546998c52314d1567748c/gnocchi.5e7b6c79-4ebe-4cf1-9021-dc1e88e56507" 204 - "HEAD http://[::1]:8080/v1/AUTH_9cb2db62181546998c52314d1567748c/gnocchi.5e7b6c79-4ebe-4cf1-9021-dc1e88e56507" "txc8296a00805a48b099701-006934f747" "proxy-server 97857" 0.0010 "-" 96576 0
Dec 06 22:40:55 np0005549343.novalocal proxy-server[97857]: - - 07/Dec/2025/03/40/55 HEAD /v1/AUTH_9cb2db62181546998c52314d1567748c/gnocchi.5e7b6c79-4ebe-4cf1-9021-dc1e88e56507 HTTP/1.0 204 - Swift - - - - txc8296a00805a48b099701-006934f747 - 0.0046 CS - 1765078855.150084972 1765078855.154687405 0 -
Dec 06 22:40:55 np0005549343.novalocal container-server[96575]: ::1 - - [07/Dec/2025:03:40:55 +0000] "GET /2/227497/AUTH_9cb2db62181546998c52314d1567748c/gnocchi.5e7b6c79-4ebe-4cf1-9021-dc1e88e56507" 200 2 "GET https://[::1]:8080/v1/AUTH_9cb2db62181546998c52314d1567748c/gnocchi.5e7b6c79-4ebe-4cf1-9021-dc1e88e56507?format=json&states=listing" "txc8296a00805a48b099701-006934f747" "proxy-server 97857" 0.0047 "-" 96575 0
Dec 06 22:40:55 np0005549343.novalocal proxy-server[97857]: ::1 ::1 07/Dec/2025/03/40/55 GET /v1/AUTH_9cb2db62181546998c52314d1567748c/gnocchi.5e7b6c79-4ebe-4cf1-9021-dc1e88e56507%3Fformat%3Djson%26states%3Dlisting HTTP/1.0 200 - python-swiftclient-4.8.0 gAAAAABpNPckgn8e... - 2 - txc8296a00805a48b099701-006934f747 - 0.0194 - - 1765078855.149163246 1765078855.168540716 0 0c044fc9f411403aa3ab5cf8f2b14495
Dec 06 22:40:55 np0005549343.novalocal container-server[96575]: ::1 - - [07/Dec/2025:03:40:55 +0000] "HEAD /3/145713/AUTH_9cb2db62181546998c52314d1567748c/gnocchi.c53db31a-534d-43a7-86c3-6bd8cb97d787" 204 - "HEAD http://[::1]:8080/v1/AUTH_9cb2db62181546998c52314d1567748c/gnocchi.c53db31a-534d-43a7-86c3-6bd8cb97d787" "txf95b35694f9147119567e-006934f747" "proxy-server 97857" 0.0019 "-" 96575 0
Dec 06 22:40:55 np0005549343.novalocal proxy-server[97857]: - - 07/Dec/2025/03/40/55 HEAD /v1/AUTH_9cb2db62181546998c52314d1567748c/gnocchi.c53db31a-534d-43a7-86c3-6bd8cb97d787 HTTP/1.0 204 - Swift - - - - txf95b35694f9147119567e-006934f747 - 0.0058 CS - 1765078855.172620296 1765078855.178444624 0 -
Dec 06 22:40:55 np0005549343.novalocal container-server[96575]: ::1 - - [07/Dec/2025:03:40:55 +0000] "GET /1/145713/AUTH_9cb2db62181546998c52314d1567748c/gnocchi.c53db31a-534d-43a7-86c3-6bd8cb97d787" 200 2 "GET https://[::1]:8080/v1/AUTH_9cb2db62181546998c52314d1567748c/gnocchi.c53db31a-534d-43a7-86c3-6bd8cb97d787?format=json&states=listing" "txf95b35694f9147119567e-006934f747" "proxy-server 97857" 0.0033 "-" 96575 0
Dec 06 22:40:55 np0005549343.novalocal proxy-server[97857]: ::1 ::1 07/Dec/2025/03/40/55 GET /v1/AUTH_9cb2db62181546998c52314d1567748c/gnocchi.c53db31a-534d-43a7-86c3-6bd8cb97d787%3Fformat%3Djson%26states%3Dlisting HTTP/1.0 200 - python-swiftclient-4.8.0 gAAAAABpNPckgn8e... - 2 - txf95b35694f9147119567e-006934f747 - 0.0184 - - 1765078855.171781540 1765078855.190163136 0 0c044fc9f411403aa3ab5cf8f2b14495
Dec 06 22:40:55 np0005549343.novalocal object-server[96910]: ::1 - - [07/Dec/2025:03:40:55 +0000] "GET /1/160334/AUTH_9cb2db62181546998c52314d1567748c/gnocchi.5e7b6c79-4ebe-4cf1-9021-dc1e88e56507/1764720000.0_mean_300.0_v3" 404 70 "GET https://[::1]:8080/v1/AUTH_9cb2db62181546998c52314d1567748c/gnocchi.5e7b6c79-4ebe-4cf1-9021-dc1e88e56507/1764720000.0_mean_300.0_v3" "tx946918d7a14e420a9023c-006934f747" "proxy-server 97857" 0.0006 "-" 96910 0
Dec 06 22:40:55 np0005549343.novalocal object-server[96909]: ::1 - - [07/Dec/2025:03:40:55 +0000] "GET /3/160334/AUTH_9cb2db62181546998c52314d1567748c/gnocchi.5e7b6c79-4ebe-4cf1-9021-dc1e88e56507/1764720000.0_mean_300.0_v3" 404 70 "GET https://[::1]:8080/v1/AUTH_9cb2db62181546998c52314d1567748c/gnocchi.5e7b6c79-4ebe-4cf1-9021-dc1e88e56507/1764720000.0_mean_300.0_v3" "tx946918d7a14e420a9023c-006934f747" "proxy-server 97857" 0.0006 "-" 96909 0
Dec 06 22:40:55 np0005549343.novalocal object-server[96910]: ::1 - - [07/Dec/2025:03:40:55 +0000] "GET /2/160334/AUTH_9cb2db62181546998c52314d1567748c/gnocchi.5e7b6c79-4ebe-4cf1-9021-dc1e88e56507/1764720000.0_mean_300.0_v3" 404 70 "GET https://[::1]:8080/v1/AUTH_9cb2db62181546998c52314d1567748c/gnocchi.5e7b6c79-4ebe-4cf1-9021-dc1e88e56507/1764720000.0_mean_300.0_v3" "tx946918d7a14e420a9023c-006934f747" "proxy-server 97857" 0.0003 "-" 96910 0
Dec 06 22:40:55 np0005549343.novalocal proxy-server[97857]: ::1 ::1 07/Dec/2025/03/40/55 GET /v1/AUTH_9cb2db62181546998c52314d1567748c/gnocchi.5e7b6c79-4ebe-4cf1-9021-dc1e88e56507/1764720000.0_mean_300.0_v3 HTTP/1.0 404 - python-swiftclient-4.8.0 gAAAAABpNPckgn8e... - 70 - tx946918d7a14e420a9023c-006934f747 - 0.0165 - - 1765078855.194315672 1765078855.210809708 0 0c044fc9f411403aa3ab5cf8f2b14495
Dec 06 22:40:55 np0005549343.novalocal object-server[96910]: ::1 - - [07/Dec/2025:03:40:55 +0000] "GET /2/189834/AUTH_9cb2db62181546998c52314d1567748c/gnocchi.c53db31a-534d-43a7-86c3-6bd8cb97d787/1764720000.0_mean_300.0_v3" 404 70 "GET https://[::1]:8080/v1/AUTH_9cb2db62181546998c52314d1567748c/gnocchi.c53db31a-534d-43a7-86c3-6bd8cb97d787/1764720000.0_mean_300.0_v3" "txf22c07bec83744dc80463-006934f747" "proxy-server 97857" 0.0006 "-" 96910 0
Dec 06 22:40:55 np0005549343.novalocal object-server[96910]: ::1 - - [07/Dec/2025:03:40:55 +0000] "GET /3/189834/AUTH_9cb2db62181546998c52314d1567748c/gnocchi.c53db31a-534d-43a7-86c3-6bd8cb97d787/1764720000.0_mean_300.0_v3" 404 70 "GET https://[::1]:8080/v1/AUTH_9cb2db62181546998c52314d1567748c/gnocchi.c53db31a-534d-43a7-86c3-6bd8cb97d787/1764720000.0_mean_300.0_v3" "txf22c07bec83744dc80463-006934f747" "proxy-server 97857" 0.0005 "-" 96910 0
Dec 06 22:40:55 np0005549343.novalocal object-server[96909]: ::1 - - [07/Dec/2025:03:40:55 +0000] "GET /1/189834/AUTH_9cb2db62181546998c52314d1567748c/gnocchi.c53db31a-534d-43a7-86c3-6bd8cb97d787/1764720000.0_mean_300.0_v3" 404 70 "GET https://[::1]:8080/v1/AUTH_9cb2db62181546998c52314d1567748c/gnocchi.c53db31a-534d-43a7-86c3-6bd8cb97d787/1764720000.0_mean_300.0_v3" "txf22c07bec83744dc80463-006934f747" "proxy-server 97857" 0.0004 "-" 96909 0
Dec 06 22:40:55 np0005549343.novalocal proxy-server[97857]: ::1 ::1 07/Dec/2025/03/40/55 GET /v1/AUTH_9cb2db62181546998c52314d1567748c/gnocchi.c53db31a-534d-43a7-86c3-6bd8cb97d787/1764720000.0_mean_300.0_v3 HTTP/1.0 404 - python-swiftclient-4.8.0 gAAAAABpNPckgn8e... - 70 - txf22c07bec83744dc80463-006934f747 - 0.0133 - - 1765078855.213780880 1765078855.227076530 0 0c044fc9f411403aa3ab5cf8f2b14495
Dec 06 22:40:55 np0005549343.novalocal container-server[96575]: ::1 - - [07/Dec/2025:03:40:55 +0000] "PUT /2/227497/AUTH_9cb2db62181546998c52314d1567748c/gnocchi.5e7b6c79-4ebe-4cf1-9021-dc1e88e56507/1764720000.0_mean_300.0_v3" 201 - "PUT http://[::1]:8080/1/160334/AUTH_9cb2db62181546998c52314d1567748c/gnocchi.5e7b6c79-4ebe-4cf1-9021-dc1e88e56507/1764720000.0_mean_300.0_v3" "tx12ae8cc987e245f5ba8d3-006934f747" "object-server 96909" 0.0009 "-" 96575 0
Dec 06 22:40:55 np0005549343.novalocal object-server[96909]: ::1 - - [07/Dec/2025:03:40:55 +0000] "PUT /1/160334/AUTH_9cb2db62181546998c52314d1567748c/gnocchi.5e7b6c79-4ebe-4cf1-9021-dc1e88e56507/1764720000.0_mean_300.0_v3" 201 - "PUT https://[::1]:8080/v1/AUTH_9cb2db62181546998c52314d1567748c/gnocchi.5e7b6c79-4ebe-4cf1-9021-dc1e88e56507/1764720000.0_mean_300.0_v3" "tx12ae8cc987e245f5ba8d3-006934f747" "proxy-server 97857" 0.0150 "-" 96909 0
Dec 06 22:40:55 np0005549343.novalocal container-server[96575]: ::1 - - [07/Dec/2025:03:40:55 +0000] "PUT /1/227497/AUTH_9cb2db62181546998c52314d1567748c/gnocchi.5e7b6c79-4ebe-4cf1-9021-dc1e88e56507/1764720000.0_mean_300.0_v3" 201 - "PUT http://[::1]:8080/3/160334/AUTH_9cb2db62181546998c52314d1567748c/gnocchi.5e7b6c79-4ebe-4cf1-9021-dc1e88e56507/1764720000.0_mean_300.0_v3" "tx12ae8cc987e245f5ba8d3-006934f747" "object-server 96909" 0.0009 "-" 96575 0
Dec 06 22:40:55 np0005549343.novalocal object-server[96909]: ::1 - - [07/Dec/2025:03:40:55 +0000] "PUT /3/160334/AUTH_9cb2db62181546998c52314d1567748c/gnocchi.5e7b6c79-4ebe-4cf1-9021-dc1e88e56507/1764720000.0_mean_300.0_v3" 201 - "PUT https://[::1]:8080/v1/AUTH_9cb2db62181546998c52314d1567748c/gnocchi.5e7b6c79-4ebe-4cf1-9021-dc1e88e56507/1764720000.0_mean_300.0_v3" "tx12ae8cc987e245f5ba8d3-006934f747" "proxy-server 97857" 0.0205 "-" 96909 0
Dec 06 22:40:55 np0005549343.novalocal container-server[96575]: ::1 - - [07/Dec/2025:03:40:55 +0000] "PUT /3/227497/AUTH_9cb2db62181546998c52314d1567748c/gnocchi.5e7b6c79-4ebe-4cf1-9021-dc1e88e56507/1764720000.0_mean_300.0_v3" 201 - "PUT http://[::1]:8080/2/160334/AUTH_9cb2db62181546998c52314d1567748c/gnocchi.5e7b6c79-4ebe-4cf1-9021-dc1e88e56507/1764720000.0_mean_300.0_v3" "tx12ae8cc987e245f5ba8d3-006934f747" "object-server 96909" 0.0008 "-" 96575 0
Dec 06 22:40:55 np0005549343.novalocal object-server[96909]: ::1 - - [07/Dec/2025:03:40:55 +0000] "PUT /2/160334/AUTH_9cb2db62181546998c52314d1567748c/gnocchi.5e7b6c79-4ebe-4cf1-9021-dc1e88e56507/1764720000.0_mean_300.0_v3" 201 - "PUT https://[::1]:8080/v1/AUTH_9cb2db62181546998c52314d1567748c/gnocchi.5e7b6c79-4ebe-4cf1-9021-dc1e88e56507/1764720000.0_mean_300.0_v3" "tx12ae8cc987e245f5ba8d3-006934f747" "proxy-server 97857" 0.0199 "-" 96909 0
Dec 06 22:40:55 np0005549343.novalocal proxy-server[97857]: ::1 ::1 07/Dec/2025/03/40/55 PUT /v1/AUTH_9cb2db62181546998c52314d1567748c/gnocchi.5e7b6c79-4ebe-4cf1-9021-dc1e88e56507/1764720000.0_mean_300.0_v3 HTTP/1.0 201 - python-swiftclient-4.8.0 gAAAAABpNPckgn8e... 16 - - tx12ae8cc987e245f5ba8d3-006934f747 - 0.0316 - - 1765078855.230032206 1765078855.261646986 0 0c044fc9f411403aa3ab5cf8f2b14495
Dec 06 22:40:55 np0005549343.novalocal container-server[96576]: ::1 - - [07/Dec/2025:03:40:55 +0000] "PUT /3/145713/AUTH_9cb2db62181546998c52314d1567748c/gnocchi.c53db31a-534d-43a7-86c3-6bd8cb97d787/1764720000.0_mean_300.0_v3" 201 - "PUT http://[::1]:8080/2/189834/AUTH_9cb2db62181546998c52314d1567748c/gnocchi.c53db31a-534d-43a7-86c3-6bd8cb97d787/1764720000.0_mean_300.0_v3" "txbe47d2dc56c744ea99217-006934f747" "object-server 96909" 0.0014 "-" 96576 0
Dec 06 22:40:55 np0005549343.novalocal object-server[96909]: ::1 - - [07/Dec/2025:03:40:55 +0000] "PUT /2/189834/AUTH_9cb2db62181546998c52314d1567748c/gnocchi.c53db31a-534d-43a7-86c3-6bd8cb97d787/1764720000.0_mean_300.0_v3" 201 - "PUT https://[::1]:8080/v1/AUTH_9cb2db62181546998c52314d1567748c/gnocchi.c53db31a-534d-43a7-86c3-6bd8cb97d787/1764720000.0_mean_300.0_v3" "txbe47d2dc56c744ea99217-006934f747" "proxy-server 97857" 0.0143 "-" 96909 0
Dec 06 22:40:55 np0005549343.novalocal container-server[96576]: ::1 - - [07/Dec/2025:03:40:55 +0000] "PUT /1/145713/AUTH_9cb2db62181546998c52314d1567748c/gnocchi.c53db31a-534d-43a7-86c3-6bd8cb97d787/1764720000.0_mean_300.0_v3" 201 - "PUT http://[::1]:8080/3/189834/AUTH_9cb2db62181546998c52314d1567748c/gnocchi.c53db31a-534d-43a7-86c3-6bd8cb97d787/1764720000.0_mean_300.0_v3" "txbe47d2dc56c744ea99217-006934f747" "object-server 96910" 0.0007 "-" 96576 0
Dec 06 22:40:55 np0005549343.novalocal container-server[96575]: ::1 - - [07/Dec/2025:03:40:55 +0000] "PUT /2/145713/AUTH_9cb2db62181546998c52314d1567748c/gnocchi.c53db31a-534d-43a7-86c3-6bd8cb97d787/1764720000.0_mean_300.0_v3" 201 - "PUT http://[::1]:8080/1/189834/AUTH_9cb2db62181546998c52314d1567748c/gnocchi.c53db31a-534d-43a7-86c3-6bd8cb97d787/1764720000.0_mean_300.0_v3" "txbe47d2dc56c744ea99217-006934f747" "object-server 96910" 0.0010 "-" 96575 0
Dec 06 22:40:55 np0005549343.novalocal object-server[96910]: ::1 - - [07/Dec/2025:03:40:55 +0000] "PUT /3/189834/AUTH_9cb2db62181546998c52314d1567748c/gnocchi.c53db31a-534d-43a7-86c3-6bd8cb97d787/1764720000.0_mean_300.0_v3" 201 - "PUT https://[::1]:8080/v1/AUTH_9cb2db62181546998c52314d1567748c/gnocchi.c53db31a-534d-43a7-86c3-6bd8cb97d787/1764720000.0_mean_300.0_v3" "txbe47d2dc56c744ea99217-006934f747" "proxy-server 97857" 0.0149 "-" 96910 0
Dec 06 22:40:55 np0005549343.novalocal object-server[96910]: ::1 - - [07/Dec/2025:03:40:55 +0000] "PUT /1/189834/AUTH_9cb2db62181546998c52314d1567748c/gnocchi.c53db31a-534d-43a7-86c3-6bd8cb97d787/1764720000.0_mean_300.0_v3" 201 - "PUT https://[::1]:8080/v1/AUTH_9cb2db62181546998c52314d1567748c/gnocchi.c53db31a-534d-43a7-86c3-6bd8cb97d787/1764720000.0_mean_300.0_v3" "txbe47d2dc56c744ea99217-006934f747" "proxy-server 97857" 0.0183 "-" 96910 0
Dec 06 22:40:55 np0005549343.novalocal proxy-server[97857]: ::1 ::1 07/Dec/2025/03/40/55 PUT /v1/AUTH_9cb2db62181546998c52314d1567748c/gnocchi.c53db31a-534d-43a7-86c3-6bd8cb97d787/1764720000.0_mean_300.0_v3 HTTP/1.0 201 - python-swiftclient-4.8.0 gAAAAABpNPckgn8e... 16 - - txbe47d2dc56c744ea99217-006934f747 - 0.0259 - - 1765078855.264607191 1765078855.290507078 0 0c044fc9f411403aa3ab5cf8f2b14495
Dec 06 22:40:55 np0005549343.novalocal container-server[96575]: ::1 - - [07/Dec/2025:03:40:55 +0000] "PUT /2/227497/AUTH_9cb2db62181546998c52314d1567748c/gnocchi.5e7b6c79-4ebe-4cf1-9021-dc1e88e56507/none_v3" 201 - "PUT http://[::1]:8080/2/1993/AUTH_9cb2db62181546998c52314d1567748c/gnocchi.5e7b6c79-4ebe-4cf1-9021-dc1e88e56507/none_v3" "tx2e9958b8517d4123b1d63-006934f747" "object-server 96909" 0.0009 "-" 96575 0
Dec 06 22:40:55 np0005549343.novalocal object-server[96909]: ::1 - - [07/Dec/2025:03:40:55 +0000] "PUT /2/1993/AUTH_9cb2db62181546998c52314d1567748c/gnocchi.5e7b6c79-4ebe-4cf1-9021-dc1e88e56507/none_v3" 201 - "PUT https://[::1]:8080/v1/AUTH_9cb2db62181546998c52314d1567748c/gnocchi.5e7b6c79-4ebe-4cf1-9021-dc1e88e56507/none_v3" "tx2e9958b8517d4123b1d63-006934f747" "proxy-server 97857" 0.0146 "-" 96909 0
Dec 06 22:40:55 np0005549343.novalocal container-server[96576]: ::1 - - [07/Dec/2025:03:40:55 +0000] "PUT /1/227497/AUTH_9cb2db62181546998c52314d1567748c/gnocchi.5e7b6c79-4ebe-4cf1-9021-dc1e88e56507/none_v3" 201 - "PUT http://[::1]:8080/1/1993/AUTH_9cb2db62181546998c52314d1567748c/gnocchi.5e7b6c79-4ebe-4cf1-9021-dc1e88e56507/none_v3" "tx2e9958b8517d4123b1d63-006934f747" "object-server 96910" 0.0008 "-" 96576 0
Dec 06 22:40:55 np0005549343.novalocal container-server[96575]: ::1 - - [07/Dec/2025:03:40:55 +0000] "PUT /3/227497/AUTH_9cb2db62181546998c52314d1567748c/gnocchi.5e7b6c79-4ebe-4cf1-9021-dc1e88e56507/none_v3" 201 - "PUT http://[::1]:8080/3/1993/AUTH_9cb2db62181546998c52314d1567748c/gnocchi.5e7b6c79-4ebe-4cf1-9021-dc1e88e56507/none_v3" "tx2e9958b8517d4123b1d63-006934f747" "object-server 96910" 0.0008 "-" 96575 0
Dec 06 22:40:55 np0005549343.novalocal object-server[96910]: ::1 - - [07/Dec/2025:03:40:55 +0000] "PUT /1/1993/AUTH_9cb2db62181546998c52314d1567748c/gnocchi.5e7b6c79-4ebe-4cf1-9021-dc1e88e56507/none_v3" 201 - "PUT https://[::1]:8080/v1/AUTH_9cb2db62181546998c52314d1567748c/gnocchi.5e7b6c79-4ebe-4cf1-9021-dc1e88e56507/none_v3" "tx2e9958b8517d4123b1d63-006934f747" "proxy-server 97857" 0.0163 "-" 96910 0
Dec 06 22:40:55 np0005549343.novalocal object-server[96910]: ::1 - - [07/Dec/2025:03:40:55 +0000] "PUT /3/1993/AUTH_9cb2db62181546998c52314d1567748c/gnocchi.5e7b6c79-4ebe-4cf1-9021-dc1e88e56507/none_v3" 201 - "PUT https://[::1]:8080/v1/AUTH_9cb2db62181546998c52314d1567748c/gnocchi.5e7b6c79-4ebe-4cf1-9021-dc1e88e56507/none_v3" "tx2e9958b8517d4123b1d63-006934f747" "proxy-server 97857" 0.0156 "-" 96910 0
Dec 06 22:40:55 np0005549343.novalocal proxy-server[97857]: ::1 ::1 07/Dec/2025/03/40/55 PUT /v1/AUTH_9cb2db62181546998c52314d1567748c/gnocchi.5e7b6c79-4ebe-4cf1-9021-dc1e88e56507/none_v3 HTTP/1.0 201 - python-swiftclient-4.8.0 gAAAAABpNPckgn8e... 22 - - tx2e9958b8517d4123b1d63-006934f747 - 0.0258 - - 1765078855.293939352 1765078855.319783926 0 0c044fc9f411403aa3ab5cf8f2b14495
Dec 06 22:40:55 np0005549343.novalocal container-server[96575]: ::1 - - [07/Dec/2025:03:40:55 +0000] "PUT /2/145713/AUTH_9cb2db62181546998c52314d1567748c/gnocchi.c53db31a-534d-43a7-86c3-6bd8cb97d787/none_v3" 201 - "PUT http://[::1]:8080/1/199531/AUTH_9cb2db62181546998c52314d1567748c/gnocchi.c53db31a-534d-43a7-86c3-6bd8cb97d787/none_v3" "txbee6fa28c8c24ac9a7880-006934f747" "object-server 96910" 0.0010 "-" 96575 0
Dec 06 22:40:55 np0005549343.novalocal object-server[96910]: ::1 - - [07/Dec/2025:03:40:55 +0000] "PUT /1/199531/AUTH_9cb2db62181546998c52314d1567748c/gnocchi.c53db31a-534d-43a7-86c3-6bd8cb97d787/none_v3" 201 - "PUT https://[::1]:8080/v1/AUTH_9cb2db62181546998c52314d1567748c/gnocchi.c53db31a-534d-43a7-86c3-6bd8cb97d787/none_v3" "txbee6fa28c8c24ac9a7880-006934f747" "proxy-server 97857" 0.0140 "-" 96910 0
Dec 06 22:40:55 np0005549343.novalocal container-server[96575]: ::1 - - [07/Dec/2025:03:40:55 +0000] "PUT /1/145713/AUTH_9cb2db62181546998c52314d1567748c/gnocchi.c53db31a-534d-43a7-86c3-6bd8cb97d787/none_v3" 201 - "PUT http://[::1]:8080/2/199531/AUTH_9cb2db62181546998c52314d1567748c/gnocchi.c53db31a-534d-43a7-86c3-6bd8cb97d787/none_v3" "txbee6fa28c8c24ac9a7880-006934f747" "object-server 96909" 0.0009 "-" 96575 0
Dec 06 22:40:55 np0005549343.novalocal container-server[96576]: ::1 - - [07/Dec/2025:03:40:55 +0000] "PUT /3/145713/AUTH_9cb2db62181546998c52314d1567748c/gnocchi.c53db31a-534d-43a7-86c3-6bd8cb97d787/none_v3" 201 - "PUT http://[::1]:8080/3/199531/AUTH_9cb2db62181546998c52314d1567748c/gnocchi.c53db31a-534d-43a7-86c3-6bd8cb97d787/none_v3" "txbee6fa28c8c24ac9a7880-006934f747" "object-server 96909" 0.0007 "-" 96576 0
Dec 06 22:40:55 np0005549343.novalocal object-server[96909]: ::1 - - [07/Dec/2025:03:40:55 +0000] "PUT /2/199531/AUTH_9cb2db62181546998c52314d1567748c/gnocchi.c53db31a-534d-43a7-86c3-6bd8cb97d787/none_v3" 201 - "PUT https://[::1]:8080/v1/AUTH_9cb2db62181546998c52314d1567748c/gnocchi.c53db31a-534d-43a7-86c3-6bd8cb97d787/none_v3" "txbee6fa28c8c24ac9a7880-006934f747" "proxy-server 97857" 0.0177 "-" 96909 0
Dec 06 22:40:55 np0005549343.novalocal object-server[96909]: ::1 - - [07/Dec/2025:03:40:55 +0000] "PUT /3/199531/AUTH_9cb2db62181546998c52314d1567748c/gnocchi.c53db31a-534d-43a7-86c3-6bd8cb97d787/none_v3" 201 - "PUT https://[::1]:8080/v1/AUTH_9cb2db62181546998c52314d1567748c/gnocchi.c53db31a-534d-43a7-86c3-6bd8cb97d787/none_v3" "txbee6fa28c8c24ac9a7880-006934f747" "proxy-server 97857" 0.0177 "-" 96909 0
Dec 06 22:40:55 np0005549343.novalocal proxy-server[97857]: ::1 ::1 07/Dec/2025/03/40/55 PUT /v1/AUTH_9cb2db62181546998c52314d1567748c/gnocchi.c53db31a-534d-43a7-86c3-6bd8cb97d787/none_v3 HTTP/1.0 201 - python-swiftclient-4.8.0 gAAAAABpNPckgn8e... 22 - - txbee6fa28c8c24ac9a7880-006934f747 - 0.0284 - - 1765078855.323062897 1765078855.351415157 0 0c044fc9f411403aa3ab5cf8f2b14495
Dec 06 22:40:55 np0005549343.novalocal container-server[96575]: ::1 - - [07/Dec/2025:03:40:55 +0000] "HEAD /2/38248/AUTH_9cb2db62181546998c52314d1567748c/gnocchi.4a3ab37c-ce2e-4a78-9f44-260fe3670b89" 404 - "HEAD http://[::1]:8080/v1/AUTH_9cb2db62181546998c52314d1567748c/gnocchi.4a3ab37c-ce2e-4a78-9f44-260fe3670b89" "tx5b5f2ee7564f4d8b9d143-006934f747" "proxy-server 97857" 0.0003 "-" 96575 0
Dec 06 22:40:55 np0005549343.novalocal container-server[96576]: ::1 - - [07/Dec/2025:03:40:55 +0000] "HEAD /3/38248/AUTH_9cb2db62181546998c52314d1567748c/gnocchi.4a3ab37c-ce2e-4a78-9f44-260fe3670b89" 404 - "HEAD http://[::1]:8080/v1/AUTH_9cb2db62181546998c52314d1567748c/gnocchi.4a3ab37c-ce2e-4a78-9f44-260fe3670b89" "tx5b5f2ee7564f4d8b9d143-006934f747" "proxy-server 97857" 0.0004 "-" 96576 0
Dec 06 22:40:55 np0005549343.novalocal container-server[96575]: ::1 - - [07/Dec/2025:03:40:55 +0000] "HEAD /1/38248/AUTH_9cb2db62181546998c52314d1567748c/gnocchi.4a3ab37c-ce2e-4a78-9f44-260fe3670b89" 404 - "HEAD http://[::1]:8080/v1/AUTH_9cb2db62181546998c52314d1567748c/gnocchi.4a3ab37c-ce2e-4a78-9f44-260fe3670b89" "tx5b5f2ee7564f4d8b9d143-006934f747" "proxy-server 97857" 0.0003 "-" 96575 0
Dec 06 22:40:55 np0005549343.novalocal container-replicator[96639]: Beginning replication run
Dec 06 22:40:55 np0005549343.novalocal proxy-server[97857]: - - 07/Dec/2025/03/40/55 HEAD /v1/AUTH_9cb2db62181546998c52314d1567748c/gnocchi.4a3ab37c-ce2e-4a78-9f44-260fe3670b89 HTTP/1.0 404 - Swift - - - - tx5b5f2ee7564f4d8b9d143-006934f747 - 0.0128 CS - 1765078855.366207600 1765078855.379032612 0 -
Dec 06 22:40:55 np0005549343.novalocal object-server[96910]: ::1 - - [07/Dec/2025:03:40:55 +0000] "GET /1/129584/AUTH_9cb2db62181546998c52314d1567748c/gnocchi.4a3ab37c-ce2e-4a78-9f44-260fe3670b89/none_v3" 404 70 "GET https://[::1]:8080/v1/AUTH_9cb2db62181546998c52314d1567748c/gnocchi.4a3ab37c-ce2e-4a78-9f44-260fe3670b89/none_v3" "tx5b5f2ee7564f4d8b9d143-006934f747" "proxy-server 97857" 0.0006 "-" 96910 0
Dec 06 22:40:55 np0005549343.novalocal object-server[96909]: ::1 - - [07/Dec/2025:03:40:55 +0000] "GET /2/129584/AUTH_9cb2db62181546998c52314d1567748c/gnocchi.4a3ab37c-ce2e-4a78-9f44-260fe3670b89/none_v3" 404 70 "GET https://[::1]:8080/v1/AUTH_9cb2db62181546998c52314d1567748c/gnocchi.4a3ab37c-ce2e-4a78-9f44-260fe3670b89/none_v3" "tx5b5f2ee7564f4d8b9d143-006934f747" "proxy-server 97857" 0.0008 "-" 96909 0
Dec 06 22:40:55 np0005549343.novalocal object-server[96909]: ::1 - - [07/Dec/2025:03:40:55 +0000] "GET /3/129584/AUTH_9cb2db62181546998c52314d1567748c/gnocchi.4a3ab37c-ce2e-4a78-9f44-260fe3670b89/none_v3" 404 70 "GET https://[::1]:8080/v1/AUTH_9cb2db62181546998c52314d1567748c/gnocchi.4a3ab37c-ce2e-4a78-9f44-260fe3670b89/none_v3" "tx5b5f2ee7564f4d8b9d143-006934f747" "proxy-server 97857" 0.0006 "-" 96909 0
Dec 06 22:40:55 np0005549343.novalocal proxy-server[97857]: ::1 ::1 07/Dec/2025/03/40/55 GET /v1/AUTH_9cb2db62181546998c52314d1567748c/gnocchi.4a3ab37c-ce2e-4a78-9f44-260fe3670b89/none_v3 HTTP/1.0 404 - python-swiftclient-4.8.0 gAAAAABpNPckgn8e... - 70 - tx5b5f2ee7564f4d8b9d143-006934f747 - 0.0334 - - 1765078855.365209103 1765078855.398560286 0 0c044fc9f411403aa3ab5cf8f2b14495
Dec 06 22:40:55 np0005549343.novalocal account-server[96280]: ::1 - - [07/Dec/2025:03:40:55 +0000] "PUT /1/78968/AUTH_9cb2db62181546998c52314d1567748c/gnocchi.4a3ab37c-ce2e-4a78-9f44-260fe3670b89" 201 - "PUT http://[::1]:6001/1/38248/AUTH_9cb2db62181546998c52314d1567748c/gnocchi.4a3ab37c-ce2e-4a78-9f44-260fe3670b89" "txe9189a460ee3424eb7f24-006934f747" "container-server 96575" 0.0197 "-" 96280 0
Dec 06 22:40:55 np0005549343.novalocal account-server[96281]: ::1 - - [07/Dec/2025:03:40:55 +0000] "PUT /2/78968/AUTH_9cb2db62181546998c52314d1567748c/gnocchi.4a3ab37c-ce2e-4a78-9f44-260fe3670b89" 201 - "PUT http://[::1]:6001/3/38248/AUTH_9cb2db62181546998c52314d1567748c/gnocchi.4a3ab37c-ce2e-4a78-9f44-260fe3670b89" "txe9189a460ee3424eb7f24-006934f747" "container-server 96576" 0.0211 "-" 96281 0
Dec 06 22:40:55 np0005549343.novalocal container-server[96576]: ::1 - - [07/Dec/2025:03:40:55 +0000] "PUT /3/38248/AUTH_9cb2db62181546998c52314d1567748c/gnocchi.4a3ab37c-ce2e-4a78-9f44-260fe3670b89" 201 - "PUT https://[::1]:8080/v1/AUTH_9cb2db62181546998c52314d1567748c/gnocchi.4a3ab37c-ce2e-4a78-9f44-260fe3670b89" "txe9189a460ee3424eb7f24-006934f747" "proxy-server 97857" 0.0356 "-" 96576 0
Dec 06 22:40:55 np0005549343.novalocal container-server[96575]: ::1 - - [07/Dec/2025:03:40:55 +0000] "PUT /1/38248/AUTH_9cb2db62181546998c52314d1567748c/gnocchi.4a3ab37c-ce2e-4a78-9f44-260fe3670b89" 201 - "PUT https://[::1]:8080/v1/AUTH_9cb2db62181546998c52314d1567748c/gnocchi.4a3ab37c-ce2e-4a78-9f44-260fe3670b89" "txe9189a460ee3424eb7f24-006934f747" "proxy-server 97857" 0.0514 "-" 96575 0
Dec 06 22:40:55 np0005549343.novalocal account-server[96281]: ::1 - - [07/Dec/2025:03:40:55 +0000] "PUT /3/78968/AUTH_9cb2db62181546998c52314d1567748c/gnocchi.4a3ab37c-ce2e-4a78-9f44-260fe3670b89" 201 - "PUT http://[::1]:6001/2/38248/AUTH_9cb2db62181546998c52314d1567748c/gnocchi.4a3ab37c-ce2e-4a78-9f44-260fe3670b89" "txe9189a460ee3424eb7f24-006934f747" "container-server 96575" 0.0162 "-" 96281 0
Dec 06 22:40:55 np0005549343.novalocal container-server[96575]: ::1 - - [07/Dec/2025:03:40:55 +0000] "PUT /2/38248/AUTH_9cb2db62181546998c52314d1567748c/gnocchi.4a3ab37c-ce2e-4a78-9f44-260fe3670b89" 201 - "PUT https://[::1]:8080/v1/AUTH_9cb2db62181546998c52314d1567748c/gnocchi.4a3ab37c-ce2e-4a78-9f44-260fe3670b89" "txe9189a460ee3424eb7f24-006934f747" "proxy-server 97857" 0.0529 "-" 96575 0
Dec 06 22:40:55 np0005549343.novalocal proxy-server[97857]: ::1 ::1 07/Dec/2025/03/40/55 PUT /v1/AUTH_9cb2db62181546998c52314d1567748c/gnocchi.4a3ab37c-ce2e-4a78-9f44-260fe3670b89 HTTP/1.0 201 - python-swiftclient-4.8.0 gAAAAABpNPckgn8e... - - - txe9189a460ee3424eb7f24-006934f747 - 0.0780 - - 1765078855.403284550 1765078855.481298208 0 0c044fc9f411403aa3ab5cf8f2b14495
Dec 06 22:40:55 np0005549343.novalocal container-server[96575]: ::1 - - [07/Dec/2025:03:40:55 +0000] "HEAD /3/38248/AUTH_9cb2db62181546998c52314d1567748c/gnocchi.4a3ab37c-ce2e-4a78-9f44-260fe3670b89" 204 - "HEAD http://[::1]:8080/v1/AUTH_9cb2db62181546998c52314d1567748c/gnocchi.4a3ab37c-ce2e-4a78-9f44-260fe3670b89" "txf53ec0efdfe04476aac41-006934f747" "proxy-server 97857" 0.0024 "-" 96575 0
Dec 06 22:40:55 np0005549343.novalocal proxy-server[97857]: - - 07/Dec/2025/03/40/55 HEAD /v1/AUTH_9cb2db62181546998c52314d1567748c/gnocchi.4a3ab37c-ce2e-4a78-9f44-260fe3670b89 HTTP/1.0 204 - Swift - - - - txf53ec0efdfe04476aac41-006934f747 - 0.0077 CS - 1765078855.488506079 1765078855.496227741 0 -
Dec 06 22:40:55 np0005549343.novalocal container-server[96576]: ::1 - - [07/Dec/2025:03:40:55 +0000] "GET /2/38248/AUTH_9cb2db62181546998c52314d1567748c/gnocchi.4a3ab37c-ce2e-4a78-9f44-260fe3670b89" 200 2 "GET https://[::1]:8080/v1/AUTH_9cb2db62181546998c52314d1567748c/gnocchi.4a3ab37c-ce2e-4a78-9f44-260fe3670b89?format=json&states=listing" "txf53ec0efdfe04476aac41-006934f747" "proxy-server 97857" 0.0041 "-" 96576 0
Dec 06 22:40:55 np0005549343.novalocal proxy-server[97857]: ::1 ::1 07/Dec/2025/03/40/55 GET /v1/AUTH_9cb2db62181546998c52314d1567748c/gnocchi.4a3ab37c-ce2e-4a78-9f44-260fe3670b89%3Fformat%3Djson%26states%3Dlisting HTTP/1.0 200 - python-swiftclient-4.8.0 gAAAAABpNPckgn8e... - 2 - txf53ec0efdfe04476aac41-006934f747 - 0.0236 - - 1765078855.487291336 1765078855.510924578 0 0c044fc9f411403aa3ab5cf8f2b14495
Dec 06 22:40:55 np0005549343.novalocal object-server[96909]: ::1 - - [07/Dec/2025:03:40:55 +0000] "GET /3/147540/AUTH_9cb2db62181546998c52314d1567748c/gnocchi.4a3ab37c-ce2e-4a78-9f44-260fe3670b89/1764720000.0_mean_300.0_v3" 404 70 "GET https://[::1]:8080/v1/AUTH_9cb2db62181546998c52314d1567748c/gnocchi.4a3ab37c-ce2e-4a78-9f44-260fe3670b89/1764720000.0_mean_300.0_v3" "txf0fb045781ef4697846df-006934f747" "proxy-server 97857" 0.0005 "-" 96909 0
Dec 06 22:40:55 np0005549343.novalocal object-server[96910]: ::1 - - [07/Dec/2025:03:40:55 +0000] "GET /1/147540/AUTH_9cb2db62181546998c52314d1567748c/gnocchi.4a3ab37c-ce2e-4a78-9f44-260fe3670b89/1764720000.0_mean_300.0_v3" 404 70 "GET https://[::1]:8080/v1/AUTH_9cb2db62181546998c52314d1567748c/gnocchi.4a3ab37c-ce2e-4a78-9f44-260fe3670b89/1764720000.0_mean_300.0_v3" "txf0fb045781ef4697846df-006934f747" "proxy-server 97857" 0.0006 "-" 96910 0
Dec 06 22:40:55 np0005549343.novalocal object-server[96910]: ::1 - - [07/Dec/2025:03:40:55 +0000] "GET /2/147540/AUTH_9cb2db62181546998c52314d1567748c/gnocchi.4a3ab37c-ce2e-4a78-9f44-260fe3670b89/1764720000.0_mean_300.0_v3" 404 70 "GET https://[::1]:8080/v1/AUTH_9cb2db62181546998c52314d1567748c/gnocchi.4a3ab37c-ce2e-4a78-9f44-260fe3670b89/1764720000.0_mean_300.0_v3" "txf0fb045781ef4697846df-006934f747" "proxy-server 97857" 0.0006 "-" 96910 0
Dec 06 22:40:55 np0005549343.novalocal proxy-server[97857]: ::1 ::1 07/Dec/2025/03/40/55 GET /v1/AUTH_9cb2db62181546998c52314d1567748c/gnocchi.4a3ab37c-ce2e-4a78-9f44-260fe3670b89/1764720000.0_mean_300.0_v3 HTTP/1.0 404 - python-swiftclient-4.8.0 gAAAAABpNPckgn8e... - 70 - txf0fb045781ef4697846df-006934f747 - 0.0173 - - 1765078855.515067816 1765078855.532379150 0 0c044fc9f411403aa3ab5cf8f2b14495
Dec 06 22:40:55 np0005549343.novalocal container-server[96575]: ::1 - - [07/Dec/2025:03:40:55 +0000] "PUT /2/38248/AUTH_9cb2db62181546998c52314d1567748c/gnocchi.4a3ab37c-ce2e-4a78-9f44-260fe3670b89/1764720000.0_mean_300.0_v3" 201 - "PUT http://[::1]:8080/1/147540/AUTH_9cb2db62181546998c52314d1567748c/gnocchi.4a3ab37c-ce2e-4a78-9f44-260fe3670b89/1764720000.0_mean_300.0_v3" "txf232df7572ba464a9da3c-006934f747" "object-server 96910" 0.0010 "-" 96575 0
Dec 06 22:40:55 np0005549343.novalocal container-server[96575]: ::1 - - [07/Dec/2025:03:40:55 +0000] "PUT /3/38248/AUTH_9cb2db62181546998c52314d1567748c/gnocchi.4a3ab37c-ce2e-4a78-9f44-260fe3670b89/1764720000.0_mean_300.0_v3" 201 - "PUT http://[::1]:8080/2/147540/AUTH_9cb2db62181546998c52314d1567748c/gnocchi.4a3ab37c-ce2e-4a78-9f44-260fe3670b89/1764720000.0_mean_300.0_v3" "txf232df7572ba464a9da3c-006934f747" "object-server 96910" 0.0008 "-" 96575 0
Dec 06 22:40:55 np0005549343.novalocal object-server[96910]: ::1 - - [07/Dec/2025:03:40:55 +0000] "PUT /1/147540/AUTH_9cb2db62181546998c52314d1567748c/gnocchi.4a3ab37c-ce2e-4a78-9f44-260fe3670b89/1764720000.0_mean_300.0_v3" 201 - "PUT https://[::1]:8080/v1/AUTH_9cb2db62181546998c52314d1567748c/gnocchi.4a3ab37c-ce2e-4a78-9f44-260fe3670b89/1764720000.0_mean_300.0_v3" "txf232df7572ba464a9da3c-006934f747" "proxy-server 97857" 0.0223 "-" 96910 0
Dec 06 22:40:55 np0005549343.novalocal object-server[96910]: ::1 - - [07/Dec/2025:03:40:55 +0000] "PUT /2/147540/AUTH_9cb2db62181546998c52314d1567748c/gnocchi.4a3ab37c-ce2e-4a78-9f44-260fe3670b89/1764720000.0_mean_300.0_v3" 201 - "PUT https://[::1]:8080/v1/AUTH_9cb2db62181546998c52314d1567748c/gnocchi.4a3ab37c-ce2e-4a78-9f44-260fe3670b89/1764720000.0_mean_300.0_v3" "txf232df7572ba464a9da3c-006934f747" "proxy-server 97857" 0.0303 "-" 96910 0
Dec 06 22:40:55 np0005549343.novalocal container-server[96576]: ::1 - - [07/Dec/2025:03:40:55 +0000] "PUT /1/38248/AUTH_9cb2db62181546998c52314d1567748c/gnocchi.4a3ab37c-ce2e-4a78-9f44-260fe3670b89/1764720000.0_mean_300.0_v3" 201 - "PUT http://[::1]:8080/3/147540/AUTH_9cb2db62181546998c52314d1567748c/gnocchi.4a3ab37c-ce2e-4a78-9f44-260fe3670b89/1764720000.0_mean_300.0_v3" "txf232df7572ba464a9da3c-006934f747" "object-server 96910" 0.0009 "-" 96576 0
Dec 06 22:40:55 np0005549343.novalocal object-server[96910]: ::1 - - [07/Dec/2025:03:40:55 +0000] "PUT /3/147540/AUTH_9cb2db62181546998c52314d1567748c/gnocchi.4a3ab37c-ce2e-4a78-9f44-260fe3670b89/1764720000.0_mean_300.0_v3" 201 - "PUT https://[::1]:8080/v1/AUTH_9cb2db62181546998c52314d1567748c/gnocchi.4a3ab37c-ce2e-4a78-9f44-260fe3670b89/1764720000.0_mean_300.0_v3" "txf232df7572ba464a9da3c-006934f747" "proxy-server 97857" 0.0342 "-" 96910 0
Dec 06 22:40:55 np0005549343.novalocal proxy-server[97857]: ::1 ::1 07/Dec/2025/03/40/55 PUT /v1/AUTH_9cb2db62181546998c52314d1567748c/gnocchi.4a3ab37c-ce2e-4a78-9f44-260fe3670b89/1764720000.0_mean_300.0_v3 HTTP/1.0 201 - python-swiftclient-4.8.0 gAAAAABpNPckgn8e... 16 - - txf232df7572ba464a9da3c-006934f747 - 0.0453 - - 1765078855.536726475 1765078855.582053423 0 0c044fc9f411403aa3ab5cf8f2b14495
Dec 06 22:40:55 np0005549343.novalocal container-server[96576]: ::1 - - [07/Dec/2025:03:40:55 +0000] "PUT /3/38248/AUTH_9cb2db62181546998c52314d1567748c/gnocchi.4a3ab37c-ce2e-4a78-9f44-260fe3670b89/none_v3" 201 - "PUT http://[::1]:8080/2/129584/AUTH_9cb2db62181546998c52314d1567748c/gnocchi.4a3ab37c-ce2e-4a78-9f44-260fe3670b89/none_v3" "tx73f65a9e31b5446088e7e-006934f747" "object-server 96910" 0.0007 "-" 96576 0
Dec 06 22:40:55 np0005549343.novalocal container-server[96575]: ::1 - - [07/Dec/2025:03:40:55 +0000] "PUT /2/38248/AUTH_9cb2db62181546998c52314d1567748c/gnocchi.4a3ab37c-ce2e-4a78-9f44-260fe3670b89/none_v3" 201 - "PUT http://[::1]:8080/1/129584/AUTH_9cb2db62181546998c52314d1567748c/gnocchi.4a3ab37c-ce2e-4a78-9f44-260fe3670b89/none_v3" "tx73f65a9e31b5446088e7e-006934f747" "object-server 96909" 0.0008 "-" 96575 0
Dec 06 22:40:55 np0005549343.novalocal object-server[96910]: ::1 - - [07/Dec/2025:03:40:55 +0000] "PUT /2/129584/AUTH_9cb2db62181546998c52314d1567748c/gnocchi.4a3ab37c-ce2e-4a78-9f44-260fe3670b89/none_v3" 201 - "PUT https://[::1]:8080/v1/AUTH_9cb2db62181546998c52314d1567748c/gnocchi.4a3ab37c-ce2e-4a78-9f44-260fe3670b89/none_v3" "tx73f65a9e31b5446088e7e-006934f747" "proxy-server 97857" 0.0232 "-" 96910 0
Dec 06 22:40:55 np0005549343.novalocal object-server[96909]: ::1 - - [07/Dec/2025:03:40:55 +0000] "PUT /1/129584/AUTH_9cb2db62181546998c52314d1567748c/gnocchi.4a3ab37c-ce2e-4a78-9f44-260fe3670b89/none_v3" 201 - "PUT https://[::1]:8080/v1/AUTH_9cb2db62181546998c52314d1567748c/gnocchi.4a3ab37c-ce2e-4a78-9f44-260fe3670b89/none_v3" "tx73f65a9e31b5446088e7e-006934f747" "proxy-server 97857" 0.0237 "-" 96909 0
Dec 06 22:40:55 np0005549343.novalocal container-server[96576]: ::1 - - [07/Dec/2025:03:40:55 +0000] "PUT /1/38248/AUTH_9cb2db62181546998c52314d1567748c/gnocchi.4a3ab37c-ce2e-4a78-9f44-260fe3670b89/none_v3" 201 - "PUT http://[::1]:8080/3/129584/AUTH_9cb2db62181546998c52314d1567748c/gnocchi.4a3ab37c-ce2e-4a78-9f44-260fe3670b89/none_v3" "tx73f65a9e31b5446088e7e-006934f747" "object-server 96909" 0.0006 "-" 96576 0
Dec 06 22:40:55 np0005549343.novalocal object-server[96909]: ::1 - - [07/Dec/2025:03:40:55 +0000] "PUT /3/129584/AUTH_9cb2db62181546998c52314d1567748c/gnocchi.4a3ab37c-ce2e-4a78-9f44-260fe3670b89/none_v3" 201 - "PUT https://[::1]:8080/v1/AUTH_9cb2db62181546998c52314d1567748c/gnocchi.4a3ab37c-ce2e-4a78-9f44-260fe3670b89/none_v3" "tx73f65a9e31b5446088e7e-006934f747" "proxy-server 97857" 0.0227 "-" 96909 0
Dec 06 22:40:55 np0005549343.novalocal proxy-server[97857]: ::1 ::1 07/Dec/2025/03/40/55 PUT /v1/AUTH_9cb2db62181546998c52314d1567748c/gnocchi.4a3ab37c-ce2e-4a78-9f44-260fe3670b89/none_v3 HTTP/1.0 201 - python-swiftclient-4.8.0 gAAAAABpNPckgn8e... 22 - - tx73f65a9e31b5446088e7e-006934f747 - 0.0323 - - 1765078855.585161448 1765078855.617421627 0 0c044fc9f411403aa3ab5cf8f2b14495
Dec 06 22:40:55 np0005549343.novalocal container-server[96575]: ::1 - - [07/Dec/2025:03:40:55 +0000] "HEAD /2/242170/AUTH_9cb2db62181546998c52314d1567748c/gnocchi.233c05ce-40e1-48f3-867c-8ec7394de90d" 404 - "HEAD http://[::1]:8080/v1/AUTH_9cb2db62181546998c52314d1567748c/gnocchi.233c05ce-40e1-48f3-867c-8ec7394de90d" "tx9106dab7474749c181671-006934f747" "proxy-server 97857" 0.0004 "-" 96575 0
Dec 06 22:40:55 np0005549343.novalocal container-server[96575]: ::1 - - [07/Dec/2025:03:40:55 +0000] "HEAD /3/242170/AUTH_9cb2db62181546998c52314d1567748c/gnocchi.233c05ce-40e1-48f3-867c-8ec7394de90d" 404 - "HEAD http://[::1]:8080/v1/AUTH_9cb2db62181546998c52314d1567748c/gnocchi.233c05ce-40e1-48f3-867c-8ec7394de90d" "tx9106dab7474749c181671-006934f747" "proxy-server 97857" 0.0013 "-" 96575 0
Dec 06 22:40:55 np0005549343.novalocal container-server[96575]: ::1 - - [07/Dec/2025:03:40:55 +0000] "HEAD /1/242170/AUTH_9cb2db62181546998c52314d1567748c/gnocchi.233c05ce-40e1-48f3-867c-8ec7394de90d" 404 - "HEAD http://[::1]:8080/v1/AUTH_9cb2db62181546998c52314d1567748c/gnocchi.233c05ce-40e1-48f3-867c-8ec7394de90d" "tx9106dab7474749c181671-006934f747" "proxy-server 97857" 0.0004 "-" 96575 0
Dec 06 22:40:55 np0005549343.novalocal proxy-server[97857]: - - 07/Dec/2025/03/40/55 HEAD /v1/AUTH_9cb2db62181546998c52314d1567748c/gnocchi.233c05ce-40e1-48f3-867c-8ec7394de90d HTTP/1.0 404 - Swift - - - - tx9106dab7474749c181671-006934f747 - 0.0107 CS - 1765078855.635061026 1765078855.645777941 0 -
Dec 06 22:40:55 np0005549343.novalocal object-server[96910]: ::1 - - [07/Dec/2025:03:40:55 +0000] "GET /3/250056/AUTH_9cb2db62181546998c52314d1567748c/gnocchi.233c05ce-40e1-48f3-867c-8ec7394de90d/none_v3" 404 70 "GET https://[::1]:8080/v1/AUTH_9cb2db62181546998c52314d1567748c/gnocchi.233c05ce-40e1-48f3-867c-8ec7394de90d/none_v3" "tx9106dab7474749c181671-006934f747" "proxy-server 97857" 0.0006 "-" 96910 0
Dec 06 22:40:55 np0005549343.novalocal object-server[96910]: ::1 - - [07/Dec/2025:03:40:55 +0000] "GET /2/250056/AUTH_9cb2db62181546998c52314d1567748c/gnocchi.233c05ce-40e1-48f3-867c-8ec7394de90d/none_v3" 404 70 "GET https://[::1]:8080/v1/AUTH_9cb2db62181546998c52314d1567748c/gnocchi.233c05ce-40e1-48f3-867c-8ec7394de90d/none_v3" "tx9106dab7474749c181671-006934f747" "proxy-server 97857" 0.0005 "-" 96910 0
Dec 06 22:40:55 np0005549343.novalocal object-server[96910]: ::1 - - [07/Dec/2025:03:40:55 +0000] "GET /1/250056/AUTH_9cb2db62181546998c52314d1567748c/gnocchi.233c05ce-40e1-48f3-867c-8ec7394de90d/none_v3" 404 70 "GET https://[::1]:8080/v1/AUTH_9cb2db62181546998c52314d1567748c/gnocchi.233c05ce-40e1-48f3-867c-8ec7394de90d/none_v3" "tx9106dab7474749c181671-006934f747" "proxy-server 97857" 0.0004 "-" 96910 0
Dec 06 22:40:55 np0005549343.novalocal proxy-server[97857]: ::1 ::1 07/Dec/2025/03/40/55 GET /v1/AUTH_9cb2db62181546998c52314d1567748c/gnocchi.233c05ce-40e1-48f3-867c-8ec7394de90d/none_v3 HTTP/1.0 404 - python-swiftclient-4.8.0 gAAAAABpNPckgn8e... - 70 - tx9106dab7474749c181671-006934f747 - 0.0283 - - 1765078855.634438753 1765078855.662699223 0 0c044fc9f411403aa3ab5cf8f2b14495
Dec 06 22:40:55 np0005549343.novalocal account-server[96280]: ::1 - - [07/Dec/2025:03:40:55 +0000] "PUT /1/78968/AUTH_9cb2db62181546998c52314d1567748c/gnocchi.233c05ce-40e1-48f3-867c-8ec7394de90d" 201 - "PUT http://[::1]:6001/3/242170/AUTH_9cb2db62181546998c52314d1567748c/gnocchi.233c05ce-40e1-48f3-867c-8ec7394de90d" "tx75d918e92f174f7eb6a6c-006934f747" "container-server 96576" 0.0106 "-" 96280 0
Dec 06 22:40:55 np0005549343.novalocal container-server[96576]: ::1 - - [07/Dec/2025:03:40:55 +0000] "PUT /3/242170/AUTH_9cb2db62181546998c52314d1567748c/gnocchi.233c05ce-40e1-48f3-867c-8ec7394de90d" 201 - "PUT https://[::1]:8080/v1/AUTH_9cb2db62181546998c52314d1567748c/gnocchi.233c05ce-40e1-48f3-867c-8ec7394de90d" "tx75d918e92f174f7eb6a6c-006934f747" "proxy-server 97857" 0.0260 "-" 96576 0
Dec 06 22:40:55 np0005549343.novalocal account-server[96280]: ::1 - - [07/Dec/2025:03:40:55 +0000] "PUT /3/78968/AUTH_9cb2db62181546998c52314d1567748c/gnocchi.233c05ce-40e1-48f3-867c-8ec7394de90d" 201 - "PUT http://[::1]:6001/2/242170/AUTH_9cb2db62181546998c52314d1567748c/gnocchi.233c05ce-40e1-48f3-867c-8ec7394de90d" "tx75d918e92f174f7eb6a6c-006934f747" "container-server 96575" 0.0068 "-" 96280 0
Dec 06 22:40:55 np0005549343.novalocal account-server[96281]: ::1 - - [07/Dec/2025:03:40:55 +0000] "PUT /2/78968/AUTH_9cb2db62181546998c52314d1567748c/gnocchi.233c05ce-40e1-48f3-867c-8ec7394de90d" 201 - "PUT http://[::1]:6001/1/242170/AUTH_9cb2db62181546998c52314d1567748c/gnocchi.233c05ce-40e1-48f3-867c-8ec7394de90d" "tx75d918e92f174f7eb6a6c-006934f747" "container-server 96575" 0.0068 "-" 96281 0
Dec 06 22:40:55 np0005549343.novalocal container-server[96575]: ::1 - - [07/Dec/2025:03:40:55 +0000] "PUT /2/242170/AUTH_9cb2db62181546998c52314d1567748c/gnocchi.233c05ce-40e1-48f3-867c-8ec7394de90d" 201 - "PUT https://[::1]:8080/v1/AUTH_9cb2db62181546998c52314d1567748c/gnocchi.233c05ce-40e1-48f3-867c-8ec7394de90d" "tx75d918e92f174f7eb6a6c-006934f747" "proxy-server 97857" 0.0409 "-" 96575 0
Dec 06 22:40:55 np0005549343.novalocal container-server[96575]: ::1 - - [07/Dec/2025:03:40:55 +0000] "PUT /1/242170/AUTH_9cb2db62181546998c52314d1567748c/gnocchi.233c05ce-40e1-48f3-867c-8ec7394de90d" 201 - "PUT https://[::1]:8080/v1/AUTH_9cb2db62181546998c52314d1567748c/gnocchi.233c05ce-40e1-48f3-867c-8ec7394de90d" "tx75d918e92f174f7eb6a6c-006934f747" "proxy-server 97857" 0.0287 "-" 96575 0
Dec 06 22:40:55 np0005549343.novalocal proxy-server[97857]: ::1 ::1 07/Dec/2025/03/40/55 PUT /v1/AUTH_9cb2db62181546998c52314d1567748c/gnocchi.233c05ce-40e1-48f3-867c-8ec7394de90d HTTP/1.0 201 - python-swiftclient-4.8.0 gAAAAABpNPckgn8e... - - - tx75d918e92f174f7eb6a6c-006934f747 - 0.0804 - - 1765078855.667184830 1765078855.747594833 0 0c044fc9f411403aa3ab5cf8f2b14495
Dec 06 22:40:55 np0005549343.novalocal container-server[96575]: ::1 - - [07/Dec/2025:03:40:55 +0000] "HEAD /2/242170/AUTH_9cb2db62181546998c52314d1567748c/gnocchi.233c05ce-40e1-48f3-867c-8ec7394de90d" 204 - "HEAD http://[::1]:8080/v1/AUTH_9cb2db62181546998c52314d1567748c/gnocchi.233c05ce-40e1-48f3-867c-8ec7394de90d" "txa55312718b5c44538f053-006934f747" "proxy-server 97857" 0.0021 "-" 96575 0
Dec 06 22:40:55 np0005549343.novalocal proxy-server[97857]: - - 07/Dec/2025/03/40/55 HEAD /v1/AUTH_9cb2db62181546998c52314d1567748c/gnocchi.233c05ce-40e1-48f3-867c-8ec7394de90d HTTP/1.0 204 - Swift - - - - txa55312718b5c44538f053-006934f747 - 0.0112 CS - 1765078855.755528450 1765078855.766736746 0 -
Dec 06 22:40:55 np0005549343.novalocal container-server[96575]: ::1 - - [07/Dec/2025:03:40:55 +0000] "GET /3/242170/AUTH_9cb2db62181546998c52314d1567748c/gnocchi.233c05ce-40e1-48f3-867c-8ec7394de90d" 200 2 "GET https://[::1]:8080/v1/AUTH_9cb2db62181546998c52314d1567748c/gnocchi.233c05ce-40e1-48f3-867c-8ec7394de90d?format=json&states=listing" "txa55312718b5c44538f053-006934f747" "proxy-server 97857" 0.0034 "-" 96575 0
Dec 06 22:40:55 np0005549343.novalocal proxy-server[97857]: ::1 ::1 07/Dec/2025/03/40/55 GET /v1/AUTH_9cb2db62181546998c52314d1567748c/gnocchi.233c05ce-40e1-48f3-867c-8ec7394de90d%3Fformat%3Djson%26states%3Dlisting HTTP/1.0 200 - python-swiftclient-4.8.0 gAAAAABpNPckgn8e... - 2 - txa55312718b5c44538f053-006934f747 - 0.0254 - - 1765078855.754517555 1765078855.779875040 0 0c044fc9f411403aa3ab5cf8f2b14495
Dec 06 22:40:55 np0005549343.novalocal object-server[96909]: ::1 - - [07/Dec/2025:03:40:55 +0000] "GET /2/254543/AUTH_9cb2db62181546998c52314d1567748c/gnocchi.233c05ce-40e1-48f3-867c-8ec7394de90d/1764720000.0_mean_300.0_v3" 404 70 "GET https://[::1]:8080/v1/AUTH_9cb2db62181546998c52314d1567748c/gnocchi.233c05ce-40e1-48f3-867c-8ec7394de90d/1764720000.0_mean_300.0_v3" "txd832c597b31b4f0793665-006934f747" "proxy-server 97857" 0.0004 "-" 96909 0
Dec 06 22:40:55 np0005549343.novalocal object-server[96909]: ::1 - - [07/Dec/2025:03:40:55 +0000] "GET /1/254543/AUTH_9cb2db62181546998c52314d1567748c/gnocchi.233c05ce-40e1-48f3-867c-8ec7394de90d/1764720000.0_mean_300.0_v3" 404 70 "GET https://[::1]:8080/v1/AUTH_9cb2db62181546998c52314d1567748c/gnocchi.233c05ce-40e1-48f3-867c-8ec7394de90d/1764720000.0_mean_300.0_v3" "txd832c597b31b4f0793665-006934f747" "proxy-server 97857" 0.0003 "-" 96909 0
Dec 06 22:40:55 np0005549343.novalocal object-server[96909]: ::1 - - [07/Dec/2025:03:40:55 +0000] "GET /3/254543/AUTH_9cb2db62181546998c52314d1567748c/gnocchi.233c05ce-40e1-48f3-867c-8ec7394de90d/1764720000.0_mean_300.0_v3" 404 70 "GET https://[::1]:8080/v1/AUTH_9cb2db62181546998c52314d1567748c/gnocchi.233c05ce-40e1-48f3-867c-8ec7394de90d/1764720000.0_mean_300.0_v3" "txd832c597b31b4f0793665-006934f747" "proxy-server 97857" 0.0003 "-" 96909 0
Dec 06 22:40:55 np0005549343.novalocal proxy-server[97857]: ::1 ::1 07/Dec/2025/03/40/55 GET /v1/AUTH_9cb2db62181546998c52314d1567748c/gnocchi.233c05ce-40e1-48f3-867c-8ec7394de90d/1764720000.0_mean_300.0_v3 HTTP/1.0 404 - python-swiftclient-4.8.0 gAAAAABpNPckgn8e... - 70 - txd832c597b31b4f0793665-006934f747 - 0.0148 - - 1765078855.784983158 1765078855.799804926 0 0c044fc9f411403aa3ab5cf8f2b14495
Dec 06 22:40:55 np0005549343.novalocal container-server[96576]: ::1 - - [07/Dec/2025:03:40:55 +0000] "PUT /1/242170/AUTH_9cb2db62181546998c52314d1567748c/gnocchi.233c05ce-40e1-48f3-867c-8ec7394de90d/1764720000.0_mean_300.0_v3" 201 - "PUT http://[::1]:8080/1/254543/AUTH_9cb2db62181546998c52314d1567748c/gnocchi.233c05ce-40e1-48f3-867c-8ec7394de90d/1764720000.0_mean_300.0_v3" "tx9c346cb516894e49a5f58-006934f747" "object-server 96909" 0.0011 "-" 96576 0
Dec 06 22:40:55 np0005549343.novalocal object-server[96909]: ::1 - - [07/Dec/2025:03:40:55 +0000] "PUT /1/254543/AUTH_9cb2db62181546998c52314d1567748c/gnocchi.233c05ce-40e1-48f3-867c-8ec7394de90d/1764720000.0_mean_300.0_v3" 201 - "PUT https://[::1]:8080/v1/AUTH_9cb2db62181546998c52314d1567748c/gnocchi.233c05ce-40e1-48f3-867c-8ec7394de90d/1764720000.0_mean_300.0_v3" "tx9c346cb516894e49a5f58-006934f747" "proxy-server 97857" 0.0251 "-" 96909 0
Dec 06 22:40:55 np0005549343.novalocal container-server[96576]: ::1 - - [07/Dec/2025:03:40:55 +0000] "PUT /3/242170/AUTH_9cb2db62181546998c52314d1567748c/gnocchi.233c05ce-40e1-48f3-867c-8ec7394de90d/1764720000.0_mean_300.0_v3" 201 - "PUT http://[::1]:8080/3/254543/AUTH_9cb2db62181546998c52314d1567748c/gnocchi.233c05ce-40e1-48f3-867c-8ec7394de90d/1764720000.0_mean_300.0_v3" "tx9c346cb516894e49a5f58-006934f747" "object-server 96909" 0.0008 "-" 96576 0
Dec 06 22:40:55 np0005549343.novalocal object-server[96909]: ::1 - - [07/Dec/2025:03:40:55 +0000] "PUT /3/254543/AUTH_9cb2db62181546998c52314d1567748c/gnocchi.233c05ce-40e1-48f3-867c-8ec7394de90d/1764720000.0_mean_300.0_v3" 201 - "PUT https://[::1]:8080/v1/AUTH_9cb2db62181546998c52314d1567748c/gnocchi.233c05ce-40e1-48f3-867c-8ec7394de90d/1764720000.0_mean_300.0_v3" "tx9c346cb516894e49a5f58-006934f747" "proxy-server 97857" 0.0303 "-" 96909 0
Dec 06 22:40:55 np0005549343.novalocal container-server[96576]: ::1 - - [07/Dec/2025:03:40:55 +0000] "PUT /2/242170/AUTH_9cb2db62181546998c52314d1567748c/gnocchi.233c05ce-40e1-48f3-867c-8ec7394de90d/1764720000.0_mean_300.0_v3" 201 - "PUT http://[::1]:8080/2/254543/AUTH_9cb2db62181546998c52314d1567748c/gnocchi.233c05ce-40e1-48f3-867c-8ec7394de90d/1764720000.0_mean_300.0_v3" "tx9c346cb516894e49a5f58-006934f747" "object-server 96909" 0.0008 "-" 96576 0
