Dec 06 22:41:54 np0005549343.novalocal object-server[96910]: ::1 - - [07/Dec/2025:03:41:54 +0000] "PUT /3/62177/AUTH_9cb2db62181546998c52314d1567748c/gnocchi.095ddb65-ffe5-408e-839b-f8637dbf39dc/1764720000.0_mean_300.0_v3" 201 - "PUT https://[::1]:8080/v1/AUTH_9cb2db62181546998c52314d1567748c/gnocchi.095ddb65-ffe5-408e-839b-f8637dbf39dc/1764720000.0_mean_300.0_v3" "txa49c0f77f5714946a42c1-006934f782" "proxy-server 97857" 0.0132 "-" 96910 0
Dec 06 22:41:54 np0005549343.novalocal container-server[96575]: ::1 - - [07/Dec/2025:03:41:54 +0000] "PUT /1/129849/AUTH_9cb2db62181546998c52314d1567748c/gnocchi.095ddb65-ffe5-408e-839b-f8637dbf39dc/1764720000.0_mean_300.0_v3" 201 - "PUT http://[::1]:8080/2/62177/AUTH_9cb2db62181546998c52314d1567748c/gnocchi.095ddb65-ffe5-408e-839b-f8637dbf39dc/1764720000.0_mean_300.0_v3" "txa49c0f77f5714946a42c1-006934f782" "object-server 96910" 0.0008 "-" 96575 0
Dec 06 22:41:54 np0005549343.novalocal object-server[96910]: ::1 - - [07/Dec/2025:03:41:54 +0000] "PUT /2/62177/AUTH_9cb2db62181546998c52314d1567748c/gnocchi.095ddb65-ffe5-408e-839b-f8637dbf39dc/1764720000.0_mean_300.0_v3" 201 - "PUT https://[::1]:8080/v1/AUTH_9cb2db62181546998c52314d1567748c/gnocchi.095ddb65-ffe5-408e-839b-f8637dbf39dc/1764720000.0_mean_300.0_v3" "txa49c0f77f5714946a42c1-006934f782" "proxy-server 97857" 0.0135 "-" 96910 0
Dec 06 22:41:54 np0005549343.novalocal proxy-server[97857]: ::1 ::1 07/Dec/2025/03/41/54 PUT /v1/AUTH_9cb2db62181546998c52314d1567748c/gnocchi.095ddb65-ffe5-408e-839b-f8637dbf39dc/1764720000.0_mean_300.0_v3 HTTP/1.0 201 - python-swiftclient-4.8.0 gAAAAABpNPcx8Tdl... 16 - - txa49c0f77f5714946a42c1-006934f782 - 0.0233 - - 1765078914.062623024 1765078914.085964918 0 0c044fc9f411403aa3ab5cf8f2b14495
Dec 06 22:41:54 np0005549343.novalocal container-server[96576]: ::1 - - [07/Dec/2025:03:41:54 +0000] "PUT /3/129849/AUTH_9cb2db62181546998c52314d1567748c/gnocchi.095ddb65-ffe5-408e-839b-f8637dbf39dc/none_v3" 201 - "PUT http://[::1]:8080/3/40802/AUTH_9cb2db62181546998c52314d1567748c/gnocchi.095ddb65-ffe5-408e-839b-f8637dbf39dc/none_v3" "tx9d6a3b12ce7e4745ae487-006934f782" "object-server 96909" 0.0010 "-" 96576 0
Dec 06 22:41:54 np0005549343.novalocal object-server[96909]: ::1 - - [07/Dec/2025:03:41:54 +0000] "PUT /3/40802/AUTH_9cb2db62181546998c52314d1567748c/gnocchi.095ddb65-ffe5-408e-839b-f8637dbf39dc/none_v3" 201 - "PUT https://[::1]:8080/v1/AUTH_9cb2db62181546998c52314d1567748c/gnocchi.095ddb65-ffe5-408e-839b-f8637dbf39dc/none_v3" "tx9d6a3b12ce7e4745ae487-006934f782" "proxy-server 97857" 0.0138 "-" 96909 0
Dec 06 22:41:54 np0005549343.novalocal container-server[96575]: ::1 - - [07/Dec/2025:03:41:54 +0000] "PUT /2/129849/AUTH_9cb2db62181546998c52314d1567748c/gnocchi.095ddb65-ffe5-408e-839b-f8637dbf39dc/none_v3" 201 - "PUT http://[::1]:8080/2/40802/AUTH_9cb2db62181546998c52314d1567748c/gnocchi.095ddb65-ffe5-408e-839b-f8637dbf39dc/none_v3" "tx9d6a3b12ce7e4745ae487-006934f782" "object-server 96909" 0.0008 "-" 96575 0
Dec 06 22:41:54 np0005549343.novalocal object-server[96909]: ::1 - - [07/Dec/2025:03:41:54 +0000] "PUT /2/40802/AUTH_9cb2db62181546998c52314d1567748c/gnocchi.095ddb65-ffe5-408e-839b-f8637dbf39dc/none_v3" 201 - "PUT https://[::1]:8080/v1/AUTH_9cb2db62181546998c52314d1567748c/gnocchi.095ddb65-ffe5-408e-839b-f8637dbf39dc/none_v3" "tx9d6a3b12ce7e4745ae487-006934f782" "proxy-server 97857" 0.0123 "-" 96909 0
Dec 06 22:41:54 np0005549343.novalocal container-server[96576]: ::1 - - [07/Dec/2025:03:41:54 +0000] "PUT /1/129849/AUTH_9cb2db62181546998c52314d1567748c/gnocchi.095ddb65-ffe5-408e-839b-f8637dbf39dc/none_v3" 201 - "PUT http://[::1]:8080/1/40802/AUTH_9cb2db62181546998c52314d1567748c/gnocchi.095ddb65-ffe5-408e-839b-f8637dbf39dc/none_v3" "tx9d6a3b12ce7e4745ae487-006934f782" "object-server 96910" 0.0006 "-" 96576 0
Dec 06 22:41:54 np0005549343.novalocal object-server[96910]: ::1 - - [07/Dec/2025:03:41:54 +0000] "PUT /1/40802/AUTH_9cb2db62181546998c52314d1567748c/gnocchi.095ddb65-ffe5-408e-839b-f8637dbf39dc/none_v3" 201 - "PUT https://[::1]:8080/v1/AUTH_9cb2db62181546998c52314d1567748c/gnocchi.095ddb65-ffe5-408e-839b-f8637dbf39dc/none_v3" "tx9d6a3b12ce7e4745ae487-006934f782" "proxy-server 97857" 0.0166 "-" 96910 0
Dec 06 22:41:54 np0005549343.novalocal proxy-server[97857]: ::1 ::1 07/Dec/2025/03/41/54 PUT /v1/AUTH_9cb2db62181546998c52314d1567748c/gnocchi.095ddb65-ffe5-408e-839b-f8637dbf39dc/none_v3 HTTP/1.0 201 - python-swiftclient-4.8.0 gAAAAABpNPcx8Tdl... 32 - - tx9d6a3b12ce7e4745ae487-006934f782 - 0.0245 - - 1765078914.089082003 1765078914.113584995 0 0c044fc9f411403aa3ab5cf8f2b14495
Dec 06 22:41:54 np0005549343.novalocal haproxy-metadata-proxy-2af58657-767d-42db-a7ed-796d65cdf85a[103897]: ::ffff:10.100.0.11:41888 [06/Dec/2025:22:41:53.286] listener listener/metadata 0/0/0/1028/1028 200 94 - - ---- 1/1/0/0/0 0/0 "GET /2009-04-04/meta-data/block-device-mapping HTTP/1.1"
Dec 06 22:41:54 np0005549343.novalocal object-replicator[96973]: 186/186 (100.00%) partitions replicated in 1.97s (94.37/sec, 0s remaining)
Dec 06 22:41:54 np0005549343.novalocal object-replicator[96973]: 372 successes, 0 failures
Dec 06 22:41:54 np0005549343.novalocal object-replicator[96973]: 186 suffixes checked - 12.37% hashed, 0.00% synced
Dec 06 22:41:54 np0005549343.novalocal object-replicator[96973]: Partition times: max 0.0434s, min 0.0032s, med 0.0073s
Dec 06 22:41:54 np0005549343.novalocal object-replicator[96973]: Object replication complete. (0.03 minutes)
Dec 06 22:41:54 np0005549343.novalocal dmeventd[94254]: Monitoring thin pool cinder--volumes-cinder--volumes--pool-tpool.
Dec 06 22:41:55 np0005549343.novalocal lvm[105102]: PV /dev/loop2 online, VG cinder-volumes is complete.
Dec 06 22:41:55 np0005549343.novalocal lvm[105102]: VG cinder-volumes finished
Dec 06 22:41:55 np0005549343.novalocal container-server[96576]: ::1 - - [07/Dec/2025:03:41:55 +0000] "HEAD /3/227497/AUTH_9cb2db62181546998c52314d1567748c/gnocchi.5e7b6c79-4ebe-4cf1-9021-dc1e88e56507" 204 - "HEAD http://[::1]:8080/v1/AUTH_9cb2db62181546998c52314d1567748c/gnocchi.5e7b6c79-4ebe-4cf1-9021-dc1e88e56507" "tx2af1d91a9d074e60ad46b-006934f782" "proxy-server 97857" 0.0039 "-" 96576 0
Dec 06 22:41:55 np0005549343.novalocal proxy-server[97857]: - - 07/Dec/2025/03/41/55 HEAD /v1/AUTH_9cb2db62181546998c52314d1567748c/gnocchi.5e7b6c79-4ebe-4cf1-9021-dc1e88e56507 HTTP/1.0 204 - Swift - - - - tx2af1d91a9d074e60ad46b-006934f782 - 0.0082 CS - 1765078915.000530243 1765078915.008719206 0 -
Dec 06 22:41:55 np0005549343.novalocal object-server[96910]: ::1 - - [07/Dec/2025:03:41:55 +0000] "GET /2/1993/AUTH_9cb2db62181546998c52314d1567748c/gnocchi.5e7b6c79-4ebe-4cf1-9021-dc1e88e56507/none_v3" 200 22 "GET https://[::1]:8080/v1/AUTH_9cb2db62181546998c52314d1567748c/gnocchi.5e7b6c79-4ebe-4cf1-9021-dc1e88e56507/none_v3" "tx2af1d91a9d074e60ad46b-006934f782" "proxy-server 97857" 0.0007 "-" 96910 0
Dec 06 22:41:55 np0005549343.novalocal proxy-server[97857]: ::1 ::1 07/Dec/2025/03/41/55 GET /v1/AUTH_9cb2db62181546998c52314d1567748c/gnocchi.5e7b6c79-4ebe-4cf1-9021-dc1e88e56507/none_v3 HTTP/1.0 200 - python-swiftclient-4.8.0 gAAAAABpNPckgn8e... - 22 - tx2af1d91a9d074e60ad46b-006934f782 - 0.0162 - - 1765078914.999661922 1765078915.015812635 0 0c044fc9f411403aa3ab5cf8f2b14495
Dec 06 22:41:55 np0005549343.novalocal container-server[96575]: ::1 - - [07/Dec/2025:03:41:55 +0000] "GET /1/227497/AUTH_9cb2db62181546998c52314d1567748c/gnocchi.5e7b6c79-4ebe-4cf1-9021-dc1e88e56507" 200 357 "GET https://[::1]:8080/v1/AUTH_9cb2db62181546998c52314d1567748c/gnocchi.5e7b6c79-4ebe-4cf1-9021-dc1e88e56507?format=json&states=listing" "tx2c861d90b2464dde9658c-006934f783" "proxy-server 97857" 0.0048 "-" 96575 0
Dec 06 22:41:55 np0005549343.novalocal proxy-server[97857]: ::1 ::1 07/Dec/2025/03/41/55 GET /v1/AUTH_9cb2db62181546998c52314d1567748c/gnocchi.5e7b6c79-4ebe-4cf1-9021-dc1e88e56507%3Fformat%3Djson%26states%3Dlisting HTTP/1.0 200 - python-swiftclient-4.8.0 gAAAAABpNPckgn8e... - 357 - tx2c861d90b2464dde9658c-006934f783 - 0.0125 - - 1765078915.021153450 1765078915.033636093 0 0c044fc9f411403aa3ab5cf8f2b14495
Dec 06 22:41:55 np0005549343.novalocal sudo[105042]: pam_unix(sudo:session): session closed for user root
Dec 06 22:41:55 np0005549343.novalocal container-server[96575]: ::1 - - [07/Dec/2025:03:41:55 +0000] "GET /3/227497/AUTH_9cb2db62181546998c52314d1567748c/gnocchi.5e7b6c79-4ebe-4cf1-9021-dc1e88e56507" 200 2 "GET https://[::1]:8080/v1/AUTH_9cb2db62181546998c52314d1567748c/gnocchi.5e7b6c79-4ebe-4cf1-9021-dc1e88e56507?format=json&marker=none_v3&states=listing" "tx08a84a6fcda5482aad48a-006934f783" "proxy-server 97857" 0.0067 "-" 96575 0
Dec 06 22:41:55 np0005549343.novalocal systemd[1]: session-c102.scope: Deactivated successfully.
Dec 06 22:41:55 np0005549343.novalocal proxy-server[97857]: ::1 ::1 07/Dec/2025/03/41/55 GET /v1/AUTH_9cb2db62181546998c52314d1567748c/gnocchi.5e7b6c79-4ebe-4cf1-9021-dc1e88e56507%3Fformat%3Djson%26marker%3Dnone_v3%26states%3Dlisting HTTP/1.0 200 - python-swiftclient-4.8.0 gAAAAABpNPckgn8e... - 2 - tx08a84a6fcda5482aad48a-006934f783 - 0.0283 - - 1765078915.039541960 1765078915.067799568 0 0c044fc9f411403aa3ab5cf8f2b14495
Dec 06 22:41:55 np0005549343.novalocal object-server[96909]: ::1 - - [07/Dec/2025:03:41:55 +0000] "GET /1/185981/AUTH_9cb2db62181546998c52314d1567748c/gnocchi.5e7b6c79-4ebe-4cf1-9021-dc1e88e56507/1764720000.0_rate%3Amean_300.0_v3" 404 70 "GET https://[::1]:8080/v1/AUTH_9cb2db62181546998c52314d1567748c/gnocchi.5e7b6c79-4ebe-4cf1-9021-dc1e88e56507/1764720000.0_rate%3Amean_300.0_v3" "tx4ad958cf163445e6b864a-006934f783" "proxy-server 97857" 0.0005 "-" 96909 0
Dec 06 22:41:55 np0005549343.novalocal object-server[96909]: ::1 - - [07/Dec/2025:03:41:55 +0000] "GET /2/185981/AUTH_9cb2db62181546998c52314d1567748c/gnocchi.5e7b6c79-4ebe-4cf1-9021-dc1e88e56507/1764720000.0_rate%3Amean_300.0_v3" 404 70 "GET https://[::1]:8080/v1/AUTH_9cb2db62181546998c52314d1567748c/gnocchi.5e7b6c79-4ebe-4cf1-9021-dc1e88e56507/1764720000.0_rate%3Amean_300.0_v3" "tx4ad958cf163445e6b864a-006934f783" "proxy-server 97857" 0.0004 "-" 96909 0
Dec 06 22:41:55 np0005549343.novalocal object-server[96910]: ::1 - - [07/Dec/2025:03:41:55 +0000] "GET /3/185981/AUTH_9cb2db62181546998c52314d1567748c/gnocchi.5e7b6c79-4ebe-4cf1-9021-dc1e88e56507/1764720000.0_rate%3Amean_300.0_v3" 404 70 "GET https://[::1]:8080/v1/AUTH_9cb2db62181546998c52314d1567748c/gnocchi.5e7b6c79-4ebe-4cf1-9021-dc1e88e56507/1764720000.0_rate%3Amean_300.0_v3" "tx4ad958cf163445e6b864a-006934f783" "proxy-server 97857" 0.0003 "-" 96910 0
Dec 06 22:41:55 np0005549343.novalocal proxy-server[97857]: ::1 ::1 07/Dec/2025/03/41/55 GET /v1/AUTH_9cb2db62181546998c52314d1567748c/gnocchi.5e7b6c79-4ebe-4cf1-9021-dc1e88e56507/1764720000.0_rate%253Amean_300.0_v3 HTTP/1.0 404 - python-swiftclient-4.8.0 gAAAAABpNPckgn8e... - 70 - tx4ad958cf163445e6b864a-006934f783 - 0.0164 - - 1765078915.074468136 1765078915.090823412 0 0c044fc9f411403aa3ab5cf8f2b14495
Dec 06 22:41:55 np0005549343.novalocal object-server[96910]: ::1 - - [07/Dec/2025:03:41:55 +0000] "GET /3/160334/AUTH_9cb2db62181546998c52314d1567748c/gnocchi.5e7b6c79-4ebe-4cf1-9021-dc1e88e56507/1764720000.0_mean_300.0_v3" 200 16 "GET https://[::1]:8080/v1/AUTH_9cb2db62181546998c52314d1567748c/gnocchi.5e7b6c79-4ebe-4cf1-9021-dc1e88e56507/1764720000.0_mean_300.0_v3" "tx2b56302a43aa4a08886a8-006934f783" "proxy-server 97857" 0.0007 "-" 96910 0
Dec 06 22:41:55 np0005549343.novalocal proxy-server[97857]: ::1 ::1 07/Dec/2025/03/41/55 GET /v1/AUTH_9cb2db62181546998c52314d1567748c/gnocchi.5e7b6c79-4ebe-4cf1-9021-dc1e88e56507/1764720000.0_mean_300.0_v3 HTTP/1.0 200 - python-swiftclient-4.8.0 gAAAAABpNPckgn8e... - 16 - tx2b56302a43aa4a08886a8-006934f783 - 0.0103 - - 1765078915.096402407 1765078915.106681347 0 0c044fc9f411403aa3ab5cf8f2b14495
Dec 06 22:41:55 np0005549343.novalocal container-server[96575]: ::1 - - [07/Dec/2025:03:41:55 +0000] "PUT /3/227497/AUTH_9cb2db62181546998c52314d1567748c/gnocchi.5e7b6c79-4ebe-4cf1-9021-dc1e88e56507/1764720000.0_rate%3Amean_300.0_v3" 201 - "PUT http://[::1]:8080/1/185981/AUTH_9cb2db62181546998c52314d1567748c/gnocchi.5e7b6c79-4ebe-4cf1-9021-dc1e88e56507/1764720000.0_rate%3Amean_300.0_v3" "tx759a6f3174a04f4e96ccd-006934f783" "object-server 96909" 0.0008 "-" 96575 0
Dec 06 22:41:55 np0005549343.novalocal object-server[96909]: ::1 - - [07/Dec/2025:03:41:55 +0000] "PUT /1/185981/AUTH_9cb2db62181546998c52314d1567748c/gnocchi.5e7b6c79-4ebe-4cf1-9021-dc1e88e56507/1764720000.0_rate%3Amean_300.0_v3" 201 - "PUT https://[::1]:8080/v1/AUTH_9cb2db62181546998c52314d1567748c/gnocchi.5e7b6c79-4ebe-4cf1-9021-dc1e88e56507/1764720000.0_rate%3Amean_300.0_v3" "tx759a6f3174a04f4e96ccd-006934f783" "proxy-server 97857" 0.0147 "-" 96909 0
Dec 06 22:41:55 np0005549343.novalocal container-server[96575]: ::1 - - [07/Dec/2025:03:41:55 +0000] "PUT /2/227497/AUTH_9cb2db62181546998c52314d1567748c/gnocchi.5e7b6c79-4ebe-4cf1-9021-dc1e88e56507/1764720000.0_rate%3Amean_300.0_v3" 201 - "PUT http://[::1]:8080/3/185981/AUTH_9cb2db62181546998c52314d1567748c/gnocchi.5e7b6c79-4ebe-4cf1-9021-dc1e88e56507/1764720000.0_rate%3Amean_300.0_v3" "tx759a6f3174a04f4e96ccd-006934f783" "object-server 96910" 0.0007 "-" 96575 0
Dec 06 22:41:55 np0005549343.novalocal object-server[96910]: ::1 - - [07/Dec/2025:03:41:55 +0000] "PUT /3/185981/AUTH_9cb2db62181546998c52314d1567748c/gnocchi.5e7b6c79-4ebe-4cf1-9021-dc1e88e56507/1764720000.0_rate%3Amean_300.0_v3" 201 - "PUT https://[::1]:8080/v1/AUTH_9cb2db62181546998c52314d1567748c/gnocchi.5e7b6c79-4ebe-4cf1-9021-dc1e88e56507/1764720000.0_rate%3Amean_300.0_v3" "tx759a6f3174a04f4e96ccd-006934f783" "proxy-server 97857" 0.0162 "-" 96910 0
Dec 06 22:41:55 np0005549343.novalocal container-server[96575]: ::1 - - [07/Dec/2025:03:41:55 +0000] "PUT /1/227497/AUTH_9cb2db62181546998c52314d1567748c/gnocchi.5e7b6c79-4ebe-4cf1-9021-dc1e88e56507/1764720000.0_rate%3Amean_300.0_v3" 201 - "PUT http://[::1]:8080/2/185981/AUTH_9cb2db62181546998c52314d1567748c/gnocchi.5e7b6c79-4ebe-4cf1-9021-dc1e88e56507/1764720000.0_rate%3Amean_300.0_v3" "tx759a6f3174a04f4e96ccd-006934f783" "object-server 96910" 0.0006 "-" 96575 0
Dec 06 22:41:55 np0005549343.novalocal object-server[96910]: ::1 - - [07/Dec/2025:03:41:55 +0000] "PUT /2/185981/AUTH_9cb2db62181546998c52314d1567748c/gnocchi.5e7b6c79-4ebe-4cf1-9021-dc1e88e56507/1764720000.0_rate%3Amean_300.0_v3" 201 - "PUT https://[::1]:8080/v1/AUTH_9cb2db62181546998c52314d1567748c/gnocchi.5e7b6c79-4ebe-4cf1-9021-dc1e88e56507/1764720000.0_rate%3Amean_300.0_v3" "tx759a6f3174a04f4e96ccd-006934f783" "proxy-server 97857" 0.0160 "-" 96910 0
Dec 06 22:41:55 np0005549343.novalocal proxy-server[97857]: ::1 ::1 07/Dec/2025/03/41/55 PUT /v1/AUTH_9cb2db62181546998c52314d1567748c/gnocchi.5e7b6c79-4ebe-4cf1-9021-dc1e88e56507/1764720000.0_rate%253Amean_300.0_v3 HTTP/1.0 201 - python-swiftclient-4.8.0 gAAAAABpNPckgn8e... 16 - - tx759a6f3174a04f4e96ccd-006934f783 - 0.0333 - - 1765078915.111629725 1765078915.144895077 0 0c044fc9f411403aa3ab5cf8f2b14495
Dec 06 22:41:55 np0005549343.novalocal container-server[96575]: ::1 - - [07/Dec/2025:03:41:55 +0000] "PUT /1/227497/AUTH_9cb2db62181546998c52314d1567748c/gnocchi.5e7b6c79-4ebe-4cf1-9021-dc1e88e56507/1764720000.0_mean_300.0_v3" 201 - "PUT http://[::1]:8080/3/160334/AUTH_9cb2db62181546998c52314d1567748c/gnocchi.5e7b6c79-4ebe-4cf1-9021-dc1e88e56507/1764720000.0_mean_300.0_v3" "txd8f20cd8d1714ee69c96f-006934f783" "object-server 96909" 0.0008 "-" 96575 0
Dec 06 22:41:55 np0005549343.novalocal container-server[96576]: ::1 - - [07/Dec/2025:03:41:55 +0000] "PUT /2/227497/AUTH_9cb2db62181546998c52314d1567748c/gnocchi.5e7b6c79-4ebe-4cf1-9021-dc1e88e56507/1764720000.0_mean_300.0_v3" 201 - "PUT http://[::1]:8080/1/160334/AUTH_9cb2db62181546998c52314d1567748c/gnocchi.5e7b6c79-4ebe-4cf1-9021-dc1e88e56507/1764720000.0_mean_300.0_v3" "txd8f20cd8d1714ee69c96f-006934f783" "object-server 96910" 0.0010 "-" 96576 0
Dec 06 22:41:55 np0005549343.novalocal object-server[96910]: ::1 - - [07/Dec/2025:03:41:55 +0000] "PUT /1/160334/AUTH_9cb2db62181546998c52314d1567748c/gnocchi.5e7b6c79-4ebe-4cf1-9021-dc1e88e56507/1764720000.0_mean_300.0_v3" 201 - "PUT https://[::1]:8080/v1/AUTH_9cb2db62181546998c52314d1567748c/gnocchi.5e7b6c79-4ebe-4cf1-9021-dc1e88e56507/1764720000.0_mean_300.0_v3" "txd8f20cd8d1714ee69c96f-006934f783" "proxy-server 97857" 0.0112 "-" 96910 0
Dec 06 22:41:55 np0005549343.novalocal object-server[96909]: ::1 - - [07/Dec/2025:03:41:55 +0000] "PUT /3/160334/AUTH_9cb2db62181546998c52314d1567748c/gnocchi.5e7b6c79-4ebe-4cf1-9021-dc1e88e56507/1764720000.0_mean_300.0_v3" 201 - "PUT https://[::1]:8080/v1/AUTH_9cb2db62181546998c52314d1567748c/gnocchi.5e7b6c79-4ebe-4cf1-9021-dc1e88e56507/1764720000.0_mean_300.0_v3" "txd8f20cd8d1714ee69c96f-006934f783" "proxy-server 97857" 0.0118 "-" 96909 0
Dec 06 22:41:55 np0005549343.novalocal container-server[96575]: ::1 - - [07/Dec/2025:03:41:55 +0000] "PUT /3/227497/AUTH_9cb2db62181546998c52314d1567748c/gnocchi.5e7b6c79-4ebe-4cf1-9021-dc1e88e56507/1764720000.0_mean_300.0_v3" 201 - "PUT http://[::1]:8080/2/160334/AUTH_9cb2db62181546998c52314d1567748c/gnocchi.5e7b6c79-4ebe-4cf1-9021-dc1e88e56507/1764720000.0_mean_300.0_v3" "txd8f20cd8d1714ee69c96f-006934f783" "object-server 96910" 0.0007 "-" 96575 0
Dec 06 22:41:55 np0005549343.novalocal object-server[96910]: ::1 - - [07/Dec/2025:03:41:55 +0000] "PUT /2/160334/AUTH_9cb2db62181546998c52314d1567748c/gnocchi.5e7b6c79-4ebe-4cf1-9021-dc1e88e56507/1764720000.0_mean_300.0_v3" 201 - "PUT https://[::1]:8080/v1/AUTH_9cb2db62181546998c52314d1567748c/gnocchi.5e7b6c79-4ebe-4cf1-9021-dc1e88e56507/1764720000.0_mean_300.0_v3" "txd8f20cd8d1714ee69c96f-006934f783" "proxy-server 97857" 0.0150 "-" 96910 0
Dec 06 22:41:55 np0005549343.novalocal proxy-server[97857]: ::1 ::1 07/Dec/2025/03/41/55 PUT /v1/AUTH_9cb2db62181546998c52314d1567748c/gnocchi.5e7b6c79-4ebe-4cf1-9021-dc1e88e56507/1764720000.0_mean_300.0_v3 HTTP/1.0 201 - python-swiftclient-4.8.0 gAAAAABpNPckgn8e... 16 - - txd8f20cd8d1714ee69c96f-006934f783 - 0.0256 - - 1765078915.148908138 1765078915.174459457 0 0c044fc9f411403aa3ab5cf8f2b14495
Dec 06 22:41:55 np0005549343.novalocal container-server[96576]: ::1 - - [07/Dec/2025:03:41:55 +0000] "PUT /3/227497/AUTH_9cb2db62181546998c52314d1567748c/gnocchi.5e7b6c79-4ebe-4cf1-9021-dc1e88e56507/none_v3" 201 - "PUT http://[::1]:8080/3/1993/AUTH_9cb2db62181546998c52314d1567748c/gnocchi.5e7b6c79-4ebe-4cf1-9021-dc1e88e56507/none_v3" "tx8e8f1b4453254e27ac9c3-006934f783" "object-server 96909" 0.0009 "-" 96576 0
Dec 06 22:41:55 np0005549343.novalocal container-server[96575]: ::1 - - [07/Dec/2025:03:41:55 +0000] "PUT /1/227497/AUTH_9cb2db62181546998c52314d1567748c/gnocchi.5e7b6c79-4ebe-4cf1-9021-dc1e88e56507/none_v3" 201 - "PUT http://[::1]:8080/1/1993/AUTH_9cb2db62181546998c52314d1567748c/gnocchi.5e7b6c79-4ebe-4cf1-9021-dc1e88e56507/none_v3" "tx8e8f1b4453254e27ac9c3-006934f783" "object-server 96910" 0.0007 "-" 96575 0
Dec 06 22:41:55 np0005549343.novalocal object-server[96909]: ::1 - - [07/Dec/2025:03:41:55 +0000] "PUT /3/1993/AUTH_9cb2db62181546998c52314d1567748c/gnocchi.5e7b6c79-4ebe-4cf1-9021-dc1e88e56507/none_v3" 201 - "PUT https://[::1]:8080/v1/AUTH_9cb2db62181546998c52314d1567748c/gnocchi.5e7b6c79-4ebe-4cf1-9021-dc1e88e56507/none_v3" "tx8e8f1b4453254e27ac9c3-006934f783" "proxy-server 97857" 0.0154 "-" 96909 0
Dec 06 22:41:55 np0005549343.novalocal object-server[96910]: ::1 - - [07/Dec/2025:03:41:55 +0000] "PUT /1/1993/AUTH_9cb2db62181546998c52314d1567748c/gnocchi.5e7b6c79-4ebe-4cf1-9021-dc1e88e56507/none_v3" 201 - "PUT https://[::1]:8080/v1/AUTH_9cb2db62181546998c52314d1567748c/gnocchi.5e7b6c79-4ebe-4cf1-9021-dc1e88e56507/none_v3" "tx8e8f1b4453254e27ac9c3-006934f783" "proxy-server 97857" 0.0160 "-" 96910 0
Dec 06 22:41:55 np0005549343.novalocal container-server[96575]: ::1 - - [07/Dec/2025:03:41:55 +0000] "PUT /2/227497/AUTH_9cb2db62181546998c52314d1567748c/gnocchi.5e7b6c79-4ebe-4cf1-9021-dc1e88e56507/none_v3" 201 - "PUT http://[::1]:8080/2/1993/AUTH_9cb2db62181546998c52314d1567748c/gnocchi.5e7b6c79-4ebe-4cf1-9021-dc1e88e56507/none_v3" "tx8e8f1b4453254e27ac9c3-006934f783" "object-server 96910" 0.0007 "-" 96575 0
Dec 06 22:41:55 np0005549343.novalocal object-server[96910]: ::1 - - [07/Dec/2025:03:41:55 +0000] "PUT /2/1993/AUTH_9cb2db62181546998c52314d1567748c/gnocchi.5e7b6c79-4ebe-4cf1-9021-dc1e88e56507/none_v3" 201 - "PUT https://[::1]:8080/v1/AUTH_9cb2db62181546998c52314d1567748c/gnocchi.5e7b6c79-4ebe-4cf1-9021-dc1e88e56507/none_v3" "tx8e8f1b4453254e27ac9c3-006934f783" "proxy-server 97857" 0.0150 "-" 96910 0
Dec 06 22:41:55 np0005549343.novalocal proxy-server[97857]: ::1 ::1 07/Dec/2025/03/41/55 PUT /v1/AUTH_9cb2db62181546998c52314d1567748c/gnocchi.5e7b6c79-4ebe-4cf1-9021-dc1e88e56507/none_v3 HTTP/1.0 201 - python-swiftclient-4.8.0 gAAAAABpNPckgn8e... 33 - - tx8e8f1b4453254e27ac9c3-006934f783 - 0.0263 - - 1765078915.178225517 1765078915.204486609 0 0c044fc9f411403aa3ab5cf8f2b14495
Dec 06 22:41:55 np0005549343.novalocal container-server[96576]: ::1 - - [07/Dec/2025:03:41:55 +0000] "HEAD /1/38248/AUTH_9cb2db62181546998c52314d1567748c/gnocchi.4a3ab37c-ce2e-4a78-9f44-260fe3670b89" 204 - "HEAD http://[::1]:8080/v1/AUTH_9cb2db62181546998c52314d1567748c/gnocchi.4a3ab37c-ce2e-4a78-9f44-260fe3670b89" "txe2ea20c0a6f4423694cd7-006934f783" "proxy-server 97857" 0.0032 "-" 96576 0
Dec 06 22:41:55 np0005549343.novalocal proxy-server[97857]: - - 07/Dec/2025/03/41/55 HEAD /v1/AUTH_9cb2db62181546998c52314d1567748c/gnocchi.4a3ab37c-ce2e-4a78-9f44-260fe3670b89 HTTP/1.0 204 - Swift - - - - txe2ea20c0a6f4423694cd7-006934f783 - 0.0089 CS - 1765078915.215766191 1765078915.224665880 0 -
Dec 06 22:41:55 np0005549343.novalocal object-server[96909]: ::1 - - [07/Dec/2025:03:41:55 +0000] "GET /2/129584/AUTH_9cb2db62181546998c52314d1567748c/gnocchi.4a3ab37c-ce2e-4a78-9f44-260fe3670b89/none_v3" 200 22 "GET https://[::1]:8080/v1/AUTH_9cb2db62181546998c52314d1567748c/gnocchi.4a3ab37c-ce2e-4a78-9f44-260fe3670b89/none_v3" "txe2ea20c0a6f4423694cd7-006934f783" "proxy-server 97857" 0.0013 "-" 96909 0
Dec 06 22:41:55 np0005549343.novalocal proxy-server[97857]: ::1 ::1 07/Dec/2025/03/41/55 GET /v1/AUTH_9cb2db62181546998c52314d1567748c/gnocchi.4a3ab37c-ce2e-4a78-9f44-260fe3670b89/none_v3 HTTP/1.0 200 - python-swiftclient-4.8.0 gAAAAABpNPckgn8e... - 22 - txe2ea20c0a6f4423694cd7-006934f783 - 0.0211 - - 1765078915.214776278 1765078915.235902786 0 0c044fc9f411403aa3ab5cf8f2b14495
Dec 06 22:41:55 np0005549343.novalocal container-server[96575]: ::1 - - [07/Dec/2025:03:41:55 +0000] "GET /1/38248/AUTH_9cb2db62181546998c52314d1567748c/gnocchi.4a3ab37c-ce2e-4a78-9f44-260fe3670b89" 200 357 "GET https://[::1]:8080/v1/AUTH_9cb2db62181546998c52314d1567748c/gnocchi.4a3ab37c-ce2e-4a78-9f44-260fe3670b89?format=json&states=listing" "txb426bf47a3a447d186d5d-006934f783" "proxy-server 97857" 0.0061 "-" 96575 0
Dec 06 22:41:55 np0005549343.novalocal proxy-server[97857]: ::1 ::1 07/Dec/2025/03/41/55 GET /v1/AUTH_9cb2db62181546998c52314d1567748c/gnocchi.4a3ab37c-ce2e-4a78-9f44-260fe3670b89%3Fformat%3Djson%26states%3Dlisting HTTP/1.0 200 - python-swiftclient-4.8.0 gAAAAABpNPckgn8e... - 357 - txb426bf47a3a447d186d5d-006934f783 - 0.0176 - - 1765078915.241667747 1765078915.259239674 0 0c044fc9f411403aa3ab5cf8f2b14495
Dec 06 22:41:55 np0005549343.novalocal container-server[96575]: ::1 - - [07/Dec/2025:03:41:55 +0000] "GET /2/38248/AUTH_9cb2db62181546998c52314d1567748c/gnocchi.4a3ab37c-ce2e-4a78-9f44-260fe3670b89" 200 2 "GET https://[::1]:8080/v1/AUTH_9cb2db62181546998c52314d1567748c/gnocchi.4a3ab37c-ce2e-4a78-9f44-260fe3670b89?format=json&marker=none_v3&states=listing" "txbc36b6305e0e44d48616d-006934f783" "proxy-server 97857" 0.0041 "-" 96575 0
Dec 06 22:41:55 np0005549343.novalocal proxy-server[97857]: ::1 ::1 07/Dec/2025/03/41/55 GET /v1/AUTH_9cb2db62181546998c52314d1567748c/gnocchi.4a3ab37c-ce2e-4a78-9f44-260fe3670b89%3Fformat%3Djson%26marker%3Dnone_v3%26states%3Dlisting HTTP/1.0 200 - python-swiftclient-4.8.0 gAAAAABpNPckgn8e... - 2 - txbc36b6305e0e44d48616d-006934f783 - 0.0129 - - 1765078915.262763023 1765078915.275687695 0 0c044fc9f411403aa3ab5cf8f2b14495
Dec 06 22:41:55 np0005549343.novalocal object-server[96909]: ::1 - - [07/Dec/2025:03:41:55 +0000] "GET /2/233684/AUTH_9cb2db62181546998c52314d1567748c/gnocchi.4a3ab37c-ce2e-4a78-9f44-260fe3670b89/1764720000.0_rate%3Amean_300.0_v3" 404 70 "GET https://[::1]:8080/v1/AUTH_9cb2db62181546998c52314d1567748c/gnocchi.4a3ab37c-ce2e-4a78-9f44-260fe3670b89/1764720000.0_rate%3Amean_300.0_v3" "txdf940afb14f74b9580324-006934f783" "proxy-server 97857" 0.0004 "-" 96909 0
Dec 06 22:41:55 np0005549343.novalocal object-server[96910]: ::1 - - [07/Dec/2025:03:41:55 +0000] "GET /1/233684/AUTH_9cb2db62181546998c52314d1567748c/gnocchi.4a3ab37c-ce2e-4a78-9f44-260fe3670b89/1764720000.0_rate%3Amean_300.0_v3" 404 70 "GET https://[::1]:8080/v1/AUTH_9cb2db62181546998c52314d1567748c/gnocchi.4a3ab37c-ce2e-4a78-9f44-260fe3670b89/1764720000.0_rate%3Amean_300.0_v3" "txdf940afb14f74b9580324-006934f783" "proxy-server 97857" 0.0004 "-" 96910 0
Dec 06 22:41:55 np0005549343.novalocal object-server[96910]: ::1 - - [07/Dec/2025:03:41:55 +0000] "GET /3/233684/AUTH_9cb2db62181546998c52314d1567748c/gnocchi.4a3ab37c-ce2e-4a78-9f44-260fe3670b89/1764720000.0_rate%3Amean_300.0_v3" 404 70 "GET https://[::1]:8080/v1/AUTH_9cb2db62181546998c52314d1567748c/gnocchi.4a3ab37c-ce2e-4a78-9f44-260fe3670b89/1764720000.0_rate%3Amean_300.0_v3" "txdf940afb14f74b9580324-006934f783" "proxy-server 97857" 0.0004 "-" 96910 0
Dec 06 22:41:55 np0005549343.novalocal proxy-server[97857]: ::1 ::1 07/Dec/2025/03/41/55 GET /v1/AUTH_9cb2db62181546998c52314d1567748c/gnocchi.4a3ab37c-ce2e-4a78-9f44-260fe3670b89/1764720000.0_rate%253Amean_300.0_v3 HTTP/1.0 404 - python-swiftclient-4.8.0 gAAAAABpNPckgn8e... - 70 - txdf940afb14f74b9580324-006934f783 - 0.0175 - - 1765078915.279197454 1765078915.296691895 0 0c044fc9f411403aa3ab5cf8f2b14495
Dec 06 22:41:55 np0005549343.novalocal object-server[96909]: ::1 - - [07/Dec/2025:03:41:55 +0000] "GET /1/147540/AUTH_9cb2db62181546998c52314d1567748c/gnocchi.4a3ab37c-ce2e-4a78-9f44-260fe3670b89/1764720000.0_mean_300.0_v3" 200 16 "GET https://[::1]:8080/v1/AUTH_9cb2db62181546998c52314d1567748c/gnocchi.4a3ab37c-ce2e-4a78-9f44-260fe3670b89/1764720000.0_mean_300.0_v3" "txe613ac7040dc4db6bdcdd-006934f783" "proxy-server 97857" 0.0007 "-" 96909 0
Dec 06 22:41:55 np0005549343.novalocal proxy-server[97857]: ::1 ::1 07/Dec/2025/03/41/55 GET /v1/AUTH_9cb2db62181546998c52314d1567748c/gnocchi.4a3ab37c-ce2e-4a78-9f44-260fe3670b89/1764720000.0_mean_300.0_v3 HTTP/1.0 200 - python-swiftclient-4.8.0 gAAAAABpNPckgn8e... - 16 - txe613ac7040dc4db6bdcdd-006934f783 - 0.0079 - - 1765078915.299421072 1765078915.307328701 0 0c044fc9f411403aa3ab5cf8f2b14495
Dec 06 22:41:55 np0005549343.novalocal container-server[96576]: ::1 - - [07/Dec/2025:03:41:55 +0000] "PUT /2/38248/AUTH_9cb2db62181546998c52314d1567748c/gnocchi.4a3ab37c-ce2e-4a78-9f44-260fe3670b89/1764720000.0_rate%3Amean_300.0_v3" 201 - "PUT http://[::1]:8080/2/233684/AUTH_9cb2db62181546998c52314d1567748c/gnocchi.4a3ab37c-ce2e-4a78-9f44-260fe3670b89/1764720000.0_rate%3Amean_300.0_v3" "txd7c60eff14f842be89a30-006934f783" "object-server 96910" 0.0005 "-" 96576 0
Dec 06 22:41:55 np0005549343.novalocal object-server[96910]: ::1 - - [07/Dec/2025:03:41:55 +0000] "PUT /2/233684/AUTH_9cb2db62181546998c52314d1567748c/gnocchi.4a3ab37c-ce2e-4a78-9f44-260fe3670b89/1764720000.0_rate%3Amean_300.0_v3" 201 - "PUT https://[::1]:8080/v1/AUTH_9cb2db62181546998c52314d1567748c/gnocchi.4a3ab37c-ce2e-4a78-9f44-260fe3670b89/1764720000.0_rate%3Amean_300.0_v3" "txd7c60eff14f842be89a30-006934f783" "proxy-server 97857" 0.0115 "-" 96910 0
Dec 06 22:41:55 np0005549343.novalocal container-server[96575]: ::1 - - [07/Dec/2025:03:41:55 +0000] "PUT /1/38248/AUTH_9cb2db62181546998c52314d1567748c/gnocchi.4a3ab37c-ce2e-4a78-9f44-260fe3670b89/1764720000.0_rate%3Amean_300.0_v3" 201 - "PUT http://[::1]:8080/3/233684/AUTH_9cb2db62181546998c52314d1567748c/gnocchi.4a3ab37c-ce2e-4a78-9f44-260fe3670b89/1764720000.0_rate%3Amean_300.0_v3" "txd7c60eff14f842be89a30-006934f783" "object-server 96910" 0.0013 "-" 96575 0
Dec 06 22:41:55 np0005549343.novalocal object-server[96910]: ::1 - - [07/Dec/2025:03:41:55 +0000] "PUT /3/233684/AUTH_9cb2db62181546998c52314d1567748c/gnocchi.4a3ab37c-ce2e-4a78-9f44-260fe3670b89/1764720000.0_rate%3Amean_300.0_v3" 201 - "PUT https://[::1]:8080/v1/AUTH_9cb2db62181546998c52314d1567748c/gnocchi.4a3ab37c-ce2e-4a78-9f44-260fe3670b89/1764720000.0_rate%3Amean_300.0_v3" "txd7c60eff14f842be89a30-006934f783" "proxy-server 97857" 0.0159 "-" 96910 0
Dec 06 22:41:55 np0005549343.novalocal container-server[96575]: ::1 - - [07/Dec/2025:03:41:55 +0000] "PUT /3/38248/AUTH_9cb2db62181546998c52314d1567748c/gnocchi.4a3ab37c-ce2e-4a78-9f44-260fe3670b89/1764720000.0_rate%3Amean_300.0_v3" 201 - "PUT http://[::1]:8080/1/233684/AUTH_9cb2db62181546998c52314d1567748c/gnocchi.4a3ab37c-ce2e-4a78-9f44-260fe3670b89/1764720000.0_rate%3Amean_300.0_v3" "txd7c60eff14f842be89a30-006934f783" "object-server 96910" 0.0010 "-" 96575 0
Dec 06 22:41:55 np0005549343.novalocal object-server[96910]: ::1 - - [07/Dec/2025:03:41:55 +0000] "PUT /1/233684/AUTH_9cb2db62181546998c52314d1567748c/gnocchi.4a3ab37c-ce2e-4a78-9f44-260fe3670b89/1764720000.0_rate%3Amean_300.0_v3" 201 - "PUT https://[::1]:8080/v1/AUTH_9cb2db62181546998c52314d1567748c/gnocchi.4a3ab37c-ce2e-4a78-9f44-260fe3670b89/1764720000.0_rate%3Amean_300.0_v3" "txd7c60eff14f842be89a30-006934f783" "proxy-server 97857" 0.0214 "-" 96910 0
Dec 06 22:41:55 np0005549343.novalocal proxy-server[97857]: ::1 ::1 07/Dec/2025/03/41/55 PUT /v1/AUTH_9cb2db62181546998c52314d1567748c/gnocchi.4a3ab37c-ce2e-4a78-9f44-260fe3670b89/1764720000.0_rate%253Amean_300.0_v3 HTTP/1.0 201 - python-swiftclient-4.8.0 gAAAAABpNPckgn8e... 16 - - txd7c60eff14f842be89a30-006934f783 - 0.0315 - - 1765078915.310205936 1765078915.341658115 0 0c044fc9f411403aa3ab5cf8f2b14495
Dec 06 22:41:55 np0005549343.novalocal sudo[105105]: cinder : PWD=/ ; USER=root ; COMMAND=/usr/bin/cinder-rootwrap /etc/cinder/rootwrap.conf env LC_ALL=C qemu-img info -f raw --output=json /var/lib/cinder/conversion/image_download_d1cf3290-a09f-474b-b958-c7322b20f67a_81jsm2jr
Dec 06 22:41:55 np0005549343.novalocal systemd[1]: Started Session c103 of User root.
Dec 06 22:41:55 np0005549343.novalocal sudo[105105]: pam_unix(sudo:session): session opened for user root(uid=0) by (uid=165)
Dec 06 22:41:55 np0005549343.novalocal haproxy-metadata-proxy-2af58657-767d-42db-a7ed-796d65cdf85a[103897]: ::ffff:10.100.0.11:41902 [06/Dec/2025:22:41:54.373] listener listener/metadata 0/0/0/1016/1016 200 89 - - ---- 1/1/0/0/0 0/0 "GET /2009-04-04/meta-data/block-device-mapping/ami HTTP/1.1"
Dec 06 22:41:55 np0005549343.novalocal container-replicator[96639]: Beginning replication run
Dec 06 22:41:55 np0005549343.novalocal container-server[96576]: ::1 - - [07/Dec/2025:03:41:55 +0000] "PUT /3/38248/AUTH_9cb2db62181546998c52314d1567748c/gnocchi.4a3ab37c-ce2e-4a78-9f44-260fe3670b89/1764720000.0_mean_300.0_v3" 201 - "PUT http://[::1]:8080/3/147540/AUTH_9cb2db62181546998c52314d1567748c/gnocchi.4a3ab37c-ce2e-4a78-9f44-260fe3670b89/1764720000.0_mean_300.0_v3" "txd535fdfe4c8341609b0df-006934f783" "object-server 96910" 0.0005 "-" 96576 0
Dec 06 22:41:55 np0005549343.novalocal container-server[96576]: ::1 - - [07/Dec/2025:03:41:55 +0000] "PUT /2/38248/AUTH_9cb2db62181546998c52314d1567748c/gnocchi.4a3ab37c-ce2e-4a78-9f44-260fe3670b89/1764720000.0_mean_300.0_v3" 201 - "PUT http://[::1]:8080/1/147540/AUTH_9cb2db62181546998c52314d1567748c/gnocchi.4a3ab37c-ce2e-4a78-9f44-260fe3670b89/1764720000.0_mean_300.0_v3" "txd535fdfe4c8341609b0df-006934f783" "object-server 96910" 0.0003 "-" 96576 0
Dec 06 22:41:55 np0005549343.novalocal container-server[96575]: ::1 - - [07/Dec/2025:03:41:55 +0000] "PUT /1/38248/AUTH_9cb2db62181546998c52314d1567748c/gnocchi.4a3ab37c-ce2e-4a78-9f44-260fe3670b89/1764720000.0_mean_300.0_v3" 201 - "PUT http://[::1]:8080/2/147540/AUTH_9cb2db62181546998c52314d1567748c/gnocchi.4a3ab37c-ce2e-4a78-9f44-260fe3670b89/1764720000.0_mean_300.0_v3" "txd535fdfe4c8341609b0df-006934f783" "object-server 96910" 0.0009 "-" 96575 0
Dec 06 22:41:55 np0005549343.novalocal object-server[96910]: ::1 - - [07/Dec/2025:03:41:55 +0000] "PUT /1/147540/AUTH_9cb2db62181546998c52314d1567748c/gnocchi.4a3ab37c-ce2e-4a78-9f44-260fe3670b89/1764720000.0_mean_300.0_v3" 201 - "PUT https://[::1]:8080/v1/AUTH_9cb2db62181546998c52314d1567748c/gnocchi.4a3ab37c-ce2e-4a78-9f44-260fe3670b89/1764720000.0_mean_300.0_v3" "txd535fdfe4c8341609b0df-006934f783" "proxy-server 97857" 0.0959 "-" 96910 0
Dec 06 22:41:55 np0005549343.novalocal object-server[96910]: ::1 - - [07/Dec/2025:03:41:55 +0000] "PUT /3/147540/AUTH_9cb2db62181546998c52314d1567748c/gnocchi.4a3ab37c-ce2e-4a78-9f44-260fe3670b89/1764720000.0_mean_300.0_v3" 201 - "PUT https://[::1]:8080/v1/AUTH_9cb2db62181546998c52314d1567748c/gnocchi.4a3ab37c-ce2e-4a78-9f44-260fe3670b89/1764720000.0_mean_300.0_v3" "txd535fdfe4c8341609b0df-006934f783" "proxy-server 97857" 0.1014 "-" 96910 0
Dec 06 22:41:55 np0005549343.novalocal object-server[96910]: ::1 - - [07/Dec/2025:03:41:55 +0000] "PUT /2/147540/AUTH_9cb2db62181546998c52314d1567748c/gnocchi.4a3ab37c-ce2e-4a78-9f44-260fe3670b89/1764720000.0_mean_300.0_v3" 201 - "PUT https://[::1]:8080/v1/AUTH_9cb2db62181546998c52314d1567748c/gnocchi.4a3ab37c-ce2e-4a78-9f44-260fe3670b89/1764720000.0_mean_300.0_v3" "txd535fdfe4c8341609b0df-006934f783" "proxy-server 97857" 0.0959 "-" 96910 0
Dec 06 22:41:55 np0005549343.novalocal proxy-server[97857]: ::1 ::1 07/Dec/2025/03/41/55 PUT /v1/AUTH_9cb2db62181546998c52314d1567748c/gnocchi.4a3ab37c-ce2e-4a78-9f44-260fe3670b89/1764720000.0_mean_300.0_v3 HTTP/1.0 201 - python-swiftclient-4.8.0 gAAAAABpNPckgn8e... 16 - - txd535fdfe4c8341609b0df-006934f783 - 0.1157 - - 1765078915.345102072 1765078915.460761309 0 0c044fc9f411403aa3ab5cf8f2b14495
Dec 06 22:41:55 np0005549343.novalocal container-server[96575]: ::1 - - [07/Dec/2025:03:41:55 +0000] "PUT /3/38248/AUTH_9cb2db62181546998c52314d1567748c/gnocchi.4a3ab37c-ce2e-4a78-9f44-260fe3670b89/none_v3" 201 - "PUT http://[::1]:8080/2/129584/AUTH_9cb2db62181546998c52314d1567748c/gnocchi.4a3ab37c-ce2e-4a78-9f44-260fe3670b89/none_v3" "txe597fced48a54025b5c57-006934f783" "object-server 96910" 0.0008 "-" 96575 0
Dec 06 22:41:55 np0005549343.novalocal container-server[96575]: ::1 - - [07/Dec/2025:03:41:55 +0000] "PUT /2/38248/AUTH_9cb2db62181546998c52314d1567748c/gnocchi.4a3ab37c-ce2e-4a78-9f44-260fe3670b89/none_v3" 201 - "PUT http://[::1]:8080/3/129584/AUTH_9cb2db62181546998c52314d1567748c/gnocchi.4a3ab37c-ce2e-4a78-9f44-260fe3670b89/none_v3" "txe597fced48a54025b5c57-006934f783" "object-server 96909" 0.0003 "-" 96575 0
Dec 06 22:41:55 np0005549343.novalocal object-server[96910]: ::1 - - [07/Dec/2025:03:41:55 +0000] "PUT /2/129584/AUTH_9cb2db62181546998c52314d1567748c/gnocchi.4a3ab37c-ce2e-4a78-9f44-260fe3670b89/none_v3" 201 - "PUT https://[::1]:8080/v1/AUTH_9cb2db62181546998c52314d1567748c/gnocchi.4a3ab37c-ce2e-4a78-9f44-260fe3670b89/none_v3" "txe597fced48a54025b5c57-006934f783" "proxy-server 97857" 0.0096 "-" 96910 0
Dec 06 22:41:55 np0005549343.novalocal object-server[96909]: ::1 - - [07/Dec/2025:03:41:55 +0000] "PUT /3/129584/AUTH_9cb2db62181546998c52314d1567748c/gnocchi.4a3ab37c-ce2e-4a78-9f44-260fe3670b89/none_v3" 201 - "PUT https://[::1]:8080/v1/AUTH_9cb2db62181546998c52314d1567748c/gnocchi.4a3ab37c-ce2e-4a78-9f44-260fe3670b89/none_v3" "txe597fced48a54025b5c57-006934f783" "proxy-server 97857" 0.0091 "-" 96909 0
Dec 06 22:41:55 np0005549343.novalocal container-server[96575]: ::1 - - [07/Dec/2025:03:41:55 +0000] "PUT /1/38248/AUTH_9cb2db62181546998c52314d1567748c/gnocchi.4a3ab37c-ce2e-4a78-9f44-260fe3670b89/none_v3" 201 - "PUT http://[::1]:8080/1/129584/AUTH_9cb2db62181546998c52314d1567748c/gnocchi.4a3ab37c-ce2e-4a78-9f44-260fe3670b89/none_v3" "txe597fced48a54025b5c57-006934f783" "object-server 96909" 0.0004 "-" 96575 0
Dec 06 22:41:55 np0005549343.novalocal object-server[96909]: ::1 - - [07/Dec/2025:03:41:55 +0000] "PUT /1/129584/AUTH_9cb2db62181546998c52314d1567748c/gnocchi.4a3ab37c-ce2e-4a78-9f44-260fe3670b89/none_v3" 201 - "PUT https://[::1]:8080/v1/AUTH_9cb2db62181546998c52314d1567748c/gnocchi.4a3ab37c-ce2e-4a78-9f44-260fe3670b89/none_v3" "txe597fced48a54025b5c57-006934f783" "proxy-server 97857" 0.0123 "-" 96909 0
Dec 06 22:41:55 np0005549343.novalocal proxy-server[97857]: ::1 ::1 07/Dec/2025/03/41/55 PUT /v1/AUTH_9cb2db62181546998c52314d1567748c/gnocchi.4a3ab37c-ce2e-4a78-9f44-260fe3670b89/none_v3 HTTP/1.0 201 - python-swiftclient-4.8.0 gAAAAABpNPckgn8e... 32 - - txe597fced48a54025b5c57-006934f783 - 0.0193 - - 1765078915.462996960 1765078915.482264519 0 0c044fc9f411403aa3ab5cf8f2b14495
Dec 06 22:41:55 np0005549343.novalocal container-server[96575]: ::1 - - [07/Dec/2025:03:41:55 +0000] "HEAD /3/242170/AUTH_9cb2db62181546998c52314d1567748c/gnocchi.233c05ce-40e1-48f3-867c-8ec7394de90d" 204 - "HEAD http://[::1]:8080/v1/AUTH_9cb2db62181546998c52314d1567748c/gnocchi.233c05ce-40e1-48f3-867c-8ec7394de90d" "txc8b4b17aa15c41bea81e0-006934f783" "proxy-server 97857" 0.0012 "-" 96575 0
Dec 06 22:41:55 np0005549343.novalocal proxy-server[97857]: - - 07/Dec/2025/03/41/55 HEAD /v1/AUTH_9cb2db62181546998c52314d1567748c/gnocchi.233c05ce-40e1-48f3-867c-8ec7394de90d HTTP/1.0 204 - Swift - - - - txc8b4b17aa15c41bea81e0-006934f783 - 0.0048 CS - 1765078915.493042469 1765078915.497867823 0 -
Dec 06 22:41:55 np0005549343.novalocal object-server[96909]: ::1 - - [07/Dec/2025:03:41:55 +0000] "GET /3/250056/AUTH_9cb2db62181546998c52314d1567748c/gnocchi.233c05ce-40e1-48f3-867c-8ec7394de90d/none_v3" 200 22 "GET https://[::1]:8080/v1/AUTH_9cb2db62181546998c52314d1567748c/gnocchi.233c05ce-40e1-48f3-867c-8ec7394de90d/none_v3" "txc8b4b17aa15c41bea81e0-006934f783" "proxy-server 97857" 0.0009 "-" 96909 0
Dec 06 22:41:55 np0005549343.novalocal proxy-server[97857]: ::1 ::1 07/Dec/2025/03/41/55 GET /v1/AUTH_9cb2db62181546998c52314d1567748c/gnocchi.233c05ce-40e1-48f3-867c-8ec7394de90d/none_v3 HTTP/1.0 200 - python-swiftclient-4.8.0 gAAAAABpNPckgn8e... - 22 - txc8b4b17aa15c41bea81e0-006934f783 - 0.0131 - - 1765078915.492215872 1765078915.505352736 0 0c044fc9f411403aa3ab5cf8f2b14495
Dec 06 22:41:55 np0005549343.novalocal container-server[96575]: ::1 - - [07/Dec/2025:03:41:55 +0000] "GET /1/242170/AUTH_9cb2db62181546998c52314d1567748c/gnocchi.233c05ce-40e1-48f3-867c-8ec7394de90d" 200 357 "GET https://[::1]:8080/v1/AUTH_9cb2db62181546998c52314d1567748c/gnocchi.233c05ce-40e1-48f3-867c-8ec7394de90d?format=json&states=listing" "tx3ce2961e61e74558bcd2e-006934f783" "proxy-server 97857" 0.0017 "-" 96575 0
Dec 06 22:41:55 np0005549343.novalocal proxy-server[97857]: ::1 ::1 07/Dec/2025/03/41/55 GET /v1/AUTH_9cb2db62181546998c52314d1567748c/gnocchi.233c05ce-40e1-48f3-867c-8ec7394de90d%3Fformat%3Djson%26states%3Dlisting HTTP/1.0 200 - python-swiftclient-4.8.0 gAAAAABpNPckgn8e... - 357 - tx3ce2961e61e74558bcd2e-006934f783 - 0.0097 - - 1765078915.508685589 1765078915.518423796 0 0c044fc9f411403aa3ab5cf8f2b14495
Dec 06 22:41:55 np0005549343.novalocal container-server[96575]: ::1 - - [07/Dec/2025:03:41:55 +0000] "GET /2/242170/AUTH_9cb2db62181546998c52314d1567748c/gnocchi.233c05ce-40e1-48f3-867c-8ec7394de90d" 200 2 "GET https://[::1]:8080/v1/AUTH_9cb2db62181546998c52314d1567748c/gnocchi.233c05ce-40e1-48f3-867c-8ec7394de90d?format=json&marker=none_v3&states=listing" "txc67cbd7417ca49b6999b8-006934f783" "proxy-server 97857" 0.0040 "-" 96575 0
Dec 06 22:41:55 np0005549343.novalocal proxy-server[97857]: ::1 ::1 07/Dec/2025/03/41/55 GET /v1/AUTH_9cb2db62181546998c52314d1567748c/gnocchi.233c05ce-40e1-48f3-867c-8ec7394de90d%3Fformat%3Djson%26marker%3Dnone_v3%26states%3Dlisting HTTP/1.0 200 - python-swiftclient-4.8.0 gAAAAABpNPckgn8e... - 2 - txc67cbd7417ca49b6999b8-006934f783 - 0.0127 - - 1765078915.521215916 1765078915.533878326 0 0c044fc9f411403aa3ab5cf8f2b14495
Dec 06 22:41:55 np0005549343.novalocal object-server[96910]: ::1 - - [07/Dec/2025:03:41:55 +0000] "GET /1/87867/AUTH_9cb2db62181546998c52314d1567748c/gnocchi.233c05ce-40e1-48f3-867c-8ec7394de90d/1764720000.0_rate%3Amean_300.0_v3" 404 70 "GET https://[::1]:8080/v1/AUTH_9cb2db62181546998c52314d1567748c/gnocchi.233c05ce-40e1-48f3-867c-8ec7394de90d/1764720000.0_rate%3Amean_300.0_v3" "tx1a390739d8e44b958e1d2-006934f783" "proxy-server 97857" 0.0006 "-" 96910 0
Dec 06 22:41:55 np0005549343.novalocal object-server[96909]: ::1 - - [07/Dec/2025:03:41:55 +0000] "GET /3/87867/AUTH_9cb2db62181546998c52314d1567748c/gnocchi.233c05ce-40e1-48f3-867c-8ec7394de90d/1764720000.0_rate%3Amean_300.0_v3" 404 70 "GET https://[::1]:8080/v1/AUTH_9cb2db62181546998c52314d1567748c/gnocchi.233c05ce-40e1-48f3-867c-8ec7394de90d/1764720000.0_rate%3Amean_300.0_v3" "tx1a390739d8e44b958e1d2-006934f783" "proxy-server 97857" 0.0003 "-" 96909 0
Dec 06 22:41:55 np0005549343.novalocal object-server[96910]: ::1 - - [07/Dec/2025:03:41:55 +0000] "GET /2/87867/AUTH_9cb2db62181546998c52314d1567748c/gnocchi.233c05ce-40e1-48f3-867c-8ec7394de90d/1764720000.0_rate%3Amean_300.0_v3" 404 70 "GET https://[::1]:8080/v1/AUTH_9cb2db62181546998c52314d1567748c/gnocchi.233c05ce-40e1-48f3-867c-8ec7394de90d/1764720000.0_rate%3Amean_300.0_v3" "tx1a390739d8e44b958e1d2-006934f783" "proxy-server 97857" 0.0004 "-" 96910 0
Dec 06 22:41:55 np0005549343.novalocal proxy-server[97857]: ::1 ::1 07/Dec/2025/03/41/55 GET /v1/AUTH_9cb2db62181546998c52314d1567748c/gnocchi.233c05ce-40e1-48f3-867c-8ec7394de90d/1764720000.0_rate%253Amean_300.0_v3 HTTP/1.0 404 - python-swiftclient-4.8.0 gAAAAABpNPckgn8e... - 70 - tx1a390739d8e44b958e1d2-006934f783 - 0.0139 - - 1765078915.538981199 1765078915.552834272 0 0c044fc9f411403aa3ab5cf8f2b14495
Dec 06 22:41:55 np0005549343.novalocal object-server[96909]: ::1 - - [07/Dec/2025:03:41:55 +0000] "GET /1/254543/AUTH_9cb2db62181546998c52314d1567748c/gnocchi.233c05ce-40e1-48f3-867c-8ec7394de90d/1764720000.0_mean_300.0_v3" 200 16 "GET https://[::1]:8080/v1/AUTH_9cb2db62181546998c52314d1567748c/gnocchi.233c05ce-40e1-48f3-867c-8ec7394de90d/1764720000.0_mean_300.0_v3" "tx61ae91ea5d2040e7a7af0-006934f783" "proxy-server 97857" 0.0006 "-" 96909 0
Dec 06 22:41:55 np0005549343.novalocal proxy-server[97857]: ::1 ::1 07/Dec/2025/03/41/55 GET /v1/AUTH_9cb2db62181546998c52314d1567748c/gnocchi.233c05ce-40e1-48f3-867c-8ec7394de90d/1764720000.0_mean_300.0_v3 HTTP/1.0 200 - python-swiftclient-4.8.0 gAAAAABpNPckgn8e... - 16 - tx61ae91ea5d2040e7a7af0-006934f783 - 0.0062 - - 1765078915.555494070 1765078915.561687469 0 0c044fc9f411403aa3ab5cf8f2b14495
Dec 06 22:41:55 np0005549343.novalocal container-server[96576]: ::1 - - [07/Dec/2025:03:41:55 +0000] "PUT /3/242170/AUTH_9cb2db62181546998c52314d1567748c/gnocchi.233c05ce-40e1-48f3-867c-8ec7394de90d/1764720000.0_rate%3Amean_300.0_v3" 201 - "PUT http://[::1]:8080/2/87867/AUTH_9cb2db62181546998c52314d1567748c/gnocchi.233c05ce-40e1-48f3-867c-8ec7394de90d/1764720000.0_rate%3Amean_300.0_v3" "tx83584588a38d44aeb4426-006934f783" "object-server 96910" 0.0004 "-" 96576 0
Dec 06 22:41:55 np0005549343.novalocal object-server[96910]: ::1 - - [07/Dec/2025:03:41:55 +0000] "PUT /2/87867/AUTH_9cb2db62181546998c52314d1567748c/gnocchi.233c05ce-40e1-48f3-867c-8ec7394de90d/1764720000.0_rate%3Amean_300.0_v3" 201 - "PUT https://[::1]:8080/v1/AUTH_9cb2db62181546998c52314d1567748c/gnocchi.233c05ce-40e1-48f3-867c-8ec7394de90d/1764720000.0_rate%3Amean_300.0_v3" "tx83584588a38d44aeb4426-006934f783" "proxy-server 97857" 0.0109 "-" 96910 0
Dec 06 22:41:55 np0005549343.novalocal container-server[96576]: ::1 - - [07/Dec/2025:03:41:55 +0000] "PUT /1/242170/AUTH_9cb2db62181546998c52314d1567748c/gnocchi.233c05ce-40e1-48f3-867c-8ec7394de90d/1764720000.0_rate%3Amean_300.0_v3" 201 - "PUT http://[::1]:8080/1/87867/AUTH_9cb2db62181546998c52314d1567748c/gnocchi.233c05ce-40e1-48f3-867c-8ec7394de90d/1764720000.0_rate%3Amean_300.0_v3" "tx83584588a38d44aeb4426-006934f783" "object-server 96909" 0.0003 "-" 96576 0
Dec 06 22:41:55 np0005549343.novalocal container-server[96575]: ::1 - - [07/Dec/2025:03:41:55 +0000] "PUT /2/242170/AUTH_9cb2db62181546998c52314d1567748c/gnocchi.233c05ce-40e1-48f3-867c-8ec7394de90d/1764720000.0_rate%3Amean_300.0_v3" 201 - "PUT http://[::1]:8080/3/87867/AUTH_9cb2db62181546998c52314d1567748c/gnocchi.233c05ce-40e1-48f3-867c-8ec7394de90d/1764720000.0_rate%3Amean_300.0_v3" "tx83584588a38d44aeb4426-006934f783" "object-server 96909" 0.0006 "-" 96575 0
Dec 06 22:41:55 np0005549343.novalocal object-server[96909]: ::1 - - [07/Dec/2025:03:41:55 +0000] "PUT /1/87867/AUTH_9cb2db62181546998c52314d1567748c/gnocchi.233c05ce-40e1-48f3-867c-8ec7394de90d/1764720000.0_rate%3Amean_300.0_v3" 201 - "PUT https://[::1]:8080/v1/AUTH_9cb2db62181546998c52314d1567748c/gnocchi.233c05ce-40e1-48f3-867c-8ec7394de90d/1764720000.0_rate%3Amean_300.0_v3" "tx83584588a38d44aeb4426-006934f783" "proxy-server 97857" 0.0124 "-" 96909 0
Dec 06 22:41:55 np0005549343.novalocal object-server[96909]: ::1 - - [07/Dec/2025:03:41:55 +0000] "PUT /3/87867/AUTH_9cb2db62181546998c52314d1567748c/gnocchi.233c05ce-40e1-48f3-867c-8ec7394de90d/1764720000.0_rate%3Amean_300.0_v3" 201 - "PUT https://[::1]:8080/v1/AUTH_9cb2db62181546998c52314d1567748c/gnocchi.233c05ce-40e1-48f3-867c-8ec7394de90d/1764720000.0_rate%3Amean_300.0_v3" "tx83584588a38d44aeb4426-006934f783" "proxy-server 97857" 0.0127 "-" 96909 0
Dec 06 22:41:55 np0005549343.novalocal proxy-server[97857]: ::1 ::1 07/Dec/2025/03/41/55 PUT /v1/AUTH_9cb2db62181546998c52314d1567748c/gnocchi.233c05ce-40e1-48f3-867c-8ec7394de90d/1764720000.0_rate%253Amean_300.0_v3 HTTP/1.0 201 - python-swiftclient-4.8.0 gAAAAABpNPckgn8e... 16 - - tx83584588a38d44aeb4426-006934f783 - 0.0214 - - 1765078915.564247847 1765078915.585642576 0 0c044fc9f411403aa3ab5cf8f2b14495
Dec 06 22:41:55 np0005549343.novalocal container-server[96575]: ::1 - - [07/Dec/2025:03:41:55 +0000] "PUT /1/242170/AUTH_9cb2db62181546998c52314d1567748c/gnocchi.233c05ce-40e1-48f3-867c-8ec7394de90d/1764720000.0_mean_300.0_v3" 201 - "PUT http://[::1]:8080/2/254543/AUTH_9cb2db62181546998c52314d1567748c/gnocchi.233c05ce-40e1-48f3-867c-8ec7394de90d/1764720000.0_mean_300.0_v3" "txa26bb821d7a241bb8f568-006934f783" "object-server 96910" 0.0004 "-" 96575 0
Dec 06 22:41:55 np0005549343.novalocal object-server[96910]: ::1 - - [07/Dec/2025:03:41:55 +0000] "PUT /2/254543/AUTH_9cb2db62181546998c52314d1567748c/gnocchi.233c05ce-40e1-48f3-867c-8ec7394de90d/1764720000.0_mean_300.0_v3" 201 - "PUT https://[::1]:8080/v1/AUTH_9cb2db62181546998c52314d1567748c/gnocchi.233c05ce-40e1-48f3-867c-8ec7394de90d/1764720000.0_mean_300.0_v3" "txa26bb821d7a241bb8f568-006934f783" "proxy-server 97857" 0.0094 "-" 96910 0
Dec 06 22:41:55 np0005549343.novalocal container-server[96575]: ::1 - - [07/Dec/2025:03:41:55 +0000] "PUT /3/242170/AUTH_9cb2db62181546998c52314d1567748c/gnocchi.233c05ce-40e1-48f3-867c-8ec7394de90d/1764720000.0_mean_300.0_v3" 201 - "PUT http://[::1]:8080/3/254543/AUTH_9cb2db62181546998c52314d1567748c/gnocchi.233c05ce-40e1-48f3-867c-8ec7394de90d/1764720000.0_mean_300.0_v3" "txa26bb821d7a241bb8f568-006934f783" "object-server 96909" 0.0005 "-" 96575 0
Dec 06 22:41:55 np0005549343.novalocal object-server[96909]: ::1 - - [07/Dec/2025:03:41:55 +0000] "PUT /3/254543/AUTH_9cb2db62181546998c52314d1567748c/gnocchi.233c05ce-40e1-48f3-867c-8ec7394de90d/1764720000.0_mean_300.0_v3" 201 - "PUT https://[::1]:8080/v1/AUTH_9cb2db62181546998c52314d1567748c/gnocchi.233c05ce-40e1-48f3-867c-8ec7394de90d/1764720000.0_mean_300.0_v3" "txa26bb821d7a241bb8f568-006934f783" "proxy-server 97857" 0.0112 "-" 96909 0
Dec 06 22:41:55 np0005549343.novalocal container-server[96575]: ::1 - - [07/Dec/2025:03:41:55 +0000] "PUT /2/242170/AUTH_9cb2db62181546998c52314d1567748c/gnocchi.233c05ce-40e1-48f3-867c-8ec7394de90d/1764720000.0_mean_300.0_v3" 201 - "PUT http://[::1]:8080/1/254543/AUTH_9cb2db62181546998c52314d1567748c/gnocchi.233c05ce-40e1-48f3-867c-8ec7394de90d/1764720000.0_mean_300.0_v3" "txa26bb821d7a241bb8f568-006934f783" "object-server 96909" 0.0004 "-" 96575 0
Dec 06 22:41:55 np0005549343.novalocal object-server[96909]: ::1 - - [07/Dec/2025:03:41:55 +0000] "PUT /1/254543/AUTH_9cb2db62181546998c52314d1567748c/gnocchi.233c05ce-40e1-48f3-867c-8ec7394de90d/1764720000.0_mean_300.0_v3" 201 - "PUT https://[::1]:8080/v1/AUTH_9cb2db62181546998c52314d1567748c/gnocchi.233c05ce-40e1-48f3-867c-8ec7394de90d/1764720000.0_mean_300.0_v3" "txa26bb821d7a241bb8f568-006934f783" "proxy-server 97857" 0.0105 "-" 96909 0
Dec 06 22:41:55 np0005549343.novalocal proxy-server[97857]: ::1 ::1 07/Dec/2025/03/41/55 PUT /v1/AUTH_9cb2db62181546998c52314d1567748c/gnocchi.233c05ce-40e1-48f3-867c-8ec7394de90d/1764720000.0_mean_300.0_v3 HTTP/1.0 201 - python-swiftclient-4.8.0 gAAAAABpNPckgn8e... 16 - - txa26bb821d7a241bb8f568-006934f783 - 0.0202 - - 1765078915.588632822 1765078915.608819008 0 0c044fc9f411403aa3ab5cf8f2b14495
Dec 06 22:41:55 np0005549343.novalocal container-server[96576]: ::1 - - [07/Dec/2025:03:41:55 +0000] "PUT /3/242170/AUTH_9cb2db62181546998c52314d1567748c/gnocchi.233c05ce-40e1-48f3-867c-8ec7394de90d/none_v3" 201 - "PUT http://[::1]:8080/2/250056/AUTH_9cb2db62181546998c52314d1567748c/gnocchi.233c05ce-40e1-48f3-867c-8ec7394de90d/none_v3" "txe7435a1df1b74d6c945e9-006934f783" "object-server 96909" 0.0007 "-" 96576 0
Dec 06 22:41:55 np0005549343.novalocal object-server[96909]: ::1 - - [07/Dec/2025:03:41:55 +0000] "PUT /2/250056/AUTH_9cb2db62181546998c52314d1567748c/gnocchi.233c05ce-40e1-48f3-867c-8ec7394de90d/none_v3" 201 - "PUT https://[::1]:8080/v1/AUTH_9cb2db62181546998c52314d1567748c/gnocchi.233c05ce-40e1-48f3-867c-8ec7394de90d/none_v3" "txe7435a1df1b74d6c945e9-006934f783" "proxy-server 97857" 0.0166 "-" 96909 0
