Dec 06 22:40:56 np0005549343.novalocal container-server[96575]: ::1 - - [07/Dec/2025:03:40:56 +0000] "HEAD /2/260392/AUTH_9cb2db62181546998c52314d1567748c/gnocchi.f5210e58-e9f4-48de-9cab-541f57fa972a" 404 - "HEAD http://[::1]:8080/v1/AUTH_9cb2db62181546998c52314d1567748c/gnocchi.f5210e58-e9f4-48de-9cab-541f57fa972a" "tx0f6bb8cdcd364de0ae1d3-006934f748" "proxy-server 97857" 0.0004 "-" 96575 0
Dec 06 22:40:56 np0005549343.novalocal container-server[96576]: ::1 - - [07/Dec/2025:03:40:56 +0000] "HEAD /1/260392/AUTH_9cb2db62181546998c52314d1567748c/gnocchi.f5210e58-e9f4-48de-9cab-541f57fa972a" 404 - "HEAD http://[::1]:8080/v1/AUTH_9cb2db62181546998c52314d1567748c/gnocchi.f5210e58-e9f4-48de-9cab-541f57fa972a" "tx0f6bb8cdcd364de0ae1d3-006934f748" "proxy-server 97857" 0.0005 "-" 96576 0
Dec 06 22:40:56 np0005549343.novalocal container-server[96576]: ::1 - - [07/Dec/2025:03:40:56 +0000] "HEAD /3/260392/AUTH_9cb2db62181546998c52314d1567748c/gnocchi.f5210e58-e9f4-48de-9cab-541f57fa972a" 404 - "HEAD http://[::1]:8080/v1/AUTH_9cb2db62181546998c52314d1567748c/gnocchi.f5210e58-e9f4-48de-9cab-541f57fa972a" "tx0f6bb8cdcd364de0ae1d3-006934f748" "proxy-server 97857" 0.0004 "-" 96576 0
Dec 06 22:40:56 np0005549343.novalocal proxy-server[97857]: - - 07/Dec/2025/03/40/56 HEAD /v1/AUTH_9cb2db62181546998c52314d1567748c/gnocchi.f5210e58-e9f4-48de-9cab-541f57fa972a HTTP/1.0 404 - Swift - - - - tx0f6bb8cdcd364de0ae1d3-006934f748 - 0.0123 CS - 1765078856.599761724 1765078856.612107754 0 -
Dec 06 22:40:56 np0005549343.novalocal object-server[96910]: ::1 - - [07/Dec/2025:03:40:56 +0000] "GET /3/261841/AUTH_9cb2db62181546998c52314d1567748c/gnocchi.f5210e58-e9f4-48de-9cab-541f57fa972a/none_v3" 404 70 "GET https://[::1]:8080/v1/AUTH_9cb2db62181546998c52314d1567748c/gnocchi.f5210e58-e9f4-48de-9cab-541f57fa972a/none_v3" "tx0f6bb8cdcd364de0ae1d3-006934f748" "proxy-server 97857" 0.0005 "-" 96910 0
Dec 06 22:40:56 np0005549343.novalocal object-server[96910]: ::1 - - [07/Dec/2025:03:40:56 +0000] "GET /2/261841/AUTH_9cb2db62181546998c52314d1567748c/gnocchi.f5210e58-e9f4-48de-9cab-541f57fa972a/none_v3" 404 70 "GET https://[::1]:8080/v1/AUTH_9cb2db62181546998c52314d1567748c/gnocchi.f5210e58-e9f4-48de-9cab-541f57fa972a/none_v3" "tx0f6bb8cdcd364de0ae1d3-006934f748" "proxy-server 97857" 0.0002 "-" 96910 0
Dec 06 22:40:56 np0005549343.novalocal object-server[96910]: ::1 - - [07/Dec/2025:03:40:56 +0000] "GET /1/261841/AUTH_9cb2db62181546998c52314d1567748c/gnocchi.f5210e58-e9f4-48de-9cab-541f57fa972a/none_v3" 404 70 "GET https://[::1]:8080/v1/AUTH_9cb2db62181546998c52314d1567748c/gnocchi.f5210e58-e9f4-48de-9cab-541f57fa972a/none_v3" "tx0f6bb8cdcd364de0ae1d3-006934f748" "proxy-server 97857" 0.0002 "-" 96910 0
Dec 06 22:40:56 np0005549343.novalocal proxy-server[97857]: ::1 ::1 07/Dec/2025/03/40/56 GET /v1/AUTH_9cb2db62181546998c52314d1567748c/gnocchi.f5210e58-e9f4-48de-9cab-541f57fa972a/none_v3 HTTP/1.0 404 - python-swiftclient-4.8.0 gAAAAABpNPckgn8e... - 70 - tx0f6bb8cdcd364de0ae1d3-006934f748 - 0.0300 - - 1765078856.598533154 1765078856.628579617 0 0c044fc9f411403aa3ab5cf8f2b14495
Dec 06 22:40:56 np0005549343.novalocal account-server[96281]: ::1 - - [07/Dec/2025:03:40:56 +0000] "PUT /2/78968/AUTH_9cb2db62181546998c52314d1567748c/gnocchi.f5210e58-e9f4-48de-9cab-541f57fa972a" 201 - "PUT http://[::1]:6001/2/260392/AUTH_9cb2db62181546998c52314d1567748c/gnocchi.f5210e58-e9f4-48de-9cab-541f57fa972a" "txdc639d3fe96b43c0b87b8-006934f748" "container-server 96576" 0.0072 "-" 96281 0
Dec 06 22:40:56 np0005549343.novalocal container-server[96576]: ::1 - - [07/Dec/2025:03:40:56 +0000] "PUT /2/260392/AUTH_9cb2db62181546998c52314d1567748c/gnocchi.f5210e58-e9f4-48de-9cab-541f57fa972a" 201 - "PUT https://[::1]:8080/v1/AUTH_9cb2db62181546998c52314d1567748c/gnocchi.f5210e58-e9f4-48de-9cab-541f57fa972a" "txdc639d3fe96b43c0b87b8-006934f748" "proxy-server 97857" 0.0349 "-" 96576 0
Dec 06 22:40:56 np0005549343.novalocal account-server[96280]: ::1 - - [07/Dec/2025:03:40:56 +0000] "PUT /3/78968/AUTH_9cb2db62181546998c52314d1567748c/gnocchi.f5210e58-e9f4-48de-9cab-541f57fa972a" 201 - "PUT http://[::1]:6001/3/260392/AUTH_9cb2db62181546998c52314d1567748c/gnocchi.f5210e58-e9f4-48de-9cab-541f57fa972a" "txdc639d3fe96b43c0b87b8-006934f748" "container-server 96575" 0.0143 "-" 96280 0
Dec 06 22:40:56 np0005549343.novalocal object-auditor[104309]: Begin object audit "forever" mode (ALL)
Dec 06 22:40:56 np0005549343.novalocal account-server[96281]: ::1 - - [07/Dec/2025:03:40:56 +0000] "PUT /1/78968/AUTH_9cb2db62181546998c52314d1567748c/gnocchi.f5210e58-e9f4-48de-9cab-541f57fa972a" 201 - "PUT http://[::1]:6001/1/260392/AUTH_9cb2db62181546998c52314d1567748c/gnocchi.f5210e58-e9f4-48de-9cab-541f57fa972a" "txdc639d3fe96b43c0b87b8-006934f748" "container-server 96575" 0.0156 "-" 96281 0
Dec 06 22:40:56 np0005549343.novalocal object-auditor[104308]: Begin object audit "forever" mode (ZBF)
Dec 06 22:40:56 np0005549343.novalocal container-server[96575]: ::1 - - [07/Dec/2025:03:40:56 +0000] "PUT /3/260392/AUTH_9cb2db62181546998c52314d1567748c/gnocchi.f5210e58-e9f4-48de-9cab-541f57fa972a" 201 - "PUT https://[::1]:8080/v1/AUTH_9cb2db62181546998c52314d1567748c/gnocchi.f5210e58-e9f4-48de-9cab-541f57fa972a" "txdc639d3fe96b43c0b87b8-006934f748" "proxy-server 97857" 0.0247 "-" 96575 0
Dec 06 22:40:56 np0005549343.novalocal container-server[96575]: ::1 - - [07/Dec/2025:03:40:56 +0000] "PUT /1/260392/AUTH_9cb2db62181546998c52314d1567748c/gnocchi.f5210e58-e9f4-48de-9cab-541f57fa972a" 201 - "PUT https://[::1]:8080/v1/AUTH_9cb2db62181546998c52314d1567748c/gnocchi.f5210e58-e9f4-48de-9cab-541f57fa972a" "txdc639d3fe96b43c0b87b8-006934f748" "proxy-server 97857" 0.0529 "-" 96575 0
Dec 06 22:40:56 np0005549343.novalocal proxy-server[97857]: ::1 ::1 07/Dec/2025/03/40/56 PUT /v1/AUTH_9cb2db62181546998c52314d1567748c/gnocchi.f5210e58-e9f4-48de-9cab-541f57fa972a HTTP/1.0 201 - python-swiftclient-4.8.0 gAAAAABpNPckgn8e... - - - txdc639d3fe96b43c0b87b8-006934f748 - 0.0641 - - 1765078856.633067608 1765078856.697181702 0 0c044fc9f411403aa3ab5cf8f2b14495
Dec 06 22:40:56 np0005549343.novalocal object-auditor[104308]: Object audit (ZBF). Since Sun Dec 7 03:40:56 2025: Locally: 1 passed, 0 quarantined, 0 errors, files/sec: 84.78, bytes/sec: 0.00, Total time: 0.01, Auditing time: 0.00, Rate: 0.00
Dec 06 22:40:56 np0005549343.novalocal container-server[96576]: ::1 - - [07/Dec/2025:03:40:56 +0000] "HEAD /1/260392/AUTH_9cb2db62181546998c52314d1567748c/gnocchi.f5210e58-e9f4-48de-9cab-541f57fa972a" 204 - "HEAD http://[::1]:8080/v1/AUTH_9cb2db62181546998c52314d1567748c/gnocchi.f5210e58-e9f4-48de-9cab-541f57fa972a" "tx8377db7b4a8243b59b839-006934f748" "proxy-server 97857" 0.0021 "-" 96576 0
Dec 06 22:40:56 np0005549343.novalocal proxy-server[97857]: - - 07/Dec/2025/03/40/56 HEAD /v1/AUTH_9cb2db62181546998c52314d1567748c/gnocchi.f5210e58-e9f4-48de-9cab-541f57fa972a HTTP/1.0 204 - Swift - - - - tx8377db7b4a8243b59b839-006934f748 - 0.0070 CS - 1765078856.703657627 1765078856.710651875 0 -
Dec 06 22:40:56 np0005549343.novalocal container-server[96575]: ::1 - - [07/Dec/2025:03:40:56 +0000] "GET /2/260392/AUTH_9cb2db62181546998c52314d1567748c/gnocchi.f5210e58-e9f4-48de-9cab-541f57fa972a" 200 2 "GET https://[::1]:8080/v1/AUTH_9cb2db62181546998c52314d1567748c/gnocchi.f5210e58-e9f4-48de-9cab-541f57fa972a?format=json&states=listing" "tx8377db7b4a8243b59b839-006934f748" "proxy-server 97857" 0.0035 "-" 96575 0
Dec 06 22:40:56 np0005549343.novalocal proxy-server[97857]: ::1 ::1 07/Dec/2025/03/40/56 GET /v1/AUTH_9cb2db62181546998c52314d1567748c/gnocchi.f5210e58-e9f4-48de-9cab-541f57fa972a%3Fformat%3Djson%26states%3Dlisting HTTP/1.0 200 - python-swiftclient-4.8.0 gAAAAABpNPckgn8e... - 2 - tx8377db7b4a8243b59b839-006934f748 - 0.0207 - - 1765078856.702616692 1765078856.723337650 0 0c044fc9f411403aa3ab5cf8f2b14495
Dec 06 22:40:56 np0005549343.novalocal object-server[96910]: ::1 - - [07/Dec/2025:03:40:56 +0000] "GET /2/106982/AUTH_9cb2db62181546998c52314d1567748c/gnocchi.f5210e58-e9f4-48de-9cab-541f57fa972a/1764720000.0_mean_300.0_v3" 404 70 "GET https://[::1]:8080/v1/AUTH_9cb2db62181546998c52314d1567748c/gnocchi.f5210e58-e9f4-48de-9cab-541f57fa972a/1764720000.0_mean_300.0_v3" "tx7e37e3f5dca64222b9170-006934f748" "proxy-server 97857" 0.0005 "-" 96910 0
Dec 06 22:40:56 np0005549343.novalocal object-server[96909]: ::1 - - [07/Dec/2025:03:40:56 +0000] "GET /1/106982/AUTH_9cb2db62181546998c52314d1567748c/gnocchi.f5210e58-e9f4-48de-9cab-541f57fa972a/1764720000.0_mean_300.0_v3" 404 70 "GET https://[::1]:8080/v1/AUTH_9cb2db62181546998c52314d1567748c/gnocchi.f5210e58-e9f4-48de-9cab-541f57fa972a/1764720000.0_mean_300.0_v3" "tx7e37e3f5dca64222b9170-006934f748" "proxy-server 97857" 0.0006 "-" 96909 0
Dec 06 22:40:56 np0005549343.novalocal object-server[96909]: ::1 - - [07/Dec/2025:03:40:56 +0000] "GET /3/106982/AUTH_9cb2db62181546998c52314d1567748c/gnocchi.f5210e58-e9f4-48de-9cab-541f57fa972a/1764720000.0_mean_300.0_v3" 404 70 "GET https://[::1]:8080/v1/AUTH_9cb2db62181546998c52314d1567748c/gnocchi.f5210e58-e9f4-48de-9cab-541f57fa972a/1764720000.0_mean_300.0_v3" "tx7e37e3f5dca64222b9170-006934f748" "proxy-server 97857" 0.0004 "-" 96909 0
Dec 06 22:40:56 np0005549343.novalocal proxy-server[97857]: ::1 ::1 07/Dec/2025/03/40/56 GET /v1/AUTH_9cb2db62181546998c52314d1567748c/gnocchi.f5210e58-e9f4-48de-9cab-541f57fa972a/1764720000.0_mean_300.0_v3 HTTP/1.0 404 - python-swiftclient-4.8.0 gAAAAABpNPckgn8e... - 70 - tx7e37e3f5dca64222b9170-006934f748 - 0.0175 - - 1765078856.729292631 1765078856.746789932 0 0c044fc9f411403aa3ab5cf8f2b14495
Dec 06 22:40:56 np0005549343.novalocal container-server[96576]: ::1 - - [07/Dec/2025:03:40:56 +0000] "PUT /3/260392/AUTH_9cb2db62181546998c52314d1567748c/gnocchi.f5210e58-e9f4-48de-9cab-541f57fa972a/1764720000.0_mean_300.0_v3" 201 - "PUT http://[::1]:8080/1/106982/AUTH_9cb2db62181546998c52314d1567748c/gnocchi.f5210e58-e9f4-48de-9cab-541f57fa972a/1764720000.0_mean_300.0_v3" "txc0a343b5772f4187975f7-006934f748" "object-server 96910" 0.0010 "-" 96576 0
Dec 06 22:40:56 np0005549343.novalocal container-server[96576]: ::1 - - [07/Dec/2025:03:40:56 +0000] "PUT /2/260392/AUTH_9cb2db62181546998c52314d1567748c/gnocchi.f5210e58-e9f4-48de-9cab-541f57fa972a/1764720000.0_mean_300.0_v3" 201 - "PUT http://[::1]:8080/3/106982/AUTH_9cb2db62181546998c52314d1567748c/gnocchi.f5210e58-e9f4-48de-9cab-541f57fa972a/1764720000.0_mean_300.0_v3" "txc0a343b5772f4187975f7-006934f748" "object-server 96910" 0.0007 "-" 96576 0
Dec 06 22:40:56 np0005549343.novalocal object-server[96910]: ::1 - - [07/Dec/2025:03:40:56 +0000] "PUT /1/106982/AUTH_9cb2db62181546998c52314d1567748c/gnocchi.f5210e58-e9f4-48de-9cab-541f57fa972a/1764720000.0_mean_300.0_v3" 201 - "PUT https://[::1]:8080/v1/AUTH_9cb2db62181546998c52314d1567748c/gnocchi.f5210e58-e9f4-48de-9cab-541f57fa972a/1764720000.0_mean_300.0_v3" "txc0a343b5772f4187975f7-006934f748" "proxy-server 97857" 0.0361 "-" 96910 0
Dec 06 22:40:56 np0005549343.novalocal container-server[96575]: ::1 - - [07/Dec/2025:03:40:56 +0000] "PUT /1/260392/AUTH_9cb2db62181546998c52314d1567748c/gnocchi.f5210e58-e9f4-48de-9cab-541f57fa972a/1764720000.0_mean_300.0_v3" 201 - "PUT http://[::1]:8080/2/106982/AUTH_9cb2db62181546998c52314d1567748c/gnocchi.f5210e58-e9f4-48de-9cab-541f57fa972a/1764720000.0_mean_300.0_v3" "txc0a343b5772f4187975f7-006934f748" "object-server 96910" 0.0008 "-" 96575 0
Dec 06 22:40:56 np0005549343.novalocal object-server[96910]: ::1 - - [07/Dec/2025:03:40:56 +0000] "PUT /3/106982/AUTH_9cb2db62181546998c52314d1567748c/gnocchi.f5210e58-e9f4-48de-9cab-541f57fa972a/1764720000.0_mean_300.0_v3" 201 - "PUT https://[::1]:8080/v1/AUTH_9cb2db62181546998c52314d1567748c/gnocchi.f5210e58-e9f4-48de-9cab-541f57fa972a/1764720000.0_mean_300.0_v3" "txc0a343b5772f4187975f7-006934f748" "proxy-server 97857" 0.0420 "-" 96910 0
Dec 06 22:40:56 np0005549343.novalocal object-server[96910]: ::1 - - [07/Dec/2025:03:40:56 +0000] "PUT /2/106982/AUTH_9cb2db62181546998c52314d1567748c/gnocchi.f5210e58-e9f4-48de-9cab-541f57fa972a/1764720000.0_mean_300.0_v3" 201 - "PUT https://[::1]:8080/v1/AUTH_9cb2db62181546998c52314d1567748c/gnocchi.f5210e58-e9f4-48de-9cab-541f57fa972a/1764720000.0_mean_300.0_v3" "txc0a343b5772f4187975f7-006934f748" "proxy-server 97857" 0.0410 "-" 96910 0
Dec 06 22:40:56 np0005549343.novalocal proxy-server[97857]: ::1 ::1 07/Dec/2025/03/40/56 PUT /v1/AUTH_9cb2db62181546998c52314d1567748c/gnocchi.f5210e58-e9f4-48de-9cab-541f57fa972a/1764720000.0_mean_300.0_v3 HTTP/1.0 201 - python-swiftclient-4.8.0 gAAAAABpNPckgn8e... 16 - - txc0a343b5772f4187975f7-006934f748 - 0.0527 - - 1765078856.750495672 1765078856.803175449 0 0c044fc9f411403aa3ab5cf8f2b14495
Dec 06 22:40:56 np0005549343.novalocal container-server[96575]: ::1 - - [07/Dec/2025:03:40:56 +0000] "PUT /2/260392/AUTH_9cb2db62181546998c52314d1567748c/gnocchi.f5210e58-e9f4-48de-9cab-541f57fa972a/none_v3" 201 - "PUT http://[::1]:8080/2/261841/AUTH_9cb2db62181546998c52314d1567748c/gnocchi.f5210e58-e9f4-48de-9cab-541f57fa972a/none_v3" "tx7f52374d811a433fb2ecc-006934f748" "object-server 96910" 0.0004 "-" 96575 0
Dec 06 22:40:56 np0005549343.novalocal object-server[96910]: ::1 - - [07/Dec/2025:03:40:56 +0000] "PUT /2/261841/AUTH_9cb2db62181546998c52314d1567748c/gnocchi.f5210e58-e9f4-48de-9cab-541f57fa972a/none_v3" 201 - "PUT https://[::1]:8080/v1/AUTH_9cb2db62181546998c52314d1567748c/gnocchi.f5210e58-e9f4-48de-9cab-541f57fa972a/none_v3" "tx7f52374d811a433fb2ecc-006934f748" "proxy-server 97857" 0.0131 "-" 96910 0
Dec 06 22:40:56 np0005549343.novalocal container-server[96576]: ::1 - - [07/Dec/2025:03:40:56 +0000] "PUT /3/260392/AUTH_9cb2db62181546998c52314d1567748c/gnocchi.f5210e58-e9f4-48de-9cab-541f57fa972a/none_v3" 201 - "PUT http://[::1]:8080/1/261841/AUTH_9cb2db62181546998c52314d1567748c/gnocchi.f5210e58-e9f4-48de-9cab-541f57fa972a/none_v3" "tx7f52374d811a433fb2ecc-006934f748" "object-server 96909" 0.0007 "-" 96576 0
Dec 06 22:40:56 np0005549343.novalocal container-server[96575]: ::1 - - [07/Dec/2025:03:40:56 +0000] "PUT /1/260392/AUTH_9cb2db62181546998c52314d1567748c/gnocchi.f5210e58-e9f4-48de-9cab-541f57fa972a/none_v3" 201 - "PUT http://[::1]:8080/3/261841/AUTH_9cb2db62181546998c52314d1567748c/gnocchi.f5210e58-e9f4-48de-9cab-541f57fa972a/none_v3" "tx7f52374d811a433fb2ecc-006934f748" "object-server 96909" 0.0004 "-" 96575 0
Dec 06 22:40:56 np0005549343.novalocal object-server[96909]: ::1 - - [07/Dec/2025:03:40:56 +0000] "PUT /1/261841/AUTH_9cb2db62181546998c52314d1567748c/gnocchi.f5210e58-e9f4-48de-9cab-541f57fa972a/none_v3" 201 - "PUT https://[::1]:8080/v1/AUTH_9cb2db62181546998c52314d1567748c/gnocchi.f5210e58-e9f4-48de-9cab-541f57fa972a/none_v3" "tx7f52374d811a433fb2ecc-006934f748" "proxy-server 97857" 0.0129 "-" 96909 0
Dec 06 22:40:56 np0005549343.novalocal object-server[96909]: ::1 - - [07/Dec/2025:03:40:56 +0000] "PUT /3/261841/AUTH_9cb2db62181546998c52314d1567748c/gnocchi.f5210e58-e9f4-48de-9cab-541f57fa972a/none_v3" 201 - "PUT https://[::1]:8080/v1/AUTH_9cb2db62181546998c52314d1567748c/gnocchi.f5210e58-e9f4-48de-9cab-541f57fa972a/none_v3" "tx7f52374d811a433fb2ecc-006934f748" "proxy-server 97857" 0.0169 "-" 96909 0
Dec 06 22:40:56 np0005549343.novalocal proxy-server[97857]: ::1 ::1 07/Dec/2025/03/40/56 PUT /v1/AUTH_9cb2db62181546998c52314d1567748c/gnocchi.f5210e58-e9f4-48de-9cab-541f57fa972a/none_v3 HTTP/1.0 201 - python-swiftclient-4.8.0 gAAAAABpNPckgn8e... 22 - - tx7f52374d811a433fb2ecc-006934f748 - 0.0295 - - 1765078856.807293415 1765078856.836764097 0 0c044fc9f411403aa3ab5cf8f2b14495
Dec 06 22:40:56 np0005549343.novalocal container-server[96576]: ::1 - - [07/Dec/2025:03:40:56 +0000] "HEAD /2/244507/AUTH_9cb2db62181546998c52314d1567748c/gnocchi.8099b8c6-4db5-497f-8d1b-427134423aae" 404 - "HEAD http://[::1]:8080/v1/AUTH_9cb2db62181546998c52314d1567748c/gnocchi.8099b8c6-4db5-497f-8d1b-427134423aae" "txd509490e41244d8c8cf55-006934f748" "proxy-server 97857" 0.0004 "-" 96576 0
Dec 06 22:40:56 np0005549343.novalocal container-server[96576]: ::1 - - [07/Dec/2025:03:40:56 +0000] "HEAD /3/244507/AUTH_9cb2db62181546998c52314d1567748c/gnocchi.8099b8c6-4db5-497f-8d1b-427134423aae" 404 - "HEAD http://[::1]:8080/v1/AUTH_9cb2db62181546998c52314d1567748c/gnocchi.8099b8c6-4db5-497f-8d1b-427134423aae" "txd509490e41244d8c8cf55-006934f748" "proxy-server 97857" 0.0004 "-" 96576 0
Dec 06 22:40:56 np0005549343.novalocal container-server[96576]: ::1 - - [07/Dec/2025:03:40:56 +0000] "HEAD /1/244507/AUTH_9cb2db62181546998c52314d1567748c/gnocchi.8099b8c6-4db5-497f-8d1b-427134423aae" 404 - "HEAD http://[::1]:8080/v1/AUTH_9cb2db62181546998c52314d1567748c/gnocchi.8099b8c6-4db5-497f-8d1b-427134423aae" "txd509490e41244d8c8cf55-006934f748" "proxy-server 97857" 0.0003 "-" 96576 0
Dec 06 22:40:56 np0005549343.novalocal proxy-server[97857]: - - 07/Dec/2025/03/40/56 HEAD /v1/AUTH_9cb2db62181546998c52314d1567748c/gnocchi.8099b8c6-4db5-497f-8d1b-427134423aae HTTP/1.0 404 - Swift - - - - txd509490e41244d8c8cf55-006934f748 - 0.0111 CS - 1765078856.850225687 1765078856.861276865 0 -
Dec 06 22:40:56 np0005549343.novalocal object-server[96909]: ::1 - - [07/Dec/2025:03:40:56 +0000] "GET /3/231724/AUTH_9cb2db62181546998c52314d1567748c/gnocchi.8099b8c6-4db5-497f-8d1b-427134423aae/none_v3" 404 70 "GET https://[::1]:8080/v1/AUTH_9cb2db62181546998c52314d1567748c/gnocchi.8099b8c6-4db5-497f-8d1b-427134423aae/none_v3" "txd509490e41244d8c8cf55-006934f748" "proxy-server 97857" 0.0005 "-" 96909 0
Dec 06 22:40:56 np0005549343.novalocal object-server[96910]: ::1 - - [07/Dec/2025:03:40:56 +0000] "GET /2/231724/AUTH_9cb2db62181546998c52314d1567748c/gnocchi.8099b8c6-4db5-497f-8d1b-427134423aae/none_v3" 404 70 "GET https://[::1]:8080/v1/AUTH_9cb2db62181546998c52314d1567748c/gnocchi.8099b8c6-4db5-497f-8d1b-427134423aae/none_v3" "txd509490e41244d8c8cf55-006934f748" "proxy-server 97857" 0.0006 "-" 96910 0
Dec 06 22:40:56 np0005549343.novalocal object-server[96909]: ::1 - - [07/Dec/2025:03:40:56 +0000] "GET /1/231724/AUTH_9cb2db62181546998c52314d1567748c/gnocchi.8099b8c6-4db5-497f-8d1b-427134423aae/none_v3" 404 70 "GET https://[::1]:8080/v1/AUTH_9cb2db62181546998c52314d1567748c/gnocchi.8099b8c6-4db5-497f-8d1b-427134423aae/none_v3" "txd509490e41244d8c8cf55-006934f748" "proxy-server 97857" 0.0004 "-" 96909 0
Dec 06 22:40:56 np0005549343.novalocal proxy-server[97857]: ::1 ::1 07/Dec/2025/03/40/56 GET /v1/AUTH_9cb2db62181546998c52314d1567748c/gnocchi.8099b8c6-4db5-497f-8d1b-427134423aae/none_v3 HTTP/1.0 404 - python-swiftclient-4.8.0 gAAAAABpNPckgn8e... - 70 - txd509490e41244d8c8cf55-006934f748 - 0.0282 - - 1765078856.849225998 1765078856.877437353 0 0c044fc9f411403aa3ab5cf8f2b14495
Dec 06 22:40:56 np0005549343.novalocal account-server[96280]: ::1 - - [07/Dec/2025:03:40:56 +0000] "PUT /1/78968/AUTH_9cb2db62181546998c52314d1567748c/gnocchi.8099b8c6-4db5-497f-8d1b-427134423aae" 201 - "PUT http://[::1]:6001/1/244507/AUTH_9cb2db62181546998c52314d1567748c/gnocchi.8099b8c6-4db5-497f-8d1b-427134423aae" "txcc1a1839844b427f98bbd-006934f748" "container-server 96576" 0.0069 "-" 96280 0
Dec 06 22:40:56 np0005549343.novalocal container-server[96576]: ::1 - - [07/Dec/2025:03:40:56 +0000] "PUT /1/244507/AUTH_9cb2db62181546998c52314d1567748c/gnocchi.8099b8c6-4db5-497f-8d1b-427134423aae" 201 - "PUT https://[::1]:8080/v1/AUTH_9cb2db62181546998c52314d1567748c/gnocchi.8099b8c6-4db5-497f-8d1b-427134423aae" "txcc1a1839844b427f98bbd-006934f748" "proxy-server 97857" 0.0371 "-" 96576 0
Dec 06 22:40:56 np0005549343.novalocal account-server[96280]: ::1 - - [07/Dec/2025:03:40:56 +0000] "PUT /2/78968/AUTH_9cb2db62181546998c52314d1567748c/gnocchi.8099b8c6-4db5-497f-8d1b-427134423aae" 201 - "PUT http://[::1]:6001/3/244507/AUTH_9cb2db62181546998c52314d1567748c/gnocchi.8099b8c6-4db5-497f-8d1b-427134423aae" "txcc1a1839844b427f98bbd-006934f748" "container-server 96576" 0.0055 "-" 96280 0
Dec 06 22:40:56 np0005549343.novalocal account-server[96281]: ::1 - - [07/Dec/2025:03:40:56 +0000] "PUT /3/78968/AUTH_9cb2db62181546998c52314d1567748c/gnocchi.8099b8c6-4db5-497f-8d1b-427134423aae" 201 - "PUT http://[::1]:6001/2/244507/AUTH_9cb2db62181546998c52314d1567748c/gnocchi.8099b8c6-4db5-497f-8d1b-427134423aae" "txcc1a1839844b427f98bbd-006934f748" "container-server 96576" 0.0057 "-" 96281 0
Dec 06 22:40:56 np0005549343.novalocal container-server[96576]: ::1 - - [07/Dec/2025:03:40:56 +0000] "PUT /3/244507/AUTH_9cb2db62181546998c52314d1567748c/gnocchi.8099b8c6-4db5-497f-8d1b-427134423aae" 201 - "PUT https://[::1]:8080/v1/AUTH_9cb2db62181546998c52314d1567748c/gnocchi.8099b8c6-4db5-497f-8d1b-427134423aae" "txcc1a1839844b427f98bbd-006934f748" "proxy-server 97857" 0.0201 "-" 96576 0
Dec 06 22:40:56 np0005549343.novalocal container-server[96576]: ::1 - - [07/Dec/2025:03:40:56 +0000] "PUT /2/244507/AUTH_9cb2db62181546998c52314d1567748c/gnocchi.8099b8c6-4db5-497f-8d1b-427134423aae" 201 - "PUT https://[::1]:8080/v1/AUTH_9cb2db62181546998c52314d1567748c/gnocchi.8099b8c6-4db5-497f-8d1b-427134423aae" "txcc1a1839844b427f98bbd-006934f748" "proxy-server 97857" 0.0338 "-" 96576 0
Dec 06 22:40:56 np0005549343.novalocal proxy-server[97857]: ::1 ::1 07/Dec/2025/03/40/56 PUT /v1/AUTH_9cb2db62181546998c52314d1567748c/gnocchi.8099b8c6-4db5-497f-8d1b-427134423aae HTTP/1.0 201 - python-swiftclient-4.8.0 gAAAAABpNPckgn8e... - - - txcc1a1839844b427f98bbd-006934f748 - 0.0556 - - 1765078856.880410671 1765078856.936027050 0 0c044fc9f411403aa3ab5cf8f2b14495
Dec 06 22:40:56 np0005549343.novalocal container-server[96575]: ::1 - - [07/Dec/2025:03:40:56 +0000] "HEAD /2/244507/AUTH_9cb2db62181546998c52314d1567748c/gnocchi.8099b8c6-4db5-497f-8d1b-427134423aae" 204 - "HEAD http://[::1]:8080/v1/AUTH_9cb2db62181546998c52314d1567748c/gnocchi.8099b8c6-4db5-497f-8d1b-427134423aae" "tx104f21ca0bd5442ba0710-006934f748" "proxy-server 97857" 0.0023 "-" 96575 0
Dec 06 22:40:56 np0005549343.novalocal proxy-server[97857]: - - 07/Dec/2025/03/40/56 HEAD /v1/AUTH_9cb2db62181546998c52314d1567748c/gnocchi.8099b8c6-4db5-497f-8d1b-427134423aae HTTP/1.0 204 - Swift - - - - tx104f21ca0bd5442ba0710-006934f748 - 0.0091 CS - 1765078856.941861868 1765078856.950986385 0 -
Dec 06 22:40:56 np0005549343.novalocal container-server[96576]: ::1 - - [07/Dec/2025:03:40:56 +0000] "GET /2/244507/AUTH_9cb2db62181546998c52314d1567748c/gnocchi.8099b8c6-4db5-497f-8d1b-427134423aae" 200 2 "GET https://[::1]:8080/v1/AUTH_9cb2db62181546998c52314d1567748c/gnocchi.8099b8c6-4db5-497f-8d1b-427134423aae?format=json&states=listing" "tx104f21ca0bd5442ba0710-006934f748" "proxy-server 97857" 0.0038 "-" 96576 0
Dec 06 22:40:56 np0005549343.novalocal proxy-server[97857]: ::1 ::1 07/Dec/2025/03/40/56 GET /v1/AUTH_9cb2db62181546998c52314d1567748c/gnocchi.8099b8c6-4db5-497f-8d1b-427134423aae%3Fformat%3Djson%26states%3Dlisting HTTP/1.0 200 - python-swiftclient-4.8.0 gAAAAABpNPckgn8e... - 2 - tx104f21ca0bd5442ba0710-006934f748 - 0.0257 - - 1765078856.940541744 1765078856.966246605 0 0c044fc9f411403aa3ab5cf8f2b14495
Dec 06 22:40:56 np0005549343.novalocal object-server[96910]: ::1 - - [07/Dec/2025:03:40:56 +0000] "GET /3/188909/AUTH_9cb2db62181546998c52314d1567748c/gnocchi.8099b8c6-4db5-497f-8d1b-427134423aae/1764720000.0_mean_300.0_v3" 404 70 "GET https://[::1]:8080/v1/AUTH_9cb2db62181546998c52314d1567748c/gnocchi.8099b8c6-4db5-497f-8d1b-427134423aae/1764720000.0_mean_300.0_v3" "txff5f0a2184764b5ca0e7c-006934f748" "proxy-server 97857" 0.0007 "-" 96910 0
Dec 06 22:40:56 np0005549343.novalocal object-server[96909]: ::1 - - [07/Dec/2025:03:40:56 +0000] "GET /2/188909/AUTH_9cb2db62181546998c52314d1567748c/gnocchi.8099b8c6-4db5-497f-8d1b-427134423aae/1764720000.0_mean_300.0_v3" 404 70 "GET https://[::1]:8080/v1/AUTH_9cb2db62181546998c52314d1567748c/gnocchi.8099b8c6-4db5-497f-8d1b-427134423aae/1764720000.0_mean_300.0_v3" "txff5f0a2184764b5ca0e7c-006934f748" "proxy-server 97857" 0.0005 "-" 96909 0
Dec 06 22:40:56 np0005549343.novalocal object-server[96910]: ::1 - - [07/Dec/2025:03:40:56 +0000] "GET /1/188909/AUTH_9cb2db62181546998c52314d1567748c/gnocchi.8099b8c6-4db5-497f-8d1b-427134423aae/1764720000.0_mean_300.0_v3" 404 70 "GET https://[::1]:8080/v1/AUTH_9cb2db62181546998c52314d1567748c/gnocchi.8099b8c6-4db5-497f-8d1b-427134423aae/1764720000.0_mean_300.0_v3" "txff5f0a2184764b5ca0e7c-006934f748" "proxy-server 97857" 0.0004 "-" 96910 0
Dec 06 22:40:56 np0005549343.novalocal proxy-server[97857]: ::1 ::1 07/Dec/2025/03/40/56 GET /v1/AUTH_9cb2db62181546998c52314d1567748c/gnocchi.8099b8c6-4db5-497f-8d1b-427134423aae/1764720000.0_mean_300.0_v3 HTTP/1.0 404 - python-swiftclient-4.8.0 gAAAAABpNPckgn8e... - 70 - txff5f0a2184764b5ca0e7c-006934f748 - 0.0222 - - 1765078856.970021963 1765078856.992230892 0 0c044fc9f411403aa3ab5cf8f2b14495
Dec 06 22:40:57 np0005549343.novalocal container-server[96575]: ::1 - - [07/Dec/2025:03:40:57 +0000] "PUT /1/244507/AUTH_9cb2db62181546998c52314d1567748c/gnocchi.8099b8c6-4db5-497f-8d1b-427134423aae/1764720000.0_mean_300.0_v3" 201 - "PUT http://[::1]:8080/3/188909/AUTH_9cb2db62181546998c52314d1567748c/gnocchi.8099b8c6-4db5-497f-8d1b-427134423aae/1764720000.0_mean_300.0_v3" "tx866ecd5aca26471f95f94-006934f748" "object-server 96910" 0.0010 "-" 96575 0
Dec 06 22:40:57 np0005549343.novalocal object-server[96910]: ::1 - - [07/Dec/2025:03:40:57 +0000] "PUT /3/188909/AUTH_9cb2db62181546998c52314d1567748c/gnocchi.8099b8c6-4db5-497f-8d1b-427134423aae/1764720000.0_mean_300.0_v3" 201 - "PUT https://[::1]:8080/v1/AUTH_9cb2db62181546998c52314d1567748c/gnocchi.8099b8c6-4db5-497f-8d1b-427134423aae/1764720000.0_mean_300.0_v3" "tx866ecd5aca26471f95f94-006934f748" "proxy-server 97857" 0.0164 "-" 96910 0
Dec 06 22:40:57 np0005549343.novalocal container-server[96576]: ::1 - - [07/Dec/2025:03:40:57 +0000] "PUT /2/244507/AUTH_9cb2db62181546998c52314d1567748c/gnocchi.8099b8c6-4db5-497f-8d1b-427134423aae/1764720000.0_mean_300.0_v3" 201 - "PUT http://[::1]:8080/1/188909/AUTH_9cb2db62181546998c52314d1567748c/gnocchi.8099b8c6-4db5-497f-8d1b-427134423aae/1764720000.0_mean_300.0_v3" "tx866ecd5aca26471f95f94-006934f748" "object-server 96909" 0.0018 "-" 96576 0
Dec 06 22:40:57 np0005549343.novalocal container-server[96575]: ::1 - - [07/Dec/2025:03:40:57 +0000] "PUT /3/244507/AUTH_9cb2db62181546998c52314d1567748c/gnocchi.8099b8c6-4db5-497f-8d1b-427134423aae/1764720000.0_mean_300.0_v3" 201 - "PUT http://[::1]:8080/2/188909/AUTH_9cb2db62181546998c52314d1567748c/gnocchi.8099b8c6-4db5-497f-8d1b-427134423aae/1764720000.0_mean_300.0_v3" "tx866ecd5aca26471f95f94-006934f748" "object-server 96909" 0.0007 "-" 96575 0
Dec 06 22:40:57 np0005549343.novalocal object-server[96909]: ::1 - - [07/Dec/2025:03:40:57 +0000] "PUT /1/188909/AUTH_9cb2db62181546998c52314d1567748c/gnocchi.8099b8c6-4db5-497f-8d1b-427134423aae/1764720000.0_mean_300.0_v3" 201 - "PUT https://[::1]:8080/v1/AUTH_9cb2db62181546998c52314d1567748c/gnocchi.8099b8c6-4db5-497f-8d1b-427134423aae/1764720000.0_mean_300.0_v3" "tx866ecd5aca26471f95f94-006934f748" "proxy-server 97857" 0.0184 "-" 96909 0
Dec 06 22:40:57 np0005549343.novalocal object-server[96909]: ::1 - - [07/Dec/2025:03:40:57 +0000] "PUT /2/188909/AUTH_9cb2db62181546998c52314d1567748c/gnocchi.8099b8c6-4db5-497f-8d1b-427134423aae/1764720000.0_mean_300.0_v3" 201 - "PUT https://[::1]:8080/v1/AUTH_9cb2db62181546998c52314d1567748c/gnocchi.8099b8c6-4db5-497f-8d1b-427134423aae/1764720000.0_mean_300.0_v3" "tx866ecd5aca26471f95f94-006934f748" "proxy-server 97857" 0.0171 "-" 96909 0
Dec 06 22:40:57 np0005549343.novalocal proxy-server[97857]: ::1 ::1 07/Dec/2025/03/40/57 PUT /v1/AUTH_9cb2db62181546998c52314d1567748c/gnocchi.8099b8c6-4db5-497f-8d1b-427134423aae/1764720000.0_mean_300.0_v3 HTTP/1.0 201 - python-swiftclient-4.8.0 gAAAAABpNPckgn8e... 16 - - tx866ecd5aca26471f95f94-006934f748 - 0.0323 - - 1765078856.995413065 1765078857.027722359 0 0c044fc9f411403aa3ab5cf8f2b14495
Dec 06 22:40:57 np0005549343.novalocal container-server[96576]: ::1 - - [07/Dec/2025:03:40:57 +0000] "PUT /3/244507/AUTH_9cb2db62181546998c52314d1567748c/gnocchi.8099b8c6-4db5-497f-8d1b-427134423aae/none_v3" 201 - "PUT http://[::1]:8080/3/231724/AUTH_9cb2db62181546998c52314d1567748c/gnocchi.8099b8c6-4db5-497f-8d1b-427134423aae/none_v3" "tx618f8cfcac31419194f0d-006934f749" "object-server 96910" 0.0008 "-" 96576 0
Dec 06 22:40:57 np0005549343.novalocal object-server[96910]: ::1 - - [07/Dec/2025:03:40:57 +0000] "PUT /3/231724/AUTH_9cb2db62181546998c52314d1567748c/gnocchi.8099b8c6-4db5-497f-8d1b-427134423aae/none_v3" 201 - "PUT https://[::1]:8080/v1/AUTH_9cb2db62181546998c52314d1567748c/gnocchi.8099b8c6-4db5-497f-8d1b-427134423aae/none_v3" "tx618f8cfcac31419194f0d-006934f749" "proxy-server 97857" 0.0142 "-" 96910 0
Dec 06 22:40:57 np0005549343.novalocal haproxy-metadata-proxy-20246861-fd77-476b-b351-2eb2a649ef34[103164]: ::ffff:10.100.0.9:49808 [06/Dec/2025:22:40:56.027] listener listener/metadata 0/0/0/1028/1028 200 152 - - ---- 1/1/0/0/0 0/0 "GET /2009-04-04/meta-data/public-hostname HTTP/1.1"
Dec 06 22:40:57 np0005549343.novalocal container-server[96575]: ::1 - - [07/Dec/2025:03:40:57 +0000] "PUT /1/244507/AUTH_9cb2db62181546998c52314d1567748c/gnocchi.8099b8c6-4db5-497f-8d1b-427134423aae/none_v3" 201 - "PUT http://[::1]:8080/2/231724/AUTH_9cb2db62181546998c52314d1567748c/gnocchi.8099b8c6-4db5-497f-8d1b-427134423aae/none_v3" "tx618f8cfcac31419194f0d-006934f749" "object-server 96909" 0.0008 "-" 96575 0
Dec 06 22:40:57 np0005549343.novalocal container-server[96576]: ::1 - - [07/Dec/2025:03:40:57 +0000] "PUT /2/244507/AUTH_9cb2db62181546998c52314d1567748c/gnocchi.8099b8c6-4db5-497f-8d1b-427134423aae/none_v3" 201 - "PUT http://[::1]:8080/1/231724/AUTH_9cb2db62181546998c52314d1567748c/gnocchi.8099b8c6-4db5-497f-8d1b-427134423aae/none_v3" "tx618f8cfcac31419194f0d-006934f749" "object-server 96909" 0.0010 "-" 96576 0
Dec 06 22:40:57 np0005549343.novalocal object-server[96909]: ::1 - - [07/Dec/2025:03:40:57 +0000] "PUT /2/231724/AUTH_9cb2db62181546998c52314d1567748c/gnocchi.8099b8c6-4db5-497f-8d1b-427134423aae/none_v3" 201 - "PUT https://[::1]:8080/v1/AUTH_9cb2db62181546998c52314d1567748c/gnocchi.8099b8c6-4db5-497f-8d1b-427134423aae/none_v3" "tx618f8cfcac31419194f0d-006934f749" "proxy-server 97857" 0.0206 "-" 96909 0
Dec 06 22:40:57 np0005549343.novalocal object-server[96909]: ::1 - - [07/Dec/2025:03:40:57 +0000] "PUT /1/231724/AUTH_9cb2db62181546998c52314d1567748c/gnocchi.8099b8c6-4db5-497f-8d1b-427134423aae/none_v3" 201 - "PUT https://[::1]:8080/v1/AUTH_9cb2db62181546998c52314d1567748c/gnocchi.8099b8c6-4db5-497f-8d1b-427134423aae/none_v3" "tx618f8cfcac31419194f0d-006934f749" "proxy-server 97857" 0.0254 "-" 96909 0
Dec 06 22:40:57 np0005549343.novalocal proxy-server[97857]: ::1 ::1 07/Dec/2025/03/40/57 PUT /v1/AUTH_9cb2db62181546998c52314d1567748c/gnocchi.8099b8c6-4db5-497f-8d1b-427134423aae/none_v3 HTTP/1.0 201 - python-swiftclient-4.8.0 gAAAAABpNPckgn8e... 22 - - tx618f8cfcac31419194f0d-006934f749 - 0.0374 - - 1765078857.031364202 1765078857.068798065 0 0c044fc9f411403aa3ab5cf8f2b14495
Dec 06 22:40:57 np0005549343.novalocal haproxy-metadata-proxy-2af58657-767d-42db-a7ed-796d65cdf85a[103897]: ::ffff:10.100.0.11:55844 [06/Dec/2025:22:40:56.041] listener listener/metadata 0/0/0/1030/1030 200 98 - - ---- 1/1/0/0/0 0/0 "GET /2009-04-04/meta-data/public-ipv4 HTTP/1.1"
Dec 06 22:40:57 np0005549343.novalocal container-server[96576]: ::1 - - [07/Dec/2025:03:40:57 +0000] "HEAD /3/241683/AUTH_9cb2db62181546998c52314d1567748c/gnocchi.21873fbf-104d-4a13-8f8f-c82943eebfb7" 404 - "HEAD http://[::1]:8080/v1/AUTH_9cb2db62181546998c52314d1567748c/gnocchi.21873fbf-104d-4a13-8f8f-c82943eebfb7" "txee40fead9b194616b46b0-006934f749" "proxy-server 97857" 0.0005 "-" 96576 0
Dec 06 22:40:57 np0005549343.novalocal container-server[96576]: ::1 - - [07/Dec/2025:03:40:57 +0000] "HEAD /1/241683/AUTH_9cb2db62181546998c52314d1567748c/gnocchi.21873fbf-104d-4a13-8f8f-c82943eebfb7" 404 - "HEAD http://[::1]:8080/v1/AUTH_9cb2db62181546998c52314d1567748c/gnocchi.21873fbf-104d-4a13-8f8f-c82943eebfb7" "txee40fead9b194616b46b0-006934f749" "proxy-server 97857" 0.0004 "-" 96576 0
Dec 06 22:40:57 np0005549343.novalocal container-server[96576]: ::1 - - [07/Dec/2025:03:40:57 +0000] "HEAD /2/241683/AUTH_9cb2db62181546998c52314d1567748c/gnocchi.21873fbf-104d-4a13-8f8f-c82943eebfb7" 404 - "HEAD http://[::1]:8080/v1/AUTH_9cb2db62181546998c52314d1567748c/gnocchi.21873fbf-104d-4a13-8f8f-c82943eebfb7" "txee40fead9b194616b46b0-006934f749" "proxy-server 97857" 0.0003 "-" 96576 0
Dec 06 22:40:57 np0005549343.novalocal proxy-server[97857]: - - 07/Dec/2025/03/40/57 HEAD /v1/AUTH_9cb2db62181546998c52314d1567748c/gnocchi.21873fbf-104d-4a13-8f8f-c82943eebfb7 HTTP/1.0 404 - Swift - - - - txee40fead9b194616b46b0-006934f749 - 0.0111 CS - 1765078857.089234829 1765078857.100360155 0 -
Dec 06 22:40:57 np0005549343.novalocal object-server[96909]: ::1 - - [07/Dec/2025:03:40:57 +0000] "GET /2/236764/AUTH_9cb2db62181546998c52314d1567748c/gnocchi.21873fbf-104d-4a13-8f8f-c82943eebfb7/none_v3" 404 70 "GET https://[::1]:8080/v1/AUTH_9cb2db62181546998c52314d1567748c/gnocchi.21873fbf-104d-4a13-8f8f-c82943eebfb7/none_v3" "txee40fead9b194616b46b0-006934f749" "proxy-server 97857" 0.0007 "-" 96909 0
Dec 06 22:40:57 np0005549343.novalocal object-server[96909]: ::1 - - [07/Dec/2025:03:40:57 +0000] "GET /3/236764/AUTH_9cb2db62181546998c52314d1567748c/gnocchi.21873fbf-104d-4a13-8f8f-c82943eebfb7/none_v3" 404 70 "GET https://[::1]:8080/v1/AUTH_9cb2db62181546998c52314d1567748c/gnocchi.21873fbf-104d-4a13-8f8f-c82943eebfb7/none_v3" "txee40fead9b194616b46b0-006934f749" "proxy-server 97857" 0.0002 "-" 96909 0
Dec 06 22:40:57 np0005549343.novalocal object-server[96909]: ::1 - - [07/Dec/2025:03:40:57 +0000] "GET /1/236764/AUTH_9cb2db62181546998c52314d1567748c/gnocchi.21873fbf-104d-4a13-8f8f-c82943eebfb7/none_v3" 404 70 "GET https://[::1]:8080/v1/AUTH_9cb2db62181546998c52314d1567748c/gnocchi.21873fbf-104d-4a13-8f8f-c82943eebfb7/none_v3" "txee40fead9b194616b46b0-006934f749" "proxy-server 97857" 0.0003 "-" 96909 0
Dec 06 22:40:57 np0005549343.novalocal proxy-server[97857]: ::1 ::1 07/Dec/2025/03/40/57 GET /v1/AUTH_9cb2db62181546998c52314d1567748c/gnocchi.21873fbf-104d-4a13-8f8f-c82943eebfb7/none_v3 HTTP/1.0 404 - python-swiftclient-4.8.0 gAAAAABpNPckgn8e... - 70 - txee40fead9b194616b46b0-006934f749 - 0.0292 - - 1765078857.088038683 1765078857.117214680 0 0c044fc9f411403aa3ab5cf8f2b14495
Dec 06 22:40:57 np0005549343.novalocal account-server[96281]: ::1 - - [07/Dec/2025:03:40:57 +0000] "PUT /2/78968/AUTH_9cb2db62181546998c52314d1567748c/gnocchi.21873fbf-104d-4a13-8f8f-c82943eebfb7" 201 - "PUT http://[::1]:6001/3/241683/AUTH_9cb2db62181546998c52314d1567748c/gnocchi.21873fbf-104d-4a13-8f8f-c82943eebfb7" "tx01dc9b09311c4fc5af298-006934f749" "container-server 96576" 0.0036 "-" 96281 0
Dec 06 22:40:57 np0005549343.novalocal container-server[96576]: ::1 - - [07/Dec/2025:03:40:57 +0000] "PUT /3/241683/AUTH_9cb2db62181546998c52314d1567748c/gnocchi.21873fbf-104d-4a13-8f8f-c82943eebfb7" 201 - "PUT https://[::1]:8080/v1/AUTH_9cb2db62181546998c52314d1567748c/gnocchi.21873fbf-104d-4a13-8f8f-c82943eebfb7" "tx01dc9b09311c4fc5af298-006934f749" "proxy-server 97857" 0.0137 "-" 96576 0
Dec 06 22:40:57 np0005549343.novalocal account-server[96281]: ::1 - - [07/Dec/2025:03:40:57 +0000] "PUT /1/78968/AUTH_9cb2db62181546998c52314d1567748c/gnocchi.21873fbf-104d-4a13-8f8f-c82943eebfb7" 201 - "PUT http://[::1]:6001/1/241683/AUTH_9cb2db62181546998c52314d1567748c/gnocchi.21873fbf-104d-4a13-8f8f-c82943eebfb7" "tx01dc9b09311c4fc5af298-006934f749" "container-server 96575" 0.0037 "-" 96281 0
Dec 06 22:40:57 np0005549343.novalocal container-server[96575]: ::1 - - [07/Dec/2025:03:40:57 +0000] "PUT /1/241683/AUTH_9cb2db62181546998c52314d1567748c/gnocchi.21873fbf-104d-4a13-8f8f-c82943eebfb7" 201 - "PUT https://[::1]:8080/v1/AUTH_9cb2db62181546998c52314d1567748c/gnocchi.21873fbf-104d-4a13-8f8f-c82943eebfb7" "tx01dc9b09311c4fc5af298-006934f749" "proxy-server 97857" 0.0238 "-" 96575 0
Dec 06 22:40:57 np0005549343.novalocal account-server[96280]: ::1 - - [07/Dec/2025:03:40:57 +0000] "PUT /3/78968/AUTH_9cb2db62181546998c52314d1567748c/gnocchi.21873fbf-104d-4a13-8f8f-c82943eebfb7" 201 - "PUT http://[::1]:6001/2/241683/AUTH_9cb2db62181546998c52314d1567748c/gnocchi.21873fbf-104d-4a13-8f8f-c82943eebfb7" "tx01dc9b09311c4fc5af298-006934f749" "container-server 96575" 0.0042 "-" 96280 0
Dec 06 22:40:57 np0005549343.novalocal container-server[96575]: ::1 - - [07/Dec/2025:03:40:57 +0000] "PUT /2/241683/AUTH_9cb2db62181546998c52314d1567748c/gnocchi.21873fbf-104d-4a13-8f8f-c82943eebfb7" 201 - "PUT https://[::1]:8080/v1/AUTH_9cb2db62181546998c52314d1567748c/gnocchi.21873fbf-104d-4a13-8f8f-c82943eebfb7" "tx01dc9b09311c4fc5af298-006934f749" "proxy-server 97857" 0.0439 "-" 96575 0
Dec 06 22:40:57 np0005549343.novalocal proxy-server[97857]: ::1 ::1 07/Dec/2025/03/40/57 PUT /v1/AUTH_9cb2db62181546998c52314d1567748c/gnocchi.21873fbf-104d-4a13-8f8f-c82943eebfb7 HTTP/1.0 201 - python-swiftclient-4.8.0 gAAAAABpNPckgn8e... - - - tx01dc9b09311c4fc5af298-006934f749 - 0.0680 - - 1765078857.121688366 1765078857.189712048 0 0c044fc9f411403aa3ab5cf8f2b14495
Dec 06 22:40:57 np0005549343.novalocal container-server[96575]: ::1 - - [07/Dec/2025:03:40:57 +0000] "HEAD /2/241683/AUTH_9cb2db62181546998c52314d1567748c/gnocchi.21873fbf-104d-4a13-8f8f-c82943eebfb7" 204 - "HEAD http://[::1]:8080/v1/AUTH_9cb2db62181546998c52314d1567748c/gnocchi.21873fbf-104d-4a13-8f8f-c82943eebfb7" "tx2f30d952f6d4462a93a6c-006934f749" "proxy-server 97857" 0.0016 "-" 96575 0
Dec 06 22:40:57 np0005549343.novalocal proxy-server[97857]: - - 07/Dec/2025/03/40/57 HEAD /v1/AUTH_9cb2db62181546998c52314d1567748c/gnocchi.21873fbf-104d-4a13-8f8f-c82943eebfb7 HTTP/1.0 204 - Swift - - - - tx2f30d952f6d4462a93a6c-006934f749 - 0.0049 CS - 1765078857.193703651 1765078857.198601723 0 -
Dec 06 22:40:57 np0005549343.novalocal container-server[96575]: ::1 - - [07/Dec/2025:03:40:57 +0000] "GET /2/241683/AUTH_9cb2db62181546998c52314d1567748c/gnocchi.21873fbf-104d-4a13-8f8f-c82943eebfb7" 200 2 "GET https://[::1]:8080/v1/AUTH_9cb2db62181546998c52314d1567748c/gnocchi.21873fbf-104d-4a13-8f8f-c82943eebfb7?format=json&states=listing" "tx2f30d952f6d4462a93a6c-006934f749" "proxy-server 97857" 0.0020 "-" 96575 0
Dec 06 22:40:57 np0005549343.novalocal proxy-server[97857]: ::1 ::1 07/Dec/2025/03/40/57 GET /v1/AUTH_9cb2db62181546998c52314d1567748c/gnocchi.21873fbf-104d-4a13-8f8f-c82943eebfb7%3Fformat%3Djson%26states%3Dlisting HTTP/1.0 200 - python-swiftclient-4.8.0 gAAAAABpNPckgn8e... - 2 - tx2f30d952f6d4462a93a6c-006934f749 - 0.0144 - - 1765078857.193024397 1765078857.207390308 0 0c044fc9f411403aa3ab5cf8f2b14495
Dec 06 22:40:57 np0005549343.novalocal object-server[96909]: ::1 - - [07/Dec/2025:03:40:57 +0000] "GET /1/131330/AUTH_9cb2db62181546998c52314d1567748c/gnocchi.21873fbf-104d-4a13-8f8f-c82943eebfb7/1764720000.0_mean_300.0_v3" 404 70 "GET https://[::1]:8080/v1/AUTH_9cb2db62181546998c52314d1567748c/gnocchi.21873fbf-104d-4a13-8f8f-c82943eebfb7/1764720000.0_mean_300.0_v3" "tx9da083e5baa140aa99e53-006934f749" "proxy-server 97857" 0.0003 "-" 96909 0
Dec 06 22:40:57 np0005549343.novalocal object-server[96909]: ::1 - - [07/Dec/2025:03:40:57 +0000] "GET /2/131330/AUTH_9cb2db62181546998c52314d1567748c/gnocchi.21873fbf-104d-4a13-8f8f-c82943eebfb7/1764720000.0_mean_300.0_v3" 404 70 "GET https://[::1]:8080/v1/AUTH_9cb2db62181546998c52314d1567748c/gnocchi.21873fbf-104d-4a13-8f8f-c82943eebfb7/1764720000.0_mean_300.0_v3" "tx9da083e5baa140aa99e53-006934f749" "proxy-server 97857" 0.0002 "-" 96909 0
Dec 06 22:40:57 np0005549343.novalocal object-server[96910]: ::1 - - [07/Dec/2025:03:40:57 +0000] "GET /3/131330/AUTH_9cb2db62181546998c52314d1567748c/gnocchi.21873fbf-104d-4a13-8f8f-c82943eebfb7/1764720000.0_mean_300.0_v3" 404 70 "GET https://[::1]:8080/v1/AUTH_9cb2db62181546998c52314d1567748c/gnocchi.21873fbf-104d-4a13-8f8f-c82943eebfb7/1764720000.0_mean_300.0_v3" "tx9da083e5baa140aa99e53-006934f749" "proxy-server 97857" 0.0003 "-" 96910 0
Dec 06 22:40:57 np0005549343.novalocal proxy-server[97857]: ::1 ::1 07/Dec/2025/03/40/57 GET /v1/AUTH_9cb2db62181546998c52314d1567748c/gnocchi.21873fbf-104d-4a13-8f8f-c82943eebfb7/1764720000.0_mean_300.0_v3 HTTP/1.0 404 - python-swiftclient-4.8.0 gAAAAABpNPckgn8e... - 70 - tx9da083e5baa140aa99e53-006934f749 - 0.0109 - - 1765078857.210009813 1765078857.220912457 0 0c044fc9f411403aa3ab5cf8f2b14495
Dec 06 22:40:57 np0005549343.novalocal container-server[96576]: ::1 - - [07/Dec/2025:03:40:57 +0000] "PUT /2/241683/AUTH_9cb2db62181546998c52314d1567748c/gnocchi.21873fbf-104d-4a13-8f8f-c82943eebfb7/1764720000.0_mean_300.0_v3" 201 - "PUT http://[::1]:8080/3/131330/AUTH_9cb2db62181546998c52314d1567748c/gnocchi.21873fbf-104d-4a13-8f8f-c82943eebfb7/1764720000.0_mean_300.0_v3" "tx0032d4549fce4702bac51-006934f749" "object-server 96910" 0.0009 "-" 96576 0
Dec 06 22:40:57 np0005549343.novalocal object-server[96910]: ::1 - - [07/Dec/2025:03:40:57 +0000] "PUT /3/131330/AUTH_9cb2db62181546998c52314d1567748c/gnocchi.21873fbf-104d-4a13-8f8f-c82943eebfb7/1764720000.0_mean_300.0_v3" 201 - "PUT https://[::1]:8080/v1/AUTH_9cb2db62181546998c52314d1567748c/gnocchi.21873fbf-104d-4a13-8f8f-c82943eebfb7/1764720000.0_mean_300.0_v3" "tx0032d4549fce4702bac51-006934f749" "proxy-server 97857" 0.0126 "-" 96910 0
Dec 06 22:40:57 np0005549343.novalocal container-server[96575]: ::1 - - [07/Dec/2025:03:40:57 +0000] "PUT /3/241683/AUTH_9cb2db62181546998c52314d1567748c/gnocchi.21873fbf-104d-4a13-8f8f-c82943eebfb7/1764720000.0_mean_300.0_v3" 201 - "PUT http://[::1]:8080/1/131330/AUTH_9cb2db62181546998c52314d1567748c/gnocchi.21873fbf-104d-4a13-8f8f-c82943eebfb7/1764720000.0_mean_300.0_v3" "tx0032d4549fce4702bac51-006934f749" "object-server 96909" 0.0007 "-" 96575 0
Dec 06 22:40:57 np0005549343.novalocal object-server[96909]: ::1 - - [07/Dec/2025:03:40:57 +0000] "PUT /1/131330/AUTH_9cb2db62181546998c52314d1567748c/gnocchi.21873fbf-104d-4a13-8f8f-c82943eebfb7/1764720000.0_mean_300.0_v3" 201 - "PUT https://[::1]:8080/v1/AUTH_9cb2db62181546998c52314d1567748c/gnocchi.21873fbf-104d-4a13-8f8f-c82943eebfb7/1764720000.0_mean_300.0_v3" "tx0032d4549fce4702bac51-006934f749" "proxy-server 97857" 0.0116 "-" 96909 0
Dec 06 22:40:57 np0005549343.novalocal container-server[96575]: ::1 - - [07/Dec/2025:03:40:57 +0000] "PUT /1/241683/AUTH_9cb2db62181546998c52314d1567748c/gnocchi.21873fbf-104d-4a13-8f8f-c82943eebfb7/1764720000.0_mean_300.0_v3" 201 - "PUT http://[::1]:8080/2/131330/AUTH_9cb2db62181546998c52314d1567748c/gnocchi.21873fbf-104d-4a13-8f8f-c82943eebfb7/1764720000.0_mean_300.0_v3" "tx0032d4549fce4702bac51-006934f749" "object-server 96910" 0.0011 "-" 96575 0
Dec 06 22:40:57 np0005549343.novalocal object-server[96910]: ::1 - - [07/Dec/2025:03:40:57 +0000] "PUT /2/131330/AUTH_9cb2db62181546998c52314d1567748c/gnocchi.21873fbf-104d-4a13-8f8f-c82943eebfb7/1764720000.0_mean_300.0_v3" 201 - "PUT https://[::1]:8080/v1/AUTH_9cb2db62181546998c52314d1567748c/gnocchi.21873fbf-104d-4a13-8f8f-c82943eebfb7/1764720000.0_mean_300.0_v3" "tx0032d4549fce4702bac51-006934f749" "proxy-server 97857" 0.0172 "-" 96910 0
Dec 06 22:40:57 np0005549343.novalocal proxy-server[97857]: ::1 ::1 07/Dec/2025/03/40/57 PUT /v1/AUTH_9cb2db62181546998c52314d1567748c/gnocchi.21873fbf-104d-4a13-8f8f-c82943eebfb7/1764720000.0_mean_300.0_v3 HTTP/1.0 201 - python-swiftclient-4.8.0 gAAAAABpNPckgn8e... 16 - - tx0032d4549fce4702bac51-006934f749 - 0.0258 - - 1765078857.224332809 1765078857.250104427 0 0c044fc9f411403aa3ab5cf8f2b14495
Dec 06 22:40:57 np0005549343.novalocal container-server[96576]: ::1 - - [07/Dec/2025:03:40:57 +0000] "PUT /3/241683/AUTH_9cb2db62181546998c52314d1567748c/gnocchi.21873fbf-104d-4a13-8f8f-c82943eebfb7/none_v3" 201 - "PUT http://[::1]:8080/1/236764/AUTH_9cb2db62181546998c52314d1567748c/gnocchi.21873fbf-104d-4a13-8f8f-c82943eebfb7/none_v3" "tx63e4cca13b2e412cbb5cc-006934f749" "object-server 96910" 0.0004 "-" 96576 0
Dec 06 22:40:57 np0005549343.novalocal object-server[96910]: ::1 - - [07/Dec/2025:03:40:57 +0000] "PUT /1/236764/AUTH_9cb2db62181546998c52314d1567748c/gnocchi.21873fbf-104d-4a13-8f8f-c82943eebfb7/none_v3" 201 - "PUT https://[::1]:8080/v1/AUTH_9cb2db62181546998c52314d1567748c/gnocchi.21873fbf-104d-4a13-8f8f-c82943eebfb7/none_v3" "tx63e4cca13b2e412cbb5cc-006934f749" "proxy-server 97857" 0.0114 "-" 96910 0
Dec 06 22:40:57 np0005549343.novalocal container-server[96576]: ::1 - - [07/Dec/2025:03:40:57 +0000] "PUT /1/241683/AUTH_9cb2db62181546998c52314d1567748c/gnocchi.21873fbf-104d-4a13-8f8f-c82943eebfb7/none_v3" 201 - "PUT http://[::1]:8080/2/236764/AUTH_9cb2db62181546998c52314d1567748c/gnocchi.21873fbf-104d-4a13-8f8f-c82943eebfb7/none_v3" "tx63e4cca13b2e412cbb5cc-006934f749" "object-server 96909" 0.0004 "-" 96576 0
Dec 06 22:40:57 np0005549343.novalocal object-server[96909]: ::1 - - [07/Dec/2025:03:40:57 +0000] "PUT /2/236764/AUTH_9cb2db62181546998c52314d1567748c/gnocchi.21873fbf-104d-4a13-8f8f-c82943eebfb7/none_v3" 201 - "PUT https://[::1]:8080/v1/AUTH_9cb2db62181546998c52314d1567748c/gnocchi.21873fbf-104d-4a13-8f8f-c82943eebfb7/none_v3" "tx63e4cca13b2e412cbb5cc-006934f749" "proxy-server 97857" 0.0131 "-" 96909 0
Dec 06 22:40:57 np0005549343.novalocal container-server[96576]: ::1 - - [07/Dec/2025:03:40:57 +0000] "PUT /2/241683/AUTH_9cb2db62181546998c52314d1567748c/gnocchi.21873fbf-104d-4a13-8f8f-c82943eebfb7/none_v3" 201 - "PUT http://[::1]:8080/3/236764/AUTH_9cb2db62181546998c52314d1567748c/gnocchi.21873fbf-104d-4a13-8f8f-c82943eebfb7/none_v3" "tx63e4cca13b2e412cbb5cc-006934f749" "object-server 96909" 0.0005 "-" 96576 0
Dec 06 22:40:57 np0005549343.novalocal object-server[96909]: ::1 - - [07/Dec/2025:03:40:57 +0000] "PUT /3/236764/AUTH_9cb2db62181546998c52314d1567748c/gnocchi.21873fbf-104d-4a13-8f8f-c82943eebfb7/none_v3" 201 - "PUT https://[::1]:8080/v1/AUTH_9cb2db62181546998c52314d1567748c/gnocchi.21873fbf-104d-4a13-8f8f-c82943eebfb7/none_v3" "tx63e4cca13b2e412cbb5cc-006934f749" "proxy-server 97857" 0.0128 "-" 96909 0
Dec 06 22:40:57 np0005549343.novalocal proxy-server[97857]: ::1 ::1 07/Dec/2025/03/40/57 PUT /v1/AUTH_9cb2db62181546998c52314d1567748c/gnocchi.21873fbf-104d-4a13-8f8f-c82943eebfb7/none_v3 HTTP/1.0 201 - python-swiftclient-4.8.0 gAAAAABpNPckgn8e... 22 - - tx63e4cca13b2e412cbb5cc-006934f749 - 0.0226 - - 1765078857.253138065 1765078857.275701284 0 0c044fc9f411403aa3ab5cf8f2b14495
Dec 06 22:40:57 np0005549343.novalocal container-server[96576]: ::1 - - [07/Dec/2025:03:40:57 +0000] "HEAD /2/168426/AUTH_9cb2db62181546998c52314d1567748c/gnocchi.93c9f030-47ce-4bbb-a4ec-6986c896d8c6" 404 - "HEAD http://[::1]:8080/v1/AUTH_9cb2db62181546998c52314d1567748c/gnocchi.93c9f030-47ce-4bbb-a4ec-6986c896d8c6" "txbfed5b6b5da74d88a02cf-006934f749" "proxy-server 97857" 0.0008 "-" 96576 0
Dec 06 22:40:57 np0005549343.novalocal container-server[96575]: ::1 - - [07/Dec/2025:03:40:57 +0000] "HEAD /1/168426/AUTH_9cb2db62181546998c52314d1567748c/gnocchi.93c9f030-47ce-4bbb-a4ec-6986c896d8c6" 404 - "HEAD http://[::1]:8080/v1/AUTH_9cb2db62181546998c52314d1567748c/gnocchi.93c9f030-47ce-4bbb-a4ec-6986c896d8c6" "txbfed5b6b5da74d88a02cf-006934f749" "proxy-server 97857" 0.0004 "-" 96575 0
Dec 06 22:40:57 np0005549343.novalocal container-server[96576]: ::1 - - [07/Dec/2025:03:40:57 +0000] "HEAD /3/168426/AUTH_9cb2db62181546998c52314d1567748c/gnocchi.93c9f030-47ce-4bbb-a4ec-6986c896d8c6" 404 - "HEAD http://[::1]:8080/v1/AUTH_9cb2db62181546998c52314d1567748c/gnocchi.93c9f030-47ce-4bbb-a4ec-6986c896d8c6" "txbfed5b6b5da74d88a02cf-006934f749" "proxy-server 97857" 0.0004 "-" 96576 0
Dec 06 22:40:57 np0005549343.novalocal proxy-server[97857]: - - 07/Dec/2025/03/40/57 HEAD /v1/AUTH_9cb2db62181546998c52314d1567748c/gnocchi.93c9f030-47ce-4bbb-a4ec-6986c896d8c6 HTTP/1.0 404 - Swift - - - - txbfed5b6b5da74d88a02cf-006934f749 - 0.0140 CS - 1765078857.299477100 1765078857.313461065 0 -
Dec 06 22:40:57 np0005549343.novalocal object-server[96910]: ::1 - - [07/Dec/2025:03:40:57 +0000] "GET /1/142627/AUTH_9cb2db62181546998c52314d1567748c/gnocchi.93c9f030-47ce-4bbb-a4ec-6986c896d8c6/none_v3" 404 70 "GET https://[::1]:8080/v1/AUTH_9cb2db62181546998c52314d1567748c/gnocchi.93c9f030-47ce-4bbb-a4ec-6986c896d8c6/none_v3" "txbfed5b6b5da74d88a02cf-006934f749" "proxy-server 97857" 0.0005 "-" 96910 0
Dec 06 22:40:57 np0005549343.novalocal object-server[96909]: ::1 - - [07/Dec/2025:03:40:57 +0000] "GET /2/142627/AUTH_9cb2db62181546998c52314d1567748c/gnocchi.93c9f030-47ce-4bbb-a4ec-6986c896d8c6/none_v3" 404 70 "GET https://[::1]:8080/v1/AUTH_9cb2db62181546998c52314d1567748c/gnocchi.93c9f030-47ce-4bbb-a4ec-6986c896d8c6/none_v3" "txbfed5b6b5da74d88a02cf-006934f749" "proxy-server 97857" 0.0003 "-" 96909 0
Dec 06 22:40:57 np0005549343.novalocal object-server[96909]: ::1 - - [07/Dec/2025:03:40:57 +0000] "GET /3/142627/AUTH_9cb2db62181546998c52314d1567748c/gnocchi.93c9f030-47ce-4bbb-a4ec-6986c896d8c6/none_v3" 404 70 "GET https://[::1]:8080/v1/AUTH_9cb2db62181546998c52314d1567748c/gnocchi.93c9f030-47ce-4bbb-a4ec-6986c896d8c6/none_v3" "txbfed5b6b5da74d88a02cf-006934f749" "proxy-server 97857" 0.0002 "-" 96909 0
Dec 06 22:40:57 np0005549343.novalocal proxy-server[97857]: ::1 ::1 07/Dec/2025/03/40/57 GET /v1/AUTH_9cb2db62181546998c52314d1567748c/gnocchi.93c9f030-47ce-4bbb-a4ec-6986c896d8c6/none_v3 HTTP/1.0 404 - python-swiftclient-4.8.0 gAAAAABpNPckgn8e... - 70 - txbfed5b6b5da74d88a02cf-006934f749 - 0.0295 - - 1765078857.298800468 1765078857.328274250 0 0c044fc9f411403aa3ab5cf8f2b14495
Dec 06 22:40:57 np0005549343.novalocal account-server[96280]: ::1 - - [07/Dec/2025:03:40:57 +0000] "PUT /1/78968/AUTH_9cb2db62181546998c52314d1567748c/gnocchi.93c9f030-47ce-4bbb-a4ec-6986c896d8c6" 201 - "PUT http://[::1]:6001/3/168426/AUTH_9cb2db62181546998c52314d1567748c/gnocchi.93c9f030-47ce-4bbb-a4ec-6986c896d8c6" "tx689497efd7dd41668d007-006934f749" "container-server 96575" 0.0064 "-" 96280 0
