Dec 06 22:41:20 np0005549343.novalocal object-server[96909]: ::1 - - [07/Dec/2025:03:41:20 +0000] "PUT /3/130820/AUTH_9cb2db62181546998c52314d1567748c/gnocchi.1a7775db-355a-4364-8e23-94110f57c20c/none_v3" 201 - "PUT https://[::1]:8080/v1/AUTH_9cb2db62181546998c52314d1567748c/gnocchi.1a7775db-355a-4364-8e23-94110f57c20c/none_v3" "tx82f27041b2a54cef83914-006934f760" "proxy-server 97857" 0.0214 "-" 96909 0
Dec 06 22:41:20 np0005549343.novalocal object-server[96909]: ::1 - - [07/Dec/2025:03:41:20 +0000] "PUT /1/130820/AUTH_9cb2db62181546998c52314d1567748c/gnocchi.1a7775db-355a-4364-8e23-94110f57c20c/none_v3" 201 - "PUT https://[::1]:8080/v1/AUTH_9cb2db62181546998c52314d1567748c/gnocchi.1a7775db-355a-4364-8e23-94110f57c20c/none_v3" "tx82f27041b2a54cef83914-006934f760" "proxy-server 97857" 0.0303 "-" 96909 0
Dec 06 22:41:20 np0005549343.novalocal proxy-server[97857]: ::1 ::1 07/Dec/2025/03/41/20 PUT /v1/AUTH_9cb2db62181546998c52314d1567748c/gnocchi.1a7775db-355a-4364-8e23-94110f57c20c/none_v3 HTTP/1.0 201 - python-swiftclient-4.8.0 gAAAAABpNPckgn8e... 52 - - tx82f27041b2a54cef83914-006934f760 - 0.0382 - - 1765078880.261595249 1765078880.299797297 0 0c044fc9f411403aa3ab5cf8f2b14495
Dec 06 22:41:20 np0005549343.novalocal object-server[96910]: ::1 - - [07/Dec/2025:03:41:20 +0000] "GET /3/1222/AUTH_9cb2db62181546998c52314d1567748c/gnocchi.3b68cbb1-ebe4-4d39-a327-1f3d544a1314/none_v3" 200 43 "GET https://[::1]:8080/v1/AUTH_9cb2db62181546998c52314d1567748c/gnocchi.3b68cbb1-ebe4-4d39-a327-1f3d544a1314/none_v3" "tx512cda5e01014afd91629-006934f760" "proxy-server 97857" 0.0007 "-" 96910 0
Dec 06 22:41:20 np0005549343.novalocal proxy-server[97857]: ::1 ::1 07/Dec/2025/03/41/20 GET /v1/AUTH_9cb2db62181546998c52314d1567748c/gnocchi.3b68cbb1-ebe4-4d39-a327-1f3d544a1314/none_v3 HTTP/1.0 200 - python-swiftclient-4.8.0 gAAAAABpNPckgn8e... - 43 - tx512cda5e01014afd91629-006934f760 - 0.0092 - - 1765078880.314774275 1765078880.323932886 0 0c044fc9f411403aa3ab5cf8f2b14495
Dec 06 22:41:20 np0005549343.novalocal container-server[96575]: ::1 - - [07/Dec/2025:03:41:20 +0000] "GET /3/125107/AUTH_9cb2db62181546998c52314d1567748c/gnocchi.3b68cbb1-ebe4-4d39-a327-1f3d544a1314" 200 357 "GET https://[::1]:8080/v1/AUTH_9cb2db62181546998c52314d1567748c/gnocchi.3b68cbb1-ebe4-4d39-a327-1f3d544a1314?format=json&states=listing" "txf95a2a00301b4f1fb2c60-006934f760" "proxy-server 97857" 0.0026 "-" 96575 0
Dec 06 22:41:20 np0005549343.novalocal proxy-server[97857]: ::1 ::1 07/Dec/2025/03/41/20 GET /v1/AUTH_9cb2db62181546998c52314d1567748c/gnocchi.3b68cbb1-ebe4-4d39-a327-1f3d544a1314%3Fformat%3Djson%26states%3Dlisting HTTP/1.0 200 - python-swiftclient-4.8.0 gAAAAABpNPckgn8e... - 357 - txf95a2a00301b4f1fb2c60-006934f760 - 0.0110 - - 1765078880.329161167 1765078880.340189219 0 0c044fc9f411403aa3ab5cf8f2b14495
Dec 06 22:41:20 np0005549343.novalocal container-server[96576]: ::1 - - [07/Dec/2025:03:41:20 +0000] "GET /1/125107/AUTH_9cb2db62181546998c52314d1567748c/gnocchi.3b68cbb1-ebe4-4d39-a327-1f3d544a1314" 200 2 "GET https://[::1]:8080/v1/AUTH_9cb2db62181546998c52314d1567748c/gnocchi.3b68cbb1-ebe4-4d39-a327-1f3d544a1314?format=json&marker=none_v3&states=listing" "txdddce18322e240ef96e72-006934f760" "proxy-server 97857" 0.0055 "-" 96576 0
Dec 06 22:41:20 np0005549343.novalocal proxy-server[97857]: ::1 ::1 07/Dec/2025/03/41/20 GET /v1/AUTH_9cb2db62181546998c52314d1567748c/gnocchi.3b68cbb1-ebe4-4d39-a327-1f3d544a1314%3Fformat%3Djson%26marker%3Dnone_v3%26states%3Dlisting HTTP/1.0 200 - python-swiftclient-4.8.0 gAAAAABpNPckgn8e... - 2 - txdddce18322e240ef96e72-006934f760 - 0.0129 - - 1765078880.343486547 1765078880.356425047 0 0c044fc9f411403aa3ab5cf8f2b14495
Dec 06 22:41:20 np0005549343.novalocal object-server[96909]: ::1 - - [07/Dec/2025:03:41:20 +0000] "GET /3/129707/AUTH_9cb2db62181546998c52314d1567748c/gnocchi.3b68cbb1-ebe4-4d39-a327-1f3d544a1314/1764720000.0_mean_300.0_v3" 200 16 "GET https://[::1]:8080/v1/AUTH_9cb2db62181546998c52314d1567748c/gnocchi.3b68cbb1-ebe4-4d39-a327-1f3d544a1314/1764720000.0_mean_300.0_v3" "tx8b50e37d4a1842739f3c0-006934f760" "proxy-server 97857" 0.0007 "-" 96909 0
Dec 06 22:41:20 np0005549343.novalocal proxy-server[97857]: ::1 ::1 07/Dec/2025/03/41/20 GET /v1/AUTH_9cb2db62181546998c52314d1567748c/gnocchi.3b68cbb1-ebe4-4d39-a327-1f3d544a1314/1764720000.0_mean_300.0_v3 HTTP/1.0 200 - python-swiftclient-4.8.0 gAAAAABpNPckgn8e... - 16 - tx8b50e37d4a1842739f3c0-006934f760 - 0.0079 - - 1765078880.360826015 1765078880.368683338 0 0c044fc9f411403aa3ab5cf8f2b14495
Dec 06 22:41:20 np0005549343.novalocal container-server[96576]: ::1 - - [07/Dec/2025:03:41:20 +0000] "PUT /3/125107/AUTH_9cb2db62181546998c52314d1567748c/gnocchi.3b68cbb1-ebe4-4d39-a327-1f3d544a1314/1764720000.0_mean_300.0_v3" 201 - "PUT http://[::1]:8080/2/129707/AUTH_9cb2db62181546998c52314d1567748c/gnocchi.3b68cbb1-ebe4-4d39-a327-1f3d544a1314/1764720000.0_mean_300.0_v3" "tx51980234fdcb4bbbb66be-006934f760" "object-server 96910" 0.0006 "-" 96576 0
Dec 06 22:41:20 np0005549343.novalocal object-server[96910]: ::1 - - [07/Dec/2025:03:41:20 +0000] "PUT /2/129707/AUTH_9cb2db62181546998c52314d1567748c/gnocchi.3b68cbb1-ebe4-4d39-a327-1f3d544a1314/1764720000.0_mean_300.0_v3" 201 - "PUT https://[::1]:8080/v1/AUTH_9cb2db62181546998c52314d1567748c/gnocchi.3b68cbb1-ebe4-4d39-a327-1f3d544a1314/1764720000.0_mean_300.0_v3" "tx51980234fdcb4bbbb66be-006934f760" "proxy-server 97857" 0.0072 "-" 96910 0
Dec 06 22:41:20 np0005549343.novalocal container-server[96575]: ::1 - - [07/Dec/2025:03:41:20 +0000] "PUT /2/125107/AUTH_9cb2db62181546998c52314d1567748c/gnocchi.3b68cbb1-ebe4-4d39-a327-1f3d544a1314/1764720000.0_mean_300.0_v3" 201 - "PUT http://[::1]:8080/1/129707/AUTH_9cb2db62181546998c52314d1567748c/gnocchi.3b68cbb1-ebe4-4d39-a327-1f3d544a1314/1764720000.0_mean_300.0_v3" "tx51980234fdcb4bbbb66be-006934f760" "object-server 96910" 0.0006 "-" 96575 0
Dec 06 22:41:20 np0005549343.novalocal object-server[96910]: ::1 - - [07/Dec/2025:03:41:20 +0000] "PUT /1/129707/AUTH_9cb2db62181546998c52314d1567748c/gnocchi.3b68cbb1-ebe4-4d39-a327-1f3d544a1314/1764720000.0_mean_300.0_v3" 201 - "PUT https://[::1]:8080/v1/AUTH_9cb2db62181546998c52314d1567748c/gnocchi.3b68cbb1-ebe4-4d39-a327-1f3d544a1314/1764720000.0_mean_300.0_v3" "tx51980234fdcb4bbbb66be-006934f760" "proxy-server 97857" 0.0092 "-" 96910 0
Dec 06 22:41:20 np0005549343.novalocal container-server[96576]: ::1 - - [07/Dec/2025:03:41:20 +0000] "PUT /1/125107/AUTH_9cb2db62181546998c52314d1567748c/gnocchi.3b68cbb1-ebe4-4d39-a327-1f3d544a1314/1764720000.0_mean_300.0_v3" 201 - "PUT http://[::1]:8080/3/129707/AUTH_9cb2db62181546998c52314d1567748c/gnocchi.3b68cbb1-ebe4-4d39-a327-1f3d544a1314/1764720000.0_mean_300.0_v3" "tx51980234fdcb4bbbb66be-006934f760" "object-server 96909" 0.0003 "-" 96576 0
Dec 06 22:41:20 np0005549343.novalocal object-server[96909]: ::1 - - [07/Dec/2025:03:41:20 +0000] "PUT /3/129707/AUTH_9cb2db62181546998c52314d1567748c/gnocchi.3b68cbb1-ebe4-4d39-a327-1f3d544a1314/1764720000.0_mean_300.0_v3" 201 - "PUT https://[::1]:8080/v1/AUTH_9cb2db62181546998c52314d1567748c/gnocchi.3b68cbb1-ebe4-4d39-a327-1f3d544a1314/1764720000.0_mean_300.0_v3" "tx51980234fdcb4bbbb66be-006934f760" "proxy-server 97857" 0.0106 "-" 96909 0
Dec 06 22:41:20 np0005549343.novalocal proxy-server[97857]: ::1 ::1 07/Dec/2025/03/41/20 PUT /v1/AUTH_9cb2db62181546998c52314d1567748c/gnocchi.3b68cbb1-ebe4-4d39-a327-1f3d544a1314/1764720000.0_mean_300.0_v3 HTTP/1.0 201 - python-swiftclient-4.8.0 gAAAAABpNPckgn8e... 16 - - tx51980234fdcb4bbbb66be-006934f760 - 0.0171 - - 1765078880.372563362 1765078880.389707804 0 0c044fc9f411403aa3ab5cf8f2b14495
Dec 06 22:41:20 np0005549343.novalocal container-server[96576]: ::1 - - [07/Dec/2025:03:41:20 +0000] "PUT /3/125107/AUTH_9cb2db62181546998c52314d1567748c/gnocchi.3b68cbb1-ebe4-4d39-a327-1f3d544a1314/none_v3" 201 - "PUT http://[::1]:8080/2/1222/AUTH_9cb2db62181546998c52314d1567748c/gnocchi.3b68cbb1-ebe4-4d39-a327-1f3d544a1314/none_v3" "tx6db479ac825549f682f01-006934f760" "object-server 96909" 0.0004 "-" 96576 0
Dec 06 22:41:20 np0005549343.novalocal container-server[96576]: ::1 - - [07/Dec/2025:03:41:20 +0000] "PUT /1/125107/AUTH_9cb2db62181546998c52314d1567748c/gnocchi.3b68cbb1-ebe4-4d39-a327-1f3d544a1314/none_v3" 201 - "PUT http://[::1]:8080/3/1222/AUTH_9cb2db62181546998c52314d1567748c/gnocchi.3b68cbb1-ebe4-4d39-a327-1f3d544a1314/none_v3" "tx6db479ac825549f682f01-006934f760" "object-server 96910" 0.0003 "-" 96576 0
Dec 06 22:41:20 np0005549343.novalocal object-server[96909]: ::1 - - [07/Dec/2025:03:41:20 +0000] "PUT /2/1222/AUTH_9cb2db62181546998c52314d1567748c/gnocchi.3b68cbb1-ebe4-4d39-a327-1f3d544a1314/none_v3" 201 - "PUT https://[::1]:8080/v1/AUTH_9cb2db62181546998c52314d1567748c/gnocchi.3b68cbb1-ebe4-4d39-a327-1f3d544a1314/none_v3" "tx6db479ac825549f682f01-006934f760" "proxy-server 97857" 0.0107 "-" 96909 0
Dec 06 22:41:20 np0005549343.novalocal container-server[96576]: ::1 - - [07/Dec/2025:03:41:20 +0000] "PUT /2/125107/AUTH_9cb2db62181546998c52314d1567748c/gnocchi.3b68cbb1-ebe4-4d39-a327-1f3d544a1314/none_v3" 201 - "PUT http://[::1]:8080/1/1222/AUTH_9cb2db62181546998c52314d1567748c/gnocchi.3b68cbb1-ebe4-4d39-a327-1f3d544a1314/none_v3" "tx6db479ac825549f682f01-006934f760" "object-server 96910" 0.0003 "-" 96576 0
Dec 06 22:41:20 np0005549343.novalocal object-server[96910]: ::1 - - [07/Dec/2025:03:41:20 +0000] "PUT /3/1222/AUTH_9cb2db62181546998c52314d1567748c/gnocchi.3b68cbb1-ebe4-4d39-a327-1f3d544a1314/none_v3" 201 - "PUT https://[::1]:8080/v1/AUTH_9cb2db62181546998c52314d1567748c/gnocchi.3b68cbb1-ebe4-4d39-a327-1f3d544a1314/none_v3" "tx6db479ac825549f682f01-006934f760" "proxy-server 97857" 0.0115 "-" 96910 0
Dec 06 22:41:20 np0005549343.novalocal object-server[96910]: ::1 - - [07/Dec/2025:03:41:20 +0000] "PUT /1/1222/AUTH_9cb2db62181546998c52314d1567748c/gnocchi.3b68cbb1-ebe4-4d39-a327-1f3d544a1314/none_v3" 201 - "PUT https://[::1]:8080/v1/AUTH_9cb2db62181546998c52314d1567748c/gnocchi.3b68cbb1-ebe4-4d39-a327-1f3d544a1314/none_v3" "tx6db479ac825549f682f01-006934f760" "proxy-server 97857" 0.0138 "-" 96910 0
Dec 06 22:41:20 np0005549343.novalocal proxy-server[97857]: ::1 ::1 07/Dec/2025/03/41/20 PUT /v1/AUTH_9cb2db62181546998c52314d1567748c/gnocchi.3b68cbb1-ebe4-4d39-a327-1f3d544a1314/none_v3 HTTP/1.0 201 - python-swiftclient-4.8.0 gAAAAABpNPckgn8e... 51 - - tx6db479ac825549f682f01-006934f760 - 0.0197 - - 1765078880.392551184 1765078880.412231684 0 0c044fc9f411403aa3ab5cf8f2b14495
Dec 06 22:41:20 np0005549343.novalocal object-server[96909]: ::1 - - [07/Dec/2025:03:41:20 +0000] "GET /2/72829/AUTH_9cb2db62181546998c52314d1567748c/gnocchi.a3699f36-4a65-4694-9e7d-d434ebb89650/none_v3" 200 22 "GET https://[::1]:8080/v1/AUTH_9cb2db62181546998c52314d1567748c/gnocchi.a3699f36-4a65-4694-9e7d-d434ebb89650/none_v3" "txceace78b9aea41d6a6c58-006934f760" "proxy-server 97857" 0.0014 "-" 96909 0
Dec 06 22:41:20 np0005549343.novalocal proxy-server[97857]: ::1 ::1 07/Dec/2025/03/41/20 GET /v1/AUTH_9cb2db62181546998c52314d1567748c/gnocchi.a3699f36-4a65-4694-9e7d-d434ebb89650/none_v3 HTTP/1.0 200 - python-swiftclient-4.8.0 gAAAAABpNPckgn8e... - 22 - txceace78b9aea41d6a6c58-006934f760 - 0.0075 - - 1765078880.465559959 1765078880.473066807 0 0c044fc9f411403aa3ab5cf8f2b14495
Dec 06 22:41:20 np0005549343.novalocal container-server[96576]: ::1 - - [07/Dec/2025:03:41:20 +0000] "GET /2/42585/AUTH_9cb2db62181546998c52314d1567748c/gnocchi.a3699f36-4a65-4694-9e7d-d434ebb89650" 200 357 "GET https://[::1]:8080/v1/AUTH_9cb2db62181546998c52314d1567748c/gnocchi.a3699f36-4a65-4694-9e7d-d434ebb89650?format=json&states=listing" "txde9ee923f87b47069bc31-006934f760" "proxy-server 97857" 0.0019 "-" 96576 0
Dec 06 22:41:20 np0005549343.novalocal proxy-server[97857]: ::1 ::1 07/Dec/2025/03/41/20 GET /v1/AUTH_9cb2db62181546998c52314d1567748c/gnocchi.a3699f36-4a65-4694-9e7d-d434ebb89650%3Fformat%3Djson%26states%3Dlisting HTTP/1.0 200 - python-swiftclient-4.8.0 gAAAAABpNPckgn8e... - 357 - txde9ee923f87b47069bc31-006934f760 - 0.0094 - - 1765078880.477693558 1765078880.487052917 0 0c044fc9f411403aa3ab5cf8f2b14495
Dec 06 22:41:20 np0005549343.novalocal container-server[96576]: ::1 - - [07/Dec/2025:03:41:20 +0000] "GET /2/42585/AUTH_9cb2db62181546998c52314d1567748c/gnocchi.a3699f36-4a65-4694-9e7d-d434ebb89650" 200 2 "GET https://[::1]:8080/v1/AUTH_9cb2db62181546998c52314d1567748c/gnocchi.a3699f36-4a65-4694-9e7d-d434ebb89650?format=json&marker=none_v3&states=listing" "txdcb6a3d5aad54e3c8a40a-006934f760" "proxy-server 97857" 0.0014 "-" 96576 0
Dec 06 22:41:20 np0005549343.novalocal proxy-server[97857]: ::1 ::1 07/Dec/2025/03/41/20 GET /v1/AUTH_9cb2db62181546998c52314d1567748c/gnocchi.a3699f36-4a65-4694-9e7d-d434ebb89650%3Fformat%3Djson%26marker%3Dnone_v3%26states%3Dlisting HTTP/1.0 200 - python-swiftclient-4.8.0 gAAAAABpNPckgn8e... - 2 - txdcb6a3d5aad54e3c8a40a-006934f760 - 0.0092 - - 1765078880.491322041 1765078880.500542402 0 0c044fc9f411403aa3ab5cf8f2b14495
Dec 06 22:41:20 np0005549343.novalocal object-server[96910]: ::1 - - [07/Dec/2025:03:41:20 +0000] "GET /3/229207/AUTH_9cb2db62181546998c52314d1567748c/gnocchi.a3699f36-4a65-4694-9e7d-d434ebb89650/1764720000.0_mean_300.0_v3" 200 16 "GET https://[::1]:8080/v1/AUTH_9cb2db62181546998c52314d1567748c/gnocchi.a3699f36-4a65-4694-9e7d-d434ebb89650/1764720000.0_mean_300.0_v3" "txfccf27c8fd884389b563d-006934f760" "proxy-server 97857" 0.0011 "-" 96910 0
Dec 06 22:41:20 np0005549343.novalocal proxy-server[97857]: ::1 ::1 07/Dec/2025/03/41/20 GET /v1/AUTH_9cb2db62181546998c52314d1567748c/gnocchi.a3699f36-4a65-4694-9e7d-d434ebb89650/1764720000.0_mean_300.0_v3 HTTP/1.0 200 - python-swiftclient-4.8.0 gAAAAABpNPckgn8e... - 16 - txfccf27c8fd884389b563d-006934f760 - 0.0071 - - 1765078880.506106615 1765078880.513233900 0 0c044fc9f411403aa3ab5cf8f2b14495
Dec 06 22:41:20 np0005549343.novalocal container-server[96575]: ::1 - - [07/Dec/2025:03:41:20 +0000] "PUT /3/42585/AUTH_9cb2db62181546998c52314d1567748c/gnocchi.a3699f36-4a65-4694-9e7d-d434ebb89650/1764720000.0_mean_300.0_v3" 201 - "PUT http://[::1]:8080/3/229207/AUTH_9cb2db62181546998c52314d1567748c/gnocchi.a3699f36-4a65-4694-9e7d-d434ebb89650/1764720000.0_mean_300.0_v3" "tx513806a922da42e183283-006934f760" "object-server 96910" 0.0006 "-" 96575 0
Dec 06 22:41:20 np0005549343.novalocal container-server[96575]: ::1 - - [07/Dec/2025:03:41:20 +0000] "PUT /2/42585/AUTH_9cb2db62181546998c52314d1567748c/gnocchi.a3699f36-4a65-4694-9e7d-d434ebb89650/1764720000.0_mean_300.0_v3" 201 - "PUT http://[::1]:8080/1/229207/AUTH_9cb2db62181546998c52314d1567748c/gnocchi.a3699f36-4a65-4694-9e7d-d434ebb89650/1764720000.0_mean_300.0_v3" "tx513806a922da42e183283-006934f760" "object-server 96909" 0.0004 "-" 96575 0
Dec 06 22:41:20 np0005549343.novalocal container-server[96576]: ::1 - - [07/Dec/2025:03:41:20 +0000] "PUT /1/42585/AUTH_9cb2db62181546998c52314d1567748c/gnocchi.a3699f36-4a65-4694-9e7d-d434ebb89650/1764720000.0_mean_300.0_v3" 201 - "PUT http://[::1]:8080/2/229207/AUTH_9cb2db62181546998c52314d1567748c/gnocchi.a3699f36-4a65-4694-9e7d-d434ebb89650/1764720000.0_mean_300.0_v3" "tx513806a922da42e183283-006934f760" "object-server 96910" 0.0003 "-" 96576 0
Dec 06 22:41:20 np0005549343.novalocal object-server[96909]: ::1 - - [07/Dec/2025:03:41:20 +0000] "PUT /1/229207/AUTH_9cb2db62181546998c52314d1567748c/gnocchi.a3699f36-4a65-4694-9e7d-d434ebb89650/1764720000.0_mean_300.0_v3" 201 - "PUT https://[::1]:8080/v1/AUTH_9cb2db62181546998c52314d1567748c/gnocchi.a3699f36-4a65-4694-9e7d-d434ebb89650/1764720000.0_mean_300.0_v3" "tx513806a922da42e183283-006934f760" "proxy-server 97857" 0.0127 "-" 96909 0
Dec 06 22:41:20 np0005549343.novalocal object-server[96910]: ::1 - - [07/Dec/2025:03:41:20 +0000] "PUT /3/229207/AUTH_9cb2db62181546998c52314d1567748c/gnocchi.a3699f36-4a65-4694-9e7d-d434ebb89650/1764720000.0_mean_300.0_v3" 201 - "PUT https://[::1]:8080/v1/AUTH_9cb2db62181546998c52314d1567748c/gnocchi.a3699f36-4a65-4694-9e7d-d434ebb89650/1764720000.0_mean_300.0_v3" "tx513806a922da42e183283-006934f760" "proxy-server 97857" 0.0125 "-" 96910 0
Dec 06 22:41:20 np0005549343.novalocal object-server[96910]: ::1 - - [07/Dec/2025:03:41:20 +0000] "PUT /2/229207/AUTH_9cb2db62181546998c52314d1567748c/gnocchi.a3699f36-4a65-4694-9e7d-d434ebb89650/1764720000.0_mean_300.0_v3" 201 - "PUT https://[::1]:8080/v1/AUTH_9cb2db62181546998c52314d1567748c/gnocchi.a3699f36-4a65-4694-9e7d-d434ebb89650/1764720000.0_mean_300.0_v3" "tx513806a922da42e183283-006934f760" "proxy-server 97857" 0.0121 "-" 96910 0
Dec 06 22:41:20 np0005549343.novalocal proxy-server[97857]: ::1 ::1 07/Dec/2025/03/41/20 PUT /v1/AUTH_9cb2db62181546998c52314d1567748c/gnocchi.a3699f36-4a65-4694-9e7d-d434ebb89650/1764720000.0_mean_300.0_v3 HTTP/1.0 201 - python-swiftclient-4.8.0 gAAAAABpNPckgn8e... 16 - - tx513806a922da42e183283-006934f760 - 0.0215 - - 1765078880.517808199 1765078880.539357901 0 0c044fc9f411403aa3ab5cf8f2b14495
Dec 06 22:41:20 np0005549343.novalocal container-server[96576]: ::1 - - [07/Dec/2025:03:41:20 +0000] "PUT /3/42585/AUTH_9cb2db62181546998c52314d1567748c/gnocchi.a3699f36-4a65-4694-9e7d-d434ebb89650/none_v3" 201 - "PUT http://[::1]:8080/2/72829/AUTH_9cb2db62181546998c52314d1567748c/gnocchi.a3699f36-4a65-4694-9e7d-d434ebb89650/none_v3" "tx5d551bef6cdc48b781bd9-006934f760" "object-server 96909" 0.0012 "-" 96576 0
Dec 06 22:41:20 np0005549343.novalocal object-server[96909]: ::1 - - [07/Dec/2025:03:41:20 +0000] "PUT /2/72829/AUTH_9cb2db62181546998c52314d1567748c/gnocchi.a3699f36-4a65-4694-9e7d-d434ebb89650/none_v3" 201 - "PUT https://[::1]:8080/v1/AUTH_9cb2db62181546998c52314d1567748c/gnocchi.a3699f36-4a65-4694-9e7d-d434ebb89650/none_v3" "tx5d551bef6cdc48b781bd9-006934f760" "proxy-server 97857" 0.0214 "-" 96909 0
Dec 06 22:41:20 np0005549343.novalocal container-server[96576]: ::1 - - [07/Dec/2025:03:41:20 +0000] "PUT /2/42585/AUTH_9cb2db62181546998c52314d1567748c/gnocchi.a3699f36-4a65-4694-9e7d-d434ebb89650/none_v3" 201 - "PUT http://[::1]:8080/3/72829/AUTH_9cb2db62181546998c52314d1567748c/gnocchi.a3699f36-4a65-4694-9e7d-d434ebb89650/none_v3" "tx5d551bef6cdc48b781bd9-006934f760" "object-server 96909" 0.0007 "-" 96576 0
Dec 06 22:41:20 np0005549343.novalocal object-server[96909]: ::1 - - [07/Dec/2025:03:41:20 +0000] "PUT /3/72829/AUTH_9cb2db62181546998c52314d1567748c/gnocchi.a3699f36-4a65-4694-9e7d-d434ebb89650/none_v3" 201 - "PUT https://[::1]:8080/v1/AUTH_9cb2db62181546998c52314d1567748c/gnocchi.a3699f36-4a65-4694-9e7d-d434ebb89650/none_v3" "tx5d551bef6cdc48b781bd9-006934f760" "proxy-server 97857" 0.0176 "-" 96909 0
Dec 06 22:41:20 np0005549343.novalocal container-server[96576]: ::1 - - [07/Dec/2025:03:41:20 +0000] "PUT /1/42585/AUTH_9cb2db62181546998c52314d1567748c/gnocchi.a3699f36-4a65-4694-9e7d-d434ebb89650/none_v3" 201 - "PUT http://[::1]:8080/1/72829/AUTH_9cb2db62181546998c52314d1567748c/gnocchi.a3699f36-4a65-4694-9e7d-d434ebb89650/none_v3" "tx5d551bef6cdc48b781bd9-006934f760" "object-server 96909" 0.0006 "-" 96576 0
Dec 06 22:41:20 np0005549343.novalocal object-server[96909]: ::1 - - [07/Dec/2025:03:41:20 +0000] "PUT /1/72829/AUTH_9cb2db62181546998c52314d1567748c/gnocchi.a3699f36-4a65-4694-9e7d-d434ebb89650/none_v3" 201 - "PUT https://[::1]:8080/v1/AUTH_9cb2db62181546998c52314d1567748c/gnocchi.a3699f36-4a65-4694-9e7d-d434ebb89650/none_v3" "tx5d551bef6cdc48b781bd9-006934f760" "proxy-server 97857" 0.0237 "-" 96909 0
Dec 06 22:41:20 np0005549343.novalocal proxy-server[97857]: ::1 ::1 07/Dec/2025/03/41/20 PUT /v1/AUTH_9cb2db62181546998c52314d1567748c/gnocchi.a3699f36-4a65-4694-9e7d-d434ebb89650/none_v3 HTTP/1.0 201 - python-swiftclient-4.8.0 gAAAAABpNPckgn8e... 31 - - tx5d551bef6cdc48b781bd9-006934f760 - 0.0342 - - 1765078880.544086695 1765078880.578310251 0 0c044fc9f411403aa3ab5cf8f2b14495
Dec 06 22:41:20 np0005549343.novalocal object-server[96909]: ::1 - - [07/Dec/2025:03:41:20 +0000] "GET /1/38476/AUTH_9cb2db62181546998c52314d1567748c/gnocchi.e0bcb974-4bc6-4426-88f8-d589e00e99d2/none_v3" 200 36 "GET https://[::1]:8080/v1/AUTH_9cb2db62181546998c52314d1567748c/gnocchi.e0bcb974-4bc6-4426-88f8-d589e00e99d2/none_v3" "tx6e91145abe394695b2231-006934f760" "proxy-server 97857" 0.0005 "-" 96909 0
Dec 06 22:41:20 np0005549343.novalocal proxy-server[97857]: ::1 ::1 07/Dec/2025/03/41/20 GET /v1/AUTH_9cb2db62181546998c52314d1567748c/gnocchi.e0bcb974-4bc6-4426-88f8-d589e00e99d2/none_v3 HTTP/1.0 200 - python-swiftclient-4.8.0 gAAAAABpNPckgn8e... - 36 - tx6e91145abe394695b2231-006934f760 - 0.0061 - - 1765078880.595560789 1765078880.601637125 0 0c044fc9f411403aa3ab5cf8f2b14495
Dec 06 22:41:20 np0005549343.novalocal container-server[96576]: ::1 - - [07/Dec/2025:03:41:20 +0000] "GET /2/191780/AUTH_9cb2db62181546998c52314d1567748c/gnocchi.e0bcb974-4bc6-4426-88f8-d589e00e99d2" 200 357 "GET https://[::1]:8080/v1/AUTH_9cb2db62181546998c52314d1567748c/gnocchi.e0bcb974-4bc6-4426-88f8-d589e00e99d2?format=json&states=listing" "tx036de7a177334eb1a9f6b-006934f760" "proxy-server 97857" 0.0093 "-" 96576 0
Dec 06 22:41:20 np0005549343.novalocal proxy-server[97857]: ::1 ::1 07/Dec/2025/03/41/20 GET /v1/AUTH_9cb2db62181546998c52314d1567748c/gnocchi.e0bcb974-4bc6-4426-88f8-d589e00e99d2%3Fformat%3Djson%26states%3Dlisting HTTP/1.0 200 - python-swiftclient-4.8.0 gAAAAABpNPckgn8e... - 357 - tx036de7a177334eb1a9f6b-006934f760 - 0.0158 - - 1765078880.605649710 1765078880.621474028 0 0c044fc9f411403aa3ab5cf8f2b14495
Dec 06 22:41:20 np0005549343.novalocal container-server[96576]: ::1 - - [07/Dec/2025:03:41:20 +0000] "GET /3/191780/AUTH_9cb2db62181546998c52314d1567748c/gnocchi.e0bcb974-4bc6-4426-88f8-d589e00e99d2" 200 2 "GET https://[::1]:8080/v1/AUTH_9cb2db62181546998c52314d1567748c/gnocchi.e0bcb974-4bc6-4426-88f8-d589e00e99d2?format=json&marker=none_v3&states=listing" "tx0371d7262e0b49f29ea42-006934f760" "proxy-server 97857" 0.0082 "-" 96576 0
Dec 06 22:41:20 np0005549343.novalocal proxy-server[97857]: ::1 ::1 07/Dec/2025/03/41/20 GET /v1/AUTH_9cb2db62181546998c52314d1567748c/gnocchi.e0bcb974-4bc6-4426-88f8-d589e00e99d2%3Fformat%3Djson%26marker%3Dnone_v3%26states%3Dlisting HTTP/1.0 200 - python-swiftclient-4.8.0 gAAAAABpNPckgn8e... - 2 - tx0371d7262e0b49f29ea42-006934f760 - 0.0181 - - 1765078880.624598503 1765078880.642664433 0 0c044fc9f411403aa3ab5cf8f2b14495
Dec 06 22:41:20 np0005549343.novalocal object-server[96910]: ::1 - - [07/Dec/2025:03:41:20 +0000] "GET /1/164983/AUTH_9cb2db62181546998c52314d1567748c/gnocchi.e0bcb974-4bc6-4426-88f8-d589e00e99d2/1764720000.0_mean_300.0_v3" 200 16 "GET https://[::1]:8080/v1/AUTH_9cb2db62181546998c52314d1567748c/gnocchi.e0bcb974-4bc6-4426-88f8-d589e00e99d2/1764720000.0_mean_300.0_v3" "tx3ae4d5f073324867af0ee-006934f760" "proxy-server 97857" 0.0011 "-" 96910 0
Dec 06 22:41:20 np0005549343.novalocal proxy-server[97857]: ::1 ::1 07/Dec/2025/03/41/20 GET /v1/AUTH_9cb2db62181546998c52314d1567748c/gnocchi.e0bcb974-4bc6-4426-88f8-d589e00e99d2/1764720000.0_mean_300.0_v3 HTTP/1.0 200 - python-swiftclient-4.8.0 gAAAAABpNPckgn8e... - 16 - tx3ae4d5f073324867af0ee-006934f760 - 0.0101 - - 1765078880.647739172 1765078880.657828331 0 0c044fc9f411403aa3ab5cf8f2b14495
Dec 06 22:41:20 np0005549343.novalocal container-server[96576]: ::1 - - [07/Dec/2025:03:41:20 +0000] "PUT /2/191780/AUTH_9cb2db62181546998c52314d1567748c/gnocchi.e0bcb974-4bc6-4426-88f8-d589e00e99d2/1764720000.0_mean_300.0_v3" 201 - "PUT http://[::1]:8080/3/164983/AUTH_9cb2db62181546998c52314d1567748c/gnocchi.e0bcb974-4bc6-4426-88f8-d589e00e99d2/1764720000.0_mean_300.0_v3" "tx3d7ec7b705aa45c7b8e4c-006934f760" "object-server 96910" 0.0007 "-" 96576 0
Dec 06 22:41:20 np0005549343.novalocal container-server[96576]: ::1 - - [07/Dec/2025:03:41:20 +0000] "PUT /1/191780/AUTH_9cb2db62181546998c52314d1567748c/gnocchi.e0bcb974-4bc6-4426-88f8-d589e00e99d2/1764720000.0_mean_300.0_v3" 201 - "PUT http://[::1]:8080/2/164983/AUTH_9cb2db62181546998c52314d1567748c/gnocchi.e0bcb974-4bc6-4426-88f8-d589e00e99d2/1764720000.0_mean_300.0_v3" "tx3d7ec7b705aa45c7b8e4c-006934f760" "object-server 96910" 0.0004 "-" 96576 0
Dec 06 22:41:20 np0005549343.novalocal object-server[96910]: ::1 - - [07/Dec/2025:03:41:20 +0000] "PUT /3/164983/AUTH_9cb2db62181546998c52314d1567748c/gnocchi.e0bcb974-4bc6-4426-88f8-d589e00e99d2/1764720000.0_mean_300.0_v3" 201 - "PUT https://[::1]:8080/v1/AUTH_9cb2db62181546998c52314d1567748c/gnocchi.e0bcb974-4bc6-4426-88f8-d589e00e99d2/1764720000.0_mean_300.0_v3" "tx3d7ec7b705aa45c7b8e4c-006934f760" "proxy-server 97857" 0.0143 "-" 96910 0
Dec 06 22:41:20 np0005549343.novalocal container-server[96576]: ::1 - - [07/Dec/2025:03:41:20 +0000] "PUT /3/191780/AUTH_9cb2db62181546998c52314d1567748c/gnocchi.e0bcb974-4bc6-4426-88f8-d589e00e99d2/1764720000.0_mean_300.0_v3" 201 - "PUT http://[::1]:8080/1/164983/AUTH_9cb2db62181546998c52314d1567748c/gnocchi.e0bcb974-4bc6-4426-88f8-d589e00e99d2/1764720000.0_mean_300.0_v3" "tx3d7ec7b705aa45c7b8e4c-006934f760" "object-server 96909" 0.0004 "-" 96576 0
Dec 06 22:41:20 np0005549343.novalocal object-server[96910]: ::1 - - [07/Dec/2025:03:41:20 +0000] "PUT /2/164983/AUTH_9cb2db62181546998c52314d1567748c/gnocchi.e0bcb974-4bc6-4426-88f8-d589e00e99d2/1764720000.0_mean_300.0_v3" 201 - "PUT https://[::1]:8080/v1/AUTH_9cb2db62181546998c52314d1567748c/gnocchi.e0bcb974-4bc6-4426-88f8-d589e00e99d2/1764720000.0_mean_300.0_v3" "tx3d7ec7b705aa45c7b8e4c-006934f760" "proxy-server 97857" 0.0133 "-" 96910 0
Dec 06 22:41:20 np0005549343.novalocal object-server[96909]: ::1 - - [07/Dec/2025:03:41:20 +0000] "PUT /1/164983/AUTH_9cb2db62181546998c52314d1567748c/gnocchi.e0bcb974-4bc6-4426-88f8-d589e00e99d2/1764720000.0_mean_300.0_v3" 201 - "PUT https://[::1]:8080/v1/AUTH_9cb2db62181546998c52314d1567748c/gnocchi.e0bcb974-4bc6-4426-88f8-d589e00e99d2/1764720000.0_mean_300.0_v3" "tx3d7ec7b705aa45c7b8e4c-006934f760" "proxy-server 97857" 0.0165 "-" 96909 0
Dec 06 22:41:20 np0005549343.novalocal proxy-server[97857]: ::1 ::1 07/Dec/2025/03/41/20 PUT /v1/AUTH_9cb2db62181546998c52314d1567748c/gnocchi.e0bcb974-4bc6-4426-88f8-d589e00e99d2/1764720000.0_mean_300.0_v3 HTTP/1.0 201 - python-swiftclient-4.8.0 gAAAAABpNPckgn8e... 16 - - tx3d7ec7b705aa45c7b8e4c-006934f760 - 0.0284 - - 1765078880.661389589 1765078880.689770699 0 0c044fc9f411403aa3ab5cf8f2b14495
Dec 06 22:41:20 np0005549343.novalocal kernel: qbr96d541f5-a7: port 2(tap96d541f5-a7) entered disabled state
Dec 06 22:41:20 np0005549343.novalocal kernel: tap96d541f5-a7 (unregistering): left allmulticast mode
Dec 06 22:41:20 np0005549343.novalocal kernel: tap96d541f5-a7 (unregistering): left promiscuous mode
Dec 06 22:41:20 np0005549343.novalocal kernel: qbr96d541f5-a7: port 2(tap96d541f5-a7) entered disabled state
Dec 06 22:41:20 np0005549343.novalocal NetworkManager[854]: [1765078880.7240] device (tap96d541f5-a7): state change: activated -> unmanaged (reason 'unmanaged', managed-type: 'removed')
Dec 06 22:41:20 np0005549343.novalocal container-server[96575]: ::1 - - [07/Dec/2025:03:41:20 +0000] "PUT /1/191780/AUTH_9cb2db62181546998c52314d1567748c/gnocchi.e0bcb974-4bc6-4426-88f8-d589e00e99d2/none_v3" 201 - "PUT http://[::1]:8080/1/38476/AUTH_9cb2db62181546998c52314d1567748c/gnocchi.e0bcb974-4bc6-4426-88f8-d589e00e99d2/none_v3" "tx6977f1a5bbc241e597669-006934f760" "object-server 96909" 0.0005 "-" 96575 0
Dec 06 22:41:20 np0005549343.novalocal NetworkManager[854]: [1765078880.7264] device (tap96d541f5-a7): released from controller device qbr96d541f5-a7
Dec 06 22:41:20 np0005549343.novalocal container-server[96575]: ::1 - - [07/Dec/2025:03:41:20 +0000] "PUT /3/191780/AUTH_9cb2db62181546998c52314d1567748c/gnocchi.e0bcb974-4bc6-4426-88f8-d589e00e99d2/none_v3" 201 - "PUT http://[::1]:8080/2/38476/AUTH_9cb2db62181546998c52314d1567748c/gnocchi.e0bcb974-4bc6-4426-88f8-d589e00e99d2/none_v3" "tx6977f1a5bbc241e597669-006934f760" "object-server 96910" 0.0003 "-" 96575 0
Dec 06 22:41:20 np0005549343.novalocal object-server[96909]: ::1 - - [07/Dec/2025:03:41:20 +0000] "PUT /1/38476/AUTH_9cb2db62181546998c52314d1567748c/gnocchi.e0bcb974-4bc6-4426-88f8-d589e00e99d2/none_v3" 201 - "PUT https://[::1]:8080/v1/AUTH_9cb2db62181546998c52314d1567748c/gnocchi.e0bcb974-4bc6-4426-88f8-d589e00e99d2/none_v3" "tx6977f1a5bbc241e597669-006934f760" "proxy-server 97857" 0.0201 "-" 96909 0
Dec 06 22:41:20 np0005549343.novalocal object-server[96910]: ::1 - - [07/Dec/2025:03:41:20 +0000] "PUT /2/38476/AUTH_9cb2db62181546998c52314d1567748c/gnocchi.e0bcb974-4bc6-4426-88f8-d589e00e99d2/none_v3" 201 - "PUT https://[::1]:8080/v1/AUTH_9cb2db62181546998c52314d1567748c/gnocchi.e0bcb974-4bc6-4426-88f8-d589e00e99d2/none_v3" "tx6977f1a5bbc241e597669-006934f760" "proxy-server 97857" 0.0146 "-" 96910 0
Dec 06 22:41:20 np0005549343.novalocal container-server[96575]: ::1 - - [07/Dec/2025:03:41:20 +0000] "PUT /2/191780/AUTH_9cb2db62181546998c52314d1567748c/gnocchi.e0bcb974-4bc6-4426-88f8-d589e00e99d2/none_v3" 201 - "PUT http://[::1]:8080/3/38476/AUTH_9cb2db62181546998c52314d1567748c/gnocchi.e0bcb974-4bc6-4426-88f8-d589e00e99d2/none_v3" "tx6977f1a5bbc241e597669-006934f760" "object-server 96910" 0.0003 "-" 96575 0
Dec 06 22:41:20 np0005549343.novalocal object-server[96910]: ::1 - - [07/Dec/2025:03:41:20 +0000] "PUT /3/38476/AUTH_9cb2db62181546998c52314d1567748c/gnocchi.e0bcb974-4bc6-4426-88f8-d589e00e99d2/none_v3" 201 - "PUT https://[::1]:8080/v1/AUTH_9cb2db62181546998c52314d1567748c/gnocchi.e0bcb974-4bc6-4426-88f8-d589e00e99d2/none_v3" "tx6977f1a5bbc241e597669-006934f760" "proxy-server 97857" 0.0211 "-" 96910 0
Dec 06 22:41:20 np0005549343.novalocal proxy-server[97857]: ::1 ::1 07/Dec/2025/03/41/20 PUT /v1/AUTH_9cb2db62181546998c52314d1567748c/gnocchi.e0bcb974-4bc6-4426-88f8-d589e00e99d2/none_v3 HTTP/1.0 201 - python-swiftclient-4.8.0 gAAAAABpNPckgn8e... 45 - - tx6977f1a5bbc241e597669-006934f760 - 0.0364 - - 1765078880.694241762 1765078880.730625629 0 0c044fc9f411403aa3ab5cf8f2b14495
Dec 06 22:41:20 np0005549343.novalocal systemd[1]: Starting Network Manager Script Dispatcher Service...
Dec 06 22:41:20 np0005549343.novalocal systemd[1]: machine-qemu\x2d2\x2dinstance\x2d00000002.scope: Deactivated successfully.
Dec 06 22:41:20 np0005549343.novalocal systemd[1]: machine-qemu\x2d2\x2dinstance\x2d00000002.scope: Consumed 25.260s CPU time.
Dec 06 22:41:20 np0005549343.novalocal systemd-machined[93474]: Machine qemu-2-instance-00000002 terminated.
Dec 06 22:41:20 np0005549343.novalocal object-server[96909]: ::1 - - [07/Dec/2025:03:41:20 +0000] "GET /2/102725/AUTH_9cb2db62181546998c52314d1567748c/gnocchi.b32af3c1-f78e-4e75-95dc-2034dc2373d6/none_v3" 200 22 "GET https://[::1]:8080/v1/AUTH_9cb2db62181546998c52314d1567748c/gnocchi.b32af3c1-f78e-4e75-95dc-2034dc2373d6/none_v3" "txd9d043783ea14cf6a6bbf-006934f760" "proxy-server 97857" 0.0014 "-" 96909 0
Dec 06 22:41:20 np0005549343.novalocal proxy-server[97857]: ::1 ::1 07/Dec/2025/03/41/20 GET /v1/AUTH_9cb2db62181546998c52314d1567748c/gnocchi.b32af3c1-f78e-4e75-95dc-2034dc2373d6/none_v3 HTTP/1.0 200 - python-swiftclient-4.8.0 gAAAAABpNPckgn8e... - 22 - txd9d043783ea14cf6a6bbf-006934f760 - 0.0101 - - 1765078880.754395247 1765078880.764542580 0 0c044fc9f411403aa3ab5cf8f2b14495
Dec 06 22:41:20 np0005549343.novalocal dnsmasq[103118]: read /var/lib/neutron/dhcp/a7b8db30-53f4-4ab5-8504-186ab5469d9f/addn_hosts - 2 addresses
Dec 06 22:41:20 np0005549343.novalocal dnsmasq-dhcp[103118]: read /var/lib/neutron/dhcp/a7b8db30-53f4-4ab5-8504-186ab5469d9f/host
Dec 06 22:41:20 np0005549343.novalocal systemd[1]: Started Network Manager Script Dispatcher Service.
Dec 06 22:41:20 np0005549343.novalocal dnsmasq-dhcp[103118]: read /var/lib/neutron/dhcp/a7b8db30-53f4-4ab5-8504-186ab5469d9f/opts
Dec 06 22:41:20 np0005549343.novalocal container-server[96576]: ::1 - - [07/Dec/2025:03:41:20 +0000] "GET /3/241019/AUTH_9cb2db62181546998c52314d1567748c/gnocchi.b32af3c1-f78e-4e75-95dc-2034dc2373d6" 200 357 "GET https://[::1]:8080/v1/AUTH_9cb2db62181546998c52314d1567748c/gnocchi.b32af3c1-f78e-4e75-95dc-2034dc2373d6?format=json&states=listing" "txb1be8366acc74b3a8fe6a-006934f760" "proxy-server 97857" 0.0019 "-" 96576 0
Dec 06 22:41:20 np0005549343.novalocal proxy-server[97857]: ::1 ::1 07/Dec/2025/03/41/20 GET /v1/AUTH_9cb2db62181546998c52314d1567748c/gnocchi.b32af3c1-f78e-4e75-95dc-2034dc2373d6%3Fformat%3Djson%26states%3Dlisting HTTP/1.0 200 - python-swiftclient-4.8.0 gAAAAABpNPckgn8e... - 357 - txb1be8366acc74b3a8fe6a-006934f760 - 0.0084 - - 1765078880.768468618 1765078880.776882410 0 0c044fc9f411403aa3ab5cf8f2b14495
Dec 06 22:41:20 np0005549343.novalocal container-server[96575]: ::1 - - [07/Dec/2025:03:41:20 +0000] "GET /2/241019/AUTH_9cb2db62181546998c52314d1567748c/gnocchi.b32af3c1-f78e-4e75-95dc-2034dc2373d6" 200 2 "GET https://[::1]:8080/v1/AUTH_9cb2db62181546998c52314d1567748c/gnocchi.b32af3c1-f78e-4e75-95dc-2034dc2373d6?format=json&marker=none_v3&states=listing" "txa2512970c8da4afe940a9-006934f760" "proxy-server 97857" 0.0018 "-" 96575 0
Dec 06 22:41:20 np0005549343.novalocal proxy-server[97857]: ::1 ::1 07/Dec/2025/03/41/20 GET /v1/AUTH_9cb2db62181546998c52314d1567748c/gnocchi.b32af3c1-f78e-4e75-95dc-2034dc2373d6%3Fformat%3Djson%26marker%3Dnone_v3%26states%3Dlisting HTTP/1.0 200 - python-swiftclient-4.8.0 gAAAAABpNPckgn8e... - 2 - txa2512970c8da4afe940a9-006934f760 - 0.0157 - - 1765078880.778719664 1765078880.794429779 0 0c044fc9f411403aa3ab5cf8f2b14495
Dec 06 22:41:20 np0005549343.novalocal object-server[96909]: ::1 - - [07/Dec/2025:03:41:20 +0000] "GET /1/28735/AUTH_9cb2db62181546998c52314d1567748c/gnocchi.b32af3c1-f78e-4e75-95dc-2034dc2373d6/1764720000.0_mean_300.0_v3" 200 16 "GET https://[::1]:8080/v1/AUTH_9cb2db62181546998c52314d1567748c/gnocchi.b32af3c1-f78e-4e75-95dc-2034dc2373d6/1764720000.0_mean_300.0_v3" "tx40a0b121fec54d16b6bd5-006934f760" "proxy-server 97857" 0.0010 "-" 96909 0
Dec 06 22:41:20 np0005549343.novalocal proxy-server[97857]: ::1 ::1 07/Dec/2025/03/41/20 GET /v1/AUTH_9cb2db62181546998c52314d1567748c/gnocchi.b32af3c1-f78e-4e75-95dc-2034dc2373d6/1764720000.0_mean_300.0_v3 HTTP/1.0 200 - python-swiftclient-4.8.0 gAAAAABpNPckgn8e... - 16 - tx40a0b121fec54d16b6bd5-006934f760 - 0.0121 - - 1765078880.798465014 1765078880.810605049 0 0c044fc9f411403aa3ab5cf8f2b14495
Dec 06 22:41:20 np0005549343.novalocal container-server[96575]: ::1 - - [07/Dec/2025:03:41:20 +0000] "PUT /2/241019/AUTH_9cb2db62181546998c52314d1567748c/gnocchi.b32af3c1-f78e-4e75-95dc-2034dc2373d6/1764720000.0_mean_300.0_v3" 201 - "PUT http://[::1]:8080/2/28735/AUTH_9cb2db62181546998c52314d1567748c/gnocchi.b32af3c1-f78e-4e75-95dc-2034dc2373d6/1764720000.0_mean_300.0_v3" "txece698bffe2545d594605-006934f760" "object-server 96910" 0.0005 "-" 96575 0
Dec 06 22:41:20 np0005549343.novalocal container-server[96575]: ::1 - - [07/Dec/2025:03:41:20 +0000] "PUT /1/241019/AUTH_9cb2db62181546998c52314d1567748c/gnocchi.b32af3c1-f78e-4e75-95dc-2034dc2373d6/1764720000.0_mean_300.0_v3" 201 - "PUT http://[::1]:8080/3/28735/AUTH_9cb2db62181546998c52314d1567748c/gnocchi.b32af3c1-f78e-4e75-95dc-2034dc2373d6/1764720000.0_mean_300.0_v3" "txece698bffe2545d594605-006934f760" "object-server 96909" 0.0003 "-" 96575 0
Dec 06 22:41:20 np0005549343.novalocal object-server[96909]: ::1 - - [07/Dec/2025:03:41:20 +0000] "PUT /3/28735/AUTH_9cb2db62181546998c52314d1567748c/gnocchi.b32af3c1-f78e-4e75-95dc-2034dc2373d6/1764720000.0_mean_300.0_v3" 201 - "PUT https://[::1]:8080/v1/AUTH_9cb2db62181546998c52314d1567748c/gnocchi.b32af3c1-f78e-4e75-95dc-2034dc2373d6/1764720000.0_mean_300.0_v3" "txece698bffe2545d594605-006934f760" "proxy-server 97857" 0.0146 "-" 96909 0
Dec 06 22:41:20 np0005549343.novalocal object-server[96910]: ::1 - - [07/Dec/2025:03:41:20 +0000] "PUT /2/28735/AUTH_9cb2db62181546998c52314d1567748c/gnocchi.b32af3c1-f78e-4e75-95dc-2034dc2373d6/1764720000.0_mean_300.0_v3" 201 - "PUT https://[::1]:8080/v1/AUTH_9cb2db62181546998c52314d1567748c/gnocchi.b32af3c1-f78e-4e75-95dc-2034dc2373d6/1764720000.0_mean_300.0_v3" "txece698bffe2545d594605-006934f760" "proxy-server 97857" 0.0117 "-" 96910 0
Dec 06 22:41:20 np0005549343.novalocal container-server[96576]: ::1 - - [07/Dec/2025:03:41:20 +0000] "PUT /3/241019/AUTH_9cb2db62181546998c52314d1567748c/gnocchi.b32af3c1-f78e-4e75-95dc-2034dc2373d6/1764720000.0_mean_300.0_v3" 201 - "PUT http://[::1]:8080/1/28735/AUTH_9cb2db62181546998c52314d1567748c/gnocchi.b32af3c1-f78e-4e75-95dc-2034dc2373d6/1764720000.0_mean_300.0_v3" "txece698bffe2545d594605-006934f760" "object-server 96910" 0.0005 "-" 96576 0
Dec 06 22:41:20 np0005549343.novalocal object-server[96910]: ::1 - - [07/Dec/2025:03:41:20 +0000] "PUT /1/28735/AUTH_9cb2db62181546998c52314d1567748c/gnocchi.b32af3c1-f78e-4e75-95dc-2034dc2373d6/1764720000.0_mean_300.0_v3" 201 - "PUT https://[::1]:8080/v1/AUTH_9cb2db62181546998c52314d1567748c/gnocchi.b32af3c1-f78e-4e75-95dc-2034dc2373d6/1764720000.0_mean_300.0_v3" "txece698bffe2545d594605-006934f760" "proxy-server 97857" 0.0177 "-" 96910 0
Dec 06 22:41:20 np0005549343.novalocal proxy-server[97857]: ::1 ::1 07/Dec/2025/03/41/20 PUT /v1/AUTH_9cb2db62181546998c52314d1567748c/gnocchi.b32af3c1-f78e-4e75-95dc-2034dc2373d6/1764720000.0_mean_300.0_v3 HTTP/1.0 201 - python-swiftclient-4.8.0 gAAAAABpNPckgn8e... 16 - - txece698bffe2545d594605-006934f760 - 0.0310 - - 1765078880.814488888 1765078880.845538378 0 0c044fc9f411403aa3ab5cf8f2b14495
Dec 06 22:41:20 np0005549343.novalocal container-server[96575]: ::1 - - [07/Dec/2025:03:41:20 +0000] "PUT /2/241019/AUTH_9cb2db62181546998c52314d1567748c/gnocchi.b32af3c1-f78e-4e75-95dc-2034dc2373d6/none_v3" 201 - "PUT http://[::1]:8080/1/102725/AUTH_9cb2db62181546998c52314d1567748c/gnocchi.b32af3c1-f78e-4e75-95dc-2034dc2373d6/none_v3" "txe8def45b86d94a0d8f4d4-006934f760" "object-server 96909" 0.0006 "-" 96575 0
Dec 06 22:41:20 np0005549343.novalocal object-server[96909]: ::1 - - [07/Dec/2025:03:41:20 +0000] "PUT /1/102725/AUTH_9cb2db62181546998c52314d1567748c/gnocchi.b32af3c1-f78e-4e75-95dc-2034dc2373d6/none_v3" 201 - "PUT https://[::1]:8080/v1/AUTH_9cb2db62181546998c52314d1567748c/gnocchi.b32af3c1-f78e-4e75-95dc-2034dc2373d6/none_v3" "txe8def45b86d94a0d8f4d4-006934f760" "proxy-server 97857" 0.0108 "-" 96909 0
Dec 06 22:41:20 np0005549343.novalocal container-server[96576]: ::1 - - [07/Dec/2025:03:41:20 +0000] "PUT /3/241019/AUTH_9cb2db62181546998c52314d1567748c/gnocchi.b32af3c1-f78e-4e75-95dc-2034dc2373d6/none_v3" 201 - "PUT http://[::1]:8080/3/102725/AUTH_9cb2db62181546998c52314d1567748c/gnocchi.b32af3c1-f78e-4e75-95dc-2034dc2373d6/none_v3" "txe8def45b86d94a0d8f4d4-006934f760" "object-server 96910" 0.0006 "-" 96576 0
Dec 06 22:41:20 np0005549343.novalocal object-server[96910]: ::1 - - [07/Dec/2025:03:41:20 +0000] "PUT /3/102725/AUTH_9cb2db62181546998c52314d1567748c/gnocchi.b32af3c1-f78e-4e75-95dc-2034dc2373d6/none_v3" 201 - "PUT https://[::1]:8080/v1/AUTH_9cb2db62181546998c52314d1567748c/gnocchi.b32af3c1-f78e-4e75-95dc-2034dc2373d6/none_v3" "txe8def45b86d94a0d8f4d4-006934f760" "proxy-server 97857" 0.0122 "-" 96910 0
Dec 06 22:41:20 np0005549343.novalocal container-server[96576]: ::1 - - [07/Dec/2025:03:41:20 +0000] "PUT /1/241019/AUTH_9cb2db62181546998c52314d1567748c/gnocchi.b32af3c1-f78e-4e75-95dc-2034dc2373d6/none_v3" 201 - "PUT http://[::1]:8080/2/102725/AUTH_9cb2db62181546998c52314d1567748c/gnocchi.b32af3c1-f78e-4e75-95dc-2034dc2373d6/none_v3" "txe8def45b86d94a0d8f4d4-006934f760" "object-server 96910" 0.0004 "-" 96576 0
Dec 06 22:41:20 np0005549343.novalocal object-server[96910]: ::1 - - [07/Dec/2025:03:41:20 +0000] "PUT /2/102725/AUTH_9cb2db62181546998c52314d1567748c/gnocchi.b32af3c1-f78e-4e75-95dc-2034dc2373d6/none_v3" 201 - "PUT https://[::1]:8080/v1/AUTH_9cb2db62181546998c52314d1567748c/gnocchi.b32af3c1-f78e-4e75-95dc-2034dc2373d6/none_v3" "txe8def45b86d94a0d8f4d4-006934f760" "proxy-server 97857" 0.0176 "-" 96910 0
Dec 06 22:41:20 np0005549343.novalocal proxy-server[97857]: ::1 ::1 07/Dec/2025/03/41/20 PUT /v1/AUTH_9cb2db62181546998c52314d1567748c/gnocchi.b32af3c1-f78e-4e75-95dc-2034dc2373d6/none_v3 HTTP/1.0 201 - python-swiftclient-4.8.0 gAAAAABpNPckgn8e... 32 - - txe8def45b86d94a0d8f4d4-006934f760 - 0.0251 - - 1765078880.847925425 1765078880.872979164 0 0c044fc9f411403aa3ab5cf8f2b14495
Dec 06 22:41:20 np0005549343.novalocal object-server[96910]: ::1 - - [07/Dec/2025:03:41:20 +0000] "GET /1/199828/AUTH_9cb2db62181546998c52314d1567748c/gnocchi.af561d87-3380-4b44-bb47-d9dcd6d2655a/none_v3" 200 22 "GET https://[::1]:8080/v1/AUTH_9cb2db62181546998c52314d1567748c/gnocchi.af561d87-3380-4b44-bb47-d9dcd6d2655a/none_v3" "txb2b70d35ee244f629865d-006934f760" "proxy-server 97857" 0.0007 "-" 96910 0
Dec 06 22:41:20 np0005549343.novalocal proxy-server[97857]: ::1 ::1 07/Dec/2025/03/41/20 GET /v1/AUTH_9cb2db62181546998c52314d1567748c/gnocchi.af561d87-3380-4b44-bb47-d9dcd6d2655a/none_v3 HTTP/1.0 200 - python-swiftclient-4.8.0 gAAAAABpNPckgn8e... - 22 - txb2b70d35ee244f629865d-006934f760 - 0.0091 - - 1765078880.883311987 1765078880.892439842 0 0c044fc9f411403aa3ab5cf8f2b14495
Dec 06 22:41:20 np0005549343.novalocal container-server[96575]: ::1 - - [07/Dec/2025:03:41:20 +0000] "GET /2/82633/AUTH_9cb2db62181546998c52314d1567748c/gnocchi.af561d87-3380-4b44-bb47-d9dcd6d2655a" 200 357 "GET https://[::1]:8080/v1/AUTH_9cb2db62181546998c52314d1567748c/gnocchi.af561d87-3380-4b44-bb47-d9dcd6d2655a?format=json&states=listing" "tx08305ec537864e30bab04-006934f760" "proxy-server 97857" 0.0019 "-" 96575 0
Dec 06 22:41:20 np0005549343.novalocal proxy-server[97857]: ::1 ::1 07/Dec/2025/03/41/20 GET /v1/AUTH_9cb2db62181546998c52314d1567748c/gnocchi.af561d87-3380-4b44-bb47-d9dcd6d2655a%3Fformat%3Djson%26states%3Dlisting HTTP/1.0 200 - python-swiftclient-4.8.0 gAAAAABpNPckgn8e... - 357 - tx08305ec537864e30bab04-006934f760 - 0.0135 - - 1765078880.896981478 1765078880.910530329 0 0c044fc9f411403aa3ab5cf8f2b14495
Dec 06 22:41:20 np0005549343.novalocal container-server[96575]: ::1 - - [07/Dec/2025:03:41:20 +0000] "GET /1/82633/AUTH_9cb2db62181546998c52314d1567748c/gnocchi.af561d87-3380-4b44-bb47-d9dcd6d2655a" 200 2 "GET https://[::1]:8080/v1/AUTH_9cb2db62181546998c52314d1567748c/gnocchi.af561d87-3380-4b44-bb47-d9dcd6d2655a?format=json&marker=none_v3&states=listing" "txf5e4e50c07dd4ae8a672e-006934f760" "proxy-server 97857" 0.0018 "-" 96575 0
Dec 06 22:41:20 np0005549343.novalocal proxy-server[97857]: ::1 ::1 07/Dec/2025/03/41/20 GET /v1/AUTH_9cb2db62181546998c52314d1567748c/gnocchi.af561d87-3380-4b44-bb47-d9dcd6d2655a%3Fformat%3Djson%26marker%3Dnone_v3%26states%3Dlisting HTTP/1.0 200 - python-swiftclient-4.8.0 gAAAAABpNPckgn8e... - 2 - txf5e4e50c07dd4ae8a672e-006934f760 - 0.0085 - - 1765078880.913772106 1765078880.922266006 0 0c044fc9f411403aa3ab5cf8f2b14495
Dec 06 22:41:20 np0005549343.novalocal object-server[96910]: ::1 - - [07/Dec/2025:03:41:20 +0000] "GET /3/160819/AUTH_9cb2db62181546998c52314d1567748c/gnocchi.af561d87-3380-4b44-bb47-d9dcd6d2655a/1764720000.0_mean_300.0_v3" 200 16 "GET https://[::1]:8080/v1/AUTH_9cb2db62181546998c52314d1567748c/gnocchi.af561d87-3380-4b44-bb47-d9dcd6d2655a/1764720000.0_mean_300.0_v3" "txa1ee75d7c6614ff2bb2d9-006934f760" "proxy-server 97857" 0.0011 "-" 96910 0
Dec 06 22:41:20 np0005549343.novalocal proxy-server[97857]: ::1 ::1 07/Dec/2025/03/41/20 GET /v1/AUTH_9cb2db62181546998c52314d1567748c/gnocchi.af561d87-3380-4b44-bb47-d9dcd6d2655a/1764720000.0_mean_300.0_v3 HTTP/1.0 200 - python-swiftclient-4.8.0 gAAAAABpNPckgn8e... - 16 - txa1ee75d7c6614ff2bb2d9-006934f760 - 0.0120 - - 1765078880.926272869 1765078880.938273191 0 0c044fc9f411403aa3ab5cf8f2b14495
Dec 06 22:41:20 np0005549343.novalocal container-server[96576]: ::1 - - [07/Dec/2025:03:41:20 +0000] "PUT /3/82633/AUTH_9cb2db62181546998c52314d1567748c/gnocchi.af561d87-3380-4b44-bb47-d9dcd6d2655a/1764720000.0_mean_300.0_v3" 201 - "PUT http://[::1]:8080/2/160819/AUTH_9cb2db62181546998c52314d1567748c/gnocchi.af561d87-3380-4b44-bb47-d9dcd6d2655a/1764720000.0_mean_300.0_v3" "tx11bdc408040d4695810fb-006934f760" "object-server 96909" 0.0009 "-" 96576 0
Dec 06 22:41:20 np0005549343.novalocal container-server[96575]: ::1 - - [07/Dec/2025:03:41:20 +0000] "PUT /2/82633/AUTH_9cb2db62181546998c52314d1567748c/gnocchi.af561d87-3380-4b44-bb47-d9dcd6d2655a/1764720000.0_mean_300.0_v3" 201 - "PUT http://[::1]:8080/1/160819/AUTH_9cb2db62181546998c52314d1567748c/gnocchi.af561d87-3380-4b44-bb47-d9dcd6d2655a/1764720000.0_mean_300.0_v3" "tx11bdc408040d4695810fb-006934f760" "object-server 96909" 0.0005 "-" 96575 0
Dec 06 22:41:20 np0005549343.novalocal object-server[96909]: ::1 - - [07/Dec/2025:03:41:20 +0000] "PUT /2/160819/AUTH_9cb2db62181546998c52314d1567748c/gnocchi.af561d87-3380-4b44-bb47-d9dcd6d2655a/1764720000.0_mean_300.0_v3" 201 - "PUT https://[::1]:8080/v1/AUTH_9cb2db62181546998c52314d1567748c/gnocchi.af561d87-3380-4b44-bb47-d9dcd6d2655a/1764720000.0_mean_300.0_v3" "tx11bdc408040d4695810fb-006934f760" "proxy-server 97857" 0.0156 "-" 96909 0
Dec 06 22:41:20 np0005549343.novalocal container-server[96576]: ::1 - - [07/Dec/2025:03:41:20 +0000] "PUT /1/82633/AUTH_9cb2db62181546998c52314d1567748c/gnocchi.af561d87-3380-4b44-bb47-d9dcd6d2655a/1764720000.0_mean_300.0_v3" 201 - "PUT http://[::1]:8080/3/160819/AUTH_9cb2db62181546998c52314d1567748c/gnocchi.af561d87-3380-4b44-bb47-d9dcd6d2655a/1764720000.0_mean_300.0_v3" "tx11bdc408040d4695810fb-006934f760" "object-server 96909" 0.0005 "-" 96576 0
Dec 06 22:41:20 np0005549343.novalocal object-server[96909]: ::1 - - [07/Dec/2025:03:41:20 +0000] "PUT /1/160819/AUTH_9cb2db62181546998c52314d1567748c/gnocchi.af561d87-3380-4b44-bb47-d9dcd6d2655a/1764720000.0_mean_300.0_v3" 201 - "PUT https://[::1]:8080/v1/AUTH_9cb2db62181546998c52314d1567748c/gnocchi.af561d87-3380-4b44-bb47-d9dcd6d2655a/1764720000.0_mean_300.0_v3" "tx11bdc408040d4695810fb-006934f760" "proxy-server 97857" 0.0141 "-" 96909 0
Dec 06 22:41:20 np0005549343.novalocal object-server[96909]: ::1 - - [07/Dec/2025:03:41:20 +0000] "PUT /3/160819/AUTH_9cb2db62181546998c52314d1567748c/gnocchi.af561d87-3380-4b44-bb47-d9dcd6d2655a/1764720000.0_mean_300.0_v3" 201 - "PUT https://[::1]:8080/v1/AUTH_9cb2db62181546998c52314d1567748c/gnocchi.af561d87-3380-4b44-bb47-d9dcd6d2655a/1764720000.0_mean_300.0_v3" "tx11bdc408040d4695810fb-006934f760" "proxy-server 97857" 0.0192 "-" 96909 0
Dec 06 22:41:20 np0005549343.novalocal proxy-server[97857]: ::1 ::1 07/Dec/2025/03/41/20 PUT /v1/AUTH_9cb2db62181546998c52314d1567748c/gnocchi.af561d87-3380-4b44-bb47-d9dcd6d2655a/1764720000.0_mean_300.0_v3 HTTP/1.0 201 - python-swiftclient-4.8.0 gAAAAABpNPckgn8e... 16 - - tx11bdc408040d4695810fb-006934f760 - 0.0274 - - 1765078880.943582535 1765078880.971027851 0 0c044fc9f411403aa3ab5cf8f2b14495
Dec 06 22:41:20 np0005549343.novalocal container-server[96575]: ::1 - - [07/Dec/2025:03:41:20 +0000] "PUT /1/82633/AUTH_9cb2db62181546998c52314d1567748c/gnocchi.af561d87-3380-4b44-bb47-d9dcd6d2655a/none_v3" 201 - "PUT http://[::1]:8080/2/199828/AUTH_9cb2db62181546998c52314d1567748c/gnocchi.af561d87-3380-4b44-bb47-d9dcd6d2655a/none_v3" "tx4357fe9b37444f30acc6d-006934f760" "object-server 96910" 0.0009 "-" 96575 0
Dec 06 22:41:20 np0005549343.novalocal object-server[96910]: ::1 - - [07/Dec/2025:03:41:20 +0000] "PUT /2/199828/AUTH_9cb2db62181546998c52314d1567748c/gnocchi.af561d87-3380-4b44-bb47-d9dcd6d2655a/none_v3" 201 - "PUT https://[::1]:8080/v1/AUTH_9cb2db62181546998c52314d1567748c/gnocchi.af561d87-3380-4b44-bb47-d9dcd6d2655a/none_v3" "tx4357fe9b37444f30acc6d-006934f760" "proxy-server 97857" 0.0152 "-" 96910 0
Dec 06 22:41:20 np0005549343.novalocal container-server[96575]: ::1 - - [07/Dec/2025:03:41:20 +0000] "PUT /2/82633/AUTH_9cb2db62181546998c52314d1567748c/gnocchi.af561d87-3380-4b44-bb47-d9dcd6d2655a/none_v3" 201 - "PUT http://[::1]:8080/1/199828/AUTH_9cb2db62181546998c52314d1567748c/gnocchi.af561d87-3380-4b44-bb47-d9dcd6d2655a/none_v3" "tx4357fe9b37444f30acc6d-006934f760" "object-server 96909" 0.0005 "-" 96575 0
Dec 06 22:41:20 np0005549343.novalocal object-server[96909]: ::1 - - [07/Dec/2025:03:41:20 +0000] "PUT /1/199828/AUTH_9cb2db62181546998c52314d1567748c/gnocchi.af561d87-3380-4b44-bb47-d9dcd6d2655a/none_v3" 201 - "PUT https://[::1]:8080/v1/AUTH_9cb2db62181546998c52314d1567748c/gnocchi.af561d87-3380-4b44-bb47-d9dcd6d2655a/none_v3" "tx4357fe9b37444f30acc6d-006934f760" "proxy-server 97857" 0.0135 "-" 96909 0
Dec 06 22:41:20 np0005549343.novalocal container-server[96575]: ::1 - - [07/Dec/2025:03:41:20 +0000] "PUT /3/82633/AUTH_9cb2db62181546998c52314d1567748c/gnocchi.af561d87-3380-4b44-bb47-d9dcd6d2655a/none_v3" 201 - "PUT http://[::1]:8080/3/199828/AUTH_9cb2db62181546998c52314d1567748c/gnocchi.af561d87-3380-4b44-bb47-d9dcd6d2655a/none_v3" "tx4357fe9b37444f30acc6d-006934f760" "object-server 96909" 0.0004 "-" 96575 0
Dec 06 22:41:20 np0005549343.novalocal object-server[96909]: ::1 - - [07/Dec/2025:03:41:20 +0000] "PUT /3/199828/AUTH_9cb2db62181546998c52314d1567748c/gnocchi.af561d87-3380-4b44-bb47-d9dcd6d2655a/none_v3" 201 - "PUT https://[::1]:8080/v1/AUTH_9cb2db62181546998c52314d1567748c/gnocchi.af561d87-3380-4b44-bb47-d9dcd6d2655a/none_v3" "tx4357fe9b37444f30acc6d-006934f760" "proxy-server 97857" 0.0175 "-" 96909 0
Dec 06 22:41:21 np0005549343.novalocal proxy-server[97857]: ::1 ::1 07/Dec/2025/03/41/21 PUT /v1/AUTH_9cb2db62181546998c52314d1567748c/gnocchi.af561d87-3380-4b44-bb47-d9dcd6d2655a/none_v3 HTTP/1.0 201 - python-swiftclient-4.8.0 gAAAAABpNPckgn8e... 32 - - tx4357fe9b37444f30acc6d-006934f760 - 0.0270 - - 1765078880.974233866 1765078881.001223087 0 0c044fc9f411403aa3ab5cf8f2b14495
Dec 06 22:41:21 np0005549343.novalocal object-server[96909]: ::1 - - [07/Dec/2025:03:41:21 +0000] "GET /1/187521/AUTH_9cb2db62181546998c52314d1567748c/gnocchi.8a741be1-81ed-47f5-aecf-e2216f7eaadd/none_v3" 200 45 "GET https://[::1]:8080/v1/AUTH_9cb2db62181546998c52314d1567748c/gnocchi.8a741be1-81ed-47f5-aecf-e2216f7eaadd/none_v3" "tx356206a6f5194b2fa5f7d-006934f761" "proxy-server 97857" 0.0010 "-" 96909 0
