Dec 06 22:40:59 np0005549343.novalocal container-server[96576]: ::1 - - [07/Dec/2025:03:40:59 +0000] "PUT /1/227979/AUTH_9cb2db62181546998c52314d1567748c/gnocchi.9ef6c519-f36e-4224-9f1a-eb4a50154271/none_v3" 201 - "PUT http://[::1]:8080/1/46818/AUTH_9cb2db62181546998c52314d1567748c/gnocchi.9ef6c519-f36e-4224-9f1a-eb4a50154271/none_v3" "tx20918b0c4d594faa92bca-006934f74b" "object-server 96909" 0.0007 "-" 96576 0
Dec 06 22:40:59 np0005549343.novalocal object-server[96910]: ::1 - - [07/Dec/2025:03:40:59 +0000] "PUT /2/46818/AUTH_9cb2db62181546998c52314d1567748c/gnocchi.9ef6c519-f36e-4224-9f1a-eb4a50154271/none_v3" 201 - "PUT https://[::1]:8080/v1/AUTH_9cb2db62181546998c52314d1567748c/gnocchi.9ef6c519-f36e-4224-9f1a-eb4a50154271/none_v3" "tx20918b0c4d594faa92bca-006934f74b" "proxy-server 97857" 0.0259 "-" 96910 0
Dec 06 22:40:59 np0005549343.novalocal object-server[96909]: ::1 - - [07/Dec/2025:03:40:59 +0000] "PUT /1/46818/AUTH_9cb2db62181546998c52314d1567748c/gnocchi.9ef6c519-f36e-4224-9f1a-eb4a50154271/none_v3" 201 - "PUT https://[::1]:8080/v1/AUTH_9cb2db62181546998c52314d1567748c/gnocchi.9ef6c519-f36e-4224-9f1a-eb4a50154271/none_v3" "tx20918b0c4d594faa92bca-006934f74b" "proxy-server 97857" 0.0252 "-" 96909 0
Dec 06 22:40:59 np0005549343.novalocal container-server[96576]: ::1 - - [07/Dec/2025:03:40:59 +0000] "PUT /2/227979/AUTH_9cb2db62181546998c52314d1567748c/gnocchi.9ef6c519-f36e-4224-9f1a-eb4a50154271/none_v3" 201 - "PUT http://[::1]:8080/3/46818/AUTH_9cb2db62181546998c52314d1567748c/gnocchi.9ef6c519-f36e-4224-9f1a-eb4a50154271/none_v3" "tx20918b0c4d594faa92bca-006934f74b" "object-server 96909" 0.0007 "-" 96576 0
Dec 06 22:40:59 np0005549343.novalocal object-server[96909]: ::1 - - [07/Dec/2025:03:40:59 +0000] "PUT /3/46818/AUTH_9cb2db62181546998c52314d1567748c/gnocchi.9ef6c519-f36e-4224-9f1a-eb4a50154271/none_v3" 201 - "PUT https://[::1]:8080/v1/AUTH_9cb2db62181546998c52314d1567748c/gnocchi.9ef6c519-f36e-4224-9f1a-eb4a50154271/none_v3" "tx20918b0c4d594faa92bca-006934f74b" "proxy-server 97857" 0.0297 "-" 96909 0
Dec 06 22:40:59 np0005549343.novalocal proxy-server[97857]: ::1 ::1 07/Dec/2025/03/40/59 PUT /v1/AUTH_9cb2db62181546998c52314d1567748c/gnocchi.9ef6c519-f36e-4224-9f1a-eb4a50154271/none_v3 HTTP/1.0 201 - python-swiftclient-4.8.0 gAAAAABpNPcx8Tdl... 22 - - tx20918b0c4d594faa92bca-006934f74b - 0.0411 - - 1765078859.110133648 1765078859.151234627 0 0c044fc9f411403aa3ab5cf8f2b14495
Dec 06 22:40:59 np0005549343.novalocal object-auditor[104308]: Object audit (ZBF) "forever" mode completed: 2.55s. Total quarantined: 0, Total errors: 0, Total files/sec: 50.15, Total bytes/sec: 0.00, Auditing time: 2.52, Rate: 0.99
Dec 06 22:40:59 np0005549343.novalocal haproxy-metadata-proxy-2af58657-767d-42db-a7ed-796d65cdf85a[103897]: ::ffff:10.100.0.11:55866 [06/Dec/2025:22:40:58.292] listener listener/metadata 0/0/0/1042/1042 200 143 - - ---- 1/1/0/0/0 0/0 "GET /2009-04-04/meta-data/local-hostname HTTP/1.1"
Dec 06 22:41:00 np0005549343.novalocal haproxy-metadata-proxy-2af58657-767d-42db-a7ed-796d65cdf85a[103897]: ::ffff:10.100.0.11:55880 [06/Dec/2025:22:40:59.404] listener listener/metadata 0/0/0/1021/1021 200 182 - - ---- 1/1/0/0/0 0/0 "GET /2009-04-04/user-data HTTP/1.1"
Dec 06 22:41:01 np0005549343.novalocal haproxy-metadata-proxy-2af58657-767d-42db-a7ed-796d65cdf85a[103897]: ::ffff:10.100.0.11:55890 [06/Dec/2025:22:41:00.496] listener listener/metadata 0/0/0/1022/1022 200 94 - - ---- 1/1/0/0/0 0/0 "GET /2009-04-04/meta-data/block-device-mapping HTTP/1.1"
Dec 06 22:41:01 np0005549343.novalocal systemd[1]: Starting system activity accounting tool...
Dec 06 22:41:01 np0005549343.novalocal systemd[1]: sysstat-collect.service: Deactivated successfully.
Dec 06 22:41:01 np0005549343.novalocal systemd[1]: Finished system activity accounting tool.
Dec 06 22:41:02 np0005549343.novalocal haproxy-metadata-proxy-2af58657-767d-42db-a7ed-796d65cdf85a[103897]: ::ffff:10.100.0.11:55902 [06/Dec/2025:22:41:01.564] listener listener/metadata 0/0/0/1019/1019 200 89 - - ---- 1/1/0/0/0 0/0 "GET /2009-04-04/meta-data/block-device-mapping/ami HTTP/1.1"
Dec 06 22:41:02 np0005549343.novalocal object-reconstructor[96135]: Starting object reconstruction pass.
Dec 06 22:41:02 np0005549343.novalocal object-reconstructor[96135]: Nothing reconstructed for 0.0005581378936767578 seconds.
Dec 06 22:41:02 np0005549343.novalocal object-reconstructor[96135]: Object reconstruction complete. (0.00 minutes)
Dec 06 22:41:03 np0005549343.novalocal haproxy-metadata-proxy-2af58657-767d-42db-a7ed-796d65cdf85a[103897]: ::ffff:10.100.0.11:55914 [06/Dec/2025:22:41:02.642] listener listener/metadata 0/0/0/1023/1023 200 94 - - ---- 1/1/0/0/0 0/0 "GET /2009-04-04/meta-data/block-device-mapping/root HTTP/1.1"
Dec 06 22:41:04 np0005549343.novalocal haproxy-metadata-proxy-2af58657-767d-42db-a7ed-796d65cdf85a[103897]: ::ffff:10.100.0.11:55922 [06/Dec/2025:22:41:03.748] listener listener/metadata 0/0/0/1173/1173 200 143 - - ---- 1/1/0/0/0 0/0 "GET /2009-04-04/meta-data/public-hostname HTTP/1.1"
Dec 06 22:41:06 np0005549343.novalocal haproxy-metadata-proxy-2af58657-767d-42db-a7ed-796d65cdf85a[103897]: ::ffff:10.100.0.11:43052 [06/Dec/2025:22:41:04.992] listener listener/metadata 0/0/0/1028/1028 200 90 - - ---- 1/1/0/0/0 0/0 "GET /2009-04-04/meta-data/placement/availability-zone HTTP/1.1"
Dec 06 22:41:10 np0005549343.novalocal account-server[96280]: ::1 - - [07/Dec/2025:03:41:10 +0000] "HEAD /3/78968/AUTH_9cb2db62181546998c52314d1567748c" 204 - "HEAD http://[::1]:8080/v1/AUTH_9cb2db62181546998c52314d1567748c?format=json" "tx8279916c72ec492bb8604-006934f756" "proxy-server 97857" 0.0089 "-" 96280 -
Dec 06 22:41:10 np0005549343.novalocal proxy-server[97857]: - - 07/Dec/2025/03/41/10 HEAD /v1/AUTH_9cb2db62181546998c52314d1567748c%3Fformat%3Djson HTTP/1.0 204 - Swift - - - - tx8279916c72ec492bb8604-006934f756 - 0.0146 RL - 1765078870.023897886 1765078870.038542509 - -
Dec 06 22:41:10 np0005549343.novalocal object-server[96909]: ::1 - - [07/Dec/2025:03:41:10 +0000] "GET /1/130820/AUTH_9cb2db62181546998c52314d1567748c/gnocchi.1a7775db-355a-4364-8e23-94110f57c20c/none_v3" 200 22 "GET https://[::1]:8080/v1/AUTH_9cb2db62181546998c52314d1567748c/gnocchi.1a7775db-355a-4364-8e23-94110f57c20c/none_v3" "tx8279916c72ec492bb8604-006934f756" "proxy-server 97857" 0.0022 "-" 96909 0
Dec 06 22:41:10 np0005549343.novalocal proxy-server[97857]: ::1 ::1 07/Dec/2025/03/41/10 GET /v1/AUTH_9cb2db62181546998c52314d1567748c/gnocchi.1a7775db-355a-4364-8e23-94110f57c20c/none_v3 HTTP/1.0 200 - python-swiftclient-4.8.0 gAAAAABpNPckgn8e... - 22 - tx8279916c72ec492bb8604-006934f756 - 0.0267 - - 1765078870.022729874 1765078870.049462318 0 0c044fc9f411403aa3ab5cf8f2b14495
Dec 06 22:41:10 np0005549343.novalocal container-server[96575]: ::1 - - [07/Dec/2025:03:41:10 +0000] "GET /2/142424/AUTH_9cb2db62181546998c52314d1567748c/gnocchi.1a7775db-355a-4364-8e23-94110f57c20c" 200 357 "GET https://[::1]:8080/v1/AUTH_9cb2db62181546998c52314d1567748c/gnocchi.1a7775db-355a-4364-8e23-94110f57c20c?format=json&states=listing" "tx2f68116e86054bb6ad68a-006934f756" "proxy-server 97857" 0.0063 "-" 96575 0
Dec 06 22:41:10 np0005549343.novalocal proxy-server[97857]: ::1 ::1 07/Dec/2025/03/41/10 GET /v1/AUTH_9cb2db62181546998c52314d1567748c/gnocchi.1a7775db-355a-4364-8e23-94110f57c20c%3Fformat%3Djson%26states%3Dlisting HTTP/1.0 200 - python-swiftclient-4.8.0 gAAAAABpNPckgn8e... - 357 - tx2f68116e86054bb6ad68a-006934f756 - 0.0166 - - 1765078870.059137583 1765078870.075767994 0 0c044fc9f411403aa3ab5cf8f2b14495
Dec 06 22:41:10 np0005549343.novalocal container-server[96576]: ::1 - - [07/Dec/2025:03:41:10 +0000] "GET /3/142424/AUTH_9cb2db62181546998c52314d1567748c/gnocchi.1a7775db-355a-4364-8e23-94110f57c20c" 200 2 "GET https://[::1]:8080/v1/AUTH_9cb2db62181546998c52314d1567748c/gnocchi.1a7775db-355a-4364-8e23-94110f57c20c?format=json&marker=none_v3&states=listing" "txf7f08d7210c24202af242-006934f756" "proxy-server 97857" 0.0038 "-" 96576 0
Dec 06 22:41:10 np0005549343.novalocal proxy-server[97857]: ::1 ::1 07/Dec/2025/03/41/10 GET /v1/AUTH_9cb2db62181546998c52314d1567748c/gnocchi.1a7775db-355a-4364-8e23-94110f57c20c%3Fformat%3Djson%26marker%3Dnone_v3%26states%3Dlisting HTTP/1.0 200 - python-swiftclient-4.8.0 gAAAAABpNPckgn8e... - 2 - txf7f08d7210c24202af242-006934f756 - 0.0138 - - 1765078870.080921412 1765078870.094710588 0 0c044fc9f411403aa3ab5cf8f2b14495
Dec 06 22:41:10 np0005549343.novalocal object-server[96910]: ::1 - - [07/Dec/2025:03:41:10 +0000] "GET /2/119212/AUTH_9cb2db62181546998c52314d1567748c/gnocchi.1a7775db-355a-4364-8e23-94110f57c20c/1764720000.0_mean_300.0_v3" 200 16 "GET https://[::1]:8080/v1/AUTH_9cb2db62181546998c52314d1567748c/gnocchi.1a7775db-355a-4364-8e23-94110f57c20c/1764720000.0_mean_300.0_v3" "tx5b1ba86dcd894350a5c33-006934f756" "proxy-server 97857" 0.0017 "-" 96910 0
Dec 06 22:41:10 np0005549343.novalocal proxy-server[97857]: ::1 ::1 07/Dec/2025/03/41/10 GET /v1/AUTH_9cb2db62181546998c52314d1567748c/gnocchi.1a7775db-355a-4364-8e23-94110f57c20c/1764720000.0_mean_300.0_v3 HTTP/1.0 200 - python-swiftclient-4.8.0 gAAAAABpNPckgn8e... - 16 - tx5b1ba86dcd894350a5c33-006934f756 - 0.0125 - - 1765078870.104191780 1765078870.116658211 0 0c044fc9f411403aa3ab5cf8f2b14495
Dec 06 22:41:10 np0005549343.novalocal container-server[96575]: ::1 - - [07/Dec/2025:03:41:10 +0000] "PUT /3/142424/AUTH_9cb2db62181546998c52314d1567748c/gnocchi.1a7775db-355a-4364-8e23-94110f57c20c/1764720000.0_mean_300.0_v3" 201 - "PUT http://[::1]:8080/3/119212/AUTH_9cb2db62181546998c52314d1567748c/gnocchi.1a7775db-355a-4364-8e23-94110f57c20c/1764720000.0_mean_300.0_v3" "tx1bf6308657514c2db465f-006934f756" "object-server 96910" 0.0012 "-" 96575 0
Dec 06 22:41:10 np0005549343.novalocal container-server[96576]: ::1 - - [07/Dec/2025:03:41:10 +0000] "PUT /2/142424/AUTH_9cb2db62181546998c52314d1567748c/gnocchi.1a7775db-355a-4364-8e23-94110f57c20c/1764720000.0_mean_300.0_v3" 201 - "PUT http://[::1]:8080/2/119212/AUTH_9cb2db62181546998c52314d1567748c/gnocchi.1a7775db-355a-4364-8e23-94110f57c20c/1764720000.0_mean_300.0_v3" "tx1bf6308657514c2db465f-006934f756" "object-server 96910" 0.0008 "-" 96576 0
Dec 06 22:41:10 np0005549343.novalocal object-server[96910]: ::1 - - [07/Dec/2025:03:41:10 +0000] "PUT /3/119212/AUTH_9cb2db62181546998c52314d1567748c/gnocchi.1a7775db-355a-4364-8e23-94110f57c20c/1764720000.0_mean_300.0_v3" 201 - "PUT https://[::1]:8080/v1/AUTH_9cb2db62181546998c52314d1567748c/gnocchi.1a7775db-355a-4364-8e23-94110f57c20c/1764720000.0_mean_300.0_v3" "tx1bf6308657514c2db465f-006934f756" "proxy-server 97857" 0.0177 "-" 96910 0
Dec 06 22:41:10 np0005549343.novalocal container-server[96575]: ::1 - - [07/Dec/2025:03:41:10 +0000] "PUT /1/142424/AUTH_9cb2db62181546998c52314d1567748c/gnocchi.1a7775db-355a-4364-8e23-94110f57c20c/1764720000.0_mean_300.0_v3" 201 - "PUT http://[::1]:8080/1/119212/AUTH_9cb2db62181546998c52314d1567748c/gnocchi.1a7775db-355a-4364-8e23-94110f57c20c/1764720000.0_mean_300.0_v3" "tx1bf6308657514c2db465f-006934f756" "object-server 96910" 0.0006 "-" 96575 0
Dec 06 22:41:10 np0005549343.novalocal object-server[96910]: ::1 - - [07/Dec/2025:03:41:10 +0000] "PUT /1/119212/AUTH_9cb2db62181546998c52314d1567748c/gnocchi.1a7775db-355a-4364-8e23-94110f57c20c/1764720000.0_mean_300.0_v3" 201 - "PUT https://[::1]:8080/v1/AUTH_9cb2db62181546998c52314d1567748c/gnocchi.1a7775db-355a-4364-8e23-94110f57c20c/1764720000.0_mean_300.0_v3" "tx1bf6308657514c2db465f-006934f756" "proxy-server 97857" 0.0256 "-" 96910 0
Dec 06 22:41:10 np0005549343.novalocal object-server[96910]: ::1 - - [07/Dec/2025:03:41:10 +0000] "PUT /2/119212/AUTH_9cb2db62181546998c52314d1567748c/gnocchi.1a7775db-355a-4364-8e23-94110f57c20c/1764720000.0_mean_300.0_v3" 201 - "PUT https://[::1]:8080/v1/AUTH_9cb2db62181546998c52314d1567748c/gnocchi.1a7775db-355a-4364-8e23-94110f57c20c/1764720000.0_mean_300.0_v3" "tx1bf6308657514c2db465f-006934f756" "proxy-server 97857" 0.0229 "-" 96910 0
Dec 06 22:41:10 np0005549343.novalocal proxy-server[97857]: ::1 ::1 07/Dec/2025/03/41/10 PUT /v1/AUTH_9cb2db62181546998c52314d1567748c/gnocchi.1a7775db-355a-4364-8e23-94110f57c20c/1764720000.0_mean_300.0_v3 HTTP/1.0 201 - python-swiftclient-4.8.0 gAAAAABpNPckgn8e... 16 - - tx1bf6308657514c2db465f-006934f756 - 0.0379 - - 1765078870.121552944 1765078870.159434795 0 0c044fc9f411403aa3ab5cf8f2b14495
Dec 06 22:41:10 np0005549343.novalocal container-server[96576]: ::1 - - [07/Dec/2025:03:41:10 +0000] "PUT /3/142424/AUTH_9cb2db62181546998c52314d1567748c/gnocchi.1a7775db-355a-4364-8e23-94110f57c20c/none_v3" 201 - "PUT http://[::1]:8080/2/130820/AUTH_9cb2db62181546998c52314d1567748c/gnocchi.1a7775db-355a-4364-8e23-94110f57c20c/none_v3" "tx2cf30887d3164e91a54f9-006934f756" "object-server 96910" 0.0014 "-" 96576 0
Dec 06 22:41:10 np0005549343.novalocal container-server[96575]: ::1 - - [07/Dec/2025:03:41:10 +0000] "PUT /1/142424/AUTH_9cb2db62181546998c52314d1567748c/gnocchi.1a7775db-355a-4364-8e23-94110f57c20c/none_v3" 201 - "PUT http://[::1]:8080/1/130820/AUTH_9cb2db62181546998c52314d1567748c/gnocchi.1a7775db-355a-4364-8e23-94110f57c20c/none_v3" "tx2cf30887d3164e91a54f9-006934f756" "object-server 96909" 0.0009 "-" 96575 0
Dec 06 22:41:10 np0005549343.novalocal object-server[96910]: ::1 - - [07/Dec/2025:03:41:10 +0000] "PUT /2/130820/AUTH_9cb2db62181546998c52314d1567748c/gnocchi.1a7775db-355a-4364-8e23-94110f57c20c/none_v3" 201 - "PUT https://[::1]:8080/v1/AUTH_9cb2db62181546998c52314d1567748c/gnocchi.1a7775db-355a-4364-8e23-94110f57c20c/none_v3" "tx2cf30887d3164e91a54f9-006934f756" "proxy-server 97857" 0.0147 "-" 96910 0
Dec 06 22:41:10 np0005549343.novalocal object-server[96909]: ::1 - - [07/Dec/2025:03:41:10 +0000] "PUT /1/130820/AUTH_9cb2db62181546998c52314d1567748c/gnocchi.1a7775db-355a-4364-8e23-94110f57c20c/none_v3" 201 - "PUT https://[::1]:8080/v1/AUTH_9cb2db62181546998c52314d1567748c/gnocchi.1a7775db-355a-4364-8e23-94110f57c20c/none_v3" "tx2cf30887d3164e91a54f9-006934f756" "proxy-server 97857" 0.0150 "-" 96909 0
Dec 06 22:41:10 np0005549343.novalocal container-server[96576]: ::1 - - [07/Dec/2025:03:41:10 +0000] "PUT /2/142424/AUTH_9cb2db62181546998c52314d1567748c/gnocchi.1a7775db-355a-4364-8e23-94110f57c20c/none_v3" 201 - "PUT http://[::1]:8080/3/130820/AUTH_9cb2db62181546998c52314d1567748c/gnocchi.1a7775db-355a-4364-8e23-94110f57c20c/none_v3" "tx2cf30887d3164e91a54f9-006934f756" "object-server 96910" 0.0009 "-" 96576 0
Dec 06 22:41:10 np0005549343.novalocal object-server[96910]: ::1 - - [07/Dec/2025:03:41:10 +0000] "PUT /3/130820/AUTH_9cb2db62181546998c52314d1567748c/gnocchi.1a7775db-355a-4364-8e23-94110f57c20c/none_v3" 201 - "PUT https://[::1]:8080/v1/AUTH_9cb2db62181546998c52314d1567748c/gnocchi.1a7775db-355a-4364-8e23-94110f57c20c/none_v3" "tx2cf30887d3164e91a54f9-006934f756" "proxy-server 97857" 0.0157 "-" 96910 0
Dec 06 22:41:10 np0005549343.novalocal proxy-server[97857]: ::1 ::1 07/Dec/2025/03/41/10 PUT /v1/AUTH_9cb2db62181546998c52314d1567748c/gnocchi.1a7775db-355a-4364-8e23-94110f57c20c/none_v3 HTTP/1.0 201 - python-swiftclient-4.8.0 gAAAAABpNPckgn8e... 32 - - tx2cf30887d3164e91a54f9-006934f756 - 0.0281 - - 1765078870.163035154 1765078870.191169977 0 0c044fc9f411403aa3ab5cf8f2b14495
Dec 06 22:41:10 np0005549343.novalocal dnsmasq[103118]: read /var/lib/neutron/dhcp/a7b8db30-53f4-4ab5-8504-186ab5469d9f/addn_hosts - 3 addresses
Dec 06 22:41:10 np0005549343.novalocal dnsmasq-dhcp[103118]: read /var/lib/neutron/dhcp/a7b8db30-53f4-4ab5-8504-186ab5469d9f/host
Dec 06 22:41:10 np0005549343.novalocal dnsmasq-dhcp[103118]: read /var/lib/neutron/dhcp/a7b8db30-53f4-4ab5-8504-186ab5469d9f/opts
Dec 06 22:41:10 np0005549343.novalocal object-server[96909]: ::1 - - [07/Dec/2025:03:41:10 +0000] "GET /1/1222/AUTH_9cb2db62181546998c52314d1567748c/gnocchi.3b68cbb1-ebe4-4d39-a327-1f3d544a1314/none_v3" 200 22 "GET https://[::1]:8080/v1/AUTH_9cb2db62181546998c52314d1567748c/gnocchi.3b68cbb1-ebe4-4d39-a327-1f3d544a1314/none_v3" "txdc30f01709494806ab944-006934f756" "proxy-server 97857" 0.0014 "-" 96909 0
Dec 06 22:41:10 np0005549343.novalocal proxy-server[97857]: ::1 ::1 07/Dec/2025/03/41/10 GET /v1/AUTH_9cb2db62181546998c52314d1567748c/gnocchi.3b68cbb1-ebe4-4d39-a327-1f3d544a1314/none_v3 HTTP/1.0 200 - python-swiftclient-4.8.0 gAAAAABpNPckgn8e... - 22 - txdc30f01709494806ab944-006934f756 - 0.0142 - - 1765078870.218163013 1765078870.232336998 0 0c044fc9f411403aa3ab5cf8f2b14495
Dec 06 22:41:10 np0005549343.novalocal container-server[96576]: ::1 - - [07/Dec/2025:03:41:10 +0000] "GET /1/125107/AUTH_9cb2db62181546998c52314d1567748c/gnocchi.3b68cbb1-ebe4-4d39-a327-1f3d544a1314" 200 357 "GET https://[::1]:8080/v1/AUTH_9cb2db62181546998c52314d1567748c/gnocchi.3b68cbb1-ebe4-4d39-a327-1f3d544a1314?format=json&states=listing" "tx3d7584b85af346d996473-006934f756" "proxy-server 97857" 0.0037 "-" 96576 0
Dec 06 22:41:10 np0005549343.novalocal proxy-server[97857]: ::1 ::1 07/Dec/2025/03/41/10 GET /v1/AUTH_9cb2db62181546998c52314d1567748c/gnocchi.3b68cbb1-ebe4-4d39-a327-1f3d544a1314%3Fformat%3Djson%26states%3Dlisting HTTP/1.0 200 - python-swiftclient-4.8.0 gAAAAABpNPckgn8e... - 357 - tx3d7584b85af346d996473-006934f756 - 0.0128 - - 1765078870.235860825 1765078870.248640299 0 0c044fc9f411403aa3ab5cf8f2b14495
Dec 06 22:41:10 np0005549343.novalocal container-server[96576]: ::1 - - [07/Dec/2025:03:41:10 +0000] "GET /2/125107/AUTH_9cb2db62181546998c52314d1567748c/gnocchi.3b68cbb1-ebe4-4d39-a327-1f3d544a1314" 200 2 "GET https://[::1]:8080/v1/AUTH_9cb2db62181546998c52314d1567748c/gnocchi.3b68cbb1-ebe4-4d39-a327-1f3d544a1314?format=json&marker=none_v3&states=listing" "tx28e467617b0042ebad39e-006934f756" "proxy-server 97857" 0.0026 "-" 96576 0
Dec 06 22:41:10 np0005549343.novalocal proxy-server[97857]: ::1 ::1 07/Dec/2025/03/41/10 GET /v1/AUTH_9cb2db62181546998c52314d1567748c/gnocchi.3b68cbb1-ebe4-4d39-a327-1f3d544a1314%3Fformat%3Djson%26marker%3Dnone_v3%26states%3Dlisting HTTP/1.0 200 - python-swiftclient-4.8.0 gAAAAABpNPckgn8e... - 2 - tx28e467617b0042ebad39e-006934f756 - 0.0164 - - 1765078870.251730204 1765078870.268152475 0 0c044fc9f411403aa3ab5cf8f2b14495
Dec 06 22:41:10 np0005549343.novalocal object-server[96910]: ::1 - - [07/Dec/2025:03:41:10 +0000] "GET /2/129707/AUTH_9cb2db62181546998c52314d1567748c/gnocchi.3b68cbb1-ebe4-4d39-a327-1f3d544a1314/1764720000.0_mean_300.0_v3" 200 16 "GET https://[::1]:8080/v1/AUTH_9cb2db62181546998c52314d1567748c/gnocchi.3b68cbb1-ebe4-4d39-a327-1f3d544a1314/1764720000.0_mean_300.0_v3" "txd97ff782236849c2a49a0-006934f756" "proxy-server 97857" 0.0008 "-" 96910 0
Dec 06 22:41:10 np0005549343.novalocal proxy-server[97857]: ::1 ::1 07/Dec/2025/03/41/10 GET /v1/AUTH_9cb2db62181546998c52314d1567748c/gnocchi.3b68cbb1-ebe4-4d39-a327-1f3d544a1314/1764720000.0_mean_300.0_v3 HTTP/1.0 200 - python-swiftclient-4.8.0 gAAAAABpNPckgn8e... - 16 - txd97ff782236849c2a49a0-006934f756 - 0.0093 - - 1765078870.272107124 1765078870.281444311 0 0c044fc9f411403aa3ab5cf8f2b14495
Dec 06 22:41:10 np0005549343.novalocal container-server[96575]: ::1 - - [07/Dec/2025:03:41:10 +0000] "PUT /3/125107/AUTH_9cb2db62181546998c52314d1567748c/gnocchi.3b68cbb1-ebe4-4d39-a327-1f3d544a1314/1764720000.0_mean_300.0_v3" 201 - "PUT http://[::1]:8080/3/129707/AUTH_9cb2db62181546998c52314d1567748c/gnocchi.3b68cbb1-ebe4-4d39-a327-1f3d544a1314/1764720000.0_mean_300.0_v3" "tx046b144827eb4feea1d60-006934f756" "object-server 96910" 0.0008 "-" 96575 0
Dec 06 22:41:10 np0005549343.novalocal object-server[96910]: ::1 - - [07/Dec/2025:03:41:10 +0000] "PUT /3/129707/AUTH_9cb2db62181546998c52314d1567748c/gnocchi.3b68cbb1-ebe4-4d39-a327-1f3d544a1314/1764720000.0_mean_300.0_v3" 201 - "PUT https://[::1]:8080/v1/AUTH_9cb2db62181546998c52314d1567748c/gnocchi.3b68cbb1-ebe4-4d39-a327-1f3d544a1314/1764720000.0_mean_300.0_v3" "tx046b144827eb4feea1d60-006934f756" "proxy-server 97857" 0.0146 "-" 96910 0
Dec 06 22:41:10 np0005549343.novalocal container-server[96575]: ::1 - - [07/Dec/2025:03:41:10 +0000] "PUT /2/125107/AUTH_9cb2db62181546998c52314d1567748c/gnocchi.3b68cbb1-ebe4-4d39-a327-1f3d544a1314/1764720000.0_mean_300.0_v3" 201 - "PUT http://[::1]:8080/2/129707/AUTH_9cb2db62181546998c52314d1567748c/gnocchi.3b68cbb1-ebe4-4d39-a327-1f3d544a1314/1764720000.0_mean_300.0_v3" "tx046b144827eb4feea1d60-006934f756" "object-server 96910" 0.0006 "-" 96575 0
Dec 06 22:41:10 np0005549343.novalocal object-server[96910]: ::1 - - [07/Dec/2025:03:41:10 +0000] "PUT /2/129707/AUTH_9cb2db62181546998c52314d1567748c/gnocchi.3b68cbb1-ebe4-4d39-a327-1f3d544a1314/1764720000.0_mean_300.0_v3" 201 - "PUT https://[::1]:8080/v1/AUTH_9cb2db62181546998c52314d1567748c/gnocchi.3b68cbb1-ebe4-4d39-a327-1f3d544a1314/1764720000.0_mean_300.0_v3" "tx046b144827eb4feea1d60-006934f756" "proxy-server 97857" 0.0151 "-" 96910 0
Dec 06 22:41:10 np0005549343.novalocal container-server[96576]: ::1 - - [07/Dec/2025:03:41:10 +0000] "PUT /1/125107/AUTH_9cb2db62181546998c52314d1567748c/gnocchi.3b68cbb1-ebe4-4d39-a327-1f3d544a1314/1764720000.0_mean_300.0_v3" 201 - "PUT http://[::1]:8080/1/129707/AUTH_9cb2db62181546998c52314d1567748c/gnocchi.3b68cbb1-ebe4-4d39-a327-1f3d544a1314/1764720000.0_mean_300.0_v3" "tx046b144827eb4feea1d60-006934f756" "object-server 96909" 0.0016 "-" 96576 0
Dec 06 22:41:10 np0005549343.novalocal object-server[96909]: ::1 - - [07/Dec/2025:03:41:10 +0000] "PUT /1/129707/AUTH_9cb2db62181546998c52314d1567748c/gnocchi.3b68cbb1-ebe4-4d39-a327-1f3d544a1314/1764720000.0_mean_300.0_v3" 201 - "PUT https://[::1]:8080/v1/AUTH_9cb2db62181546998c52314d1567748c/gnocchi.3b68cbb1-ebe4-4d39-a327-1f3d544a1314/1764720000.0_mean_300.0_v3" "tx046b144827eb4feea1d60-006934f756" "proxy-server 97857" 0.0153 "-" 96909 0
Dec 06 22:41:10 np0005549343.novalocal proxy-server[97857]: ::1 ::1 07/Dec/2025/03/41/10 PUT /v1/AUTH_9cb2db62181546998c52314d1567748c/gnocchi.3b68cbb1-ebe4-4d39-a327-1f3d544a1314/1764720000.0_mean_300.0_v3 HTTP/1.0 201 - python-swiftclient-4.8.0 gAAAAABpNPckgn8e... 16 - - tx046b144827eb4feea1d60-006934f756 - 0.0358 - - 1765078870.284400463 1765078870.320236206 0 0c044fc9f411403aa3ab5cf8f2b14495
Dec 06 22:41:10 np0005549343.novalocal container-server[96576]: ::1 - - [07/Dec/2025:03:41:10 +0000] "PUT /3/125107/AUTH_9cb2db62181546998c52314d1567748c/gnocchi.3b68cbb1-ebe4-4d39-a327-1f3d544a1314/none_v3" 201 - "PUT http://[::1]:8080/3/1222/AUTH_9cb2db62181546998c52314d1567748c/gnocchi.3b68cbb1-ebe4-4d39-a327-1f3d544a1314/none_v3" "txd83623bc5bc744958223d-006934f756" "object-server 96909" 0.0005 "-" 96576 0
Dec 06 22:41:10 np0005549343.novalocal container-server[96575]: ::1 - - [07/Dec/2025:03:41:10 +0000] "PUT /2/125107/AUTH_9cb2db62181546998c52314d1567748c/gnocchi.3b68cbb1-ebe4-4d39-a327-1f3d544a1314/none_v3" 201 - "PUT http://[::1]:8080/1/1222/AUTH_9cb2db62181546998c52314d1567748c/gnocchi.3b68cbb1-ebe4-4d39-a327-1f3d544a1314/none_v3" "txd83623bc5bc744958223d-006934f756" "object-server 96910" 0.0008 "-" 96575 0
Dec 06 22:41:10 np0005549343.novalocal object-server[96909]: ::1 - - [07/Dec/2025:03:41:10 +0000] "PUT /3/1222/AUTH_9cb2db62181546998c52314d1567748c/gnocchi.3b68cbb1-ebe4-4d39-a327-1f3d544a1314/none_v3" 201 - "PUT https://[::1]:8080/v1/AUTH_9cb2db62181546998c52314d1567748c/gnocchi.3b68cbb1-ebe4-4d39-a327-1f3d544a1314/none_v3" "txd83623bc5bc744958223d-006934f756" "proxy-server 97857" 0.0116 "-" 96909 0
Dec 06 22:41:10 np0005549343.novalocal object-server[96910]: ::1 - - [07/Dec/2025:03:41:10 +0000] "PUT /1/1222/AUTH_9cb2db62181546998c52314d1567748c/gnocchi.3b68cbb1-ebe4-4d39-a327-1f3d544a1314/none_v3" 201 - "PUT https://[::1]:8080/v1/AUTH_9cb2db62181546998c52314d1567748c/gnocchi.3b68cbb1-ebe4-4d39-a327-1f3d544a1314/none_v3" "txd83623bc5bc744958223d-006934f756" "proxy-server 97857" 0.0138 "-" 96910 0
Dec 06 22:41:10 np0005549343.novalocal container-server[96576]: ::1 - - [07/Dec/2025:03:41:10 +0000] "PUT /1/125107/AUTH_9cb2db62181546998c52314d1567748c/gnocchi.3b68cbb1-ebe4-4d39-a327-1f3d544a1314/none_v3" 201 - "PUT http://[::1]:8080/2/1222/AUTH_9cb2db62181546998c52314d1567748c/gnocchi.3b68cbb1-ebe4-4d39-a327-1f3d544a1314/none_v3" "txd83623bc5bc744958223d-006934f756" "object-server 96909" 0.0004 "-" 96576 0
Dec 06 22:41:10 np0005549343.novalocal object-server[96909]: ::1 - - [07/Dec/2025:03:41:10 +0000] "PUT /2/1222/AUTH_9cb2db62181546998c52314d1567748c/gnocchi.3b68cbb1-ebe4-4d39-a327-1f3d544a1314/none_v3" 201 - "PUT https://[::1]:8080/v1/AUTH_9cb2db62181546998c52314d1567748c/gnocchi.3b68cbb1-ebe4-4d39-a327-1f3d544a1314/none_v3" "txd83623bc5bc744958223d-006934f756" "proxy-server 97857" 0.0196 "-" 96909 0
Dec 06 22:41:10 np0005549343.novalocal proxy-server[97857]: ::1 ::1 07/Dec/2025/03/41/10 PUT /v1/AUTH_9cb2db62181546998c52314d1567748c/gnocchi.3b68cbb1-ebe4-4d39-a327-1f3d544a1314/none_v3 HTTP/1.0 201 - python-swiftclient-4.8.0 gAAAAABpNPckgn8e... 31 - - txd83623bc5bc744958223d-006934f756 - 0.0324 - - 1765078870.323483706 1765078870.355898857 0 0c044fc9f411403aa3ab5cf8f2b14495
Dec 06 22:41:10 np0005549343.novalocal object-server[96909]: ::1 - - [07/Dec/2025:03:41:10 +0000] "GET /1/38476/AUTH_9cb2db62181546998c52314d1567748c/gnocchi.e0bcb974-4bc6-4426-88f8-d589e00e99d2/none_v3" 200 22 "GET https://[::1]:8080/v1/AUTH_9cb2db62181546998c52314d1567748c/gnocchi.e0bcb974-4bc6-4426-88f8-d589e00e99d2/none_v3" "txf254216c8a804a51b4ad4-006934f756" "proxy-server 97857" 0.0011 "-" 96909 0
Dec 06 22:41:10 np0005549343.novalocal proxy-server[97857]: ::1 ::1 07/Dec/2025/03/41/10 GET /v1/AUTH_9cb2db62181546998c52314d1567748c/gnocchi.e0bcb974-4bc6-4426-88f8-d589e00e99d2/none_v3 HTTP/1.0 200 - python-swiftclient-4.8.0 gAAAAABpNPckgn8e... - 22 - txf254216c8a804a51b4ad4-006934f756 - 0.0097 - - 1765078870.480485439 1765078870.490191936 0 0c044fc9f411403aa3ab5cf8f2b14495
Dec 06 22:41:10 np0005549343.novalocal container-server[96576]: ::1 - - [07/Dec/2025:03:41:10 +0000] "GET /1/191780/AUTH_9cb2db62181546998c52314d1567748c/gnocchi.e0bcb974-4bc6-4426-88f8-d589e00e99d2" 200 357 "GET https://[::1]:8080/v1/AUTH_9cb2db62181546998c52314d1567748c/gnocchi.e0bcb974-4bc6-4426-88f8-d589e00e99d2?format=json&states=listing" "txcd3c4b1739f84c2880f87-006934f756" "proxy-server 97857" 0.0030 "-" 96576 0
Dec 06 22:41:10 np0005549343.novalocal proxy-server[97857]: ::1 ::1 07/Dec/2025/03/41/10 GET /v1/AUTH_9cb2db62181546998c52314d1567748c/gnocchi.e0bcb974-4bc6-4426-88f8-d589e00e99d2%3Fformat%3Djson%26states%3Dlisting HTTP/1.0 200 - python-swiftclient-4.8.0 gAAAAABpNPckgn8e... - 357 - txcd3c4b1739f84c2880f87-006934f756 - 0.0116 - - 1765078870.495892525 1765078870.507447958 0 0c044fc9f411403aa3ab5cf8f2b14495
Dec 06 22:41:10 np0005549343.novalocal container-server[96576]: ::1 - - [07/Dec/2025:03:41:10 +0000] "GET /2/191780/AUTH_9cb2db62181546998c52314d1567748c/gnocchi.e0bcb974-4bc6-4426-88f8-d589e00e99d2" 200 2 "GET https://[::1]:8080/v1/AUTH_9cb2db62181546998c52314d1567748c/gnocchi.e0bcb974-4bc6-4426-88f8-d589e00e99d2?format=json&marker=none_v3&states=listing" "tx9d9532a1cf624708bcb6c-006934f756" "proxy-server 97857" 0.0023 "-" 96576 0
Dec 06 22:41:10 np0005549343.novalocal proxy-server[97857]: ::1 ::1 07/Dec/2025/03/41/10 GET /v1/AUTH_9cb2db62181546998c52314d1567748c/gnocchi.e0bcb974-4bc6-4426-88f8-d589e00e99d2%3Fformat%3Djson%26marker%3Dnone_v3%26states%3Dlisting HTTP/1.0 200 - python-swiftclient-4.8.0 gAAAAABpNPckgn8e... - 2 - tx9d9532a1cf624708bcb6c-006934f756 - 0.0097 - - 1765078870.511451483 1765078870.521121025 0 0c044fc9f411403aa3ab5cf8f2b14495
Dec 06 22:41:10 np0005549343.novalocal object-server[96909]: ::1 - - [07/Dec/2025:03:41:10 +0000] "GET /2/164983/AUTH_9cb2db62181546998c52314d1567748c/gnocchi.e0bcb974-4bc6-4426-88f8-d589e00e99d2/1764720000.0_mean_300.0_v3" 200 16 "GET https://[::1]:8080/v1/AUTH_9cb2db62181546998c52314d1567748c/gnocchi.e0bcb974-4bc6-4426-88f8-d589e00e99d2/1764720000.0_mean_300.0_v3" "tx1e190b018313484895c42-006934f756" "proxy-server 97857" 0.0011 "-" 96909 0
Dec 06 22:41:10 np0005549343.novalocal proxy-server[97857]: ::1 ::1 07/Dec/2025/03/41/10 GET /v1/AUTH_9cb2db62181546998c52314d1567748c/gnocchi.e0bcb974-4bc6-4426-88f8-d589e00e99d2/1764720000.0_mean_300.0_v3 HTTP/1.0 200 - python-swiftclient-4.8.0 gAAAAABpNPckgn8e... - 16 - tx1e190b018313484895c42-006934f756 - 0.0078 - - 1765078870.526784182 1765078870.534575939 0 0c044fc9f411403aa3ab5cf8f2b14495
Dec 06 22:41:10 np0005549343.novalocal container-server[96575]: ::1 - - [07/Dec/2025:03:41:10 +0000] "PUT /1/191780/AUTH_9cb2db62181546998c52314d1567748c/gnocchi.e0bcb974-4bc6-4426-88f8-d589e00e99d2/1764720000.0_mean_300.0_v3" 201 - "PUT http://[::1]:8080/1/164983/AUTH_9cb2db62181546998c52314d1567748c/gnocchi.e0bcb974-4bc6-4426-88f8-d589e00e99d2/1764720000.0_mean_300.0_v3" "txc14458cc0aaa4071a64c7-006934f756" "object-server 96910" 0.0006 "-" 96575 0
Dec 06 22:41:10 np0005549343.novalocal object-server[96910]: ::1 - - [07/Dec/2025:03:41:10 +0000] "PUT /1/164983/AUTH_9cb2db62181546998c52314d1567748c/gnocchi.e0bcb974-4bc6-4426-88f8-d589e00e99d2/1764720000.0_mean_300.0_v3" 201 - "PUT https://[::1]:8080/v1/AUTH_9cb2db62181546998c52314d1567748c/gnocchi.e0bcb974-4bc6-4426-88f8-d589e00e99d2/1764720000.0_mean_300.0_v3" "txc14458cc0aaa4071a64c7-006934f756" "proxy-server 97857" 0.0142 "-" 96910 0
Dec 06 22:41:10 np0005549343.novalocal container-server[96576]: ::1 - - [07/Dec/2025:03:41:10 +0000] "PUT /2/191780/AUTH_9cb2db62181546998c52314d1567748c/gnocchi.e0bcb974-4bc6-4426-88f8-d589e00e99d2/1764720000.0_mean_300.0_v3" 201 - "PUT http://[::1]:8080/2/164983/AUTH_9cb2db62181546998c52314d1567748c/gnocchi.e0bcb974-4bc6-4426-88f8-d589e00e99d2/1764720000.0_mean_300.0_v3" "txc14458cc0aaa4071a64c7-006934f756" "object-server 96910" 0.0009 "-" 96576 0
Dec 06 22:41:10 np0005549343.novalocal container-server[96575]: ::1 - - [07/Dec/2025:03:41:10 +0000] "PUT /3/191780/AUTH_9cb2db62181546998c52314d1567748c/gnocchi.e0bcb974-4bc6-4426-88f8-d589e00e99d2/1764720000.0_mean_300.0_v3" 201 - "PUT http://[::1]:8080/3/164983/AUTH_9cb2db62181546998c52314d1567748c/gnocchi.e0bcb974-4bc6-4426-88f8-d589e00e99d2/1764720000.0_mean_300.0_v3" "txc14458cc0aaa4071a64c7-006934f756" "object-server 96910" 0.0004 "-" 96575 0
Dec 06 22:41:10 np0005549343.novalocal object-server[96910]: ::1 - - [07/Dec/2025:03:41:10 +0000] "PUT /2/164983/AUTH_9cb2db62181546998c52314d1567748c/gnocchi.e0bcb974-4bc6-4426-88f8-d589e00e99d2/1764720000.0_mean_300.0_v3" 201 - "PUT https://[::1]:8080/v1/AUTH_9cb2db62181546998c52314d1567748c/gnocchi.e0bcb974-4bc6-4426-88f8-d589e00e99d2/1764720000.0_mean_300.0_v3" "txc14458cc0aaa4071a64c7-006934f756" "proxy-server 97857" 0.0187 "-" 96910 0
Dec 06 22:41:10 np0005549343.novalocal object-server[96910]: ::1 - - [07/Dec/2025:03:41:10 +0000] "PUT /3/164983/AUTH_9cb2db62181546998c52314d1567748c/gnocchi.e0bcb974-4bc6-4426-88f8-d589e00e99d2/1764720000.0_mean_300.0_v3" 201 - "PUT https://[::1]:8080/v1/AUTH_9cb2db62181546998c52314d1567748c/gnocchi.e0bcb974-4bc6-4426-88f8-d589e00e99d2/1764720000.0_mean_300.0_v3" "txc14458cc0aaa4071a64c7-006934f756" "proxy-server 97857" 0.0174 "-" 96910 0
Dec 06 22:41:10 np0005549343.novalocal proxy-server[97857]: ::1 ::1 07/Dec/2025/03/41/10 PUT /v1/AUTH_9cb2db62181546998c52314d1567748c/gnocchi.e0bcb974-4bc6-4426-88f8-d589e00e99d2/1764720000.0_mean_300.0_v3 HTTP/1.0 201 - python-swiftclient-4.8.0 gAAAAABpNPckgn8e... 16 - - txc14458cc0aaa4071a64c7-006934f756 - 0.0292 - - 1765078870.537633896 1765078870.566840887 0 0c044fc9f411403aa3ab5cf8f2b14495
Dec 06 22:41:10 np0005549343.novalocal container-server[96575]: ::1 - - [07/Dec/2025:03:41:10 +0000] "PUT /2/191780/AUTH_9cb2db62181546998c52314d1567748c/gnocchi.e0bcb974-4bc6-4426-88f8-d589e00e99d2/none_v3" 201 - "PUT http://[::1]:8080/1/38476/AUTH_9cb2db62181546998c52314d1567748c/gnocchi.e0bcb974-4bc6-4426-88f8-d589e00e99d2/none_v3" "tx55ecc924d5da44c3a539e-006934f756" "object-server 96910" 0.0005 "-" 96575 0
Dec 06 22:41:10 np0005549343.novalocal container-server[96576]: ::1 - - [07/Dec/2025:03:41:10 +0000] "PUT /1/191780/AUTH_9cb2db62181546998c52314d1567748c/gnocchi.e0bcb974-4bc6-4426-88f8-d589e00e99d2/none_v3" 201 - "PUT http://[::1]:8080/3/38476/AUTH_9cb2db62181546998c52314d1567748c/gnocchi.e0bcb974-4bc6-4426-88f8-d589e00e99d2/none_v3" "tx55ecc924d5da44c3a539e-006934f756" "object-server 96909" 0.0008 "-" 96576 0
Dec 06 22:41:10 np0005549343.novalocal container-server[96575]: ::1 - - [07/Dec/2025:03:41:10 +0000] "PUT /3/191780/AUTH_9cb2db62181546998c52314d1567748c/gnocchi.e0bcb974-4bc6-4426-88f8-d589e00e99d2/none_v3" 201 - "PUT http://[::1]:8080/2/38476/AUTH_9cb2db62181546998c52314d1567748c/gnocchi.e0bcb974-4bc6-4426-88f8-d589e00e99d2/none_v3" "tx55ecc924d5da44c3a539e-006934f756" "object-server 96910" 0.0004 "-" 96575 0
Dec 06 22:41:10 np0005549343.novalocal object-server[96910]: ::1 - - [07/Dec/2025:03:41:10 +0000] "PUT /1/38476/AUTH_9cb2db62181546998c52314d1567748c/gnocchi.e0bcb974-4bc6-4426-88f8-d589e00e99d2/none_v3" 201 - "PUT https://[::1]:8080/v1/AUTH_9cb2db62181546998c52314d1567748c/gnocchi.e0bcb974-4bc6-4426-88f8-d589e00e99d2/none_v3" "tx55ecc924d5da44c3a539e-006934f756" "proxy-server 97857" 0.0111 "-" 96910 0
Dec 06 22:41:10 np0005549343.novalocal object-server[96909]: ::1 - - [07/Dec/2025:03:41:10 +0000] "PUT /3/38476/AUTH_9cb2db62181546998c52314d1567748c/gnocchi.e0bcb974-4bc6-4426-88f8-d589e00e99d2/none_v3" 201 - "PUT https://[::1]:8080/v1/AUTH_9cb2db62181546998c52314d1567748c/gnocchi.e0bcb974-4bc6-4426-88f8-d589e00e99d2/none_v3" "tx55ecc924d5da44c3a539e-006934f756" "proxy-server 97857" 0.0163 "-" 96909 0
Dec 06 22:41:10 np0005549343.novalocal object-server[96910]: ::1 - - [07/Dec/2025:03:41:10 +0000] "PUT /2/38476/AUTH_9cb2db62181546998c52314d1567748c/gnocchi.e0bcb974-4bc6-4426-88f8-d589e00e99d2/none_v3" 201 - "PUT https://[::1]:8080/v1/AUTH_9cb2db62181546998c52314d1567748c/gnocchi.e0bcb974-4bc6-4426-88f8-d589e00e99d2/none_v3" "tx55ecc924d5da44c3a539e-006934f756" "proxy-server 97857" 0.0162 "-" 96910 0
Dec 06 22:41:10 np0005549343.novalocal proxy-server[97857]: ::1 ::1 07/Dec/2025/03/41/10 PUT /v1/AUTH_9cb2db62181546998c52314d1567748c/gnocchi.e0bcb974-4bc6-4426-88f8-d589e00e99d2/none_v3 HTTP/1.0 201 - python-swiftclient-4.8.0 gAAAAABpNPckgn8e... 27 - - tx55ecc924d5da44c3a539e-006934f756 - 0.0283 - - 1765078870.571039677 1765078870.599305153 0 0c044fc9f411403aa3ab5cf8f2b14495
Dec 06 22:41:10 np0005549343.novalocal object-server[96909]: ::1 - - [07/Dec/2025:03:41:10 +0000] "GET /3/187521/AUTH_9cb2db62181546998c52314d1567748c/gnocchi.8a741be1-81ed-47f5-aecf-e2216f7eaadd/none_v3" 200 22 "GET https://[::1]:8080/v1/AUTH_9cb2db62181546998c52314d1567748c/gnocchi.8a741be1-81ed-47f5-aecf-e2216f7eaadd/none_v3" "txdcc65863cc6d468582d93-006934f756" "proxy-server 97857" 0.0009 "-" 96909 0
Dec 06 22:41:10 np0005549343.novalocal proxy-server[97857]: ::1 ::1 07/Dec/2025/03/41/10 GET /v1/AUTH_9cb2db62181546998c52314d1567748c/gnocchi.8a741be1-81ed-47f5-aecf-e2216f7eaadd/none_v3 HTTP/1.0 200 - python-swiftclient-4.8.0 gAAAAABpNPckgn8e... - 22 - txdcc65863cc6d468582d93-006934f756 - 0.0107 - - 1765078870.627132654 1765078870.637829065 0 0c044fc9f411403aa3ab5cf8f2b14495
Dec 06 22:41:10 np0005549343.novalocal container-server[96575]: ::1 - - [07/Dec/2025:03:41:10 +0000] "GET /1/123717/AUTH_9cb2db62181546998c52314d1567748c/gnocchi.8a741be1-81ed-47f5-aecf-e2216f7eaadd" 200 357 "GET https://[::1]:8080/v1/AUTH_9cb2db62181546998c52314d1567748c/gnocchi.8a741be1-81ed-47f5-aecf-e2216f7eaadd?format=json&states=listing" "tx9acf9b7bb9d8416b80179-006934f756" "proxy-server 97857" 0.0034 "-" 96575 0
Dec 06 22:41:10 np0005549343.novalocal proxy-server[97857]: ::1 ::1 07/Dec/2025/03/41/10 GET /v1/AUTH_9cb2db62181546998c52314d1567748c/gnocchi.8a741be1-81ed-47f5-aecf-e2216f7eaadd%3Fformat%3Djson%26states%3Dlisting HTTP/1.0 200 - python-swiftclient-4.8.0 gAAAAABpNPckgn8e... - 357 - tx9acf9b7bb9d8416b80179-006934f756 - 0.0146 - - 1765078870.641825438 1765078870.656390905 0 0c044fc9f411403aa3ab5cf8f2b14495
Dec 06 22:41:10 np0005549343.novalocal container-server[96575]: ::1 - - [07/Dec/2025:03:41:10 +0000] "GET /3/123717/AUTH_9cb2db62181546998c52314d1567748c/gnocchi.8a741be1-81ed-47f5-aecf-e2216f7eaadd" 200 2 "GET https://[::1]:8080/v1/AUTH_9cb2db62181546998c52314d1567748c/gnocchi.8a741be1-81ed-47f5-aecf-e2216f7eaadd?format=json&marker=none_v3&states=listing" "txdfcbff3f27e547c7a46ee-006934f756" "proxy-server 97857" 0.0023 "-" 96575 0
Dec 06 22:41:10 np0005549343.novalocal proxy-server[97857]: ::1 ::1 07/Dec/2025/03/41/10 GET /v1/AUTH_9cb2db62181546998c52314d1567748c/gnocchi.8a741be1-81ed-47f5-aecf-e2216f7eaadd%3Fformat%3Djson%26marker%3Dnone_v3%26states%3Dlisting HTTP/1.0 200 - python-swiftclient-4.8.0 gAAAAABpNPckgn8e... - 2 - txdfcbff3f27e547c7a46ee-006934f756 - 0.0210 - - 1765078870.660371542 1765078870.681405783 0 0c044fc9f411403aa3ab5cf8f2b14495
Dec 06 22:41:10 np0005549343.novalocal object-server[96909]: ::1 - - [07/Dec/2025:03:41:10 +0000] "GET /3/97368/AUTH_9cb2db62181546998c52314d1567748c/gnocchi.8a741be1-81ed-47f5-aecf-e2216f7eaadd/1764720000.0_mean_300.0_v3" 200 16 "GET https://[::1]:8080/v1/AUTH_9cb2db62181546998c52314d1567748c/gnocchi.8a741be1-81ed-47f5-aecf-e2216f7eaadd/1764720000.0_mean_300.0_v3" "tx79b07f85917a4a83b7939-006934f756" "proxy-server 97857" 0.0008 "-" 96909 0
Dec 06 22:41:10 np0005549343.novalocal proxy-server[97857]: ::1 ::1 07/Dec/2025/03/41/10 GET /v1/AUTH_9cb2db62181546998c52314d1567748c/gnocchi.8a741be1-81ed-47f5-aecf-e2216f7eaadd/1764720000.0_mean_300.0_v3 HTTP/1.0 200 - python-swiftclient-4.8.0 gAAAAABpNPckgn8e... - 16 - tx79b07f85917a4a83b7939-006934f756 - 0.0066 - - 1765078870.686752081 1765078870.693322897 0 0c044fc9f411403aa3ab5cf8f2b14495
Dec 06 22:41:10 np0005549343.novalocal container-server[96575]: ::1 - - [07/Dec/2025:03:41:10 +0000] "PUT /2/123717/AUTH_9cb2db62181546998c52314d1567748c/gnocchi.8a741be1-81ed-47f5-aecf-e2216f7eaadd/1764720000.0_mean_300.0_v3" 201 - "PUT http://[::1]:8080/3/97368/AUTH_9cb2db62181546998c52314d1567748c/gnocchi.8a741be1-81ed-47f5-aecf-e2216f7eaadd/1764720000.0_mean_300.0_v3" "tx2ca85f41b88c4aa98b406-006934f756" "object-server 96910" 0.0013 "-" 96575 0
Dec 06 22:41:10 np0005549343.novalocal object-server[96910]: ::1 - - [07/Dec/2025:03:41:10 +0000] "PUT /3/97368/AUTH_9cb2db62181546998c52314d1567748c/gnocchi.8a741be1-81ed-47f5-aecf-e2216f7eaadd/1764720000.0_mean_300.0_v3" 201 - "PUT https://[::1]:8080/v1/AUTH_9cb2db62181546998c52314d1567748c/gnocchi.8a741be1-81ed-47f5-aecf-e2216f7eaadd/1764720000.0_mean_300.0_v3" "tx2ca85f41b88c4aa98b406-006934f756" "proxy-server 97857" 0.0103 "-" 96910 0
Dec 06 22:41:10 np0005549343.novalocal container-server[96576]: ::1 - - [07/Dec/2025:03:41:10 +0000] "PUT /1/123717/AUTH_9cb2db62181546998c52314d1567748c/gnocchi.8a741be1-81ed-47f5-aecf-e2216f7eaadd/1764720000.0_mean_300.0_v3" 201 - "PUT http://[::1]:8080/2/97368/AUTH_9cb2db62181546998c52314d1567748c/gnocchi.8a741be1-81ed-47f5-aecf-e2216f7eaadd/1764720000.0_mean_300.0_v3" "tx2ca85f41b88c4aa98b406-006934f756" "object-server 96909" 0.0009 "-" 96576 0
Dec 06 22:41:10 np0005549343.novalocal object-server[96909]: ::1 - - [07/Dec/2025:03:41:10 +0000] "PUT /2/97368/AUTH_9cb2db62181546998c52314d1567748c/gnocchi.8a741be1-81ed-47f5-aecf-e2216f7eaadd/1764720000.0_mean_300.0_v3" 201 - "PUT https://[::1]:8080/v1/AUTH_9cb2db62181546998c52314d1567748c/gnocchi.8a741be1-81ed-47f5-aecf-e2216f7eaadd/1764720000.0_mean_300.0_v3" "tx2ca85f41b88c4aa98b406-006934f756" "proxy-server 97857" 0.0129 "-" 96909 0
Dec 06 22:41:10 np0005549343.novalocal container-server[96575]: ::1 - - [07/Dec/2025:03:41:10 +0000] "PUT /3/123717/AUTH_9cb2db62181546998c52314d1567748c/gnocchi.8a741be1-81ed-47f5-aecf-e2216f7eaadd/1764720000.0_mean_300.0_v3" 201 - "PUT http://[::1]:8080/1/97368/AUTH_9cb2db62181546998c52314d1567748c/gnocchi.8a741be1-81ed-47f5-aecf-e2216f7eaadd/1764720000.0_mean_300.0_v3" "tx2ca85f41b88c4aa98b406-006934f756" "object-server 96909" 0.0004 "-" 96575 0
Dec 06 22:41:10 np0005549343.novalocal object-server[96909]: ::1 - - [07/Dec/2025:03:41:10 +0000] "PUT /1/97368/AUTH_9cb2db62181546998c52314d1567748c/gnocchi.8a741be1-81ed-47f5-aecf-e2216f7eaadd/1764720000.0_mean_300.0_v3" 201 - "PUT https://[::1]:8080/v1/AUTH_9cb2db62181546998c52314d1567748c/gnocchi.8a741be1-81ed-47f5-aecf-e2216f7eaadd/1764720000.0_mean_300.0_v3" "tx2ca85f41b88c4aa98b406-006934f756" "proxy-server 97857" 0.0137 "-" 96909 0
Dec 06 22:41:10 np0005549343.novalocal proxy-server[97857]: ::1 ::1 07/Dec/2025/03/41/10 PUT /v1/AUTH_9cb2db62181546998c52314d1567748c/gnocchi.8a741be1-81ed-47f5-aecf-e2216f7eaadd/1764720000.0_mean_300.0_v3 HTTP/1.0 201 - python-swiftclient-4.8.0 gAAAAABpNPckgn8e... 16 - - tx2ca85f41b88c4aa98b406-006934f756 - 0.0211 - - 1765078870.696339369 1765078870.717445850 0 0c044fc9f411403aa3ab5cf8f2b14495
Dec 06 22:41:10 np0005549343.novalocal container-server[96575]: ::1 - - [07/Dec/2025:03:41:10 +0000] "PUT /1/123717/AUTH_9cb2db62181546998c52314d1567748c/gnocchi.8a741be1-81ed-47f5-aecf-e2216f7eaadd/none_v3" 201 - "PUT http://[::1]:8080/3/187521/AUTH_9cb2db62181546998c52314d1567748c/gnocchi.8a741be1-81ed-47f5-aecf-e2216f7eaadd/none_v3" "txc59aad520b2143b298d32-006934f756" "object-server 96909" 0.0003 "-" 96575 0
Dec 06 22:41:10 np0005549343.novalocal object-server[96909]: ::1 - - [07/Dec/2025:03:41:10 +0000] "PUT /3/187521/AUTH_9cb2db62181546998c52314d1567748c/gnocchi.8a741be1-81ed-47f5-aecf-e2216f7eaadd/none_v3" 201 - "PUT https://[::1]:8080/v1/AUTH_9cb2db62181546998c52314d1567748c/gnocchi.8a741be1-81ed-47f5-aecf-e2216f7eaadd/none_v3" "txc59aad520b2143b298d32-006934f756" "proxy-server 97857" 0.0117 "-" 96909 0
Dec 06 22:41:10 np0005549343.novalocal container-server[96576]: ::1 - - [07/Dec/2025:03:41:10 +0000] "PUT /3/123717/AUTH_9cb2db62181546998c52314d1567748c/gnocchi.8a741be1-81ed-47f5-aecf-e2216f7eaadd/none_v3" 201 - "PUT http://[::1]:8080/1/187521/AUTH_9cb2db62181546998c52314d1567748c/gnocchi.8a741be1-81ed-47f5-aecf-e2216f7eaadd/none_v3" "txc59aad520b2143b298d32-006934f756" "object-server 96910" 0.0013 "-" 96576 0
Dec 06 22:41:10 np0005549343.novalocal object-server[96910]: ::1 - - [07/Dec/2025:03:41:10 +0000] "PUT /1/187521/AUTH_9cb2db62181546998c52314d1567748c/gnocchi.8a741be1-81ed-47f5-aecf-e2216f7eaadd/none_v3" 201 - "PUT https://[::1]:8080/v1/AUTH_9cb2db62181546998c52314d1567748c/gnocchi.8a741be1-81ed-47f5-aecf-e2216f7eaadd/none_v3" "txc59aad520b2143b298d32-006934f756" "proxy-server 97857" 0.0114 "-" 96910 0
Dec 06 22:41:10 np0005549343.novalocal container-server[96576]: ::1 - - [07/Dec/2025:03:41:10 +0000] "PUT /2/123717/AUTH_9cb2db62181546998c52314d1567748c/gnocchi.8a741be1-81ed-47f5-aecf-e2216f7eaadd/none_v3" 201 - "PUT http://[::1]:8080/2/187521/AUTH_9cb2db62181546998c52314d1567748c/gnocchi.8a741be1-81ed-47f5-aecf-e2216f7eaadd/none_v3" "txc59aad520b2143b298d32-006934f756" "object-server 96909" 0.0005 "-" 96576 0
Dec 06 22:41:10 np0005549343.novalocal object-server[96909]: ::1 - - [07/Dec/2025:03:41:10 +0000] "PUT /2/187521/AUTH_9cb2db62181546998c52314d1567748c/gnocchi.8a741be1-81ed-47f5-aecf-e2216f7eaadd/none_v3" 201 - "PUT https://[::1]:8080/v1/AUTH_9cb2db62181546998c52314d1567748c/gnocchi.8a741be1-81ed-47f5-aecf-e2216f7eaadd/none_v3" "txc59aad520b2143b298d32-006934f756" "proxy-server 97857" 0.0173 "-" 96909 0
Dec 06 22:41:10 np0005549343.novalocal proxy-server[97857]: ::1 ::1 07/Dec/2025/03/41/10 PUT /v1/AUTH_9cb2db62181546998c52314d1567748c/gnocchi.8a741be1-81ed-47f5-aecf-e2216f7eaadd/none_v3 HTTP/1.0 201 - python-swiftclient-4.8.0 gAAAAABpNPckgn8e... 32 - - txc59aad520b2143b298d32-006934f756 - 0.0258 - - 1765078870.721224785 1765078870.747030973 0 0c044fc9f411403aa3ab5cf8f2b14495
Dec 06 22:41:12 np0005549343.novalocal object-auditor[104309]: Object audit (ALL) "forever" mode completed: 15.87s. Total quarantined: 0, Total errors: 0, Total files/sec: 10.08, Total bytes/sec: 8104418.71, Auditing time: 15.83, Rate: 1.00
Dec 06 22:41:12 np0005549343.novalocal container-sharder[95937]: Container sharder cycle starting, auto-sharding False
Dec 06 22:41:13 np0005549343.novalocal object-server[96910]: ::1 - - [07/Dec/2025:03:41:13 +0000] "GET /1/130820/AUTH_9cb2db62181546998c52314d1567748c/gnocchi.1a7775db-355a-4364-8e23-94110f57c20c/none_v3" 200 32 "GET https://[::1]:8080/v1/AUTH_9cb2db62181546998c52314d1567748c/gnocchi.1a7775db-355a-4364-8e23-94110f57c20c/none_v3" "txb4188882339848b89dda0-006934f759" "proxy-server 97857" 0.0014 "-" 96910 0
Dec 06 22:41:13 np0005549343.novalocal proxy-server[97857]: ::1 ::1 07/Dec/2025/03/41/13 GET /v1/AUTH_9cb2db62181546998c52314d1567748c/gnocchi.1a7775db-355a-4364-8e23-94110f57c20c/none_v3 HTTP/1.0 200 - python-swiftclient-4.8.0 gAAAAABpNPcx8Tdl... - 32 - txb4188882339848b89dda0-006934f759 - 0.0123 - - 1765078873.002715588 1765078873.015055656 0 0c044fc9f411403aa3ab5cf8f2b14495
Dec 06 22:41:13 np0005549343.novalocal container-server[96575]: ::1 - - [07/Dec/2025:03:41:13 +0000] "GET /2/142424/AUTH_9cb2db62181546998c52314d1567748c/gnocchi.1a7775db-355a-4364-8e23-94110f57c20c" 200 357 "GET https://[::1]:8080/v1/AUTH_9cb2db62181546998c52314d1567748c/gnocchi.1a7775db-355a-4364-8e23-94110f57c20c?format=json&states=listing" "txd857d6604e514fc5a904b-006934f759" "proxy-server 97857" 0.0094 "-" 96575 0
Dec 06 22:41:13 np0005549343.novalocal proxy-server[97857]: ::1 ::1 07/Dec/2025/03/41/13 GET /v1/AUTH_9cb2db62181546998c52314d1567748c/gnocchi.1a7775db-355a-4364-8e23-94110f57c20c%3Fformat%3Djson%26states%3Dlisting HTTP/1.0 200 - python-swiftclient-4.8.0 gAAAAABpNPcx8Tdl... - 357 - txd857d6604e514fc5a904b-006934f759 - 0.0204 - - 1765078873.020790339 1765078873.041141272 0 0c044fc9f411403aa3ab5cf8f2b14495
Dec 06 22:41:13 np0005549343.novalocal container-server[96575]: ::1 - - [07/Dec/2025:03:41:13 +0000] "GET /3/142424/AUTH_9cb2db62181546998c52314d1567748c/gnocchi.1a7775db-355a-4364-8e23-94110f57c20c" 200 2 "GET https://[::1]:8080/v1/AUTH_9cb2db62181546998c52314d1567748c/gnocchi.1a7775db-355a-4364-8e23-94110f57c20c?format=json&marker=none_v3&states=listing" "tx5b88b1b3a91a485b8bfb2-006934f759" "proxy-server 97857" 0.0108 "-" 96575 0
Dec 06 22:41:13 np0005549343.novalocal proxy-server[97857]: ::1 ::1 07/Dec/2025/03/41/13 GET /v1/AUTH_9cb2db62181546998c52314d1567748c/gnocchi.1a7775db-355a-4364-8e23-94110f57c20c%3Fformat%3Djson%26marker%3Dnone_v3%26states%3Dlisting HTTP/1.0 200 - python-swiftclient-4.8.0 gAAAAABpNPcx8Tdl... - 2 - tx5b88b1b3a91a485b8bfb2-006934f759 - 0.0220 - - 1765078873.045724392 1765078873.067724705 0 0c044fc9f411403aa3ab5cf8f2b14495
Dec 06 22:41:13 np0005549343.novalocal object-server[96910]: ::1 - - [07/Dec/2025:03:41:13 +0000] "GET /3/119212/AUTH_9cb2db62181546998c52314d1567748c/gnocchi.1a7775db-355a-4364-8e23-94110f57c20c/1764720000.0_mean_300.0_v3" 200 16 "GET https://[::1]:8080/v1/AUTH_9cb2db62181546998c52314d1567748c/gnocchi.1a7775db-355a-4364-8e23-94110f57c20c/1764720000.0_mean_300.0_v3" "tx24f20a6a95b44dd4ae7c3-006934f759" "proxy-server 97857" 0.0014 "-" 96910 0
Dec 06 22:41:13 np0005549343.novalocal proxy-server[97857]: ::1 ::1 07/Dec/2025/03/41/13 GET /v1/AUTH_9cb2db62181546998c52314d1567748c/gnocchi.1a7775db-355a-4364-8e23-94110f57c20c/1764720000.0_mean_300.0_v3 HTTP/1.0 200 - python-swiftclient-4.8.0 gAAAAABpNPcx8Tdl... - 16 - tx24f20a6a95b44dd4ae7c3-006934f759 - 0.0120 - - 1765078873.074882746 1765078873.086878538 0 0c044fc9f411403aa3ab5cf8f2b14495
Dec 06 22:41:13 np0005549343.novalocal container-server[96576]: ::1 - - [07/Dec/2025:03:41:13 +0000] "PUT /3/142424/AUTH_9cb2db62181546998c52314d1567748c/gnocchi.1a7775db-355a-4364-8e23-94110f57c20c/1764720000.0_mean_300.0_v3" 201 - "PUT http://[::1]:8080/3/119212/AUTH_9cb2db62181546998c52314d1567748c/gnocchi.1a7775db-355a-4364-8e23-94110f57c20c/1764720000.0_mean_300.0_v3" "tx4fab9972e2e044e9becc7-006934f759" "object-server 96909" 0.0009 "-" 96576 0
Dec 06 22:41:13 np0005549343.novalocal container-server[96575]: ::1 - - [07/Dec/2025:03:41:13 +0000] "PUT /2/142424/AUTH_9cb2db62181546998c52314d1567748c/gnocchi.1a7775db-355a-4364-8e23-94110f57c20c/1764720000.0_mean_300.0_v3" 201 - "PUT http://[::1]:8080/2/119212/AUTH_9cb2db62181546998c52314d1567748c/gnocchi.1a7775db-355a-4364-8e23-94110f57c20c/1764720000.0_mean_300.0_v3" "tx4fab9972e2e044e9becc7-006934f759" "object-server 96909" 0.0008 "-" 96575 0
Dec 06 22:41:13 np0005549343.novalocal object-server[96909]: ::1 - - [07/Dec/2025:03:41:13 +0000] "PUT /3/119212/AUTH_9cb2db62181546998c52314d1567748c/gnocchi.1a7775db-355a-4364-8e23-94110f57c20c/1764720000.0_mean_300.0_v3" 201 - "PUT https://[::1]:8080/v1/AUTH_9cb2db62181546998c52314d1567748c/gnocchi.1a7775db-355a-4364-8e23-94110f57c20c/1764720000.0_mean_300.0_v3" "tx4fab9972e2e044e9becc7-006934f759" "proxy-server 97857" 0.0168 "-" 96909 0
Dec 06 22:41:13 np0005549343.novalocal object-server[96909]: ::1 - - [07/Dec/2025:03:41:13 +0000] "PUT /2/119212/AUTH_9cb2db62181546998c52314d1567748c/gnocchi.1a7775db-355a-4364-8e23-94110f57c20c/1764720000.0_mean_300.0_v3" 201 - "PUT https://[::1]:8080/v1/AUTH_9cb2db62181546998c52314d1567748c/gnocchi.1a7775db-355a-4364-8e23-94110f57c20c/1764720000.0_mean_300.0_v3" "tx4fab9972e2e044e9becc7-006934f759" "proxy-server 97857" 0.0154 "-" 96909 0
Dec 06 22:41:13 np0005549343.novalocal container-server[96576]: ::1 - - [07/Dec/2025:03:41:13 +0000] "PUT /1/142424/AUTH_9cb2db62181546998c52314d1567748c/gnocchi.1a7775db-355a-4364-8e23-94110f57c20c/1764720000.0_mean_300.0_v3" 201 - "PUT http://[::1]:8080/1/119212/AUTH_9cb2db62181546998c52314d1567748c/gnocchi.1a7775db-355a-4364-8e23-94110f57c20c/1764720000.0_mean_300.0_v3" "tx4fab9972e2e044e9becc7-006934f759" "object-server 96910" 0.0006 "-" 96576 0
Dec 06 22:41:13 np0005549343.novalocal object-server[96910]: ::1 - - [07/Dec/2025:03:41:13 +0000] "PUT /1/119212/AUTH_9cb2db62181546998c52314d1567748c/gnocchi.1a7775db-355a-4364-8e23-94110f57c20c/1764720000.0_mean_300.0_v3" 201 - "PUT https://[::1]:8080/v1/AUTH_9cb2db62181546998c52314d1567748c/gnocchi.1a7775db-355a-4364-8e23-94110f57c20c/1764720000.0_mean_300.0_v3" "tx4fab9972e2e044e9becc7-006934f759" "proxy-server 97857" 0.0195 "-" 96910 0
