Dec 06 22:40:57 np0005549343.novalocal container-server[96575]: ::1 - - [07/Dec/2025:03:40:57 +0000] "PUT /3/168426/AUTH_9cb2db62181546998c52314d1567748c/gnocchi.93c9f030-47ce-4bbb-a4ec-6986c896d8c6" 201 - "PUT https://[::1]:8080/v1/AUTH_9cb2db62181546998c52314d1567748c/gnocchi.93c9f030-47ce-4bbb-a4ec-6986c896d8c6" "tx689497efd7dd41668d007-006934f749" "proxy-server 97857" 0.0244 "-" 96575 0
Dec 06 22:40:57 np0005549343.novalocal account-server[96280]: ::1 - - [07/Dec/2025:03:40:57 +0000] "PUT /3/78968/AUTH_9cb2db62181546998c52314d1567748c/gnocchi.93c9f030-47ce-4bbb-a4ec-6986c896d8c6" 201 - "PUT http://[::1]:6001/2/168426/AUTH_9cb2db62181546998c52314d1567748c/gnocchi.93c9f030-47ce-4bbb-a4ec-6986c896d8c6" "tx689497efd7dd41668d007-006934f749" "container-server 96576" 0.0043 "-" 96280 0
Dec 06 22:40:57 np0005549343.novalocal container-server[96576]: ::1 - - [07/Dec/2025:03:40:57 +0000] "PUT /2/168426/AUTH_9cb2db62181546998c52314d1567748c/gnocchi.93c9f030-47ce-4bbb-a4ec-6986c896d8c6" 201 - "PUT https://[::1]:8080/v1/AUTH_9cb2db62181546998c52314d1567748c/gnocchi.93c9f030-47ce-4bbb-a4ec-6986c896d8c6" "tx689497efd7dd41668d007-006934f749" "proxy-server 97857" 0.0296 "-" 96576 0
Dec 06 22:40:57 np0005549343.novalocal account-server[96281]: ::1 - - [07/Dec/2025:03:40:57 +0000] "PUT /2/78968/AUTH_9cb2db62181546998c52314d1567748c/gnocchi.93c9f030-47ce-4bbb-a4ec-6986c896d8c6" 201 - "PUT http://[::1]:6001/1/168426/AUTH_9cb2db62181546998c52314d1567748c/gnocchi.93c9f030-47ce-4bbb-a4ec-6986c896d8c6" "tx689497efd7dd41668d007-006934f749" "container-server 96575" 0.0051 "-" 96281 0
Dec 06 22:40:57 np0005549343.novalocal container-server[96575]: ::1 - - [07/Dec/2025:03:40:57 +0000] "PUT /1/168426/AUTH_9cb2db62181546998c52314d1567748c/gnocchi.93c9f030-47ce-4bbb-a4ec-6986c896d8c6" 201 - "PUT https://[::1]:8080/v1/AUTH_9cb2db62181546998c52314d1567748c/gnocchi.93c9f030-47ce-4bbb-a4ec-6986c896d8c6" "tx689497efd7dd41668d007-006934f749" "proxy-server 97857" 0.0165 "-" 96575 0
Dec 06 22:40:57 np0005549343.novalocal proxy-server[97857]: ::1 ::1 07/Dec/2025/03/40/57 PUT /v1/AUTH_9cb2db62181546998c52314d1567748c/gnocchi.93c9f030-47ce-4bbb-a4ec-6986c896d8c6 HTTP/1.0 201 - python-swiftclient-4.8.0 gAAAAABpNPckgn8e... - - - tx689497efd7dd41668d007-006934f749 - 0.0424 - - 1765078857.331511021 1765078857.373924494 0 0c044fc9f411403aa3ab5cf8f2b14495
Dec 06 22:40:57 np0005549343.novalocal container-server[96576]: ::1 - - [07/Dec/2025:03:40:57 +0000] "HEAD /1/168426/AUTH_9cb2db62181546998c52314d1567748c/gnocchi.93c9f030-47ce-4bbb-a4ec-6986c896d8c6" 204 - "HEAD http://[::1]:8080/v1/AUTH_9cb2db62181546998c52314d1567748c/gnocchi.93c9f030-47ce-4bbb-a4ec-6986c896d8c6" "tx195de1814c2947509e387-006934f749" "proxy-server 97857" 0.0019 "-" 96576 0
Dec 06 22:40:57 np0005549343.novalocal proxy-server[97857]: - - 07/Dec/2025/03/40/57 HEAD /v1/AUTH_9cb2db62181546998c52314d1567748c/gnocchi.93c9f030-47ce-4bbb-a4ec-6986c896d8c6 HTTP/1.0 204 - Swift - - - - tx195de1814c2947509e387-006934f749 - 0.0075 CS - 1765078857.380076170 1765078857.387595415 0 -
Dec 06 22:40:57 np0005549343.novalocal container-server[96575]: ::1 - - [07/Dec/2025:03:40:57 +0000] "GET /3/168426/AUTH_9cb2db62181546998c52314d1567748c/gnocchi.93c9f030-47ce-4bbb-a4ec-6986c896d8c6" 200 2 "GET https://[::1]:8080/v1/AUTH_9cb2db62181546998c52314d1567748c/gnocchi.93c9f030-47ce-4bbb-a4ec-6986c896d8c6?format=json&states=listing" "tx195de1814c2947509e387-006934f749" "proxy-server 97857" 0.0021 "-" 96575 0
Dec 06 22:40:57 np0005549343.novalocal proxy-server[97857]: ::1 ::1 07/Dec/2025/03/40/57 GET /v1/AUTH_9cb2db62181546998c52314d1567748c/gnocchi.93c9f030-47ce-4bbb-a4ec-6986c896d8c6%3Fformat%3Djson%26states%3Dlisting HTTP/1.0 200 - python-swiftclient-4.8.0 gAAAAABpNPckgn8e... - 2 - tx195de1814c2947509e387-006934f749 - 0.0203 - - 1765078857.378974199 1765078857.399235010 0 0c044fc9f411403aa3ab5cf8f2b14495
Dec 06 22:40:57 np0005549343.novalocal object-server[96910]: ::1 - - [07/Dec/2025:03:40:57 +0000] "GET /1/1209/AUTH_9cb2db62181546998c52314d1567748c/gnocchi.93c9f030-47ce-4bbb-a4ec-6986c896d8c6/1764720000.0_mean_300.0_v3" 404 70 "GET https://[::1]:8080/v1/AUTH_9cb2db62181546998c52314d1567748c/gnocchi.93c9f030-47ce-4bbb-a4ec-6986c896d8c6/1764720000.0_mean_300.0_v3" "txc3c8a1842bfb4e1f85c91-006934f749" "proxy-server 97857" 0.0005 "-" 96910 0
Dec 06 22:40:57 np0005549343.novalocal object-server[96909]: ::1 - - [07/Dec/2025:03:40:57 +0000] "GET /2/1209/AUTH_9cb2db62181546998c52314d1567748c/gnocchi.93c9f030-47ce-4bbb-a4ec-6986c896d8c6/1764720000.0_mean_300.0_v3" 404 70 "GET https://[::1]:8080/v1/AUTH_9cb2db62181546998c52314d1567748c/gnocchi.93c9f030-47ce-4bbb-a4ec-6986c896d8c6/1764720000.0_mean_300.0_v3" "txc3c8a1842bfb4e1f85c91-006934f749" "proxy-server 97857" 0.0006 "-" 96909 0
Dec 06 22:40:57 np0005549343.novalocal object-server[96910]: ::1 - - [07/Dec/2025:03:40:57 +0000] "GET /3/1209/AUTH_9cb2db62181546998c52314d1567748c/gnocchi.93c9f030-47ce-4bbb-a4ec-6986c896d8c6/1764720000.0_mean_300.0_v3" 404 70 "GET https://[::1]:8080/v1/AUTH_9cb2db62181546998c52314d1567748c/gnocchi.93c9f030-47ce-4bbb-a4ec-6986c896d8c6/1764720000.0_mean_300.0_v3" "txc3c8a1842bfb4e1f85c91-006934f749" "proxy-server 97857" 0.0003 "-" 96910 0
Dec 06 22:40:57 np0005549343.novalocal proxy-server[97857]: ::1 ::1 07/Dec/2025/03/40/57 GET /v1/AUTH_9cb2db62181546998c52314d1567748c/gnocchi.93c9f030-47ce-4bbb-a4ec-6986c896d8c6/1764720000.0_mean_300.0_v3 HTTP/1.0 404 - python-swiftclient-4.8.0 gAAAAABpNPckgn8e... - 70 - txc3c8a1842bfb4e1f85c91-006934f749 - 0.0173 - - 1765078857.403411627 1765078857.420686245 0 0c044fc9f411403aa3ab5cf8f2b14495
Dec 06 22:40:57 np0005549343.novalocal container-server[96575]: ::1 - - [07/Dec/2025:03:40:57 +0000] "PUT /2/168426/AUTH_9cb2db62181546998c52314d1567748c/gnocchi.93c9f030-47ce-4bbb-a4ec-6986c896d8c6/1764720000.0_mean_300.0_v3" 201 - "PUT http://[::1]:8080/3/1209/AUTH_9cb2db62181546998c52314d1567748c/gnocchi.93c9f030-47ce-4bbb-a4ec-6986c896d8c6/1764720000.0_mean_300.0_v3" "tx10e40e8eb5b0488aa997f-006934f749" "object-server 96910" 0.0008 "-" 96575 0
Dec 06 22:40:57 np0005549343.novalocal object-server[96910]: ::1 - - [07/Dec/2025:03:40:57 +0000] "PUT /3/1209/AUTH_9cb2db62181546998c52314d1567748c/gnocchi.93c9f030-47ce-4bbb-a4ec-6986c896d8c6/1764720000.0_mean_300.0_v3" 201 - "PUT https://[::1]:8080/v1/AUTH_9cb2db62181546998c52314d1567748c/gnocchi.93c9f030-47ce-4bbb-a4ec-6986c896d8c6/1764720000.0_mean_300.0_v3" "tx10e40e8eb5b0488aa997f-006934f749" "proxy-server 97857" 0.0173 "-" 96910 0
Dec 06 22:40:57 np0005549343.novalocal container-server[96575]: ::1 - - [07/Dec/2025:03:40:57 +0000] "PUT /3/168426/AUTH_9cb2db62181546998c52314d1567748c/gnocchi.93c9f030-47ce-4bbb-a4ec-6986c896d8c6/1764720000.0_mean_300.0_v3" 201 - "PUT http://[::1]:8080/2/1209/AUTH_9cb2db62181546998c52314d1567748c/gnocchi.93c9f030-47ce-4bbb-a4ec-6986c896d8c6/1764720000.0_mean_300.0_v3" "tx10e40e8eb5b0488aa997f-006934f749" "object-server 96909" 0.0007 "-" 96575 0
Dec 06 22:40:57 np0005549343.novalocal container-server[96576]: ::1 - - [07/Dec/2025:03:40:57 +0000] "PUT /1/168426/AUTH_9cb2db62181546998c52314d1567748c/gnocchi.93c9f030-47ce-4bbb-a4ec-6986c896d8c6/1764720000.0_mean_300.0_v3" 201 - "PUT http://[::1]:8080/1/1209/AUTH_9cb2db62181546998c52314d1567748c/gnocchi.93c9f030-47ce-4bbb-a4ec-6986c896d8c6/1764720000.0_mean_300.0_v3" "tx10e40e8eb5b0488aa997f-006934f749" "object-server 96909" 0.0010 "-" 96576 0
Dec 06 22:40:57 np0005549343.novalocal object-server[96909]: ::1 - - [07/Dec/2025:03:40:57 +0000] "PUT /2/1209/AUTH_9cb2db62181546998c52314d1567748c/gnocchi.93c9f030-47ce-4bbb-a4ec-6986c896d8c6/1764720000.0_mean_300.0_v3" 201 - "PUT https://[::1]:8080/v1/AUTH_9cb2db62181546998c52314d1567748c/gnocchi.93c9f030-47ce-4bbb-a4ec-6986c896d8c6/1764720000.0_mean_300.0_v3" "tx10e40e8eb5b0488aa997f-006934f749" "proxy-server 97857" 0.0193 "-" 96909 0
Dec 06 22:40:57 np0005549343.novalocal object-server[96909]: ::1 - - [07/Dec/2025:03:40:57 +0000] "PUT /1/1209/AUTH_9cb2db62181546998c52314d1567748c/gnocchi.93c9f030-47ce-4bbb-a4ec-6986c896d8c6/1764720000.0_mean_300.0_v3" 201 - "PUT https://[::1]:8080/v1/AUTH_9cb2db62181546998c52314d1567748c/gnocchi.93c9f030-47ce-4bbb-a4ec-6986c896d8c6/1764720000.0_mean_300.0_v3" "tx10e40e8eb5b0488aa997f-006934f749" "proxy-server 97857" 0.0183 "-" 96909 0
Dec 06 22:40:57 np0005549343.novalocal proxy-server[97857]: ::1 ::1 07/Dec/2025/03/40/57 PUT /v1/AUTH_9cb2db62181546998c52314d1567748c/gnocchi.93c9f030-47ce-4bbb-a4ec-6986c896d8c6/1764720000.0_mean_300.0_v3 HTTP/1.0 201 - python-swiftclient-4.8.0 gAAAAABpNPckgn8e... 16 - - tx10e40e8eb5b0488aa997f-006934f749 - 0.0352 - - 1765078857.425887346 1765078857.461096048 0 0c044fc9f411403aa3ab5cf8f2b14495
Dec 06 22:40:57 np0005549343.novalocal container-server[96576]: ::1 - - [07/Dec/2025:03:40:57 +0000] "PUT /1/168426/AUTH_9cb2db62181546998c52314d1567748c/gnocchi.93c9f030-47ce-4bbb-a4ec-6986c896d8c6/none_v3" 201 - "PUT http://[::1]:8080/1/142627/AUTH_9cb2db62181546998c52314d1567748c/gnocchi.93c9f030-47ce-4bbb-a4ec-6986c896d8c6/none_v3" "txfc8bc8fc8ff34b57a081b-006934f749" "object-server 96909" 0.0011 "-" 96576 0
Dec 06 22:40:57 np0005549343.novalocal object-server[96909]: ::1 - - [07/Dec/2025:03:40:57 +0000] "PUT /1/142627/AUTH_9cb2db62181546998c52314d1567748c/gnocchi.93c9f030-47ce-4bbb-a4ec-6986c896d8c6/none_v3" 201 - "PUT https://[::1]:8080/v1/AUTH_9cb2db62181546998c52314d1567748c/gnocchi.93c9f030-47ce-4bbb-a4ec-6986c896d8c6/none_v3" "txfc8bc8fc8ff34b57a081b-006934f749" "proxy-server 97857" 0.0159 "-" 96909 0
Dec 06 22:40:57 np0005549343.novalocal container-server[96576]: ::1 - - [07/Dec/2025:03:40:57 +0000] "PUT /2/168426/AUTH_9cb2db62181546998c52314d1567748c/gnocchi.93c9f030-47ce-4bbb-a4ec-6986c896d8c6/none_v3" 201 - "PUT http://[::1]:8080/3/142627/AUTH_9cb2db62181546998c52314d1567748c/gnocchi.93c9f030-47ce-4bbb-a4ec-6986c896d8c6/none_v3" "txfc8bc8fc8ff34b57a081b-006934f749" "object-server 96910" 0.0006 "-" 96576 0
Dec 06 22:40:57 np0005549343.novalocal object-server[96910]: ::1 - - [07/Dec/2025:03:40:57 +0000] "PUT /3/142627/AUTH_9cb2db62181546998c52314d1567748c/gnocchi.93c9f030-47ce-4bbb-a4ec-6986c896d8c6/none_v3" 201 - "PUT https://[::1]:8080/v1/AUTH_9cb2db62181546998c52314d1567748c/gnocchi.93c9f030-47ce-4bbb-a4ec-6986c896d8c6/none_v3" "txfc8bc8fc8ff34b57a081b-006934f749" "proxy-server 97857" 0.0193 "-" 96910 0
Dec 06 22:40:57 np0005549343.novalocal container-server[96576]: ::1 - - [07/Dec/2025:03:40:57 +0000] "PUT /3/168426/AUTH_9cb2db62181546998c52314d1567748c/gnocchi.93c9f030-47ce-4bbb-a4ec-6986c896d8c6/none_v3" 201 - "PUT http://[::1]:8080/2/142627/AUTH_9cb2db62181546998c52314d1567748c/gnocchi.93c9f030-47ce-4bbb-a4ec-6986c896d8c6/none_v3" "txfc8bc8fc8ff34b57a081b-006934f749" "object-server 96910" 0.0007 "-" 96576 0
Dec 06 22:40:57 np0005549343.novalocal object-server[96910]: ::1 - - [07/Dec/2025:03:40:57 +0000] "PUT /2/142627/AUTH_9cb2db62181546998c52314d1567748c/gnocchi.93c9f030-47ce-4bbb-a4ec-6986c896d8c6/none_v3" 201 - "PUT https://[::1]:8080/v1/AUTH_9cb2db62181546998c52314d1567748c/gnocchi.93c9f030-47ce-4bbb-a4ec-6986c896d8c6/none_v3" "txfc8bc8fc8ff34b57a081b-006934f749" "proxy-server 97857" 0.0184 "-" 96910 0
Dec 06 22:40:57 np0005549343.novalocal proxy-server[97857]: ::1 ::1 07/Dec/2025/03/40/57 PUT /v1/AUTH_9cb2db62181546998c52314d1567748c/gnocchi.93c9f030-47ce-4bbb-a4ec-6986c896d8c6/none_v3 HTTP/1.0 201 - python-swiftclient-4.8.0 gAAAAABpNPckgn8e... 22 - - txfc8bc8fc8ff34b57a081b-006934f749 - 0.0318 - - 1765078857.464929581 1765078857.496718884 0 0c044fc9f411403aa3ab5cf8f2b14495
Dec 06 22:40:57 np0005549343.novalocal container-server[96576]: ::1 - - [07/Dec/2025:03:40:57 +0000] "HEAD /1/25707/AUTH_9cb2db62181546998c52314d1567748c/gnocchi.b3a61b1e-9c69-4ff8-afa1-b29b9a510c48" 404 - "HEAD http://[::1]:8080/v1/AUTH_9cb2db62181546998c52314d1567748c/gnocchi.b3a61b1e-9c69-4ff8-afa1-b29b9a510c48" "txe3a6e0e8d63041228bfed-006934f749" "proxy-server 97857" 0.0006 "-" 96576 0
Dec 06 22:40:57 np0005549343.novalocal container-server[96575]: ::1 - - [07/Dec/2025:03:40:57 +0000] "HEAD /3/25707/AUTH_9cb2db62181546998c52314d1567748c/gnocchi.b3a61b1e-9c69-4ff8-afa1-b29b9a510c48" 404 - "HEAD http://[::1]:8080/v1/AUTH_9cb2db62181546998c52314d1567748c/gnocchi.b3a61b1e-9c69-4ff8-afa1-b29b9a510c48" "txe3a6e0e8d63041228bfed-006934f749" "proxy-server 97857" 0.0004 "-" 96575 0
Dec 06 22:40:57 np0005549343.novalocal container-server[96576]: ::1 - - [07/Dec/2025:03:40:57 +0000] "HEAD /2/25707/AUTH_9cb2db62181546998c52314d1567748c/gnocchi.b3a61b1e-9c69-4ff8-afa1-b29b9a510c48" 404 - "HEAD http://[::1]:8080/v1/AUTH_9cb2db62181546998c52314d1567748c/gnocchi.b3a61b1e-9c69-4ff8-afa1-b29b9a510c48" "txe3a6e0e8d63041228bfed-006934f749" "proxy-server 97857" 0.0005 "-" 96576 0
Dec 06 22:40:57 np0005549343.novalocal proxy-server[97857]: - - 07/Dec/2025/03/40/57 HEAD /v1/AUTH_9cb2db62181546998c52314d1567748c/gnocchi.b3a61b1e-9c69-4ff8-afa1-b29b9a510c48 HTTP/1.0 404 - Swift - - - - txe3a6e0e8d63041228bfed-006934f749 - 0.0152 CS - 1765078857.513431549 1765078857.528637648 0 -
Dec 06 22:40:57 np0005549343.novalocal object-server[96909]: ::1 - - [07/Dec/2025:03:40:57 +0000] "GET /3/15206/AUTH_9cb2db62181546998c52314d1567748c/gnocchi.b3a61b1e-9c69-4ff8-afa1-b29b9a510c48/none_v3" 404 70 "GET https://[::1]:8080/v1/AUTH_9cb2db62181546998c52314d1567748c/gnocchi.b3a61b1e-9c69-4ff8-afa1-b29b9a510c48/none_v3" "txe3a6e0e8d63041228bfed-006934f749" "proxy-server 97857" 0.0007 "-" 96909 0
Dec 06 22:40:57 np0005549343.novalocal object-server[96910]: ::1 - - [07/Dec/2025:03:40:57 +0000] "GET /2/15206/AUTH_9cb2db62181546998c52314d1567748c/gnocchi.b3a61b1e-9c69-4ff8-afa1-b29b9a510c48/none_v3" 404 70 "GET https://[::1]:8080/v1/AUTH_9cb2db62181546998c52314d1567748c/gnocchi.b3a61b1e-9c69-4ff8-afa1-b29b9a510c48/none_v3" "txe3a6e0e8d63041228bfed-006934f749" "proxy-server 97857" 0.0006 "-" 96910 0
Dec 06 22:40:57 np0005549343.novalocal object-server[96909]: ::1 - - [07/Dec/2025:03:40:57 +0000] "GET /1/15206/AUTH_9cb2db62181546998c52314d1567748c/gnocchi.b3a61b1e-9c69-4ff8-afa1-b29b9a510c48/none_v3" 404 70 "GET https://[::1]:8080/v1/AUTH_9cb2db62181546998c52314d1567748c/gnocchi.b3a61b1e-9c69-4ff8-afa1-b29b9a510c48/none_v3" "txe3a6e0e8d63041228bfed-006934f749" "proxy-server 97857" 0.0006 "-" 96909 0
Dec 06 22:40:57 np0005549343.novalocal proxy-server[97857]: ::1 ::1 07/Dec/2025/03/40/57 GET /v1/AUTH_9cb2db62181546998c52314d1567748c/gnocchi.b3a61b1e-9c69-4ff8-afa1-b29b9a510c48/none_v3 HTTP/1.0 404 - python-swiftclient-4.8.0 gAAAAABpNPckgn8e... - 70 - txe3a6e0e8d63041228bfed-006934f749 - 0.0377 - - 1765078857.512181997 1765078857.549910784 0 0c044fc9f411403aa3ab5cf8f2b14495
Dec 06 22:40:57 np0005549343.novalocal account-server[96280]: ::1 - - [07/Dec/2025:03:40:57 +0000] "PUT /2/78968/AUTH_9cb2db62181546998c52314d1567748c/gnocchi.b3a61b1e-9c69-4ff8-afa1-b29b9a510c48" 201 - "PUT http://[::1]:6001/2/25707/AUTH_9cb2db62181546998c52314d1567748c/gnocchi.b3a61b1e-9c69-4ff8-afa1-b29b9a510c48" "txc9c4b3cf869a4be294e0c-006934f749" "container-server 96576" 0.0058 "-" 96280 0
Dec 06 22:40:57 np0005549343.novalocal container-server[96576]: ::1 - - [07/Dec/2025:03:40:57 +0000] "PUT /2/25707/AUTH_9cb2db62181546998c52314d1567748c/gnocchi.b3a61b1e-9c69-4ff8-afa1-b29b9a510c48" 201 - "PUT https://[::1]:8080/v1/AUTH_9cb2db62181546998c52314d1567748c/gnocchi.b3a61b1e-9c69-4ff8-afa1-b29b9a510c48" "txc9c4b3cf869a4be294e0c-006934f749" "proxy-server 97857" 0.0185 "-" 96576 0
Dec 06 22:40:57 np0005549343.novalocal account-server[96280]: ::1 - - [07/Dec/2025:03:40:57 +0000] "PUT /3/78968/AUTH_9cb2db62181546998c52314d1567748c/gnocchi.b3a61b1e-9c69-4ff8-afa1-b29b9a510c48" 201 - "PUT http://[::1]:6001/1/25707/AUTH_9cb2db62181546998c52314d1567748c/gnocchi.b3a61b1e-9c69-4ff8-afa1-b29b9a510c48" "txc9c4b3cf869a4be294e0c-006934f749" "container-server 96575" 0.0041 "-" 96280 0
Dec 06 22:40:57 np0005549343.novalocal container-server[96575]: ::1 - - [07/Dec/2025:03:40:57 +0000] "PUT /1/25707/AUTH_9cb2db62181546998c52314d1567748c/gnocchi.b3a61b1e-9c69-4ff8-afa1-b29b9a510c48" 201 - "PUT https://[::1]:8080/v1/AUTH_9cb2db62181546998c52314d1567748c/gnocchi.b3a61b1e-9c69-4ff8-afa1-b29b9a510c48" "txc9c4b3cf869a4be294e0c-006934f749" "proxy-server 97857" 0.0181 "-" 96575 0
Dec 06 22:40:57 np0005549343.novalocal account-server[96281]: ::1 - - [07/Dec/2025:03:40:57 +0000] "PUT /1/78968/AUTH_9cb2db62181546998c52314d1567748c/gnocchi.b3a61b1e-9c69-4ff8-afa1-b29b9a510c48" 201 - "PUT http://[::1]:6001/3/25707/AUTH_9cb2db62181546998c52314d1567748c/gnocchi.b3a61b1e-9c69-4ff8-afa1-b29b9a510c48" "txc9c4b3cf869a4be294e0c-006934f749" "container-server 96575" 0.0065 "-" 96281 0
Dec 06 22:40:57 np0005549343.novalocal container-server[96575]: ::1 - - [07/Dec/2025:03:40:57 +0000] "PUT /3/25707/AUTH_9cb2db62181546998c52314d1567748c/gnocchi.b3a61b1e-9c69-4ff8-afa1-b29b9a510c48" 201 - "PUT https://[::1]:8080/v1/AUTH_9cb2db62181546998c52314d1567748c/gnocchi.b3a61b1e-9c69-4ff8-afa1-b29b9a510c48" "txc9c4b3cf869a4be294e0c-006934f749" "proxy-server 97857" 0.0349 "-" 96575 0
Dec 06 22:40:57 np0005549343.novalocal proxy-server[97857]: ::1 ::1 07/Dec/2025/03/40/57 PUT /v1/AUTH_9cb2db62181546998c52314d1567748c/gnocchi.b3a61b1e-9c69-4ff8-afa1-b29b9a510c48 HTTP/1.0 201 - python-swiftclient-4.8.0 gAAAAABpNPckgn8e... - - - txc9c4b3cf869a4be294e0c-006934f749 - 0.0467 - - 1765078857.554339409 1765078857.601012945 0 0c044fc9f411403aa3ab5cf8f2b14495
Dec 06 22:40:57 np0005549343.novalocal container-server[96575]: ::1 - - [07/Dec/2025:03:40:57 +0000] "HEAD /1/25707/AUTH_9cb2db62181546998c52314d1567748c/gnocchi.b3a61b1e-9c69-4ff8-afa1-b29b9a510c48" 204 - "HEAD http://[::1]:8080/v1/AUTH_9cb2db62181546998c52314d1567748c/gnocchi.b3a61b1e-9c69-4ff8-afa1-b29b9a510c48" "tx54c855cdf07a461a93de6-006934f749" "proxy-server 97857" 0.0020 "-" 96575 0
Dec 06 22:40:57 np0005549343.novalocal proxy-server[97857]: - - 07/Dec/2025/03/40/57 HEAD /v1/AUTH_9cb2db62181546998c52314d1567748c/gnocchi.b3a61b1e-9c69-4ff8-afa1-b29b9a510c48 HTTP/1.0 204 - Swift - - - - tx54c855cdf07a461a93de6-006934f749 - 0.0075 CS - 1765078857.608162403 1765078857.615619183 0 -
Dec 06 22:40:57 np0005549343.novalocal container-server[96575]: ::1 - - [07/Dec/2025:03:40:57 +0000] "GET /2/25707/AUTH_9cb2db62181546998c52314d1567748c/gnocchi.b3a61b1e-9c69-4ff8-afa1-b29b9a510c48" 200 2 "GET https://[::1]:8080/v1/AUTH_9cb2db62181546998c52314d1567748c/gnocchi.b3a61b1e-9c69-4ff8-afa1-b29b9a510c48?format=json&states=listing" "tx54c855cdf07a461a93de6-006934f749" "proxy-server 97857" 0.0032 "-" 96575 0
Dec 06 22:40:57 np0005549343.novalocal proxy-server[97857]: ::1 ::1 07/Dec/2025/03/40/57 GET /v1/AUTH_9cb2db62181546998c52314d1567748c/gnocchi.b3a61b1e-9c69-4ff8-afa1-b29b9a510c48%3Fformat%3Djson%26states%3Dlisting HTTP/1.0 200 - python-swiftclient-4.8.0 gAAAAABpNPckgn8e... - 2 - tx54c855cdf07a461a93de6-006934f749 - 0.0229 - - 1765078857.606883287 1765078857.629747391 0 0c044fc9f411403aa3ab5cf8f2b14495
Dec 06 22:40:57 np0005549343.novalocal object-server[96910]: ::1 - - [07/Dec/2025:03:40:57 +0000] "GET /1/65002/AUTH_9cb2db62181546998c52314d1567748c/gnocchi.b3a61b1e-9c69-4ff8-afa1-b29b9a510c48/1764720000.0_mean_300.0_v3" 404 70 "GET https://[::1]:8080/v1/AUTH_9cb2db62181546998c52314d1567748c/gnocchi.b3a61b1e-9c69-4ff8-afa1-b29b9a510c48/1764720000.0_mean_300.0_v3" "txc3954d6abbf8435eb20b8-006934f749" "proxy-server 97857" 0.0008 "-" 96910 0
Dec 06 22:40:57 np0005549343.novalocal object-server[96909]: ::1 - - [07/Dec/2025:03:40:57 +0000] "GET /3/65002/AUTH_9cb2db62181546998c52314d1567748c/gnocchi.b3a61b1e-9c69-4ff8-afa1-b29b9a510c48/1764720000.0_mean_300.0_v3" 404 70 "GET https://[::1]:8080/v1/AUTH_9cb2db62181546998c52314d1567748c/gnocchi.b3a61b1e-9c69-4ff8-afa1-b29b9a510c48/1764720000.0_mean_300.0_v3" "txc3954d6abbf8435eb20b8-006934f749" "proxy-server 97857" 0.0007 "-" 96909 0
Dec 06 22:40:57 np0005549343.novalocal object-server[96909]: ::1 - - [07/Dec/2025:03:40:57 +0000] "GET /2/65002/AUTH_9cb2db62181546998c52314d1567748c/gnocchi.b3a61b1e-9c69-4ff8-afa1-b29b9a510c48/1764720000.0_mean_300.0_v3" 404 70 "GET https://[::1]:8080/v1/AUTH_9cb2db62181546998c52314d1567748c/gnocchi.b3a61b1e-9c69-4ff8-afa1-b29b9a510c48/1764720000.0_mean_300.0_v3" "txc3954d6abbf8435eb20b8-006934f749" "proxy-server 97857" 0.0004 "-" 96909 0
Dec 06 22:40:57 np0005549343.novalocal proxy-server[97857]: ::1 ::1 07/Dec/2025/03/40/57 GET /v1/AUTH_9cb2db62181546998c52314d1567748c/gnocchi.b3a61b1e-9c69-4ff8-afa1-b29b9a510c48/1764720000.0_mean_300.0_v3 HTTP/1.0 404 - python-swiftclient-4.8.0 gAAAAABpNPckgn8e... - 70 - txc3954d6abbf8435eb20b8-006934f749 - 0.0223 - - 1765078857.635443449 1765078857.657720804 0 0c044fc9f411403aa3ab5cf8f2b14495
Dec 06 22:40:57 np0005549343.novalocal container-server[96575]: ::1 - - [07/Dec/2025:03:40:57 +0000] "PUT /3/25707/AUTH_9cb2db62181546998c52314d1567748c/gnocchi.b3a61b1e-9c69-4ff8-afa1-b29b9a510c48/1764720000.0_mean_300.0_v3" 201 - "PUT http://[::1]:8080/3/65002/AUTH_9cb2db62181546998c52314d1567748c/gnocchi.b3a61b1e-9c69-4ff8-afa1-b29b9a510c48/1764720000.0_mean_300.0_v3" "txba3df916aeae4d5baa86e-006934f749" "object-server 96910" 0.0011 "-" 96575 0
Dec 06 22:40:57 np0005549343.novalocal object-server[96910]: ::1 - - [07/Dec/2025:03:40:57 +0000] "PUT /3/65002/AUTH_9cb2db62181546998c52314d1567748c/gnocchi.b3a61b1e-9c69-4ff8-afa1-b29b9a510c48/1764720000.0_mean_300.0_v3" 201 - "PUT https://[::1]:8080/v1/AUTH_9cb2db62181546998c52314d1567748c/gnocchi.b3a61b1e-9c69-4ff8-afa1-b29b9a510c48/1764720000.0_mean_300.0_v3" "txba3df916aeae4d5baa86e-006934f749" "proxy-server 97857" 0.0151 "-" 96910 0
Dec 06 22:40:57 np0005549343.novalocal container-server[96575]: ::1 - - [07/Dec/2025:03:40:57 +0000] "PUT /2/25707/AUTH_9cb2db62181546998c52314d1567748c/gnocchi.b3a61b1e-9c69-4ff8-afa1-b29b9a510c48/1764720000.0_mean_300.0_v3" 201 - "PUT http://[::1]:8080/2/65002/AUTH_9cb2db62181546998c52314d1567748c/gnocchi.b3a61b1e-9c69-4ff8-afa1-b29b9a510c48/1764720000.0_mean_300.0_v3" "txba3df916aeae4d5baa86e-006934f749" "object-server 96909" 0.0008 "-" 96575 0
Dec 06 22:40:57 np0005549343.novalocal object-server[96909]: ::1 - - [07/Dec/2025:03:40:57 +0000] "PUT /2/65002/AUTH_9cb2db62181546998c52314d1567748c/gnocchi.b3a61b1e-9c69-4ff8-afa1-b29b9a510c48/1764720000.0_mean_300.0_v3" 201 - "PUT https://[::1]:8080/v1/AUTH_9cb2db62181546998c52314d1567748c/gnocchi.b3a61b1e-9c69-4ff8-afa1-b29b9a510c48/1764720000.0_mean_300.0_v3" "txba3df916aeae4d5baa86e-006934f749" "proxy-server 97857" 0.0185 "-" 96909 0
Dec 06 22:40:57 np0005549343.novalocal container-server[96575]: ::1 - - [07/Dec/2025:03:40:57 +0000] "PUT /1/25707/AUTH_9cb2db62181546998c52314d1567748c/gnocchi.b3a61b1e-9c69-4ff8-afa1-b29b9a510c48/1764720000.0_mean_300.0_v3" 201 - "PUT http://[::1]:8080/1/65002/AUTH_9cb2db62181546998c52314d1567748c/gnocchi.b3a61b1e-9c69-4ff8-afa1-b29b9a510c48/1764720000.0_mean_300.0_v3" "txba3df916aeae4d5baa86e-006934f749" "object-server 96909" 0.0010 "-" 96575 0
Dec 06 22:40:57 np0005549343.novalocal object-server[96909]: ::1 - - [07/Dec/2025:03:40:57 +0000] "PUT /1/65002/AUTH_9cb2db62181546998c52314d1567748c/gnocchi.b3a61b1e-9c69-4ff8-afa1-b29b9a510c48/1764720000.0_mean_300.0_v3" 201 - "PUT https://[::1]:8080/v1/AUTH_9cb2db62181546998c52314d1567748c/gnocchi.b3a61b1e-9c69-4ff8-afa1-b29b9a510c48/1764720000.0_mean_300.0_v3" "txba3df916aeae4d5baa86e-006934f749" "proxy-server 97857" 0.0190 "-" 96909 0
Dec 06 22:40:57 np0005549343.novalocal proxy-server[97857]: ::1 ::1 07/Dec/2025/03/40/57 PUT /v1/AUTH_9cb2db62181546998c52314d1567748c/gnocchi.b3a61b1e-9c69-4ff8-afa1-b29b9a510c48/1764720000.0_mean_300.0_v3 HTTP/1.0 201 - python-swiftclient-4.8.0 gAAAAABpNPckgn8e... 16 - - txba3df916aeae4d5baa86e-006934f749 - 0.0330 - - 1765078857.662205935 1765078857.695193529 0 0c044fc9f411403aa3ab5cf8f2b14495
Dec 06 22:40:57 np0005549343.novalocal container-server[96576]: ::1 - - [07/Dec/2025:03:40:57 +0000] "PUT /2/25707/AUTH_9cb2db62181546998c52314d1567748c/gnocchi.b3a61b1e-9c69-4ff8-afa1-b29b9a510c48/none_v3" 201 - "PUT http://[::1]:8080/3/15206/AUTH_9cb2db62181546998c52314d1567748c/gnocchi.b3a61b1e-9c69-4ff8-afa1-b29b9a510c48/none_v3" "tx28db656dc03d4f9ba53e5-006934f749" "object-server 96909" 0.0008 "-" 96576 0
Dec 06 22:40:57 np0005549343.novalocal object-server[96909]: ::1 - - [07/Dec/2025:03:40:57 +0000] "PUT /3/15206/AUTH_9cb2db62181546998c52314d1567748c/gnocchi.b3a61b1e-9c69-4ff8-afa1-b29b9a510c48/none_v3" 201 - "PUT https://[::1]:8080/v1/AUTH_9cb2db62181546998c52314d1567748c/gnocchi.b3a61b1e-9c69-4ff8-afa1-b29b9a510c48/none_v3" "tx28db656dc03d4f9ba53e5-006934f749" "proxy-server 97857" 0.0156 "-" 96909 0
Dec 06 22:40:57 np0005549343.novalocal container-server[96575]: ::1 - - [07/Dec/2025:03:40:57 +0000] "PUT /1/25707/AUTH_9cb2db62181546998c52314d1567748c/gnocchi.b3a61b1e-9c69-4ff8-afa1-b29b9a510c48/none_v3" 201 - "PUT http://[::1]:8080/2/15206/AUTH_9cb2db62181546998c52314d1567748c/gnocchi.b3a61b1e-9c69-4ff8-afa1-b29b9a510c48/none_v3" "tx28db656dc03d4f9ba53e5-006934f749" "object-server 96910" 0.0010 "-" 96575 0
Dec 06 22:40:57 np0005549343.novalocal object-server[96910]: ::1 - - [07/Dec/2025:03:40:57 +0000] "PUT /2/15206/AUTH_9cb2db62181546998c52314d1567748c/gnocchi.b3a61b1e-9c69-4ff8-afa1-b29b9a510c48/none_v3" 201 - "PUT https://[::1]:8080/v1/AUTH_9cb2db62181546998c52314d1567748c/gnocchi.b3a61b1e-9c69-4ff8-afa1-b29b9a510c48/none_v3" "tx28db656dc03d4f9ba53e5-006934f749" "proxy-server 97857" 0.0145 "-" 96910 0
Dec 06 22:40:57 np0005549343.novalocal container-server[96575]: ::1 - - [07/Dec/2025:03:40:57 +0000] "PUT /3/25707/AUTH_9cb2db62181546998c52314d1567748c/gnocchi.b3a61b1e-9c69-4ff8-afa1-b29b9a510c48/none_v3" 201 - "PUT http://[::1]:8080/1/15206/AUTH_9cb2db62181546998c52314d1567748c/gnocchi.b3a61b1e-9c69-4ff8-afa1-b29b9a510c48/none_v3" "tx28db656dc03d4f9ba53e5-006934f749" "object-server 96910" 0.0008 "-" 96575 0
Dec 06 22:40:57 np0005549343.novalocal object-server[96910]: ::1 - - [07/Dec/2025:03:40:57 +0000] "PUT /1/15206/AUTH_9cb2db62181546998c52314d1567748c/gnocchi.b3a61b1e-9c69-4ff8-afa1-b29b9a510c48/none_v3" 201 - "PUT https://[::1]:8080/v1/AUTH_9cb2db62181546998c52314d1567748c/gnocchi.b3a61b1e-9c69-4ff8-afa1-b29b9a510c48/none_v3" "tx28db656dc03d4f9ba53e5-006934f749" "proxy-server 97857" 0.0199 "-" 96910 0
Dec 06 22:40:57 np0005549343.novalocal proxy-server[97857]: ::1 ::1 07/Dec/2025/03/40/57 PUT /v1/AUTH_9cb2db62181546998c52314d1567748c/gnocchi.b3a61b1e-9c69-4ff8-afa1-b29b9a510c48/none_v3 HTTP/1.0 201 - python-swiftclient-4.8.0 gAAAAABpNPckgn8e... 22 - - tx28db656dc03d4f9ba53e5-006934f749 - 0.0334 - - 1765078857.699786425 1765078857.733207464 0 0c044fc9f411403aa3ab5cf8f2b14495
Dec 06 22:40:57 np0005549343.novalocal container-server[96576]: ::1 - - [07/Dec/2025:03:40:57 +0000] "HEAD /3/34230/AUTH_9cb2db62181546998c52314d1567748c/gnocchi.36fa1bb7-f577-4dcd-bb80-2148218fc649" 404 - "HEAD http://[::1]:8080/v1/AUTH_9cb2db62181546998c52314d1567748c/gnocchi.36fa1bb7-f577-4dcd-bb80-2148218fc649" "tx22806af95bea43ed95b47-006934f749" "proxy-server 97857" 0.0004 "-" 96576 0
Dec 06 22:40:57 np0005549343.novalocal container-server[96575]: ::1 - - [07/Dec/2025:03:40:57 +0000] "HEAD /1/34230/AUTH_9cb2db62181546998c52314d1567748c/gnocchi.36fa1bb7-f577-4dcd-bb80-2148218fc649" 404 - "HEAD http://[::1]:8080/v1/AUTH_9cb2db62181546998c52314d1567748c/gnocchi.36fa1bb7-f577-4dcd-bb80-2148218fc649" "tx22806af95bea43ed95b47-006934f749" "proxy-server 97857" 0.0006 "-" 96575 0
Dec 06 22:40:57 np0005549343.novalocal container-server[96576]: ::1 - - [07/Dec/2025:03:40:57 +0000] "HEAD /2/34230/AUTH_9cb2db62181546998c52314d1567748c/gnocchi.36fa1bb7-f577-4dcd-bb80-2148218fc649" 404 - "HEAD http://[::1]:8080/v1/AUTH_9cb2db62181546998c52314d1567748c/gnocchi.36fa1bb7-f577-4dcd-bb80-2148218fc649" "tx22806af95bea43ed95b47-006934f749" "proxy-server 97857" 0.0004 "-" 96576 0
Dec 06 22:40:57 np0005549343.novalocal proxy-server[97857]: - - 07/Dec/2025/03/40/57 HEAD /v1/AUTH_9cb2db62181546998c52314d1567748c/gnocchi.36fa1bb7-f577-4dcd-bb80-2148218fc649 HTTP/1.0 404 - Swift - - - - tx22806af95bea43ed95b47-006934f749 - 0.0120 CS - 1765078857.748150349 1765078857.760196686 0 -
Dec 06 22:40:57 np0005549343.novalocal object-server[96909]: ::1 - - [07/Dec/2025:03:40:57 +0000] "GET /3/47098/AUTH_9cb2db62181546998c52314d1567748c/gnocchi.36fa1bb7-f577-4dcd-bb80-2148218fc649/none_v3" 404 70 "GET https://[::1]:8080/v1/AUTH_9cb2db62181546998c52314d1567748c/gnocchi.36fa1bb7-f577-4dcd-bb80-2148218fc649/none_v3" "tx22806af95bea43ed95b47-006934f749" "proxy-server 97857" 0.0005 "-" 96909 0
Dec 06 22:40:57 np0005549343.novalocal object-server[96910]: ::1 - - [07/Dec/2025:03:40:57 +0000] "GET /2/47098/AUTH_9cb2db62181546998c52314d1567748c/gnocchi.36fa1bb7-f577-4dcd-bb80-2148218fc649/none_v3" 404 70 "GET https://[::1]:8080/v1/AUTH_9cb2db62181546998c52314d1567748c/gnocchi.36fa1bb7-f577-4dcd-bb80-2148218fc649/none_v3" "tx22806af95bea43ed95b47-006934f749" "proxy-server 97857" 0.0005 "-" 96910 0
Dec 06 22:40:57 np0005549343.novalocal object-server[96909]: ::1 - - [07/Dec/2025:03:40:57 +0000] "GET /1/47098/AUTH_9cb2db62181546998c52314d1567748c/gnocchi.36fa1bb7-f577-4dcd-bb80-2148218fc649/none_v3" 404 70 "GET https://[::1]:8080/v1/AUTH_9cb2db62181546998c52314d1567748c/gnocchi.36fa1bb7-f577-4dcd-bb80-2148218fc649/none_v3" "tx22806af95bea43ed95b47-006934f749" "proxy-server 97857" 0.0004 "-" 96909 0
Dec 06 22:40:57 np0005549343.novalocal proxy-server[97857]: ::1 ::1 07/Dec/2025/03/40/57 GET /v1/AUTH_9cb2db62181546998c52314d1567748c/gnocchi.36fa1bb7-f577-4dcd-bb80-2148218fc649/none_v3 HTTP/1.0 404 - python-swiftclient-4.8.0 gAAAAABpNPckgn8e... - 70 - tx22806af95bea43ed95b47-006934f749 - 0.0314 - - 1765078857.747129679 1765078857.778514624 0 0c044fc9f411403aa3ab5cf8f2b14495
Dec 06 22:40:57 np0005549343.novalocal account-server[96280]: ::1 - - [07/Dec/2025:03:40:57 +0000] "PUT /3/78968/AUTH_9cb2db62181546998c52314d1567748c/gnocchi.36fa1bb7-f577-4dcd-bb80-2148218fc649" 201 - "PUT http://[::1]:6001/3/34230/AUTH_9cb2db62181546998c52314d1567748c/gnocchi.36fa1bb7-f577-4dcd-bb80-2148218fc649" "txc727038fa5aa449588802-006934f749" "container-server 96576" 0.0108 "-" 96280 0
Dec 06 22:40:57 np0005549343.novalocal account-server[96281]: ::1 - - [07/Dec/2025:03:40:57 +0000] "PUT /1/78968/AUTH_9cb2db62181546998c52314d1567748c/gnocchi.36fa1bb7-f577-4dcd-bb80-2148218fc649" 201 - "PUT http://[::1]:6001/2/34230/AUTH_9cb2db62181546998c52314d1567748c/gnocchi.36fa1bb7-f577-4dcd-bb80-2148218fc649" "txc727038fa5aa449588802-006934f749" "container-server 96575" 0.0094 "-" 96281 0
Dec 06 22:40:57 np0005549343.novalocal container-server[96576]: ::1 - - [07/Dec/2025:03:40:57 +0000] "PUT /3/34230/AUTH_9cb2db62181546998c52314d1567748c/gnocchi.36fa1bb7-f577-4dcd-bb80-2148218fc649" 201 - "PUT https://[::1]:8080/v1/AUTH_9cb2db62181546998c52314d1567748c/gnocchi.36fa1bb7-f577-4dcd-bb80-2148218fc649" "txc727038fa5aa449588802-006934f749" "proxy-server 97857" 0.0251 "-" 96576 0
Dec 06 22:40:57 np0005549343.novalocal container-server[96575]: ::1 - - [07/Dec/2025:03:40:57 +0000] "PUT /2/34230/AUTH_9cb2db62181546998c52314d1567748c/gnocchi.36fa1bb7-f577-4dcd-bb80-2148218fc649" 201 - "PUT https://[::1]:8080/v1/AUTH_9cb2db62181546998c52314d1567748c/gnocchi.36fa1bb7-f577-4dcd-bb80-2148218fc649" "txc727038fa5aa449588802-006934f749" "proxy-server 97857" 0.0280 "-" 96575 0
Dec 06 22:40:57 np0005549343.novalocal account-server[96280]: ::1 - - [07/Dec/2025:03:40:57 +0000] "PUT /2/78968/AUTH_9cb2db62181546998c52314d1567748c/gnocchi.36fa1bb7-f577-4dcd-bb80-2148218fc649" 201 - "PUT http://[::1]:6001/1/34230/AUTH_9cb2db62181546998c52314d1567748c/gnocchi.36fa1bb7-f577-4dcd-bb80-2148218fc649" "txc727038fa5aa449588802-006934f749" "container-server 96575" 0.0105 "-" 96280 0
Dec 06 22:40:57 np0005549343.novalocal container-server[96575]: ::1 - - [07/Dec/2025:03:40:57 +0000] "PUT /1/34230/AUTH_9cb2db62181546998c52314d1567748c/gnocchi.36fa1bb7-f577-4dcd-bb80-2148218fc649" 201 - "PUT https://[::1]:8080/v1/AUTH_9cb2db62181546998c52314d1567748c/gnocchi.36fa1bb7-f577-4dcd-bb80-2148218fc649" "txc727038fa5aa449588802-006934f749" "proxy-server 97857" 0.0270 "-" 96575 0
Dec 06 22:40:57 np0005549343.novalocal proxy-server[97857]: ::1 ::1 07/Dec/2025/03/40/57 PUT /v1/AUTH_9cb2db62181546998c52314d1567748c/gnocchi.36fa1bb7-f577-4dcd-bb80-2148218fc649 HTTP/1.0 201 - python-swiftclient-4.8.0 gAAAAABpNPckgn8e... - - - txc727038fa5aa449588802-006934f749 - 0.0524 - - 1765078857.782359362 1765078857.834737062 0 0c044fc9f411403aa3ab5cf8f2b14495
Dec 06 22:40:57 np0005549343.novalocal container-server[96576]: ::1 - - [07/Dec/2025:03:40:57 +0000] "HEAD /3/202407/AUTH_9cb2db62181546998c52314d1567748c/gnocchi.9ec5e3cb-18bf-4a5c-9ac1-4ce9befcee49" 404 - "HEAD http://[::1]:8080/v1/AUTH_9cb2db62181546998c52314d1567748c/gnocchi.9ec5e3cb-18bf-4a5c-9ac1-4ce9befcee49" "tx72e26208f032437fa93fd-006934f749" "proxy-server 97857" 0.0004 "-" 96576 0
Dec 06 22:40:57 np0005549343.novalocal container-server[96575]: ::1 - - [07/Dec/2025:03:40:57 +0000] "HEAD /1/202407/AUTH_9cb2db62181546998c52314d1567748c/gnocchi.9ec5e3cb-18bf-4a5c-9ac1-4ce9befcee49" 404 - "HEAD http://[::1]:8080/v1/AUTH_9cb2db62181546998c52314d1567748c/gnocchi.9ec5e3cb-18bf-4a5c-9ac1-4ce9befcee49" "tx72e26208f032437fa93fd-006934f749" "proxy-server 97857" 0.0004 "-" 96575 0
Dec 06 22:40:57 np0005549343.novalocal container-server[96575]: ::1 - - [07/Dec/2025:03:40:57 +0000] "HEAD /2/202407/AUTH_9cb2db62181546998c52314d1567748c/gnocchi.9ec5e3cb-18bf-4a5c-9ac1-4ce9befcee49" 404 - "HEAD http://[::1]:8080/v1/AUTH_9cb2db62181546998c52314d1567748c/gnocchi.9ec5e3cb-18bf-4a5c-9ac1-4ce9befcee49" "tx72e26208f032437fa93fd-006934f749" "proxy-server 97857" 0.0003 "-" 96575 0
Dec 06 22:40:57 np0005549343.novalocal proxy-server[97857]: - - 07/Dec/2025/03/40/57 HEAD /v1/AUTH_9cb2db62181546998c52314d1567748c/gnocchi.9ec5e3cb-18bf-4a5c-9ac1-4ce9befcee49 HTTP/1.0 404 - Swift - - - - tx72e26208f032437fa93fd-006934f749 - 0.0124 CS - 1765078857.840486765 1765078857.852930784 0 -
Dec 06 22:40:57 np0005549343.novalocal object-server[96910]: ::1 - - [07/Dec/2025:03:40:57 +0000] "GET /1/6934/AUTH_9cb2db62181546998c52314d1567748c/gnocchi.9ec5e3cb-18bf-4a5c-9ac1-4ce9befcee49/none_v3" 404 70 "GET https://[::1]:8080/v1/AUTH_9cb2db62181546998c52314d1567748c/gnocchi.9ec5e3cb-18bf-4a5c-9ac1-4ce9befcee49/none_v3" "tx72e26208f032437fa93fd-006934f749" "proxy-server 97857" 0.0005 "-" 96910 0
Dec 06 22:40:57 np0005549343.novalocal object-server[96910]: ::1 - - [07/Dec/2025:03:40:57 +0000] "GET /2/6934/AUTH_9cb2db62181546998c52314d1567748c/gnocchi.9ec5e3cb-18bf-4a5c-9ac1-4ce9befcee49/none_v3" 404 70 "GET https://[::1]:8080/v1/AUTH_9cb2db62181546998c52314d1567748c/gnocchi.9ec5e3cb-18bf-4a5c-9ac1-4ce9befcee49/none_v3" "tx72e26208f032437fa93fd-006934f749" "proxy-server 97857" 0.0004 "-" 96910 0
Dec 06 22:40:57 np0005549343.novalocal object-server[96909]: ::1 - - [07/Dec/2025:03:40:57 +0000] "GET /3/6934/AUTH_9cb2db62181546998c52314d1567748c/gnocchi.9ec5e3cb-18bf-4a5c-9ac1-4ce9befcee49/none_v3" 404 70 "GET https://[::1]:8080/v1/AUTH_9cb2db62181546998c52314d1567748c/gnocchi.9ec5e3cb-18bf-4a5c-9ac1-4ce9befcee49/none_v3" "tx72e26208f032437fa93fd-006934f749" "proxy-server 97857" 0.0005 "-" 96909 0
Dec 06 22:40:57 np0005549343.novalocal proxy-server[97857]: ::1 ::1 07/Dec/2025/03/40/57 GET /v1/AUTH_9cb2db62181546998c52314d1567748c/gnocchi.9ec5e3cb-18bf-4a5c-9ac1-4ce9befcee49/none_v3 HTTP/1.0 404 - python-swiftclient-4.8.0 gAAAAABpNPckgn8e... - 70 - tx72e26208f032437fa93fd-006934f749 - 0.0314 - - 1765078857.839419842 1765078857.870848417 0 0c044fc9f411403aa3ab5cf8f2b14495
Dec 06 22:40:57 np0005549343.novalocal account-server[96280]: ::1 - - [07/Dec/2025:03:40:57 +0000] "HEAD /2/249817/.misplaced_objects" 404 - "HEAD http://localhost/v1/.misplaced_objects?format=json" "tx6b06ea8119fa4bf0908f2-006934f749" "Swift Container Reconciler" 0.0005 "-" 96280 -
Dec 06 22:40:57 np0005549343.novalocal account-server[96280]: ::1 - - [07/Dec/2025:03:40:57 +0000] "HEAD /1/249817/.misplaced_objects" 404 - "HEAD http://localhost/v1/.misplaced_objects?format=json" "tx6b06ea8119fa4bf0908f2-006934f749" "Swift Container Reconciler" 0.0003 "-" 96280 -
Dec 06 22:40:57 np0005549343.novalocal account-server[96281]: ::1 - - [07/Dec/2025:03:40:57 +0000] "HEAD /3/249817/.misplaced_objects" 404 - "HEAD http://localhost/v1/.misplaced_objects?format=json" "tx6b06ea8119fa4bf0908f2-006934f749" "Swift Container Reconciler" 0.0005 "-" 96281 -
Dec 06 22:40:57 np0005549343.novalocal container-reconciler-ic[92310]: - - 07/Dec/2025/03/40/57 HEAD /v1/.misplaced_objects%3Fformat%3Djson HTTP/1.0 404 - Swift - - - - tx6b06ea8119fa4bf0908f2-006934f749 - 0.0117 GET_ACCOUNT_INFO - 1765078857.888709545 1765078857.900369406 - -
Dec 06 22:40:57 np0005549343.novalocal account-server[96280]: ::1 - - [07/Dec/2025:03:40:57 +0000] "PUT /1/78968/AUTH_9cb2db62181546998c52314d1567748c/gnocchi.9ec5e3cb-18bf-4a5c-9ac1-4ce9befcee49" 201 - "PUT http://[::1]:6001/3/202407/AUTH_9cb2db62181546998c52314d1567748c/gnocchi.9ec5e3cb-18bf-4a5c-9ac1-4ce9befcee49" "txfc471b780da64e979d930-006934f749" "container-server 96575" 0.0056 "-" 96280 0
Dec 06 22:40:57 np0005549343.novalocal account-server[96281]: ::1 - - [07/Dec/2025:03:40:57 +0000] "PUT /2/78968/AUTH_9cb2db62181546998c52314d1567748c/gnocchi.9ec5e3cb-18bf-4a5c-9ac1-4ce9befcee49" 201 - "PUT http://[::1]:6001/1/202407/AUTH_9cb2db62181546998c52314d1567748c/gnocchi.9ec5e3cb-18bf-4a5c-9ac1-4ce9befcee49" "txfc471b780da64e979d930-006934f749" "container-server 96576" 0.0068 "-" 96281 0
Dec 06 22:40:57 np0005549343.novalocal container-server[96576]: ::1 - - [07/Dec/2025:03:40:57 +0000] "PUT /1/202407/AUTH_9cb2db62181546998c52314d1567748c/gnocchi.9ec5e3cb-18bf-4a5c-9ac1-4ce9befcee49" 201 - "PUT https://[::1]:8080/v1/AUTH_9cb2db62181546998c52314d1567748c/gnocchi.9ec5e3cb-18bf-4a5c-9ac1-4ce9befcee49" "txfc471b780da64e979d930-006934f749" "proxy-server 97857" 0.0408 "-" 96576 0
Dec 06 22:40:57 np0005549343.novalocal container-server[96575]: ::1 - - [07/Dec/2025:03:40:57 +0000] "GET /1/96805/.misplaced_objects/1765076400" 404 - "GET http://localhost/v1/.misplaced_objects/1765076400?format=json&marker=&end_marker=&prefix=&states=listing" "tx6b06ea8119fa4bf0908f2-006934f749" "Swift Container Reconciler" 0.0006 "-" 96575 0
Dec 06 22:40:57 np0005549343.novalocal container-server[96575]: ::1 - - [07/Dec/2025:03:40:57 +0000] "PUT /3/202407/AUTH_9cb2db62181546998c52314d1567748c/gnocchi.9ec5e3cb-18bf-4a5c-9ac1-4ce9befcee49" 201 - "PUT https://[::1]:8080/v1/AUTH_9cb2db62181546998c52314d1567748c/gnocchi.9ec5e3cb-18bf-4a5c-9ac1-4ce9befcee49" "txfc471b780da64e979d930-006934f749" "proxy-server 97857" 0.0510 "-" 96575 0
Dec 06 22:40:57 np0005549343.novalocal container-server[96576]: ::1 - - [07/Dec/2025:03:40:57 +0000] "GET /3/96805/.misplaced_objects/1765076400" 404 - "GET http://localhost/v1/.misplaced_objects/1765076400?format=json&marker=&end_marker=&prefix=&states=listing" "tx6b06ea8119fa4bf0908f2-006934f749" "Swift Container Reconciler" 0.0005 "-" 96576 0
Dec 06 22:40:57 np0005549343.novalocal account-server[96280]: ::1 - - [07/Dec/2025:03:40:57 +0000] "PUT /3/78968/AUTH_9cb2db62181546998c52314d1567748c/gnocchi.9ec5e3cb-18bf-4a5c-9ac1-4ce9befcee49" 201 - "PUT http://[::1]:6001/2/202407/AUTH_9cb2db62181546998c52314d1567748c/gnocchi.9ec5e3cb-18bf-4a5c-9ac1-4ce9befcee49" "txfc471b780da64e979d930-006934f749" "container-server 96575" 0.0051 "-" 96280 0
Dec 06 22:40:57 np0005549343.novalocal container-server[96576]: ::1 - - [07/Dec/2025:03:40:57 +0000] "GET /2/96805/.misplaced_objects/1765076400" 404 - "GET http://localhost/v1/.misplaced_objects/1765076400?format=json&marker=&end_marker=&prefix=&states=listing" "tx6b06ea8119fa4bf0908f2-006934f749" "Swift Container Reconciler" 0.0005 "-" 96576 0
Dec 06 22:40:57 np0005549343.novalocal container-server[96575]: ::1 - - [07/Dec/2025:03:40:57 +0000] "PUT /2/202407/AUTH_9cb2db62181546998c52314d1567748c/gnocchi.9ec5e3cb-18bf-4a5c-9ac1-4ce9befcee49" 201 - "PUT https://[::1]:8080/v1/AUTH_9cb2db62181546998c52314d1567748c/gnocchi.9ec5e3cb-18bf-4a5c-9ac1-4ce9befcee49" "txfc471b780da64e979d930-006934f749" "proxy-server 97857" 0.0249 "-" 96575 0
Dec 06 22:40:57 np0005549343.novalocal container-reconciler-ic[92310]: - - 07/Dec/2025/03/40/57 GET /v1/.misplaced_objects/1765076400%3Fformat%3Djson%26marker%3D%26end_marker%3D%26prefix%3D%26states%3Dlisting HTTP/1.0 404 - Swift%20Container%20Reconciler - - 70 - tx6b06ea8119fa4bf0908f2-006934f749 - 0.0533 - - 1765078857.887511730 1765078857.940788031 0 -
Dec 06 22:40:57 np0005549343.novalocal proxy-server[97857]: ::1 ::1 07/Dec/2025/03/40/57 PUT /v1/AUTH_9cb2db62181546998c52314d1567748c/gnocchi.9ec5e3cb-18bf-4a5c-9ac1-4ce9befcee49 HTTP/1.0 201 - python-swiftclient-4.8.0 gAAAAABpNPckgn8e... - - - txfc471b780da64e979d930-006934f749 - 0.0670 - - 1765078857.874456167 1765078857.941504002 0 0c044fc9f411403aa3ab5cf8f2b14495
Dec 06 22:40:57 np0005549343.novalocal account-server[96281]: ::1 - - [07/Dec/2025:03:40:57 +0000] "GET /3/249817/.misplaced_objects" 404 - "GET http://localhost/v1/.misplaced_objects?format=json&marker=&end_marker=&prefix=" "tx66b405f77d5148f88167a-006934f749" "Swift Container Reconciler" 0.0005 "-" 96281 -
Dec 06 22:40:57 np0005549343.novalocal account-server[96281]: ::1 - - [07/Dec/2025:03:40:57 +0000] "GET /1/249817/.misplaced_objects" 404 - "GET http://localhost/v1/.misplaced_objects?format=json&marker=&end_marker=&prefix=" "tx66b405f77d5148f88167a-006934f749" "Swift Container Reconciler" 0.0004 "-" 96281 -
Dec 06 22:40:57 np0005549343.novalocal account-server[96280]: ::1 - - [07/Dec/2025:03:40:57 +0000] "GET /2/249817/.misplaced_objects" 404 - "GET http://localhost/v1/.misplaced_objects?format=json&marker=&end_marker=&prefix=" "tx66b405f77d5148f88167a-006934f749" "Swift Container Reconciler" 0.0004 "-" 96280 -
Dec 06 22:40:57 np0005549343.novalocal container-server[96575]: ::1 - - [07/Dec/2025:03:40:57 +0000] "HEAD /2/34230/AUTH_9cb2db62181546998c52314d1567748c/gnocchi.36fa1bb7-f577-4dcd-bb80-2148218fc649" 204 - "HEAD http://[::1]:8080/v1/AUTH_9cb2db62181546998c52314d1567748c/gnocchi.36fa1bb7-f577-4dcd-bb80-2148218fc649" "tx2455a89104eb40a6bf5a0-006934f749" "proxy-server 97857" 0.0022 "-" 96575 0
Dec 06 22:40:57 np0005549343.novalocal container-reconciler-ic[92310]: - - 07/Dec/2025/03/40/57 GET /v1/.misplaced_objects%3Fformat%3Djson%26marker%3D%26end_marker%3D%26prefix%3D HTTP/1.0 404 - Swift%20Container%20Reconciler - - - - tx66b405f77d5148f88167a-006934f749 - 0.0124 - - 1765078857.941992521 1765078857.954356909 - -
Dec 06 22:40:57 np0005549343.novalocal proxy-server[97857]: - - 07/Dec/2025/03/40/57 HEAD /v1/AUTH_9cb2db62181546998c52314d1567748c/gnocchi.36fa1bb7-f577-4dcd-bb80-2148218fc649 HTTP/1.0 204 - Swift - - - - tx2455a89104eb40a6bf5a0-006934f749 - 0.0075 CS - 1765078857.947698355 1765078857.955221415 0 -
Dec 06 22:40:57 np0005549343.novalocal container-reconciler[92310]: Reconciler Stats: {}
Dec 06 22:40:57 np0005549343.novalocal container-reconciler[92310]: sleeping between intervals (30.0s)
Dec 06 22:40:57 np0005549343.novalocal container-server[96576]: ::1 - - [07/Dec/2025:03:40:57 +0000] "GET /3/34230/AUTH_9cb2db62181546998c52314d1567748c/gnocchi.36fa1bb7-f577-4dcd-bb80-2148218fc649" 200 2 "GET https://[::1]:8080/v1/AUTH_9cb2db62181546998c52314d1567748c/gnocchi.36fa1bb7-f577-4dcd-bb80-2148218fc649?format=json&states=listing" "tx2455a89104eb40a6bf5a0-006934f749" "proxy-server 97857" 0.0046 "-" 96576 0
Dec 06 22:40:57 np0005549343.novalocal proxy-server[97857]: ::1 ::1 07/Dec/2025/03/40/57 GET /v1/AUTH_9cb2db62181546998c52314d1567748c/gnocchi.36fa1bb7-f577-4dcd-bb80-2148218fc649%3Fformat%3Djson%26states%3Dlisting HTTP/1.0 200 - python-swiftclient-4.8.0 gAAAAABpNPckgn8e... - 2 - tx2455a89104eb40a6bf5a0-006934f749 - 0.0227 - - 1765078857.946601391 1765078857.969349861 0 0c044fc9f411403aa3ab5cf8f2b14495
Dec 06 22:40:57 np0005549343.novalocal container-server[96576]: ::1 - - [07/Dec/2025:03:40:57 +0000] "HEAD /3/202407/AUTH_9cb2db62181546998c52314d1567748c/gnocchi.9ec5e3cb-18bf-4a5c-9ac1-4ce9befcee49" 204 - "HEAD http://[::1]:8080/v1/AUTH_9cb2db62181546998c52314d1567748c/gnocchi.9ec5e3cb-18bf-4a5c-9ac1-4ce9befcee49" "txfa0f11622c4e44fa8c3ac-006934f749" "proxy-server 97857" 0.0027 "-" 96576 0
Dec 06 22:40:57 np0005549343.novalocal proxy-server[97857]: - - 07/Dec/2025/03/40/57 HEAD /v1/AUTH_9cb2db62181546998c52314d1567748c/gnocchi.9ec5e3cb-18bf-4a5c-9ac1-4ce9befcee49 HTTP/1.0 204 - Swift - - - - txfa0f11622c4e44fa8c3ac-006934f749 - 0.0082 CS - 1765078857.978100538 1765078857.986300468 0 -
Dec 06 22:40:57 np0005549343.novalocal container-server[96576]: ::1 - - [07/Dec/2025:03:40:57 +0000] "GET /2/202407/AUTH_9cb2db62181546998c52314d1567748c/gnocchi.9ec5e3cb-18bf-4a5c-9ac1-4ce9befcee49" 200 2 "GET https://[::1]:8080/v1/AUTH_9cb2db62181546998c52314d1567748c/gnocchi.9ec5e3cb-18bf-4a5c-9ac1-4ce9befcee49?format=json&states=listing" "txfa0f11622c4e44fa8c3ac-006934f749" "proxy-server 97857" 0.0040 "-" 96576 0
Dec 06 22:40:58 np0005549343.novalocal proxy-server[97857]: ::1 ::1 07/Dec/2025/03/40/58 GET /v1/AUTH_9cb2db62181546998c52314d1567748c/gnocchi.9ec5e3cb-18bf-4a5c-9ac1-4ce9befcee49%3Fformat%3Djson%26states%3Dlisting HTTP/1.0 200 - python-swiftclient-4.8.0 gAAAAABpNPckgn8e... - 2 - txfa0f11622c4e44fa8c3ac-006934f749 - 0.0234 - - 1765078857.976915598 1765078858.000285864 0 0c044fc9f411403aa3ab5cf8f2b14495
Dec 06 22:40:58 np0005549343.novalocal object-server[96910]: ::1 - - [07/Dec/2025:03:40:58 +0000] "GET /2/142052/AUTH_9cb2db62181546998c52314d1567748c/gnocchi.36fa1bb7-f577-4dcd-bb80-2148218fc649/1764720000.0_mean_300.0_v3" 404 70 "GET https://[::1]:8080/v1/AUTH_9cb2db62181546998c52314d1567748c/gnocchi.36fa1bb7-f577-4dcd-bb80-2148218fc649/1764720000.0_mean_300.0_v3" "tx61490ff1cc2b4086bc5f0-006934f74a" "proxy-server 97857" 0.0005 "-" 96910 0
Dec 06 22:40:58 np0005549343.novalocal object-server[96909]: ::1 - - [07/Dec/2025:03:40:58 +0000] "GET /1/142052/AUTH_9cb2db62181546998c52314d1567748c/gnocchi.36fa1bb7-f577-4dcd-bb80-2148218fc649/1764720000.0_mean_300.0_v3" 404 70 "GET https://[::1]:8080/v1/AUTH_9cb2db62181546998c52314d1567748c/gnocchi.36fa1bb7-f577-4dcd-bb80-2148218fc649/1764720000.0_mean_300.0_v3" "tx61490ff1cc2b4086bc5f0-006934f74a" "proxy-server 97857" 0.0004 "-" 96909 0
Dec 06 22:40:58 np0005549343.novalocal object-server[96909]: ::1 - - [07/Dec/2025:03:40:58 +0000] "GET /3/142052/AUTH_9cb2db62181546998c52314d1567748c/gnocchi.36fa1bb7-f577-4dcd-bb80-2148218fc649/1764720000.0_mean_300.0_v3" 404 70 "GET https://[::1]:8080/v1/AUTH_9cb2db62181546998c52314d1567748c/gnocchi.36fa1bb7-f577-4dcd-bb80-2148218fc649/1764720000.0_mean_300.0_v3" "tx61490ff1cc2b4086bc5f0-006934f74a" "proxy-server 97857" 0.0002 "-" 96909 0
Dec 06 22:40:58 np0005549343.novalocal proxy-server[97857]: ::1 ::1 07/Dec/2025/03/40/58 GET /v1/AUTH_9cb2db62181546998c52314d1567748c/gnocchi.36fa1bb7-f577-4dcd-bb80-2148218fc649/1764720000.0_mean_300.0_v3 HTTP/1.0 404 - python-swiftclient-4.8.0 gAAAAABpNPckgn8e... - 70 - tx61490ff1cc2b4086bc5f0-006934f74a - 0.0205 - - 1765078858.005673409 1765078858.026192188 0 0c044fc9f411403aa3ab5cf8f2b14495
Dec 06 22:40:58 np0005549343.novalocal object-server[96909]: ::1 - - [07/Dec/2025:03:40:58 +0000] "GET /3/141122/AUTH_9cb2db62181546998c52314d1567748c/gnocchi.9ec5e3cb-18bf-4a5c-9ac1-4ce9befcee49/1764720000.0_mean_300.0_v3" 404 70 "GET https://[::1]:8080/v1/AUTH_9cb2db62181546998c52314d1567748c/gnocchi.9ec5e3cb-18bf-4a5c-9ac1-4ce9befcee49/1764720000.0_mean_300.0_v3" "txa60cfdfa088140e7a5ea8-006934f74a" "proxy-server 97857" 0.0003 "-" 96909 0
Dec 06 22:40:58 np0005549343.novalocal object-server[96909]: ::1 - - [07/Dec/2025:03:40:58 +0000] "GET /2/141122/AUTH_9cb2db62181546998c52314d1567748c/gnocchi.9ec5e3cb-18bf-4a5c-9ac1-4ce9befcee49/1764720000.0_mean_300.0_v3" 404 70 "GET https://[::1]:8080/v1/AUTH_9cb2db62181546998c52314d1567748c/gnocchi.9ec5e3cb-18bf-4a5c-9ac1-4ce9befcee49/1764720000.0_mean_300.0_v3" "txa60cfdfa088140e7a5ea8-006934f74a" "proxy-server 97857" 0.0002 "-" 96909 0
Dec 06 22:40:58 np0005549343.novalocal object-server[96910]: ::1 - - [07/Dec/2025:03:40:58 +0000] "GET /1/141122/AUTH_9cb2db62181546998c52314d1567748c/gnocchi.9ec5e3cb-18bf-4a5c-9ac1-4ce9befcee49/1764720000.0_mean_300.0_v3" 404 70 "GET https://[::1]:8080/v1/AUTH_9cb2db62181546998c52314d1567748c/gnocchi.9ec5e3cb-18bf-4a5c-9ac1-4ce9befcee49/1764720000.0_mean_300.0_v3" "txa60cfdfa088140e7a5ea8-006934f74a" "proxy-server 97857" 0.0006 "-" 96910 0
Dec 06 22:40:58 np0005549343.novalocal proxy-server[97857]: ::1 ::1 07/Dec/2025/03/40/58 GET /v1/AUTH_9cb2db62181546998c52314d1567748c/gnocchi.9ec5e3cb-18bf-4a5c-9ac1-4ce9befcee49/1764720000.0_mean_300.0_v3 HTTP/1.0 404 - python-swiftclient-4.8.0 gAAAAABpNPckgn8e... - 70 - txa60cfdfa088140e7a5ea8-006934f74a - 0.0139 - - 1765078858.030283689 1765078858.044199467 0 0c044fc9f411403aa3ab5cf8f2b14495
Dec 06 22:40:58 np0005549343.novalocal container-server[96576]: ::1 - - [07/Dec/2025:03:40:58 +0000] "PUT /3/34230/AUTH_9cb2db62181546998c52314d1567748c/gnocchi.36fa1bb7-f577-4dcd-bb80-2148218fc649/1764720000.0_mean_300.0_v3" 201 - "PUT http://[::1]:8080/1/142052/AUTH_9cb2db62181546998c52314d1567748c/gnocchi.36fa1bb7-f577-4dcd-bb80-2148218fc649/1764720000.0_mean_300.0_v3" "txec61e226113242a5a47fc-006934f74a" "object-server 96909" 0.0010 "-" 96576 0
Dec 06 22:40:58 np0005549343.novalocal object-server[96909]: ::1 - - [07/Dec/2025:03:40:58 +0000] "PUT /1/142052/AUTH_9cb2db62181546998c52314d1567748c/gnocchi.36fa1bb7-f577-4dcd-bb80-2148218fc649/1764720000.0_mean_300.0_v3" 201 - "PUT https://[::1]:8080/v1/AUTH_9cb2db62181546998c52314d1567748c/gnocchi.36fa1bb7-f577-4dcd-bb80-2148218fc649/1764720000.0_mean_300.0_v3" "txec61e226113242a5a47fc-006934f74a" "proxy-server 97857" 0.0166 "-" 96909 0
