Dec 06 22:41:13 np0005549343.novalocal proxy-server[97857]: ::1 ::1 07/Dec/2025/03/41/13 PUT /v1/AUTH_9cb2db62181546998c52314d1567748c/gnocchi.1a7775db-355a-4364-8e23-94110f57c20c/1764720000.0_mean_300.0_v3 HTTP/1.0 201 - python-swiftclient-4.8.0 gAAAAABpNPcx8Tdl... 16 - - tx4fab9972e2e044e9becc7-006934f759 - 0.0325 - - 1765078873.091792345 1765078873.124330044 0 0c044fc9f411403aa3ab5cf8f2b14495
Dec 06 22:41:13 np0005549343.novalocal container-server[96575]: ::1 - - [07/Dec/2025:03:41:13 +0000] "PUT /3/142424/AUTH_9cb2db62181546998c52314d1567748c/gnocchi.1a7775db-355a-4364-8e23-94110f57c20c/none_v3" 201 - "PUT http://[::1]:8080/1/130820/AUTH_9cb2db62181546998c52314d1567748c/gnocchi.1a7775db-355a-4364-8e23-94110f57c20c/none_v3" "txf548b92b04684e0bbad90-006934f759" "object-server 96909" 0.0007 "-" 96575 0
Dec 06 22:41:13 np0005549343.novalocal object-server[96909]: ::1 - - [07/Dec/2025:03:41:13 +0000] "PUT /1/130820/AUTH_9cb2db62181546998c52314d1567748c/gnocchi.1a7775db-355a-4364-8e23-94110f57c20c/none_v3" 201 - "PUT https://[::1]:8080/v1/AUTH_9cb2db62181546998c52314d1567748c/gnocchi.1a7775db-355a-4364-8e23-94110f57c20c/none_v3" "txf548b92b04684e0bbad90-006934f759" "proxy-server 97857" 0.0141 "-" 96909 0
Dec 06 22:41:13 np0005549343.novalocal container-server[96575]: ::1 - - [07/Dec/2025:03:41:13 +0000] "PUT /2/142424/AUTH_9cb2db62181546998c52314d1567748c/gnocchi.1a7775db-355a-4364-8e23-94110f57c20c/none_v3" 201 - "PUT http://[::1]:8080/2/130820/AUTH_9cb2db62181546998c52314d1567748c/gnocchi.1a7775db-355a-4364-8e23-94110f57c20c/none_v3" "txf548b92b04684e0bbad90-006934f759" "object-server 96909" 0.0007 "-" 96575 0
Dec 06 22:41:13 np0005549343.novalocal object-server[96909]: ::1 - - [07/Dec/2025:03:41:13 +0000] "PUT /2/130820/AUTH_9cb2db62181546998c52314d1567748c/gnocchi.1a7775db-355a-4364-8e23-94110f57c20c/none_v3" 201 - "PUT https://[::1]:8080/v1/AUTH_9cb2db62181546998c52314d1567748c/gnocchi.1a7775db-355a-4364-8e23-94110f57c20c/none_v3" "txf548b92b04684e0bbad90-006934f759" "proxy-server 97857" 0.0182 "-" 96909 0
Dec 06 22:41:13 np0005549343.novalocal container-server[96576]: ::1 - - [07/Dec/2025:03:41:13 +0000] "PUT /1/142424/AUTH_9cb2db62181546998c52314d1567748c/gnocchi.1a7775db-355a-4364-8e23-94110f57c20c/none_v3" 201 - "PUT http://[::1]:8080/3/130820/AUTH_9cb2db62181546998c52314d1567748c/gnocchi.1a7775db-355a-4364-8e23-94110f57c20c/none_v3" "txf548b92b04684e0bbad90-006934f759" "object-server 96910" 0.0010 "-" 96576 0
Dec 06 22:41:13 np0005549343.novalocal object-server[96910]: ::1 - - [07/Dec/2025:03:41:13 +0000] "PUT /3/130820/AUTH_9cb2db62181546998c52314d1567748c/gnocchi.1a7775db-355a-4364-8e23-94110f57c20c/none_v3" 201 - "PUT https://[::1]:8080/v1/AUTH_9cb2db62181546998c52314d1567748c/gnocchi.1a7775db-355a-4364-8e23-94110f57c20c/none_v3" "txf548b92b04684e0bbad90-006934f759" "proxy-server 97857" 0.0240 "-" 96910 0
Dec 06 22:41:13 np0005549343.novalocal proxy-server[97857]: ::1 ::1 07/Dec/2025/03/41/13 PUT /v1/AUTH_9cb2db62181546998c52314d1567748c/gnocchi.1a7775db-355a-4364-8e23-94110f57c20c/none_v3 HTTP/1.0 201 - python-swiftclient-4.8.0 gAAAAABpNPcx8Tdl... 45 - - txf548b92b04684e0bbad90-006934f759 - 0.0412 - - 1765078873.129352808 1765078873.170583487 0 0c044fc9f411403aa3ab5cf8f2b14495
Dec 06 22:41:13 np0005549343.novalocal object-server[96910]: ::1 - - [07/Dec/2025:03:41:13 +0000] "GET /2/1222/AUTH_9cb2db62181546998c52314d1567748c/gnocchi.3b68cbb1-ebe4-4d39-a327-1f3d544a1314/none_v3" 200 31 "GET https://[::1]:8080/v1/AUTH_9cb2db62181546998c52314d1567748c/gnocchi.3b68cbb1-ebe4-4d39-a327-1f3d544a1314/none_v3" "txacc17c0be7014042998c2-006934f759" "proxy-server 97857" 0.0010 "-" 96910 0
Dec 06 22:41:13 np0005549343.novalocal proxy-server[97857]: ::1 ::1 07/Dec/2025/03/41/13 GET /v1/AUTH_9cb2db62181546998c52314d1567748c/gnocchi.3b68cbb1-ebe4-4d39-a327-1f3d544a1314/none_v3 HTTP/1.0 200 - python-swiftclient-4.8.0 gAAAAABpNPcx8Tdl... - 31 - txacc17c0be7014042998c2-006934f759 - 0.0081 - - 1765078873.195056438 1765078873.203120947 0 0c044fc9f411403aa3ab5cf8f2b14495
Dec 06 22:41:13 np0005549343.novalocal container-server[96575]: ::1 - - [07/Dec/2025:03:41:13 +0000] "GET /1/125107/AUTH_9cb2db62181546998c52314d1567748c/gnocchi.3b68cbb1-ebe4-4d39-a327-1f3d544a1314" 200 357 "GET https://[::1]:8080/v1/AUTH_9cb2db62181546998c52314d1567748c/gnocchi.3b68cbb1-ebe4-4d39-a327-1f3d544a1314?format=json&states=listing" "tx52acafe7d5d543088f014-006934f759" "proxy-server 97857" 0.0042 "-" 96575 0
Dec 06 22:41:13 np0005549343.novalocal proxy-server[97857]: ::1 ::1 07/Dec/2025/03/41/13 GET /v1/AUTH_9cb2db62181546998c52314d1567748c/gnocchi.3b68cbb1-ebe4-4d39-a327-1f3d544a1314%3Fformat%3Djson%26states%3Dlisting HTTP/1.0 200 - python-swiftclient-4.8.0 gAAAAABpNPcx8Tdl... - 357 - tx52acafe7d5d543088f014-006934f759 - 0.0126 - - 1765078873.212192297 1765078873.224821329 0 0c044fc9f411403aa3ab5cf8f2b14495
Dec 06 22:41:13 np0005549343.novalocal container-server[96575]: ::1 - - [07/Dec/2025:03:41:13 +0000] "GET /2/125107/AUTH_9cb2db62181546998c52314d1567748c/gnocchi.3b68cbb1-ebe4-4d39-a327-1f3d544a1314" 200 2 "GET https://[::1]:8080/v1/AUTH_9cb2db62181546998c52314d1567748c/gnocchi.3b68cbb1-ebe4-4d39-a327-1f3d544a1314?format=json&marker=none_v3&states=listing" "tx6ed6832b5aae4b15aed66-006934f759" "proxy-server 97857" 0.0036 "-" 96575 0
Dec 06 22:41:13 np0005549343.novalocal proxy-server[97857]: ::1 ::1 07/Dec/2025/03/41/13 GET /v1/AUTH_9cb2db62181546998c52314d1567748c/gnocchi.3b68cbb1-ebe4-4d39-a327-1f3d544a1314%3Fformat%3Djson%26marker%3Dnone_v3%26states%3Dlisting HTTP/1.0 200 - python-swiftclient-4.8.0 gAAAAABpNPcx8Tdl... - 2 - tx6ed6832b5aae4b15aed66-006934f759 - 0.0107 - - 1765078873.228322506 1765078873.239055157 0 0c044fc9f411403aa3ab5cf8f2b14495
Dec 06 22:41:13 np0005549343.novalocal object-server[96909]: ::1 - - [07/Dec/2025:03:41:13 +0000] "GET /1/129707/AUTH_9cb2db62181546998c52314d1567748c/gnocchi.3b68cbb1-ebe4-4d39-a327-1f3d544a1314/1764720000.0_mean_300.0_v3" 200 16 "GET https://[::1]:8080/v1/AUTH_9cb2db62181546998c52314d1567748c/gnocchi.3b68cbb1-ebe4-4d39-a327-1f3d544a1314/1764720000.0_mean_300.0_v3" "txcea553e538364abeafddd-006934f759" "proxy-server 97857" 0.0012 "-" 96909 0
Dec 06 22:41:13 np0005549343.novalocal proxy-server[97857]: ::1 ::1 07/Dec/2025/03/41/13 GET /v1/AUTH_9cb2db62181546998c52314d1567748c/gnocchi.3b68cbb1-ebe4-4d39-a327-1f3d544a1314/1764720000.0_mean_300.0_v3 HTTP/1.0 200 - python-swiftclient-4.8.0 gAAAAABpNPcx8Tdl... - 16 - txcea553e538364abeafddd-006934f759 - 0.0089 - - 1765078873.243565321 1765078873.252440214 0 0c044fc9f411403aa3ab5cf8f2b14495
Dec 06 22:41:13 np0005549343.novalocal container-server[96575]: ::1 - - [07/Dec/2025:03:41:13 +0000] "PUT /1/125107/AUTH_9cb2db62181546998c52314d1567748c/gnocchi.3b68cbb1-ebe4-4d39-a327-1f3d544a1314/1764720000.0_mean_300.0_v3" 201 - "PUT http://[::1]:8080/1/129707/AUTH_9cb2db62181546998c52314d1567748c/gnocchi.3b68cbb1-ebe4-4d39-a327-1f3d544a1314/1764720000.0_mean_300.0_v3" "txcae89a22f5ba43d580f48-006934f759" "object-server 96910" 0.0009 "-" 96575 0
Dec 06 22:41:13 np0005549343.novalocal object-server[96910]: ::1 - - [07/Dec/2025:03:41:13 +0000] "PUT /1/129707/AUTH_9cb2db62181546998c52314d1567748c/gnocchi.3b68cbb1-ebe4-4d39-a327-1f3d544a1314/1764720000.0_mean_300.0_v3" 201 - "PUT https://[::1]:8080/v1/AUTH_9cb2db62181546998c52314d1567748c/gnocchi.3b68cbb1-ebe4-4d39-a327-1f3d544a1314/1764720000.0_mean_300.0_v3" "txcae89a22f5ba43d580f48-006934f759" "proxy-server 97857" 0.0162 "-" 96910 0
Dec 06 22:41:13 np0005549343.novalocal container-server[96576]: ::1 - - [07/Dec/2025:03:41:13 +0000] "PUT /3/125107/AUTH_9cb2db62181546998c52314d1567748c/gnocchi.3b68cbb1-ebe4-4d39-a327-1f3d544a1314/1764720000.0_mean_300.0_v3" 201 - "PUT http://[::1]:8080/2/129707/AUTH_9cb2db62181546998c52314d1567748c/gnocchi.3b68cbb1-ebe4-4d39-a327-1f3d544a1314/1764720000.0_mean_300.0_v3" "txcae89a22f5ba43d580f48-006934f759" "object-server 96909" 0.0010 "-" 96576 0
Dec 06 22:41:13 np0005549343.novalocal container-server[96575]: ::1 - - [07/Dec/2025:03:41:13 +0000] "PUT /2/125107/AUTH_9cb2db62181546998c52314d1567748c/gnocchi.3b68cbb1-ebe4-4d39-a327-1f3d544a1314/1764720000.0_mean_300.0_v3" 201 - "PUT http://[::1]:8080/3/129707/AUTH_9cb2db62181546998c52314d1567748c/gnocchi.3b68cbb1-ebe4-4d39-a327-1f3d544a1314/1764720000.0_mean_300.0_v3" "txcae89a22f5ba43d580f48-006934f759" "object-server 96909" 0.0010 "-" 96575 0
Dec 06 22:41:13 np0005549343.novalocal object-server[96909]: ::1 - - [07/Dec/2025:03:41:13 +0000] "PUT /2/129707/AUTH_9cb2db62181546998c52314d1567748c/gnocchi.3b68cbb1-ebe4-4d39-a327-1f3d544a1314/1764720000.0_mean_300.0_v3" 201 - "PUT https://[::1]:8080/v1/AUTH_9cb2db62181546998c52314d1567748c/gnocchi.3b68cbb1-ebe4-4d39-a327-1f3d544a1314/1764720000.0_mean_300.0_v3" "txcae89a22f5ba43d580f48-006934f759" "proxy-server 97857" 0.0190 "-" 96909 0
Dec 06 22:41:13 np0005549343.novalocal object-server[96909]: ::1 - - [07/Dec/2025:03:41:13 +0000] "PUT /3/129707/AUTH_9cb2db62181546998c52314d1567748c/gnocchi.3b68cbb1-ebe4-4d39-a327-1f3d544a1314/1764720000.0_mean_300.0_v3" 201 - "PUT https://[::1]:8080/v1/AUTH_9cb2db62181546998c52314d1567748c/gnocchi.3b68cbb1-ebe4-4d39-a327-1f3d544a1314/1764720000.0_mean_300.0_v3" "txcae89a22f5ba43d580f48-006934f759" "proxy-server 97857" 0.0181 "-" 96909 0
Dec 06 22:41:13 np0005549343.novalocal proxy-server[97857]: ::1 ::1 07/Dec/2025/03/41/13 PUT /v1/AUTH_9cb2db62181546998c52314d1567748c/gnocchi.3b68cbb1-ebe4-4d39-a327-1f3d544a1314/1764720000.0_mean_300.0_v3 HTTP/1.0 201 - python-swiftclient-4.8.0 gAAAAABpNPcx8Tdl... 16 - - txcae89a22f5ba43d580f48-006934f759 - 0.0321 - - 1765078873.256348372 1765078873.288471460 0 0c044fc9f411403aa3ab5cf8f2b14495
Dec 06 22:41:13 np0005549343.novalocal container-server[96576]: ::1 - - [07/Dec/2025:03:41:13 +0000] "PUT /3/125107/AUTH_9cb2db62181546998c52314d1567748c/gnocchi.3b68cbb1-ebe4-4d39-a327-1f3d544a1314/none_v3" 201 - "PUT http://[::1]:8080/2/1222/AUTH_9cb2db62181546998c52314d1567748c/gnocchi.3b68cbb1-ebe4-4d39-a327-1f3d544a1314/none_v3" "tx81c980e47c8b41a4835d8-006934f759" "object-server 96909" 0.0011 "-" 96576 0
Dec 06 22:41:13 np0005549343.novalocal object-server[96909]: ::1 - - [07/Dec/2025:03:41:13 +0000] "PUT /2/1222/AUTH_9cb2db62181546998c52314d1567748c/gnocchi.3b68cbb1-ebe4-4d39-a327-1f3d544a1314/none_v3" 201 - "PUT https://[::1]:8080/v1/AUTH_9cb2db62181546998c52314d1567748c/gnocchi.3b68cbb1-ebe4-4d39-a327-1f3d544a1314/none_v3" "tx81c980e47c8b41a4835d8-006934f759" "proxy-server 97857" 0.0165 "-" 96909 0
Dec 06 22:41:13 np0005549343.novalocal container-server[96576]: ::1 - - [07/Dec/2025:03:41:13 +0000] "PUT /1/125107/AUTH_9cb2db62181546998c52314d1567748c/gnocchi.3b68cbb1-ebe4-4d39-a327-1f3d544a1314/none_v3" 201 - "PUT http://[::1]:8080/1/1222/AUTH_9cb2db62181546998c52314d1567748c/gnocchi.3b68cbb1-ebe4-4d39-a327-1f3d544a1314/none_v3" "tx81c980e47c8b41a4835d8-006934f759" "object-server 96909" 0.0008 "-" 96576 0
Dec 06 22:41:13 np0005549343.novalocal object-server[96909]: ::1 - - [07/Dec/2025:03:41:13 +0000] "PUT /1/1222/AUTH_9cb2db62181546998c52314d1567748c/gnocchi.3b68cbb1-ebe4-4d39-a327-1f3d544a1314/none_v3" 201 - "PUT https://[::1]:8080/v1/AUTH_9cb2db62181546998c52314d1567748c/gnocchi.3b68cbb1-ebe4-4d39-a327-1f3d544a1314/none_v3" "tx81c980e47c8b41a4835d8-006934f759" "proxy-server 97857" 0.0248 "-" 96909 0
Dec 06 22:41:13 np0005549343.novalocal container-server[96575]: ::1 - - [07/Dec/2025:03:41:13 +0000] "PUT /2/125107/AUTH_9cb2db62181546998c52314d1567748c/gnocchi.3b68cbb1-ebe4-4d39-a327-1f3d544a1314/none_v3" 201 - "PUT http://[::1]:8080/3/1222/AUTH_9cb2db62181546998c52314d1567748c/gnocchi.3b68cbb1-ebe4-4d39-a327-1f3d544a1314/none_v3" "tx81c980e47c8b41a4835d8-006934f759" "object-server 96910" 0.0010 "-" 96575 0
Dec 06 22:41:13 np0005549343.novalocal object-server[96910]: ::1 - - [07/Dec/2025:03:41:13 +0000] "PUT /3/1222/AUTH_9cb2db62181546998c52314d1567748c/gnocchi.3b68cbb1-ebe4-4d39-a327-1f3d544a1314/none_v3" 201 - "PUT https://[::1]:8080/v1/AUTH_9cb2db62181546998c52314d1567748c/gnocchi.3b68cbb1-ebe4-4d39-a327-1f3d544a1314/none_v3" "tx81c980e47c8b41a4835d8-006934f759" "proxy-server 97857" 0.0252 "-" 96910 0
Dec 06 22:41:13 np0005549343.novalocal proxy-server[97857]: ::1 ::1 07/Dec/2025/03/41/13 PUT /v1/AUTH_9cb2db62181546998c52314d1567748c/gnocchi.3b68cbb1-ebe4-4d39-a327-1f3d544a1314/none_v3 HTTP/1.0 201 - python-swiftclient-4.8.0 gAAAAABpNPcx8Tdl... 43 - - tx81c980e47c8b41a4835d8-006934f759 - 0.0389 - - 1765078873.293074846 1765078873.331989765 0 0c044fc9f411403aa3ab5cf8f2b14495
Dec 06 22:41:13 np0005549343.novalocal object-server[96910]: ::1 - - [07/Dec/2025:03:41:13 +0000] "GET /2/38476/AUTH_9cb2db62181546998c52314d1567748c/gnocchi.e0bcb974-4bc6-4426-88f8-d589e00e99d2/none_v3" 200 27 "GET https://[::1]:8080/v1/AUTH_9cb2db62181546998c52314d1567748c/gnocchi.e0bcb974-4bc6-4426-88f8-d589e00e99d2/none_v3" "tx06795d542b35414386773-006934f759" "proxy-server 97857" 0.0012 "-" 96910 0
Dec 06 22:41:13 np0005549343.novalocal proxy-server[97857]: ::1 ::1 07/Dec/2025/03/41/13 GET /v1/AUTH_9cb2db62181546998c52314d1567748c/gnocchi.e0bcb974-4bc6-4426-88f8-d589e00e99d2/none_v3 HTTP/1.0 200 - python-swiftclient-4.8.0 gAAAAABpNPcx8Tdl... - 27 - tx06795d542b35414386773-006934f759 - 0.0104 - - 1765078873.416144609 1765078873.426561117 0 0c044fc9f411403aa3ab5cf8f2b14495
Dec 06 22:41:13 np0005549343.novalocal container-server[96576]: ::1 - - [07/Dec/2025:03:41:13 +0000] "GET /2/191780/AUTH_9cb2db62181546998c52314d1567748c/gnocchi.e0bcb974-4bc6-4426-88f8-d589e00e99d2" 200 357 "GET https://[::1]:8080/v1/AUTH_9cb2db62181546998c52314d1567748c/gnocchi.e0bcb974-4bc6-4426-88f8-d589e00e99d2?format=json&states=listing" "txfec4b8688eee477e8f728-006934f759" "proxy-server 97857" 0.0023 "-" 96576 0
Dec 06 22:41:13 np0005549343.novalocal proxy-server[97857]: ::1 ::1 07/Dec/2025/03/41/13 GET /v1/AUTH_9cb2db62181546998c52314d1567748c/gnocchi.e0bcb974-4bc6-4426-88f8-d589e00e99d2%3Fformat%3Djson%26states%3Dlisting HTTP/1.0 200 - python-swiftclient-4.8.0 gAAAAABpNPcx8Tdl... - 357 - txfec4b8688eee477e8f728-006934f759 - 0.0126 - - 1765078873.431309462 1765078873.443908930 0 0c044fc9f411403aa3ab5cf8f2b14495
Dec 06 22:41:13 np0005549343.novalocal container-server[96576]: ::1 - - [07/Dec/2025:03:41:13 +0000] "GET /2/191780/AUTH_9cb2db62181546998c52314d1567748c/gnocchi.e0bcb974-4bc6-4426-88f8-d589e00e99d2" 200 2 "GET https://[::1]:8080/v1/AUTH_9cb2db62181546998c52314d1567748c/gnocchi.e0bcb974-4bc6-4426-88f8-d589e00e99d2?format=json&marker=none_v3&states=listing" "txf4dd3e3dc9c849228af45-006934f759" "proxy-server 97857" 0.0025 "-" 96576 0
Dec 06 22:41:13 np0005549343.novalocal proxy-server[97857]: ::1 ::1 07/Dec/2025/03/41/13 GET /v1/AUTH_9cb2db62181546998c52314d1567748c/gnocchi.e0bcb974-4bc6-4426-88f8-d589e00e99d2%3Fformat%3Djson%26marker%3Dnone_v3%26states%3Dlisting HTTP/1.0 200 - python-swiftclient-4.8.0 gAAAAABpNPcx8Tdl... - 2 - txf4dd3e3dc9c849228af45-006934f759 - 0.0091 - - 1765078873.446558714 1765078873.455643177 0 0c044fc9f411403aa3ab5cf8f2b14495
Dec 06 22:41:13 np0005549343.novalocal object-server[96909]: ::1 - - [07/Dec/2025:03:41:13 +0000] "GET /1/164983/AUTH_9cb2db62181546998c52314d1567748c/gnocchi.e0bcb974-4bc6-4426-88f8-d589e00e99d2/1764720000.0_mean_300.0_v3" 200 16 "GET https://[::1]:8080/v1/AUTH_9cb2db62181546998c52314d1567748c/gnocchi.e0bcb974-4bc6-4426-88f8-d589e00e99d2/1764720000.0_mean_300.0_v3" "tx0d0dd0c5f6fc4606883f4-006934f759" "proxy-server 97857" 0.0015 "-" 96909 0
Dec 06 22:41:13 np0005549343.novalocal proxy-server[97857]: ::1 ::1 07/Dec/2025/03/41/13 GET /v1/AUTH_9cb2db62181546998c52314d1567748c/gnocchi.e0bcb974-4bc6-4426-88f8-d589e00e99d2/1764720000.0_mean_300.0_v3 HTTP/1.0 200 - python-swiftclient-4.8.0 gAAAAABpNPcx8Tdl... - 16 - tx0d0dd0c5f6fc4606883f4-006934f759 - 0.0075 - - 1765078873.458464146 1765078873.466000080 0 0c044fc9f411403aa3ab5cf8f2b14495
Dec 06 22:41:13 np0005549343.novalocal container-server[96576]: ::1 - - [07/Dec/2025:03:41:13 +0000] "PUT /2/191780/AUTH_9cb2db62181546998c52314d1567748c/gnocchi.e0bcb974-4bc6-4426-88f8-d589e00e99d2/1764720000.0_mean_300.0_v3" 201 - "PUT http://[::1]:8080/3/164983/AUTH_9cb2db62181546998c52314d1567748c/gnocchi.e0bcb974-4bc6-4426-88f8-d589e00e99d2/1764720000.0_mean_300.0_v3" "txdf4d61f2f8b446d0accbc-006934f759" "object-server 96910" 0.0005 "-" 96576 0
Dec 06 22:41:13 np0005549343.novalocal object-server[96910]: ::1 - - [07/Dec/2025:03:41:13 +0000] "PUT /3/164983/AUTH_9cb2db62181546998c52314d1567748c/gnocchi.e0bcb974-4bc6-4426-88f8-d589e00e99d2/1764720000.0_mean_300.0_v3" 201 - "PUT https://[::1]:8080/v1/AUTH_9cb2db62181546998c52314d1567748c/gnocchi.e0bcb974-4bc6-4426-88f8-d589e00e99d2/1764720000.0_mean_300.0_v3" "txdf4d61f2f8b446d0accbc-006934f759" "proxy-server 97857" 0.0178 "-" 96910 0
Dec 06 22:41:13 np0005549343.novalocal container-server[96575]: ::1 - - [07/Dec/2025:03:41:13 +0000] "PUT /3/191780/AUTH_9cb2db62181546998c52314d1567748c/gnocchi.e0bcb974-4bc6-4426-88f8-d589e00e99d2/1764720000.0_mean_300.0_v3" 201 - "PUT http://[::1]:8080/1/164983/AUTH_9cb2db62181546998c52314d1567748c/gnocchi.e0bcb974-4bc6-4426-88f8-d589e00e99d2/1764720000.0_mean_300.0_v3" "txdf4d61f2f8b446d0accbc-006934f759" "object-server 96909" 0.0004 "-" 96575 0
Dec 06 22:41:13 np0005549343.novalocal object-server[96909]: ::1 - - [07/Dec/2025:03:41:13 +0000] "PUT /1/164983/AUTH_9cb2db62181546998c52314d1567748c/gnocchi.e0bcb974-4bc6-4426-88f8-d589e00e99d2/1764720000.0_mean_300.0_v3" 201 - "PUT https://[::1]:8080/v1/AUTH_9cb2db62181546998c52314d1567748c/gnocchi.e0bcb974-4bc6-4426-88f8-d589e00e99d2/1764720000.0_mean_300.0_v3" "txdf4d61f2f8b446d0accbc-006934f759" "proxy-server 97857" 0.0123 "-" 96909 0
Dec 06 22:41:13 np0005549343.novalocal container-server[96576]: ::1 - - [07/Dec/2025:03:41:13 +0000] "PUT /1/191780/AUTH_9cb2db62181546998c52314d1567748c/gnocchi.e0bcb974-4bc6-4426-88f8-d589e00e99d2/1764720000.0_mean_300.0_v3" 201 - "PUT http://[::1]:8080/2/164983/AUTH_9cb2db62181546998c52314d1567748c/gnocchi.e0bcb974-4bc6-4426-88f8-d589e00e99d2/1764720000.0_mean_300.0_v3" "txdf4d61f2f8b446d0accbc-006934f759" "object-server 96910" 0.0003 "-" 96576 0
Dec 06 22:41:13 np0005549343.novalocal object-server[96910]: ::1 - - [07/Dec/2025:03:41:13 +0000] "PUT /2/164983/AUTH_9cb2db62181546998c52314d1567748c/gnocchi.e0bcb974-4bc6-4426-88f8-d589e00e99d2/1764720000.0_mean_300.0_v3" 201 - "PUT https://[::1]:8080/v1/AUTH_9cb2db62181546998c52314d1567748c/gnocchi.e0bcb974-4bc6-4426-88f8-d589e00e99d2/1764720000.0_mean_300.0_v3" "txdf4d61f2f8b446d0accbc-006934f759" "proxy-server 97857" 0.0166 "-" 96910 0
Dec 06 22:41:13 np0005549343.novalocal proxy-server[97857]: ::1 ::1 07/Dec/2025/03/41/13 PUT /v1/AUTH_9cb2db62181546998c52314d1567748c/gnocchi.e0bcb974-4bc6-4426-88f8-d589e00e99d2/1764720000.0_mean_300.0_v3 HTTP/1.0 201 - python-swiftclient-4.8.0 gAAAAABpNPcx8Tdl... 16 - - txdf4d61f2f8b446d0accbc-006934f759 - 0.0260 - - 1765078873.467863321 1765078873.493872643 0 0c044fc9f411403aa3ab5cf8f2b14495
Dec 06 22:41:13 np0005549343.novalocal container-server[96576]: ::1 - - [07/Dec/2025:03:41:13 +0000] "PUT /3/191780/AUTH_9cb2db62181546998c52314d1567748c/gnocchi.e0bcb974-4bc6-4426-88f8-d589e00e99d2/none_v3" 201 - "PUT http://[::1]:8080/3/38476/AUTH_9cb2db62181546998c52314d1567748c/gnocchi.e0bcb974-4bc6-4426-88f8-d589e00e99d2/none_v3" "txfeec39c62da54ccdb7833-006934f759" "object-server 96909" 0.0005 "-" 96576 0
Dec 06 22:41:13 np0005549343.novalocal object-server[96909]: ::1 - - [07/Dec/2025:03:41:13 +0000] "PUT /3/38476/AUTH_9cb2db62181546998c52314d1567748c/gnocchi.e0bcb974-4bc6-4426-88f8-d589e00e99d2/none_v3" 201 - "PUT https://[::1]:8080/v1/AUTH_9cb2db62181546998c52314d1567748c/gnocchi.e0bcb974-4bc6-4426-88f8-d589e00e99d2/none_v3" "txfeec39c62da54ccdb7833-006934f759" "proxy-server 97857" 0.0235 "-" 96909 0
Dec 06 22:41:13 np0005549343.novalocal container-server[96576]: ::1 - - [07/Dec/2025:03:41:13 +0000] "PUT /2/191780/AUTH_9cb2db62181546998c52314d1567748c/gnocchi.e0bcb974-4bc6-4426-88f8-d589e00e99d2/none_v3" 201 - "PUT http://[::1]:8080/1/38476/AUTH_9cb2db62181546998c52314d1567748c/gnocchi.e0bcb974-4bc6-4426-88f8-d589e00e99d2/none_v3" "txfeec39c62da54ccdb7833-006934f759" "object-server 96910" 0.0004 "-" 96576 0
Dec 06 22:41:13 np0005549343.novalocal container-server[96576]: ::1 - - [07/Dec/2025:03:41:13 +0000] "PUT /1/191780/AUTH_9cb2db62181546998c52314d1567748c/gnocchi.e0bcb974-4bc6-4426-88f8-d589e00e99d2/none_v3" 201 - "PUT http://[::1]:8080/2/38476/AUTH_9cb2db62181546998c52314d1567748c/gnocchi.e0bcb974-4bc6-4426-88f8-d589e00e99d2/none_v3" "txfeec39c62da54ccdb7833-006934f759" "object-server 96910" 0.0003 "-" 96576 0
Dec 06 22:41:13 np0005549343.novalocal object-server[96910]: ::1 - - [07/Dec/2025:03:41:13 +0000] "PUT /1/38476/AUTH_9cb2db62181546998c52314d1567748c/gnocchi.e0bcb974-4bc6-4426-88f8-d589e00e99d2/none_v3" 201 - "PUT https://[::1]:8080/v1/AUTH_9cb2db62181546998c52314d1567748c/gnocchi.e0bcb974-4bc6-4426-88f8-d589e00e99d2/none_v3" "txfeec39c62da54ccdb7833-006934f759" "proxy-server 97857" 0.0272 "-" 96910 0
Dec 06 22:41:13 np0005549343.novalocal object-server[96910]: ::1 - - [07/Dec/2025:03:41:13 +0000] "PUT /2/38476/AUTH_9cb2db62181546998c52314d1567748c/gnocchi.e0bcb974-4bc6-4426-88f8-d589e00e99d2/none_v3" 201 - "PUT https://[::1]:8080/v1/AUTH_9cb2db62181546998c52314d1567748c/gnocchi.e0bcb974-4bc6-4426-88f8-d589e00e99d2/none_v3" "txfeec39c62da54ccdb7833-006934f759" "proxy-server 97857" 0.0274 "-" 96910 0
Dec 06 22:41:13 np0005549343.novalocal proxy-server[97857]: ::1 ::1 07/Dec/2025/03/41/13 PUT /v1/AUTH_9cb2db62181546998c52314d1567748c/gnocchi.e0bcb974-4bc6-4426-88f8-d589e00e99d2/none_v3 HTTP/1.0 201 - python-swiftclient-4.8.0 gAAAAABpNPcx8Tdl... 36 - - txfeec39c62da54ccdb7833-006934f759 - 0.0375 - - 1765078873.496023893 1765078873.533559322 0 0c044fc9f411403aa3ab5cf8f2b14495
Dec 06 22:41:13 np0005549343.novalocal object-server[96910]: ::1 - - [07/Dec/2025:03:41:13 +0000] "GET /3/187521/AUTH_9cb2db62181546998c52314d1567748c/gnocchi.8a741be1-81ed-47f5-aecf-e2216f7eaadd/none_v3" 200 32 "GET https://[::1]:8080/v1/AUTH_9cb2db62181546998c52314d1567748c/gnocchi.8a741be1-81ed-47f5-aecf-e2216f7eaadd/none_v3" "tx3cadc5d1f0dd416390b59-006934f759" "proxy-server 97857" 0.0013 "-" 96910 0
Dec 06 22:41:13 np0005549343.novalocal proxy-server[97857]: ::1 ::1 07/Dec/2025/03/41/13 GET /v1/AUTH_9cb2db62181546998c52314d1567748c/gnocchi.8a741be1-81ed-47f5-aecf-e2216f7eaadd/none_v3 HTTP/1.0 200 - python-swiftclient-4.8.0 gAAAAABpNPcx8Tdl... - 32 - tx3cadc5d1f0dd416390b59-006934f759 - 0.0088 - - 1765078873.550794601 1765078873.559627056 0 0c044fc9f411403aa3ab5cf8f2b14495
Dec 06 22:41:13 np0005549343.novalocal container-server[96575]: ::1 - - [07/Dec/2025:03:41:13 +0000] "GET /1/123717/AUTH_9cb2db62181546998c52314d1567748c/gnocchi.8a741be1-81ed-47f5-aecf-e2216f7eaadd" 200 357 "GET https://[::1]:8080/v1/AUTH_9cb2db62181546998c52314d1567748c/gnocchi.8a741be1-81ed-47f5-aecf-e2216f7eaadd?format=json&states=listing" "tx2a04c372fb44481b94afb-006934f759" "proxy-server 97857" 0.0070 "-" 96575 0
Dec 06 22:41:13 np0005549343.novalocal proxy-server[97857]: ::1 ::1 07/Dec/2025/03/41/13 GET /v1/AUTH_9cb2db62181546998c52314d1567748c/gnocchi.8a741be1-81ed-47f5-aecf-e2216f7eaadd%3Fformat%3Djson%26states%3Dlisting HTTP/1.0 200 - python-swiftclient-4.8.0 gAAAAABpNPcx8Tdl... - 357 - tx2a04c372fb44481b94afb-006934f759 - 0.0137 - - 1765078873.562712908 1765078873.576370478 0 0c044fc9f411403aa3ab5cf8f2b14495
Dec 06 22:41:13 np0005549343.novalocal container-server[96575]: ::1 - - [07/Dec/2025:03:41:13 +0000] "GET /3/123717/AUTH_9cb2db62181546998c52314d1567748c/gnocchi.8a741be1-81ed-47f5-aecf-e2216f7eaadd" 200 2 "GET https://[::1]:8080/v1/AUTH_9cb2db62181546998c52314d1567748c/gnocchi.8a741be1-81ed-47f5-aecf-e2216f7eaadd?format=json&marker=none_v3&states=listing" "tx756a669f79be4a918db28-006934f759" "proxy-server 97857" 0.0090 "-" 96575 0
Dec 06 22:41:13 np0005549343.novalocal proxy-server[97857]: ::1 ::1 07/Dec/2025/03/41/13 GET /v1/AUTH_9cb2db62181546998c52314d1567748c/gnocchi.8a741be1-81ed-47f5-aecf-e2216f7eaadd%3Fformat%3Djson%26marker%3Dnone_v3%26states%3Dlisting HTTP/1.0 200 - python-swiftclient-4.8.0 gAAAAABpNPcx8Tdl... - 2 - tx756a669f79be4a918db28-006934f759 - 0.0150 - - 1765078873.578743696 1765078873.593786955 0 0c044fc9f411403aa3ab5cf8f2b14495
Dec 06 22:41:13 np0005549343.novalocal object-server[96909]: ::1 - - [07/Dec/2025:03:41:13 +0000] "GET /1/97368/AUTH_9cb2db62181546998c52314d1567748c/gnocchi.8a741be1-81ed-47f5-aecf-e2216f7eaadd/1764720000.0_mean_300.0_v3" 200 16 "GET https://[::1]:8080/v1/AUTH_9cb2db62181546998c52314d1567748c/gnocchi.8a741be1-81ed-47f5-aecf-e2216f7eaadd/1764720000.0_mean_300.0_v3" "txb6244c1f5c5b4e2d9d7fd-006934f759" "proxy-server 97857" 0.0010 "-" 96909 0
Dec 06 22:41:13 np0005549343.novalocal proxy-server[97857]: ::1 ::1 07/Dec/2025/03/41/13 GET /v1/AUTH_9cb2db62181546998c52314d1567748c/gnocchi.8a741be1-81ed-47f5-aecf-e2216f7eaadd/1764720000.0_mean_300.0_v3 HTTP/1.0 200 - python-swiftclient-4.8.0 gAAAAABpNPcx8Tdl... - 16 - txb6244c1f5c5b4e2d9d7fd-006934f759 - 0.0074 - - 1765078873.597001314 1765078873.604408026 0 0c044fc9f411403aa3ab5cf8f2b14495
Dec 06 22:41:13 np0005549343.novalocal container-server[96575]: ::1 - - [07/Dec/2025:03:41:13 +0000] "PUT /2/123717/AUTH_9cb2db62181546998c52314d1567748c/gnocchi.8a741be1-81ed-47f5-aecf-e2216f7eaadd/1764720000.0_mean_300.0_v3" 201 - "PUT http://[::1]:8080/1/97368/AUTH_9cb2db62181546998c52314d1567748c/gnocchi.8a741be1-81ed-47f5-aecf-e2216f7eaadd/1764720000.0_mean_300.0_v3" "txf14b0fe9089f466bb7cec-006934f759" "object-server 96909" 0.0006 "-" 96575 0
Dec 06 22:41:13 np0005549343.novalocal container-server[96575]: ::1 - - [07/Dec/2025:03:41:13 +0000] "PUT /1/123717/AUTH_9cb2db62181546998c52314d1567748c/gnocchi.8a741be1-81ed-47f5-aecf-e2216f7eaadd/1764720000.0_mean_300.0_v3" 201 - "PUT http://[::1]:8080/3/97368/AUTH_9cb2db62181546998c52314d1567748c/gnocchi.8a741be1-81ed-47f5-aecf-e2216f7eaadd/1764720000.0_mean_300.0_v3" "txf14b0fe9089f466bb7cec-006934f759" "object-server 96909" 0.0004 "-" 96575 0
Dec 06 22:41:13 np0005549343.novalocal object-server[96909]: ::1 - - [07/Dec/2025:03:41:13 +0000] "PUT /1/97368/AUTH_9cb2db62181546998c52314d1567748c/gnocchi.8a741be1-81ed-47f5-aecf-e2216f7eaadd/1764720000.0_mean_300.0_v3" 201 - "PUT https://[::1]:8080/v1/AUTH_9cb2db62181546998c52314d1567748c/gnocchi.8a741be1-81ed-47f5-aecf-e2216f7eaadd/1764720000.0_mean_300.0_v3" "txf14b0fe9089f466bb7cec-006934f759" "proxy-server 97857" 0.0175 "-" 96909 0
Dec 06 22:41:13 np0005549343.novalocal object-server[96909]: ::1 - - [07/Dec/2025:03:41:13 +0000] "PUT /3/97368/AUTH_9cb2db62181546998c52314d1567748c/gnocchi.8a741be1-81ed-47f5-aecf-e2216f7eaadd/1764720000.0_mean_300.0_v3" 201 - "PUT https://[::1]:8080/v1/AUTH_9cb2db62181546998c52314d1567748c/gnocchi.8a741be1-81ed-47f5-aecf-e2216f7eaadd/1764720000.0_mean_300.0_v3" "txf14b0fe9089f466bb7cec-006934f759" "proxy-server 97857" 0.0232 "-" 96909 0
Dec 06 22:41:13 np0005549343.novalocal container-server[96575]: ::1 - - [07/Dec/2025:03:41:13 +0000] "PUT /3/123717/AUTH_9cb2db62181546998c52314d1567748c/gnocchi.8a741be1-81ed-47f5-aecf-e2216f7eaadd/1764720000.0_mean_300.0_v3" 201 - "PUT http://[::1]:8080/2/97368/AUTH_9cb2db62181546998c52314d1567748c/gnocchi.8a741be1-81ed-47f5-aecf-e2216f7eaadd/1764720000.0_mean_300.0_v3" "txf14b0fe9089f466bb7cec-006934f759" "object-server 96909" 0.0006 "-" 96575 0
Dec 06 22:41:13 np0005549343.novalocal object-server[96909]: ::1 - - [07/Dec/2025:03:41:13 +0000] "PUT /2/97368/AUTH_9cb2db62181546998c52314d1567748c/gnocchi.8a741be1-81ed-47f5-aecf-e2216f7eaadd/1764720000.0_mean_300.0_v3" 201 - "PUT https://[::1]:8080/v1/AUTH_9cb2db62181546998c52314d1567748c/gnocchi.8a741be1-81ed-47f5-aecf-e2216f7eaadd/1764720000.0_mean_300.0_v3" "txf14b0fe9089f466bb7cec-006934f759" "proxy-server 97857" 0.0223 "-" 96909 0
Dec 06 22:41:13 np0005549343.novalocal proxy-server[97857]: ::1 ::1 07/Dec/2025/03/41/13 PUT /v1/AUTH_9cb2db62181546998c52314d1567748c/gnocchi.8a741be1-81ed-47f5-aecf-e2216f7eaadd/1764720000.0_mean_300.0_v3 HTTP/1.0 201 - python-swiftclient-4.8.0 gAAAAABpNPcx8Tdl... 16 - - txf14b0fe9089f466bb7cec-006934f759 - 0.0365 - - 1765078873.607187748 1765078873.643692493 0 0c044fc9f411403aa3ab5cf8f2b14495
Dec 06 22:41:13 np0005549343.novalocal container-server[96575]: ::1 - - [07/Dec/2025:03:41:13 +0000] "PUT /2/123717/AUTH_9cb2db62181546998c52314d1567748c/gnocchi.8a741be1-81ed-47f5-aecf-e2216f7eaadd/none_v3" 201 - "PUT http://[::1]:8080/1/187521/AUTH_9cb2db62181546998c52314d1567748c/gnocchi.8a741be1-81ed-47f5-aecf-e2216f7eaadd/none_v3" "tx63a450f8abae4f05bf5a9-006934f759" "object-server 96910" 0.0006 "-" 96575 0
Dec 06 22:41:13 np0005549343.novalocal object-server[96910]: ::1 - - [07/Dec/2025:03:41:13 +0000] "PUT /1/187521/AUTH_9cb2db62181546998c52314d1567748c/gnocchi.8a741be1-81ed-47f5-aecf-e2216f7eaadd/none_v3" 201 - "PUT https://[::1]:8080/v1/AUTH_9cb2db62181546998c52314d1567748c/gnocchi.8a741be1-81ed-47f5-aecf-e2216f7eaadd/none_v3" "tx63a450f8abae4f05bf5a9-006934f759" "proxy-server 97857" 0.0168 "-" 96910 0
Dec 06 22:41:13 np0005549343.novalocal container-server[96576]: ::1 - - [07/Dec/2025:03:41:13 +0000] "PUT /3/123717/AUTH_9cb2db62181546998c52314d1567748c/gnocchi.8a741be1-81ed-47f5-aecf-e2216f7eaadd/none_v3" 201 - "PUT http://[::1]:8080/2/187521/AUTH_9cb2db62181546998c52314d1567748c/gnocchi.8a741be1-81ed-47f5-aecf-e2216f7eaadd/none_v3" "tx63a450f8abae4f05bf5a9-006934f759" "object-server 96910" 0.0005 "-" 96576 0
Dec 06 22:41:13 np0005549343.novalocal object-server[96910]: ::1 - - [07/Dec/2025:03:41:13 +0000] "PUT /2/187521/AUTH_9cb2db62181546998c52314d1567748c/gnocchi.8a741be1-81ed-47f5-aecf-e2216f7eaadd/none_v3" 201 - "PUT https://[::1]:8080/v1/AUTH_9cb2db62181546998c52314d1567748c/gnocchi.8a741be1-81ed-47f5-aecf-e2216f7eaadd/none_v3" "tx63a450f8abae4f05bf5a9-006934f759" "proxy-server 97857" 0.0163 "-" 96910 0
Dec 06 22:41:13 np0005549343.novalocal container-server[96576]: ::1 - - [07/Dec/2025:03:41:13 +0000] "PUT /1/123717/AUTH_9cb2db62181546998c52314d1567748c/gnocchi.8a741be1-81ed-47f5-aecf-e2216f7eaadd/none_v3" 201 - "PUT http://[::1]:8080/3/187521/AUTH_9cb2db62181546998c52314d1567748c/gnocchi.8a741be1-81ed-47f5-aecf-e2216f7eaadd/none_v3" "tx63a450f8abae4f05bf5a9-006934f759" "object-server 96909" 0.0004 "-" 96576 0
Dec 06 22:41:13 np0005549343.novalocal object-server[96909]: ::1 - - [07/Dec/2025:03:41:13 +0000] "PUT /3/187521/AUTH_9cb2db62181546998c52314d1567748c/gnocchi.8a741be1-81ed-47f5-aecf-e2216f7eaadd/none_v3" 201 - "PUT https://[::1]:8080/v1/AUTH_9cb2db62181546998c52314d1567748c/gnocchi.8a741be1-81ed-47f5-aecf-e2216f7eaadd/none_v3" "tx63a450f8abae4f05bf5a9-006934f759" "proxy-server 97857" 0.0173 "-" 96909 0
Dec 06 22:41:13 np0005549343.novalocal proxy-server[97857]: ::1 ::1 07/Dec/2025/03/41/13 PUT /v1/AUTH_9cb2db62181546998c52314d1567748c/gnocchi.8a741be1-81ed-47f5-aecf-e2216f7eaadd/none_v3 HTTP/1.0 201 - python-swiftclient-4.8.0 gAAAAABpNPcx8Tdl... 45 - - tx63a450f8abae4f05bf5a9-006934f759 - 0.0322 - - 1765078873.646829367 1765078873.678986073 0 0c044fc9f411403aa3ab5cf8f2b14495
Dec 06 22:41:14 np0005549343.novalocal container-sharder[95937]: Since Sun Dec 7 03:41:12 2025 visited - attempted:0 success:0 failure:0 skipped:93 completed:0
Dec 06 22:41:14 np0005549343.novalocal container-sharder[95937]: Since Sun Dec 7 03:41:12 2025 scanned - attempted:0 success:0 failure:0 found:0 min_time:0 max_time:0
Dec 06 22:41:14 np0005549343.novalocal container-sharder[95937]: Since Sun Dec 7 03:41:12 2025 created - attempted:0 success:0 failure:0
Dec 06 22:41:14 np0005549343.novalocal container-sharder[95937]: Since Sun Dec 7 03:41:12 2025 cleaved - attempted:0 success:0 failure:0 min_time:0 max_time:0
Dec 06 22:41:14 np0005549343.novalocal container-sharder[95937]: Since Sun Dec 7 03:41:12 2025 misplaced - attempted:0 success:0 failure:0 found:0 placed:0 unplaced:0
Dec 06 22:41:14 np0005549343.novalocal container-sharder[95937]: Since Sun Dec 7 03:41:12 2025 audit_root - attempted:0 success:0 failure:0 has_overlap:0 num_overlap:0
Dec 06 22:41:14 np0005549343.novalocal container-sharder[95937]: Since Sun Dec 7 03:41:12 2025 audit_shard - attempted:0 success:0 failure:0
Dec 06 22:41:14 np0005549343.novalocal container-sharder[95937]: Container sharder cycle completed: 1.85s
Dec 06 22:41:19 np0005549343.novalocal object-replicator[96973]: Starting object replication pass.
Dec 06 22:41:20 np0005549343.novalocal object-server[96909]: ::1 - - [07/Dec/2025:03:41:20 +0000] "GET /3/70413/AUTH_9cb2db62181546998c52314d1567748c/gnocchi.75b5af1f-be73-4bd9-8247-c4fe9f7db181/none_v3" 200 22 "GET https://[::1]:8080/v1/AUTH_9cb2db62181546998c52314d1567748c/gnocchi.75b5af1f-be73-4bd9-8247-c4fe9f7db181/none_v3" "txb0802ebd0fbe4b4aae5e4-006934f75f" "proxy-server 97857" 0.0011 "-" 96909 0
Dec 06 22:41:20 np0005549343.novalocal proxy-server[97857]: ::1 ::1 07/Dec/2025/03/41/20 GET /v1/AUTH_9cb2db62181546998c52314d1567748c/gnocchi.75b5af1f-be73-4bd9-8247-c4fe9f7db181/none_v3 HTTP/1.0 200 - python-swiftclient-4.8.0 gAAAAABpNPckgn8e... - 22 - txb0802ebd0fbe4b4aae5e4-006934f75f - 0.0113 - - 1765078879.993633270 1765078880.004885912 0 0c044fc9f411403aa3ab5cf8f2b14495
Dec 06 22:41:20 np0005549343.novalocal container-server[96575]: ::1 - - [07/Dec/2025:03:41:20 +0000] "GET /3/219435/AUTH_9cb2db62181546998c52314d1567748c/gnocchi.75b5af1f-be73-4bd9-8247-c4fe9f7db181" 200 357 "GET https://[::1]:8080/v1/AUTH_9cb2db62181546998c52314d1567748c/gnocchi.75b5af1f-be73-4bd9-8247-c4fe9f7db181?format=json&states=listing" "tx76dc900b7a234cee9b453-006934f760" "proxy-server 97857" 0.0025 "-" 96575 0
Dec 06 22:41:20 np0005549343.novalocal proxy-server[97857]: ::1 ::1 07/Dec/2025/03/41/20 GET /v1/AUTH_9cb2db62181546998c52314d1567748c/gnocchi.75b5af1f-be73-4bd9-8247-c4fe9f7db181%3Fformat%3Djson%26states%3Dlisting HTTP/1.0 200 - python-swiftclient-4.8.0 gAAAAABpNPckgn8e... - 357 - tx76dc900b7a234cee9b453-006934f760 - 0.0154 - - 1765078880.011632681 1765078880.026994467 0 0c044fc9f411403aa3ab5cf8f2b14495
Dec 06 22:41:20 np0005549343.novalocal container-server[96575]: ::1 - - [07/Dec/2025:03:41:20 +0000] "GET /2/219435/AUTH_9cb2db62181546998c52314d1567748c/gnocchi.75b5af1f-be73-4bd9-8247-c4fe9f7db181" 200 2 "GET https://[::1]:8080/v1/AUTH_9cb2db62181546998c52314d1567748c/gnocchi.75b5af1f-be73-4bd9-8247-c4fe9f7db181?format=json&marker=none_v3&states=listing" "txd1d5102094af45808baaf-006934f760" "proxy-server 97857" 0.0036 "-" 96575 0
Dec 06 22:41:20 np0005549343.novalocal proxy-server[97857]: ::1 ::1 07/Dec/2025/03/41/20 GET /v1/AUTH_9cb2db62181546998c52314d1567748c/gnocchi.75b5af1f-be73-4bd9-8247-c4fe9f7db181%3Fformat%3Djson%26marker%3Dnone_v3%26states%3Dlisting HTTP/1.0 200 - python-swiftclient-4.8.0 gAAAAABpNPckgn8e... - 2 - txd1d5102094af45808baaf-006934f760 - 0.0165 - - 1765078880.032147884 1765078880.048663378 0 0c044fc9f411403aa3ab5cf8f2b14495
Dec 06 22:41:20 np0005549343.novalocal object-server[96909]: ::1 - - [07/Dec/2025:03:41:20 +0000] "GET /2/225328/AUTH_9cb2db62181546998c52314d1567748c/gnocchi.75b5af1f-be73-4bd9-8247-c4fe9f7db181/1764720000.0_mean_300.0_v3" 200 16 "GET https://[::1]:8080/v1/AUTH_9cb2db62181546998c52314d1567748c/gnocchi.75b5af1f-be73-4bd9-8247-c4fe9f7db181/1764720000.0_mean_300.0_v3" "tx3589eba3b57b4da093f30-006934f760" "proxy-server 97857" 0.0019 "-" 96909 0
Dec 06 22:41:20 np0005549343.novalocal proxy-server[97857]: ::1 ::1 07/Dec/2025/03/41/20 GET /v1/AUTH_9cb2db62181546998c52314d1567748c/gnocchi.75b5af1f-be73-4bd9-8247-c4fe9f7db181/1764720000.0_mean_300.0_v3 HTTP/1.0 200 - python-swiftclient-4.8.0 gAAAAABpNPckgn8e... - 16 - tx3589eba3b57b4da093f30-006934f760 - 0.0156 - - 1765078880.056251049 1765078880.071871042 0 0c044fc9f411403aa3ab5cf8f2b14495
Dec 06 22:41:20 np0005549343.novalocal container-server[96576]: ::1 - - [07/Dec/2025:03:41:20 +0000] "PUT /3/219435/AUTH_9cb2db62181546998c52314d1567748c/gnocchi.75b5af1f-be73-4bd9-8247-c4fe9f7db181/1764720000.0_mean_300.0_v3" 201 - "PUT http://[::1]:8080/1/225328/AUTH_9cb2db62181546998c52314d1567748c/gnocchi.75b5af1f-be73-4bd9-8247-c4fe9f7db181/1764720000.0_mean_300.0_v3" "txd2527f6425bf4980b7f71-006934f760" "object-server 96909" 0.0005 "-" 96576 0
Dec 06 22:41:20 np0005549343.novalocal container-server[96575]: ::1 - - [07/Dec/2025:03:41:20 +0000] "PUT /2/219435/AUTH_9cb2db62181546998c52314d1567748c/gnocchi.75b5af1f-be73-4bd9-8247-c4fe9f7db181/1764720000.0_mean_300.0_v3" 201 - "PUT http://[::1]:8080/3/225328/AUTH_9cb2db62181546998c52314d1567748c/gnocchi.75b5af1f-be73-4bd9-8247-c4fe9f7db181/1764720000.0_mean_300.0_v3" "txd2527f6425bf4980b7f71-006934f760" "object-server 96910" 0.0005 "-" 96575 0
Dec 06 22:41:20 np0005549343.novalocal object-server[96910]: ::1 - - [07/Dec/2025:03:41:20 +0000] "PUT /3/225328/AUTH_9cb2db62181546998c52314d1567748c/gnocchi.75b5af1f-be73-4bd9-8247-c4fe9f7db181/1764720000.0_mean_300.0_v3" 201 - "PUT https://[::1]:8080/v1/AUTH_9cb2db62181546998c52314d1567748c/gnocchi.75b5af1f-be73-4bd9-8247-c4fe9f7db181/1764720000.0_mean_300.0_v3" "txd2527f6425bf4980b7f71-006934f760" "proxy-server 97857" 0.0109 "-" 96910 0
Dec 06 22:41:20 np0005549343.novalocal object-server[96909]: ::1 - - [07/Dec/2025:03:41:20 +0000] "PUT /1/225328/AUTH_9cb2db62181546998c52314d1567748c/gnocchi.75b5af1f-be73-4bd9-8247-c4fe9f7db181/1764720000.0_mean_300.0_v3" 201 - "PUT https://[::1]:8080/v1/AUTH_9cb2db62181546998c52314d1567748c/gnocchi.75b5af1f-be73-4bd9-8247-c4fe9f7db181/1764720000.0_mean_300.0_v3" "txd2527f6425bf4980b7f71-006934f760" "proxy-server 97857" 0.0094 "-" 96909 0
Dec 06 22:41:20 np0005549343.novalocal container-server[96575]: ::1 - - [07/Dec/2025:03:41:20 +0000] "PUT /1/219435/AUTH_9cb2db62181546998c52314d1567748c/gnocchi.75b5af1f-be73-4bd9-8247-c4fe9f7db181/1764720000.0_mean_300.0_v3" 201 - "PUT http://[::1]:8080/2/225328/AUTH_9cb2db62181546998c52314d1567748c/gnocchi.75b5af1f-be73-4bd9-8247-c4fe9f7db181/1764720000.0_mean_300.0_v3" "txd2527f6425bf4980b7f71-006934f760" "object-server 96909" 0.0003 "-" 96575 0
Dec 06 22:41:20 np0005549343.novalocal object-server[96909]: ::1 - - [07/Dec/2025:03:41:20 +0000] "PUT /2/225328/AUTH_9cb2db62181546998c52314d1567748c/gnocchi.75b5af1f-be73-4bd9-8247-c4fe9f7db181/1764720000.0_mean_300.0_v3" 201 - "PUT https://[::1]:8080/v1/AUTH_9cb2db62181546998c52314d1567748c/gnocchi.75b5af1f-be73-4bd9-8247-c4fe9f7db181/1764720000.0_mean_300.0_v3" "txd2527f6425bf4980b7f71-006934f760" "proxy-server 97857" 0.0140 "-" 96909 0
Dec 06 22:41:20 np0005549343.novalocal proxy-server[97857]: ::1 ::1 07/Dec/2025/03/41/20 PUT /v1/AUTH_9cb2db62181546998c52314d1567748c/gnocchi.75b5af1f-be73-4bd9-8247-c4fe9f7db181/1764720000.0_mean_300.0_v3 HTTP/1.0 201 - python-swiftclient-4.8.0 gAAAAABpNPckgn8e... 16 - - txd2527f6425bf4980b7f71-006934f760 - 0.0222 - - 1765078880.075495481 1765078880.097666025 0 0c044fc9f411403aa3ab5cf8f2b14495
Dec 06 22:41:20 np0005549343.novalocal container-server[96575]: ::1 - - [07/Dec/2025:03:41:20 +0000] "PUT /3/219435/AUTH_9cb2db62181546998c52314d1567748c/gnocchi.75b5af1f-be73-4bd9-8247-c4fe9f7db181/none_v3" 201 - "PUT http://[::1]:8080/2/70413/AUTH_9cb2db62181546998c52314d1567748c/gnocchi.75b5af1f-be73-4bd9-8247-c4fe9f7db181/none_v3" "txf9d37669e86c473da457d-006934f760" "object-server 96910" 0.0005 "-" 96575 0
Dec 06 22:41:20 np0005549343.novalocal object-server[96910]: ::1 - - [07/Dec/2025:03:41:20 +0000] "PUT /2/70413/AUTH_9cb2db62181546998c52314d1567748c/gnocchi.75b5af1f-be73-4bd9-8247-c4fe9f7db181/none_v3" 201 - "PUT https://[::1]:8080/v1/AUTH_9cb2db62181546998c52314d1567748c/gnocchi.75b5af1f-be73-4bd9-8247-c4fe9f7db181/none_v3" "txf9d37669e86c473da457d-006934f760" "proxy-server 97857" 0.0124 "-" 96910 0
Dec 06 22:41:20 np0005549343.novalocal container-server[96576]: ::1 - - [07/Dec/2025:03:41:20 +0000] "PUT /2/219435/AUTH_9cb2db62181546998c52314d1567748c/gnocchi.75b5af1f-be73-4bd9-8247-c4fe9f7db181/none_v3" 201 - "PUT http://[::1]:8080/1/70413/AUTH_9cb2db62181546998c52314d1567748c/gnocchi.75b5af1f-be73-4bd9-8247-c4fe9f7db181/none_v3" "txf9d37669e86c473da457d-006934f760" "object-server 96909" 0.0004 "-" 96576 0
Dec 06 22:41:20 np0005549343.novalocal object-server[96909]: ::1 - - [07/Dec/2025:03:41:20 +0000] "PUT /1/70413/AUTH_9cb2db62181546998c52314d1567748c/gnocchi.75b5af1f-be73-4bd9-8247-c4fe9f7db181/none_v3" 201 - "PUT https://[::1]:8080/v1/AUTH_9cb2db62181546998c52314d1567748c/gnocchi.75b5af1f-be73-4bd9-8247-c4fe9f7db181/none_v3" "txf9d37669e86c473da457d-006934f760" "proxy-server 97857" 0.0143 "-" 96909 0
Dec 06 22:41:20 np0005549343.novalocal container-server[96575]: ::1 - - [07/Dec/2025:03:41:20 +0000] "PUT /1/219435/AUTH_9cb2db62181546998c52314d1567748c/gnocchi.75b5af1f-be73-4bd9-8247-c4fe9f7db181/none_v3" 201 - "PUT http://[::1]:8080/3/70413/AUTH_9cb2db62181546998c52314d1567748c/gnocchi.75b5af1f-be73-4bd9-8247-c4fe9f7db181/none_v3" "txf9d37669e86c473da457d-006934f760" "object-server 96909" 0.0004 "-" 96575 0
Dec 06 22:41:20 np0005549343.novalocal object-server[96909]: ::1 - - [07/Dec/2025:03:41:20 +0000] "PUT /3/70413/AUTH_9cb2db62181546998c52314d1567748c/gnocchi.75b5af1f-be73-4bd9-8247-c4fe9f7db181/none_v3" 201 - "PUT https://[::1]:8080/v1/AUTH_9cb2db62181546998c52314d1567748c/gnocchi.75b5af1f-be73-4bd9-8247-c4fe9f7db181/none_v3" "txf9d37669e86c473da457d-006934f760" "proxy-server 97857" 0.0160 "-" 96909 0
Dec 06 22:41:20 np0005549343.novalocal proxy-server[97857]: ::1 ::1 07/Dec/2025/03/41/20 PUT /v1/AUTH_9cb2db62181546998c52314d1567748c/gnocchi.75b5af1f-be73-4bd9-8247-c4fe9f7db181/none_v3 HTTP/1.0 201 - python-swiftclient-4.8.0 gAAAAABpNPckgn8e... 27 - - txf9d37669e86c473da457d-006934f760 - 0.0307 - - 1765078880.100571632 1765078880.131309748 0 0c044fc9f411403aa3ab5cf8f2b14495
Dec 06 22:41:20 np0005549343.novalocal object-server[96910]: ::1 - - [07/Dec/2025:03:41:20 +0000] "GET /3/130820/AUTH_9cb2db62181546998c52314d1567748c/gnocchi.1a7775db-355a-4364-8e23-94110f57c20c/none_v3" 200 45 "GET https://[::1]:8080/v1/AUTH_9cb2db62181546998c52314d1567748c/gnocchi.1a7775db-355a-4364-8e23-94110f57c20c/none_v3" "tx17dd4bb55c6647999c527-006934f760" "proxy-server 97857" 0.0008 "-" 96910 0
Dec 06 22:41:20 np0005549343.novalocal proxy-server[97857]: ::1 ::1 07/Dec/2025/03/41/20 GET /v1/AUTH_9cb2db62181546998c52314d1567748c/gnocchi.1a7775db-355a-4364-8e23-94110f57c20c/none_v3 HTTP/1.0 200 - python-swiftclient-4.8.0 gAAAAABpNPckgn8e... - 45 - tx17dd4bb55c6647999c527-006934f760 - 0.0081 - - 1765078880.155412197 1765078880.163499355 0 0c044fc9f411403aa3ab5cf8f2b14495
Dec 06 22:41:20 np0005549343.novalocal container-server[96576]: ::1 - - [07/Dec/2025:03:41:20 +0000] "GET /1/142424/AUTH_9cb2db62181546998c52314d1567748c/gnocchi.1a7775db-355a-4364-8e23-94110f57c20c" 200 357 "GET https://[::1]:8080/v1/AUTH_9cb2db62181546998c52314d1567748c/gnocchi.1a7775db-355a-4364-8e23-94110f57c20c?format=json&states=listing" "txd7c6086c6e204933b15ee-006934f760" "proxy-server 97857" 0.0022 "-" 96576 0
Dec 06 22:41:20 np0005549343.novalocal proxy-server[97857]: ::1 ::1 07/Dec/2025/03/41/20 GET /v1/AUTH_9cb2db62181546998c52314d1567748c/gnocchi.1a7775db-355a-4364-8e23-94110f57c20c%3Fformat%3Djson%26states%3Dlisting HTTP/1.0 200 - python-swiftclient-4.8.0 gAAAAABpNPckgn8e... - 357 - txd7c6086c6e204933b15ee-006934f760 - 0.0088 - - 1765078880.167133808 1765078880.175929785 0 0c044fc9f411403aa3ab5cf8f2b14495
Dec 06 22:41:20 np0005549343.novalocal container-server[96576]: ::1 - - [07/Dec/2025:03:41:20 +0000] "GET /1/142424/AUTH_9cb2db62181546998c52314d1567748c/gnocchi.1a7775db-355a-4364-8e23-94110f57c20c" 200 2 "GET https://[::1]:8080/v1/AUTH_9cb2db62181546998c52314d1567748c/gnocchi.1a7775db-355a-4364-8e23-94110f57c20c?format=json&marker=none_v3&states=listing" "tx1b99f238f16d4d77acafe-006934f760" "proxy-server 97857" 0.0017 "-" 96576 0
Dec 06 22:41:20 np0005549343.novalocal proxy-server[97857]: ::1 ::1 07/Dec/2025/03/41/20 GET /v1/AUTH_9cb2db62181546998c52314d1567748c/gnocchi.1a7775db-355a-4364-8e23-94110f57c20c%3Fformat%3Djson%26marker%3Dnone_v3%26states%3Dlisting HTTP/1.0 200 - python-swiftclient-4.8.0 gAAAAABpNPckgn8e... - 2 - tx1b99f238f16d4d77acafe-006934f760 - 0.0154 - - 1765078880.179805517 1765078880.195199251 0 0c044fc9f411403aa3ab5cf8f2b14495
Dec 06 22:41:20 np0005549343.novalocal object-server[96910]: ::1 - - [07/Dec/2025:03:41:20 +0000] "GET /2/119212/AUTH_9cb2db62181546998c52314d1567748c/gnocchi.1a7775db-355a-4364-8e23-94110f57c20c/1764720000.0_mean_300.0_v3" 200 16 "GET https://[::1]:8080/v1/AUTH_9cb2db62181546998c52314d1567748c/gnocchi.1a7775db-355a-4364-8e23-94110f57c20c/1764720000.0_mean_300.0_v3" "tx0251368725914b49811a5-006934f760" "proxy-server 97857" 0.0007 "-" 96910 0
Dec 06 22:41:20 np0005549343.novalocal proxy-server[97857]: ::1 ::1 07/Dec/2025/03/41/20 GET /v1/AUTH_9cb2db62181546998c52314d1567748c/gnocchi.1a7775db-355a-4364-8e23-94110f57c20c/1764720000.0_mean_300.0_v3 HTTP/1.0 200 - python-swiftclient-4.8.0 gAAAAABpNPckgn8e... - 16 - tx0251368725914b49811a5-006934f760 - 0.0107 - - 1765078880.200129032 1765078880.210833311 0 0c044fc9f411403aa3ab5cf8f2b14495
Dec 06 22:41:20 np0005549343.novalocal container-server[96576]: ::1 - - [07/Dec/2025:03:41:20 +0000] "PUT /1/142424/AUTH_9cb2db62181546998c52314d1567748c/gnocchi.1a7775db-355a-4364-8e23-94110f57c20c/1764720000.0_mean_300.0_v3" 201 - "PUT http://[::1]:8080/2/119212/AUTH_9cb2db62181546998c52314d1567748c/gnocchi.1a7775db-355a-4364-8e23-94110f57c20c/1764720000.0_mean_300.0_v3" "tx63d69f8bab894337aefd1-006934f760" "object-server 96910" 0.0013 "-" 96576 0
Dec 06 22:41:20 np0005549343.novalocal object-server[96910]: ::1 - - [07/Dec/2025:03:41:20 +0000] "PUT /2/119212/AUTH_9cb2db62181546998c52314d1567748c/gnocchi.1a7775db-355a-4364-8e23-94110f57c20c/1764720000.0_mean_300.0_v3" 201 - "PUT https://[::1]:8080/v1/AUTH_9cb2db62181546998c52314d1567748c/gnocchi.1a7775db-355a-4364-8e23-94110f57c20c/1764720000.0_mean_300.0_v3" "tx63d69f8bab894337aefd1-006934f760" "proxy-server 97857" 0.0173 "-" 96910 0
Dec 06 22:41:20 np0005549343.novalocal container-server[96575]: ::1 - - [07/Dec/2025:03:41:20 +0000] "PUT /3/142424/AUTH_9cb2db62181546998c52314d1567748c/gnocchi.1a7775db-355a-4364-8e23-94110f57c20c/1764720000.0_mean_300.0_v3" 201 - "PUT http://[::1]:8080/1/119212/AUTH_9cb2db62181546998c52314d1567748c/gnocchi.1a7775db-355a-4364-8e23-94110f57c20c/1764720000.0_mean_300.0_v3" "tx63d69f8bab894337aefd1-006934f760" "object-server 96909" 0.0010 "-" 96575 0
Dec 06 22:41:20 np0005549343.novalocal object-server[96909]: ::1 - - [07/Dec/2025:03:41:20 +0000] "PUT /1/119212/AUTH_9cb2db62181546998c52314d1567748c/gnocchi.1a7775db-355a-4364-8e23-94110f57c20c/1764720000.0_mean_300.0_v3" 201 - "PUT https://[::1]:8080/v1/AUTH_9cb2db62181546998c52314d1567748c/gnocchi.1a7775db-355a-4364-8e23-94110f57c20c/1764720000.0_mean_300.0_v3" "tx63d69f8bab894337aefd1-006934f760" "proxy-server 97857" 0.0245 "-" 96909 0
Dec 06 22:41:20 np0005549343.novalocal container-server[96576]: ::1 - - [07/Dec/2025:03:41:20 +0000] "PUT /2/142424/AUTH_9cb2db62181546998c52314d1567748c/gnocchi.1a7775db-355a-4364-8e23-94110f57c20c/1764720000.0_mean_300.0_v3" 201 - "PUT http://[::1]:8080/3/119212/AUTH_9cb2db62181546998c52314d1567748c/gnocchi.1a7775db-355a-4364-8e23-94110f57c20c/1764720000.0_mean_300.0_v3" "tx63d69f8bab894337aefd1-006934f760" "object-server 96909" 0.0007 "-" 96576 0
Dec 06 22:41:20 np0005549343.novalocal object-server[96909]: ::1 - - [07/Dec/2025:03:41:20 +0000] "PUT /3/119212/AUTH_9cb2db62181546998c52314d1567748c/gnocchi.1a7775db-355a-4364-8e23-94110f57c20c/1764720000.0_mean_300.0_v3" 201 - "PUT https://[::1]:8080/v1/AUTH_9cb2db62181546998c52314d1567748c/gnocchi.1a7775db-355a-4364-8e23-94110f57c20c/1764720000.0_mean_300.0_v3" "tx63d69f8bab894337aefd1-006934f760" "proxy-server 97857" 0.0300 "-" 96909 0
Dec 06 22:41:20 np0005549343.novalocal proxy-server[97857]: ::1 ::1 07/Dec/2025/03/41/20 PUT /v1/AUTH_9cb2db62181546998c52314d1567748c/gnocchi.1a7775db-355a-4364-8e23-94110f57c20c/1764720000.0_mean_300.0_v3 HTTP/1.0 201 - python-swiftclient-4.8.0 gAAAAABpNPckgn8e... 16 - - tx63d69f8bab894337aefd1-006934f760 - 0.0443 - - 1765078880.214420319 1765078880.258684874 0 0c044fc9f411403aa3ab5cf8f2b14495
Dec 06 22:41:20 np0005549343.novalocal container-server[96576]: ::1 - - [07/Dec/2025:03:41:20 +0000] "PUT /2/142424/AUTH_9cb2db62181546998c52314d1567748c/gnocchi.1a7775db-355a-4364-8e23-94110f57c20c/none_v3" 201 - "PUT http://[::1]:8080/2/130820/AUTH_9cb2db62181546998c52314d1567748c/gnocchi.1a7775db-355a-4364-8e23-94110f57c20c/none_v3" "tx82f27041b2a54cef83914-006934f760" "object-server 96909" 0.0008 "-" 96576 0
Dec 06 22:41:20 np0005549343.novalocal object-server[96909]: ::1 - - [07/Dec/2025:03:41:20 +0000] "PUT /2/130820/AUTH_9cb2db62181546998c52314d1567748c/gnocchi.1a7775db-355a-4364-8e23-94110f57c20c/none_v3" 201 - "PUT https://[::1]:8080/v1/AUTH_9cb2db62181546998c52314d1567748c/gnocchi.1a7775db-355a-4364-8e23-94110f57c20c/none_v3" "tx82f27041b2a54cef83914-006934f760" "proxy-server 97857" 0.0221 "-" 96909 0
Dec 06 22:41:20 np0005549343.novalocal container-server[96575]: ::1 - - [07/Dec/2025:03:41:20 +0000] "PUT /1/142424/AUTH_9cb2db62181546998c52314d1567748c/gnocchi.1a7775db-355a-4364-8e23-94110f57c20c/none_v3" 201 - "PUT http://[::1]:8080/3/130820/AUTH_9cb2db62181546998c52314d1567748c/gnocchi.1a7775db-355a-4364-8e23-94110f57c20c/none_v3" "tx82f27041b2a54cef83914-006934f760" "object-server 96909" 0.0005 "-" 96575 0
Dec 06 22:41:20 np0005549343.novalocal container-server[96576]: ::1 - - [07/Dec/2025:03:41:20 +0000] "PUT /3/142424/AUTH_9cb2db62181546998c52314d1567748c/gnocchi.1a7775db-355a-4364-8e23-94110f57c20c/none_v3" 201 - "PUT http://[::1]:8080/1/130820/AUTH_9cb2db62181546998c52314d1567748c/gnocchi.1a7775db-355a-4364-8e23-94110f57c20c/none_v3" "tx82f27041b2a54cef83914-006934f760" "object-server 96909" 0.0006 "-" 96576 0
