2025-10-03 07:59:06.400 16 DEBUG neutron.pecan_wsgi.hooks.quota_enforcement [req-9e23ea7a-e96b-44fb-ac12-e73dd52f3407 8d70fbdb448f4f80ad23b62899876656 59f741bbd2644e0eaa1829055855c7d1 - default default] Made reservation on behalf of 59f741bbd2644e0eaa1829055855c7d1 for: {'port': 1} before /usr/lib/python3.9/site-packages/neutron/pecan_wsgi/hooks/quota_enforcement.py:53
2025-10-03 07:59:06.401 16 DEBUG neutron_lib.callbacks.manager [req-9e23ea7a-e96b-44fb-ac12-e73dd52f3407 8d70fbdb448f4f80ad23b62899876656 59f741bbd2644e0eaa1829055855c7d1 - default default] Notify callbacks ['neutron.plugins.ml2.plugin.SecurityGroupDbMixin._ensure_default_security_group_handler-564597'] for port, before_create _notify_loop /usr/lib/python3.9/site-packages/neutron_lib/callbacks/manager.py:200
2025-10-03 07:59:06.411 17 INFO neutron.wsgi [req-525ccc6e-cdae-4da8-936f-f85c7edde5e2 8d70fbdb448f4f80ad23b62899876656 59f741bbd2644e0eaa1829055855c7d1 - default default] 192.168.122.99,192.168.122.100 "GET /v2.0/ports?name=np0005468028_ovn_physnet_datacentre&network_id=44b04cee-7175-46b9-8e65-9334ed6991d7&tags=tripleo_stack_name%3Dovercloud HTTP/1.1" status: 200 len: 186 time: 0.0482235
2025-10-03 07:59:06.414 15 INFO neutron.wsgi [req-c2b429d2-43e7-447c-9bd7-33fb14464474 8d70fbdb448f4f80ad23b62899876656 59f741bbd2644e0eaa1829055855c7d1 - default default] 192.168.122.99,192.168.122.100 "GET /v2.0/ports?name=np0005468029_ovn_physnet_datacentre&network_id=44b04cee-7175-46b9-8e65-9334ed6991d7&tags=tripleo_stack_name%3Dovercloud HTTP/1.1" status: 200 len: 186 time: 0.0506001
2025-10-03 07:59:06.420 16 DEBUG neutron.notifiers.nova [req-9e23ea7a-e96b-44fb-ac12-e73dd52f3407 8d70fbdb448f4f80ad23b62899876656 59f741bbd2644e0eaa1829055855c7d1 - default default] device_id is not set on port d62de600-e6d4-4505-8c70-aa81f702ab59 yet. _can_notify /usr/lib/python3.9/site-packages/neutron/notifiers/nova.py:201
2025-10-03 07:59:06.424 17 DEBUG neutron.api.v2.base [req-dcb4cec1-506c-4d8f-a52c-1129e521ba55 8d70fbdb448f4f80ad23b62899876656 59f741bbd2644e0eaa1829055855c7d1 - default default] Request body: {'port': {'name': 'np0005468028_ovn_physnet_datacentre', 'dns_name': 'np0005468028', 'network_id': '44b04cee-7175-46b9-8e65-9334ed6991d7'}} prepare_request_body /usr/lib/python3.9/site-packages/neutron/api/v2/base.py:729
2025-10-03 07:59:06.428 15 DEBUG neutron.api.v2.base [req-b4265b9a-bb64-4513-b65a-622cf5a4b1dc 8d70fbdb448f4f80ad23b62899876656 59f741bbd2644e0eaa1829055855c7d1 - default default] Request body: {'port': {'name': 'np0005468029_ovn_physnet_datacentre', 'dns_name': 'np0005468029', 'network_id': '44b04cee-7175-46b9-8e65-9334ed6991d7'}} prepare_request_body /usr/lib/python3.9/site-packages/neutron/api/v2/base.py:729
2025-10-03 07:59:06.438 17 DEBUG neutron.pecan_wsgi.hooks.quota_enforcement [req-dcb4cec1-506c-4d8f-a52c-1129e521ba55 8d70fbdb448f4f80ad23b62899876656 59f741bbd2644e0eaa1829055855c7d1 - default default] Made reservation on behalf of 59f741bbd2644e0eaa1829055855c7d1 for: {'port': 1} before /usr/lib/python3.9/site-packages/neutron/pecan_wsgi/hooks/quota_enforcement.py:53
2025-10-03 07:59:06.440 17 DEBUG neutron_lib.callbacks.manager [req-dcb4cec1-506c-4d8f-a52c-1129e521ba55 8d70fbdb448f4f80ad23b62899876656 59f741bbd2644e0eaa1829055855c7d1 - default default] Notify callbacks ['neutron.plugins.ml2.plugin.SecurityGroupDbMixin._ensure_default_security_group_handler-564597'] for port, before_create _notify_loop /usr/lib/python3.9/site-packages/neutron_lib/callbacks/manager.py:200
2025-10-03 07:59:06.441 15 DEBUG neutron.pecan_wsgi.hooks.quota_enforcement [req-b4265b9a-bb64-4513-b65a-622cf5a4b1dc 8d70fbdb448f4f80ad23b62899876656 59f741bbd2644e0eaa1829055855c7d1 - default default] Made reservation on behalf of 59f741bbd2644e0eaa1829055855c7d1 for: {'port': 1} before /usr/lib/python3.9/site-packages/neutron/pecan_wsgi/hooks/quota_enforcement.py:53
2025-10-03 07:59:06.443 15 DEBUG neutron_lib.callbacks.manager [req-b4265b9a-bb64-4513-b65a-622cf5a4b1dc 8d70fbdb448f4f80ad23b62899876656 59f741bbd2644e0eaa1829055855c7d1 - default default] Notify callbacks ['neutron.plugins.ml2.plugin.SecurityGroupDbMixin._ensure_default_security_group_handler-564597'] for port, before_create _notify_loop /usr/lib/python3.9/site-packages/neutron_lib/callbacks/manager.py:200
2025-10-03 07:59:06.464 17 DEBUG neutron.notifiers.nova [req-dcb4cec1-506c-4d8f-a52c-1129e521ba55 8d70fbdb448f4f80ad23b62899876656 59f741bbd2644e0eaa1829055855c7d1 - default default] device_id is not set on port d432b026-1906-4634-9d3f-80f225fa9125 yet. _can_notify /usr/lib/python3.9/site-packages/neutron/notifiers/nova.py:201
2025-10-03 07:59:06.465 15 DEBUG neutron.notifiers.nova [req-b4265b9a-bb64-4513-b65a-622cf5a4b1dc 8d70fbdb448f4f80ad23b62899876656 59f741bbd2644e0eaa1829055855c7d1 - default default] device_id is not set on port a4ae869c-ed32-445c-ba2c-ae610f4a6b07 yet. _can_notify /usr/lib/python3.9/site-packages/neutron/notifiers/nova.py:201
2025-10-03 07:59:06.612 16 DEBUG neutron_lib.callbacks.manager [req-9e23ea7a-e96b-44fb-ac12-e73dd52f3407 8d70fbdb448f4f80ad23b62899876656 59f741bbd2644e0eaa1829055855c7d1 - default default] Notify callbacks [] for port, precommit_create _notify_loop /usr/lib/python3.9/site-packages/neutron_lib/callbacks/manager.py:200
2025-10-03 07:59:06.617 15 DEBUG neutron_lib.callbacks.manager [req-b4265b9a-bb64-4513-b65a-622cf5a4b1dc 8d70fbdb448f4f80ad23b62899876656 59f741bbd2644e0eaa1829055855c7d1 - default default] Notify callbacks [] for port, precommit_create _notify_loop /usr/lib/python3.9/site-packages/neutron_lib/callbacks/manager.py:200
2025-10-03 07:59:06.621 17 DEBUG neutron_lib.callbacks.manager [req-dcb4cec1-506c-4d8f-a52c-1129e521ba55 8d70fbdb448f4f80ad23b62899876656 59f741bbd2644e0eaa1829055855c7d1 - default default] Notify callbacks [] for port, precommit_create _notify_loop /usr/lib/python3.9/site-packages/neutron_lib/callbacks/manager.py:200
2025-10-03 07:59:06.630 16 DEBUG neutron_lib.callbacks.manager [req-9e23ea7a-e96b-44fb-ac12-e73dd52f3407 8d70fbdb448f4f80ad23b62899876656 59f741bbd2644e0eaa1829055855c7d1 - default default] Notify callbacks ['neutron.plugins.ml2.plugin.SecurityGroupServerNotifierRpcMixin.notify_sg_on_port_change-586369', 'neutron.plugins.ml2.extensions.dns_integration._create_port_in_external_dns_service-8789093001256', 'neutron.plugins.ml2.ovo_rpc._ObjectChangeHandler.handle_event-472556', 'neutron.api.rpc.agentnotifiers.dhcp_rpc_agent_api.DhcpAgentNotifyAPI._native_event_send_dhcp_notification-8116611', 'neutron.services.segments.plugin.NovaSegmentNotifier._notify_port_created_or_deleted-7935516'] for port, after_create _notify_loop /usr/lib/python3.9/site-packages/neutron_lib/callbacks/manager.py:200
2025-10-03 07:59:06.631 15 DEBUG neutron_lib.callbacks.manager [req-b4265b9a-bb64-4513-b65a-622cf5a4b1dc 8d70fbdb448f4f80ad23b62899876656 59f741bbd2644e0eaa1829055855c7d1 - default default] Notify callbacks ['neutron.plugins.ml2.plugin.SecurityGroupServerNotifierRpcMixin.notify_sg_on_port_change-586369', 'neutron.plugins.ml2.extensions.dns_integration._create_port_in_external_dns_service-8789093001256', 'neutron.plugins.ml2.ovo_rpc._ObjectChangeHandler.handle_event-472556', 'neutron.api.rpc.agentnotifiers.dhcp_rpc_agent_api.DhcpAgentNotifyAPI._native_event_send_dhcp_notification-8116611', 'neutron.services.segments.plugin.NovaSegmentNotifier._notify_port_created_or_deleted-7935516'] for port, after_create _notify_loop /usr/lib/python3.9/site-packages/neutron_lib/callbacks/manager.py:200
2025-10-03 07:59:06.638 17 DEBUG neutron_lib.callbacks.manager [req-dcb4cec1-506c-4d8f-a52c-1129e521ba55 8d70fbdb448f4f80ad23b62899876656 59f741bbd2644e0eaa1829055855c7d1 - default default] Notify callbacks ['neutron.plugins.ml2.plugin.SecurityGroupServerNotifierRpcMixin.notify_sg_on_port_change-586369', 'neutron.plugins.ml2.extensions.dns_integration._create_port_in_external_dns_service-8789093001256', 'neutron.plugins.ml2.ovo_rpc._ObjectChangeHandler.handle_event-472556', 'neutron.api.rpc.agentnotifiers.dhcp_rpc_agent_api.DhcpAgentNotifyAPI._native_event_send_dhcp_notification-8116611', 'neutron.services.segments.plugin.NovaSegmentNotifier._notify_port_created_or_deleted-7935516'] for port, after_create _notify_loop /usr/lib/python3.9/site-packages/neutron_lib/callbacks/manager.py:200
2025-10-03 07:59:06.663 16 DEBUG neutron.scheduler.dhcp_agent_scheduler [req-9e23ea7a-e96b-44fb-ac12-e73dd52f3407 8d70fbdb448f4f80ad23b62899876656 59f741bbd2644e0eaa1829055855c7d1 - default default] Network 44b04cee-7175-46b9-8e65-9334ed6991d7 is already hosted by enough agents. _get_dhcp_agents_hosting_network /usr/lib/python3.9/site-packages/neutron/scheduler/dhcp_agent_scheduler.py:275
2025-10-03 07:59:06.664 15 DEBUG neutron.scheduler.dhcp_agent_scheduler [req-b4265b9a-bb64-4513-b65a-622cf5a4b1dc 8d70fbdb448f4f80ad23b62899876656 59f741bbd2644e0eaa1829055855c7d1 - default default] Network 44b04cee-7175-46b9-8e65-9334ed6991d7 is already hosted by enough agents. _get_dhcp_agents_hosting_network /usr/lib/python3.9/site-packages/neutron/scheduler/dhcp_agent_scheduler.py:275
2025-10-03 07:59:06.665 16 DEBUG neutron.scheduler.base_scheduler [req-9e23ea7a-e96b-44fb-ac12-e73dd52f3407 8d70fbdb448f4f80ad23b62899876656 59f741bbd2644e0eaa1829055855c7d1 - default default] Resources bound (agent type, host, resource id): schedule /usr/lib/python3.9/site-packages/neutron/scheduler/base_scheduler.py:57
2025-10-03 07:59:06.666 15 DEBUG neutron.scheduler.base_scheduler [req-b4265b9a-bb64-4513-b65a-622cf5a4b1dc 8d70fbdb448f4f80ad23b62899876656 59f741bbd2644e0eaa1829055855c7d1 - default default] Resources bound (agent type, host, resource id): schedule /usr/lib/python3.9/site-packages/neutron/scheduler/base_scheduler.py:57
2025-10-03 07:59:06.667 16 DEBUG neutron.pecan_wsgi.hooks.policy_enforcement [req-9e23ea7a-e96b-44fb-ac12-e73dd52f3407 8d70fbdb448f4f80ad23b62899876656 59f741bbd2644e0eaa1829055855c7d1 - default default] Attributes excluded by policy engine: ['standard_attr_id', 'network'] _exclude_attributes_by_policy /usr/lib/python3.9/site-packages/neutron/pecan_wsgi/hooks/policy_enforcement.py:259
2025-10-03 07:59:06.667 16 DEBUG neutron_lib.callbacks.manager [req-9e23ea7a-e96b-44fb-ac12-e73dd52f3407 8d70fbdb448f4f80ad23b62899876656 59f741bbd2644e0eaa1829055855c7d1 - default default] Notify callbacks ['neutron.notifiers.nova.Notifier._send_nova_notification-415657', 'neutron.api.rpc.agentnotifiers.dhcp_rpc_agent_api.DhcpAgentNotifyAPI._send_dhcp_notification-8116721'] for port, before_response _notify_loop /usr/lib/python3.9/site-packages/neutron_lib/callbacks/manager.py:200
2025-10-03 07:59:06.669 15 DEBUG neutron.pecan_wsgi.hooks.policy_enforcement [req-b4265b9a-bb64-4513-b65a-622cf5a4b1dc 8d70fbdb448f4f80ad23b62899876656 59f741bbd2644e0eaa1829055855c7d1 - default default] Attributes excluded by policy engine: ['standard_attr_id', 'network'] _exclude_attributes_by_policy /usr/lib/python3.9/site-packages/neutron/pecan_wsgi/hooks/policy_enforcement.py:259
2025-10-03 07:59:06.669 15 DEBUG neutron_lib.callbacks.manager [req-b4265b9a-bb64-4513-b65a-622cf5a4b1dc 8d70fbdb448f4f80ad23b62899876656 59f741bbd2644e0eaa1829055855c7d1 - default default] Notify callbacks ['neutron.notifiers.nova.Notifier._send_nova_notification-415657', 'neutron.api.rpc.agentnotifiers.dhcp_rpc_agent_api.DhcpAgentNotifyAPI._send_dhcp_notification-8116721'] for port, before_response _notify_loop /usr/lib/python3.9/site-packages/neutron_lib/callbacks/manager.py:200
2025-10-03 07:59:06.671 16 DEBUG neutron.api.rpc.handlers.resources_rpc [req-9e23ea7a-e96b-44fb-ac12-e73dd52f3407 8d70fbdb448f4f80ad23b62899876656 59f741bbd2644e0eaa1829055855c7d1 - - -] Pushing event updated for resources: {'Port': ['ID=d62de600-e6d4-4505-8c70-aa81f702ab59,revision_number=1']} push /usr/lib/python3.9/site-packages/neutron/api/rpc/handlers/resources_rpc.py:237
2025-10-03 07:59:06.673 15 DEBUG neutron.api.rpc.handlers.resources_rpc [req-b4265b9a-bb64-4513-b65a-622cf5a4b1dc 8d70fbdb448f4f80ad23b62899876656 59f741bbd2644e0eaa1829055855c7d1 - - -] Pushing event updated for resources: {'Port': ['ID=a4ae869c-ed32-445c-ba2c-ae610f4a6b07,revision_number=1']} push /usr/lib/python3.9/site-packages/neutron/api/rpc/handlers/resources_rpc.py:237
2025-10-03 07:59:06.676 16 DEBUG neutron.api.rpc.callbacks.version_manager [req-9e23ea7a-e96b-44fb-ac12-e73dd52f3407 8d70fbdb448f4f80ad23b62899876656 59f741bbd2644e0eaa1829055855c7d1 - - -] Version for resource type AddressGroup changed None to 1.2 on consumer Open vSwitch agent@undercloud.ooo.test _set_version /usr/lib/python3.9/site-packages/neutron/api/rpc/callbacks/version_manager.py:113
2025-10-03 07:59:06.676 16 DEBUG neutron.api.rpc.callbacks.version_manager [req-9e23ea7a-e96b-44fb-ac12-e73dd52f3407 8d70fbdb448f4f80ad23b62899876656 59f741bbd2644e0eaa1829055855c7d1 - - -] Version for resource type ConntrackHelper changed None to 1.0 on consumer Open vSwitch agent@undercloud.ooo.test _set_version /usr/lib/python3.9/site-packages/neutron/api/rpc/callbacks/version_manager.py:113
2025-10-03 07:59:06.676 16 DEBUG neutron.api.rpc.callbacks.version_manager [req-9e23ea7a-e96b-44fb-ac12-e73dd52f3407 8d70fbdb448f4f80ad23b62899876656 59f741bbd2644e0eaa1829055855c7d1 - - -] Version for resource type Log changed None to 1.0 on consumer Open vSwitch agent@undercloud.ooo.test _set_version /usr/lib/python3.9/site-packages/neutron/api/rpc/callbacks/version_manager.py:113
2025-10-03 07:59:06.676 16 DEBUG neutron.api.rpc.callbacks.version_manager [req-9e23ea7a-e96b-44fb-ac12-e73dd52f3407 8d70fbdb448f4f80ad23b62899876656 59f741bbd2644e0eaa1829055855c7d1 - - -] Version for resource type Network changed None to 1.1 on consumer Open vSwitch agent@undercloud.ooo.test _set_version /usr/lib/python3.9/site-packages/neutron/api/rpc/callbacks/version_manager.py:113
2025-10-03 07:59:06.676 16 DEBUG neutron.api.rpc.callbacks.version_manager [req-9e23ea7a-e96b-44fb-ac12-e73dd52f3407 8d70fbdb448f4f80ad23b62899876656 59f741bbd2644e0eaa1829055855c7d1 - - -] Version for resource type Port changed None to 1.7 on consumer Open vSwitch agent@undercloud.ooo.test _set_version /usr/lib/python3.9/site-packages/neutron/api/rpc/callbacks/version_manager.py:113
2025-10-03 07:59:06.677 16 DEBUG neutron.api.rpc.callbacks.version_manager [req-9e23ea7a-e96b-44fb-ac12-e73dd52f3407 8d70fbdb448f4f80ad23b62899876656 59f741bbd2644e0eaa1829055855c7d1 - - -] Version for resource type PortForwarding changed None to 1.2 on consumer Open vSwitch agent@undercloud.ooo.test _set_version /usr/lib/python3.9/site-packages/neutron/api/rpc/callbacks/version_manager.py:113
2025-10-03 07:59:06.677 16 DEBUG neutron.api.rpc.callbacks.version_manager [req-9e23ea7a-e96b-44fb-ac12-e73dd52f3407 8d70fbdb448f4f80ad23b62899876656 59f741bbd2644e0eaa1829055855c7d1 - - -] Version for resource type QosPolicy changed None to 1.8 on consumer Open vSwitch agent@undercloud.ooo.test _set_version /usr/lib/python3.9/site-packages/neutron/api/rpc/callbacks/version_manager.py:113
2025-10-03 07:59:06.677 16 DEBUG neutron.api.rpc.callbacks.version_manager [req-9e23ea7a-e96b-44fb-ac12-e73dd52f3407 8d70fbdb448f4f80ad23b62899876656 59f741bbd2644e0eaa1829055855c7d1 - - -] Version for resource type SecurityGroup changed None to 1.5 on consumer Open vSwitch agent@undercloud.ooo.test _set_version /usr/lib/python3.9/site-packages/neutron/api/rpc/callbacks/version_manager.py:113
2025-10-03 07:59:06.677 16 DEBUG neutron.api.rpc.callbacks.version_manager [req-9e23ea7a-e96b-44fb-ac12-e73dd52f3407 8d70fbdb448f4f80ad23b62899876656 59f741bbd2644e0eaa1829055855c7d1 - - -] Version for resource type SecurityGroupRule changed None to 1.2 on consumer Open vSwitch agent@undercloud.ooo.test _set_version /usr/lib/python3.9/site-packages/neutron/api/rpc/callbacks/version_manager.py:113
2025-10-03 07:59:06.677 17 DEBUG neutron.scheduler.dhcp_agent_scheduler [req-dcb4cec1-506c-4d8f-a52c-1129e521ba55 8d70fbdb448f4f80ad23b62899876656 59f741bbd2644e0eaa1829055855c7d1 - default default] Network 44b04cee-7175-46b9-8e65-9334ed6991d7 is already hosted by enough agents. _get_dhcp_agents_hosting_network /usr/lib/python3.9/site-packages/neutron/scheduler/dhcp_agent_scheduler.py:275
2025-10-03 07:59:06.677 16 DEBUG neutron.api.rpc.callbacks.version_manager [req-9e23ea7a-e96b-44fb-ac12-e73dd52f3407 8d70fbdb448f4f80ad23b62899876656 59f741bbd2644e0eaa1829055855c7d1 - - -] Version for resource type SubPort changed None to 1.0 on consumer Open vSwitch agent@undercloud.ooo.test _set_version /usr/lib/python3.9/site-packages/neutron/api/rpc/callbacks/version_manager.py:113
2025-10-03 07:59:06.677 16 DEBUG neutron.api.rpc.callbacks.version_manager [req-9e23ea7a-e96b-44fb-ac12-e73dd52f3407 8d70fbdb448f4f80ad23b62899876656 59f741bbd2644e0eaa1829055855c7d1 - - -] Version for resource type Subnet changed None to 1.1 on consumer Open vSwitch agent@undercloud.ooo.test _set_version /usr/lib/python3.9/site-packages/neutron/api/rpc/callbacks/version_manager.py:113
2025-10-03 07:59:06.677 16 DEBUG neutron.api.rpc.callbacks.version_manager [req-9e23ea7a-e96b-44fb-ac12-e73dd52f3407 8d70fbdb448f4f80ad23b62899876656 59f741bbd2644e0eaa1829055855c7d1 - - -] Version for resource type Trunk changed None to 1.1 on consumer Open vSwitch agent@undercloud.ooo.test _set_version /usr/lib/python3.9/site-packages/neutron/api/rpc/callbacks/version_manager.py:113
2025-10-03 07:59:06.680 17 DEBUG neutron.scheduler.base_scheduler [req-dcb4cec1-506c-4d8f-a52c-1129e521ba55 8d70fbdb448f4f80ad23b62899876656 59f741bbd2644e0eaa1829055855c7d1 - default default] Resources bound (agent type, host, resource id): schedule /usr/lib/python3.9/site-packages/neutron/scheduler/base_scheduler.py:57
2025-10-03 07:59:06.681 17 DEBUG neutron.api.rpc.handlers.resources_rpc [req-dcb4cec1-506c-4d8f-a52c-1129e521ba55 8d70fbdb448f4f80ad23b62899876656 59f741bbd2644e0eaa1829055855c7d1 - - -] Pushing event updated for resources: {'Port': ['ID=d432b026-1906-4634-9d3f-80f225fa9125,revision_number=1']} push /usr/lib/python3.9/site-packages/neutron/api/rpc/handlers/resources_rpc.py:237
2025-10-03 07:59:06.682 15 INFO neutron.wsgi [req-b4265b9a-bb64-4513-b65a-622cf5a4b1dc 8d70fbdb448f4f80ad23b62899876656 59f741bbd2644e0eaa1829055855c7d1 - default default] 192.168.122.99,192.168.122.100 "POST /v2.0/ports HTTP/1.1" status: 201 len: 1016 time: 0.2578499
2025-10-03 07:59:06.689 16 INFO neutron.wsgi [req-9e23ea7a-e96b-44fb-ac12-e73dd52f3407 8d70fbdb448f4f80ad23b62899876656 59f741bbd2644e0eaa1829055855c7d1 - default default] 192.168.122.99,192.168.122.100 "POST /v2.0/ports HTTP/1.1" status: 201 len: 1016 time: 0.3042934
2025-10-03 07:59:06.690 15 DEBUG neutron.services.tag.tag_plugin [req-1e63f0f4-fce4-4777-bd5e-6e6e34f1290c 8d70fbdb448f4f80ad23b62899876656 59f741bbd2644e0eaa1829055855c7d1 - default default] neutron.services.tag.tag_plugin.TagPlugin method update_tags called with arguments (, 'ports', 'a4ae869c-ed32-445c-ba2c-ae610f4a6b07', {'tags': ['tripleo_stack_name=overcloud', 'tripleo_ovn_physnet=datacentre']}) {} wrapper /usr/lib/python3.9/site-packages/oslo_log/helpers.py:65
2025-10-03 07:59:06.690 17 DEBUG neutron.pecan_wsgi.hooks.policy_enforcement [req-dcb4cec1-506c-4d8f-a52c-1129e521ba55 8d70fbdb448f4f80ad23b62899876656 59f741bbd2644e0eaa1829055855c7d1 - default default] Attributes excluded by policy engine: ['standard_attr_id', 'network'] _exclude_attributes_by_policy /usr/lib/python3.9/site-packages/neutron/pecan_wsgi/hooks/policy_enforcement.py:259
2025-10-03 07:59:06.690 17 DEBUG neutron_lib.callbacks.manager [req-dcb4cec1-506c-4d8f-a52c-1129e521ba55 8d70fbdb448f4f80ad23b62899876656 59f741bbd2644e0eaa1829055855c7d1 - default default] Notify callbacks ['neutron.notifiers.nova.Notifier._send_nova_notification-415657', 'neutron.api.rpc.agentnotifiers.dhcp_rpc_agent_api.DhcpAgentNotifyAPI._send_dhcp_notification-8116721'] for port, before_response _notify_loop /usr/lib/python3.9/site-packages/neutron_lib/callbacks/manager.py:200
2025-10-03 07:59:06.699 16 DEBUG neutron.services.tag.tag_plugin [req-8b60a1b5-1a30-4272-9647-8dfa1d1975e5 8d70fbdb448f4f80ad23b62899876656 59f741bbd2644e0eaa1829055855c7d1 - default default] neutron.services.tag.tag_plugin.TagPlugin method update_tags called with arguments (, 'ports', 'd62de600-e6d4-4505-8c70-aa81f702ab59', {'tags': ['tripleo_stack_name=overcloud', 'tripleo_ovn_physnet=datacentre']}) {} wrapper /usr/lib/python3.9/site-packages/oslo_log/helpers.py:65
2025-10-03 07:59:06.703 17 INFO neutron.wsgi [req-dcb4cec1-506c-4d8f-a52c-1129e521ba55 8d70fbdb448f4f80ad23b62899876656 59f741bbd2644e0eaa1829055855c7d1 - default default] 192.168.122.99,192.168.122.100 "POST /v2.0/ports HTTP/1.1" status: 201 len: 1016 time: 0.2849748
2025-10-03 07:59:06.715 17 DEBUG neutron.services.tag.tag_plugin [req-ba1d553d-8d36-4462-8f4a-8c11bc2dc33f 8d70fbdb448f4f80ad23b62899876656 59f741bbd2644e0eaa1829055855c7d1 - default default] neutron.services.tag.tag_plugin.TagPlugin method update_tags called with arguments (, 'ports', 'd432b026-1906-4634-9d3f-80f225fa9125', {'tags': ['tripleo_stack_name=overcloud', 'tripleo_ovn_physnet=datacentre']}) {} wrapper /usr/lib/python3.9/site-packages/oslo_log/helpers.py:65
2025-10-03 07:59:06.725 15 INFO neutron.wsgi [req-1e63f0f4-fce4-4777-bd5e-6e6e34f1290c 8d70fbdb448f4f80ad23b62899876656 59f741bbd2644e0eaa1829055855c7d1 - default default] 192.168.122.99,192.168.122.100 "PUT /v2.0/ports/a4ae869c-ed32-445c-ba2c-ae610f4a6b07/tags HTTP/1.1" status: 200 len: 250 time: 0.0377035
2025-10-03 07:59:06.741 16 INFO neutron.wsgi [req-8b60a1b5-1a30-4272-9647-8dfa1d1975e5 8d70fbdb448f4f80ad23b62899876656 59f741bbd2644e0eaa1829055855c7d1 - default default] 192.168.122.99,192.168.122.100 "PUT /v2.0/ports/d62de600-e6d4-4505-8c70-aa81f702ab59/tags HTTP/1.1" status: 200 len: 250 time: 0.0469000
2025-10-03 07:59:06.752 17 INFO neutron.wsgi [req-ba1d553d-8d36-4462-8f4a-8c11bc2dc33f 8d70fbdb448f4f80ad23b62899876656 59f741bbd2644e0eaa1829055855c7d1 - default default] 192.168.122.99,192.168.122.100 "PUT /v2.0/ports/d432b026-1906-4634-9d3f-80f225fa9125/tags HTTP/1.1" status: 200 len: 250 time: 0.0396504
2025-10-03 07:59:06.807 17 DEBUG neutron.pecan_wsgi.hooks.policy_enforcement [req-5dc77eed-6765-4a6a-b1c8-faad11fbc6af 8d70fbdb448f4f80ad23b62899876656 59f741bbd2644e0eaa1829055855c7d1 - default default] Attributes excluded by policy engine: ['standard_attr_id'] _exclude_attributes_by_policy /usr/lib/python3.9/site-packages/neutron/pecan_wsgi/hooks/policy_enforcement.py:259
2025-10-03 07:59:06.807 17 DEBUG neutron.pecan_wsgi.hooks.policy_enforcement [req-5dc77eed-6765-4a6a-b1c8-faad11fbc6af 8d70fbdb448f4f80ad23b62899876656 59f741bbd2644e0eaa1829055855c7d1 - default default] Attributes excluded by policy engine: ['standard_attr_id'] _exclude_attributes_by_policy /usr/lib/python3.9/site-packages/neutron/pecan_wsgi/hooks/policy_enforcement.py:259
2025-10-03 07:59:06.807 17 DEBUG neutron.pecan_wsgi.hooks.policy_enforcement [req-5dc77eed-6765-4a6a-b1c8-faad11fbc6af 8d70fbdb448f4f80ad23b62899876656 59f741bbd2644e0eaa1829055855c7d1 - default default] Attributes excluded by policy engine: ['standard_attr_id'] _exclude_attributes_by_policy /usr/lib/python3.9/site-packages/neutron/pecan_wsgi/hooks/policy_enforcement.py:259
2025-10-03 07:59:06.808 17 DEBUG neutron.pecan_wsgi.hooks.policy_enforcement [req-5dc77eed-6765-4a6a-b1c8-faad11fbc6af 8d70fbdb448f4f80ad23b62899876656 59f741bbd2644e0eaa1829055855c7d1 - default default] Attributes excluded by policy engine: ['standard_attr_id'] _exclude_attributes_by_policy /usr/lib/python3.9/site-packages/neutron/pecan_wsgi/hooks/policy_enforcement.py:259
2025-10-03 07:59:06.808 17 DEBUG neutron.pecan_wsgi.hooks.policy_enforcement [req-5dc77eed-6765-4a6a-b1c8-faad11fbc6af 8d70fbdb448f4f80ad23b62899876656 59f741bbd2644e0eaa1829055855c7d1 - default default] Attributes excluded by policy engine: ['standard_attr_id'] _exclude_attributes_by_policy /usr/lib/python3.9/site-packages/neutron/pecan_wsgi/hooks/policy_enforcement.py:259
2025-10-03 07:59:06.808 17 DEBUG neutron.pecan_wsgi.hooks.policy_enforcement [req-5dc77eed-6765-4a6a-b1c8-faad11fbc6af 8d70fbdb448f4f80ad23b62899876656 59f741bbd2644e0eaa1829055855c7d1 - default default] Attributes excluded by policy engine: ['standard_attr_id'] _exclude_attributes_by_policy /usr/lib/python3.9/site-packages/neutron/pecan_wsgi/hooks/policy_enforcement.py:259
2025-10-03 07:59:06.809 17 INFO neutron.wsgi [req-5dc77eed-6765-4a6a-b1c8-faad11fbc6af 8d70fbdb448f4f80ad23b62899876656 59f741bbd2644e0eaa1829055855c7d1 - default default] 192.168.122.99,192.168.122.100 "GET /v2.0/ports?network_id=44b04cee-7175-46b9-8e65-9334ed6991d7&tags=tripleo_stack_name%3Dovercloud HTTP/1.1" status: 200 len: 5533 time: 0.0525563
2025-10-03 07:59:06.889 17 DEBUG neutron.plugins.ml2.plugin [req-4fb96c04-711b-4800-a83a-17d362c548ca 8d70fbdb448f4f80ad23b62899876656 59f741bbd2644e0eaa1829055855c7d1 - default default] Deleting port 1d0f8a8a-ac68-4820-a4eb-1633b5e48b68 _pre_delete_port /usr/lib/python3.9/site-packages/neutron/plugins/ml2/plugin.py:2025
2025-10-03 07:59:06.889 17 DEBUG neutron_lib.callbacks.manager [req-4fb96c04-711b-4800-a83a-17d362c548ca 8d70fbdb448f4f80ad23b62899876656 59f741bbd2644e0eaa1829055855c7d1 - default default] Notify callbacks ['neutron.plugins.ml2.extensions.dns_integration._delete_port_in_external_dns_service-8789093001292', 'neutron.db.l3_db.L3_NAT_dbonly_mixin._prevent_l3_port_delete_callback-8789093066527'] for port, before_delete _notify_loop /usr/lib/python3.9/site-packages/neutron_lib/callbacks/manager.py:200
2025-10-03 07:59:07.036 17 DEBUG neutron_lib.callbacks.manager [req-4fb96c04-711b-4800-a83a-17d362c548ca 8d70fbdb448f4f80ad23b62899876656 59f741bbd2644e0eaa1829055855c7d1 - default default] Notify callbacks ['neutron.services.l3_router.l3_router_plugin.L3_NAT_dbonly_mixin._precommit_delete_port_callback-7986825'] for port, precommit_delete _notify_loop /usr/lib/python3.9/site-packages/neutron_lib/callbacks/manager.py:200
2025-10-03 07:59:07.045 17 DEBUG neutron.plugins.ml2.plugin [req-4fb96c04-711b-4800-a83a-17d362c548ca 8d70fbdb448f4f80ad23b62899876656 59f741bbd2644e0eaa1829055855c7d1 - default default] Calling delete_port for 1d0f8a8a-ac68-4820-a4eb-1633b5e48b68 owned by delete_port /usr/lib/python3.9/site-packages/neutron/plugins/ml2/plugin.py:2097
2025-10-03 07:59:07.106 17 DEBUG neutron_lib.callbacks.manager [req-4fb96c04-711b-4800-a83a-17d362c548ca 8d70fbdb448f4f80ad23b62899876656 59f741bbd2644e0eaa1829055855c7d1 - default default] Notify callbacks ['neutron.plugins.ml2.plugin.SecurityGroupServerNotifierRpcMixin.notify_sg_on_port_change-586369', 'neutron.plugins.ml2.ovo_rpc._ObjectChangeHandler.handle_event-472556', 'neutron.api.rpc.agentnotifiers.dhcp_rpc_agent_api.DhcpAgentNotifyAPI._native_event_send_dhcp_notification-8116611', 'neutron.db.l3_db.L3RpcNotifierMixin._notify_routers_callback-8789093040743', 'neutron.services.segments.plugin.NovaSegmentNotifier._notify_port_created_or_deleted-7935516'] for port, after_delete _notify_loop /usr/lib/python3.9/site-packages/neutron_lib/callbacks/manager.py:200
2025-10-03 07:59:07.130 17 DEBUG neutron.api.rpc.handlers.resources_rpc [req-4fb96c04-711b-4800-a83a-17d362c548ca 8d70fbdb448f4f80ad23b62899876656 59f741bbd2644e0eaa1829055855c7d1 - - -] Pushing event deleted for resources: {'Port': ['ID=1d0f8a8a-ac68-4820-a4eb-1633b5e48b68,revision_number=None']} push /usr/lib/python3.9/site-packages/neutron/api/rpc/handlers/resources_rpc.py:237
2025-10-03 07:59:07.136 17 DEBUG neutron_lib.callbacks.manager [req-4fb96c04-711b-4800-a83a-17d362c548ca 8d70fbdb448f4f80ad23b62899876656 59f741bbd2644e0eaa1829055855c7d1 - default default] Notify callbacks ['neutron.notifiers.nova.Notifier._send_nova_notification-415657', 'neutron.api.rpc.agentnotifiers.dhcp_rpc_agent_api.DhcpAgentNotifyAPI._send_dhcp_notification-8116721'] for port, before_response _notify_loop /usr/lib/python3.9/site-packages/neutron_lib/callbacks/manager.py:200
2025-10-03 07:59:07.140 17 INFO neutron.wsgi [req-4fb96c04-711b-4800-a83a-17d362c548ca 8d70fbdb448f4f80ad23b62899876656 59f741bbd2644e0eaa1829055855c7d1 - default default] 192.168.122.99,192.168.122.100 "DELETE /v2.0/ports/1d0f8a8a-ac68-4820-a4eb-1633b5e48b68 HTTP/1.1" status: 204 len: 149 time: 0.3248012
2025-10-03 07:59:07.204 17 DEBUG neutron.plugins.ml2.plugin [req-6581ef9f-a1f8-4d9a-9c0f-a10d734aef81 8d70fbdb448f4f80ad23b62899876656 59f741bbd2644e0eaa1829055855c7d1 - default default] Deleting port 3f07ff07-eb31-48cf-9eac-fdb621a6ebcd _pre_delete_port /usr/lib/python3.9/site-packages/neutron/plugins/ml2/plugin.py:2025
2025-10-03 07:59:07.204 17 DEBUG neutron_lib.callbacks.manager [req-6581ef9f-a1f8-4d9a-9c0f-a10d734aef81 8d70fbdb448f4f80ad23b62899876656 59f741bbd2644e0eaa1829055855c7d1 - default default] Notify callbacks ['neutron.plugins.ml2.extensions.dns_integration._delete_port_in_external_dns_service-8789093001292', 'neutron.db.l3_db.L3_NAT_dbonly_mixin._prevent_l3_port_delete_callback-8789093066527'] for port, before_delete _notify_loop /usr/lib/python3.9/site-packages/neutron_lib/callbacks/manager.py:200
2025-10-03 07:59:07.313 17 DEBUG neutron_lib.callbacks.manager [req-6581ef9f-a1f8-4d9a-9c0f-a10d734aef81 8d70fbdb448f4f80ad23b62899876656 59f741bbd2644e0eaa1829055855c7d1 - default default] Notify callbacks ['neutron.services.l3_router.l3_router_plugin.L3_NAT_dbonly_mixin._precommit_delete_port_callback-7986825'] for port, precommit_delete _notify_loop /usr/lib/python3.9/site-packages/neutron_lib/callbacks/manager.py:200
2025-10-03 07:59:07.321 17 DEBUG neutron.plugins.ml2.plugin [req-6581ef9f-a1f8-4d9a-9c0f-a10d734aef81 8d70fbdb448f4f80ad23b62899876656 59f741bbd2644e0eaa1829055855c7d1 - default default] Calling delete_port for 3f07ff07-eb31-48cf-9eac-fdb621a6ebcd owned by delete_port /usr/lib/python3.9/site-packages/neutron/plugins/ml2/plugin.py:2097
2025-10-03 07:59:07.359 17 DEBUG neutron_lib.callbacks.manager [req-6581ef9f-a1f8-4d9a-9c0f-a10d734aef81 8d70fbdb448f4f80ad23b62899876656 59f741bbd2644e0eaa1829055855c7d1 - default default] Notify callbacks ['neutron.plugins.ml2.plugin.SecurityGroupServerNotifierRpcMixin.notify_sg_on_port_change-586369', 'neutron.plugins.ml2.ovo_rpc._ObjectChangeHandler.handle_event-472556', 'neutron.api.rpc.agentnotifiers.dhcp_rpc_agent_api.DhcpAgentNotifyAPI._native_event_send_dhcp_notification-8116611', 'neutron.db.l3_db.L3RpcNotifierMixin._notify_routers_callback-8789093040743', 'neutron.services.segments.plugin.NovaSegmentNotifier._notify_port_created_or_deleted-7935516'] for port, after_delete _notify_loop /usr/lib/python3.9/site-packages/neutron_lib/callbacks/manager.py:200
2025-10-03 07:59:07.385 17 DEBUG neutron.api.rpc.handlers.resources_rpc [req-6581ef9f-a1f8-4d9a-9c0f-a10d734aef81 8d70fbdb448f4f80ad23b62899876656 59f741bbd2644e0eaa1829055855c7d1 - - -] Pushing event deleted for resources: {'Port': ['ID=3f07ff07-eb31-48cf-9eac-fdb621a6ebcd,revision_number=None']} push /usr/lib/python3.9/site-packages/neutron/api/rpc/handlers/resources_rpc.py:237
2025-10-03 07:59:07.389 17 DEBUG neutron_lib.callbacks.manager [req-6581ef9f-a1f8-4d9a-9c0f-a10d734aef81 8d70fbdb448f4f80ad23b62899876656 59f741bbd2644e0eaa1829055855c7d1 - default default] Notify callbacks ['neutron.notifiers.nova.Notifier._send_nova_notification-415657', 'neutron.api.rpc.agentnotifiers.dhcp_rpc_agent_api.DhcpAgentNotifyAPI._send_dhcp_notification-8116721'] for port, before_response _notify_loop /usr/lib/python3.9/site-packages/neutron_lib/callbacks/manager.py:200
2025-10-03 07:59:07.391 17 INFO neutron.wsgi [req-6581ef9f-a1f8-4d9a-9c0f-a10d734aef81 8d70fbdb448f4f80ad23b62899876656 59f741bbd2644e0eaa1829055855c7d1 - default default] 192.168.122.99,192.168.122.100 "DELETE /v2.0/ports/3f07ff07-eb31-48cf-9eac-fdb621a6ebcd HTTP/1.1" status: 204 len: 149 time: 0.2424908
2025-10-03 07:59:07.428 17 DEBUG neutron.plugins.ml2.plugin [req-fac25fbc-a88b-4ccf-8952-0fc2ca129ad3 8d70fbdb448f4f80ad23b62899876656 59f741bbd2644e0eaa1829055855c7d1 - default default] Deleting port 5b6e8b28-d7e8-47de-87e1-f43931b6c433 _pre_delete_port /usr/lib/python3.9/site-packages/neutron/plugins/ml2/plugin.py:2025
2025-10-03 07:59:07.429 17 DEBUG neutron_lib.callbacks.manager [req-fac25fbc-a88b-4ccf-8952-0fc2ca129ad3 8d70fbdb448f4f80ad23b62899876656 59f741bbd2644e0eaa1829055855c7d1 - default default] Notify callbacks ['neutron.plugins.ml2.extensions.dns_integration._delete_port_in_external_dns_service-8789093001292', 'neutron.db.l3_db.L3_NAT_dbonly_mixin._prevent_l3_port_delete_callback-8789093066527'] for port, before_delete _notify_loop /usr/lib/python3.9/site-packages/neutron_lib/callbacks/manager.py:200
2025-10-03 07:59:07.544 17 DEBUG neutron_lib.callbacks.manager [req-fac25fbc-a88b-4ccf-8952-0fc2ca129ad3 8d70fbdb448f4f80ad23b62899876656 59f741bbd2644e0eaa1829055855c7d1 - default default] Notify callbacks ['neutron.services.l3_router.l3_router_plugin.L3_NAT_dbonly_mixin._precommit_delete_port_callback-7986825'] for port, precommit_delete _notify_loop /usr/lib/python3.9/site-packages/neutron_lib/callbacks/manager.py:200
2025-10-03 07:59:07.552 17 DEBUG neutron.plugins.ml2.plugin [req-fac25fbc-a88b-4ccf-8952-0fc2ca129ad3 8d70fbdb448f4f80ad23b62899876656 59f741bbd2644e0eaa1829055855c7d1 - default default] Calling delete_port for 5b6e8b28-d7e8-47de-87e1-f43931b6c433 owned by delete_port /usr/lib/python3.9/site-packages/neutron/plugins/ml2/plugin.py:2097
2025-10-03 07:59:07.589 17 DEBUG neutron_lib.callbacks.manager [req-fac25fbc-a88b-4ccf-8952-0fc2ca129ad3 8d70fbdb448f4f80ad23b62899876656 59f741bbd2644e0eaa1829055855c7d1 - default default] Notify callbacks ['neutron.plugins.ml2.plugin.SecurityGroupServerNotifierRpcMixin.notify_sg_on_port_change-586369', 'neutron.plugins.ml2.ovo_rpc._ObjectChangeHandler.handle_event-472556', 'neutron.api.rpc.agentnotifiers.dhcp_rpc_agent_api.DhcpAgentNotifyAPI._native_event_send_dhcp_notification-8116611', 'neutron.db.l3_db.L3RpcNotifierMixin._notify_routers_callback-8789093040743', 'neutron.services.segments.plugin.NovaSegmentNotifier._notify_port_created_or_deleted-7935516'] for port, after_delete _notify_loop /usr/lib/python3.9/site-packages/neutron_lib/callbacks/manager.py:200
2025-10-03 07:59:07.609 17 DEBUG neutron.api.rpc.handlers.resources_rpc [req-fac25fbc-a88b-4ccf-8952-0fc2ca129ad3 8d70fbdb448f4f80ad23b62899876656 59f741bbd2644e0eaa1829055855c7d1 - - -] Pushing event deleted for resources: {'Port': ['ID=5b6e8b28-d7e8-47de-87e1-f43931b6c433,revision_number=None']} push /usr/lib/python3.9/site-packages/neutron/api/rpc/handlers/resources_rpc.py:237
2025-10-03 07:59:07.611 17 DEBUG neutron_lib.callbacks.manager [req-fac25fbc-a88b-4ccf-8952-0fc2ca129ad3 8d70fbdb448f4f80ad23b62899876656 59f741bbd2644e0eaa1829055855c7d1 - default default] Notify callbacks ['neutron.notifiers.nova.Notifier._send_nova_notification-415657', 'neutron.api.rpc.agentnotifiers.dhcp_rpc_agent_api.DhcpAgentNotifyAPI._send_dhcp_notification-8116721'] for port, before_response _notify_loop /usr/lib/python3.9/site-packages/neutron_lib/callbacks/manager.py:200
2025-10-03 07:59:07.613 17 INFO neutron.wsgi [req-fac25fbc-a88b-4ccf-8952-0fc2ca129ad3 8d70fbdb448f4f80ad23b62899876656 59f741bbd2644e0eaa1829055855c7d1 - default default] 192.168.122.99,192.168.122.100 "DELETE /v2.0/ports/5b6e8b28-d7e8-47de-87e1-f43931b6c433 HTTP/1.1" status: 204 len: 149 time: 0.2138710
2025-10-03 07:59:07.662 17 DEBUG neutron.pecan_wsgi.hooks.policy_enforcement [req-f681d649-5f45-477e-bea1-29dcfa04f875 8d70fbdb448f4f80ad23b62899876656 59f741bbd2644e0eaa1829055855c7d1 - default default] Attributes excluded by policy engine: ['standard_attr_id'] _exclude_attributes_by_policy /usr/lib/python3.9/site-packages/neutron/pecan_wsgi/hooks/policy_enforcement.py:259
2025-10-03 07:59:07.662 17 DEBUG neutron.pecan_wsgi.hooks.policy_enforcement [req-f681d649-5f45-477e-bea1-29dcfa04f875 8d70fbdb448f4f80ad23b62899876656 59f741bbd2644e0eaa1829055855c7d1 - default default] Attributes excluded by policy engine: ['standard_attr_id'] _exclude_attributes_by_policy /usr/lib/python3.9/site-packages/neutron/pecan_wsgi/hooks/policy_enforcement.py:259
2025-10-03 07:59:07.662 17 DEBUG neutron.pecan_wsgi.hooks.policy_enforcement [req-f681d649-5f45-477e-bea1-29dcfa04f875 8d70fbdb448f4f80ad23b62899876656 59f741bbd2644e0eaa1829055855c7d1 - default default] Attributes excluded by policy engine: ['standard_attr_id'] _exclude_attributes_by_policy /usr/lib/python3.9/site-packages/neutron/pecan_wsgi/hooks/policy_enforcement.py:259
2025-10-03 07:59:07.664 17 INFO neutron.wsgi [req-f681d649-5f45-477e-bea1-29dcfa04f875 8d70fbdb448f4f80ad23b62899876656 59f741bbd2644e0eaa1829055855c7d1 - default default] 192.168.122.99,192.168.122.100 "GET /v2.0/ports?network_id=44b04cee-7175-46b9-8e65-9334ed6991d7&tags=tripleo_stack_name%3Dovercloud HTTP/1.1" status: 200 len: 2860 time: 0.0422354
2025-10-03 07:59:08.271 16 DEBUG neutron.wsgi [-] (16) accepted ('192.168.122.100', 37258) server /usr/lib/python3.9/site-packages/eventlet/wsgi.py:992
2025-10-03 07:59:08.274 16 INFO neutron.wsgi [-] 192.168.122.100 "GET /healthcheck HTTP/1.0" status: 200 len: 137 time: 0.0020998
2025-10-03 07:59:08.730 15 DEBUG neutron.wsgi [-] (15) accepted ('192.168.122.100', 37274) server /usr/lib/python3.9/site-packages/eventlet/wsgi.py:992
2025-10-03 07:59:08.734 15 INFO neutron.wsgi [-] 192.168.122.100 "GET / HTTP/1.1" status: 200 len: 233 time: 0.0025542
2025-10-03 07:59:10.276 15 DEBUG neutron.wsgi [-] (15) accepted ('192.168.122.100', 37280) server /usr/lib/python3.9/site-packages/eventlet/wsgi.py:992
2025-10-03 07:59:10.280 15 INFO neutron.wsgi [-] 192.168.122.100 "GET /healthcheck HTTP/1.0" status: 200 len: 137 time: 0.0026786
2025-10-03 07:59:12.281 15 DEBUG neutron.wsgi [-] (15) accepted ('192.168.122.100', 37282) server /usr/lib/python3.9/site-packages/eventlet/wsgi.py:992
2025-10-03 07:59:12.283 15 INFO neutron.wsgi [-] 192.168.122.100 "GET /healthcheck HTTP/1.0" status: 200 len: 137 time: 0.0013921
2025-10-03 07:59:14.285 15 DEBUG neutron.wsgi [-] (15) accepted ('192.168.122.100', 37292) server /usr/lib/python3.9/site-packages/eventlet/wsgi.py:992
2025-10-03 07:59:14.287 15 INFO neutron.wsgi [-] 192.168.122.100 "GET /healthcheck HTTP/1.0" status: 200 len: 137 time: 0.0014422
2025-10-03 07:59:16.289 16 DEBUG neutron.wsgi [-] (16) accepted ('192.168.122.100', 37298) server /usr/lib/python3.9/site-packages/eventlet/wsgi.py:992
2025-10-03 07:59:16.291 16 INFO neutron.wsgi [-] 192.168.122.100 "GET /healthcheck HTTP/1.0" status: 200 len: 137 time: 0.0013850
2025-10-03 07:59:18.292 17 DEBUG neutron.wsgi [-] (17) accepted ('192.168.122.100', 37878) server /usr/lib/python3.9/site-packages/eventlet/wsgi.py:992
2025-10-03 07:59:18.294 17 INFO neutron.wsgi [-] 192.168.122.100 "GET /healthcheck HTTP/1.0" status: 200 len: 137 time: 0.0014710
2025-10-03 07:59:20.295 15 DEBUG neutron.wsgi [-] (15) accepted ('192.168.122.100', 37892) server /usr/lib/python3.9/site-packages/eventlet/wsgi.py:992
2025-10-03 07:59:20.299 15 INFO neutron.wsgi [-] 192.168.122.100 "GET /healthcheck HTTP/1.0" status: 200 len: 137 time: 0.0021167
2025-10-03 07:59:22.300 15 DEBUG neutron.wsgi [-] (15) accepted ('192.168.122.100', 37908) server /usr/lib/python3.9/site-packages/eventlet/wsgi.py:992
2025-10-03 07:59:22.304 15 INFO neutron.wsgi [-] 192.168.122.100 "GET /healthcheck HTTP/1.0" status: 200 len: 137 time: 0.0025074
2025-10-03 07:59:24.305 15 DEBUG neutron.wsgi [-] (15) accepted ('192.168.122.100', 37912) server /usr/lib/python3.9/site-packages/eventlet/wsgi.py:992
2025-10-03 07:59:24.308 15 INFO neutron.wsgi [-] 192.168.122.100 "GET /healthcheck HTTP/1.0" status: 200 len: 137 time: 0.0014293
2025-10-03 07:59:26.309 18 DEBUG neutron.wsgi [-] (18) accepted ('192.168.122.100', 37928) server /usr/lib/python3.9/site-packages/eventlet/wsgi.py:992
2025-10-03 07:59:26.313 18 INFO neutron.wsgi [-] 192.168.122.100 "GET /healthcheck HTTP/1.0" status: 200 len: 137 time: 0.0026445
2025-10-03 07:59:28.315 18 DEBUG neutron.wsgi [-] (18) accepted ('192.168.122.100', 45890) server /usr/lib/python3.9/site-packages/eventlet/wsgi.py:992
2025-10-03 07:59:28.318 18 INFO neutron.wsgi [-] 192.168.122.100 "GET /healthcheck HTTP/1.0" status: 200 len: 137 time: 0.0020237
2025-10-03 07:59:30.319 16 DEBUG neutron.wsgi [-] (16) accepted ('192.168.122.100', 45896) server /usr/lib/python3.9/site-packages/eventlet/wsgi.py:992
2025-10-03 07:59:30.323 16 INFO neutron.wsgi [-] 192.168.122.100 "GET /healthcheck HTTP/1.0" status: 200 len: 137 time: 0.0028510
2025-10-03 07:59:32.326 16 DEBUG neutron.wsgi [-] (16) accepted ('192.168.122.100', 45900) server /usr/lib/python3.9/site-packages/eventlet/wsgi.py:992
2025-10-03 07:59:32.329 16 INFO neutron.wsgi [-] 192.168.122.100 "GET /healthcheck HTTP/1.0" status: 200 len: 137 time: 0.0021961
2025-10-03 07:59:34.330 18 DEBUG neutron.wsgi [-] (18) accepted ('192.168.122.100', 45904) server /usr/lib/python3.9/site-packages/eventlet/wsgi.py:992
2025-10-03 07:59:34.334 18 INFO neutron.wsgi [-] 192.168.122.100 "GET /healthcheck HTTP/1.0" status: 200 len: 137 time: 0.0026498
2025-10-03 07:59:36.337 17 DEBUG neutron.wsgi [-] (17) accepted ('192.168.122.100', 45910) server /usr/lib/python3.9/site-packages/eventlet/wsgi.py:992
2025-10-03 07:59:36.342 17 INFO neutron.wsgi [-] 192.168.122.100 "GET /healthcheck HTTP/1.0" status: 200 len: 137 time: 0.0033481
2025-10-03 07:59:38.344 17 DEBUG neutron.wsgi [-] (17) accepted ('192.168.122.100', 58656) server /usr/lib/python3.9/site-packages/eventlet/wsgi.py:992
2025-10-03 07:59:38.349 17 INFO neutron.wsgi [-] 192.168.122.100 "GET /healthcheck HTTP/1.0" status: 200 len: 137 time: 0.0032320
2025-10-03 07:59:39.176 15 DEBUG neutron.wsgi [-] (15) accepted ('192.168.122.100', 58668) server /usr/lib/python3.9/site-packages/eventlet/wsgi.py:992
2025-10-03 07:59:39.178 15 INFO neutron.wsgi [-] 192.168.122.100 "GET / HTTP/1.1" status: 200 len: 233 time: 0.0012934
2025-10-03 07:59:40.349 15 DEBUG neutron.wsgi [-] (15) accepted ('192.168.122.100', 58674) server /usr/lib/python3.9/site-packages/eventlet/wsgi.py:992
2025-10-03 07:59:40.353 15 INFO neutron.wsgi [-] 192.168.122.100 "GET /healthcheck HTTP/1.0" status: 200 len: 137 time: 0.0025840
2025-10-03 07:59:42.354 17 DEBUG neutron.wsgi [-] (17) accepted ('192.168.122.100', 58686) server /usr/lib/python3.9/site-packages/eventlet/wsgi.py:992
2025-10-03 07:59:42.359 17 INFO neutron.wsgi [-] 192.168.122.100 "GET /healthcheck HTTP/1.0" status: 200 len: 137 time: 0.0027976
2025-10-03 07:59:44.360 17 DEBUG neutron.wsgi [-] (17) accepted ('192.168.122.100', 58700) server /usr/lib/python3.9/site-packages/eventlet/wsgi.py:992
2025-10-03 07:59:44.364 17 INFO neutron.wsgi [-] 192.168.122.100 "GET /healthcheck HTTP/1.0" status: 200 len: 137 time: 0.0025136
2025-10-03 07:59:46.365 15 DEBUG neutron.wsgi [-] (15) accepted ('192.168.122.100', 58712) server /usr/lib/python3.9/site-packages/eventlet/wsgi.py:992
2025-10-03 07:59:46.369 15 INFO neutron.wsgi [-] 192.168.122.100 "GET /healthcheck HTTP/1.0" status: 200 len: 137 time: 0.0025973
2025-10-03 07:59:48.358 23 DEBUG neutron_lib.callbacks.manager [req-8ba98b4e-dffb-4a67-8bd3-356ec49bb191 - - - - -] Notify callbacks ['neutron.services.segments.db._update_segment_host_mapping_for_agent-8789093116766', 'neutron.plugins.ml2.plugin.Ml2Plugin._retry_binding_revived_agents-660120'] for agent, after_update _notify_loop /usr/lib/python3.9/site-packages/neutron_lib/callbacks/manager.py:200
2025-10-03 07:59:48.370 17 DEBUG neutron.wsgi [-] (17) accepted ('192.168.122.100', 39694) server /usr/lib/python3.9/site-packages/eventlet/wsgi.py:992
2025-10-03 07:59:48.373 17 INFO neutron.wsgi [-] 192.168.122.100 "GET /healthcheck HTTP/1.0" status: 200 len: 137 time: 0.0018446
2025-10-03 07:59:48.597 22 DEBUG neutron_lib.callbacks.manager [req-424edbe9-e3b0-4b10-be0d-4277124e0bf8 - - - - -] Notify callbacks ['neutron.services.segments.db._update_segment_host_mapping_for_agent-8789093116766', 'neutron.plugins.ml2.plugin.Ml2Plugin._retry_binding_revived_agents-660120'] for agent, after_update _notify_loop /usr/lib/python3.9/site-packages/neutron_lib/callbacks/manager.py:200
2025-10-03 07:59:50.374 15 DEBUG neutron.wsgi [-] (15) accepted ('192.168.122.100', 39700) server /usr/lib/python3.9/site-packages/eventlet/wsgi.py:992
2025-10-03 07:59:50.378 15 INFO neutron.wsgi [-] 192.168.122.100 "GET /healthcheck HTTP/1.0" status: 200 len: 137 time: 0.0029371
2025-10-03 07:59:52.379 15 DEBUG neutron.wsgi [-] (15) accepted ('192.168.122.100', 39706) server /usr/lib/python3.9/site-packages/eventlet/wsgi.py:992
2025-10-03 07:59:52.384 15 INFO neutron.wsgi [-] 192.168.122.100 "GET /healthcheck HTTP/1.0" status: 200 len: 137 time: 0.0030901
2025-10-03 07:59:54.229 20 DEBUG neutron_lib.callbacks.manager [req-16dfb621-051e-4751-9588-6137a4766d4d - - - - -] Notify callbacks ['neutron.services.segments.db._update_segment_host_mapping_for_agent-8789093116766', 'neutron.plugins.ml2.plugin.Ml2Plugin._retry_binding_revived_agents-660120'] for agent, after_update _notify_loop /usr/lib/python3.9/site-packages/neutron_lib/callbacks/manager.py:200
2025-10-03 07:59:54.385 15 DEBUG neutron.wsgi [-] (15) accepted ('192.168.122.100', 39712) server /usr/lib/python3.9/site-packages/eventlet/wsgi.py:992
2025-10-03 07:59:54.389 15 INFO neutron.wsgi [-] 192.168.122.100 "GET /healthcheck HTTP/1.0" status: 200 len: 137 time: 0.0024731
2025-10-03 07:59:56.391 18 DEBUG neutron.wsgi [-] (18) accepted ('192.168.122.100', 39716) server /usr/lib/python3.9/site-packages/eventlet/wsgi.py:992
2025-10-03 07:59:56.395 18 INFO neutron.wsgi [-] 192.168.122.100 "GET /healthcheck HTTP/1.0" status: 200 len: 137 time: 0.0028949
2025-10-03 07:59:58.396 17 DEBUG neutron.wsgi [-] (17) accepted ('192.168.122.100', 37690) server /usr/lib/python3.9/site-packages/eventlet/wsgi.py:992
2025-10-03 07:59:58.400 17 INFO neutron.wsgi [-] 192.168.122.100 "GET /healthcheck HTTP/1.0" status: 200 len: 137 time: 0.0026333
2025-10-03 08:00:00.401 16 DEBUG neutron.wsgi [-] (16) accepted ('192.168.122.100', 37704) server /usr/lib/python3.9/site-packages/eventlet/wsgi.py:992
2025-10-03 08:00:00.405 16 INFO neutron.wsgi [-] 192.168.122.100 "GET /healthcheck HTTP/1.0" status: 200 len: 137 time: 0.0027122
2025-10-03 08:00:02.407 18 DEBUG neutron.wsgi [-] (18) accepted ('192.168.122.100', 37716) server /usr/lib/python3.9/site-packages/eventlet/wsgi.py:992
2025-10-03 08:00:02.410 18 INFO neutron.wsgi [-] 192.168.122.100 "GET /healthcheck HTTP/1.0" status: 200 len: 137 time: 0.0015545
2025-10-03 08:00:04.411 16 DEBUG neutron.wsgi [-] (16) accepted ('192.168.122.100', 37718) server /usr/lib/python3.9/site-packages/eventlet/wsgi.py:992
2025-10-03 08:00:04.416 16 INFO neutron.wsgi [-] 192.168.122.100 "GET /healthcheck HTTP/1.0" status: 200 len: 137 time: 0.0032401
2025-10-03 08:00:06.418 15 DEBUG neutron.wsgi [-] (15) accepted ('192.168.122.100', 37724) server /usr/lib/python3.9/site-packages/eventlet/wsgi.py:992
2025-10-03 08:00:06.422 15 INFO neutron.wsgi [-] 192.168.122.100 "GET /healthcheck HTTP/1.0" status: 200 len: 137 time: 0.0019040
2025-10-03 08:00:08.423 16 DEBUG neutron.wsgi [-] (16) accepted ('192.168.122.100', 56046) server /usr/lib/python3.9/site-packages/eventlet/wsgi.py:992
2025-10-03 08:00:08.427 16 INFO neutron.wsgi [-] 192.168.122.100 "GET /healthcheck HTTP/1.0" status: 200 len: 137 time: 0.0021589
2025-10-03 08:00:10.242 17 DEBUG neutron.wsgi [-] (17) accepted ('192.168.122.100', 56058) server /usr/lib/python3.9/site-packages/eventlet/wsgi.py:992
2025-10-03 08:00:10.244 17 INFO neutron.wsgi [-] 192.168.122.100 "GET / HTTP/1.1" status: 200 len: 233 time: 0.0017536
2025-10-03 08:00:10.428 17 DEBUG neutron.wsgi [-] (17) accepted ('192.168.122.100', 56066) server /usr/lib/python3.9/site-packages/eventlet/wsgi.py:992
2025-10-03 08:00:10.432 17 INFO neutron.wsgi [-] 192.168.122.100 "GET /healthcheck HTTP/1.0" status: 200 len: 137 time: 0.0025735
2025-10-03 08:00:12.433 17 DEBUG neutron.wsgi [-] (17) accepted ('192.168.122.100', 56072) server /usr/lib/python3.9/site-packages/eventlet/wsgi.py:992
2025-10-03 08:00:12.437 17 INFO neutron.wsgi [-] 192.168.122.100 "GET /healthcheck HTTP/1.0" status: 200 len: 137 time: 0.0024693
2025-10-03 08:00:14.438 18 DEBUG neutron.wsgi [-] (18) accepted ('192.168.122.100', 56078) server /usr/lib/python3.9/site-packages/eventlet/wsgi.py:992
2025-10-03 08:00:14.440 18 INFO neutron.wsgi [-] 192.168.122.100 "GET /healthcheck HTTP/1.0" status: 200 len: 137 time: 0.0014884
2025-10-03 08:00:16.443 18 DEBUG neutron.wsgi [-] (18) accepted ('192.168.122.100', 56090) server /usr/lib/python3.9/site-packages/eventlet/wsgi.py:992
2025-10-03 08:00:16.447 18 INFO neutron.wsgi [-] 192.168.122.100 "GET /healthcheck HTTP/1.0" status: 200 len: 137 time: 0.0025980
2025-10-03 08:00:18.448 16 DEBUG neutron.wsgi [-] (16) accepted ('192.168.122.100', 39698) server /usr/lib/python3.9/site-packages/eventlet/wsgi.py:992
2025-10-03 08:00:18.451 16 INFO neutron.wsgi [-] 192.168.122.100 "GET /healthcheck HTTP/1.0" status: 200 len: 137 time: 0.0020790
2025-10-03 08:00:20.465 18 DEBUG neutron.wsgi [-] (18) accepted ('192.168.122.100', 39700) server /usr/lib/python3.9/site-packages/eventlet/wsgi.py:992
2025-10-03 08:00:20.469 18 INFO neutron.wsgi [-] 192.168.122.100 "GET /healthcheck HTTP/1.0" status: 200 len: 137 time: 0.0028868
2025-10-03 08:00:22.470 15 DEBUG neutron.wsgi [-] (15) accepted ('192.168.122.100', 39708) server /usr/lib/python3.9/site-packages/eventlet/wsgi.py:992
2025-10-03 08:00:22.473 15 INFO neutron.wsgi [-] 192.168.122.100 "GET /healthcheck HTTP/1.0" status: 200 len: 137 time: 0.0018303
2025-10-03 08:00:24.474 17 DEBUG neutron.wsgi [-] (17) accepted ('192.168.122.100', 39714) server /usr/lib/python3.9/site-packages/eventlet/wsgi.py:992
2025-10-03 08:00:24.478 17 INFO neutron.wsgi [-] 192.168.122.100 "GET /healthcheck HTTP/1.0" status: 200 len: 137 time: 0.0026076
2025-10-03 08:00:26.479 16 DEBUG neutron.wsgi [-] (16) accepted ('192.168.122.100', 39716) server /usr/lib/python3.9/site-packages/eventlet/wsgi.py:992
