2025-10-03 07:46:51.033 16 DEBUG neutron_lib.callbacks.manager [req-31da4e90-170c-473a-8aab-f5ed70338ec0 8d70fbdb448f4f80ad23b62899876656 59f741bbd2644e0eaa1829055855c7d1 - default default] Notify callbacks ['neutron.plugins.ml2.plugin.SecurityGroupServerNotifierRpcMixin.notify_sg_on_port_change-586369', 'neutron.plugins.ml2.extensions.dns_integration._create_port_in_external_dns_service-8789093001256', 'neutron.plugins.ml2.ovo_rpc._ObjectChangeHandler.handle_event-472556', 'neutron.api.rpc.agentnotifiers.dhcp_rpc_agent_api.DhcpAgentNotifyAPI._native_event_send_dhcp_notification-8116611', 'neutron.services.segments.plugin.NovaSegmentNotifier._notify_port_created_or_deleted-7935516'] for port, after_create _notify_loop /usr/lib/python3.9/site-packages/neutron_lib/callbacks/manager.py:200
2025-10-03 07:46:51.048 18 DEBUG neutron.scheduler.dhcp_agent_scheduler [req-406e1527-c16c-466a-ade4-47549e2be790 8d70fbdb448f4f80ad23b62899876656 59f741bbd2644e0eaa1829055855c7d1 - default default] Network hostable DHCP agents. Network: 4d21a74b-23c4-48e2-bceb-7e1cd0a091d5, hostable agents: [], hosted agents: [] _get_network_hostable_dhcp_agents /usr/lib/python3.9/site-packages/neutron/scheduler/dhcp_agent_scheduler.py:329
2025-10-03 07:46:51.048 18 DEBUG neutron.scheduler.base_scheduler [req-406e1527-c16c-466a-ade4-47549e2be790 8d70fbdb448f4f80ad23b62899876656 59f741bbd2644e0eaa1829055855c7d1 - default default] Resources bound (agent type, host, resource id): schedule /usr/lib/python3.9/site-packages/neutron/scheduler/base_scheduler.py:57
2025-10-03 07:46:51.048 18 WARNING neutron.api.rpc.agentnotifiers.dhcp_rpc_agent_api [req-406e1527-c16c-466a-ade4-47549e2be790 8d70fbdb448f4f80ad23b62899876656 59f741bbd2644e0eaa1829055855c7d1 - default default] Unable to schedule network 4d21a74b-23c4-48e2-bceb-7e1cd0a091d5: no agents available; will retry on subsequent port and subnet creation events.
2025-10-03 07:46:51.048 18 DEBUG neutron.api.rpc.agentnotifiers.dhcp_rpc_agent_api [req-406e1527-c16c-466a-ade4-47549e2be790 8d70fbdb448f4f80ad23b62899876656 59f741bbd2644e0eaa1829055855c7d1 - default default] Network 4d21a74b-23c4-48e2-bceb-7e1cd0a091d5 is not hosted by any dhcp agent _notify_agents /usr/lib/python3.9/site-packages/neutron/api/rpc/agentnotifiers/dhcp_rpc_agent_api.py:228
2025-10-03 07:46:51.067 18 DEBUG neutron.api.rpc.handlers.resources_rpc [req-406e1527-c16c-466a-ade4-47549e2be790 8d70fbdb448f4f80ad23b62899876656 59f741bbd2644e0eaa1829055855c7d1 - - -] Pushing event updated for resources: {'Port': ['ID=f172f8a3-6ed8-49c8-8630-f9e43a82185b,revision_number=1']} push /usr/lib/python3.9/site-packages/neutron/api/rpc/handlers/resources_rpc.py:237
2025-10-03 07:46:51.072 16 DEBUG neutron.scheduler.dhcp_agent_scheduler [req-31da4e90-170c-473a-8aab-f5ed70338ec0 8d70fbdb448f4f80ad23b62899876656 59f741bbd2644e0eaa1829055855c7d1 - default default] Network e88ab0e2-0e02-47ac-bd7b-c0bcb7e0e13e is already hosted by enough agents. _get_dhcp_agents_hosting_network /usr/lib/python3.9/site-packages/neutron/scheduler/dhcp_agent_scheduler.py:275
2025-10-03 07:46:51.075 16 DEBUG neutron.scheduler.base_scheduler [req-31da4e90-170c-473a-8aab-f5ed70338ec0 8d70fbdb448f4f80ad23b62899876656 59f741bbd2644e0eaa1829055855c7d1 - default default] Resources bound (agent type, host, resource id): schedule /usr/lib/python3.9/site-packages/neutron/scheduler/base_scheduler.py:57
2025-10-03 07:46:51.096 18 DEBUG neutron.pecan_wsgi.hooks.policy_enforcement [req-406e1527-c16c-466a-ade4-47549e2be790 8d70fbdb448f4f80ad23b62899876656 59f741bbd2644e0eaa1829055855c7d1 - default default] Attributes excluded by policy engine: ['standard_attr_id', 'network'] _exclude_attributes_by_policy /usr/lib/python3.9/site-packages/neutron/pecan_wsgi/hooks/policy_enforcement.py:259
2025-10-03 07:46:51.097 18 DEBUG neutron_lib.callbacks.manager [req-406e1527-c16c-466a-ade4-47549e2be790 8d70fbdb448f4f80ad23b62899876656 59f741bbd2644e0eaa1829055855c7d1 - default default] Notify callbacks ['neutron.notifiers.nova.Notifier._send_nova_notification-415657', 'neutron.api.rpc.agentnotifiers.dhcp_rpc_agent_api.DhcpAgentNotifyAPI._send_dhcp_notification-8116721'] for port, before_response _notify_loop /usr/lib/python3.9/site-packages/neutron_lib/callbacks/manager.py:200
2025-10-03 07:46:51.107 18 DEBUG neutron.pecan_wsgi.hooks.policy_enforcement [req-63a272d3-9ba2-450a-a7dc-d2b55d3496ed 8d70fbdb448f4f80ad23b62899876656 59f741bbd2644e0eaa1829055855c7d1 - default default] Attributes excluded by policy engine: ['standard_attr_id', 'network'] _exclude_attributes_by_policy /usr/lib/python3.9/site-packages/neutron/pecan_wsgi/hooks/policy_enforcement.py:259
2025-10-03 07:46:51.108 18 DEBUG neutron_lib.callbacks.manager [req-63a272d3-9ba2-450a-a7dc-d2b55d3496ed 8d70fbdb448f4f80ad23b62899876656 59f741bbd2644e0eaa1829055855c7d1 - default default] Notify callbacks ['neutron.notifiers.nova.Notifier._send_nova_notification-415657', 'neutron.api.rpc.agentnotifiers.dhcp_rpc_agent_api.DhcpAgentNotifyAPI._send_dhcp_notification-8116721'] for port, before_response _notify_loop /usr/lib/python3.9/site-packages/neutron_lib/callbacks/manager.py:200
2025-10-03 07:46:51.117 16 DEBUG neutron.api.rpc.handlers.resources_rpc [req-31da4e90-170c-473a-8aab-f5ed70338ec0 8d70fbdb448f4f80ad23b62899876656 59f741bbd2644e0eaa1829055855c7d1 - - -] Pushing event updated for resources: {'Port': ['ID=5babe4df-8f53-41dc-a33d-15778ab7be1d,revision_number=1']} push /usr/lib/python3.9/site-packages/neutron/api/rpc/handlers/resources_rpc.py:237
2025-10-03 07:46:51.120 16 DEBUG neutron.pecan_wsgi.hooks.policy_enforcement [req-31da4e90-170c-473a-8aab-f5ed70338ec0 8d70fbdb448f4f80ad23b62899876656 59f741bbd2644e0eaa1829055855c7d1 - default default] Attributes excluded by policy engine: ['standard_attr_id', 'network'] _exclude_attributes_by_policy /usr/lib/python3.9/site-packages/neutron/pecan_wsgi/hooks/policy_enforcement.py:259
2025-10-03 07:46:51.121 16 DEBUG neutron_lib.callbacks.manager [req-31da4e90-170c-473a-8aab-f5ed70338ec0 8d70fbdb448f4f80ad23b62899876656 59f741bbd2644e0eaa1829055855c7d1 - default default] Notify callbacks ['neutron.notifiers.nova.Notifier._send_nova_notification-415657', 'neutron.api.rpc.agentnotifiers.dhcp_rpc_agent_api.DhcpAgentNotifyAPI._send_dhcp_notification-8116721'] for port, before_response _notify_loop /usr/lib/python3.9/site-packages/neutron_lib/callbacks/manager.py:200
2025-10-03 07:46:51.128 16 DEBUG neutron.api.rpc.callbacks.version_manager [req-31da4e90-170c-473a-8aab-f5ed70338ec0 8d70fbdb448f4f80ad23b62899876656 59f741bbd2644e0eaa1829055855c7d1 - - -] Version for resource type AddressGroup changed None to 1.2 on consumer Open vSwitch agent@undercloud.ooo.test _set_version /usr/lib/python3.9/site-packages/neutron/api/rpc/callbacks/version_manager.py:113
2025-10-03 07:46:51.128 16 DEBUG neutron.api.rpc.callbacks.version_manager [req-31da4e90-170c-473a-8aab-f5ed70338ec0 8d70fbdb448f4f80ad23b62899876656 59f741bbd2644e0eaa1829055855c7d1 - - -] Version for resource type ConntrackHelper changed None to 1.0 on consumer Open vSwitch agent@undercloud.ooo.test _set_version /usr/lib/python3.9/site-packages/neutron/api/rpc/callbacks/version_manager.py:113
2025-10-03 07:46:51.128 16 DEBUG neutron.api.rpc.callbacks.version_manager [req-31da4e90-170c-473a-8aab-f5ed70338ec0 8d70fbdb448f4f80ad23b62899876656 59f741bbd2644e0eaa1829055855c7d1 - - -] Version for resource type Log changed None to 1.0 on consumer Open vSwitch agent@undercloud.ooo.test _set_version /usr/lib/python3.9/site-packages/neutron/api/rpc/callbacks/version_manager.py:113
2025-10-03 07:46:51.128 16 DEBUG neutron.api.rpc.callbacks.version_manager [req-31da4e90-170c-473a-8aab-f5ed70338ec0 8d70fbdb448f4f80ad23b62899876656 59f741bbd2644e0eaa1829055855c7d1 - - -] Version for resource type Network changed None to 1.1 on consumer Open vSwitch agent@undercloud.ooo.test _set_version /usr/lib/python3.9/site-packages/neutron/api/rpc/callbacks/version_manager.py:113
2025-10-03 07:46:51.128 16 DEBUG neutron.api.rpc.callbacks.version_manager [req-31da4e90-170c-473a-8aab-f5ed70338ec0 8d70fbdb448f4f80ad23b62899876656 59f741bbd2644e0eaa1829055855c7d1 - - -] Version for resource type Port changed None to 1.7 on consumer Open vSwitch agent@undercloud.ooo.test _set_version /usr/lib/python3.9/site-packages/neutron/api/rpc/callbacks/version_manager.py:113
2025-10-03 07:46:51.129 16 DEBUG neutron.api.rpc.callbacks.version_manager [req-31da4e90-170c-473a-8aab-f5ed70338ec0 8d70fbdb448f4f80ad23b62899876656 59f741bbd2644e0eaa1829055855c7d1 - - -] Version for resource type PortForwarding changed None to 1.2 on consumer Open vSwitch agent@undercloud.ooo.test _set_version /usr/lib/python3.9/site-packages/neutron/api/rpc/callbacks/version_manager.py:113
2025-10-03 07:46:51.129 16 DEBUG neutron.api.rpc.callbacks.version_manager [req-31da4e90-170c-473a-8aab-f5ed70338ec0 8d70fbdb448f4f80ad23b62899876656 59f741bbd2644e0eaa1829055855c7d1 - - -] Version for resource type QosPolicy changed None to 1.8 on consumer Open vSwitch agent@undercloud.ooo.test _set_version /usr/lib/python3.9/site-packages/neutron/api/rpc/callbacks/version_manager.py:113
2025-10-03 07:46:51.129 16 DEBUG neutron.api.rpc.callbacks.version_manager [req-31da4e90-170c-473a-8aab-f5ed70338ec0 8d70fbdb448f4f80ad23b62899876656 59f741bbd2644e0eaa1829055855c7d1 - - -] Version for resource type SecurityGroup changed None to 1.5 on consumer Open vSwitch agent@undercloud.ooo.test _set_version /usr/lib/python3.9/site-packages/neutron/api/rpc/callbacks/version_manager.py:113
2025-10-03 07:46:51.129 16 DEBUG neutron.api.rpc.callbacks.version_manager [req-31da4e90-170c-473a-8aab-f5ed70338ec0 8d70fbdb448f4f80ad23b62899876656 59f741bbd2644e0eaa1829055855c7d1 - - -] Version for resource type SecurityGroupRule changed None to 1.2 on consumer Open vSwitch agent@undercloud.ooo.test _set_version /usr/lib/python3.9/site-packages/neutron/api/rpc/callbacks/version_manager.py:113
2025-10-03 07:46:51.129 16 DEBUG neutron.api.rpc.callbacks.version_manager [req-31da4e90-170c-473a-8aab-f5ed70338ec0 8d70fbdb448f4f80ad23b62899876656 59f741bbd2644e0eaa1829055855c7d1 - - -] Version for resource type SubPort changed None to 1.0 on consumer Open vSwitch agent@undercloud.ooo.test _set_version /usr/lib/python3.9/site-packages/neutron/api/rpc/callbacks/version_manager.py:113
2025-10-03 07:46:51.129 16 DEBUG neutron.api.rpc.callbacks.version_manager [req-31da4e90-170c-473a-8aab-f5ed70338ec0 8d70fbdb448f4f80ad23b62899876656 59f741bbd2644e0eaa1829055855c7d1 - - -] Version for resource type Subnet changed None to 1.1 on consumer Open vSwitch agent@undercloud.ooo.test _set_version /usr/lib/python3.9/site-packages/neutron/api/rpc/callbacks/version_manager.py:113
2025-10-03 07:46:51.129 16 DEBUG neutron.api.rpc.callbacks.version_manager [req-31da4e90-170c-473a-8aab-f5ed70338ec0 8d70fbdb448f4f80ad23b62899876656 59f741bbd2644e0eaa1829055855c7d1 - - -] Version for resource type Trunk changed None to 1.1 on consumer Open vSwitch agent@undercloud.ooo.test _set_version /usr/lib/python3.9/site-packages/neutron/api/rpc/callbacks/version_manager.py:113
2025-10-03 07:46:51.130 16 DEBUG neutron.api.rpc.callbacks.version_manager [req-31da4e90-170c-473a-8aab-f5ed70338ec0 8d70fbdb448f4f80ad23b62899876656 59f741bbd2644e0eaa1829055855c7d1 - - -] Tracked resource versions report: pushed versions: { 'AddressGroup': {'1.2'}, 'ConntrackHelper': {'1.0'}, 'Log': {'1.0'}, 'Network': {'1.1'}, 'Port': {'1.7'}, 'PortForwarding': {'1.2'}, 'QosPolicy': {'1.8'}, 'SecurityGroup': {'1.5'}, 'SecurityGroupRule': {'1.2'}, 'SubPort': {'1.0'}, 'Subnet': {'1.1'}, 'Trunk': {'1.1'}} consumer versions: { DHCP agent@undercloud.ooo.test: {}, L3 agent@undercloud.ooo.test: {}, Open vSwitch agent@undercloud.ooo.test: { 'AddressGroup': '1.2', 'ConntrackHelper': '1.0', 'Log': '1.0', 'Network': '1.1', 'Port': '1.7', 'PortForwarding': '1.2', 'QosPolicy': '1.8', 'SecurityGroup': '1.5', 'SecurityGroupRule': '1.2', 'SubPort': '1.0', 'Subnet': '1.1', 'Trunk': '1.1'}} report /usr/lib/python3.9/site-packages/neutron/api/rpc/callbacks/version_manager.py:175
2025-10-03 07:46:51.130 18 INFO neutron.wsgi [req-406e1527-c16c-466a-ade4-47549e2be790 8d70fbdb448f4f80ad23b62899876656 59f741bbd2644e0eaa1829055855c7d1 - default default] 192.168.122.99,192.168.122.100 "POST /v2.0/ports HTTP/1.1" status: 201 len: 1151 time: 0.7599449
2025-10-03 07:46:51.135 18 INFO neutron.wsgi [req-63a272d3-9ba2-450a-a7dc-d2b55d3496ed 8d70fbdb448f4f80ad23b62899876656 59f741bbd2644e0eaa1829055855c7d1 - default default] 192.168.122.99,192.168.122.100 "POST /v2.0/ports HTTP/1.1" status: 201 len: 1155 time: 0.7705307
2025-10-03 07:46:51.141 18 DEBUG neutron.services.tag.tag_plugin [req-f59d6865-d261-4c2a-b2b7-8b8c6357708a 8d70fbdb448f4f80ad23b62899876656 59f741bbd2644e0eaa1829055855c7d1 - default default] neutron.services.tag.tag_plugin.TagPlugin method update_tags called with arguments (, 'ports', 'f172f8a3-6ed8-49c8-8630-f9e43a82185b', {'tags': ['tripleo_stack_name=overcloud', 'tripleo_vip_net=external']}) {} wrapper /usr/lib/python3.9/site-packages/oslo_log/helpers.py:65
2025-10-03 07:46:51.142 16 INFO neutron.wsgi [req-31da4e90-170c-473a-8aab-f5ed70338ec0 8d70fbdb448f4f80ad23b62899876656 59f741bbd2644e0eaa1829055855c7d1 - default default] 192.168.122.99,192.168.122.100 "POST /v2.0/ports HTTP/1.1" status: 201 len: 1155 time: 0.5869031
2025-10-03 07:46:51.151 15 DEBUG neutron.services.tag.tag_plugin [req-14141d4b-bfe9-4ec4-962b-05ef5434f73b 8d70fbdb448f4f80ad23b62899876656 59f741bbd2644e0eaa1829055855c7d1 - default default] neutron.services.tag.tag_plugin.TagPlugin method update_tags called with arguments (, 'ports', '5babe4df-8f53-41dc-a33d-15778ab7be1d', {'tags': ['tripleo_stack_name=overcloud', 'tripleo_vip_net=ctlplane']}) {} wrapper /usr/lib/python3.9/site-packages/oslo_log/helpers.py:65
2025-10-03 07:46:51.169 18 DEBUG neutron.services.tag.tag_plugin [req-5f631283-ad2f-416a-beed-7b6717da5e42 8d70fbdb448f4f80ad23b62899876656 59f741bbd2644e0eaa1829055855c7d1 - default default] neutron.services.tag.tag_plugin.TagPlugin method update_tags called with arguments (, 'ports', '68119feb-4b17-45a7-a289-0a3bedce2f1a', {'tags': ['tripleo_stack_name=overcloud', 'tripleo_vip_net=storage_mgmt']}) {} wrapper /usr/lib/python3.9/site-packages/oslo_log/helpers.py:65
2025-10-03 07:46:51.229 15 INFO neutron.wsgi [req-14141d4b-bfe9-4ec4-962b-05ef5434f73b 8d70fbdb448f4f80ad23b62899876656 59f741bbd2644e0eaa1829055855c7d1 - default default] 192.168.122.99,192.168.122.100 "PUT /v2.0/ports/5babe4df-8f53-41dc-a33d-15778ab7be1d/tags HTTP/1.1" status: 200 len: 244 time: 0.0816319
2025-10-03 07:46:51.241 18 INFO neutron.wsgi [req-f59d6865-d261-4c2a-b2b7-8b8c6357708a 8d70fbdb448f4f80ad23b62899876656 59f741bbd2644e0eaa1829055855c7d1 - default default] 192.168.122.99,192.168.122.100 "PUT /v2.0/ports/f172f8a3-6ed8-49c8-8630-f9e43a82185b/tags HTTP/1.1" status: 200 len: 244 time: 0.1046739
2025-10-03 07:46:51.243 18 INFO neutron.wsgi [req-5f631283-ad2f-416a-beed-7b6717da5e42 8d70fbdb448f4f80ad23b62899876656 59f741bbd2644e0eaa1829055855c7d1 - default default] 192.168.122.99,192.168.122.100 "PUT /v2.0/ports/68119feb-4b17-45a7-a289-0a3bedce2f1a/tags HTTP/1.1" status: 200 len: 248 time: 0.0800891
2025-10-03 07:46:51.303 18 DEBUG neutron.pecan_wsgi.hooks.policy_enforcement [req-8cc42809-4dd5-464c-85a3-a80e56fa1d06 8d70fbdb448f4f80ad23b62899876656 59f741bbd2644e0eaa1829055855c7d1 - default default] Attributes excluded by policy engine: ['standard_attr_id'] _exclude_attributes_by_policy /usr/lib/python3.9/site-packages/neutron/pecan_wsgi/hooks/policy_enforcement.py:259
2025-10-03 07:46:51.304 18 DEBUG neutron.pecan_wsgi.hooks.policy_enforcement [req-8cc42809-4dd5-464c-85a3-a80e56fa1d06 8d70fbdb448f4f80ad23b62899876656 59f741bbd2644e0eaa1829055855c7d1 - default default] Attributes excluded by policy engine: ['standard_attr_id'] _exclude_attributes_by_policy /usr/lib/python3.9/site-packages/neutron/pecan_wsgi/hooks/policy_enforcement.py:259
2025-10-03 07:46:51.304 18 DEBUG neutron.pecan_wsgi.hooks.policy_enforcement [req-8cc42809-4dd5-464c-85a3-a80e56fa1d06 8d70fbdb448f4f80ad23b62899876656 59f741bbd2644e0eaa1829055855c7d1 - default default] Attributes excluded by policy engine: ['standard_attr_id'] _exclude_attributes_by_policy /usr/lib/python3.9/site-packages/neutron/pecan_wsgi/hooks/policy_enforcement.py:259
2025-10-03 07:46:51.304 18 DEBUG neutron.pecan_wsgi.hooks.policy_enforcement [req-8cc42809-4dd5-464c-85a3-a80e56fa1d06 8d70fbdb448f4f80ad23b62899876656 59f741bbd2644e0eaa1829055855c7d1 - default default] Attributes excluded by policy engine: ['standard_attr_id'] _exclude_attributes_by_policy /usr/lib/python3.9/site-packages/neutron/pecan_wsgi/hooks/policy_enforcement.py:259
2025-10-03 07:46:51.305 18 DEBUG neutron.pecan_wsgi.hooks.policy_enforcement [req-8cc42809-4dd5-464c-85a3-a80e56fa1d06 8d70fbdb448f4f80ad23b62899876656 59f741bbd2644e0eaa1829055855c7d1 - default default] Attributes excluded by policy engine: ['standard_attr_id'] _exclude_attributes_by_policy /usr/lib/python3.9/site-packages/neutron/pecan_wsgi/hooks/policy_enforcement.py:259
2025-10-03 07:46:51.306 18 INFO neutron.wsgi [req-8cc42809-4dd5-464c-85a3-a80e56fa1d06 8d70fbdb448f4f80ad23b62899876656 59f741bbd2644e0eaa1829055855c7d1 - default default] 192.168.122.99,192.168.122.100 "GET /v2.0/ports?tags=tripleo_stack_name%3Dovercloud HTTP/1.1" status: 200 len: 5305 time: 0.0579069
2025-10-03 07:46:51.499 22 DEBUG neutron.db.provisioning_blocks [req-d99b9697-3810-43bf-8965-f16e8d529c8a - - - - -] Provisioning for port 5babe4df-8f53-41dc-a33d-15778ab7be1d completed by entity DHCP. provisioning_complete /usr/lib/python3.9/site-packages/neutron/db/provisioning_blocks.py:134
2025-10-03 07:46:51.502 22 DEBUG neutron.db.provisioning_blocks [req-d99b9697-3810-43bf-8965-f16e8d529c8a - - - - -] Provisioning complete for port 5babe4df-8f53-41dc-a33d-15778ab7be1d triggered by entity DHCP. provisioning_complete /usr/lib/python3.9/site-packages/neutron/db/provisioning_blocks.py:140
2025-10-03 07:46:51.503 22 DEBUG neutron_lib.callbacks.manager [req-d99b9697-3810-43bf-8965-f16e8d529c8a - - - - -] Notify callbacks ['neutron.plugins.ml2.plugin.Ml2Plugin._port_provisioned-667002'] for port, provisioning_complete _notify_loop /usr/lib/python3.9/site-packages/neutron_lib/callbacks/manager.py:200
2025-10-03 07:46:51.503 22 INFO neutron.plugins.ml2.plugin [req-d99b9697-3810-43bf-8965-f16e8d529c8a - - - - -] Attempt 1 to provision port 5babe4df-8f53-41dc-a33d-15778ab7be1d
2025-10-03 07:46:51.530 22 DEBUG neutron.plugins.ml2.plugin [req-d99b9697-3810-43bf-8965-f16e8d529c8a - - - - -] Port 5babe4df-8f53-41dc-a33d-15778ab7be1d cannot update to ACTIVE because it is not bound. _port_provisioned /usr/lib/python3.9/site-packages/neutron/plugins/ml2/plugin.py:353
2025-10-03 07:46:52.446 16 DEBUG neutron.wsgi [-] (16) accepted ('192.168.122.100', 49534) server /usr/lib/python3.9/site-packages/eventlet/wsgi.py:992
2025-10-03 07:46:52.450 16 INFO neutron.wsgi [-] 192.168.122.100 "GET /healthcheck HTTP/1.0" status: 200 len: 137 time: 0.0025885
2025-10-03 07:46:52.625 16 DEBUG neutron.wsgi [-] (16) accepted ('192.168.122.100', 49544) server /usr/lib/python3.9/site-packages/eventlet/wsgi.py:992
2025-10-03 07:46:53.127 16 DEBUG neutron.pecan_wsgi.hooks.policy_enforcement [req-9afe8f60-c78b-4bc7-824c-20ef404cd575 8d70fbdb448f4f80ad23b62899876656 59f741bbd2644e0eaa1829055855c7d1 - default default] Attributes excluded by policy engine: ['standard_attr_id', 'vlan_transparent'] _exclude_attributes_by_policy /usr/lib/python3.9/site-packages/neutron/pecan_wsgi/hooks/policy_enforcement.py:259
2025-10-03 07:46:53.129 16 DEBUG neutron.pecan_wsgi.hooks.policy_enforcement [req-9afe8f60-c78b-4bc7-824c-20ef404cd575 8d70fbdb448f4f80ad23b62899876656 59f741bbd2644e0eaa1829055855c7d1 - default default] Attributes excluded by policy engine: ['standard_attr_id', 'vlan_transparent'] _exclude_attributes_by_policy /usr/lib/python3.9/site-packages/neutron/pecan_wsgi/hooks/policy_enforcement.py:259
2025-10-03 07:46:53.129 16 DEBUG neutron.pecan_wsgi.hooks.policy_enforcement [req-9afe8f60-c78b-4bc7-824c-20ef404cd575 8d70fbdb448f4f80ad23b62899876656 59f741bbd2644e0eaa1829055855c7d1 - default default] Attributes excluded by policy engine: ['standard_attr_id', 'vlan_transparent'] _exclude_attributes_by_policy /usr/lib/python3.9/site-packages/neutron/pecan_wsgi/hooks/policy_enforcement.py:259
2025-10-03 07:46:53.129 16 DEBUG neutron.pecan_wsgi.hooks.policy_enforcement [req-9afe8f60-c78b-4bc7-824c-20ef404cd575 8d70fbdb448f4f80ad23b62899876656 59f741bbd2644e0eaa1829055855c7d1 - default default] Attributes excluded by policy engine: ['standard_attr_id', 'vlan_transparent'] _exclude_attributes_by_policy /usr/lib/python3.9/site-packages/neutron/pecan_wsgi/hooks/policy_enforcement.py:259
2025-10-03 07:46:53.130 16 DEBUG neutron.pecan_wsgi.hooks.policy_enforcement [req-9afe8f60-c78b-4bc7-824c-20ef404cd575 8d70fbdb448f4f80ad23b62899876656 59f741bbd2644e0eaa1829055855c7d1 - default default] Attributes excluded by policy engine: ['standard_attr_id', 'vlan_transparent'] _exclude_attributes_by_policy /usr/lib/python3.9/site-packages/neutron/pecan_wsgi/hooks/policy_enforcement.py:259
2025-10-03 07:46:53.130 16 DEBUG neutron.pecan_wsgi.hooks.policy_enforcement [req-9afe8f60-c78b-4bc7-824c-20ef404cd575 8d70fbdb448f4f80ad23b62899876656 59f741bbd2644e0eaa1829055855c7d1 - default default] Attributes excluded by policy engine: ['standard_attr_id', 'vlan_transparent'] _exclude_attributes_by_policy /usr/lib/python3.9/site-packages/neutron/pecan_wsgi/hooks/policy_enforcement.py:259
2025-10-03 07:46:53.131 16 INFO neutron.wsgi [req-9afe8f60-c78b-4bc7-824c-20ef404cd575 8d70fbdb448f4f80ad23b62899876656 59f741bbd2644e0eaa1829055855c7d1 - default default] 192.168.122.99,192.168.122.100 "GET /v2.0/networks HTTP/1.1" status: 200 len: 5131 time: 0.5049262
2025-10-03 07:46:53.170 16 DEBUG neutron.pecan_wsgi.hooks.policy_enforcement [req-ae2e3acd-c3ca-4eea-beec-447671d8e294 8d70fbdb448f4f80ad23b62899876656 59f741bbd2644e0eaa1829055855c7d1 - default default] Attributes excluded by policy engine: ['standard_attr_id', 'shared'] _exclude_attributes_by_policy /usr/lib/python3.9/site-packages/neutron/pecan_wsgi/hooks/policy_enforcement.py:259
2025-10-03 07:46:53.171 16 INFO neutron.wsgi [req-ae2e3acd-c3ca-4eea-beec-447671d8e294 8d70fbdb448f4f80ad23b62899876656 59f741bbd2644e0eaa1829055855c7d1 - default default] 192.168.122.99,192.168.122.100 "GET /v2.0/subnets?network_id=005bbf0c-4eba-41a4-bb3f-5bc56193a4e3 HTTP/1.1" status: 200 len: 861 time: 0.0345933
2025-10-03 07:46:53.202 16 DEBUG neutron.pecan_wsgi.hooks.policy_enforcement [req-fe254937-6180-41d2-bb88-fd4a8c6bbb9c 8d70fbdb448f4f80ad23b62899876656 59f741bbd2644e0eaa1829055855c7d1 - default default] Attributes excluded by policy engine: ['standard_attr_id', 'shared'] _exclude_attributes_by_policy /usr/lib/python3.9/site-packages/neutron/pecan_wsgi/hooks/policy_enforcement.py:259
2025-10-03 07:46:53.203 16 INFO neutron.wsgi [req-fe254937-6180-41d2-bb88-fd4a8c6bbb9c 8d70fbdb448f4f80ad23b62899876656 59f741bbd2644e0eaa1829055855c7d1 - default default] 192.168.122.99,192.168.122.100 "GET /v2.0/subnets?network_id=4d21a74b-23c4-48e2-bceb-7e1cd0a091d5 HTTP/1.1" status: 200 len: 863 time: 0.0249772
2025-10-03 07:46:53.244 16 DEBUG neutron.pecan_wsgi.hooks.policy_enforcement [req-382e7663-4379-47a1-bbc8-39c29dba60d1 8d70fbdb448f4f80ad23b62899876656 59f741bbd2644e0eaa1829055855c7d1 - default default] Attributes excluded by policy engine: ['standard_attr_id', 'shared'] _exclude_attributes_by_policy /usr/lib/python3.9/site-packages/neutron/pecan_wsgi/hooks/policy_enforcement.py:259
2025-10-03 07:46:53.246 16 INFO neutron.wsgi [req-382e7663-4379-47a1-bbc8-39c29dba60d1 8d70fbdb448f4f80ad23b62899876656 59f741bbd2644e0eaa1829055855c7d1 - default default] 192.168.122.99,192.168.122.100 "GET /v2.0/subnets?network_id=ac011c55-b6a7-47ea-8cbd-e23ebd4a99de HTTP/1.1" status: 200 len: 862 time: 0.0370145
2025-10-03 07:46:53.295 16 DEBUG neutron.pecan_wsgi.hooks.policy_enforcement [req-1f0ebf3a-32b5-4eb6-a8ae-5959e660f80a 8d70fbdb448f4f80ad23b62899876656 59f741bbd2644e0eaa1829055855c7d1 - default default] Attributes excluded by policy engine: ['standard_attr_id', 'shared'] _exclude_attributes_by_policy /usr/lib/python3.9/site-packages/neutron/pecan_wsgi/hooks/policy_enforcement.py:259
2025-10-03 07:46:53.296 16 INFO neutron.wsgi [req-1f0ebf3a-32b5-4eb6-a8ae-5959e660f80a 8d70fbdb448f4f80ad23b62899876656 59f741bbd2644e0eaa1829055855c7d1 - default default] 192.168.122.99,192.168.122.100 "GET /v2.0/subnets?network_id=b32bca2f-1027-468f-aa41-7b7a8b19330a HTTP/1.1" status: 200 len: 867 time: 0.0435071
2025-10-03 07:46:53.333 16 DEBUG neutron.pecan_wsgi.hooks.policy_enforcement [req-8199d72d-7e55-4dd2-92c9-38160566ea67 8d70fbdb448f4f80ad23b62899876656 59f741bbd2644e0eaa1829055855c7d1 - default default] Attributes excluded by policy engine: ['standard_attr_id', 'shared'] _exclude_attributes_by_policy /usr/lib/python3.9/site-packages/neutron/pecan_wsgi/hooks/policy_enforcement.py:259
2025-10-03 07:46:53.334 16 INFO neutron.wsgi [req-8199d72d-7e55-4dd2-92c9-38160566ea67 8d70fbdb448f4f80ad23b62899876656 59f741bbd2644e0eaa1829055855c7d1 - default default] 192.168.122.99,192.168.122.100 "GET /v2.0/subnets?network_id=cc697f13-0ace-4bfe-af90-8e3263a1cf7e HTTP/1.1" status: 200 len: 867 time: 0.0317194
2025-10-03 07:46:53.372 16 DEBUG neutron.pecan_wsgi.hooks.policy_enforcement [req-d95d4663-76b3-4d58-acdf-d723e035498d 8d70fbdb448f4f80ad23b62899876656 59f741bbd2644e0eaa1829055855c7d1 - default default] Attributes excluded by policy engine: ['standard_attr_id', 'shared'] _exclude_attributes_by_policy /usr/lib/python3.9/site-packages/neutron/pecan_wsgi/hooks/policy_enforcement.py:259
2025-10-03 07:46:53.373 16 INFO neutron.wsgi [req-d95d4663-76b3-4d58-acdf-d723e035498d 8d70fbdb448f4f80ad23b62899876656 59f741bbd2644e0eaa1829055855c7d1 - default default] 192.168.122.99,192.168.122.100 "GET /v2.0/subnets?network_id=e88ab0e2-0e02-47ac-bd7b-c0bcb7e0e13e HTTP/1.1" status: 200 len: 845 time: 0.0336936
2025-10-03 07:46:53.470 16 DEBUG neutron.pecan_wsgi.hooks.policy_enforcement [req-69b1a1c5-f20f-4841-bd4f-77b5e9e16ded 8d70fbdb448f4f80ad23b62899876656 59f741bbd2644e0eaa1829055855c7d1 - default default] Attributes excluded by policy engine: ['standard_attr_id', 'vlan_transparent'] _exclude_attributes_by_policy /usr/lib/python3.9/site-packages/neutron/pecan_wsgi/hooks/policy_enforcement.py:259
2025-10-03 07:46:53.470 16 DEBUG neutron.pecan_wsgi.hooks.policy_enforcement [req-69b1a1c5-f20f-4841-bd4f-77b5e9e16ded 8d70fbdb448f4f80ad23b62899876656 59f741bbd2644e0eaa1829055855c7d1 - default default] Attributes excluded by policy engine: ['standard_attr_id', 'vlan_transparent'] _exclude_attributes_by_policy /usr/lib/python3.9/site-packages/neutron/pecan_wsgi/hooks/policy_enforcement.py:259
2025-10-03 07:46:53.470 16 DEBUG neutron.pecan_wsgi.hooks.policy_enforcement [req-69b1a1c5-f20f-4841-bd4f-77b5e9e16ded 8d70fbdb448f4f80ad23b62899876656 59f741bbd2644e0eaa1829055855c7d1 - default default] Attributes excluded by policy engine: ['standard_attr_id', 'vlan_transparent'] _exclude_attributes_by_policy /usr/lib/python3.9/site-packages/neutron/pecan_wsgi/hooks/policy_enforcement.py:259
2025-10-03 07:46:53.471 16 DEBUG neutron.pecan_wsgi.hooks.policy_enforcement [req-69b1a1c5-f20f-4841-bd4f-77b5e9e16ded 8d70fbdb448f4f80ad23b62899876656 59f741bbd2644e0eaa1829055855c7d1 - default default] Attributes excluded by policy engine: ['standard_attr_id', 'vlan_transparent'] _exclude_attributes_by_policy /usr/lib/python3.9/site-packages/neutron/pecan_wsgi/hooks/policy_enforcement.py:259
2025-10-03 07:46:53.471 16 DEBUG neutron.pecan_wsgi.hooks.policy_enforcement [req-69b1a1c5-f20f-4841-bd4f-77b5e9e16ded 8d70fbdb448f4f80ad23b62899876656 59f741bbd2644e0eaa1829055855c7d1 - default default] Attributes excluded by policy engine: ['standard_attr_id', 'vlan_transparent'] _exclude_attributes_by_policy /usr/lib/python3.9/site-packages/neutron/pecan_wsgi/hooks/policy_enforcement.py:259
2025-10-03 07:46:53.471 16 DEBUG neutron.pecan_wsgi.hooks.policy_enforcement [req-69b1a1c5-f20f-4841-bd4f-77b5e9e16ded 8d70fbdb448f4f80ad23b62899876656 59f741bbd2644e0eaa1829055855c7d1 - default default] Attributes excluded by policy engine: ['standard_attr_id', 'vlan_transparent'] _exclude_attributes_by_policy /usr/lib/python3.9/site-packages/neutron/pecan_wsgi/hooks/policy_enforcement.py:259
2025-10-03 07:46:53.472 16 INFO neutron.wsgi [req-69b1a1c5-f20f-4841-bd4f-77b5e9e16ded 8d70fbdb448f4f80ad23b62899876656 59f741bbd2644e0eaa1829055855c7d1 - default default] 192.168.122.99,192.168.122.100 "GET /v2.0/networks HTTP/1.1" status: 200 len: 5131 time: 0.0941250
2025-10-03 07:46:53.543 16 DEBUG neutron.pecan_wsgi.hooks.policy_enforcement [req-6af05511-6cec-4c50-aca5-b1b68e5193ef 8d70fbdb448f4f80ad23b62899876656 59f741bbd2644e0eaa1829055855c7d1 - default default] Attributes excluded by policy engine: ['standard_attr_id'] _exclude_attributes_by_policy /usr/lib/python3.9/site-packages/neutron/pecan_wsgi/hooks/policy_enforcement.py:259
2025-10-03 07:46:53.545 16 INFO neutron.wsgi [req-6af05511-6cec-4c50-aca5-b1b68e5193ef 8d70fbdb448f4f80ad23b62899876656 59f741bbd2644e0eaa1829055855c7d1 - default default] 192.168.122.99,192.168.122.100 "GET /v2.0/ports?network_id=cc697f13-0ace-4bfe-af90-8e3263a1cf7e&tags=tripleo_stack_name%3Dovercloud&tags=tripleo_vip_net%3Dinternal_api HTTP/1.1" status: 200 len: 1215 time: 0.0603495
2025-10-03 07:46:53.587 16 DEBUG neutron.pecan_wsgi.hooks.policy_enforcement [req-43b6f223-f377-4d9d-acac-d8ae31025ec4 8d70fbdb448f4f80ad23b62899876656 59f741bbd2644e0eaa1829055855c7d1 - default default] Attributes excluded by policy engine: ['standard_attr_id', 'shared'] _exclude_attributes_by_policy /usr/lib/python3.9/site-packages/neutron/pecan_wsgi/hooks/policy_enforcement.py:259
2025-10-03 07:46:53.588 16 INFO neutron.wsgi [req-43b6f223-f377-4d9d-acac-d8ae31025ec4 8d70fbdb448f4f80ad23b62899876656 59f741bbd2644e0eaa1829055855c7d1 - default default] 192.168.122.99,192.168.122.100 "GET /v2.0/subnets/f5d34f91-c083-406b-95c3-07b2d2da998a HTTP/1.1" status: 200 len: 864 time: 0.0374711
2025-10-03 07:46:53.639 16 DEBUG neutron.pecan_wsgi.hooks.policy_enforcement [req-d5f2d56b-7039-4192-9ce7-e97d42336af6 8d70fbdb448f4f80ad23b62899876656 59f741bbd2644e0eaa1829055855c7d1 - default default] Attributes excluded by policy engine: ['standard_attr_id'] _exclude_attributes_by_policy /usr/lib/python3.9/site-packages/neutron/pecan_wsgi/hooks/policy_enforcement.py:259
2025-10-03 07:46:53.640 16 INFO neutron.wsgi [req-d5f2d56b-7039-4192-9ce7-e97d42336af6 8d70fbdb448f4f80ad23b62899876656 59f741bbd2644e0eaa1829055855c7d1 - default default] 192.168.122.99,192.168.122.100 "GET /v2.0/ports?network_id=ac011c55-b6a7-47ea-8cbd-e23ebd4a99de&tags=tripleo_stack_name%3Dovercloud&tags=tripleo_vip_net%3Dstorage HTTP/1.1" status: 200 len: 1205 time: 0.0472798
2025-10-03 07:46:53.672 16 DEBUG neutron.pecan_wsgi.hooks.policy_enforcement [req-ddfea0b1-20f6-4d8c-a37b-6c6d288e998b 8d70fbdb448f4f80ad23b62899876656 59f741bbd2644e0eaa1829055855c7d1 - default default] Attributes excluded by policy engine: ['standard_attr_id', 'shared'] _exclude_attributes_by_policy /usr/lib/python3.9/site-packages/neutron/pecan_wsgi/hooks/policy_enforcement.py:259
2025-10-03 07:46:53.673 16 INFO neutron.wsgi [req-ddfea0b1-20f6-4d8c-a37b-6c6d288e998b 8d70fbdb448f4f80ad23b62899876656 59f741bbd2644e0eaa1829055855c7d1 - default default] 192.168.122.99,192.168.122.100 "GET /v2.0/subnets/4df3f3c2-415b-4d70-a30c-020fafd82b86 HTTP/1.1" status: 200 len: 859 time: 0.0272827
2025-10-03 07:46:53.717 16 DEBUG neutron.pecan_wsgi.hooks.policy_enforcement [req-934931c9-5299-4f22-8e63-1ba8653bb310 8d70fbdb448f4f80ad23b62899876656 59f741bbd2644e0eaa1829055855c7d1 - default default] Attributes excluded by policy engine: ['standard_attr_id'] _exclude_attributes_by_policy /usr/lib/python3.9/site-packages/neutron/pecan_wsgi/hooks/policy_enforcement.py:259
2025-10-03 07:46:53.718 16 INFO neutron.wsgi [req-934931c9-5299-4f22-8e63-1ba8653bb310 8d70fbdb448f4f80ad23b62899876656 59f741bbd2644e0eaa1829055855c7d1 - default default] 192.168.122.99,192.168.122.100 "GET /v2.0/ports?network_id=b32bca2f-1027-468f-aa41-7b7a8b19330a&tags=tripleo_stack_name%3Dovercloud&tags=tripleo_vip_net%3Dstorage_mgmt HTTP/1.1" status: 200 len: 1215 time: 0.0409710
2025-10-03 07:46:53.750 16 DEBUG neutron.pecan_wsgi.hooks.policy_enforcement [req-c516dcff-be3e-47d4-9b6f-1d4fa2c4043f 8d70fbdb448f4f80ad23b62899876656 59f741bbd2644e0eaa1829055855c7d1 - default default] Attributes excluded by policy engine: ['standard_attr_id', 'shared'] _exclude_attributes_by_policy /usr/lib/python3.9/site-packages/neutron/pecan_wsgi/hooks/policy_enforcement.py:259
2025-10-03 07:46:53.751 16 INFO neutron.wsgi [req-c516dcff-be3e-47d4-9b6f-1d4fa2c4043f 8d70fbdb448f4f80ad23b62899876656 59f741bbd2644e0eaa1829055855c7d1 - default default] 192.168.122.99,192.168.122.100 "GET /v2.0/subnets/ce7acb25-6c17-4122-ac2c-b207b28830bc HTTP/1.1" status: 200 len: 864 time: 0.0271962
2025-10-03 07:46:53.797 16 DEBUG neutron.pecan_wsgi.hooks.policy_enforcement [req-05800829-2436-4f21-a02c-d900d87a88fe 8d70fbdb448f4f80ad23b62899876656 59f741bbd2644e0eaa1829055855c7d1 - default default] Attributes excluded by policy engine: ['standard_attr_id'] _exclude_attributes_by_policy /usr/lib/python3.9/site-packages/neutron/pecan_wsgi/hooks/policy_enforcement.py:259
2025-10-03 07:46:53.798 16 INFO neutron.wsgi [req-05800829-2436-4f21-a02c-d900d87a88fe 8d70fbdb448f4f80ad23b62899876656 59f741bbd2644e0eaa1829055855c7d1 - default default] 192.168.122.99,192.168.122.100 "GET /v2.0/ports?network_id=4d21a74b-23c4-48e2-bceb-7e1cd0a091d5&tags=tripleo_stack_name%3Dovercloud&tags=tripleo_vip_net%3Dexternal HTTP/1.1" status: 200 len: 1207 time: 0.0419688
2025-10-03 07:46:53.843 16 DEBUG neutron.pecan_wsgi.hooks.policy_enforcement [req-07e183d4-881b-414f-ba6f-f46a702a70b2 8d70fbdb448f4f80ad23b62899876656 59f741bbd2644e0eaa1829055855c7d1 - default default] Attributes excluded by policy engine: ['standard_attr_id', 'shared'] _exclude_attributes_by_policy /usr/lib/python3.9/site-packages/neutron/pecan_wsgi/hooks/policy_enforcement.py:259
2025-10-03 07:46:53.845 16 INFO neutron.wsgi [req-07e183d4-881b-414f-ba6f-f46a702a70b2 8d70fbdb448f4f80ad23b62899876656 59f741bbd2644e0eaa1829055855c7d1 - default default] 192.168.122.99,192.168.122.100 "GET /v2.0/subnets/615bf513-132b-4c23-a8dc-0230c24d7b8e HTTP/1.1" status: 200 len: 860 time: 0.0414741
2025-10-03 07:46:53.927 16 DEBUG neutron.pecan_wsgi.hooks.policy_enforcement [req-9c61d195-e603-42f1-ba63-f9ceb0ec710f 8d70fbdb448f4f80ad23b62899876656 59f741bbd2644e0eaa1829055855c7d1 - default default] Attributes excluded by policy engine: ['standard_attr_id'] _exclude_attributes_by_policy /usr/lib/python3.9/site-packages/neutron/pecan_wsgi/hooks/policy_enforcement.py:259
2025-10-03 07:46:53.928 16 INFO neutron.wsgi [req-9c61d195-e603-42f1-ba63-f9ceb0ec710f 8d70fbdb448f4f80ad23b62899876656 59f741bbd2644e0eaa1829055855c7d1 - default default] 192.168.122.99,192.168.122.100 "GET /v2.0/ports?network_id=e88ab0e2-0e02-47ac-bd7b-c0bcb7e0e13e&tags=tripleo_stack_name%3Dovercloud&tags=tripleo_vip_net%3Dctlplane HTTP/1.1" status: 200 len: 1211 time: 0.0782988
2025-10-03 07:46:54.001 16 DEBUG neutron.pecan_wsgi.hooks.policy_enforcement [req-517d9a34-1df7-4962-914e-9df775b3ffc2 8d70fbdb448f4f80ad23b62899876656 59f741bbd2644e0eaa1829055855c7d1 - default default] Attributes excluded by policy engine: ['standard_attr_id', 'vlan_transparent'] _exclude_attributes_by_policy /usr/lib/python3.9/site-packages/neutron/pecan_wsgi/hooks/policy_enforcement.py:259
2025-10-03 07:46:54.002 16 INFO neutron.wsgi [req-517d9a34-1df7-4962-914e-9df775b3ffc2 8d70fbdb448f4f80ad23b62899876656 59f741bbd2644e0eaa1829055855c7d1 - default default] 192.168.122.99,192.168.122.100 "GET /v2.0/networks/e88ab0e2-0e02-47ac-bd7b-c0bcb7e0e13e HTTP/1.1" status: 200 len: 919 time: 0.0680444
2025-10-03 07:46:54.038 16 DEBUG neutron.pecan_wsgi.hooks.policy_enforcement [req-c6b03986-b17a-4cc5-9c1d-02d7dbe3d3a3 8d70fbdb448f4f80ad23b62899876656 59f741bbd2644e0eaa1829055855c7d1 - default default] Attributes excluded by policy engine: ['standard_attr_id', 'shared'] _exclude_attributes_by_policy /usr/lib/python3.9/site-packages/neutron/pecan_wsgi/hooks/policy_enforcement.py:259
2025-10-03 07:46:54.039 16 INFO neutron.wsgi [req-c6b03986-b17a-4cc5-9c1d-02d7dbe3d3a3 8d70fbdb448f4f80ad23b62899876656 59f741bbd2644e0eaa1829055855c7d1 - default default] 192.168.122.99,192.168.122.100 "GET /v2.0/subnets/4cad7fe8-49b5-4baf-a536-ecf293cf1f1c HTTP/1.1" status: 200 len: 842 time: 0.0319715
2025-10-03 07:46:54.451 16 DEBUG neutron.wsgi [-] (16) accepted ('192.168.122.100', 49552) server /usr/lib/python3.9/site-packages/eventlet/wsgi.py:992
2025-10-03 07:46:54.455 16 INFO neutron.wsgi [-] 192.168.122.100 "GET /healthcheck HTTP/1.0" status: 200 len: 137 time: 0.0025408
2025-10-03 07:46:56.457 15 DEBUG neutron.wsgi [-] (15) accepted ('192.168.122.100', 49562) server /usr/lib/python3.9/site-packages/eventlet/wsgi.py:992
2025-10-03 07:46:56.461 15 INFO neutron.wsgi [-] 192.168.122.100 "GET /healthcheck HTTP/1.0" status: 200 len: 137 time: 0.0027132
2025-10-03 07:46:58.462 18 DEBUG neutron.wsgi [-] (18) accepted ('192.168.122.100', 57682) server /usr/lib/python3.9/site-packages/eventlet/wsgi.py:992
2025-10-03 07:46:58.464 18 INFO neutron.wsgi [-] 192.168.122.100 "GET /healthcheck HTTP/1.0" status: 200 len: 137 time: 0.0013864
2025-10-03 07:47:00.465 18 DEBUG neutron.wsgi [-] (18) accepted ('192.168.122.100', 57692) server /usr/lib/python3.9/site-packages/eventlet/wsgi.py:992
2025-10-03 07:47:00.468 18 INFO neutron.wsgi [-] 192.168.122.100 "GET /healthcheck HTTP/1.0" status: 200 len: 137 time: 0.0017200
2025-10-03 07:47:02.470 18 DEBUG neutron.wsgi [-] (18) accepted ('192.168.122.100', 57706) server /usr/lib/python3.9/site-packages/eventlet/wsgi.py:992
2025-10-03 07:47:02.472 18 INFO neutron.wsgi [-] 192.168.122.100 "GET /healthcheck HTTP/1.0" status: 200 len: 137 time: 0.0013788
2025-10-03 07:47:04.473 17 DEBUG neutron.wsgi [-] (17) accepted ('192.168.122.100', 57716) server /usr/lib/python3.9/site-packages/eventlet/wsgi.py:992
2025-10-03 07:47:04.477 17 INFO neutron.wsgi [-] 192.168.122.100 "GET /healthcheck HTTP/1.0" status: 200 len: 137 time: 0.0026021
2025-10-03 07:47:06.479 17 DEBUG neutron.wsgi [-] (17) accepted ('192.168.122.100', 57724) server /usr/lib/python3.9/site-packages/eventlet/wsgi.py:992
2025-10-03 07:47:06.481 17 INFO neutron.wsgi [-] 192.168.122.100 "GET /healthcheck HTTP/1.0" status: 200 len: 137 time: 0.0016947
2025-10-03 07:47:08.483 17 DEBUG neutron.wsgi [-] (17) accepted ('192.168.122.100', 52584) server /usr/lib/python3.9/site-packages/eventlet/wsgi.py:992
2025-10-03 07:47:08.485 17 INFO neutron.wsgi [-] 192.168.122.100 "GET /healthcheck HTTP/1.0" status: 200 len: 137 time: 0.0013089
2025-10-03 07:47:10.487 17 DEBUG neutron.wsgi [-] (17) accepted ('192.168.122.100', 52598) server /usr/lib/python3.9/site-packages/eventlet/wsgi.py:992
2025-10-03 07:47:10.489 17 INFO neutron.wsgi [-] 192.168.122.100 "GET /healthcheck HTTP/1.0" status: 200 len: 137 time: 0.0013144
2025-10-03 07:47:12.491 18 DEBUG neutron.wsgi [-] (18) accepted ('192.168.122.100', 52608) server /usr/lib/python3.9/site-packages/eventlet/wsgi.py:992
2025-10-03 07:47:12.494 18 INFO neutron.wsgi [-] 192.168.122.100 "GET /healthcheck HTTP/1.0" status: 200 len: 137 time: 0.0025449
2025-10-03 07:47:14.496 18 DEBUG neutron.wsgi [-] (18) accepted ('192.168.122.100', 52612) server /usr/lib/python3.9/site-packages/eventlet/wsgi.py:992
2025-10-03 07:47:14.500 18 INFO neutron.wsgi [-] 192.168.122.100 "GET /healthcheck HTTP/1.0" status: 200 len: 137 time: 0.0024695
2025-10-03 07:47:16.502 18 DEBUG neutron.wsgi [-] (18) accepted ('192.168.122.100', 52624) server /usr/lib/python3.9/site-packages/eventlet/wsgi.py:992
2025-10-03 07:47:16.505 18 INFO neutron.wsgi [-] 192.168.122.100 "GET /healthcheck HTTP/1.0" status: 200 len: 137 time: 0.0026710
2025-10-03 07:47:18.507 16 DEBUG neutron.wsgi [-] (16) accepted ('192.168.122.100', 56326) server /usr/lib/python3.9/site-packages/eventlet/wsgi.py:992
2025-10-03 07:47:18.509 16 INFO neutron.wsgi [-] 192.168.122.100 "GET /healthcheck HTTP/1.0" status: 200 len: 137 time: 0.0012903
2025-10-03 07:47:18.600 16 DEBUG neutron.wsgi [-] (16) accepted ('192.168.122.100', 56336) server /usr/lib/python3.9/site-packages/eventlet/wsgi.py:992
2025-10-03 07:47:18.602 16 INFO neutron.wsgi [-] 192.168.122.100 "GET / HTTP/1.1" status: 200 len: 233 time: 0.0012136
2025-10-03 07:47:20.511 16 DEBUG neutron.wsgi [-] (16) accepted ('192.168.122.100', 56352) server /usr/lib/python3.9/site-packages/eventlet/wsgi.py:992
2025-10-03 07:47:20.513 16 INFO neutron.wsgi [-] 192.168.122.100 "GET /healthcheck HTTP/1.0" status: 200 len: 137 time: 0.0018599
2025-10-03 07:47:22.515 17 DEBUG neutron.wsgi [-] (17) accepted ('192.168.122.100', 56356) server /usr/lib/python3.9/site-packages/eventlet/wsgi.py:992
2025-10-03 07:47:22.520 17 INFO neutron.wsgi [-] 192.168.122.100 "GET /healthcheck HTTP/1.0" status: 200 len: 137 time: 0.0033412
2025-10-03 07:47:24.522 17 DEBUG neutron.wsgi [-] (17) accepted ('192.168.122.100', 56368) server /usr/lib/python3.9/site-packages/eventlet/wsgi.py:992
2025-10-03 07:47:24.526 17 INFO neutron.wsgi [-] 192.168.122.100 "GET /healthcheck HTTP/1.0" status: 200 len: 137 time: 0.0024686
2025-10-03 07:47:26.528 18 DEBUG neutron.wsgi [-] (18) accepted ('192.168.122.100', 56384) server /usr/lib/python3.9/site-packages/eventlet/wsgi.py:992
2025-10-03 07:47:26.531 18 INFO neutron.wsgi [-] 192.168.122.100 "GET /healthcheck HTTP/1.0" status: 200 len: 137 time: 0.0024765
2025-10-03 07:47:28.533 17 DEBUG neutron.wsgi [-] (17) accepted ('192.168.122.100', 38646) server /usr/lib/python3.9/site-packages/eventlet/wsgi.py:992
2025-10-03 07:47:28.537 17 INFO neutron.wsgi [-] 192.168.122.100 "GET /healthcheck HTTP/1.0" status: 200 len: 137 time: 0.0027037
2025-10-03 07:47:30.539 16 DEBUG neutron.wsgi [-] (16) accepted ('192.168.122.100', 38660) server /usr/lib/python3.9/site-packages/eventlet/wsgi.py:992
2025-10-03 07:47:30.542 16 INFO neutron.wsgi [-] 192.168.122.100 "GET /healthcheck HTTP/1.0" status: 200 len: 137 time: 0.0026121
2025-10-03 07:47:32.544 15 DEBUG neutron.wsgi [-] (15) accepted ('192.168.122.100', 38664) server /usr/lib/python3.9/site-packages/eventlet/wsgi.py:992
2025-10-03 07:47:32.546 15 INFO neutron.wsgi [-] 192.168.122.100 "GET /healthcheck HTTP/1.0" status: 200 len: 137 time: 0.0016847
2025-10-03 07:47:34.548 15 DEBUG neutron.wsgi [-] (15) accepted ('192.168.122.100', 38676) server /usr/lib/python3.9/site-packages/eventlet/wsgi.py:992
2025-10-03 07:47:34.551 15 INFO neutron.wsgi [-] 192.168.122.100 "GET /healthcheck HTTP/1.0" status: 200 len: 137 time: 0.0026412
2025-10-03 07:47:36.553 17 DEBUG neutron.wsgi [-] (17) accepted ('192.168.122.100', 38684) server /usr/lib/python3.9/site-packages/eventlet/wsgi.py:992
2025-10-03 07:47:36.556 17 INFO neutron.wsgi [-] 192.168.122.100 "GET /healthcheck HTTP/1.0" status: 200 len: 137 time: 0.0026488
2025-10-03 07:47:38.558 17 DEBUG neutron.wsgi [-] (17) accepted ('192.168.122.100', 44612) server /usr/lib/python3.9/site-packages/eventlet/wsgi.py:992
2025-10-03 07:47:38.562 17 INFO neutron.wsgi [-] 192.168.122.100 "GET /healthcheck HTTP/1.0" status: 200 len: 137 time: 0.0027676
2025-10-03 07:47:40.563 16 DEBUG neutron.wsgi [-] (16) accepted ('192.168.122.100', 44618) server /usr/lib/python3.9/site-packages/eventlet/wsgi.py:992
2025-10-03 07:47:40.566 16 INFO neutron.wsgi [-] 192.168.122.100 "GET /healthcheck HTTP/1.0" status: 200 len: 137 time: 0.0019538
2025-10-03 07:47:42.568 16 DEBUG neutron.wsgi [-] (16) accepted ('192.168.122.100', 44624) server /usr/lib/python3.9/site-packages/eventlet/wsgi.py:992
2025-10-03 07:47:42.571 16 INFO neutron.wsgi [-] 192.168.122.100 "GET /healthcheck HTTP/1.0" status: 200 len: 137 time: 0.0014510
2025-10-03 07:47:44.573 16 DEBUG neutron.wsgi [-] (16) accepted ('192.168.122.100', 44630) server /usr/lib/python3.9/site-packages/eventlet/wsgi.py:992
2025-10-03 07:47:44.576 16 INFO neutron.wsgi [-] 192.168.122.100 "GET /healthcheck HTTP/1.0" status: 200 len: 137 time: 0.0024309
2025-10-03 07:47:46.579 18 DEBUG neutron.wsgi [-] (18) accepted ('192.168.122.100', 44646) server /usr/lib/python3.9/site-packages/eventlet/wsgi.py:992
2025-10-03 07:47:46.582 18 INFO neutron.wsgi [-] 192.168.122.100 "GET /healthcheck HTTP/1.0" status: 200 len: 137 time: 0.0025017
2025-10-03 07:47:48.584 18 DEBUG neutron.wsgi [-] (18) accepted ('192.168.122.100', 59334) server /usr/lib/python3.9/site-packages/eventlet/wsgi.py:992
2025-10-03 07:47:48.588 18 INFO neutron.wsgi [-] 192.168.122.100 "GET /healthcheck HTTP/1.0" status: 200 len: 137 time: 0.0027013
2025-10-03 07:47:49.264 16 DEBUG neutron.wsgi [-] (16) accepted ('192.168.122.100', 59346) server /usr/lib/python3.9/site-packages/eventlet/wsgi.py:992
2025-10-03 07:47:49.268 16 INFO neutron.wsgi [-] 192.168.122.100 "GET / HTTP/1.1" status: 200 len: 233 time: 0.0024714
2025-10-03 07:47:50.590 16 DEBUG neutron.wsgi [-] (16) accepted ('192.168.122.100', 59352) server /usr/lib/python3.9/site-packages/eventlet/wsgi.py:992
2025-10-03 07:47:50.592 16 INFO neutron.wsgi [-] 192.168.122.100 "GET /healthcheck HTTP/1.0" status: 200 len: 137 time: 0.0018935
2025-10-03 07:47:52.594 16 DEBUG neutron.wsgi [-] (16) accepted ('192.168.122.100', 59362) server /usr/lib/python3.9/site-packages/eventlet/wsgi.py:992
2025-10-03 07:47:52.596 16 INFO neutron.wsgi [-] 192.168.122.100 "GET /healthcheck HTTP/1.0" status: 200 len: 137 time: 0.0012989
2025-10-03 07:47:54.598 16 DEBUG neutron.wsgi [-] (16) accepted ('192.168.122.100', 59370) server /usr/lib/python3.9/site-packages/eventlet/wsgi.py:992
2025-10-03 07:47:54.600 16 INFO neutron.wsgi [-] 192.168.122.100 "GET /healthcheck HTTP/1.0" status: 200 len: 137 time: 0.0013123
2025-10-03 07:47:56.601 15 DEBUG neutron.wsgi [-] (15) accepted ('192.168.122.100', 59372) server /usr/lib/python3.9/site-packages/eventlet/wsgi.py:992
2025-10-03 07:47:56.604 15 INFO neutron.wsgi [-] 192.168.122.100 "GET /healthcheck HTTP/1.0" status: 200 len: 137 time: 0.0013952
2025-10-03 07:47:58.606 17 DEBUG neutron.wsgi [-] (17) accepted ('192.168.122.100', 42046) server /usr/lib/python3.9/site-packages/eventlet/wsgi.py:992
2025-10-03 07:47:58.609 17 INFO neutron.wsgi [-] 192.168.122.100 "GET /healthcheck HTTP/1.0" status: 200 len: 137 time: 0.0024395
2025-10-03 07:48:00.611 17 DEBUG neutron.wsgi [-] (17) accepted ('192.168.122.100', 42060) server /usr/lib/python3.9/site-packages/eventlet/wsgi.py:992
2025-10-03 07:48:00.615 17 INFO neutron.wsgi [-] 192.168.122.100 "GET /healthcheck HTTP/1.0" status: 200 len: 137 time: 0.0024648
2025-10-03 07:48:02.616 15 DEBUG neutron.wsgi [-] (15) accepted ('192.168.122.100', 42070) server /usr/lib/python3.9/site-packages/eventlet/wsgi.py:992
2025-10-03 07:48:02.621 15 INFO neutron.wsgi [-] 192.168.122.100 "GET /healthcheck HTTP/1.0" status: 200 len: 137 time: 0.0027010
2025-10-03 07:48:04.623 15 DEBUG neutron.wsgi [-] (15) accepted ('192.168.122.100', 42076) server /usr/lib/python3.9/site-packages/eventlet/wsgi.py:992
2025-10-03 07:48:04.625 15 INFO neutron.wsgi [-] 192.168.122.100 "GET /healthcheck HTTP/1.0" status: 200 len: 137 time: 0.0016437
2025-10-03 07:48:06.627 18 DEBUG neutron.wsgi [-] (18) accepted ('192.168.122.100', 42082) server /usr/lib/python3.9/site-packages/eventlet/wsgi.py:992
2025-10-03 07:48:06.629 18 INFO neutron.wsgi [-] 192.168.122.100 "GET /healthcheck HTTP/1.0" status: 200 len: 137 time: 0.0013249
2025-10-03 07:48:08.631 15 DEBUG neutron.wsgi [-] (15) accepted ('192.168.122.100', 49694) server /usr/lib/python3.9/site-packages/eventlet/wsgi.py:992
2025-10-03 07:48:08.633 15 INFO neutron.wsgi [-] 192.168.122.100 "GET /healthcheck HTTP/1.0" status: 200 len: 137 time: 0.0016961
2025-10-03 07:48:10.634 16 DEBUG neutron.wsgi [-] (16) accepted ('192.168.122.100', 49702) server /usr/lib/python3.9/site-packages/eventlet/wsgi.py:992
2025-10-03 07:48:10.637 16 INFO neutron.wsgi [-] 192.168.122.100 "GET /healthcheck HTTP/1.0" status: 200 len: 137 time: 0.0013340
2025-10-03 07:48:12.639 16 DEBUG neutron.wsgi [-] (16) accepted ('192.168.122.100', 49706) server /usr/lib/python3.9/site-packages/eventlet/wsgi.py:992
2025-10-03 07:48:12.642 16 INFO neutron.wsgi [-] 192.168.122.100 "GET /healthcheck HTTP/1.0" status: 200 len: 137 time: 0.0023060
2025-10-03 07:48:14.643 15 DEBUG neutron.wsgi [-] (15) accepted ('192.168.122.100', 49714) server /usr/lib/python3.9/site-packages/eventlet/wsgi.py:992
2025-10-03 07:48:14.647 15 INFO neutron.wsgi [-] 192.168.122.100 "GET /healthcheck HTTP/1.0" status: 200 len: 137 time: 0.0027540
2025-10-03 07:48:16.648 15 DEBUG neutron.wsgi [-] (15) accepted ('192.168.122.100', 49730) server /usr/lib/python3.9/site-packages/eventlet/wsgi.py:992
2025-10-03 07:48:16.651 15 INFO neutron.wsgi [-] 192.168.122.100 "GET /healthcheck HTTP/1.0" status: 200 len: 137 time: 0.0013173
2025-10-03 07:48:18.652 18 DEBUG neutron.wsgi [-] (18) accepted ('192.168.122.100', 33084) server /usr/lib/python3.9/site-packages/eventlet/wsgi.py:992
2025-10-03 07:48:18.655 18 INFO neutron.wsgi [-] 192.168.122.100 "GET /healthcheck HTTP/1.0" status: 200 len: 137 time: 0.0017986
2025-10-03 07:48:20.124 17 DEBUG neutron.wsgi [-] (17) accepted ('192.168.122.100', 33090) server /usr/lib/python3.9/site-packages/eventlet/wsgi.py:992
2025-10-03 07:48:20.126 17 INFO neutron.wsgi [-] 192.168.122.100 "GET / HTTP/1.1" status: 200 len: 233 time: 0.0013828
2025-10-03 07:48:20.656 17 DEBUG neutron.wsgi [-] (17) accepted ('192.168.122.100', 33102) server /usr/lib/python3.9/site-packages/eventlet/wsgi.py:992
2025-10-03 07:48:20.659 17 INFO neutron.wsgi [-] 192.168.122.100 "GET /healthcheck HTTP/1.0" status: 200 len: 137 time: 0.0017183
