2025-10-03 07:46:43.758 18 INFO neutron.wsgi [req-22568557-321d-435f-8d79-b30a80e83e0b 8d70fbdb448f4f80ad23b62899876656 59f741bbd2644e0eaa1829055855c7d1 - default default] 192.168.122.99,192.168.122.100 "GET /v2.0/networks?name=storage HTTP/1.1" status: 200 len: 1023 time: 0.1023178
2025-10-03 07:46:43.796 18 DEBUG neutron.pecan_wsgi.hooks.policy_enforcement [req-6a914113-6a5c-4974-ae24-1591cd4ddfc8 8d70fbdb448f4f80ad23b62899876656 59f741bbd2644e0eaa1829055855c7d1 - default default] Attributes excluded by policy engine: ['standard_attr_id', 'shared'] _exclude_attributes_by_policy /usr/lib/python3.9/site-packages/neutron/pecan_wsgi/hooks/policy_enforcement.py:259
2025-10-03 07:46:43.796 18 INFO neutron.wsgi [req-6a914113-6a5c-4974-ae24-1591cd4ddfc8 8d70fbdb448f4f80ad23b62899876656 59f741bbd2644e0eaa1829055855c7d1 - default default] 192.168.122.99,192.168.122.100 "GET /v2.0/subnets/4df3f3c2-415b-4d70-a30c-020fafd82b86 HTTP/1.1" status: 200 len: 859 time: 0.0336614
2025-10-03 07:46:43.811 18 INFO neutron.pecan_wsgi.hooks.translation [req-bb3807b4-b9a1-4330-9f7e-3a183cb800a3 8d70fbdb448f4f80ad23b62899876656 59f741bbd2644e0eaa1829055855c7d1 - default default] GET failed (client error): The resource could not be found.
2025-10-03 07:46:43.812 18 INFO neutron.wsgi [req-bb3807b4-b9a1-4330-9f7e-3a183cb800a3 8d70fbdb448f4f80ad23b62899876656 59f741bbd2644e0eaa1829055855c7d1 - default default] 192.168.122.99,192.168.122.100 "GET /v2.0/networks/storage_mgmt HTTP/1.1" status: 404 len: 296 time: 0.0117362
2025-10-03 07:46:43.865 18 DEBUG neutron.pecan_wsgi.hooks.policy_enforcement [req-af0daabc-f910-473d-9ada-4be029a5c22b 8d70fbdb448f4f80ad23b62899876656 59f741bbd2644e0eaa1829055855c7d1 - default default] Attributes excluded by policy engine: ['standard_attr_id', 'vlan_transparent'] _exclude_attributes_by_policy /usr/lib/python3.9/site-packages/neutron/pecan_wsgi/hooks/policy_enforcement.py:259
2025-10-03 07:46:43.866 18 INFO neutron.wsgi [req-af0daabc-f910-473d-9ada-4be029a5c22b 8d70fbdb448f4f80ad23b62899876656 59f741bbd2644e0eaa1829055855c7d1 - default default] 192.168.122.99,192.168.122.100 "GET /v2.0/networks?name=storage_mgmt HTTP/1.1" status: 200 len: 1051 time: 0.0521576
2025-10-03 07:46:43.902 18 DEBUG neutron.pecan_wsgi.hooks.policy_enforcement [req-136f0562-7406-4820-9090-934c226c05af 8d70fbdb448f4f80ad23b62899876656 59f741bbd2644e0eaa1829055855c7d1 - default default] Attributes excluded by policy engine: ['standard_attr_id', 'shared'] _exclude_attributes_by_policy /usr/lib/python3.9/site-packages/neutron/pecan_wsgi/hooks/policy_enforcement.py:259
2025-10-03 07:46:43.902 18 INFO neutron.wsgi [req-136f0562-7406-4820-9090-934c226c05af 8d70fbdb448f4f80ad23b62899876656 59f741bbd2644e0eaa1829055855c7d1 - default default] 192.168.122.99,192.168.122.100 "GET /v2.0/subnets/ce7acb25-6c17-4122-ac2c-b207b28830bc HTTP/1.1" status: 200 len: 864 time: 0.0297041
2025-10-03 07:46:43.919 18 INFO neutron.pecan_wsgi.hooks.translation [req-1d70ff72-19fc-4f7a-9604-61edbc542aa3 8d70fbdb448f4f80ad23b62899876656 59f741bbd2644e0eaa1829055855c7d1 - default default] GET failed (client error): The resource could not be found.
2025-10-03 07:46:43.920 18 INFO neutron.wsgi [req-1d70ff72-19fc-4f7a-9604-61edbc542aa3 8d70fbdb448f4f80ad23b62899876656 59f741bbd2644e0eaa1829055855c7d1 - default default] 192.168.122.99,192.168.122.100 "GET /v2.0/networks/internal_api HTTP/1.1" status: 404 len: 296 time: 0.0118160
2025-10-03 07:46:43.976 18 DEBUG neutron.pecan_wsgi.hooks.policy_enforcement [req-fbde41c7-caf7-413b-a26c-41b6725db968 8d70fbdb448f4f80ad23b62899876656 59f741bbd2644e0eaa1829055855c7d1 - default default] Attributes excluded by policy engine: ['standard_attr_id', 'vlan_transparent'] _exclude_attributes_by_policy /usr/lib/python3.9/site-packages/neutron/pecan_wsgi/hooks/policy_enforcement.py:259
2025-10-03 07:46:43.977 18 INFO neutron.wsgi [req-fbde41c7-caf7-413b-a26c-41b6725db968 8d70fbdb448f4f80ad23b62899876656 59f741bbd2644e0eaa1829055855c7d1 - default default] 192.168.122.99,192.168.122.100 "GET /v2.0/networks?name=internal_api HTTP/1.1" status: 200 len: 1052 time: 0.0530291
2025-10-03 07:46:44.015 18 DEBUG neutron.pecan_wsgi.hooks.policy_enforcement [req-104dc3a5-9d8f-46ea-8195-5512179d1ee0 8d70fbdb448f4f80ad23b62899876656 59f741bbd2644e0eaa1829055855c7d1 - default default] Attributes excluded by policy engine: ['standard_attr_id', 'shared'] _exclude_attributes_by_policy /usr/lib/python3.9/site-packages/neutron/pecan_wsgi/hooks/policy_enforcement.py:259
2025-10-03 07:46:44.016 18 INFO neutron.wsgi [req-104dc3a5-9d8f-46ea-8195-5512179d1ee0 8d70fbdb448f4f80ad23b62899876656 59f741bbd2644e0eaa1829055855c7d1 - default default] 192.168.122.99,192.168.122.100 "GET /v2.0/subnets/f5d34f91-c083-406b-95c3-07b2d2da998a HTTP/1.1" status: 200 len: 864 time: 0.0325041
2025-10-03 07:46:44.032 18 INFO neutron.pecan_wsgi.hooks.translation [req-05a15fd2-6aaa-4432-bff3-14145f53b567 8d70fbdb448f4f80ad23b62899876656 59f741bbd2644e0eaa1829055855c7d1 - default default] GET failed (client error): The resource could not be found.
2025-10-03 07:46:44.032 18 INFO neutron.wsgi [req-05a15fd2-6aaa-4432-bff3-14145f53b567 8d70fbdb448f4f80ad23b62899876656 59f741bbd2644e0eaa1829055855c7d1 - default default] 192.168.122.99,192.168.122.100 "GET /v2.0/networks/tenant HTTP/1.1" status: 404 len: 290 time: 0.0112801
2025-10-03 07:46:44.088 18 DEBUG neutron.pecan_wsgi.hooks.policy_enforcement [req-31ce97e6-c27d-4fa3-b1ca-c58cd3ca7321 8d70fbdb448f4f80ad23b62899876656 59f741bbd2644e0eaa1829055855c7d1 - default default] Attributes excluded by policy engine: ['standard_attr_id', 'vlan_transparent'] _exclude_attributes_by_policy /usr/lib/python3.9/site-packages/neutron/pecan_wsgi/hooks/policy_enforcement.py:259
2025-10-03 07:46:44.089 18 INFO neutron.wsgi [req-31ce97e6-c27d-4fa3-b1ca-c58cd3ca7321 8d70fbdb448f4f80ad23b62899876656 59f741bbd2644e0eaa1829055855c7d1 - default default] 192.168.122.99,192.168.122.100 "GET /v2.0/networks?name=tenant HTTP/1.1" status: 200 len: 998 time: 0.0535781
2025-10-03 07:46:44.123 18 DEBUG neutron.pecan_wsgi.hooks.policy_enforcement [req-45b8aa7c-329b-45b4-928b-0e42b44aacc8 8d70fbdb448f4f80ad23b62899876656 59f741bbd2644e0eaa1829055855c7d1 - default default] Attributes excluded by policy engine: ['standard_attr_id', 'shared'] _exclude_attributes_by_policy /usr/lib/python3.9/site-packages/neutron/pecan_wsgi/hooks/policy_enforcement.py:259
2025-10-03 07:46:44.123 18 INFO neutron.wsgi [req-45b8aa7c-329b-45b4-928b-0e42b44aacc8 8d70fbdb448f4f80ad23b62899876656 59f741bbd2644e0eaa1829055855c7d1 - default default] 192.168.122.99,192.168.122.100 "GET /v2.0/subnets/71aeea54-e6d3-46b1-ae0c-756ab8540b45 HTTP/1.1" status: 200 len: 858 time: 0.0286710
2025-10-03 07:46:44.140 18 INFO neutron.pecan_wsgi.hooks.translation [req-1f972a88-4446-43eb-a908-237cae13285f 8d70fbdb448f4f80ad23b62899876656 59f741bbd2644e0eaa1829055855c7d1 - default default] GET failed (client error): The resource could not be found.
2025-10-03 07:46:44.140 18 INFO neutron.wsgi [req-1f972a88-4446-43eb-a908-237cae13285f 8d70fbdb448f4f80ad23b62899876656 59f741bbd2644e0eaa1829055855c7d1 - default default] 192.168.122.99,192.168.122.100 "GET /v2.0/networks/external HTTP/1.1" status: 404 len: 292 time: 0.0120525
2025-10-03 07:46:44.199 18 DEBUG neutron.pecan_wsgi.hooks.policy_enforcement [req-7ffb11c3-117d-4c05-b2d4-68958810ea80 8d70fbdb448f4f80ad23b62899876656 59f741bbd2644e0eaa1829055855c7d1 - default default] Attributes excluded by policy engine: ['standard_attr_id', 'vlan_transparent'] _exclude_attributes_by_policy /usr/lib/python3.9/site-packages/neutron/pecan_wsgi/hooks/policy_enforcement.py:259
2025-10-03 07:46:44.199 18 INFO neutron.wsgi [req-7ffb11c3-117d-4c05-b2d4-68958810ea80 8d70fbdb448f4f80ad23b62899876656 59f741bbd2644e0eaa1829055855c7d1 - default default] 192.168.122.99,192.168.122.100 "GET /v2.0/networks?name=external HTTP/1.1" status: 200 len: 1029 time: 0.0555780
2025-10-03 07:46:44.235 18 DEBUG neutron.pecan_wsgi.hooks.policy_enforcement [req-1a4ce88a-72b5-4510-bf5a-49c306d6af57 8d70fbdb448f4f80ad23b62899876656 59f741bbd2644e0eaa1829055855c7d1 - default default] Attributes excluded by policy engine: ['standard_attr_id', 'shared'] _exclude_attributes_by_policy /usr/lib/python3.9/site-packages/neutron/pecan_wsgi/hooks/policy_enforcement.py:259
2025-10-03 07:46:44.236 18 INFO neutron.wsgi [req-1a4ce88a-72b5-4510-bf5a-49c306d6af57 8d70fbdb448f4f80ad23b62899876656 59f741bbd2644e0eaa1829055855c7d1 - default default] 192.168.122.99,192.168.122.100 "GET /v2.0/subnets/615bf513-132b-4c23-a8dc-0230c24d7b8e HTTP/1.1" status: 200 len: 860 time: 0.0287440
2025-10-03 07:46:44.432 18 DEBUG neutron.wsgi [-] (18) accepted ('192.168.122.100', 41730) server /usr/lib/python3.9/site-packages/eventlet/wsgi.py:992
2025-10-03 07:46:44.435 18 INFO neutron.wsgi [-] 192.168.122.100 "GET /healthcheck HTTP/1.0" status: 200 len: 137 time: 0.0017774
2025-10-03 07:46:46.437 16 DEBUG neutron.wsgi [-] (16) accepted ('192.168.122.100', 41738) server /usr/lib/python3.9/site-packages/eventlet/wsgi.py:992
2025-10-03 07:46:46.440 16 INFO neutron.wsgi [-] 192.168.122.100 "GET /healthcheck HTTP/1.0" status: 200 len: 137 time: 0.0025322
2025-10-03 07:46:48.171 15 DEBUG neutron.wsgi [-] (15) accepted ('192.168.122.100', 49458) server /usr/lib/python3.9/site-packages/eventlet/wsgi.py:992
2025-10-03 07:46:48.176 15 INFO neutron.wsgi [-] 192.168.122.100 "GET / HTTP/1.1" status: 200 len: 233 time: 0.0023847
2025-10-03 07:46:48.441 17 DEBUG neutron.wsgi [-] (17) accepted ('192.168.122.100', 49474) server /usr/lib/python3.9/site-packages/eventlet/wsgi.py:992
2025-10-03 07:46:48.443 17 INFO neutron.wsgi [-] 192.168.122.100 "GET /healthcheck HTTP/1.0" status: 200 len: 137 time: 0.0014617
2025-10-03 07:46:49.971 17 DEBUG neutron.wsgi [-] (17) accepted ('192.168.122.100', 49482) server /usr/lib/python3.9/site-packages/eventlet/wsgi.py:992
2025-10-03 07:46:50.088 17 DEBUG neutron.pecan_wsgi.hooks.policy_enforcement [req-d04f6ef7-860d-4de3-b823-8316b44e3867 8d70fbdb448f4f80ad23b62899876656 59f741bbd2644e0eaa1829055855c7d1 - default default] Attributes excluded by policy engine: ['standard_attr_id', 'vlan_transparent'] _exclude_attributes_by_policy /usr/lib/python3.9/site-packages/neutron/pecan_wsgi/hooks/policy_enforcement.py:259
2025-10-03 07:46:50.088 17 DEBUG neutron.pecan_wsgi.hooks.policy_enforcement [req-d04f6ef7-860d-4de3-b823-8316b44e3867 8d70fbdb448f4f80ad23b62899876656 59f741bbd2644e0eaa1829055855c7d1 - default default] Attributes excluded by policy engine: ['standard_attr_id', 'vlan_transparent'] _exclude_attributes_by_policy /usr/lib/python3.9/site-packages/neutron/pecan_wsgi/hooks/policy_enforcement.py:259
2025-10-03 07:46:50.088 17 DEBUG neutron.pecan_wsgi.hooks.policy_enforcement [req-d04f6ef7-860d-4de3-b823-8316b44e3867 8d70fbdb448f4f80ad23b62899876656 59f741bbd2644e0eaa1829055855c7d1 - default default] Attributes excluded by policy engine: ['standard_attr_id', 'vlan_transparent'] _exclude_attributes_by_policy /usr/lib/python3.9/site-packages/neutron/pecan_wsgi/hooks/policy_enforcement.py:259
2025-10-03 07:46:50.089 17 DEBUG neutron.pecan_wsgi.hooks.policy_enforcement [req-d04f6ef7-860d-4de3-b823-8316b44e3867 8d70fbdb448f4f80ad23b62899876656 59f741bbd2644e0eaa1829055855c7d1 - default default] Attributes excluded by policy engine: ['standard_attr_id', 'vlan_transparent'] _exclude_attributes_by_policy /usr/lib/python3.9/site-packages/neutron/pecan_wsgi/hooks/policy_enforcement.py:259
2025-10-03 07:46:50.089 17 DEBUG neutron.pecan_wsgi.hooks.policy_enforcement [req-d04f6ef7-860d-4de3-b823-8316b44e3867 8d70fbdb448f4f80ad23b62899876656 59f741bbd2644e0eaa1829055855c7d1 - default default] Attributes excluded by policy engine: ['standard_attr_id', 'vlan_transparent'] _exclude_attributes_by_policy /usr/lib/python3.9/site-packages/neutron/pecan_wsgi/hooks/policy_enforcement.py:259
2025-10-03 07:46:50.090 17 DEBUG neutron.pecan_wsgi.hooks.policy_enforcement [req-d04f6ef7-860d-4de3-b823-8316b44e3867 8d70fbdb448f4f80ad23b62899876656 59f741bbd2644e0eaa1829055855c7d1 - default default] Attributes excluded by policy engine: ['standard_attr_id', 'vlan_transparent'] _exclude_attributes_by_policy /usr/lib/python3.9/site-packages/neutron/pecan_wsgi/hooks/policy_enforcement.py:259
2025-10-03 07:46:50.091 17 INFO neutron.wsgi [req-d04f6ef7-860d-4de3-b823-8316b44e3867 8d70fbdb448f4f80ad23b62899876656 59f741bbd2644e0eaa1829055855c7d1 - default default] 192.168.122.99,192.168.122.100 "GET /v2.0/networks HTTP/1.1" status: 200 len: 5131 time: 0.1183417
2025-10-03 07:46:50.131 17 DEBUG neutron.pecan_wsgi.hooks.policy_enforcement [req-d283a97a-0fbf-4b9a-9f88-200e0e4f6899 8d70fbdb448f4f80ad23b62899876656 59f741bbd2644e0eaa1829055855c7d1 - default default] Attributes excluded by policy engine: ['standard_attr_id', 'shared'] _exclude_attributes_by_policy /usr/lib/python3.9/site-packages/neutron/pecan_wsgi/hooks/policy_enforcement.py:259
2025-10-03 07:46:50.132 17 INFO neutron.wsgi [req-d283a97a-0fbf-4b9a-9f88-200e0e4f6899 8d70fbdb448f4f80ad23b62899876656 59f741bbd2644e0eaa1829055855c7d1 - default default] 192.168.122.99,192.168.122.100 "GET /v2.0/subnets?network_id=005bbf0c-4eba-41a4-bb3f-5bc56193a4e3 HTTP/1.1" status: 200 len: 861 time: 0.0345886
2025-10-03 07:46:50.174 17 DEBUG neutron.pecan_wsgi.hooks.policy_enforcement [req-4b48d04a-b340-4283-95a4-e9cc7bc80f96 8d70fbdb448f4f80ad23b62899876656 59f741bbd2644e0eaa1829055855c7d1 - default default] Attributes excluded by policy engine: ['standard_attr_id', 'shared'] _exclude_attributes_by_policy /usr/lib/python3.9/site-packages/neutron/pecan_wsgi/hooks/policy_enforcement.py:259
2025-10-03 07:46:50.175 17 INFO neutron.wsgi [req-4b48d04a-b340-4283-95a4-e9cc7bc80f96 8d70fbdb448f4f80ad23b62899876656 59f741bbd2644e0eaa1829055855c7d1 - default default] 192.168.122.99,192.168.122.100 "GET /v2.0/subnets?network_id=4d21a74b-23c4-48e2-bceb-7e1cd0a091d5 HTTP/1.1" status: 200 len: 863 time: 0.0352988
2025-10-03 07:46:50.210 17 DEBUG neutron.pecan_wsgi.hooks.policy_enforcement [req-841c1fa1-881c-490c-8e9e-f467b63c8721 8d70fbdb448f4f80ad23b62899876656 59f741bbd2644e0eaa1829055855c7d1 - default default] Attributes excluded by policy engine: ['standard_attr_id', 'shared'] _exclude_attributes_by_policy /usr/lib/python3.9/site-packages/neutron/pecan_wsgi/hooks/policy_enforcement.py:259
2025-10-03 07:46:50.211 17 INFO neutron.wsgi [req-841c1fa1-881c-490c-8e9e-f467b63c8721 8d70fbdb448f4f80ad23b62899876656 59f741bbd2644e0eaa1829055855c7d1 - default default] 192.168.122.99,192.168.122.100 "GET /v2.0/subnets?network_id=ac011c55-b6a7-47ea-8cbd-e23ebd4a99de HTTP/1.1" status: 200 len: 862 time: 0.0307181
2025-10-03 07:46:50.239 17 DEBUG neutron.pecan_wsgi.hooks.policy_enforcement [req-ac3f5d64-138f-4991-8aa6-6715cc8187ee 8d70fbdb448f4f80ad23b62899876656 59f741bbd2644e0eaa1829055855c7d1 - default default] Attributes excluded by policy engine: ['standard_attr_id', 'shared'] _exclude_attributes_by_policy /usr/lib/python3.9/site-packages/neutron/pecan_wsgi/hooks/policy_enforcement.py:259
2025-10-03 07:46:50.239 17 INFO neutron.wsgi [req-ac3f5d64-138f-4991-8aa6-6715cc8187ee 8d70fbdb448f4f80ad23b62899876656 59f741bbd2644e0eaa1829055855c7d1 - default default] 192.168.122.99,192.168.122.100 "GET /v2.0/subnets?network_id=b32bca2f-1027-468f-aa41-7b7a8b19330a HTTP/1.1" status: 200 len: 867 time: 0.0246713
2025-10-03 07:46:50.269 17 DEBUG neutron.pecan_wsgi.hooks.policy_enforcement [req-c04a9a6c-c27c-4b84-9d65-8f7927902b0d 8d70fbdb448f4f80ad23b62899876656 59f741bbd2644e0eaa1829055855c7d1 - default default] Attributes excluded by policy engine: ['standard_attr_id', 'shared'] _exclude_attributes_by_policy /usr/lib/python3.9/site-packages/neutron/pecan_wsgi/hooks/policy_enforcement.py:259
2025-10-03 07:46:50.270 17 INFO neutron.wsgi [req-c04a9a6c-c27c-4b84-9d65-8f7927902b0d 8d70fbdb448f4f80ad23b62899876656 59f741bbd2644e0eaa1829055855c7d1 - default default] 192.168.122.99,192.168.122.100 "GET /v2.0/subnets?network_id=cc697f13-0ace-4bfe-af90-8e3263a1cf7e HTTP/1.1" status: 200 len: 867 time: 0.0266819
2025-10-03 07:46:50.300 17 DEBUG neutron.pecan_wsgi.hooks.policy_enforcement [req-f2d5a8c8-c6b1-45c0-b9f9-661e7342525a 8d70fbdb448f4f80ad23b62899876656 59f741bbd2644e0eaa1829055855c7d1 - default default] Attributes excluded by policy engine: ['standard_attr_id', 'shared'] _exclude_attributes_by_policy /usr/lib/python3.9/site-packages/neutron/pecan_wsgi/hooks/policy_enforcement.py:259
2025-10-03 07:46:50.301 17 INFO neutron.wsgi [req-f2d5a8c8-c6b1-45c0-b9f9-661e7342525a 8d70fbdb448f4f80ad23b62899876656 59f741bbd2644e0eaa1829055855c7d1 - default default] 192.168.122.99,192.168.122.100 "GET /v2.0/subnets?network_id=e88ab0e2-0e02-47ac-bd7b-c0bcb7e0e13e HTTP/1.1" status: 200 len: 845 time: 0.0247009
2025-10-03 07:46:50.321 15 DEBUG neutron.wsgi [-] (15) accepted ('192.168.122.100', 49488) server /usr/lib/python3.9/site-packages/eventlet/wsgi.py:992
2025-10-03 07:46:50.328 16 DEBUG neutron.wsgi [-] (16) accepted ('192.168.122.100', 49496) server /usr/lib/python3.9/site-packages/eventlet/wsgi.py:992
2025-10-03 07:46:50.329 18 DEBUG neutron.wsgi [-] (18) accepted ('192.168.122.100', 49508) server /usr/lib/python3.9/site-packages/eventlet/wsgi.py:992
2025-10-03 07:46:50.332 17 DEBUG neutron.wsgi [-] (17) accepted ('192.168.122.100', 49518) server /usr/lib/python3.9/site-packages/eventlet/wsgi.py:992
2025-10-03 07:46:50.356 17 INFO neutron.wsgi [req-b4d6db45-819c-4db1-abf2-33d0d43f9ceb 8d70fbdb448f4f80ad23b62899876656 59f741bbd2644e0eaa1829055855c7d1 - default default] 192.168.122.99,192.168.122.100 "GET /v2.0/ports?network_id=cc697f13-0ace-4bfe-af90-8e3263a1cf7e&tags=tripleo_stack_name%3Dovercloud&tags=tripleo_vip_net%3Dinternal_api HTTP/1.1" status: 200 len: 186 time: 0.0478525
2025-10-03 07:46:50.360 17 INFO neutron.wsgi [req-dbe6c744-b550-41c7-a502-bcc6a14f89f8 8d70fbdb448f4f80ad23b62899876656 59f741bbd2644e0eaa1829055855c7d1 - default default] 192.168.122.99,192.168.122.100 "GET /v2.0/ports?network_id=b32bca2f-1027-468f-aa41-7b7a8b19330a&tags=tripleo_stack_name%3Dovercloud&tags=tripleo_vip_net%3Dstorage_mgmt HTTP/1.1" status: 200 len: 186 time: 0.0273576
2025-10-03 07:46:50.362 17 DEBUG neutron.api.v2.base [req-b0bce3b6-f0d6-4028-bffb-f9ec2e46fdf8 8d70fbdb448f4f80ad23b62899876656 59f741bbd2644e0eaa1829055855c7d1 - default default] Request body: {'port': {'name': 'internal_api_vip', 'fixed_ips': [{'subnet_id': 'f5d34f91-c083-406b-95c3-07b2d2da998a'}], 'dns_name': 'overcloud', 'network_id': 'cc697f13-0ace-4bfe-af90-8e3263a1cf7e'}} prepare_request_body /usr/lib/python3.9/site-packages/neutron/api/v2/base.py:729
2025-10-03 07:46:50.364 18 INFO neutron.wsgi [req-d3619366-4dc7-405a-a3f8-031b21371d6b 8d70fbdb448f4f80ad23b62899876656 59f741bbd2644e0eaa1829055855c7d1 - default default] 192.168.122.99,192.168.122.100 "GET /v2.0/ports?network_id=4d21a74b-23c4-48e2-bceb-7e1cd0a091d5&tags=tripleo_stack_name%3Dovercloud&tags=tripleo_vip_net%3Dexternal HTTP/1.1" status: 200 len: 186 time: 0.0346558
2025-10-03 07:46:50.368 18 DEBUG neutron.api.v2.base [req-63a272d3-9ba2-450a-a7dc-d2b55d3496ed 8d70fbdb448f4f80ad23b62899876656 59f741bbd2644e0eaa1829055855c7d1 - default default] Request body: {'port': {'name': 'storage_mgmt_vip', 'fixed_ips': [{'subnet_id': 'ce7acb25-6c17-4122-ac2c-b207b28830bc'}], 'dns_name': 'overcloud', 'network_id': 'b32bca2f-1027-468f-aa41-7b7a8b19330a'}} prepare_request_body /usr/lib/python3.9/site-packages/neutron/api/v2/base.py:729
2025-10-03 07:46:50.371 17 DEBUG neutron.pecan_wsgi.hooks.quota_enforcement [req-b0bce3b6-f0d6-4028-bffb-f9ec2e46fdf8 8d70fbdb448f4f80ad23b62899876656 59f741bbd2644e0eaa1829055855c7d1 - default default] Made reservation on behalf of 59f741bbd2644e0eaa1829055855c7d1 for: {'port': 1} before /usr/lib/python3.9/site-packages/neutron/pecan_wsgi/hooks/quota_enforcement.py:53
2025-10-03 07:46:50.372 17 DEBUG neutron_lib.callbacks.manager [req-b0bce3b6-f0d6-4028-bffb-f9ec2e46fdf8 8d70fbdb448f4f80ad23b62899876656 59f741bbd2644e0eaa1829055855c7d1 - default default] Notify callbacks ['neutron.plugins.ml2.plugin.SecurityGroupDbMixin._ensure_default_security_group_handler-564597'] for port, before_create _notify_loop /usr/lib/python3.9/site-packages/neutron_lib/callbacks/manager.py:200
2025-10-03 07:46:50.372 18 DEBUG neutron.api.v2.base [req-406e1527-c16c-466a-ade4-47549e2be790 8d70fbdb448f4f80ad23b62899876656 59f741bbd2644e0eaa1829055855c7d1 - default default] Request body: {'port': {'name': 'external_vip', 'fixed_ips': [{'subnet_id': '615bf513-132b-4c23-a8dc-0230c24d7b8e'}], 'dns_name': 'overcloud', 'network_id': '4d21a74b-23c4-48e2-bceb-7e1cd0a091d5'}} prepare_request_body /usr/lib/python3.9/site-packages/neutron/api/v2/base.py:729
2025-10-03 07:46:50.382 18 DEBUG neutron.pecan_wsgi.hooks.quota_enforcement [req-63a272d3-9ba2-450a-a7dc-d2b55d3496ed 8d70fbdb448f4f80ad23b62899876656 59f741bbd2644e0eaa1829055855c7d1 - default default] Made reservation on behalf of 59f741bbd2644e0eaa1829055855c7d1 for: {'port': 1} before /usr/lib/python3.9/site-packages/neutron/pecan_wsgi/hooks/quota_enforcement.py:53
2025-10-03 07:46:50.384 18 DEBUG neutron_lib.callbacks.manager [req-63a272d3-9ba2-450a-a7dc-d2b55d3496ed 8d70fbdb448f4f80ad23b62899876656 59f741bbd2644e0eaa1829055855c7d1 - default default] Notify callbacks ['neutron.plugins.ml2.plugin.SecurityGroupDbMixin._ensure_default_security_group_handler-564597'] for port, before_create _notify_loop /usr/lib/python3.9/site-packages/neutron_lib/callbacks/manager.py:200
2025-10-03 07:46:50.388 17 DEBUG neutron.notifiers.nova [req-b0bce3b6-f0d6-4028-bffb-f9ec2e46fdf8 8d70fbdb448f4f80ad23b62899876656 59f741bbd2644e0eaa1829055855c7d1 - default default] device_id is not set on port 817f25ed-40b9-43a1-a6f5-221f50cfa246 yet. _can_notify /usr/lib/python3.9/site-packages/neutron/notifiers/nova.py:201
2025-10-03 07:46:50.391 18 DEBUG neutron.pecan_wsgi.hooks.quota_enforcement [req-406e1527-c16c-466a-ade4-47549e2be790 8d70fbdb448f4f80ad23b62899876656 59f741bbd2644e0eaa1829055855c7d1 - default default] Made reservation on behalf of 59f741bbd2644e0eaa1829055855c7d1 for: {'port': 1} before /usr/lib/python3.9/site-packages/neutron/pecan_wsgi/hooks/quota_enforcement.py:53
2025-10-03 07:46:50.392 18 DEBUG neutron_lib.callbacks.manager [req-406e1527-c16c-466a-ade4-47549e2be790 8d70fbdb448f4f80ad23b62899876656 59f741bbd2644e0eaa1829055855c7d1 - default default] Notify callbacks ['neutron.plugins.ml2.plugin.SecurityGroupDbMixin._ensure_default_security_group_handler-564597'] for port, before_create _notify_loop /usr/lib/python3.9/site-packages/neutron_lib/callbacks/manager.py:200
2025-10-03 07:46:50.395 15 INFO neutron.wsgi [req-7349f98c-a88f-437d-b80e-93de322df5f9 8d70fbdb448f4f80ad23b62899876656 59f741bbd2644e0eaa1829055855c7d1 - default default] 192.168.122.99,192.168.122.100 "GET /v2.0/ports?network_id=ac011c55-b6a7-47ea-8cbd-e23ebd4a99de&tags=tripleo_stack_name%3Dovercloud&tags=tripleo_vip_net%3Dstorage HTTP/1.1" status: 200 len: 186 time: 0.0731230
2025-10-03 07:46:50.404 15 DEBUG neutron.api.v2.base [req-761549e3-f7f4-4cfa-8630-f6b3f92751c7 8d70fbdb448f4f80ad23b62899876656 59f741bbd2644e0eaa1829055855c7d1 - default default] Request body: {'port': {'name': 'storage_vip', 'fixed_ips': [{'subnet_id': '4df3f3c2-415b-4d70-a30c-020fafd82b86'}], 'dns_name': 'overcloud', 'network_id': 'ac011c55-b6a7-47ea-8cbd-e23ebd4a99de'}} prepare_request_body /usr/lib/python3.9/site-packages/neutron/api/v2/base.py:729
2025-10-03 07:46:50.418 15 DEBUG neutron.pecan_wsgi.hooks.quota_enforcement [req-761549e3-f7f4-4cfa-8630-f6b3f92751c7 8d70fbdb448f4f80ad23b62899876656 59f741bbd2644e0eaa1829055855c7d1 - default default] Made reservation on behalf of 59f741bbd2644e0eaa1829055855c7d1 for: {'port': 1} before /usr/lib/python3.9/site-packages/neutron/pecan_wsgi/hooks/quota_enforcement.py:53
2025-10-03 07:46:50.420 15 DEBUG neutron_lib.callbacks.manager [req-761549e3-f7f4-4cfa-8630-f6b3f92751c7 8d70fbdb448f4f80ad23b62899876656 59f741bbd2644e0eaa1829055855c7d1 - default default] Notify callbacks ['neutron.plugins.ml2.plugin.SecurityGroupDbMixin._ensure_default_security_group_handler-564597'] for port, before_create _notify_loop /usr/lib/python3.9/site-packages/neutron_lib/callbacks/manager.py:200
2025-10-03 07:46:50.433 18 DEBUG neutron.notifiers.nova [req-63a272d3-9ba2-450a-a7dc-d2b55d3496ed 8d70fbdb448f4f80ad23b62899876656 59f741bbd2644e0eaa1829055855c7d1 - default default] device_id is not set on port 68119feb-4b17-45a7-a289-0a3bedce2f1a yet. _can_notify /usr/lib/python3.9/site-packages/neutron/notifiers/nova.py:201
2025-10-03 07:46:50.443 17 DEBUG neutron.wsgi [-] (17) accepted ('192.168.122.100', 49520) server /usr/lib/python3.9/site-packages/eventlet/wsgi.py:992
2025-10-03 07:46:50.445 17 INFO neutron.wsgi [-] 192.168.122.100 "GET /healthcheck HTTP/1.0" status: 200 len: 137 time: 0.0013814
2025-10-03 07:46:50.454 18 DEBUG neutron.notifiers.nova [req-406e1527-c16c-466a-ade4-47549e2be790 8d70fbdb448f4f80ad23b62899876656 59f741bbd2644e0eaa1829055855c7d1 - default default] device_id is not set on port f172f8a3-6ed8-49c8-8630-f9e43a82185b yet. _can_notify /usr/lib/python3.9/site-packages/neutron/notifiers/nova.py:201
2025-10-03 07:46:50.461 15 DEBUG neutron.notifiers.nova [req-761549e3-f7f4-4cfa-8630-f6b3f92751c7 8d70fbdb448f4f80ad23b62899876656 59f741bbd2644e0eaa1829055855c7d1 - default default] device_id is not set on port 8071b378-f131-4d01-9564-96839eb5eaff yet. _can_notify /usr/lib/python3.9/site-packages/neutron/notifiers/nova.py:201
2025-10-03 07:46:50.476 17 DEBUG neutron.db.db_base_plugin_common [req-b0bce3b6-f0d6-4028-bffb-f9ec2e46fdf8 8d70fbdb448f4f80ad23b62899876656 59f741bbd2644e0eaa1829055855c7d1 - default default] Allocated IP 172.17.0.175 (cc697f13-0ace-4bfe-af90-8e3263a1cf7e/f5d34f91-c083-406b-95c3-07b2d2da998a/817f25ed-40b9-43a1-a6f5-221f50cfa246) _store_ip_allocation /usr/lib/python3.9/site-packages/neutron/db/db_base_plugin_common.py:131
2025-10-03 07:46:50.527 16 DEBUG neutron.policy [req-d60a7e8b-b322-4ea9-8cc8-ff3ee7fdf5c8 8d70fbdb448f4f80ad23b62899876656 59f741bbd2644e0eaa1829055855c7d1 - default default] Loaded default policies from ['networking-bgpvpn', 'neutron'] under neutron.policies entry points register_rules /usr/lib/python3.9/site-packages/neutron/policy.py:73
2025-10-03 07:46:50.552 16 INFO neutron.wsgi [req-d60a7e8b-b322-4ea9-8cc8-ff3ee7fdf5c8 8d70fbdb448f4f80ad23b62899876656 59f741bbd2644e0eaa1829055855c7d1 - default default] 192.168.122.99,192.168.122.100 "GET /v2.0/ports?network_id=e88ab0e2-0e02-47ac-bd7b-c0bcb7e0e13e&tags=tripleo_stack_name%3Dovercloud&tags=tripleo_vip_net%3Dctlplane HTTP/1.1" status: 200 len: 186 time: 0.2232797
2025-10-03 07:46:50.558 16 DEBUG neutron.api.v2.base [req-31da4e90-170c-473a-8aab-f5ed70338ec0 8d70fbdb448f4f80ad23b62899876656 59f741bbd2644e0eaa1829055855c7d1 - default default] Request body: {'port': {'name': 'ctlplane_vip', 'fixed_ips': [{'ip_address': '192.168.122.99'}], 'dns_name': 'overcloud', 'network_id': 'e88ab0e2-0e02-47ac-bd7b-c0bcb7e0e13e'}} prepare_request_body /usr/lib/python3.9/site-packages/neutron/api/v2/base.py:729
2025-10-03 07:46:50.561 15 DEBUG neutron.db.db_base_plugin_common [req-761549e3-f7f4-4cfa-8630-f6b3f92751c7 8d70fbdb448f4f80ad23b62899876656 59f741bbd2644e0eaa1829055855c7d1 - default default] Allocated IP 172.18.0.145 (ac011c55-b6a7-47ea-8cbd-e23ebd4a99de/4df3f3c2-415b-4d70-a30c-020fafd82b86/8071b378-f131-4d01-9564-96839eb5eaff) _store_ip_allocation /usr/lib/python3.9/site-packages/neutron/db/db_base_plugin_common.py:131
2025-10-03 07:46:50.574 16 DEBUG neutron.pecan_wsgi.hooks.quota_enforcement [req-31da4e90-170c-473a-8aab-f5ed70338ec0 8d70fbdb448f4f80ad23b62899876656 59f741bbd2644e0eaa1829055855c7d1 - default default] Made reservation on behalf of 59f741bbd2644e0eaa1829055855c7d1 for: {'port': 1} before /usr/lib/python3.9/site-packages/neutron/pecan_wsgi/hooks/quota_enforcement.py:53
2025-10-03 07:46:50.576 16 DEBUG neutron_lib.callbacks.manager [req-31da4e90-170c-473a-8aab-f5ed70338ec0 8d70fbdb448f4f80ad23b62899876656 59f741bbd2644e0eaa1829055855c7d1 - default default] Notify callbacks ['neutron.plugins.ml2.plugin.SecurityGroupDbMixin._ensure_default_security_group_handler-564597'] for port, before_create _notify_loop /usr/lib/python3.9/site-packages/neutron_lib/callbacks/manager.py:200
2025-10-03 07:46:50.590 18 DEBUG neutron.db.db_base_plugin_common [req-63a272d3-9ba2-450a-a7dc-d2b55d3496ed 8d70fbdb448f4f80ad23b62899876656 59f741bbd2644e0eaa1829055855c7d1 - default default] Allocated IP 172.20.0.171 (b32bca2f-1027-468f-aa41-7b7a8b19330a/ce7acb25-6c17-4122-ac2c-b207b28830bc/68119feb-4b17-45a7-a289-0a3bedce2f1a) _store_ip_allocation /usr/lib/python3.9/site-packages/neutron/db/db_base_plugin_common.py:131
2025-10-03 07:46:50.594 16 DEBUG neutron.notifiers.nova [req-31da4e90-170c-473a-8aab-f5ed70338ec0 8d70fbdb448f4f80ad23b62899876656 59f741bbd2644e0eaa1829055855c7d1 - default default] device_id is not set on port 5babe4df-8f53-41dc-a33d-15778ab7be1d yet. _can_notify /usr/lib/python3.9/site-packages/neutron/notifiers/nova.py:201
2025-10-03 07:46:50.594 18 DEBUG neutron.db.db_base_plugin_common [req-406e1527-c16c-466a-ade4-47549e2be790 8d70fbdb448f4f80ad23b62899876656 59f741bbd2644e0eaa1829055855c7d1 - default default] Allocated IP 172.21.0.172 (4d21a74b-23c4-48e2-bceb-7e1cd0a091d5/615bf513-132b-4c23-a8dc-0230c24d7b8e/f172f8a3-6ed8-49c8-8630-f9e43a82185b) _store_ip_allocation /usr/lib/python3.9/site-packages/neutron/db/db_base_plugin_common.py:131
2025-10-03 07:46:50.617 17 DEBUG neutron_lib.callbacks.manager [req-b0bce3b6-f0d6-4028-bffb-f9ec2e46fdf8 8d70fbdb448f4f80ad23b62899876656 59f741bbd2644e0eaa1829055855c7d1 - default default] Notify callbacks [] for port, precommit_create _notify_loop /usr/lib/python3.9/site-packages/neutron_lib/callbacks/manager.py:200
2025-10-03 07:46:50.647 17 DEBUG neutron_lib.callbacks.manager [req-b0bce3b6-f0d6-4028-bffb-f9ec2e46fdf8 8d70fbdb448f4f80ad23b62899876656 59f741bbd2644e0eaa1829055855c7d1 - default default] Notify callbacks ['neutron.plugins.ml2.plugin.SecurityGroupServerNotifierRpcMixin.notify_sg_on_port_change-586369', 'neutron.plugins.ml2.extensions.dns_integration._create_port_in_external_dns_service-8789093001256', 'neutron.plugins.ml2.ovo_rpc._ObjectChangeHandler.handle_event-472556', 'neutron.api.rpc.agentnotifiers.dhcp_rpc_agent_api.DhcpAgentNotifyAPI._native_event_send_dhcp_notification-8116611', 'neutron.services.segments.plugin.NovaSegmentNotifier._notify_port_created_or_deleted-7935516'] for port, after_create _notify_loop /usr/lib/python3.9/site-packages/neutron_lib/callbacks/manager.py:200
2025-10-03 07:46:50.689 17 DEBUG neutron.api.rpc.handlers.resources_rpc [req-b0bce3b6-f0d6-4028-bffb-f9ec2e46fdf8 8d70fbdb448f4f80ad23b62899876656 59f741bbd2644e0eaa1829055855c7d1 - - -] Pushing event updated for resources: {'Port': ['ID=817f25ed-40b9-43a1-a6f5-221f50cfa246,revision_number=1']} push /usr/lib/python3.9/site-packages/neutron/api/rpc/handlers/resources_rpc.py:237
2025-10-03 07:46:50.693 17 DEBUG neutron.plugins.ml2.drivers.mech_agent [req-b0bce3b6-f0d6-4028-bffb-f9ec2e46fdf8 8d70fbdb448f4f80ad23b62899876656 59f741bbd2644e0eaa1829055855c7d1 - default default] Checking segment: {'id': '75156caf-816b-421c-8763-fdb70aaa41ee', 'network_type': 'flat', 'physical_network': 'internal_api_internal_api_subnet', 'segmentation_id': None, 'network_id': 'cc697f13-0ace-4bfe-af90-8e3263a1cf7e'} for mappings: {'ctlplane': 'br-ctlplane'} with network types: ['local', 'flat', 'vlan'] check_segment_for_agent /usr/lib/python3.9/site-packages/neutron/plugins/ml2/drivers/mech_agent.py:343
2025-10-03 07:46:50.693 17 DEBUG neutron.plugins.ml2.drivers.mech_agent [req-b0bce3b6-f0d6-4028-bffb-f9ec2e46fdf8 8d70fbdb448f4f80ad23b62899876656 59f741bbd2644e0eaa1829055855c7d1 - default default] Network cc697f13-0ace-4bfe-af90-8e3263a1cf7e with segment 75156caf-816b-421c-8763-fdb70aaa41ee is connected to physical network internal_api_internal_api_subnet, but agent undercloud.ooo.test reported physical networks {'ctlplane': 'br-ctlplane'}. The physical network must be configured on the agent if binding is to succeed. check_segment_for_agent /usr/lib/python3.9/site-packages/neutron/plugins/ml2/drivers/mech_agent.py:365
2025-10-03 07:46:50.696 17 DEBUG neutron.scheduler.dhcp_agent_scheduler [req-b0bce3b6-f0d6-4028-bffb-f9ec2e46fdf8 8d70fbdb448f4f80ad23b62899876656 59f741bbd2644e0eaa1829055855c7d1 - default default] Network hostable DHCP agents. Network: cc697f13-0ace-4bfe-af90-8e3263a1cf7e, hostable agents: [], hosted agents: [] _get_network_hostable_dhcp_agents /usr/lib/python3.9/site-packages/neutron/scheduler/dhcp_agent_scheduler.py:329
2025-10-03 07:46:50.696 17 DEBUG neutron.scheduler.base_scheduler [req-b0bce3b6-f0d6-4028-bffb-f9ec2e46fdf8 8d70fbdb448f4f80ad23b62899876656 59f741bbd2644e0eaa1829055855c7d1 - default default] Resources bound (agent type, host, resource id): schedule /usr/lib/python3.9/site-packages/neutron/scheduler/base_scheduler.py:57
2025-10-03 07:46:50.696 17 WARNING neutron.api.rpc.agentnotifiers.dhcp_rpc_agent_api [req-b0bce3b6-f0d6-4028-bffb-f9ec2e46fdf8 8d70fbdb448f4f80ad23b62899876656 59f741bbd2644e0eaa1829055855c7d1 - default default] Unable to schedule network cc697f13-0ace-4bfe-af90-8e3263a1cf7e: no agents available; will retry on subsequent port and subnet creation events.
2025-10-03 07:46:50.696 17 DEBUG neutron.api.rpc.agentnotifiers.dhcp_rpc_agent_api [req-b0bce3b6-f0d6-4028-bffb-f9ec2e46fdf8 8d70fbdb448f4f80ad23b62899876656 59f741bbd2644e0eaa1829055855c7d1 - default default] Network cc697f13-0ace-4bfe-af90-8e3263a1cf7e is not hosted by any dhcp agent _notify_agents /usr/lib/python3.9/site-packages/neutron/api/rpc/agentnotifiers/dhcp_rpc_agent_api.py:228
2025-10-03 07:46:50.718 17 DEBUG neutron.pecan_wsgi.hooks.policy_enforcement [req-b0bce3b6-f0d6-4028-bffb-f9ec2e46fdf8 8d70fbdb448f4f80ad23b62899876656 59f741bbd2644e0eaa1829055855c7d1 - default default] Attributes excluded by policy engine: ['standard_attr_id', 'network'] _exclude_attributes_by_policy /usr/lib/python3.9/site-packages/neutron/pecan_wsgi/hooks/policy_enforcement.py:259
2025-10-03 07:46:50.718 17 DEBUG neutron_lib.callbacks.manager [req-b0bce3b6-f0d6-4028-bffb-f9ec2e46fdf8 8d70fbdb448f4f80ad23b62899876656 59f741bbd2644e0eaa1829055855c7d1 - default default] Notify callbacks ['neutron.notifiers.nova.Notifier._send_nova_notification-415657', 'neutron.api.rpc.agentnotifiers.dhcp_rpc_agent_api.DhcpAgentNotifyAPI._send_dhcp_notification-8116721'] for port, before_response _notify_loop /usr/lib/python3.9/site-packages/neutron_lib/callbacks/manager.py:200
2025-10-03 07:46:50.738 17 INFO neutron.wsgi [req-b0bce3b6-f0d6-4028-bffb-f9ec2e46fdf8 8d70fbdb448f4f80ad23b62899876656 59f741bbd2644e0eaa1829055855c7d1 - default default] 192.168.122.99,192.168.122.100 "POST /v2.0/ports HTTP/1.1" status: 201 len: 1155 time: 0.3775616
2025-10-03 07:46:50.749 17 DEBUG neutron.services.tag.tag_plugin [req-c342d696-bf79-41e4-ab22-f6dcc8be043e 8d70fbdb448f4f80ad23b62899876656 59f741bbd2644e0eaa1829055855c7d1 - default default] neutron.services.tag.tag_plugin.TagPlugin method update_tags called with arguments (, 'ports', '817f25ed-40b9-43a1-a6f5-221f50cfa246', {'tags': ['tripleo_stack_name=overcloud', 'tripleo_vip_net=internal_api']}) {} wrapper /usr/lib/python3.9/site-packages/oslo_log/helpers.py:65
2025-10-03 07:46:50.750 16 DEBUG neutron.db.db_base_plugin_common [req-31da4e90-170c-473a-8aab-f5ed70338ec0 8d70fbdb448f4f80ad23b62899876656 59f741bbd2644e0eaa1829055855c7d1 - default default] Allocated IP 192.168.122.99 (e88ab0e2-0e02-47ac-bd7b-c0bcb7e0e13e/4cad7fe8-49b5-4baf-a536-ecf293cf1f1c/5babe4df-8f53-41dc-a33d-15778ab7be1d) _store_ip_allocation /usr/lib/python3.9/site-packages/neutron/db/db_base_plugin_common.py:131
2025-10-03 07:46:50.810 17 INFO neutron.wsgi [req-c342d696-bf79-41e4-ab22-f6dcc8be043e 8d70fbdb448f4f80ad23b62899876656 59f741bbd2644e0eaa1829055855c7d1 - default default] 192.168.122.99,192.168.122.100 "PUT /v2.0/ports/817f25ed-40b9-43a1-a6f5-221f50cfa246/tags HTTP/1.1" status: 200 len: 248 time: 0.0671597
2025-10-03 07:46:50.826 15 DEBUG neutron_lib.callbacks.manager [req-761549e3-f7f4-4cfa-8630-f6b3f92751c7 8d70fbdb448f4f80ad23b62899876656 59f741bbd2644e0eaa1829055855c7d1 - default default] Notify callbacks [] for port, precommit_create _notify_loop /usr/lib/python3.9/site-packages/neutron_lib/callbacks/manager.py:200
2025-10-03 07:46:50.861 15 DEBUG neutron_lib.callbacks.manager [req-761549e3-f7f4-4cfa-8630-f6b3f92751c7 8d70fbdb448f4f80ad23b62899876656 59f741bbd2644e0eaa1829055855c7d1 - default default] Notify callbacks ['neutron.plugins.ml2.plugin.SecurityGroupServerNotifierRpcMixin.notify_sg_on_port_change-586369', 'neutron.plugins.ml2.extensions.dns_integration._create_port_in_external_dns_service-8789093001256', 'neutron.plugins.ml2.ovo_rpc._ObjectChangeHandler.handle_event-472556', 'neutron.api.rpc.agentnotifiers.dhcp_rpc_agent_api.DhcpAgentNotifyAPI._native_event_send_dhcp_notification-8116611', 'neutron.services.segments.plugin.NovaSegmentNotifier._notify_port_created_or_deleted-7935516'] for port, after_create _notify_loop /usr/lib/python3.9/site-packages/neutron_lib/callbacks/manager.py:200
2025-10-03 07:46:50.899 18 DEBUG neutron_lib.callbacks.manager [req-63a272d3-9ba2-450a-a7dc-d2b55d3496ed 8d70fbdb448f4f80ad23b62899876656 59f741bbd2644e0eaa1829055855c7d1 - default default] Notify callbacks [] for port, precommit_create _notify_loop /usr/lib/python3.9/site-packages/neutron_lib/callbacks/manager.py:200
2025-10-03 07:46:50.901 18 DEBUG neutron_lib.callbacks.manager [req-406e1527-c16c-466a-ade4-47549e2be790 8d70fbdb448f4f80ad23b62899876656 59f741bbd2644e0eaa1829055855c7d1 - default default] Notify callbacks [] for port, precommit_create _notify_loop /usr/lib/python3.9/site-packages/neutron_lib/callbacks/manager.py:200
2025-10-03 07:46:50.903 15 DEBUG neutron.api.rpc.handlers.resources_rpc [req-761549e3-f7f4-4cfa-8630-f6b3f92751c7 8d70fbdb448f4f80ad23b62899876656 59f741bbd2644e0eaa1829055855c7d1 - - -] Pushing event updated for resources: {'Port': ['ID=8071b378-f131-4d01-9564-96839eb5eaff,revision_number=1']} push /usr/lib/python3.9/site-packages/neutron/api/rpc/handlers/resources_rpc.py:237
2025-10-03 07:46:50.912 15 DEBUG neutron.plugins.ml2.drivers.mech_agent [req-761549e3-f7f4-4cfa-8630-f6b3f92751c7 8d70fbdb448f4f80ad23b62899876656 59f741bbd2644e0eaa1829055855c7d1 - default default] Checking segment: {'id': '195d753a-e7ba-449e-be5b-39281a2e58a2', 'network_type': 'flat', 'physical_network': 'storage_storage_subnet', 'segmentation_id': None, 'network_id': 'ac011c55-b6a7-47ea-8cbd-e23ebd4a99de'} for mappings: {'ctlplane': 'br-ctlplane'} with network types: ['local', 'flat', 'vlan'] check_segment_for_agent /usr/lib/python3.9/site-packages/neutron/plugins/ml2/drivers/mech_agent.py:343
2025-10-03 07:46:50.912 15 DEBUG neutron.plugins.ml2.drivers.mech_agent [req-761549e3-f7f4-4cfa-8630-f6b3f92751c7 8d70fbdb448f4f80ad23b62899876656 59f741bbd2644e0eaa1829055855c7d1 - default default] Network ac011c55-b6a7-47ea-8cbd-e23ebd4a99de with segment 195d753a-e7ba-449e-be5b-39281a2e58a2 is connected to physical network storage_storage_subnet, but agent undercloud.ooo.test reported physical networks {'ctlplane': 'br-ctlplane'}. The physical network must be configured on the agent if binding is to succeed. check_segment_for_agent /usr/lib/python3.9/site-packages/neutron/plugins/ml2/drivers/mech_agent.py:365
2025-10-03 07:46:50.915 15 DEBUG neutron.scheduler.dhcp_agent_scheduler [req-761549e3-f7f4-4cfa-8630-f6b3f92751c7 8d70fbdb448f4f80ad23b62899876656 59f741bbd2644e0eaa1829055855c7d1 - default default] Network hostable DHCP agents. Network: ac011c55-b6a7-47ea-8cbd-e23ebd4a99de, hostable agents: [], hosted agents: [] _get_network_hostable_dhcp_agents /usr/lib/python3.9/site-packages/neutron/scheduler/dhcp_agent_scheduler.py:329
2025-10-03 07:46:50.915 15 DEBUG neutron.scheduler.base_scheduler [req-761549e3-f7f4-4cfa-8630-f6b3f92751c7 8d70fbdb448f4f80ad23b62899876656 59f741bbd2644e0eaa1829055855c7d1 - default default] Resources bound (agent type, host, resource id): schedule /usr/lib/python3.9/site-packages/neutron/scheduler/base_scheduler.py:57
2025-10-03 07:46:50.915 15 WARNING neutron.api.rpc.agentnotifiers.dhcp_rpc_agent_api [req-761549e3-f7f4-4cfa-8630-f6b3f92751c7 8d70fbdb448f4f80ad23b62899876656 59f741bbd2644e0eaa1829055855c7d1 - default default] Unable to schedule network ac011c55-b6a7-47ea-8cbd-e23ebd4a99de: no agents available; will retry on subsequent port and subnet creation events.
2025-10-03 07:46:50.916 15 DEBUG neutron.api.rpc.agentnotifiers.dhcp_rpc_agent_api [req-761549e3-f7f4-4cfa-8630-f6b3f92751c7 8d70fbdb448f4f80ad23b62899876656 59f741bbd2644e0eaa1829055855c7d1 - default default] Network ac011c55-b6a7-47ea-8cbd-e23ebd4a99de is not hosted by any dhcp agent _notify_agents /usr/lib/python3.9/site-packages/neutron/api/rpc/agentnotifiers/dhcp_rpc_agent_api.py:228
2025-10-03 07:46:50.938 18 DEBUG neutron_lib.callbacks.manager [req-63a272d3-9ba2-450a-a7dc-d2b55d3496ed 8d70fbdb448f4f80ad23b62899876656 59f741bbd2644e0eaa1829055855c7d1 - default default] Notify callbacks ['neutron.plugins.ml2.plugin.SecurityGroupServerNotifierRpcMixin.notify_sg_on_port_change-586369', 'neutron.plugins.ml2.extensions.dns_integration._create_port_in_external_dns_service-8789093001256', 'neutron.plugins.ml2.ovo_rpc._ObjectChangeHandler.handle_event-472556', 'neutron.api.rpc.agentnotifiers.dhcp_rpc_agent_api.DhcpAgentNotifyAPI._native_event_send_dhcp_notification-8116611', 'neutron.services.segments.plugin.NovaSegmentNotifier._notify_port_created_or_deleted-7935516'] for port, after_create _notify_loop /usr/lib/python3.9/site-packages/neutron_lib/callbacks/manager.py:200
2025-10-03 07:46:50.940 15 DEBUG neutron.pecan_wsgi.hooks.policy_enforcement [req-761549e3-f7f4-4cfa-8630-f6b3f92751c7 8d70fbdb448f4f80ad23b62899876656 59f741bbd2644e0eaa1829055855c7d1 - default default] Attributes excluded by policy engine: ['standard_attr_id', 'network'] _exclude_attributes_by_policy /usr/lib/python3.9/site-packages/neutron/pecan_wsgi/hooks/policy_enforcement.py:259
2025-10-03 07:46:50.940 15 DEBUG neutron_lib.callbacks.manager [req-761549e3-f7f4-4cfa-8630-f6b3f92751c7 8d70fbdb448f4f80ad23b62899876656 59f741bbd2644e0eaa1829055855c7d1 - default default] Notify callbacks ['neutron.notifiers.nova.Notifier._send_nova_notification-415657', 'neutron.api.rpc.agentnotifiers.dhcp_rpc_agent_api.DhcpAgentNotifyAPI._send_dhcp_notification-8116721'] for port, before_response _notify_loop /usr/lib/python3.9/site-packages/neutron_lib/callbacks/manager.py:200
2025-10-03 07:46:50.956 15 INFO neutron.wsgi [req-761549e3-f7f4-4cfa-8630-f6b3f92751c7 8d70fbdb448f4f80ad23b62899876656 59f741bbd2644e0eaa1829055855c7d1 - default default] 192.168.122.99,192.168.122.100 "POST /v2.0/ports HTTP/1.1" status: 201 len: 1150 time: 0.5573590
2025-10-03 07:46:50.956 18 DEBUG neutron_lib.callbacks.manager [req-406e1527-c16c-466a-ade4-47549e2be790 8d70fbdb448f4f80ad23b62899876656 59f741bbd2644e0eaa1829055855c7d1 - default default] Notify callbacks ['neutron.plugins.ml2.plugin.SecurityGroupServerNotifierRpcMixin.notify_sg_on_port_change-586369', 'neutron.plugins.ml2.extensions.dns_integration._create_port_in_external_dns_service-8789093001256', 'neutron.plugins.ml2.ovo_rpc._ObjectChangeHandler.handle_event-472556', 'neutron.api.rpc.agentnotifiers.dhcp_rpc_agent_api.DhcpAgentNotifyAPI._native_event_send_dhcp_notification-8116611', 'neutron.services.segments.plugin.NovaSegmentNotifier._notify_port_created_or_deleted-7935516'] for port, after_create _notify_loop /usr/lib/python3.9/site-packages/neutron_lib/callbacks/manager.py:200
2025-10-03 07:46:50.961 15 DEBUG neutron.services.tag.tag_plugin [req-18adac05-ce33-417c-814b-e74c48749739 8d70fbdb448f4f80ad23b62899876656 59f741bbd2644e0eaa1829055855c7d1 - default default] neutron.services.tag.tag_plugin.TagPlugin method update_tags called with arguments (, 'ports', '8071b378-f131-4d01-9564-96839eb5eaff', {'tags': ['tripleo_stack_name=overcloud', 'tripleo_vip_net=storage']}) {} wrapper /usr/lib/python3.9/site-packages/oslo_log/helpers.py:65
2025-10-03 07:46:50.991 18 DEBUG neutron.api.rpc.handlers.resources_rpc [req-63a272d3-9ba2-450a-a7dc-d2b55d3496ed 8d70fbdb448f4f80ad23b62899876656 59f741bbd2644e0eaa1829055855c7d1 - - -] Pushing event updated for resources: {'Port': ['ID=68119feb-4b17-45a7-a289-0a3bedce2f1a,revision_number=1']} push /usr/lib/python3.9/site-packages/neutron/api/rpc/handlers/resources_rpc.py:237
2025-10-03 07:46:50.996 15 INFO neutron.wsgi [req-18adac05-ce33-417c-814b-e74c48749739 8d70fbdb448f4f80ad23b62899876656 59f741bbd2644e0eaa1829055855c7d1 - default default] 192.168.122.99,192.168.122.100 "PUT /v2.0/ports/8071b378-f131-4d01-9564-96839eb5eaff/tags HTTP/1.1" status: 200 len: 243 time: 0.0372329
2025-10-03 07:46:50.999 16 DEBUG neutron_lib.callbacks.manager [req-31da4e90-170c-473a-8aab-f5ed70338ec0 8d70fbdb448f4f80ad23b62899876656 59f741bbd2644e0eaa1829055855c7d1 - default default] Notify callbacks [] for port, precommit_create _notify_loop /usr/lib/python3.9/site-packages/neutron_lib/callbacks/manager.py:200
2025-10-03 07:46:51.008 16 DEBUG neutron.db.provisioning_blocks [req-31da4e90-170c-473a-8aab-f5ed70338ec0 8d70fbdb448f4f80ad23b62899876656 59f741bbd2644e0eaa1829055855c7d1 - default default] Transition to ACTIVE for port object 5babe4df-8f53-41dc-a33d-15778ab7be1d will not be triggered until provisioned by entity DHCP. add_provisioning_component /usr/lib/python3.9/site-packages/neutron/db/provisioning_blocks.py:74
2025-10-03 07:46:51.020 18 DEBUG neutron.plugins.ml2.drivers.mech_agent [req-63a272d3-9ba2-450a-a7dc-d2b55d3496ed 8d70fbdb448f4f80ad23b62899876656 59f741bbd2644e0eaa1829055855c7d1 - default default] Checking segment: {'id': '0a4cf626-ddbe-4d6b-933b-cc8a20409810', 'network_type': 'flat', 'physical_network': 'storage_mgmt_storage_mgmt_subnet', 'segmentation_id': None, 'network_id': 'b32bca2f-1027-468f-aa41-7b7a8b19330a'} for mappings: {'ctlplane': 'br-ctlplane'} with network types: ['local', 'flat', 'vlan'] check_segment_for_agent /usr/lib/python3.9/site-packages/neutron/plugins/ml2/drivers/mech_agent.py:343
2025-10-03 07:46:51.020 18 DEBUG neutron.plugins.ml2.drivers.mech_agent [req-63a272d3-9ba2-450a-a7dc-d2b55d3496ed 8d70fbdb448f4f80ad23b62899876656 59f741bbd2644e0eaa1829055855c7d1 - default default] Network b32bca2f-1027-468f-aa41-7b7a8b19330a with segment 0a4cf626-ddbe-4d6b-933b-cc8a20409810 is connected to physical network storage_mgmt_storage_mgmt_subnet, but agent undercloud.ooo.test reported physical networks {'ctlplane': 'br-ctlplane'}. The physical network must be configured on the agent if binding is to succeed. check_segment_for_agent /usr/lib/python3.9/site-packages/neutron/plugins/ml2/drivers/mech_agent.py:365
2025-10-03 07:46:51.028 18 DEBUG neutron.plugins.ml2.drivers.mech_agent [req-406e1527-c16c-466a-ade4-47549e2be790 8d70fbdb448f4f80ad23b62899876656 59f741bbd2644e0eaa1829055855c7d1 - default default] Checking segment: {'id': '3e19e696-5575-4079-9504-5d95141cd4c6', 'network_type': 'flat', 'physical_network': 'external_external_subnet', 'segmentation_id': None, 'network_id': '4d21a74b-23c4-48e2-bceb-7e1cd0a091d5'} for mappings: {'ctlplane': 'br-ctlplane'} with network types: ['local', 'flat', 'vlan'] check_segment_for_agent /usr/lib/python3.9/site-packages/neutron/plugins/ml2/drivers/mech_agent.py:343
2025-10-03 07:46:51.029 18 DEBUG neutron.plugins.ml2.drivers.mech_agent [req-406e1527-c16c-466a-ade4-47549e2be790 8d70fbdb448f4f80ad23b62899876656 59f741bbd2644e0eaa1829055855c7d1 - default default] Network 4d21a74b-23c4-48e2-bceb-7e1cd0a091d5 with segment 3e19e696-5575-4079-9504-5d95141cd4c6 is connected to physical network external_external_subnet, but agent undercloud.ooo.test reported physical networks {'ctlplane': 'br-ctlplane'}. The physical network must be configured on the agent if binding is to succeed. check_segment_for_agent /usr/lib/python3.9/site-packages/neutron/plugins/ml2/drivers/mech_agent.py:365
2025-10-03 07:46:51.032 18 DEBUG neutron.scheduler.dhcp_agent_scheduler [req-63a272d3-9ba2-450a-a7dc-d2b55d3496ed 8d70fbdb448f4f80ad23b62899876656 59f741bbd2644e0eaa1829055855c7d1 - default default] Network hostable DHCP agents. Network: b32bca2f-1027-468f-aa41-7b7a8b19330a, hostable agents: [], hosted agents: [] _get_network_hostable_dhcp_agents /usr/lib/python3.9/site-packages/neutron/scheduler/dhcp_agent_scheduler.py:329
2025-10-03 07:46:51.032 18 DEBUG neutron.scheduler.base_scheduler [req-63a272d3-9ba2-450a-a7dc-d2b55d3496ed 8d70fbdb448f4f80ad23b62899876656 59f741bbd2644e0eaa1829055855c7d1 - default default] Resources bound (agent type, host, resource id): schedule /usr/lib/python3.9/site-packages/neutron/scheduler/base_scheduler.py:57
2025-10-03 07:46:51.032 18 WARNING neutron.api.rpc.agentnotifiers.dhcp_rpc_agent_api [req-63a272d3-9ba2-450a-a7dc-d2b55d3496ed 8d70fbdb448f4f80ad23b62899876656 59f741bbd2644e0eaa1829055855c7d1 - default default] Unable to schedule network b32bca2f-1027-468f-aa41-7b7a8b19330a: no agents available; will retry on subsequent port and subnet creation events.
2025-10-03 07:46:51.033 18 DEBUG neutron.api.rpc.agentnotifiers.dhcp_rpc_agent_api [req-63a272d3-9ba2-450a-a7dc-d2b55d3496ed 8d70fbdb448f4f80ad23b62899876656 59f741bbd2644e0eaa1829055855c7d1 - default default] Network b32bca2f-1027-468f-aa41-7b7a8b19330a is not hosted by any dhcp agent _notify_agents /usr/lib/python3.9/site-packages/neutron/api/rpc/agentnotifiers/dhcp_rpc_agent_api.py:228
