2025-10-03 07:58:36.194 16 DEBUG neutron.wsgi [-] (16) accepted ('192.168.122.100', 38004) server /usr/lib/python3.9/site-packages/eventlet/wsgi.py:992
2025-10-03 07:58:36.198 16 INFO neutron.wsgi [-] 192.168.122.100 "GET /healthcheck HTTP/1.0" status: 200 len: 137 time: 0.0029097
2025-10-03 07:58:38.199 16 DEBUG neutron.wsgi [-] (16) accepted ('192.168.122.100', 49454) server /usr/lib/python3.9/site-packages/eventlet/wsgi.py:992
2025-10-03 07:58:38.204 16 INFO neutron.wsgi [-] 192.168.122.100 "GET /healthcheck HTTP/1.0" status: 200 len: 137 time: 0.0027182
2025-10-03 07:58:38.239 18 DEBUG neutron.wsgi [-] (18) accepted ('192.168.122.100', 49470) server /usr/lib/python3.9/site-packages/eventlet/wsgi.py:992
2025-10-03 07:58:38.243 18 INFO neutron.wsgi [-] 192.168.122.100 "GET / HTTP/1.1" status: 200 len: 233 time: 0.0028534
2025-10-03 07:58:40.206 17 DEBUG neutron.wsgi [-] (17) accepted ('192.168.122.100', 49484) server /usr/lib/python3.9/site-packages/eventlet/wsgi.py:992
2025-10-03 07:58:40.208 17 INFO neutron.wsgi [-] 192.168.122.100 "GET /healthcheck HTTP/1.0" status: 200 len: 137 time: 0.0014384
2025-10-03 07:58:42.210 17 DEBUG neutron.wsgi [-] (17) accepted ('192.168.122.100', 49486) server /usr/lib/python3.9/site-packages/eventlet/wsgi.py:992
2025-10-03 07:58:42.213 17 INFO neutron.wsgi [-] 192.168.122.100 "GET /healthcheck HTTP/1.0" status: 200 len: 137 time: 0.0025189
2025-10-03 07:58:44.216 16 DEBUG neutron.wsgi [-] (16) accepted ('192.168.122.100', 49496) server /usr/lib/python3.9/site-packages/eventlet/wsgi.py:992
2025-10-03 07:58:44.219 16 INFO neutron.wsgi [-] 192.168.122.100 "GET /healthcheck HTTP/1.0" status: 200 len: 137 time: 0.0018408
2025-10-03 07:58:46.221 15 DEBUG neutron.wsgi [-] (15) accepted ('192.168.122.100', 49502) server /usr/lib/python3.9/site-packages/eventlet/wsgi.py:992
2025-10-03 07:58:46.225 15 INFO neutron.wsgi [-] 192.168.122.100 "GET /healthcheck HTTP/1.0" status: 200 len: 137 time: 0.0026538
2025-10-03 07:58:48.227 15 DEBUG neutron.wsgi [-] (15) accepted ('192.168.122.100', 43688) server /usr/lib/python3.9/site-packages/eventlet/wsgi.py:992
2025-10-03 07:58:48.229 15 INFO neutron.wsgi [-] 192.168.122.100 "GET /healthcheck HTTP/1.0" status: 200 len: 137 time: 0.0014720
2025-10-03 07:58:50.230 15 DEBUG neutron.wsgi [-] (15) accepted ('192.168.122.100', 43694) server /usr/lib/python3.9/site-packages/eventlet/wsgi.py:992
2025-10-03 07:58:50.233 15 INFO neutron.wsgi [-] 192.168.122.100 "GET /healthcheck HTTP/1.0" status: 200 len: 137 time: 0.0017612
2025-10-03 07:58:52.235 15 DEBUG neutron.wsgi [-] (15) accepted ('192.168.122.100', 43700) server /usr/lib/python3.9/site-packages/eventlet/wsgi.py:992
2025-10-03 07:58:52.239 15 INFO neutron.wsgi [-] 192.168.122.100 "GET /healthcheck HTTP/1.0" status: 200 len: 137 time: 0.0028491
2025-10-03 07:58:54.240 15 DEBUG neutron.wsgi [-] (15) accepted ('192.168.122.100', 43716) server /usr/lib/python3.9/site-packages/eventlet/wsgi.py:992
2025-10-03 07:58:54.244 15 INFO neutron.wsgi [-] 192.168.122.100 "GET /healthcheck HTTP/1.0" status: 200 len: 137 time: 0.0023313
2025-10-03 07:58:56.244 17 DEBUG neutron.wsgi [-] (17) accepted ('192.168.122.100', 43718) server /usr/lib/python3.9/site-packages/eventlet/wsgi.py:992
2025-10-03 07:58:56.248 17 INFO neutron.wsgi [-] 192.168.122.100 "GET /healthcheck HTTP/1.0" status: 200 len: 137 time: 0.0025010
2025-10-03 07:58:58.249 15 DEBUG neutron.wsgi [-] (15) accepted ('192.168.122.100', 41180) server /usr/lib/python3.9/site-packages/eventlet/wsgi.py:992
2025-10-03 07:58:58.253 15 INFO neutron.wsgi [-] 192.168.122.100 "GET /healthcheck HTTP/1.0" status: 200 len: 137 time: 0.0026829
2025-10-03 07:59:00.255 15 DEBUG neutron.wsgi [-] (15) accepted ('192.168.122.100', 41186) server /usr/lib/python3.9/site-packages/eventlet/wsgi.py:992
2025-10-03 07:59:00.259 15 INFO neutron.wsgi [-] 192.168.122.100 "GET /healthcheck HTTP/1.0" status: 200 len: 137 time: 0.0024276
2025-10-03 07:59:02.260 15 DEBUG neutron.wsgi [-] (15) accepted ('192.168.122.100', 41202) server /usr/lib/python3.9/site-packages/eventlet/wsgi.py:992
2025-10-03 07:59:02.262 15 INFO neutron.wsgi [-] 192.168.122.100 "GET /healthcheck HTTP/1.0" status: 200 len: 137 time: 0.0013316
2025-10-03 07:59:03.189 18 DEBUG neutron.wsgi [-] (18) accepted ('192.168.122.100', 41208) server /usr/lib/python3.9/site-packages/eventlet/wsgi.py:992
2025-10-03 07:59:03.262 18 INFO neutron.pecan_wsgi.hooks.translation [req-7c680e63-339d-4d60-b648-baf357e2bd5f 8d70fbdb448f4f80ad23b62899876656 59f741bbd2644e0eaa1829055855c7d1 - default default] GET failed (client error): The resource could not be found.
2025-10-03 07:59:03.264 18 INFO neutron.wsgi [req-7c680e63-339d-4d60-b648-baf357e2bd5f 8d70fbdb448f4f80ad23b62899876656 59f741bbd2644e0eaa1829055855c7d1 - default default] 192.168.122.99,192.168.122.100 "GET /v2.0/networks/ovn_mac_addr_net HTTP/1.1" status: 404 len: 300 time: 0.0742152
2025-10-03 07:59:03.287 18 INFO neutron.wsgi [req-75fdec0a-4567-4c01-aed1-ce4bc7a92891 8d70fbdb448f4f80ad23b62899876656 59f741bbd2644e0eaa1829055855c7d1 - default default] 192.168.122.99,192.168.122.100 "GET /v2.0/networks?name=ovn_mac_addr_net HTTP/1.1" status: 200 len: 189 time: 0.0193987
2025-10-03 07:59:03.295 18 DEBUG neutron.api.v2.base [req-9b98e515-20d0-41d3-ad9d-f53365567fde 8d70fbdb448f4f80ad23b62899876656 59f741bbd2644e0eaa1829055855c7d1 - default default] Request body: {'network': {'description': 'Network used to allocate MAC addresses for OVN chassis.', 'name': 'ovn_mac_addr_net'}} prepare_request_body /usr/lib/python3.9/site-packages/neutron/api/v2/base.py:729
2025-10-03 07:59:03.312 18 DEBUG neutron.pecan_wsgi.hooks.quota_enforcement [req-9b98e515-20d0-41d3-ad9d-f53365567fde 8d70fbdb448f4f80ad23b62899876656 59f741bbd2644e0eaa1829055855c7d1 - default default] Made reservation on behalf of 59f741bbd2644e0eaa1829055855c7d1 for: {'network': 1} before /usr/lib/python3.9/site-packages/neutron/pecan_wsgi/hooks/quota_enforcement.py:53
2025-10-03 07:59:03.314 18 DEBUG neutron_lib.callbacks.manager [req-9b98e515-20d0-41d3-ad9d-f53365567fde 8d70fbdb448f4f80ad23b62899876656 59f741bbd2644e0eaa1829055855c7d1 - default default] Notify callbacks ['neutron.plugins.ml2.plugin.SecurityGroupDbMixin._ensure_default_security_group_handler-564597'] for network, before_create _notify_loop /usr/lib/python3.9/site-packages/neutron_lib/callbacks/manager.py:200
2025-10-03 07:59:03.359 18 DEBUG neutron_lib.callbacks.manager [req-9b98e515-20d0-41d3-ad9d-f53365567fde 8d70fbdb448f4f80ad23b62899876656 59f741bbd2644e0eaa1829055855c7d1 - default default] Notify callbacks ['neutron.services.segments.db._add_segment_host_mapping_for_segment-8789093116775', 'neutron.plugins.ml2.plugin.Ml2Plugin._handle_segment_change-657414'] for segment, precommit_create _notify_loop /usr/lib/python3.9/site-packages/neutron_lib/callbacks/manager.py:200
2025-10-03 07:59:03.359 18 INFO neutron.db.segments_db [req-9b98e515-20d0-41d3-ad9d-f53365567fde 8d70fbdb448f4f80ad23b62899876656 59f741bbd2644e0eaa1829055855c7d1 - default default] Added segment 804d6af3-bc57-4708-8bec-2b3a9a056c76 of type local for network 44b04cee-7175-46b9-8e65-9334ed6991d7
2025-10-03 07:59:03.430 18 DEBUG neutron_lib.callbacks.manager [req-9b98e515-20d0-41d3-ad9d-f53365567fde 8d70fbdb448f4f80ad23b62899876656 59f741bbd2644e0eaa1829055855c7d1 - default default] Notify callbacks ['neutron.services.auto_allocate.db._ensure_external_network_default_value_callback-8789092471143'] for network, precommit_create _notify_loop /usr/lib/python3.9/site-packages/neutron_lib/callbacks/manager.py:200
2025-10-03 07:59:03.448 18 DEBUG neutron_lib.callbacks.manager [req-9b98e515-20d0-41d3-ad9d-f53365567fde 8d70fbdb448f4f80ad23b62899876656 59f741bbd2644e0eaa1829055855c7d1 - default default] Notify callbacks ['neutron.plugins.ml2.ovo_rpc._ObjectChangeHandler.handle_event-8080693', 'neutron.api.rpc.agentnotifiers.dhcp_rpc_agent_api.DhcpAgentNotifyAPI._native_event_send_dhcp_notification-8116611'] for network, after_create _notify_loop /usr/lib/python3.9/site-packages/neutron_lib/callbacks/manager.py:200
2025-10-03 07:59:03.449 18 DEBUG neutron.pecan_wsgi.hooks.policy_enforcement [req-9b98e515-20d0-41d3-ad9d-f53365567fde 8d70fbdb448f4f80ad23b62899876656 59f741bbd2644e0eaa1829055855c7d1 - default default] Attributes excluded by policy engine: ['standard_attr_id', 'vlan_transparent'] _exclude_attributes_by_policy /usr/lib/python3.9/site-packages/neutron/pecan_wsgi/hooks/policy_enforcement.py:259
2025-10-03 07:59:03.449 18 DEBUG neutron_lib.callbacks.manager [req-9b98e515-20d0-41d3-ad9d-f53365567fde 8d70fbdb448f4f80ad23b62899876656 59f741bbd2644e0eaa1829055855c7d1 - default default] Notify callbacks ['neutron.api.rpc.agentnotifiers.dhcp_rpc_agent_api.DhcpAgentNotifyAPI._send_dhcp_notification-8116721'] for network, before_response _notify_loop /usr/lib/python3.9/site-packages/neutron_lib/callbacks/manager.py:200
2025-10-03 07:59:03.533 18 INFO neutron.wsgi [req-9b98e515-20d0-41d3-ad9d-f53365567fde 8d70fbdb448f4f80ad23b62899876656 59f741bbd2644e0eaa1829055855c7d1 - default default] 192.168.122.99,192.168.122.100 "POST /v2.0/networks HTTP/1.1" status: 201 len: 918 time: 0.2408667
2025-10-03 07:59:03.551 15 DEBUG neutron.wsgi [-] (15) accepted ('192.168.122.100', 41218) server /usr/lib/python3.9/site-packages/eventlet/wsgi.py:992
2025-10-03 07:59:03.555 17 DEBUG neutron.wsgi [-] (17) accepted ('192.168.122.100', 41230) server /usr/lib/python3.9/site-packages/eventlet/wsgi.py:992
2025-10-03 07:59:03.571 18 INFO neutron.wsgi [req-2ffa9fd4-6be8-420b-83e1-03daa2240f26 8d70fbdb448f4f80ad23b62899876656 59f741bbd2644e0eaa1829055855c7d1 - default default] 192.168.122.99,192.168.122.100 "GET /v2.0/ports?name=np0005468026_ovn_physnet_datacentre&network_id=44b04cee-7175-46b9-8e65-9334ed6991d7&tags=tripleo_stack_name%3Dovercloud HTTP/1.1" status: 200 len: 186 time: 0.0261440
2025-10-03 07:59:03.571 18 DEBUG neutron.api.rpc.handlers.resources_rpc [req-9b98e515-20d0-41d3-ad9d-f53365567fde 8d70fbdb448f4f80ad23b62899876656 59f741bbd2644e0eaa1829055855c7d1 - - -] Pushing event updated for resources: {'Network': ['ID=44b04cee-7175-46b9-8e65-9334ed6991d7,revision_number=1']} push /usr/lib/python3.9/site-packages/neutron/api/rpc/handlers/resources_rpc.py:237
2025-10-03 07:59:03.575 18 DEBUG neutron.api.rpc.callbacks.version_manager [req-9b98e515-20d0-41d3-ad9d-f53365567fde 8d70fbdb448f4f80ad23b62899876656 59f741bbd2644e0eaa1829055855c7d1 - - -] Version for resource type AddressGroup changed None to 1.2 on consumer Open vSwitch agent@undercloud.ooo.test _set_version /usr/lib/python3.9/site-packages/neutron/api/rpc/callbacks/version_manager.py:113
2025-10-03 07:59:03.575 18 DEBUG neutron.api.rpc.callbacks.version_manager [req-9b98e515-20d0-41d3-ad9d-f53365567fde 8d70fbdb448f4f80ad23b62899876656 59f741bbd2644e0eaa1829055855c7d1 - - -] Version for resource type ConntrackHelper changed None to 1.0 on consumer Open vSwitch agent@undercloud.ooo.test _set_version /usr/lib/python3.9/site-packages/neutron/api/rpc/callbacks/version_manager.py:113
2025-10-03 07:59:03.576 18 DEBUG neutron.api.rpc.callbacks.version_manager [req-9b98e515-20d0-41d3-ad9d-f53365567fde 8d70fbdb448f4f80ad23b62899876656 59f741bbd2644e0eaa1829055855c7d1 - - -] Version for resource type Log changed None to 1.0 on consumer Open vSwitch agent@undercloud.ooo.test _set_version /usr/lib/python3.9/site-packages/neutron/api/rpc/callbacks/version_manager.py:113
2025-10-03 07:59:03.576 18 DEBUG neutron.api.rpc.callbacks.version_manager [req-9b98e515-20d0-41d3-ad9d-f53365567fde 8d70fbdb448f4f80ad23b62899876656 59f741bbd2644e0eaa1829055855c7d1 - - -] Version for resource type Network changed None to 1.1 on consumer Open vSwitch agent@undercloud.ooo.test _set_version /usr/lib/python3.9/site-packages/neutron/api/rpc/callbacks/version_manager.py:113
2025-10-03 07:59:03.576 18 DEBUG neutron.api.rpc.callbacks.version_manager [req-9b98e515-20d0-41d3-ad9d-f53365567fde 8d70fbdb448f4f80ad23b62899876656 59f741bbd2644e0eaa1829055855c7d1 - - -] Version for resource type Port changed None to 1.7 on consumer Open vSwitch agent@undercloud.ooo.test _set_version /usr/lib/python3.9/site-packages/neutron/api/rpc/callbacks/version_manager.py:113
2025-10-03 07:59:03.577 18 DEBUG neutron.api.rpc.callbacks.version_manager [req-9b98e515-20d0-41d3-ad9d-f53365567fde 8d70fbdb448f4f80ad23b62899876656 59f741bbd2644e0eaa1829055855c7d1 - - -] Version for resource type PortForwarding changed None to 1.2 on consumer Open vSwitch agent@undercloud.ooo.test _set_version /usr/lib/python3.9/site-packages/neutron/api/rpc/callbacks/version_manager.py:113
2025-10-03 07:59:03.577 18 DEBUG neutron.api.rpc.callbacks.version_manager [req-9b98e515-20d0-41d3-ad9d-f53365567fde 8d70fbdb448f4f80ad23b62899876656 59f741bbd2644e0eaa1829055855c7d1 - - -] Version for resource type QosPolicy changed None to 1.8 on consumer Open vSwitch agent@undercloud.ooo.test _set_version /usr/lib/python3.9/site-packages/neutron/api/rpc/callbacks/version_manager.py:113
2025-10-03 07:59:03.577 18 DEBUG neutron.api.rpc.callbacks.version_manager [req-9b98e515-20d0-41d3-ad9d-f53365567fde 8d70fbdb448f4f80ad23b62899876656 59f741bbd2644e0eaa1829055855c7d1 - - -] Version for resource type SecurityGroup changed None to 1.5 on consumer Open vSwitch agent@undercloud.ooo.test _set_version /usr/lib/python3.9/site-packages/neutron/api/rpc/callbacks/version_manager.py:113
2025-10-03 07:59:03.577 18 DEBUG neutron.api.rpc.callbacks.version_manager [req-9b98e515-20d0-41d3-ad9d-f53365567fde 8d70fbdb448f4f80ad23b62899876656 59f741bbd2644e0eaa1829055855c7d1 - - -] Version for resource type SecurityGroupRule changed None to 1.2 on consumer Open vSwitch agent@undercloud.ooo.test _set_version /usr/lib/python3.9/site-packages/neutron/api/rpc/callbacks/version_manager.py:113
2025-10-03 07:59:03.577 18 DEBUG neutron.api.rpc.callbacks.version_manager [req-9b98e515-20d0-41d3-ad9d-f53365567fde 8d70fbdb448f4f80ad23b62899876656 59f741bbd2644e0eaa1829055855c7d1 - - -] Version for resource type SubPort changed None to 1.0 on consumer Open vSwitch agent@undercloud.ooo.test _set_version /usr/lib/python3.9/site-packages/neutron/api/rpc/callbacks/version_manager.py:113
2025-10-03 07:59:03.578 18 DEBUG neutron.api.rpc.callbacks.version_manager [req-9b98e515-20d0-41d3-ad9d-f53365567fde 8d70fbdb448f4f80ad23b62899876656 59f741bbd2644e0eaa1829055855c7d1 - - -] Version for resource type Subnet changed None to 1.1 on consumer Open vSwitch agent@undercloud.ooo.test _set_version /usr/lib/python3.9/site-packages/neutron/api/rpc/callbacks/version_manager.py:113
2025-10-03 07:59:03.578 18 DEBUG neutron.api.rpc.callbacks.version_manager [req-9b98e515-20d0-41d3-ad9d-f53365567fde 8d70fbdb448f4f80ad23b62899876656 59f741bbd2644e0eaa1829055855c7d1 - - -] Version for resource type Trunk changed None to 1.1 on consumer Open vSwitch agent@undercloud.ooo.test _set_version /usr/lib/python3.9/site-packages/neutron/api/rpc/callbacks/version_manager.py:113
2025-10-03 07:59:03.579 15 INFO neutron.wsgi [req-9fb11728-8f76-442d-b75b-9407d4fede1c 8d70fbdb448f4f80ad23b62899876656 59f741bbd2644e0eaa1829055855c7d1 - default default] 192.168.122.99,192.168.122.100 "GET /v2.0/ports?name=np0005468025_ovn_physnet_datacentre&network_id=44b04cee-7175-46b9-8e65-9334ed6991d7&tags=tripleo_stack_name%3Dovercloud HTTP/1.1" status: 200 len: 186 time: 0.0277455
2025-10-03 07:59:03.584 18 DEBUG neutron.api.v2.base [req-7bf88422-acfc-4527-9f72-822496a553ba 8d70fbdb448f4f80ad23b62899876656 59f741bbd2644e0eaa1829055855c7d1 - default default] Request body: {'port': {'dns_name': 'np0005468026', 'network_id': '44b04cee-7175-46b9-8e65-9334ed6991d7', 'name': 'np0005468026_ovn_physnet_datacentre'}} prepare_request_body /usr/lib/python3.9/site-packages/neutron/api/v2/base.py:729
2025-10-03 07:59:03.586 20 DEBUG neutron.plugins.ml2.rpc [req-16dfb621-051e-4751-9588-6137a4766d4d - - - - -] Network 44b04cee-7175-46b9-8e65-9334ed6991d7 details requested by agent ovs-agent-undercloud.ooo.test with host undercloud.ooo.test get_network_details /usr/lib/python3.9/site-packages/neutron/plugins/ml2/rpc.py:232
2025-10-03 07:59:03.590 15 DEBUG neutron.api.v2.base [req-d8279019-857f-48b5-a667-33fc7df26aaf 8d70fbdb448f4f80ad23b62899876656 59f741bbd2644e0eaa1829055855c7d1 - default default] Request body: {'port': {'dns_name': 'np0005468025', 'network_id': '44b04cee-7175-46b9-8e65-9334ed6991d7', 'name': 'np0005468025_ovn_physnet_datacentre'}} prepare_request_body /usr/lib/python3.9/site-packages/neutron/api/v2/base.py:729
2025-10-03 07:59:03.602 18 DEBUG neutron.pecan_wsgi.hooks.quota_enforcement [req-7bf88422-acfc-4527-9f72-822496a553ba 8d70fbdb448f4f80ad23b62899876656 59f741bbd2644e0eaa1829055855c7d1 - default default] Made reservation on behalf of 59f741bbd2644e0eaa1829055855c7d1 for: {'port': 1} before /usr/lib/python3.9/site-packages/neutron/pecan_wsgi/hooks/quota_enforcement.py:53
2025-10-03 07:59:03.603 18 DEBUG neutron_lib.callbacks.manager [req-7bf88422-acfc-4527-9f72-822496a553ba 8d70fbdb448f4f80ad23b62899876656 59f741bbd2644e0eaa1829055855c7d1 - default default] Notify callbacks ['neutron.plugins.ml2.plugin.SecurityGroupDbMixin._ensure_default_security_group_handler-564597'] for port, before_create _notify_loop /usr/lib/python3.9/site-packages/neutron_lib/callbacks/manager.py:200
2025-10-03 07:59:03.605 15 DEBUG neutron.pecan_wsgi.hooks.quota_enforcement [req-d8279019-857f-48b5-a667-33fc7df26aaf 8d70fbdb448f4f80ad23b62899876656 59f741bbd2644e0eaa1829055855c7d1 - default default] Made reservation on behalf of 59f741bbd2644e0eaa1829055855c7d1 for: {'port': 1} before /usr/lib/python3.9/site-packages/neutron/pecan_wsgi/hooks/quota_enforcement.py:53
2025-10-03 07:59:03.606 15 DEBUG neutron_lib.callbacks.manager [req-d8279019-857f-48b5-a667-33fc7df26aaf 8d70fbdb448f4f80ad23b62899876656 59f741bbd2644e0eaa1829055855c7d1 - default default] Notify callbacks ['neutron.plugins.ml2.plugin.SecurityGroupDbMixin._ensure_default_security_group_handler-564597'] for port, before_create _notify_loop /usr/lib/python3.9/site-packages/neutron_lib/callbacks/manager.py:200
2025-10-03 07:59:03.610 17 INFO neutron.wsgi [req-e3f2411c-5a9d-4e1f-8a5d-1da9ddb28092 8d70fbdb448f4f80ad23b62899876656 59f741bbd2644e0eaa1829055855c7d1 - default default] 192.168.122.99,192.168.122.100 "GET /v2.0/ports?name=np0005468024_ovn_physnet_datacentre&network_id=44b04cee-7175-46b9-8e65-9334ed6991d7&tags=tripleo_stack_name%3Dovercloud HTTP/1.1" status: 200 len: 186 time: 0.0543952
2025-10-03 07:59:03.616 17 DEBUG neutron.api.v2.base [req-5eeae0e2-9c71-4f9c-994a-b7e5d49c2711 8d70fbdb448f4f80ad23b62899876656 59f741bbd2644e0eaa1829055855c7d1 - default default] Request body: {'port': {'dns_name': 'np0005468024', 'network_id': '44b04cee-7175-46b9-8e65-9334ed6991d7', 'name': 'np0005468024_ovn_physnet_datacentre'}} prepare_request_body /usr/lib/python3.9/site-packages/neutron/api/v2/base.py:729
2025-10-03 07:59:03.623 18 DEBUG neutron.notifiers.nova [req-7bf88422-acfc-4527-9f72-822496a553ba 8d70fbdb448f4f80ad23b62899876656 59f741bbd2644e0eaa1829055855c7d1 - default default] device_id is not set on port 1d0f8a8a-ac68-4820-a4eb-1633b5e48b68 yet. _can_notify /usr/lib/python3.9/site-packages/neutron/notifiers/nova.py:201
2025-10-03 07:59:03.625 15 DEBUG neutron.notifiers.nova [req-d8279019-857f-48b5-a667-33fc7df26aaf 8d70fbdb448f4f80ad23b62899876656 59f741bbd2644e0eaa1829055855c7d1 - default default] device_id is not set on port 3f07ff07-eb31-48cf-9eac-fdb621a6ebcd yet. _can_notify /usr/lib/python3.9/site-packages/neutron/notifiers/nova.py:201
2025-10-03 07:59:03.633 17 DEBUG neutron.pecan_wsgi.hooks.quota_enforcement [req-5eeae0e2-9c71-4f9c-994a-b7e5d49c2711 8d70fbdb448f4f80ad23b62899876656 59f741bbd2644e0eaa1829055855c7d1 - default default] Made reservation on behalf of 59f741bbd2644e0eaa1829055855c7d1 for: {'port': 1} before /usr/lib/python3.9/site-packages/neutron/pecan_wsgi/hooks/quota_enforcement.py:53
2025-10-03 07:59:03.635 17 DEBUG neutron_lib.callbacks.manager [req-5eeae0e2-9c71-4f9c-994a-b7e5d49c2711 8d70fbdb448f4f80ad23b62899876656 59f741bbd2644e0eaa1829055855c7d1 - default default] Notify callbacks ['neutron.plugins.ml2.plugin.SecurityGroupDbMixin._ensure_default_security_group_handler-564597'] for port, before_create _notify_loop /usr/lib/python3.9/site-packages/neutron_lib/callbacks/manager.py:200
2025-10-03 07:59:03.665 17 DEBUG neutron.notifiers.nova [req-5eeae0e2-9c71-4f9c-994a-b7e5d49c2711 8d70fbdb448f4f80ad23b62899876656 59f741bbd2644e0eaa1829055855c7d1 - default default] device_id is not set on port 5b6e8b28-d7e8-47de-87e1-f43931b6c433 yet. _can_notify /usr/lib/python3.9/site-packages/neutron/notifiers/nova.py:201
2025-10-03 07:59:03.781 18 DEBUG neutron_lib.callbacks.manager [req-7bf88422-acfc-4527-9f72-822496a553ba 8d70fbdb448f4f80ad23b62899876656 59f741bbd2644e0eaa1829055855c7d1 - default default] Notify callbacks [] for port, precommit_create _notify_loop /usr/lib/python3.9/site-packages/neutron_lib/callbacks/manager.py:200
2025-10-03 07:59:03.795 18 DEBUG neutron_lib.callbacks.manager [req-7bf88422-acfc-4527-9f72-822496a553ba 8d70fbdb448f4f80ad23b62899876656 59f741bbd2644e0eaa1829055855c7d1 - default default] Notify callbacks ['neutron.plugins.ml2.plugin.SecurityGroupServerNotifierRpcMixin.notify_sg_on_port_change-586369', 'neutron.plugins.ml2.extensions.dns_integration._create_port_in_external_dns_service-8789093001256', 'neutron.plugins.ml2.ovo_rpc._ObjectChangeHandler.handle_event-472556', 'neutron.api.rpc.agentnotifiers.dhcp_rpc_agent_api.DhcpAgentNotifyAPI._native_event_send_dhcp_notification-8116611', 'neutron.services.segments.plugin.NovaSegmentNotifier._notify_port_created_or_deleted-7935516'] for port, after_create _notify_loop /usr/lib/python3.9/site-packages/neutron_lib/callbacks/manager.py:200
2025-10-03 07:59:03.798 15 DEBUG neutron_lib.callbacks.manager [req-d8279019-857f-48b5-a667-33fc7df26aaf 8d70fbdb448f4f80ad23b62899876656 59f741bbd2644e0eaa1829055855c7d1 - default default] Notify callbacks [] for port, precommit_create _notify_loop /usr/lib/python3.9/site-packages/neutron_lib/callbacks/manager.py:200
2025-10-03 07:59:03.815 17 DEBUG neutron_lib.callbacks.manager [req-5eeae0e2-9c71-4f9c-994a-b7e5d49c2711 8d70fbdb448f4f80ad23b62899876656 59f741bbd2644e0eaa1829055855c7d1 - default default] Notify callbacks [] for port, precommit_create _notify_loop /usr/lib/python3.9/site-packages/neutron_lib/callbacks/manager.py:200
2025-10-03 07:59:03.829 17 DEBUG neutron_lib.callbacks.manager [req-5eeae0e2-9c71-4f9c-994a-b7e5d49c2711 8d70fbdb448f4f80ad23b62899876656 59f741bbd2644e0eaa1829055855c7d1 - default default] Notify callbacks ['neutron.plugins.ml2.plugin.SecurityGroupServerNotifierRpcMixin.notify_sg_on_port_change-586369', 'neutron.plugins.ml2.extensions.dns_integration._create_port_in_external_dns_service-8789093001256', 'neutron.plugins.ml2.ovo_rpc._ObjectChangeHandler.handle_event-472556', 'neutron.api.rpc.agentnotifiers.dhcp_rpc_agent_api.DhcpAgentNotifyAPI._native_event_send_dhcp_notification-8116611', 'neutron.services.segments.plugin.NovaSegmentNotifier._notify_port_created_or_deleted-7935516'] for port, after_create _notify_loop /usr/lib/python3.9/site-packages/neutron_lib/callbacks/manager.py:200
2025-10-03 07:59:03.831 15 DEBUG neutron_lib.callbacks.manager [req-d8279019-857f-48b5-a667-33fc7df26aaf 8d70fbdb448f4f80ad23b62899876656 59f741bbd2644e0eaa1829055855c7d1 - default default] Notify callbacks ['neutron.plugins.ml2.plugin.SecurityGroupServerNotifierRpcMixin.notify_sg_on_port_change-586369', 'neutron.plugins.ml2.extensions.dns_integration._create_port_in_external_dns_service-8789093001256', 'neutron.plugins.ml2.ovo_rpc._ObjectChangeHandler.handle_event-472556', 'neutron.api.rpc.agentnotifiers.dhcp_rpc_agent_api.DhcpAgentNotifyAPI._native_event_send_dhcp_notification-8116611', 'neutron.services.segments.plugin.NovaSegmentNotifier._notify_port_created_or_deleted-7935516'] for port, after_create _notify_loop /usr/lib/python3.9/site-packages/neutron_lib/callbacks/manager.py:200
2025-10-03 07:59:03.832 18 DEBUG neutron.api.rpc.handlers.resources_rpc [req-7bf88422-acfc-4527-9f72-822496a553ba 8d70fbdb448f4f80ad23b62899876656 59f741bbd2644e0eaa1829055855c7d1 - - -] Pushing event updated for resources: {'Port': ['ID=1d0f8a8a-ac68-4820-a4eb-1633b5e48b68,revision_number=1']} push /usr/lib/python3.9/site-packages/neutron/api/rpc/handlers/resources_rpc.py:237
2025-10-03 07:59:03.838 18 DEBUG neutron.plugins.ml2.drivers.mech_agent [req-7bf88422-acfc-4527-9f72-822496a553ba 8d70fbdb448f4f80ad23b62899876656 59f741bbd2644e0eaa1829055855c7d1 - default default] Checking segment: {'id': '804d6af3-bc57-4708-8bec-2b3a9a056c76', 'network_type': 'local', 'physical_network': None, 'segmentation_id': None, 'network_id': '44b04cee-7175-46b9-8e65-9334ed6991d7'} for mappings: {'ctlplane': 'br-ctlplane'} with network types: ['local', 'flat', 'vlan'] check_segment_for_agent /usr/lib/python3.9/site-packages/neutron/plugins/ml2/drivers/mech_agent.py:343
2025-10-03 07:59:03.838 18 DEBUG neutron.scheduler.dhcp_agent_scheduler [req-7bf88422-acfc-4527-9f72-822496a553ba 8d70fbdb448f4f80ad23b62899876656 59f741bbd2644e0eaa1829055855c7d1 - default default] Network hostable DHCP agents. Network: 44b04cee-7175-46b9-8e65-9334ed6991d7, hostable agents: ['ec25f53e-3c89-4a30-ae72-5641ab2e0c97'], hosted agents: [] _get_network_hostable_dhcp_agents /usr/lib/python3.9/site-packages/neutron/scheduler/dhcp_agent_scheduler.py:329
2025-10-03 07:59:03.856 18 DEBUG neutron.scheduler.dhcp_agent_scheduler [req-7bf88422-acfc-4527-9f72-822496a553ba 8d70fbdb448f4f80ad23b62899876656 59f741bbd2644e0eaa1829055855c7d1 - default default] Network 44b04cee-7175-46b9-8e65-9334ed6991d7 is scheduled to be hosted by DHCP agent ec25f53e-3c89-4a30-ae72-5641ab2e0c97 with binding_index 1 bind /usr/lib/python3.9/site-packages/neutron/scheduler/dhcp_agent_scheduler.py:227
2025-10-03 07:59:03.860 18 DEBUG neutron.scheduler.base_scheduler [req-7bf88422-acfc-4527-9f72-822496a553ba 8d70fbdb448f4f80ad23b62899876656 59f741bbd2644e0eaa1829055855c7d1 - default default] Resources bound (agent type, host, resource id): (DHCP agent, undercloud.ooo.test, 44b04cee-7175-46b9-8e65-9334ed6991d7) schedule /usr/lib/python3.9/site-packages/neutron/scheduler/base_scheduler.py:57
2025-10-03 07:59:03.863 17 DEBUG neutron.api.rpc.handlers.resources_rpc [req-5eeae0e2-9c71-4f9c-994a-b7e5d49c2711 8d70fbdb448f4f80ad23b62899876656 59f741bbd2644e0eaa1829055855c7d1 - - -] Pushing event updated for resources: {'Port': ['ID=5b6e8b28-d7e8-47de-87e1-f43931b6c433,revision_number=1']} push /usr/lib/python3.9/site-packages/neutron/api/rpc/handlers/resources_rpc.py:237
2025-10-03 07:59:03.863 18 DEBUG neutron.pecan_wsgi.hooks.policy_enforcement [req-7bf88422-acfc-4527-9f72-822496a553ba 8d70fbdb448f4f80ad23b62899876656 59f741bbd2644e0eaa1829055855c7d1 - default default] Attributes excluded by policy engine: ['standard_attr_id', 'network'] _exclude_attributes_by_policy /usr/lib/python3.9/site-packages/neutron/pecan_wsgi/hooks/policy_enforcement.py:259
2025-10-03 07:59:03.864 18 DEBUG neutron_lib.callbacks.manager [req-7bf88422-acfc-4527-9f72-822496a553ba 8d70fbdb448f4f80ad23b62899876656 59f741bbd2644e0eaa1829055855c7d1 - default default] Notify callbacks ['neutron.notifiers.nova.Notifier._send_nova_notification-415657', 'neutron.api.rpc.agentnotifiers.dhcp_rpc_agent_api.DhcpAgentNotifyAPI._send_dhcp_notification-8116721'] for port, before_response _notify_loop /usr/lib/python3.9/site-packages/neutron_lib/callbacks/manager.py:200
2025-10-03 07:59:03.868 17 DEBUG neutron.api.rpc.callbacks.version_manager [req-5eeae0e2-9c71-4f9c-994a-b7e5d49c2711 8d70fbdb448f4f80ad23b62899876656 59f741bbd2644e0eaa1829055855c7d1 - - -] Version for resource type AddressGroup changed None to 1.2 on consumer Open vSwitch agent@undercloud.ooo.test _set_version /usr/lib/python3.9/site-packages/neutron/api/rpc/callbacks/version_manager.py:113
2025-10-03 07:59:03.868 17 DEBUG neutron.api.rpc.callbacks.version_manager [req-5eeae0e2-9c71-4f9c-994a-b7e5d49c2711 8d70fbdb448f4f80ad23b62899876656 59f741bbd2644e0eaa1829055855c7d1 - - -] Version for resource type ConntrackHelper changed None to 1.0 on consumer Open vSwitch agent@undercloud.ooo.test _set_version /usr/lib/python3.9/site-packages/neutron/api/rpc/callbacks/version_manager.py:113
2025-10-03 07:59:03.868 17 DEBUG neutron.api.rpc.callbacks.version_manager [req-5eeae0e2-9c71-4f9c-994a-b7e5d49c2711 8d70fbdb448f4f80ad23b62899876656 59f741bbd2644e0eaa1829055855c7d1 - - -] Version for resource type Log changed None to 1.0 on consumer Open vSwitch agent@undercloud.ooo.test _set_version /usr/lib/python3.9/site-packages/neutron/api/rpc/callbacks/version_manager.py:113
2025-10-03 07:59:03.868 17 DEBUG neutron.api.rpc.callbacks.version_manager [req-5eeae0e2-9c71-4f9c-994a-b7e5d49c2711 8d70fbdb448f4f80ad23b62899876656 59f741bbd2644e0eaa1829055855c7d1 - - -] Version for resource type Network changed None to 1.1 on consumer Open vSwitch agent@undercloud.ooo.test _set_version /usr/lib/python3.9/site-packages/neutron/api/rpc/callbacks/version_manager.py:113
2025-10-03 07:59:03.868 17 DEBUG neutron.api.rpc.callbacks.version_manager [req-5eeae0e2-9c71-4f9c-994a-b7e5d49c2711 8d70fbdb448f4f80ad23b62899876656 59f741bbd2644e0eaa1829055855c7d1 - - -] Version for resource type Port changed None to 1.7 on consumer Open vSwitch agent@undercloud.ooo.test _set_version /usr/lib/python3.9/site-packages/neutron/api/rpc/callbacks/version_manager.py:113
2025-10-03 07:59:03.869 17 DEBUG neutron.api.rpc.callbacks.version_manager [req-5eeae0e2-9c71-4f9c-994a-b7e5d49c2711 8d70fbdb448f4f80ad23b62899876656 59f741bbd2644e0eaa1829055855c7d1 - - -] Version for resource type PortForwarding changed None to 1.2 on consumer Open vSwitch agent@undercloud.ooo.test _set_version /usr/lib/python3.9/site-packages/neutron/api/rpc/callbacks/version_manager.py:113
2025-10-03 07:59:03.869 17 DEBUG neutron.api.rpc.callbacks.version_manager [req-5eeae0e2-9c71-4f9c-994a-b7e5d49c2711 8d70fbdb448f4f80ad23b62899876656 59f741bbd2644e0eaa1829055855c7d1 - - -] Version for resource type QosPolicy changed None to 1.8 on consumer Open vSwitch agent@undercloud.ooo.test _set_version /usr/lib/python3.9/site-packages/neutron/api/rpc/callbacks/version_manager.py:113
2025-10-03 07:59:03.869 17 DEBUG neutron.api.rpc.callbacks.version_manager [req-5eeae0e2-9c71-4f9c-994a-b7e5d49c2711 8d70fbdb448f4f80ad23b62899876656 59f741bbd2644e0eaa1829055855c7d1 - - -] Version for resource type SecurityGroup changed None to 1.5 on consumer Open vSwitch agent@undercloud.ooo.test _set_version /usr/lib/python3.9/site-packages/neutron/api/rpc/callbacks/version_manager.py:113
2025-10-03 07:59:03.869 17 DEBUG neutron.api.rpc.callbacks.version_manager [req-5eeae0e2-9c71-4f9c-994a-b7e5d49c2711 8d70fbdb448f4f80ad23b62899876656 59f741bbd2644e0eaa1829055855c7d1 - - -] Version for resource type SecurityGroupRule changed None to 1.2 on consumer Open vSwitch agent@undercloud.ooo.test _set_version /usr/lib/python3.9/site-packages/neutron/api/rpc/callbacks/version_manager.py:113
2025-10-03 07:59:03.869 17 DEBUG neutron.api.rpc.callbacks.version_manager [req-5eeae0e2-9c71-4f9c-994a-b7e5d49c2711 8d70fbdb448f4f80ad23b62899876656 59f741bbd2644e0eaa1829055855c7d1 - - -] Version for resource type SubPort changed None to 1.0 on consumer Open vSwitch agent@undercloud.ooo.test _set_version /usr/lib/python3.9/site-packages/neutron/api/rpc/callbacks/version_manager.py:113
2025-10-03 07:59:03.869 17 DEBUG neutron.api.rpc.callbacks.version_manager [req-5eeae0e2-9c71-4f9c-994a-b7e5d49c2711 8d70fbdb448f4f80ad23b62899876656 59f741bbd2644e0eaa1829055855c7d1 - - -] Version for resource type Subnet changed None to 1.1 on consumer Open vSwitch agent@undercloud.ooo.test _set_version /usr/lib/python3.9/site-packages/neutron/api/rpc/callbacks/version_manager.py:113
2025-10-03 07:59:03.869 17 DEBUG neutron.api.rpc.callbacks.version_manager [req-5eeae0e2-9c71-4f9c-994a-b7e5d49c2711 8d70fbdb448f4f80ad23b62899876656 59f741bbd2644e0eaa1829055855c7d1 - - -] Version for resource type Trunk changed None to 1.1 on consumer Open vSwitch agent@undercloud.ooo.test _set_version /usr/lib/python3.9/site-packages/neutron/api/rpc/callbacks/version_manager.py:113
2025-10-03 07:59:03.871 21 DEBUG neutron.api.rpc.handlers.dhcp_rpc [req-85a70c20-eff5-4e1a-9b64-bd3e13b2f40a - - - - -] Network 44b04cee-7175-46b9-8e65-9334ed6991d7 requested from undercloud.ooo.test get_network_info /usr/lib/python3.9/site-packages/neutron/api/rpc/handlers/dhcp_rpc.py:213
2025-10-03 07:59:03.872 18 INFO neutron.wsgi [req-7bf88422-acfc-4527-9f72-822496a553ba 8d70fbdb448f4f80ad23b62899876656 59f741bbd2644e0eaa1829055855c7d1 - default default] 192.168.122.99,192.168.122.100 "POST /v2.0/ports HTTP/1.1" status: 201 len: 1016 time: 0.2912917
2025-10-03 07:59:03.879 17 DEBUG neutron.scheduler.dhcp_agent_scheduler [req-5eeae0e2-9c71-4f9c-994a-b7e5d49c2711 8d70fbdb448f4f80ad23b62899876656 59f741bbd2644e0eaa1829055855c7d1 - default default] Network 44b04cee-7175-46b9-8e65-9334ed6991d7 is already hosted by enough agents. _get_dhcp_agents_hosting_network /usr/lib/python3.9/site-packages/neutron/scheduler/dhcp_agent_scheduler.py:275
2025-10-03 07:59:03.880 17 DEBUG neutron.scheduler.base_scheduler [req-5eeae0e2-9c71-4f9c-994a-b7e5d49c2711 8d70fbdb448f4f80ad23b62899876656 59f741bbd2644e0eaa1829055855c7d1 - default default] Resources bound (agent type, host, resource id): schedule /usr/lib/python3.9/site-packages/neutron/scheduler/base_scheduler.py:57
2025-10-03 07:59:03.882 17 DEBUG neutron.pecan_wsgi.hooks.policy_enforcement [req-5eeae0e2-9c71-4f9c-994a-b7e5d49c2711 8d70fbdb448f4f80ad23b62899876656 59f741bbd2644e0eaa1829055855c7d1 - default default] Attributes excluded by policy engine: ['standard_attr_id', 'network'] _exclude_attributes_by_policy /usr/lib/python3.9/site-packages/neutron/pecan_wsgi/hooks/policy_enforcement.py:259
2025-10-03 07:59:03.882 17 DEBUG neutron_lib.callbacks.manager [req-5eeae0e2-9c71-4f9c-994a-b7e5d49c2711 8d70fbdb448f4f80ad23b62899876656 59f741bbd2644e0eaa1829055855c7d1 - default default] Notify callbacks ['neutron.notifiers.nova.Notifier._send_nova_notification-415657', 'neutron.api.rpc.agentnotifiers.dhcp_rpc_agent_api.DhcpAgentNotifyAPI._send_dhcp_notification-8116721'] for port, before_response _notify_loop /usr/lib/python3.9/site-packages/neutron_lib/callbacks/manager.py:200
2025-10-03 07:59:03.882 15 DEBUG neutron.scheduler.dhcp_agent_scheduler [req-d8279019-857f-48b5-a667-33fc7df26aaf 8d70fbdb448f4f80ad23b62899876656 59f741bbd2644e0eaa1829055855c7d1 - default default] Network 44b04cee-7175-46b9-8e65-9334ed6991d7 is already hosted by enough agents. _get_dhcp_agents_hosting_network /usr/lib/python3.9/site-packages/neutron/scheduler/dhcp_agent_scheduler.py:275
2025-10-03 07:59:03.883 18 DEBUG neutron.services.tag.tag_plugin [req-e51ad08a-3c28-4699-b359-a90001e41365 8d70fbdb448f4f80ad23b62899876656 59f741bbd2644e0eaa1829055855c7d1 - default default] neutron.services.tag.tag_plugin.TagPlugin method update_tags called with arguments (, 'ports', '1d0f8a8a-ac68-4820-a4eb-1633b5e48b68', {'tags': ['tripleo_stack_name=overcloud', 'tripleo_ovn_physnet=datacentre']}) {} wrapper /usr/lib/python3.9/site-packages/oslo_log/helpers.py:65
2025-10-03 07:59:03.884 15 DEBUG neutron.scheduler.base_scheduler [req-d8279019-857f-48b5-a667-33fc7df26aaf 8d70fbdb448f4f80ad23b62899876656 59f741bbd2644e0eaa1829055855c7d1 - default default] Resources bound (agent type, host, resource id): schedule /usr/lib/python3.9/site-packages/neutron/scheduler/base_scheduler.py:57
2025-10-03 07:59:03.887 15 DEBUG neutron.pecan_wsgi.hooks.policy_enforcement [req-d8279019-857f-48b5-a667-33fc7df26aaf 8d70fbdb448f4f80ad23b62899876656 59f741bbd2644e0eaa1829055855c7d1 - default default] Attributes excluded by policy engine: ['standard_attr_id', 'network'] _exclude_attributes_by_policy /usr/lib/python3.9/site-packages/neutron/pecan_wsgi/hooks/policy_enforcement.py:259
2025-10-03 07:59:03.887 15 DEBUG neutron_lib.callbacks.manager [req-d8279019-857f-48b5-a667-33fc7df26aaf 8d70fbdb448f4f80ad23b62899876656 59f741bbd2644e0eaa1829055855c7d1 - default default] Notify callbacks ['neutron.notifiers.nova.Notifier._send_nova_notification-415657', 'neutron.api.rpc.agentnotifiers.dhcp_rpc_agent_api.DhcpAgentNotifyAPI._send_dhcp_notification-8116721'] for port, before_response _notify_loop /usr/lib/python3.9/site-packages/neutron_lib/callbacks/manager.py:200
2025-10-03 07:59:03.909 15 DEBUG neutron.api.rpc.handlers.resources_rpc [req-d8279019-857f-48b5-a667-33fc7df26aaf 8d70fbdb448f4f80ad23b62899876656 59f741bbd2644e0eaa1829055855c7d1 - - -] Pushing event updated for resources: {'Port': ['ID=3f07ff07-eb31-48cf-9eac-fdb621a6ebcd,revision_number=1']} push /usr/lib/python3.9/site-packages/neutron/api/rpc/handlers/resources_rpc.py:237
2025-10-03 07:59:03.910 17 INFO neutron.wsgi [req-5eeae0e2-9c71-4f9c-994a-b7e5d49c2711 8d70fbdb448f4f80ad23b62899876656 59f741bbd2644e0eaa1829055855c7d1 - default default] 192.168.122.99,192.168.122.100 "POST /v2.0/ports HTTP/1.1" status: 201 len: 1016 time: 0.2987676
2025-10-03 07:59:03.914 17 DEBUG neutron.services.tag.tag_plugin [req-92ff7fe7-f86f-4cb5-a6a9-9944194853a0 8d70fbdb448f4f80ad23b62899876656 59f741bbd2644e0eaa1829055855c7d1 - default default] neutron.services.tag.tag_plugin.TagPlugin method update_tags called with arguments (, 'ports', '5b6e8b28-d7e8-47de-87e1-f43931b6c433', {'tags': ['tripleo_stack_name=overcloud', 'tripleo_ovn_physnet=datacentre']}) {} wrapper /usr/lib/python3.9/site-packages/oslo_log/helpers.py:65
2025-10-03 07:59:03.915 15 INFO neutron.wsgi [req-d8279019-857f-48b5-a667-33fc7df26aaf 8d70fbdb448f4f80ad23b62899876656 59f741bbd2644e0eaa1829055855c7d1 - default default] 192.168.122.99,192.168.122.100 "POST /v2.0/ports HTTP/1.1" status: 201 len: 1016 time: 0.3287425
2025-10-03 07:59:03.916 15 DEBUG neutron.api.rpc.callbacks.version_manager [req-d8279019-857f-48b5-a667-33fc7df26aaf 8d70fbdb448f4f80ad23b62899876656 59f741bbd2644e0eaa1829055855c7d1 - - -] Version for resource type AddressGroup changed None to 1.2 on consumer Open vSwitch agent@undercloud.ooo.test _set_version /usr/lib/python3.9/site-packages/neutron/api/rpc/callbacks/version_manager.py:113
2025-10-03 07:59:03.916 15 DEBUG neutron.api.rpc.callbacks.version_manager [req-d8279019-857f-48b5-a667-33fc7df26aaf 8d70fbdb448f4f80ad23b62899876656 59f741bbd2644e0eaa1829055855c7d1 - - -] Version for resource type ConntrackHelper changed None to 1.0 on consumer Open vSwitch agent@undercloud.ooo.test _set_version /usr/lib/python3.9/site-packages/neutron/api/rpc/callbacks/version_manager.py:113
2025-10-03 07:59:03.916 15 DEBUG neutron.api.rpc.callbacks.version_manager [req-d8279019-857f-48b5-a667-33fc7df26aaf 8d70fbdb448f4f80ad23b62899876656 59f741bbd2644e0eaa1829055855c7d1 - - -] Version for resource type Log changed None to 1.0 on consumer Open vSwitch agent@undercloud.ooo.test _set_version /usr/lib/python3.9/site-packages/neutron/api/rpc/callbacks/version_manager.py:113
2025-10-03 07:59:03.917 15 DEBUG neutron.api.rpc.callbacks.version_manager [req-d8279019-857f-48b5-a667-33fc7df26aaf 8d70fbdb448f4f80ad23b62899876656 59f741bbd2644e0eaa1829055855c7d1 - - -] Version for resource type Network changed None to 1.1 on consumer Open vSwitch agent@undercloud.ooo.test _set_version /usr/lib/python3.9/site-packages/neutron/api/rpc/callbacks/version_manager.py:113
2025-10-03 07:59:03.917 15 DEBUG neutron.api.rpc.callbacks.version_manager [req-d8279019-857f-48b5-a667-33fc7df26aaf 8d70fbdb448f4f80ad23b62899876656 59f741bbd2644e0eaa1829055855c7d1 - - -] Version for resource type Port changed None to 1.7 on consumer Open vSwitch agent@undercloud.ooo.test _set_version /usr/lib/python3.9/site-packages/neutron/api/rpc/callbacks/version_manager.py:113
2025-10-03 07:59:03.917 15 DEBUG neutron.api.rpc.callbacks.version_manager [req-d8279019-857f-48b5-a667-33fc7df26aaf 8d70fbdb448f4f80ad23b62899876656 59f741bbd2644e0eaa1829055855c7d1 - - -] Version for resource type PortForwarding changed None to 1.2 on consumer Open vSwitch agent@undercloud.ooo.test _set_version /usr/lib/python3.9/site-packages/neutron/api/rpc/callbacks/version_manager.py:113
2025-10-03 07:59:03.917 15 DEBUG neutron.api.rpc.callbacks.version_manager [req-d8279019-857f-48b5-a667-33fc7df26aaf 8d70fbdb448f4f80ad23b62899876656 59f741bbd2644e0eaa1829055855c7d1 - - -] Version for resource type QosPolicy changed None to 1.8 on consumer Open vSwitch agent@undercloud.ooo.test _set_version /usr/lib/python3.9/site-packages/neutron/api/rpc/callbacks/version_manager.py:113
2025-10-03 07:59:03.917 15 DEBUG neutron.api.rpc.callbacks.version_manager [req-d8279019-857f-48b5-a667-33fc7df26aaf 8d70fbdb448f4f80ad23b62899876656 59f741bbd2644e0eaa1829055855c7d1 - - -] Version for resource type SecurityGroup changed None to 1.5 on consumer Open vSwitch agent@undercloud.ooo.test _set_version /usr/lib/python3.9/site-packages/neutron/api/rpc/callbacks/version_manager.py:113
2025-10-03 07:59:03.918 15 DEBUG neutron.api.rpc.callbacks.version_manager [req-d8279019-857f-48b5-a667-33fc7df26aaf 8d70fbdb448f4f80ad23b62899876656 59f741bbd2644e0eaa1829055855c7d1 - - -] Version for resource type SecurityGroupRule changed None to 1.2 on consumer Open vSwitch agent@undercloud.ooo.test _set_version /usr/lib/python3.9/site-packages/neutron/api/rpc/callbacks/version_manager.py:113
2025-10-03 07:59:03.918 15 DEBUG neutron.api.rpc.callbacks.version_manager [req-d8279019-857f-48b5-a667-33fc7df26aaf 8d70fbdb448f4f80ad23b62899876656 59f741bbd2644e0eaa1829055855c7d1 - - -] Version for resource type SubPort changed None to 1.0 on consumer Open vSwitch agent@undercloud.ooo.test _set_version /usr/lib/python3.9/site-packages/neutron/api/rpc/callbacks/version_manager.py:113
2025-10-03 07:59:03.918 15 DEBUG neutron.api.rpc.callbacks.version_manager [req-d8279019-857f-48b5-a667-33fc7df26aaf 8d70fbdb448f4f80ad23b62899876656 59f741bbd2644e0eaa1829055855c7d1 - - -] Version for resource type Subnet changed None to 1.1 on consumer Open vSwitch agent@undercloud.ooo.test _set_version /usr/lib/python3.9/site-packages/neutron/api/rpc/callbacks/version_manager.py:113
2025-10-03 07:59:03.918 15 DEBUG neutron.api.rpc.callbacks.version_manager [req-d8279019-857f-48b5-a667-33fc7df26aaf 8d70fbdb448f4f80ad23b62899876656 59f741bbd2644e0eaa1829055855c7d1 - - -] Version for resource type Trunk changed None to 1.1 on consumer Open vSwitch agent@undercloud.ooo.test _set_version /usr/lib/python3.9/site-packages/neutron/api/rpc/callbacks/version_manager.py:113
2025-10-03 07:59:03.921 18 INFO neutron.wsgi [req-e51ad08a-3c28-4699-b359-a90001e41365 8d70fbdb448f4f80ad23b62899876656 59f741bbd2644e0eaa1829055855c7d1 - default default] 192.168.122.99,192.168.122.100 "PUT /v2.0/ports/1d0f8a8a-ac68-4820-a4eb-1633b5e48b68/tags HTTP/1.1" status: 200 len: 250 time: 0.0401828
2025-10-03 07:59:03.926 15 DEBUG neutron.services.tag.tag_plugin [req-d8621519-a4b8-4cb5-ad52-eecdd343c8d0 8d70fbdb448f4f80ad23b62899876656 59f741bbd2644e0eaa1829055855c7d1 - default default] neutron.services.tag.tag_plugin.TagPlugin method update_tags called with arguments (, 'ports', '3f07ff07-eb31-48cf-9eac-fdb621a6ebcd', {'tags': ['tripleo_stack_name=overcloud', 'tripleo_ovn_physnet=datacentre']}) {} wrapper /usr/lib/python3.9/site-packages/oslo_log/helpers.py:65
2025-10-03 07:59:03.950 17 INFO neutron.wsgi [req-92ff7fe7-f86f-4cb5-a6a9-9944194853a0 8d70fbdb448f4f80ad23b62899876656 59f741bbd2644e0eaa1829055855c7d1 - default default] 192.168.122.99,192.168.122.100 "PUT /v2.0/ports/5b6e8b28-d7e8-47de-87e1-f43931b6c433/tags HTTP/1.1" status: 200 len: 250 time: 0.0386534
2025-10-03 07:59:03.962 15 INFO neutron.wsgi [req-d8621519-a4b8-4cb5-ad52-eecdd343c8d0 8d70fbdb448f4f80ad23b62899876656 59f741bbd2644e0eaa1829055855c7d1 - default default] 192.168.122.99,192.168.122.100 "PUT /v2.0/ports/3f07ff07-eb31-48cf-9eac-fdb621a6ebcd/tags HTTP/1.1" status: 200 len: 250 time: 0.0395467
2025-10-03 07:59:04.036 15 DEBUG neutron.pecan_wsgi.hooks.policy_enforcement [req-59714345-5524-47ba-800e-bf934d1512d7 8d70fbdb448f4f80ad23b62899876656 59f741bbd2644e0eaa1829055855c7d1 - default default] Attributes excluded by policy engine: ['standard_attr_id'] _exclude_attributes_by_policy /usr/lib/python3.9/site-packages/neutron/pecan_wsgi/hooks/policy_enforcement.py:259
2025-10-03 07:59:04.037 15 DEBUG neutron.pecan_wsgi.hooks.policy_enforcement [req-59714345-5524-47ba-800e-bf934d1512d7 8d70fbdb448f4f80ad23b62899876656 59f741bbd2644e0eaa1829055855c7d1 - default default] Attributes excluded by policy engine: ['standard_attr_id'] _exclude_attributes_by_policy /usr/lib/python3.9/site-packages/neutron/pecan_wsgi/hooks/policy_enforcement.py:259
2025-10-03 07:59:04.037 15 DEBUG neutron.pecan_wsgi.hooks.policy_enforcement [req-59714345-5524-47ba-800e-bf934d1512d7 8d70fbdb448f4f80ad23b62899876656 59f741bbd2644e0eaa1829055855c7d1 - default default] Attributes excluded by policy engine: ['standard_attr_id'] _exclude_attributes_by_policy /usr/lib/python3.9/site-packages/neutron/pecan_wsgi/hooks/policy_enforcement.py:259
2025-10-03 07:59:04.038 15 INFO neutron.wsgi [req-59714345-5524-47ba-800e-bf934d1512d7 8d70fbdb448f4f80ad23b62899876656 59f741bbd2644e0eaa1829055855c7d1 - default default] 192.168.122.99,192.168.122.100 "GET /v2.0/ports?network_id=44b04cee-7175-46b9-8e65-9334ed6991d7&tags=tripleo_stack_name%3Dovercloud HTTP/1.1" status: 200 len: 2860 time: 0.0704222
2025-10-03 07:59:04.087 15 DEBUG neutron.pecan_wsgi.hooks.policy_enforcement [req-23e46e09-6a1a-4340-9554-5b905b7852cd 8d70fbdb448f4f80ad23b62899876656 59f741bbd2644e0eaa1829055855c7d1 - default default] Attributes excluded by policy engine: ['standard_attr_id'] _exclude_attributes_by_policy /usr/lib/python3.9/site-packages/neutron/pecan_wsgi/hooks/policy_enforcement.py:259
2025-10-03 07:59:04.088 15 DEBUG neutron.pecan_wsgi.hooks.policy_enforcement [req-23e46e09-6a1a-4340-9554-5b905b7852cd 8d70fbdb448f4f80ad23b62899876656 59f741bbd2644e0eaa1829055855c7d1 - default default] Attributes excluded by policy engine: ['standard_attr_id'] _exclude_attributes_by_policy /usr/lib/python3.9/site-packages/neutron/pecan_wsgi/hooks/policy_enforcement.py:259
2025-10-03 07:59:04.088 15 DEBUG neutron.pecan_wsgi.hooks.policy_enforcement [req-23e46e09-6a1a-4340-9554-5b905b7852cd 8d70fbdb448f4f80ad23b62899876656 59f741bbd2644e0eaa1829055855c7d1 - default default] Attributes excluded by policy engine: ['standard_attr_id'] _exclude_attributes_by_policy /usr/lib/python3.9/site-packages/neutron/pecan_wsgi/hooks/policy_enforcement.py:259
2025-10-03 07:59:04.089 15 INFO neutron.wsgi [req-23e46e09-6a1a-4340-9554-5b905b7852cd 8d70fbdb448f4f80ad23b62899876656 59f741bbd2644e0eaa1829055855c7d1 - default default] 192.168.122.99,192.168.122.100 "GET /v2.0/ports?network_id=44b04cee-7175-46b9-8e65-9334ed6991d7&tags=tripleo_stack_name%3Dovercloud HTTP/1.1" status: 200 len: 2860 time: 0.0400906
2025-10-03 07:59:04.264 16 DEBUG neutron.wsgi [-] (16) accepted ('192.168.122.100', 41232) server /usr/lib/python3.9/site-packages/eventlet/wsgi.py:992
2025-10-03 07:59:04.266 16 INFO neutron.wsgi [-] 192.168.122.100 "GET /healthcheck HTTP/1.0" status: 200 len: 137 time: 0.0016086
2025-10-03 07:59:06.235 16 DEBUG neutron.wsgi [-] (16) accepted ('192.168.122.100', 41234) server /usr/lib/python3.9/site-packages/eventlet/wsgi.py:992
2025-10-03 07:59:06.268 16 DEBUG neutron.wsgi [-] (16) accepted ('192.168.122.100', 41242) server /usr/lib/python3.9/site-packages/eventlet/wsgi.py:992
2025-10-03 07:59:06.270 16 INFO neutron.wsgi [-] 192.168.122.100 "GET /healthcheck HTTP/1.0" status: 200 len: 137 time: 0.0013125
2025-10-03 07:59:06.287 16 INFO neutron.pecan_wsgi.hooks.translation [req-d30c2339-2da4-43ce-ada7-91e3c0db57ab 8d70fbdb448f4f80ad23b62899876656 59f741bbd2644e0eaa1829055855c7d1 - default default] GET failed (client error): The resource could not be found.
2025-10-03 07:59:06.288 16 INFO neutron.wsgi [req-d30c2339-2da4-43ce-ada7-91e3c0db57ab 8d70fbdb448f4f80ad23b62899876656 59f741bbd2644e0eaa1829055855c7d1 - default default] 192.168.122.99,192.168.122.100 "GET /v2.0/networks/ovn_mac_addr_net HTTP/1.1" status: 404 len: 300 time: 0.0521142
2025-10-03 07:59:06.336 16 DEBUG neutron.pecan_wsgi.hooks.policy_enforcement [req-4d24fa74-f9a1-48e0-9127-f32667c99c48 8d70fbdb448f4f80ad23b62899876656 59f741bbd2644e0eaa1829055855c7d1 - default default] Attributes excluded by policy engine: ['standard_attr_id', 'vlan_transparent'] _exclude_attributes_by_policy /usr/lib/python3.9/site-packages/neutron/pecan_wsgi/hooks/policy_enforcement.py:259
2025-10-03 07:59:06.337 16 INFO neutron.wsgi [req-4d24fa74-f9a1-48e0-9127-f32667c99c48 8d70fbdb448f4f80ad23b62899876656 59f741bbd2644e0eaa1829055855c7d1 - default default] 192.168.122.99,192.168.122.100 "GET /v2.0/networks?name=ovn_mac_addr_net HTTP/1.1" status: 200 len: 903 time: 0.0456908
2025-10-03 07:59:06.362 17 DEBUG neutron.wsgi [-] (17) accepted ('192.168.122.100', 41252) server /usr/lib/python3.9/site-packages/eventlet/wsgi.py:992
2025-10-03 07:59:06.363 15 DEBUG neutron.wsgi [-] (15) accepted ('192.168.122.100', 41254) server /usr/lib/python3.9/site-packages/eventlet/wsgi.py:992
2025-10-03 07:59:06.377 16 INFO neutron.wsgi [req-2589febe-cc35-448a-a922-6ab1401f147e 8d70fbdb448f4f80ad23b62899876656 59f741bbd2644e0eaa1829055855c7d1 - default default] 192.168.122.99,192.168.122.100 "GET /v2.0/ports?name=np0005468027_ovn_physnet_datacentre&network_id=44b04cee-7175-46b9-8e65-9334ed6991d7&tags=tripleo_stack_name%3Dovercloud HTTP/1.1" status: 200 len: 186 time: 0.0302436
2025-10-03 07:59:06.387 16 DEBUG neutron.api.v2.base [req-9e23ea7a-e96b-44fb-ac12-e73dd52f3407 8d70fbdb448f4f80ad23b62899876656 59f741bbd2644e0eaa1829055855c7d1 - default default] Request body: {'port': {'name': 'np0005468027_ovn_physnet_datacentre', 'dns_name': 'np0005468027', 'network_id': '44b04cee-7175-46b9-8e65-9334ed6991d7'}} prepare_request_body /usr/lib/python3.9/site-packages/neutron/api/v2/base.py:729
