2025-10-03 07:45:08.188 17 INFO neutron.wsgi [-] 192.168.122.100 "GET /healthcheck HTTP/1.0" status: 200 len: 137 time: 0.0012484
2025-10-03 07:45:10.190 18 DEBUG neutron.wsgi [-] (18) accepted ('192.168.122.100', 39270) server /usr/lib/python3.9/site-packages/eventlet/wsgi.py:992
2025-10-03 07:45:10.208 18 INFO neutron.wsgi [-] 192.168.122.100 "GET /healthcheck HTTP/1.0" status: 200 len: 137 time: 0.0160410
2025-10-03 07:45:12.210 16 DEBUG neutron.wsgi [-] (16) accepted ('192.168.122.100', 39286) server /usr/lib/python3.9/site-packages/eventlet/wsgi.py:992
2025-10-03 07:45:12.214 16 INFO neutron.wsgi [-] 192.168.122.100 "GET /healthcheck HTTP/1.0" status: 200 len: 137 time: 0.0024030
2025-10-03 07:45:14.216 18 DEBUG neutron.wsgi [-] (18) accepted ('192.168.122.100', 39292) server /usr/lib/python3.9/site-packages/eventlet/wsgi.py:992
2025-10-03 07:45:14.219 18 INFO neutron.wsgi [-] 192.168.122.100 "GET /healthcheck HTTP/1.0" status: 200 len: 137 time: 0.0020139
2025-10-03 07:45:16.183 18 DEBUG neutron.wsgi [-] (18) accepted ('192.168.122.100', 39294) server /usr/lib/python3.9/site-packages/eventlet/wsgi.py:992
2025-10-03 07:45:16.186 18 INFO neutron.wsgi [-] 192.168.122.100 "GET / HTTP/1.1" status: 200 len: 233 time: 0.0022974
2025-10-03 07:45:16.221 16 DEBUG neutron.wsgi [-] (16) accepted ('192.168.122.100', 39310) server /usr/lib/python3.9/site-packages/eventlet/wsgi.py:992
2025-10-03 07:45:16.223 16 INFO neutron.wsgi [-] 192.168.122.100 "GET /healthcheck HTTP/1.0" status: 200 len: 137 time: 0.0017960
2025-10-03 07:45:18.225 16 DEBUG neutron.wsgi [-] (16) accepted ('192.168.122.100', 49670) server /usr/lib/python3.9/site-packages/eventlet/wsgi.py:992
2025-10-03 07:45:18.228 16 INFO neutron.wsgi [-] 192.168.122.100 "GET /healthcheck HTTP/1.0" status: 200 len: 137 time: 0.0024393
2025-10-03 07:45:20.231 18 DEBUG neutron.wsgi [-] (18) accepted ('192.168.122.100', 49682) server /usr/lib/python3.9/site-packages/eventlet/wsgi.py:992
2025-10-03 07:45:20.234 18 INFO neutron.wsgi [-] 192.168.122.100 "GET /healthcheck HTTP/1.0" status: 200 len: 137 time: 0.0021105
2025-10-03 07:45:22.235 16 DEBUG neutron.wsgi [-] (16) accepted ('192.168.122.100', 49694) server /usr/lib/python3.9/site-packages/eventlet/wsgi.py:992
2025-10-03 07:45:22.237 16 INFO neutron.wsgi [-] 192.168.122.100 "GET /healthcheck HTTP/1.0" status: 200 len: 137 time: 0.0012658
2025-10-03 07:45:24.238 16 DEBUG neutron.wsgi [-] (16) accepted ('192.168.122.100', 49708) server /usr/lib/python3.9/site-packages/eventlet/wsgi.py:992
2025-10-03 07:45:24.242 16 INFO neutron.wsgi [-] 192.168.122.100 "GET /healthcheck HTTP/1.0" status: 200 len: 137 time: 0.0025249
2025-10-03 07:45:26.244 17 DEBUG neutron.wsgi [-] (17) accepted ('192.168.122.100', 49710) server /usr/lib/python3.9/site-packages/eventlet/wsgi.py:992
2025-10-03 07:45:26.247 17 INFO neutron.wsgi [-] 192.168.122.100 "GET /healthcheck HTTP/1.0" status: 200 len: 137 time: 0.0024557
2025-10-03 07:45:28.248 16 DEBUG neutron.wsgi [-] (16) accepted ('192.168.122.100', 33126) server /usr/lib/python3.9/site-packages/eventlet/wsgi.py:992
2025-10-03 07:45:28.252 16 INFO neutron.wsgi [-] 192.168.122.100 "GET /healthcheck HTTP/1.0" status: 200 len: 137 time: 0.0023825
2025-10-03 07:45:30.254 16 DEBUG neutron.wsgi [-] (16) accepted ('192.168.122.100', 33132) server /usr/lib/python3.9/site-packages/eventlet/wsgi.py:992
2025-10-03 07:45:30.257 16 INFO neutron.wsgi [-] 192.168.122.100 "GET /healthcheck HTTP/1.0" status: 200 len: 137 time: 0.0024657
2025-10-03 07:45:32.258 16 DEBUG neutron.wsgi [-] (16) accepted ('192.168.122.100', 33144) server /usr/lib/python3.9/site-packages/eventlet/wsgi.py:992
2025-10-03 07:45:32.262 16 INFO neutron.wsgi [-] 192.168.122.100 "GET /healthcheck HTTP/1.0" status: 200 len: 137 time: 0.0026088
2025-10-03 07:45:34.264 16 DEBUG neutron.wsgi [-] (16) accepted ('192.168.122.100', 33160) server /usr/lib/python3.9/site-packages/eventlet/wsgi.py:992
2025-10-03 07:45:34.266 16 INFO neutron.wsgi [-] 192.168.122.100 "GET /healthcheck HTTP/1.0" status: 200 len: 137 time: 0.0013642
2025-10-03 07:45:36.268 15 DEBUG neutron.wsgi [-] (15) accepted ('192.168.122.100', 33162) server /usr/lib/python3.9/site-packages/eventlet/wsgi.py:992
2025-10-03 07:45:36.270 15 INFO neutron.wsgi [-] 192.168.122.100 "GET /healthcheck HTTP/1.0" status: 200 len: 137 time: 0.0013125
2025-10-03 07:45:38.271 17 DEBUG neutron.wsgi [-] (17) accepted ('192.168.122.100', 37942) server /usr/lib/python3.9/site-packages/eventlet/wsgi.py:992
2025-10-03 07:45:38.275 17 INFO neutron.wsgi [-] 192.168.122.100 "GET /healthcheck HTTP/1.0" status: 200 len: 137 time: 0.0026410
2025-10-03 07:45:40.277 17 DEBUG neutron.wsgi [-] (17) accepted ('192.168.122.100', 37950) server /usr/lib/python3.9/site-packages/eventlet/wsgi.py:992
2025-10-03 07:45:40.281 17 INFO neutron.wsgi [-] 192.168.122.100 "GET /healthcheck HTTP/1.0" status: 200 len: 137 time: 0.0027411
2025-10-03 07:45:42.283 17 DEBUG neutron.wsgi [-] (17) accepted ('192.168.122.100', 37966) server /usr/lib/python3.9/site-packages/eventlet/wsgi.py:992
2025-10-03 07:45:42.287 17 INFO neutron.wsgi [-] 192.168.122.100 "GET /healthcheck HTTP/1.0" status: 200 len: 137 time: 0.0024438
2025-10-03 07:45:44.289 15 DEBUG neutron.wsgi [-] (15) accepted ('192.168.122.100', 37980) server /usr/lib/python3.9/site-packages/eventlet/wsgi.py:992
2025-10-03 07:45:44.293 15 INFO neutron.wsgi [-] 192.168.122.100 "GET /healthcheck HTTP/1.0" status: 200 len: 137 time: 0.0032139
2025-10-03 07:45:46.295 15 DEBUG neutron.wsgi [-] (15) accepted ('192.168.122.100', 37996) server /usr/lib/python3.9/site-packages/eventlet/wsgi.py:992
2025-10-03 07:45:46.298 15 INFO neutron.wsgi [-] 192.168.122.100 "GET /healthcheck HTTP/1.0" status: 200 len: 137 time: 0.0026107
2025-10-03 07:45:47.104 15 DEBUG neutron.wsgi [-] (15) accepted ('192.168.122.100', 38010) server /usr/lib/python3.9/site-packages/eventlet/wsgi.py:992
2025-10-03 07:45:47.107 15 INFO neutron.wsgi [-] 192.168.122.100 "GET / HTTP/1.1" status: 200 len: 233 time: 0.0019131
2025-10-03 07:45:48.299 15 DEBUG neutron.wsgi [-] (15) accepted ('192.168.122.100', 50918) server /usr/lib/python3.9/site-packages/eventlet/wsgi.py:992
2025-10-03 07:45:48.301 15 INFO neutron.wsgi [-] 192.168.122.100 "GET /healthcheck HTTP/1.0" status: 200 len: 137 time: 0.0013053
2025-10-03 07:45:50.303 15 DEBUG neutron.wsgi [-] (15) accepted ('192.168.122.100', 50932) server /usr/lib/python3.9/site-packages/eventlet/wsgi.py:992
2025-10-03 07:45:50.306 15 INFO neutron.wsgi [-] 192.168.122.100 "GET /healthcheck HTTP/1.0" status: 200 len: 137 time: 0.0024269
2025-10-03 07:45:52.308 15 DEBUG neutron.wsgi [-] (15) accepted ('192.168.122.100', 50936) server /usr/lib/python3.9/site-packages/eventlet/wsgi.py:992
2025-10-03 07:45:52.312 15 INFO neutron.wsgi [-] 192.168.122.100 "GET /healthcheck HTTP/1.0" status: 200 len: 137 time: 0.0024853
2025-10-03 07:45:54.314 18 DEBUG neutron.wsgi [-] (18) accepted ('192.168.122.100', 50950) server /usr/lib/python3.9/site-packages/eventlet/wsgi.py:992
2025-10-03 07:45:54.318 18 INFO neutron.wsgi [-] 192.168.122.100 "GET /healthcheck HTTP/1.0" status: 200 len: 137 time: 0.0024059
2025-10-03 07:45:56.319 18 DEBUG neutron.wsgi [-] (18) accepted ('192.168.122.100', 50964) server /usr/lib/python3.9/site-packages/eventlet/wsgi.py:992
2025-10-03 07:45:56.322 18 INFO neutron.wsgi [-] 192.168.122.100 "GET /healthcheck HTTP/1.0" status: 200 len: 137 time: 0.0018747
2025-10-03 07:45:58.325 17 DEBUG neutron.wsgi [-] (17) accepted ('192.168.122.100', 55900) server /usr/lib/python3.9/site-packages/eventlet/wsgi.py:992
2025-10-03 07:45:58.328 17 INFO neutron.wsgi [-] 192.168.122.100 "GET /healthcheck HTTP/1.0" status: 200 len: 137 time: 0.0024917
2025-10-03 07:46:00.330 16 DEBUG neutron.wsgi [-] (16) accepted ('192.168.122.100', 55910) server /usr/lib/python3.9/site-packages/eventlet/wsgi.py:992
2025-10-03 07:46:00.331 16 INFO neutron.wsgi [-] 192.168.122.100 "GET /healthcheck HTTP/1.0" status: 200 len: 137 time: 0.0012512
2025-10-03 07:46:02.333 16 DEBUG neutron.wsgi [-] (16) accepted ('192.168.122.100', 55914) server /usr/lib/python3.9/site-packages/eventlet/wsgi.py:992
2025-10-03 07:46:02.336 16 INFO neutron.wsgi [-] 192.168.122.100 "GET /healthcheck HTTP/1.0" status: 200 len: 137 time: 0.0026979
2025-10-03 07:46:04.338 16 DEBUG neutron.wsgi [-] (16) accepted ('192.168.122.100', 55924) server /usr/lib/python3.9/site-packages/eventlet/wsgi.py:992
2025-10-03 07:46:04.342 16 INFO neutron.wsgi [-] 192.168.122.100 "GET /healthcheck HTTP/1.0" status: 200 len: 137 time: 0.0028245
2025-10-03 07:46:06.344 15 DEBUG neutron.wsgi [-] (15) accepted ('192.168.122.100', 55930) server /usr/lib/python3.9/site-packages/eventlet/wsgi.py:992
2025-10-03 07:46:06.348 15 INFO neutron.wsgi [-] 192.168.122.100 "GET /healthcheck HTTP/1.0" status: 200 len: 137 time: 0.0024741
2025-10-03 07:46:08.349 16 DEBUG neutron.wsgi [-] (16) accepted ('192.168.122.100', 35146) server /usr/lib/python3.9/site-packages/eventlet/wsgi.py:992
2025-10-03 07:46:08.351 16 INFO neutron.wsgi [-] 192.168.122.100 "GET /healthcheck HTTP/1.0" status: 200 len: 137 time: 0.0012681
2025-10-03 07:46:10.353 18 DEBUG neutron.wsgi [-] (18) accepted ('192.168.122.100', 35160) server /usr/lib/python3.9/site-packages/eventlet/wsgi.py:992
2025-10-03 07:46:10.357 18 INFO neutron.wsgi [-] 192.168.122.100 "GET /healthcheck HTTP/1.0" status: 200 len: 137 time: 0.0025482
2025-10-03 07:46:12.359 16 DEBUG neutron.wsgi [-] (16) accepted ('192.168.122.100', 35166) server /usr/lib/python3.9/site-packages/eventlet/wsgi.py:992
2025-10-03 07:46:12.362 16 INFO neutron.wsgi [-] 192.168.122.100 "GET /healthcheck HTTP/1.0" status: 200 len: 137 time: 0.0024545
2025-10-03 07:46:14.120 17 DEBUG neutron.wsgi [-] (17) accepted ('192.168.122.100', 35178) server /usr/lib/python3.9/site-packages/eventlet/wsgi.py:992
2025-10-03 07:46:14.363 15 DEBUG neutron.wsgi [-] (15) accepted ('192.168.122.100', 35194) server /usr/lib/python3.9/site-packages/eventlet/wsgi.py:992
2025-10-03 07:46:14.366 15 INFO neutron.wsgi [-] 192.168.122.100 "GET /healthcheck HTTP/1.0" status: 200 len: 137 time: 0.0016274
2025-10-03 07:46:14.802 17 DEBUG neutron.policy [req-af39921e-c461-46a9-9d1a-d12496fead70 8d70fbdb448f4f80ad23b62899876656 59f741bbd2644e0eaa1829055855c7d1 - default default] Loaded default policies from ['networking-bgpvpn', 'neutron'] under neutron.policies entry points register_rules /usr/lib/python3.9/site-packages/neutron/policy.py:73
2025-10-03 07:46:14.825 17 INFO neutron.wsgi [req-af39921e-c461-46a9-9d1a-d12496fead70 8d70fbdb448f4f80ad23b62899876656 59f741bbd2644e0eaa1829055855c7d1 - default default] 192.168.122.99,192.168.122.100 "GET /v2.0/networks?name=ctlplane HTTP/1.1" status: 200 len: 189 time: 0.7039597
2025-10-03 07:46:14.833 17 DEBUG neutron.api.v2.base [req-f6284893-858a-43aa-b2a6-831db5c2e785 8d70fbdb448f4f80ad23b62899876656 59f741bbd2644e0eaa1829055855c7d1 - default default] Request body: {'network': {'provider:network_type': 'flat', 'name': 'ctlplane', 'provider:physical_network': 'ctlplane', 'mtu': 1500, 'dns_domain': 'ctlplane.ooo.test.'}} prepare_request_body /usr/lib/python3.9/site-packages/neutron/api/v2/base.py:729
2025-10-03 07:46:14.849 17 DEBUG neutron.pecan_wsgi.hooks.quota_enforcement [req-f6284893-858a-43aa-b2a6-831db5c2e785 8d70fbdb448f4f80ad23b62899876656 59f741bbd2644e0eaa1829055855c7d1 - default default] Made reservation on behalf of 59f741bbd2644e0eaa1829055855c7d1 for: {'network': 1} before /usr/lib/python3.9/site-packages/neutron/pecan_wsgi/hooks/quota_enforcement.py:53
2025-10-03 07:46:14.850 17 DEBUG neutron_lib.callbacks.manager [req-f6284893-858a-43aa-b2a6-831db5c2e785 8d70fbdb448f4f80ad23b62899876656 59f741bbd2644e0eaa1829055855c7d1 - default default] Notify callbacks ['neutron.plugins.ml2.plugin.SecurityGroupDbMixin._ensure_default_security_group_handler-564597'] for network, before_create _notify_loop /usr/lib/python3.9/site-packages/neutron_lib/callbacks/manager.py:200
2025-10-03 07:46:14.864 17 DEBUG neutron_lib.callbacks.manager [req-f6284893-858a-43aa-b2a6-831db5c2e785 8d70fbdb448f4f80ad23b62899876656 59f741bbd2644e0eaa1829055855c7d1 - default default] Notify callbacks [] for security_group, before_create _notify_loop /usr/lib/python3.9/site-packages/neutron_lib/callbacks/manager.py:200
2025-10-03 07:46:14.915 17 DEBUG neutron_lib.callbacks.manager [req-f6284893-858a-43aa-b2a6-831db5c2e785 8d70fbdb448f4f80ad23b62899876656 59f741bbd2644e0eaa1829055855c7d1 - default default] Notify callbacks [] for security_group, precommit_create _notify_loop /usr/lib/python3.9/site-packages/neutron_lib/callbacks/manager.py:200
2025-10-03 07:46:14.920 17 DEBUG neutron_lib.callbacks.manager [req-f6284893-858a-43aa-b2a6-831db5c2e785 8d70fbdb448f4f80ad23b62899876656 59f741bbd2644e0eaa1829055855c7d1 - default default] Notify callbacks ['neutron.plugins.ml2.ovo_rpc._ObjectChangeHandler.handle_event-8080836'] for security_group, after_create _notify_loop /usr/lib/python3.9/site-packages/neutron_lib/callbacks/manager.py:200
2025-10-03 07:46:14.930 17 DEBUG neutron.plugins.ml2.drivers.type_flat [req-f6284893-858a-43aa-b2a6-831db5c2e785 8d70fbdb448f4f80ad23b62899876656 59f741bbd2644e0eaa1829055855c7d1 - default default] Reserving flat network on physical network ctlplane reserve_provider_segment /usr/lib/python3.9/site-packages/neutron/plugins/ml2/drivers/type_flat.py:100
2025-10-03 07:46:14.941 17 DEBUG neutron_lib.callbacks.manager [req-f6284893-858a-43aa-b2a6-831db5c2e785 8d70fbdb448f4f80ad23b62899876656 59f741bbd2644e0eaa1829055855c7d1 - default default] Notify callbacks ['neutron.services.segments.db._add_segment_host_mapping_for_segment-8789093116775', 'neutron.plugins.ml2.plugin.Ml2Plugin._handle_segment_change-657414'] for segment, precommit_create _notify_loop /usr/lib/python3.9/site-packages/neutron_lib/callbacks/manager.py:200
2025-10-03 07:46:14.943 17 DEBUG neutron.api.rpc.handlers.resources_rpc [req-f6284893-858a-43aa-b2a6-831db5c2e785 8d70fbdb448f4f80ad23b62899876656 59f741bbd2644e0eaa1829055855c7d1 - - -] Pushing event updated for resources: {'SecurityGroup': ['ID=dd6af2f3-ff1d-47cb-ade1-77c2de1dccd7,revision_number=1']} push /usr/lib/python3.9/site-packages/neutron/api/rpc/handlers/resources_rpc.py:237
2025-10-03 07:46:14.945 17 DEBUG neutron.plugins.ml2.drivers.mech_agent [req-f6284893-858a-43aa-b2a6-831db5c2e785 8d70fbdb448f4f80ad23b62899876656 59f741bbd2644e0eaa1829055855c7d1 - default default] Checking segment: NetworkSegment(created_at=2025-10-03T07:46:14Z,description=,hosts=[],id=e699c7bb-a9ea-49d9-be06-0d64963b3784,is_dynamic=False,name=,network_id=e88ab0e2-0e02-47ac-bd7b-c0bcb7e0e13e,network_type='flat',physical_network='ctlplane',revision_number=0,segment_index=0,segmentation_id=None,updated_at=2025-10-03T07:46:14Z) for mappings: {'ctlplane': 'br-ctlplane'} with network types: ['local', 'flat', 'vlan'] check_segment_for_agent /usr/lib/python3.9/site-packages/neutron/plugins/ml2/drivers/mech_agent.py:343
2025-10-03 07:46:14.949 17 DEBUG neutron.api.rpc.callbacks.version_manager [req-f6284893-858a-43aa-b2a6-831db5c2e785 8d70fbdb448f4f80ad23b62899876656 59f741bbd2644e0eaa1829055855c7d1 - - -] Version for resource type AddressGroup changed None to 1.2 on consumer Open vSwitch agent@undercloud.ooo.test _set_version /usr/lib/python3.9/site-packages/neutron/api/rpc/callbacks/version_manager.py:113
2025-10-03 07:46:14.949 17 DEBUG neutron.api.rpc.callbacks.version_manager [req-f6284893-858a-43aa-b2a6-831db5c2e785 8d70fbdb448f4f80ad23b62899876656 59f741bbd2644e0eaa1829055855c7d1 - - -] Version for resource type ConntrackHelper changed None to 1.0 on consumer Open vSwitch agent@undercloud.ooo.test _set_version /usr/lib/python3.9/site-packages/neutron/api/rpc/callbacks/version_manager.py:113
2025-10-03 07:46:14.950 17 DEBUG neutron.api.rpc.callbacks.version_manager [req-f6284893-858a-43aa-b2a6-831db5c2e785 8d70fbdb448f4f80ad23b62899876656 59f741bbd2644e0eaa1829055855c7d1 - - -] Version for resource type Log changed None to 1.0 on consumer Open vSwitch agent@undercloud.ooo.test _set_version /usr/lib/python3.9/site-packages/neutron/api/rpc/callbacks/version_manager.py:113
2025-10-03 07:46:14.950 17 DEBUG neutron.api.rpc.callbacks.version_manager [req-f6284893-858a-43aa-b2a6-831db5c2e785 8d70fbdb448f4f80ad23b62899876656 59f741bbd2644e0eaa1829055855c7d1 - - -] Version for resource type Network changed None to 1.1 on consumer Open vSwitch agent@undercloud.ooo.test _set_version /usr/lib/python3.9/site-packages/neutron/api/rpc/callbacks/version_manager.py:113
2025-10-03 07:46:14.950 17 DEBUG neutron.api.rpc.callbacks.version_manager [req-f6284893-858a-43aa-b2a6-831db5c2e785 8d70fbdb448f4f80ad23b62899876656 59f741bbd2644e0eaa1829055855c7d1 - - -] Version for resource type Port changed None to 1.7 on consumer Open vSwitch agent@undercloud.ooo.test _set_version /usr/lib/python3.9/site-packages/neutron/api/rpc/callbacks/version_manager.py:113
2025-10-03 07:46:14.950 17 DEBUG neutron.api.rpc.callbacks.version_manager [req-f6284893-858a-43aa-b2a6-831db5c2e785 8d70fbdb448f4f80ad23b62899876656 59f741bbd2644e0eaa1829055855c7d1 - - -] Version for resource type PortForwarding changed None to 1.2 on consumer Open vSwitch agent@undercloud.ooo.test _set_version /usr/lib/python3.9/site-packages/neutron/api/rpc/callbacks/version_manager.py:113
2025-10-03 07:46:14.950 17 DEBUG neutron.api.rpc.callbacks.version_manager [req-f6284893-858a-43aa-b2a6-831db5c2e785 8d70fbdb448f4f80ad23b62899876656 59f741bbd2644e0eaa1829055855c7d1 - - -] Version for resource type QosPolicy changed None to 1.8 on consumer Open vSwitch agent@undercloud.ooo.test _set_version /usr/lib/python3.9/site-packages/neutron/api/rpc/callbacks/version_manager.py:113
2025-10-03 07:46:14.950 17 DEBUG neutron.api.rpc.callbacks.version_manager [req-f6284893-858a-43aa-b2a6-831db5c2e785 8d70fbdb448f4f80ad23b62899876656 59f741bbd2644e0eaa1829055855c7d1 - - -] Version for resource type SecurityGroup changed None to 1.5 on consumer Open vSwitch agent@undercloud.ooo.test _set_version /usr/lib/python3.9/site-packages/neutron/api/rpc/callbacks/version_manager.py:113
2025-10-03 07:46:14.950 17 DEBUG neutron.api.rpc.callbacks.version_manager [req-f6284893-858a-43aa-b2a6-831db5c2e785 8d70fbdb448f4f80ad23b62899876656 59f741bbd2644e0eaa1829055855c7d1 - - -] Version for resource type SecurityGroupRule changed None to 1.2 on consumer Open vSwitch agent@undercloud.ooo.test _set_version /usr/lib/python3.9/site-packages/neutron/api/rpc/callbacks/version_manager.py:113
2025-10-03 07:46:14.950 17 DEBUG neutron.api.rpc.callbacks.version_manager [req-f6284893-858a-43aa-b2a6-831db5c2e785 8d70fbdb448f4f80ad23b62899876656 59f741bbd2644e0eaa1829055855c7d1 - - -] Version for resource type SubPort changed None to 1.0 on consumer Open vSwitch agent@undercloud.ooo.test _set_version /usr/lib/python3.9/site-packages/neutron/api/rpc/callbacks/version_manager.py:113
2025-10-03 07:46:14.951 17 DEBUG neutron.api.rpc.callbacks.version_manager [req-f6284893-858a-43aa-b2a6-831db5c2e785 8d70fbdb448f4f80ad23b62899876656 59f741bbd2644e0eaa1829055855c7d1 - - -] Version for resource type Subnet changed None to 1.1 on consumer Open vSwitch agent@undercloud.ooo.test _set_version /usr/lib/python3.9/site-packages/neutron/api/rpc/callbacks/version_manager.py:113
2025-10-03 07:46:14.951 17 DEBUG neutron.api.rpc.callbacks.version_manager [req-f6284893-858a-43aa-b2a6-831db5c2e785 8d70fbdb448f4f80ad23b62899876656 59f741bbd2644e0eaa1829055855c7d1 - - -] Version for resource type Trunk changed None to 1.1 on consumer Open vSwitch agent@undercloud.ooo.test _set_version /usr/lib/python3.9/site-packages/neutron/api/rpc/callbacks/version_manager.py:113
2025-10-03 07:46:14.951 17 DEBUG neutron.api.rpc.callbacks.version_manager [req-f6284893-858a-43aa-b2a6-831db5c2e785 8d70fbdb448f4f80ad23b62899876656 59f741bbd2644e0eaa1829055855c7d1 - - -] Tracked resource versions report: pushed versions: { 'AddressGroup': {'1.2'}, 'ConntrackHelper': {'1.0'}, 'Log': {'1.0'}, 'Network': {'1.1'}, 'Port': {'1.7'}, 'PortForwarding': {'1.2'}, 'QosPolicy': {'1.8'}, 'SecurityGroup': {'1.5'}, 'SecurityGroupRule': {'1.2'}, 'SubPort': {'1.0'}, 'Subnet': {'1.1'}, 'Trunk': {'1.1'}} consumer versions: { DHCP agent@undercloud.ooo.test: {}, L3 agent@undercloud.ooo.test: {}, Open vSwitch agent@undercloud.ooo.test: { 'AddressGroup': '1.2', 'ConntrackHelper': '1.0', 'Log': '1.0', 'Network': '1.1', 'Port': '1.7', 'PortForwarding': '1.2', 'QosPolicy': '1.8', 'SecurityGroup': '1.5', 'SecurityGroupRule': '1.2', 'SubPort': '1.0', 'Subnet': '1.1', 'Trunk': '1.1'}} report /usr/lib/python3.9/site-packages/neutron/api/rpc/callbacks/version_manager.py:175
2025-10-03 07:46:14.961 17 INFO neutron.db.segments_db [req-f6284893-858a-43aa-b2a6-831db5c2e785 8d70fbdb448f4f80ad23b62899876656 59f741bbd2644e0eaa1829055855c7d1 - default default] Added segment e699c7bb-a9ea-49d9-be06-0d64963b3784 of type flat for network e88ab0e2-0e02-47ac-bd7b-c0bcb7e0e13e
2025-10-03 07:46:15.005 17 DEBUG neutron_lib.callbacks.manager [req-f6284893-858a-43aa-b2a6-831db5c2e785 8d70fbdb448f4f80ad23b62899876656 59f741bbd2644e0eaa1829055855c7d1 - default default] Notify callbacks ['neutron.services.auto_allocate.db._ensure_external_network_default_value_callback-8789092471143'] for network, precommit_create _notify_loop /usr/lib/python3.9/site-packages/neutron_lib/callbacks/manager.py:200
2025-10-03 07:46:15.022 17 DEBUG neutron_lib.callbacks.manager [req-f6284893-858a-43aa-b2a6-831db5c2e785 8d70fbdb448f4f80ad23b62899876656 59f741bbd2644e0eaa1829055855c7d1 - default default] Notify callbacks ['neutron.plugins.ml2.ovo_rpc._ObjectChangeHandler.handle_event-8080693', 'neutron.api.rpc.agentnotifiers.dhcp_rpc_agent_api.DhcpAgentNotifyAPI._native_event_send_dhcp_notification-8116611'] for network, after_create _notify_loop /usr/lib/python3.9/site-packages/neutron_lib/callbacks/manager.py:200
2025-10-03 07:46:15.023 17 DEBUG neutron.pecan_wsgi.hooks.policy_enforcement [req-f6284893-858a-43aa-b2a6-831db5c2e785 8d70fbdb448f4f80ad23b62899876656 59f741bbd2644e0eaa1829055855c7d1 - default default] Attributes excluded by policy engine: ['standard_attr_id', 'vlan_transparent'] _exclude_attributes_by_policy /usr/lib/python3.9/site-packages/neutron/pecan_wsgi/hooks/policy_enforcement.py:259
2025-10-03 07:46:15.023 17 DEBUG neutron_lib.callbacks.manager [req-f6284893-858a-43aa-b2a6-831db5c2e785 8d70fbdb448f4f80ad23b62899876656 59f741bbd2644e0eaa1829055855c7d1 - default default] Notify callbacks ['neutron.api.rpc.agentnotifiers.dhcp_rpc_agent_api.DhcpAgentNotifyAPI._send_dhcp_notification-8116721'] for network, before_response _notify_loop /usr/lib/python3.9/site-packages/neutron_lib/callbacks/manager.py:200
2025-10-03 07:46:15.059 17 INFO neutron.wsgi [req-f6284893-858a-43aa-b2a6-831db5c2e785 8d70fbdb448f4f80ad23b62899876656 59f741bbd2644e0eaa1829055855c7d1 - default default] 192.168.122.99,192.168.122.100 "POST /v2.0/networks HTTP/1.1" status: 201 len: 881 time: 0.2280648
2025-10-03 07:46:15.064 17 DEBUG neutron.api.rpc.handlers.resources_rpc [req-f6284893-858a-43aa-b2a6-831db5c2e785 8d70fbdb448f4f80ad23b62899876656 59f741bbd2644e0eaa1829055855c7d1 - - -] Pushing event updated for resources: {'Network': ['ID=e88ab0e2-0e02-47ac-bd7b-c0bcb7e0e13e,revision_number=1']} push /usr/lib/python3.9/site-packages/neutron/api/rpc/handlers/resources_rpc.py:237
2025-10-03 07:46:15.073 22 DEBUG neutron.plugins.ml2.rpc [req-16dfb621-051e-4751-9588-6137a4766d4d - - - - -] Network e88ab0e2-0e02-47ac-bd7b-c0bcb7e0e13e details requested by agent ovs-agent-undercloud.ooo.test with host undercloud.ooo.test get_network_details /usr/lib/python3.9/site-packages/neutron/plugins/ml2/rpc.py:232
2025-10-03 07:46:15.107 17 INFO neutron.wsgi [req-fc576367-2d34-44af-bd03-0187da0fa972 8d70fbdb448f4f80ad23b62899876656 59f741bbd2644e0eaa1829055855c7d1 - default default] 192.168.122.99,192.168.122.100 "GET /v2.0/subnets?cidr=192.168.122.0%2F24&network_id=e88ab0e2-0e02-47ac-bd7b-c0bcb7e0e13e HTTP/1.1" status: 200 len: 188 time: 0.0416527
2025-10-03 07:46:15.115 17 DEBUG neutron.services.segments.db [req-716b5eb0-73ae-4e56-8f66-7e29deb25956 8d70fbdb448f4f80ad23b62899876656 59f741bbd2644e0eaa1829055855c7d1 - default default] neutron.services.segments.plugin.Plugin method get_segments called with arguments (,) {'filters': {'network_id': ['e88ab0e2-0e02-47ac-bd7b-c0bcb7e0e13e'], 'physical_network': ['ctlplane']}, 'fields': [], 'sorts': [('id', True)], 'limit': None, 'marker': None, 'page_reverse': False} wrapper /usr/lib/python3.9/site-packages/oslo_log/helpers.py:65
2025-10-03 07:46:15.130 17 INFO neutron.wsgi [req-716b5eb0-73ae-4e56-8f66-7e29deb25956 8d70fbdb448f4f80ad23b62899876656 59f741bbd2644e0eaa1829055855c7d1 - default default] 192.168.122.99,192.168.122.100 "GET /v2.0/segments?network_id=e88ab0e2-0e02-47ac-bd7b-c0bcb7e0e13e&physical_network=ctlplane HTTP/1.1" status: 200 len: 505 time: 0.0189571
2025-10-03 07:46:15.143 17 DEBUG neutron.api.v2.base [req-95672545-6bd7-4018-a256-89542962cdf7 8d70fbdb448f4f80ad23b62899876656 59f741bbd2644e0eaa1829055855c7d1 - default default] Request body: {'subnet': {'ip_version': '4', 'host_routes': [], 'allocation_pools': [{'end': '192.168.122.130', 'start': '192.168.122.110'}], 'name': 'ctlplane-subnet', 'dns_nameservers': ['192.168.122.10'], 'network_id': 'e88ab0e2-0e02-47ac-bd7b-c0bcb7e0e13e', 'enable_dhcp': True, 'segment_id': None, 'cidr': '192.168.122.0/24', 'gateway_ip': '192.168.122.10'}} prepare_request_body /usr/lib/python3.9/site-packages/neutron/api/v2/base.py:729
2025-10-03 07:46:15.164 17 DEBUG neutron.pecan_wsgi.hooks.quota_enforcement [req-95672545-6bd7-4018-a256-89542962cdf7 8d70fbdb448f4f80ad23b62899876656 59f741bbd2644e0eaa1829055855c7d1 - default default] Made reservation on behalf of 59f741bbd2644e0eaa1829055855c7d1 for: {'subnet': 1} before /usr/lib/python3.9/site-packages/neutron/pecan_wsgi/hooks/quota_enforcement.py:53
2025-10-03 07:46:15.166 17 DEBUG neutron_lib.callbacks.manager [req-95672545-6bd7-4018-a256-89542962cdf7 8d70fbdb448f4f80ad23b62899876656 59f741bbd2644e0eaa1829055855c7d1 - default default] Notify callbacks ['neutron.services.segments.plugin.SegmentHostRoutes.host_routes_before_create-7884707'] for subnet, before_create _notify_loop /usr/lib/python3.9/site-packages/neutron_lib/callbacks/manager.py:200
2025-10-03 07:46:15.231 17 DEBUG neutron.db.ipam_backend_mixin [req-95672545-6bd7-4018-a256-89542962cdf7 8d70fbdb448f4f80ad23b62899876656 59f741bbd2644e0eaa1829055855c7d1 - default default] Performing IP validity checks on allocation pools validate_allocation_pools /usr/lib/python3.9/site-packages/neutron/db/ipam_backend_mixin.py:314
2025-10-03 07:46:15.232 17 DEBUG neutron.db.ipam_backend_mixin [req-95672545-6bd7-4018-a256-89542962cdf7 8d70fbdb448f4f80ad23b62899876656 59f741bbd2644e0eaa1829055855c7d1 - default default] Checking for overlaps among allocation pools and gateway ip validate_allocation_pools /usr/lib/python3.9/site-packages/neutron/db/ipam_backend_mixin.py:335
2025-10-03 07:46:15.328 17 DEBUG neutron_lib.callbacks.manager [req-95672545-6bd7-4018-a256-89542962cdf7 8d70fbdb448f4f80ad23b62899876656 59f741bbd2644e0eaa1829055855c7d1 - default default] Notify callbacks ['neutron.plugins.ml2.ovo_rpc._ObjectChangeHandler.handle_event-8079504', 'neutron.api.rpc.agentnotifiers.dhcp_rpc_agent_api.DhcpAgentNotifyAPI._native_event_send_dhcp_notification-8116611', 'neutron.services.segments.plugin.NovaSegmentNotifier._notify_subnet_created-7935584', 'neutron.services.segments.plugin.SegmentHostRoutes.host_routes_after_create-7884733'] for subnet, after_create _notify_loop /usr/lib/python3.9/site-packages/neutron_lib/callbacks/manager.py:200
2025-10-03 07:46:15.388 17 DEBUG neutron.api.rpc.handlers.resources_rpc [req-95672545-6bd7-4018-a256-89542962cdf7 8d70fbdb448f4f80ad23b62899876656 59f741bbd2644e0eaa1829055855c7d1 - - -] Pushing event updated for resources: {'Subnet': ['ID=4cad7fe8-49b5-4baf-a536-ecf293cf1f1c,revision_number=0']} push /usr/lib/python3.9/site-packages/neutron/api/rpc/handlers/resources_rpc.py:237
2025-10-03 07:46:15.398 17 DEBUG neutron.plugins.ml2.drivers.mech_agent [req-95672545-6bd7-4018-a256-89542962cdf7 8d70fbdb448f4f80ad23b62899876656 59f741bbd2644e0eaa1829055855c7d1 - default default] Checking segment: {'id': 'e699c7bb-a9ea-49d9-be06-0d64963b3784', 'network_type': 'flat', 'physical_network': 'ctlplane', 'segmentation_id': None, 'network_id': 'e88ab0e2-0e02-47ac-bd7b-c0bcb7e0e13e'} for mappings: {'ctlplane': 'br-ctlplane'} with network types: ['local', 'flat', 'vlan'] check_segment_for_agent /usr/lib/python3.9/site-packages/neutron/plugins/ml2/drivers/mech_agent.py:343
2025-10-03 07:46:15.398 17 DEBUG neutron.scheduler.dhcp_agent_scheduler [req-95672545-6bd7-4018-a256-89542962cdf7 8d70fbdb448f4f80ad23b62899876656 59f741bbd2644e0eaa1829055855c7d1 - default default] Network hostable DHCP agents. Network: e88ab0e2-0e02-47ac-bd7b-c0bcb7e0e13e, hostable agents: ['ec25f53e-3c89-4a30-ae72-5641ab2e0c97'], hosted agents: [] _get_network_hostable_dhcp_agents /usr/lib/python3.9/site-packages/neutron/scheduler/dhcp_agent_scheduler.py:329
2025-10-03 07:46:15.411 17 DEBUG neutron.scheduler.dhcp_agent_scheduler [req-95672545-6bd7-4018-a256-89542962cdf7 8d70fbdb448f4f80ad23b62899876656 59f741bbd2644e0eaa1829055855c7d1 - default default] Network e88ab0e2-0e02-47ac-bd7b-c0bcb7e0e13e is scheduled to be hosted by DHCP agent ec25f53e-3c89-4a30-ae72-5641ab2e0c97 with binding_index 1 bind /usr/lib/python3.9/site-packages/neutron/scheduler/dhcp_agent_scheduler.py:227
2025-10-03 07:46:15.417 17 DEBUG neutron.scheduler.base_scheduler [req-95672545-6bd7-4018-a256-89542962cdf7 8d70fbdb448f4f80ad23b62899876656 59f741bbd2644e0eaa1829055855c7d1 - default default] Resources bound (agent type, host, resource id): (DHCP agent, undercloud.ooo.test, e88ab0e2-0e02-47ac-bd7b-c0bcb7e0e13e) schedule /usr/lib/python3.9/site-packages/neutron/scheduler/base_scheduler.py:57
2025-10-03 07:46:15.420 17 DEBUG neutron.pecan_wsgi.hooks.policy_enforcement [req-95672545-6bd7-4018-a256-89542962cdf7 8d70fbdb448f4f80ad23b62899876656 59f741bbd2644e0eaa1829055855c7d1 - default default] Attributes excluded by policy engine: ['standard_attr_id', 'shared', 'network'] _exclude_attributes_by_policy /usr/lib/python3.9/site-packages/neutron/pecan_wsgi/hooks/policy_enforcement.py:259
2025-10-03 07:46:15.421 17 DEBUG neutron_lib.callbacks.manager [req-95672545-6bd7-4018-a256-89542962cdf7 8d70fbdb448f4f80ad23b62899876656 59f741bbd2644e0eaa1829055855c7d1 - default default] Notify callbacks ['neutron.api.rpc.agentnotifiers.dhcp_rpc_agent_api.DhcpAgentNotifyAPI._send_dhcp_notification-8116721'] for subnet, before_response _notify_loop /usr/lib/python3.9/site-packages/neutron_lib/callbacks/manager.py:200
2025-10-03 07:46:15.427 20 DEBUG neutron.api.rpc.handlers.dhcp_rpc [req-f3b3b947-9c14-4ce2-8378-9d966c12086f - - - - -] Network e88ab0e2-0e02-47ac-bd7b-c0bcb7e0e13e requested from undercloud.ooo.test get_network_info /usr/lib/python3.9/site-packages/neutron/api/rpc/handlers/dhcp_rpc.py:213
2025-10-03 07:46:15.433 17 INFO neutron.wsgi [req-95672545-6bd7-4018-a256-89542962cdf7 8d70fbdb448f4f80ad23b62899876656 59f741bbd2644e0eaa1829055855c7d1 - default default] 192.168.122.99,192.168.122.100 "POST /v2.0/subnets HTTP/1.1" status: 201 len: 847 time: 0.2934139
2025-10-03 07:46:15.443 17 DEBUG neutron.services.tag.tag_plugin [req-9943bedc-81a8-4a6d-a56f-48f587304308 8d70fbdb448f4f80ad23b62899876656 59f741bbd2644e0eaa1829055855c7d1 - default default] neutron.services.tag.tag_plugin.TagPlugin method update_tags called with arguments (, 'networks', 'e88ab0e2-0e02-47ac-bd7b-c0bcb7e0e13e', {'tags': ['192.168.122.0/24']}) {} wrapper /usr/lib/python3.9/site-packages/oslo_log/helpers.py:65
2025-10-03 07:46:15.506 17 INFO neutron.wsgi [req-9943bedc-81a8-4a6d-a56f-48f587304308 8d70fbdb448f4f80ad23b62899876656 59f741bbd2644e0eaa1829055855c7d1 - default default] 192.168.122.99,192.168.122.100 "PUT /v2.0/networks/e88ab0e2-0e02-47ac-bd7b-c0bcb7e0e13e/tags HTTP/1.1" status: 200 len: 204 time: 0.0664160
2025-10-03 07:46:15.711 21 DEBUG neutron.api.rpc.handlers.dhcp_rpc [req-33d2b4a0-5c59-4ddb-9481-a88f9e2cc469 - - - - -] Create dhcp port {'port': {'name': '', 'admin_state_up': True, 'device_id': 'dhcp4ffb0b0c-492f-50f3-b91f-5f97b4a206be-e88ab0e2-0e02-47ac-bd7b-c0bcb7e0e13e', 'network_id': 'e88ab0e2-0e02-47ac-bd7b-c0bcb7e0e13e', 'tenant_id': '59f741bbd2644e0eaa1829055855c7d1', 'fixed_ips': [{'subnet_id': '4cad7fe8-49b5-4baf-a536-ecf293cf1f1c'}]}} from undercloud.ooo.test. create_dhcp_port /usr/lib/python3.9/site-packages/neutron/api/rpc/handlers/dhcp_rpc.py:279
2025-10-03 07:46:15.712 21 DEBUG neutron_lib.callbacks.manager [req-33d2b4a0-5c59-4ddb-9481-a88f9e2cc469 - - - - -] Notify callbacks ['neutron.plugins.ml2.plugin.SecurityGroupDbMixin._ensure_default_security_group_handler-564597'] for port, before_create _notify_loop /usr/lib/python3.9/site-packages/neutron_lib/callbacks/manager.py:200
2025-10-03 07:46:15.846 21 DEBUG neutron.db.db_base_plugin_common [req-33d2b4a0-5c59-4ddb-9481-a88f9e2cc469 - - - - -] Allocated IP 192.168.122.110 (e88ab0e2-0e02-47ac-bd7b-c0bcb7e0e13e/4cad7fe8-49b5-4baf-a536-ecf293cf1f1c/e1c4fe11-8371-4b59-b52d-158459f6f207) _store_ip_allocation /usr/lib/python3.9/site-packages/neutron/db/db_base_plugin_common.py:131
2025-10-03 07:46:16.005 21 DEBUG neutron_lib.callbacks.manager [req-33d2b4a0-5c59-4ddb-9481-a88f9e2cc469 - - - - -] Notify callbacks [] for port, precommit_create _notify_loop /usr/lib/python3.9/site-packages/neutron_lib/callbacks/manager.py:200
2025-10-03 07:46:16.012 21 DEBUG neutron.db.provisioning_blocks [req-33d2b4a0-5c59-4ddb-9481-a88f9e2cc469 - - - - -] Transition to ACTIVE for port object e1c4fe11-8371-4b59-b52d-158459f6f207 will not be triggered until provisioned by entity L2. add_provisioning_component /usr/lib/python3.9/site-packages/neutron/db/provisioning_blocks.py:74
2025-10-03 07:46:16.020 21 DEBUG neutron.db.provisioning_blocks [req-33d2b4a0-5c59-4ddb-9481-a88f9e2cc469 - - - - -] Transition to ACTIVE for port object e1c4fe11-8371-4b59-b52d-158459f6f207 will not be triggered until provisioned by entity DHCP. add_provisioning_component /usr/lib/python3.9/site-packages/neutron/db/provisioning_blocks.py:74
2025-10-03 07:46:16.027 21 DEBUG neutron_lib.callbacks.manager [req-33d2b4a0-5c59-4ddb-9481-a88f9e2cc469 - - - - -] Notify callbacks ['neutron.plugins.ml2.plugin.SecurityGroupServerNotifierRpcMixin.notify_sg_on_port_change-586369', 'neutron.plugins.ml2.extensions.dns_integration._create_port_in_external_dns_service-8789093001256', 'neutron.plugins.ml2.ovo_rpc._ObjectChangeHandler.handle_event-472556', 'neutron.api.rpc.agentnotifiers.dhcp_rpc_agent_api.DhcpAgentNotifyAPI._native_event_send_dhcp_notification-8116611', 'neutron.services.segments.plugin.NovaSegmentNotifier._notify_port_created_or_deleted-7935516'] for port, after_create _notify_loop /usr/lib/python3.9/site-packages/neutron_lib/callbacks/manager.py:200
2025-10-03 07:46:16.054 21 DEBUG neutron.scheduler.dhcp_agent_scheduler [req-33d2b4a0-5c59-4ddb-9481-a88f9e2cc469 - - - - -] Network e88ab0e2-0e02-47ac-bd7b-c0bcb7e0e13e is already hosted by enough agents. _get_dhcp_agents_hosting_network /usr/lib/python3.9/site-packages/neutron/scheduler/dhcp_agent_scheduler.py:275
2025-10-03 07:46:16.059 21 DEBUG neutron.scheduler.base_scheduler [req-33d2b4a0-5c59-4ddb-9481-a88f9e2cc469 - - - - -] Resources bound (agent type, host, resource id): schedule /usr/lib/python3.9/site-packages/neutron/scheduler/base_scheduler.py:57
2025-10-03 07:46:16.069 21 DEBUG neutron.api.rpc.handlers.resources_rpc [req-33d2b4a0-5c59-4ddb-9481-a88f9e2cc469 - - - - -] Pushing event updated for resources: {'Port': ['ID=e1c4fe11-8371-4b59-b52d-158459f6f207,revision_number=1']} push /usr/lib/python3.9/site-packages/neutron/api/rpc/handlers/resources_rpc.py:237
2025-10-03 07:46:16.073 21 DEBUG neutron.plugins.ml2.managers [req-33d2b4a0-5c59-4ddb-9481-a88f9e2cc469 - - - - -] Attempting to bind port e1c4fe11-8371-4b59-b52d-158459f6f207 on host undercloud.ooo.test for vnic_type normal with profile bind_port /usr/lib/python3.9/site-packages/neutron/plugins/ml2/managers.py:806
2025-10-03 07:46:16.073 21 DEBUG neutron.plugins.ml2.managers [req-33d2b4a0-5c59-4ddb-9481-a88f9e2cc469 - - - - -] Attempting to bind port e1c4fe11-8371-4b59-b52d-158459f6f207 by drivers openvswitch,baremetal on host undercloud.ooo.test at level 0 using segments [{'id': 'e699c7bb-a9ea-49d9-be06-0d64963b3784', 'network_type': 'flat', 'physical_network': 'ctlplane', 'segmentation_id': None, 'network_id': 'e88ab0e2-0e02-47ac-bd7b-c0bcb7e0e13e'}] _bind_port_level /usr/lib/python3.9/site-packages/neutron/plugins/ml2/managers.py:831
2025-10-03 07:46:16.073 21 DEBUG neutron.plugins.ml2.drivers.mech_agent [req-33d2b4a0-5c59-4ddb-9481-a88f9e2cc469 - - - - -] Attempting to bind port e1c4fe11-8371-4b59-b52d-158459f6f207 on network e88ab0e2-0e02-47ac-bd7b-c0bcb7e0e13e bind_port /usr/lib/python3.9/site-packages/neutron/plugins/ml2/drivers/mech_agent.py:86
2025-10-03 07:46:16.074 21 DEBUG neutron.api.rpc.callbacks.version_manager [req-33d2b4a0-5c59-4ddb-9481-a88f9e2cc469 - - - - -] Version for resource type AddressGroup changed None to 1.2 on consumer Open vSwitch agent@undercloud.ooo.test _set_version /usr/lib/python3.9/site-packages/neutron/api/rpc/callbacks/version_manager.py:113
2025-10-03 07:46:16.074 21 DEBUG neutron.api.rpc.callbacks.version_manager [req-33d2b4a0-5c59-4ddb-9481-a88f9e2cc469 - - - - -] Version for resource type ConntrackHelper changed None to 1.0 on consumer Open vSwitch agent@undercloud.ooo.test _set_version /usr/lib/python3.9/site-packages/neutron/api/rpc/callbacks/version_manager.py:113
2025-10-03 07:46:16.074 21 DEBUG neutron.api.rpc.callbacks.version_manager [req-33d2b4a0-5c59-4ddb-9481-a88f9e2cc469 - - - - -] Version for resource type Log changed None to 1.0 on consumer Open vSwitch agent@undercloud.ooo.test _set_version /usr/lib/python3.9/site-packages/neutron/api/rpc/callbacks/version_manager.py:113
2025-10-03 07:46:16.075 21 DEBUG neutron.api.rpc.callbacks.version_manager [req-33d2b4a0-5c59-4ddb-9481-a88f9e2cc469 - - - - -] Version for resource type Network changed None to 1.1 on consumer Open vSwitch agent@undercloud.ooo.test _set_version /usr/lib/python3.9/site-packages/neutron/api/rpc/callbacks/version_manager.py:113
2025-10-03 07:46:16.075 21 DEBUG neutron.api.rpc.callbacks.version_manager [req-33d2b4a0-5c59-4ddb-9481-a88f9e2cc469 - - - - -] Version for resource type Port changed None to 1.7 on consumer Open vSwitch agent@undercloud.ooo.test _set_version /usr/lib/python3.9/site-packages/neutron/api/rpc/callbacks/version_manager.py:113
2025-10-03 07:46:16.075 21 DEBUG neutron.api.rpc.callbacks.version_manager [req-33d2b4a0-5c59-4ddb-9481-a88f9e2cc469 - - - - -] Version for resource type PortForwarding changed None to 1.2 on consumer Open vSwitch agent@undercloud.ooo.test _set_version /usr/lib/python3.9/site-packages/neutron/api/rpc/callbacks/version_manager.py:113
2025-10-03 07:46:16.075 21 DEBUG neutron.api.rpc.callbacks.version_manager [req-33d2b4a0-5c59-4ddb-9481-a88f9e2cc469 - - - - -] Version for resource type QosPolicy changed None to 1.8 on consumer Open vSwitch agent@undercloud.ooo.test _set_version /usr/lib/python3.9/site-packages/neutron/api/rpc/callbacks/version_manager.py:113
2025-10-03 07:46:16.075 21 DEBUG neutron.api.rpc.callbacks.version_manager [req-33d2b4a0-5c59-4ddb-9481-a88f9e2cc469 - - - - -] Version for resource type SecurityGroup changed None to 1.5 on consumer Open vSwitch agent@undercloud.ooo.test _set_version /usr/lib/python3.9/site-packages/neutron/api/rpc/callbacks/version_manager.py:113
2025-10-03 07:46:16.075 21 DEBUG neutron.api.rpc.callbacks.version_manager [req-33d2b4a0-5c59-4ddb-9481-a88f9e2cc469 - - - - -] Version for resource type SecurityGroupRule changed None to 1.2 on consumer Open vSwitch agent@undercloud.ooo.test _set_version /usr/lib/python3.9/site-packages/neutron/api/rpc/callbacks/version_manager.py:113
2025-10-03 07:46:16.075 21 DEBUG neutron.api.rpc.callbacks.version_manager [req-33d2b4a0-5c59-4ddb-9481-a88f9e2cc469 - - - - -] Version for resource type SubPort changed None to 1.0 on consumer Open vSwitch agent@undercloud.ooo.test _set_version /usr/lib/python3.9/site-packages/neutron/api/rpc/callbacks/version_manager.py:113
2025-10-03 07:46:16.075 21 DEBUG neutron.api.rpc.callbacks.version_manager [req-33d2b4a0-5c59-4ddb-9481-a88f9e2cc469 - - - - -] Version for resource type Subnet changed None to 1.1 on consumer Open vSwitch agent@undercloud.ooo.test _set_version /usr/lib/python3.9/site-packages/neutron/api/rpc/callbacks/version_manager.py:113
2025-10-03 07:46:16.075 21 DEBUG neutron.api.rpc.callbacks.version_manager [req-33d2b4a0-5c59-4ddb-9481-a88f9e2cc469 - - - - -] Version for resource type Trunk changed None to 1.1 on consumer Open vSwitch agent@undercloud.ooo.test _set_version /usr/lib/python3.9/site-packages/neutron/api/rpc/callbacks/version_manager.py:113
2025-10-03 07:46:16.076 21 DEBUG neutron.api.rpc.callbacks.version_manager [req-33d2b4a0-5c59-4ddb-9481-a88f9e2cc469 - - - - -] Tracked resource versions report: pushed versions: { 'AddressGroup': {'1.2'}, 'ConntrackHelper': {'1.0'}, 'Log': {'1.0'}, 'Network': {'1.1'}, 'Port': {'1.7'}, 'PortForwarding': {'1.2'}, 'QosPolicy': {'1.8'}, 'SecurityGroup': {'1.5'}, 'SecurityGroupRule': {'1.2'}, 'SubPort': {'1.0'}, 'Subnet': {'1.1'}, 'Trunk': {'1.1'}} consumer versions: { DHCP agent@undercloud.ooo.test: {}, L3 agent@undercloud.ooo.test: {}, Open vSwitch agent@undercloud.ooo.test: { 'AddressGroup': '1.2', 'ConntrackHelper': '1.0', 'Log': '1.0', 'Network': '1.1', 'Port': '1.7', 'PortForwarding': '1.2', 'QosPolicy': '1.8', 'SecurityGroup': '1.5', 'SecurityGroupRule': '1.2', 'SubPort': '1.0', 'Subnet': '1.1', 'Trunk': '1.1'}} report /usr/lib/python3.9/site-packages/neutron/api/rpc/callbacks/version_manager.py:175
2025-10-03 07:46:16.078 21 DEBUG neutron.plugins.ml2.drivers.mech_agent [req-33d2b4a0-5c59-4ddb-9481-a88f9e2cc469 - - - - -] Checking agent: {'id': '488bdee4-3e6c-4faa-82a9-a9041d6eda76', 'agent_type': 'Open vSwitch agent', 'binary': 'neutron-openvswitch-agent', 'topic': 'N/A', 'host': 'undercloud.ooo.test', 'admin_state_up': True, 'created_at': datetime.datetime(2025, 10, 3, 7, 44, 54), 'started_at': datetime.datetime(2025, 10, 3, 7, 44, 54), 'heartbeat_timestamp': datetime.datetime(2025, 10, 3, 7, 44, 54), 'description': None, 'resources_synced': None, 'availability_zone': None, 'alive': True, 'configurations': {'arp_responder_enabled': False, 'baremetal_smartnic': False, 'bridge_mappings': {'ctlplane': 'br-ctlplane'}, 'datapath_type': 'system', 'devices': 0, 'enable_distributed_routing': False, 'extensions': [], 'in_distributed_mode': False, 'integration_bridge': 'br-int', 'l2_population': False, 'log_agent_heartbeats': False, 'ovs_capabilities': {'datapath_types': ['netdev', 'system'], 'iface_types': ['bareudp', 'erspan', 'geneve', 'gre', 'gtpu', 'internal', 'ip6erspan', 'ip6gre', 'lisp', 'patch', 'srv6', 'stt', 'system', 'tap', 'vxlan']}, 'ovs_hybrid_plug': True, 'resource_provider_bandwidths': {}, 'resource_provider_hypervisors': {'br-ctlplane': 'undercloud.ooo.test'}, 'resource_provider_inventory_defaults': {'allocation_ratio': 1.0, 'min_unit': 1, 'step_size': 1, 'reserved': 0}, 'tunnel_types': [], 'tunneling_ip': None, 'vhostuser_socket_dir': '/var/run/openvswitch'}, 'resource_versions': {'AddressGroup': '1.2', 'ConntrackHelper': '1.0', 'Log': '1.0', 'Network': '1.1', 'Port': '1.7', 'PortForwarding': '1.2', 'QosPolicy': '1.8', 'SecurityGroup': '1.5', 'SecurityGroupRule': '1.2', 'SubPort': '1.0', 'Subnet': '1.1', 'Trunk': '1.1'}} bind_port /usr/lib/python3.9/site-packages/neutron/plugins/ml2/drivers/mech_agent.py:105
2025-10-03 07:46:16.079 21 DEBUG neutron.plugins.ml2.drivers.mech_agent [req-33d2b4a0-5c59-4ddb-9481-a88f9e2cc469 - - - - -] Checking segment: {'id': 'e699c7bb-a9ea-49d9-be06-0d64963b3784', 'network_type': 'flat', 'physical_network': 'ctlplane', 'segmentation_id': None, 'network_id': 'e88ab0e2-0e02-47ac-bd7b-c0bcb7e0e13e'} for mappings: {'ctlplane': 'br-ctlplane'} with network types: ['local', 'flat', 'vlan'] check_segment_for_agent /usr/lib/python3.9/site-packages/neutron/plugins/ml2/drivers/mech_agent.py:343
2025-10-03 07:46:16.079 21 DEBUG neutron_lib.callbacks.manager [req-33d2b4a0-5c59-4ddb-9481-a88f9e2cc469 - - - - -] Notify callbacks [] for ovs_bridge_name, before_read _notify_loop /usr/lib/python3.9/site-packages/neutron_lib/callbacks/manager.py:200
2025-10-03 07:46:16.079 21 DEBUG neutron.plugins.ml2.drivers.mech_agent [req-33d2b4a0-5c59-4ddb-9481-a88f9e2cc469 - - - - -] Bound using segment: {'id': 'e699c7bb-a9ea-49d9-be06-0d64963b3784', 'network_type': 'flat', 'physical_network': 'ctlplane', 'segmentation_id': None, 'network_id': 'e88ab0e2-0e02-47ac-bd7b-c0bcb7e0e13e'} bind_port /usr/lib/python3.9/site-packages/neutron/plugins/ml2/drivers/mech_agent.py:115
2025-10-03 07:46:16.079 21 DEBUG neutron.plugins.ml2.managers [req-33d2b4a0-5c59-4ddb-9481-a88f9e2cc469 - - - - -] Bound port: e1c4fe11-8371-4b59-b52d-158459f6f207, host: undercloud.ooo.test, vif_type: ovs, vif_details: {"connectivity": "l2", "port_filter": true, "ovs_hybrid_plug": true, "datapath_type": "system", "bridge_name": "br-int"}, binding_levels: [{'bound_driver': 'openvswitch', 'bound_segment': {'id': 'e699c7bb-a9ea-49d9-be06-0d64963b3784', 'network_type': 'flat', 'physical_network': 'ctlplane', 'segmentation_id': None, 'network_id': 'e88ab0e2-0e02-47ac-bd7b-c0bcb7e0e13e'}}] _bind_port_level /usr/lib/python3.9/site-packages/neutron/plugins/ml2/managers.py:944
2025-10-03 07:46:16.079 21 DEBUG neutron_lib.callbacks.manager [req-33d2b4a0-5c59-4ddb-9481-a88f9e2cc469 - - - - -] Notify callbacks ['neutron.plugins.ml2.plugin.SecurityGroupDbMixin._ensure_default_security_group_handler-564597'] for port, before_update _notify_loop /usr/lib/python3.9/site-packages/neutron_lib/callbacks/manager.py:200
2025-10-03 07:46:16.122 21 DEBUG neutron.plugins.ml2.db [req-33d2b4a0-5c59-4ddb-9481-a88f9e2cc469 - - - - -] For port e1c4fe11-8371-4b59-b52d-158459f6f207, host undercloud.ooo.test, cleared binding levels clear_binding_levels /usr/lib/python3.9/site-packages/neutron/plugins/ml2/db.py:88
2025-10-03 07:46:16.125 21 DEBUG neutron.plugins.ml2.db [req-33d2b4a0-5c59-4ddb-9481-a88f9e2cc469 - - - - -] For port e1c4fe11-8371-4b59-b52d-158459f6f207, host undercloud.ooo.test, set binding levels [PortBindingLevel(driver='openvswitch',host='undercloud.ooo.test',level=0,port_id=e1c4fe11-8371-4b59-b52d-158459f6f207,segment=NetworkSegment(e699c7bb-a9ea-49d9-be06-0d64963b3784),segment_id=e699c7bb-a9ea-49d9-be06-0d64963b3784)] set_binding_levels /usr/lib/python3.9/site-packages/neutron/plugins/ml2/db.py:60
2025-10-03 07:46:16.127 21 DEBUG neutron_lib.callbacks.manager [req-33d2b4a0-5c59-4ddb-9481-a88f9e2cc469 - - - - -] Notify callbacks ['neutron.plugins.ml2.plugin.SecurityGroupServerNotifierRpcMixin.notify_sg_on_port_change-586369', 'neutron.plugins.ml2.extensions.dns_integration._update_port_in_external_dns_service-8789093001283', 'neutron.plugins.ml2.ovo_rpc._ObjectChangeHandler.handle_event-472556', 'neutron.api.rpc.agentnotifiers.dhcp_rpc_agent_api.DhcpAgentNotifyAPI._native_event_send_dhcp_notification-8116611', 'neutron.db.l3_db.L3RpcNotifierMixin._notify_gateway_port_ip_changed-8789093072276', 'neutron.db.l3_hascheduler_db._notify_l3_agent_ha_port_update-8789092542603', 'neutron.services.segments.plugin.NovaSegmentNotifier._notify_port_updated-7935215'] for port, after_update _notify_loop /usr/lib/python3.9/site-packages/neutron_lib/callbacks/manager.py:200
2025-10-03 07:46:16.163 21 DEBUG neutron.api.rpc.handlers.resources_rpc [req-33d2b4a0-5c59-4ddb-9481-a88f9e2cc469 - - - - -] Pushing event updated for resources: {'Port': ['ID=e1c4fe11-8371-4b59-b52d-158459f6f207,revision_number=2']} push /usr/lib/python3.9/site-packages/neutron/api/rpc/handlers/resources_rpc.py:237
2025-10-03 07:46:16.367 15 DEBUG neutron.wsgi [-] (15) accepted ('192.168.122.100', 35198) server /usr/lib/python3.9/site-packages/eventlet/wsgi.py:992
2025-10-03 07:46:16.370 15 INFO neutron.wsgi [-] 192.168.122.100 "GET /healthcheck HTTP/1.0" status: 200 len: 137 time: 0.0012968
2025-10-03 07:46:17.786 16 DEBUG neutron.wsgi [-] (16) accepted ('192.168.122.100', 50876) server /usr/lib/python3.9/site-packages/eventlet/wsgi.py:992
2025-10-03 07:46:17.790 16 INFO neutron.wsgi [-] 192.168.122.100 "GET / HTTP/1.1" status: 200 len: 233 time: 0.0035532
2025-10-03 07:46:18.372 17 DEBUG neutron.wsgi [-] (17) accepted ('192.168.122.100', 50892) server /usr/lib/python3.9/site-packages/eventlet/wsgi.py:992
2025-10-03 07:46:18.376 17 INFO neutron.wsgi [-] 192.168.122.100 "GET /healthcheck HTTP/1.0" status: 200 len: 137 time: 0.0026150
2025-10-03 07:46:18.516 22 DEBUG neutron.api.rpc.handlers.dhcp_rpc [req-820136e5-f595-42a0-b7e7-bb53f0cef454 - - - - -] Network e88ab0e2-0e02-47ac-bd7b-c0bcb7e0e13e requested from undercloud.ooo.test get_network_info /usr/lib/python3.9/site-packages/neutron/api/rpc/handlers/dhcp_rpc.py:213
2025-10-03 07:46:18.540 20 DEBUG neutron.db.provisioning_blocks [req-3fb2f4cf-0a2a-4cd6-87b2-e3eb58b1bb5a - - - - -] Provisioning for port e1c4fe11-8371-4b59-b52d-158459f6f207 completed by entity DHCP. provisioning_complete /usr/lib/python3.9/site-packages/neutron/db/provisioning_blocks.py:134
2025-10-03 07:46:19.386 22 DEBUG neutron.plugins.ml2.rpc [req-16dfb621-051e-4751-9588-6137a4766d4d - - - - -] Device e1c4fe11-8371-4b59-b52d-158459f6f207 up at agent ovs-agent-undercloud.ooo.test update_device_up /usr/lib/python3.9/site-packages/neutron/plugins/ml2/rpc.py:278
2025-10-03 07:46:19.424 22 DEBUG neutron.db.provisioning_blocks [req-16dfb621-051e-4751-9588-6137a4766d4d - - - - -] Provisioning for port e1c4fe11-8371-4b59-b52d-158459f6f207 completed by entity L2. provisioning_complete /usr/lib/python3.9/site-packages/neutron/db/provisioning_blocks.py:134
