2025-10-03 09:12:37.400 2 DEBUG oslo_service.service [-] oslo_messaging_rabbit.heartbeat_rate = 2 log_opt_values /usr/lib/python3.9/site-packages/oslo_config/cfg.py:2613
2025-10-03 09:12:37.400 2 DEBUG oslo_service.service [-] oslo_messaging_rabbit.heartbeat_timeout_threshold = 60 log_opt_values /usr/lib/python3.9/site-packages/oslo_config/cfg.py:2613
2025-10-03 09:12:37.400 2 DEBUG oslo_service.service [-] oslo_messaging_rabbit.kombu_compression = None log_opt_values /usr/lib/python3.9/site-packages/oslo_config/cfg.py:2613
2025-10-03 09:12:37.400 2 DEBUG oslo_service.service [-] oslo_messaging_rabbit.kombu_failover_strategy = round-robin log_opt_values /usr/lib/python3.9/site-packages/oslo_config/cfg.py:2613
2025-10-03 09:12:37.401 2 DEBUG oslo_service.service [-] oslo_messaging_rabbit.kombu_missing_consumer_retry_timeout = 60 log_opt_values /usr/lib/python3.9/site-packages/oslo_config/cfg.py:2613
2025-10-03 09:12:37.401 2 DEBUG oslo_service.service [-] oslo_messaging_rabbit.kombu_reconnect_delay = 1.0 log_opt_values /usr/lib/python3.9/site-packages/oslo_config/cfg.py:2613
2025-10-03 09:12:37.401 2 DEBUG oslo_service.service [-] oslo_messaging_rabbit.rabbit_ha_queues = False log_opt_values /usr/lib/python3.9/site-packages/oslo_config/cfg.py:2613
2025-10-03 09:12:37.401 2 DEBUG oslo_service.service [-] oslo_messaging_rabbit.rabbit_interval_max = 30 log_opt_values /usr/lib/python3.9/site-packages/oslo_config/cfg.py:2613
2025-10-03 09:12:37.401 2 DEBUG oslo_service.service [-] oslo_messaging_rabbit.rabbit_login_method = AMQPLAIN log_opt_values /usr/lib/python3.9/site-packages/oslo_config/cfg.py:2613
2025-10-03 09:12:37.401 2 DEBUG oslo_service.service [-] oslo_messaging_rabbit.rabbit_qos_prefetch_count = 0 log_opt_values /usr/lib/python3.9/site-packages/oslo_config/cfg.py:2613
2025-10-03 09:12:37.401 2 DEBUG oslo_service.service [-] oslo_messaging_rabbit.rabbit_retry_backoff = 2 log_opt_values /usr/lib/python3.9/site-packages/oslo_config/cfg.py:2613
2025-10-03 09:12:37.401 2 DEBUG oslo_service.service [-] oslo_messaging_rabbit.rabbit_retry_interval = 1 log_opt_values /usr/lib/python3.9/site-packages/oslo_config/cfg.py:2613
2025-10-03 09:12:37.401 2 DEBUG oslo_service.service [-] oslo_messaging_rabbit.rabbit_transient_queues_ttl = 1800 log_opt_values /usr/lib/python3.9/site-packages/oslo_config/cfg.py:2613
2025-10-03 09:12:37.401 2 DEBUG oslo_service.service [-] oslo_messaging_rabbit.rpc_conn_pool_size = 30 log_opt_values /usr/lib/python3.9/site-packages/oslo_config/cfg.py:2613
2025-10-03 09:12:37.402 2 DEBUG oslo_service.service [-] oslo_messaging_rabbit.ssl = False log_opt_values /usr/lib/python3.9/site-packages/oslo_config/cfg.py:2613
2025-10-03 09:12:37.402 2 DEBUG oslo_service.service [-] oslo_messaging_rabbit.ssl_ca_file = log_opt_values /usr/lib/python3.9/site-packages/oslo_config/cfg.py:2613
2025-10-03 09:12:37.402 2 DEBUG oslo_service.service [-] oslo_messaging_rabbit.ssl_cert_file = log_opt_values /usr/lib/python3.9/site-packages/oslo_config/cfg.py:2613
2025-10-03 09:12:37.402 2 DEBUG oslo_service.service [-] oslo_messaging_rabbit.ssl_key_file = log_opt_values /usr/lib/python3.9/site-packages/oslo_config/cfg.py:2613
2025-10-03 09:12:37.402 2 DEBUG oslo_service.service [-] oslo_messaging_rabbit.ssl_version = log_opt_values /usr/lib/python3.9/site-packages/oslo_config/cfg.py:2613
2025-10-03 09:12:37.402 2 DEBUG oslo_service.service [-] oslo_messaging_notifications.driver = ['noop'] log_opt_values /usr/lib/python3.9/site-packages/oslo_config/cfg.py:2613
2025-10-03 09:12:37.402 2 DEBUG oslo_service.service [-] oslo_messaging_notifications.retry = -1 log_opt_values /usr/lib/python3.9/site-packages/oslo_config/cfg.py:2613
2025-10-03 09:12:37.402 2 DEBUG oslo_service.service [-] oslo_messaging_notifications.topics = ['notifications'] log_opt_values /usr/lib/python3.9/site-packages/oslo_config/cfg.py:2613
2025-10-03 09:12:37.402 2 DEBUG oslo_service.service [-] oslo_messaging_notifications.transport_url = **** log_opt_values /usr/lib/python3.9/site-packages/oslo_config/cfg.py:2613
2025-10-03 09:12:37.402 2 DEBUG oslo_service.service [-] oslo_versionedobjects.fatal_exception_format_errors = False log_opt_values /usr/lib/python3.9/site-packages/oslo_config/cfg.py:2613
2025-10-03 09:12:37.403 2 DEBUG oslo_service.service [-] QUOTAS.default_quota = -1 log_opt_values /usr/lib/python3.9/site-packages/oslo_config/cfg.py:2613
2025-10-03 09:12:37.403 2 DEBUG oslo_service.service [-] QUOTAS.quota_driver = neutron.db.quota.driver_nolock.DbQuotaNoLockDriver log_opt_values /usr/lib/python3.9/site-packages/oslo_config/cfg.py:2613
2025-10-03 09:12:37.403 2 DEBUG oslo_service.service [-] QUOTAS.quota_floatingip = 50 log_opt_values /usr/lib/python3.9/site-packages/oslo_config/cfg.py:2613
2025-10-03 09:12:37.403 2 DEBUG oslo_service.service [-] QUOTAS.quota_network = 100 log_opt_values /usr/lib/python3.9/site-packages/oslo_config/cfg.py:2613
2025-10-03 09:12:37.403 2 DEBUG oslo_service.service [-] QUOTAS.quota_port = 500 log_opt_values /usr/lib/python3.9/site-packages/oslo_config/cfg.py:2613
2025-10-03 09:12:37.403 52 DEBUG ovsdbapp.backend.ovs_idl [-] Created lookup_table index Logical_Switch.name autocreate_indices /usr/lib/python3.9/site-packages/ovsdbapp/backend/ovs_idl/__init__.py:107
2025-10-03 09:12:37.403 2 DEBUG oslo_service.service [-] QUOTAS.quota_rbac_policy = 10 log_opt_values /usr/lib/python3.9/site-packages/oslo_config/cfg.py:2613
2025-10-03 09:12:37.403 52 DEBUG ovsdbapp.backend.ovs_idl [-] Created lookup_table index Logical_Router.name autocreate_indices /usr/lib/python3.9/site-packages/ovsdbapp/backend/ovs_idl/__init__.py:107
2025-10-03 09:12:37.403 2 DEBUG oslo_service.service [-] QUOTAS.quota_router = 10 log_opt_values /usr/lib/python3.9/site-packages/oslo_config/cfg.py:2613
2025-10-03 09:12:37.403 52 DEBUG ovsdbapp.backend.ovs_idl [-] Created lookup_table index Load_Balancer.name autocreate_indices /usr/lib/python3.9/site-packages/ovsdbapp/backend/ovs_idl/__init__.py:107
2025-10-03 09:12:37.403 2 DEBUG oslo_service.service [-] QUOTAS.quota_security_group = 10 log_opt_values /usr/lib/python3.9/site-packages/oslo_config/cfg.py:2613
2025-10-03 09:12:37.403 52 DEBUG ovsdbapp.backend.ovs_idl [-] Created schema index Meter.name autocreate_indices /usr/lib/python3.9/site-packages/ovsdbapp/backend/ovs_idl/__init__.py:126
2025-10-03 09:12:37.403 2 DEBUG oslo_service.service [-] QUOTAS.quota_security_group_rule = 100 log_opt_values /usr/lib/python3.9/site-packages/oslo_config/cfg.py:2613
2025-10-03 09:12:37.403 52 DEBUG ovsdbapp.backend.ovs_idl [-] Created schema index Copp.name autocreate_indices /usr/lib/python3.9/site-packages/ovsdbapp/backend/ovs_idl/__init__.py:126
2025-10-03 09:12:37.404 2 DEBUG oslo_service.service [-] QUOTAS.quota_subnet = 100 log_opt_values /usr/lib/python3.9/site-packages/oslo_config/cfg.py:2613
2025-10-03 09:12:37.404 2 DEBUG oslo_service.service [-] QUOTAS.track_quota_usage = True log_opt_values /usr/lib/python3.9/site-packages/oslo_config/cfg.py:2613
2025-10-03 09:12:37.404 52 DEBUG ovsdbapp.backend.ovs_idl [-] Created schema index Logical_Switch_Port.name autocreate_indices /usr/lib/python3.9/site-packages/ovsdbapp/backend/ovs_idl/__init__.py:126
2025-10-03 09:12:37.404 2 DEBUG oslo_service.service [-] oslo_middleware.enable_proxy_headers_parsing = True log_opt_values /usr/lib/python3.9/site-packages/oslo_config/cfg.py:2613
2025-10-03 09:12:37.404 52 DEBUG ovsdbapp.backend.ovs_idl [-] Created schema index Chassis_Template_Var.chassis autocreate_indices /usr/lib/python3.9/site-packages/ovsdbapp/backend/ovs_idl/__init__.py:126
2025-10-03 09:12:37.404 2 DEBUG oslo_service.service [-] healthcheck.backends = ['disable_by_file'] log_opt_values /usr/lib/python3.9/site-packages/oslo_config/cfg.py:2613
2025-10-03 09:12:37.404 52 DEBUG ovsdbapp.backend.ovs_idl [-] Created schema index Gateway_Chassis.name autocreate_indices /usr/lib/python3.9/site-packages/ovsdbapp/backend/ovs_idl/__init__.py:126
2025-10-03 09:12:37.404 2 DEBUG oslo_service.service [-] healthcheck.detailed = False log_opt_values /usr/lib/python3.9/site-packages/oslo_config/cfg.py:2613
2025-10-03 09:12:37.404 52 DEBUG ovsdbapp.backend.ovs_idl [-] Created schema index Connection.target autocreate_indices /usr/lib/python3.9/site-packages/ovsdbapp/backend/ovs_idl/__init__.py:126
2025-10-03 09:12:37.404 2 DEBUG oslo_service.service [-] healthcheck.disable_by_file_path = None log_opt_values /usr/lib/python3.9/site-packages/oslo_config/cfg.py:2613
2025-10-03 09:12:37.404 52 DEBUG ovsdbapp.backend.ovs_idl [-] Created schema index Port_Group.name autocreate_indices /usr/lib/python3.9/site-packages/ovsdbapp/backend/ovs_idl/__init__.py:126
2025-10-03 09:12:37.404 2 DEBUG oslo_service.service [-] healthcheck.path = /healthcheck log_opt_values /usr/lib/python3.9/site-packages/oslo_config/cfg.py:2613
2025-10-03 09:12:37.404 52 DEBUG ovsdbapp.backend.ovs_idl [-] Created schema index Logical_Router_Port.name autocreate_indices /usr/lib/python3.9/site-packages/ovsdbapp/backend/ovs_idl/__init__.py:126
2025-10-03 09:12:37.404 2 DEBUG oslo_service.service [-] keystone_authtoken.admin_password = **** log_opt_values /usr/lib/python3.9/site-packages/oslo_config/cfg.py:2613
2025-10-03 09:12:37.404 52 DEBUG ovsdbapp.backend.ovs_idl [-] Created schema index HA_Chassis_Group.name autocreate_indices /usr/lib/python3.9/site-packages/ovsdbapp/backend/ovs_idl/__init__.py:126
2025-10-03 09:12:37.404 2 DEBUG oslo_service.service [-] keystone_authtoken.admin_tenant_name = admin log_opt_values /usr/lib/python3.9/site-packages/oslo_config/cfg.py:2613
2025-10-03 09:12:37.404 2 DEBUG oslo_service.service [-] keystone_authtoken.admin_token = **** log_opt_values /usr/lib/python3.9/site-packages/oslo_config/cfg.py:2613
2025-10-03 09:12:37.404 52 DEBUG ovsdbapp.backend.ovs_idl [-] Created schema index Mirror.name autocreate_indices /usr/lib/python3.9/site-packages/ovsdbapp/backend/ovs_idl/__init__.py:126
2025-10-03 09:12:37.405 2 DEBUG oslo_service.service [-] keystone_authtoken.admin_user = None log_opt_values /usr/lib/python3.9/site-packages/oslo_config/cfg.py:2613
2025-10-03 09:12:37.405 52 DEBUG ovsdbapp.backend.ovs_idl [-] Created schema index Address_Set.name autocreate_indices /usr/lib/python3.9/site-packages/ovsdbapp/backend/ovs_idl/__init__.py:126
2025-10-03 09:12:37.405 2 DEBUG oslo_service.service [-] keystone_authtoken.auth_admin_prefix = log_opt_values /usr/lib/python3.9/site-packages/oslo_config/cfg.py:2613
2025-10-03 09:12:37.405 52 DEBUG ovsdbapp.backend.ovs_idl [-] Created schema index Load_Balancer_Group.name autocreate_indices /usr/lib/python3.9/site-packages/ovsdbapp/backend/ovs_idl/__init__.py:126
2025-10-03 09:12:37.404 50 DEBUG ovsdbapp.backend.ovs_idl [req-ed9aea0f-ee6b-4008-ab8f-b490a01558e1 - - - - -] Created lookup_table index Logical_Switch.name autocreate_indices /usr/lib/python3.9/site-packages/ovsdbapp/backend/ovs_idl/__init__.py:107
2025-10-03 09:12:37.405 2 DEBUG oslo_service.service [-] keystone_authtoken.auth_host = 127.0.0.1 log_opt_values /usr/lib/python3.9/site-packages/oslo_config/cfg.py:2613
2025-10-03 09:12:37.405 2 DEBUG oslo_service.service [-] keystone_authtoken.auth_port = 35357 log_opt_values /usr/lib/python3.9/site-packages/oslo_config/cfg.py:2613
2025-10-03 09:12:37.405 50 DEBUG ovsdbapp.backend.ovs_idl [req-ed9aea0f-ee6b-4008-ab8f-b490a01558e1 - - - - -] Created lookup_table index Logical_Router.name autocreate_indices /usr/lib/python3.9/site-packages/ovsdbapp/backend/ovs_idl/__init__.py:107
2025-10-03 09:12:37.405 2 DEBUG oslo_service.service [-] keystone_authtoken.auth_protocol = https log_opt_values /usr/lib/python3.9/site-packages/oslo_config/cfg.py:2613
2025-10-03 09:12:37.405 50 DEBUG ovsdbapp.backend.ovs_idl [req-ed9aea0f-ee6b-4008-ab8f-b490a01558e1 - - - - -] Created lookup_table index Load_Balancer.name autocreate_indices /usr/lib/python3.9/site-packages/ovsdbapp/backend/ovs_idl/__init__.py:107
2025-10-03 09:12:37.405 2 DEBUG oslo_service.service [-] keystone_authtoken.auth_section = None log_opt_values /usr/lib/python3.9/site-packages/oslo_config/cfg.py:2613
2025-10-03 09:12:37.405 2 DEBUG oslo_service.service [-] keystone_authtoken.auth_type = password log_opt_values /usr/lib/python3.9/site-packages/oslo_config/cfg.py:2613
2025-10-03 09:12:37.405 50 DEBUG ovsdbapp.backend.ovs_idl [req-ed9aea0f-ee6b-4008-ab8f-b490a01558e1 - - - - -] Created schema index Meter.name autocreate_indices /usr/lib/python3.9/site-packages/ovsdbapp/backend/ovs_idl/__init__.py:126
2025-10-03 09:12:37.405 2 DEBUG oslo_service.service [-] keystone_authtoken.auth_uri = None log_opt_values /usr/lib/python3.9/site-packages/oslo_config/cfg.py:2613
2025-10-03 09:12:37.405 2 DEBUG oslo_service.service [-] keystone_authtoken.auth_url = https://overcloud.internalapi.ooo.test:5000 log_opt_values /usr/lib/python3.9/site-packages/oslo_config/cfg.py:2613
2025-10-03 09:12:37.405 50 DEBUG ovsdbapp.backend.ovs_idl [req-ed9aea0f-ee6b-4008-ab8f-b490a01558e1 - - - - -] Created schema index Copp.name autocreate_indices /usr/lib/python3.9/site-packages/ovsdbapp/backend/ovs_idl/__init__.py:126
2025-10-03 09:12:37.405 48 DEBUG neutron.common.ovn.hash_ring_manager [req-506ff21a-7e66-440a-9b38-a61b4eedf51a - - - - -] Hash Ring loaded. 3 active nodes. 0 offline nodes _load_hash_ring /usr/lib/python3.9/site-packages/neutron/common/ovn/hash_ring_manager.py:99
2025-10-03 09:12:37.405 2 DEBUG oslo_service.service [-] keystone_authtoken.auth_version = None log_opt_values /usr/lib/python3.9/site-packages/oslo_config/cfg.py:2613
2025-10-03 09:12:37.405 50 DEBUG ovsdbapp.backend.ovs_idl [req-ed9aea0f-ee6b-4008-ab8f-b490a01558e1 - - - - -] Created schema index Logical_Switch_Port.name autocreate_indices /usr/lib/python3.9/site-packages/ovsdbapp/backend/ovs_idl/__init__.py:126
2025-10-03 09:12:37.406 2 DEBUG oslo_service.service [-] keystone_authtoken.cache = None log_opt_values /usr/lib/python3.9/site-packages/oslo_config/cfg.py:2613
2025-10-03 09:12:37.406 2 DEBUG oslo_service.service [-] keystone_authtoken.cafile = None log_opt_values /usr/lib/python3.9/site-packages/oslo_config/cfg.py:2613
2025-10-03 09:12:37.406 50 DEBUG ovsdbapp.backend.ovs_idl [req-ed9aea0f-ee6b-4008-ab8f-b490a01558e1 - - - - -] Created schema index Chassis_Template_Var.chassis autocreate_indices /usr/lib/python3.9/site-packages/ovsdbapp/backend/ovs_idl/__init__.py:126
2025-10-03 09:12:37.406 2 DEBUG oslo_service.service [-] keystone_authtoken.certfile = None log_opt_values /usr/lib/python3.9/site-packages/oslo_config/cfg.py:2613
2025-10-03 09:12:37.406 50 DEBUG ovsdbapp.backend.ovs_idl [req-ed9aea0f-ee6b-4008-ab8f-b490a01558e1 - - - - -] Created schema index Gateway_Chassis.name autocreate_indices /usr/lib/python3.9/site-packages/ovsdbapp/backend/ovs_idl/__init__.py:126
2025-10-03 09:12:37.406 48 INFO ovsdbapp.backend.ovs_idl.vlog [req-506ff21a-7e66-440a-9b38-a61b4eedf51a - - - - -] ssl:172.17.0.104:6641: clustered database server is not cluster leader; trying another server
2025-10-03 09:12:37.406 2 DEBUG oslo_service.service [-] keystone_authtoken.default_domain_id = None log_opt_values /usr/lib/python3.9/site-packages/oslo_config/cfg.py:2613
2025-10-03 09:12:37.406 2 DEBUG oslo_service.service [-] keystone_authtoken.default_domain_name = None log_opt_values /usr/lib/python3.9/site-packages/oslo_config/cfg.py:2613
2025-10-03 09:12:37.406 50 DEBUG ovsdbapp.backend.ovs_idl [req-ed9aea0f-ee6b-4008-ab8f-b490a01558e1 - - - - -] Created schema index Connection.target autocreate_indices /usr/lib/python3.9/site-packages/ovsdbapp/backend/ovs_idl/__init__.py:126
2025-10-03 09:12:37.406 2 DEBUG oslo_service.service [-] keystone_authtoken.delay_auth_decision = False log_opt_values /usr/lib/python3.9/site-packages/oslo_config/cfg.py:2613
2025-10-03 09:12:37.406 2 DEBUG oslo_service.service [-] keystone_authtoken.domain_id = None log_opt_values /usr/lib/python3.9/site-packages/oslo_config/cfg.py:2613
2025-10-03 09:12:37.406 50 DEBUG ovsdbapp.backend.ovs_idl [req-ed9aea0f-ee6b-4008-ab8f-b490a01558e1 - - - - -] Created schema index Port_Group.name autocreate_indices /usr/lib/python3.9/site-packages/ovsdbapp/backend/ovs_idl/__init__.py:126
2025-10-03 09:12:37.406 2 DEBUG oslo_service.service [-] keystone_authtoken.domain_name = None log_opt_values /usr/lib/python3.9/site-packages/oslo_config/cfg.py:2613
2025-10-03 09:12:37.406 50 DEBUG ovsdbapp.backend.ovs_idl [req-ed9aea0f-ee6b-4008-ab8f-b490a01558e1 - - - - -] Created schema index Logical_Router_Port.name autocreate_indices /usr/lib/python3.9/site-packages/ovsdbapp/backend/ovs_idl/__init__.py:126
2025-10-03 09:12:37.406 2 DEBUG oslo_service.service [-] keystone_authtoken.enforce_token_bind = permissive log_opt_values /usr/lib/python3.9/site-packages/oslo_config/cfg.py:2613
2025-10-03 09:12:37.406 2 DEBUG oslo_service.service [-] keystone_authtoken.http_connect_timeout = None log_opt_values /usr/lib/python3.9/site-packages/oslo_config/cfg.py:2613
2025-10-03 09:12:37.406 2 DEBUG oslo_service.service [-] keystone_authtoken.http_request_max_retries = 3 log_opt_values /usr/lib/python3.9/site-packages/oslo_config/cfg.py:2613
2025-10-03 09:12:37.406 50 DEBUG ovsdbapp.backend.ovs_idl [req-ed9aea0f-ee6b-4008-ab8f-b490a01558e1 - - - - -] Created schema index HA_Chassis_Group.name autocreate_indices /usr/lib/python3.9/site-packages/ovsdbapp/backend/ovs_idl/__init__.py:126
2025-10-03 09:12:37.407 2 DEBUG oslo_service.service [-] keystone_authtoken.identity_uri = None log_opt_values /usr/lib/python3.9/site-packages/oslo_config/cfg.py:2613
2025-10-03 09:12:37.407 50 DEBUG ovsdbapp.backend.ovs_idl [req-ed9aea0f-ee6b-4008-ab8f-b490a01558e1 - - - - -] Created schema index Mirror.name autocreate_indices /usr/lib/python3.9/site-packages/ovsdbapp/backend/ovs_idl/__init__.py:126
2025-10-03 09:12:37.407 2 DEBUG oslo_service.service [-] keystone_authtoken.include_service_catalog = True log_opt_values /usr/lib/python3.9/site-packages/oslo_config/cfg.py:2613
2025-10-03 09:12:37.407 2 DEBUG oslo_service.service [-] keystone_authtoken.insecure = False log_opt_values /usr/lib/python3.9/site-packages/oslo_config/cfg.py:2613
2025-10-03 09:12:37.407 2 DEBUG oslo_service.service [-] keystone_authtoken.interface = internal log_opt_values /usr/lib/python3.9/site-packages/oslo_config/cfg.py:2613
2025-10-03 09:12:37.407 50 DEBUG ovsdbapp.backend.ovs_idl [req-ed9aea0f-ee6b-4008-ab8f-b490a01558e1 - - - - -] Created schema index Address_Set.name autocreate_indices /usr/lib/python3.9/site-packages/ovsdbapp/backend/ovs_idl/__init__.py:126
2025-10-03 09:12:37.407 2 DEBUG oslo_service.service [-] keystone_authtoken.keyfile = None log_opt_values /usr/lib/python3.9/site-packages/oslo_config/cfg.py:2613
2025-10-03 09:12:37.407 50 DEBUG ovsdbapp.backend.ovs_idl [req-ed9aea0f-ee6b-4008-ab8f-b490a01558e1 - - - - -] Created schema index Load_Balancer_Group.name autocreate_indices /usr/lib/python3.9/site-packages/ovsdbapp/backend/ovs_idl/__init__.py:126
2025-10-03 09:12:37.407 2 DEBUG oslo_service.service [-] keystone_authtoken.memcache_pool_conn_get_timeout = 10 log_opt_values /usr/lib/python3.9/site-packages/oslo_config/cfg.py:2613
2025-10-03 09:12:37.407 2 DEBUG oslo_service.service [-] keystone_authtoken.memcache_pool_dead_retry = 300 log_opt_values /usr/lib/python3.9/site-packages/oslo_config/cfg.py:2613
2025-10-03 09:12:37.407 2 DEBUG oslo_service.service [-] keystone_authtoken.memcache_pool_maxsize = 10 log_opt_values /usr/lib/python3.9/site-packages/oslo_config/cfg.py:2613
2025-10-03 09:12:37.407 48 INFO ovsdbapp.backend.ovs_idl.vlog [req-506ff21a-7e66-440a-9b38-a61b4eedf51a - - - - -] ssl:172.17.0.104:6641: connection closed by client
2025-10-03 09:12:37.407 2 DEBUG oslo_service.service [-] keystone_authtoken.memcache_pool_socket_timeout = 3 log_opt_values /usr/lib/python3.9/site-packages/oslo_config/cfg.py:2613
2025-10-03 09:12:37.407 52 INFO ovsdbapp.backend.ovs_idl.vlog [-] ssl:172.17.0.104:6641: connecting...
2025-10-03 09:12:37.407 2 DEBUG oslo_service.service [-] keystone_authtoken.memcache_pool_unused_timeout = 60 log_opt_values /usr/lib/python3.9/site-packages/oslo_config/cfg.py:2613
2025-10-03 09:12:37.407 2 DEBUG oslo_service.service [-] keystone_authtoken.memcache_secret_key = **** log_opt_values /usr/lib/python3.9/site-packages/oslo_config/cfg.py:2613
2025-10-03 09:12:37.408 2 DEBUG oslo_service.service [-] keystone_authtoken.memcache_security_strategy = None log_opt_values /usr/lib/python3.9/site-packages/oslo_config/cfg.py:2613
2025-10-03 09:12:37.408 2 DEBUG oslo_service.service [-] keystone_authtoken.memcache_use_advanced_pool = True log_opt_values /usr/lib/python3.9/site-packages/oslo_config/cfg.py:2613
2025-10-03 09:12:37.408 2 DEBUG oslo_service.service [-] keystone_authtoken.memcached_servers = ['np0005468024.internalapi.ooo.test:11211', 'np0005468025.internalapi.ooo.test:11211', 'np0005468026.internalapi.ooo.test:11211'] log_opt_values /usr/lib/python3.9/site-packages/oslo_config/cfg.py:2613
2025-10-03 09:12:37.408 2 DEBUG oslo_service.service [-] keystone_authtoken.password = **** log_opt_values /usr/lib/python3.9/site-packages/oslo_config/cfg.py:2613
2025-10-03 09:12:37.408 2 DEBUG oslo_service.service [-] keystone_authtoken.project_domain_id = None log_opt_values /usr/lib/python3.9/site-packages/oslo_config/cfg.py:2613
2025-10-03 09:12:37.408 2 DEBUG oslo_service.service [-] keystone_authtoken.project_domain_name = Default log_opt_values /usr/lib/python3.9/site-packages/oslo_config/cfg.py:2613
2025-10-03 09:12:37.408 2 DEBUG oslo_service.service [-] keystone_authtoken.project_id = None log_opt_values /usr/lib/python3.9/site-packages/oslo_config/cfg.py:2613
2025-10-03 09:12:37.408 2 DEBUG oslo_service.service [-] keystone_authtoken.project_name = service log_opt_values /usr/lib/python3.9/site-packages/oslo_config/cfg.py:2613
2025-10-03 09:12:37.408 2 DEBUG oslo_service.service [-] keystone_authtoken.region_name = regionOne log_opt_values /usr/lib/python3.9/site-packages/oslo_config/cfg.py:2613
2025-10-03 09:12:37.408 2 DEBUG oslo_service.service [-] keystone_authtoken.service_token_roles = ['service'] log_opt_values /usr/lib/python3.9/site-packages/oslo_config/cfg.py:2613
2025-10-03 09:12:37.409 2 DEBUG oslo_service.service [-] keystone_authtoken.service_token_roles_required = False log_opt_values /usr/lib/python3.9/site-packages/oslo_config/cfg.py:2613
2025-10-03 09:12:37.409 2 DEBUG oslo_service.service [-] keystone_authtoken.service_type = None log_opt_values /usr/lib/python3.9/site-packages/oslo_config/cfg.py:2613
2025-10-03 09:12:37.409 2 DEBUG oslo_service.service [-] keystone_authtoken.system_scope = None log_opt_values /usr/lib/python3.9/site-packages/oslo_config/cfg.py:2613
2025-10-03 09:12:37.409 2 DEBUG oslo_service.service [-] keystone_authtoken.token_cache_time = 300 log_opt_values /usr/lib/python3.9/site-packages/oslo_config/cfg.py:2613
2025-10-03 09:12:37.409 2 DEBUG oslo_service.service [-] keystone_authtoken.trust_id = None log_opt_values /usr/lib/python3.9/site-packages/oslo_config/cfg.py:2613
2025-10-03 09:12:37.409 2 DEBUG oslo_service.service [-] keystone_authtoken.user_domain_id = None log_opt_values /usr/lib/python3.9/site-packages/oslo_config/cfg.py:2613
2025-10-03 09:12:37.409 2 DEBUG oslo_service.service [-] keystone_authtoken.user_domain_name = Default log_opt_values /usr/lib/python3.9/site-packages/oslo_config/cfg.py:2613
2025-10-03 09:12:37.409 2 DEBUG oslo_service.service [-] keystone_authtoken.user_id = None log_opt_values /usr/lib/python3.9/site-packages/oslo_config/cfg.py:2613
2025-10-03 09:12:37.409 2 DEBUG oslo_service.service [-] keystone_authtoken.username = neutron log_opt_values /usr/lib/python3.9/site-packages/oslo_config/cfg.py:2613
2025-10-03 09:12:37.409 2 DEBUG oslo_service.service [-] keystone_authtoken.www_authenticate_uri = https://overcloud.ooo.test:13000 log_opt_values /usr/lib/python3.9/site-packages/oslo_config/cfg.py:2613
2025-10-03 09:12:37.410 2 DEBUG oslo_service.service [-] cache.backend = dogpile.cache.null log_opt_values /usr/lib/python3.9/site-packages/oslo_config/cfg.py:2613
2025-10-03 09:12:37.410 50 INFO ovsdbapp.backend.ovs_idl.vlog [req-ed9aea0f-ee6b-4008-ab8f-b490a01558e1 - - - - -] ssl:172.17.0.103:6641: connecting...
2025-10-03 09:12:37.410 2 DEBUG oslo_service.service [-] cache.backend_argument = **** log_opt_values /usr/lib/python3.9/site-packages/oslo_config/cfg.py:2613
2025-10-03 09:12:37.410 2 DEBUG oslo_service.service [-] cache.config_prefix = cache.oslo log_opt_values /usr/lib/python3.9/site-packages/oslo_config/cfg.py:2613
2025-10-03 09:12:37.410 2 DEBUG oslo_service.service [-] cache.dead_timeout = 60.0 log_opt_values /usr/lib/python3.9/site-packages/oslo_config/cfg.py:2613
2025-10-03 09:12:37.410 2 DEBUG oslo_service.service [-] cache.debug_cache_backend = False log_opt_values /usr/lib/python3.9/site-packages/oslo_config/cfg.py:2613
2025-10-03 09:12:37.410 2 DEBUG oslo_service.service [-] cache.enable_retry_client = False log_opt_values /usr/lib/python3.9/site-packages/oslo_config/cfg.py:2613
2025-10-03 09:12:37.410 2 DEBUG oslo_service.service [-] cache.enable_socket_keepalive = False log_opt_values /usr/lib/python3.9/site-packages/oslo_config/cfg.py:2613
2025-10-03 09:12:37.410 2 DEBUG oslo_service.service [-] cache.enabled = False log_opt_values /usr/lib/python3.9/site-packages/oslo_config/cfg.py:2613
2025-10-03 09:12:37.410 2 DEBUG oslo_service.service [-] cache.expiration_time = 600 log_opt_values /usr/lib/python3.9/site-packages/oslo_config/cfg.py:2613
2025-10-03 09:12:37.410 2 DEBUG oslo_service.service [-] cache.hashclient_retry_attempts = 2 log_opt_values /usr/lib/python3.9/site-packages/oslo_config/cfg.py:2613
2025-10-03 09:12:37.411 2 DEBUG oslo_service.service [-] cache.hashclient_retry_delay = 1.0 log_opt_values /usr/lib/python3.9/site-packages/oslo_config/cfg.py:2613
2025-10-03 09:12:37.411 2 DEBUG oslo_service.service [-] cache.memcache_dead_retry = 300 log_opt_values /usr/lib/python3.9/site-packages/oslo_config/cfg.py:2613
2025-10-03 09:12:37.411 2 DEBUG oslo_service.service [-] cache.memcache_pool_connection_get_timeout = 10 log_opt_values /usr/lib/python3.9/site-packages/oslo_config/cfg.py:2613
2025-10-03 09:12:37.411 2 DEBUG oslo_service.service [-] cache.memcache_pool_flush_on_reconnect = False log_opt_values /usr/lib/python3.9/site-packages/oslo_config/cfg.py:2613
2025-10-03 09:12:37.411 2 DEBUG oslo_service.service [-] cache.memcache_pool_maxsize = 10 log_opt_values /usr/lib/python3.9/site-packages/oslo_config/cfg.py:2613
2025-10-03 09:12:37.411 2 DEBUG oslo_service.service [-] cache.memcache_pool_unused_timeout = 60 log_opt_values /usr/lib/python3.9/site-packages/oslo_config/cfg.py:2613
2025-10-03 09:12:37.411 2 DEBUG oslo_service.service [-] cache.memcache_servers = ['localhost:11211'] log_opt_values /usr/lib/python3.9/site-packages/oslo_config/cfg.py:2613
2025-10-03 09:12:37.411 2 DEBUG oslo_service.service [-] cache.memcache_socket_timeout = 1.0 log_opt_values /usr/lib/python3.9/site-packages/oslo_config/cfg.py:2613
2025-10-03 09:12:37.411 2 DEBUG oslo_service.service [-] cache.proxies = [] log_opt_values /usr/lib/python3.9/site-packages/oslo_config/cfg.py:2613
2025-10-03 09:12:37.411 2 DEBUG oslo_service.service [-] cache.retry_attempts = 2 log_opt_values /usr/lib/python3.9/site-packages/oslo_config/cfg.py:2613
2025-10-03 09:12:37.411 48 INFO ovsdbapp.backend.ovs_idl.vlog [req-506ff21a-7e66-440a-9b38-a61b4eedf51a - - - - -] ssl:172.17.0.105:6641: connecting...
2025-10-03 09:12:37.411 2 DEBUG oslo_service.service [-] cache.retry_delay = 0.0 log_opt_values /usr/lib/python3.9/site-packages/oslo_config/cfg.py:2613
2025-10-03 09:12:37.412 2 DEBUG oslo_service.service [-] cache.socket_keepalive_count = 1 log_opt_values /usr/lib/python3.9/site-packages/oslo_config/cfg.py:2613
2025-10-03 09:12:37.412 2 DEBUG oslo_service.service [-] cache.socket_keepalive_idle = 1 log_opt_values /usr/lib/python3.9/site-packages/oslo_config/cfg.py:2613
2025-10-03 09:12:37.412 2 DEBUG oslo_service.service [-] cache.socket_keepalive_interval = 1 log_opt_values /usr/lib/python3.9/site-packages/oslo_config/cfg.py:2613
2025-10-03 09:12:37.412 2 DEBUG oslo_service.service [-] cache.tls_allowed_ciphers = None log_opt_values /usr/lib/python3.9/site-packages/oslo_config/cfg.py:2613
2025-10-03 09:12:37.412 2 DEBUG oslo_service.service [-] cache.tls_cafile = None log_opt_values /usr/lib/python3.9/site-packages/oslo_config/cfg.py:2613
2025-10-03 09:12:37.412 2 DEBUG oslo_service.service [-] cache.tls_certfile = None log_opt_values /usr/lib/python3.9/site-packages/oslo_config/cfg.py:2613
2025-10-03 09:12:37.412 2 DEBUG oslo_service.service [-] cache.tls_enabled = False log_opt_values /usr/lib/python3.9/site-packages/oslo_config/cfg.py:2613
2025-10-03 09:12:37.412 2 DEBUG oslo_service.service [-] cache.tls_keyfile = None log_opt_values /usr/lib/python3.9/site-packages/oslo_config/cfg.py:2613
2025-10-03 09:12:37.412 52 INFO ovsdbapp.backend.ovs_idl.vlog [-] ssl:172.17.0.104:6641: connected
2025-10-03 09:12:37.412 2 DEBUG oslo_service.service [-] privsep.capabilities = [21, 12, 1, 2, 19] log_opt_values /usr/lib/python3.9/site-packages/oslo_config/cfg.py:2613
2025-10-03 09:12:37.412 2 DEBUG oslo_service.service [-] privsep.group = None log_opt_values /usr/lib/python3.9/site-packages/oslo_config/cfg.py:2613
2025-10-03 09:12:37.413 2 DEBUG oslo_service.service [-] privsep.helper_command = None log_opt_values /usr/lib/python3.9/site-packages/oslo_config/cfg.py:2613
2025-10-03 09:12:37.413 2 DEBUG oslo_service.service [-] privsep.logger_name = oslo_privsep.daemon log_opt_values /usr/lib/python3.9/site-packages/oslo_config/cfg.py:2613
2025-10-03 09:12:37.413 2 DEBUG oslo_service.service [-] privsep.thread_pool_size = 8 log_opt_values /usr/lib/python3.9/site-packages/oslo_config/cfg.py:2613
2025-10-03 09:12:37.413 2 DEBUG oslo_service.service [-] privsep.user = None log_opt_values /usr/lib/python3.9/site-packages/oslo_config/cfg.py:2613
2025-10-03 09:12:37.413 2 DEBUG oslo_service.service [-] privsep_dhcp_release.capabilities = [21, 12] log_opt_values /usr/lib/python3.9/site-packages/oslo_config/cfg.py:2613
2025-10-03 09:12:37.413 2 DEBUG oslo_service.service [-] privsep_dhcp_release.group = None log_opt_values /usr/lib/python3.9/site-packages/oslo_config/cfg.py:2613
2025-10-03 09:12:37.413 2 DEBUG oslo_service.service [-] privsep_dhcp_release.helper_command = None log_opt_values /usr/lib/python3.9/site-packages/oslo_config/cfg.py:2613
2025-10-03 09:12:37.413 2 DEBUG oslo_service.service [-] privsep_dhcp_release.logger_name = oslo_privsep.daemon log_opt_values /usr/lib/python3.9/site-packages/oslo_config/cfg.py:2613
2025-10-03 09:12:37.413 2 DEBUG oslo_service.service [-] privsep_dhcp_release.thread_pool_size = 8 log_opt_values /usr/lib/python3.9/site-packages/oslo_config/cfg.py:2613
2025-10-03 09:12:37.413 2 DEBUG oslo_service.service [-] privsep_dhcp_release.user = None log_opt_values /usr/lib/python3.9/site-packages/oslo_config/cfg.py:2613
2025-10-03 09:12:37.413 2 DEBUG oslo_service.service [-] privsep_ovs_vsctl.capabilities = [21, 12] log_opt_values /usr/lib/python3.9/site-packages/oslo_config/cfg.py:2613
2025-10-03 09:12:37.413 2 DEBUG oslo_service.service [-] privsep_ovs_vsctl.group = None log_opt_values /usr/lib/python3.9/site-packages/oslo_config/cfg.py:2613
2025-10-03 09:12:37.414 2 DEBUG oslo_service.service [-] privsep_ovs_vsctl.helper_command = None log_opt_values /usr/lib/python3.9/site-packages/oslo_config/cfg.py:2613
2025-10-03 09:12:37.414 2 DEBUG oslo_service.service [-] privsep_ovs_vsctl.logger_name = oslo_privsep.daemon log_opt_values /usr/lib/python3.9/site-packages/oslo_config/cfg.py:2613
2025-10-03 09:12:37.414 2 DEBUG oslo_service.service [-] privsep_ovs_vsctl.thread_pool_size = 8 log_opt_values /usr/lib/python3.9/site-packages/oslo_config/cfg.py:2613
2025-10-03 09:12:37.414 2 DEBUG oslo_service.service [-] privsep_ovs_vsctl.user = None log_opt_values /usr/lib/python3.9/site-packages/oslo_config/cfg.py:2613
2025-10-03 09:12:37.414 2 DEBUG oslo_service.service [-] AGENT.root_helper = sudo neutron-rootwrap /etc/neutron/rootwrap.conf log_opt_values /usr/lib/python3.9/site-packages/oslo_config/cfg.py:2613
2025-10-03 09:12:37.414 2 DEBUG oslo_service.service [-] AGENT.root_helper_daemon = sudo neutron-rootwrap-daemon /etc/neutron/rootwrap.conf log_opt_values /usr/lib/python3.9/site-packages/oslo_config/cfg.py:2613
2025-10-03 09:12:37.414 2 DEBUG oslo_service.service [-] AGENT.use_helper_for_ns_read = True log_opt_values /usr/lib/python3.9/site-packages/oslo_config/cfg.py:2613
2025-10-03 09:12:37.414 2 DEBUG oslo_service.service [-] SECURITYGROUP.enable_ipset = True log_opt_values /usr/lib/python3.9/site-packages/oslo_config/cfg.py:2613
2025-10-03 09:12:37.414 2 DEBUG oslo_service.service [-] SECURITYGROUP.enable_security_group = True log_opt_values /usr/lib/python3.9/site-packages/oslo_config/cfg.py:2613
2025-10-03 09:12:37.414 50 INFO ovsdbapp.backend.ovs_idl.vlog [req-ed9aea0f-ee6b-4008-ab8f-b490a01558e1 - - - - -] ssl:172.17.0.103:6641: connected
2025-10-03 09:12:37.414 2 DEBUG oslo_service.service [-] SECURITYGROUP.firewall_driver = None log_opt_values /usr/lib/python3.9/site-packages/oslo_config/cfg.py:2613
2025-10-03 09:12:37.415 2 DEBUG oslo_service.service [-] SECURITYGROUP.permitted_ethertypes = [] log_opt_values /usr/lib/python3.9/site-packages/oslo_config/cfg.py:2613
2025-10-03 09:12:37.415 2 DEBUG oslo_service.service [-] ml2.extension_drivers = ['qos', 'port_security', 'dns_domain_ports'] log_opt_values /usr/lib/python3.9/site-packages/oslo_config/cfg.py:2613
2025-10-03 09:12:37.415 2 DEBUG oslo_service.service [-] ml2.external_network_type = None log_opt_values /usr/lib/python3.9/site-packages/oslo_config/cfg.py:2613
2025-10-03 09:12:37.415 2 DEBUG oslo_service.service [-] ml2.mechanism_drivers = ['ovn'] log_opt_values /usr/lib/python3.9/site-packages/oslo_config/cfg.py:2613
2025-10-03 09:12:37.415 2 DEBUG oslo_service.service [-] ml2.overlay_ip_version = 4 log_opt_values /usr/lib/python3.9/site-packages/oslo_config/cfg.py:2613
2025-10-03 09:12:37.415 2 DEBUG oslo_service.service [-] ml2.path_mtu = 0 log_opt_values /usr/lib/python3.9/site-packages/oslo_config/cfg.py:2613
2025-10-03 09:12:37.415 2 DEBUG oslo_service.service [-] ml2.physical_network_mtus = [] log_opt_values /usr/lib/python3.9/site-packages/oslo_config/cfg.py:2613
2025-10-03 09:12:37.415 2 DEBUG oslo_service.service [-] ml2.tenant_network_types = ['geneve'] log_opt_values /usr/lib/python3.9/site-packages/oslo_config/cfg.py:2613
2025-10-03 09:12:37.415 2 DEBUG oslo_service.service [-] ml2.type_drivers = ['geneve', 'vxlan', 'vlan', 'flat'] log_opt_values /usr/lib/python3.9/site-packages/oslo_config/cfg.py:2613
2025-10-03 09:12:37.415 2 DEBUG oslo_service.service [-] ml2_type_flat.flat_networks = ['datacentre'] log_opt_values /usr/lib/python3.9/site-packages/oslo_config/cfg.py:2613
2025-10-03 09:12:37.416 2 DEBUG oslo_service.service [-] ml2_type_geneve.max_header_size = 38 log_opt_values /usr/lib/python3.9/site-packages/oslo_config/cfg.py:2613
2025-10-03 09:12:37.416 2 DEBUG oslo_service.service [-] ml2_type_geneve.vni_ranges = ['1:65536'] log_opt_values /usr/lib/python3.9/site-packages/oslo_config/cfg.py:2613
2025-10-03 09:12:37.416 2 DEBUG oslo_service.service [-] ml2_type_vlan.network_vlan_ranges = ['datacentre:1:1000'] log_opt_values /usr/lib/python3.9/site-packages/oslo_config/cfg.py:2613
2025-10-03 09:12:37.416 2 DEBUG oslo_service.service [-] ml2_type_vxlan.vni_ranges = ['1:65536'] log_opt_values /usr/lib/python3.9/site-packages/oslo_config/cfg.py:2613
2025-10-03 09:12:37.416 2 DEBUG oslo_service.service [-] ml2_type_vxlan.vxlan_group = 224.0.0.1 log_opt_values /usr/lib/python3.9/site-packages/oslo_config/cfg.py:2613
2025-10-03 09:12:37.416 2 DEBUG oslo_service.service [-] network_log.burst_limit = 25 log_opt_values /usr/lib/python3.9/site-packages/oslo_config/cfg.py:2613
2025-10-03 09:12:37.416 2 DEBUG oslo_service.service [-] network_log.local_output_log_base = None log_opt_values /usr/lib/python3.9/site-packages/oslo_config/cfg.py:2613
2025-10-03 09:12:37.416 2 DEBUG oslo_service.service [-] network_log.rate_limit = 100 log_opt_values /usr/lib/python3.9/site-packages/oslo_config/cfg.py:2613
2025-10-03 09:12:37.416 2 DEBUG oslo_service.service [-] database.backend = sqlalchemy log_opt_values /usr/lib/python3.9/site-packages/oslo_config/cfg.py:2613
2025-10-03 09:12:37.417 2 DEBUG oslo_service.service [-] database.connection = **** log_opt_values /usr/lib/python3.9/site-packages/oslo_config/cfg.py:2613
2025-10-03 09:12:37.417 2 DEBUG oslo_service.service [-] database.connection_debug = 0 log_opt_values /usr/lib/python3.9/site-packages/oslo_config/cfg.py:2613
2025-10-03 09:12:37.417 2 DEBUG oslo_service.service [-] database.connection_parameters = log_opt_values /usr/lib/python3.9/site-packages/oslo_config/cfg.py:2613
2025-10-03 09:12:37.417 51 ERROR oslo.messaging._drivers.impl_rabbit [-] Connection failed: [Errno 111] ECONNREFUSED (retrying in 0 seconds): ConnectionRefusedError: [Errno 111] ECONNREFUSED
2025-10-03 09:12:37.417 2 DEBUG oslo_service.service [-] database.connection_recycle_time = 3600 log_opt_values /usr/lib/python3.9/site-packages/oslo_config/cfg.py:2613
2025-10-03 09:12:37.417 2 DEBUG oslo_service.service [-] database.connection_trace = False log_opt_values /usr/lib/python3.9/site-packages/oslo_config/cfg.py:2613
2025-10-03 09:12:37.417 2 DEBUG oslo_service.service [-] database.db_inc_retry_interval = True log_opt_values /usr/lib/python3.9/site-packages/oslo_config/cfg.py:2613
2025-10-03 09:12:37.417 52 INFO ovsdbapp.backend.ovs_idl.vlog [-] ssl:172.17.0.104:6641: clustered database server is not cluster leader; trying another server
2025-10-03 09:12:37.417 2 DEBUG oslo_service.service [-] database.db_max_retries = -1 log_opt_values /usr/lib/python3.9/site-packages/oslo_config/cfg.py:2613
2025-10-03 09:12:37.417 2 DEBUG oslo_service.service [-] database.db_max_retry_interval = 10 log_opt_values /usr/lib/python3.9/site-packages/oslo_config/cfg.py:2613
2025-10-03 09:12:37.417 2 DEBUG oslo_service.service [-] database.db_retry_interval = 1 log_opt_values /usr/lib/python3.9/site-packages/oslo_config/cfg.py:2613
2025-10-03 09:12:37.417 2 DEBUG oslo_service.service [-] database.max_overflow = 50 log_opt_values /usr/lib/python3.9/site-packages/oslo_config/cfg.py:2613
2025-10-03 09:12:37.418 2 DEBUG oslo_service.service [-] database.max_pool_size = 5 log_opt_values /usr/lib/python3.9/site-packages/oslo_config/cfg.py:2613
2025-10-03 09:12:37.418 2 DEBUG oslo_service.service [-] database.max_retries = -1 log_opt_values /usr/lib/python3.9/site-packages/oslo_config/cfg.py:2613
2025-10-03 09:12:37.418 48 INFO ovsdbapp.backend.ovs_idl.vlog [req-506ff21a-7e66-440a-9b38-a61b4eedf51a - - - - -] ssl:172.17.0.105:6641: connected
2025-10-03 09:12:37.418 2 DEBUG oslo_service.service [-] database.mysql_enable_ndb = False log_opt_values /usr/lib/python3.9/site-packages/oslo_config/cfg.py:2613
2025-10-03 09:12:37.418 2 DEBUG oslo_service.service [-] database.mysql_sql_mode = TRADITIONAL log_opt_values /usr/lib/python3.9/site-packages/oslo_config/cfg.py:2613
2025-10-03 09:12:37.418 2 DEBUG oslo_service.service [-] database.pool_timeout = None log_opt_values /usr/lib/python3.9/site-packages/oslo_config/cfg.py:2613
2025-10-03 09:12:37.418 2 DEBUG oslo_service.service [-] database.retry_interval = 10 log_opt_values /usr/lib/python3.9/site-packages/oslo_config/cfg.py:2613
2025-10-03 09:12:37.418 2 DEBUG oslo_service.service [-] database.slave_connection = **** log_opt_values /usr/lib/python3.9/site-packages/oslo_config/cfg.py:2613
2025-10-03 09:12:37.418 2 DEBUG oslo_service.service [-] database.sqlite_synchronous = True log_opt_values /usr/lib/python3.9/site-packages/oslo_config/cfg.py:2613
2025-10-03 09:12:37.418 2 DEBUG oslo_service.service [-] database.use_db_reconnect = False log_opt_values /usr/lib/python3.9/site-packages/oslo_config/cfg.py:2613
2025-10-03 09:12:37.418 2 DEBUG oslo_service.service [-] ovn.broadcast_arps_to_all_routers = True log_opt_values /usr/lib/python3.9/site-packages/oslo_config/cfg.py:2613
2025-10-03 09:12:37.418 52 INFO ovsdbapp.backend.ovs_idl.vlog [-] ssl:172.17.0.104:6641: connection closed by client
2025-10-03 09:12:37.418 2 DEBUG oslo_service.service [-] ovn.dhcp_default_lease_time = 43200 log_opt_values /usr/lib/python3.9/site-packages/oslo_config/cfg.py:2613
2025-10-03 09:12:37.419 2 DEBUG oslo_service.service [-] ovn.disable_ovn_dhcp_for_baremetal_ports = False log_opt_values /usr/lib/python3.9/site-packages/oslo_config/cfg.py:2613
2025-10-03 09:12:37.419 2 DEBUG oslo_service.service [-] ovn.dns_servers = [] log_opt_values /usr/lib/python3.9/site-packages/oslo_config/cfg.py:2613
2025-10-03 09:12:37.419 2 DEBUG oslo_service.service [-] ovn.enable_distributed_floating_ip = True log_opt_values /usr/lib/python3.9/site-packages/oslo_config/cfg.py:2613
2025-10-03 09:12:37.419 2 DEBUG oslo_service.service [-] ovn.fdb_age_threshold = 0 log_opt_values /usr/lib/python3.9/site-packages/oslo_config/cfg.py:2613
2025-10-03 09:12:37.419 2 DEBUG oslo_service.service [-] ovn.localnet_learn_fdb = False log_opt_values /usr/lib/python3.9/site-packages/oslo_config/cfg.py:2613
2025-10-03 09:12:37.419 2 DEBUG oslo_service.service [-] ovn.mac_binding_age_threshold = 0 log_opt_values /usr/lib/python3.9/site-packages/oslo_config/cfg.py:2613
2025-10-03 09:12:37.419 2 DEBUG oslo_service.service [-] ovn.neutron_sync_mode = log log_opt_values /usr/lib/python3.9/site-packages/oslo_config/cfg.py:2613
2025-10-03 09:12:37.419 2 DEBUG oslo_service.service [-] ovn.ovn_dhcp4_global_options = {} log_opt_values /usr/lib/python3.9/site-packages/oslo_config/cfg.py:2613
2025-10-03 09:12:37.419 2 DEBUG oslo_service.service [-] ovn.ovn_dhcp6_global_options = {} log_opt_values /usr/lib/python3.9/site-packages/oslo_config/cfg.py:2613
2025-10-03 09:12:37.419 2 DEBUG oslo_service.service [-] ovn.ovn_emit_need_to_frag = True log_opt_values /usr/lib/python3.9/site-packages/oslo_config/cfg.py:2613
2025-10-03 09:12:37.420 2 DEBUG oslo_service.service [-] ovn.ovn_l3_mode = True log_opt_values /usr/lib/python3.9/site-packages/oslo_config/cfg.py:2613
2025-10-03 09:12:37.420 2 DEBUG oslo_service.service [-] ovn.ovn_l3_scheduler = leastloaded log_opt_values /usr/lib/python3.9/site-packages/oslo_config/cfg.py:2613
2025-10-03 09:12:37.420 2 DEBUG oslo_service.service [-] ovn.ovn_metadata_enabled = True log_opt_values /usr/lib/python3.9/site-packages/oslo_config/cfg.py:2613
2025-10-03 09:12:37.420 2 DEBUG oslo_service.service [-] ovn.ovn_nb_ca_cert = /etc/ipa/ca.crt log_opt_values /usr/lib/python3.9/site-packages/oslo_config/cfg.py:2613
2025-10-03 09:12:37.420 2 DEBUG oslo_service.service [-] ovn.ovn_nb_certificate = /etc/pki/tls/certs/neutron_ovn.crt log_opt_values /usr/lib/python3.9/site-packages/oslo_config/cfg.py:2613
2025-10-03 09:12:37.420 2 DEBUG oslo_service.service [-] ovn.ovn_nb_connection = ssl:172.17.0.103:6641,ssl:172.17.0.104:6641,ssl:172.17.0.105:6641 log_opt_values /usr/lib/python3.9/site-packages/oslo_config/cfg.py:2613
2025-10-03 09:12:37.420 2 DEBUG oslo_service.service [-] ovn.ovn_nb_private_key = /etc/pki/tls/private/neutron_ovn.key log_opt_values /usr/lib/python3.9/site-packages/oslo_config/cfg.py:2613
2025-10-03 09:12:37.420 2 DEBUG oslo_service.service [-] ovn.ovn_router_indirect_snat = False log_opt_values /usr/lib/python3.9/site-packages/oslo_config/cfg.py:2613
2025-10-03 09:12:37.420 2 DEBUG oslo_service.service [-] ovn.ovn_sb_ca_cert = /etc/ipa/ca.crt log_opt_values /usr/lib/python3.9/site-packages/oslo_config/cfg.py:2613
2025-10-03 09:12:37.420 2 DEBUG oslo_service.service [-] ovn.ovn_sb_certificate = /etc/pki/tls/certs/neutron_ovn.crt log_opt_values /usr/lib/python3.9/site-packages/oslo_config/cfg.py:2613
2025-10-03 09:12:37.421 2 DEBUG oslo_service.service [-] ovn.ovn_sb_connection = ssl:172.17.0.103:6642,ssl:172.17.0.104:6642,ssl:172.17.0.105:6642 log_opt_values /usr/lib/python3.9/site-packages/oslo_config/cfg.py:2613
2025-10-03 09:12:37.421 2 DEBUG oslo_service.service [-] ovn.ovn_sb_private_key = /etc/pki/tls/private/neutron_ovn.key log_opt_values /usr/lib/python3.9/site-packages/oslo_config/cfg.py:2613
2025-10-03 09:12:37.421 2 DEBUG oslo_service.service [-] ovn.ovsdb_connection_timeout = 180 log_opt_values /usr/lib/python3.9/site-packages/oslo_config/cfg.py:2613
2025-10-03 09:12:37.421 2 DEBUG oslo_service.service [-] ovn.ovsdb_log_level = INFO log_opt_values /usr/lib/python3.9/site-packages/oslo_config/cfg.py:2613
2025-10-03 09:12:37.421 2 DEBUG oslo_service.service [-] ovn.ovsdb_probe_interval = 60000 log_opt_values /usr/lib/python3.9/site-packages/oslo_config/cfg.py:2613
2025-10-03 09:12:37.421 2 DEBUG oslo_service.service [-] ovn.ovsdb_retry_max_interval = 180 log_opt_values /usr/lib/python3.9/site-packages/oslo_config/cfg.py:2613
2025-10-03 09:12:37.421 2 DEBUG oslo_service.service [-] ovn.vhost_sock_dir = /var/run/openvswitch log_opt_values /usr/lib/python3.9/site-packages/oslo_config/cfg.py:2613
2025-10-03 09:12:37.421 2 DEBUG oslo_service.service [-] ovn.vif_type = ovs log_opt_values /usr/lib/python3.9/site-packages/oslo_config/cfg.py:2613
2025-10-03 09:12:37.421 2 DEBUG oslo_service.service [-] OVS.bridge_mac_table_size = 50000 log_opt_values /usr/lib/python3.9/site-packages/oslo_config/cfg.py:2613
2025-10-03 09:12:37.421 2 DEBUG oslo_service.service [-] OVS.igmp_snooping_enable = False log_opt_values /usr/lib/python3.9/site-packages/oslo_config/cfg.py:2613
2025-10-03 09:12:37.422 2 DEBUG oslo_service.service [-] OVS.ovsdb_timeout = 10 log_opt_values /usr/lib/python3.9/site-packages/oslo_config/cfg.py:2613
2025-10-03 09:12:37.422 2 DEBUG oslo_service.service [-] ovn_nb_global.fdb_removal_limit = 0 log_opt_values /usr/lib/python3.9/site-packages/oslo_config/cfg.py:2613
2025-10-03 09:12:37.422 2 DEBUG oslo_service.service [-] ovn_nb_global.ignore_lsp_down = False log_opt_values /usr/lib/python3.9/site-packages/oslo_config/cfg.py:2613
2025-10-03 09:12:37.422 2 DEBUG oslo_service.service [-] ovn_nb_global.mac_binding_removal_limit = 0 log_opt_values /usr/lib/python3.9/site-packages/oslo_config/cfg.py:2613
2025-10-03 09:12:37.422 2 DEBUG oslo_service.service [-] ******************************************************************************** log_opt_values /usr/lib/python3.9/site-packages/oslo_config/cfg.py:2617
2025-10-03 09:12:37.422 2 DEBUG oslo_service.service [-] Full set of CONF: wait /usr/lib/python3.9/site-packages/oslo_service/service.py:650
2025-10-03 09:12:37.422 2 DEBUG oslo_service.service [-] ******************************************************************************** log_opt_values /usr/lib/python3.9/site-packages/oslo_config/cfg.py:2593
2025-10-03 09:12:37.422 2 DEBUG oslo_service.service [-] Configuration options gathered from: log_opt_values /usr/lib/python3.9/site-packages/oslo_config/cfg.py:2594
2025-10-03 09:12:37.422 2 DEBUG oslo_service.service [-] command line args: ['--config-file', '/usr/share/neutron/neutron-dist.conf', '--config-dir', '/usr/share/neutron/server', '--config-file', '/etc/neutron/neutron.conf', '--config-file', '/etc/neutron/plugin.ini', '--config-dir', '/etc/neutron/conf.d/common', '--config-dir', '/etc/neutron/conf.d/neutron-server', '--log-file=/var/log/neutron/server.log'] log_opt_values /usr/lib/python3.9/site-packages/oslo_config/cfg.py:2595
2025-10-03 09:12:37.422 52 INFO ovsdbapp.backend.ovs_idl.vlog [-] ssl:172.17.0.105:6641: connecting...
2025-10-03 09:12:37.422 2 DEBUG oslo_service.service [-] config files: ['/usr/share/neutron/neutron-dist.conf', '/etc/neutron/neutron.conf', '/etc/neutron/plugin.ini'] log_opt_values /usr/lib/python3.9/site-packages/oslo_config/cfg.py:2596
2025-10-03 09:12:37.422 2 DEBUG oslo_service.service [-] ================================================================================ log_opt_values /usr/lib/python3.9/site-packages/oslo_config/cfg.py:2598
2025-10-03 09:12:37.423 2 DEBUG oslo_service.service [-] agent_down_time = 600 log_opt_values /usr/lib/python3.9/site-packages/oslo_config/cfg.py:2606
2025-10-03 09:12:37.423 2 DEBUG oslo_service.service [-] allow_automatic_dhcp_failover = True log_opt_values /usr/lib/python3.9/site-packages/oslo_config/cfg.py:2606
2025-10-03 09:12:37.423 2 DEBUG oslo_service.service [-] allow_bulk = True log_opt_values /usr/lib/python3.9/site-packages/oslo_config/cfg.py:2606
2025-10-03 09:12:37.423 2 DEBUG oslo_service.service [-] allow_overlapping_ips = True log_opt_values /usr/lib/python3.9/site-packages/oslo_config/cfg.py:2606
2025-10-03 09:12:37.423 2 DEBUG oslo_service.service [-] allowed_conntrack_helpers = [{'amanda': 'tcp'}, {'ftp': 'tcp'}, {'h323': 'udp'}, {'h323': 'tcp'}, {'irc': 'tcp'}, {'netbios-ns': 'udp'}, {'pptp': 'tcp'}, {'sane': 'tcp'}, {'sip': 'udp'}, {'sip': 'tcp'}, {'snmp': 'udp'}, {'tftp': 'udp'}] log_opt_values /usr/lib/python3.9/site-packages/oslo_config/cfg.py:2606
2025-10-03 09:12:37.423 2 DEBUG oslo_service.service [-] api_extensions_path = log_opt_values /usr/lib/python3.9/site-packages/oslo_config/cfg.py:2606
2025-10-03 09:12:37.423 2 DEBUG oslo_service.service [-] api_paste_config = /usr/share/neutron/api-paste.ini log_opt_values /usr/lib/python3.9/site-packages/oslo_config/cfg.py:2606
2025-10-03 09:12:37.423 2 DEBUG oslo_service.service [-] api_workers = 1 log_opt_values /usr/lib/python3.9/site-packages/oslo_config/cfg.py:2606
2025-10-03 09:12:37.423 2 DEBUG oslo_service.service [-] auth_strategy = keystone log_opt_values /usr/lib/python3.9/site-packages/oslo_config/cfg.py:2606
2025-10-03 09:12:37.423 2 DEBUG oslo_service.service [-] backdoor_port = None log_opt_values /usr/lib/python3.9/site-packages/oslo_config/cfg.py:2606
2025-10-03 09:12:37.423 2 DEBUG oslo_service.service [-] backdoor_socket = None log_opt_values /usr/lib/python3.9/site-packages/oslo_config/cfg.py:2606
2025-10-03 09:12:37.423 2 DEBUG oslo_service.service [-] backlog = 4096 log_opt_values /usr/lib/python3.9/site-packages/oslo_config/cfg.py:2606
