2025-10-03 09:12:37.265 2 DEBUG oslo_service.service [-] cache.memcache_pool_unused_timeout = 60 log_opt_values /usr/lib/python3.9/site-packages/oslo_config/cfg.py:2613
2025-10-03 09:12:37.265 2 DEBUG oslo_service.service [-] cache.memcache_servers = ['localhost:11211'] log_opt_values /usr/lib/python3.9/site-packages/oslo_config/cfg.py:2613
2025-10-03 09:12:37.264 52 INFO ovsdbapp.backend.ovs_idl.vlog [-] ssl:172.17.0.105:6641: connected
2025-10-03 09:12:37.265 2 DEBUG oslo_service.service [-] cache.memcache_socket_timeout = 1.0 log_opt_values /usr/lib/python3.9/site-packages/oslo_config/cfg.py:2613
2025-10-03 09:12:37.265 2 DEBUG oslo_service.service [-] cache.proxies = [] log_opt_values /usr/lib/python3.9/site-packages/oslo_config/cfg.py:2613
2025-10-03 09:12:37.265 2 DEBUG oslo_service.service [-] cache.retry_attempts = 2 log_opt_values /usr/lib/python3.9/site-packages/oslo_config/cfg.py:2613
2025-10-03 09:12:37.265 48 DEBUG neutron.plugins.ml2.drivers.ovn.mech_driver.ovsdb.ovsdb_monitor [req-fb2288cc-f7ae-441f-8030-601a781fbc70 - - - - -] Hash Ring: Node 687f2cee-6313-44e4-8557-b6d464681ad2 (host: np0005468025.ooo.test) handling event "create" for row f8c20ecd-9e23-439a-9a8e-03e4b625d091 (table: Port_Group) notify /usr/lib/python3.9/site-packages/neutron/plugins/ml2/drivers/ovn/mech_driver/ovsdb/ovsdb_monitor.py:791
2025-10-03 09:12:37.265 2 DEBUG oslo_service.service [-] cache.retry_delay = 0.0 log_opt_values /usr/lib/python3.9/site-packages/oslo_config/cfg.py:2613
2025-10-03 09:12:37.265 2 DEBUG oslo_service.service [-] cache.socket_keepalive_count = 1 log_opt_values /usr/lib/python3.9/site-packages/oslo_config/cfg.py:2613
2025-10-03 09:12:37.265 2 DEBUG oslo_service.service [-] cache.socket_keepalive_idle = 1 log_opt_values /usr/lib/python3.9/site-packages/oslo_config/cfg.py:2613
2025-10-03 09:12:37.265 2 DEBUG oslo_service.service [-] cache.socket_keepalive_interval = 1 log_opt_values /usr/lib/python3.9/site-packages/oslo_config/cfg.py:2613
2025-10-03 09:12:37.265 48 DEBUG neutron.plugins.ml2.drivers.ovn.mech_driver.ovsdb.ovsdb_monitor [req-fb2288cc-f7ae-441f-8030-601a781fbc70 - - - - -] Hash Ring: Node 687f2cee-6313-44e4-8557-b6d464681ad2 (host: np0005468025.ooo.test) handling event "create" for row 9a373ffd-0abd-4b85-b365-9a6fbcc99d3a (table: Port_Group) notify /usr/lib/python3.9/site-packages/neutron/plugins/ml2/drivers/ovn/mech_driver/ovsdb/ovsdb_monitor.py:791
2025-10-03 09:12:37.265 2 DEBUG oslo_service.service [-] cache.tls_allowed_ciphers = None log_opt_values /usr/lib/python3.9/site-packages/oslo_config/cfg.py:2613
2025-10-03 09:12:37.265 2 DEBUG oslo_service.service [-] cache.tls_cafile = None log_opt_values /usr/lib/python3.9/site-packages/oslo_config/cfg.py:2613
2025-10-03 09:12:37.265 2 DEBUG oslo_service.service [-] cache.tls_certfile = None log_opt_values /usr/lib/python3.9/site-packages/oslo_config/cfg.py:2613
2025-10-03 09:12:37.265 2 DEBUG oslo_service.service [-] cache.tls_enabled = False log_opt_values /usr/lib/python3.9/site-packages/oslo_config/cfg.py:2613
2025-10-03 09:12:37.266 2 DEBUG oslo_service.service [-] cache.tls_keyfile = None log_opt_values /usr/lib/python3.9/site-packages/oslo_config/cfg.py:2613
2025-10-03 09:12:37.266 2 DEBUG oslo_service.service [-] privsep.capabilities = [21, 12, 1, 2, 19] log_opt_values /usr/lib/python3.9/site-packages/oslo_config/cfg.py:2613
2025-10-03 09:12:37.266 2 DEBUG oslo_service.service [-] privsep.group = None log_opt_values /usr/lib/python3.9/site-packages/oslo_config/cfg.py:2613
2025-10-03 09:12:37.266 2 DEBUG oslo_service.service [-] privsep.helper_command = None log_opt_values /usr/lib/python3.9/site-packages/oslo_config/cfg.py:2613
2025-10-03 09:12:37.266 2 DEBUG oslo_service.service [-] privsep.logger_name = oslo_privsep.daemon log_opt_values /usr/lib/python3.9/site-packages/oslo_config/cfg.py:2613
2025-10-03 09:12:37.266 2 DEBUG oslo_service.service [-] privsep.thread_pool_size = 8 log_opt_values /usr/lib/python3.9/site-packages/oslo_config/cfg.py:2613
2025-10-03 09:12:37.266 2 DEBUG oslo_service.service [-] privsep.user = None log_opt_values /usr/lib/python3.9/site-packages/oslo_config/cfg.py:2613
2025-10-03 09:12:37.266 2 DEBUG oslo_service.service [-] privsep_dhcp_release.capabilities = [21, 12] log_opt_values /usr/lib/python3.9/site-packages/oslo_config/cfg.py:2613
2025-10-03 09:12:37.266 2 DEBUG oslo_service.service [-] privsep_dhcp_release.group = None log_opt_values /usr/lib/python3.9/site-packages/oslo_config/cfg.py:2613
2025-10-03 09:12:37.266 2 DEBUG oslo_service.service [-] privsep_dhcp_release.helper_command = None log_opt_values /usr/lib/python3.9/site-packages/oslo_config/cfg.py:2613
2025-10-03 09:12:37.266 2 DEBUG oslo_service.service [-] privsep_dhcp_release.logger_name = oslo_privsep.daemon log_opt_values /usr/lib/python3.9/site-packages/oslo_config/cfg.py:2613
2025-10-03 09:12:37.266 2 DEBUG oslo_service.service [-] privsep_dhcp_release.thread_pool_size = 8 log_opt_values /usr/lib/python3.9/site-packages/oslo_config/cfg.py:2613
2025-10-03 09:12:37.266 2 DEBUG oslo_service.service [-] privsep_dhcp_release.user = None log_opt_values /usr/lib/python3.9/site-packages/oslo_config/cfg.py:2613
2025-10-03 09:12:37.266 2 DEBUG oslo_service.service [-] privsep_ovs_vsctl.capabilities = [21, 12] log_opt_values /usr/lib/python3.9/site-packages/oslo_config/cfg.py:2613
2025-10-03 09:12:37.266 2 DEBUG oslo_service.service [-] privsep_ovs_vsctl.group = None log_opt_values /usr/lib/python3.9/site-packages/oslo_config/cfg.py:2613
2025-10-03 09:12:37.267 2 DEBUG oslo_service.service [-] privsep_ovs_vsctl.helper_command = None log_opt_values /usr/lib/python3.9/site-packages/oslo_config/cfg.py:2613
2025-10-03 09:12:37.267 2 DEBUG oslo_service.service [-] privsep_ovs_vsctl.logger_name = oslo_privsep.daemon log_opt_values /usr/lib/python3.9/site-packages/oslo_config/cfg.py:2613
2025-10-03 09:12:37.267 2 DEBUG oslo_service.service [-] privsep_ovs_vsctl.thread_pool_size = 8 log_opt_values /usr/lib/python3.9/site-packages/oslo_config/cfg.py:2613
2025-10-03 09:12:37.267 2 DEBUG oslo_service.service [-] privsep_ovs_vsctl.user = None log_opt_values /usr/lib/python3.9/site-packages/oslo_config/cfg.py:2613
2025-10-03 09:12:37.267 2 DEBUG oslo_service.service [-] AGENT.root_helper = sudo neutron-rootwrap /etc/neutron/rootwrap.conf log_opt_values /usr/lib/python3.9/site-packages/oslo_config/cfg.py:2613
2025-10-03 09:12:37.267 2 DEBUG oslo_service.service [-] AGENT.root_helper_daemon = sudo neutron-rootwrap-daemon /etc/neutron/rootwrap.conf log_opt_values /usr/lib/python3.9/site-packages/oslo_config/cfg.py:2613
2025-10-03 09:12:37.267 2 DEBUG oslo_service.service [-] AGENT.use_helper_for_ns_read = True log_opt_values /usr/lib/python3.9/site-packages/oslo_config/cfg.py:2613
2025-10-03 09:12:37.267 2 DEBUG oslo_service.service [-] SECURITYGROUP.enable_ipset = True log_opt_values /usr/lib/python3.9/site-packages/oslo_config/cfg.py:2613
2025-10-03 09:12:37.267 2 DEBUG oslo_service.service [-] SECURITYGROUP.enable_security_group = True log_opt_values /usr/lib/python3.9/site-packages/oslo_config/cfg.py:2613
2025-10-03 09:12:37.267 2 DEBUG oslo_service.service [-] SECURITYGROUP.firewall_driver = None log_opt_values /usr/lib/python3.9/site-packages/oslo_config/cfg.py:2613
2025-10-03 09:12:37.267 2 DEBUG oslo_service.service [-] SECURITYGROUP.permitted_ethertypes = [] log_opt_values /usr/lib/python3.9/site-packages/oslo_config/cfg.py:2613
2025-10-03 09:12:37.267 2 DEBUG oslo_service.service [-] ml2.extension_drivers = ['qos', 'port_security', 'dns_domain_ports'] log_opt_values /usr/lib/python3.9/site-packages/oslo_config/cfg.py:2613
2025-10-03 09:12:37.267 2 DEBUG oslo_service.service [-] ml2.external_network_type = None log_opt_values /usr/lib/python3.9/site-packages/oslo_config/cfg.py:2613
2025-10-03 09:12:37.267 2 DEBUG oslo_service.service [-] ml2.mechanism_drivers = ['ovn'] log_opt_values /usr/lib/python3.9/site-packages/oslo_config/cfg.py:2613
2025-10-03 09:12:37.267 2 DEBUG oslo_service.service [-] ml2.overlay_ip_version = 4 log_opt_values /usr/lib/python3.9/site-packages/oslo_config/cfg.py:2613
2025-10-03 09:12:37.267 2 DEBUG oslo_service.service [-] ml2.path_mtu = 0 log_opt_values /usr/lib/python3.9/site-packages/oslo_config/cfg.py:2613
2025-10-03 09:12:37.268 2 DEBUG oslo_service.service [-] ml2.physical_network_mtus = [] log_opt_values /usr/lib/python3.9/site-packages/oslo_config/cfg.py:2613
2025-10-03 09:12:37.268 2 DEBUG oslo_service.service [-] ml2.tenant_network_types = ['geneve'] log_opt_values /usr/lib/python3.9/site-packages/oslo_config/cfg.py:2613
2025-10-03 09:12:37.268 2 DEBUG oslo_service.service [-] ml2.type_drivers = ['geneve', 'vxlan', 'vlan', 'flat'] log_opt_values /usr/lib/python3.9/site-packages/oslo_config/cfg.py:2613
2025-10-03 09:12:37.268 2 DEBUG oslo_service.service [-] ml2_type_flat.flat_networks = ['datacentre'] log_opt_values /usr/lib/python3.9/site-packages/oslo_config/cfg.py:2613
2025-10-03 09:12:37.268 2 DEBUG oslo_service.service [-] ml2_type_geneve.max_header_size = 38 log_opt_values /usr/lib/python3.9/site-packages/oslo_config/cfg.py:2613
2025-10-03 09:12:37.268 2 DEBUG oslo_service.service [-] ml2_type_geneve.vni_ranges = ['1:65536'] log_opt_values /usr/lib/python3.9/site-packages/oslo_config/cfg.py:2613
2025-10-03 09:12:37.268 2 DEBUG oslo_service.service [-] ml2_type_vlan.network_vlan_ranges = ['datacentre:1:1000'] log_opt_values /usr/lib/python3.9/site-packages/oslo_config/cfg.py:2613
2025-10-03 09:12:37.268 48 DEBUG neutron.plugins.ml2.drivers.ovn.mech_driver.ovsdb.ovsdb_monitor [req-fb2288cc-f7ae-441f-8030-601a781fbc70 - - - - -] Hash Ring: Node 687f2cee-6313-44e4-8557-b6d464681ad2 (host: np0005468025.ooo.test) handling event "create" for row ac170896-61ef-4fba-9cab-a6d7c72afb0a (table: ACL) notify /usr/lib/python3.9/site-packages/neutron/plugins/ml2/drivers/ovn/mech_driver/ovsdb/ovsdb_monitor.py:791
2025-10-03 09:12:37.268 2 DEBUG oslo_service.service [-] ml2_type_vxlan.vni_ranges = ['1:65536'] log_opt_values /usr/lib/python3.9/site-packages/oslo_config/cfg.py:2613
2025-10-03 09:12:37.268 2 DEBUG oslo_service.service [-] ml2_type_vxlan.vxlan_group = 224.0.0.1 log_opt_values /usr/lib/python3.9/site-packages/oslo_config/cfg.py:2613
2025-10-03 09:12:37.268 2 DEBUG oslo_service.service [-] network_log.burst_limit = 25 log_opt_values /usr/lib/python3.9/site-packages/oslo_config/cfg.py:2613
2025-10-03 09:12:37.268 48 DEBUG neutron.plugins.ml2.drivers.ovn.mech_driver.ovsdb.ovsdb_monitor [req-fb2288cc-f7ae-441f-8030-601a781fbc70 - - - - -] Hash Ring: Node 687f2cee-6313-44e4-8557-b6d464681ad2 (host: np0005468025.ooo.test) handling event "create" for row 65ccd748-a388-494f-9b19-c9c907c861ab (table: ACL) notify /usr/lib/python3.9/site-packages/neutron/plugins/ml2/drivers/ovn/mech_driver/ovsdb/ovsdb_monitor.py:791
2025-10-03 09:12:37.268 2 DEBUG oslo_service.service [-] network_log.local_output_log_base = None log_opt_values /usr/lib/python3.9/site-packages/oslo_config/cfg.py:2613
2025-10-03 09:12:37.268 2 DEBUG oslo_service.service [-] network_log.rate_limit = 100 log_opt_values /usr/lib/python3.9/site-packages/oslo_config/cfg.py:2613
2025-10-03 09:12:37.269 2 DEBUG oslo_service.service [-] database.backend = sqlalchemy log_opt_values /usr/lib/python3.9/site-packages/oslo_config/cfg.py:2613
2025-10-03 09:12:37.269 2 DEBUG oslo_service.service [-] database.connection = **** log_opt_values /usr/lib/python3.9/site-packages/oslo_config/cfg.py:2613
2025-10-03 09:12:37.269 48 DEBUG neutron.plugins.ml2.drivers.ovn.mech_driver.ovsdb.ovsdb_monitor [req-fb2288cc-f7ae-441f-8030-601a781fbc70 - - - - -] Hash Ring: Node 687f2cee-6313-44e4-8557-b6d464681ad2 (host: np0005468025.ooo.test) handling event "create" for row 8dad3c4f-fd9b-4dfe-bc5f-fa9c49650fc2 (table: ACL) notify /usr/lib/python3.9/site-packages/neutron/plugins/ml2/drivers/ovn/mech_driver/ovsdb/ovsdb_monitor.py:791
2025-10-03 09:12:37.269 2 DEBUG oslo_service.service [-] database.connection_debug = 0 log_opt_values /usr/lib/python3.9/site-packages/oslo_config/cfg.py:2613
2025-10-03 09:12:37.269 2 DEBUG oslo_service.service [-] database.connection_parameters = log_opt_values /usr/lib/python3.9/site-packages/oslo_config/cfg.py:2613
2025-10-03 09:12:37.269 2 DEBUG oslo_service.service [-] database.connection_recycle_time = 3600 log_opt_values /usr/lib/python3.9/site-packages/oslo_config/cfg.py:2613
2025-10-03 09:12:37.269 2 DEBUG oslo_service.service [-] database.connection_trace = False log_opt_values /usr/lib/python3.9/site-packages/oslo_config/cfg.py:2613
2025-10-03 09:12:37.269 2 DEBUG oslo_service.service [-] database.db_inc_retry_interval = True log_opt_values /usr/lib/python3.9/site-packages/oslo_config/cfg.py:2613
2025-10-03 09:12:37.269 2 DEBUG oslo_service.service [-] database.db_max_retries = -1 log_opt_values /usr/lib/python3.9/site-packages/oslo_config/cfg.py:2613
2025-10-03 09:12:37.269 2 DEBUG oslo_service.service [-] database.db_max_retry_interval = 10 log_opt_values /usr/lib/python3.9/site-packages/oslo_config/cfg.py:2613
2025-10-03 09:12:37.269 2 DEBUG oslo_service.service [-] database.db_retry_interval = 1 log_opt_values /usr/lib/python3.9/site-packages/oslo_config/cfg.py:2613
2025-10-03 09:12:37.269 48 DEBUG neutron.plugins.ml2.drivers.ovn.mech_driver.ovsdb.ovsdb_monitor [req-fb2288cc-f7ae-441f-8030-601a781fbc70 - - - - -] Hash Ring: Node 687f2cee-6313-44e4-8557-b6d464681ad2 (host: np0005468025.ooo.test) handling event "create" for row 914c6e2c-f4b3-4937-bd53-a198ccd1eb02 (table: ACL) notify /usr/lib/python3.9/site-packages/neutron/plugins/ml2/drivers/ovn/mech_driver/ovsdb/ovsdb_monitor.py:791
2025-10-03 09:12:37.270 2 DEBUG oslo_service.service [-] database.max_overflow = 50 log_opt_values /usr/lib/python3.9/site-packages/oslo_config/cfg.py:2613
2025-10-03 09:12:37.270 2 DEBUG oslo_service.service [-] database.max_pool_size = 5 log_opt_values /usr/lib/python3.9/site-packages/oslo_config/cfg.py:2613
2025-10-03 09:12:37.270 2 DEBUG oslo_service.service [-] database.max_retries = -1 log_opt_values /usr/lib/python3.9/site-packages/oslo_config/cfg.py:2613
2025-10-03 09:12:37.270 2 DEBUG oslo_service.service [-] database.mysql_enable_ndb = False log_opt_values /usr/lib/python3.9/site-packages/oslo_config/cfg.py:2613
2025-10-03 09:12:37.270 2 DEBUG oslo_service.service [-] database.mysql_sql_mode = TRADITIONAL log_opt_values /usr/lib/python3.9/site-packages/oslo_config/cfg.py:2613
2025-10-03 09:12:37.270 48 DEBUG neutron.plugins.ml2.drivers.ovn.mech_driver.ovsdb.ovsdb_monitor [req-fb2288cc-f7ae-441f-8030-601a781fbc70 - - - - -] Hash Ring: Node 687f2cee-6313-44e4-8557-b6d464681ad2 (host: np0005468025.ooo.test) handling event "create" for row 6f806233-3078-421f-8b82-f8f4a497228c (table: ACL) notify /usr/lib/python3.9/site-packages/neutron/plugins/ml2/drivers/ovn/mech_driver/ovsdb/ovsdb_monitor.py:791
2025-10-03 09:12:37.270 2 DEBUG oslo_service.service [-] database.pool_timeout = None log_opt_values /usr/lib/python3.9/site-packages/oslo_config/cfg.py:2613
2025-10-03 09:12:37.270 2 DEBUG oslo_service.service [-] database.retry_interval = 10 log_opt_values /usr/lib/python3.9/site-packages/oslo_config/cfg.py:2613
2025-10-03 09:12:37.270 2 DEBUG oslo_service.service [-] database.slave_connection = **** log_opt_values /usr/lib/python3.9/site-packages/oslo_config/cfg.py:2613
2025-10-03 09:12:37.270 2 DEBUG oslo_service.service [-] database.sqlite_synchronous = True log_opt_values /usr/lib/python3.9/site-packages/oslo_config/cfg.py:2613
2025-10-03 09:12:37.270 2 DEBUG oslo_service.service [-] database.use_db_reconnect = False log_opt_values /usr/lib/python3.9/site-packages/oslo_config/cfg.py:2613
2025-10-03 09:12:37.270 2 DEBUG oslo_service.service [-] ovn.broadcast_arps_to_all_routers = True log_opt_values /usr/lib/python3.9/site-packages/oslo_config/cfg.py:2613
2025-10-03 09:12:37.270 2 DEBUG oslo_service.service [-] ovn.dhcp_default_lease_time = 43200 log_opt_values /usr/lib/python3.9/site-packages/oslo_config/cfg.py:2613
2025-10-03 09:12:37.270 48 DEBUG neutron.plugins.ml2.drivers.ovn.mech_driver.ovsdb.ovsdb_monitor [req-fb2288cc-f7ae-441f-8030-601a781fbc70 - - - - -] Hash Ring: Node 687f2cee-6313-44e4-8557-b6d464681ad2 (host: np0005468025.ooo.test) handling event "create" for row 9df6ea63-667c-49c1-b502-436a216fa9b7 (table: Logical_Router_Port) notify /usr/lib/python3.9/site-packages/neutron/plugins/ml2/drivers/ovn/mech_driver/ovsdb/ovsdb_monitor.py:791
2025-10-03 09:12:37.270 2 DEBUG oslo_service.service [-] ovn.disable_ovn_dhcp_for_baremetal_ports = False log_opt_values /usr/lib/python3.9/site-packages/oslo_config/cfg.py:2613
2025-10-03 09:12:37.270 2 DEBUG oslo_service.service [-] ovn.dns_servers = [] log_opt_values /usr/lib/python3.9/site-packages/oslo_config/cfg.py:2613
2025-10-03 09:12:37.270 2 DEBUG oslo_service.service [-] ovn.enable_distributed_floating_ip = True log_opt_values /usr/lib/python3.9/site-packages/oslo_config/cfg.py:2613
2025-10-03 09:12:37.271 2 DEBUG oslo_service.service [-] ovn.fdb_age_threshold = 0 log_opt_values /usr/lib/python3.9/site-packages/oslo_config/cfg.py:2613
2025-10-03 09:12:37.270 48 DEBUG neutron.plugins.ml2.drivers.ovn.mech_driver.ovsdb.ovsdb_monitor [req-fb2288cc-f7ae-441f-8030-601a781fbc70 - - - - -] Hash Ring: Node 687f2cee-6313-44e4-8557-b6d464681ad2 (host: np0005468025.ooo.test) handling event "create" for row 1aaa1d18-d763-46ad-8713-bcb7af553046 (table: Logical_Router_Static_Route) notify /usr/lib/python3.9/site-packages/neutron/plugins/ml2/drivers/ovn/mech_driver/ovsdb/ovsdb_monitor.py:791
2025-10-03 09:12:37.271 2 DEBUG oslo_service.service [-] ovn.localnet_learn_fdb = False log_opt_values /usr/lib/python3.9/site-packages/oslo_config/cfg.py:2613
2025-10-03 09:12:37.271 2 DEBUG oslo_service.service [-] ovn.mac_binding_age_threshold = 0 log_opt_values /usr/lib/python3.9/site-packages/oslo_config/cfg.py:2613
2025-10-03 09:12:37.271 2 DEBUG oslo_service.service [-] ovn.neutron_sync_mode = log log_opt_values /usr/lib/python3.9/site-packages/oslo_config/cfg.py:2613
2025-10-03 09:12:37.271 2 DEBUG oslo_service.service [-] ovn.ovn_dhcp4_global_options = {} log_opt_values /usr/lib/python3.9/site-packages/oslo_config/cfg.py:2613
2025-10-03 09:12:37.271 48 DEBUG neutron.plugins.ml2.drivers.ovn.mech_driver.ovsdb.ovsdb_monitor [req-fb2288cc-f7ae-441f-8030-601a781fbc70 - - - - -] Hash Ring: Node 687f2cee-6313-44e4-8557-b6d464681ad2 (host: np0005468025.ooo.test) handling event "create" for row d72c70aa-1ce6-4117-ae3a-4f922d59346a (table: Logical_Switch_Port) notify /usr/lib/python3.9/site-packages/neutron/plugins/ml2/drivers/ovn/mech_driver/ovsdb/ovsdb_monitor.py:791
2025-10-03 09:12:37.271 2 DEBUG oslo_service.service [-] ovn.ovn_dhcp6_global_options = {} log_opt_values /usr/lib/python3.9/site-packages/oslo_config/cfg.py:2613
2025-10-03 09:12:37.271 2 DEBUG oslo_service.service [-] ovn.ovn_emit_need_to_frag = True log_opt_values /usr/lib/python3.9/site-packages/oslo_config/cfg.py:2613
2025-10-03 09:12:37.271 2 DEBUG oslo_service.service [-] ovn.ovn_l3_mode = True log_opt_values /usr/lib/python3.9/site-packages/oslo_config/cfg.py:2613
2025-10-03 09:12:37.271 2 DEBUG oslo_service.service [-] ovn.ovn_l3_scheduler = leastloaded log_opt_values /usr/lib/python3.9/site-packages/oslo_config/cfg.py:2613
2025-10-03 09:12:37.271 2 DEBUG oslo_service.service [-] ovn.ovn_metadata_enabled = True log_opt_values /usr/lib/python3.9/site-packages/oslo_config/cfg.py:2613
2025-10-03 09:12:37.271 2 DEBUG oslo_service.service [-] ovn.ovn_nb_ca_cert = /etc/ipa/ca.crt log_opt_values /usr/lib/python3.9/site-packages/oslo_config/cfg.py:2613
2025-10-03 09:12:37.271 2 DEBUG oslo_service.service [-] ovn.ovn_nb_certificate = /etc/pki/tls/certs/neutron_ovn.crt log_opt_values /usr/lib/python3.9/site-packages/oslo_config/cfg.py:2613
2025-10-03 09:12:37.272 2 DEBUG oslo_service.service [-] ovn.ovn_nb_connection = ssl:172.17.0.103:6641,ssl:172.17.0.104:6641,ssl:172.17.0.105:6641 log_opt_values /usr/lib/python3.9/site-packages/oslo_config/cfg.py:2613
2025-10-03 09:12:37.272 2 DEBUG oslo_service.service [-] ovn.ovn_nb_private_key = /etc/pki/tls/private/neutron_ovn.key log_opt_values /usr/lib/python3.9/site-packages/oslo_config/cfg.py:2613
2025-10-03 09:12:37.272 2 DEBUG oslo_service.service [-] ovn.ovn_router_indirect_snat = False log_opt_values /usr/lib/python3.9/site-packages/oslo_config/cfg.py:2613
2025-10-03 09:12:37.272 2 DEBUG oslo_service.service [-] ovn.ovn_sb_ca_cert = /etc/ipa/ca.crt log_opt_values /usr/lib/python3.9/site-packages/oslo_config/cfg.py:2613
2025-10-03 09:12:37.272 2 DEBUG oslo_service.service [-] ovn.ovn_sb_certificate = /etc/pki/tls/certs/neutron_ovn.crt log_opt_values /usr/lib/python3.9/site-packages/oslo_config/cfg.py:2613
2025-10-03 09:12:37.272 2 DEBUG oslo_service.service [-] ovn.ovn_sb_connection = ssl:172.17.0.103:6642,ssl:172.17.0.104:6642,ssl:172.17.0.105:6642 log_opt_values /usr/lib/python3.9/site-packages/oslo_config/cfg.py:2613
2025-10-03 09:12:37.272 2 DEBUG oslo_service.service [-] ovn.ovn_sb_private_key = /etc/pki/tls/private/neutron_ovn.key log_opt_values /usr/lib/python3.9/site-packages/oslo_config/cfg.py:2613
2025-10-03 09:12:37.272 48 DEBUG ovsdbapp.backend.ovs_idl.event [req-fb2288cc-f7ae-441f-8030-601a781fbc70 - - - - -] Matched CREATE: LogicalSwitchPortCreateDownEvent(events=('create',), table='Logical_Switch_Port', conditions=(('up', '=', False),), old_conditions=None) to row=Logical_Switch_Port(port_security=[], addresses=['unknown'], type=localnet, dhcpv4_options=[], name=provnet-1a2463b7-b87a-41df-ac7f-82fb88d557c4, up=[False], options={'localnet_learn_fdb': 'false', 'mcast_flood': 'false', 'mcast_flood_reports': 'true', 'network_name': 'datacentre'}, ha_chassis_group=[], external_ids={}, dynamic_addresses=[], tag=[], parent_name=[], mirror_rules=[], tag_request=[], enabled=[], dhcpv6_options=[]) old= matches /usr/lib/python3.9/site-packages/ovsdbapp/backend/ovs_idl/event.py:43
2025-10-03 09:12:37.272 2 DEBUG oslo_service.service [-] ovn.ovsdb_connection_timeout = 180 log_opt_values /usr/lib/python3.9/site-packages/oslo_config/cfg.py:2613
2025-10-03 09:12:37.272 2 DEBUG oslo_service.service [-] ovn.ovsdb_log_level = INFO log_opt_values /usr/lib/python3.9/site-packages/oslo_config/cfg.py:2613
2025-10-03 09:12:37.272 2 DEBUG oslo_service.service [-] ovn.ovsdb_probe_interval = 60000 log_opt_values /usr/lib/python3.9/site-packages/oslo_config/cfg.py:2613
2025-10-03 09:12:37.272 2 DEBUG oslo_service.service [-] ovn.ovsdb_retry_max_interval = 180 log_opt_values /usr/lib/python3.9/site-packages/oslo_config/cfg.py:2613
2025-10-03 09:12:37.273 2 DEBUG oslo_service.service [-] ovn.vhost_sock_dir = /var/run/openvswitch log_opt_values /usr/lib/python3.9/site-packages/oslo_config/cfg.py:2613
2025-10-03 09:12:37.273 2 DEBUG oslo_service.service [-] ovn.vif_type = ovs log_opt_values /usr/lib/python3.9/site-packages/oslo_config/cfg.py:2613
2025-10-03 09:12:37.273 2 DEBUG oslo_service.service [-] OVS.bridge_mac_table_size = 50000 log_opt_values /usr/lib/python3.9/site-packages/oslo_config/cfg.py:2613
2025-10-03 09:12:37.273 2 DEBUG oslo_service.service [-] OVS.igmp_snooping_enable = False log_opt_values /usr/lib/python3.9/site-packages/oslo_config/cfg.py:2613
2025-10-03 09:12:37.273 2 DEBUG oslo_service.service [-] OVS.ovsdb_timeout = 10 log_opt_values /usr/lib/python3.9/site-packages/oslo_config/cfg.py:2613
2025-10-03 09:12:37.273 2 DEBUG oslo_service.service [-] ovn_nb_global.fdb_removal_limit = 0 log_opt_values /usr/lib/python3.9/site-packages/oslo_config/cfg.py:2613
2025-10-03 09:12:37.273 2 DEBUG oslo_service.service [-] ovn_nb_global.ignore_lsp_down = False log_opt_values /usr/lib/python3.9/site-packages/oslo_config/cfg.py:2613
2025-10-03 09:12:37.273 2 DEBUG oslo_service.service [-] ovn_nb_global.mac_binding_removal_limit = 0 log_opt_values /usr/lib/python3.9/site-packages/oslo_config/cfg.py:2613
2025-10-03 09:12:37.273 2 DEBUG oslo_service.service [-] ******************************************************************************** log_opt_values /usr/lib/python3.9/site-packages/oslo_config/cfg.py:2617
2025-10-03 09:12:37.274 48 DEBUG neutron.plugins.ml2.drivers.ovn.mech_driver.ovsdb.ovsdb_monitor [req-fb2288cc-f7ae-441f-8030-601a781fbc70 - - - - -] Hash Ring: Node 687f2cee-6313-44e4-8557-b6d464681ad2 (host: np0005468025.ooo.test) handling event "create" for row c417b628-6c28-40a2-90c6-85072b4028f0 (table: Logical_Switch_Port) notify /usr/lib/python3.9/site-packages/neutron/plugins/ml2/drivers/ovn/mech_driver/ovsdb/ovsdb_monitor.py:791
2025-10-03 09:12:37.275 48 DEBUG ovsdbapp.backend.ovs_idl.event [req-fb2288cc-f7ae-441f-8030-601a781fbc70 - - - - -] Matched CREATE: LogicalSwitchPortCreateUpEvent(events=('create',), table='Logical_Switch_Port', conditions=(('up', '=', True),), old_conditions=None) to row=Logical_Switch_Port(port_security=['fa:16:3e:e9:45:a4 192.168.0.195'], addresses=['fa:16:3e:e9:45:a4 192.168.0.195'], type=, dhcpv4_options=[], name=0a944676-5764-4a8b-a59d-83c5db927674, up=[True], options={'requested-chassis': 'np0005468028.ooo.test'}, ha_chassis_group=[], external_ids={'neutron:cidrs': '192.168.0.195/24', 'neutron:device_id': '9adca1f4-8986-49a5-8c4b-0e760eddc6bf', 'neutron:device_owner': 'compute:nova', 'neutron:host_id': 'np0005468028.ooo.test', 'neutron:network_name': 'neutron-5d800526-9106-4a06-9060-ea3f6834fcaa', 'neutron:port_capabilities': '', 'neutron:port_fip': '192.168.122.20', 'neutron:port_name': '', 'neutron:project_id': '40e5002cbc5e4570b1f4c315872b3f2b', 'neutron:revision_number': '4', 'neutron:security_group_ids': '4711ca04-1ab2-4bf1-aafa-d584ffed3975', 'neutron:subnet_pool_addr_scope4': '', 'neutron:subnet_pool_addr_scope6': '', 'neutron:vnic_type': 'normal'}, dynamic_addresses=[], tag=[], parent_name=[], mirror_rules=[], tag_request=[], enabled=[True], dhcpv6_options=[]) old= matches /usr/lib/python3.9/site-packages/ovsdbapp/backend/ovs_idl/event.py:43
2025-10-03 09:12:37.276 48 DEBUG neutron.plugins.ml2.drivers.ovn.mech_driver.ovsdb.ovsdb_monitor [req-fb2288cc-f7ae-441f-8030-601a781fbc70 - - - - -] Hash Ring: Node 687f2cee-6313-44e4-8557-b6d464681ad2 (host: np0005468025.ooo.test) handling event "create" for row 3ed4c996-feb5-45f1-86b4-2f98671f7b77 (table: Logical_Switch_Port) notify /usr/lib/python3.9/site-packages/neutron/plugins/ml2/drivers/ovn/mech_driver/ovsdb/ovsdb_monitor.py:791
2025-10-03 09:12:37.280 48 DEBUG ovsdbapp.backend.ovs_idl.event [req-fb2288cc-f7ae-441f-8030-601a781fbc70 - - - - -] Matched CREATE: LogicalSwitchPortCreateUpEvent(events=('create',), table='Logical_Switch_Port', conditions=(('up', '=', True),), old_conditions=None) to row=Logical_Switch_Port(port_security=[], addresses=['router'], type=router, dhcpv4_options=[], name=b0da689a-42f6-4693-9285-f642095dcf76, up=[True], options={'exclude-lb-vips-from-garp': 'true', 'nat-addresses': 'router', 'requested-chassis': 'np0005468024.ooo.test', 'router-port': 'lrp-b0da689a-42f6-4693-9285-f642095dcf76'}, ha_chassis_group=[], external_ids={'neutron:cidrs': '192.168.122.192/24', 'neutron:device_id': '93872f37-2f2b-4c51-a230-96593a55f243', 'neutron:device_owner': 'network:router_gateway', 'neutron:host_id': 'np0005468024.ooo.test', 'neutron:network_name': 'neutron-a1071da3-5926-4a0c-85c7-0965c3734262', 'neutron:port_capabilities': '', 'neutron:port_name': '', 'neutron:project_id': '', 'neutron:revision_number': '14', 'neutron:security_group_ids': '', 'neutron:subnet_pool_addr_scope4': '', 'neutron:subnet_pool_addr_scope6': '', 'neutron:vnic_type': 'normal'}, dynamic_addresses=[], tag=[], parent_name=[], mirror_rules=[], tag_request=[], enabled=[True], dhcpv6_options=[]) old= matches /usr/lib/python3.9/site-packages/ovsdbapp/backend/ovs_idl/event.py:43
2025-10-03 09:12:37.282 48 DEBUG neutron.plugins.ml2.drivers.ovn.mech_driver.ovsdb.ovsdb_monitor [req-fb2288cc-f7ae-441f-8030-601a781fbc70 - - - - -] Hash Ring: Node 687f2cee-6313-44e4-8557-b6d464681ad2 (host: np0005468025.ooo.test) handling event "create" for row a8104a60-0cfb-490a-8c6e-0142a3d1c59f (table: Logical_Switch_Port) notify /usr/lib/python3.9/site-packages/neutron/plugins/ml2/drivers/ovn/mech_driver/ovsdb/ovsdb_monitor.py:791
2025-10-03 09:12:37.283 48 DEBUG ovsdbapp.backend.ovs_idl.event [req-fb2288cc-f7ae-441f-8030-601a781fbc70 - - - - -] Matched CREATE: LogicalSwitchPortCreateDownEvent(events=('create',), table='Logical_Switch_Port', conditions=(('up', '=', False),), old_conditions=None) to row=Logical_Switch_Port(port_security=[], addresses=['fa:16:3e:9a:5b:bf 192.168.0.2'], type=localport, dhcpv4_options=[], name=2caf623b-6014-4b04-8af2-000366b43587, up=[False], options={'requested-chassis': ''}, ha_chassis_group=[], external_ids={'neutron:cidrs': '192.168.0.2/24', 'neutron:device_id': 'ovnmeta-5d800526-9106-4a06-9060-ea3f6834fcaa', 'neutron:device_owner': 'network:distributed', 'neutron:network_name': 'neutron-5d800526-9106-4a06-9060-ea3f6834fcaa', 'neutron:port_capabilities': '', 'neutron:port_name': '', 'neutron:project_id': '40e5002cbc5e4570b1f4c315872b3f2b', 'neutron:revision_number': '2', 'neutron:security_group_ids': '', 'neutron:subnet_pool_addr_scope4': '', 'neutron:subnet_pool_addr_scope6': '', 'neutron:vnic_type': 'normal'}, dynamic_addresses=[], tag=[], parent_name=[], mirror_rules=[], tag_request=[], enabled=[True], dhcpv6_options=[]) old= matches /usr/lib/python3.9/site-packages/ovsdbapp/backend/ovs_idl/event.py:43
2025-10-03 09:12:37.284 48 DEBUG neutron.plugins.ml2.drivers.ovn.mech_driver.ovsdb.ovsdb_monitor [req-fb2288cc-f7ae-441f-8030-601a781fbc70 - - - - -] Hash Ring: Node 687f2cee-6313-44e4-8557-b6d464681ad2 (host: np0005468025.ooo.test) handling event "create" for row cf938928-70ec-4ff0-bca1-0ca6434d8978 (table: DHCP_Options) notify /usr/lib/python3.9/site-packages/neutron/plugins/ml2/drivers/ovn/mech_driver/ovsdb/ovsdb_monitor.py:791
2025-10-03 09:12:37.284 48 DEBUG neutron.plugins.ml2.drivers.ovn.mech_driver.ovsdb.ovsdb_monitor [req-fb2288cc-f7ae-441f-8030-601a781fbc70 - - - - -] Hash Ring: Node 687f2cee-6313-44e4-8557-b6d464681ad2 (host: np0005468025.ooo.test) handling event "create" for row 1e224369-dd5d-4bd1-b354-49c1365f4038 (table: NAT) notify /usr/lib/python3.9/site-packages/neutron/plugins/ml2/drivers/ovn/mech_driver/ovsdb/ovsdb_monitor.py:791
2025-10-03 09:12:37.284 48 DEBUG neutron.plugins.ml2.drivers.ovn.mech_driver.ovsdb.ovsdb_monitor [req-fb2288cc-f7ae-441f-8030-601a781fbc70 - - - - -] Hash Ring: Node 687f2cee-6313-44e4-8557-b6d464681ad2 (host: np0005468025.ooo.test) handling event "create" for row 5b8689a9-af52-44a2-9882-eb17b6a5025c (table: NAT) notify /usr/lib/python3.9/site-packages/neutron/plugins/ml2/drivers/ovn/mech_driver/ovsdb/ovsdb_monitor.py:791
2025-10-03 09:12:37.284 48 DEBUG ovsdbapp.backend.ovs_idl.event [req-fb2288cc-f7ae-441f-8030-601a781fbc70 - - - - -] Matched CREATE: FIPAddDeleteEvent(events=('create', 'delete'), table='NAT', conditions=(('type', '=', 'dnat_and_snat'),), old_conditions=None) to row=NAT(external_ids={'neutron:fip_external_mac': 'fa:16:3e:4a:a9:eb', 'neutron:fip_id': '63a030b8-374e-4b93-9719-0c271868ebeb', 'neutron:fip_network_id': 'a1071da3-5926-4a0c-85c7-0965c3734262', 'neutron:fip_port_id': '0a944676-5764-4a8b-a59d-83c5db927674', 'neutron:revision_number': '2', 'neutron:router_name': 'neutron-93872f37-2f2b-4c51-a230-96593a55f243'}, external_ip=192.168.122.20, allowed_ext_ips=[], external_port_range=, exempted_ext_ips=[], logical_ip=192.168.0.195, type=dnat_and_snat, external_mac=['fa:16:3e:4a:a9:eb'], options={}, logical_port=['0a944676-5764-4a8b-a59d-83c5db927674'], gateway_port=[]) old= matches /usr/lib/python3.9/site-packages/ovsdbapp/backend/ovs_idl/event.py:43
2025-10-03 09:12:37.286 50 DEBUG neutron.common.ovn.hash_ring_manager [req-414ae86a-d1e3-4db4-917c-7d6f7b8dcf45 - - - - -] Allow caching, nodes 1>=1 _wait_startup_before_caching /usr/lib/python3.9/site-packages/neutron/common/ovn/hash_ring_manager.py:64
2025-10-03 09:12:37.287 48 INFO neutron.plugins.ml2.drivers.ovn.mech_driver.mech_driver [-] OVN reports status down for port: provnet-1a2463b7-b87a-41df-ac7f-82fb88d557c4
2025-10-03 09:12:37.288 48 INFO neutron.plugins.ml2.drivers.ovn.mech_driver.ovsdb.impl_idl_ovn [req-fb2288cc-f7ae-441f-8030-601a781fbc70 - - - - -] Getting OvsdbSbOvnIdl for WorkerService with retry
2025-10-03 09:12:37.300 50 DEBUG neutron.common.ovn.hash_ring_manager [req-414ae86a-d1e3-4db4-917c-7d6f7b8dcf45 - - - - -] Hash Ring loaded. 2 active nodes. 0 offline nodes _load_hash_ring /usr/lib/python3.9/site-packages/neutron/common/ovn/hash_ring_manager.py:99
2025-10-03 09:12:37.301 50 INFO ovsdbapp.backend.ovs_idl.vlog [req-414ae86a-d1e3-4db4-917c-7d6f7b8dcf45 - - - - -] ssl:172.17.0.104:6641: clustered database server is not cluster leader; trying another server
2025-10-03 09:12:37.302 52 INFO neutron.plugins.ml2.drivers.ovn.mech_driver.ovsdb.impl_idl_ovn [-] Getting OvsdbSbOvnIdl for MaintenanceWorker with retry
2025-10-03 09:12:37.303 50 INFO ovsdbapp.backend.ovs_idl.vlog [req-414ae86a-d1e3-4db4-917c-7d6f7b8dcf45 - - - - -] ssl:172.17.0.104:6641: connection closed by client
2025-10-03 09:12:37.303 48 DEBUG ovsdbapp.backend.ovs_idl [req-fb2288cc-f7ae-441f-8030-601a781fbc70 - - - - -] Created lookup_table index Chassis.name autocreate_indices /usr/lib/python3.9/site-packages/ovsdbapp/backend/ovs_idl/__init__.py:107
2025-10-03 09:12:37.303 48 DEBUG ovsdbapp.backend.ovs_idl [req-fb2288cc-f7ae-441f-8030-601a781fbc70 - - - - -] Created schema index Chassis_Private.name autocreate_indices /usr/lib/python3.9/site-packages/ovsdbapp/backend/ovs_idl/__init__.py:126
2025-10-03 09:12:37.304 48 DEBUG ovsdbapp.backend.ovs_idl [req-fb2288cc-f7ae-441f-8030-601a781fbc70 - - - - -] Created schema index Datapath_Binding.tunnel_key autocreate_indices /usr/lib/python3.9/site-packages/ovsdbapp/backend/ovs_idl/__init__.py:126
2025-10-03 09:12:37.305 51 ERROR oslo.messaging._drivers.impl_rabbit [-] Internal amqp error (541) during queue declare,retrying in 2 seconds. Queue: [q-reports-plugin.np0005468025.ooo.test], error message: [Queue.declare: (541) INTERNAL_ERROR - Cannot declare a queue 'queue 'q-reports-plugin.np0005468025.ooo.test' in vhost '/'' on node 'rabbit@np0005468025.internalapi.ooo.test': {'EXIT',{aborted,{no_exists,[rabbit_vhost,<<"/">>]}}}]: amqp.exceptions.InternalError: Queue.declare: (541) INTERNAL_ERROR - Cannot declare a queue 'queue 'q-reports-plugin.np0005468025.ooo.test' in vhost '/'' on node 'rabbit@np0005468025.internalapi.ooo.test': {'EXIT',{aborted,{no_exists,[rabbit_vhost,<<"/">>]}}}
2025-10-03 09:12:37.307 48 INFO ovsdbapp.backend.ovs_idl.vlog [req-fb2288cc-f7ae-441f-8030-601a781fbc70 - - - - -] ssl:172.17.0.105:6642: connecting...
2025-10-03 09:12:37.308 50 INFO ovsdbapp.backend.ovs_idl.vlog [req-414ae86a-d1e3-4db4-917c-7d6f7b8dcf45 - - - - -] ssl:172.17.0.105:6641: connecting...
2025-10-03 09:12:37.311 52 DEBUG ovsdbapp.backend.ovs_idl [-] Created lookup_table index Chassis.name autocreate_indices /usr/lib/python3.9/site-packages/ovsdbapp/backend/ovs_idl/__init__.py:107
2025-10-03 09:12:37.311 52 DEBUG ovsdbapp.backend.ovs_idl [-] Created schema index Chassis_Private.name autocreate_indices /usr/lib/python3.9/site-packages/ovsdbapp/backend/ovs_idl/__init__.py:126
2025-10-03 09:12:37.311 52 DEBUG ovsdbapp.backend.ovs_idl [-] Created schema index Datapath_Binding.tunnel_key autocreate_indices /usr/lib/python3.9/site-packages/ovsdbapp/backend/ovs_idl/__init__.py:126
2025-10-03 09:12:37.314 48 INFO ovsdbapp.backend.ovs_idl.vlog [req-fb2288cc-f7ae-441f-8030-601a781fbc70 - - - - -] ssl:172.17.0.105:6642: connected
2025-10-03 09:12:37.315 52 INFO ovsdbapp.backend.ovs_idl.vlog [-] ssl:172.17.0.105:6642: connecting...
2025-10-03 09:12:37.319 50 INFO ovsdbapp.backend.ovs_idl.vlog [req-414ae86a-d1e3-4db4-917c-7d6f7b8dcf45 - - - - -] ssl:172.17.0.105:6641: connected
2025-10-03 09:12:37.324 52 INFO ovsdbapp.backend.ovs_idl.vlog [-] ssl:172.17.0.105:6642: connected
2025-10-03 09:12:37.335 48 DEBUG neutron.common.ovn.hash_ring_manager [req-fb2288cc-f7ae-441f-8030-601a781fbc70 - - - - -] Allow caching, nodes 1>=1 _wait_startup_before_caching /usr/lib/python3.9/site-packages/neutron/common/ovn/hash_ring_manager.py:64
2025-10-03 09:12:37.345 52 INFO neutron.plugins.ml2.drivers.ovn.mech_driver.ovsdb.extensions.qos [-] Starting OVNClientQosExtension
2025-10-03 09:12:37.345 50 INFO neutron.plugins.ml2.drivers.ovn.mech_driver.ovsdb.impl_idl_ovn [req-414ae86a-d1e3-4db4-917c-7d6f7b8dcf45 - - - - -] Getting OvsdbSbOvnIdl for RpcWorker with retry
2025-10-03 09:12:37.346 52 INFO neutron.plugins.ml2.drivers.ovn.mech_driver.ovsdb.extensions.qos [-] Starting OVNClientQosExtension
2025-10-03 09:12:37.346 52 DEBUG neutron.plugins.ml2.drivers.ovn.mech_driver.ovsdb.maintenance [-] Schema aware periodic task found: DBInconsistenciesPeriodics.migrate_to_port_groups _set_schema_aware_periodics /usr/lib/python3.9/site-packages/neutron/plugins/ml2/drivers/ovn/mech_driver/ovsdb/maintenance.py:135
2025-10-03 09:12:37.347 52 DEBUG neutron.plugins.ml2.drivers.ovn.mech_driver.ovsdb.maintenance [-] Periodic task found: DBInconsistenciesPeriodics.add_vnic_type_and_pb_capabilities_to_lsp add_periodics /usr/lib/python3.9/site-packages/neutron/plugins/ml2/drivers/ovn/mech_driver/ovsdb/maintenance.py:74
2025-10-03 09:12:37.347 52 DEBUG neutron.plugins.ml2.drivers.ovn.mech_driver.ovsdb.maintenance [-] Periodic task found: DBInconsistenciesPeriodics.check_baremetal_ports_dhcp_options add_periodics /usr/lib/python3.9/site-packages/neutron/plugins/ml2/drivers/ovn/mech_driver/ovsdb/maintenance.py:74
2025-10-03 09:12:37.347 52 DEBUG neutron.plugins.ml2.drivers.ovn.mech_driver.ovsdb.maintenance [-] Periodic task found: DBInconsistenciesPeriodics.check_fair_meter_consistency add_periodics /usr/lib/python3.9/site-packages/neutron/plugins/ml2/drivers/ovn/mech_driver/ovsdb/maintenance.py:74
2025-10-03 09:12:37.347 52 DEBUG neutron.plugins.ml2.drivers.ovn.mech_driver.ovsdb.maintenance [-] Periodic task found: DBInconsistenciesPeriodics.check_fdb_aging_settings add_periodics /usr/lib/python3.9/site-packages/neutron/plugins/ml2/drivers/ovn/mech_driver/ovsdb/maintenance.py:74
2025-10-03 09:12:37.347 52 DEBUG neutron.plugins.ml2.drivers.ovn.mech_driver.ovsdb.maintenance [-] Periodic task found: DBInconsistenciesPeriodics.check_for_fragmentation_support add_periodics /usr/lib/python3.9/site-packages/neutron/plugins/ml2/drivers/ovn/mech_driver/ovsdb/maintenance.py:74
2025-10-03 09:12:37.347 52 DEBUG neutron.plugins.ml2.drivers.ovn.mech_driver.ovsdb.maintenance [-] Periodic task found: DBInconsistenciesPeriodics.check_for_ha_chassis_group add_periodics /usr/lib/python3.9/site-packages/neutron/plugins/ml2/drivers/ovn/mech_driver/ovsdb/maintenance.py:74
2025-10-03 09:12:37.348 52 DEBUG neutron.plugins.ml2.drivers.ovn.mech_driver.ovsdb.maintenance [-] Periodic task found: DBInconsistenciesPeriodics.check_for_igmp_snoop_support add_periodics /usr/lib/python3.9/site-packages/neutron/plugins/ml2/drivers/ovn/mech_driver/ovsdb/maintenance.py:74
2025-10-03 09:12:37.348 52 DEBUG neutron.plugins.ml2.drivers.ovn.mech_driver.ovsdb.maintenance [-] Periodic task found: DBInconsistenciesPeriodics.check_for_inconsistencies add_periodics /usr/lib/python3.9/site-packages/neutron/plugins/ml2/drivers/ovn/mech_driver/ovsdb/maintenance.py:74
2025-10-03 09:12:37.348 52 DEBUG neutron.plugins.ml2.drivers.ovn.mech_driver.ovsdb.maintenance [-] Periodic task found: DBInconsistenciesPeriodics.check_for_localnet_legacy_port_name add_periodics /usr/lib/python3.9/site-packages/neutron/plugins/ml2/drivers/ovn/mech_driver/ovsdb/maintenance.py:74
2025-10-03 09:12:37.348 52 DEBUG neutron.plugins.ml2.drivers.ovn.mech_driver.ovsdb.maintenance [-] Periodic task found: DBInconsistenciesPeriodics.check_for_mcast_flood_reports add_periodics /usr/lib/python3.9/site-packages/neutron/plugins/ml2/drivers/ovn/mech_driver/ovsdb/maintenance.py:74
2025-10-03 09:12:37.348 52 DEBUG neutron.plugins.ml2.drivers.ovn.mech_driver.ovsdb.maintenance [-] Periodic task found: DBInconsistenciesPeriodics.check_for_port_security_unknown_address add_periodics /usr/lib/python3.9/site-packages/neutron/plugins/ml2/drivers/ovn/mech_driver/ovsdb/maintenance.py:74
2025-10-03 09:12:37.348 52 DEBUG neutron.plugins.ml2.drivers.ovn.mech_driver.ovsdb.maintenance [-] Periodic task found: DBInconsistenciesPeriodics.check_global_dhcp_opts add_periodics /usr/lib/python3.9/site-packages/neutron/plugins/ml2/drivers/ovn/mech_driver/ovsdb/maintenance.py:74
2025-10-03 09:12:37.348 52 DEBUG neutron.plugins.ml2.drivers.ovn.mech_driver.ovsdb.maintenance [-] Periodic task found: DBInconsistenciesPeriodics.check_localnet_port_has_learn_fdb add_periodics /usr/lib/python3.9/site-packages/neutron/plugins/ml2/drivers/ovn/mech_driver/ovsdb/maintenance.py:74
2025-10-03 09:12:37.348 52 DEBUG neutron.plugins.ml2.drivers.ovn.mech_driver.ovsdb.maintenance [-] Periodic task found: DBInconsistenciesPeriodics.check_metadata_ports add_periodics /usr/lib/python3.9/site-packages/neutron/plugins/ml2/drivers/ovn/mech_driver/ovsdb/maintenance.py:74
2025-10-03 09:12:37.349 52 DEBUG neutron.plugins.ml2.drivers.ovn.mech_driver.ovsdb.maintenance [-] Periodic task found: DBInconsistenciesPeriodics.check_network_broadcast_arps_to_all_routers add_periodics /usr/lib/python3.9/site-packages/neutron/plugins/ml2/drivers/ovn/mech_driver/ovsdb/maintenance.py:74
2025-10-03 09:12:37.349 52 DEBUG neutron.plugins.ml2.drivers.ovn.mech_driver.ovsdb.maintenance [-] Periodic task found: DBInconsistenciesPeriodics.check_port_has_address_scope add_periodics /usr/lib/python3.9/site-packages/neutron/plugins/ml2/drivers/ovn/mech_driver/ovsdb/maintenance.py:74
2025-10-03 09:12:37.349 52 DEBUG neutron.plugins.ml2.drivers.ovn.mech_driver.ovsdb.maintenance [-] Periodic task found: DBInconsistenciesPeriodics.check_provider_distributed_ports add_periodics /usr/lib/python3.9/site-packages/neutron/plugins/ml2/drivers/ovn/mech_driver/ovsdb/maintenance.py:74
2025-10-03 09:12:37.349 52 DEBUG neutron.plugins.ml2.drivers.ovn.mech_driver.ovsdb.maintenance [-] Periodic task found: DBInconsistenciesPeriodics.check_redirect_type_router_gateway_ports add_periodics /usr/lib/python3.9/site-packages/neutron/plugins/ml2/drivers/ovn/mech_driver/ovsdb/maintenance.py:74
2025-10-03 09:12:37.349 52 DEBUG neutron.plugins.ml2.drivers.ovn.mech_driver.ovsdb.maintenance [-] Periodic task found: DBInconsistenciesPeriodics.check_router_mac_binding_options add_periodics /usr/lib/python3.9/site-packages/neutron/plugins/ml2/drivers/ovn/mech_driver/ovsdb/maintenance.py:74
2025-10-03 09:12:37.349 52 DEBUG neutron.plugins.ml2.drivers.ovn.mech_driver.ovsdb.maintenance [-] Periodic task found: DBInconsistenciesPeriodics.cleanup_old_hash_ring_nodes add_periodics /usr/lib/python3.9/site-packages/neutron/plugins/ml2/drivers/ovn/mech_driver/ovsdb/maintenance.py:74
2025-10-03 09:12:37.349 52 DEBUG neutron.plugins.ml2.drivers.ovn.mech_driver.ovsdb.maintenance [-] Periodic task found: DBInconsistenciesPeriodics.configure_nb_global add_periodics /usr/lib/python3.9/site-packages/neutron/plugins/ml2/drivers/ovn/mech_driver/ovsdb/maintenance.py:74
2025-10-03 09:12:37.349 52 DEBUG neutron.plugins.ml2.drivers.ovn.mech_driver.ovsdb.maintenance [-] Periodic task found: DBInconsistenciesPeriodics.create_router_extra_attributes_registers add_periodics /usr/lib/python3.9/site-packages/neutron/plugins/ml2/drivers/ovn/mech_driver/ovsdb/maintenance.py:74
2025-10-03 09:12:37.349 52 DEBUG neutron.plugins.ml2.drivers.ovn.mech_driver.ovsdb.maintenance [-] Periodic task found: DBInconsistenciesPeriodics.migrate_to_port_groups add_periodics /usr/lib/python3.9/site-packages/neutron/plugins/ml2/drivers/ovn/mech_driver/ovsdb/maintenance.py:74
2025-10-03 09:12:37.349 52 DEBUG neutron.plugins.ml2.drivers.ovn.mech_driver.ovsdb.maintenance [-] Periodic task found: DBInconsistenciesPeriodics.remove_duplicated_chassis_registers add_periodics /usr/lib/python3.9/site-packages/neutron/plugins/ml2/drivers/ovn/mech_driver/ovsdb/maintenance.py:74
2025-10-03 09:12:37.350 52 DEBUG neutron.plugins.ml2.drivers.ovn.mech_driver.ovsdb.maintenance [-] Periodic task found: DBInconsistenciesPeriodics.remove_invalid_gateway_chassis_from_unbound_lrp add_periodics /usr/lib/python3.9/site-packages/neutron/plugins/ml2/drivers/ovn/mech_driver/ovsdb/maintenance.py:74
2025-10-03 09:12:37.350 52 DEBUG neutron.plugins.ml2.drivers.ovn.mech_driver.ovsdb.maintenance [-] Periodic task found: DBInconsistenciesPeriodics.sync_metadata_ports add_periodics /usr/lib/python3.9/site-packages/neutron/plugins/ml2/drivers/ovn/mech_driver/ovsdb/maintenance.py:74
2025-10-03 09:12:37.350 52 DEBUG neutron.plugins.ml2.drivers.ovn.mech_driver.ovsdb.maintenance [-] Periodic task found: DBInconsistenciesPeriodics.update_logical_router_with_gateway_network_id add_periodics /usr/lib/python3.9/site-packages/neutron/plugins/ml2/drivers/ovn/mech_driver/ovsdb/maintenance.py:74
2025-10-03 09:12:37.350 52 DEBUG neutron.plugins.ml2.drivers.ovn.mech_driver.ovsdb.maintenance [-] Periodic task found: DBInconsistenciesPeriodics.update_mac_aging_settings add_periodics /usr/lib/python3.9/site-packages/neutron/plugins/ml2/drivers/ovn/mech_driver/ovsdb/maintenance.py:74
2025-10-03 09:12:37.350 52 DEBUG neutron.plugins.ml2.drivers.ovn.mech_driver.ovsdb.maintenance [-] Periodic task found: DBInconsistenciesPeriodics.update_port_qos_with_external_ids_reference add_periodics /usr/lib/python3.9/site-packages/neutron/plugins/ml2/drivers/ovn/mech_driver/ovsdb/maintenance.py:74
2025-10-03 09:12:37.350 52 DEBUG neutron.plugins.ml2.drivers.ovn.mech_driver.ovsdb.maintenance [-] Periodic task found: DBInconsistenciesPeriodics.update_port_virtual_type add_periodics /usr/lib/python3.9/site-packages/neutron/plugins/ml2/drivers/ovn/mech_driver/ovsdb/maintenance.py:74
2025-10-03 09:12:37.350 52 DEBUG neutron.plugins.ml2.drivers.ovn.mech_driver.ovsdb.maintenance [-] Periodic task found: DBInconsistenciesPeriodics.update_qos_fip_rule_priority add_periodics /usr/lib/python3.9/site-packages/neutron/plugins/ml2/drivers/ovn/mech_driver/ovsdb/maintenance.py:74
2025-10-03 09:12:37.351 52 DEBUG futurist.periodics [-] Submitting immediate callback 'neutron.plugins.ml2.drivers.ovn.mech_driver.ovsdb.maintenance.DBInconsistenciesPeriodics.add_vnic_type_and_pb_capabilities_to_lsp' _process_immediates /usr/lib/python3.9/site-packages/futurist/periodics.py:676
2025-10-03 09:12:37.351 52 DEBUG futurist.periodics [-] Submitting immediate callback 'neutron.plugins.ml2.drivers.ovn.mech_driver.ovsdb.maintenance.DBInconsistenciesPeriodics.check_baremetal_ports_dhcp_options' _process_immediates /usr/lib/python3.9/site-packages/futurist/periodics.py:676
2025-10-03 09:12:37.351 48 DEBUG neutron.common.ovn.hash_ring_manager [req-fb2288cc-f7ae-441f-8030-601a781fbc70 - - - - -] Hash Ring loaded. 3 active nodes. 0 offline nodes _load_hash_ring /usr/lib/python3.9/site-packages/neutron/common/ovn/hash_ring_manager.py:99
2025-10-03 09:12:37.352 52 DEBUG futurist.periodics [-] Submitting immediate callback 'neutron.plugins.ml2.drivers.ovn.mech_driver.ovsdb.maintenance.DBInconsistenciesPeriodics.check_fair_meter_consistency' _process_immediates /usr/lib/python3.9/site-packages/futurist/periodics.py:676
2025-10-03 09:12:37.352 52 DEBUG futurist.periodics [-] Submitting immediate callback 'neutron.plugins.ml2.drivers.ovn.mech_driver.ovsdb.maintenance.DBInconsistenciesPeriodics.check_fdb_aging_settings' _process_immediates /usr/lib/python3.9/site-packages/futurist/periodics.py:676
2025-10-03 09:12:37.352 52 DEBUG futurist.periodics [-] Submitting immediate callback 'neutron.plugins.ml2.drivers.ovn.mech_driver.ovsdb.maintenance.DBInconsistenciesPeriodics.check_for_fragmentation_support' _process_immediates /usr/lib/python3.9/site-packages/futurist/periodics.py:676
2025-10-03 09:12:37.352 52 DEBUG futurist.periodics [-] Submitting immediate callback 'neutron.plugins.ml2.drivers.ovn.mech_driver.ovsdb.maintenance.DBInconsistenciesPeriodics.check_for_ha_chassis_group' _process_immediates /usr/lib/python3.9/site-packages/futurist/periodics.py:676
2025-10-03 09:12:37.353 52 DEBUG futurist.periodics [-] Submitting immediate callback 'neutron.plugins.ml2.drivers.ovn.mech_driver.ovsdb.maintenance.DBInconsistenciesPeriodics.check_for_igmp_snoop_support' _process_immediates /usr/lib/python3.9/site-packages/futurist/periodics.py:676
2025-10-03 09:12:37.353 52 DEBUG futurist.periodics [-] Submitting immediate callback 'neutron.plugins.ml2.drivers.ovn.mech_driver.ovsdb.maintenance.DBInconsistenciesPeriodics.check_for_inconsistencies' _process_immediates /usr/lib/python3.9/site-packages/futurist/periodics.py:676
2025-10-03 09:12:37.353 52 DEBUG futurist.periodics [-] Submitting immediate callback 'neutron.plugins.ml2.drivers.ovn.mech_driver.ovsdb.maintenance.DBInconsistenciesPeriodics.check_for_localnet_legacy_port_name' _process_immediates /usr/lib/python3.9/site-packages/futurist/periodics.py:676
2025-10-03 09:12:37.353 52 DEBUG futurist.periodics [-] Submitting immediate callback 'neutron.plugins.ml2.drivers.ovn.mech_driver.ovsdb.maintenance.DBInconsistenciesPeriodics.check_for_mcast_flood_reports' _process_immediates /usr/lib/python3.9/site-packages/futurist/periodics.py:676
2025-10-03 09:12:37.354 52 DEBUG futurist.periodics [-] Submitting immediate callback 'neutron.plugins.ml2.drivers.ovn.mech_driver.ovsdb.maintenance.DBInconsistenciesPeriodics.check_for_port_security_unknown_address' _process_immediates /usr/lib/python3.9/site-packages/futurist/periodics.py:676
2025-10-03 09:12:37.354 52 DEBUG futurist.periodics [-] Submitting immediate callback 'neutron.plugins.ml2.drivers.ovn.mech_driver.ovsdb.maintenance.DBInconsistenciesPeriodics.check_global_dhcp_opts' _process_immediates /usr/lib/python3.9/site-packages/futurist/periodics.py:676
2025-10-03 09:12:37.354 52 DEBUG futurist.periodics [-] Submitting immediate callback 'neutron.plugins.ml2.drivers.ovn.mech_driver.ovsdb.maintenance.DBInconsistenciesPeriodics.check_localnet_port_has_learn_fdb' _process_immediates /usr/lib/python3.9/site-packages/futurist/periodics.py:676
