Nov 21 13:41:41 np0005531384.novalocal object-server[96621]: ::1 - - [21/Nov/2025:18:41:41 +0000] "GET /1/56514/AUTH_1792a06c06f74eae9f25cbd83cdb7f18/gnocchi.2a637c36-22f4-4e20-ba06-e098842d312c/1763640000.0_mean_300.0_v3" 404 70 "GET https://[::1]:8080/v1/AUTH_1792a06c06f74eae9f25cbd83cdb7f18/gnocchi.2a637c36-22f4-4e20-ba06-e098842d312c/1763640000.0_mean_300.0_v3" "tx7a1139c1ff9f423a97f3b-006920b265" "proxy-server 97617" 0.0003 "-" 96621 0
Nov 21 13:41:41 np0005531384.novalocal object-server[96620]: ::1 - - [21/Nov/2025:18:41:41 +0000] "GET /3/56514/AUTH_1792a06c06f74eae9f25cbd83cdb7f18/gnocchi.2a637c36-22f4-4e20-ba06-e098842d312c/1763640000.0_mean_300.0_v3" 404 70 "GET https://[::1]:8080/v1/AUTH_1792a06c06f74eae9f25cbd83cdb7f18/gnocchi.2a637c36-22f4-4e20-ba06-e098842d312c/1763640000.0_mean_300.0_v3" "tx7a1139c1ff9f423a97f3b-006920b265" "proxy-server 97617" 0.0006 "-" 96620 0
Nov 21 13:41:41 np0005531384.novalocal object-server[96620]: ::1 - - [21/Nov/2025:18:41:41 +0000] "GET /2/56514/AUTH_1792a06c06f74eae9f25cbd83cdb7f18/gnocchi.2a637c36-22f4-4e20-ba06-e098842d312c/1763640000.0_mean_300.0_v3" 404 70 "GET https://[::1]:8080/v1/AUTH_1792a06c06f74eae9f25cbd83cdb7f18/gnocchi.2a637c36-22f4-4e20-ba06-e098842d312c/1763640000.0_mean_300.0_v3" "tx7a1139c1ff9f423a97f3b-006920b265" "proxy-server 97617" 0.0003 "-" 96620 0
Nov 21 13:41:41 np0005531384.novalocal proxy-server[97617]: ::1 ::1 21/Nov/2025/18/41/41 GET /v1/AUTH_1792a06c06f74eae9f25cbd83cdb7f18/gnocchi.2a637c36-22f4-4e20-ba06-e098842d312c/1763640000.0_mean_300.0_v3 HTTP/1.0 404 - python-swiftclient-4.7.0 gAAAAABpILI00T5K... - 70 - tx7a1139c1ff9f423a97f3b-006920b265 - 0.0148 - - 1763750501.858473778 1763750501.873227119 0
Nov 21 13:41:41 np0005531384.novalocal container-server[96326]: ::1 - - [21/Nov/2025:18:41:41 +0000] "PUT /3/127009/AUTH_1792a06c06f74eae9f25cbd83cdb7f18/gnocchi.2a637c36-22f4-4e20-ba06-e098842d312c/1763640000.0_mean_300.0_v3" 201 - "PUT http://[::1]:8080/3/56514/AUTH_1792a06c06f74eae9f25cbd83cdb7f18/gnocchi.2a637c36-22f4-4e20-ba06-e098842d312c/1763640000.0_mean_300.0_v3" "tx52cd1df31851456293849-006920b265" "object-server 96621" 0.0006 "-" 96326 0
Nov 21 13:41:41 np0005531384.novalocal object-server[96621]: ::1 - - [21/Nov/2025:18:41:41 +0000] "PUT /3/56514/AUTH_1792a06c06f74eae9f25cbd83cdb7f18/gnocchi.2a637c36-22f4-4e20-ba06-e098842d312c/1763640000.0_mean_300.0_v3" 201 - "PUT https://[::1]:8080/v1/AUTH_1792a06c06f74eae9f25cbd83cdb7f18/gnocchi.2a637c36-22f4-4e20-ba06-e098842d312c/1763640000.0_mean_300.0_v3" "tx52cd1df31851456293849-006920b265" "proxy-server 97617" 0.0150 "-" 96621 0
Nov 21 13:41:41 np0005531384.novalocal container-server[96325]: ::1 - - [21/Nov/2025:18:41:41 +0000] "PUT /2/127009/AUTH_1792a06c06f74eae9f25cbd83cdb7f18/gnocchi.2a637c36-22f4-4e20-ba06-e098842d312c/1763640000.0_mean_300.0_v3" 201 - "PUT http://[::1]:8080/1/56514/AUTH_1792a06c06f74eae9f25cbd83cdb7f18/gnocchi.2a637c36-22f4-4e20-ba06-e098842d312c/1763640000.0_mean_300.0_v3" "tx52cd1df31851456293849-006920b265" "object-server 96620" 0.0011 "-" 96325 0
Nov 21 13:41:41 np0005531384.novalocal object-server[96620]: ::1 - - [21/Nov/2025:18:41:41 +0000] "PUT /1/56514/AUTH_1792a06c06f74eae9f25cbd83cdb7f18/gnocchi.2a637c36-22f4-4e20-ba06-e098842d312c/1763640000.0_mean_300.0_v3" 201 - "PUT https://[::1]:8080/v1/AUTH_1792a06c06f74eae9f25cbd83cdb7f18/gnocchi.2a637c36-22f4-4e20-ba06-e098842d312c/1763640000.0_mean_300.0_v3" "tx52cd1df31851456293849-006920b265" "proxy-server 97617" 0.0199 "-" 96620 0
Nov 21 13:41:41 np0005531384.novalocal container-server[96325]: ::1 - - [21/Nov/2025:18:41:41 +0000] "PUT /1/127009/AUTH_1792a06c06f74eae9f25cbd83cdb7f18/gnocchi.2a637c36-22f4-4e20-ba06-e098842d312c/1763640000.0_mean_300.0_v3" 201 - "PUT http://[::1]:8080/2/56514/AUTH_1792a06c06f74eae9f25cbd83cdb7f18/gnocchi.2a637c36-22f4-4e20-ba06-e098842d312c/1763640000.0_mean_300.0_v3" "tx52cd1df31851456293849-006920b265" "object-server 96621" 0.0012 "-" 96325 0
Nov 21 13:41:41 np0005531384.novalocal object-server[96621]: ::1 - - [21/Nov/2025:18:41:41 +0000] "PUT /2/56514/AUTH_1792a06c06f74eae9f25cbd83cdb7f18/gnocchi.2a637c36-22f4-4e20-ba06-e098842d312c/1763640000.0_mean_300.0_v3" 201 - "PUT https://[::1]:8080/v1/AUTH_1792a06c06f74eae9f25cbd83cdb7f18/gnocchi.2a637c36-22f4-4e20-ba06-e098842d312c/1763640000.0_mean_300.0_v3" "tx52cd1df31851456293849-006920b265" "proxy-server 97617" 0.0191 "-" 96621 0
Nov 21 13:41:41 np0005531384.novalocal proxy-server[97617]: ::1 ::1 21/Nov/2025/18/41/41 PUT /v1/AUTH_1792a06c06f74eae9f25cbd83cdb7f18/gnocchi.2a637c36-22f4-4e20-ba06-e098842d312c/1763640000.0_mean_300.0_v3 HTTP/1.0 201 - python-swiftclient-4.7.0 gAAAAABpILI00T5K... 16 - - tx52cd1df31851456293849-006920b265 - 0.0329 - - 1763750501.875513077 1763750501.908432961 0
Nov 21 13:41:41 np0005531384.novalocal container-server[96325]: ::1 - - [21/Nov/2025:18:41:41 +0000] "HEAD /2/157294/AUTH_1792a06c06f74eae9f25cbd83cdb7f18/gnocchi.da028b1e-c033-48b1-b7e4-b3abcda34f32" 404 - "HEAD http://[::1]:8080/v1/AUTH_1792a06c06f74eae9f25cbd83cdb7f18/gnocchi.da028b1e-c033-48b1-b7e4-b3abcda34f32" "txfbfecd786b704e7cbd952-006920b265" "proxy-server 97617" 0.0007 "-" 96325 0
Nov 21 13:41:41 np0005531384.novalocal dnsmasq[103945]: read /var/lib/neutron/dhcp/aa6db0b5-d3b5-4e65-990f-bc259c590b88/addn_hosts - 0 addresses
Nov 21 13:41:41 np0005531384.novalocal dnsmasq-dhcp[103945]: read /var/lib/neutron/dhcp/aa6db0b5-d3b5-4e65-990f-bc259c590b88/host
Nov 21 13:41:41 np0005531384.novalocal dnsmasq-dhcp[103945]: read /var/lib/neutron/dhcp/aa6db0b5-d3b5-4e65-990f-bc259c590b88/opts
Nov 21 13:41:41 np0005531384.novalocal sudo[104916]: pam_unix(sudo:session): session closed for user root
Nov 21 13:41:41 np0005531384.novalocal systemd[1]: session-c146.scope: Deactivated successfully.
Nov 21 13:41:41 np0005531384.novalocal container-server[96326]: ::1 - - [21/Nov/2025:18:41:41 +0000] "HEAD /1/157294/AUTH_1792a06c06f74eae9f25cbd83cdb7f18/gnocchi.da028b1e-c033-48b1-b7e4-b3abcda34f32" 404 - "HEAD http://[::1]:8080/v1/AUTH_1792a06c06f74eae9f25cbd83cdb7f18/gnocchi.da028b1e-c033-48b1-b7e4-b3abcda34f32" "txfbfecd786b704e7cbd952-006920b265" "proxy-server 97617" 0.0030 "-" 96326 0
Nov 21 13:41:41 np0005531384.novalocal container-server[96325]: ::1 - - [21/Nov/2025:18:41:41 +0000] "PUT /3/127009/AUTH_1792a06c06f74eae9f25cbd83cdb7f18/gnocchi.2a637c36-22f4-4e20-ba06-e098842d312c/none_v3" 201 - "PUT http://[::1]:8080/1/216382/AUTH_1792a06c06f74eae9f25cbd83cdb7f18/gnocchi.2a637c36-22f4-4e20-ba06-e098842d312c/none_v3" "tx2017c87db9fd4d0db0a5a-006920b265" "object-server 96621" 0.0008 "-" 96325 0
Nov 21 13:41:41 np0005531384.novalocal object-server[96621]: ::1 - - [21/Nov/2025:18:41:41 +0000] "PUT /1/216382/AUTH_1792a06c06f74eae9f25cbd83cdb7f18/gnocchi.2a637c36-22f4-4e20-ba06-e098842d312c/none_v3" 201 - "PUT https://[::1]:8080/v1/AUTH_1792a06c06f74eae9f25cbd83cdb7f18/gnocchi.2a637c36-22f4-4e20-ba06-e098842d312c/none_v3" "tx2017c87db9fd4d0db0a5a-006920b265" "proxy-server 97617" 0.0176 "-" 96621 0
Nov 21 13:41:41 np0005531384.novalocal container-server[96326]: ::1 - - [21/Nov/2025:18:41:41 +0000] "PUT /2/127009/AUTH_1792a06c06f74eae9f25cbd83cdb7f18/gnocchi.2a637c36-22f4-4e20-ba06-e098842d312c/none_v3" 201 - "PUT http://[::1]:8080/2/216382/AUTH_1792a06c06f74eae9f25cbd83cdb7f18/gnocchi.2a637c36-22f4-4e20-ba06-e098842d312c/none_v3" "tx2017c87db9fd4d0db0a5a-006920b265" "object-server 96620" 0.0006 "-" 96326 0
Nov 21 13:41:41 np0005531384.novalocal container-server[96325]: ::1 - - [21/Nov/2025:18:41:41 +0000] "HEAD /3/157294/AUTH_1792a06c06f74eae9f25cbd83cdb7f18/gnocchi.da028b1e-c033-48b1-b7e4-b3abcda34f32" 404 - "HEAD http://[::1]:8080/v1/AUTH_1792a06c06f74eae9f25cbd83cdb7f18/gnocchi.da028b1e-c033-48b1-b7e4-b3abcda34f32" "txfbfecd786b704e7cbd952-006920b265" "proxy-server 97617" 0.0004 "-" 96325 0
Nov 21 13:41:41 np0005531384.novalocal object-server[96620]: ::1 - - [21/Nov/2025:18:41:41 +0000] "PUT /2/216382/AUTH_1792a06c06f74eae9f25cbd83cdb7f18/gnocchi.2a637c36-22f4-4e20-ba06-e098842d312c/none_v3" 201 - "PUT https://[::1]:8080/v1/AUTH_1792a06c06f74eae9f25cbd83cdb7f18/gnocchi.2a637c36-22f4-4e20-ba06-e098842d312c/none_v3" "tx2017c87db9fd4d0db0a5a-006920b265" "proxy-server 97617" 0.0248 "-" 96620 0
Nov 21 13:41:41 np0005531384.novalocal container-server[96325]: ::1 - - [21/Nov/2025:18:41:41 +0000] "PUT /1/127009/AUTH_1792a06c06f74eae9f25cbd83cdb7f18/gnocchi.2a637c36-22f4-4e20-ba06-e098842d312c/none_v3" 201 - "PUT http://[::1]:8080/3/216382/AUTH_1792a06c06f74eae9f25cbd83cdb7f18/gnocchi.2a637c36-22f4-4e20-ba06-e098842d312c/none_v3" "tx2017c87db9fd4d0db0a5a-006920b265" "object-server 96620" 0.0005 "-" 96325 0
Nov 21 13:41:41 np0005531384.novalocal object-server[96620]: ::1 - - [21/Nov/2025:18:41:41 +0000] "PUT /3/216382/AUTH_1792a06c06f74eae9f25cbd83cdb7f18/gnocchi.2a637c36-22f4-4e20-ba06-e098842d312c/none_v3" 201 - "PUT https://[::1]:8080/v1/AUTH_1792a06c06f74eae9f25cbd83cdb7f18/gnocchi.2a637c36-22f4-4e20-ba06-e098842d312c/none_v3" "tx2017c87db9fd4d0db0a5a-006920b265" "proxy-server 97617" 0.0287 "-" 96620 0
Nov 21 13:41:41 np0005531384.novalocal proxy-server[97617]: ::1 ::1 21/Nov/2025/18/41/41 PUT /v1/AUTH_1792a06c06f74eae9f25cbd83cdb7f18/gnocchi.2a637c36-22f4-4e20-ba06-e098842d312c/none_v3 HTTP/1.0 201 - python-swiftclient-4.7.0 gAAAAABpILI00T5K... 22 - - tx2017c87db9fd4d0db0a5a-006920b265 - 0.0428 - - 1763750501.911807775 1763750501.954636097 0
Nov 21 13:41:41 np0005531384.novalocal proxy-server[97617]: - - 21/Nov/2025/18/41/41 HEAD /v1/AUTH_1792a06c06f74eae9f25cbd83cdb7f18/gnocchi.da028b1e-c033-48b1-b7e4-b3abcda34f32 HTTP/1.0 404 - Swift - - - - txfbfecd786b704e7cbd952-006920b265 - 0.0314 CS - 1763750501.924626112 1763750501.955978870 0
Nov 21 13:41:41 np0005531384.novalocal object-server[96620]: ::1 - - [21/Nov/2025:18:41:41 +0000] "GET /3/23373/AUTH_1792a06c06f74eae9f25cbd83cdb7f18/gnocchi.da028b1e-c033-48b1-b7e4-b3abcda34f32/none_v3" 404 70 "GET https://[::1]:8080/v1/AUTH_1792a06c06f74eae9f25cbd83cdb7f18/gnocchi.da028b1e-c033-48b1-b7e4-b3abcda34f32/none_v3" "txfbfecd786b704e7cbd952-006920b265" "proxy-server 97617" 0.0003 "-" 96620 0
Nov 21 13:41:41 np0005531384.novalocal object-server[96621]: ::1 - - [21/Nov/2025:18:41:41 +0000] "GET /1/23373/AUTH_1792a06c06f74eae9f25cbd83cdb7f18/gnocchi.da028b1e-c033-48b1-b7e4-b3abcda34f32/none_v3" 404 70 "GET https://[::1]:8080/v1/AUTH_1792a06c06f74eae9f25cbd83cdb7f18/gnocchi.da028b1e-c033-48b1-b7e4-b3abcda34f32/none_v3" "txfbfecd786b704e7cbd952-006920b265" "proxy-server 97617" 0.0003 "-" 96621 0
Nov 21 13:41:41 np0005531384.novalocal object-server[96621]: ::1 - - [21/Nov/2025:18:41:41 +0000] "GET /2/23373/AUTH_1792a06c06f74eae9f25cbd83cdb7f18/gnocchi.da028b1e-c033-48b1-b7e4-b3abcda34f32/none_v3" 404 70 "GET https://[::1]:8080/v1/AUTH_1792a06c06f74eae9f25cbd83cdb7f18/gnocchi.da028b1e-c033-48b1-b7e4-b3abcda34f32/none_v3" "txfbfecd786b704e7cbd952-006920b265" "proxy-server 97617" 0.0002 "-" 96621 0
Nov 21 13:41:41 np0005531384.novalocal proxy-server[97617]: ::1 ::1 21/Nov/2025/18/41/41 GET /v1/AUTH_1792a06c06f74eae9f25cbd83cdb7f18/gnocchi.da028b1e-c033-48b1-b7e4-b3abcda34f32/none_v3 HTTP/1.0 404 - python-swiftclient-4.7.0 gAAAAABpILI22Pln... - 70 - txfbfecd786b704e7cbd952-006920b265 - 0.0546 - - 1763750501.918734550 1763750501.973348618 0
Nov 21 13:41:41 np0005531384.novalocal container-server[96325]: ::1 - - [21/Nov/2025:18:41:41 +0000] "HEAD /2/198374/AUTH_1792a06c06f74eae9f25cbd83cdb7f18/gnocchi.b301aa18-b937-4309-8287-9f61dfaf5cb3" 404 - "HEAD http://[::1]:8080/v1/AUTH_1792a06c06f74eae9f25cbd83cdb7f18/gnocchi.b301aa18-b937-4309-8287-9f61dfaf5cb3" "txc3489449eb1149e8bac00-006920b265" "proxy-server 97617" 0.0005 "-" 96325 0
Nov 21 13:41:41 np0005531384.novalocal container-server[96325]: ::1 - - [21/Nov/2025:18:41:41 +0000] "HEAD /1/198374/AUTH_1792a06c06f74eae9f25cbd83cdb7f18/gnocchi.b301aa18-b937-4309-8287-9f61dfaf5cb3" 404 - "HEAD http://[::1]:8080/v1/AUTH_1792a06c06f74eae9f25cbd83cdb7f18/gnocchi.b301aa18-b937-4309-8287-9f61dfaf5cb3" "txc3489449eb1149e8bac00-006920b265" "proxy-server 97617" 0.0003 "-" 96325 0
Nov 21 13:41:41 np0005531384.novalocal container-server[96325]: ::1 - - [21/Nov/2025:18:41:41 +0000] "HEAD /3/198374/AUTH_1792a06c06f74eae9f25cbd83cdb7f18/gnocchi.b301aa18-b937-4309-8287-9f61dfaf5cb3" 404 - "HEAD http://[::1]:8080/v1/AUTH_1792a06c06f74eae9f25cbd83cdb7f18/gnocchi.b301aa18-b937-4309-8287-9f61dfaf5cb3" "txc3489449eb1149e8bac00-006920b265" "proxy-server 97617" 0.0003 "-" 96325 0
Nov 21 13:41:41 np0005531384.novalocal proxy-server[97617]: - - 21/Nov/2025/18/41/41 HEAD /v1/AUTH_1792a06c06f74eae9f25cbd83cdb7f18/gnocchi.b301aa18-b937-4309-8287-9f61dfaf5cb3 HTTP/1.0 404 - Swift - - - - txc3489449eb1149e8bac00-006920b265 - 0.0279 CS - 1763750501.970679045 1763750501.998542786 0
Nov 21 13:41:42 np0005531384.novalocal account-server[96031]: ::1 - - [21/Nov/2025:18:41:42 +0000] "PUT /1/231418/AUTH_1792a06c06f74eae9f25cbd83cdb7f18/gnocchi.da028b1e-c033-48b1-b7e4-b3abcda34f32" 201 - "PUT http://[::1]:6001/2/157294/AUTH_1792a06c06f74eae9f25cbd83cdb7f18/gnocchi.da028b1e-c033-48b1-b7e4-b3abcda34f32" "tx32f2829739244ca49d433-006920b265" "container-server 96325" 0.0040 "-" 96031 0
Nov 21 13:41:42 np0005531384.novalocal container-server[96325]: ::1 - - [21/Nov/2025:18:41:42 +0000] "PUT /2/157294/AUTH_1792a06c06f74eae9f25cbd83cdb7f18/gnocchi.da028b1e-c033-48b1-b7e4-b3abcda34f32" 201 - "PUT https://[::1]:8080/v1/AUTH_1792a06c06f74eae9f25cbd83cdb7f18/gnocchi.da028b1e-c033-48b1-b7e4-b3abcda34f32" "tx32f2829739244ca49d433-006920b265" "proxy-server 97617" 0.0216 "-" 96325 0
Nov 21 13:41:42 np0005531384.novalocal account-server[96030]: ::1 - - [21/Nov/2025:18:41:42 +0000] "PUT /3/231418/AUTH_1792a06c06f74eae9f25cbd83cdb7f18/gnocchi.da028b1e-c033-48b1-b7e4-b3abcda34f32" 201 - "PUT http://[::1]:6001/3/157294/AUTH_1792a06c06f74eae9f25cbd83cdb7f18/gnocchi.da028b1e-c033-48b1-b7e4-b3abcda34f32" "tx32f2829739244ca49d433-006920b265" "container-server 96326" 0.0038 "-" 96030 0
Nov 21 13:41:42 np0005531384.novalocal container-server[96326]: ::1 - - [21/Nov/2025:18:41:42 +0000] "PUT /3/157294/AUTH_1792a06c06f74eae9f25cbd83cdb7f18/gnocchi.da028b1e-c033-48b1-b7e4-b3abcda34f32" 201 - "PUT https://[::1]:8080/v1/AUTH_1792a06c06f74eae9f25cbd83cdb7f18/gnocchi.da028b1e-c033-48b1-b7e4-b3abcda34f32" "tx32f2829739244ca49d433-006920b265" "proxy-server 97617" 0.0115 "-" 96326 0
Nov 21 13:41:42 np0005531384.novalocal account-server[96031]: ::1 - - [21/Nov/2025:18:41:42 +0000] "PUT /2/231418/AUTH_1792a06c06f74eae9f25cbd83cdb7f18/gnocchi.da028b1e-c033-48b1-b7e4-b3abcda34f32" 201 - "PUT http://[::1]:6001/1/157294/AUTH_1792a06c06f74eae9f25cbd83cdb7f18/gnocchi.da028b1e-c033-48b1-b7e4-b3abcda34f32" "tx32f2829739244ca49d433-006920b265" "container-server 96326" 0.0036 "-" 96031 0
Nov 21 13:41:42 np0005531384.novalocal object-server[96620]: ::1 - - [21/Nov/2025:18:41:42 +0000] "GET /1/224292/AUTH_1792a06c06f74eae9f25cbd83cdb7f18/gnocchi.b301aa18-b937-4309-8287-9f61dfaf5cb3/none_v3" 404 70 "GET https://[::1]:8080/v1/AUTH_1792a06c06f74eae9f25cbd83cdb7f18/gnocchi.b301aa18-b937-4309-8287-9f61dfaf5cb3/none_v3" "txc3489449eb1149e8bac00-006920b265" "proxy-server 97617" 0.0005 "-" 96620 0
Nov 21 13:41:42 np0005531384.novalocal container-server[96326]: ::1 - - [21/Nov/2025:18:41:42 +0000] "PUT /1/157294/AUTH_1792a06c06f74eae9f25cbd83cdb7f18/gnocchi.da028b1e-c033-48b1-b7e4-b3abcda34f32" 201 - "PUT https://[::1]:8080/v1/AUTH_1792a06c06f74eae9f25cbd83cdb7f18/gnocchi.da028b1e-c033-48b1-b7e4-b3abcda34f32" "tx32f2829739244ca49d433-006920b265" "proxy-server 97617" 0.0257 "-" 96326 0
Nov 21 13:41:42 np0005531384.novalocal proxy-server[97617]: ::1 ::1 21/Nov/2025/18/41/42 PUT /v1/AUTH_1792a06c06f74eae9f25cbd83cdb7f18/gnocchi.da028b1e-c033-48b1-b7e4-b3abcda34f32 HTTP/1.0 201 - python-swiftclient-4.7.0 gAAAAABpILI22Pln... - - - tx32f2829739244ca49d433-006920b265 - 0.0342 - - 1763750501.976363659 1763750502.010585308 0
Nov 21 13:41:42 np0005531384.novalocal object-server[96621]: ::1 - - [21/Nov/2025:18:41:42 +0000] "GET /3/224292/AUTH_1792a06c06f74eae9f25cbd83cdb7f18/gnocchi.b301aa18-b937-4309-8287-9f61dfaf5cb3/none_v3" 404 70 "GET https://[::1]:8080/v1/AUTH_1792a06c06f74eae9f25cbd83cdb7f18/gnocchi.b301aa18-b937-4309-8287-9f61dfaf5cb3/none_v3" "txc3489449eb1149e8bac00-006920b265" "proxy-server 97617" 0.0002 "-" 96621 0
Nov 21 13:41:42 np0005531384.novalocal object-server[96621]: ::1 - - [21/Nov/2025:18:41:42 +0000] "GET /2/224292/AUTH_1792a06c06f74eae9f25cbd83cdb7f18/gnocchi.b301aa18-b937-4309-8287-9f61dfaf5cb3/none_v3" 404 70 "GET https://[::1]:8080/v1/AUTH_1792a06c06f74eae9f25cbd83cdb7f18/gnocchi.b301aa18-b937-4309-8287-9f61dfaf5cb3/none_v3" "txc3489449eb1149e8bac00-006920b265" "proxy-server 97617" 0.0002 "-" 96621 0
Nov 21 13:41:42 np0005531384.novalocal proxy-server[97617]: ::1 ::1 21/Nov/2025/18/41/42 GET /v1/AUTH_1792a06c06f74eae9f25cbd83cdb7f18/gnocchi.b301aa18-b937-4309-8287-9f61dfaf5cb3/none_v3 HTTP/1.0 404 - python-swiftclient-4.7.0 gAAAAABpILI00T5K... - 70 - txc3489449eb1149e8bac00-006920b265 - 0.0462 - - 1763750501.969410896 1763750502.015589952 0
Nov 21 13:41:42 np0005531384.novalocal container-server[96326]: ::1 - - [21/Nov/2025:18:41:42 +0000] "HEAD /2/157294/AUTH_1792a06c06f74eae9f25cbd83cdb7f18/gnocchi.da028b1e-c033-48b1-b7e4-b3abcda34f32" 204 - "HEAD http://[::1]:8080/v1/AUTH_1792a06c06f74eae9f25cbd83cdb7f18/gnocchi.da028b1e-c033-48b1-b7e4-b3abcda34f32" "tx2ed98c4f72b04025a4084-006920b266" "proxy-server 97617" 0.0016 "-" 96326 0
Nov 21 13:41:42 np0005531384.novalocal proxy-server[97617]: - - 21/Nov/2025/18/41/42 HEAD /v1/AUTH_1792a06c06f74eae9f25cbd83cdb7f18/gnocchi.da028b1e-c033-48b1-b7e4-b3abcda34f32 HTTP/1.0 204 - Swift - - - - tx2ed98c4f72b04025a4084-006920b266 - 0.0069 CS - 1763750502.016817331 1763750502.023755550 0
Nov 21 13:41:42 np0005531384.novalocal container-server[96326]: ::1 - - [21/Nov/2025:18:41:42 +0000] "GET /1/157294/AUTH_1792a06c06f74eae9f25cbd83cdb7f18/gnocchi.da028b1e-c033-48b1-b7e4-b3abcda34f32" 200 2 "GET https://[::1]:8080/v1/AUTH_1792a06c06f74eae9f25cbd83cdb7f18/gnocchi.da028b1e-c033-48b1-b7e4-b3abcda34f32?format=json&states=listing" "tx2ed98c4f72b04025a4084-006920b266" "proxy-server 97617" 0.0025 "-" 96326 0
Nov 21 13:41:42 np0005531384.novalocal account-server[96031]: ::1 - - [21/Nov/2025:18:41:42 +0000] "PUT /3/231418/AUTH_1792a06c06f74eae9f25cbd83cdb7f18/gnocchi.b301aa18-b937-4309-8287-9f61dfaf5cb3" 201 - "PUT http://[::1]:6001/2/198374/AUTH_1792a06c06f74eae9f25cbd83cdb7f18/gnocchi.b301aa18-b937-4309-8287-9f61dfaf5cb3" "txa22b9bcc4d6d43fb9d3c3-006920b266" "container-server 96326" 0.0043 "-" 96031 0
Nov 21 13:41:42 np0005531384.novalocal container-server[96326]: ::1 - - [21/Nov/2025:18:41:42 +0000] "PUT /2/198374/AUTH_1792a06c06f74eae9f25cbd83cdb7f18/gnocchi.b301aa18-b937-4309-8287-9f61dfaf5cb3" 201 - "PUT https://[::1]:8080/v1/AUTH_1792a06c06f74eae9f25cbd83cdb7f18/gnocchi.b301aa18-b937-4309-8287-9f61dfaf5cb3" "txa22b9bcc4d6d43fb9d3c3-006920b266" "proxy-server 97617" 0.0330 "-" 96326 0
Nov 21 13:41:42 np0005531384.novalocal account-server[96030]: ::1 - - [21/Nov/2025:18:41:42 +0000] "PUT /2/231418/AUTH_1792a06c06f74eae9f25cbd83cdb7f18/gnocchi.b301aa18-b937-4309-8287-9f61dfaf5cb3" 201 - "PUT http://[::1]:6001/1/198374/AUTH_1792a06c06f74eae9f25cbd83cdb7f18/gnocchi.b301aa18-b937-4309-8287-9f61dfaf5cb3" "txa22b9bcc4d6d43fb9d3c3-006920b266" "container-server 96326" 0.0042 "-" 96030 0
Nov 21 13:41:42 np0005531384.novalocal container-server[96326]: ::1 - - [21/Nov/2025:18:41:42 +0000] "PUT /1/198374/AUTH_1792a06c06f74eae9f25cbd83cdb7f18/gnocchi.b301aa18-b937-4309-8287-9f61dfaf5cb3" 201 - "PUT https://[::1]:8080/v1/AUTH_1792a06c06f74eae9f25cbd83cdb7f18/gnocchi.b301aa18-b937-4309-8287-9f61dfaf5cb3" "txa22b9bcc4d6d43fb9d3c3-006920b266" "proxy-server 97617" 0.0182 "-" 96326 0
Nov 21 13:41:42 np0005531384.novalocal proxy-server[97617]: ::1 ::1 21/Nov/2025/18/41/42 GET /v1/AUTH_1792a06c06f74eae9f25cbd83cdb7f18/gnocchi.da028b1e-c033-48b1-b7e4-b3abcda34f32%3Fformat%3Djson%26states%3Dlisting HTTP/1.0 200 - python-swiftclient-4.7.0 gAAAAABpILI22Pln... - 2 - tx2ed98c4f72b04025a4084-006920b266 - 0.0469 - - 1763750502.014169931 1763750502.061101913 0
Nov 21 13:41:42 np0005531384.novalocal account-server[96030]: ::1 - - [21/Nov/2025:18:41:42 +0000] "PUT /1/231418/AUTH_1792a06c06f74eae9f25cbd83cdb7f18/gnocchi.b301aa18-b937-4309-8287-9f61dfaf5cb3" 201 - "PUT http://[::1]:6001/3/198374/AUTH_1792a06c06f74eae9f25cbd83cdb7f18/gnocchi.b301aa18-b937-4309-8287-9f61dfaf5cb3" "txa22b9bcc4d6d43fb9d3c3-006920b266" "container-server 96326" 0.0036 "-" 96030 0
Nov 21 13:41:42 np0005531384.novalocal object-server[96621]: ::1 - - [21/Nov/2025:18:41:42 +0000] "GET /2/162646/AUTH_1792a06c06f74eae9f25cbd83cdb7f18/gnocchi.da028b1e-c033-48b1-b7e4-b3abcda34f32/1763640000.0_mean_300.0_v3" 404 70 "GET https://[::1]:8080/v1/AUTH_1792a06c06f74eae9f25cbd83cdb7f18/gnocchi.da028b1e-c033-48b1-b7e4-b3abcda34f32/1763640000.0_mean_300.0_v3" "txc875a6faa9194ea7b385c-006920b266" "proxy-server 97617" 0.0004 "-" 96621 0
Nov 21 13:41:42 np0005531384.novalocal container-server[96326]: ::1 - - [21/Nov/2025:18:41:42 +0000] "PUT /3/198374/AUTH_1792a06c06f74eae9f25cbd83cdb7f18/gnocchi.b301aa18-b937-4309-8287-9f61dfaf5cb3" 201 - "PUT https://[::1]:8080/v1/AUTH_1792a06c06f74eae9f25cbd83cdb7f18/gnocchi.b301aa18-b937-4309-8287-9f61dfaf5cb3" "txa22b9bcc4d6d43fb9d3c3-006920b266" "proxy-server 97617" 0.0374 "-" 96326 0
Nov 21 13:41:42 np0005531384.novalocal object-server[96621]: ::1 - - [21/Nov/2025:18:41:42 +0000] "GET /3/162646/AUTH_1792a06c06f74eae9f25cbd83cdb7f18/gnocchi.da028b1e-c033-48b1-b7e4-b3abcda34f32/1763640000.0_mean_300.0_v3" 404 70 "GET https://[::1]:8080/v1/AUTH_1792a06c06f74eae9f25cbd83cdb7f18/gnocchi.da028b1e-c033-48b1-b7e4-b3abcda34f32/1763640000.0_mean_300.0_v3" "txc875a6faa9194ea7b385c-006920b266" "proxy-server 97617" 0.0002 "-" 96621 0
Nov 21 13:41:42 np0005531384.novalocal proxy-server[97617]: ::1 ::1 21/Nov/2025/18/41/42 PUT /v1/AUTH_1792a06c06f74eae9f25cbd83cdb7f18/gnocchi.b301aa18-b937-4309-8287-9f61dfaf5cb3 HTTP/1.0 201 - python-swiftclient-4.7.0 gAAAAABpILI00T5K... - - - txa22b9bcc4d6d43fb9d3c3-006920b266 - 0.0544 - - 1763750502.017984867 1763750502.072386980 0
Nov 21 13:41:42 np0005531384.novalocal object-server[96620]: ::1 - - [21/Nov/2025:18:41:42 +0000] "GET /1/162646/AUTH_1792a06c06f74eae9f25cbd83cdb7f18/gnocchi.da028b1e-c033-48b1-b7e4-b3abcda34f32/1763640000.0_mean_300.0_v3" 404 70 "GET https://[::1]:8080/v1/AUTH_1792a06c06f74eae9f25cbd83cdb7f18/gnocchi.da028b1e-c033-48b1-b7e4-b3abcda34f32/1763640000.0_mean_300.0_v3" "txc875a6faa9194ea7b385c-006920b266" "proxy-server 97617" 0.0002 "-" 96620 0
Nov 21 13:41:42 np0005531384.novalocal proxy-server[97617]: ::1 ::1 21/Nov/2025/18/41/42 GET /v1/AUTH_1792a06c06f74eae9f25cbd83cdb7f18/gnocchi.da028b1e-c033-48b1-b7e4-b3abcda34f32/1763640000.0_mean_300.0_v3 HTTP/1.0 404 - python-swiftclient-4.7.0 gAAAAABpILI22Pln... - 70 - txc875a6faa9194ea7b385c-006920b266 - 0.0118 - - 1763750502.065037727 1763750502.076870918 0
Nov 21 13:41:42 np0005531384.novalocal container-server[96325]: ::1 - - [21/Nov/2025:18:41:42 +0000] "HEAD /1/198374/AUTH_1792a06c06f74eae9f25cbd83cdb7f18/gnocchi.b301aa18-b937-4309-8287-9f61dfaf5cb3" 204 - "HEAD http://[::1]:8080/v1/AUTH_1792a06c06f74eae9f25cbd83cdb7f18/gnocchi.b301aa18-b937-4309-8287-9f61dfaf5cb3" "tx55689efe6b8b49cb83ea2-006920b266" "proxy-server 97617" 0.0015 "-" 96325 0
Nov 21 13:41:42 np0005531384.novalocal proxy-server[97617]: - - 21/Nov/2025/18/41/42 HEAD /v1/AUTH_1792a06c06f74eae9f25cbd83cdb7f18/gnocchi.b301aa18-b937-4309-8287-9f61dfaf5cb3 HTTP/1.0 204 - Swift - - - - tx55689efe6b8b49cb83ea2-006920b266 - 0.0091 CS - 1763750502.077910185 1763750502.086995363 0
Nov 21 13:41:42 np0005531384.novalocal container-server[96326]: ::1 - - [21/Nov/2025:18:41:42 +0000] "GET /1/198374/AUTH_1792a06c06f74eae9f25cbd83cdb7f18/gnocchi.b301aa18-b937-4309-8287-9f61dfaf5cb3" 200 2 "GET https://[::1]:8080/v1/AUTH_1792a06c06f74eae9f25cbd83cdb7f18/gnocchi.b301aa18-b937-4309-8287-9f61dfaf5cb3?format=json&states=listing" "tx55689efe6b8b49cb83ea2-006920b266" "proxy-server 97617" 0.0021 "-" 96326 0
Nov 21 13:41:42 np0005531384.novalocal proxy-server[97617]: ::1 ::1 21/Nov/2025/18/41/42 GET /v1/AUTH_1792a06c06f74eae9f25cbd83cdb7f18/gnocchi.b301aa18-b937-4309-8287-9f61dfaf5cb3%3Fformat%3Djson%26states%3Dlisting HTTP/1.0 200 - python-swiftclient-4.7.0 gAAAAABpILI00T5K... - 2 - tx55689efe6b8b49cb83ea2-006920b266 - 0.0236 - - 1763750502.075256586 1763750502.098877430 0
Nov 21 13:41:42 np0005531384.novalocal container-server[96326]: ::1 - - [21/Nov/2025:18:41:42 +0000] "PUT /3/157294/AUTH_1792a06c06f74eae9f25cbd83cdb7f18/gnocchi.da028b1e-c033-48b1-b7e4-b3abcda34f32/1763640000.0_mean_300.0_v3" 201 - "PUT http://[::1]:8080/2/162646/AUTH_1792a06c06f74eae9f25cbd83cdb7f18/gnocchi.da028b1e-c033-48b1-b7e4-b3abcda34f32/1763640000.0_mean_300.0_v3" "tx6744dca8169c42d4add6a-006920b266" "object-server 96621" 0.0005 "-" 96326 0
Nov 21 13:41:42 np0005531384.novalocal container-server[96326]: ::1 - - [21/Nov/2025:18:41:42 +0000] "PUT /2/157294/AUTH_1792a06c06f74eae9f25cbd83cdb7f18/gnocchi.da028b1e-c033-48b1-b7e4-b3abcda34f32/1763640000.0_mean_300.0_v3" 201 - "PUT http://[::1]:8080/3/162646/AUTH_1792a06c06f74eae9f25cbd83cdb7f18/gnocchi.da028b1e-c033-48b1-b7e4-b3abcda34f32/1763640000.0_mean_300.0_v3" "tx6744dca8169c42d4add6a-006920b266" "object-server 96621" 0.0004 "-" 96326 0
Nov 21 13:41:42 np0005531384.novalocal container-server[96325]: ::1 - - [21/Nov/2025:18:41:42 +0000] "PUT /1/157294/AUTH_1792a06c06f74eae9f25cbd83cdb7f18/gnocchi.da028b1e-c033-48b1-b7e4-b3abcda34f32/1763640000.0_mean_300.0_v3" 201 - "PUT http://[::1]:8080/1/162646/AUTH_1792a06c06f74eae9f25cbd83cdb7f18/gnocchi.da028b1e-c033-48b1-b7e4-b3abcda34f32/1763640000.0_mean_300.0_v3" "tx6744dca8169c42d4add6a-006920b266" "object-server 96621" 0.0011 "-" 96325 0
Nov 21 13:41:42 np0005531384.novalocal object-server[96621]: ::1 - - [21/Nov/2025:18:41:42 +0000] "PUT /2/162646/AUTH_1792a06c06f74eae9f25cbd83cdb7f18/gnocchi.da028b1e-c033-48b1-b7e4-b3abcda34f32/1763640000.0_mean_300.0_v3" 201 - "PUT https://[::1]:8080/v1/AUTH_1792a06c06f74eae9f25cbd83cdb7f18/gnocchi.da028b1e-c033-48b1-b7e4-b3abcda34f32/1763640000.0_mean_300.0_v3" "tx6744dca8169c42d4add6a-006920b266" "proxy-server 97617" 0.0262 "-" 96621 0
Nov 21 13:41:42 np0005531384.novalocal object-server[96621]: ::1 - - [21/Nov/2025:18:41:42 +0000] "PUT /1/162646/AUTH_1792a06c06f74eae9f25cbd83cdb7f18/gnocchi.da028b1e-c033-48b1-b7e4-b3abcda34f32/1763640000.0_mean_300.0_v3" 201 - "PUT https://[::1]:8080/v1/AUTH_1792a06c06f74eae9f25cbd83cdb7f18/gnocchi.da028b1e-c033-48b1-b7e4-b3abcda34f32/1763640000.0_mean_300.0_v3" "tx6744dca8169c42d4add6a-006920b266" "proxy-server 97617" 0.0234 "-" 96621 0
Nov 21 13:41:42 np0005531384.novalocal object-server[96621]: ::1 - - [21/Nov/2025:18:41:42 +0000] "GET /2/134363/AUTH_1792a06c06f74eae9f25cbd83cdb7f18/gnocchi.b301aa18-b937-4309-8287-9f61dfaf5cb3/1763640000.0_mean_300.0_v3" 404 70 "GET https://[::1]:8080/v1/AUTH_1792a06c06f74eae9f25cbd83cdb7f18/gnocchi.b301aa18-b937-4309-8287-9f61dfaf5cb3/1763640000.0_mean_300.0_v3" "txf25f6442a8e84e548f162-006920b266" "proxy-server 97617" 0.0003 "-" 96621 0
Nov 21 13:41:42 np0005531384.novalocal object-server[96621]: ::1 - - [21/Nov/2025:18:41:42 +0000] "PUT /3/162646/AUTH_1792a06c06f74eae9f25cbd83cdb7f18/gnocchi.da028b1e-c033-48b1-b7e4-b3abcda34f32/1763640000.0_mean_300.0_v3" 201 - "PUT https://[::1]:8080/v1/AUTH_1792a06c06f74eae9f25cbd83cdb7f18/gnocchi.da028b1e-c033-48b1-b7e4-b3abcda34f32/1763640000.0_mean_300.0_v3" "tx6744dca8169c42d4add6a-006920b266" "proxy-server 97617" 0.0289 "-" 96621 0
Nov 21 13:41:42 np0005531384.novalocal object-server[96621]: ::1 - - [21/Nov/2025:18:41:42 +0000] "GET /1/134363/AUTH_1792a06c06f74eae9f25cbd83cdb7f18/gnocchi.b301aa18-b937-4309-8287-9f61dfaf5cb3/1763640000.0_mean_300.0_v3" 404 70 "GET https://[::1]:8080/v1/AUTH_1792a06c06f74eae9f25cbd83cdb7f18/gnocchi.b301aa18-b937-4309-8287-9f61dfaf5cb3/1763640000.0_mean_300.0_v3" "txf25f6442a8e84e548f162-006920b266" "proxy-server 97617" 0.0003 "-" 96621 0
Nov 21 13:41:42 np0005531384.novalocal proxy-server[97617]: ::1 ::1 21/Nov/2025/18/41/42 PUT /v1/AUTH_1792a06c06f74eae9f25cbd83cdb7f18/gnocchi.da028b1e-c033-48b1-b7e4-b3abcda34f32/1763640000.0_mean_300.0_v3 HTTP/1.0 201 - python-swiftclient-4.7.0 gAAAAABpILI22Pln... 16 - - tx6744dca8169c42d4add6a-006920b266 - 0.0385 - - 1763750502.079869747 1763750502.118364573 0
Nov 21 13:41:42 np0005531384.novalocal object-server[96620]: ::1 - - [21/Nov/2025:18:41:42 +0000] "GET /3/134363/AUTH_1792a06c06f74eae9f25cbd83cdb7f18/gnocchi.b301aa18-b937-4309-8287-9f61dfaf5cb3/1763640000.0_mean_300.0_v3" 404 70 "GET https://[::1]:8080/v1/AUTH_1792a06c06f74eae9f25cbd83cdb7f18/gnocchi.b301aa18-b937-4309-8287-9f61dfaf5cb3/1763640000.0_mean_300.0_v3" "txf25f6442a8e84e548f162-006920b266" "proxy-server 97617" 0.0003 "-" 96620 0
Nov 21 13:41:42 np0005531384.novalocal proxy-server[97617]: ::1 ::1 21/Nov/2025/18/41/42 GET /v1/AUTH_1792a06c06f74eae9f25cbd83cdb7f18/gnocchi.b301aa18-b937-4309-8287-9f61dfaf5cb3/1763640000.0_mean_300.0_v3 HTTP/1.0 404 - python-swiftclient-4.7.0 gAAAAABpILI00T5K... - 70 - txf25f6442a8e84e548f162-006920b266 - 0.0280 - - 1763750502.102805853 1763750502.130834103 0
Nov 21 13:41:42 np0005531384.novalocal container-server[96325]: ::1 - - [21/Nov/2025:18:41:42 +0000] "PUT /1/157294/AUTH_1792a06c06f74eae9f25cbd83cdb7f18/gnocchi.da028b1e-c033-48b1-b7e4-b3abcda34f32/none_v3" 201 - "PUT http://[::1]:8080/1/23373/AUTH_1792a06c06f74eae9f25cbd83cdb7f18/gnocchi.da028b1e-c033-48b1-b7e4-b3abcda34f32/none_v3" "tx7ebd63cf9a8e4c86b8e97-006920b266" "object-server 96621" 0.0005 "-" 96325 0
Nov 21 13:41:42 np0005531384.novalocal object-server[96621]: ::1 - - [21/Nov/2025:18:41:42 +0000] "PUT /1/23373/AUTH_1792a06c06f74eae9f25cbd83cdb7f18/gnocchi.da028b1e-c033-48b1-b7e4-b3abcda34f32/none_v3" 201 - "PUT https://[::1]:8080/v1/AUTH_1792a06c06f74eae9f25cbd83cdb7f18/gnocchi.da028b1e-c033-48b1-b7e4-b3abcda34f32/none_v3" "tx7ebd63cf9a8e4c86b8e97-006920b266" "proxy-server 97617" 0.0173 "-" 96621 0
Nov 21 13:41:42 np0005531384.novalocal container-server[96326]: ::1 - - [21/Nov/2025:18:41:42 +0000] "PUT /2/157294/AUTH_1792a06c06f74eae9f25cbd83cdb7f18/gnocchi.da028b1e-c033-48b1-b7e4-b3abcda34f32/none_v3" 201 - "PUT http://[::1]:8080/3/23373/AUTH_1792a06c06f74eae9f25cbd83cdb7f18/gnocchi.da028b1e-c033-48b1-b7e4-b3abcda34f32/none_v3" "tx7ebd63cf9a8e4c86b8e97-006920b266" "object-server 96620" 0.0007 "-" 96326 0
Nov 21 13:41:42 np0005531384.novalocal object-server[96620]: ::1 - - [21/Nov/2025:18:41:42 +0000] "PUT /3/23373/AUTH_1792a06c06f74eae9f25cbd83cdb7f18/gnocchi.da028b1e-c033-48b1-b7e4-b3abcda34f32/none_v3" 201 - "PUT https://[::1]:8080/v1/AUTH_1792a06c06f74eae9f25cbd83cdb7f18/gnocchi.da028b1e-c033-48b1-b7e4-b3abcda34f32/none_v3" "tx7ebd63cf9a8e4c86b8e97-006920b266" "proxy-server 97617" 0.0185 "-" 96620 0
Nov 21 13:41:42 np0005531384.novalocal container-server[96325]: ::1 - - [21/Nov/2025:18:41:42 +0000] "PUT /2/198374/AUTH_1792a06c06f74eae9f25cbd83cdb7f18/gnocchi.b301aa18-b937-4309-8287-9f61dfaf5cb3/1763640000.0_mean_300.0_v3" 201 - "PUT http://[::1]:8080/1/134363/AUTH_1792a06c06f74eae9f25cbd83cdb7f18/gnocchi.b301aa18-b937-4309-8287-9f61dfaf5cb3/1763640000.0_mean_300.0_v3" "tx2ba09f2d661c40e98b2a7-006920b266" "object-server 96620" 0.0007 "-" 96325 0
Nov 21 13:41:42 np0005531384.novalocal container-server[96326]: ::1 - - [21/Nov/2025:18:41:42 +0000] "PUT /3/157294/AUTH_1792a06c06f74eae9f25cbd83cdb7f18/gnocchi.da028b1e-c033-48b1-b7e4-b3abcda34f32/none_v3" 201 - "PUT http://[::1]:8080/2/23373/AUTH_1792a06c06f74eae9f25cbd83cdb7f18/gnocchi.da028b1e-c033-48b1-b7e4-b3abcda34f32/none_v3" "tx7ebd63cf9a8e4c86b8e97-006920b266" "object-server 96620" 0.0009 "-" 96326 0
Nov 21 13:41:42 np0005531384.novalocal object-server[96620]: ::1 - - [21/Nov/2025:18:41:42 +0000] "PUT /1/134363/AUTH_1792a06c06f74eae9f25cbd83cdb7f18/gnocchi.b301aa18-b937-4309-8287-9f61dfaf5cb3/1763640000.0_mean_300.0_v3" 201 - "PUT https://[::1]:8080/v1/AUTH_1792a06c06f74eae9f25cbd83cdb7f18/gnocchi.b301aa18-b937-4309-8287-9f61dfaf5cb3/1763640000.0_mean_300.0_v3" "tx2ba09f2d661c40e98b2a7-006920b266" "proxy-server 97617" 0.0124 "-" 96620 0
Nov 21 13:41:42 np0005531384.novalocal object-server[96620]: ::1 - - [21/Nov/2025:18:41:42 +0000] "PUT /2/23373/AUTH_1792a06c06f74eae9f25cbd83cdb7f18/gnocchi.da028b1e-c033-48b1-b7e4-b3abcda34f32/none_v3" 201 - "PUT https://[::1]:8080/v1/AUTH_1792a06c06f74eae9f25cbd83cdb7f18/gnocchi.da028b1e-c033-48b1-b7e4-b3abcda34f32/none_v3" "tx7ebd63cf9a8e4c86b8e97-006920b266" "proxy-server 97617" 0.0193 "-" 96620 0
Nov 21 13:41:42 np0005531384.novalocal container-server[96326]: ::1 - - [21/Nov/2025:18:41:42 +0000] "PUT /1/198374/AUTH_1792a06c06f74eae9f25cbd83cdb7f18/gnocchi.b301aa18-b937-4309-8287-9f61dfaf5cb3/1763640000.0_mean_300.0_v3" 201 - "PUT http://[::1]:8080/2/134363/AUTH_1792a06c06f74eae9f25cbd83cdb7f18/gnocchi.b301aa18-b937-4309-8287-9f61dfaf5cb3/1763640000.0_mean_300.0_v3" "tx2ba09f2d661c40e98b2a7-006920b266" "object-server 96621" 0.0005 "-" 96326 0
Nov 21 13:41:42 np0005531384.novalocal proxy-server[97617]: ::1 ::1 21/Nov/2025/18/41/42 PUT /v1/AUTH_1792a06c06f74eae9f25cbd83cdb7f18/gnocchi.da028b1e-c033-48b1-b7e4-b3abcda34f32/none_v3 HTTP/1.0 201 - python-swiftclient-4.7.0 gAAAAABpILI22Pln... 22 - - tx7ebd63cf9a8e4c86b8e97-006920b266 - 0.0408 - - 1763750502.122343779 1763750502.163192511 0
Nov 21 13:41:42 np0005531384.novalocal container-server[96326]: ::1 - - [21/Nov/2025:18:41:42 +0000] "PUT /3/198374/AUTH_1792a06c06f74eae9f25cbd83cdb7f18/gnocchi.b301aa18-b937-4309-8287-9f61dfaf5cb3/1763640000.0_mean_300.0_v3" 201 - "PUT http://[::1]:8080/3/134363/AUTH_1792a06c06f74eae9f25cbd83cdb7f18/gnocchi.b301aa18-b937-4309-8287-9f61dfaf5cb3/1763640000.0_mean_300.0_v3" "tx2ba09f2d661c40e98b2a7-006920b266" "object-server 96620" 0.0007 "-" 96326 0
Nov 21 13:41:42 np0005531384.novalocal object-server[96621]: ::1 - - [21/Nov/2025:18:41:42 +0000] "PUT /2/134363/AUTH_1792a06c06f74eae9f25cbd83cdb7f18/gnocchi.b301aa18-b937-4309-8287-9f61dfaf5cb3/1763640000.0_mean_300.0_v3" 201 - "PUT https://[::1]:8080/v1/AUTH_1792a06c06f74eae9f25cbd83cdb7f18/gnocchi.b301aa18-b937-4309-8287-9f61dfaf5cb3/1763640000.0_mean_300.0_v3" "tx2ba09f2d661c40e98b2a7-006920b266" "proxy-server 97617" 0.0185 "-" 96621 0
Nov 21 13:41:42 np0005531384.novalocal object-server[96620]: ::1 - - [21/Nov/2025:18:41:42 +0000] "PUT /3/134363/AUTH_1792a06c06f74eae9f25cbd83cdb7f18/gnocchi.b301aa18-b937-4309-8287-9f61dfaf5cb3/1763640000.0_mean_300.0_v3" 201 - "PUT https://[::1]:8080/v1/AUTH_1792a06c06f74eae9f25cbd83cdb7f18/gnocchi.b301aa18-b937-4309-8287-9f61dfaf5cb3/1763640000.0_mean_300.0_v3" "tx2ba09f2d661c40e98b2a7-006920b266" "proxy-server 97617" 0.0202 "-" 96620 0
Nov 21 13:41:42 np0005531384.novalocal proxy-server[97617]: ::1 ::1 21/Nov/2025/18/41/42 PUT /v1/AUTH_1792a06c06f74eae9f25cbd83cdb7f18/gnocchi.b301aa18-b937-4309-8287-9f61dfaf5cb3/1763640000.0_mean_300.0_v3 HTTP/1.0 201 - python-swiftclient-4.7.0 gAAAAABpILI00T5K... 16 - - tx2ba09f2d661c40e98b2a7-006920b266 - 0.0293 - - 1763750502.140929461 1763750502.170270681 0
Nov 21 13:41:42 np0005531384.novalocal container-server[96326]: ::1 - - [21/Nov/2025:18:41:42 +0000] "HEAD /3/165530/AUTH_1792a06c06f74eae9f25cbd83cdb7f18/gnocchi.b5671a8e-d748-4ddd-97e2-4ad730d8b9ba" 404 - "HEAD http://[::1]:8080/v1/AUTH_1792a06c06f74eae9f25cbd83cdb7f18/gnocchi.b5671a8e-d748-4ddd-97e2-4ad730d8b9ba" "txfa0c480b2fb54891a9f73-006920b266" "proxy-server 97617" 0.0004 "-" 96326 0
Nov 21 13:41:42 np0005531384.novalocal container-server[96326]: ::1 - - [21/Nov/2025:18:41:42 +0000] "HEAD /2/165530/AUTH_1792a06c06f74eae9f25cbd83cdb7f18/gnocchi.b5671a8e-d748-4ddd-97e2-4ad730d8b9ba" 404 - "HEAD http://[::1]:8080/v1/AUTH_1792a06c06f74eae9f25cbd83cdb7f18/gnocchi.b5671a8e-d748-4ddd-97e2-4ad730d8b9ba" "txfa0c480b2fb54891a9f73-006920b266" "proxy-server 97617" 0.0002 "-" 96326 0
Nov 21 13:41:42 np0005531384.novalocal container-server[96325]: ::1 - - [21/Nov/2025:18:41:42 +0000] "HEAD /1/165530/AUTH_1792a06c06f74eae9f25cbd83cdb7f18/gnocchi.b5671a8e-d748-4ddd-97e2-4ad730d8b9ba" 404 - "HEAD http://[::1]:8080/v1/AUTH_1792a06c06f74eae9f25cbd83cdb7f18/gnocchi.b5671a8e-d748-4ddd-97e2-4ad730d8b9ba" "txfa0c480b2fb54891a9f73-006920b266" "proxy-server 97617" 0.0003 "-" 96325 0
Nov 21 13:41:42 np0005531384.novalocal container-server[96325]: ::1 - - [21/Nov/2025:18:41:42 +0000] "PUT /3/198374/AUTH_1792a06c06f74eae9f25cbd83cdb7f18/gnocchi.b301aa18-b937-4309-8287-9f61dfaf5cb3/none_v3" 201 - "PUT http://[::1]:8080/1/224292/AUTH_1792a06c06f74eae9f25cbd83cdb7f18/gnocchi.b301aa18-b937-4309-8287-9f61dfaf5cb3/none_v3" "tx781149b1839847aca49d6-006920b266" "object-server 96620" 0.0005 "-" 96325 0
Nov 21 13:41:42 np0005531384.novalocal proxy-server[97617]: - - 21/Nov/2025/18/41/42 HEAD /v1/AUTH_1792a06c06f74eae9f25cbd83cdb7f18/gnocchi.b5671a8e-d748-4ddd-97e2-4ad730d8b9ba HTTP/1.0 404 - Swift - - - - txfa0c480b2fb54891a9f73-006920b266 - 0.0132 CS - 1763750502.177432775 1763750502.190616846 0
Nov 21 13:41:42 np0005531384.novalocal object-server[96620]: ::1 - - [21/Nov/2025:18:41:42 +0000] "PUT /1/224292/AUTH_1792a06c06f74eae9f25cbd83cdb7f18/gnocchi.b301aa18-b937-4309-8287-9f61dfaf5cb3/none_v3" 201 - "PUT https://[::1]:8080/v1/AUTH_1792a06c06f74eae9f25cbd83cdb7f18/gnocchi.b301aa18-b937-4309-8287-9f61dfaf5cb3/none_v3" "tx781149b1839847aca49d6-006920b266" "proxy-server 97617" 0.0138 "-" 96620 0
Nov 21 13:41:42 np0005531384.novalocal container-server[96325]: ::1 - - [21/Nov/2025:18:41:42 +0000] "PUT /1/198374/AUTH_1792a06c06f74eae9f25cbd83cdb7f18/gnocchi.b301aa18-b937-4309-8287-9f61dfaf5cb3/none_v3" 201 - "PUT http://[::1]:8080/2/224292/AUTH_1792a06c06f74eae9f25cbd83cdb7f18/gnocchi.b301aa18-b937-4309-8287-9f61dfaf5cb3/none_v3" "tx781149b1839847aca49d6-006920b266" "object-server 96621" 0.0004 "-" 96325 0
Nov 21 13:41:42 np0005531384.novalocal container-server[96325]: ::1 - - [21/Nov/2025:18:41:42 +0000] "PUT /2/198374/AUTH_1792a06c06f74eae9f25cbd83cdb7f18/gnocchi.b301aa18-b937-4309-8287-9f61dfaf5cb3/none_v3" 201 - "PUT http://[::1]:8080/3/224292/AUTH_1792a06c06f74eae9f25cbd83cdb7f18/gnocchi.b301aa18-b937-4309-8287-9f61dfaf5cb3/none_v3" "tx781149b1839847aca49d6-006920b266" "object-server 96621" 0.0005 "-" 96325 0
Nov 21 13:41:42 np0005531384.novalocal object-server[96621]: ::1 - - [21/Nov/2025:18:41:42 +0000] "PUT /2/224292/AUTH_1792a06c06f74eae9f25cbd83cdb7f18/gnocchi.b301aa18-b937-4309-8287-9f61dfaf5cb3/none_v3" 201 - "PUT https://[::1]:8080/v1/AUTH_1792a06c06f74eae9f25cbd83cdb7f18/gnocchi.b301aa18-b937-4309-8287-9f61dfaf5cb3/none_v3" "tx781149b1839847aca49d6-006920b266" "proxy-server 97617" 0.0173 "-" 96621 0
Nov 21 13:41:42 np0005531384.novalocal object-server[96621]: ::1 - - [21/Nov/2025:18:41:42 +0000] "PUT /3/224292/AUTH_1792a06c06f74eae9f25cbd83cdb7f18/gnocchi.b301aa18-b937-4309-8287-9f61dfaf5cb3/none_v3" 201 - "PUT https://[::1]:8080/v1/AUTH_1792a06c06f74eae9f25cbd83cdb7f18/gnocchi.b301aa18-b937-4309-8287-9f61dfaf5cb3/none_v3" "tx781149b1839847aca49d6-006920b266" "proxy-server 97617" 0.0162 "-" 96621 0
Nov 21 13:41:42 np0005531384.novalocal proxy-server[97617]: ::1 ::1 21/Nov/2025/18/41/42 PUT /v1/AUTH_1792a06c06f74eae9f25cbd83cdb7f18/gnocchi.b301aa18-b937-4309-8287-9f61dfaf5cb3/none_v3 HTTP/1.0 201 - python-swiftclient-4.7.0 gAAAAABpILI00T5K... 22 - - tx781149b1839847aca49d6-006920b266 - 0.0246 - - 1763750502.172525167 1763750502.197106361 0
Nov 21 13:41:42 np0005531384.novalocal object-server[96621]: ::1 - - [21/Nov/2025:18:41:42 +0000] "GET /2/28695/AUTH_1792a06c06f74eae9f25cbd83cdb7f18/gnocchi.b5671a8e-d748-4ddd-97e2-4ad730d8b9ba/none_v3" 404 70 "GET https://[::1]:8080/v1/AUTH_1792a06c06f74eae9f25cbd83cdb7f18/gnocchi.b5671a8e-d748-4ddd-97e2-4ad730d8b9ba/none_v3" "txfa0c480b2fb54891a9f73-006920b266" "proxy-server 97617" 0.0003 "-" 96621 0
Nov 21 13:41:42 np0005531384.novalocal object-server[96621]: ::1 - - [21/Nov/2025:18:41:42 +0000] "GET /1/28695/AUTH_1792a06c06f74eae9f25cbd83cdb7f18/gnocchi.b5671a8e-d748-4ddd-97e2-4ad730d8b9ba/none_v3" 404 70 "GET https://[::1]:8080/v1/AUTH_1792a06c06f74eae9f25cbd83cdb7f18/gnocchi.b5671a8e-d748-4ddd-97e2-4ad730d8b9ba/none_v3" "txfa0c480b2fb54891a9f73-006920b266" "proxy-server 97617" 0.0004 "-" 96621 0
Nov 21 13:41:42 np0005531384.novalocal object-server[96621]: ::1 - - [21/Nov/2025:18:41:42 +0000] "GET /3/28695/AUTH_1792a06c06f74eae9f25cbd83cdb7f18/gnocchi.b5671a8e-d748-4ddd-97e2-4ad730d8b9ba/none_v3" 404 70 "GET https://[::1]:8080/v1/AUTH_1792a06c06f74eae9f25cbd83cdb7f18/gnocchi.b5671a8e-d748-4ddd-97e2-4ad730d8b9ba/none_v3" "txfa0c480b2fb54891a9f73-006920b266" "proxy-server 97617" 0.0011 "-" 96621 0
Nov 21 13:41:42 np0005531384.novalocal proxy-server[97617]: ::1 ::1 21/Nov/2025/18/41/42 GET /v1/AUTH_1792a06c06f74eae9f25cbd83cdb7f18/gnocchi.b5671a8e-d748-4ddd-97e2-4ad730d8b9ba/none_v3 HTTP/1.0 404 - python-swiftclient-4.7.0 gAAAAABpILI22Pln... - 70 - txfa0c480b2fb54891a9f73-006920b266 - 0.0457 - - 1763750502.176938057 1763750502.222615719 0
Nov 21 13:41:42 np0005531384.novalocal object-server[96621]: ::1 - - [21/Nov/2025:18:41:42 +0000] "GET /3/245320/AUTH_1792a06c06f74eae9f25cbd83cdb7f18/gnocchi.bed6db6b-e2a1-4117-ae3a-f65dac51c9c0/none_v3" 200 22 "GET https://[::1]:8080/v1/AUTH_1792a06c06f74eae9f25cbd83cdb7f18/gnocchi.bed6db6b-e2a1-4117-ae3a-f65dac51c9c0/none_v3" "tx97332cdabe934554a99a4-006920b266" "proxy-server 97617" 0.0019 "-" 96621 0
Nov 21 13:41:42 np0005531384.novalocal proxy-server[97617]: ::1 ::1 21/Nov/2025/18/41/42 GET /v1/AUTH_1792a06c06f74eae9f25cbd83cdb7f18/gnocchi.bed6db6b-e2a1-4117-ae3a-f65dac51c9c0/none_v3 HTTP/1.0 200 - python-swiftclient-4.7.0 gAAAAABpILI00T5K... - 22 - tx97332cdabe934554a99a4-006920b266 - 0.0161 - - 1763750502.217886925 1763750502.233980656 0
Nov 21 13:41:42 np0005531384.novalocal account-server[96031]: ::1 - - [21/Nov/2025:18:41:42 +0000] "PUT /2/231418/AUTH_1792a06c06f74eae9f25cbd83cdb7f18/gnocchi.b5671a8e-d748-4ddd-97e2-4ad730d8b9ba" 201 - "PUT http://[::1]:6001/2/165530/AUTH_1792a06c06f74eae9f25cbd83cdb7f18/gnocchi.b5671a8e-d748-4ddd-97e2-4ad730d8b9ba" "tx6d453f885c664f04b37a0-006920b266" "container-server 96325" 0.0045 "-" 96031 0
Nov 21 13:41:42 np0005531384.novalocal container-server[96325]: ::1 - - [21/Nov/2025:18:41:42 +0000] "PUT /2/165530/AUTH_1792a06c06f74eae9f25cbd83cdb7f18/gnocchi.b5671a8e-d748-4ddd-97e2-4ad730d8b9ba" 201 - "PUT https://[::1]:8080/v1/AUTH_1792a06c06f74eae9f25cbd83cdb7f18/gnocchi.b5671a8e-d748-4ddd-97e2-4ad730d8b9ba" "tx6d453f885c664f04b37a0-006920b266" "proxy-server 97617" 0.0164 "-" 96325 0
Nov 21 13:41:42 np0005531384.novalocal container-server[96325]: ::1 - - [21/Nov/2025:18:41:42 +0000] "GET /2/232218/AUTH_1792a06c06f74eae9f25cbd83cdb7f18/gnocchi.bed6db6b-e2a1-4117-ae3a-f65dac51c9c0" 200 357 "GET https://[::1]:8080/v1/AUTH_1792a06c06f74eae9f25cbd83cdb7f18/gnocchi.bed6db6b-e2a1-4117-ae3a-f65dac51c9c0?format=json&states=listing" "txd5d67c7e8451494aa86dd-006920b266" "proxy-server 97617" 0.0029 "-" 96325 0
Nov 21 13:41:42 np0005531384.novalocal proxy-server[97617]: ::1 ::1 21/Nov/2025/18/41/42 GET /v1/AUTH_1792a06c06f74eae9f25cbd83cdb7f18/gnocchi.bed6db6b-e2a1-4117-ae3a-f65dac51c9c0%3Fformat%3Djson%26states%3Dlisting HTTP/1.0 200 - python-swiftclient-4.7.0 gAAAAABpILI00T5K... - 357 - txd5d67c7e8451494aa86dd-006920b266 - 0.0122 - - 1763750502.242353201 1763750502.254506826 0
Nov 21 13:41:42 np0005531384.novalocal object-auditor[104884]: Object audit (ZBF) "forever" mode completed: 1.38s. Total quarantined: 0, Total errors: 0, Total files/sec: 50.66, Total bytes/sec: 0.00, Auditing time: 1.36, Rate: 0.98
Nov 21 13:41:42 np0005531384.novalocal account-server[96031]: ::1 - - [21/Nov/2025:18:41:42 +0000] "PUT /1/231418/AUTH_1792a06c06f74eae9f25cbd83cdb7f18/gnocchi.b5671a8e-d748-4ddd-97e2-4ad730d8b9ba" 201 - "PUT http://[::1]:6001/1/165530/AUTH_1792a06c06f74eae9f25cbd83cdb7f18/gnocchi.b5671a8e-d748-4ddd-97e2-4ad730d8b9ba" "tx6d453f885c664f04b37a0-006920b266" "container-server 96326" 0.0043 "-" 96031 0
Nov 21 13:41:42 np0005531384.novalocal container-server[96326]: ::1 - - [21/Nov/2025:18:41:42 +0000] "PUT /1/165530/AUTH_1792a06c06f74eae9f25cbd83cdb7f18/gnocchi.b5671a8e-d748-4ddd-97e2-4ad730d8b9ba" 201 - "PUT https://[::1]:8080/v1/AUTH_1792a06c06f74eae9f25cbd83cdb7f18/gnocchi.b5671a8e-d748-4ddd-97e2-4ad730d8b9ba" "tx6d453f885c664f04b37a0-006920b266" "proxy-server 97617" 0.0200 "-" 96326 0
Nov 21 13:41:42 np0005531384.novalocal account-server[96031]: ::1 - - [21/Nov/2025:18:41:42 +0000] "PUT /3/231418/AUTH_1792a06c06f74eae9f25cbd83cdb7f18/gnocchi.b5671a8e-d748-4ddd-97e2-4ad730d8b9ba" 201 - "PUT http://[::1]:6001/3/165530/AUTH_1792a06c06f74eae9f25cbd83cdb7f18/gnocchi.b5671a8e-d748-4ddd-97e2-4ad730d8b9ba" "tx6d453f885c664f04b37a0-006920b266" "container-server 96326" 0.0051 "-" 96031 0
Nov 21 13:41:42 np0005531384.novalocal container-server[96326]: ::1 - - [21/Nov/2025:18:41:42 +0000] "PUT /3/165530/AUTH_1792a06c06f74eae9f25cbd83cdb7f18/gnocchi.b5671a8e-d748-4ddd-97e2-4ad730d8b9ba" 201 - "PUT https://[::1]:8080/v1/AUTH_1792a06c06f74eae9f25cbd83cdb7f18/gnocchi.b5671a8e-d748-4ddd-97e2-4ad730d8b9ba" "tx6d453f885c664f04b37a0-006920b266" "proxy-server 97617" 0.0387 "-" 96326 0
Nov 21 13:41:42 np0005531384.novalocal proxy-server[97617]: ::1 ::1 21/Nov/2025/18/41/42 PUT /v1/AUTH_1792a06c06f74eae9f25cbd83cdb7f18/gnocchi.b5671a8e-d748-4ddd-97e2-4ad730d8b9ba HTTP/1.0 201 - python-swiftclient-4.7.0 gAAAAABpILI22Pln... - - - tx6d453f885c664f04b37a0-006920b266 - 0.0469 - - 1763750502.225092649 1763750502.271946192 0
Nov 21 13:41:42 np0005531384.novalocal container-server[96325]: ::1 - - [21/Nov/2025:18:41:42 +0000] "GET /2/232218/AUTH_1792a06c06f74eae9f25cbd83cdb7f18/gnocchi.bed6db6b-e2a1-4117-ae3a-f65dac51c9c0" 200 2 "GET https://[::1]:8080/v1/AUTH_1792a06c06f74eae9f25cbd83cdb7f18/gnocchi.bed6db6b-e2a1-4117-ae3a-f65dac51c9c0?format=json&marker=none_v3&states=listing" "txb2af0fba25fc404dbeff2-006920b266" "proxy-server 97617" 0.0073 "-" 96325 0
Nov 21 13:41:42 np0005531384.novalocal container-server[96326]: ::1 - - [21/Nov/2025:18:41:42 +0000] "HEAD /1/165530/AUTH_1792a06c06f74eae9f25cbd83cdb7f18/gnocchi.b5671a8e-d748-4ddd-97e2-4ad730d8b9ba" 204 - "HEAD http://[::1]:8080/v1/AUTH_1792a06c06f74eae9f25cbd83cdb7f18/gnocchi.b5671a8e-d748-4ddd-97e2-4ad730d8b9ba" "txa082f7321151484c8b3d6-006920b266" "proxy-server 97617" 0.0017 "-" 96326 0
Nov 21 13:41:42 np0005531384.novalocal proxy-server[97617]: - - 21/Nov/2025/18/41/42 HEAD /v1/AUTH_1792a06c06f74eae9f25cbd83cdb7f18/gnocchi.b5671a8e-d748-4ddd-97e2-4ad730d8b9ba HTTP/1.0 204 - Swift - - - - txa082f7321151484c8b3d6-006920b266 - 0.0056 CS - 1763750502.276204109 1763750502.281840801 0
Nov 21 13:41:42 np0005531384.novalocal proxy-server[97617]: ::1 ::1 21/Nov/2025/18/41/42 GET /v1/AUTH_1792a06c06f74eae9f25cbd83cdb7f18/gnocchi.bed6db6b-e2a1-4117-ae3a-f65dac51c9c0%3Fformat%3Djson%26marker%3Dnone_v3%26states%3Dlisting HTTP/1.0 200 - python-swiftclient-4.7.0 gAAAAABpILI00T5K... - 2 - txb2af0fba25fc404dbeff2-006920b266 - 0.0292 - - 1763750502.258096695 1763750502.287249088 0
Nov 21 13:41:42 np0005531384.novalocal container-server[96326]: ::1 - - [21/Nov/2025:18:41:42 +0000] "GET /2/165530/AUTH_1792a06c06f74eae9f25cbd83cdb7f18/gnocchi.b5671a8e-d748-4ddd-97e2-4ad730d8b9ba" 200 2 "GET https://[::1]:8080/v1/AUTH_1792a06c06f74eae9f25cbd83cdb7f18/gnocchi.b5671a8e-d748-4ddd-97e2-4ad730d8b9ba?format=json&states=listing" "txa082f7321151484c8b3d6-006920b266" "proxy-server 97617" 0.0024 "-" 96326 0
Nov 21 13:41:42 np0005531384.novalocal proxy-server[97617]: ::1 ::1 21/Nov/2025/18/41/42 GET /v1/AUTH_1792a06c06f74eae9f25cbd83cdb7f18/gnocchi.b5671a8e-d748-4ddd-97e2-4ad730d8b9ba%3Fformat%3Djson%26states%3Dlisting HTTP/1.0 200 - python-swiftclient-4.7.0 gAAAAABpILI22Pln... - 2 - txa082f7321151484c8b3d6-006920b266 - 0.0224 - - 1763750502.275284767 1763750502.297720909 0
Nov 21 13:41:42 np0005531384.novalocal object-server[96621]: ::1 - - [21/Nov/2025:18:41:42 +0000] "GET /2/27061/AUTH_1792a06c06f74eae9f25cbd83cdb7f18/gnocchi.bed6db6b-e2a1-4117-ae3a-f65dac51c9c0/1763640000.0_mean_300.0_v3" 200 16 "GET https://[::1]:8080/v1/AUTH_1792a06c06f74eae9f25cbd83cdb7f18/gnocchi.bed6db6b-e2a1-4117-ae3a-f65dac51c9c0/1763640000.0_mean_300.0_v3" "txdd5393bac7ed425db2a6d-006920b266" "proxy-server 97617" 0.0014 "-" 96621 0
Nov 21 13:41:42 np0005531384.novalocal proxy-server[97617]: ::1 ::1 21/Nov/2025/18/41/42 GET /v1/AUTH_1792a06c06f74eae9f25cbd83cdb7f18/gnocchi.bed6db6b-e2a1-4117-ae3a-f65dac51c9c0/1763640000.0_mean_300.0_v3 HTTP/1.0 200 - python-swiftclient-4.7.0 gAAAAABpILI00T5K... - 16 - txdd5393bac7ed425db2a6d-006920b266 - 0.0171 - - 1763750502.291204691 1763750502.308332443 0
Nov 21 13:41:42 np0005531384.novalocal object-server[96621]: ::1 - - [21/Nov/2025:18:41:42 +0000] "GET /2/67160/AUTH_1792a06c06f74eae9f25cbd83cdb7f18/gnocchi.b5671a8e-d748-4ddd-97e2-4ad730d8b9ba/1763640000.0_mean_300.0_v3" 404 70 "GET https://[::1]:8080/v1/AUTH_1792a06c06f74eae9f25cbd83cdb7f18/gnocchi.b5671a8e-d748-4ddd-97e2-4ad730d8b9ba/1763640000.0_mean_300.0_v3" "tx4a13a8296e8d464cbed3a-006920b266" "proxy-server 97617" 0.0004 "-" 96621 0
Nov 21 13:41:42 np0005531384.novalocal object-server[96621]: ::1 - - [21/Nov/2025:18:41:42 +0000] "GET /3/67160/AUTH_1792a06c06f74eae9f25cbd83cdb7f18/gnocchi.b5671a8e-d748-4ddd-97e2-4ad730d8b9ba/1763640000.0_mean_300.0_v3" 404 70 "GET https://[::1]:8080/v1/AUTH_1792a06c06f74eae9f25cbd83cdb7f18/gnocchi.b5671a8e-d748-4ddd-97e2-4ad730d8b9ba/1763640000.0_mean_300.0_v3" "tx4a13a8296e8d464cbed3a-006920b266" "proxy-server 97617" 0.0003 "-" 96621 0
Nov 21 13:41:42 np0005531384.novalocal object-server[96620]: ::1 - - [21/Nov/2025:18:41:42 +0000] "GET /1/67160/AUTH_1792a06c06f74eae9f25cbd83cdb7f18/gnocchi.b5671a8e-d748-4ddd-97e2-4ad730d8b9ba/1763640000.0_mean_300.0_v3" 404 70 "GET https://[::1]:8080/v1/AUTH_1792a06c06f74eae9f25cbd83cdb7f18/gnocchi.b5671a8e-d748-4ddd-97e2-4ad730d8b9ba/1763640000.0_mean_300.0_v3" "tx4a13a8296e8d464cbed3a-006920b266" "proxy-server 97617" 0.0004 "-" 96620 0
