Nov 21 13:42:42 np0005531384.novalocal account-server[96031]: ::1 - - [21/Nov/2025:18:42:42 +0000] "PUT /2/231418/AUTH_1792a06c06f74eae9f25cbd83cdb7f18/gnocchi.8eb5c8bb-f734-443b-a347-1f4ac3e1aa44" 201 - "PUT http://[::1]:6001/2/163327/AUTH_1792a06c06f74eae9f25cbd83cdb7f18/gnocchi.8eb5c8bb-f734-443b-a347-1f4ac3e1aa44" "txdd7ab7079f1845e284795-006920b2a2" "container-server 96326" 0.0049 "-" 96031 0
Nov 21 13:42:42 np0005531384.novalocal container-server[96326]: ::1 - - [21/Nov/2025:18:42:42 +0000] "PUT /2/163327/AUTH_1792a06c06f74eae9f25cbd83cdb7f18/gnocchi.8eb5c8bb-f734-443b-a347-1f4ac3e1aa44" 201 - "PUT https://[::1]:8080/v1/AUTH_1792a06c06f74eae9f25cbd83cdb7f18/gnocchi.8eb5c8bb-f734-443b-a347-1f4ac3e1aa44" "txdd7ab7079f1845e284795-006920b2a2" "proxy-server 97617" 0.0218 "-" 96326 0
Nov 21 13:42:42 np0005531384.novalocal proxy-server[97617]: ::1 ::1 21/Nov/2025/18/42/42 PUT /v1/AUTH_1792a06c06f74eae9f25cbd83cdb7f18/gnocchi.8eb5c8bb-f734-443b-a347-1f4ac3e1aa44 HTTP/1.0 201 - python-swiftclient-4.7.0 gAAAAABpILI00T5K... - - - txdd7ab7079f1845e284795-006920b2a2 - 0.0386 - - 1763750562.546499014 1763750562.585050106 0
Nov 21 13:42:42 np0005531384.novalocal container-server[96325]: ::1 - - [21/Nov/2025:18:42:42 +0000] "HEAD /1/163327/AUTH_1792a06c06f74eae9f25cbd83cdb7f18/gnocchi.8eb5c8bb-f734-443b-a347-1f4ac3e1aa44" 204 - "HEAD http://[::1]:8080/v1/AUTH_1792a06c06f74eae9f25cbd83cdb7f18/gnocchi.8eb5c8bb-f734-443b-a347-1f4ac3e1aa44" "txbd9fc4fdaa2b42ad8a8d3-006920b2a2" "proxy-server 97617" 0.0015 "-" 96325 0
Nov 21 13:42:42 np0005531384.novalocal proxy-server[97617]: - - 21/Nov/2025/18/42/42 HEAD /v1/AUTH_1792a06c06f74eae9f25cbd83cdb7f18/gnocchi.8eb5c8bb-f734-443b-a347-1f4ac3e1aa44 HTTP/1.0 204 - Swift - - - - txbd9fc4fdaa2b42ad8a8d3-006920b2a2 - 0.0062 CS - 1763750562.589235306 1763750562.595441580 0
Nov 21 13:42:42 np0005531384.novalocal container-server[96325]: ::1 - - [21/Nov/2025:18:42:42 +0000] "GET /2/163327/AUTH_1792a06c06f74eae9f25cbd83cdb7f18/gnocchi.8eb5c8bb-f734-443b-a347-1f4ac3e1aa44" 200 2 "GET https://[::1]:8080/v1/AUTH_1792a06c06f74eae9f25cbd83cdb7f18/gnocchi.8eb5c8bb-f734-443b-a347-1f4ac3e1aa44?format=json&states=listing" "txbd9fc4fdaa2b42ad8a8d3-006920b2a2" "proxy-server 97617" 0.0027 "-" 96325 0
Nov 21 13:42:42 np0005531384.novalocal proxy-server[97617]: ::1 ::1 21/Nov/2025/18/42/42 GET /v1/AUTH_1792a06c06f74eae9f25cbd83cdb7f18/gnocchi.8eb5c8bb-f734-443b-a347-1f4ac3e1aa44%3Fformat%3Djson%26states%3Dlisting HTTP/1.0 200 - python-swiftclient-4.7.0 gAAAAABpILI00T5K... - 2 - txbd9fc4fdaa2b42ad8a8d3-006920b2a2 - 0.0195 - - 1763750562.588454247 1763750562.607933283 0
Nov 21 13:42:42 np0005531384.novalocal container-server[96325]: ::1 - - [21/Nov/2025:18:42:42 +0000] "HEAD /3/188540/AUTH_1792a06c06f74eae9f25cbd83cdb7f18/gnocchi.9529e480-dd33-4a5c-92df-848849920b60" 404 - "HEAD http://[::1]:8080/v1/AUTH_1792a06c06f74eae9f25cbd83cdb7f18/gnocchi.9529e480-dd33-4a5c-92df-848849920b60" "tx687d83321b434547bfbe5-006920b2a2" "proxy-server 97617" 0.0004 "-" 96325 0
Nov 21 13:42:42 np0005531384.novalocal object-reconstructor[95893]: Starting object reconstruction pass.
Nov 21 13:42:42 np0005531384.novalocal object-server[96620]: ::1 - - [21/Nov/2025:18:42:42 +0000] "GET /1/176324/AUTH_1792a06c06f74eae9f25cbd83cdb7f18/gnocchi.8eb5c8bb-f734-443b-a347-1f4ac3e1aa44/1763640000.0_mean_300.0_v3" 404 70 "GET https://[::1]:8080/v1/AUTH_1792a06c06f74eae9f25cbd83cdb7f18/gnocchi.8eb5c8bb-f734-443b-a347-1f4ac3e1aa44/1763640000.0_mean_300.0_v3" "txab8bbdcb2e914cbb8f64c-006920b2a2" "proxy-server 97617" 0.0003 "-" 96620 0
Nov 21 13:42:42 np0005531384.novalocal object-reconstructor[95893]: Nothing reconstructed for 0.0002205371856689453 seconds.
Nov 21 13:42:42 np0005531384.novalocal object-reconstructor[95893]: Object reconstruction complete. (0.00 minutes)
Nov 21 13:42:42 np0005531384.novalocal container-server[96326]: ::1 - - [21/Nov/2025:18:42:42 +0000] "HEAD /1/188540/AUTH_1792a06c06f74eae9f25cbd83cdb7f18/gnocchi.9529e480-dd33-4a5c-92df-848849920b60" 404 - "HEAD http://[::1]:8080/v1/AUTH_1792a06c06f74eae9f25cbd83cdb7f18/gnocchi.9529e480-dd33-4a5c-92df-848849920b60" "tx687d83321b434547bfbe5-006920b2a2" "proxy-server 97617" 0.0003 "-" 96326 0
Nov 21 13:42:42 np0005531384.novalocal object-server[96621]: ::1 - - [21/Nov/2025:18:42:42 +0000] "GET /2/176324/AUTH_1792a06c06f74eae9f25cbd83cdb7f18/gnocchi.8eb5c8bb-f734-443b-a347-1f4ac3e1aa44/1763640000.0_mean_300.0_v3" 404 70 "GET https://[::1]:8080/v1/AUTH_1792a06c06f74eae9f25cbd83cdb7f18/gnocchi.8eb5c8bb-f734-443b-a347-1f4ac3e1aa44/1763640000.0_mean_300.0_v3" "txab8bbdcb2e914cbb8f64c-006920b2a2" "proxy-server 97617" 0.0003 "-" 96621 0
Nov 21 13:42:42 np0005531384.novalocal container-server[96326]: ::1 - - [21/Nov/2025:18:42:42 +0000] "HEAD /2/188540/AUTH_1792a06c06f74eae9f25cbd83cdb7f18/gnocchi.9529e480-dd33-4a5c-92df-848849920b60" 404 - "HEAD http://[::1]:8080/v1/AUTH_1792a06c06f74eae9f25cbd83cdb7f18/gnocchi.9529e480-dd33-4a5c-92df-848849920b60" "tx687d83321b434547bfbe5-006920b2a2" "proxy-server 97617" 0.0002 "-" 96326 0
Nov 21 13:42:42 np0005531384.novalocal object-server[96621]: ::1 - - [21/Nov/2025:18:42:42 +0000] "GET /3/176324/AUTH_1792a06c06f74eae9f25cbd83cdb7f18/gnocchi.8eb5c8bb-f734-443b-a347-1f4ac3e1aa44/1763640000.0_mean_300.0_v3" 404 70 "GET https://[::1]:8080/v1/AUTH_1792a06c06f74eae9f25cbd83cdb7f18/gnocchi.8eb5c8bb-f734-443b-a347-1f4ac3e1aa44/1763640000.0_mean_300.0_v3" "txab8bbdcb2e914cbb8f64c-006920b2a2" "proxy-server 97617" 0.0002 "-" 96621 0
Nov 21 13:42:42 np0005531384.novalocal proxy-server[97617]: - - 21/Nov/2025/18/42/42 HEAD /v1/AUTH_1792a06c06f74eae9f25cbd83cdb7f18/gnocchi.9529e480-dd33-4a5c-92df-848849920b60 HTTP/1.0 404 - Swift - - - - tx687d83321b434547bfbe5-006920b2a2 - 0.0150 CS - 1763750562.611991882 1763750562.627018213 0
Nov 21 13:42:42 np0005531384.novalocal proxy-server[97617]: ::1 ::1 21/Nov/2025/18/42/42 GET /v1/AUTH_1792a06c06f74eae9f25cbd83cdb7f18/gnocchi.8eb5c8bb-f734-443b-a347-1f4ac3e1aa44/1763640000.0_mean_300.0_v3 HTTP/1.0 404 - python-swiftclient-4.7.0 gAAAAABpILI00T5K... - 70 - txab8bbdcb2e914cbb8f64c-006920b2a2 - 0.0205 - - 1763750562.611634254 1763750562.632148504 0
Nov 21 13:42:42 np0005531384.novalocal object-server[96620]: ::1 - - [21/Nov/2025:18:42:42 +0000] "GET /2/5555/AUTH_1792a06c06f74eae9f25cbd83cdb7f18/gnocchi.9529e480-dd33-4a5c-92df-848849920b60/none_v3" 404 70 "GET https://[::1]:8080/v1/AUTH_1792a06c06f74eae9f25cbd83cdb7f18/gnocchi.9529e480-dd33-4a5c-92df-848849920b60/none_v3" "tx687d83321b434547bfbe5-006920b2a2" "proxy-server 97617" 0.0002 "-" 96620 0
Nov 21 13:42:42 np0005531384.novalocal object-server[96620]: ::1 - - [21/Nov/2025:18:42:42 +0000] "GET /1/5555/AUTH_1792a06c06f74eae9f25cbd83cdb7f18/gnocchi.9529e480-dd33-4a5c-92df-848849920b60/none_v3" 404 70 "GET https://[::1]:8080/v1/AUTH_1792a06c06f74eae9f25cbd83cdb7f18/gnocchi.9529e480-dd33-4a5c-92df-848849920b60/none_v3" "tx687d83321b434547bfbe5-006920b2a2" "proxy-server 97617" 0.0001 "-" 96620 0
Nov 21 13:42:42 np0005531384.novalocal object-server[96620]: ::1 - - [21/Nov/2025:18:42:42 +0000] "GET /3/5555/AUTH_1792a06c06f74eae9f25cbd83cdb7f18/gnocchi.9529e480-dd33-4a5c-92df-848849920b60/none_v3" 404 70 "GET https://[::1]:8080/v1/AUTH_1792a06c06f74eae9f25cbd83cdb7f18/gnocchi.9529e480-dd33-4a5c-92df-848849920b60/none_v3" "tx687d83321b434547bfbe5-006920b2a2" "proxy-server 97617" 0.0001 "-" 96620 0
Nov 21 13:42:42 np0005531384.novalocal proxy-server[97617]: ::1 ::1 21/Nov/2025/18/42/42 GET /v1/AUTH_1792a06c06f74eae9f25cbd83cdb7f18/gnocchi.9529e480-dd33-4a5c-92df-848849920b60/none_v3 HTTP/1.0 404 - python-swiftclient-4.7.0 gAAAAABpILI22Pln... - 70 - tx687d83321b434547bfbe5-006920b2a2 - 0.0361 - - 1763750562.610000372 1763750562.646062851 0
Nov 21 13:42:42 np0005531384.novalocal container-server[96326]: ::1 - - [21/Nov/2025:18:42:42 +0000] "PUT /3/163327/AUTH_1792a06c06f74eae9f25cbd83cdb7f18/gnocchi.8eb5c8bb-f734-443b-a347-1f4ac3e1aa44/1763640000.0_mean_300.0_v3" 201 - "PUT http://[::1]:8080/1/176324/AUTH_1792a06c06f74eae9f25cbd83cdb7f18/gnocchi.8eb5c8bb-f734-443b-a347-1f4ac3e1aa44/1763640000.0_mean_300.0_v3" "txaab5b359dcd74cb6b1df1-006920b2a2" "object-server 96621" 0.0006 "-" 96326 0
Nov 21 13:42:42 np0005531384.novalocal container-server[96325]: ::1 - - [21/Nov/2025:18:42:42 +0000] "PUT /2/163327/AUTH_1792a06c06f74eae9f25cbd83cdb7f18/gnocchi.8eb5c8bb-f734-443b-a347-1f4ac3e1aa44/1763640000.0_mean_300.0_v3" 201 - "PUT http://[::1]:8080/3/176324/AUTH_1792a06c06f74eae9f25cbd83cdb7f18/gnocchi.8eb5c8bb-f734-443b-a347-1f4ac3e1aa44/1763640000.0_mean_300.0_v3" "txaab5b359dcd74cb6b1df1-006920b2a2" "object-server 96620" 0.0008 "-" 96325 0
Nov 21 13:42:42 np0005531384.novalocal object-server[96620]: ::1 - - [21/Nov/2025:18:42:42 +0000] "PUT /3/176324/AUTH_1792a06c06f74eae9f25cbd83cdb7f18/gnocchi.8eb5c8bb-f734-443b-a347-1f4ac3e1aa44/1763640000.0_mean_300.0_v3" 201 - "PUT https://[::1]:8080/v1/AUTH_1792a06c06f74eae9f25cbd83cdb7f18/gnocchi.8eb5c8bb-f734-443b-a347-1f4ac3e1aa44/1763640000.0_mean_300.0_v3" "txaab5b359dcd74cb6b1df1-006920b2a2" "proxy-server 97617" 0.0121 "-" 96620 0
Nov 21 13:42:42 np0005531384.novalocal object-server[96621]: ::1 - - [21/Nov/2025:18:42:42 +0000] "PUT /1/176324/AUTH_1792a06c06f74eae9f25cbd83cdb7f18/gnocchi.8eb5c8bb-f734-443b-a347-1f4ac3e1aa44/1763640000.0_mean_300.0_v3" 201 - "PUT https://[::1]:8080/v1/AUTH_1792a06c06f74eae9f25cbd83cdb7f18/gnocchi.8eb5c8bb-f734-443b-a347-1f4ac3e1aa44/1763640000.0_mean_300.0_v3" "txaab5b359dcd74cb6b1df1-006920b2a2" "proxy-server 97617" 0.0120 "-" 96621 0
Nov 21 13:42:42 np0005531384.novalocal container-server[96325]: ::1 - - [21/Nov/2025:18:42:42 +0000] "PUT /1/163327/AUTH_1792a06c06f74eae9f25cbd83cdb7f18/gnocchi.8eb5c8bb-f734-443b-a347-1f4ac3e1aa44/1763640000.0_mean_300.0_v3" 201 - "PUT http://[::1]:8080/2/176324/AUTH_1792a06c06f74eae9f25cbd83cdb7f18/gnocchi.8eb5c8bb-f734-443b-a347-1f4ac3e1aa44/1763640000.0_mean_300.0_v3" "txaab5b359dcd74cb6b1df1-006920b2a2" "object-server 96621" 0.0006 "-" 96325 0
Nov 21 13:42:42 np0005531384.novalocal object-server[96621]: ::1 - - [21/Nov/2025:18:42:42 +0000] "PUT /2/176324/AUTH_1792a06c06f74eae9f25cbd83cdb7f18/gnocchi.8eb5c8bb-f734-443b-a347-1f4ac3e1aa44/1763640000.0_mean_300.0_v3" 201 - "PUT https://[::1]:8080/v1/AUTH_1792a06c06f74eae9f25cbd83cdb7f18/gnocchi.8eb5c8bb-f734-443b-a347-1f4ac3e1aa44/1763640000.0_mean_300.0_v3" "txaab5b359dcd74cb6b1df1-006920b2a2" "proxy-server 97617" 0.0121 "-" 96621 0
Nov 21 13:42:42 np0005531384.novalocal proxy-server[97617]: ::1 ::1 21/Nov/2025/18/42/42 PUT /v1/AUTH_1792a06c06f74eae9f25cbd83cdb7f18/gnocchi.8eb5c8bb-f734-443b-a347-1f4ac3e1aa44/1763640000.0_mean_300.0_v3 HTTP/1.0 201 - python-swiftclient-4.7.0 gAAAAABpILI00T5K... 16 - - txaab5b359dcd74cb6b1df1-006920b2a2 - 0.0222 - - 1763750562.634572744 1763750562.656772614 0
Nov 21 13:42:42 np0005531384.novalocal account-server[96031]: ::1 - - [21/Nov/2025:18:42:42 +0000] "PUT /3/231418/AUTH_1792a06c06f74eae9f25cbd83cdb7f18/gnocchi.9529e480-dd33-4a5c-92df-848849920b60" 201 - "PUT http://[::1]:6001/2/188540/AUTH_1792a06c06f74eae9f25cbd83cdb7f18/gnocchi.9529e480-dd33-4a5c-92df-848849920b60" "tx123426ce970b4ddeb0095-006920b2a2" "container-server 96325" 0.0077 "-" 96031 0
Nov 21 13:42:42 np0005531384.novalocal container-server[96325]: ::1 - - [21/Nov/2025:18:42:42 +0000] "PUT /2/163327/AUTH_1792a06c06f74eae9f25cbd83cdb7f18/gnocchi.8eb5c8bb-f734-443b-a347-1f4ac3e1aa44/none_v3" 201 - "PUT http://[::1]:8080/2/67159/AUTH_1792a06c06f74eae9f25cbd83cdb7f18/gnocchi.8eb5c8bb-f734-443b-a347-1f4ac3e1aa44/none_v3" "tx527f60f90894491a88452-006920b2a2" "object-server 96621" 0.0006 "-" 96325 0
Nov 21 13:42:42 np0005531384.novalocal container-server[96326]: ::1 - - [21/Nov/2025:18:42:42 +0000] "PUT /3/163327/AUTH_1792a06c06f74eae9f25cbd83cdb7f18/gnocchi.8eb5c8bb-f734-443b-a347-1f4ac3e1aa44/none_v3" 201 - "PUT http://[::1]:8080/3/67159/AUTH_1792a06c06f74eae9f25cbd83cdb7f18/gnocchi.8eb5c8bb-f734-443b-a347-1f4ac3e1aa44/none_v3" "tx527f60f90894491a88452-006920b2a2" "object-server 96621" 0.0007 "-" 96326 0
Nov 21 13:42:42 np0005531384.novalocal object-server[96621]: ::1 - - [21/Nov/2025:18:42:42 +0000] "PUT /2/67159/AUTH_1792a06c06f74eae9f25cbd83cdb7f18/gnocchi.8eb5c8bb-f734-443b-a347-1f4ac3e1aa44/none_v3" 201 - "PUT https://[::1]:8080/v1/AUTH_1792a06c06f74eae9f25cbd83cdb7f18/gnocchi.8eb5c8bb-f734-443b-a347-1f4ac3e1aa44/none_v3" "tx527f60f90894491a88452-006920b2a2" "proxy-server 97617" 0.0094 "-" 96621 0
Nov 21 13:42:42 np0005531384.novalocal account-server[96030]: ::1 - - [21/Nov/2025:18:42:42 +0000] "PUT /2/231418/AUTH_1792a06c06f74eae9f25cbd83cdb7f18/gnocchi.9529e480-dd33-4a5c-92df-848849920b60" 201 - "PUT http://[::1]:6001/3/188540/AUTH_1792a06c06f74eae9f25cbd83cdb7f18/gnocchi.9529e480-dd33-4a5c-92df-848849920b60" "tx123426ce970b4ddeb0095-006920b2a2" "container-server 96326" 0.0032 "-" 96030 0
Nov 21 13:42:42 np0005531384.novalocal object-server[96621]: ::1 - - [21/Nov/2025:18:42:42 +0000] "PUT /3/67159/AUTH_1792a06c06f74eae9f25cbd83cdb7f18/gnocchi.8eb5c8bb-f734-443b-a347-1f4ac3e1aa44/none_v3" 201 - "PUT https://[::1]:8080/v1/AUTH_1792a06c06f74eae9f25cbd83cdb7f18/gnocchi.8eb5c8bb-f734-443b-a347-1f4ac3e1aa44/none_v3" "tx527f60f90894491a88452-006920b2a2" "proxy-server 97617" 0.0122 "-" 96621 0
Nov 21 13:42:42 np0005531384.novalocal container-server[96325]: ::1 - - [21/Nov/2025:18:42:42 +0000] "PUT /2/188540/AUTH_1792a06c06f74eae9f25cbd83cdb7f18/gnocchi.9529e480-dd33-4a5c-92df-848849920b60" 201 - "PUT https://[::1]:8080/v1/AUTH_1792a06c06f74eae9f25cbd83cdb7f18/gnocchi.9529e480-dd33-4a5c-92df-848849920b60" "tx123426ce970b4ddeb0095-006920b2a2" "proxy-server 97617" 0.0208 "-" 96325 0
Nov 21 13:42:42 np0005531384.novalocal container-server[96326]: ::1 - - [21/Nov/2025:18:42:42 +0000] "PUT /3/188540/AUTH_1792a06c06f74eae9f25cbd83cdb7f18/gnocchi.9529e480-dd33-4a5c-92df-848849920b60" 201 - "PUT https://[::1]:8080/v1/AUTH_1792a06c06f74eae9f25cbd83cdb7f18/gnocchi.9529e480-dd33-4a5c-92df-848849920b60" "tx123426ce970b4ddeb0095-006920b2a2" "proxy-server 97617" 0.0144 "-" 96326 0
Nov 21 13:42:42 np0005531384.novalocal account-server[96031]: ::1 - - [21/Nov/2025:18:42:42 +0000] "PUT /1/231418/AUTH_1792a06c06f74eae9f25cbd83cdb7f18/gnocchi.9529e480-dd33-4a5c-92df-848849920b60" 201 - "PUT http://[::1]:6001/1/188540/AUTH_1792a06c06f74eae9f25cbd83cdb7f18/gnocchi.9529e480-dd33-4a5c-92df-848849920b60" "tx123426ce970b4ddeb0095-006920b2a2" "container-server 96326" 0.0040 "-" 96031 0
Nov 21 13:42:42 np0005531384.novalocal container-server[96325]: ::1 - - [21/Nov/2025:18:42:42 +0000] "PUT /1/163327/AUTH_1792a06c06f74eae9f25cbd83cdb7f18/gnocchi.8eb5c8bb-f734-443b-a347-1f4ac3e1aa44/none_v3" 201 - "PUT http://[::1]:8080/1/67159/AUTH_1792a06c06f74eae9f25cbd83cdb7f18/gnocchi.8eb5c8bb-f734-443b-a347-1f4ac3e1aa44/none_v3" "tx527f60f90894491a88452-006920b2a2" "object-server 96620" 0.0004 "-" 96325 0
Nov 21 13:42:42 np0005531384.novalocal object-server[96620]: ::1 - - [21/Nov/2025:18:42:42 +0000] "PUT /1/67159/AUTH_1792a06c06f74eae9f25cbd83cdb7f18/gnocchi.8eb5c8bb-f734-443b-a347-1f4ac3e1aa44/none_v3" 201 - "PUT https://[::1]:8080/v1/AUTH_1792a06c06f74eae9f25cbd83cdb7f18/gnocchi.8eb5c8bb-f734-443b-a347-1f4ac3e1aa44/none_v3" "tx527f60f90894491a88452-006920b2a2" "proxy-server 97617" 0.0152 "-" 96620 0
Nov 21 13:42:42 np0005531384.novalocal container-server[96326]: ::1 - - [21/Nov/2025:18:42:42 +0000] "PUT /1/188540/AUTH_1792a06c06f74eae9f25cbd83cdb7f18/gnocchi.9529e480-dd33-4a5c-92df-848849920b60" 201 - "PUT https://[::1]:8080/v1/AUTH_1792a06c06f74eae9f25cbd83cdb7f18/gnocchi.9529e480-dd33-4a5c-92df-848849920b60" "tx123426ce970b4ddeb0095-006920b2a2" "proxy-server 97617" 0.0245 "-" 96326 0
Nov 21 13:42:42 np0005531384.novalocal proxy-server[97617]: ::1 ::1 21/Nov/2025/18/42/42 PUT /v1/AUTH_1792a06c06f74eae9f25cbd83cdb7f18/gnocchi.8eb5c8bb-f734-443b-a347-1f4ac3e1aa44/none_v3 HTTP/1.0 201 - python-swiftclient-4.7.0 gAAAAABpILI00T5K... 22 - - tx527f60f90894491a88452-006920b2a2 - 0.0218 - - 1763750562.659361601 1763750562.681119680 0
Nov 21 13:42:42 np0005531384.novalocal proxy-server[97617]: ::1 ::1 21/Nov/2025/18/42/42 PUT /v1/AUTH_1792a06c06f74eae9f25cbd83cdb7f18/gnocchi.9529e480-dd33-4a5c-92df-848849920b60 HTTP/1.0 201 - python-swiftclient-4.7.0 gAAAAABpILI22Pln... - - - tx123426ce970b4ddeb0095-006920b2a2 - 0.0327 - - 1763750562.650263786 1763750562.682934523 0
Nov 21 13:42:42 np0005531384.novalocal container-server[96326]: ::1 - - [21/Nov/2025:18:42:42 +0000] "HEAD /2/188540/AUTH_1792a06c06f74eae9f25cbd83cdb7f18/gnocchi.9529e480-dd33-4a5c-92df-848849920b60" 204 - "HEAD http://[::1]:8080/v1/AUTH_1792a06c06f74eae9f25cbd83cdb7f18/gnocchi.9529e480-dd33-4a5c-92df-848849920b60" "txe868d681df0a43bc86a9d-006920b2a2" "proxy-server 97617" 0.0020 "-" 96326 0
Nov 21 13:42:42 np0005531384.novalocal proxy-server[97617]: - - 21/Nov/2025/18/42/42 HEAD /v1/AUTH_1792a06c06f74eae9f25cbd83cdb7f18/gnocchi.9529e480-dd33-4a5c-92df-848849920b60 HTTP/1.0 204 - Swift - - - - txe868d681df0a43bc86a9d-006920b2a2 - 0.0056 CS - 1763750562.687833071 1763750562.693422794 0
Nov 21 13:42:42 np0005531384.novalocal container-server[96326]: ::1 - - [21/Nov/2025:18:42:42 +0000] "GET /3/188540/AUTH_1792a06c06f74eae9f25cbd83cdb7f18/gnocchi.9529e480-dd33-4a5c-92df-848849920b60" 200 2 "GET https://[::1]:8080/v1/AUTH_1792a06c06f74eae9f25cbd83cdb7f18/gnocchi.9529e480-dd33-4a5c-92df-848849920b60?format=json&states=listing" "txe868d681df0a43bc86a9d-006920b2a2" "proxy-server 97617" 0.0034 "-" 96326 0
Nov 21 13:42:42 np0005531384.novalocal proxy-server[97617]: ::1 ::1 21/Nov/2025/18/42/42 GET /v1/AUTH_1792a06c06f74eae9f25cbd83cdb7f18/gnocchi.9529e480-dd33-4a5c-92df-848849920b60%3Fformat%3Djson%26states%3Dlisting HTTP/1.0 200 - python-swiftclient-4.7.0 gAAAAABpILI22Pln... - 2 - txe868d681df0a43bc86a9d-006920b2a2 - 0.0165 - - 1763750562.687085152 1763750562.703584671 0
Nov 21 13:42:42 np0005531384.novalocal object-server[96621]: ::1 - - [21/Nov/2025:18:42:42 +0000] "GET /2/176181/AUTH_1792a06c06f74eae9f25cbd83cdb7f18/gnocchi.9529e480-dd33-4a5c-92df-848849920b60/1763640000.0_mean_300.0_v3" 404 70 "GET https://[::1]:8080/v1/AUTH_1792a06c06f74eae9f25cbd83cdb7f18/gnocchi.9529e480-dd33-4a5c-92df-848849920b60/1763640000.0_mean_300.0_v3" "txf8b2d4601a72404ca562e-006920b2a2" "proxy-server 97617" 0.0003 "-" 96621 0
Nov 21 13:42:42 np0005531384.novalocal object-server[96620]: ::1 - - [21/Nov/2025:18:42:42 +0000] "GET /3/176181/AUTH_1792a06c06f74eae9f25cbd83cdb7f18/gnocchi.9529e480-dd33-4a5c-92df-848849920b60/1763640000.0_mean_300.0_v3" 404 70 "GET https://[::1]:8080/v1/AUTH_1792a06c06f74eae9f25cbd83cdb7f18/gnocchi.9529e480-dd33-4a5c-92df-848849920b60/1763640000.0_mean_300.0_v3" "txf8b2d4601a72404ca562e-006920b2a2" "proxy-server 97617" 0.0005 "-" 96620 0
Nov 21 13:42:42 np0005531384.novalocal container-server[96326]: ::1 - - [21/Nov/2025:18:42:42 +0000] "HEAD /2/172954/AUTH_1792a06c06f74eae9f25cbd83cdb7f18/gnocchi.73170c1d-2a70-4ae4-9f15-8b8858b88965" 404 - "HEAD http://[::1]:8080/v1/AUTH_1792a06c06f74eae9f25cbd83cdb7f18/gnocchi.73170c1d-2a70-4ae4-9f15-8b8858b88965" "tx62b2a321cc324345b232d-006920b2a2" "proxy-server 97617" 0.0004 "-" 96326 0
Nov 21 13:42:42 np0005531384.novalocal container-server[96326]: ::1 - - [21/Nov/2025:18:42:42 +0000] "HEAD /3/172954/AUTH_1792a06c06f74eae9f25cbd83cdb7f18/gnocchi.73170c1d-2a70-4ae4-9f15-8b8858b88965" 404 - "HEAD http://[::1]:8080/v1/AUTH_1792a06c06f74eae9f25cbd83cdb7f18/gnocchi.73170c1d-2a70-4ae4-9f15-8b8858b88965" "tx62b2a321cc324345b232d-006920b2a2" "proxy-server 97617" 0.0005 "-" 96326 0
Nov 21 13:42:42 np0005531384.novalocal object-server[96621]: ::1 - - [21/Nov/2025:18:42:42 +0000] "GET /1/176181/AUTH_1792a06c06f74eae9f25cbd83cdb7f18/gnocchi.9529e480-dd33-4a5c-92df-848849920b60/1763640000.0_mean_300.0_v3" 404 70 "GET https://[::1]:8080/v1/AUTH_1792a06c06f74eae9f25cbd83cdb7f18/gnocchi.9529e480-dd33-4a5c-92df-848849920b60/1763640000.0_mean_300.0_v3" "txf8b2d4601a72404ca562e-006920b2a2" "proxy-server 97617" 0.0007 "-" 96621 0
Nov 21 13:42:42 np0005531384.novalocal proxy-server[97617]: ::1 ::1 21/Nov/2025/18/42/42 GET /v1/AUTH_1792a06c06f74eae9f25cbd83cdb7f18/gnocchi.9529e480-dd33-4a5c-92df-848849920b60/1763640000.0_mean_300.0_v3 HTTP/1.0 404 - python-swiftclient-4.7.0 gAAAAABpILI22Pln... - 70 - txf8b2d4601a72404ca562e-006920b2a2 - 0.0147 - - 1763750562.707479954 1763750562.722155094 0
Nov 21 13:42:42 np0005531384.novalocal container-server[96326]: ::1 - - [21/Nov/2025:18:42:42 +0000] "HEAD /1/172954/AUTH_1792a06c06f74eae9f25cbd83cdb7f18/gnocchi.73170c1d-2a70-4ae4-9f15-8b8858b88965" 404 - "HEAD http://[::1]:8080/v1/AUTH_1792a06c06f74eae9f25cbd83cdb7f18/gnocchi.73170c1d-2a70-4ae4-9f15-8b8858b88965" "tx62b2a321cc324345b232d-006920b2a2" "proxy-server 97617" 0.0002 "-" 96326 0
Nov 21 13:42:42 np0005531384.novalocal proxy-server[97617]: - - 21/Nov/2025/18/42/42 HEAD /v1/AUTH_1792a06c06f74eae9f25cbd83cdb7f18/gnocchi.73170c1d-2a70-4ae4-9f15-8b8858b88965 HTTP/1.0 404 - Swift - - - - tx62b2a321cc324345b232d-006920b2a2 - 0.0137 CS - 1763750562.712772131 1763750562.726480246 0
Nov 21 13:42:42 np0005531384.novalocal object-server[96621]: ::1 - - [21/Nov/2025:18:42:42 +0000] "GET /3/247952/AUTH_1792a06c06f74eae9f25cbd83cdb7f18/gnocchi.73170c1d-2a70-4ae4-9f15-8b8858b88965/none_v3" 404 70 "GET https://[::1]:8080/v1/AUTH_1792a06c06f74eae9f25cbd83cdb7f18/gnocchi.73170c1d-2a70-4ae4-9f15-8b8858b88965/none_v3" "tx62b2a321cc324345b232d-006920b2a2" "proxy-server 97617" 0.0005 "-" 96621 0
Nov 21 13:42:42 np0005531384.novalocal object-server[96621]: ::1 - - [21/Nov/2025:18:42:42 +0000] "GET /1/247952/AUTH_1792a06c06f74eae9f25cbd83cdb7f18/gnocchi.73170c1d-2a70-4ae4-9f15-8b8858b88965/none_v3" 404 70 "GET https://[::1]:8080/v1/AUTH_1792a06c06f74eae9f25cbd83cdb7f18/gnocchi.73170c1d-2a70-4ae4-9f15-8b8858b88965/none_v3" "tx62b2a321cc324345b232d-006920b2a2" "proxy-server 97617" 0.0004 "-" 96621 0
Nov 21 13:42:42 np0005531384.novalocal object-server[96621]: ::1 - - [21/Nov/2025:18:42:42 +0000] "GET /2/247952/AUTH_1792a06c06f74eae9f25cbd83cdb7f18/gnocchi.73170c1d-2a70-4ae4-9f15-8b8858b88965/none_v3" 404 70 "GET https://[::1]:8080/v1/AUTH_1792a06c06f74eae9f25cbd83cdb7f18/gnocchi.73170c1d-2a70-4ae4-9f15-8b8858b88965/none_v3" "tx62b2a321cc324345b232d-006920b2a2" "proxy-server 97617" 0.0004 "-" 96621 0
Nov 21 13:42:42 np0005531384.novalocal kernel: qvb4c4e26b5-59: left allmulticast mode
Nov 21 13:42:42 np0005531384.novalocal kernel: qvb4c4e26b5-59: left promiscuous mode
Nov 21 13:42:42 np0005531384.novalocal kernel: qbr4c4e26b5-59: port 1(qvb4c4e26b5-59) entered disabled state
Nov 21 13:42:42 np0005531384.novalocal proxy-server[97617]: ::1 ::1 21/Nov/2025/18/42/42 GET /v1/AUTH_1792a06c06f74eae9f25cbd83cdb7f18/gnocchi.73170c1d-2a70-4ae4-9f15-8b8858b88965/none_v3 HTTP/1.0 404 - python-swiftclient-4.7.0 gAAAAABpILI00T5K... - 70 - tx62b2a321cc324345b232d-006920b2a2 - 0.0406 - - 1763750562.711446047 1763750562.752022982 0
Nov 21 13:42:42 np0005531384.novalocal container-server[96326]: ::1 - - [21/Nov/2025:18:42:42 +0000] "PUT /3/188540/AUTH_1792a06c06f74eae9f25cbd83cdb7f18/gnocchi.9529e480-dd33-4a5c-92df-848849920b60/1763640000.0_mean_300.0_v3" 201 - "PUT http://[::1]:8080/3/176181/AUTH_1792a06c06f74eae9f25cbd83cdb7f18/gnocchi.9529e480-dd33-4a5c-92df-848849920b60/1763640000.0_mean_300.0_v3" "txb6d7f497b33b408d806c4-006920b2a2" "object-server 96621" 0.0009 "-" 96326 0
Nov 21 13:42:42 np0005531384.novalocal container-server[96325]: ::1 - - [21/Nov/2025:18:42:42 +0000] "PUT /1/188540/AUTH_1792a06c06f74eae9f25cbd83cdb7f18/gnocchi.9529e480-dd33-4a5c-92df-848849920b60/1763640000.0_mean_300.0_v3" 201 - "PUT http://[::1]:8080/1/176181/AUTH_1792a06c06f74eae9f25cbd83cdb7f18/gnocchi.9529e480-dd33-4a5c-92df-848849920b60/1763640000.0_mean_300.0_v3" "txb6d7f497b33b408d806c4-006920b2a2" "object-server 96620" 0.0011 "-" 96325 0
Nov 21 13:42:42 np0005531384.novalocal object-server[96621]: ::1 - - [21/Nov/2025:18:42:42 +0000] "PUT /3/176181/AUTH_1792a06c06f74eae9f25cbd83cdb7f18/gnocchi.9529e480-dd33-4a5c-92df-848849920b60/1763640000.0_mean_300.0_v3" 201 - "PUT https://[::1]:8080/v1/AUTH_1792a06c06f74eae9f25cbd83cdb7f18/gnocchi.9529e480-dd33-4a5c-92df-848849920b60/1763640000.0_mean_300.0_v3" "txb6d7f497b33b408d806c4-006920b2a2" "proxy-server 97617" 0.0196 "-" 96621 0
Nov 21 13:42:42 np0005531384.novalocal object-server[96620]: ::1 - - [21/Nov/2025:18:42:42 +0000] "PUT /1/176181/AUTH_1792a06c06f74eae9f25cbd83cdb7f18/gnocchi.9529e480-dd33-4a5c-92df-848849920b60/1763640000.0_mean_300.0_v3" 201 - "PUT https://[::1]:8080/v1/AUTH_1792a06c06f74eae9f25cbd83cdb7f18/gnocchi.9529e480-dd33-4a5c-92df-848849920b60/1763640000.0_mean_300.0_v3" "txb6d7f497b33b408d806c4-006920b2a2" "proxy-server 97617" 0.0198 "-" 96620 0
Nov 21 13:42:42 np0005531384.novalocal container-server[96326]: ::1 - - [21/Nov/2025:18:42:42 +0000] "PUT /2/188540/AUTH_1792a06c06f74eae9f25cbd83cdb7f18/gnocchi.9529e480-dd33-4a5c-92df-848849920b60/1763640000.0_mean_300.0_v3" 201 - "PUT http://[::1]:8080/2/176181/AUTH_1792a06c06f74eae9f25cbd83cdb7f18/gnocchi.9529e480-dd33-4a5c-92df-848849920b60/1763640000.0_mean_300.0_v3" "txb6d7f497b33b408d806c4-006920b2a2" "object-server 96620" 0.0008 "-" 96326 0
Nov 21 13:42:42 np0005531384.novalocal object-server[96620]: ::1 - - [21/Nov/2025:18:42:42 +0000] "PUT /2/176181/AUTH_1792a06c06f74eae9f25cbd83cdb7f18/gnocchi.9529e480-dd33-4a5c-92df-848849920b60/1763640000.0_mean_300.0_v3" 201 - "PUT https://[::1]:8080/v1/AUTH_1792a06c06f74eae9f25cbd83cdb7f18/gnocchi.9529e480-dd33-4a5c-92df-848849920b60/1763640000.0_mean_300.0_v3" "txb6d7f497b33b408d806c4-006920b2a2" "proxy-server 97617" 0.0165 "-" 96620 0
Nov 21 13:42:42 np0005531384.novalocal proxy-server[97617]: ::1 ::1 21/Nov/2025/18/42/42 PUT /v1/AUTH_1792a06c06f74eae9f25cbd83cdb7f18/gnocchi.9529e480-dd33-4a5c-92df-848849920b60/1763640000.0_mean_300.0_v3 HTTP/1.0 201 - python-swiftclient-4.7.0 gAAAAABpILI22Pln... 16 - - txb6d7f497b33b408d806c4-006920b2a2 - 0.0468 - - 1763750562.731313467 1763750562.778100252 0
Nov 21 13:42:42 np0005531384.novalocal NetworkManager[857]: [1763750562.7818] device (qbr4c4e26b5-59): bridge port qvb4c4e26b5-59 was detached
Nov 21 13:42:42 np0005531384.novalocal NetworkManager[857]: [1763750562.7823] device (qbr4c4e26b5-59): state change: activated -> unmanaged (reason 'unmanaged', managed-type: 'removed')
Nov 21 13:42:42 np0005531384.novalocal kernel: qvo4c4e26b5-59: left promiscuous mode
Nov 21 13:42:42 np0005531384.novalocal container-server[96326]: ::1 - - [21/Nov/2025:18:42:42 +0000] "PUT /2/188540/AUTH_1792a06c06f74eae9f25cbd83cdb7f18/gnocchi.9529e480-dd33-4a5c-92df-848849920b60/none_v3" 201 - "PUT http://[::1]:8080/1/5555/AUTH_1792a06c06f74eae9f25cbd83cdb7f18/gnocchi.9529e480-dd33-4a5c-92df-848849920b60/none_v3" "tx671a7a70b1f843c5b5089-006920b2a2" "object-server 96620" 0.0007 "-" 96326 0
Nov 21 13:42:42 np0005531384.novalocal object-server[96620]: ::1 - - [21/Nov/2025:18:42:42 +0000] "PUT /1/5555/AUTH_1792a06c06f74eae9f25cbd83cdb7f18/gnocchi.9529e480-dd33-4a5c-92df-848849920b60/none_v3" 201 - "PUT https://[::1]:8080/v1/AUTH_1792a06c06f74eae9f25cbd83cdb7f18/gnocchi.9529e480-dd33-4a5c-92df-848849920b60/none_v3" "tx671a7a70b1f843c5b5089-006920b2a2" "proxy-server 97617" 0.0196 "-" 96620 0
Nov 21 13:42:42 np0005531384.novalocal container-server[96326]: ::1 - - [21/Nov/2025:18:42:42 +0000] "PUT /1/188540/AUTH_1792a06c06f74eae9f25cbd83cdb7f18/gnocchi.9529e480-dd33-4a5c-92df-848849920b60/none_v3" 201 - "PUT http://[::1]:8080/3/5555/AUTH_1792a06c06f74eae9f25cbd83cdb7f18/gnocchi.9529e480-dd33-4a5c-92df-848849920b60/none_v3" "tx671a7a70b1f843c5b5089-006920b2a2" "object-server 96621" 0.0008 "-" 96326 0
Nov 21 13:42:42 np0005531384.novalocal object-server[96621]: ::1 - - [21/Nov/2025:18:42:42 +0000] "PUT /3/5555/AUTH_1792a06c06f74eae9f25cbd83cdb7f18/gnocchi.9529e480-dd33-4a5c-92df-848849920b60/none_v3" 201 - "PUT https://[::1]:8080/v1/AUTH_1792a06c06f74eae9f25cbd83cdb7f18/gnocchi.9529e480-dd33-4a5c-92df-848849920b60/none_v3" "tx671a7a70b1f843c5b5089-006920b2a2" "proxy-server 97617" 0.0197 "-" 96621 0
Nov 21 13:42:42 np0005531384.novalocal container-server[96325]: ::1 - - [21/Nov/2025:18:42:42 +0000] "PUT /3/188540/AUTH_1792a06c06f74eae9f25cbd83cdb7f18/gnocchi.9529e480-dd33-4a5c-92df-848849920b60/none_v3" 201 - "PUT http://[::1]:8080/2/5555/AUTH_1792a06c06f74eae9f25cbd83cdb7f18/gnocchi.9529e480-dd33-4a5c-92df-848849920b60/none_v3" "tx671a7a70b1f843c5b5089-006920b2a2" "object-server 96620" 0.0005 "-" 96325 0
Nov 21 13:42:42 np0005531384.novalocal object-server[96620]: ::1 - - [21/Nov/2025:18:42:42 +0000] "PUT /2/5555/AUTH_1792a06c06f74eae9f25cbd83cdb7f18/gnocchi.9529e480-dd33-4a5c-92df-848849920b60/none_v3" 201 - "PUT https://[::1]:8080/v1/AUTH_1792a06c06f74eae9f25cbd83cdb7f18/gnocchi.9529e480-dd33-4a5c-92df-848849920b60/none_v3" "tx671a7a70b1f843c5b5089-006920b2a2" "proxy-server 97617" 0.0218 "-" 96620 0
Nov 21 13:42:42 np0005531384.novalocal account-server[96031]: ::1 - - [21/Nov/2025:18:42:42 +0000] "PUT /1/231418/AUTH_1792a06c06f74eae9f25cbd83cdb7f18/gnocchi.73170c1d-2a70-4ae4-9f15-8b8858b88965" 201 - "PUT http://[::1]:6001/1/172954/AUTH_1792a06c06f74eae9f25cbd83cdb7f18/gnocchi.73170c1d-2a70-4ae4-9f15-8b8858b88965" "tx2a30c1019794480fab02e-006920b2a2" "container-server 96326" 0.0067 "-" 96031 0
Nov 21 13:42:42 np0005531384.novalocal container-server[96326]: ::1 - - [21/Nov/2025:18:42:42 +0000] "PUT /1/172954/AUTH_1792a06c06f74eae9f25cbd83cdb7f18/gnocchi.73170c1d-2a70-4ae4-9f15-8b8858b88965" 201 - "PUT https://[::1]:8080/v1/AUTH_1792a06c06f74eae9f25cbd83cdb7f18/gnocchi.73170c1d-2a70-4ae4-9f15-8b8858b88965" "tx2a30c1019794480fab02e-006920b2a2" "proxy-server 97617" 0.0353 "-" 96326 0
Nov 21 13:42:42 np0005531384.novalocal account-server[96030]: ::1 - - [21/Nov/2025:18:42:42 +0000] "PUT /2/231418/AUTH_1792a06c06f74eae9f25cbd83cdb7f18/gnocchi.73170c1d-2a70-4ae4-9f15-8b8858b88965" 201 - "PUT http://[::1]:6001/3/172954/AUTH_1792a06c06f74eae9f25cbd83cdb7f18/gnocchi.73170c1d-2a70-4ae4-9f15-8b8858b88965" "tx2a30c1019794480fab02e-006920b2a2" "container-server 96325" 0.0057 "-" 96030 0
Nov 21 13:42:42 np0005531384.novalocal container-server[96325]: ::1 - - [21/Nov/2025:18:42:42 +0000] "PUT /3/172954/AUTH_1792a06c06f74eae9f25cbd83cdb7f18/gnocchi.73170c1d-2a70-4ae4-9f15-8b8858b88965" 201 - "PUT https://[::1]:8080/v1/AUTH_1792a06c06f74eae9f25cbd83cdb7f18/gnocchi.73170c1d-2a70-4ae4-9f15-8b8858b88965" "tx2a30c1019794480fab02e-006920b2a2" "proxy-server 97617" 0.0363 "-" 96325 0
Nov 21 13:42:42 np0005531384.novalocal proxy-server[97617]: ::1 ::1 21/Nov/2025/18/42/42 PUT /v1/AUTH_1792a06c06f74eae9f25cbd83cdb7f18/gnocchi.9529e480-dd33-4a5c-92df-848849920b60/none_v3 HTTP/1.0 201 - python-swiftclient-4.7.0 gAAAAABpILI22Pln... 22 - - tx671a7a70b1f843c5b5089-006920b2a2 - 0.0363 - - 1763750562.780559063 1763750562.816876888 0
Nov 21 13:42:42 np0005531384.novalocal account-server[96031]: ::1 - - [21/Nov/2025:18:42:42 +0000] "PUT /3/231418/AUTH_1792a06c06f74eae9f25cbd83cdb7f18/gnocchi.73170c1d-2a70-4ae4-9f15-8b8858b88965" 201 - "PUT http://[::1]:6001/2/172954/AUTH_1792a06c06f74eae9f25cbd83cdb7f18/gnocchi.73170c1d-2a70-4ae4-9f15-8b8858b88965" "tx2a30c1019794480fab02e-006920b2a2" "container-server 96325" 0.0068 "-" 96031 0
Nov 21 13:42:42 np0005531384.novalocal container-server[96325]: ::1 - - [21/Nov/2025:18:42:42 +0000] "PUT /2/172954/AUTH_1792a06c06f74eae9f25cbd83cdb7f18/gnocchi.73170c1d-2a70-4ae4-9f15-8b8858b88965" 201 - "PUT https://[::1]:8080/v1/AUTH_1792a06c06f74eae9f25cbd83cdb7f18/gnocchi.73170c1d-2a70-4ae4-9f15-8b8858b88965" "tx2a30c1019794480fab02e-006920b2a2" "proxy-server 97617" 0.0229 "-" 96325 0
Nov 21 13:42:42 np0005531384.novalocal proxy-server[97617]: ::1 ::1 21/Nov/2025/18/42/42 PUT /v1/AUTH_1792a06c06f74eae9f25cbd83cdb7f18/gnocchi.73170c1d-2a70-4ae4-9f15-8b8858b88965 HTTP/1.0 201 - python-swiftclient-4.7.0 gAAAAABpILI00T5K... - - - tx2a30c1019794480fab02e-006920b2a2 - 0.0658 - - 1763750562.757589102 1763750562.823402405 0
Nov 21 13:42:42 np0005531384.novalocal container-server[96326]: ::1 - - [21/Nov/2025:18:42:42 +0000] "HEAD /1/172954/AUTH_1792a06c06f74eae9f25cbd83cdb7f18/gnocchi.73170c1d-2a70-4ae4-9f15-8b8858b88965" 204 - "HEAD http://[::1]:8080/v1/AUTH_1792a06c06f74eae9f25cbd83cdb7f18/gnocchi.73170c1d-2a70-4ae4-9f15-8b8858b88965" "tx0a0f683b84b446eb84927-006920b2a2" "proxy-server 97617" 0.0014 "-" 96326 0
Nov 21 13:42:42 np0005531384.novalocal proxy-server[97617]: - - 21/Nov/2025/18/42/42 HEAD /v1/AUTH_1792a06c06f74eae9f25cbd83cdb7f18/gnocchi.73170c1d-2a70-4ae4-9f15-8b8858b88965 HTTP/1.0 204 - Swift - - - - tx0a0f683b84b446eb84927-006920b2a2 - 0.0088 CS - 1763750562.830457449 1763750562.839210033 0
Nov 21 13:42:42 np0005531384.novalocal container-server[96325]: ::1 - - [21/Nov/2025:18:42:42 +0000] "HEAD /1/197638/AUTH_1792a06c06f74eae9f25cbd83cdb7f18/gnocchi.38d66e1f-f59a-4dad-8ff6-bfaf88a34d6c" 404 - "HEAD http://[::1]:8080/v1/AUTH_1792a06c06f74eae9f25cbd83cdb7f18/gnocchi.38d66e1f-f59a-4dad-8ff6-bfaf88a34d6c" "txa767aeecf39b4252952a9-006920b2a2" "proxy-server 97617" 0.0004 "-" 96325 0
Nov 21 13:42:42 np0005531384.novalocal container-server[96325]: ::1 - - [21/Nov/2025:18:42:42 +0000] "HEAD /2/197638/AUTH_1792a06c06f74eae9f25cbd83cdb7f18/gnocchi.38d66e1f-f59a-4dad-8ff6-bfaf88a34d6c" 404 - "HEAD http://[::1]:8080/v1/AUTH_1792a06c06f74eae9f25cbd83cdb7f18/gnocchi.38d66e1f-f59a-4dad-8ff6-bfaf88a34d6c" "txa767aeecf39b4252952a9-006920b2a2" "proxy-server 97617" 0.0002 "-" 96325 0
Nov 21 13:42:42 np0005531384.novalocal container-server[96326]: ::1 - - [21/Nov/2025:18:42:42 +0000] "GET /3/172954/AUTH_1792a06c06f74eae9f25cbd83cdb7f18/gnocchi.73170c1d-2a70-4ae4-9f15-8b8858b88965" 200 2 "GET https://[::1]:8080/v1/AUTH_1792a06c06f74eae9f25cbd83cdb7f18/gnocchi.73170c1d-2a70-4ae4-9f15-8b8858b88965?format=json&states=listing" "tx0a0f683b84b446eb84927-006920b2a2" "proxy-server 97617" 0.0028 "-" 96326 0
Nov 21 13:42:42 np0005531384.novalocal container-server[96326]: ::1 - - [21/Nov/2025:18:42:42 +0000] "HEAD /3/197638/AUTH_1792a06c06f74eae9f25cbd83cdb7f18/gnocchi.38d66e1f-f59a-4dad-8ff6-bfaf88a34d6c" 404 - "HEAD http://[::1]:8080/v1/AUTH_1792a06c06f74eae9f25cbd83cdb7f18/gnocchi.38d66e1f-f59a-4dad-8ff6-bfaf88a34d6c" "txa767aeecf39b4252952a9-006920b2a2" "proxy-server 97617" 0.0002 "-" 96326 0
Nov 21 13:42:42 np0005531384.novalocal proxy-server[97617]: ::1 ::1 21/Nov/2025/18/42/42 GET /v1/AUTH_1792a06c06f74eae9f25cbd83cdb7f18/gnocchi.73170c1d-2a70-4ae4-9f15-8b8858b88965%3Fformat%3Djson%26states%3Dlisting HTTP/1.0 200 - python-swiftclient-4.7.0 gAAAAABpILI00T5K... - 2 - tx0a0f683b84b446eb84927-006920b2a2 - 0.0202 - - 1763750562.829866171 1763750562.850051641 0
Nov 21 13:42:42 np0005531384.novalocal proxy-server[97617]: - - 21/Nov/2025/18/42/42 HEAD /v1/AUTH_1792a06c06f74eae9f25cbd83cdb7f18/gnocchi.38d66e1f-f59a-4dad-8ff6-bfaf88a34d6c HTTP/1.0 404 - Swift - - - - txa767aeecf39b4252952a9-006920b2a2 - 0.0154 CS - 1763750562.835562944 1763750562.850973845 0
Nov 21 13:42:42 np0005531384.novalocal object-server[96621]: ::1 - - [21/Nov/2025:18:42:42 +0000] "GET /3/229521/AUTH_1792a06c06f74eae9f25cbd83cdb7f18/gnocchi.38d66e1f-f59a-4dad-8ff6-bfaf88a34d6c/none_v3" 404 70 "GET https://[::1]:8080/v1/AUTH_1792a06c06f74eae9f25cbd83cdb7f18/gnocchi.38d66e1f-f59a-4dad-8ff6-bfaf88a34d6c/none_v3" "txa767aeecf39b4252952a9-006920b2a2" "proxy-server 97617" 0.0003 "-" 96621 0
Nov 21 13:42:42 np0005531384.novalocal object-server[96621]: ::1 - - [21/Nov/2025:18:42:42 +0000] "GET /3/217136/AUTH_1792a06c06f74eae9f25cbd83cdb7f18/gnocchi.73170c1d-2a70-4ae4-9f15-8b8858b88965/1763640000.0_mean_300.0_v3" 404 70 "GET https://[::1]:8080/v1/AUTH_1792a06c06f74eae9f25cbd83cdb7f18/gnocchi.73170c1d-2a70-4ae4-9f15-8b8858b88965/1763640000.0_mean_300.0_v3" "txf1462513bfc5485e9224f-006920b2a2" "proxy-server 97617" 0.0002 "-" 96621 0
Nov 21 13:42:42 np0005531384.novalocal object-server[96621]: ::1 - - [21/Nov/2025:18:42:42 +0000] "GET /1/229521/AUTH_1792a06c06f74eae9f25cbd83cdb7f18/gnocchi.38d66e1f-f59a-4dad-8ff6-bfaf88a34d6c/none_v3" 404 70 "GET https://[::1]:8080/v1/AUTH_1792a06c06f74eae9f25cbd83cdb7f18/gnocchi.38d66e1f-f59a-4dad-8ff6-bfaf88a34d6c/none_v3" "txa767aeecf39b4252952a9-006920b2a2" "proxy-server 97617" 0.0002 "-" 96621 0
Nov 21 13:42:42 np0005531384.novalocal object-server[96620]: ::1 - - [21/Nov/2025:18:42:42 +0000] "GET /2/217136/AUTH_1792a06c06f74eae9f25cbd83cdb7f18/gnocchi.73170c1d-2a70-4ae4-9f15-8b8858b88965/1763640000.0_mean_300.0_v3" 404 70 "GET https://[::1]:8080/v1/AUTH_1792a06c06f74eae9f25cbd83cdb7f18/gnocchi.73170c1d-2a70-4ae4-9f15-8b8858b88965/1763640000.0_mean_300.0_v3" "txf1462513bfc5485e9224f-006920b2a2" "proxy-server 97617" 0.0004 "-" 96620 0
Nov 21 13:42:42 np0005531384.novalocal object-server[96620]: ::1 - - [21/Nov/2025:18:42:42 +0000] "GET /2/229521/AUTH_1792a06c06f74eae9f25cbd83cdb7f18/gnocchi.38d66e1f-f59a-4dad-8ff6-bfaf88a34d6c/none_v3" 404 70 "GET https://[::1]:8080/v1/AUTH_1792a06c06f74eae9f25cbd83cdb7f18/gnocchi.38d66e1f-f59a-4dad-8ff6-bfaf88a34d6c/none_v3" "txa767aeecf39b4252952a9-006920b2a2" "proxy-server 97617" 0.0002 "-" 96620 0
Nov 21 13:42:42 np0005531384.novalocal object-server[96620]: ::1 - - [21/Nov/2025:18:42:42 +0000] "GET /1/217136/AUTH_1792a06c06f74eae9f25cbd83cdb7f18/gnocchi.73170c1d-2a70-4ae4-9f15-8b8858b88965/1763640000.0_mean_300.0_v3" 404 70 "GET https://[::1]:8080/v1/AUTH_1792a06c06f74eae9f25cbd83cdb7f18/gnocchi.73170c1d-2a70-4ae4-9f15-8b8858b88965/1763640000.0_mean_300.0_v3" "txf1462513bfc5485e9224f-006920b2a2" "proxy-server 97617" 0.0003 "-" 96620 0
Nov 21 13:42:42 np0005531384.novalocal proxy-server[97617]: ::1 ::1 21/Nov/2025/18/42/42 GET /v1/AUTH_1792a06c06f74eae9f25cbd83cdb7f18/gnocchi.38d66e1f-f59a-4dad-8ff6-bfaf88a34d6c/none_v3 HTTP/1.0 404 - python-swiftclient-4.7.0 gAAAAABpILI22Pln... - 70 - txa767aeecf39b4252952a9-006920b2a2 - 0.0285 - - 1763750562.834455729 1763750562.862966299 0
Nov 21 13:42:42 np0005531384.novalocal proxy-server[97617]: ::1 ::1 21/Nov/2025/18/42/42 GET /v1/AUTH_1792a06c06f74eae9f25cbd83cdb7f18/gnocchi.73170c1d-2a70-4ae4-9f15-8b8858b88965/1763640000.0_mean_300.0_v3 HTTP/1.0 404 - python-swiftclient-4.7.0 gAAAAABpILI00T5K... - 70 - txf1462513bfc5485e9224f-006920b2a2 - 0.0100 - - 1763750562.854205132 1763750562.864208221 0
Nov 21 13:42:42 np0005531384.novalocal account-server[96031]: ::1 - - [21/Nov/2025:18:42:42 +0000] "PUT /2/231418/AUTH_1792a06c06f74eae9f25cbd83cdb7f18/gnocchi.38d66e1f-f59a-4dad-8ff6-bfaf88a34d6c" 201 - "PUT http://[::1]:6001/3/197638/AUTH_1792a06c06f74eae9f25cbd83cdb7f18/gnocchi.38d66e1f-f59a-4dad-8ff6-bfaf88a34d6c" "tx96b5fa6840aa41e6b92ff-006920b2a2" "container-server 96326" 0.0058 "-" 96031 0
Nov 21 13:42:42 np0005531384.novalocal container-server[96326]: ::1 - - [21/Nov/2025:18:42:42 +0000] "PUT /2/172954/AUTH_1792a06c06f74eae9f25cbd83cdb7f18/gnocchi.73170c1d-2a70-4ae4-9f15-8b8858b88965/1763640000.0_mean_300.0_v3" 201 - "PUT http://[::1]:8080/2/217136/AUTH_1792a06c06f74eae9f25cbd83cdb7f18/gnocchi.73170c1d-2a70-4ae4-9f15-8b8858b88965/1763640000.0_mean_300.0_v3" "tx8768b45fb6584fa18e034-006920b2a2" "object-server 96620" 0.0004 "-" 96326 0
Nov 21 13:42:42 np0005531384.novalocal container-server[96326]: ::1 - - [21/Nov/2025:18:42:42 +0000] "PUT /1/172954/AUTH_1792a06c06f74eae9f25cbd83cdb7f18/gnocchi.73170c1d-2a70-4ae4-9f15-8b8858b88965/1763640000.0_mean_300.0_v3" 201 - "PUT http://[::1]:8080/1/217136/AUTH_1792a06c06f74eae9f25cbd83cdb7f18/gnocchi.73170c1d-2a70-4ae4-9f15-8b8858b88965/1763640000.0_mean_300.0_v3" "tx8768b45fb6584fa18e034-006920b2a2" "object-server 96621" 0.0003 "-" 96326 0
Nov 21 13:42:42 np0005531384.novalocal object-server[96620]: ::1 - - [21/Nov/2025:18:42:42 +0000] "PUT /2/217136/AUTH_1792a06c06f74eae9f25cbd83cdb7f18/gnocchi.73170c1d-2a70-4ae4-9f15-8b8858b88965/1763640000.0_mean_300.0_v3" 201 - "PUT https://[::1]:8080/v1/AUTH_1792a06c06f74eae9f25cbd83cdb7f18/gnocchi.73170c1d-2a70-4ae4-9f15-8b8858b88965/1763640000.0_mean_300.0_v3" "tx8768b45fb6584fa18e034-006920b2a2" "proxy-server 97617" 0.0364 "-" 96620 0
Nov 21 13:42:42 np0005531384.novalocal account-server[96031]: ::1 - - [21/Nov/2025:18:42:42 +0000] "PUT /1/231418/AUTH_1792a06c06f74eae9f25cbd83cdb7f18/gnocchi.38d66e1f-f59a-4dad-8ff6-bfaf88a34d6c" 201 - "PUT http://[::1]:6001/1/197638/AUTH_1792a06c06f74eae9f25cbd83cdb7f18/gnocchi.38d66e1f-f59a-4dad-8ff6-bfaf88a34d6c" "tx96b5fa6840aa41e6b92ff-006920b2a2" "container-server 96326" 0.0042 "-" 96031 0
Nov 21 13:42:42 np0005531384.novalocal container-server[96326]: ::1 - - [21/Nov/2025:18:42:42 +0000] "PUT /3/172954/AUTH_1792a06c06f74eae9f25cbd83cdb7f18/gnocchi.73170c1d-2a70-4ae4-9f15-8b8858b88965/1763640000.0_mean_300.0_v3" 201 - "PUT http://[::1]:8080/3/217136/AUTH_1792a06c06f74eae9f25cbd83cdb7f18/gnocchi.73170c1d-2a70-4ae4-9f15-8b8858b88965/1763640000.0_mean_300.0_v3" "tx8768b45fb6584fa18e034-006920b2a2" "object-server 96621" 0.0005 "-" 96326 0
Nov 21 13:42:42 np0005531384.novalocal object-server[96621]: ::1 - - [21/Nov/2025:18:42:42 +0000] "PUT /1/217136/AUTH_1792a06c06f74eae9f25cbd83cdb7f18/gnocchi.73170c1d-2a70-4ae4-9f15-8b8858b88965/1763640000.0_mean_300.0_v3" 201 - "PUT https://[::1]:8080/v1/AUTH_1792a06c06f74eae9f25cbd83cdb7f18/gnocchi.73170c1d-2a70-4ae4-9f15-8b8858b88965/1763640000.0_mean_300.0_v3" "tx8768b45fb6584fa18e034-006920b2a2" "proxy-server 97617" 0.0363 "-" 96621 0
Nov 21 13:42:42 np0005531384.novalocal container-server[96326]: ::1 - - [21/Nov/2025:18:42:42 +0000] "PUT /1/197638/AUTH_1792a06c06f74eae9f25cbd83cdb7f18/gnocchi.38d66e1f-f59a-4dad-8ff6-bfaf88a34d6c" 201 - "PUT https://[::1]:8080/v1/AUTH_1792a06c06f74eae9f25cbd83cdb7f18/gnocchi.38d66e1f-f59a-4dad-8ff6-bfaf88a34d6c" "tx96b5fa6840aa41e6b92ff-006920b2a2" "proxy-server 97617" 0.0429 "-" 96326 0
Nov 21 13:42:42 np0005531384.novalocal object-server[96621]: ::1 - - [21/Nov/2025:18:42:42 +0000] "PUT /3/217136/AUTH_1792a06c06f74eae9f25cbd83cdb7f18/gnocchi.73170c1d-2a70-4ae4-9f15-8b8858b88965/1763640000.0_mean_300.0_v3" 201 - "PUT https://[::1]:8080/v1/AUTH_1792a06c06f74eae9f25cbd83cdb7f18/gnocchi.73170c1d-2a70-4ae4-9f15-8b8858b88965/1763640000.0_mean_300.0_v3" "tx8768b45fb6584fa18e034-006920b2a2" "proxy-server 97617" 0.0388 "-" 96621 0
Nov 21 13:42:42 np0005531384.novalocal container-server[96326]: ::1 - - [21/Nov/2025:18:42:42 +0000] "PUT /3/197638/AUTH_1792a06c06f74eae9f25cbd83cdb7f18/gnocchi.38d66e1f-f59a-4dad-8ff6-bfaf88a34d6c" 201 - "PUT https://[::1]:8080/v1/AUTH_1792a06c06f74eae9f25cbd83cdb7f18/gnocchi.38d66e1f-f59a-4dad-8ff6-bfaf88a34d6c" "tx96b5fa6840aa41e6b92ff-006920b2a2" "proxy-server 97617" 0.0235 "-" 96326 0
Nov 21 13:42:42 np0005531384.novalocal proxy-server[97617]: ::1 ::1 21/Nov/2025/18/42/42 PUT /v1/AUTH_1792a06c06f74eae9f25cbd83cdb7f18/gnocchi.73170c1d-2a70-4ae4-9f15-8b8858b88965/1763640000.0_mean_300.0_v3 HTTP/1.0 201 - python-swiftclient-4.7.0 gAAAAABpILI00T5K... 16 - - tx8768b45fb6584fa18e034-006920b2a2 - 0.0439 - - 1763750562.868893862 1763750562.912837029 0
Nov 21 13:42:42 np0005531384.novalocal account-server[96031]: ::1 - - [21/Nov/2025:18:42:42 +0000] "PUT /3/231418/AUTH_1792a06c06f74eae9f25cbd83cdb7f18/gnocchi.38d66e1f-f59a-4dad-8ff6-bfaf88a34d6c" 201 - "PUT http://[::1]:6001/2/197638/AUTH_1792a06c06f74eae9f25cbd83cdb7f18/gnocchi.38d66e1f-f59a-4dad-8ff6-bfaf88a34d6c" "tx96b5fa6840aa41e6b92ff-006920b2a2" "container-server 96326" 0.0039 "-" 96031 0
Nov 21 13:42:42 np0005531384.novalocal container-server[96326]: ::1 - - [21/Nov/2025:18:42:42 +0000] "PUT /2/197638/AUTH_1792a06c06f74eae9f25cbd83cdb7f18/gnocchi.38d66e1f-f59a-4dad-8ff6-bfaf88a34d6c" 201 - "PUT https://[::1]:8080/v1/AUTH_1792a06c06f74eae9f25cbd83cdb7f18/gnocchi.38d66e1f-f59a-4dad-8ff6-bfaf88a34d6c" "tx96b5fa6840aa41e6b92ff-006920b2a2" "proxy-server 97617" 0.0185 "-" 96326 0
Nov 21 13:42:42 np0005531384.novalocal proxy-server[97617]: ::1 ::1 21/Nov/2025/18/42/42 PUT /v1/AUTH_1792a06c06f74eae9f25cbd83cdb7f18/gnocchi.38d66e1f-f59a-4dad-8ff6-bfaf88a34d6c HTTP/1.0 201 - python-swiftclient-4.7.0 gAAAAABpILI22Pln... - - - tx96b5fa6840aa41e6b92ff-006920b2a2 - 0.0575 - - 1763750562.865382195 1763750562.922836065 0
Nov 21 13:42:42 np0005531384.novalocal container-server[96325]: ::1 - - [21/Nov/2025:18:42:42 +0000] "HEAD /3/197638/AUTH_1792a06c06f74eae9f25cbd83cdb7f18/gnocchi.38d66e1f-f59a-4dad-8ff6-bfaf88a34d6c" 204 - "HEAD http://[::1]:8080/v1/AUTH_1792a06c06f74eae9f25cbd83cdb7f18/gnocchi.38d66e1f-f59a-4dad-8ff6-bfaf88a34d6c" "tx166327869d294480a7136-006920b2a2" "proxy-server 97617" 0.0013 "-" 96325 0
Nov 21 13:42:42 np0005531384.novalocal container-server[96325]: ::1 - - [21/Nov/2025:18:42:42 +0000] "PUT /3/172954/AUTH_1792a06c06f74eae9f25cbd83cdb7f18/gnocchi.73170c1d-2a70-4ae4-9f15-8b8858b88965/none_v3" 201 - "PUT http://[::1]:8080/2/247952/AUTH_1792a06c06f74eae9f25cbd83cdb7f18/gnocchi.73170c1d-2a70-4ae4-9f15-8b8858b88965/none_v3" "txcc4355daa17c4e44a6770-006920b2a2" "object-server 96620" 0.0003 "-" 96325 0
Nov 21 13:42:42 np0005531384.novalocal proxy-server[97617]: - - 21/Nov/2025/18/42/42 HEAD /v1/AUTH_1792a06c06f74eae9f25cbd83cdb7f18/gnocchi.38d66e1f-f59a-4dad-8ff6-bfaf88a34d6c HTTP/1.0 204 - Swift - - - - tx166327869d294480a7136-006920b2a2 - 0.0047 CS - 1763750562.928717136 1763750562.933406353 0
Nov 21 13:42:42 np0005531384.novalocal object-server[96620]: ::1 - - [21/Nov/2025:18:42:42 +0000] "PUT /2/247952/AUTH_1792a06c06f74eae9f25cbd83cdb7f18/gnocchi.73170c1d-2a70-4ae4-9f15-8b8858b88965/none_v3" 201 - "PUT https://[::1]:8080/v1/AUTH_1792a06c06f74eae9f25cbd83cdb7f18/gnocchi.73170c1d-2a70-4ae4-9f15-8b8858b88965/none_v3" "txcc4355daa17c4e44a6770-006920b2a2" "proxy-server 97617" 0.0121 "-" 96620 0
Nov 21 13:42:42 np0005531384.novalocal container-server[96326]: ::1 - - [21/Nov/2025:18:42:42 +0000] "PUT /2/172954/AUTH_1792a06c06f74eae9f25cbd83cdb7f18/gnocchi.73170c1d-2a70-4ae4-9f15-8b8858b88965/none_v3" 201 - "PUT http://[::1]:8080/3/247952/AUTH_1792a06c06f74eae9f25cbd83cdb7f18/gnocchi.73170c1d-2a70-4ae4-9f15-8b8858b88965/none_v3" "txcc4355daa17c4e44a6770-006920b2a2" "object-server 96621" 0.0005 "-" 96326 0
Nov 21 13:42:42 np0005531384.novalocal object-server[96621]: ::1 - - [21/Nov/2025:18:42:42 +0000] "PUT /3/247952/AUTH_1792a06c06f74eae9f25cbd83cdb7f18/gnocchi.73170c1d-2a70-4ae4-9f15-8b8858b88965/none_v3" 201 - "PUT https://[::1]:8080/v1/AUTH_1792a06c06f74eae9f25cbd83cdb7f18/gnocchi.73170c1d-2a70-4ae4-9f15-8b8858b88965/none_v3" "txcc4355daa17c4e44a6770-006920b2a2" "proxy-server 97617" 0.0106 "-" 96621 0
Nov 21 13:42:42 np0005531384.novalocal container-server[96326]: ::1 - - [21/Nov/2025:18:42:42 +0000] "PUT /1/172954/AUTH_1792a06c06f74eae9f25cbd83cdb7f18/gnocchi.73170c1d-2a70-4ae4-9f15-8b8858b88965/none_v3" 201 - "PUT http://[::1]:8080/1/247952/AUTH_1792a06c06f74eae9f25cbd83cdb7f18/gnocchi.73170c1d-2a70-4ae4-9f15-8b8858b88965/none_v3" "txcc4355daa17c4e44a6770-006920b2a2" "object-server 96621" 0.0007 "-" 96326 0
Nov 21 13:42:42 np0005531384.novalocal object-server[96621]: ::1 - - [21/Nov/2025:18:42:42 +0000] "PUT /1/247952/AUTH_1792a06c06f74eae9f25cbd83cdb7f18/gnocchi.73170c1d-2a70-4ae4-9f15-8b8858b88965/none_v3" 201 - "PUT https://[::1]:8080/v1/AUTH_1792a06c06f74eae9f25cbd83cdb7f18/gnocchi.73170c1d-2a70-4ae4-9f15-8b8858b88965/none_v3" "txcc4355daa17c4e44a6770-006920b2a2" "proxy-server 97617" 0.0150 "-" 96621 0
Nov 21 13:42:42 np0005531384.novalocal proxy-server[97617]: ::1 ::1 21/Nov/2025/18/42/42 PUT /v1/AUTH_1792a06c06f74eae9f25cbd83cdb7f18/gnocchi.73170c1d-2a70-4ae4-9f15-8b8858b88965/none_v3 HTTP/1.0 201 - python-swiftclient-4.7.0 gAAAAABpILI00T5K... 22 - - txcc4355daa17c4e44a6770-006920b2a2 - 0.0239 - - 1763750562.914939880 1763750562.938856125 0
Nov 21 13:42:42 np0005531384.novalocal container-server[96325]: ::1 - - [21/Nov/2025:18:42:42 +0000] "GET /1/197638/AUTH_1792a06c06f74eae9f25cbd83cdb7f18/gnocchi.38d66e1f-f59a-4dad-8ff6-bfaf88a34d6c" 200 2 "GET https://[::1]:8080/v1/AUTH_1792a06c06f74eae9f25cbd83cdb7f18/gnocchi.38d66e1f-f59a-4dad-8ff6-bfaf88a34d6c?format=json&states=listing" "tx166327869d294480a7136-006920b2a2" "proxy-server 97617" 0.0018 "-" 96325 0
Nov 21 13:42:42 np0005531384.novalocal proxy-server[97617]: ::1 ::1 21/Nov/2025/18/42/42 GET /v1/AUTH_1792a06c06f74eae9f25cbd83cdb7f18/gnocchi.38d66e1f-f59a-4dad-8ff6-bfaf88a34d6c%3Fformat%3Djson%26states%3Dlisting HTTP/1.0 200 - python-swiftclient-4.7.0 gAAAAABpILI22Pln... - 2 - tx166327869d294480a7136-006920b2a2 - 0.0147 - - 1763750562.928006887 1763750562.942749500 0
Nov 21 13:42:42 np0005531384.novalocal object-server[96620]: ::1 - - [21/Nov/2025:18:42:42 +0000] "GET /2/156274/AUTH_1792a06c06f74eae9f25cbd83cdb7f18/gnocchi.38d66e1f-f59a-4dad-8ff6-bfaf88a34d6c/1763640000.0_mean_300.0_v3" 404 70 "GET https://[::1]:8080/v1/AUTH_1792a06c06f74eae9f25cbd83cdb7f18/gnocchi.38d66e1f-f59a-4dad-8ff6-bfaf88a34d6c/1763640000.0_mean_300.0_v3" "tx5b6b1d638aef4388b37e9-006920b2a2" "proxy-server 97617" 0.0004 "-" 96620 0
Nov 21 13:42:42 np0005531384.novalocal object-server[96620]: ::1 - - [21/Nov/2025:18:42:42 +0000] "GET /1/156274/AUTH_1792a06c06f74eae9f25cbd83cdb7f18/gnocchi.38d66e1f-f59a-4dad-8ff6-bfaf88a34d6c/1763640000.0_mean_300.0_v3" 404 70 "GET https://[::1]:8080/v1/AUTH_1792a06c06f74eae9f25cbd83cdb7f18/gnocchi.38d66e1f-f59a-4dad-8ff6-bfaf88a34d6c/1763640000.0_mean_300.0_v3" "tx5b6b1d638aef4388b37e9-006920b2a2" "proxy-server 97617" 0.0002 "-" 96620 0
Nov 21 13:42:42 np0005531384.novalocal object-server[96620]: ::1 - - [21/Nov/2025:18:42:42 +0000] "GET /3/156274/AUTH_1792a06c06f74eae9f25cbd83cdb7f18/gnocchi.38d66e1f-f59a-4dad-8ff6-bfaf88a34d6c/1763640000.0_mean_300.0_v3" 404 70 "GET https://[::1]:8080/v1/AUTH_1792a06c06f74eae9f25cbd83cdb7f18/gnocchi.38d66e1f-f59a-4dad-8ff6-bfaf88a34d6c/1763640000.0_mean_300.0_v3" "tx5b6b1d638aef4388b37e9-006920b2a2" "proxy-server 97617" 0.0002 "-" 96620 0
Nov 21 13:42:42 np0005531384.novalocal container-server[96325]: ::1 - - [21/Nov/2025:18:42:42 +0000] "HEAD /3/56769/AUTH_1792a06c06f74eae9f25cbd83cdb7f18/gnocchi.23b3692b-e80e-4dd5-9f5a-acf18a7d166d" 404 - "HEAD http://[::1]:8080/v1/AUTH_1792a06c06f74eae9f25cbd83cdb7f18/gnocchi.23b3692b-e80e-4dd5-9f5a-acf18a7d166d" "txde07d6190a3d4771ae618-006920b2a2" "proxy-server 97617" 0.0003 "-" 96325 0
