Nov 21 13:42:42 np0005531384.novalocal container-server[96325]: ::1 - - [21/Nov/2025:18:42:42 +0000] "PUT /2/211604/AUTH_1792a06c06f74eae9f25cbd83cdb7f18/gnocchi.f36fce37-1ad2-400e-8b77-60d48d85eba3" 201 - "PUT https://[::1]:8080/v1/AUTH_1792a06c06f74eae9f25cbd83cdb7f18/gnocchi.f36fce37-1ad2-400e-8b77-60d48d85eba3" "tx1fef8594a248444993248-006920b2a2" "proxy-server 97617" 0.0197 "-" 96325 0
Nov 21 13:42:42 np0005531384.novalocal container-server[96325]: ::1 - - [21/Nov/2025:18:42:42 +0000] "PUT /2/23170/AUTH_1792a06c06f74eae9f25cbd83cdb7f18/gnocchi.5d0b4461-60d9-43b3-8a9b-77ff5da72e9f/1763640000.0_mean_300.0_v3" 201 - "PUT http://[::1]:8080/3/155820/AUTH_1792a06c06f74eae9f25cbd83cdb7f18/gnocchi.5d0b4461-60d9-43b3-8a9b-77ff5da72e9f/1763640000.0_mean_300.0_v3" "tx01980afa8e404899b2120-006920b2a2" "object-server 96621" 0.0007 "-" 96325 0
Nov 21 13:42:42 np0005531384.novalocal container-server[96326]: ::1 - - [21/Nov/2025:18:42:42 +0000] "PUT /1/23170/AUTH_1792a06c06f74eae9f25cbd83cdb7f18/gnocchi.5d0b4461-60d9-43b3-8a9b-77ff5da72e9f/1763640000.0_mean_300.0_v3" 201 - "PUT http://[::1]:8080/2/155820/AUTH_1792a06c06f74eae9f25cbd83cdb7f18/gnocchi.5d0b4461-60d9-43b3-8a9b-77ff5da72e9f/1763640000.0_mean_300.0_v3" "tx01980afa8e404899b2120-006920b2a2" "object-server 96620" 0.0007 "-" 96326 0
Nov 21 13:42:42 np0005531384.novalocal object-server[96621]: ::1 - - [21/Nov/2025:18:42:42 +0000] "PUT /3/155820/AUTH_1792a06c06f74eae9f25cbd83cdb7f18/gnocchi.5d0b4461-60d9-43b3-8a9b-77ff5da72e9f/1763640000.0_mean_300.0_v3" 201 - "PUT https://[::1]:8080/v1/AUTH_1792a06c06f74eae9f25cbd83cdb7f18/gnocchi.5d0b4461-60d9-43b3-8a9b-77ff5da72e9f/1763640000.0_mean_300.0_v3" "tx01980afa8e404899b2120-006920b2a2" "proxy-server 97617" 0.0124 "-" 96621 0
Nov 21 13:42:42 np0005531384.novalocal object-server[96620]: ::1 - - [21/Nov/2025:18:42:42 +0000] "PUT /2/155820/AUTH_1792a06c06f74eae9f25cbd83cdb7f18/gnocchi.5d0b4461-60d9-43b3-8a9b-77ff5da72e9f/1763640000.0_mean_300.0_v3" 201 - "PUT https://[::1]:8080/v1/AUTH_1792a06c06f74eae9f25cbd83cdb7f18/gnocchi.5d0b4461-60d9-43b3-8a9b-77ff5da72e9f/1763640000.0_mean_300.0_v3" "tx01980afa8e404899b2120-006920b2a2" "proxy-server 97617" 0.0139 "-" 96620 0
Nov 21 13:42:42 np0005531384.novalocal proxy-server[97617]: ::1 ::1 21/Nov/2025/18/42/42 PUT /v1/AUTH_1792a06c06f74eae9f25cbd83cdb7f18/gnocchi.f36fce37-1ad2-400e-8b77-60d48d85eba3 HTTP/1.0 201 - python-swiftclient-4.7.0 gAAAAABpILI22Pln... - - - tx1fef8594a248444993248-006920b2a2 - 0.0436 - - 1763750562.177315950 1763750562.220895290 0
Nov 21 13:42:42 np0005531384.novalocal container-server[96325]: ::1 - - [21/Nov/2025:18:42:42 +0000] "PUT /3/23170/AUTH_1792a06c06f74eae9f25cbd83cdb7f18/gnocchi.5d0b4461-60d9-43b3-8a9b-77ff5da72e9f/1763640000.0_mean_300.0_v3" 201 - "PUT http://[::1]:8080/1/155820/AUTH_1792a06c06f74eae9f25cbd83cdb7f18/gnocchi.5d0b4461-60d9-43b3-8a9b-77ff5da72e9f/1763640000.0_mean_300.0_v3" "tx01980afa8e404899b2120-006920b2a2" "object-server 96620" 0.0013 "-" 96325 0
Nov 21 13:42:42 np0005531384.novalocal object-server[96620]: ::1 - - [21/Nov/2025:18:42:42 +0000] "PUT /1/155820/AUTH_1792a06c06f74eae9f25cbd83cdb7f18/gnocchi.5d0b4461-60d9-43b3-8a9b-77ff5da72e9f/1763640000.0_mean_300.0_v3" 201 - "PUT https://[::1]:8080/v1/AUTH_1792a06c06f74eae9f25cbd83cdb7f18/gnocchi.5d0b4461-60d9-43b3-8a9b-77ff5da72e9f/1763640000.0_mean_300.0_v3" "tx01980afa8e404899b2120-006920b2a2" "proxy-server 97617" 0.0153 "-" 96620 0
Nov 21 13:42:42 np0005531384.novalocal proxy-server[97617]: ::1 ::1 21/Nov/2025/18/42/42 PUT /v1/AUTH_1792a06c06f74eae9f25cbd83cdb7f18/gnocchi.5d0b4461-60d9-43b3-8a9b-77ff5da72e9f/1763640000.0_mean_300.0_v3 HTTP/1.0 201 - python-swiftclient-4.7.0 gAAAAABpILI00T5K... 16 - - tx01980afa8e404899b2120-006920b2a2 - 0.0243 - - 1763750562.201344728 1763750562.225614309 0
Nov 21 13:42:42 np0005531384.novalocal container-server[96326]: ::1 - - [21/Nov/2025:18:42:42 +0000] "HEAD /1/211604/AUTH_1792a06c06f74eae9f25cbd83cdb7f18/gnocchi.f36fce37-1ad2-400e-8b77-60d48d85eba3" 204 - "HEAD http://[::1]:8080/v1/AUTH_1792a06c06f74eae9f25cbd83cdb7f18/gnocchi.f36fce37-1ad2-400e-8b77-60d48d85eba3" "tx1c9170f8dcde4b5680385-006920b2a2" "proxy-server 97617" 0.0011 "-" 96326 0
Nov 21 13:42:42 np0005531384.novalocal proxy-server[97617]: - - 21/Nov/2025/18/42/42 HEAD /v1/AUTH_1792a06c06f74eae9f25cbd83cdb7f18/gnocchi.f36fce37-1ad2-400e-8b77-60d48d85eba3 HTTP/1.0 204 - Swift - - - - tx1c9170f8dcde4b5680385-006920b2a2 - 0.0077 CS - 1763750562.229769945 1763750562.237452745 0
Nov 21 13:42:42 np0005531384.novalocal container-server[96326]: ::1 - - [21/Nov/2025:18:42:42 +0000] "GET /2/211604/AUTH_1792a06c06f74eae9f25cbd83cdb7f18/gnocchi.f36fce37-1ad2-400e-8b77-60d48d85eba3" 200 2 "GET https://[::1]:8080/v1/AUTH_1792a06c06f74eae9f25cbd83cdb7f18/gnocchi.f36fce37-1ad2-400e-8b77-60d48d85eba3?format=json&states=listing" "tx1c9170f8dcde4b5680385-006920b2a2" "proxy-server 97617" 0.0022 "-" 96326 0
Nov 21 13:42:42 np0005531384.novalocal proxy-server[97617]: ::1 ::1 21/Nov/2025/18/42/42 GET /v1/AUTH_1792a06c06f74eae9f25cbd83cdb7f18/gnocchi.f36fce37-1ad2-400e-8b77-60d48d85eba3%3Fformat%3Djson%26states%3Dlisting HTTP/1.0 200 - python-swiftclient-4.7.0 gAAAAABpILI22Pln... - 2 - tx1c9170f8dcde4b5680385-006920b2a2 - 0.0209 - - 1763750562.227126360 1763750562.248071671 0
Nov 21 13:42:42 np0005531384.novalocal container-server[96326]: ::1 - - [21/Nov/2025:18:42:42 +0000] "PUT /3/23170/AUTH_1792a06c06f74eae9f25cbd83cdb7f18/gnocchi.5d0b4461-60d9-43b3-8a9b-77ff5da72e9f/none_v3" 201 - "PUT http://[::1]:8080/1/106655/AUTH_1792a06c06f74eae9f25cbd83cdb7f18/gnocchi.5d0b4461-60d9-43b3-8a9b-77ff5da72e9f/none_v3" "txb8e515c0a8a3497a96f05-006920b2a2" "object-server 96621" 0.0004 "-" 96326 0
Nov 21 13:42:42 np0005531384.novalocal object-server[96621]: ::1 - - [21/Nov/2025:18:42:42 +0000] "PUT /1/106655/AUTH_1792a06c06f74eae9f25cbd83cdb7f18/gnocchi.5d0b4461-60d9-43b3-8a9b-77ff5da72e9f/none_v3" 201 - "PUT https://[::1]:8080/v1/AUTH_1792a06c06f74eae9f25cbd83cdb7f18/gnocchi.5d0b4461-60d9-43b3-8a9b-77ff5da72e9f/none_v3" "txb8e515c0a8a3497a96f05-006920b2a2" "proxy-server 97617" 0.0143 "-" 96621 0
Nov 21 13:42:42 np0005531384.novalocal container-server[96325]: ::1 - - [21/Nov/2025:18:42:42 +0000] "PUT /2/23170/AUTH_1792a06c06f74eae9f25cbd83cdb7f18/gnocchi.5d0b4461-60d9-43b3-8a9b-77ff5da72e9f/none_v3" 201 - "PUT http://[::1]:8080/2/106655/AUTH_1792a06c06f74eae9f25cbd83cdb7f18/gnocchi.5d0b4461-60d9-43b3-8a9b-77ff5da72e9f/none_v3" "txb8e515c0a8a3497a96f05-006920b2a2" "object-server 96621" 0.0006 "-" 96325 0
Nov 21 13:42:42 np0005531384.novalocal object-server[96621]: ::1 - - [21/Nov/2025:18:42:42 +0000] "PUT /2/106655/AUTH_1792a06c06f74eae9f25cbd83cdb7f18/gnocchi.5d0b4461-60d9-43b3-8a9b-77ff5da72e9f/none_v3" 201 - "PUT https://[::1]:8080/v1/AUTH_1792a06c06f74eae9f25cbd83cdb7f18/gnocchi.5d0b4461-60d9-43b3-8a9b-77ff5da72e9f/none_v3" "txb8e515c0a8a3497a96f05-006920b2a2" "proxy-server 97617" 0.0188 "-" 96621 0
Nov 21 13:42:42 np0005531384.novalocal container-server[96325]: ::1 - - [21/Nov/2025:18:42:42 +0000] "PUT /1/23170/AUTH_1792a06c06f74eae9f25cbd83cdb7f18/gnocchi.5d0b4461-60d9-43b3-8a9b-77ff5da72e9f/none_v3" 201 - "PUT http://[::1]:8080/3/106655/AUTH_1792a06c06f74eae9f25cbd83cdb7f18/gnocchi.5d0b4461-60d9-43b3-8a9b-77ff5da72e9f/none_v3" "txb8e515c0a8a3497a96f05-006920b2a2" "object-server 96620" 0.0004 "-" 96325 0
Nov 21 13:42:42 np0005531384.novalocal object-server[96620]: ::1 - - [21/Nov/2025:18:42:42 +0000] "PUT /3/106655/AUTH_1792a06c06f74eae9f25cbd83cdb7f18/gnocchi.5d0b4461-60d9-43b3-8a9b-77ff5da72e9f/none_v3" 201 - "PUT https://[::1]:8080/v1/AUTH_1792a06c06f74eae9f25cbd83cdb7f18/gnocchi.5d0b4461-60d9-43b3-8a9b-77ff5da72e9f/none_v3" "txb8e515c0a8a3497a96f05-006920b2a2" "proxy-server 97617" 0.0201 "-" 96620 0
Nov 21 13:42:42 np0005531384.novalocal object-server[96620]: ::1 - - [21/Nov/2025:18:42:42 +0000] "GET /1/170027/AUTH_1792a06c06f74eae9f25cbd83cdb7f18/gnocchi.f36fce37-1ad2-400e-8b77-60d48d85eba3/1763640000.0_mean_300.0_v3" 404 70 "GET https://[::1]:8080/v1/AUTH_1792a06c06f74eae9f25cbd83cdb7f18/gnocchi.f36fce37-1ad2-400e-8b77-60d48d85eba3/1763640000.0_mean_300.0_v3" "tx1fb2bf5c929d4add94932-006920b2a2" "proxy-server 97617" 0.0002 "-" 96620 0
Nov 21 13:42:42 np0005531384.novalocal proxy-server[97617]: ::1 ::1 21/Nov/2025/18/42/42 PUT /v1/AUTH_1792a06c06f74eae9f25cbd83cdb7f18/gnocchi.5d0b4461-60d9-43b3-8a9b-77ff5da72e9f/none_v3 HTTP/1.0 201 - python-swiftclient-4.7.0 gAAAAABpILI00T5K... 22 - - txb8e515c0a8a3497a96f05-006920b2a2 - 0.0320 - - 1763750562.228214741 1763750562.260190010 0
Nov 21 13:42:42 np0005531384.novalocal object-server[96621]: ::1 - - [21/Nov/2025:18:42:42 +0000] "GET /2/170027/AUTH_1792a06c06f74eae9f25cbd83cdb7f18/gnocchi.f36fce37-1ad2-400e-8b77-60d48d85eba3/1763640000.0_mean_300.0_v3" 404 70 "GET https://[::1]:8080/v1/AUTH_1792a06c06f74eae9f25cbd83cdb7f18/gnocchi.f36fce37-1ad2-400e-8b77-60d48d85eba3/1763640000.0_mean_300.0_v3" "tx1fb2bf5c929d4add94932-006920b2a2" "proxy-server 97617" 0.0003 "-" 96621 0
Nov 21 13:42:42 np0005531384.novalocal object-server[96620]: ::1 - - [21/Nov/2025:18:42:42 +0000] "GET /3/170027/AUTH_1792a06c06f74eae9f25cbd83cdb7f18/gnocchi.f36fce37-1ad2-400e-8b77-60d48d85eba3/1763640000.0_mean_300.0_v3" 404 70 "GET https://[::1]:8080/v1/AUTH_1792a06c06f74eae9f25cbd83cdb7f18/gnocchi.f36fce37-1ad2-400e-8b77-60d48d85eba3/1763640000.0_mean_300.0_v3" "tx1fb2bf5c929d4add94932-006920b2a2" "proxy-server 97617" 0.0001 "-" 96620 0
Nov 21 13:42:42 np0005531384.novalocal proxy-server[97617]: ::1 ::1 21/Nov/2025/18/42/42 GET /v1/AUTH_1792a06c06f74eae9f25cbd83cdb7f18/gnocchi.f36fce37-1ad2-400e-8b77-60d48d85eba3/1763640000.0_mean_300.0_v3 HTTP/1.0 404 - python-swiftclient-4.7.0 gAAAAABpILI22Pln... - 70 - tx1fb2bf5c929d4add94932-006920b2a2 - 0.0123 - - 1763750562.253752232 1763750562.266074181 0
Nov 21 13:42:42 np0005531384.novalocal container-server[96325]: ::1 - - [21/Nov/2025:18:42:42 +0000] "PUT /1/211604/AUTH_1792a06c06f74eae9f25cbd83cdb7f18/gnocchi.f36fce37-1ad2-400e-8b77-60d48d85eba3/1763640000.0_mean_300.0_v3" 201 - "PUT http://[::1]:8080/1/170027/AUTH_1792a06c06f74eae9f25cbd83cdb7f18/gnocchi.f36fce37-1ad2-400e-8b77-60d48d85eba3/1763640000.0_mean_300.0_v3" "txfce06bd89e4c47a3b003d-006920b2a2" "object-server 96621" 0.0006 "-" 96325 0
Nov 21 13:42:42 np0005531384.novalocal container-server[96326]: ::1 - - [21/Nov/2025:18:42:42 +0000] "PUT /2/211604/AUTH_1792a06c06f74eae9f25cbd83cdb7f18/gnocchi.f36fce37-1ad2-400e-8b77-60d48d85eba3/1763640000.0_mean_300.0_v3" 201 - "PUT http://[::1]:8080/3/170027/AUTH_1792a06c06f74eae9f25cbd83cdb7f18/gnocchi.f36fce37-1ad2-400e-8b77-60d48d85eba3/1763640000.0_mean_300.0_v3" "txfce06bd89e4c47a3b003d-006920b2a2" "object-server 96620" 0.0007 "-" 96326 0
Nov 21 13:42:42 np0005531384.novalocal object-server[96621]: ::1 - - [21/Nov/2025:18:42:42 +0000] "PUT /1/170027/AUTH_1792a06c06f74eae9f25cbd83cdb7f18/gnocchi.f36fce37-1ad2-400e-8b77-60d48d85eba3/1763640000.0_mean_300.0_v3" 201 - "PUT https://[::1]:8080/v1/AUTH_1792a06c06f74eae9f25cbd83cdb7f18/gnocchi.f36fce37-1ad2-400e-8b77-60d48d85eba3/1763640000.0_mean_300.0_v3" "txfce06bd89e4c47a3b003d-006920b2a2" "proxy-server 97617" 0.0124 "-" 96621 0
Nov 21 13:42:42 np0005531384.novalocal container-server[96325]: ::1 - - [21/Nov/2025:18:42:42 +0000] "PUT /3/211604/AUTH_1792a06c06f74eae9f25cbd83cdb7f18/gnocchi.f36fce37-1ad2-400e-8b77-60d48d85eba3/1763640000.0_mean_300.0_v3" 201 - "PUT http://[::1]:8080/2/170027/AUTH_1792a06c06f74eae9f25cbd83cdb7f18/gnocchi.f36fce37-1ad2-400e-8b77-60d48d85eba3/1763640000.0_mean_300.0_v3" "txfce06bd89e4c47a3b003d-006920b2a2" "object-server 96621" 0.0005 "-" 96325 0
Nov 21 13:42:42 np0005531384.novalocal container-server[96326]: ::1 - - [21/Nov/2025:18:42:42 +0000] "HEAD /2/209975/AUTH_1792a06c06f74eae9f25cbd83cdb7f18/gnocchi.be5243ce-9d9c-4988-935d-4a1453d409af" 404 - "HEAD http://[::1]:8080/v1/AUTH_1792a06c06f74eae9f25cbd83cdb7f18/gnocchi.be5243ce-9d9c-4988-935d-4a1453d409af" "tx0cb7ce307f474165885f6-006920b2a2" "proxy-server 97617" 0.0003 "-" 96326 0
Nov 21 13:42:42 np0005531384.novalocal object-server[96620]: ::1 - - [21/Nov/2025:18:42:42 +0000] "PUT /3/170027/AUTH_1792a06c06f74eae9f25cbd83cdb7f18/gnocchi.f36fce37-1ad2-400e-8b77-60d48d85eba3/1763640000.0_mean_300.0_v3" 201 - "PUT https://[::1]:8080/v1/AUTH_1792a06c06f74eae9f25cbd83cdb7f18/gnocchi.f36fce37-1ad2-400e-8b77-60d48d85eba3/1763640000.0_mean_300.0_v3" "txfce06bd89e4c47a3b003d-006920b2a2" "proxy-server 97617" 0.0158 "-" 96620 0
Nov 21 13:42:42 np0005531384.novalocal object-server[96621]: ::1 - - [21/Nov/2025:18:42:42 +0000] "PUT /2/170027/AUTH_1792a06c06f74eae9f25cbd83cdb7f18/gnocchi.f36fce37-1ad2-400e-8b77-60d48d85eba3/1763640000.0_mean_300.0_v3" 201 - "PUT https://[::1]:8080/v1/AUTH_1792a06c06f74eae9f25cbd83cdb7f18/gnocchi.f36fce37-1ad2-400e-8b77-60d48d85eba3/1763640000.0_mean_300.0_v3" "txfce06bd89e4c47a3b003d-006920b2a2" "proxy-server 97617" 0.0163 "-" 96621 0
Nov 21 13:42:42 np0005531384.novalocal container-server[96326]: ::1 - - [21/Nov/2025:18:42:42 +0000] "HEAD /1/209975/AUTH_1792a06c06f74eae9f25cbd83cdb7f18/gnocchi.be5243ce-9d9c-4988-935d-4a1453d409af" 404 - "HEAD http://[::1]:8080/v1/AUTH_1792a06c06f74eae9f25cbd83cdb7f18/gnocchi.be5243ce-9d9c-4988-935d-4a1453d409af" "tx0cb7ce307f474165885f6-006920b2a2" "proxy-server 97617" 0.0002 "-" 96326 0
Nov 21 13:42:42 np0005531384.novalocal proxy-server[97617]: ::1 ::1 21/Nov/2025/18/42/42 PUT /v1/AUTH_1792a06c06f74eae9f25cbd83cdb7f18/gnocchi.f36fce37-1ad2-400e-8b77-60d48d85eba3/1763640000.0_mean_300.0_v3 HTTP/1.0 201 - python-swiftclient-4.7.0 gAAAAABpILI22Pln... 16 - - txfce06bd89e4c47a3b003d-006920b2a2 - 0.0226 - - 1763750562.269179583 1763750562.291774035 0
Nov 21 13:42:42 np0005531384.novalocal container-server[96326]: ::1 - - [21/Nov/2025:18:42:42 +0000] "HEAD /3/209975/AUTH_1792a06c06f74eae9f25cbd83cdb7f18/gnocchi.be5243ce-9d9c-4988-935d-4a1453d409af" 404 - "HEAD http://[::1]:8080/v1/AUTH_1792a06c06f74eae9f25cbd83cdb7f18/gnocchi.be5243ce-9d9c-4988-935d-4a1453d409af" "tx0cb7ce307f474165885f6-006920b2a2" "proxy-server 97617" 0.0003 "-" 96326 0
Nov 21 13:42:42 np0005531384.novalocal proxy-server[97617]: - - 21/Nov/2025/18/42/42 HEAD /v1/AUTH_1792a06c06f74eae9f25cbd83cdb7f18/gnocchi.be5243ce-9d9c-4988-935d-4a1453d409af HTTP/1.0 404 - Swift - - - - tx0cb7ce307f474165885f6-006920b2a2 - 0.0088 CS - 1763750562.287292242 1763750562.296126366 0
Nov 21 13:42:42 np0005531384.novalocal object-server[96620]: ::1 - - [21/Nov/2025:18:42:42 +0000] "GET /1/244447/AUTH_1792a06c06f74eae9f25cbd83cdb7f18/gnocchi.be5243ce-9d9c-4988-935d-4a1453d409af/none_v3" 404 70 "GET https://[::1]:8080/v1/AUTH_1792a06c06f74eae9f25cbd83cdb7f18/gnocchi.be5243ce-9d9c-4988-935d-4a1453d409af/none_v3" "tx0cb7ce307f474165885f6-006920b2a2" "proxy-server 97617" 0.0003 "-" 96620 0
Nov 21 13:42:42 np0005531384.novalocal object-server[96620]: ::1 - - [21/Nov/2025:18:42:42 +0000] "GET /3/244447/AUTH_1792a06c06f74eae9f25cbd83cdb7f18/gnocchi.be5243ce-9d9c-4988-935d-4a1453d409af/none_v3" 404 70 "GET https://[::1]:8080/v1/AUTH_1792a06c06f74eae9f25cbd83cdb7f18/gnocchi.be5243ce-9d9c-4988-935d-4a1453d409af/none_v3" "tx0cb7ce307f474165885f6-006920b2a2" "proxy-server 97617" 0.0002 "-" 96620 0
Nov 21 13:42:42 np0005531384.novalocal object-server[96621]: ::1 - - [21/Nov/2025:18:42:42 +0000] "GET /2/244447/AUTH_1792a06c06f74eae9f25cbd83cdb7f18/gnocchi.be5243ce-9d9c-4988-935d-4a1453d409af/none_v3" 404 70 "GET https://[::1]:8080/v1/AUTH_1792a06c06f74eae9f25cbd83cdb7f18/gnocchi.be5243ce-9d9c-4988-935d-4a1453d409af/none_v3" "tx0cb7ce307f474165885f6-006920b2a2" "proxy-server 97617" 0.0002 "-" 96621 0
Nov 21 13:42:42 np0005531384.novalocal proxy-server[97617]: ::1 ::1 21/Nov/2025/18/42/42 GET /v1/AUTH_1792a06c06f74eae9f25cbd83cdb7f18/gnocchi.be5243ce-9d9c-4988-935d-4a1453d409af/none_v3 HTTP/1.0 404 - python-swiftclient-4.7.0 gAAAAABpILI00T5K... - 70 - tx0cb7ce307f474165885f6-006920b2a2 - 0.0245 - - 1763750562.286679506 1763750562.311152220 0
Nov 21 13:42:42 np0005531384.novalocal container-server[96326]: ::1 - - [21/Nov/2025:18:42:42 +0000] "PUT /2/211604/AUTH_1792a06c06f74eae9f25cbd83cdb7f18/gnocchi.f36fce37-1ad2-400e-8b77-60d48d85eba3/none_v3" 201 - "PUT http://[::1]:8080/2/72448/AUTH_1792a06c06f74eae9f25cbd83cdb7f18/gnocchi.f36fce37-1ad2-400e-8b77-60d48d85eba3/none_v3" "txd88893607b4c493b96c68-006920b2a2" "object-server 96620" 0.0005 "-" 96326 0
Nov 21 13:42:42 np0005531384.novalocal object-server[96620]: ::1 - - [21/Nov/2025:18:42:42 +0000] "PUT /2/72448/AUTH_1792a06c06f74eae9f25cbd83cdb7f18/gnocchi.f36fce37-1ad2-400e-8b77-60d48d85eba3/none_v3" 201 - "PUT https://[::1]:8080/v1/AUTH_1792a06c06f74eae9f25cbd83cdb7f18/gnocchi.f36fce37-1ad2-400e-8b77-60d48d85eba3/none_v3" "txd88893607b4c493b96c68-006920b2a2" "proxy-server 97617" 0.0112 "-" 96620 0
Nov 21 13:42:42 np0005531384.novalocal container-server[96325]: ::1 - - [21/Nov/2025:18:42:42 +0000] "PUT /1/211604/AUTH_1792a06c06f74eae9f25cbd83cdb7f18/gnocchi.f36fce37-1ad2-400e-8b77-60d48d85eba3/none_v3" 201 - "PUT http://[::1]:8080/3/72448/AUTH_1792a06c06f74eae9f25cbd83cdb7f18/gnocchi.f36fce37-1ad2-400e-8b77-60d48d85eba3/none_v3" "txd88893607b4c493b96c68-006920b2a2" "object-server 96621" 0.0004 "-" 96325 0
Nov 21 13:42:42 np0005531384.novalocal object-server[96621]: ::1 - - [21/Nov/2025:18:42:42 +0000] "PUT /3/72448/AUTH_1792a06c06f74eae9f25cbd83cdb7f18/gnocchi.f36fce37-1ad2-400e-8b77-60d48d85eba3/none_v3" 201 - "PUT https://[::1]:8080/v1/AUTH_1792a06c06f74eae9f25cbd83cdb7f18/gnocchi.f36fce37-1ad2-400e-8b77-60d48d85eba3/none_v3" "txd88893607b4c493b96c68-006920b2a2" "proxy-server 97617" 0.0116 "-" 96621 0
Nov 21 13:42:42 np0005531384.novalocal container-server[96326]: ::1 - - [21/Nov/2025:18:42:42 +0000] "PUT /3/211604/AUTH_1792a06c06f74eae9f25cbd83cdb7f18/gnocchi.f36fce37-1ad2-400e-8b77-60d48d85eba3/none_v3" 201 - "PUT http://[::1]:8080/1/72448/AUTH_1792a06c06f74eae9f25cbd83cdb7f18/gnocchi.f36fce37-1ad2-400e-8b77-60d48d85eba3/none_v3" "txd88893607b4c493b96c68-006920b2a2" "object-server 96621" 0.0005 "-" 96326 0
Nov 21 13:42:42 np0005531384.novalocal object-server[96621]: ::1 - - [21/Nov/2025:18:42:42 +0000] "PUT /1/72448/AUTH_1792a06c06f74eae9f25cbd83cdb7f18/gnocchi.f36fce37-1ad2-400e-8b77-60d48d85eba3/none_v3" 201 - "PUT https://[::1]:8080/v1/AUTH_1792a06c06f74eae9f25cbd83cdb7f18/gnocchi.f36fce37-1ad2-400e-8b77-60d48d85eba3/none_v3" "txd88893607b4c493b96c68-006920b2a2" "proxy-server 97617" 0.0157 "-" 96621 0
Nov 21 13:42:42 np0005531384.novalocal proxy-server[97617]: ::1 ::1 21/Nov/2025/18/42/42 PUT /v1/AUTH_1792a06c06f74eae9f25cbd83cdb7f18/gnocchi.f36fce37-1ad2-400e-8b77-60d48d85eba3/none_v3 HTTP/1.0 201 - python-swiftclient-4.7.0 gAAAAABpILI22Pln... 22 - - txd88893607b4c493b96c68-006920b2a2 - 0.0269 - - 1763750562.294840574 1763750562.321723700 0
Nov 21 13:42:42 np0005531384.novalocal account-server[96031]: ::1 - - [21/Nov/2025:18:42:42 +0000] "PUT /3/231418/AUTH_1792a06c06f74eae9f25cbd83cdb7f18/gnocchi.be5243ce-9d9c-4988-935d-4a1453d409af" 201 - "PUT http://[::1]:6001/3/209975/AUTH_1792a06c06f74eae9f25cbd83cdb7f18/gnocchi.be5243ce-9d9c-4988-935d-4a1453d409af" "tx44032d80a564436399827-006920b2a2" "container-server 96325" 0.0058 "-" 96031 0
Nov 21 13:42:42 np0005531384.novalocal container-server[96325]: ::1 - - [21/Nov/2025:18:42:42 +0000] "PUT /3/209975/AUTH_1792a06c06f74eae9f25cbd83cdb7f18/gnocchi.be5243ce-9d9c-4988-935d-4a1453d409af" 201 - "PUT https://[::1]:8080/v1/AUTH_1792a06c06f74eae9f25cbd83cdb7f18/gnocchi.be5243ce-9d9c-4988-935d-4a1453d409af" "tx44032d80a564436399827-006920b2a2" "proxy-server 97617" 0.0180 "-" 96325 0
Nov 21 13:42:42 np0005531384.novalocal account-server[96030]: ::1 - - [21/Nov/2025:18:42:42 +0000] "PUT /1/231418/AUTH_1792a06c06f74eae9f25cbd83cdb7f18/gnocchi.be5243ce-9d9c-4988-935d-4a1453d409af" 201 - "PUT http://[::1]:6001/2/209975/AUTH_1792a06c06f74eae9f25cbd83cdb7f18/gnocchi.be5243ce-9d9c-4988-935d-4a1453d409af" "tx44032d80a564436399827-006920b2a2" "container-server 96325" 0.0042 "-" 96030 0
Nov 21 13:42:42 np0005531384.novalocal container-server[96325]: ::1 - - [21/Nov/2025:18:42:42 +0000] "PUT /2/209975/AUTH_1792a06c06f74eae9f25cbd83cdb7f18/gnocchi.be5243ce-9d9c-4988-935d-4a1453d409af" 201 - "PUT https://[::1]:8080/v1/AUTH_1792a06c06f74eae9f25cbd83cdb7f18/gnocchi.be5243ce-9d9c-4988-935d-4a1453d409af" "tx44032d80a564436399827-006920b2a2" "proxy-server 97617" 0.0113 "-" 96325 0
Nov 21 13:42:42 np0005531384.novalocal account-server[96031]: ::1 - - [21/Nov/2025:18:42:42 +0000] "PUT /2/231418/AUTH_1792a06c06f74eae9f25cbd83cdb7f18/gnocchi.be5243ce-9d9c-4988-935d-4a1453d409af" 201 - "PUT http://[::1]:6001/1/209975/AUTH_1792a06c06f74eae9f25cbd83cdb7f18/gnocchi.be5243ce-9d9c-4988-935d-4a1453d409af" "tx44032d80a564436399827-006920b2a2" "container-server 96325" 0.0053 "-" 96031 0
Nov 21 13:42:42 np0005531384.novalocal container-server[96325]: ::1 - - [21/Nov/2025:18:42:42 +0000] "PUT /1/209975/AUTH_1792a06c06f74eae9f25cbd83cdb7f18/gnocchi.be5243ce-9d9c-4988-935d-4a1453d409af" 201 - "PUT https://[::1]:8080/v1/AUTH_1792a06c06f74eae9f25cbd83cdb7f18/gnocchi.be5243ce-9d9c-4988-935d-4a1453d409af" "tx44032d80a564436399827-006920b2a2" "proxy-server 97617" 0.0189 "-" 96325 0
Nov 21 13:42:42 np0005531384.novalocal proxy-server[97617]: ::1 ::1 21/Nov/2025/18/42/42 PUT /v1/AUTH_1792a06c06f74eae9f25cbd83cdb7f18/gnocchi.be5243ce-9d9c-4988-935d-4a1453d409af HTTP/1.0 201 - python-swiftclient-4.7.0 gAAAAABpILI00T5K... - - - tx44032d80a564436399827-006920b2a2 - 0.0311 - - 1763750562.313496590 1763750562.344567299 0
Nov 21 13:42:42 np0005531384.novalocal container-server[96325]: ::1 - - [21/Nov/2025:18:42:42 +0000] "HEAD /1/209975/AUTH_1792a06c06f74eae9f25cbd83cdb7f18/gnocchi.be5243ce-9d9c-4988-935d-4a1453d409af" 204 - "HEAD http://[::1]:8080/v1/AUTH_1792a06c06f74eae9f25cbd83cdb7f18/gnocchi.be5243ce-9d9c-4988-935d-4a1453d409af" "tx75bb49bf340a4d2283355-006920b2a2" "proxy-server 97617" 0.0012 "-" 96325 0
Nov 21 13:42:42 np0005531384.novalocal proxy-server[97617]: - - 21/Nov/2025/18/42/42 HEAD /v1/AUTH_1792a06c06f74eae9f25cbd83cdb7f18/gnocchi.be5243ce-9d9c-4988-935d-4a1453d409af HTTP/1.0 204 - Swift - - - - tx75bb49bf340a4d2283355-006920b2a2 - 0.0046 CS - 1763750562.350170374 1763750562.354762793 0
Nov 21 13:42:42 np0005531384.novalocal container-server[96325]: ::1 - - [21/Nov/2025:18:42:42 +0000] "GET /1/209975/AUTH_1792a06c06f74eae9f25cbd83cdb7f18/gnocchi.be5243ce-9d9c-4988-935d-4a1453d409af" 200 2 "GET https://[::1]:8080/v1/AUTH_1792a06c06f74eae9f25cbd83cdb7f18/gnocchi.be5243ce-9d9c-4988-935d-4a1453d409af?format=json&states=listing" "tx75bb49bf340a4d2283355-006920b2a2" "proxy-server 97617" 0.0016 "-" 96325 0
Nov 21 13:42:42 np0005531384.novalocal container-server[96325]: ::1 - - [21/Nov/2025:18:42:42 +0000] "HEAD /3/80045/AUTH_1792a06c06f74eae9f25cbd83cdb7f18/gnocchi.64344ea3-baaa-43e7-bc2b-40442c2186b9" 404 - "HEAD http://[::1]:8080/v1/AUTH_1792a06c06f74eae9f25cbd83cdb7f18/gnocchi.64344ea3-baaa-43e7-bc2b-40442c2186b9" "tx64506d8325f54e0cb8ac5-006920b2a2" "proxy-server 97617" 0.0002 "-" 96325 0
Nov 21 13:42:42 np0005531384.novalocal proxy-server[97617]: ::1 ::1 21/Nov/2025/18/42/42 GET /v1/AUTH_1792a06c06f74eae9f25cbd83cdb7f18/gnocchi.be5243ce-9d9c-4988-935d-4a1453d409af%3Fformat%3Djson%26states%3Dlisting HTTP/1.0 200 - python-swiftclient-4.7.0 gAAAAABpILI00T5K... - 2 - tx75bb49bf340a4d2283355-006920b2a2 - 0.0178 - - 1763750562.348971367 1763750562.366779327 0
Nov 21 13:42:42 np0005531384.novalocal container-server[96326]: ::1 - - [21/Nov/2025:18:42:42 +0000] "HEAD /2/80045/AUTH_1792a06c06f74eae9f25cbd83cdb7f18/gnocchi.64344ea3-baaa-43e7-bc2b-40442c2186b9" 404 - "HEAD http://[::1]:8080/v1/AUTH_1792a06c06f74eae9f25cbd83cdb7f18/gnocchi.64344ea3-baaa-43e7-bc2b-40442c2186b9" "tx64506d8325f54e0cb8ac5-006920b2a2" "proxy-server 97617" 0.0005 "-" 96326 0
Nov 21 13:42:42 np0005531384.novalocal container-server[96325]: ::1 - - [21/Nov/2025:18:42:42 +0000] "HEAD /1/80045/AUTH_1792a06c06f74eae9f25cbd83cdb7f18/gnocchi.64344ea3-baaa-43e7-bc2b-40442c2186b9" 404 - "HEAD http://[::1]:8080/v1/AUTH_1792a06c06f74eae9f25cbd83cdb7f18/gnocchi.64344ea3-baaa-43e7-bc2b-40442c2186b9" "tx64506d8325f54e0cb8ac5-006920b2a2" "proxy-server 97617" 0.0001 "-" 96325 0
Nov 21 13:42:42 np0005531384.novalocal object-server[96621]: ::1 - - [21/Nov/2025:18:42:42 +0000] "GET /2/122007/AUTH_1792a06c06f74eae9f25cbd83cdb7f18/gnocchi.be5243ce-9d9c-4988-935d-4a1453d409af/1763640000.0_mean_300.0_v3" 404 70 "GET https://[::1]:8080/v1/AUTH_1792a06c06f74eae9f25cbd83cdb7f18/gnocchi.be5243ce-9d9c-4988-935d-4a1453d409af/1763640000.0_mean_300.0_v3" "txa9a351de7eb34cbcb6024-006920b2a2" "proxy-server 97617" 0.0004 "-" 96621 0
Nov 21 13:42:42 np0005531384.novalocal proxy-server[97617]: - - 21/Nov/2025/18/42/42 HEAD /v1/AUTH_1792a06c06f74eae9f25cbd83cdb7f18/gnocchi.64344ea3-baaa-43e7-bc2b-40442c2186b9 HTTP/1.0 404 - Swift - - - - tx64506d8325f54e0cb8ac5-006920b2a2 - 0.0206 CS - 1763750562.359118938 1763750562.379684448 0
Nov 21 13:42:42 np0005531384.novalocal object-server[96621]: ::1 - - [21/Nov/2025:18:42:42 +0000] "GET /3/192052/AUTH_1792a06c06f74eae9f25cbd83cdb7f18/gnocchi.64344ea3-baaa-43e7-bc2b-40442c2186b9/none_v3" 404 70 "GET https://[::1]:8080/v1/AUTH_1792a06c06f74eae9f25cbd83cdb7f18/gnocchi.64344ea3-baaa-43e7-bc2b-40442c2186b9/none_v3" "tx64506d8325f54e0cb8ac5-006920b2a2" "proxy-server 97617" 0.0003 "-" 96621 0
Nov 21 13:42:42 np0005531384.novalocal object-server[96620]: ::1 - - [21/Nov/2025:18:42:42 +0000] "GET /1/122007/AUTH_1792a06c06f74eae9f25cbd83cdb7f18/gnocchi.be5243ce-9d9c-4988-935d-4a1453d409af/1763640000.0_mean_300.0_v3" 404 70 "GET https://[::1]:8080/v1/AUTH_1792a06c06f74eae9f25cbd83cdb7f18/gnocchi.be5243ce-9d9c-4988-935d-4a1453d409af/1763640000.0_mean_300.0_v3" "txa9a351de7eb34cbcb6024-006920b2a2" "proxy-server 97617" 0.0003 "-" 96620 0
Nov 21 13:42:42 np0005531384.novalocal object-server[96621]: ::1 - - [21/Nov/2025:18:42:42 +0000] "GET /2/192052/AUTH_1792a06c06f74eae9f25cbd83cdb7f18/gnocchi.64344ea3-baaa-43e7-bc2b-40442c2186b9/none_v3" 404 70 "GET https://[::1]:8080/v1/AUTH_1792a06c06f74eae9f25cbd83cdb7f18/gnocchi.64344ea3-baaa-43e7-bc2b-40442c2186b9/none_v3" "tx64506d8325f54e0cb8ac5-006920b2a2" "proxy-server 97617" 0.0002 "-" 96621 0
Nov 21 13:42:42 np0005531384.novalocal object-server[96620]: ::1 - - [21/Nov/2025:18:42:42 +0000] "GET /3/122007/AUTH_1792a06c06f74eae9f25cbd83cdb7f18/gnocchi.be5243ce-9d9c-4988-935d-4a1453d409af/1763640000.0_mean_300.0_v3" 404 70 "GET https://[::1]:8080/v1/AUTH_1792a06c06f74eae9f25cbd83cdb7f18/gnocchi.be5243ce-9d9c-4988-935d-4a1453d409af/1763640000.0_mean_300.0_v3" "txa9a351de7eb34cbcb6024-006920b2a2" "proxy-server 97617" 0.0002 "-" 96620 0
Nov 21 13:42:42 np0005531384.novalocal object-server[96621]: ::1 - - [21/Nov/2025:18:42:42 +0000] "GET /1/192052/AUTH_1792a06c06f74eae9f25cbd83cdb7f18/gnocchi.64344ea3-baaa-43e7-bc2b-40442c2186b9/none_v3" 404 70 "GET https://[::1]:8080/v1/AUTH_1792a06c06f74eae9f25cbd83cdb7f18/gnocchi.64344ea3-baaa-43e7-bc2b-40442c2186b9/none_v3" "tx64506d8325f54e0cb8ac5-006920b2a2" "proxy-server 97617" 0.0002 "-" 96621 0
Nov 21 13:42:42 np0005531384.novalocal proxy-server[97617]: ::1 ::1 21/Nov/2025/18/42/42 GET /v1/AUTH_1792a06c06f74eae9f25cbd83cdb7f18/gnocchi.be5243ce-9d9c-4988-935d-4a1453d409af/1763640000.0_mean_300.0_v3 HTTP/1.0 404 - python-swiftclient-4.7.0 gAAAAABpILI00T5K... - 70 - txa9a351de7eb34cbcb6024-006920b2a2 - 0.0216 - - 1763750562.373221159 1763750562.394798040 0
Nov 21 13:42:42 np0005531384.novalocal proxy-server[97617]: ::1 ::1 21/Nov/2025/18/42/42 GET /v1/AUTH_1792a06c06f74eae9f25cbd83cdb7f18/gnocchi.64344ea3-baaa-43e7-bc2b-40442c2186b9/none_v3 HTTP/1.0 404 - python-swiftclient-4.7.0 gAAAAABpILI22Pln... - 70 - tx64506d8325f54e0cb8ac5-006920b2a2 - 0.0412 - - 1763750562.356024504 1763750562.397186041 0
Nov 21 13:42:42 np0005531384.novalocal container-server[96325]: ::1 - - [21/Nov/2025:18:42:42 +0000] "PUT /2/209975/AUTH_1792a06c06f74eae9f25cbd83cdb7f18/gnocchi.be5243ce-9d9c-4988-935d-4a1453d409af/1763640000.0_mean_300.0_v3" 201 - "PUT http://[::1]:8080/2/122007/AUTH_1792a06c06f74eae9f25cbd83cdb7f18/gnocchi.be5243ce-9d9c-4988-935d-4a1453d409af/1763640000.0_mean_300.0_v3" "txacfbb9e807e9468db100f-006920b2a2" "object-server 96620" 0.0010 "-" 96325 0
Nov 21 13:42:42 np0005531384.novalocal account-server[96030]: ::1 - - [21/Nov/2025:18:42:42 +0000] "PUT /3/231418/AUTH_1792a06c06f74eae9f25cbd83cdb7f18/gnocchi.64344ea3-baaa-43e7-bc2b-40442c2186b9" 201 - "PUT http://[::1]:6001/1/80045/AUTH_1792a06c06f74eae9f25cbd83cdb7f18/gnocchi.64344ea3-baaa-43e7-bc2b-40442c2186b9" "tx1268fb3dc49e4f50bc3d2-006920b2a2" "container-server 96326" 0.0053 "-" 96030 0
Nov 21 13:42:42 np0005531384.novalocal object-server[96620]: ::1 - - [21/Nov/2025:18:42:42 +0000] "PUT /2/122007/AUTH_1792a06c06f74eae9f25cbd83cdb7f18/gnocchi.be5243ce-9d9c-4988-935d-4a1453d409af/1763640000.0_mean_300.0_v3" 201 - "PUT https://[::1]:8080/v1/AUTH_1792a06c06f74eae9f25cbd83cdb7f18/gnocchi.be5243ce-9d9c-4988-935d-4a1453d409af/1763640000.0_mean_300.0_v3" "txacfbb9e807e9468db100f-006920b2a2" "proxy-server 97617" 0.0245 "-" 96620 0
Nov 21 13:42:42 np0005531384.novalocal container-server[96326]: ::1 - - [21/Nov/2025:18:42:42 +0000] "PUT /1/80045/AUTH_1792a06c06f74eae9f25cbd83cdb7f18/gnocchi.64344ea3-baaa-43e7-bc2b-40442c2186b9" 201 - "PUT https://[::1]:8080/v1/AUTH_1792a06c06f74eae9f25cbd83cdb7f18/gnocchi.64344ea3-baaa-43e7-bc2b-40442c2186b9" "tx1268fb3dc49e4f50bc3d2-006920b2a2" "proxy-server 97617" 0.0208 "-" 96326 0
Nov 21 13:42:42 np0005531384.novalocal container-server[96325]: ::1 - - [21/Nov/2025:18:42:42 +0000] "PUT /3/209975/AUTH_1792a06c06f74eae9f25cbd83cdb7f18/gnocchi.be5243ce-9d9c-4988-935d-4a1453d409af/1763640000.0_mean_300.0_v3" 201 - "PUT http://[::1]:8080/3/122007/AUTH_1792a06c06f74eae9f25cbd83cdb7f18/gnocchi.be5243ce-9d9c-4988-935d-4a1453d409af/1763640000.0_mean_300.0_v3" "txacfbb9e807e9468db100f-006920b2a2" "object-server 96621" 0.0011 "-" 96325 0
Nov 21 13:42:42 np0005531384.novalocal object-server[96621]: ::1 - - [21/Nov/2025:18:42:42 +0000] "PUT /3/122007/AUTH_1792a06c06f74eae9f25cbd83cdb7f18/gnocchi.be5243ce-9d9c-4988-935d-4a1453d409af/1763640000.0_mean_300.0_v3" 201 - "PUT https://[::1]:8080/v1/AUTH_1792a06c06f74eae9f25cbd83cdb7f18/gnocchi.be5243ce-9d9c-4988-935d-4a1453d409af/1763640000.0_mean_300.0_v3" "txacfbb9e807e9468db100f-006920b2a2" "proxy-server 97617" 0.0287 "-" 96621 0
Nov 21 13:42:42 np0005531384.novalocal container-server[96325]: ::1 - - [21/Nov/2025:18:42:42 +0000] "PUT /1/209975/AUTH_1792a06c06f74eae9f25cbd83cdb7f18/gnocchi.be5243ce-9d9c-4988-935d-4a1453d409af/1763640000.0_mean_300.0_v3" 201 - "PUT http://[::1]:8080/1/122007/AUTH_1792a06c06f74eae9f25cbd83cdb7f18/gnocchi.be5243ce-9d9c-4988-935d-4a1453d409af/1763640000.0_mean_300.0_v3" "txacfbb9e807e9468db100f-006920b2a2" "object-server 96621" 0.0011 "-" 96325 0
Nov 21 13:42:42 np0005531384.novalocal account-server[96030]: ::1 - - [21/Nov/2025:18:42:42 +0000] "PUT /2/231418/AUTH_1792a06c06f74eae9f25cbd83cdb7f18/gnocchi.64344ea3-baaa-43e7-bc2b-40442c2186b9" 201 - "PUT http://[::1]:6001/2/80045/AUTH_1792a06c06f74eae9f25cbd83cdb7f18/gnocchi.64344ea3-baaa-43e7-bc2b-40442c2186b9" "tx1268fb3dc49e4f50bc3d2-006920b2a2" "container-server 96325" 0.0048 "-" 96030 0
Nov 21 13:42:42 np0005531384.novalocal object-server[96621]: ::1 - - [21/Nov/2025:18:42:42 +0000] "PUT /1/122007/AUTH_1792a06c06f74eae9f25cbd83cdb7f18/gnocchi.be5243ce-9d9c-4988-935d-4a1453d409af/1763640000.0_mean_300.0_v3" 201 - "PUT https://[::1]:8080/v1/AUTH_1792a06c06f74eae9f25cbd83cdb7f18/gnocchi.be5243ce-9d9c-4988-935d-4a1453d409af/1763640000.0_mean_300.0_v3" "txacfbb9e807e9468db100f-006920b2a2" "proxy-server 97617" 0.0332 "-" 96621 0
Nov 21 13:42:42 np0005531384.novalocal container-server[96325]: ::1 - - [21/Nov/2025:18:42:42 +0000] "PUT /2/80045/AUTH_1792a06c06f74eae9f25cbd83cdb7f18/gnocchi.64344ea3-baaa-43e7-bc2b-40442c2186b9" 201 - "PUT https://[::1]:8080/v1/AUTH_1792a06c06f74eae9f25cbd83cdb7f18/gnocchi.64344ea3-baaa-43e7-bc2b-40442c2186b9" "tx1268fb3dc49e4f50bc3d2-006920b2a2" "proxy-server 97617" 0.0265 "-" 96325 0
Nov 21 13:42:42 np0005531384.novalocal proxy-server[97617]: ::1 ::1 21/Nov/2025/18/42/42 PUT /v1/AUTH_1792a06c06f74eae9f25cbd83cdb7f18/gnocchi.be5243ce-9d9c-4988-935d-4a1453d409af/1763640000.0_mean_300.0_v3 HTTP/1.0 201 - python-swiftclient-4.7.0 gAAAAABpILI00T5K... 16 - - txacfbb9e807e9468db100f-006920b2a2 - 0.0432 - - 1763750562.398726940 1763750562.441966534 0
Nov 21 13:42:42 np0005531384.novalocal account-server[96030]: ::1 - - [21/Nov/2025:18:42:42 +0000] "PUT /1/231418/AUTH_1792a06c06f74eae9f25cbd83cdb7f18/gnocchi.64344ea3-baaa-43e7-bc2b-40442c2186b9" 201 - "PUT http://[::1]:6001/3/80045/AUTH_1792a06c06f74eae9f25cbd83cdb7f18/gnocchi.64344ea3-baaa-43e7-bc2b-40442c2186b9" "tx1268fb3dc49e4f50bc3d2-006920b2a2" "container-server 96326" 0.0045 "-" 96030 0
Nov 21 13:42:42 np0005531384.novalocal container-server[96326]: ::1 - - [21/Nov/2025:18:42:42 +0000] "PUT /3/80045/AUTH_1792a06c06f74eae9f25cbd83cdb7f18/gnocchi.64344ea3-baaa-43e7-bc2b-40442c2186b9" 201 - "PUT https://[::1]:8080/v1/AUTH_1792a06c06f74eae9f25cbd83cdb7f18/gnocchi.64344ea3-baaa-43e7-bc2b-40442c2186b9" "tx1268fb3dc49e4f50bc3d2-006920b2a2" "proxy-server 97617" 0.0184 "-" 96326 0
Nov 21 13:42:42 np0005531384.novalocal proxy-server[97617]: ::1 ::1 21/Nov/2025/18/42/42 PUT /v1/AUTH_1792a06c06f74eae9f25cbd83cdb7f18/gnocchi.64344ea3-baaa-43e7-bc2b-40442c2186b9 HTTP/1.0 201 - python-swiftclient-4.7.0 gAAAAABpILI22Pln... - - - tx1268fb3dc49e4f50bc3d2-006920b2a2 - 0.0455 - - 1763750562.407260418 1763750562.452713251 0
Nov 21 13:42:42 np0005531384.novalocal container-server[96326]: ::1 - - [21/Nov/2025:18:42:42 +0000] "HEAD /1/80045/AUTH_1792a06c06f74eae9f25cbd83cdb7f18/gnocchi.64344ea3-baaa-43e7-bc2b-40442c2186b9" 204 - "HEAD http://[::1]:8080/v1/AUTH_1792a06c06f74eae9f25cbd83cdb7f18/gnocchi.64344ea3-baaa-43e7-bc2b-40442c2186b9" "tx013a0e56229e481fae15b-006920b2a2" "proxy-server 97617" 0.0016 "-" 96326 0
Nov 21 13:42:42 np0005531384.novalocal container-server[96326]: ::1 - - [21/Nov/2025:18:42:42 +0000] "PUT /2/209975/AUTH_1792a06c06f74eae9f25cbd83cdb7f18/gnocchi.be5243ce-9d9c-4988-935d-4a1453d409af/none_v3" 201 - "PUT http://[::1]:8080/3/244447/AUTH_1792a06c06f74eae9f25cbd83cdb7f18/gnocchi.be5243ce-9d9c-4988-935d-4a1453d409af/none_v3" "txa6b2c830b5dd415c81da9-006920b2a2" "object-server 96620" 0.0003 "-" 96326 0
Nov 21 13:42:42 np0005531384.novalocal proxy-server[97617]: - - 21/Nov/2025/18/42/42 HEAD /v1/AUTH_1792a06c06f74eae9f25cbd83cdb7f18/gnocchi.64344ea3-baaa-43e7-bc2b-40442c2186b9 HTTP/1.0 204 - Swift - - - - tx013a0e56229e481fae15b-006920b2a2 - 0.0053 CS - 1763750562.457690477 1763750562.463006735 0
Nov 21 13:42:42 np0005531384.novalocal object-server[96620]: ::1 - - [21/Nov/2025:18:42:42 +0000] "PUT /3/244447/AUTH_1792a06c06f74eae9f25cbd83cdb7f18/gnocchi.be5243ce-9d9c-4988-935d-4a1453d409af/none_v3" 201 - "PUT https://[::1]:8080/v1/AUTH_1792a06c06f74eae9f25cbd83cdb7f18/gnocchi.be5243ce-9d9c-4988-935d-4a1453d409af/none_v3" "txa6b2c830b5dd415c81da9-006920b2a2" "proxy-server 97617" 0.0112 "-" 96620 0
Nov 21 13:42:42 np0005531384.novalocal container-server[96326]: ::1 - - [21/Nov/2025:18:42:42 +0000] "GET /3/80045/AUTH_1792a06c06f74eae9f25cbd83cdb7f18/gnocchi.64344ea3-baaa-43e7-bc2b-40442c2186b9" 200 2 "GET https://[::1]:8080/v1/AUTH_1792a06c06f74eae9f25cbd83cdb7f18/gnocchi.64344ea3-baaa-43e7-bc2b-40442c2186b9?format=json&states=listing" "tx013a0e56229e481fae15b-006920b2a2" "proxy-server 97617" 0.0022 "-" 96326 0
Nov 21 13:42:42 np0005531384.novalocal container-server[96326]: ::1 - - [21/Nov/2025:18:42:42 +0000] "PUT /3/209975/AUTH_1792a06c06f74eae9f25cbd83cdb7f18/gnocchi.be5243ce-9d9c-4988-935d-4a1453d409af/none_v3" 201 - "PUT http://[::1]:8080/2/244447/AUTH_1792a06c06f74eae9f25cbd83cdb7f18/gnocchi.be5243ce-9d9c-4988-935d-4a1453d409af/none_v3" "txa6b2c830b5dd415c81da9-006920b2a2" "object-server 96621" 0.0004 "-" 96326 0
Nov 21 13:42:42 np0005531384.novalocal container-server[96325]: ::1 - - [21/Nov/2025:18:42:42 +0000] "PUT /1/209975/AUTH_1792a06c06f74eae9f25cbd83cdb7f18/gnocchi.be5243ce-9d9c-4988-935d-4a1453d409af/none_v3" 201 - "PUT http://[::1]:8080/1/244447/AUTH_1792a06c06f74eae9f25cbd83cdb7f18/gnocchi.be5243ce-9d9c-4988-935d-4a1453d409af/none_v3" "txa6b2c830b5dd415c81da9-006920b2a2" "object-server 96621" 0.0006 "-" 96325 0
Nov 21 13:42:42 np0005531384.novalocal proxy-server[97617]: ::1 ::1 21/Nov/2025/18/42/42 GET /v1/AUTH_1792a06c06f74eae9f25cbd83cdb7f18/gnocchi.64344ea3-baaa-43e7-bc2b-40442c2186b9%3Fformat%3Djson%26states%3Dlisting HTTP/1.0 200 - python-swiftclient-4.7.0 gAAAAABpILI22Pln... - 2 - tx013a0e56229e481fae15b-006920b2a2 - 0.0149 - - 1763750562.456996679 1763750562.471935749 0
Nov 21 13:42:42 np0005531384.novalocal object-server[96621]: ::1 - - [21/Nov/2025:18:42:42 +0000] "PUT /1/244447/AUTH_1792a06c06f74eae9f25cbd83cdb7f18/gnocchi.be5243ce-9d9c-4988-935d-4a1453d409af/none_v3" 201 - "PUT https://[::1]:8080/v1/AUTH_1792a06c06f74eae9f25cbd83cdb7f18/gnocchi.be5243ce-9d9c-4988-935d-4a1453d409af/none_v3" "txa6b2c830b5dd415c81da9-006920b2a2" "proxy-server 97617" 0.0207 "-" 96621 0
Nov 21 13:42:42 np0005531384.novalocal object-server[96621]: ::1 - - [21/Nov/2025:18:42:42 +0000] "PUT /2/244447/AUTH_1792a06c06f74eae9f25cbd83cdb7f18/gnocchi.be5243ce-9d9c-4988-935d-4a1453d409af/none_v3" 201 - "PUT https://[::1]:8080/v1/AUTH_1792a06c06f74eae9f25cbd83cdb7f18/gnocchi.be5243ce-9d9c-4988-935d-4a1453d409af/none_v3" "txa6b2c830b5dd415c81da9-006920b2a2" "proxy-server 97617" 0.0205 "-" 96621 0
Nov 21 13:42:42 np0005531384.novalocal proxy-server[97617]: ::1 ::1 21/Nov/2025/18/42/42 PUT /v1/AUTH_1792a06c06f74eae9f25cbd83cdb7f18/gnocchi.be5243ce-9d9c-4988-935d-4a1453d409af/none_v3 HTTP/1.0 201 - python-swiftclient-4.7.0 gAAAAABpILI00T5K... 22 - - txa6b2c830b5dd415c81da9-006920b2a2 - 0.0307 - - 1763750562.444829941 1763750562.475508451 0
Nov 21 13:42:42 np0005531384.novalocal object-server[96621]: ::1 - - [21/Nov/2025:18:42:42 +0000] "GET /3/8292/AUTH_1792a06c06f74eae9f25cbd83cdb7f18/gnocchi.64344ea3-baaa-43e7-bc2b-40442c2186b9/1763640000.0_mean_300.0_v3" 404 70 "GET https://[::1]:8080/v1/AUTH_1792a06c06f74eae9f25cbd83cdb7f18/gnocchi.64344ea3-baaa-43e7-bc2b-40442c2186b9/1763640000.0_mean_300.0_v3" "tx65309756da6d4f97b3c99-006920b2a2" "proxy-server 97617" 0.0006 "-" 96621 0
Nov 21 13:42:42 np0005531384.novalocal object-server[96621]: ::1 - - [21/Nov/2025:18:42:42 +0000] "GET /1/8292/AUTH_1792a06c06f74eae9f25cbd83cdb7f18/gnocchi.64344ea3-baaa-43e7-bc2b-40442c2186b9/1763640000.0_mean_300.0_v3" 404 70 "GET https://[::1]:8080/v1/AUTH_1792a06c06f74eae9f25cbd83cdb7f18/gnocchi.64344ea3-baaa-43e7-bc2b-40442c2186b9/1763640000.0_mean_300.0_v3" "tx65309756da6d4f97b3c99-006920b2a2" "proxy-server 97617" 0.0003 "-" 96621 0
Nov 21 13:42:42 np0005531384.novalocal object-server[96620]: ::1 - - [21/Nov/2025:18:42:42 +0000] "GET /2/8292/AUTH_1792a06c06f74eae9f25cbd83cdb7f18/gnocchi.64344ea3-baaa-43e7-bc2b-40442c2186b9/1763640000.0_mean_300.0_v3" 404 70 "GET https://[::1]:8080/v1/AUTH_1792a06c06f74eae9f25cbd83cdb7f18/gnocchi.64344ea3-baaa-43e7-bc2b-40442c2186b9/1763640000.0_mean_300.0_v3" "tx65309756da6d4f97b3c99-006920b2a2" "proxy-server 97617" 0.0003 "-" 96620 0
Nov 21 13:42:42 np0005531384.novalocal proxy-server[97617]: ::1 ::1 21/Nov/2025/18/42/42 GET /v1/AUTH_1792a06c06f74eae9f25cbd83cdb7f18/gnocchi.64344ea3-baaa-43e7-bc2b-40442c2186b9/1763640000.0_mean_300.0_v3 HTTP/1.0 404 - python-swiftclient-4.7.0 gAAAAABpILI22Pln... - 70 - tx65309756da6d4f97b3c99-006920b2a2 - 0.0123 - - 1763750562.476494074 1763750562.488825321 0
Nov 21 13:42:42 np0005531384.novalocal container-server[96325]: ::1 - - [21/Nov/2025:18:42:42 +0000] "PUT /1/80045/AUTH_1792a06c06f74eae9f25cbd83cdb7f18/gnocchi.64344ea3-baaa-43e7-bc2b-40442c2186b9/1763640000.0_mean_300.0_v3" 201 - "PUT http://[::1]:8080/1/8292/AUTH_1792a06c06f74eae9f25cbd83cdb7f18/gnocchi.64344ea3-baaa-43e7-bc2b-40442c2186b9/1763640000.0_mean_300.0_v3" "tx93e929313ee6458d91314-006920b2a2" "object-server 96620" 0.0006 "-" 96325 0
Nov 21 13:42:42 np0005531384.novalocal object-server[96620]: ::1 - - [21/Nov/2025:18:42:42 +0000] "PUT /1/8292/AUTH_1792a06c06f74eae9f25cbd83cdb7f18/gnocchi.64344ea3-baaa-43e7-bc2b-40442c2186b9/1763640000.0_mean_300.0_v3" 201 - "PUT https://[::1]:8080/v1/AUTH_1792a06c06f74eae9f25cbd83cdb7f18/gnocchi.64344ea3-baaa-43e7-bc2b-40442c2186b9/1763640000.0_mean_300.0_v3" "tx93e929313ee6458d91314-006920b2a2" "proxy-server 97617" 0.0131 "-" 96620 0
Nov 21 13:42:42 np0005531384.novalocal container-server[96325]: ::1 - - [21/Nov/2025:18:42:42 +0000] "HEAD /1/163327/AUTH_1792a06c06f74eae9f25cbd83cdb7f18/gnocchi.8eb5c8bb-f734-443b-a347-1f4ac3e1aa44" 404 - "HEAD http://[::1]:8080/v1/AUTH_1792a06c06f74eae9f25cbd83cdb7f18/gnocchi.8eb5c8bb-f734-443b-a347-1f4ac3e1aa44" "txab743d74c58c44e78f064-006920b2a2" "proxy-server 97617" 0.0002 "-" 96325 0
Nov 21 13:42:42 np0005531384.novalocal container-server[96325]: ::1 - - [21/Nov/2025:18:42:42 +0000] "PUT /2/80045/AUTH_1792a06c06f74eae9f25cbd83cdb7f18/gnocchi.64344ea3-baaa-43e7-bc2b-40442c2186b9/1763640000.0_mean_300.0_v3" 201 - "PUT http://[::1]:8080/3/8292/AUTH_1792a06c06f74eae9f25cbd83cdb7f18/gnocchi.64344ea3-baaa-43e7-bc2b-40442c2186b9/1763640000.0_mean_300.0_v3" "tx93e929313ee6458d91314-006920b2a2" "object-server 96621" 0.0005 "-" 96325 0
Nov 21 13:42:42 np0005531384.novalocal container-server[96325]: ::1 - - [21/Nov/2025:18:42:42 +0000] "PUT /3/80045/AUTH_1792a06c06f74eae9f25cbd83cdb7f18/gnocchi.64344ea3-baaa-43e7-bc2b-40442c2186b9/1763640000.0_mean_300.0_v3" 201 - "PUT http://[::1]:8080/2/8292/AUTH_1792a06c06f74eae9f25cbd83cdb7f18/gnocchi.64344ea3-baaa-43e7-bc2b-40442c2186b9/1763640000.0_mean_300.0_v3" "tx93e929313ee6458d91314-006920b2a2" "object-server 96621" 0.0004 "-" 96325 0
Nov 21 13:42:42 np0005531384.novalocal object-server[96621]: ::1 - - [21/Nov/2025:18:42:42 +0000] "PUT /3/8292/AUTH_1792a06c06f74eae9f25cbd83cdb7f18/gnocchi.64344ea3-baaa-43e7-bc2b-40442c2186b9/1763640000.0_mean_300.0_v3" 201 - "PUT https://[::1]:8080/v1/AUTH_1792a06c06f74eae9f25cbd83cdb7f18/gnocchi.64344ea3-baaa-43e7-bc2b-40442c2186b9/1763640000.0_mean_300.0_v3" "tx93e929313ee6458d91314-006920b2a2" "proxy-server 97617" 0.0165 "-" 96621 0
Nov 21 13:42:42 np0005531384.novalocal container-server[96325]: ::1 - - [21/Nov/2025:18:42:42 +0000] "HEAD /2/163327/AUTH_1792a06c06f74eae9f25cbd83cdb7f18/gnocchi.8eb5c8bb-f734-443b-a347-1f4ac3e1aa44" 404 - "HEAD http://[::1]:8080/v1/AUTH_1792a06c06f74eae9f25cbd83cdb7f18/gnocchi.8eb5c8bb-f734-443b-a347-1f4ac3e1aa44" "txab743d74c58c44e78f064-006920b2a2" "proxy-server 97617" 0.0002 "-" 96325 0
Nov 21 13:42:42 np0005531384.novalocal container-server[96326]: ::1 - - [21/Nov/2025:18:42:42 +0000] "HEAD /3/163327/AUTH_1792a06c06f74eae9f25cbd83cdb7f18/gnocchi.8eb5c8bb-f734-443b-a347-1f4ac3e1aa44" 404 - "HEAD http://[::1]:8080/v1/AUTH_1792a06c06f74eae9f25cbd83cdb7f18/gnocchi.8eb5c8bb-f734-443b-a347-1f4ac3e1aa44" "txab743d74c58c44e78f064-006920b2a2" "proxy-server 97617" 0.0003 "-" 96326 0
Nov 21 13:42:42 np0005531384.novalocal proxy-server[97617]: - - 21/Nov/2025/18/42/42 HEAD /v1/AUTH_1792a06c06f74eae9f25cbd83cdb7f18/gnocchi.8eb5c8bb-f734-443b-a347-1f4ac3e1aa44 HTTP/1.0 404 - Swift - - - - txab743d74c58c44e78f064-006920b2a2 - 0.0124 CS - 1763750562.510522842 1763750562.522942543 0
Nov 21 13:42:42 np0005531384.novalocal object-server[96621]: ::1 - - [21/Nov/2025:18:42:42 +0000] "PUT /2/8292/AUTH_1792a06c06f74eae9f25cbd83cdb7f18/gnocchi.64344ea3-baaa-43e7-bc2b-40442c2186b9/1763640000.0_mean_300.0_v3" 201 - "PUT https://[::1]:8080/v1/AUTH_1792a06c06f74eae9f25cbd83cdb7f18/gnocchi.64344ea3-baaa-43e7-bc2b-40442c2186b9/1763640000.0_mean_300.0_v3" "tx93e929313ee6458d91314-006920b2a2" "proxy-server 97617" 0.0199 "-" 96621 0
Nov 21 13:42:42 np0005531384.novalocal proxy-server[97617]: ::1 ::1 21/Nov/2025/18/42/42 PUT /v1/AUTH_1792a06c06f74eae9f25cbd83cdb7f18/gnocchi.64344ea3-baaa-43e7-bc2b-40442c2186b9/1763640000.0_mean_300.0_v3 HTTP/1.0 201 - python-swiftclient-4.7.0 gAAAAABpILI22Pln... 16 - - tx93e929313ee6458d91314-006920b2a2 - 0.0354 - - 1763750562.492158890 1763750562.527595043 0
Nov 21 13:42:42 np0005531384.novalocal object-server[96620]: ::1 - - [21/Nov/2025:18:42:42 +0000] "GET /1/67159/AUTH_1792a06c06f74eae9f25cbd83cdb7f18/gnocchi.8eb5c8bb-f734-443b-a347-1f4ac3e1aa44/none_v3" 404 70 "GET https://[::1]:8080/v1/AUTH_1792a06c06f74eae9f25cbd83cdb7f18/gnocchi.8eb5c8bb-f734-443b-a347-1f4ac3e1aa44/none_v3" "txab743d74c58c44e78f064-006920b2a2" "proxy-server 97617" 0.0003 "-" 96620 0
Nov 21 13:42:42 np0005531384.novalocal object-server[96621]: ::1 - - [21/Nov/2025:18:42:42 +0000] "GET /3/67159/AUTH_1792a06c06f74eae9f25cbd83cdb7f18/gnocchi.8eb5c8bb-f734-443b-a347-1f4ac3e1aa44/none_v3" 404 70 "GET https://[::1]:8080/v1/AUTH_1792a06c06f74eae9f25cbd83cdb7f18/gnocchi.8eb5c8bb-f734-443b-a347-1f4ac3e1aa44/none_v3" "txab743d74c58c44e78f064-006920b2a2" "proxy-server 97617" 0.0004 "-" 96621 0
Nov 21 13:42:42 np0005531384.novalocal object-server[96620]: ::1 - - [21/Nov/2025:18:42:42 +0000] "GET /2/67159/AUTH_1792a06c06f74eae9f25cbd83cdb7f18/gnocchi.8eb5c8bb-f734-443b-a347-1f4ac3e1aa44/none_v3" 404 70 "GET https://[::1]:8080/v1/AUTH_1792a06c06f74eae9f25cbd83cdb7f18/gnocchi.8eb5c8bb-f734-443b-a347-1f4ac3e1aa44/none_v3" "txab743d74c58c44e78f064-006920b2a2" "proxy-server 97617" 0.0003 "-" 96620 0
Nov 21 13:42:42 np0005531384.novalocal proxy-server[97617]: ::1 ::1 21/Nov/2025/18/42/42 GET /v1/AUTH_1792a06c06f74eae9f25cbd83cdb7f18/gnocchi.8eb5c8bb-f734-443b-a347-1f4ac3e1aa44/none_v3 HTTP/1.0 404 - python-swiftclient-4.7.0 gAAAAABpILI00T5K... - 70 - txab743d74c58c44e78f064-006920b2a2 - 0.0350 - - 1763750562.508306265 1763750562.543328285 0
Nov 21 13:42:42 np0005531384.novalocal container-server[96326]: ::1 - - [21/Nov/2025:18:42:42 +0000] "PUT /2/80045/AUTH_1792a06c06f74eae9f25cbd83cdb7f18/gnocchi.64344ea3-baaa-43e7-bc2b-40442c2186b9/none_v3" 201 - "PUT http://[::1]:8080/1/192052/AUTH_1792a06c06f74eae9f25cbd83cdb7f18/gnocchi.64344ea3-baaa-43e7-bc2b-40442c2186b9/none_v3" "tx115e9c3c959d4f5cbd38b-006920b2a2" "object-server 96621" 0.0005 "-" 96326 0
Nov 21 13:42:42 np0005531384.novalocal object-server[96621]: ::1 - - [21/Nov/2025:18:42:42 +0000] "PUT /1/192052/AUTH_1792a06c06f74eae9f25cbd83cdb7f18/gnocchi.64344ea3-baaa-43e7-bc2b-40442c2186b9/none_v3" 201 - "PUT https://[::1]:8080/v1/AUTH_1792a06c06f74eae9f25cbd83cdb7f18/gnocchi.64344ea3-baaa-43e7-bc2b-40442c2186b9/none_v3" "tx115e9c3c959d4f5cbd38b-006920b2a2" "proxy-server 97617" 0.0099 "-" 96621 0
Nov 21 13:42:42 np0005531384.novalocal container-server[96326]: ::1 - - [21/Nov/2025:18:42:42 +0000] "PUT /1/80045/AUTH_1792a06c06f74eae9f25cbd83cdb7f18/gnocchi.64344ea3-baaa-43e7-bc2b-40442c2186b9/none_v3" 201 - "PUT http://[::1]:8080/3/192052/AUTH_1792a06c06f74eae9f25cbd83cdb7f18/gnocchi.64344ea3-baaa-43e7-bc2b-40442c2186b9/none_v3" "tx115e9c3c959d4f5cbd38b-006920b2a2" "object-server 96620" 0.0009 "-" 96326 0
Nov 21 13:42:42 np0005531384.novalocal object-server[96620]: ::1 - - [21/Nov/2025:18:42:42 +0000] "PUT /3/192052/AUTH_1792a06c06f74eae9f25cbd83cdb7f18/gnocchi.64344ea3-baaa-43e7-bc2b-40442c2186b9/none_v3" 201 - "PUT https://[::1]:8080/v1/AUTH_1792a06c06f74eae9f25cbd83cdb7f18/gnocchi.64344ea3-baaa-43e7-bc2b-40442c2186b9/none_v3" "tx115e9c3c959d4f5cbd38b-006920b2a2" "proxy-server 97617" 0.0105 "-" 96620 0
Nov 21 13:42:42 np0005531384.novalocal container-server[96326]: ::1 - - [21/Nov/2025:18:42:42 +0000] "PUT /3/80045/AUTH_1792a06c06f74eae9f25cbd83cdb7f18/gnocchi.64344ea3-baaa-43e7-bc2b-40442c2186b9/none_v3" 201 - "PUT http://[::1]:8080/2/192052/AUTH_1792a06c06f74eae9f25cbd83cdb7f18/gnocchi.64344ea3-baaa-43e7-bc2b-40442c2186b9/none_v3" "tx115e9c3c959d4f5cbd38b-006920b2a2" "object-server 96620" 0.0003 "-" 96326 0
Nov 21 13:42:42 np0005531384.novalocal object-server[96620]: ::1 - - [21/Nov/2025:18:42:42 +0000] "PUT /2/192052/AUTH_1792a06c06f74eae9f25cbd83cdb7f18/gnocchi.64344ea3-baaa-43e7-bc2b-40442c2186b9/none_v3" 201 - "PUT https://[::1]:8080/v1/AUTH_1792a06c06f74eae9f25cbd83cdb7f18/gnocchi.64344ea3-baaa-43e7-bc2b-40442c2186b9/none_v3" "tx115e9c3c959d4f5cbd38b-006920b2a2" "proxy-server 97617" 0.0129 "-" 96620 0
Nov 21 13:42:42 np0005531384.novalocal proxy-server[97617]: ::1 ::1 21/Nov/2025/18/42/42 PUT /v1/AUTH_1792a06c06f74eae9f25cbd83cdb7f18/gnocchi.64344ea3-baaa-43e7-bc2b-40442c2186b9/none_v3 HTTP/1.0 201 - python-swiftclient-4.7.0 gAAAAABpILI22Pln... 22 - - tx115e9c3c959d4f5cbd38b-006920b2a2 - 0.0224 - - 1763750562.530781746 1763750562.553186655 0
Nov 21 13:42:42 np0005531384.novalocal account-server[96030]: ::1 - - [21/Nov/2025:18:42:42 +0000] "PUT /1/231418/AUTH_1792a06c06f74eae9f25cbd83cdb7f18/gnocchi.8eb5c8bb-f734-443b-a347-1f4ac3e1aa44" 201 - "PUT http://[::1]:6001/3/163327/AUTH_1792a06c06f74eae9f25cbd83cdb7f18/gnocchi.8eb5c8bb-f734-443b-a347-1f4ac3e1aa44" "txdd7ab7079f1845e284795-006920b2a2" "container-server 96326" 0.0043 "-" 96030 0
Nov 21 13:42:42 np0005531384.novalocal container-server[96326]: ::1 - - [21/Nov/2025:18:42:42 +0000] "PUT /3/163327/AUTH_1792a06c06f74eae9f25cbd83cdb7f18/gnocchi.8eb5c8bb-f734-443b-a347-1f4ac3e1aa44" 201 - "PUT https://[::1]:8080/v1/AUTH_1792a06c06f74eae9f25cbd83cdb7f18/gnocchi.8eb5c8bb-f734-443b-a347-1f4ac3e1aa44" "txdd7ab7079f1845e284795-006920b2a2" "proxy-server 97617" 0.0247 "-" 96326 0
Nov 21 13:42:42 np0005531384.novalocal account-server[96030]: ::1 - - [21/Nov/2025:18:42:42 +0000] "PUT /3/231418/AUTH_1792a06c06f74eae9f25cbd83cdb7f18/gnocchi.8eb5c8bb-f734-443b-a347-1f4ac3e1aa44" 201 - "PUT http://[::1]:6001/1/163327/AUTH_1792a06c06f74eae9f25cbd83cdb7f18/gnocchi.8eb5c8bb-f734-443b-a347-1f4ac3e1aa44" "txdd7ab7079f1845e284795-006920b2a2" "container-server 96326" 0.0033 "-" 96030 0
Nov 21 13:42:42 np0005531384.novalocal container-server[96326]: ::1 - - [21/Nov/2025:18:42:42 +0000] "PUT /1/163327/AUTH_1792a06c06f74eae9f25cbd83cdb7f18/gnocchi.8eb5c8bb-f734-443b-a347-1f4ac3e1aa44" 201 - "PUT https://[::1]:8080/v1/AUTH_1792a06c06f74eae9f25cbd83cdb7f18/gnocchi.8eb5c8bb-f734-443b-a347-1f4ac3e1aa44" "txdd7ab7079f1845e284795-006920b2a2" "proxy-server 97617" 0.0121 "-" 96326 0
