Nov 21 13:40:45 np0005531384.novalocal kernel: Warning: Deprecated Driver is detected: ip6_tables_init will not be maintained in a future major release and may be disabled
Nov 21 13:40:45 np0005531384.novalocal dnsmasq[103530]: read /var/lib/neutron/dhcp/4db5c9be-9364-4399-b65a-25db0d73f144/addn_hosts - 2 addresses
Nov 21 13:40:45 np0005531384.novalocal dnsmasq-dhcp[103530]: read /var/lib/neutron/dhcp/4db5c9be-9364-4399-b65a-25db0d73f144/host
Nov 21 13:40:45 np0005531384.novalocal dnsmasq-dhcp[103530]: read /var/lib/neutron/dhcp/4db5c9be-9364-4399-b65a-25db0d73f144/opts
Nov 21 13:40:46 np0005531384.novalocal dnsmasq[103945]: read /var/lib/neutron/dhcp/aa6db0b5-d3b5-4e65-990f-bc259c590b88/addn_hosts - 1 addresses
Nov 21 13:40:46 np0005531384.novalocal dnsmasq-dhcp[103945]: read /var/lib/neutron/dhcp/aa6db0b5-d3b5-4e65-990f-bc259c590b88/host
Nov 21 13:40:46 np0005531384.novalocal dnsmasq-dhcp[103945]: read /var/lib/neutron/dhcp/aa6db0b5-d3b5-4e65-990f-bc259c590b88/opts
Nov 21 13:40:48 np0005531384.novalocal dnsmasq[103530]: read /var/lib/neutron/dhcp/4db5c9be-9364-4399-b65a-25db0d73f144/addn_hosts - 2 addresses
Nov 21 13:40:48 np0005531384.novalocal dnsmasq-dhcp[103530]: read /var/lib/neutron/dhcp/4db5c9be-9364-4399-b65a-25db0d73f144/host
Nov 21 13:40:48 np0005531384.novalocal dnsmasq-dhcp[103530]: read /var/lib/neutron/dhcp/4db5c9be-9364-4399-b65a-25db0d73f144/opts
Nov 21 13:40:48 np0005531384.novalocal object-server[96620]: ::1 - - [21/Nov/2025:18:40:48 +0000] "GET /3/44135/AUTH_1792a06c06f74eae9f25cbd83cdb7f18/glance/14d3cb61-2b23-4099-852d-c81a16a3c321" 200 21430272 "GET https://[::1]:8080/v1/AUTH_1792a06c06f74eae9f25cbd83cdb7f18/glance/14d3cb61-2b23-4099-852d-c81a16a3c321" "tx87793c525ba24401bea48-006920b230" "proxy-server 97616" 0.0006 "-" 96620 0
Nov 21 13:40:48 np0005531384.novalocal proxy-server[97616]: ::1 ::1 21/Nov/2025/18/40/48 GET /v1/AUTH_1792a06c06f74eae9f25cbd83cdb7f18/glance/14d3cb61-2b23-4099-852d-c81a16a3c321 HTTP/1.0 200 - python-swiftclient-4.7.0 gAAAAABpILIw_G4P... - 21430272 - tx87793c525ba24401bea48-006920b230 - 0.2130 - - 1763750448.377145052 1763750448.590106010 0
Nov 21 13:40:48 np0005531384.novalocal sudo[104055]: cinder : PWD=/ ; USER=root ; COMMAND=/usr/bin/cinder-rootwrap /etc/cinder/rootwrap.conf privsep-helper --config-file /usr/share/cinder/cinder-dist.conf --config-file /etc/cinder/cinder.conf --privsep_context cinder.privsep.sys_admin_pctxt --privsep_sock_path /tmp/tmpdxf2cgwk/privsep.sock
Nov 21 13:40:48 np0005531384.novalocal systemd[1]: Started Session c113 of User root.
Nov 21 13:40:48 np0005531384.novalocal sudo[104055]: pam_unix(sudo:session): session opened for user root(uid=0) by (uid=165)
Nov 21 13:40:48 np0005531384.novalocal dnsmasq[103945]: read /var/lib/neutron/dhcp/aa6db0b5-d3b5-4e65-990f-bc259c590b88/addn_hosts - 1 addresses
Nov 21 13:40:48 np0005531384.novalocal dnsmasq-dhcp[103945]: read /var/lib/neutron/dhcp/aa6db0b5-d3b5-4e65-990f-bc259c590b88/host
Nov 21 13:40:48 np0005531384.novalocal dnsmasq-dhcp[103945]: read /var/lib/neutron/dhcp/aa6db0b5-d3b5-4e65-990f-bc259c590b88/opts
Nov 21 13:40:49 np0005531384.novalocal sudo[104055]: pam_unix(sudo:session): session closed for user root
Nov 21 13:40:49 np0005531384.novalocal sudo[104075]: cinder : PWD=/ ; USER=root ; COMMAND=/usr/bin/cinder-rootwrap /etc/cinder/rootwrap.conf env LC_ALL=C qemu-img info -f qcow2 --output=json /var/lib/cinder/conversion/image_fetch_14d3cb61-2b23-4099-852d-c81a16a3c321_eut3td3bnp0005531384.novalocal@BACKEND_1
Nov 21 13:40:49 np0005531384.novalocal systemd[1]: Started Session c114 of User root.
Nov 21 13:40:49 np0005531384.novalocal sudo[104075]: pam_unix(sudo:session): session opened for user root(uid=0) by (uid=165)
Nov 21 13:40:49 np0005531384.novalocal sudo[104075]: pam_unix(sudo:session): session closed for user root
Nov 21 13:40:49 np0005531384.novalocal systemd[1]: session-c114.scope: Deactivated successfully.
Nov 21 13:40:50 np0005531384.novalocal dnsmasq[103945]: read /var/lib/neutron/dhcp/aa6db0b5-d3b5-4e65-990f-bc259c590b88/addn_hosts - 1 addresses
Nov 21 13:40:50 np0005531384.novalocal dnsmasq-dhcp[103945]: read /var/lib/neutron/dhcp/aa6db0b5-d3b5-4e65-990f-bc259c590b88/host
Nov 21 13:40:50 np0005531384.novalocal dnsmasq-dhcp[103945]: read /var/lib/neutron/dhcp/aa6db0b5-d3b5-4e65-990f-bc259c590b88/opts
Nov 21 13:40:50 np0005531384.novalocal sudo[104081]: cinder : PWD=/ ; USER=root ; COMMAND=/usr/bin/cinder-rootwrap /etc/cinder/rootwrap.conf env LC_ALL=C qemu-img info -f qcow2 --output=json /var/lib/cinder/conversion/image_fetch_14d3cb61-2b23-4099-852d-c81a16a3c321_eut3td3bnp0005531384.novalocal@BACKEND_1
Nov 21 13:40:50 np0005531384.novalocal systemd[1]: Started Session c115 of User root.
Nov 21 13:40:50 np0005531384.novalocal sudo[104081]: pam_unix(sudo:session): session opened for user root(uid=0) by (uid=165)
Nov 21 13:40:50 np0005531384.novalocal sudo[104081]: pam_unix(sudo:session): session closed for user root
Nov 21 13:40:50 np0005531384.novalocal systemd[1]: session-c115.scope: Deactivated successfully.
Nov 21 13:40:50 np0005531384.novalocal sudo[104096]: cinder : PWD=/ ; USER=root ; COMMAND=/usr/bin/cinder-rootwrap /etc/cinder/rootwrap.conf env LC_ALL=C lvcreate -T -V 1g -n volume-ab75bd81-c86f-4c55-a823-dfeab3ac1b18 cinder-volumes/cinder-volumes-pool
Nov 21 13:40:50 np0005531384.novalocal systemd[1]: Started Session c116 of User root.
Nov 21 13:40:50 np0005531384.novalocal sudo[104096]: pam_unix(sudo:session): session opened for user root(uid=0) by (uid=165)
Nov 21 13:40:50 np0005531384.novalocal dmeventd[93931]: No longer monitoring thin pool cinder--volumes-cinder--volumes--pool.
Nov 21 13:40:51 np0005531384.novalocal dmeventd[93931]: Monitoring thin pool cinder--volumes-cinder--volumes--pool-tpool.
Nov 21 13:40:52 np0005531384.novalocal object-auditor[103629]: Object audit (ALL) "forever" mode completed: 12.86s. Total quarantined: 0, Total errors: 0, Total files/sec: 0.47, Total bytes/sec: 9996284.85, Auditing time: 12.85, Rate: 1.00
Nov 21 13:40:52 np0005531384.novalocal lvm[104151]: PV /dev/loop2 online, VG cinder-volumes is complete.
Nov 21 13:40:52 np0005531384.novalocal lvm[104151]: VG cinder-volumes finished
Nov 21 13:40:52 np0005531384.novalocal sudo[104096]: pam_unix(sudo:session): session closed for user root
Nov 21 13:40:52 np0005531384.novalocal systemd[1]: session-c116.scope: Deactivated successfully.
Nov 21 13:40:52 np0005531384.novalocal sudo[104153]: cinder : PWD=/ ; USER=root ; COMMAND=/usr/bin/cinder-rootwrap /etc/cinder/rootwrap.conf env LC_ALL=C qemu-img info -f raw --output=json /var/lib/cinder/conversion/image_download_14d3cb61-2b23-4099-852d-c81a16a3c321_vtw7hwwt
Nov 21 13:40:52 np0005531384.novalocal systemd[1]: Started Session c117 of User root.
Nov 21 13:40:52 np0005531384.novalocal sudo[104153]: pam_unix(sudo:session): session opened for user root(uid=0) by (uid=165)
Nov 21 13:40:52 np0005531384.novalocal sudo[104153]: pam_unix(sudo:session): session closed for user root
Nov 21 13:40:52 np0005531384.novalocal systemd[1]: session-c117.scope: Deactivated successfully.
Nov 21 13:40:52 np0005531384.novalocal sudo[104159]: cinder : PWD=/ ; USER=root ; COMMAND=/usr/bin/cinder-rootwrap /etc/cinder/rootwrap.conf env LC_ALL=C qemu-img info -f luks --output=json /var/lib/cinder/conversion/image_download_14d3cb61-2b23-4099-852d-c81a16a3c321_vtw7hwwt
Nov 21 13:40:52 np0005531384.novalocal systemd[1]: Started Session c118 of User root.
Nov 21 13:40:52 np0005531384.novalocal sudo[104159]: pam_unix(sudo:session): session opened for user root(uid=0) by (uid=165)
Nov 21 13:40:53 np0005531384.novalocal sudo[104159]: pam_unix(sudo:session): session closed for user root
Nov 21 13:40:53 np0005531384.novalocal systemd[1]: session-c118.scope: Deactivated successfully.
Nov 21 13:40:53 np0005531384.novalocal sudo[104165]: cinder : PWD=/ ; USER=root ; COMMAND=/usr/bin/cinder-rootwrap /etc/cinder/rootwrap.conf env LC_ALL=C qemu-img info -f qcow2 --output=json /var/lib/cinder/conversion/image_fetch_14d3cb61-2b23-4099-852d-c81a16a3c321_eut3td3bnp0005531384.novalocal@BACKEND_1
Nov 21 13:40:53 np0005531384.novalocal systemd[1]: Started Session c119 of User root.
Nov 21 13:40:53 np0005531384.novalocal sudo[104165]: pam_unix(sudo:session): session opened for user root(uid=0) by (uid=165)
Nov 21 13:40:53 np0005531384.novalocal sudo[104165]: pam_unix(sudo:session): session closed for user root
Nov 21 13:40:53 np0005531384.novalocal systemd[1]: session-c119.scope: Deactivated successfully.
Nov 21 13:40:53 np0005531384.novalocal container-server[96325]: ::1 - - [21/Nov/2025:18:40:53 +0000] "HEAD /2/169781/AUTH_1792a06c06f74eae9f25cbd83cdb7f18/gnocchi.c409126f-c311-4f9a-8d74-baf90eb95b1a" 404 - "HEAD http://[::1]:8080/v1/AUTH_1792a06c06f74eae9f25cbd83cdb7f18/gnocchi.c409126f-c311-4f9a-8d74-baf90eb95b1a" "tx3914055dfc3348d18a26a-006920b235" "proxy-server 97617" 0.0008 "-" 96325 0
Nov 21 13:40:53 np0005531384.novalocal container-server[96325]: ::1 - - [21/Nov/2025:18:40:53 +0000] "HEAD /3/169781/AUTH_1792a06c06f74eae9f25cbd83cdb7f18/gnocchi.c409126f-c311-4f9a-8d74-baf90eb95b1a" 404 - "HEAD http://[::1]:8080/v1/AUTH_1792a06c06f74eae9f25cbd83cdb7f18/gnocchi.c409126f-c311-4f9a-8d74-baf90eb95b1a" "tx3914055dfc3348d18a26a-006920b235" "proxy-server 97617" 0.0003 "-" 96325 0
Nov 21 13:40:53 np0005531384.novalocal sudo[104178]: cinder : PWD=/ ; USER=root ; COMMAND=/usr/bin/cinder-rootwrap /etc/cinder/rootwrap.conf dd count=0 if=/var/lib/cinder/conversion/image_fetch_14d3cb61-2b23-4099-852d-c81a16a3c321_eut3td3bnp0005531384.novalocal@BACKEND_1 of=/dev/mapper/cinder--volumes-volume--ab75bd81--c86f--4c55--a823--dfeab3ac1b18 oflag=direct
Nov 21 13:40:53 np0005531384.novalocal container-server[96326]: ::1 - - [21/Nov/2025:18:40:53 +0000] "HEAD /1/169781/AUTH_1792a06c06f74eae9f25cbd83cdb7f18/gnocchi.c409126f-c311-4f9a-8d74-baf90eb95b1a" 404 - "HEAD http://[::1]:8080/v1/AUTH_1792a06c06f74eae9f25cbd83cdb7f18/gnocchi.c409126f-c311-4f9a-8d74-baf90eb95b1a" "tx3914055dfc3348d18a26a-006920b235" "proxy-server 97617" 0.0003 "-" 96326 0
Nov 21 13:40:53 np0005531384.novalocal systemd[1]: Started Session c120 of User root.
Nov 21 13:40:53 np0005531384.novalocal sudo[104178]: pam_unix(sudo:session): session opened for user root(uid=0) by (uid=165)
Nov 21 13:40:53 np0005531384.novalocal proxy-server[97617]: - - 21/Nov/2025/18/40/53 HEAD /v1/AUTH_1792a06c06f74eae9f25cbd83cdb7f18/gnocchi.c409126f-c311-4f9a-8d74-baf90eb95b1a HTTP/1.0 404 - Swift - - - - tx3914055dfc3348d18a26a-006920b235 - 0.4196 CS - 1763750453.391097307 1763750453.810671568 0
Nov 21 13:40:54 np0005531384.novalocal sudo[104178]: pam_unix(sudo:session): session closed for user root
Nov 21 13:40:54 np0005531384.novalocal systemd[1]: session-c120.scope: Deactivated successfully.
Nov 21 13:40:54 np0005531384.novalocal sudo[104187]: cinder : PWD=/ ; USER=root ; COMMAND=/usr/bin/cinder-rootwrap /etc/cinder/rootwrap.conf qemu-img convert -O raw -t none -f qcow2 /var/lib/cinder/conversion/image_fetch_14d3cb61-2b23-4099-852d-c81a16a3c321_eut3td3bnp0005531384.novalocal@BACKEND_1 /dev/mapper/cinder--volumes-volume--ab75bd81--c86f--4c55--a823--dfeab3ac1b18
Nov 21 13:40:54 np0005531384.novalocal systemd[1]: Started Session c121 of User root.
Nov 21 13:40:54 np0005531384.novalocal sudo[104187]: pam_unix(sudo:session): session opened for user root(uid=0) by (uid=165)
Nov 21 13:40:54 np0005531384.novalocal container-server[96325]: ::1 - - [21/Nov/2025:18:40:54 +0000] "HEAD /3/259841/AUTH_1792a06c06f74eae9f25cbd83cdb7f18/gnocchi.433c6c9b-c97c-404a-9c47-973d4b64a326" 404 - "HEAD http://[::1]:8080/v1/AUTH_1792a06c06f74eae9f25cbd83cdb7f18/gnocchi.433c6c9b-c97c-404a-9c47-973d4b64a326" "txbceb31d4b90c46d4b4096-006920b236" "proxy-server 97617" 0.0004 "-" 96325 0
Nov 21 13:40:54 np0005531384.novalocal container-server[96325]: ::1 - - [21/Nov/2025:18:40:54 +0000] "HEAD /1/259841/AUTH_1792a06c06f74eae9f25cbd83cdb7f18/gnocchi.433c6c9b-c97c-404a-9c47-973d4b64a326" 404 - "HEAD http://[::1]:8080/v1/AUTH_1792a06c06f74eae9f25cbd83cdb7f18/gnocchi.433c6c9b-c97c-404a-9c47-973d4b64a326" "txbceb31d4b90c46d4b4096-006920b236" "proxy-server 97617" 0.0004 "-" 96325 0
Nov 21 13:40:54 np0005531384.novalocal container-server[96325]: ::1 - - [21/Nov/2025:18:40:54 +0000] "HEAD /2/259841/AUTH_1792a06c06f74eae9f25cbd83cdb7f18/gnocchi.433c6c9b-c97c-404a-9c47-973d4b64a326" 404 - "HEAD http://[::1]:8080/v1/AUTH_1792a06c06f74eae9f25cbd83cdb7f18/gnocchi.433c6c9b-c97c-404a-9c47-973d4b64a326" "txbceb31d4b90c46d4b4096-006920b236" "proxy-server 97617" 0.0004 "-" 96325 0
Nov 21 13:40:54 np0005531384.novalocal proxy-server[97617]: - - 21/Nov/2025/18/40/54 HEAD /v1/AUTH_1792a06c06f74eae9f25cbd83cdb7f18/gnocchi.433c6c9b-c97c-404a-9c47-973d4b64a326 HTTP/1.0 404 - Swift - - - - txbceb31d4b90c46d4b4096-006920b236 - 0.0242 CS - 1763750454.325714827 1763750454.349879265 0
Nov 21 13:40:54 np0005531384.novalocal object-server[96620]: ::1 - - [21/Nov/2025:18:40:54 +0000] "GET /1/127944/AUTH_1792a06c06f74eae9f25cbd83cdb7f18/gnocchi.c409126f-c311-4f9a-8d74-baf90eb95b1a/none_v3" 404 70 "GET https://[::1]:8080/v1/AUTH_1792a06c06f74eae9f25cbd83cdb7f18/gnocchi.c409126f-c311-4f9a-8d74-baf90eb95b1a/none_v3" "tx3914055dfc3348d18a26a-006920b235" "proxy-server 97617" 0.0038 "-" 96620 0
Nov 21 13:40:54 np0005531384.novalocal object-server[96621]: ::1 - - [21/Nov/2025:18:40:54 +0000] "GET /3/127037/AUTH_1792a06c06f74eae9f25cbd83cdb7f18/gnocchi.433c6c9b-c97c-404a-9c47-973d4b64a326/none_v3" 404 70 "GET https://[::1]:8080/v1/AUTH_1792a06c06f74eae9f25cbd83cdb7f18/gnocchi.433c6c9b-c97c-404a-9c47-973d4b64a326/none_v3" "txbceb31d4b90c46d4b4096-006920b236" "proxy-server 97617" 0.0280 "-" 96621 0
Nov 21 13:40:54 np0005531384.novalocal object-server[96621]: ::1 - - [21/Nov/2025:18:40:54 +0000] "GET /2/127944/AUTH_1792a06c06f74eae9f25cbd83cdb7f18/gnocchi.c409126f-c311-4f9a-8d74-baf90eb95b1a/none_v3" 404 70 "GET https://[::1]:8080/v1/AUTH_1792a06c06f74eae9f25cbd83cdb7f18/gnocchi.c409126f-c311-4f9a-8d74-baf90eb95b1a/none_v3" "tx3914055dfc3348d18a26a-006920b235" "proxy-server 97617" 0.0006 "-" 96621 0
Nov 21 13:40:54 np0005531384.novalocal object-server[96620]: ::1 - - [21/Nov/2025:18:40:54 +0000] "GET /3/127944/AUTH_1792a06c06f74eae9f25cbd83cdb7f18/gnocchi.c409126f-c311-4f9a-8d74-baf90eb95b1a/none_v3" 404 70 "GET https://[::1]:8080/v1/AUTH_1792a06c06f74eae9f25cbd83cdb7f18/gnocchi.c409126f-c311-4f9a-8d74-baf90eb95b1a/none_v3" "tx3914055dfc3348d18a26a-006920b235" "proxy-server 97617" 0.0004 "-" 96620 0
Nov 21 13:40:54 np0005531384.novalocal object-server[96621]: ::1 - - [21/Nov/2025:18:40:54 +0000] "GET /1/127037/AUTH_1792a06c06f74eae9f25cbd83cdb7f18/gnocchi.433c6c9b-c97c-404a-9c47-973d4b64a326/none_v3" 404 70 "GET https://[::1]:8080/v1/AUTH_1792a06c06f74eae9f25cbd83cdb7f18/gnocchi.433c6c9b-c97c-404a-9c47-973d4b64a326/none_v3" "txbceb31d4b90c46d4b4096-006920b236" "proxy-server 97617" 0.0035 "-" 96621 0
Nov 21 13:40:54 np0005531384.novalocal proxy-server[97617]: ::1 ::1 21/Nov/2025/18/40/54 GET /v1/AUTH_1792a06c06f74eae9f25cbd83cdb7f18/gnocchi.c409126f-c311-4f9a-8d74-baf90eb95b1a/none_v3 HTTP/1.0 404 - python-swiftclient-4.7.0 gAAAAABpILI00T5K... - 70 - tx3914055dfc3348d18a26a-006920b235 - 1.6160 - - 1763750453.167964458 1763750454.783953190 0
Nov 21 13:40:54 np0005531384.novalocal object-server[96620]: ::1 - - [21/Nov/2025:18:40:54 +0000] "GET /2/127037/AUTH_1792a06c06f74eae9f25cbd83cdb7f18/gnocchi.433c6c9b-c97c-404a-9c47-973d4b64a326/none_v3" 404 70 "GET https://[::1]:8080/v1/AUTH_1792a06c06f74eae9f25cbd83cdb7f18/gnocchi.433c6c9b-c97c-404a-9c47-973d4b64a326/none_v3" "txbceb31d4b90c46d4b4096-006920b236" "proxy-server 97617" 0.0003 "-" 96620 0
Nov 21 13:40:54 np0005531384.novalocal proxy-server[97617]: ::1 ::1 21/Nov/2025/18/40/54 GET /v1/AUTH_1792a06c06f74eae9f25cbd83cdb7f18/gnocchi.433c6c9b-c97c-404a-9c47-973d4b64a326/none_v3 HTTP/1.0 404 - python-swiftclient-4.7.0 gAAAAABpILI22Pln... - 70 - txbceb31d4b90c46d4b4096-006920b236 - 0.4755 - - 1763750454.324371099 1763750454.799880266 0
Nov 21 13:40:54 np0005531384.novalocal systemd[1]: NetworkManager-dispatcher.service: Deactivated successfully.
Nov 21 13:40:55 np0005531384.novalocal sudo[104187]: pam_unix(sudo:session): session closed for user root
Nov 21 13:40:55 np0005531384.novalocal systemd[1]: session-c121.scope: Deactivated successfully.
Nov 21 13:40:55 np0005531384.novalocal account-server[96030]: ::1 - - [21/Nov/2025:18:40:55 +0000] "PUT /2/231418/AUTH_1792a06c06f74eae9f25cbd83cdb7f18/gnocchi.433c6c9b-c97c-404a-9c47-973d4b64a326" 201 - "PUT http://[::1]:6001/1/259841/AUTH_1792a06c06f74eae9f25cbd83cdb7f18/gnocchi.433c6c9b-c97c-404a-9c47-973d4b64a326" "tx238c6c95f99a4a6dbbe8c-006920b236" "container-server 96326" 0.0354 "-" 96030 0
Nov 21 13:40:55 np0005531384.novalocal container-server[96326]: ::1 - - [21/Nov/2025:18:40:55 +0000] "PUT /1/259841/AUTH_1792a06c06f74eae9f25cbd83cdb7f18/gnocchi.433c6c9b-c97c-404a-9c47-973d4b64a326" 201 - "PUT https://[::1]:8080/v1/AUTH_1792a06c06f74eae9f25cbd83cdb7f18/gnocchi.433c6c9b-c97c-404a-9c47-973d4b64a326" "tx238c6c95f99a4a6dbbe8c-006920b236" "proxy-server 97617" 0.3582 "-" 96326 0
Nov 21 13:40:55 np0005531384.novalocal account-server[96030]: ::1 - - [21/Nov/2025:18:40:55 +0000] "PUT /1/231418/AUTH_1792a06c06f74eae9f25cbd83cdb7f18/gnocchi.433c6c9b-c97c-404a-9c47-973d4b64a326" 201 - "PUT http://[::1]:6001/2/259841/AUTH_1792a06c06f74eae9f25cbd83cdb7f18/gnocchi.433c6c9b-c97c-404a-9c47-973d4b64a326" "tx238c6c95f99a4a6dbbe8c-006920b236" "container-server 96326" 0.0039 "-" 96030 0
Nov 21 13:40:55 np0005531384.novalocal container-server[96326]: ::1 - - [21/Nov/2025:18:40:55 +0000] "PUT /2/259841/AUTH_1792a06c06f74eae9f25cbd83cdb7f18/gnocchi.433c6c9b-c97c-404a-9c47-973d4b64a326" 201 - "PUT https://[::1]:8080/v1/AUTH_1792a06c06f74eae9f25cbd83cdb7f18/gnocchi.433c6c9b-c97c-404a-9c47-973d4b64a326" "tx238c6c95f99a4a6dbbe8c-006920b236" "proxy-server 97617" 0.0519 "-" 96326 0
Nov 21 13:40:55 np0005531384.novalocal account-server[96030]: ::1 - - [21/Nov/2025:18:40:55 +0000] "PUT /3/231418/AUTH_1792a06c06f74eae9f25cbd83cdb7f18/gnocchi.433c6c9b-c97c-404a-9c47-973d4b64a326" 201 - "PUT http://[::1]:6001/3/259841/AUTH_1792a06c06f74eae9f25cbd83cdb7f18/gnocchi.433c6c9b-c97c-404a-9c47-973d4b64a326" "tx238c6c95f99a4a6dbbe8c-006920b236" "container-server 96325" 0.0032 "-" 96030 0
Nov 21 13:40:55 np0005531384.novalocal container-server[96325]: ::1 - - [21/Nov/2025:18:40:55 +0000] "PUT /3/259841/AUTH_1792a06c06f74eae9f25cbd83cdb7f18/gnocchi.433c6c9b-c97c-404a-9c47-973d4b64a326" 201 - "PUT https://[::1]:8080/v1/AUTH_1792a06c06f74eae9f25cbd83cdb7f18/gnocchi.433c6c9b-c97c-404a-9c47-973d4b64a326" "tx238c6c95f99a4a6dbbe8c-006920b236" "proxy-server 97617" 0.0166 "-" 96325 0
Nov 21 13:40:55 np0005531384.novalocal proxy-server[97617]: ::1 ::1 21/Nov/2025/18/40/55 PUT /v1/AUTH_1792a06c06f74eae9f25cbd83cdb7f18/gnocchi.433c6c9b-c97c-404a-9c47-973d4b64a326 HTTP/1.0 201 - python-swiftclient-4.7.0 gAAAAABpILI22Pln... - - - tx238c6c95f99a4a6dbbe8c-006920b236 - 0.4437 - - 1763750454.856511593 1763750455.300197840 0
Nov 21 13:40:55 np0005531384.novalocal account-server[96031]: ::1 - - [21/Nov/2025:18:40:55 +0000] "PUT /1/231418/AUTH_1792a06c06f74eae9f25cbd83cdb7f18/gnocchi.c409126f-c311-4f9a-8d74-baf90eb95b1a" 201 - "PUT http://[::1]:6001/2/169781/AUTH_1792a06c06f74eae9f25cbd83cdb7f18/gnocchi.c409126f-c311-4f9a-8d74-baf90eb95b1a" "tx0eaea07e41964259b1ef5-006920b236" "container-server 96325" 0.0330 "-" 96031 0
Nov 21 13:40:55 np0005531384.novalocal container-server[96325]: ::1 - - [21/Nov/2025:18:40:55 +0000] "PUT /2/169781/AUTH_1792a06c06f74eae9f25cbd83cdb7f18/gnocchi.c409126f-c311-4f9a-8d74-baf90eb95b1a" 201 - "PUT https://[::1]:8080/v1/AUTH_1792a06c06f74eae9f25cbd83cdb7f18/gnocchi.c409126f-c311-4f9a-8d74-baf90eb95b1a" "tx0eaea07e41964259b1ef5-006920b236" "proxy-server 97617" 0.4568 "-" 96325 0
Nov 21 13:40:55 np0005531384.novalocal account-server[96031]: ::1 - - [21/Nov/2025:18:40:55 +0000] "PUT /3/231418/AUTH_1792a06c06f74eae9f25cbd83cdb7f18/gnocchi.c409126f-c311-4f9a-8d74-baf90eb95b1a" 201 - "PUT http://[::1]:6001/3/169781/AUTH_1792a06c06f74eae9f25cbd83cdb7f18/gnocchi.c409126f-c311-4f9a-8d74-baf90eb95b1a" "tx0eaea07e41964259b1ef5-006920b236" "container-server 96325" 0.0111 "-" 96031 0
Nov 21 13:40:55 np0005531384.novalocal container-server[96325]: ::1 - - [21/Nov/2025:18:40:55 +0000] "PUT /3/169781/AUTH_1792a06c06f74eae9f25cbd83cdb7f18/gnocchi.c409126f-c311-4f9a-8d74-baf90eb95b1a" 201 - "PUT https://[::1]:8080/v1/AUTH_1792a06c06f74eae9f25cbd83cdb7f18/gnocchi.c409126f-c311-4f9a-8d74-baf90eb95b1a" "tx0eaea07e41964259b1ef5-006920b236" "proxy-server 97617" 0.0588 "-" 96325 0
Nov 21 13:40:55 np0005531384.novalocal account-server[96031]: ::1 - - [21/Nov/2025:18:40:55 +0000] "PUT /2/231418/AUTH_1792a06c06f74eae9f25cbd83cdb7f18/gnocchi.c409126f-c311-4f9a-8d74-baf90eb95b1a" 201 - "PUT http://[::1]:6001/1/169781/AUTH_1792a06c06f74eae9f25cbd83cdb7f18/gnocchi.c409126f-c311-4f9a-8d74-baf90eb95b1a" "tx0eaea07e41964259b1ef5-006920b236" "container-server 96325" 0.0138 "-" 96031 0
Nov 21 13:40:55 np0005531384.novalocal container-server[96325]: ::1 - - [21/Nov/2025:18:40:55 +0000] "PUT /1/169781/AUTH_1792a06c06f74eae9f25cbd83cdb7f18/gnocchi.c409126f-c311-4f9a-8d74-baf90eb95b1a" 201 - "PUT https://[::1]:8080/v1/AUTH_1792a06c06f74eae9f25cbd83cdb7f18/gnocchi.c409126f-c311-4f9a-8d74-baf90eb95b1a" "tx0eaea07e41964259b1ef5-006920b236" "proxy-server 97617" 0.1372 "-" 96325 0
Nov 21 13:40:55 np0005531384.novalocal proxy-server[97617]: ::1 ::1 21/Nov/2025/18/40/55 PUT /v1/AUTH_1792a06c06f74eae9f25cbd83cdb7f18/gnocchi.c409126f-c311-4f9a-8d74-baf90eb95b1a HTTP/1.0 201 - python-swiftclient-4.7.0 gAAAAABpILI00T5K... - - - tx0eaea07e41964259b1ef5-006920b236 - 0.5377 - - 1763750454.807087660 1763750455.344782591 0
Nov 21 13:40:55 np0005531384.novalocal container-server[96326]: ::1 - - [21/Nov/2025:18:40:55 +0000] "HEAD /3/259841/AUTH_1792a06c06f74eae9f25cbd83cdb7f18/gnocchi.433c6c9b-c97c-404a-9c47-973d4b64a326" 204 - "HEAD http://[::1]:8080/v1/AUTH_1792a06c06f74eae9f25cbd83cdb7f18/gnocchi.433c6c9b-c97c-404a-9c47-973d4b64a326" "tx2eed5fc293aa4089a5dc6-006920b237" "proxy-server 97617" 0.0036 "-" 96326 0
Nov 21 13:40:55 np0005531384.novalocal container-server[96326]: ::1 - - [21/Nov/2025:18:40:55 +0000] "HEAD /1/169781/AUTH_1792a06c06f74eae9f25cbd83cdb7f18/gnocchi.c409126f-c311-4f9a-8d74-baf90eb95b1a" 204 - "HEAD http://[::1]:8080/v1/AUTH_1792a06c06f74eae9f25cbd83cdb7f18/gnocchi.c409126f-c311-4f9a-8d74-baf90eb95b1a" "tx0df4bdc3192541eaa5d63-006920b237" "proxy-server 97617" 0.0016 "-" 96326 0
Nov 21 13:40:55 np0005531384.novalocal proxy-server[97617]: - - 21/Nov/2025/18/40/55 HEAD /v1/AUTH_1792a06c06f74eae9f25cbd83cdb7f18/gnocchi.433c6c9b-c97c-404a-9c47-973d4b64a326 HTTP/1.0 204 - Swift - - - - tx2eed5fc293aa4089a5dc6-006920b237 - 0.0103 CS - 1763750455.406862736 1763750455.417160034 0
Nov 21 13:40:55 np0005531384.novalocal proxy-server[97617]: - - 21/Nov/2025/18/40/55 HEAD /v1/AUTH_1792a06c06f74eae9f25cbd83cdb7f18/gnocchi.c409126f-c311-4f9a-8d74-baf90eb95b1a HTTP/1.0 204 - Swift - - - - tx0df4bdc3192541eaa5d63-006920b237 - 0.0118 CS - 1763750455.408184290 1763750455.419960737 0
Nov 21 13:40:55 np0005531384.novalocal container-server[96325]: ::1 - - [21/Nov/2025:18:40:55 +0000] "GET /3/259841/AUTH_1792a06c06f74eae9f25cbd83cdb7f18/gnocchi.433c6c9b-c97c-404a-9c47-973d4b64a326" 200 2 "GET https://[::1]:8080/v1/AUTH_1792a06c06f74eae9f25cbd83cdb7f18/gnocchi.433c6c9b-c97c-404a-9c47-973d4b64a326?format=json&states=listing" "tx2eed5fc293aa4089a5dc6-006920b237" "proxy-server 97617" 0.0105 "-" 96325 0
Nov 21 13:40:55 np0005531384.novalocal container-server[96325]: ::1 - - [21/Nov/2025:18:40:55 +0000] "GET /2/169781/AUTH_1792a06c06f74eae9f25cbd83cdb7f18/gnocchi.c409126f-c311-4f9a-8d74-baf90eb95b1a" 200 2 "GET https://[::1]:8080/v1/AUTH_1792a06c06f74eae9f25cbd83cdb7f18/gnocchi.c409126f-c311-4f9a-8d74-baf90eb95b1a?format=json&states=listing" "tx0df4bdc3192541eaa5d63-006920b237" "proxy-server 97617" 0.0029 "-" 96325 0
Nov 21 13:40:55 np0005531384.novalocal proxy-server[97617]: ::1 ::1 21/Nov/2025/18/40/55 GET /v1/AUTH_1792a06c06f74eae9f25cbd83cdb7f18/gnocchi.433c6c9b-c97c-404a-9c47-973d4b64a326%3Fformat%3Djson%26states%3Dlisting HTTP/1.0 200 - python-swiftclient-4.7.0 gAAAAABpILI22Pln... - 2 - tx2eed5fc293aa4089a5dc6-006920b237 - 0.0425 - - 1763750455.405385494 1763750455.447845697 0
Nov 21 13:40:55 np0005531384.novalocal proxy-server[97617]: ::1 ::1 21/Nov/2025/18/40/55 GET /v1/AUTH_1792a06c06f74eae9f25cbd83cdb7f18/gnocchi.c409126f-c311-4f9a-8d74-baf90eb95b1a%3Fformat%3Djson%26states%3Dlisting HTTP/1.0 200 - python-swiftclient-4.7.0 gAAAAABpILI00T5K... - 2 - tx0df4bdc3192541eaa5d63-006920b237 - 0.0688 - - 1763750455.384289503 1763750455.453089237 0
Nov 21 13:40:55 np0005531384.novalocal object-server[96620]: ::1 - - [21/Nov/2025:18:40:55 +0000] "GET /3/56517/AUTH_1792a06c06f74eae9f25cbd83cdb7f18/gnocchi.433c6c9b-c97c-404a-9c47-973d4b64a326/1763640000.0_mean_300.0_v3" 404 70 "GET https://[::1]:8080/v1/AUTH_1792a06c06f74eae9f25cbd83cdb7f18/gnocchi.433c6c9b-c97c-404a-9c47-973d4b64a326/1763640000.0_mean_300.0_v3" "txfebd378dbe8e4a5badf27-006920b237" "proxy-server 97617" 0.0008 "-" 96620 0
Nov 21 13:40:55 np0005531384.novalocal object-server[96621]: ::1 - - [21/Nov/2025:18:40:55 +0000] "GET /1/91986/AUTH_1792a06c06f74eae9f25cbd83cdb7f18/gnocchi.c409126f-c311-4f9a-8d74-baf90eb95b1a/1763640000.0_mean_300.0_v3" 404 70 "GET https://[::1]:8080/v1/AUTH_1792a06c06f74eae9f25cbd83cdb7f18/gnocchi.c409126f-c311-4f9a-8d74-baf90eb95b1a/1763640000.0_mean_300.0_v3" "tx45a77f290a574163b39b4-006920b237" "proxy-server 97617" 0.0006 "-" 96621 0
Nov 21 13:40:55 np0005531384.novalocal object-server[96621]: ::1 - - [21/Nov/2025:18:40:55 +0000] "GET /1/56517/AUTH_1792a06c06f74eae9f25cbd83cdb7f18/gnocchi.433c6c9b-c97c-404a-9c47-973d4b64a326/1763640000.0_mean_300.0_v3" 404 70 "GET https://[::1]:8080/v1/AUTH_1792a06c06f74eae9f25cbd83cdb7f18/gnocchi.433c6c9b-c97c-404a-9c47-973d4b64a326/1763640000.0_mean_300.0_v3" "txfebd378dbe8e4a5badf27-006920b237" "proxy-server 97617" 0.0003 "-" 96621 0
Nov 21 13:40:55 np0005531384.novalocal object-server[96621]: ::1 - - [21/Nov/2025:18:40:55 +0000] "GET /2/91986/AUTH_1792a06c06f74eae9f25cbd83cdb7f18/gnocchi.c409126f-c311-4f9a-8d74-baf90eb95b1a/1763640000.0_mean_300.0_v3" 404 70 "GET https://[::1]:8080/v1/AUTH_1792a06c06f74eae9f25cbd83cdb7f18/gnocchi.c409126f-c311-4f9a-8d74-baf90eb95b1a/1763640000.0_mean_300.0_v3" "tx45a77f290a574163b39b4-006920b237" "proxy-server 97617" 0.0002 "-" 96621 0
Nov 21 13:40:55 np0005531384.novalocal object-server[96621]: ::1 - - [21/Nov/2025:18:40:55 +0000] "GET /2/56517/AUTH_1792a06c06f74eae9f25cbd83cdb7f18/gnocchi.433c6c9b-c97c-404a-9c47-973d4b64a326/1763640000.0_mean_300.0_v3" 404 70 "GET https://[::1]:8080/v1/AUTH_1792a06c06f74eae9f25cbd83cdb7f18/gnocchi.433c6c9b-c97c-404a-9c47-973d4b64a326/1763640000.0_mean_300.0_v3" "txfebd378dbe8e4a5badf27-006920b237" "proxy-server 97617" 0.0004 "-" 96621 0
Nov 21 13:40:55 np0005531384.novalocal proxy-server[97617]: ::1 ::1 21/Nov/2025/18/40/55 GET /v1/AUTH_1792a06c06f74eae9f25cbd83cdb7f18/gnocchi.433c6c9b-c97c-404a-9c47-973d4b64a326/1763640000.0_mean_300.0_v3 HTTP/1.0 404 - python-swiftclient-4.7.0 gAAAAABpILI22Pln... - 70 - txfebd378dbe8e4a5badf27-006920b237 - 0.0238 - - 1763750455.468032837 1763750455.491807699 0
Nov 21 13:40:55 np0005531384.novalocal object-server[96621]: ::1 - - [21/Nov/2025:18:40:55 +0000] "GET /3/91986/AUTH_1792a06c06f74eae9f25cbd83cdb7f18/gnocchi.c409126f-c311-4f9a-8d74-baf90eb95b1a/1763640000.0_mean_300.0_v3" 404 70 "GET https://[::1]:8080/v1/AUTH_1792a06c06f74eae9f25cbd83cdb7f18/gnocchi.c409126f-c311-4f9a-8d74-baf90eb95b1a/1763640000.0_mean_300.0_v3" "tx45a77f290a574163b39b4-006920b237" "proxy-server 97617" 0.0002 "-" 96621 0
Nov 21 13:40:55 np0005531384.novalocal proxy-server[97617]: ::1 ::1 21/Nov/2025/18/40/55 GET /v1/AUTH_1792a06c06f74eae9f25cbd83cdb7f18/gnocchi.c409126f-c311-4f9a-8d74-baf90eb95b1a/1763640000.0_mean_300.0_v3 HTTP/1.0 404 - python-swiftclient-4.7.0 gAAAAABpILI00T5K... - 70 - tx45a77f290a574163b39b4-006920b237 - 0.0200 - - 1763750455.473951340 1763750455.493997097 0
Nov 21 13:40:55 np0005531384.novalocal container-server[96325]: ::1 - - [21/Nov/2025:18:40:55 +0000] "PUT /2/259841/AUTH_1792a06c06f74eae9f25cbd83cdb7f18/gnocchi.433c6c9b-c97c-404a-9c47-973d4b64a326/1763640000.0_mean_300.0_v3" 201 - "PUT http://[::1]:8080/2/56517/AUTH_1792a06c06f74eae9f25cbd83cdb7f18/gnocchi.433c6c9b-c97c-404a-9c47-973d4b64a326/1763640000.0_mean_300.0_v3" "tx33c16e0107c640029e180-006920b237" "object-server 96620" 0.0108 "-" 96325 0
Nov 21 13:40:55 np0005531384.novalocal container-server[96326]: ::1 - - [21/Nov/2025:18:40:55 +0000] "PUT /2/169781/AUTH_1792a06c06f74eae9f25cbd83cdb7f18/gnocchi.c409126f-c311-4f9a-8d74-baf90eb95b1a/1763640000.0_mean_300.0_v3" 201 - "PUT http://[::1]:8080/2/91986/AUTH_1792a06c06f74eae9f25cbd83cdb7f18/gnocchi.c409126f-c311-4f9a-8d74-baf90eb95b1a/1763640000.0_mean_300.0_v3" "txa81b7c59e4a34d4a97c37-006920b237" "object-server 96620" 0.0040 "-" 96326 0
Nov 21 13:40:55 np0005531384.novalocal object-server[96620]: ::1 - - [21/Nov/2025:18:40:55 +0000] "PUT /2/56517/AUTH_1792a06c06f74eae9f25cbd83cdb7f18/gnocchi.433c6c9b-c97c-404a-9c47-973d4b64a326/1763640000.0_mean_300.0_v3" 201 - "PUT https://[::1]:8080/v1/AUTH_1792a06c06f74eae9f25cbd83cdb7f18/gnocchi.433c6c9b-c97c-404a-9c47-973d4b64a326/1763640000.0_mean_300.0_v3" "tx33c16e0107c640029e180-006920b237" "proxy-server 97617" 0.1100 "-" 96620 0
Nov 21 13:40:55 np0005531384.novalocal container-server[96325]: ::1 - - [21/Nov/2025:18:40:55 +0000] "PUT /3/259841/AUTH_1792a06c06f74eae9f25cbd83cdb7f18/gnocchi.433c6c9b-c97c-404a-9c47-973d4b64a326/1763640000.0_mean_300.0_v3" 201 - "PUT http://[::1]:8080/1/56517/AUTH_1792a06c06f74eae9f25cbd83cdb7f18/gnocchi.433c6c9b-c97c-404a-9c47-973d4b64a326/1763640000.0_mean_300.0_v3" "tx33c16e0107c640029e180-006920b237" "object-server 96621" 0.0010 "-" 96325 0
Nov 21 13:40:55 np0005531384.novalocal object-server[96620]: ::1 - - [21/Nov/2025:18:40:55 +0000] "PUT /2/91986/AUTH_1792a06c06f74eae9f25cbd83cdb7f18/gnocchi.c409126f-c311-4f9a-8d74-baf90eb95b1a/1763640000.0_mean_300.0_v3" 201 - "PUT https://[::1]:8080/v1/AUTH_1792a06c06f74eae9f25cbd83cdb7f18/gnocchi.c409126f-c311-4f9a-8d74-baf90eb95b1a/1763640000.0_mean_300.0_v3" "txa81b7c59e4a34d4a97c37-006920b237" "proxy-server 97617" 0.1012 "-" 96620 0
Nov 21 13:40:55 np0005531384.novalocal object-server[96621]: ::1 - - [21/Nov/2025:18:40:55 +0000] "PUT /1/56517/AUTH_1792a06c06f74eae9f25cbd83cdb7f18/gnocchi.433c6c9b-c97c-404a-9c47-973d4b64a326/1763640000.0_mean_300.0_v3" 201 - "PUT https://[::1]:8080/v1/AUTH_1792a06c06f74eae9f25cbd83cdb7f18/gnocchi.433c6c9b-c97c-404a-9c47-973d4b64a326/1763640000.0_mean_300.0_v3" "tx33c16e0107c640029e180-006920b237" "proxy-server 97617" 0.0888 "-" 96621 0
Nov 21 13:40:55 np0005531384.novalocal container-server[96326]: ::1 - - [21/Nov/2025:18:40:55 +0000] "PUT /1/169781/AUTH_1792a06c06f74eae9f25cbd83cdb7f18/gnocchi.c409126f-c311-4f9a-8d74-baf90eb95b1a/1763640000.0_mean_300.0_v3" 201 - "PUT http://[::1]:8080/3/91986/AUTH_1792a06c06f74eae9f25cbd83cdb7f18/gnocchi.c409126f-c311-4f9a-8d74-baf90eb95b1a/1763640000.0_mean_300.0_v3" "txa81b7c59e4a34d4a97c37-006920b237" "object-server 96621" 0.0006 "-" 96326 0
Nov 21 13:40:55 np0005531384.novalocal container-server[96325]: ::1 - - [21/Nov/2025:18:40:55 +0000] "PUT /1/259841/AUTH_1792a06c06f74eae9f25cbd83cdb7f18/gnocchi.433c6c9b-c97c-404a-9c47-973d4b64a326/1763640000.0_mean_300.0_v3" 201 - "PUT http://[::1]:8080/3/56517/AUTH_1792a06c06f74eae9f25cbd83cdb7f18/gnocchi.433c6c9b-c97c-404a-9c47-973d4b64a326/1763640000.0_mean_300.0_v3" "tx33c16e0107c640029e180-006920b237" "object-server 96621" 0.0010 "-" 96325 0
Nov 21 13:40:55 np0005531384.novalocal container-server[96326]: ::1 - - [21/Nov/2025:18:40:55 +0000] "PUT /3/169781/AUTH_1792a06c06f74eae9f25cbd83cdb7f18/gnocchi.c409126f-c311-4f9a-8d74-baf90eb95b1a/1763640000.0_mean_300.0_v3" 201 - "PUT http://[::1]:8080/1/91986/AUTH_1792a06c06f74eae9f25cbd83cdb7f18/gnocchi.c409126f-c311-4f9a-8d74-baf90eb95b1a/1763640000.0_mean_300.0_v3" "txa81b7c59e4a34d4a97c37-006920b237" "object-server 96621" 0.0004 "-" 96326 0
Nov 21 13:40:55 np0005531384.novalocal object-server[96621]: ::1 - - [21/Nov/2025:18:40:55 +0000] "PUT /3/91986/AUTH_1792a06c06f74eae9f25cbd83cdb7f18/gnocchi.c409126f-c311-4f9a-8d74-baf90eb95b1a/1763640000.0_mean_300.0_v3" 201 - "PUT https://[::1]:8080/v1/AUTH_1792a06c06f74eae9f25cbd83cdb7f18/gnocchi.c409126f-c311-4f9a-8d74-baf90eb95b1a/1763640000.0_mean_300.0_v3" "txa81b7c59e4a34d4a97c37-006920b237" "proxy-server 97617" 0.0830 "-" 96621 0
Nov 21 13:40:55 np0005531384.novalocal object-server[96621]: ::1 - - [21/Nov/2025:18:40:55 +0000] "PUT /1/91986/AUTH_1792a06c06f74eae9f25cbd83cdb7f18/gnocchi.c409126f-c311-4f9a-8d74-baf90eb95b1a/1763640000.0_mean_300.0_v3" 201 - "PUT https://[::1]:8080/v1/AUTH_1792a06c06f74eae9f25cbd83cdb7f18/gnocchi.c409126f-c311-4f9a-8d74-baf90eb95b1a/1763640000.0_mean_300.0_v3" "txa81b7c59e4a34d4a97c37-006920b237" "proxy-server 97617" 0.0919 "-" 96621 0
Nov 21 13:40:55 np0005531384.novalocal object-server[96621]: ::1 - - [21/Nov/2025:18:40:55 +0000] "PUT /3/56517/AUTH_1792a06c06f74eae9f25cbd83cdb7f18/gnocchi.433c6c9b-c97c-404a-9c47-973d4b64a326/1763640000.0_mean_300.0_v3" 201 - "PUT https://[::1]:8080/v1/AUTH_1792a06c06f74eae9f25cbd83cdb7f18/gnocchi.433c6c9b-c97c-404a-9c47-973d4b64a326/1763640000.0_mean_300.0_v3" "tx33c16e0107c640029e180-006920b237" "proxy-server 97617" 0.1298 "-" 96621 0
Nov 21 13:40:55 np0005531384.novalocal proxy-server[97617]: ::1 ::1 21/Nov/2025/18/40/55 PUT /v1/AUTH_1792a06c06f74eae9f25cbd83cdb7f18/gnocchi.c409126f-c311-4f9a-8d74-baf90eb95b1a/1763640000.0_mean_300.0_v3 HTTP/1.0 201 - python-swiftclient-4.7.0 gAAAAABpILI00T5K... 16 - - txa81b7c59e4a34d4a97c37-006920b237 - 0.1379 - - 1763750455.518685579 1763750455.656621933 0
Nov 21 13:40:55 np0005531384.novalocal proxy-server[97617]: ::1 ::1 21/Nov/2025/18/40/55 PUT /v1/AUTH_1792a06c06f74eae9f25cbd83cdb7f18/gnocchi.433c6c9b-c97c-404a-9c47-973d4b64a326/1763640000.0_mean_300.0_v3 HTTP/1.0 201 - python-swiftclient-4.7.0 gAAAAABpILI22Pln... 16 - - tx33c16e0107c640029e180-006920b237 - 0.1635 - - 1763750455.495573759 1763750455.659032822 0
Nov 21 13:40:55 np0005531384.novalocal container-server[96326]: ::1 - - [21/Nov/2025:18:40:55 +0000] "PUT /2/169781/AUTH_1792a06c06f74eae9f25cbd83cdb7f18/gnocchi.c409126f-c311-4f9a-8d74-baf90eb95b1a/none_v3" 201 - "PUT http://[::1]:8080/1/127944/AUTH_1792a06c06f74eae9f25cbd83cdb7f18/gnocchi.c409126f-c311-4f9a-8d74-baf90eb95b1a/none_v3" "tx5c95292201674a0ab8495-006920b237" "object-server 96621" 0.0008 "-" 96326 0
Nov 21 13:40:55 np0005531384.novalocal object-server[96621]: ::1 - - [21/Nov/2025:18:40:55 +0000] "PUT /1/127944/AUTH_1792a06c06f74eae9f25cbd83cdb7f18/gnocchi.c409126f-c311-4f9a-8d74-baf90eb95b1a/none_v3" 201 - "PUT https://[::1]:8080/v1/AUTH_1792a06c06f74eae9f25cbd83cdb7f18/gnocchi.c409126f-c311-4f9a-8d74-baf90eb95b1a/none_v3" "tx5c95292201674a0ab8495-006920b237" "proxy-server 97617" 0.0357 "-" 96621 0
Nov 21 13:40:55 np0005531384.novalocal container-server[96325]: ::1 - - [21/Nov/2025:18:40:55 +0000] "PUT /3/169781/AUTH_1792a06c06f74eae9f25cbd83cdb7f18/gnocchi.c409126f-c311-4f9a-8d74-baf90eb95b1a/none_v3" 201 - "PUT http://[::1]:8080/2/127944/AUTH_1792a06c06f74eae9f25cbd83cdb7f18/gnocchi.c409126f-c311-4f9a-8d74-baf90eb95b1a/none_v3" "tx5c95292201674a0ab8495-006920b237" "object-server 96621" 0.0004 "-" 96325 0
Nov 21 13:40:55 np0005531384.novalocal container-server[96325]: ::1 - - [21/Nov/2025:18:40:55 +0000] "PUT /3/259841/AUTH_1792a06c06f74eae9f25cbd83cdb7f18/gnocchi.433c6c9b-c97c-404a-9c47-973d4b64a326/none_v3" 201 - "PUT http://[::1]:8080/2/127037/AUTH_1792a06c06f74eae9f25cbd83cdb7f18/gnocchi.433c6c9b-c97c-404a-9c47-973d4b64a326/none_v3" "tx3baeea32ea624ffe8b56c-006920b237" "object-server 96620" 0.0003 "-" 96325 0
Nov 21 13:40:55 np0005531384.novalocal object-server[96621]: ::1 - - [21/Nov/2025:18:40:55 +0000] "PUT /2/127944/AUTH_1792a06c06f74eae9f25cbd83cdb7f18/gnocchi.c409126f-c311-4f9a-8d74-baf90eb95b1a/none_v3" 201 - "PUT https://[::1]:8080/v1/AUTH_1792a06c06f74eae9f25cbd83cdb7f18/gnocchi.c409126f-c311-4f9a-8d74-baf90eb95b1a/none_v3" "tx5c95292201674a0ab8495-006920b237" "proxy-server 97617" 0.0360 "-" 96621 0
Nov 21 13:40:55 np0005531384.novalocal container-server[96326]: ::1 - - [21/Nov/2025:18:40:55 +0000] "PUT /1/169781/AUTH_1792a06c06f74eae9f25cbd83cdb7f18/gnocchi.c409126f-c311-4f9a-8d74-baf90eb95b1a/none_v3" 201 - "PUT http://[::1]:8080/3/127944/AUTH_1792a06c06f74eae9f25cbd83cdb7f18/gnocchi.c409126f-c311-4f9a-8d74-baf90eb95b1a/none_v3" "tx5c95292201674a0ab8495-006920b237" "object-server 96620" 0.0006 "-" 96326 0
Nov 21 13:40:55 np0005531384.novalocal container-server[96326]: ::1 - - [21/Nov/2025:18:40:55 +0000] "PUT /1/259841/AUTH_1792a06c06f74eae9f25cbd83cdb7f18/gnocchi.433c6c9b-c97c-404a-9c47-973d4b64a326/none_v3" 201 - "PUT http://[::1]:8080/3/127037/AUTH_1792a06c06f74eae9f25cbd83cdb7f18/gnocchi.433c6c9b-c97c-404a-9c47-973d4b64a326/none_v3" "tx3baeea32ea624ffe8b56c-006920b237" "object-server 96620" 0.0004 "-" 96326 0
Nov 21 13:40:55 np0005531384.novalocal object-server[96620]: ::1 - - [21/Nov/2025:18:40:55 +0000] "PUT /3/127944/AUTH_1792a06c06f74eae9f25cbd83cdb7f18/gnocchi.c409126f-c311-4f9a-8d74-baf90eb95b1a/none_v3" 201 - "PUT https://[::1]:8080/v1/AUTH_1792a06c06f74eae9f25cbd83cdb7f18/gnocchi.c409126f-c311-4f9a-8d74-baf90eb95b1a/none_v3" "tx5c95292201674a0ab8495-006920b237" "proxy-server 97617" 0.0499 "-" 96620 0
Nov 21 13:40:55 np0005531384.novalocal object-server[96620]: ::1 - - [21/Nov/2025:18:40:55 +0000] "PUT /3/127037/AUTH_1792a06c06f74eae9f25cbd83cdb7f18/gnocchi.433c6c9b-c97c-404a-9c47-973d4b64a326/none_v3" 201 - "PUT https://[::1]:8080/v1/AUTH_1792a06c06f74eae9f25cbd83cdb7f18/gnocchi.433c6c9b-c97c-404a-9c47-973d4b64a326/none_v3" "tx3baeea32ea624ffe8b56c-006920b237" "proxy-server 97617" 0.0340 "-" 96620 0
Nov 21 13:40:55 np0005531384.novalocal proxy-server[97617]: ::1 ::1 21/Nov/2025/18/40/55 PUT /v1/AUTH_1792a06c06f74eae9f25cbd83cdb7f18/gnocchi.c409126f-c311-4f9a-8d74-baf90eb95b1a/none_v3 HTTP/1.0 201 - python-swiftclient-4.7.0 gAAAAABpILI00T5K... 22 - - tx5c95292201674a0ab8495-006920b237 - 0.0716 - - 1763750455.662851572 1763750455.734453917 0
Nov 21 13:40:55 np0005531384.novalocal object-server[96620]: ::1 - - [21/Nov/2025:18:40:55 +0000] "PUT /2/127037/AUTH_1792a06c06f74eae9f25cbd83cdb7f18/gnocchi.433c6c9b-c97c-404a-9c47-973d4b64a326/none_v3" 201 - "PUT https://[::1]:8080/v1/AUTH_1792a06c06f74eae9f25cbd83cdb7f18/gnocchi.433c6c9b-c97c-404a-9c47-973d4b64a326/none_v3" "tx3baeea32ea624ffe8b56c-006920b237" "proxy-server 97617" 0.0263 "-" 96620 0
Nov 21 13:40:55 np0005531384.novalocal container-server[96326]: ::1 - - [21/Nov/2025:18:40:55 +0000] "PUT /2/259841/AUTH_1792a06c06f74eae9f25cbd83cdb7f18/gnocchi.433c6c9b-c97c-404a-9c47-973d4b64a326/none_v3" 201 - "PUT http://[::1]:8080/1/127037/AUTH_1792a06c06f74eae9f25cbd83cdb7f18/gnocchi.433c6c9b-c97c-404a-9c47-973d4b64a326/none_v3" "tx3baeea32ea624ffe8b56c-006920b237" "object-server 96620" 0.0005 "-" 96326 0
Nov 21 13:40:55 np0005531384.novalocal object-server[96620]: ::1 - - [21/Nov/2025:18:40:55 +0000] "PUT /1/127037/AUTH_1792a06c06f74eae9f25cbd83cdb7f18/gnocchi.433c6c9b-c97c-404a-9c47-973d4b64a326/none_v3" 201 - "PUT https://[::1]:8080/v1/AUTH_1792a06c06f74eae9f25cbd83cdb7f18/gnocchi.433c6c9b-c97c-404a-9c47-973d4b64a326/none_v3" "tx3baeea32ea624ffe8b56c-006920b237" "proxy-server 97617" 0.0355 "-" 96620 0
Nov 21 13:40:55 np0005531384.novalocal proxy-server[97617]: ::1 ::1 21/Nov/2025/18/40/55 PUT /v1/AUTH_1792a06c06f74eae9f25cbd83cdb7f18/gnocchi.433c6c9b-c97c-404a-9c47-973d4b64a326/none_v3 HTTP/1.0 201 - python-swiftclient-4.7.0 gAAAAABpILI22Pln... 22 - - tx3baeea32ea624ffe8b56c-006920b237 - 0.0636 - - 1763750455.676858425 1763750455.740424871 0
Nov 21 13:40:55 np0005531384.novalocal container-server[96325]: ::1 - - [21/Nov/2025:18:40:55 +0000] "HEAD /2/232218/AUTH_1792a06c06f74eae9f25cbd83cdb7f18/gnocchi.bed6db6b-e2a1-4117-ae3a-f65dac51c9c0" 404 - "HEAD http://[::1]:8080/v1/AUTH_1792a06c06f74eae9f25cbd83cdb7f18/gnocchi.bed6db6b-e2a1-4117-ae3a-f65dac51c9c0" "tx0d6cf1cba9ca4eaba1373-006920b237" "proxy-server 97617" 0.0003 "-" 96325 0
Nov 21 13:40:55 np0005531384.novalocal container-server[96325]: ::1 - - [21/Nov/2025:18:40:55 +0000] "HEAD /3/232218/AUTH_1792a06c06f74eae9f25cbd83cdb7f18/gnocchi.bed6db6b-e2a1-4117-ae3a-f65dac51c9c0" 404 - "HEAD http://[::1]:8080/v1/AUTH_1792a06c06f74eae9f25cbd83cdb7f18/gnocchi.bed6db6b-e2a1-4117-ae3a-f65dac51c9c0" "tx0d6cf1cba9ca4eaba1373-006920b237" "proxy-server 97617" 0.0010 "-" 96325 0
Nov 21 13:40:55 np0005531384.novalocal container-server[96326]: ::1 - - [21/Nov/2025:18:40:55 +0000] "HEAD /1/232218/AUTH_1792a06c06f74eae9f25cbd83cdb7f18/gnocchi.bed6db6b-e2a1-4117-ae3a-f65dac51c9c0" 404 - "HEAD http://[::1]:8080/v1/AUTH_1792a06c06f74eae9f25cbd83cdb7f18/gnocchi.bed6db6b-e2a1-4117-ae3a-f65dac51c9c0" "tx0d6cf1cba9ca4eaba1373-006920b237" "proxy-server 97617" 0.0003 "-" 96326 0
Nov 21 13:40:55 np0005531384.novalocal proxy-server[97617]: - - 21/Nov/2025/18/40/55 HEAD /v1/AUTH_1792a06c06f74eae9f25cbd83cdb7f18/gnocchi.bed6db6b-e2a1-4117-ae3a-f65dac51c9c0 HTTP/1.0 404 - Swift - - - - tx0d6cf1cba9ca4eaba1373-006920b237 - 0.0132 CS - 1763750455.778661489 1763750455.791815758 0
Nov 21 13:40:55 np0005531384.novalocal object-server[96620]: ::1 - - [21/Nov/2025:18:40:55 +0000] "GET /2/245320/AUTH_1792a06c06f74eae9f25cbd83cdb7f18/gnocchi.bed6db6b-e2a1-4117-ae3a-f65dac51c9c0/none_v3" 404 70 "GET https://[::1]:8080/v1/AUTH_1792a06c06f74eae9f25cbd83cdb7f18/gnocchi.bed6db6b-e2a1-4117-ae3a-f65dac51c9c0/none_v3" "tx0d6cf1cba9ca4eaba1373-006920b237" "proxy-server 97617" 0.0003 "-" 96620 0
Nov 21 13:40:55 np0005531384.novalocal object-server[96620]: ::1 - - [21/Nov/2025:18:40:55 +0000] "GET /3/245320/AUTH_1792a06c06f74eae9f25cbd83cdb7f18/gnocchi.bed6db6b-e2a1-4117-ae3a-f65dac51c9c0/none_v3" 404 70 "GET https://[::1]:8080/v1/AUTH_1792a06c06f74eae9f25cbd83cdb7f18/gnocchi.bed6db6b-e2a1-4117-ae3a-f65dac51c9c0/none_v3" "tx0d6cf1cba9ca4eaba1373-006920b237" "proxy-server 97617" 0.0002 "-" 96620 0
Nov 21 13:40:55 np0005531384.novalocal object-server[96620]: ::1 - - [21/Nov/2025:18:40:55 +0000] "GET /1/245320/AUTH_1792a06c06f74eae9f25cbd83cdb7f18/gnocchi.bed6db6b-e2a1-4117-ae3a-f65dac51c9c0/none_v3" 404 70 "GET https://[::1]:8080/v1/AUTH_1792a06c06f74eae9f25cbd83cdb7f18/gnocchi.bed6db6b-e2a1-4117-ae3a-f65dac51c9c0/none_v3" "tx0d6cf1cba9ca4eaba1373-006920b237" "proxy-server 97617" 0.0002 "-" 96620 0
Nov 21 13:40:55 np0005531384.novalocal proxy-server[97617]: ::1 ::1 21/Nov/2025/18/40/55 GET /v1/AUTH_1792a06c06f74eae9f25cbd83cdb7f18/gnocchi.bed6db6b-e2a1-4117-ae3a-f65dac51c9c0/none_v3 HTTP/1.0 404 - python-swiftclient-4.7.0 gAAAAABpILI22Pln... - 70 - tx0d6cf1cba9ca4eaba1373-006920b237 - 0.0278 - - 1763750455.777756691 1763750455.805544615 0
Nov 21 13:40:55 np0005531384.novalocal container-server[96325]: ::1 - - [21/Nov/2025:18:40:55 +0000] "HEAD /1/203281/AUTH_1792a06c06f74eae9f25cbd83cdb7f18/gnocchi.596293f3-0ddf-4e6e-94db-e8c5a5f53e60" 404 - "HEAD http://[::1]:8080/v1/AUTH_1792a06c06f74eae9f25cbd83cdb7f18/gnocchi.596293f3-0ddf-4e6e-94db-e8c5a5f53e60" "tx178f9aaa696a411bbd75f-006920b237" "proxy-server 97617" 0.0008 "-" 96325 0
Nov 21 13:40:55 np0005531384.novalocal container-server[96326]: ::1 - - [21/Nov/2025:18:40:55 +0000] "HEAD /2/203281/AUTH_1792a06c06f74eae9f25cbd83cdb7f18/gnocchi.596293f3-0ddf-4e6e-94db-e8c5a5f53e60" 404 - "HEAD http://[::1]:8080/v1/AUTH_1792a06c06f74eae9f25cbd83cdb7f18/gnocchi.596293f3-0ddf-4e6e-94db-e8c5a5f53e60" "tx178f9aaa696a411bbd75f-006920b237" "proxy-server 97617" 0.0003 "-" 96326 0
Nov 21 13:40:55 np0005531384.novalocal account-server[96030]: ::1 - - [21/Nov/2025:18:40:55 +0000] "PUT /2/231418/AUTH_1792a06c06f74eae9f25cbd83cdb7f18/gnocchi.bed6db6b-e2a1-4117-ae3a-f65dac51c9c0" 201 - "PUT http://[::1]:6001/1/232218/AUTH_1792a06c06f74eae9f25cbd83cdb7f18/gnocchi.bed6db6b-e2a1-4117-ae3a-f65dac51c9c0" "txe15e1e1fceaf40559bcf0-006920b237" "container-server 96326" 0.0089 "-" 96030 0
Nov 21 13:40:55 np0005531384.novalocal container-server[96326]: ::1 - - [21/Nov/2025:18:40:55 +0000] "PUT /1/232218/AUTH_1792a06c06f74eae9f25cbd83cdb7f18/gnocchi.bed6db6b-e2a1-4117-ae3a-f65dac51c9c0" 201 - "PUT https://[::1]:8080/v1/AUTH_1792a06c06f74eae9f25cbd83cdb7f18/gnocchi.bed6db6b-e2a1-4117-ae3a-f65dac51c9c0" "txe15e1e1fceaf40559bcf0-006920b237" "proxy-server 97617" 0.0214 "-" 96326 0
Nov 21 13:40:55 np0005531384.novalocal container-server[96325]: ::1 - - [21/Nov/2025:18:40:55 +0000] "HEAD /3/203281/AUTH_1792a06c06f74eae9f25cbd83cdb7f18/gnocchi.596293f3-0ddf-4e6e-94db-e8c5a5f53e60" 404 - "HEAD http://[::1]:8080/v1/AUTH_1792a06c06f74eae9f25cbd83cdb7f18/gnocchi.596293f3-0ddf-4e6e-94db-e8c5a5f53e60" "tx178f9aaa696a411bbd75f-006920b237" "proxy-server 97617" 0.0003 "-" 96325 0
Nov 21 13:40:55 np0005531384.novalocal proxy-server[97617]: - - 21/Nov/2025/18/40/55 HEAD /v1/AUTH_1792a06c06f74eae9f25cbd83cdb7f18/gnocchi.596293f3-0ddf-4e6e-94db-e8c5a5f53e60 HTTP/1.0 404 - Swift - - - - tx178f9aaa696a411bbd75f-006920b237 - 0.0435 CS - 1763750455.809458733 1763750455.852935076 0
Nov 21 13:40:55 np0005531384.novalocal account-server[96031]: ::1 - - [21/Nov/2025:18:40:55 +0000] "PUT /3/231418/AUTH_1792a06c06f74eae9f25cbd83cdb7f18/gnocchi.bed6db6b-e2a1-4117-ae3a-f65dac51c9c0" 201 - "PUT http://[::1]:6001/2/232218/AUTH_1792a06c06f74eae9f25cbd83cdb7f18/gnocchi.bed6db6b-e2a1-4117-ae3a-f65dac51c9c0" "txe15e1e1fceaf40559bcf0-006920b237" "container-server 96325" 0.0076 "-" 96031 0
Nov 21 13:40:55 np0005531384.novalocal container-server[96325]: ::1 - - [21/Nov/2025:18:40:55 +0000] "PUT /2/232218/AUTH_1792a06c06f74eae9f25cbd83cdb7f18/gnocchi.bed6db6b-e2a1-4117-ae3a-f65dac51c9c0" 201 - "PUT https://[::1]:8080/v1/AUTH_1792a06c06f74eae9f25cbd83cdb7f18/gnocchi.bed6db6b-e2a1-4117-ae3a-f65dac51c9c0" "txe15e1e1fceaf40559bcf0-006920b237" "proxy-server 97617" 0.0226 "-" 96325 0
Nov 21 13:40:55 np0005531384.novalocal object-server[96620]: ::1 - - [21/Nov/2025:18:40:55 +0000] "GET /1/56836/AUTH_1792a06c06f74eae9f25cbd83cdb7f18/gnocchi.596293f3-0ddf-4e6e-94db-e8c5a5f53e60/none_v3" 404 70 "GET https://[::1]:8080/v1/AUTH_1792a06c06f74eae9f25cbd83cdb7f18/gnocchi.596293f3-0ddf-4e6e-94db-e8c5a5f53e60/none_v3" "tx178f9aaa696a411bbd75f-006920b237" "proxy-server 97617" 0.0004 "-" 96620 0
Nov 21 13:40:55 np0005531384.novalocal object-server[96620]: ::1 - - [21/Nov/2025:18:40:55 +0000] "GET /3/56836/AUTH_1792a06c06f74eae9f25cbd83cdb7f18/gnocchi.596293f3-0ddf-4e6e-94db-e8c5a5f53e60/none_v3" 404 70 "GET https://[::1]:8080/v1/AUTH_1792a06c06f74eae9f25cbd83cdb7f18/gnocchi.596293f3-0ddf-4e6e-94db-e8c5a5f53e60/none_v3" "tx178f9aaa696a411bbd75f-006920b237" "proxy-server 97617" 0.0003 "-" 96620 0
Nov 21 13:40:55 np0005531384.novalocal account-server[96031]: ::1 - - [21/Nov/2025:18:40:55 +0000] "PUT /1/231418/AUTH_1792a06c06f74eae9f25cbd83cdb7f18/gnocchi.bed6db6b-e2a1-4117-ae3a-f65dac51c9c0" 201 - "PUT http://[::1]:6001/3/232218/AUTH_1792a06c06f74eae9f25cbd83cdb7f18/gnocchi.bed6db6b-e2a1-4117-ae3a-f65dac51c9c0" "txe15e1e1fceaf40559bcf0-006920b237" "container-server 96325" 0.0058 "-" 96031 0
Nov 21 13:40:55 np0005531384.novalocal container-server[96325]: ::1 - - [21/Nov/2025:18:40:55 +0000] "PUT /3/232218/AUTH_1792a06c06f74eae9f25cbd83cdb7f18/gnocchi.bed6db6b-e2a1-4117-ae3a-f65dac51c9c0" 201 - "PUT https://[::1]:8080/v1/AUTH_1792a06c06f74eae9f25cbd83cdb7f18/gnocchi.bed6db6b-e2a1-4117-ae3a-f65dac51c9c0" "txe15e1e1fceaf40559bcf0-006920b237" "proxy-server 97617" 0.0435 "-" 96325 0
Nov 21 13:40:55 np0005531384.novalocal object-server[96621]: ::1 - - [21/Nov/2025:18:40:55 +0000] "GET /2/56836/AUTH_1792a06c06f74eae9f25cbd83cdb7f18/gnocchi.596293f3-0ddf-4e6e-94db-e8c5a5f53e60/none_v3" 404 70 "GET https://[::1]:8080/v1/AUTH_1792a06c06f74eae9f25cbd83cdb7f18/gnocchi.596293f3-0ddf-4e6e-94db-e8c5a5f53e60/none_v3" "tx178f9aaa696a411bbd75f-006920b237" "proxy-server 97617" 0.0003 "-" 96621 0
Nov 21 13:40:55 np0005531384.novalocal proxy-server[97617]: ::1 ::1 21/Nov/2025/18/40/55 GET /v1/AUTH_1792a06c06f74eae9f25cbd83cdb7f18/gnocchi.596293f3-0ddf-4e6e-94db-e8c5a5f53e60/none_v3 HTTP/1.0 404 - python-swiftclient-4.7.0 gAAAAABpILI00T5K... - 70 - tx178f9aaa696a411bbd75f-006920b237 - 0.0610 - - 1763750455.808678150 1763750455.869676828 0
Nov 21 13:40:55 np0005531384.novalocal proxy-server[97617]: ::1 ::1 21/Nov/2025/18/40/55 PUT /v1/AUTH_1792a06c06f74eae9f25cbd83cdb7f18/gnocchi.bed6db6b-e2a1-4117-ae3a-f65dac51c9c0 HTTP/1.0 201 - python-swiftclient-4.7.0 gAAAAABpILI22Pln... - - - txe15e1e1fceaf40559bcf0-006920b237 - 0.0590 - - 1763750455.812618732 1763750455.871588707 0
Nov 21 13:40:55 np0005531384.novalocal account-server[96031]: ::1 - - [21/Nov/2025:18:40:55 +0000] "PUT /2/231418/AUTH_1792a06c06f74eae9f25cbd83cdb7f18/gnocchi.596293f3-0ddf-4e6e-94db-e8c5a5f53e60" 201 - "PUT http://[::1]:6001/1/203281/AUTH_1792a06c06f74eae9f25cbd83cdb7f18/gnocchi.596293f3-0ddf-4e6e-94db-e8c5a5f53e60" "tx21b0d23f21574aedac796-006920b237" "container-server 96325" 0.0078 "-" 96031 0
Nov 21 13:40:55 np0005531384.novalocal container-server[96325]: ::1 - - [21/Nov/2025:18:40:55 +0000] "HEAD /3/232218/AUTH_1792a06c06f74eae9f25cbd83cdb7f18/gnocchi.bed6db6b-e2a1-4117-ae3a-f65dac51c9c0" 204 - "HEAD http://[::1]:8080/v1/AUTH_1792a06c06f74eae9f25cbd83cdb7f18/gnocchi.bed6db6b-e2a1-4117-ae3a-f65dac51c9c0" "tx6b7fa12eb2714fcb8ab72-006920b237" "proxy-server 97617" 0.0012 "-" 96325 0
Nov 21 13:40:55 np0005531384.novalocal container-server[96325]: ::1 - - [21/Nov/2025:18:40:55 +0000] "PUT /1/203281/AUTH_1792a06c06f74eae9f25cbd83cdb7f18/gnocchi.596293f3-0ddf-4e6e-94db-e8c5a5f53e60" 201 - "PUT https://[::1]:8080/v1/AUTH_1792a06c06f74eae9f25cbd83cdb7f18/gnocchi.596293f3-0ddf-4e6e-94db-e8c5a5f53e60" "tx21b0d23f21574aedac796-006920b237" "proxy-server 97617" 0.0254 "-" 96325 0
