Nov 21 13:41:42 np0005531384.novalocal proxy-server[97617]: ::1 ::1 21/Nov/2025/18/41/42 GET /v1/AUTH_1792a06c06f74eae9f25cbd83cdb7f18/gnocchi.b5671a8e-d748-4ddd-97e2-4ad730d8b9ba/1763640000.0_mean_300.0_v3 HTTP/1.0 404 - python-swiftclient-4.7.0 gAAAAABpILI22Pln... - 70 - tx4a13a8296e8d464cbed3a-006920b266 - 0.0211 - - 1763750502.301449299 1763750502.322562218 0
Nov 21 13:41:42 np0005531384.novalocal container-server[96325]: ::1 - - [21/Nov/2025:18:41:42 +0000] "PUT /1/232218/AUTH_1792a06c06f74eae9f25cbd83cdb7f18/gnocchi.bed6db6b-e2a1-4117-ae3a-f65dac51c9c0/1763640000.0_mean_300.0_v3" 201 - "PUT http://[::1]:8080/3/27061/AUTH_1792a06c06f74eae9f25cbd83cdb7f18/gnocchi.bed6db6b-e2a1-4117-ae3a-f65dac51c9c0/1763640000.0_mean_300.0_v3" "tx6c7481daeb2649188b61a-006920b266" "object-server 96620" 0.0005 "-" 96325 0
Nov 21 13:41:42 np0005531384.novalocal container-server[96326]: ::1 - - [21/Nov/2025:18:41:42 +0000] "PUT /3/232218/AUTH_1792a06c06f74eae9f25cbd83cdb7f18/gnocchi.bed6db6b-e2a1-4117-ae3a-f65dac51c9c0/1763640000.0_mean_300.0_v3" 201 - "PUT http://[::1]:8080/1/27061/AUTH_1792a06c06f74eae9f25cbd83cdb7f18/gnocchi.bed6db6b-e2a1-4117-ae3a-f65dac51c9c0/1763640000.0_mean_300.0_v3" "tx6c7481daeb2649188b61a-006920b266" "object-server 96620" 0.0007 "-" 96326 0
Nov 21 13:41:42 np0005531384.novalocal container-server[96325]: ::1 - - [21/Nov/2025:18:41:42 +0000] "PUT /1/165530/AUTH_1792a06c06f74eae9f25cbd83cdb7f18/gnocchi.b5671a8e-d748-4ddd-97e2-4ad730d8b9ba/1763640000.0_mean_300.0_v3" 201 - "PUT http://[::1]:8080/2/67160/AUTH_1792a06c06f74eae9f25cbd83cdb7f18/gnocchi.b5671a8e-d748-4ddd-97e2-4ad730d8b9ba/1763640000.0_mean_300.0_v3" "txb58006a9915d4b50a18ee-006920b266" "object-server 96621" 0.0005 "-" 96325 0
Nov 21 13:41:42 np0005531384.novalocal object-server[96620]: ::1 - - [21/Nov/2025:18:41:42 +0000] "PUT /3/27061/AUTH_1792a06c06f74eae9f25cbd83cdb7f18/gnocchi.bed6db6b-e2a1-4117-ae3a-f65dac51c9c0/1763640000.0_mean_300.0_v3" 201 - "PUT https://[::1]:8080/v1/AUTH_1792a06c06f74eae9f25cbd83cdb7f18/gnocchi.bed6db6b-e2a1-4117-ae3a-f65dac51c9c0/1763640000.0_mean_300.0_v3" "tx6c7481daeb2649188b61a-006920b266" "proxy-server 97617" 0.0233 "-" 96620 0
Nov 21 13:41:42 np0005531384.novalocal object-server[96620]: ::1 - - [21/Nov/2025:18:41:42 +0000] "PUT /1/27061/AUTH_1792a06c06f74eae9f25cbd83cdb7f18/gnocchi.bed6db6b-e2a1-4117-ae3a-f65dac51c9c0/1763640000.0_mean_300.0_v3" 201 - "PUT https://[::1]:8080/v1/AUTH_1792a06c06f74eae9f25cbd83cdb7f18/gnocchi.bed6db6b-e2a1-4117-ae3a-f65dac51c9c0/1763640000.0_mean_300.0_v3" "tx6c7481daeb2649188b61a-006920b266" "proxy-server 97617" 0.0237 "-" 96620 0
Nov 21 13:41:42 np0005531384.novalocal object-server[96621]: ::1 - - [21/Nov/2025:18:41:42 +0000] "PUT /2/67160/AUTH_1792a06c06f74eae9f25cbd83cdb7f18/gnocchi.b5671a8e-d748-4ddd-97e2-4ad730d8b9ba/1763640000.0_mean_300.0_v3" 201 - "PUT https://[::1]:8080/v1/AUTH_1792a06c06f74eae9f25cbd83cdb7f18/gnocchi.b5671a8e-d748-4ddd-97e2-4ad730d8b9ba/1763640000.0_mean_300.0_v3" "txb58006a9915d4b50a18ee-006920b266" "proxy-server 97617" 0.0168 "-" 96621 0
Nov 21 13:41:42 np0005531384.novalocal container-server[96325]: ::1 - - [21/Nov/2025:18:41:42 +0000] "PUT /3/165530/AUTH_1792a06c06f74eae9f25cbd83cdb7f18/gnocchi.b5671a8e-d748-4ddd-97e2-4ad730d8b9ba/1763640000.0_mean_300.0_v3" 201 - "PUT http://[::1]:8080/1/67160/AUTH_1792a06c06f74eae9f25cbd83cdb7f18/gnocchi.b5671a8e-d748-4ddd-97e2-4ad730d8b9ba/1763640000.0_mean_300.0_v3" "txb58006a9915d4b50a18ee-006920b266" "object-server 96620" 0.0004 "-" 96325 0
Nov 21 13:41:42 np0005531384.novalocal container-server[96326]: ::1 - - [21/Nov/2025:18:41:42 +0000] "PUT /2/232218/AUTH_1792a06c06f74eae9f25cbd83cdb7f18/gnocchi.bed6db6b-e2a1-4117-ae3a-f65dac51c9c0/1763640000.0_mean_300.0_v3" 201 - "PUT http://[::1]:8080/2/27061/AUTH_1792a06c06f74eae9f25cbd83cdb7f18/gnocchi.bed6db6b-e2a1-4117-ae3a-f65dac51c9c0/1763640000.0_mean_300.0_v3" "tx6c7481daeb2649188b61a-006920b266" "object-server 96620" 0.0006 "-" 96326 0
Nov 21 13:41:42 np0005531384.novalocal container-server[96325]: ::1 - - [21/Nov/2025:18:41:42 +0000] "PUT /2/165530/AUTH_1792a06c06f74eae9f25cbd83cdb7f18/gnocchi.b5671a8e-d748-4ddd-97e2-4ad730d8b9ba/1763640000.0_mean_300.0_v3" 201 - "PUT http://[::1]:8080/3/67160/AUTH_1792a06c06f74eae9f25cbd83cdb7f18/gnocchi.b5671a8e-d748-4ddd-97e2-4ad730d8b9ba/1763640000.0_mean_300.0_v3" "txb58006a9915d4b50a18ee-006920b266" "object-server 96621" 0.0003 "-" 96325 0
Nov 21 13:41:42 np0005531384.novalocal object-server[96620]: ::1 - - [21/Nov/2025:18:41:42 +0000] "PUT /1/67160/AUTH_1792a06c06f74eae9f25cbd83cdb7f18/gnocchi.b5671a8e-d748-4ddd-97e2-4ad730d8b9ba/1763640000.0_mean_300.0_v3" 201 - "PUT https://[::1]:8080/v1/AUTH_1792a06c06f74eae9f25cbd83cdb7f18/gnocchi.b5671a8e-d748-4ddd-97e2-4ad730d8b9ba/1763640000.0_mean_300.0_v3" "txb58006a9915d4b50a18ee-006920b266" "proxy-server 97617" 0.0155 "-" 96620 0
Nov 21 13:41:42 np0005531384.novalocal object-server[96620]: ::1 - - [21/Nov/2025:18:41:42 +0000] "PUT /2/27061/AUTH_1792a06c06f74eae9f25cbd83cdb7f18/gnocchi.bed6db6b-e2a1-4117-ae3a-f65dac51c9c0/1763640000.0_mean_300.0_v3" 201 - "PUT https://[::1]:8080/v1/AUTH_1792a06c06f74eae9f25cbd83cdb7f18/gnocchi.bed6db6b-e2a1-4117-ae3a-f65dac51c9c0/1763640000.0_mean_300.0_v3" "tx6c7481daeb2649188b61a-006920b266" "proxy-server 97617" 0.0316 "-" 96620 0
Nov 21 13:41:42 np0005531384.novalocal object-server[96621]: ::1 - - [21/Nov/2025:18:41:42 +0000] "PUT /3/67160/AUTH_1792a06c06f74eae9f25cbd83cdb7f18/gnocchi.b5671a8e-d748-4ddd-97e2-4ad730d8b9ba/1763640000.0_mean_300.0_v3" 201 - "PUT https://[::1]:8080/v1/AUTH_1792a06c06f74eae9f25cbd83cdb7f18/gnocchi.b5671a8e-d748-4ddd-97e2-4ad730d8b9ba/1763640000.0_mean_300.0_v3" "txb58006a9915d4b50a18ee-006920b266" "proxy-server 97617" 0.0158 "-" 96621 0
Nov 21 13:41:42 np0005531384.novalocal proxy-server[97617]: ::1 ::1 21/Nov/2025/18/41/42 PUT /v1/AUTH_1792a06c06f74eae9f25cbd83cdb7f18/gnocchi.bed6db6b-e2a1-4117-ae3a-f65dac51c9c0/1763640000.0_mean_300.0_v3 HTTP/1.0 201 - python-swiftclient-4.7.0 gAAAAABpILI00T5K... 16 - - tx6c7481daeb2649188b61a-006920b266 - 0.0416 - - 1763750502.313780308 1763750502.355381489 0
Nov 21 13:41:42 np0005531384.novalocal proxy-server[97617]: ::1 ::1 21/Nov/2025/18/41/42 PUT /v1/AUTH_1792a06c06f74eae9f25cbd83cdb7f18/gnocchi.b5671a8e-d748-4ddd-97e2-4ad730d8b9ba/1763640000.0_mean_300.0_v3 HTTP/1.0 201 - python-swiftclient-4.7.0 gAAAAABpILI22Pln... 16 - - txb58006a9915d4b50a18ee-006920b266 - 0.0311 - - 1763750502.325285196 1763750502.356392384 0
Nov 21 13:41:42 np0005531384.novalocal container-server[96325]: ::1 - - [21/Nov/2025:18:41:42 +0000] "PUT /1/165530/AUTH_1792a06c06f74eae9f25cbd83cdb7f18/gnocchi.b5671a8e-d748-4ddd-97e2-4ad730d8b9ba/none_v3" 201 - "PUT http://[::1]:8080/3/28695/AUTH_1792a06c06f74eae9f25cbd83cdb7f18/gnocchi.b5671a8e-d748-4ddd-97e2-4ad730d8b9ba/none_v3" "tx7141a5d694d948129bd75-006920b266" "object-server 96621" 0.0006 "-" 96325 0
Nov 21 13:41:42 np0005531384.novalocal container-server[96326]: ::1 - - [21/Nov/2025:18:41:42 +0000] "PUT /2/232218/AUTH_1792a06c06f74eae9f25cbd83cdb7f18/gnocchi.bed6db6b-e2a1-4117-ae3a-f65dac51c9c0/none_v3" 201 - "PUT http://[::1]:8080/2/245320/AUTH_1792a06c06f74eae9f25cbd83cdb7f18/gnocchi.bed6db6b-e2a1-4117-ae3a-f65dac51c9c0/none_v3" "txb104afac51de4278a248c-006920b266" "object-server 96620" 0.0006 "-" 96326 0
Nov 21 13:41:42 np0005531384.novalocal container-server[96326]: ::1 - - [21/Nov/2025:18:41:42 +0000] "PUT /3/165530/AUTH_1792a06c06f74eae9f25cbd83cdb7f18/gnocchi.b5671a8e-d748-4ddd-97e2-4ad730d8b9ba/none_v3" 201 - "PUT http://[::1]:8080/1/28695/AUTH_1792a06c06f74eae9f25cbd83cdb7f18/gnocchi.b5671a8e-d748-4ddd-97e2-4ad730d8b9ba/none_v3" "tx7141a5d694d948129bd75-006920b266" "object-server 96620" 0.0004 "-" 96326 0
Nov 21 13:41:42 np0005531384.novalocal object-server[96620]: ::1 - - [21/Nov/2025:18:41:42 +0000] "PUT /2/245320/AUTH_1792a06c06f74eae9f25cbd83cdb7f18/gnocchi.bed6db6b-e2a1-4117-ae3a-f65dac51c9c0/none_v3" 201 - "PUT https://[::1]:8080/v1/AUTH_1792a06c06f74eae9f25cbd83cdb7f18/gnocchi.bed6db6b-e2a1-4117-ae3a-f65dac51c9c0/none_v3" "txb104afac51de4278a248c-006920b266" "proxy-server 97617" 0.0191 "-" 96620 0
Nov 21 13:41:42 np0005531384.novalocal object-server[96620]: ::1 - - [21/Nov/2025:18:41:42 +0000] "PUT /1/28695/AUTH_1792a06c06f74eae9f25cbd83cdb7f18/gnocchi.b5671a8e-d748-4ddd-97e2-4ad730d8b9ba/none_v3" 201 - "PUT https://[::1]:8080/v1/AUTH_1792a06c06f74eae9f25cbd83cdb7f18/gnocchi.b5671a8e-d748-4ddd-97e2-4ad730d8b9ba/none_v3" "tx7141a5d694d948129bd75-006920b266" "proxy-server 97617" 0.0171 "-" 96620 0
Nov 21 13:41:42 np0005531384.novalocal container-server[96326]: ::1 - - [21/Nov/2025:18:41:42 +0000] "PUT /3/232218/AUTH_1792a06c06f74eae9f25cbd83cdb7f18/gnocchi.bed6db6b-e2a1-4117-ae3a-f65dac51c9c0/none_v3" 201 - "PUT http://[::1]:8080/1/245320/AUTH_1792a06c06f74eae9f25cbd83cdb7f18/gnocchi.bed6db6b-e2a1-4117-ae3a-f65dac51c9c0/none_v3" "txb104afac51de4278a248c-006920b266" "object-server 96620" 0.0007 "-" 96326 0
Nov 21 13:41:42 np0005531384.novalocal object-server[96620]: ::1 - - [21/Nov/2025:18:41:42 +0000] "PUT /1/245320/AUTH_1792a06c06f74eae9f25cbd83cdb7f18/gnocchi.bed6db6b-e2a1-4117-ae3a-f65dac51c9c0/none_v3" 201 - "PUT https://[::1]:8080/v1/AUTH_1792a06c06f74eae9f25cbd83cdb7f18/gnocchi.bed6db6b-e2a1-4117-ae3a-f65dac51c9c0/none_v3" "txb104afac51de4278a248c-006920b266" "proxy-server 97617" 0.0232 "-" 96620 0
Nov 21 13:41:42 np0005531384.novalocal container-server[96326]: ::1 - - [21/Nov/2025:18:41:42 +0000] "PUT /2/165530/AUTH_1792a06c06f74eae9f25cbd83cdb7f18/gnocchi.b5671a8e-d748-4ddd-97e2-4ad730d8b9ba/none_v3" 201 - "PUT http://[::1]:8080/2/28695/AUTH_1792a06c06f74eae9f25cbd83cdb7f18/gnocchi.b5671a8e-d748-4ddd-97e2-4ad730d8b9ba/none_v3" "tx7141a5d694d948129bd75-006920b266" "object-server 96620" 0.0003 "-" 96326 0
Nov 21 13:41:42 np0005531384.novalocal object-server[96620]: ::1 - - [21/Nov/2025:18:41:42 +0000] "PUT /2/28695/AUTH_1792a06c06f74eae9f25cbd83cdb7f18/gnocchi.b5671a8e-d748-4ddd-97e2-4ad730d8b9ba/none_v3" 201 - "PUT https://[::1]:8080/v1/AUTH_1792a06c06f74eae9f25cbd83cdb7f18/gnocchi.b5671a8e-d748-4ddd-97e2-4ad730d8b9ba/none_v3" "tx7141a5d694d948129bd75-006920b266" "proxy-server 97617" 0.0172 "-" 96620 0
Nov 21 13:41:42 np0005531384.novalocal object-server[96621]: ::1 - - [21/Nov/2025:18:41:42 +0000] "PUT /3/28695/AUTH_1792a06c06f74eae9f25cbd83cdb7f18/gnocchi.b5671a8e-d748-4ddd-97e2-4ad730d8b9ba/none_v3" 201 - "PUT https://[::1]:8080/v1/AUTH_1792a06c06f74eae9f25cbd83cdb7f18/gnocchi.b5671a8e-d748-4ddd-97e2-4ad730d8b9ba/none_v3" "tx7141a5d694d948129bd75-006920b266" "proxy-server 97617" 0.0292 "-" 96621 0
Nov 21 13:41:42 np0005531384.novalocal proxy-server[97617]: ::1 ::1 21/Nov/2025/18/41/42 PUT /v1/AUTH_1792a06c06f74eae9f25cbd83cdb7f18/gnocchi.b5671a8e-d748-4ddd-97e2-4ad730d8b9ba/none_v3 HTTP/1.0 201 - python-swiftclient-4.7.0 gAAAAABpILI22Pln... 22 - - tx7141a5d694d948129bd75-006920b266 - 0.0391 - - 1763750502.358648539 1763750502.397747040 0
Nov 21 13:41:42 np0005531384.novalocal container-server[96325]: ::1 - - [21/Nov/2025:18:41:42 +0000] "PUT /1/232218/AUTH_1792a06c06f74eae9f25cbd83cdb7f18/gnocchi.bed6db6b-e2a1-4117-ae3a-f65dac51c9c0/none_v3" 201 - "PUT http://[::1]:8080/3/245320/AUTH_1792a06c06f74eae9f25cbd83cdb7f18/gnocchi.bed6db6b-e2a1-4117-ae3a-f65dac51c9c0/none_v3" "txb104afac51de4278a248c-006920b266" "object-server 96620" 0.0011 "-" 96325 0
Nov 21 13:41:42 np0005531384.novalocal object-server[96620]: ::1 - - [21/Nov/2025:18:41:42 +0000] "PUT /3/245320/AUTH_1792a06c06f74eae9f25cbd83cdb7f18/gnocchi.bed6db6b-e2a1-4117-ae3a-f65dac51c9c0/none_v3" 201 - "PUT https://[::1]:8080/v1/AUTH_1792a06c06f74eae9f25cbd83cdb7f18/gnocchi.bed6db6b-e2a1-4117-ae3a-f65dac51c9c0/none_v3" "txb104afac51de4278a248c-006920b266" "proxy-server 97617" 0.0393 "-" 96620 0
Nov 21 13:41:42 np0005531384.novalocal proxy-server[97617]: ::1 ::1 21/Nov/2025/18/41/42 PUT /v1/AUTH_1792a06c06f74eae9f25cbd83cdb7f18/gnocchi.bed6db6b-e2a1-4117-ae3a-f65dac51c9c0/none_v3 HTTP/1.0 201 - python-swiftclient-4.7.0 gAAAAABpILI00T5K... 36 - - txb104afac51de4278a248c-006920b266 - 0.0552 - - 1763750502.357918501 1763750502.413124084 0
Nov 21 13:41:42 np0005531384.novalocal container-server[96325]: ::1 - - [21/Nov/2025:18:41:42 +0000] "HEAD /2/59466/AUTH_1792a06c06f74eae9f25cbd83cdb7f18/gnocchi.e765cca8-0a85-4b6a-afb6-eed1c0f4c4c6" 404 - "HEAD http://[::1]:8080/v1/AUTH_1792a06c06f74eae9f25cbd83cdb7f18/gnocchi.e765cca8-0a85-4b6a-afb6-eed1c0f4c4c6" "tx7dbb577aac454f17b1588-006920b266" "proxy-server 97617" 0.0003 "-" 96325 0
Nov 21 13:41:42 np0005531384.novalocal container-server[96325]: ::1 - - [21/Nov/2025:18:41:42 +0000] "HEAD /3/59466/AUTH_1792a06c06f74eae9f25cbd83cdb7f18/gnocchi.e765cca8-0a85-4b6a-afb6-eed1c0f4c4c6" 404 - "HEAD http://[::1]:8080/v1/AUTH_1792a06c06f74eae9f25cbd83cdb7f18/gnocchi.e765cca8-0a85-4b6a-afb6-eed1c0f4c4c6" "tx7dbb577aac454f17b1588-006920b266" "proxy-server 97617" 0.0003 "-" 96325 0
Nov 21 13:41:42 np0005531384.novalocal container-server[96326]: ::1 - - [21/Nov/2025:18:41:42 +0000] "HEAD /1/59466/AUTH_1792a06c06f74eae9f25cbd83cdb7f18/gnocchi.e765cca8-0a85-4b6a-afb6-eed1c0f4c4c6" 404 - "HEAD http://[::1]:8080/v1/AUTH_1792a06c06f74eae9f25cbd83cdb7f18/gnocchi.e765cca8-0a85-4b6a-afb6-eed1c0f4c4c6" "tx7dbb577aac454f17b1588-006920b266" "proxy-server 97617" 0.0006 "-" 96326 0
Nov 21 13:41:42 np0005531384.novalocal proxy-server[97617]: - - 21/Nov/2025/18/41/42 HEAD /v1/AUTH_1792a06c06f74eae9f25cbd83cdb7f18/gnocchi.e765cca8-0a85-4b6a-afb6-eed1c0f4c4c6 HTTP/1.0 404 - Swift - - - - tx7dbb577aac454f17b1588-006920b266 - 0.0201 CS - 1763750502.413804293 1763750502.433860779 0
Nov 21 13:41:42 np0005531384.novalocal object-server[96621]: ::1 - - [21/Nov/2025:18:41:42 +0000] "GET /2/244543/AUTH_1792a06c06f74eae9f25cbd83cdb7f18/gnocchi.e765cca8-0a85-4b6a-afb6-eed1c0f4c4c6/none_v3" 404 70 "GET https://[::1]:8080/v1/AUTH_1792a06c06f74eae9f25cbd83cdb7f18/gnocchi.e765cca8-0a85-4b6a-afb6-eed1c0f4c4c6/none_v3" "tx7dbb577aac454f17b1588-006920b266" "proxy-server 97617" 0.0003 "-" 96621 0
Nov 21 13:41:42 np0005531384.novalocal object-server[96620]: ::1 - - [21/Nov/2025:18:41:42 +0000] "GET /3/244543/AUTH_1792a06c06f74eae9f25cbd83cdb7f18/gnocchi.e765cca8-0a85-4b6a-afb6-eed1c0f4c4c6/none_v3" 404 70 "GET https://[::1]:8080/v1/AUTH_1792a06c06f74eae9f25cbd83cdb7f18/gnocchi.e765cca8-0a85-4b6a-afb6-eed1c0f4c4c6/none_v3" "tx7dbb577aac454f17b1588-006920b266" "proxy-server 97617" 0.0003 "-" 96620 0
Nov 21 13:41:42 np0005531384.novalocal container-server[96325]: ::1 - - [21/Nov/2025:18:41:42 +0000] "HEAD /3/58603/AUTH_1792a06c06f74eae9f25cbd83cdb7f18/gnocchi.eb184062-dcf6-4e9f-9b03-625b9b67ffcb" 404 - "HEAD http://[::1]:8080/v1/AUTH_1792a06c06f74eae9f25cbd83cdb7f18/gnocchi.eb184062-dcf6-4e9f-9b03-625b9b67ffcb" "tx4eca5421bbf04ba0be809-006920b266" "proxy-server 97617" 0.0003 "-" 96325 0
Nov 21 13:41:42 np0005531384.novalocal object-server[96620]: ::1 - - [21/Nov/2025:18:41:42 +0000] "GET /1/244543/AUTH_1792a06c06f74eae9f25cbd83cdb7f18/gnocchi.e765cca8-0a85-4b6a-afb6-eed1c0f4c4c6/none_v3" 404 70 "GET https://[::1]:8080/v1/AUTH_1792a06c06f74eae9f25cbd83cdb7f18/gnocchi.e765cca8-0a85-4b6a-afb6-eed1c0f4c4c6/none_v3" "tx7dbb577aac454f17b1588-006920b266" "proxy-server 97617" 0.0002 "-" 96620 0
Nov 21 13:41:42 np0005531384.novalocal container-server[96325]: ::1 - - [21/Nov/2025:18:41:42 +0000] "HEAD /1/58603/AUTH_1792a06c06f74eae9f25cbd83cdb7f18/gnocchi.eb184062-dcf6-4e9f-9b03-625b9b67ffcb" 404 - "HEAD http://[::1]:8080/v1/AUTH_1792a06c06f74eae9f25cbd83cdb7f18/gnocchi.eb184062-dcf6-4e9f-9b03-625b9b67ffcb" "tx4eca5421bbf04ba0be809-006920b266" "proxy-server 97617" 0.0001 "-" 96325 0
Nov 21 13:41:42 np0005531384.novalocal proxy-server[97617]: ::1 ::1 21/Nov/2025/18/41/42 GET /v1/AUTH_1792a06c06f74eae9f25cbd83cdb7f18/gnocchi.e765cca8-0a85-4b6a-afb6-eed1c0f4c4c6/none_v3 HTTP/1.0 404 - python-swiftclient-4.7.0 gAAAAABpILI22Pln... - 70 - tx7dbb577aac454f17b1588-006920b266 - 0.0331 - - 1763750502.412176847 1763750502.445249796 0
Nov 21 13:41:42 np0005531384.novalocal container-server[96325]: ::1 - - [21/Nov/2025:18:41:42 +0000] "HEAD /2/58603/AUTH_1792a06c06f74eae9f25cbd83cdb7f18/gnocchi.eb184062-dcf6-4e9f-9b03-625b9b67ffcb" 404 - "HEAD http://[::1]:8080/v1/AUTH_1792a06c06f74eae9f25cbd83cdb7f18/gnocchi.eb184062-dcf6-4e9f-9b03-625b9b67ffcb" "tx4eca5421bbf04ba0be809-006920b266" "proxy-server 97617" 0.0001 "-" 96325 0
Nov 21 13:41:42 np0005531384.novalocal proxy-server[97617]: - - 21/Nov/2025/18/41/42 HEAD /v1/AUTH_1792a06c06f74eae9f25cbd83cdb7f18/gnocchi.eb184062-dcf6-4e9f-9b03-625b9b67ffcb HTTP/1.0 404 - Swift - - - - tx4eca5421bbf04ba0be809-006920b266 - 0.0078 CS - 1763750502.439778566 1763750502.447562456 0
Nov 21 13:41:42 np0005531384.novalocal object-server[96621]: ::1 - - [21/Nov/2025:18:41:42 +0000] "GET /2/33005/AUTH_1792a06c06f74eae9f25cbd83cdb7f18/gnocchi.eb184062-dcf6-4e9f-9b03-625b9b67ffcb/none_v3" 404 70 "GET https://[::1]:8080/v1/AUTH_1792a06c06f74eae9f25cbd83cdb7f18/gnocchi.eb184062-dcf6-4e9f-9b03-625b9b67ffcb/none_v3" "tx4eca5421bbf04ba0be809-006920b266" "proxy-server 97617" 0.0003 "-" 96621 0
Nov 21 13:41:42 np0005531384.novalocal object-server[96620]: ::1 - - [21/Nov/2025:18:41:42 +0000] "GET /3/33005/AUTH_1792a06c06f74eae9f25cbd83cdb7f18/gnocchi.eb184062-dcf6-4e9f-9b03-625b9b67ffcb/none_v3" 404 70 "GET https://[::1]:8080/v1/AUTH_1792a06c06f74eae9f25cbd83cdb7f18/gnocchi.eb184062-dcf6-4e9f-9b03-625b9b67ffcb/none_v3" "tx4eca5421bbf04ba0be809-006920b266" "proxy-server 97617" 0.0003 "-" 96620 0
Nov 21 13:41:42 np0005531384.novalocal object-server[96621]: ::1 - - [21/Nov/2025:18:41:42 +0000] "GET /1/33005/AUTH_1792a06c06f74eae9f25cbd83cdb7f18/gnocchi.eb184062-dcf6-4e9f-9b03-625b9b67ffcb/none_v3" 404 70 "GET https://[::1]:8080/v1/AUTH_1792a06c06f74eae9f25cbd83cdb7f18/gnocchi.eb184062-dcf6-4e9f-9b03-625b9b67ffcb/none_v3" "tx4eca5421bbf04ba0be809-006920b266" "proxy-server 97617" 0.0002 "-" 96621 0
Nov 21 13:41:42 np0005531384.novalocal proxy-server[97617]: ::1 ::1 21/Nov/2025/18/41/42 GET /v1/AUTH_1792a06c06f74eae9f25cbd83cdb7f18/gnocchi.eb184062-dcf6-4e9f-9b03-625b9b67ffcb/none_v3 HTTP/1.0 404 - python-swiftclient-4.7.0 gAAAAABpILI00T5K... - 70 - tx4eca5421bbf04ba0be809-006920b266 - 0.0279 - - 1763750502.437875271 1763750502.465747356 0
Nov 21 13:41:42 np0005531384.novalocal account-server[96030]: ::1 - - [21/Nov/2025:18:41:42 +0000] "PUT /3/231418/AUTH_1792a06c06f74eae9f25cbd83cdb7f18/gnocchi.e765cca8-0a85-4b6a-afb6-eed1c0f4c4c6" 201 - "PUT http://[::1]:6001/3/59466/AUTH_1792a06c06f74eae9f25cbd83cdb7f18/gnocchi.e765cca8-0a85-4b6a-afb6-eed1c0f4c4c6" "tx485751e0db9441a6b2504-006920b266" "container-server 96325" 0.0035 "-" 96030 0
Nov 21 13:41:42 np0005531384.novalocal account-server[96030]: ::1 - - [21/Nov/2025:18:41:42 +0000] "PUT /2/231418/AUTH_1792a06c06f74eae9f25cbd83cdb7f18/gnocchi.e765cca8-0a85-4b6a-afb6-eed1c0f4c4c6" 201 - "PUT http://[::1]:6001/1/59466/AUTH_1792a06c06f74eae9f25cbd83cdb7f18/gnocchi.e765cca8-0a85-4b6a-afb6-eed1c0f4c4c6" "tx485751e0db9441a6b2504-006920b266" "container-server 96326" 0.0033 "-" 96030 0
Nov 21 13:41:42 np0005531384.novalocal container-server[96325]: ::1 - - [21/Nov/2025:18:41:42 +0000] "PUT /3/59466/AUTH_1792a06c06f74eae9f25cbd83cdb7f18/gnocchi.e765cca8-0a85-4b6a-afb6-eed1c0f4c4c6" 201 - "PUT https://[::1]:8080/v1/AUTH_1792a06c06f74eae9f25cbd83cdb7f18/gnocchi.e765cca8-0a85-4b6a-afb6-eed1c0f4c4c6" "tx485751e0db9441a6b2504-006920b266" "proxy-server 97617" 0.0209 "-" 96325 0
Nov 21 13:41:42 np0005531384.novalocal account-server[96031]: ::1 - - [21/Nov/2025:18:41:42 +0000] "PUT /3/231418/AUTH_1792a06c06f74eae9f25cbd83cdb7f18/gnocchi.eb184062-dcf6-4e9f-9b03-625b9b67ffcb" 201 - "PUT http://[::1]:6001/2/58603/AUTH_1792a06c06f74eae9f25cbd83cdb7f18/gnocchi.eb184062-dcf6-4e9f-9b03-625b9b67ffcb" "tx6816e19d9f3e4e69a10c7-006920b266" "container-server 96325" 0.0034 "-" 96031 0
Nov 21 13:41:42 np0005531384.novalocal container-server[96325]: ::1 - - [21/Nov/2025:18:41:42 +0000] "PUT /2/58603/AUTH_1792a06c06f74eae9f25cbd83cdb7f18/gnocchi.eb184062-dcf6-4e9f-9b03-625b9b67ffcb" 201 - "PUT https://[::1]:8080/v1/AUTH_1792a06c06f74eae9f25cbd83cdb7f18/gnocchi.eb184062-dcf6-4e9f-9b03-625b9b67ffcb" "tx6816e19d9f3e4e69a10c7-006920b266" "proxy-server 97617" 0.0211 "-" 96325 0
Nov 21 13:41:42 np0005531384.novalocal account-server[96031]: ::1 - - [21/Nov/2025:18:41:42 +0000] "PUT /2/231418/AUTH_1792a06c06f74eae9f25cbd83cdb7f18/gnocchi.eb184062-dcf6-4e9f-9b03-625b9b67ffcb" 201 - "PUT http://[::1]:6001/3/58603/AUTH_1792a06c06f74eae9f25cbd83cdb7f18/gnocchi.eb184062-dcf6-4e9f-9b03-625b9b67ffcb" "tx6816e19d9f3e4e69a10c7-006920b266" "container-server 96325" 0.0036 "-" 96031 0
Nov 21 13:41:42 np0005531384.novalocal container-server[96325]: ::1 - - [21/Nov/2025:18:41:42 +0000] "PUT /3/58603/AUTH_1792a06c06f74eae9f25cbd83cdb7f18/gnocchi.eb184062-dcf6-4e9f-9b03-625b9b67ffcb" 201 - "PUT https://[::1]:8080/v1/AUTH_1792a06c06f74eae9f25cbd83cdb7f18/gnocchi.eb184062-dcf6-4e9f-9b03-625b9b67ffcb" "tx6816e19d9f3e4e69a10c7-006920b266" "proxy-server 97617" 0.0164 "-" 96325 0
Nov 21 13:41:42 np0005531384.novalocal container-server[96326]: ::1 - - [21/Nov/2025:18:41:42 +0000] "PUT /1/59466/AUTH_1792a06c06f74eae9f25cbd83cdb7f18/gnocchi.e765cca8-0a85-4b6a-afb6-eed1c0f4c4c6" 201 - "PUT https://[::1]:8080/v1/AUTH_1792a06c06f74eae9f25cbd83cdb7f18/gnocchi.e765cca8-0a85-4b6a-afb6-eed1c0f4c4c6" "tx485751e0db9441a6b2504-006920b266" "proxy-server 97617" 0.0390 "-" 96326 0
Nov 21 13:41:42 np0005531384.novalocal account-server[96031]: ::1 - - [21/Nov/2025:18:41:42 +0000] "PUT /1/231418/AUTH_1792a06c06f74eae9f25cbd83cdb7f18/gnocchi.e765cca8-0a85-4b6a-afb6-eed1c0f4c4c6" 201 - "PUT http://[::1]:6001/2/59466/AUTH_1792a06c06f74eae9f25cbd83cdb7f18/gnocchi.e765cca8-0a85-4b6a-afb6-eed1c0f4c4c6" "tx485751e0db9441a6b2504-006920b266" "container-server 96326" 0.0032 "-" 96031 0
Nov 21 13:41:42 np0005531384.novalocal container-server[96326]: ::1 - - [21/Nov/2025:18:41:42 +0000] "PUT /2/59466/AUTH_1792a06c06f74eae9f25cbd83cdb7f18/gnocchi.e765cca8-0a85-4b6a-afb6-eed1c0f4c4c6" 201 - "PUT https://[::1]:8080/v1/AUTH_1792a06c06f74eae9f25cbd83cdb7f18/gnocchi.e765cca8-0a85-4b6a-afb6-eed1c0f4c4c6" "tx485751e0db9441a6b2504-006920b266" "proxy-server 97617" 0.0302 "-" 96326 0
Nov 21 13:41:42 np0005531384.novalocal proxy-server[97617]: ::1 ::1 21/Nov/2025/18/41/42 PUT /v1/AUTH_1792a06c06f74eae9f25cbd83cdb7f18/gnocchi.e765cca8-0a85-4b6a-afb6-eed1c0f4c4c6 HTTP/1.0 201 - python-swiftclient-4.7.0 gAAAAABpILI22Pln... - - - tx485751e0db9441a6b2504-006920b266 - 0.0559 - - 1763750502.448882341 1763750502.504809618 0
Nov 21 13:41:42 np0005531384.novalocal account-server[96030]: ::1 - - [21/Nov/2025:18:41:42 +0000] "PUT /1/231418/AUTH_1792a06c06f74eae9f25cbd83cdb7f18/gnocchi.eb184062-dcf6-4e9f-9b03-625b9b67ffcb" 201 - "PUT http://[::1]:6001/1/58603/AUTH_1792a06c06f74eae9f25cbd83cdb7f18/gnocchi.eb184062-dcf6-4e9f-9b03-625b9b67ffcb" "tx6816e19d9f3e4e69a10c7-006920b266" "container-server 96326" 0.0142 "-" 96030 0
Nov 21 13:41:42 np0005531384.novalocal container-server[96326]: ::1 - - [21/Nov/2025:18:41:42 +0000] "HEAD /2/59466/AUTH_1792a06c06f74eae9f25cbd83cdb7f18/gnocchi.e765cca8-0a85-4b6a-afb6-eed1c0f4c4c6" 204 - "HEAD http://[::1]:8080/v1/AUTH_1792a06c06f74eae9f25cbd83cdb7f18/gnocchi.e765cca8-0a85-4b6a-afb6-eed1c0f4c4c6" "tx9b2b8d9eb75f4c2fb1a49-006920b266" "proxy-server 97617" 0.0025 "-" 96326 0
Nov 21 13:41:42 np0005531384.novalocal container-server[96326]: ::1 - - [21/Nov/2025:18:41:42 +0000] "PUT /1/58603/AUTH_1792a06c06f74eae9f25cbd83cdb7f18/gnocchi.eb184062-dcf6-4e9f-9b03-625b9b67ffcb" 201 - "PUT https://[::1]:8080/v1/AUTH_1792a06c06f74eae9f25cbd83cdb7f18/gnocchi.eb184062-dcf6-4e9f-9b03-625b9b67ffcb" "tx6816e19d9f3e4e69a10c7-006920b266" "proxy-server 97617" 0.0310 "-" 96326 0
Nov 21 13:41:42 np0005531384.novalocal proxy-server[97617]: - - 21/Nov/2025/18/41/42 HEAD /v1/AUTH_1792a06c06f74eae9f25cbd83cdb7f18/gnocchi.e765cca8-0a85-4b6a-afb6-eed1c0f4c4c6 HTTP/1.0 204 - Swift - - - - tx9b2b8d9eb75f4c2fb1a49-006920b266 - 0.0063 CS - 1763750502.508927584 1763750502.515223503 0
Nov 21 13:41:42 np0005531384.novalocal proxy-server[97617]: ::1 ::1 21/Nov/2025/18/41/42 PUT /v1/AUTH_1792a06c06f74eae9f25cbd83cdb7f18/gnocchi.eb184062-dcf6-4e9f-9b03-625b9b67ffcb HTTP/1.0 201 - python-swiftclient-4.7.0 gAAAAABpILI00T5K... - - - tx6816e19d9f3e4e69a10c7-006920b266 - 0.0507 - - 1763750502.468086004 1763750502.518823862 0
Nov 21 13:41:42 np0005531384.novalocal container-server[96325]: ::1 - - [21/Nov/2025:18:41:42 +0000] "GET /2/59466/AUTH_1792a06c06f74eae9f25cbd83cdb7f18/gnocchi.e765cca8-0a85-4b6a-afb6-eed1c0f4c4c6" 200 2 "GET https://[::1]:8080/v1/AUTH_1792a06c06f74eae9f25cbd83cdb7f18/gnocchi.e765cca8-0a85-4b6a-afb6-eed1c0f4c4c6?format=json&states=listing" "tx9b2b8d9eb75f4c2fb1a49-006920b266" "proxy-server 97617" 0.0019 "-" 96325 0
Nov 21 13:41:42 np0005531384.novalocal proxy-server[97617]: ::1 ::1 21/Nov/2025/18/41/42 GET /v1/AUTH_1792a06c06f74eae9f25cbd83cdb7f18/gnocchi.e765cca8-0a85-4b6a-afb6-eed1c0f4c4c6%3Fformat%3Djson%26states%3Dlisting HTTP/1.0 200 - python-swiftclient-4.7.0 gAAAAABpILI22Pln... - 2 - tx9b2b8d9eb75f4c2fb1a49-006920b266 - 0.0202 - - 1763750502.508172750 1763750502.528347969 0
Nov 21 13:41:42 np0005531384.novalocal container-server[96325]: ::1 - - [21/Nov/2025:18:41:42 +0000] "HEAD /1/58603/AUTH_1792a06c06f74eae9f25cbd83cdb7f18/gnocchi.eb184062-dcf6-4e9f-9b03-625b9b67ffcb" 204 - "HEAD http://[::1]:8080/v1/AUTH_1792a06c06f74eae9f25cbd83cdb7f18/gnocchi.eb184062-dcf6-4e9f-9b03-625b9b67ffcb" "tx579a033be1dd4477950bf-006920b266" "proxy-server 97617" 0.0012 "-" 96325 0
Nov 21 13:41:42 np0005531384.novalocal proxy-server[97617]: - - 21/Nov/2025/18/41/42 HEAD /v1/AUTH_1792a06c06f74eae9f25cbd83cdb7f18/gnocchi.eb184062-dcf6-4e9f-9b03-625b9b67ffcb HTTP/1.0 204 - Swift - - - - tx579a033be1dd4477950bf-006920b266 - 0.0087 CS - 1763750502.525223970 1763750502.533915043 0
Nov 21 13:41:42 np0005531384.novalocal object-server[96620]: ::1 - - [21/Nov/2025:18:41:42 +0000] "GET /1/72219/AUTH_1792a06c06f74eae9f25cbd83cdb7f18/gnocchi.e765cca8-0a85-4b6a-afb6-eed1c0f4c4c6/1763640000.0_mean_300.0_v3" 404 70 "GET https://[::1]:8080/v1/AUTH_1792a06c06f74eae9f25cbd83cdb7f18/gnocchi.e765cca8-0a85-4b6a-afb6-eed1c0f4c4c6/1763640000.0_mean_300.0_v3" "txf49d62e351d5440486327-006920b266" "proxy-server 97617" 0.0003 "-" 96620 0
Nov 21 13:41:42 np0005531384.novalocal object-server[96620]: ::1 - - [21/Nov/2025:18:41:42 +0000] "GET /2/72219/AUTH_1792a06c06f74eae9f25cbd83cdb7f18/gnocchi.e765cca8-0a85-4b6a-afb6-eed1c0f4c4c6/1763640000.0_mean_300.0_v3" 404 70 "GET https://[::1]:8080/v1/AUTH_1792a06c06f74eae9f25cbd83cdb7f18/gnocchi.e765cca8-0a85-4b6a-afb6-eed1c0f4c4c6/1763640000.0_mean_300.0_v3" "txf49d62e351d5440486327-006920b266" "proxy-server 97617" 0.0002 "-" 96620 0
Nov 21 13:41:42 np0005531384.novalocal container-server[96325]: ::1 - - [21/Nov/2025:18:41:42 +0000] "GET /1/58603/AUTH_1792a06c06f74eae9f25cbd83cdb7f18/gnocchi.eb184062-dcf6-4e9f-9b03-625b9b67ffcb" 200 2 "GET https://[::1]:8080/v1/AUTH_1792a06c06f74eae9f25cbd83cdb7f18/gnocchi.eb184062-dcf6-4e9f-9b03-625b9b67ffcb?format=json&states=listing" "tx579a033be1dd4477950bf-006920b266" "proxy-server 97617" 0.0020 "-" 96325 0
Nov 21 13:41:42 np0005531384.novalocal object-server[96621]: ::1 - - [21/Nov/2025:18:41:42 +0000] "GET /3/72219/AUTH_1792a06c06f74eae9f25cbd83cdb7f18/gnocchi.e765cca8-0a85-4b6a-afb6-eed1c0f4c4c6/1763640000.0_mean_300.0_v3" 404 70 "GET https://[::1]:8080/v1/AUTH_1792a06c06f74eae9f25cbd83cdb7f18/gnocchi.e765cca8-0a85-4b6a-afb6-eed1c0f4c4c6/1763640000.0_mean_300.0_v3" "txf49d62e351d5440486327-006920b266" "proxy-server 97617" 0.0003 "-" 96621 0
Nov 21 13:41:42 np0005531384.novalocal proxy-server[97617]: ::1 ::1 21/Nov/2025/18/41/42 GET /v1/AUTH_1792a06c06f74eae9f25cbd83cdb7f18/gnocchi.eb184062-dcf6-4e9f-9b03-625b9b67ffcb%3Fformat%3Djson%26states%3Dlisting HTTP/1.0 200 - python-swiftclient-4.7.0 gAAAAABpILI00T5K... - 2 - tx579a033be1dd4477950bf-006920b266 - 0.0330 - - 1763750502.522021294 1763750502.554985046 0
Nov 21 13:41:42 np0005531384.novalocal object-reconstructor[95893]: Starting object reconstruction pass.
Nov 21 13:41:42 np0005531384.novalocal object-reconstructor[95893]: Nothing reconstructed for 0.0002675056457519531 seconds.
Nov 21 13:41:42 np0005531384.novalocal object-reconstructor[95893]: Object reconstruction complete. (0.00 minutes)
Nov 21 13:41:42 np0005531384.novalocal proxy-server[97617]: ::1 ::1 21/Nov/2025/18/41/42 GET /v1/AUTH_1792a06c06f74eae9f25cbd83cdb7f18/gnocchi.e765cca8-0a85-4b6a-afb6-eed1c0f4c4c6/1763640000.0_mean_300.0_v3 HTTP/1.0 404 - python-swiftclient-4.7.0 gAAAAABpILI22Pln... - 70 - txf49d62e351d5440486327-006920b266 - 0.0252 - - 1763750502.531807423 1763750502.557000875 0
Nov 21 13:41:42 np0005531384.novalocal object-server[96620]: ::1 - - [21/Nov/2025:18:41:42 +0000] "GET /1/248045/AUTH_1792a06c06f74eae9f25cbd83cdb7f18/gnocchi.eb184062-dcf6-4e9f-9b03-625b9b67ffcb/1763640000.0_mean_300.0_v3" 404 70 "GET https://[::1]:8080/v1/AUTH_1792a06c06f74eae9f25cbd83cdb7f18/gnocchi.eb184062-dcf6-4e9f-9b03-625b9b67ffcb/1763640000.0_mean_300.0_v3" "tx74b53a1cd0934cbaae611-006920b266" "proxy-server 97617" 0.0003 "-" 96620 0
Nov 21 13:41:42 np0005531384.novalocal object-server[96620]: ::1 - - [21/Nov/2025:18:41:42 +0000] "GET /2/248045/AUTH_1792a06c06f74eae9f25cbd83cdb7f18/gnocchi.eb184062-dcf6-4e9f-9b03-625b9b67ffcb/1763640000.0_mean_300.0_v3" 404 70 "GET https://[::1]:8080/v1/AUTH_1792a06c06f74eae9f25cbd83cdb7f18/gnocchi.eb184062-dcf6-4e9f-9b03-625b9b67ffcb/1763640000.0_mean_300.0_v3" "tx74b53a1cd0934cbaae611-006920b266" "proxy-server 97617" 0.0002 "-" 96620 0
Nov 21 13:41:42 np0005531384.novalocal object-server[96621]: ::1 - - [21/Nov/2025:18:41:42 +0000] "GET /3/248045/AUTH_1792a06c06f74eae9f25cbd83cdb7f18/gnocchi.eb184062-dcf6-4e9f-9b03-625b9b67ffcb/1763640000.0_mean_300.0_v3" 404 70 "GET https://[::1]:8080/v1/AUTH_1792a06c06f74eae9f25cbd83cdb7f18/gnocchi.eb184062-dcf6-4e9f-9b03-625b9b67ffcb/1763640000.0_mean_300.0_v3" "tx74b53a1cd0934cbaae611-006920b266" "proxy-server 97617" 0.0002 "-" 96621 0
Nov 21 13:41:42 np0005531384.novalocal proxy-server[97617]: ::1 ::1 21/Nov/2025/18/41/42 GET /v1/AUTH_1792a06c06f74eae9f25cbd83cdb7f18/gnocchi.eb184062-dcf6-4e9f-9b03-625b9b67ffcb/1763640000.0_mean_300.0_v3 HTTP/1.0 404 - python-swiftclient-4.7.0 gAAAAABpILI00T5K... - 70 - tx74b53a1cd0934cbaae611-006920b266 - 0.0207 - - 1763750502.558307648 1763750502.579026937 0
Nov 21 13:41:42 np0005531384.novalocal container-server[96326]: ::1 - - [21/Nov/2025:18:41:42 +0000] "PUT /2/59466/AUTH_1792a06c06f74eae9f25cbd83cdb7f18/gnocchi.e765cca8-0a85-4b6a-afb6-eed1c0f4c4c6/1763640000.0_mean_300.0_v3" 201 - "PUT http://[::1]:8080/1/72219/AUTH_1792a06c06f74eae9f25cbd83cdb7f18/gnocchi.e765cca8-0a85-4b6a-afb6-eed1c0f4c4c6/1763640000.0_mean_300.0_v3" "txdff40906b3bc4be0ab3cb-006920b266" "object-server 96621" 0.0007 "-" 96326 0
Nov 21 13:41:42 np0005531384.novalocal object-server[96621]: ::1 - - [21/Nov/2025:18:41:42 +0000] "PUT /1/72219/AUTH_1792a06c06f74eae9f25cbd83cdb7f18/gnocchi.e765cca8-0a85-4b6a-afb6-eed1c0f4c4c6/1763640000.0_mean_300.0_v3" 201 - "PUT https://[::1]:8080/v1/AUTH_1792a06c06f74eae9f25cbd83cdb7f18/gnocchi.e765cca8-0a85-4b6a-afb6-eed1c0f4c4c6/1763640000.0_mean_300.0_v3" "txdff40906b3bc4be0ab3cb-006920b266" "proxy-server 97617" 0.0153 "-" 96621 0
Nov 21 13:41:42 np0005531384.novalocal container-server[96326]: ::1 - - [21/Nov/2025:18:41:42 +0000] "PUT /1/59466/AUTH_1792a06c06f74eae9f25cbd83cdb7f18/gnocchi.e765cca8-0a85-4b6a-afb6-eed1c0f4c4c6/1763640000.0_mean_300.0_v3" 201 - "PUT http://[::1]:8080/3/72219/AUTH_1792a06c06f74eae9f25cbd83cdb7f18/gnocchi.e765cca8-0a85-4b6a-afb6-eed1c0f4c4c6/1763640000.0_mean_300.0_v3" "txdff40906b3bc4be0ab3cb-006920b266" "object-server 96620" 0.0003 "-" 96326 0
Nov 21 13:41:42 np0005531384.novalocal object-server[96620]: ::1 - - [21/Nov/2025:18:41:42 +0000] "PUT /3/72219/AUTH_1792a06c06f74eae9f25cbd83cdb7f18/gnocchi.e765cca8-0a85-4b6a-afb6-eed1c0f4c4c6/1763640000.0_mean_300.0_v3" 201 - "PUT https://[::1]:8080/v1/AUTH_1792a06c06f74eae9f25cbd83cdb7f18/gnocchi.e765cca8-0a85-4b6a-afb6-eed1c0f4c4c6/1763640000.0_mean_300.0_v3" "txdff40906b3bc4be0ab3cb-006920b266" "proxy-server 97617" 0.0153 "-" 96620 0
Nov 21 13:41:42 np0005531384.novalocal container-server[96326]: ::1 - - [21/Nov/2025:18:41:42 +0000] "PUT /3/59466/AUTH_1792a06c06f74eae9f25cbd83cdb7f18/gnocchi.e765cca8-0a85-4b6a-afb6-eed1c0f4c4c6/1763640000.0_mean_300.0_v3" 201 - "PUT http://[::1]:8080/2/72219/AUTH_1792a06c06f74eae9f25cbd83cdb7f18/gnocchi.e765cca8-0a85-4b6a-afb6-eed1c0f4c4c6/1763640000.0_mean_300.0_v3" "txdff40906b3bc4be0ab3cb-006920b266" "object-server 96620" 0.0008 "-" 96326 0
Nov 21 13:41:42 np0005531384.novalocal object-server[96620]: ::1 - - [21/Nov/2025:18:41:42 +0000] "PUT /2/72219/AUTH_1792a06c06f74eae9f25cbd83cdb7f18/gnocchi.e765cca8-0a85-4b6a-afb6-eed1c0f4c4c6/1763640000.0_mean_300.0_v3" 201 - "PUT https://[::1]:8080/v1/AUTH_1792a06c06f74eae9f25cbd83cdb7f18/gnocchi.e765cca8-0a85-4b6a-afb6-eed1c0f4c4c6/1763640000.0_mean_300.0_v3" "txdff40906b3bc4be0ab3cb-006920b266" "proxy-server 97617" 0.0240 "-" 96620 0
Nov 21 13:41:42 np0005531384.novalocal container-server[96326]: ::1 - - [21/Nov/2025:18:41:42 +0000] "PUT /1/58603/AUTH_1792a06c06f74eae9f25cbd83cdb7f18/gnocchi.eb184062-dcf6-4e9f-9b03-625b9b67ffcb/1763640000.0_mean_300.0_v3" 201 - "PUT http://[::1]:8080/2/248045/AUTH_1792a06c06f74eae9f25cbd83cdb7f18/gnocchi.eb184062-dcf6-4e9f-9b03-625b9b67ffcb/1763640000.0_mean_300.0_v3" "txf45161bc1745424395e2b-006920b266" "object-server 96620" 0.0005 "-" 96326 0
Nov 21 13:41:42 np0005531384.novalocal proxy-server[97617]: ::1 ::1 21/Nov/2025/18/41/42 PUT /v1/AUTH_1792a06c06f74eae9f25cbd83cdb7f18/gnocchi.e765cca8-0a85-4b6a-afb6-eed1c0f4c4c6/1763640000.0_mean_300.0_v3 HTTP/1.0 201 - python-swiftclient-4.7.0 gAAAAABpILI22Pln... 16 - - txdff40906b3bc4be0ab3cb-006920b266 - 0.0385 - - 1763750502.560299635 1763750502.598811150 0
Nov 21 13:41:42 np0005531384.novalocal object-server[96620]: ::1 - - [21/Nov/2025:18:41:42 +0000] "PUT /2/248045/AUTH_1792a06c06f74eae9f25cbd83cdb7f18/gnocchi.eb184062-dcf6-4e9f-9b03-625b9b67ffcb/1763640000.0_mean_300.0_v3" 201 - "PUT https://[::1]:8080/v1/AUTH_1792a06c06f74eae9f25cbd83cdb7f18/gnocchi.eb184062-dcf6-4e9f-9b03-625b9b67ffcb/1763640000.0_mean_300.0_v3" "txf45161bc1745424395e2b-006920b266" "proxy-server 97617" 0.0118 "-" 96620 0
Nov 21 13:41:42 np0005531384.novalocal container-server[96326]: ::1 - - [21/Nov/2025:18:41:42 +0000] "PUT /2/58603/AUTH_1792a06c06f74eae9f25cbd83cdb7f18/gnocchi.eb184062-dcf6-4e9f-9b03-625b9b67ffcb/1763640000.0_mean_300.0_v3" 201 - "PUT http://[::1]:8080/1/248045/AUTH_1792a06c06f74eae9f25cbd83cdb7f18/gnocchi.eb184062-dcf6-4e9f-9b03-625b9b67ffcb/1763640000.0_mean_300.0_v3" "txf45161bc1745424395e2b-006920b266" "object-server 96620" 0.0007 "-" 96326 0
Nov 21 13:41:42 np0005531384.novalocal object-server[96620]: ::1 - - [21/Nov/2025:18:41:42 +0000] "PUT /1/248045/AUTH_1792a06c06f74eae9f25cbd83cdb7f18/gnocchi.eb184062-dcf6-4e9f-9b03-625b9b67ffcb/1763640000.0_mean_300.0_v3" 201 - "PUT https://[::1]:8080/v1/AUTH_1792a06c06f74eae9f25cbd83cdb7f18/gnocchi.eb184062-dcf6-4e9f-9b03-625b9b67ffcb/1763640000.0_mean_300.0_v3" "txf45161bc1745424395e2b-006920b266" "proxy-server 97617" 0.0135 "-" 96620 0
Nov 21 13:41:42 np0005531384.novalocal container-server[96326]: ::1 - - [21/Nov/2025:18:41:42 +0000] "PUT /3/58603/AUTH_1792a06c06f74eae9f25cbd83cdb7f18/gnocchi.eb184062-dcf6-4e9f-9b03-625b9b67ffcb/1763640000.0_mean_300.0_v3" 201 - "PUT http://[::1]:8080/3/248045/AUTH_1792a06c06f74eae9f25cbd83cdb7f18/gnocchi.eb184062-dcf6-4e9f-9b03-625b9b67ffcb/1763640000.0_mean_300.0_v3" "txf45161bc1745424395e2b-006920b266" "object-server 96620" 0.0014 "-" 96326 0
Nov 21 13:41:42 np0005531384.novalocal object-server[96620]: ::1 - - [21/Nov/2025:18:41:42 +0000] "PUT /3/248045/AUTH_1792a06c06f74eae9f25cbd83cdb7f18/gnocchi.eb184062-dcf6-4e9f-9b03-625b9b67ffcb/1763640000.0_mean_300.0_v3" 201 - "PUT https://[::1]:8080/v1/AUTH_1792a06c06f74eae9f25cbd83cdb7f18/gnocchi.eb184062-dcf6-4e9f-9b03-625b9b67ffcb/1763640000.0_mean_300.0_v3" "txf45161bc1745424395e2b-006920b266" "proxy-server 97617" 0.0187 "-" 96620 0
Nov 21 13:41:42 np0005531384.novalocal proxy-server[97617]: ::1 ::1 21/Nov/2025/18/41/42 PUT /v1/AUTH_1792a06c06f74eae9f25cbd83cdb7f18/gnocchi.eb184062-dcf6-4e9f-9b03-625b9b67ffcb/1763640000.0_mean_300.0_v3 HTTP/1.0 201 - python-swiftclient-4.7.0 gAAAAABpILI00T5K... 16 - - txf45161bc1745424395e2b-006920b266 - 0.0271 - - 1763750502.581750631 1763750502.608891726 0
Nov 21 13:41:42 np0005531384.novalocal dnsmasq[103530]: read /var/lib/neutron/dhcp/4db5c9be-9364-4399-b65a-25db0d73f144/addn_hosts - 3 addresses
Nov 21 13:41:42 np0005531384.novalocal dnsmasq-dhcp[103530]: read /var/lib/neutron/dhcp/4db5c9be-9364-4399-b65a-25db0d73f144/host
Nov 21 13:41:42 np0005531384.novalocal dnsmasq-dhcp[103530]: read /var/lib/neutron/dhcp/4db5c9be-9364-4399-b65a-25db0d73f144/opts
Nov 21 13:41:42 np0005531384.novalocal container-server[96326]: ::1 - - [21/Nov/2025:18:41:42 +0000] "PUT /1/59466/AUTH_1792a06c06f74eae9f25cbd83cdb7f18/gnocchi.e765cca8-0a85-4b6a-afb6-eed1c0f4c4c6/none_v3" 201 - "PUT http://[::1]:8080/3/244543/AUTH_1792a06c06f74eae9f25cbd83cdb7f18/gnocchi.e765cca8-0a85-4b6a-afb6-eed1c0f4c4c6/none_v3" "tx74e6273b3f25431898ab9-006920b266" "object-server 96621" 0.0004 "-" 96326 0
Nov 21 13:41:42 np0005531384.novalocal object-server[96621]: ::1 - - [21/Nov/2025:18:41:42 +0000] "PUT /3/244543/AUTH_1792a06c06f74eae9f25cbd83cdb7f18/gnocchi.e765cca8-0a85-4b6a-afb6-eed1c0f4c4c6/none_v3" 201 - "PUT https://[::1]:8080/v1/AUTH_1792a06c06f74eae9f25cbd83cdb7f18/gnocchi.e765cca8-0a85-4b6a-afb6-eed1c0f4c4c6/none_v3" "tx74e6273b3f25431898ab9-006920b266" "proxy-server 97617" 0.0189 "-" 96621 0
Nov 21 13:41:42 np0005531384.novalocal container-server[96326]: ::1 - - [21/Nov/2025:18:41:42 +0000] "PUT /2/59466/AUTH_1792a06c06f74eae9f25cbd83cdb7f18/gnocchi.e765cca8-0a85-4b6a-afb6-eed1c0f4c4c6/none_v3" 201 - "PUT http://[::1]:8080/1/244543/AUTH_1792a06c06f74eae9f25cbd83cdb7f18/gnocchi.e765cca8-0a85-4b6a-afb6-eed1c0f4c4c6/none_v3" "tx74e6273b3f25431898ab9-006920b266" "object-server 96620" 0.0006 "-" 96326 0
Nov 21 13:41:42 np0005531384.novalocal container-server[96325]: ::1 - - [21/Nov/2025:18:41:42 +0000] "PUT /3/59466/AUTH_1792a06c06f74eae9f25cbd83cdb7f18/gnocchi.e765cca8-0a85-4b6a-afb6-eed1c0f4c4c6/none_v3" 201 - "PUT http://[::1]:8080/2/244543/AUTH_1792a06c06f74eae9f25cbd83cdb7f18/gnocchi.e765cca8-0a85-4b6a-afb6-eed1c0f4c4c6/none_v3" "tx74e6273b3f25431898ab9-006920b266" "object-server 96620" 0.0005 "-" 96325 0
Nov 21 13:41:42 np0005531384.novalocal object-server[96620]: ::1 - - [21/Nov/2025:18:41:42 +0000] "PUT /1/244543/AUTH_1792a06c06f74eae9f25cbd83cdb7f18/gnocchi.e765cca8-0a85-4b6a-afb6-eed1c0f4c4c6/none_v3" 201 - "PUT https://[::1]:8080/v1/AUTH_1792a06c06f74eae9f25cbd83cdb7f18/gnocchi.e765cca8-0a85-4b6a-afb6-eed1c0f4c4c6/none_v3" "tx74e6273b3f25431898ab9-006920b266" "proxy-server 97617" 0.0249 "-" 96620 0
Nov 21 13:41:42 np0005531384.novalocal object-server[96620]: ::1 - - [21/Nov/2025:18:41:42 +0000] "PUT /2/244543/AUTH_1792a06c06f74eae9f25cbd83cdb7f18/gnocchi.e765cca8-0a85-4b6a-afb6-eed1c0f4c4c6/none_v3" 201 - "PUT https://[::1]:8080/v1/AUTH_1792a06c06f74eae9f25cbd83cdb7f18/gnocchi.e765cca8-0a85-4b6a-afb6-eed1c0f4c4c6/none_v3" "tx74e6273b3f25431898ab9-006920b266" "proxy-server 97617" 0.0290 "-" 96620 0
Nov 21 13:41:42 np0005531384.novalocal proxy-server[97617]: ::1 ::1 21/Nov/2025/18/41/42 PUT /v1/AUTH_1792a06c06f74eae9f25cbd83cdb7f18/gnocchi.e765cca8-0a85-4b6a-afb6-eed1c0f4c4c6/none_v3 HTTP/1.0 201 - python-swiftclient-4.7.0 gAAAAABpILI22Pln... 22 - - tx74e6273b3f25431898ab9-006920b266 - 0.0389 - - 1763750502.601248980 1763750502.640142679 0
Nov 21 13:41:42 np0005531384.novalocal container-server[96325]: ::1 - - [21/Nov/2025:18:41:42 +0000] "PUT /2/58603/AUTH_1792a06c06f74eae9f25cbd83cdb7f18/gnocchi.eb184062-dcf6-4e9f-9b03-625b9b67ffcb/none_v3" 201 - "PUT http://[::1]:8080/1/33005/AUTH_1792a06c06f74eae9f25cbd83cdb7f18/gnocchi.eb184062-dcf6-4e9f-9b03-625b9b67ffcb/none_v3" "txb2163e1b27a849dfa09a3-006920b266" "object-server 96620" 0.0004 "-" 96325 0
Nov 21 13:41:42 np0005531384.novalocal container-server[96325]: ::1 - - [21/Nov/2025:18:41:42 +0000] "PUT /3/58603/AUTH_1792a06c06f74eae9f25cbd83cdb7f18/gnocchi.eb184062-dcf6-4e9f-9b03-625b9b67ffcb/none_v3" 201 - "PUT http://[::1]:8080/3/33005/AUTH_1792a06c06f74eae9f25cbd83cdb7f18/gnocchi.eb184062-dcf6-4e9f-9b03-625b9b67ffcb/none_v3" "txb2163e1b27a849dfa09a3-006920b266" "object-server 96620" 0.0003 "-" 96325 0
Nov 21 13:41:42 np0005531384.novalocal container-server[96325]: ::1 - - [21/Nov/2025:18:41:42 +0000] "PUT /1/58603/AUTH_1792a06c06f74eae9f25cbd83cdb7f18/gnocchi.eb184062-dcf6-4e9f-9b03-625b9b67ffcb/none_v3" 201 - "PUT http://[::1]:8080/2/33005/AUTH_1792a06c06f74eae9f25cbd83cdb7f18/gnocchi.eb184062-dcf6-4e9f-9b03-625b9b67ffcb/none_v3" "txb2163e1b27a849dfa09a3-006920b266" "object-server 96620" 0.0003 "-" 96325 0
Nov 21 13:41:42 np0005531384.novalocal object-server[96620]: ::1 - - [21/Nov/2025:18:41:42 +0000] "PUT /1/33005/AUTH_1792a06c06f74eae9f25cbd83cdb7f18/gnocchi.eb184062-dcf6-4e9f-9b03-625b9b67ffcb/none_v3" 201 - "PUT https://[::1]:8080/v1/AUTH_1792a06c06f74eae9f25cbd83cdb7f18/gnocchi.eb184062-dcf6-4e9f-9b03-625b9b67ffcb/none_v3" "txb2163e1b27a849dfa09a3-006920b266" "proxy-server 97617" 0.0231 "-" 96620 0
Nov 21 13:41:42 np0005531384.novalocal object-server[96620]: ::1 - - [21/Nov/2025:18:41:42 +0000] "PUT /2/33005/AUTH_1792a06c06f74eae9f25cbd83cdb7f18/gnocchi.eb184062-dcf6-4e9f-9b03-625b9b67ffcb/none_v3" 201 - "PUT https://[::1]:8080/v1/AUTH_1792a06c06f74eae9f25cbd83cdb7f18/gnocchi.eb184062-dcf6-4e9f-9b03-625b9b67ffcb/none_v3" "txb2163e1b27a849dfa09a3-006920b266" "proxy-server 97617" 0.0321 "-" 96620 0
Nov 21 13:41:42 np0005531384.novalocal object-server[96620]: ::1 - - [21/Nov/2025:18:41:42 +0000] "PUT /3/33005/AUTH_1792a06c06f74eae9f25cbd83cdb7f18/gnocchi.eb184062-dcf6-4e9f-9b03-625b9b67ffcb/none_v3" 201 - "PUT https://[::1]:8080/v1/AUTH_1792a06c06f74eae9f25cbd83cdb7f18/gnocchi.eb184062-dcf6-4e9f-9b03-625b9b67ffcb/none_v3" "txb2163e1b27a849dfa09a3-006920b266" "proxy-server 97617" 0.0297 "-" 96620 0
Nov 21 13:41:42 np0005531384.novalocal proxy-server[97617]: ::1 ::1 21/Nov/2025/18/41/42 PUT /v1/AUTH_1792a06c06f74eae9f25cbd83cdb7f18/gnocchi.eb184062-dcf6-4e9f-9b03-625b9b67ffcb/none_v3 HTTP/1.0 201 - python-swiftclient-4.7.0 gAAAAABpILI00T5K... 22 - - txb2163e1b27a849dfa09a3-006920b266 - 0.0429 - - 1763750502.611133099 1763750502.654025078 0
Nov 21 13:41:42 np0005531384.novalocal object-server[96620]: ::1 - - [21/Nov/2025:18:41:42 +0000] "GET /3/56836/AUTH_1792a06c06f74eae9f25cbd83cdb7f18/gnocchi.596293f3-0ddf-4e6e-94db-e8c5a5f53e60/none_v3" 200 22 "GET https://[::1]:8080/v1/AUTH_1792a06c06f74eae9f25cbd83cdb7f18/gnocchi.596293f3-0ddf-4e6e-94db-e8c5a5f53e60/none_v3" "txb0fc68b2ac704ca388ae2-006920b266" "proxy-server 97617" 0.0009 "-" 96620 0
Nov 21 13:41:42 np0005531384.novalocal container-server[96326]: ::1 - - [21/Nov/2025:18:41:42 +0000] "HEAD /1/119793/AUTH_1792a06c06f74eae9f25cbd83cdb7f18/gnocchi.53abdf0a-905b-4707-a94c-86d043802c63" 404 - "HEAD http://[::1]:8080/v1/AUTH_1792a06c06f74eae9f25cbd83cdb7f18/gnocchi.53abdf0a-905b-4707-a94c-86d043802c63" "txe7e0924d68aa4a6a98af0-006920b266" "proxy-server 97617" 0.0003 "-" 96326 0
Nov 21 13:41:42 np0005531384.novalocal proxy-server[97617]: ::1 ::1 21/Nov/2025/18/41/42 GET /v1/AUTH_1792a06c06f74eae9f25cbd83cdb7f18/gnocchi.596293f3-0ddf-4e6e-94db-e8c5a5f53e60/none_v3 HTTP/1.0 200 - python-swiftclient-4.7.0 gAAAAABpILI22Pln... - 22 - txb0fc68b2ac704ca388ae2-006920b266 - 0.0091 - - 1763750502.676396132 1763750502.685457230 0
Nov 21 13:41:42 np0005531384.novalocal container-server[96325]: ::1 - - [21/Nov/2025:18:41:42 +0000] "HEAD /2/119793/AUTH_1792a06c06f74eae9f25cbd83cdb7f18/gnocchi.53abdf0a-905b-4707-a94c-86d043802c63" 404 - "HEAD http://[::1]:8080/v1/AUTH_1792a06c06f74eae9f25cbd83cdb7f18/gnocchi.53abdf0a-905b-4707-a94c-86d043802c63" "txe7e0924d68aa4a6a98af0-006920b266" "proxy-server 97617" 0.0003 "-" 96325 0
Nov 21 13:41:42 np0005531384.novalocal container-server[96326]: ::1 - - [21/Nov/2025:18:41:42 +0000] "HEAD /3/119793/AUTH_1792a06c06f74eae9f25cbd83cdb7f18/gnocchi.53abdf0a-905b-4707-a94c-86d043802c63" 404 - "HEAD http://[::1]:8080/v1/AUTH_1792a06c06f74eae9f25cbd83cdb7f18/gnocchi.53abdf0a-905b-4707-a94c-86d043802c63" "txe7e0924d68aa4a6a98af0-006920b266" "proxy-server 97617" 0.0002 "-" 96326 0
Nov 21 13:41:42 np0005531384.novalocal proxy-server[97617]: - - 21/Nov/2025/18/41/42 HEAD /v1/AUTH_1792a06c06f74eae9f25cbd83cdb7f18/gnocchi.53abdf0a-905b-4707-a94c-86d043802c63 HTTP/1.0 404 - Swift - - - - txe7e0924d68aa4a6a98af0-006920b266 - 0.0101 CS - 1763750502.681967974 1763750502.692108631 0
Nov 21 13:41:42 np0005531384.novalocal object-server[96620]: ::1 - - [21/Nov/2025:18:41:42 +0000] "GET /2/194895/AUTH_1792a06c06f74eae9f25cbd83cdb7f18/gnocchi.53abdf0a-905b-4707-a94c-86d043802c63/none_v3" 404 70 "GET https://[::1]:8080/v1/AUTH_1792a06c06f74eae9f25cbd83cdb7f18/gnocchi.53abdf0a-905b-4707-a94c-86d043802c63/none_v3" "txe7e0924d68aa4a6a98af0-006920b266" "proxy-server 97617" 0.0005 "-" 96620 0
Nov 21 13:41:42 np0005531384.novalocal container-server[96326]: ::1 - - [21/Nov/2025:18:41:42 +0000] "GET /2/203281/AUTH_1792a06c06f74eae9f25cbd83cdb7f18/gnocchi.596293f3-0ddf-4e6e-94db-e8c5a5f53e60" 200 357 "GET https://[::1]:8080/v1/AUTH_1792a06c06f74eae9f25cbd83cdb7f18/gnocchi.596293f3-0ddf-4e6e-94db-e8c5a5f53e60?format=json&states=listing" "tx95fcadc53826438687aec-006920b266" "proxy-server 97617" 0.0022 "-" 96326 0
Nov 21 13:41:42 np0005531384.novalocal proxy-server[97617]: ::1 ::1 21/Nov/2025/18/41/42 GET /v1/AUTH_1792a06c06f74eae9f25cbd83cdb7f18/gnocchi.596293f3-0ddf-4e6e-94db-e8c5a5f53e60%3Fformat%3Djson%26states%3Dlisting HTTP/1.0 200 - python-swiftclient-4.7.0 gAAAAABpILI22Pln... - 357 - tx95fcadc53826438687aec-006920b266 - 0.0145 - - 1763750502.690600634 1763750502.705051899 0
Nov 21 13:41:42 np0005531384.novalocal object-server[96620]: ::1 - - [21/Nov/2025:18:41:42 +0000] "GET /3/194895/AUTH_1792a06c06f74eae9f25cbd83cdb7f18/gnocchi.53abdf0a-905b-4707-a94c-86d043802c63/none_v3" 404 70 "GET https://[::1]:8080/v1/AUTH_1792a06c06f74eae9f25cbd83cdb7f18/gnocchi.53abdf0a-905b-4707-a94c-86d043802c63/none_v3" "txe7e0924d68aa4a6a98af0-006920b266" "proxy-server 97617" 0.0003 "-" 96620 0
Nov 21 13:41:42 np0005531384.novalocal object-server[96621]: ::1 - - [21/Nov/2025:18:41:42 +0000] "GET /1/194895/AUTH_1792a06c06f74eae9f25cbd83cdb7f18/gnocchi.53abdf0a-905b-4707-a94c-86d043802c63/none_v3" 404 70 "GET https://[::1]:8080/v1/AUTH_1792a06c06f74eae9f25cbd83cdb7f18/gnocchi.53abdf0a-905b-4707-a94c-86d043802c63/none_v3" "txe7e0924d68aa4a6a98af0-006920b266" "proxy-server 97617" 0.0011 "-" 96621 0
Nov 21 13:41:42 np0005531384.novalocal proxy-server[97617]: ::1 ::1 21/Nov/2025/18/41/42 GET /v1/AUTH_1792a06c06f74eae9f25cbd83cdb7f18/gnocchi.53abdf0a-905b-4707-a94c-86d043802c63/none_v3 HTTP/1.0 404 - python-swiftclient-4.7.0 gAAAAABpILI00T5K... - 70 - txe7e0924d68aa4a6a98af0-006920b266 - 0.0352 - - 1763750502.680926561 1763750502.716160774 0
Nov 21 13:41:42 np0005531384.novalocal container-server[96325]: ::1 - - [21/Nov/2025:18:41:42 +0000] "GET /1/203281/AUTH_1792a06c06f74eae9f25cbd83cdb7f18/gnocchi.596293f3-0ddf-4e6e-94db-e8c5a5f53e60" 200 2 "GET https://[::1]:8080/v1/AUTH_1792a06c06f74eae9f25cbd83cdb7f18/gnocchi.596293f3-0ddf-4e6e-94db-e8c5a5f53e60?format=json&marker=none_v3&states=listing" "tx7e07c03f5a50469ca27e9-006920b266" "proxy-server 97617" 0.0019 "-" 96325 0
Nov 21 13:41:42 np0005531384.novalocal proxy-server[97617]: ::1 ::1 21/Nov/2025/18/41/42 GET /v1/AUTH_1792a06c06f74eae9f25cbd83cdb7f18/gnocchi.596293f3-0ddf-4e6e-94db-e8c5a5f53e60%3Fformat%3Djson%26marker%3Dnone_v3%26states%3Dlisting HTTP/1.0 200 - python-swiftclient-4.7.0 gAAAAABpILI22Pln... - 2 - tx7e07c03f5a50469ca27e9-006920b266 - 0.0131 - - 1763750502.708618402 1763750502.721727371 0
Nov 21 13:41:42 np0005531384.novalocal object-server[96620]: ::1 - - [21/Nov/2025:18:41:42 +0000] "GET /2/257217/AUTH_1792a06c06f74eae9f25cbd83cdb7f18/gnocchi.596293f3-0ddf-4e6e-94db-e8c5a5f53e60/1763640000.0_mean_300.0_v3" 200 16 "GET https://[::1]:8080/v1/AUTH_1792a06c06f74eae9f25cbd83cdb7f18/gnocchi.596293f3-0ddf-4e6e-94db-e8c5a5f53e60/1763640000.0_mean_300.0_v3" "txa718f750d2ca4a8ab4ccb-006920b266" "proxy-server 97617" 0.0011 "-" 96620 0
Nov 21 13:41:42 np0005531384.novalocal proxy-server[97617]: ::1 ::1 21/Nov/2025/18/41/42 GET /v1/AUTH_1792a06c06f74eae9f25cbd83cdb7f18/gnocchi.596293f3-0ddf-4e6e-94db-e8c5a5f53e60/1763640000.0_mean_300.0_v3 HTTP/1.0 200 - python-swiftclient-4.7.0 gAAAAABpILI22Pln... - 16 - txa718f750d2ca4a8ab4ccb-006920b266 - 0.0099 - - 1763750502.730565071 1763750502.740511656 0
Nov 21 13:41:42 np0005531384.novalocal account-server[96031]: ::1 - - [21/Nov/2025:18:41:42 +0000] "PUT /3/231418/AUTH_1792a06c06f74eae9f25cbd83cdb7f18/gnocchi.53abdf0a-905b-4707-a94c-86d043802c63" 201 - "PUT http://[::1]:6001/2/119793/AUTH_1792a06c06f74eae9f25cbd83cdb7f18/gnocchi.53abdf0a-905b-4707-a94c-86d043802c63" "txd50de3d53a044eadac4f1-006920b266" "container-server 96325" 0.0056 "-" 96031 0
Nov 21 13:41:42 np0005531384.novalocal container-server[96325]: ::1 - - [21/Nov/2025:18:41:42 +0000] "PUT /2/119793/AUTH_1792a06c06f74eae9f25cbd83cdb7f18/gnocchi.53abdf0a-905b-4707-a94c-86d043802c63" 201 - "PUT https://[::1]:8080/v1/AUTH_1792a06c06f74eae9f25cbd83cdb7f18/gnocchi.53abdf0a-905b-4707-a94c-86d043802c63" "txd50de3d53a044eadac4f1-006920b266" "proxy-server 97617" 0.0161 "-" 96325 0
Nov 21 13:41:42 np0005531384.novalocal container-server[96325]: ::1 - - [21/Nov/2025:18:41:42 +0000] "PUT /3/203281/AUTH_1792a06c06f74eae9f25cbd83cdb7f18/gnocchi.596293f3-0ddf-4e6e-94db-e8c5a5f53e60/1763640000.0_mean_300.0_v3" 201 - "PUT http://[::1]:8080/2/257217/AUTH_1792a06c06f74eae9f25cbd83cdb7f18/gnocchi.596293f3-0ddf-4e6e-94db-e8c5a5f53e60/1763640000.0_mean_300.0_v3" "tx31ba3f93ca0e41aaafe3c-006920b266" "object-server 96620" 0.0004 "-" 96325 0
