Nov 21 13:42:41 np0005531384.novalocal object-server[96621]: ::1 - - [21/Nov/2025:18:42:41 +0000] "PUT /3/212884/AUTH_1792a06c06f74eae9f25cbd83cdb7f18/gnocchi.9816b3dc-ef96-4f01-be05-d892e91d2b07/1763640000.0_mean_300.0_v3" 201 - "PUT https://[::1]:8080/v1/AUTH_1792a06c06f74eae9f25cbd83cdb7f18/gnocchi.9816b3dc-ef96-4f01-be05-d892e91d2b07/1763640000.0_mean_300.0_v3" "tx35d66493bde2429f8bd2d-006920b2a1" "proxy-server 97617" 0.0151 "-" 96621 0
Nov 21 13:42:41 np0005531384.novalocal object-server[96621]: ::1 - - [21/Nov/2025:18:42:41 +0000] "PUT /2/212884/AUTH_1792a06c06f74eae9f25cbd83cdb7f18/gnocchi.9816b3dc-ef96-4f01-be05-d892e91d2b07/1763640000.0_mean_300.0_v3" 201 - "PUT https://[::1]:8080/v1/AUTH_1792a06c06f74eae9f25cbd83cdb7f18/gnocchi.9816b3dc-ef96-4f01-be05-d892e91d2b07/1763640000.0_mean_300.0_v3" "tx35d66493bde2429f8bd2d-006920b2a1" "proxy-server 97617" 0.0191 "-" 96621 0
Nov 21 13:42:41 np0005531384.novalocal proxy-server[97617]: ::1 ::1 21/Nov/2025/18/42/41 PUT /v1/AUTH_1792a06c06f74eae9f25cbd83cdb7f18/gnocchi.9816b3dc-ef96-4f01-be05-d892e91d2b07/1763640000.0_mean_300.0_v3 HTTP/1.0 201 - python-swiftclient-4.7.0 gAAAAABpILI00T5K... 16 - - tx35d66493bde2429f8bd2d-006920b2a1 - 0.0254 - - 1763750561.783549786 1763750561.808950186 0
Nov 21 13:42:41 np0005531384.novalocal systemd[1]: Started Session c150 of User root.
Nov 21 13:42:41 np0005531384.novalocal container-server[96326]: ::1 - - [21/Nov/2025:18:42:41 +0000] "PUT /3/23142/AUTH_1792a06c06f74eae9f25cbd83cdb7f18/gnocchi.9816b3dc-ef96-4f01-be05-d892e91d2b07/none_v3" 201 - "PUT http://[::1]:8080/1/89098/AUTH_1792a06c06f74eae9f25cbd83cdb7f18/gnocchi.9816b3dc-ef96-4f01-be05-d892e91d2b07/none_v3" "txd289cd0ded4d411a9e439-006920b2a1" "object-server 96621" 0.0014 "-" 96326 0
Nov 21 13:42:41 np0005531384.novalocal object-server[96621]: ::1 - - [21/Nov/2025:18:42:41 +0000] "PUT /1/89098/AUTH_1792a06c06f74eae9f25cbd83cdb7f18/gnocchi.9816b3dc-ef96-4f01-be05-d892e91d2b07/none_v3" 201 - "PUT https://[::1]:8080/v1/AUTH_1792a06c06f74eae9f25cbd83cdb7f18/gnocchi.9816b3dc-ef96-4f01-be05-d892e91d2b07/none_v3" "txd289cd0ded4d411a9e439-006920b2a1" "proxy-server 97617" 0.0138 "-" 96621 0
Nov 21 13:42:41 np0005531384.novalocal container-server[96326]: ::1 - - [21/Nov/2025:18:42:41 +0000] "PUT /2/23142/AUTH_1792a06c06f74eae9f25cbd83cdb7f18/gnocchi.9816b3dc-ef96-4f01-be05-d892e91d2b07/none_v3" 201 - "PUT http://[::1]:8080/2/89098/AUTH_1792a06c06f74eae9f25cbd83cdb7f18/gnocchi.9816b3dc-ef96-4f01-be05-d892e91d2b07/none_v3" "txd289cd0ded4d411a9e439-006920b2a1" "object-server 96620" 0.0003 "-" 96326 0
Nov 21 13:42:41 np0005531384.novalocal object-server[96620]: ::1 - - [21/Nov/2025:18:42:41 +0000] "PUT /2/89098/AUTH_1792a06c06f74eae9f25cbd83cdb7f18/gnocchi.9816b3dc-ef96-4f01-be05-d892e91d2b07/none_v3" 201 - "PUT https://[::1]:8080/v1/AUTH_1792a06c06f74eae9f25cbd83cdb7f18/gnocchi.9816b3dc-ef96-4f01-be05-d892e91d2b07/none_v3" "txd289cd0ded4d411a9e439-006920b2a1" "proxy-server 97617" 0.0139 "-" 96620 0
Nov 21 13:42:41 np0005531384.novalocal container-server[96326]: ::1 - - [21/Nov/2025:18:42:41 +0000] "PUT /1/23142/AUTH_1792a06c06f74eae9f25cbd83cdb7f18/gnocchi.9816b3dc-ef96-4f01-be05-d892e91d2b07/none_v3" 201 - "PUT http://[::1]:8080/3/89098/AUTH_1792a06c06f74eae9f25cbd83cdb7f18/gnocchi.9816b3dc-ef96-4f01-be05-d892e91d2b07/none_v3" "txd289cd0ded4d411a9e439-006920b2a1" "object-server 96620" 0.0005 "-" 96326 0
Nov 21 13:42:41 np0005531384.novalocal object-server[96620]: ::1 - - [21/Nov/2025:18:42:41 +0000] "PUT /3/89098/AUTH_1792a06c06f74eae9f25cbd83cdb7f18/gnocchi.9816b3dc-ef96-4f01-be05-d892e91d2b07/none_v3" 201 - "PUT https://[::1]:8080/v1/AUTH_1792a06c06f74eae9f25cbd83cdb7f18/gnocchi.9816b3dc-ef96-4f01-be05-d892e91d2b07/none_v3" "txd289cd0ded4d411a9e439-006920b2a1" "proxy-server 97617" 0.0184 "-" 96620 0
Nov 21 13:42:41 np0005531384.novalocal proxy-server[97617]: ::1 ::1 21/Nov/2025/18/42/41 PUT /v1/AUTH_1792a06c06f74eae9f25cbd83cdb7f18/gnocchi.9816b3dc-ef96-4f01-be05-d892e91d2b07/none_v3 HTTP/1.0 201 - python-swiftclient-4.7.0 gAAAAABpILI00T5K... 22 - - txd289cd0ded4d411a9e439-006920b2a1 - 0.0277 - - 1763750561.812085390 1763750561.839810848 0
Nov 21 13:42:41 np0005531384.novalocal sudo[106349]: pam_unix(sudo:session): session opened for user root(uid=0) by (uid=165)
Nov 21 13:42:41 np0005531384.novalocal container-server[96325]: ::1 - - [21/Nov/2025:18:42:41 +0000] "HEAD /2/221952/AUTH_1792a06c06f74eae9f25cbd83cdb7f18/gnocchi.c639c010-006b-48cc-94ee-5f9a7a3d9b8c" 404 - "HEAD http://[::1]:8080/v1/AUTH_1792a06c06f74eae9f25cbd83cdb7f18/gnocchi.c639c010-006b-48cc-94ee-5f9a7a3d9b8c" "txd046c6597ee545a598445-006920b2a1" "proxy-server 97617" 0.0005 "-" 96325 0
Nov 21 13:42:41 np0005531384.novalocal container-server[96326]: ::1 - - [21/Nov/2025:18:42:41 +0000] "HEAD /1/221952/AUTH_1792a06c06f74eae9f25cbd83cdb7f18/gnocchi.c639c010-006b-48cc-94ee-5f9a7a3d9b8c" 404 - "HEAD http://[::1]:8080/v1/AUTH_1792a06c06f74eae9f25cbd83cdb7f18/gnocchi.c639c010-006b-48cc-94ee-5f9a7a3d9b8c" "txd046c6597ee545a598445-006920b2a1" "proxy-server 97617" 0.0003 "-" 96326 0
Nov 21 13:42:41 np0005531384.novalocal container-server[96325]: ::1 - - [21/Nov/2025:18:42:41 +0000] "HEAD /3/221952/AUTH_1792a06c06f74eae9f25cbd83cdb7f18/gnocchi.c639c010-006b-48cc-94ee-5f9a7a3d9b8c" 404 - "HEAD http://[::1]:8080/v1/AUTH_1792a06c06f74eae9f25cbd83cdb7f18/gnocchi.c639c010-006b-48cc-94ee-5f9a7a3d9b8c" "txd046c6597ee545a598445-006920b2a1" "proxy-server 97617" 0.0002 "-" 96325 0
Nov 21 13:42:41 np0005531384.novalocal proxy-server[97617]: - - 21/Nov/2025/18/42/41 HEAD /v1/AUTH_1792a06c06f74eae9f25cbd83cdb7f18/gnocchi.c639c010-006b-48cc-94ee-5f9a7a3d9b8c HTTP/1.0 404 - Swift - - - - txd046c6597ee545a598445-006920b2a1 - 0.0145 CS - 1763750561.857452631 1763750561.871937275 0
Nov 21 13:42:41 np0005531384.novalocal object-server[96621]: ::1 - - [21/Nov/2025:18:42:41 +0000] "GET /1/114150/AUTH_1792a06c06f74eae9f25cbd83cdb7f18/gnocchi.c639c010-006b-48cc-94ee-5f9a7a3d9b8c/none_v3" 404 70 "GET https://[::1]:8080/v1/AUTH_1792a06c06f74eae9f25cbd83cdb7f18/gnocchi.c639c010-006b-48cc-94ee-5f9a7a3d9b8c/none_v3" "txd046c6597ee545a598445-006920b2a1" "proxy-server 97617" 0.0003 "-" 96621 0
Nov 21 13:42:41 np0005531384.novalocal object-server[96620]: ::1 - - [21/Nov/2025:18:42:41 +0000] "GET /2/114150/AUTH_1792a06c06f74eae9f25cbd83cdb7f18/gnocchi.c639c010-006b-48cc-94ee-5f9a7a3d9b8c/none_v3" 404 70 "GET https://[::1]:8080/v1/AUTH_1792a06c06f74eae9f25cbd83cdb7f18/gnocchi.c639c010-006b-48cc-94ee-5f9a7a3d9b8c/none_v3" "txd046c6597ee545a598445-006920b2a1" "proxy-server 97617" 0.0003 "-" 96620 0
Nov 21 13:42:41 np0005531384.novalocal object-server[96621]: ::1 - - [21/Nov/2025:18:42:41 +0000] "GET /3/114150/AUTH_1792a06c06f74eae9f25cbd83cdb7f18/gnocchi.c639c010-006b-48cc-94ee-5f9a7a3d9b8c/none_v3" 404 70 "GET https://[::1]:8080/v1/AUTH_1792a06c06f74eae9f25cbd83cdb7f18/gnocchi.c639c010-006b-48cc-94ee-5f9a7a3d9b8c/none_v3" "txd046c6597ee545a598445-006920b2a1" "proxy-server 97617" 0.0006 "-" 96621 0
Nov 21 13:42:41 np0005531384.novalocal proxy-server[97617]: ::1 ::1 21/Nov/2025/18/42/41 GET /v1/AUTH_1792a06c06f74eae9f25cbd83cdb7f18/gnocchi.c639c010-006b-48cc-94ee-5f9a7a3d9b8c/none_v3 HTTP/1.0 404 - python-swiftclient-4.7.0 gAAAAABpILI00T5K... - 70 - txd046c6597ee545a598445-006920b2a1 - 0.0289 - - 1763750561.856766224 1763750561.885687113 0
Nov 21 13:42:41 np0005531384.novalocal container-server[96325]: ::1 - - [21/Nov/2025:18:42:41 +0000] "HEAD /2/239237/AUTH_1792a06c06f74eae9f25cbd83cdb7f18/gnocchi.68a97549-5f10-405e-aff1-f6edc53ffd0f" 404 - "HEAD http://[::1]:8080/v1/AUTH_1792a06c06f74eae9f25cbd83cdb7f18/gnocchi.68a97549-5f10-405e-aff1-f6edc53ffd0f" "txe1f8358a519744cba1aee-006920b2a1" "proxy-server 97617" 0.0004 "-" 96325 0
Nov 21 13:42:41 np0005531384.novalocal account-server[96031]: ::1 - - [21/Nov/2025:18:42:41 +0000] "PUT /1/231418/AUTH_1792a06c06f74eae9f25cbd83cdb7f18/gnocchi.c639c010-006b-48cc-94ee-5f9a7a3d9b8c" 201 - "PUT http://[::1]:6001/1/221952/AUTH_1792a06c06f74eae9f25cbd83cdb7f18/gnocchi.c639c010-006b-48cc-94ee-5f9a7a3d9b8c" "tx855826c9a77540089a2fe-006920b2a1" "container-server 96326" 0.0044 "-" 96031 0
Nov 21 13:42:41 np0005531384.novalocal account-server[96030]: ::1 - - [21/Nov/2025:18:42:41 +0000] "PUT /3/231418/AUTH_1792a06c06f74eae9f25cbd83cdb7f18/gnocchi.c639c010-006b-48cc-94ee-5f9a7a3d9b8c" 201 - "PUT http://[::1]:6001/2/221952/AUTH_1792a06c06f74eae9f25cbd83cdb7f18/gnocchi.c639c010-006b-48cc-94ee-5f9a7a3d9b8c" "tx855826c9a77540089a2fe-006920b2a1" "container-server 96325" 0.0047 "-" 96030 0
Nov 21 13:42:41 np0005531384.novalocal container-server[96325]: ::1 - - [21/Nov/2025:18:42:41 +0000] "PUT /2/221952/AUTH_1792a06c06f74eae9f25cbd83cdb7f18/gnocchi.c639c010-006b-48cc-94ee-5f9a7a3d9b8c" 201 - "PUT https://[::1]:8080/v1/AUTH_1792a06c06f74eae9f25cbd83cdb7f18/gnocchi.c639c010-006b-48cc-94ee-5f9a7a3d9b8c" "tx855826c9a77540089a2fe-006920b2a1" "proxy-server 97617" 0.0153 "-" 96325 0
Nov 21 13:42:41 np0005531384.novalocal container-server[96326]: ::1 - - [21/Nov/2025:18:42:41 +0000] "PUT /1/221952/AUTH_1792a06c06f74eae9f25cbd83cdb7f18/gnocchi.c639c010-006b-48cc-94ee-5f9a7a3d9b8c" 201 - "PUT https://[::1]:8080/v1/AUTH_1792a06c06f74eae9f25cbd83cdb7f18/gnocchi.c639c010-006b-48cc-94ee-5f9a7a3d9b8c" "tx855826c9a77540089a2fe-006920b2a1" "proxy-server 97617" 0.0184 "-" 96326 0
Nov 21 13:42:41 np0005531384.novalocal container-server[96326]: ::1 - - [21/Nov/2025:18:42:41 +0000] "HEAD /3/239237/AUTH_1792a06c06f74eae9f25cbd83cdb7f18/gnocchi.68a97549-5f10-405e-aff1-f6edc53ffd0f" 404 - "HEAD http://[::1]:8080/v1/AUTH_1792a06c06f74eae9f25cbd83cdb7f18/gnocchi.68a97549-5f10-405e-aff1-f6edc53ffd0f" "txe1f8358a519744cba1aee-006920b2a1" "proxy-server 97617" 0.0002 "-" 96326 0
Nov 21 13:42:41 np0005531384.novalocal account-server[96030]: ::1 - - [21/Nov/2025:18:42:41 +0000] "PUT /2/231418/AUTH_1792a06c06f74eae9f25cbd83cdb7f18/gnocchi.c639c010-006b-48cc-94ee-5f9a7a3d9b8c" 201 - "PUT http://[::1]:6001/3/221952/AUTH_1792a06c06f74eae9f25cbd83cdb7f18/gnocchi.c639c010-006b-48cc-94ee-5f9a7a3d9b8c" "tx855826c9a77540089a2fe-006920b2a1" "container-server 96326" 0.0045 "-" 96030 0
Nov 21 13:42:41 np0005531384.novalocal container-server[96325]: ::1 - - [21/Nov/2025:18:42:41 +0000] "HEAD /1/239237/AUTH_1792a06c06f74eae9f25cbd83cdb7f18/gnocchi.68a97549-5f10-405e-aff1-f6edc53ffd0f" 404 - "HEAD http://[::1]:8080/v1/AUTH_1792a06c06f74eae9f25cbd83cdb7f18/gnocchi.68a97549-5f10-405e-aff1-f6edc53ffd0f" "txe1f8358a519744cba1aee-006920b2a1" "proxy-server 97617" 0.0002 "-" 96325 0
Nov 21 13:42:41 np0005531384.novalocal container-server[96326]: ::1 - - [21/Nov/2025:18:42:41 +0000] "PUT /3/221952/AUTH_1792a06c06f74eae9f25cbd83cdb7f18/gnocchi.c639c010-006b-48cc-94ee-5f9a7a3d9b8c" 201 - "PUT https://[::1]:8080/v1/AUTH_1792a06c06f74eae9f25cbd83cdb7f18/gnocchi.c639c010-006b-48cc-94ee-5f9a7a3d9b8c" "tx855826c9a77540089a2fe-006920b2a1" "proxy-server 97617" 0.0127 "-" 96326 0
Nov 21 13:42:41 np0005531384.novalocal proxy-server[97617]: - - 21/Nov/2025/18/42/41 HEAD /v1/AUTH_1792a06c06f74eae9f25cbd83cdb7f18/gnocchi.68a97549-5f10-405e-aff1-f6edc53ffd0f HTTP/1.0 404 - Swift - - - - txe1f8358a519744cba1aee-006920b2a1 - 0.0196 CS - 1763750561.904856205 1763750561.924428463 0
Nov 21 13:42:41 np0005531384.novalocal proxy-server[97617]: ::1 ::1 21/Nov/2025/18/42/41 PUT /v1/AUTH_1792a06c06f74eae9f25cbd83cdb7f18/gnocchi.c639c010-006b-48cc-94ee-5f9a7a3d9b8c HTTP/1.0 201 - python-swiftclient-4.7.0 gAAAAABpILI00T5K... - - - tx855826c9a77540089a2fe-006920b2a1 - 0.0334 - - 1763750561.894788265 1763750561.928208351 0
Nov 21 13:42:41 np0005531384.novalocal object-server[96620]: ::1 - - [21/Nov/2025:18:42:41 +0000] "GET /3/92662/AUTH_1792a06c06f74eae9f25cbd83cdb7f18/gnocchi.68a97549-5f10-405e-aff1-f6edc53ffd0f/none_v3" 404 70 "GET https://[::1]:8080/v1/AUTH_1792a06c06f74eae9f25cbd83cdb7f18/gnocchi.68a97549-5f10-405e-aff1-f6edc53ffd0f/none_v3" "txe1f8358a519744cba1aee-006920b2a1" "proxy-server 97617" 0.0003 "-" 96620 0
Nov 21 13:42:41 np0005531384.novalocal container-server[96325]: ::1 - - [21/Nov/2025:18:42:41 +0000] "HEAD /1/221952/AUTH_1792a06c06f74eae9f25cbd83cdb7f18/gnocchi.c639c010-006b-48cc-94ee-5f9a7a3d9b8c" 204 - "HEAD http://[::1]:8080/v1/AUTH_1792a06c06f74eae9f25cbd83cdb7f18/gnocchi.c639c010-006b-48cc-94ee-5f9a7a3d9b8c" "tx072ff90fe6ca4783b8419-006920b2a1" "proxy-server 97617" 0.0013 "-" 96325 0
Nov 21 13:42:41 np0005531384.novalocal object-server[96621]: ::1 - - [21/Nov/2025:18:42:41 +0000] "GET /1/92662/AUTH_1792a06c06f74eae9f25cbd83cdb7f18/gnocchi.68a97549-5f10-405e-aff1-f6edc53ffd0f/none_v3" 404 70 "GET https://[::1]:8080/v1/AUTH_1792a06c06f74eae9f25cbd83cdb7f18/gnocchi.68a97549-5f10-405e-aff1-f6edc53ffd0f/none_v3" "txe1f8358a519744cba1aee-006920b2a1" "proxy-server 97617" 0.0003 "-" 96621 0
Nov 21 13:42:41 np0005531384.novalocal proxy-server[97617]: - - 21/Nov/2025/18/42/41 HEAD /v1/AUTH_1792a06c06f74eae9f25cbd83cdb7f18/gnocchi.c639c010-006b-48cc-94ee-5f9a7a3d9b8c HTTP/1.0 204 - Swift - - - - tx072ff90fe6ca4783b8419-006920b2a1 - 0.0064 CS - 1763750561.931225538 1763750561.937668324 0
Nov 21 13:42:41 np0005531384.novalocal object-server[96621]: ::1 - - [21/Nov/2025:18:42:41 +0000] "GET /2/92662/AUTH_1792a06c06f74eae9f25cbd83cdb7f18/gnocchi.68a97549-5f10-405e-aff1-f6edc53ffd0f/none_v3" 404 70 "GET https://[::1]:8080/v1/AUTH_1792a06c06f74eae9f25cbd83cdb7f18/gnocchi.68a97549-5f10-405e-aff1-f6edc53ffd0f/none_v3" "txe1f8358a519744cba1aee-006920b2a1" "proxy-server 97617" 0.0002 "-" 96621 0
Nov 21 13:42:41 np0005531384.novalocal container-server[96326]: ::1 - - [21/Nov/2025:18:42:41 +0000] "GET /3/221952/AUTH_1792a06c06f74eae9f25cbd83cdb7f18/gnocchi.c639c010-006b-48cc-94ee-5f9a7a3d9b8c" 200 2 "GET https://[::1]:8080/v1/AUTH_1792a06c06f74eae9f25cbd83cdb7f18/gnocchi.c639c010-006b-48cc-94ee-5f9a7a3d9b8c?format=json&states=listing" "tx072ff90fe6ca4783b8419-006920b2a1" "proxy-server 97617" 0.0016 "-" 96326 0
Nov 21 13:42:41 np0005531384.novalocal proxy-server[97617]: ::1 ::1 21/Nov/2025/18/42/41 GET /v1/AUTH_1792a06c06f74eae9f25cbd83cdb7f18/gnocchi.68a97549-5f10-405e-aff1-f6edc53ffd0f/none_v3 HTTP/1.0 404 - python-swiftclient-4.7.0 gAAAAABpILI22Pln... - 70 - txe1f8358a519744cba1aee-006920b2a1 - 0.0465 - - 1763750561.897842884 1763750561.944352865 0
Nov 21 13:42:41 np0005531384.novalocal proxy-server[97617]: ::1 ::1 21/Nov/2025/18/42/41 GET /v1/AUTH_1792a06c06f74eae9f25cbd83cdb7f18/gnocchi.c639c010-006b-48cc-94ee-5f9a7a3d9b8c%3Fformat%3Djson%26states%3Dlisting HTTP/1.0 200 - python-swiftclient-4.7.0 gAAAAABpILI00T5K... - 2 - tx072ff90fe6ca4783b8419-006920b2a1 - 0.0172 - - 1763750561.930823326 1763750561.948072433 0
Nov 21 13:42:41 np0005531384.novalocal object-server[96621]: ::1 - - [21/Nov/2025:18:42:41 +0000] "GET /1/119159/AUTH_1792a06c06f74eae9f25cbd83cdb7f18/gnocchi.c639c010-006b-48cc-94ee-5f9a7a3d9b8c/1763640000.0_mean_300.0_v3" 404 70 "GET https://[::1]:8080/v1/AUTH_1792a06c06f74eae9f25cbd83cdb7f18/gnocchi.c639c010-006b-48cc-94ee-5f9a7a3d9b8c/1763640000.0_mean_300.0_v3" "tx28cb042e4cd349cb8c633-006920b2a1" "proxy-server 97617" 0.0003 "-" 96621 0
Nov 21 13:42:41 np0005531384.novalocal object-server[96621]: ::1 - - [21/Nov/2025:18:42:41 +0000] "GET /2/119159/AUTH_1792a06c06f74eae9f25cbd83cdb7f18/gnocchi.c639c010-006b-48cc-94ee-5f9a7a3d9b8c/1763640000.0_mean_300.0_v3" 404 70 "GET https://[::1]:8080/v1/AUTH_1792a06c06f74eae9f25cbd83cdb7f18/gnocchi.c639c010-006b-48cc-94ee-5f9a7a3d9b8c/1763640000.0_mean_300.0_v3" "tx28cb042e4cd349cb8c633-006920b2a1" "proxy-server 97617" 0.0002 "-" 96621 0
Nov 21 13:42:41 np0005531384.novalocal object-server[96621]: ::1 - - [21/Nov/2025:18:42:41 +0000] "GET /3/119159/AUTH_1792a06c06f74eae9f25cbd83cdb7f18/gnocchi.c639c010-006b-48cc-94ee-5f9a7a3d9b8c/1763640000.0_mean_300.0_v3" 404 70 "GET https://[::1]:8080/v1/AUTH_1792a06c06f74eae9f25cbd83cdb7f18/gnocchi.c639c010-006b-48cc-94ee-5f9a7a3d9b8c/1763640000.0_mean_300.0_v3" "tx28cb042e4cd349cb8c633-006920b2a1" "proxy-server 97617" 0.0002 "-" 96621 0
Nov 21 13:42:41 np0005531384.novalocal proxy-server[97617]: ::1 ::1 21/Nov/2025/18/42/41 GET /v1/AUTH_1792a06c06f74eae9f25cbd83cdb7f18/gnocchi.c639c010-006b-48cc-94ee-5f9a7a3d9b8c/1763640000.0_mean_300.0_v3 HTTP/1.0 404 - python-swiftclient-4.7.0 gAAAAABpILI00T5K... - 70 - tx28cb042e4cd349cb8c633-006920b2a1 - 0.0157 - - 1763750561.951000690 1763750561.966702938 0
Nov 21 13:42:41 np0005531384.novalocal account-server[96030]: ::1 - - [21/Nov/2025:18:42:41 +0000] "PUT /3/231418/AUTH_1792a06c06f74eae9f25cbd83cdb7f18/gnocchi.68a97549-5f10-405e-aff1-f6edc53ffd0f" 201 - "PUT http://[::1]:6001/1/239237/AUTH_1792a06c06f74eae9f25cbd83cdb7f18/gnocchi.68a97549-5f10-405e-aff1-f6edc53ffd0f" "tx07c599e5d1c9445e8bbc6-006920b2a1" "container-server 96325" 0.0078 "-" 96030 0
Nov 21 13:42:41 np0005531384.novalocal container-server[96325]: ::1 - - [21/Nov/2025:18:42:41 +0000] "PUT /1/239237/AUTH_1792a06c06f74eae9f25cbd83cdb7f18/gnocchi.68a97549-5f10-405e-aff1-f6edc53ffd0f" 201 - "PUT https://[::1]:8080/v1/AUTH_1792a06c06f74eae9f25cbd83cdb7f18/gnocchi.68a97549-5f10-405e-aff1-f6edc53ffd0f" "tx07c599e5d1c9445e8bbc6-006920b2a1" "proxy-server 97617" 0.0186 "-" 96325 0
Nov 21 13:42:41 np0005531384.novalocal container-server[96326]: ::1 - - [21/Nov/2025:18:42:41 +0000] "PUT /3/221952/AUTH_1792a06c06f74eae9f25cbd83cdb7f18/gnocchi.c639c010-006b-48cc-94ee-5f9a7a3d9b8c/1763640000.0_mean_300.0_v3" 201 - "PUT http://[::1]:8080/2/119159/AUTH_1792a06c06f74eae9f25cbd83cdb7f18/gnocchi.c639c010-006b-48cc-94ee-5f9a7a3d9b8c/1763640000.0_mean_300.0_v3" "tx4f550ca4ae734245bf4ef-006920b2a1" "object-server 96620" 0.0005 "-" 96326 0
Nov 21 13:42:41 np0005531384.novalocal object-server[96620]: ::1 - - [21/Nov/2025:18:42:41 +0000] "PUT /2/119159/AUTH_1792a06c06f74eae9f25cbd83cdb7f18/gnocchi.c639c010-006b-48cc-94ee-5f9a7a3d9b8c/1763640000.0_mean_300.0_v3" 201 - "PUT https://[::1]:8080/v1/AUTH_1792a06c06f74eae9f25cbd83cdb7f18/gnocchi.c639c010-006b-48cc-94ee-5f9a7a3d9b8c/1763640000.0_mean_300.0_v3" "tx4f550ca4ae734245bf4ef-006920b2a1" "proxy-server 97617" 0.0121 "-" 96620 0
Nov 21 13:42:41 np0005531384.novalocal account-server[96031]: ::1 - - [21/Nov/2025:18:42:41 +0000] "PUT /1/231418/AUTH_1792a06c06f74eae9f25cbd83cdb7f18/gnocchi.68a97549-5f10-405e-aff1-f6edc53ffd0f" 201 - "PUT http://[::1]:6001/3/239237/AUTH_1792a06c06f74eae9f25cbd83cdb7f18/gnocchi.68a97549-5f10-405e-aff1-f6edc53ffd0f" "tx07c599e5d1c9445e8bbc6-006920b2a1" "container-server 96326" 0.0091 "-" 96031 0
Nov 21 13:42:41 np0005531384.novalocal container-server[96326]: ::1 - - [21/Nov/2025:18:42:41 +0000] "PUT /1/221952/AUTH_1792a06c06f74eae9f25cbd83cdb7f18/gnocchi.c639c010-006b-48cc-94ee-5f9a7a3d9b8c/1763640000.0_mean_300.0_v3" 201 - "PUT http://[::1]:8080/1/119159/AUTH_1792a06c06f74eae9f25cbd83cdb7f18/gnocchi.c639c010-006b-48cc-94ee-5f9a7a3d9b8c/1763640000.0_mean_300.0_v3" "tx4f550ca4ae734245bf4ef-006920b2a1" "object-server 96620" 0.0003 "-" 96326 0
Nov 21 13:42:41 np0005531384.novalocal object-server[96620]: ::1 - - [21/Nov/2025:18:42:41 +0000] "PUT /1/119159/AUTH_1792a06c06f74eae9f25cbd83cdb7f18/gnocchi.c639c010-006b-48cc-94ee-5f9a7a3d9b8c/1763640000.0_mean_300.0_v3" 201 - "PUT https://[::1]:8080/v1/AUTH_1792a06c06f74eae9f25cbd83cdb7f18/gnocchi.c639c010-006b-48cc-94ee-5f9a7a3d9b8c/1763640000.0_mean_300.0_v3" "tx4f550ca4ae734245bf4ef-006920b2a1" "proxy-server 97617" 0.0147 "-" 96620 0
Nov 21 13:42:41 np0005531384.novalocal container-server[96326]: ::1 - - [21/Nov/2025:18:42:41 +0000] "PUT /3/239237/AUTH_1792a06c06f74eae9f25cbd83cdb7f18/gnocchi.68a97549-5f10-405e-aff1-f6edc53ffd0f" 201 - "PUT https://[::1]:8080/v1/AUTH_1792a06c06f74eae9f25cbd83cdb7f18/gnocchi.68a97549-5f10-405e-aff1-f6edc53ffd0f" "tx07c599e5d1c9445e8bbc6-006920b2a1" "proxy-server 97617" 0.0320 "-" 96326 0
Nov 21 13:42:41 np0005531384.novalocal account-server[96031]: ::1 - - [21/Nov/2025:18:42:41 +0000] "PUT /2/231418/AUTH_1792a06c06f74eae9f25cbd83cdb7f18/gnocchi.68a97549-5f10-405e-aff1-f6edc53ffd0f" 201 - "PUT http://[::1]:6001/2/239237/AUTH_1792a06c06f74eae9f25cbd83cdb7f18/gnocchi.68a97549-5f10-405e-aff1-f6edc53ffd0f" "tx07c599e5d1c9445e8bbc6-006920b2a1" "container-server 96326" 0.0058 "-" 96031 0
Nov 21 13:42:41 np0005531384.novalocal container-server[96326]: ::1 - - [21/Nov/2025:18:42:41 +0000] "PUT /2/221952/AUTH_1792a06c06f74eae9f25cbd83cdb7f18/gnocchi.c639c010-006b-48cc-94ee-5f9a7a3d9b8c/1763640000.0_mean_300.0_v3" 201 - "PUT http://[::1]:8080/3/119159/AUTH_1792a06c06f74eae9f25cbd83cdb7f18/gnocchi.c639c010-006b-48cc-94ee-5f9a7a3d9b8c/1763640000.0_mean_300.0_v3" "tx4f550ca4ae734245bf4ef-006920b2a1" "object-server 96621" 0.0005 "-" 96326 0
Nov 21 13:42:41 np0005531384.novalocal container-server[96326]: ::1 - - [21/Nov/2025:18:42:41 +0000] "PUT /2/239237/AUTH_1792a06c06f74eae9f25cbd83cdb7f18/gnocchi.68a97549-5f10-405e-aff1-f6edc53ffd0f" 201 - "PUT https://[::1]:8080/v1/AUTH_1792a06c06f74eae9f25cbd83cdb7f18/gnocchi.68a97549-5f10-405e-aff1-f6edc53ffd0f" "tx07c599e5d1c9445e8bbc6-006920b2a1" "proxy-server 97617" 0.0324 "-" 96326 0
Nov 21 13:42:41 np0005531384.novalocal object-server[96621]: ::1 - - [21/Nov/2025:18:42:41 +0000] "PUT /3/119159/AUTH_1792a06c06f74eae9f25cbd83cdb7f18/gnocchi.c639c010-006b-48cc-94ee-5f9a7a3d9b8c/1763640000.0_mean_300.0_v3" 201 - "PUT https://[::1]:8080/v1/AUTH_1792a06c06f74eae9f25cbd83cdb7f18/gnocchi.c639c010-006b-48cc-94ee-5f9a7a3d9b8c/1763640000.0_mean_300.0_v3" "tx4f550ca4ae734245bf4ef-006920b2a1" "proxy-server 97617" 0.0234 "-" 96621 0
Nov 21 13:42:42 np0005531384.novalocal proxy-server[97617]: ::1 ::1 21/Nov/2025/18/42/42 PUT /v1/AUTH_1792a06c06f74eae9f25cbd83cdb7f18/gnocchi.c639c010-006b-48cc-94ee-5f9a7a3d9b8c/1763640000.0_mean_300.0_v3 HTTP/1.0 201 - python-swiftclient-4.7.0 gAAAAABpILI00T5K... 16 - - tx4f550ca4ae734245bf4ef-006920b2a1 - 0.0314 - - 1763750561.969413042 1763750562.000857115 0
Nov 21 13:42:42 np0005531384.novalocal proxy-server[97617]: ::1 ::1 21/Nov/2025/18/42/42 PUT /v1/AUTH_1792a06c06f74eae9f25cbd83cdb7f18/gnocchi.68a97549-5f10-405e-aff1-f6edc53ffd0f HTTP/1.0 201 - python-swiftclient-4.7.0 gAAAAABpILI22Pln... - - - tx07c599e5d1c9445e8bbc6-006920b2a1 - 0.0548 - - 1763750561.947123289 1763750562.001906395 0
Nov 21 13:42:42 np0005531384.novalocal kernel: qbr4c4e26b5-59: port 2(tap4c4e26b5-59) entered disabled state
Nov 21 13:42:42 np0005531384.novalocal kernel: tap4c4e26b5-59 (unregistering): left allmulticast mode
Nov 21 13:42:42 np0005531384.novalocal kernel: tap4c4e26b5-59 (unregistering): left promiscuous mode
Nov 21 13:42:42 np0005531384.novalocal kernel: qbr4c4e26b5-59: port 2(tap4c4e26b5-59) entered disabled state
Nov 21 13:42:42 np0005531384.novalocal container-server[96326]: ::1 - - [21/Nov/2025:18:42:42 +0000] "HEAD /1/239237/AUTH_1792a06c06f74eae9f25cbd83cdb7f18/gnocchi.68a97549-5f10-405e-aff1-f6edc53ffd0f" 204 - "HEAD http://[::1]:8080/v1/AUTH_1792a06c06f74eae9f25cbd83cdb7f18/gnocchi.68a97549-5f10-405e-aff1-f6edc53ffd0f" "txb7cd694c2da44b9787118-006920b2a2" "proxy-server 97617" 0.0009 "-" 96326 0
Nov 21 13:42:42 np0005531384.novalocal NetworkManager[857]: [1763750562.0243] device (tap4c4e26b5-59): state change: activated -> unmanaged (reason 'unmanaged', managed-type: 'removed')
Nov 21 13:42:42 np0005531384.novalocal proxy-server[97617]: - - 21/Nov/2025/18/42/42 HEAD /v1/AUTH_1792a06c06f74eae9f25cbd83cdb7f18/gnocchi.68a97549-5f10-405e-aff1-f6edc53ffd0f HTTP/1.0 204 - Swift - - - - txb7cd694c2da44b9787118-006920b2a2 - 0.0146 CS - 1763750562.010178089 1763750562.024814844 0
Nov 21 13:42:42 np0005531384.novalocal NetworkManager[857]: [1763750562.0248] device (tap4c4e26b5-59): released from controller device qbr4c4e26b5-59
Nov 21 13:42:42 np0005531384.novalocal container-server[96326]: ::1 - - [21/Nov/2025:18:42:42 +0000] "GET /1/239237/AUTH_1792a06c06f74eae9f25cbd83cdb7f18/gnocchi.68a97549-5f10-405e-aff1-f6edc53ffd0f" 200 2 "GET https://[::1]:8080/v1/AUTH_1792a06c06f74eae9f25cbd83cdb7f18/gnocchi.68a97549-5f10-405e-aff1-f6edc53ffd0f?format=json&states=listing" "txb7cd694c2da44b9787118-006920b2a2" "proxy-server 97617" 0.0024 "-" 96326 0
Nov 21 13:42:42 np0005531384.novalocal container-server[96325]: ::1 - - [21/Nov/2025:18:42:42 +0000] "PUT /1/221952/AUTH_1792a06c06f74eae9f25cbd83cdb7f18/gnocchi.c639c010-006b-48cc-94ee-5f9a7a3d9b8c/none_v3" 201 - "PUT http://[::1]:8080/2/114150/AUTH_1792a06c06f74eae9f25cbd83cdb7f18/gnocchi.c639c010-006b-48cc-94ee-5f9a7a3d9b8c/none_v3" "txf909e731dbc84b8d9471f-006920b2a2" "object-server 96620" 0.0005 "-" 96325 0
Nov 21 13:42:42 np0005531384.novalocal object-server[96620]: ::1 - - [21/Nov/2025:18:42:42 +0000] "PUT /2/114150/AUTH_1792a06c06f74eae9f25cbd83cdb7f18/gnocchi.c639c010-006b-48cc-94ee-5f9a7a3d9b8c/none_v3" 201 - "PUT https://[::1]:8080/v1/AUTH_1792a06c06f74eae9f25cbd83cdb7f18/gnocchi.c639c010-006b-48cc-94ee-5f9a7a3d9b8c/none_v3" "txf909e731dbc84b8d9471f-006920b2a2" "proxy-server 97617" 0.0244 "-" 96620 0
Nov 21 13:42:42 np0005531384.novalocal container-server[96326]: ::1 - - [21/Nov/2025:18:42:42 +0000] "PUT /3/221952/AUTH_1792a06c06f74eae9f25cbd83cdb7f18/gnocchi.c639c010-006b-48cc-94ee-5f9a7a3d9b8c/none_v3" 201 - "PUT http://[::1]:8080/3/114150/AUTH_1792a06c06f74eae9f25cbd83cdb7f18/gnocchi.c639c010-006b-48cc-94ee-5f9a7a3d9b8c/none_v3" "txf909e731dbc84b8d9471f-006920b2a2" "object-server 96620" 0.0005 "-" 96326 0
Nov 21 13:42:42 np0005531384.novalocal object-server[96620]: ::1 - - [21/Nov/2025:18:42:42 +0000] "PUT /3/114150/AUTH_1792a06c06f74eae9f25cbd83cdb7f18/gnocchi.c639c010-006b-48cc-94ee-5f9a7a3d9b8c/none_v3" 201 - "PUT https://[::1]:8080/v1/AUTH_1792a06c06f74eae9f25cbd83cdb7f18/gnocchi.c639c010-006b-48cc-94ee-5f9a7a3d9b8c/none_v3" "txf909e731dbc84b8d9471f-006920b2a2" "proxy-server 97617" 0.0243 "-" 96620 0
Nov 21 13:42:42 np0005531384.novalocal container-server[96325]: ::1 - - [21/Nov/2025:18:42:42 +0000] "PUT /2/221952/AUTH_1792a06c06f74eae9f25cbd83cdb7f18/gnocchi.c639c010-006b-48cc-94ee-5f9a7a3d9b8c/none_v3" 201 - "PUT http://[::1]:8080/1/114150/AUTH_1792a06c06f74eae9f25cbd83cdb7f18/gnocchi.c639c010-006b-48cc-94ee-5f9a7a3d9b8c/none_v3" "txf909e731dbc84b8d9471f-006920b2a2" "object-server 96621" 0.0005 "-" 96325 0
Nov 21 13:42:42 np0005531384.novalocal proxy-server[97617]: ::1 ::1 21/Nov/2025/18/42/42 GET /v1/AUTH_1792a06c06f74eae9f25cbd83cdb7f18/gnocchi.68a97549-5f10-405e-aff1-f6edc53ffd0f%3Fformat%3Djson%26states%3Dlisting HTTP/1.0 200 - python-swiftclient-4.7.0 gAAAAABpILI22Pln... - 2 - txb7cd694c2da44b9787118-006920b2a2 - 0.0300 - - 1763750562.007549524 1763750562.037564993 0
Nov 21 13:42:42 np0005531384.novalocal object-server[96621]: ::1 - - [21/Nov/2025:18:42:42 +0000] "PUT /1/114150/AUTH_1792a06c06f74eae9f25cbd83cdb7f18/gnocchi.c639c010-006b-48cc-94ee-5f9a7a3d9b8c/none_v3" 201 - "PUT https://[::1]:8080/v1/AUTH_1792a06c06f74eae9f25cbd83cdb7f18/gnocchi.c639c010-006b-48cc-94ee-5f9a7a3d9b8c/none_v3" "txf909e731dbc84b8d9471f-006920b2a2" "proxy-server 97617" 0.0293 "-" 96621 0
Nov 21 13:42:42 np0005531384.novalocal systemd[1]: machine-qemu\x2d4\x2dinstance\x2d00000004.scope: Deactivated successfully.
Nov 21 13:42:42 np0005531384.novalocal proxy-server[97617]: ::1 ::1 21/Nov/2025/18/42/42 PUT /v1/AUTH_1792a06c06f74eae9f25cbd83cdb7f18/gnocchi.c639c010-006b-48cc-94ee-5f9a7a3d9b8c/none_v3 HTTP/1.0 201 - python-swiftclient-4.7.0 gAAAAABpILI00T5K... 22 - - txf909e731dbc84b8d9471f-006920b2a2 - 0.0386 - - 1763750562.003249645 1763750562.041880608 0
Nov 21 13:42:42 np0005531384.novalocal systemd[1]: machine-qemu\x2d4\x2dinstance\x2d00000004.scope: Consumed 12.031s CPU time.
Nov 21 13:42:42 np0005531384.novalocal systemd-machined[93186]: Machine qemu-4-instance-00000004 terminated.
Nov 21 13:42:42 np0005531384.novalocal object-server[96621]: ::1 - - [21/Nov/2025:18:42:42 +0000] "GET /3/38280/AUTH_1792a06c06f74eae9f25cbd83cdb7f18/gnocchi.68a97549-5f10-405e-aff1-f6edc53ffd0f/1763640000.0_mean_300.0_v3" 404 70 "GET https://[::1]:8080/v1/AUTH_1792a06c06f74eae9f25cbd83cdb7f18/gnocchi.68a97549-5f10-405e-aff1-f6edc53ffd0f/1763640000.0_mean_300.0_v3" "tx211c45e8e0934fedbe038-006920b2a2" "proxy-server 97617" 0.0003 "-" 96621 0
Nov 21 13:42:42 np0005531384.novalocal object-server[96621]: ::1 - - [21/Nov/2025:18:42:42 +0000] "GET /2/38280/AUTH_1792a06c06f74eae9f25cbd83cdb7f18/gnocchi.68a97549-5f10-405e-aff1-f6edc53ffd0f/1763640000.0_mean_300.0_v3" 404 70 "GET https://[::1]:8080/v1/AUTH_1792a06c06f74eae9f25cbd83cdb7f18/gnocchi.68a97549-5f10-405e-aff1-f6edc53ffd0f/1763640000.0_mean_300.0_v3" "tx211c45e8e0934fedbe038-006920b2a2" "proxy-server 97617" 0.0002 "-" 96621 0
Nov 21 13:42:42 np0005531384.novalocal object-server[96621]: ::1 - - [21/Nov/2025:18:42:42 +0000] "GET /1/38280/AUTH_1792a06c06f74eae9f25cbd83cdb7f18/gnocchi.68a97549-5f10-405e-aff1-f6edc53ffd0f/1763640000.0_mean_300.0_v3" 404 70 "GET https://[::1]:8080/v1/AUTH_1792a06c06f74eae9f25cbd83cdb7f18/gnocchi.68a97549-5f10-405e-aff1-f6edc53ffd0f/1763640000.0_mean_300.0_v3" "tx211c45e8e0934fedbe038-006920b2a2" "proxy-server 97617" 0.0001 "-" 96621 0
Nov 21 13:42:42 np0005531384.novalocal proxy-server[97617]: ::1 ::1 21/Nov/2025/18/42/42 GET /v1/AUTH_1792a06c06f74eae9f25cbd83cdb7f18/gnocchi.68a97549-5f10-405e-aff1-f6edc53ffd0f/1763640000.0_mean_300.0_v3 HTTP/1.0 404 - python-swiftclient-4.7.0 gAAAAABpILI22Pln... - 70 - tx211c45e8e0934fedbe038-006920b2a2 - 0.0155 - - 1763750562.043107271 1763750562.058649778 0
Nov 21 13:42:42 np0005531384.novalocal container-server[96326]: ::1 - - [21/Nov/2025:18:42:42 +0000] "HEAD /1/23170/AUTH_1792a06c06f74eae9f25cbd83cdb7f18/gnocchi.5d0b4461-60d9-43b3-8a9b-77ff5da72e9f" 404 - "HEAD http://[::1]:8080/v1/AUTH_1792a06c06f74eae9f25cbd83cdb7f18/gnocchi.5d0b4461-60d9-43b3-8a9b-77ff5da72e9f" "txc2407991274d47ab9eaf3-006920b2a2" "proxy-server 97617" 0.0003 "-" 96326 0
Nov 21 13:42:42 np0005531384.novalocal container-server[96326]: ::1 - - [21/Nov/2025:18:42:42 +0000] "HEAD /2/23170/AUTH_1792a06c06f74eae9f25cbd83cdb7f18/gnocchi.5d0b4461-60d9-43b3-8a9b-77ff5da72e9f" 404 - "HEAD http://[::1]:8080/v1/AUTH_1792a06c06f74eae9f25cbd83cdb7f18/gnocchi.5d0b4461-60d9-43b3-8a9b-77ff5da72e9f" "txc2407991274d47ab9eaf3-006920b2a2" "proxy-server 97617" 0.0002 "-" 96326 0
Nov 21 13:42:42 np0005531384.novalocal container-server[96326]: ::1 - - [21/Nov/2025:18:42:42 +0000] "HEAD /3/23170/AUTH_1792a06c06f74eae9f25cbd83cdb7f18/gnocchi.5d0b4461-60d9-43b3-8a9b-77ff5da72e9f" 404 - "HEAD http://[::1]:8080/v1/AUTH_1792a06c06f74eae9f25cbd83cdb7f18/gnocchi.5d0b4461-60d9-43b3-8a9b-77ff5da72e9f" "txc2407991274d47ab9eaf3-006920b2a2" "proxy-server 97617" 0.0002 "-" 96326 0
Nov 21 13:42:42 np0005531384.novalocal proxy-server[97617]: - - 21/Nov/2025/18/42/42 HEAD /v1/AUTH_1792a06c06f74eae9f25cbd83cdb7f18/gnocchi.5d0b4461-60d9-43b3-8a9b-77ff5da72e9f HTTP/1.0 404 - Swift - - - - txc2407991274d47ab9eaf3-006920b2a2 - 0.0077 CS - 1763750562.069441795 1763750562.077153444 0
Nov 21 13:42:42 np0005531384.novalocal container-server[96325]: ::1 - - [21/Nov/2025:18:42:42 +0000] "PUT /2/239237/AUTH_1792a06c06f74eae9f25cbd83cdb7f18/gnocchi.68a97549-5f10-405e-aff1-f6edc53ffd0f/1763640000.0_mean_300.0_v3" 201 - "PUT http://[::1]:8080/3/38280/AUTH_1792a06c06f74eae9f25cbd83cdb7f18/gnocchi.68a97549-5f10-405e-aff1-f6edc53ffd0f/1763640000.0_mean_300.0_v3" "tx2e2789a8dcbf4f71a5ed5-006920b2a2" "object-server 96620" 0.0008 "-" 96325 0
Nov 21 13:42:42 np0005531384.novalocal container-server[96326]: ::1 - - [21/Nov/2025:18:42:42 +0000] "PUT /1/239237/AUTH_1792a06c06f74eae9f25cbd83cdb7f18/gnocchi.68a97549-5f10-405e-aff1-f6edc53ffd0f/1763640000.0_mean_300.0_v3" 201 - "PUT http://[::1]:8080/2/38280/AUTH_1792a06c06f74eae9f25cbd83cdb7f18/gnocchi.68a97549-5f10-405e-aff1-f6edc53ffd0f/1763640000.0_mean_300.0_v3" "tx2e2789a8dcbf4f71a5ed5-006920b2a2" "object-server 96620" 0.0006 "-" 96326 0
Nov 21 13:42:42 np0005531384.novalocal object-server[96620]: ::1 - - [21/Nov/2025:18:42:42 +0000] "PUT /3/38280/AUTH_1792a06c06f74eae9f25cbd83cdb7f18/gnocchi.68a97549-5f10-405e-aff1-f6edc53ffd0f/1763640000.0_mean_300.0_v3" 201 - "PUT https://[::1]:8080/v1/AUTH_1792a06c06f74eae9f25cbd83cdb7f18/gnocchi.68a97549-5f10-405e-aff1-f6edc53ffd0f/1763640000.0_mean_300.0_v3" "tx2e2789a8dcbf4f71a5ed5-006920b2a2" "proxy-server 97617" 0.0093 "-" 96620 0
Nov 21 13:42:42 np0005531384.novalocal container-server[96325]: ::1 - - [21/Nov/2025:18:42:42 +0000] "PUT /3/239237/AUTH_1792a06c06f74eae9f25cbd83cdb7f18/gnocchi.68a97549-5f10-405e-aff1-f6edc53ffd0f/1763640000.0_mean_300.0_v3" 201 - "PUT http://[::1]:8080/1/38280/AUTH_1792a06c06f74eae9f25cbd83cdb7f18/gnocchi.68a97549-5f10-405e-aff1-f6edc53ffd0f/1763640000.0_mean_300.0_v3" "tx2e2789a8dcbf4f71a5ed5-006920b2a2" "object-server 96620" 0.0003 "-" 96325 0
Nov 21 13:42:42 np0005531384.novalocal object-server[96620]: ::1 - - [21/Nov/2025:18:42:42 +0000] "PUT /2/38280/AUTH_1792a06c06f74eae9f25cbd83cdb7f18/gnocchi.68a97549-5f10-405e-aff1-f6edc53ffd0f/1763640000.0_mean_300.0_v3" 201 - "PUT https://[::1]:8080/v1/AUTH_1792a06c06f74eae9f25cbd83cdb7f18/gnocchi.68a97549-5f10-405e-aff1-f6edc53ffd0f/1763640000.0_mean_300.0_v3" "tx2e2789a8dcbf4f71a5ed5-006920b2a2" "proxy-server 97617" 0.0110 "-" 96620 0
Nov 21 13:42:42 np0005531384.novalocal object-server[96620]: ::1 - - [21/Nov/2025:18:42:42 +0000] "GET /3/106655/AUTH_1792a06c06f74eae9f25cbd83cdb7f18/gnocchi.5d0b4461-60d9-43b3-8a9b-77ff5da72e9f/none_v3" 404 70 "GET https://[::1]:8080/v1/AUTH_1792a06c06f74eae9f25cbd83cdb7f18/gnocchi.5d0b4461-60d9-43b3-8a9b-77ff5da72e9f/none_v3" "txc2407991274d47ab9eaf3-006920b2a2" "proxy-server 97617" 0.0003 "-" 96620 0
Nov 21 13:42:42 np0005531384.novalocal object-server[96620]: ::1 - - [21/Nov/2025:18:42:42 +0000] "PUT /1/38280/AUTH_1792a06c06f74eae9f25cbd83cdb7f18/gnocchi.68a97549-5f10-405e-aff1-f6edc53ffd0f/1763640000.0_mean_300.0_v3" 201 - "PUT https://[::1]:8080/v1/AUTH_1792a06c06f74eae9f25cbd83cdb7f18/gnocchi.68a97549-5f10-405e-aff1-f6edc53ffd0f/1763640000.0_mean_300.0_v3" "tx2e2789a8dcbf4f71a5ed5-006920b2a2" "proxy-server 97617" 0.0138 "-" 96620 0
Nov 21 13:42:42 np0005531384.novalocal proxy-server[97617]: ::1 ::1 21/Nov/2025/18/42/42 PUT /v1/AUTH_1792a06c06f74eae9f25cbd83cdb7f18/gnocchi.68a97549-5f10-405e-aff1-f6edc53ffd0f/1763640000.0_mean_300.0_v3 HTTP/1.0 201 - python-swiftclient-4.7.0 gAAAAABpILI22Pln... 16 - - tx2e2789a8dcbf4f71a5ed5-006920b2a2 - 0.0250 - - 1763750562.062113285 1763750562.087136507 0
Nov 21 13:42:42 np0005531384.novalocal object-server[96621]: ::1 - - [21/Nov/2025:18:42:42 +0000] "GET /1/106655/AUTH_1792a06c06f74eae9f25cbd83cdb7f18/gnocchi.5d0b4461-60d9-43b3-8a9b-77ff5da72e9f/none_v3" 404 70 "GET https://[::1]:8080/v1/AUTH_1792a06c06f74eae9f25cbd83cdb7f18/gnocchi.5d0b4461-60d9-43b3-8a9b-77ff5da72e9f/none_v3" "txc2407991274d47ab9eaf3-006920b2a2" "proxy-server 97617" 0.0003 "-" 96621 0
Nov 21 13:42:42 np0005531384.novalocal object-server[96620]: ::1 - - [21/Nov/2025:18:42:42 +0000] "GET /2/106655/AUTH_1792a06c06f74eae9f25cbd83cdb7f18/gnocchi.5d0b4461-60d9-43b3-8a9b-77ff5da72e9f/none_v3" 404 70 "GET https://[::1]:8080/v1/AUTH_1792a06c06f74eae9f25cbd83cdb7f18/gnocchi.5d0b4461-60d9-43b3-8a9b-77ff5da72e9f/none_v3" "txc2407991274d47ab9eaf3-006920b2a2" "proxy-server 97617" 0.0003 "-" 96620 0
Nov 21 13:42:42 np0005531384.novalocal proxy-server[97617]: ::1 ::1 21/Nov/2025/18/42/42 GET /v1/AUTH_1792a06c06f74eae9f25cbd83cdb7f18/gnocchi.5d0b4461-60d9-43b3-8a9b-77ff5da72e9f/none_v3 HTTP/1.0 404 - python-swiftclient-4.7.0 gAAAAABpILI00T5K... - 70 - txc2407991274d47ab9eaf3-006920b2a2 - 0.0287 - - 1763750562.068511963 1763750562.097166300 0
Nov 21 13:42:42 np0005531384.novalocal container-server[96325]: ::1 - - [21/Nov/2025:18:42:42 +0000] "PUT /3/239237/AUTH_1792a06c06f74eae9f25cbd83cdb7f18/gnocchi.68a97549-5f10-405e-aff1-f6edc53ffd0f/none_v3" 201 - "PUT http://[::1]:8080/2/92662/AUTH_1792a06c06f74eae9f25cbd83cdb7f18/gnocchi.68a97549-5f10-405e-aff1-f6edc53ffd0f/none_v3" "tx62f5dbff741e4013a50a1-006920b2a2" "object-server 96621" 0.0004 "-" 96325 0
Nov 21 13:42:42 np0005531384.novalocal container-server[96325]: ::1 - - [21/Nov/2025:18:42:42 +0000] "PUT /1/239237/AUTH_1792a06c06f74eae9f25cbd83cdb7f18/gnocchi.68a97549-5f10-405e-aff1-f6edc53ffd0f/none_v3" 201 - "PUT http://[::1]:8080/1/92662/AUTH_1792a06c06f74eae9f25cbd83cdb7f18/gnocchi.68a97549-5f10-405e-aff1-f6edc53ffd0f/none_v3" "tx62f5dbff741e4013a50a1-006920b2a2" "object-server 96621" 0.0003 "-" 96325 0
Nov 21 13:42:42 np0005531384.novalocal object-server[96621]: ::1 - - [21/Nov/2025:18:42:42 +0000] "PUT /2/92662/AUTH_1792a06c06f74eae9f25cbd83cdb7f18/gnocchi.68a97549-5f10-405e-aff1-f6edc53ffd0f/none_v3" 201 - "PUT https://[::1]:8080/v1/AUTH_1792a06c06f74eae9f25cbd83cdb7f18/gnocchi.68a97549-5f10-405e-aff1-f6edc53ffd0f/none_v3" "tx62f5dbff741e4013a50a1-006920b2a2" "proxy-server 97617" 0.0145 "-" 96621 0
Nov 21 13:42:42 np0005531384.novalocal object-server[96621]: ::1 - - [21/Nov/2025:18:42:42 +0000] "PUT /1/92662/AUTH_1792a06c06f74eae9f25cbd83cdb7f18/gnocchi.68a97549-5f10-405e-aff1-f6edc53ffd0f/none_v3" 201 - "PUT https://[::1]:8080/v1/AUTH_1792a06c06f74eae9f25cbd83cdb7f18/gnocchi.68a97549-5f10-405e-aff1-f6edc53ffd0f/none_v3" "tx62f5dbff741e4013a50a1-006920b2a2" "proxy-server 97617" 0.0141 "-" 96621 0
Nov 21 13:42:42 np0005531384.novalocal container-server[96325]: ::1 - - [21/Nov/2025:18:42:42 +0000] "PUT /2/239237/AUTH_1792a06c06f74eae9f25cbd83cdb7f18/gnocchi.68a97549-5f10-405e-aff1-f6edc53ffd0f/none_v3" 201 - "PUT http://[::1]:8080/3/92662/AUTH_1792a06c06f74eae9f25cbd83cdb7f18/gnocchi.68a97549-5f10-405e-aff1-f6edc53ffd0f/none_v3" "tx62f5dbff741e4013a50a1-006920b2a2" "object-server 96621" 0.0006 "-" 96325 0
Nov 21 13:42:42 np0005531384.novalocal object-server[96621]: ::1 - - [21/Nov/2025:18:42:42 +0000] "PUT /3/92662/AUTH_1792a06c06f74eae9f25cbd83cdb7f18/gnocchi.68a97549-5f10-405e-aff1-f6edc53ffd0f/none_v3" 201 - "PUT https://[::1]:8080/v1/AUTH_1792a06c06f74eae9f25cbd83cdb7f18/gnocchi.68a97549-5f10-405e-aff1-f6edc53ffd0f/none_v3" "tx62f5dbff741e4013a50a1-006920b2a2" "proxy-server 97617" 0.0181 "-" 96621 0
Nov 21 13:42:42 np0005531384.novalocal proxy-server[97617]: ::1 ::1 21/Nov/2025/18/42/42 PUT /v1/AUTH_1792a06c06f74eae9f25cbd83cdb7f18/gnocchi.68a97549-5f10-405e-aff1-f6edc53ffd0f/none_v3 HTTP/1.0 201 - python-swiftclient-4.7.0 gAAAAABpILI22Pln... 22 - - tx62f5dbff741e4013a50a1-006920b2a2 - 0.0248 - - 1763750562.090020895 1763750562.114820004 0
Nov 21 13:42:42 np0005531384.novalocal sudo[106349]: pam_unix(sudo:session): session closed for user root
Nov 21 13:42:42 np0005531384.novalocal systemd[1]: session-c150.scope: Deactivated successfully.
Nov 21 13:42:42 np0005531384.novalocal container-server[96326]: ::1 - - [21/Nov/2025:18:42:42 +0000] "HEAD /1/211604/AUTH_1792a06c06f74eae9f25cbd83cdb7f18/gnocchi.f36fce37-1ad2-400e-8b77-60d48d85eba3" 404 - "HEAD http://[::1]:8080/v1/AUTH_1792a06c06f74eae9f25cbd83cdb7f18/gnocchi.f36fce37-1ad2-400e-8b77-60d48d85eba3" "tx88066fb0846140ca81bb2-006920b2a2" "proxy-server 97617" 0.0003 "-" 96326 0
Nov 21 13:42:42 np0005531384.novalocal account-server[96031]: ::1 - - [21/Nov/2025:18:42:42 +0000] "PUT /3/231418/AUTH_1792a06c06f74eae9f25cbd83cdb7f18/gnocchi.5d0b4461-60d9-43b3-8a9b-77ff5da72e9f" 201 - "PUT http://[::1]:6001/1/23170/AUTH_1792a06c06f74eae9f25cbd83cdb7f18/gnocchi.5d0b4461-60d9-43b3-8a9b-77ff5da72e9f" "tx002038c5dad64b75baaa5-006920b2a2" "container-server 96326" 0.0039 "-" 96031 0
Nov 21 13:42:42 np0005531384.novalocal account-server[96030]: ::1 - - [21/Nov/2025:18:42:42 +0000] "PUT /1/231418/AUTH_1792a06c06f74eae9f25cbd83cdb7f18/gnocchi.5d0b4461-60d9-43b3-8a9b-77ff5da72e9f" 201 - "PUT http://[::1]:6001/3/23170/AUTH_1792a06c06f74eae9f25cbd83cdb7f18/gnocchi.5d0b4461-60d9-43b3-8a9b-77ff5da72e9f" "tx002038c5dad64b75baaa5-006920b2a2" "container-server 96326" 0.0043 "-" 96030 0
Nov 21 13:42:42 np0005531384.novalocal container-server[96326]: ::1 - - [21/Nov/2025:18:42:42 +0000] "PUT /1/23170/AUTH_1792a06c06f74eae9f25cbd83cdb7f18/gnocchi.5d0b4461-60d9-43b3-8a9b-77ff5da72e9f" 201 - "PUT https://[::1]:8080/v1/AUTH_1792a06c06f74eae9f25cbd83cdb7f18/gnocchi.5d0b4461-60d9-43b3-8a9b-77ff5da72e9f" "tx002038c5dad64b75baaa5-006920b2a2" "proxy-server 97617" 0.0214 "-" 96326 0
Nov 21 13:42:42 np0005531384.novalocal container-server[96326]: ::1 - - [21/Nov/2025:18:42:42 +0000] "PUT /3/23170/AUTH_1792a06c06f74eae9f25cbd83cdb7f18/gnocchi.5d0b4461-60d9-43b3-8a9b-77ff5da72e9f" 201 - "PUT https://[::1]:8080/v1/AUTH_1792a06c06f74eae9f25cbd83cdb7f18/gnocchi.5d0b4461-60d9-43b3-8a9b-77ff5da72e9f" "tx002038c5dad64b75baaa5-006920b2a2" "proxy-server 97617" 0.0434 "-" 96326 0
Nov 21 13:42:42 np0005531384.novalocal container-server[96325]: ::1 - - [21/Nov/2025:18:42:42 +0000] "HEAD /3/211604/AUTH_1792a06c06f74eae9f25cbd83cdb7f18/gnocchi.f36fce37-1ad2-400e-8b77-60d48d85eba3" 404 - "HEAD http://[::1]:8080/v1/AUTH_1792a06c06f74eae9f25cbd83cdb7f18/gnocchi.f36fce37-1ad2-400e-8b77-60d48d85eba3" "tx88066fb0846140ca81bb2-006920b2a2" "proxy-server 97617" 0.0004 "-" 96325 0
Nov 21 13:42:42 np0005531384.novalocal account-server[96031]: ::1 - - [21/Nov/2025:18:42:42 +0000] "PUT /2/231418/AUTH_1792a06c06f74eae9f25cbd83cdb7f18/gnocchi.5d0b4461-60d9-43b3-8a9b-77ff5da72e9f" 201 - "PUT http://[::1]:6001/2/23170/AUTH_1792a06c06f74eae9f25cbd83cdb7f18/gnocchi.5d0b4461-60d9-43b3-8a9b-77ff5da72e9f" "tx002038c5dad64b75baaa5-006920b2a2" "container-server 96326" 0.0035 "-" 96031 0
Nov 21 13:42:42 np0005531384.novalocal container-server[96326]: ::1 - - [21/Nov/2025:18:42:42 +0000] "PUT /2/23170/AUTH_1792a06c06f74eae9f25cbd83cdb7f18/gnocchi.5d0b4461-60d9-43b3-8a9b-77ff5da72e9f" 201 - "PUT https://[::1]:8080/v1/AUTH_1792a06c06f74eae9f25cbd83cdb7f18/gnocchi.5d0b4461-60d9-43b3-8a9b-77ff5da72e9f" "tx002038c5dad64b75baaa5-006920b2a2" "proxy-server 97617" 0.0431 "-" 96326 0
Nov 21 13:42:42 np0005531384.novalocal container-server[96326]: ::1 - - [21/Nov/2025:18:42:42 +0000] "HEAD /2/211604/AUTH_1792a06c06f74eae9f25cbd83cdb7f18/gnocchi.f36fce37-1ad2-400e-8b77-60d48d85eba3" 404 - "HEAD http://[::1]:8080/v1/AUTH_1792a06c06f74eae9f25cbd83cdb7f18/gnocchi.f36fce37-1ad2-400e-8b77-60d48d85eba3" "tx88066fb0846140ca81bb2-006920b2a2" "proxy-server 97617" 0.0004 "-" 96326 0
Nov 21 13:42:42 np0005531384.novalocal proxy-server[97617]: ::1 ::1 21/Nov/2025/18/42/42 PUT /v1/AUTH_1792a06c06f74eae9f25cbd83cdb7f18/gnocchi.5d0b4461-60d9-43b3-8a9b-77ff5da72e9f HTTP/1.0 201 - python-swiftclient-4.7.0 gAAAAABpILI00T5K... - - - tx002038c5dad64b75baaa5-006920b2a2 - 0.0584 - - 1763750562.099442720 1763750562.157857418 0
Nov 21 13:42:42 np0005531384.novalocal proxy-server[97617]: - - 21/Nov/2025/18/42/42 HEAD /v1/AUTH_1792a06c06f74eae9f25cbd83cdb7f18/gnocchi.f36fce37-1ad2-400e-8b77-60d48d85eba3 HTTP/1.0 404 - Swift - - - - tx88066fb0846140ca81bb2-006920b2a2 - 0.0222 CS - 1763750562.139650822 1763750562.161854982 0
Nov 21 13:42:42 np0005531384.novalocal object-server[96620]: ::1 - - [21/Nov/2025:18:42:42 +0000] "GET /3/72448/AUTH_1792a06c06f74eae9f25cbd83cdb7f18/gnocchi.f36fce37-1ad2-400e-8b77-60d48d85eba3/none_v3" 404 70 "GET https://[::1]:8080/v1/AUTH_1792a06c06f74eae9f25cbd83cdb7f18/gnocchi.f36fce37-1ad2-400e-8b77-60d48d85eba3/none_v3" "tx88066fb0846140ca81bb2-006920b2a2" "proxy-server 97617" 0.0004 "-" 96620 0
Nov 21 13:42:42 np0005531384.novalocal container-server[96325]: ::1 - - [21/Nov/2025:18:42:42 +0000] "HEAD /3/23170/AUTH_1792a06c06f74eae9f25cbd83cdb7f18/gnocchi.5d0b4461-60d9-43b3-8a9b-77ff5da72e9f" 204 - "HEAD http://[::1]:8080/v1/AUTH_1792a06c06f74eae9f25cbd83cdb7f18/gnocchi.5d0b4461-60d9-43b3-8a9b-77ff5da72e9f" "txa089df856e884f0e87b49-006920b2a2" "proxy-server 97617" 0.0030 "-" 96325 0
Nov 21 13:42:42 np0005531384.novalocal object-server[96621]: ::1 - - [21/Nov/2025:18:42:42 +0000] "GET /1/72448/AUTH_1792a06c06f74eae9f25cbd83cdb7f18/gnocchi.f36fce37-1ad2-400e-8b77-60d48d85eba3/none_v3" 404 70 "GET https://[::1]:8080/v1/AUTH_1792a06c06f74eae9f25cbd83cdb7f18/gnocchi.f36fce37-1ad2-400e-8b77-60d48d85eba3/none_v3" "tx88066fb0846140ca81bb2-006920b2a2" "proxy-server 97617" 0.0003 "-" 96621 0
Nov 21 13:42:42 np0005531384.novalocal container-replicator[96389]: Replication run OVER
Nov 21 13:42:42 np0005531384.novalocal container-replicator[96389]: Attempted to replicate 75 dbs in 1.52906 seconds (49.04966/s)
Nov 21 13:42:42 np0005531384.novalocal container-replicator[96389]: Removed 0 dbs
Nov 21 13:42:42 np0005531384.novalocal container-replicator[96389]: 150 successes, 0 failures
Nov 21 13:42:42 np0005531384.novalocal container-replicator[96389]: diff:0 diff_capped:0 empty:0 hashmatch:0 no_change:150 remote_merge:0 rsync:0 ts_repl:0
Nov 21 13:42:42 np0005531384.novalocal proxy-server[97617]: - - 21/Nov/2025/18/42/42 HEAD /v1/AUTH_1792a06c06f74eae9f25cbd83cdb7f18/gnocchi.5d0b4461-60d9-43b3-8a9b-77ff5da72e9f HTTP/1.0 204 - Swift - - - - txa089df856e884f0e87b49-006920b2a2 - 0.0091 CS - 1763750562.162791729 1763750562.171855450 0
Nov 21 13:42:42 np0005531384.novalocal object-server[96621]: ::1 - - [21/Nov/2025:18:42:42 +0000] "GET /2/72448/AUTH_1792a06c06f74eae9f25cbd83cdb7f18/gnocchi.f36fce37-1ad2-400e-8b77-60d48d85eba3/none_v3" 404 70 "GET https://[::1]:8080/v1/AUTH_1792a06c06f74eae9f25cbd83cdb7f18/gnocchi.f36fce37-1ad2-400e-8b77-60d48d85eba3/none_v3" "tx88066fb0846140ca81bb2-006920b2a2" "proxy-server 97617" 0.0002 "-" 96621 0
Nov 21 13:42:42 np0005531384.novalocal proxy-server[97617]: ::1 ::1 21/Nov/2025/18/42/42 GET /v1/AUTH_1792a06c06f74eae9f25cbd83cdb7f18/gnocchi.f36fce37-1ad2-400e-8b77-60d48d85eba3/none_v3 HTTP/1.0 404 - python-swiftclient-4.7.0 gAAAAABpILI22Pln... - 70 - tx88066fb0846140ca81bb2-006920b2a2 - 0.0361 - - 1763750562.139056444 1763750562.175143480 0
Nov 21 13:42:42 np0005531384.novalocal container-server[96326]: ::1 - - [21/Nov/2025:18:42:42 +0000] "GET /1/23170/AUTH_1792a06c06f74eae9f25cbd83cdb7f18/gnocchi.5d0b4461-60d9-43b3-8a9b-77ff5da72e9f" 200 2 "GET https://[::1]:8080/v1/AUTH_1792a06c06f74eae9f25cbd83cdb7f18/gnocchi.5d0b4461-60d9-43b3-8a9b-77ff5da72e9f?format=json&states=listing" "txa089df856e884f0e87b49-006920b2a2" "proxy-server 97617" 0.0028 "-" 96326 0
Nov 21 13:42:42 np0005531384.novalocal proxy-server[97617]: ::1 ::1 21/Nov/2025/18/42/42 GET /v1/AUTH_1792a06c06f74eae9f25cbd83cdb7f18/gnocchi.5d0b4461-60d9-43b3-8a9b-77ff5da72e9f%3Fformat%3Djson%26states%3Dlisting HTTP/1.0 200 - python-swiftclient-4.7.0 gAAAAABpILI00T5K... - 2 - txa089df856e884f0e87b49-006920b2a2 - 0.0213 - - 1763750562.161234617 1763750562.182558537 0
Nov 21 13:42:42 np0005531384.novalocal object-server[96621]: ::1 - - [21/Nov/2025:18:42:42 +0000] "GET /1/155820/AUTH_1792a06c06f74eae9f25cbd83cdb7f18/gnocchi.5d0b4461-60d9-43b3-8a9b-77ff5da72e9f/1763640000.0_mean_300.0_v3" 404 70 "GET https://[::1]:8080/v1/AUTH_1792a06c06f74eae9f25cbd83cdb7f18/gnocchi.5d0b4461-60d9-43b3-8a9b-77ff5da72e9f/1763640000.0_mean_300.0_v3" "txd076680fbf764abda75ea-006920b2a2" "proxy-server 97617" 0.0003 "-" 96621 0
Nov 21 13:42:42 np0005531384.novalocal object-server[96620]: ::1 - - [21/Nov/2025:18:42:42 +0000] "GET /3/155820/AUTH_1792a06c06f74eae9f25cbd83cdb7f18/gnocchi.5d0b4461-60d9-43b3-8a9b-77ff5da72e9f/1763640000.0_mean_300.0_v3" 404 70 "GET https://[::1]:8080/v1/AUTH_1792a06c06f74eae9f25cbd83cdb7f18/gnocchi.5d0b4461-60d9-43b3-8a9b-77ff5da72e9f/1763640000.0_mean_300.0_v3" "txd076680fbf764abda75ea-006920b2a2" "proxy-server 97617" 0.0003 "-" 96620 0
Nov 21 13:42:42 np0005531384.novalocal object-server[96620]: ::1 - - [21/Nov/2025:18:42:42 +0000] "GET /2/155820/AUTH_1792a06c06f74eae9f25cbd83cdb7f18/gnocchi.5d0b4461-60d9-43b3-8a9b-77ff5da72e9f/1763640000.0_mean_300.0_v3" 404 70 "GET https://[::1]:8080/v1/AUTH_1792a06c06f74eae9f25cbd83cdb7f18/gnocchi.5d0b4461-60d9-43b3-8a9b-77ff5da72e9f/1763640000.0_mean_300.0_v3" "txd076680fbf764abda75ea-006920b2a2" "proxy-server 97617" 0.0003 "-" 96620 0
Nov 21 13:42:42 np0005531384.novalocal proxy-server[97617]: ::1 ::1 21/Nov/2025/18/42/42 GET /v1/AUTH_1792a06c06f74eae9f25cbd83cdb7f18/gnocchi.5d0b4461-60d9-43b3-8a9b-77ff5da72e9f/1763640000.0_mean_300.0_v3 HTTP/1.0 404 - python-swiftclient-4.7.0 gAAAAABpILI00T5K... - 70 - txd076680fbf764abda75ea-006920b2a2 - 0.0131 - - 1763750562.185286045 1763750562.198409319 0
Nov 21 13:42:42 np0005531384.novalocal account-server[96031]: ::1 - - [21/Nov/2025:18:42:42 +0000] "PUT /2/231418/AUTH_1792a06c06f74eae9f25cbd83cdb7f18/gnocchi.f36fce37-1ad2-400e-8b77-60d48d85eba3" 201 - "PUT http://[::1]:6001/3/211604/AUTH_1792a06c06f74eae9f25cbd83cdb7f18/gnocchi.f36fce37-1ad2-400e-8b77-60d48d85eba3" "tx1fef8594a248444993248-006920b2a2" "container-server 96325" 0.0048 "-" 96031 0
Nov 21 13:42:42 np0005531384.novalocal container-server[96325]: ::1 - - [21/Nov/2025:18:42:42 +0000] "PUT /3/211604/AUTH_1792a06c06f74eae9f25cbd83cdb7f18/gnocchi.f36fce37-1ad2-400e-8b77-60d48d85eba3" 201 - "PUT https://[::1]:8080/v1/AUTH_1792a06c06f74eae9f25cbd83cdb7f18/gnocchi.f36fce37-1ad2-400e-8b77-60d48d85eba3" "tx1fef8594a248444993248-006920b2a2" "proxy-server 97617" 0.0245 "-" 96325 0
Nov 21 13:42:42 np0005531384.novalocal account-server[96030]: ::1 - - [21/Nov/2025:18:42:42 +0000] "PUT /1/231418/AUTH_1792a06c06f74eae9f25cbd83cdb7f18/gnocchi.f36fce37-1ad2-400e-8b77-60d48d85eba3" 201 - "PUT http://[::1]:6001/1/211604/AUTH_1792a06c06f74eae9f25cbd83cdb7f18/gnocchi.f36fce37-1ad2-400e-8b77-60d48d85eba3" "tx1fef8594a248444993248-006920b2a2" "container-server 96325" 0.0069 "-" 96030 0
Nov 21 13:42:42 np0005531384.novalocal container-server[96325]: ::1 - - [21/Nov/2025:18:42:42 +0000] "PUT /1/211604/AUTH_1792a06c06f74eae9f25cbd83cdb7f18/gnocchi.f36fce37-1ad2-400e-8b77-60d48d85eba3" 201 - "PUT https://[::1]:8080/v1/AUTH_1792a06c06f74eae9f25cbd83cdb7f18/gnocchi.f36fce37-1ad2-400e-8b77-60d48d85eba3" "tx1fef8594a248444993248-006920b2a2" "proxy-server 97617" 0.0349 "-" 96325 0
Nov 21 13:42:42 np0005531384.novalocal account-server[96031]: ::1 - - [21/Nov/2025:18:42:42 +0000] "PUT /3/231418/AUTH_1792a06c06f74eae9f25cbd83cdb7f18/gnocchi.f36fce37-1ad2-400e-8b77-60d48d85eba3" 201 - "PUT http://[::1]:6001/2/211604/AUTH_1792a06c06f74eae9f25cbd83cdb7f18/gnocchi.f36fce37-1ad2-400e-8b77-60d48d85eba3" "tx1fef8594a248444993248-006920b2a2" "container-server 96325" 0.0039 "-" 96031 0
