Jan 21 15:49:52 standalone proxy-server[128627]: 172.18.0.2 172.18.0.100 21/Jan/2026/15/49/52 GET /v1/AUTH_1f7f7f09744f44b3a05c47b66249a4ae/gnocchi.e9128520-3596-43f8-bc84-f38c188f61fa/1767960000.0_mean_300.0_v3 HTTP/1.0 404 - python-swiftclient-3.11.1 gAAAAABpcPUXwame... - 70 - tx597f4577a0554baca8a66-006970f5a0 - 0.0081 - - 1769010592.619029284 1769010592.627104521 0
Jan 21 15:49:52 standalone container-server[126650]: 172.20.0.100 - - [21/Jan/2026:15:49:52 +0000] "PUT /d1/471/AUTH_1f7f7f09744f44b3a05c47b66249a4ae/gnocchi.e9128520-3596-43f8-bc84-f38c188f61fa/1767960000.0_mean_300.0_v3" 201 - "PUT http://172.18.0.2:8080/d1/926/AUTH_1f7f7f09744f44b3a05c47b66249a4ae/gnocchi.e9128520-3596-43f8-bc84-f38c188f61fa/1767960000.0_mean_300.0_v3" "tx97a972d7323a47a1afa7d-006970f5a0" "object-server 21" 0.0007 "-" 20 0
Jan 21 15:49:52 standalone object-server[126847]: 172.20.0.100 - - [21/Jan/2026:15:49:52 +0000] "PUT /d1/926/AUTH_1f7f7f09744f44b3a05c47b66249a4ae/gnocchi.e9128520-3596-43f8-bc84-f38c188f61fa/1767960000.0_mean_300.0_v3" 201 - "PUT http://172.18.0.2:8080/v1/AUTH_1f7f7f09744f44b3a05c47b66249a4ae/gnocchi.e9128520-3596-43f8-bc84-f38c188f61fa/1767960000.0_mean_300.0_v3" "tx97a972d7323a47a1afa7d-006970f5a0" "proxy-server 12" 0.0099 "-" 21 0
Jan 21 15:49:52 standalone proxy-server[128627]: 172.18.0.2 172.18.0.100 21/Jan/2026/15/49/52 PUT /v1/AUTH_1f7f7f09744f44b3a05c47b66249a4ae/gnocchi.e9128520-3596-43f8-bc84-f38c188f61fa/1767960000.0_mean_300.0_v3 HTTP/1.0 201 - python-swiftclient-3.11.1 gAAAAABpcPUXwame... 16 - - tx97a972d7323a47a1afa7d-006970f5a0 - 0.0161 - - 1769010592.630125284 1769010592.646243095 0
Jan 21 15:49:52 standalone container-server[126650]: 172.20.0.100 - - [21/Jan/2026:15:49:52 +0000] "PUT /d1/471/AUTH_1f7f7f09744f44b3a05c47b66249a4ae/gnocchi.e9128520-3596-43f8-bc84-f38c188f61fa/none_v3" 201 - "PUT http://172.18.0.2:8080/d1/187/AUTH_1f7f7f09744f44b3a05c47b66249a4ae/gnocchi.e9128520-3596-43f8-bc84-f38c188f61fa/none_v3" "tx52fbd30fd57041299c0b0-006970f5a0" "object-server 22" 0.0005 "-" 20 0
Jan 21 15:49:52 standalone object-server[126849]: 172.20.0.100 - - [21/Jan/2026:15:49:52 +0000] "PUT /d1/187/AUTH_1f7f7f09744f44b3a05c47b66249a4ae/gnocchi.e9128520-3596-43f8-bc84-f38c188f61fa/none_v3" 201 - "PUT http://172.18.0.2:8080/v1/AUTH_1f7f7f09744f44b3a05c47b66249a4ae/gnocchi.e9128520-3596-43f8-bc84-f38c188f61fa/none_v3" "tx52fbd30fd57041299c0b0-006970f5a0" "proxy-server 12" 0.0125 "-" 22 0
Jan 21 15:49:52 standalone proxy-server[128627]: 172.18.0.2 172.18.0.100 21/Jan/2026/15/49/52 PUT /v1/AUTH_1f7f7f09744f44b3a05c47b66249a4ae/gnocchi.e9128520-3596-43f8-bc84-f38c188f61fa/none_v3 HTTP/1.0 201 - python-swiftclient-3.11.1 gAAAAABpcPUXwame... 22 - - tx52fbd30fd57041299c0b0-006970f5a0 - 0.0185 - - 1769010592.648714781 1769010592.667181492 0
Jan 21 15:49:52 standalone container-server[126656]: 172.20.0.100 - - [21/Jan/2026:15:49:52 +0000] "HEAD /d1/187/AUTH_1f7f7f09744f44b3a05c47b66249a4ae/gnocchi.016a93b0-bee9-44bb-8510-478f94562b37" 404 - "HEAD http://172.18.0.2:8080/v1/AUTH_1f7f7f09744f44b3a05c47b66249a4ae/gnocchi.016a93b0-bee9-44bb-8510-478f94562b37?format=json&states=listing" "tx883e7bca8565444f98f37-006970f5a0" "proxy-server 12" 0.0006 "-" 22 0
Jan 21 15:49:52 standalone object-server[126861]: 172.20.0.100 - - [21/Jan/2026:15:49:52 +0000] "GET /d1/777/AUTH_1f7f7f09744f44b3a05c47b66249a4ae/gnocchi.016a93b0-bee9-44bb-8510-478f94562b37/none_v3" 404 70 "GET http://172.18.0.2:8080/v1/AUTH_1f7f7f09744f44b3a05c47b66249a4ae/gnocchi.016a93b0-bee9-44bb-8510-478f94562b37/none_v3" "tx883e7bca8565444f98f37-006970f5a0" "proxy-server 12" 0.0003 "-" 23 0
Jan 21 15:49:52 standalone proxy-server[128627]: 172.18.0.2 172.18.0.100 21/Jan/2026/15/49/52 GET /v1/AUTH_1f7f7f09744f44b3a05c47b66249a4ae/gnocchi.016a93b0-bee9-44bb-8510-478f94562b37/none_v3 HTTP/1.0 404 - python-swiftclient-3.11.1 gAAAAABpcPUXwame... - 70 - tx883e7bca8565444f98f37-006970f5a0 - 0.0223 - - 1769010592.680017471 1769010592.702280760 0
Jan 21 15:49:52 standalone account-server[126563]: 172.20.0.100 - - [21/Jan/2026:15:49:52 +0000] "PUT /d1/424/AUTH_1f7f7f09744f44b3a05c47b66249a4ae/gnocchi.016a93b0-bee9-44bb-8510-478f94562b37" 201 - "PUT http://172.20.0.100:6001/d1/187/AUTH_1f7f7f09744f44b3a05c47b66249a4ae/gnocchi.016a93b0-bee9-44bb-8510-478f94562b37" "txa7fa93cd7f0d446a98499-006970f5a0" "container-server 23" 0.0055 "-" 15 0
Jan 21 15:49:52 standalone container-server[126662]: 172.20.0.100 - - [21/Jan/2026:15:49:52 +0000] "PUT /d1/187/AUTH_1f7f7f09744f44b3a05c47b66249a4ae/gnocchi.016a93b0-bee9-44bb-8510-478f94562b37" 201 - "PUT http://172.18.0.2:8080/v1/AUTH_1f7f7f09744f44b3a05c47b66249a4ae/gnocchi.016a93b0-bee9-44bb-8510-478f94562b37" "txa7fa93cd7f0d446a98499-006970f5a0" "proxy-server 12" 0.0220 "-" 23 0
Jan 21 15:49:52 standalone proxy-server[128627]: 172.18.0.2 172.18.0.100 21/Jan/2026/15/49/52 PUT /v1/AUTH_1f7f7f09744f44b3a05c47b66249a4ae/gnocchi.016a93b0-bee9-44bb-8510-478f94562b37 HTTP/1.0 201 - python-swiftclient-3.11.1 gAAAAABpcPUXwame... - - - txa7fa93cd7f0d446a98499-006970f5a0 - 0.0389 - - 1769010592.706317902 1769010592.745207310 0
Jan 21 15:49:52 standalone container-server[126656]: 172.20.0.100 - - [21/Jan/2026:15:49:52 +0000] "HEAD /d1/187/AUTH_1f7f7f09744f44b3a05c47b66249a4ae/gnocchi.016a93b0-bee9-44bb-8510-478f94562b37" 204 - "HEAD http://172.18.0.2:8080/v1/AUTH_1f7f7f09744f44b3a05c47b66249a4ae/gnocchi.016a93b0-bee9-44bb-8510-478f94562b37?format=json&states=listing" "tx408af472d8274c76a5c75-006970f5a0" "proxy-server 12" 0.0016 "-" 22 0
Jan 21 15:49:52 standalone proxy-server[128627]: - - 21/Jan/2026/15/49/52 HEAD /v1/AUTH_1f7f7f09744f44b3a05c47b66249a4ae/gnocchi.016a93b0-bee9-44bb-8510-478f94562b37%3Fformat%3Djson%26states%3Dlisting HTTP/1.0 204 - Swift - - - - tx408af472d8274c76a5c75-006970f5a0 - 0.0058 RL - 1769010592.751979351 1769010592.757730246 0
Jan 21 15:49:52 standalone container-server[126656]: 172.20.0.100 - - [21/Jan/2026:15:49:52 +0000] "GET /d1/187/AUTH_1f7f7f09744f44b3a05c47b66249a4ae/gnocchi.016a93b0-bee9-44bb-8510-478f94562b37" 200 2 "GET http://172.18.0.2:8080/v1/AUTH_1f7f7f09744f44b3a05c47b66249a4ae/gnocchi.016a93b0-bee9-44bb-8510-478f94562b37?format=json&states=listing" "tx408af472d8274c76a5c75-006970f5a0" "proxy-server 12" 0.0034 "-" 22 0
Jan 21 15:49:52 standalone proxy-server[128627]: 172.18.0.2 172.18.0.100 21/Jan/2026/15/49/52 GET /v1/AUTH_1f7f7f09744f44b3a05c47b66249a4ae/gnocchi.016a93b0-bee9-44bb-8510-478f94562b37%3Fformat%3Djson%26states%3Dlisting HTTP/1.0 200 - python-swiftclient-3.11.1 gAAAAABpcPUXwame... - 2 - tx408af472d8274c76a5c75-006970f5a0 - 0.0195 - - 1769010592.750456095 1769010592.769919157 0
Jan 21 15:49:52 standalone object-server[126846]: 172.20.0.100 - - [21/Jan/2026:15:49:52 +0000] "GET /d1/237/AUTH_1f7f7f09744f44b3a05c47b66249a4ae/gnocchi.016a93b0-bee9-44bb-8510-478f94562b37/1767960000.0_mean_300.0_v3" 404 70 "GET http://172.18.0.2:8080/v1/AUTH_1f7f7f09744f44b3a05c47b66249a4ae/gnocchi.016a93b0-bee9-44bb-8510-478f94562b37/1767960000.0_mean_300.0_v3" "txe52df294f7eb488cbe609-006970f5a0" "proxy-server 12" 0.0007 "-" 20 0
Jan 21 15:49:52 standalone proxy-server[128627]: 172.18.0.2 172.18.0.100 21/Jan/2026/15/49/52 GET /v1/AUTH_1f7f7f09744f44b3a05c47b66249a4ae/gnocchi.016a93b0-bee9-44bb-8510-478f94562b37/1767960000.0_mean_300.0_v3 HTTP/1.0 404 - python-swiftclient-3.11.1 gAAAAABpcPUXwame... - 70 - txe52df294f7eb488cbe609-006970f5a0 - 0.0088 - - 1769010592.775222301 1769010592.784065247 0
Jan 21 15:49:52 standalone container-server[126650]: 172.20.0.100 - - [21/Jan/2026:15:49:52 +0000] "PUT /d1/187/AUTH_1f7f7f09744f44b3a05c47b66249a4ae/gnocchi.016a93b0-bee9-44bb-8510-478f94562b37/1767960000.0_mean_300.0_v3" 201 - "PUT http://172.18.0.2:8080/d1/237/AUTH_1f7f7f09744f44b3a05c47b66249a4ae/gnocchi.016a93b0-bee9-44bb-8510-478f94562b37/1767960000.0_mean_300.0_v3" "tx3f7c721adab54f0cb64da-006970f5a0" "object-server 23" 0.0007 "-" 20 0
Jan 21 15:49:52 standalone object-server[126861]: 172.20.0.100 - - [21/Jan/2026:15:49:52 +0000] "PUT /d1/237/AUTH_1f7f7f09744f44b3a05c47b66249a4ae/gnocchi.016a93b0-bee9-44bb-8510-478f94562b37/1767960000.0_mean_300.0_v3" 201 - "PUT http://172.18.0.2:8080/v1/AUTH_1f7f7f09744f44b3a05c47b66249a4ae/gnocchi.016a93b0-bee9-44bb-8510-478f94562b37/1767960000.0_mean_300.0_v3" "tx3f7c721adab54f0cb64da-006970f5a0" "proxy-server 12" 0.0193 "-" 23 0
Jan 21 15:49:52 standalone proxy-server[128627]: 172.18.0.2 172.18.0.100 21/Jan/2026/15/49/52 PUT /v1/AUTH_1f7f7f09744f44b3a05c47b66249a4ae/gnocchi.016a93b0-bee9-44bb-8510-478f94562b37/1767960000.0_mean_300.0_v3 HTTP/1.0 201 - python-swiftclient-3.11.1 gAAAAABpcPUXwame... 16 - - tx3f7c721adab54f0cb64da-006970f5a0 - 0.0270 - - 1769010592.788134813 1769010592.815159082 0
Jan 21 15:49:52 standalone container-server[126656]: 172.20.0.100 - - [21/Jan/2026:15:49:52 +0000] "PUT /d1/187/AUTH_1f7f7f09744f44b3a05c47b66249a4ae/gnocchi.016a93b0-bee9-44bb-8510-478f94562b37/none_v3" 201 - "PUT http://172.18.0.2:8080/d1/777/AUTH_1f7f7f09744f44b3a05c47b66249a4ae/gnocchi.016a93b0-bee9-44bb-8510-478f94562b37/none_v3" "txa999b1cd455c4925bf2c8-006970f5a0" "object-server 20" 0.0006 "-" 22 0
Jan 21 15:49:52 standalone object-server[126846]: 172.20.0.100 - - [21/Jan/2026:15:49:52 +0000] "PUT /d1/777/AUTH_1f7f7f09744f44b3a05c47b66249a4ae/gnocchi.016a93b0-bee9-44bb-8510-478f94562b37/none_v3" 201 - "PUT http://172.18.0.2:8080/v1/AUTH_1f7f7f09744f44b3a05c47b66249a4ae/gnocchi.016a93b0-bee9-44bb-8510-478f94562b37/none_v3" "txa999b1cd455c4925bf2c8-006970f5a0" "proxy-server 12" 0.0126 "-" 20 0
Jan 21 15:49:52 standalone proxy-server[128627]: 172.18.0.2 172.18.0.100 21/Jan/2026/15/49/52 PUT /v1/AUTH_1f7f7f09744f44b3a05c47b66249a4ae/gnocchi.016a93b0-bee9-44bb-8510-478f94562b37/none_v3 HTTP/1.0 201 - python-swiftclient-3.11.1 gAAAAABpcPUXwame... 22 - - txa999b1cd455c4925bf2c8-006970f5a0 - 0.0235 - - 1769010592.830720663 1769010592.854267597 0
Jan 21 15:49:58 standalone container-server[126662]: 172.20.0.100 - - [21/Jan/2026:15:49:58 +0000] "HEAD /d1/421/AUTH_1f7f7f09744f44b3a05c47b66249a4ae/gnocchi.fd251610-65e7-4f87-b608-16cad52fe803" 404 - "HEAD http://172.18.0.2:8080/v1/AUTH_1f7f7f09744f44b3a05c47b66249a4ae/gnocchi.fd251610-65e7-4f87-b608-16cad52fe803?format=json&states=listing" "tx6cbf20d7720e4178883a1-006970f5a6" "proxy-server 12" 0.0006 "-" 23 0
Jan 21 15:49:58 standalone object-server[126847]: 172.20.0.100 - - [21/Jan/2026:15:49:58 +0000] "GET /d1/983/AUTH_1f7f7f09744f44b3a05c47b66249a4ae/gnocchi.fd251610-65e7-4f87-b608-16cad52fe803/none_v3" 404 70 "GET http://172.18.0.2:8080/v1/AUTH_1f7f7f09744f44b3a05c47b66249a4ae/gnocchi.fd251610-65e7-4f87-b608-16cad52fe803/none_v3" "tx6cbf20d7720e4178883a1-006970f5a6" "proxy-server 12" 0.0007 "-" 21 0
Jan 21 15:49:58 standalone proxy-server[128627]: 172.18.0.2 172.18.0.100 21/Jan/2026/15/49/58 GET /v1/AUTH_1f7f7f09744f44b3a05c47b66249a4ae/gnocchi.fd251610-65e7-4f87-b608-16cad52fe803/none_v3 HTTP/1.0 404 - python-swiftclient-3.11.1 gAAAAABpcPUXwame... - 70 - tx6cbf20d7720e4178883a1-006970f5a6 - 0.0184 - - 1769010598.797733307 1769010598.816160440 0
Jan 21 15:49:58 standalone account-server[126567]: 172.20.0.100 - - [21/Jan/2026:15:49:58 +0000] "PUT /d1/424/AUTH_1f7f7f09744f44b3a05c47b66249a4ae/gnocchi.fd251610-65e7-4f87-b608-16cad52fe803" 201 - "PUT http://172.20.0.100:6001/d1/421/AUTH_1f7f7f09744f44b3a05c47b66249a4ae/gnocchi.fd251610-65e7-4f87-b608-16cad52fe803" "tx6cbadb150be04f449155b-006970f5a6" "container-server 19" 0.0063 "-" 16 0
Jan 21 15:49:58 standalone container-server[126639]: 172.20.0.100 - - [21/Jan/2026:15:49:58 +0000] "PUT /d1/421/AUTH_1f7f7f09744f44b3a05c47b66249a4ae/gnocchi.fd251610-65e7-4f87-b608-16cad52fe803" 201 - "PUT http://172.18.0.2:8080/v1/AUTH_1f7f7f09744f44b3a05c47b66249a4ae/gnocchi.fd251610-65e7-4f87-b608-16cad52fe803" "tx6cbadb150be04f449155b-006970f5a6" "proxy-server 12" 0.0218 "-" 19 0
Jan 21 15:49:58 standalone proxy-server[128627]: 172.18.0.2 172.18.0.100 21/Jan/2026/15/49/58 PUT /v1/AUTH_1f7f7f09744f44b3a05c47b66249a4ae/gnocchi.fd251610-65e7-4f87-b608-16cad52fe803 HTTP/1.0 201 - python-swiftclient-3.11.1 gAAAAABpcPUXwame... - - - tx6cbadb150be04f449155b-006970f5a6 - 0.0291 - - 1769010598.819422007 1769010598.848571301 0
Jan 21 15:49:58 standalone container-server[126662]: 172.20.0.100 - - [21/Jan/2026:15:49:58 +0000] "HEAD /d1/421/AUTH_1f7f7f09744f44b3a05c47b66249a4ae/gnocchi.fd251610-65e7-4f87-b608-16cad52fe803" 204 - "HEAD http://172.18.0.2:8080/v1/AUTH_1f7f7f09744f44b3a05c47b66249a4ae/gnocchi.fd251610-65e7-4f87-b608-16cad52fe803?format=json&states=listing" "txac9c2ffbd7c34faab048c-006970f5a6" "proxy-server 12" 0.0015 "-" 23 0
Jan 21 15:49:58 standalone proxy-server[128627]: - - 21/Jan/2026/15/49/58 HEAD /v1/AUTH_1f7f7f09744f44b3a05c47b66249a4ae/gnocchi.fd251610-65e7-4f87-b608-16cad52fe803%3Fformat%3Djson%26states%3Dlisting HTTP/1.0 204 - Swift - - - - txac9c2ffbd7c34faab048c-006970f5a6 - 0.0057 RL - 1769010598.853283167 1769010598.858942270 0
Jan 21 15:49:58 standalone container-server[126639]: 172.20.0.100 - - [21/Jan/2026:15:49:58 +0000] "GET /d1/421/AUTH_1f7f7f09744f44b3a05c47b66249a4ae/gnocchi.fd251610-65e7-4f87-b608-16cad52fe803" 200 2 "GET http://172.18.0.2:8080/v1/AUTH_1f7f7f09744f44b3a05c47b66249a4ae/gnocchi.fd251610-65e7-4f87-b608-16cad52fe803?format=json&states=listing" "txac9c2ffbd7c34faab048c-006970f5a6" "proxy-server 12" 0.0033 "-" 19 0
Jan 21 15:49:58 standalone proxy-server[128627]: 172.18.0.2 172.18.0.100 21/Jan/2026/15/49/58 GET /v1/AUTH_1f7f7f09744f44b3a05c47b66249a4ae/gnocchi.fd251610-65e7-4f87-b608-16cad52fe803%3Fformat%3Djson%26states%3Dlisting HTTP/1.0 200 - python-swiftclient-3.11.1 gAAAAABpcPUXwame... - 2 - txac9c2ffbd7c34faab048c-006970f5a6 - 0.0198 - - 1769010598.851821423 1769010598.871603012 0
Jan 21 15:49:58 standalone object-server[126846]: 172.20.0.100 - - [21/Jan/2026:15:49:58 +0000] "GET /d1/846/AUTH_1f7f7f09744f44b3a05c47b66249a4ae/gnocchi.fd251610-65e7-4f87-b608-16cad52fe803/1767960000.0_mean_300.0_v3" 404 70 "GET http://172.18.0.2:8080/v1/AUTH_1f7f7f09744f44b3a05c47b66249a4ae/gnocchi.fd251610-65e7-4f87-b608-16cad52fe803/1767960000.0_mean_300.0_v3" "txd3d7efeb198744b5932ad-006970f5a6" "proxy-server 12" 0.0005 "-" 20 0
Jan 21 15:49:58 standalone proxy-server[128627]: 172.18.0.2 172.18.0.100 21/Jan/2026/15/49/58 GET /v1/AUTH_1f7f7f09744f44b3a05c47b66249a4ae/gnocchi.fd251610-65e7-4f87-b608-16cad52fe803/1767960000.0_mean_300.0_v3 HTTP/1.0 404 - python-swiftclient-3.11.1 gAAAAABpcPUXwame... - 70 - txd3d7efeb198744b5932ad-006970f5a6 - 0.0148 - - 1769010598.879330158 1769010598.894146204 0
Jan 21 15:49:58 standalone container-server[126650]: 172.20.0.100 - - [21/Jan/2026:15:49:58 +0000] "PUT /d1/421/AUTH_1f7f7f09744f44b3a05c47b66249a4ae/gnocchi.fd251610-65e7-4f87-b608-16cad52fe803/1767960000.0_mean_300.0_v3" 201 - "PUT http://172.18.0.2:8080/d1/846/AUTH_1f7f7f09744f44b3a05c47b66249a4ae/gnocchi.fd251610-65e7-4f87-b608-16cad52fe803/1767960000.0_mean_300.0_v3" "tx68374ae2cb134310b56bd-006970f5a6" "object-server 23" 0.0013 "-" 20 0
Jan 21 15:49:58 standalone object-server[126861]: 172.20.0.100 - - [21/Jan/2026:15:49:58 +0000] "PUT /d1/846/AUTH_1f7f7f09744f44b3a05c47b66249a4ae/gnocchi.fd251610-65e7-4f87-b608-16cad52fe803/1767960000.0_mean_300.0_v3" 201 - "PUT http://172.18.0.2:8080/v1/AUTH_1f7f7f09744f44b3a05c47b66249a4ae/gnocchi.fd251610-65e7-4f87-b608-16cad52fe803/1767960000.0_mean_300.0_v3" "tx68374ae2cb134310b56bd-006970f5a6" "proxy-server 12" 0.0472 "-" 23 0
Jan 21 15:49:58 standalone proxy-server[128627]: 172.18.0.2 172.18.0.100 21/Jan/2026/15/49/58 PUT /v1/AUTH_1f7f7f09744f44b3a05c47b66249a4ae/gnocchi.fd251610-65e7-4f87-b608-16cad52fe803/1767960000.0_mean_300.0_v3 HTTP/1.0 201 - python-swiftclient-3.11.1 gAAAAABpcPUXwame... 16 - - tx68374ae2cb134310b56bd-006970f5a6 - 0.0596 - - 1769010598.902547359 1769010598.962139368 0
Jan 21 15:49:58 standalone container-server[126662]: 172.20.0.100 - - [21/Jan/2026:15:49:58 +0000] "PUT /d1/421/AUTH_1f7f7f09744f44b3a05c47b66249a4ae/gnocchi.fd251610-65e7-4f87-b608-16cad52fe803/none_v3" 201 - "PUT http://172.18.0.2:8080/d1/983/AUTH_1f7f7f09744f44b3a05c47b66249a4ae/gnocchi.fd251610-65e7-4f87-b608-16cad52fe803/none_v3" "tx2d204f9a2ea2421dbf8f5-006970f5a6" "object-server 20" 0.0009 "-" 23 0
Jan 21 15:49:58 standalone object-server[126846]: 172.20.0.100 - - [21/Jan/2026:15:49:58 +0000] "PUT /d1/983/AUTH_1f7f7f09744f44b3a05c47b66249a4ae/gnocchi.fd251610-65e7-4f87-b608-16cad52fe803/none_v3" 201 - "PUT http://172.18.0.2:8080/v1/AUTH_1f7f7f09744f44b3a05c47b66249a4ae/gnocchi.fd251610-65e7-4f87-b608-16cad52fe803/none_v3" "tx2d204f9a2ea2421dbf8f5-006970f5a6" "proxy-server 12" 0.0138 "-" 20 0
Jan 21 15:49:58 standalone proxy-server[128627]: 172.18.0.2 172.18.0.100 21/Jan/2026/15/49/58 PUT /v1/AUTH_1f7f7f09744f44b3a05c47b66249a4ae/gnocchi.fd251610-65e7-4f87-b608-16cad52fe803/none_v3 HTTP/1.0 201 - python-swiftclient-3.11.1 gAAAAABpcPUXwame... 22 - - tx2d204f9a2ea2421dbf8f5-006970f5a6 - 0.0247 - - 1769010598.967148304 1769010598.991861820 0
Jan 21 15:50:03 standalone object-server[126861]: 172.20.0.100 - - [21/Jan/2026:15:50:03 +0000] "GET /d1/983/AUTH_1f7f7f09744f44b3a05c47b66249a4ae/gnocchi.fd251610-65e7-4f87-b608-16cad52fe803/none_v3" 200 22 "GET http://172.18.0.2:8080/v1/AUTH_1f7f7f09744f44b3a05c47b66249a4ae/gnocchi.fd251610-65e7-4f87-b608-16cad52fe803/none_v3" "tx356849364b6e47d0bd098-006970f5ab" "proxy-server 12" 0.0011 "-" 23 0
Jan 21 15:50:03 standalone proxy-server[128627]: 172.18.0.2 172.18.0.100 21/Jan/2026/15/50/03 GET /v1/AUTH_1f7f7f09744f44b3a05c47b66249a4ae/gnocchi.fd251610-65e7-4f87-b608-16cad52fe803/none_v3 HTTP/1.0 200 - python-swiftclient-3.11.1 gAAAAABpcPUXwame... - 22 - tx356849364b6e47d0bd098-006970f5ab - 0.0132 - - 1769010603.954771042 1769010603.967921257 0
Jan 21 15:50:03 standalone container-server[126656]: 172.20.0.100 - - [21/Jan/2026:15:50:03 +0000] "GET /d1/421/AUTH_1f7f7f09744f44b3a05c47b66249a4ae/gnocchi.fd251610-65e7-4f87-b608-16cad52fe803" 200 357 "GET http://172.18.0.2:8080/v1/AUTH_1f7f7f09744f44b3a05c47b66249a4ae/gnocchi.fd251610-65e7-4f87-b608-16cad52fe803?format=json&states=listing" "tx172e9343bb874b4cb0bc1-006970f5ab" "proxy-server 12" 0.0142 "-" 22 0
Jan 21 15:50:04 standalone proxy-server[128627]: 172.18.0.2 172.18.0.100 21/Jan/2026/15/50/04 GET /v1/AUTH_1f7f7f09744f44b3a05c47b66249a4ae/gnocchi.fd251610-65e7-4f87-b608-16cad52fe803%3Fformat%3Djson%26states%3Dlisting HTTP/1.0 200 - python-swiftclient-3.11.1 gAAAAABpcPUXwame... - 357 - tx172e9343bb874b4cb0bc1-006970f5ab - 0.0279 - - 1769010603.974074125 1769010604.002023935 0
Jan 21 15:50:04 standalone container-server[126656]: 172.20.0.100 - - [21/Jan/2026:15:50:04 +0000] "GET /d1/421/AUTH_1f7f7f09744f44b3a05c47b66249a4ae/gnocchi.fd251610-65e7-4f87-b608-16cad52fe803" 200 2 "GET http://172.18.0.2:8080/v1/AUTH_1f7f7f09744f44b3a05c47b66249a4ae/gnocchi.fd251610-65e7-4f87-b608-16cad52fe803?format=json&marker=none_v3&states=listing" "tx64837ddad56b4a5e84786-006970f5ac" "proxy-server 12" 0.0036 "-" 22 0
Jan 21 15:50:04 standalone proxy-server[128627]: 172.18.0.2 172.18.0.100 21/Jan/2026/15/50/04 GET /v1/AUTH_1f7f7f09744f44b3a05c47b66249a4ae/gnocchi.fd251610-65e7-4f87-b608-16cad52fe803%3Fformat%3Djson%26marker%3Dnone_v3%26states%3Dlisting HTTP/1.0 200 - python-swiftclient-3.11.1 gAAAAABpcPUXwame... - 2 - tx64837ddad56b4a5e84786-006970f5ac - 0.0144 - - 1769010604.009453058 1769010604.023847342 0
Jan 21 15:50:04 standalone object-server[126847]: 172.20.0.100 - - [21/Jan/2026:15:50:04 +0000] "GET /d1/846/AUTH_1f7f7f09744f44b3a05c47b66249a4ae/gnocchi.fd251610-65e7-4f87-b608-16cad52fe803/1767960000.0_mean_300.0_v3" 200 16 "GET http://172.18.0.2:8080/v1/AUTH_1f7f7f09744f44b3a05c47b66249a4ae/gnocchi.fd251610-65e7-4f87-b608-16cad52fe803/1767960000.0_mean_300.0_v3" "tx8aae0a988dbc44659a416-006970f5ac" "proxy-server 12" 0.0013 "-" 21 0
Jan 21 15:50:04 standalone proxy-server[128627]: 172.18.0.2 172.18.0.100 21/Jan/2026/15/50/04 GET /v1/AUTH_1f7f7f09744f44b3a05c47b66249a4ae/gnocchi.fd251610-65e7-4f87-b608-16cad52fe803/1767960000.0_mean_300.0_v3 HTTP/1.0 200 - python-swiftclient-3.11.1 gAAAAABpcPUXwame... - 16 - tx8aae0a988dbc44659a416-006970f5ac - 0.0096 - - 1769010604.031033278 1769010604.040659189 0
Jan 21 15:50:04 standalone container-server[126656]: 172.20.0.100 - - [21/Jan/2026:15:50:04 +0000] "PUT /d1/421/AUTH_1f7f7f09744f44b3a05c47b66249a4ae/gnocchi.fd251610-65e7-4f87-b608-16cad52fe803/1767960000.0_mean_300.0_v3" 201 - "PUT http://172.18.0.2:8080/d1/846/AUTH_1f7f7f09744f44b3a05c47b66249a4ae/gnocchi.fd251610-65e7-4f87-b608-16cad52fe803/1767960000.0_mean_300.0_v3" "tx9ac0e26328034aadb4046-006970f5ac" "object-server 22" 0.0010 "-" 22 0
Jan 21 15:50:04 standalone object-server[126849]: 172.20.0.100 - - [21/Jan/2026:15:50:04 +0000] "PUT /d1/846/AUTH_1f7f7f09744f44b3a05c47b66249a4ae/gnocchi.fd251610-65e7-4f87-b608-16cad52fe803/1767960000.0_mean_300.0_v3" 201 - "PUT http://172.18.0.2:8080/v1/AUTH_1f7f7f09744f44b3a05c47b66249a4ae/gnocchi.fd251610-65e7-4f87-b608-16cad52fe803/1767960000.0_mean_300.0_v3" "tx9ac0e26328034aadb4046-006970f5ac" "proxy-server 12" 0.0149 "-" 22 0
Jan 21 15:50:04 standalone proxy-server[128627]: 172.18.0.2 172.18.0.100 21/Jan/2026/15/50/04 PUT /v1/AUTH_1f7f7f09744f44b3a05c47b66249a4ae/gnocchi.fd251610-65e7-4f87-b608-16cad52fe803/1767960000.0_mean_300.0_v3 HTTP/1.0 201 - python-swiftclient-3.11.1 gAAAAABpcPUXwame... 23 - - tx9ac0e26328034aadb4046-006970f5ac - 0.0234 - - 1769010604.045323372 1769010604.068728685 0
Jan 21 15:50:04 standalone container-server[126639]: 172.20.0.100 - - [21/Jan/2026:15:50:04 +0000] "PUT /d1/421/AUTH_1f7f7f09744f44b3a05c47b66249a4ae/gnocchi.fd251610-65e7-4f87-b608-16cad52fe803/none_v3" 201 - "PUT http://172.18.0.2:8080/d1/983/AUTH_1f7f7f09744f44b3a05c47b66249a4ae/gnocchi.fd251610-65e7-4f87-b608-16cad52fe803/none_v3" "txef1fb99ada1a4fe7b6983-006970f5ac" "object-server 20" 0.0010 "-" 19 0
Jan 21 15:50:04 standalone object-server[126846]: 172.20.0.100 - - [21/Jan/2026:15:50:04 +0000] "PUT /d1/983/AUTH_1f7f7f09744f44b3a05c47b66249a4ae/gnocchi.fd251610-65e7-4f87-b608-16cad52fe803/none_v3" 201 - "PUT http://172.18.0.2:8080/v1/AUTH_1f7f7f09744f44b3a05c47b66249a4ae/gnocchi.fd251610-65e7-4f87-b608-16cad52fe803/none_v3" "txef1fb99ada1a4fe7b6983-006970f5ac" "proxy-server 12" 0.0134 "-" 20 0
Jan 21 15:50:04 standalone proxy-server[128627]: 172.18.0.2 172.18.0.100 21/Jan/2026/15/50/04 PUT /v1/AUTH_1f7f7f09744f44b3a05c47b66249a4ae/gnocchi.fd251610-65e7-4f87-b608-16cad52fe803/none_v3 HTTP/1.0 201 - python-swiftclient-3.11.1 gAAAAABpcPUXwame... 22 - - txef1fb99ada1a4fe7b6983-006970f5ac - 0.0249 - - 1769010604.073115826 1769010604.098021746 0
Jan 21 15:50:17 standalone object-server[126721]: Begin object update sweep
Jan 21 15:50:17 standalone object-server[238747]: Object update sweep starting on /srv/node/d1 (pid: 14)
Jan 21 15:50:17 standalone object-server[238747]: Object update sweep completed on /srv/node/d1 in 0.00s seconds:, 0 successes, 0 failures, 0 quarantines, 0 unlinks, 0 errors, 0 redirects (pid: 14)
Jan 21 15:50:17 standalone object-server[238747]: Object update sweep of d1 completed: 0.00s, 0 successes, 0 failures, 0 quarantines, 0 unlinks, 0 errors, 0 redirects
Jan 21 15:50:17 standalone object-server[126721]: Object update sweep completed: 0.07s
Jan 21 15:50:24 standalone container-server[126656]: 172.20.0.100 - - [21/Jan/2026:15:50:24 +0000] "HEAD /d1/143/AUTH_1f7f7f09744f44b3a05c47b66249a4ae/gnocchi.f95fa530-4247-43ee-9b56-c0098eb66b94" 404 - "HEAD http://172.18.0.2:8080/v1/AUTH_1f7f7f09744f44b3a05c47b66249a4ae/gnocchi.f95fa530-4247-43ee-9b56-c0098eb66b94?format=json&states=listing" "txad50816c18c04b68b0b58-006970f5c0" "proxy-server 12" 0.0010 "-" 22 0
Jan 21 15:50:24 standalone object-server[126847]: 172.20.0.100 - - [21/Jan/2026:15:50:24 +0000] "GET /d1/899/AUTH_1f7f7f09744f44b3a05c47b66249a4ae/gnocchi.f95fa530-4247-43ee-9b56-c0098eb66b94/none_v3" 404 70 "GET http://172.18.0.2:8080/v1/AUTH_1f7f7f09744f44b3a05c47b66249a4ae/gnocchi.f95fa530-4247-43ee-9b56-c0098eb66b94/none_v3" "txad50816c18c04b68b0b58-006970f5c0" "proxy-server 12" 0.0008 "-" 21 0
Jan 21 15:50:24 standalone proxy-server[128627]: 172.18.0.2 172.18.0.100 21/Jan/2026/15/50/24 GET /v1/AUTH_1f7f7f09744f44b3a05c47b66249a4ae/gnocchi.f95fa530-4247-43ee-9b56-c0098eb66b94/none_v3 HTTP/1.0 404 - python-swiftclient-3.11.1 gAAAAABpcPUXwame... - 70 - txad50816c18c04b68b0b58-006970f5c0 - 0.0144 - - 1769010624.532677174 1769010624.547075987 0
Jan 21 15:50:24 standalone account-server[126567]: 172.20.0.100 - - [21/Jan/2026:15:50:24 +0000] "PUT /d1/424/AUTH_1f7f7f09744f44b3a05c47b66249a4ae/gnocchi.f95fa530-4247-43ee-9b56-c0098eb66b94" 201 - "PUT http://172.20.0.100:6001/d1/143/AUTH_1f7f7f09744f44b3a05c47b66249a4ae/gnocchi.f95fa530-4247-43ee-9b56-c0098eb66b94" "tx8517ed78f84848cf9a4df-006970f5c0" "container-server 23" 0.0100 "-" 16 0
Jan 21 15:50:24 standalone container-server[126662]: 172.20.0.100 - - [21/Jan/2026:15:50:24 +0000] "PUT /d1/143/AUTH_1f7f7f09744f44b3a05c47b66249a4ae/gnocchi.f95fa530-4247-43ee-9b56-c0098eb66b94" 201 - "PUT http://172.18.0.2:8080/v1/AUTH_1f7f7f09744f44b3a05c47b66249a4ae/gnocchi.f95fa530-4247-43ee-9b56-c0098eb66b94" "tx8517ed78f84848cf9a4df-006970f5c0" "proxy-server 12" 0.0213 "-" 23 0
Jan 21 15:50:24 standalone proxy-server[128627]: 172.18.0.2 172.18.0.100 21/Jan/2026/15/50/24 PUT /v1/AUTH_1f7f7f09744f44b3a05c47b66249a4ae/gnocchi.f95fa530-4247-43ee-9b56-c0098eb66b94 HTTP/1.0 201 - python-swiftclient-3.11.1 gAAAAABpcPUXwame... - - - tx8517ed78f84848cf9a4df-006970f5c0 - 0.0258 - - 1769010624.550016165 1769010624.575857878 0
Jan 21 15:50:24 standalone container-server[126639]: 172.20.0.100 - - [21/Jan/2026:15:50:24 +0000] "HEAD /d1/143/AUTH_1f7f7f09744f44b3a05c47b66249a4ae/gnocchi.f95fa530-4247-43ee-9b56-c0098eb66b94" 204 - "HEAD http://172.18.0.2:8080/v1/AUTH_1f7f7f09744f44b3a05c47b66249a4ae/gnocchi.f95fa530-4247-43ee-9b56-c0098eb66b94?format=json&states=listing" "tx21534075a2ee41299887c-006970f5c0" "proxy-server 12" 0.0016 "-" 19 0
Jan 21 15:50:24 standalone proxy-server[128627]: - - 21/Jan/2026/15/50/24 HEAD /v1/AUTH_1f7f7f09744f44b3a05c47b66249a4ae/gnocchi.f95fa530-4247-43ee-9b56-c0098eb66b94%3Fformat%3Djson%26states%3Dlisting HTTP/1.0 204 - Swift - - - - tx21534075a2ee41299887c-006970f5c0 - 0.0057 RL - 1769010624.580931187 1769010624.586593866 0
Jan 21 15:50:24 standalone container-server[126662]: 172.20.0.100 - - [21/Jan/2026:15:50:24 +0000] "GET /d1/143/AUTH_1f7f7f09744f44b3a05c47b66249a4ae/gnocchi.f95fa530-4247-43ee-9b56-c0098eb66b94" 200 2 "GET http://172.18.0.2:8080/v1/AUTH_1f7f7f09744f44b3a05c47b66249a4ae/gnocchi.f95fa530-4247-43ee-9b56-c0098eb66b94?format=json&states=listing" "tx21534075a2ee41299887c-006970f5c0" "proxy-server 12" 0.0061 "-" 23 0
Jan 21 15:50:24 standalone proxy-server[128627]: 172.18.0.2 172.18.0.100 21/Jan/2026/15/50/24 GET /v1/AUTH_1f7f7f09744f44b3a05c47b66249a4ae/gnocchi.f95fa530-4247-43ee-9b56-c0098eb66b94%3Fformat%3Djson%26states%3Dlisting HTTP/1.0 200 - python-swiftclient-3.11.1 gAAAAABpcPUXwame... - 2 - tx21534075a2ee41299887c-006970f5c0 - 0.0222 - - 1769010624.579584599 1769010624.601773262 0
Jan 21 15:50:24 standalone object-server[126849]: 172.20.0.100 - - [21/Jan/2026:15:50:24 +0000] "GET /d1/102/AUTH_1f7f7f09744f44b3a05c47b66249a4ae/gnocchi.f95fa530-4247-43ee-9b56-c0098eb66b94/1767960000.0_mean_300.0_v3" 404 70 "GET http://172.18.0.2:8080/v1/AUTH_1f7f7f09744f44b3a05c47b66249a4ae/gnocchi.f95fa530-4247-43ee-9b56-c0098eb66b94/1767960000.0_mean_300.0_v3" "tx2d10a8a52cda4799b5fbe-006970f5c0" "proxy-server 12" 0.0004 "-" 22 0
Jan 21 15:50:24 standalone proxy-server[128627]: 172.18.0.2 172.18.0.100 21/Jan/2026/15/50/24 GET /v1/AUTH_1f7f7f09744f44b3a05c47b66249a4ae/gnocchi.f95fa530-4247-43ee-9b56-c0098eb66b94/1767960000.0_mean_300.0_v3 HTTP/1.0 404 - python-swiftclient-3.11.1 gAAAAABpcPUXwame... - 70 - tx2d10a8a52cda4799b5fbe-006970f5c0 - 0.0063 - - 1769010624.606794834 1769010624.613076925 0
Jan 21 15:50:24 standalone container-server[126662]: 172.20.0.100 - - [21/Jan/2026:15:50:24 +0000] "PUT /d1/143/AUTH_1f7f7f09744f44b3a05c47b66249a4ae/gnocchi.f95fa530-4247-43ee-9b56-c0098eb66b94/1767960000.0_mean_300.0_v3" 201 - "PUT http://172.18.0.2:8080/d1/102/AUTH_1f7f7f09744f44b3a05c47b66249a4ae/gnocchi.f95fa530-4247-43ee-9b56-c0098eb66b94/1767960000.0_mean_300.0_v3" "tx1bb8d40c73624375b6d1f-006970f5c0" "object-server 23" 0.0012 "-" 23 0
Jan 21 15:50:24 standalone object-server[126861]: 172.20.0.100 - - [21/Jan/2026:15:50:24 +0000] "PUT /d1/102/AUTH_1f7f7f09744f44b3a05c47b66249a4ae/gnocchi.f95fa530-4247-43ee-9b56-c0098eb66b94/1767960000.0_mean_300.0_v3" 201 - "PUT http://172.18.0.2:8080/v1/AUTH_1f7f7f09744f44b3a05c47b66249a4ae/gnocchi.f95fa530-4247-43ee-9b56-c0098eb66b94/1767960000.0_mean_300.0_v3" "tx1bb8d40c73624375b6d1f-006970f5c0" "proxy-server 12" 0.0106 "-" 23 0
Jan 21 15:50:24 standalone proxy-server[128627]: 172.18.0.2 172.18.0.100 21/Jan/2026/15/50/24 PUT /v1/AUTH_1f7f7f09744f44b3a05c47b66249a4ae/gnocchi.f95fa530-4247-43ee-9b56-c0098eb66b94/1767960000.0_mean_300.0_v3 HTTP/1.0 201 - python-swiftclient-3.11.1 gAAAAABpcPUXwame... 16 - - tx1bb8d40c73624375b6d1f-006970f5c0 - 0.0181 - - 1769010624.616480112 1769010624.634544134 0
Jan 21 15:50:24 standalone container-server[126662]: 172.20.0.100 - - [21/Jan/2026:15:50:24 +0000] "PUT /d1/143/AUTH_1f7f7f09744f44b3a05c47b66249a4ae/gnocchi.f95fa530-4247-43ee-9b56-c0098eb66b94/none_v3" 201 - "PUT http://172.18.0.2:8080/d1/899/AUTH_1f7f7f09744f44b3a05c47b66249a4ae/gnocchi.f95fa530-4247-43ee-9b56-c0098eb66b94/none_v3" "tx41a0abcb550a41f7a7b25-006970f5c0" "object-server 20" 0.0008 "-" 23 0
Jan 21 15:50:24 standalone object-server[126846]: 172.20.0.100 - - [21/Jan/2026:15:50:24 +0000] "PUT /d1/899/AUTH_1f7f7f09744f44b3a05c47b66249a4ae/gnocchi.f95fa530-4247-43ee-9b56-c0098eb66b94/none_v3" 201 - "PUT http://172.18.0.2:8080/v1/AUTH_1f7f7f09744f44b3a05c47b66249a4ae/gnocchi.f95fa530-4247-43ee-9b56-c0098eb66b94/none_v3" "tx41a0abcb550a41f7a7b25-006970f5c0" "proxy-server 12" 0.0110 "-" 20 0
Jan 21 15:50:24 standalone proxy-server[128627]: 172.18.0.2 172.18.0.100 21/Jan/2026/15/50/24 PUT /v1/AUTH_1f7f7f09744f44b3a05c47b66249a4ae/gnocchi.f95fa530-4247-43ee-9b56-c0098eb66b94/none_v3 HTTP/1.0 201 - python-swiftclient-3.11.1 gAAAAABpcPUXwame... 22 - - tx41a0abcb550a41f7a7b25-006970f5c0 - 0.0174 - - 1769010624.639169693 1769010624.656576157 0
Jan 21 15:50:24 standalone container-server[126650]: 172.20.0.100 - - [21/Jan/2026:15:50:24 +0000] "HEAD /d1/834/AUTH_1f7f7f09744f44b3a05c47b66249a4ae/gnocchi.85939e21-f323-423a-8724-980c26621fad" 404 - "HEAD http://172.18.0.2:8080/v1/AUTH_1f7f7f09744f44b3a05c47b66249a4ae/gnocchi.85939e21-f323-423a-8724-980c26621fad?format=json&states=listing" "tx5f44a3564d554f8794230-006970f5c0" "proxy-server 12" 0.0004 "-" 20 0
Jan 21 15:50:24 standalone object-server[126846]: 172.20.0.100 - - [21/Jan/2026:15:50:24 +0000] "GET /d1/254/AUTH_1f7f7f09744f44b3a05c47b66249a4ae/gnocchi.85939e21-f323-423a-8724-980c26621fad/none_v3" 404 70 "GET http://172.18.0.2:8080/v1/AUTH_1f7f7f09744f44b3a05c47b66249a4ae/gnocchi.85939e21-f323-423a-8724-980c26621fad/none_v3" "tx5f44a3564d554f8794230-006970f5c0" "proxy-server 12" 0.0003 "-" 20 0
Jan 21 15:50:24 standalone proxy-server[128627]: 172.18.0.2 172.18.0.100 21/Jan/2026/15/50/24 GET /v1/AUTH_1f7f7f09744f44b3a05c47b66249a4ae/gnocchi.85939e21-f323-423a-8724-980c26621fad/none_v3 HTTP/1.0 404 - python-swiftclient-3.11.1 gAAAAABpcPUXwame... - 70 - tx5f44a3564d554f8794230-006970f5c0 - 0.0095 - - 1769010624.699870110 1769010624.709400415 0
Jan 21 15:50:24 standalone account-server[126573]: 172.20.0.100 - - [21/Jan/2026:15:50:24 +0000] "PUT /d1/424/AUTH_1f7f7f09744f44b3a05c47b66249a4ae/gnocchi.85939e21-f323-423a-8724-980c26621fad" 201 - "PUT http://172.20.0.100:6001/d1/834/AUTH_1f7f7f09744f44b3a05c47b66249a4ae/gnocchi.85939e21-f323-423a-8724-980c26621fad" "tx94df6610faba4f22bd5dd-006970f5c0" "container-server 22" 0.0049 "-" 17 0
Jan 21 15:50:24 standalone container-server[126656]: 172.20.0.100 - - [21/Jan/2026:15:50:24 +0000] "PUT /d1/834/AUTH_1f7f7f09744f44b3a05c47b66249a4ae/gnocchi.85939e21-f323-423a-8724-980c26621fad" 201 - "PUT http://172.18.0.2:8080/v1/AUTH_1f7f7f09744f44b3a05c47b66249a4ae/gnocchi.85939e21-f323-423a-8724-980c26621fad" "tx94df6610faba4f22bd5dd-006970f5c0" "proxy-server 12" 0.0293 "-" 22 0
Jan 21 15:50:24 standalone proxy-server[128627]: 172.18.0.2 172.18.0.100 21/Jan/2026/15/50/24 PUT /v1/AUTH_1f7f7f09744f44b3a05c47b66249a4ae/gnocchi.85939e21-f323-423a-8724-980c26621fad HTTP/1.0 201 - python-swiftclient-3.11.1 gAAAAABpcPUXwame... - - - tx94df6610faba4f22bd5dd-006970f5c0 - 0.0356 - - 1769010624.713099480 1769010624.748712301 0
Jan 21 15:50:24 standalone container-server[126662]: 172.20.0.100 - - [21/Jan/2026:15:50:24 +0000] "HEAD /d1/834/AUTH_1f7f7f09744f44b3a05c47b66249a4ae/gnocchi.85939e21-f323-423a-8724-980c26621fad" 204 - "HEAD http://172.18.0.2:8080/v1/AUTH_1f7f7f09744f44b3a05c47b66249a4ae/gnocchi.85939e21-f323-423a-8724-980c26621fad?format=json&states=listing" "tx4f57b1b9bc244ce890b2e-006970f5c0" "proxy-server 12" 0.0012 "-" 23 0
Jan 21 15:50:24 standalone proxy-server[128627]: - - 21/Jan/2026/15/50/24 HEAD /v1/AUTH_1f7f7f09744f44b3a05c47b66249a4ae/gnocchi.85939e21-f323-423a-8724-980c26621fad%3Fformat%3Djson%26states%3Dlisting HTTP/1.0 204 - Swift - - - - tx4f57b1b9bc244ce890b2e-006970f5c0 - 0.0045 RL - 1769010624.754168987 1769010624.758623600 0
Jan 21 15:50:24 standalone container-server[126662]: 172.20.0.100 - - [21/Jan/2026:15:50:24 +0000] "GET /d1/834/AUTH_1f7f7f09744f44b3a05c47b66249a4ae/gnocchi.85939e21-f323-423a-8724-980c26621fad" 200 2 "GET http://172.18.0.2:8080/v1/AUTH_1f7f7f09744f44b3a05c47b66249a4ae/gnocchi.85939e21-f323-423a-8724-980c26621fad?format=json&states=listing" "tx4f57b1b9bc244ce890b2e-006970f5c0" "proxy-server 12" 0.0014 "-" 23 0
Jan 21 15:50:24 standalone proxy-server[128627]: 172.18.0.2 172.18.0.100 21/Jan/2026/15/50/24 GET /v1/AUTH_1f7f7f09744f44b3a05c47b66249a4ae/gnocchi.85939e21-f323-423a-8724-980c26621fad%3Fformat%3Djson%26states%3Dlisting HTTP/1.0 200 - python-swiftclient-3.11.1 gAAAAABpcPUXwame... - 2 - tx4f57b1b9bc244ce890b2e-006970f5c0 - 0.0126 - - 1769010624.752899885 1769010624.765451431 0
Jan 21 15:50:24 standalone object-server[126846]: 172.20.0.100 - - [21/Jan/2026:15:50:24 +0000] "GET /d1/567/AUTH_1f7f7f09744f44b3a05c47b66249a4ae/gnocchi.85939e21-f323-423a-8724-980c26621fad/1767960000.0_mean_300.0_v3" 404 70 "GET http://172.18.0.2:8080/v1/AUTH_1f7f7f09744f44b3a05c47b66249a4ae/gnocchi.85939e21-f323-423a-8724-980c26621fad/1767960000.0_mean_300.0_v3" "tx44d27a5f71524fa38345e-006970f5c0" "proxy-server 12" 0.0005 "-" 20 0
Jan 21 15:50:24 standalone proxy-server[128627]: 172.18.0.2 172.18.0.100 21/Jan/2026/15/50/24 GET /v1/AUTH_1f7f7f09744f44b3a05c47b66249a4ae/gnocchi.85939e21-f323-423a-8724-980c26621fad/1767960000.0_mean_300.0_v3 HTTP/1.0 404 - python-swiftclient-3.11.1 gAAAAABpcPUXwame... - 70 - tx44d27a5f71524fa38345e-006970f5c0 - 0.0061 - - 1769010624.768761158 1769010624.774818659 0
Jan 21 15:50:24 standalone container-server[126662]: 172.20.0.100 - - [21/Jan/2026:15:50:24 +0000] "PUT /d1/834/AUTH_1f7f7f09744f44b3a05c47b66249a4ae/gnocchi.85939e21-f323-423a-8724-980c26621fad/1767960000.0_mean_300.0_v3" 201 - "PUT http://172.18.0.2:8080/d1/567/AUTH_1f7f7f09744f44b3a05c47b66249a4ae/gnocchi.85939e21-f323-423a-8724-980c26621fad/1767960000.0_mean_300.0_v3" "txf320dca244894b5b9174c-006970f5c0" "object-server 20" 0.0005 "-" 23 0
Jan 21 15:50:24 standalone object-server[126846]: 172.20.0.100 - - [21/Jan/2026:15:50:24 +0000] "PUT /d1/567/AUTH_1f7f7f09744f44b3a05c47b66249a4ae/gnocchi.85939e21-f323-423a-8724-980c26621fad/1767960000.0_mean_300.0_v3" 201 - "PUT http://172.18.0.2:8080/v1/AUTH_1f7f7f09744f44b3a05c47b66249a4ae/gnocchi.85939e21-f323-423a-8724-980c26621fad/1767960000.0_mean_300.0_v3" "txf320dca244894b5b9174c-006970f5c0" "proxy-server 12" 0.0096 "-" 20 0
Jan 21 15:50:24 standalone proxy-server[128627]: 172.18.0.2 172.18.0.100 21/Jan/2026/15/50/24 PUT /v1/AUTH_1f7f7f09744f44b3a05c47b66249a4ae/gnocchi.85939e21-f323-423a-8724-980c26621fad/1767960000.0_mean_300.0_v3 HTTP/1.0 201 - python-swiftclient-3.11.1 gAAAAABpcPUXwame... 16 - - txf320dca244894b5b9174c-006970f5c0 - 0.0155 - - 1769010624.777303696 1769010624.792809963 0
Jan 21 15:50:24 standalone container-server[126662]: 172.20.0.100 - - [21/Jan/2026:15:50:24 +0000] "PUT /d1/834/AUTH_1f7f7f09744f44b3a05c47b66249a4ae/gnocchi.85939e21-f323-423a-8724-980c26621fad/none_v3" 201 - "PUT http://172.18.0.2:8080/d1/254/AUTH_1f7f7f09744f44b3a05c47b66249a4ae/gnocchi.85939e21-f323-423a-8724-980c26621fad/none_v3" "txd2331c4eda824024bd6b4-006970f5c0" "object-server 21" 0.0006 "-" 23 0
Jan 21 15:50:24 standalone object-server[126847]: 172.20.0.100 - - [21/Jan/2026:15:50:24 +0000] "PUT /d1/254/AUTH_1f7f7f09744f44b3a05c47b66249a4ae/gnocchi.85939e21-f323-423a-8724-980c26621fad/none_v3" 201 - "PUT http://172.18.0.2:8080/v1/AUTH_1f7f7f09744f44b3a05c47b66249a4ae/gnocchi.85939e21-f323-423a-8724-980c26621fad/none_v3" "txd2331c4eda824024bd6b4-006970f5c0" "proxy-server 12" 0.0136 "-" 21 0
Jan 21 15:50:24 standalone proxy-server[128627]: 172.18.0.2 172.18.0.100 21/Jan/2026/15/50/24 PUT /v1/AUTH_1f7f7f09744f44b3a05c47b66249a4ae/gnocchi.85939e21-f323-423a-8724-980c26621fad/none_v3 HTTP/1.0 201 - python-swiftclient-3.11.1 gAAAAABpcPUXwame... 22 - - txd2331c4eda824024bd6b4-006970f5c0 - 0.0205 - - 1769010624.796498537 1769010624.817018270 0
Jan 21 15:50:24 standalone container-server[126650]: 172.20.0.100 - - [21/Jan/2026:15:50:24 +0000] "HEAD /d1/300/AUTH_1f7f7f09744f44b3a05c47b66249a4ae/gnocchi.8b884e0c-cdb4-4c21-a0a6-ee02431fe72e" 404 - "HEAD http://172.18.0.2:8080/v1/AUTH_1f7f7f09744f44b3a05c47b66249a4ae/gnocchi.8b884e0c-cdb4-4c21-a0a6-ee02431fe72e?format=json&states=listing" "tx7698f435380e4663a5bf5-006970f5c0" "proxy-server 12" 0.0006 "-" 20 0
Jan 21 15:50:24 standalone object-server[126846]: 172.20.0.100 - - [21/Jan/2026:15:50:24 +0000] "GET /d1/213/AUTH_1f7f7f09744f44b3a05c47b66249a4ae/gnocchi.8b884e0c-cdb4-4c21-a0a6-ee02431fe72e/none_v3" 404 70 "GET http://172.18.0.2:8080/v1/AUTH_1f7f7f09744f44b3a05c47b66249a4ae/gnocchi.8b884e0c-cdb4-4c21-a0a6-ee02431fe72e/none_v3" "tx7698f435380e4663a5bf5-006970f5c0" "proxy-server 12" 0.0005 "-" 20 0
Jan 21 15:50:24 standalone proxy-server[128627]: 172.18.0.2 172.18.0.100 21/Jan/2026/15/50/24 GET /v1/AUTH_1f7f7f09744f44b3a05c47b66249a4ae/gnocchi.8b884e0c-cdb4-4c21-a0a6-ee02431fe72e/none_v3 HTTP/1.0 404 - python-swiftclient-3.11.1 gAAAAABpcPUXwame... - 70 - tx7698f435380e4663a5bf5-006970f5c0 - 0.0108 - - 1769010624.828083754 1769010624.838850975 0
Jan 21 15:50:24 standalone account-server[126573]: 172.20.0.100 - - [21/Jan/2026:15:50:24 +0000] "PUT /d1/424/AUTH_1f7f7f09744f44b3a05c47b66249a4ae/gnocchi.8b884e0c-cdb4-4c21-a0a6-ee02431fe72e" 201 - "PUT http://172.20.0.100:6001/d1/300/AUTH_1f7f7f09744f44b3a05c47b66249a4ae/gnocchi.8b884e0c-cdb4-4c21-a0a6-ee02431fe72e" "tx1b243f6496b343f9a201d-006970f5c0" "container-server 22" 0.0075 "-" 17 0
Jan 21 15:50:24 standalone container-server[126656]: 172.20.0.100 - - [21/Jan/2026:15:50:24 +0000] "PUT /d1/300/AUTH_1f7f7f09744f44b3a05c47b66249a4ae/gnocchi.8b884e0c-cdb4-4c21-a0a6-ee02431fe72e" 201 - "PUT http://172.18.0.2:8080/v1/AUTH_1f7f7f09744f44b3a05c47b66249a4ae/gnocchi.8b884e0c-cdb4-4c21-a0a6-ee02431fe72e" "tx1b243f6496b343f9a201d-006970f5c0" "proxy-server 12" 0.0712 "-" 22 0
Jan 21 15:50:24 standalone proxy-server[128627]: 172.18.0.2 172.18.0.100 21/Jan/2026/15/50/24 PUT /v1/AUTH_1f7f7f09744f44b3a05c47b66249a4ae/gnocchi.8b884e0c-cdb4-4c21-a0a6-ee02431fe72e HTTP/1.0 201 - python-swiftclient-3.11.1 gAAAAABpcPUXwame... - - - tx1b243f6496b343f9a201d-006970f5c0 - 0.0776 - - 1769010624.841205597 1769010624.918845177 0
Jan 21 15:50:24 standalone container-server[126639]: 172.20.0.100 - - [21/Jan/2026:15:50:24 +0000] "HEAD /d1/300/AUTH_1f7f7f09744f44b3a05c47b66249a4ae/gnocchi.8b884e0c-cdb4-4c21-a0a6-ee02431fe72e" 204 - "HEAD http://172.18.0.2:8080/v1/AUTH_1f7f7f09744f44b3a05c47b66249a4ae/gnocchi.8b884e0c-cdb4-4c21-a0a6-ee02431fe72e?format=json&states=listing" "tx61c5cda790324e6f84f06-006970f5c0" "proxy-server 12" 0.0029 "-" 19 0
Jan 21 15:50:24 standalone proxy-server[128627]: - - 21/Jan/2026/15/50/24 HEAD /v1/AUTH_1f7f7f09744f44b3a05c47b66249a4ae/gnocchi.8b884e0c-cdb4-4c21-a0a6-ee02431fe72e%3Fformat%3Djson%26states%3Dlisting HTTP/1.0 204 - Swift - - - - tx61c5cda790324e6f84f06-006970f5c0 - 0.0086 RL - 1769010624.926245213 1769010624.934828997 0
Jan 21 15:50:24 standalone container-server[126656]: 172.20.0.100 - - [21/Jan/2026:15:50:24 +0000] "GET /d1/300/AUTH_1f7f7f09744f44b3a05c47b66249a4ae/gnocchi.8b884e0c-cdb4-4c21-a0a6-ee02431fe72e" 200 2 "GET http://172.18.0.2:8080/v1/AUTH_1f7f7f09744f44b3a05c47b66249a4ae/gnocchi.8b884e0c-cdb4-4c21-a0a6-ee02431fe72e?format=json&states=listing" "tx61c5cda790324e6f84f06-006970f5c0" "proxy-server 12" 0.0028 "-" 22 0
Jan 21 15:50:24 standalone proxy-server[128627]: 172.18.0.2 172.18.0.100 21/Jan/2026/15/50/24 GET /v1/AUTH_1f7f7f09744f44b3a05c47b66249a4ae/gnocchi.8b884e0c-cdb4-4c21-a0a6-ee02431fe72e%3Fformat%3Djson%26states%3Dlisting HTTP/1.0 200 - python-swiftclient-3.11.1 gAAAAABpcPUXwame... - 2 - tx61c5cda790324e6f84f06-006970f5c0 - 0.0212 - - 1769010624.924433708 1769010624.945667267 0
Jan 21 15:50:24 standalone object-server[126846]: 172.20.0.100 - - [21/Jan/2026:15:50:24 +0000] "GET /d1/1000/AUTH_1f7f7f09744f44b3a05c47b66249a4ae/gnocchi.8b884e0c-cdb4-4c21-a0a6-ee02431fe72e/1767960000.0_mean_300.0_v3" 404 70 "GET http://172.18.0.2:8080/v1/AUTH_1f7f7f09744f44b3a05c47b66249a4ae/gnocchi.8b884e0c-cdb4-4c21-a0a6-ee02431fe72e/1767960000.0_mean_300.0_v3" "txc3caaac71f7f48ddb457d-006970f5c0" "proxy-server 12" 0.0004 "-" 20 0
Jan 21 15:50:24 standalone proxy-server[128627]: 172.18.0.2 172.18.0.100 21/Jan/2026/15/50/24 GET /v1/AUTH_1f7f7f09744f44b3a05c47b66249a4ae/gnocchi.8b884e0c-cdb4-4c21-a0a6-ee02431fe72e/1767960000.0_mean_300.0_v3 HTTP/1.0 404 - python-swiftclient-3.11.1 gAAAAABpcPUXwame... - 70 - txc3caaac71f7f48ddb457d-006970f5c0 - 0.0074 - - 1769010624.950414419 1769010624.957795382 0
Jan 21 15:50:24 standalone container-server[126662]: 172.20.0.100 - - [21/Jan/2026:15:50:24 +0000] "PUT /d1/300/AUTH_1f7f7f09744f44b3a05c47b66249a4ae/gnocchi.8b884e0c-cdb4-4c21-a0a6-ee02431fe72e/1767960000.0_mean_300.0_v3" 201 - "PUT http://172.18.0.2:8080/d1/1000/AUTH_1f7f7f09744f44b3a05c47b66249a4ae/gnocchi.8b884e0c-cdb4-4c21-a0a6-ee02431fe72e/1767960000.0_mean_300.0_v3" "tx9d8316407d174b03b0f88-006970f5c0" "object-server 20" 0.0015 "-" 23 0
Jan 21 15:50:24 standalone object-server[126846]: 172.20.0.100 - - [21/Jan/2026:15:50:24 +0000] "PUT /d1/1000/AUTH_1f7f7f09744f44b3a05c47b66249a4ae/gnocchi.8b884e0c-cdb4-4c21-a0a6-ee02431fe72e/1767960000.0_mean_300.0_v3" 201 - "PUT http://172.18.0.2:8080/v1/AUTH_1f7f7f09744f44b3a05c47b66249a4ae/gnocchi.8b884e0c-cdb4-4c21-a0a6-ee02431fe72e/1767960000.0_mean_300.0_v3" "tx9d8316407d174b03b0f88-006970f5c0" "proxy-server 12" 0.0161 "-" 20 0
Jan 21 15:50:24 standalone proxy-server[128627]: 172.18.0.2 172.18.0.100 21/Jan/2026/15/50/24 PUT /v1/AUTH_1f7f7f09744f44b3a05c47b66249a4ae/gnocchi.8b884e0c-cdb4-4c21-a0a6-ee02431fe72e/1767960000.0_mean_300.0_v3 HTTP/1.0 201 - python-swiftclient-3.11.1 gAAAAABpcPUXwame... 16 - - tx9d8316407d174b03b0f88-006970f5c0 - 0.0232 - - 1769010624.961447954 1769010624.984646320 0
Jan 21 15:50:25 standalone container-server[126662]: 172.20.0.100 - - [21/Jan/2026:15:50:25 +0000] "PUT /d1/300/AUTH_1f7f7f09744f44b3a05c47b66249a4ae/gnocchi.8b884e0c-cdb4-4c21-a0a6-ee02431fe72e/none_v3" 201 - "PUT http://172.18.0.2:8080/d1/213/AUTH_1f7f7f09744f44b3a05c47b66249a4ae/gnocchi.8b884e0c-cdb4-4c21-a0a6-ee02431fe72e/none_v3" "tx992c8e53727243d9b0453-006970f5c0" "object-server 20" 0.0011 "-" 23 0
Jan 21 15:50:25 standalone object-server[126846]: 172.20.0.100 - - [21/Jan/2026:15:50:25 +0000] "PUT /d1/213/AUTH_1f7f7f09744f44b3a05c47b66249a4ae/gnocchi.8b884e0c-cdb4-4c21-a0a6-ee02431fe72e/none_v3" 201 - "PUT http://172.18.0.2:8080/v1/AUTH_1f7f7f09744f44b3a05c47b66249a4ae/gnocchi.8b884e0c-cdb4-4c21-a0a6-ee02431fe72e/none_v3" "tx992c8e53727243d9b0453-006970f5c0" "proxy-server 12" 0.0178 "-" 20 0
Jan 21 15:50:25 standalone proxy-server[128627]: 172.18.0.2 172.18.0.100 21/Jan/2026/15/50/25 PUT /v1/AUTH_1f7f7f09744f44b3a05c47b66249a4ae/gnocchi.8b884e0c-cdb4-4c21-a0a6-ee02431fe72e/none_v3 HTTP/1.0 201 - python-swiftclient-3.11.1 gAAAAABpcPUXwame... 22 - - tx992c8e53727243d9b0453-006970f5c0 - 0.0303 - - 1769010624.988282681 1769010625.018535376 0
Jan 21 15:50:25 standalone container-server[126662]: 172.20.0.100 - - [21/Jan/2026:15:50:25 +0000] "HEAD /d1/86/AUTH_1f7f7f09744f44b3a05c47b66249a4ae/gnocchi.4cb87af6-3097-4b24-9829-e3ff2337092f" 404 - "HEAD http://172.18.0.2:8080/v1/AUTH_1f7f7f09744f44b3a05c47b66249a4ae/gnocchi.4cb87af6-3097-4b24-9829-e3ff2337092f?format=json&states=listing" "tx9be1c02c8fc846218beb7-006970f5c1" "proxy-server 12" 0.0006 "-" 23 0
Jan 21 15:50:25 standalone object-server[126847]: 172.20.0.100 - - [21/Jan/2026:15:50:25 +0000] "GET /d1/935/AUTH_1f7f7f09744f44b3a05c47b66249a4ae/gnocchi.4cb87af6-3097-4b24-9829-e3ff2337092f/none_v3" 404 70 "GET http://172.18.0.2:8080/v1/AUTH_1f7f7f09744f44b3a05c47b66249a4ae/gnocchi.4cb87af6-3097-4b24-9829-e3ff2337092f/none_v3" "tx9be1c02c8fc846218beb7-006970f5c1" "proxy-server 12" 0.0005 "-" 21 0
Jan 21 15:50:25 standalone proxy-server[128627]: 172.18.0.2 172.18.0.100 21/Jan/2026/15/50/25 GET /v1/AUTH_1f7f7f09744f44b3a05c47b66249a4ae/gnocchi.4cb87af6-3097-4b24-9829-e3ff2337092f/none_v3 HTTP/1.0 404 - python-swiftclient-3.11.1 gAAAAABpcPUXwame... - 70 - tx9be1c02c8fc846218beb7-006970f5c1 - 0.0105 - - 1769010625.039408684 1769010625.049880981 0
Jan 21 15:50:25 standalone account-server[126567]: 172.20.0.100 - - [21/Jan/2026:15:50:25 +0000] "PUT /d1/424/AUTH_1f7f7f09744f44b3a05c47b66249a4ae/gnocchi.4cb87af6-3097-4b24-9829-e3ff2337092f" 201 - "PUT http://172.20.0.100:6001/d1/86/AUTH_1f7f7f09744f44b3a05c47b66249a4ae/gnocchi.4cb87af6-3097-4b24-9829-e3ff2337092f" "txff25fa762c4b46058dd31-006970f5c1" "container-server 20" 0.0053 "-" 16 0
Jan 21 15:50:25 standalone container-server[126650]: 172.20.0.100 - - [21/Jan/2026:15:50:25 +0000] "PUT /d1/86/AUTH_1f7f7f09744f44b3a05c47b66249a4ae/gnocchi.4cb87af6-3097-4b24-9829-e3ff2337092f" 201 - "PUT http://172.18.0.2:8080/v1/AUTH_1f7f7f09744f44b3a05c47b66249a4ae/gnocchi.4cb87af6-3097-4b24-9829-e3ff2337092f" "txff25fa762c4b46058dd31-006970f5c1" "proxy-server 12" 0.0177 "-" 20 0
Jan 21 15:50:25 standalone proxy-server[128627]: 172.18.0.2 172.18.0.100 21/Jan/2026/15/50/25 PUT /v1/AUTH_1f7f7f09744f44b3a05c47b66249a4ae/gnocchi.4cb87af6-3097-4b24-9829-e3ff2337092f HTTP/1.0 201 - python-swiftclient-3.11.1 gAAAAABpcPUXwame... - - - txff25fa762c4b46058dd31-006970f5c1 - 0.0231 - - 1769010625.053092241 1769010625.076241493 0
Jan 21 15:50:25 standalone container-server[126650]: 172.20.0.100 - - [21/Jan/2026:15:50:25 +0000] "HEAD /d1/86/AUTH_1f7f7f09744f44b3a05c47b66249a4ae/gnocchi.4cb87af6-3097-4b24-9829-e3ff2337092f" 204 - "HEAD http://172.18.0.2:8080/v1/AUTH_1f7f7f09744f44b3a05c47b66249a4ae/gnocchi.4cb87af6-3097-4b24-9829-e3ff2337092f?format=json&states=listing" "tx8f43f7f0a6054961b9ee3-006970f5c1" "proxy-server 12" 0.0019 "-" 20 0
Jan 21 15:50:25 standalone proxy-server[128627]: - - 21/Jan/2026/15/50/25 HEAD /v1/AUTH_1f7f7f09744f44b3a05c47b66249a4ae/gnocchi.4cb87af6-3097-4b24-9829-e3ff2337092f%3Fformat%3Djson%26states%3Dlisting HTTP/1.0 204 - Swift - - - - tx8f43f7f0a6054961b9ee3-006970f5c1 - 0.0054 RL - 1769010625.080855131 1769010625.086218357 0
Jan 21 15:50:25 standalone container-server[126656]: 172.20.0.100 - - [21/Jan/2026:15:50:25 +0000] "GET /d1/86/AUTH_1f7f7f09744f44b3a05c47b66249a4ae/gnocchi.4cb87af6-3097-4b24-9829-e3ff2337092f" 200 2 "GET http://172.18.0.2:8080/v1/AUTH_1f7f7f09744f44b3a05c47b66249a4ae/gnocchi.4cb87af6-3097-4b24-9829-e3ff2337092f?format=json&states=listing" "tx8f43f7f0a6054961b9ee3-006970f5c1" "proxy-server 12" 0.0045 "-" 22 0
Jan 21 15:50:25 standalone proxy-server[128627]: 172.18.0.2 172.18.0.100 21/Jan/2026/15/50/25 GET /v1/AUTH_1f7f7f09744f44b3a05c47b66249a4ae/gnocchi.4cb87af6-3097-4b24-9829-e3ff2337092f%3Fformat%3Djson%26states%3Dlisting HTTP/1.0 200 - python-swiftclient-3.11.1 gAAAAABpcPUXwame... - 2 - tx8f43f7f0a6054961b9ee3-006970f5c1 - 0.0225 - - 1769010625.079942703 1769010625.102394342 0
Jan 21 15:50:25 standalone object-server[126847]: 172.20.0.100 - - [21/Jan/2026:15:50:25 +0000] "GET /d1/772/AUTH_1f7f7f09744f44b3a05c47b66249a4ae/gnocchi.4cb87af6-3097-4b24-9829-e3ff2337092f/1767960000.0_mean_300.0_v3" 404 70 "GET http://172.18.0.2:8080/v1/AUTH_1f7f7f09744f44b3a05c47b66249a4ae/gnocchi.4cb87af6-3097-4b24-9829-e3ff2337092f/1767960000.0_mean_300.0_v3" "txc45d74a0745d40dda867c-006970f5c1" "proxy-server 12" 0.0005 "-" 21 0
Jan 21 15:50:25 standalone proxy-server[128627]: 172.18.0.2 172.18.0.100 21/Jan/2026/15/50/25 GET /v1/AUTH_1f7f7f09744f44b3a05c47b66249a4ae/gnocchi.4cb87af6-3097-4b24-9829-e3ff2337092f/1767960000.0_mean_300.0_v3 HTTP/1.0 404 - python-swiftclient-3.11.1 gAAAAABpcPUXwame... - 70 - txc45d74a0745d40dda867c-006970f5c1 - 0.0135 - - 1769010625.109159708 1769010625.122667551 0
Jan 21 15:50:25 standalone container-server[126662]: 172.20.0.100 - - [21/Jan/2026:15:50:25 +0000] "PUT /d1/86/AUTH_1f7f7f09744f44b3a05c47b66249a4ae/gnocchi.4cb87af6-3097-4b24-9829-e3ff2337092f/1767960000.0_mean_300.0_v3" 201 - "PUT http://172.18.0.2:8080/d1/772/AUTH_1f7f7f09744f44b3a05c47b66249a4ae/gnocchi.4cb87af6-3097-4b24-9829-e3ff2337092f/1767960000.0_mean_300.0_v3" "tx62093d7873fe41968d39b-006970f5c1" "object-server 20" 0.0007 "-" 23 0
Jan 21 15:50:25 standalone object-server[126846]: 172.20.0.100 - - [21/Jan/2026:15:50:25 +0000] "PUT /d1/772/AUTH_1f7f7f09744f44b3a05c47b66249a4ae/gnocchi.4cb87af6-3097-4b24-9829-e3ff2337092f/1767960000.0_mean_300.0_v3" 201 - "PUT http://172.18.0.2:8080/v1/AUTH_1f7f7f09744f44b3a05c47b66249a4ae/gnocchi.4cb87af6-3097-4b24-9829-e3ff2337092f/1767960000.0_mean_300.0_v3" "tx62093d7873fe41968d39b-006970f5c1" "proxy-server 12" 0.0165 "-" 20 0
