Jan 21 15:35:27 standalone account-server[126060]: Starting 2
Jan 21 15:35:27 standalone account-server[126254]: Started child 14 from parent 2
Jan 21 15:35:27 standalone account-server[126254]: Started child 15 from parent 2
Jan 21 15:35:27 standalone account-server[126254]: Started child 16 from parent 2
Jan 21 15:35:27 standalone account-server[126254]: Started child 17 from parent 2
Jan 21 15:35:27 standalone container-server[126397]: Starting 2
Jan 21 15:35:27 standalone container-server[126393]: Option allow_versions is deprecated. Configure the versioned_writes middleware in the proxy-server instead. This option will be ignored in a future release.
Jan 21 15:35:27 standalone container-server[126639]: Option allow_versions is deprecated. Configure the versioned_writes middleware in the proxy-server instead. This option will be ignored in a future release.
Jan 21 15:35:27 standalone container-server[126393]: Started child 19 from parent 2
Jan 21 15:35:27 standalone container-server[126650]: Option allow_versions is deprecated. Configure the versioned_writes middleware in the proxy-server instead. This option will be ignored in a future release.
Jan 21 15:35:27 standalone container-server[126393]: Started child 20 from parent 2
Jan 21 15:35:28 standalone container-server[126656]: Option allow_versions is deprecated. Configure the versioned_writes middleware in the proxy-server instead. This option will be ignored in a future release.
Jan 21 15:35:28 standalone container-server[126393]: Started child 22 from parent 2
Jan 21 15:35:28 standalone container-server[126662]: Option allow_versions is deprecated. Configure the versioned_writes middleware in the proxy-server instead. This option will be ignored in a future release.
Jan 21 15:35:28 standalone container-server[126393]: Started child 23 from parent 2
Jan 21 15:35:28 standalone object-expirer[126574]: Starting 2
Jan 21 15:35:28 standalone object-expirer[126574]: Option auto_create_account_prefix is deprecated. Configure auto_create_account_prefix under the swift-constraints section of swift.conf. This option will be ignored in a future release.
Jan 21 15:35:28 standalone object-server[126721]: Starting 2
Jan 21 15:35:28 standalone object-server[126657]: Started child 20 from parent 2
Jan 21 15:35:28 standalone object-server[126657]: Started child 21 from parent 2
Jan 21 15:35:28 standalone object-server[126657]: Started child 22 from parent 2
Jan 21 15:35:28 standalone object-server[126657]: Started child 23 from parent 2
Jan 21 15:35:34 standalone proxy-server[128341]: Starting Keystone auth_token middleware
Jan 21 15:35:34 standalone proxy-server[128341]: AuthToken middleware is set with keystone_authtoken.service_token_roles_required set to False. This is backwards compatible but deprecated behaviour. Please set this to True.
Jan 21 15:35:34 standalone proxy-server[128627]: Starting Keystone auth_token middleware
Jan 21 15:35:34 standalone proxy-server[128627]: STDERR: The option "bind_port" is not known to keystonemiddleware
Jan 21 15:35:34 standalone proxy-server[128627]: STDERR: The option "workers" is not known to keystonemiddleware
Jan 21 15:35:34 standalone proxy-server[128627]: STDERR: The option "user" is not known to keystonemiddleware
Jan 21 15:35:34 standalone proxy-server[128627]: STDERR: The option "bind_ip" is not known to keystonemiddleware
Jan 21 15:35:34 standalone proxy-server[128627]: STDERR: The option "log_name" is not known to keystonemiddleware
Jan 21 15:35:34 standalone proxy-server[128627]: STDERR: The option "log_facility" is not known to keystonemiddleware
Jan 21 15:35:34 standalone proxy-server[128627]: STDERR: The option "log_level" is not known to keystonemiddleware
Jan 21 15:35:34 standalone proxy-server[128627]: STDERR: The option "log_headers" is not known to keystonemiddleware
Jan 21 15:35:34 standalone proxy-server[128627]: STDERR: The option "log_address" is not known to keystonemiddleware
Jan 21 15:35:34 standalone proxy-server[128627]: STDERR: The option "project_name" is not known to keystonemiddleware
Jan 21 15:35:34 standalone proxy-server[128627]: STDERR: The option "username" is not known to keystonemiddleware
Jan 21 15:35:34 standalone proxy-server[128627]: STDERR: The option "password" is not known to keystonemiddleware
Jan 21 15:35:34 standalone proxy-server[128627]: STDERR: The option "auth_url" is not known to keystonemiddleware
Jan 21 15:35:34 standalone proxy-server[128627]: STDERR: The option "signing_dir" is not known to keystonemiddleware
Jan 21 15:35:34 standalone proxy-server[128627]: STDERR: The option "project_domain_id" is not known to keystonemiddleware
Jan 21 15:35:34 standalone proxy-server[128627]: STDERR: The option "user_domain_id" is not known to keystonemiddleware
Jan 21 15:35:34 standalone proxy-server[128627]: STDERR: The option "__name__" is not known to keystonemiddleware
Jan 21 15:35:34 standalone proxy-server[128627]: AuthToken middleware is set with keystone_authtoken.service_token_roles_required set to False. This is backwards compatible but deprecated behaviour. Please set this to True.
Jan 21 15:35:34 standalone proxy-server[128341]: Started child 12 from parent 2
Jan 21 15:36:23 standalone account-server[126563]: 172.20.0.100 - - [21/Jan/2026:15:36:23 +0000] "HEAD /d1/547/.expiring_objects" 404 - "HEAD http://localhost/v1/.expiring_objects?format=json" "tx74dcdd8c6a224c57ab000-006970f277" "proxy-server 2" 0.0017 "-" 15 -
Jan 21 15:36:23 standalone object-expirer[126574]: Pass completed in 0s; 0 objects expired (txn: tx74dcdd8c6a224c57ab000-006970f277)
Jan 21 15:36:29 standalone container-server[126397]: Begin container update sweep
Jan 21 15:36:29 standalone container-server[126397]: Container update sweep completed: 0.00s
Jan 21 15:40:16 standalone object-server[126721]: Begin object update sweep
Jan 21 15:40:16 standalone object-server[162248]: Object update sweep starting on /srv/node/d1 (pid: 12)
Jan 21 15:40:16 standalone object-server[162248]: Object update sweep completed on /srv/node/d1 in 0.00s seconds:, 0 successes, 0 failures, 0 quarantines, 0 unlinks, 0 errors, 0 redirects (pid: 12)
Jan 21 15:40:16 standalone object-server[162248]: Object update sweep of d1 completed: 0.00s, 0 successes, 0 failures, 0 quarantines, 0 unlinks, 0 errors, 0 redirects
Jan 21 15:40:17 standalone object-server[126721]: Object update sweep completed: 0.08s
Jan 21 15:40:29 standalone account-server[126563]: 172.20.0.100 - - [21/Jan/2026:15:40:29 +0000] "HEAD /d1/547/.expiring_objects" 404 - "HEAD http://localhost/v1/.expiring_objects?format=json" "txca9fe36f7d27440dbb448-006970f36d" "proxy-server 2" 0.0006 "-" 15 -
Jan 21 15:40:29 standalone object-expirer[126574]: Pass completed in 0s; 0 objects expired (txn: txca9fe36f7d27440dbb448-006970f36d)
Jan 21 15:40:45 standalone account-server[126548]: 172.20.0.100 - - [21/Jan/2026:15:40:45 +0000] "HEAD /d1/547/.expiring_objects" 404 - "HEAD http://localhost/v1/.expiring_objects?format=json" "tx00a22d9847234245bc745-006970f37d" "proxy-server 2" 0.0013 "-" 14 -
Jan 21 15:40:45 standalone object-expirer[126574]: Pass completed in 0s; 0 objects expired (txn: tx00a22d9847234245bc745-006970f37d)
Jan 21 15:41:29 standalone container-server[126397]: Begin container update sweep
Jan 21 15:41:29 standalone container-server[126397]: Container update sweep completed: 0.00s
Jan 21 15:42:04 standalone account-server[126548]: 172.20.0.100 - - [21/Jan/2026:15:42:03 +0000] "HEAD /d1/547/.expiring_objects" 404 - "HEAD http://localhost/v1/.expiring_objects?format=json" "tx53faa061b5084924b816c-006970f3cb" "proxy-server 2" 0.0005 "-" 14 -
Jan 21 15:42:04 standalone object-expirer[126574]: Pass completed in 0s; 0 objects expired (txn: tx53faa061b5084924b816c-006970f3cb)
Jan 21 15:45:17 standalone object-server[126721]: Begin object update sweep
Jan 21 15:45:17 standalone object-server[204284]: Object update sweep starting on /srv/node/d1 (pid: 13)
Jan 21 15:45:17 standalone object-server[204284]: Object update sweep completed on /srv/node/d1 in 0.00s seconds:, 0 successes, 0 failures, 0 quarantines, 0 unlinks, 0 errors, 0 redirects (pid: 13)
Jan 21 15:45:17 standalone object-server[204284]: Object update sweep of d1 completed: 0.00s, 0 successes, 0 failures, 0 quarantines, 0 unlinks, 0 errors, 0 redirects
Jan 21 15:45:17 standalone object-server[126721]: Object update sweep completed: 0.07s
Jan 21 15:45:48 standalone account-server[126573]: 172.20.0.100 - - [21/Jan/2026:15:45:48 +0000] "HEAD /d1/547/.expiring_objects" 404 - "HEAD http://localhost/v1/.expiring_objects?format=json" "tx83b88f4f8bf14e2884b31-006970f4ac" "proxy-server 2" 0.0016 "-" 17 -
Jan 21 15:45:48 standalone object-expirer[126574]: Pass completed in 0s; 0 objects expired (txn: tx83b88f4f8bf14e2884b31-006970f4ac)
Jan 21 15:45:50 standalone account-server[126573]: 172.20.0.100 - - [21/Jan/2026:15:45:50 +0000] "HEAD /d1/547/.expiring_objects" 404 - "HEAD http://localhost/v1/.expiring_objects?format=json" "txd28de76bcc6a4ef39991b-006970f4ae" "proxy-server 2" 0.0008 "-" 17 -
Jan 21 15:45:50 standalone object-expirer[126574]: Pass completed in 0s; 0 objects expired (txn: txd28de76bcc6a4ef39991b-006970f4ae)
Jan 21 15:46:29 standalone container-server[126397]: Begin container update sweep
Jan 21 15:46:29 standalone container-server[126397]: Container update sweep completed: 0.00s
Jan 21 15:47:35 standalone account-server[126573]: 172.20.0.100 - - [21/Jan/2026:15:47:35 +0000] "HEAD /d1/424/AUTH_1f7f7f09744f44b3a05c47b66249a4ae" 404 - "HEAD http://172.18.0.2:8080/v1/AUTH_1f7f7f09744f44b3a05c47b66249a4ae?format=json" "tx926fcef73f98417da82d5-006970f517" "proxy-server 12" 0.0007 "-" 17 -
Jan 21 15:47:35 standalone proxy-server[128627]: - - 21/Jan/2026/15/47/35 HEAD /v1/AUTH_1f7f7f09744f44b3a05c47b66249a4ae%3Fformat%3Djson HTTP/1.0 200 - Swift - - - - tx926fcef73f98417da82d5-006970f517 - 0.0069 RL - 1769010455.019812346 1769010455.026707411 -
Jan 21 15:47:35 standalone object-server[126846]: 172.20.0.100 - - [21/Jan/2026:15:47:35 +0000] "GET /d1/777/AUTH_1f7f7f09744f44b3a05c47b66249a4ae/gnocchi.ce8934ab-b5ca-48ac-9046-746e78df6456/none_v3" 404 70 "GET http://172.18.0.2:8080/v1/AUTH_1f7f7f09744f44b3a05c47b66249a4ae/gnocchi.ce8934ab-b5ca-48ac-9046-746e78df6456/none_v3" "tx926fcef73f98417da82d5-006970f517" "proxy-server 12" 0.0013 "-" 20 0
Jan 21 15:47:35 standalone proxy-server[128627]: 172.18.0.2 172.18.0.100 21/Jan/2026/15/47/35 GET /v1/AUTH_1f7f7f09744f44b3a05c47b66249a4ae/gnocchi.ce8934ab-b5ca-48ac-9046-746e78df6456/none_v3 HTTP/1.0 404 - python-swiftclient-3.11.1 gAAAAABpcPUXwame... - 70 - tx926fcef73f98417da82d5-006970f517 - 0.4422 - - 1769010455.015747309 1769010455.457908154 0
Jan 21 15:47:35 standalone account-server[126567]: 172.20.0.100 - - [21/Jan/2026:15:47:35 +0000] "PUT /d1/424/AUTH_1f7f7f09744f44b3a05c47b66249a4ae" 201 - "-" "txd46992e4a2d74bb19d367-006970f517" "-" 0.0151 "-" 16 -
Jan 21 15:47:35 standalone proxy-server[128627]: autocreate account '/AUTH_1f7f7f09744f44b3a05c47b66249a4ae' (txn: txd46992e4a2d74bb19d367-006970f517)
Jan 21 15:47:35 standalone account-server[126548]: 172.20.0.100 - - [21/Jan/2026:15:47:35 +0000] "HEAD /d1/424/AUTH_1f7f7f09744f44b3a05c47b66249a4ae" 204 - "HEAD http://172.18.0.2:8080/v1/AUTH_1f7f7f09744f44b3a05c47b66249a4ae?format=json" "txd46992e4a2d74bb19d367-006970f517" "proxy-server 12" 0.0016 "-" 14 -
Jan 21 15:47:35 standalone account-server[126548]: 172.20.0.100 - - [21/Jan/2026:15:47:35 +0000] "PUT /d1/424/AUTH_1f7f7f09744f44b3a05c47b66249a4ae/gnocchi.ce8934ab-b5ca-48ac-9046-746e78df6456" 201 - "PUT http://172.20.0.100:6001/d1/879/AUTH_1f7f7f09744f44b3a05c47b66249a4ae/gnocchi.ce8934ab-b5ca-48ac-9046-746e78df6456" "txd46992e4a2d74bb19d367-006970f517" "container-server 20" 0.0009 "-" 14 0
Jan 21 15:47:35 standalone container-server[126650]: 172.20.0.100 - - [21/Jan/2026:15:47:35 +0000] "PUT /d1/879/AUTH_1f7f7f09744f44b3a05c47b66249a4ae/gnocchi.ce8934ab-b5ca-48ac-9046-746e78df6456" 201 - "PUT http://172.18.0.2:8080/v1/AUTH_1f7f7f09744f44b3a05c47b66249a4ae/gnocchi.ce8934ab-b5ca-48ac-9046-746e78df6456" "txd46992e4a2d74bb19d367-006970f517" "proxy-server 12" 0.0149 "-" 20 0
Jan 21 15:47:35 standalone proxy-server[128627]: 172.18.0.2 172.18.0.100 21/Jan/2026/15/47/35 PUT /v1/AUTH_1f7f7f09744f44b3a05c47b66249a4ae/gnocchi.ce8934ab-b5ca-48ac-9046-746e78df6456 HTTP/1.0 201 - python-swiftclient-3.11.1 gAAAAABpcPUXwame... - - - txd46992e4a2d74bb19d367-006970f517 - 0.0472 - - 1769010455.462205410 1769010455.509423256 0
Jan 21 15:47:35 standalone container-server[126650]: 172.20.0.100 - - [21/Jan/2026:15:47:35 +0000] "HEAD /d1/879/AUTH_1f7f7f09744f44b3a05c47b66249a4ae/gnocchi.ce8934ab-b5ca-48ac-9046-746e78df6456" 204 - "HEAD http://172.18.0.2:8080/v1/AUTH_1f7f7f09744f44b3a05c47b66249a4ae/gnocchi.ce8934ab-b5ca-48ac-9046-746e78df6456?format=json&states=listing" "tx025cb2d3c5f24051802b8-006970f517" "proxy-server 12" 0.0011 "-" 20 0
Jan 21 15:47:35 standalone proxy-server[128627]: - - 21/Jan/2026/15/47/35 HEAD /v1/AUTH_1f7f7f09744f44b3a05c47b66249a4ae/gnocchi.ce8934ab-b5ca-48ac-9046-746e78df6456%3Fformat%3Djson%26states%3Dlisting HTTP/1.0 204 - Swift - - - - tx025cb2d3c5f24051802b8-006970f517 - 0.0051 RL - 1769010455.516421318 1769010455.521559477 0
Jan 21 15:47:35 standalone container-server[126662]: 172.20.0.100 - - [21/Jan/2026:15:47:35 +0000] "GET /d1/879/AUTH_1f7f7f09744f44b3a05c47b66249a4ae/gnocchi.ce8934ab-b5ca-48ac-9046-746e78df6456" 200 2 "GET http://172.18.0.2:8080/v1/AUTH_1f7f7f09744f44b3a05c47b66249a4ae/gnocchi.ce8934ab-b5ca-48ac-9046-746e78df6456?format=json&states=listing" "tx025cb2d3c5f24051802b8-006970f517" "proxy-server 12" 0.0031 "-" 23 0
Jan 21 15:47:35 standalone proxy-server[128627]: 172.18.0.2 172.18.0.100 21/Jan/2026/15/47/35 GET /v1/AUTH_1f7f7f09744f44b3a05c47b66249a4ae/gnocchi.ce8934ab-b5ca-48ac-9046-746e78df6456%3Fformat%3Djson%26states%3Dlisting HTTP/1.0 200 - python-swiftclient-3.11.1 gAAAAABpcPUXwame... - 2 - tx025cb2d3c5f24051802b8-006970f517 - 0.0187 - - 1769010455.514638662 1769010455.533373594 0
Jan 21 15:47:35 standalone object-server[126846]: 172.20.0.100 - - [21/Jan/2026:15:47:35 +0000] "GET /d1/625/AUTH_1f7f7f09744f44b3a05c47b66249a4ae/gnocchi.ce8934ab-b5ca-48ac-9046-746e78df6456/1767960000.0_mean_300.0_v3" 404 70 "GET http://172.18.0.2:8080/v1/AUTH_1f7f7f09744f44b3a05c47b66249a4ae/gnocchi.ce8934ab-b5ca-48ac-9046-746e78df6456/1767960000.0_mean_300.0_v3" "tx1888d9cbbdcd47f5adf43-006970f517" "proxy-server 12" 0.0005 "-" 20 0
Jan 21 15:47:35 standalone proxy-server[128627]: 172.18.0.2 172.18.0.100 21/Jan/2026/15/47/35 GET /v1/AUTH_1f7f7f09744f44b3a05c47b66249a4ae/gnocchi.ce8934ab-b5ca-48ac-9046-746e78df6456/1767960000.0_mean_300.0_v3 HTTP/1.0 404 - python-swiftclient-3.11.1 gAAAAABpcPUXwame... - 70 - tx1888d9cbbdcd47f5adf43-006970f517 - 0.0077 - - 1769010455.539221764 1769010455.546904564 0
Jan 21 15:47:35 standalone container-server[126650]: 172.20.0.100 - - [21/Jan/2026:15:47:35 +0000] "PUT /d1/879/AUTH_1f7f7f09744f44b3a05c47b66249a4ae/gnocchi.ce8934ab-b5ca-48ac-9046-746e78df6456/1767960000.0_mean_300.0_v3" 201 - "PUT http://172.18.0.2:8080/d1/625/AUTH_1f7f7f09744f44b3a05c47b66249a4ae/gnocchi.ce8934ab-b5ca-48ac-9046-746e78df6456/1767960000.0_mean_300.0_v3" "tx01e52b3074c14fc6b4e5f-006970f517" "object-server 22" 0.0005 "-" 20 0
Jan 21 15:47:35 standalone object-server[126849]: 172.20.0.100 - - [21/Jan/2026:15:47:35 +0000] "PUT /d1/625/AUTH_1f7f7f09744f44b3a05c47b66249a4ae/gnocchi.ce8934ab-b5ca-48ac-9046-746e78df6456/1767960000.0_mean_300.0_v3" 201 - "PUT http://172.18.0.2:8080/v1/AUTH_1f7f7f09744f44b3a05c47b66249a4ae/gnocchi.ce8934ab-b5ca-48ac-9046-746e78df6456/1767960000.0_mean_300.0_v3" "tx01e52b3074c14fc6b4e5f-006970f517" "proxy-server 12" 0.0353 "-" 22 0
Jan 21 15:47:35 standalone proxy-server[128627]: 172.18.0.2 172.18.0.100 21/Jan/2026/15/47/35 PUT /v1/AUTH_1f7f7f09744f44b3a05c47b66249a4ae/gnocchi.ce8934ab-b5ca-48ac-9046-746e78df6456/1767960000.0_mean_300.0_v3 HTTP/1.0 201 - python-swiftclient-3.11.1 gAAAAABpcPUXwame... 16 - - tx01e52b3074c14fc6b4e5f-006970f517 - 0.0436 - - 1769010455.551383972 1769010455.594971657 0
Jan 21 15:47:35 standalone container-server[126650]: 172.20.0.100 - - [21/Jan/2026:15:47:35 +0000] "PUT /d1/879/AUTH_1f7f7f09744f44b3a05c47b66249a4ae/gnocchi.ce8934ab-b5ca-48ac-9046-746e78df6456/none_v3" 201 - "PUT http://172.18.0.2:8080/d1/777/AUTH_1f7f7f09744f44b3a05c47b66249a4ae/gnocchi.ce8934ab-b5ca-48ac-9046-746e78df6456/none_v3" "tx5b5575c0fa3c43aa9daaf-006970f517" "object-server 23" 0.0005 "-" 20 0
Jan 21 15:47:35 standalone object-server[126861]: 172.20.0.100 - - [21/Jan/2026:15:47:35 +0000] "PUT /d1/777/AUTH_1f7f7f09744f44b3a05c47b66249a4ae/gnocchi.ce8934ab-b5ca-48ac-9046-746e78df6456/none_v3" 201 - "PUT http://172.18.0.2:8080/v1/AUTH_1f7f7f09744f44b3a05c47b66249a4ae/gnocchi.ce8934ab-b5ca-48ac-9046-746e78df6456/none_v3" "tx5b5575c0fa3c43aa9daaf-006970f517" "proxy-server 12" 0.0273 "-" 23 0
Jan 21 15:47:35 standalone proxy-server[128627]: 172.18.0.2 172.18.0.100 21/Jan/2026/15/47/35 PUT /v1/AUTH_1f7f7f09744f44b3a05c47b66249a4ae/gnocchi.ce8934ab-b5ca-48ac-9046-746e78df6456/none_v3 HTTP/1.0 201 - python-swiftclient-3.11.1 gAAAAABpcPUXwame... 32 - - tx5b5575c0fa3c43aa9daaf-006970f517 - 0.0355 - - 1769010455.599395037 1769010455.634944439 0
Jan 21 15:48:34 standalone container-server[126656]: 172.20.0.100 - - [21/Jan/2026:15:48:34 +0000] "HEAD /d1/1018/AUTH_1f7f7f09744f44b3a05c47b66249a4ae/gnocchi.b3c8365d-45f3-48d7-a8d3-a044ec55affa" 404 - "HEAD http://172.18.0.2:8080/v1/AUTH_1f7f7f09744f44b3a05c47b66249a4ae/gnocchi.b3c8365d-45f3-48d7-a8d3-a044ec55affa?format=json&states=listing" "txe8c7bcb4f6f642a9885d6-006970f552" "proxy-server 12" 0.0011 "-" 22 0
Jan 21 15:48:34 standalone object-server[126846]: 172.20.0.100 - - [21/Jan/2026:15:48:34 +0000] "GET /d1/131/AUTH_1f7f7f09744f44b3a05c47b66249a4ae/gnocchi.b3c8365d-45f3-48d7-a8d3-a044ec55affa/none_v3" 404 70 "GET http://172.18.0.2:8080/v1/AUTH_1f7f7f09744f44b3a05c47b66249a4ae/gnocchi.b3c8365d-45f3-48d7-a8d3-a044ec55affa/none_v3" "txe8c7bcb4f6f642a9885d6-006970f552" "proxy-server 12" 0.0005 "-" 20 0
Jan 21 15:48:34 standalone proxy-server[128627]: 172.18.0.2 172.18.0.100 21/Jan/2026/15/48/34 GET /v1/AUTH_1f7f7f09744f44b3a05c47b66249a4ae/gnocchi.b3c8365d-45f3-48d7-a8d3-a044ec55affa/none_v3 HTTP/1.0 404 - python-swiftclient-3.11.1 gAAAAABpcPUXwame... - 70 - txe8c7bcb4f6f642a9885d6-006970f552 - 0.0090 - - 1769010514.786482096 1769010514.795502186 0
Jan 21 15:48:34 standalone account-server[126567]: 172.20.0.100 - - [21/Jan/2026:15:48:34 +0000] "PUT /d1/424/AUTH_1f7f7f09744f44b3a05c47b66249a4ae/gnocchi.b3c8365d-45f3-48d7-a8d3-a044ec55affa" 201 - "PUT http://172.20.0.100:6001/d1/1018/AUTH_1f7f7f09744f44b3a05c47b66249a4ae/gnocchi.b3c8365d-45f3-48d7-a8d3-a044ec55affa" "tx5f87d785fd6e4f88bd829-006970f552" "container-server 19" 0.0495 "-" 16 0
Jan 21 15:48:34 standalone container-server[126639]: 172.20.0.100 - - [21/Jan/2026:15:48:34 +0000] "PUT /d1/1018/AUTH_1f7f7f09744f44b3a05c47b66249a4ae/gnocchi.b3c8365d-45f3-48d7-a8d3-a044ec55affa" 201 - "PUT http://172.18.0.2:8080/v1/AUTH_1f7f7f09744f44b3a05c47b66249a4ae/gnocchi.b3c8365d-45f3-48d7-a8d3-a044ec55affa" "tx5f87d785fd6e4f88bd829-006970f552" "proxy-server 12" 0.0884 "-" 19 0
Jan 21 15:48:34 standalone proxy-server[128627]: 172.18.0.2 172.18.0.100 21/Jan/2026/15/48/34 PUT /v1/AUTH_1f7f7f09744f44b3a05c47b66249a4ae/gnocchi.b3c8365d-45f3-48d7-a8d3-a044ec55affa HTTP/1.0 201 - python-swiftclient-3.11.1 gAAAAABpcPUXwame... - - - tx5f87d785fd6e4f88bd829-006970f552 - 0.0927 - - 1769010514.798204422 1769010514.890942574 0
Jan 21 15:48:34 standalone container-server[126650]: 172.20.0.100 - - [21/Jan/2026:15:48:34 +0000] "HEAD /d1/1018/AUTH_1f7f7f09744f44b3a05c47b66249a4ae/gnocchi.b3c8365d-45f3-48d7-a8d3-a044ec55affa" 204 - "HEAD http://172.18.0.2:8080/v1/AUTH_1f7f7f09744f44b3a05c47b66249a4ae/gnocchi.b3c8365d-45f3-48d7-a8d3-a044ec55affa?format=json&states=listing" "tx8cb6421a4c424b7fb12a7-006970f552" "proxy-server 12" 0.0016 "-" 20 0
Jan 21 15:48:34 standalone proxy-server[128627]: - - 21/Jan/2026/15/48/34 HEAD /v1/AUTH_1f7f7f09744f44b3a05c47b66249a4ae/gnocchi.b3c8365d-45f3-48d7-a8d3-a044ec55affa%3Fformat%3Djson%26states%3Dlisting HTTP/1.0 204 - Swift - - - - tx8cb6421a4c424b7fb12a7-006970f552 - 0.0047 RL - 1769010514.894939661 1769010514.899679422 0
Jan 21 15:48:34 standalone container-server[126662]: 172.20.0.100 - - [21/Jan/2026:15:48:34 +0000] "GET /d1/1018/AUTH_1f7f7f09744f44b3a05c47b66249a4ae/gnocchi.b3c8365d-45f3-48d7-a8d3-a044ec55affa" 200 2 "GET http://172.18.0.2:8080/v1/AUTH_1f7f7f09744f44b3a05c47b66249a4ae/gnocchi.b3c8365d-45f3-48d7-a8d3-a044ec55affa?format=json&states=listing" "tx8cb6421a4c424b7fb12a7-006970f552" "proxy-server 12" 0.0043 "-" 23 0
Jan 21 15:48:34 standalone proxy-server[128627]: 172.18.0.2 172.18.0.100 21/Jan/2026/15/48/34 GET /v1/AUTH_1f7f7f09744f44b3a05c47b66249a4ae/gnocchi.b3c8365d-45f3-48d7-a8d3-a044ec55affa%3Fformat%3Djson%26states%3Dlisting HTTP/1.0 200 - python-swiftclient-3.11.1 gAAAAABpcPUXwame... - 2 - tx8cb6421a4c424b7fb12a7-006970f552 - 0.0171 - - 1769010514.893939734 1769010514.911009789 0
Jan 21 15:48:34 standalone object-server[126849]: 172.20.0.100 - - [21/Jan/2026:15:48:34 +0000] "GET /d1/713/AUTH_1f7f7f09744f44b3a05c47b66249a4ae/gnocchi.b3c8365d-45f3-48d7-a8d3-a044ec55affa/1767960000.0_mean_300.0_v3" 404 70 "GET http://172.18.0.2:8080/v1/AUTH_1f7f7f09744f44b3a05c47b66249a4ae/gnocchi.b3c8365d-45f3-48d7-a8d3-a044ec55affa/1767960000.0_mean_300.0_v3" "tx6bfd3af3139144ee9c33b-006970f552" "proxy-server 12" 0.0005 "-" 22 0
Jan 21 15:48:34 standalone proxy-server[128627]: 172.18.0.2 172.18.0.100 21/Jan/2026/15/48/34 GET /v1/AUTH_1f7f7f09744f44b3a05c47b66249a4ae/gnocchi.b3c8365d-45f3-48d7-a8d3-a044ec55affa/1767960000.0_mean_300.0_v3 HTTP/1.0 404 - python-swiftclient-3.11.1 gAAAAABpcPUXwame... - 70 - tx6bfd3af3139144ee9c33b-006970f552 - 0.0059 - - 1769010514.913996458 1769010514.919874907 0
Jan 21 15:48:34 standalone container-server[126650]: 172.20.0.100 - - [21/Jan/2026:15:48:34 +0000] "PUT /d1/1018/AUTH_1f7f7f09744f44b3a05c47b66249a4ae/gnocchi.b3c8365d-45f3-48d7-a8d3-a044ec55affa/1767960000.0_mean_300.0_v3" 201 - "PUT http://172.18.0.2:8080/d1/713/AUTH_1f7f7f09744f44b3a05c47b66249a4ae/gnocchi.b3c8365d-45f3-48d7-a8d3-a044ec55affa/1767960000.0_mean_300.0_v3" "txa27af7c9198242d183257-006970f552" "object-server 22" 0.0008 "-" 20 0
Jan 21 15:48:34 standalone object-server[126849]: 172.20.0.100 - - [21/Jan/2026:15:48:34 +0000] "PUT /d1/713/AUTH_1f7f7f09744f44b3a05c47b66249a4ae/gnocchi.b3c8365d-45f3-48d7-a8d3-a044ec55affa/1767960000.0_mean_300.0_v3" 201 - "PUT http://172.18.0.2:8080/v1/AUTH_1f7f7f09744f44b3a05c47b66249a4ae/gnocchi.b3c8365d-45f3-48d7-a8d3-a044ec55affa/1767960000.0_mean_300.0_v3" "txa27af7c9198242d183257-006970f552" "proxy-server 12" 0.0109 "-" 22 0
Jan 21 15:48:34 standalone proxy-server[128627]: 172.18.0.2 172.18.0.100 21/Jan/2026/15/48/34 PUT /v1/AUTH_1f7f7f09744f44b3a05c47b66249a4ae/gnocchi.b3c8365d-45f3-48d7-a8d3-a044ec55affa/1767960000.0_mean_300.0_v3 HTTP/1.0 201 - python-swiftclient-3.11.1 gAAAAABpcPUXwame... 16 - - txa27af7c9198242d183257-006970f552 - 0.0156 - - 1769010514.921614170 1769010514.937172174 0
Jan 21 15:48:34 standalone container-server[126650]: 172.20.0.100 - - [21/Jan/2026:15:48:34 +0000] "PUT /d1/1018/AUTH_1f7f7f09744f44b3a05c47b66249a4ae/gnocchi.b3c8365d-45f3-48d7-a8d3-a044ec55affa/none_v3" 201 - "PUT http://172.18.0.2:8080/d1/131/AUTH_1f7f7f09744f44b3a05c47b66249a4ae/gnocchi.b3c8365d-45f3-48d7-a8d3-a044ec55affa/none_v3" "tx45941078a2054ff9b263e-006970f552" "object-server 20" 0.0008 "-" 20 0
Jan 21 15:48:34 standalone object-server[126846]: 172.20.0.100 - - [21/Jan/2026:15:48:34 +0000] "PUT /d1/131/AUTH_1f7f7f09744f44b3a05c47b66249a4ae/gnocchi.b3c8365d-45f3-48d7-a8d3-a044ec55affa/none_v3" 201 - "PUT http://172.18.0.2:8080/v1/AUTH_1f7f7f09744f44b3a05c47b66249a4ae/gnocchi.b3c8365d-45f3-48d7-a8d3-a044ec55affa/none_v3" "tx45941078a2054ff9b263e-006970f552" "proxy-server 12" 0.0336 "-" 20 0
Jan 21 15:48:34 standalone proxy-server[128627]: 172.18.0.2 172.18.0.100 21/Jan/2026/15/48/34 PUT /v1/AUTH_1f7f7f09744f44b3a05c47b66249a4ae/gnocchi.b3c8365d-45f3-48d7-a8d3-a044ec55affa/none_v3 HTTP/1.0 201 - python-swiftclient-3.11.1 gAAAAABpcPUXwame... 22 - - tx45941078a2054ff9b263e-006970f552 - 0.0422 - - 1769010514.939049721 1769010514.981299162 0
Jan 21 15:48:34 standalone container-server[126662]: 172.20.0.100 - - [21/Jan/2026:15:48:34 +0000] "HEAD /d1/320/AUTH_1f7f7f09744f44b3a05c47b66249a4ae/gnocchi.697ae040-805d-4012-a5b4-f22a24c6bcb4" 404 - "HEAD http://172.18.0.2:8080/v1/AUTH_1f7f7f09744f44b3a05c47b66249a4ae/gnocchi.697ae040-805d-4012-a5b4-f22a24c6bcb4?format=json&states=listing" "txe1a8e4350dac4ae78c6fa-006970f552" "proxy-server 12" 0.0006 "-" 23 0
Jan 21 15:48:35 standalone object-server[126847]: 172.20.0.100 - - [21/Jan/2026:15:48:35 +0000] "GET /d1/90/AUTH_1f7f7f09744f44b3a05c47b66249a4ae/gnocchi.697ae040-805d-4012-a5b4-f22a24c6bcb4/none_v3" 404 70 "GET http://172.18.0.2:8080/v1/AUTH_1f7f7f09744f44b3a05c47b66249a4ae/gnocchi.697ae040-805d-4012-a5b4-f22a24c6bcb4/none_v3" "txe1a8e4350dac4ae78c6fa-006970f552" "proxy-server 12" 0.0013 "-" 21 0
Jan 21 15:48:35 standalone proxy-server[128627]: 172.18.0.2 172.18.0.100 21/Jan/2026/15/48/35 GET /v1/AUTH_1f7f7f09744f44b3a05c47b66249a4ae/gnocchi.697ae040-805d-4012-a5b4-f22a24c6bcb4/none_v3 HTTP/1.0 404 - python-swiftclient-3.11.1 gAAAAABpcPUXwame... - 70 - txe1a8e4350dac4ae78c6fa-006970f552 - 0.0161 - - 1769010514.989173174 1769010515.005276918 0
Jan 21 15:48:35 standalone account-server[126548]: 172.20.0.100 - - [21/Jan/2026:15:48:35 +0000] "PUT /d1/424/AUTH_1f7f7f09744f44b3a05c47b66249a4ae/gnocchi.697ae040-805d-4012-a5b4-f22a24c6bcb4" 201 - "PUT http://172.20.0.100:6001/d1/320/AUTH_1f7f7f09744f44b3a05c47b66249a4ae/gnocchi.697ae040-805d-4012-a5b4-f22a24c6bcb4" "tx4b83f677b0a242dab68d4-006970f553" "container-server 22" 0.0069 "-" 14 0
Jan 21 15:48:35 standalone container-server[126656]: 172.20.0.100 - - [21/Jan/2026:15:48:35 +0000] "PUT /d1/320/AUTH_1f7f7f09744f44b3a05c47b66249a4ae/gnocchi.697ae040-805d-4012-a5b4-f22a24c6bcb4" 201 - "PUT http://172.18.0.2:8080/v1/AUTH_1f7f7f09744f44b3a05c47b66249a4ae/gnocchi.697ae040-805d-4012-a5b4-f22a24c6bcb4" "tx4b83f677b0a242dab68d4-006970f553" "proxy-server 12" 0.0229 "-" 22 0
Jan 21 15:48:35 standalone proxy-server[128627]: 172.18.0.2 172.18.0.100 21/Jan/2026/15/48/35 PUT /v1/AUTH_1f7f7f09744f44b3a05c47b66249a4ae/gnocchi.697ae040-805d-4012-a5b4-f22a24c6bcb4 HTTP/1.0 201 - python-swiftclient-3.11.1 gAAAAABpcPUXwame... - - - tx4b83f677b0a242dab68d4-006970f553 - 0.0302 - - 1769010515.007770777 1769010515.037931919 0
Jan 21 15:48:35 standalone container-server[126650]: 172.20.0.100 - - [21/Jan/2026:15:48:35 +0000] "HEAD /d1/320/AUTH_1f7f7f09744f44b3a05c47b66249a4ae/gnocchi.697ae040-805d-4012-a5b4-f22a24c6bcb4" 204 - "HEAD http://172.18.0.2:8080/v1/AUTH_1f7f7f09744f44b3a05c47b66249a4ae/gnocchi.697ae040-805d-4012-a5b4-f22a24c6bcb4?format=json&states=listing" "tx5a1a8ea2ccd14fab9c437-006970f553" "proxy-server 12" 0.0020 "-" 20 0
Jan 21 15:48:35 standalone proxy-server[128627]: - - 21/Jan/2026/15/48/35 HEAD /v1/AUTH_1f7f7f09744f44b3a05c47b66249a4ae/gnocchi.697ae040-805d-4012-a5b4-f22a24c6bcb4%3Fformat%3Djson%26states%3Dlisting HTTP/1.0 204 - Swift - - - - tx5a1a8ea2ccd14fab9c437-006970f553 - 0.0067 RL - 1769010515.042793512 1769010515.049505949 0
Jan 21 15:48:35 standalone container-server[126662]: 172.20.0.100 - - [21/Jan/2026:15:48:35 +0000] "GET /d1/320/AUTH_1f7f7f09744f44b3a05c47b66249a4ae/gnocchi.697ae040-805d-4012-a5b4-f22a24c6bcb4" 200 2 "GET http://172.18.0.2:8080/v1/AUTH_1f7f7f09744f44b3a05c47b66249a4ae/gnocchi.697ae040-805d-4012-a5b4-f22a24c6bcb4?format=json&states=listing" "tx5a1a8ea2ccd14fab9c437-006970f553" "proxy-server 12" 0.0023 "-" 23 0
Jan 21 15:48:35 standalone proxy-server[128627]: 172.18.0.2 172.18.0.100 21/Jan/2026/15/48/35 GET /v1/AUTH_1f7f7f09744f44b3a05c47b66249a4ae/gnocchi.697ae040-805d-4012-a5b4-f22a24c6bcb4%3Fformat%3Djson%26states%3Dlisting HTTP/1.0 200 - python-swiftclient-3.11.1 gAAAAABpcPUXwame... - 2 - tx5a1a8ea2ccd14fab9c437-006970f553 - 0.0179 - - 1769010515.041268587 1769010515.059128761 0
Jan 21 15:48:35 standalone object-server[126846]: 172.20.0.100 - - [21/Jan/2026:15:48:35 +0000] "GET /d1/581/AUTH_1f7f7f09744f44b3a05c47b66249a4ae/gnocchi.697ae040-805d-4012-a5b4-f22a24c6bcb4/1767960000.0_mean_300.0_v3" 404 70 "GET http://172.18.0.2:8080/v1/AUTH_1f7f7f09744f44b3a05c47b66249a4ae/gnocchi.697ae040-805d-4012-a5b4-f22a24c6bcb4/1767960000.0_mean_300.0_v3" "tx278ec5e0a6484d69a2d40-006970f553" "proxy-server 12" 0.0006 "-" 20 0
Jan 21 15:48:35 standalone proxy-server[128627]: 172.18.0.2 172.18.0.100 21/Jan/2026/15/48/35 GET /v1/AUTH_1f7f7f09744f44b3a05c47b66249a4ae/gnocchi.697ae040-805d-4012-a5b4-f22a24c6bcb4/1767960000.0_mean_300.0_v3 HTTP/1.0 404 - python-swiftclient-3.11.1 gAAAAABpcPUXwame... - 70 - tx278ec5e0a6484d69a2d40-006970f553 - 0.0121 - - 1769010515.062641144 1769010515.074724674 0
Jan 21 15:48:35 standalone container-server[126662]: 172.20.0.100 - - [21/Jan/2026:15:48:35 +0000] "PUT /d1/320/AUTH_1f7f7f09744f44b3a05c47b66249a4ae/gnocchi.697ae040-805d-4012-a5b4-f22a24c6bcb4/1767960000.0_mean_300.0_v3" 201 - "PUT http://172.18.0.2:8080/d1/581/AUTH_1f7f7f09744f44b3a05c47b66249a4ae/gnocchi.697ae040-805d-4012-a5b4-f22a24c6bcb4/1767960000.0_mean_300.0_v3" "tx56e32c9f696543eb8e471-006970f553" "object-server 22" 0.0005 "-" 23 0
Jan 21 15:48:35 standalone object-server[126849]: 172.20.0.100 - - [21/Jan/2026:15:48:35 +0000] "PUT /d1/581/AUTH_1f7f7f09744f44b3a05c47b66249a4ae/gnocchi.697ae040-805d-4012-a5b4-f22a24c6bcb4/1767960000.0_mean_300.0_v3" 201 - "PUT http://172.18.0.2:8080/v1/AUTH_1f7f7f09744f44b3a05c47b66249a4ae/gnocchi.697ae040-805d-4012-a5b4-f22a24c6bcb4/1767960000.0_mean_300.0_v3" "tx56e32c9f696543eb8e471-006970f553" "proxy-server 12" 0.0089 "-" 22 0
Jan 21 15:48:35 standalone proxy-server[128627]: 172.18.0.2 172.18.0.100 21/Jan/2026/15/48/35 PUT /v1/AUTH_1f7f7f09744f44b3a05c47b66249a4ae/gnocchi.697ae040-805d-4012-a5b4-f22a24c6bcb4/1767960000.0_mean_300.0_v3 HTTP/1.0 201 - python-swiftclient-3.11.1 gAAAAABpcPUXwame... 16 - - tx56e32c9f696543eb8e471-006970f553 - 0.0155 - - 1769010515.078023672 1769010515.093496799 0
Jan 21 15:48:35 standalone container-server[126639]: 172.20.0.100 - - [21/Jan/2026:15:48:35 +0000] "PUT /d1/320/AUTH_1f7f7f09744f44b3a05c47b66249a4ae/gnocchi.697ae040-805d-4012-a5b4-f22a24c6bcb4/none_v3" 201 - "PUT http://172.18.0.2:8080/d1/90/AUTH_1f7f7f09744f44b3a05c47b66249a4ae/gnocchi.697ae040-805d-4012-a5b4-f22a24c6bcb4/none_v3" "txfdaeed6ff03c4de69e81a-006970f553" "object-server 22" 0.0009 "-" 19 0
Jan 21 15:48:35 standalone object-server[126849]: 172.20.0.100 - - [21/Jan/2026:15:48:35 +0000] "PUT /d1/90/AUTH_1f7f7f09744f44b3a05c47b66249a4ae/gnocchi.697ae040-805d-4012-a5b4-f22a24c6bcb4/none_v3" 201 - "PUT http://172.18.0.2:8080/v1/AUTH_1f7f7f09744f44b3a05c47b66249a4ae/gnocchi.697ae040-805d-4012-a5b4-f22a24c6bcb4/none_v3" "txfdaeed6ff03c4de69e81a-006970f553" "proxy-server 12" 0.0113 "-" 22 0
Jan 21 15:48:35 standalone proxy-server[128627]: 172.18.0.2 172.18.0.100 21/Jan/2026/15/48/35 PUT /v1/AUTH_1f7f7f09744f44b3a05c47b66249a4ae/gnocchi.697ae040-805d-4012-a5b4-f22a24c6bcb4/none_v3 HTTP/1.0 201 - python-swiftclient-3.11.1 gAAAAABpcPUXwame... 22 - - txfdaeed6ff03c4de69e81a-006970f553 - 0.0193 - - 1769010515.097223759 1769010515.116572857 0
Jan 21 15:48:39 standalone account-server[126563]: 172.20.0.100 - - [21/Jan/2026:15:48:39 +0000] "HEAD /d1/547/.expiring_objects" 404 - "HEAD http://localhost/v1/.expiring_objects?format=json" "txb951dd1439b14e8099850-006970f557" "proxy-server 2" 0.0005 "-" 15 -
Jan 21 15:48:39 standalone object-expirer[126574]: Pass completed in 0s; 0 objects expired (txn: txb951dd1439b14e8099850-006970f557)
Jan 21 15:48:41 standalone account-server[126563]: 172.20.0.100 - - [21/Jan/2026:15:48:41 +0000] "HEAD /d1/424/AUTH_1f7f7f09744f44b3a05c47b66249a4ae" 204 - "HEAD http://172.18.0.2:8080/v1/AUTH_1f7f7f09744f44b3a05c47b66249a4ae?format=json" "tx2e6ac0b06e2c436185653-006970f559" "proxy-server 12" 0.0088 "-" 15 -
Jan 21 15:48:41 standalone proxy-server[128627]: - - 21/Jan/2026/15/48/41 HEAD /v1/AUTH_1f7f7f09744f44b3a05c47b66249a4ae%3Fformat%3Djson HTTP/1.0 204 - Swift - - - - tx2e6ac0b06e2c436185653-006970f559 - 0.0151 RL - 1769010521.834395885 1769010521.849533558 -
Jan 21 15:48:41 standalone container-server[126639]: 172.20.0.100 - - [21/Jan/2026:15:48:41 +0000] "HEAD /d1/399/AUTH_1f7f7f09744f44b3a05c47b66249a4ae/gnocchi.bb463209-562f-40fd-8537-f018e52e8fb0" 404 - "HEAD http://172.18.0.2:8080/v1/AUTH_1f7f7f09744f44b3a05c47b66249a4ae/gnocchi.bb463209-562f-40fd-8537-f018e52e8fb0?format=json&states=listing" "tx2e6ac0b06e2c436185653-006970f559" "proxy-server 12" 0.0012 "-" 19 0
Jan 21 15:48:41 standalone object-server[126849]: 172.20.0.100 - - [21/Jan/2026:15:48:41 +0000] "GET /d1/323/AUTH_1f7f7f09744f44b3a05c47b66249a4ae/gnocchi.bb463209-562f-40fd-8537-f018e52e8fb0/none_v3" 404 70 "GET http://172.18.0.2:8080/v1/AUTH_1f7f7f09744f44b3a05c47b66249a4ae/gnocchi.bb463209-562f-40fd-8537-f018e52e8fb0/none_v3" "tx2e6ac0b06e2c436185653-006970f559" "proxy-server 12" 0.0028 "-" 22 0
Jan 21 15:48:41 standalone proxy-server[128627]: 172.18.0.2 172.18.0.100 21/Jan/2026/15/48/41 GET /v1/AUTH_1f7f7f09744f44b3a05c47b66249a4ae/gnocchi.bb463209-562f-40fd-8537-f018e52e8fb0/none_v3 HTTP/1.0 404 - python-swiftclient-3.11.1 gAAAAABpcPUXwame... - 70 - tx2e6ac0b06e2c436185653-006970f559 - 0.0422 - - 1769010521.832907200 1769010521.875081539 0
Jan 21 15:48:41 standalone account-server[126563]: 172.20.0.100 - - [21/Jan/2026:15:48:41 +0000] "PUT /d1/424/AUTH_1f7f7f09744f44b3a05c47b66249a4ae/gnocchi.bb463209-562f-40fd-8537-f018e52e8fb0" 201 - "PUT http://172.20.0.100:6001/d1/399/AUTH_1f7f7f09744f44b3a05c47b66249a4ae/gnocchi.bb463209-562f-40fd-8537-f018e52e8fb0" "tx042f5f69f55b470e9080b-006970f559" "container-server 19" 0.0018 "-" 15 0
Jan 21 15:48:41 standalone container-server[126639]: 172.20.0.100 - - [21/Jan/2026:15:48:41 +0000] "PUT /d1/399/AUTH_1f7f7f09744f44b3a05c47b66249a4ae/gnocchi.bb463209-562f-40fd-8537-f018e52e8fb0" 201 - "PUT http://172.18.0.2:8080/v1/AUTH_1f7f7f09744f44b3a05c47b66249a4ae/gnocchi.bb463209-562f-40fd-8537-f018e52e8fb0" "tx042f5f69f55b470e9080b-006970f559" "proxy-server 12" 0.0171 "-" 19 0
Jan 21 15:48:41 standalone proxy-server[128627]: 172.18.0.2 172.18.0.100 21/Jan/2026/15/48/41 PUT /v1/AUTH_1f7f7f09744f44b3a05c47b66249a4ae/gnocchi.bb463209-562f-40fd-8537-f018e52e8fb0 HTTP/1.0 201 - python-swiftclient-3.11.1 gAAAAABpcPUXwame... - - - tx042f5f69f55b470e9080b-006970f559 - 0.0259 - - 1769010521.879027128 1769010521.904885769 0
Jan 21 15:48:41 standalone container-server[126639]: 172.20.0.100 - - [21/Jan/2026:15:48:41 +0000] "HEAD /d1/399/AUTH_1f7f7f09744f44b3a05c47b66249a4ae/gnocchi.bb463209-562f-40fd-8537-f018e52e8fb0" 204 - "HEAD http://172.18.0.2:8080/v1/AUTH_1f7f7f09744f44b3a05c47b66249a4ae/gnocchi.bb463209-562f-40fd-8537-f018e52e8fb0?format=json&states=listing" "tx4edff19fd0664e5f90a22-006970f559" "proxy-server 12" 0.0020 "-" 19 0
Jan 21 15:48:41 standalone proxy-server[128627]: - - 21/Jan/2026/15/48/41 HEAD /v1/AUTH_1f7f7f09744f44b3a05c47b66249a4ae/gnocchi.bb463209-562f-40fd-8537-f018e52e8fb0%3Fformat%3Djson%26states%3Dlisting HTTP/1.0 204 - Swift - - - - tx4edff19fd0664e5f90a22-006970f559 - 0.0073 RL - 1769010521.910832167 1769010521.918123484 0
Jan 21 15:48:41 standalone container-server[126639]: 172.20.0.100 - - [21/Jan/2026:15:48:41 +0000] "GET /d1/399/AUTH_1f7f7f09744f44b3a05c47b66249a4ae/gnocchi.bb463209-562f-40fd-8537-f018e52e8fb0" 200 2 "GET http://172.18.0.2:8080/v1/AUTH_1f7f7f09744f44b3a05c47b66249a4ae/gnocchi.bb463209-562f-40fd-8537-f018e52e8fb0?format=json&states=listing" "tx4edff19fd0664e5f90a22-006970f559" "proxy-server 12" 0.0056 "-" 19 0
Jan 21 15:48:41 standalone proxy-server[128627]: 172.18.0.2 172.18.0.100 21/Jan/2026/15/48/41 GET /v1/AUTH_1f7f7f09744f44b3a05c47b66249a4ae/gnocchi.bb463209-562f-40fd-8537-f018e52e8fb0%3Fformat%3Djson%26states%3Dlisting HTTP/1.0 200 - python-swiftclient-3.11.1 gAAAAABpcPUXwame... - 2 - tx4edff19fd0664e5f90a22-006970f559 - 0.0238 - - 1769010521.909357548 1769010521.933127642 0
Jan 21 15:48:41 standalone object-server[126847]: 172.20.0.100 - - [21/Jan/2026:15:48:41 +0000] "GET /d1/787/AUTH_1f7f7f09744f44b3a05c47b66249a4ae/gnocchi.bb463209-562f-40fd-8537-f018e52e8fb0/1767960000.0_mean_300.0_v3" 404 70 "GET http://172.18.0.2:8080/v1/AUTH_1f7f7f09744f44b3a05c47b66249a4ae/gnocchi.bb463209-562f-40fd-8537-f018e52e8fb0/1767960000.0_mean_300.0_v3" "tx12ed9dea879b424eaca5f-006970f559" "proxy-server 12" 0.0005 "-" 21 0
Jan 21 15:48:41 standalone proxy-server[128627]: 172.18.0.2 172.18.0.100 21/Jan/2026/15/48/41 GET /v1/AUTH_1f7f7f09744f44b3a05c47b66249a4ae/gnocchi.bb463209-562f-40fd-8537-f018e52e8fb0/1767960000.0_mean_300.0_v3 HTTP/1.0 404 - python-swiftclient-3.11.1 gAAAAABpcPUXwame... - 70 - tx12ed9dea879b424eaca5f-006970f559 - 0.0089 - - 1769010521.937644720 1769010521.946500063 0
Jan 21 15:48:41 standalone container-server[126639]: 172.20.0.100 - - [21/Jan/2026:15:48:41 +0000] "PUT /d1/399/AUTH_1f7f7f09744f44b3a05c47b66249a4ae/gnocchi.bb463209-562f-40fd-8537-f018e52e8fb0/1767960000.0_mean_300.0_v3" 201 - "PUT http://172.18.0.2:8080/d1/787/AUTH_1f7f7f09744f44b3a05c47b66249a4ae/gnocchi.bb463209-562f-40fd-8537-f018e52e8fb0/1767960000.0_mean_300.0_v3" "tx043e95bae7c0413f8ee36-006970f559" "object-server 21" 0.0010 "-" 19 0
Jan 21 15:48:41 standalone object-server[126847]: 172.20.0.100 - - [21/Jan/2026:15:48:41 +0000] "PUT /d1/787/AUTH_1f7f7f09744f44b3a05c47b66249a4ae/gnocchi.bb463209-562f-40fd-8537-f018e52e8fb0/1767960000.0_mean_300.0_v3" 201 - "PUT http://172.18.0.2:8080/v1/AUTH_1f7f7f09744f44b3a05c47b66249a4ae/gnocchi.bb463209-562f-40fd-8537-f018e52e8fb0/1767960000.0_mean_300.0_v3" "tx043e95bae7c0413f8ee36-006970f559" "proxy-server 12" 0.0364 "-" 21 0
Jan 21 15:48:41 standalone proxy-server[128627]: 172.18.0.2 172.18.0.100 21/Jan/2026/15/48/41 PUT /v1/AUTH_1f7f7f09744f44b3a05c47b66249a4ae/gnocchi.bb463209-562f-40fd-8537-f018e52e8fb0/1767960000.0_mean_300.0_v3 HTTP/1.0 201 - python-swiftclient-3.11.1 gAAAAABpcPUXwame... 16 - - tx043e95bae7c0413f8ee36-006970f559 - 0.0448 - - 1769010521.950148821 1769010521.994947910 0
Jan 21 15:48:42 standalone container-server[126656]: 172.20.0.100 - - [21/Jan/2026:15:48:42 +0000] "PUT /d1/399/AUTH_1f7f7f09744f44b3a05c47b66249a4ae/gnocchi.bb463209-562f-40fd-8537-f018e52e8fb0/none_v3" 201 - "PUT http://172.18.0.2:8080/d1/323/AUTH_1f7f7f09744f44b3a05c47b66249a4ae/gnocchi.bb463209-562f-40fd-8537-f018e52e8fb0/none_v3" "tx03acec40af8d434ba4f13-006970f559" "object-server 22" 0.0009 "-" 22 0
Jan 21 15:48:42 standalone object-server[126849]: 172.20.0.100 - - [21/Jan/2026:15:48:42 +0000] "PUT /d1/323/AUTH_1f7f7f09744f44b3a05c47b66249a4ae/gnocchi.bb463209-562f-40fd-8537-f018e52e8fb0/none_v3" 201 - "PUT http://172.18.0.2:8080/v1/AUTH_1f7f7f09744f44b3a05c47b66249a4ae/gnocchi.bb463209-562f-40fd-8537-f018e52e8fb0/none_v3" "tx03acec40af8d434ba4f13-006970f559" "proxy-server 12" 0.0177 "-" 22 0
Jan 21 15:48:42 standalone proxy-server[128627]: 172.18.0.2 172.18.0.100 21/Jan/2026/15/48/42 PUT /v1/AUTH_1f7f7f09744f44b3a05c47b66249a4ae/gnocchi.bb463209-562f-40fd-8537-f018e52e8fb0/none_v3 HTTP/1.0 201 - python-swiftclient-3.11.1 gAAAAABpcPUXwame... 22 - - tx03acec40af8d434ba4f13-006970f559 - 0.0242 - - 1769010521.998618126 1769010522.022813559 0
Jan 21 15:48:42 standalone container-server[126650]: 172.20.0.100 - - [21/Jan/2026:15:48:42 +0000] "HEAD /d1/286/AUTH_1f7f7f09744f44b3a05c47b66249a4ae/gnocchi.2bf9e5c6-f9ab-497a-a926-90846772aa0e" 404 - "HEAD http://172.18.0.2:8080/v1/AUTH_1f7f7f09744f44b3a05c47b66249a4ae/gnocchi.2bf9e5c6-f9ab-497a-a926-90846772aa0e?format=json&states=listing" "tx3895e1629c4e4f1cac512-006970f55a" "proxy-server 12" 0.0005 "-" 20 0
Jan 21 15:48:42 standalone object-server[126849]: 172.20.0.100 - - [21/Jan/2026:15:48:42 +0000] "GET /d1/120/AUTH_1f7f7f09744f44b3a05c47b66249a4ae/gnocchi.2bf9e5c6-f9ab-497a-a926-90846772aa0e/none_v3" 404 70 "GET http://172.18.0.2:8080/v1/AUTH_1f7f7f09744f44b3a05c47b66249a4ae/gnocchi.2bf9e5c6-f9ab-497a-a926-90846772aa0e/none_v3" "tx3895e1629c4e4f1cac512-006970f55a" "proxy-server 12" 0.0013 "-" 22 0
Jan 21 15:48:42 standalone proxy-server[128627]: 172.18.0.2 172.18.0.100 21/Jan/2026/15/48/42 GET /v1/AUTH_1f7f7f09744f44b3a05c47b66249a4ae/gnocchi.2bf9e5c6-f9ab-497a-a926-90846772aa0e/none_v3 HTTP/1.0 404 - python-swiftclient-3.11.1 gAAAAABpcPUXwame... - 70 - tx3895e1629c4e4f1cac512-006970f55a - 0.0220 - - 1769010522.033007622 1769010522.055028677 0
Jan 21 15:48:42 standalone account-server[126548]: 172.20.0.100 - - [21/Jan/2026:15:48:42 +0000] "PUT /d1/424/AUTH_1f7f7f09744f44b3a05c47b66249a4ae/gnocchi.2bf9e5c6-f9ab-497a-a926-90846772aa0e" 201 - "PUT http://172.20.0.100:6001/d1/286/AUTH_1f7f7f09744f44b3a05c47b66249a4ae/gnocchi.2bf9e5c6-f9ab-497a-a926-90846772aa0e" "txbbc3888e4d39474d9f64c-006970f55a" "container-server 23" 0.0095 "-" 14 0
Jan 21 15:48:42 standalone container-server[126662]: 172.20.0.100 - - [21/Jan/2026:15:48:42 +0000] "PUT /d1/286/AUTH_1f7f7f09744f44b3a05c47b66249a4ae/gnocchi.2bf9e5c6-f9ab-497a-a926-90846772aa0e" 201 - "PUT http://172.18.0.2:8080/v1/AUTH_1f7f7f09744f44b3a05c47b66249a4ae/gnocchi.2bf9e5c6-f9ab-497a-a926-90846772aa0e" "txbbc3888e4d39474d9f64c-006970f55a" "proxy-server 12" 0.0251 "-" 23 0
Jan 21 15:48:42 standalone proxy-server[128627]: 172.18.0.2 172.18.0.100 21/Jan/2026/15/48/42 PUT /v1/AUTH_1f7f7f09744f44b3a05c47b66249a4ae/gnocchi.2bf9e5c6-f9ab-497a-a926-90846772aa0e HTTP/1.0 201 - python-swiftclient-3.11.1 gAAAAABpcPUXwame... - - - txbbc3888e4d39474d9f64c-006970f55a - 0.0325 - - 1769010522.058304548 1769010522.090784311 0
Jan 21 15:48:42 standalone container-server[126656]: 172.20.0.100 - - [21/Jan/2026:15:48:42 +0000] "HEAD /d1/286/AUTH_1f7f7f09744f44b3a05c47b66249a4ae/gnocchi.2bf9e5c6-f9ab-497a-a926-90846772aa0e" 204 - "HEAD http://172.18.0.2:8080/v1/AUTH_1f7f7f09744f44b3a05c47b66249a4ae/gnocchi.2bf9e5c6-f9ab-497a-a926-90846772aa0e?format=json&states=listing" "tx64ba79c2d94b45049ab62-006970f55a" "proxy-server 12" 0.0023 "-" 22 0
Jan 21 15:48:42 standalone proxy-server[128627]: - - 21/Jan/2026/15/48/42 HEAD /v1/AUTH_1f7f7f09744f44b3a05c47b66249a4ae/gnocchi.2bf9e5c6-f9ab-497a-a926-90846772aa0e%3Fformat%3Djson%26states%3Dlisting HTTP/1.0 204 - Swift - - - - tx64ba79c2d94b45049ab62-006970f55a - 0.0063 RL - 1769010522.094842434 1769010522.101181746 0
Jan 21 15:48:42 standalone container-server[126650]: 172.20.0.100 - - [21/Jan/2026:15:48:42 +0000] "GET /d1/286/AUTH_1f7f7f09744f44b3a05c47b66249a4ae/gnocchi.2bf9e5c6-f9ab-497a-a926-90846772aa0e" 200 2 "GET http://172.18.0.2:8080/v1/AUTH_1f7f7f09744f44b3a05c47b66249a4ae/gnocchi.2bf9e5c6-f9ab-497a-a926-90846772aa0e?format=json&states=listing" "tx64ba79c2d94b45049ab62-006970f55a" "proxy-server 12" 0.0028 "-" 20 0
Jan 21 15:48:42 standalone proxy-server[128627]: 172.18.0.2 172.18.0.100 21/Jan/2026/15/48/42 GET /v1/AUTH_1f7f7f09744f44b3a05c47b66249a4ae/gnocchi.2bf9e5c6-f9ab-497a-a926-90846772aa0e%3Fformat%3Djson%26states%3Dlisting HTTP/1.0 200 - python-swiftclient-3.11.1 gAAAAABpcPUXwame... - 2 - tx64ba79c2d94b45049ab62-006970f55a - 0.0167 - - 1769010522.093674421 1769010522.110356569 0
Jan 21 15:48:42 standalone object-server[126849]: 172.20.0.100 - - [21/Jan/2026:15:48:42 +0000] "GET /d1/490/AUTH_1f7f7f09744f44b3a05c47b66249a4ae/gnocchi.2bf9e5c6-f9ab-497a-a926-90846772aa0e/1767960000.0_mean_300.0_v3" 404 70 "GET http://172.18.0.2:8080/v1/AUTH_1f7f7f09744f44b3a05c47b66249a4ae/gnocchi.2bf9e5c6-f9ab-497a-a926-90846772aa0e/1767960000.0_mean_300.0_v3" "tx9e911103218c49f1a02bb-006970f55a" "proxy-server 12" 0.0005 "-" 22 0
Jan 21 15:48:42 standalone proxy-server[128627]: 172.18.0.2 172.18.0.100 21/Jan/2026/15/48/42 GET /v1/AUTH_1f7f7f09744f44b3a05c47b66249a4ae/gnocchi.2bf9e5c6-f9ab-497a-a926-90846772aa0e/1767960000.0_mean_300.0_v3 HTTP/1.0 404 - python-swiftclient-3.11.1 gAAAAABpcPUXwame... - 70 - tx9e911103218c49f1a02bb-006970f55a - 0.0087 - - 1769010522.114180803 1769010522.122911930 0
Jan 21 15:48:42 standalone container-server[126662]: 172.20.0.100 - - [21/Jan/2026:15:48:42 +0000] "PUT /d1/286/AUTH_1f7f7f09744f44b3a05c47b66249a4ae/gnocchi.2bf9e5c6-f9ab-497a-a926-90846772aa0e/1767960000.0_mean_300.0_v3" 201 - "PUT http://172.18.0.2:8080/d1/490/AUTH_1f7f7f09744f44b3a05c47b66249a4ae/gnocchi.2bf9e5c6-f9ab-497a-a926-90846772aa0e/1767960000.0_mean_300.0_v3" "tx13836f061b094f68bf773-006970f55a" "object-server 20" 0.0006 "-" 23 0
Jan 21 15:48:42 standalone object-server[126846]: 172.20.0.100 - - [21/Jan/2026:15:48:42 +0000] "PUT /d1/490/AUTH_1f7f7f09744f44b3a05c47b66249a4ae/gnocchi.2bf9e5c6-f9ab-497a-a926-90846772aa0e/1767960000.0_mean_300.0_v3" 201 - "PUT http://172.18.0.2:8080/v1/AUTH_1f7f7f09744f44b3a05c47b66249a4ae/gnocchi.2bf9e5c6-f9ab-497a-a926-90846772aa0e/1767960000.0_mean_300.0_v3" "tx13836f061b094f68bf773-006970f55a" "proxy-server 12" 0.0155 "-" 20 0
Jan 21 15:48:42 standalone proxy-server[128627]: 172.18.0.2 172.18.0.100 21/Jan/2026/15/48/42 PUT /v1/AUTH_1f7f7f09744f44b3a05c47b66249a4ae/gnocchi.2bf9e5c6-f9ab-497a-a926-90846772aa0e/1767960000.0_mean_300.0_v3 HTTP/1.0 201 - python-swiftclient-3.11.1 gAAAAABpcPUXwame... 16 - - tx13836f061b094f68bf773-006970f55a - 0.0233 - - 1769010522.127322674 1769010522.150613070 0
Jan 21 15:48:42 standalone container-server[126650]: 172.20.0.100 - - [21/Jan/2026:15:48:42 +0000] "PUT /d1/286/AUTH_1f7f7f09744f44b3a05c47b66249a4ae/gnocchi.2bf9e5c6-f9ab-497a-a926-90846772aa0e/none_v3" 201 - "PUT http://172.18.0.2:8080/d1/120/AUTH_1f7f7f09744f44b3a05c47b66249a4ae/gnocchi.2bf9e5c6-f9ab-497a-a926-90846772aa0e/none_v3" "tx8954041169c545e59f1d4-006970f55a" "object-server 20" 0.0013 "-" 20 0
Jan 21 15:48:42 standalone object-server[126846]: 172.20.0.100 - - [21/Jan/2026:15:48:42 +0000] "PUT /d1/120/AUTH_1f7f7f09744f44b3a05c47b66249a4ae/gnocchi.2bf9e5c6-f9ab-497a-a926-90846772aa0e/none_v3" 201 - "PUT http://172.18.0.2:8080/v1/AUTH_1f7f7f09744f44b3a05c47b66249a4ae/gnocchi.2bf9e5c6-f9ab-497a-a926-90846772aa0e/none_v3" "tx8954041169c545e59f1d4-006970f55a" "proxy-server 12" 0.0140 "-" 20 0
Jan 21 15:48:42 standalone proxy-server[128627]: 172.18.0.2 172.18.0.100 21/Jan/2026/15/48/42 PUT /v1/AUTH_1f7f7f09744f44b3a05c47b66249a4ae/gnocchi.2bf9e5c6-f9ab-497a-a926-90846772aa0e/none_v3 HTTP/1.0 201 - python-swiftclient-3.11.1 gAAAAABpcPUXwame... 22 - - tx8954041169c545e59f1d4-006970f55a - 0.0229 - - 1769010522.155257702 1769010522.178120613 0
Jan 21 15:48:42 standalone container-server[126662]: 172.20.0.100 - - [21/Jan/2026:15:48:42 +0000] "HEAD /d1/679/AUTH_1f7f7f09744f44b3a05c47b66249a4ae/gnocchi.e7aa5c0d-73c9-4d40-811f-67d4afe79db8" 404 - "HEAD http://172.18.0.2:8080/v1/AUTH_1f7f7f09744f44b3a05c47b66249a4ae/gnocchi.e7aa5c0d-73c9-4d40-811f-67d4afe79db8?format=json&states=listing" "tx99a69691fb654791b221e-006970f55a" "proxy-server 12" 0.0011 "-" 23 0
Jan 21 15:48:42 standalone object-server[126847]: 172.20.0.100 - - [21/Jan/2026:15:48:42 +0000] "GET /d1/153/AUTH_1f7f7f09744f44b3a05c47b66249a4ae/gnocchi.e7aa5c0d-73c9-4d40-811f-67d4afe79db8/none_v3" 404 70 "GET http://172.18.0.2:8080/v1/AUTH_1f7f7f09744f44b3a05c47b66249a4ae/gnocchi.e7aa5c0d-73c9-4d40-811f-67d4afe79db8/none_v3" "tx99a69691fb654791b221e-006970f55a" "proxy-server 12" 0.0009 "-" 21 0
Jan 21 15:48:42 standalone proxy-server[128627]: 172.18.0.2 172.18.0.100 21/Jan/2026/15/48/42 GET /v1/AUTH_1f7f7f09744f44b3a05c47b66249a4ae/gnocchi.e7aa5c0d-73c9-4d40-811f-67d4afe79db8/none_v3 HTTP/1.0 404 - python-swiftclient-3.11.1 gAAAAABpcPUXwame... - 70 - tx99a69691fb654791b221e-006970f55a - 0.0191 - - 1769010522.191651106 1769010522.210757017 0
Jan 21 15:48:42 standalone account-server[126563]: 172.20.0.100 - - [21/Jan/2026:15:48:42 +0000] "PUT /d1/424/AUTH_1f7f7f09744f44b3a05c47b66249a4ae/gnocchi.e7aa5c0d-73c9-4d40-811f-67d4afe79db8" 201 - "PUT http://172.20.0.100:6001/d1/679/AUTH_1f7f7f09744f44b3a05c47b66249a4ae/gnocchi.e7aa5c0d-73c9-4d40-811f-67d4afe79db8" "txb3cbff2c217b4a2cb9df7-006970f55a" "container-server 19" 0.0061 "-" 15 0
Jan 21 15:48:42 standalone container-server[126639]: 172.20.0.100 - - [21/Jan/2026:15:48:42 +0000] "PUT /d1/679/AUTH_1f7f7f09744f44b3a05c47b66249a4ae/gnocchi.e7aa5c0d-73c9-4d40-811f-67d4afe79db8" 201 - "PUT http://172.18.0.2:8080/v1/AUTH_1f7f7f09744f44b3a05c47b66249a4ae/gnocchi.e7aa5c0d-73c9-4d40-811f-67d4afe79db8" "txb3cbff2c217b4a2cb9df7-006970f55a" "proxy-server 12" 0.0273 "-" 19 0
Jan 21 15:48:42 standalone proxy-server[128627]: 172.18.0.2 172.18.0.100 21/Jan/2026/15/48/42 PUT /v1/AUTH_1f7f7f09744f44b3a05c47b66249a4ae/gnocchi.e7aa5c0d-73c9-4d40-811f-67d4afe79db8 HTTP/1.0 201 - python-swiftclient-3.11.1 gAAAAABpcPUXwame... - - - txb3cbff2c217b4a2cb9df7-006970f55a - 0.0350 - - 1769010522.214711666 1769010522.249723196 0
Jan 21 15:48:42 standalone container-server[126662]: 172.20.0.100 - - [21/Jan/2026:15:48:42 +0000] "HEAD /d1/679/AUTH_1f7f7f09744f44b3a05c47b66249a4ae/gnocchi.e7aa5c0d-73c9-4d40-811f-67d4afe79db8" 204 - "HEAD http://172.18.0.2:8080/v1/AUTH_1f7f7f09744f44b3a05c47b66249a4ae/gnocchi.e7aa5c0d-73c9-4d40-811f-67d4afe79db8?format=json&states=listing" "txead3bdd66ff444aeb6c0e-006970f55a" "proxy-server 12" 0.0032 "-" 23 0
Jan 21 15:48:42 standalone proxy-server[128627]: - - 21/Jan/2026/15/48/42 HEAD /v1/AUTH_1f7f7f09744f44b3a05c47b66249a4ae/gnocchi.e7aa5c0d-73c9-4d40-811f-67d4afe79db8%3Fformat%3Djson%26states%3Dlisting HTTP/1.0 204 - Swift - - - - txead3bdd66ff444aeb6c0e-006970f55a - 0.0105 RL - 1769010522.258195162 1769010522.268742323 0
Jan 21 15:48:42 standalone container-server[126650]: 172.20.0.100 - - [21/Jan/2026:15:48:42 +0000] "GET /d1/679/AUTH_1f7f7f09744f44b3a05c47b66249a4ae/gnocchi.e7aa5c0d-73c9-4d40-811f-67d4afe79db8" 200 2 "GET http://172.18.0.2:8080/v1/AUTH_1f7f7f09744f44b3a05c47b66249a4ae/gnocchi.e7aa5c0d-73c9-4d40-811f-67d4afe79db8?format=json&states=listing" "txead3bdd66ff444aeb6c0e-006970f55a" "proxy-server 12" 0.0042 "-" 20 0
