Jan 21 15:49:39 standalone container-server[126639]: 172.20.0.100 - - [21/Jan/2026:15:49:39 +0000] "PUT /d1/1018/AUTH_1f7f7f09744f44b3a05c47b66249a4ae/gnocchi.b3c8365d-45f3-48d7-a8d3-a044ec55affa/none_v3" 201 - "PUT http://172.18.0.2:8080/d1/131/AUTH_1f7f7f09744f44b3a05c47b66249a4ae/gnocchi.b3c8365d-45f3-48d7-a8d3-a044ec55affa/none_v3" "tx25a26046c99b45a99bebe-006970f593" "object-server 20" 0.0005 "-" 19 0
Jan 21 15:49:39 standalone object-server[126846]: 172.20.0.100 - - [21/Jan/2026:15:49:39 +0000] "PUT /d1/131/AUTH_1f7f7f09744f44b3a05c47b66249a4ae/gnocchi.b3c8365d-45f3-48d7-a8d3-a044ec55affa/none_v3" 201 - "PUT http://172.18.0.2:8080/v1/AUTH_1f7f7f09744f44b3a05c47b66249a4ae/gnocchi.b3c8365d-45f3-48d7-a8d3-a044ec55affa/none_v3" "tx25a26046c99b45a99bebe-006970f593" "proxy-server 12" 0.0127 "-" 20 0
Jan 21 15:49:39 standalone proxy-server[128627]: 172.18.0.2 172.18.0.100 21/Jan/2026/15/49/39 PUT /v1/AUTH_1f7f7f09744f44b3a05c47b66249a4ae/gnocchi.b3c8365d-45f3-48d7-a8d3-a044ec55affa/none_v3 HTTP/1.0 201 - python-swiftclient-3.11.1 gAAAAABpcPUXwame... 48 - - tx25a26046c99b45a99bebe-006970f593 - 0.0192 - - 1769010579.091971874 1769010579.111130714 0
Jan 21 15:49:39 standalone object-server[126846]: 172.20.0.100 - - [21/Jan/2026:15:49:39 +0000] "GET /d1/90/AUTH_1f7f7f09744f44b3a05c47b66249a4ae/gnocchi.697ae040-805d-4012-a5b4-f22a24c6bcb4/none_v3" 200 33 "GET http://172.18.0.2:8080/v1/AUTH_1f7f7f09744f44b3a05c47b66249a4ae/gnocchi.697ae040-805d-4012-a5b4-f22a24c6bcb4/none_v3" "txbc71b1a8083043e9b1d1f-006970f593" "proxy-server 12" 0.0005 "-" 20 0
Jan 21 15:49:39 standalone proxy-server[128627]: 172.18.0.2 172.18.0.100 21/Jan/2026/15/49/39 GET /v1/AUTH_1f7f7f09744f44b3a05c47b66249a4ae/gnocchi.697ae040-805d-4012-a5b4-f22a24c6bcb4/none_v3 HTTP/1.0 200 - python-swiftclient-3.11.1 gAAAAABpcPUXwame... - 33 - txbc71b1a8083043e9b1d1f-006970f593 - 0.0065 - - 1769010579.122626543 1769010579.129137993 0
Jan 21 15:49:39 standalone container-server[126656]: 172.20.0.100 - - [21/Jan/2026:15:49:39 +0000] "GET /d1/320/AUTH_1f7f7f09744f44b3a05c47b66249a4ae/gnocchi.697ae040-805d-4012-a5b4-f22a24c6bcb4" 200 357 "GET http://172.18.0.2:8080/v1/AUTH_1f7f7f09744f44b3a05c47b66249a4ae/gnocchi.697ae040-805d-4012-a5b4-f22a24c6bcb4?format=json&states=listing" "tx1cc0146b63ce4737a0eb4-006970f593" "proxy-server 12" 0.0063 "-" 22 0
Jan 21 15:49:39 standalone proxy-server[128627]: 172.18.0.2 172.18.0.100 21/Jan/2026/15/49/39 GET /v1/AUTH_1f7f7f09744f44b3a05c47b66249a4ae/gnocchi.697ae040-805d-4012-a5b4-f22a24c6bcb4%3Fformat%3Djson%26states%3Dlisting HTTP/1.0 200 - python-swiftclient-3.11.1 gAAAAABpcPUXwame... - 357 - tx1cc0146b63ce4737a0eb4-006970f593 - 0.0141 - - 1769010579.131696939 1769010579.145783186 0
Jan 21 15:49:39 standalone container-server[126662]: 172.20.0.100 - - [21/Jan/2026:15:49:39 +0000] "GET /d1/320/AUTH_1f7f7f09744f44b3a05c47b66249a4ae/gnocchi.697ae040-805d-4012-a5b4-f22a24c6bcb4" 200 2 "GET http://172.18.0.2:8080/v1/AUTH_1f7f7f09744f44b3a05c47b66249a4ae/gnocchi.697ae040-805d-4012-a5b4-f22a24c6bcb4?format=json&marker=none_v3&states=listing" "tx7c09cccfbe1c41518d6a8-006970f593" "proxy-server 12" 0.0023 "-" 23 0
Jan 21 15:49:39 standalone proxy-server[128627]: 172.18.0.2 172.18.0.100 21/Jan/2026/15/49/39 GET /v1/AUTH_1f7f7f09744f44b3a05c47b66249a4ae/gnocchi.697ae040-805d-4012-a5b4-f22a24c6bcb4%3Fformat%3Djson%26marker%3Dnone_v3%26states%3Dlisting HTTP/1.0 200 - python-swiftclient-3.11.1 gAAAAABpcPUXwame... - 2 - tx7c09cccfbe1c41518d6a8-006970f593 - 0.0118 - - 1769010579.151909590 1769010579.163710117 0
Jan 21 15:49:39 standalone object-server[126847]: 172.20.0.100 - - [21/Jan/2026:15:49:39 +0000] "GET /d1/581/AUTH_1f7f7f09744f44b3a05c47b66249a4ae/gnocchi.697ae040-805d-4012-a5b4-f22a24c6bcb4/1767960000.0_mean_300.0_v3" 200 16 "GET http://172.18.0.2:8080/v1/AUTH_1f7f7f09744f44b3a05c47b66249a4ae/gnocchi.697ae040-805d-4012-a5b4-f22a24c6bcb4/1767960000.0_mean_300.0_v3" "txee731e3a27dc47798c771-006970f593" "proxy-server 12" 0.0014 "-" 21 0
Jan 21 15:49:39 standalone proxy-server[128627]: 172.18.0.2 172.18.0.100 21/Jan/2026/15/49/39 GET /v1/AUTH_1f7f7f09744f44b3a05c47b66249a4ae/gnocchi.697ae040-805d-4012-a5b4-f22a24c6bcb4/1767960000.0_mean_300.0_v3 HTTP/1.0 200 - python-swiftclient-3.11.1 gAAAAABpcPUXwame... - 16 - txee731e3a27dc47798c771-006970f593 - 0.0207 - - 1769010579.169441938 1769010579.190174103 0
Jan 21 15:49:39 standalone container-server[126662]: 172.20.0.100 - - [21/Jan/2026:15:49:39 +0000] "PUT /d1/320/AUTH_1f7f7f09744f44b3a05c47b66249a4ae/gnocchi.697ae040-805d-4012-a5b4-f22a24c6bcb4/1767960000.0_mean_300.0_v3" 201 - "PUT http://172.18.0.2:8080/d1/581/AUTH_1f7f7f09744f44b3a05c47b66249a4ae/gnocchi.697ae040-805d-4012-a5b4-f22a24c6bcb4/1767960000.0_mean_300.0_v3" "txbd1c068b4f724aa1951a2-006970f593" "object-server 22" 0.0008 "-" 23 0
Jan 21 15:49:39 standalone object-server[126849]: 172.20.0.100 - - [21/Jan/2026:15:49:39 +0000] "PUT /d1/581/AUTH_1f7f7f09744f44b3a05c47b66249a4ae/gnocchi.697ae040-805d-4012-a5b4-f22a24c6bcb4/1767960000.0_mean_300.0_v3" 201 - "PUT http://172.18.0.2:8080/v1/AUTH_1f7f7f09744f44b3a05c47b66249a4ae/gnocchi.697ae040-805d-4012-a5b4-f22a24c6bcb4/1767960000.0_mean_300.0_v3" "txbd1c068b4f724aa1951a2-006970f593" "proxy-server 12" 0.0667 "-" 22 0
Jan 21 15:49:39 standalone proxy-server[128627]: 172.18.0.2 172.18.0.100 21/Jan/2026/15/49/39 PUT /v1/AUTH_1f7f7f09744f44b3a05c47b66249a4ae/gnocchi.697ae040-805d-4012-a5b4-f22a24c6bcb4/1767960000.0_mean_300.0_v3 HTTP/1.0 201 - python-swiftclient-3.11.1 gAAAAABpcPUXwame... 16 - - txbd1c068b4f724aa1951a2-006970f593 - 0.0731 - - 1769010579.194786072 1769010579.267933846 0
Jan 21 15:49:39 standalone container-server[126639]: 172.20.0.100 - - [21/Jan/2026:15:49:39 +0000] "PUT /d1/320/AUTH_1f7f7f09744f44b3a05c47b66249a4ae/gnocchi.697ae040-805d-4012-a5b4-f22a24c6bcb4/none_v3" 201 - "PUT http://172.18.0.2:8080/d1/90/AUTH_1f7f7f09744f44b3a05c47b66249a4ae/gnocchi.697ae040-805d-4012-a5b4-f22a24c6bcb4/none_v3" "txaf803e674ca545378a2b8-006970f593" "object-server 23" 0.0008 "-" 19 0
Jan 21 15:49:39 standalone object-server[126861]: 172.20.0.100 - - [21/Jan/2026:15:49:39 +0000] "PUT /d1/90/AUTH_1f7f7f09744f44b3a05c47b66249a4ae/gnocchi.697ae040-805d-4012-a5b4-f22a24c6bcb4/none_v3" 201 - "PUT http://172.18.0.2:8080/v1/AUTH_1f7f7f09744f44b3a05c47b66249a4ae/gnocchi.697ae040-805d-4012-a5b4-f22a24c6bcb4/none_v3" "txaf803e674ca545378a2b8-006970f593" "proxy-server 12" 0.0162 "-" 23 0
Jan 21 15:49:39 standalone proxy-server[128627]: 172.18.0.2 172.18.0.100 21/Jan/2026/15/49/39 PUT /v1/AUTH_1f7f7f09744f44b3a05c47b66249a4ae/gnocchi.697ae040-805d-4012-a5b4-f22a24c6bcb4/none_v3 HTTP/1.0 201 - python-swiftclient-3.11.1 gAAAAABpcPUXwame... 48 - - txaf803e674ca545378a2b8-006970f593 - 0.0256 - - 1769010579.282256603 1769010579.307820082 0
Jan 21 15:49:40 standalone object-server[126861]: 172.20.0.100 - - [21/Jan/2026:15:49:40 +0000] "GET /d1/649/AUTH_1f7f7f09744f44b3a05c47b66249a4ae/gnocchi.fcc39135-50f3-40e8-99a1-9756076df057/none_v3" 200 22 "GET http://172.18.0.2:8080/v1/AUTH_1f7f7f09744f44b3a05c47b66249a4ae/gnocchi.fcc39135-50f3-40e8-99a1-9756076df057/none_v3" "tx149662111b90463aba8ed-006970f594" "proxy-server 12" 0.0008 "-" 23 0
Jan 21 15:49:40 standalone proxy-server[128627]: 172.18.0.2 172.18.0.100 21/Jan/2026/15/49/40 GET /v1/AUTH_1f7f7f09744f44b3a05c47b66249a4ae/gnocchi.fcc39135-50f3-40e8-99a1-9756076df057/none_v3 HTTP/1.0 200 - python-swiftclient-3.11.1 gAAAAABpcPUXwame... - 22 - tx149662111b90463aba8ed-006970f594 - 0.0064 - - 1769010580.742841959 1769010580.749251366 0
Jan 21 15:49:40 standalone container-server[126656]: 172.20.0.100 - - [21/Jan/2026:15:49:40 +0000] "GET /d1/416/AUTH_1f7f7f09744f44b3a05c47b66249a4ae/gnocchi.fcc39135-50f3-40e8-99a1-9756076df057" 200 357 "GET http://172.18.0.2:8080/v1/AUTH_1f7f7f09744f44b3a05c47b66249a4ae/gnocchi.fcc39135-50f3-40e8-99a1-9756076df057?format=json&states=listing" "tx066c74ad5f354ccea8ab3-006970f594" "proxy-server 12" 0.0080 "-" 22 0
Jan 21 15:49:40 standalone proxy-server[128627]: 172.18.0.2 172.18.0.100 21/Jan/2026/15/49/40 GET /v1/AUTH_1f7f7f09744f44b3a05c47b66249a4ae/gnocchi.fcc39135-50f3-40e8-99a1-9756076df057%3Fformat%3Djson%26states%3Dlisting HTTP/1.0 200 - python-swiftclient-3.11.1 gAAAAABpcPUXwame... - 357 - tx066c74ad5f354ccea8ab3-006970f594 - 0.0140 - - 1769010580.752016306 1769010580.765990973 0
Jan 21 15:49:40 standalone container-server[126650]: 172.20.0.100 - - [21/Jan/2026:15:49:40 +0000] "GET /d1/416/AUTH_1f7f7f09744f44b3a05c47b66249a4ae/gnocchi.fcc39135-50f3-40e8-99a1-9756076df057" 200 2 "GET http://172.18.0.2:8080/v1/AUTH_1f7f7f09744f44b3a05c47b66249a4ae/gnocchi.fcc39135-50f3-40e8-99a1-9756076df057?format=json&marker=none_v3&states=listing" "txe9d603f135fe464c98696-006970f594" "proxy-server 12" 0.0023 "-" 20 0
Jan 21 15:49:40 standalone proxy-server[128627]: 172.18.0.2 172.18.0.100 21/Jan/2026/15/49/40 GET /v1/AUTH_1f7f7f09744f44b3a05c47b66249a4ae/gnocchi.fcc39135-50f3-40e8-99a1-9756076df057%3Fformat%3Djson%26marker%3Dnone_v3%26states%3Dlisting HTTP/1.0 200 - python-swiftclient-3.11.1 gAAAAABpcPUXwame... - 2 - txe9d603f135fe464c98696-006970f594 - 0.0071 - - 1769010580.767943621 1769010580.775067806 0
Jan 21 15:49:40 standalone object-server[126846]: 172.20.0.100 - - [21/Jan/2026:15:49:40 +0000] "GET /d1/98/AUTH_1f7f7f09744f44b3a05c47b66249a4ae/gnocchi.fcc39135-50f3-40e8-99a1-9756076df057/1767960000.0_mean_300.0_v3" 200 16 "GET http://172.18.0.2:8080/v1/AUTH_1f7f7f09744f44b3a05c47b66249a4ae/gnocchi.fcc39135-50f3-40e8-99a1-9756076df057/1767960000.0_mean_300.0_v3" "tx82e28cd0faf74251b740d-006970f594" "proxy-server 12" 0.0007 "-" 20 0
Jan 21 15:49:40 standalone proxy-server[128627]: 172.18.0.2 172.18.0.100 21/Jan/2026/15/49/40 GET /v1/AUTH_1f7f7f09744f44b3a05c47b66249a4ae/gnocchi.fcc39135-50f3-40e8-99a1-9756076df057/1767960000.0_mean_300.0_v3 HTTP/1.0 200 - python-swiftclient-3.11.1 gAAAAABpcPUXwame... - 16 - tx82e28cd0faf74251b740d-006970f594 - 0.0053 - - 1769010580.777870417 1769010580.783128500 0
Jan 21 15:49:40 standalone container-server[126650]: 172.20.0.100 - - [21/Jan/2026:15:49:40 +0000] "PUT /d1/416/AUTH_1f7f7f09744f44b3a05c47b66249a4ae/gnocchi.fcc39135-50f3-40e8-99a1-9756076df057/1767960000.0_mean_300.0_v3" 201 - "PUT http://172.18.0.2:8080/d1/98/AUTH_1f7f7f09744f44b3a05c47b66249a4ae/gnocchi.fcc39135-50f3-40e8-99a1-9756076df057/1767960000.0_mean_300.0_v3" "tx749d160daa5a4401aafc8-006970f594" "object-server 21" 0.0005 "-" 20 0
Jan 21 15:49:40 standalone object-server[126847]: 172.20.0.100 - - [21/Jan/2026:15:49:40 +0000] "PUT /d1/98/AUTH_1f7f7f09744f44b3a05c47b66249a4ae/gnocchi.fcc39135-50f3-40e8-99a1-9756076df057/1767960000.0_mean_300.0_v3" 201 - "PUT http://172.18.0.2:8080/v1/AUTH_1f7f7f09744f44b3a05c47b66249a4ae/gnocchi.fcc39135-50f3-40e8-99a1-9756076df057/1767960000.0_mean_300.0_v3" "tx749d160daa5a4401aafc8-006970f594" "proxy-server 12" 0.0113 "-" 21 0
Jan 21 15:49:40 standalone proxy-server[128627]: 172.18.0.2 172.18.0.100 21/Jan/2026/15/49/40 PUT /v1/AUTH_1f7f7f09744f44b3a05c47b66249a4ae/gnocchi.fcc39135-50f3-40e8-99a1-9756076df057/1767960000.0_mean_300.0_v3 HTTP/1.0 201 - python-swiftclient-3.11.1 gAAAAABpcPUXwame... 16 - - tx749d160daa5a4401aafc8-006970f594 - 0.0170 - - 1769010580.785530329 1769010580.802507162 0
Jan 21 15:49:40 standalone container-server[126650]: 172.20.0.100 - - [21/Jan/2026:15:49:40 +0000] "PUT /d1/416/AUTH_1f7f7f09744f44b3a05c47b66249a4ae/gnocchi.fcc39135-50f3-40e8-99a1-9756076df057/none_v3" 201 - "PUT http://172.18.0.2:8080/d1/649/AUTH_1f7f7f09744f44b3a05c47b66249a4ae/gnocchi.fcc39135-50f3-40e8-99a1-9756076df057/none_v3" "tx50f4714774ef4373bed7a-006970f594" "object-server 22" 0.0004 "-" 20 0
Jan 21 15:49:40 standalone object-server[126849]: 172.20.0.100 - - [21/Jan/2026:15:49:40 +0000] "PUT /d1/649/AUTH_1f7f7f09744f44b3a05c47b66249a4ae/gnocchi.fcc39135-50f3-40e8-99a1-9756076df057/none_v3" 201 - "PUT http://172.18.0.2:8080/v1/AUTH_1f7f7f09744f44b3a05c47b66249a4ae/gnocchi.fcc39135-50f3-40e8-99a1-9756076df057/none_v3" "tx50f4714774ef4373bed7a-006970f594" "proxy-server 12" 0.0098 "-" 22 0
Jan 21 15:49:40 standalone proxy-server[128627]: 172.18.0.2 172.18.0.100 21/Jan/2026/15/49/40 PUT /v1/AUTH_1f7f7f09744f44b3a05c47b66249a4ae/gnocchi.fcc39135-50f3-40e8-99a1-9756076df057/none_v3 HTTP/1.0 201 - python-swiftclient-3.11.1 gAAAAABpcPUXwame... 31 - - tx50f4714774ef4373bed7a-006970f594 - 0.0155 - - 1769010580.805099964 1769010580.820609331 0
Jan 21 15:49:48 standalone account-server[126567]: 172.20.0.100 - - [21/Jan/2026:15:49:48 +0000] "HEAD /d1/424/AUTH_1f7f7f09744f44b3a05c47b66249a4ae" 204 - "HEAD http://172.18.0.2:8080/v1/AUTH_1f7f7f09744f44b3a05c47b66249a4ae?format=json" "txe32dcd4e6a6d4172a6c19-006970f59c" "proxy-server 12" 0.0068 "-" 16 -
Jan 21 15:49:48 standalone proxy-server[128627]: - - 21/Jan/2026/15/49/48 HEAD /v1/AUTH_1f7f7f09744f44b3a05c47b66249a4ae%3Fformat%3Djson HTTP/1.0 204 - Swift - - - - txe32dcd4e6a6d4172a6c19-006970f59c - 0.0103 RL - 1769010588.682749033 1769010588.693006992 -
Jan 21 15:49:48 standalone object-server[126849]: 172.20.0.100 - - [21/Jan/2026:15:49:48 +0000] "GET /d1/649/AUTH_1f7f7f09744f44b3a05c47b66249a4ae/gnocchi.fcc39135-50f3-40e8-99a1-9756076df057/none_v3" 200 31 "GET http://172.18.0.2:8080/v1/AUTH_1f7f7f09744f44b3a05c47b66249a4ae/gnocchi.fcc39135-50f3-40e8-99a1-9756076df057/none_v3" "txe32dcd4e6a6d4172a6c19-006970f59c" "proxy-server 12" 0.0011 "-" 22 0
Jan 21 15:49:48 standalone proxy-server[128627]: 172.18.0.2 172.18.0.100 21/Jan/2026/15/49/48 GET /v1/AUTH_1f7f7f09744f44b3a05c47b66249a4ae/gnocchi.fcc39135-50f3-40e8-99a1-9756076df057/none_v3 HTTP/1.0 200 - python-swiftclient-3.11.1 gAAAAABpcPUXwame... - 31 - txe32dcd4e6a6d4172a6c19-006970f59c - 0.0179 - - 1769010588.681952953 1769010588.699893236 0
Jan 21 15:49:48 standalone container-server[126662]: 172.20.0.100 - - [21/Jan/2026:15:49:48 +0000] "GET /d1/416/AUTH_1f7f7f09744f44b3a05c47b66249a4ae/gnocchi.fcc39135-50f3-40e8-99a1-9756076df057" 200 357 "GET http://172.18.0.2:8080/v1/AUTH_1f7f7f09744f44b3a05c47b66249a4ae/gnocchi.fcc39135-50f3-40e8-99a1-9756076df057?format=json&states=listing" "tx4c9635bc61ff44f3a0caf-006970f59c" "proxy-server 12" 0.0079 "-" 23 0
Jan 21 15:49:48 standalone proxy-server[128627]: 172.18.0.2 172.18.0.100 21/Jan/2026/15/49/48 GET /v1/AUTH_1f7f7f09744f44b3a05c47b66249a4ae/gnocchi.fcc39135-50f3-40e8-99a1-9756076df057%3Fformat%3Djson%26states%3Dlisting HTTP/1.0 200 - python-swiftclient-3.11.1 gAAAAABpcPUXwame... - 357 - tx4c9635bc61ff44f3a0caf-006970f59c - 0.0127 - - 1769010588.704516411 1769010588.717246532 0
Jan 21 15:49:48 standalone container-server[126662]: 172.20.0.100 - - [21/Jan/2026:15:49:48 +0000] "GET /d1/416/AUTH_1f7f7f09744f44b3a05c47b66249a4ae/gnocchi.fcc39135-50f3-40e8-99a1-9756076df057" 200 2 "GET http://172.18.0.2:8080/v1/AUTH_1f7f7f09744f44b3a05c47b66249a4ae/gnocchi.fcc39135-50f3-40e8-99a1-9756076df057?format=json&marker=none_v3&states=listing" "txe71bcdda63714833a7e0b-006970f59c" "proxy-server 12" 0.0020 "-" 23 0
Jan 21 15:49:48 standalone proxy-server[128627]: 172.18.0.2 172.18.0.100 21/Jan/2026/15/49/48 GET /v1/AUTH_1f7f7f09744f44b3a05c47b66249a4ae/gnocchi.fcc39135-50f3-40e8-99a1-9756076df057%3Fformat%3Djson%26marker%3Dnone_v3%26states%3Dlisting HTTP/1.0 200 - python-swiftclient-3.11.1 gAAAAABpcPUXwame... - 2 - txe71bcdda63714833a7e0b-006970f59c - 0.0059 - - 1769010588.720230818 1769010588.726180077 0
Jan 21 15:49:48 standalone object-server[126846]: 172.20.0.100 - - [21/Jan/2026:15:49:48 +0000] "GET /d1/98/AUTH_1f7f7f09744f44b3a05c47b66249a4ae/gnocchi.fcc39135-50f3-40e8-99a1-9756076df057/1767960000.0_mean_300.0_v3" 200 16 "GET http://172.18.0.2:8080/v1/AUTH_1f7f7f09744f44b3a05c47b66249a4ae/gnocchi.fcc39135-50f3-40e8-99a1-9756076df057/1767960000.0_mean_300.0_v3" "txc14762441c9e49a581949-006970f59c" "proxy-server 12" 0.0006 "-" 20 0
Jan 21 15:49:48 standalone proxy-server[128627]: 172.18.0.2 172.18.0.100 21/Jan/2026/15/49/48 GET /v1/AUTH_1f7f7f09744f44b3a05c47b66249a4ae/gnocchi.fcc39135-50f3-40e8-99a1-9756076df057/1767960000.0_mean_300.0_v3 HTTP/1.0 200 - python-swiftclient-3.11.1 gAAAAABpcPUXwame... - 16 - txc14762441c9e49a581949-006970f59c - 0.0050 - - 1769010588.732477665 1769010588.737472057 0
Jan 21 15:49:48 standalone container-server[126639]: 172.20.0.100 - - [21/Jan/2026:15:49:48 +0000] "PUT /d1/416/AUTH_1f7f7f09744f44b3a05c47b66249a4ae/gnocchi.fcc39135-50f3-40e8-99a1-9756076df057/1767960000.0_mean_300.0_v3" 201 - "PUT http://172.18.0.2:8080/d1/98/AUTH_1f7f7f09744f44b3a05c47b66249a4ae/gnocchi.fcc39135-50f3-40e8-99a1-9756076df057/1767960000.0_mean_300.0_v3" "txb350c3ce9c7247e498a21-006970f59c" "object-server 21" 0.0006 "-" 19 0
Jan 21 15:49:48 standalone object-server[126847]: 172.20.0.100 - - [21/Jan/2026:15:49:48 +0000] "PUT /d1/98/AUTH_1f7f7f09744f44b3a05c47b66249a4ae/gnocchi.fcc39135-50f3-40e8-99a1-9756076df057/1767960000.0_mean_300.0_v3" 201 - "PUT http://172.18.0.2:8080/v1/AUTH_1f7f7f09744f44b3a05c47b66249a4ae/gnocchi.fcc39135-50f3-40e8-99a1-9756076df057/1767960000.0_mean_300.0_v3" "txb350c3ce9c7247e498a21-006970f59c" "proxy-server 12" 0.0166 "-" 21 0
Jan 21 15:49:48 standalone proxy-server[128627]: 172.18.0.2 172.18.0.100 21/Jan/2026/15/49/48 PUT /v1/AUTH_1f7f7f09744f44b3a05c47b66249a4ae/gnocchi.fcc39135-50f3-40e8-99a1-9756076df057/1767960000.0_mean_300.0_v3 HTTP/1.0 201 - python-swiftclient-3.11.1 gAAAAABpcPUXwame... 16 - - txb350c3ce9c7247e498a21-006970f59c - 0.0212 - - 1769010588.742382526 1769010588.763558388 0
Jan 21 15:49:48 standalone container-server[126650]: 172.20.0.100 - - [21/Jan/2026:15:49:48 +0000] "PUT /d1/416/AUTH_1f7f7f09744f44b3a05c47b66249a4ae/gnocchi.fcc39135-50f3-40e8-99a1-9756076df057/none_v3" 201 - "PUT http://172.18.0.2:8080/d1/649/AUTH_1f7f7f09744f44b3a05c47b66249a4ae/gnocchi.fcc39135-50f3-40e8-99a1-9756076df057/none_v3" "tx5c6ef565873648848653b-006970f59c" "object-server 20" 0.0004 "-" 20 0
Jan 21 15:49:48 standalone object-server[126846]: 172.20.0.100 - - [21/Jan/2026:15:49:48 +0000] "PUT /d1/649/AUTH_1f7f7f09744f44b3a05c47b66249a4ae/gnocchi.fcc39135-50f3-40e8-99a1-9756076df057/none_v3" 201 - "PUT http://172.18.0.2:8080/v1/AUTH_1f7f7f09744f44b3a05c47b66249a4ae/gnocchi.fcc39135-50f3-40e8-99a1-9756076df057/none_v3" "tx5c6ef565873648848653b-006970f59c" "proxy-server 12" 0.0099 "-" 20 0
Jan 21 15:49:48 standalone proxy-server[128627]: 172.18.0.2 172.18.0.100 21/Jan/2026/15/49/48 PUT /v1/AUTH_1f7f7f09744f44b3a05c47b66249a4ae/gnocchi.fcc39135-50f3-40e8-99a1-9756076df057/none_v3 HTTP/1.0 201 - python-swiftclient-3.11.1 gAAAAABpcPUXwame... 46 - - tx5c6ef565873648848653b-006970f59c - 0.0137 - - 1769010588.766963005 1769010588.780638218 0
Jan 21 15:49:49 standalone object-server[126847]: 172.20.0.100 - - [21/Jan/2026:15:49:49 +0000] "GET /d1/649/AUTH_1f7f7f09744f44b3a05c47b66249a4ae/gnocchi.fcc39135-50f3-40e8-99a1-9756076df057/none_v3" 200 46 "GET http://172.18.0.2:8080/v1/AUTH_1f7f7f09744f44b3a05c47b66249a4ae/gnocchi.fcc39135-50f3-40e8-99a1-9756076df057/none_v3" "txe7c8997a601341a4aee41-006970f59d" "proxy-server 12" 0.0011 "-" 21 0
Jan 21 15:49:49 standalone proxy-server[128627]: 172.18.0.2 172.18.0.100 21/Jan/2026/15/49/49 GET /v1/AUTH_1f7f7f09744f44b3a05c47b66249a4ae/gnocchi.fcc39135-50f3-40e8-99a1-9756076df057/none_v3 HTTP/1.0 200 - python-swiftclient-3.11.1 gAAAAABpcPUXwame... - 46 - txe7c8997a601341a4aee41-006970f59d - 0.0128 - - 1769010589.490962267 1769010589.503715992 0
Jan 21 15:49:49 standalone container-server[126650]: 172.20.0.100 - - [21/Jan/2026:15:49:49 +0000] "GET /d1/416/AUTH_1f7f7f09744f44b3a05c47b66249a4ae/gnocchi.fcc39135-50f3-40e8-99a1-9756076df057" 200 357 "GET http://172.18.0.2:8080/v1/AUTH_1f7f7f09744f44b3a05c47b66249a4ae/gnocchi.fcc39135-50f3-40e8-99a1-9756076df057?format=json&states=listing" "tx67bf4b7bfa104ab7ae698-006970f59d" "proxy-server 12" 0.0097 "-" 20 0
Jan 21 15:49:49 standalone proxy-server[128627]: 172.18.0.2 172.18.0.100 21/Jan/2026/15/49/49 GET /v1/AUTH_1f7f7f09744f44b3a05c47b66249a4ae/gnocchi.fcc39135-50f3-40e8-99a1-9756076df057%3Fformat%3Djson%26states%3Dlisting HTTP/1.0 200 - python-swiftclient-3.11.1 gAAAAABpcPUXwame... - 357 - tx67bf4b7bfa104ab7ae698-006970f59d - 0.0197 - - 1769010589.511125803 1769010589.530861378 0
Jan 21 15:49:49 standalone container-server[126650]: 172.20.0.100 - - [21/Jan/2026:15:49:49 +0000] "GET /d1/416/AUTH_1f7f7f09744f44b3a05c47b66249a4ae/gnocchi.fcc39135-50f3-40e8-99a1-9756076df057" 200 2 "GET http://172.18.0.2:8080/v1/AUTH_1f7f7f09744f44b3a05c47b66249a4ae/gnocchi.fcc39135-50f3-40e8-99a1-9756076df057?format=json&marker=none_v3&states=listing" "txde1c4c4cb2864521a0718-006970f59d" "proxy-server 12" 0.0052 "-" 20 0
Jan 21 15:49:49 standalone proxy-server[128627]: 172.18.0.2 172.18.0.100 21/Jan/2026/15/49/49 GET /v1/AUTH_1f7f7f09744f44b3a05c47b66249a4ae/gnocchi.fcc39135-50f3-40e8-99a1-9756076df057%3Fformat%3Djson%26marker%3Dnone_v3%26states%3Dlisting HTTP/1.0 200 - python-swiftclient-3.11.1 gAAAAABpcPUXwame... - 2 - txde1c4c4cb2864521a0718-006970f59d - 0.0144 - - 1769010589.534712791 1769010589.549109697 0
Jan 21 15:49:49 standalone object-server[126846]: 172.20.0.100 - - [21/Jan/2026:15:49:49 +0000] "GET /d1/98/AUTH_1f7f7f09744f44b3a05c47b66249a4ae/gnocchi.fcc39135-50f3-40e8-99a1-9756076df057/1767960000.0_mean_300.0_v3" 200 16 "GET http://172.18.0.2:8080/v1/AUTH_1f7f7f09744f44b3a05c47b66249a4ae/gnocchi.fcc39135-50f3-40e8-99a1-9756076df057/1767960000.0_mean_300.0_v3" "tx52094ca33ae74cc3a3d6f-006970f59d" "proxy-server 12" 0.0011 "-" 20 0
Jan 21 15:49:49 standalone proxy-server[128627]: 172.18.0.2 172.18.0.100 21/Jan/2026/15/49/49 GET /v1/AUTH_1f7f7f09744f44b3a05c47b66249a4ae/gnocchi.fcc39135-50f3-40e8-99a1-9756076df057/1767960000.0_mean_300.0_v3 HTTP/1.0 200 - python-swiftclient-3.11.1 gAAAAABpcPUXwame... - 16 - tx52094ca33ae74cc3a3d6f-006970f59d - 0.0141 - - 1769010589.554630995 1769010589.568737984 0
Jan 21 15:49:49 standalone container-server[126650]: 172.20.0.100 - - [21/Jan/2026:15:49:49 +0000] "PUT /d1/416/AUTH_1f7f7f09744f44b3a05c47b66249a4ae/gnocchi.fcc39135-50f3-40e8-99a1-9756076df057/1767960000.0_mean_300.0_v3" 201 - "PUT http://172.18.0.2:8080/d1/98/AUTH_1f7f7f09744f44b3a05c47b66249a4ae/gnocchi.fcc39135-50f3-40e8-99a1-9756076df057/1767960000.0_mean_300.0_v3" "txc8e152493486425bb6513-006970f59d" "object-server 22" 0.0008 "-" 20 0
Jan 21 15:49:49 standalone object-server[126849]: 172.20.0.100 - - [21/Jan/2026:15:49:49 +0000] "PUT /d1/98/AUTH_1f7f7f09744f44b3a05c47b66249a4ae/gnocchi.fcc39135-50f3-40e8-99a1-9756076df057/1767960000.0_mean_300.0_v3" 201 - "PUT http://172.18.0.2:8080/v1/AUTH_1f7f7f09744f44b3a05c47b66249a4ae/gnocchi.fcc39135-50f3-40e8-99a1-9756076df057/1767960000.0_mean_300.0_v3" "txc8e152493486425bb6513-006970f59d" "proxy-server 12" 0.0136 "-" 22 0
Jan 21 15:49:49 standalone proxy-server[128627]: 172.18.0.2 172.18.0.100 21/Jan/2026/15/49/49 PUT /v1/AUTH_1f7f7f09744f44b3a05c47b66249a4ae/gnocchi.fcc39135-50f3-40e8-99a1-9756076df057/1767960000.0_mean_300.0_v3 HTTP/1.0 201 - python-swiftclient-3.11.1 gAAAAABpcPUXwame... 16 - - txc8e152493486425bb6513-006970f59d - 0.0233 - - 1769010589.573923588 1769010589.597205400 0
Jan 21 15:49:49 standalone container-server[126656]: 172.20.0.100 - - [21/Jan/2026:15:49:49 +0000] "PUT /d1/416/AUTH_1f7f7f09744f44b3a05c47b66249a4ae/gnocchi.fcc39135-50f3-40e8-99a1-9756076df057/none_v3" 201 - "PUT http://172.18.0.2:8080/d1/649/AUTH_1f7f7f09744f44b3a05c47b66249a4ae/gnocchi.fcc39135-50f3-40e8-99a1-9756076df057/none_v3" "tx730083a166104b98a2d20-006970f59d" "object-server 22" 0.0008 "-" 22 0
Jan 21 15:49:49 standalone object-server[126849]: 172.20.0.100 - - [21/Jan/2026:15:49:49 +0000] "PUT /d1/649/AUTH_1f7f7f09744f44b3a05c47b66249a4ae/gnocchi.fcc39135-50f3-40e8-99a1-9756076df057/none_v3" 201 - "PUT http://172.18.0.2:8080/v1/AUTH_1f7f7f09744f44b3a05c47b66249a4ae/gnocchi.fcc39135-50f3-40e8-99a1-9756076df057/none_v3" "tx730083a166104b98a2d20-006970f59d" "proxy-server 12" 0.0130 "-" 22 0
Jan 21 15:49:49 standalone proxy-server[128627]: 172.18.0.2 172.18.0.100 21/Jan/2026/15/49/49 PUT /v1/AUTH_1f7f7f09744f44b3a05c47b66249a4ae/gnocchi.fcc39135-50f3-40e8-99a1-9756076df057/none_v3 HTTP/1.0 201 - python-swiftclient-3.11.1 gAAAAABpcPUXwame... 51 - - tx730083a166104b98a2d20-006970f59d - 0.0262 - - 1769010589.603496075 1769010589.629705191 0
Jan 21 15:49:52 standalone container-server[126662]: 172.20.0.100 - - [21/Jan/2026:15:49:52 +0000] "HEAD /d1/20/AUTH_1f7f7f09744f44b3a05c47b66249a4ae/gnocchi.c8f56514-b2c2-4c73-a8b2-54f9af19ee17" 404 - "HEAD http://172.18.0.2:8080/v1/AUTH_1f7f7f09744f44b3a05c47b66249a4ae/gnocchi.c8f56514-b2c2-4c73-a8b2-54f9af19ee17?format=json&states=listing" "txe6056f902cd14b119fd54-006970f5a0" "proxy-server 12" 0.0008 "-" 23 0
Jan 21 15:49:52 standalone object-server[126846]: 172.20.0.100 - - [21/Jan/2026:15:49:52 +0000] "GET /d1/272/AUTH_1f7f7f09744f44b3a05c47b66249a4ae/gnocchi.c8f56514-b2c2-4c73-a8b2-54f9af19ee17/none_v3" 404 70 "GET http://172.18.0.2:8080/v1/AUTH_1f7f7f09744f44b3a05c47b66249a4ae/gnocchi.c8f56514-b2c2-4c73-a8b2-54f9af19ee17/none_v3" "txe6056f902cd14b119fd54-006970f5a0" "proxy-server 12" 0.0006 "-" 20 0
Jan 21 15:49:52 standalone proxy-server[128627]: 172.18.0.2 172.18.0.100 21/Jan/2026/15/49/52 GET /v1/AUTH_1f7f7f09744f44b3a05c47b66249a4ae/gnocchi.c8f56514-b2c2-4c73-a8b2-54f9af19ee17/none_v3 HTTP/1.0 404 - python-swiftclient-3.11.1 gAAAAABpcPUXwame... - 70 - txe6056f902cd14b119fd54-006970f5a0 - 0.0127 - - 1769010592.207063913 1769010592.219798088 0
Jan 21 15:49:52 standalone account-server[126548]: 172.20.0.100 - - [21/Jan/2026:15:49:52 +0000] "PUT /d1/424/AUTH_1f7f7f09744f44b3a05c47b66249a4ae/gnocchi.c8f56514-b2c2-4c73-a8b2-54f9af19ee17" 201 - "PUT http://172.20.0.100:6001/d1/20/AUTH_1f7f7f09744f44b3a05c47b66249a4ae/gnocchi.c8f56514-b2c2-4c73-a8b2-54f9af19ee17" "tx315e1b825624439c8a777-006970f5a0" "container-server 22" 0.0014 "-" 14 0
Jan 21 15:49:52 standalone container-server[126656]: 172.20.0.100 - - [21/Jan/2026:15:49:52 +0000] "PUT /d1/20/AUTH_1f7f7f09744f44b3a05c47b66249a4ae/gnocchi.c8f56514-b2c2-4c73-a8b2-54f9af19ee17" 201 - "PUT http://172.18.0.2:8080/v1/AUTH_1f7f7f09744f44b3a05c47b66249a4ae/gnocchi.c8f56514-b2c2-4c73-a8b2-54f9af19ee17" "tx315e1b825624439c8a777-006970f5a0" "proxy-server 12" 0.0119 "-" 22 0
Jan 21 15:49:52 standalone proxy-server[128627]: 172.18.0.2 172.18.0.100 21/Jan/2026/15/49/52 PUT /v1/AUTH_1f7f7f09744f44b3a05c47b66249a4ae/gnocchi.c8f56514-b2c2-4c73-a8b2-54f9af19ee17 HTTP/1.0 201 - python-swiftclient-3.11.1 gAAAAABpcPUXwame... - - - tx315e1b825624439c8a777-006970f5a0 - 0.0158 - - 1769010592.222230673 1769010592.238018036 0
Jan 21 15:49:52 standalone container-server[126650]: 172.20.0.100 - - [21/Jan/2026:15:49:52 +0000] "HEAD /d1/20/AUTH_1f7f7f09744f44b3a05c47b66249a4ae/gnocchi.c8f56514-b2c2-4c73-a8b2-54f9af19ee17" 204 - "HEAD http://172.18.0.2:8080/v1/AUTH_1f7f7f09744f44b3a05c47b66249a4ae/gnocchi.c8f56514-b2c2-4c73-a8b2-54f9af19ee17?format=json&states=listing" "tx0ccc1b248ffd400494e2b-006970f5a0" "proxy-server 12" 0.0034 "-" 20 0
Jan 21 15:49:52 standalone proxy-server[128627]: - - 21/Jan/2026/15/49/52 HEAD /v1/AUTH_1f7f7f09744f44b3a05c47b66249a4ae/gnocchi.c8f56514-b2c2-4c73-a8b2-54f9af19ee17%3Fformat%3Djson%26states%3Dlisting HTTP/1.0 204 - Swift - - - - tx0ccc1b248ffd400494e2b-006970f5a0 - 0.0075 RL - 1769010592.241364479 1769010592.248903513 0
Jan 21 15:49:52 standalone container-server[126662]: 172.20.0.100 - - [21/Jan/2026:15:49:52 +0000] "GET /d1/20/AUTH_1f7f7f09744f44b3a05c47b66249a4ae/gnocchi.c8f56514-b2c2-4c73-a8b2-54f9af19ee17" 200 2 "GET http://172.18.0.2:8080/v1/AUTH_1f7f7f09744f44b3a05c47b66249a4ae/gnocchi.c8f56514-b2c2-4c73-a8b2-54f9af19ee17?format=json&states=listing" "tx0ccc1b248ffd400494e2b-006970f5a0" "proxy-server 12" 0.0061 "-" 23 0
Jan 21 15:49:52 standalone proxy-server[128627]: 172.18.0.2 172.18.0.100 21/Jan/2026/15/49/52 GET /v1/AUTH_1f7f7f09744f44b3a05c47b66249a4ae/gnocchi.c8f56514-b2c2-4c73-a8b2-54f9af19ee17%3Fformat%3Djson%26states%3Dlisting HTTP/1.0 200 - python-swiftclient-3.11.1 gAAAAABpcPUXwame... - 2 - tx0ccc1b248ffd400494e2b-006970f5a0 - 0.0204 - - 1769010592.240513802 1769010592.260915041 0
Jan 21 15:49:52 standalone object-server[126849]: 172.20.0.100 - - [21/Jan/2026:15:49:52 +0000] "GET /d1/20/AUTH_1f7f7f09744f44b3a05c47b66249a4ae/gnocchi.c8f56514-b2c2-4c73-a8b2-54f9af19ee17/1767960000.0_mean_300.0_v3" 404 70 "GET http://172.18.0.2:8080/v1/AUTH_1f7f7f09744f44b3a05c47b66249a4ae/gnocchi.c8f56514-b2c2-4c73-a8b2-54f9af19ee17/1767960000.0_mean_300.0_v3" "txeeff149b2a1946c584d4f-006970f5a0" "proxy-server 12" 0.0005 "-" 22 0
Jan 21 15:49:52 standalone proxy-server[128627]: 172.18.0.2 172.18.0.100 21/Jan/2026/15/49/52 GET /v1/AUTH_1f7f7f09744f44b3a05c47b66249a4ae/gnocchi.c8f56514-b2c2-4c73-a8b2-54f9af19ee17/1767960000.0_mean_300.0_v3 HTTP/1.0 404 - python-swiftclient-3.11.1 gAAAAABpcPUXwame... - 70 - txeeff149b2a1946c584d4f-006970f5a0 - 0.0056 - - 1769010592.263464451 1769010592.269014835 0
Jan 21 15:49:52 standalone container-server[126650]: 172.20.0.100 - - [21/Jan/2026:15:49:52 +0000] "PUT /d1/20/AUTH_1f7f7f09744f44b3a05c47b66249a4ae/gnocchi.c8f56514-b2c2-4c73-a8b2-54f9af19ee17/1767960000.0_mean_300.0_v3" 201 - "PUT http://172.18.0.2:8080/d1/20/AUTH_1f7f7f09744f44b3a05c47b66249a4ae/gnocchi.c8f56514-b2c2-4c73-a8b2-54f9af19ee17/1767960000.0_mean_300.0_v3" "tx6cb6f846ffb8422b99365-006970f5a0" "object-server 20" 0.0009 "-" 20 0
Jan 21 15:49:52 standalone object-server[126846]: 172.20.0.100 - - [21/Jan/2026:15:49:52 +0000] "PUT /d1/20/AUTH_1f7f7f09744f44b3a05c47b66249a4ae/gnocchi.c8f56514-b2c2-4c73-a8b2-54f9af19ee17/1767960000.0_mean_300.0_v3" 201 - "PUT http://172.18.0.2:8080/v1/AUTH_1f7f7f09744f44b3a05c47b66249a4ae/gnocchi.c8f56514-b2c2-4c73-a8b2-54f9af19ee17/1767960000.0_mean_300.0_v3" "tx6cb6f846ffb8422b99365-006970f5a0" "proxy-server 12" 0.0097 "-" 20 0
Jan 21 15:49:52 standalone proxy-server[128627]: 172.18.0.2 172.18.0.100 21/Jan/2026/15/49/52 PUT /v1/AUTH_1f7f7f09744f44b3a05c47b66249a4ae/gnocchi.c8f56514-b2c2-4c73-a8b2-54f9af19ee17/1767960000.0_mean_300.0_v3 HTTP/1.0 201 - python-swiftclient-3.11.1 gAAAAABpcPUXwame... 16 - - tx6cb6f846ffb8422b99365-006970f5a0 - 0.0136 - - 1769010592.271272421 1769010592.284897327 0
Jan 21 15:49:52 standalone container-server[126662]: 172.20.0.100 - - [21/Jan/2026:15:49:52 +0000] "PUT /d1/20/AUTH_1f7f7f09744f44b3a05c47b66249a4ae/gnocchi.c8f56514-b2c2-4c73-a8b2-54f9af19ee17/none_v3" 201 - "PUT http://172.18.0.2:8080/d1/272/AUTH_1f7f7f09744f44b3a05c47b66249a4ae/gnocchi.c8f56514-b2c2-4c73-a8b2-54f9af19ee17/none_v3" "txc4ddb63ae67e4da089f3d-006970f5a0" "object-server 22" 0.0018 "-" 23 0
Jan 21 15:49:52 standalone object-server[126849]: 172.20.0.100 - - [21/Jan/2026:15:49:52 +0000] "PUT /d1/272/AUTH_1f7f7f09744f44b3a05c47b66249a4ae/gnocchi.c8f56514-b2c2-4c73-a8b2-54f9af19ee17/none_v3" 201 - "PUT http://172.18.0.2:8080/v1/AUTH_1f7f7f09744f44b3a05c47b66249a4ae/gnocchi.c8f56514-b2c2-4c73-a8b2-54f9af19ee17/none_v3" "txc4ddb63ae67e4da089f3d-006970f5a0" "proxy-server 12" 0.0218 "-" 22 0
Jan 21 15:49:52 standalone proxy-server[128627]: 172.18.0.2 172.18.0.100 21/Jan/2026/15/49/52 PUT /v1/AUTH_1f7f7f09744f44b3a05c47b66249a4ae/gnocchi.c8f56514-b2c2-4c73-a8b2-54f9af19ee17/none_v3 HTTP/1.0 201 - python-swiftclient-3.11.1 gAAAAABpcPUXwame... 22 - - txc4ddb63ae67e4da089f3d-006970f5a0 - 0.0264 - - 1769010592.286621332 1769010592.313065052 0
Jan 21 15:49:52 standalone container-server[126639]: 172.20.0.100 - - [21/Jan/2026:15:49:52 +0000] "HEAD /d1/226/AUTH_1f7f7f09744f44b3a05c47b66249a4ae/gnocchi.930acd50-dc1b-4df1-9a26-fd205f43add6" 404 - "HEAD http://172.18.0.2:8080/v1/AUTH_1f7f7f09744f44b3a05c47b66249a4ae/gnocchi.930acd50-dc1b-4df1-9a26-fd205f43add6?format=json&states=listing" "txc878c5ac09e548d395b47-006970f5a0" "proxy-server 12" 0.0004 "-" 19 0
Jan 21 15:49:52 standalone object-server[126849]: 172.20.0.100 - - [21/Jan/2026:15:49:52 +0000] "GET /d1/131/AUTH_1f7f7f09744f44b3a05c47b66249a4ae/gnocchi.930acd50-dc1b-4df1-9a26-fd205f43add6/none_v3" 404 70 "GET http://172.18.0.2:8080/v1/AUTH_1f7f7f09744f44b3a05c47b66249a4ae/gnocchi.930acd50-dc1b-4df1-9a26-fd205f43add6/none_v3" "txc878c5ac09e548d395b47-006970f5a0" "proxy-server 12" 0.0003 "-" 22 0
Jan 21 15:49:52 standalone proxy-server[128627]: 172.18.0.2 172.18.0.100 21/Jan/2026/15/49/52 GET /v1/AUTH_1f7f7f09744f44b3a05c47b66249a4ae/gnocchi.930acd50-dc1b-4df1-9a26-fd205f43add6/none_v3 HTTP/1.0 404 - python-swiftclient-3.11.1 gAAAAABpcPUXwame... - 70 - txc878c5ac09e548d395b47-006970f5a0 - 0.0099 - - 1769010592.320541143 1769010592.330425739 0
Jan 21 15:49:52 standalone account-server[126563]: 172.20.0.100 - - [21/Jan/2026:15:49:52 +0000] "PUT /d1/424/AUTH_1f7f7f09744f44b3a05c47b66249a4ae/gnocchi.930acd50-dc1b-4df1-9a26-fd205f43add6" 201 - "PUT http://172.20.0.100:6001/d1/226/AUTH_1f7f7f09744f44b3a05c47b66249a4ae/gnocchi.930acd50-dc1b-4df1-9a26-fd205f43add6" "txce19ca05b4a14bb88c0bd-006970f5a0" "container-server 19" 0.0049 "-" 15 0
Jan 21 15:49:52 standalone container-server[126639]: 172.20.0.100 - - [21/Jan/2026:15:49:52 +0000] "PUT /d1/226/AUTH_1f7f7f09744f44b3a05c47b66249a4ae/gnocchi.930acd50-dc1b-4df1-9a26-fd205f43add6" 201 - "PUT http://172.18.0.2:8080/v1/AUTH_1f7f7f09744f44b3a05c47b66249a4ae/gnocchi.930acd50-dc1b-4df1-9a26-fd205f43add6" "txce19ca05b4a14bb88c0bd-006970f5a0" "proxy-server 12" 0.0160 "-" 19 0
Jan 21 15:49:52 standalone proxy-server[128627]: 172.18.0.2 172.18.0.100 21/Jan/2026/15/49/52 PUT /v1/AUTH_1f7f7f09744f44b3a05c47b66249a4ae/gnocchi.930acd50-dc1b-4df1-9a26-fd205f43add6 HTTP/1.0 201 - python-swiftclient-3.11.1 gAAAAABpcPUXwame... - - - txce19ca05b4a14bb88c0bd-006970f5a0 - 0.0216 - - 1769010592.332556963 1769010592.354181528 0
Jan 21 15:49:52 standalone container-server[126656]: 172.20.0.100 - - [21/Jan/2026:15:49:52 +0000] "HEAD /d1/226/AUTH_1f7f7f09744f44b3a05c47b66249a4ae/gnocchi.930acd50-dc1b-4df1-9a26-fd205f43add6" 204 - "HEAD http://172.18.0.2:8080/v1/AUTH_1f7f7f09744f44b3a05c47b66249a4ae/gnocchi.930acd50-dc1b-4df1-9a26-fd205f43add6?format=json&states=listing" "tx033f1cd4216e4247ba39c-006970f5a0" "proxy-server 12" 0.0040 "-" 22 0
Jan 21 15:49:52 standalone proxy-server[128627]: - - 21/Jan/2026/15/49/52 HEAD /v1/AUTH_1f7f7f09744f44b3a05c47b66249a4ae/gnocchi.930acd50-dc1b-4df1-9a26-fd205f43add6%3Fformat%3Djson%26states%3Dlisting HTTP/1.0 204 - Swift - - - - tx033f1cd4216e4247ba39c-006970f5a0 - 0.0083 RL - 1769010592.357746601 1769010592.366029739 0
Jan 21 15:49:52 standalone container-server[126662]: 172.20.0.100 - - [21/Jan/2026:15:49:52 +0000] "GET /d1/226/AUTH_1f7f7f09744f44b3a05c47b66249a4ae/gnocchi.930acd50-dc1b-4df1-9a26-fd205f43add6" 200 2 "GET http://172.18.0.2:8080/v1/AUTH_1f7f7f09744f44b3a05c47b66249a4ae/gnocchi.930acd50-dc1b-4df1-9a26-fd205f43add6?format=json&states=listing" "tx033f1cd4216e4247ba39c-006970f5a0" "proxy-server 12" 0.0023 "-" 23 0
Jan 21 15:49:52 standalone proxy-server[128627]: 172.18.0.2 172.18.0.100 21/Jan/2026/15/49/52 GET /v1/AUTH_1f7f7f09744f44b3a05c47b66249a4ae/gnocchi.930acd50-dc1b-4df1-9a26-fd205f43add6%3Fformat%3Djson%26states%3Dlisting HTTP/1.0 200 - python-swiftclient-3.11.1 gAAAAABpcPUXwame... - 2 - tx033f1cd4216e4247ba39c-006970f5a0 - 0.0170 - - 1769010592.356856823 1769010592.373847485 0
Jan 21 15:49:52 standalone object-server[126846]: 172.20.0.100 - - [21/Jan/2026:15:49:52 +0000] "GET /d1/514/AUTH_1f7f7f09744f44b3a05c47b66249a4ae/gnocchi.930acd50-dc1b-4df1-9a26-fd205f43add6/1767960000.0_mean_300.0_v3" 404 70 "GET http://172.18.0.2:8080/v1/AUTH_1f7f7f09744f44b3a05c47b66249a4ae/gnocchi.930acd50-dc1b-4df1-9a26-fd205f43add6/1767960000.0_mean_300.0_v3" "tx7380d0defb284b9b8634c-006970f5a0" "proxy-server 12" 0.0004 "-" 20 0
Jan 21 15:49:52 standalone proxy-server[128627]: 172.18.0.2 172.18.0.100 21/Jan/2026/15/49/52 GET /v1/AUTH_1f7f7f09744f44b3a05c47b66249a4ae/gnocchi.930acd50-dc1b-4df1-9a26-fd205f43add6/1767960000.0_mean_300.0_v3 HTTP/1.0 404 - python-swiftclient-3.11.1 gAAAAABpcPUXwame... - 70 - tx7380d0defb284b9b8634c-006970f5a0 - 0.0049 - - 1769010592.378322124 1769010592.383214951 0
Jan 21 15:49:52 standalone container-server[126656]: 172.20.0.100 - - [21/Jan/2026:15:49:52 +0000] "PUT /d1/226/AUTH_1f7f7f09744f44b3a05c47b66249a4ae/gnocchi.930acd50-dc1b-4df1-9a26-fd205f43add6/1767960000.0_mean_300.0_v3" 201 - "PUT http://172.18.0.2:8080/d1/514/AUTH_1f7f7f09744f44b3a05c47b66249a4ae/gnocchi.930acd50-dc1b-4df1-9a26-fd205f43add6/1767960000.0_mean_300.0_v3" "txe9d0675acf624f5aaf14b-006970f5a0" "object-server 23" 0.0020 "-" 22 0
Jan 21 15:49:52 standalone object-server[126861]: 172.20.0.100 - - [21/Jan/2026:15:49:52 +0000] "PUT /d1/514/AUTH_1f7f7f09744f44b3a05c47b66249a4ae/gnocchi.930acd50-dc1b-4df1-9a26-fd205f43add6/1767960000.0_mean_300.0_v3" 201 - "PUT http://172.18.0.2:8080/v1/AUTH_1f7f7f09744f44b3a05c47b66249a4ae/gnocchi.930acd50-dc1b-4df1-9a26-fd205f43add6/1767960000.0_mean_300.0_v3" "txe9d0675acf624f5aaf14b-006970f5a0" "proxy-server 12" 0.0152 "-" 23 0
Jan 21 15:49:52 standalone proxy-server[128627]: 172.18.0.2 172.18.0.100 21/Jan/2026/15/49/52 PUT /v1/AUTH_1f7f7f09744f44b3a05c47b66249a4ae/gnocchi.930acd50-dc1b-4df1-9a26-fd205f43add6/1767960000.0_mean_300.0_v3 HTTP/1.0 201 - python-swiftclient-3.11.1 gAAAAABpcPUXwame... 16 - - txe9d0675acf624f5aaf14b-006970f5a0 - 0.0229 - - 1769010592.385451794 1769010592.408349991 0
Jan 21 15:49:52 standalone container-server[126656]: 172.20.0.100 - - [21/Jan/2026:15:49:52 +0000] "PUT /d1/226/AUTH_1f7f7f09744f44b3a05c47b66249a4ae/gnocchi.930acd50-dc1b-4df1-9a26-fd205f43add6/none_v3" 201 - "PUT http://172.18.0.2:8080/d1/131/AUTH_1f7f7f09744f44b3a05c47b66249a4ae/gnocchi.930acd50-dc1b-4df1-9a26-fd205f43add6/none_v3" "txfd48553a3c454b619a7f9-006970f5a0" "object-server 23" 0.0006 "-" 22 0
Jan 21 15:49:52 standalone object-server[126861]: 172.20.0.100 - - [21/Jan/2026:15:49:52 +0000] "PUT /d1/131/AUTH_1f7f7f09744f44b3a05c47b66249a4ae/gnocchi.930acd50-dc1b-4df1-9a26-fd205f43add6/none_v3" 201 - "PUT http://172.18.0.2:8080/v1/AUTH_1f7f7f09744f44b3a05c47b66249a4ae/gnocchi.930acd50-dc1b-4df1-9a26-fd205f43add6/none_v3" "txfd48553a3c454b619a7f9-006970f5a0" "proxy-server 12" 0.0093 "-" 23 0
Jan 21 15:49:52 standalone proxy-server[128627]: 172.18.0.2 172.18.0.100 21/Jan/2026/15/49/52 PUT /v1/AUTH_1f7f7f09744f44b3a05c47b66249a4ae/gnocchi.930acd50-dc1b-4df1-9a26-fd205f43add6/none_v3 HTTP/1.0 201 - python-swiftclient-3.11.1 gAAAAABpcPUXwame... 22 - - txfd48553a3c454b619a7f9-006970f5a0 - 0.0191 - - 1769010592.411046743 1769010592.430124283 0
Jan 21 15:49:52 standalone container-server[126656]: 172.20.0.100 - - [21/Jan/2026:15:49:52 +0000] "HEAD /d1/288/AUTH_1f7f7f09744f44b3a05c47b66249a4ae/gnocchi.23a18529-f1bd-48c8-bec0-7fb797d9bc85" 404 - "HEAD http://172.18.0.2:8080/v1/AUTH_1f7f7f09744f44b3a05c47b66249a4ae/gnocchi.23a18529-f1bd-48c8-bec0-7fb797d9bc85?format=json&states=listing" "tx9da256b665b34a8d9442d-006970f5a0" "proxy-server 12" 0.0004 "-" 22 0
Jan 21 15:49:52 standalone object-server[126861]: 172.20.0.100 - - [21/Jan/2026:15:49:52 +0000] "GET /d1/741/AUTH_1f7f7f09744f44b3a05c47b66249a4ae/gnocchi.23a18529-f1bd-48c8-bec0-7fb797d9bc85/none_v3" 404 70 "GET http://172.18.0.2:8080/v1/AUTH_1f7f7f09744f44b3a05c47b66249a4ae/gnocchi.23a18529-f1bd-48c8-bec0-7fb797d9bc85/none_v3" "tx9da256b665b34a8d9442d-006970f5a0" "proxy-server 12" 0.0004 "-" 23 0
Jan 21 15:49:52 standalone proxy-server[128627]: 172.18.0.2 172.18.0.100 21/Jan/2026/15/49/52 GET /v1/AUTH_1f7f7f09744f44b3a05c47b66249a4ae/gnocchi.23a18529-f1bd-48c8-bec0-7fb797d9bc85/none_v3 HTTP/1.0 404 - python-swiftclient-3.11.1 gAAAAABpcPUXwame... - 70 - tx9da256b665b34a8d9442d-006970f5a0 - 0.0094 - - 1769010592.440268278 1769010592.449621201 0
Jan 21 15:49:52 standalone account-server[126548]: 172.20.0.100 - - [21/Jan/2026:15:49:52 +0000] "PUT /d1/424/AUTH_1f7f7f09744f44b3a05c47b66249a4ae/gnocchi.23a18529-f1bd-48c8-bec0-7fb797d9bc85" 201 - "PUT http://172.20.0.100:6001/d1/288/AUTH_1f7f7f09744f44b3a05c47b66249a4ae/gnocchi.23a18529-f1bd-48c8-bec0-7fb797d9bc85" "tx49d60ff2a3534237bad9b-006970f5a0" "container-server 20" 0.0044 "-" 14 0
Jan 21 15:49:52 standalone container-server[126650]: 172.20.0.100 - - [21/Jan/2026:15:49:52 +0000] "PUT /d1/288/AUTH_1f7f7f09744f44b3a05c47b66249a4ae/gnocchi.23a18529-f1bd-48c8-bec0-7fb797d9bc85" 201 - "PUT http://172.18.0.2:8080/v1/AUTH_1f7f7f09744f44b3a05c47b66249a4ae/gnocchi.23a18529-f1bd-48c8-bec0-7fb797d9bc85" "tx49d60ff2a3534237bad9b-006970f5a0" "proxy-server 12" 0.0146 "-" 20 0
Jan 21 15:49:52 standalone proxy-server[128627]: 172.18.0.2 172.18.0.100 21/Jan/2026/15/49/52 PUT /v1/AUTH_1f7f7f09744f44b3a05c47b66249a4ae/gnocchi.23a18529-f1bd-48c8-bec0-7fb797d9bc85 HTTP/1.0 201 - python-swiftclient-3.11.1 gAAAAABpcPUXwame... - - - tx49d60ff2a3534237bad9b-006970f5a0 - 0.0189 - - 1769010592.452507019 1769010592.471441507 0
Jan 21 15:49:52 standalone container-server[126639]: 172.20.0.100 - - [21/Jan/2026:15:49:52 +0000] "HEAD /d1/288/AUTH_1f7f7f09744f44b3a05c47b66249a4ae/gnocchi.23a18529-f1bd-48c8-bec0-7fb797d9bc85" 204 - "HEAD http://172.18.0.2:8080/v1/AUTH_1f7f7f09744f44b3a05c47b66249a4ae/gnocchi.23a18529-f1bd-48c8-bec0-7fb797d9bc85?format=json&states=listing" "txbc364855442747e5b7e3f-006970f5a0" "proxy-server 12" 0.0014 "-" 19 0
Jan 21 15:49:52 standalone proxy-server[128627]: - - 21/Jan/2026/15/49/52 HEAD /v1/AUTH_1f7f7f09744f44b3a05c47b66249a4ae/gnocchi.23a18529-f1bd-48c8-bec0-7fb797d9bc85%3Fformat%3Djson%26states%3Dlisting HTTP/1.0 204 - Swift - - - - txbc364855442747e5b7e3f-006970f5a0 - 0.0049 RL - 1769010592.475346804 1769010592.480210543 0
Jan 21 15:49:52 standalone container-server[126656]: 172.20.0.100 - - [21/Jan/2026:15:49:52 +0000] "GET /d1/288/AUTH_1f7f7f09744f44b3a05c47b66249a4ae/gnocchi.23a18529-f1bd-48c8-bec0-7fb797d9bc85" 200 2 "GET http://172.18.0.2:8080/v1/AUTH_1f7f7f09744f44b3a05c47b66249a4ae/gnocchi.23a18529-f1bd-48c8-bec0-7fb797d9bc85?format=json&states=listing" "txbc364855442747e5b7e3f-006970f5a0" "proxy-server 12" 0.0058 "-" 22 0
Jan 21 15:49:52 standalone proxy-server[128627]: 172.18.0.2 172.18.0.100 21/Jan/2026/15/49/52 GET /v1/AUTH_1f7f7f09744f44b3a05c47b66249a4ae/gnocchi.23a18529-f1bd-48c8-bec0-7fb797d9bc85%3Fformat%3Djson%26states%3Dlisting HTTP/1.0 200 - python-swiftclient-3.11.1 gAAAAABpcPUXwame... - 2 - txbc364855442747e5b7e3f-006970f5a0 - 0.0190 - - 1769010592.474215031 1769010592.493244171 0
Jan 21 15:49:52 standalone object-server[126849]: 172.20.0.100 - - [21/Jan/2026:15:49:52 +0000] "GET /d1/565/AUTH_1f7f7f09744f44b3a05c47b66249a4ae/gnocchi.23a18529-f1bd-48c8-bec0-7fb797d9bc85/1767960000.0_mean_300.0_v3" 404 70 "GET http://172.18.0.2:8080/v1/AUTH_1f7f7f09744f44b3a05c47b66249a4ae/gnocchi.23a18529-f1bd-48c8-bec0-7fb797d9bc85/1767960000.0_mean_300.0_v3" "txd05307ceaec1432d845ac-006970f5a0" "proxy-server 12" 0.0004 "-" 22 0
Jan 21 15:49:52 standalone proxy-server[128627]: 172.18.0.2 172.18.0.100 21/Jan/2026/15/49/52 GET /v1/AUTH_1f7f7f09744f44b3a05c47b66249a4ae/gnocchi.23a18529-f1bd-48c8-bec0-7fb797d9bc85/1767960000.0_mean_300.0_v3 HTTP/1.0 404 - python-swiftclient-3.11.1 gAAAAABpcPUXwame... - 70 - txd05307ceaec1432d845ac-006970f5a0 - 0.0053 - - 1769010592.496613979 1769010592.501955509 0
Jan 21 15:49:52 standalone container-server[126639]: 172.20.0.100 - - [21/Jan/2026:15:49:52 +0000] "PUT /d1/288/AUTH_1f7f7f09744f44b3a05c47b66249a4ae/gnocchi.23a18529-f1bd-48c8-bec0-7fb797d9bc85/1767960000.0_mean_300.0_v3" 201 - "PUT http://172.18.0.2:8080/d1/565/AUTH_1f7f7f09744f44b3a05c47b66249a4ae/gnocchi.23a18529-f1bd-48c8-bec0-7fb797d9bc85/1767960000.0_mean_300.0_v3" "txf892455c9c4546b5b6858-006970f5a0" "object-server 20" 0.0006 "-" 19 0
Jan 21 15:49:52 standalone object-server[126846]: 172.20.0.100 - - [21/Jan/2026:15:49:52 +0000] "PUT /d1/565/AUTH_1f7f7f09744f44b3a05c47b66249a4ae/gnocchi.23a18529-f1bd-48c8-bec0-7fb797d9bc85/1767960000.0_mean_300.0_v3" 201 - "PUT http://172.18.0.2:8080/v1/AUTH_1f7f7f09744f44b3a05c47b66249a4ae/gnocchi.23a18529-f1bd-48c8-bec0-7fb797d9bc85/1767960000.0_mean_300.0_v3" "txf892455c9c4546b5b6858-006970f5a0" "proxy-server 12" 0.0130 "-" 20 0
Jan 21 15:49:52 standalone proxy-server[128627]: 172.18.0.2 172.18.0.100 21/Jan/2026/15/49/52 PUT /v1/AUTH_1f7f7f09744f44b3a05c47b66249a4ae/gnocchi.23a18529-f1bd-48c8-bec0-7fb797d9bc85/1767960000.0_mean_300.0_v3 HTTP/1.0 201 - python-swiftclient-3.11.1 gAAAAABpcPUXwame... 16 - - txf892455c9c4546b5b6858-006970f5a0 - 0.0171 - - 1769010592.505637884 1769010592.522744179 0
Jan 21 15:49:52 standalone container-server[126662]: 172.20.0.100 - - [21/Jan/2026:15:49:52 +0000] "PUT /d1/288/AUTH_1f7f7f09744f44b3a05c47b66249a4ae/gnocchi.23a18529-f1bd-48c8-bec0-7fb797d9bc85/none_v3" 201 - "PUT http://172.18.0.2:8080/d1/741/AUTH_1f7f7f09744f44b3a05c47b66249a4ae/gnocchi.23a18529-f1bd-48c8-bec0-7fb797d9bc85/none_v3" "tx4d2088d57eb042f5bb462-006970f5a0" "object-server 23" 0.0004 "-" 23 0
Jan 21 15:49:52 standalone object-server[126861]: 172.20.0.100 - - [21/Jan/2026:15:49:52 +0000] "PUT /d1/741/AUTH_1f7f7f09744f44b3a05c47b66249a4ae/gnocchi.23a18529-f1bd-48c8-bec0-7fb797d9bc85/none_v3" 201 - "PUT http://172.18.0.2:8080/v1/AUTH_1f7f7f09744f44b3a05c47b66249a4ae/gnocchi.23a18529-f1bd-48c8-bec0-7fb797d9bc85/none_v3" "tx4d2088d57eb042f5bb462-006970f5a0" "proxy-server 12" 0.0094 "-" 23 0
Jan 21 15:49:52 standalone proxy-server[128627]: 172.18.0.2 172.18.0.100 21/Jan/2026/15/49/52 PUT /v1/AUTH_1f7f7f09744f44b3a05c47b66249a4ae/gnocchi.23a18529-f1bd-48c8-bec0-7fb797d9bc85/none_v3 HTTP/1.0 201 - python-swiftclient-3.11.1 gAAAAABpcPUXwame... 22 - - tx4d2088d57eb042f5bb462-006970f5a0 - 0.0152 - - 1769010592.525829554 1769010592.541023254 0
Jan 21 15:49:52 standalone container-server[126639]: 172.20.0.100 - - [21/Jan/2026:15:49:52 +0000] "HEAD /d1/471/AUTH_1f7f7f09744f44b3a05c47b66249a4ae/gnocchi.e9128520-3596-43f8-bc84-f38c188f61fa" 404 - "HEAD http://172.18.0.2:8080/v1/AUTH_1f7f7f09744f44b3a05c47b66249a4ae/gnocchi.e9128520-3596-43f8-bc84-f38c188f61fa?format=json&states=listing" "tx54c31e9c93c64ac391363-006970f5a0" "proxy-server 12" 0.0003 "-" 19 0
Jan 21 15:49:52 standalone object-server[126849]: 172.20.0.100 - - [21/Jan/2026:15:49:52 +0000] "GET /d1/187/AUTH_1f7f7f09744f44b3a05c47b66249a4ae/gnocchi.e9128520-3596-43f8-bc84-f38c188f61fa/none_v3" 404 70 "GET http://172.18.0.2:8080/v1/AUTH_1f7f7f09744f44b3a05c47b66249a4ae/gnocchi.e9128520-3596-43f8-bc84-f38c188f61fa/none_v3" "tx54c31e9c93c64ac391363-006970f5a0" "proxy-server 12" 0.0003 "-" 22 0
Jan 21 15:49:52 standalone proxy-server[128627]: 172.18.0.2 172.18.0.100 21/Jan/2026/15/49/52 GET /v1/AUTH_1f7f7f09744f44b3a05c47b66249a4ae/gnocchi.e9128520-3596-43f8-bc84-f38c188f61fa/none_v3 HTTP/1.0 404 - python-swiftclient-3.11.1 gAAAAABpcPUXwame... - 70 - tx54c31e9c93c64ac391363-006970f5a0 - 0.0088 - - 1769010592.547768831 1769010592.556576490 0
Jan 21 15:49:52 standalone account-server[126573]: 172.20.0.100 - - [21/Jan/2026:15:49:52 +0000] "PUT /d1/424/AUTH_1f7f7f09744f44b3a05c47b66249a4ae/gnocchi.e9128520-3596-43f8-bc84-f38c188f61fa" 201 - "PUT http://172.20.0.100:6001/d1/471/AUTH_1f7f7f09744f44b3a05c47b66249a4ae/gnocchi.e9128520-3596-43f8-bc84-f38c188f61fa" "tx69d3b93d425f4ef8b4b3e-006970f5a0" "container-server 19" 0.0172 "-" 17 0
Jan 21 15:49:52 standalone container-server[126639]: 172.20.0.100 - - [21/Jan/2026:15:49:52 +0000] "PUT /d1/471/AUTH_1f7f7f09744f44b3a05c47b66249a4ae/gnocchi.e9128520-3596-43f8-bc84-f38c188f61fa" 201 - "PUT http://172.18.0.2:8080/v1/AUTH_1f7f7f09744f44b3a05c47b66249a4ae/gnocchi.e9128520-3596-43f8-bc84-f38c188f61fa" "tx69d3b93d425f4ef8b4b3e-006970f5a0" "proxy-server 12" 0.0309 "-" 19 0
Jan 21 15:49:52 standalone proxy-server[128627]: 172.18.0.2 172.18.0.100 21/Jan/2026/15/49/52 PUT /v1/AUTH_1f7f7f09744f44b3a05c47b66249a4ae/gnocchi.e9128520-3596-43f8-bc84-f38c188f61fa HTTP/1.0 201 - python-swiftclient-3.11.1 gAAAAABpcPUXwame... - - - tx69d3b93d425f4ef8b4b3e-006970f5a0 - 0.0374 - - 1769010592.559354544 1769010592.596752882 0
Jan 21 15:49:52 standalone container-server[126662]: 172.20.0.100 - - [21/Jan/2026:15:49:52 +0000] "HEAD /d1/471/AUTH_1f7f7f09744f44b3a05c47b66249a4ae/gnocchi.e9128520-3596-43f8-bc84-f38c188f61fa" 204 - "HEAD http://172.18.0.2:8080/v1/AUTH_1f7f7f09744f44b3a05c47b66249a4ae/gnocchi.e9128520-3596-43f8-bc84-f38c188f61fa?format=json&states=listing" "txc144d5ec92ba4929a37bf-006970f5a0" "proxy-server 12" 0.0012 "-" 23 0
Jan 21 15:49:52 standalone proxy-server[128627]: - - 21/Jan/2026/15/49/52 HEAD /v1/AUTH_1f7f7f09744f44b3a05c47b66249a4ae/gnocchi.e9128520-3596-43f8-bc84-f38c188f61fa%3Fformat%3Djson%26states%3Dlisting HTTP/1.0 204 - Swift - - - - txc144d5ec92ba4929a37bf-006970f5a0 - 0.0049 RL - 1769010592.602102518 1769010592.606991291 0
Jan 21 15:49:52 standalone container-server[126662]: 172.20.0.100 - - [21/Jan/2026:15:49:52 +0000] "GET /d1/471/AUTH_1f7f7f09744f44b3a05c47b66249a4ae/gnocchi.e9128520-3596-43f8-bc84-f38c188f61fa" 200 2 "GET http://172.18.0.2:8080/v1/AUTH_1f7f7f09744f44b3a05c47b66249a4ae/gnocchi.e9128520-3596-43f8-bc84-f38c188f61fa?format=json&states=listing" "txc144d5ec92ba4929a37bf-006970f5a0" "proxy-server 12" 0.0018 "-" 23 0
Jan 21 15:49:52 standalone proxy-server[128627]: 172.18.0.2 172.18.0.100 21/Jan/2026/15/49/52 GET /v1/AUTH_1f7f7f09744f44b3a05c47b66249a4ae/gnocchi.e9128520-3596-43f8-bc84-f38c188f61fa%3Fformat%3Djson%26states%3Dlisting HTTP/1.0 200 - python-swiftclient-3.11.1 gAAAAABpcPUXwame... - 2 - txc144d5ec92ba4929a37bf-006970f5a0 - 0.0143 - - 1769010592.600661039 1769010592.614976168 0
Jan 21 15:49:52 standalone object-server[126861]: 172.20.0.100 - - [21/Jan/2026:15:49:52 +0000] "GET /d1/926/AUTH_1f7f7f09744f44b3a05c47b66249a4ae/gnocchi.e9128520-3596-43f8-bc84-f38c188f61fa/1767960000.0_mean_300.0_v3" 404 70 "GET http://172.18.0.2:8080/v1/AUTH_1f7f7f09744f44b3a05c47b66249a4ae/gnocchi.e9128520-3596-43f8-bc84-f38c188f61fa/1767960000.0_mean_300.0_v3" "tx597f4577a0554baca8a66-006970f5a0" "proxy-server 12" 0.0012 "-" 23 0
