Feb 21 07:50:36 standalone account-server[113586]: Starting 2
Feb 21 07:50:36 standalone account-server[113721]: Started child 14 from parent 2
Feb 21 07:50:36 standalone account-server[113721]: Started child 15 from parent 2
Feb 21 07:50:36 standalone account-server[113721]: Started child 16 from parent 2
Feb 21 07:50:36 standalone account-server[113721]: Started child 17 from parent 2
Feb 21 07:50:36 standalone container-server[113779]: Starting 2
Feb 21 07:50:36 standalone container-server[113823]: Option allow_versions is deprecated. Configure the versioned_writes middleware in the proxy-server instead. This option will be ignored in a future release.
Feb 21 07:50:36 standalone object-expirer[113962]: Starting 2
Feb 21 07:50:36 standalone object-expirer[113962]: Option auto_create_account_prefix is deprecated. Configure auto_create_account_prefix under the swift-constraints section of swift.conf. This option will be ignored in a future release.
Feb 21 07:50:36 standalone container-server[114082]: Option allow_versions is deprecated. Configure the versioned_writes middleware in the proxy-server instead. This option will be ignored in a future release.
Feb 21 07:50:36 standalone container-server[113823]: Started child 20 from parent 2
Feb 21 07:50:36 standalone container-server[114087]: Option allow_versions is deprecated. Configure the versioned_writes middleware in the proxy-server instead. This option will be ignored in a future release.
Feb 21 07:50:36 standalone container-server[113823]: Started child 21 from parent 2
Feb 21 07:50:36 standalone container-server[114091]: Option allow_versions is deprecated. Configure the versioned_writes middleware in the proxy-server instead. This option will be ignored in a future release.
Feb 21 07:50:36 standalone container-server[113823]: Started child 22 from parent 2
Feb 21 07:50:36 standalone container-server[114093]: Option allow_versions is deprecated. Configure the versioned_writes middleware in the proxy-server instead. This option will be ignored in a future release.
Feb 21 07:50:36 standalone container-server[113823]: Started child 23 from parent 2
Feb 21 07:50:37 standalone object-server[114102]: Starting 2
Feb 21 07:50:37 standalone object-server[114115]: Started child 22 from parent 2
Feb 21 07:50:37 standalone object-server[114115]: Started child 23 from parent 2
Feb 21 07:50:37 standalone object-server[114115]: Started child 24 from parent 2
Feb 21 07:50:37 standalone object-server[114115]: Started child 25 from parent 2
Feb 21 07:50:43 standalone proxy-server[115573]: Starting Keystone auth_token middleware
Feb 21 07:50:43 standalone proxy-server[115573]: AuthToken middleware is set with keystone_authtoken.service_token_roles_required set to False. This is backwards compatible but deprecated behaviour. Please set this to True.
Feb 21 07:50:43 standalone proxy-server[115751]: Starting Keystone auth_token middleware
Feb 21 07:50:43 standalone proxy-server[115751]: STDERR: The option "bind_port" is not known to keystonemiddleware
Feb 21 07:50:43 standalone proxy-server[115751]: STDERR: The option "workers" is not known to keystonemiddleware
Feb 21 07:50:43 standalone proxy-server[115751]: STDERR: The option "user" is not known to keystonemiddleware
Feb 21 07:50:43 standalone proxy-server[115751]: STDERR: The option "bind_ip" is not known to keystonemiddleware
Feb 21 07:50:43 standalone proxy-server[115751]: STDERR: The option "log_name" is not known to keystonemiddleware
Feb 21 07:50:43 standalone proxy-server[115751]: STDERR: The option "log_facility" is not known to keystonemiddleware
Feb 21 07:50:43 standalone proxy-server[115751]: STDERR: The option "log_level" is not known to keystonemiddleware
Feb 21 07:50:43 standalone proxy-server[115751]: STDERR: The option "log_headers" is not known to keystonemiddleware
Feb 21 07:50:43 standalone proxy-server[115751]: STDERR: The option "log_address" is not known to keystonemiddleware
Feb 21 07:50:43 standalone proxy-server[115751]: STDERR: The option "project_name" is not known to keystonemiddleware
Feb 21 07:50:43 standalone proxy-server[115751]: STDERR: The option "username" is not known to keystonemiddleware
Feb 21 07:50:43 standalone proxy-server[115751]: STDERR: The option "password" is not known to keystonemiddleware
Feb 21 07:50:43 standalone proxy-server[115751]: STDERR: The option "auth_url" is not known to keystonemiddleware
Feb 21 07:50:43 standalone proxy-server[115751]: STDERR: The option "signing_dir" is not known to keystonemiddleware
Feb 21 07:50:43 standalone proxy-server[115751]: STDERR: The option "project_domain_id" is not known to keystonemiddleware
Feb 21 07:50:43 standalone proxy-server[115751]: STDERR: The option "user_domain_id" is not known to keystonemiddleware
Feb 21 07:50:43 standalone proxy-server[115751]: STDERR: The option "__name__" is not known to keystonemiddleware
Feb 21 07:50:43 standalone proxy-server[115751]: AuthToken middleware is set with keystone_authtoken.service_token_roles_required set to False. This is backwards compatible but deprecated behaviour. Please set this to True.
Feb 21 07:50:43 standalone proxy-server[115573]: Started child 21 from parent 2
Feb 21 07:50:47 standalone object-server[114102]: Begin object update sweep
Feb 21 07:50:47 standalone object-server[116294]: Object update sweep starting on /srv/node/d1 (pid: 11)
Feb 21 07:50:47 standalone object-server[116294]: Object update sweep completed on /srv/node/d1 in 0.00s seconds:, 0 successes, 0 failures, 0 quarantines, 0 unlinks, 0 errors, 0 redirects (pid: 11)
Feb 21 07:50:47 standalone object-server[116294]: Object update sweep of d1 completed: 0.00s, 0 successes, 0 failures, 0 quarantines, 0 unlinks, 0 errors, 0 redirects
Feb 21 07:50:47 standalone object-server[114102]: Object update sweep completed: 0.09s
Feb 21 07:52:41 standalone account-server[113586]: Devices pass completed: 0.00s
Feb 21 07:53:24 standalone container-server[113779]: Begin container update sweep
Feb 21 07:53:24 standalone container-server[113779]: Container update sweep completed: 0.00s
Feb 21 07:54:32 standalone account-server[113898]: 172.20.0.100 - - [21/Feb/2026:07:54:32 +0000] "HEAD /d1/1005/.expiring_objects" 404 - "HEAD http://localhost/v1/.expiring_objects?format=json" "tx7c351eda02c84bd984028-00699964b8" "proxy-server 2" 0.0016 "-" 14 -
Feb 21 07:54:32 standalone object-expirer[113962]: Pass completed in 0s; 0 objects expired (txn: tx7c351eda02c84bd984028-00699964b8)
Feb 21 07:55:47 standalone object-server[114102]: Begin object update sweep
Feb 21 07:55:47 standalone object-server[146580]: Object update sweep starting on /srv/node/d1 (pid: 13)
Feb 21 07:55:47 standalone object-server[146580]: Object update sweep completed on /srv/node/d1 in 0.00s seconds:, 0 successes, 0 failures, 0 quarantines, 0 unlinks, 0 errors, 0 redirects (pid: 13)
Feb 21 07:55:47 standalone object-server[146580]: Object update sweep of d1 completed: 0.00s, 0 successes, 0 failures, 0 quarantines, 0 unlinks, 0 errors, 0 redirects
Feb 21 07:55:47 standalone object-server[114102]: Object update sweep completed: 0.08s
Feb 21 07:56:36 standalone proxy-server[115751]: 172.21.0.2 ::1 21/Feb/2026/07/56/36 GET /info HTTP/1.0 200 - python-urllib3/1.26.5 gAAAAABpmWUxZ6uD... - 1671 - tx352fd3d6f91b4dbf8c0c7-0069996534 - 0.4827 - - 1771660596.270783424 1771660596.753531456 -
Feb 21 07:56:42 standalone account-server[113898]: 172.20.0.100 - - [21/Feb/2026:07:56:42 +0000] "HEAD /d1/884/AUTH_eca51d87749c46c4a70c25bdad1b43f7" 404 - "HEAD http://localhost:8080/v1/AUTH_eca51d87749c46c4a70c25bdad1b43f7?format=json" "txbf4c99bf43bf4319b6e6d-006999653a" "proxy-server 21" 0.0003 "-" 14 -
Feb 21 07:56:42 standalone proxy-server[115751]: - - 21/Feb/2026/07/56/42 HEAD /v1/AUTH_eca51d87749c46c4a70c25bdad1b43f7%3Fformat%3Djson HTTP/1.0 200 - Swift - - - - txbf4c99bf43bf4319b6e6d-006999653a - 0.0049 RL - 1771660602.112535954 1771660602.117456913 -
Feb 21 07:56:42 standalone proxy-server[115751]: 172.18.0.2 ::1 21/Feb/2026/07/56/42 HEAD /v1/AUTH_eca51d87749c46c4a70c25bdad1b43f7/glance%3Fformat%3Djson HTTP/1.0 404 - python-swiftclient-3.11.1 gAAAAABpmWU6xokm... - - - txbf4c99bf43bf4319b6e6d-006999653a - 0.0597 - - 1771660602.111721992 1771660602.171378136 -
Feb 21 07:56:42 standalone account-server[113918]: 172.20.0.100 - - [21/Feb/2026:07:56:42 +0000] "PUT /d1/884/AUTH_eca51d87749c46c4a70c25bdad1b43f7" 201 - "-" "tx23e75018c7ee46dab7ca7-006999653a" "-" 0.0145 "-" 16 -
Feb 21 07:56:42 standalone proxy-server[115751]: autocreate account '/AUTH_eca51d87749c46c4a70c25bdad1b43f7' (txn: tx23e75018c7ee46dab7ca7-006999653a)
Feb 21 07:56:42 standalone account-server[113925]: 172.20.0.100 - - [21/Feb/2026:07:56:42 +0000] "HEAD /d1/884/AUTH_eca51d87749c46c4a70c25bdad1b43f7" 204 - "HEAD http://localhost:8080/v1/AUTH_eca51d87749c46c4a70c25bdad1b43f7?format=json" "tx23e75018c7ee46dab7ca7-006999653a" "proxy-server 21" 0.0022 "-" 17 -
Feb 21 07:56:42 standalone account-server[113910]: 172.20.0.100 - - [21/Feb/2026:07:56:42 +0000] "PUT /d1/884/AUTH_eca51d87749c46c4a70c25bdad1b43f7/glance" 201 - "PUT http://172.20.0.100:6001/d1/216/AUTH_eca51d87749c46c4a70c25bdad1b43f7/glance" "tx23e75018c7ee46dab7ca7-006999653a" "container-server 21" 0.0020 "-" 15 0
Feb 21 07:56:42 standalone container-server[114087]: 172.20.0.100 - - [21/Feb/2026:07:56:42 +0000] "PUT /d1/216/AUTH_eca51d87749c46c4a70c25bdad1b43f7/glance" 201 - "PUT http://localhost:8080/v1/AUTH_eca51d87749c46c4a70c25bdad1b43f7/glance" "tx23e75018c7ee46dab7ca7-006999653a" "proxy-server 21" 0.0187 "-" 21 0
Feb 21 07:56:42 standalone proxy-server[115751]: 172.18.0.2 ::1 21/Feb/2026/07/56/42 PUT /v1/AUTH_eca51d87749c46c4a70c25bdad1b43f7/glance HTTP/1.0 201 - python-swiftclient-3.11.1 gAAAAABpmWU6xokm... - - - tx23e75018c7ee46dab7ca7-006999653a - 0.0475 - - 1771660602.175875425 1771660602.223403454 0
Feb 21 07:56:42 standalone container-server[114087]: 172.20.0.100 - - [21/Feb/2026:07:56:42 +0000] "HEAD /d1/216/AUTH_eca51d87749c46c4a70c25bdad1b43f7/glance" 204 - "HEAD http://localhost:8080/v1/AUTH_eca51d87749c46c4a70c25bdad1b43f7/glance?format=json&states=listing" "txe71a112092d4409f812dc-006999653a" "proxy-server 21" 0.0023 "-" 21 0
Feb 21 07:56:42 standalone proxy-server[115751]: - - 21/Feb/2026/07/56/42 HEAD /v1/AUTH_eca51d87749c46c4a70c25bdad1b43f7/glance%3Fformat%3Djson%26states%3Dlisting HTTP/1.0 204 - Swift - - - - txe71a112092d4409f812dc-006999653a - 0.0060 RL - 1771660602.239575386 1771660602.245609522 0
Feb 21 07:56:42 standalone container-server[114093]: 172.20.0.100 - - [21/Feb/2026:07:56:42 +0000] "PUT /d1/216/AUTH_eca51d87749c46c4a70c25bdad1b43f7/glance/7af1b3a7-48a2-48a9-a98e-5ea1c5e82b49-00001" 201 - "PUT http://localhost:8080/d1/563/AUTH_eca51d87749c46c4a70c25bdad1b43f7/glance/7af1b3a7-48a2-48a9-a98e-5ea1c5e82b49-00001" "txe71a112092d4409f812dc-006999653a" "object-server 24" 0.0023 "-" 23 0
Feb 21 07:56:42 standalone object-server[114221]: 172.20.0.100 - - [21/Feb/2026:07:56:42 +0000] "PUT /d1/563/AUTH_eca51d87749c46c4a70c25bdad1b43f7/glance/7af1b3a7-48a2-48a9-a98e-5ea1c5e82b49-00001" 201 - "PUT http://localhost:8080/v1/AUTH_eca51d87749c46c4a70c25bdad1b43f7/glance/7af1b3a7-48a2-48a9-a98e-5ea1c5e82b49-00001" "txe71a112092d4409f812dc-006999653a" "proxy-server 21" 0.1953 "-" 24 0
Feb 21 07:56:42 standalone proxy-server[115751]: 172.18.0.2 ::1 21/Feb/2026/07/56/42 PUT /v1/AUTH_eca51d87749c46c4a70c25bdad1b43f7/glance/7af1b3a7-48a2-48a9-a98e-5ea1c5e82b49-00001 HTTP/1.0 201 - python-swiftclient-3.11.1 gAAAAABpmWU6xokm... 16300544 - - txe71a112092d4409f812dc-006999653a - 0.2183 - - 1771660602.230051994 1771660602.448395252 0
Feb 21 07:56:42 standalone container-server[114082]: 172.20.0.100 - - [21/Feb/2026:07:56:42 +0000] "PUT /d1/216/AUTH_eca51d87749c46c4a70c25bdad1b43f7/glance/7af1b3a7-48a2-48a9-a98e-5ea1c5e82b49" 201 - "PUT http://localhost:8080/d1/681/AUTH_eca51d87749c46c4a70c25bdad1b43f7/glance/7af1b3a7-48a2-48a9-a98e-5ea1c5e82b49" "tx53ceff4fd0b945eda1353-006999653a" "object-server 23" 0.0015 "-" 20 0
Feb 21 07:56:42 standalone object-server[114220]: 172.20.0.100 - - [21/Feb/2026:07:56:42 +0000] "PUT /d1/681/AUTH_eca51d87749c46c4a70c25bdad1b43f7/glance/7af1b3a7-48a2-48a9-a98e-5ea1c5e82b49" 201 - "PUT http://localhost:8080/v1/AUTH_eca51d87749c46c4a70c25bdad1b43f7/glance/7af1b3a7-48a2-48a9-a98e-5ea1c5e82b49" "tx53ceff4fd0b945eda1353-006999653a" "proxy-server 21" 0.0332 "-" 23 0
Feb 21 07:56:42 standalone proxy-server[115751]: 172.18.0.2 ::1 21/Feb/2026/07/56/42 PUT /v1/AUTH_eca51d87749c46c4a70c25bdad1b43f7/glance/7af1b3a7-48a2-48a9-a98e-5ea1c5e82b49 HTTP/1.0 201 - python-swiftclient-3.11.1 gAAAAABpmWU6xokm... - - - tx53ceff4fd0b945eda1353-006999653a - 0.0417 - - 1771660602.455941439 1771660602.497650146 0
Feb 21 07:56:43 standalone container-server[114091]: 172.20.0.100 - - [21/Feb/2026:07:56:43 +0000] "HEAD /d1/216/AUTH_eca51d87749c46c4a70c25bdad1b43f7/glance" 204 - "HEAD http://localhost:8080/v1/AUTH_eca51d87749c46c4a70c25bdad1b43f7/glance?format=json&states=listing" "tx23568f247d9645a5814b7-006999653b" "proxy-server 21" 0.0208 "-" 22 0
Feb 21 07:56:43 standalone proxy-server[115751]: 172.18.0.2 ::1 21/Feb/2026/07/56/43 HEAD /v1/AUTH_eca51d87749c46c4a70c25bdad1b43f7/glance%3Fformat%3Djson%26states%3Dlisting HTTP/1.0 204 - python-swiftclient-3.11.1 gAAAAABpmWU7WlSP... - - - tx23568f247d9645a5814b7-006999653b - 0.0719 - - 1771660603.082892179 1771660603.154774666 0
Feb 21 07:56:43 standalone container-server[114093]: 172.20.0.100 - - [21/Feb/2026:07:56:43 +0000] "PUT /d1/216/AUTH_eca51d87749c46c4a70c25bdad1b43f7/glance/a8bfd448-4d2d-4099-b3d9-2b3cc9af097f-00001" 201 - "PUT http://localhost:8080/d1/868/AUTH_eca51d87749c46c4a70c25bdad1b43f7/glance/a8bfd448-4d2d-4099-b3d9-2b3cc9af097f-00001" "tx8471da5c1cd14c6898cbd-006999653b" "object-server 23" 0.0007 "-" 23 0
Feb 21 07:56:43 standalone object-server[114220]: 172.20.0.100 - - [21/Feb/2026:07:56:43 +0000] "PUT /d1/868/AUTH_eca51d87749c46c4a70c25bdad1b43f7/glance/a8bfd448-4d2d-4099-b3d9-2b3cc9af097f-00001" 201 - "PUT http://localhost:8080/v1/AUTH_eca51d87749c46c4a70c25bdad1b43f7/glance/a8bfd448-4d2d-4099-b3d9-2b3cc9af097f-00001" "tx8471da5c1cd14c6898cbd-006999653b" "proxy-server 21" 0.1591 "-" 23 0
Feb 21 07:56:43 standalone proxy-server[115751]: 172.18.0.2 ::1 21/Feb/2026/07/56/43 PUT /v1/AUTH_eca51d87749c46c4a70c25bdad1b43f7/glance/a8bfd448-4d2d-4099-b3d9-2b3cc9af097f-00001 HTTP/1.0 201 - python-swiftclient-3.11.1 gAAAAABpmWU7WlSP... 16300544 - - tx8471da5c1cd14c6898cbd-006999653b - 0.1684 - - 1771660603.163212538 1771660603.331577301 0
Feb 21 07:56:43 standalone container-server[114093]: 172.20.0.100 - - [21/Feb/2026:07:56:43 +0000] "PUT /d1/216/AUTH_eca51d87749c46c4a70c25bdad1b43f7/glance/a8bfd448-4d2d-4099-b3d9-2b3cc9af097f" 201 - "PUT http://localhost:8080/d1/426/AUTH_eca51d87749c46c4a70c25bdad1b43f7/glance/a8bfd448-4d2d-4099-b3d9-2b3cc9af097f" "txfcbbf3f27098416f83951-006999653b" "object-server 25" 0.0007 "-" 23 0
Feb 21 07:56:43 standalone object-server[114222]: 172.20.0.100 - - [21/Feb/2026:07:56:43 +0000] "PUT /d1/426/AUTH_eca51d87749c46c4a70c25bdad1b43f7/glance/a8bfd448-4d2d-4099-b3d9-2b3cc9af097f" 201 - "PUT http://localhost:8080/v1/AUTH_eca51d87749c46c4a70c25bdad1b43f7/glance/a8bfd448-4d2d-4099-b3d9-2b3cc9af097f" "txfcbbf3f27098416f83951-006999653b" "proxy-server 21" 0.0241 "-" 25 0
Feb 21 07:56:43 standalone proxy-server[115751]: 172.18.0.2 ::1 21/Feb/2026/07/56/43 PUT /v1/AUTH_eca51d87749c46c4a70c25bdad1b43f7/glance/a8bfd448-4d2d-4099-b3d9-2b3cc9af097f HTTP/1.0 201 - python-swiftclient-3.11.1 gAAAAABpmWU7WlSP... - - - txfcbbf3f27098416f83951-006999653b - 0.0318 - - 1771660603.336316586 1771660603.368087530 0
Feb 21 07:56:45 standalone account-server[113925]: 172.20.0.100 - - [21/Feb/2026:07:56:45 +0000] "HEAD /d1/1005/.expiring_objects" 404 - "HEAD http://localhost/v1/.expiring_objects?format=json" "txf2046129d226402b8f892-006999653d" "proxy-server 2" 0.0008 "-" 17 -
Feb 21 07:56:45 standalone object-expirer[113962]: Pass completed in 0s; 0 objects expired (txn: txf2046129d226402b8f892-006999653d)
Feb 21 07:58:24 standalone container-server[113779]: Begin container update sweep
Feb 21 07:58:24 standalone account-server[113918]: 172.20.0.100 - - [21/Feb/2026:07:58:24 +0000] "PUT /d1/884/AUTH_eca51d87749c46c4a70c25bdad1b43f7/glance" 201 - "-" "-" "container-updater 2" 0.0010 "-" 16 0
Feb 21 07:58:24 standalone container-server[113779]: Container update sweep completed: 0.12s
Feb 21 07:58:34 standalone account-server[113910]: 172.20.0.100 - - [21/Feb/2026:07:58:34 +0000] "HEAD /d1/1005/.expiring_objects" 404 - "HEAD http://localhost/v1/.expiring_objects?format=json" "tx18cf6535d49745fda67b1-00699965aa" "proxy-server 2" 0.0039 "-" 15 -
Feb 21 07:58:34 standalone object-expirer[113962]: Pass completed in 0s; 0 objects expired (txn: tx18cf6535d49745fda67b1-00699965aa)
Feb 21 07:59:17 standalone account-server[113918]: 172.20.0.100 - - [21/Feb/2026:07:59:17 +0000] "HEAD /d1/1005/.expiring_objects" 404 - "HEAD http://localhost/v1/.expiring_objects?format=json" "tx87ff58172fb546c98c8a5-00699965d5" "proxy-server 2" 0.0018 "-" 16 -
Feb 21 07:59:17 standalone object-expirer[113962]: Pass completed in 0s; 0 objects expired (txn: tx87ff58172fb546c98c8a5-00699965d5)
Feb 21 08:00:47 standalone object-server[114102]: Begin object update sweep
Feb 21 08:00:47 standalone object-server[171823]: Object update sweep starting on /srv/node/d1 (pid: 14)
Feb 21 08:00:47 standalone object-server[171823]: Object update sweep completed on /srv/node/d1 in 0.00s seconds:, 0 successes, 0 failures, 0 quarantines, 0 unlinks, 0 errors, 0 redirects (pid: 14)
Feb 21 08:00:47 standalone object-server[171823]: Object update sweep of d1 completed: 0.00s, 0 successes, 0 failures, 0 quarantines, 0 unlinks, 0 errors, 0 redirects
Feb 21 08:00:47 standalone object-server[114102]: Object update sweep completed: 0.10s
Feb 21 08:01:52 standalone account-server[113925]: 172.20.0.100 - - [21/Feb/2026:08:01:52 +0000] "HEAD /d1/884/AUTH_eca51d87749c46c4a70c25bdad1b43f7" 204 - "HEAD http://localhost:8080/v1/AUTH_eca51d87749c46c4a70c25bdad1b43f7?format=json" "tx3e2fce0e475c4b1eac9d2-0069996670" "proxy-server 21" 0.0086 "-" 17 -
Feb 21 08:01:52 standalone proxy-server[115751]: - - 21/Feb/2026/08/01/52 HEAD /v1/AUTH_eca51d87749c46c4a70c25bdad1b43f7%3Fformat%3Djson HTTP/1.0 204 - Swift - - - - tx3e2fce0e475c4b1eac9d2-0069996670 - 0.0132 RL - 1771660912.852733374 1771660912.865943909 -
Feb 21 08:01:52 standalone container-server[114091]: 172.20.0.100 - - [21/Feb/2026:08:01:52 +0000] "HEAD /d1/216/AUTH_eca51d87749c46c4a70c25bdad1b43f7/glance" 204 - "HEAD http://localhost:8080/v1/AUTH_eca51d87749c46c4a70c25bdad1b43f7/glance?format=json&states=listing" "tx3e2fce0e475c4b1eac9d2-0069996670" "proxy-server 21" 0.0017 "-" 22 0
Feb 21 08:01:52 standalone proxy-server[115751]: 172.18.0.2 ::1 21/Feb/2026/08/01/52 HEAD /v1/AUTH_eca51d87749c46c4a70c25bdad1b43f7/glance%3Fformat%3Djson%26states%3Dlisting HTTP/1.0 204 - python-swiftclient-3.11.1 gAAAAABpmWZwpD8N... - - - tx3e2fce0e475c4b1eac9d2-0069996670 - 0.1220 - - 1771660912.851821661 1771660912.973825932 0
Feb 21 08:01:56 standalone container-server[114091]: 172.20.0.100 - - [21/Feb/2026:08:01:56 +0000] "PUT /d1/216/AUTH_eca51d87749c46c4a70c25bdad1b43f7/glance/ef5d306a-b560-4e90-9f9d-28937dae3617-00001" 201 - "PUT http://localhost:8080/d1/371/AUTH_eca51d87749c46c4a70c25bdad1b43f7/glance/ef5d306a-b560-4e90-9f9d-28937dae3617-00001" "tx6d5a4dc624224b0f8e7b1-0069996670" "object-server 24" 0.0013 "-" 22 0
Feb 21 08:01:56 standalone object-server[114221]: 172.20.0.100 - - [21/Feb/2026:08:01:56 +0000] "PUT /d1/371/AUTH_eca51d87749c46c4a70c25bdad1b43f7/glance/ef5d306a-b560-4e90-9f9d-28937dae3617-00001" 201 - "PUT http://localhost:8080/v1/AUTH_eca51d87749c46c4a70c25bdad1b43f7/glance/ef5d306a-b560-4e90-9f9d-28937dae3617-00001" "tx6d5a4dc624224b0f8e7b1-0069996670" "proxy-server 21" 3.5784 "-" 24 0
Feb 21 08:01:56 standalone proxy-server[115751]: 172.18.0.2 ::1 21/Feb/2026/08/01/56 PUT /v1/AUTH_eca51d87749c46c4a70c25bdad1b43f7/glance/ef5d306a-b560-4e90-9f9d-28937dae3617-00001 HTTP/1.0 201 - python-swiftclient-3.11.1 gAAAAABpmWZwpD8N... 21692416 - - tx6d5a4dc624224b0f8e7b1-0069996670 - 3.5985 - - 1771660912.986383200 1771660916.584901810 0
Feb 21 08:01:56 standalone container-server[114091]: 172.20.0.100 - - [21/Feb/2026:08:01:56 +0000] "PUT /d1/216/AUTH_eca51d87749c46c4a70c25bdad1b43f7/glance/ef5d306a-b560-4e90-9f9d-28937dae3617" 201 - "PUT http://localhost:8080/d1/30/AUTH_eca51d87749c46c4a70c25bdad1b43f7/glance/ef5d306a-b560-4e90-9f9d-28937dae3617" "tx57645b6a3c8d4ecab20f6-0069996674" "object-server 24" 0.0006 "-" 22 0
Feb 21 08:01:56 standalone object-server[114221]: 172.20.0.100 - - [21/Feb/2026:08:01:56 +0000] "PUT /d1/30/AUTH_eca51d87749c46c4a70c25bdad1b43f7/glance/ef5d306a-b560-4e90-9f9d-28937dae3617" 201 - "PUT http://localhost:8080/v1/AUTH_eca51d87749c46c4a70c25bdad1b43f7/glance/ef5d306a-b560-4e90-9f9d-28937dae3617" "tx57645b6a3c8d4ecab20f6-0069996674" "proxy-server 21" 0.0096 "-" 24 0
Feb 21 08:01:56 standalone proxy-server[115751]: 172.18.0.2 ::1 21/Feb/2026/08/01/56 PUT /v1/AUTH_eca51d87749c46c4a70c25bdad1b43f7/glance/ef5d306a-b560-4e90-9f9d-28937dae3617 HTTP/1.0 201 - python-swiftclient-3.11.1 gAAAAABpmWZwpD8N... - - - tx57645b6a3c8d4ecab20f6-0069996674 - 0.0144 - - 1771660916.590885401 1771660916.605333805 0
Feb 21 08:03:04 standalone account-server[113918]: 172.20.0.100 - - [21/Feb/2026:08:03:04 +0000] "HEAD /d1/884/AUTH_eca51d87749c46c4a70c25bdad1b43f7" 204 - "HEAD http://localhost:8080/v1/AUTH_eca51d87749c46c4a70c25bdad1b43f7?format=json" "txa963c4b8549f4a8583431-00699966b8" "proxy-server 21" 0.0015 "-" 16 -
Feb 21 08:03:04 standalone proxy-server[115751]: - - 21/Feb/2026/08/03/04 HEAD /v1/AUTH_eca51d87749c46c4a70c25bdad1b43f7%3Fformat%3Djson HTTP/1.0 204 - Swift - - - - txa963c4b8549f4a8583431-00699966b8 - 0.0082 RL - 1771660984.597758770 1771660984.606001616 -
Feb 21 08:03:04 standalone container-server[114091]: 172.20.0.100 - - [21/Feb/2026:08:03:04 +0000] "HEAD /d1/216/AUTH_eca51d87749c46c4a70c25bdad1b43f7/glance" 204 - "HEAD http://localhost:8080/v1/AUTH_eca51d87749c46c4a70c25bdad1b43f7/glance?format=json&states=listing" "txa963c4b8549f4a8583431-00699966b8" "proxy-server 21" 0.0093 "-" 22 0
Feb 21 08:03:04 standalone object-server[114221]: 172.20.0.100 - - [21/Feb/2026:08:03:04 +0000] "GET /d1/30/AUTH_eca51d87749c46c4a70c25bdad1b43f7/glance/ef5d306a-b560-4e90-9f9d-28937dae3617" 200 - "GET http://localhost:8080/v1/AUTH_eca51d87749c46c4a70c25bdad1b43f7/glance/ef5d306a-b560-4e90-9f9d-28937dae3617" "txa963c4b8549f4a8583431-00699966b8" "proxy-server 21" 0.0014 "-" 24 0
Feb 21 08:03:04 standalone container-server[114087]: 172.20.0.100 - - [21/Feb/2026:08:03:04 +0000] "GET /d1/216/AUTH_eca51d87749c46c4a70c25bdad1b43f7/glance" 200 210 "GET http://localhost:8080/v1/AUTH_eca51d87749c46c4a70c25bdad1b43f7/glance?prefix=ef5d306a-b560-4e90-9f9d-28937dae3617-&format=json&states=listing" "txa963c4b8549f4a8583431-00699966b8" "proxy-server 21" 0.0030 "-" 21 0
Feb 21 08:03:04 standalone proxy-server[115751]: - - 21/Feb/2026/08/03/04 GET /v1/AUTH_eca51d87749c46c4a70c25bdad1b43f7/glance%3Fprefix%3Def5d306a-b560-4e90-9f9d-28937dae3617-%26format%3Djson%26states%3Dlisting HTTP/1.0 200 - python-swiftclient-3.11.1%20DLO%20MultipartGET gAAAAABpmWa4EwXK... - 210 - txa963c4b8549f4a8583431-00699966b8 - 0.0075 DLO - 1771660984.723046064 1771660984.730513334 0
Feb 21 08:03:04 standalone object-server[114220]: 172.20.0.100 - - [21/Feb/2026:08:03:04 +0000] "GET /d1/371/AUTH_eca51d87749c46c4a70c25bdad1b43f7/glance/ef5d306a-b560-4e90-9f9d-28937dae3617-00001" 200 21692416 "GET http://localhost:8080/v1/AUTH_eca51d87749c46c4a70c25bdad1b43f7/glance/ef5d306a-b560-4e90-9f9d-28937dae3617-00001?multipart-manifest=get" "txa963c4b8549f4a8583431-00699966b8" "proxy-server 21" 0.0008 "-" 23 0
Feb 21 08:03:04 standalone proxy-server[115751]: - - 21/Feb/2026/08/03/04 GET /v1/AUTH_eca51d87749c46c4a70c25bdad1b43f7/glance/ef5d306a-b560-4e90-9f9d-28937dae3617-00001%3Fmultipart-manifest%3Dget HTTP/1.0 200 - python-swiftclient-3.11.1%20%20DLO%20MultipartGET gAAAAABpmWa4EwXK... - 21692416 - txa963c4b8549f4a8583431-00699966b8 - 0.1971 DLO - 1771660984.731140375 1771660984.928197861 0
Feb 21 08:03:04 standalone proxy-server[115751]: 172.18.0.2 ::1 21/Feb/2026/08/03/04 GET /v1/AUTH_eca51d87749c46c4a70c25bdad1b43f7/glance/ef5d306a-b560-4e90-9f9d-28937dae3617 HTTP/1.0 200 - python-swiftclient-3.11.1 gAAAAABpmWa4EwXK... - 21692416 - txa963c4b8549f4a8583431-00699966b8 - 0.3330 - - 1771660984.596405029 1771660984.929366589 0
Feb 21 08:03:24 standalone container-server[113779]: Begin container update sweep
Feb 21 08:03:24 standalone account-server[113918]: 172.20.0.100 - - [21/Feb/2026:08:03:24 +0000] "PUT /d1/884/AUTH_eca51d87749c46c4a70c25bdad1b43f7/glance" 201 - "-" "-" "container-updater 2" 0.0008 "-" 16 0
Feb 21 08:03:25 standalone container-server[113779]: Container update sweep completed: 0.09s
Feb 21 08:03:58 standalone account-server[113918]: 172.20.0.100 - - [21/Feb/2026:08:03:58 +0000] "HEAD /d1/1005/.expiring_objects" 404 - "HEAD http://localhost/v1/.expiring_objects?format=json" "tx58fb4389e73e41728b558-00699966ee" "proxy-server 2" 0.0008 "-" 16 -
Feb 21 08:03:58 standalone object-expirer[113962]: Pass completed in 0s; 0 objects expired (txn: tx58fb4389e73e41728b558-00699966ee)
Feb 21 08:05:47 standalone object-server[114102]: Begin object update sweep
Feb 21 08:05:47 standalone object-server[198120]: Object update sweep starting on /srv/node/d1 (pid: 15)
Feb 21 08:05:47 standalone object-server[198120]: Object update sweep completed on /srv/node/d1 in 0.00s seconds:, 0 successes, 0 failures, 0 quarantines, 0 unlinks, 0 errors, 0 redirects (pid: 15)
Feb 21 08:05:47 standalone object-server[198120]: Object update sweep of d1 completed: 0.00s, 0 successes, 0 failures, 0 quarantines, 0 unlinks, 0 errors, 0 redirects
Feb 21 08:05:47 standalone object-server[114102]: Object update sweep completed: 0.12s
Feb 21 08:05:57 standalone account-server[113898]: 172.20.0.100 - - [21/Feb/2026:08:05:57 +0000] "HEAD /d1/1005/.expiring_objects" 404 - "HEAD http://localhost/v1/.expiring_objects?format=json" "txe6e23ce434694e46b08fb-0069996765" "proxy-server 2" 0.0004 "-" 14 -
Feb 21 08:05:57 standalone object-expirer[113962]: Pass completed in 0s; 0 objects expired (txn: txe6e23ce434694e46b08fb-0069996765)
Feb 21 08:07:34 standalone account-server[113925]: 172.20.0.100 - - [21/Feb/2026:08:07:34 +0000] "HEAD /d1/1005/.expiring_objects" 404 - "HEAD http://localhost/v1/.expiring_objects?format=json" "txfc8bfb98cdd74307a82c9-00699967c6" "proxy-server 2" 0.0009 "-" 17 -
Feb 21 08:07:34 standalone object-expirer[113962]: Pass completed in 0s; 0 objects expired (txn: txfc8bfb98cdd74307a82c9-00699967c6)
Feb 21 08:08:25 standalone container-server[113779]: Begin container update sweep
Feb 21 08:08:25 standalone container-server[113779]: Container update sweep completed: 0.11s
Feb 21 08:09:26 standalone account-server[113925]: 172.20.0.100 - - [21/Feb/2026:08:09:26 +0000] "HEAD /d1/1005/.expiring_objects" 404 - "HEAD http://localhost/v1/.expiring_objects?format=json" "tx57de9d46babf4910bae9f-0069996836" "proxy-server 2" 0.0009 "-" 17 -
Feb 21 08:09:26 standalone object-expirer[113962]: Pass completed in 0s; 0 objects expired (txn: tx57de9d46babf4910bae9f-0069996836)
Feb 21 08:10:47 standalone object-server[114102]: Begin object update sweep
Feb 21 08:10:47 standalone object-server[224327]: Object update sweep starting on /srv/node/d1 (pid: 16)
Feb 21 08:10:47 standalone object-server[224327]: Object update sweep completed on /srv/node/d1 in 0.00s seconds:, 0 successes, 0 failures, 0 quarantines, 0 unlinks, 0 errors, 0 redirects (pid: 16)
Feb 21 08:10:47 standalone object-server[224327]: Object update sweep of d1 completed: 0.00s, 0 successes, 0 failures, 0 quarantines, 0 unlinks, 0 errors, 0 redirects
Feb 21 08:10:47 standalone object-server[114102]: Object update sweep completed: 0.08s
Feb 21 08:11:43 standalone account-server[113918]: 172.20.0.100 - - [21/Feb/2026:08:11:43 +0000] "HEAD /d1/1005/.expiring_objects" 404 - "HEAD http://localhost/v1/.expiring_objects?format=json" "tx4a3a5dcfce0a41b694171-00699968bf" "proxy-server 2" 0.0006 "-" 16 -
Feb 21 08:11:43 standalone object-expirer[113962]: Pass completed in 0s; 0 objects expired (txn: tx4a3a5dcfce0a41b694171-00699968bf)
Feb 21 08:13:25 standalone container-server[113779]: Begin container update sweep
Feb 21 08:13:25 standalone container-server[113779]: Container update sweep completed: 0.08s
Feb 21 08:14:36 standalone account-server[113918]: 172.20.0.100 - - [21/Feb/2026:08:14:36 +0000] "HEAD /d1/1005/.expiring_objects" 404 - "HEAD http://localhost/v1/.expiring_objects?format=json" "tx74b28e5fecc247a780c32-006999696c" "proxy-server 2" 0.0006 "-" 16 -
Feb 21 08:14:36 standalone object-expirer[113962]: Pass completed in 0s; 0 objects expired (txn: tx74b28e5fecc247a780c32-006999696c)
Feb 21 08:15:47 standalone object-server[114102]: Begin object update sweep
Feb 21 08:15:47 standalone object-server[243894]: Object update sweep starting on /srv/node/d1 (pid: 17)
Feb 21 08:15:47 standalone object-server[243894]: Object update sweep completed on /srv/node/d1 in 0.00s seconds:, 0 successes, 0 failures, 0 quarantines, 0 unlinks, 0 errors, 0 redirects (pid: 17)
Feb 21 08:15:47 standalone object-server[243894]: Object update sweep of d1 completed: 0.00s, 0 successes, 0 failures, 0 quarantines, 0 unlinks, 0 errors, 0 redirects
Feb 21 08:15:47 standalone object-server[114102]: Object update sweep completed: 0.09s
Feb 21 08:15:58 standalone account-server[113925]: 172.20.0.30 - - [21/Feb/2026:08:15:58 +0000] "HEAD /d1/52/AUTH_d4b820ed4cc340cebfc5c65825a4bff4" 404 - "HEAD http://swift-public-openstack.apps-crc.testing/v1/AUTH_d4b820ed4cc340cebfc5c65825a4bff4?format=json" "tx8e5199b4a1314053a35f0-00699969be" "proxy-server 13" 0.0009 "-" 17 -
Feb 21 08:15:58 standalone account-server[113898]: 172.20.0.100 - - [21/Feb/2026:08:15:58 +0000] "HEAD /d1/1005/.expiring_objects" 404 - "HEAD http://localhost/v1/.expiring_objects?format=json" "tx22eca5b95e0d45a0a3f20-00699969be" "proxy-server 2" 0.0003 "-" 14 -
Feb 21 08:15:58 standalone object-expirer[113962]: Pass completed in 0s; 0 objects expired (txn: tx22eca5b95e0d45a0a3f20-00699969be)
Feb 21 08:15:58 standalone account-server[113898]: 172.20.0.30 - - [21/Feb/2026:08:15:58 +0000] "GET /d1/52/AUTH_d4b820ed4cc340cebfc5c65825a4bff4" 404 - "GET http://swift-public-openstack.apps-crc.testing/v1/AUTH_d4b820ed4cc340cebfc5c65825a4bff4?format=json" "tx8e5199b4a1314053a35f0-00699969be" "proxy-server 13" 0.0005 "-" 14 -
Feb 21 08:18:25 standalone container-server[113779]: Begin container update sweep
Feb 21 08:18:25 standalone container-server[113779]: Container update sweep completed: 0.12s
Feb 21 08:19:06 standalone account-server[113910]: 172.20.0.100 - - [21/Feb/2026:08:19:06 +0000] "HEAD /d1/1005/.expiring_objects" 404 - "HEAD http://localhost/v1/.expiring_objects?format=json" "txc077e21cd35c4734b360e-0069996a7a" "proxy-server 2" 0.0005 "-" 15 -
Feb 21 08:19:06 standalone object-expirer[113962]: Pass completed in 0s; 0 objects expired (txn: txc077e21cd35c4734b360e-0069996a7a)
Feb 21 08:20:47 standalone object-server[114102]: Begin object update sweep
Feb 21 08:20:47 standalone object-server[263227]: Object update sweep starting on /srv/node/d1 (pid: 18)
Feb 21 08:20:47 standalone object-server[263227]: Object update sweep completed on /srv/node/d1 in 0.00s seconds:, 0 successes, 0 failures, 0 quarantines, 0 unlinks, 0 errors, 0 redirects (pid: 18)
Feb 21 08:20:47 standalone object-server[263227]: Object update sweep of d1 completed: 0.00s, 0 successes, 0 failures, 0 quarantines, 0 unlinks, 0 errors, 0 redirects
Feb 21 08:20:47 standalone object-server[114102]: Object update sweep completed: 0.08s
Feb 21 08:22:30 standalone account-server[113910]: 172.20.0.100 - - [21/Feb/2026:08:22:30 +0000] "HEAD /d1/1005/.expiring_objects" 404 - "HEAD http://localhost/v1/.expiring_objects?format=json" "tx11027913fc99465a80a20-0069996b45" "proxy-server 2" 0.0014 "-" 15 -
Feb 21 08:22:30 standalone object-expirer[113962]: Pass completed in 0s; 0 objects expired (txn: tx11027913fc99465a80a20-0069996b45)
Feb 21 08:23:25 standalone container-server[113779]: Begin container update sweep
Feb 21 08:23:25 standalone container-server[113779]: Container update sweep completed: 0.10s
Feb 21 08:24:22 standalone account-server[113898]: 172.20.0.100 - - [21/Feb/2026:08:24:22 +0000] "HEAD /d1/1005/.expiring_objects" 404 - "HEAD http://localhost/v1/.expiring_objects?format=json" "txec4c6d71c71249a99fc09-0069996bb6" "proxy-server 2" 0.0012 "-" 14 -
Feb 21 08:24:22 standalone object-expirer[113962]: Pass completed in 0s; 0 objects expired (txn: txec4c6d71c71249a99fc09-0069996bb6)
Feb 21 08:25:47 standalone object-server[114102]: Begin object update sweep
Feb 21 08:25:47 standalone object-server[282534]: Object update sweep starting on /srv/node/d1 (pid: 19)
Feb 21 08:25:47 standalone object-server[282534]: Object update sweep completed on /srv/node/d1 in 0.00s seconds:, 0 successes, 0 failures, 0 quarantines, 0 unlinks, 0 errors, 0 redirects (pid: 19)
Feb 21 08:25:47 standalone object-server[282534]: Object update sweep of d1 completed: 0.00s, 0 successes, 0 failures, 0 quarantines, 0 unlinks, 0 errors, 0 redirects
Feb 21 08:25:47 standalone object-server[114102]: Object update sweep completed: 0.10s
Feb 21 08:28:14 standalone account-server[113918]: 172.20.0.100 - - [21/Feb/2026:08:28:14 +0000] "HEAD /d1/1005/.expiring_objects" 404 - "HEAD http://localhost/v1/.expiring_objects?format=json" "tx13c6ebcf76ca442ca341b-0069996c9e" "proxy-server 2" 0.0008 "-" 16 -
Feb 21 08:28:14 standalone object-expirer[113962]: Pass completed in 0s; 0 objects expired (txn: tx13c6ebcf76ca442ca341b-0069996c9e)
Feb 21 08:28:25 standalone container-server[113779]: Begin container update sweep
Feb 21 08:28:25 standalone container-server[113779]: Container update sweep completed: 0.08s
Feb 21 08:28:41 standalone account-server[113910]: 172.20.0.30 - - [21/Feb/2026:08:28:41 +0000] "HEAD /d1/7/AUTH_29ff3be987ea4a6c8e3a7bf318cd58ae" 404 - "HEAD http://swift-internal.openstack.svc:8080/v1/AUTH_29ff3be987ea4a6c8e3a7bf318cd58ae?format=json" "tx463ed301be984b32a56bf-0069996cb8" "proxy-server 5" 0.0007 "-" 15 -
Feb 21 08:28:43 standalone account-server[113910]: 172.20.0.30 - - [21/Feb/2026:08:28:43 +0000] "GET /d1/7/AUTH_29ff3be987ea4a6c8e3a7bf318cd58ae" 404 - "GET http://swift-internal.openstack.svc:8080/v1/AUTH_29ff3be987ea4a6c8e3a7bf318cd58ae?format=json" "tx1c7ce8bc9bf1468997c8b-0069996cba" "proxy-server 7" 0.0010 "-" 15 -
Feb 21 08:28:43 standalone account-server[113918]: 172.20.0.30 - - [21/Feb/2026:08:28:43 +0000] "HEAD /d1/207/AUTH_3cc3d5fc94e4421a92c734f137d9f0bf" 404 - "HEAD http://swift-internal.openstack.svc:8080/v1/AUTH_3cc3d5fc94e4421a92c734f137d9f0bf?format=json" "txf81b34ac318d427f861d3-0069996cbb" "proxy-server 7" 0.0011 "-" 16 -
Feb 21 08:28:43 standalone account-server[113925]: 172.20.0.30 - - [21/Feb/2026:08:28:43 +0000] "GET /d1/207/AUTH_3cc3d5fc94e4421a92c734f137d9f0bf" 404 - "GET http://swift-internal.openstack.svc:8080/v1/AUTH_3cc3d5fc94e4421a92c734f137d9f0bf?format=json" "txf81b34ac318d427f861d3-0069996cbb" "proxy-server 7" 0.0005 "-" 17 -
Feb 21 08:28:43 standalone account-server[113918]: 172.20.0.30 - - [21/Feb/2026:08:28:43 +0000] "HEAD /d1/52/AUTH_d4b820ed4cc340cebfc5c65825a4bff4" 404 - "HEAD http://swift-internal.openstack.svc:8080/v1/AUTH_d4b820ed4cc340cebfc5c65825a4bff4?format=json" "tx58f5004e1fc04e15ac540-0069996cbb" "proxy-server 10" 0.0004 "-" 16 -
Feb 21 08:28:43 standalone account-server[113898]: 172.20.0.30 - - [21/Feb/2026:08:28:43 +0000] "GET /d1/52/AUTH_d4b820ed4cc340cebfc5c65825a4bff4" 404 - "GET http://swift-internal.openstack.svc:8080/v1/AUTH_d4b820ed4cc340cebfc5c65825a4bff4?format=json" "tx58f5004e1fc04e15ac540-0069996cbb" "proxy-server 10" 0.0006 "-" 14 -
Feb 21 08:28:43 standalone account-server[113925]: 172.20.0.30 - - [21/Feb/2026:08:28:43 +0000] "HEAD /d1/884/AUTH_eca51d87749c46c4a70c25bdad1b43f7" 204 - "HEAD http://swift-internal.openstack.svc:8080/v1/AUTH_eca51d87749c46c4a70c25bdad1b43f7?format=json" "tx5f63aab35de84e89b1849-0069996cbb" "proxy-server 10" 0.0116 "-" 17 -
Feb 21 08:28:43 standalone account-server[113925]: 172.20.0.30 - - [21/Feb/2026:08:28:43 +0000] "GET /d1/884/AUTH_eca51d87749c46c4a70c25bdad1b43f7" 200 98 "GET http://swift-internal.openstack.svc:8080/v1/AUTH_eca51d87749c46c4a70c25bdad1b43f7?format=json" "tx5f63aab35de84e89b1849-0069996cbb" "proxy-server 10" 0.0021 "-" 17 -
Feb 21 08:28:44 standalone account-server[113918]: 172.20.0.30 - - [21/Feb/2026:08:28:44 +0000] "HEAD /d1/7/AUTH_29ff3be987ea4a6c8e3a7bf318cd58ae" 404 - "HEAD http://swift-internal.openstack.svc:8080/v1/AUTH_29ff3be987ea4a6c8e3a7bf318cd58ae?format=json" "tx980ae6967d194026b4a30-0069996cbc" "proxy-server 7" 0.0006 "-" 16 -
Feb 21 08:28:44 standalone account-server[113925]: 172.20.0.30 - - [21/Feb/2026:08:28:44 +0000] "HEAD /d1/207/AUTH_3cc3d5fc94e4421a92c734f137d9f0bf" 404 - "HEAD http://swift-internal.openstack.svc:8080/v1/AUTH_3cc3d5fc94e4421a92c734f137d9f0bf?format=json" "txbd329194ffbb4f70abc89-0069996cbc" "proxy-server 10" 0.0005 "-" 17 -
Feb 21 08:28:44 standalone account-server[113898]: 172.20.0.30 - - [21/Feb/2026:08:28:44 +0000] "HEAD /d1/52/AUTH_d4b820ed4cc340cebfc5c65825a4bff4" 404 - "HEAD http://swift-internal.openstack.svc:8080/v1/AUTH_d4b820ed4cc340cebfc5c65825a4bff4?format=json" "tx299b9b446c5f40af86e87-0069996cbc" "proxy-server 13" 0.0006 "-" 14 -
Feb 21 08:28:44 standalone account-server[113898]: 172.20.0.30 - - [21/Feb/2026:08:28:44 +0000] "HEAD /d1/884/AUTH_eca51d87749c46c4a70c25bdad1b43f7" 204 - "HEAD http://swift-internal.openstack.svc:8080/v1/AUTH_eca51d87749c46c4a70c25bdad1b43f7?format=json" "tx013cc51082b9426680da7-0069996cbc" "proxy-server 13" 0.0041 "-" 14 -
Feb 21 08:29:12 standalone account-server[113925]: 172.20.0.30 - - [21/Feb/2026:08:29:12 +0000] "HEAD /d1/7/AUTH_29ff3be987ea4a6c8e3a7bf318cd58ae" 404 - "HEAD http://swift-internal.openstack.svc:8080/v1/AUTH_29ff3be987ea4a6c8e3a7bf318cd58ae?format=json" "tx7fa0fe8dcd8b494784c5c-0069996cd7" "proxy-server 8" 0.0004 "-" 17 -
Feb 21 08:29:12 standalone account-server[113925]: 172.20.0.30 - - [21/Feb/2026:08:29:12 +0000] "HEAD /d1/207/AUTH_3cc3d5fc94e4421a92c734f137d9f0bf" 404 - "HEAD http://swift-internal.openstack.svc:8080/v1/AUTH_3cc3d5fc94e4421a92c734f137d9f0bf?format=json" "txd73a438345fa4cf08ede9-0069996cd8" "proxy-server 13" 0.0006 "-" 17 -
Feb 21 08:29:12 standalone account-server[113898]: 172.20.0.30 - - [21/Feb/2026:08:29:12 +0000] "HEAD /d1/52/AUTH_d4b820ed4cc340cebfc5c65825a4bff4" 404 - "HEAD http://swift-internal.openstack.svc:8080/v1/AUTH_d4b820ed4cc340cebfc5c65825a4bff4?format=json" "txd21908cbd066412f97a1f-0069996cd8" "proxy-server 8" 0.0006 "-" 14 -
Feb 21 08:29:12 standalone account-server[113898]: 172.20.0.30 - - [21/Feb/2026:08:29:12 +0000] "HEAD /d1/884/AUTH_eca51d87749c46c4a70c25bdad1b43f7" 204 - "HEAD http://swift-internal.openstack.svc:8080/v1/AUTH_eca51d87749c46c4a70c25bdad1b43f7?format=json" "tx59922f6c98ac4accbb75e-0069996cd8" "proxy-server 13" 0.0026 "-" 14 -
Feb 21 08:29:12 standalone account-server[113925]: 172.20.0.30 - - [21/Feb/2026:08:29:12 +0000] "GET /d1/7/AUTH_29ff3be987ea4a6c8e3a7bf318cd58ae" 404 - "GET http://swift-internal.openstack.svc:8080/v1/AUTH_29ff3be987ea4a6c8e3a7bf318cd58ae?format=json" "tx42b7656dffc44290b3ca0-0069996cd8" "proxy-server 8" 0.0004 "-" 17 -
Feb 21 08:29:12 standalone account-server[113898]: 172.20.0.30 - - [21/Feb/2026:08:29:12 +0000] "GET /d1/207/AUTH_3cc3d5fc94e4421a92c734f137d9f0bf" 404 - "GET http://swift-internal.openstack.svc:8080/v1/AUTH_3cc3d5fc94e4421a92c734f137d9f0bf?format=json" "txc7401a52495349ae97b5b-0069996cd8" "proxy-server 10" 0.0004 "-" 14 -
Feb 21 08:29:12 standalone account-server[113925]: 172.20.0.30 - - [21/Feb/2026:08:29:12 +0000] "GET /d1/52/AUTH_d4b820ed4cc340cebfc5c65825a4bff4" 404 - "GET http://swift-internal.openstack.svc:8080/v1/AUTH_d4b820ed4cc340cebfc5c65825a4bff4?format=json" "txd73da185098f44fcb274b-0069996cd8" "proxy-server 10" 0.0006 "-" 17 -
Feb 21 08:29:13 standalone account-server[113918]: 172.20.0.30 - - [21/Feb/2026:08:29:13 +0000] "GET /d1/884/AUTH_eca51d87749c46c4a70c25bdad1b43f7" 200 98 "GET http://swift-internal.openstack.svc:8080/v1/AUTH_eca51d87749c46c4a70c25bdad1b43f7?format=json" "tx599ea64bab2f44b4bf3b5-0069996cd9" "proxy-server 13" 0.0024 "-" 16 -
Feb 21 08:29:26 standalone account-server[113910]: 172.20.0.30 - - [21/Feb/2026:08:29:26 +0000] "GET /d1/7/AUTH_29ff3be987ea4a6c8e3a7bf318cd58ae" 404 - "GET http://swift-internal.openstack.svc:8080/v1/AUTH_29ff3be987ea4a6c8e3a7bf318cd58ae?format=json" "txfde67a56c462462392cd5-0069996ce6" "proxy-server 10" 0.0011 "-" 15 -
Feb 21 08:29:26 standalone account-server[113898]: 172.20.0.30 - - [21/Feb/2026:08:29:26 +0000] "GET /d1/207/AUTH_3cc3d5fc94e4421a92c734f137d9f0bf" 404 - "GET http://swift-internal.openstack.svc:8080/v1/AUTH_3cc3d5fc94e4421a92c734f137d9f0bf?format=json" "txae731888e555461487a02-0069996ce6" "proxy-server 8" 0.0005 "-" 14 -
Feb 21 08:29:26 standalone account-server[113910]: 172.20.0.30 - - [21/Feb/2026:08:29:26 +0000] "GET /d1/52/AUTH_d4b820ed4cc340cebfc5c65825a4bff4" 404 - "GET http://swift-internal.openstack.svc:8080/v1/AUTH_d4b820ed4cc340cebfc5c65825a4bff4?format=json" "txc44f8155399545d6a4d98-0069996ce6" "proxy-server 13" 0.0005 "-" 15 -
Feb 21 08:29:26 standalone account-server[113925]: 172.20.0.30 - - [21/Feb/2026:08:29:26 +0000] "GET /d1/884/AUTH_eca51d87749c46c4a70c25bdad1b43f7" 200 98 "GET http://swift-internal.openstack.svc:8080/v1/AUTH_eca51d87749c46c4a70c25bdad1b43f7?format=json" "tx7c9d1fa6029c4f7ca8868-0069996ce6" "proxy-server 10" 0.0030 "-" 17 -
Feb 21 08:29:30 standalone account-server[113910]: 172.20.0.30 - - [21/Feb/2026:08:29:30 +0000] "HEAD /d1/7/AUTH_29ff3be987ea4a6c8e3a7bf318cd58ae" 404 - "HEAD http://swift-internal.openstack.svc:8080/v1/AUTH_29ff3be987ea4a6c8e3a7bf318cd58ae?format=json" "txe2bc73a79385457192760-0069996cea" "proxy-server 8" 0.0005 "-" 15 -
Feb 21 08:29:30 standalone account-server[113898]: 172.20.0.30 - - [21/Feb/2026:08:29:30 +0000] "HEAD /d1/207/AUTH_3cc3d5fc94e4421a92c734f137d9f0bf" 404 - "HEAD http://swift-internal.openstack.svc:8080/v1/AUTH_3cc3d5fc94e4421a92c734f137d9f0bf?format=json" "txd6e2cef4d0874234a7eea-0069996cea" "proxy-server 8" 0.0005 "-" 14 -
Feb 21 08:29:30 standalone account-server[113910]: 172.20.0.30 - - [21/Feb/2026:08:29:30 +0000] "HEAD /d1/52/AUTH_d4b820ed4cc340cebfc5c65825a4bff4" 404 - "HEAD http://swift-internal.openstack.svc:8080/v1/AUTH_d4b820ed4cc340cebfc5c65825a4bff4?format=json" "txba2676a08e48423fae48c-0069996cea" "proxy-server 8" 0.0005 "-" 15 -
Feb 21 08:29:31 standalone account-server[113898]: 172.20.0.30 - - [21/Feb/2026:08:29:31 +0000] "HEAD /d1/884/AUTH_eca51d87749c46c4a70c25bdad1b43f7" 204 - "HEAD http://swift-internal.openstack.svc:8080/v1/AUTH_eca51d87749c46c4a70c25bdad1b43f7?format=json" "tx9bf3905265fa4185b6582-0069996cea" "proxy-server 9" 0.0024 "-" 14 -
Feb 21 08:30:47 standalone object-server[114102]: Begin object update sweep
Feb 21 08:30:48 standalone object-server[299712]: Object update sweep starting on /srv/node/d1 (pid: 20)
Feb 21 08:30:48 standalone object-server[299712]: Object update sweep completed on /srv/node/d1 in 0.00s seconds:, 0 successes, 0 failures, 0 quarantines, 0 unlinks, 0 errors, 0 redirects (pid: 20)
Feb 21 08:30:48 standalone object-server[299712]: Object update sweep of d1 completed: 0.00s, 0 successes, 0 failures, 0 quarantines, 0 unlinks, 0 errors, 0 redirects
Feb 21 08:30:48 standalone object-server[114102]: Object update sweep completed: 0.09s
Feb 21 08:31:11 standalone account-server[113925]: 172.20.0.100 - - [21/Feb/2026:08:31:11 +0000] "HEAD /d1/1005/.expiring_objects" 404 - "HEAD http://localhost/v1/.expiring_objects?format=json" "txf357fa6167e847b587608-0069996d4f" "proxy-server 2" 0.0010 "-" 17 -
Feb 21 08:31:11 standalone object-expirer[113962]: Pass completed in 0s; 0 objects expired (txn: txf357fa6167e847b587608-0069996d4f)
Feb 21 08:33:25 standalone container-server[113779]: Begin container update sweep
Feb 21 08:33:25 standalone container-server[113779]: Container update sweep completed: 0.09s
Feb 21 08:34:25 standalone account-server[113910]: 172.20.0.30 - - [21/Feb/2026:08:34:25 +0000] "HEAD /d1/7/AUTH_29ff3be987ea4a6c8e3a7bf318cd58ae" 404 - "HEAD http://swift-internal.openstack.svc:8080/v1/AUTH_29ff3be987ea4a6c8e3a7bf318cd58ae?format=json" "txad718e8c4f0c451dbe620-0069996e11" "proxy-server 10" 0.0007 "-" 15 -
Feb 21 08:34:25 standalone account-server[113910]: 172.20.0.30 - - [21/Feb/2026:08:34:25 +0000] "GET /d1/7/AUTH_29ff3be987ea4a6c8e3a7bf318cd58ae" 404 - "GET http://swift-internal.openstack.svc:8080/v1/AUTH_29ff3be987ea4a6c8e3a7bf318cd58ae?format=json" "txad718e8c4f0c451dbe620-0069996e11" "proxy-server 10" 0.0007 "-" 15 -
Feb 21 08:34:25 standalone account-server[113925]: 172.20.0.30 - - [21/Feb/2026:08:34:25 +0000] "HEAD /d1/207/AUTH_3cc3d5fc94e4421a92c734f137d9f0bf" 404 - "HEAD http://swift-internal.openstack.svc:8080/v1/AUTH_3cc3d5fc94e4421a92c734f137d9f0bf?format=json" "txa787fdc08e3e4ce980676-0069996e11" "proxy-server 9" 0.0006 "-" 17 -
Feb 21 08:34:25 standalone account-server[113898]: 172.20.0.30 - - [21/Feb/2026:08:34:25 +0000] "GET /d1/207/AUTH_3cc3d5fc94e4421a92c734f137d9f0bf" 404 - "GET http://swift-internal.openstack.svc:8080/v1/AUTH_3cc3d5fc94e4421a92c734f137d9f0bf?format=json" "txa787fdc08e3e4ce980676-0069996e11" "proxy-server 9" 0.0006 "-" 14 -
Feb 21 08:34:25 standalone account-server[113918]: 172.20.0.30 - - [21/Feb/2026:08:34:25 +0000] "HEAD /d1/52/AUTH_d4b820ed4cc340cebfc5c65825a4bff4" 404 - "HEAD http://swift-internal.openstack.svc:8080/v1/AUTH_d4b820ed4cc340cebfc5c65825a4bff4?format=json" "txaa1307e28c5043688c991-0069996e11" "proxy-server 8" 0.0007 "-" 16 -
Feb 21 08:34:25 standalone account-server[113918]: 172.20.0.30 - - [21/Feb/2026:08:34:25 +0000] "GET /d1/52/AUTH_d4b820ed4cc340cebfc5c65825a4bff4" 404 - "GET http://swift-internal.openstack.svc:8080/v1/AUTH_d4b820ed4cc340cebfc5c65825a4bff4?format=json" "txaa1307e28c5043688c991-0069996e11" "proxy-server 8" 0.0004 "-" 16 -
Feb 21 08:34:25 standalone account-server[113898]: 172.20.0.30 - - [21/Feb/2026:08:34:25 +0000] "HEAD /d1/884/AUTH_eca51d87749c46c4a70c25bdad1b43f7" 204 - "HEAD http://swift-internal.openstack.svc:8080/v1/AUTH_eca51d87749c46c4a70c25bdad1b43f7?format=json" "tx8ede0f10b47d4f79a0931-0069996e11" "proxy-server 11" 0.0026 "-" 14 -
Feb 21 08:34:25 standalone account-server[113910]: 172.20.0.30 - - [21/Feb/2026:08:34:25 +0000] "GET /d1/884/AUTH_eca51d87749c46c4a70c25bdad1b43f7" 200 98 "GET http://swift-internal.openstack.svc:8080/v1/AUTH_eca51d87749c46c4a70c25bdad1b43f7?format=json" "tx8ede0f10b47d4f79a0931-0069996e11" "proxy-server 11" 0.0021 "-" 15 -
Feb 21 08:34:25 standalone account-server[113898]: 172.20.0.30 - - [21/Feb/2026:08:34:25 +0000] "HEAD /d1/7/AUTH_29ff3be987ea4a6c8e3a7bf318cd58ae" 404 - "HEAD http://swift-internal.openstack.svc:8080/v1/AUTH_29ff3be987ea4a6c8e3a7bf318cd58ae?format=json" "txe91157e3cd2246ffa37c9-0069996e11" "proxy-server 10" 0.0005 "-" 14 -
Feb 21 08:34:26 standalone account-server[113898]: 172.20.0.30 - - [21/Feb/2026:08:34:26 +0000] "HEAD /d1/207/AUTH_3cc3d5fc94e4421a92c734f137d9f0bf" 404 - "HEAD http://swift-internal.openstack.svc:8080/v1/AUTH_3cc3d5fc94e4421a92c734f137d9f0bf?format=json" "tx5d5bdb9a71b14c78b03ad-0069996e11" "proxy-server 9" 0.0003 "-" 14 -
Feb 21 08:34:26 standalone account-server[113918]: 172.20.0.30 - - [21/Feb/2026:08:34:26 +0000] "HEAD /d1/52/AUTH_d4b820ed4cc340cebfc5c65825a4bff4" 404 - "HEAD http://swift-internal.openstack.svc:8080/v1/AUTH_d4b820ed4cc340cebfc5c65825a4bff4?format=json" "tx33566a9b79e24a67a70bf-0069996e12" "proxy-server 8" 0.0004 "-" 16 -
Feb 21 08:34:26 standalone account-server[113910]: 172.20.0.30 - - [21/Feb/2026:08:34:26 +0000] "HEAD /d1/884/AUTH_eca51d87749c46c4a70c25bdad1b43f7" 204 - "HEAD http://swift-internal.openstack.svc:8080/v1/AUTH_eca51d87749c46c4a70c25bdad1b43f7?format=json" "tx2ca901c3e942471c9e8e9-0069996e12" "proxy-server 8" 0.0013 "-" 15 -
Feb 21 08:35:48 standalone object-server[114102]: Begin object update sweep
Feb 21 08:35:48 standalone object-server[309077]: Object update sweep starting on /srv/node/d1 (pid: 21)
Feb 21 08:35:48 standalone object-server[309077]: Object update sweep completed on /srv/node/d1 in 0.00s seconds:, 0 successes, 0 failures, 0 quarantines, 0 unlinks, 0 errors, 0 redirects (pid: 21)
Feb 21 08:35:48 standalone object-server[309077]: Object update sweep of d1 completed: 0.00s, 0 successes, 0 failures, 0 quarantines, 0 unlinks, 0 errors, 0 redirects
Feb 21 08:35:48 standalone object-server[114102]: Object update sweep completed: 0.09s
Feb 21 08:35:56 standalone account-server[113898]: 172.20.0.100 - - [21/Feb/2026:08:35:56 +0000] "HEAD /d1/1005/.expiring_objects" 404 - "HEAD http://localhost/v1/.expiring_objects?format=json" "txcaf45db0881b43e687ba4-0069996e6c" "proxy-server 2" 0.0010 "-" 14 -
Feb 21 08:35:56 standalone object-expirer[113962]: Pass completed in 0s; 0 objects expired (txn: txcaf45db0881b43e687ba4-0069996e6c)
Feb 21 08:38:22 standalone account-server[113925]: 172.20.0.100 - - [21/Feb/2026:08:38:22 +0000] "HEAD /d1/1005/.expiring_objects" 404 - "HEAD http://localhost/v1/.expiring_objects?format=json" "txaa6b50b2bdda46cb8ab2e-0069996efe" "proxy-server 2" 0.0006 "-" 17 -
Feb 21 08:38:22 standalone object-expirer[113962]: Pass completed in 0s; 0 objects expired (txn: txaa6b50b2bdda46cb8ab2e-0069996efe)
Feb 21 08:38:25 standalone container-server[113779]: Begin container update sweep
Feb 21 08:38:25 standalone container-server[113779]: Container update sweep completed: 0.09s
