Jan 30 22:58:47 standalone container-server[126870]: 172.20.0.100 - - [30/Jan/2026:22:58:47 +0000] "PUT /d1/968/AUTH_24352ba3f3024f96b08fa3ebf9ce5207/gnocchi.cabb60e8-16ef-447d-89cb-c43e59457553" 201 - "PUT http://172.18.0.2:8080/v1/AUTH_24352ba3f3024f96b08fa3ebf9ce5207/gnocchi.cabb60e8-16ef-447d-89cb-c43e59457553" "tx2417dbe15f3d422ca9ec4-00697d37a7" "proxy-server 20" 0.0353 "-" 20 0
Jan 30 22:58:47 standalone proxy-server[129002]: 172.18.0.2 172.18.0.100 30/Jan/2026/22/58/47 PUT /v1/AUTH_24352ba3f3024f96b08fa3ebf9ce5207/gnocchi.cabb60e8-16ef-447d-89cb-c43e59457553 HTTP/1.0 201 - python-swiftclient-3.11.1 gAAAAABpfTc14ov9... - - - tx2417dbe15f3d422ca9ec4-00697d37a7 - 0.0422 - - 1769813927.136035442 1769813927.178215981 0
Jan 30 22:58:47 standalone container-server[126872]: 172.20.0.100 - - [30/Jan/2026:22:58:47 +0000] "HEAD /d1/968/AUTH_24352ba3f3024f96b08fa3ebf9ce5207/gnocchi.cabb60e8-16ef-447d-89cb-c43e59457553" 204 - "HEAD http://172.18.0.2:8080/v1/AUTH_24352ba3f3024f96b08fa3ebf9ce5207/gnocchi.cabb60e8-16ef-447d-89cb-c43e59457553?format=json&states=listing" "txef1f04b3355c4277be97b-00697d37a7" "proxy-server 20" 0.0015 "-" 21 0
Jan 30 22:58:47 standalone proxy-server[129002]: - - 30/Jan/2026/22/58/47 HEAD /v1/AUTH_24352ba3f3024f96b08fa3ebf9ce5207/gnocchi.cabb60e8-16ef-447d-89cb-c43e59457553%3Fformat%3Djson%26states%3Dlisting HTTP/1.0 204 - Swift - - - - txef1f04b3355c4277be97b-00697d37a7 - 0.0065 RL - 1769813927.185745716 1769813927.192277193 0
Jan 30 22:58:47 standalone container-server[126872]: 172.20.0.100 - - [30/Jan/2026:22:58:47 +0000] "GET /d1/968/AUTH_24352ba3f3024f96b08fa3ebf9ce5207/gnocchi.cabb60e8-16ef-447d-89cb-c43e59457553" 200 2 "GET http://172.18.0.2:8080/v1/AUTH_24352ba3f3024f96b08fa3ebf9ce5207/gnocchi.cabb60e8-16ef-447d-89cb-c43e59457553?format=json&states=listing" "txef1f04b3355c4277be97b-00697d37a7" "proxy-server 20" 0.0023 "-" 21 0
Jan 30 22:58:47 standalone proxy-server[129002]: 172.18.0.2 172.18.0.100 30/Jan/2026/22/58/47 GET /v1/AUTH_24352ba3f3024f96b08fa3ebf9ce5207/gnocchi.cabb60e8-16ef-447d-89cb-c43e59457553%3Fformat%3Djson%26states%3Dlisting HTTP/1.0 200 - python-swiftclient-3.11.1 gAAAAABpfTc14ov9... - 2 - txef1f04b3355c4277be97b-00697d37a7 - 0.0211 - - 1769813927.183880329 1769813927.204994917 0
Jan 30 22:58:47 standalone object-server[127159]: 172.20.0.100 - - [30/Jan/2026:22:58:47 +0000] "GET /d1/939/AUTH_24352ba3f3024f96b08fa3ebf9ce5207/gnocchi.cabb60e8-16ef-447d-89cb-c43e59457553/1769040000.0_mean_300.0_v3" 404 70 "GET http://172.18.0.2:8080/v1/AUTH_24352ba3f3024f96b08fa3ebf9ce5207/gnocchi.cabb60e8-16ef-447d-89cb-c43e59457553/1769040000.0_mean_300.0_v3" "txd14f3e9b085c42c6b325a-00697d37a7" "proxy-server 20" 0.0004 "-" 18 0
Jan 30 22:58:47 standalone proxy-server[129002]: 172.18.0.2 172.18.0.100 30/Jan/2026/22/58/47 GET /v1/AUTH_24352ba3f3024f96b08fa3ebf9ce5207/gnocchi.cabb60e8-16ef-447d-89cb-c43e59457553/1769040000.0_mean_300.0_v3 HTTP/1.0 404 - python-swiftclient-3.11.1 gAAAAABpfTc14ov9... - 70 - txd14f3e9b085c42c6b325a-00697d37a7 - 0.0079 - - 1769813927.210805178 1769813927.218731165 0
Jan 30 22:58:47 standalone container-server[126870]: 172.20.0.100 - - [30/Jan/2026:22:58:47 +0000] "PUT /d1/968/AUTH_24352ba3f3024f96b08fa3ebf9ce5207/gnocchi.cabb60e8-16ef-447d-89cb-c43e59457553/1769040000.0_mean_300.0_v3" 201 - "PUT http://172.18.0.2:8080/d1/939/AUTH_24352ba3f3024f96b08fa3ebf9ce5207/gnocchi.cabb60e8-16ef-447d-89cb-c43e59457553/1769040000.0_mean_300.0_v3" "txf9f17d40319a4a198ad5a-00697d37a7" "object-server 13" 0.0010 "-" 20 0
Jan 30 22:58:47 standalone object-server[127147]: 172.20.0.100 - - [30/Jan/2026:22:58:47 +0000] "PUT /d1/939/AUTH_24352ba3f3024f96b08fa3ebf9ce5207/gnocchi.cabb60e8-16ef-447d-89cb-c43e59457553/1769040000.0_mean_300.0_v3" 201 - "PUT http://172.18.0.2:8080/v1/AUTH_24352ba3f3024f96b08fa3ebf9ce5207/gnocchi.cabb60e8-16ef-447d-89cb-c43e59457553/1769040000.0_mean_300.0_v3" "txf9f17d40319a4a198ad5a-00697d37a7" "proxy-server 20" 0.0146 "-" 13 0
Jan 30 22:58:47 standalone proxy-server[129002]: 172.18.0.2 172.18.0.100 30/Jan/2026/22/58/47 PUT /v1/AUTH_24352ba3f3024f96b08fa3ebf9ce5207/gnocchi.cabb60e8-16ef-447d-89cb-c43e59457553/1769040000.0_mean_300.0_v3 HTTP/1.0 201 - python-swiftclient-3.11.1 gAAAAABpfTc14ov9... 16 - - txf9f17d40319a4a198ad5a-00697d37a7 - 0.0237 - - 1769813927.224300861 1769813927.247986794 0
Jan 30 22:58:47 standalone container-server[126898]: 172.20.0.100 - - [30/Jan/2026:22:58:47 +0000] "PUT /d1/968/AUTH_24352ba3f3024f96b08fa3ebf9ce5207/gnocchi.cabb60e8-16ef-447d-89cb-c43e59457553/none_v3" 201 - "PUT http://172.18.0.2:8080/d1/940/AUTH_24352ba3f3024f96b08fa3ebf9ce5207/gnocchi.cabb60e8-16ef-447d-89cb-c43e59457553/none_v3" "tx3c1d9e869ea74fbdb247c-00697d37a7" "object-server 13" 0.0008 "-" 23 0
Jan 30 22:58:47 standalone object-server[127147]: 172.20.0.100 - - [30/Jan/2026:22:58:47 +0000] "PUT /d1/940/AUTH_24352ba3f3024f96b08fa3ebf9ce5207/gnocchi.cabb60e8-16ef-447d-89cb-c43e59457553/none_v3" 201 - "PUT http://172.18.0.2:8080/v1/AUTH_24352ba3f3024f96b08fa3ebf9ce5207/gnocchi.cabb60e8-16ef-447d-89cb-c43e59457553/none_v3" "tx3c1d9e869ea74fbdb247c-00697d37a7" "proxy-server 20" 0.0142 "-" 13 0
Jan 30 22:58:47 standalone proxy-server[129002]: 172.18.0.2 172.18.0.100 30/Jan/2026/22/58/47 PUT /v1/AUTH_24352ba3f3024f96b08fa3ebf9ce5207/gnocchi.cabb60e8-16ef-447d-89cb-c43e59457553/none_v3 HTTP/1.0 201 - python-swiftclient-3.11.1 gAAAAABpfTc14ov9... 22 - - tx3c1d9e869ea74fbdb247c-00697d37a7 - 0.0247 - - 1769813927.255134583 1769813927.279854059 0
Jan 30 22:58:48 standalone object-server[127147]: 172.20.0.100 - - [30/Jan/2026:22:58:48 +0000] "GET /d1/940/AUTH_24352ba3f3024f96b08fa3ebf9ce5207/gnocchi.cabb60e8-16ef-447d-89cb-c43e59457553/none_v3" 200 22 "GET http://172.18.0.2:8080/v1/AUTH_24352ba3f3024f96b08fa3ebf9ce5207/gnocchi.cabb60e8-16ef-447d-89cb-c43e59457553/none_v3" "tx11ccdde858f042f1b67d9-00697d37a8" "proxy-server 20" 0.0016 "-" 13 0
Jan 30 22:58:48 standalone proxy-server[129002]: 172.18.0.2 172.18.0.100 30/Jan/2026/22/58/48 GET /v1/AUTH_24352ba3f3024f96b08fa3ebf9ce5207/gnocchi.cabb60e8-16ef-447d-89cb-c43e59457553/none_v3 HTTP/1.0 200 - python-swiftclient-3.11.1 gAAAAABpfTc14ov9... - 22 - tx11ccdde858f042f1b67d9-00697d37a8 - 0.0127 - - 1769813928.059347153 1769813928.072033167 0
Jan 30 22:58:48 standalone container-server[126890]: 172.20.0.100 - - [30/Jan/2026:22:58:48 +0000] "GET /d1/968/AUTH_24352ba3f3024f96b08fa3ebf9ce5207/gnocchi.cabb60e8-16ef-447d-89cb-c43e59457553" 200 357 "GET http://172.18.0.2:8080/v1/AUTH_24352ba3f3024f96b08fa3ebf9ce5207/gnocchi.cabb60e8-16ef-447d-89cb-c43e59457553?format=json&states=listing" "txf460f193bbe94c3d868c0-00697d37a8" "proxy-server 20" 0.0110 "-" 22 0
Jan 30 22:58:48 standalone proxy-server[129002]: 172.18.0.2 172.18.0.100 30/Jan/2026/22/58/48 GET /v1/AUTH_24352ba3f3024f96b08fa3ebf9ce5207/gnocchi.cabb60e8-16ef-447d-89cb-c43e59457553%3Fformat%3Djson%26states%3Dlisting HTTP/1.0 200 - python-swiftclient-3.11.1 gAAAAABpfTc14ov9... - 357 - txf460f193bbe94c3d868c0-00697d37a8 - 0.0205 - - 1769813928.078760624 1769813928.099238873 0
Jan 30 22:58:48 standalone container-server[126898]: 172.20.0.100 - - [30/Jan/2026:22:58:48 +0000] "GET /d1/968/AUTH_24352ba3f3024f96b08fa3ebf9ce5207/gnocchi.cabb60e8-16ef-447d-89cb-c43e59457553" 200 2 "GET http://172.18.0.2:8080/v1/AUTH_24352ba3f3024f96b08fa3ebf9ce5207/gnocchi.cabb60e8-16ef-447d-89cb-c43e59457553?format=json&marker=none_v3&states=listing" "tx714cec49232c4708a92a5-00697d37a8" "proxy-server 20" 0.0038 "-" 23 0
Jan 30 22:58:48 standalone proxy-server[129002]: 172.18.0.2 172.18.0.100 30/Jan/2026/22/58/48 GET /v1/AUTH_24352ba3f3024f96b08fa3ebf9ce5207/gnocchi.cabb60e8-16ef-447d-89cb-c43e59457553%3Fformat%3Djson%26marker%3Dnone_v3%26states%3Dlisting HTTP/1.0 200 - python-swiftclient-3.11.1 gAAAAABpfTc14ov9... - 2 - tx714cec49232c4708a92a5-00697d37a8 - 0.0150 - - 1769813928.107346535 1769813928.122339010 0
Jan 30 22:58:48 standalone object-server[127147]: 172.20.0.100 - - [30/Jan/2026:22:58:48 +0000] "GET /d1/939/AUTH_24352ba3f3024f96b08fa3ebf9ce5207/gnocchi.cabb60e8-16ef-447d-89cb-c43e59457553/1769040000.0_mean_300.0_v3" 200 16 "GET http://172.18.0.2:8080/v1/AUTH_24352ba3f3024f96b08fa3ebf9ce5207/gnocchi.cabb60e8-16ef-447d-89cb-c43e59457553/1769040000.0_mean_300.0_v3" "tx0a05fb81f0fd484cae1f9-00697d37a8" "proxy-server 20" 0.0010 "-" 13 0
Jan 30 22:58:48 standalone proxy-server[129002]: 172.18.0.2 172.18.0.100 30/Jan/2026/22/58/48 GET /v1/AUTH_24352ba3f3024f96b08fa3ebf9ce5207/gnocchi.cabb60e8-16ef-447d-89cb-c43e59457553/1769040000.0_mean_300.0_v3 HTTP/1.0 200 - python-swiftclient-3.11.1 gAAAAABpfTc14ov9... - 16 - tx0a05fb81f0fd484cae1f9-00697d37a8 - 0.0125 - - 1769813928.127754688 1769813928.140260696 0
Jan 30 22:58:48 standalone container-server[126870]: 172.20.0.100 - - [30/Jan/2026:22:58:48 +0000] "PUT /d1/968/AUTH_24352ba3f3024f96b08fa3ebf9ce5207/gnocchi.cabb60e8-16ef-447d-89cb-c43e59457553/1769040000.0_mean_300.0_v3" 201 - "PUT http://172.18.0.2:8080/d1/939/AUTH_24352ba3f3024f96b08fa3ebf9ce5207/gnocchi.cabb60e8-16ef-447d-89cb-c43e59457553/1769040000.0_mean_300.0_v3" "tx820fcf26136248dbb5b9d-00697d37a8" "object-server 18" 0.0009 "-" 20 0
Jan 30 22:58:48 standalone object-server[127159]: 172.20.0.100 - - [30/Jan/2026:22:58:48 +0000] "PUT /d1/939/AUTH_24352ba3f3024f96b08fa3ebf9ce5207/gnocchi.cabb60e8-16ef-447d-89cb-c43e59457553/1769040000.0_mean_300.0_v3" 201 - "PUT http://172.18.0.2:8080/v1/AUTH_24352ba3f3024f96b08fa3ebf9ce5207/gnocchi.cabb60e8-16ef-447d-89cb-c43e59457553/1769040000.0_mean_300.0_v3" "tx820fcf26136248dbb5b9d-00697d37a8" "proxy-server 20" 0.0164 "-" 18 0
Jan 30 22:58:48 standalone proxy-server[129002]: 172.18.0.2 172.18.0.100 30/Jan/2026/22/58/48 PUT /v1/AUTH_24352ba3f3024f96b08fa3ebf9ce5207/gnocchi.cabb60e8-16ef-447d-89cb-c43e59457553/1769040000.0_mean_300.0_v3 HTTP/1.0 201 - python-swiftclient-3.11.1 gAAAAABpfTc14ov9... 16 - - tx820fcf26136248dbb5b9d-00697d37a8 - 0.0234 - - 1769813928.143934250 1769813928.167344332 0
Jan 30 22:58:48 standalone container-server[126890]: 172.20.0.100 - - [30/Jan/2026:22:58:48 +0000] "PUT /d1/968/AUTH_24352ba3f3024f96b08fa3ebf9ce5207/gnocchi.cabb60e8-16ef-447d-89cb-c43e59457553/none_v3" 201 - "PUT http://172.18.0.2:8080/d1/940/AUTH_24352ba3f3024f96b08fa3ebf9ce5207/gnocchi.cabb60e8-16ef-447d-89cb-c43e59457553/none_v3" "txfa400659d730432d836af-00697d37a8" "object-server 11" 0.0008 "-" 22 0
Jan 30 22:58:48 standalone object-server[127134]: 172.20.0.100 - - [30/Jan/2026:22:58:48 +0000] "PUT /d1/940/AUTH_24352ba3f3024f96b08fa3ebf9ce5207/gnocchi.cabb60e8-16ef-447d-89cb-c43e59457553/none_v3" 201 - "PUT http://172.18.0.2:8080/v1/AUTH_24352ba3f3024f96b08fa3ebf9ce5207/gnocchi.cabb60e8-16ef-447d-89cb-c43e59457553/none_v3" "txfa400659d730432d836af-00697d37a8" "proxy-server 20" 0.0124 "-" 11 0
Jan 30 22:58:48 standalone proxy-server[129002]: 172.18.0.2 172.18.0.100 30/Jan/2026/22/58/48 PUT /v1/AUTH_24352ba3f3024f96b08fa3ebf9ce5207/gnocchi.cabb60e8-16ef-447d-89cb-c43e59457553/none_v3 HTTP/1.0 201 - python-swiftclient-3.11.1 gAAAAABpfTc14ov9... 31 - - txfa400659d730432d836af-00697d37a8 - 0.0182 - - 1769813928.170428276 1769813928.188674450 0
Jan 30 22:58:48 standalone container-server[126989]: Begin container update sweep
Jan 30 22:58:48 standalone account-server[126826]: 172.20.0.100 - - [30/Jan/2026:22:58:48 +0000] "PUT /d1/752/AUTH_24352ba3f3024f96b08fa3ebf9ce5207/gnocchi.cc238091-bd02-4573-bcdb-4ce6032e9dc3" 201 - "-" "-" "container-updater 2" 0.0018 "-" 20 0
Jan 30 22:58:48 standalone account-server[126864]: 172.20.0.100 - - [30/Jan/2026:22:58:48 +0000] "PUT /d1/752/AUTH_24352ba3f3024f96b08fa3ebf9ce5207/gnocchi.0d998ad3-a2f2-44f0-a435-9ec8e87dfbbc" 201 - "-" "-" "container-updater 2" 0.0007 "-" 23 0
Jan 30 22:58:48 standalone account-server[126859]: 172.20.0.100 - - [30/Jan/2026:22:58:48 +0000] "PUT /d1/752/AUTH_24352ba3f3024f96b08fa3ebf9ce5207/gnocchi.909f09d2-9e22-4f8c-ac26-e9b3e8820efd" 201 - "-" "-" "container-updater 2" 0.0010 "-" 22 0
Jan 30 22:58:48 standalone account-server[126839]: 172.20.0.100 - - [30/Jan/2026:22:58:48 +0000] "PUT /d1/752/AUTH_24352ba3f3024f96b08fa3ebf9ce5207/gnocchi.cabb60e8-16ef-447d-89cb-c43e59457553" 201 - "-" "-" "container-updater 2" 0.0006 "-" 21 0
Jan 30 22:58:48 standalone account-server[126839]: 172.20.0.100 - - [30/Jan/2026:22:58:48 +0000] "PUT /d1/752/AUTH_24352ba3f3024f96b08fa3ebf9ce5207/gnocchi.0d196c31-4b77-4b21-935d-e9db7b8f5fc0" 201 - "-" "-" "container-updater 2" 0.0005 "-" 21 0
Jan 30 22:58:49 standalone account-server[126859]: 172.20.0.100 - - [30/Jan/2026:22:58:49 +0000] "PUT /d1/752/AUTH_24352ba3f3024f96b08fa3ebf9ce5207/gnocchi.75067119-808d-47dc-9bd7-44f31fd1a8da" 201 - "-" "-" "container-updater 2" 0.0005 "-" 22 0
Jan 30 22:58:49 standalone account-server[126826]: 172.20.0.100 - - [30/Jan/2026:22:58:49 +0000] "PUT /d1/752/AUTH_24352ba3f3024f96b08fa3ebf9ce5207/gnocchi.4d0d1d5f-c77e-4e7e-9ab7-ebc284ea2153" 201 - "-" "-" "container-updater 2" 0.0009 "-" 20 0
Jan 30 22:58:49 standalone account-server[126864]: 172.20.0.100 - - [30/Jan/2026:22:58:49 +0000] "PUT /d1/752/AUTH_24352ba3f3024f96b08fa3ebf9ce5207/gnocchi.af6f2ff3-9c41-48b2-bf7f-364b94cca6df" 201 - "-" "-" "container-updater 2" 0.0007 "-" 23 0
Jan 30 22:58:49 standalone account-server[126839]: 172.20.0.100 - - [30/Jan/2026:22:58:49 +0000] "PUT /d1/752/AUTH_24352ba3f3024f96b08fa3ebf9ce5207/gnocchi.a3635a17-297c-42b0-86ea-faddb9a458de" 201 - "-" "-" "container-updater 2" 0.0004 "-" 21 0
Jan 30 22:58:49 standalone account-server[126859]: 172.20.0.100 - - [30/Jan/2026:22:58:49 +0000] "PUT /d1/752/AUTH_24352ba3f3024f96b08fa3ebf9ce5207/gnocchi.2f594468-076e-4b48-8ca1-15e3d577333e" 201 - "-" "-" "container-updater 2" 0.0007 "-" 22 0
Jan 30 22:58:49 standalone container-server[126989]: Container update sweep completed: 0.96s
Jan 30 22:58:57 standalone account-server[126839]: 172.20.0.100 - - [30/Jan/2026:22:58:57 +0000] "HEAD /d1/752/AUTH_24352ba3f3024f96b08fa3ebf9ce5207" 204 - "HEAD http://172.18.0.2:8080/v1/AUTH_24352ba3f3024f96b08fa3ebf9ce5207?format=json" "txdb641af249804effb484d-00697d37b1" "proxy-server 20" 0.0107 "-" 21 -
Jan 30 22:58:57 standalone proxy-server[129002]: - - 30/Jan/2026/22/58/57 HEAD /v1/AUTH_24352ba3f3024f96b08fa3ebf9ce5207%3Fformat%3Djson HTTP/1.0 204 - Swift - - - - txdb641af249804effb484d-00697d37b1 - 0.0196 RL - 1769813937.506091118 1769813937.525727510 -
Jan 30 22:58:57 standalone object-server[127147]: 172.20.0.100 - - [30/Jan/2026:22:58:57 +0000] "GET /d1/127/AUTH_24352ba3f3024f96b08fa3ebf9ce5207/gnocchi.4d0d1d5f-c77e-4e7e-9ab7-ebc284ea2153/none_v3" 200 31 "GET http://172.18.0.2:8080/v1/AUTH_24352ba3f3024f96b08fa3ebf9ce5207/gnocchi.4d0d1d5f-c77e-4e7e-9ab7-ebc284ea2153/none_v3" "txdb641af249804effb484d-00697d37b1" "proxy-server 20" 0.0018 "-" 13 0
Jan 30 22:58:57 standalone proxy-server[129002]: 172.18.0.2 172.18.0.100 30/Jan/2026/22/58/57 GET /v1/AUTH_24352ba3f3024f96b08fa3ebf9ce5207/gnocchi.4d0d1d5f-c77e-4e7e-9ab7-ebc284ea2153/none_v3 HTTP/1.0 200 - python-swiftclient-3.11.1 gAAAAABpfTc14ov9... - 31 - txdb641af249804effb484d-00697d37b1 - 0.0339 - - 1769813937.505331516 1769813937.539195299 0
Jan 30 22:58:57 standalone container-server[126872]: 172.20.0.100 - - [30/Jan/2026:22:58:57 +0000] "GET /d1/420/AUTH_24352ba3f3024f96b08fa3ebf9ce5207/gnocchi.4d0d1d5f-c77e-4e7e-9ab7-ebc284ea2153" 200 357 "GET http://172.18.0.2:8080/v1/AUTH_24352ba3f3024f96b08fa3ebf9ce5207/gnocchi.4d0d1d5f-c77e-4e7e-9ab7-ebc284ea2153?format=json&states=listing" "tx9a811dccd9ac440d9775b-00697d37b1" "proxy-server 20" 0.0047 "-" 21 0
Jan 30 22:58:57 standalone proxy-server[129002]: 172.18.0.2 172.18.0.100 30/Jan/2026/22/58/57 GET /v1/AUTH_24352ba3f3024f96b08fa3ebf9ce5207/gnocchi.4d0d1d5f-c77e-4e7e-9ab7-ebc284ea2153%3Fformat%3Djson%26states%3Dlisting HTTP/1.0 200 - python-swiftclient-3.11.1 gAAAAABpfTc14ov9... - 357 - tx9a811dccd9ac440d9775b-00697d37b1 - 0.0144 - - 1769813937.544521570 1769813937.558925867 0
Jan 30 22:58:57 standalone container-server[126898]: 172.20.0.100 - - [30/Jan/2026:22:58:57 +0000] "GET /d1/420/AUTH_24352ba3f3024f96b08fa3ebf9ce5207/gnocchi.4d0d1d5f-c77e-4e7e-9ab7-ebc284ea2153" 200 2 "GET http://172.18.0.2:8080/v1/AUTH_24352ba3f3024f96b08fa3ebf9ce5207/gnocchi.4d0d1d5f-c77e-4e7e-9ab7-ebc284ea2153?format=json&marker=none_v3&states=listing" "tx0cc707d5f0b74aed8c38e-00697d37b1" "proxy-server 20" 0.0018 "-" 23 0
Jan 30 22:58:57 standalone proxy-server[129002]: 172.18.0.2 172.18.0.100 30/Jan/2026/22/58/57 GET /v1/AUTH_24352ba3f3024f96b08fa3ebf9ce5207/gnocchi.4d0d1d5f-c77e-4e7e-9ab7-ebc284ea2153%3Fformat%3Djson%26marker%3Dnone_v3%26states%3Dlisting HTTP/1.0 200 - python-swiftclient-3.11.1 gAAAAABpfTc14ov9... - 2 - tx0cc707d5f0b74aed8c38e-00697d37b1 - 0.0098 - - 1769813937.563181639 1769813937.573030472 0
Jan 30 22:58:57 standalone object-server[127167]: 172.20.0.100 - - [30/Jan/2026:22:58:57 +0000] "GET /d1/481/AUTH_24352ba3f3024f96b08fa3ebf9ce5207/gnocchi.4d0d1d5f-c77e-4e7e-9ab7-ebc284ea2153/1769040000.0_mean_300.0_v3" 200 16 "GET http://172.18.0.2:8080/v1/AUTH_24352ba3f3024f96b08fa3ebf9ce5207/gnocchi.4d0d1d5f-c77e-4e7e-9ab7-ebc284ea2153/1769040000.0_mean_300.0_v3" "tx10d9865172e9430d922c1-00697d37b1" "proxy-server 20" 0.0008 "-" 19 0
Jan 30 22:58:57 standalone proxy-server[129002]: 172.18.0.2 172.18.0.100 30/Jan/2026/22/58/57 GET /v1/AUTH_24352ba3f3024f96b08fa3ebf9ce5207/gnocchi.4d0d1d5f-c77e-4e7e-9ab7-ebc284ea2153/1769040000.0_mean_300.0_v3 HTTP/1.0 200 - python-swiftclient-3.11.1 gAAAAABpfTc14ov9... - 16 - tx10d9865172e9430d922c1-00697d37b1 - 0.0089 - - 1769813937.577920675 1769813937.586779594 0
Jan 30 22:58:57 standalone container-server[126898]: 172.20.0.100 - - [30/Jan/2026:22:58:57 +0000] "PUT /d1/420/AUTH_24352ba3f3024f96b08fa3ebf9ce5207/gnocchi.4d0d1d5f-c77e-4e7e-9ab7-ebc284ea2153/1769040000.0_mean_300.0_v3" 201 - "PUT http://172.18.0.2:8080/d1/481/AUTH_24352ba3f3024f96b08fa3ebf9ce5207/gnocchi.4d0d1d5f-c77e-4e7e-9ab7-ebc284ea2153/1769040000.0_mean_300.0_v3" "txfb86aaf139c54813b5c07-00697d37b1" "object-server 13" 0.0024 "-" 23 0
Jan 30 22:58:57 standalone object-server[127147]: 172.20.0.100 - - [30/Jan/2026:22:58:57 +0000] "PUT /d1/481/AUTH_24352ba3f3024f96b08fa3ebf9ce5207/gnocchi.4d0d1d5f-c77e-4e7e-9ab7-ebc284ea2153/1769040000.0_mean_300.0_v3" 201 - "PUT http://172.18.0.2:8080/v1/AUTH_24352ba3f3024f96b08fa3ebf9ce5207/gnocchi.4d0d1d5f-c77e-4e7e-9ab7-ebc284ea2153/1769040000.0_mean_300.0_v3" "txfb86aaf139c54813b5c07-00697d37b1" "proxy-server 20" 0.0170 "-" 13 0
Jan 30 22:58:57 standalone proxy-server[129002]: 172.18.0.2 172.18.0.100 30/Jan/2026/22/58/57 PUT /v1/AUTH_24352ba3f3024f96b08fa3ebf9ce5207/gnocchi.4d0d1d5f-c77e-4e7e-9ab7-ebc284ea2153/1769040000.0_mean_300.0_v3 HTTP/1.0 201 - python-swiftclient-3.11.1 gAAAAABpfTc14ov9... 16 - - txfb86aaf139c54813b5c07-00697d37b1 - 0.0257 - - 1769813937.593877554 1769813937.619598150 0
Jan 30 22:58:57 standalone container-server[126872]: 172.20.0.100 - - [30/Jan/2026:22:58:57 +0000] "PUT /d1/420/AUTH_24352ba3f3024f96b08fa3ebf9ce5207/gnocchi.4d0d1d5f-c77e-4e7e-9ab7-ebc284ea2153/none_v3" 201 - "PUT http://172.18.0.2:8080/d1/127/AUTH_24352ba3f3024f96b08fa3ebf9ce5207/gnocchi.4d0d1d5f-c77e-4e7e-9ab7-ebc284ea2153/none_v3" "txc19498df3438433ca057b-00697d37b1" "object-server 18" 0.0008 "-" 21 0
Jan 30 22:58:57 standalone object-server[127159]: 172.20.0.100 - - [30/Jan/2026:22:58:57 +0000] "PUT /d1/127/AUTH_24352ba3f3024f96b08fa3ebf9ce5207/gnocchi.4d0d1d5f-c77e-4e7e-9ab7-ebc284ea2153/none_v3" 201 - "PUT http://172.18.0.2:8080/v1/AUTH_24352ba3f3024f96b08fa3ebf9ce5207/gnocchi.4d0d1d5f-c77e-4e7e-9ab7-ebc284ea2153/none_v3" "txc19498df3438433ca057b-00697d37b1" "proxy-server 20" 0.0142 "-" 18 0
Jan 30 22:58:57 standalone proxy-server[129002]: 172.18.0.2 172.18.0.100 30/Jan/2026/22/58/57 PUT /v1/AUTH_24352ba3f3024f96b08fa3ebf9ce5207/gnocchi.4d0d1d5f-c77e-4e7e-9ab7-ebc284ea2153/none_v3 HTTP/1.0 201 - python-swiftclient-3.11.1 gAAAAABpfTc14ov9... 46 - - txc19498df3438433ca057b-00697d37b1 - 0.0213 - - 1769813937.623721838 1769813937.645007610 0
Jan 30 22:58:58 standalone object-server[127147]: 172.20.0.100 - - [30/Jan/2026:22:58:58 +0000] "GET /d1/127/AUTH_24352ba3f3024f96b08fa3ebf9ce5207/gnocchi.4d0d1d5f-c77e-4e7e-9ab7-ebc284ea2153/none_v3" 200 46 "GET http://172.18.0.2:8080/v1/AUTH_24352ba3f3024f96b08fa3ebf9ce5207/gnocchi.4d0d1d5f-c77e-4e7e-9ab7-ebc284ea2153/none_v3" "txa8d276b21a0e455c96002-00697d37b2" "proxy-server 20" 0.0011 "-" 13 0
Jan 30 22:58:58 standalone proxy-server[129002]: 172.18.0.2 172.18.0.100 30/Jan/2026/22/58/58 GET /v1/AUTH_24352ba3f3024f96b08fa3ebf9ce5207/gnocchi.4d0d1d5f-c77e-4e7e-9ab7-ebc284ea2153/none_v3 HTTP/1.0 200 - python-swiftclient-3.11.1 gAAAAABpfTc14ov9... - 46 - txa8d276b21a0e455c96002-00697d37b2 - 0.0074 - - 1769813938.364389420 1769813938.371785402 0
Jan 30 22:58:58 standalone container-server[126870]: 172.20.0.100 - - [30/Jan/2026:22:58:58 +0000] "GET /d1/420/AUTH_24352ba3f3024f96b08fa3ebf9ce5207/gnocchi.4d0d1d5f-c77e-4e7e-9ab7-ebc284ea2153" 200 357 "GET http://172.18.0.2:8080/v1/AUTH_24352ba3f3024f96b08fa3ebf9ce5207/gnocchi.4d0d1d5f-c77e-4e7e-9ab7-ebc284ea2153?format=json&states=listing" "txb32b69c018504ba3a264f-00697d37b2" "proxy-server 20" 0.0127 "-" 20 0
Jan 30 22:58:58 standalone proxy-server[129002]: 172.18.0.2 172.18.0.100 30/Jan/2026/22/58/58 GET /v1/AUTH_24352ba3f3024f96b08fa3ebf9ce5207/gnocchi.4d0d1d5f-c77e-4e7e-9ab7-ebc284ea2153%3Fformat%3Djson%26states%3Dlisting HTTP/1.0 200 - python-swiftclient-3.11.1 gAAAAABpfTc14ov9... - 357 - txb32b69c018504ba3a264f-00697d37b2 - 0.0204 - - 1769813938.376536369 1769813938.396957397 0
Jan 30 22:58:58 standalone container-server[126870]: 172.20.0.100 - - [30/Jan/2026:22:58:58 +0000] "GET /d1/420/AUTH_24352ba3f3024f96b08fa3ebf9ce5207/gnocchi.4d0d1d5f-c77e-4e7e-9ab7-ebc284ea2153" 200 2 "GET http://172.18.0.2:8080/v1/AUTH_24352ba3f3024f96b08fa3ebf9ce5207/gnocchi.4d0d1d5f-c77e-4e7e-9ab7-ebc284ea2153?format=json&marker=none_v3&states=listing" "tx153861a286d84db290ddc-00697d37b2" "proxy-server 20" 0.0017 "-" 20 0
Jan 30 22:58:58 standalone proxy-server[129002]: 172.18.0.2 172.18.0.100 30/Jan/2026/22/58/58 GET /v1/AUTH_24352ba3f3024f96b08fa3ebf9ce5207/gnocchi.4d0d1d5f-c77e-4e7e-9ab7-ebc284ea2153%3Fformat%3Djson%26marker%3Dnone_v3%26states%3Dlisting HTTP/1.0 200 - python-swiftclient-3.11.1 gAAAAABpfTc14ov9... - 2 - tx153861a286d84db290ddc-00697d37b2 - 0.0099 - - 1769813938.401442528 1769813938.411342621 0
Jan 30 22:58:58 standalone object-server[127134]: 172.20.0.100 - - [30/Jan/2026:22:58:58 +0000] "GET /d1/481/AUTH_24352ba3f3024f96b08fa3ebf9ce5207/gnocchi.4d0d1d5f-c77e-4e7e-9ab7-ebc284ea2153/1769040000.0_mean_300.0_v3" 200 16 "GET http://172.18.0.2:8080/v1/AUTH_24352ba3f3024f96b08fa3ebf9ce5207/gnocchi.4d0d1d5f-c77e-4e7e-9ab7-ebc284ea2153/1769040000.0_mean_300.0_v3" "tx837b286312164e28b455b-00697d37b2" "proxy-server 20" 0.0011 "-" 11 0
Jan 30 22:58:58 standalone proxy-server[129002]: 172.18.0.2 172.18.0.100 30/Jan/2026/22/58/58 GET /v1/AUTH_24352ba3f3024f96b08fa3ebf9ce5207/gnocchi.4d0d1d5f-c77e-4e7e-9ab7-ebc284ea2153/1769040000.0_mean_300.0_v3 HTTP/1.0 200 - python-swiftclient-3.11.1 gAAAAABpfTc14ov9... - 16 - tx837b286312164e28b455b-00697d37b2 - 0.0095 - - 1769813938.416262627 1769813938.425739288 0
Jan 30 22:58:58 standalone container-server[126898]: 172.20.0.100 - - [30/Jan/2026:22:58:58 +0000] "PUT /d1/420/AUTH_24352ba3f3024f96b08fa3ebf9ce5207/gnocchi.4d0d1d5f-c77e-4e7e-9ab7-ebc284ea2153/1769040000.0_mean_300.0_v3" 201 - "PUT http://172.18.0.2:8080/d1/481/AUTH_24352ba3f3024f96b08fa3ebf9ce5207/gnocchi.4d0d1d5f-c77e-4e7e-9ab7-ebc284ea2153/1769040000.0_mean_300.0_v3" "txc94f43bdf58e4d6ab2cbc-00697d37b2" "object-server 11" 0.0008 "-" 23 0
Jan 30 22:58:58 standalone object-server[127134]: 172.20.0.100 - - [30/Jan/2026:22:58:58 +0000] "PUT /d1/481/AUTH_24352ba3f3024f96b08fa3ebf9ce5207/gnocchi.4d0d1d5f-c77e-4e7e-9ab7-ebc284ea2153/1769040000.0_mean_300.0_v3" 201 - "PUT http://172.18.0.2:8080/v1/AUTH_24352ba3f3024f96b08fa3ebf9ce5207/gnocchi.4d0d1d5f-c77e-4e7e-9ab7-ebc284ea2153/1769040000.0_mean_300.0_v3" "txc94f43bdf58e4d6ab2cbc-00697d37b2" "proxy-server 20" 0.0109 "-" 11 0
Jan 30 22:58:58 standalone proxy-server[129002]: 172.18.0.2 172.18.0.100 30/Jan/2026/22/58/58 PUT /v1/AUTH_24352ba3f3024f96b08fa3ebf9ce5207/gnocchi.4d0d1d5f-c77e-4e7e-9ab7-ebc284ea2153/1769040000.0_mean_300.0_v3 HTTP/1.0 201 - python-swiftclient-3.11.1 gAAAAABpfTc14ov9... 16 - - txc94f43bdf58e4d6ab2cbc-00697d37b2 - 0.0180 - - 1769813938.429759026 1769813938.447733402 0
Jan 30 22:58:58 standalone container-server[126898]: 172.20.0.100 - - [30/Jan/2026:22:58:58 +0000] "PUT /d1/420/AUTH_24352ba3f3024f96b08fa3ebf9ce5207/gnocchi.4d0d1d5f-c77e-4e7e-9ab7-ebc284ea2153/none_v3" 201 - "PUT http://172.18.0.2:8080/d1/127/AUTH_24352ba3f3024f96b08fa3ebf9ce5207/gnocchi.4d0d1d5f-c77e-4e7e-9ab7-ebc284ea2153/none_v3" "txc535a7f81e22467a85721-00697d37b2" "object-server 18" 0.0003 "-" 23 0
Jan 30 22:58:58 standalone object-server[127159]: 172.20.0.100 - - [30/Jan/2026:22:58:58 +0000] "PUT /d1/127/AUTH_24352ba3f3024f96b08fa3ebf9ce5207/gnocchi.4d0d1d5f-c77e-4e7e-9ab7-ebc284ea2153/none_v3" 201 - "PUT http://172.18.0.2:8080/v1/AUTH_24352ba3f3024f96b08fa3ebf9ce5207/gnocchi.4d0d1d5f-c77e-4e7e-9ab7-ebc284ea2153/none_v3" "txc535a7f81e22467a85721-00697d37b2" "proxy-server 20" 0.0115 "-" 18 0
Jan 30 22:58:58 standalone proxy-server[129002]: 172.18.0.2 172.18.0.100 30/Jan/2026/22/58/58 PUT /v1/AUTH_24352ba3f3024f96b08fa3ebf9ce5207/gnocchi.4d0d1d5f-c77e-4e7e-9ab7-ebc284ea2153/none_v3 HTTP/1.0 201 - python-swiftclient-3.11.1 gAAAAABpfTc14ov9... 51 - - txc535a7f81e22467a85721-00697d37b2 - 0.0185 - - 1769813938.450053930 1769813938.468525171 0
Jan 30 22:58:58 standalone object-server[127134]: 172.20.0.100 - - [30/Jan/2026:22:58:58 +0000] "GET /d1/954/AUTH_24352ba3f3024f96b08fa3ebf9ce5207/gnocchi.2f594468-076e-4b48-8ca1-15e3d577333e/none_v3" 200 22 "GET http://172.18.0.2:8080/v1/AUTH_24352ba3f3024f96b08fa3ebf9ce5207/gnocchi.2f594468-076e-4b48-8ca1-15e3d577333e/none_v3" "txda9ad8538ac54146b6cf5-00697d37b2" "proxy-server 20" 0.0010 "-" 11 0
Jan 30 22:58:58 standalone proxy-server[129002]: 172.18.0.2 172.18.0.100 30/Jan/2026/22/58/58 GET /v1/AUTH_24352ba3f3024f96b08fa3ebf9ce5207/gnocchi.2f594468-076e-4b48-8ca1-15e3d577333e/none_v3 HTTP/1.0 200 - python-swiftclient-3.11.1 gAAAAABpfTc14ov9... - 22 - txda9ad8538ac54146b6cf5-00697d37b2 - 0.0072 - - 1769813938.478379726 1769813938.485612392 0
Jan 30 22:58:58 standalone container-server[126872]: 172.20.0.100 - - [30/Jan/2026:22:58:58 +0000] "GET /d1/620/AUTH_24352ba3f3024f96b08fa3ebf9ce5207/gnocchi.2f594468-076e-4b48-8ca1-15e3d577333e" 200 357 "GET http://172.18.0.2:8080/v1/AUTH_24352ba3f3024f96b08fa3ebf9ce5207/gnocchi.2f594468-076e-4b48-8ca1-15e3d577333e?format=json&states=listing" "tx94811a1f00354d6eb9293-00697d37b2" "proxy-server 20" 0.0021 "-" 21 0
Jan 30 22:58:58 standalone proxy-server[129002]: 172.18.0.2 172.18.0.100 30/Jan/2026/22/58/58 GET /v1/AUTH_24352ba3f3024f96b08fa3ebf9ce5207/gnocchi.2f594468-076e-4b48-8ca1-15e3d577333e%3Fformat%3Djson%26states%3Dlisting HTTP/1.0 200 - python-swiftclient-3.11.1 gAAAAABpfTc14ov9... - 357 - tx94811a1f00354d6eb9293-00697d37b2 - 0.0070 - - 1769813938.488963842 1769813938.495920420 0
Jan 30 22:58:58 standalone container-server[126872]: 172.20.0.100 - - [30/Jan/2026:22:58:58 +0000] "GET /d1/620/AUTH_24352ba3f3024f96b08fa3ebf9ce5207/gnocchi.2f594468-076e-4b48-8ca1-15e3d577333e" 200 2 "GET http://172.18.0.2:8080/v1/AUTH_24352ba3f3024f96b08fa3ebf9ce5207/gnocchi.2f594468-076e-4b48-8ca1-15e3d577333e?format=json&marker=none_v3&states=listing" "tx5374be2a9c874d9eb13a4-00697d37b2" "proxy-server 20" 0.0015 "-" 21 0
Jan 30 22:58:58 standalone proxy-server[129002]: 172.18.0.2 172.18.0.100 30/Jan/2026/22/58/58 GET /v1/AUTH_24352ba3f3024f96b08fa3ebf9ce5207/gnocchi.2f594468-076e-4b48-8ca1-15e3d577333e%3Fformat%3Djson%26marker%3Dnone_v3%26states%3Dlisting HTTP/1.0 200 - python-swiftclient-3.11.1 gAAAAABpfTc14ov9... - 2 - tx5374be2a9c874d9eb13a4-00697d37b2 - 0.0054 - - 1769813938.497924089 1769813938.503323078 0
Jan 30 22:58:58 standalone object-server[127147]: 172.20.0.100 - - [30/Jan/2026:22:58:58 +0000] "GET /d1/464/AUTH_24352ba3f3024f96b08fa3ebf9ce5207/gnocchi.2f594468-076e-4b48-8ca1-15e3d577333e/1769040000.0_mean_300.0_v3" 200 16 "GET http://172.18.0.2:8080/v1/AUTH_24352ba3f3024f96b08fa3ebf9ce5207/gnocchi.2f594468-076e-4b48-8ca1-15e3d577333e/1769040000.0_mean_300.0_v3" "tx7553a5d513094950ab166-00697d37b2" "proxy-server 20" 0.0007 "-" 13 0
Jan 30 22:58:58 standalone proxy-server[129002]: 172.18.0.2 172.18.0.100 30/Jan/2026/22/58/58 GET /v1/AUTH_24352ba3f3024f96b08fa3ebf9ce5207/gnocchi.2f594468-076e-4b48-8ca1-15e3d577333e/1769040000.0_mean_300.0_v3 HTTP/1.0 200 - python-swiftclient-3.11.1 gAAAAABpfTc14ov9... - 16 - tx7553a5d513094950ab166-00697d37b2 - 0.0054 - - 1769813938.505827427 1769813938.511209488 0
Jan 30 22:58:58 standalone container-server[126872]: 172.20.0.100 - - [30/Jan/2026:22:58:58 +0000] "PUT /d1/620/AUTH_24352ba3f3024f96b08fa3ebf9ce5207/gnocchi.2f594468-076e-4b48-8ca1-15e3d577333e/1769040000.0_mean_300.0_v3" 201 - "PUT http://172.18.0.2:8080/d1/464/AUTH_24352ba3f3024f96b08fa3ebf9ce5207/gnocchi.2f594468-076e-4b48-8ca1-15e3d577333e/1769040000.0_mean_300.0_v3" "txa961df20d78d46da9fa97-00697d37b2" "object-server 18" 0.0007 "-" 21 0
Jan 30 22:58:58 standalone object-server[127159]: 172.20.0.100 - - [30/Jan/2026:22:58:58 +0000] "PUT /d1/464/AUTH_24352ba3f3024f96b08fa3ebf9ce5207/gnocchi.2f594468-076e-4b48-8ca1-15e3d577333e/1769040000.0_mean_300.0_v3" 201 - "PUT http://172.18.0.2:8080/v1/AUTH_24352ba3f3024f96b08fa3ebf9ce5207/gnocchi.2f594468-076e-4b48-8ca1-15e3d577333e/1769040000.0_mean_300.0_v3" "txa961df20d78d46da9fa97-00697d37b2" "proxy-server 20" 0.0099 "-" 18 0
Jan 30 22:58:58 standalone proxy-server[129002]: 172.18.0.2 172.18.0.100 30/Jan/2026/22/58/58 PUT /v1/AUTH_24352ba3f3024f96b08fa3ebf9ce5207/gnocchi.2f594468-076e-4b48-8ca1-15e3d577333e/1769040000.0_mean_300.0_v3 HTTP/1.0 201 - python-swiftclient-3.11.1 gAAAAABpfTc14ov9... 16 - - txa961df20d78d46da9fa97-00697d37b2 - 0.0140 - - 1769813938.513289928 1769813938.527256012 0
Jan 30 22:58:58 standalone container-server[126872]: 172.20.0.100 - - [30/Jan/2026:22:58:58 +0000] "PUT /d1/620/AUTH_24352ba3f3024f96b08fa3ebf9ce5207/gnocchi.2f594468-076e-4b48-8ca1-15e3d577333e/none_v3" 201 - "PUT http://172.18.0.2:8080/d1/954/AUTH_24352ba3f3024f96b08fa3ebf9ce5207/gnocchi.2f594468-076e-4b48-8ca1-15e3d577333e/none_v3" "txabd0550a124b4383958b8-00697d37b2" "object-server 13" 0.0003 "-" 21 0
Jan 30 22:58:58 standalone object-server[127147]: 172.20.0.100 - - [30/Jan/2026:22:58:58 +0000] "PUT /d1/954/AUTH_24352ba3f3024f96b08fa3ebf9ce5207/gnocchi.2f594468-076e-4b48-8ca1-15e3d577333e/none_v3" 201 - "PUT http://172.18.0.2:8080/v1/AUTH_24352ba3f3024f96b08fa3ebf9ce5207/gnocchi.2f594468-076e-4b48-8ca1-15e3d577333e/none_v3" "txabd0550a124b4383958b8-00697d37b2" "proxy-server 20" 0.0087 "-" 13 0
Jan 30 22:58:58 standalone proxy-server[129002]: 172.18.0.2 172.18.0.100 30/Jan/2026/22/58/58 PUT /v1/AUTH_24352ba3f3024f96b08fa3ebf9ce5207/gnocchi.2f594468-076e-4b48-8ca1-15e3d577333e/none_v3 HTTP/1.0 201 - python-swiftclient-3.11.1 gAAAAABpfTc14ov9... 32 - - txabd0550a124b4383958b8-00697d37b2 - 0.0171 - - 1769813938.530076504 1769813938.547174215 0
Jan 30 22:58:58 standalone object-server[127167]: 172.20.0.100 - - [30/Jan/2026:22:58:58 +0000] "GET /d1/545/AUTH_24352ba3f3024f96b08fa3ebf9ce5207/gnocchi.0d998ad3-a2f2-44f0-a435-9ec8e87dfbbc/none_v3" 200 22 "GET http://172.18.0.2:8080/v1/AUTH_24352ba3f3024f96b08fa3ebf9ce5207/gnocchi.0d998ad3-a2f2-44f0-a435-9ec8e87dfbbc/none_v3" "tx562bfbfffe1e4afab0e3c-00697d37b2" "proxy-server 20" 0.0007 "-" 19 0
Jan 30 22:58:58 standalone proxy-server[129002]: 172.18.0.2 172.18.0.100 30/Jan/2026/22/58/58 GET /v1/AUTH_24352ba3f3024f96b08fa3ebf9ce5207/gnocchi.0d998ad3-a2f2-44f0-a435-9ec8e87dfbbc/none_v3 HTTP/1.0 200 - python-swiftclient-3.11.1 gAAAAABpfTc14ov9... - 22 - tx562bfbfffe1e4afab0e3c-00697d37b2 - 0.0080 - - 1769813938.557247639 1769813938.565242767 0
Jan 30 22:58:58 standalone container-server[126890]: 172.20.0.100 - - [30/Jan/2026:22:58:58 +0000] "GET /d1/840/AUTH_24352ba3f3024f96b08fa3ebf9ce5207/gnocchi.0d998ad3-a2f2-44f0-a435-9ec8e87dfbbc" 200 357 "GET http://172.18.0.2:8080/v1/AUTH_24352ba3f3024f96b08fa3ebf9ce5207/gnocchi.0d998ad3-a2f2-44f0-a435-9ec8e87dfbbc?format=json&states=listing" "tx393729f59a08463985fbb-00697d37b2" "proxy-server 20" 0.0021 "-" 22 0
Jan 30 22:58:58 standalone proxy-server[129002]: 172.18.0.2 172.18.0.100 30/Jan/2026/22/58/58 GET /v1/AUTH_24352ba3f3024f96b08fa3ebf9ce5207/gnocchi.0d998ad3-a2f2-44f0-a435-9ec8e87dfbbc%3Fformat%3Djson%26states%3Dlisting HTTP/1.0 200 - python-swiftclient-3.11.1 gAAAAABpfTc14ov9... - 357 - tx393729f59a08463985fbb-00697d37b2 - 0.0100 - - 1769813938.568148375 1769813938.578138590 0
Jan 30 22:58:58 standalone container-server[126872]: 172.20.0.100 - - [30/Jan/2026:22:58:58 +0000] "GET /d1/840/AUTH_24352ba3f3024f96b08fa3ebf9ce5207/gnocchi.0d998ad3-a2f2-44f0-a435-9ec8e87dfbbc" 200 2 "GET http://172.18.0.2:8080/v1/AUTH_24352ba3f3024f96b08fa3ebf9ce5207/gnocchi.0d998ad3-a2f2-44f0-a435-9ec8e87dfbbc?format=json&marker=none_v3&states=listing" "txc89c0e4c9f5e4c93b3152-00697d37b2" "proxy-server 20" 0.0018 "-" 21 0
Jan 30 22:58:58 standalone proxy-server[129002]: 172.18.0.2 172.18.0.100 30/Jan/2026/22/58/58 GET /v1/AUTH_24352ba3f3024f96b08fa3ebf9ce5207/gnocchi.0d998ad3-a2f2-44f0-a435-9ec8e87dfbbc%3Fformat%3Djson%26marker%3Dnone_v3%26states%3Dlisting HTTP/1.0 200 - python-swiftclient-3.11.1 gAAAAABpfTc14ov9... - 2 - txc89c0e4c9f5e4c93b3152-00697d37b2 - 0.0088 - - 1769813938.580606937 1769813938.589415073 0
Jan 30 22:58:58 standalone object-server[127167]: 172.20.0.100 - - [30/Jan/2026:22:58:58 +0000] "GET /d1/826/AUTH_24352ba3f3024f96b08fa3ebf9ce5207/gnocchi.0d998ad3-a2f2-44f0-a435-9ec8e87dfbbc/1769040000.0_mean_300.0_v3" 200 16 "GET http://172.18.0.2:8080/v1/AUTH_24352ba3f3024f96b08fa3ebf9ce5207/gnocchi.0d998ad3-a2f2-44f0-a435-9ec8e87dfbbc/1769040000.0_mean_300.0_v3" "txabdd388eb5ef47cbadb3f-00697d37b2" "proxy-server 20" 0.0004 "-" 19 0
Jan 30 22:58:58 standalone proxy-server[129002]: 172.18.0.2 172.18.0.100 30/Jan/2026/22/58/58 GET /v1/AUTH_24352ba3f3024f96b08fa3ebf9ce5207/gnocchi.0d998ad3-a2f2-44f0-a435-9ec8e87dfbbc/1769040000.0_mean_300.0_v3 HTTP/1.0 200 - python-swiftclient-3.11.1 gAAAAABpfTc14ov9... - 16 - txabdd388eb5ef47cbadb3f-00697d37b2 - 0.0079 - - 1769813938.592209339 1769813938.600112677 0
Jan 30 22:58:58 standalone container-server[126898]: 172.20.0.100 - - [30/Jan/2026:22:58:58 +0000] "PUT /d1/840/AUTH_24352ba3f3024f96b08fa3ebf9ce5207/gnocchi.0d998ad3-a2f2-44f0-a435-9ec8e87dfbbc/1769040000.0_mean_300.0_v3" 201 - "PUT http://172.18.0.2:8080/d1/826/AUTH_24352ba3f3024f96b08fa3ebf9ce5207/gnocchi.0d998ad3-a2f2-44f0-a435-9ec8e87dfbbc/1769040000.0_mean_300.0_v3" "txb2f64b41ed4148d9894bc-00697d37b2" "object-server 13" 0.0005 "-" 23 0
Jan 30 22:58:58 standalone object-server[127147]: 172.20.0.100 - - [30/Jan/2026:22:58:58 +0000] "PUT /d1/826/AUTH_24352ba3f3024f96b08fa3ebf9ce5207/gnocchi.0d998ad3-a2f2-44f0-a435-9ec8e87dfbbc/1769040000.0_mean_300.0_v3" 201 - "PUT http://172.18.0.2:8080/v1/AUTH_24352ba3f3024f96b08fa3ebf9ce5207/gnocchi.0d998ad3-a2f2-44f0-a435-9ec8e87dfbbc/1769040000.0_mean_300.0_v3" "txb2f64b41ed4148d9894bc-00697d37b2" "proxy-server 20" 0.0102 "-" 13 0
Jan 30 22:58:58 standalone proxy-server[129002]: 172.18.0.2 172.18.0.100 30/Jan/2026/22/58/58 PUT /v1/AUTH_24352ba3f3024f96b08fa3ebf9ce5207/gnocchi.0d998ad3-a2f2-44f0-a435-9ec8e87dfbbc/1769040000.0_mean_300.0_v3 HTTP/1.0 201 - python-swiftclient-3.11.1 gAAAAABpfTc14ov9... 16 - - txb2f64b41ed4148d9894bc-00697d37b2 - 0.0167 - - 1769813938.602786779 1769813938.619531870 0
Jan 30 22:58:58 standalone container-server[126898]: 172.20.0.100 - - [30/Jan/2026:22:58:58 +0000] "PUT /d1/840/AUTH_24352ba3f3024f96b08fa3ebf9ce5207/gnocchi.0d998ad3-a2f2-44f0-a435-9ec8e87dfbbc/none_v3" 201 - "PUT http://172.18.0.2:8080/d1/545/AUTH_24352ba3f3024f96b08fa3ebf9ce5207/gnocchi.0d998ad3-a2f2-44f0-a435-9ec8e87dfbbc/none_v3" "tx0fea33a7331b4894bee2c-00697d37b2" "object-server 11" 0.0003 "-" 23 0
Jan 30 22:58:58 standalone object-server[127134]: 172.20.0.100 - - [30/Jan/2026:22:58:58 +0000] "PUT /d1/545/AUTH_24352ba3f3024f96b08fa3ebf9ce5207/gnocchi.0d998ad3-a2f2-44f0-a435-9ec8e87dfbbc/none_v3" 201 - "PUT http://172.18.0.2:8080/v1/AUTH_24352ba3f3024f96b08fa3ebf9ce5207/gnocchi.0d998ad3-a2f2-44f0-a435-9ec8e87dfbbc/none_v3" "tx0fea33a7331b4894bee2c-00697d37b2" "proxy-server 20" 0.0083 "-" 11 0
Jan 30 22:58:58 standalone proxy-server[129002]: 172.18.0.2 172.18.0.100 30/Jan/2026/22/58/58 PUT /v1/AUTH_24352ba3f3024f96b08fa3ebf9ce5207/gnocchi.0d998ad3-a2f2-44f0-a435-9ec8e87dfbbc/none_v3 HTTP/1.0 201 - python-swiftclient-3.11.1 gAAAAABpfTc14ov9... 32 - - tx0fea33a7331b4894bee2c-00697d37b2 - 0.0192 - - 1769813938.622222424 1769813938.641425133 0
Jan 30 22:58:58 standalone object-server[127147]: 172.20.0.100 - - [30/Jan/2026:22:58:58 +0000] "GET /d1/819/AUTH_24352ba3f3024f96b08fa3ebf9ce5207/gnocchi.a3635a17-297c-42b0-86ea-faddb9a458de/none_v3" 200 22 "GET http://172.18.0.2:8080/v1/AUTH_24352ba3f3024f96b08fa3ebf9ce5207/gnocchi.a3635a17-297c-42b0-86ea-faddb9a458de/none_v3" "txbd5478cf537840d1a52e3-00697d37b2" "proxy-server 20" 0.0007 "-" 13 0
Jan 30 22:58:58 standalone proxy-server[129002]: 172.18.0.2 172.18.0.100 30/Jan/2026/22/58/58 GET /v1/AUTH_24352ba3f3024f96b08fa3ebf9ce5207/gnocchi.a3635a17-297c-42b0-86ea-faddb9a458de/none_v3 HTTP/1.0 200 - python-swiftclient-3.11.1 gAAAAABpfTc14ov9... - 22 - txbd5478cf537840d1a52e3-00697d37b2 - 0.0076 - - 1769813938.649856329 1769813938.657442093 0
Jan 30 22:58:58 standalone container-server[126872]: 172.20.0.100 - - [30/Jan/2026:22:58:58 +0000] "GET /d1/964/AUTH_24352ba3f3024f96b08fa3ebf9ce5207/gnocchi.a3635a17-297c-42b0-86ea-faddb9a458de" 200 357 "GET http://172.18.0.2:8080/v1/AUTH_24352ba3f3024f96b08fa3ebf9ce5207/gnocchi.a3635a17-297c-42b0-86ea-faddb9a458de?format=json&states=listing" "txca09909b95084bf5b92c2-00697d37b2" "proxy-server 20" 0.0019 "-" 21 0
Jan 30 22:58:58 standalone proxy-server[129002]: 172.18.0.2 172.18.0.100 30/Jan/2026/22/58/58 GET /v1/AUTH_24352ba3f3024f96b08fa3ebf9ce5207/gnocchi.a3635a17-297c-42b0-86ea-faddb9a458de%3Fformat%3Djson%26states%3Dlisting HTTP/1.0 200 - python-swiftclient-3.11.1 gAAAAABpfTc14ov9... - 357 - txca09909b95084bf5b92c2-00697d37b2 - 0.0092 - - 1769813938.660606384 1769813938.669765234 0
Jan 30 22:58:58 standalone container-server[126898]: 172.20.0.100 - - [30/Jan/2026:22:58:58 +0000] "GET /d1/964/AUTH_24352ba3f3024f96b08fa3ebf9ce5207/gnocchi.a3635a17-297c-42b0-86ea-faddb9a458de" 200 2 "GET http://172.18.0.2:8080/v1/AUTH_24352ba3f3024f96b08fa3ebf9ce5207/gnocchi.a3635a17-297c-42b0-86ea-faddb9a458de?format=json&marker=none_v3&states=listing" "txfef30c785d16456f9200c-00697d37b2" "proxy-server 20" 0.0018 "-" 23 0
Jan 30 22:58:58 standalone proxy-server[129002]: 172.18.0.2 172.18.0.100 30/Jan/2026/22/58/58 GET /v1/AUTH_24352ba3f3024f96b08fa3ebf9ce5207/gnocchi.a3635a17-297c-42b0-86ea-faddb9a458de%3Fformat%3Djson%26marker%3Dnone_v3%26states%3Dlisting HTTP/1.0 200 - python-swiftclient-3.11.1 gAAAAABpfTc14ov9... - 2 - txfef30c785d16456f9200c-00697d37b2 - 0.0118 - - 1769813938.672596693 1769813938.684386730 0
Jan 30 22:58:58 standalone object-server[127134]: 172.20.0.100 - - [30/Jan/2026:22:58:58 +0000] "GET /d1/702/AUTH_24352ba3f3024f96b08fa3ebf9ce5207/gnocchi.a3635a17-297c-42b0-86ea-faddb9a458de/1769040000.0_mean_300.0_v3" 200 16 "GET http://172.18.0.2:8080/v1/AUTH_24352ba3f3024f96b08fa3ebf9ce5207/gnocchi.a3635a17-297c-42b0-86ea-faddb9a458de/1769040000.0_mean_300.0_v3" "tx8f7432c055eb41849ebac-00697d37b2" "proxy-server 20" 0.0008 "-" 11 0
Jan 30 22:58:58 standalone proxy-server[129002]: 172.18.0.2 172.18.0.100 30/Jan/2026/22/58/58 GET /v1/AUTH_24352ba3f3024f96b08fa3ebf9ce5207/gnocchi.a3635a17-297c-42b0-86ea-faddb9a458de/1769040000.0_mean_300.0_v3 HTTP/1.0 200 - python-swiftclient-3.11.1 gAAAAABpfTc14ov9... - 16 - tx8f7432c055eb41849ebac-00697d37b2 - 0.0081 - - 1769813938.687828779 1769813938.695925713 0
Jan 30 22:58:58 standalone container-server[126870]: 172.20.0.100 - - [30/Jan/2026:22:58:58 +0000] "PUT /d1/964/AUTH_24352ba3f3024f96b08fa3ebf9ce5207/gnocchi.a3635a17-297c-42b0-86ea-faddb9a458de/1769040000.0_mean_300.0_v3" 201 - "PUT http://172.18.0.2:8080/d1/702/AUTH_24352ba3f3024f96b08fa3ebf9ce5207/gnocchi.a3635a17-297c-42b0-86ea-faddb9a458de/1769040000.0_mean_300.0_v3" "txafd7288aa92f46f2880bc-00697d37b2" "object-server 18" 0.0006 "-" 20 0
Jan 30 22:58:58 standalone object-server[127159]: 172.20.0.100 - - [30/Jan/2026:22:58:58 +0000] "PUT /d1/702/AUTH_24352ba3f3024f96b08fa3ebf9ce5207/gnocchi.a3635a17-297c-42b0-86ea-faddb9a458de/1769040000.0_mean_300.0_v3" 201 - "PUT http://172.18.0.2:8080/v1/AUTH_24352ba3f3024f96b08fa3ebf9ce5207/gnocchi.a3635a17-297c-42b0-86ea-faddb9a458de/1769040000.0_mean_300.0_v3" "txafd7288aa92f46f2880bc-00697d37b2" "proxy-server 20" 0.0098 "-" 18 0
Jan 30 22:58:58 standalone proxy-server[129002]: 172.18.0.2 172.18.0.100 30/Jan/2026/22/58/58 PUT /v1/AUTH_24352ba3f3024f96b08fa3ebf9ce5207/gnocchi.a3635a17-297c-42b0-86ea-faddb9a458de/1769040000.0_mean_300.0_v3 HTTP/1.0 201 - python-swiftclient-3.11.1 gAAAAABpfTc14ov9... 16 - - txafd7288aa92f46f2880bc-00697d37b2 - 0.0169 - - 1769813938.698673010 1769813938.715536356 0
Jan 30 22:58:58 standalone container-server[126890]: 172.20.0.100 - - [30/Jan/2026:22:58:58 +0000] "PUT /d1/964/AUTH_24352ba3f3024f96b08fa3ebf9ce5207/gnocchi.a3635a17-297c-42b0-86ea-faddb9a458de/none_v3" 201 - "PUT http://172.18.0.2:8080/d1/819/AUTH_24352ba3f3024f96b08fa3ebf9ce5207/gnocchi.a3635a17-297c-42b0-86ea-faddb9a458de/none_v3" "txa0ef9100e79a417a816fb-00697d37b2" "object-server 18" 0.0004 "-" 22 0
Jan 30 22:58:58 standalone object-server[127159]: 172.20.0.100 - - [30/Jan/2026:22:58:58 +0000] "PUT /d1/819/AUTH_24352ba3f3024f96b08fa3ebf9ce5207/gnocchi.a3635a17-297c-42b0-86ea-faddb9a458de/none_v3" 201 - "PUT http://172.18.0.2:8080/v1/AUTH_24352ba3f3024f96b08fa3ebf9ce5207/gnocchi.a3635a17-297c-42b0-86ea-faddb9a458de/none_v3" "txa0ef9100e79a417a816fb-00697d37b2" "proxy-server 20" 0.0091 "-" 18 0
Jan 30 22:58:58 standalone proxy-server[129002]: 172.18.0.2 172.18.0.100 30/Jan/2026/22/58/58 PUT /v1/AUTH_24352ba3f3024f96b08fa3ebf9ce5207/gnocchi.a3635a17-297c-42b0-86ea-faddb9a458de/none_v3 HTTP/1.0 201 - python-swiftclient-3.11.1 gAAAAABpfTc14ov9... 32 - - txa0ef9100e79a417a816fb-00697d37b2 - 0.0159 - - 1769813938.720045090 1769813938.735927105 0
Jan 30 22:58:58 standalone object-server[127147]: 172.20.0.100 - - [30/Jan/2026:22:58:58 +0000] "GET /d1/707/AUTH_24352ba3f3024f96b08fa3ebf9ce5207/gnocchi.75067119-808d-47dc-9bd7-44f31fd1a8da/none_v3" 200 22 "GET http://172.18.0.2:8080/v1/AUTH_24352ba3f3024f96b08fa3ebf9ce5207/gnocchi.75067119-808d-47dc-9bd7-44f31fd1a8da/none_v3" "tx0f43358d824b45599e2b3-00697d37b2" "proxy-server 20" 0.0016 "-" 13 0
Jan 30 22:58:58 standalone proxy-server[129002]: 172.18.0.2 172.18.0.100 30/Jan/2026/22/58/58 GET /v1/AUTH_24352ba3f3024f96b08fa3ebf9ce5207/gnocchi.75067119-808d-47dc-9bd7-44f31fd1a8da/none_v3 HTTP/1.0 200 - python-swiftclient-3.11.1 gAAAAABpfTc14ov9... - 22 - tx0f43358d824b45599e2b3-00697d37b2 - 0.0556 - - 1769813938.744966507 1769813938.800540686 0
Jan 30 22:58:58 standalone container-server[126898]: 172.20.0.100 - - [30/Jan/2026:22:58:58 +0000] "GET /d1/580/AUTH_24352ba3f3024f96b08fa3ebf9ce5207/gnocchi.75067119-808d-47dc-9bd7-44f31fd1a8da" 200 357 "GET http://172.18.0.2:8080/v1/AUTH_24352ba3f3024f96b08fa3ebf9ce5207/gnocchi.75067119-808d-47dc-9bd7-44f31fd1a8da?format=json&states=listing" "tx2d013cfb5d784010a8d75-00697d37b2" "proxy-server 20" 0.0048 "-" 23 0
Jan 30 22:58:58 standalone proxy-server[129002]: 172.18.0.2 172.18.0.100 30/Jan/2026/22/58/58 GET /v1/AUTH_24352ba3f3024f96b08fa3ebf9ce5207/gnocchi.75067119-808d-47dc-9bd7-44f31fd1a8da%3Fformat%3Djson%26states%3Dlisting HTTP/1.0 200 - python-swiftclient-3.11.1 gAAAAABpfTc14ov9... - 357 - tx2d013cfb5d784010a8d75-00697d37b2 - 0.0150 - - 1769813938.806337595 1769813938.821337700 0
Jan 30 22:58:58 standalone container-server[126898]: 172.20.0.100 - - [30/Jan/2026:22:58:58 +0000] "GET /d1/580/AUTH_24352ba3f3024f96b08fa3ebf9ce5207/gnocchi.75067119-808d-47dc-9bd7-44f31fd1a8da" 200 2 "GET http://172.18.0.2:8080/v1/AUTH_24352ba3f3024f96b08fa3ebf9ce5207/gnocchi.75067119-808d-47dc-9bd7-44f31fd1a8da?format=json&marker=none_v3&states=listing" "tx2cadf4b20a6e4940996f3-00697d37b2" "proxy-server 20" 0.0038 "-" 23 0
Jan 30 22:58:58 standalone proxy-server[129002]: 172.18.0.2 172.18.0.100 30/Jan/2026/22/58/58 GET /v1/AUTH_24352ba3f3024f96b08fa3ebf9ce5207/gnocchi.75067119-808d-47dc-9bd7-44f31fd1a8da%3Fformat%3Djson%26marker%3Dnone_v3%26states%3Dlisting HTTP/1.0 200 - python-swiftclient-3.11.1 gAAAAABpfTc14ov9... - 2 - tx2cadf4b20a6e4940996f3-00697d37b2 - 0.0179 - - 1769813938.826511860 1769813938.844410181 0
Jan 30 22:58:58 standalone object-server[127167]: 172.20.0.100 - - [30/Jan/2026:22:58:58 +0000] "GET /d1/207/AUTH_24352ba3f3024f96b08fa3ebf9ce5207/gnocchi.75067119-808d-47dc-9bd7-44f31fd1a8da/1769040000.0_mean_300.0_v3" 200 16 "GET http://172.18.0.2:8080/v1/AUTH_24352ba3f3024f96b08fa3ebf9ce5207/gnocchi.75067119-808d-47dc-9bd7-44f31fd1a8da/1769040000.0_mean_300.0_v3" "tx9d7b75103e4141a698e30-00697d37b2" "proxy-server 20" 0.0015 "-" 19 0
Jan 30 22:58:58 standalone proxy-server[129002]: 172.18.0.2 172.18.0.100 30/Jan/2026/22/58/58 GET /v1/AUTH_24352ba3f3024f96b08fa3ebf9ce5207/gnocchi.75067119-808d-47dc-9bd7-44f31fd1a8da/1769040000.0_mean_300.0_v3 HTTP/1.0 200 - python-swiftclient-3.11.1 gAAAAABpfTc14ov9... - 16 - tx9d7b75103e4141a698e30-00697d37b2 - 0.0109 - - 1769813938.851148129 1769813938.862071037 0
Jan 30 22:58:58 standalone container-server[126870]: 172.20.0.100 - - [30/Jan/2026:22:58:58 +0000] "PUT /d1/580/AUTH_24352ba3f3024f96b08fa3ebf9ce5207/gnocchi.75067119-808d-47dc-9bd7-44f31fd1a8da/1769040000.0_mean_300.0_v3" 201 - "PUT http://172.18.0.2:8080/d1/207/AUTH_24352ba3f3024f96b08fa3ebf9ce5207/gnocchi.75067119-808d-47dc-9bd7-44f31fd1a8da/1769040000.0_mean_300.0_v3" "txa2a58486d04649399ecf8-00697d37b2" "object-server 11" 0.0006 "-" 20 0
Jan 30 22:58:58 standalone object-server[127134]: 172.20.0.100 - - [30/Jan/2026:22:58:58 +0000] "PUT /d1/207/AUTH_24352ba3f3024f96b08fa3ebf9ce5207/gnocchi.75067119-808d-47dc-9bd7-44f31fd1a8da/1769040000.0_mean_300.0_v3" 201 - "PUT http://172.18.0.2:8080/v1/AUTH_24352ba3f3024f96b08fa3ebf9ce5207/gnocchi.75067119-808d-47dc-9bd7-44f31fd1a8da/1769040000.0_mean_300.0_v3" "txa2a58486d04649399ecf8-00697d37b2" "proxy-server 20" 0.0117 "-" 11 0
Jan 30 22:58:58 standalone proxy-server[129002]: 172.18.0.2 172.18.0.100 30/Jan/2026/22/58/58 PUT /v1/AUTH_24352ba3f3024f96b08fa3ebf9ce5207/gnocchi.75067119-808d-47dc-9bd7-44f31fd1a8da/1769040000.0_mean_300.0_v3 HTTP/1.0 201 - python-swiftclient-3.11.1 gAAAAABpfTc14ov9... 16 - - txa2a58486d04649399ecf8-00697d37b2 - 0.0225 - - 1769813938.866053820 1769813938.888556480 0
Jan 30 22:58:58 standalone container-server[126870]: 172.20.0.100 - - [30/Jan/2026:22:58:58 +0000] "PUT /d1/580/AUTH_24352ba3f3024f96b08fa3ebf9ce5207/gnocchi.75067119-808d-47dc-9bd7-44f31fd1a8da/none_v3" 201 - "PUT http://172.18.0.2:8080/d1/707/AUTH_24352ba3f3024f96b08fa3ebf9ce5207/gnocchi.75067119-808d-47dc-9bd7-44f31fd1a8da/none_v3" "tx2b3cf388e1494a0fa6e1b-00697d37b2" "object-server 11" 0.0006 "-" 20 0
Jan 30 22:58:58 standalone object-server[127134]: 172.20.0.100 - - [30/Jan/2026:22:58:58 +0000] "PUT /d1/707/AUTH_24352ba3f3024f96b08fa3ebf9ce5207/gnocchi.75067119-808d-47dc-9bd7-44f31fd1a8da/none_v3" 201 - "PUT http://172.18.0.2:8080/v1/AUTH_24352ba3f3024f96b08fa3ebf9ce5207/gnocchi.75067119-808d-47dc-9bd7-44f31fd1a8da/none_v3" "tx2b3cf388e1494a0fa6e1b-00697d37b2" "proxy-server 20" 0.0091 "-" 11 0
Jan 30 22:58:58 standalone proxy-server[129002]: 172.18.0.2 172.18.0.100 30/Jan/2026/22/58/58 PUT /v1/AUTH_24352ba3f3024f96b08fa3ebf9ce5207/gnocchi.75067119-808d-47dc-9bd7-44f31fd1a8da/none_v3 HTTP/1.0 201 - python-swiftclient-3.11.1 gAAAAABpfTc14ov9... 32 - - tx2b3cf388e1494a0fa6e1b-00697d37b2 - 0.0162 - - 1769813938.891620874 1769813938.907772064 0
Jan 30 22:59:02 standalone container-server[126870]: 172.20.0.100 - - [30/Jan/2026:22:59:02 +0000] "HEAD /d1/252/AUTH_24352ba3f3024f96b08fa3ebf9ce5207/gnocchi.cff3d134-6ca2-4163-8165-6da12466cd0b" 404 - "HEAD http://172.18.0.2:8080/v1/AUTH_24352ba3f3024f96b08fa3ebf9ce5207/gnocchi.cff3d134-6ca2-4163-8165-6da12466cd0b?format=json&states=listing" "txea0cb5c38edf43ce8dda7-00697d37b6" "proxy-server 20" 0.0006 "-" 20 0
Jan 30 22:59:02 standalone object-server[127159]: 172.20.0.100 - - [30/Jan/2026:22:59:02 +0000] "GET /d1/815/AUTH_24352ba3f3024f96b08fa3ebf9ce5207/gnocchi.cff3d134-6ca2-4163-8165-6da12466cd0b/none_v3" 404 70 "GET http://172.18.0.2:8080/v1/AUTH_24352ba3f3024f96b08fa3ebf9ce5207/gnocchi.cff3d134-6ca2-4163-8165-6da12466cd0b/none_v3" "txea0cb5c38edf43ce8dda7-00697d37b6" "proxy-server 20" 0.0005 "-" 18 0
Jan 30 22:59:02 standalone proxy-server[129002]: 172.18.0.2 172.18.0.100 30/Jan/2026/22/59/02 GET /v1/AUTH_24352ba3f3024f96b08fa3ebf9ce5207/gnocchi.cff3d134-6ca2-4163-8165-6da12466cd0b/none_v3 HTTP/1.0 404 - python-swiftclient-3.11.1 gAAAAABpfTc14ov9... - 70 - txea0cb5c38edf43ce8dda7-00697d37b6 - 0.0192 - - 1769813942.736229420 1769813942.755412579 0
Jan 30 22:59:02 standalone account-server[126826]: 172.20.0.100 - - [30/Jan/2026:22:59:02 +0000] "PUT /d1/752/AUTH_24352ba3f3024f96b08fa3ebf9ce5207/gnocchi.cff3d134-6ca2-4163-8165-6da12466cd0b" 201 - "PUT http://172.20.0.100:6001/d1/252/AUTH_24352ba3f3024f96b08fa3ebf9ce5207/gnocchi.cff3d134-6ca2-4163-8165-6da12466cd0b" "tx0eac0f6e4be64d209a0e1-00697d37b6" "container-server 21" 0.0013 "-" 20 0
Jan 30 22:59:02 standalone container-server[126872]: 172.20.0.100 - - [30/Jan/2026:22:59:02 +0000] "PUT /d1/252/AUTH_24352ba3f3024f96b08fa3ebf9ce5207/gnocchi.cff3d134-6ca2-4163-8165-6da12466cd0b" 201 - "PUT http://172.18.0.2:8080/v1/AUTH_24352ba3f3024f96b08fa3ebf9ce5207/gnocchi.cff3d134-6ca2-4163-8165-6da12466cd0b" "tx0eac0f6e4be64d209a0e1-00697d37b6" "proxy-server 20" 0.0160 "-" 21 0
