Jan 30 22:59:49 standalone container-server[126890]: 172.20.0.100 - - [30/Jan/2026:22:59:49 +0000] "PUT /d1/292/AUTH_24352ba3f3024f96b08fa3ebf9ce5207/gnocchi.0ae81f00-8531-4c00-b68d-6b2716cdc084/none_v3" 201 - "PUT http://172.18.0.2:8080/d1/509/AUTH_24352ba3f3024f96b08fa3ebf9ce5207/gnocchi.0ae81f00-8531-4c00-b68d-6b2716cdc084/none_v3" "tx02c6dda6863f452c93f4a-00697d37e5" "object-server 13" 0.0007 "-" 22 0
Jan 30 22:59:49 standalone object-server[127147]: 172.20.0.100 - - [30/Jan/2026:22:59:49 +0000] "PUT /d1/509/AUTH_24352ba3f3024f96b08fa3ebf9ce5207/gnocchi.0ae81f00-8531-4c00-b68d-6b2716cdc084/none_v3" 201 - "PUT http://172.18.0.2:8080/v1/AUTH_24352ba3f3024f96b08fa3ebf9ce5207/gnocchi.0ae81f00-8531-4c00-b68d-6b2716cdc084/none_v3" "tx02c6dda6863f452c93f4a-00697d37e5" "proxy-server 20" 0.0113 "-" 13 0
Jan 30 22:59:49 standalone proxy-server[129002]: 172.18.0.2 172.18.0.100 30/Jan/2026/22/59/49 PUT /v1/AUTH_24352ba3f3024f96b08fa3ebf9ce5207/gnocchi.0ae81f00-8531-4c00-b68d-6b2716cdc084/none_v3 HTTP/1.0 201 - python-swiftclient-3.11.1 gAAAAABpfTc14ov9... 22 - - tx02c6dda6863f452c93f4a-00697d37e5 - 0.0182 - - 1769813989.262887239 1769813989.281112909 0
Jan 30 22:59:49 standalone container-server[126872]: 172.20.0.100 - - [30/Jan/2026:22:59:49 +0000] "HEAD /d1/412/AUTH_24352ba3f3024f96b08fa3ebf9ce5207/gnocchi.41c8f3a6-b4c0-4d53-b1ac-281dccaf7df2" 404 - "HEAD http://172.18.0.2:8080/v1/AUTH_24352ba3f3024f96b08fa3ebf9ce5207/gnocchi.41c8f3a6-b4c0-4d53-b1ac-281dccaf7df2?format=json&states=listing" "txaa7f6e516e624082b7aaf-00697d37e5" "proxy-server 20" 0.0003 "-" 21 0
Jan 30 22:59:49 standalone object-server[127167]: 172.20.0.100 - - [30/Jan/2026:22:59:49 +0000] "GET /d1/844/AUTH_24352ba3f3024f96b08fa3ebf9ce5207/gnocchi.41c8f3a6-b4c0-4d53-b1ac-281dccaf7df2/none_v3" 404 70 "GET http://172.18.0.2:8080/v1/AUTH_24352ba3f3024f96b08fa3ebf9ce5207/gnocchi.41c8f3a6-b4c0-4d53-b1ac-281dccaf7df2/none_v3" "txaa7f6e516e624082b7aaf-00697d37e5" "proxy-server 20" 0.0003 "-" 19 0
Jan 30 22:59:49 standalone proxy-server[129002]: 172.18.0.2 172.18.0.100 30/Jan/2026/22/59/49 GET /v1/AUTH_24352ba3f3024f96b08fa3ebf9ce5207/gnocchi.41c8f3a6-b4c0-4d53-b1ac-281dccaf7df2/none_v3 HTTP/1.0 404 - python-swiftclient-3.11.1 gAAAAABpfTc14ov9... - 70 - txaa7f6e516e624082b7aaf-00697d37e5 - 0.0117 - - 1769813989.296687365 1769813989.308363914 0
Jan 30 22:59:49 standalone account-server[126864]: 172.20.0.100 - - [30/Jan/2026:22:59:49 +0000] "PUT /d1/752/AUTH_24352ba3f3024f96b08fa3ebf9ce5207/gnocchi.41c8f3a6-b4c0-4d53-b1ac-281dccaf7df2" 201 - "PUT http://172.20.0.100:6001/d1/412/AUTH_24352ba3f3024f96b08fa3ebf9ce5207/gnocchi.41c8f3a6-b4c0-4d53-b1ac-281dccaf7df2" "txb08e6a4298d94d7db1834-00697d37e5" "container-server 23" 0.0071 "-" 23 0
Jan 30 22:59:49 standalone container-server[126898]: 172.20.0.100 - - [30/Jan/2026:22:59:49 +0000] "PUT /d1/412/AUTH_24352ba3f3024f96b08fa3ebf9ce5207/gnocchi.41c8f3a6-b4c0-4d53-b1ac-281dccaf7df2" 201 - "PUT http://172.18.0.2:8080/v1/AUTH_24352ba3f3024f96b08fa3ebf9ce5207/gnocchi.41c8f3a6-b4c0-4d53-b1ac-281dccaf7df2" "txb08e6a4298d94d7db1834-00697d37e5" "proxy-server 20" 0.0186 "-" 23 0
Jan 30 22:59:49 standalone proxy-server[129002]: 172.18.0.2 172.18.0.100 30/Jan/2026/22/59/49 PUT /v1/AUTH_24352ba3f3024f96b08fa3ebf9ce5207/gnocchi.41c8f3a6-b4c0-4d53-b1ac-281dccaf7df2 HTTP/1.0 201 - python-swiftclient-3.11.1 gAAAAABpfTc14ov9... - - - txb08e6a4298d94d7db1834-00697d37e5 - 0.0249 - - 1769813989.312124491 1769813989.337055683 0
Jan 30 22:59:49 standalone container-server[126898]: 172.20.0.100 - - [30/Jan/2026:22:59:49 +0000] "HEAD /d1/412/AUTH_24352ba3f3024f96b08fa3ebf9ce5207/gnocchi.41c8f3a6-b4c0-4d53-b1ac-281dccaf7df2" 204 - "HEAD http://172.18.0.2:8080/v1/AUTH_24352ba3f3024f96b08fa3ebf9ce5207/gnocchi.41c8f3a6-b4c0-4d53-b1ac-281dccaf7df2?format=json&states=listing" "txf53832e8189345098e1ca-00697d37e5" "proxy-server 20" 0.0013 "-" 23 0
Jan 30 22:59:49 standalone proxy-server[129002]: - - 30/Jan/2026/22/59/49 HEAD /v1/AUTH_24352ba3f3024f96b08fa3ebf9ce5207/gnocchi.41c8f3a6-b4c0-4d53-b1ac-281dccaf7df2%3Fformat%3Djson%26states%3Dlisting HTTP/1.0 204 - Swift - - - - txf53832e8189345098e1ca-00697d37e5 - 0.0045 RL - 1769813989.342951059 1769813989.347449780 0
Jan 30 22:59:49 standalone container-server[126872]: 172.20.0.100 - - [30/Jan/2026:22:59:49 +0000] "GET /d1/412/AUTH_24352ba3f3024f96b08fa3ebf9ce5207/gnocchi.41c8f3a6-b4c0-4d53-b1ac-281dccaf7df2" 200 2 "GET http://172.18.0.2:8080/v1/AUTH_24352ba3f3024f96b08fa3ebf9ce5207/gnocchi.41c8f3a6-b4c0-4d53-b1ac-281dccaf7df2?format=json&states=listing" "txf53832e8189345098e1ca-00697d37e5" "proxy-server 20" 0.0020 "-" 21 0
Jan 30 22:59:49 standalone proxy-server[129002]: 172.18.0.2 172.18.0.100 30/Jan/2026/22/59/49 GET /v1/AUTH_24352ba3f3024f96b08fa3ebf9ce5207/gnocchi.41c8f3a6-b4c0-4d53-b1ac-281dccaf7df2%3Fformat%3Djson%26states%3Dlisting HTTP/1.0 200 - python-swiftclient-3.11.1 gAAAAABpfTc14ov9... - 2 - txf53832e8189345098e1ca-00697d37e5 - 0.0127 - - 1769813989.341800213 1769813989.354488611 0
Jan 30 22:59:49 standalone object-server[127159]: 172.20.0.100 - - [30/Jan/2026:22:59:49 +0000] "GET /d1/693/AUTH_24352ba3f3024f96b08fa3ebf9ce5207/gnocchi.41c8f3a6-b4c0-4d53-b1ac-281dccaf7df2/1769040000.0_mean_300.0_v3" 404 70 "GET http://172.18.0.2:8080/v1/AUTH_24352ba3f3024f96b08fa3ebf9ce5207/gnocchi.41c8f3a6-b4c0-4d53-b1ac-281dccaf7df2/1769040000.0_mean_300.0_v3" "tx4c246ed97cc740849376f-00697d37e5" "proxy-server 20" 0.0005 "-" 18 0
Jan 30 22:59:49 standalone proxy-server[129002]: 172.18.0.2 172.18.0.100 30/Jan/2026/22/59/49 GET /v1/AUTH_24352ba3f3024f96b08fa3ebf9ce5207/gnocchi.41c8f3a6-b4c0-4d53-b1ac-281dccaf7df2/1769040000.0_mean_300.0_v3 HTTP/1.0 404 - python-swiftclient-3.11.1 gAAAAABpfTc14ov9... - 70 - tx4c246ed97cc740849376f-00697d37e5 - 0.0066 - - 1769813989.359142303 1769813989.365772247 0
Jan 30 22:59:49 standalone container-server[126870]: 172.20.0.100 - - [30/Jan/2026:22:59:49 +0000] "PUT /d1/412/AUTH_24352ba3f3024f96b08fa3ebf9ce5207/gnocchi.41c8f3a6-b4c0-4d53-b1ac-281dccaf7df2/1769040000.0_mean_300.0_v3" 201 - "PUT http://172.18.0.2:8080/d1/693/AUTH_24352ba3f3024f96b08fa3ebf9ce5207/gnocchi.41c8f3a6-b4c0-4d53-b1ac-281dccaf7df2/1769040000.0_mean_300.0_v3" "tx50245c52db124dec91a52-00697d37e5" "object-server 13" 0.0012 "-" 20 0
Jan 30 22:59:49 standalone object-server[127147]: 172.20.0.100 - - [30/Jan/2026:22:59:49 +0000] "PUT /d1/693/AUTH_24352ba3f3024f96b08fa3ebf9ce5207/gnocchi.41c8f3a6-b4c0-4d53-b1ac-281dccaf7df2/1769040000.0_mean_300.0_v3" 201 - "PUT http://172.18.0.2:8080/v1/AUTH_24352ba3f3024f96b08fa3ebf9ce5207/gnocchi.41c8f3a6-b4c0-4d53-b1ac-281dccaf7df2/1769040000.0_mean_300.0_v3" "tx50245c52db124dec91a52-00697d37e5" "proxy-server 20" 0.0128 "-" 13 0
Jan 30 22:59:49 standalone proxy-server[129002]: 172.18.0.2 172.18.0.100 30/Jan/2026/22/59/49 PUT /v1/AUTH_24352ba3f3024f96b08fa3ebf9ce5207/gnocchi.41c8f3a6-b4c0-4d53-b1ac-281dccaf7df2/1769040000.0_mean_300.0_v3 HTTP/1.0 201 - python-swiftclient-3.11.1 gAAAAABpfTc14ov9... 16 - - tx50245c52db124dec91a52-00697d37e5 - 0.0201 - - 1769813989.370015144 1769813989.390070200 0
Jan 30 22:59:49 standalone container-server[126890]: 172.20.0.100 - - [30/Jan/2026:22:59:49 +0000] "PUT /d1/412/AUTH_24352ba3f3024f96b08fa3ebf9ce5207/gnocchi.41c8f3a6-b4c0-4d53-b1ac-281dccaf7df2/none_v3" 201 - "PUT http://172.18.0.2:8080/d1/844/AUTH_24352ba3f3024f96b08fa3ebf9ce5207/gnocchi.41c8f3a6-b4c0-4d53-b1ac-281dccaf7df2/none_v3" "txe09f08080f4a4d529cdab-00697d37e5" "object-server 13" 0.0008 "-" 22 0
Jan 30 22:59:49 standalone object-server[127147]: 172.20.0.100 - - [30/Jan/2026:22:59:49 +0000] "PUT /d1/844/AUTH_24352ba3f3024f96b08fa3ebf9ce5207/gnocchi.41c8f3a6-b4c0-4d53-b1ac-281dccaf7df2/none_v3" 201 - "PUT http://172.18.0.2:8080/v1/AUTH_24352ba3f3024f96b08fa3ebf9ce5207/gnocchi.41c8f3a6-b4c0-4d53-b1ac-281dccaf7df2/none_v3" "txe09f08080f4a4d529cdab-00697d37e5" "proxy-server 20" 0.0113 "-" 13 0
Jan 30 22:59:49 standalone proxy-server[129002]: 172.18.0.2 172.18.0.100 30/Jan/2026/22/59/49 PUT /v1/AUTH_24352ba3f3024f96b08fa3ebf9ce5207/gnocchi.41c8f3a6-b4c0-4d53-b1ac-281dccaf7df2/none_v3 HTTP/1.0 201 - python-swiftclient-3.11.1 gAAAAABpfTc14ov9... 22 - - txe09f08080f4a4d529cdab-00697d37e5 - 0.0166 - - 1769813989.394116879 1769813989.410679817 0
Jan 30 23:00:37 standalone object-server[127035]: Begin object update sweep
Jan 30 23:00:37 standalone object-server[245368]: Object update sweep starting on /srv/node/d1 (pid: 15)
Jan 30 23:00:37 standalone object-server[245368]: Object update sweep completed on /srv/node/d1 in 0.00s seconds:, 0 successes, 0 failures, 0 quarantines, 0 unlinks, 0 errors, 0 redirects (pid: 15)
Jan 30 23:00:37 standalone object-server[245368]: Object update sweep of d1 completed: 0.00s, 0 successes, 0 failures, 0 quarantines, 0 unlinks, 0 errors, 0 redirects
Jan 30 23:00:37 standalone object-server[127035]: Object update sweep completed: 0.08s
Jan 30 23:00:43 standalone account-server[126839]: 172.20.0.100 - - [30/Jan/2026:23:00:43 +0000] "HEAD /d1/752/AUTH_24352ba3f3024f96b08fa3ebf9ce5207" 204 - "HEAD http://172.18.0.2:8080/v1/AUTH_24352ba3f3024f96b08fa3ebf9ce5207?format=json" "txe2031b944a9c4e3ca1c23-00697d381b" "proxy-server 20" 0.0057 "-" 21 -
Jan 30 23:00:43 standalone proxy-server[129002]: - - 30/Jan/2026/23/00/43 HEAD /v1/AUTH_24352ba3f3024f96b08fa3ebf9ce5207%3Fformat%3Djson HTTP/1.0 204 - Swift - - - - txe2031b944a9c4e3ca1c23-00697d381b - 0.0107 RL - 1769814043.735529900 1769814043.746272802 -
Jan 30 23:00:43 standalone container-server[126890]: 172.20.0.100 - - [30/Jan/2026:23:00:43 +0000] "HEAD /d1/181/AUTH_24352ba3f3024f96b08fa3ebf9ce5207/gnocchi.10a30e7c-c6ad-4954-b396-5dd94f40efb6" 204 - "HEAD http://172.18.0.2:8080/v1/AUTH_24352ba3f3024f96b08fa3ebf9ce5207/gnocchi.10a30e7c-c6ad-4954-b396-5dd94f40efb6?format=json&states=listing" "txe2031b944a9c4e3ca1c23-00697d381b" "proxy-server 20" 0.0104 "-" 22 0
Jan 30 23:00:43 standalone object-server[127159]: 172.20.0.100 - - [30/Jan/2026:23:00:43 +0000] "GET /d1/279/AUTH_24352ba3f3024f96b08fa3ebf9ce5207/gnocchi.10a30e7c-c6ad-4954-b396-5dd94f40efb6/none_v3" 200 22 "GET http://172.18.0.2:8080/v1/AUTH_24352ba3f3024f96b08fa3ebf9ce5207/gnocchi.10a30e7c-c6ad-4954-b396-5dd94f40efb6/none_v3" "txe2031b944a9c4e3ca1c23-00697d381b" "proxy-server 20" 0.0008 "-" 18 0
Jan 30 23:00:43 standalone proxy-server[129002]: 172.18.0.2 172.18.0.100 30/Jan/2026/23/00/43 GET /v1/AUTH_24352ba3f3024f96b08fa3ebf9ce5207/gnocchi.10a30e7c-c6ad-4954-b396-5dd94f40efb6/none_v3 HTTP/1.0 200 - python-swiftclient-3.11.1 gAAAAABpfTc14ov9... - 22 - txe2031b944a9c4e3ca1c23-00697d381b - 0.0390 - - 1769814043.734331608 1769814043.773299694 0
Jan 30 23:00:43 standalone container-server[126872]: 172.20.0.100 - - [30/Jan/2026:23:00:43 +0000] "GET /d1/181/AUTH_24352ba3f3024f96b08fa3ebf9ce5207/gnocchi.10a30e7c-c6ad-4954-b396-5dd94f40efb6" 200 357 "GET http://172.18.0.2:8080/v1/AUTH_24352ba3f3024f96b08fa3ebf9ce5207/gnocchi.10a30e7c-c6ad-4954-b396-5dd94f40efb6?format=json&states=listing" "txc469a788769045fab5eb5-00697d381b" "proxy-server 20" 0.0019 "-" 21 0
Jan 30 23:00:43 standalone proxy-server[129002]: 172.18.0.2 172.18.0.100 30/Jan/2026/23/00/43 GET /v1/AUTH_24352ba3f3024f96b08fa3ebf9ce5207/gnocchi.10a30e7c-c6ad-4954-b396-5dd94f40efb6%3Fformat%3Djson%26states%3Dlisting HTTP/1.0 200 - python-swiftclient-3.11.1 gAAAAABpfTc14ov9... - 357 - txc469a788769045fab5eb5-00697d381b - 0.0105 - - 1769814043.776976347 1769814043.787522554 0
Jan 30 23:00:43 standalone container-server[126890]: 172.20.0.100 - - [30/Jan/2026:23:00:43 +0000] "GET /d1/181/AUTH_24352ba3f3024f96b08fa3ebf9ce5207/gnocchi.10a30e7c-c6ad-4954-b396-5dd94f40efb6" 200 2 "GET http://172.18.0.2:8080/v1/AUTH_24352ba3f3024f96b08fa3ebf9ce5207/gnocchi.10a30e7c-c6ad-4954-b396-5dd94f40efb6?format=json&marker=none_v3&states=listing" "tx108f9fd7fc6d498f9aaf3-00697d381b" "proxy-server 20" 0.0040 "-" 22 0
Jan 30 23:00:43 standalone proxy-server[129002]: 172.18.0.2 172.18.0.100 30/Jan/2026/23/00/43 GET /v1/AUTH_24352ba3f3024f96b08fa3ebf9ce5207/gnocchi.10a30e7c-c6ad-4954-b396-5dd94f40efb6%3Fformat%3Djson%26marker%3Dnone_v3%26states%3Dlisting HTTP/1.0 200 - python-swiftclient-3.11.1 gAAAAABpfTc14ov9... - 2 - tx108f9fd7fc6d498f9aaf3-00697d381b - 0.0201 - - 1769814043.790641308 1769814043.810751200 0
Jan 30 23:00:43 standalone object-server[127167]: 172.20.0.100 - - [30/Jan/2026:23:00:43 +0000] "GET /d1/427/AUTH_24352ba3f3024f96b08fa3ebf9ce5207/gnocchi.10a30e7c-c6ad-4954-b396-5dd94f40efb6/1769040000.0_mean_300.0_v3" 200 16 "GET http://172.18.0.2:8080/v1/AUTH_24352ba3f3024f96b08fa3ebf9ce5207/gnocchi.10a30e7c-c6ad-4954-b396-5dd94f40efb6/1769040000.0_mean_300.0_v3" "tx62eda4a4aeff4a729a33e-00697d381b" "proxy-server 20" 0.0011 "-" 19 0
Jan 30 23:00:43 standalone proxy-server[129002]: 172.18.0.2 172.18.0.100 30/Jan/2026/23/00/43 GET /v1/AUTH_24352ba3f3024f96b08fa3ebf9ce5207/gnocchi.10a30e7c-c6ad-4954-b396-5dd94f40efb6/1769040000.0_mean_300.0_v3 HTTP/1.0 200 - python-swiftclient-3.11.1 gAAAAABpfTc14ov9... - 16 - tx62eda4a4aeff4a729a33e-00697d381b - 0.0098 - - 1769814043.814304113 1769814043.824058294 0
Jan 30 23:00:43 standalone container-server[126870]: 172.20.0.100 - - [30/Jan/2026:23:00:43 +0000] "PUT /d1/181/AUTH_24352ba3f3024f96b08fa3ebf9ce5207/gnocchi.10a30e7c-c6ad-4954-b396-5dd94f40efb6/1769040000.0_mean_300.0_v3" 201 - "PUT http://172.18.0.2:8080/d1/427/AUTH_24352ba3f3024f96b08fa3ebf9ce5207/gnocchi.10a30e7c-c6ad-4954-b396-5dd94f40efb6/1769040000.0_mean_300.0_v3" "tx58b22f14cf0d4c589c733-00697d381b" "object-server 19" 0.0008 "-" 20 0
Jan 30 23:00:43 standalone object-server[127167]: 172.20.0.100 - - [30/Jan/2026:23:00:43 +0000] "PUT /d1/427/AUTH_24352ba3f3024f96b08fa3ebf9ce5207/gnocchi.10a30e7c-c6ad-4954-b396-5dd94f40efb6/1769040000.0_mean_300.0_v3" 201 - "PUT http://172.18.0.2:8080/v1/AUTH_24352ba3f3024f96b08fa3ebf9ce5207/gnocchi.10a30e7c-c6ad-4954-b396-5dd94f40efb6/1769040000.0_mean_300.0_v3" "tx58b22f14cf0d4c589c733-00697d381b" "proxy-server 20" 0.0129 "-" 19 0
Jan 30 23:00:43 standalone proxy-server[129002]: 172.18.0.2 172.18.0.100 30/Jan/2026/23/00/43 PUT /v1/AUTH_24352ba3f3024f96b08fa3ebf9ce5207/gnocchi.10a30e7c-c6ad-4954-b396-5dd94f40efb6/1769040000.0_mean_300.0_v3 HTTP/1.0 201 - python-swiftclient-3.11.1 gAAAAABpfTc14ov9... 23 - - tx58b22f14cf0d4c589c733-00697d381b - 0.0211 - - 1769814043.827454567 1769814043.848538637 0
Jan 30 23:00:43 standalone container-server[126890]: 172.20.0.100 - - [30/Jan/2026:23:00:43 +0000] "PUT /d1/181/AUTH_24352ba3f3024f96b08fa3ebf9ce5207/gnocchi.10a30e7c-c6ad-4954-b396-5dd94f40efb6/none_v3" 201 - "PUT http://172.18.0.2:8080/d1/279/AUTH_24352ba3f3024f96b08fa3ebf9ce5207/gnocchi.10a30e7c-c6ad-4954-b396-5dd94f40efb6/none_v3" "tx5bf83f72a4fd413d93255-00697d381b" "object-server 13" 0.0008 "-" 22 0
Jan 30 23:00:43 standalone object-server[127147]: 172.20.0.100 - - [30/Jan/2026:23:00:43 +0000] "PUT /d1/279/AUTH_24352ba3f3024f96b08fa3ebf9ce5207/gnocchi.10a30e7c-c6ad-4954-b396-5dd94f40efb6/none_v3" 201 - "PUT http://172.18.0.2:8080/v1/AUTH_24352ba3f3024f96b08fa3ebf9ce5207/gnocchi.10a30e7c-c6ad-4954-b396-5dd94f40efb6/none_v3" "tx5bf83f72a4fd413d93255-00697d381b" "proxy-server 20" 0.0089 "-" 13 0
Jan 30 23:00:43 standalone proxy-server[129002]: 172.18.0.2 172.18.0.100 30/Jan/2026/23/00/43 PUT /v1/AUTH_24352ba3f3024f96b08fa3ebf9ce5207/gnocchi.10a30e7c-c6ad-4954-b396-5dd94f40efb6/none_v3 HTTP/1.0 201 - python-swiftclient-3.11.1 gAAAAABpfTc14ov9... 22 - - tx5bf83f72a4fd413d93255-00697d381b - 0.0158 - - 1769814043.852407694 1769814043.868242979 0
Jan 30 23:00:43 standalone container-server[126898]: 172.20.0.100 - - [30/Jan/2026:23:00:43 +0000] "HEAD /d1/887/AUTH_24352ba3f3024f96b08fa3ebf9ce5207/gnocchi.32151b55-a692-47d5-a424-f7b98f9451de" 204 - "HEAD http://172.18.0.2:8080/v1/AUTH_24352ba3f3024f96b08fa3ebf9ce5207/gnocchi.32151b55-a692-47d5-a424-f7b98f9451de?format=json&states=listing" "tx359cdb3025a84007be96c-00697d381b" "proxy-server 20" 0.0067 "-" 23 0
Jan 30 23:00:43 standalone object-server[127159]: 172.20.0.100 - - [30/Jan/2026:23:00:43 +0000] "GET /d1/408/AUTH_24352ba3f3024f96b08fa3ebf9ce5207/gnocchi.32151b55-a692-47d5-a424-f7b98f9451de/none_v3" 200 22 "GET http://172.18.0.2:8080/v1/AUTH_24352ba3f3024f96b08fa3ebf9ce5207/gnocchi.32151b55-a692-47d5-a424-f7b98f9451de/none_v3" "tx359cdb3025a84007be96c-00697d381b" "proxy-server 20" 0.0006 "-" 18 0
Jan 30 23:00:43 standalone proxy-server[129002]: 172.18.0.2 172.18.0.100 30/Jan/2026/23/00/43 GET /v1/AUTH_24352ba3f3024f96b08fa3ebf9ce5207/gnocchi.32151b55-a692-47d5-a424-f7b98f9451de/none_v3 HTTP/1.0 200 - python-swiftclient-3.11.1 gAAAAABpfTc14ov9... - 22 - tx359cdb3025a84007be96c-00697d381b - 0.0193 - - 1769814043.881170034 1769814043.900453329 0
Jan 30 23:00:43 standalone container-server[126898]: 172.20.0.100 - - [30/Jan/2026:23:00:43 +0000] "HEAD /d1/964/AUTH_24352ba3f3024f96b08fa3ebf9ce5207/gnocchi.a3635a17-297c-42b0-86ea-faddb9a458de" 204 - "HEAD http://172.18.0.2:8080/v1/AUTH_24352ba3f3024f96b08fa3ebf9ce5207/gnocchi.a3635a17-297c-42b0-86ea-faddb9a458de?format=json&states=listing" "tx9df288d3034240acb4eb5-00697d381b" "proxy-server 20" 0.0058 "-" 23 0
Jan 30 23:00:43 standalone object-server[127167]: 172.20.0.100 - - [30/Jan/2026:23:00:43 +0000] "GET /d1/819/AUTH_24352ba3f3024f96b08fa3ebf9ce5207/gnocchi.a3635a17-297c-42b0-86ea-faddb9a458de/none_v3" 200 32 "GET http://172.18.0.2:8080/v1/AUTH_24352ba3f3024f96b08fa3ebf9ce5207/gnocchi.a3635a17-297c-42b0-86ea-faddb9a458de/none_v3" "tx9df288d3034240acb4eb5-00697d381b" "proxy-server 20" 0.0012 "-" 19 0
Jan 30 23:00:43 standalone proxy-server[129002]: 172.18.0.2 172.18.0.100 30/Jan/2026/23/00/43 GET /v1/AUTH_24352ba3f3024f96b08fa3ebf9ce5207/gnocchi.a3635a17-297c-42b0-86ea-faddb9a458de/none_v3 HTTP/1.0 200 - python-swiftclient-3.11.1 gAAAAABpfTc14ov9... - 32 - tx9df288d3034240acb4eb5-00697d381b - 0.0205 - - 1769814043.904108763 1769814043.924650908 0
Jan 30 23:00:43 standalone container-server[126872]: 172.20.0.100 - - [30/Jan/2026:23:00:43 +0000] "GET /d1/887/AUTH_24352ba3f3024f96b08fa3ebf9ce5207/gnocchi.32151b55-a692-47d5-a424-f7b98f9451de" 200 357 "GET http://172.18.0.2:8080/v1/AUTH_24352ba3f3024f96b08fa3ebf9ce5207/gnocchi.32151b55-a692-47d5-a424-f7b98f9451de?format=json&states=listing" "txc1c2bd95e57f4c509fab4-00697d381b" "proxy-server 20" 0.0045 "-" 21 0
Jan 30 23:00:43 standalone proxy-server[129002]: 172.18.0.2 172.18.0.100 30/Jan/2026/23/00/43 GET /v1/AUTH_24352ba3f3024f96b08fa3ebf9ce5207/gnocchi.32151b55-a692-47d5-a424-f7b98f9451de%3Fformat%3Djson%26states%3Dlisting HTTP/1.0 200 - python-swiftclient-3.11.1 gAAAAABpfTc14ov9... - 357 - txc1c2bd95e57f4c509fab4-00697d381b - 0.0137 - - 1769814043.929238796 1769814043.942904472 0
Jan 30 23:00:43 standalone container-server[126890]: 172.20.0.100 - - [30/Jan/2026:23:00:43 +0000] "GET /d1/887/AUTH_24352ba3f3024f96b08fa3ebf9ce5207/gnocchi.32151b55-a692-47d5-a424-f7b98f9451de" 200 2 "GET http://172.18.0.2:8080/v1/AUTH_24352ba3f3024f96b08fa3ebf9ce5207/gnocchi.32151b55-a692-47d5-a424-f7b98f9451de?format=json&marker=none_v3&states=listing" "tx90c9df43653a48b58c378-00697d381b" "proxy-server 20" 0.0036 "-" 22 0
Jan 30 23:00:43 standalone proxy-server[129002]: 172.18.0.2 172.18.0.100 30/Jan/2026/23/00/43 GET /v1/AUTH_24352ba3f3024f96b08fa3ebf9ce5207/gnocchi.32151b55-a692-47d5-a424-f7b98f9451de%3Fformat%3Djson%26marker%3Dnone_v3%26states%3Dlisting HTTP/1.0 200 - python-swiftclient-3.11.1 gAAAAABpfTc14ov9... - 2 - tx90c9df43653a48b58c378-00697d381b - 0.0128 - - 1769814043.946342230 1769814043.959175110 0
Jan 30 23:00:43 standalone container-server[126890]: 172.20.0.100 - - [30/Jan/2026:23:00:43 +0000] "GET /d1/964/AUTH_24352ba3f3024f96b08fa3ebf9ce5207/gnocchi.a3635a17-297c-42b0-86ea-faddb9a458de" 200 357 "GET http://172.18.0.2:8080/v1/AUTH_24352ba3f3024f96b08fa3ebf9ce5207/gnocchi.a3635a17-297c-42b0-86ea-faddb9a458de?format=json&states=listing" "tx755aff09a0694b38b3969-00697d381b" "proxy-server 20" 0.0035 "-" 22 0
Jan 30 23:00:43 standalone proxy-server[129002]: 172.18.0.2 172.18.0.100 30/Jan/2026/23/00/43 GET /v1/AUTH_24352ba3f3024f96b08fa3ebf9ce5207/gnocchi.a3635a17-297c-42b0-86ea-faddb9a458de%3Fformat%3Djson%26states%3Dlisting HTTP/1.0 200 - python-swiftclient-3.11.1 gAAAAABpfTc14ov9... - 357 - tx755aff09a0694b38b3969-00697d381b - 0.0121 - - 1769814043.965788841 1769814043.977937222 0
Jan 30 23:00:43 standalone container-server[126898]: 172.20.0.100 - - [30/Jan/2026:23:00:43 +0000] "GET /d1/964/AUTH_24352ba3f3024f96b08fa3ebf9ce5207/gnocchi.a3635a17-297c-42b0-86ea-faddb9a458de" 200 2 "GET http://172.18.0.2:8080/v1/AUTH_24352ba3f3024f96b08fa3ebf9ce5207/gnocchi.a3635a17-297c-42b0-86ea-faddb9a458de?format=json&marker=none_v3&states=listing" "txc7ed0e4856f74244ab263-00697d381b" "proxy-server 20" 0.0037 "-" 23 0
Jan 30 23:00:43 standalone proxy-server[129002]: 172.18.0.2 172.18.0.100 30/Jan/2026/23/00/43 GET /v1/AUTH_24352ba3f3024f96b08fa3ebf9ce5207/gnocchi.a3635a17-297c-42b0-86ea-faddb9a458de%3Fformat%3Djson%26marker%3Dnone_v3%26states%3Dlisting HTTP/1.0 200 - python-swiftclient-3.11.1 gAAAAABpfTc14ov9... - 2 - txc7ed0e4856f74244ab263-00697d381b - 0.0135 - - 1769814043.982953072 1769814043.996430874 0
Jan 30 23:00:44 standalone object-server[127167]: 172.20.0.100 - - [30/Jan/2026:23:00:44 +0000] "GET /d1/671/AUTH_24352ba3f3024f96b08fa3ebf9ce5207/gnocchi.32151b55-a692-47d5-a424-f7b98f9451de/1769040000.0_mean_300.0_v3" 200 16 "GET http://172.18.0.2:8080/v1/AUTH_24352ba3f3024f96b08fa3ebf9ce5207/gnocchi.32151b55-a692-47d5-a424-f7b98f9451de/1769040000.0_mean_300.0_v3" "tx255616abaa864032a8d7a-00697d381c" "proxy-server 20" 0.0011 "-" 19 0
Jan 30 23:00:44 standalone proxy-server[129002]: 172.18.0.2 172.18.0.100 30/Jan/2026/23/00/44 GET /v1/AUTH_24352ba3f3024f96b08fa3ebf9ce5207/gnocchi.32151b55-a692-47d5-a424-f7b98f9451de/1769040000.0_mean_300.0_v3 HTTP/1.0 200 - python-swiftclient-3.11.1 gAAAAABpfTc14ov9... - 16 - tx255616abaa864032a8d7a-00697d381c - 0.0107 - - 1769814044.001056910 1769814044.011788130 0
Jan 30 23:00:44 standalone object-server[127159]: 172.20.0.100 - - [30/Jan/2026:23:00:44 +0000] "GET /d1/702/AUTH_24352ba3f3024f96b08fa3ebf9ce5207/gnocchi.a3635a17-297c-42b0-86ea-faddb9a458de/1769040000.0_mean_300.0_v3" 200 16 "GET http://172.18.0.2:8080/v1/AUTH_24352ba3f3024f96b08fa3ebf9ce5207/gnocchi.a3635a17-297c-42b0-86ea-faddb9a458de/1769040000.0_mean_300.0_v3" "tx558ef78c866d407a9e2bb-00697d381c" "proxy-server 20" 0.0010 "-" 18 0
Jan 30 23:00:44 standalone proxy-server[129002]: 172.18.0.2 172.18.0.100 30/Jan/2026/23/00/44 GET /v1/AUTH_24352ba3f3024f96b08fa3ebf9ce5207/gnocchi.a3635a17-297c-42b0-86ea-faddb9a458de/1769040000.0_mean_300.0_v3 HTTP/1.0 200 - python-swiftclient-3.11.1 gAAAAABpfTc14ov9... - 16 - tx558ef78c866d407a9e2bb-00697d381c - 0.0069 - - 1769814044.016447783 1769814044.023376942 0
Jan 30 23:00:44 standalone container-server[126898]: 172.20.0.100 - - [30/Jan/2026:23:00:44 +0000] "PUT /d1/887/AUTH_24352ba3f3024f96b08fa3ebf9ce5207/gnocchi.32151b55-a692-47d5-a424-f7b98f9451de/1769040000.0_mean_300.0_v3" 201 - "PUT http://172.18.0.2:8080/d1/671/AUTH_24352ba3f3024f96b08fa3ebf9ce5207/gnocchi.32151b55-a692-47d5-a424-f7b98f9451de/1769040000.0_mean_300.0_v3" "tx513c56b3287f47eaa6c47-00697d381c" "object-server 11" 0.0007 "-" 23 0
Jan 30 23:00:44 standalone object-server[127134]: 172.20.0.100 - - [30/Jan/2026:23:00:44 +0000] "PUT /d1/671/AUTH_24352ba3f3024f96b08fa3ebf9ce5207/gnocchi.32151b55-a692-47d5-a424-f7b98f9451de/1769040000.0_mean_300.0_v3" 201 - "PUT http://172.18.0.2:8080/v1/AUTH_24352ba3f3024f96b08fa3ebf9ce5207/gnocchi.32151b55-a692-47d5-a424-f7b98f9451de/1769040000.0_mean_300.0_v3" "tx513c56b3287f47eaa6c47-00697d381c" "proxy-server 20" 0.0105 "-" 11 0
Jan 30 23:00:44 standalone proxy-server[129002]: 172.18.0.2 172.18.0.100 30/Jan/2026/23/00/44 PUT /v1/AUTH_24352ba3f3024f96b08fa3ebf9ce5207/gnocchi.32151b55-a692-47d5-a424-f7b98f9451de/1769040000.0_mean_300.0_v3 HTTP/1.0 201 - python-swiftclient-3.11.1 gAAAAABpfTc14ov9... 23 - - tx513c56b3287f47eaa6c47-00697d381c - 0.0171 - - 1769814044.027721167 1769814044.044869184 0
Jan 30 23:00:44 standalone container-server[126870]: 172.20.0.100 - - [30/Jan/2026:23:00:44 +0000] "PUT /d1/964/AUTH_24352ba3f3024f96b08fa3ebf9ce5207/gnocchi.a3635a17-297c-42b0-86ea-faddb9a458de/1769040000.0_mean_300.0_v3" 201 - "PUT http://172.18.0.2:8080/d1/702/AUTH_24352ba3f3024f96b08fa3ebf9ce5207/gnocchi.a3635a17-297c-42b0-86ea-faddb9a458de/1769040000.0_mean_300.0_v3" "txebb2c56a32074e388eed0-00697d381c" "object-server 19" 0.0006 "-" 20 0
Jan 30 23:00:44 standalone object-server[127167]: 172.20.0.100 - - [30/Jan/2026:23:00:44 +0000] "PUT /d1/702/AUTH_24352ba3f3024f96b08fa3ebf9ce5207/gnocchi.a3635a17-297c-42b0-86ea-faddb9a458de/1769040000.0_mean_300.0_v3" 201 - "PUT http://172.18.0.2:8080/v1/AUTH_24352ba3f3024f96b08fa3ebf9ce5207/gnocchi.a3635a17-297c-42b0-86ea-faddb9a458de/1769040000.0_mean_300.0_v3" "txebb2c56a32074e388eed0-00697d381c" "proxy-server 20" 0.0105 "-" 19 0
Jan 30 23:00:44 standalone proxy-server[129002]: 172.18.0.2 172.18.0.100 30/Jan/2026/23/00/44 PUT /v1/AUTH_24352ba3f3024f96b08fa3ebf9ce5207/gnocchi.a3635a17-297c-42b0-86ea-faddb9a458de/1769040000.0_mean_300.0_v3 HTTP/1.0 201 - python-swiftclient-3.11.1 gAAAAABpfTc14ov9... 23 - - txebb2c56a32074e388eed0-00697d381c - 0.0163 - - 1769814044.048603058 1769814044.064916372 0
Jan 30 23:00:44 standalone container-server[126890]: 172.20.0.100 - - [30/Jan/2026:23:00:44 +0000] "PUT /d1/887/AUTH_24352ba3f3024f96b08fa3ebf9ce5207/gnocchi.32151b55-a692-47d5-a424-f7b98f9451de/none_v3" 201 - "PUT http://172.18.0.2:8080/d1/408/AUTH_24352ba3f3024f96b08fa3ebf9ce5207/gnocchi.32151b55-a692-47d5-a424-f7b98f9451de/none_v3" "txac6295188b594c29bd5e5-00697d381c" "object-server 11" 0.0005 "-" 22 0
Jan 30 23:00:44 standalone object-server[127134]: 172.20.0.100 - - [30/Jan/2026:23:00:44 +0000] "PUT /d1/408/AUTH_24352ba3f3024f96b08fa3ebf9ce5207/gnocchi.32151b55-a692-47d5-a424-f7b98f9451de/none_v3" 201 - "PUT http://172.18.0.2:8080/v1/AUTH_24352ba3f3024f96b08fa3ebf9ce5207/gnocchi.32151b55-a692-47d5-a424-f7b98f9451de/none_v3" "txac6295188b594c29bd5e5-00697d381c" "proxy-server 20" 0.0103 "-" 11 0
Jan 30 23:00:44 standalone proxy-server[129002]: 172.18.0.2 172.18.0.100 30/Jan/2026/23/00/44 PUT /v1/AUTH_24352ba3f3024f96b08fa3ebf9ce5207/gnocchi.32151b55-a692-47d5-a424-f7b98f9451de/none_v3 HTTP/1.0 201 - python-swiftclient-3.11.1 gAAAAABpfTc14ov9... 22 - - txac6295188b594c29bd5e5-00697d381c - 0.0159 - - 1769814044.068328142 1769814044.084183693 0
Jan 30 23:00:44 standalone container-server[126872]: 172.20.0.100 - - [30/Jan/2026:23:00:44 +0000] "PUT /d1/964/AUTH_24352ba3f3024f96b08fa3ebf9ce5207/gnocchi.a3635a17-297c-42b0-86ea-faddb9a458de/none_v3" 201 - "PUT http://172.18.0.2:8080/d1/819/AUTH_24352ba3f3024f96b08fa3ebf9ce5207/gnocchi.a3635a17-297c-42b0-86ea-faddb9a458de/none_v3" "txc9102047656848c6aec91-00697d381c" "object-server 18" 0.0006 "-" 21 0
Jan 30 23:00:44 standalone object-server[127159]: 172.20.0.100 - - [30/Jan/2026:23:00:44 +0000] "PUT /d1/819/AUTH_24352ba3f3024f96b08fa3ebf9ce5207/gnocchi.a3635a17-297c-42b0-86ea-faddb9a458de/none_v3" 201 - "PUT http://172.18.0.2:8080/v1/AUTH_24352ba3f3024f96b08fa3ebf9ce5207/gnocchi.a3635a17-297c-42b0-86ea-faddb9a458de/none_v3" "txc9102047656848c6aec91-00697d381c" "proxy-server 20" 0.0106 "-" 18 0
Jan 30 23:00:44 standalone proxy-server[129002]: 172.18.0.2 172.18.0.100 30/Jan/2026/23/00/44 PUT /v1/AUTH_24352ba3f3024f96b08fa3ebf9ce5207/gnocchi.a3635a17-297c-42b0-86ea-faddb9a458de/none_v3 HTTP/1.0 201 - python-swiftclient-3.11.1 gAAAAABpfTc14ov9... 22 - - txc9102047656848c6aec91-00697d381c - 0.0156 - - 1769814044.087751627 1769814044.103376389 0
Jan 30 23:00:44 standalone container-server[126890]: 172.20.0.100 - - [30/Jan/2026:23:00:44 +0000] "HEAD /d1/620/AUTH_24352ba3f3024f96b08fa3ebf9ce5207/gnocchi.2f594468-076e-4b48-8ca1-15e3d577333e" 204 - "HEAD http://172.18.0.2:8080/v1/AUTH_24352ba3f3024f96b08fa3ebf9ce5207/gnocchi.2f594468-076e-4b48-8ca1-15e3d577333e?format=json&states=listing" "txf934b7f83a264c4a8e0c8-00697d381c" "proxy-server 20" 0.0063 "-" 22 0
Jan 30 23:00:44 standalone object-server[127159]: 172.20.0.100 - - [30/Jan/2026:23:00:44 +0000] "GET /d1/954/AUTH_24352ba3f3024f96b08fa3ebf9ce5207/gnocchi.2f594468-076e-4b48-8ca1-15e3d577333e/none_v3" 200 32 "GET http://172.18.0.2:8080/v1/AUTH_24352ba3f3024f96b08fa3ebf9ce5207/gnocchi.2f594468-076e-4b48-8ca1-15e3d577333e/none_v3" "txf934b7f83a264c4a8e0c8-00697d381c" "proxy-server 20" 0.0013 "-" 18 0
Jan 30 23:00:44 standalone proxy-server[129002]: 172.18.0.2 172.18.0.100 30/Jan/2026/23/00/44 GET /v1/AUTH_24352ba3f3024f96b08fa3ebf9ce5207/gnocchi.2f594468-076e-4b48-8ca1-15e3d577333e/none_v3 HTTP/1.0 200 - python-swiftclient-3.11.1 gAAAAABpfTc14ov9... - 32 - txf934b7f83a264c4a8e0c8-00697d381c - 0.0200 - - 1769814044.116297007 1769814044.136340141 0
Jan 30 23:00:44 standalone container-server[126872]: 172.20.0.100 - - [30/Jan/2026:23:00:44 +0000] "GET /d1/620/AUTH_24352ba3f3024f96b08fa3ebf9ce5207/gnocchi.2f594468-076e-4b48-8ca1-15e3d577333e" 200 357 "GET http://172.18.0.2:8080/v1/AUTH_24352ba3f3024f96b08fa3ebf9ce5207/gnocchi.2f594468-076e-4b48-8ca1-15e3d577333e?format=json&states=listing" "tx1b0cdeb43055407f83b0d-00697d381c" "proxy-server 20" 0.0039 "-" 21 0
Jan 30 23:00:44 standalone proxy-server[129002]: 172.18.0.2 172.18.0.100 30/Jan/2026/23/00/44 GET /v1/AUTH_24352ba3f3024f96b08fa3ebf9ce5207/gnocchi.2f594468-076e-4b48-8ca1-15e3d577333e%3Fformat%3Djson%26states%3Dlisting HTTP/1.0 200 - python-swiftclient-3.11.1 gAAAAABpfTc14ov9... - 357 - tx1b0cdeb43055407f83b0d-00697d381c - 0.0149 - - 1769814044.142110109 1769814044.157054901 0
Jan 30 23:00:44 standalone container-server[126898]: 172.20.0.100 - - [30/Jan/2026:23:00:44 +0000] "GET /d1/620/AUTH_24352ba3f3024f96b08fa3ebf9ce5207/gnocchi.2f594468-076e-4b48-8ca1-15e3d577333e" 200 2 "GET http://172.18.0.2:8080/v1/AUTH_24352ba3f3024f96b08fa3ebf9ce5207/gnocchi.2f594468-076e-4b48-8ca1-15e3d577333e?format=json&marker=none_v3&states=listing" "tx45e8d7f272f5482cba3a1-00697d381c" "proxy-server 20" 0.0035 "-" 23 0
Jan 30 23:00:44 standalone proxy-server[129002]: 172.18.0.2 172.18.0.100 30/Jan/2026/23/00/44 GET /v1/AUTH_24352ba3f3024f96b08fa3ebf9ce5207/gnocchi.2f594468-076e-4b48-8ca1-15e3d577333e%3Fformat%3Djson%26marker%3Dnone_v3%26states%3Dlisting HTTP/1.0 200 - python-swiftclient-3.11.1 gAAAAABpfTc14ov9... - 2 - tx45e8d7f272f5482cba3a1-00697d381c - 0.0125 - - 1769814044.162425756 1769814044.174886227 0
Jan 30 23:00:44 standalone object-server[127134]: 172.20.0.100 - - [30/Jan/2026:23:00:44 +0000] "GET /d1/464/AUTH_24352ba3f3024f96b08fa3ebf9ce5207/gnocchi.2f594468-076e-4b48-8ca1-15e3d577333e/1769040000.0_mean_300.0_v3" 200 16 "GET http://172.18.0.2:8080/v1/AUTH_24352ba3f3024f96b08fa3ebf9ce5207/gnocchi.2f594468-076e-4b48-8ca1-15e3d577333e/1769040000.0_mean_300.0_v3" "tx3b70ca2d6ed74f6087618-00697d381c" "proxy-server 20" 0.0012 "-" 11 0
Jan 30 23:00:44 standalone proxy-server[129002]: 172.18.0.2 172.18.0.100 30/Jan/2026/23/00/44 GET /v1/AUTH_24352ba3f3024f96b08fa3ebf9ce5207/gnocchi.2f594468-076e-4b48-8ca1-15e3d577333e/1769040000.0_mean_300.0_v3 HTTP/1.0 200 - python-swiftclient-3.11.1 gAAAAABpfTc14ov9... - 16 - tx3b70ca2d6ed74f6087618-00697d381c - 0.0094 - - 1769814044.179927111 1769814044.189287186 0
Jan 30 23:00:44 standalone container-server[126872]: 172.20.0.100 - - [30/Jan/2026:23:00:44 +0000] "PUT /d1/620/AUTH_24352ba3f3024f96b08fa3ebf9ce5207/gnocchi.2f594468-076e-4b48-8ca1-15e3d577333e/1769040000.0_mean_300.0_v3" 201 - "PUT http://172.18.0.2:8080/d1/464/AUTH_24352ba3f3024f96b08fa3ebf9ce5207/gnocchi.2f594468-076e-4b48-8ca1-15e3d577333e/1769040000.0_mean_300.0_v3" "tx12852042eb404401b1240-00697d381c" "object-server 19" 0.0009 "-" 21 0
Jan 30 23:00:44 standalone object-server[127167]: 172.20.0.100 - - [30/Jan/2026:23:00:44 +0000] "PUT /d1/464/AUTH_24352ba3f3024f96b08fa3ebf9ce5207/gnocchi.2f594468-076e-4b48-8ca1-15e3d577333e/1769040000.0_mean_300.0_v3" 201 - "PUT http://172.18.0.2:8080/v1/AUTH_24352ba3f3024f96b08fa3ebf9ce5207/gnocchi.2f594468-076e-4b48-8ca1-15e3d577333e/1769040000.0_mean_300.0_v3" "tx12852042eb404401b1240-00697d381c" "proxy-server 20" 0.0123 "-" 19 0
Jan 30 23:00:44 standalone proxy-server[129002]: 172.18.0.2 172.18.0.100 30/Jan/2026/23/00/44 PUT /v1/AUTH_24352ba3f3024f96b08fa3ebf9ce5207/gnocchi.2f594468-076e-4b48-8ca1-15e3d577333e/1769040000.0_mean_300.0_v3 HTTP/1.0 201 - python-swiftclient-3.11.1 gAAAAABpfTc14ov9... 23 - - tx12852042eb404401b1240-00697d381c - 0.0196 - - 1769814044.193642378 1769814044.213225126 0
Jan 30 23:00:44 standalone container-server[126890]: 172.20.0.100 - - [30/Jan/2026:23:00:44 +0000] "PUT /d1/620/AUTH_24352ba3f3024f96b08fa3ebf9ce5207/gnocchi.2f594468-076e-4b48-8ca1-15e3d577333e/none_v3" 201 - "PUT http://172.18.0.2:8080/d1/954/AUTH_24352ba3f3024f96b08fa3ebf9ce5207/gnocchi.2f594468-076e-4b48-8ca1-15e3d577333e/none_v3" "tx453b7e8bbef4428e9f5d3-00697d381c" "object-server 18" 0.0007 "-" 22 0
Jan 30 23:00:44 standalone object-server[127159]: 172.20.0.100 - - [30/Jan/2026:23:00:44 +0000] "PUT /d1/954/AUTH_24352ba3f3024f96b08fa3ebf9ce5207/gnocchi.2f594468-076e-4b48-8ca1-15e3d577333e/none_v3" 201 - "PUT http://172.18.0.2:8080/v1/AUTH_24352ba3f3024f96b08fa3ebf9ce5207/gnocchi.2f594468-076e-4b48-8ca1-15e3d577333e/none_v3" "tx453b7e8bbef4428e9f5d3-00697d381c" "proxy-server 20" 0.0124 "-" 18 0
Jan 30 23:00:44 standalone proxy-server[129002]: 172.18.0.2 172.18.0.100 30/Jan/2026/23/00/44 PUT /v1/AUTH_24352ba3f3024f96b08fa3ebf9ce5207/gnocchi.2f594468-076e-4b48-8ca1-15e3d577333e/none_v3 HTTP/1.0 201 - python-swiftclient-3.11.1 gAAAAABpfTc14ov9... 22 - - tx453b7e8bbef4428e9f5d3-00697d381c - 0.0222 - - 1769814044.216997862 1769814044.239246368 0
Jan 30 23:00:44 standalone container-server[126898]: 172.20.0.100 - - [30/Jan/2026:23:00:44 +0000] "HEAD /d1/889/AUTH_24352ba3f3024f96b08fa3ebf9ce5207/gnocchi.49ad00b0-713a-4c93-a5e7-4cbfd01f6706" 204 - "HEAD http://172.18.0.2:8080/v1/AUTH_24352ba3f3024f96b08fa3ebf9ce5207/gnocchi.49ad00b0-713a-4c93-a5e7-4cbfd01f6706?format=json&states=listing" "tx8c6b2e3d03ad404c8b800-00697d381c" "proxy-server 20" 0.0454 "-" 23 0
Jan 30 23:00:44 standalone object-server[127167]: 172.20.0.100 - - [30/Jan/2026:23:00:44 +0000] "GET /d1/95/AUTH_24352ba3f3024f96b08fa3ebf9ce5207/gnocchi.49ad00b0-713a-4c93-a5e7-4cbfd01f6706/none_v3" 200 22 "GET http://172.18.0.2:8080/v1/AUTH_24352ba3f3024f96b08fa3ebf9ce5207/gnocchi.49ad00b0-713a-4c93-a5e7-4cbfd01f6706/none_v3" "tx8c6b2e3d03ad404c8b800-00697d381c" "proxy-server 20" 0.0011 "-" 19 0
Jan 30 23:00:44 standalone proxy-server[129002]: 172.18.0.2 172.18.0.100 30/Jan/2026/23/00/44 GET /v1/AUTH_24352ba3f3024f96b08fa3ebf9ce5207/gnocchi.49ad00b0-713a-4c93-a5e7-4cbfd01f6706/none_v3 HTTP/1.0 200 - python-swiftclient-3.11.1 gAAAAABpfTc14ov9... - 22 - tx8c6b2e3d03ad404c8b800-00697d381c - 0.0610 - - 1769814044.253682613 1769814044.314687490 0
Jan 30 23:00:44 standalone container-server[126870]: 172.20.0.100 - - [30/Jan/2026:23:00:44 +0000] "GET /d1/889/AUTH_24352ba3f3024f96b08fa3ebf9ce5207/gnocchi.49ad00b0-713a-4c93-a5e7-4cbfd01f6706" 200 357 "GET http://172.18.0.2:8080/v1/AUTH_24352ba3f3024f96b08fa3ebf9ce5207/gnocchi.49ad00b0-713a-4c93-a5e7-4cbfd01f6706?format=json&states=listing" "txe5d14841afac4763a31a9-00697d381c" "proxy-server 20" 0.0039 "-" 20 0
Jan 30 23:00:44 standalone proxy-server[129002]: 172.18.0.2 172.18.0.100 30/Jan/2026/23/00/44 GET /v1/AUTH_24352ba3f3024f96b08fa3ebf9ce5207/gnocchi.49ad00b0-713a-4c93-a5e7-4cbfd01f6706%3Fformat%3Djson%26states%3Dlisting HTTP/1.0 200 - python-swiftclient-3.11.1 gAAAAABpfTc14ov9... - 357 - txe5d14841afac4763a31a9-00697d381c - 0.0135 - - 1769814044.319675207 1769814044.333176851 0
Jan 30 23:00:44 standalone container-server[126890]: 172.20.0.100 - - [30/Jan/2026:23:00:44 +0000] "GET /d1/889/AUTH_24352ba3f3024f96b08fa3ebf9ce5207/gnocchi.49ad00b0-713a-4c93-a5e7-4cbfd01f6706" 200 2 "GET http://172.18.0.2:8080/v1/AUTH_24352ba3f3024f96b08fa3ebf9ce5207/gnocchi.49ad00b0-713a-4c93-a5e7-4cbfd01f6706?format=json&marker=none_v3&states=listing" "tx15ff335a5bfb4656ad922-00697d381c" "proxy-server 20" 0.0037 "-" 22 0
Jan 30 23:00:44 standalone proxy-server[129002]: 172.18.0.2 172.18.0.100 30/Jan/2026/23/00/44 GET /v1/AUTH_24352ba3f3024f96b08fa3ebf9ce5207/gnocchi.49ad00b0-713a-4c93-a5e7-4cbfd01f6706%3Fformat%3Djson%26marker%3Dnone_v3%26states%3Dlisting HTTP/1.0 200 - python-swiftclient-3.11.1 gAAAAABpfTc14ov9... - 2 - tx15ff335a5bfb4656ad922-00697d381c - 0.0119 - - 1769814044.337110758 1769814044.349029541 0
Jan 30 23:00:44 standalone object-server[127167]: 172.20.0.100 - - [30/Jan/2026:23:00:44 +0000] "GET /d1/186/AUTH_24352ba3f3024f96b08fa3ebf9ce5207/gnocchi.49ad00b0-713a-4c93-a5e7-4cbfd01f6706/1769040000.0_mean_300.0_v3" 200 16 "GET http://172.18.0.2:8080/v1/AUTH_24352ba3f3024f96b08fa3ebf9ce5207/gnocchi.49ad00b0-713a-4c93-a5e7-4cbfd01f6706/1769040000.0_mean_300.0_v3" "tx792c7d24b0c845e898150-00697d381c" "proxy-server 20" 0.0011 "-" 19 0
Jan 30 23:00:44 standalone proxy-server[129002]: 172.18.0.2 172.18.0.100 30/Jan/2026/23/00/44 GET /v1/AUTH_24352ba3f3024f96b08fa3ebf9ce5207/gnocchi.49ad00b0-713a-4c93-a5e7-4cbfd01f6706/1769040000.0_mean_300.0_v3 HTTP/1.0 200 - python-swiftclient-3.11.1 gAAAAABpfTc14ov9... - 16 - tx792c7d24b0c845e898150-00697d381c - 0.0107 - - 1769814044.353479862 1769814044.364202261 0
Jan 30 23:00:44 standalone container-server[126870]: 172.20.0.100 - - [30/Jan/2026:23:00:44 +0000] "PUT /d1/889/AUTH_24352ba3f3024f96b08fa3ebf9ce5207/gnocchi.49ad00b0-713a-4c93-a5e7-4cbfd01f6706/1769040000.0_mean_300.0_v3" 201 - "PUT http://172.18.0.2:8080/d1/186/AUTH_24352ba3f3024f96b08fa3ebf9ce5207/gnocchi.49ad00b0-713a-4c93-a5e7-4cbfd01f6706/1769040000.0_mean_300.0_v3" "tx15a9235840224ffbbdc31-00697d381c" "object-server 13" 0.0009 "-" 20 0
Jan 30 23:00:44 standalone object-server[127147]: 172.20.0.100 - - [30/Jan/2026:23:00:44 +0000] "PUT /d1/186/AUTH_24352ba3f3024f96b08fa3ebf9ce5207/gnocchi.49ad00b0-713a-4c93-a5e7-4cbfd01f6706/1769040000.0_mean_300.0_v3" 201 - "PUT http://172.18.0.2:8080/v1/AUTH_24352ba3f3024f96b08fa3ebf9ce5207/gnocchi.49ad00b0-713a-4c93-a5e7-4cbfd01f6706/1769040000.0_mean_300.0_v3" "tx15a9235840224ffbbdc31-00697d381c" "proxy-server 20" 0.0124 "-" 13 0
Jan 30 23:00:44 standalone proxy-server[129002]: 172.18.0.2 172.18.0.100 30/Jan/2026/23/00/44 PUT /v1/AUTH_24352ba3f3024f96b08fa3ebf9ce5207/gnocchi.49ad00b0-713a-4c93-a5e7-4cbfd01f6706/1769040000.0_mean_300.0_v3 HTTP/1.0 201 - python-swiftclient-3.11.1 gAAAAABpfTc14ov9... 23 - - tx15a9235840224ffbbdc31-00697d381c - 0.0201 - - 1769814044.368687868 1769814044.388756514 0
Jan 30 23:00:44 standalone container-server[126872]: 172.20.0.100 - - [30/Jan/2026:23:00:44 +0000] "PUT /d1/889/AUTH_24352ba3f3024f96b08fa3ebf9ce5207/gnocchi.49ad00b0-713a-4c93-a5e7-4cbfd01f6706/none_v3" 201 - "PUT http://172.18.0.2:8080/d1/95/AUTH_24352ba3f3024f96b08fa3ebf9ce5207/gnocchi.49ad00b0-713a-4c93-a5e7-4cbfd01f6706/none_v3" "tx42ed6068f0f244f59bea2-00697d381c" "object-server 18" 0.0008 "-" 21 0
Jan 30 23:00:44 standalone object-server[127159]: 172.20.0.100 - - [30/Jan/2026:23:00:44 +0000] "PUT /d1/95/AUTH_24352ba3f3024f96b08fa3ebf9ce5207/gnocchi.49ad00b0-713a-4c93-a5e7-4cbfd01f6706/none_v3" 201 - "PUT http://172.18.0.2:8080/v1/AUTH_24352ba3f3024f96b08fa3ebf9ce5207/gnocchi.49ad00b0-713a-4c93-a5e7-4cbfd01f6706/none_v3" "tx42ed6068f0f244f59bea2-00697d381c" "proxy-server 20" 0.0120 "-" 18 0
Jan 30 23:00:44 standalone proxy-server[129002]: 172.18.0.2 172.18.0.100 30/Jan/2026/23/00/44 PUT /v1/AUTH_24352ba3f3024f96b08fa3ebf9ce5207/gnocchi.49ad00b0-713a-4c93-a5e7-4cbfd01f6706/none_v3 HTTP/1.0 201 - python-swiftclient-3.11.1 gAAAAABpfTc14ov9... 22 - - tx42ed6068f0f244f59bea2-00697d381c - 0.0196 - - 1769814044.392307758 1769814044.411889553 0
Jan 30 23:00:44 standalone container-server[126870]: 172.20.0.100 - - [30/Jan/2026:23:00:44 +0000] "HEAD /d1/840/AUTH_24352ba3f3024f96b08fa3ebf9ce5207/gnocchi.0d998ad3-a2f2-44f0-a435-9ec8e87dfbbc" 204 - "HEAD http://172.18.0.2:8080/v1/AUTH_24352ba3f3024f96b08fa3ebf9ce5207/gnocchi.0d998ad3-a2f2-44f0-a435-9ec8e87dfbbc?format=json&states=listing" "tx9bd8e9699c73485cbc96a-00697d381c" "proxy-server 20" 0.0082 "-" 20 0
Jan 30 23:00:44 standalone object-server[127134]: 172.20.0.100 - - [30/Jan/2026:23:00:44 +0000] "GET /d1/545/AUTH_24352ba3f3024f96b08fa3ebf9ce5207/gnocchi.0d998ad3-a2f2-44f0-a435-9ec8e87dfbbc/none_v3" 200 32 "GET http://172.18.0.2:8080/v1/AUTH_24352ba3f3024f96b08fa3ebf9ce5207/gnocchi.0d998ad3-a2f2-44f0-a435-9ec8e87dfbbc/none_v3" "tx9bd8e9699c73485cbc96a-00697d381c" "proxy-server 20" 0.0011 "-" 11 0
Jan 30 23:00:44 standalone proxy-server[129002]: 172.18.0.2 172.18.0.100 30/Jan/2026/23/00/44 GET /v1/AUTH_24352ba3f3024f96b08fa3ebf9ce5207/gnocchi.0d998ad3-a2f2-44f0-a435-9ec8e87dfbbc/none_v3 HTTP/1.0 200 - python-swiftclient-3.11.1 gAAAAABpfTc14ov9... - 32 - tx9bd8e9699c73485cbc96a-00697d381c - 0.0225 - - 1769814044.424102545 1769814044.446638107 0
Jan 30 23:00:44 standalone container-server[126870]: 172.20.0.100 - - [30/Jan/2026:23:00:44 +0000] "GET /d1/840/AUTH_24352ba3f3024f96b08fa3ebf9ce5207/gnocchi.0d998ad3-a2f2-44f0-a435-9ec8e87dfbbc" 200 357 "GET http://172.18.0.2:8080/v1/AUTH_24352ba3f3024f96b08fa3ebf9ce5207/gnocchi.0d998ad3-a2f2-44f0-a435-9ec8e87dfbbc?format=json&states=listing" "tx2a6825823f054a8499b19-00697d381c" "proxy-server 20" 0.0035 "-" 20 0
Jan 30 23:00:44 standalone proxy-server[129002]: 172.18.0.2 172.18.0.100 30/Jan/2026/23/00/44 GET /v1/AUTH_24352ba3f3024f96b08fa3ebf9ce5207/gnocchi.0d998ad3-a2f2-44f0-a435-9ec8e87dfbbc%3Fformat%3Djson%26states%3Dlisting HTTP/1.0 200 - python-swiftclient-3.11.1 gAAAAABpfTc14ov9... - 357 - tx2a6825823f054a8499b19-00697d381c - 0.0122 - - 1769814044.451396942 1769814044.463553905 0
Jan 30 23:00:44 standalone container-server[126898]: 172.20.0.100 - - [30/Jan/2026:23:00:44 +0000] "GET /d1/840/AUTH_24352ba3f3024f96b08fa3ebf9ce5207/gnocchi.0d998ad3-a2f2-44f0-a435-9ec8e87dfbbc" 200 2 "GET http://172.18.0.2:8080/v1/AUTH_24352ba3f3024f96b08fa3ebf9ce5207/gnocchi.0d998ad3-a2f2-44f0-a435-9ec8e87dfbbc?format=json&marker=none_v3&states=listing" "tx69afeac9479c44059b5a9-00697d381c" "proxy-server 20" 0.0037 "-" 23 0
Jan 30 23:00:44 standalone proxy-server[129002]: 172.18.0.2 172.18.0.100 30/Jan/2026/23/00/44 GET /v1/AUTH_24352ba3f3024f96b08fa3ebf9ce5207/gnocchi.0d998ad3-a2f2-44f0-a435-9ec8e87dfbbc%3Fformat%3Djson%26marker%3Dnone_v3%26states%3Dlisting HTTP/1.0 200 - python-swiftclient-3.11.1 gAAAAABpfTc14ov9... - 2 - tx69afeac9479c44059b5a9-00697d381c - 0.0123 - - 1769814044.467231035 1769814044.479482889 0
Jan 30 23:00:44 standalone object-server[127159]: 172.20.0.100 - - [30/Jan/2026:23:00:44 +0000] "GET /d1/826/AUTH_24352ba3f3024f96b08fa3ebf9ce5207/gnocchi.0d998ad3-a2f2-44f0-a435-9ec8e87dfbbc/1769040000.0_mean_300.0_v3" 200 16 "GET http://172.18.0.2:8080/v1/AUTH_24352ba3f3024f96b08fa3ebf9ce5207/gnocchi.0d998ad3-a2f2-44f0-a435-9ec8e87dfbbc/1769040000.0_mean_300.0_v3" "txd6b33627005f4e8d9d5cd-00697d381c" "proxy-server 20" 0.0011 "-" 18 0
Jan 30 23:00:44 standalone proxy-server[129002]: 172.18.0.2 172.18.0.100 30/Jan/2026/23/00/44 GET /v1/AUTH_24352ba3f3024f96b08fa3ebf9ce5207/gnocchi.0d998ad3-a2f2-44f0-a435-9ec8e87dfbbc/1769040000.0_mean_300.0_v3 HTTP/1.0 200 - python-swiftclient-3.11.1 gAAAAABpfTc14ov9... - 16 - txd6b33627005f4e8d9d5cd-00697d381c - 0.0126 - - 1769814044.484332800 1769814044.496949673 0
Jan 30 23:00:44 standalone container-server[126870]: 172.20.0.100 - - [30/Jan/2026:23:00:44 +0000] "PUT /d1/840/AUTH_24352ba3f3024f96b08fa3ebf9ce5207/gnocchi.0d998ad3-a2f2-44f0-a435-9ec8e87dfbbc/1769040000.0_mean_300.0_v3" 201 - "PUT http://172.18.0.2:8080/d1/826/AUTH_24352ba3f3024f96b08fa3ebf9ce5207/gnocchi.0d998ad3-a2f2-44f0-a435-9ec8e87dfbbc/1769040000.0_mean_300.0_v3" "txd25e0cbaaa0a48feb2ba0-00697d381c" "object-server 18" 0.0008 "-" 20 0
Jan 30 23:00:44 standalone object-server[127159]: 172.20.0.100 - - [30/Jan/2026:23:00:44 +0000] "PUT /d1/826/AUTH_24352ba3f3024f96b08fa3ebf9ce5207/gnocchi.0d998ad3-a2f2-44f0-a435-9ec8e87dfbbc/1769040000.0_mean_300.0_v3" 201 - "PUT http://172.18.0.2:8080/v1/AUTH_24352ba3f3024f96b08fa3ebf9ce5207/gnocchi.0d998ad3-a2f2-44f0-a435-9ec8e87dfbbc/1769040000.0_mean_300.0_v3" "txd25e0cbaaa0a48feb2ba0-00697d381c" "proxy-server 20" 0.0110 "-" 18 0
Jan 30 23:00:44 standalone proxy-server[129002]: 172.18.0.2 172.18.0.100 30/Jan/2026/23/00/44 PUT /v1/AUTH_24352ba3f3024f96b08fa3ebf9ce5207/gnocchi.0d998ad3-a2f2-44f0-a435-9ec8e87dfbbc/1769040000.0_mean_300.0_v3 HTTP/1.0 201 - python-swiftclient-3.11.1 gAAAAABpfTc14ov9... 23 - - txd25e0cbaaa0a48feb2ba0-00697d381c - 0.0187 - - 1769814044.502824783 1769814044.521555424 0
Jan 30 23:00:44 standalone container-server[126898]: 172.20.0.100 - - [30/Jan/2026:23:00:44 +0000] "PUT /d1/840/AUTH_24352ba3f3024f96b08fa3ebf9ce5207/gnocchi.0d998ad3-a2f2-44f0-a435-9ec8e87dfbbc/none_v3" 201 - "PUT http://172.18.0.2:8080/d1/545/AUTH_24352ba3f3024f96b08fa3ebf9ce5207/gnocchi.0d998ad3-a2f2-44f0-a435-9ec8e87dfbbc/none_v3" "tx31d52becb54b461588d20-00697d381c" "object-server 13" 0.0009 "-" 23 0
Jan 30 23:00:44 standalone object-server[127147]: 172.20.0.100 - - [30/Jan/2026:23:00:44 +0000] "PUT /d1/545/AUTH_24352ba3f3024f96b08fa3ebf9ce5207/gnocchi.0d998ad3-a2f2-44f0-a435-9ec8e87dfbbc/none_v3" 201 - "PUT http://172.18.0.2:8080/v1/AUTH_24352ba3f3024f96b08fa3ebf9ce5207/gnocchi.0d998ad3-a2f2-44f0-a435-9ec8e87dfbbc/none_v3" "tx31d52becb54b461588d20-00697d381c" "proxy-server 20" 0.0120 "-" 13 0
Jan 30 23:00:44 standalone proxy-server[129002]: 172.18.0.2 172.18.0.100 30/Jan/2026/23/00/44 PUT /v1/AUTH_24352ba3f3024f96b08fa3ebf9ce5207/gnocchi.0d998ad3-a2f2-44f0-a435-9ec8e87dfbbc/none_v3 HTTP/1.0 201 - python-swiftclient-3.11.1 gAAAAABpfTc14ov9... 22 - - tx31d52becb54b461588d20-00697d381c - 0.0197 - - 1769814044.525183678 1769814044.544845104 0
Jan 30 23:00:44 standalone container-server[126870]: 172.20.0.100 - - [30/Jan/2026:23:00:44 +0000] "HEAD /d1/157/AUTH_24352ba3f3024f96b08fa3ebf9ce5207/gnocchi.6f1b8a82-be9c-4fa4-99db-338c0654cd83" 204 - "HEAD http://172.18.0.2:8080/v1/AUTH_24352ba3f3024f96b08fa3ebf9ce5207/gnocchi.6f1b8a82-be9c-4fa4-99db-338c0654cd83?format=json&states=listing" "tx5528c1244a644abdb1ee1-00697d381c" "proxy-server 20" 0.0079 "-" 20 0
Jan 30 23:00:44 standalone object-server[127147]: 172.20.0.100 - - [30/Jan/2026:23:00:44 +0000] "GET /d1/737/AUTH_24352ba3f3024f96b08fa3ebf9ce5207/gnocchi.6f1b8a82-be9c-4fa4-99db-338c0654cd83/none_v3" 200 22 "GET http://172.18.0.2:8080/v1/AUTH_24352ba3f3024f96b08fa3ebf9ce5207/gnocchi.6f1b8a82-be9c-4fa4-99db-338c0654cd83/none_v3" "tx5528c1244a644abdb1ee1-00697d381c" "proxy-server 20" 0.0011 "-" 13 0
Jan 30 23:00:44 standalone proxy-server[129002]: 172.18.0.2 172.18.0.100 30/Jan/2026/23/00/44 GET /v1/AUTH_24352ba3f3024f96b08fa3ebf9ce5207/gnocchi.6f1b8a82-be9c-4fa4-99db-338c0654cd83/none_v3 HTTP/1.0 200 - python-swiftclient-3.11.1 gAAAAABpfTc14ov9... - 22 - tx5528c1244a644abdb1ee1-00697d381c - 0.0218 - - 1769814044.559631348 1769814044.581408978 0
Jan 30 23:00:44 standalone container-server[126898]: 172.20.0.100 - - [30/Jan/2026:23:00:44 +0000] "GET /d1/157/AUTH_24352ba3f3024f96b08fa3ebf9ce5207/gnocchi.6f1b8a82-be9c-4fa4-99db-338c0654cd83" 200 357 "GET http://172.18.0.2:8080/v1/AUTH_24352ba3f3024f96b08fa3ebf9ce5207/gnocchi.6f1b8a82-be9c-4fa4-99db-338c0654cd83?format=json&states=listing" "tx97dc7261efcc450a9c9c5-00697d381c" "proxy-server 20" 0.0041 "-" 23 0
Jan 30 23:00:44 standalone proxy-server[129002]: 172.18.0.2 172.18.0.100 30/Jan/2026/23/00/44 GET /v1/AUTH_24352ba3f3024f96b08fa3ebf9ce5207/gnocchi.6f1b8a82-be9c-4fa4-99db-338c0654cd83%3Fformat%3Djson%26states%3Dlisting HTTP/1.0 200 - python-swiftclient-3.11.1 gAAAAABpfTc14ov9... - 357 - tx97dc7261efcc450a9c9c5-00697d381c - 0.0157 - - 1769814044.586459160 1769814044.602199078 0
Jan 30 23:00:44 standalone container-server[126872]: 172.20.0.100 - - [30/Jan/2026:23:00:44 +0000] "GET /d1/157/AUTH_24352ba3f3024f96b08fa3ebf9ce5207/gnocchi.6f1b8a82-be9c-4fa4-99db-338c0654cd83" 200 2 "GET http://172.18.0.2:8080/v1/AUTH_24352ba3f3024f96b08fa3ebf9ce5207/gnocchi.6f1b8a82-be9c-4fa4-99db-338c0654cd83?format=json&marker=none_v3&states=listing" "tx6e8a60bdfbb141d895186-00697d381c" "proxy-server 20" 0.0055 "-" 21 0
Jan 30 23:00:44 standalone proxy-server[129002]: 172.18.0.2 172.18.0.100 30/Jan/2026/23/00/44 GET /v1/AUTH_24352ba3f3024f96b08fa3ebf9ce5207/gnocchi.6f1b8a82-be9c-4fa4-99db-338c0654cd83%3Fformat%3Djson%26marker%3Dnone_v3%26states%3Dlisting HTTP/1.0 200 - python-swiftclient-3.11.1 gAAAAABpfTc14ov9... - 2 - tx6e8a60bdfbb141d895186-00697d381c - 0.0160 - - 1769814044.606750011 1769814044.622723579 0
Jan 30 23:00:44 standalone object-server[127147]: 172.20.0.100 - - [30/Jan/2026:23:00:44 +0000] "GET /d1/820/AUTH_24352ba3f3024f96b08fa3ebf9ce5207/gnocchi.6f1b8a82-be9c-4fa4-99db-338c0654cd83/1769040000.0_mean_300.0_v3" 200 16 "GET http://172.18.0.2:8080/v1/AUTH_24352ba3f3024f96b08fa3ebf9ce5207/gnocchi.6f1b8a82-be9c-4fa4-99db-338c0654cd83/1769040000.0_mean_300.0_v3" "txe945c9d016274118a8472-00697d381c" "proxy-server 20" 0.0010 "-" 13 0
Jan 30 23:00:44 standalone proxy-server[129002]: 172.18.0.2 172.18.0.100 30/Jan/2026/23/00/44 GET /v1/AUTH_24352ba3f3024f96b08fa3ebf9ce5207/gnocchi.6f1b8a82-be9c-4fa4-99db-338c0654cd83/1769040000.0_mean_300.0_v3 HTTP/1.0 200 - python-swiftclient-3.11.1 gAAAAABpfTc14ov9... - 16 - txe945c9d016274118a8472-00697d381c - 0.0102 - - 1769814044.628642559 1769814044.638794184 0
Jan 30 23:00:44 standalone container-server[126898]: 172.20.0.100 - - [30/Jan/2026:23:00:44 +0000] "PUT /d1/157/AUTH_24352ba3f3024f96b08fa3ebf9ce5207/gnocchi.6f1b8a82-be9c-4fa4-99db-338c0654cd83/1769040000.0_mean_300.0_v3" 201 - "PUT http://172.18.0.2:8080/d1/820/AUTH_24352ba3f3024f96b08fa3ebf9ce5207/gnocchi.6f1b8a82-be9c-4fa4-99db-338c0654cd83/1769040000.0_mean_300.0_v3" "tx2605c15f28e4442ab5ab9-00697d381c" "object-server 13" 0.0009 "-" 23 0
