Jan 30 22:59:46 standalone container-server[126870]: 172.20.0.100 - - [30/Jan/2026:22:59:46 +0000] "PUT /d1/507/AUTH_24352ba3f3024f96b08fa3ebf9ce5207/gnocchi.e9198e99-b83c-4be4-a912-cee4bb654ba8/1769040000.0_mean_300.0_v3" 201 - "PUT http://172.18.0.2:8080/d1/692/AUTH_24352ba3f3024f96b08fa3ebf9ce5207/gnocchi.e9198e99-b83c-4be4-a912-cee4bb654ba8/1769040000.0_mean_300.0_v3" "tx601d762230114b77996a9-00697d37e2" "object-server 13" 0.0011 "-" 20 0
Jan 30 22:59:46 standalone object-server[127147]: 172.20.0.100 - - [30/Jan/2026:22:59:46 +0000] "PUT /d1/692/AUTH_24352ba3f3024f96b08fa3ebf9ce5207/gnocchi.e9198e99-b83c-4be4-a912-cee4bb654ba8/1769040000.0_mean_300.0_v3" 201 - "PUT http://172.18.0.2:8080/v1/AUTH_24352ba3f3024f96b08fa3ebf9ce5207/gnocchi.e9198e99-b83c-4be4-a912-cee4bb654ba8/1769040000.0_mean_300.0_v3" "tx601d762230114b77996a9-00697d37e2" "proxy-server 20" 0.0141 "-" 13 0
Jan 30 22:59:46 standalone proxy-server[129002]: 172.18.0.2 172.18.0.100 30/Jan/2026/22/59/46 PUT /v1/AUTH_24352ba3f3024f96b08fa3ebf9ce5207/gnocchi.e9198e99-b83c-4be4-a912-cee4bb654ba8/1769040000.0_mean_300.0_v3 HTTP/1.0 201 - python-swiftclient-3.11.1 gAAAAABpfTc14ov9... 16 - - tx601d762230114b77996a9-00697d37e2 - 0.0314 - - 1769813986.381008625 1769813986.412364006 0
Jan 30 22:59:46 standalone container-server[126898]: 172.20.0.100 - - [30/Jan/2026:22:59:46 +0000] "PUT /d1/507/AUTH_24352ba3f3024f96b08fa3ebf9ce5207/gnocchi.e9198e99-b83c-4be4-a912-cee4bb654ba8/none_v3" 201 - "PUT http://172.18.0.2:8080/d1/828/AUTH_24352ba3f3024f96b08fa3ebf9ce5207/gnocchi.e9198e99-b83c-4be4-a912-cee4bb654ba8/none_v3" "txb5dbc5b555d2403ea69c4-00697d37e2" "object-server 19" 0.0016 "-" 23 0
Jan 30 22:59:46 standalone object-server[127167]: 172.20.0.100 - - [30/Jan/2026:22:59:46 +0000] "PUT /d1/828/AUTH_24352ba3f3024f96b08fa3ebf9ce5207/gnocchi.e9198e99-b83c-4be4-a912-cee4bb654ba8/none_v3" 201 - "PUT http://172.18.0.2:8080/v1/AUTH_24352ba3f3024f96b08fa3ebf9ce5207/gnocchi.e9198e99-b83c-4be4-a912-cee4bb654ba8/none_v3" "txb5dbc5b555d2403ea69c4-00697d37e2" "proxy-server 20" 0.0190 "-" 19 0
Jan 30 22:59:46 standalone proxy-server[129002]: 172.18.0.2 172.18.0.100 30/Jan/2026/22/59/46 PUT /v1/AUTH_24352ba3f3024f96b08fa3ebf9ce5207/gnocchi.e9198e99-b83c-4be4-a912-cee4bb654ba8/none_v3 HTTP/1.0 201 - python-swiftclient-3.11.1 gAAAAABpfTc14ov9... 22 - - txb5dbc5b555d2403ea69c4-00697d37e2 - 0.0321 - - 1769813986.421513796 1769813986.453625917 0
Jan 30 22:59:46 standalone container-server[126898]: 172.20.0.100 - - [30/Jan/2026:22:59:46 +0000] "HEAD /d1/700/AUTH_24352ba3f3024f96b08fa3ebf9ce5207/gnocchi.c4d1c4e6-c50b-47f9-8c37-e5319f28b127" 404 - "HEAD http://172.18.0.2:8080/v1/AUTH_24352ba3f3024f96b08fa3ebf9ce5207/gnocchi.c4d1c4e6-c50b-47f9-8c37-e5319f28b127?format=json&states=listing" "tx1fed13f63d2c4f4aa0d53-00697d37e2" "proxy-server 20" 0.0008 "-" 23 0
Jan 30 22:59:46 standalone object-server[127159]: 172.20.0.100 - - [30/Jan/2026:22:59:46 +0000] "GET /d1/813/AUTH_24352ba3f3024f96b08fa3ebf9ce5207/gnocchi.c4d1c4e6-c50b-47f9-8c37-e5319f28b127/none_v3" 404 70 "GET http://172.18.0.2:8080/v1/AUTH_24352ba3f3024f96b08fa3ebf9ce5207/gnocchi.c4d1c4e6-c50b-47f9-8c37-e5319f28b127/none_v3" "tx1fed13f63d2c4f4aa0d53-00697d37e2" "proxy-server 20" 0.0006 "-" 18 0
Jan 30 22:59:46 standalone proxy-server[129002]: 172.18.0.2 172.18.0.100 30/Jan/2026/22/59/46 GET /v1/AUTH_24352ba3f3024f96b08fa3ebf9ce5207/gnocchi.c4d1c4e6-c50b-47f9-8c37-e5319f28b127/none_v3 HTTP/1.0 404 - python-swiftclient-3.11.1 gAAAAABpfTc14ov9... - 70 - tx1fed13f63d2c4f4aa0d53-00697d37e2 - 0.0167 - - 1769813986.477463245 1769813986.494158030 0
Jan 30 22:59:46 standalone account-server[126839]: 172.20.0.100 - - [30/Jan/2026:22:59:46 +0000] "PUT /d1/752/AUTH_24352ba3f3024f96b08fa3ebf9ce5207/gnocchi.c4d1c4e6-c50b-47f9-8c37-e5319f28b127" 201 - "PUT http://172.20.0.100:6001/d1/700/AUTH_24352ba3f3024f96b08fa3ebf9ce5207/gnocchi.c4d1c4e6-c50b-47f9-8c37-e5319f28b127" "tx198e5ef35d9d4cc09824b-00697d37e2" "container-server 22" 0.0052 "-" 21 0
Jan 30 22:59:46 standalone container-server[126890]: 172.20.0.100 - - [30/Jan/2026:22:59:46 +0000] "PUT /d1/700/AUTH_24352ba3f3024f96b08fa3ebf9ce5207/gnocchi.c4d1c4e6-c50b-47f9-8c37-e5319f28b127" 201 - "PUT http://172.18.0.2:8080/v1/AUTH_24352ba3f3024f96b08fa3ebf9ce5207/gnocchi.c4d1c4e6-c50b-47f9-8c37-e5319f28b127" "tx198e5ef35d9d4cc09824b-00697d37e2" "proxy-server 20" 0.0247 "-" 22 0
Jan 30 22:59:46 standalone proxy-server[129002]: 172.18.0.2 172.18.0.100 30/Jan/2026/22/59/46 PUT /v1/AUTH_24352ba3f3024f96b08fa3ebf9ce5207/gnocchi.c4d1c4e6-c50b-47f9-8c37-e5319f28b127 HTTP/1.0 201 - python-swiftclient-3.11.1 gAAAAABpfTc14ov9... - - - tx198e5ef35d9d4cc09824b-00697d37e2 - 0.0357 - - 1769813986.498369932 1769813986.534043550 0
Jan 30 22:59:46 standalone container-server[126870]: 172.20.0.100 - - [30/Jan/2026:22:59:46 +0000] "HEAD /d1/700/AUTH_24352ba3f3024f96b08fa3ebf9ce5207/gnocchi.c4d1c4e6-c50b-47f9-8c37-e5319f28b127" 204 - "HEAD http://172.18.0.2:8080/v1/AUTH_24352ba3f3024f96b08fa3ebf9ce5207/gnocchi.c4d1c4e6-c50b-47f9-8c37-e5319f28b127?format=json&states=listing" "tx2ea5211c038e4a74bebc5-00697d37e2" "proxy-server 20" 0.0016 "-" 20 0
Jan 30 22:59:46 standalone proxy-server[129002]: - - 30/Jan/2026/22/59/46 HEAD /v1/AUTH_24352ba3f3024f96b08fa3ebf9ce5207/gnocchi.c4d1c4e6-c50b-47f9-8c37-e5319f28b127%3Fformat%3Djson%26states%3Dlisting HTTP/1.0 204 - Swift - - - - tx2ea5211c038e4a74bebc5-00697d37e2 - 0.0079 RL - 1769813986.541374683 1769813986.549318075 0
Jan 30 22:59:46 standalone container-server[126872]: 172.20.0.100 - - [30/Jan/2026:22:59:46 +0000] "GET /d1/700/AUTH_24352ba3f3024f96b08fa3ebf9ce5207/gnocchi.c4d1c4e6-c50b-47f9-8c37-e5319f28b127" 200 2 "GET http://172.18.0.2:8080/v1/AUTH_24352ba3f3024f96b08fa3ebf9ce5207/gnocchi.c4d1c4e6-c50b-47f9-8c37-e5319f28b127?format=json&states=listing" "tx2ea5211c038e4a74bebc5-00697d37e2" "proxy-server 20" 0.0035 "-" 21 0
Jan 30 22:59:46 standalone proxy-server[129002]: 172.18.0.2 172.18.0.100 30/Jan/2026/22/59/46 GET /v1/AUTH_24352ba3f3024f96b08fa3ebf9ce5207/gnocchi.c4d1c4e6-c50b-47f9-8c37-e5319f28b127%3Fformat%3Djson%26states%3Dlisting HTTP/1.0 200 - python-swiftclient-3.11.1 gAAAAABpfTc14ov9... - 2 - tx2ea5211c038e4a74bebc5-00697d37e2 - 0.0289 - - 1769813986.539262533 1769813986.568163633 0
Jan 30 22:59:46 standalone object-server[127159]: 172.20.0.100 - - [30/Jan/2026:22:59:46 +0000] "GET /d1/917/AUTH_24352ba3f3024f96b08fa3ebf9ce5207/gnocchi.c4d1c4e6-c50b-47f9-8c37-e5319f28b127/1769040000.0_mean_300.0_v3" 404 70 "GET http://172.18.0.2:8080/v1/AUTH_24352ba3f3024f96b08fa3ebf9ce5207/gnocchi.c4d1c4e6-c50b-47f9-8c37-e5319f28b127/1769040000.0_mean_300.0_v3" "tx9d5c4573a488457f8724d-00697d37e2" "proxy-server 20" 0.0004 "-" 18 0
Jan 30 22:59:46 standalone proxy-server[129002]: 172.18.0.2 172.18.0.100 30/Jan/2026/22/59/46 GET /v1/AUTH_24352ba3f3024f96b08fa3ebf9ce5207/gnocchi.c4d1c4e6-c50b-47f9-8c37-e5319f28b127/1769040000.0_mean_300.0_v3 HTTP/1.0 404 - python-swiftclient-3.11.1 gAAAAABpfTc14ov9... - 70 - tx9d5c4573a488457f8724d-00697d37e2 - 0.0121 - - 1769813986.574926615 1769813986.587061644 0
Jan 30 22:59:46 standalone container-server[126898]: 172.20.0.100 - - [30/Jan/2026:22:59:46 +0000] "PUT /d1/700/AUTH_24352ba3f3024f96b08fa3ebf9ce5207/gnocchi.c4d1c4e6-c50b-47f9-8c37-e5319f28b127/1769040000.0_mean_300.0_v3" 201 - "PUT http://172.18.0.2:8080/d1/917/AUTH_24352ba3f3024f96b08fa3ebf9ce5207/gnocchi.c4d1c4e6-c50b-47f9-8c37-e5319f28b127/1769040000.0_mean_300.0_v3" "tx9787da19845a4ce38997b-00697d37e2" "object-server 19" 0.0007 "-" 23 0
Jan 30 22:59:46 standalone object-server[127167]: 172.20.0.100 - - [30/Jan/2026:22:59:46 +0000] "PUT /d1/917/AUTH_24352ba3f3024f96b08fa3ebf9ce5207/gnocchi.c4d1c4e6-c50b-47f9-8c37-e5319f28b127/1769040000.0_mean_300.0_v3" 201 - "PUT http://172.18.0.2:8080/v1/AUTH_24352ba3f3024f96b08fa3ebf9ce5207/gnocchi.c4d1c4e6-c50b-47f9-8c37-e5319f28b127/1769040000.0_mean_300.0_v3" "tx9787da19845a4ce38997b-00697d37e2" "proxy-server 20" 0.0122 "-" 19 0
Jan 30 22:59:46 standalone proxy-server[129002]: 172.18.0.2 172.18.0.100 30/Jan/2026/22/59/46 PUT /v1/AUTH_24352ba3f3024f96b08fa3ebf9ce5207/gnocchi.c4d1c4e6-c50b-47f9-8c37-e5319f28b127/1769040000.0_mean_300.0_v3 HTTP/1.0 201 - python-swiftclient-3.11.1 gAAAAABpfTc14ov9... 16 - - tx9787da19845a4ce38997b-00697d37e2 - 0.0266 - - 1769813986.590140820 1769813986.616691828 0
Jan 30 22:59:46 standalone container-server[126898]: 172.20.0.100 - - [30/Jan/2026:22:59:46 +0000] "PUT /d1/700/AUTH_24352ba3f3024f96b08fa3ebf9ce5207/gnocchi.c4d1c4e6-c50b-47f9-8c37-e5319f28b127/none_v3" 201 - "PUT http://172.18.0.2:8080/d1/813/AUTH_24352ba3f3024f96b08fa3ebf9ce5207/gnocchi.c4d1c4e6-c50b-47f9-8c37-e5319f28b127/none_v3" "tx2b82edd9dcb8467aba275-00697d37e2" "object-server 19" 0.0006 "-" 23 0
Jan 30 22:59:46 standalone object-server[127167]: 172.20.0.100 - - [30/Jan/2026:22:59:46 +0000] "PUT /d1/813/AUTH_24352ba3f3024f96b08fa3ebf9ce5207/gnocchi.c4d1c4e6-c50b-47f9-8c37-e5319f28b127/none_v3" 201 - "PUT http://172.18.0.2:8080/v1/AUTH_24352ba3f3024f96b08fa3ebf9ce5207/gnocchi.c4d1c4e6-c50b-47f9-8c37-e5319f28b127/none_v3" "tx2b82edd9dcb8467aba275-00697d37e2" "proxy-server 20" 0.0250 "-" 19 0
Jan 30 22:59:46 standalone proxy-server[129002]: 172.18.0.2 172.18.0.100 30/Jan/2026/22/59/46 PUT /v1/AUTH_24352ba3f3024f96b08fa3ebf9ce5207/gnocchi.c4d1c4e6-c50b-47f9-8c37-e5319f28b127/none_v3 HTTP/1.0 201 - python-swiftclient-3.11.1 gAAAAABpfTc14ov9... 22 - - tx2b82edd9dcb8467aba275-00697d37e2 - 0.0344 - - 1769813986.619782925 1769813986.654141903 0
Jan 30 22:59:46 standalone container-server[126870]: 172.20.0.100 - - [30/Jan/2026:22:59:46 +0000] "HEAD /d1/846/AUTH_24352ba3f3024f96b08fa3ebf9ce5207/gnocchi.7b5d1425-9865-4949-9e19-2f58b95b3bd5" 404 - "HEAD http://172.18.0.2:8080/v1/AUTH_24352ba3f3024f96b08fa3ebf9ce5207/gnocchi.7b5d1425-9865-4949-9e19-2f58b95b3bd5?format=json&states=listing" "txb03789c289d548b8b070e-00697d37e2" "proxy-server 20" 0.0004 "-" 20 0
Jan 30 22:59:46 standalone object-server[127147]: 172.20.0.100 - - [30/Jan/2026:22:59:46 +0000] "GET /d1/981/AUTH_24352ba3f3024f96b08fa3ebf9ce5207/gnocchi.7b5d1425-9865-4949-9e19-2f58b95b3bd5/none_v3" 404 70 "GET http://172.18.0.2:8080/v1/AUTH_24352ba3f3024f96b08fa3ebf9ce5207/gnocchi.7b5d1425-9865-4949-9e19-2f58b95b3bd5/none_v3" "txb03789c289d548b8b070e-00697d37e2" "proxy-server 20" 0.0006 "-" 13 0
Jan 30 22:59:46 standalone proxy-server[129002]: 172.18.0.2 172.18.0.100 30/Jan/2026/22/59/46 GET /v1/AUTH_24352ba3f3024f96b08fa3ebf9ce5207/gnocchi.7b5d1425-9865-4949-9e19-2f58b95b3bd5/none_v3 HTTP/1.0 404 - python-swiftclient-3.11.1 gAAAAABpfTc14ov9... - 70 - txb03789c289d548b8b070e-00697d37e2 - 0.0108 - - 1769813986.673251867 1769813986.684032917 0
Jan 30 22:59:46 standalone account-server[126826]: 172.20.0.100 - - [30/Jan/2026:22:59:46 +0000] "PUT /d1/752/AUTH_24352ba3f3024f96b08fa3ebf9ce5207/gnocchi.7b5d1425-9865-4949-9e19-2f58b95b3bd5" 201 - "PUT http://172.20.0.100:6001/d1/846/AUTH_24352ba3f3024f96b08fa3ebf9ce5207/gnocchi.7b5d1425-9865-4949-9e19-2f58b95b3bd5" "txc803d529ba9b4df0aadb7-00697d37e2" "container-server 20" 0.0058 "-" 20 0
Jan 30 22:59:46 standalone container-server[126870]: 172.20.0.100 - - [30/Jan/2026:22:59:46 +0000] "PUT /d1/846/AUTH_24352ba3f3024f96b08fa3ebf9ce5207/gnocchi.7b5d1425-9865-4949-9e19-2f58b95b3bd5" 201 - "PUT http://172.18.0.2:8080/v1/AUTH_24352ba3f3024f96b08fa3ebf9ce5207/gnocchi.7b5d1425-9865-4949-9e19-2f58b95b3bd5" "txc803d529ba9b4df0aadb7-00697d37e2" "proxy-server 20" 0.0169 "-" 20 0
Jan 30 22:59:46 standalone proxy-server[129002]: 172.18.0.2 172.18.0.100 30/Jan/2026/22/59/46 PUT /v1/AUTH_24352ba3f3024f96b08fa3ebf9ce5207/gnocchi.7b5d1425-9865-4949-9e19-2f58b95b3bd5 HTTP/1.0 201 - python-swiftclient-3.11.1 gAAAAABpfTc14ov9... - - - txc803d529ba9b4df0aadb7-00697d37e2 - 0.0295 - - 1769813986.688496828 1769813986.717985630 0
Jan 30 22:59:46 standalone container-server[126890]: 172.20.0.100 - - [30/Jan/2026:22:59:46 +0000] "HEAD /d1/846/AUTH_24352ba3f3024f96b08fa3ebf9ce5207/gnocchi.7b5d1425-9865-4949-9e19-2f58b95b3bd5" 204 - "HEAD http://172.18.0.2:8080/v1/AUTH_24352ba3f3024f96b08fa3ebf9ce5207/gnocchi.7b5d1425-9865-4949-9e19-2f58b95b3bd5?format=json&states=listing" "txdefd3ffe940d457aa3895-00697d37e2" "proxy-server 20" 0.0020 "-" 22 0
Jan 30 22:59:46 standalone proxy-server[129002]: - - 30/Jan/2026/22/59/46 HEAD /v1/AUTH_24352ba3f3024f96b08fa3ebf9ce5207/gnocchi.7b5d1425-9865-4949-9e19-2f58b95b3bd5%3Fformat%3Djson%26states%3Dlisting HTTP/1.0 204 - Swift - - - - txdefd3ffe940d457aa3895-00697d37e2 - 0.0067 RL - 1769813986.726227045 1769813986.732888222 0
Jan 30 22:59:46 standalone container-server[126872]: 172.20.0.100 - - [30/Jan/2026:22:59:46 +0000] "GET /d1/846/AUTH_24352ba3f3024f96b08fa3ebf9ce5207/gnocchi.7b5d1425-9865-4949-9e19-2f58b95b3bd5" 200 2 "GET http://172.18.0.2:8080/v1/AUTH_24352ba3f3024f96b08fa3ebf9ce5207/gnocchi.7b5d1425-9865-4949-9e19-2f58b95b3bd5?format=json&states=listing" "txdefd3ffe940d457aa3895-00697d37e2" "proxy-server 20" 0.0038 "-" 21 0
Jan 30 22:59:46 standalone proxy-server[129002]: 172.18.0.2 172.18.0.100 30/Jan/2026/22/59/46 GET /v1/AUTH_24352ba3f3024f96b08fa3ebf9ce5207/gnocchi.7b5d1425-9865-4949-9e19-2f58b95b3bd5%3Fformat%3Djson%26states%3Dlisting HTTP/1.0 200 - python-swiftclient-3.11.1 gAAAAABpfTc14ov9... - 2 - txdefd3ffe940d457aa3895-00697d37e2 - 0.0185 - - 1769813986.724895000 1769813986.743431568 0
Jan 30 22:59:46 standalone object-server[127147]: 172.20.0.100 - - [30/Jan/2026:22:59:46 +0000] "GET /d1/934/AUTH_24352ba3f3024f96b08fa3ebf9ce5207/gnocchi.7b5d1425-9865-4949-9e19-2f58b95b3bd5/1769040000.0_mean_300.0_v3" 404 70 "GET http://172.18.0.2:8080/v1/AUTH_24352ba3f3024f96b08fa3ebf9ce5207/gnocchi.7b5d1425-9865-4949-9e19-2f58b95b3bd5/1769040000.0_mean_300.0_v3" "tx06721bfc2cf94371b11b7-00697d37e2" "proxy-server 20" 0.0004 "-" 13 0
Jan 30 22:59:46 standalone proxy-server[129002]: 172.18.0.2 172.18.0.100 30/Jan/2026/22/59/46 GET /v1/AUTH_24352ba3f3024f96b08fa3ebf9ce5207/gnocchi.7b5d1425-9865-4949-9e19-2f58b95b3bd5/1769040000.0_mean_300.0_v3 HTTP/1.0 404 - python-swiftclient-3.11.1 gAAAAABpfTc14ov9... - 70 - tx06721bfc2cf94371b11b7-00697d37e2 - 0.0170 - - 1769813986.752844334 1769813986.769816875 0
Jan 30 22:59:46 standalone container-server[126898]: 172.20.0.100 - - [30/Jan/2026:22:59:46 +0000] "PUT /d1/846/AUTH_24352ba3f3024f96b08fa3ebf9ce5207/gnocchi.7b5d1425-9865-4949-9e19-2f58b95b3bd5/1769040000.0_mean_300.0_v3" 201 - "PUT http://172.18.0.2:8080/d1/934/AUTH_24352ba3f3024f96b08fa3ebf9ce5207/gnocchi.7b5d1425-9865-4949-9e19-2f58b95b3bd5/1769040000.0_mean_300.0_v3" "tx37d2b7ce7c3a493e90735-00697d37e2" "object-server 13" 0.0009 "-" 23 0
Jan 30 22:59:46 standalone object-server[127147]: 172.20.0.100 - - [30/Jan/2026:22:59:46 +0000] "PUT /d1/934/AUTH_24352ba3f3024f96b08fa3ebf9ce5207/gnocchi.7b5d1425-9865-4949-9e19-2f58b95b3bd5/1769040000.0_mean_300.0_v3" 201 - "PUT http://172.18.0.2:8080/v1/AUTH_24352ba3f3024f96b08fa3ebf9ce5207/gnocchi.7b5d1425-9865-4949-9e19-2f58b95b3bd5/1769040000.0_mean_300.0_v3" "tx37d2b7ce7c3a493e90735-00697d37e2" "proxy-server 20" 0.0162 "-" 13 0
Jan 30 22:59:46 standalone proxy-server[129002]: 172.18.0.2 172.18.0.100 30/Jan/2026/22/59/46 PUT /v1/AUTH_24352ba3f3024f96b08fa3ebf9ce5207/gnocchi.7b5d1425-9865-4949-9e19-2f58b95b3bd5/1769040000.0_mean_300.0_v3 HTTP/1.0 201 - python-swiftclient-3.11.1 gAAAAABpfTc14ov9... 16 - - tx37d2b7ce7c3a493e90735-00697d37e2 - 0.0241 - - 1769813986.773146391 1769813986.797240734 0
Jan 30 22:59:46 standalone container-server[126870]: 172.20.0.100 - - [30/Jan/2026:22:59:46 +0000] "PUT /d1/846/AUTH_24352ba3f3024f96b08fa3ebf9ce5207/gnocchi.7b5d1425-9865-4949-9e19-2f58b95b3bd5/none_v3" 201 - "PUT http://172.18.0.2:8080/d1/981/AUTH_24352ba3f3024f96b08fa3ebf9ce5207/gnocchi.7b5d1425-9865-4949-9e19-2f58b95b3bd5/none_v3" "tx1e161f9238c54c308c80e-00697d37e2" "object-server 13" 0.0006 "-" 20 0
Jan 30 22:59:46 standalone object-server[127147]: 172.20.0.100 - - [30/Jan/2026:22:59:46 +0000] "PUT /d1/981/AUTH_24352ba3f3024f96b08fa3ebf9ce5207/gnocchi.7b5d1425-9865-4949-9e19-2f58b95b3bd5/none_v3" 201 - "PUT http://172.18.0.2:8080/v1/AUTH_24352ba3f3024f96b08fa3ebf9ce5207/gnocchi.7b5d1425-9865-4949-9e19-2f58b95b3bd5/none_v3" "tx1e161f9238c54c308c80e-00697d37e2" "proxy-server 20" 0.0172 "-" 13 0
Jan 30 22:59:46 standalone proxy-server[129002]: 172.18.0.2 172.18.0.100 30/Jan/2026/22/59/46 PUT /v1/AUTH_24352ba3f3024f96b08fa3ebf9ce5207/gnocchi.7b5d1425-9865-4949-9e19-2f58b95b3bd5/none_v3 HTTP/1.0 201 - python-swiftclient-3.11.1 gAAAAABpfTc14ov9... 22 - - tx1e161f9238c54c308c80e-00697d37e2 - 0.0281 - - 1769813986.800321817 1769813986.828402519 0
Jan 30 22:59:46 standalone container-server[126870]: 172.20.0.100 - - [30/Jan/2026:22:59:46 +0000] "HEAD /d1/368/AUTH_24352ba3f3024f96b08fa3ebf9ce5207/gnocchi.f94b3f40-3682-4983-8630-3aba740eead2" 404 - "HEAD http://172.18.0.2:8080/v1/AUTH_24352ba3f3024f96b08fa3ebf9ce5207/gnocchi.f94b3f40-3682-4983-8630-3aba740eead2?format=json&states=listing" "txc55ec5f0690c47acace28-00697d37e2" "proxy-server 20" 0.0006 "-" 20 0
Jan 30 22:59:46 standalone object-server[127159]: 172.20.0.100 - - [30/Jan/2026:22:59:46 +0000] "GET /d1/327/AUTH_24352ba3f3024f96b08fa3ebf9ce5207/gnocchi.f94b3f40-3682-4983-8630-3aba740eead2/none_v3" 404 70 "GET http://172.18.0.2:8080/v1/AUTH_24352ba3f3024f96b08fa3ebf9ce5207/gnocchi.f94b3f40-3682-4983-8630-3aba740eead2/none_v3" "txc55ec5f0690c47acace28-00697d37e2" "proxy-server 20" 0.0004 "-" 18 0
Jan 30 22:59:46 standalone proxy-server[129002]: 172.18.0.2 172.18.0.100 30/Jan/2026/22/59/46 GET /v1/AUTH_24352ba3f3024f96b08fa3ebf9ce5207/gnocchi.f94b3f40-3682-4983-8630-3aba740eead2/none_v3 HTTP/1.0 404 - python-swiftclient-3.11.1 gAAAAABpfTc14ov9... - 70 - txc55ec5f0690c47acace28-00697d37e2 - 0.0203 - - 1769813986.845185280 1769813986.865532398 0
Jan 30 22:59:46 standalone account-server[126826]: 172.20.0.100 - - [30/Jan/2026:22:59:46 +0000] "PUT /d1/752/AUTH_24352ba3f3024f96b08fa3ebf9ce5207/gnocchi.f94b3f40-3682-4983-8630-3aba740eead2" 201 - "PUT http://172.20.0.100:6001/d1/368/AUTH_24352ba3f3024f96b08fa3ebf9ce5207/gnocchi.f94b3f40-3682-4983-8630-3aba740eead2" "tx2ce0698671414d0f94731-00697d37e2" "container-server 23" 0.0053 "-" 20 0
Jan 30 22:59:46 standalone container-server[126898]: 172.20.0.100 - - [30/Jan/2026:22:59:46 +0000] "PUT /d1/368/AUTH_24352ba3f3024f96b08fa3ebf9ce5207/gnocchi.f94b3f40-3682-4983-8630-3aba740eead2" 201 - "PUT http://172.18.0.2:8080/v1/AUTH_24352ba3f3024f96b08fa3ebf9ce5207/gnocchi.f94b3f40-3682-4983-8630-3aba740eead2" "tx2ce0698671414d0f94731-00697d37e2" "proxy-server 20" 0.0169 "-" 23 0
Jan 30 22:59:46 standalone proxy-server[129002]: 172.18.0.2 172.18.0.100 30/Jan/2026/22/59/46 PUT /v1/AUTH_24352ba3f3024f96b08fa3ebf9ce5207/gnocchi.f94b3f40-3682-4983-8630-3aba740eead2 HTTP/1.0 201 - python-swiftclient-3.11.1 gAAAAABpfTc14ov9... - - - tx2ce0698671414d0f94731-00697d37e2 - 0.0213 - - 1769813986.868123531 1769813986.889472246 0
Jan 30 22:59:46 standalone container-server[126870]: 172.20.0.100 - - [30/Jan/2026:22:59:46 +0000] "HEAD /d1/368/AUTH_24352ba3f3024f96b08fa3ebf9ce5207/gnocchi.f94b3f40-3682-4983-8630-3aba740eead2" 204 - "HEAD http://172.18.0.2:8080/v1/AUTH_24352ba3f3024f96b08fa3ebf9ce5207/gnocchi.f94b3f40-3682-4983-8630-3aba740eead2?format=json&states=listing" "tx3e03a7d78e164b688163b-00697d37e2" "proxy-server 20" 0.0016 "-" 20 0
Jan 30 22:59:46 standalone proxy-server[129002]: - - 30/Jan/2026/22/59/46 HEAD /v1/AUTH_24352ba3f3024f96b08fa3ebf9ce5207/gnocchi.f94b3f40-3682-4983-8630-3aba740eead2%3Fformat%3Djson%26states%3Dlisting HTTP/1.0 204 - Swift - - - - tx3e03a7d78e164b688163b-00697d37e2 - 0.0067 RL - 1769813986.903461933 1769813986.910156488 0
Jan 30 22:59:46 standalone container-server[126872]: 172.20.0.100 - - [30/Jan/2026:22:59:46 +0000] "GET /d1/368/AUTH_24352ba3f3024f96b08fa3ebf9ce5207/gnocchi.f94b3f40-3682-4983-8630-3aba740eead2" 200 2 "GET http://172.18.0.2:8080/v1/AUTH_24352ba3f3024f96b08fa3ebf9ce5207/gnocchi.f94b3f40-3682-4983-8630-3aba740eead2?format=json&states=listing" "tx3e03a7d78e164b688163b-00697d37e2" "proxy-server 20" 0.0035 "-" 21 0
Jan 30 22:59:46 standalone proxy-server[129002]: 172.18.0.2 172.18.0.100 30/Jan/2026/22/59/46 GET /v1/AUTH_24352ba3f3024f96b08fa3ebf9ce5207/gnocchi.f94b3f40-3682-4983-8630-3aba740eead2%3Fformat%3Djson%26states%3Dlisting HTTP/1.0 200 - python-swiftclient-3.11.1 gAAAAABpfTc14ov9... - 2 - tx3e03a7d78e164b688163b-00697d37e2 - 0.0290 - - 1769813986.893468142 1769813986.922431707 0
Jan 30 22:59:46 standalone object-server[127147]: 172.20.0.100 - - [30/Jan/2026:22:59:46 +0000] "GET /d1/130/AUTH_24352ba3f3024f96b08fa3ebf9ce5207/gnocchi.f94b3f40-3682-4983-8630-3aba740eead2/1769040000.0_mean_300.0_v3" 404 70 "GET http://172.18.0.2:8080/v1/AUTH_24352ba3f3024f96b08fa3ebf9ce5207/gnocchi.f94b3f40-3682-4983-8630-3aba740eead2/1769040000.0_mean_300.0_v3" "txb095ded5305a4daa9d526-00697d37e2" "proxy-server 20" 0.0005 "-" 13 0
Jan 30 22:59:46 standalone proxy-server[129002]: 172.18.0.2 172.18.0.100 30/Jan/2026/22/59/46 GET /v1/AUTH_24352ba3f3024f96b08fa3ebf9ce5207/gnocchi.f94b3f40-3682-4983-8630-3aba740eead2/1769040000.0_mean_300.0_v3 HTTP/1.0 404 - python-swiftclient-3.11.1 gAAAAABpfTc14ov9... - 70 - txb095ded5305a4daa9d526-00697d37e2 - 0.0051 - - 1769813986.926814318 1769813986.931953430 0
Jan 30 22:59:46 standalone container-server[126890]: 172.20.0.100 - - [30/Jan/2026:22:59:46 +0000] "PUT /d1/368/AUTH_24352ba3f3024f96b08fa3ebf9ce5207/gnocchi.f94b3f40-3682-4983-8630-3aba740eead2/1769040000.0_mean_300.0_v3" 201 - "PUT http://172.18.0.2:8080/d1/130/AUTH_24352ba3f3024f96b08fa3ebf9ce5207/gnocchi.f94b3f40-3682-4983-8630-3aba740eead2/1769040000.0_mean_300.0_v3" "tx8da2a9463bb04ca8a4be8-00697d37e2" "object-server 13" 0.0007 "-" 22 0
Jan 30 22:59:46 standalone object-server[127147]: 172.20.0.100 - - [30/Jan/2026:22:59:46 +0000] "PUT /d1/130/AUTH_24352ba3f3024f96b08fa3ebf9ce5207/gnocchi.f94b3f40-3682-4983-8630-3aba740eead2/1769040000.0_mean_300.0_v3" 201 - "PUT http://172.18.0.2:8080/v1/AUTH_24352ba3f3024f96b08fa3ebf9ce5207/gnocchi.f94b3f40-3682-4983-8630-3aba740eead2/1769040000.0_mean_300.0_v3" "tx8da2a9463bb04ca8a4be8-00697d37e2" "proxy-server 20" 0.0098 "-" 13 0
Jan 30 22:59:46 standalone proxy-server[129002]: 172.18.0.2 172.18.0.100 30/Jan/2026/22/59/46 PUT /v1/AUTH_24352ba3f3024f96b08fa3ebf9ce5207/gnocchi.f94b3f40-3682-4983-8630-3aba740eead2/1769040000.0_mean_300.0_v3 HTTP/1.0 201 - python-swiftclient-3.11.1 gAAAAABpfTc14ov9... 16 - - tx8da2a9463bb04ca8a4be8-00697d37e2 - 0.0140 - - 1769813986.935083866 1769813986.949131012 0
Jan 30 22:59:46 standalone container-server[126898]: 172.20.0.100 - - [30/Jan/2026:22:59:46 +0000] "PUT /d1/368/AUTH_24352ba3f3024f96b08fa3ebf9ce5207/gnocchi.f94b3f40-3682-4983-8630-3aba740eead2/none_v3" 201 - "PUT http://172.18.0.2:8080/d1/327/AUTH_24352ba3f3024f96b08fa3ebf9ce5207/gnocchi.f94b3f40-3682-4983-8630-3aba740eead2/none_v3" "txf506cab029ee48ceb0659-00697d37e2" "object-server 11" 0.0009 "-" 23 0
Jan 30 22:59:46 standalone object-server[127134]: 172.20.0.100 - - [30/Jan/2026:22:59:46 +0000] "PUT /d1/327/AUTH_24352ba3f3024f96b08fa3ebf9ce5207/gnocchi.f94b3f40-3682-4983-8630-3aba740eead2/none_v3" 201 - "PUT http://172.18.0.2:8080/v1/AUTH_24352ba3f3024f96b08fa3ebf9ce5207/gnocchi.f94b3f40-3682-4983-8630-3aba740eead2/none_v3" "txf506cab029ee48ceb0659-00697d37e2" "proxy-server 20" 0.0104 "-" 11 0
Jan 30 22:59:46 standalone proxy-server[129002]: 172.18.0.2 172.18.0.100 30/Jan/2026/22/59/46 PUT /v1/AUTH_24352ba3f3024f96b08fa3ebf9ce5207/gnocchi.f94b3f40-3682-4983-8630-3aba740eead2/none_v3 HTTP/1.0 201 - python-swiftclient-3.11.1 gAAAAABpfTc14ov9... 22 - - txf506cab029ee48ceb0659-00697d37e2 - 0.0159 - - 1769813986.952234030 1769813986.968128443 0
Jan 30 22:59:46 standalone container-server[126898]: 172.20.0.100 - - [30/Jan/2026:22:59:46 +0000] "HEAD /d1/144/AUTH_24352ba3f3024f96b08fa3ebf9ce5207/gnocchi.a7be7fef-face-4649-9ffd-5af00146570f" 404 - "HEAD http://172.18.0.2:8080/v1/AUTH_24352ba3f3024f96b08fa3ebf9ce5207/gnocchi.a7be7fef-face-4649-9ffd-5af00146570f?format=json&states=listing" "tx50857421926348879a5cd-00697d37e2" "proxy-server 20" 0.0004 "-" 23 0
Jan 30 22:59:46 standalone object-server[127167]: 172.20.0.100 - - [30/Jan/2026:22:59:46 +0000] "GET /d1/47/AUTH_24352ba3f3024f96b08fa3ebf9ce5207/gnocchi.a7be7fef-face-4649-9ffd-5af00146570f/none_v3" 404 70 "GET http://172.18.0.2:8080/v1/AUTH_24352ba3f3024f96b08fa3ebf9ce5207/gnocchi.a7be7fef-face-4649-9ffd-5af00146570f/none_v3" "tx50857421926348879a5cd-00697d37e2" "proxy-server 20" 0.0005 "-" 19 0
Jan 30 22:59:46 standalone proxy-server[129002]: 172.18.0.2 172.18.0.100 30/Jan/2026/22/59/46 GET /v1/AUTH_24352ba3f3024f96b08fa3ebf9ce5207/gnocchi.a7be7fef-face-4649-9ffd-5af00146570f/none_v3 HTTP/1.0 404 - python-swiftclient-3.11.1 gAAAAABpfTc14ov9... - 70 - tx50857421926348879a5cd-00697d37e2 - 0.0100 - - 1769813986.985785246 1769813986.995737791 0
Jan 30 22:59:47 standalone account-server[126826]: 172.20.0.100 - - [30/Jan/2026:22:59:47 +0000] "PUT /d1/752/AUTH_24352ba3f3024f96b08fa3ebf9ce5207/gnocchi.a7be7fef-face-4649-9ffd-5af00146570f" 201 - "PUT http://172.20.0.100:6001/d1/144/AUTH_24352ba3f3024f96b08fa3ebf9ce5207/gnocchi.a7be7fef-face-4649-9ffd-5af00146570f" "tx93f9a50224964af4889e2-00697d37e3" "container-server 21" 0.0064 "-" 20 0
Jan 30 22:59:47 standalone container-server[126872]: 172.20.0.100 - - [30/Jan/2026:22:59:47 +0000] "PUT /d1/144/AUTH_24352ba3f3024f96b08fa3ebf9ce5207/gnocchi.a7be7fef-face-4649-9ffd-5af00146570f" 201 - "PUT http://172.18.0.2:8080/v1/AUTH_24352ba3f3024f96b08fa3ebf9ce5207/gnocchi.a7be7fef-face-4649-9ffd-5af00146570f" "tx93f9a50224964af4889e2-00697d37e3" "proxy-server 20" 0.0206 "-" 21 0
Jan 30 22:59:47 standalone proxy-server[129002]: 172.18.0.2 172.18.0.100 30/Jan/2026/22/59/47 PUT /v1/AUTH_24352ba3f3024f96b08fa3ebf9ce5207/gnocchi.a7be7fef-face-4649-9ffd-5af00146570f HTTP/1.0 201 - python-swiftclient-3.11.1 gAAAAABpfTc14ov9... - - - tx93f9a50224964af4889e2-00697d37e3 - 0.0269 - - 1769813987.001752377 1769813987.028639317 0
Jan 30 22:59:47 standalone container-server[126872]: 172.20.0.100 - - [30/Jan/2026:22:59:47 +0000] "HEAD /d1/144/AUTH_24352ba3f3024f96b08fa3ebf9ce5207/gnocchi.a7be7fef-face-4649-9ffd-5af00146570f" 204 - "HEAD http://172.18.0.2:8080/v1/AUTH_24352ba3f3024f96b08fa3ebf9ce5207/gnocchi.a7be7fef-face-4649-9ffd-5af00146570f?format=json&states=listing" "tx37cbf0d8d8a34422be440-00697d37e3" "proxy-server 20" 0.0018 "-" 21 0
Jan 30 22:59:47 standalone proxy-server[129002]: - - 30/Jan/2026/22/59/47 HEAD /v1/AUTH_24352ba3f3024f96b08fa3ebf9ce5207/gnocchi.a7be7fef-face-4649-9ffd-5af00146570f%3Fformat%3Djson%26states%3Dlisting HTTP/1.0 204 - Swift - - - - tx37cbf0d8d8a34422be440-00697d37e3 - 0.0049 RL - 1769813987.033399582 1769813987.038284302 0
Jan 30 22:59:47 standalone container-server[126872]: 172.20.0.100 - - [30/Jan/2026:22:59:47 +0000] "GET /d1/144/AUTH_24352ba3f3024f96b08fa3ebf9ce5207/gnocchi.a7be7fef-face-4649-9ffd-5af00146570f" 200 2 "GET http://172.18.0.2:8080/v1/AUTH_24352ba3f3024f96b08fa3ebf9ce5207/gnocchi.a7be7fef-face-4649-9ffd-5af00146570f?format=json&states=listing" "tx37cbf0d8d8a34422be440-00697d37e3" "proxy-server 20" 0.0029 "-" 21 0
Jan 30 22:59:47 standalone proxy-server[129002]: 172.18.0.2 172.18.0.100 30/Jan/2026/22/59/47 GET /v1/AUTH_24352ba3f3024f96b08fa3ebf9ce5207/gnocchi.a7be7fef-face-4649-9ffd-5af00146570f%3Fformat%3Djson%26states%3Dlisting HTTP/1.0 200 - python-swiftclient-3.11.1 gAAAAABpfTc14ov9... - 2 - tx37cbf0d8d8a34422be440-00697d37e3 - 0.0135 - - 1769813987.032481909 1769813987.046001434 0
Jan 30 22:59:47 standalone object-server[127134]: 172.20.0.100 - - [30/Jan/2026:22:59:47 +0000] "GET /d1/236/AUTH_24352ba3f3024f96b08fa3ebf9ce5207/gnocchi.a7be7fef-face-4649-9ffd-5af00146570f/1769040000.0_mean_300.0_v3" 404 70 "GET http://172.18.0.2:8080/v1/AUTH_24352ba3f3024f96b08fa3ebf9ce5207/gnocchi.a7be7fef-face-4649-9ffd-5af00146570f/1769040000.0_mean_300.0_v3" "txb17b9479f9264a388750f-00697d37e3" "proxy-server 20" 0.0004 "-" 11 0
Jan 30 22:59:47 standalone proxy-server[129002]: 172.18.0.2 172.18.0.100 30/Jan/2026/22/59/47 GET /v1/AUTH_24352ba3f3024f96b08fa3ebf9ce5207/gnocchi.a7be7fef-face-4649-9ffd-5af00146570f/1769040000.0_mean_300.0_v3 HTTP/1.0 404 - python-swiftclient-3.11.1 gAAAAABpfTc14ov9... - 70 - txb17b9479f9264a388750f-00697d37e3 - 0.0047 - - 1769813987.049811363 1769813987.054538727 0
Jan 30 22:59:47 standalone container-server[126872]: 172.20.0.100 - - [30/Jan/2026:22:59:47 +0000] "PUT /d1/144/AUTH_24352ba3f3024f96b08fa3ebf9ce5207/gnocchi.a7be7fef-face-4649-9ffd-5af00146570f/1769040000.0_mean_300.0_v3" 201 - "PUT http://172.18.0.2:8080/d1/236/AUTH_24352ba3f3024f96b08fa3ebf9ce5207/gnocchi.a7be7fef-face-4649-9ffd-5af00146570f/1769040000.0_mean_300.0_v3" "tx97b40b57a9bc44548fe56-00697d37e3" "object-server 18" 0.0007 "-" 21 0
Jan 30 22:59:47 standalone object-server[127159]: 172.20.0.100 - - [30/Jan/2026:22:59:47 +0000] "PUT /d1/236/AUTH_24352ba3f3024f96b08fa3ebf9ce5207/gnocchi.a7be7fef-face-4649-9ffd-5af00146570f/1769040000.0_mean_300.0_v3" 201 - "PUT http://172.18.0.2:8080/v1/AUTH_24352ba3f3024f96b08fa3ebf9ce5207/gnocchi.a7be7fef-face-4649-9ffd-5af00146570f/1769040000.0_mean_300.0_v3" "tx97b40b57a9bc44548fe56-00697d37e3" "proxy-server 20" 0.0092 "-" 18 0
Jan 30 22:59:47 standalone proxy-server[129002]: 172.18.0.2 172.18.0.100 30/Jan/2026/22/59/47 PUT /v1/AUTH_24352ba3f3024f96b08fa3ebf9ce5207/gnocchi.a7be7fef-face-4649-9ffd-5af00146570f/1769040000.0_mean_300.0_v3 HTTP/1.0 201 - python-swiftclient-3.11.1 gAAAAABpfTc14ov9... 16 - - tx97b40b57a9bc44548fe56-00697d37e3 - 0.0150 - - 1769813987.057635069 1769813987.072602272 0
Jan 30 22:59:47 standalone container-server[126890]: 172.20.0.100 - - [30/Jan/2026:22:59:47 +0000] "PUT /d1/144/AUTH_24352ba3f3024f96b08fa3ebf9ce5207/gnocchi.a7be7fef-face-4649-9ffd-5af00146570f/none_v3" 201 - "PUT http://172.18.0.2:8080/d1/47/AUTH_24352ba3f3024f96b08fa3ebf9ce5207/gnocchi.a7be7fef-face-4649-9ffd-5af00146570f/none_v3" "tx451f59a46d15456fa9709-00697d37e3" "object-server 18" 0.0008 "-" 22 0
Jan 30 22:59:47 standalone object-server[127159]: 172.20.0.100 - - [30/Jan/2026:22:59:47 +0000] "PUT /d1/47/AUTH_24352ba3f3024f96b08fa3ebf9ce5207/gnocchi.a7be7fef-face-4649-9ffd-5af00146570f/none_v3" 201 - "PUT http://172.18.0.2:8080/v1/AUTH_24352ba3f3024f96b08fa3ebf9ce5207/gnocchi.a7be7fef-face-4649-9ffd-5af00146570f/none_v3" "tx451f59a46d15456fa9709-00697d37e3" "proxy-server 20" 0.0085 "-" 18 0
Jan 30 22:59:47 standalone proxy-server[129002]: 172.18.0.2 172.18.0.100 30/Jan/2026/22/59/47 PUT /v1/AUTH_24352ba3f3024f96b08fa3ebf9ce5207/gnocchi.a7be7fef-face-4649-9ffd-5af00146570f/none_v3 HTTP/1.0 201 - python-swiftclient-3.11.1 gAAAAABpfTc14ov9... 22 - - tx451f59a46d15456fa9709-00697d37e3 - 0.0121 - - 1769813987.075255394 1769813987.087365150 0
Jan 30 22:59:47 standalone container-server[126872]: 172.20.0.100 - - [30/Jan/2026:22:59:47 +0000] "HEAD /d1/954/AUTH_24352ba3f3024f96b08fa3ebf9ce5207/gnocchi.1c2f1679-fc62-448d-909f-d6673b70813c" 404 - "HEAD http://172.18.0.2:8080/v1/AUTH_24352ba3f3024f96b08fa3ebf9ce5207/gnocchi.1c2f1679-fc62-448d-909f-d6673b70813c?format=json&states=listing" "txbc69c19e0ebe48e29b45b-00697d37e3" "proxy-server 20" 0.0004 "-" 21 0
Jan 30 22:59:47 standalone object-server[127167]: 172.20.0.100 - - [30/Jan/2026:22:59:47 +0000] "GET /d1/572/AUTH_24352ba3f3024f96b08fa3ebf9ce5207/gnocchi.1c2f1679-fc62-448d-909f-d6673b70813c/none_v3" 404 70 "GET http://172.18.0.2:8080/v1/AUTH_24352ba3f3024f96b08fa3ebf9ce5207/gnocchi.1c2f1679-fc62-448d-909f-d6673b70813c/none_v3" "txbc69c19e0ebe48e29b45b-00697d37e3" "proxy-server 20" 0.0005 "-" 19 0
Jan 30 22:59:47 standalone proxy-server[129002]: 172.18.0.2 172.18.0.100 30/Jan/2026/22/59/47 GET /v1/AUTH_24352ba3f3024f96b08fa3ebf9ce5207/gnocchi.1c2f1679-fc62-448d-909f-d6673b70813c/none_v3 HTTP/1.0 404 - python-swiftclient-3.11.1 gAAAAABpfTc14ov9... - 70 - txbc69c19e0ebe48e29b45b-00697d37e3 - 0.0084 - - 1769813987.100999355 1769813987.109404087 0
Jan 30 22:59:47 standalone account-server[126864]: 172.20.0.100 - - [30/Jan/2026:22:59:47 +0000] "PUT /d1/752/AUTH_24352ba3f3024f96b08fa3ebf9ce5207/gnocchi.1c2f1679-fc62-448d-909f-d6673b70813c" 201 - "PUT http://172.20.0.100:6001/d1/954/AUTH_24352ba3f3024f96b08fa3ebf9ce5207/gnocchi.1c2f1679-fc62-448d-909f-d6673b70813c" "tx74ba44b22d614177b6c58-00697d37e3" "container-server 20" 0.0061 "-" 23 0
Jan 30 22:59:47 standalone container-server[126870]: 172.20.0.100 - - [30/Jan/2026:22:59:47 +0000] "PUT /d1/954/AUTH_24352ba3f3024f96b08fa3ebf9ce5207/gnocchi.1c2f1679-fc62-448d-909f-d6673b70813c" 201 - "PUT http://172.18.0.2:8080/v1/AUTH_24352ba3f3024f96b08fa3ebf9ce5207/gnocchi.1c2f1679-fc62-448d-909f-d6673b70813c" "tx74ba44b22d614177b6c58-00697d37e3" "proxy-server 20" 0.0167 "-" 20 0
Jan 30 22:59:47 standalone proxy-server[129002]: 172.18.0.2 172.18.0.100 30/Jan/2026/22/59/47 PUT /v1/AUTH_24352ba3f3024f96b08fa3ebf9ce5207/gnocchi.1c2f1679-fc62-448d-909f-d6673b70813c HTTP/1.0 201 - python-swiftclient-3.11.1 gAAAAABpfTc14ov9... - - - tx74ba44b22d614177b6c58-00697d37e3 - 0.0210 - - 1769813987.112934589 1769813987.133889675 0
Jan 30 22:59:47 standalone container-server[126898]: 172.20.0.100 - - [30/Jan/2026:22:59:47 +0000] "HEAD /d1/954/AUTH_24352ba3f3024f96b08fa3ebf9ce5207/gnocchi.1c2f1679-fc62-448d-909f-d6673b70813c" 204 - "HEAD http://172.18.0.2:8080/v1/AUTH_24352ba3f3024f96b08fa3ebf9ce5207/gnocchi.1c2f1679-fc62-448d-909f-d6673b70813c?format=json&states=listing" "tx29cfb24d8eba423ea68ce-00697d37e3" "proxy-server 20" 0.0016 "-" 23 0
Jan 30 22:59:47 standalone proxy-server[129002]: - - 30/Jan/2026/22/59/47 HEAD /v1/AUTH_24352ba3f3024f96b08fa3ebf9ce5207/gnocchi.1c2f1679-fc62-448d-909f-d6673b70813c%3Fformat%3Djson%26states%3Dlisting HTTP/1.0 204 - Swift - - - - tx29cfb24d8eba423ea68ce-00697d37e3 - 0.0041 RL - 1769813987.138437271 1769813987.142517805 0
Jan 30 22:59:47 standalone container-server[126890]: 172.20.0.100 - - [30/Jan/2026:22:59:47 +0000] "GET /d1/954/AUTH_24352ba3f3024f96b08fa3ebf9ce5207/gnocchi.1c2f1679-fc62-448d-909f-d6673b70813c" 200 2 "GET http://172.18.0.2:8080/v1/AUTH_24352ba3f3024f96b08fa3ebf9ce5207/gnocchi.1c2f1679-fc62-448d-909f-d6673b70813c?format=json&states=listing" "tx29cfb24d8eba423ea68ce-00697d37e3" "proxy-server 20" 0.0019 "-" 22 0
Jan 30 22:59:47 standalone proxy-server[129002]: 172.18.0.2 172.18.0.100 30/Jan/2026/22/59/47 GET /v1/AUTH_24352ba3f3024f96b08fa3ebf9ce5207/gnocchi.1c2f1679-fc62-448d-909f-d6673b70813c%3Fformat%3Djson%26states%3Dlisting HTTP/1.0 200 - python-swiftclient-3.11.1 gAAAAABpfTc14ov9... - 2 - tx29cfb24d8eba423ea68ce-00697d37e3 - 0.0115 - - 1769813987.137633562 1769813987.149143457 0
Jan 30 22:59:47 standalone object-server[127147]: 172.20.0.100 - - [30/Jan/2026:22:59:47 +0000] "GET /d1/503/AUTH_24352ba3f3024f96b08fa3ebf9ce5207/gnocchi.1c2f1679-fc62-448d-909f-d6673b70813c/1769040000.0_mean_300.0_v3" 404 70 "GET http://172.18.0.2:8080/v1/AUTH_24352ba3f3024f96b08fa3ebf9ce5207/gnocchi.1c2f1679-fc62-448d-909f-d6673b70813c/1769040000.0_mean_300.0_v3" "tx18896bf67ab44e50a7726-00697d37e3" "proxy-server 20" 0.0006 "-" 13 0
Jan 30 22:59:47 standalone proxy-server[129002]: 172.18.0.2 172.18.0.100 30/Jan/2026/22/59/47 GET /v1/AUTH_24352ba3f3024f96b08fa3ebf9ce5207/gnocchi.1c2f1679-fc62-448d-909f-d6673b70813c/1769040000.0_mean_300.0_v3 HTTP/1.0 404 - python-swiftclient-3.11.1 gAAAAABpfTc14ov9... - 70 - tx18896bf67ab44e50a7726-00697d37e3 - 0.0070 - - 1769813987.153005362 1769813987.159976959 0
Jan 30 22:59:47 standalone container-server[126872]: 172.20.0.100 - - [30/Jan/2026:22:59:47 +0000] "PUT /d1/954/AUTH_24352ba3f3024f96b08fa3ebf9ce5207/gnocchi.1c2f1679-fc62-448d-909f-d6673b70813c/1769040000.0_mean_300.0_v3" 201 - "PUT http://172.18.0.2:8080/d1/503/AUTH_24352ba3f3024f96b08fa3ebf9ce5207/gnocchi.1c2f1679-fc62-448d-909f-d6673b70813c/1769040000.0_mean_300.0_v3" "tx0cce3c144e4541d5a0351-00697d37e3" "object-server 13" 0.0009 "-" 21 0
Jan 30 22:59:47 standalone object-server[127147]: 172.20.0.100 - - [30/Jan/2026:22:59:47 +0000] "PUT /d1/503/AUTH_24352ba3f3024f96b08fa3ebf9ce5207/gnocchi.1c2f1679-fc62-448d-909f-d6673b70813c/1769040000.0_mean_300.0_v3" 201 - "PUT http://172.18.0.2:8080/v1/AUTH_24352ba3f3024f96b08fa3ebf9ce5207/gnocchi.1c2f1679-fc62-448d-909f-d6673b70813c/1769040000.0_mean_300.0_v3" "tx0cce3c144e4541d5a0351-00697d37e3" "proxy-server 20" 0.0121 "-" 13 0
Jan 30 22:59:47 standalone proxy-server[129002]: 172.18.0.2 172.18.0.100 30/Jan/2026/22/59/47 PUT /v1/AUTH_24352ba3f3024f96b08fa3ebf9ce5207/gnocchi.1c2f1679-fc62-448d-909f-d6673b70813c/1769040000.0_mean_300.0_v3 HTTP/1.0 201 - python-swiftclient-3.11.1 gAAAAABpfTc14ov9... 16 - - tx0cce3c144e4541d5a0351-00697d37e3 - 0.0176 - - 1769813987.163427353 1769813987.181074381 0
Jan 30 22:59:47 standalone container-server[126898]: 172.20.0.100 - - [30/Jan/2026:22:59:47 +0000] "PUT /d1/954/AUTH_24352ba3f3024f96b08fa3ebf9ce5207/gnocchi.1c2f1679-fc62-448d-909f-d6673b70813c/none_v3" 201 - "PUT http://172.18.0.2:8080/d1/572/AUTH_24352ba3f3024f96b08fa3ebf9ce5207/gnocchi.1c2f1679-fc62-448d-909f-d6673b70813c/none_v3" "tx976a9aa12ac9439daaff4-00697d37e3" "object-server 13" 0.0009 "-" 23 0
Jan 30 22:59:47 standalone object-server[127147]: 172.20.0.100 - - [30/Jan/2026:22:59:47 +0000] "PUT /d1/572/AUTH_24352ba3f3024f96b08fa3ebf9ce5207/gnocchi.1c2f1679-fc62-448d-909f-d6673b70813c/none_v3" 201 - "PUT http://172.18.0.2:8080/v1/AUTH_24352ba3f3024f96b08fa3ebf9ce5207/gnocchi.1c2f1679-fc62-448d-909f-d6673b70813c/none_v3" "tx976a9aa12ac9439daaff4-00697d37e3" "proxy-server 20" 0.0108 "-" 13 0
Jan 30 22:59:47 standalone proxy-server[129002]: 172.18.0.2 172.18.0.100 30/Jan/2026/22/59/47 PUT /v1/AUTH_24352ba3f3024f96b08fa3ebf9ce5207/gnocchi.1c2f1679-fc62-448d-909f-d6673b70813c/none_v3 HTTP/1.0 201 - python-swiftclient-3.11.1 gAAAAABpfTc14ov9... 22 - - tx976a9aa12ac9439daaff4-00697d37e3 - 0.0159 - - 1769813987.184373617 1769813987.200291634 0
Jan 30 22:59:47 standalone container-server[126898]: 172.20.0.100 - - [30/Jan/2026:22:59:47 +0000] "HEAD /d1/771/AUTH_24352ba3f3024f96b08fa3ebf9ce5207/gnocchi.7f77ca83-595d-4722-9820-8b17defef8c0" 404 - "HEAD http://172.18.0.2:8080/v1/AUTH_24352ba3f3024f96b08fa3ebf9ce5207/gnocchi.7f77ca83-595d-4722-9820-8b17defef8c0?format=json&states=listing" "txec0fbfa1722b43beafb23-00697d37e3" "proxy-server 20" 0.0004 "-" 23 0
Jan 30 22:59:47 standalone object-server[127159]: 172.20.0.100 - - [30/Jan/2026:22:59:47 +0000] "GET /d1/72/AUTH_24352ba3f3024f96b08fa3ebf9ce5207/gnocchi.7f77ca83-595d-4722-9820-8b17defef8c0/none_v3" 404 70 "GET http://172.18.0.2:8080/v1/AUTH_24352ba3f3024f96b08fa3ebf9ce5207/gnocchi.7f77ca83-595d-4722-9820-8b17defef8c0/none_v3" "txec0fbfa1722b43beafb23-00697d37e3" "proxy-server 20" 0.0006 "-" 18 0
Jan 30 22:59:47 standalone proxy-server[129002]: 172.18.0.2 172.18.0.100 30/Jan/2026/22/59/47 GET /v1/AUTH_24352ba3f3024f96b08fa3ebf9ce5207/gnocchi.7f77ca83-595d-4722-9820-8b17defef8c0/none_v3 HTTP/1.0 404 - python-swiftclient-3.11.1 gAAAAABpfTc14ov9... - 70 - txec0fbfa1722b43beafb23-00697d37e3 - 0.0083 - - 1769813987.211880684 1769813987.220188856 0
Jan 30 22:59:47 standalone account-server[126859]: 172.20.0.100 - - [30/Jan/2026:22:59:47 +0000] "PUT /d1/752/AUTH_24352ba3f3024f96b08fa3ebf9ce5207/gnocchi.7f77ca83-595d-4722-9820-8b17defef8c0" 201 - "PUT http://172.20.0.100:6001/d1/771/AUTH_24352ba3f3024f96b08fa3ebf9ce5207/gnocchi.7f77ca83-595d-4722-9820-8b17defef8c0" "tx04d266db17844005b3c5a-00697d37e3" "container-server 21" 0.0050 "-" 22 0
Jan 30 22:59:47 standalone container-server[126872]: 172.20.0.100 - - [30/Jan/2026:22:59:47 +0000] "PUT /d1/771/AUTH_24352ba3f3024f96b08fa3ebf9ce5207/gnocchi.7f77ca83-595d-4722-9820-8b17defef8c0" 201 - "PUT http://172.18.0.2:8080/v1/AUTH_24352ba3f3024f96b08fa3ebf9ce5207/gnocchi.7f77ca83-595d-4722-9820-8b17defef8c0" "tx04d266db17844005b3c5a-00697d37e3" "proxy-server 20" 0.0177 "-" 21 0
Jan 30 22:59:47 standalone proxy-server[129002]: 172.18.0.2 172.18.0.100 30/Jan/2026/22/59/47 PUT /v1/AUTH_24352ba3f3024f96b08fa3ebf9ce5207/gnocchi.7f77ca83-595d-4722-9820-8b17defef8c0 HTTP/1.0 201 - python-swiftclient-3.11.1 gAAAAABpfTc14ov9... - - - tx04d266db17844005b3c5a-00697d37e3 - 0.0216 - - 1769813987.222248554 1769813987.243879318 0
Jan 30 22:59:47 standalone container-server[126890]: 172.20.0.100 - - [30/Jan/2026:22:59:47 +0000] "HEAD /d1/771/AUTH_24352ba3f3024f96b08fa3ebf9ce5207/gnocchi.7f77ca83-595d-4722-9820-8b17defef8c0" 204 - "HEAD http://172.18.0.2:8080/v1/AUTH_24352ba3f3024f96b08fa3ebf9ce5207/gnocchi.7f77ca83-595d-4722-9820-8b17defef8c0?format=json&states=listing" "tx53e75f0bc99a47a3a3e3a-00697d37e3" "proxy-server 20" 0.0015 "-" 22 0
Jan 30 22:59:47 standalone proxy-server[129002]: - - 30/Jan/2026/22/59/47 HEAD /v1/AUTH_24352ba3f3024f96b08fa3ebf9ce5207/gnocchi.7f77ca83-595d-4722-9820-8b17defef8c0%3Fformat%3Djson%26states%3Dlisting HTTP/1.0 204 - Swift - - - - tx53e75f0bc99a47a3a3e3a-00697d37e3 - 0.0047 RL - 1769813987.247744799 1769813987.252458811 0
Jan 30 22:59:47 standalone container-server[126898]: 172.20.0.100 - - [30/Jan/2026:22:59:47 +0000] "GET /d1/771/AUTH_24352ba3f3024f96b08fa3ebf9ce5207/gnocchi.7f77ca83-595d-4722-9820-8b17defef8c0" 200 2 "GET http://172.18.0.2:8080/v1/AUTH_24352ba3f3024f96b08fa3ebf9ce5207/gnocchi.7f77ca83-595d-4722-9820-8b17defef8c0?format=json&states=listing" "tx53e75f0bc99a47a3a3e3a-00697d37e3" "proxy-server 20" 0.0026 "-" 23 0
Jan 30 22:59:47 standalone proxy-server[129002]: 172.18.0.2 172.18.0.100 30/Jan/2026/22/59/47 GET /v1/AUTH_24352ba3f3024f96b08fa3ebf9ce5207/gnocchi.7f77ca83-595d-4722-9820-8b17defef8c0%3Fformat%3Djson%26states%3Dlisting HTTP/1.0 200 - python-swiftclient-3.11.1 gAAAAABpfTc14ov9... - 2 - tx53e75f0bc99a47a3a3e3a-00697d37e3 - 0.0127 - - 1769813987.246953011 1769813987.259607792 0
Jan 30 22:59:47 standalone object-server[127147]: 172.20.0.100 - - [30/Jan/2026:22:59:47 +0000] "GET /d1/869/AUTH_24352ba3f3024f96b08fa3ebf9ce5207/gnocchi.7f77ca83-595d-4722-9820-8b17defef8c0/1769040000.0_mean_300.0_v3" 404 70 "GET http://172.18.0.2:8080/v1/AUTH_24352ba3f3024f96b08fa3ebf9ce5207/gnocchi.7f77ca83-595d-4722-9820-8b17defef8c0/1769040000.0_mean_300.0_v3" "tx2742511b0716497a83abf-00697d37e3" "proxy-server 20" 0.0004 "-" 13 0
Jan 30 22:59:47 standalone proxy-server[129002]: 172.18.0.2 172.18.0.100 30/Jan/2026/22/59/47 GET /v1/AUTH_24352ba3f3024f96b08fa3ebf9ce5207/gnocchi.7f77ca83-595d-4722-9820-8b17defef8c0/1769040000.0_mean_300.0_v3 HTTP/1.0 404 - python-swiftclient-3.11.1 gAAAAABpfTc14ov9... - 70 - tx2742511b0716497a83abf-00697d37e3 - 0.0048 - - 1769813987.262149572 1769813987.266945601 0
Jan 30 22:59:47 standalone container-server[126870]: 172.20.0.100 - - [30/Jan/2026:22:59:47 +0000] "PUT /d1/771/AUTH_24352ba3f3024f96b08fa3ebf9ce5207/gnocchi.7f77ca83-595d-4722-9820-8b17defef8c0/1769040000.0_mean_300.0_v3" 201 - "PUT http://172.18.0.2:8080/d1/869/AUTH_24352ba3f3024f96b08fa3ebf9ce5207/gnocchi.7f77ca83-595d-4722-9820-8b17defef8c0/1769040000.0_mean_300.0_v3" "tx192836399fc04e5c962ed-00697d37e3" "object-server 13" 0.0007 "-" 20 0
Jan 30 22:59:47 standalone object-server[127147]: 172.20.0.100 - - [30/Jan/2026:22:59:47 +0000] "PUT /d1/869/AUTH_24352ba3f3024f96b08fa3ebf9ce5207/gnocchi.7f77ca83-595d-4722-9820-8b17defef8c0/1769040000.0_mean_300.0_v3" 201 - "PUT http://172.18.0.2:8080/v1/AUTH_24352ba3f3024f96b08fa3ebf9ce5207/gnocchi.7f77ca83-595d-4722-9820-8b17defef8c0/1769040000.0_mean_300.0_v3" "tx192836399fc04e5c962ed-00697d37e3" "proxy-server 20" 0.0086 "-" 13 0
Jan 30 22:59:47 standalone proxy-server[129002]: 172.18.0.2 172.18.0.100 30/Jan/2026/22/59/47 PUT /v1/AUTH_24352ba3f3024f96b08fa3ebf9ce5207/gnocchi.7f77ca83-595d-4722-9820-8b17defef8c0/1769040000.0_mean_300.0_v3 HTTP/1.0 201 - python-swiftclient-3.11.1 gAAAAABpfTc14ov9... 16 - - tx192836399fc04e5c962ed-00697d37e3 - 0.0125 - - 1769813987.269021273 1769813987.281531334 0
Jan 30 22:59:47 standalone container-server[126872]: 172.20.0.100 - - [30/Jan/2026:22:59:47 +0000] "PUT /d1/771/AUTH_24352ba3f3024f96b08fa3ebf9ce5207/gnocchi.7f77ca83-595d-4722-9820-8b17defef8c0/none_v3" 201 - "PUT http://172.18.0.2:8080/d1/72/AUTH_24352ba3f3024f96b08fa3ebf9ce5207/gnocchi.7f77ca83-595d-4722-9820-8b17defef8c0/none_v3" "tx9e6343e94ffe44efb0f7b-00697d37e3" "object-server 18" 0.0008 "-" 21 0
Jan 30 22:59:47 standalone object-server[127159]: 172.20.0.100 - - [30/Jan/2026:22:59:47 +0000] "PUT /d1/72/AUTH_24352ba3f3024f96b08fa3ebf9ce5207/gnocchi.7f77ca83-595d-4722-9820-8b17defef8c0/none_v3" 201 - "PUT http://172.18.0.2:8080/v1/AUTH_24352ba3f3024f96b08fa3ebf9ce5207/gnocchi.7f77ca83-595d-4722-9820-8b17defef8c0/none_v3" "tx9e6343e94ffe44efb0f7b-00697d37e3" "proxy-server 20" 0.0114 "-" 18 0
Jan 30 22:59:47 standalone proxy-server[129002]: 172.18.0.2 172.18.0.100 30/Jan/2026/22/59/47 PUT /v1/AUTH_24352ba3f3024f96b08fa3ebf9ce5207/gnocchi.7f77ca83-595d-4722-9820-8b17defef8c0/none_v3 HTTP/1.0 201 - python-swiftclient-3.11.1 gAAAAABpfTc14ov9... 22 - - tx9e6343e94ffe44efb0f7b-00697d37e3 - 0.0163 - - 1769813987.284262896 1769813987.300534248 0
Jan 30 22:59:47 standalone container-server[126870]: 172.20.0.100 - - [30/Jan/2026:22:59:47 +0000] "HEAD /d1/822/AUTH_24352ba3f3024f96b08fa3ebf9ce5207/gnocchi.a19a9515-e86c-44e2-be0b-2fa5b5a3ad21" 404 - "HEAD http://172.18.0.2:8080/v1/AUTH_24352ba3f3024f96b08fa3ebf9ce5207/gnocchi.a19a9515-e86c-44e2-be0b-2fa5b5a3ad21?format=json&states=listing" "txb5008c75129a428b860c3-00697d37e3" "proxy-server 20" 0.0003 "-" 20 0
Jan 30 22:59:47 standalone object-server[127159]: 172.20.0.100 - - [30/Jan/2026:22:59:47 +0000] "GET /d1/326/AUTH_24352ba3f3024f96b08fa3ebf9ce5207/gnocchi.a19a9515-e86c-44e2-be0b-2fa5b5a3ad21/none_v3" 404 70 "GET http://172.18.0.2:8080/v1/AUTH_24352ba3f3024f96b08fa3ebf9ce5207/gnocchi.a19a9515-e86c-44e2-be0b-2fa5b5a3ad21/none_v3" "txb5008c75129a428b860c3-00697d37e3" "proxy-server 20" 0.0003 "-" 18 0
Jan 30 22:59:47 standalone proxy-server[129002]: 172.18.0.2 172.18.0.100 30/Jan/2026/22/59/47 GET /v1/AUTH_24352ba3f3024f96b08fa3ebf9ce5207/gnocchi.a19a9515-e86c-44e2-be0b-2fa5b5a3ad21/none_v3 HTTP/1.0 404 - python-swiftclient-3.11.1 gAAAAABpfTc14ov9... - 70 - txb5008c75129a428b860c3-00697d37e3 - 0.0082 - - 1769813987.313304424 1769813987.321466446 0
Jan 30 22:59:47 standalone account-server[126859]: 172.20.0.100 - - [30/Jan/2026:22:59:47 +0000] "PUT /d1/752/AUTH_24352ba3f3024f96b08fa3ebf9ce5207/gnocchi.a19a9515-e86c-44e2-be0b-2fa5b5a3ad21" 201 - "PUT http://172.20.0.100:6001/d1/822/AUTH_24352ba3f3024f96b08fa3ebf9ce5207/gnocchi.a19a9515-e86c-44e2-be0b-2fa5b5a3ad21" "tx24963d52f9aa439199d16-00697d37e3" "container-server 22" 0.0045 "-" 22 0
Jan 30 22:59:47 standalone container-server[126890]: 172.20.0.100 - - [30/Jan/2026:22:59:47 +0000] "PUT /d1/822/AUTH_24352ba3f3024f96b08fa3ebf9ce5207/gnocchi.a19a9515-e86c-44e2-be0b-2fa5b5a3ad21" 201 - "PUT http://172.18.0.2:8080/v1/AUTH_24352ba3f3024f96b08fa3ebf9ce5207/gnocchi.a19a9515-e86c-44e2-be0b-2fa5b5a3ad21" "tx24963d52f9aa439199d16-00697d37e3" "proxy-server 20" 0.0154 "-" 22 0
Jan 30 22:59:47 standalone proxy-server[129002]: 172.18.0.2 172.18.0.100 30/Jan/2026/22/59/47 PUT /v1/AUTH_24352ba3f3024f96b08fa3ebf9ce5207/gnocchi.a19a9515-e86c-44e2-be0b-2fa5b5a3ad21 HTTP/1.0 201 - python-swiftclient-3.11.1 gAAAAABpfTc14ov9... - - - tx24963d52f9aa439199d16-00697d37e3 - 0.0198 - - 1769813987.324294329 1769813987.344130754 0
Jan 30 22:59:47 standalone container-server[126872]: 172.20.0.100 - - [30/Jan/2026:22:59:47 +0000] "HEAD /d1/822/AUTH_24352ba3f3024f96b08fa3ebf9ce5207/gnocchi.a19a9515-e86c-44e2-be0b-2fa5b5a3ad21" 204 - "HEAD http://172.18.0.2:8080/v1/AUTH_24352ba3f3024f96b08fa3ebf9ce5207/gnocchi.a19a9515-e86c-44e2-be0b-2fa5b5a3ad21?format=json&states=listing" "tx5b037101a47f42378d583-00697d37e3" "proxy-server 20" 0.0026 "-" 21 0
Jan 30 22:59:47 standalone proxy-server[129002]: - - 30/Jan/2026/22/59/47 HEAD /v1/AUTH_24352ba3f3024f96b08fa3ebf9ce5207/gnocchi.a19a9515-e86c-44e2-be0b-2fa5b5a3ad21%3Fformat%3Djson%26states%3Dlisting HTTP/1.0 204 - Swift - - - - tx5b037101a47f42378d583-00697d37e3 - 0.0067 RL - 1769813987.351108551 1769813987.357759476 0
Jan 30 22:59:47 standalone container-server[126870]: 172.20.0.100 - - [30/Jan/2026:22:59:47 +0000] "GET /d1/822/AUTH_24352ba3f3024f96b08fa3ebf9ce5207/gnocchi.a19a9515-e86c-44e2-be0b-2fa5b5a3ad21" 200 2 "GET http://172.18.0.2:8080/v1/AUTH_24352ba3f3024f96b08fa3ebf9ce5207/gnocchi.a19a9515-e86c-44e2-be0b-2fa5b5a3ad21?format=json&states=listing" "tx5b037101a47f42378d583-00697d37e3" "proxy-server 20" 0.0025 "-" 20 0
Jan 30 22:59:47 standalone proxy-server[129002]: 172.18.0.2 172.18.0.100 30/Jan/2026/22/59/47 GET /v1/AUTH_24352ba3f3024f96b08fa3ebf9ce5207/gnocchi.a19a9515-e86c-44e2-be0b-2fa5b5a3ad21%3Fformat%3Djson%26states%3Dlisting HTTP/1.0 200 - python-swiftclient-3.11.1 gAAAAABpfTc14ov9... - 2 - tx5b037101a47f42378d583-00697d37e3 - 0.0166 - - 1769813987.349850416 1769813987.366418362 0
Jan 30 22:59:47 standalone object-server[127159]: 172.20.0.100 - - [30/Jan/2026:22:59:47 +0000] "GET /d1/781/AUTH_24352ba3f3024f96b08fa3ebf9ce5207/gnocchi.a19a9515-e86c-44e2-be0b-2fa5b5a3ad21/1769040000.0_mean_300.0_v3" 404 70 "GET http://172.18.0.2:8080/v1/AUTH_24352ba3f3024f96b08fa3ebf9ce5207/gnocchi.a19a9515-e86c-44e2-be0b-2fa5b5a3ad21/1769040000.0_mean_300.0_v3" "tx18ad5d6c249848c398a73-00697d37e3" "proxy-server 20" 0.0005 "-" 18 0
Jan 30 22:59:47 standalone proxy-server[129002]: 172.18.0.2 172.18.0.100 30/Jan/2026/22/59/47 GET /v1/AUTH_24352ba3f3024f96b08fa3ebf9ce5207/gnocchi.a19a9515-e86c-44e2-be0b-2fa5b5a3ad21/1769040000.0_mean_300.0_v3 HTTP/1.0 404 - python-swiftclient-3.11.1 gAAAAABpfTc14ov9... - 70 - tx18ad5d6c249848c398a73-00697d37e3 - 0.0058 - - 1769813987.370654583 1769813987.376465082 0
Jan 30 22:59:47 standalone container-server[126898]: 172.20.0.100 - - [30/Jan/2026:22:59:47 +0000] "PUT /d1/822/AUTH_24352ba3f3024f96b08fa3ebf9ce5207/gnocchi.a19a9515-e86c-44e2-be0b-2fa5b5a3ad21/1769040000.0_mean_300.0_v3" 201 - "PUT http://172.18.0.2:8080/d1/781/AUTH_24352ba3f3024f96b08fa3ebf9ce5207/gnocchi.a19a9515-e86c-44e2-be0b-2fa5b5a3ad21/1769040000.0_mean_300.0_v3" "tx7a3007ddbe054b4bb6810-00697d37e3" "object-server 11" 0.0009 "-" 23 0
