Jan 30 23:00:44 standalone object-server[127147]: 172.20.0.100 - - [30/Jan/2026:23:00:44 +0000] "PUT /d1/820/AUTH_24352ba3f3024f96b08fa3ebf9ce5207/gnocchi.6f1b8a82-be9c-4fa4-99db-338c0654cd83/1769040000.0_mean_300.0_v3" 201 - "PUT http://172.18.0.2:8080/v1/AUTH_24352ba3f3024f96b08fa3ebf9ce5207/gnocchi.6f1b8a82-be9c-4fa4-99db-338c0654cd83/1769040000.0_mean_300.0_v3" "tx2605c15f28e4442ab5ab9-00697d381c" "proxy-server 20" 0.0119 "-" 13 0
Jan 30 23:00:44 standalone proxy-server[129002]: 172.18.0.2 172.18.0.100 30/Jan/2026/23/00/44 PUT /v1/AUTH_24352ba3f3024f96b08fa3ebf9ce5207/gnocchi.6f1b8a82-be9c-4fa4-99db-338c0654cd83/1769040000.0_mean_300.0_v3 HTTP/1.0 201 - python-swiftclient-3.11.1 gAAAAABpfTc14ov9... 23 - - tx2605c15f28e4442ab5ab9-00697d381c - 0.0205 - - 1769814044.643693209 1769814044.664177179 0
Jan 30 23:00:44 standalone container-server[126870]: 172.20.0.100 - - [30/Jan/2026:23:00:44 +0000] "PUT /d1/157/AUTH_24352ba3f3024f96b08fa3ebf9ce5207/gnocchi.6f1b8a82-be9c-4fa4-99db-338c0654cd83/none_v3" 201 - "PUT http://172.18.0.2:8080/d1/737/AUTH_24352ba3f3024f96b08fa3ebf9ce5207/gnocchi.6f1b8a82-be9c-4fa4-99db-338c0654cd83/none_v3" "tx8885582c8ca9404492630-00697d381c" "object-server 19" 0.0009 "-" 20 0
Jan 30 23:00:44 standalone object-server[127167]: 172.20.0.100 - - [30/Jan/2026:23:00:44 +0000] "PUT /d1/737/AUTH_24352ba3f3024f96b08fa3ebf9ce5207/gnocchi.6f1b8a82-be9c-4fa4-99db-338c0654cd83/none_v3" 201 - "PUT http://172.18.0.2:8080/v1/AUTH_24352ba3f3024f96b08fa3ebf9ce5207/gnocchi.6f1b8a82-be9c-4fa4-99db-338c0654cd83/none_v3" "tx8885582c8ca9404492630-00697d381c" "proxy-server 20" 0.0118 "-" 19 0
Jan 30 23:00:44 standalone proxy-server[129002]: 172.18.0.2 172.18.0.100 30/Jan/2026/23/00/44 PUT /v1/AUTH_24352ba3f3024f96b08fa3ebf9ce5207/gnocchi.6f1b8a82-be9c-4fa4-99db-338c0654cd83/none_v3 HTTP/1.0 201 - python-swiftclient-3.11.1 gAAAAABpfTc14ov9... 22 - - tx8885582c8ca9404492630-00697d381c - 0.0243 - - 1769814044.672077894 1769814044.696401596 0
Jan 30 23:00:44 standalone container-server[126872]: 172.20.0.100 - - [30/Jan/2026:23:00:44 +0000] "HEAD /d1/580/AUTH_24352ba3f3024f96b08fa3ebf9ce5207/gnocchi.75067119-808d-47dc-9bd7-44f31fd1a8da" 204 - "HEAD http://172.18.0.2:8080/v1/AUTH_24352ba3f3024f96b08fa3ebf9ce5207/gnocchi.75067119-808d-47dc-9bd7-44f31fd1a8da?format=json&states=listing" "txd35043b0bf8c4d71be2a8-00697d381c" "proxy-server 20" 0.0074 "-" 21 0
Jan 30 23:00:44 standalone object-server[127159]: 172.20.0.100 - - [30/Jan/2026:23:00:44 +0000] "GET /d1/707/AUTH_24352ba3f3024f96b08fa3ebf9ce5207/gnocchi.75067119-808d-47dc-9bd7-44f31fd1a8da/none_v3" 200 32 "GET http://172.18.0.2:8080/v1/AUTH_24352ba3f3024f96b08fa3ebf9ce5207/gnocchi.75067119-808d-47dc-9bd7-44f31fd1a8da/none_v3" "txd35043b0bf8c4d71be2a8-00697d381c" "proxy-server 20" 0.0008 "-" 18 0
Jan 30 23:00:44 standalone proxy-server[129002]: 172.18.0.2 172.18.0.100 30/Jan/2026/23/00/44 GET /v1/AUTH_24352ba3f3024f96b08fa3ebf9ce5207/gnocchi.75067119-808d-47dc-9bd7-44f31fd1a8da/none_v3 HTTP/1.0 200 - python-swiftclient-3.11.1 gAAAAABpfTc14ov9... - 32 - txd35043b0bf8c4d71be2a8-00697d381c - 0.0204 - - 1769814044.709875345 1769814044.730293751 0
Jan 30 23:00:44 standalone container-server[126890]: 172.20.0.100 - - [30/Jan/2026:23:00:44 +0000] "GET /d1/580/AUTH_24352ba3f3024f96b08fa3ebf9ce5207/gnocchi.75067119-808d-47dc-9bd7-44f31fd1a8da" 200 357 "GET http://172.18.0.2:8080/v1/AUTH_24352ba3f3024f96b08fa3ebf9ce5207/gnocchi.75067119-808d-47dc-9bd7-44f31fd1a8da?format=json&states=listing" "txeb185bdbd42b4c4385b83-00697d381c" "proxy-server 20" 0.0039 "-" 22 0
Jan 30 23:00:44 standalone proxy-server[129002]: 172.18.0.2 172.18.0.100 30/Jan/2026/23/00/44 GET /v1/AUTH_24352ba3f3024f96b08fa3ebf9ce5207/gnocchi.75067119-808d-47dc-9bd7-44f31fd1a8da%3Fformat%3Djson%26states%3Dlisting HTTP/1.0 200 - python-swiftclient-3.11.1 gAAAAABpfTc14ov9... - 357 - txeb185bdbd42b4c4385b83-00697d381c - 0.0137 - - 1769814044.735461712 1769814044.749176979 0
Jan 30 23:00:44 standalone container-server[126870]: 172.20.0.100 - - [30/Jan/2026:23:00:44 +0000] "GET /d1/580/AUTH_24352ba3f3024f96b08fa3ebf9ce5207/gnocchi.75067119-808d-47dc-9bd7-44f31fd1a8da" 200 2 "GET http://172.18.0.2:8080/v1/AUTH_24352ba3f3024f96b08fa3ebf9ce5207/gnocchi.75067119-808d-47dc-9bd7-44f31fd1a8da?format=json&marker=none_v3&states=listing" "tx3962f671dc594b66b6668-00697d381c" "proxy-server 20" 0.0037 "-" 20 0
Jan 30 23:00:44 standalone proxy-server[129002]: 172.18.0.2 172.18.0.100 30/Jan/2026/23/00/44 GET /v1/AUTH_24352ba3f3024f96b08fa3ebf9ce5207/gnocchi.75067119-808d-47dc-9bd7-44f31fd1a8da%3Fformat%3Djson%26marker%3Dnone_v3%26states%3Dlisting HTTP/1.0 200 - python-swiftclient-3.11.1 gAAAAABpfTc14ov9... - 2 - tx3962f671dc594b66b6668-00697d381c - 0.0125 - - 1769814044.754723787 1769814044.767237663 0
Jan 30 23:00:44 standalone object-server[127147]: 172.20.0.100 - - [30/Jan/2026:23:00:44 +0000] "GET /d1/207/AUTH_24352ba3f3024f96b08fa3ebf9ce5207/gnocchi.75067119-808d-47dc-9bd7-44f31fd1a8da/1769040000.0_mean_300.0_v3" 200 16 "GET http://172.18.0.2:8080/v1/AUTH_24352ba3f3024f96b08fa3ebf9ce5207/gnocchi.75067119-808d-47dc-9bd7-44f31fd1a8da/1769040000.0_mean_300.0_v3" "tx36ced8f10e494f53bb1fe-00697d381c" "proxy-server 20" 0.0010 "-" 13 0
Jan 30 23:00:44 standalone proxy-server[129002]: 172.18.0.2 172.18.0.100 30/Jan/2026/23/00/44 GET /v1/AUTH_24352ba3f3024f96b08fa3ebf9ce5207/gnocchi.75067119-808d-47dc-9bd7-44f31fd1a8da/1769040000.0_mean_300.0_v3 HTTP/1.0 200 - python-swiftclient-3.11.1 gAAAAABpfTc14ov9... - 16 - tx36ced8f10e494f53bb1fe-00697d381c - 0.0098 - - 1769814044.772897005 1769814044.782717466 0
Jan 30 23:00:44 standalone container-server[126890]: 172.20.0.100 - - [30/Jan/2026:23:00:44 +0000] "PUT /d1/580/AUTH_24352ba3f3024f96b08fa3ebf9ce5207/gnocchi.75067119-808d-47dc-9bd7-44f31fd1a8da/1769040000.0_mean_300.0_v3" 201 - "PUT http://172.18.0.2:8080/d1/207/AUTH_24352ba3f3024f96b08fa3ebf9ce5207/gnocchi.75067119-808d-47dc-9bd7-44f31fd1a8da/1769040000.0_mean_300.0_v3" "tx412f66129f7242408f7e6-00697d381c" "object-server 13" 0.0008 "-" 22 0
Jan 30 23:00:44 standalone object-server[127147]: 172.20.0.100 - - [30/Jan/2026:23:00:44 +0000] "PUT /d1/207/AUTH_24352ba3f3024f96b08fa3ebf9ce5207/gnocchi.75067119-808d-47dc-9bd7-44f31fd1a8da/1769040000.0_mean_300.0_v3" 201 - "PUT http://172.18.0.2:8080/v1/AUTH_24352ba3f3024f96b08fa3ebf9ce5207/gnocchi.75067119-808d-47dc-9bd7-44f31fd1a8da/1769040000.0_mean_300.0_v3" "tx412f66129f7242408f7e6-00697d381c" "proxy-server 20" 0.0111 "-" 13 0
Jan 30 23:00:44 standalone proxy-server[129002]: 172.18.0.2 172.18.0.100 30/Jan/2026/23/00/44 PUT /v1/AUTH_24352ba3f3024f96b08fa3ebf9ce5207/gnocchi.75067119-808d-47dc-9bd7-44f31fd1a8da/1769040000.0_mean_300.0_v3 HTTP/1.0 201 - python-swiftclient-3.11.1 gAAAAABpfTc14ov9... 23 - - tx412f66129f7242408f7e6-00697d381c - 0.0192 - - 1769814044.787061214 1769814044.806289911 0
Jan 30 23:00:44 standalone container-server[126872]: 172.20.0.100 - - [30/Jan/2026:23:00:44 +0000] "PUT /d1/580/AUTH_24352ba3f3024f96b08fa3ebf9ce5207/gnocchi.75067119-808d-47dc-9bd7-44f31fd1a8da/none_v3" 201 - "PUT http://172.18.0.2:8080/d1/707/AUTH_24352ba3f3024f96b08fa3ebf9ce5207/gnocchi.75067119-808d-47dc-9bd7-44f31fd1a8da/none_v3" "txa7e78f5b2552413eb91cf-00697d381c" "object-server 19" 0.0006 "-" 21 0
Jan 30 23:00:44 standalone object-server[127167]: 172.20.0.100 - - [30/Jan/2026:23:00:44 +0000] "PUT /d1/707/AUTH_24352ba3f3024f96b08fa3ebf9ce5207/gnocchi.75067119-808d-47dc-9bd7-44f31fd1a8da/none_v3" 201 - "PUT http://172.18.0.2:8080/v1/AUTH_24352ba3f3024f96b08fa3ebf9ce5207/gnocchi.75067119-808d-47dc-9bd7-44f31fd1a8da/none_v3" "txa7e78f5b2552413eb91cf-00697d381c" "proxy-server 20" 0.0110 "-" 19 0
Jan 30 23:00:44 standalone proxy-server[129002]: 172.18.0.2 172.18.0.100 30/Jan/2026/23/00/44 PUT /v1/AUTH_24352ba3f3024f96b08fa3ebf9ce5207/gnocchi.75067119-808d-47dc-9bd7-44f31fd1a8da/none_v3 HTTP/1.0 201 - python-swiftclient-3.11.1 gAAAAABpfTc14ov9... 22 - - txa7e78f5b2552413eb91cf-00697d381c - 0.0204 - - 1769814044.811311007 1769814044.831715345 0
Jan 30 23:03:02 standalone account-server[126864]: 172.20.0.100 - - [30/Jan/2026:23:03:02 +0000] "HEAD /d1/272/.expiring_objects" 404 - "HEAD http://localhost/v1/.expiring_objects?format=json" "txf85b51ab2b264f59b9134-00697d38a6" "proxy-server 2" 0.0013 "-" 23 -
Jan 30 23:03:02 standalone object-expirer[127031]: Pass completed in 0s; 0 objects expired (txn: txf85b51ab2b264f59b9134-00697d38a6)
Jan 30 23:03:48 standalone container-server[126989]: Begin container update sweep
Jan 30 23:03:48 standalone account-server[126839]: 172.20.0.100 - - [30/Jan/2026:23:03:48 +0000] "PUT /d1/752/AUTH_24352ba3f3024f96b08fa3ebf9ce5207/gnocchi.6f1b8a82-be9c-4fa4-99db-338c0654cd83" 201 - "-" "-" "container-updater 2" 0.0013 "-" 21 0
Jan 30 23:03:48 standalone account-server[126859]: 172.20.0.100 - - [30/Jan/2026:23:03:48 +0000] "PUT /d1/752/AUTH_24352ba3f3024f96b08fa3ebf9ce5207/gnocchi.cc4eb807-9fc5-4f94-9a4d-a08bea395230" 201 - "-" "-" "container-updater 2" 0.0013 "-" 22 0
Jan 30 23:03:49 standalone account-server[126859]: 172.20.0.100 - - [30/Jan/2026:23:03:49 +0000] "PUT /d1/752/AUTH_24352ba3f3024f96b08fa3ebf9ce5207/gnocchi.1a7554b2-94be-40a9-8970-8d79efc69f3e" 201 - "-" "-" "container-updater 2" 0.0006 "-" 22 0
Jan 30 23:03:49 standalone account-server[126826]: 172.20.0.100 - - [30/Jan/2026:23:03:49 +0000] "PUT /d1/752/AUTH_24352ba3f3024f96b08fa3ebf9ce5207/gnocchi.fd5ef7b2-67ca-4eb0-bba7-24dde9cebf02" 201 - "-" "-" "container-updater 2" 0.0006 "-" 20 0
Jan 30 23:03:49 standalone account-server[126864]: 172.20.0.100 - - [30/Jan/2026:23:03:49 +0000] "PUT /d1/752/AUTH_24352ba3f3024f96b08fa3ebf9ce5207/gnocchi.27742b07-4246-4ea9-9990-960713c5f173" 201 - "-" "-" "container-updater 2" 0.0007 "-" 23 0
Jan 30 23:03:49 standalone account-server[126826]: 172.20.0.100 - - [30/Jan/2026:23:03:49 +0000] "PUT /d1/752/AUTH_24352ba3f3024f96b08fa3ebf9ce5207/gnocchi.998f33f9-b8d3-43d2-ac23-dc7bbfdb4c57" 201 - "-" "-" "container-updater 2" 0.0005 "-" 20 0
Jan 30 23:03:49 standalone account-server[126839]: 172.20.0.100 - - [30/Jan/2026:23:03:49 +0000] "PUT /d1/752/AUTH_24352ba3f3024f96b08fa3ebf9ce5207/gnocchi.9becb372-1e0f-41d1-ae50-51569de637f5" 201 - "-" "-" "container-updater 2" 0.0005 "-" 21 0
Jan 30 23:03:49 standalone account-server[126859]: 172.20.0.100 - - [30/Jan/2026:23:03:49 +0000] "PUT /d1/752/AUTH_24352ba3f3024f96b08fa3ebf9ce5207/gnocchi.1f772e2f-a5e4-4bd1-a9c3-5f4de1ee00d0" 201 - "-" "-" "container-updater 2" 0.0013 "-" 22 0
Jan 30 23:03:49 standalone account-server[126826]: 172.20.0.100 - - [30/Jan/2026:23:03:49 +0000] "PUT /d1/752/AUTH_24352ba3f3024f96b08fa3ebf9ce5207/gnocchi.e9198e99-b83c-4be4-a912-cee4bb654ba8" 201 - "-" "-" "container-updater 2" 0.0006 "-" 20 0
Jan 30 23:03:49 standalone account-server[126864]: 172.20.0.100 - - [30/Jan/2026:23:03:49 +0000] "PUT /d1/752/AUTH_24352ba3f3024f96b08fa3ebf9ce5207/gnocchi.2dd2de85-ce20-4792-9422-aa4283ff0599" 201 - "-" "-" "container-updater 2" 0.0007 "-" 23 0
Jan 30 23:03:50 standalone account-server[126864]: 172.20.0.100 - - [30/Jan/2026:23:03:50 +0000] "PUT /d1/752/AUTH_24352ba3f3024f96b08fa3ebf9ce5207/gnocchi.32788338-a805-4978-97eb-23d83130ec96" 201 - "-" "-" "container-updater 2" 0.0008 "-" 23 0
Jan 30 23:03:50 standalone account-server[126864]: 172.20.0.100 - - [30/Jan/2026:23:03:50 +0000] "PUT /d1/752/AUTH_24352ba3f3024f96b08fa3ebf9ce5207/gnocchi.cc238091-bd02-4573-bcdb-4ce6032e9dc3" 201 - "-" "-" "container-updater 2" 0.0007 "-" 23 0
Jan 30 23:03:50 standalone account-server[126859]: 172.20.0.100 - - [30/Jan/2026:23:03:50 +0000] "PUT /d1/752/AUTH_24352ba3f3024f96b08fa3ebf9ce5207/gnocchi.1c2f1679-fc62-448d-909f-d6673b70813c" 201 - "-" "-" "container-updater 2" 0.0017 "-" 22 0
Jan 30 23:03:50 standalone account-server[126864]: 172.20.0.100 - - [30/Jan/2026:23:03:50 +0000] "PUT /d1/752/AUTH_24352ba3f3024f96b08fa3ebf9ce5207/gnocchi.a19a9515-e86c-44e2-be0b-2fa5b5a3ad21" 201 - "-" "-" "container-updater 2" 0.0007 "-" 23 0
Jan 30 23:03:50 standalone account-server[126826]: 172.20.0.100 - - [30/Jan/2026:23:03:50 +0000] "PUT /d1/752/AUTH_24352ba3f3024f96b08fa3ebf9ce5207/gnocchi.10a30e7c-c6ad-4954-b396-5dd94f40efb6" 201 - "-" "-" "container-updater 2" 0.0007 "-" 20 0
Jan 30 23:03:50 standalone account-server[126859]: 172.20.0.100 - - [30/Jan/2026:23:03:50 +0000] "PUT /d1/752/AUTH_24352ba3f3024f96b08fa3ebf9ce5207/gnocchi.41c8f3a6-b4c0-4d53-b1ac-281dccaf7df2" 201 - "-" "-" "container-updater 2" 0.0009 "-" 22 0
Jan 30 23:03:50 standalone account-server[126864]: 172.20.0.100 - - [30/Jan/2026:23:03:50 +0000] "PUT /d1/752/AUTH_24352ba3f3024f96b08fa3ebf9ce5207/gnocchi.4d9e8f67-b76f-4e7e-a94e-9fbe39e69c81" 201 - "-" "-" "container-updater 2" 0.0007 "-" 23 0
Jan 30 23:03:50 standalone account-server[126839]: 172.20.0.100 - - [30/Jan/2026:23:03:50 +0000] "PUT /d1/752/AUTH_24352ba3f3024f96b08fa3ebf9ce5207/gnocchi.bef0eeeb-3759-4d5a-9b7f-b5338908d7a0" 201 - "-" "-" "container-updater 2" 0.0008 "-" 21 0
Jan 30 23:03:51 standalone account-server[126859]: 172.20.0.100 - - [30/Jan/2026:23:03:51 +0000] "PUT /d1/752/AUTH_24352ba3f3024f96b08fa3ebf9ce5207/gnocchi.ec107983-7489-4797-bdb0-d8743d654245" 201 - "-" "-" "container-updater 2" 0.0010 "-" 22 0
Jan 30 23:03:51 standalone account-server[126839]: 172.20.0.100 - - [30/Jan/2026:23:03:51 +0000] "PUT /d1/752/AUTH_24352ba3f3024f96b08fa3ebf9ce5207/gnocchi.fb8a69bc-65a9-417e-ab47-95a351a8fe2b" 201 - "-" "-" "container-updater 2" 0.0007 "-" 21 0
Jan 30 23:03:51 standalone account-server[126864]: 172.20.0.100 - - [30/Jan/2026:23:03:51 +0000] "PUT /d1/752/AUTH_24352ba3f3024f96b08fa3ebf9ce5207/gnocchi.7b5d1425-9865-4949-9e19-2f58b95b3bd5" 201 - "-" "-" "container-updater 2" 0.0004 "-" 23 0
Jan 30 23:03:51 standalone account-server[126826]: 172.20.0.100 - - [30/Jan/2026:23:03:51 +0000] "PUT /d1/752/AUTH_24352ba3f3024f96b08fa3ebf9ce5207/gnocchi.cff3d134-6ca2-4163-8165-6da12466cd0b" 201 - "-" "-" "container-updater 2" 0.0007 "-" 20 0
Jan 30 23:03:51 standalone account-server[126859]: 172.20.0.100 - - [30/Jan/2026:23:03:51 +0000] "PUT /d1/752/AUTH_24352ba3f3024f96b08fa3ebf9ce5207/gnocchi.3c8efb82-327c-40fd-a56c-e6367102572f" 201 - "-" "-" "container-updater 2" 0.0010 "-" 22 0
Jan 30 23:03:51 standalone account-server[126859]: 172.20.0.100 - - [30/Jan/2026:23:03:51 +0000] "PUT /d1/752/AUTH_24352ba3f3024f96b08fa3ebf9ce5207/gnocchi.4d0d1d5f-c77e-4e7e-9ab7-ebc284ea2153" 201 - "-" "-" "container-updater 2" 0.0010 "-" 22 0
Jan 30 23:03:51 standalone account-server[126839]: 172.20.0.100 - - [30/Jan/2026:23:03:51 +0000] "PUT /d1/752/AUTH_24352ba3f3024f96b08fa3ebf9ce5207/gnocchi.e2598858-3493-49c0-b5f1-64de83bac8b3" 201 - "-" "-" "container-updater 2" 0.0007 "-" 21 0
Jan 30 23:03:51 standalone account-server[126864]: 172.20.0.100 - - [30/Jan/2026:23:03:51 +0000] "PUT /d1/752/AUTH_24352ba3f3024f96b08fa3ebf9ce5207/gnocchi.137f894a-2536-4252-9eaf-9969774d7e2a" 201 - "-" "-" "container-updater 2" 0.0004 "-" 23 0
Jan 30 23:03:52 standalone account-server[126826]: 172.20.0.100 - - [30/Jan/2026:23:03:52 +0000] "PUT /d1/752/AUTH_24352ba3f3024f96b08fa3ebf9ce5207/gnocchi.386bab5f-f8f9-4a64-99fa-d88726163d23" 201 - "-" "-" "container-updater 2" 0.0006 "-" 20 0
Jan 30 23:03:52 standalone account-server[126826]: 172.20.0.100 - - [30/Jan/2026:23:03:52 +0000] "PUT /d1/752/AUTH_24352ba3f3024f96b08fa3ebf9ce5207/gnocchi.c4d1c4e6-c50b-47f9-8c37-e5319f28b127" 201 - "-" "-" "container-updater 2" 0.0004 "-" 20 0
Jan 30 23:03:52 standalone account-server[126826]: 172.20.0.100 - - [30/Jan/2026:23:03:52 +0000] "PUT /d1/752/AUTH_24352ba3f3024f96b08fa3ebf9ce5207/gnocchi.32151b55-a692-47d5-a424-f7b98f9451de" 201 - "-" "-" "container-updater 2" 0.0007 "-" 20 0
Jan 30 23:03:52 standalone account-server[126839]: 172.20.0.100 - - [30/Jan/2026:23:03:52 +0000] "PUT /d1/752/AUTH_24352ba3f3024f96b08fa3ebf9ce5207/gnocchi.f94b3f40-3682-4983-8630-3aba740eead2" 201 - "-" "-" "container-updater 2" 0.0004 "-" 21 0
Jan 30 23:03:52 standalone account-server[126826]: 172.20.0.100 - - [30/Jan/2026:23:03:52 +0000] "PUT /d1/752/AUTH_24352ba3f3024f96b08fa3ebf9ce5207/gnocchi.909f09d2-9e22-4f8c-ac26-e9b3e8820efd" 201 - "-" "-" "container-updater 2" 0.0008 "-" 20 0
Jan 30 23:03:52 standalone account-server[126859]: 172.20.0.100 - - [30/Jan/2026:23:03:52 +0000] "PUT /d1/752/AUTH_24352ba3f3024f96b08fa3ebf9ce5207/gnocchi.283334a3-ac5c-4a0d-9740-d15d17b9087c" 201 - "-" "-" "container-updater 2" 0.0014 "-" 22 0
Jan 30 23:03:52 standalone account-server[126826]: 172.20.0.100 - - [30/Jan/2026:23:03:52 +0000] "PUT /d1/752/AUTH_24352ba3f3024f96b08fa3ebf9ce5207/gnocchi.a3635a17-297c-42b0-86ea-faddb9a458de" 201 - "-" "-" "container-updater 2" 0.0004 "-" 20 0
Jan 30 23:03:52 standalone account-server[126826]: 172.20.0.100 - - [30/Jan/2026:23:03:52 +0000] "PUT /d1/752/AUTH_24352ba3f3024f96b08fa3ebf9ce5207/gnocchi.4b460a93-ac40-44c8-b756-596b4dcb21de" 201 - "-" "-" "container-updater 2" 0.0005 "-" 20 0
Jan 30 23:03:52 standalone account-server[126826]: 172.20.0.100 - - [30/Jan/2026:23:03:52 +0000] "PUT /d1/752/AUTH_24352ba3f3024f96b08fa3ebf9ce5207/gnocchi.e6521081-0383-4e89-9e90-3f4ad8049660" 201 - "-" "-" "container-updater 2" 0.0006 "-" 20 0
Jan 30 23:03:53 standalone account-server[126839]: 172.20.0.100 - - [30/Jan/2026:23:03:53 +0000] "PUT /d1/752/AUTH_24352ba3f3024f96b08fa3ebf9ce5207/gnocchi.0ae81f00-8531-4c00-b68d-6b2716cdc084" 201 - "-" "-" "container-updater 2" 0.0006 "-" 21 0
Jan 30 23:03:53 standalone account-server[126864]: 172.20.0.100 - - [30/Jan/2026:23:03:53 +0000] "PUT /d1/752/AUTH_24352ba3f3024f96b08fa3ebf9ce5207/gnocchi.76684044-eb2a-4b3d-b077-7552e467195b" 201 - "-" "-" "container-updater 2" 0.0007 "-" 23 0
Jan 30 23:03:53 standalone account-server[126859]: 172.20.0.100 - - [30/Jan/2026:23:03:53 +0000] "PUT /d1/752/AUTH_24352ba3f3024f96b08fa3ebf9ce5207/gnocchi.5c544ff8-6de6-4394-9de2-515bf6899499" 201 - "-" "-" "container-updater 2" 0.0009 "-" 22 0
Jan 30 23:03:53 standalone account-server[126839]: 172.20.0.100 - - [30/Jan/2026:23:03:53 +0000] "PUT /d1/752/AUTH_24352ba3f3024f96b08fa3ebf9ce5207/gnocchi.e1077629-f28a-4032-9b95-e05f99df1dab" 201 - "-" "-" "container-updater 2" 0.0008 "-" 21 0
Jan 30 23:03:53 standalone account-server[126826]: 172.20.0.100 - - [30/Jan/2026:23:03:53 +0000] "PUT /d1/752/AUTH_24352ba3f3024f96b08fa3ebf9ce5207/gnocchi.c95687e0-b2ba-4471-bc93-ac9d65614101" 201 - "-" "-" "container-updater 2" 0.0004 "-" 20 0
Jan 30 23:03:53 standalone account-server[126839]: 172.20.0.100 - - [30/Jan/2026:23:03:53 +0000] "PUT /d1/752/AUTH_24352ba3f3024f96b08fa3ebf9ce5207/gnocchi.49ad00b0-713a-4c93-a5e7-4cbfd01f6706" 201 - "-" "-" "container-updater 2" 0.0007 "-" 21 0
Jan 30 23:03:53 standalone account-server[126826]: 172.20.0.100 - - [30/Jan/2026:23:03:53 +0000] "PUT /d1/752/AUTH_24352ba3f3024f96b08fa3ebf9ce5207/gnocchi.2f594468-076e-4b48-8ca1-15e3d577333e" 201 - "-" "-" "container-updater 2" 0.0007 "-" 20 0
Jan 30 23:03:53 standalone account-server[126859]: 172.20.0.100 - - [30/Jan/2026:23:03:53 +0000] "PUT /d1/752/AUTH_24352ba3f3024f96b08fa3ebf9ce5207/gnocchi.a7be7fef-face-4649-9ffd-5af00146570f" 201 - "-" "-" "container-updater 2" 0.0007 "-" 22 0
Jan 30 23:03:54 standalone account-server[126826]: 172.20.0.100 - - [30/Jan/2026:23:03:54 +0000] "PUT /d1/752/AUTH_24352ba3f3024f96b08fa3ebf9ce5207/gnocchi.7f77ca83-595d-4722-9820-8b17defef8c0" 201 - "-" "-" "container-updater 2" 0.0004 "-" 20 0
Jan 30 23:03:54 standalone account-server[126839]: 172.20.0.100 - - [30/Jan/2026:23:03:54 +0000] "PUT /d1/752/AUTH_24352ba3f3024f96b08fa3ebf9ce5207/gnocchi.0d998ad3-a2f2-44f0-a435-9ec8e87dfbbc" 201 - "-" "-" "container-updater 2" 0.0005 "-" 21 0
Jan 30 23:03:54 standalone account-server[126864]: 172.20.0.100 - - [30/Jan/2026:23:03:54 +0000] "PUT /d1/752/AUTH_24352ba3f3024f96b08fa3ebf9ce5207/gnocchi.75067119-808d-47dc-9bd7-44f31fd1a8da" 201 - "-" "-" "container-updater 2" 0.0004 "-" 23 0
Jan 30 23:03:54 standalone container-server[126989]: Container update sweep completed: 5.70s
Jan 30 23:05:37 standalone object-server[127035]: Begin object update sweep
Jan 30 23:05:37 standalone object-server[278144]: Object update sweep starting on /srv/node/d1 (pid: 16)
Jan 30 23:05:37 standalone object-server[278144]: Object update sweep completed on /srv/node/d1 in 0.00s seconds:, 0 successes, 0 failures, 0 quarantines, 0 unlinks, 0 errors, 0 redirects (pid: 16)
Jan 30 23:05:37 standalone object-server[278144]: Object update sweep of d1 completed: 0.00s, 0 successes, 0 failures, 0 quarantines, 0 unlinks, 0 errors, 0 redirects
Jan 30 23:05:37 standalone object-server[127035]: Object update sweep completed: 0.08s
Jan 30 23:05:51 standalone account-server[126826]: 172.20.0.100 - - [30/Jan/2026:23:05:51 +0000] "HEAD /d1/272/.expiring_objects" 404 - "HEAD http://localhost/v1/.expiring_objects?format=json" "tx941334a15cbc4595841da-00697d394f" "proxy-server 2" 0.0007 "-" 20 -
Jan 30 23:05:51 standalone object-expirer[127031]: Pass completed in 0s; 0 objects expired (txn: tx941334a15cbc4595841da-00697d394f)
Jan 30 23:06:29 standalone account-server[126839]: 172.20.0.100 - - [30/Jan/2026:23:06:29 +0000] "HEAD /d1/272/.expiring_objects" 404 - "HEAD http://localhost/v1/.expiring_objects?format=json" "tx3a8f64177aea440699bcb-00697d3975" "proxy-server 2" 0.0008 "-" 21 -
Jan 30 23:06:29 standalone object-expirer[127031]: Pass completed in 0s; 0 objects expired (txn: tx3a8f64177aea440699bcb-00697d3975)
Jan 30 23:08:48 standalone container-server[126989]: Begin container update sweep
Jan 30 23:08:52 standalone container-server[126989]: Container update sweep completed: 3.31s
Jan 30 23:10:37 standalone object-server[127035]: Begin object update sweep
Jan 30 23:10:37 standalone object-server[302841]: Object update sweep starting on /srv/node/d1 (pid: 17)
Jan 30 23:10:37 standalone object-server[302841]: Object update sweep completed on /srv/node/d1 in 0.00s seconds:, 0 successes, 0 failures, 0 quarantines, 0 unlinks, 0 errors, 0 redirects (pid: 17)
Jan 30 23:10:37 standalone object-server[302841]: Object update sweep of d1 completed: 0.00s, 0 successes, 0 failures, 0 quarantines, 0 unlinks, 0 errors, 0 redirects
Jan 30 23:10:37 standalone object-server[127035]: Object update sweep completed: 0.08s
Jan 30 23:11:04 standalone account-server[126826]: 172.20.0.100 - - [30/Jan/2026:23:11:04 +0000] "HEAD /d1/272/.expiring_objects" 404 - "HEAD http://localhost/v1/.expiring_objects?format=json" "tx3f3a8480a3be4ce4bd548-00697d3a88" "proxy-server 2" 0.0008 "-" 20 -
Jan 30 23:11:04 standalone object-expirer[127031]: Pass completed in 0s; 0 objects expired (txn: tx3f3a8480a3be4ce4bd548-00697d3a88)
Jan 30 23:13:06 standalone account-server[126839]: 172.20.0.100 - - [30/Jan/2026:23:13:06 +0000] "HEAD /d1/272/.expiring_objects" 404 - "HEAD http://localhost/v1/.expiring_objects?format=json" "tx93ed63b99133441e891a0-00697d3b02" "proxy-server 2" 0.0006 "-" 21 -
Jan 30 23:13:06 standalone object-expirer[127031]: Pass completed in 0s; 0 objects expired (txn: tx93ed63b99133441e891a0-00697d3b02)
Jan 30 23:13:48 standalone container-server[126989]: Begin container update sweep
Jan 30 23:13:51 standalone container-server[126989]: Container update sweep completed: 3.10s
Jan 30 23:14:23 standalone account-server[126864]: 172.20.0.100 - - [30/Jan/2026:23:14:23 +0000] "HEAD /d1/272/.expiring_objects" 404 - "HEAD http://localhost/v1/.expiring_objects?format=json" "tx4c5ecec1c8fe44ce906a8-00697d3b4f" "proxy-server 2" 0.0008 "-" 23 -
Jan 30 23:14:23 standalone object-expirer[127031]: Pass completed in 0s; 0 objects expired (txn: tx4c5ecec1c8fe44ce906a8-00697d3b4f)
Jan 30 23:15:37 standalone object-server[127035]: Begin object update sweep
Jan 30 23:15:37 standalone object-server[326645]: Object update sweep starting on /srv/node/d1 (pid: 18)
Jan 30 23:15:37 standalone object-server[326645]: Object update sweep completed on /srv/node/d1 in 0.00s seconds:, 0 successes, 0 failures, 0 quarantines, 0 unlinks, 0 errors, 0 redirects (pid: 18)
Jan 30 23:15:37 standalone object-server[326645]: Object update sweep of d1 completed: 0.00s, 0 successes, 0 failures, 0 quarantines, 0 unlinks, 0 errors, 0 redirects
Jan 30 23:15:37 standalone object-server[127035]: Object update sweep completed: 0.08s
Jan 30 23:17:32 standalone account-server[126859]: 172.20.0.100 - - [30/Jan/2026:23:17:32 +0000] "HEAD /d1/272/.expiring_objects" 404 - "HEAD http://localhost/v1/.expiring_objects?format=json" "tx373fead345a44f289f752-00697d3c0c" "proxy-server 2" 0.0008 "-" 22 -
Jan 30 23:17:32 standalone object-expirer[127031]: Pass completed in 0s; 0 objects expired (txn: tx373fead345a44f289f752-00697d3c0c)
Jan 30 23:18:48 standalone container-server[126989]: Begin container update sweep
Jan 30 23:18:52 standalone container-server[126989]: Container update sweep completed: 3.21s
Jan 30 23:20:37 standalone object-server[127035]: Begin object update sweep
Jan 30 23:20:37 standalone object-server[348055]: Object update sweep starting on /srv/node/d1 (pid: 19)
Jan 30 23:20:37 standalone object-server[348055]: Object update sweep completed on /srv/node/d1 in 0.00s seconds:, 0 successes, 0 failures, 0 quarantines, 0 unlinks, 0 errors, 0 redirects (pid: 19)
Jan 30 23:20:37 standalone object-server[348055]: Object update sweep of d1 completed: 0.00s, 0 successes, 0 failures, 0 quarantines, 0 unlinks, 0 errors, 0 redirects
Jan 30 23:20:38 standalone object-server[127035]: Object update sweep completed: 0.09s
Jan 30 23:20:48 standalone account-server[126826]: 172.20.0.100 - - [30/Jan/2026:23:20:48 +0000] "HEAD /d1/272/.expiring_objects" 404 - "HEAD http://localhost/v1/.expiring_objects?format=json" "tx40070c37ef3e4bd5b370a-00697d3cd0" "proxy-server 2" 0.0004 "-" 20 -
Jan 30 23:20:48 standalone object-expirer[127031]: Pass completed in 0s; 0 objects expired (txn: tx40070c37ef3e4bd5b370a-00697d3cd0)
Jan 30 23:23:48 standalone container-server[126989]: Begin container update sweep
Jan 30 23:23:52 standalone container-server[126989]: Container update sweep completed: 3.16s
Jan 30 23:25:28 standalone account-server[126859]: 172.20.0.100 - - [30/Jan/2026:23:25:28 +0000] "HEAD /d1/272/.expiring_objects" 404 - "HEAD http://localhost/v1/.expiring_objects?format=json" "tx5f103bd09715459a800f4-00697d3de8" "proxy-server 2" 0.0011 "-" 22 -
Jan 30 23:25:28 standalone object-expirer[127031]: Pass completed in 0s; 0 objects expired (txn: tx5f103bd09715459a800f4-00697d3de8)
Jan 30 23:25:38 standalone object-server[127035]: Begin object update sweep
Jan 30 23:25:38 standalone object-server[369276]: Object update sweep starting on /srv/node/d1 (pid: 20)
Jan 30 23:25:38 standalone object-server[369276]: Object update sweep completed on /srv/node/d1 in 0.00s seconds:, 0 successes, 0 failures, 0 quarantines, 0 unlinks, 0 errors, 0 redirects (pid: 20)
Jan 30 23:25:38 standalone object-server[369276]: Object update sweep of d1 completed: 0.00s, 0 successes, 0 failures, 0 quarantines, 0 unlinks, 0 errors, 0 redirects
Jan 30 23:25:38 standalone object-server[127035]: Object update sweep completed: 0.08s
Jan 30 23:28:49 standalone container-server[126989]: Begin container update sweep
Jan 30 23:28:52 standalone container-server[126989]: Container update sweep completed: 2.97s
Jan 30 23:29:02 standalone account-server[126864]: 172.20.0.100 - - [30/Jan/2026:23:29:02 +0000] "HEAD /d1/272/.expiring_objects" 404 - "HEAD http://localhost/v1/.expiring_objects?format=json" "txc5bef1641294444d90752-00697d3ebe" "proxy-server 2" 0.0008 "-" 23 -
Jan 30 23:29:02 standalone object-expirer[127031]: Pass completed in 0s; 0 objects expired (txn: txc5bef1641294444d90752-00697d3ebe)