Jan 30 22:58:02 standalone proxy-server[129002]: 172.18.0.2 172.18.0.100 30/Jan/2026/22/58/02 GET /v1/AUTH_24352ba3f3024f96b08fa3ebf9ce5207/gnocchi.af6f2ff3-9c41-48b2-bf7f-364b94cca6df/1769040000.0_mean_300.0_v3 HTTP/1.0 404 - python-swiftclient-3.11.1 gAAAAABpfTc14ov9... - 70 - tx618b9fe6897949c1834cc-00697d377a - 0.0522 - - 1769813882.005359173 1769813882.057596922 0
Jan 30 22:58:02 standalone container-server[126870]: 172.20.0.100 - - [30/Jan/2026:22:58:02 +0000] "PUT /d1/173/AUTH_24352ba3f3024f96b08fa3ebf9ce5207/gnocchi.af6f2ff3-9c41-48b2-bf7f-364b94cca6df/1769040000.0_mean_300.0_v3" 201 - "PUT http://172.18.0.2:8080/d1/560/AUTH_24352ba3f3024f96b08fa3ebf9ce5207/gnocchi.af6f2ff3-9c41-48b2-bf7f-364b94cca6df/1769040000.0_mean_300.0_v3" "tx9c3688e221c34983ac9f2-00697d377a" "object-server 19" 0.0008 "-" 20 0
Jan 30 22:58:02 standalone object-server[127167]: 172.20.0.100 - - [30/Jan/2026:22:58:02 +0000] "PUT /d1/560/AUTH_24352ba3f3024f96b08fa3ebf9ce5207/gnocchi.af6f2ff3-9c41-48b2-bf7f-364b94cca6df/1769040000.0_mean_300.0_v3" 201 - "PUT http://172.18.0.2:8080/v1/AUTH_24352ba3f3024f96b08fa3ebf9ce5207/gnocchi.af6f2ff3-9c41-48b2-bf7f-364b94cca6df/1769040000.0_mean_300.0_v3" "tx9c3688e221c34983ac9f2-00697d377a" "proxy-server 20" 0.0113 "-" 19 0
Jan 30 22:58:02 standalone proxy-server[129002]: 172.18.0.2 172.18.0.100 30/Jan/2026/22/58/02 PUT /v1/AUTH_24352ba3f3024f96b08fa3ebf9ce5207/gnocchi.af6f2ff3-9c41-48b2-bf7f-364b94cca6df/1769040000.0_mean_300.0_v3 HTTP/1.0 201 - python-swiftclient-3.11.1 gAAAAABpfTc14ov9... 16 - - tx9c3688e221c34983ac9f2-00697d377a - 0.0189 - - 1769813882.063333750 1769813882.082252026 0
Jan 30 22:58:02 standalone container-server[126872]: 172.20.0.100 - - [30/Jan/2026:22:58:02 +0000] "PUT /d1/173/AUTH_24352ba3f3024f96b08fa3ebf9ce5207/gnocchi.af6f2ff3-9c41-48b2-bf7f-364b94cca6df/none_v3" 201 - "PUT http://172.18.0.2:8080/d1/238/AUTH_24352ba3f3024f96b08fa3ebf9ce5207/gnocchi.af6f2ff3-9c41-48b2-bf7f-364b94cca6df/none_v3" "tx7a774dda42364e8e8bad3-00697d377a" "object-server 18" 0.0008 "-" 21 0
Jan 30 22:58:02 standalone object-server[127159]: 172.20.0.100 - - [30/Jan/2026:22:58:02 +0000] "PUT /d1/238/AUTH_24352ba3f3024f96b08fa3ebf9ce5207/gnocchi.af6f2ff3-9c41-48b2-bf7f-364b94cca6df/none_v3" 201 - "PUT http://172.18.0.2:8080/v1/AUTH_24352ba3f3024f96b08fa3ebf9ce5207/gnocchi.af6f2ff3-9c41-48b2-bf7f-364b94cca6df/none_v3" "tx7a774dda42364e8e8bad3-00697d377a" "proxy-server 20" 0.0111 "-" 18 0
Jan 30 22:58:02 standalone proxy-server[129002]: 172.18.0.2 172.18.0.100 30/Jan/2026/22/58/02 PUT /v1/AUTH_24352ba3f3024f96b08fa3ebf9ce5207/gnocchi.af6f2ff3-9c41-48b2-bf7f-364b94cca6df/none_v3 HTTP/1.0 201 - python-swiftclient-3.11.1 gAAAAABpfTc14ov9... 22 - - tx7a774dda42364e8e8bad3-00697d377a - 0.0187 - - 1769813882.087966681 1769813882.106664419 0
Jan 30 22:58:02 standalone container-server[126898]: 172.20.0.100 - - [30/Jan/2026:22:58:02 +0000] "HEAD /d1/620/AUTH_24352ba3f3024f96b08fa3ebf9ce5207/gnocchi.2f594468-076e-4b48-8ca1-15e3d577333e" 404 - "HEAD http://172.18.0.2:8080/v1/AUTH_24352ba3f3024f96b08fa3ebf9ce5207/gnocchi.2f594468-076e-4b48-8ca1-15e3d577333e?format=json&states=listing" "txf8cac693c6734c708608f-00697d377a" "proxy-server 20" 0.0009 "-" 23 0
Jan 30 22:58:02 standalone object-server[127134]: 172.20.0.100 - - [30/Jan/2026:22:58:02 +0000] "GET /d1/954/AUTH_24352ba3f3024f96b08fa3ebf9ce5207/gnocchi.2f594468-076e-4b48-8ca1-15e3d577333e/none_v3" 404 70 "GET http://172.18.0.2:8080/v1/AUTH_24352ba3f3024f96b08fa3ebf9ce5207/gnocchi.2f594468-076e-4b48-8ca1-15e3d577333e/none_v3" "txf8cac693c6734c708608f-00697d377a" "proxy-server 20" 0.0004 "-" 11 0
Jan 30 22:58:02 standalone proxy-server[129002]: 172.18.0.2 172.18.0.100 30/Jan/2026/22/58/02 GET /v1/AUTH_24352ba3f3024f96b08fa3ebf9ce5207/gnocchi.2f594468-076e-4b48-8ca1-15e3d577333e/none_v3 HTTP/1.0 404 - python-swiftclient-3.11.1 gAAAAABpfTc14ov9... - 70 - txf8cac693c6734c708608f-00697d377a - 0.0150 - - 1769813882.121252775 1769813882.136259794 0
Jan 30 22:58:02 standalone account-server[126839]: 172.20.0.100 - - [30/Jan/2026:22:58:02 +0000] "PUT /d1/752/AUTH_24352ba3f3024f96b08fa3ebf9ce5207/gnocchi.2f594468-076e-4b48-8ca1-15e3d577333e" 201 - "PUT http://172.20.0.100:6001/d1/620/AUTH_24352ba3f3024f96b08fa3ebf9ce5207/gnocchi.2f594468-076e-4b48-8ca1-15e3d577333e" "tx95df6211f7be4523b9e74-00697d377a" "container-server 23" 0.0078 "-" 21 0
Jan 30 22:58:02 standalone container-server[126898]: 172.20.0.100 - - [30/Jan/2026:22:58:02 +0000] "PUT /d1/620/AUTH_24352ba3f3024f96b08fa3ebf9ce5207/gnocchi.2f594468-076e-4b48-8ca1-15e3d577333e" 201 - "PUT http://172.18.0.2:8080/v1/AUTH_24352ba3f3024f96b08fa3ebf9ce5207/gnocchi.2f594468-076e-4b48-8ca1-15e3d577333e" "tx95df6211f7be4523b9e74-00697d377a" "proxy-server 20" 0.0235 "-" 23 0
Jan 30 22:58:02 standalone proxy-server[129002]: 172.18.0.2 172.18.0.100 30/Jan/2026/22/58/02 PUT /v1/AUTH_24352ba3f3024f96b08fa3ebf9ce5207/gnocchi.2f594468-076e-4b48-8ca1-15e3d577333e HTTP/1.0 201 - python-swiftclient-3.11.1 gAAAAABpfTc14ov9... - - - tx95df6211f7be4523b9e74-00697d377a - 0.0320 - - 1769813882.141552925 1769813882.173561811 0
Jan 30 22:58:02 standalone container-server[126890]: 172.20.0.100 - - [30/Jan/2026:22:58:02 +0000] "HEAD /d1/620/AUTH_24352ba3f3024f96b08fa3ebf9ce5207/gnocchi.2f594468-076e-4b48-8ca1-15e3d577333e" 204 - "HEAD http://172.18.0.2:8080/v1/AUTH_24352ba3f3024f96b08fa3ebf9ce5207/gnocchi.2f594468-076e-4b48-8ca1-15e3d577333e?format=json&states=listing" "tx85490037f25e4590a0d8e-00697d377a" "proxy-server 20" 0.0023 "-" 22 0
Jan 30 22:58:02 standalone proxy-server[129002]: - - 30/Jan/2026/22/58/02 HEAD /v1/AUTH_24352ba3f3024f96b08fa3ebf9ce5207/gnocchi.2f594468-076e-4b48-8ca1-15e3d577333e%3Fformat%3Djson%26states%3Dlisting HTTP/1.0 204 - Swift - - - - tx85490037f25e4590a0d8e-00697d377a - 0.0075 RL - 1769813882.181484461 1769813882.188958645 0
Jan 30 22:58:02 standalone container-server[126898]: 172.20.0.100 - - [30/Jan/2026:22:58:02 +0000] "GET /d1/620/AUTH_24352ba3f3024f96b08fa3ebf9ce5207/gnocchi.2f594468-076e-4b48-8ca1-15e3d577333e" 200 2 "GET http://172.18.0.2:8080/v1/AUTH_24352ba3f3024f96b08fa3ebf9ce5207/gnocchi.2f594468-076e-4b48-8ca1-15e3d577333e?format=json&states=listing" "tx85490037f25e4590a0d8e-00697d377a" "proxy-server 20" 0.0048 "-" 23 0
Jan 30 22:58:02 standalone proxy-server[129002]: 172.18.0.2 172.18.0.100 30/Jan/2026/22/58/02 GET /v1/AUTH_24352ba3f3024f96b08fa3ebf9ce5207/gnocchi.2f594468-076e-4b48-8ca1-15e3d577333e%3Fformat%3Djson%26states%3Dlisting HTTP/1.0 200 - python-swiftclient-3.11.1 gAAAAABpfTc14ov9... - 2 - tx85490037f25e4590a0d8e-00697d377a - 0.0252 - - 1769813882.179761887 1769813882.204950333 0
Jan 30 22:58:02 standalone object-server[127147]: 172.20.0.100 - - [30/Jan/2026:22:58:02 +0000] "GET /d1/464/AUTH_24352ba3f3024f96b08fa3ebf9ce5207/gnocchi.2f594468-076e-4b48-8ca1-15e3d577333e/1769040000.0_mean_300.0_v3" 404 70 "GET http://172.18.0.2:8080/v1/AUTH_24352ba3f3024f96b08fa3ebf9ce5207/gnocchi.2f594468-076e-4b48-8ca1-15e3d577333e/1769040000.0_mean_300.0_v3" "tx4d3cfb09ddeb421fa6a85-00697d377a" "proxy-server 20" 0.0004 "-" 13 0
Jan 30 22:58:02 standalone proxy-server[129002]: 172.18.0.2 172.18.0.100 30/Jan/2026/22/58/02 GET /v1/AUTH_24352ba3f3024f96b08fa3ebf9ce5207/gnocchi.2f594468-076e-4b48-8ca1-15e3d577333e/1769040000.0_mean_300.0_v3 HTTP/1.0 404 - python-swiftclient-3.11.1 gAAAAABpfTc14ov9... - 70 - tx4d3cfb09ddeb421fa6a85-00697d377a - 0.0067 - - 1769813882.211672544 1769813882.218388557 0
Jan 30 22:58:02 standalone container-server[126872]: 172.20.0.100 - - [30/Jan/2026:22:58:02 +0000] "PUT /d1/620/AUTH_24352ba3f3024f96b08fa3ebf9ce5207/gnocchi.2f594468-076e-4b48-8ca1-15e3d577333e/1769040000.0_mean_300.0_v3" 201 - "PUT http://172.18.0.2:8080/d1/464/AUTH_24352ba3f3024f96b08fa3ebf9ce5207/gnocchi.2f594468-076e-4b48-8ca1-15e3d577333e/1769040000.0_mean_300.0_v3" "tx438de649961c4389860c1-00697d377a" "object-server 18" 0.0010 "-" 21 0
Jan 30 22:58:02 standalone object-server[127159]: 172.20.0.100 - - [30/Jan/2026:22:58:02 +0000] "PUT /d1/464/AUTH_24352ba3f3024f96b08fa3ebf9ce5207/gnocchi.2f594468-076e-4b48-8ca1-15e3d577333e/1769040000.0_mean_300.0_v3" 201 - "PUT http://172.18.0.2:8080/v1/AUTH_24352ba3f3024f96b08fa3ebf9ce5207/gnocchi.2f594468-076e-4b48-8ca1-15e3d577333e/1769040000.0_mean_300.0_v3" "tx438de649961c4389860c1-00697d377a" "proxy-server 20" 0.0132 "-" 18 0
Jan 30 22:58:02 standalone proxy-server[129002]: 172.18.0.2 172.18.0.100 30/Jan/2026/22/58/02 PUT /v1/AUTH_24352ba3f3024f96b08fa3ebf9ce5207/gnocchi.2f594468-076e-4b48-8ca1-15e3d577333e/1769040000.0_mean_300.0_v3 HTTP/1.0 201 - python-swiftclient-3.11.1 gAAAAABpfTc14ov9... 16 - - tx438de649961c4389860c1-00697d377a - 0.0204 - - 1769813882.223401785 1769813882.243831873 0
Jan 30 22:58:02 standalone container-server[126870]: 172.20.0.100 - - [30/Jan/2026:22:58:02 +0000] "PUT /d1/620/AUTH_24352ba3f3024f96b08fa3ebf9ce5207/gnocchi.2f594468-076e-4b48-8ca1-15e3d577333e/none_v3" 201 - "PUT http://172.18.0.2:8080/d1/954/AUTH_24352ba3f3024f96b08fa3ebf9ce5207/gnocchi.2f594468-076e-4b48-8ca1-15e3d577333e/none_v3" "tx7a8a6000ac7c4c5ca1b2c-00697d377a" "object-server 13" 0.0009 "-" 20 0
Jan 30 22:58:02 standalone object-server[127147]: 172.20.0.100 - - [30/Jan/2026:22:58:02 +0000] "PUT /d1/954/AUTH_24352ba3f3024f96b08fa3ebf9ce5207/gnocchi.2f594468-076e-4b48-8ca1-15e3d577333e/none_v3" 201 - "PUT http://172.18.0.2:8080/v1/AUTH_24352ba3f3024f96b08fa3ebf9ce5207/gnocchi.2f594468-076e-4b48-8ca1-15e3d577333e/none_v3" "tx7a8a6000ac7c4c5ca1b2c-00697d377a" "proxy-server 20" 0.0280 "-" 13 0
Jan 30 22:58:02 standalone proxy-server[129002]: 172.18.0.2 172.18.0.100 30/Jan/2026/22/58/02 PUT /v1/AUTH_24352ba3f3024f96b08fa3ebf9ce5207/gnocchi.2f594468-076e-4b48-8ca1-15e3d577333e/none_v3 HTTP/1.0 201 - python-swiftclient-3.11.1 gAAAAABpfTc14ov9... 22 - - tx7a8a6000ac7c4c5ca1b2c-00697d377a - 0.0394 - - 1769813882.248771667 1769813882.288163424 0
Jan 30 22:58:02 standalone container-server[126872]: 172.20.0.100 - - [30/Jan/2026:22:58:02 +0000] "HEAD /d1/840/AUTH_24352ba3f3024f96b08fa3ebf9ce5207/gnocchi.0d998ad3-a2f2-44f0-a435-9ec8e87dfbbc" 404 - "HEAD http://172.18.0.2:8080/v1/AUTH_24352ba3f3024f96b08fa3ebf9ce5207/gnocchi.0d998ad3-a2f2-44f0-a435-9ec8e87dfbbc?format=json&states=listing" "tx10aa6448b26f42d781068-00697d377a" "proxy-server 20" 0.0006 "-" 21 0
Jan 30 22:58:02 standalone object-server[127167]: 172.20.0.100 - - [30/Jan/2026:22:58:02 +0000] "GET /d1/545/AUTH_24352ba3f3024f96b08fa3ebf9ce5207/gnocchi.0d998ad3-a2f2-44f0-a435-9ec8e87dfbbc/none_v3" 404 70 "GET http://172.18.0.2:8080/v1/AUTH_24352ba3f3024f96b08fa3ebf9ce5207/gnocchi.0d998ad3-a2f2-44f0-a435-9ec8e87dfbbc/none_v3" "tx10aa6448b26f42d781068-00697d377a" "proxy-server 20" 0.0006 "-" 19 0
Jan 30 22:58:02 standalone proxy-server[129002]: 172.18.0.2 172.18.0.100 30/Jan/2026/22/58/02 GET /v1/AUTH_24352ba3f3024f96b08fa3ebf9ce5207/gnocchi.0d998ad3-a2f2-44f0-a435-9ec8e87dfbbc/none_v3 HTTP/1.0 404 - python-swiftclient-3.11.1 gAAAAABpfTc14ov9... - 70 - tx10aa6448b26f42d781068-00697d377a - 0.0174 - - 1769813882.322286367 1769813882.339637995 0
Jan 30 22:58:02 standalone account-server[126859]: 172.20.0.100 - - [30/Jan/2026:22:58:02 +0000] "PUT /d1/752/AUTH_24352ba3f3024f96b08fa3ebf9ce5207/gnocchi.0d998ad3-a2f2-44f0-a435-9ec8e87dfbbc" 201 - "PUT http://172.20.0.100:6001/d1/840/AUTH_24352ba3f3024f96b08fa3ebf9ce5207/gnocchi.0d998ad3-a2f2-44f0-a435-9ec8e87dfbbc" "tx8d23a17974324bdbb71a9-00697d377a" "container-server 23" 0.0095 "-" 22 0
Jan 30 22:58:02 standalone container-server[126898]: 172.20.0.100 - - [30/Jan/2026:22:58:02 +0000] "PUT /d1/840/AUTH_24352ba3f3024f96b08fa3ebf9ce5207/gnocchi.0d998ad3-a2f2-44f0-a435-9ec8e87dfbbc" 201 - "PUT http://172.18.0.2:8080/v1/AUTH_24352ba3f3024f96b08fa3ebf9ce5207/gnocchi.0d998ad3-a2f2-44f0-a435-9ec8e87dfbbc" "tx8d23a17974324bdbb71a9-00697d377a" "proxy-server 20" 0.0247 "-" 23 0
Jan 30 22:58:02 standalone proxy-server[129002]: 172.18.0.2 172.18.0.100 30/Jan/2026/22/58/02 PUT /v1/AUTH_24352ba3f3024f96b08fa3ebf9ce5207/gnocchi.0d998ad3-a2f2-44f0-a435-9ec8e87dfbbc HTTP/1.0 201 - python-swiftclient-3.11.1 gAAAAABpfTc14ov9... - - - tx8d23a17974324bdbb71a9-00697d377a - 0.0376 - - 1769813882.343396187 1769813882.380987644 0
Jan 30 22:58:02 standalone container-server[126890]: 172.20.0.100 - - [30/Jan/2026:22:58:02 +0000] "HEAD /d1/840/AUTH_24352ba3f3024f96b08fa3ebf9ce5207/gnocchi.0d998ad3-a2f2-44f0-a435-9ec8e87dfbbc" 204 - "HEAD http://172.18.0.2:8080/v1/AUTH_24352ba3f3024f96b08fa3ebf9ce5207/gnocchi.0d998ad3-a2f2-44f0-a435-9ec8e87dfbbc?format=json&states=listing" "tx381a2f315ebe44099ecd2-00697d377a" "proxy-server 20" 0.0013 "-" 22 0
Jan 30 22:58:02 standalone proxy-server[129002]: - - 30/Jan/2026/22/58/02 HEAD /v1/AUTH_24352ba3f3024f96b08fa3ebf9ce5207/gnocchi.0d998ad3-a2f2-44f0-a435-9ec8e87dfbbc%3Fformat%3Djson%26states%3Dlisting HTTP/1.0 204 - Swift - - - - tx381a2f315ebe44099ecd2-00697d377a - 0.0066 RL - 1769813882.390194178 1769813882.396752596 0
Jan 30 22:58:02 standalone container-server[126872]: 172.20.0.100 - - [30/Jan/2026:22:58:02 +0000] "GET /d1/840/AUTH_24352ba3f3024f96b08fa3ebf9ce5207/gnocchi.0d998ad3-a2f2-44f0-a435-9ec8e87dfbbc" 200 2 "GET http://172.18.0.2:8080/v1/AUTH_24352ba3f3024f96b08fa3ebf9ce5207/gnocchi.0d998ad3-a2f2-44f0-a435-9ec8e87dfbbc?format=json&states=listing" "tx381a2f315ebe44099ecd2-00697d377a" "proxy-server 20" 0.0018 "-" 21 0
Jan 30 22:58:02 standalone proxy-server[129002]: 172.18.0.2 172.18.0.100 30/Jan/2026/22/58/02 GET /v1/AUTH_24352ba3f3024f96b08fa3ebf9ce5207/gnocchi.0d998ad3-a2f2-44f0-a435-9ec8e87dfbbc%3Fformat%3Djson%26states%3Dlisting HTTP/1.0 200 - python-swiftclient-3.11.1 gAAAAABpfTc14ov9... - 2 - tx381a2f315ebe44099ecd2-00697d377a - 0.0228 - - 1769813882.386675358 1769813882.409519911 0
Jan 30 22:58:02 standalone object-server[127167]: 172.20.0.100 - - [30/Jan/2026:22:58:02 +0000] "GET /d1/826/AUTH_24352ba3f3024f96b08fa3ebf9ce5207/gnocchi.0d998ad3-a2f2-44f0-a435-9ec8e87dfbbc/1769040000.0_mean_300.0_v3" 404 70 "GET http://172.18.0.2:8080/v1/AUTH_24352ba3f3024f96b08fa3ebf9ce5207/gnocchi.0d998ad3-a2f2-44f0-a435-9ec8e87dfbbc/1769040000.0_mean_300.0_v3" "txdbbd787400e6460489531-00697d377a" "proxy-server 20" 0.0007 "-" 19 0
Jan 30 22:58:02 standalone proxy-server[129002]: 172.18.0.2 172.18.0.100 30/Jan/2026/22/58/02 GET /v1/AUTH_24352ba3f3024f96b08fa3ebf9ce5207/gnocchi.0d998ad3-a2f2-44f0-a435-9ec8e87dfbbc/1769040000.0_mean_300.0_v3 HTTP/1.0 404 - python-swiftclient-3.11.1 gAAAAABpfTc14ov9... - 70 - txdbbd787400e6460489531-00697d377a - 0.0082 - - 1769813882.414829731 1769813882.423018456 0
Jan 30 22:58:02 standalone container-server[126898]: 172.20.0.100 - - [30/Jan/2026:22:58:02 +0000] "PUT /d1/840/AUTH_24352ba3f3024f96b08fa3ebf9ce5207/gnocchi.0d998ad3-a2f2-44f0-a435-9ec8e87dfbbc/1769040000.0_mean_300.0_v3" 201 - "PUT http://172.18.0.2:8080/d1/826/AUTH_24352ba3f3024f96b08fa3ebf9ce5207/gnocchi.0d998ad3-a2f2-44f0-a435-9ec8e87dfbbc/1769040000.0_mean_300.0_v3" "txe341807652d743a0babb2-00697d377a" "object-server 19" 0.0008 "-" 23 0
Jan 30 22:58:02 standalone object-server[127167]: 172.20.0.100 - - [30/Jan/2026:22:58:02 +0000] "PUT /d1/826/AUTH_24352ba3f3024f96b08fa3ebf9ce5207/gnocchi.0d998ad3-a2f2-44f0-a435-9ec8e87dfbbc/1769040000.0_mean_300.0_v3" 201 - "PUT http://172.18.0.2:8080/v1/AUTH_24352ba3f3024f96b08fa3ebf9ce5207/gnocchi.0d998ad3-a2f2-44f0-a435-9ec8e87dfbbc/1769040000.0_mean_300.0_v3" "txe341807652d743a0babb2-00697d377a" "proxy-server 20" 0.0223 "-" 19 0
Jan 30 22:58:02 standalone proxy-server[129002]: 172.18.0.2 172.18.0.100 30/Jan/2026/22/58/02 PUT /v1/AUTH_24352ba3f3024f96b08fa3ebf9ce5207/gnocchi.0d998ad3-a2f2-44f0-a435-9ec8e87dfbbc/1769040000.0_mean_300.0_v3 HTTP/1.0 201 - python-swiftclient-3.11.1 gAAAAABpfTc14ov9... 16 - - txe341807652d743a0babb2-00697d377a - 0.0291 - - 1769813882.427771568 1769813882.456864119 0
Jan 30 22:58:02 standalone container-server[126870]: 172.20.0.100 - - [30/Jan/2026:22:58:02 +0000] "PUT /d1/840/AUTH_24352ba3f3024f96b08fa3ebf9ce5207/gnocchi.0d998ad3-a2f2-44f0-a435-9ec8e87dfbbc/none_v3" 201 - "PUT http://172.18.0.2:8080/d1/545/AUTH_24352ba3f3024f96b08fa3ebf9ce5207/gnocchi.0d998ad3-a2f2-44f0-a435-9ec8e87dfbbc/none_v3" "txc12d443b626c41958a7db-00697d377a" "object-server 13" 0.0005 "-" 20 0
Jan 30 22:58:02 standalone object-server[127147]: 172.20.0.100 - - [30/Jan/2026:22:58:02 +0000] "PUT /d1/545/AUTH_24352ba3f3024f96b08fa3ebf9ce5207/gnocchi.0d998ad3-a2f2-44f0-a435-9ec8e87dfbbc/none_v3" 201 - "PUT http://172.18.0.2:8080/v1/AUTH_24352ba3f3024f96b08fa3ebf9ce5207/gnocchi.0d998ad3-a2f2-44f0-a435-9ec8e87dfbbc/none_v3" "txc12d443b626c41958a7db-00697d377a" "proxy-server 20" 0.0109 "-" 13 0
Jan 30 22:58:02 standalone proxy-server[129002]: 172.18.0.2 172.18.0.100 30/Jan/2026/22/58/02 PUT /v1/AUTH_24352ba3f3024f96b08fa3ebf9ce5207/gnocchi.0d998ad3-a2f2-44f0-a435-9ec8e87dfbbc/none_v3 HTTP/1.0 201 - python-swiftclient-3.11.1 gAAAAABpfTc14ov9... 22 - - txc12d443b626c41958a7db-00697d377a - 0.0165 - - 1769813882.463247776 1769813882.479783535 0
Jan 30 22:58:02 standalone container-server[126870]: 172.20.0.100 - - [30/Jan/2026:22:58:02 +0000] "HEAD /d1/580/AUTH_24352ba3f3024f96b08fa3ebf9ce5207/gnocchi.75067119-808d-47dc-9bd7-44f31fd1a8da" 404 - "HEAD http://172.18.0.2:8080/v1/AUTH_24352ba3f3024f96b08fa3ebf9ce5207/gnocchi.75067119-808d-47dc-9bd7-44f31fd1a8da?format=json&states=listing" "txd811d091cf05446393769-00697d377a" "proxy-server 20" 0.0003 "-" 20 0
Jan 30 22:58:02 standalone object-server[127167]: 172.20.0.100 - - [30/Jan/2026:22:58:02 +0000] "GET /d1/707/AUTH_24352ba3f3024f96b08fa3ebf9ce5207/gnocchi.75067119-808d-47dc-9bd7-44f31fd1a8da/none_v3" 404 70 "GET http://172.18.0.2:8080/v1/AUTH_24352ba3f3024f96b08fa3ebf9ce5207/gnocchi.75067119-808d-47dc-9bd7-44f31fd1a8da/none_v3" "txd811d091cf05446393769-00697d377a" "proxy-server 20" 0.0006 "-" 19 0
Jan 30 22:58:02 standalone proxy-server[129002]: 172.18.0.2 172.18.0.100 30/Jan/2026/22/58/02 GET /v1/AUTH_24352ba3f3024f96b08fa3ebf9ce5207/gnocchi.75067119-808d-47dc-9bd7-44f31fd1a8da/none_v3 HTTP/1.0 404 - python-swiftclient-3.11.1 gAAAAABpfTc14ov9... - 70 - txd811d091cf05446393769-00697d377a - 0.0096 - - 1769813882.495093107 1769813882.504657984 0
Jan 30 22:58:02 standalone account-server[126839]: 172.20.0.100 - - [30/Jan/2026:22:58:02 +0000] "PUT /d1/752/AUTH_24352ba3f3024f96b08fa3ebf9ce5207/gnocchi.75067119-808d-47dc-9bd7-44f31fd1a8da" 201 - "PUT http://172.20.0.100:6001/d1/580/AUTH_24352ba3f3024f96b08fa3ebf9ce5207/gnocchi.75067119-808d-47dc-9bd7-44f31fd1a8da" "tx9fe92323565942ccb5bab-00697d377a" "container-server 20" 0.0048 "-" 21 0
Jan 30 22:58:02 standalone container-server[126870]: 172.20.0.100 - - [30/Jan/2026:22:58:02 +0000] "PUT /d1/580/AUTH_24352ba3f3024f96b08fa3ebf9ce5207/gnocchi.75067119-808d-47dc-9bd7-44f31fd1a8da" 201 - "PUT http://172.18.0.2:8080/v1/AUTH_24352ba3f3024f96b08fa3ebf9ce5207/gnocchi.75067119-808d-47dc-9bd7-44f31fd1a8da" "tx9fe92323565942ccb5bab-00697d377a" "proxy-server 20" 0.0151 "-" 20 0
Jan 30 22:58:02 standalone proxy-server[129002]: 172.18.0.2 172.18.0.100 30/Jan/2026/22/58/02 PUT /v1/AUTH_24352ba3f3024f96b08fa3ebf9ce5207/gnocchi.75067119-808d-47dc-9bd7-44f31fd1a8da HTTP/1.0 201 - python-swiftclient-3.11.1 gAAAAABpfTc14ov9... - - - tx9fe92323565942ccb5bab-00697d377a - 0.0194 - - 1769813882.507400990 1769813882.526765585 0
Jan 30 22:58:02 standalone container-server[126898]: 172.20.0.100 - - [30/Jan/2026:22:58:02 +0000] "HEAD /d1/580/AUTH_24352ba3f3024f96b08fa3ebf9ce5207/gnocchi.75067119-808d-47dc-9bd7-44f31fd1a8da" 204 - "HEAD http://172.18.0.2:8080/v1/AUTH_24352ba3f3024f96b08fa3ebf9ce5207/gnocchi.75067119-808d-47dc-9bd7-44f31fd1a8da?format=json&states=listing" "txea537a5970c948e491fdd-00697d377a" "proxy-server 20" 0.0012 "-" 23 0
Jan 30 22:58:02 standalone proxy-server[129002]: - - 30/Jan/2026/22/58/02 HEAD /v1/AUTH_24352ba3f3024f96b08fa3ebf9ce5207/gnocchi.75067119-808d-47dc-9bd7-44f31fd1a8da%3Fformat%3Djson%26states%3Dlisting HTTP/1.0 204 - Swift - - - - txea537a5970c948e491fdd-00697d377a - 0.0042 RL - 1769813882.530949116 1769813882.535176516 0
Jan 30 22:58:02 standalone container-server[126898]: 172.20.0.100 - - [30/Jan/2026:22:58:02 +0000] "GET /d1/580/AUTH_24352ba3f3024f96b08fa3ebf9ce5207/gnocchi.75067119-808d-47dc-9bd7-44f31fd1a8da" 200 2 "GET http://172.18.0.2:8080/v1/AUTH_24352ba3f3024f96b08fa3ebf9ce5207/gnocchi.75067119-808d-47dc-9bd7-44f31fd1a8da?format=json&states=listing" "txea537a5970c948e491fdd-00697d377a" "proxy-server 20" 0.0023 "-" 23 0
Jan 30 22:58:02 standalone proxy-server[129002]: 172.18.0.2 172.18.0.100 30/Jan/2026/22/58/02 GET /v1/AUTH_24352ba3f3024f96b08fa3ebf9ce5207/gnocchi.75067119-808d-47dc-9bd7-44f31fd1a8da%3Fformat%3Djson%26states%3Dlisting HTTP/1.0 200 - python-swiftclient-3.11.1 gAAAAABpfTc14ov9... - 2 - txea537a5970c948e491fdd-00697d377a - 0.0129 - - 1769813882.530100107 1769813882.542956352 0
Jan 30 22:58:02 standalone object-server[127159]: 172.20.0.100 - - [30/Jan/2026:22:58:02 +0000] "GET /d1/207/AUTH_24352ba3f3024f96b08fa3ebf9ce5207/gnocchi.75067119-808d-47dc-9bd7-44f31fd1a8da/1769040000.0_mean_300.0_v3" 404 70 "GET http://172.18.0.2:8080/v1/AUTH_24352ba3f3024f96b08fa3ebf9ce5207/gnocchi.75067119-808d-47dc-9bd7-44f31fd1a8da/1769040000.0_mean_300.0_v3" "tx48e4ade145574754930ca-00697d377a" "proxy-server 20" 0.0004 "-" 18 0
Jan 30 22:58:02 standalone proxy-server[129002]: 172.18.0.2 172.18.0.100 30/Jan/2026/22/58/02 GET /v1/AUTH_24352ba3f3024f96b08fa3ebf9ce5207/gnocchi.75067119-808d-47dc-9bd7-44f31fd1a8da/1769040000.0_mean_300.0_v3 HTTP/1.0 404 - python-swiftclient-3.11.1 gAAAAABpfTc14ov9... - 70 - tx48e4ade145574754930ca-00697d377a - 0.0060 - - 1769813882.546040773 1769813882.552000046 0
Jan 30 22:58:02 standalone container-server[126872]: 172.20.0.100 - - [30/Jan/2026:22:58:02 +0000] "PUT /d1/580/AUTH_24352ba3f3024f96b08fa3ebf9ce5207/gnocchi.75067119-808d-47dc-9bd7-44f31fd1a8da/1769040000.0_mean_300.0_v3" 201 - "PUT http://172.18.0.2:8080/d1/207/AUTH_24352ba3f3024f96b08fa3ebf9ce5207/gnocchi.75067119-808d-47dc-9bd7-44f31fd1a8da/1769040000.0_mean_300.0_v3" "txaf5751300b404046beb9c-00697d377a" "object-server 18" 0.0010 "-" 21 0
Jan 30 22:58:02 standalone object-server[127159]: 172.20.0.100 - - [30/Jan/2026:22:58:02 +0000] "PUT /d1/207/AUTH_24352ba3f3024f96b08fa3ebf9ce5207/gnocchi.75067119-808d-47dc-9bd7-44f31fd1a8da/1769040000.0_mean_300.0_v3" 201 - "PUT http://172.18.0.2:8080/v1/AUTH_24352ba3f3024f96b08fa3ebf9ce5207/gnocchi.75067119-808d-47dc-9bd7-44f31fd1a8da/1769040000.0_mean_300.0_v3" "txaf5751300b404046beb9c-00697d377a" "proxy-server 20" 0.0220 "-" 18 0
Jan 30 22:58:02 standalone proxy-server[129002]: 172.18.0.2 172.18.0.100 30/Jan/2026/22/58/02 PUT /v1/AUTH_24352ba3f3024f96b08fa3ebf9ce5207/gnocchi.75067119-808d-47dc-9bd7-44f31fd1a8da/1769040000.0_mean_300.0_v3 HTTP/1.0 201 - python-swiftclient-3.11.1 gAAAAABpfTc14ov9... 16 - - txaf5751300b404046beb9c-00697d377a - 0.0313 - - 1769813882.554933071 1769813882.586244822 0
Jan 30 22:58:02 standalone container-server[126898]: 172.20.0.100 - - [30/Jan/2026:22:58:02 +0000] "PUT /d1/580/AUTH_24352ba3f3024f96b08fa3ebf9ce5207/gnocchi.75067119-808d-47dc-9bd7-44f31fd1a8da/none_v3" 201 - "PUT http://172.18.0.2:8080/d1/707/AUTH_24352ba3f3024f96b08fa3ebf9ce5207/gnocchi.75067119-808d-47dc-9bd7-44f31fd1a8da/none_v3" "txf9c3d2260a6143ef96cdd-00697d377a" "object-server 13" 0.0006 "-" 23 0
Jan 30 22:58:02 standalone object-server[127147]: 172.20.0.100 - - [30/Jan/2026:22:58:02 +0000] "PUT /d1/707/AUTH_24352ba3f3024f96b08fa3ebf9ce5207/gnocchi.75067119-808d-47dc-9bd7-44f31fd1a8da/none_v3" 201 - "PUT http://172.18.0.2:8080/v1/AUTH_24352ba3f3024f96b08fa3ebf9ce5207/gnocchi.75067119-808d-47dc-9bd7-44f31fd1a8da/none_v3" "txf9c3d2260a6143ef96cdd-00697d377a" "proxy-server 20" 0.0114 "-" 13 0
Jan 30 22:58:02 standalone proxy-server[129002]: 172.18.0.2 172.18.0.100 30/Jan/2026/22/58/02 PUT /v1/AUTH_24352ba3f3024f96b08fa3ebf9ce5207/gnocchi.75067119-808d-47dc-9bd7-44f31fd1a8da/none_v3 HTTP/1.0 201 - python-swiftclient-3.11.1 gAAAAABpfTc14ov9... 22 - - txf9c3d2260a6143ef96cdd-00697d377a - 0.0188 - - 1769813882.591352224 1769813882.610152483 0
Jan 30 22:58:04 standalone account-server[126839]: 172.20.0.100 - - [30/Jan/2026:22:58:04 +0000] "HEAD /d1/272/.expiring_objects" 404 - "HEAD http://localhost/v1/.expiring_objects?format=json" "txddf17981da5d404faa149-00697d377c" "proxy-server 2" 0.0012 "-" 21 -
Jan 30 22:58:04 standalone object-expirer[127031]: Pass completed in 0s; 0 objects expired (txn: txddf17981da5d404faa149-00697d377c)
Jan 30 22:58:32 standalone container-server[126890]: 172.20.0.100 - - [30/Jan/2026:22:58:32 +0000] "HEAD /d1/420/AUTH_24352ba3f3024f96b08fa3ebf9ce5207/gnocchi.4d0d1d5f-c77e-4e7e-9ab7-ebc284ea2153" 404 - "HEAD http://172.18.0.2:8080/v1/AUTH_24352ba3f3024f96b08fa3ebf9ce5207/gnocchi.4d0d1d5f-c77e-4e7e-9ab7-ebc284ea2153?format=json&states=listing" "tx1e91b043253a4d79b0954-00697d3798" "proxy-server 20" 0.0006 "-" 22 0
Jan 30 22:58:32 standalone object-server[127147]: 172.20.0.100 - - [30/Jan/2026:22:58:32 +0000] "GET /d1/127/AUTH_24352ba3f3024f96b08fa3ebf9ce5207/gnocchi.4d0d1d5f-c77e-4e7e-9ab7-ebc284ea2153/none_v3" 404 70 "GET http://172.18.0.2:8080/v1/AUTH_24352ba3f3024f96b08fa3ebf9ce5207/gnocchi.4d0d1d5f-c77e-4e7e-9ab7-ebc284ea2153/none_v3" "tx1e91b043253a4d79b0954-00697d3798" "proxy-server 20" 0.0005 "-" 13 0
Jan 30 22:58:32 standalone proxy-server[129002]: 172.18.0.2 172.18.0.100 30/Jan/2026/22/58/32 GET /v1/AUTH_24352ba3f3024f96b08fa3ebf9ce5207/gnocchi.4d0d1d5f-c77e-4e7e-9ab7-ebc284ea2153/none_v3 HTTP/1.0 404 - python-swiftclient-3.11.1 gAAAAABpfTc14ov9... - 70 - tx1e91b043253a4d79b0954-00697d3798 - 0.0116 - - 1769813912.072194338 1769813912.083794117 0
Jan 30 22:58:32 standalone account-server[126864]: 172.20.0.100 - - [30/Jan/2026:22:58:32 +0000] "PUT /d1/752/AUTH_24352ba3f3024f96b08fa3ebf9ce5207/gnocchi.4d0d1d5f-c77e-4e7e-9ab7-ebc284ea2153" 201 - "PUT http://172.20.0.100:6001/d1/420/AUTH_24352ba3f3024f96b08fa3ebf9ce5207/gnocchi.4d0d1d5f-c77e-4e7e-9ab7-ebc284ea2153" "tx0913260fd3a042baab09a-00697d3798" "container-server 21" 0.0056 "-" 23 0
Jan 30 22:58:32 standalone container-server[126872]: 172.20.0.100 - - [30/Jan/2026:22:58:32 +0000] "PUT /d1/420/AUTH_24352ba3f3024f96b08fa3ebf9ce5207/gnocchi.4d0d1d5f-c77e-4e7e-9ab7-ebc284ea2153" 201 - "PUT http://172.18.0.2:8080/v1/AUTH_24352ba3f3024f96b08fa3ebf9ce5207/gnocchi.4d0d1d5f-c77e-4e7e-9ab7-ebc284ea2153" "tx0913260fd3a042baab09a-00697d3798" "proxy-server 20" 0.0506 "-" 21 0
Jan 30 22:58:32 standalone proxy-server[129002]: 172.18.0.2 172.18.0.100 30/Jan/2026/22/58/32 PUT /v1/AUTH_24352ba3f3024f96b08fa3ebf9ce5207/gnocchi.4d0d1d5f-c77e-4e7e-9ab7-ebc284ea2153 HTTP/1.0 201 - python-swiftclient-3.11.1 gAAAAABpfTc14ov9... - - - tx0913260fd3a042baab09a-00697d3798 - 0.0564 - - 1769813912.086735010 1769813912.143085480 0
Jan 30 22:58:32 standalone container-server[126890]: 172.20.0.100 - - [30/Jan/2026:22:58:32 +0000] "HEAD /d1/420/AUTH_24352ba3f3024f96b08fa3ebf9ce5207/gnocchi.4d0d1d5f-c77e-4e7e-9ab7-ebc284ea2153" 204 - "HEAD http://172.18.0.2:8080/v1/AUTH_24352ba3f3024f96b08fa3ebf9ce5207/gnocchi.4d0d1d5f-c77e-4e7e-9ab7-ebc284ea2153?format=json&states=listing" "tx8a66ac88f1394a8290095-00697d3798" "proxy-server 20" 0.0017 "-" 22 0
Jan 30 22:58:32 standalone proxy-server[129002]: - - 30/Jan/2026/22/58/32 HEAD /v1/AUTH_24352ba3f3024f96b08fa3ebf9ce5207/gnocchi.4d0d1d5f-c77e-4e7e-9ab7-ebc284ea2153%3Fformat%3Djson%26states%3Dlisting HTTP/1.0 204 - Swift - - - - tx8a66ac88f1394a8290095-00697d3798 - 0.0061 RL - 1769813912.148707867 1769813912.154786587 0
Jan 30 22:58:32 standalone container-server[126870]: 172.20.0.100 - - [30/Jan/2026:22:58:32 +0000] "GET /d1/420/AUTH_24352ba3f3024f96b08fa3ebf9ce5207/gnocchi.4d0d1d5f-c77e-4e7e-9ab7-ebc284ea2153" 200 2 "GET http://172.18.0.2:8080/v1/AUTH_24352ba3f3024f96b08fa3ebf9ce5207/gnocchi.4d0d1d5f-c77e-4e7e-9ab7-ebc284ea2153?format=json&states=listing" "tx8a66ac88f1394a8290095-00697d3798" "proxy-server 20" 0.0050 "-" 20 0
Jan 30 22:58:32 standalone proxy-server[129002]: 172.18.0.2 172.18.0.100 30/Jan/2026/22/58/32 GET /v1/AUTH_24352ba3f3024f96b08fa3ebf9ce5207/gnocchi.4d0d1d5f-c77e-4e7e-9ab7-ebc284ea2153%3Fformat%3Djson%26states%3Dlisting HTTP/1.0 200 - python-swiftclient-3.11.1 gAAAAABpfTc14ov9... - 2 - tx8a66ac88f1394a8290095-00697d3798 - 0.0191 - - 1769813912.147282362 1769813912.166401386 0
Jan 30 22:58:32 standalone object-server[127159]: 172.20.0.100 - - [30/Jan/2026:22:58:32 +0000] "GET /d1/481/AUTH_24352ba3f3024f96b08fa3ebf9ce5207/gnocchi.4d0d1d5f-c77e-4e7e-9ab7-ebc284ea2153/1769040000.0_mean_300.0_v3" 404 70 "GET http://172.18.0.2:8080/v1/AUTH_24352ba3f3024f96b08fa3ebf9ce5207/gnocchi.4d0d1d5f-c77e-4e7e-9ab7-ebc284ea2153/1769040000.0_mean_300.0_v3" "tx36552fe1056e4163a9c67-00697d3798" "proxy-server 20" 0.0004 "-" 18 0
Jan 30 22:58:32 standalone proxy-server[129002]: 172.18.0.2 172.18.0.100 30/Jan/2026/22/58/32 GET /v1/AUTH_24352ba3f3024f96b08fa3ebf9ce5207/gnocchi.4d0d1d5f-c77e-4e7e-9ab7-ebc284ea2153/1769040000.0_mean_300.0_v3 HTTP/1.0 404 - python-swiftclient-3.11.1 gAAAAABpfTc14ov9... - 70 - tx36552fe1056e4163a9c67-00697d3798 - 0.0063 - - 1769813912.169773340 1769813912.176091194 0
Jan 30 22:58:32 standalone container-server[126872]: 172.20.0.100 - - [30/Jan/2026:22:58:32 +0000] "PUT /d1/420/AUTH_24352ba3f3024f96b08fa3ebf9ce5207/gnocchi.4d0d1d5f-c77e-4e7e-9ab7-ebc284ea2153/1769040000.0_mean_300.0_v3" 201 - "PUT http://172.18.0.2:8080/d1/481/AUTH_24352ba3f3024f96b08fa3ebf9ce5207/gnocchi.4d0d1d5f-c77e-4e7e-9ab7-ebc284ea2153/1769040000.0_mean_300.0_v3" "tx6faffe42870d45d9ad9ac-00697d3798" "object-server 13" 0.0010 "-" 21 0
Jan 30 22:58:32 standalone object-server[127147]: 172.20.0.100 - - [30/Jan/2026:22:58:32 +0000] "PUT /d1/481/AUTH_24352ba3f3024f96b08fa3ebf9ce5207/gnocchi.4d0d1d5f-c77e-4e7e-9ab7-ebc284ea2153/1769040000.0_mean_300.0_v3" 201 - "PUT http://172.18.0.2:8080/v1/AUTH_24352ba3f3024f96b08fa3ebf9ce5207/gnocchi.4d0d1d5f-c77e-4e7e-9ab7-ebc284ea2153/1769040000.0_mean_300.0_v3" "tx6faffe42870d45d9ad9ac-00697d3798" "proxy-server 20" 0.0110 "-" 13 0
Jan 30 22:58:32 standalone proxy-server[129002]: 172.18.0.2 172.18.0.100 30/Jan/2026/22/58/32 PUT /v1/AUTH_24352ba3f3024f96b08fa3ebf9ce5207/gnocchi.4d0d1d5f-c77e-4e7e-9ab7-ebc284ea2153/1769040000.0_mean_300.0_v3 HTTP/1.0 201 - python-swiftclient-3.11.1 gAAAAABpfTc14ov9... 16 - - tx6faffe42870d45d9ad9ac-00697d3798 - 0.0231 - - 1769813912.178779125 1769813912.201858521 0
Jan 30 22:58:32 standalone container-server[126890]: 172.20.0.100 - - [30/Jan/2026:22:58:32 +0000] "PUT /d1/420/AUTH_24352ba3f3024f96b08fa3ebf9ce5207/gnocchi.4d0d1d5f-c77e-4e7e-9ab7-ebc284ea2153/none_v3" 201 - "PUT http://172.18.0.2:8080/d1/127/AUTH_24352ba3f3024f96b08fa3ebf9ce5207/gnocchi.4d0d1d5f-c77e-4e7e-9ab7-ebc284ea2153/none_v3" "tx72b7a79564744c11907a5-00697d3798" "object-server 18" 0.0006 "-" 22 0
Jan 30 22:58:32 standalone object-server[127159]: 172.20.0.100 - - [30/Jan/2026:22:58:32 +0000] "PUT /d1/127/AUTH_24352ba3f3024f96b08fa3ebf9ce5207/gnocchi.4d0d1d5f-c77e-4e7e-9ab7-ebc284ea2153/none_v3" 201 - "PUT http://172.18.0.2:8080/v1/AUTH_24352ba3f3024f96b08fa3ebf9ce5207/gnocchi.4d0d1d5f-c77e-4e7e-9ab7-ebc284ea2153/none_v3" "tx72b7a79564744c11907a5-00697d3798" "proxy-server 20" 0.0142 "-" 18 0
Jan 30 22:58:32 standalone proxy-server[129002]: 172.18.0.2 172.18.0.100 30/Jan/2026/22/58/32 PUT /v1/AUTH_24352ba3f3024f96b08fa3ebf9ce5207/gnocchi.4d0d1d5f-c77e-4e7e-9ab7-ebc284ea2153/none_v3 HTTP/1.0 201 - python-swiftclient-3.11.1 gAAAAABpfTc14ov9... 22 - - tx72b7a79564744c11907a5-00697d3798 - 0.0247 - - 1769813912.205779552 1769813912.230505466 0
Jan 30 22:58:32 standalone object-server[127167]: 172.20.0.100 - - [30/Jan/2026:22:58:32 +0000] "GET /d1/60/AUTH_24352ba3f3024f96b08fa3ebf9ce5207/gnocchi.cc238091-bd02-4573-bcdb-4ce6032e9dc3/none_v3" 200 22 "GET http://172.18.0.2:8080/v1/AUTH_24352ba3f3024f96b08fa3ebf9ce5207/gnocchi.cc238091-bd02-4573-bcdb-4ce6032e9dc3/none_v3" "txe167c9b84e4f422cb9248-00697d3798" "proxy-server 20" 0.0009 "-" 19 0
Jan 30 22:58:32 standalone proxy-server[129002]: 172.18.0.2 172.18.0.100 30/Jan/2026/22/58/32 GET /v1/AUTH_24352ba3f3024f96b08fa3ebf9ce5207/gnocchi.cc238091-bd02-4573-bcdb-4ce6032e9dc3/none_v3 HTTP/1.0 200 - python-swiftclient-3.11.1 gAAAAABpfTc14ov9... - 22 - txe167c9b84e4f422cb9248-00697d3798 - 0.0132 - - 1769813912.379338741 1769813912.392511606 0
Jan 30 22:58:32 standalone container-server[126872]: 172.20.0.100 - - [30/Jan/2026:22:58:32 +0000] "GET /d1/655/AUTH_24352ba3f3024f96b08fa3ebf9ce5207/gnocchi.cc238091-bd02-4573-bcdb-4ce6032e9dc3" 200 357 "GET http://172.18.0.2:8080/v1/AUTH_24352ba3f3024f96b08fa3ebf9ce5207/gnocchi.cc238091-bd02-4573-bcdb-4ce6032e9dc3?format=json&states=listing" "tx077a9182cf5540209d405-00697d3798" "proxy-server 20" 0.0278 "-" 21 0
Jan 30 22:58:32 standalone proxy-server[129002]: 172.18.0.2 172.18.0.100 30/Jan/2026/22/58/32 GET /v1/AUTH_24352ba3f3024f96b08fa3ebf9ce5207/gnocchi.cc238091-bd02-4573-bcdb-4ce6032e9dc3%3Fformat%3Djson%26states%3Dlisting HTTP/1.0 200 - python-swiftclient-3.11.1 gAAAAABpfTc14ov9... - 357 - tx077a9182cf5540209d405-00697d3798 - 0.0352 - - 1769813912.395703316 1769813912.430923223 0
Jan 30 22:58:32 standalone container-server[126872]: 172.20.0.100 - - [30/Jan/2026:22:58:32 +0000] "GET /d1/655/AUTH_24352ba3f3024f96b08fa3ebf9ce5207/gnocchi.cc238091-bd02-4573-bcdb-4ce6032e9dc3" 200 2 "GET http://172.18.0.2:8080/v1/AUTH_24352ba3f3024f96b08fa3ebf9ce5207/gnocchi.cc238091-bd02-4573-bcdb-4ce6032e9dc3?format=json&marker=none_v3&states=listing" "tx60228d3eb33b4bc1be49d-00697d3798" "proxy-server 20" 0.0023 "-" 21 0
Jan 30 22:58:32 standalone proxy-server[129002]: 172.18.0.2 172.18.0.100 30/Jan/2026/22/58/32 GET /v1/AUTH_24352ba3f3024f96b08fa3ebf9ce5207/gnocchi.cc238091-bd02-4573-bcdb-4ce6032e9dc3%3Fformat%3Djson%26marker%3Dnone_v3%26states%3Dlisting HTTP/1.0 200 - python-swiftclient-3.11.1 gAAAAABpfTc14ov9... - 2 - tx60228d3eb33b4bc1be49d-00697d3798 - 0.0071 - - 1769813912.434348106 1769813912.441479445 0
Jan 30 22:58:32 standalone object-server[127159]: 172.20.0.100 - - [30/Jan/2026:22:58:32 +0000] "GET /d1/54/AUTH_24352ba3f3024f96b08fa3ebf9ce5207/gnocchi.cc238091-bd02-4573-bcdb-4ce6032e9dc3/1769040000.0_mean_300.0_v3" 200 16 "GET http://172.18.0.2:8080/v1/AUTH_24352ba3f3024f96b08fa3ebf9ce5207/gnocchi.cc238091-bd02-4573-bcdb-4ce6032e9dc3/1769040000.0_mean_300.0_v3" "txcf41fabc1b8d4b7189fba-00697d3798" "proxy-server 20" 0.0013 "-" 18 0
Jan 30 22:58:32 standalone proxy-server[129002]: 172.18.0.2 172.18.0.100 30/Jan/2026/22/58/32 GET /v1/AUTH_24352ba3f3024f96b08fa3ebf9ce5207/gnocchi.cc238091-bd02-4573-bcdb-4ce6032e9dc3/1769040000.0_mean_300.0_v3 HTTP/1.0 200 - python-swiftclient-3.11.1 gAAAAABpfTc14ov9... - 16 - txcf41fabc1b8d4b7189fba-00697d3798 - 0.0068 - - 1769813912.444681883 1769813912.451471090 0
Jan 30 22:58:32 standalone container-server[126872]: 172.20.0.100 - - [30/Jan/2026:22:58:32 +0000] "PUT /d1/655/AUTH_24352ba3f3024f96b08fa3ebf9ce5207/gnocchi.cc238091-bd02-4573-bcdb-4ce6032e9dc3/1769040000.0_mean_300.0_v3" 201 - "PUT http://172.18.0.2:8080/d1/54/AUTH_24352ba3f3024f96b08fa3ebf9ce5207/gnocchi.cc238091-bd02-4573-bcdb-4ce6032e9dc3/1769040000.0_mean_300.0_v3" "txb10ef5ea553d411384cc0-00697d3798" "object-server 13" 0.0004 "-" 21 0
Jan 30 22:58:32 standalone object-server[127147]: 172.20.0.100 - - [30/Jan/2026:22:58:32 +0000] "PUT /d1/54/AUTH_24352ba3f3024f96b08fa3ebf9ce5207/gnocchi.cc238091-bd02-4573-bcdb-4ce6032e9dc3/1769040000.0_mean_300.0_v3" 201 - "PUT http://172.18.0.2:8080/v1/AUTH_24352ba3f3024f96b08fa3ebf9ce5207/gnocchi.cc238091-bd02-4573-bcdb-4ce6032e9dc3/1769040000.0_mean_300.0_v3" "txb10ef5ea553d411384cc0-00697d3798" "proxy-server 20" 0.0109 "-" 13 0
Jan 30 22:58:32 standalone proxy-server[129002]: 172.18.0.2 172.18.0.100 30/Jan/2026/22/58/32 PUT /v1/AUTH_24352ba3f3024f96b08fa3ebf9ce5207/gnocchi.cc238091-bd02-4573-bcdb-4ce6032e9dc3/1769040000.0_mean_300.0_v3 HTTP/1.0 201 - python-swiftclient-3.11.1 gAAAAABpfTc14ov9... 16 - - txb10ef5ea553d411384cc0-00697d3798 - 0.0162 - - 1769813912.453836203 1769813912.470053434 0
Jan 30 22:58:32 standalone container-server[126890]: 172.20.0.100 - - [30/Jan/2026:22:58:32 +0000] "PUT /d1/655/AUTH_24352ba3f3024f96b08fa3ebf9ce5207/gnocchi.cc238091-bd02-4573-bcdb-4ce6032e9dc3/none_v3" 201 - "PUT http://172.18.0.2:8080/d1/60/AUTH_24352ba3f3024f96b08fa3ebf9ce5207/gnocchi.cc238091-bd02-4573-bcdb-4ce6032e9dc3/none_v3" "tx475846d1e9bc474e83c7b-00697d3798" "object-server 11" 0.0009 "-" 22 0
Jan 30 22:58:32 standalone object-server[127134]: 172.20.0.100 - - [30/Jan/2026:22:58:32 +0000] "PUT /d1/60/AUTH_24352ba3f3024f96b08fa3ebf9ce5207/gnocchi.cc238091-bd02-4573-bcdb-4ce6032e9dc3/none_v3" 201 - "PUT http://172.18.0.2:8080/v1/AUTH_24352ba3f3024f96b08fa3ebf9ce5207/gnocchi.cc238091-bd02-4573-bcdb-4ce6032e9dc3/none_v3" "tx475846d1e9bc474e83c7b-00697d3798" "proxy-server 20" 0.0101 "-" 11 0
Jan 30 22:58:32 standalone proxy-server[129002]: 172.18.0.2 172.18.0.100 30/Jan/2026/22/58/32 PUT /v1/AUTH_24352ba3f3024f96b08fa3ebf9ce5207/gnocchi.cc238091-bd02-4573-bcdb-4ce6032e9dc3/none_v3 HTTP/1.0 201 - python-swiftclient-3.11.1 gAAAAABpfTc14ov9... 33 - - tx475846d1e9bc474e83c7b-00697d3798 - 0.0165 - - 1769813912.472206831 1769813912.488656998 0
Jan 30 22:58:32 standalone object-server[127147]: 172.20.0.100 - - [30/Jan/2026:22:58:32 +0000] "GET /d1/924/AUTH_24352ba3f3024f96b08fa3ebf9ce5207/gnocchi.909f09d2-9e22-4f8c-ac26-e9b3e8820efd/none_v3" 200 22 "GET http://172.18.0.2:8080/v1/AUTH_24352ba3f3024f96b08fa3ebf9ce5207/gnocchi.909f09d2-9e22-4f8c-ac26-e9b3e8820efd/none_v3" "tx1ad7c6211ffe4c3a80482-00697d3798" "proxy-server 20" 0.0010 "-" 13 0
Jan 30 22:58:32 standalone proxy-server[129002]: 172.18.0.2 172.18.0.100 30/Jan/2026/22/58/32 GET /v1/AUTH_24352ba3f3024f96b08fa3ebf9ce5207/gnocchi.909f09d2-9e22-4f8c-ac26-e9b3e8820efd/none_v3 HTTP/1.0 200 - python-swiftclient-3.11.1 gAAAAABpfTc14ov9... - 22 - tx1ad7c6211ffe4c3a80482-00697d3798 - 0.0083 - - 1769813912.497440815 1769813912.505766392 0
Jan 30 22:58:32 standalone container-server[126898]: 172.20.0.100 - - [30/Jan/2026:22:58:32 +0000] "GET /d1/179/AUTH_24352ba3f3024f96b08fa3ebf9ce5207/gnocchi.909f09d2-9e22-4f8c-ac26-e9b3e8820efd" 200 357 "GET http://172.18.0.2:8080/v1/AUTH_24352ba3f3024f96b08fa3ebf9ce5207/gnocchi.909f09d2-9e22-4f8c-ac26-e9b3e8820efd?format=json&states=listing" "tx7411a4376e2d4d27bf1ec-00697d3798" "proxy-server 20" 0.0194 "-" 23 0
Jan 30 22:58:32 standalone proxy-server[129002]: 172.18.0.2 172.18.0.100 30/Jan/2026/22/58/32 GET /v1/AUTH_24352ba3f3024f96b08fa3ebf9ce5207/gnocchi.909f09d2-9e22-4f8c-ac26-e9b3e8820efd%3Fformat%3Djson%26states%3Dlisting HTTP/1.0 200 - python-swiftclient-3.11.1 gAAAAABpfTc14ov9... - 357 - tx7411a4376e2d4d27bf1ec-00697d3798 - 0.0256 - - 1769813912.508497000 1769813912.534142494 0
Jan 30 22:58:32 standalone container-server[126872]: 172.20.0.100 - - [30/Jan/2026:22:58:32 +0000] "GET /d1/179/AUTH_24352ba3f3024f96b08fa3ebf9ce5207/gnocchi.909f09d2-9e22-4f8c-ac26-e9b3e8820efd" 200 2 "GET http://172.18.0.2:8080/v1/AUTH_24352ba3f3024f96b08fa3ebf9ce5207/gnocchi.909f09d2-9e22-4f8c-ac26-e9b3e8820efd?format=json&marker=none_v3&states=listing" "tx3fe3f94604264b0899954-00697d3798" "proxy-server 20" 0.0038 "-" 21 0
Jan 30 22:58:32 standalone proxy-server[129002]: 172.18.0.2 172.18.0.100 30/Jan/2026/22/58/32 GET /v1/AUTH_24352ba3f3024f96b08fa3ebf9ce5207/gnocchi.909f09d2-9e22-4f8c-ac26-e9b3e8820efd%3Fformat%3Djson%26marker%3Dnone_v3%26states%3Dlisting HTTP/1.0 200 - python-swiftclient-3.11.1 gAAAAABpfTc14ov9... - 2 - tx3fe3f94604264b0899954-00697d3798 - 0.0105 - - 1769813912.536477089 1769813912.547022104 0
Jan 30 22:58:32 standalone object-server[127134]: 172.20.0.100 - - [30/Jan/2026:22:58:32 +0000] "GET /d1/748/AUTH_24352ba3f3024f96b08fa3ebf9ce5207/gnocchi.909f09d2-9e22-4f8c-ac26-e9b3e8820efd/1769040000.0_mean_300.0_v3" 200 16 "GET http://172.18.0.2:8080/v1/AUTH_24352ba3f3024f96b08fa3ebf9ce5207/gnocchi.909f09d2-9e22-4f8c-ac26-e9b3e8820efd/1769040000.0_mean_300.0_v3" "tx0c8b99de16314b699c9f3-00697d3798" "proxy-server 20" 0.0010 "-" 11 0
Jan 30 22:58:32 standalone proxy-server[129002]: 172.18.0.2 172.18.0.100 30/Jan/2026/22/58/32 GET /v1/AUTH_24352ba3f3024f96b08fa3ebf9ce5207/gnocchi.909f09d2-9e22-4f8c-ac26-e9b3e8820efd/1769040000.0_mean_300.0_v3 HTTP/1.0 200 - python-swiftclient-3.11.1 gAAAAABpfTc14ov9... - 16 - tx0c8b99de16314b699c9f3-00697d3798 - 0.0071 - - 1769813912.551249266 1769813912.558376074 0
Jan 30 22:58:32 standalone container-server[126872]: 172.20.0.100 - - [30/Jan/2026:22:58:32 +0000] "PUT /d1/179/AUTH_24352ba3f3024f96b08fa3ebf9ce5207/gnocchi.909f09d2-9e22-4f8c-ac26-e9b3e8820efd/1769040000.0_mean_300.0_v3" 201 - "PUT http://172.18.0.2:8080/d1/748/AUTH_24352ba3f3024f96b08fa3ebf9ce5207/gnocchi.909f09d2-9e22-4f8c-ac26-e9b3e8820efd/1769040000.0_mean_300.0_v3" "txc44faad4484542cdb65e8-00697d3798" "object-server 19" 0.0008 "-" 21 0
Jan 30 22:58:32 standalone object-server[127167]: 172.20.0.100 - - [30/Jan/2026:22:58:32 +0000] "PUT /d1/748/AUTH_24352ba3f3024f96b08fa3ebf9ce5207/gnocchi.909f09d2-9e22-4f8c-ac26-e9b3e8820efd/1769040000.0_mean_300.0_v3" 201 - "PUT http://172.18.0.2:8080/v1/AUTH_24352ba3f3024f96b08fa3ebf9ce5207/gnocchi.909f09d2-9e22-4f8c-ac26-e9b3e8820efd/1769040000.0_mean_300.0_v3" "txc44faad4484542cdb65e8-00697d3798" "proxy-server 20" 0.0138 "-" 19 0
Jan 30 22:58:32 standalone proxy-server[129002]: 172.18.0.2 172.18.0.100 30/Jan/2026/22/58/32 PUT /v1/AUTH_24352ba3f3024f96b08fa3ebf9ce5207/gnocchi.909f09d2-9e22-4f8c-ac26-e9b3e8820efd/1769040000.0_mean_300.0_v3 HTTP/1.0 201 - python-swiftclient-3.11.1 gAAAAABpfTc14ov9... 16 - - txc44faad4484542cdb65e8-00697d3798 - 0.0197 - - 1769813912.562207699 1769813912.581883430 0
Jan 30 22:58:32 standalone container-server[126872]: 172.20.0.100 - - [30/Jan/2026:22:58:32 +0000] "PUT /d1/179/AUTH_24352ba3f3024f96b08fa3ebf9ce5207/gnocchi.909f09d2-9e22-4f8c-ac26-e9b3e8820efd/none_v3" 201 - "PUT http://172.18.0.2:8080/d1/924/AUTH_24352ba3f3024f96b08fa3ebf9ce5207/gnocchi.909f09d2-9e22-4f8c-ac26-e9b3e8820efd/none_v3" "txda062464ab754d3c93368-00697d3798" "object-server 18" 0.0006 "-" 21 0
Jan 30 22:58:32 standalone object-server[127159]: 172.20.0.100 - - [30/Jan/2026:22:58:32 +0000] "PUT /d1/924/AUTH_24352ba3f3024f96b08fa3ebf9ce5207/gnocchi.909f09d2-9e22-4f8c-ac26-e9b3e8820efd/none_v3" 201 - "PUT http://172.18.0.2:8080/v1/AUTH_24352ba3f3024f96b08fa3ebf9ce5207/gnocchi.909f09d2-9e22-4f8c-ac26-e9b3e8820efd/none_v3" "txda062464ab754d3c93368-00697d3798" "proxy-server 20" 0.0104 "-" 18 0
Jan 30 22:58:32 standalone proxy-server[129002]: 172.18.0.2 172.18.0.100 30/Jan/2026/22/58/32 PUT /v1/AUTH_24352ba3f3024f96b08fa3ebf9ce5207/gnocchi.909f09d2-9e22-4f8c-ac26-e9b3e8820efd/none_v3 HTTP/1.0 201 - python-swiftclient-3.11.1 gAAAAABpfTc14ov9... 33 - - txda062464ab754d3c93368-00697d3798 - 0.0162 - - 1769813912.585127115 1769813912.601372480 0
Jan 30 22:58:36 standalone object-server[127167]: 172.20.0.100 - - [30/Jan/2026:22:58:36 +0000] "GET /d1/127/AUTH_24352ba3f3024f96b08fa3ebf9ce5207/gnocchi.4d0d1d5f-c77e-4e7e-9ab7-ebc284ea2153/none_v3" 200 22 "GET http://172.18.0.2:8080/v1/AUTH_24352ba3f3024f96b08fa3ebf9ce5207/gnocchi.4d0d1d5f-c77e-4e7e-9ab7-ebc284ea2153/none_v3" "tx1adadbbf0cdc47cb9a487-00697d379c" "proxy-server 20" 0.0017 "-" 19 0
Jan 30 22:58:36 standalone proxy-server[129002]: 172.18.0.2 172.18.0.100 30/Jan/2026/22/58/36 GET /v1/AUTH_24352ba3f3024f96b08fa3ebf9ce5207/gnocchi.4d0d1d5f-c77e-4e7e-9ab7-ebc284ea2153/none_v3 HTTP/1.0 200 - python-swiftclient-3.11.1 gAAAAABpfTc14ov9... - 22 - tx1adadbbf0cdc47cb9a487-00697d379c - 0.0121 - - 1769813916.231454611 1769813916.243544102 0
Jan 30 22:58:36 standalone container-server[126898]: 172.20.0.100 - - [30/Jan/2026:22:58:36 +0000] "GET /d1/420/AUTH_24352ba3f3024f96b08fa3ebf9ce5207/gnocchi.4d0d1d5f-c77e-4e7e-9ab7-ebc284ea2153" 200 357 "GET http://172.18.0.2:8080/v1/AUTH_24352ba3f3024f96b08fa3ebf9ce5207/gnocchi.4d0d1d5f-c77e-4e7e-9ab7-ebc284ea2153?format=json&states=listing" "tx11fab681a3b6477b8f2c1-00697d379c" "proxy-server 20" 0.0110 "-" 23 0
Jan 30 22:58:36 standalone proxy-server[129002]: 172.18.0.2 172.18.0.100 30/Jan/2026/22/58/36 GET /v1/AUTH_24352ba3f3024f96b08fa3ebf9ce5207/gnocchi.4d0d1d5f-c77e-4e7e-9ab7-ebc284ea2153%3Fformat%3Djson%26states%3Dlisting HTTP/1.0 200 - python-swiftclient-3.11.1 gAAAAABpfTc14ov9... - 357 - tx11fab681a3b6477b8f2c1-00697d379c - 0.0205 - - 1769813916.251194715 1769813916.271663904 0
Jan 30 22:58:36 standalone container-server[126898]: 172.20.0.100 - - [30/Jan/2026:22:58:36 +0000] "GET /d1/420/AUTH_24352ba3f3024f96b08fa3ebf9ce5207/gnocchi.4d0d1d5f-c77e-4e7e-9ab7-ebc284ea2153" 200 2 "GET http://172.18.0.2:8080/v1/AUTH_24352ba3f3024f96b08fa3ebf9ce5207/gnocchi.4d0d1d5f-c77e-4e7e-9ab7-ebc284ea2153?format=json&marker=none_v3&states=listing" "tx71ac1372d6a3416b8bb83-00697d379c" "proxy-server 20" 0.0046 "-" 23 0
Jan 30 22:58:36 standalone proxy-server[129002]: 172.18.0.2 172.18.0.100 30/Jan/2026/22/58/36 GET /v1/AUTH_24352ba3f3024f96b08fa3ebf9ce5207/gnocchi.4d0d1d5f-c77e-4e7e-9ab7-ebc284ea2153%3Fformat%3Djson%26marker%3Dnone_v3%26states%3Dlisting HTTP/1.0 200 - python-swiftclient-3.11.1 gAAAAABpfTc14ov9... - 2 - tx71ac1372d6a3416b8bb83-00697d379c - 0.0122 - - 1769813916.275786161 1769813916.287978649 0
Jan 30 22:58:36 standalone object-server[127134]: 172.20.0.100 - - [30/Jan/2026:22:58:36 +0000] "GET /d1/481/AUTH_24352ba3f3024f96b08fa3ebf9ce5207/gnocchi.4d0d1d5f-c77e-4e7e-9ab7-ebc284ea2153/1769040000.0_mean_300.0_v3" 200 16 "GET http://172.18.0.2:8080/v1/AUTH_24352ba3f3024f96b08fa3ebf9ce5207/gnocchi.4d0d1d5f-c77e-4e7e-9ab7-ebc284ea2153/1769040000.0_mean_300.0_v3" "tx23c1aa42e7ae4eb59edff-00697d379c" "proxy-server 20" 0.0011 "-" 11 0
Jan 30 22:58:36 standalone proxy-server[129002]: 172.18.0.2 172.18.0.100 30/Jan/2026/22/58/36 GET /v1/AUTH_24352ba3f3024f96b08fa3ebf9ce5207/gnocchi.4d0d1d5f-c77e-4e7e-9ab7-ebc284ea2153/1769040000.0_mean_300.0_v3 HTTP/1.0 200 - python-swiftclient-3.11.1 gAAAAABpfTc14ov9... - 16 - tx23c1aa42e7ae4eb59edff-00697d379c - 0.0084 - - 1769813916.293803453 1769813916.302198887 0
Jan 30 22:58:36 standalone container-server[126898]: 172.20.0.100 - - [30/Jan/2026:22:58:36 +0000] "PUT /d1/420/AUTH_24352ba3f3024f96b08fa3ebf9ce5207/gnocchi.4d0d1d5f-c77e-4e7e-9ab7-ebc284ea2153/1769040000.0_mean_300.0_v3" 201 - "PUT http://172.18.0.2:8080/d1/481/AUTH_24352ba3f3024f96b08fa3ebf9ce5207/gnocchi.4d0d1d5f-c77e-4e7e-9ab7-ebc284ea2153/1769040000.0_mean_300.0_v3" "tx900fb9940e854f1680570-00697d379c" "object-server 19" 0.0015 "-" 23 0
Jan 30 22:58:36 standalone object-server[127167]: 172.20.0.100 - - [30/Jan/2026:22:58:36 +0000] "PUT /d1/481/AUTH_24352ba3f3024f96b08fa3ebf9ce5207/gnocchi.4d0d1d5f-c77e-4e7e-9ab7-ebc284ea2153/1769040000.0_mean_300.0_v3" 201 - "PUT http://172.18.0.2:8080/v1/AUTH_24352ba3f3024f96b08fa3ebf9ce5207/gnocchi.4d0d1d5f-c77e-4e7e-9ab7-ebc284ea2153/1769040000.0_mean_300.0_v3" "tx900fb9940e854f1680570-00697d379c" "proxy-server 20" 0.0147 "-" 19 0
Jan 30 22:58:36 standalone proxy-server[129002]: 172.18.0.2 172.18.0.100 30/Jan/2026/22/58/36 PUT /v1/AUTH_24352ba3f3024f96b08fa3ebf9ce5207/gnocchi.4d0d1d5f-c77e-4e7e-9ab7-ebc284ea2153/1769040000.0_mean_300.0_v3 HTTP/1.0 201 - python-swiftclient-3.11.1 gAAAAABpfTc14ov9... 16 - - tx900fb9940e854f1680570-00697d379c - 0.0208 - - 1769813916.306355953 1769813916.327173948 0
Jan 30 22:58:36 standalone container-server[126890]: 172.20.0.100 - - [30/Jan/2026:22:58:36 +0000] "PUT /d1/420/AUTH_24352ba3f3024f96b08fa3ebf9ce5207/gnocchi.4d0d1d5f-c77e-4e7e-9ab7-ebc284ea2153/none_v3" 201 - "PUT http://172.18.0.2:8080/d1/127/AUTH_24352ba3f3024f96b08fa3ebf9ce5207/gnocchi.4d0d1d5f-c77e-4e7e-9ab7-ebc284ea2153/none_v3" "tx78fd27b3292c49c5a4c69-00697d379c" "object-server 19" 0.0006 "-" 22 0
Jan 30 22:58:36 standalone object-server[127167]: 172.20.0.100 - - [30/Jan/2026:22:58:36 +0000] "PUT /d1/127/AUTH_24352ba3f3024f96b08fa3ebf9ce5207/gnocchi.4d0d1d5f-c77e-4e7e-9ab7-ebc284ea2153/none_v3" 201 - "PUT http://172.18.0.2:8080/v1/AUTH_24352ba3f3024f96b08fa3ebf9ce5207/gnocchi.4d0d1d5f-c77e-4e7e-9ab7-ebc284ea2153/none_v3" "tx78fd27b3292c49c5a4c69-00697d379c" "proxy-server 20" 0.0096 "-" 19 0
Jan 30 22:58:36 standalone proxy-server[129002]: 172.18.0.2 172.18.0.100 30/Jan/2026/22/58/36 PUT /v1/AUTH_24352ba3f3024f96b08fa3ebf9ce5207/gnocchi.4d0d1d5f-c77e-4e7e-9ab7-ebc284ea2153/none_v3 HTTP/1.0 201 - python-swiftclient-3.11.1 gAAAAABpfTc14ov9... 31 - - tx78fd27b3292c49c5a4c69-00697d379c - 0.0157 - - 1769813916.331218719 1769813916.346879959 0
Jan 30 22:58:47 standalone container-server[126872]: 172.20.0.100 - - [30/Jan/2026:22:58:47 +0000] "HEAD /d1/968/AUTH_24352ba3f3024f96b08fa3ebf9ce5207/gnocchi.cabb60e8-16ef-447d-89cb-c43e59457553" 404 - "HEAD http://172.18.0.2:8080/v1/AUTH_24352ba3f3024f96b08fa3ebf9ce5207/gnocchi.cabb60e8-16ef-447d-89cb-c43e59457553?format=json&states=listing" "tx86e2971968074cbab04e9-00697d37a7" "proxy-server 20" 0.0010 "-" 21 0
Jan 30 22:58:47 standalone object-server[127134]: 172.20.0.100 - - [30/Jan/2026:22:58:47 +0000] "GET /d1/940/AUTH_24352ba3f3024f96b08fa3ebf9ce5207/gnocchi.cabb60e8-16ef-447d-89cb-c43e59457553/none_v3" 404 70 "GET http://172.18.0.2:8080/v1/AUTH_24352ba3f3024f96b08fa3ebf9ce5207/gnocchi.cabb60e8-16ef-447d-89cb-c43e59457553/none_v3" "tx86e2971968074cbab04e9-00697d37a7" "proxy-server 20" 0.0006 "-" 11 0
Jan 30 22:58:47 standalone proxy-server[129002]: 172.18.0.2 172.18.0.100 30/Jan/2026/22/58/47 GET /v1/AUTH_24352ba3f3024f96b08fa3ebf9ce5207/gnocchi.cabb60e8-16ef-447d-89cb-c43e59457553/none_v3 HTTP/1.0 404 - python-swiftclient-3.11.1 gAAAAABpfTc14ov9... - 70 - tx86e2971968074cbab04e9-00697d37a7 - 0.0169 - - 1769813927.114109993 1769813927.131033182 0
Jan 30 22:58:47 standalone account-server[126864]: 172.20.0.100 - - [30/Jan/2026:22:58:47 +0000] "PUT /d1/752/AUTH_24352ba3f3024f96b08fa3ebf9ce5207/gnocchi.cabb60e8-16ef-447d-89cb-c43e59457553" 201 - "PUT http://172.20.0.100:6001/d1/968/AUTH_24352ba3f3024f96b08fa3ebf9ce5207/gnocchi.cabb60e8-16ef-447d-89cb-c43e59457553" "tx2417dbe15f3d422ca9ec4-00697d37a7" "container-server 20" 0.0099 "-" 23 0
