Jan 30 22:44:48 standalone account-server[126625]: Started child 20 from parent 2
Jan 30 22:44:48 standalone account-server[126625]: Started child 21 from parent 2
Jan 30 22:44:48 standalone account-server[126625]: Started child 22 from parent 2
Jan 30 22:44:48 standalone account-server[126625]: Started child 23 from parent 2
Jan 30 22:44:48 standalone container-server[126660]: Option allow_versions is deprecated. Configure the versioned_writes middleware in the proxy-server instead. This option will be ignored in a future release.
Jan 30 22:44:48 standalone container-server[126870]: Option allow_versions is deprecated. Configure the versioned_writes middleware in the proxy-server instead. This option will be ignored in a future release.
Jan 30 22:44:48 standalone container-server[126660]: Started child 20 from parent 2
Jan 30 22:44:48 standalone account-server[126732]: Starting 2
Jan 30 22:44:48 standalone container-server[126872]: Option allow_versions is deprecated. Configure the versioned_writes middleware in the proxy-server instead. This option will be ignored in a future release.
Jan 30 22:44:48 standalone container-server[126660]: Started child 21 from parent 2
Jan 30 22:44:48 standalone container-server[126890]: Option allow_versions is deprecated. Configure the versioned_writes middleware in the proxy-server instead. This option will be ignored in a future release.
Jan 30 22:44:48 standalone container-server[126660]: Started child 22 from parent 2
Jan 30 22:44:48 standalone container-server[126898]: Option allow_versions is deprecated. Configure the versioned_writes middleware in the proxy-server instead. This option will be ignored in a future release.
Jan 30 22:44:48 standalone container-server[126660]: Started child 23 from parent 2
Jan 30 22:44:49 standalone container-server[126989]: Starting 2
Jan 30 22:44:49 standalone object-server[127035]: Starting 2
Jan 30 22:44:49 standalone object-expirer[127031]: Starting 2
Jan 30 22:44:49 standalone object-expirer[127031]: Option auto_create_account_prefix is deprecated. Configure auto_create_account_prefix under the swift-constraints section of swift.conf. This option will be ignored in a future release.
Jan 30 22:44:49 standalone object-server[127067]: Started child 11 from parent 2
Jan 30 22:44:49 standalone object-server[127067]: Started child 13 from parent 2
Jan 30 22:44:49 standalone object-server[127067]: Started child 18 from parent 2
Jan 30 22:44:49 standalone object-server[127067]: Started child 19 from parent 2
Jan 30 22:44:56 standalone proxy-server[128862]: Starting Keystone auth_token middleware
Jan 30 22:44:56 standalone proxy-server[128862]: AuthToken middleware is set with keystone_authtoken.service_token_roles_required set to False. This is backwards compatible but deprecated behaviour. Please set this to True.
Jan 30 22:44:56 standalone proxy-server[129002]: Starting Keystone auth_token middleware
Jan 30 22:44:56 standalone proxy-server[129002]: STDERR: The option "bind_port" is not known to keystonemiddleware
Jan 30 22:44:56 standalone proxy-server[129002]: STDERR: The option "workers" is not known to keystonemiddleware
Jan 30 22:44:56 standalone proxy-server[129002]: STDERR: The option "user" is not known to keystonemiddleware
Jan 30 22:44:56 standalone proxy-server[129002]: STDERR: The option "bind_ip" is not known to keystonemiddleware
Jan 30 22:44:56 standalone proxy-server[129002]: STDERR: The option "log_name" is not known to keystonemiddleware
Jan 30 22:44:56 standalone proxy-server[129002]: STDERR: The option "log_facility" is not known to keystonemiddleware
Jan 30 22:44:56 standalone proxy-server[129002]: STDERR: The option "log_level" is not known to keystonemiddleware
Jan 30 22:44:56 standalone proxy-server[129002]: STDERR: The option "log_headers" is not known to keystonemiddleware
Jan 30 22:44:56 standalone proxy-server[129002]: STDERR: The option "log_address" is not known to keystonemiddleware
Jan 30 22:44:56 standalone proxy-server[129002]: STDERR: The option "project_name" is not known to keystonemiddleware
Jan 30 22:44:56 standalone proxy-server[129002]: STDERR: The option "username" is not known to keystonemiddleware
Jan 30 22:44:56 standalone proxy-server[129002]: STDERR: The option "password" is not known to keystonemiddleware
Jan 30 22:44:56 standalone proxy-server[129002]: STDERR: The option "auth_url" is not known to keystonemiddleware
Jan 30 22:44:56 standalone proxy-server[129002]: STDERR: The option "signing_dir" is not known to keystonemiddleware
Jan 30 22:44:56 standalone proxy-server[129002]: STDERR: The option "project_domain_id" is not known to keystonemiddleware
Jan 30 22:44:56 standalone proxy-server[129002]: STDERR: The option "user_domain_id" is not known to keystonemiddleware
Jan 30 22:44:56 standalone proxy-server[129002]: STDERR: The option "__name__" is not known to keystonemiddleware
Jan 30 22:44:56 standalone proxy-server[129002]: AuthToken middleware is set with keystone_authtoken.service_token_roles_required set to False. This is backwards compatible but deprecated behaviour. Please set this to True.
Jan 30 22:44:56 standalone proxy-server[128862]: Started child 20 from parent 2
Jan 30 22:45:37 standalone object-server[127035]: Begin object update sweep
Jan 30 22:45:37 standalone object-server[133264]: Object update sweep starting on /srv/node/d1 (pid: 11)
Jan 30 22:45:37 standalone object-server[133264]: Object update sweep completed on /srv/node/d1 in 0.00s seconds:, 0 successes, 0 failures, 0 quarantines, 0 unlinks, 0 errors, 0 redirects (pid: 11)
Jan 30 22:45:37 standalone object-server[133264]: Object update sweep of d1 completed: 0.00s, 0 successes, 0 failures, 0 quarantines, 0 unlinks, 0 errors, 0 redirects
Jan 30 22:45:37 standalone object-server[127035]: Object update sweep completed: 0.09s
Jan 30 22:46:24 standalone account-server[126732]: Devices pass completed: 0.00s
Jan 30 22:47:10 standalone account-server[126839]: 172.20.0.100 - - [30/Jan/2026:22:47:10 +0000] "HEAD /d1/272/.expiring_objects" 404 - "HEAD http://localhost/v1/.expiring_objects?format=json" "tx2876a86271c6412caa116-00697d34ee" "proxy-server 2" 0.0017 "-" 21 -
Jan 30 22:47:10 standalone object-expirer[127031]: Pass completed in 0s; 0 objects expired (txn: tx2876a86271c6412caa116-00697d34ee)
Jan 30 22:48:13 standalone account-server[126826]: 172.20.0.100 - - [30/Jan/2026:22:48:13 +0000] "HEAD /d1/272/.expiring_objects" 404 - "HEAD http://localhost/v1/.expiring_objects?format=json" "tx4ecd094285fb49a996231-00697d352d" "proxy-server 2" 0.0017 "-" 20 -
Jan 30 22:48:13 standalone object-expirer[127031]: Pass completed in 0s; 0 objects expired (txn: tx4ecd094285fb49a996231-00697d352d)
Jan 30 22:48:17 standalone account-server[126826]: 172.20.0.100 - - [30/Jan/2026:22:48:17 +0000] "HEAD /d1/272/.expiring_objects" 404 - "HEAD http://localhost/v1/.expiring_objects?format=json" "tx3591ac57a0404d38afc44-00697d3531" "proxy-server 2" 0.0007 "-" 20 -
Jan 30 22:48:17 standalone object-expirer[127031]: Pass completed in 0s; 0 objects expired (txn: tx3591ac57a0404d38afc44-00697d3531)
Jan 30 22:48:48 standalone container-server[126989]: Begin container update sweep
Jan 30 22:48:48 standalone container-server[126989]: Container update sweep completed: 0.00s
Jan 30 22:49:29 standalone account-server[126826]: 172.20.0.100 - - [30/Jan/2026:22:49:29 +0000] "HEAD /d1/272/.expiring_objects" 404 - "HEAD http://localhost/v1/.expiring_objects?format=json" "tx038815a0314044419d894-00697d3579" "proxy-server 2" 0.0005 "-" 20 -
Jan 30 22:49:29 standalone object-expirer[127031]: Pass completed in 0s; 0 objects expired (txn: tx038815a0314044419d894-00697d3579)
Jan 30 22:50:37 standalone object-server[127035]: Begin object update sweep
Jan 30 22:50:37 standalone object-server[170354]: Object update sweep starting on /srv/node/d1 (pid: 13)
Jan 30 22:50:37 standalone object-server[170354]: Object update sweep completed on /srv/node/d1 in 0.00s seconds:, 0 successes, 0 failures, 0 quarantines, 0 unlinks, 0 errors, 0 redirects (pid: 13)
Jan 30 22:50:37 standalone object-server[170354]: Object update sweep of d1 completed: 0.00s, 0 successes, 0 failures, 0 quarantines, 0 unlinks, 0 errors, 0 redirects
Jan 30 22:50:37 standalone object-server[127035]: Object update sweep completed: 0.06s
Jan 30 22:52:24 standalone account-server[126859]: 172.20.0.100 - - [30/Jan/2026:22:52:24 +0000] "HEAD /d1/272/.expiring_objects" 404 - "HEAD http://localhost/v1/.expiring_objects?format=json" "txf92bdc8325164ce2abd05-00697d3628" "proxy-server 2" 0.0012 "-" 22 -
Jan 30 22:52:24 standalone object-expirer[127031]: Pass completed in 0s; 0 objects expired (txn: txf92bdc8325164ce2abd05-00697d3628)
Jan 30 22:53:48 standalone container-server[126989]: Begin container update sweep
Jan 30 22:53:48 standalone container-server[126989]: Container update sweep completed: 0.00s
Jan 30 22:55:37 standalone object-server[127035]: Begin object update sweep
Jan 30 22:55:37 standalone object-server[211610]: Object update sweep starting on /srv/node/d1 (pid: 14)
Jan 30 22:55:37 standalone object-server[211610]: Object update sweep completed on /srv/node/d1 in 0.00s seconds:, 0 successes, 0 failures, 0 quarantines, 0 unlinks, 0 errors, 0 redirects (pid: 14)
Jan 30 22:55:37 standalone object-server[211610]: Object update sweep of d1 completed: 0.00s, 0 successes, 0 failures, 0 quarantines, 0 unlinks, 0 errors, 0 redirects
Jan 30 22:55:37 standalone object-server[127035]: Object update sweep completed: 0.09s
Jan 30 22:55:41 standalone account-server[126826]: 172.20.0.100 - - [30/Jan/2026:22:55:41 +0000] "HEAD /d1/272/.expiring_objects" 404 - "HEAD http://localhost/v1/.expiring_objects?format=json" "tx1e421e476878474e8b066-00697d36ed" "proxy-server 2" 0.0007 "-" 20 -
Jan 30 22:55:41 standalone object-expirer[127031]: Pass completed in 0s; 0 objects expired (txn: tx1e421e476878474e8b066-00697d36ed)
Jan 30 22:56:32 standalone account-server[126839]: 172.20.0.100 - - [30/Jan/2026:22:56:32 +0000] "HEAD /d1/272/.expiring_objects" 404 - "HEAD http://localhost/v1/.expiring_objects?format=json" "tx29f308c5cff747fb85a20-00697d3720" "proxy-server 2" 0.0008 "-" 21 -
Jan 30 22:56:32 standalone object-expirer[127031]: Pass completed in 0s; 0 objects expired (txn: tx29f308c5cff747fb85a20-00697d3720)
Jan 30 22:56:53 standalone account-server[126826]: 172.20.0.100 - - [30/Jan/2026:22:56:53 +0000] "HEAD /d1/752/AUTH_24352ba3f3024f96b08fa3ebf9ce5207" 404 - "HEAD http://172.18.0.2:8080/v1/AUTH_24352ba3f3024f96b08fa3ebf9ce5207?format=json" "txa26bdd00ec3548cf9aafd-00697d3735" "proxy-server 20" 0.0008 "-" 20 -
Jan 30 22:56:53 standalone proxy-server[129002]: - - 30/Jan/2026/22/56/53 HEAD /v1/AUTH_24352ba3f3024f96b08fa3ebf9ce5207%3Fformat%3Djson HTTP/1.0 200 - Swift - - - - txa26bdd00ec3548cf9aafd-00697d3735 - 0.0052 RL - 1769813813.464604378 1769813813.469779253 -
Jan 30 22:56:53 standalone object-server[127167]: 172.20.0.100 - - [30/Jan/2026:22:56:53 +0000] "GET /d1/38/AUTH_24352ba3f3024f96b08fa3ebf9ce5207/gnocchi.0d196c31-4b77-4b21-935d-e9db7b8f5fc0/none_v3" 404 70 "GET http://172.18.0.2:8080/v1/AUTH_24352ba3f3024f96b08fa3ebf9ce5207/gnocchi.0d196c31-4b77-4b21-935d-e9db7b8f5fc0/none_v3" "txa26bdd00ec3548cf9aafd-00697d3735" "proxy-server 20" 0.0017 "-" 19 0
Jan 30 22:56:53 standalone proxy-server[129002]: 172.18.0.2 172.18.0.100 30/Jan/2026/22/56/53 GET /v1/AUTH_24352ba3f3024f96b08fa3ebf9ce5207/gnocchi.0d196c31-4b77-4b21-935d-e9db7b8f5fc0/none_v3 HTTP/1.0 404 - python-swiftclient-3.11.1 gAAAAABpfTc14ov9... - 70 - txa26bdd00ec3548cf9aafd-00697d3735 - 0.4466 - - 1769813813.462198973 1769813813.908762693 0
Jan 30 22:56:53 standalone account-server[126839]: 172.20.0.100 - - [30/Jan/2026:22:56:53 +0000] "PUT /d1/752/AUTH_24352ba3f3024f96b08fa3ebf9ce5207" 201 - "-" "txd0e4b36a59cf488daeaa0-00697d3735" "-" 0.0213 "-" 21 -
Jan 30 22:56:53 standalone proxy-server[129002]: autocreate account '/AUTH_24352ba3f3024f96b08fa3ebf9ce5207' (txn: txd0e4b36a59cf488daeaa0-00697d3735)
Jan 30 22:56:53 standalone account-server[126839]: 172.20.0.100 - - [30/Jan/2026:22:56:53 +0000] "HEAD /d1/752/AUTH_24352ba3f3024f96b08fa3ebf9ce5207" 204 - "HEAD http://172.18.0.2:8080/v1/AUTH_24352ba3f3024f96b08fa3ebf9ce5207?format=json" "txd0e4b36a59cf488daeaa0-00697d3735" "proxy-server 20" 0.0019 "-" 21 -
Jan 30 22:56:53 standalone account-server[126826]: 172.20.0.100 - - [30/Jan/2026:22:56:53 +0000] "PUT /d1/752/AUTH_24352ba3f3024f96b08fa3ebf9ce5207/gnocchi.0d196c31-4b77-4b21-935d-e9db7b8f5fc0" 201 - "PUT http://172.20.0.100:6001/d1/600/AUTH_24352ba3f3024f96b08fa3ebf9ce5207/gnocchi.0d196c31-4b77-4b21-935d-e9db7b8f5fc0" "txd0e4b36a59cf488daeaa0-00697d3735" "container-server 21" 0.0028 "-" 20 0
Jan 30 22:56:53 standalone container-server[126872]: 172.20.0.100 - - [30/Jan/2026:22:56:53 +0000] "PUT /d1/600/AUTH_24352ba3f3024f96b08fa3ebf9ce5207/gnocchi.0d196c31-4b77-4b21-935d-e9db7b8f5fc0" 201 - "PUT http://172.18.0.2:8080/v1/AUTH_24352ba3f3024f96b08fa3ebf9ce5207/gnocchi.0d196c31-4b77-4b21-935d-e9db7b8f5fc0" "txd0e4b36a59cf488daeaa0-00697d3735" "proxy-server 20" 0.0155 "-" 21 0
Jan 30 22:56:53 standalone proxy-server[129002]: 172.18.0.2 172.18.0.100 30/Jan/2026/22/56/53 PUT /v1/AUTH_24352ba3f3024f96b08fa3ebf9ce5207/gnocchi.0d196c31-4b77-4b21-935d-e9db7b8f5fc0 HTTP/1.0 201 - python-swiftclient-3.11.1 gAAAAABpfTc14ov9... - - - txd0e4b36a59cf488daeaa0-00697d3735 - 0.0573 - - 1769813813.914203405 1769813813.971491814 0
Jan 30 22:56:53 standalone container-server[126870]: 172.20.0.100 - - [30/Jan/2026:22:56:53 +0000] "HEAD /d1/600/AUTH_24352ba3f3024f96b08fa3ebf9ce5207/gnocchi.0d196c31-4b77-4b21-935d-e9db7b8f5fc0" 204 - "HEAD http://172.18.0.2:8080/v1/AUTH_24352ba3f3024f96b08fa3ebf9ce5207/gnocchi.0d196c31-4b77-4b21-935d-e9db7b8f5fc0?format=json&states=listing" "txdbf765450245474d91dd0-00697d3735" "proxy-server 20" 0.0023 "-" 20 0
Jan 30 22:56:53 standalone proxy-server[129002]: - - 30/Jan/2026/22/56/53 HEAD /v1/AUTH_24352ba3f3024f96b08fa3ebf9ce5207/gnocchi.0d196c31-4b77-4b21-935d-e9db7b8f5fc0%3Fformat%3Djson%26states%3Dlisting HTTP/1.0 204 - Swift - - - - txdbf765450245474d91dd0-00697d3735 - 0.0059 RL - 1769813813.978627920 1769813813.984547377 0
Jan 30 22:56:53 standalone container-server[126898]: 172.20.0.100 - - [30/Jan/2026:22:56:53 +0000] "GET /d1/600/AUTH_24352ba3f3024f96b08fa3ebf9ce5207/gnocchi.0d196c31-4b77-4b21-935d-e9db7b8f5fc0" 200 2 "GET http://172.18.0.2:8080/v1/AUTH_24352ba3f3024f96b08fa3ebf9ce5207/gnocchi.0d196c31-4b77-4b21-935d-e9db7b8f5fc0?format=json&states=listing" "txdbf765450245474d91dd0-00697d3735" "proxy-server 20" 0.0053 "-" 23 0
Jan 30 22:56:53 standalone proxy-server[129002]: 172.18.0.2 172.18.0.100 30/Jan/2026/22/56/53 GET /v1/AUTH_24352ba3f3024f96b08fa3ebf9ce5207/gnocchi.0d196c31-4b77-4b21-935d-e9db7b8f5fc0%3Fformat%3Djson%26states%3Dlisting HTTP/1.0 200 - python-swiftclient-3.11.1 gAAAAABpfTc14ov9... - 2 - txdbf765450245474d91dd0-00697d3735 - 0.0194 - - 1769813813.977319479 1769813813.996761322 0
Jan 30 22:56:54 standalone object-server[127147]: 172.20.0.100 - - [30/Jan/2026:22:56:54 +0000] "GET /d1/632/AUTH_24352ba3f3024f96b08fa3ebf9ce5207/gnocchi.0d196c31-4b77-4b21-935d-e9db7b8f5fc0/1769040000.0_mean_300.0_v3" 404 70 "GET http://172.18.0.2:8080/v1/AUTH_24352ba3f3024f96b08fa3ebf9ce5207/gnocchi.0d196c31-4b77-4b21-935d-e9db7b8f5fc0/1769040000.0_mean_300.0_v3" "tx874c99bd1ae84388b221a-00697d3736" "proxy-server 20" 0.0011 "-" 13 0
Jan 30 22:56:54 standalone proxy-server[129002]: 172.18.0.2 172.18.0.100 30/Jan/2026/22/56/54 GET /v1/AUTH_24352ba3f3024f96b08fa3ebf9ce5207/gnocchi.0d196c31-4b77-4b21-935d-e9db7b8f5fc0/1769040000.0_mean_300.0_v3 HTTP/1.0 404 - python-swiftclient-3.11.1 gAAAAABpfTc14ov9... - 70 - tx874c99bd1ae84388b221a-00697d3736 - 0.0078 - - 1769813814.001628399 1769813814.009387732 0
Jan 30 22:56:54 standalone container-server[126870]: 172.20.0.100 - - [30/Jan/2026:22:56:54 +0000] "PUT /d1/600/AUTH_24352ba3f3024f96b08fa3ebf9ce5207/gnocchi.0d196c31-4b77-4b21-935d-e9db7b8f5fc0/1769040000.0_mean_300.0_v3" 201 - "PUT http://172.18.0.2:8080/d1/632/AUTH_24352ba3f3024f96b08fa3ebf9ce5207/gnocchi.0d196c31-4b77-4b21-935d-e9db7b8f5fc0/1769040000.0_mean_300.0_v3" "tx8725c6c3d8a44ed2b9cb6-00697d3736" "object-server 13" 0.0021 "-" 20 0
Jan 30 22:56:54 standalone object-server[127147]: 172.20.0.100 - - [30/Jan/2026:22:56:54 +0000] "PUT /d1/632/AUTH_24352ba3f3024f96b08fa3ebf9ce5207/gnocchi.0d196c31-4b77-4b21-935d-e9db7b8f5fc0/1769040000.0_mean_300.0_v3" 201 - "PUT http://172.18.0.2:8080/v1/AUTH_24352ba3f3024f96b08fa3ebf9ce5207/gnocchi.0d196c31-4b77-4b21-935d-e9db7b8f5fc0/1769040000.0_mean_300.0_v3" "tx8725c6c3d8a44ed2b9cb6-00697d3736" "proxy-server 20" 0.0351 "-" 13 0
Jan 30 22:56:54 standalone proxy-server[129002]: 172.18.0.2 172.18.0.100 30/Jan/2026/22/56/54 PUT /v1/AUTH_24352ba3f3024f96b08fa3ebf9ce5207/gnocchi.0d196c31-4b77-4b21-935d-e9db7b8f5fc0/1769040000.0_mean_300.0_v3 HTTP/1.0 201 - python-swiftclient-3.11.1 gAAAAABpfTc14ov9... 16 - - tx8725c6c3d8a44ed2b9cb6-00697d3736 - 0.0471 - - 1769813814.013799191 1769813814.060902357 0
Jan 30 22:56:54 standalone container-server[126870]: 172.20.0.100 - - [30/Jan/2026:22:56:54 +0000] "PUT /d1/600/AUTH_24352ba3f3024f96b08fa3ebf9ce5207/gnocchi.0d196c31-4b77-4b21-935d-e9db7b8f5fc0/none_v3" 201 - "PUT http://172.18.0.2:8080/d1/38/AUTH_24352ba3f3024f96b08fa3ebf9ce5207/gnocchi.0d196c31-4b77-4b21-935d-e9db7b8f5fc0/none_v3" "tx640b53c1b5804fb58c2a9-00697d3736" "object-server 13" 0.0006 "-" 20 0
Jan 30 22:56:54 standalone object-server[127147]: 172.20.0.100 - - [30/Jan/2026:22:56:54 +0000] "PUT /d1/38/AUTH_24352ba3f3024f96b08fa3ebf9ce5207/gnocchi.0d196c31-4b77-4b21-935d-e9db7b8f5fc0/none_v3" 201 - "PUT http://172.18.0.2:8080/v1/AUTH_24352ba3f3024f96b08fa3ebf9ce5207/gnocchi.0d196c31-4b77-4b21-935d-e9db7b8f5fc0/none_v3" "tx640b53c1b5804fb58c2a9-00697d3736" "proxy-server 20" 0.0113 "-" 13 0
Jan 30 22:56:54 standalone proxy-server[129002]: 172.18.0.2 172.18.0.100 30/Jan/2026/22/56/54 PUT /v1/AUTH_24352ba3f3024f96b08fa3ebf9ce5207/gnocchi.0d196c31-4b77-4b21-935d-e9db7b8f5fc0/none_v3 HTTP/1.0 201 - python-swiftclient-3.11.1 gAAAAABpfTc14ov9... 22 - - tx640b53c1b5804fb58c2a9-00697d3736 - 0.0186 - - 1769813814.065334082 1769813814.083925962 0
Jan 30 22:57:23 standalone object-server[127147]: 172.20.0.100 - - [30/Jan/2026:22:57:23 +0000] "GET /d1/38/AUTH_24352ba3f3024f96b08fa3ebf9ce5207/gnocchi.0d196c31-4b77-4b21-935d-e9db7b8f5fc0/none_v3" 200 22 "GET http://172.18.0.2:8080/v1/AUTH_24352ba3f3024f96b08fa3ebf9ce5207/gnocchi.0d196c31-4b77-4b21-935d-e9db7b8f5fc0/none_v3" "tx7b893abf946d49f78b6cc-00697d3753" "proxy-server 20" 0.0008 "-" 13 0
Jan 30 22:57:23 standalone proxy-server[129002]: 172.18.0.2 172.18.0.100 30/Jan/2026/22/57/23 GET /v1/AUTH_24352ba3f3024f96b08fa3ebf9ce5207/gnocchi.0d196c31-4b77-4b21-935d-e9db7b8f5fc0/none_v3 HTTP/1.0 200 - python-swiftclient-3.11.1 gAAAAABpfTc14ov9... - 22 - tx7b893abf946d49f78b6cc-00697d3753 - 0.0081 - - 1769813843.173719645 1769813843.181849241 0
Jan 30 22:57:23 standalone container-server[126890]: 172.20.0.100 - - [30/Jan/2026:22:57:23 +0000] "GET /d1/600/AUTH_24352ba3f3024f96b08fa3ebf9ce5207/gnocchi.0d196c31-4b77-4b21-935d-e9db7b8f5fc0" 200 357 "GET http://172.18.0.2:8080/v1/AUTH_24352ba3f3024f96b08fa3ebf9ce5207/gnocchi.0d196c31-4b77-4b21-935d-e9db7b8f5fc0?format=json&states=listing" "tx879d53fd0ad2492e9790b-00697d3753" "proxy-server 20" 0.0223 "-" 22 0
Jan 30 22:57:23 standalone proxy-server[129002]: 172.18.0.2 172.18.0.100 30/Jan/2026/22/57/23 GET /v1/AUTH_24352ba3f3024f96b08fa3ebf9ce5207/gnocchi.0d196c31-4b77-4b21-935d-e9db7b8f5fc0%3Fformat%3Djson%26states%3Dlisting HTTP/1.0 200 - python-swiftclient-3.11.1 gAAAAABpfTc14ov9... - 357 - tx879d53fd0ad2492e9790b-00697d3753 - 0.0341 - - 1769813843.185980320 1769813843.220073223 0
Jan 30 22:57:23 standalone container-server[126872]: 172.20.0.100 - - [30/Jan/2026:22:57:23 +0000] "GET /d1/600/AUTH_24352ba3f3024f96b08fa3ebf9ce5207/gnocchi.0d196c31-4b77-4b21-935d-e9db7b8f5fc0" 200 2 "GET http://172.18.0.2:8080/v1/AUTH_24352ba3f3024f96b08fa3ebf9ce5207/gnocchi.0d196c31-4b77-4b21-935d-e9db7b8f5fc0?format=json&marker=none_v3&states=listing" "tx3d16de5d577f409fa5202-00697d3753" "proxy-server 20" 0.0032 "-" 21 0
Jan 30 22:57:23 standalone proxy-server[129002]: 172.18.0.2 172.18.0.100 30/Jan/2026/22/57/23 GET /v1/AUTH_24352ba3f3024f96b08fa3ebf9ce5207/gnocchi.0d196c31-4b77-4b21-935d-e9db7b8f5fc0%3Fformat%3Djson%26marker%3Dnone_v3%26states%3Dlisting HTTP/1.0 200 - python-swiftclient-3.11.1 gAAAAABpfTc14ov9... - 2 - tx3d16de5d577f409fa5202-00697d3753 - 0.0103 - - 1769813843.223473549 1769813843.233745813 0
Jan 30 22:57:23 standalone object-server[127147]: 172.20.0.100 - - [30/Jan/2026:22:57:23 +0000] "GET /d1/632/AUTH_24352ba3f3024f96b08fa3ebf9ce5207/gnocchi.0d196c31-4b77-4b21-935d-e9db7b8f5fc0/1769040000.0_mean_300.0_v3" 200 16 "GET http://172.18.0.2:8080/v1/AUTH_24352ba3f3024f96b08fa3ebf9ce5207/gnocchi.0d196c31-4b77-4b21-935d-e9db7b8f5fc0/1769040000.0_mean_300.0_v3" "tx255d308ba2c34e168f21b-00697d3753" "proxy-server 20" 0.0008 "-" 13 0
Jan 30 22:57:23 standalone proxy-server[129002]: 172.18.0.2 172.18.0.100 30/Jan/2026/22/57/23 GET /v1/AUTH_24352ba3f3024f96b08fa3ebf9ce5207/gnocchi.0d196c31-4b77-4b21-935d-e9db7b8f5fc0/1769040000.0_mean_300.0_v3 HTTP/1.0 200 - python-swiftclient-3.11.1 gAAAAABpfTc14ov9... - 16 - tx255d308ba2c34e168f21b-00697d3753 - 0.0064 - - 1769813843.236522436 1769813843.242889881 0
Jan 30 22:57:23 standalone container-server[126870]: 172.20.0.100 - - [30/Jan/2026:22:57:23 +0000] "PUT /d1/600/AUTH_24352ba3f3024f96b08fa3ebf9ce5207/gnocchi.0d196c31-4b77-4b21-935d-e9db7b8f5fc0/1769040000.0_mean_300.0_v3" 201 - "PUT http://172.18.0.2:8080/d1/632/AUTH_24352ba3f3024f96b08fa3ebf9ce5207/gnocchi.0d196c31-4b77-4b21-935d-e9db7b8f5fc0/1769040000.0_mean_300.0_v3" "txb9e51f40d86a42b999af0-00697d3753" "object-server 18" 0.0005 "-" 20 0
Jan 30 22:57:23 standalone object-server[127159]: 172.20.0.100 - - [30/Jan/2026:22:57:23 +0000] "PUT /d1/632/AUTH_24352ba3f3024f96b08fa3ebf9ce5207/gnocchi.0d196c31-4b77-4b21-935d-e9db7b8f5fc0/1769040000.0_mean_300.0_v3" 201 - "PUT http://172.18.0.2:8080/v1/AUTH_24352ba3f3024f96b08fa3ebf9ce5207/gnocchi.0d196c31-4b77-4b21-935d-e9db7b8f5fc0/1769040000.0_mean_300.0_v3" "txb9e51f40d86a42b999af0-00697d3753" "proxy-server 20" 0.0414 "-" 18 0
Jan 30 22:57:23 standalone proxy-server[129002]: 172.18.0.2 172.18.0.100 30/Jan/2026/22/57/23 PUT /v1/AUTH_24352ba3f3024f96b08fa3ebf9ce5207/gnocchi.0d196c31-4b77-4b21-935d-e9db7b8f5fc0/1769040000.0_mean_300.0_v3 HTTP/1.0 201 - python-swiftclient-3.11.1 gAAAAABpfTc14ov9... 16 - - txb9e51f40d86a42b999af0-00697d3753 - 0.0481 - - 1769813843.244979382 1769813843.293056965 0
Jan 30 22:57:23 standalone container-server[126872]: 172.20.0.100 - - [30/Jan/2026:22:57:23 +0000] "PUT /d1/600/AUTH_24352ba3f3024f96b08fa3ebf9ce5207/gnocchi.0d196c31-4b77-4b21-935d-e9db7b8f5fc0/none_v3" 201 - "PUT http://172.18.0.2:8080/d1/38/AUTH_24352ba3f3024f96b08fa3ebf9ce5207/gnocchi.0d196c31-4b77-4b21-935d-e9db7b8f5fc0/none_v3" "tx54019b6a9dc24cbdab1b5-00697d3753" "object-server 18" 0.0006 "-" 21 0
Jan 30 22:57:23 standalone object-server[127159]: 172.20.0.100 - - [30/Jan/2026:22:57:23 +0000] "PUT /d1/38/AUTH_24352ba3f3024f96b08fa3ebf9ce5207/gnocchi.0d196c31-4b77-4b21-935d-e9db7b8f5fc0/none_v3" 201 - "PUT http://172.18.0.2:8080/v1/AUTH_24352ba3f3024f96b08fa3ebf9ce5207/gnocchi.0d196c31-4b77-4b21-935d-e9db7b8f5fc0/none_v3" "tx54019b6a9dc24cbdab1b5-00697d3753" "proxy-server 20" 0.0111 "-" 18 0
Jan 30 22:57:23 standalone proxy-server[129002]: 172.18.0.2 172.18.0.100 30/Jan/2026/22/57/23 PUT /v1/AUTH_24352ba3f3024f96b08fa3ebf9ce5207/gnocchi.0d196c31-4b77-4b21-935d-e9db7b8f5fc0/none_v3 HTTP/1.0 201 - python-swiftclient-3.11.1 gAAAAABpfTc14ov9... 32 - - tx54019b6a9dc24cbdab1b5-00697d3753 - 0.0171 - - 1769813843.297410488 1769813843.314510345 0
Jan 30 22:57:53 standalone account-server[126839]: 172.20.0.100 - - [30/Jan/2026:22:57:53 +0000] "HEAD /d1/752/AUTH_24352ba3f3024f96b08fa3ebf9ce5207" 204 - "HEAD http://172.18.0.2:8080/v1/AUTH_24352ba3f3024f96b08fa3ebf9ce5207?format=json" "tx0c268e1095674fef991bb-00697d3771" "proxy-server 20" 0.0148 "-" 21 -
Jan 30 22:57:53 standalone proxy-server[129002]: - - 30/Jan/2026/22/57/53 HEAD /v1/AUTH_24352ba3f3024f96b08fa3ebf9ce5207%3Fformat%3Djson HTTP/1.0 204 - Swift - - - - tx0c268e1095674fef991bb-00697d3771 - 0.0203 RL - 1769813873.774454832 1769813873.794788837 -
Jan 30 22:57:53 standalone container-server[126870]: 172.20.0.100 - - [30/Jan/2026:22:57:53 +0000] "HEAD /d1/655/AUTH_24352ba3f3024f96b08fa3ebf9ce5207/gnocchi.cc238091-bd02-4573-bcdb-4ce6032e9dc3" 404 - "HEAD http://172.18.0.2:8080/v1/AUTH_24352ba3f3024f96b08fa3ebf9ce5207/gnocchi.cc238091-bd02-4573-bcdb-4ce6032e9dc3?format=json&states=listing" "tx0c268e1095674fef991bb-00697d3771" "proxy-server 20" 0.0006 "-" 20 0
Jan 30 22:57:53 standalone object-server[127159]: 172.20.0.100 - - [30/Jan/2026:22:57:53 +0000] "GET /d1/60/AUTH_24352ba3f3024f96b08fa3ebf9ce5207/gnocchi.cc238091-bd02-4573-bcdb-4ce6032e9dc3/none_v3" 404 70 "GET http://172.18.0.2:8080/v1/AUTH_24352ba3f3024f96b08fa3ebf9ce5207/gnocchi.cc238091-bd02-4573-bcdb-4ce6032e9dc3/none_v3" "tx0c268e1095674fef991bb-00697d3771" "proxy-server 20" 0.0008 "-" 18 0
Jan 30 22:57:53 standalone proxy-server[129002]: 172.18.0.2 172.18.0.100 30/Jan/2026/22/57/53 GET /v1/AUTH_24352ba3f3024f96b08fa3ebf9ce5207/gnocchi.cc238091-bd02-4573-bcdb-4ce6032e9dc3/none_v3 HTTP/1.0 404 - python-swiftclient-3.11.1 gAAAAABpfTc14ov9... - 70 - tx0c268e1095674fef991bb-00697d3771 - 0.0321 - - 1769813873.773669004 1769813873.805756330 0
Jan 30 22:57:53 standalone account-server[126826]: 172.20.0.100 - - [30/Jan/2026:22:57:53 +0000] "PUT /d1/752/AUTH_24352ba3f3024f96b08fa3ebf9ce5207/gnocchi.cc238091-bd02-4573-bcdb-4ce6032e9dc3" 201 - "PUT http://172.20.0.100:6001/d1/655/AUTH_24352ba3f3024f96b08fa3ebf9ce5207/gnocchi.cc238091-bd02-4573-bcdb-4ce6032e9dc3" "txd21172b226ff4d408a6ee-00697d3771" "container-server 21" 0.0023 "-" 20 0
Jan 30 22:57:53 standalone container-server[126872]: 172.20.0.100 - - [30/Jan/2026:22:57:53 +0000] "PUT /d1/655/AUTH_24352ba3f3024f96b08fa3ebf9ce5207/gnocchi.cc238091-bd02-4573-bcdb-4ce6032e9dc3" 201 - "PUT http://172.18.0.2:8080/v1/AUTH_24352ba3f3024f96b08fa3ebf9ce5207/gnocchi.cc238091-bd02-4573-bcdb-4ce6032e9dc3" "txd21172b226ff4d408a6ee-00697d3771" "proxy-server 20" 0.0205 "-" 21 0
Jan 30 22:57:53 standalone proxy-server[129002]: 172.18.0.2 172.18.0.100 30/Jan/2026/22/57/53 PUT /v1/AUTH_24352ba3f3024f96b08fa3ebf9ce5207/gnocchi.cc238091-bd02-4573-bcdb-4ce6032e9dc3 HTTP/1.0 201 - python-swiftclient-3.11.1 gAAAAABpfTc14ov9... - - - txd21172b226ff4d408a6ee-00697d3771 - 0.0245 - - 1769813873.808701992 1769813873.833251238 0
Jan 30 22:57:53 standalone container-server[126870]: 172.20.0.100 - - [30/Jan/2026:22:57:53 +0000] "HEAD /d1/655/AUTH_24352ba3f3024f96b08fa3ebf9ce5207/gnocchi.cc238091-bd02-4573-bcdb-4ce6032e9dc3" 204 - "HEAD http://172.18.0.2:8080/v1/AUTH_24352ba3f3024f96b08fa3ebf9ce5207/gnocchi.cc238091-bd02-4573-bcdb-4ce6032e9dc3?format=json&states=listing" "txad0e98876d7c4c92a3df7-00697d3771" "proxy-server 20" 0.0013 "-" 20 0
Jan 30 22:57:53 standalone proxy-server[129002]: - - 30/Jan/2026/22/57/53 HEAD /v1/AUTH_24352ba3f3024f96b08fa3ebf9ce5207/gnocchi.cc238091-bd02-4573-bcdb-4ce6032e9dc3%3Fformat%3Djson%26states%3Dlisting HTTP/1.0 204 - Swift - - - - txad0e98876d7c4c92a3df7-00697d3771 - 0.0045 RL - 1769813873.836771727 1769813873.841297626 0
Jan 30 22:57:53 standalone container-server[126898]: 172.20.0.100 - - [30/Jan/2026:22:57:53 +0000] "GET /d1/655/AUTH_24352ba3f3024f96b08fa3ebf9ce5207/gnocchi.cc238091-bd02-4573-bcdb-4ce6032e9dc3" 200 2 "GET http://172.18.0.2:8080/v1/AUTH_24352ba3f3024f96b08fa3ebf9ce5207/gnocchi.cc238091-bd02-4573-bcdb-4ce6032e9dc3?format=json&states=listing" "txad0e98876d7c4c92a3df7-00697d3771" "proxy-server 20" 0.0023 "-" 23 0
Jan 30 22:57:53 standalone proxy-server[129002]: 172.18.0.2 172.18.0.100 30/Jan/2026/22/57/53 GET /v1/AUTH_24352ba3f3024f96b08fa3ebf9ce5207/gnocchi.cc238091-bd02-4573-bcdb-4ce6032e9dc3%3Fformat%3Djson%26states%3Dlisting HTTP/1.0 200 - python-swiftclient-3.11.1 gAAAAABpfTc14ov9... - 2 - txad0e98876d7c4c92a3df7-00697d3771 - 0.0121 - - 1769813873.835856199 1769813873.847907305 0
Jan 30 22:57:53 standalone object-server[127159]: 172.20.0.100 - - [30/Jan/2026:22:57:53 +0000] "GET /d1/54/AUTH_24352ba3f3024f96b08fa3ebf9ce5207/gnocchi.cc238091-bd02-4573-bcdb-4ce6032e9dc3/1769040000.0_mean_300.0_v3" 404 70 "GET http://172.18.0.2:8080/v1/AUTH_24352ba3f3024f96b08fa3ebf9ce5207/gnocchi.cc238091-bd02-4573-bcdb-4ce6032e9dc3/1769040000.0_mean_300.0_v3" "txccba5940a1bd4041a6395-00697d3771" "proxy-server 20" 0.0003 "-" 18 0
Jan 30 22:57:53 standalone proxy-server[129002]: 172.18.0.2 172.18.0.100 30/Jan/2026/22/57/53 GET /v1/AUTH_24352ba3f3024f96b08fa3ebf9ce5207/gnocchi.cc238091-bd02-4573-bcdb-4ce6032e9dc3/1769040000.0_mean_300.0_v3 HTTP/1.0 404 - python-swiftclient-3.11.1 gAAAAABpfTc14ov9... - 70 - txccba5940a1bd4041a6395-00697d3771 - 0.0062 - - 1769813873.851383448 1769813873.857581854 0
Jan 30 22:57:53 standalone container-server[126890]: 172.20.0.100 - - [30/Jan/2026:22:57:53 +0000] "PUT /d1/655/AUTH_24352ba3f3024f96b08fa3ebf9ce5207/gnocchi.cc238091-bd02-4573-bcdb-4ce6032e9dc3/1769040000.0_mean_300.0_v3" 201 - "PUT http://172.18.0.2:8080/d1/54/AUTH_24352ba3f3024f96b08fa3ebf9ce5207/gnocchi.cc238091-bd02-4573-bcdb-4ce6032e9dc3/1769040000.0_mean_300.0_v3" "tx464d7ad4a8f544b68c7b7-00697d3771" "object-server 19" 0.0008 "-" 22 0
Jan 30 22:57:53 standalone object-server[127167]: 172.20.0.100 - - [30/Jan/2026:22:57:53 +0000] "PUT /d1/54/AUTH_24352ba3f3024f96b08fa3ebf9ce5207/gnocchi.cc238091-bd02-4573-bcdb-4ce6032e9dc3/1769040000.0_mean_300.0_v3" 201 - "PUT http://172.18.0.2:8080/v1/AUTH_24352ba3f3024f96b08fa3ebf9ce5207/gnocchi.cc238091-bd02-4573-bcdb-4ce6032e9dc3/1769040000.0_mean_300.0_v3" "tx464d7ad4a8f544b68c7b7-00697d3771" "proxy-server 20" 0.0396 "-" 19 0
Jan 30 22:57:53 standalone proxy-server[129002]: 172.18.0.2 172.18.0.100 30/Jan/2026/22/57/53 PUT /v1/AUTH_24352ba3f3024f96b08fa3ebf9ce5207/gnocchi.cc238091-bd02-4573-bcdb-4ce6032e9dc3/1769040000.0_mean_300.0_v3 HTTP/1.0 201 - python-swiftclient-3.11.1 gAAAAABpfTc14ov9... 16 - - tx464d7ad4a8f544b68c7b7-00697d3771 - 0.0463 - - 1769813873.861618996 1769813873.907877207 0
Jan 30 22:57:53 standalone container-server[126872]: 172.20.0.100 - - [30/Jan/2026:22:57:53 +0000] "PUT /d1/655/AUTH_24352ba3f3024f96b08fa3ebf9ce5207/gnocchi.cc238091-bd02-4573-bcdb-4ce6032e9dc3/none_v3" 201 - "PUT http://172.18.0.2:8080/d1/60/AUTH_24352ba3f3024f96b08fa3ebf9ce5207/gnocchi.cc238091-bd02-4573-bcdb-4ce6032e9dc3/none_v3" "txb8bc1c3546e047ac8fc77-00697d3771" "object-server 18" 0.0010 "-" 21 0
Jan 30 22:57:53 standalone object-server[127159]: 172.20.0.100 - - [30/Jan/2026:22:57:53 +0000] "PUT /d1/60/AUTH_24352ba3f3024f96b08fa3ebf9ce5207/gnocchi.cc238091-bd02-4573-bcdb-4ce6032e9dc3/none_v3" 201 - "PUT http://172.18.0.2:8080/v1/AUTH_24352ba3f3024f96b08fa3ebf9ce5207/gnocchi.cc238091-bd02-4573-bcdb-4ce6032e9dc3/none_v3" "txb8bc1c3546e047ac8fc77-00697d3771" "proxy-server 20" 0.0238 "-" 18 0
Jan 30 22:57:53 standalone proxy-server[129002]: 172.18.0.2 172.18.0.100 30/Jan/2026/22/57/53 PUT /v1/AUTH_24352ba3f3024f96b08fa3ebf9ce5207/gnocchi.cc238091-bd02-4573-bcdb-4ce6032e9dc3/none_v3 HTTP/1.0 201 - python-swiftclient-3.11.1 gAAAAABpfTc14ov9... 22 - - txb8bc1c3546e047ac8fc77-00697d3771 - 0.0302 - - 1769813873.912965775 1769813873.943117380 0
Jan 30 22:57:53 standalone container-server[126872]: 172.20.0.100 - - [30/Jan/2026:22:57:53 +0000] "HEAD /d1/179/AUTH_24352ba3f3024f96b08fa3ebf9ce5207/gnocchi.909f09d2-9e22-4f8c-ac26-e9b3e8820efd" 404 - "HEAD http://172.18.0.2:8080/v1/AUTH_24352ba3f3024f96b08fa3ebf9ce5207/gnocchi.909f09d2-9e22-4f8c-ac26-e9b3e8820efd?format=json&states=listing" "txd7f153eb58f04e54af514-00697d3771" "proxy-server 20" 0.0005 "-" 21 0
Jan 30 22:57:53 standalone object-server[127167]: 172.20.0.100 - - [30/Jan/2026:22:57:53 +0000] "GET /d1/924/AUTH_24352ba3f3024f96b08fa3ebf9ce5207/gnocchi.909f09d2-9e22-4f8c-ac26-e9b3e8820efd/none_v3" 404 70 "GET http://172.18.0.2:8080/v1/AUTH_24352ba3f3024f96b08fa3ebf9ce5207/gnocchi.909f09d2-9e22-4f8c-ac26-e9b3e8820efd/none_v3" "txd7f153eb58f04e54af514-00697d3771" "proxy-server 20" 0.0004 "-" 19 0
Jan 30 22:57:53 standalone proxy-server[129002]: 172.18.0.2 172.18.0.100 30/Jan/2026/22/57/53 GET /v1/AUTH_24352ba3f3024f96b08fa3ebf9ce5207/gnocchi.909f09d2-9e22-4f8c-ac26-e9b3e8820efd/none_v3 HTTP/1.0 404 - python-swiftclient-3.11.1 gAAAAABpfTc14ov9... - 70 - txd7f153eb58f04e54af514-00697d3771 - 0.0130 - - 1769813873.952724457 1769813873.965731621 0
Jan 30 22:57:54 standalone account-server[126826]: 172.20.0.100 - - [30/Jan/2026:22:57:54 +0000] "PUT /d1/752/AUTH_24352ba3f3024f96b08fa3ebf9ce5207/gnocchi.909f09d2-9e22-4f8c-ac26-e9b3e8820efd" 201 - "PUT http://172.20.0.100:6001/d1/179/AUTH_24352ba3f3024f96b08fa3ebf9ce5207/gnocchi.909f09d2-9e22-4f8c-ac26-e9b3e8820efd" "tx32a269d73a334ba19ece3-00697d3771" "container-server 20" 0.0161 "-" 20 0
Jan 30 22:57:54 standalone container-server[126870]: 172.20.0.100 - - [30/Jan/2026:22:57:54 +0000] "PUT /d1/179/AUTH_24352ba3f3024f96b08fa3ebf9ce5207/gnocchi.909f09d2-9e22-4f8c-ac26-e9b3e8820efd" 201 - "PUT http://172.18.0.2:8080/v1/AUTH_24352ba3f3024f96b08fa3ebf9ce5207/gnocchi.909f09d2-9e22-4f8c-ac26-e9b3e8820efd" "tx32a269d73a334ba19ece3-00697d3771" "proxy-server 20" 0.0335 "-" 20 0
Jan 30 22:57:54 standalone proxy-server[129002]: 172.18.0.2 172.18.0.100 30/Jan/2026/22/57/54 PUT /v1/AUTH_24352ba3f3024f96b08fa3ebf9ce5207/gnocchi.909f09d2-9e22-4f8c-ac26-e9b3e8820efd HTTP/1.0 201 - python-swiftclient-3.11.1 gAAAAABpfTc14ov9... - - - tx32a269d73a334ba19ece3-00697d3771 - 0.0399 - - 1769813873.974186182 1769813874.014124632 0
Jan 30 22:57:54 standalone container-server[126872]: 172.20.0.100 - - [30/Jan/2026:22:57:54 +0000] "HEAD /d1/179/AUTH_24352ba3f3024f96b08fa3ebf9ce5207/gnocchi.909f09d2-9e22-4f8c-ac26-e9b3e8820efd" 204 - "HEAD http://172.18.0.2:8080/v1/AUTH_24352ba3f3024f96b08fa3ebf9ce5207/gnocchi.909f09d2-9e22-4f8c-ac26-e9b3e8820efd?format=json&states=listing" "tx069c357b9f7f4fc88a546-00697d3772" "proxy-server 20" 0.0012 "-" 21 0
Jan 30 22:57:54 standalone proxy-server[129002]: - - 30/Jan/2026/22/57/54 HEAD /v1/AUTH_24352ba3f3024f96b08fa3ebf9ce5207/gnocchi.909f09d2-9e22-4f8c-ac26-e9b3e8820efd%3Fformat%3Djson%26states%3Dlisting HTTP/1.0 204 - Swift - - - - tx069c357b9f7f4fc88a546-00697d3772 - 0.0047 RL - 1769813874.019394875 1769813874.024065495 0
Jan 30 22:57:54 standalone container-server[126870]: 172.20.0.100 - - [30/Jan/2026:22:57:54 +0000] "GET /d1/179/AUTH_24352ba3f3024f96b08fa3ebf9ce5207/gnocchi.909f09d2-9e22-4f8c-ac26-e9b3e8820efd" 200 2 "GET http://172.18.0.2:8080/v1/AUTH_24352ba3f3024f96b08fa3ebf9ce5207/gnocchi.909f09d2-9e22-4f8c-ac26-e9b3e8820efd?format=json&states=listing" "tx069c357b9f7f4fc88a546-00697d3772" "proxy-server 20" 0.0018 "-" 20 0
Jan 30 22:57:54 standalone proxy-server[129002]: 172.18.0.2 172.18.0.100 30/Jan/2026/22/57/54 GET /v1/AUTH_24352ba3f3024f96b08fa3ebf9ce5207/gnocchi.909f09d2-9e22-4f8c-ac26-e9b3e8820efd%3Fformat%3Djson%26states%3Dlisting HTTP/1.0 200 - python-swiftclient-3.11.1 gAAAAABpfTc14ov9... - 2 - tx069c357b9f7f4fc88a546-00697d3772 - 0.0126 - - 1769813874.018337727 1769813874.030979872 0
Jan 30 22:57:54 standalone object-server[127147]: 172.20.0.100 - - [30/Jan/2026:22:57:54 +0000] "GET /d1/748/AUTH_24352ba3f3024f96b08fa3ebf9ce5207/gnocchi.909f09d2-9e22-4f8c-ac26-e9b3e8820efd/1769040000.0_mean_300.0_v3" 404 70 "GET http://172.18.0.2:8080/v1/AUTH_24352ba3f3024f96b08fa3ebf9ce5207/gnocchi.909f09d2-9e22-4f8c-ac26-e9b3e8820efd/1769040000.0_mean_300.0_v3" "txab2d81b200624f9987a2a-00697d3772" "proxy-server 20" 0.0005 "-" 13 0
Jan 30 22:57:54 standalone proxy-server[129002]: 172.18.0.2 172.18.0.100 30/Jan/2026/22/57/54 GET /v1/AUTH_24352ba3f3024f96b08fa3ebf9ce5207/gnocchi.909f09d2-9e22-4f8c-ac26-e9b3e8820efd/1769040000.0_mean_300.0_v3 HTTP/1.0 404 - python-swiftclient-3.11.1 gAAAAABpfTc14ov9... - 70 - txab2d81b200624f9987a2a-00697d3772 - 0.0110 - - 1769813874.039427757 1769813874.050438404 0
Jan 30 22:57:54 standalone container-server[126872]: 172.20.0.100 - - [30/Jan/2026:22:57:54 +0000] "PUT /d1/179/AUTH_24352ba3f3024f96b08fa3ebf9ce5207/gnocchi.909f09d2-9e22-4f8c-ac26-e9b3e8820efd/1769040000.0_mean_300.0_v3" 201 - "PUT http://172.18.0.2:8080/d1/748/AUTH_24352ba3f3024f96b08fa3ebf9ce5207/gnocchi.909f09d2-9e22-4f8c-ac26-e9b3e8820efd/1769040000.0_mean_300.0_v3" "txc5efc6fe93c24cd19476a-00697d3772" "object-server 11" 0.0008 "-" 21 0
Jan 30 22:57:54 standalone object-server[127134]: 172.20.0.100 - - [30/Jan/2026:22:57:54 +0000] "PUT /d1/748/AUTH_24352ba3f3024f96b08fa3ebf9ce5207/gnocchi.909f09d2-9e22-4f8c-ac26-e9b3e8820efd/1769040000.0_mean_300.0_v3" 201 - "PUT http://172.18.0.2:8080/v1/AUTH_24352ba3f3024f96b08fa3ebf9ce5207/gnocchi.909f09d2-9e22-4f8c-ac26-e9b3e8820efd/1769040000.0_mean_300.0_v3" "txc5efc6fe93c24cd19476a-00697d3772" "proxy-server 20" 0.0239 "-" 11 0
Jan 30 22:57:54 standalone proxy-server[129002]: 172.18.0.2 172.18.0.100 30/Jan/2026/22/57/54 PUT /v1/AUTH_24352ba3f3024f96b08fa3ebf9ce5207/gnocchi.909f09d2-9e22-4f8c-ac26-e9b3e8820efd/1769040000.0_mean_300.0_v3 HTTP/1.0 201 - python-swiftclient-3.11.1 gAAAAABpfTc14ov9... 16 - - txc5efc6fe93c24cd19476a-00697d3772 - 0.0296 - - 1769813874.055100203 1769813874.084655523 0
Jan 30 22:57:54 standalone container-server[126872]: 172.20.0.100 - - [30/Jan/2026:22:57:54 +0000] "PUT /d1/179/AUTH_24352ba3f3024f96b08fa3ebf9ce5207/gnocchi.909f09d2-9e22-4f8c-ac26-e9b3e8820efd/none_v3" 201 - "PUT http://172.18.0.2:8080/d1/924/AUTH_24352ba3f3024f96b08fa3ebf9ce5207/gnocchi.909f09d2-9e22-4f8c-ac26-e9b3e8820efd/none_v3" "tx7d81ceffece046b59a4aa-00697d3772" "object-server 18" 0.0006 "-" 21 0
Jan 30 22:57:54 standalone object-server[127159]: 172.20.0.100 - - [30/Jan/2026:22:57:54 +0000] "PUT /d1/924/AUTH_24352ba3f3024f96b08fa3ebf9ce5207/gnocchi.909f09d2-9e22-4f8c-ac26-e9b3e8820efd/none_v3" 201 - "PUT http://172.18.0.2:8080/v1/AUTH_24352ba3f3024f96b08fa3ebf9ce5207/gnocchi.909f09d2-9e22-4f8c-ac26-e9b3e8820efd/none_v3" "tx7d81ceffece046b59a4aa-00697d3772" "proxy-server 20" 0.0109 "-" 18 0
Jan 30 22:57:54 standalone proxy-server[129002]: 172.18.0.2 172.18.0.100 30/Jan/2026/22/57/54 PUT /v1/AUTH_24352ba3f3024f96b08fa3ebf9ce5207/gnocchi.909f09d2-9e22-4f8c-ac26-e9b3e8820efd/none_v3 HTTP/1.0 201 - python-swiftclient-3.11.1 gAAAAABpfTc14ov9... 22 - - tx7d81ceffece046b59a4aa-00697d3772 - 0.0236 - - 1769813874.090211153 1769813874.113798141 0
Jan 30 22:58:01 standalone container-server[126898]: 172.20.0.100 - - [30/Jan/2026:22:58:01 +0000] "HEAD /d1/964/AUTH_24352ba3f3024f96b08fa3ebf9ce5207/gnocchi.a3635a17-297c-42b0-86ea-faddb9a458de" 404 - "HEAD http://172.18.0.2:8080/v1/AUTH_24352ba3f3024f96b08fa3ebf9ce5207/gnocchi.a3635a17-297c-42b0-86ea-faddb9a458de?format=json&states=listing" "tx67db7d22fc624b34b9640-00697d3779" "proxy-server 20" 0.0010 "-" 23 0
Jan 30 22:58:01 standalone object-server[127167]: 172.20.0.100 - - [30/Jan/2026:22:58:01 +0000] "GET /d1/819/AUTH_24352ba3f3024f96b08fa3ebf9ce5207/gnocchi.a3635a17-297c-42b0-86ea-faddb9a458de/none_v3" 404 70 "GET http://172.18.0.2:8080/v1/AUTH_24352ba3f3024f96b08fa3ebf9ce5207/gnocchi.a3635a17-297c-42b0-86ea-faddb9a458de/none_v3" "tx67db7d22fc624b34b9640-00697d3779" "proxy-server 20" 0.0009 "-" 19 0
Jan 30 22:58:01 standalone proxy-server[129002]: 172.18.0.2 172.18.0.100 30/Jan/2026/22/58/01 GET /v1/AUTH_24352ba3f3024f96b08fa3ebf9ce5207/gnocchi.a3635a17-297c-42b0-86ea-faddb9a458de/none_v3 HTTP/1.0 404 - python-swiftclient-3.11.1 gAAAAABpfTc14ov9... - 70 - tx67db7d22fc624b34b9640-00697d3779 - 0.0164 - - 1769813881.673220396 1769813881.689659834 0
Jan 30 22:58:01 standalone account-server[126864]: 172.20.0.100 - - [30/Jan/2026:22:58:01 +0000] "PUT /d1/752/AUTH_24352ba3f3024f96b08fa3ebf9ce5207/gnocchi.a3635a17-297c-42b0-86ea-faddb9a458de" 201 - "PUT http://172.20.0.100:6001/d1/964/AUTH_24352ba3f3024f96b08fa3ebf9ce5207/gnocchi.a3635a17-297c-42b0-86ea-faddb9a458de" "tx261fbca03ca3450c95d4f-00697d3779" "container-server 20" 0.0190 "-" 23 0
Jan 30 22:58:01 standalone container-server[126870]: 172.20.0.100 - - [30/Jan/2026:22:58:01 +0000] "PUT /d1/964/AUTH_24352ba3f3024f96b08fa3ebf9ce5207/gnocchi.a3635a17-297c-42b0-86ea-faddb9a458de" 201 - "PUT http://172.18.0.2:8080/v1/AUTH_24352ba3f3024f96b08fa3ebf9ce5207/gnocchi.a3635a17-297c-42b0-86ea-faddb9a458de" "tx261fbca03ca3450c95d4f-00697d3779" "proxy-server 20" 0.0347 "-" 20 0
Jan 30 22:58:01 standalone proxy-server[129002]: 172.18.0.2 172.18.0.100 30/Jan/2026/22/58/01 PUT /v1/AUTH_24352ba3f3024f96b08fa3ebf9ce5207/gnocchi.a3635a17-297c-42b0-86ea-faddb9a458de HTTP/1.0 201 - python-swiftclient-3.11.1 gAAAAABpfTc14ov9... - - - tx261fbca03ca3450c95d4f-00697d3779 - 0.0427 - - 1769813881.694472551 1769813881.737205982 0
Jan 30 22:58:01 standalone container-server[126898]: 172.20.0.100 - - [30/Jan/2026:22:58:01 +0000] "HEAD /d1/964/AUTH_24352ba3f3024f96b08fa3ebf9ce5207/gnocchi.a3635a17-297c-42b0-86ea-faddb9a458de" 204 - "HEAD http://172.18.0.2:8080/v1/AUTH_24352ba3f3024f96b08fa3ebf9ce5207/gnocchi.a3635a17-297c-42b0-86ea-faddb9a458de?format=json&states=listing" "txa342e5192cc7424b8fbf5-00697d3779" "proxy-server 20" 0.0026 "-" 23 0
Jan 30 22:58:01 standalone proxy-server[129002]: - - 30/Jan/2026/22/58/01 HEAD /v1/AUTH_24352ba3f3024f96b08fa3ebf9ce5207/gnocchi.a3635a17-297c-42b0-86ea-faddb9a458de%3Fformat%3Djson%26states%3Dlisting HTTP/1.0 204 - Swift - - - - txa342e5192cc7424b8fbf5-00697d3779 - 0.0138 RL - 1769813881.753986835 1769813881.767744780 0
Jan 30 22:58:01 standalone container-server[126870]: 172.20.0.100 - - [30/Jan/2026:22:58:01 +0000] "GET /d1/964/AUTH_24352ba3f3024f96b08fa3ebf9ce5207/gnocchi.a3635a17-297c-42b0-86ea-faddb9a458de" 200 2 "GET http://172.18.0.2:8080/v1/AUTH_24352ba3f3024f96b08fa3ebf9ce5207/gnocchi.a3635a17-297c-42b0-86ea-faddb9a458de?format=json&states=listing" "txa342e5192cc7424b8fbf5-00697d3779" "proxy-server 20" 0.0032 "-" 20 0
Jan 30 22:58:01 standalone proxy-server[129002]: 172.18.0.2 172.18.0.100 30/Jan/2026/22/58/01 GET /v1/AUTH_24352ba3f3024f96b08fa3ebf9ce5207/gnocchi.a3635a17-297c-42b0-86ea-faddb9a458de%3Fformat%3Djson%26states%3Dlisting HTTP/1.0 200 - python-swiftclient-3.11.1 gAAAAABpfTc14ov9... - 2 - txa342e5192cc7424b8fbf5-00697d3779 - 0.0369 - - 1769813881.748047590 1769813881.784967422 0
Jan 30 22:58:01 standalone object-server[127167]: 172.20.0.100 - - [30/Jan/2026:22:58:01 +0000] "GET /d1/702/AUTH_24352ba3f3024f96b08fa3ebf9ce5207/gnocchi.a3635a17-297c-42b0-86ea-faddb9a458de/1769040000.0_mean_300.0_v3" 404 70 "GET http://172.18.0.2:8080/v1/AUTH_24352ba3f3024f96b08fa3ebf9ce5207/gnocchi.a3635a17-297c-42b0-86ea-faddb9a458de/1769040000.0_mean_300.0_v3" "tx6eeb1d39c0354a13988b8-00697d3779" "proxy-server 20" 0.0007 "-" 19 0
Jan 30 22:58:01 standalone proxy-server[129002]: 172.18.0.2 172.18.0.100 30/Jan/2026/22/58/01 GET /v1/AUTH_24352ba3f3024f96b08fa3ebf9ce5207/gnocchi.a3635a17-297c-42b0-86ea-faddb9a458de/1769040000.0_mean_300.0_v3 HTTP/1.0 404 - python-swiftclient-3.11.1 gAAAAABpfTc14ov9... - 70 - tx6eeb1d39c0354a13988b8-00697d3779 - 0.0108 - - 1769813881.789996147 1769813881.800819635 0
Jan 30 22:58:01 standalone container-server[126890]: 172.20.0.100 - - [30/Jan/2026:22:58:01 +0000] "PUT /d1/964/AUTH_24352ba3f3024f96b08fa3ebf9ce5207/gnocchi.a3635a17-297c-42b0-86ea-faddb9a458de/1769040000.0_mean_300.0_v3" 201 - "PUT http://172.18.0.2:8080/d1/702/AUTH_24352ba3f3024f96b08fa3ebf9ce5207/gnocchi.a3635a17-297c-42b0-86ea-faddb9a458de/1769040000.0_mean_300.0_v3" "txde63ab366d474b98851eb-00697d3779" "object-server 19" 0.0007 "-" 22 0
Jan 30 22:58:01 standalone object-server[127167]: 172.20.0.100 - - [30/Jan/2026:22:58:01 +0000] "PUT /d1/702/AUTH_24352ba3f3024f96b08fa3ebf9ce5207/gnocchi.a3635a17-297c-42b0-86ea-faddb9a458de/1769040000.0_mean_300.0_v3" 201 - "PUT http://172.18.0.2:8080/v1/AUTH_24352ba3f3024f96b08fa3ebf9ce5207/gnocchi.a3635a17-297c-42b0-86ea-faddb9a458de/1769040000.0_mean_300.0_v3" "txde63ab366d474b98851eb-00697d3779" "proxy-server 20" 0.0476 "-" 19 0
Jan 30 22:58:01 standalone proxy-server[129002]: 172.18.0.2 172.18.0.100 30/Jan/2026/22/58/01 PUT /v1/AUTH_24352ba3f3024f96b08fa3ebf9ce5207/gnocchi.a3635a17-297c-42b0-86ea-faddb9a458de/1769040000.0_mean_300.0_v3 HTTP/1.0 201 - python-swiftclient-3.11.1 gAAAAABpfTc14ov9... 16 - - txde63ab366d474b98851eb-00697d3779 - 0.0604 - - 1769813881.806706429 1769813881.867136955 0
Jan 30 22:58:01 standalone container-server[126870]: 172.20.0.100 - - [30/Jan/2026:22:58:01 +0000] "PUT /d1/964/AUTH_24352ba3f3024f96b08fa3ebf9ce5207/gnocchi.a3635a17-297c-42b0-86ea-faddb9a458de/none_v3" 201 - "PUT http://172.18.0.2:8080/d1/819/AUTH_24352ba3f3024f96b08fa3ebf9ce5207/gnocchi.a3635a17-297c-42b0-86ea-faddb9a458de/none_v3" "tx7858845fae2847059ece5-00697d3779" "object-server 11" 0.0009 "-" 20 0
Jan 30 22:58:01 standalone object-server[127134]: 172.20.0.100 - - [30/Jan/2026:22:58:01 +0000] "PUT /d1/819/AUTH_24352ba3f3024f96b08fa3ebf9ce5207/gnocchi.a3635a17-297c-42b0-86ea-faddb9a458de/none_v3" 201 - "PUT http://172.18.0.2:8080/v1/AUTH_24352ba3f3024f96b08fa3ebf9ce5207/gnocchi.a3635a17-297c-42b0-86ea-faddb9a458de/none_v3" "tx7858845fae2847059ece5-00697d3779" "proxy-server 20" 0.0157 "-" 11 0
Jan 30 22:58:01 standalone proxy-server[129002]: 172.18.0.2 172.18.0.100 30/Jan/2026/22/58/01 PUT /v1/AUTH_24352ba3f3024f96b08fa3ebf9ce5207/gnocchi.a3635a17-297c-42b0-86ea-faddb9a458de/none_v3 HTTP/1.0 201 - python-swiftclient-3.11.1 gAAAAABpfTc14ov9... 22 - - tx7858845fae2847059ece5-00697d3779 - 0.0232 - - 1769813881.872132540 1769813881.895357847 0
Jan 30 22:58:01 standalone container-server[126872]: 172.20.0.100 - - [30/Jan/2026:22:58:01 +0000] "HEAD /d1/173/AUTH_24352ba3f3024f96b08fa3ebf9ce5207/gnocchi.af6f2ff3-9c41-48b2-bf7f-364b94cca6df" 404 - "HEAD http://172.18.0.2:8080/v1/AUTH_24352ba3f3024f96b08fa3ebf9ce5207/gnocchi.af6f2ff3-9c41-48b2-bf7f-364b94cca6df?format=json&states=listing" "tx9e0946e6a0ec423997978-00697d3779" "proxy-server 20" 0.0005 "-" 21 0
Jan 30 22:58:01 standalone object-server[127134]: 172.20.0.100 - - [30/Jan/2026:22:58:01 +0000] "GET /d1/238/AUTH_24352ba3f3024f96b08fa3ebf9ce5207/gnocchi.af6f2ff3-9c41-48b2-bf7f-364b94cca6df/none_v3" 404 70 "GET http://172.18.0.2:8080/v1/AUTH_24352ba3f3024f96b08fa3ebf9ce5207/gnocchi.af6f2ff3-9c41-48b2-bf7f-364b94cca6df/none_v3" "tx9e0946e6a0ec423997978-00697d3779" "proxy-server 20" 0.0004 "-" 11 0
Jan 30 22:58:01 standalone proxy-server[129002]: 172.18.0.2 172.18.0.100 30/Jan/2026/22/58/01 GET /v1/AUTH_24352ba3f3024f96b08fa3ebf9ce5207/gnocchi.af6f2ff3-9c41-48b2-bf7f-364b94cca6df/none_v3 HTTP/1.0 404 - python-swiftclient-3.11.1 gAAAAABpfTc14ov9... - 70 - tx9e0946e6a0ec423997978-00697d3779 - 0.0185 - - 1769813881.909428120 1769813881.927896023 0
Jan 30 22:58:01 standalone account-server[126864]: 172.20.0.100 - - [30/Jan/2026:22:58:01 +0000] "PUT /d1/752/AUTH_24352ba3f3024f96b08fa3ebf9ce5207/gnocchi.af6f2ff3-9c41-48b2-bf7f-364b94cca6df" 201 - "PUT http://172.20.0.100:6001/d1/173/AUTH_24352ba3f3024f96b08fa3ebf9ce5207/gnocchi.af6f2ff3-9c41-48b2-bf7f-364b94cca6df" "txfdbbf186d1c44d77b1e71-00697d3779" "container-server 20" 0.0054 "-" 23 0
Jan 30 22:58:01 standalone container-server[126870]: 172.20.0.100 - - [30/Jan/2026:22:58:01 +0000] "PUT /d1/173/AUTH_24352ba3f3024f96b08fa3ebf9ce5207/gnocchi.af6f2ff3-9c41-48b2-bf7f-364b94cca6df" 201 - "PUT http://172.18.0.2:8080/v1/AUTH_24352ba3f3024f96b08fa3ebf9ce5207/gnocchi.af6f2ff3-9c41-48b2-bf7f-364b94cca6df" "txfdbbf186d1c44d77b1e71-00697d3779" "proxy-server 20" 0.0232 "-" 20 0
Jan 30 22:58:01 standalone proxy-server[129002]: 172.18.0.2 172.18.0.100 30/Jan/2026/22/58/01 PUT /v1/AUTH_24352ba3f3024f96b08fa3ebf9ce5207/gnocchi.af6f2ff3-9c41-48b2-bf7f-364b94cca6df HTTP/1.0 201 - python-swiftclient-3.11.1 gAAAAABpfTc14ov9... - - - txfdbbf186d1c44d77b1e71-00697d3779 - 0.0318 - - 1769813881.932235241 1769813881.963993549 0
Jan 30 22:58:01 standalone container-server[126898]: 172.20.0.100 - - [30/Jan/2026:22:58:01 +0000] "HEAD /d1/173/AUTH_24352ba3f3024f96b08fa3ebf9ce5207/gnocchi.af6f2ff3-9c41-48b2-bf7f-364b94cca6df" 204 - "HEAD http://172.18.0.2:8080/v1/AUTH_24352ba3f3024f96b08fa3ebf9ce5207/gnocchi.af6f2ff3-9c41-48b2-bf7f-364b94cca6df?format=json&states=listing" "tx7bfbbcab42d9492c8f5d0-00697d3779" "proxy-server 20" 0.0057 "-" 23 0
Jan 30 22:58:01 standalone proxy-server[129002]: - - 30/Jan/2026/22/58/01 HEAD /v1/AUTH_24352ba3f3024f96b08fa3ebf9ce5207/gnocchi.af6f2ff3-9c41-48b2-bf7f-364b94cca6df%3Fformat%3Djson%26states%3Dlisting HTTP/1.0 204 - Swift - - - - tx7bfbbcab42d9492c8f5d0-00697d3779 - 0.0132 RL - 1769813881.973737240 1769813881.986933708 0
Jan 30 22:58:01 standalone container-server[126898]: 172.20.0.100 - - [30/Jan/2026:22:58:01 +0000] "GET /d1/173/AUTH_24352ba3f3024f96b08fa3ebf9ce5207/gnocchi.af6f2ff3-9c41-48b2-bf7f-364b94cca6df" 200 2 "GET http://172.18.0.2:8080/v1/AUTH_24352ba3f3024f96b08fa3ebf9ce5207/gnocchi.af6f2ff3-9c41-48b2-bf7f-364b94cca6df?format=json&states=listing" "tx7bfbbcab42d9492c8f5d0-00697d3779" "proxy-server 20" 0.0024 "-" 23 0
Jan 30 22:58:02 standalone proxy-server[129002]: 172.18.0.2 172.18.0.100 30/Jan/2026/22/58/02 GET /v1/AUTH_24352ba3f3024f96b08fa3ebf9ce5207/gnocchi.af6f2ff3-9c41-48b2-bf7f-364b94cca6df%3Fformat%3Djson%26states%3Dlisting HTTP/1.0 200 - python-swiftclient-3.11.1 gAAAAABpfTc14ov9... - 2 - tx7bfbbcab42d9492c8f5d0-00697d3779 - 0.0304 - - 1769813881.969861031 1769813882.000308990 0
Jan 30 22:58:02 standalone object-server[127147]: 172.20.0.100 - - [30/Jan/2026:22:58:02 +0000] "GET /d1/560/AUTH_24352ba3f3024f96b08fa3ebf9ce5207/gnocchi.af6f2ff3-9c41-48b2-bf7f-364b94cca6df/1769040000.0_mean_300.0_v3" 404 70 "GET http://172.18.0.2:8080/v1/AUTH_24352ba3f3024f96b08fa3ebf9ce5207/gnocchi.af6f2ff3-9c41-48b2-bf7f-364b94cca6df/1769040000.0_mean_300.0_v3" "tx618b9fe6897949c1834cc-00697d377a" "proxy-server 20" 0.0004 "-" 13 0
