Jan 30 22:59:02 standalone proxy-server[129002]: 172.18.0.2 172.18.0.100 30/Jan/2026/22/59/02 PUT /v1/AUTH_24352ba3f3024f96b08fa3ebf9ce5207/gnocchi.cff3d134-6ca2-4163-8165-6da12466cd0b HTTP/1.0 201 - python-swiftclient-3.11.1 gAAAAABpfTc14ov9... - - - tx0eac0f6e4be64d209a0e1-00697d37b6 - 0.0252 - - 1769813942.760158062 1769813942.785322189 0
Jan 30 22:59:02 standalone container-server[126872]: 172.20.0.100 - - [30/Jan/2026:22:59:02 +0000] "HEAD /d1/252/AUTH_24352ba3f3024f96b08fa3ebf9ce5207/gnocchi.cff3d134-6ca2-4163-8165-6da12466cd0b" 204 - "HEAD http://172.18.0.2:8080/v1/AUTH_24352ba3f3024f96b08fa3ebf9ce5207/gnocchi.cff3d134-6ca2-4163-8165-6da12466cd0b?format=json&states=listing" "tx880e270835fa43aeb0fea-00697d37b6" "proxy-server 20" 0.0029 "-" 21 0
Jan 30 22:59:02 standalone proxy-server[129002]: - - 30/Jan/2026/22/59/02 HEAD /v1/AUTH_24352ba3f3024f96b08fa3ebf9ce5207/gnocchi.cff3d134-6ca2-4163-8165-6da12466cd0b%3Fformat%3Djson%26states%3Dlisting HTTP/1.0 204 - Swift - - - - tx880e270835fa43aeb0fea-00697d37b6 - 0.0100 RL - 1769813942.799708605 1769813942.809727430 0
Jan 30 22:59:02 standalone container-server[126898]: 172.20.0.100 - - [30/Jan/2026:22:59:02 +0000] "GET /d1/252/AUTH_24352ba3f3024f96b08fa3ebf9ce5207/gnocchi.cff3d134-6ca2-4163-8165-6da12466cd0b" 200 2 "GET http://172.18.0.2:8080/v1/AUTH_24352ba3f3024f96b08fa3ebf9ce5207/gnocchi.cff3d134-6ca2-4163-8165-6da12466cd0b?format=json&states=listing" "tx880e270835fa43aeb0fea-00697d37b6" "proxy-server 20" 0.0050 "-" 23 0
Jan 30 22:59:02 standalone proxy-server[129002]: 172.18.0.2 172.18.0.100 30/Jan/2026/22/59/02 GET /v1/AUTH_24352ba3f3024f96b08fa3ebf9ce5207/gnocchi.cff3d134-6ca2-4163-8165-6da12466cd0b%3Fformat%3Djson%26states%3Dlisting HTTP/1.0 200 - python-swiftclient-3.11.1 gAAAAABpfTc14ov9... - 2 - tx880e270835fa43aeb0fea-00697d37b6 - 0.0270 - - 1769813942.798238516 1769813942.825265169 0
Jan 30 22:59:02 standalone object-server[127159]: 172.20.0.100 - - [30/Jan/2026:22:59:02 +0000] "GET /d1/277/AUTH_24352ba3f3024f96b08fa3ebf9ce5207/gnocchi.cff3d134-6ca2-4163-8165-6da12466cd0b/1769040000.0_mean_300.0_v3" 404 70 "GET http://172.18.0.2:8080/v1/AUTH_24352ba3f3024f96b08fa3ebf9ce5207/gnocchi.cff3d134-6ca2-4163-8165-6da12466cd0b/1769040000.0_mean_300.0_v3" "tx6181c921f466468aa9ecb-00697d37b6" "proxy-server 20" 0.0004 "-" 18 0
Jan 30 22:59:02 standalone proxy-server[129002]: 172.18.0.2 172.18.0.100 30/Jan/2026/22/59/02 GET /v1/AUTH_24352ba3f3024f96b08fa3ebf9ce5207/gnocchi.cff3d134-6ca2-4163-8165-6da12466cd0b/1769040000.0_mean_300.0_v3 HTTP/1.0 404 - python-swiftclient-3.11.1 gAAAAABpfTc14ov9... - 70 - tx6181c921f466468aa9ecb-00697d37b6 - 0.0072 - - 1769813942.831694126 1769813942.838943243 0
Jan 30 22:59:02 standalone container-server[126898]: 172.20.0.100 - - [30/Jan/2026:22:59:02 +0000] "PUT /d1/252/AUTH_24352ba3f3024f96b08fa3ebf9ce5207/gnocchi.cff3d134-6ca2-4163-8165-6da12466cd0b/1769040000.0_mean_300.0_v3" 201 - "PUT http://172.18.0.2:8080/d1/277/AUTH_24352ba3f3024f96b08fa3ebf9ce5207/gnocchi.cff3d134-6ca2-4163-8165-6da12466cd0b/1769040000.0_mean_300.0_v3" "tx51b12a433ccc4d8f8f2a7-00697d37b6" "object-server 18" 0.0010 "-" 23 0
Jan 30 22:59:02 standalone object-server[127159]: 172.20.0.100 - - [30/Jan/2026:22:59:02 +0000] "PUT /d1/277/AUTH_24352ba3f3024f96b08fa3ebf9ce5207/gnocchi.cff3d134-6ca2-4163-8165-6da12466cd0b/1769040000.0_mean_300.0_v3" 201 - "PUT http://172.18.0.2:8080/v1/AUTH_24352ba3f3024f96b08fa3ebf9ce5207/gnocchi.cff3d134-6ca2-4163-8165-6da12466cd0b/1769040000.0_mean_300.0_v3" "tx51b12a433ccc4d8f8f2a7-00697d37b6" "proxy-server 20" 0.0132 "-" 18 0
Jan 30 22:59:02 standalone proxy-server[129002]: 172.18.0.2 172.18.0.100 30/Jan/2026/22/59/02 PUT /v1/AUTH_24352ba3f3024f96b08fa3ebf9ce5207/gnocchi.cff3d134-6ca2-4163-8165-6da12466cd0b/1769040000.0_mean_300.0_v3 HTTP/1.0 201 - python-swiftclient-3.11.1 gAAAAABpfTc14ov9... 16 - - tx51b12a433ccc4d8f8f2a7-00697d37b6 - 0.0234 - - 1769813942.846148491 1769813942.869561195 0
Jan 30 22:59:02 standalone container-server[126870]: 172.20.0.100 - - [30/Jan/2026:22:59:02 +0000] "PUT /d1/252/AUTH_24352ba3f3024f96b08fa3ebf9ce5207/gnocchi.cff3d134-6ca2-4163-8165-6da12466cd0b/none_v3" 201 - "PUT http://172.18.0.2:8080/d1/815/AUTH_24352ba3f3024f96b08fa3ebf9ce5207/gnocchi.cff3d134-6ca2-4163-8165-6da12466cd0b/none_v3" "txc84aed69415d471087a7e-00697d37b6" "object-server 19" 0.0008 "-" 20 0
Jan 30 22:59:02 standalone object-server[127167]: 172.20.0.100 - - [30/Jan/2026:22:59:02 +0000] "PUT /d1/815/AUTH_24352ba3f3024f96b08fa3ebf9ce5207/gnocchi.cff3d134-6ca2-4163-8165-6da12466cd0b/none_v3" 201 - "PUT http://172.18.0.2:8080/v1/AUTH_24352ba3f3024f96b08fa3ebf9ce5207/gnocchi.cff3d134-6ca2-4163-8165-6da12466cd0b/none_v3" "txc84aed69415d471087a7e-00697d37b6" "proxy-server 20" 0.0139 "-" 19 0
Jan 30 22:59:02 standalone proxy-server[129002]: 172.18.0.2 172.18.0.100 30/Jan/2026/22/59/02 PUT /v1/AUTH_24352ba3f3024f96b08fa3ebf9ce5207/gnocchi.cff3d134-6ca2-4163-8165-6da12466cd0b/none_v3 HTTP/1.0 201 - python-swiftclient-3.11.1 gAAAAABpfTc14ov9... 22 - - txc84aed69415d471087a7e-00697d37b6 - 0.0209 - - 1769813942.873975754 1769813942.894859314 0
Jan 30 22:59:02 standalone object-server[127159]: 172.20.0.100 - - [30/Jan/2026:22:59:02 +0000] "GET /d1/60/AUTH_24352ba3f3024f96b08fa3ebf9ce5207/gnocchi.cc238091-bd02-4573-bcdb-4ce6032e9dc3/none_v3" 200 33 "GET http://172.18.0.2:8080/v1/AUTH_24352ba3f3024f96b08fa3ebf9ce5207/gnocchi.cc238091-bd02-4573-bcdb-4ce6032e9dc3/none_v3" "txdc413b192a1342d7aa072-00697d37b6" "proxy-server 20" 0.0013 "-" 18 0
Jan 30 22:59:02 standalone proxy-server[129002]: 172.18.0.2 172.18.0.100 30/Jan/2026/22/59/02 GET /v1/AUTH_24352ba3f3024f96b08fa3ebf9ce5207/gnocchi.cc238091-bd02-4573-bcdb-4ce6032e9dc3/none_v3 HTTP/1.0 200 - python-swiftclient-3.11.1 gAAAAABpfTc14ov9... - 33 - txdc413b192a1342d7aa072-00697d37b6 - 0.0107 - - 1769813942.988028765 1769813942.998761177 0
Jan 30 22:59:03 standalone container-server[126870]: 172.20.0.100 - - [30/Jan/2026:22:59:03 +0000] "GET /d1/655/AUTH_24352ba3f3024f96b08fa3ebf9ce5207/gnocchi.cc238091-bd02-4573-bcdb-4ce6032e9dc3" 200 357 "GET http://172.18.0.2:8080/v1/AUTH_24352ba3f3024f96b08fa3ebf9ce5207/gnocchi.cc238091-bd02-4573-bcdb-4ce6032e9dc3?format=json&states=listing" "txd49eabf5a7a94be6ac752-00697d37b7" "proxy-server 20" 0.0042 "-" 20 0
Jan 30 22:59:03 standalone proxy-server[129002]: 172.18.0.2 172.18.0.100 30/Jan/2026/22/59/03 GET /v1/AUTH_24352ba3f3024f96b08fa3ebf9ce5207/gnocchi.cc238091-bd02-4573-bcdb-4ce6032e9dc3%3Fformat%3Djson%26states%3Dlisting HTTP/1.0 200 - python-swiftclient-3.11.1 gAAAAABpfTc14ov9... - 357 - txd49eabf5a7a94be6ac752-00697d37b7 - 0.0102 - - 1769813943.003521204 1769813943.013712168 0
Jan 30 22:59:03 standalone container-server[126872]: 172.20.0.100 - - [30/Jan/2026:22:59:03 +0000] "GET /d1/655/AUTH_24352ba3f3024f96b08fa3ebf9ce5207/gnocchi.cc238091-bd02-4573-bcdb-4ce6032e9dc3" 200 2 "GET http://172.18.0.2:8080/v1/AUTH_24352ba3f3024f96b08fa3ebf9ce5207/gnocchi.cc238091-bd02-4573-bcdb-4ce6032e9dc3?format=json&marker=none_v3&states=listing" "tx47381dc6b18e4c68a4460-00697d37b7" "proxy-server 20" 0.0037 "-" 21 0
Jan 30 22:59:03 standalone proxy-server[129002]: 172.18.0.2 172.18.0.100 30/Jan/2026/22/59/03 GET /v1/AUTH_24352ba3f3024f96b08fa3ebf9ce5207/gnocchi.cc238091-bd02-4573-bcdb-4ce6032e9dc3%3Fformat%3Djson%26marker%3Dnone_v3%26states%3Dlisting HTTP/1.0 200 - python-swiftclient-3.11.1 gAAAAABpfTc14ov9... - 2 - tx47381dc6b18e4c68a4460-00697d37b7 - 0.0085 - - 1769813943.016426802 1769813943.024885416 0
Jan 30 22:59:03 standalone object-server[127134]: 172.20.0.100 - - [30/Jan/2026:22:59:03 +0000] "GET /d1/54/AUTH_24352ba3f3024f96b08fa3ebf9ce5207/gnocchi.cc238091-bd02-4573-bcdb-4ce6032e9dc3/1769040000.0_mean_300.0_v3" 200 16 "GET http://172.18.0.2:8080/v1/AUTH_24352ba3f3024f96b08fa3ebf9ce5207/gnocchi.cc238091-bd02-4573-bcdb-4ce6032e9dc3/1769040000.0_mean_300.0_v3" "tx2b334b07d6a34f7392634-00697d37b7" "proxy-server 20" 0.0011 "-" 11 0
Jan 30 22:59:03 standalone proxy-server[129002]: 172.18.0.2 172.18.0.100 30/Jan/2026/22/59/03 GET /v1/AUTH_24352ba3f3024f96b08fa3ebf9ce5207/gnocchi.cc238091-bd02-4573-bcdb-4ce6032e9dc3/1769040000.0_mean_300.0_v3 HTTP/1.0 200 - python-swiftclient-3.11.1 gAAAAABpfTc14ov9... - 16 - tx2b334b07d6a34f7392634-00697d37b7 - 0.0092 - - 1769813943.029264927 1769813943.038486242 0
Jan 30 22:59:03 standalone container-server[126870]: 172.20.0.100 - - [30/Jan/2026:22:59:03 +0000] "PUT /d1/655/AUTH_24352ba3f3024f96b08fa3ebf9ce5207/gnocchi.cc238091-bd02-4573-bcdb-4ce6032e9dc3/1769040000.0_mean_300.0_v3" 201 - "PUT http://172.18.0.2:8080/d1/54/AUTH_24352ba3f3024f96b08fa3ebf9ce5207/gnocchi.cc238091-bd02-4573-bcdb-4ce6032e9dc3/1769040000.0_mean_300.0_v3" "txd2c85d02c10641098a8fa-00697d37b7" "object-server 19" 0.0009 "-" 20 0
Jan 30 22:59:03 standalone object-server[127167]: 172.20.0.100 - - [30/Jan/2026:22:59:03 +0000] "PUT /d1/54/AUTH_24352ba3f3024f96b08fa3ebf9ce5207/gnocchi.cc238091-bd02-4573-bcdb-4ce6032e9dc3/1769040000.0_mean_300.0_v3" 201 - "PUT http://172.18.0.2:8080/v1/AUTH_24352ba3f3024f96b08fa3ebf9ce5207/gnocchi.cc238091-bd02-4573-bcdb-4ce6032e9dc3/1769040000.0_mean_300.0_v3" "txd2c85d02c10641098a8fa-00697d37b7" "proxy-server 20" 0.0105 "-" 19 0
Jan 30 22:59:03 standalone proxy-server[129002]: 172.18.0.2 172.18.0.100 30/Jan/2026/22/59/03 PUT /v1/AUTH_24352ba3f3024f96b08fa3ebf9ce5207/gnocchi.cc238091-bd02-4573-bcdb-4ce6032e9dc3/1769040000.0_mean_300.0_v3 HTTP/1.0 201 - python-swiftclient-3.11.1 gAAAAABpfTc14ov9... 16 - - txd2c85d02c10641098a8fa-00697d37b7 - 0.0169 - - 1769813943.042388439 1769813943.059315443 0
Jan 30 22:59:03 standalone container-server[126870]: 172.20.0.100 - - [30/Jan/2026:22:59:03 +0000] "PUT /d1/655/AUTH_24352ba3f3024f96b08fa3ebf9ce5207/gnocchi.cc238091-bd02-4573-bcdb-4ce6032e9dc3/none_v3" 201 - "PUT http://172.18.0.2:8080/d1/60/AUTH_24352ba3f3024f96b08fa3ebf9ce5207/gnocchi.cc238091-bd02-4573-bcdb-4ce6032e9dc3/none_v3" "tx78764d9ae8ee4e5d8a553-00697d37b7" "object-server 19" 0.0008 "-" 20 0
Jan 30 22:59:03 standalone object-server[127167]: 172.20.0.100 - - [30/Jan/2026:22:59:03 +0000] "PUT /d1/60/AUTH_24352ba3f3024f96b08fa3ebf9ce5207/gnocchi.cc238091-bd02-4573-bcdb-4ce6032e9dc3/none_v3" 201 - "PUT http://172.18.0.2:8080/v1/AUTH_24352ba3f3024f96b08fa3ebf9ce5207/gnocchi.cc238091-bd02-4573-bcdb-4ce6032e9dc3/none_v3" "tx78764d9ae8ee4e5d8a553-00697d37b7" "proxy-server 20" 0.0114 "-" 19 0
Jan 30 22:59:03 standalone proxy-server[129002]: 172.18.0.2 172.18.0.100 30/Jan/2026/22/59/03 PUT /v1/AUTH_24352ba3f3024f96b08fa3ebf9ce5207/gnocchi.cc238091-bd02-4573-bcdb-4ce6032e9dc3/none_v3 HTTP/1.0 201 - python-swiftclient-3.11.1 gAAAAABpfTc14ov9... 48 - - tx78764d9ae8ee4e5d8a553-00697d37b7 - 0.0202 - - 1769813943.063704729 1769813943.083922386 0
Jan 30 22:59:03 standalone object-server[127134]: 172.20.0.100 - - [30/Jan/2026:22:59:03 +0000] "GET /d1/924/AUTH_24352ba3f3024f96b08fa3ebf9ce5207/gnocchi.909f09d2-9e22-4f8c-ac26-e9b3e8820efd/none_v3" 200 33 "GET http://172.18.0.2:8080/v1/AUTH_24352ba3f3024f96b08fa3ebf9ce5207/gnocchi.909f09d2-9e22-4f8c-ac26-e9b3e8820efd/none_v3" "tx66400a2c81eb4a86bf93a-00697d37b7" "proxy-server 20" 0.0015 "-" 11 0
Jan 30 22:59:03 standalone proxy-server[129002]: 172.18.0.2 172.18.0.100 30/Jan/2026/22/59/03 GET /v1/AUTH_24352ba3f3024f96b08fa3ebf9ce5207/gnocchi.909f09d2-9e22-4f8c-ac26-e9b3e8820efd/none_v3 HTTP/1.0 200 - python-swiftclient-3.11.1 gAAAAABpfTc14ov9... - 33 - tx66400a2c81eb4a86bf93a-00697d37b7 - 0.0135 - - 1769813943.147051334 1769813943.160549402 0
Jan 30 22:59:03 standalone container-server[126870]: 172.20.0.100 - - [30/Jan/2026:22:59:03 +0000] "GET /d1/179/AUTH_24352ba3f3024f96b08fa3ebf9ce5207/gnocchi.909f09d2-9e22-4f8c-ac26-e9b3e8820efd" 200 357 "GET http://172.18.0.2:8080/v1/AUTH_24352ba3f3024f96b08fa3ebf9ce5207/gnocchi.909f09d2-9e22-4f8c-ac26-e9b3e8820efd?format=json&states=listing" "txe1fdd0b3e2fc40ac8cf0f-00697d37b7" "proxy-server 20" 0.0041 "-" 20 0
Jan 30 22:59:03 standalone proxy-server[129002]: 172.18.0.2 172.18.0.100 30/Jan/2026/22/59/03 GET /v1/AUTH_24352ba3f3024f96b08fa3ebf9ce5207/gnocchi.909f09d2-9e22-4f8c-ac26-e9b3e8820efd%3Fformat%3Djson%26states%3Dlisting HTTP/1.0 200 - python-swiftclient-3.11.1 gAAAAABpfTc14ov9... - 357 - txe1fdd0b3e2fc40ac8cf0f-00697d37b7 - 0.0157 - - 1769813943.165472746 1769813943.181131840 0
Jan 30 22:59:03 standalone container-server[126872]: 172.20.0.100 - - [30/Jan/2026:22:59:03 +0000] "GET /d1/179/AUTH_24352ba3f3024f96b08fa3ebf9ce5207/gnocchi.909f09d2-9e22-4f8c-ac26-e9b3e8820efd" 200 2 "GET http://172.18.0.2:8080/v1/AUTH_24352ba3f3024f96b08fa3ebf9ce5207/gnocchi.909f09d2-9e22-4f8c-ac26-e9b3e8820efd?format=json&marker=none_v3&states=listing" "tx4def6d68813c4e20bc0d7-00697d37b7" "proxy-server 20" 0.0038 "-" 21 0
Jan 30 22:59:03 standalone proxy-server[129002]: 172.18.0.2 172.18.0.100 30/Jan/2026/22/59/03 GET /v1/AUTH_24352ba3f3024f96b08fa3ebf9ce5207/gnocchi.909f09d2-9e22-4f8c-ac26-e9b3e8820efd%3Fformat%3Djson%26marker%3Dnone_v3%26states%3Dlisting HTTP/1.0 200 - python-swiftclient-3.11.1 gAAAAABpfTc14ov9... - 2 - tx4def6d68813c4e20bc0d7-00697d37b7 - 0.0138 - - 1769813943.184531212 1769813943.198294878 0
Jan 30 22:59:03 standalone object-server[127147]: 172.20.0.100 - - [30/Jan/2026:22:59:03 +0000] "GET /d1/748/AUTH_24352ba3f3024f96b08fa3ebf9ce5207/gnocchi.909f09d2-9e22-4f8c-ac26-e9b3e8820efd/1769040000.0_mean_300.0_v3" 200 16 "GET http://172.18.0.2:8080/v1/AUTH_24352ba3f3024f96b08fa3ebf9ce5207/gnocchi.909f09d2-9e22-4f8c-ac26-e9b3e8820efd/1769040000.0_mean_300.0_v3" "txa3bde951db0341d6813c6-00697d37b7" "proxy-server 20" 0.0011 "-" 13 0
Jan 30 22:59:03 standalone proxy-server[129002]: 172.18.0.2 172.18.0.100 30/Jan/2026/22/59/03 GET /v1/AUTH_24352ba3f3024f96b08fa3ebf9ce5207/gnocchi.909f09d2-9e22-4f8c-ac26-e9b3e8820efd/1769040000.0_mean_300.0_v3 HTTP/1.0 200 - python-swiftclient-3.11.1 gAAAAABpfTc14ov9... - 16 - txa3bde951db0341d6813c6-00697d37b7 - 0.0106 - - 1769813943.203861475 1769813943.214491129 0
Jan 30 22:59:03 standalone container-server[126890]: 172.20.0.100 - - [30/Jan/2026:22:59:03 +0000] "PUT /d1/179/AUTH_24352ba3f3024f96b08fa3ebf9ce5207/gnocchi.909f09d2-9e22-4f8c-ac26-e9b3e8820efd/1769040000.0_mean_300.0_v3" 201 - "PUT http://172.18.0.2:8080/d1/748/AUTH_24352ba3f3024f96b08fa3ebf9ce5207/gnocchi.909f09d2-9e22-4f8c-ac26-e9b3e8820efd/1769040000.0_mean_300.0_v3" "tx15cf77774a1f42afac12d-00697d37b7" "object-server 11" 0.0009 "-" 22 0
Jan 30 22:59:03 standalone object-server[127134]: 172.20.0.100 - - [30/Jan/2026:22:59:03 +0000] "PUT /d1/748/AUTH_24352ba3f3024f96b08fa3ebf9ce5207/gnocchi.909f09d2-9e22-4f8c-ac26-e9b3e8820efd/1769040000.0_mean_300.0_v3" 201 - "PUT http://172.18.0.2:8080/v1/AUTH_24352ba3f3024f96b08fa3ebf9ce5207/gnocchi.909f09d2-9e22-4f8c-ac26-e9b3e8820efd/1769040000.0_mean_300.0_v3" "tx15cf77774a1f42afac12d-00697d37b7" "proxy-server 20" 0.0126 "-" 11 0
Jan 30 22:59:03 standalone proxy-server[129002]: 172.18.0.2 172.18.0.100 30/Jan/2026/22/59/03 PUT /v1/AUTH_24352ba3f3024f96b08fa3ebf9ce5207/gnocchi.909f09d2-9e22-4f8c-ac26-e9b3e8820efd/1769040000.0_mean_300.0_v3 HTTP/1.0 201 - python-swiftclient-3.11.1 gAAAAABpfTc14ov9... 16 - - tx15cf77774a1f42afac12d-00697d37b7 - 0.0210 - - 1769813943.218849182 1769813943.239871264 0
Jan 30 22:59:03 standalone container-server[126870]: 172.20.0.100 - - [30/Jan/2026:22:59:03 +0000] "PUT /d1/179/AUTH_24352ba3f3024f96b08fa3ebf9ce5207/gnocchi.909f09d2-9e22-4f8c-ac26-e9b3e8820efd/none_v3" 201 - "PUT http://172.18.0.2:8080/d1/924/AUTH_24352ba3f3024f96b08fa3ebf9ce5207/gnocchi.909f09d2-9e22-4f8c-ac26-e9b3e8820efd/none_v3" "txb4d7652abde044ec80fa8-00697d37b7" "object-server 18" 0.0008 "-" 20 0
Jan 30 22:59:03 standalone object-server[127159]: 172.20.0.100 - - [30/Jan/2026:22:59:03 +0000] "PUT /d1/924/AUTH_24352ba3f3024f96b08fa3ebf9ce5207/gnocchi.909f09d2-9e22-4f8c-ac26-e9b3e8820efd/none_v3" 201 - "PUT http://172.18.0.2:8080/v1/AUTH_24352ba3f3024f96b08fa3ebf9ce5207/gnocchi.909f09d2-9e22-4f8c-ac26-e9b3e8820efd/none_v3" "txb4d7652abde044ec80fa8-00697d37b7" "proxy-server 20" 0.0140 "-" 18 0
Jan 30 22:59:03 standalone proxy-server[129002]: 172.18.0.2 172.18.0.100 30/Jan/2026/22/59/03 PUT /v1/AUTH_24352ba3f3024f96b08fa3ebf9ce5207/gnocchi.909f09d2-9e22-4f8c-ac26-e9b3e8820efd/none_v3 HTTP/1.0 201 - python-swiftclient-3.11.1 gAAAAABpfTc14ov9... 48 - - txb4d7652abde044ec80fa8-00697d37b7 - 0.0243 - - 1769813943.259935856 1769813943.284273863 0
Jan 30 22:59:04 standalone object-server[127134]: 172.20.0.100 - - [30/Jan/2026:22:59:04 +0000] "GET /d1/815/AUTH_24352ba3f3024f96b08fa3ebf9ce5207/gnocchi.cff3d134-6ca2-4163-8165-6da12466cd0b/none_v3" 200 22 "GET http://172.18.0.2:8080/v1/AUTH_24352ba3f3024f96b08fa3ebf9ce5207/gnocchi.cff3d134-6ca2-4163-8165-6da12466cd0b/none_v3" "tx183b0d14d95c44f0b4afe-00697d37b8" "proxy-server 20" 0.0013 "-" 11 0
Jan 30 22:59:04 standalone proxy-server[129002]: 172.18.0.2 172.18.0.100 30/Jan/2026/22/59/04 GET /v1/AUTH_24352ba3f3024f96b08fa3ebf9ce5207/gnocchi.cff3d134-6ca2-4163-8165-6da12466cd0b/none_v3 HTTP/1.0 200 - python-swiftclient-3.11.1 gAAAAABpfTc14ov9... - 22 - tx183b0d14d95c44f0b4afe-00697d37b8 - 0.0111 - - 1769813944.770722151 1769813944.781819105 0
Jan 30 22:59:04 standalone container-server[126872]: 172.20.0.100 - - [30/Jan/2026:22:59:04 +0000] "GET /d1/252/AUTH_24352ba3f3024f96b08fa3ebf9ce5207/gnocchi.cff3d134-6ca2-4163-8165-6da12466cd0b" 200 357 "GET http://172.18.0.2:8080/v1/AUTH_24352ba3f3024f96b08fa3ebf9ce5207/gnocchi.cff3d134-6ca2-4163-8165-6da12466cd0b?format=json&states=listing" "tx1cb5078856ee4a41bbb62-00697d37b8" "proxy-server 20" 0.0100 "-" 21 0
Jan 30 22:59:04 standalone proxy-server[129002]: 172.18.0.2 172.18.0.100 30/Jan/2026/22/59/04 GET /v1/AUTH_24352ba3f3024f96b08fa3ebf9ce5207/gnocchi.cff3d134-6ca2-4163-8165-6da12466cd0b%3Fformat%3Djson%26states%3Dlisting HTTP/1.0 200 - python-swiftclient-3.11.1 gAAAAABpfTc14ov9... - 357 - tx1cb5078856ee4a41bbb62-00697d37b8 - 0.0195 - - 1769813944.787105322 1769813944.806619883 0
Jan 30 22:59:04 standalone container-server[126872]: 172.20.0.100 - - [30/Jan/2026:22:59:04 +0000] "GET /d1/252/AUTH_24352ba3f3024f96b08fa3ebf9ce5207/gnocchi.cff3d134-6ca2-4163-8165-6da12466cd0b" 200 2 "GET http://172.18.0.2:8080/v1/AUTH_24352ba3f3024f96b08fa3ebf9ce5207/gnocchi.cff3d134-6ca2-4163-8165-6da12466cd0b?format=json&marker=none_v3&states=listing" "tx2c4d84d61bb44274a1f59-00697d37b8" "proxy-server 20" 0.0357 "-" 21 0
Jan 30 22:59:04 standalone proxy-server[129002]: 172.18.0.2 172.18.0.100 30/Jan/2026/22/59/04 GET /v1/AUTH_24352ba3f3024f96b08fa3ebf9ce5207/gnocchi.cff3d134-6ca2-4163-8165-6da12466cd0b%3Fformat%3Djson%26marker%3Dnone_v3%26states%3Dlisting HTTP/1.0 200 - python-swiftclient-3.11.1 gAAAAABpfTc14ov9... - 2 - tx2c4d84d61bb44274a1f59-00697d37b8 - 0.0458 - - 1769813944.810818911 1769813944.856658936 0
Jan 30 22:59:04 standalone object-server[127167]: 172.20.0.100 - - [30/Jan/2026:22:59:04 +0000] "GET /d1/277/AUTH_24352ba3f3024f96b08fa3ebf9ce5207/gnocchi.cff3d134-6ca2-4163-8165-6da12466cd0b/1769040000.0_mean_300.0_v3" 200 16 "GET http://172.18.0.2:8080/v1/AUTH_24352ba3f3024f96b08fa3ebf9ce5207/gnocchi.cff3d134-6ca2-4163-8165-6da12466cd0b/1769040000.0_mean_300.0_v3" "tx4a620858d6d24bab8d7f2-00697d37b8" "proxy-server 20" 0.0011 "-" 19 0
Jan 30 22:59:04 standalone proxy-server[129002]: 172.18.0.2 172.18.0.100 30/Jan/2026/22/59/04 GET /v1/AUTH_24352ba3f3024f96b08fa3ebf9ce5207/gnocchi.cff3d134-6ca2-4163-8165-6da12466cd0b/1769040000.0_mean_300.0_v3 HTTP/1.0 200 - python-swiftclient-3.11.1 gAAAAABpfTc14ov9... - 16 - tx4a620858d6d24bab8d7f2-00697d37b8 - 0.0101 - - 1769813944.861873388 1769813944.871995926 0
Jan 30 22:59:04 standalone container-server[126870]: 172.20.0.100 - - [30/Jan/2026:22:59:04 +0000] "PUT /d1/252/AUTH_24352ba3f3024f96b08fa3ebf9ce5207/gnocchi.cff3d134-6ca2-4163-8165-6da12466cd0b/1769040000.0_mean_300.0_v3" 201 - "PUT http://172.18.0.2:8080/d1/277/AUTH_24352ba3f3024f96b08fa3ebf9ce5207/gnocchi.cff3d134-6ca2-4163-8165-6da12466cd0b/1769040000.0_mean_300.0_v3" "tx5f2f9be9540042d3bba19-00697d37b8" "object-server 18" 0.0011 "-" 20 0
Jan 30 22:59:04 standalone object-server[127159]: 172.20.0.100 - - [30/Jan/2026:22:59:04 +0000] "PUT /d1/277/AUTH_24352ba3f3024f96b08fa3ebf9ce5207/gnocchi.cff3d134-6ca2-4163-8165-6da12466cd0b/1769040000.0_mean_300.0_v3" 201 - "PUT http://172.18.0.2:8080/v1/AUTH_24352ba3f3024f96b08fa3ebf9ce5207/gnocchi.cff3d134-6ca2-4163-8165-6da12466cd0b/1769040000.0_mean_300.0_v3" "tx5f2f9be9540042d3bba19-00697d37b8" "proxy-server 20" 0.0149 "-" 18 0
Jan 30 22:59:04 standalone proxy-server[129002]: 172.18.0.2 172.18.0.100 30/Jan/2026/22/59/04 PUT /v1/AUTH_24352ba3f3024f96b08fa3ebf9ce5207/gnocchi.cff3d134-6ca2-4163-8165-6da12466cd0b/1769040000.0_mean_300.0_v3 HTTP/1.0 201 - python-swiftclient-3.11.1 gAAAAABpfTc14ov9... 16 - - tx5f2f9be9540042d3bba19-00697d37b8 - 0.0276 - - 1769813944.877500772 1769813944.905118227 0
Jan 30 22:59:04 standalone container-server[126890]: 172.20.0.100 - - [30/Jan/2026:22:59:04 +0000] "PUT /d1/252/AUTH_24352ba3f3024f96b08fa3ebf9ce5207/gnocchi.cff3d134-6ca2-4163-8165-6da12466cd0b/none_v3" 201 - "PUT http://172.18.0.2:8080/d1/815/AUTH_24352ba3f3024f96b08fa3ebf9ce5207/gnocchi.cff3d134-6ca2-4163-8165-6da12466cd0b/none_v3" "txa3e1958b10a44cceb5223-00697d37b8" "object-server 19" 0.0010 "-" 22 0
Jan 30 22:59:04 standalone object-server[127167]: 172.20.0.100 - - [30/Jan/2026:22:59:04 +0000] "PUT /d1/815/AUTH_24352ba3f3024f96b08fa3ebf9ce5207/gnocchi.cff3d134-6ca2-4163-8165-6da12466cd0b/none_v3" 201 - "PUT http://172.18.0.2:8080/v1/AUTH_24352ba3f3024f96b08fa3ebf9ce5207/gnocchi.cff3d134-6ca2-4163-8165-6da12466cd0b/none_v3" "txa3e1958b10a44cceb5223-00697d37b8" "proxy-server 20" 0.0141 "-" 19 0
Jan 30 22:59:04 standalone proxy-server[129002]: 172.18.0.2 172.18.0.100 30/Jan/2026/22/59/04 PUT /v1/AUTH_24352ba3f3024f96b08fa3ebf9ce5207/gnocchi.cff3d134-6ca2-4163-8165-6da12466cd0b/none_v3 HTTP/1.0 201 - python-swiftclient-3.11.1 gAAAAABpfTc14ov9... 31 - - txa3e1958b10a44cceb5223-00697d37b8 - 0.0249 - - 1769813944.909689188 1769813944.934558392 0
Jan 30 22:59:12 standalone object-server[127159]: 172.20.0.100 - - [30/Jan/2026:22:59:12 +0000] "GET /d1/815/AUTH_24352ba3f3024f96b08fa3ebf9ce5207/gnocchi.cff3d134-6ca2-4163-8165-6da12466cd0b/none_v3" 200 31 "GET http://172.18.0.2:8080/v1/AUTH_24352ba3f3024f96b08fa3ebf9ce5207/gnocchi.cff3d134-6ca2-4163-8165-6da12466cd0b/none_v3" "txd447e43b40c34fa49057a-00697d37c0" "proxy-server 20" 0.0016 "-" 18 0
Jan 30 22:59:12 standalone proxy-server[129002]: 172.18.0.2 172.18.0.100 30/Jan/2026/22/59/12 GET /v1/AUTH_24352ba3f3024f96b08fa3ebf9ce5207/gnocchi.cff3d134-6ca2-4163-8165-6da12466cd0b/none_v3 HTTP/1.0 200 - python-swiftclient-3.11.1 gAAAAABpfTc14ov9... - 31 - txd447e43b40c34fa49057a-00697d37c0 - 0.0101 - - 1769813952.766152620 1769813952.776210546 0
Jan 30 22:59:12 standalone container-server[126890]: 172.20.0.100 - - [30/Jan/2026:22:59:12 +0000] "GET /d1/252/AUTH_24352ba3f3024f96b08fa3ebf9ce5207/gnocchi.cff3d134-6ca2-4163-8165-6da12466cd0b" 200 357 "GET http://172.18.0.2:8080/v1/AUTH_24352ba3f3024f96b08fa3ebf9ce5207/gnocchi.cff3d134-6ca2-4163-8165-6da12466cd0b?format=json&states=listing" "tx5313447441204053aa1d4-00697d37c0" "proxy-server 20" 0.0100 "-" 22 0
Jan 30 22:59:12 standalone proxy-server[129002]: 172.18.0.2 172.18.0.100 30/Jan/2026/22/59/12 GET /v1/AUTH_24352ba3f3024f96b08fa3ebf9ce5207/gnocchi.cff3d134-6ca2-4163-8165-6da12466cd0b%3Fformat%3Djson%26states%3Dlisting HTTP/1.0 200 - python-swiftclient-3.11.1 gAAAAABpfTc14ov9... - 357 - tx5313447441204053aa1d4-00697d37c0 - 0.0181 - - 1769813952.782326698 1769813952.800436735 0
Jan 30 22:59:12 standalone container-server[126870]: 172.20.0.100 - - [30/Jan/2026:22:59:12 +0000] "GET /d1/252/AUTH_24352ba3f3024f96b08fa3ebf9ce5207/gnocchi.cff3d134-6ca2-4163-8165-6da12466cd0b" 200 2 "GET http://172.18.0.2:8080/v1/AUTH_24352ba3f3024f96b08fa3ebf9ce5207/gnocchi.cff3d134-6ca2-4163-8165-6da12466cd0b?format=json&marker=none_v3&states=listing" "txca7a7ab34f3643a4b42b9-00697d37c0" "proxy-server 20" 0.0037 "-" 20 0
Jan 30 22:59:12 standalone proxy-server[129002]: 172.18.0.2 172.18.0.100 30/Jan/2026/22/59/12 GET /v1/AUTH_24352ba3f3024f96b08fa3ebf9ce5207/gnocchi.cff3d134-6ca2-4163-8165-6da12466cd0b%3Fformat%3Djson%26marker%3Dnone_v3%26states%3Dlisting HTTP/1.0 200 - python-swiftclient-3.11.1 gAAAAABpfTc14ov9... - 2 - txca7a7ab34f3643a4b42b9-00697d37c0 - 0.0144 - - 1769813952.807567835 1769813952.821969986 0
Jan 30 22:59:12 standalone object-server[127159]: 172.20.0.100 - - [30/Jan/2026:22:59:12 +0000] "GET /d1/277/AUTH_24352ba3f3024f96b08fa3ebf9ce5207/gnocchi.cff3d134-6ca2-4163-8165-6da12466cd0b/1769040000.0_mean_300.0_v3" 200 16 "GET http://172.18.0.2:8080/v1/AUTH_24352ba3f3024f96b08fa3ebf9ce5207/gnocchi.cff3d134-6ca2-4163-8165-6da12466cd0b/1769040000.0_mean_300.0_v3" "tx18f1a30dd28c4be1949e2-00697d37c0" "proxy-server 20" 0.0011 "-" 18 0
Jan 30 22:59:12 standalone proxy-server[129002]: 172.18.0.2 172.18.0.100 30/Jan/2026/22/59/12 GET /v1/AUTH_24352ba3f3024f96b08fa3ebf9ce5207/gnocchi.cff3d134-6ca2-4163-8165-6da12466cd0b/1769040000.0_mean_300.0_v3 HTTP/1.0 200 - python-swiftclient-3.11.1 gAAAAABpfTc14ov9... - 16 - tx18f1a30dd28c4be1949e2-00697d37c0 - 0.0108 - - 1769813952.827330828 1769813952.838137150 0
Jan 30 22:59:12 standalone container-server[126870]: 172.20.0.100 - - [30/Jan/2026:22:59:12 +0000] "PUT /d1/252/AUTH_24352ba3f3024f96b08fa3ebf9ce5207/gnocchi.cff3d134-6ca2-4163-8165-6da12466cd0b/1769040000.0_mean_300.0_v3" 201 - "PUT http://172.18.0.2:8080/d1/277/AUTH_24352ba3f3024f96b08fa3ebf9ce5207/gnocchi.cff3d134-6ca2-4163-8165-6da12466cd0b/1769040000.0_mean_300.0_v3" "tx5d9e9129afb146249327d-00697d37c0" "object-server 18" 0.0012 "-" 20 0
Jan 30 22:59:12 standalone object-server[127159]: 172.20.0.100 - - [30/Jan/2026:22:59:12 +0000] "PUT /d1/277/AUTH_24352ba3f3024f96b08fa3ebf9ce5207/gnocchi.cff3d134-6ca2-4163-8165-6da12466cd0b/1769040000.0_mean_300.0_v3" 201 - "PUT http://172.18.0.2:8080/v1/AUTH_24352ba3f3024f96b08fa3ebf9ce5207/gnocchi.cff3d134-6ca2-4163-8165-6da12466cd0b/1769040000.0_mean_300.0_v3" "tx5d9e9129afb146249327d-00697d37c0" "proxy-server 20" 0.0143 "-" 18 0
Jan 30 22:59:12 standalone proxy-server[129002]: 172.18.0.2 172.18.0.100 30/Jan/2026/22/59/12 PUT /v1/AUTH_24352ba3f3024f96b08fa3ebf9ce5207/gnocchi.cff3d134-6ca2-4163-8165-6da12466cd0b/1769040000.0_mean_300.0_v3 HTTP/1.0 201 - python-swiftclient-3.11.1 gAAAAABpfTc14ov9... 16 - - tx5d9e9129afb146249327d-00697d37c0 - 0.0261 - - 1769813952.846491098 1769813952.872600079 0
Jan 30 22:59:12 standalone container-server[126872]: 172.20.0.100 - - [30/Jan/2026:22:59:12 +0000] "PUT /d1/252/AUTH_24352ba3f3024f96b08fa3ebf9ce5207/gnocchi.cff3d134-6ca2-4163-8165-6da12466cd0b/none_v3" 201 - "PUT http://172.18.0.2:8080/d1/815/AUTH_24352ba3f3024f96b08fa3ebf9ce5207/gnocchi.cff3d134-6ca2-4163-8165-6da12466cd0b/none_v3" "tx5ee6f243f43a4c57a8d82-00697d37c0" "object-server 13" 0.0009 "-" 21 0
Jan 30 22:59:12 standalone object-server[127147]: 172.20.0.100 - - [30/Jan/2026:22:59:12 +0000] "PUT /d1/815/AUTH_24352ba3f3024f96b08fa3ebf9ce5207/gnocchi.cff3d134-6ca2-4163-8165-6da12466cd0b/none_v3" 201 - "PUT http://172.18.0.2:8080/v1/AUTH_24352ba3f3024f96b08fa3ebf9ce5207/gnocchi.cff3d134-6ca2-4163-8165-6da12466cd0b/none_v3" "tx5ee6f243f43a4c57a8d82-00697d37c0" "proxy-server 20" 0.0110 "-" 13 0
Jan 30 22:59:12 standalone proxy-server[129002]: 172.18.0.2 172.18.0.100 30/Jan/2026/22/59/12 PUT /v1/AUTH_24352ba3f3024f96b08fa3ebf9ce5207/gnocchi.cff3d134-6ca2-4163-8165-6da12466cd0b/none_v3 HTTP/1.0 201 - python-swiftclient-3.11.1 gAAAAABpfTc14ov9... 46 - - tx5ee6f243f43a4c57a8d82-00697d37c0 - 0.0229 - - 1769813952.883073330 1769813952.905944347 0
Jan 30 22:59:13 standalone object-server[127134]: 172.20.0.100 - - [30/Jan/2026:22:59:13 +0000] "GET /d1/815/AUTH_24352ba3f3024f96b08fa3ebf9ce5207/gnocchi.cff3d134-6ca2-4163-8165-6da12466cd0b/none_v3" 200 46 "GET http://172.18.0.2:8080/v1/AUTH_24352ba3f3024f96b08fa3ebf9ce5207/gnocchi.cff3d134-6ca2-4163-8165-6da12466cd0b/none_v3" "txf8604e27bee540f1bf255-00697d37c1" "proxy-server 20" 0.0016 "-" 11 0
Jan 30 22:59:13 standalone proxy-server[129002]: 172.18.0.2 172.18.0.100 30/Jan/2026/22/59/13 GET /v1/AUTH_24352ba3f3024f96b08fa3ebf9ce5207/gnocchi.cff3d134-6ca2-4163-8165-6da12466cd0b/none_v3 HTTP/1.0 200 - python-swiftclient-3.11.1 gAAAAABpfTc14ov9... - 46 - txf8604e27bee540f1bf255-00697d37c1 - 0.0122 - - 1769813953.579720020 1769813953.591924191 0
Jan 30 22:59:13 standalone container-server[126872]: 172.20.0.100 - - [30/Jan/2026:22:59:13 +0000] "GET /d1/252/AUTH_24352ba3f3024f96b08fa3ebf9ce5207/gnocchi.cff3d134-6ca2-4163-8165-6da12466cd0b" 200 357 "GET http://172.18.0.2:8080/v1/AUTH_24352ba3f3024f96b08fa3ebf9ce5207/gnocchi.cff3d134-6ca2-4163-8165-6da12466cd0b?format=json&states=listing" "tx623b1199eb6e4585858d1-00697d37c1" "proxy-server 20" 0.0120 "-" 21 0
Jan 30 22:59:13 standalone proxy-server[129002]: 172.18.0.2 172.18.0.100 30/Jan/2026/22/59/13 GET /v1/AUTH_24352ba3f3024f96b08fa3ebf9ce5207/gnocchi.cff3d134-6ca2-4163-8165-6da12466cd0b%3Fformat%3Djson%26states%3Dlisting HTTP/1.0 200 - python-swiftclient-3.11.1 gAAAAABpfTc14ov9... - 357 - tx623b1199eb6e4585858d1-00697d37c1 - 0.0224 - - 1769813953.596786261 1769813953.619226456 0
Jan 30 22:59:13 standalone container-server[126870]: 172.20.0.100 - - [30/Jan/2026:22:59:13 +0000] "GET /d1/252/AUTH_24352ba3f3024f96b08fa3ebf9ce5207/gnocchi.cff3d134-6ca2-4163-8165-6da12466cd0b" 200 2 "GET http://172.18.0.2:8080/v1/AUTH_24352ba3f3024f96b08fa3ebf9ce5207/gnocchi.cff3d134-6ca2-4163-8165-6da12466cd0b?format=json&marker=none_v3&states=listing" "tx8e3e5ede3d544aed8a844-00697d37c1" "proxy-server 20" 0.0047 "-" 20 0
Jan 30 22:59:13 standalone proxy-server[129002]: 172.18.0.2 172.18.0.100 30/Jan/2026/22/59/13 GET /v1/AUTH_24352ba3f3024f96b08fa3ebf9ce5207/gnocchi.cff3d134-6ca2-4163-8165-6da12466cd0b%3Fformat%3Djson%26marker%3Dnone_v3%26states%3Dlisting HTTP/1.0 200 - python-swiftclient-3.11.1 gAAAAABpfTc14ov9... - 2 - tx8e3e5ede3d544aed8a844-00697d37c1 - 0.0120 - - 1769813953.622600079 1769813953.634557247 0
Jan 30 22:59:13 standalone object-server[127159]: 172.20.0.100 - - [30/Jan/2026:22:59:13 +0000] "GET /d1/277/AUTH_24352ba3f3024f96b08fa3ebf9ce5207/gnocchi.cff3d134-6ca2-4163-8165-6da12466cd0b/1769040000.0_mean_300.0_v3" 200 16 "GET http://172.18.0.2:8080/v1/AUTH_24352ba3f3024f96b08fa3ebf9ce5207/gnocchi.cff3d134-6ca2-4163-8165-6da12466cd0b/1769040000.0_mean_300.0_v3" "tx7443675e70354e53872ce-00697d37c1" "proxy-server 20" 0.0009 "-" 18 0
Jan 30 22:59:13 standalone proxy-server[129002]: 172.18.0.2 172.18.0.100 30/Jan/2026/22/59/13 GET /v1/AUTH_24352ba3f3024f96b08fa3ebf9ce5207/gnocchi.cff3d134-6ca2-4163-8165-6da12466cd0b/1769040000.0_mean_300.0_v3 HTTP/1.0 200 - python-swiftclient-3.11.1 gAAAAABpfTc14ov9... - 16 - tx7443675e70354e53872ce-00697d37c1 - 0.0074 - - 1769813953.638869286 1769813953.646273375 0
Jan 30 22:59:13 standalone container-server[126898]: 172.20.0.100 - - [30/Jan/2026:22:59:13 +0000] "PUT /d1/252/AUTH_24352ba3f3024f96b08fa3ebf9ce5207/gnocchi.cff3d134-6ca2-4163-8165-6da12466cd0b/1769040000.0_mean_300.0_v3" 201 - "PUT http://172.18.0.2:8080/d1/277/AUTH_24352ba3f3024f96b08fa3ebf9ce5207/gnocchi.cff3d134-6ca2-4163-8165-6da12466cd0b/1769040000.0_mean_300.0_v3" "tx362b56e4af8e48ad993de-00697d37c1" "object-server 11" 0.0009 "-" 23 0
Jan 30 22:59:13 standalone object-server[127134]: 172.20.0.100 - - [30/Jan/2026:22:59:13 +0000] "PUT /d1/277/AUTH_24352ba3f3024f96b08fa3ebf9ce5207/gnocchi.cff3d134-6ca2-4163-8165-6da12466cd0b/1769040000.0_mean_300.0_v3" 201 - "PUT http://172.18.0.2:8080/v1/AUTH_24352ba3f3024f96b08fa3ebf9ce5207/gnocchi.cff3d134-6ca2-4163-8165-6da12466cd0b/1769040000.0_mean_300.0_v3" "tx362b56e4af8e48ad993de-00697d37c1" "proxy-server 20" 0.0132 "-" 11 0
Jan 30 22:59:13 standalone proxy-server[129002]: 172.18.0.2 172.18.0.100 30/Jan/2026/22/59/13 PUT /v1/AUTH_24352ba3f3024f96b08fa3ebf9ce5207/gnocchi.cff3d134-6ca2-4163-8165-6da12466cd0b/1769040000.0_mean_300.0_v3 HTTP/1.0 201 - python-swiftclient-3.11.1 gAAAAABpfTc14ov9... 16 - - tx362b56e4af8e48ad993de-00697d37c1 - 0.0190 - - 1769813953.649821758 1769813953.668845892 0
Jan 30 22:59:13 standalone container-server[126890]: 172.20.0.100 - - [30/Jan/2026:22:59:13 +0000] "PUT /d1/252/AUTH_24352ba3f3024f96b08fa3ebf9ce5207/gnocchi.cff3d134-6ca2-4163-8165-6da12466cd0b/none_v3" 201 - "PUT http://172.18.0.2:8080/d1/815/AUTH_24352ba3f3024f96b08fa3ebf9ce5207/gnocchi.cff3d134-6ca2-4163-8165-6da12466cd0b/none_v3" "txdb284c7864544044b78f5-00697d37c1" "object-server 11" 0.0019 "-" 22 0
Jan 30 22:59:13 standalone object-server[127134]: 172.20.0.100 - - [30/Jan/2026:22:59:13 +0000] "PUT /d1/815/AUTH_24352ba3f3024f96b08fa3ebf9ce5207/gnocchi.cff3d134-6ca2-4163-8165-6da12466cd0b/none_v3" 201 - "PUT http://172.18.0.2:8080/v1/AUTH_24352ba3f3024f96b08fa3ebf9ce5207/gnocchi.cff3d134-6ca2-4163-8165-6da12466cd0b/none_v3" "txdb284c7864544044b78f5-00697d37c1" "proxy-server 20" 0.0129 "-" 11 0
Jan 30 22:59:13 standalone proxy-server[129002]: 172.18.0.2 172.18.0.100 30/Jan/2026/22/59/13 PUT /v1/AUTH_24352ba3f3024f96b08fa3ebf9ce5207/gnocchi.cff3d134-6ca2-4163-8165-6da12466cd0b/none_v3 HTTP/1.0 201 - python-swiftclient-3.11.1 gAAAAABpfTc14ov9... 51 - - txdb284c7864544044b78f5-00697d37c1 - 0.0190 - - 1769813953.671949863 1769813953.690904617 0
Jan 30 22:59:16 standalone container-server[126870]: 172.20.0.100 - - [30/Jan/2026:22:59:16 +0000] "HEAD /d1/887/AUTH_24352ba3f3024f96b08fa3ebf9ce5207/gnocchi.32151b55-a692-47d5-a424-f7b98f9451de" 404 - "HEAD http://172.18.0.2:8080/v1/AUTH_24352ba3f3024f96b08fa3ebf9ce5207/gnocchi.32151b55-a692-47d5-a424-f7b98f9451de?format=json&states=listing" "tx443e5f8277db48169affb-00697d37c4" "proxy-server 20" 0.0006 "-" 20 0
Jan 30 22:59:16 standalone object-server[127147]: 172.20.0.100 - - [30/Jan/2026:22:59:16 +0000] "GET /d1/408/AUTH_24352ba3f3024f96b08fa3ebf9ce5207/gnocchi.32151b55-a692-47d5-a424-f7b98f9451de/none_v3" 404 70 "GET http://172.18.0.2:8080/v1/AUTH_24352ba3f3024f96b08fa3ebf9ce5207/gnocchi.32151b55-a692-47d5-a424-f7b98f9451de/none_v3" "tx443e5f8277db48169affb-00697d37c4" "proxy-server 20" 0.0004 "-" 13 0
Jan 30 22:59:16 standalone proxy-server[129002]: 172.18.0.2 172.18.0.100 30/Jan/2026/22/59/16 GET /v1/AUTH_24352ba3f3024f96b08fa3ebf9ce5207/gnocchi.32151b55-a692-47d5-a424-f7b98f9451de/none_v3 HTTP/1.0 404 - python-swiftclient-3.11.1 gAAAAABpfTc14ov9... - 70 - tx443e5f8277db48169affb-00697d37c4 - 0.0162 - - 1769813956.777001619 1769813956.793192863 0
Jan 30 22:59:16 standalone account-server[126864]: 172.20.0.100 - - [30/Jan/2026:22:59:16 +0000] "PUT /d1/752/AUTH_24352ba3f3024f96b08fa3ebf9ce5207/gnocchi.32151b55-a692-47d5-a424-f7b98f9451de" 201 - "PUT http://172.20.0.100:6001/d1/887/AUTH_24352ba3f3024f96b08fa3ebf9ce5207/gnocchi.32151b55-a692-47d5-a424-f7b98f9451de" "tx76cd0af2f8ac4fffa510a-00697d37c4" "container-server 22" 0.0052 "-" 23 0
Jan 30 22:59:16 standalone container-server[126890]: 172.20.0.100 - - [30/Jan/2026:22:59:16 +0000] "PUT /d1/887/AUTH_24352ba3f3024f96b08fa3ebf9ce5207/gnocchi.32151b55-a692-47d5-a424-f7b98f9451de" 201 - "PUT http://172.18.0.2:8080/v1/AUTH_24352ba3f3024f96b08fa3ebf9ce5207/gnocchi.32151b55-a692-47d5-a424-f7b98f9451de" "tx76cd0af2f8ac4fffa510a-00697d37c4" "proxy-server 20" 0.0207 "-" 22 0
Jan 30 22:59:16 standalone proxy-server[129002]: 172.18.0.2 172.18.0.100 30/Jan/2026/22/59/16 PUT /v1/AUTH_24352ba3f3024f96b08fa3ebf9ce5207/gnocchi.32151b55-a692-47d5-a424-f7b98f9451de HTTP/1.0 201 - python-swiftclient-3.11.1 gAAAAABpfTc14ov9... - - - tx76cd0af2f8ac4fffa510a-00697d37c4 - 0.0251 - - 1769813956.795978308 1769813956.821112871 0
Jan 30 22:59:16 standalone container-server[126870]: 172.20.0.100 - - [30/Jan/2026:22:59:16 +0000] "HEAD /d1/887/AUTH_24352ba3f3024f96b08fa3ebf9ce5207/gnocchi.32151b55-a692-47d5-a424-f7b98f9451de" 204 - "HEAD http://172.18.0.2:8080/v1/AUTH_24352ba3f3024f96b08fa3ebf9ce5207/gnocchi.32151b55-a692-47d5-a424-f7b98f9451de?format=json&states=listing" "tx40d08114a8f54eb0b9c16-00697d37c4" "proxy-server 20" 0.0012 "-" 20 0
Jan 30 22:59:16 standalone proxy-server[129002]: - - 30/Jan/2026/22/59/16 HEAD /v1/AUTH_24352ba3f3024f96b08fa3ebf9ce5207/gnocchi.32151b55-a692-47d5-a424-f7b98f9451de%3Fformat%3Djson%26states%3Dlisting HTTP/1.0 204 - Swift - - - - tx40d08114a8f54eb0b9c16-00697d37c4 - 0.0085 RL - 1769813956.831411362 1769813956.839915037 0
Jan 30 22:59:16 standalone container-server[126870]: 172.20.0.100 - - [30/Jan/2026:22:59:16 +0000] "GET /d1/887/AUTH_24352ba3f3024f96b08fa3ebf9ce5207/gnocchi.32151b55-a692-47d5-a424-f7b98f9451de" 200 2 "GET http://172.18.0.2:8080/v1/AUTH_24352ba3f3024f96b08fa3ebf9ce5207/gnocchi.32151b55-a692-47d5-a424-f7b98f9451de?format=json&states=listing" "tx40d08114a8f54eb0b9c16-00697d37c4" "proxy-server 20" 0.0015 "-" 20 0
Jan 30 22:59:16 standalone proxy-server[129002]: 172.18.0.2 172.18.0.100 30/Jan/2026/22/59/16 GET /v1/AUTH_24352ba3f3024f96b08fa3ebf9ce5207/gnocchi.32151b55-a692-47d5-a424-f7b98f9451de%3Fformat%3Djson%26states%3Dlisting HTTP/1.0 200 - python-swiftclient-3.11.1 gAAAAABpfTc14ov9... - 2 - tx40d08114a8f54eb0b9c16-00697d37c4 - 0.0159 - - 1769813956.830559731 1769813956.846445084 0
Jan 30 22:59:16 standalone object-server[127159]: 172.20.0.100 - - [30/Jan/2026:22:59:16 +0000] "GET /d1/671/AUTH_24352ba3f3024f96b08fa3ebf9ce5207/gnocchi.32151b55-a692-47d5-a424-f7b98f9451de/1769040000.0_mean_300.0_v3" 404 70 "GET http://172.18.0.2:8080/v1/AUTH_24352ba3f3024f96b08fa3ebf9ce5207/gnocchi.32151b55-a692-47d5-a424-f7b98f9451de/1769040000.0_mean_300.0_v3" "txcd526e4a09bd499eae303-00697d37c4" "proxy-server 20" 0.0004 "-" 18 0
Jan 30 22:59:16 standalone proxy-server[129002]: 172.18.0.2 172.18.0.100 30/Jan/2026/22/59/16 GET /v1/AUTH_24352ba3f3024f96b08fa3ebf9ce5207/gnocchi.32151b55-a692-47d5-a424-f7b98f9451de/1769040000.0_mean_300.0_v3 HTTP/1.0 404 - python-swiftclient-3.11.1 gAAAAABpfTc14ov9... - 70 - txcd526e4a09bd499eae303-00697d37c4 - 0.0058 - - 1769813956.853279591 1769813956.859079361 0
Jan 30 22:59:16 standalone container-server[126870]: 172.20.0.100 - - [30/Jan/2026:22:59:16 +0000] "PUT /d1/887/AUTH_24352ba3f3024f96b08fa3ebf9ce5207/gnocchi.32151b55-a692-47d5-a424-f7b98f9451de/1769040000.0_mean_300.0_v3" 201 - "PUT http://172.18.0.2:8080/d1/671/AUTH_24352ba3f3024f96b08fa3ebf9ce5207/gnocchi.32151b55-a692-47d5-a424-f7b98f9451de/1769040000.0_mean_300.0_v3" "tx2ba3d0246a164b5989ab4-00697d37c4" "object-server 13" 0.0006 "-" 20 0
Jan 30 22:59:16 standalone object-server[127147]: 172.20.0.100 - - [30/Jan/2026:22:59:16 +0000] "PUT /d1/671/AUTH_24352ba3f3024f96b08fa3ebf9ce5207/gnocchi.32151b55-a692-47d5-a424-f7b98f9451de/1769040000.0_mean_300.0_v3" 201 - "PUT http://172.18.0.2:8080/v1/AUTH_24352ba3f3024f96b08fa3ebf9ce5207/gnocchi.32151b55-a692-47d5-a424-f7b98f9451de/1769040000.0_mean_300.0_v3" "tx2ba3d0246a164b5989ab4-00697d37c4" "proxy-server 20" 0.0132 "-" 13 0
Jan 30 22:59:16 standalone proxy-server[129002]: 172.18.0.2 172.18.0.100 30/Jan/2026/22/59/16 PUT /v1/AUTH_24352ba3f3024f96b08fa3ebf9ce5207/gnocchi.32151b55-a692-47d5-a424-f7b98f9451de/1769040000.0_mean_300.0_v3 HTTP/1.0 201 - python-swiftclient-3.11.1 gAAAAABpfTc14ov9... 16 - - tx2ba3d0246a164b5989ab4-00697d37c4 - 0.0203 - - 1769813956.861361504 1769813956.881711245 0
Jan 30 22:59:16 standalone container-server[126890]: 172.20.0.100 - - [30/Jan/2026:22:59:16 +0000] "PUT /d1/887/AUTH_24352ba3f3024f96b08fa3ebf9ce5207/gnocchi.32151b55-a692-47d5-a424-f7b98f9451de/none_v3" 201 - "PUT http://172.18.0.2:8080/d1/408/AUTH_24352ba3f3024f96b08fa3ebf9ce5207/gnocchi.32151b55-a692-47d5-a424-f7b98f9451de/none_v3" "txf41efedf8fe6423eb3ccc-00697d37c4" "object-server 11" 0.0007 "-" 22 0
Jan 30 22:59:16 standalone object-server[127134]: 172.20.0.100 - - [30/Jan/2026:22:59:16 +0000] "PUT /d1/408/AUTH_24352ba3f3024f96b08fa3ebf9ce5207/gnocchi.32151b55-a692-47d5-a424-f7b98f9451de/none_v3" 201 - "PUT http://172.18.0.2:8080/v1/AUTH_24352ba3f3024f96b08fa3ebf9ce5207/gnocchi.32151b55-a692-47d5-a424-f7b98f9451de/none_v3" "txf41efedf8fe6423eb3ccc-00697d37c4" "proxy-server 20" 0.0150 "-" 11 0
Jan 30 22:59:16 standalone proxy-server[129002]: 172.18.0.2 172.18.0.100 30/Jan/2026/22/59/16 PUT /v1/AUTH_24352ba3f3024f96b08fa3ebf9ce5207/gnocchi.32151b55-a692-47d5-a424-f7b98f9451de/none_v3 HTTP/1.0 201 - python-swiftclient-3.11.1 gAAAAABpfTc14ov9... 22 - - txf41efedf8fe6423eb3ccc-00697d37c4 - 0.0231 - - 1769813956.891256571 1769813956.914398193 0
Jan 30 22:59:16 standalone container-server[126872]: 172.20.0.100 - - [30/Jan/2026:22:59:16 +0000] "HEAD /d1/181/AUTH_24352ba3f3024f96b08fa3ebf9ce5207/gnocchi.10a30e7c-c6ad-4954-b396-5dd94f40efb6" 404 - "HEAD http://172.18.0.2:8080/v1/AUTH_24352ba3f3024f96b08fa3ebf9ce5207/gnocchi.10a30e7c-c6ad-4954-b396-5dd94f40efb6?format=json&states=listing" "tx2a6b344b06894a99bb40f-00697d37c4" "proxy-server 20" 0.0006 "-" 21 0
Jan 30 22:59:16 standalone object-server[127134]: 172.20.0.100 - - [30/Jan/2026:22:59:16 +0000] "GET /d1/279/AUTH_24352ba3f3024f96b08fa3ebf9ce5207/gnocchi.10a30e7c-c6ad-4954-b396-5dd94f40efb6/none_v3" 404 70 "GET http://172.18.0.2:8080/v1/AUTH_24352ba3f3024f96b08fa3ebf9ce5207/gnocchi.10a30e7c-c6ad-4954-b396-5dd94f40efb6/none_v3" "tx2a6b344b06894a99bb40f-00697d37c4" "proxy-server 20" 0.0002 "-" 11 0
Jan 30 22:59:16 standalone proxy-server[129002]: 172.18.0.2 172.18.0.100 30/Jan/2026/22/59/16 GET /v1/AUTH_24352ba3f3024f96b08fa3ebf9ce5207/gnocchi.10a30e7c-c6ad-4954-b396-5dd94f40efb6/none_v3 HTTP/1.0 404 - python-swiftclient-3.11.1 gAAAAABpfTc14ov9... - 70 - tx2a6b344b06894a99bb40f-00697d37c4 - 0.0103 - - 1769813956.929922342 1769813956.940266132 0
Jan 30 22:59:16 standalone account-server[126839]: 172.20.0.100 - - [30/Jan/2026:22:59:16 +0000] "PUT /d1/752/AUTH_24352ba3f3024f96b08fa3ebf9ce5207/gnocchi.10a30e7c-c6ad-4954-b396-5dd94f40efb6" 201 - "PUT http://172.20.0.100:6001/d1/181/AUTH_24352ba3f3024f96b08fa3ebf9ce5207/gnocchi.10a30e7c-c6ad-4954-b396-5dd94f40efb6" "tx09df34c638424f3f96555-00697d37c4" "container-server 20" 0.0074 "-" 21 0
Jan 30 22:59:16 standalone container-server[126870]: 172.20.0.100 - - [30/Jan/2026:22:59:16 +0000] "PUT /d1/181/AUTH_24352ba3f3024f96b08fa3ebf9ce5207/gnocchi.10a30e7c-c6ad-4954-b396-5dd94f40efb6" 201 - "PUT http://172.18.0.2:8080/v1/AUTH_24352ba3f3024f96b08fa3ebf9ce5207/gnocchi.10a30e7c-c6ad-4954-b396-5dd94f40efb6" "tx09df34c638424f3f96555-00697d37c4" "proxy-server 20" 0.0321 "-" 20 0
Jan 30 22:59:16 standalone proxy-server[129002]: 172.18.0.2 172.18.0.100 30/Jan/2026/22/59/16 PUT /v1/AUTH_24352ba3f3024f96b08fa3ebf9ce5207/gnocchi.10a30e7c-c6ad-4954-b396-5dd94f40efb6 HTTP/1.0 201 - python-swiftclient-3.11.1 gAAAAABpfTc14ov9... - - - tx09df34c638424f3f96555-00697d37c4 - 0.0389 - - 1769813956.943493605 1769813956.982369423 0
Jan 30 22:59:16 standalone container-server[126890]: 172.20.0.100 - - [30/Jan/2026:22:59:16 +0000] "HEAD /d1/181/AUTH_24352ba3f3024f96b08fa3ebf9ce5207/gnocchi.10a30e7c-c6ad-4954-b396-5dd94f40efb6" 204 - "HEAD http://172.18.0.2:8080/v1/AUTH_24352ba3f3024f96b08fa3ebf9ce5207/gnocchi.10a30e7c-c6ad-4954-b396-5dd94f40efb6?format=json&states=listing" "tx12d646b9c0ef4a738a437-00697d37c4" "proxy-server 20" 0.0014 "-" 22 0
Jan 30 22:59:16 standalone proxy-server[129002]: - - 30/Jan/2026/22/59/16 HEAD /v1/AUTH_24352ba3f3024f96b08fa3ebf9ce5207/gnocchi.10a30e7c-c6ad-4954-b396-5dd94f40efb6%3Fformat%3Djson%26states%3Dlisting HTTP/1.0 204 - Swift - - - - tx12d646b9c0ef4a738a437-00697d37c4 - 0.0064 RL - 1769813956.987221479 1769813956.993595123 0
Jan 30 22:59:17 standalone container-server[126872]: 172.20.0.100 - - [30/Jan/2026:22:59:17 +0000] "GET /d1/181/AUTH_24352ba3f3024f96b08fa3ebf9ce5207/gnocchi.10a30e7c-c6ad-4954-b396-5dd94f40efb6" 200 2 "GET http://172.18.0.2:8080/v1/AUTH_24352ba3f3024f96b08fa3ebf9ce5207/gnocchi.10a30e7c-c6ad-4954-b396-5dd94f40efb6?format=json&states=listing" "tx12d646b9c0ef4a738a437-00697d37c4" "proxy-server 20" 0.0054 "-" 21 0
Jan 30 22:59:17 standalone proxy-server[129002]: 172.18.0.2 172.18.0.100 30/Jan/2026/22/59/17 GET /v1/AUTH_24352ba3f3024f96b08fa3ebf9ce5207/gnocchi.10a30e7c-c6ad-4954-b396-5dd94f40efb6%3Fformat%3Djson%26states%3Dlisting HTTP/1.0 200 - python-swiftclient-3.11.1 gAAAAABpfTc14ov9... - 2 - tx12d646b9c0ef4a738a437-00697d37c4 - 0.0212 - - 1769813956.986288548 1769813957.007469654 0
Jan 30 22:59:17 standalone object-server[127147]: 172.20.0.100 - - [30/Jan/2026:22:59:17 +0000] "GET /d1/427/AUTH_24352ba3f3024f96b08fa3ebf9ce5207/gnocchi.10a30e7c-c6ad-4954-b396-5dd94f40efb6/1769040000.0_mean_300.0_v3" 404 70 "GET http://172.18.0.2:8080/v1/AUTH_24352ba3f3024f96b08fa3ebf9ce5207/gnocchi.10a30e7c-c6ad-4954-b396-5dd94f40efb6/1769040000.0_mean_300.0_v3" "tx6a62fc31bd464414a71bf-00697d37c5" "proxy-server 20" 0.0005 "-" 13 0
Jan 30 22:59:17 standalone proxy-server[129002]: 172.18.0.2 172.18.0.100 30/Jan/2026/22/59/17 GET /v1/AUTH_24352ba3f3024f96b08fa3ebf9ce5207/gnocchi.10a30e7c-c6ad-4954-b396-5dd94f40efb6/1769040000.0_mean_300.0_v3 HTTP/1.0 404 - python-swiftclient-3.11.1 gAAAAABpfTc14ov9... - 70 - tx6a62fc31bd464414a71bf-00697d37c5 - 0.0084 - - 1769813957.019287825 1769813957.027688026 0
Jan 30 22:59:17 standalone container-server[126872]: 172.20.0.100 - - [30/Jan/2026:22:59:17 +0000] "PUT /d1/181/AUTH_24352ba3f3024f96b08fa3ebf9ce5207/gnocchi.10a30e7c-c6ad-4954-b396-5dd94f40efb6/1769040000.0_mean_300.0_v3" 201 - "PUT http://172.18.0.2:8080/d1/427/AUTH_24352ba3f3024f96b08fa3ebf9ce5207/gnocchi.10a30e7c-c6ad-4954-b396-5dd94f40efb6/1769040000.0_mean_300.0_v3" "txd02df2d962444ced91a8a-00697d37c5" "object-server 11" 0.0008 "-" 21 0
Jan 30 22:59:17 standalone object-server[127134]: 172.20.0.100 - - [30/Jan/2026:22:59:17 +0000] "PUT /d1/427/AUTH_24352ba3f3024f96b08fa3ebf9ce5207/gnocchi.10a30e7c-c6ad-4954-b396-5dd94f40efb6/1769040000.0_mean_300.0_v3" 201 - "PUT http://172.18.0.2:8080/v1/AUTH_24352ba3f3024f96b08fa3ebf9ce5207/gnocchi.10a30e7c-c6ad-4954-b396-5dd94f40efb6/1769040000.0_mean_300.0_v3" "txd02df2d962444ced91a8a-00697d37c5" "proxy-server 20" 0.0130 "-" 11 0
Jan 30 22:59:17 standalone proxy-server[129002]: 172.18.0.2 172.18.0.100 30/Jan/2026/22/59/17 PUT /v1/AUTH_24352ba3f3024f96b08fa3ebf9ce5207/gnocchi.10a30e7c-c6ad-4954-b396-5dd94f40efb6/1769040000.0_mean_300.0_v3 HTTP/1.0 201 - python-swiftclient-3.11.1 gAAAAABpfTc14ov9... 16 - - txd02df2d962444ced91a8a-00697d37c5 - 0.0175 - - 1769813957.030702114 1769813957.048227072 0
Jan 30 22:59:17 standalone container-server[126890]: 172.20.0.100 - - [30/Jan/2026:22:59:17 +0000] "PUT /d1/181/AUTH_24352ba3f3024f96b08fa3ebf9ce5207/gnocchi.10a30e7c-c6ad-4954-b396-5dd94f40efb6/none_v3" 201 - "PUT http://172.18.0.2:8080/d1/279/AUTH_24352ba3f3024f96b08fa3ebf9ce5207/gnocchi.10a30e7c-c6ad-4954-b396-5dd94f40efb6/none_v3" "txccf15c2ed11c4000b6372-00697d37c5" "object-server 11" 0.0018 "-" 22 0
Jan 30 22:59:17 standalone object-server[127134]: 172.20.0.100 - - [30/Jan/2026:22:59:17 +0000] "PUT /d1/279/AUTH_24352ba3f3024f96b08fa3ebf9ce5207/gnocchi.10a30e7c-c6ad-4954-b396-5dd94f40efb6/none_v3" 201 - "PUT http://172.18.0.2:8080/v1/AUTH_24352ba3f3024f96b08fa3ebf9ce5207/gnocchi.10a30e7c-c6ad-4954-b396-5dd94f40efb6/none_v3" "txccf15c2ed11c4000b6372-00697d37c5" "proxy-server 20" 0.0173 "-" 11 0
Jan 30 22:59:17 standalone proxy-server[129002]: 172.18.0.2 172.18.0.100 30/Jan/2026/22/59/17 PUT /v1/AUTH_24352ba3f3024f96b08fa3ebf9ce5207/gnocchi.10a30e7c-c6ad-4954-b396-5dd94f40efb6/none_v3 HTTP/1.0 201 - python-swiftclient-3.11.1 gAAAAABpfTc14ov9... 22 - - txccf15c2ed11c4000b6372-00697d37c5 - 0.0228 - - 1769813957.050619841 1769813957.073390484 0
Jan 30 22:59:17 standalone container-server[126872]: 172.20.0.100 - - [30/Jan/2026:22:59:17 +0000] "HEAD /d1/889/AUTH_24352ba3f3024f96b08fa3ebf9ce5207/gnocchi.49ad00b0-713a-4c93-a5e7-4cbfd01f6706" 404 - "HEAD http://172.18.0.2:8080/v1/AUTH_24352ba3f3024f96b08fa3ebf9ce5207/gnocchi.49ad00b0-713a-4c93-a5e7-4cbfd01f6706?format=json&states=listing" "tx96a70a490b8b47caadb2b-00697d37c5" "proxy-server 20" 0.0004 "-" 21 0
Jan 30 22:59:17 standalone object-server[127159]: 172.20.0.100 - - [30/Jan/2026:22:59:17 +0000] "GET /d1/95/AUTH_24352ba3f3024f96b08fa3ebf9ce5207/gnocchi.49ad00b0-713a-4c93-a5e7-4cbfd01f6706/none_v3" 404 70 "GET http://172.18.0.2:8080/v1/AUTH_24352ba3f3024f96b08fa3ebf9ce5207/gnocchi.49ad00b0-713a-4c93-a5e7-4cbfd01f6706/none_v3" "tx96a70a490b8b47caadb2b-00697d37c5" "proxy-server 20" 0.0003 "-" 18 0
Jan 30 22:59:17 standalone proxy-server[129002]: 172.18.0.2 172.18.0.100 30/Jan/2026/22/59/17 GET /v1/AUTH_24352ba3f3024f96b08fa3ebf9ce5207/gnocchi.49ad00b0-713a-4c93-a5e7-4cbfd01f6706/none_v3 HTTP/1.0 404 - python-swiftclient-3.11.1 gAAAAABpfTc14ov9... - 70 - tx96a70a490b8b47caadb2b-00697d37c5 - 0.0096 - - 1769813957.096157789 1769813957.105772257 0
Jan 30 22:59:17 standalone account-server[126859]: 172.20.0.100 - - [30/Jan/2026:22:59:17 +0000] "PUT /d1/752/AUTH_24352ba3f3024f96b08fa3ebf9ce5207/gnocchi.49ad00b0-713a-4c93-a5e7-4cbfd01f6706" 201 - "PUT http://172.20.0.100:6001/d1/889/AUTH_24352ba3f3024f96b08fa3ebf9ce5207/gnocchi.49ad00b0-713a-4c93-a5e7-4cbfd01f6706" "tx90b86c5a22d7433eb930c-00697d37c5" "container-server 22" 0.0114 "-" 22 0
Jan 30 22:59:17 standalone container-server[126890]: 172.20.0.100 - - [30/Jan/2026:22:59:17 +0000] "PUT /d1/889/AUTH_24352ba3f3024f96b08fa3ebf9ce5207/gnocchi.49ad00b0-713a-4c93-a5e7-4cbfd01f6706" 201 - "PUT http://172.18.0.2:8080/v1/AUTH_24352ba3f3024f96b08fa3ebf9ce5207/gnocchi.49ad00b0-713a-4c93-a5e7-4cbfd01f6706" "tx90b86c5a22d7433eb930c-00697d37c5" "proxy-server 20" 0.0241 "-" 22 0
Jan 30 22:59:17 standalone proxy-server[129002]: 172.18.0.2 172.18.0.100 30/Jan/2026/22/59/17 PUT /v1/AUTH_24352ba3f3024f96b08fa3ebf9ce5207/gnocchi.49ad00b0-713a-4c93-a5e7-4cbfd01f6706 HTTP/1.0 201 - python-swiftclient-3.11.1 gAAAAABpfTc14ov9... - - - tx90b86c5a22d7433eb930c-00697d37c5 - 0.0282 - - 1769813957.107592344 1769813957.135773659 0
