Jan 23 09:20:55 standalone object-server[122390]: 172.20.0.100 - - [23/Jan/2026:09:20:55 +0000] "PUT /d1/200/AUTH_b69aaac60a1f4086beb1095a89d0a0d3/gnocchi.262159e8-7277-4e3b-a980-c65721381e5b/none_v3" 201 - "PUT http://localhost:8080/v1/AUTH_b69aaac60a1f4086beb1095a89d0a0d3/gnocchi.262159e8-7277-4e3b-a980-c65721381e5b/none_v3" "tx1c1aa389c971429589336-0069733d77" "proxy-server 21" 0.0105 "-" 24 0
Jan 23 09:20:55 standalone proxy-server[123987]: 172.18.0.2 ::1 23/Jan/2026/09/20/55 PUT /v1/AUTH_b69aaac60a1f4086beb1095a89d0a0d3/gnocchi.262159e8-7277-4e3b-a980-c65721381e5b/none_v3 HTTP/1.0 201 - python-swiftclient-3.11.1 gAAAAABpczyvUCaU... 22 - - tx1c1aa389c971429589336-0069733d77 - 0.0157 - - 1769160055.502627373 1769160055.518282890 0
Jan 23 09:20:55 standalone container-server[122217]: 172.20.0.100 - - [23/Jan/2026:09:20:55 +0000] "HEAD /d1/154/AUTH_b69aaac60a1f4086beb1095a89d0a0d3/gnocchi.c8b9ada5-89c7-432b-8c36-1d18c584d313" 404 - "HEAD http://localhost:8080/v1/AUTH_b69aaac60a1f4086beb1095a89d0a0d3/gnocchi.c8b9ada5-89c7-432b-8c36-1d18c584d313?format=json&states=listing" "tx21c14fd7ab2a4446a0720-0069733d77" "proxy-server 21" 0.0006 "-" 23 0
Jan 23 09:20:55 standalone object-server[122389]: 172.20.0.100 - - [23/Jan/2026:09:20:55 +0000] "GET /d1/742/AUTH_b69aaac60a1f4086beb1095a89d0a0d3/gnocchi.c8b9ada5-89c7-432b-8c36-1d18c584d313/none_v3" 404 70 "GET http://localhost:8080/v1/AUTH_b69aaac60a1f4086beb1095a89d0a0d3/gnocchi.c8b9ada5-89c7-432b-8c36-1d18c584d313/none_v3" "tx21c14fd7ab2a4446a0720-0069733d77" "proxy-server 21" 0.0006 "-" 23 0
Jan 23 09:20:55 standalone proxy-server[123987]: 172.18.0.2 ::1 23/Jan/2026/09/20/55 GET /v1/AUTH_b69aaac60a1f4086beb1095a89d0a0d3/gnocchi.c8b9ada5-89c7-432b-8c36-1d18c584d313/none_v3 HTTP/1.0 404 - python-swiftclient-3.11.1 gAAAAABpczyvUCaU... - 70 - tx21c14fd7ab2a4446a0720-0069733d77 - 0.0174 - - 1769160055.535180807 1769160055.552628517 0
Jan 23 09:20:55 standalone account-server[122114]: 172.20.0.100 - - [23/Jan/2026:09:20:55 +0000] "PUT /d1/231/AUTH_b69aaac60a1f4086beb1095a89d0a0d3/gnocchi.c8b9ada5-89c7-432b-8c36-1d18c584d313" 201 - "PUT http://172.20.0.100:6001/d1/154/AUTH_b69aaac60a1f4086beb1095a89d0a0d3/gnocchi.c8b9ada5-89c7-432b-8c36-1d18c584d313" "txee6ad2d7905043ddbcbf1-0069733d77" "container-server 21" 0.0065 "-" 17 0
Jan 23 09:20:55 standalone container-server[122200]: 172.20.0.100 - - [23/Jan/2026:09:20:55 +0000] "PUT /d1/154/AUTH_b69aaac60a1f4086beb1095a89d0a0d3/gnocchi.c8b9ada5-89c7-432b-8c36-1d18c584d313" 201 - "PUT http://localhost:8080/v1/AUTH_b69aaac60a1f4086beb1095a89d0a0d3/gnocchi.c8b9ada5-89c7-432b-8c36-1d18c584d313" "txee6ad2d7905043ddbcbf1-0069733d77" "proxy-server 21" 0.0210 "-" 21 0
Jan 23 09:20:55 standalone proxy-server[123987]: 172.18.0.2 ::1 23/Jan/2026/09/20/55 PUT /v1/AUTH_b69aaac60a1f4086beb1095a89d0a0d3/gnocchi.c8b9ada5-89c7-432b-8c36-1d18c584d313 HTTP/1.0 201 - python-swiftclient-3.11.1 gAAAAABpczyvUCaU... - - - txee6ad2d7905043ddbcbf1-0069733d77 - 0.0279 - - 1769160055.557365417 1769160055.585241079 0
Jan 23 09:20:55 standalone container-server[122204]: 172.20.0.100 - - [23/Jan/2026:09:20:55 +0000] "HEAD /d1/154/AUTH_b69aaac60a1f4086beb1095a89d0a0d3/gnocchi.c8b9ada5-89c7-432b-8c36-1d18c584d313" 204 - "HEAD http://localhost:8080/v1/AUTH_b69aaac60a1f4086beb1095a89d0a0d3/gnocchi.c8b9ada5-89c7-432b-8c36-1d18c584d313?format=json&states=listing" "txe3579b8ab3094120a549d-0069733d77" "proxy-server 21" 0.0026 "-" 22 0
Jan 23 09:20:55 standalone proxy-server[123987]: - - 23/Jan/2026/09/20/55 HEAD /v1/AUTH_b69aaac60a1f4086beb1095a89d0a0d3/gnocchi.c8b9ada5-89c7-432b-8c36-1d18c584d313%3Fformat%3Djson%26states%3Dlisting HTTP/1.0 204 - Swift - - - - txe3579b8ab3094120a549d-0069733d77 - 0.0079 RL - 1769160055.593258858 1769160055.601165533 0
Jan 23 09:20:55 standalone container-server[122217]: 172.20.0.100 - - [23/Jan/2026:09:20:55 +0000] "GET /d1/154/AUTH_b69aaac60a1f4086beb1095a89d0a0d3/gnocchi.c8b9ada5-89c7-432b-8c36-1d18c584d313" 200 2 "GET http://localhost:8080/v1/AUTH_b69aaac60a1f4086beb1095a89d0a0d3/gnocchi.c8b9ada5-89c7-432b-8c36-1d18c584d313?format=json&states=listing" "txe3579b8ab3094120a549d-0069733d77" "proxy-server 21" 0.0040 "-" 23 0
Jan 23 09:20:55 standalone proxy-server[123987]: 172.18.0.2 ::1 23/Jan/2026/09/20/55 GET /v1/AUTH_b69aaac60a1f4086beb1095a89d0a0d3/gnocchi.c8b9ada5-89c7-432b-8c36-1d18c584d313%3Fformat%3Djson%26states%3Dlisting HTTP/1.0 200 - python-swiftclient-3.11.1 gAAAAABpczyvUCaU... - 2 - txe3579b8ab3094120a549d-0069733d77 - 0.0240 - - 1769160055.591490746 1769160055.615517855 0
Jan 23 09:20:55 standalone object-server[122391]: 172.20.0.100 - - [23/Jan/2026:09:20:55 +0000] "GET /d1/522/AUTH_b69aaac60a1f4086beb1095a89d0a0d3/gnocchi.c8b9ada5-89c7-432b-8c36-1d18c584d313/1769040000.0_mean_300.0_v3" 404 70 "GET http://localhost:8080/v1/AUTH_b69aaac60a1f4086beb1095a89d0a0d3/gnocchi.c8b9ada5-89c7-432b-8c36-1d18c584d313/1769040000.0_mean_300.0_v3" "tx8de024a604ee4d63aaaeb-0069733d77" "proxy-server 21" 0.0005 "-" 25 0
Jan 23 09:20:55 standalone proxy-server[123987]: 172.18.0.2 ::1 23/Jan/2026/09/20/55 GET /v1/AUTH_b69aaac60a1f4086beb1095a89d0a0d3/gnocchi.c8b9ada5-89c7-432b-8c36-1d18c584d313/1769040000.0_mean_300.0_v3 HTTP/1.0 404 - python-swiftclient-3.11.1 gAAAAABpczyvUCaU... - 70 - tx8de024a604ee4d63aaaeb-0069733d77 - 0.0148 - - 1769160055.621757269 1769160055.636546850 0
Jan 23 09:20:55 standalone container-server[122200]: 172.20.0.100 - - [23/Jan/2026:09:20:55 +0000] "PUT /d1/154/AUTH_b69aaac60a1f4086beb1095a89d0a0d3/gnocchi.c8b9ada5-89c7-432b-8c36-1d18c584d313/1769040000.0_mean_300.0_v3" 201 - "PUT http://localhost:8080/d1/522/AUTH_b69aaac60a1f4086beb1095a89d0a0d3/gnocchi.c8b9ada5-89c7-432b-8c36-1d18c584d313/1769040000.0_mean_300.0_v3" "txd635c63f5a8048138e5a0-0069733d77" "object-server 23" 0.0008 "-" 21 0
Jan 23 09:20:55 standalone object-server[122389]: 172.20.0.100 - - [23/Jan/2026:09:20:55 +0000] "PUT /d1/522/AUTH_b69aaac60a1f4086beb1095a89d0a0d3/gnocchi.c8b9ada5-89c7-432b-8c36-1d18c584d313/1769040000.0_mean_300.0_v3" 201 - "PUT http://localhost:8080/v1/AUTH_b69aaac60a1f4086beb1095a89d0a0d3/gnocchi.c8b9ada5-89c7-432b-8c36-1d18c584d313/1769040000.0_mean_300.0_v3" "txd635c63f5a8048138e5a0-0069733d77" "proxy-server 21" 0.0110 "-" 23 0
Jan 23 09:20:55 standalone proxy-server[123987]: 172.18.0.2 ::1 23/Jan/2026/09/20/55 PUT /v1/AUTH_b69aaac60a1f4086beb1095a89d0a0d3/gnocchi.c8b9ada5-89c7-432b-8c36-1d18c584d313/1769040000.0_mean_300.0_v3 HTTP/1.0 201 - python-swiftclient-3.11.1 gAAAAABpczyvUCaU... 16 - - txd635c63f5a8048138e5a0-0069733d77 - 0.0185 - - 1769160055.641904593 1769160055.660394669 0
Jan 23 09:20:55 standalone container-server[122217]: 172.20.0.100 - - [23/Jan/2026:09:20:55 +0000] "PUT /d1/154/AUTH_b69aaac60a1f4086beb1095a89d0a0d3/gnocchi.c8b9ada5-89c7-432b-8c36-1d18c584d313/none_v3" 201 - "PUT http://localhost:8080/d1/742/AUTH_b69aaac60a1f4086beb1095a89d0a0d3/gnocchi.c8b9ada5-89c7-432b-8c36-1d18c584d313/none_v3" "tx24f3f4148ff8414d87764-0069733d77" "object-server 25" 0.0011 "-" 23 0
Jan 23 09:20:55 standalone object-server[122391]: 172.20.0.100 - - [23/Jan/2026:09:20:55 +0000] "PUT /d1/742/AUTH_b69aaac60a1f4086beb1095a89d0a0d3/gnocchi.c8b9ada5-89c7-432b-8c36-1d18c584d313/none_v3" 201 - "PUT http://localhost:8080/v1/AUTH_b69aaac60a1f4086beb1095a89d0a0d3/gnocchi.c8b9ada5-89c7-432b-8c36-1d18c584d313/none_v3" "tx24f3f4148ff8414d87764-0069733d77" "proxy-server 21" 0.0121 "-" 25 0
Jan 23 09:20:55 standalone proxy-server[123987]: 172.18.0.2 ::1 23/Jan/2026/09/20/55 PUT /v1/AUTH_b69aaac60a1f4086beb1095a89d0a0d3/gnocchi.c8b9ada5-89c7-432b-8c36-1d18c584d313/none_v3 HTTP/1.0 201 - python-swiftclient-3.11.1 gAAAAABpczyvUCaU... 22 - - tx24f3f4148ff8414d87764-0069733d77 - 0.0203 - - 1769160055.665230274 1769160055.685566664 0
Jan 23 09:20:55 standalone container-server[122204]: 172.20.0.100 - - [23/Jan/2026:09:20:55 +0000] "HEAD /d1/134/AUTH_b69aaac60a1f4086beb1095a89d0a0d3/gnocchi.30b4e7ab-3bee-4c73-ae0a-a4cb91ec95c0" 404 - "HEAD http://localhost:8080/v1/AUTH_b69aaac60a1f4086beb1095a89d0a0d3/gnocchi.30b4e7ab-3bee-4c73-ae0a-a4cb91ec95c0?format=json&states=listing" "tx7f0d0a93b35f4cb9b412e-0069733d77" "proxy-server 21" 0.0006 "-" 22 0
Jan 23 09:20:55 standalone object-server[122391]: 172.20.0.100 - - [23/Jan/2026:09:20:55 +0000] "GET /d1/603/AUTH_b69aaac60a1f4086beb1095a89d0a0d3/gnocchi.30b4e7ab-3bee-4c73-ae0a-a4cb91ec95c0/none_v3" 404 70 "GET http://localhost:8080/v1/AUTH_b69aaac60a1f4086beb1095a89d0a0d3/gnocchi.30b4e7ab-3bee-4c73-ae0a-a4cb91ec95c0/none_v3" "tx7f0d0a93b35f4cb9b412e-0069733d77" "proxy-server 21" 0.0004 "-" 25 0
Jan 23 09:20:55 standalone proxy-server[123987]: 172.18.0.2 ::1 23/Jan/2026/09/20/55 GET /v1/AUTH_b69aaac60a1f4086beb1095a89d0a0d3/gnocchi.30b4e7ab-3bee-4c73-ae0a-a4cb91ec95c0/none_v3 HTTP/1.0 404 - python-swiftclient-3.11.1 gAAAAABpczyvUCaU... - 70 - tx7f0d0a93b35f4cb9b412e-0069733d77 - 0.0104 - - 1769160055.701220036 1769160055.711631298 0
Jan 23 09:20:55 standalone account-server[122094]: 172.20.0.100 - - [23/Jan/2026:09:20:55 +0000] "PUT /d1/231/AUTH_b69aaac60a1f4086beb1095a89d0a0d3/gnocchi.30b4e7ab-3bee-4c73-ae0a-a4cb91ec95c0" 201 - "PUT http://172.20.0.100:6001/d1/134/AUTH_b69aaac60a1f4086beb1095a89d0a0d3/gnocchi.30b4e7ab-3bee-4c73-ae0a-a4cb91ec95c0" "txcb9cda1b24274842a6317-0069733d77" "container-server 22" 0.0047 "-" 14 0
Jan 23 09:20:55 standalone container-server[122204]: 172.20.0.100 - - [23/Jan/2026:09:20:55 +0000] "PUT /d1/134/AUTH_b69aaac60a1f4086beb1095a89d0a0d3/gnocchi.30b4e7ab-3bee-4c73-ae0a-a4cb91ec95c0" 201 - "PUT http://localhost:8080/v1/AUTH_b69aaac60a1f4086beb1095a89d0a0d3/gnocchi.30b4e7ab-3bee-4c73-ae0a-a4cb91ec95c0" "txcb9cda1b24274842a6317-0069733d77" "proxy-server 21" 0.0181 "-" 22 0
Jan 23 09:20:55 standalone proxy-server[123987]: 172.18.0.2 ::1 23/Jan/2026/09/20/55 PUT /v1/AUTH_b69aaac60a1f4086beb1095a89d0a0d3/gnocchi.30b4e7ab-3bee-4c73-ae0a-a4cb91ec95c0 HTTP/1.0 201 - python-swiftclient-3.11.1 gAAAAABpczyvUCaU... - - - txcb9cda1b24274842a6317-0069733d77 - 0.0231 - - 1769160055.715456247 1769160055.738531828 0
Jan 23 09:20:55 standalone container-server[122200]: 172.20.0.100 - - [23/Jan/2026:09:20:55 +0000] "HEAD /d1/134/AUTH_b69aaac60a1f4086beb1095a89d0a0d3/gnocchi.30b4e7ab-3bee-4c73-ae0a-a4cb91ec95c0" 204 - "HEAD http://localhost:8080/v1/AUTH_b69aaac60a1f4086beb1095a89d0a0d3/gnocchi.30b4e7ab-3bee-4c73-ae0a-a4cb91ec95c0?format=json&states=listing" "tx75eb09fffc31407689b1a-0069733d77" "proxy-server 21" 0.0021 "-" 21 0
Jan 23 09:20:55 standalone proxy-server[123987]: - - 23/Jan/2026/09/20/55 HEAD /v1/AUTH_b69aaac60a1f4086beb1095a89d0a0d3/gnocchi.30b4e7ab-3bee-4c73-ae0a-a4cb91ec95c0%3Fformat%3Djson%26states%3Dlisting HTTP/1.0 204 - Swift - - - - tx75eb09fffc31407689b1a-0069733d77 - 0.0056 RL - 1769160055.744675159 1769160055.750300169 0
Jan 23 09:20:55 standalone container-server[122204]: 172.20.0.100 - - [23/Jan/2026:09:20:55 +0000] "GET /d1/134/AUTH_b69aaac60a1f4086beb1095a89d0a0d3/gnocchi.30b4e7ab-3bee-4c73-ae0a-a4cb91ec95c0" 200 2 "GET http://localhost:8080/v1/AUTH_b69aaac60a1f4086beb1095a89d0a0d3/gnocchi.30b4e7ab-3bee-4c73-ae0a-a4cb91ec95c0?format=json&states=listing" "tx75eb09fffc31407689b1a-0069733d77" "proxy-server 21" 0.0034 "-" 22 0
Jan 23 09:20:55 standalone proxy-server[123987]: 172.18.0.2 ::1 23/Jan/2026/09/20/55 GET /v1/AUTH_b69aaac60a1f4086beb1095a89d0a0d3/gnocchi.30b4e7ab-3bee-4c73-ae0a-a4cb91ec95c0%3Fformat%3Djson%26states%3Dlisting HTTP/1.0 200 - python-swiftclient-3.11.1 gAAAAABpczyvUCaU... - 2 - tx75eb09fffc31407689b1a-0069733d77 - 0.0156 - - 1769160055.743592978 1769160055.759232521 0
Jan 23 09:20:55 standalone object-server[122391]: 172.20.0.100 - - [23/Jan/2026:09:20:55 +0000] "GET /d1/336/AUTH_b69aaac60a1f4086beb1095a89d0a0d3/gnocchi.30b4e7ab-3bee-4c73-ae0a-a4cb91ec95c0/1769040000.0_mean_300.0_v3" 404 70 "GET http://localhost:8080/v1/AUTH_b69aaac60a1f4086beb1095a89d0a0d3/gnocchi.30b4e7ab-3bee-4c73-ae0a-a4cb91ec95c0/1769040000.0_mean_300.0_v3" "txb3b5ce3191ba45bea612a-0069733d77" "proxy-server 21" 0.0004 "-" 25 0
Jan 23 09:20:55 standalone proxy-server[123987]: 172.18.0.2 ::1 23/Jan/2026/09/20/55 GET /v1/AUTH_b69aaac60a1f4086beb1095a89d0a0d3/gnocchi.30b4e7ab-3bee-4c73-ae0a-a4cb91ec95c0/1769040000.0_mean_300.0_v3 HTTP/1.0 404 - python-swiftclient-3.11.1 gAAAAABpczyvUCaU... - 70 - txb3b5ce3191ba45bea612a-0069733d77 - 0.0056 - - 1769160055.766564369 1769160055.772123098 0
Jan 23 09:20:55 standalone container-server[122194]: 172.20.0.100 - - [23/Jan/2026:09:20:55 +0000] "PUT /d1/134/AUTH_b69aaac60a1f4086beb1095a89d0a0d3/gnocchi.30b4e7ab-3bee-4c73-ae0a-a4cb91ec95c0/1769040000.0_mean_300.0_v3" 201 - "PUT http://localhost:8080/d1/336/AUTH_b69aaac60a1f4086beb1095a89d0a0d3/gnocchi.30b4e7ab-3bee-4c73-ae0a-a4cb91ec95c0/1769040000.0_mean_300.0_v3" "tx48f1177e1a19445b83e9b-0069733d77" "object-server 23" 0.0011 "-" 20 0
Jan 23 09:20:55 standalone object-server[122389]: 172.20.0.100 - - [23/Jan/2026:09:20:55 +0000] "PUT /d1/336/AUTH_b69aaac60a1f4086beb1095a89d0a0d3/gnocchi.30b4e7ab-3bee-4c73-ae0a-a4cb91ec95c0/1769040000.0_mean_300.0_v3" 201 - "PUT http://localhost:8080/v1/AUTH_b69aaac60a1f4086beb1095a89d0a0d3/gnocchi.30b4e7ab-3bee-4c73-ae0a-a4cb91ec95c0/1769040000.0_mean_300.0_v3" "tx48f1177e1a19445b83e9b-0069733d77" "proxy-server 21" 0.0125 "-" 23 0
Jan 23 09:20:55 standalone proxy-server[123987]: 172.18.0.2 ::1 23/Jan/2026/09/20/55 PUT /v1/AUTH_b69aaac60a1f4086beb1095a89d0a0d3/gnocchi.30b4e7ab-3bee-4c73-ae0a-a4cb91ec95c0/1769040000.0_mean_300.0_v3 HTTP/1.0 201 - python-swiftclient-3.11.1 gAAAAABpczyvUCaU... 16 - - tx48f1177e1a19445b83e9b-0069733d77 - 0.0186 - - 1769160055.775813341 1769160055.794385195 0
Jan 23 09:20:55 standalone container-server[122217]: 172.20.0.100 - - [23/Jan/2026:09:20:55 +0000] "PUT /d1/134/AUTH_b69aaac60a1f4086beb1095a89d0a0d3/gnocchi.30b4e7ab-3bee-4c73-ae0a-a4cb91ec95c0/none_v3" 201 - "PUT http://localhost:8080/d1/603/AUTH_b69aaac60a1f4086beb1095a89d0a0d3/gnocchi.30b4e7ab-3bee-4c73-ae0a-a4cb91ec95c0/none_v3" "tx24ee1b3c886042528f94c-0069733d77" "object-server 25" 0.0005 "-" 23 0
Jan 23 09:20:55 standalone object-server[122391]: 172.20.0.100 - - [23/Jan/2026:09:20:55 +0000] "PUT /d1/603/AUTH_b69aaac60a1f4086beb1095a89d0a0d3/gnocchi.30b4e7ab-3bee-4c73-ae0a-a4cb91ec95c0/none_v3" 201 - "PUT http://localhost:8080/v1/AUTH_b69aaac60a1f4086beb1095a89d0a0d3/gnocchi.30b4e7ab-3bee-4c73-ae0a-a4cb91ec95c0/none_v3" "tx24ee1b3c886042528f94c-0069733d77" "proxy-server 21" 0.0105 "-" 25 0
Jan 23 09:20:55 standalone proxy-server[123987]: 172.18.0.2 ::1 23/Jan/2026/09/20/55 PUT /v1/AUTH_b69aaac60a1f4086beb1095a89d0a0d3/gnocchi.30b4e7ab-3bee-4c73-ae0a-a4cb91ec95c0/none_v3 HTTP/1.0 201 - python-swiftclient-3.11.1 gAAAAABpczyvUCaU... 22 - - tx24ee1b3c886042528f94c-0069733d77 - 0.0161 - - 1769160055.798843384 1769160055.814961910 0
Jan 23 09:20:55 standalone container-server[122217]: 172.20.0.100 - - [23/Jan/2026:09:20:55 +0000] "HEAD /d1/398/AUTH_b69aaac60a1f4086beb1095a89d0a0d3/gnocchi.924dba30-0af5-4892-b9de-f40facb6d26b" 404 - "HEAD http://localhost:8080/v1/AUTH_b69aaac60a1f4086beb1095a89d0a0d3/gnocchi.924dba30-0af5-4892-b9de-f40facb6d26b?format=json&states=listing" "txa91593bf293845dd9c22f-0069733d77" "proxy-server 21" 0.0004 "-" 23 0
Jan 23 09:20:55 standalone object-server[122386]: 172.20.0.100 - - [23/Jan/2026:09:20:55 +0000] "GET /d1/830/AUTH_b69aaac60a1f4086beb1095a89d0a0d3/gnocchi.924dba30-0af5-4892-b9de-f40facb6d26b/none_v3" 404 70 "GET http://localhost:8080/v1/AUTH_b69aaac60a1f4086beb1095a89d0a0d3/gnocchi.924dba30-0af5-4892-b9de-f40facb6d26b/none_v3" "txa91593bf293845dd9c22f-0069733d77" "proxy-server 21" 0.0005 "-" 22 0
Jan 23 09:20:55 standalone proxy-server[123987]: 172.18.0.2 ::1 23/Jan/2026/09/20/55 GET /v1/AUTH_b69aaac60a1f4086beb1095a89d0a0d3/gnocchi.924dba30-0af5-4892-b9de-f40facb6d26b/none_v3 HTTP/1.0 404 - python-swiftclient-3.11.1 gAAAAABpczyvUCaU... - 70 - txa91593bf293845dd9c22f-0069733d77 - 0.0093 - - 1769160055.827368975 1769160055.836686134 0
Jan 23 09:20:55 standalone account-server[122094]: 172.20.0.100 - - [23/Jan/2026:09:20:55 +0000] "PUT /d1/231/AUTH_b69aaac60a1f4086beb1095a89d0a0d3/gnocchi.924dba30-0af5-4892-b9de-f40facb6d26b" 201 - "PUT http://172.20.0.100:6001/d1/398/AUTH_b69aaac60a1f4086beb1095a89d0a0d3/gnocchi.924dba30-0af5-4892-b9de-f40facb6d26b" "txbf4218feb1ac4882b4ea9-0069733d77" "container-server 21" 0.0049 "-" 14 0
Jan 23 09:20:55 standalone container-server[122200]: 172.20.0.100 - - [23/Jan/2026:09:20:55 +0000] "PUT /d1/398/AUTH_b69aaac60a1f4086beb1095a89d0a0d3/gnocchi.924dba30-0af5-4892-b9de-f40facb6d26b" 201 - "PUT http://localhost:8080/v1/AUTH_b69aaac60a1f4086beb1095a89d0a0d3/gnocchi.924dba30-0af5-4892-b9de-f40facb6d26b" "txbf4218feb1ac4882b4ea9-0069733d77" "proxy-server 21" 0.0192 "-" 21 0
Jan 23 09:20:55 standalone proxy-server[123987]: 172.18.0.2 ::1 23/Jan/2026/09/20/55 PUT /v1/AUTH_b69aaac60a1f4086beb1095a89d0a0d3/gnocchi.924dba30-0af5-4892-b9de-f40facb6d26b HTTP/1.0 201 - python-swiftclient-3.11.1 gAAAAABpczyvUCaU... - - - txbf4218feb1ac4882b4ea9-0069733d77 - 0.0250 - - 1769160055.840378284 1769160055.865396023 0
Jan 23 09:20:55 standalone container-server[122204]: 172.20.0.100 - - [23/Jan/2026:09:20:55 +0000] "HEAD /d1/398/AUTH_b69aaac60a1f4086beb1095a89d0a0d3/gnocchi.924dba30-0af5-4892-b9de-f40facb6d26b" 204 - "HEAD http://localhost:8080/v1/AUTH_b69aaac60a1f4086beb1095a89d0a0d3/gnocchi.924dba30-0af5-4892-b9de-f40facb6d26b?format=json&states=listing" "tx1b164b584f074b0b936ff-0069733d77" "proxy-server 21" 0.0013 "-" 22 0
Jan 23 09:20:55 standalone proxy-server[123987]: - - 23/Jan/2026/09/20/55 HEAD /v1/AUTH_b69aaac60a1f4086beb1095a89d0a0d3/gnocchi.924dba30-0af5-4892-b9de-f40facb6d26b%3Fformat%3Djson%26states%3Dlisting HTTP/1.0 204 - Swift - - - - tx1b164b584f074b0b936ff-0069733d77 - 0.0043 RL - 1769160055.870599747 1769160055.874926567 0
Jan 23 09:20:55 standalone container-server[122204]: 172.20.0.100 - - [23/Jan/2026:09:20:55 +0000] "GET /d1/398/AUTH_b69aaac60a1f4086beb1095a89d0a0d3/gnocchi.924dba30-0af5-4892-b9de-f40facb6d26b" 200 2 "GET http://localhost:8080/v1/AUTH_b69aaac60a1f4086beb1095a89d0a0d3/gnocchi.924dba30-0af5-4892-b9de-f40facb6d26b?format=json&states=listing" "tx1b164b584f074b0b936ff-0069733d77" "proxy-server 21" 0.0022 "-" 22 0
Jan 23 09:20:55 standalone proxy-server[123987]: 172.18.0.2 ::1 23/Jan/2026/09/20/55 GET /v1/AUTH_b69aaac60a1f4086beb1095a89d0a0d3/gnocchi.924dba30-0af5-4892-b9de-f40facb6d26b%3Fformat%3Djson%26states%3Dlisting HTTP/1.0 200 - python-swiftclient-3.11.1 gAAAAABpczyvUCaU... - 2 - tx1b164b584f074b0b936ff-0069733d77 - 0.0123 - - 1769160055.869587898 1769160055.881861448 0
Jan 23 09:20:55 standalone object-server[122389]: 172.20.0.100 - - [23/Jan/2026:09:20:55 +0000] "GET /d1/476/AUTH_b69aaac60a1f4086beb1095a89d0a0d3/gnocchi.924dba30-0af5-4892-b9de-f40facb6d26b/1769040000.0_mean_300.0_v3" 404 70 "GET http://localhost:8080/v1/AUTH_b69aaac60a1f4086beb1095a89d0a0d3/gnocchi.924dba30-0af5-4892-b9de-f40facb6d26b/1769040000.0_mean_300.0_v3" "txfd0d57e1bf614ac6a04e7-0069733d77" "proxy-server 21" 0.0004 "-" 23 0
Jan 23 09:20:55 standalone proxy-server[123987]: 172.18.0.2 ::1 23/Jan/2026/09/20/55 GET /v1/AUTH_b69aaac60a1f4086beb1095a89d0a0d3/gnocchi.924dba30-0af5-4892-b9de-f40facb6d26b/1769040000.0_mean_300.0_v3 HTTP/1.0 404 - python-swiftclient-3.11.1 gAAAAABpczyvUCaU... - 70 - txfd0d57e1bf614ac6a04e7-0069733d77 - 0.0053 - - 1769160055.886035204 1769160055.891286612 0
Jan 23 09:20:55 standalone container-server[122204]: 172.20.0.100 - - [23/Jan/2026:09:20:55 +0000] "PUT /d1/398/AUTH_b69aaac60a1f4086beb1095a89d0a0d3/gnocchi.924dba30-0af5-4892-b9de-f40facb6d26b/1769040000.0_mean_300.0_v3" 201 - "PUT http://localhost:8080/d1/476/AUTH_b69aaac60a1f4086beb1095a89d0a0d3/gnocchi.924dba30-0af5-4892-b9de-f40facb6d26b/1769040000.0_mean_300.0_v3" "tx84f56841cc18428d8ec60-0069733d77" "object-server 22" 0.0008 "-" 22 0
Jan 23 09:20:55 standalone object-server[122386]: 172.20.0.100 - - [23/Jan/2026:09:20:55 +0000] "PUT /d1/476/AUTH_b69aaac60a1f4086beb1095a89d0a0d3/gnocchi.924dba30-0af5-4892-b9de-f40facb6d26b/1769040000.0_mean_300.0_v3" 201 - "PUT http://localhost:8080/v1/AUTH_b69aaac60a1f4086beb1095a89d0a0d3/gnocchi.924dba30-0af5-4892-b9de-f40facb6d26b/1769040000.0_mean_300.0_v3" "tx84f56841cc18428d8ec60-0069733d77" "proxy-server 21" 0.0118 "-" 22 0
Jan 23 09:20:55 standalone proxy-server[123987]: 172.18.0.2 ::1 23/Jan/2026/09/20/55 PUT /v1/AUTH_b69aaac60a1f4086beb1095a89d0a0d3/gnocchi.924dba30-0af5-4892-b9de-f40facb6d26b/1769040000.0_mean_300.0_v3 HTTP/1.0 201 - python-swiftclient-3.11.1 gAAAAABpczyvUCaU... 16 - - tx84f56841cc18428d8ec60-0069733d77 - 0.0168 - - 1769160055.894320965 1769160055.911164522 0
Jan 23 09:20:55 standalone container-server[122200]: 172.20.0.100 - - [23/Jan/2026:09:20:55 +0000] "PUT /d1/398/AUTH_b69aaac60a1f4086beb1095a89d0a0d3/gnocchi.924dba30-0af5-4892-b9de-f40facb6d26b/none_v3" 201 - "PUT http://localhost:8080/d1/830/AUTH_b69aaac60a1f4086beb1095a89d0a0d3/gnocchi.924dba30-0af5-4892-b9de-f40facb6d26b/none_v3" "txeff220cc346a489a84d2e-0069733d77" "object-server 23" 0.0007 "-" 21 0
Jan 23 09:20:55 standalone object-server[122389]: 172.20.0.100 - - [23/Jan/2026:09:20:55 +0000] "PUT /d1/830/AUTH_b69aaac60a1f4086beb1095a89d0a0d3/gnocchi.924dba30-0af5-4892-b9de-f40facb6d26b/none_v3" 201 - "PUT http://localhost:8080/v1/AUTH_b69aaac60a1f4086beb1095a89d0a0d3/gnocchi.924dba30-0af5-4892-b9de-f40facb6d26b/none_v3" "txeff220cc346a489a84d2e-0069733d77" "proxy-server 21" 0.0089 "-" 23 0
Jan 23 09:20:55 standalone proxy-server[123987]: 172.18.0.2 ::1 23/Jan/2026/09/20/55 PUT /v1/AUTH_b69aaac60a1f4086beb1095a89d0a0d3/gnocchi.924dba30-0af5-4892-b9de-f40facb6d26b/none_v3 HTTP/1.0 201 - python-swiftclient-3.11.1 gAAAAABpczyvUCaU... 22 - - txeff220cc346a489a84d2e-0069733d77 - 0.0139 - - 1769160055.914628506 1769160055.928480864 0
Jan 23 09:20:55 standalone container-server[122217]: 172.20.0.100 - - [23/Jan/2026:09:20:55 +0000] "HEAD /d1/269/AUTH_b69aaac60a1f4086beb1095a89d0a0d3/gnocchi.0b2b74cd-210c-4bce-ac43-b8715d368d6e" 404 - "HEAD http://localhost:8080/v1/AUTH_b69aaac60a1f4086beb1095a89d0a0d3/gnocchi.0b2b74cd-210c-4bce-ac43-b8715d368d6e?format=json&states=listing" "txc04c145fd38847ba9558d-0069733d77" "proxy-server 21" 0.0003 "-" 23 0
Jan 23 09:20:55 standalone object-server[122390]: 172.20.0.100 - - [23/Jan/2026:09:20:55 +0000] "GET /d1/485/AUTH_b69aaac60a1f4086beb1095a89d0a0d3/gnocchi.0b2b74cd-210c-4bce-ac43-b8715d368d6e/none_v3" 404 70 "GET http://localhost:8080/v1/AUTH_b69aaac60a1f4086beb1095a89d0a0d3/gnocchi.0b2b74cd-210c-4bce-ac43-b8715d368d6e/none_v3" "txc04c145fd38847ba9558d-0069733d77" "proxy-server 21" 0.0004 "-" 24 0
Jan 23 09:20:55 standalone proxy-server[123987]: 172.18.0.2 ::1 23/Jan/2026/09/20/55 GET /v1/AUTH_b69aaac60a1f4086beb1095a89d0a0d3/gnocchi.0b2b74cd-210c-4bce-ac43-b8715d368d6e/none_v3 HTTP/1.0 404 - python-swiftclient-3.11.1 gAAAAABpczyvUCaU... - 70 - txc04c145fd38847ba9558d-0069733d77 - 0.0101 - - 1769160055.942339420 1769160055.952428818 0
Jan 23 09:20:55 standalone account-server[122094]: 172.20.0.100 - - [23/Jan/2026:09:20:55 +0000] "PUT /d1/231/AUTH_b69aaac60a1f4086beb1095a89d0a0d3/gnocchi.0b2b74cd-210c-4bce-ac43-b8715d368d6e" 201 - "PUT http://172.20.0.100:6001/d1/269/AUTH_b69aaac60a1f4086beb1095a89d0a0d3/gnocchi.0b2b74cd-210c-4bce-ac43-b8715d368d6e" "tx313de323d07046a2806d4-0069733d77" "container-server 21" 0.0048 "-" 14 0
Jan 23 09:20:55 standalone container-server[122200]: 172.20.0.100 - - [23/Jan/2026:09:20:55 +0000] "PUT /d1/269/AUTH_b69aaac60a1f4086beb1095a89d0a0d3/gnocchi.0b2b74cd-210c-4bce-ac43-b8715d368d6e" 201 - "PUT http://localhost:8080/v1/AUTH_b69aaac60a1f4086beb1095a89d0a0d3/gnocchi.0b2b74cd-210c-4bce-ac43-b8715d368d6e" "tx313de323d07046a2806d4-0069733d77" "proxy-server 21" 0.0164 "-" 21 0
Jan 23 09:20:55 standalone proxy-server[123987]: 172.18.0.2 ::1 23/Jan/2026/09/20/55 PUT /v1/AUTH_b69aaac60a1f4086beb1095a89d0a0d3/gnocchi.0b2b74cd-210c-4bce-ac43-b8715d368d6e HTTP/1.0 201 - python-swiftclient-3.11.1 gAAAAABpczyvUCaU... - - - tx313de323d07046a2806d4-0069733d77 - 0.0219 - - 1769160055.956699371 1769160055.978631020 0
Jan 23 09:20:55 standalone container-server[122217]: 172.20.0.100 - - [23/Jan/2026:09:20:55 +0000] "HEAD /d1/269/AUTH_b69aaac60a1f4086beb1095a89d0a0d3/gnocchi.0b2b74cd-210c-4bce-ac43-b8715d368d6e" 204 - "HEAD http://localhost:8080/v1/AUTH_b69aaac60a1f4086beb1095a89d0a0d3/gnocchi.0b2b74cd-210c-4bce-ac43-b8715d368d6e?format=json&states=listing" "tx0a219114e2a6475ca3e0c-0069733d77" "proxy-server 21" 0.0012 "-" 23 0
Jan 23 09:20:55 standalone proxy-server[123987]: - - 23/Jan/2026/09/20/55 HEAD /v1/AUTH_b69aaac60a1f4086beb1095a89d0a0d3/gnocchi.0b2b74cd-210c-4bce-ac43-b8715d368d6e%3Fformat%3Djson%26states%3Dlisting HTTP/1.0 204 - Swift - - - - tx0a219114e2a6475ca3e0c-0069733d77 - 0.0039 RL - 1769160055.984712601 1769160055.988631964 0
Jan 23 09:20:55 standalone container-server[122217]: 172.20.0.100 - - [23/Jan/2026:09:20:55 +0000] "GET /d1/269/AUTH_b69aaac60a1f4086beb1095a89d0a0d3/gnocchi.0b2b74cd-210c-4bce-ac43-b8715d368d6e" 200 2 "GET http://localhost:8080/v1/AUTH_b69aaac60a1f4086beb1095a89d0a0d3/gnocchi.0b2b74cd-210c-4bce-ac43-b8715d368d6e?format=json&states=listing" "tx0a219114e2a6475ca3e0c-0069733d77" "proxy-server 21" 0.0018 "-" 23 0
Jan 23 09:20:55 standalone proxy-server[123987]: 172.18.0.2 ::1 23/Jan/2026/09/20/55 GET /v1/AUTH_b69aaac60a1f4086beb1095a89d0a0d3/gnocchi.0b2b74cd-210c-4bce-ac43-b8715d368d6e%3Fformat%3Djson%26states%3Dlisting HTTP/1.0 200 - python-swiftclient-3.11.1 gAAAAABpczyvUCaU... - 2 - tx0a219114e2a6475ca3e0c-0069733d77 - 0.0123 - - 1769160055.983552933 1769160055.995817184 0
Jan 23 09:20:56 standalone object-server[122390]: 172.20.0.100 - - [23/Jan/2026:09:20:56 +0000] "GET /d1/828/AUTH_b69aaac60a1f4086beb1095a89d0a0d3/gnocchi.0b2b74cd-210c-4bce-ac43-b8715d368d6e/1769040000.0_mean_300.0_v3" 404 70 "GET http://localhost:8080/v1/AUTH_b69aaac60a1f4086beb1095a89d0a0d3/gnocchi.0b2b74cd-210c-4bce-ac43-b8715d368d6e/1769040000.0_mean_300.0_v3" "txcf5c40ed9cab4594b2c00-0069733d78" "proxy-server 21" 0.0005 "-" 24 0
Jan 23 09:20:56 standalone proxy-server[123987]: 172.18.0.2 ::1 23/Jan/2026/09/20/56 GET /v1/AUTH_b69aaac60a1f4086beb1095a89d0a0d3/gnocchi.0b2b74cd-210c-4bce-ac43-b8715d368d6e/1769040000.0_mean_300.0_v3 HTTP/1.0 404 - python-swiftclient-3.11.1 gAAAAABpczyvUCaU... - 70 - txcf5c40ed9cab4594b2c00-0069733d78 - 0.0079 - - 1769160056.003007412 1769160056.010956287 0
Jan 23 09:20:56 standalone container-server[122204]: 172.20.0.100 - - [23/Jan/2026:09:20:56 +0000] "PUT /d1/269/AUTH_b69aaac60a1f4086beb1095a89d0a0d3/gnocchi.0b2b74cd-210c-4bce-ac43-b8715d368d6e/1769040000.0_mean_300.0_v3" 201 - "PUT http://localhost:8080/d1/828/AUTH_b69aaac60a1f4086beb1095a89d0a0d3/gnocchi.0b2b74cd-210c-4bce-ac43-b8715d368d6e/1769040000.0_mean_300.0_v3" "txb069cfbde02844cf9125b-0069733d78" "object-server 23" 0.0012 "-" 22 0
Jan 23 09:20:56 standalone object-server[122389]: 172.20.0.100 - - [23/Jan/2026:09:20:56 +0000] "PUT /d1/828/AUTH_b69aaac60a1f4086beb1095a89d0a0d3/gnocchi.0b2b74cd-210c-4bce-ac43-b8715d368d6e/1769040000.0_mean_300.0_v3" 201 - "PUT http://localhost:8080/v1/AUTH_b69aaac60a1f4086beb1095a89d0a0d3/gnocchi.0b2b74cd-210c-4bce-ac43-b8715d368d6e/1769040000.0_mean_300.0_v3" "txb069cfbde02844cf9125b-0069733d78" "proxy-server 21" 0.0122 "-" 23 0
Jan 23 09:20:56 standalone proxy-server[123987]: 172.18.0.2 ::1 23/Jan/2026/09/20/56 PUT /v1/AUTH_b69aaac60a1f4086beb1095a89d0a0d3/gnocchi.0b2b74cd-210c-4bce-ac43-b8715d368d6e/1769040000.0_mean_300.0_v3 HTTP/1.0 201 - python-swiftclient-3.11.1 gAAAAABpczyvUCaU... 16 - - txb069cfbde02844cf9125b-0069733d78 - 0.0189 - - 1769160056.017673731 1769160056.036576271 0
Jan 23 09:20:56 standalone container-server[122200]: 172.20.0.100 - - [23/Jan/2026:09:20:56 +0000] "PUT /d1/269/AUTH_b69aaac60a1f4086beb1095a89d0a0d3/gnocchi.0b2b74cd-210c-4bce-ac43-b8715d368d6e/none_v3" 201 - "PUT http://localhost:8080/d1/485/AUTH_b69aaac60a1f4086beb1095a89d0a0d3/gnocchi.0b2b74cd-210c-4bce-ac43-b8715d368d6e/none_v3" "tx1b02a90e8388445ea53f9-0069733d78" "object-server 22" 0.0008 "-" 21 0
Jan 23 09:20:56 standalone object-server[122386]: 172.20.0.100 - - [23/Jan/2026:09:20:56 +0000] "PUT /d1/485/AUTH_b69aaac60a1f4086beb1095a89d0a0d3/gnocchi.0b2b74cd-210c-4bce-ac43-b8715d368d6e/none_v3" 201 - "PUT http://localhost:8080/v1/AUTH_b69aaac60a1f4086beb1095a89d0a0d3/gnocchi.0b2b74cd-210c-4bce-ac43-b8715d368d6e/none_v3" "tx1b02a90e8388445ea53f9-0069733d78" "proxy-server 21" 0.0115 "-" 22 0
Jan 23 09:20:56 standalone proxy-server[123987]: 172.18.0.2 ::1 23/Jan/2026/09/20/56 PUT /v1/AUTH_b69aaac60a1f4086beb1095a89d0a0d3/gnocchi.0b2b74cd-210c-4bce-ac43-b8715d368d6e/none_v3 HTTP/1.0 201 - python-swiftclient-3.11.1 gAAAAABpczyvUCaU... 22 - - tx1b02a90e8388445ea53f9-0069733d78 - 0.0204 - - 1769160056.047410727 1769160056.067809105 0
Jan 23 09:23:52 standalone account-server[122105]: 172.20.0.100 - - [23/Jan/2026:09:23:52 +0000] "HEAD /d1/501/.expiring_objects" 404 - "HEAD http://localhost/v1/.expiring_objects?format=json" "tx492a9eca2be1410295d2d-0069733e28" "proxy-server 2" 0.0004 "-" 15 -
Jan 23 09:23:52 standalone object-expirer[122246]: Pass completed in 0s; 0 objects expired (txn: tx492a9eca2be1410295d2d-0069733e28)
Jan 23 09:24:36 standalone account-server[122110]: 172.20.0.100 - - [23/Jan/2026:09:24:36 +0000] "HEAD /d1/501/.expiring_objects" 404 - "HEAD http://localhost/v1/.expiring_objects?format=json" "txc52c42a4abdb4b339e154-0069733e54" "proxy-server 2" 0.0005 "-" 16 -
Jan 23 09:24:36 standalone object-expirer[122246]: Pass completed in 0s; 0 objects expired (txn: txc52c42a4abdb4b339e154-0069733e54)
Jan 23 09:25:12 standalone object-server[122293]: Begin object update sweep
Jan 23 09:25:12 standalone object-server[253465]: Object update sweep starting on /srv/node/d1 (pid: 15)
Jan 23 09:25:12 standalone object-server[253465]: Object update sweep completed on /srv/node/d1 in 0.00s seconds:, 0 successes, 0 failures, 0 quarantines, 0 unlinks, 0 errors, 0 redirects (pid: 15)
Jan 23 09:25:12 standalone object-server[253465]: Object update sweep of d1 completed: 0.00s, 0 successes, 0 failures, 0 quarantines, 0 unlinks, 0 errors, 0 redirects
Jan 23 09:25:12 standalone object-server[122293]: Object update sweep completed: 0.07s
Jan 23 09:25:54 standalone container-server[122130]: Begin container update sweep
Jan 23 09:25:54 standalone account-server[122105]: 172.20.0.100 - - [23/Jan/2026:09:25:54 +0000] "PUT /d1/231/AUTH_b69aaac60a1f4086beb1095a89d0a0d3/gnocchi.73c42802-d811-4069-86e3-31cdde5eadb8" 201 - "-" "-" "container-updater 2" 0.0011 "-" 15 0
Jan 23 09:25:54 standalone account-server[122114]: 172.20.0.100 - - [23/Jan/2026:09:25:54 +0000] "PUT /d1/231/AUTH_b69aaac60a1f4086beb1095a89d0a0d3/gnocchi.ff29643e-7515-4d4f-9b21-dfed1a70a526" 201 - "-" "-" "container-updater 2" 0.0005 "-" 17 0
Jan 23 09:25:54 standalone account-server[122114]: 172.20.0.100 - - [23/Jan/2026:09:25:54 +0000] "PUT /d1/231/AUTH_b69aaac60a1f4086beb1095a89d0a0d3/gnocchi.018cd54d-93c1-4b2d-b4f2-94af8ae68e3f" 201 - "-" "-" "container-updater 2" 0.0006 "-" 17 0
Jan 23 09:25:54 standalone account-server[122094]: 172.20.0.100 - - [23/Jan/2026:09:25:54 +0000] "PUT /d1/231/AUTH_b69aaac60a1f4086beb1095a89d0a0d3/gnocchi.e62fac28-5269-42e8-9c6b-56982d3c9618" 201 - "-" "-" "container-updater 2" 0.0006 "-" 14 0
Jan 23 09:25:54 standalone account-server[122094]: 172.20.0.100 - - [23/Jan/2026:09:25:54 +0000] "PUT /d1/231/AUTH_b69aaac60a1f4086beb1095a89d0a0d3/gnocchi.7f6a8c60-e216-4af0-b43b-105491e357a4" 201 - "-" "-" "container-updater 2" 0.0005 "-" 14 0
Jan 23 09:25:54 standalone account-server[122105]: 172.20.0.100 - - [23/Jan/2026:09:25:54 +0000] "PUT /d1/231/AUTH_b69aaac60a1f4086beb1095a89d0a0d3/gnocchi.93a25bf6-83a9-4b4d-9f79-6f4796bc0a87" 201 - "-" "-" "container-updater 2" 0.0006 "-" 15 0
Jan 23 09:25:54 standalone account-server[122094]: 172.20.0.100 - - [23/Jan/2026:09:25:54 +0000] "PUT /d1/231/AUTH_b69aaac60a1f4086beb1095a89d0a0d3/gnocchi.262159e8-7277-4e3b-a980-c65721381e5b" 201 - "-" "-" "container-updater 2" 0.0004 "-" 14 0
Jan 23 09:25:54 standalone account-server[122094]: 172.20.0.100 - - [23/Jan/2026:09:25:54 +0000] "PUT /d1/231/AUTH_b69aaac60a1f4086beb1095a89d0a0d3/gnocchi.c8b9ada5-89c7-432b-8c36-1d18c584d313" 201 - "-" "-" "container-updater 2" 0.0009 "-" 14 0
Jan 23 09:25:55 standalone account-server[122110]: 172.20.0.100 - - [23/Jan/2026:09:25:55 +0000] "PUT /d1/231/AUTH_b69aaac60a1f4086beb1095a89d0a0d3/gnocchi.0b2b74cd-210c-4bce-ac43-b8715d368d6e" 201 - "-" "-" "container-updater 2" 0.0005 "-" 16 0
Jan 23 09:25:55 standalone account-server[122105]: 172.20.0.100 - - [23/Jan/2026:09:25:55 +0000] "PUT /d1/231/AUTH_b69aaac60a1f4086beb1095a89d0a0d3/gnocchi.30b4e7ab-3bee-4c73-ae0a-a4cb91ec95c0" 201 - "-" "-" "container-updater 2" 0.0004 "-" 15 0
Jan 23 09:25:55 standalone account-server[122114]: 172.20.0.100 - - [23/Jan/2026:09:25:55 +0000] "PUT /d1/231/AUTH_b69aaac60a1f4086beb1095a89d0a0d3/gnocchi.0789ea99-f996-41aa-8434-00a2fe1f70b8" 201 - "-" "-" "container-updater 2" 0.0009 "-" 17 0
Jan 23 09:25:55 standalone account-server[122110]: 172.20.0.100 - - [23/Jan/2026:09:25:55 +0000] "PUT /d1/231/AUTH_b69aaac60a1f4086beb1095a89d0a0d3/gnocchi.41949967-ec85-449c-b252-ff573f6f6561" 201 - "-" "-" "container-updater 2" 0.0007 "-" 16 0
Jan 23 09:25:55 standalone account-server[122110]: 172.20.0.100 - - [23/Jan/2026:09:25:55 +0000] "PUT /d1/231/AUTH_b69aaac60a1f4086beb1095a89d0a0d3/gnocchi.c1b39251-e513-4aea-b79c-7f48a08b6a96" 201 - "-" "-" "container-updater 2" 0.0006 "-" 16 0
Jan 23 09:25:55 standalone account-server[122094]: 172.20.0.100 - - [23/Jan/2026:09:25:55 +0000] "PUT /d1/231/AUTH_b69aaac60a1f4086beb1095a89d0a0d3/gnocchi.924dba30-0af5-4892-b9de-f40facb6d26b" 201 - "-" "-" "container-updater 2" 0.0004 "-" 14 0
Jan 23 09:25:55 standalone container-server[122130]: Container update sweep completed: 1.75s
Jan 23 09:27:03 standalone account-server[122114]: 172.20.0.100 - - [23/Jan/2026:09:27:03 +0000] "HEAD /d1/501/.expiring_objects" 404 - "HEAD http://localhost/v1/.expiring_objects?format=json" "tx06835beeaf0b45aaba7f5-0069733ee7" "proxy-server 2" 0.0010 "-" 17 -
Jan 23 09:27:03 standalone object-expirer[122246]: Pass completed in 0s; 0 objects expired (txn: tx06835beeaf0b45aaba7f5-0069733ee7)
Jan 23 09:29:52 standalone account-server[122105]: 172.20.0.100 - - [23/Jan/2026:09:29:52 +0000] "HEAD /d1/501/.expiring_objects" 404 - "HEAD http://localhost/v1/.expiring_objects?format=json" "tx296e1b5a2e02418db9173-0069733f90" "proxy-server 2" 0.0006 "-" 15 -
Jan 23 09:29:52 standalone object-expirer[122246]: Pass completed in 0s; 0 objects expired (txn: tx296e1b5a2e02418db9173-0069733f90)
Jan 23 09:30:12 standalone object-server[122293]: Begin object update sweep
Jan 23 09:30:12 standalone object-server[274982]: Object update sweep starting on /srv/node/d1 (pid: 16)
Jan 23 09:30:12 standalone object-server[274982]: Object update sweep completed on /srv/node/d1 in 0.00s seconds:, 0 successes, 0 failures, 0 quarantines, 0 unlinks, 0 errors, 0 redirects (pid: 16)
Jan 23 09:30:12 standalone object-server[274982]: Object update sweep of d1 completed: 0.00s, 0 successes, 0 failures, 0 quarantines, 0 unlinks, 0 errors, 0 redirects
Jan 23 09:30:12 standalone object-server[122293]: Object update sweep completed: 0.08s
Jan 23 09:30:54 standalone container-server[122130]: Begin container update sweep
Jan 23 09:30:55 standalone container-server[122130]: Container update sweep completed: 1.54s
Jan 23 09:31:19 standalone account-server[122110]: 172.20.0.31 - - [23/Jan/2026:09:31:19 +0000] "HEAD /d1/172/AUTH_3fa8976d08004d15be53f8a01189ad76" 404 - "HEAD http://swift-public-openstack.apps-crc.testing/v1/AUTH_3fa8976d08004d15be53f8a01189ad76?format=json" "tx1948c86b0e794acd8bd41-0069733fe7" "proxy-server 15" 0.0008 "-" 16 -
Jan 23 09:31:19 standalone account-server[122110]: 172.20.0.31 - - [23/Jan/2026:09:31:19 +0000] "GET /d1/172/AUTH_3fa8976d08004d15be53f8a01189ad76" 404 - "GET http://swift-public-openstack.apps-crc.testing/v1/AUTH_3fa8976d08004d15be53f8a01189ad76?format=json" "tx1948c86b0e794acd8bd41-0069733fe7" "proxy-server 15" 0.0005 "-" 16 -
Jan 23 09:32:28 standalone account-server[122105]: 172.20.0.100 - - [23/Jan/2026:09:32:28 +0000] "HEAD /d1/501/.expiring_objects" 404 - "HEAD http://localhost/v1/.expiring_objects?format=json" "tx30b07b69103543008e7e3-006973402c" "proxy-server 2" 0.0008 "-" 15 -
Jan 23 09:32:28 standalone object-expirer[122246]: Pass completed in 0s; 0 objects expired (txn: tx30b07b69103543008e7e3-006973402c)
Jan 23 09:35:12 standalone object-server[122293]: Begin object update sweep
Jan 23 09:35:12 standalone object-server[295656]: Object update sweep starting on /srv/node/d1 (pid: 17)
Jan 23 09:35:12 standalone object-server[295656]: Object update sweep completed on /srv/node/d1 in 0.00s seconds:, 0 successes, 0 failures, 0 quarantines, 0 unlinks, 0 errors, 0 redirects (pid: 17)
Jan 23 09:35:12 standalone object-server[295656]: Object update sweep of d1 completed: 0.00s, 0 successes, 0 failures, 0 quarantines, 0 unlinks, 0 errors, 0 redirects
Jan 23 09:35:12 standalone object-server[122293]: Object update sweep completed: 0.08s
Jan 23 09:35:19 standalone account-server[122114]: 172.20.0.100 - - [23/Jan/2026:09:35:19 +0000] "HEAD /d1/501/.expiring_objects" 404 - "HEAD http://localhost/v1/.expiring_objects?format=json" "tx1fa64e3cf0004e72b385f-00697340d7" "proxy-server 2" 0.0007 "-" 17 -
Jan 23 09:35:19 standalone object-expirer[122246]: Pass completed in 0s; 0 objects expired (txn: tx1fa64e3cf0004e72b385f-00697340d7)
Jan 23 09:35:54 standalone container-server[122130]: Begin container update sweep
Jan 23 09:35:55 standalone container-server[122130]: Container update sweep completed: 1.35s
Jan 23 09:36:10 standalone account-server[122094]: 172.20.0.100 - - [23/Jan/2026:09:36:10 +0000] "HEAD /d1/501/.expiring_objects" 404 - "HEAD http://localhost/v1/.expiring_objects?format=json" "tx54be37d3aeac42688246c-006973410a" "proxy-server 2" 0.0009 "-" 14 -
Jan 23 09:36:10 standalone object-expirer[122246]: Pass completed in 0s; 0 objects expired (txn: tx54be37d3aeac42688246c-006973410a)
Jan 23 09:38:47 standalone account-server[122094]: 172.20.0.31 - - [23/Jan/2026:09:38:47 +0000] "HEAD /d1/231/AUTH_b69aaac60a1f4086beb1095a89d0a0d3" 204 - "HEAD http://swift-internal.openstack.svc:8080/v1/AUTH_b69aaac60a1f4086beb1095a89d0a0d3?format=json" "txff38b2a7dfbb4baaad0e6-00697341a7" "proxy-server 13" 0.0240 "-" 14 -
Jan 23 09:38:48 standalone container-server[122217]: 172.20.0.31 - - [23/Jan/2026:09:38:48 +0000] "HEAD /d1/485/AUTH_b69aaac60a1f4086beb1095a89d0a0d3/glance" 204 - "HEAD http://swift-internal.openstack.svc:8080/v1/AUTH_b69aaac60a1f4086beb1095a89d0a0d3/glance?format=json&states=listing" "txff38b2a7dfbb4baaad0e6-00697341a7" "proxy-server 13" 0.0035 "-" 23 0
Jan 23 09:38:50 standalone container-server[122217]: 172.20.0.100 - - [23/Jan/2026:09:38:50 +0000] "PUT /d1/485/AUTH_b69aaac60a1f4086beb1095a89d0a0d3/glance/d401367d-e7b6-4e40-8f06-aa30a69fec0d-00001" 201 - "PUT http://swift-internal.openstack.svc:8080/d1/521/AUTH_b69aaac60a1f4086beb1095a89d0a0d3/glance/d401367d-e7b6-4e40-8f06-aa30a69fec0d-00001" "tx5afb9a02485a4b829e026-00697341a8" "object-server 23" 0.0008 "-" 23 0
Jan 23 09:38:50 standalone object-server[122389]: 172.20.0.31 - - [23/Jan/2026:09:38:50 +0000] "PUT /d1/521/AUTH_b69aaac60a1f4086beb1095a89d0a0d3/glance/d401367d-e7b6-4e40-8f06-aa30a69fec0d-00001" 201 - "PUT http://swift-internal.openstack.svc:8080/v1/AUTH_b69aaac60a1f4086beb1095a89d0a0d3/glance/d401367d-e7b6-4e40-8f06-aa30a69fec0d-00001" "tx5afb9a02485a4b829e026-00697341a8" "proxy-server 13" 2.3917 "-" 23 0
Jan 23 09:38:52 standalone container-server[122200]: 172.20.0.100 - - [23/Jan/2026:09:38:52 +0000] "PUT /d1/485/AUTH_b69aaac60a1f4086beb1095a89d0a0d3/glance/d401367d-e7b6-4e40-8f06-aa30a69fec0d-00002" 201 - "PUT http://swift-internal.openstack.svc:8080/d1/618/AUTH_b69aaac60a1f4086beb1095a89d0a0d3/glance/d401367d-e7b6-4e40-8f06-aa30a69fec0d-00002" "txe2916b477e1648e796be2-00697341aa" "object-server 23" 0.0014 "-" 21 0
Jan 23 09:38:52 standalone object-server[122389]: 172.20.0.31 - - [23/Jan/2026:09:38:52 +0000] "PUT /d1/618/AUTH_b69aaac60a1f4086beb1095a89d0a0d3/glance/d401367d-e7b6-4e40-8f06-aa30a69fec0d-00002" 201 - "PUT http://swift-internal.openstack.svc:8080/v1/AUTH_b69aaac60a1f4086beb1095a89d0a0d3/glance/d401367d-e7b6-4e40-8f06-aa30a69fec0d-00002" "txe2916b477e1648e796be2-00697341aa" "proxy-server 13" 2.2394 "-" 23 0
Jan 23 09:38:54 standalone account-server[122114]: 172.20.0.100 - - [23/Jan/2026:09:38:54 +0000] "HEAD /d1/501/.expiring_objects" 404 - "HEAD http://localhost/v1/.expiring_objects?format=json" "tx06b033bcb0664af0acd79-00697341ae" "proxy-server 2" 0.0007 "-" 17 -
Jan 23 09:38:54 standalone object-expirer[122246]: Pass completed in 0s; 0 objects expired (txn: tx06b033bcb0664af0acd79-00697341ae)
Jan 23 09:38:54 standalone container-server[122200]: 172.20.0.100 - - [23/Jan/2026:09:38:54 +0000] "PUT /d1/485/AUTH_b69aaac60a1f4086beb1095a89d0a0d3/glance/d401367d-e7b6-4e40-8f06-aa30a69fec0d-00003" 201 - "PUT http://swift-internal.openstack.svc:8080/d1/687/AUTH_b69aaac60a1f4086beb1095a89d0a0d3/glance/d401367d-e7b6-4e40-8f06-aa30a69fec0d-00003" "txff90bd49def54e90bcfaa-00697341ac" "object-server 22" 0.0006 "-" 21 0
Jan 23 09:38:54 standalone object-server[122386]: 172.20.0.31 - - [23/Jan/2026:09:38:54 +0000] "PUT /d1/687/AUTH_b69aaac60a1f4086beb1095a89d0a0d3/glance/d401367d-e7b6-4e40-8f06-aa30a69fec0d-00003" 201 - "PUT http://swift-internal.openstack.svc:8080/v1/AUTH_b69aaac60a1f4086beb1095a89d0a0d3/glance/d401367d-e7b6-4e40-8f06-aa30a69fec0d-00003" "txff90bd49def54e90bcfaa-00697341ac" "proxy-server 13" 1.6961 "-" 22 0
Jan 23 09:38:54 standalone container-server[122204]: 172.20.0.100 - - [23/Jan/2026:09:38:54 +0000] "PUT /d1/485/AUTH_b69aaac60a1f4086beb1095a89d0a0d3/glance/d401367d-e7b6-4e40-8f06-aa30a69fec0d" 201 - "PUT http://swift-internal.openstack.svc:8080/d1/569/AUTH_b69aaac60a1f4086beb1095a89d0a0d3/glance/d401367d-e7b6-4e40-8f06-aa30a69fec0d" "tx718a559c647140a787e87-00697341ae" "object-server 24" 0.0011 "-" 22 0
Jan 23 09:38:54 standalone object-server[122390]: 172.20.0.31 - - [23/Jan/2026:09:38:54 +0000] "PUT /d1/569/AUTH_b69aaac60a1f4086beb1095a89d0a0d3/glance/d401367d-e7b6-4e40-8f06-aa30a69fec0d" 201 - "PUT http://swift-internal.openstack.svc:8080/v1/AUTH_b69aaac60a1f4086beb1095a89d0a0d3/glance/d401367d-e7b6-4e40-8f06-aa30a69fec0d" "tx718a559c647140a787e87-00697341ae" "proxy-server 13" 0.0227 "-" 24 0
Jan 23 09:40:12 standalone object-server[122293]: Begin object update sweep
Jan 23 09:40:12 standalone object-server[316267]: Object update sweep starting on /srv/node/d1 (pid: 18)
Jan 23 09:40:12 standalone object-server[316267]: Object update sweep completed on /srv/node/d1 in 0.00s seconds:, 0 successes, 0 failures, 0 quarantines, 0 unlinks, 0 errors, 0 redirects (pid: 18)
Jan 23 09:40:12 standalone object-server[316267]: Object update sweep of d1 completed: 0.00s, 0 successes, 0 failures, 0 quarantines, 0 unlinks, 0 errors, 0 redirects
Jan 23 09:40:12 standalone object-server[122293]: Object update sweep completed: 0.07s
Jan 23 09:40:54 standalone container-server[122130]: Begin container update sweep
Jan 23 09:40:55 standalone account-server[122094]: 172.20.0.100 - - [23/Jan/2026:09:40:55 +0000] "PUT /d1/231/AUTH_b69aaac60a1f4086beb1095a89d0a0d3/glance" 201 - "-" "-" "container-updater 2" 0.0007 "-" 14 0
Jan 23 09:40:55 standalone container-server[122130]: Container update sweep completed: 1.60s
Jan 23 09:41:09 standalone account-server[122105]: 172.20.0.100 - - [23/Jan/2026:09:41:09 +0000] "HEAD /d1/501/.expiring_objects" 404 - "HEAD http://localhost/v1/.expiring_objects?format=json" "tx3678840cee7447cc81ba2-0069734235" "proxy-server 2" 0.0008 "-" 15 -
Jan 23 09:41:09 standalone object-expirer[122246]: Pass completed in 0s; 0 objects expired (txn: tx3678840cee7447cc81ba2-0069734235)
Jan 23 09:42:36 standalone account-server[122114]: 172.20.0.100 - - [23/Jan/2026:09:42:36 +0000] "HEAD /d1/501/.expiring_objects" 404 - "HEAD http://localhost/v1/.expiring_objects?format=json" "txb39751359c504d7eb029e-006973428c" "proxy-server 2" 0.0008 "-" 17 -
Jan 23 09:42:36 standalone object-expirer[122246]: Pass completed in 0s; 0 objects expired (txn: txb39751359c504d7eb029e-006973428c)
Jan 23 09:43:44 standalone account-server[122094]: 172.20.0.31 - - [23/Jan/2026:09:43:44 +0000] "HEAD /d1/172/AUTH_3fa8976d08004d15be53f8a01189ad76" 404 - "HEAD http://swift-internal.openstack.svc:8080/v1/AUTH_3fa8976d08004d15be53f8a01189ad76?format=json" "txc14ecde3add24916b0f8e-00697342d0" "proxy-server 6" 0.0008 "-" 14 -
Jan 23 09:43:45 standalone account-server[122105]: 172.20.0.31 - - [23/Jan/2026:09:43:45 +0000] "GET /d1/172/AUTH_3fa8976d08004d15be53f8a01189ad76" 404 - "GET http://swift-internal.openstack.svc:8080/v1/AUTH_3fa8976d08004d15be53f8a01189ad76?format=json" "txc14ecde3add24916b0f8e-00697342d0" "proxy-server 6" 0.0005 "-" 15 -
Jan 23 09:43:45 standalone account-server[122110]: 172.20.0.31 - - [23/Jan/2026:09:43:45 +0000] "HEAD /d1/231/AUTH_b69aaac60a1f4086beb1095a89d0a0d3" 204 - "HEAD http://swift-internal.openstack.svc:8080/v1/AUTH_b69aaac60a1f4086beb1095a89d0a0d3?format=json" "tx021e72a23de14ee8b3b1c-00697342d1" "proxy-server 6" 0.0164 "-" 16 -
Jan 23 09:43:45 standalone account-server[122114]: 172.20.0.31 - - [23/Jan/2026:09:43:45 +0000] "GET /d1/231/AUTH_b69aaac60a1f4086beb1095a89d0a0d3" 200 2960 "GET http://swift-internal.openstack.svc:8080/v1/AUTH_b69aaac60a1f4086beb1095a89d0a0d3?format=json" "tx021e72a23de14ee8b3b1c-00697342d1" "proxy-server 6" 0.0035 "-" 17 -
Jan 23 09:43:45 standalone account-server[122094]: 172.20.0.31 - - [23/Jan/2026:09:43:45 +0000] "HEAD /d1/172/AUTH_3fa8976d08004d15be53f8a01189ad76" 404 - "HEAD http://swift-internal.openstack.svc:8080/v1/AUTH_3fa8976d08004d15be53f8a01189ad76?format=json" "tx731a3b10bce540cc9dbff-00697342d1" "proxy-server 14" 0.0005 "-" 14 -
Jan 23 09:43:45 standalone account-server[122094]: 172.20.0.31 - - [23/Jan/2026:09:43:45 +0000] "HEAD /d1/231/AUTH_b69aaac60a1f4086beb1095a89d0a0d3" 204 - "HEAD http://swift-internal.openstack.svc:8080/v1/AUTH_b69aaac60a1f4086beb1095a89d0a0d3?format=json" "txd38efc0a5f1a40f5a00d0-00697342d1" "proxy-server 14" 0.0019 "-" 14 -
Jan 23 09:44:21 standalone account-server[122110]: 172.20.0.31 - - [23/Jan/2026:09:44:21 +0000] "HEAD /d1/172/AUTH_3fa8976d08004d15be53f8a01189ad76" 404 - "HEAD http://swift-internal.openstack.svc:8080/v1/AUTH_3fa8976d08004d15be53f8a01189ad76?format=json" "txe877b532d543415397367-00697342f4" "proxy-server 11" 0.0013 "-" 16 -
Jan 23 09:44:21 standalone account-server[122114]: 172.20.0.31 - - [23/Jan/2026:09:44:21 +0000] "HEAD /d1/231/AUTH_b69aaac60a1f4086beb1095a89d0a0d3" 204 - "HEAD http://swift-internal.openstack.svc:8080/v1/AUTH_b69aaac60a1f4086beb1095a89d0a0d3?format=json" "txb1d0272eedfc412aa27cb-00697342f5" "proxy-server 6" 0.0019 "-" 17 -
Jan 23 09:44:23 standalone account-server[122105]: 172.20.0.31 - - [23/Jan/2026:09:44:23 +0000] "GET /d1/172/AUTH_3fa8976d08004d15be53f8a01189ad76" 404 - "GET http://swift-internal.openstack.svc:8080/v1/AUTH_3fa8976d08004d15be53f8a01189ad76?format=json" "tx8a2bda5922e54acfad8a8-00697342f6" "proxy-server 13" 0.0006 "-" 15 -
Jan 23 09:44:23 standalone account-server[122105]: 172.20.0.31 - - [23/Jan/2026:09:44:23 +0000] "GET /d1/231/AUTH_b69aaac60a1f4086beb1095a89d0a0d3" 200 2960 "GET http://swift-internal.openstack.svc:8080/v1/AUTH_b69aaac60a1f4086beb1095a89d0a0d3?format=json" "tx3962f067981f4ec2879bb-00697342f7" "proxy-server 13" 0.0027 "-" 15 -
Jan 23 09:44:35 standalone account-server[122105]: 172.20.0.31 - - [23/Jan/2026:09:44:35 +0000] "HEAD /d1/172/AUTH_3fa8976d08004d15be53f8a01189ad76" 404 - "HEAD http://swift-internal.openstack.svc:8080/v1/AUTH_3fa8976d08004d15be53f8a01189ad76?format=json" "tx2c069da258164f7ebec51-0069734303" "proxy-server 13" 0.0009 "-" 15 -
Jan 23 09:44:35 standalone account-server[122110]: 172.20.0.31 - - [23/Jan/2026:09:44:35 +0000] "HEAD /d1/231/AUTH_b69aaac60a1f4086beb1095a89d0a0d3" 204 - "HEAD http://swift-internal.openstack.svc:8080/v1/AUTH_b69aaac60a1f4086beb1095a89d0a0d3?format=json" "tx68699a80ed174ed7ae771-0069734303" "proxy-server 6" 0.0025 "-" 16 -
Jan 23 09:44:36 standalone account-server[122110]: 172.20.0.31 - - [23/Jan/2026:09:44:36 +0000] "GET /d1/172/AUTH_3fa8976d08004d15be53f8a01189ad76" 404 - "GET http://swift-internal.openstack.svc:8080/v1/AUTH_3fa8976d08004d15be53f8a01189ad76?format=json" "tx36d4afdbf4ef474488f29-0069734303" "proxy-server 12" 0.0005 "-" 16 -
Jan 23 09:44:36 standalone account-server[122094]: 172.20.0.31 - - [23/Jan/2026:09:44:36 +0000] "GET /d1/231/AUTH_b69aaac60a1f4086beb1095a89d0a0d3" 200 2960 "GET http://swift-internal.openstack.svc:8080/v1/AUTH_b69aaac60a1f4086beb1095a89d0a0d3?format=json" "txdc93a7a2b1a4424c84ec5-0069734304" "proxy-server 13" 0.0032 "-" 14 -
Jan 23 09:45:12 standalone object-server[122293]: Begin object update sweep
Jan 23 09:45:12 standalone object-server[335982]: Object update sweep starting on /srv/node/d1 (pid: 19)
Jan 23 09:45:12 standalone object-server[335982]: Object update sweep completed on /srv/node/d1 in 0.00s seconds:, 0 successes, 0 failures, 0 quarantines, 0 unlinks, 0 errors, 0 redirects (pid: 19)
Jan 23 09:45:12 standalone object-server[335982]: Object update sweep of d1 completed: 0.00s, 0 successes, 0 failures, 0 quarantines, 0 unlinks, 0 errors, 0 redirects
Jan 23 09:45:12 standalone object-server[122293]: Object update sweep completed: 0.09s
Jan 23 09:45:51 standalone account-server[122110]: 172.20.0.100 - - [23/Jan/2026:09:45:51 +0000] "HEAD /d1/501/.expiring_objects" 404 - "HEAD http://localhost/v1/.expiring_objects?format=json" "tx14a63a229deb47cd9494f-006973434f" "proxy-server 2" 0.0008 "-" 16 -
Jan 23 09:45:51 standalone object-expirer[122246]: Pass completed in 0s; 0 objects expired (txn: tx14a63a229deb47cd9494f-006973434f)
Jan 23 09:45:54 standalone container-server[122130]: Begin container update sweep
