Jan 23 09:20:54 standalone container-server[122194]: 172.20.0.100 - - [23/Jan/2026:09:20:54 +0000] "PUT /d1/181/AUTH_b69aaac60a1f4086beb1095a89d0a0d3/gnocchi.c1b39251-e513-4aea-b79c-7f48a08b6a96/none_v3" 201 - "PUT http://localhost:8080/d1/406/AUTH_b69aaac60a1f4086beb1095a89d0a0d3/gnocchi.c1b39251-e513-4aea-b79c-7f48a08b6a96/none_v3" "tx763178c733314a57a7085-0069733d76" "object-server 22" 0.0009 "-" 20 0
Jan 23 09:20:54 standalone object-server[122386]: 172.20.0.100 - - [23/Jan/2026:09:20:54 +0000] "PUT /d1/406/AUTH_b69aaac60a1f4086beb1095a89d0a0d3/gnocchi.c1b39251-e513-4aea-b79c-7f48a08b6a96/none_v3" 201 - "PUT http://localhost:8080/v1/AUTH_b69aaac60a1f4086beb1095a89d0a0d3/gnocchi.c1b39251-e513-4aea-b79c-7f48a08b6a96/none_v3" "tx763178c733314a57a7085-0069733d76" "proxy-server 21" 0.0149 "-" 22 0
Jan 23 09:20:54 standalone proxy-server[123987]: 172.18.0.2 ::1 23/Jan/2026/09/20/54 PUT /v1/AUTH_b69aaac60a1f4086beb1095a89d0a0d3/gnocchi.c1b39251-e513-4aea-b79c-7f48a08b6a96/none_v3 HTTP/1.0 201 - python-swiftclient-3.11.1 gAAAAABpczyvUCaU... 22 - - tx763178c733314a57a7085-0069733d76 - 0.0212 - - 1769160054.724553823 1769160054.745744705 0
Jan 23 09:20:54 standalone container-server[122194]: 172.20.0.100 - - [23/Jan/2026:09:20:54 +0000] "HEAD /d1/372/AUTH_b69aaac60a1f4086beb1095a89d0a0d3/gnocchi.93a25bf6-83a9-4b4d-9f79-6f4796bc0a87" 404 - "HEAD http://localhost:8080/v1/AUTH_b69aaac60a1f4086beb1095a89d0a0d3/gnocchi.93a25bf6-83a9-4b4d-9f79-6f4796bc0a87?format=json&states=listing" "txcf1570f238274c36a1c37-0069733d76" "proxy-server 21" 0.0006 "-" 20 0
Jan 23 09:20:54 standalone object-server[122391]: 172.20.0.100 - - [23/Jan/2026:09:20:54 +0000] "GET /d1/118/AUTH_b69aaac60a1f4086beb1095a89d0a0d3/gnocchi.93a25bf6-83a9-4b4d-9f79-6f4796bc0a87/none_v3" 404 70 "GET http://localhost:8080/v1/AUTH_b69aaac60a1f4086beb1095a89d0a0d3/gnocchi.93a25bf6-83a9-4b4d-9f79-6f4796bc0a87/none_v3" "txcf1570f238274c36a1c37-0069733d76" "proxy-server 21" 0.0003 "-" 25 0
Jan 23 09:20:54 standalone proxy-server[123987]: 172.18.0.2 ::1 23/Jan/2026/09/20/54 GET /v1/AUTH_b69aaac60a1f4086beb1095a89d0a0d3/gnocchi.93a25bf6-83a9-4b4d-9f79-6f4796bc0a87/none_v3 HTTP/1.0 404 - python-swiftclient-3.11.1 gAAAAABpczyvUCaU... - 70 - txcf1570f238274c36a1c37-0069733d76 - 0.0095 - - 1769160054.756253958 1769160054.765733957 0
Jan 23 09:20:54 standalone account-server[122114]: 172.20.0.100 - - [23/Jan/2026:09:20:54 +0000] "PUT /d1/231/AUTH_b69aaac60a1f4086beb1095a89d0a0d3/gnocchi.93a25bf6-83a9-4b4d-9f79-6f4796bc0a87" 201 - "PUT http://172.20.0.100:6001/d1/372/AUTH_b69aaac60a1f4086beb1095a89d0a0d3/gnocchi.93a25bf6-83a9-4b4d-9f79-6f4796bc0a87" "txb44915210f2d4f1b8f9e8-0069733d76" "container-server 23" 0.0057 "-" 17 0
Jan 23 09:20:54 standalone container-server[122217]: 172.20.0.100 - - [23/Jan/2026:09:20:54 +0000] "PUT /d1/372/AUTH_b69aaac60a1f4086beb1095a89d0a0d3/gnocchi.93a25bf6-83a9-4b4d-9f79-6f4796bc0a87" 201 - "PUT http://localhost:8080/v1/AUTH_b69aaac60a1f4086beb1095a89d0a0d3/gnocchi.93a25bf6-83a9-4b4d-9f79-6f4796bc0a87" "txb44915210f2d4f1b8f9e8-0069733d76" "proxy-server 21" 0.0182 "-" 23 0
Jan 23 09:20:54 standalone proxy-server[123987]: 172.18.0.2 ::1 23/Jan/2026/09/20/54 PUT /v1/AUTH_b69aaac60a1f4086beb1095a89d0a0d3/gnocchi.93a25bf6-83a9-4b4d-9f79-6f4796bc0a87 HTTP/1.0 201 - python-swiftclient-3.11.1 gAAAAABpczyvUCaU... - - - txb44915210f2d4f1b8f9e8-0069733d76 - 0.0235 - - 1769160054.768491268 1769160054.791968346 0
Jan 23 09:20:54 standalone account-server[122094]: 172.20.0.100 - - [23/Jan/2026:09:20:54 +0000] "PUT /d1/231/AUTH_b69aaac60a1f4086beb1095a89d0a0d3/gnocchi.2ce1649b-a61f-49a9-be94-89ffc97aa78b" 201 - "-" "-" "container-updater 2" 0.0004 "-" 14 0
Jan 23 09:20:54 standalone container-server[122200]: 172.20.0.100 - - [23/Jan/2026:09:20:54 +0000] "HEAD /d1/372/AUTH_b69aaac60a1f4086beb1095a89d0a0d3/gnocchi.93a25bf6-83a9-4b4d-9f79-6f4796bc0a87" 204 - "HEAD http://localhost:8080/v1/AUTH_b69aaac60a1f4086beb1095a89d0a0d3/gnocchi.93a25bf6-83a9-4b4d-9f79-6f4796bc0a87?format=json&states=listing" "txc61ec28dbcca45fa8d87d-0069733d76" "proxy-server 21" 0.0011 "-" 21 0
Jan 23 09:20:54 standalone proxy-server[123987]: - - 23/Jan/2026/09/20/54 HEAD /v1/AUTH_b69aaac60a1f4086beb1095a89d0a0d3/gnocchi.93a25bf6-83a9-4b4d-9f79-6f4796bc0a87%3Fformat%3Djson%26states%3Dlisting HTTP/1.0 204 - Swift - - - - txc61ec28dbcca45fa8d87d-0069733d76 - 0.0046 RL - 1769160054.797737837 1769160054.802297592 0
Jan 23 09:20:54 standalone container-server[122217]: 172.20.0.100 - - [23/Jan/2026:09:20:54 +0000] "GET /d1/372/AUTH_b69aaac60a1f4086beb1095a89d0a0d3/gnocchi.93a25bf6-83a9-4b4d-9f79-6f4796bc0a87" 200 2 "GET http://localhost:8080/v1/AUTH_b69aaac60a1f4086beb1095a89d0a0d3/gnocchi.93a25bf6-83a9-4b4d-9f79-6f4796bc0a87?format=json&states=listing" "txc61ec28dbcca45fa8d87d-0069733d76" "proxy-server 21" 0.0048 "-" 23 0
Jan 23 09:20:54 standalone proxy-server[123987]: 172.18.0.2 ::1 23/Jan/2026/09/20/54 GET /v1/AUTH_b69aaac60a1f4086beb1095a89d0a0d3/gnocchi.93a25bf6-83a9-4b4d-9f79-6f4796bc0a87%3Fformat%3Djson%26states%3Dlisting HTTP/1.0 200 - python-swiftclient-3.11.1 gAAAAABpczyvUCaU... - 2 - txc61ec28dbcca45fa8d87d-0069733d76 - 0.0180 - - 1769160054.796107531 1769160054.814061642 0
Jan 23 09:20:54 standalone object-server[122389]: 172.20.0.100 - - [23/Jan/2026:09:20:54 +0000] "GET /d1/642/AUTH_b69aaac60a1f4086beb1095a89d0a0d3/gnocchi.93a25bf6-83a9-4b4d-9f79-6f4796bc0a87/1769040000.0_mean_300.0_v3" 404 70 "GET http://localhost:8080/v1/AUTH_b69aaac60a1f4086beb1095a89d0a0d3/gnocchi.93a25bf6-83a9-4b4d-9f79-6f4796bc0a87/1769040000.0_mean_300.0_v3" "tx4e1004e9970e435bbeb68-0069733d76" "proxy-server 21" 0.0004 "-" 23 0
Jan 23 09:20:54 standalone proxy-server[123987]: 172.18.0.2 ::1 23/Jan/2026/09/20/54 GET /v1/AUTH_b69aaac60a1f4086beb1095a89d0a0d3/gnocchi.93a25bf6-83a9-4b4d-9f79-6f4796bc0a87/1769040000.0_mean_300.0_v3 HTTP/1.0 404 - python-swiftclient-3.11.1 gAAAAABpczyvUCaU... - 70 - tx4e1004e9970e435bbeb68-0069733d76 - 0.0068 - - 1769160054.818900108 1769160054.825716257 0
Jan 23 09:20:54 standalone container-server[122194]: 172.20.0.100 - - [23/Jan/2026:09:20:54 +0000] "PUT /d1/372/AUTH_b69aaac60a1f4086beb1095a89d0a0d3/gnocchi.93a25bf6-83a9-4b4d-9f79-6f4796bc0a87/1769040000.0_mean_300.0_v3" 201 - "PUT http://localhost:8080/d1/642/AUTH_b69aaac60a1f4086beb1095a89d0a0d3/gnocchi.93a25bf6-83a9-4b4d-9f79-6f4796bc0a87/1769040000.0_mean_300.0_v3" "txd7a211fde5754b4a889cf-0069733d76" "object-server 25" 0.0009 "-" 20 0
Jan 23 09:20:54 standalone object-server[122391]: 172.20.0.100 - - [23/Jan/2026:09:20:54 +0000] "PUT /d1/642/AUTH_b69aaac60a1f4086beb1095a89d0a0d3/gnocchi.93a25bf6-83a9-4b4d-9f79-6f4796bc0a87/1769040000.0_mean_300.0_v3" 201 - "PUT http://localhost:8080/v1/AUTH_b69aaac60a1f4086beb1095a89d0a0d3/gnocchi.93a25bf6-83a9-4b4d-9f79-6f4796bc0a87/1769040000.0_mean_300.0_v3" "txd7a211fde5754b4a889cf-0069733d76" "proxy-server 21" 0.0097 "-" 25 0
Jan 23 09:20:54 standalone proxy-server[123987]: 172.18.0.2 ::1 23/Jan/2026/09/20/54 PUT /v1/AUTH_b69aaac60a1f4086beb1095a89d0a0d3/gnocchi.93a25bf6-83a9-4b4d-9f79-6f4796bc0a87/1769040000.0_mean_300.0_v3 HTTP/1.0 201 - python-swiftclient-3.11.1 gAAAAABpczyvUCaU... 16 - - txd7a211fde5754b4a889cf-0069733d76 - 0.0157 - - 1769160054.829460621 1769160054.845116854 0
Jan 23 09:20:54 standalone container-server[122217]: 172.20.0.100 - - [23/Jan/2026:09:20:54 +0000] "PUT /d1/372/AUTH_b69aaac60a1f4086beb1095a89d0a0d3/gnocchi.93a25bf6-83a9-4b4d-9f79-6f4796bc0a87/none_v3" 201 - "PUT http://localhost:8080/d1/118/AUTH_b69aaac60a1f4086beb1095a89d0a0d3/gnocchi.93a25bf6-83a9-4b4d-9f79-6f4796bc0a87/none_v3" "txaaf4591e951140d7b3fb3-0069733d76" "object-server 25" 0.0008 "-" 23 0
Jan 23 09:20:54 standalone object-server[122391]: 172.20.0.100 - - [23/Jan/2026:09:20:54 +0000] "PUT /d1/118/AUTH_b69aaac60a1f4086beb1095a89d0a0d3/gnocchi.93a25bf6-83a9-4b4d-9f79-6f4796bc0a87/none_v3" 201 - "PUT http://localhost:8080/v1/AUTH_b69aaac60a1f4086beb1095a89d0a0d3/gnocchi.93a25bf6-83a9-4b4d-9f79-6f4796bc0a87/none_v3" "txaaf4591e951140d7b3fb3-0069733d76" "proxy-server 21" 0.0106 "-" 25 0
Jan 23 09:20:54 standalone proxy-server[123987]: 172.18.0.2 ::1 23/Jan/2026/09/20/54 PUT /v1/AUTH_b69aaac60a1f4086beb1095a89d0a0d3/gnocchi.93a25bf6-83a9-4b4d-9f79-6f4796bc0a87/none_v3 HTTP/1.0 201 - python-swiftclient-3.11.1 gAAAAABpczyvUCaU... 22 - - txaaf4591e951140d7b3fb3-0069733d76 - 0.0166 - - 1769160054.848344803 1769160054.864910126 0
Jan 23 09:20:54 standalone container-server[122130]: Container update sweep completed: 0.93s
Jan 23 09:20:54 standalone container-server[122200]: 172.20.0.100 - - [23/Jan/2026:09:20:54 +0000] "HEAD /d1/688/AUTH_b69aaac60a1f4086beb1095a89d0a0d3/gnocchi.e62fac28-5269-42e8-9c6b-56982d3c9618" 404 - "HEAD http://localhost:8080/v1/AUTH_b69aaac60a1f4086beb1095a89d0a0d3/gnocchi.e62fac28-5269-42e8-9c6b-56982d3c9618?format=json&states=listing" "txded4c60ce94f48458ef98-0069733d76" "proxy-server 21" 0.0006 "-" 21 0
Jan 23 09:20:54 standalone object-server[122390]: 172.20.0.100 - - [23/Jan/2026:09:20:54 +0000] "GET /d1/906/AUTH_b69aaac60a1f4086beb1095a89d0a0d3/gnocchi.e62fac28-5269-42e8-9c6b-56982d3c9618/none_v3" 404 70 "GET http://localhost:8080/v1/AUTH_b69aaac60a1f4086beb1095a89d0a0d3/gnocchi.e62fac28-5269-42e8-9c6b-56982d3c9618/none_v3" "txded4c60ce94f48458ef98-0069733d76" "proxy-server 21" 0.0003 "-" 24 0
Jan 23 09:20:54 standalone proxy-server[123987]: 172.18.0.2 ::1 23/Jan/2026/09/20/54 GET /v1/AUTH_b69aaac60a1f4086beb1095a89d0a0d3/gnocchi.e62fac28-5269-42e8-9c6b-56982d3c9618/none_v3 HTTP/1.0 404 - python-swiftclient-3.11.1 gAAAAABpczyvUCaU... - 70 - txded4c60ce94f48458ef98-0069733d76 - 0.0082 - - 1769160054.874242544 1769160054.882451534 0
Jan 23 09:20:54 standalone account-server[122110]: 172.20.0.100 - - [23/Jan/2026:09:20:54 +0000] "PUT /d1/231/AUTH_b69aaac60a1f4086beb1095a89d0a0d3/gnocchi.e62fac28-5269-42e8-9c6b-56982d3c9618" 201 - "PUT http://172.20.0.100:6001/d1/688/AUTH_b69aaac60a1f4086beb1095a89d0a0d3/gnocchi.e62fac28-5269-42e8-9c6b-56982d3c9618" "txb484c11117c646d99c778-0069733d76" "container-server 21" 0.0038 "-" 16 0
Jan 23 09:20:54 standalone container-server[122200]: 172.20.0.100 - - [23/Jan/2026:09:20:54 +0000] "PUT /d1/688/AUTH_b69aaac60a1f4086beb1095a89d0a0d3/gnocchi.e62fac28-5269-42e8-9c6b-56982d3c9618" 201 - "PUT http://localhost:8080/v1/AUTH_b69aaac60a1f4086beb1095a89d0a0d3/gnocchi.e62fac28-5269-42e8-9c6b-56982d3c9618" "txb484c11117c646d99c778-0069733d76" "proxy-server 21" 0.0150 "-" 21 0
Jan 23 09:20:54 standalone proxy-server[123987]: 172.18.0.2 ::1 23/Jan/2026/09/20/54 PUT /v1/AUTH_b69aaac60a1f4086beb1095a89d0a0d3/gnocchi.e62fac28-5269-42e8-9c6b-56982d3c9618 HTTP/1.0 201 - python-swiftclient-3.11.1 gAAAAABpczyvUCaU... - - - txb484c11117c646d99c778-0069733d76 - 0.0188 - - 1769160054.884923935 1769160054.903764486 0
Jan 23 09:20:54 standalone container-server[122217]: 172.20.0.100 - - [23/Jan/2026:09:20:54 +0000] "HEAD /d1/688/AUTH_b69aaac60a1f4086beb1095a89d0a0d3/gnocchi.e62fac28-5269-42e8-9c6b-56982d3c9618" 204 - "HEAD http://localhost:8080/v1/AUTH_b69aaac60a1f4086beb1095a89d0a0d3/gnocchi.e62fac28-5269-42e8-9c6b-56982d3c9618?format=json&states=listing" "tx532d5f8b9e9e48b3bedab-0069733d76" "proxy-server 21" 0.0022 "-" 23 0
Jan 23 09:20:54 standalone proxy-server[123987]: - - 23/Jan/2026/09/20/54 HEAD /v1/AUTH_b69aaac60a1f4086beb1095a89d0a0d3/gnocchi.e62fac28-5269-42e8-9c6b-56982d3c9618%3Fformat%3Djson%26states%3Dlisting HTTP/1.0 204 - Swift - - - - tx532d5f8b9e9e48b3bedab-0069733d76 - 0.0055 RL - 1769160054.907858372 1769160054.913348913 0
Jan 23 09:20:54 standalone container-server[122200]: 172.20.0.100 - - [23/Jan/2026:09:20:54 +0000] "GET /d1/688/AUTH_b69aaac60a1f4086beb1095a89d0a0d3/gnocchi.e62fac28-5269-42e8-9c6b-56982d3c9618" 200 2 "GET http://localhost:8080/v1/AUTH_b69aaac60a1f4086beb1095a89d0a0d3/gnocchi.e62fac28-5269-42e8-9c6b-56982d3c9618?format=json&states=listing" "tx532d5f8b9e9e48b3bedab-0069733d76" "proxy-server 21" 0.0018 "-" 21 0
Jan 23 09:20:54 standalone proxy-server[123987]: 172.18.0.2 ::1 23/Jan/2026/09/20/54 GET /v1/AUTH_b69aaac60a1f4086beb1095a89d0a0d3/gnocchi.e62fac28-5269-42e8-9c6b-56982d3c9618%3Fformat%3Djson%26states%3Dlisting HTTP/1.0 200 - python-swiftclient-3.11.1 gAAAAABpczyvUCaU... - 2 - tx532d5f8b9e9e48b3bedab-0069733d76 - 0.0126 - - 1769160054.906944752 1769160054.919550419 0
Jan 23 09:20:54 standalone object-server[122389]: 172.20.0.100 - - [23/Jan/2026:09:20:54 +0000] "GET /d1/760/AUTH_b69aaac60a1f4086beb1095a89d0a0d3/gnocchi.e62fac28-5269-42e8-9c6b-56982d3c9618/1769040000.0_mean_300.0_v3" 404 70 "GET http://localhost:8080/v1/AUTH_b69aaac60a1f4086beb1095a89d0a0d3/gnocchi.e62fac28-5269-42e8-9c6b-56982d3c9618/1769040000.0_mean_300.0_v3" "txb09f63885dd54b0cae1ce-0069733d76" "proxy-server 21" 0.0005 "-" 23 0
Jan 23 09:20:54 standalone proxy-server[123987]: 172.18.0.2 ::1 23/Jan/2026/09/20/54 GET /v1/AUTH_b69aaac60a1f4086beb1095a89d0a0d3/gnocchi.e62fac28-5269-42e8-9c6b-56982d3c9618/1769040000.0_mean_300.0_v3 HTTP/1.0 404 - python-swiftclient-3.11.1 gAAAAABpczyvUCaU... - 70 - txb09f63885dd54b0cae1ce-0069733d76 - 0.0052 - - 1769160054.922749281 1769160054.927970886 0
Jan 23 09:20:54 standalone container-server[122217]: 172.20.0.100 - - [23/Jan/2026:09:20:54 +0000] "PUT /d1/688/AUTH_b69aaac60a1f4086beb1095a89d0a0d3/gnocchi.e62fac28-5269-42e8-9c6b-56982d3c9618/1769040000.0_mean_300.0_v3" 201 - "PUT http://localhost:8080/d1/760/AUTH_b69aaac60a1f4086beb1095a89d0a0d3/gnocchi.e62fac28-5269-42e8-9c6b-56982d3c9618/1769040000.0_mean_300.0_v3" "tx427fc8dd736747dd93e76-0069733d76" "object-server 24" 0.0007 "-" 23 0
Jan 23 09:20:54 standalone object-server[122390]: 172.20.0.100 - - [23/Jan/2026:09:20:54 +0000] "PUT /d1/760/AUTH_b69aaac60a1f4086beb1095a89d0a0d3/gnocchi.e62fac28-5269-42e8-9c6b-56982d3c9618/1769040000.0_mean_300.0_v3" 201 - "PUT http://localhost:8080/v1/AUTH_b69aaac60a1f4086beb1095a89d0a0d3/gnocchi.e62fac28-5269-42e8-9c6b-56982d3c9618/1769040000.0_mean_300.0_v3" "tx427fc8dd736747dd93e76-0069733d76" "proxy-server 21" 0.0095 "-" 24 0
Jan 23 09:20:54 standalone proxy-server[123987]: 172.18.0.2 ::1 23/Jan/2026/09/20/54 PUT /v1/AUTH_b69aaac60a1f4086beb1095a89d0a0d3/gnocchi.e62fac28-5269-42e8-9c6b-56982d3c9618/1769040000.0_mean_300.0_v3 HTTP/1.0 201 - python-swiftclient-3.11.1 gAAAAABpczyvUCaU... 16 - - tx427fc8dd736747dd93e76-0069733d76 - 0.0145 - - 1769160054.930585623 1769160054.945103645 0
Jan 23 09:20:54 standalone container-server[122217]: 172.20.0.100 - - [23/Jan/2026:09:20:54 +0000] "PUT /d1/688/AUTH_b69aaac60a1f4086beb1095a89d0a0d3/gnocchi.e62fac28-5269-42e8-9c6b-56982d3c9618/none_v3" 201 - "PUT http://localhost:8080/d1/906/AUTH_b69aaac60a1f4086beb1095a89d0a0d3/gnocchi.e62fac28-5269-42e8-9c6b-56982d3c9618/none_v3" "txabf3e3bb603f4c6784455-0069733d76" "object-server 25" 0.0007 "-" 23 0
Jan 23 09:20:54 standalone object-server[122391]: 172.20.0.100 - - [23/Jan/2026:09:20:54 +0000] "PUT /d1/906/AUTH_b69aaac60a1f4086beb1095a89d0a0d3/gnocchi.e62fac28-5269-42e8-9c6b-56982d3c9618/none_v3" 201 - "PUT http://localhost:8080/v1/AUTH_b69aaac60a1f4086beb1095a89d0a0d3/gnocchi.e62fac28-5269-42e8-9c6b-56982d3c9618/none_v3" "txabf3e3bb603f4c6784455-0069733d76" "proxy-server 21" 0.0098 "-" 25 0
Jan 23 09:20:54 standalone proxy-server[123987]: 172.18.0.2 ::1 23/Jan/2026/09/20/54 PUT /v1/AUTH_b69aaac60a1f4086beb1095a89d0a0d3/gnocchi.e62fac28-5269-42e8-9c6b-56982d3c9618/none_v3 HTTP/1.0 201 - python-swiftclient-3.11.1 gAAAAABpczyvUCaU... 22 - - txabf3e3bb603f4c6784455-0069733d76 - 0.0148 - - 1769160054.949007273 1769160054.963766336 0
Jan 23 09:20:54 standalone container-server[122200]: 172.20.0.100 - - [23/Jan/2026:09:20:54 +0000] "HEAD /d1/748/AUTH_b69aaac60a1f4086beb1095a89d0a0d3/gnocchi.0789ea99-f996-41aa-8434-00a2fe1f70b8" 404 - "HEAD http://localhost:8080/v1/AUTH_b69aaac60a1f4086beb1095a89d0a0d3/gnocchi.0789ea99-f996-41aa-8434-00a2fe1f70b8?format=json&states=listing" "tx921040678ffd429e9e6a3-0069733d76" "proxy-server 21" 0.0003 "-" 21 0
Jan 23 09:20:54 standalone object-server[122391]: 172.20.0.100 - - [23/Jan/2026:09:20:54 +0000] "GET /d1/217/AUTH_b69aaac60a1f4086beb1095a89d0a0d3/gnocchi.0789ea99-f996-41aa-8434-00a2fe1f70b8/none_v3" 404 70 "GET http://localhost:8080/v1/AUTH_b69aaac60a1f4086beb1095a89d0a0d3/gnocchi.0789ea99-f996-41aa-8434-00a2fe1f70b8/none_v3" "tx921040678ffd429e9e6a3-0069733d76" "proxy-server 21" 0.0003 "-" 25 0
Jan 23 09:20:54 standalone proxy-server[123987]: 172.18.0.2 ::1 23/Jan/2026/09/20/54 GET /v1/AUTH_b69aaac60a1f4086beb1095a89d0a0d3/gnocchi.0789ea99-f996-41aa-8434-00a2fe1f70b8/none_v3 HTTP/1.0 404 - python-swiftclient-3.11.1 gAAAAABpczyvUCaU... - 70 - tx921040678ffd429e9e6a3-0069733d76 - 0.0081 - - 1769160054.973547697 1769160054.981632233 0
Jan 23 09:20:55 standalone account-server[122105]: 172.20.0.100 - - [23/Jan/2026:09:20:55 +0000] "PUT /d1/231/AUTH_b69aaac60a1f4086beb1095a89d0a0d3/gnocchi.0789ea99-f996-41aa-8434-00a2fe1f70b8" 201 - "PUT http://172.20.0.100:6001/d1/748/AUTH_b69aaac60a1f4086beb1095a89d0a0d3/gnocchi.0789ea99-f996-41aa-8434-00a2fe1f70b8" "tx7cf7bf4fab9b40e29811b-0069733d76" "container-server 23" 0.0040 "-" 15 0
Jan 23 09:20:55 standalone container-server[122217]: 172.20.0.100 - - [23/Jan/2026:09:20:55 +0000] "PUT /d1/748/AUTH_b69aaac60a1f4086beb1095a89d0a0d3/gnocchi.0789ea99-f996-41aa-8434-00a2fe1f70b8" 201 - "PUT http://localhost:8080/v1/AUTH_b69aaac60a1f4086beb1095a89d0a0d3/gnocchi.0789ea99-f996-41aa-8434-00a2fe1f70b8" "tx7cf7bf4fab9b40e29811b-0069733d76" "proxy-server 21" 0.0167 "-" 23 0
Jan 23 09:20:55 standalone proxy-server[123987]: 172.18.0.2 ::1 23/Jan/2026/09/20/55 PUT /v1/AUTH_b69aaac60a1f4086beb1095a89d0a0d3/gnocchi.0789ea99-f996-41aa-8434-00a2fe1f70b8 HTTP/1.0 201 - python-swiftclient-3.11.1 gAAAAABpczyvUCaU... - - - tx7cf7bf4fab9b40e29811b-0069733d76 - 0.0218 - - 1769160054.984767437 1769160055.006570816 0
Jan 23 09:20:55 standalone container-server[122200]: 172.20.0.100 - - [23/Jan/2026:09:20:55 +0000] "HEAD /d1/293/AUTH_b69aaac60a1f4086beb1095a89d0a0d3/gnocchi.73c42802-d811-4069-86e3-31cdde5eadb8" 404 - "HEAD http://localhost:8080/v1/AUTH_b69aaac60a1f4086beb1095a89d0a0d3/gnocchi.73c42802-d811-4069-86e3-31cdde5eadb8?format=json&states=listing" "tx2e3582e769eb4ce3bac4a-0069733d77" "proxy-server 21" 0.0010 "-" 21 0
Jan 23 09:20:55 standalone object-server[122390]: 172.20.0.100 - - [23/Jan/2026:09:20:55 +0000] "GET /d1/478/AUTH_b69aaac60a1f4086beb1095a89d0a0d3/gnocchi.73c42802-d811-4069-86e3-31cdde5eadb8/none_v3" 404 70 "GET http://localhost:8080/v1/AUTH_b69aaac60a1f4086beb1095a89d0a0d3/gnocchi.73c42802-d811-4069-86e3-31cdde5eadb8/none_v3" "tx2e3582e769eb4ce3bac4a-0069733d77" "proxy-server 21" 0.0004 "-" 24 0
Jan 23 09:20:55 standalone proxy-server[123987]: 172.18.0.2 ::1 23/Jan/2026/09/20/55 GET /v1/AUTH_b69aaac60a1f4086beb1095a89d0a0d3/gnocchi.73c42802-d811-4069-86e3-31cdde5eadb8/none_v3 HTTP/1.0 404 - python-swiftclient-3.11.1 gAAAAABpczyvUCaU... - 70 - tx2e3582e769eb4ce3bac4a-0069733d77 - 0.0108 - - 1769160055.009394169 1769160055.020158291 0
Jan 23 09:20:55 standalone account-server[122114]: 172.20.0.100 - - [23/Jan/2026:09:20:55 +0000] "PUT /d1/231/AUTH_b69aaac60a1f4086beb1095a89d0a0d3/gnocchi.73c42802-d811-4069-86e3-31cdde5eadb8" 201 - "PUT http://172.20.0.100:6001/d1/293/AUTH_b69aaac60a1f4086beb1095a89d0a0d3/gnocchi.73c42802-d811-4069-86e3-31cdde5eadb8" "tx48340ea36d4e44b48c85d-0069733d77" "container-server 23" 0.0035 "-" 17 0
Jan 23 09:20:55 standalone container-server[122217]: 172.20.0.100 - - [23/Jan/2026:09:20:55 +0000] "PUT /d1/293/AUTH_b69aaac60a1f4086beb1095a89d0a0d3/gnocchi.73c42802-d811-4069-86e3-31cdde5eadb8" 201 - "PUT http://localhost:8080/v1/AUTH_b69aaac60a1f4086beb1095a89d0a0d3/gnocchi.73c42802-d811-4069-86e3-31cdde5eadb8" "tx48340ea36d4e44b48c85d-0069733d77" "proxy-server 21" 0.0197 "-" 23 0
Jan 23 09:20:55 standalone proxy-server[123987]: 172.18.0.2 ::1 23/Jan/2026/09/20/55 PUT /v1/AUTH_b69aaac60a1f4086beb1095a89d0a0d3/gnocchi.73c42802-d811-4069-86e3-31cdde5eadb8 HTTP/1.0 201 - python-swiftclient-3.11.1 gAAAAABpczyvUCaU... - - - tx48340ea36d4e44b48c85d-0069733d77 - 0.0242 - - 1769160055.026134253 1769160055.050368309 0
Jan 23 09:20:55 standalone container-server[122204]: 172.20.0.100 - - [23/Jan/2026:09:20:55 +0000] "HEAD /d1/748/AUTH_b69aaac60a1f4086beb1095a89d0a0d3/gnocchi.0789ea99-f996-41aa-8434-00a2fe1f70b8" 204 - "HEAD http://localhost:8080/v1/AUTH_b69aaac60a1f4086beb1095a89d0a0d3/gnocchi.0789ea99-f996-41aa-8434-00a2fe1f70b8?format=json&states=listing" "txe379b6c40f1a4f3598678-0069733d77" "proxy-server 21" 0.0011 "-" 22 0
Jan 23 09:20:55 standalone proxy-server[123987]: - - 23/Jan/2026/09/20/55 HEAD /v1/AUTH_b69aaac60a1f4086beb1095a89d0a0d3/gnocchi.0789ea99-f996-41aa-8434-00a2fe1f70b8%3Fformat%3Djson%26states%3Dlisting HTTP/1.0 204 - Swift - - - - txe379b6c40f1a4f3598678-0069733d77 - 0.0044 RL - 1769160055.057704926 1769160055.062063217 0
Jan 23 09:20:55 standalone container-server[122194]: 172.20.0.100 - - [23/Jan/2026:09:20:55 +0000] "GET /d1/748/AUTH_b69aaac60a1f4086beb1095a89d0a0d3/gnocchi.0789ea99-f996-41aa-8434-00a2fe1f70b8" 200 2 "GET http://localhost:8080/v1/AUTH_b69aaac60a1f4086beb1095a89d0a0d3/gnocchi.0789ea99-f996-41aa-8434-00a2fe1f70b8?format=json&states=listing" "txe379b6c40f1a4f3598678-0069733d77" "proxy-server 21" 0.0016 "-" 20 0
Jan 23 09:20:55 standalone proxy-server[123987]: 172.18.0.2 ::1 23/Jan/2026/09/20/55 GET /v1/AUTH_b69aaac60a1f4086beb1095a89d0a0d3/gnocchi.0789ea99-f996-41aa-8434-00a2fe1f70b8%3Fformat%3Djson%26states%3Dlisting HTTP/1.0 200 - python-swiftclient-3.11.1 gAAAAABpczyvUCaU... - 2 - txe379b6c40f1a4f3598678-0069733d77 - 0.0139 - - 1769160055.056149244 1769160055.070028543 0
Jan 23 09:20:55 standalone container-server[122204]: 172.20.0.100 - - [23/Jan/2026:09:20:55 +0000] "HEAD /d1/293/AUTH_b69aaac60a1f4086beb1095a89d0a0d3/gnocchi.73c42802-d811-4069-86e3-31cdde5eadb8" 204 - "HEAD http://localhost:8080/v1/AUTH_b69aaac60a1f4086beb1095a89d0a0d3/gnocchi.73c42802-d811-4069-86e3-31cdde5eadb8?format=json&states=listing" "txdb9d1e2021d348e983ca9-0069733d77" "proxy-server 21" 0.0011 "-" 22 0
Jan 23 09:20:55 standalone proxy-server[123987]: - - 23/Jan/2026/09/20/55 HEAD /v1/AUTH_b69aaac60a1f4086beb1095a89d0a0d3/gnocchi.73c42802-d811-4069-86e3-31cdde5eadb8%3Fformat%3Djson%26states%3Dlisting HTTP/1.0 204 - Swift - - - - txdb9d1e2021d348e983ca9-0069733d77 - 0.0048 RL - 1769160055.078190804 1769160055.083017826 0
Jan 23 09:20:55 standalone container-server[122194]: 172.20.0.100 - - [23/Jan/2026:09:20:55 +0000] "GET /d1/293/AUTH_b69aaac60a1f4086beb1095a89d0a0d3/gnocchi.73c42802-d811-4069-86e3-31cdde5eadb8" 200 2 "GET http://localhost:8080/v1/AUTH_b69aaac60a1f4086beb1095a89d0a0d3/gnocchi.73c42802-d811-4069-86e3-31cdde5eadb8?format=json&states=listing" "txdb9d1e2021d348e983ca9-0069733d77" "proxy-server 21" 0.0016 "-" 20 0
Jan 23 09:20:55 standalone proxy-server[123987]: 172.18.0.2 ::1 23/Jan/2026/09/20/55 GET /v1/AUTH_b69aaac60a1f4086beb1095a89d0a0d3/gnocchi.73c42802-d811-4069-86e3-31cdde5eadb8%3Fformat%3Djson%26states%3Dlisting HTTP/1.0 200 - python-swiftclient-3.11.1 gAAAAABpczyvUCaU... - 2 - txdb9d1e2021d348e983ca9-0069733d77 - 0.0145 - - 1769160055.076582670 1769160055.091070175 0
Jan 23 09:20:55 standalone object-server[122389]: 172.20.0.100 - - [23/Jan/2026:09:20:55 +0000] "GET /d1/640/AUTH_b69aaac60a1f4086beb1095a89d0a0d3/gnocchi.0789ea99-f996-41aa-8434-00a2fe1f70b8/1769040000.0_mean_300.0_v3" 404 70 "GET http://localhost:8080/v1/AUTH_b69aaac60a1f4086beb1095a89d0a0d3/gnocchi.0789ea99-f996-41aa-8434-00a2fe1f70b8/1769040000.0_mean_300.0_v3" "txeca6fdca03824185b6d4a-0069733d77" "proxy-server 21" 0.0004 "-" 23 0
Jan 23 09:20:55 standalone proxy-server[123987]: 172.18.0.2 ::1 23/Jan/2026/09/20/55 GET /v1/AUTH_b69aaac60a1f4086beb1095a89d0a0d3/gnocchi.0789ea99-f996-41aa-8434-00a2fe1f70b8/1769040000.0_mean_300.0_v3 HTTP/1.0 404 - python-swiftclient-3.11.1 gAAAAABpczyvUCaU... - 70 - txeca6fdca03824185b6d4a-0069733d77 - 0.0059 - - 1769160055.096194506 1769160055.102143764 0
Jan 23 09:20:55 standalone object-server[122391]: 172.20.0.100 - - [23/Jan/2026:09:20:55 +0000] "GET /d1/424/AUTH_b69aaac60a1f4086beb1095a89d0a0d3/gnocchi.73c42802-d811-4069-86e3-31cdde5eadb8/1769040000.0_mean_300.0_v3" 404 70 "GET http://localhost:8080/v1/AUTH_b69aaac60a1f4086beb1095a89d0a0d3/gnocchi.73c42802-d811-4069-86e3-31cdde5eadb8/1769040000.0_mean_300.0_v3" "tx353aaed5d11e47e6bdc90-0069733d77" "proxy-server 21" 0.0005 "-" 25 0
Jan 23 09:20:55 standalone proxy-server[123987]: 172.18.0.2 ::1 23/Jan/2026/09/20/55 GET /v1/AUTH_b69aaac60a1f4086beb1095a89d0a0d3/gnocchi.73c42802-d811-4069-86e3-31cdde5eadb8/1769040000.0_mean_300.0_v3 HTTP/1.0 404 - python-swiftclient-3.11.1 gAAAAABpczyvUCaU... - 70 - tx353aaed5d11e47e6bdc90-0069733d77 - 0.0068 - - 1769160055.106647253 1769160055.113469839 0
Jan 23 09:20:55 standalone container-server[122217]: 172.20.0.100 - - [23/Jan/2026:09:20:55 +0000] "PUT /d1/748/AUTH_b69aaac60a1f4086beb1095a89d0a0d3/gnocchi.0789ea99-f996-41aa-8434-00a2fe1f70b8/1769040000.0_mean_300.0_v3" 201 - "PUT http://localhost:8080/d1/640/AUTH_b69aaac60a1f4086beb1095a89d0a0d3/gnocchi.0789ea99-f996-41aa-8434-00a2fe1f70b8/1769040000.0_mean_300.0_v3" "tx66e351f3b6f143c0b0f28-0069733d77" "object-server 24" 0.0008 "-" 23 0
Jan 23 09:20:55 standalone object-server[122390]: 172.20.0.100 - - [23/Jan/2026:09:20:55 +0000] "PUT /d1/640/AUTH_b69aaac60a1f4086beb1095a89d0a0d3/gnocchi.0789ea99-f996-41aa-8434-00a2fe1f70b8/1769040000.0_mean_300.0_v3" 201 - "PUT http://localhost:8080/v1/AUTH_b69aaac60a1f4086beb1095a89d0a0d3/gnocchi.0789ea99-f996-41aa-8434-00a2fe1f70b8/1769040000.0_mean_300.0_v3" "tx66e351f3b6f143c0b0f28-0069733d77" "proxy-server 21" 0.0095 "-" 24 0
Jan 23 09:20:55 standalone proxy-server[123987]: 172.18.0.2 ::1 23/Jan/2026/09/20/55 PUT /v1/AUTH_b69aaac60a1f4086beb1095a89d0a0d3/gnocchi.0789ea99-f996-41aa-8434-00a2fe1f70b8/1769040000.0_mean_300.0_v3 HTTP/1.0 201 - python-swiftclient-3.11.1 gAAAAABpczyvUCaU... 16 - - tx66e351f3b6f143c0b0f28-0069733d77 - 0.0144 - - 1769160055.117814302 1769160055.132206440 0
Jan 23 09:20:55 standalone container-server[122217]: 172.20.0.100 - - [23/Jan/2026:09:20:55 +0000] "PUT /d1/293/AUTH_b69aaac60a1f4086beb1095a89d0a0d3/gnocchi.73c42802-d811-4069-86e3-31cdde5eadb8/1769040000.0_mean_300.0_v3" 201 - "PUT http://localhost:8080/d1/424/AUTH_b69aaac60a1f4086beb1095a89d0a0d3/gnocchi.73c42802-d811-4069-86e3-31cdde5eadb8/1769040000.0_mean_300.0_v3" "txb099e68046ba4a12a7d90-0069733d77" "object-server 23" 0.0007 "-" 23 0
Jan 23 09:20:55 standalone object-server[122389]: 172.20.0.100 - - [23/Jan/2026:09:20:55 +0000] "PUT /d1/424/AUTH_b69aaac60a1f4086beb1095a89d0a0d3/gnocchi.73c42802-d811-4069-86e3-31cdde5eadb8/1769040000.0_mean_300.0_v3" 201 - "PUT http://localhost:8080/v1/AUTH_b69aaac60a1f4086beb1095a89d0a0d3/gnocchi.73c42802-d811-4069-86e3-31cdde5eadb8/1769040000.0_mean_300.0_v3" "txb099e68046ba4a12a7d90-0069733d77" "proxy-server 21" 0.0093 "-" 23 0
Jan 23 09:20:55 standalone proxy-server[123987]: 172.18.0.2 ::1 23/Jan/2026/09/20/55 PUT /v1/AUTH_b69aaac60a1f4086beb1095a89d0a0d3/gnocchi.73c42802-d811-4069-86e3-31cdde5eadb8/1769040000.0_mean_300.0_v3 HTTP/1.0 201 - python-swiftclient-3.11.1 gAAAAABpczyvUCaU... 16 - - txb099e68046ba4a12a7d90-0069733d77 - 0.0145 - - 1769160055.134947300 1769160055.149438620 0
Jan 23 09:20:55 standalone container-server[122204]: 172.20.0.100 - - [23/Jan/2026:09:20:55 +0000] "PUT /d1/748/AUTH_b69aaac60a1f4086beb1095a89d0a0d3/gnocchi.0789ea99-f996-41aa-8434-00a2fe1f70b8/none_v3" 201 - "PUT http://localhost:8080/d1/217/AUTH_b69aaac60a1f4086beb1095a89d0a0d3/gnocchi.0789ea99-f996-41aa-8434-00a2fe1f70b8/none_v3" "tx8b09e4a7897c4cda823bd-0069733d77" "object-server 24" 0.0007 "-" 22 0
Jan 23 09:20:55 standalone object-server[122390]: 172.20.0.100 - - [23/Jan/2026:09:20:55 +0000] "PUT /d1/217/AUTH_b69aaac60a1f4086beb1095a89d0a0d3/gnocchi.0789ea99-f996-41aa-8434-00a2fe1f70b8/none_v3" 201 - "PUT http://localhost:8080/v1/AUTH_b69aaac60a1f4086beb1095a89d0a0d3/gnocchi.0789ea99-f996-41aa-8434-00a2fe1f70b8/none_v3" "tx8b09e4a7897c4cda823bd-0069733d77" "proxy-server 21" 0.0097 "-" 24 0
Jan 23 09:20:55 standalone proxy-server[123987]: 172.18.0.2 ::1 23/Jan/2026/09/20/55 PUT /v1/AUTH_b69aaac60a1f4086beb1095a89d0a0d3/gnocchi.0789ea99-f996-41aa-8434-00a2fe1f70b8/none_v3 HTTP/1.0 201 - python-swiftclient-3.11.1 gAAAAABpczyvUCaU... 22 - - tx8b09e4a7897c4cda823bd-0069733d77 - 0.0139 - - 1769160055.152283430 1769160055.166170120 0
Jan 23 09:20:55 standalone container-server[122200]: 172.20.0.100 - - [23/Jan/2026:09:20:55 +0000] "PUT /d1/293/AUTH_b69aaac60a1f4086beb1095a89d0a0d3/gnocchi.73c42802-d811-4069-86e3-31cdde5eadb8/none_v3" 201 - "PUT http://localhost:8080/d1/478/AUTH_b69aaac60a1f4086beb1095a89d0a0d3/gnocchi.73c42802-d811-4069-86e3-31cdde5eadb8/none_v3" "tx748d7dd0ff4c488196e1a-0069733d77" "object-server 23" 0.0005 "-" 21 0
Jan 23 09:20:55 standalone object-server[122389]: 172.20.0.100 - - [23/Jan/2026:09:20:55 +0000] "PUT /d1/478/AUTH_b69aaac60a1f4086beb1095a89d0a0d3/gnocchi.73c42802-d811-4069-86e3-31cdde5eadb8/none_v3" 201 - "PUT http://localhost:8080/v1/AUTH_b69aaac60a1f4086beb1095a89d0a0d3/gnocchi.73c42802-d811-4069-86e3-31cdde5eadb8/none_v3" "tx748d7dd0ff4c488196e1a-0069733d77" "proxy-server 21" 0.0091 "-" 23 0
Jan 23 09:20:55 standalone proxy-server[123987]: 172.18.0.2 ::1 23/Jan/2026/09/20/55 PUT /v1/AUTH_b69aaac60a1f4086beb1095a89d0a0d3/gnocchi.73c42802-d811-4069-86e3-31cdde5eadb8/none_v3 HTTP/1.0 201 - python-swiftclient-3.11.1 gAAAAABpczyvUCaU... 22 - - tx748d7dd0ff4c488196e1a-0069733d77 - 0.0142 - - 1769160055.168564558 1769160055.182781219 0
Jan 23 09:20:55 standalone container-server[122200]: 172.20.0.100 - - [23/Jan/2026:09:20:55 +0000] "HEAD /d1/440/AUTH_b69aaac60a1f4086beb1095a89d0a0d3/gnocchi.ff29643e-7515-4d4f-9b21-dfed1a70a526" 404 - "HEAD http://localhost:8080/v1/AUTH_b69aaac60a1f4086beb1095a89d0a0d3/gnocchi.ff29643e-7515-4d4f-9b21-dfed1a70a526?format=json&states=listing" "tx262e993740864b1198830-0069733d77" "proxy-server 21" 0.0003 "-" 21 0
Jan 23 09:20:55 standalone object-server[122390]: 172.20.0.100 - - [23/Jan/2026:09:20:55 +0000] "GET /d1/673/AUTH_b69aaac60a1f4086beb1095a89d0a0d3/gnocchi.ff29643e-7515-4d4f-9b21-dfed1a70a526/none_v3" 404 70 "GET http://localhost:8080/v1/AUTH_b69aaac60a1f4086beb1095a89d0a0d3/gnocchi.ff29643e-7515-4d4f-9b21-dfed1a70a526/none_v3" "tx262e993740864b1198830-0069733d77" "proxy-server 21" 0.0003 "-" 24 0
Jan 23 09:20:55 standalone proxy-server[123987]: 172.18.0.2 ::1 23/Jan/2026/09/20/55 GET /v1/AUTH_b69aaac60a1f4086beb1095a89d0a0d3/gnocchi.ff29643e-7515-4d4f-9b21-dfed1a70a526/none_v3 HTTP/1.0 404 - python-swiftclient-3.11.1 gAAAAABpczyvUCaU... - 70 - tx262e993740864b1198830-0069733d77 - 0.0076 - - 1769160055.191651583 1769160055.199300528 0
Jan 23 09:20:55 standalone account-server[122105]: 172.20.0.100 - - [23/Jan/2026:09:20:55 +0000] "PUT /d1/231/AUTH_b69aaac60a1f4086beb1095a89d0a0d3/gnocchi.ff29643e-7515-4d4f-9b21-dfed1a70a526" 201 - "PUT http://172.20.0.100:6001/d1/440/AUTH_b69aaac60a1f4086beb1095a89d0a0d3/gnocchi.ff29643e-7515-4d4f-9b21-dfed1a70a526" "txe20def4593e2454dab014-0069733d77" "container-server 20" 0.0062 "-" 15 0
Jan 23 09:20:55 standalone container-server[122194]: 172.20.0.100 - - [23/Jan/2026:09:20:55 +0000] "PUT /d1/440/AUTH_b69aaac60a1f4086beb1095a89d0a0d3/gnocchi.ff29643e-7515-4d4f-9b21-dfed1a70a526" 201 - "PUT http://localhost:8080/v1/AUTH_b69aaac60a1f4086beb1095a89d0a0d3/gnocchi.ff29643e-7515-4d4f-9b21-dfed1a70a526" "txe20def4593e2454dab014-0069733d77" "proxy-server 21" 0.0224 "-" 20 0
Jan 23 09:20:55 standalone proxy-server[123987]: 172.18.0.2 ::1 23/Jan/2026/09/20/55 PUT /v1/AUTH_b69aaac60a1f4086beb1095a89d0a0d3/gnocchi.ff29643e-7515-4d4f-9b21-dfed1a70a526 HTTP/1.0 201 - python-swiftclient-3.11.1 gAAAAABpczyvUCaU... - - - txe20def4593e2454dab014-0069733d77 - 0.0279 - - 1769160055.201852083 1769160055.229790449 0
Jan 23 09:20:55 standalone container-server[122194]: 172.20.0.100 - - [23/Jan/2026:09:20:55 +0000] "HEAD /d1/440/AUTH_b69aaac60a1f4086beb1095a89d0a0d3/gnocchi.ff29643e-7515-4d4f-9b21-dfed1a70a526" 204 - "HEAD http://localhost:8080/v1/AUTH_b69aaac60a1f4086beb1095a89d0a0d3/gnocchi.ff29643e-7515-4d4f-9b21-dfed1a70a526?format=json&states=listing" "tx7e271e9fa7f24d649e77e-0069733d77" "proxy-server 21" 0.0020 "-" 20 0
Jan 23 09:20:55 standalone proxy-server[123987]: - - 23/Jan/2026/09/20/55 HEAD /v1/AUTH_b69aaac60a1f4086beb1095a89d0a0d3/gnocchi.ff29643e-7515-4d4f-9b21-dfed1a70a526%3Fformat%3Djson%26states%3Dlisting HTTP/1.0 204 - Swift - - - - tx7e271e9fa7f24d649e77e-0069733d77 - 0.0053 RL - 1769160055.234193325 1769160055.239452362 0
Jan 23 09:20:55 standalone container-server[122200]: 172.20.0.100 - - [23/Jan/2026:09:20:55 +0000] "GET /d1/440/AUTH_b69aaac60a1f4086beb1095a89d0a0d3/gnocchi.ff29643e-7515-4d4f-9b21-dfed1a70a526" 200 2 "GET http://localhost:8080/v1/AUTH_b69aaac60a1f4086beb1095a89d0a0d3/gnocchi.ff29643e-7515-4d4f-9b21-dfed1a70a526?format=json&states=listing" "tx7e271e9fa7f24d649e77e-0069733d77" "proxy-server 21" 0.0017 "-" 21 0
Jan 23 09:20:55 standalone proxy-server[123987]: 172.18.0.2 ::1 23/Jan/2026/09/20/55 GET /v1/AUTH_b69aaac60a1f4086beb1095a89d0a0d3/gnocchi.ff29643e-7515-4d4f-9b21-dfed1a70a526%3Fformat%3Djson%26states%3Dlisting HTTP/1.0 200 - python-swiftclient-3.11.1 gAAAAABpczyvUCaU... - 2 - tx7e271e9fa7f24d649e77e-0069733d77 - 0.0126 - - 1769160055.233363152 1769160055.245925426 0
Jan 23 09:20:55 standalone object-server[122391]: 172.20.0.100 - - [23/Jan/2026:09:20:55 +0000] "GET /d1/239/AUTH_b69aaac60a1f4086beb1095a89d0a0d3/gnocchi.ff29643e-7515-4d4f-9b21-dfed1a70a526/1769040000.0_mean_300.0_v3" 404 70 "GET http://localhost:8080/v1/AUTH_b69aaac60a1f4086beb1095a89d0a0d3/gnocchi.ff29643e-7515-4d4f-9b21-dfed1a70a526/1769040000.0_mean_300.0_v3" "txe7cbc99ffff74ff181142-0069733d77" "proxy-server 21" 0.0003 "-" 25 0
Jan 23 09:20:55 standalone proxy-server[123987]: 172.18.0.2 ::1 23/Jan/2026/09/20/55 GET /v1/AUTH_b69aaac60a1f4086beb1095a89d0a0d3/gnocchi.ff29643e-7515-4d4f-9b21-dfed1a70a526/1769040000.0_mean_300.0_v3 HTTP/1.0 404 - python-swiftclient-3.11.1 gAAAAABpczyvUCaU... - 70 - txe7cbc99ffff74ff181142-0069733d77 - 0.0042 - - 1769160055.248998642 1769160055.253155470 0
Jan 23 09:20:55 standalone container-server[122194]: 172.20.0.100 - - [23/Jan/2026:09:20:55 +0000] "PUT /d1/440/AUTH_b69aaac60a1f4086beb1095a89d0a0d3/gnocchi.ff29643e-7515-4d4f-9b21-dfed1a70a526/1769040000.0_mean_300.0_v3" 201 - "PUT http://localhost:8080/d1/239/AUTH_b69aaac60a1f4086beb1095a89d0a0d3/gnocchi.ff29643e-7515-4d4f-9b21-dfed1a70a526/1769040000.0_mean_300.0_v3" "txb1f7c517917447f0b633f-0069733d77" "object-server 22" 0.0007 "-" 20 0
Jan 23 09:20:55 standalone object-server[122386]: 172.20.0.100 - - [23/Jan/2026:09:20:55 +0000] "PUT /d1/239/AUTH_b69aaac60a1f4086beb1095a89d0a0d3/gnocchi.ff29643e-7515-4d4f-9b21-dfed1a70a526/1769040000.0_mean_300.0_v3" 201 - "PUT http://localhost:8080/v1/AUTH_b69aaac60a1f4086beb1095a89d0a0d3/gnocchi.ff29643e-7515-4d4f-9b21-dfed1a70a526/1769040000.0_mean_300.0_v3" "txb1f7c517917447f0b633f-0069733d77" "proxy-server 21" 0.0091 "-" 22 0
Jan 23 09:20:55 standalone proxy-server[123987]: 172.18.0.2 ::1 23/Jan/2026/09/20/55 PUT /v1/AUTH_b69aaac60a1f4086beb1095a89d0a0d3/gnocchi.ff29643e-7515-4d4f-9b21-dfed1a70a526/1769040000.0_mean_300.0_v3 HTTP/1.0 201 - python-swiftclient-3.11.1 gAAAAABpczyvUCaU... 16 - - txb1f7c517917447f0b633f-0069733d77 - 0.0134 - - 1769160055.255624771 1769160055.269004583 0
Jan 23 09:20:55 standalone container-server[122204]: 172.20.0.100 - - [23/Jan/2026:09:20:55 +0000] "PUT /d1/440/AUTH_b69aaac60a1f4086beb1095a89d0a0d3/gnocchi.ff29643e-7515-4d4f-9b21-dfed1a70a526/none_v3" 201 - "PUT http://localhost:8080/d1/673/AUTH_b69aaac60a1f4086beb1095a89d0a0d3/gnocchi.ff29643e-7515-4d4f-9b21-dfed1a70a526/none_v3" "txb86031463bf646b1b168f-0069733d77" "object-server 22" 0.0012 "-" 22 0
Jan 23 09:20:55 standalone object-server[122386]: 172.20.0.100 - - [23/Jan/2026:09:20:55 +0000] "PUT /d1/673/AUTH_b69aaac60a1f4086beb1095a89d0a0d3/gnocchi.ff29643e-7515-4d4f-9b21-dfed1a70a526/none_v3" 201 - "PUT http://localhost:8080/v1/AUTH_b69aaac60a1f4086beb1095a89d0a0d3/gnocchi.ff29643e-7515-4d4f-9b21-dfed1a70a526/none_v3" "txb86031463bf646b1b168f-0069733d77" "proxy-server 21" 0.0109 "-" 22 0
Jan 23 09:20:55 standalone proxy-server[123987]: 172.18.0.2 ::1 23/Jan/2026/09/20/55 PUT /v1/AUTH_b69aaac60a1f4086beb1095a89d0a0d3/gnocchi.ff29643e-7515-4d4f-9b21-dfed1a70a526/none_v3 HTTP/1.0 201 - python-swiftclient-3.11.1 gAAAAABpczyvUCaU... 22 - - txb86031463bf646b1b168f-0069733d77 - 0.0155 - - 1769160055.271647692 1769160055.287110806 0
Jan 23 09:20:55 standalone container-server[122200]: 172.20.0.100 - - [23/Jan/2026:09:20:55 +0000] "HEAD /d1/121/AUTH_b69aaac60a1f4086beb1095a89d0a0d3/gnocchi.41949967-ec85-449c-b252-ff573f6f6561" 404 - "HEAD http://localhost:8080/v1/AUTH_b69aaac60a1f4086beb1095a89d0a0d3/gnocchi.41949967-ec85-449c-b252-ff573f6f6561?format=json&states=listing" "txf9deb5fb9805432f917cd-0069733d77" "proxy-server 21" 0.0003 "-" 21 0
Jan 23 09:20:55 standalone object-server[122386]: 172.20.0.100 - - [23/Jan/2026:09:20:55 +0000] "GET /d1/844/AUTH_b69aaac60a1f4086beb1095a89d0a0d3/gnocchi.41949967-ec85-449c-b252-ff573f6f6561/none_v3" 404 70 "GET http://localhost:8080/v1/AUTH_b69aaac60a1f4086beb1095a89d0a0d3/gnocchi.41949967-ec85-449c-b252-ff573f6f6561/none_v3" "txf9deb5fb9805432f917cd-0069733d77" "proxy-server 21" 0.0004 "-" 22 0
Jan 23 09:20:55 standalone proxy-server[123987]: 172.18.0.2 ::1 23/Jan/2026/09/20/55 GET /v1/AUTH_b69aaac60a1f4086beb1095a89d0a0d3/gnocchi.41949967-ec85-449c-b252-ff573f6f6561/none_v3 HTTP/1.0 404 - python-swiftclient-3.11.1 gAAAAABpczyvUCaU... - 70 - txf9deb5fb9805432f917cd-0069733d77 - 0.0084 - - 1769160055.295690536 1769160055.304048061 0
Jan 23 09:20:55 standalone account-server[122114]: 172.20.0.100 - - [23/Jan/2026:09:20:55 +0000] "PUT /d1/231/AUTH_b69aaac60a1f4086beb1095a89d0a0d3/gnocchi.41949967-ec85-449c-b252-ff573f6f6561" 201 - "PUT http://172.20.0.100:6001/d1/121/AUTH_b69aaac60a1f4086beb1095a89d0a0d3/gnocchi.41949967-ec85-449c-b252-ff573f6f6561" "txcec8955710c1401686600-0069733d77" "container-server 22" 0.0058 "-" 17 0
Jan 23 09:20:55 standalone container-server[122204]: 172.20.0.100 - - [23/Jan/2026:09:20:55 +0000] "PUT /d1/121/AUTH_b69aaac60a1f4086beb1095a89d0a0d3/gnocchi.41949967-ec85-449c-b252-ff573f6f6561" 201 - "PUT http://localhost:8080/v1/AUTH_b69aaac60a1f4086beb1095a89d0a0d3/gnocchi.41949967-ec85-449c-b252-ff573f6f6561" "txcec8955710c1401686600-0069733d77" "proxy-server 21" 0.0193 "-" 22 0
Jan 23 09:20:55 standalone proxy-server[123987]: 172.18.0.2 ::1 23/Jan/2026/09/20/55 PUT /v1/AUTH_b69aaac60a1f4086beb1095a89d0a0d3/gnocchi.41949967-ec85-449c-b252-ff573f6f6561 HTTP/1.0 201 - python-swiftclient-3.11.1 gAAAAABpczyvUCaU... - - - txcec8955710c1401686600-0069733d77 - 0.0234 - - 1769160055.306807756 1769160055.330183029 0
Jan 23 09:20:55 standalone container-server[122200]: 172.20.0.100 - - [23/Jan/2026:09:20:55 +0000] "HEAD /d1/121/AUTH_b69aaac60a1f4086beb1095a89d0a0d3/gnocchi.41949967-ec85-449c-b252-ff573f6f6561" 204 - "HEAD http://localhost:8080/v1/AUTH_b69aaac60a1f4086beb1095a89d0a0d3/gnocchi.41949967-ec85-449c-b252-ff573f6f6561?format=json&states=listing" "txe23961d5ef67427ca7fc9-0069733d77" "proxy-server 21" 0.0011 "-" 21 0
Jan 23 09:20:55 standalone proxy-server[123987]: - - 23/Jan/2026/09/20/55 HEAD /v1/AUTH_b69aaac60a1f4086beb1095a89d0a0d3/gnocchi.41949967-ec85-449c-b252-ff573f6f6561%3Fformat%3Djson%26states%3Dlisting HTTP/1.0 204 - Swift - - - - txe23961d5ef67427ca7fc9-0069733d77 - 0.0036 RL - 1769160055.333846807 1769160055.337411642 0
Jan 23 09:20:55 standalone container-server[122204]: 172.20.0.100 - - [23/Jan/2026:09:20:55 +0000] "GET /d1/121/AUTH_b69aaac60a1f4086beb1095a89d0a0d3/gnocchi.41949967-ec85-449c-b252-ff573f6f6561" 200 2 "GET http://localhost:8080/v1/AUTH_b69aaac60a1f4086beb1095a89d0a0d3/gnocchi.41949967-ec85-449c-b252-ff573f6f6561?format=json&states=listing" "txe23961d5ef67427ca7fc9-0069733d77" "proxy-server 21" 0.0016 "-" 22 0
Jan 23 09:20:55 standalone proxy-server[123987]: 172.18.0.2 ::1 23/Jan/2026/09/20/55 GET /v1/AUTH_b69aaac60a1f4086beb1095a89d0a0d3/gnocchi.41949967-ec85-449c-b252-ff573f6f6561%3Fformat%3Djson%26states%3Dlisting HTTP/1.0 200 - python-swiftclient-3.11.1 gAAAAABpczyvUCaU... - 2 - txe23961d5ef67427ca7fc9-0069733d77 - 0.0102 - - 1769160055.332978487 1769160055.343155384 0
Jan 23 09:20:55 standalone object-server[122389]: 172.20.0.100 - - [23/Jan/2026:09:20:55 +0000] "GET /d1/524/AUTH_b69aaac60a1f4086beb1095a89d0a0d3/gnocchi.41949967-ec85-449c-b252-ff573f6f6561/1769040000.0_mean_300.0_v3" 404 70 "GET http://localhost:8080/v1/AUTH_b69aaac60a1f4086beb1095a89d0a0d3/gnocchi.41949967-ec85-449c-b252-ff573f6f6561/1769040000.0_mean_300.0_v3" "txb31a3fd87c5341efba2cf-0069733d77" "proxy-server 21" 0.0005 "-" 23 0
Jan 23 09:20:55 standalone proxy-server[123987]: 172.18.0.2 ::1 23/Jan/2026/09/20/55 GET /v1/AUTH_b69aaac60a1f4086beb1095a89d0a0d3/gnocchi.41949967-ec85-449c-b252-ff573f6f6561/1769040000.0_mean_300.0_v3 HTTP/1.0 404 - python-swiftclient-3.11.1 gAAAAABpczyvUCaU... - 70 - txb31a3fd87c5341efba2cf-0069733d77 - 0.0052 - - 1769160055.345967293 1769160055.351206303 0
Jan 23 09:20:55 standalone container-server[122204]: 172.20.0.100 - - [23/Jan/2026:09:20:55 +0000] "PUT /d1/121/AUTH_b69aaac60a1f4086beb1095a89d0a0d3/gnocchi.41949967-ec85-449c-b252-ff573f6f6561/1769040000.0_mean_300.0_v3" 201 - "PUT http://localhost:8080/d1/524/AUTH_b69aaac60a1f4086beb1095a89d0a0d3/gnocchi.41949967-ec85-449c-b252-ff573f6f6561/1769040000.0_mean_300.0_v3" "tx8f934f5b5d7841b0babd9-0069733d77" "object-server 23" 0.0005 "-" 22 0
Jan 23 09:20:55 standalone object-server[122389]: 172.20.0.100 - - [23/Jan/2026:09:20:55 +0000] "PUT /d1/524/AUTH_b69aaac60a1f4086beb1095a89d0a0d3/gnocchi.41949967-ec85-449c-b252-ff573f6f6561/1769040000.0_mean_300.0_v3" 201 - "PUT http://localhost:8080/v1/AUTH_b69aaac60a1f4086beb1095a89d0a0d3/gnocchi.41949967-ec85-449c-b252-ff573f6f6561/1769040000.0_mean_300.0_v3" "tx8f934f5b5d7841b0babd9-0069733d77" "proxy-server 21" 0.0098 "-" 23 0
Jan 23 09:20:55 standalone proxy-server[123987]: 172.18.0.2 ::1 23/Jan/2026/09/20/55 PUT /v1/AUTH_b69aaac60a1f4086beb1095a89d0a0d3/gnocchi.41949967-ec85-449c-b252-ff573f6f6561/1769040000.0_mean_300.0_v3 HTTP/1.0 201 - python-swiftclient-3.11.1 gAAAAABpczyvUCaU... 16 - - tx8f934f5b5d7841b0babd9-0069733d77 - 0.0148 - - 1769160055.353594065 1769160055.368410110 0
Jan 23 09:20:55 standalone container-server[122204]: 172.20.0.100 - - [23/Jan/2026:09:20:55 +0000] "PUT /d1/121/AUTH_b69aaac60a1f4086beb1095a89d0a0d3/gnocchi.41949967-ec85-449c-b252-ff573f6f6561/none_v3" 201 - "PUT http://localhost:8080/d1/844/AUTH_b69aaac60a1f4086beb1095a89d0a0d3/gnocchi.41949967-ec85-449c-b252-ff573f6f6561/none_v3" "tx29a6e355118c4c34a193d-0069733d77" "object-server 22" 0.0009 "-" 22 0
Jan 23 09:20:55 standalone object-server[122386]: 172.20.0.100 - - [23/Jan/2026:09:20:55 +0000] "PUT /d1/844/AUTH_b69aaac60a1f4086beb1095a89d0a0d3/gnocchi.41949967-ec85-449c-b252-ff573f6f6561/none_v3" 201 - "PUT http://localhost:8080/v1/AUTH_b69aaac60a1f4086beb1095a89d0a0d3/gnocchi.41949967-ec85-449c-b252-ff573f6f6561/none_v3" "tx29a6e355118c4c34a193d-0069733d77" "proxy-server 21" 0.0129 "-" 22 0
Jan 23 09:20:55 standalone proxy-server[123987]: 172.18.0.2 ::1 23/Jan/2026/09/20/55 PUT /v1/AUTH_b69aaac60a1f4086beb1095a89d0a0d3/gnocchi.41949967-ec85-449c-b252-ff573f6f6561/none_v3 HTTP/1.0 201 - python-swiftclient-3.11.1 gAAAAABpczyvUCaU... 22 - - tx29a6e355118c4c34a193d-0069733d77 - 0.0179 - - 1769160055.371062040 1769160055.388990164 0
Jan 23 09:20:55 standalone container-server[122200]: 172.20.0.100 - - [23/Jan/2026:09:20:55 +0000] "HEAD /d1/770/AUTH_b69aaac60a1f4086beb1095a89d0a0d3/gnocchi.262159e8-7277-4e3b-a980-c65721381e5b" 404 - "HEAD http://localhost:8080/v1/AUTH_b69aaac60a1f4086beb1095a89d0a0d3/gnocchi.262159e8-7277-4e3b-a980-c65721381e5b?format=json&states=listing" "tx294b608fe40d40708eae7-0069733d77" "proxy-server 21" 0.0005 "-" 21 0
Jan 23 09:20:55 standalone object-server[122390]: 172.20.0.100 - - [23/Jan/2026:09:20:55 +0000] "GET /d1/200/AUTH_b69aaac60a1f4086beb1095a89d0a0d3/gnocchi.262159e8-7277-4e3b-a980-c65721381e5b/none_v3" 404 70 "GET http://localhost:8080/v1/AUTH_b69aaac60a1f4086beb1095a89d0a0d3/gnocchi.262159e8-7277-4e3b-a980-c65721381e5b/none_v3" "tx294b608fe40d40708eae7-0069733d77" "proxy-server 21" 0.0005 "-" 24 0
Jan 23 09:20:55 standalone proxy-server[123987]: 172.18.0.2 ::1 23/Jan/2026/09/20/55 GET /v1/AUTH_b69aaac60a1f4086beb1095a89d0a0d3/gnocchi.262159e8-7277-4e3b-a980-c65721381e5b/none_v3 HTTP/1.0 404 - python-swiftclient-3.11.1 gAAAAABpczyvUCaU... - 70 - tx294b608fe40d40708eae7-0069733d77 - 0.0090 - - 1769160055.404972792 1769160055.414022446 0
Jan 23 09:20:55 standalone account-server[122114]: 172.20.0.100 - - [23/Jan/2026:09:20:55 +0000] "PUT /d1/231/AUTH_b69aaac60a1f4086beb1095a89d0a0d3/gnocchi.262159e8-7277-4e3b-a980-c65721381e5b" 201 - "PUT http://172.20.0.100:6001/d1/770/AUTH_b69aaac60a1f4086beb1095a89d0a0d3/gnocchi.262159e8-7277-4e3b-a980-c65721381e5b" "tx28eaaa76a34842eeafef4-0069733d77" "container-server 22" 0.0062 "-" 17 0
Jan 23 09:20:55 standalone container-server[122204]: 172.20.0.100 - - [23/Jan/2026:09:20:55 +0000] "PUT /d1/770/AUTH_b69aaac60a1f4086beb1095a89d0a0d3/gnocchi.262159e8-7277-4e3b-a980-c65721381e5b" 201 - "PUT http://localhost:8080/v1/AUTH_b69aaac60a1f4086beb1095a89d0a0d3/gnocchi.262159e8-7277-4e3b-a980-c65721381e5b" "tx28eaaa76a34842eeafef4-0069733d77" "proxy-server 21" 0.0190 "-" 22 0
Jan 23 09:20:55 standalone proxy-server[123987]: 172.18.0.2 ::1 23/Jan/2026/09/20/55 PUT /v1/AUTH_b69aaac60a1f4086beb1095a89d0a0d3/gnocchi.262159e8-7277-4e3b-a980-c65721381e5b HTTP/1.0 201 - python-swiftclient-3.11.1 gAAAAABpczyvUCaU... - - - tx28eaaa76a34842eeafef4-0069733d77 - 0.0238 - - 1769160055.417755365 1769160055.441521406 0
Jan 23 09:20:55 standalone container-server[122194]: 172.20.0.100 - - [23/Jan/2026:09:20:55 +0000] "HEAD /d1/770/AUTH_b69aaac60a1f4086beb1095a89d0a0d3/gnocchi.262159e8-7277-4e3b-a980-c65721381e5b" 204 - "HEAD http://localhost:8080/v1/AUTH_b69aaac60a1f4086beb1095a89d0a0d3/gnocchi.262159e8-7277-4e3b-a980-c65721381e5b?format=json&states=listing" "txffaad073ceaf4524b305d-0069733d77" "proxy-server 21" 0.0021 "-" 20 0
Jan 23 09:20:55 standalone proxy-server[123987]: - - 23/Jan/2026/09/20/55 HEAD /v1/AUTH_b69aaac60a1f4086beb1095a89d0a0d3/gnocchi.262159e8-7277-4e3b-a980-c65721381e5b%3Fformat%3Djson%26states%3Dlisting HTTP/1.0 204 - Swift - - - - txffaad073ceaf4524b305d-0069733d77 - 0.0056 RL - 1769160055.447995901 1769160055.453566551 0
Jan 23 09:20:55 standalone container-server[122200]: 172.20.0.100 - - [23/Jan/2026:09:20:55 +0000] "GET /d1/770/AUTH_b69aaac60a1f4086beb1095a89d0a0d3/gnocchi.262159e8-7277-4e3b-a980-c65721381e5b" 200 2 "GET http://localhost:8080/v1/AUTH_b69aaac60a1f4086beb1095a89d0a0d3/gnocchi.262159e8-7277-4e3b-a980-c65721381e5b?format=json&states=listing" "txffaad073ceaf4524b305d-0069733d77" "proxy-server 21" 0.0040 "-" 21 0
Jan 23 09:20:55 standalone proxy-server[123987]: 172.18.0.2 ::1 23/Jan/2026/09/20/55 GET /v1/AUTH_b69aaac60a1f4086beb1095a89d0a0d3/gnocchi.262159e8-7277-4e3b-a980-c65721381e5b%3Fformat%3Djson%26states%3Dlisting HTTP/1.0 200 - python-swiftclient-3.11.1 gAAAAABpczyvUCaU... - 2 - txffaad073ceaf4524b305d-0069733d77 - 0.0160 - - 1769160055.447021484 1769160055.462978601 0
Jan 23 09:20:55 standalone object-server[122390]: 172.20.0.100 - - [23/Jan/2026:09:20:55 +0000] "GET /d1/724/AUTH_b69aaac60a1f4086beb1095a89d0a0d3/gnocchi.262159e8-7277-4e3b-a980-c65721381e5b/1769040000.0_mean_300.0_v3" 404 70 "GET http://localhost:8080/v1/AUTH_b69aaac60a1f4086beb1095a89d0a0d3/gnocchi.262159e8-7277-4e3b-a980-c65721381e5b/1769040000.0_mean_300.0_v3" "txb0518a3709a843d98af29-0069733d77" "proxy-server 21" 0.0005 "-" 24 0
Jan 23 09:20:55 standalone proxy-server[123987]: 172.18.0.2 ::1 23/Jan/2026/09/20/55 GET /v1/AUTH_b69aaac60a1f4086beb1095a89d0a0d3/gnocchi.262159e8-7277-4e3b-a980-c65721381e5b/1769040000.0_mean_300.0_v3 HTTP/1.0 404 - python-swiftclient-3.11.1 gAAAAABpczyvUCaU... - 70 - txb0518a3709a843d98af29-0069733d77 - 0.0069 - - 1769160055.468085051 1769160055.475023031 0
Jan 23 09:20:55 standalone container-server[122217]: 172.20.0.100 - - [23/Jan/2026:09:20:55 +0000] "PUT /d1/770/AUTH_b69aaac60a1f4086beb1095a89d0a0d3/gnocchi.262159e8-7277-4e3b-a980-c65721381e5b/1769040000.0_mean_300.0_v3" 201 - "PUT http://localhost:8080/d1/724/AUTH_b69aaac60a1f4086beb1095a89d0a0d3/gnocchi.262159e8-7277-4e3b-a980-c65721381e5b/1769040000.0_mean_300.0_v3" "tx2c4b9fd849ab40df8b292-0069733d77" "object-server 25" 0.0008 "-" 23 0
Jan 23 09:20:55 standalone object-server[122391]: 172.20.0.100 - - [23/Jan/2026:09:20:55 +0000] "PUT /d1/724/AUTH_b69aaac60a1f4086beb1095a89d0a0d3/gnocchi.262159e8-7277-4e3b-a980-c65721381e5b/1769040000.0_mean_300.0_v3" 201 - "PUT http://localhost:8080/v1/AUTH_b69aaac60a1f4086beb1095a89d0a0d3/gnocchi.262159e8-7277-4e3b-a980-c65721381e5b/1769040000.0_mean_300.0_v3" "tx2c4b9fd849ab40df8b292-0069733d77" "proxy-server 21" 0.0119 "-" 25 0
Jan 23 09:20:55 standalone proxy-server[123987]: 172.18.0.2 ::1 23/Jan/2026/09/20/55 PUT /v1/AUTH_b69aaac60a1f4086beb1095a89d0a0d3/gnocchi.262159e8-7277-4e3b-a980-c65721381e5b/1769040000.0_mean_300.0_v3 HTTP/1.0 201 - python-swiftclient-3.11.1 gAAAAABpczyvUCaU... 16 - - tx2c4b9fd849ab40df8b292-0069733d77 - 0.0174 - - 1769160055.481147051 1769160055.498521566 0
Jan 23 09:20:55 standalone container-server[122204]: 172.20.0.100 - - [23/Jan/2026:09:20:55 +0000] "PUT /d1/770/AUTH_b69aaac60a1f4086beb1095a89d0a0d3/gnocchi.262159e8-7277-4e3b-a980-c65721381e5b/none_v3" 201 - "PUT http://localhost:8080/d1/200/AUTH_b69aaac60a1f4086beb1095a89d0a0d3/gnocchi.262159e8-7277-4e3b-a980-c65721381e5b/none_v3" "tx1c1aa389c971429589336-0069733d77" "object-server 24" 0.0008 "-" 22 0
