Jan 23 09:18:44 standalone container-server[122217]: 172.20.0.100 - - [23/Jan/2026:09:18:44 +0000] "PUT /d1/106/AUTH_b69aaac60a1f4086beb1095a89d0a0d3/gnocchi.2ce1649b-a61f-49a9-be94-89ffc97aa78b" 201 - "PUT http://localhost:8080/v1/AUTH_b69aaac60a1f4086beb1095a89d0a0d3/gnocchi.2ce1649b-a61f-49a9-be94-89ffc97aa78b" "txc1dcb0c0484c40fe9179e-0069733cf3" "proxy-server 21" 0.0298 "-" 23 0
Jan 23 09:18:44 standalone proxy-server[123987]: 172.18.0.2 ::1 23/Jan/2026/09/18/44 PUT /v1/AUTH_b69aaac60a1f4086beb1095a89d0a0d3/gnocchi.2ce1649b-a61f-49a9-be94-89ffc97aa78b HTTP/1.0 201 - python-swiftclient-3.11.1 gAAAAABpczyvUCaU... - - - txc1dcb0c0484c40fe9179e-0069733cf3 - 0.0401 - - 1769159923.969615459 1769159924.009689569 0
Jan 23 09:18:44 standalone container-server[122194]: 172.20.0.100 - - [23/Jan/2026:09:18:44 +0000] "HEAD /d1/106/AUTH_b69aaac60a1f4086beb1095a89d0a0d3/gnocchi.2ce1649b-a61f-49a9-be94-89ffc97aa78b" 204 - "HEAD http://localhost:8080/v1/AUTH_b69aaac60a1f4086beb1095a89d0a0d3/gnocchi.2ce1649b-a61f-49a9-be94-89ffc97aa78b?format=json&states=listing" "tx7fb373794e284573b43ac-0069733cf4" "proxy-server 21" 0.0031 "-" 20 0
Jan 23 09:18:44 standalone proxy-server[123987]: - - 23/Jan/2026/09/18/44 HEAD /v1/AUTH_b69aaac60a1f4086beb1095a89d0a0d3/gnocchi.2ce1649b-a61f-49a9-be94-89ffc97aa78b%3Fformat%3Djson%26states%3Dlisting HTTP/1.0 204 - Swift - - - - tx7fb373794e284573b43ac-0069733cf4 - 0.0133 RL - 1769159924.022109270 1769159924.035396814 0
Jan 23 09:18:44 standalone container-server[122194]: 172.20.0.100 - - [23/Jan/2026:09:18:44 +0000] "GET /d1/106/AUTH_b69aaac60a1f4086beb1095a89d0a0d3/gnocchi.2ce1649b-a61f-49a9-be94-89ffc97aa78b" 200 2 "GET http://localhost:8080/v1/AUTH_b69aaac60a1f4086beb1095a89d0a0d3/gnocchi.2ce1649b-a61f-49a9-be94-89ffc97aa78b?format=json&states=listing" "tx7fb373794e284573b43ac-0069733cf4" "proxy-server 21" 0.0054 "-" 20 0
Jan 23 09:18:44 standalone proxy-server[123987]: 172.18.0.2 ::1 23/Jan/2026/09/18/44 GET /v1/AUTH_b69aaac60a1f4086beb1095a89d0a0d3/gnocchi.2ce1649b-a61f-49a9-be94-89ffc97aa78b%3Fformat%3Djson%26states%3Dlisting HTTP/1.0 200 - python-swiftclient-3.11.1 gAAAAABpczyvUCaU... - 2 - tx7fb373794e284573b43ac-0069733cf4 - 0.0393 - - 1769159924.019349813 1769159924.058665037 0
Jan 23 09:18:44 standalone object-server[122391]: 172.20.0.100 - - [23/Jan/2026:09:18:44 +0000] "GET /d1/53/AUTH_b69aaac60a1f4086beb1095a89d0a0d3/gnocchi.2ce1649b-a61f-49a9-be94-89ffc97aa78b/1769040000.0_mean_300.0_v3" 404 70 "GET http://localhost:8080/v1/AUTH_b69aaac60a1f4086beb1095a89d0a0d3/gnocchi.2ce1649b-a61f-49a9-be94-89ffc97aa78b/1769040000.0_mean_300.0_v3" "txf058e371c961467b90467-0069733cf4" "proxy-server 21" 0.0018 "-" 25 0
Jan 23 09:18:44 standalone proxy-server[123987]: 172.18.0.2 ::1 23/Jan/2026/09/18/44 GET /v1/AUTH_b69aaac60a1f4086beb1095a89d0a0d3/gnocchi.2ce1649b-a61f-49a9-be94-89ffc97aa78b/1769040000.0_mean_300.0_v3 HTTP/1.0 404 - python-swiftclient-3.11.1 gAAAAABpczyvUCaU... - 70 - txf058e371c961467b90467-0069733cf4 - 0.0290 - - 1769159924.071095228 1769159924.100135088 0
Jan 23 09:18:44 standalone container-server[122217]: 172.20.0.100 - - [23/Jan/2026:09:18:44 +0000] "PUT /d1/106/AUTH_b69aaac60a1f4086beb1095a89d0a0d3/gnocchi.2ce1649b-a61f-49a9-be94-89ffc97aa78b/1769040000.0_mean_300.0_v3" 201 - "PUT http://localhost:8080/d1/53/AUTH_b69aaac60a1f4086beb1095a89d0a0d3/gnocchi.2ce1649b-a61f-49a9-be94-89ffc97aa78b/1769040000.0_mean_300.0_v3" "txc6af64c37b0e42c19b603-0069733cf4" "object-server 24" 0.0009 "-" 23 0
Jan 23 09:18:44 standalone object-server[122390]: 172.20.0.100 - - [23/Jan/2026:09:18:44 +0000] "PUT /d1/53/AUTH_b69aaac60a1f4086beb1095a89d0a0d3/gnocchi.2ce1649b-a61f-49a9-be94-89ffc97aa78b/1769040000.0_mean_300.0_v3" 201 - "PUT http://localhost:8080/v1/AUTH_b69aaac60a1f4086beb1095a89d0a0d3/gnocchi.2ce1649b-a61f-49a9-be94-89ffc97aa78b/1769040000.0_mean_300.0_v3" "txc6af64c37b0e42c19b603-0069733cf4" "proxy-server 21" 0.0161 "-" 24 0
Jan 23 09:18:44 standalone proxy-server[123987]: 172.18.0.2 ::1 23/Jan/2026/09/18/44 PUT /v1/AUTH_b69aaac60a1f4086beb1095a89d0a0d3/gnocchi.2ce1649b-a61f-49a9-be94-89ffc97aa78b/1769040000.0_mean_300.0_v3 HTTP/1.0 201 - python-swiftclient-3.11.1 gAAAAABpczyvUCaU... 16 - - txc6af64c37b0e42c19b603-0069733cf4 - 0.0335 - - 1769159924.111175060 1769159924.144708395 0
Jan 23 09:18:44 standalone container-server[122200]: 172.20.0.100 - - [23/Jan/2026:09:18:44 +0000] "PUT /d1/106/AUTH_b69aaac60a1f4086beb1095a89d0a0d3/gnocchi.2ce1649b-a61f-49a9-be94-89ffc97aa78b/none_v3" 201 - "PUT http://localhost:8080/d1/403/AUTH_b69aaac60a1f4086beb1095a89d0a0d3/gnocchi.2ce1649b-a61f-49a9-be94-89ffc97aa78b/none_v3" "tx70b08bdd2ca24cd28f1dc-0069733cf4" "object-server 23" 0.0007 "-" 21 0
Jan 23 09:18:44 standalone object-server[122389]: 172.20.0.100 - - [23/Jan/2026:09:18:44 +0000] "PUT /d1/403/AUTH_b69aaac60a1f4086beb1095a89d0a0d3/gnocchi.2ce1649b-a61f-49a9-be94-89ffc97aa78b/none_v3" 201 - "PUT http://localhost:8080/v1/AUTH_b69aaac60a1f4086beb1095a89d0a0d3/gnocchi.2ce1649b-a61f-49a9-be94-89ffc97aa78b/none_v3" "tx70b08bdd2ca24cd28f1dc-0069733cf4" "proxy-server 21" 0.0210 "-" 23 0
Jan 23 09:18:44 standalone proxy-server[123987]: 172.18.0.2 ::1 23/Jan/2026/09/18/44 PUT /v1/AUTH_b69aaac60a1f4086beb1095a89d0a0d3/gnocchi.2ce1649b-a61f-49a9-be94-89ffc97aa78b/none_v3 HTTP/1.0 201 - python-swiftclient-3.11.1 gAAAAABpczyvUCaU... 22 - - tx70b08bdd2ca24cd28f1dc-0069733cf4 - 0.0392 - - 1769159924.155950069 1769159924.195143700 0
Jan 23 09:18:44 standalone container-server[122194]: 172.20.0.100 - - [23/Jan/2026:09:18:44 +0000] "HEAD /d1/853/AUTH_b69aaac60a1f4086beb1095a89d0a0d3/gnocchi.d8bf80d3-e1b8-443e-9c85-1731f62c92cc" 404 - "HEAD http://localhost:8080/v1/AUTH_b69aaac60a1f4086beb1095a89d0a0d3/gnocchi.d8bf80d3-e1b8-443e-9c85-1731f62c92cc?format=json&states=listing" "tx28e21822f39443fb89e1f-0069733cf4" "proxy-server 21" 0.0007 "-" 20 0
Jan 23 09:18:44 standalone object-server[122391]: 172.20.0.100 - - [23/Jan/2026:09:18:44 +0000] "GET /d1/822/AUTH_b69aaac60a1f4086beb1095a89d0a0d3/gnocchi.d8bf80d3-e1b8-443e-9c85-1731f62c92cc/none_v3" 404 70 "GET http://localhost:8080/v1/AUTH_b69aaac60a1f4086beb1095a89d0a0d3/gnocchi.d8bf80d3-e1b8-443e-9c85-1731f62c92cc/none_v3" "tx28e21822f39443fb89e1f-0069733cf4" "proxy-server 21" 0.0003 "-" 25 0
Jan 23 09:18:44 standalone proxy-server[123987]: 172.18.0.2 ::1 23/Jan/2026/09/18/44 GET /v1/AUTH_b69aaac60a1f4086beb1095a89d0a0d3/gnocchi.d8bf80d3-e1b8-443e-9c85-1731f62c92cc/none_v3 HTTP/1.0 404 - python-swiftclient-3.11.1 gAAAAABpczyvUCaU... - 70 - tx28e21822f39443fb89e1f-0069733cf4 - 0.0137 - - 1769159924.218371630 1769159924.232055664 0
Jan 23 09:18:44 standalone account-server[122094]: 172.20.0.100 - - [23/Jan/2026:09:18:44 +0000] "PUT /d1/231/AUTH_b69aaac60a1f4086beb1095a89d0a0d3/gnocchi.d8bf80d3-e1b8-443e-9c85-1731f62c92cc" 201 - "PUT http://172.20.0.100:6001/d1/853/AUTH_b69aaac60a1f4086beb1095a89d0a0d3/gnocchi.d8bf80d3-e1b8-443e-9c85-1731f62c92cc" "tx3b0ec01d709c4916ba023-0069733cf4" "container-server 22" 0.0065 "-" 14 0
Jan 23 09:18:44 standalone container-server[122204]: 172.20.0.100 - - [23/Jan/2026:09:18:44 +0000] "PUT /d1/853/AUTH_b69aaac60a1f4086beb1095a89d0a0d3/gnocchi.d8bf80d3-e1b8-443e-9c85-1731f62c92cc" 201 - "PUT http://localhost:8080/v1/AUTH_b69aaac60a1f4086beb1095a89d0a0d3/gnocchi.d8bf80d3-e1b8-443e-9c85-1731f62c92cc" "tx3b0ec01d709c4916ba023-0069733cf4" "proxy-server 21" 0.0249 "-" 22 0
Jan 23 09:18:44 standalone proxy-server[123987]: 172.18.0.2 ::1 23/Jan/2026/09/18/44 PUT /v1/AUTH_b69aaac60a1f4086beb1095a89d0a0d3/gnocchi.d8bf80d3-e1b8-443e-9c85-1731f62c92cc HTTP/1.0 201 - python-swiftclient-3.11.1 gAAAAABpczyvUCaU... - - - tx3b0ec01d709c4916ba023-0069733cf4 - 0.0336 - - 1769159924.236692429 1769159924.270300388 0
Jan 23 09:18:44 standalone container-server[122217]: 172.20.0.100 - - [23/Jan/2026:09:18:44 +0000] "HEAD /d1/853/AUTH_b69aaac60a1f4086beb1095a89d0a0d3/gnocchi.d8bf80d3-e1b8-443e-9c85-1731f62c92cc" 204 - "HEAD http://localhost:8080/v1/AUTH_b69aaac60a1f4086beb1095a89d0a0d3/gnocchi.d8bf80d3-e1b8-443e-9c85-1731f62c92cc?format=json&states=listing" "tx6604028d2dc644d3bc30c-0069733cf4" "proxy-server 21" 0.0015 "-" 23 0
Jan 23 09:18:44 standalone proxy-server[123987]: - - 23/Jan/2026/09/18/44 HEAD /v1/AUTH_b69aaac60a1f4086beb1095a89d0a0d3/gnocchi.d8bf80d3-e1b8-443e-9c85-1731f62c92cc%3Fformat%3Djson%26states%3Dlisting HTTP/1.0 204 - Swift - - - - tx6604028d2dc644d3bc30c-0069733cf4 - 0.0058 RL - 1769159924.277601242 1769159924.283410549 0
Jan 23 09:18:44 standalone container-server[122200]: 172.20.0.100 - - [23/Jan/2026:09:18:44 +0000] "GET /d1/853/AUTH_b69aaac60a1f4086beb1095a89d0a0d3/gnocchi.d8bf80d3-e1b8-443e-9c85-1731f62c92cc" 200 2 "GET http://localhost:8080/v1/AUTH_b69aaac60a1f4086beb1095a89d0a0d3/gnocchi.d8bf80d3-e1b8-443e-9c85-1731f62c92cc?format=json&states=listing" "tx6604028d2dc644d3bc30c-0069733cf4" "proxy-server 21" 0.0022 "-" 21 0
Jan 23 09:18:44 standalone proxy-server[123987]: 172.18.0.2 ::1 23/Jan/2026/09/18/44 GET /v1/AUTH_b69aaac60a1f4086beb1095a89d0a0d3/gnocchi.d8bf80d3-e1b8-443e-9c85-1731f62c92cc%3Fformat%3Djson%26states%3Dlisting HTTP/1.0 200 - python-swiftclient-3.11.1 gAAAAABpczyvUCaU... - 2 - tx6604028d2dc644d3bc30c-0069733cf4 - 0.0173 - - 1769159924.275876284 1769159924.293184280 0
Jan 23 09:18:44 standalone object-server[122386]: 172.20.0.100 - - [23/Jan/2026:09:18:44 +0000] "GET /d1/631/AUTH_b69aaac60a1f4086beb1095a89d0a0d3/gnocchi.d8bf80d3-e1b8-443e-9c85-1731f62c92cc/1769040000.0_mean_300.0_v3" 404 70 "GET http://localhost:8080/v1/AUTH_b69aaac60a1f4086beb1095a89d0a0d3/gnocchi.d8bf80d3-e1b8-443e-9c85-1731f62c92cc/1769040000.0_mean_300.0_v3" "tx9482d0e682d9441a867f3-0069733cf4" "proxy-server 21" 0.0005 "-" 22 0
Jan 23 09:18:44 standalone proxy-server[123987]: 172.18.0.2 ::1 23/Jan/2026/09/18/44 GET /v1/AUTH_b69aaac60a1f4086beb1095a89d0a0d3/gnocchi.d8bf80d3-e1b8-443e-9c85-1731f62c92cc/1769040000.0_mean_300.0_v3 HTTP/1.0 404 - python-swiftclient-3.11.1 gAAAAABpczyvUCaU... - 70 - tx9482d0e682d9441a867f3-0069733cf4 - 0.0087 - - 1769159924.300430775 1769159924.309088469 0
Jan 23 09:18:44 standalone container-server[122204]: 172.20.0.100 - - [23/Jan/2026:09:18:44 +0000] "PUT /d1/853/AUTH_b69aaac60a1f4086beb1095a89d0a0d3/gnocchi.d8bf80d3-e1b8-443e-9c85-1731f62c92cc/1769040000.0_mean_300.0_v3" 201 - "PUT http://localhost:8080/d1/631/AUTH_b69aaac60a1f4086beb1095a89d0a0d3/gnocchi.d8bf80d3-e1b8-443e-9c85-1731f62c92cc/1769040000.0_mean_300.0_v3" "tx0100d618dff3415b8214c-0069733cf4" "object-server 25" 0.0008 "-" 22 0
Jan 23 09:18:44 standalone object-server[122391]: 172.20.0.100 - - [23/Jan/2026:09:18:44 +0000] "PUT /d1/631/AUTH_b69aaac60a1f4086beb1095a89d0a0d3/gnocchi.d8bf80d3-e1b8-443e-9c85-1731f62c92cc/1769040000.0_mean_300.0_v3" 201 - "PUT http://localhost:8080/v1/AUTH_b69aaac60a1f4086beb1095a89d0a0d3/gnocchi.d8bf80d3-e1b8-443e-9c85-1731f62c92cc/1769040000.0_mean_300.0_v3" "tx0100d618dff3415b8214c-0069733cf4" "proxy-server 21" 0.0104 "-" 25 0
Jan 23 09:18:44 standalone proxy-server[123987]: 172.18.0.2 ::1 23/Jan/2026/09/18/44 PUT /v1/AUTH_b69aaac60a1f4086beb1095a89d0a0d3/gnocchi.d8bf80d3-e1b8-443e-9c85-1731f62c92cc/1769040000.0_mean_300.0_v3 HTTP/1.0 201 - python-swiftclient-3.11.1 gAAAAABpczyvUCaU... 16 - - tx0100d618dff3415b8214c-0069733cf4 - 0.0191 - - 1769159924.314178467 1769159924.333306313 0
Jan 23 09:18:44 standalone container-server[122194]: 172.20.0.100 - - [23/Jan/2026:09:18:44 +0000] "PUT /d1/853/AUTH_b69aaac60a1f4086beb1095a89d0a0d3/gnocchi.d8bf80d3-e1b8-443e-9c85-1731f62c92cc/none_v3" 201 - "PUT http://localhost:8080/d1/822/AUTH_b69aaac60a1f4086beb1095a89d0a0d3/gnocchi.d8bf80d3-e1b8-443e-9c85-1731f62c92cc/none_v3" "tx258172a2ba734eb3b3e3d-0069733cf4" "object-server 25" 0.0007 "-" 20 0
Jan 23 09:18:44 standalone object-server[122391]: 172.20.0.100 - - [23/Jan/2026:09:18:44 +0000] "PUT /d1/822/AUTH_b69aaac60a1f4086beb1095a89d0a0d3/gnocchi.d8bf80d3-e1b8-443e-9c85-1731f62c92cc/none_v3" 201 - "PUT http://localhost:8080/v1/AUTH_b69aaac60a1f4086beb1095a89d0a0d3/gnocchi.d8bf80d3-e1b8-443e-9c85-1731f62c92cc/none_v3" "tx258172a2ba734eb3b3e3d-0069733cf4" "proxy-server 21" 0.0118 "-" 25 0
Jan 23 09:18:44 standalone proxy-server[123987]: 172.18.0.2 ::1 23/Jan/2026/09/18/44 PUT /v1/AUTH_b69aaac60a1f4086beb1095a89d0a0d3/gnocchi.d8bf80d3-e1b8-443e-9c85-1731f62c92cc/none_v3 HTTP/1.0 201 - python-swiftclient-3.11.1 gAAAAABpczyvUCaU... 22 - - tx258172a2ba734eb3b3e3d-0069733cf4 - 0.0213 - - 1769159924.339635372 1769159924.360947371 0
Jan 23 09:18:44 standalone container-server[122217]: 172.20.0.100 - - [23/Jan/2026:09:18:44 +0000] "HEAD /d1/610/AUTH_b69aaac60a1f4086beb1095a89d0a0d3/gnocchi.4fd38f32-7f5d-4408-90a7-2f069220e3d1" 404 - "HEAD http://localhost:8080/v1/AUTH_b69aaac60a1f4086beb1095a89d0a0d3/gnocchi.4fd38f32-7f5d-4408-90a7-2f069220e3d1?format=json&states=listing" "txe640bb6feed946a9bbf61-0069733cf4" "proxy-server 21" 0.0005 "-" 23 0
Jan 23 09:18:44 standalone object-server[122386]: 172.20.0.100 - - [23/Jan/2026:09:18:44 +0000] "GET /d1/388/AUTH_b69aaac60a1f4086beb1095a89d0a0d3/gnocchi.4fd38f32-7f5d-4408-90a7-2f069220e3d1/none_v3" 404 70 "GET http://localhost:8080/v1/AUTH_b69aaac60a1f4086beb1095a89d0a0d3/gnocchi.4fd38f32-7f5d-4408-90a7-2f069220e3d1/none_v3" "txe640bb6feed946a9bbf61-0069733cf4" "proxy-server 21" 0.0005 "-" 22 0
Jan 23 09:18:44 standalone proxy-server[123987]: 172.18.0.2 ::1 23/Jan/2026/09/18/44 GET /v1/AUTH_b69aaac60a1f4086beb1095a89d0a0d3/gnocchi.4fd38f32-7f5d-4408-90a7-2f069220e3d1/none_v3 HTTP/1.0 404 - python-swiftclient-3.11.1 gAAAAABpczyvUCaU... - 70 - txe640bb6feed946a9bbf61-0069733cf4 - 0.0167 - - 1769159924.374562263 1769159924.391305208 0
Jan 23 09:18:44 standalone account-server[122114]: 172.20.0.100 - - [23/Jan/2026:09:18:44 +0000] "PUT /d1/231/AUTH_b69aaac60a1f4086beb1095a89d0a0d3/gnocchi.4fd38f32-7f5d-4408-90a7-2f069220e3d1" 201 - "PUT http://172.20.0.100:6001/d1/610/AUTH_b69aaac60a1f4086beb1095a89d0a0d3/gnocchi.4fd38f32-7f5d-4408-90a7-2f069220e3d1" "tx0817db821a924756b64ab-0069733cf4" "container-server 23" 0.0056 "-" 17 0
Jan 23 09:18:44 standalone container-server[122217]: 172.20.0.100 - - [23/Jan/2026:09:18:44 +0000] "PUT /d1/610/AUTH_b69aaac60a1f4086beb1095a89d0a0d3/gnocchi.4fd38f32-7f5d-4408-90a7-2f069220e3d1" 201 - "PUT http://localhost:8080/v1/AUTH_b69aaac60a1f4086beb1095a89d0a0d3/gnocchi.4fd38f32-7f5d-4408-90a7-2f069220e3d1" "tx0817db821a924756b64ab-0069733cf4" "proxy-server 21" 0.0181 "-" 23 0
Jan 23 09:18:44 standalone proxy-server[123987]: 172.18.0.2 ::1 23/Jan/2026/09/18/44 PUT /v1/AUTH_b69aaac60a1f4086beb1095a89d0a0d3/gnocchi.4fd38f32-7f5d-4408-90a7-2f069220e3d1 HTTP/1.0 201 - python-swiftclient-3.11.1 gAAAAABpczyvUCaU... - - - tx0817db821a924756b64ab-0069733cf4 - 0.0268 - - 1769159924.397717714 1769159924.424499273 0
Jan 23 09:18:44 standalone container-server[122204]: 172.20.0.100 - - [23/Jan/2026:09:18:44 +0000] "HEAD /d1/610/AUTH_b69aaac60a1f4086beb1095a89d0a0d3/gnocchi.4fd38f32-7f5d-4408-90a7-2f069220e3d1" 204 - "HEAD http://localhost:8080/v1/AUTH_b69aaac60a1f4086beb1095a89d0a0d3/gnocchi.4fd38f32-7f5d-4408-90a7-2f069220e3d1?format=json&states=listing" "tx6f54f17d58ac4110b546d-0069733cf4" "proxy-server 21" 0.0015 "-" 22 0
Jan 23 09:18:44 standalone proxy-server[123987]: - - 23/Jan/2026/09/18/44 HEAD /v1/AUTH_b69aaac60a1f4086beb1095a89d0a0d3/gnocchi.4fd38f32-7f5d-4408-90a7-2f069220e3d1%3Fformat%3Djson%26states%3Dlisting HTTP/1.0 204 - Swift - - - - tx6f54f17d58ac4110b546d-0069733cf4 - 0.0053 RL - 1769159924.429844379 1769159924.435152054 0
Jan 23 09:18:44 standalone container-server[122194]: 172.20.0.100 - - [23/Jan/2026:09:18:44 +0000] "GET /d1/610/AUTH_b69aaac60a1f4086beb1095a89d0a0d3/gnocchi.4fd38f32-7f5d-4408-90a7-2f069220e3d1" 200 2 "GET http://localhost:8080/v1/AUTH_b69aaac60a1f4086beb1095a89d0a0d3/gnocchi.4fd38f32-7f5d-4408-90a7-2f069220e3d1?format=json&states=listing" "tx6f54f17d58ac4110b546d-0069733cf4" "proxy-server 21" 0.0022 "-" 20 0
Jan 23 09:18:44 standalone proxy-server[123987]: 172.18.0.2 ::1 23/Jan/2026/09/18/44 GET /v1/AUTH_b69aaac60a1f4086beb1095a89d0a0d3/gnocchi.4fd38f32-7f5d-4408-90a7-2f069220e3d1%3Fformat%3Djson%26states%3Dlisting HTTP/1.0 200 - python-swiftclient-3.11.1 gAAAAABpczyvUCaU... - 2 - tx6f54f17d58ac4110b546d-0069733cf4 - 0.0160 - - 1769159924.428614140 1769159924.444566965 0
Jan 23 09:18:44 standalone object-server[122391]: 172.20.0.100 - - [23/Jan/2026:09:18:44 +0000] "GET /d1/976/AUTH_b69aaac60a1f4086beb1095a89d0a0d3/gnocchi.4fd38f32-7f5d-4408-90a7-2f069220e3d1/1769040000.0_mean_300.0_v3" 404 70 "GET http://localhost:8080/v1/AUTH_b69aaac60a1f4086beb1095a89d0a0d3/gnocchi.4fd38f32-7f5d-4408-90a7-2f069220e3d1/1769040000.0_mean_300.0_v3" "txb9aa3d5efe5440a68d384-0069733cf4" "proxy-server 21" 0.0010 "-" 25 0
Jan 23 09:18:44 standalone proxy-server[123987]: 172.18.0.2 ::1 23/Jan/2026/09/18/44 GET /v1/AUTH_b69aaac60a1f4086beb1095a89d0a0d3/gnocchi.4fd38f32-7f5d-4408-90a7-2f069220e3d1/1769040000.0_mean_300.0_v3 HTTP/1.0 404 - python-swiftclient-3.11.1 gAAAAABpczyvUCaU... - 70 - txb9aa3d5efe5440a68d384-0069733cf4 - 0.0125 - - 1769159924.451113462 1769159924.463653326 0
Jan 23 09:18:44 standalone container-server[122200]: 172.20.0.100 - - [23/Jan/2026:09:18:44 +0000] "PUT /d1/610/AUTH_b69aaac60a1f4086beb1095a89d0a0d3/gnocchi.4fd38f32-7f5d-4408-90a7-2f069220e3d1/1769040000.0_mean_300.0_v3" 201 - "PUT http://localhost:8080/d1/976/AUTH_b69aaac60a1f4086beb1095a89d0a0d3/gnocchi.4fd38f32-7f5d-4408-90a7-2f069220e3d1/1769040000.0_mean_300.0_v3" "tx7ed7878eefa54d05b6fc4-0069733cf4" "object-server 23" 0.0007 "-" 21 0
Jan 23 09:18:44 standalone object-server[122389]: 172.20.0.100 - - [23/Jan/2026:09:18:44 +0000] "PUT /d1/976/AUTH_b69aaac60a1f4086beb1095a89d0a0d3/gnocchi.4fd38f32-7f5d-4408-90a7-2f069220e3d1/1769040000.0_mean_300.0_v3" 201 - "PUT http://localhost:8080/v1/AUTH_b69aaac60a1f4086beb1095a89d0a0d3/gnocchi.4fd38f32-7f5d-4408-90a7-2f069220e3d1/1769040000.0_mean_300.0_v3" "tx7ed7878eefa54d05b6fc4-0069733cf4" "proxy-server 21" 0.0108 "-" 23 0
Jan 23 09:18:44 standalone proxy-server[123987]: 172.18.0.2 ::1 23/Jan/2026/09/18/44 PUT /v1/AUTH_b69aaac60a1f4086beb1095a89d0a0d3/gnocchi.4fd38f32-7f5d-4408-90a7-2f069220e3d1/1769040000.0_mean_300.0_v3 HTTP/1.0 201 - python-swiftclient-3.11.1 gAAAAABpczyvUCaU... 16 - - tx7ed7878eefa54d05b6fc4-0069733cf4 - 0.0162 - - 1769159924.468180180 1769159924.484391689 0
Jan 23 09:18:44 standalone container-server[122204]: 172.20.0.100 - - [23/Jan/2026:09:18:44 +0000] "PUT /d1/610/AUTH_b69aaac60a1f4086beb1095a89d0a0d3/gnocchi.4fd38f32-7f5d-4408-90a7-2f069220e3d1/none_v3" 201 - "PUT http://localhost:8080/d1/388/AUTH_b69aaac60a1f4086beb1095a89d0a0d3/gnocchi.4fd38f32-7f5d-4408-90a7-2f069220e3d1/none_v3" "tx49d690868f0048759057f-0069733cf4" "object-server 24" 0.0007 "-" 22 0
Jan 23 09:18:44 standalone object-server[122390]: 172.20.0.100 - - [23/Jan/2026:09:18:44 +0000] "PUT /d1/388/AUTH_b69aaac60a1f4086beb1095a89d0a0d3/gnocchi.4fd38f32-7f5d-4408-90a7-2f069220e3d1/none_v3" 201 - "PUT http://localhost:8080/v1/AUTH_b69aaac60a1f4086beb1095a89d0a0d3/gnocchi.4fd38f32-7f5d-4408-90a7-2f069220e3d1/none_v3" "tx49d690868f0048759057f-0069733cf4" "proxy-server 21" 0.0087 "-" 24 0
Jan 23 09:18:44 standalone proxy-server[123987]: 172.18.0.2 ::1 23/Jan/2026/09/18/44 PUT /v1/AUTH_b69aaac60a1f4086beb1095a89d0a0d3/gnocchi.4fd38f32-7f5d-4408-90a7-2f069220e3d1/none_v3 HTTP/1.0 201 - python-swiftclient-3.11.1 gAAAAABpczyvUCaU... 22 - - tx49d690868f0048759057f-0069733cf4 - 0.0142 - - 1769159924.487847567 1769159924.502080917 0
Jan 23 09:18:44 standalone container-server[122194]: 172.20.0.100 - - [23/Jan/2026:09:18:44 +0000] "HEAD /d1/324/AUTH_b69aaac60a1f4086beb1095a89d0a0d3/gnocchi.5a9d9e91-c72e-4f9e-9e19-f1a0b5ffeb82" 404 - "HEAD http://localhost:8080/v1/AUTH_b69aaac60a1f4086beb1095a89d0a0d3/gnocchi.5a9d9e91-c72e-4f9e-9e19-f1a0b5ffeb82?format=json&states=listing" "tx45ba6e79c86b4b41ae5b6-0069733cf4" "proxy-server 21" 0.0009 "-" 20 0
Jan 23 09:18:44 standalone object-server[122389]: 172.20.0.100 - - [23/Jan/2026:09:18:44 +0000] "GET /d1/274/AUTH_b69aaac60a1f4086beb1095a89d0a0d3/gnocchi.5a9d9e91-c72e-4f9e-9e19-f1a0b5ffeb82/none_v3" 404 70 "GET http://localhost:8080/v1/AUTH_b69aaac60a1f4086beb1095a89d0a0d3/gnocchi.5a9d9e91-c72e-4f9e-9e19-f1a0b5ffeb82/none_v3" "tx45ba6e79c86b4b41ae5b6-0069733cf4" "proxy-server 21" 0.0004 "-" 23 0
Jan 23 09:18:44 standalone proxy-server[123987]: 172.18.0.2 ::1 23/Jan/2026/09/18/44 GET /v1/AUTH_b69aaac60a1f4086beb1095a89d0a0d3/gnocchi.5a9d9e91-c72e-4f9e-9e19-f1a0b5ffeb82/none_v3 HTTP/1.0 404 - python-swiftclient-3.11.1 gAAAAABpczyvUCaU... - 70 - tx45ba6e79c86b4b41ae5b6-0069733cf4 - 0.0110 - - 1769159924.520661831 1769159924.531646013 0
Jan 23 09:18:44 standalone account-server[122105]: 172.20.0.100 - - [23/Jan/2026:09:18:44 +0000] "PUT /d1/231/AUTH_b69aaac60a1f4086beb1095a89d0a0d3/gnocchi.5a9d9e91-c72e-4f9e-9e19-f1a0b5ffeb82" 201 - "PUT http://172.20.0.100:6001/d1/324/AUTH_b69aaac60a1f4086beb1095a89d0a0d3/gnocchi.5a9d9e91-c72e-4f9e-9e19-f1a0b5ffeb82" "tx134320aaffa94dac9810b-0069733cf4" "container-server 23" 0.0042 "-" 15 0
Jan 23 09:18:44 standalone container-server[122217]: 172.20.0.100 - - [23/Jan/2026:09:18:44 +0000] "PUT /d1/324/AUTH_b69aaac60a1f4086beb1095a89d0a0d3/gnocchi.5a9d9e91-c72e-4f9e-9e19-f1a0b5ffeb82" 201 - "PUT http://localhost:8080/v1/AUTH_b69aaac60a1f4086beb1095a89d0a0d3/gnocchi.5a9d9e91-c72e-4f9e-9e19-f1a0b5ffeb82" "tx134320aaffa94dac9810b-0069733cf4" "proxy-server 21" 0.0208 "-" 23 0
Jan 23 09:18:44 standalone proxy-server[123987]: 172.18.0.2 ::1 23/Jan/2026/09/18/44 PUT /v1/AUTH_b69aaac60a1f4086beb1095a89d0a0d3/gnocchi.5a9d9e91-c72e-4f9e-9e19-f1a0b5ffeb82 HTTP/1.0 201 - python-swiftclient-3.11.1 gAAAAABpczyvUCaU... - - - tx134320aaffa94dac9810b-0069733cf4 - 0.0279 - - 1769159924.535411596 1769159924.563328028 0
Jan 23 09:18:44 standalone container-server[122204]: 172.20.0.100 - - [23/Jan/2026:09:18:44 +0000] "HEAD /d1/324/AUTH_b69aaac60a1f4086beb1095a89d0a0d3/gnocchi.5a9d9e91-c72e-4f9e-9e19-f1a0b5ffeb82" 204 - "HEAD http://localhost:8080/v1/AUTH_b69aaac60a1f4086beb1095a89d0a0d3/gnocchi.5a9d9e91-c72e-4f9e-9e19-f1a0b5ffeb82?format=json&states=listing" "tx745dd44c80e14878b7630-0069733cf4" "proxy-server 21" 0.0039 "-" 22 0
Jan 23 09:18:44 standalone proxy-server[123987]: - - 23/Jan/2026/09/18/44 HEAD /v1/AUTH_b69aaac60a1f4086beb1095a89d0a0d3/gnocchi.5a9d9e91-c72e-4f9e-9e19-f1a0b5ffeb82%3Fformat%3Djson%26states%3Dlisting HTTP/1.0 204 - Swift - - - - tx745dd44c80e14878b7630-0069733cf4 - 0.0094 RL - 1769159924.572810650 1769159924.582230091 0
Jan 23 09:18:44 standalone container-server[122204]: 172.20.0.100 - - [23/Jan/2026:09:18:44 +0000] "GET /d1/324/AUTH_b69aaac60a1f4086beb1095a89d0a0d3/gnocchi.5a9d9e91-c72e-4f9e-9e19-f1a0b5ffeb82" 200 2 "GET http://localhost:8080/v1/AUTH_b69aaac60a1f4086beb1095a89d0a0d3/gnocchi.5a9d9e91-c72e-4f9e-9e19-f1a0b5ffeb82?format=json&states=listing" "tx745dd44c80e14878b7630-0069733cf4" "proxy-server 21" 0.0056 "-" 22 0
Jan 23 09:18:44 standalone proxy-server[123987]: 172.18.0.2 ::1 23/Jan/2026/09/18/44 GET /v1/AUTH_b69aaac60a1f4086beb1095a89d0a0d3/gnocchi.5a9d9e91-c72e-4f9e-9e19-f1a0b5ffeb82%3Fformat%3Djson%26states%3Dlisting HTTP/1.0 200 - python-swiftclient-3.11.1 gAAAAABpczyvUCaU... - 2 - tx745dd44c80e14878b7630-0069733cf4 - 0.0258 - - 1769159924.568948269 1769159924.594763994 0
Jan 23 09:18:44 standalone object-server[122390]: 172.20.0.100 - - [23/Jan/2026:09:18:44 +0000] "GET /d1/801/AUTH_b69aaac60a1f4086beb1095a89d0a0d3/gnocchi.5a9d9e91-c72e-4f9e-9e19-f1a0b5ffeb82/1769040000.0_mean_300.0_v3" 404 70 "GET http://localhost:8080/v1/AUTH_b69aaac60a1f4086beb1095a89d0a0d3/gnocchi.5a9d9e91-c72e-4f9e-9e19-f1a0b5ffeb82/1769040000.0_mean_300.0_v3" "tx171a631a3c3e4b97be305-0069733cf4" "proxy-server 21" 0.0005 "-" 24 0
Jan 23 09:18:44 standalone proxy-server[123987]: 172.18.0.2 ::1 23/Jan/2026/09/18/44 GET /v1/AUTH_b69aaac60a1f4086beb1095a89d0a0d3/gnocchi.5a9d9e91-c72e-4f9e-9e19-f1a0b5ffeb82/1769040000.0_mean_300.0_v3 HTTP/1.0 404 - python-swiftclient-3.11.1 gAAAAABpczyvUCaU... - 70 - tx171a631a3c3e4b97be305-0069733cf4 - 0.0073 - - 1769159924.599806547 1769159924.607099533 0
Jan 23 09:18:44 standalone container-server[122194]: 172.20.0.100 - - [23/Jan/2026:09:18:44 +0000] "PUT /d1/324/AUTH_b69aaac60a1f4086beb1095a89d0a0d3/gnocchi.5a9d9e91-c72e-4f9e-9e19-f1a0b5ffeb82/1769040000.0_mean_300.0_v3" 201 - "PUT http://localhost:8080/d1/801/AUTH_b69aaac60a1f4086beb1095a89d0a0d3/gnocchi.5a9d9e91-c72e-4f9e-9e19-f1a0b5ffeb82/1769040000.0_mean_300.0_v3" "txe32f3d6aa7bc4902833d8-0069733cf4" "object-server 24" 0.0011 "-" 20 0
Jan 23 09:18:44 standalone object-server[122390]: 172.20.0.100 - - [23/Jan/2026:09:18:44 +0000] "PUT /d1/801/AUTH_b69aaac60a1f4086beb1095a89d0a0d3/gnocchi.5a9d9e91-c72e-4f9e-9e19-f1a0b5ffeb82/1769040000.0_mean_300.0_v3" 201 - "PUT http://localhost:8080/v1/AUTH_b69aaac60a1f4086beb1095a89d0a0d3/gnocchi.5a9d9e91-c72e-4f9e-9e19-f1a0b5ffeb82/1769040000.0_mean_300.0_v3" "txe32f3d6aa7bc4902833d8-0069733cf4" "proxy-server 21" 0.0126 "-" 24 0
Jan 23 09:18:44 standalone proxy-server[123987]: 172.18.0.2 ::1 23/Jan/2026/09/18/44 PUT /v1/AUTH_b69aaac60a1f4086beb1095a89d0a0d3/gnocchi.5a9d9e91-c72e-4f9e-9e19-f1a0b5ffeb82/1769040000.0_mean_300.0_v3 HTTP/1.0 201 - python-swiftclient-3.11.1 gAAAAABpczyvUCaU... 16 - - txe32f3d6aa7bc4902833d8-0069733cf4 - 0.0199 - - 1769159924.611356735 1769159924.631212473 0
Jan 23 09:18:44 standalone container-server[122194]: 172.20.0.100 - - [23/Jan/2026:09:18:44 +0000] "PUT /d1/324/AUTH_b69aaac60a1f4086beb1095a89d0a0d3/gnocchi.5a9d9e91-c72e-4f9e-9e19-f1a0b5ffeb82/none_v3" 201 - "PUT http://localhost:8080/d1/274/AUTH_b69aaac60a1f4086beb1095a89d0a0d3/gnocchi.5a9d9e91-c72e-4f9e-9e19-f1a0b5ffeb82/none_v3" "txda87e10a633e48f19ae3c-0069733cf4" "object-server 25" 0.0009 "-" 20 0
Jan 23 09:18:44 standalone object-server[122391]: 172.20.0.100 - - [23/Jan/2026:09:18:44 +0000] "PUT /d1/274/AUTH_b69aaac60a1f4086beb1095a89d0a0d3/gnocchi.5a9d9e91-c72e-4f9e-9e19-f1a0b5ffeb82/none_v3" 201 - "PUT http://localhost:8080/v1/AUTH_b69aaac60a1f4086beb1095a89d0a0d3/gnocchi.5a9d9e91-c72e-4f9e-9e19-f1a0b5ffeb82/none_v3" "txda87e10a633e48f19ae3c-0069733cf4" "proxy-server 21" 0.0125 "-" 25 0
Jan 23 09:18:44 standalone proxy-server[123987]: 172.18.0.2 ::1 23/Jan/2026/09/18/44 PUT /v1/AUTH_b69aaac60a1f4086beb1095a89d0a0d3/gnocchi.5a9d9e91-c72e-4f9e-9e19-f1a0b5ffeb82/none_v3 HTTP/1.0 201 - python-swiftclient-3.11.1 gAAAAABpczyvUCaU... 22 - - txda87e10a633e48f19ae3c-0069733cf4 - 0.0201 - - 1769159924.638298035 1769159924.658374071 0
Jan 23 09:20:04 standalone account-server[122105]: 172.20.0.100 - - [23/Jan/2026:09:20:04 +0000] "HEAD /d1/501/.expiring_objects" 404 - "HEAD http://localhost/v1/.expiring_objects?format=json" "tx6d6714cf14bc4a60946dd-0069733d44" "proxy-server 2" 0.0008 "-" 15 -
Jan 23 09:20:04 standalone object-expirer[122246]: Pass completed in 0s; 0 objects expired (txn: tx6d6714cf14bc4a60946dd-0069733d44)
Jan 23 09:20:12 standalone object-server[122293]: Begin object update sweep
Jan 23 09:20:12 standalone object-server[222700]: Object update sweep starting on /srv/node/d1 (pid: 14)
Jan 23 09:20:12 standalone object-server[222700]: Object update sweep completed on /srv/node/d1 in 0.00s seconds:, 0 successes, 0 failures, 0 quarantines, 0 unlinks, 0 errors, 0 redirects (pid: 14)
Jan 23 09:20:12 standalone object-server[222700]: Object update sweep of d1 completed: 0.00s, 0 successes, 0 failures, 0 quarantines, 0 unlinks, 0 errors, 0 redirects
Jan 23 09:20:12 standalone object-server[122293]: Object update sweep completed: 0.08s
Jan 23 09:20:53 standalone container-server[122130]: Begin container update sweep
Jan 23 09:20:53 standalone account-server[122114]: 172.20.0.100 - - [23/Jan/2026:09:20:53 +0000] "PUT /d1/231/AUTH_b69aaac60a1f4086beb1095a89d0a0d3/gnocchi.09249f88-4876-4d27-b85e-48c3fa248476" 201 - "-" "-" "container-updater 2" 0.0012 "-" 17 0
Jan 23 09:20:54 standalone account-server[122114]: 172.20.0.100 - - [23/Jan/2026:09:20:54 +0000] "PUT /d1/231/AUTH_b69aaac60a1f4086beb1095a89d0a0d3/gnocchi.af9916f9-1e57-42e8-a1fd-4cc4d40945e6" 201 - "-" "-" "container-updater 2" 0.0008 "-" 17 0
Jan 23 09:20:54 standalone account-server[122110]: 172.20.0.100 - - [23/Jan/2026:09:20:54 +0000] "PUT /d1/231/AUTH_b69aaac60a1f4086beb1095a89d0a0d3/gnocchi.62ad9ade-3ffa-4985-a749-115856f3dd84" 201 - "-" "-" "container-updater 2" 0.0004 "-" 16 0
Jan 23 09:20:54 standalone account-server[122094]: 172.20.0.100 - - [23/Jan/2026:09:20:54 +0000] "PUT /d1/231/AUTH_b69aaac60a1f4086beb1095a89d0a0d3/gnocchi.4fd38f32-7f5d-4408-90a7-2f069220e3d1" 201 - "-" "-" "container-updater 2" 0.0004 "-" 14 0
Jan 23 09:20:54 standalone account-server[122105]: 172.20.0.100 - - [23/Jan/2026:09:20:54 +0000] "HEAD /d1/231/AUTH_b69aaac60a1f4086beb1095a89d0a0d3" 204 - "HEAD http://localhost:8080/v1/AUTH_b69aaac60a1f4086beb1095a89d0a0d3?format=json" "tx49f5e21fb3f14e54b0b2c-0069733d76" "proxy-server 21" 0.0058 "-" 15 -
Jan 23 09:20:54 standalone proxy-server[123987]: - - 23/Jan/2026/09/20/54 HEAD /v1/AUTH_b69aaac60a1f4086beb1095a89d0a0d3%3Fformat%3Djson HTTP/1.0 204 - Swift - - - - tx49f5e21fb3f14e54b0b2c-0069733d76 - 0.0092 RL - 1769160054.382238865 1769160054.391412973 -
Jan 23 09:20:54 standalone account-server[122110]: 172.20.0.100 - - [23/Jan/2026:09:20:54 +0000] "PUT /d1/231/AUTH_b69aaac60a1f4086beb1095a89d0a0d3/gnocchi.725d0a48-0382-459a-8b69-8b39cdd5bb02" 201 - "-" "-" "container-updater 2" 0.0004 "-" 16 0
Jan 23 09:20:54 standalone container-server[122200]: 172.20.0.100 - - [23/Jan/2026:09:20:54 +0000] "HEAD /d1/148/AUTH_b69aaac60a1f4086beb1095a89d0a0d3/gnocchi.7f6a8c60-e216-4af0-b43b-105491e357a4" 404 - "HEAD http://localhost:8080/v1/AUTH_b69aaac60a1f4086beb1095a89d0a0d3/gnocchi.7f6a8c60-e216-4af0-b43b-105491e357a4?format=json&states=listing" "tx49f5e21fb3f14e54b0b2c-0069733d76" "proxy-server 21" 0.0007 "-" 21 0
Jan 23 09:20:54 standalone object-server[122390]: 172.20.0.100 - - [23/Jan/2026:09:20:54 +0000] "GET /d1/53/AUTH_b69aaac60a1f4086beb1095a89d0a0d3/gnocchi.7f6a8c60-e216-4af0-b43b-105491e357a4/none_v3" 404 70 "GET http://localhost:8080/v1/AUTH_b69aaac60a1f4086beb1095a89d0a0d3/gnocchi.7f6a8c60-e216-4af0-b43b-105491e357a4/none_v3" "tx49f5e21fb3f14e54b0b2c-0069733d76" "proxy-server 21" 0.0006 "-" 24 0
Jan 23 09:20:54 standalone proxy-server[123987]: 172.18.0.2 ::1 23/Jan/2026/09/20/54 GET /v1/AUTH_b69aaac60a1f4086beb1095a89d0a0d3/gnocchi.7f6a8c60-e216-4af0-b43b-105491e357a4/none_v3 HTTP/1.0 404 - python-swiftclient-3.11.1 gAAAAABpczyvUCaU... - 70 - tx49f5e21fb3f14e54b0b2c-0069733d76 - 0.0199 - - 1769160054.381440878 1769160054.401299715 0
Jan 23 09:20:54 standalone account-server[122094]: 172.20.0.100 - - [23/Jan/2026:09:20:54 +0000] "PUT /d1/231/AUTH_b69aaac60a1f4086beb1095a89d0a0d3/gnocchi.7f6a8c60-e216-4af0-b43b-105491e357a4" 201 - "PUT http://172.20.0.100:6001/d1/148/AUTH_b69aaac60a1f4086beb1095a89d0a0d3/gnocchi.7f6a8c60-e216-4af0-b43b-105491e357a4" "txb3dc6f740c154c189d68a-0069733d76" "container-server 23" 0.0052 "-" 14 0
Jan 23 09:20:54 standalone container-server[122217]: 172.20.0.100 - - [23/Jan/2026:09:20:54 +0000] "PUT /d1/148/AUTH_b69aaac60a1f4086beb1095a89d0a0d3/gnocchi.7f6a8c60-e216-4af0-b43b-105491e357a4" 201 - "PUT http://localhost:8080/v1/AUTH_b69aaac60a1f4086beb1095a89d0a0d3/gnocchi.7f6a8c60-e216-4af0-b43b-105491e357a4" "txb3dc6f740c154c189d68a-0069733d76" "proxy-server 21" 0.0124 "-" 23 0
Jan 23 09:20:54 standalone proxy-server[123987]: 172.18.0.2 ::1 23/Jan/2026/09/20/54 PUT /v1/AUTH_b69aaac60a1f4086beb1095a89d0a0d3/gnocchi.7f6a8c60-e216-4af0-b43b-105491e357a4 HTTP/1.0 201 - python-swiftclient-3.11.1 gAAAAABpczyvUCaU... - - - txb3dc6f740c154c189d68a-0069733d76 - 0.0166 - - 1769160054.404782057 1769160054.421381235 0
Jan 23 09:20:54 standalone container-server[122194]: 172.20.0.100 - - [23/Jan/2026:09:20:54 +0000] "HEAD /d1/148/AUTH_b69aaac60a1f4086beb1095a89d0a0d3/gnocchi.7f6a8c60-e216-4af0-b43b-105491e357a4" 204 - "HEAD http://localhost:8080/v1/AUTH_b69aaac60a1f4086beb1095a89d0a0d3/gnocchi.7f6a8c60-e216-4af0-b43b-105491e357a4?format=json&states=listing" "tx6b4ae72e4c744712a58a3-0069733d76" "proxy-server 21" 0.0013 "-" 20 0
Jan 23 09:20:54 standalone proxy-server[123987]: - - 23/Jan/2026/09/20/54 HEAD /v1/AUTH_b69aaac60a1f4086beb1095a89d0a0d3/gnocchi.7f6a8c60-e216-4af0-b43b-105491e357a4%3Fformat%3Djson%26states%3Dlisting HTTP/1.0 204 - Swift - - - - tx6b4ae72e4c744712a58a3-0069733d76 - 0.0046 RL - 1769160054.425744295 1769160054.430375099 0
Jan 23 09:20:54 standalone container-server[122200]: 172.20.0.100 - - [23/Jan/2026:09:20:54 +0000] "GET /d1/148/AUTH_b69aaac60a1f4086beb1095a89d0a0d3/gnocchi.7f6a8c60-e216-4af0-b43b-105491e357a4" 200 2 "GET http://localhost:8080/v1/AUTH_b69aaac60a1f4086beb1095a89d0a0d3/gnocchi.7f6a8c60-e216-4af0-b43b-105491e357a4?format=json&states=listing" "tx6b4ae72e4c744712a58a3-0069733d76" "proxy-server 21" 0.0018 "-" 21 0
Jan 23 09:20:54 standalone proxy-server[123987]: 172.18.0.2 ::1 23/Jan/2026/09/20/54 GET /v1/AUTH_b69aaac60a1f4086beb1095a89d0a0d3/gnocchi.7f6a8c60-e216-4af0-b43b-105491e357a4%3Fformat%3Djson%26states%3Dlisting HTTP/1.0 200 - python-swiftclient-3.11.1 gAAAAABpczyvUCaU... - 2 - tx6b4ae72e4c744712a58a3-0069733d76 - 0.0123 - - 1769160054.424897194 1769160054.437216282 0
Jan 23 09:20:54 standalone object-server[122386]: 172.20.0.100 - - [23/Jan/2026:09:20:54 +0000] "GET /d1/819/AUTH_b69aaac60a1f4086beb1095a89d0a0d3/gnocchi.7f6a8c60-e216-4af0-b43b-105491e357a4/1769040000.0_mean_300.0_v3" 404 70 "GET http://localhost:8080/v1/AUTH_b69aaac60a1f4086beb1095a89d0a0d3/gnocchi.7f6a8c60-e216-4af0-b43b-105491e357a4/1769040000.0_mean_300.0_v3" "tx93decd7a265f454a92c82-0069733d76" "proxy-server 21" 0.0004 "-" 22 0
Jan 23 09:20:54 standalone proxy-server[123987]: 172.18.0.2 ::1 23/Jan/2026/09/20/54 GET /v1/AUTH_b69aaac60a1f4086beb1095a89d0a0d3/gnocchi.7f6a8c60-e216-4af0-b43b-105491e357a4/1769040000.0_mean_300.0_v3 HTTP/1.0 404 - python-swiftclient-3.11.1 gAAAAABpczyvUCaU... - 70 - tx93decd7a265f454a92c82-0069733d76 - 0.0045 - - 1769160054.440489531 1769160054.444949150 0
Jan 23 09:20:54 standalone container-server[122194]: 172.20.0.100 - - [23/Jan/2026:09:20:54 +0000] "PUT /d1/148/AUTH_b69aaac60a1f4086beb1095a89d0a0d3/gnocchi.7f6a8c60-e216-4af0-b43b-105491e357a4/1769040000.0_mean_300.0_v3" 201 - "PUT http://localhost:8080/d1/819/AUTH_b69aaac60a1f4086beb1095a89d0a0d3/gnocchi.7f6a8c60-e216-4af0-b43b-105491e357a4/1769040000.0_mean_300.0_v3" "tx2b17d0d42828461c87bf3-0069733d76" "object-server 25" 0.0006 "-" 20 0
Jan 23 09:20:54 standalone object-server[122391]: 172.20.0.100 - - [23/Jan/2026:09:20:54 +0000] "PUT /d1/819/AUTH_b69aaac60a1f4086beb1095a89d0a0d3/gnocchi.7f6a8c60-e216-4af0-b43b-105491e357a4/1769040000.0_mean_300.0_v3" 201 - "PUT http://localhost:8080/v1/AUTH_b69aaac60a1f4086beb1095a89d0a0d3/gnocchi.7f6a8c60-e216-4af0-b43b-105491e357a4/1769040000.0_mean_300.0_v3" "tx2b17d0d42828461c87bf3-0069733d76" "proxy-server 21" 0.0090 "-" 25 0
Jan 23 09:20:54 standalone proxy-server[123987]: 172.18.0.2 ::1 23/Jan/2026/09/20/54 PUT /v1/AUTH_b69aaac60a1f4086beb1095a89d0a0d3/gnocchi.7f6a8c60-e216-4af0-b43b-105491e357a4/1769040000.0_mean_300.0_v3 HTTP/1.0 201 - python-swiftclient-3.11.1 gAAAAABpczyvUCaU... 16 - - tx2b17d0d42828461c87bf3-0069733d76 - 0.0130 - - 1769160054.447836637 1769160054.460787296 0
Jan 23 09:20:54 standalone container-server[122204]: 172.20.0.100 - - [23/Jan/2026:09:20:54 +0000] "PUT /d1/148/AUTH_b69aaac60a1f4086beb1095a89d0a0d3/gnocchi.7f6a8c60-e216-4af0-b43b-105491e357a4/none_v3" 201 - "PUT http://localhost:8080/d1/53/AUTH_b69aaac60a1f4086beb1095a89d0a0d3/gnocchi.7f6a8c60-e216-4af0-b43b-105491e357a4/none_v3" "txc4fd908277a6493995995-0069733d76" "object-server 24" 0.0006 "-" 22 0
Jan 23 09:20:54 standalone object-server[122390]: 172.20.0.100 - - [23/Jan/2026:09:20:54 +0000] "PUT /d1/53/AUTH_b69aaac60a1f4086beb1095a89d0a0d3/gnocchi.7f6a8c60-e216-4af0-b43b-105491e357a4/none_v3" 201 - "PUT http://localhost:8080/v1/AUTH_b69aaac60a1f4086beb1095a89d0a0d3/gnocchi.7f6a8c60-e216-4af0-b43b-105491e357a4/none_v3" "txc4fd908277a6493995995-0069733d76" "proxy-server 21" 0.0094 "-" 24 0
Jan 23 09:20:54 standalone proxy-server[123987]: 172.18.0.2 ::1 23/Jan/2026/09/20/54 PUT /v1/AUTH_b69aaac60a1f4086beb1095a89d0a0d3/gnocchi.7f6a8c60-e216-4af0-b43b-105491e357a4/none_v3 HTTP/1.0 201 - python-swiftclient-3.11.1 gAAAAABpczyvUCaU... 22 - - txc4fd908277a6493995995-0069733d76 - 0.0136 - - 1769160054.463728666 1769160054.477330208 0
Jan 23 09:20:54 standalone account-server[122114]: 172.20.0.100 - - [23/Jan/2026:09:20:54 +0000] "PUT /d1/231/AUTH_b69aaac60a1f4086beb1095a89d0a0d3/glance" 201 - "-" "-" "container-updater 2" 0.0004 "-" 17 0
Jan 23 09:20:54 standalone container-server[122204]: 172.20.0.100 - - [23/Jan/2026:09:20:54 +0000] "HEAD /d1/911/AUTH_b69aaac60a1f4086beb1095a89d0a0d3/gnocchi.018cd54d-93c1-4b2d-b4f2-94af8ae68e3f" 404 - "HEAD http://localhost:8080/v1/AUTH_b69aaac60a1f4086beb1095a89d0a0d3/gnocchi.018cd54d-93c1-4b2d-b4f2-94af8ae68e3f?format=json&states=listing" "tx7969e1596ea546f9bc1ab-0069733d76" "proxy-server 21" 0.0004 "-" 22 0
Jan 23 09:20:54 standalone object-server[122389]: 172.20.0.100 - - [23/Jan/2026:09:20:54 +0000] "GET /d1/965/AUTH_b69aaac60a1f4086beb1095a89d0a0d3/gnocchi.018cd54d-93c1-4b2d-b4f2-94af8ae68e3f/none_v3" 404 70 "GET http://localhost:8080/v1/AUTH_b69aaac60a1f4086beb1095a89d0a0d3/gnocchi.018cd54d-93c1-4b2d-b4f2-94af8ae68e3f/none_v3" "tx7969e1596ea546f9bc1ab-0069733d76" "proxy-server 21" 0.0004 "-" 23 0
Jan 23 09:20:54 standalone proxy-server[123987]: 172.18.0.2 ::1 23/Jan/2026/09/20/54 GET /v1/AUTH_b69aaac60a1f4086beb1095a89d0a0d3/gnocchi.018cd54d-93c1-4b2d-b4f2-94af8ae68e3f/none_v3 HTTP/1.0 404 - python-swiftclient-3.11.1 gAAAAABpczyvUCaU... - 70 - tx7969e1596ea546f9bc1ab-0069733d76 - 0.0079 - - 1769160054.514740467 1769160054.522644758 0
Jan 23 09:20:54 standalone account-server[122110]: 172.20.0.100 - - [23/Jan/2026:09:20:54 +0000] "PUT /d1/231/AUTH_b69aaac60a1f4086beb1095a89d0a0d3/gnocchi.018cd54d-93c1-4b2d-b4f2-94af8ae68e3f" 201 - "PUT http://172.20.0.100:6001/d1/911/AUTH_b69aaac60a1f4086beb1095a89d0a0d3/gnocchi.018cd54d-93c1-4b2d-b4f2-94af8ae68e3f" "tx5192ebf37d7c4b1d96653-0069733d76" "container-server 23" 0.0061 "-" 16 0
Jan 23 09:20:54 standalone container-server[122217]: 172.20.0.100 - - [23/Jan/2026:09:20:54 +0000] "PUT /d1/911/AUTH_b69aaac60a1f4086beb1095a89d0a0d3/gnocchi.018cd54d-93c1-4b2d-b4f2-94af8ae68e3f" 201 - "PUT http://localhost:8080/v1/AUTH_b69aaac60a1f4086beb1095a89d0a0d3/gnocchi.018cd54d-93c1-4b2d-b4f2-94af8ae68e3f" "tx5192ebf37d7c4b1d96653-0069733d76" "proxy-server 21" 0.0161 "-" 23 0
Jan 23 09:20:54 standalone proxy-server[123987]: 172.18.0.2 ::1 23/Jan/2026/09/20/54 PUT /v1/AUTH_b69aaac60a1f4086beb1095a89d0a0d3/gnocchi.018cd54d-93c1-4b2d-b4f2-94af8ae68e3f HTTP/1.0 201 - python-swiftclient-3.11.1 gAAAAABpczyvUCaU... - - - tx5192ebf37d7c4b1d96653-0069733d76 - 0.0199 - - 1769160054.524779081 1769160054.544651270 0
Jan 23 09:20:54 standalone container-server[122194]: 172.20.0.100 - - [23/Jan/2026:09:20:54 +0000] "HEAD /d1/911/AUTH_b69aaac60a1f4086beb1095a89d0a0d3/gnocchi.018cd54d-93c1-4b2d-b4f2-94af8ae68e3f" 204 - "HEAD http://localhost:8080/v1/AUTH_b69aaac60a1f4086beb1095a89d0a0d3/gnocchi.018cd54d-93c1-4b2d-b4f2-94af8ae68e3f?format=json&states=listing" "txf9518f84e4054779acf60-0069733d76" "proxy-server 21" 0.0030 "-" 20 0
Jan 23 09:20:54 standalone proxy-server[123987]: - - 23/Jan/2026/09/20/54 HEAD /v1/AUTH_b69aaac60a1f4086beb1095a89d0a0d3/gnocchi.018cd54d-93c1-4b2d-b4f2-94af8ae68e3f%3Fformat%3Djson%26states%3Dlisting HTTP/1.0 204 - Swift - - - - txf9518f84e4054779acf60-0069733d76 - 0.0067 RL - 1769160054.548119068 1769160054.554834366 0
Jan 23 09:20:54 standalone container-server[122217]: 172.20.0.100 - - [23/Jan/2026:09:20:54 +0000] "GET /d1/911/AUTH_b69aaac60a1f4086beb1095a89d0a0d3/gnocchi.018cd54d-93c1-4b2d-b4f2-94af8ae68e3f" 200 2 "GET http://localhost:8080/v1/AUTH_b69aaac60a1f4086beb1095a89d0a0d3/gnocchi.018cd54d-93c1-4b2d-b4f2-94af8ae68e3f?format=json&states=listing" "txf9518f84e4054779acf60-0069733d76" "proxy-server 21" 0.0015 "-" 23 0
Jan 23 09:20:54 standalone proxy-server[123987]: 172.18.0.2 ::1 23/Jan/2026/09/20/54 GET /v1/AUTH_b69aaac60a1f4086beb1095a89d0a0d3/gnocchi.018cd54d-93c1-4b2d-b4f2-94af8ae68e3f%3Fformat%3Djson%26states%3Dlisting HTTP/1.0 200 - python-swiftclient-3.11.1 gAAAAABpczyvUCaU... - 2 - txf9518f84e4054779acf60-0069733d76 - 0.0155 - - 1769160054.547310114 1769160054.562781334 0
Jan 23 09:20:54 standalone object-server[122391]: 172.20.0.100 - - [23/Jan/2026:09:20:54 +0000] "GET /d1/208/AUTH_b69aaac60a1f4086beb1095a89d0a0d3/gnocchi.018cd54d-93c1-4b2d-b4f2-94af8ae68e3f/1769040000.0_mean_300.0_v3" 404 70 "GET http://localhost:8080/v1/AUTH_b69aaac60a1f4086beb1095a89d0a0d3/gnocchi.018cd54d-93c1-4b2d-b4f2-94af8ae68e3f/1769040000.0_mean_300.0_v3" "txf2da24871522427e9390d-0069733d76" "proxy-server 21" 0.0004 "-" 25 0
Jan 23 09:20:54 standalone proxy-server[123987]: 172.18.0.2 ::1 23/Jan/2026/09/20/54 GET /v1/AUTH_b69aaac60a1f4086beb1095a89d0a0d3/gnocchi.018cd54d-93c1-4b2d-b4f2-94af8ae68e3f/1769040000.0_mean_300.0_v3 HTTP/1.0 404 - python-swiftclient-3.11.1 gAAAAABpczyvUCaU... - 70 - txf2da24871522427e9390d-0069733d76 - 0.0070 - - 1769160054.568958759 1769160054.575990677 0
Jan 23 09:20:54 standalone account-server[122094]: 172.20.0.100 - - [23/Jan/2026:09:20:54 +0000] "PUT /d1/231/AUTH_b69aaac60a1f4086beb1095a89d0a0d3/gnocchi.5a9d9e91-c72e-4f9e-9e19-f1a0b5ffeb82" 201 - "-" "-" "container-updater 2" 0.0004 "-" 14 0
Jan 23 09:20:54 standalone container-server[122194]: 172.20.0.100 - - [23/Jan/2026:09:20:54 +0000] "PUT /d1/911/AUTH_b69aaac60a1f4086beb1095a89d0a0d3/gnocchi.018cd54d-93c1-4b2d-b4f2-94af8ae68e3f/1769040000.0_mean_300.0_v3" 201 - "PUT http://localhost:8080/d1/208/AUTH_b69aaac60a1f4086beb1095a89d0a0d3/gnocchi.018cd54d-93c1-4b2d-b4f2-94af8ae68e3f/1769040000.0_mean_300.0_v3" "tx9dc035a045a14957b136f-0069733d76" "object-server 23" 0.0008 "-" 20 0
Jan 23 09:20:54 standalone object-server[122389]: 172.20.0.100 - - [23/Jan/2026:09:20:54 +0000] "PUT /d1/208/AUTH_b69aaac60a1f4086beb1095a89d0a0d3/gnocchi.018cd54d-93c1-4b2d-b4f2-94af8ae68e3f/1769040000.0_mean_300.0_v3" 201 - "PUT http://localhost:8080/v1/AUTH_b69aaac60a1f4086beb1095a89d0a0d3/gnocchi.018cd54d-93c1-4b2d-b4f2-94af8ae68e3f/1769040000.0_mean_300.0_v3" "tx9dc035a045a14957b136f-0069733d76" "proxy-server 21" 0.0089 "-" 23 0
Jan 23 09:20:54 standalone proxy-server[123987]: 172.18.0.2 ::1 23/Jan/2026/09/20/54 PUT /v1/AUTH_b69aaac60a1f4086beb1095a89d0a0d3/gnocchi.018cd54d-93c1-4b2d-b4f2-94af8ae68e3f/1769040000.0_mean_300.0_v3 HTTP/1.0 201 - python-swiftclient-3.11.1 gAAAAABpczyvUCaU... 16 - - tx9dc035a045a14957b136f-0069733d76 - 0.0161 - - 1769160054.580505610 1769160054.596637249 0
Jan 23 09:20:54 standalone container-server[122204]: 172.20.0.100 - - [23/Jan/2026:09:20:54 +0000] "PUT /d1/911/AUTH_b69aaac60a1f4086beb1095a89d0a0d3/gnocchi.018cd54d-93c1-4b2d-b4f2-94af8ae68e3f/none_v3" 201 - "PUT http://localhost:8080/d1/965/AUTH_b69aaac60a1f4086beb1095a89d0a0d3/gnocchi.018cd54d-93c1-4b2d-b4f2-94af8ae68e3f/none_v3" "tx211fa84257d647b2b8c41-0069733d76" "object-server 23" 0.0006 "-" 22 0
Jan 23 09:20:54 standalone object-server[122389]: 172.20.0.100 - - [23/Jan/2026:09:20:54 +0000] "PUT /d1/965/AUTH_b69aaac60a1f4086beb1095a89d0a0d3/gnocchi.018cd54d-93c1-4b2d-b4f2-94af8ae68e3f/none_v3" 201 - "PUT http://localhost:8080/v1/AUTH_b69aaac60a1f4086beb1095a89d0a0d3/gnocchi.018cd54d-93c1-4b2d-b4f2-94af8ae68e3f/none_v3" "tx211fa84257d647b2b8c41-0069733d76" "proxy-server 21" 0.0099 "-" 23 0
Jan 23 09:20:54 standalone proxy-server[123987]: 172.18.0.2 ::1 23/Jan/2026/09/20/54 PUT /v1/AUTH_b69aaac60a1f4086beb1095a89d0a0d3/gnocchi.018cd54d-93c1-4b2d-b4f2-94af8ae68e3f/none_v3 HTTP/1.0 201 - python-swiftclient-3.11.1 gAAAAABpczyvUCaU... 22 - - tx211fa84257d647b2b8c41-0069733d76 - 0.0169 - - 1769160054.600584507 1769160054.617520094 0
Jan 23 09:20:54 standalone container-server[122194]: 172.20.0.100 - - [23/Jan/2026:09:20:54 +0000] "HEAD /d1/181/AUTH_b69aaac60a1f4086beb1095a89d0a0d3/gnocchi.c1b39251-e513-4aea-b79c-7f48a08b6a96" 404 - "HEAD http://localhost:8080/v1/AUTH_b69aaac60a1f4086beb1095a89d0a0d3/gnocchi.c1b39251-e513-4aea-b79c-7f48a08b6a96?format=json&states=listing" "tx86b6fae3b4324200b0bde-0069733d76" "proxy-server 21" 0.0004 "-" 20 0
Jan 23 09:20:54 standalone object-server[122386]: 172.20.0.100 - - [23/Jan/2026:09:20:54 +0000] "GET /d1/406/AUTH_b69aaac60a1f4086beb1095a89d0a0d3/gnocchi.c1b39251-e513-4aea-b79c-7f48a08b6a96/none_v3" 404 70 "GET http://localhost:8080/v1/AUTH_b69aaac60a1f4086beb1095a89d0a0d3/gnocchi.c1b39251-e513-4aea-b79c-7f48a08b6a96/none_v3" "tx86b6fae3b4324200b0bde-0069733d76" "proxy-server 21" 0.0005 "-" 22 0
Jan 23 09:20:54 standalone proxy-server[123987]: 172.18.0.2 ::1 23/Jan/2026/09/20/54 GET /v1/AUTH_b69aaac60a1f4086beb1095a89d0a0d3/gnocchi.c1b39251-e513-4aea-b79c-7f48a08b6a96/none_v3 HTTP/1.0 404 - python-swiftclient-3.11.1 gAAAAABpczyvUCaU... - 70 - tx86b6fae3b4324200b0bde-0069733d76 - 0.0126 - - 1769160054.634397030 1769160054.647027254 0
Jan 23 09:20:54 standalone account-server[122114]: 172.20.0.100 - - [23/Jan/2026:09:20:54 +0000] "PUT /d1/231/AUTH_b69aaac60a1f4086beb1095a89d0a0d3/gnocchi.c1b39251-e513-4aea-b79c-7f48a08b6a96" 201 - "PUT http://172.20.0.100:6001/d1/181/AUTH_b69aaac60a1f4086beb1095a89d0a0d3/gnocchi.c1b39251-e513-4aea-b79c-7f48a08b6a96" "tx4e8a1fa86e1c4b808d95d-0069733d76" "container-server 20" 0.0047 "-" 17 0
Jan 23 09:20:54 standalone container-server[122194]: 172.20.0.100 - - [23/Jan/2026:09:20:54 +0000] "PUT /d1/181/AUTH_b69aaac60a1f4086beb1095a89d0a0d3/gnocchi.c1b39251-e513-4aea-b79c-7f48a08b6a96" 201 - "PUT http://localhost:8080/v1/AUTH_b69aaac60a1f4086beb1095a89d0a0d3/gnocchi.c1b39251-e513-4aea-b79c-7f48a08b6a96" "tx4e8a1fa86e1c4b808d95d-0069733d76" "proxy-server 21" 0.0152 "-" 20 0
Jan 23 09:20:54 standalone proxy-server[123987]: 172.18.0.2 ::1 23/Jan/2026/09/20/54 PUT /v1/AUTH_b69aaac60a1f4086beb1095a89d0a0d3/gnocchi.c1b39251-e513-4aea-b79c-7f48a08b6a96 HTTP/1.0 201 - python-swiftclient-3.11.1 gAAAAABpczyvUCaU... - - - tx4e8a1fa86e1c4b808d95d-0069733d76 - 0.0206 - - 1769160054.651185989 1769160054.671757460 0
Jan 23 09:20:54 standalone account-server[122114]: 172.20.0.100 - - [23/Jan/2026:09:20:54 +0000] "PUT /d1/231/AUTH_b69aaac60a1f4086beb1095a89d0a0d3/gnocchi.d8bf80d3-e1b8-443e-9c85-1731f62c92cc" 201 - "-" "-" "container-updater 2" 0.0004 "-" 17 0
Jan 23 09:20:54 standalone container-server[122200]: 172.20.0.100 - - [23/Jan/2026:09:20:54 +0000] "HEAD /d1/181/AUTH_b69aaac60a1f4086beb1095a89d0a0d3/gnocchi.c1b39251-e513-4aea-b79c-7f48a08b6a96" 204 - "HEAD http://localhost:8080/v1/AUTH_b69aaac60a1f4086beb1095a89d0a0d3/gnocchi.c1b39251-e513-4aea-b79c-7f48a08b6a96?format=json&states=listing" "tx4d958a311a4a4c3581fd8-0069733d76" "proxy-server 21" 0.0011 "-" 21 0
Jan 23 09:20:54 standalone proxy-server[123987]: - - 23/Jan/2026/09/20/54 HEAD /v1/AUTH_b69aaac60a1f4086beb1095a89d0a0d3/gnocchi.c1b39251-e513-4aea-b79c-7f48a08b6a96%3Fformat%3Djson%26states%3Dlisting HTTP/1.0 204 - Swift - - - - tx4d958a311a4a4c3581fd8-0069733d76 - 0.0041 RL - 1769160054.676334858 1769160054.680437803 0
Jan 23 09:20:54 standalone container-server[122194]: 172.20.0.100 - - [23/Jan/2026:09:20:54 +0000] "GET /d1/181/AUTH_b69aaac60a1f4086beb1095a89d0a0d3/gnocchi.c1b39251-e513-4aea-b79c-7f48a08b6a96" 200 2 "GET http://localhost:8080/v1/AUTH_b69aaac60a1f4086beb1095a89d0a0d3/gnocchi.c1b39251-e513-4aea-b79c-7f48a08b6a96?format=json&states=listing" "tx4d958a311a4a4c3581fd8-0069733d76" "proxy-server 21" 0.0018 "-" 20 0
Jan 23 09:20:54 standalone proxy-server[123987]: 172.18.0.2 ::1 23/Jan/2026/09/20/54 GET /v1/AUTH_b69aaac60a1f4086beb1095a89d0a0d3/gnocchi.c1b39251-e513-4aea-b79c-7f48a08b6a96%3Fformat%3Djson%26states%3Dlisting HTTP/1.0 200 - python-swiftclient-3.11.1 gAAAAABpczyvUCaU... - 2 - tx4d958a311a4a4c3581fd8-0069733d76 - 0.0118 - - 1769160054.675386667 1769160054.687175274 0
Jan 23 09:20:54 standalone object-server[122386]: 172.20.0.100 - - [23/Jan/2026:09:20:54 +0000] "GET /d1/464/AUTH_b69aaac60a1f4086beb1095a89d0a0d3/gnocchi.c1b39251-e513-4aea-b79c-7f48a08b6a96/1769040000.0_mean_300.0_v3" 404 70 "GET http://localhost:8080/v1/AUTH_b69aaac60a1f4086beb1095a89d0a0d3/gnocchi.c1b39251-e513-4aea-b79c-7f48a08b6a96/1769040000.0_mean_300.0_v3" "tx35124ac968da408e8d3d7-0069733d76" "proxy-server 21" 0.0005 "-" 22 0
Jan 23 09:20:54 standalone proxy-server[123987]: 172.18.0.2 ::1 23/Jan/2026/09/20/54 GET /v1/AUTH_b69aaac60a1f4086beb1095a89d0a0d3/gnocchi.c1b39251-e513-4aea-b79c-7f48a08b6a96/1769040000.0_mean_300.0_v3 HTTP/1.0 404 - python-swiftclient-3.11.1 gAAAAABpczyvUCaU... - 70 - tx35124ac968da408e8d3d7-0069733d76 - 0.0068 - - 1769160054.691193104 1769160054.697951794 0
Jan 23 09:20:54 standalone container-server[122204]: 172.20.0.100 - - [23/Jan/2026:09:20:54 +0000] "PUT /d1/181/AUTH_b69aaac60a1f4086beb1095a89d0a0d3/gnocchi.c1b39251-e513-4aea-b79c-7f48a08b6a96/1769040000.0_mean_300.0_v3" 201 - "PUT http://localhost:8080/d1/464/AUTH_b69aaac60a1f4086beb1095a89d0a0d3/gnocchi.c1b39251-e513-4aea-b79c-7f48a08b6a96/1769040000.0_mean_300.0_v3" "tx54d158c7d8ae4b16b0eb6-0069733d76" "object-server 25" 0.0011 "-" 22 0
Jan 23 09:20:54 standalone object-server[122391]: 172.20.0.100 - - [23/Jan/2026:09:20:54 +0000] "PUT /d1/464/AUTH_b69aaac60a1f4086beb1095a89d0a0d3/gnocchi.c1b39251-e513-4aea-b79c-7f48a08b6a96/1769040000.0_mean_300.0_v3" 201 - "PUT http://localhost:8080/v1/AUTH_b69aaac60a1f4086beb1095a89d0a0d3/gnocchi.c1b39251-e513-4aea-b79c-7f48a08b6a96/1769040000.0_mean_300.0_v3" "tx54d158c7d8ae4b16b0eb6-0069733d76" "proxy-server 21" 0.0115 "-" 25 0
Jan 23 09:20:54 standalone proxy-server[123987]: 172.18.0.2 ::1 23/Jan/2026/09/20/54 PUT /v1/AUTH_b69aaac60a1f4086beb1095a89d0a0d3/gnocchi.c1b39251-e513-4aea-b79c-7f48a08b6a96/1769040000.0_mean_300.0_v3 HTTP/1.0 201 - python-swiftclient-3.11.1 gAAAAABpczyvUCaU... 16 - - tx54d158c7d8ae4b16b0eb6-0069733d76 - 0.0174 - - 1769160054.703434706 1769160054.720836163 0
