Jan 23 09:05:56 standalone account-server[121936]: Started child 14 from parent 2
Jan 23 09:05:56 standalone account-server[121936]: Started child 15 from parent 2
Jan 23 09:05:56 standalone account-server[121936]: Started child 16 from parent 2
Jan 23 09:05:56 standalone account-server[121936]: Started child 17 from parent 2
Jan 23 09:05:56 standalone account-server[121945]: Starting 2
Jan 23 09:05:56 standalone container-server[121919]: Option allow_versions is deprecated. Configure the versioned_writes middleware in the proxy-server instead. This option will be ignored in a future release.
Jan 23 09:05:56 standalone container-server[122194]: Option allow_versions is deprecated. Configure the versioned_writes middleware in the proxy-server instead. This option will be ignored in a future release.
Jan 23 09:05:56 standalone container-server[121919]: Started child 20 from parent 2
Jan 23 09:05:57 standalone container-server[122200]: Option allow_versions is deprecated. Configure the versioned_writes middleware in the proxy-server instead. This option will be ignored in a future release.
Jan 23 09:05:57 standalone container-server[121919]: Started child 21 from parent 2
Jan 23 09:05:57 standalone container-server[122204]: Option allow_versions is deprecated. Configure the versioned_writes middleware in the proxy-server instead. This option will be ignored in a future release.
Jan 23 09:05:57 standalone container-server[121919]: Started child 22 from parent 2
Jan 23 09:05:57 standalone container-server[122217]: Option allow_versions is deprecated. Configure the versioned_writes middleware in the proxy-server instead. This option will be ignored in a future release.
Jan 23 09:05:57 standalone container-server[121919]: Started child 23 from parent 2
Jan 23 09:05:57 standalone container-server[122130]: Starting 2
Jan 23 09:05:57 standalone object-expirer[122246]: Starting 2
Jan 23 09:05:57 standalone object-expirer[122246]: Option auto_create_account_prefix is deprecated. Configure auto_create_account_prefix under the swift-constraints section of swift.conf. This option will be ignored in a future release.
Jan 23 09:05:57 standalone object-server[122293]: Starting 2
Jan 23 09:05:57 standalone object-server[122290]: Started child 22 from parent 2
Jan 23 09:05:58 standalone object-server[122290]: Started child 23 from parent 2
Jan 23 09:05:58 standalone object-server[122290]: Started child 24 from parent 2
Jan 23 09:05:58 standalone object-server[122290]: Started child 25 from parent 2
Jan 23 09:06:03 standalone proxy-server[123733]: Starting Keystone auth_token middleware
Jan 23 09:06:04 standalone proxy-server[123733]: AuthToken middleware is set with keystone_authtoken.service_token_roles_required set to False. This is backwards compatible but deprecated behaviour. Please set this to True.
Jan 23 09:06:04 standalone proxy-server[123987]: Starting Keystone auth_token middleware
Jan 23 09:06:04 standalone proxy-server[123987]: STDERR: The option "bind_port" is not known to keystonemiddleware
Jan 23 09:06:04 standalone proxy-server[123987]: STDERR: The option "workers" is not known to keystonemiddleware
Jan 23 09:06:04 standalone proxy-server[123987]: STDERR: The option "user" is not known to keystonemiddleware
Jan 23 09:06:04 standalone proxy-server[123987]: STDERR: The option "bind_ip" is not known to keystonemiddleware
Jan 23 09:06:04 standalone proxy-server[123987]: STDERR: The option "log_name" is not known to keystonemiddleware
Jan 23 09:06:04 standalone proxy-server[123987]: STDERR: The option "log_facility" is not known to keystonemiddleware
Jan 23 09:06:04 standalone proxy-server[123987]: STDERR: The option "log_level" is not known to keystonemiddleware
Jan 23 09:06:04 standalone proxy-server[123987]: STDERR: The option "log_headers" is not known to keystonemiddleware
Jan 23 09:06:04 standalone proxy-server[123987]: STDERR: The option "log_address" is not known to keystonemiddleware
Jan 23 09:06:04 standalone proxy-server[123987]: STDERR: The option "project_name" is not known to keystonemiddleware
Jan 23 09:06:04 standalone proxy-server[123987]: STDERR: The option "username" is not known to keystonemiddleware
Jan 23 09:06:04 standalone proxy-server[123987]: STDERR: The option "password" is not known to keystonemiddleware
Jan 23 09:06:04 standalone proxy-server[123987]: STDERR: The option "auth_url" is not known to keystonemiddleware
Jan 23 09:06:04 standalone proxy-server[123987]: STDERR: The option "signing_dir" is not known to keystonemiddleware
Jan 23 09:06:04 standalone proxy-server[123987]: STDERR: The option "project_domain_id" is not known to keystonemiddleware
Jan 23 09:06:04 standalone proxy-server[123987]: STDERR: The option "user_domain_id" is not known to keystonemiddleware
Jan 23 09:06:04 standalone proxy-server[123987]: STDERR: The option "__name__" is not known to keystonemiddleware
Jan 23 09:06:04 standalone proxy-server[123987]: AuthToken middleware is set with keystone_authtoken.service_token_roles_required set to False. This is backwards compatible but deprecated behaviour. Please set this to True.
Jan 23 09:06:04 standalone proxy-server[123733]: Started child 21 from parent 2
Jan 23 09:08:50 standalone account-server[122105]: 172.20.0.100 - - [23/Jan/2026:09:08:50 +0000] "HEAD /d1/501/.expiring_objects" 404 - "HEAD http://localhost/v1/.expiring_objects?format=json" "txc0bab96e3d6840dbbf97b-0069733aa2" "proxy-server 2" 0.0019 "-" 15 -
Jan 23 09:08:50 standalone object-expirer[122246]: Pass completed in 0s; 0 objects expired (txn: txc0bab96e3d6840dbbf97b-0069733aa2)
Jan 23 09:10:11 standalone object-server[122293]: Begin object update sweep
Jan 23 09:10:11 standalone object-server[151889]: Object update sweep starting on /srv/node/d1 (pid: 12)
Jan 23 09:10:11 standalone object-server[151889]: Object update sweep completed on /srv/node/d1 in 0.00s seconds:, 0 successes, 0 failures, 0 quarantines, 0 unlinks, 0 errors, 0 redirects (pid: 12)
Jan 23 09:10:11 standalone object-server[151889]: Object update sweep of d1 completed: 0.00s, 0 successes, 0 failures, 0 quarantines, 0 unlinks, 0 errors, 0 redirects
Jan 23 09:10:12 standalone object-server[122293]: Object update sweep completed: 0.08s
Jan 23 09:10:53 standalone container-server[122130]: Begin container update sweep
Jan 23 09:10:53 standalone container-server[122130]: Container update sweep completed: 0.00s
Jan 23 09:11:59 standalone account-server[122094]: 172.20.0.100 - - [23/Jan/2026:09:11:59 +0000] "HEAD /d1/501/.expiring_objects" 404 - "HEAD http://localhost/v1/.expiring_objects?format=json" "txa3fe427d71a94cb1a5b96-0069733b5f" "proxy-server 2" 0.0010 "-" 14 -
Jan 23 09:11:59 standalone object-expirer[122246]: Pass completed in 0s; 0 objects expired (txn: txa3fe427d71a94cb1a5b96-0069733b5f)
Jan 23 09:12:31 standalone account-server[122105]: 172.20.0.100 - - [23/Jan/2026:09:12:31 +0000] "HEAD /d1/231/AUTH_b69aaac60a1f4086beb1095a89d0a0d3" 404 - "HEAD http://localhost:8080/v1/AUTH_b69aaac60a1f4086beb1095a89d0a0d3?format=json" "txe81e70386b124a2ab70cc-0069733b7f" "proxy-server 21" 0.0004 "-" 15 -
Jan 23 09:12:31 standalone proxy-server[123987]: - - 23/Jan/2026/09/12/31 HEAD /v1/AUTH_b69aaac60a1f4086beb1095a89d0a0d3%3Fformat%3Djson HTTP/1.0 200 - Swift - - - - txe81e70386b124a2ab70cc-0069733b7f - 0.0050 RL - 1769159551.170865059 1769159551.175890684 -
Jan 23 09:12:31 standalone proxy-server[123987]: 172.18.0.2 ::1 23/Jan/2026/09/12/31 HEAD /v1/AUTH_b69aaac60a1f4086beb1095a89d0a0d3/glance%3Fformat%3Djson HTTP/1.0 404 - python-swiftclient-3.11.1 gAAAAABpczt_Tpwt... - - - txe81e70386b124a2ab70cc-0069733b7f - 0.4681 - - 1769159551.165293217 1769159551.633408070 -
Jan 23 09:12:31 standalone account-server[122114]: 172.20.0.100 - - [23/Jan/2026:09:12:31 +0000] "PUT /d1/231/AUTH_b69aaac60a1f4086beb1095a89d0a0d3" 201 - "-" "txfaec48935f8c425a9fb70-0069733b7f" "-" 0.0166 "-" 17 -
Jan 23 09:12:31 standalone proxy-server[123987]: autocreate account '/AUTH_b69aaac60a1f4086beb1095a89d0a0d3' (txn: txfaec48935f8c425a9fb70-0069733b7f)
Jan 23 09:12:31 standalone account-server[122110]: 172.20.0.100 - - [23/Jan/2026:09:12:31 +0000] "HEAD /d1/231/AUTH_b69aaac60a1f4086beb1095a89d0a0d3" 204 - "HEAD http://localhost:8080/v1/AUTH_b69aaac60a1f4086beb1095a89d0a0d3?format=json" "txfaec48935f8c425a9fb70-0069733b7f" "proxy-server 21" 0.0021 "-" 16 -
Jan 23 09:12:31 standalone account-server[122105]: 172.20.0.100 - - [23/Jan/2026:09:12:31 +0000] "PUT /d1/231/AUTH_b69aaac60a1f4086beb1095a89d0a0d3/glance" 201 - "PUT http://172.20.0.100:6001/d1/485/AUTH_b69aaac60a1f4086beb1095a89d0a0d3/glance" "txfaec48935f8c425a9fb70-0069733b7f" "container-server 23" 0.0015 "-" 15 0
Jan 23 09:12:31 standalone container-server[122217]: 172.20.0.100 - - [23/Jan/2026:09:12:31 +0000] "PUT /d1/485/AUTH_b69aaac60a1f4086beb1095a89d0a0d3/glance" 201 - "PUT http://localhost:8080/v1/AUTH_b69aaac60a1f4086beb1095a89d0a0d3/glance" "txfaec48935f8c425a9fb70-0069733b7f" "proxy-server 21" 0.0121 "-" 23 0
Jan 23 09:12:31 standalone proxy-server[123987]: 172.18.0.2 ::1 23/Jan/2026/09/12/31 PUT /v1/AUTH_b69aaac60a1f4086beb1095a89d0a0d3/glance HTTP/1.0 201 - python-swiftclient-3.11.1 gAAAAABpczt_Tpwt... - - - txfaec48935f8c425a9fb70-0069733b7f - 0.0476 - - 1769159551.639998674 1769159551.687574863 0
Jan 23 09:12:31 standalone container-server[122200]: 172.20.0.100 - - [23/Jan/2026:09:12:31 +0000] "HEAD /d1/485/AUTH_b69aaac60a1f4086beb1095a89d0a0d3/glance" 204 - "HEAD http://localhost:8080/v1/AUTH_b69aaac60a1f4086beb1095a89d0a0d3/glance?format=json&states=listing" "tx805afff084d3404dbf47e-0069733b7f" "proxy-server 21" 0.0023 "-" 21 0
Jan 23 09:12:31 standalone proxy-server[123987]: - - 23/Jan/2026/09/12/31 HEAD /v1/AUTH_b69aaac60a1f4086beb1095a89d0a0d3/glance%3Fformat%3Djson%26states%3Dlisting HTTP/1.0 204 - Swift - - - - tx805afff084d3404dbf47e-0069733b7f - 0.0161 RL - 1769159551.693962812 1769159551.710108995 0
Jan 23 09:12:51 standalone container-server[122204]: 172.20.0.100 - - [23/Jan/2026:09:12:51 +0000] "PUT /d1/485/AUTH_b69aaac60a1f4086beb1095a89d0a0d3/glance/13c36d0f-be40-4200-a763-a3c137a13ab1" 201 - "PUT http://localhost:8080/d1/702/AUTH_b69aaac60a1f4086beb1095a89d0a0d3/glance/13c36d0f-be40-4200-a763-a3c137a13ab1" "tx805afff084d3404dbf47e-0069733b7f" "object-server 24" 0.0015 "-" 22 0
Jan 23 09:12:51 standalone object-server[122390]: 172.20.0.100 - - [23/Jan/2026:09:12:51 +0000] "PUT /d1/702/AUTH_b69aaac60a1f4086beb1095a89d0a0d3/glance/13c36d0f-be40-4200-a763-a3c137a13ab1" 201 - "PUT http://localhost:8080/v1/AUTH_b69aaac60a1f4086beb1095a89d0a0d3/glance/13c36d0f-be40-4200-a763-a3c137a13ab1" "tx805afff084d3404dbf47e-0069733b7f" "proxy-server 21" 19.4943 "-" 24 0
Jan 23 09:12:51 standalone proxy-server[123987]: 172.18.0.2 ::1 23/Jan/2026/09/12/51 PUT /v1/AUTH_b69aaac60a1f4086beb1095a89d0a0d3/glance/13c36d0f-be40-4200-a763-a3c137a13ab1 HTTP/1.0 201 - python-swiftclient-3.11.1 gAAAAABpczt_Tpwt... 1472724992 - - tx805afff084d3404dbf47e-0069733b7f - 19.5214 - - 1769159551.693018198 1769159571.214387655 0
Jan 23 09:13:34 standalone account-server[122094]: 172.20.0.100 - - [23/Jan/2026:09:13:34 +0000] "HEAD /d1/501/.expiring_objects" 404 - "HEAD http://localhost/v1/.expiring_objects?format=json" "txa9ebe9c76fb34fff9a79b-0069733bbe" "proxy-server 2" 0.0003 "-" 14 -
Jan 23 09:13:34 standalone object-expirer[122246]: Pass completed in 0s; 0 objects expired (txn: txa9ebe9c76fb34fff9a79b-0069733bbe)
Jan 23 09:15:12 standalone object-server[122293]: Begin object update sweep
Jan 23 09:15:12 standalone object-server[191795]: Object update sweep starting on /srv/node/d1 (pid: 13)
Jan 23 09:15:12 standalone object-server[191795]: Object update sweep completed on /srv/node/d1 in 0.00s seconds:, 0 successes, 0 failures, 0 quarantines, 0 unlinks, 0 errors, 0 redirects (pid: 13)
Jan 23 09:15:12 standalone object-server[191795]: Object update sweep of d1 completed: 0.00s, 0 successes, 0 failures, 0 quarantines, 0 unlinks, 0 errors, 0 redirects
Jan 23 09:15:12 standalone object-server[122293]: Object update sweep completed: 0.08s
Jan 23 09:15:53 standalone container-server[122130]: Begin container update sweep
Jan 23 09:15:53 standalone account-server[122094]: 172.20.0.100 - - [23/Jan/2026:09:15:53 +0000] "PUT /d1/231/AUTH_b69aaac60a1f4086beb1095a89d0a0d3/glance" 201 - "-" "-" "container-updater 2" 0.0014 "-" 14 0
Jan 23 09:15:53 standalone container-server[122130]: Container update sweep completed: 0.10s
Jan 23 09:16:05 standalone account-server[122105]: 172.20.0.100 - - [23/Jan/2026:09:16:05 +0000] "HEAD /d1/501/.expiring_objects" 404 - "HEAD http://localhost/v1/.expiring_objects?format=json" "tx6be07c5abcce4b6cad935-0069733c55" "proxy-server 2" 0.0006 "-" 15 -
Jan 23 09:16:05 standalone object-expirer[122246]: Pass completed in 0s; 0 objects expired (txn: tx6be07c5abcce4b6cad935-0069733c55)
Jan 23 09:16:30 standalone account-server[122094]: 172.20.0.100 - - [23/Jan/2026:09:16:30 +0000] "HEAD /d1/501/.expiring_objects" 404 - "HEAD http://localhost/v1/.expiring_objects?format=json" "tx1717cd4abd23455eb1b50-0069733c6e" "proxy-server 2" 0.0006 "-" 14 -
Jan 23 09:16:30 standalone object-expirer[122246]: Pass completed in 0s; 0 objects expired (txn: tx1717cd4abd23455eb1b50-0069733c6e)
Jan 23 09:17:31 standalone account-server[122110]: 172.20.0.100 - - [23/Jan/2026:09:17:31 +0000] "HEAD /d1/231/AUTH_b69aaac60a1f4086beb1095a89d0a0d3" 204 - "HEAD http://localhost:8080/v1/AUTH_b69aaac60a1f4086beb1095a89d0a0d3?format=json" "txfd697bb4d20c42f18f32d-0069733cab" "proxy-server 21" 0.0098 "-" 16 -
Jan 23 09:17:31 standalone proxy-server[123987]: - - 23/Jan/2026/09/17/31 HEAD /v1/AUTH_b69aaac60a1f4086beb1095a89d0a0d3%3Fformat%3Djson HTTP/1.0 204 - Swift - - - - txfd697bb4d20c42f18f32d-0069733cab - 0.0168 RL - 1769159851.926297665 1769159851.943128824 -
Jan 23 09:17:32 standalone container-server[122200]: 172.20.0.100 - - [23/Jan/2026:09:17:32 +0000] "HEAD /d1/485/AUTH_b69aaac60a1f4086beb1095a89d0a0d3/glance" 204 - "HEAD http://localhost:8080/v1/AUTH_b69aaac60a1f4086beb1095a89d0a0d3/glance?format=json&states=listing" "txfd697bb4d20c42f18f32d-0069733cab" "proxy-server 21" 0.0016 "-" 21 0
Jan 23 09:17:32 standalone proxy-server[123987]: 172.18.0.2 ::1 23/Jan/2026/09/17/32 HEAD /v1/AUTH_b69aaac60a1f4086beb1095a89d0a0d3/glance%3Fformat%3Djson%26states%3Dlisting HTTP/1.0 204 - python-swiftclient-3.11.1 gAAAAABpczyr5XX8... - - - txfd697bb4d20c42f18f32d-0069733cab - 0.1365 - - 1769159851.924985409 1769159852.061470985 0
Jan 23 09:17:35 standalone container-server[122204]: 172.20.0.100 - - [23/Jan/2026:09:17:35 +0000] "PUT /d1/485/AUTH_b69aaac60a1f4086beb1095a89d0a0d3/glance/9043df0c-fe90-4790-9119-4f23b1d42ebb-00001" 201 - "PUT http://localhost:8080/d1/677/AUTH_b69aaac60a1f4086beb1095a89d0a0d3/glance/9043df0c-fe90-4790-9119-4f23b1d42ebb-00001" "tx1e085b2ad09e47f8b58e0-0069733cac" "object-server 24" 0.0005 "-" 22 0
Jan 23 09:17:35 standalone object-server[122390]: 172.20.0.100 - - [23/Jan/2026:09:17:35 +0000] "PUT /d1/677/AUTH_b69aaac60a1f4086beb1095a89d0a0d3/glance/9043df0c-fe90-4790-9119-4f23b1d42ebb-00001" 201 - "PUT http://localhost:8080/v1/AUTH_b69aaac60a1f4086beb1095a89d0a0d3/glance/9043df0c-fe90-4790-9119-4f23b1d42ebb-00001" "tx1e085b2ad09e47f8b58e0-0069733cac" "proxy-server 21" 2.9647 "-" 24 0
Jan 23 09:17:35 standalone proxy-server[123987]: 172.18.0.2 ::1 23/Jan/2026/09/17/35 PUT /v1/AUTH_b69aaac60a1f4086beb1095a89d0a0d3/glance/9043df0c-fe90-4790-9119-4f23b1d42ebb-00001 HTTP/1.0 201 - python-swiftclient-3.11.1 gAAAAABpczyr5XX8... 21692416 - - tx1e085b2ad09e47f8b58e0-0069733cac - 2.9755 - - 1769159852.070452690 1769159855.045935631 0
Jan 23 09:17:35 standalone container-server[122204]: 172.20.0.100 - - [23/Jan/2026:09:17:35 +0000] "PUT /d1/485/AUTH_b69aaac60a1f4086beb1095a89d0a0d3/glance/9043df0c-fe90-4790-9119-4f23b1d42ebb" 201 - "PUT http://localhost:8080/d1/924/AUTH_b69aaac60a1f4086beb1095a89d0a0d3/glance/9043df0c-fe90-4790-9119-4f23b1d42ebb" "tx2b21dfc4d0964f20b9726-0069733caf" "object-server 24" 0.0004 "-" 22 0
Jan 23 09:17:35 standalone object-server[122390]: 172.20.0.100 - - [23/Jan/2026:09:17:35 +0000] "PUT /d1/924/AUTH_b69aaac60a1f4086beb1095a89d0a0d3/glance/9043df0c-fe90-4790-9119-4f23b1d42ebb" 201 - "PUT http://localhost:8080/v1/AUTH_b69aaac60a1f4086beb1095a89d0a0d3/glance/9043df0c-fe90-4790-9119-4f23b1d42ebb" "tx2b21dfc4d0964f20b9726-0069733caf" "proxy-server 21" 0.0098 "-" 24 0
Jan 23 09:17:35 standalone proxy-server[123987]: 172.18.0.2 ::1 23/Jan/2026/09/17/35 PUT /v1/AUTH_b69aaac60a1f4086beb1095a89d0a0d3/glance/9043df0c-fe90-4790-9119-4f23b1d42ebb HTTP/1.0 201 - python-swiftclient-3.11.1 gAAAAABpczyr5XX8... - - - tx2b21dfc4d0964f20b9726-0069733caf - 0.0188 - - 1769159855.050999403 1769159855.069809675 0
Jan 23 09:17:35 standalone container-server[122204]: 172.20.0.100 - - [23/Jan/2026:09:17:35 +0000] "HEAD /d1/465/AUTH_b69aaac60a1f4086beb1095a89d0a0d3/gnocchi.09249f88-4876-4d27-b85e-48c3fa248476" 404 - "HEAD http://localhost:8080/v1/AUTH_b69aaac60a1f4086beb1095a89d0a0d3/gnocchi.09249f88-4876-4d27-b85e-48c3fa248476?format=json&states=listing" "tx8ef79ce0e78449589fc82-0069733caf" "proxy-server 21" 0.0012 "-" 22 0
Jan 23 09:17:35 standalone object-server[122390]: 172.20.0.100 - - [23/Jan/2026:09:17:35 +0000] "GET /d1/1010/AUTH_b69aaac60a1f4086beb1095a89d0a0d3/gnocchi.09249f88-4876-4d27-b85e-48c3fa248476/none_v3" 404 70 "GET http://localhost:8080/v1/AUTH_b69aaac60a1f4086beb1095a89d0a0d3/gnocchi.09249f88-4876-4d27-b85e-48c3fa248476/none_v3" "tx8ef79ce0e78449589fc82-0069733caf" "proxy-server 21" 0.0004 "-" 24 0
Jan 23 09:17:35 standalone proxy-server[123987]: 172.18.0.2 ::1 23/Jan/2026/09/17/35 GET /v1/AUTH_b69aaac60a1f4086beb1095a89d0a0d3/gnocchi.09249f88-4876-4d27-b85e-48c3fa248476/none_v3 HTTP/1.0 404 - python-swiftclient-3.11.1 gAAAAABpczyvUCaU... - 70 - tx8ef79ce0e78449589fc82-0069733caf - 0.0335 - - 1769159855.724254131 1769159855.757770061 0
Jan 23 09:17:35 standalone account-server[122094]: 172.20.0.100 - - [23/Jan/2026:09:17:35 +0000] "PUT /d1/231/AUTH_b69aaac60a1f4086beb1095a89d0a0d3/gnocchi.09249f88-4876-4d27-b85e-48c3fa248476" 201 - "PUT http://172.20.0.100:6001/d1/465/AUTH_b69aaac60a1f4086beb1095a89d0a0d3/gnocchi.09249f88-4876-4d27-b85e-48c3fa248476" "txd049cff87c5b45a3b2821-0069733caf" "container-server 23" 0.0020 "-" 14 0
Jan 23 09:17:35 standalone container-server[122217]: 172.20.0.100 - - [23/Jan/2026:09:17:35 +0000] "PUT /d1/465/AUTH_b69aaac60a1f4086beb1095a89d0a0d3/gnocchi.09249f88-4876-4d27-b85e-48c3fa248476" 201 - "PUT http://localhost:8080/v1/AUTH_b69aaac60a1f4086beb1095a89d0a0d3/gnocchi.09249f88-4876-4d27-b85e-48c3fa248476" "txd049cff87c5b45a3b2821-0069733caf" "proxy-server 21" 0.0152 "-" 23 0
Jan 23 09:17:35 standalone proxy-server[123987]: 172.18.0.2 ::1 23/Jan/2026/09/17/35 PUT /v1/AUTH_b69aaac60a1f4086beb1095a89d0a0d3/gnocchi.09249f88-4876-4d27-b85e-48c3fa248476 HTTP/1.0 201 - python-swiftclient-3.11.1 gAAAAABpczyvUCaU... - - - txd049cff87c5b45a3b2821-0069733caf - 0.0196 - - 1769159855.765793324 1769159855.785377741 0
Jan 23 09:17:35 standalone container-server[122200]: 172.20.0.100 - - [23/Jan/2026:09:17:35 +0000] "HEAD /d1/465/AUTH_b69aaac60a1f4086beb1095a89d0a0d3/gnocchi.09249f88-4876-4d27-b85e-48c3fa248476" 204 - "HEAD http://localhost:8080/v1/AUTH_b69aaac60a1f4086beb1095a89d0a0d3/gnocchi.09249f88-4876-4d27-b85e-48c3fa248476?format=json&states=listing" "txb798a4408827424f9a380-0069733caf" "proxy-server 21" 0.0042 "-" 21 0
Jan 23 09:17:35 standalone proxy-server[123987]: - - 23/Jan/2026/09/17/35 HEAD /v1/AUTH_b69aaac60a1f4086beb1095a89d0a0d3/gnocchi.09249f88-4876-4d27-b85e-48c3fa248476%3Fformat%3Djson%26states%3Dlisting HTTP/1.0 204 - Swift - - - - txb798a4408827424f9a380-0069733caf - 0.0087 RL - 1769159855.792406082 1769159855.801142216 0
Jan 23 09:17:35 standalone container-server[122200]: 172.20.0.100 - - [23/Jan/2026:09:17:35 +0000] "GET /d1/465/AUTH_b69aaac60a1f4086beb1095a89d0a0d3/gnocchi.09249f88-4876-4d27-b85e-48c3fa248476" 200 2 "GET http://localhost:8080/v1/AUTH_b69aaac60a1f4086beb1095a89d0a0d3/gnocchi.09249f88-4876-4d27-b85e-48c3fa248476?format=json&states=listing" "txb798a4408827424f9a380-0069733caf" "proxy-server 21" 0.0038 "-" 21 0
Jan 23 09:17:35 standalone proxy-server[123987]: 172.18.0.2 ::1 23/Jan/2026/09/17/35 GET /v1/AUTH_b69aaac60a1f4086beb1095a89d0a0d3/gnocchi.09249f88-4876-4d27-b85e-48c3fa248476%3Fformat%3Djson%26states%3Dlisting HTTP/1.0 200 - python-swiftclient-3.11.1 gAAAAABpczyvUCaU... - 2 - txb798a4408827424f9a380-0069733caf - 0.0204 - - 1769159855.791363955 1769159855.811812639 0
Jan 23 09:17:35 standalone object-server[122390]: 172.20.0.100 - - [23/Jan/2026:09:17:35 +0000] "GET /d1/101/AUTH_b69aaac60a1f4086beb1095a89d0a0d3/gnocchi.09249f88-4876-4d27-b85e-48c3fa248476/1769040000.0_mean_300.0_v3" 404 70 "GET http://localhost:8080/v1/AUTH_b69aaac60a1f4086beb1095a89d0a0d3/gnocchi.09249f88-4876-4d27-b85e-48c3fa248476/1769040000.0_mean_300.0_v3" "tx63e8ec18e9eb404bae641-0069733caf" "proxy-server 21" 0.0003 "-" 24 0
Jan 23 09:17:35 standalone proxy-server[123987]: 172.18.0.2 ::1 23/Jan/2026/09/17/35 GET /v1/AUTH_b69aaac60a1f4086beb1095a89d0a0d3/gnocchi.09249f88-4876-4d27-b85e-48c3fa248476/1769040000.0_mean_300.0_v3 HTTP/1.0 404 - python-swiftclient-3.11.1 gAAAAABpczyvUCaU... - 70 - tx63e8ec18e9eb404bae641-0069733caf - 0.0040 - - 1769159855.817301035 1769159855.821326733 0
Jan 23 09:17:35 standalone container-server[122200]: 172.20.0.100 - - [23/Jan/2026:09:17:35 +0000] "PUT /d1/465/AUTH_b69aaac60a1f4086beb1095a89d0a0d3/gnocchi.09249f88-4876-4d27-b85e-48c3fa248476/1769040000.0_mean_300.0_v3" 201 - "PUT http://localhost:8080/d1/101/AUTH_b69aaac60a1f4086beb1095a89d0a0d3/gnocchi.09249f88-4876-4d27-b85e-48c3fa248476/1769040000.0_mean_300.0_v3" "tx7a876ffc4d55483699ae9-0069733caf" "object-server 23" 0.0010 "-" 21 0
Jan 23 09:17:35 standalone object-server[122389]: 172.20.0.100 - - [23/Jan/2026:09:17:35 +0000] "PUT /d1/101/AUTH_b69aaac60a1f4086beb1095a89d0a0d3/gnocchi.09249f88-4876-4d27-b85e-48c3fa248476/1769040000.0_mean_300.0_v3" 201 - "PUT http://localhost:8080/v1/AUTH_b69aaac60a1f4086beb1095a89d0a0d3/gnocchi.09249f88-4876-4d27-b85e-48c3fa248476/1769040000.0_mean_300.0_v3" "tx7a876ffc4d55483699ae9-0069733caf" "proxy-server 21" 0.0311 "-" 23 0
Jan 23 09:17:35 standalone proxy-server[123987]: 172.18.0.2 ::1 23/Jan/2026/09/17/35 PUT /v1/AUTH_b69aaac60a1f4086beb1095a89d0a0d3/gnocchi.09249f88-4876-4d27-b85e-48c3fa248476/1769040000.0_mean_300.0_v3 HTTP/1.0 201 - python-swiftclient-3.11.1 gAAAAABpczyvUCaU... 16 - - tx7a876ffc4d55483699ae9-0069733caf - 0.0354 - - 1769159855.825522184 1769159855.860930920 0
Jan 23 09:17:35 standalone container-server[122200]: 172.20.0.100 - - [23/Jan/2026:09:17:35 +0000] "PUT /d1/465/AUTH_b69aaac60a1f4086beb1095a89d0a0d3/gnocchi.09249f88-4876-4d27-b85e-48c3fa248476/none_v3" 201 - "PUT http://localhost:8080/d1/1010/AUTH_b69aaac60a1f4086beb1095a89d0a0d3/gnocchi.09249f88-4876-4d27-b85e-48c3fa248476/none_v3" "tx12cee64864594d94bb053-0069733caf" "object-server 22" 0.0014 "-" 21 0
Jan 23 09:17:35 standalone object-server[122386]: 172.20.0.100 - - [23/Jan/2026:09:17:35 +0000] "PUT /d1/1010/AUTH_b69aaac60a1f4086beb1095a89d0a0d3/gnocchi.09249f88-4876-4d27-b85e-48c3fa248476/none_v3" 201 - "PUT http://localhost:8080/v1/AUTH_b69aaac60a1f4086beb1095a89d0a0d3/gnocchi.09249f88-4876-4d27-b85e-48c3fa248476/none_v3" "tx12cee64864594d94bb053-0069733caf" "proxy-server 21" 0.0303 "-" 22 0
Jan 23 09:17:35 standalone proxy-server[123987]: 172.18.0.2 ::1 23/Jan/2026/09/17/35 PUT /v1/AUTH_b69aaac60a1f4086beb1095a89d0a0d3/gnocchi.09249f88-4876-4d27-b85e-48c3fa248476/none_v3 HTTP/1.0 201 - python-swiftclient-3.11.1 gAAAAABpczyvUCaU... 32 - - tx12cee64864594d94bb053-0069733caf - 0.0354 - - 1769159855.865256786 1769159855.900666475 0
Jan 23 09:17:37 standalone account-server[122094]: 172.20.0.100 - - [23/Jan/2026:09:17:37 +0000] "HEAD /d1/501/.expiring_objects" 404 - "HEAD http://localhost/v1/.expiring_objects?format=json" "txed22284083164deaae792-0069733cb1" "proxy-server 2" 0.0005 "-" 14 -
Jan 23 09:17:37 standalone object-expirer[122246]: Pass completed in 0s; 0 objects expired (txn: txed22284083164deaae792-0069733cb1)
Jan 23 09:18:37 standalone account-server[122094]: 172.20.0.100 - - [23/Jan/2026:09:18:37 +0000] "HEAD /d1/231/AUTH_b69aaac60a1f4086beb1095a89d0a0d3" 204 - "HEAD http://localhost:8080/v1/AUTH_b69aaac60a1f4086beb1095a89d0a0d3?format=json" "txe4376faed50e4a4ab5442-0069733ced" "proxy-server 21" 0.0089 "-" 14 -
Jan 23 09:18:37 standalone proxy-server[123987]: - - 23/Jan/2026/09/18/37 HEAD /v1/AUTH_b69aaac60a1f4086beb1095a89d0a0d3%3Fformat%3Djson HTTP/1.0 204 - Swift - - - - txe4376faed50e4a4ab5442-0069733ced - 0.0166 RL - 1769159917.805823326 1769159917.822447538 -
Jan 23 09:18:37 standalone container-server[122194]: 172.20.0.100 - - [23/Jan/2026:09:18:37 +0000] "HEAD /d1/485/AUTH_b69aaac60a1f4086beb1095a89d0a0d3/glance" 204 - "HEAD http://localhost:8080/v1/AUTH_b69aaac60a1f4086beb1095a89d0a0d3/glance?format=json&states=listing" "txe4376faed50e4a4ab5442-0069733ced" "proxy-server 21" 0.0187 "-" 20 0
Jan 23 09:18:37 standalone object-server[122386]: 172.20.0.100 - - [23/Jan/2026:09:18:37 +0000] "GET /d1/924/AUTH_b69aaac60a1f4086beb1095a89d0a0d3/glance/9043df0c-fe90-4790-9119-4f23b1d42ebb" 200 - "GET http://localhost:8080/v1/AUTH_b69aaac60a1f4086beb1095a89d0a0d3/glance/9043df0c-fe90-4790-9119-4f23b1d42ebb" "txe4376faed50e4a4ab5442-0069733ced" "proxy-server 21" 0.0016 "-" 22 0
Jan 23 09:18:37 standalone container-server[122200]: 172.20.0.100 - - [23/Jan/2026:09:18:37 +0000] "GET /d1/485/AUTH_b69aaac60a1f4086beb1095a89d0a0d3/glance" 200 210 "GET http://localhost:8080/v1/AUTH_b69aaac60a1f4086beb1095a89d0a0d3/glance?prefix=9043df0c-fe90-4790-9119-4f23b1d42ebb-&format=json&states=listing" "txe4376faed50e4a4ab5442-0069733ced" "proxy-server 21" 0.0041 "-" 21 0
Jan 23 09:18:37 standalone proxy-server[123987]: - - 23/Jan/2026/09/18/37 GET /v1/AUTH_b69aaac60a1f4086beb1095a89d0a0d3/glance%3Fprefix%3D9043df0c-fe90-4790-9119-4f23b1d42ebb-%26format%3Djson%26states%3Dlisting HTTP/1.0 200 - python-swiftclient-3.11.1%20DLO%20MultipartGET gAAAAABpczztqPJJ... - 210 - txe4376faed50e4a4ab5442-0069733ced - 0.0077 DLO - 1769159917.976700068 1769159917.984384298 0
Jan 23 09:18:37 standalone object-server[122386]: 172.20.0.100 - - [23/Jan/2026:09:18:37 +0000] "GET /d1/677/AUTH_b69aaac60a1f4086beb1095a89d0a0d3/glance/9043df0c-fe90-4790-9119-4f23b1d42ebb-00001" 200 21692416 "GET http://localhost:8080/v1/AUTH_b69aaac60a1f4086beb1095a89d0a0d3/glance/9043df0c-fe90-4790-9119-4f23b1d42ebb-00001?multipart-manifest=get" "txe4376faed50e4a4ab5442-0069733ced" "proxy-server 21" 0.0010 "-" 22 0
Jan 23 09:18:38 standalone proxy-server[123987]: - - 23/Jan/2026/09/18/38 GET /v1/AUTH_b69aaac60a1f4086beb1095a89d0a0d3/glance/9043df0c-fe90-4790-9119-4f23b1d42ebb-00001%3Fmultipart-manifest%3Dget HTTP/1.0 200 - python-swiftclient-3.11.1%20%20DLO%20MultipartGET gAAAAABpczztqPJJ... - 21692416 - txe4376faed50e4a4ab5442-0069733ced - 0.0870 DLO - 1769159917.984946251 1769159918.071915865 0
Jan 23 09:18:38 standalone proxy-server[123987]: 172.18.0.2 ::1 23/Jan/2026/09/18/38 GET /v1/AUTH_b69aaac60a1f4086beb1095a89d0a0d3/glance/9043df0c-fe90-4790-9119-4f23b1d42ebb HTTP/1.0 200 - python-swiftclient-3.11.1 gAAAAABpczztqPJJ... - 21692416 - txe4376faed50e4a4ab5442-0069733ced - 0.2684 - - 1769159917.804039717 1769159918.072390079 0
Jan 23 09:18:38 standalone container-server[122204]: 172.20.0.100 - - [23/Jan/2026:09:18:38 +0000] "HEAD /d1/603/AUTH_b69aaac60a1f4086beb1095a89d0a0d3/gnocchi.62ad9ade-3ffa-4985-a749-115856f3dd84" 404 - "HEAD http://localhost:8080/v1/AUTH_b69aaac60a1f4086beb1095a89d0a0d3/gnocchi.62ad9ade-3ffa-4985-a749-115856f3dd84?format=json&states=listing" "tx56aaebde26d040fcb0be3-0069733cee" "proxy-server 21" 0.0007 "-" 22 0
Jan 23 09:18:38 standalone object-server[122390]: 172.20.0.100 - - [23/Jan/2026:09:18:38 +0000] "GET /d1/247/AUTH_b69aaac60a1f4086beb1095a89d0a0d3/gnocchi.62ad9ade-3ffa-4985-a749-115856f3dd84/none_v3" 404 70 "GET http://localhost:8080/v1/AUTH_b69aaac60a1f4086beb1095a89d0a0d3/gnocchi.62ad9ade-3ffa-4985-a749-115856f3dd84/none_v3" "tx56aaebde26d040fcb0be3-0069733cee" "proxy-server 21" 0.0009 "-" 24 0
Jan 23 09:18:38 standalone proxy-server[123987]: 172.18.0.2 ::1 23/Jan/2026/09/18/38 GET /v1/AUTH_b69aaac60a1f4086beb1095a89d0a0d3/gnocchi.62ad9ade-3ffa-4985-a749-115856f3dd84/none_v3 HTTP/1.0 404 - python-swiftclient-3.11.1 gAAAAABpczyvUCaU... - 70 - tx56aaebde26d040fcb0be3-0069733cee - 0.0111 - - 1769159918.960617065 1769159918.971755743 0
Jan 23 09:18:38 standalone account-server[122110]: 172.20.0.100 - - [23/Jan/2026:09:18:38 +0000] "PUT /d1/231/AUTH_b69aaac60a1f4086beb1095a89d0a0d3/gnocchi.62ad9ade-3ffa-4985-a749-115856f3dd84" 201 - "PUT http://172.20.0.100:6001/d1/603/AUTH_b69aaac60a1f4086beb1095a89d0a0d3/gnocchi.62ad9ade-3ffa-4985-a749-115856f3dd84" "tx43c130c020a349789ad6c-0069733cee" "container-server 23" 0.0023 "-" 16 0
Jan 23 09:18:38 standalone container-server[122217]: 172.20.0.100 - - [23/Jan/2026:09:18:38 +0000] "PUT /d1/603/AUTH_b69aaac60a1f4086beb1095a89d0a0d3/gnocchi.62ad9ade-3ffa-4985-a749-115856f3dd84" 201 - "PUT http://localhost:8080/v1/AUTH_b69aaac60a1f4086beb1095a89d0a0d3/gnocchi.62ad9ade-3ffa-4985-a749-115856f3dd84" "tx43c130c020a349789ad6c-0069733cee" "proxy-server 21" 0.0127 "-" 23 0
Jan 23 09:18:38 standalone proxy-server[123987]: 172.18.0.2 ::1 23/Jan/2026/09/18/38 PUT /v1/AUTH_b69aaac60a1f4086beb1095a89d0a0d3/gnocchi.62ad9ade-3ffa-4985-a749-115856f3dd84 HTTP/1.0 201 - python-swiftclient-3.11.1 gAAAAABpczyvUCaU... - - - tx43c130c020a349789ad6c-0069733cee - 0.0186 - - 1769159918.974778652 1769159918.993384361 0
Jan 23 09:18:39 standalone container-server[122194]: 172.20.0.100 - - [23/Jan/2026:09:18:39 +0000] "HEAD /d1/603/AUTH_b69aaac60a1f4086beb1095a89d0a0d3/gnocchi.62ad9ade-3ffa-4985-a749-115856f3dd84" 204 - "HEAD http://localhost:8080/v1/AUTH_b69aaac60a1f4086beb1095a89d0a0d3/gnocchi.62ad9ade-3ffa-4985-a749-115856f3dd84?format=json&states=listing" "txa71b2ef2bd1d4abb975a6-0069733cee" "proxy-server 21" 0.0012 "-" 20 0
Jan 23 09:18:39 standalone proxy-server[123987]: - - 23/Jan/2026/09/18/39 HEAD /v1/AUTH_b69aaac60a1f4086beb1095a89d0a0d3/gnocchi.62ad9ade-3ffa-4985-a749-115856f3dd84%3Fformat%3Djson%26states%3Dlisting HTTP/1.0 204 - Swift - - - - txa71b2ef2bd1d4abb975a6-0069733cee - 0.0051 RL - 1769159918.997568846 1769159919.002708912 0
Jan 23 09:18:39 standalone container-server[122200]: 172.20.0.100 - - [23/Jan/2026:09:18:39 +0000] "GET /d1/603/AUTH_b69aaac60a1f4086beb1095a89d0a0d3/gnocchi.62ad9ade-3ffa-4985-a749-115856f3dd84" 200 2 "GET http://localhost:8080/v1/AUTH_b69aaac60a1f4086beb1095a89d0a0d3/gnocchi.62ad9ade-3ffa-4985-a749-115856f3dd84?format=json&states=listing" "txa71b2ef2bd1d4abb975a6-0069733cee" "proxy-server 21" 0.0016 "-" 21 0
Jan 23 09:18:39 standalone proxy-server[123987]: 172.18.0.2 ::1 23/Jan/2026/09/18/39 GET /v1/AUTH_b69aaac60a1f4086beb1095a89d0a0d3/gnocchi.62ad9ade-3ffa-4985-a749-115856f3dd84%3Fformat%3Djson%26states%3Dlisting HTTP/1.0 200 - python-swiftclient-3.11.1 gAAAAABpczyvUCaU... - 2 - txa71b2ef2bd1d4abb975a6-0069733cee - 0.0143 - - 1769159918.995975733 1769159919.010234356 0
Jan 23 09:18:39 standalone object-server[122389]: 172.20.0.100 - - [23/Jan/2026:09:18:39 +0000] "GET /d1/916/AUTH_b69aaac60a1f4086beb1095a89d0a0d3/gnocchi.62ad9ade-3ffa-4985-a749-115856f3dd84/1769040000.0_mean_300.0_v3" 404 70 "GET http://localhost:8080/v1/AUTH_b69aaac60a1f4086beb1095a89d0a0d3/gnocchi.62ad9ade-3ffa-4985-a749-115856f3dd84/1769040000.0_mean_300.0_v3" "tx16ba783903ea46feaba28-0069733cef" "proxy-server 21" 0.0005 "-" 23 0
Jan 23 09:18:39 standalone proxy-server[123987]: 172.18.0.2 ::1 23/Jan/2026/09/18/39 GET /v1/AUTH_b69aaac60a1f4086beb1095a89d0a0d3/gnocchi.62ad9ade-3ffa-4985-a749-115856f3dd84/1769040000.0_mean_300.0_v3 HTTP/1.0 404 - python-swiftclient-3.11.1 gAAAAABpczyvUCaU... - 70 - tx16ba783903ea46feaba28-0069733cef - 0.0065 - - 1769159919.013799667 1769159919.020310163 0
Jan 23 09:18:39 standalone container-server[122200]: 172.20.0.100 - - [23/Jan/2026:09:18:39 +0000] "PUT /d1/603/AUTH_b69aaac60a1f4086beb1095a89d0a0d3/gnocchi.62ad9ade-3ffa-4985-a749-115856f3dd84/1769040000.0_mean_300.0_v3" 201 - "PUT http://localhost:8080/d1/916/AUTH_b69aaac60a1f4086beb1095a89d0a0d3/gnocchi.62ad9ade-3ffa-4985-a749-115856f3dd84/1769040000.0_mean_300.0_v3" "tx043293b8321d436592dda-0069733cef" "object-server 22" 0.0005 "-" 21 0
Jan 23 09:18:39 standalone object-server[122386]: 172.20.0.100 - - [23/Jan/2026:09:18:39 +0000] "PUT /d1/916/AUTH_b69aaac60a1f4086beb1095a89d0a0d3/gnocchi.62ad9ade-3ffa-4985-a749-115856f3dd84/1769040000.0_mean_300.0_v3" 201 - "PUT http://localhost:8080/v1/AUTH_b69aaac60a1f4086beb1095a89d0a0d3/gnocchi.62ad9ade-3ffa-4985-a749-115856f3dd84/1769040000.0_mean_300.0_v3" "tx043293b8321d436592dda-0069733cef" "proxy-server 21" 0.0108 "-" 22 0
Jan 23 09:18:39 standalone proxy-server[123987]: 172.18.0.2 ::1 23/Jan/2026/09/18/39 PUT /v1/AUTH_b69aaac60a1f4086beb1095a89d0a0d3/gnocchi.62ad9ade-3ffa-4985-a749-115856f3dd84/1769040000.0_mean_300.0_v3 HTTP/1.0 201 - python-swiftclient-3.11.1 gAAAAABpczyvUCaU... 16 - - tx043293b8321d436592dda-0069733cef - 0.0173 - - 1769159919.026624203 1769159919.043876886 0
Jan 23 09:18:39 standalone container-server[122217]: 172.20.0.100 - - [23/Jan/2026:09:18:39 +0000] "PUT /d1/603/AUTH_b69aaac60a1f4086beb1095a89d0a0d3/gnocchi.62ad9ade-3ffa-4985-a749-115856f3dd84/none_v3" 201 - "PUT http://localhost:8080/d1/247/AUTH_b69aaac60a1f4086beb1095a89d0a0d3/gnocchi.62ad9ade-3ffa-4985-a749-115856f3dd84/none_v3" "tx048c21ff54b149488c4f3-0069733cef" "object-server 23" 0.0005 "-" 23 0
Jan 23 09:18:39 standalone object-server[122389]: 172.20.0.100 - - [23/Jan/2026:09:18:39 +0000] "PUT /d1/247/AUTH_b69aaac60a1f4086beb1095a89d0a0d3/gnocchi.62ad9ade-3ffa-4985-a749-115856f3dd84/none_v3" 201 - "PUT http://localhost:8080/v1/AUTH_b69aaac60a1f4086beb1095a89d0a0d3/gnocchi.62ad9ade-3ffa-4985-a749-115856f3dd84/none_v3" "tx048c21ff54b149488c4f3-0069733cef" "proxy-server 21" 0.0084 "-" 23 0
Jan 23 09:18:39 standalone proxy-server[123987]: 172.18.0.2 ::1 23/Jan/2026/09/18/39 PUT /v1/AUTH_b69aaac60a1f4086beb1095a89d0a0d3/gnocchi.62ad9ade-3ffa-4985-a749-115856f3dd84/none_v3 HTTP/1.0 201 - python-swiftclient-3.11.1 gAAAAABpczyvUCaU... 22 - - tx048c21ff54b149488c4f3-0069733cef - 0.0137 - - 1769159919.048052073 1769159919.061724186 0
Jan 23 09:18:39 standalone container-server[122217]: 172.20.0.100 - - [23/Jan/2026:09:18:39 +0000] "HEAD /d1/812/AUTH_b69aaac60a1f4086beb1095a89d0a0d3/gnocchi.725d0a48-0382-459a-8b69-8b39cdd5bb02" 404 - "HEAD http://localhost:8080/v1/AUTH_b69aaac60a1f4086beb1095a89d0a0d3/gnocchi.725d0a48-0382-459a-8b69-8b39cdd5bb02?format=json&states=listing" "txfaa8d1d8664f483483896-0069733cef" "proxy-server 21" 0.0005 "-" 23 0
Jan 23 09:18:39 standalone object-server[122390]: 172.20.0.100 - - [23/Jan/2026:09:18:39 +0000] "GET /d1/424/AUTH_b69aaac60a1f4086beb1095a89d0a0d3/gnocchi.725d0a48-0382-459a-8b69-8b39cdd5bb02/none_v3" 404 70 "GET http://localhost:8080/v1/AUTH_b69aaac60a1f4086beb1095a89d0a0d3/gnocchi.725d0a48-0382-459a-8b69-8b39cdd5bb02/none_v3" "txfaa8d1d8664f483483896-0069733cef" "proxy-server 21" 0.0005 "-" 24 0
Jan 23 09:18:39 standalone proxy-server[123987]: 172.18.0.2 ::1 23/Jan/2026/09/18/39 GET /v1/AUTH_b69aaac60a1f4086beb1095a89d0a0d3/gnocchi.725d0a48-0382-459a-8b69-8b39cdd5bb02/none_v3 HTTP/1.0 404 - python-swiftclient-3.11.1 gAAAAABpczyvUCaU... - 70 - txfaa8d1d8664f483483896-0069733cef - 0.0096 - - 1769159919.072504044 1769159919.082118988 0
Jan 23 09:18:39 standalone account-server[122114]: 172.20.0.100 - - [23/Jan/2026:09:18:39 +0000] "PUT /d1/231/AUTH_b69aaac60a1f4086beb1095a89d0a0d3/gnocchi.725d0a48-0382-459a-8b69-8b39cdd5bb02" 201 - "PUT http://172.20.0.100:6001/d1/812/AUTH_b69aaac60a1f4086beb1095a89d0a0d3/gnocchi.725d0a48-0382-459a-8b69-8b39cdd5bb02" "tx37ab1f7204054c408832a-0069733cef" "container-server 20" 0.0054 "-" 17 0
Jan 23 09:18:39 standalone container-server[122194]: 172.20.0.100 - - [23/Jan/2026:09:18:39 +0000] "PUT /d1/812/AUTH_b69aaac60a1f4086beb1095a89d0a0d3/gnocchi.725d0a48-0382-459a-8b69-8b39cdd5bb02" 201 - "PUT http://localhost:8080/v1/AUTH_b69aaac60a1f4086beb1095a89d0a0d3/gnocchi.725d0a48-0382-459a-8b69-8b39cdd5bb02" "tx37ab1f7204054c408832a-0069733cef" "proxy-server 21" 0.0154 "-" 20 0
Jan 23 09:18:39 standalone proxy-server[123987]: 172.18.0.2 ::1 23/Jan/2026/09/18/39 PUT /v1/AUTH_b69aaac60a1f4086beb1095a89d0a0d3/gnocchi.725d0a48-0382-459a-8b69-8b39cdd5bb02 HTTP/1.0 201 - python-swiftclient-3.11.1 gAAAAABpczyvUCaU... - - - tx37ab1f7204054c408832a-0069733cef - 0.0200 - - 1769159919.085130692 1769159919.105091572 0
Jan 23 09:18:39 standalone container-server[122204]: 172.20.0.100 - - [23/Jan/2026:09:18:39 +0000] "HEAD /d1/812/AUTH_b69aaac60a1f4086beb1095a89d0a0d3/gnocchi.725d0a48-0382-459a-8b69-8b39cdd5bb02" 204 - "HEAD http://localhost:8080/v1/AUTH_b69aaac60a1f4086beb1095a89d0a0d3/gnocchi.725d0a48-0382-459a-8b69-8b39cdd5bb02?format=json&states=listing" "tx31569239514544d08a1f0-0069733cef" "proxy-server 21" 0.0030 "-" 22 0
Jan 23 09:18:39 standalone proxy-server[123987]: - - 23/Jan/2026/09/18/39 HEAD /v1/AUTH_b69aaac60a1f4086beb1095a89d0a0d3/gnocchi.725d0a48-0382-459a-8b69-8b39cdd5bb02%3Fformat%3Djson%26states%3Dlisting HTTP/1.0 204 - Swift - - - - tx31569239514544d08a1f0-0069733cef - 0.0064 RL - 1769159919.110462666 1769159919.116870165 0
Jan 23 09:18:39 standalone container-server[122204]: 172.20.0.100 - - [23/Jan/2026:09:18:39 +0000] "GET /d1/812/AUTH_b69aaac60a1f4086beb1095a89d0a0d3/gnocchi.725d0a48-0382-459a-8b69-8b39cdd5bb02" 200 2 "GET http://localhost:8080/v1/AUTH_b69aaac60a1f4086beb1095a89d0a0d3/gnocchi.725d0a48-0382-459a-8b69-8b39cdd5bb02?format=json&states=listing" "tx31569239514544d08a1f0-0069733cef" "proxy-server 21" 0.0073 "-" 22 0
Jan 23 09:18:39 standalone proxy-server[123987]: 172.18.0.2 ::1 23/Jan/2026/09/18/39 GET /v1/AUTH_b69aaac60a1f4086beb1095a89d0a0d3/gnocchi.725d0a48-0382-459a-8b69-8b39cdd5bb02%3Fformat%3Djson%26states%3Dlisting HTTP/1.0 200 - python-swiftclient-3.11.1 gAAAAABpczyvUCaU... - 2 - tx31569239514544d08a1f0-0069733cef - 0.0201 - - 1769159919.109281301 1769159919.129413605 0
Jan 23 09:18:39 standalone object-server[122390]: 172.20.0.100 - - [23/Jan/2026:09:18:39 +0000] "GET /d1/298/AUTH_b69aaac60a1f4086beb1095a89d0a0d3/gnocchi.725d0a48-0382-459a-8b69-8b39cdd5bb02/1769040000.0_mean_300.0_v3" 404 70 "GET http://localhost:8080/v1/AUTH_b69aaac60a1f4086beb1095a89d0a0d3/gnocchi.725d0a48-0382-459a-8b69-8b39cdd5bb02/1769040000.0_mean_300.0_v3" "txb55d2e2db42345e2a77b7-0069733cef" "proxy-server 21" 0.0004 "-" 24 0
Jan 23 09:18:39 standalone proxy-server[123987]: 172.18.0.2 ::1 23/Jan/2026/09/18/39 GET /v1/AUTH_b69aaac60a1f4086beb1095a89d0a0d3/gnocchi.725d0a48-0382-459a-8b69-8b39cdd5bb02/1769040000.0_mean_300.0_v3 HTTP/1.0 404 - python-swiftclient-3.11.1 gAAAAABpczyvUCaU... - 70 - txb55d2e2db42345e2a77b7-0069733cef - 0.0049 - - 1769159919.137391567 1769159919.142285585 0
Jan 23 09:18:39 standalone container-server[122204]: 172.20.0.100 - - [23/Jan/2026:09:18:39 +0000] "PUT /d1/812/AUTH_b69aaac60a1f4086beb1095a89d0a0d3/gnocchi.725d0a48-0382-459a-8b69-8b39cdd5bb02/1769040000.0_mean_300.0_v3" 201 - "PUT http://localhost:8080/d1/298/AUTH_b69aaac60a1f4086beb1095a89d0a0d3/gnocchi.725d0a48-0382-459a-8b69-8b39cdd5bb02/1769040000.0_mean_300.0_v3" "tx19fb8c9baaba478e9ccce-0069733cef" "object-server 24" 0.0006 "-" 22 0
Jan 23 09:18:39 standalone object-server[122390]: 172.20.0.100 - - [23/Jan/2026:09:18:39 +0000] "PUT /d1/298/AUTH_b69aaac60a1f4086beb1095a89d0a0d3/gnocchi.725d0a48-0382-459a-8b69-8b39cdd5bb02/1769040000.0_mean_300.0_v3" 201 - "PUT http://localhost:8080/v1/AUTH_b69aaac60a1f4086beb1095a89d0a0d3/gnocchi.725d0a48-0382-459a-8b69-8b39cdd5bb02/1769040000.0_mean_300.0_v3" "tx19fb8c9baaba478e9ccce-0069733cef" "proxy-server 21" 0.0089 "-" 24 0
Jan 23 09:18:39 standalone proxy-server[123987]: 172.18.0.2 ::1 23/Jan/2026/09/18/39 PUT /v1/AUTH_b69aaac60a1f4086beb1095a89d0a0d3/gnocchi.725d0a48-0382-459a-8b69-8b39cdd5bb02/1769040000.0_mean_300.0_v3 HTTP/1.0 201 - python-swiftclient-3.11.1 gAAAAABpczyvUCaU... 16 - - tx19fb8c9baaba478e9ccce-0069733cef - 0.0136 - - 1769159919.145590544 1769159919.159238338 0
Jan 23 09:18:39 standalone container-server[122217]: 172.20.0.100 - - [23/Jan/2026:09:18:39 +0000] "PUT /d1/812/AUTH_b69aaac60a1f4086beb1095a89d0a0d3/gnocchi.725d0a48-0382-459a-8b69-8b39cdd5bb02/none_v3" 201 - "PUT http://localhost:8080/d1/424/AUTH_b69aaac60a1f4086beb1095a89d0a0d3/gnocchi.725d0a48-0382-459a-8b69-8b39cdd5bb02/none_v3" "txebafea550dde489da7f27-0069733cef" "object-server 23" 0.0005 "-" 23 0
Jan 23 09:18:39 standalone object-server[122389]: 172.20.0.100 - - [23/Jan/2026:09:18:39 +0000] "PUT /d1/424/AUTH_b69aaac60a1f4086beb1095a89d0a0d3/gnocchi.725d0a48-0382-459a-8b69-8b39cdd5bb02/none_v3" 201 - "PUT http://localhost:8080/v1/AUTH_b69aaac60a1f4086beb1095a89d0a0d3/gnocchi.725d0a48-0382-459a-8b69-8b39cdd5bb02/none_v3" "txebafea550dde489da7f27-0069733cef" "proxy-server 21" 0.0090 "-" 23 0
Jan 23 09:18:39 standalone proxy-server[123987]: 172.18.0.2 ::1 23/Jan/2026/09/18/39 PUT /v1/AUTH_b69aaac60a1f4086beb1095a89d0a0d3/gnocchi.725d0a48-0382-459a-8b69-8b39cdd5bb02/none_v3 HTTP/1.0 201 - python-swiftclient-3.11.1 gAAAAABpczyvUCaU... 22 - - txebafea550dde489da7f27-0069733cef - 0.0157 - - 1769159919.162621975 1769159919.178369761 0
Jan 23 09:18:43 standalone container-server[122200]: 172.20.0.100 - - [23/Jan/2026:09:18:43 +0000] "HEAD /d1/394/AUTH_b69aaac60a1f4086beb1095a89d0a0d3/gnocchi.af9916f9-1e57-42e8-a1fd-4cc4d40945e6" 404 - "HEAD http://localhost:8080/v1/AUTH_b69aaac60a1f4086beb1095a89d0a0d3/gnocchi.af9916f9-1e57-42e8-a1fd-4cc4d40945e6?format=json&states=listing" "tx7a90fe13fd9c4743bf805-0069733cf3" "proxy-server 21" 0.0012 "-" 21 0
Jan 23 09:18:43 standalone object-server[122390]: 172.20.0.100 - - [23/Jan/2026:09:18:43 +0000] "GET /d1/92/AUTH_b69aaac60a1f4086beb1095a89d0a0d3/gnocchi.af9916f9-1e57-42e8-a1fd-4cc4d40945e6/none_v3" 404 70 "GET http://localhost:8080/v1/AUTH_b69aaac60a1f4086beb1095a89d0a0d3/gnocchi.af9916f9-1e57-42e8-a1fd-4cc4d40945e6/none_v3" "tx7a90fe13fd9c4743bf805-0069733cf3" "proxy-server 21" 0.0013 "-" 24 0
Jan 23 09:18:43 standalone proxy-server[123987]: 172.18.0.2 ::1 23/Jan/2026/09/18/43 GET /v1/AUTH_b69aaac60a1f4086beb1095a89d0a0d3/gnocchi.af9916f9-1e57-42e8-a1fd-4cc4d40945e6/none_v3 HTTP/1.0 404 - python-swiftclient-3.11.1 gAAAAABpczyvUCaU... - 70 - tx7a90fe13fd9c4743bf805-0069733cf3 - 0.0342 - - 1769159923.627171040 1769159923.661347389 0
Jan 23 09:18:43 standalone account-server[122105]: 172.20.0.100 - - [23/Jan/2026:09:18:43 +0000] "PUT /d1/231/AUTH_b69aaac60a1f4086beb1095a89d0a0d3/gnocchi.af9916f9-1e57-42e8-a1fd-4cc4d40945e6" 201 - "PUT http://172.20.0.100:6001/d1/394/AUTH_b69aaac60a1f4086beb1095a89d0a0d3/gnocchi.af9916f9-1e57-42e8-a1fd-4cc4d40945e6" "txbdbf7b17f12b4196aa04b-0069733cf3" "container-server 22" 0.0076 "-" 15 0
Jan 23 09:18:43 standalone container-server[122204]: 172.20.0.100 - - [23/Jan/2026:09:18:43 +0000] "PUT /d1/394/AUTH_b69aaac60a1f4086beb1095a89d0a0d3/gnocchi.af9916f9-1e57-42e8-a1fd-4cc4d40945e6" 201 - "PUT http://localhost:8080/v1/AUTH_b69aaac60a1f4086beb1095a89d0a0d3/gnocchi.af9916f9-1e57-42e8-a1fd-4cc4d40945e6" "txbdbf7b17f12b4196aa04b-0069733cf3" "proxy-server 21" 0.0260 "-" 22 0
Jan 23 09:18:43 standalone proxy-server[123987]: 172.18.0.2 ::1 23/Jan/2026/09/18/43 PUT /v1/AUTH_b69aaac60a1f4086beb1095a89d0a0d3/gnocchi.af9916f9-1e57-42e8-a1fd-4cc4d40945e6 HTTP/1.0 201 - python-swiftclient-3.11.1 gAAAAABpczyvUCaU... - - - txbdbf7b17f12b4196aa04b-0069733cf3 - 0.0376 - - 1769159923.669755459 1769159923.707380772 0
Jan 23 09:18:43 standalone container-server[122200]: 172.20.0.100 - - [23/Jan/2026:09:18:43 +0000] "HEAD /d1/394/AUTH_b69aaac60a1f4086beb1095a89d0a0d3/gnocchi.af9916f9-1e57-42e8-a1fd-4cc4d40945e6" 204 - "HEAD http://localhost:8080/v1/AUTH_b69aaac60a1f4086beb1095a89d0a0d3/gnocchi.af9916f9-1e57-42e8-a1fd-4cc4d40945e6?format=json&states=listing" "tx7a5cdbb07d6944f09dd07-0069733cf3" "proxy-server 21" 0.0034 "-" 21 0
Jan 23 09:18:43 standalone proxy-server[123987]: - - 23/Jan/2026/09/18/43 HEAD /v1/AUTH_b69aaac60a1f4086beb1095a89d0a0d3/gnocchi.af9916f9-1e57-42e8-a1fd-4cc4d40945e6%3Fformat%3Djson%26states%3Dlisting HTTP/1.0 204 - Swift - - - - tx7a5cdbb07d6944f09dd07-0069733cf3 - 0.0118 RL - 1769159923.718659163 1769159923.730410099 0
Jan 23 09:18:43 standalone container-server[122217]: 172.20.0.100 - - [23/Jan/2026:09:18:43 +0000] "GET /d1/394/AUTH_b69aaac60a1f4086beb1095a89d0a0d3/gnocchi.af9916f9-1e57-42e8-a1fd-4cc4d40945e6" 200 2 "GET http://localhost:8080/v1/AUTH_b69aaac60a1f4086beb1095a89d0a0d3/gnocchi.af9916f9-1e57-42e8-a1fd-4cc4d40945e6?format=json&states=listing" "tx7a5cdbb07d6944f09dd07-0069733cf3" "proxy-server 21" 0.0105 "-" 23 0
Jan 23 09:18:43 standalone proxy-server[123987]: 172.18.0.2 ::1 23/Jan/2026/09/18/43 GET /v1/AUTH_b69aaac60a1f4086beb1095a89d0a0d3/gnocchi.af9916f9-1e57-42e8-a1fd-4cc4d40945e6%3Fformat%3Djson%26states%3Dlisting HTTP/1.0 200 - python-swiftclient-3.11.1 gAAAAABpczyvUCaU... - 2 - tx7a5cdbb07d6944f09dd07-0069733cf3 - 0.0427 - - 1769159923.715432167 1769159923.758104324 0
Jan 23 09:18:43 standalone object-server[122389]: 172.20.0.100 - - [23/Jan/2026:09:18:43 +0000] "GET /d1/428/AUTH_b69aaac60a1f4086beb1095a89d0a0d3/gnocchi.af9916f9-1e57-42e8-a1fd-4cc4d40945e6/1769040000.0_mean_300.0_v3" 404 70 "GET http://localhost:8080/v1/AUTH_b69aaac60a1f4086beb1095a89d0a0d3/gnocchi.af9916f9-1e57-42e8-a1fd-4cc4d40945e6/1769040000.0_mean_300.0_v3" "tx04806f1400ad45c181021-0069733cf3" "proxy-server 21" 0.0007 "-" 23 0
Jan 23 09:18:43 standalone proxy-server[123987]: 172.18.0.2 ::1 23/Jan/2026/09/18/43 GET /v1/AUTH_b69aaac60a1f4086beb1095a89d0a0d3/gnocchi.af9916f9-1e57-42e8-a1fd-4cc4d40945e6/1769040000.0_mean_300.0_v3 HTTP/1.0 404 - python-swiftclient-3.11.1 gAAAAABpczyvUCaU... - 70 - tx04806f1400ad45c181021-0069733cf3 - 0.0127 - - 1769159923.768436909 1769159923.781091928 0
Jan 23 09:18:43 standalone container-server[122200]: 172.20.0.100 - - [23/Jan/2026:09:18:43 +0000] "PUT /d1/394/AUTH_b69aaac60a1f4086beb1095a89d0a0d3/gnocchi.af9916f9-1e57-42e8-a1fd-4cc4d40945e6/1769040000.0_mean_300.0_v3" 201 - "PUT http://localhost:8080/d1/428/AUTH_b69aaac60a1f4086beb1095a89d0a0d3/gnocchi.af9916f9-1e57-42e8-a1fd-4cc4d40945e6/1769040000.0_mean_300.0_v3" "txd68889541e2a423faeaf0-0069733cf3" "object-server 22" 0.0015 "-" 21 0
Jan 23 09:18:43 standalone object-server[122386]: 172.20.0.100 - - [23/Jan/2026:09:18:43 +0000] "PUT /d1/428/AUTH_b69aaac60a1f4086beb1095a89d0a0d3/gnocchi.af9916f9-1e57-42e8-a1fd-4cc4d40945e6/1769040000.0_mean_300.0_v3" 201 - "PUT http://localhost:8080/v1/AUTH_b69aaac60a1f4086beb1095a89d0a0d3/gnocchi.af9916f9-1e57-42e8-a1fd-4cc4d40945e6/1769040000.0_mean_300.0_v3" "txd68889541e2a423faeaf0-0069733cf3" "proxy-server 21" 0.0221 "-" 22 0
Jan 23 09:18:43 standalone proxy-server[123987]: 172.18.0.2 ::1 23/Jan/2026/09/18/43 PUT /v1/AUTH_b69aaac60a1f4086beb1095a89d0a0d3/gnocchi.af9916f9-1e57-42e8-a1fd-4cc4d40945e6/1769040000.0_mean_300.0_v3 HTTP/1.0 201 - python-swiftclient-3.11.1 gAAAAABpczyvUCaU... 16 - - txd68889541e2a423faeaf0-0069733cf3 - 0.0349 - - 1769159923.790036678 1769159923.824923277 0
Jan 23 09:18:43 standalone container-server[122204]: 172.20.0.100 - - [23/Jan/2026:09:18:43 +0000] "PUT /d1/394/AUTH_b69aaac60a1f4086beb1095a89d0a0d3/gnocchi.af9916f9-1e57-42e8-a1fd-4cc4d40945e6/none_v3" 201 - "PUT http://localhost:8080/d1/92/AUTH_b69aaac60a1f4086beb1095a89d0a0d3/gnocchi.af9916f9-1e57-42e8-a1fd-4cc4d40945e6/none_v3" "tx24a5ce11770747d6be35d-0069733cf3" "object-server 25" 0.0014 "-" 22 0
Jan 23 09:18:43 standalone object-server[122391]: 172.20.0.100 - - [23/Jan/2026:09:18:43 +0000] "PUT /d1/92/AUTH_b69aaac60a1f4086beb1095a89d0a0d3/gnocchi.af9916f9-1e57-42e8-a1fd-4cc4d40945e6/none_v3" 201 - "PUT http://localhost:8080/v1/AUTH_b69aaac60a1f4086beb1095a89d0a0d3/gnocchi.af9916f9-1e57-42e8-a1fd-4cc4d40945e6/none_v3" "tx24a5ce11770747d6be35d-0069733cf3" "proxy-server 21" 0.0675 "-" 25 0
Jan 23 09:18:43 standalone proxy-server[123987]: 172.18.0.2 ::1 23/Jan/2026/09/18/43 PUT /v1/AUTH_b69aaac60a1f4086beb1095a89d0a0d3/gnocchi.af9916f9-1e57-42e8-a1fd-4cc4d40945e6/none_v3 HTTP/1.0 201 - python-swiftclient-3.11.1 gAAAAABpczyvUCaU... 22 - - tx24a5ce11770747d6be35d-0069733cf3 - 0.0825 - - 1769159923.833490610 1769159923.916038513 0
Jan 23 09:18:43 standalone container-server[122217]: 172.20.0.100 - - [23/Jan/2026:09:18:43 +0000] "HEAD /d1/106/AUTH_b69aaac60a1f4086beb1095a89d0a0d3/gnocchi.2ce1649b-a61f-49a9-be94-89ffc97aa78b" 404 - "HEAD http://localhost:8080/v1/AUTH_b69aaac60a1f4086beb1095a89d0a0d3/gnocchi.2ce1649b-a61f-49a9-be94-89ffc97aa78b?format=json&states=listing" "tx68d2b234931249c5917f9-0069733cf3" "proxy-server 21" 0.0009 "-" 23 0
Jan 23 09:18:43 standalone object-server[122390]: 172.20.0.100 - - [23/Jan/2026:09:18:43 +0000] "GET /d1/403/AUTH_b69aaac60a1f4086beb1095a89d0a0d3/gnocchi.2ce1649b-a61f-49a9-be94-89ffc97aa78b/none_v3" 404 70 "GET http://localhost:8080/v1/AUTH_b69aaac60a1f4086beb1095a89d0a0d3/gnocchi.2ce1649b-a61f-49a9-be94-89ffc97aa78b/none_v3" "tx68d2b234931249c5917f9-0069733cf3" "proxy-server 21" 0.0007 "-" 24 0
Jan 23 09:18:43 standalone proxy-server[123987]: 172.18.0.2 ::1 23/Jan/2026/09/18/43 GET /v1/AUTH_b69aaac60a1f4086beb1095a89d0a0d3/gnocchi.2ce1649b-a61f-49a9-be94-89ffc97aa78b/none_v3 HTTP/1.0 404 - python-swiftclient-3.11.1 gAAAAABpczyvUCaU... - 70 - tx68d2b234931249c5917f9-0069733cf3 - 0.0223 - - 1769159923.940444469 1769159923.962701797 0
Jan 23 09:18:44 standalone account-server[122094]: 172.20.0.100 - - [23/Jan/2026:09:18:44 +0000] "PUT /d1/231/AUTH_b69aaac60a1f4086beb1095a89d0a0d3/gnocchi.2ce1649b-a61f-49a9-be94-89ffc97aa78b" 201 - "PUT http://172.20.0.100:6001/d1/106/AUTH_b69aaac60a1f4086beb1095a89d0a0d3/gnocchi.2ce1649b-a61f-49a9-be94-89ffc97aa78b" "txc1dcb0c0484c40fe9179e-0069733cf3" "container-server 23" 0.0120 "-" 14 0
