Jan 27 19:45:28 standalone account-server[130128]: Started child 20 from parent 2
Jan 27 19:45:28 standalone account-server[130128]: Started child 21 from parent 2
Jan 27 19:45:28 standalone account-server[130128]: Started child 22 from parent 2
Jan 27 19:45:28 standalone account-server[130128]: Started child 23 from parent 2
Jan 27 19:45:28 standalone container-server[130231]: Starting 2
Jan 27 19:45:28 standalone account-server[130244]: Starting 2
Jan 27 19:45:28 standalone container-server[130290]: Option allow_versions is deprecated. Configure the versioned_writes middleware in the proxy-server instead. This option will be ignored in a future release.
Jan 27 19:45:28 standalone container-server[130536]: Option allow_versions is deprecated. Configure the versioned_writes middleware in the proxy-server instead. This option will be ignored in a future release.
Jan 27 19:45:28 standalone container-server[130290]: Started child 19 from parent 2
Jan 27 19:45:29 standalone container-server[130540]: Option allow_versions is deprecated. Configure the versioned_writes middleware in the proxy-server instead. This option will be ignored in a future release.
Jan 27 19:45:29 standalone container-server[130290]: Started child 20 from parent 2
Jan 27 19:45:29 standalone container-server[130560]: Option allow_versions is deprecated. Configure the versioned_writes middleware in the proxy-server instead. This option will be ignored in a future release.
Jan 27 19:45:29 standalone container-server[130290]: Started child 22 from parent 2
Jan 27 19:45:29 standalone container-server[130561]: Option allow_versions is deprecated. Configure the versioned_writes middleware in the proxy-server instead. This option will be ignored in a future release.
Jan 27 19:45:29 standalone container-server[130290]: Started child 23 from parent 2
Jan 27 19:45:29 standalone object-server[130676]: Starting 2
Jan 27 19:45:29 standalone object-expirer[130610]: Starting 2
Jan 27 19:45:29 standalone object-expirer[130610]: Option auto_create_account_prefix is deprecated. Configure auto_create_account_prefix under the swift-constraints section of swift.conf. This option will be ignored in a future release.
Jan 27 19:45:30 standalone object-server[130641]: Started child 22 from parent 2
Jan 27 19:45:30 standalone object-server[130641]: Started child 23 from parent 2
Jan 27 19:45:30 standalone object-server[130641]: Started child 24 from parent 2
Jan 27 19:45:30 standalone object-server[130641]: Started child 25 from parent 2
Jan 27 19:45:36 standalone proxy-server[132474]: Starting Keystone auth_token middleware
Jan 27 19:45:36 standalone proxy-server[132474]: AuthToken middleware is set with keystone_authtoken.service_token_roles_required set to False. This is backwards compatible but deprecated behaviour. Please set this to True.
Jan 27 19:45:36 standalone proxy-server[132624]: Starting Keystone auth_token middleware
Jan 27 19:45:36 standalone proxy-server[132624]: STDERR: The option "bind_port" is not known to keystonemiddleware
Jan 27 19:45:36 standalone proxy-server[132624]: STDERR: The option "workers" is not known to keystonemiddleware
Jan 27 19:45:36 standalone proxy-server[132624]: STDERR: The option "user" is not known to keystonemiddleware
Jan 27 19:45:36 standalone proxy-server[132624]: STDERR: The option "bind_ip" is not known to keystonemiddleware
Jan 27 19:45:36 standalone proxy-server[132624]: STDERR: The option "log_name" is not known to keystonemiddleware
Jan 27 19:45:36 standalone proxy-server[132624]: STDERR: The option "log_facility" is not known to keystonemiddleware
Jan 27 19:45:36 standalone proxy-server[132624]: STDERR: The option "log_level" is not known to keystonemiddleware
Jan 27 19:45:36 standalone proxy-server[132624]: STDERR: The option "log_headers" is not known to keystonemiddleware
Jan 27 19:45:36 standalone proxy-server[132624]: STDERR: The option "log_address" is not known to keystonemiddleware
Jan 27 19:45:36 standalone proxy-server[132624]: STDERR: The option "project_name" is not known to keystonemiddleware
Jan 27 19:45:36 standalone proxy-server[132624]: STDERR: The option "username" is not known to keystonemiddleware
Jan 27 19:45:36 standalone proxy-server[132624]: STDERR: The option "password" is not known to keystonemiddleware
Jan 27 19:45:36 standalone proxy-server[132624]: STDERR: The option "auth_url" is not known to keystonemiddleware
Jan 27 19:45:36 standalone proxy-server[132624]: STDERR: The option "signing_dir" is not known to keystonemiddleware
Jan 27 19:45:36 standalone proxy-server[132624]: STDERR: The option "project_domain_id" is not known to keystonemiddleware
Jan 27 19:45:36 standalone proxy-server[132624]: STDERR: The option "user_domain_id" is not known to keystonemiddleware
Jan 27 19:45:36 standalone proxy-server[132624]: STDERR: The option "__name__" is not known to keystonemiddleware
Jan 27 19:45:36 standalone proxy-server[132624]: AuthToken middleware is set with keystone_authtoken.service_token_roles_required set to False. This is backwards compatible but deprecated behaviour. Please set this to True.
Jan 27 19:45:36 standalone proxy-server[132474]: Started child 20 from parent 2
Jan 27 19:46:56 standalone container-server[130231]: Begin container update sweep
Jan 27 19:46:56 standalone container-server[130231]: Container update sweep completed: 0.00s
Jan 27 19:47:02 standalone object-server[130676]: Begin object update sweep
Jan 27 19:47:02 standalone object-server[142648]: Object update sweep starting on /srv/node/d1 (pid: 11)
Jan 27 19:47:02 standalone object-server[142648]: Object update sweep completed on /srv/node/d1 in 0.00s seconds:, 0 successes, 0 failures, 0 quarantines, 0 unlinks, 0 errors, 0 redirects (pid: 11)
Jan 27 19:47:02 standalone object-server[142648]: Object update sweep of d1 completed: 0.00s, 0 successes, 0 failures, 0 quarantines, 0 unlinks, 0 errors, 0 redirects
Jan 27 19:47:02 standalone object-server[130676]: Object update sweep completed: 0.08s
Jan 27 19:48:47 standalone account-server[130441]: 172.20.0.100 - - [27/Jan/2026:19:48:47 +0000] "HEAD /d1/794/.expiring_objects" 404 - "HEAD http://localhost/v1/.expiring_objects?format=json" "txa7dc5c07287f4b06bb435-006979169f" "proxy-server 2" 0.0011 "-" 22 -
Jan 27 19:48:47 standalone object-expirer[130610]: Pass completed in 0s; 0 objects expired (txn: txa7dc5c07287f4b06bb435-006979169f)
Jan 27 19:51:56 standalone container-server[130231]: Begin container update sweep
Jan 27 19:51:56 standalone container-server[130231]: Container update sweep completed: 0.00s
Jan 27 19:52:01 standalone account-server[130452]: 172.20.0.100 - - [27/Jan/2026:19:52:01 +0000] "HEAD /d1/794/.expiring_objects" 404 - "HEAD http://localhost/v1/.expiring_objects?format=json" "txdfc8ffdb034a4694beb11-0069791761" "proxy-server 2" 0.0009 "-" 23 -
Jan 27 19:52:01 standalone object-expirer[130610]: Pass completed in 0s; 0 objects expired (txn: txdfc8ffdb034a4694beb11-0069791761)
Jan 27 19:52:03 standalone object-server[130676]: Begin object update sweep
Jan 27 19:52:03 standalone object-server[179249]: Object update sweep starting on /srv/node/d1 (pid: 13)
Jan 27 19:52:03 standalone object-server[179249]: Object update sweep completed on /srv/node/d1 in 0.00s seconds:, 0 successes, 0 failures, 0 quarantines, 0 unlinks, 0 errors, 0 redirects (pid: 13)
Jan 27 19:52:03 standalone object-server[179249]: Object update sweep of d1 completed: 0.00s, 0 successes, 0 failures, 0 quarantines, 0 unlinks, 0 errors, 0 redirects
Jan 27 19:52:03 standalone object-server[130676]: Object update sweep completed: 0.08s
Jan 27 19:52:52 standalone account-server[130441]: 172.20.0.100 - - [27/Jan/2026:19:52:52 +0000] "HEAD /d1/794/.expiring_objects" 404 - "HEAD http://localhost/v1/.expiring_objects?format=json" "tx0bd119ac588f460a85a4d-0069791794" "proxy-server 2" 0.0007 "-" 22 -
Jan 27 19:52:52 standalone object-expirer[130610]: Pass completed in 0s; 0 objects expired (txn: tx0bd119ac588f460a85a4d-0069791794)
Jan 27 19:54:23 standalone account-server[130430]: 172.20.0.100 - - [27/Jan/2026:19:54:23 +0000] "HEAD /d1/794/.expiring_objects" 404 - "HEAD http://localhost/v1/.expiring_objects?format=json" "tx44b7cab55bb8474bafa3e-00697917ef" "proxy-server 2" 0.0009 "-" 21 -
Jan 27 19:54:23 standalone object-expirer[130610]: Pass completed in 0s; 0 objects expired (txn: tx44b7cab55bb8474bafa3e-00697917ef)
Jan 27 19:56:56 standalone container-server[130231]: Begin container update sweep
Jan 27 19:56:56 standalone container-server[130231]: Container update sweep completed: 0.00s
Jan 27 19:57:03 standalone object-server[130676]: Begin object update sweep
Jan 27 19:57:03 standalone object-server[218752]: Object update sweep starting on /srv/node/d1 (pid: 14)
Jan 27 19:57:03 standalone object-server[218752]: Object update sweep completed on /srv/node/d1 in 0.00s seconds:, 0 successes, 0 failures, 0 quarantines, 0 unlinks, 0 errors, 0 redirects (pid: 14)
Jan 27 19:57:03 standalone object-server[218752]: Object update sweep of d1 completed: 0.00s, 0 successes, 0 failures, 0 quarantines, 0 unlinks, 0 errors, 0 redirects
Jan 27 19:57:03 standalone object-server[130676]: Object update sweep completed: 0.08s
Jan 27 19:57:29 standalone account-server[130426]: 172.20.0.100 - - [27/Jan/2026:19:57:29 +0000] "HEAD /d1/794/.expiring_objects" 404 - "HEAD http://localhost/v1/.expiring_objects?format=json" "tx3c511b4563ba4175bf292-00697918a9" "proxy-server 2" 0.0012 "-" 20 -
Jan 27 19:57:29 standalone object-expirer[130610]: Pass completed in 0s; 0 objects expired (txn: tx3c511b4563ba4175bf292-00697918a9)
Jan 27 19:58:07 standalone account-server[130452]: 172.20.0.100 - - [27/Jan/2026:19:58:07 +0000] "HEAD /d1/794/.expiring_objects" 404 - "HEAD http://localhost/v1/.expiring_objects?format=json" "tx2004686628054a899a506-00697918cf" "proxy-server 2" 0.0006 "-" 23 -
Jan 27 19:58:07 standalone object-expirer[130610]: Pass completed in 0s; 0 objects expired (txn: tx2004686628054a899a506-00697918cf)
Jan 27 19:58:16 standalone account-server[130430]: 172.20.0.100 - - [27/Jan/2026:19:58:16 +0000] "HEAD /d1/225/AUTH_b428c619f3214c978c153235e9eb68d9" 404 - "HEAD http://172.18.0.2:8080/v1/AUTH_b428c619f3214c978c153235e9eb68d9?format=json" "tx259ae72d486b412cb2300-00697918d8" "proxy-server 20" 0.0007 "-" 21 -
Jan 27 19:58:16 standalone proxy-server[132624]: - - 27/Jan/2026/19/58/16 HEAD /v1/AUTH_b428c619f3214c978c153235e9eb68d9%3Fformat%3Djson HTTP/1.0 200 - Swift - - - - tx259ae72d486b412cb2300-00697918d8 - 0.0075 RL - 1769543896.974775791 1769543896.982294083 -
Jan 27 19:58:17 standalone object-server[130814]: 172.20.0.100 - - [27/Jan/2026:19:58:17 +0000] "GET /d1/895/AUTH_b428c619f3214c978c153235e9eb68d9/gnocchi.e6495f68-acda-439a-9a97-0a7c3a11244c/none_v3" 404 70 "GET http://172.18.0.2:8080/v1/AUTH_b428c619f3214c978c153235e9eb68d9/gnocchi.e6495f68-acda-439a-9a97-0a7c3a11244c/none_v3" "tx259ae72d486b412cb2300-00697918d8" "proxy-server 20" 0.0011 "-" 25 0
Jan 27 19:58:17 standalone proxy-server[132624]: 172.18.0.2 172.18.0.100 27/Jan/2026/19/58/17 GET /v1/AUTH_b428c619f3214c978c153235e9eb68d9/gnocchi.e6495f68-acda-439a-9a97-0a7c3a11244c/none_v3 HTTP/1.0 404 - python-swiftclient-3.11.1 gAAAAABpeRjYyAct... - 70 - tx259ae72d486b412cb2300-00697918d8 - 0.4288 - - 1769543896.970261574 1769543897.399096489 0
Jan 27 19:58:17 standalone account-server[130452]: 172.20.0.100 - - [27/Jan/2026:19:58:17 +0000] "PUT /d1/225/AUTH_b428c619f3214c978c153235e9eb68d9" 201 - "-" "tx4d1605d1d298444a87e6a-00697918d9" "-" 0.0665 "-" 23 -
Jan 27 19:58:17 standalone proxy-server[132624]: autocreate account '/AUTH_b428c619f3214c978c153235e9eb68d9' (txn: tx4d1605d1d298444a87e6a-00697918d9)
Jan 27 19:58:17 standalone account-server[130430]: 172.20.0.100 - - [27/Jan/2026:19:58:17 +0000] "HEAD /d1/225/AUTH_b428c619f3214c978c153235e9eb68d9" 204 - "HEAD http://172.18.0.2:8080/v1/AUTH_b428c619f3214c978c153235e9eb68d9?format=json" "tx4d1605d1d298444a87e6a-00697918d9" "proxy-server 20" 0.0020 "-" 21 -
Jan 27 19:58:17 standalone account-server[130426]: 172.20.0.100 - - [27/Jan/2026:19:58:17 +0000] "PUT /d1/225/AUTH_b428c619f3214c978c153235e9eb68d9/gnocchi.e6495f68-acda-439a-9a97-0a7c3a11244c" 201 - "PUT http://172.20.0.100:6001/d1/524/AUTH_b428c619f3214c978c153235e9eb68d9/gnocchi.e6495f68-acda-439a-9a97-0a7c3a11244c" "tx4d1605d1d298444a87e6a-00697918d9" "container-server 19" 0.0015 "-" 20 0
Jan 27 19:58:17 standalone container-server[130536]: 172.20.0.100 - - [27/Jan/2026:19:58:17 +0000] "PUT /d1/524/AUTH_b428c619f3214c978c153235e9eb68d9/gnocchi.e6495f68-acda-439a-9a97-0a7c3a11244c" 201 - "PUT http://172.18.0.2:8080/v1/AUTH_b428c619f3214c978c153235e9eb68d9/gnocchi.e6495f68-acda-439a-9a97-0a7c3a11244c" "tx4d1605d1d298444a87e6a-00697918d9" "proxy-server 20" 0.0209 "-" 19 0
Jan 27 19:58:17 standalone proxy-server[132624]: 172.18.0.2 172.18.0.100 27/Jan/2026/19/58/17 PUT /v1/AUTH_b428c619f3214c978c153235e9eb68d9/gnocchi.e6495f68-acda-439a-9a97-0a7c3a11244c HTTP/1.0 201 - python-swiftclient-3.11.1 gAAAAABpeRjYyAct... - - - tx4d1605d1d298444a87e6a-00697918d9 - 0.1023 - - 1769543897.402389526 1769543897.504645586 0
Jan 27 19:58:17 standalone container-server[130561]: 172.20.0.100 - - [27/Jan/2026:19:58:17 +0000] "HEAD /d1/524/AUTH_b428c619f3214c978c153235e9eb68d9/gnocchi.e6495f68-acda-439a-9a97-0a7c3a11244c" 204 - "HEAD http://172.18.0.2:8080/v1/AUTH_b428c619f3214c978c153235e9eb68d9/gnocchi.e6495f68-acda-439a-9a97-0a7c3a11244c?format=json&states=listing" "tx4049f508283444b483fd4-00697918d9" "proxy-server 20" 0.0049 "-" 23 0
Jan 27 19:58:17 standalone proxy-server[132624]: - - 27/Jan/2026/19/58/17 HEAD /v1/AUTH_b428c619f3214c978c153235e9eb68d9/gnocchi.e6495f68-acda-439a-9a97-0a7c3a11244c%3Fformat%3Djson%26states%3Dlisting HTTP/1.0 204 - Swift - - - - tx4049f508283444b483fd4-00697918d9 - 0.0104 RL - 1769543897.510895967 1769543897.521266222 0
Jan 27 19:58:17 standalone container-server[130540]: 172.20.0.100 - - [27/Jan/2026:19:58:17 +0000] "GET /d1/524/AUTH_b428c619f3214c978c153235e9eb68d9/gnocchi.e6495f68-acda-439a-9a97-0a7c3a11244c" 200 2 "GET http://172.18.0.2:8080/v1/AUTH_b428c619f3214c978c153235e9eb68d9/gnocchi.e6495f68-acda-439a-9a97-0a7c3a11244c?format=json&states=listing" "tx4049f508283444b483fd4-00697918d9" "proxy-server 20" 0.0065 "-" 20 0
Jan 27 19:58:17 standalone proxy-server[132624]: 172.18.0.2 172.18.0.100 27/Jan/2026/19/58/17 GET /v1/AUTH_b428c619f3214c978c153235e9eb68d9/gnocchi.e6495f68-acda-439a-9a97-0a7c3a11244c%3Fformat%3Djson%26states%3Dlisting HTTP/1.0 200 - python-swiftclient-3.11.1 gAAAAABpeRjYyAct... - 2 - tx4049f508283444b483fd4-00697918d9 - 0.0251 - - 1769543897.509227753 1769543897.534363985 0
Jan 27 19:58:17 standalone object-server[130807]: 172.20.0.100 - - [27/Jan/2026:19:58:17 +0000] "GET /d1/405/AUTH_b428c619f3214c978c153235e9eb68d9/gnocchi.e6495f68-acda-439a-9a97-0a7c3a11244c/1769040000.0_mean_300.0_v3" 404 70 "GET http://172.18.0.2:8080/v1/AUTH_b428c619f3214c978c153235e9eb68d9/gnocchi.e6495f68-acda-439a-9a97-0a7c3a11244c/1769040000.0_mean_300.0_v3" "tx6c58fd4872ee4b288bfcd-00697918d9" "proxy-server 20" 0.0007 "-" 22 0
Jan 27 19:58:17 standalone proxy-server[132624]: 172.18.0.2 172.18.0.100 27/Jan/2026/19/58/17 GET /v1/AUTH_b428c619f3214c978c153235e9eb68d9/gnocchi.e6495f68-acda-439a-9a97-0a7c3a11244c/1769040000.0_mean_300.0_v3 HTTP/1.0 404 - python-swiftclient-3.11.1 gAAAAABpeRjYyAct... - 70 - tx6c58fd4872ee4b288bfcd-00697918d9 - 0.0054 - - 1769543897.538074970 1769543897.543509483 0
Jan 27 19:58:17 standalone container-server[130561]: 172.20.0.100 - - [27/Jan/2026:19:58:17 +0000] "PUT /d1/524/AUTH_b428c619f3214c978c153235e9eb68d9/gnocchi.e6495f68-acda-439a-9a97-0a7c3a11244c/1769040000.0_mean_300.0_v3" 201 - "PUT http://172.18.0.2:8080/d1/405/AUTH_b428c619f3214c978c153235e9eb68d9/gnocchi.e6495f68-acda-439a-9a97-0a7c3a11244c/1769040000.0_mean_300.0_v3" "txa2ccea124518459e80a6a-00697918d9" "object-server 24" 0.0015 "-" 23 0
Jan 27 19:58:17 standalone object-server[130810]: 172.20.0.100 - - [27/Jan/2026:19:58:17 +0000] "PUT /d1/405/AUTH_b428c619f3214c978c153235e9eb68d9/gnocchi.e6495f68-acda-439a-9a97-0a7c3a11244c/1769040000.0_mean_300.0_v3" 201 - "PUT http://172.18.0.2:8080/v1/AUTH_b428c619f3214c978c153235e9eb68d9/gnocchi.e6495f68-acda-439a-9a97-0a7c3a11244c/1769040000.0_mean_300.0_v3" "txa2ccea124518459e80a6a-00697918d9" "proxy-server 20" 0.0359 "-" 24 0
Jan 27 19:58:17 standalone proxy-server[132624]: 172.18.0.2 172.18.0.100 27/Jan/2026/19/58/17 PUT /v1/AUTH_b428c619f3214c978c153235e9eb68d9/gnocchi.e6495f68-acda-439a-9a97-0a7c3a11244c/1769040000.0_mean_300.0_v3 HTTP/1.0 201 - python-swiftclient-3.11.1 gAAAAABpeRjYyAct... 16 - - txa2ccea124518459e80a6a-00697918d9 - 0.0431 - - 1769543897.545703173 1769543897.588791132 0
Jan 27 19:58:17 standalone container-server[130540]: 172.20.0.100 - - [27/Jan/2026:19:58:17 +0000] "PUT /d1/524/AUTH_b428c619f3214c978c153235e9eb68d9/gnocchi.e6495f68-acda-439a-9a97-0a7c3a11244c/none_v3" 201 - "PUT http://172.18.0.2:8080/d1/895/AUTH_b428c619f3214c978c153235e9eb68d9/gnocchi.e6495f68-acda-439a-9a97-0a7c3a11244c/none_v3" "txb8375429650c43a281254-00697918d9" "object-server 24" 0.0009 "-" 20 0
Jan 27 19:58:17 standalone object-server[130810]: 172.20.0.100 - - [27/Jan/2026:19:58:17 +0000] "PUT /d1/895/AUTH_b428c619f3214c978c153235e9eb68d9/gnocchi.e6495f68-acda-439a-9a97-0a7c3a11244c/none_v3" 201 - "PUT http://172.18.0.2:8080/v1/AUTH_b428c619f3214c978c153235e9eb68d9/gnocchi.e6495f68-acda-439a-9a97-0a7c3a11244c/none_v3" "txb8375429650c43a281254-00697918d9" "proxy-server 20" 0.0112 "-" 24 0
Jan 27 19:58:17 standalone proxy-server[132624]: 172.18.0.2 172.18.0.100 27/Jan/2026/19/58/17 PUT /v1/AUTH_b428c619f3214c978c153235e9eb68d9/gnocchi.e6495f68-acda-439a-9a97-0a7c3a11244c/none_v3 HTTP/1.0 201 - python-swiftclient-3.11.1 gAAAAABpeRjYyAct... 22 - - txb8375429650c43a281254-00697918d9 - 0.0181 - - 1769543897.593929291 1769543897.612066031 0
Jan 27 19:58:28 standalone account-server[130244]: Devices pass completed: 0.00s
Jan 27 19:58:46 standalone object-server[130814]: 172.20.0.100 - - [27/Jan/2026:19:58:46 +0000] "GET /d1/895/AUTH_b428c619f3214c978c153235e9eb68d9/gnocchi.e6495f68-acda-439a-9a97-0a7c3a11244c/none_v3" 200 22 "GET http://172.18.0.2:8080/v1/AUTH_b428c619f3214c978c153235e9eb68d9/gnocchi.e6495f68-acda-439a-9a97-0a7c3a11244c/none_v3" "txb87bd9b8a9824853a8c4a-00697918f6" "proxy-server 20" 0.0008 "-" 25 0
Jan 27 19:58:46 standalone proxy-server[132624]: 172.18.0.2 172.18.0.100 27/Jan/2026/19/58/46 GET /v1/AUTH_b428c619f3214c978c153235e9eb68d9/gnocchi.e6495f68-acda-439a-9a97-0a7c3a11244c/none_v3 HTTP/1.0 200 - python-swiftclient-3.11.1 gAAAAABpeRjYyAct... - 22 - txb87bd9b8a9824853a8c4a-00697918f6 - 0.0145 - - 1769543926.533488035 1769543926.548010588 0
Jan 27 19:58:46 standalone container-server[130536]: 172.20.0.100 - - [27/Jan/2026:19:58:46 +0000] "GET /d1/524/AUTH_b428c619f3214c978c153235e9eb68d9/gnocchi.e6495f68-acda-439a-9a97-0a7c3a11244c" 200 357 "GET http://172.18.0.2:8080/v1/AUTH_b428c619f3214c978c153235e9eb68d9/gnocchi.e6495f68-acda-439a-9a97-0a7c3a11244c?format=json&states=listing" "txf20f8b283b8443259d70b-00697918f6" "proxy-server 20" 0.0618 "-" 19 0
Jan 27 19:58:46 standalone proxy-server[132624]: 172.18.0.2 172.18.0.100 27/Jan/2026/19/58/46 GET /v1/AUTH_b428c619f3214c978c153235e9eb68d9/gnocchi.e6495f68-acda-439a-9a97-0a7c3a11244c%3Fformat%3Djson%26states%3Dlisting HTTP/1.0 200 - python-swiftclient-3.11.1 gAAAAABpeRjYyAct... - 357 - txf20f8b283b8443259d70b-00697918f6 - 0.0689 - - 1769543926.551660776 1769543926.620537996 0
Jan 27 19:58:46 standalone container-server[130560]: 172.20.0.100 - - [27/Jan/2026:19:58:46 +0000] "GET /d1/524/AUTH_b428c619f3214c978c153235e9eb68d9/gnocchi.e6495f68-acda-439a-9a97-0a7c3a11244c" 200 2 "GET http://172.18.0.2:8080/v1/AUTH_b428c619f3214c978c153235e9eb68d9/gnocchi.e6495f68-acda-439a-9a97-0a7c3a11244c?format=json&marker=none_v3&states=listing" "tx35f570738174404fb3715-00697918f6" "proxy-server 20" 0.0031 "-" 22 0
Jan 27 19:58:46 standalone proxy-server[132624]: 172.18.0.2 172.18.0.100 27/Jan/2026/19/58/46 GET /v1/AUTH_b428c619f3214c978c153235e9eb68d9/gnocchi.e6495f68-acda-439a-9a97-0a7c3a11244c%3Fformat%3Djson%26marker%3Dnone_v3%26states%3Dlisting HTTP/1.0 200 - python-swiftclient-3.11.1 gAAAAABpeRjYyAct... - 2 - tx35f570738174404fb3715-00697918f6 - 0.0132 - - 1769543926.623333454 1769543926.636537552 0
Jan 27 19:58:46 standalone object-server[130814]: 172.20.0.100 - - [27/Jan/2026:19:58:46 +0000] "GET /d1/405/AUTH_b428c619f3214c978c153235e9eb68d9/gnocchi.e6495f68-acda-439a-9a97-0a7c3a11244c/1769040000.0_mean_300.0_v3" 200 16 "GET http://172.18.0.2:8080/v1/AUTH_b428c619f3214c978c153235e9eb68d9/gnocchi.e6495f68-acda-439a-9a97-0a7c3a11244c/1769040000.0_mean_300.0_v3" "tx3ffc8625a32f45ff9691f-00697918f6" "proxy-server 20" 0.0010 "-" 25 0
Jan 27 19:58:46 standalone proxy-server[132624]: 172.18.0.2 172.18.0.100 27/Jan/2026/19/58/46 GET /v1/AUTH_b428c619f3214c978c153235e9eb68d9/gnocchi.e6495f68-acda-439a-9a97-0a7c3a11244c/1769040000.0_mean_300.0_v3 HTTP/1.0 200 - python-swiftclient-3.11.1 gAAAAABpeRjYyAct... - 16 - tx3ffc8625a32f45ff9691f-00697918f6 - 0.0078 - - 1769543926.640000820 1769543926.647819757 0
Jan 27 19:58:46 standalone container-server[130536]: 172.20.0.100 - - [27/Jan/2026:19:58:46 +0000] "PUT /d1/524/AUTH_b428c619f3214c978c153235e9eb68d9/gnocchi.e6495f68-acda-439a-9a97-0a7c3a11244c/1769040000.0_mean_300.0_v3" 201 - "PUT http://172.18.0.2:8080/d1/405/AUTH_b428c619f3214c978c153235e9eb68d9/gnocchi.e6495f68-acda-439a-9a97-0a7c3a11244c/1769040000.0_mean_300.0_v3" "tx5492b5411e344074a68d6-00697918f6" "object-server 24" 0.0005 "-" 19 0
Jan 27 19:58:46 standalone object-server[130810]: 172.20.0.100 - - [27/Jan/2026:19:58:46 +0000] "PUT /d1/405/AUTH_b428c619f3214c978c153235e9eb68d9/gnocchi.e6495f68-acda-439a-9a97-0a7c3a11244c/1769040000.0_mean_300.0_v3" 201 - "PUT http://172.18.0.2:8080/v1/AUTH_b428c619f3214c978c153235e9eb68d9/gnocchi.e6495f68-acda-439a-9a97-0a7c3a11244c/1769040000.0_mean_300.0_v3" "tx5492b5411e344074a68d6-00697918f6" "proxy-server 20" 0.0094 "-" 24 0
Jan 27 19:58:46 standalone proxy-server[132624]: 172.18.0.2 172.18.0.100 27/Jan/2026/19/58/46 PUT /v1/AUTH_b428c619f3214c978c153235e9eb68d9/gnocchi.e6495f68-acda-439a-9a97-0a7c3a11244c/1769040000.0_mean_300.0_v3 HTTP/1.0 201 - python-swiftclient-3.11.1 gAAAAABpeRjYyAct... 16 - - tx5492b5411e344074a68d6-00697918f6 - 0.0140 - - 1769543926.650669575 1769543926.664690495 0
Jan 27 19:58:46 standalone container-server[130561]: 172.20.0.100 - - [27/Jan/2026:19:58:46 +0000] "PUT /d1/524/AUTH_b428c619f3214c978c153235e9eb68d9/gnocchi.e6495f68-acda-439a-9a97-0a7c3a11244c/none_v3" 201 - "PUT http://172.18.0.2:8080/d1/895/AUTH_b428c619f3214c978c153235e9eb68d9/gnocchi.e6495f68-acda-439a-9a97-0a7c3a11244c/none_v3" "tx49a374e40fd9479882d77-00697918f6" "object-server 25" 0.0008 "-" 23 0
Jan 27 19:58:46 standalone object-server[130814]: 172.20.0.100 - - [27/Jan/2026:19:58:46 +0000] "PUT /d1/895/AUTH_b428c619f3214c978c153235e9eb68d9/gnocchi.e6495f68-acda-439a-9a97-0a7c3a11244c/none_v3" 201 - "PUT http://172.18.0.2:8080/v1/AUTH_b428c619f3214c978c153235e9eb68d9/gnocchi.e6495f68-acda-439a-9a97-0a7c3a11244c/none_v3" "tx49a374e40fd9479882d77-00697918f6" "proxy-server 20" 0.0198 "-" 25 0
Jan 27 19:58:46 standalone proxy-server[132624]: 172.18.0.2 172.18.0.100 27/Jan/2026/19/58/46 PUT /v1/AUTH_b428c619f3214c978c153235e9eb68d9/gnocchi.e6495f68-acda-439a-9a97-0a7c3a11244c/none_v3 HTTP/1.0 201 - python-swiftclient-3.11.1 gAAAAABpeRjYyAct... 32 - - tx49a374e40fd9479882d77-00697918f6 - 0.0261 - - 1769543926.667205572 1769543926.693293333 0
Jan 27 19:59:16 standalone container-server[130536]: 172.20.0.100 - - [27/Jan/2026:19:59:16 +0000] "HEAD /d1/269/AUTH_b428c619f3214c978c153235e9eb68d9/gnocchi.0d4a211c-e733-41a1-a596-4ab5860a3fab" 404 - "HEAD http://172.18.0.2:8080/v1/AUTH_b428c619f3214c978c153235e9eb68d9/gnocchi.0d4a211c-e733-41a1-a596-4ab5860a3fab?format=json&states=listing" "tx8ef0b6d46d484e0d8d3fb-0069791914" "proxy-server 20" 0.0006 "-" 19 0
Jan 27 19:59:16 standalone object-server[130814]: 172.20.0.100 - - [27/Jan/2026:19:59:16 +0000] "GET /d1/345/AUTH_b428c619f3214c978c153235e9eb68d9/gnocchi.0d4a211c-e733-41a1-a596-4ab5860a3fab/none_v3" 404 70 "GET http://172.18.0.2:8080/v1/AUTH_b428c619f3214c978c153235e9eb68d9/gnocchi.0d4a211c-e733-41a1-a596-4ab5860a3fab/none_v3" "tx8ef0b6d46d484e0d8d3fb-0069791914" "proxy-server 20" 0.0005 "-" 25 0
Jan 27 19:59:16 standalone proxy-server[132624]: 172.18.0.2 172.18.0.100 27/Jan/2026/19/59/16 GET /v1/AUTH_b428c619f3214c978c153235e9eb68d9/gnocchi.0d4a211c-e733-41a1-a596-4ab5860a3fab/none_v3 HTTP/1.0 404 - python-swiftclient-3.11.1 gAAAAABpeRjYyAct... - 70 - tx8ef0b6d46d484e0d8d3fb-0069791914 - 0.0115 - - 1769543956.908508778 1769543956.919960976 0
Jan 27 19:59:16 standalone account-server[130430]: 172.20.0.100 - - [27/Jan/2026:19:59:16 +0000] "PUT /d1/225/AUTH_b428c619f3214c978c153235e9eb68d9/gnocchi.0d4a211c-e733-41a1-a596-4ab5860a3fab" 201 - "PUT http://172.20.0.100:6001/d1/269/AUTH_b428c619f3214c978c153235e9eb68d9/gnocchi.0d4a211c-e733-41a1-a596-4ab5860a3fab" "tx2e6048a59c214eb2b8240-0069791914" "container-server 22" 0.0061 "-" 21 0
Jan 27 19:59:16 standalone container-server[130560]: 172.20.0.100 - - [27/Jan/2026:19:59:16 +0000] "PUT /d1/269/AUTH_b428c619f3214c978c153235e9eb68d9/gnocchi.0d4a211c-e733-41a1-a596-4ab5860a3fab" 201 - "PUT http://172.18.0.2:8080/v1/AUTH_b428c619f3214c978c153235e9eb68d9/gnocchi.0d4a211c-e733-41a1-a596-4ab5860a3fab" "tx2e6048a59c214eb2b8240-0069791914" "proxy-server 20" 0.0149 "-" 22 0
Jan 27 19:59:16 standalone proxy-server[132624]: 172.18.0.2 172.18.0.100 27/Jan/2026/19/59/16 PUT /v1/AUTH_b428c619f3214c978c153235e9eb68d9/gnocchi.0d4a211c-e733-41a1-a596-4ab5860a3fab HTTP/1.0 201 - python-swiftclient-3.11.1 gAAAAABpeRjYyAct... - - - tx2e6048a59c214eb2b8240-0069791914 - 0.0220 - - 1769543956.925205946 1769543956.947232485 0
Jan 27 19:59:16 standalone container-server[130536]: 172.20.0.100 - - [27/Jan/2026:19:59:16 +0000] "HEAD /d1/269/AUTH_b428c619f3214c978c153235e9eb68d9/gnocchi.0d4a211c-e733-41a1-a596-4ab5860a3fab" 204 - "HEAD http://172.18.0.2:8080/v1/AUTH_b428c619f3214c978c153235e9eb68d9/gnocchi.0d4a211c-e733-41a1-a596-4ab5860a3fab?format=json&states=listing" "txb715e88249a1489ba5b22-0069791914" "proxy-server 20" 0.0017 "-" 19 0
Jan 27 19:59:16 standalone proxy-server[132624]: - - 27/Jan/2026/19/59/16 HEAD /v1/AUTH_b428c619f3214c978c153235e9eb68d9/gnocchi.0d4a211c-e733-41a1-a596-4ab5860a3fab%3Fformat%3Djson%26states%3Dlisting HTTP/1.0 204 - Swift - - - - txb715e88249a1489ba5b22-0069791914 - 0.0054 RL - 1769543956.953079462 1769543956.958529234 0
Jan 27 19:59:16 standalone container-server[130536]: 172.20.0.100 - - [27/Jan/2026:19:59:16 +0000] "GET /d1/269/AUTH_b428c619f3214c978c153235e9eb68d9/gnocchi.0d4a211c-e733-41a1-a596-4ab5860a3fab" 200 2 "GET http://172.18.0.2:8080/v1/AUTH_b428c619f3214c978c153235e9eb68d9/gnocchi.0d4a211c-e733-41a1-a596-4ab5860a3fab?format=json&states=listing" "txb715e88249a1489ba5b22-0069791914" "proxy-server 20" 0.0024 "-" 19 0
Jan 27 19:59:16 standalone proxy-server[132624]: 172.18.0.2 172.18.0.100 27/Jan/2026/19/59/16 GET /v1/AUTH_b428c619f3214c978c153235e9eb68d9/gnocchi.0d4a211c-e733-41a1-a596-4ab5860a3fab%3Fformat%3Djson%26states%3Dlisting HTTP/1.0 200 - python-swiftclient-3.11.1 gAAAAABpeRjYyAct... - 2 - txb715e88249a1489ba5b22-0069791914 - 0.0157 - - 1769543956.951808929 1769543956.967507362 0
Jan 27 19:59:16 standalone object-server[130810]: 172.20.0.100 - - [27/Jan/2026:19:59:16 +0000] "GET /d1/218/AUTH_b428c619f3214c978c153235e9eb68d9/gnocchi.0d4a211c-e733-41a1-a596-4ab5860a3fab/1769040000.0_mean_300.0_v3" 404 70 "GET http://172.18.0.2:8080/v1/AUTH_b428c619f3214c978c153235e9eb68d9/gnocchi.0d4a211c-e733-41a1-a596-4ab5860a3fab/1769040000.0_mean_300.0_v3" "txa1cc541c07e347b19d814-0069791914" "proxy-server 20" 0.0004 "-" 24 0
Jan 27 19:59:16 standalone proxy-server[132624]: 172.18.0.2 172.18.0.100 27/Jan/2026/19/59/16 GET /v1/AUTH_b428c619f3214c978c153235e9eb68d9/gnocchi.0d4a211c-e733-41a1-a596-4ab5860a3fab/1769040000.0_mean_300.0_v3 HTTP/1.0 404 - python-swiftclient-3.11.1 gAAAAABpeRjYyAct... - 70 - txa1cc541c07e347b19d814-0069791914 - 0.0058 - - 1769543956.972142696 1769543956.977921724 0
Jan 27 19:59:16 standalone container-server[130560]: 172.20.0.100 - - [27/Jan/2026:19:59:16 +0000] "PUT /d1/269/AUTH_b428c619f3214c978c153235e9eb68d9/gnocchi.0d4a211c-e733-41a1-a596-4ab5860a3fab/1769040000.0_mean_300.0_v3" 201 - "PUT http://172.18.0.2:8080/d1/218/AUTH_b428c619f3214c978c153235e9eb68d9/gnocchi.0d4a211c-e733-41a1-a596-4ab5860a3fab/1769040000.0_mean_300.0_v3" "tx30ba945ac89b4123aca76-0069791914" "object-server 25" 0.0007 "-" 22 0
Jan 27 19:59:16 standalone object-server[130814]: 172.20.0.100 - - [27/Jan/2026:19:59:16 +0000] "PUT /d1/218/AUTH_b428c619f3214c978c153235e9eb68d9/gnocchi.0d4a211c-e733-41a1-a596-4ab5860a3fab/1769040000.0_mean_300.0_v3" 201 - "PUT http://172.18.0.2:8080/v1/AUTH_b428c619f3214c978c153235e9eb68d9/gnocchi.0d4a211c-e733-41a1-a596-4ab5860a3fab/1769040000.0_mean_300.0_v3" "tx30ba945ac89b4123aca76-0069791914" "proxy-server 20" 0.0104 "-" 25 0
Jan 27 19:59:16 standalone proxy-server[132624]: 172.18.0.2 172.18.0.100 27/Jan/2026/19/59/16 PUT /v1/AUTH_b428c619f3214c978c153235e9eb68d9/gnocchi.0d4a211c-e733-41a1-a596-4ab5860a3fab/1769040000.0_mean_300.0_v3 HTTP/1.0 201 - python-swiftclient-3.11.1 gAAAAABpeRjYyAct... 16 - - tx30ba945ac89b4123aca76-0069791914 - 0.0161 - - 1769543956.981651783 1769543956.997746706 0
Jan 27 19:59:17 standalone container-server[130561]: 172.20.0.100 - - [27/Jan/2026:19:59:17 +0000] "PUT /d1/269/AUTH_b428c619f3214c978c153235e9eb68d9/gnocchi.0d4a211c-e733-41a1-a596-4ab5860a3fab/none_v3" 201 - "PUT http://172.18.0.2:8080/d1/345/AUTH_b428c619f3214c978c153235e9eb68d9/gnocchi.0d4a211c-e733-41a1-a596-4ab5860a3fab/none_v3" "tx2a7e9d8e1a1e4b2a87e24-0069791915" "object-server 24" 0.0007 "-" 23 0
Jan 27 19:59:17 standalone object-server[130810]: 172.20.0.100 - - [27/Jan/2026:19:59:17 +0000] "PUT /d1/345/AUTH_b428c619f3214c978c153235e9eb68d9/gnocchi.0d4a211c-e733-41a1-a596-4ab5860a3fab/none_v3" 201 - "PUT http://172.18.0.2:8080/v1/AUTH_b428c619f3214c978c153235e9eb68d9/gnocchi.0d4a211c-e733-41a1-a596-4ab5860a3fab/none_v3" "tx2a7e9d8e1a1e4b2a87e24-0069791915" "proxy-server 20" 0.0114 "-" 24 0
Jan 27 19:59:17 standalone proxy-server[132624]: 172.18.0.2 172.18.0.100 27/Jan/2026/19/59/17 PUT /v1/AUTH_b428c619f3214c978c153235e9eb68d9/gnocchi.0d4a211c-e733-41a1-a596-4ab5860a3fab/none_v3 HTTP/1.0 201 - python-swiftclient-3.11.1 gAAAAABpeRjYyAct... 22 - - tx2a7e9d8e1a1e4b2a87e24-0069791915 - 0.0175 - - 1769543957.001385450 1769543957.018888712 0
Jan 27 19:59:17 standalone container-server[130536]: 172.20.0.100 - - [27/Jan/2026:19:59:17 +0000] "HEAD /d1/383/AUTH_b428c619f3214c978c153235e9eb68d9/gnocchi.30888698-e649-451f-8fec-5d7a60af2971" 404 - "HEAD http://172.18.0.2:8080/v1/AUTH_b428c619f3214c978c153235e9eb68d9/gnocchi.30888698-e649-451f-8fec-5d7a60af2971?format=json&states=listing" "tx4e0c91abd65e4c66bb976-0069791915" "proxy-server 20" 0.0004 "-" 19 0
Jan 27 19:59:17 standalone object-server[130810]: 172.20.0.100 - - [27/Jan/2026:19:59:17 +0000] "GET /d1/148/AUTH_b428c619f3214c978c153235e9eb68d9/gnocchi.30888698-e649-451f-8fec-5d7a60af2971/none_v3" 404 70 "GET http://172.18.0.2:8080/v1/AUTH_b428c619f3214c978c153235e9eb68d9/gnocchi.30888698-e649-451f-8fec-5d7a60af2971/none_v3" "tx4e0c91abd65e4c66bb976-0069791915" "proxy-server 20" 0.0004 "-" 24 0
Jan 27 19:59:17 standalone proxy-server[132624]: 172.18.0.2 172.18.0.100 27/Jan/2026/19/59/17 GET /v1/AUTH_b428c619f3214c978c153235e9eb68d9/gnocchi.30888698-e649-451f-8fec-5d7a60af2971/none_v3 HTTP/1.0 404 - python-swiftclient-3.11.1 gAAAAABpeRjYyAct... - 70 - tx4e0c91abd65e4c66bb976-0069791915 - 0.0107 - - 1769543957.030726671 1769543957.041472673 0
Jan 27 19:59:17 standalone account-server[130426]: 172.20.0.100 - - [27/Jan/2026:19:59:17 +0000] "PUT /d1/225/AUTH_b428c619f3214c978c153235e9eb68d9/gnocchi.30888698-e649-451f-8fec-5d7a60af2971" 201 - "PUT http://172.20.0.100:6001/d1/383/AUTH_b428c619f3214c978c153235e9eb68d9/gnocchi.30888698-e649-451f-8fec-5d7a60af2971" "txcf1082fe4f904e39ba8a0-0069791915" "container-server 22" 0.0071 "-" 20 0
Jan 27 19:59:17 standalone container-server[130560]: 172.20.0.100 - - [27/Jan/2026:19:59:17 +0000] "PUT /d1/383/AUTH_b428c619f3214c978c153235e9eb68d9/gnocchi.30888698-e649-451f-8fec-5d7a60af2971" 201 - "PUT http://172.18.0.2:8080/v1/AUTH_b428c619f3214c978c153235e9eb68d9/gnocchi.30888698-e649-451f-8fec-5d7a60af2971" "txcf1082fe4f904e39ba8a0-0069791915" "proxy-server 20" 0.0172 "-" 22 0
Jan 27 19:59:17 standalone proxy-server[132624]: 172.18.0.2 172.18.0.100 27/Jan/2026/19/59/17 PUT /v1/AUTH_b428c619f3214c978c153235e9eb68d9/gnocchi.30888698-e649-451f-8fec-5d7a60af2971 HTTP/1.0 201 - python-swiftclient-3.11.1 gAAAAABpeRjYyAct... - - - txcf1082fe4f904e39ba8a0-0069791915 - 0.0228 - - 1769543957.044717789 1769543957.067513227 0
Jan 27 19:59:17 standalone container-server[130540]: 172.20.0.100 - - [27/Jan/2026:19:59:17 +0000] "HEAD /d1/383/AUTH_b428c619f3214c978c153235e9eb68d9/gnocchi.30888698-e649-451f-8fec-5d7a60af2971" 204 - "HEAD http://172.18.0.2:8080/v1/AUTH_b428c619f3214c978c153235e9eb68d9/gnocchi.30888698-e649-451f-8fec-5d7a60af2971?format=json&states=listing" "tx0c0294806d6e417884425-0069791915" "proxy-server 20" 0.0024 "-" 20 0
Jan 27 19:59:17 standalone proxy-server[132624]: - - 27/Jan/2026/19/59/17 HEAD /v1/AUTH_b428c619f3214c978c153235e9eb68d9/gnocchi.30888698-e649-451f-8fec-5d7a60af2971%3Fformat%3Djson%26states%3Dlisting HTTP/1.0 204 - Swift - - - - tx0c0294806d6e417884425-0069791915 - 0.0062 RL - 1769543957.074757576 1769543957.081001997 0
Jan 27 19:59:17 standalone container-server[130561]: 172.20.0.100 - - [27/Jan/2026:19:59:17 +0000] "GET /d1/383/AUTH_b428c619f3214c978c153235e9eb68d9/gnocchi.30888698-e649-451f-8fec-5d7a60af2971" 200 2 "GET http://172.18.0.2:8080/v1/AUTH_b428c619f3214c978c153235e9eb68d9/gnocchi.30888698-e649-451f-8fec-5d7a60af2971?format=json&states=listing" "tx0c0294806d6e417884425-0069791915" "proxy-server 20" 0.0024 "-" 23 0
Jan 27 19:59:17 standalone proxy-server[132624]: 172.18.0.2 172.18.0.100 27/Jan/2026/19/59/17 GET /v1/AUTH_b428c619f3214c978c153235e9eb68d9/gnocchi.30888698-e649-451f-8fec-5d7a60af2971%3Fformat%3Djson%26states%3Dlisting HTTP/1.0 200 - python-swiftclient-3.11.1 gAAAAABpeRjYyAct... - 2 - tx0c0294806d6e417884425-0069791915 - 0.0180 - - 1769543957.072147131 1769543957.090129614 0
Jan 27 19:59:17 standalone object-server[130807]: 172.20.0.100 - - [27/Jan/2026:19:59:17 +0000] "GET /d1/929/AUTH_b428c619f3214c978c153235e9eb68d9/gnocchi.30888698-e649-451f-8fec-5d7a60af2971/1769040000.0_mean_300.0_v3" 404 70 "GET http://172.18.0.2:8080/v1/AUTH_b428c619f3214c978c153235e9eb68d9/gnocchi.30888698-e649-451f-8fec-5d7a60af2971/1769040000.0_mean_300.0_v3" "tx5d3f69057c3a479195fcb-0069791915" "proxy-server 20" 0.0005 "-" 22 0
Jan 27 19:59:17 standalone proxy-server[132624]: 172.18.0.2 172.18.0.100 27/Jan/2026/19/59/17 GET /v1/AUTH_b428c619f3214c978c153235e9eb68d9/gnocchi.30888698-e649-451f-8fec-5d7a60af2971/1769040000.0_mean_300.0_v3 HTTP/1.0 404 - python-swiftclient-3.11.1 gAAAAABpeRjYyAct... - 70 - tx5d3f69057c3a479195fcb-0069791915 - 0.0067 - - 1769543957.094022989 1769543957.100695133 0
Jan 27 19:59:17 standalone container-server[130540]: 172.20.0.100 - - [27/Jan/2026:19:59:17 +0000] "PUT /d1/383/AUTH_b428c619f3214c978c153235e9eb68d9/gnocchi.30888698-e649-451f-8fec-5d7a60af2971/1769040000.0_mean_300.0_v3" 201 - "PUT http://172.18.0.2:8080/d1/929/AUTH_b428c619f3214c978c153235e9eb68d9/gnocchi.30888698-e649-451f-8fec-5d7a60af2971/1769040000.0_mean_300.0_v3" "txed21f26afae64bbebf476-0069791915" "object-server 23" 0.0008 "-" 20 0
Jan 27 19:59:17 standalone object-server[130809]: 172.20.0.100 - - [27/Jan/2026:19:59:17 +0000] "PUT /d1/929/AUTH_b428c619f3214c978c153235e9eb68d9/gnocchi.30888698-e649-451f-8fec-5d7a60af2971/1769040000.0_mean_300.0_v3" 201 - "PUT http://172.18.0.2:8080/v1/AUTH_b428c619f3214c978c153235e9eb68d9/gnocchi.30888698-e649-451f-8fec-5d7a60af2971/1769040000.0_mean_300.0_v3" "txed21f26afae64bbebf476-0069791915" "proxy-server 20" 0.0722 "-" 23 0
Jan 27 19:59:17 standalone proxy-server[132624]: 172.18.0.2 172.18.0.100 27/Jan/2026/19/59/17 PUT /v1/AUTH_b428c619f3214c978c153235e9eb68d9/gnocchi.30888698-e649-451f-8fec-5d7a60af2971/1769040000.0_mean_300.0_v3 HTTP/1.0 201 - python-swiftclient-3.11.1 gAAAAABpeRjYyAct... 16 - - txed21f26afae64bbebf476-0069791915 - 0.0802 - - 1769543957.103074789 1769543957.183252573 0
Jan 27 19:59:17 standalone container-server[130540]: 172.20.0.100 - - [27/Jan/2026:19:59:17 +0000] "PUT /d1/383/AUTH_b428c619f3214c978c153235e9eb68d9/gnocchi.30888698-e649-451f-8fec-5d7a60af2971/none_v3" 201 - "PUT http://172.18.0.2:8080/d1/148/AUTH_b428c619f3214c978c153235e9eb68d9/gnocchi.30888698-e649-451f-8fec-5d7a60af2971/none_v3" "tx9e004f31c8934b6e9586d-0069791915" "object-server 24" 0.0006 "-" 20 0
Jan 27 19:59:17 standalone object-server[130810]: 172.20.0.100 - - [27/Jan/2026:19:59:17 +0000] "PUT /d1/148/AUTH_b428c619f3214c978c153235e9eb68d9/gnocchi.30888698-e649-451f-8fec-5d7a60af2971/none_v3" 201 - "PUT http://172.18.0.2:8080/v1/AUTH_b428c619f3214c978c153235e9eb68d9/gnocchi.30888698-e649-451f-8fec-5d7a60af2971/none_v3" "tx9e004f31c8934b6e9586d-0069791915" "proxy-server 20" 0.0253 "-" 24 0
Jan 27 19:59:17 standalone proxy-server[132624]: 172.18.0.2 172.18.0.100 27/Jan/2026/19/59/17 PUT /v1/AUTH_b428c619f3214c978c153235e9eb68d9/gnocchi.30888698-e649-451f-8fec-5d7a60af2971/none_v3 HTTP/1.0 201 - python-swiftclient-3.11.1 gAAAAABpeRjYyAct... 22 - - tx9e004f31c8934b6e9586d-0069791915 - 0.0368 - - 1769543957.187676668 1769543957.224447012 0
Jan 27 19:59:25 standalone account-server[130430]: 172.20.0.100 - - [27/Jan/2026:19:59:25 +0000] "HEAD /d1/225/AUTH_b428c619f3214c978c153235e9eb68d9" 204 - "HEAD http://172.18.0.2:8080/v1/AUTH_b428c619f3214c978c153235e9eb68d9?format=json" "txc75ea57049cb420d8dbb8-006979191d" "proxy-server 20" 0.0066 "-" 21 -
Jan 27 19:59:25 standalone proxy-server[132624]: - - 27/Jan/2026/19/59/25 HEAD /v1/AUTH_b428c619f3214c978c153235e9eb68d9%3Fformat%3Djson HTTP/1.0 204 - Swift - - - - txc75ea57049cb420d8dbb8-006979191d - 0.0132 RL - 1769543965.594939947 1769543965.608129978 -
Jan 27 19:59:25 standalone container-server[130540]: 172.20.0.100 - - [27/Jan/2026:19:59:25 +0000] "HEAD /d1/736/AUTH_b428c619f3214c978c153235e9eb68d9/gnocchi.f255014d-194a-4a87-89a6-b9d4ab4060a7" 404 - "HEAD http://172.18.0.2:8080/v1/AUTH_b428c619f3214c978c153235e9eb68d9/gnocchi.f255014d-194a-4a87-89a6-b9d4ab4060a7?format=json&states=listing" "txc75ea57049cb420d8dbb8-006979191d" "proxy-server 20" 0.0009 "-" 20 0
Jan 27 19:59:25 standalone object-server[130810]: 172.20.0.100 - - [27/Jan/2026:19:59:25 +0000] "GET /d1/819/AUTH_b428c619f3214c978c153235e9eb68d9/gnocchi.f255014d-194a-4a87-89a6-b9d4ab4060a7/none_v3" 404 70 "GET http://172.18.0.2:8080/v1/AUTH_b428c619f3214c978c153235e9eb68d9/gnocchi.f255014d-194a-4a87-89a6-b9d4ab4060a7/none_v3" "txc75ea57049cb420d8dbb8-006979191d" "proxy-server 20" 0.0006 "-" 24 0
Jan 27 19:59:25 standalone proxy-server[132624]: 172.18.0.2 172.18.0.100 27/Jan/2026/19/59/25 GET /v1/AUTH_b428c619f3214c978c153235e9eb68d9/gnocchi.f255014d-194a-4a87-89a6-b9d4ab4060a7/none_v3 HTTP/1.0 404 - python-swiftclient-3.11.1 gAAAAABpeRjYyAct... - 70 - txc75ea57049cb420d8dbb8-006979191d - 0.0311 - - 1769543965.593681097 1769543965.624761581 0
Jan 27 19:59:25 standalone account-server[130426]: 172.20.0.100 - - [27/Jan/2026:19:59:25 +0000] "PUT /d1/225/AUTH_b428c619f3214c978c153235e9eb68d9/gnocchi.f255014d-194a-4a87-89a6-b9d4ab4060a7" 201 - "PUT http://172.20.0.100:6001/d1/736/AUTH_b428c619f3214c978c153235e9eb68d9/gnocchi.f255014d-194a-4a87-89a6-b9d4ab4060a7" "tx03260ad27c814fc9b7e16-006979191d" "container-server 20" 0.0012 "-" 20 0
Jan 27 19:59:25 standalone container-server[130540]: 172.20.0.100 - - [27/Jan/2026:19:59:25 +0000] "PUT /d1/736/AUTH_b428c619f3214c978c153235e9eb68d9/gnocchi.f255014d-194a-4a87-89a6-b9d4ab4060a7" 201 - "PUT http://172.18.0.2:8080/v1/AUTH_b428c619f3214c978c153235e9eb68d9/gnocchi.f255014d-194a-4a87-89a6-b9d4ab4060a7" "tx03260ad27c814fc9b7e16-006979191d" "proxy-server 20" 0.0123 "-" 20 0
Jan 27 19:59:25 standalone proxy-server[132624]: 172.18.0.2 172.18.0.100 27/Jan/2026/19/59/25 PUT /v1/AUTH_b428c619f3214c978c153235e9eb68d9/gnocchi.f255014d-194a-4a87-89a6-b9d4ab4060a7 HTTP/1.0 201 - python-swiftclient-3.11.1 gAAAAABpeRjYyAct... - - - tx03260ad27c814fc9b7e16-006979191d - 0.0189 - - 1769543965.629294872 1769543965.648206949 0
Jan 27 19:59:25 standalone container-server[130536]: 172.20.0.100 - - [27/Jan/2026:19:59:25 +0000] "HEAD /d1/736/AUTH_b428c619f3214c978c153235e9eb68d9/gnocchi.f255014d-194a-4a87-89a6-b9d4ab4060a7" 204 - "HEAD http://172.18.0.2:8080/v1/AUTH_b428c619f3214c978c153235e9eb68d9/gnocchi.f255014d-194a-4a87-89a6-b9d4ab4060a7?format=json&states=listing" "tx35758704407849988c437-006979191d" "proxy-server 20" 0.0015 "-" 19 0
Jan 27 19:59:25 standalone proxy-server[132624]: - - 27/Jan/2026/19/59/25 HEAD /v1/AUTH_b428c619f3214c978c153235e9eb68d9/gnocchi.f255014d-194a-4a87-89a6-b9d4ab4060a7%3Fformat%3Djson%26states%3Dlisting HTTP/1.0 204 - Swift - - - - tx35758704407849988c437-006979191d - 0.0064 RL - 1769543965.653821707 1769543965.660254717 0
Jan 27 19:59:25 standalone container-server[130560]: 172.20.0.100 - - [27/Jan/2026:19:59:25 +0000] "GET /d1/736/AUTH_b428c619f3214c978c153235e9eb68d9/gnocchi.f255014d-194a-4a87-89a6-b9d4ab4060a7" 200 2 "GET http://172.18.0.2:8080/v1/AUTH_b428c619f3214c978c153235e9eb68d9/gnocchi.f255014d-194a-4a87-89a6-b9d4ab4060a7?format=json&states=listing" "tx35758704407849988c437-006979191d" "proxy-server 20" 0.0035 "-" 22 0
Jan 27 19:59:25 standalone proxy-server[132624]: 172.18.0.2 172.18.0.100 27/Jan/2026/19/59/25 GET /v1/AUTH_b428c619f3214c978c153235e9eb68d9/gnocchi.f255014d-194a-4a87-89a6-b9d4ab4060a7%3Fformat%3Djson%26states%3Dlisting HTTP/1.0 200 - python-swiftclient-3.11.1 gAAAAABpeRjYyAct... - 2 - tx35758704407849988c437-006979191d - 0.0198 - - 1769543965.652562618 1769543965.672375917 0
Jan 27 19:59:25 standalone object-server[130814]: 172.20.0.100 - - [27/Jan/2026:19:59:25 +0000] "GET /d1/823/AUTH_b428c619f3214c978c153235e9eb68d9/gnocchi.f255014d-194a-4a87-89a6-b9d4ab4060a7/1769040000.0_mean_300.0_v3" 404 70 "GET http://172.18.0.2:8080/v1/AUTH_b428c619f3214c978c153235e9eb68d9/gnocchi.f255014d-194a-4a87-89a6-b9d4ab4060a7/1769040000.0_mean_300.0_v3" "txb5405cefe67541ec8eb4a-006979191d" "proxy-server 20" 0.0005 "-" 25 0
Jan 27 19:59:25 standalone proxy-server[132624]: 172.18.0.2 172.18.0.100 27/Jan/2026/19/59/25 GET /v1/AUTH_b428c619f3214c978c153235e9eb68d9/gnocchi.f255014d-194a-4a87-89a6-b9d4ab4060a7/1769040000.0_mean_300.0_v3 HTTP/1.0 404 - python-swiftclient-3.11.1 gAAAAABpeRjYyAct... - 70 - txb5405cefe67541ec8eb4a-006979191d - 0.0066 - - 1769543965.677127361 1769543965.683764935 0
Jan 27 19:59:25 standalone container-server[130560]: 172.20.0.100 - - [27/Jan/2026:19:59:25 +0000] "PUT /d1/736/AUTH_b428c619f3214c978c153235e9eb68d9/gnocchi.f255014d-194a-4a87-89a6-b9d4ab4060a7/1769040000.0_mean_300.0_v3" 201 - "PUT http://172.18.0.2:8080/d1/823/AUTH_b428c619f3214c978c153235e9eb68d9/gnocchi.f255014d-194a-4a87-89a6-b9d4ab4060a7/1769040000.0_mean_300.0_v3" "txbae0317a3abd41a69416e-006979191d" "object-server 24" 0.0014 "-" 22 0
Jan 27 19:59:25 standalone object-server[130810]: 172.20.0.100 - - [27/Jan/2026:19:59:25 +0000] "PUT /d1/823/AUTH_b428c619f3214c978c153235e9eb68d9/gnocchi.f255014d-194a-4a87-89a6-b9d4ab4060a7/1769040000.0_mean_300.0_v3" 201 - "PUT http://172.18.0.2:8080/v1/AUTH_b428c619f3214c978c153235e9eb68d9/gnocchi.f255014d-194a-4a87-89a6-b9d4ab4060a7/1769040000.0_mean_300.0_v3" "txbae0317a3abd41a69416e-006979191d" "proxy-server 20" 0.0131 "-" 24 0
Jan 27 19:59:25 standalone proxy-server[132624]: 172.18.0.2 172.18.0.100 27/Jan/2026/19/59/25 PUT /v1/AUTH_b428c619f3214c978c153235e9eb68d9/gnocchi.f255014d-194a-4a87-89a6-b9d4ab4060a7/1769040000.0_mean_300.0_v3 HTTP/1.0 201 - python-swiftclient-3.11.1 gAAAAABpeRjYyAct... 16 - - txbae0317a3abd41a69416e-006979191d - 0.0206 - - 1769543965.687810421 1769543965.708382607 0
Jan 27 19:59:25 standalone container-server[130536]: 172.20.0.100 - - [27/Jan/2026:19:59:25 +0000] "PUT /d1/736/AUTH_b428c619f3214c978c153235e9eb68d9/gnocchi.f255014d-194a-4a87-89a6-b9d4ab4060a7/none_v3" 201 - "PUT http://172.18.0.2:8080/d1/819/AUTH_b428c619f3214c978c153235e9eb68d9/gnocchi.f255014d-194a-4a87-89a6-b9d4ab4060a7/none_v3" "txe6cf939f167e497ebffec-006979191d" "object-server 22" 0.0005 "-" 19 0
Jan 27 19:59:25 standalone object-server[130807]: 172.20.0.100 - - [27/Jan/2026:19:59:25 +0000] "PUT /d1/819/AUTH_b428c619f3214c978c153235e9eb68d9/gnocchi.f255014d-194a-4a87-89a6-b9d4ab4060a7/none_v3" 201 - "PUT http://172.18.0.2:8080/v1/AUTH_b428c619f3214c978c153235e9eb68d9/gnocchi.f255014d-194a-4a87-89a6-b9d4ab4060a7/none_v3" "txe6cf939f167e497ebffec-006979191d" "proxy-server 20" 0.0389 "-" 22 0
Jan 27 19:59:25 standalone proxy-server[132624]: 172.18.0.2 172.18.0.100 27/Jan/2026/19/59/25 PUT /v1/AUTH_b428c619f3214c978c153235e9eb68d9/gnocchi.f255014d-194a-4a87-89a6-b9d4ab4060a7/none_v3 HTTP/1.0 201 - python-swiftclient-3.11.1 gAAAAABpeRjYyAct... 22 - - txe6cf939f167e497ebffec-006979191d - 0.0482 - - 1769543965.711782694 1769543965.759937525 0
Jan 27 19:59:25 standalone container-server[130540]: 172.20.0.100 - - [27/Jan/2026:19:59:25 +0000] "HEAD /d1/708/AUTH_b428c619f3214c978c153235e9eb68d9/gnocchi.b146231c-4f7e-472b-a43e-e82e98f4fe89" 404 - "HEAD http://172.18.0.2:8080/v1/AUTH_b428c619f3214c978c153235e9eb68d9/gnocchi.b146231c-4f7e-472b-a43e-e82e98f4fe89?format=json&states=listing" "tx9b36679ec4f9454e82d3b-006979191d" "proxy-server 20" 0.0005 "-" 20 0
Jan 27 19:59:25 standalone object-server[130809]: 172.20.0.100 - - [27/Jan/2026:19:59:25 +0000] "GET /d1/277/AUTH_b428c619f3214c978c153235e9eb68d9/gnocchi.b146231c-4f7e-472b-a43e-e82e98f4fe89/none_v3" 404 70 "GET http://172.18.0.2:8080/v1/AUTH_b428c619f3214c978c153235e9eb68d9/gnocchi.b146231c-4f7e-472b-a43e-e82e98f4fe89/none_v3" "tx9b36679ec4f9454e82d3b-006979191d" "proxy-server 20" 0.0004 "-" 23 0
Jan 27 19:59:25 standalone proxy-server[132624]: 172.18.0.2 172.18.0.100 27/Jan/2026/19/59/25 GET /v1/AUTH_b428c619f3214c978c153235e9eb68d9/gnocchi.b146231c-4f7e-472b-a43e-e82e98f4fe89/none_v3 HTTP/1.0 404 - python-swiftclient-3.11.1 gAAAAABpeRjYyAct... - 70 - tx9b36679ec4f9454e82d3b-006979191d - 0.0183 - - 1769543965.771422863 1769543965.789674282 0
Jan 27 19:59:25 standalone account-server[130430]: 172.20.0.100 - - [27/Jan/2026:19:59:25 +0000] "PUT /d1/225/AUTH_b428c619f3214c978c153235e9eb68d9/gnocchi.b146231c-4f7e-472b-a43e-e82e98f4fe89" 201 - "PUT http://172.20.0.100:6001/d1/708/AUTH_b428c619f3214c978c153235e9eb68d9/gnocchi.b146231c-4f7e-472b-a43e-e82e98f4fe89" "tx1211c1211c624e80be898-006979191d" "container-server 19" 0.0077 "-" 21 0
Jan 27 19:59:25 standalone container-server[130536]: 172.20.0.100 - - [27/Jan/2026:19:59:25 +0000] "PUT /d1/708/AUTH_b428c619f3214c978c153235e9eb68d9/gnocchi.b146231c-4f7e-472b-a43e-e82e98f4fe89" 201 - "PUT http://172.18.0.2:8080/v1/AUTH_b428c619f3214c978c153235e9eb68d9/gnocchi.b146231c-4f7e-472b-a43e-e82e98f4fe89" "tx1211c1211c624e80be898-006979191d" "proxy-server 20" 0.0209 "-" 19 0
Jan 27 19:59:25 standalone proxy-server[132624]: 172.18.0.2 172.18.0.100 27/Jan/2026/19/59/25 PUT /v1/AUTH_b428c619f3214c978c153235e9eb68d9/gnocchi.b146231c-4f7e-472b-a43e-e82e98f4fe89 HTTP/1.0 201 - python-swiftclient-3.11.1 gAAAAABpeRjYyAct... - - - tx1211c1211c624e80be898-006979191d - 0.0409 - - 1769543965.794259310 1769543965.835158825 0
Jan 27 19:59:25 standalone container-server[130560]: 172.20.0.100 - - [27/Jan/2026:19:59:25 +0000] "HEAD /d1/708/AUTH_b428c619f3214c978c153235e9eb68d9/gnocchi.b146231c-4f7e-472b-a43e-e82e98f4fe89" 204 - "HEAD http://172.18.0.2:8080/v1/AUTH_b428c619f3214c978c153235e9eb68d9/gnocchi.b146231c-4f7e-472b-a43e-e82e98f4fe89?format=json&states=listing" "tx7f430a53ec7f4b26ad0db-006979191d" "proxy-server 20" 0.0030 "-" 22 0
Jan 27 19:59:25 standalone proxy-server[132624]: - - 27/Jan/2026/19/59/25 HEAD /v1/AUTH_b428c619f3214c978c153235e9eb68d9/gnocchi.b146231c-4f7e-472b-a43e-e82e98f4fe89%3Fformat%3Djson%26states%3Dlisting HTTP/1.0 204 - Swift - - - - tx7f430a53ec7f4b26ad0db-006979191d - 0.0123 RL - 1769543965.845168114 1769543965.857487440 0
Jan 27 19:59:25 standalone container-server[130561]: 172.20.0.100 - - [27/Jan/2026:19:59:25 +0000] "GET /d1/708/AUTH_b428c619f3214c978c153235e9eb68d9/gnocchi.b146231c-4f7e-472b-a43e-e82e98f4fe89" 200 2 "GET http://172.18.0.2:8080/v1/AUTH_b428c619f3214c978c153235e9eb68d9/gnocchi.b146231c-4f7e-472b-a43e-e82e98f4fe89?format=json&states=listing" "tx7f430a53ec7f4b26ad0db-006979191d" "proxy-server 20" 0.0048 "-" 23 0
Jan 27 19:59:25 standalone proxy-server[132624]: 172.18.0.2 172.18.0.100 27/Jan/2026/19/59/25 GET /v1/AUTH_b428c619f3214c978c153235e9eb68d9/gnocchi.b146231c-4f7e-472b-a43e-e82e98f4fe89%3Fformat%3Djson%26states%3Dlisting HTTP/1.0 200 - python-swiftclient-3.11.1 gAAAAABpeRjYyAct... - 2 - tx7f430a53ec7f4b26ad0db-006979191d - 0.0324 - - 1769543965.840871096 1769543965.873245239 0
Jan 27 19:59:25 standalone object-server[130809]: 172.20.0.100 - - [27/Jan/2026:19:59:25 +0000] "GET /d1/821/AUTH_b428c619f3214c978c153235e9eb68d9/gnocchi.b146231c-4f7e-472b-a43e-e82e98f4fe89/1769040000.0_mean_300.0_v3" 404 70 "GET http://172.18.0.2:8080/v1/AUTH_b428c619f3214c978c153235e9eb68d9/gnocchi.b146231c-4f7e-472b-a43e-e82e98f4fe89/1769040000.0_mean_300.0_v3" "txfb7248429a0c42e2b92a4-006979191d" "proxy-server 20" 0.0003 "-" 23 0
