Jan 27 20:00:22 standalone proxy-server[132624]: 172.18.0.2 172.18.0.100 27/Jan/2026/20/00/22 PUT /v1/AUTH_b428c619f3214c978c153235e9eb68d9/gnocchi.f255014d-194a-4a87-89a6-b9d4ab4060a7/none_v3 HTTP/1.0 201 - python-swiftclient-3.11.1 gAAAAABpeRjYyAct... 32 - - tx40aae0dc7a3a48df987b3-0069791956 - 0.0163 - - 1769544022.821793795 1769544022.838082314 0
Jan 27 20:00:22 standalone object-server[130810]: 172.20.0.100 - - [27/Jan/2026:20:00:22 +0000] "GET /d1/277/AUTH_b428c619f3214c978c153235e9eb68d9/gnocchi.b146231c-4f7e-472b-a43e-e82e98f4fe89/none_v3" 200 22 "GET http://172.18.0.2:8080/v1/AUTH_b428c619f3214c978c153235e9eb68d9/gnocchi.b146231c-4f7e-472b-a43e-e82e98f4fe89/none_v3" "tx93b61be2312a47abac794-0069791956" "proxy-server 20" 0.0009 "-" 24 0
Jan 27 20:00:22 standalone proxy-server[132624]: 172.18.0.2 172.18.0.100 27/Jan/2026/20/00/22 GET /v1/AUTH_b428c619f3214c978c153235e9eb68d9/gnocchi.b146231c-4f7e-472b-a43e-e82e98f4fe89/none_v3 HTTP/1.0 200 - python-swiftclient-3.11.1 gAAAAABpeRjYyAct... - 22 - tx93b61be2312a47abac794-0069791956 - 0.0075 - - 1769544022.847337484 1769544022.854837656 0
Jan 27 20:00:22 standalone container-server[130536]: 172.20.0.100 - - [27/Jan/2026:20:00:22 +0000] "GET /d1/708/AUTH_b428c619f3214c978c153235e9eb68d9/gnocchi.b146231c-4f7e-472b-a43e-e82e98f4fe89" 200 357 "GET http://172.18.0.2:8080/v1/AUTH_b428c619f3214c978c153235e9eb68d9/gnocchi.b146231c-4f7e-472b-a43e-e82e98f4fe89?format=json&states=listing" "tx5193ea53b53649f5acecc-0069791956" "proxy-server 20" 0.0081 "-" 19 0
Jan 27 20:00:22 standalone proxy-server[132624]: 172.18.0.2 172.18.0.100 27/Jan/2026/20/00/22 GET /v1/AUTH_b428c619f3214c978c153235e9eb68d9/gnocchi.b146231c-4f7e-472b-a43e-e82e98f4fe89%3Fformat%3Djson%26states%3Dlisting HTTP/1.0 200 - python-swiftclient-3.11.1 gAAAAABpeRjYyAct... - 357 - tx5193ea53b53649f5acecc-0069791956 - 0.0158 - - 1769544022.858446836 1769544022.874296665 0
Jan 27 20:00:22 standalone container-server[130560]: 172.20.0.100 - - [27/Jan/2026:20:00:22 +0000] "GET /d1/708/AUTH_b428c619f3214c978c153235e9eb68d9/gnocchi.b146231c-4f7e-472b-a43e-e82e98f4fe89" 200 2 "GET http://172.18.0.2:8080/v1/AUTH_b428c619f3214c978c153235e9eb68d9/gnocchi.b146231c-4f7e-472b-a43e-e82e98f4fe89?format=json&marker=none_v3&states=listing" "txba9c0e5b3f754003b7135-0069791956" "proxy-server 20" 0.0029 "-" 22 0
Jan 27 20:00:22 standalone proxy-server[132624]: 172.18.0.2 172.18.0.100 27/Jan/2026/20/00/22 GET /v1/AUTH_b428c619f3214c978c153235e9eb68d9/gnocchi.b146231c-4f7e-472b-a43e-e82e98f4fe89%3Fformat%3Djson%26marker%3Dnone_v3%26states%3Dlisting HTTP/1.0 200 - python-swiftclient-3.11.1 gAAAAABpeRjYyAct... - 2 - txba9c0e5b3f754003b7135-0069791956 - 0.0105 - - 1769544022.877138853 1769544022.887660980 0
Jan 27 20:00:22 standalone object-server[130809]: 172.20.0.100 - - [27/Jan/2026:20:00:22 +0000] "GET /d1/821/AUTH_b428c619f3214c978c153235e9eb68d9/gnocchi.b146231c-4f7e-472b-a43e-e82e98f4fe89/1769040000.0_mean_300.0_v3" 200 23 "GET http://172.18.0.2:8080/v1/AUTH_b428c619f3214c978c153235e9eb68d9/gnocchi.b146231c-4f7e-472b-a43e-e82e98f4fe89/1769040000.0_mean_300.0_v3" "tx8c581a1393f94a72b7138-0069791956" "proxy-server 20" 0.0008 "-" 23 0
Jan 27 20:00:22 standalone proxy-server[132624]: 172.18.0.2 172.18.0.100 27/Jan/2026/20/00/22 GET /v1/AUTH_b428c619f3214c978c153235e9eb68d9/gnocchi.b146231c-4f7e-472b-a43e-e82e98f4fe89/1769040000.0_mean_300.0_v3 HTTP/1.0 200 - python-swiftclient-3.11.1 gAAAAABpeRjYyAct... - 23 - tx8c581a1393f94a72b7138-0069791956 - 0.0072 - - 1769544022.891967058 1769544022.899164200 0
Jan 27 20:00:22 standalone container-server[130540]: 172.20.0.100 - - [27/Jan/2026:20:00:22 +0000] "PUT /d1/708/AUTH_b428c619f3214c978c153235e9eb68d9/gnocchi.b146231c-4f7e-472b-a43e-e82e98f4fe89/1769040000.0_mean_300.0_v3" 201 - "PUT http://172.18.0.2:8080/d1/821/AUTH_b428c619f3214c978c153235e9eb68d9/gnocchi.b146231c-4f7e-472b-a43e-e82e98f4fe89/1769040000.0_mean_300.0_v3" "tx00aa7a58d006427db6dd9-0069791956" "object-server 25" 0.0008 "-" 20 0
Jan 27 20:00:22 standalone object-server[130814]: 172.20.0.100 - - [27/Jan/2026:20:00:22 +0000] "PUT /d1/821/AUTH_b428c619f3214c978c153235e9eb68d9/gnocchi.b146231c-4f7e-472b-a43e-e82e98f4fe89/1769040000.0_mean_300.0_v3" 201 - "PUT http://172.18.0.2:8080/v1/AUTH_b428c619f3214c978c153235e9eb68d9/gnocchi.b146231c-4f7e-472b-a43e-e82e98f4fe89/1769040000.0_mean_300.0_v3" "tx00aa7a58d006427db6dd9-0069791956" "proxy-server 20" 0.0095 "-" 25 0
Jan 27 20:00:22 standalone proxy-server[132624]: 172.18.0.2 172.18.0.100 27/Jan/2026/20/00/22 PUT /v1/AUTH_b428c619f3214c978c153235e9eb68d9/gnocchi.b146231c-4f7e-472b-a43e-e82e98f4fe89/1769040000.0_mean_300.0_v3 HTTP/1.0 201 - python-swiftclient-3.11.1 gAAAAABpeRjYyAct... 23 - - tx00aa7a58d006427db6dd9-0069791956 - 0.0143 - - 1769544022.904965878 1769544022.919314146 0
Jan 27 20:00:22 standalone container-server[130536]: 172.20.0.100 - - [27/Jan/2026:20:00:22 +0000] "PUT /d1/708/AUTH_b428c619f3214c978c153235e9eb68d9/gnocchi.b146231c-4f7e-472b-a43e-e82e98f4fe89/none_v3" 201 - "PUT http://172.18.0.2:8080/d1/277/AUTH_b428c619f3214c978c153235e9eb68d9/gnocchi.b146231c-4f7e-472b-a43e-e82e98f4fe89/none_v3" "tx199c98563b09420daa207-0069791956" "object-server 23" 0.0004 "-" 19 0
Jan 27 20:00:22 standalone object-server[130809]: 172.20.0.100 - - [27/Jan/2026:20:00:22 +0000] "PUT /d1/277/AUTH_b428c619f3214c978c153235e9eb68d9/gnocchi.b146231c-4f7e-472b-a43e-e82e98f4fe89/none_v3" 201 - "PUT http://172.18.0.2:8080/v1/AUTH_b428c619f3214c978c153235e9eb68d9/gnocchi.b146231c-4f7e-472b-a43e-e82e98f4fe89/none_v3" "tx199c98563b09420daa207-0069791956" "proxy-server 20" 0.0075 "-" 23 0
Jan 27 20:00:22 standalone proxy-server[132624]: 172.18.0.2 172.18.0.100 27/Jan/2026/20/00/22 PUT /v1/AUTH_b428c619f3214c978c153235e9eb68d9/gnocchi.b146231c-4f7e-472b-a43e-e82e98f4fe89/none_v3 HTTP/1.0 201 - python-swiftclient-3.11.1 gAAAAABpeRjYyAct... 32 - - tx199c98563b09420daa207-0069791956 - 0.0124 - - 1769544022.923023939 1769544022.935401678 0
Jan 27 20:00:22 standalone object-server[130814]: 172.20.0.100 - - [27/Jan/2026:20:00:22 +0000] "GET /d1/678/AUTH_b428c619f3214c978c153235e9eb68d9/gnocchi.8d450f71-adf7-4a74-9e6e-2d35b623b00c/none_v3" 200 22 "GET http://172.18.0.2:8080/v1/AUTH_b428c619f3214c978c153235e9eb68d9/gnocchi.8d450f71-adf7-4a74-9e6e-2d35b623b00c/none_v3" "tx1809aa0d9ede49b2aa479-0069791956" "proxy-server 20" 0.0006 "-" 25 0
Jan 27 20:00:22 standalone proxy-server[132624]: 172.18.0.2 172.18.0.100 27/Jan/2026/20/00/22 GET /v1/AUTH_b428c619f3214c978c153235e9eb68d9/gnocchi.8d450f71-adf7-4a74-9e6e-2d35b623b00c/none_v3 HTTP/1.0 200 - python-swiftclient-3.11.1 gAAAAABpeRjYyAct... - 22 - tx1809aa0d9ede49b2aa479-0069791956 - 0.0097 - - 1769544022.945286989 1769544022.955012798 0
Jan 27 20:00:22 standalone container-server[130540]: 172.20.0.100 - - [27/Jan/2026:20:00:22 +0000] "GET /d1/480/AUTH_b428c619f3214c978c153235e9eb68d9/gnocchi.8d450f71-adf7-4a74-9e6e-2d35b623b00c" 200 357 "GET http://172.18.0.2:8080/v1/AUTH_b428c619f3214c978c153235e9eb68d9/gnocchi.8d450f71-adf7-4a74-9e6e-2d35b623b00c?format=json&states=listing" "txaf20b9716aa8440bb130d-0069791956" "proxy-server 20" 0.0100 "-" 20 0
Jan 27 20:00:22 standalone proxy-server[132624]: 172.18.0.2 172.18.0.100 27/Jan/2026/20/00/22 GET /v1/AUTH_b428c619f3214c978c153235e9eb68d9/gnocchi.8d450f71-adf7-4a74-9e6e-2d35b623b00c%3Fformat%3Djson%26states%3Dlisting HTTP/1.0 200 - python-swiftclient-3.11.1 gAAAAABpeRjYyAct... - 357 - txaf20b9716aa8440bb130d-0069791956 - 0.0205 - - 1769544022.959774494 1769544022.980260611 0
Jan 27 20:00:22 standalone container-server[130561]: 172.20.0.100 - - [27/Jan/2026:20:00:22 +0000] "GET /d1/480/AUTH_b428c619f3214c978c153235e9eb68d9/gnocchi.8d450f71-adf7-4a74-9e6e-2d35b623b00c" 200 2 "GET http://172.18.0.2:8080/v1/AUTH_b428c619f3214c978c153235e9eb68d9/gnocchi.8d450f71-adf7-4a74-9e6e-2d35b623b00c?format=json&marker=none_v3&states=listing" "txcdf5a4b158554b7ab2381-0069791956" "proxy-server 20" 0.0025 "-" 23 0
Jan 27 20:00:22 standalone proxy-server[132624]: 172.18.0.2 172.18.0.100 27/Jan/2026/20/00/22 GET /v1/AUTH_b428c619f3214c978c153235e9eb68d9/gnocchi.8d450f71-adf7-4a74-9e6e-2d35b623b00c%3Fformat%3Djson%26marker%3Dnone_v3%26states%3Dlisting HTTP/1.0 200 - python-swiftclient-3.11.1 gAAAAABpeRjYyAct... - 2 - txcdf5a4b158554b7ab2381-0069791956 - 0.0119 - - 1769544022.984169483 1769544022.996064663 0
Jan 27 20:00:23 standalone object-server[130810]: 172.20.0.100 - - [27/Jan/2026:20:00:23 +0000] "GET /d1/669/AUTH_b428c619f3214c978c153235e9eb68d9/gnocchi.8d450f71-adf7-4a74-9e6e-2d35b623b00c/1769040000.0_mean_300.0_v3" 200 23 "GET http://172.18.0.2:8080/v1/AUTH_b428c619f3214c978c153235e9eb68d9/gnocchi.8d450f71-adf7-4a74-9e6e-2d35b623b00c/1769040000.0_mean_300.0_v3" "tx250e6474b4c24506a0ed5-0069791957" "proxy-server 20" 0.0007 "-" 24 0
Jan 27 20:00:23 standalone proxy-server[132624]: 172.18.0.2 172.18.0.100 27/Jan/2026/20/00/23 GET /v1/AUTH_b428c619f3214c978c153235e9eb68d9/gnocchi.8d450f71-adf7-4a74-9e6e-2d35b623b00c/1769040000.0_mean_300.0_v3 HTTP/1.0 200 - python-swiftclient-3.11.1 gAAAAABpeRjYyAct... - 23 - tx250e6474b4c24506a0ed5-0069791957 - 0.0088 - - 1769544023.000451088 1769544023.009258270 0
Jan 27 20:00:23 standalone container-server[130536]: 172.20.0.100 - - [27/Jan/2026:20:00:23 +0000] "PUT /d1/480/AUTH_b428c619f3214c978c153235e9eb68d9/gnocchi.8d450f71-adf7-4a74-9e6e-2d35b623b00c/1769040000.0_mean_300.0_v3" 201 - "PUT http://172.18.0.2:8080/d1/669/AUTH_b428c619f3214c978c153235e9eb68d9/gnocchi.8d450f71-adf7-4a74-9e6e-2d35b623b00c/1769040000.0_mean_300.0_v3" "tx98005cc2599b4052bac9b-0069791957" "object-server 25" 0.0009 "-" 19 0
Jan 27 20:00:23 standalone object-server[130814]: 172.20.0.100 - - [27/Jan/2026:20:00:23 +0000] "PUT /d1/669/AUTH_b428c619f3214c978c153235e9eb68d9/gnocchi.8d450f71-adf7-4a74-9e6e-2d35b623b00c/1769040000.0_mean_300.0_v3" 201 - "PUT http://172.18.0.2:8080/v1/AUTH_b428c619f3214c978c153235e9eb68d9/gnocchi.8d450f71-adf7-4a74-9e6e-2d35b623b00c/1769040000.0_mean_300.0_v3" "tx98005cc2599b4052bac9b-0069791957" "proxy-server 20" 0.0132 "-" 25 0
Jan 27 20:00:23 standalone proxy-server[132624]: 172.18.0.2 172.18.0.100 27/Jan/2026/20/00/23 PUT /v1/AUTH_b428c619f3214c978c153235e9eb68d9/gnocchi.8d450f71-adf7-4a74-9e6e-2d35b623b00c/1769040000.0_mean_300.0_v3 HTTP/1.0 201 - python-swiftclient-3.11.1 gAAAAABpeRjYyAct... 23 - - tx98005cc2599b4052bac9b-0069791957 - 0.0203 - - 1769544023.013928175 1769544023.034233570 0
Jan 27 20:00:23 standalone container-server[130536]: 172.20.0.100 - - [27/Jan/2026:20:00:23 +0000] "PUT /d1/480/AUTH_b428c619f3214c978c153235e9eb68d9/gnocchi.8d450f71-adf7-4a74-9e6e-2d35b623b00c/none_v3" 201 - "PUT http://172.18.0.2:8080/d1/678/AUTH_b428c619f3214c978c153235e9eb68d9/gnocchi.8d450f71-adf7-4a74-9e6e-2d35b623b00c/none_v3" "tx05bfd93dceb54c6f81a10-0069791957" "object-server 22" 0.0009 "-" 19 0
Jan 27 20:00:23 standalone object-server[130807]: 172.20.0.100 - - [27/Jan/2026:20:00:23 +0000] "PUT /d1/678/AUTH_b428c619f3214c978c153235e9eb68d9/gnocchi.8d450f71-adf7-4a74-9e6e-2d35b623b00c/none_v3" 201 - "PUT http://172.18.0.2:8080/v1/AUTH_b428c619f3214c978c153235e9eb68d9/gnocchi.8d450f71-adf7-4a74-9e6e-2d35b623b00c/none_v3" "tx05bfd93dceb54c6f81a10-0069791957" "proxy-server 20" 0.0106 "-" 22 0
Jan 27 20:00:23 standalone proxy-server[132624]: 172.18.0.2 172.18.0.100 27/Jan/2026/20/00/23 PUT /v1/AUTH_b428c619f3214c978c153235e9eb68d9/gnocchi.8d450f71-adf7-4a74-9e6e-2d35b623b00c/none_v3 HTTP/1.0 201 - python-swiftclient-3.11.1 gAAAAABpeRjYyAct... 32 - - tx05bfd93dceb54c6f81a10-0069791957 - 0.0173 - - 1769544023.037347555 1769544023.054674864 0
Jan 27 20:00:23 standalone object-server[130814]: 172.20.0.100 - - [27/Jan/2026:20:00:23 +0000] "GET /d1/10/AUTH_b428c619f3214c978c153235e9eb68d9/gnocchi.d3e20a5b-5893-483e-bc08-51a163cd1bed/none_v3" 200 22 "GET http://172.18.0.2:8080/v1/AUTH_b428c619f3214c978c153235e9eb68d9/gnocchi.d3e20a5b-5893-483e-bc08-51a163cd1bed/none_v3" "txfdcebb510d7d471a9089f-0069791957" "proxy-server 20" 0.0012 "-" 25 0
Jan 27 20:00:23 standalone proxy-server[132624]: 172.18.0.2 172.18.0.100 27/Jan/2026/20/00/23 GET /v1/AUTH_b428c619f3214c978c153235e9eb68d9/gnocchi.d3e20a5b-5893-483e-bc08-51a163cd1bed/none_v3 HTTP/1.0 200 - python-swiftclient-3.11.1 gAAAAABpeRjYyAct... - 22 - txfdcebb510d7d471a9089f-0069791957 - 0.0113 - - 1769544023.065280437 1769544023.076617956 0
Jan 27 20:00:23 standalone container-server[130540]: 172.20.0.100 - - [27/Jan/2026:20:00:23 +0000] "GET /d1/677/AUTH_b428c619f3214c978c153235e9eb68d9/gnocchi.d3e20a5b-5893-483e-bc08-51a163cd1bed" 200 357 "GET http://172.18.0.2:8080/v1/AUTH_b428c619f3214c978c153235e9eb68d9/gnocchi.d3e20a5b-5893-483e-bc08-51a163cd1bed?format=json&states=listing" "tx0e433bc5e82741308c0f7-0069791957" "proxy-server 20" 0.0092 "-" 20 0
Jan 27 20:00:23 standalone proxy-server[132624]: 172.18.0.2 172.18.0.100 27/Jan/2026/20/00/23 GET /v1/AUTH_b428c619f3214c978c153235e9eb68d9/gnocchi.d3e20a5b-5893-483e-bc08-51a163cd1bed%3Fformat%3Djson%26states%3Dlisting HTTP/1.0 200 - python-swiftclient-3.11.1 gAAAAABpeRjYyAct... - 357 - tx0e433bc5e82741308c0f7-0069791957 - 0.0180 - - 1769544023.081328154 1769544023.099353075 0
Jan 27 20:00:23 standalone container-server[130560]: 172.20.0.100 - - [27/Jan/2026:20:00:23 +0000] "GET /d1/677/AUTH_b428c619f3214c978c153235e9eb68d9/gnocchi.d3e20a5b-5893-483e-bc08-51a163cd1bed" 200 2 "GET http://172.18.0.2:8080/v1/AUTH_b428c619f3214c978c153235e9eb68d9/gnocchi.d3e20a5b-5893-483e-bc08-51a163cd1bed?format=json&marker=none_v3&states=listing" "tx533f4db2310b4d549b6d2-0069791957" "proxy-server 20" 0.0031 "-" 22 0
Jan 27 20:00:23 standalone proxy-server[132624]: 172.18.0.2 172.18.0.100 27/Jan/2026/20/00/23 GET /v1/AUTH_b428c619f3214c978c153235e9eb68d9/gnocchi.d3e20a5b-5893-483e-bc08-51a163cd1bed%3Fformat%3Djson%26marker%3Dnone_v3%26states%3Dlisting HTTP/1.0 200 - python-swiftclient-3.11.1 gAAAAABpeRjYyAct... - 2 - tx533f4db2310b4d549b6d2-0069791957 - 0.0113 - - 1769544023.101825237 1769544023.113117933 0
Jan 27 20:00:23 standalone object-server[130814]: 172.20.0.100 - - [27/Jan/2026:20:00:23 +0000] "GET /d1/414/AUTH_b428c619f3214c978c153235e9eb68d9/gnocchi.d3e20a5b-5893-483e-bc08-51a163cd1bed/1769040000.0_mean_300.0_v3" 200 23 "GET http://172.18.0.2:8080/v1/AUTH_b428c619f3214c978c153235e9eb68d9/gnocchi.d3e20a5b-5893-483e-bc08-51a163cd1bed/1769040000.0_mean_300.0_v3" "tx3f3f672a23254eae950a8-0069791957" "proxy-server 20" 0.0011 "-" 25 0
Jan 27 20:00:23 standalone proxy-server[132624]: 172.18.0.2 172.18.0.100 27/Jan/2026/20/00/23 GET /v1/AUTH_b428c619f3214c978c153235e9eb68d9/gnocchi.d3e20a5b-5893-483e-bc08-51a163cd1bed/1769040000.0_mean_300.0_v3 HTTP/1.0 200 - python-swiftclient-3.11.1 gAAAAABpeRjYyAct... - 23 - tx3f3f672a23254eae950a8-0069791957 - 0.0104 - - 1769544023.116564989 1769544023.126979351 0
Jan 27 20:00:23 standalone container-server[130560]: 172.20.0.100 - - [27/Jan/2026:20:00:23 +0000] "PUT /d1/677/AUTH_b428c619f3214c978c153235e9eb68d9/gnocchi.d3e20a5b-5893-483e-bc08-51a163cd1bed/1769040000.0_mean_300.0_v3" 201 - "PUT http://172.18.0.2:8080/d1/414/AUTH_b428c619f3214c978c153235e9eb68d9/gnocchi.d3e20a5b-5893-483e-bc08-51a163cd1bed/1769040000.0_mean_300.0_v3" "txa3bf5aaa96204ffc8702c-0069791957" "object-server 25" 0.0008 "-" 22 0
Jan 27 20:00:23 standalone object-server[130814]: 172.20.0.100 - - [27/Jan/2026:20:00:23 +0000] "PUT /d1/414/AUTH_b428c619f3214c978c153235e9eb68d9/gnocchi.d3e20a5b-5893-483e-bc08-51a163cd1bed/1769040000.0_mean_300.0_v3" 201 - "PUT http://172.18.0.2:8080/v1/AUTH_b428c619f3214c978c153235e9eb68d9/gnocchi.d3e20a5b-5893-483e-bc08-51a163cd1bed/1769040000.0_mean_300.0_v3" "txa3bf5aaa96204ffc8702c-0069791957" "proxy-server 20" 0.0263 "-" 25 0
Jan 27 20:00:23 standalone proxy-server[132624]: 172.18.0.2 172.18.0.100 27/Jan/2026/20/00/23 PUT /v1/AUTH_b428c619f3214c978c153235e9eb68d9/gnocchi.d3e20a5b-5893-483e-bc08-51a163cd1bed/1769040000.0_mean_300.0_v3 HTTP/1.0 201 - python-swiftclient-3.11.1 gAAAAABpeRjYyAct... 23 - - txa3bf5aaa96204ffc8702c-0069791957 - 0.0340 - - 1769544023.130219698 1769544023.164203167 0
Jan 27 20:00:23 standalone container-server[130561]: 172.20.0.100 - - [27/Jan/2026:20:00:23 +0000] "PUT /d1/677/AUTH_b428c619f3214c978c153235e9eb68d9/gnocchi.d3e20a5b-5893-483e-bc08-51a163cd1bed/none_v3" 201 - "PUT http://172.18.0.2:8080/d1/10/AUTH_b428c619f3214c978c153235e9eb68d9/gnocchi.d3e20a5b-5893-483e-bc08-51a163cd1bed/none_v3" "tx4902e0ee958d40688c1d1-0069791957" "object-server 23" 0.0006 "-" 23 0
Jan 27 20:00:23 standalone object-server[130809]: 172.20.0.100 - - [27/Jan/2026:20:00:23 +0000] "PUT /d1/10/AUTH_b428c619f3214c978c153235e9eb68d9/gnocchi.d3e20a5b-5893-483e-bc08-51a163cd1bed/none_v3" 201 - "PUT http://172.18.0.2:8080/v1/AUTH_b428c619f3214c978c153235e9eb68d9/gnocchi.d3e20a5b-5893-483e-bc08-51a163cd1bed/none_v3" "tx4902e0ee958d40688c1d1-0069791957" "proxy-server 20" 0.0208 "-" 23 0
Jan 27 20:00:23 standalone proxy-server[132624]: 172.18.0.2 172.18.0.100 27/Jan/2026/20/00/23 PUT /v1/AUTH_b428c619f3214c978c153235e9eb68d9/gnocchi.d3e20a5b-5893-483e-bc08-51a163cd1bed/none_v3 HTTP/1.0 201 - python-swiftclient-3.11.1 gAAAAABpeRjYyAct... 32 - - tx4902e0ee958d40688c1d1-0069791957 - 0.0287 - - 1769544023.167978525 1769544023.196663380 0
Jan 27 20:00:25 standalone account-server[130426]: 172.20.0.100 - - [27/Jan/2026:20:00:25 +0000] "HEAD /d1/225/AUTH_b428c619f3214c978c153235e9eb68d9" 204 - "HEAD http://172.18.0.2:8080/v1/AUTH_b428c619f3214c978c153235e9eb68d9?format=json" "tx7ae5a14575444b9c831b8-0069791959" "proxy-server 20" 0.2210 "-" 20 -
Jan 27 20:00:25 standalone proxy-server[132624]: - - 27/Jan/2026/20/00/25 HEAD /v1/AUTH_b428c619f3214c978c153235e9eb68d9%3Fformat%3Djson HTTP/1.0 204 - Swift - - - - tx7ae5a14575444b9c831b8-0069791959 - 0.2276 RL - 1769544025.759072304 1769544025.986650467 -
Jan 27 20:00:25 standalone container-server[130536]: 172.20.0.100 - - [27/Jan/2026:20:00:25 +0000] "HEAD /d1/595/AUTH_b428c619f3214c978c153235e9eb68d9/gnocchi.88e62c19-353b-4398-b8fb-757216131c0d" 404 - "HEAD http://172.18.0.2:8080/v1/AUTH_b428c619f3214c978c153235e9eb68d9/gnocchi.88e62c19-353b-4398-b8fb-757216131c0d?format=json&states=listing" "tx7ae5a14575444b9c831b8-0069791959" "proxy-server 20" 0.0016 "-" 19 0
Jan 27 20:00:26 standalone object-server[130814]: 172.20.0.100 - - [27/Jan/2026:20:00:26 +0000] "GET /d1/292/AUTH_b428c619f3214c978c153235e9eb68d9/gnocchi.88e62c19-353b-4398-b8fb-757216131c0d/none_v3" 404 70 "GET http://172.18.0.2:8080/v1/AUTH_b428c619f3214c978c153235e9eb68d9/gnocchi.88e62c19-353b-4398-b8fb-757216131c0d/none_v3" "tx7ae5a14575444b9c831b8-0069791959" "proxy-server 20" 0.0016 "-" 25 0
Jan 27 20:00:26 standalone proxy-server[132624]: 172.18.0.2 172.18.0.100 27/Jan/2026/20/00/26 GET /v1/AUTH_b428c619f3214c978c153235e9eb68d9/gnocchi.88e62c19-353b-4398-b8fb-757216131c0d/none_v3 HTTP/1.0 404 - python-swiftclient-3.11.1 gAAAAABpeRjYyAct... - 70 - tx7ae5a14575444b9c831b8-0069791959 - 0.2520 - - 1769544025.757546425 1769544026.009537458 0
Jan 27 20:00:26 standalone account-server[130430]: 172.20.0.100 - - [27/Jan/2026:20:00:26 +0000] "PUT /d1/225/AUTH_b428c619f3214c978c153235e9eb68d9/gnocchi.88e62c19-353b-4398-b8fb-757216131c0d" 201 - "PUT http://172.20.0.100:6001/d1/595/AUTH_b428c619f3214c978c153235e9eb68d9/gnocchi.88e62c19-353b-4398-b8fb-757216131c0d" "txa34aa1d43ae94a28be2b1-006979195a" "container-server 22" 0.0013 "-" 21 0
Jan 27 20:00:26 standalone container-server[130560]: 172.20.0.100 - - [27/Jan/2026:20:00:26 +0000] "PUT /d1/595/AUTH_b428c619f3214c978c153235e9eb68d9/gnocchi.88e62c19-353b-4398-b8fb-757216131c0d" 201 - "PUT http://172.18.0.2:8080/v1/AUTH_b428c619f3214c978c153235e9eb68d9/gnocchi.88e62c19-353b-4398-b8fb-757216131c0d" "txa34aa1d43ae94a28be2b1-006979195a" "proxy-server 20" 0.1150 "-" 22 0
Jan 27 20:00:26 standalone proxy-server[132624]: 172.18.0.2 172.18.0.100 27/Jan/2026/20/00/26 PUT /v1/AUTH_b428c619f3214c978c153235e9eb68d9/gnocchi.88e62c19-353b-4398-b8fb-757216131c0d HTTP/1.0 201 - python-swiftclient-3.11.1 gAAAAABpeRjYyAct... - - - txa34aa1d43ae94a28be2b1-006979195a - 0.1203 - - 1769544026.012997866 1769544026.133328915 0
Jan 27 20:00:26 standalone container-server[130561]: 172.20.0.100 - - [27/Jan/2026:20:00:26 +0000] "HEAD /d1/595/AUTH_b428c619f3214c978c153235e9eb68d9/gnocchi.88e62c19-353b-4398-b8fb-757216131c0d" 204 - "HEAD http://172.18.0.2:8080/v1/AUTH_b428c619f3214c978c153235e9eb68d9/gnocchi.88e62c19-353b-4398-b8fb-757216131c0d?format=json&states=listing" "tx7da201122938419a8437a-006979195a" "proxy-server 20" 0.0016 "-" 23 0
Jan 27 20:00:26 standalone proxy-server[132624]: - - 27/Jan/2026/20/00/26 HEAD /v1/AUTH_b428c619f3214c978c153235e9eb68d9/gnocchi.88e62c19-353b-4398-b8fb-757216131c0d%3Fformat%3Djson%26states%3Dlisting HTTP/1.0 204 - Swift - - - - tx7da201122938419a8437a-006979195a - 0.0064 RL - 1769544026.140965223 1769544026.147411108 0
Jan 27 20:00:26 standalone container-server[130536]: 172.20.0.100 - - [27/Jan/2026:20:00:26 +0000] "GET /d1/595/AUTH_b428c619f3214c978c153235e9eb68d9/gnocchi.88e62c19-353b-4398-b8fb-757216131c0d" 200 2 "GET http://172.18.0.2:8080/v1/AUTH_b428c619f3214c978c153235e9eb68d9/gnocchi.88e62c19-353b-4398-b8fb-757216131c0d?format=json&states=listing" "tx7da201122938419a8437a-006979195a" "proxy-server 20" 0.0034 "-" 19 0
Jan 27 20:00:26 standalone proxy-server[132624]: 172.18.0.2 172.18.0.100 27/Jan/2026/20/00/26 GET /v1/AUTH_b428c619f3214c978c153235e9eb68d9/gnocchi.88e62c19-353b-4398-b8fb-757216131c0d%3Fformat%3Djson%26states%3Dlisting HTTP/1.0 200 - python-swiftclient-3.11.1 gAAAAABpeRjYyAct... - 2 - tx7da201122938419a8437a-006979195a - 0.0228 - - 1769544026.138984680 1769544026.161781311 0
Jan 27 20:00:26 standalone object-server[130814]: 172.20.0.100 - - [27/Jan/2026:20:00:26 +0000] "GET /d1/650/AUTH_b428c619f3214c978c153235e9eb68d9/gnocchi.88e62c19-353b-4398-b8fb-757216131c0d/1769040000.0_mean_300.0_v3" 404 70 "GET http://172.18.0.2:8080/v1/AUTH_b428c619f3214c978c153235e9eb68d9/gnocchi.88e62c19-353b-4398-b8fb-757216131c0d/1769040000.0_mean_300.0_v3" "txebe6490d577440179bbba-006979195a" "proxy-server 20" 0.0004 "-" 25 0
Jan 27 20:00:26 standalone proxy-server[132624]: 172.18.0.2 172.18.0.100 27/Jan/2026/20/00/26 GET /v1/AUTH_b428c619f3214c978c153235e9eb68d9/gnocchi.88e62c19-353b-4398-b8fb-757216131c0d/1769040000.0_mean_300.0_v3 HTTP/1.0 404 - python-swiftclient-3.11.1 gAAAAABpeRjYyAct... - 70 - txebe6490d577440179bbba-006979195a - 0.0053 - - 1769544026.167523146 1769544026.172835112 0
Jan 27 20:00:26 standalone container-server[130536]: 172.20.0.100 - - [27/Jan/2026:20:00:26 +0000] "PUT /d1/595/AUTH_b428c619f3214c978c153235e9eb68d9/gnocchi.88e62c19-353b-4398-b8fb-757216131c0d/1769040000.0_mean_300.0_v3" 201 - "PUT http://172.18.0.2:8080/d1/650/AUTH_b428c619f3214c978c153235e9eb68d9/gnocchi.88e62c19-353b-4398-b8fb-757216131c0d/1769040000.0_mean_300.0_v3" "txddb6658535a74d36b6c24-006979195a" "object-server 22" 0.0019 "-" 19 0
Jan 27 20:00:26 standalone object-server[130807]: 172.20.0.100 - - [27/Jan/2026:20:00:26 +0000] "PUT /d1/650/AUTH_b428c619f3214c978c153235e9eb68d9/gnocchi.88e62c19-353b-4398-b8fb-757216131c0d/1769040000.0_mean_300.0_v3" 201 - "PUT http://172.18.0.2:8080/v1/AUTH_b428c619f3214c978c153235e9eb68d9/gnocchi.88e62c19-353b-4398-b8fb-757216131c0d/1769040000.0_mean_300.0_v3" "txddb6658535a74d36b6c24-006979195a" "proxy-server 20" 0.0261 "-" 22 0
Jan 27 20:00:26 standalone proxy-server[132624]: 172.18.0.2 172.18.0.100 27/Jan/2026/20/00/26 PUT /v1/AUTH_b428c619f3214c978c153235e9eb68d9/gnocchi.88e62c19-353b-4398-b8fb-757216131c0d/1769040000.0_mean_300.0_v3 HTTP/1.0 201 - python-swiftclient-3.11.1 gAAAAABpeRjYyAct... 16 - - txddb6658535a74d36b6c24-006979195a - 0.0317 - - 1769544026.176436901 1769544026.208178520 0
Jan 27 20:00:26 standalone container-server[130540]: 172.20.0.100 - - [27/Jan/2026:20:00:26 +0000] "PUT /d1/595/AUTH_b428c619f3214c978c153235e9eb68d9/gnocchi.88e62c19-353b-4398-b8fb-757216131c0d/none_v3" 201 - "PUT http://172.18.0.2:8080/d1/292/AUTH_b428c619f3214c978c153235e9eb68d9/gnocchi.88e62c19-353b-4398-b8fb-757216131c0d/none_v3" "txb58220110fc94d399d630-006979195a" "object-server 23" 0.0006 "-" 20 0
Jan 27 20:00:26 standalone object-server[130809]: 172.20.0.100 - - [27/Jan/2026:20:00:26 +0000] "PUT /d1/292/AUTH_b428c619f3214c978c153235e9eb68d9/gnocchi.88e62c19-353b-4398-b8fb-757216131c0d/none_v3" 201 - "PUT http://172.18.0.2:8080/v1/AUTH_b428c619f3214c978c153235e9eb68d9/gnocchi.88e62c19-353b-4398-b8fb-757216131c0d/none_v3" "txb58220110fc94d399d630-006979195a" "proxy-server 20" 0.0232 "-" 23 0
Jan 27 20:00:26 standalone proxy-server[132624]: 172.18.0.2 172.18.0.100 27/Jan/2026/20/00/26 PUT /v1/AUTH_b428c619f3214c978c153235e9eb68d9/gnocchi.88e62c19-353b-4398-b8fb-757216131c0d/none_v3 HTTP/1.0 201 - python-swiftclient-3.11.1 gAAAAABpeRjYyAct... 22 - - txb58220110fc94d399d630-006979195a - 0.0317 - - 1769544026.211810827 1769544026.243530035 0
Jan 27 20:00:26 standalone container-server[130560]: 172.20.0.100 - - [27/Jan/2026:20:00:26 +0000] "HEAD /d1/904/AUTH_b428c619f3214c978c153235e9eb68d9/gnocchi.e3e61232-09a1-4322-a82f-92db5bf50b91" 404 - "HEAD http://172.18.0.2:8080/v1/AUTH_b428c619f3214c978c153235e9eb68d9/gnocchi.e3e61232-09a1-4322-a82f-92db5bf50b91?format=json&states=listing" "txb2564ec799e3475780bdd-006979195a" "proxy-server 20" 0.0006 "-" 22 0
Jan 27 20:00:26 standalone object-server[130814]: 172.20.0.100 - - [27/Jan/2026:20:00:26 +0000] "GET /d1/505/AUTH_b428c619f3214c978c153235e9eb68d9/gnocchi.e3e61232-09a1-4322-a82f-92db5bf50b91/none_v3" 404 70 "GET http://172.18.0.2:8080/v1/AUTH_b428c619f3214c978c153235e9eb68d9/gnocchi.e3e61232-09a1-4322-a82f-92db5bf50b91/none_v3" "txb2564ec799e3475780bdd-006979195a" "proxy-server 20" 0.0004 "-" 25 0
Jan 27 20:00:26 standalone proxy-server[132624]: 172.18.0.2 172.18.0.100 27/Jan/2026/20/00/26 GET /v1/AUTH_b428c619f3214c978c153235e9eb68d9/gnocchi.e3e61232-09a1-4322-a82f-92db5bf50b91/none_v3 HTTP/1.0 404 - python-swiftclient-3.11.1 gAAAAABpeRjYyAct... - 70 - txb2564ec799e3475780bdd-006979195a - 0.0117 - - 1769544026.271872759 1769544026.283523798 0
Jan 27 20:00:26 standalone account-server[130430]: 172.20.0.100 - - [27/Jan/2026:20:00:26 +0000] "PUT /d1/225/AUTH_b428c619f3214c978c153235e9eb68d9/gnocchi.e3e61232-09a1-4322-a82f-92db5bf50b91" 201 - "PUT http://172.20.0.100:6001/d1/904/AUTH_b428c619f3214c978c153235e9eb68d9/gnocchi.e3e61232-09a1-4322-a82f-92db5bf50b91" "tx6aed6abecebe4da8982b4-006979195a" "container-server 22" 0.0055 "-" 21 0
Jan 27 20:00:26 standalone container-server[130560]: 172.20.0.100 - - [27/Jan/2026:20:00:26 +0000] "PUT /d1/904/AUTH_b428c619f3214c978c153235e9eb68d9/gnocchi.e3e61232-09a1-4322-a82f-92db5bf50b91" 201 - "PUT http://172.18.0.2:8080/v1/AUTH_b428c619f3214c978c153235e9eb68d9/gnocchi.e3e61232-09a1-4322-a82f-92db5bf50b91" "tx6aed6abecebe4da8982b4-006979195a" "proxy-server 20" 0.0217 "-" 22 0
Jan 27 20:00:26 standalone proxy-server[132624]: 172.18.0.2 172.18.0.100 27/Jan/2026/20/00/26 PUT /v1/AUTH_b428c619f3214c978c153235e9eb68d9/gnocchi.e3e61232-09a1-4322-a82f-92db5bf50b91 HTTP/1.0 201 - python-swiftclient-3.11.1 gAAAAABpeRjYyAct... - - - tx6aed6abecebe4da8982b4-006979195a - 0.0277 - - 1769544026.286551952 1769544026.314220905 0
Jan 27 20:00:26 standalone container-server[130536]: 172.20.0.100 - - [27/Jan/2026:20:00:26 +0000] "HEAD /d1/904/AUTH_b428c619f3214c978c153235e9eb68d9/gnocchi.e3e61232-09a1-4322-a82f-92db5bf50b91" 204 - "HEAD http://172.18.0.2:8080/v1/AUTH_b428c619f3214c978c153235e9eb68d9/gnocchi.e3e61232-09a1-4322-a82f-92db5bf50b91?format=json&states=listing" "tx92c63cc610e54cdf8cc39-006979195a" "proxy-server 20" 0.0013 "-" 19 0
Jan 27 20:00:26 standalone proxy-server[132624]: - - 27/Jan/2026/20/00/26 HEAD /v1/AUTH_b428c619f3214c978c153235e9eb68d9/gnocchi.e3e61232-09a1-4322-a82f-92db5bf50b91%3Fformat%3Djson%26states%3Dlisting HTTP/1.0 204 - Swift - - - - tx92c63cc610e54cdf8cc39-006979195a - 0.0046 RL - 1769544026.319732428 1769544026.324295521 0
Jan 27 20:00:26 standalone container-server[130540]: 172.20.0.100 - - [27/Jan/2026:20:00:26 +0000] "GET /d1/904/AUTH_b428c619f3214c978c153235e9eb68d9/gnocchi.e3e61232-09a1-4322-a82f-92db5bf50b91" 200 2 "GET http://172.18.0.2:8080/v1/AUTH_b428c619f3214c978c153235e9eb68d9/gnocchi.e3e61232-09a1-4322-a82f-92db5bf50b91?format=json&states=listing" "tx92c63cc610e54cdf8cc39-006979195a" "proxy-server 20" 0.0019 "-" 20 0
Jan 27 20:00:26 standalone proxy-server[132624]: 172.18.0.2 172.18.0.100 27/Jan/2026/20/00/26 GET /v1/AUTH_b428c619f3214c978c153235e9eb68d9/gnocchi.e3e61232-09a1-4322-a82f-92db5bf50b91%3Fformat%3Djson%26states%3Dlisting HTTP/1.0 200 - python-swiftclient-3.11.1 gAAAAABpeRjYyAct... - 2 - tx92c63cc610e54cdf8cc39-006979195a - 0.0139 - - 1769544026.318839073 1769544026.332726717 0
Jan 27 20:00:26 standalone object-server[130809]: 172.20.0.100 - - [27/Jan/2026:20:00:26 +0000] "GET /d1/37/AUTH_b428c619f3214c978c153235e9eb68d9/gnocchi.e3e61232-09a1-4322-a82f-92db5bf50b91/1769040000.0_mean_300.0_v3" 404 70 "GET http://172.18.0.2:8080/v1/AUTH_b428c619f3214c978c153235e9eb68d9/gnocchi.e3e61232-09a1-4322-a82f-92db5bf50b91/1769040000.0_mean_300.0_v3" "txc535522839574767ab3f1-006979195a" "proxy-server 20" 0.0003 "-" 23 0
Jan 27 20:00:26 standalone proxy-server[132624]: 172.18.0.2 172.18.0.100 27/Jan/2026/20/00/26 GET /v1/AUTH_b428c619f3214c978c153235e9eb68d9/gnocchi.e3e61232-09a1-4322-a82f-92db5bf50b91/1769040000.0_mean_300.0_v3 HTTP/1.0 404 - python-swiftclient-3.11.1 gAAAAABpeRjYyAct... - 70 - txc535522839574767ab3f1-006979195a - 0.0092 - - 1769544026.336266756 1769544026.345432043 0
Jan 27 20:00:26 standalone container-server[130560]: 172.20.0.100 - - [27/Jan/2026:20:00:26 +0000] "PUT /d1/904/AUTH_b428c619f3214c978c153235e9eb68d9/gnocchi.e3e61232-09a1-4322-a82f-92db5bf50b91/1769040000.0_mean_300.0_v3" 201 - "PUT http://172.18.0.2:8080/d1/37/AUTH_b428c619f3214c978c153235e9eb68d9/gnocchi.e3e61232-09a1-4322-a82f-92db5bf50b91/1769040000.0_mean_300.0_v3" "tx4d42c41792054b2e8cf3e-006979195a" "object-server 22" 0.0005 "-" 22 0
Jan 27 20:00:26 standalone object-server[130807]: 172.20.0.100 - - [27/Jan/2026:20:00:26 +0000] "PUT /d1/37/AUTH_b428c619f3214c978c153235e9eb68d9/gnocchi.e3e61232-09a1-4322-a82f-92db5bf50b91/1769040000.0_mean_300.0_v3" 201 - "PUT http://172.18.0.2:8080/v1/AUTH_b428c619f3214c978c153235e9eb68d9/gnocchi.e3e61232-09a1-4322-a82f-92db5bf50b91/1769040000.0_mean_300.0_v3" "tx4d42c41792054b2e8cf3e-006979195a" "proxy-server 20" 0.0086 "-" 22 0
Jan 27 20:00:26 standalone proxy-server[132624]: 172.18.0.2 172.18.0.100 27/Jan/2026/20/00/26 PUT /v1/AUTH_b428c619f3214c978c153235e9eb68d9/gnocchi.e3e61232-09a1-4322-a82f-92db5bf50b91/1769040000.0_mean_300.0_v3 HTTP/1.0 201 - python-swiftclient-3.11.1 gAAAAABpeRjYyAct... 16 - - tx4d42c41792054b2e8cf3e-006979195a - 0.0175 - - 1769544026.352863312 1769544026.370357990 0
Jan 27 20:00:26 standalone container-server[130536]: 172.20.0.100 - - [27/Jan/2026:20:00:26 +0000] "PUT /d1/904/AUTH_b428c619f3214c978c153235e9eb68d9/gnocchi.e3e61232-09a1-4322-a82f-92db5bf50b91/none_v3" 201 - "PUT http://172.18.0.2:8080/d1/505/AUTH_b428c619f3214c978c153235e9eb68d9/gnocchi.e3e61232-09a1-4322-a82f-92db5bf50b91/none_v3" "tx746c8a8d1f8445e2807f4-006979195a" "object-server 23" 0.0006 "-" 19 0
Jan 27 20:00:26 standalone object-server[130809]: 172.20.0.100 - - [27/Jan/2026:20:00:26 +0000] "PUT /d1/505/AUTH_b428c619f3214c978c153235e9eb68d9/gnocchi.e3e61232-09a1-4322-a82f-92db5bf50b91/none_v3" 201 - "PUT http://172.18.0.2:8080/v1/AUTH_b428c619f3214c978c153235e9eb68d9/gnocchi.e3e61232-09a1-4322-a82f-92db5bf50b91/none_v3" "tx746c8a8d1f8445e2807f4-006979195a" "proxy-server 20" 0.0081 "-" 23 0
Jan 27 20:00:26 standalone proxy-server[132624]: 172.18.0.2 172.18.0.100 27/Jan/2026/20/00/26 PUT /v1/AUTH_b428c619f3214c978c153235e9eb68d9/gnocchi.e3e61232-09a1-4322-a82f-92db5bf50b91/none_v3 HTTP/1.0 201 - python-swiftclient-3.11.1 gAAAAABpeRjYyAct... 22 - - tx746c8a8d1f8445e2807f4-006979195a - 0.0138 - - 1769544026.373116732 1769544026.386879444 0
Jan 27 20:00:26 standalone container-server[130540]: 172.20.0.100 - - [27/Jan/2026:20:00:26 +0000] "HEAD /d1/94/AUTH_b428c619f3214c978c153235e9eb68d9/gnocchi.146fc2c6-de99-4406-88bc-2ce1a3ed6c17" 404 - "HEAD http://172.18.0.2:8080/v1/AUTH_b428c619f3214c978c153235e9eb68d9/gnocchi.146fc2c6-de99-4406-88bc-2ce1a3ed6c17?format=json&states=listing" "tx5a738358cc8e4c02aa5c6-006979195a" "proxy-server 20" 0.0004 "-" 20 0
Jan 27 20:00:26 standalone object-server[130807]: 172.20.0.100 - - [27/Jan/2026:20:00:26 +0000] "GET /d1/461/AUTH_b428c619f3214c978c153235e9eb68d9/gnocchi.146fc2c6-de99-4406-88bc-2ce1a3ed6c17/none_v3" 404 70 "GET http://172.18.0.2:8080/v1/AUTH_b428c619f3214c978c153235e9eb68d9/gnocchi.146fc2c6-de99-4406-88bc-2ce1a3ed6c17/none_v3" "tx5a738358cc8e4c02aa5c6-006979195a" "proxy-server 20" 0.0004 "-" 22 0
Jan 27 20:00:26 standalone proxy-server[132624]: 172.18.0.2 172.18.0.100 27/Jan/2026/20/00/26 GET /v1/AUTH_b428c619f3214c978c153235e9eb68d9/gnocchi.146fc2c6-de99-4406-88bc-2ce1a3ed6c17/none_v3 HTTP/1.0 404 - python-swiftclient-3.11.1 gAAAAABpeRjYyAct... - 70 - tx5a738358cc8e4c02aa5c6-006979195a - 0.0099 - - 1769544026.405510426 1769544026.415390253 0
Jan 27 20:00:26 standalone account-server[130441]: 172.20.0.100 - - [27/Jan/2026:20:00:26 +0000] "PUT /d1/225/AUTH_b428c619f3214c978c153235e9eb68d9/gnocchi.146fc2c6-de99-4406-88bc-2ce1a3ed6c17" 201 - "PUT http://172.20.0.100:6001/d1/94/AUTH_b428c619f3214c978c153235e9eb68d9/gnocchi.146fc2c6-de99-4406-88bc-2ce1a3ed6c17" "txa78c25f671424795927c7-006979195a" "container-server 20" 0.0063 "-" 22 0
Jan 27 20:00:26 standalone container-server[130540]: 172.20.0.100 - - [27/Jan/2026:20:00:26 +0000] "PUT /d1/94/AUTH_b428c619f3214c978c153235e9eb68d9/gnocchi.146fc2c6-de99-4406-88bc-2ce1a3ed6c17" 201 - "PUT http://172.18.0.2:8080/v1/AUTH_b428c619f3214c978c153235e9eb68d9/gnocchi.146fc2c6-de99-4406-88bc-2ce1a3ed6c17" "txa78c25f671424795927c7-006979195a" "proxy-server 20" 0.0191 "-" 20 0
Jan 27 20:00:26 standalone proxy-server[132624]: 172.18.0.2 172.18.0.100 27/Jan/2026/20/00/26 PUT /v1/AUTH_b428c619f3214c978c153235e9eb68d9/gnocchi.146fc2c6-de99-4406-88bc-2ce1a3ed6c17 HTTP/1.0 201 - python-swiftclient-3.11.1 gAAAAABpeRjYyAct... - - - txa78c25f671424795927c7-006979195a - 0.0261 - - 1769544026.418678045 1769544026.444781065 0
Jan 27 20:00:26 standalone container-server[130560]: 172.20.0.100 - - [27/Jan/2026:20:00:26 +0000] "HEAD /d1/94/AUTH_b428c619f3214c978c153235e9eb68d9/gnocchi.146fc2c6-de99-4406-88bc-2ce1a3ed6c17" 204 - "HEAD http://172.18.0.2:8080/v1/AUTH_b428c619f3214c978c153235e9eb68d9/gnocchi.146fc2c6-de99-4406-88bc-2ce1a3ed6c17?format=json&states=listing" "txb14e447868854757a88c3-006979195a" "proxy-server 20" 0.0011 "-" 22 0
Jan 27 20:00:26 standalone proxy-server[132624]: - - 27/Jan/2026/20/00/26 HEAD /v1/AUTH_b428c619f3214c978c153235e9eb68d9/gnocchi.146fc2c6-de99-4406-88bc-2ce1a3ed6c17%3Fformat%3Djson%26states%3Dlisting HTTP/1.0 204 - Swift - - - - txb14e447868854757a88c3-006979195a - 0.0045 RL - 1769544026.449373245 1769544026.453830242 0
Jan 27 20:00:26 standalone container-server[130561]: 172.20.0.100 - - [27/Jan/2026:20:00:26 +0000] "GET /d1/94/AUTH_b428c619f3214c978c153235e9eb68d9/gnocchi.146fc2c6-de99-4406-88bc-2ce1a3ed6c17" 200 2 "GET http://172.18.0.2:8080/v1/AUTH_b428c619f3214c978c153235e9eb68d9/gnocchi.146fc2c6-de99-4406-88bc-2ce1a3ed6c17?format=json&states=listing" "txb14e447868854757a88c3-006979195a" "proxy-server 20" 0.0023 "-" 23 0
Jan 27 20:00:26 standalone proxy-server[132624]: 172.18.0.2 172.18.0.100 27/Jan/2026/20/00/26 GET /v1/AUTH_b428c619f3214c978c153235e9eb68d9/gnocchi.146fc2c6-de99-4406-88bc-2ce1a3ed6c17%3Fformat%3Djson%26states%3Dlisting HTTP/1.0 200 - python-swiftclient-3.11.1 gAAAAABpeRjYyAct... - 2 - txb14e447868854757a88c3-006979195a - 0.0157 - - 1769544026.448241711 1769544026.463928223 0
Jan 27 20:00:26 standalone object-server[130810]: 172.20.0.100 - - [27/Jan/2026:20:00:26 +0000] "GET /d1/276/AUTH_b428c619f3214c978c153235e9eb68d9/gnocchi.146fc2c6-de99-4406-88bc-2ce1a3ed6c17/1769040000.0_mean_300.0_v3" 404 70 "GET http://172.18.0.2:8080/v1/AUTH_b428c619f3214c978c153235e9eb68d9/gnocchi.146fc2c6-de99-4406-88bc-2ce1a3ed6c17/1769040000.0_mean_300.0_v3" "txaa10209c453b4822bb449-006979195a" "proxy-server 20" 0.0006 "-" 24 0
Jan 27 20:00:26 standalone proxy-server[132624]: 172.18.0.2 172.18.0.100 27/Jan/2026/20/00/26 GET /v1/AUTH_b428c619f3214c978c153235e9eb68d9/gnocchi.146fc2c6-de99-4406-88bc-2ce1a3ed6c17/1769040000.0_mean_300.0_v3 HTTP/1.0 404 - python-swiftclient-3.11.1 gAAAAABpeRjYyAct... - 70 - txaa10209c453b4822bb449-006979195a - 0.0068 - - 1769544026.467808247 1769544026.474657536 0
Jan 27 20:00:26 standalone container-server[130561]: 172.20.0.100 - - [27/Jan/2026:20:00:26 +0000] "PUT /d1/94/AUTH_b428c619f3214c978c153235e9eb68d9/gnocchi.146fc2c6-de99-4406-88bc-2ce1a3ed6c17/1769040000.0_mean_300.0_v3" 201 - "PUT http://172.18.0.2:8080/d1/276/AUTH_b428c619f3214c978c153235e9eb68d9/gnocchi.146fc2c6-de99-4406-88bc-2ce1a3ed6c17/1769040000.0_mean_300.0_v3" "tx4616d0ffb7e9474e9f8f7-006979195a" "object-server 22" 0.0006 "-" 23 0
Jan 27 20:00:26 standalone object-server[130807]: 172.20.0.100 - - [27/Jan/2026:20:00:26 +0000] "PUT /d1/276/AUTH_b428c619f3214c978c153235e9eb68d9/gnocchi.146fc2c6-de99-4406-88bc-2ce1a3ed6c17/1769040000.0_mean_300.0_v3" 201 - "PUT http://172.18.0.2:8080/v1/AUTH_b428c619f3214c978c153235e9eb68d9/gnocchi.146fc2c6-de99-4406-88bc-2ce1a3ed6c17/1769040000.0_mean_300.0_v3" "tx4616d0ffb7e9474e9f8f7-006979195a" "proxy-server 20" 0.0106 "-" 22 0
Jan 27 20:00:26 standalone proxy-server[132624]: 172.18.0.2 172.18.0.100 27/Jan/2026/20/00/26 PUT /v1/AUTH_b428c619f3214c978c153235e9eb68d9/gnocchi.146fc2c6-de99-4406-88bc-2ce1a3ed6c17/1769040000.0_mean_300.0_v3 HTTP/1.0 201 - python-swiftclient-3.11.1 gAAAAABpeRjYyAct... 16 - - tx4616d0ffb7e9474e9f8f7-006979195a - 0.0183 - - 1769544026.478281498 1769544026.496545553 0
Jan 27 20:00:26 standalone container-server[130560]: 172.20.0.100 - - [27/Jan/2026:20:00:26 +0000] "PUT /d1/94/AUTH_b428c619f3214c978c153235e9eb68d9/gnocchi.146fc2c6-de99-4406-88bc-2ce1a3ed6c17/none_v3" 201 - "PUT http://172.18.0.2:8080/d1/461/AUTH_b428c619f3214c978c153235e9eb68d9/gnocchi.146fc2c6-de99-4406-88bc-2ce1a3ed6c17/none_v3" "tx7b055ef9c02a4bbbb57bd-006979195a" "object-server 22" 0.0005 "-" 22 0
Jan 27 20:00:26 standalone object-server[130807]: 172.20.0.100 - - [27/Jan/2026:20:00:26 +0000] "PUT /d1/461/AUTH_b428c619f3214c978c153235e9eb68d9/gnocchi.146fc2c6-de99-4406-88bc-2ce1a3ed6c17/none_v3" 201 - "PUT http://172.18.0.2:8080/v1/AUTH_b428c619f3214c978c153235e9eb68d9/gnocchi.146fc2c6-de99-4406-88bc-2ce1a3ed6c17/none_v3" "tx7b055ef9c02a4bbbb57bd-006979195a" "proxy-server 20" 0.0096 "-" 22 0
Jan 27 20:00:26 standalone proxy-server[132624]: 172.18.0.2 172.18.0.100 27/Jan/2026/20/00/26 PUT /v1/AUTH_b428c619f3214c978c153235e9eb68d9/gnocchi.146fc2c6-de99-4406-88bc-2ce1a3ed6c17/none_v3 HTTP/1.0 201 - python-swiftclient-3.11.1 gAAAAABpeRjYyAct... 22 - - tx7b055ef9c02a4bbbb57bd-006979195a - 0.0198 - - 1769544026.499745131 1769544026.519538164 0
Jan 27 20:00:26 standalone container-server[130540]: 172.20.0.100 - - [27/Jan/2026:20:00:26 +0000] "HEAD /d1/268/AUTH_b428c619f3214c978c153235e9eb68d9/gnocchi.4ff41c15-ef9e-4276-8d63-dd95d8d5fb9c" 404 - "HEAD http://172.18.0.2:8080/v1/AUTH_b428c619f3214c978c153235e9eb68d9/gnocchi.4ff41c15-ef9e-4276-8d63-dd95d8d5fb9c?format=json&states=listing" "tx62cb37bcae10444290e48-006979195a" "proxy-server 20" 0.0005 "-" 20 0
Jan 27 20:00:26 standalone object-server[130809]: 172.20.0.100 - - [27/Jan/2026:20:00:26 +0000] "GET /d1/992/AUTH_b428c619f3214c978c153235e9eb68d9/gnocchi.4ff41c15-ef9e-4276-8d63-dd95d8d5fb9c/none_v3" 404 70 "GET http://172.18.0.2:8080/v1/AUTH_b428c619f3214c978c153235e9eb68d9/gnocchi.4ff41c15-ef9e-4276-8d63-dd95d8d5fb9c/none_v3" "tx62cb37bcae10444290e48-006979195a" "proxy-server 20" 0.0003 "-" 23 0
Jan 27 20:00:26 standalone proxy-server[132624]: 172.18.0.2 172.18.0.100 27/Jan/2026/20/00/26 GET /v1/AUTH_b428c619f3214c978c153235e9eb68d9/gnocchi.4ff41c15-ef9e-4276-8d63-dd95d8d5fb9c/none_v3 HTTP/1.0 404 - python-swiftclient-3.11.1 gAAAAABpeRjYyAct... - 70 - tx62cb37bcae10444290e48-006979195a - 0.0088 - - 1769544026.533723354 1769544026.542513847 0
Jan 27 20:00:26 standalone account-server[130430]: 172.20.0.100 - - [27/Jan/2026:20:00:26 +0000] "PUT /d1/225/AUTH_b428c619f3214c978c153235e9eb68d9/gnocchi.4ff41c15-ef9e-4276-8d63-dd95d8d5fb9c" 201 - "PUT http://172.20.0.100:6001/d1/268/AUTH_b428c619f3214c978c153235e9eb68d9/gnocchi.4ff41c15-ef9e-4276-8d63-dd95d8d5fb9c" "tx276c42a0d2e34c65a330e-006979195a" "container-server 19" 0.0051 "-" 21 0
Jan 27 20:00:26 standalone container-server[130536]: 172.20.0.100 - - [27/Jan/2026:20:00:26 +0000] "PUT /d1/268/AUTH_b428c619f3214c978c153235e9eb68d9/gnocchi.4ff41c15-ef9e-4276-8d63-dd95d8d5fb9c" 201 - "PUT http://172.18.0.2:8080/v1/AUTH_b428c619f3214c978c153235e9eb68d9/gnocchi.4ff41c15-ef9e-4276-8d63-dd95d8d5fb9c" "tx276c42a0d2e34c65a330e-006979195a" "proxy-server 20" 0.0178 "-" 19 0
Jan 27 20:00:26 standalone proxy-server[132624]: 172.18.0.2 172.18.0.100 27/Jan/2026/20/00/26 PUT /v1/AUTH_b428c619f3214c978c153235e9eb68d9/gnocchi.4ff41c15-ef9e-4276-8d63-dd95d8d5fb9c HTTP/1.0 201 - python-swiftclient-3.11.1 gAAAAABpeRjYyAct... - - - tx276c42a0d2e34c65a330e-006979195a - 0.0231 - - 1769544026.546552420 1769544026.569679022 0
Jan 27 20:00:26 standalone container-server[130536]: 172.20.0.100 - - [27/Jan/2026:20:00:26 +0000] "HEAD /d1/268/AUTH_b428c619f3214c978c153235e9eb68d9/gnocchi.4ff41c15-ef9e-4276-8d63-dd95d8d5fb9c" 204 - "HEAD http://172.18.0.2:8080/v1/AUTH_b428c619f3214c978c153235e9eb68d9/gnocchi.4ff41c15-ef9e-4276-8d63-dd95d8d5fb9c?format=json&states=listing" "txfd6055920f13466e8d31f-006979195a" "proxy-server 20" 0.0014 "-" 19 0
Jan 27 20:00:26 standalone proxy-server[132624]: - - 27/Jan/2026/20/00/26 HEAD /v1/AUTH_b428c619f3214c978c153235e9eb68d9/gnocchi.4ff41c15-ef9e-4276-8d63-dd95d8d5fb9c%3Fformat%3Djson%26states%3Dlisting HTTP/1.0 204 - Swift - - - - txfd6055920f13466e8d31f-006979195a - 0.0049 RL - 1769544026.577763557 1769544026.582619667 0
Jan 27 20:00:26 standalone container-server[130560]: 172.20.0.100 - - [27/Jan/2026:20:00:26 +0000] "GET /d1/268/AUTH_b428c619f3214c978c153235e9eb68d9/gnocchi.4ff41c15-ef9e-4276-8d63-dd95d8d5fb9c" 200 2 "GET http://172.18.0.2:8080/v1/AUTH_b428c619f3214c978c153235e9eb68d9/gnocchi.4ff41c15-ef9e-4276-8d63-dd95d8d5fb9c?format=json&states=listing" "txfd6055920f13466e8d31f-006979195a" "proxy-server 20" 0.0038 "-" 22 0
Jan 27 20:00:26 standalone proxy-server[132624]: 172.18.0.2 172.18.0.100 27/Jan/2026/20/00/26 GET /v1/AUTH_b428c619f3214c978c153235e9eb68d9/gnocchi.4ff41c15-ef9e-4276-8d63-dd95d8d5fb9c%3Fformat%3Djson%26states%3Dlisting HTTP/1.0 200 - python-swiftclient-3.11.1 gAAAAABpeRjYyAct... - 2 - txfd6055920f13466e8d31f-006979195a - 0.0180 - - 1769544026.576740980 1769544026.594763517 0
Jan 27 20:00:26 standalone object-server[130809]: 172.20.0.100 - - [27/Jan/2026:20:00:26 +0000] "GET /d1/631/AUTH_b428c619f3214c978c153235e9eb68d9/gnocchi.4ff41c15-ef9e-4276-8d63-dd95d8d5fb9c/1769040000.0_mean_300.0_v3" 404 70 "GET http://172.18.0.2:8080/v1/AUTH_b428c619f3214c978c153235e9eb68d9/gnocchi.4ff41c15-ef9e-4276-8d63-dd95d8d5fb9c/1769040000.0_mean_300.0_v3" "tx047232830b3145b9910ad-006979195a" "proxy-server 20" 0.0003 "-" 23 0
Jan 27 20:00:26 standalone proxy-server[132624]: 172.18.0.2 172.18.0.100 27/Jan/2026/20/00/26 GET /v1/AUTH_b428c619f3214c978c153235e9eb68d9/gnocchi.4ff41c15-ef9e-4276-8d63-dd95d8d5fb9c/1769040000.0_mean_300.0_v3 HTTP/1.0 404 - python-swiftclient-3.11.1 gAAAAABpeRjYyAct... - 70 - tx047232830b3145b9910ad-006979195a - 0.0052 - - 1769544026.599150896 1769544026.604315996 0
Jan 27 20:00:26 standalone container-server[130560]: 172.20.0.100 - - [27/Jan/2026:20:00:26 +0000] "PUT /d1/268/AUTH_b428c619f3214c978c153235e9eb68d9/gnocchi.4ff41c15-ef9e-4276-8d63-dd95d8d5fb9c/1769040000.0_mean_300.0_v3" 201 - "PUT http://172.18.0.2:8080/d1/631/AUTH_b428c619f3214c978c153235e9eb68d9/gnocchi.4ff41c15-ef9e-4276-8d63-dd95d8d5fb9c/1769040000.0_mean_300.0_v3" "tx880c7ebc74cb4667aba24-006979195a" "object-server 22" 0.0010 "-" 22 0
Jan 27 20:00:26 standalone object-server[130807]: 172.20.0.100 - - [27/Jan/2026:20:00:26 +0000] "PUT /d1/631/AUTH_b428c619f3214c978c153235e9eb68d9/gnocchi.4ff41c15-ef9e-4276-8d63-dd95d8d5fb9c/1769040000.0_mean_300.0_v3" 201 - "PUT http://172.18.0.2:8080/v1/AUTH_b428c619f3214c978c153235e9eb68d9/gnocchi.4ff41c15-ef9e-4276-8d63-dd95d8d5fb9c/1769040000.0_mean_300.0_v3" "tx880c7ebc74cb4667aba24-006979195a" "proxy-server 20" 0.0090 "-" 22 0
Jan 27 20:00:26 standalone proxy-server[132624]: 172.18.0.2 172.18.0.100 27/Jan/2026/20/00/26 PUT /v1/AUTH_b428c619f3214c978c153235e9eb68d9/gnocchi.4ff41c15-ef9e-4276-8d63-dd95d8d5fb9c/1769040000.0_mean_300.0_v3 HTTP/1.0 201 - python-swiftclient-3.11.1 gAAAAABpeRjYyAct... 16 - - tx880c7ebc74cb4667aba24-006979195a - 0.0153 - - 1769544026.607396126 1769544026.622674704 0
Jan 27 20:00:26 standalone container-server[130561]: 172.20.0.100 - - [27/Jan/2026:20:00:26 +0000] "PUT /d1/268/AUTH_b428c619f3214c978c153235e9eb68d9/gnocchi.4ff41c15-ef9e-4276-8d63-dd95d8d5fb9c/none_v3" 201 - "PUT http://172.18.0.2:8080/d1/992/AUTH_b428c619f3214c978c153235e9eb68d9/gnocchi.4ff41c15-ef9e-4276-8d63-dd95d8d5fb9c/none_v3" "txeb59f9f59ad44a2bb153e-006979195a" "object-server 22" 0.0009 "-" 23 0
Jan 27 20:00:26 standalone object-server[130807]: 172.20.0.100 - - [27/Jan/2026:20:00:26 +0000] "PUT /d1/992/AUTH_b428c619f3214c978c153235e9eb68d9/gnocchi.4ff41c15-ef9e-4276-8d63-dd95d8d5fb9c/none_v3" 201 - "PUT http://172.18.0.2:8080/v1/AUTH_b428c619f3214c978c153235e9eb68d9/gnocchi.4ff41c15-ef9e-4276-8d63-dd95d8d5fb9c/none_v3" "txeb59f9f59ad44a2bb153e-006979195a" "proxy-server 20" 0.0095 "-" 22 0
Jan 27 20:00:26 standalone proxy-server[132624]: 172.18.0.2 172.18.0.100 27/Jan/2026/20/00/26 PUT /v1/AUTH_b428c619f3214c978c153235e9eb68d9/gnocchi.4ff41c15-ef9e-4276-8d63-dd95d8d5fb9c/none_v3 HTTP/1.0 201 - python-swiftclient-3.11.1 gAAAAABpeRjYyAct... 22 - - txeb59f9f59ad44a2bb153e-006979195a - 0.0150 - - 1769544026.625702381 1769544026.640679121 0
Jan 27 20:00:26 standalone container-server[130536]: 172.20.0.100 - - [27/Jan/2026:20:00:26 +0000] "HEAD /d1/76/AUTH_b428c619f3214c978c153235e9eb68d9/gnocchi.e0919438-a840-4959-be56-80cf8315d432" 404 - "HEAD http://172.18.0.2:8080/v1/AUTH_b428c619f3214c978c153235e9eb68d9/gnocchi.e0919438-a840-4959-be56-80cf8315d432?format=json&states=listing" "tx8ee219d09d784d1382d4a-006979195a" "proxy-server 20" 0.0005 "-" 19 0
Jan 27 20:00:26 standalone object-server[130814]: 172.20.0.100 - - [27/Jan/2026:20:00:26 +0000] "GET /d1/857/AUTH_b428c619f3214c978c153235e9eb68d9/gnocchi.e0919438-a840-4959-be56-80cf8315d432/none_v3" 404 70 "GET http://172.18.0.2:8080/v1/AUTH_b428c619f3214c978c153235e9eb68d9/gnocchi.e0919438-a840-4959-be56-80cf8315d432/none_v3" "tx8ee219d09d784d1382d4a-006979195a" "proxy-server 20" 0.0004 "-" 25 0
Jan 27 20:00:26 standalone proxy-server[132624]: 172.18.0.2 172.18.0.100 27/Jan/2026/20/00/26 GET /v1/AUTH_b428c619f3214c978c153235e9eb68d9/gnocchi.e0919438-a840-4959-be56-80cf8315d432/none_v3 HTTP/1.0 404 - python-swiftclient-3.11.1 gAAAAABpeRjYyAct... - 70 - tx8ee219d09d784d1382d4a-006979195a - 0.0136 - - 1769544026.690192699 1769544026.703784227 0
Jan 27 20:00:26 standalone account-server[130441]: 172.20.0.100 - - [27/Jan/2026:20:00:26 +0000] "PUT /d1/225/AUTH_b428c619f3214c978c153235e9eb68d9/gnocchi.e0919438-a840-4959-be56-80cf8315d432" 201 - "PUT http://172.20.0.100:6001/d1/76/AUTH_b428c619f3214c978c153235e9eb68d9/gnocchi.e0919438-a840-4959-be56-80cf8315d432" "txd84a94df5d29477db109e-006979195a" "container-server 20" 0.0054 "-" 22 0
Jan 27 20:00:26 standalone container-server[130540]: 172.20.0.100 - - [27/Jan/2026:20:00:26 +0000] "PUT /d1/76/AUTH_b428c619f3214c978c153235e9eb68d9/gnocchi.e0919438-a840-4959-be56-80cf8315d432" 201 - "PUT http://172.18.0.2:8080/v1/AUTH_b428c619f3214c978c153235e9eb68d9/gnocchi.e0919438-a840-4959-be56-80cf8315d432" "txd84a94df5d29477db109e-006979195a" "proxy-server 20" 0.0169 "-" 20 0
Jan 27 20:00:26 standalone proxy-server[132624]: 172.18.0.2 172.18.0.100 27/Jan/2026/20/00/26 PUT /v1/AUTH_b428c619f3214c978c153235e9eb68d9/gnocchi.e0919438-a840-4959-be56-80cf8315d432 HTTP/1.0 201 - python-swiftclient-3.11.1 gAAAAABpeRjYyAct... - - - txd84a94df5d29477db109e-006979195a - 0.0215 - - 1769544026.706729889 1769544026.728234291 0
Jan 27 20:00:26 standalone container-server[130536]: 172.20.0.100 - - [27/Jan/2026:20:00:26 +0000] "HEAD /d1/76/AUTH_b428c619f3214c978c153235e9eb68d9/gnocchi.e0919438-a840-4959-be56-80cf8315d432" 204 - "HEAD http://172.18.0.2:8080/v1/AUTH_b428c619f3214c978c153235e9eb68d9/gnocchi.e0919438-a840-4959-be56-80cf8315d432?format=json&states=listing" "tx78cbf2655a8c4ccf8f24c-006979195a" "proxy-server 20" 0.0014 "-" 19 0
Jan 27 20:00:26 standalone proxy-server[132624]: - - 27/Jan/2026/20/00/26 HEAD /v1/AUTH_b428c619f3214c978c153235e9eb68d9/gnocchi.e0919438-a840-4959-be56-80cf8315d432%3Fformat%3Djson%26states%3Dlisting HTTP/1.0 204 - Swift - - - - tx78cbf2655a8c4ccf8f24c-006979195a - 0.0046 RL - 1769544026.732633352 1769544026.737260103 0
Jan 27 20:00:26 standalone container-server[130536]: 172.20.0.100 - - [27/Jan/2026:20:00:26 +0000] "GET /d1/76/AUTH_b428c619f3214c978c153235e9eb68d9/gnocchi.e0919438-a840-4959-be56-80cf8315d432" 200 2 "GET http://172.18.0.2:8080/v1/AUTH_b428c619f3214c978c153235e9eb68d9/gnocchi.e0919438-a840-4959-be56-80cf8315d432?format=json&states=listing" "tx78cbf2655a8c4ccf8f24c-006979195a" "proxy-server 20" 0.0020 "-" 19 0
Jan 27 20:00:26 standalone proxy-server[132624]: 172.18.0.2 172.18.0.100 27/Jan/2026/20/00/26 GET /v1/AUTH_b428c619f3214c978c153235e9eb68d9/gnocchi.e0919438-a840-4959-be56-80cf8315d432%3Fformat%3Djson%26states%3Dlisting HTTP/1.0 200 - python-swiftclient-3.11.1 gAAAAABpeRjYyAct... - 2 - tx78cbf2655a8c4ccf8f24c-006979195a - 0.0126 - - 1769544026.731558323 1769544026.744181395 0
