Jan 27 20:00:40 standalone object-server[130814]: 172.20.0.100 - - [27/Jan/2026:20:00:40 +0000] "PUT /d1/583/AUTH_b428c619f3214c978c153235e9eb68d9/gnocchi.ccf402b4-b7d9-414c-8373-4f6e059f1039/1769040000.0_mean_300.0_v3" 201 - "PUT http://172.18.0.2:8080/v1/AUTH_b428c619f3214c978c153235e9eb68d9/gnocchi.ccf402b4-b7d9-414c-8373-4f6e059f1039/1769040000.0_mean_300.0_v3" "tx5db874719f4c4d77911fa-0069791968" "proxy-server 20" 0.0139 "-" 25 0
Jan 27 20:00:40 standalone proxy-server[132624]: 172.18.0.2 172.18.0.100 27/Jan/2026/20/00/40 PUT /v1/AUTH_b428c619f3214c978c153235e9eb68d9/gnocchi.ccf402b4-b7d9-414c-8373-4f6e059f1039/1769040000.0_mean_300.0_v3 HTTP/1.0 201 - python-swiftclient-3.11.1 gAAAAABpeRjYyAct... 16 - - tx5db874719f4c4d77911fa-0069791968 - 0.0191 - - 1769544040.976142883 1769544040.995234251 0
Jan 27 20:00:41 standalone container-server[130560]: 172.20.0.100 - - [27/Jan/2026:20:00:41 +0000] "PUT /d1/729/AUTH_b428c619f3214c978c153235e9eb68d9/gnocchi.ccf402b4-b7d9-414c-8373-4f6e059f1039/none_v3" 201 - "PUT http://172.18.0.2:8080/d1/754/AUTH_b428c619f3214c978c153235e9eb68d9/gnocchi.ccf402b4-b7d9-414c-8373-4f6e059f1039/none_v3" "tx99d897e0dcad4ca3a89c5-0069791969" "object-server 24" 0.0007 "-" 22 0
Jan 27 20:00:41 standalone object-server[130810]: 172.20.0.100 - - [27/Jan/2026:20:00:41 +0000] "PUT /d1/754/AUTH_b428c619f3214c978c153235e9eb68d9/gnocchi.ccf402b4-b7d9-414c-8373-4f6e059f1039/none_v3" 201 - "PUT http://172.18.0.2:8080/v1/AUTH_b428c619f3214c978c153235e9eb68d9/gnocchi.ccf402b4-b7d9-414c-8373-4f6e059f1039/none_v3" "tx99d897e0dcad4ca3a89c5-0069791969" "proxy-server 20" 0.0172 "-" 24 0
Jan 27 20:00:41 standalone proxy-server[132624]: 172.18.0.2 172.18.0.100 27/Jan/2026/20/00/41 PUT /v1/AUTH_b428c619f3214c978c153235e9eb68d9/gnocchi.ccf402b4-b7d9-414c-8373-4f6e059f1039/none_v3 HTTP/1.0 201 - python-swiftclient-3.11.1 gAAAAABpeRjYyAct... 22 - - tx99d897e0dcad4ca3a89c5-0069791969 - 0.0251 - - 1769544041.005470037 1769544041.030570984 0
Jan 27 20:00:41 standalone container-server[130536]: 172.20.0.100 - - [27/Jan/2026:20:00:41 +0000] "HEAD /d1/168/AUTH_b428c619f3214c978c153235e9eb68d9/gnocchi.4c47417b-bd49-4c62-a5af-94f338ae5f61" 404 - "HEAD http://172.18.0.2:8080/v1/AUTH_b428c619f3214c978c153235e9eb68d9/gnocchi.4c47417b-bd49-4c62-a5af-94f338ae5f61?format=json&states=listing" "txfb0bbc3c9fad4494ae83f-0069791969" "proxy-server 20" 0.0004 "-" 19 0
Jan 27 20:00:41 standalone object-server[130810]: 172.20.0.100 - - [27/Jan/2026:20:00:41 +0000] "GET /d1/138/AUTH_b428c619f3214c978c153235e9eb68d9/gnocchi.4c47417b-bd49-4c62-a5af-94f338ae5f61/none_v3" 404 70 "GET http://172.18.0.2:8080/v1/AUTH_b428c619f3214c978c153235e9eb68d9/gnocchi.4c47417b-bd49-4c62-a5af-94f338ae5f61/none_v3" "txfb0bbc3c9fad4494ae83f-0069791969" "proxy-server 20" 0.0005 "-" 24 0
Jan 27 20:00:41 standalone proxy-server[132624]: 172.18.0.2 172.18.0.100 27/Jan/2026/20/00/41 GET /v1/AUTH_b428c619f3214c978c153235e9eb68d9/gnocchi.4c47417b-bd49-4c62-a5af-94f338ae5f61/none_v3 HTTP/1.0 404 - python-swiftclient-3.11.1 gAAAAABpeRjYyAct... - 70 - txfb0bbc3c9fad4494ae83f-0069791969 - 0.0121 - - 1769544041.047735691 1769544041.059839964 0
Jan 27 20:00:41 standalone account-server[130452]: 172.20.0.100 - - [27/Jan/2026:20:00:41 +0000] "PUT /d1/225/AUTH_b428c619f3214c978c153235e9eb68d9/gnocchi.4c47417b-bd49-4c62-a5af-94f338ae5f61" 201 - "PUT http://172.20.0.100:6001/d1/168/AUTH_b428c619f3214c978c153235e9eb68d9/gnocchi.4c47417b-bd49-4c62-a5af-94f338ae5f61" "tx5fa430d6a8574bd68ba9a-0069791969" "container-server 20" 0.0056 "-" 23 0
Jan 27 20:00:41 standalone container-server[130540]: 172.20.0.100 - - [27/Jan/2026:20:00:41 +0000] "PUT /d1/168/AUTH_b428c619f3214c978c153235e9eb68d9/gnocchi.4c47417b-bd49-4c62-a5af-94f338ae5f61" 201 - "PUT http://172.18.0.2:8080/v1/AUTH_b428c619f3214c978c153235e9eb68d9/gnocchi.4c47417b-bd49-4c62-a5af-94f338ae5f61" "tx5fa430d6a8574bd68ba9a-0069791969" "proxy-server 20" 0.0213 "-" 20 0
Jan 27 20:00:41 standalone proxy-server[132624]: 172.18.0.2 172.18.0.100 27/Jan/2026/20/00/41 PUT /v1/AUTH_b428c619f3214c978c153235e9eb68d9/gnocchi.4c47417b-bd49-4c62-a5af-94f338ae5f61 HTTP/1.0 201 - python-swiftclient-3.11.1 gAAAAABpeRjYyAct... - - - tx5fa430d6a8574bd68ba9a-0069791969 - 0.0287 - - 1769544041.063772678 1769544041.092475414 0
Jan 27 20:00:41 standalone container-server[130560]: 172.20.0.100 - - [27/Jan/2026:20:00:41 +0000] "HEAD /d1/168/AUTH_b428c619f3214c978c153235e9eb68d9/gnocchi.4c47417b-bd49-4c62-a5af-94f338ae5f61" 204 - "HEAD http://172.18.0.2:8080/v1/AUTH_b428c619f3214c978c153235e9eb68d9/gnocchi.4c47417b-bd49-4c62-a5af-94f338ae5f61?format=json&states=listing" "txbdc59b22dbf24dd49d024-0069791969" "proxy-server 20" 0.0015 "-" 22 0
Jan 27 20:00:41 standalone proxy-server[132624]: - - 27/Jan/2026/20/00/41 HEAD /v1/AUTH_b428c619f3214c978c153235e9eb68d9/gnocchi.4c47417b-bd49-4c62-a5af-94f338ae5f61%3Fformat%3Djson%26states%3Dlisting HTTP/1.0 204 - Swift - - - - txbdc59b22dbf24dd49d024-0069791969 - 0.0081 RL - 1769544041.101047039 1769544041.109150171 0
Jan 27 20:00:41 standalone container-server[130536]: 172.20.0.100 - - [27/Jan/2026:20:00:41 +0000] "GET /d1/168/AUTH_b428c619f3214c978c153235e9eb68d9/gnocchi.4c47417b-bd49-4c62-a5af-94f338ae5f61" 200 2 "GET http://172.18.0.2:8080/v1/AUTH_b428c619f3214c978c153235e9eb68d9/gnocchi.4c47417b-bd49-4c62-a5af-94f338ae5f61?format=json&states=listing" "txbdc59b22dbf24dd49d024-0069791969" "proxy-server 20" 0.0045 "-" 19 0
Jan 27 20:00:41 standalone proxy-server[132624]: 172.18.0.2 172.18.0.100 27/Jan/2026/20/00/41 GET /v1/AUTH_b428c619f3214c978c153235e9eb68d9/gnocchi.4c47417b-bd49-4c62-a5af-94f338ae5f61%3Fformat%3Djson%26states%3Dlisting HTTP/1.0 200 - python-swiftclient-3.11.1 gAAAAABpeRjYyAct... - 2 - txbdc59b22dbf24dd49d024-0069791969 - 0.0233 - - 1769544041.099144697 1769544041.122493982 0
Jan 27 20:00:41 standalone object-server[130807]: 172.20.0.100 - - [27/Jan/2026:20:00:41 +0000] "GET /d1/456/AUTH_b428c619f3214c978c153235e9eb68d9/gnocchi.4c47417b-bd49-4c62-a5af-94f338ae5f61/1769040000.0_mean_300.0_v3" 404 70 "GET http://172.18.0.2:8080/v1/AUTH_b428c619f3214c978c153235e9eb68d9/gnocchi.4c47417b-bd49-4c62-a5af-94f338ae5f61/1769040000.0_mean_300.0_v3" "tx8df0118fe1554446b533e-0069791969" "proxy-server 20" 0.0005 "-" 22 0
Jan 27 20:00:41 standalone proxy-server[132624]: 172.18.0.2 172.18.0.100 27/Jan/2026/20/00/41 GET /v1/AUTH_b428c619f3214c978c153235e9eb68d9/gnocchi.4c47417b-bd49-4c62-a5af-94f338ae5f61/1769040000.0_mean_300.0_v3 HTTP/1.0 404 - python-swiftclient-3.11.1 gAAAAABpeRjYyAct... - 70 - tx8df0118fe1554446b533e-0069791969 - 0.0062 - - 1769544041.127821207 1769544041.133985996 0
Jan 27 20:00:41 standalone container-server[130561]: 172.20.0.100 - - [27/Jan/2026:20:00:41 +0000] "PUT /d1/168/AUTH_b428c619f3214c978c153235e9eb68d9/gnocchi.4c47417b-bd49-4c62-a5af-94f338ae5f61/1769040000.0_mean_300.0_v3" 201 - "PUT http://172.18.0.2:8080/d1/456/AUTH_b428c619f3214c978c153235e9eb68d9/gnocchi.4c47417b-bd49-4c62-a5af-94f338ae5f61/1769040000.0_mean_300.0_v3" "tx50332506e3e94365854f6-0069791969" "object-server 25" 0.0007 "-" 23 0
Jan 27 20:00:41 standalone object-server[130814]: 172.20.0.100 - - [27/Jan/2026:20:00:41 +0000] "PUT /d1/456/AUTH_b428c619f3214c978c153235e9eb68d9/gnocchi.4c47417b-bd49-4c62-a5af-94f338ae5f61/1769040000.0_mean_300.0_v3" 201 - "PUT http://172.18.0.2:8080/v1/AUTH_b428c619f3214c978c153235e9eb68d9/gnocchi.4c47417b-bd49-4c62-a5af-94f338ae5f61/1769040000.0_mean_300.0_v3" "tx50332506e3e94365854f6-0069791969" "proxy-server 20" 0.0192 "-" 25 0
Jan 27 20:00:41 standalone proxy-server[132624]: 172.18.0.2 172.18.0.100 27/Jan/2026/20/00/41 PUT /v1/AUTH_b428c619f3214c978c153235e9eb68d9/gnocchi.4c47417b-bd49-4c62-a5af-94f338ae5f61/1769040000.0_mean_300.0_v3 HTTP/1.0 201 - python-swiftclient-3.11.1 gAAAAABpeRjYyAct... 16 - - tx50332506e3e94365854f6-0069791969 - 0.0258 - - 1769544041.137276411 1769544041.163103580 0
Jan 27 20:00:41 standalone container-server[130536]: 172.20.0.100 - - [27/Jan/2026:20:00:41 +0000] "PUT /d1/168/AUTH_b428c619f3214c978c153235e9eb68d9/gnocchi.4c47417b-bd49-4c62-a5af-94f338ae5f61/none_v3" 201 - "PUT http://172.18.0.2:8080/d1/138/AUTH_b428c619f3214c978c153235e9eb68d9/gnocchi.4c47417b-bd49-4c62-a5af-94f338ae5f61/none_v3" "tx93eba05d260b41b9ab018-0069791969" "object-server 23" 0.0011 "-" 19 0
Jan 27 20:00:41 standalone object-server[130809]: 172.20.0.100 - - [27/Jan/2026:20:00:41 +0000] "PUT /d1/138/AUTH_b428c619f3214c978c153235e9eb68d9/gnocchi.4c47417b-bd49-4c62-a5af-94f338ae5f61/none_v3" 201 - "PUT http://172.18.0.2:8080/v1/AUTH_b428c619f3214c978c153235e9eb68d9/gnocchi.4c47417b-bd49-4c62-a5af-94f338ae5f61/none_v3" "tx93eba05d260b41b9ab018-0069791969" "proxy-server 20" 0.0168 "-" 23 0
Jan 27 20:00:41 standalone proxy-server[132624]: 172.18.0.2 172.18.0.100 27/Jan/2026/20/00/41 PUT /v1/AUTH_b428c619f3214c978c153235e9eb68d9/gnocchi.4c47417b-bd49-4c62-a5af-94f338ae5f61/none_v3 HTTP/1.0 201 - python-swiftclient-3.11.1 gAAAAABpeRjYyAct... 22 - - tx93eba05d260b41b9ab018-0069791969 - 0.0231 - - 1769544041.167444706 1769544041.190572977 0
Jan 27 20:00:41 standalone container-server[130561]: 172.20.0.100 - - [27/Jan/2026:20:00:41 +0000] "HEAD /d1/24/AUTH_b428c619f3214c978c153235e9eb68d9/gnocchi.b3c2e412-9aa9-4060-9ebd-452d90b04f1f" 404 - "HEAD http://172.18.0.2:8080/v1/AUTH_b428c619f3214c978c153235e9eb68d9/gnocchi.b3c2e412-9aa9-4060-9ebd-452d90b04f1f?format=json&states=listing" "tx630038b5d13e486db6af3-0069791969" "proxy-server 20" 0.0004 "-" 23 0
Jan 27 20:00:41 standalone object-server[130807]: 172.20.0.100 - - [27/Jan/2026:20:00:41 +0000] "GET /d1/981/AUTH_b428c619f3214c978c153235e9eb68d9/gnocchi.b3c2e412-9aa9-4060-9ebd-452d90b04f1f/none_v3" 404 70 "GET http://172.18.0.2:8080/v1/AUTH_b428c619f3214c978c153235e9eb68d9/gnocchi.b3c2e412-9aa9-4060-9ebd-452d90b04f1f/none_v3" "tx630038b5d13e486db6af3-0069791969" "proxy-server 20" 0.0003 "-" 22 0
Jan 27 20:00:41 standalone proxy-server[132624]: 172.18.0.2 172.18.0.100 27/Jan/2026/20/00/41 GET /v1/AUTH_b428c619f3214c978c153235e9eb68d9/gnocchi.b3c2e412-9aa9-4060-9ebd-452d90b04f1f/none_v3 HTTP/1.0 404 - python-swiftclient-3.11.1 gAAAAABpeRjYyAct... - 70 - tx630038b5d13e486db6af3-0069791969 - 0.0162 - - 1769544041.201194525 1769544041.217399836 0
Jan 27 20:00:41 standalone account-server[130452]: 172.20.0.100 - - [27/Jan/2026:20:00:41 +0000] "PUT /d1/225/AUTH_b428c619f3214c978c153235e9eb68d9/gnocchi.b3c2e412-9aa9-4060-9ebd-452d90b04f1f" 201 - "PUT http://172.20.0.100:6001/d1/24/AUTH_b428c619f3214c978c153235e9eb68d9/gnocchi.b3c2e412-9aa9-4060-9ebd-452d90b04f1f" "tx12af9ef267b74f6e8976c-0069791969" "container-server 22" 0.0089 "-" 23 0
Jan 27 20:00:41 standalone container-server[130560]: 172.20.0.100 - - [27/Jan/2026:20:00:41 +0000] "PUT /d1/24/AUTH_b428c619f3214c978c153235e9eb68d9/gnocchi.b3c2e412-9aa9-4060-9ebd-452d90b04f1f" 201 - "PUT http://172.18.0.2:8080/v1/AUTH_b428c619f3214c978c153235e9eb68d9/gnocchi.b3c2e412-9aa9-4060-9ebd-452d90b04f1f" "tx12af9ef267b74f6e8976c-0069791969" "proxy-server 20" 0.0278 "-" 22 0
Jan 27 20:00:41 standalone proxy-server[132624]: 172.18.0.2 172.18.0.100 27/Jan/2026/20/00/41 PUT /v1/AUTH_b428c619f3214c978c153235e9eb68d9/gnocchi.b3c2e412-9aa9-4060-9ebd-452d90b04f1f HTTP/1.0 201 - python-swiftclient-3.11.1 gAAAAABpeRjYyAct... - - - tx12af9ef267b74f6e8976c-0069791969 - 0.0337 - - 1769544041.221060038 1769544041.254735947 0
Jan 27 20:00:41 standalone container-server[130536]: 172.20.0.100 - - [27/Jan/2026:20:00:41 +0000] "HEAD /d1/24/AUTH_b428c619f3214c978c153235e9eb68d9/gnocchi.b3c2e412-9aa9-4060-9ebd-452d90b04f1f" 204 - "HEAD http://172.18.0.2:8080/v1/AUTH_b428c619f3214c978c153235e9eb68d9/gnocchi.b3c2e412-9aa9-4060-9ebd-452d90b04f1f?format=json&states=listing" "txb2455dbdb91b41f486540-0069791969" "proxy-server 20" 0.0016 "-" 19 0
Jan 27 20:00:41 standalone proxy-server[132624]: - - 27/Jan/2026/20/00/41 HEAD /v1/AUTH_b428c619f3214c978c153235e9eb68d9/gnocchi.b3c2e412-9aa9-4060-9ebd-452d90b04f1f%3Fformat%3Djson%26states%3Dlisting HTTP/1.0 204 - Swift - - - - txb2455dbdb91b41f486540-0069791969 - 0.0051 RL - 1769544041.260398865 1769544041.265532970 0
Jan 27 20:00:41 standalone container-server[130536]: 172.20.0.100 - - [27/Jan/2026:20:00:41 +0000] "GET /d1/24/AUTH_b428c619f3214c978c153235e9eb68d9/gnocchi.b3c2e412-9aa9-4060-9ebd-452d90b04f1f" 200 2 "GET http://172.18.0.2:8080/v1/AUTH_b428c619f3214c978c153235e9eb68d9/gnocchi.b3c2e412-9aa9-4060-9ebd-452d90b04f1f?format=json&states=listing" "txb2455dbdb91b41f486540-0069791969" "proxy-server 20" 0.0017 "-" 19 0
Jan 27 20:00:41 standalone proxy-server[132624]: 172.18.0.2 172.18.0.100 27/Jan/2026/20/00/41 GET /v1/AUTH_b428c619f3214c978c153235e9eb68d9/gnocchi.b3c2e412-9aa9-4060-9ebd-452d90b04f1f%3Fformat%3Djson%26states%3Dlisting HTTP/1.0 200 - python-swiftclient-3.11.1 gAAAAABpeRjYyAct... - 2 - txb2455dbdb91b41f486540-0069791969 - 0.0150 - - 1769544041.259277344 1769544041.274276972 0
Jan 27 20:00:41 standalone object-server[130810]: 172.20.0.100 - - [27/Jan/2026:20:00:41 +0000] "GET /d1/376/AUTH_b428c619f3214c978c153235e9eb68d9/gnocchi.b3c2e412-9aa9-4060-9ebd-452d90b04f1f/1769040000.0_mean_300.0_v3" 404 70 "GET http://172.18.0.2:8080/v1/AUTH_b428c619f3214c978c153235e9eb68d9/gnocchi.b3c2e412-9aa9-4060-9ebd-452d90b04f1f/1769040000.0_mean_300.0_v3" "tx8d63b4d8356845bbb2c5c-0069791969" "proxy-server 20" 0.0006 "-" 24 0
Jan 27 20:00:41 standalone proxy-server[132624]: 172.18.0.2 172.18.0.100 27/Jan/2026/20/00/41 GET /v1/AUTH_b428c619f3214c978c153235e9eb68d9/gnocchi.b3c2e412-9aa9-4060-9ebd-452d90b04f1f/1769040000.0_mean_300.0_v3 HTTP/1.0 404 - python-swiftclient-3.11.1 gAAAAABpeRjYyAct... - 70 - tx8d63b4d8356845bbb2c5c-0069791969 - 0.0088 - - 1769544041.278852701 1769544041.287649870 0
Jan 27 20:00:41 standalone container-server[130561]: 172.20.0.100 - - [27/Jan/2026:20:00:41 +0000] "PUT /d1/24/AUTH_b428c619f3214c978c153235e9eb68d9/gnocchi.b3c2e412-9aa9-4060-9ebd-452d90b04f1f/1769040000.0_mean_300.0_v3" 201 - "PUT http://172.18.0.2:8080/d1/376/AUTH_b428c619f3214c978c153235e9eb68d9/gnocchi.b3c2e412-9aa9-4060-9ebd-452d90b04f1f/1769040000.0_mean_300.0_v3" "tx58337d22f16b47a6ac1ff-0069791969" "object-server 25" 0.0007 "-" 23 0
Jan 27 20:00:41 standalone object-server[130814]: 172.20.0.100 - - [27/Jan/2026:20:00:41 +0000] "PUT /d1/376/AUTH_b428c619f3214c978c153235e9eb68d9/gnocchi.b3c2e412-9aa9-4060-9ebd-452d90b04f1f/1769040000.0_mean_300.0_v3" 201 - "PUT http://172.18.0.2:8080/v1/AUTH_b428c619f3214c978c153235e9eb68d9/gnocchi.b3c2e412-9aa9-4060-9ebd-452d90b04f1f/1769040000.0_mean_300.0_v3" "tx58337d22f16b47a6ac1ff-0069791969" "proxy-server 20" 0.0150 "-" 25 0
Jan 27 20:00:41 standalone proxy-server[132624]: 172.18.0.2 172.18.0.100 27/Jan/2026/20/00/41 PUT /v1/AUTH_b428c619f3214c978c153235e9eb68d9/gnocchi.b3c2e412-9aa9-4060-9ebd-452d90b04f1f/1769040000.0_mean_300.0_v3 HTTP/1.0 201 - python-swiftclient-3.11.1 gAAAAABpeRjYyAct... 16 - - tx58337d22f16b47a6ac1ff-0069791969 - 0.0220 - - 1769544041.294119358 1769544041.316161871 0
Jan 27 20:00:41 standalone container-server[130561]: 172.20.0.100 - - [27/Jan/2026:20:00:41 +0000] "PUT /d1/24/AUTH_b428c619f3214c978c153235e9eb68d9/gnocchi.b3c2e412-9aa9-4060-9ebd-452d90b04f1f/none_v3" 201 - "PUT http://172.18.0.2:8080/d1/981/AUTH_b428c619f3214c978c153235e9eb68d9/gnocchi.b3c2e412-9aa9-4060-9ebd-452d90b04f1f/none_v3" "tx9e20abdcd7684deea2fbc-0069791969" "object-server 23" 0.0005 "-" 23 0
Jan 27 20:00:41 standalone object-server[130809]: 172.20.0.100 - - [27/Jan/2026:20:00:41 +0000] "PUT /d1/981/AUTH_b428c619f3214c978c153235e9eb68d9/gnocchi.b3c2e412-9aa9-4060-9ebd-452d90b04f1f/none_v3" 201 - "PUT http://172.18.0.2:8080/v1/AUTH_b428c619f3214c978c153235e9eb68d9/gnocchi.b3c2e412-9aa9-4060-9ebd-452d90b04f1f/none_v3" "tx9e20abdcd7684deea2fbc-0069791969" "proxy-server 20" 0.0128 "-" 23 0
Jan 27 20:00:41 standalone proxy-server[132624]: 172.18.0.2 172.18.0.100 27/Jan/2026/20/00/41 PUT /v1/AUTH_b428c619f3214c978c153235e9eb68d9/gnocchi.b3c2e412-9aa9-4060-9ebd-452d90b04f1f/none_v3 HTTP/1.0 201 - python-swiftclient-3.11.1 gAAAAABpeRjYyAct... 22 - - tx9e20abdcd7684deea2fbc-0069791969 - 0.0202 - - 1769544041.320213318 1769544041.340427637 0
Jan 27 20:00:47 standalone container-server[130561]: 172.20.0.100 - - [27/Jan/2026:20:00:47 +0000] "HEAD /d1/905/AUTH_b428c619f3214c978c153235e9eb68d9/gnocchi.7b4395c7-6b35-420f-8fb8-4cf8e58e6d05" 404 - "HEAD http://172.18.0.2:8080/v1/AUTH_b428c619f3214c978c153235e9eb68d9/gnocchi.7b4395c7-6b35-420f-8fb8-4cf8e58e6d05?format=json&states=listing" "tx095ec868441b45049e0c8-006979196f" "proxy-server 20" 0.0006 "-" 23 0
Jan 27 20:00:47 standalone object-server[130810]: 172.20.0.100 - - [27/Jan/2026:20:00:47 +0000] "GET /d1/185/AUTH_b428c619f3214c978c153235e9eb68d9/gnocchi.7b4395c7-6b35-420f-8fb8-4cf8e58e6d05/none_v3" 404 70 "GET http://172.18.0.2:8080/v1/AUTH_b428c619f3214c978c153235e9eb68d9/gnocchi.7b4395c7-6b35-420f-8fb8-4cf8e58e6d05/none_v3" "tx095ec868441b45049e0c8-006979196f" "proxy-server 20" 0.0006 "-" 24 0
Jan 27 20:00:47 standalone proxy-server[132624]: 172.18.0.2 172.18.0.100 27/Jan/2026/20/00/47 GET /v1/AUTH_b428c619f3214c978c153235e9eb68d9/gnocchi.7b4395c7-6b35-420f-8fb8-4cf8e58e6d05/none_v3 HTTP/1.0 404 - python-swiftclient-3.11.1 gAAAAABpeRjYyAct... - 70 - tx095ec868441b45049e0c8-006979196f - 0.0203 - - 1769544047.388523340 1769544047.408827543 0
Jan 27 20:00:47 standalone account-server[130452]: 172.20.0.100 - - [27/Jan/2026:20:00:47 +0000] "PUT /d1/225/AUTH_b428c619f3214c978c153235e9eb68d9/gnocchi.7b4395c7-6b35-420f-8fb8-4cf8e58e6d05" 201 - "PUT http://172.20.0.100:6001/d1/905/AUTH_b428c619f3214c978c153235e9eb68d9/gnocchi.7b4395c7-6b35-420f-8fb8-4cf8e58e6d05" "tx793d21654ab8453a98cda-006979196f" "container-server 22" 0.0063 "-" 23 0
Jan 27 20:00:47 standalone container-server[130560]: 172.20.0.100 - - [27/Jan/2026:20:00:47 +0000] "PUT /d1/905/AUTH_b428c619f3214c978c153235e9eb68d9/gnocchi.7b4395c7-6b35-420f-8fb8-4cf8e58e6d05" 201 - "PUT http://172.18.0.2:8080/v1/AUTH_b428c619f3214c978c153235e9eb68d9/gnocchi.7b4395c7-6b35-420f-8fb8-4cf8e58e6d05" "tx793d21654ab8453a98cda-006979196f" "proxy-server 20" 0.0172 "-" 22 0
Jan 27 20:00:47 standalone proxy-server[132624]: 172.18.0.2 172.18.0.100 27/Jan/2026/20/00/47 PUT /v1/AUTH_b428c619f3214c978c153235e9eb68d9/gnocchi.7b4395c7-6b35-420f-8fb8-4cf8e58e6d05 HTTP/1.0 201 - python-swiftclient-3.11.1 gAAAAABpeRjYyAct... - - - tx793d21654ab8453a98cda-006979196f - 0.0288 - - 1769544047.412290812 1769544047.441076279 0
Jan 27 20:00:47 standalone container-server[130561]: 172.20.0.100 - - [27/Jan/2026:20:00:47 +0000] "HEAD /d1/905/AUTH_b428c619f3214c978c153235e9eb68d9/gnocchi.7b4395c7-6b35-420f-8fb8-4cf8e58e6d05" 204 - "HEAD http://172.18.0.2:8080/v1/AUTH_b428c619f3214c978c153235e9eb68d9/gnocchi.7b4395c7-6b35-420f-8fb8-4cf8e58e6d05?format=json&states=listing" "txf02ad5ee925d460c93558-006979196f" "proxy-server 20" 0.0011 "-" 23 0
Jan 27 20:00:47 standalone proxy-server[132624]: - - 27/Jan/2026/20/00/47 HEAD /v1/AUTH_b428c619f3214c978c153235e9eb68d9/gnocchi.7b4395c7-6b35-420f-8fb8-4cf8e58e6d05%3Fformat%3Djson%26states%3Dlisting HTTP/1.0 204 - Swift - - - - txf02ad5ee925d460c93558-006979196f - 0.0051 RL - 1769544047.445891142 1769544047.450986862 0
Jan 27 20:00:47 standalone container-server[130561]: 172.20.0.100 - - [27/Jan/2026:20:00:47 +0000] "GET /d1/905/AUTH_b428c619f3214c978c153235e9eb68d9/gnocchi.7b4395c7-6b35-420f-8fb8-4cf8e58e6d05" 200 2 "GET http://172.18.0.2:8080/v1/AUTH_b428c619f3214c978c153235e9eb68d9/gnocchi.7b4395c7-6b35-420f-8fb8-4cf8e58e6d05?format=json&states=listing" "txf02ad5ee925d460c93558-006979196f" "proxy-server 20" 0.0021 "-" 23 0
Jan 27 20:00:47 standalone proxy-server[132624]: 172.18.0.2 172.18.0.100 27/Jan/2026/20/00/47 GET /v1/AUTH_b428c619f3214c978c153235e9eb68d9/gnocchi.7b4395c7-6b35-420f-8fb8-4cf8e58e6d05%3Fformat%3Djson%26states%3Dlisting HTTP/1.0 200 - python-swiftclient-3.11.1 gAAAAABpeRjYyAct... - 2 - txf02ad5ee925d460c93558-006979196f - 0.0148 - - 1769544047.444744110 1769544047.459575891 0
Jan 27 20:00:47 standalone object-server[130814]: 172.20.0.100 - - [27/Jan/2026:20:00:47 +0000] "GET /d1/812/AUTH_b428c619f3214c978c153235e9eb68d9/gnocchi.7b4395c7-6b35-420f-8fb8-4cf8e58e6d05/1769040000.0_mean_300.0_v3" 404 70 "GET http://172.18.0.2:8080/v1/AUTH_b428c619f3214c978c153235e9eb68d9/gnocchi.7b4395c7-6b35-420f-8fb8-4cf8e58e6d05/1769040000.0_mean_300.0_v3" "tx8b9fada60efc421aaef12-006979196f" "proxy-server 20" 0.0005 "-" 25 0
Jan 27 20:00:47 standalone proxy-server[132624]: 172.18.0.2 172.18.0.100 27/Jan/2026/20/00/47 GET /v1/AUTH_b428c619f3214c978c153235e9eb68d9/gnocchi.7b4395c7-6b35-420f-8fb8-4cf8e58e6d05/1769040000.0_mean_300.0_v3 HTTP/1.0 404 - python-swiftclient-3.11.1 gAAAAABpeRjYyAct... - 70 - tx8b9fada60efc421aaef12-006979196f - 0.0064 - - 1769544047.463989258 1769544047.470408201 0
Jan 27 20:00:47 standalone container-server[130561]: 172.20.0.100 - - [27/Jan/2026:20:00:47 +0000] "PUT /d1/905/AUTH_b428c619f3214c978c153235e9eb68d9/gnocchi.7b4395c7-6b35-420f-8fb8-4cf8e58e6d05/1769040000.0_mean_300.0_v3" 201 - "PUT http://172.18.0.2:8080/d1/812/AUTH_b428c619f3214c978c153235e9eb68d9/gnocchi.7b4395c7-6b35-420f-8fb8-4cf8e58e6d05/1769040000.0_mean_300.0_v3" "tx4b06bc5d2ec74376b82b6-006979196f" "object-server 24" 0.0007 "-" 23 0
Jan 27 20:00:47 standalone object-server[130810]: 172.20.0.100 - - [27/Jan/2026:20:00:47 +0000] "PUT /d1/812/AUTH_b428c619f3214c978c153235e9eb68d9/gnocchi.7b4395c7-6b35-420f-8fb8-4cf8e58e6d05/1769040000.0_mean_300.0_v3" 201 - "PUT http://172.18.0.2:8080/v1/AUTH_b428c619f3214c978c153235e9eb68d9/gnocchi.7b4395c7-6b35-420f-8fb8-4cf8e58e6d05/1769040000.0_mean_300.0_v3" "tx4b06bc5d2ec74376b82b6-006979196f" "proxy-server 20" 0.0209 "-" 24 0
Jan 27 20:00:47 standalone proxy-server[132624]: 172.18.0.2 172.18.0.100 27/Jan/2026/20/00/47 PUT /v1/AUTH_b428c619f3214c978c153235e9eb68d9/gnocchi.7b4395c7-6b35-420f-8fb8-4cf8e58e6d05/1769040000.0_mean_300.0_v3 HTTP/1.0 201 - python-swiftclient-3.11.1 gAAAAABpeRjYyAct... 16 - - tx4b06bc5d2ec74376b82b6-006979196f - 0.0267 - - 1769544047.474095583 1769544047.500836134 0
Jan 27 20:00:47 standalone container-server[130561]: 172.20.0.100 - - [27/Jan/2026:20:00:47 +0000] "PUT /d1/905/AUTH_b428c619f3214c978c153235e9eb68d9/gnocchi.7b4395c7-6b35-420f-8fb8-4cf8e58e6d05/none_v3" 201 - "PUT http://172.18.0.2:8080/d1/185/AUTH_b428c619f3214c978c153235e9eb68d9/gnocchi.7b4395c7-6b35-420f-8fb8-4cf8e58e6d05/none_v3" "txd0ea8edb57c44d789d651-006979196f" "object-server 25" 0.0005 "-" 23 0
Jan 27 20:00:47 standalone object-server[130814]: 172.20.0.100 - - [27/Jan/2026:20:00:47 +0000] "PUT /d1/185/AUTH_b428c619f3214c978c153235e9eb68d9/gnocchi.7b4395c7-6b35-420f-8fb8-4cf8e58e6d05/none_v3" 201 - "PUT http://172.18.0.2:8080/v1/AUTH_b428c619f3214c978c153235e9eb68d9/gnocchi.7b4395c7-6b35-420f-8fb8-4cf8e58e6d05/none_v3" "txd0ea8edb57c44d789d651-006979196f" "proxy-server 20" 0.0094 "-" 25 0
Jan 27 20:00:47 standalone proxy-server[132624]: 172.18.0.2 172.18.0.100 27/Jan/2026/20/00/47 PUT /v1/AUTH_b428c619f3214c978c153235e9eb68d9/gnocchi.7b4395c7-6b35-420f-8fb8-4cf8e58e6d05/none_v3 HTTP/1.0 201 - python-swiftclient-3.11.1 gAAAAABpeRjYyAct... 22 - - txd0ea8edb57c44d789d651-006979196f - 0.0155 - - 1769544047.504430294 1769544047.519976616 0
Jan 27 20:00:52 standalone object-server[130807]: 172.20.0.100 - - [27/Jan/2026:20:00:52 +0000] "GET /d1/185/AUTH_b428c619f3214c978c153235e9eb68d9/gnocchi.7b4395c7-6b35-420f-8fb8-4cf8e58e6d05/none_v3" 200 22 "GET http://172.18.0.2:8080/v1/AUTH_b428c619f3214c978c153235e9eb68d9/gnocchi.7b4395c7-6b35-420f-8fb8-4cf8e58e6d05/none_v3" "tx18075b49ed3f4e349cc2a-0069791974" "proxy-server 20" 0.0010 "-" 22 0
Jan 27 20:00:52 standalone proxy-server[132624]: 172.18.0.2 172.18.0.100 27/Jan/2026/20/00/52 GET /v1/AUTH_b428c619f3214c978c153235e9eb68d9/gnocchi.7b4395c7-6b35-420f-8fb8-4cf8e58e6d05/none_v3 HTTP/1.0 200 - python-swiftclient-3.11.1 gAAAAABpeRjYyAct... - 22 - tx18075b49ed3f4e349cc2a-0069791974 - 0.0095 - - 1769544052.498129368 1769544052.507620335 0
Jan 27 20:00:52 standalone container-server[130536]: 172.20.0.100 - - [27/Jan/2026:20:00:52 +0000] "GET /d1/905/AUTH_b428c619f3214c978c153235e9eb68d9/gnocchi.7b4395c7-6b35-420f-8fb8-4cf8e58e6d05" 200 357 "GET http://172.18.0.2:8080/v1/AUTH_b428c619f3214c978c153235e9eb68d9/gnocchi.7b4395c7-6b35-420f-8fb8-4cf8e58e6d05?format=json&states=listing" "tx32b8a815cd464daa86ab2-0069791974" "proxy-server 20" 0.0167 "-" 19 0
Jan 27 20:00:52 standalone proxy-server[132624]: 172.18.0.2 172.18.0.100 27/Jan/2026/20/00/52 GET /v1/AUTH_b428c619f3214c978c153235e9eb68d9/gnocchi.7b4395c7-6b35-420f-8fb8-4cf8e58e6d05%3Fformat%3Djson%26states%3Dlisting HTTP/1.0 200 - python-swiftclient-3.11.1 gAAAAABpeRjYyAct... - 357 - tx32b8a815cd464daa86ab2-0069791974 - 0.0261 - - 1769544052.511802673 1769544052.537944555 0
Jan 27 20:00:52 standalone container-server[130536]: 172.20.0.100 - - [27/Jan/2026:20:00:52 +0000] "GET /d1/905/AUTH_b428c619f3214c978c153235e9eb68d9/gnocchi.7b4395c7-6b35-420f-8fb8-4cf8e58e6d05" 200 2 "GET http://172.18.0.2:8080/v1/AUTH_b428c619f3214c978c153235e9eb68d9/gnocchi.7b4395c7-6b35-420f-8fb8-4cf8e58e6d05?format=json&marker=none_v3&states=listing" "txc18f3076cf9c492ea0ce2-0069791974" "proxy-server 20" 0.0023 "-" 19 0
Jan 27 20:00:52 standalone proxy-server[132624]: 172.18.0.2 172.18.0.100 27/Jan/2026/20/00/52 GET /v1/AUTH_b428c619f3214c978c153235e9eb68d9/gnocchi.7b4395c7-6b35-420f-8fb8-4cf8e58e6d05%3Fformat%3Djson%26marker%3Dnone_v3%26states%3Dlisting HTTP/1.0 200 - python-swiftclient-3.11.1 gAAAAABpeRjYyAct... - 2 - txc18f3076cf9c492ea0ce2-0069791974 - 0.0083 - - 1769544052.541181326 1769544052.549479961 0
Jan 27 20:00:52 standalone object-server[130810]: 172.20.0.100 - - [27/Jan/2026:20:00:52 +0000] "GET /d1/812/AUTH_b428c619f3214c978c153235e9eb68d9/gnocchi.7b4395c7-6b35-420f-8fb8-4cf8e58e6d05/1769040000.0_mean_300.0_v3" 200 16 "GET http://172.18.0.2:8080/v1/AUTH_b428c619f3214c978c153235e9eb68d9/gnocchi.7b4395c7-6b35-420f-8fb8-4cf8e58e6d05/1769040000.0_mean_300.0_v3" "tx24ff95b6291e4274b205e-0069791974" "proxy-server 20" 0.0007 "-" 24 0
Jan 27 20:00:52 standalone proxy-server[132624]: 172.18.0.2 172.18.0.100 27/Jan/2026/20/00/52 GET /v1/AUTH_b428c619f3214c978c153235e9eb68d9/gnocchi.7b4395c7-6b35-420f-8fb8-4cf8e58e6d05/1769040000.0_mean_300.0_v3 HTTP/1.0 200 - python-swiftclient-3.11.1 gAAAAABpeRjYyAct... - 16 - tx24ff95b6291e4274b205e-0069791974 - 0.0060 - - 1769544052.552919626 1769544052.558950186 0
Jan 27 20:00:52 standalone container-server[130560]: 172.20.0.100 - - [27/Jan/2026:20:00:52 +0000] "PUT /d1/905/AUTH_b428c619f3214c978c153235e9eb68d9/gnocchi.7b4395c7-6b35-420f-8fb8-4cf8e58e6d05/1769040000.0_mean_300.0_v3" 201 - "PUT http://172.18.0.2:8080/d1/812/AUTH_b428c619f3214c978c153235e9eb68d9/gnocchi.7b4395c7-6b35-420f-8fb8-4cf8e58e6d05/1769040000.0_mean_300.0_v3" "txfc6bfaedef594b639413e-0069791974" "object-server 24" 0.0011 "-" 22 0
Jan 27 20:00:52 standalone object-server[130810]: 172.20.0.100 - - [27/Jan/2026:20:00:52 +0000] "PUT /d1/812/AUTH_b428c619f3214c978c153235e9eb68d9/gnocchi.7b4395c7-6b35-420f-8fb8-4cf8e58e6d05/1769040000.0_mean_300.0_v3" 201 - "PUT http://172.18.0.2:8080/v1/AUTH_b428c619f3214c978c153235e9eb68d9/gnocchi.7b4395c7-6b35-420f-8fb8-4cf8e58e6d05/1769040000.0_mean_300.0_v3" "txfc6bfaedef594b639413e-0069791974" "proxy-server 20" 0.0109 "-" 24 0
Jan 27 20:00:52 standalone proxy-server[132624]: 172.18.0.2 172.18.0.100 27/Jan/2026/20/00/52 PUT /v1/AUTH_b428c619f3214c978c153235e9eb68d9/gnocchi.7b4395c7-6b35-420f-8fb8-4cf8e58e6d05/1769040000.0_mean_300.0_v3 HTTP/1.0 201 - python-swiftclient-3.11.1 gAAAAABpeRjYyAct... 16 - - txfc6bfaedef594b639413e-0069791974 - 0.0154 - - 1769544052.562050343 1769544052.577438116 0
Jan 27 20:00:52 standalone container-server[130540]: 172.20.0.100 - - [27/Jan/2026:20:00:52 +0000] "PUT /d1/905/AUTH_b428c619f3214c978c153235e9eb68d9/gnocchi.7b4395c7-6b35-420f-8fb8-4cf8e58e6d05/none_v3" 201 - "PUT http://172.18.0.2:8080/d1/185/AUTH_b428c619f3214c978c153235e9eb68d9/gnocchi.7b4395c7-6b35-420f-8fb8-4cf8e58e6d05/none_v3" "txf94ca11c0ba840a1be488-0069791974" "object-server 23" 0.0007 "-" 20 0
Jan 27 20:00:52 standalone object-server[130809]: 172.20.0.100 - - [27/Jan/2026:20:00:52 +0000] "PUT /d1/185/AUTH_b428c619f3214c978c153235e9eb68d9/gnocchi.7b4395c7-6b35-420f-8fb8-4cf8e58e6d05/none_v3" 201 - "PUT http://172.18.0.2:8080/v1/AUTH_b428c619f3214c978c153235e9eb68d9/gnocchi.7b4395c7-6b35-420f-8fb8-4cf8e58e6d05/none_v3" "txf94ca11c0ba840a1be488-0069791974" "proxy-server 20" 0.0131 "-" 23 0
Jan 27 20:00:52 standalone proxy-server[132624]: 172.18.0.2 172.18.0.100 27/Jan/2026/20/00/52 PUT /v1/AUTH_b428c619f3214c978c153235e9eb68d9/gnocchi.7b4395c7-6b35-420f-8fb8-4cf8e58e6d05/none_v3 HTTP/1.0 201 - python-swiftclient-3.11.1 gAAAAABpeRjYyAct... 32 - - txf94ca11c0ba840a1be488-0069791974 - 0.0195 - - 1769544052.580186129 1769544052.599658012 0
Jan 27 20:01:24 standalone account-server[130441]: 172.20.0.100 - - [27/Jan/2026:20:01:24 +0000] "HEAD /d1/794/.expiring_objects" 404 - "HEAD http://localhost/v1/.expiring_objects?format=json" "txbd498d30068e4fd8894f7-0069791994" "proxy-server 2" 0.0006 "-" 22 -
Jan 27 20:01:24 standalone object-expirer[130610]: Pass completed in 0s; 0 objects expired (txn: txbd498d30068e4fd8894f7-0069791994)
Jan 27 20:01:56 standalone container-server[130231]: Begin container update sweep
Jan 27 20:01:56 standalone account-server[130426]: 172.20.0.100 - - [27/Jan/2026:20:01:56 +0000] "PUT /d1/225/AUTH_b428c619f3214c978c153235e9eb68d9/gnocchi.93a4d19c-335d-48f7-9506-7ba9b9706f39" 201 - "-" "-" "container-updater 2" 0.0011 "-" 20 0
Jan 27 20:01:56 standalone account-server[130430]: 172.20.0.100 - - [27/Jan/2026:20:01:56 +0000] "PUT /d1/225/AUTH_b428c619f3214c978c153235e9eb68d9/gnocchi.7b4395c7-6b35-420f-8fb8-4cf8e58e6d05" 201 - "-" "-" "container-updater 2" 0.0008 "-" 21 0
Jan 27 20:01:56 standalone account-server[130441]: 172.20.0.100 - - [27/Jan/2026:20:01:56 +0000] "PUT /d1/225/AUTH_b428c619f3214c978c153235e9eb68d9/gnocchi.ccf402b4-b7d9-414c-8373-4f6e059f1039" 201 - "-" "-" "container-updater 2" 0.0008 "-" 22 0
Jan 27 20:01:56 standalone account-server[130441]: 172.20.0.100 - - [27/Jan/2026:20:01:56 +0000] "PUT /d1/225/AUTH_b428c619f3214c978c153235e9eb68d9/gnocchi.8d450f71-adf7-4a74-9e6e-2d35b623b00c" 201 - "-" "-" "container-updater 2" 0.0006 "-" 22 0
Jan 27 20:01:57 standalone account-server[130430]: 172.20.0.100 - - [27/Jan/2026:20:01:57 +0000] "PUT /d1/225/AUTH_b428c619f3214c978c153235e9eb68d9/gnocchi.4c47417b-bd49-4c62-a5af-94f338ae5f61" 201 - "-" "-" "container-updater 2" 0.0005 "-" 21 0
Jan 27 20:01:57 standalone account-server[130426]: 172.20.0.100 - - [27/Jan/2026:20:01:57 +0000] "PUT /d1/225/AUTH_b428c619f3214c978c153235e9eb68d9/gnocchi.c080fc3a-9920-4c5f-9fc5-7976ab2edf77" 201 - "-" "-" "container-updater 2" 0.0005 "-" 20 0
Jan 27 20:01:57 standalone account-server[130426]: 172.20.0.100 - - [27/Jan/2026:20:01:57 +0000] "PUT /d1/225/AUTH_b428c619f3214c978c153235e9eb68d9/gnocchi.10a5b896-b2e4-4b9c-80b6-83db82f43190" 201 - "-" "-" "container-updater 2" 0.0005 "-" 20 0
Jan 27 20:01:57 standalone account-server[130452]: 172.20.0.100 - - [27/Jan/2026:20:01:57 +0000] "PUT /d1/225/AUTH_b428c619f3214c978c153235e9eb68d9/gnocchi.c9790408-f7ff-4799-8ce0-55116052fab1" 201 - "-" "-" "container-updater 2" 0.0005 "-" 23 0
Jan 27 20:01:57 standalone account-server[130426]: 172.20.0.100 - - [27/Jan/2026:20:01:57 +0000] "PUT /d1/225/AUTH_b428c619f3214c978c153235e9eb68d9/gnocchi.85fbf657-d7ab-4dcc-8fd1-c10f7aa519d9" 201 - "-" "-" "container-updater 2" 0.0004 "-" 20 0
Jan 27 20:01:57 standalone account-server[130452]: 172.20.0.100 - - [27/Jan/2026:20:01:57 +0000] "PUT /d1/225/AUTH_b428c619f3214c978c153235e9eb68d9/gnocchi.8ca52f8d-7d44-4bbe-a4d4-6d69c2810955" 201 - "-" "-" "container-updater 2" 0.0004 "-" 23 0
Jan 27 20:01:57 standalone account-server[130452]: 172.20.0.100 - - [27/Jan/2026:20:01:57 +0000] "PUT /d1/225/AUTH_b428c619f3214c978c153235e9eb68d9/gnocchi.bbeec575-7440-40c6-bd27-d3710feda97d" 201 - "-" "-" "container-updater 2" 0.0004 "-" 23 0
Jan 27 20:01:57 standalone account-server[130430]: 172.20.0.100 - - [27/Jan/2026:20:01:57 +0000] "PUT /d1/225/AUTH_b428c619f3214c978c153235e9eb68d9/gnocchi.e0919438-a840-4959-be56-80cf8315d432" 201 - "-" "-" "container-updater 2" 0.0303 "-" 21 0
Jan 27 20:01:57 standalone account-server[130441]: 172.20.0.100 - - [27/Jan/2026:20:01:57 +0000] "PUT /d1/225/AUTH_b428c619f3214c978c153235e9eb68d9/gnocchi.e6495f68-acda-439a-9a97-0a7c3a11244c" 201 - "-" "-" "container-updater 2" 0.0005 "-" 22 0
Jan 27 20:01:57 standalone account-server[130426]: 172.20.0.100 - - [27/Jan/2026:20:01:57 +0000] "PUT /d1/225/AUTH_b428c619f3214c978c153235e9eb68d9/gnocchi.e3e61232-09a1-4322-a82f-92db5bf50b91" 201 - "-" "-" "container-updater 2" 0.0005 "-" 20 0
Jan 27 20:01:57 standalone account-server[130441]: 172.20.0.100 - - [27/Jan/2026:20:01:57 +0000] "PUT /d1/225/AUTH_b428c619f3214c978c153235e9eb68d9/gnocchi.b3c2e412-9aa9-4060-9ebd-452d90b04f1f" 201 - "-" "-" "container-updater 2" 0.0007 "-" 22 0
Jan 27 20:01:57 standalone account-server[130441]: 172.20.0.100 - - [27/Jan/2026:20:01:57 +0000] "PUT /d1/225/AUTH_b428c619f3214c978c153235e9eb68d9/gnocchi.be05f782-d08f-45eb-b16b-9254912e4467" 201 - "-" "-" "container-updater 2" 0.0004 "-" 22 0
Jan 27 20:01:58 standalone account-server[130426]: 172.20.0.100 - - [27/Jan/2026:20:01:58 +0000] "PUT /d1/225/AUTH_b428c619f3214c978c153235e9eb68d9/gnocchi.146fc2c6-de99-4406-88bc-2ce1a3ed6c17" 201 - "-" "-" "container-updater 2" 0.0006 "-" 20 0
Jan 27 20:01:58 standalone account-server[130426]: 172.20.0.100 - - [27/Jan/2026:20:01:58 +0000] "PUT /d1/225/AUTH_b428c619f3214c978c153235e9eb68d9/gnocchi.79cfabfc-24fc-4590-8f42-d5c225044773" 201 - "-" "-" "container-updater 2" 0.0005 "-" 20 0
Jan 27 20:01:58 standalone account-server[130441]: 172.20.0.100 - - [27/Jan/2026:20:01:58 +0000] "PUT /d1/225/AUTH_b428c619f3214c978c153235e9eb68d9/gnocchi.cffa3811-4287-4d7f-b1db-c12c9e5accfe" 201 - "-" "-" "container-updater 2" 0.0005 "-" 22 0
Jan 27 20:01:58 standalone account-server[130430]: 172.20.0.100 - - [27/Jan/2026:20:01:58 +0000] "PUT /d1/225/AUTH_b428c619f3214c978c153235e9eb68d9/gnocchi.88e62c19-353b-4398-b8fb-757216131c0d" 201 - "-" "-" "container-updater 2" 0.0005 "-" 21 0
Jan 27 20:01:58 standalone account-server[130441]: 172.20.0.100 - - [27/Jan/2026:20:01:58 +0000] "PUT /d1/225/AUTH_b428c619f3214c978c153235e9eb68d9/gnocchi.652283c0-a65c-4097-b9ed-460b2f537e07" 201 - "-" "-" "container-updater 2" 0.0009 "-" 22 0
Jan 27 20:01:58 standalone account-server[130441]: 172.20.0.100 - - [27/Jan/2026:20:01:58 +0000] "PUT /d1/225/AUTH_b428c619f3214c978c153235e9eb68d9/gnocchi.4ff41c15-ef9e-4276-8d63-dd95d8d5fb9c" 201 - "-" "-" "container-updater 2" 0.0005 "-" 22 0
Jan 27 20:01:58 standalone account-server[130430]: 172.20.0.100 - - [27/Jan/2026:20:01:58 +0000] "PUT /d1/225/AUTH_b428c619f3214c978c153235e9eb68d9/gnocchi.eb400da3-3451-42f8-a1f4-4a11d6f00e54" 201 - "-" "-" "container-updater 2" 0.0007 "-" 21 0
Jan 27 20:01:58 standalone account-server[130426]: 172.20.0.100 - - [27/Jan/2026:20:01:58 +0000] "PUT /d1/225/AUTH_b428c619f3214c978c153235e9eb68d9/gnocchi.0d4a211c-e733-41a1-a596-4ab5860a3fab" 201 - "-" "-" "container-updater 2" 0.0005 "-" 20 0
Jan 27 20:01:58 standalone account-server[130452]: 172.20.0.100 - - [27/Jan/2026:20:01:58 +0000] "PUT /d1/225/AUTH_b428c619f3214c978c153235e9eb68d9/gnocchi.958718f3-0ad9-45a5-b628-4949db07cc68" 201 - "-" "-" "container-updater 2" 0.0006 "-" 23 0
Jan 27 20:01:58 standalone account-server[130426]: 172.20.0.100 - - [27/Jan/2026:20:01:58 +0000] "PUT /d1/225/AUTH_b428c619f3214c978c153235e9eb68d9/gnocchi.f255014d-194a-4a87-89a6-b9d4ab4060a7" 201 - "-" "-" "container-updater 2" 0.0005 "-" 20 0
Jan 27 20:01:59 standalone account-server[130426]: 172.20.0.100 - - [27/Jan/2026:20:01:59 +0000] "PUT /d1/225/AUTH_b428c619f3214c978c153235e9eb68d9/gnocchi.b146231c-4f7e-472b-a43e-e82e98f4fe89" 201 - "-" "-" "container-updater 2" 0.0006 "-" 20 0
Jan 27 20:01:59 standalone account-server[130452]: 172.20.0.100 - - [27/Jan/2026:20:01:59 +0000] "PUT /d1/225/AUTH_b428c619f3214c978c153235e9eb68d9/gnocchi.8dc64262-eb1a-4e66-93af-1b32b6475ac3" 201 - "-" "-" "container-updater 2" 0.0004 "-" 23 0
Jan 27 20:01:59 standalone account-server[130430]: 172.20.0.100 - - [27/Jan/2026:20:01:59 +0000] "PUT /d1/225/AUTH_b428c619f3214c978c153235e9eb68d9/gnocchi.62f7a163-40cd-464c-b32e-70b771432765" 201 - "-" "-" "container-updater 2" 0.0006 "-" 21 0
Jan 27 20:01:59 standalone account-server[130452]: 172.20.0.100 - - [27/Jan/2026:20:01:59 +0000] "PUT /d1/225/AUTH_b428c619f3214c978c153235e9eb68d9/gnocchi.d3e20a5b-5893-483e-bc08-51a163cd1bed" 201 - "-" "-" "container-updater 2" 0.0004 "-" 23 0
Jan 27 20:01:59 standalone account-server[130426]: 172.20.0.100 - - [27/Jan/2026:20:01:59 +0000] "PUT /d1/225/AUTH_b428c619f3214c978c153235e9eb68d9/gnocchi.d00a4476-cdfe-490d-9a83-8f390b8872e8" 201 - "-" "-" "container-updater 2" 0.0006 "-" 20 0
Jan 27 20:01:59 standalone account-server[130430]: 172.20.0.100 - - [27/Jan/2026:20:01:59 +0000] "PUT /d1/225/AUTH_b428c619f3214c978c153235e9eb68d9/gnocchi.6306b366-571f-417c-9f74-aec62008faed" 201 - "-" "-" "container-updater 2" 0.0005 "-" 21 0
Jan 27 20:01:59 standalone account-server[130430]: 172.20.0.100 - - [27/Jan/2026:20:01:59 +0000] "PUT /d1/225/AUTH_b428c619f3214c978c153235e9eb68d9/gnocchi.cca921e2-738e-474d-99e5-53e18cb8eb9b" 201 - "-" "-" "container-updater 2" 0.0007 "-" 21 0
Jan 27 20:02:00 standalone account-server[130426]: 172.20.0.100 - - [27/Jan/2026:20:02:00 +0000] "PUT /d1/225/AUTH_b428c619f3214c978c153235e9eb68d9/gnocchi.30888698-e649-451f-8fec-5d7a60af2971" 201 - "-" "-" "container-updater 2" 0.0008 "-" 20 0
Jan 27 20:02:00 standalone account-server[130441]: 172.20.0.100 - - [27/Jan/2026:20:02:00 +0000] "PUT /d1/225/AUTH_b428c619f3214c978c153235e9eb68d9/gnocchi.a5c9d13d-45e2-403e-8207-4cc96da1c6b8" 201 - "-" "-" "container-updater 2" 0.0005 "-" 22 0
Jan 27 20:02:00 standalone container-server[130231]: Container update sweep completed: 3.60s
Jan 27 20:02:03 standalone object-server[130676]: Begin object update sweep
Jan 27 20:02:03 standalone object-server[253482]: Object update sweep starting on /srv/node/d1 (pid: 15)
Jan 27 20:02:03 standalone object-server[253482]: Object update sweep completed on /srv/node/d1 in 0.00s seconds:, 0 successes, 0 failures, 0 quarantines, 0 unlinks, 0 errors, 0 redirects (pid: 15)
Jan 27 20:02:03 standalone object-server[253482]: Object update sweep of d1 completed: 0.00s, 0 successes, 0 failures, 0 quarantines, 0 unlinks, 0 errors, 0 redirects
Jan 27 20:02:03 standalone object-server[130676]: Object update sweep completed: 0.07s
Jan 27 20:04:21 standalone account-server[130441]: 172.20.0.100 - - [27/Jan/2026:20:04:21 +0000] "HEAD /d1/794/.expiring_objects" 404 - "HEAD http://localhost/v1/.expiring_objects?format=json" "txae38936f9b0b4b10bfe47-0069791a45" "proxy-server 2" 0.0008 "-" 22 -
Jan 27 20:04:21 standalone object-expirer[130610]: Pass completed in 0s; 0 objects expired (txn: txae38936f9b0b4b10bfe47-0069791a45)
Jan 27 20:06:56 standalone container-server[130231]: Begin container update sweep
Jan 27 20:06:58 standalone container-server[130231]: Container update sweep completed: 2.19s
Jan 27 20:07:03 standalone object-server[130676]: Begin object update sweep
Jan 27 20:07:03 standalone object-server[285391]: Object update sweep starting on /srv/node/d1 (pid: 16)
Jan 27 20:07:03 standalone object-server[285391]: Object update sweep completed on /srv/node/d1 in 0.00s seconds:, 0 successes, 0 failures, 0 quarantines, 0 unlinks, 0 errors, 0 redirects (pid: 16)
Jan 27 20:07:03 standalone object-server[285391]: Object update sweep of d1 completed: 0.00s, 0 successes, 0 failures, 0 quarantines, 0 unlinks, 0 errors, 0 redirects
Jan 27 20:07:03 standalone object-server[130676]: Object update sweep completed: 0.08s
Jan 27 20:08:12 standalone account-server[130426]: 172.20.0.100 - - [27/Jan/2026:20:08:12 +0000] "HEAD /d1/794/.expiring_objects" 404 - "HEAD http://localhost/v1/.expiring_objects?format=json" "tx6f1b8bf203654e3198594-0069791b2c" "proxy-server 2" 0.0004 "-" 20 -
Jan 27 20:08:12 standalone object-expirer[130610]: Pass completed in 0s; 0 objects expired (txn: tx6f1b8bf203654e3198594-0069791b2c)
Jan 27 20:08:13 standalone account-server[130441]: 172.20.0.100 - - [27/Jan/2026:20:08:13 +0000] "HEAD /d1/794/.expiring_objects" 404 - "HEAD http://localhost/v1/.expiring_objects?format=json" "tx9500328e8a6b466cab277-0069791b2d" "proxy-server 2" 0.0005 "-" 22 -
Jan 27 20:08:13 standalone object-expirer[130610]: Pass completed in 0s; 0 objects expired (txn: tx9500328e8a6b466cab277-0069791b2d)
Jan 27 20:09:16 standalone account-server[130426]: 172.20.0.100 - - [27/Jan/2026:20:09:16 +0000] "HEAD /d1/794/.expiring_objects" 404 - "HEAD http://localhost/v1/.expiring_objects?format=json" "tx5d44dd966a534417a2cc8-0069791b6c" "proxy-server 2" 0.0008 "-" 20 -
Jan 27 20:09:16 standalone object-expirer[130610]: Pass completed in 0s; 0 objects expired (txn: tx5d44dd966a534417a2cc8-0069791b6c)
Jan 27 20:11:20 standalone account-server[130430]: 172.20.0.100 - - [27/Jan/2026:20:11:20 +0000] "HEAD /d1/794/.expiring_objects" 404 - "HEAD http://localhost/v1/.expiring_objects?format=json" "tx64768347dd56411da83cb-0069791be8" "proxy-server 2" 0.0007 "-" 21 -
Jan 27 20:11:20 standalone object-expirer[130610]: Pass completed in 0s; 0 objects expired (txn: tx64768347dd56411da83cb-0069791be8)
Jan 27 20:11:56 standalone container-server[130231]: Begin container update sweep
Jan 27 20:11:58 standalone container-server[130231]: Container update sweep completed: 1.94s
Jan 27 20:12:03 standalone object-server[130676]: Begin object update sweep
Jan 27 20:12:03 standalone object-server[309329]: Object update sweep starting on /srv/node/d1 (pid: 17)
Jan 27 20:12:03 standalone object-server[309329]: Object update sweep completed on /srv/node/d1 in 0.00s seconds:, 0 successes, 0 failures, 0 quarantines, 0 unlinks, 0 errors, 0 redirects (pid: 17)
Jan 27 20:12:03 standalone object-server[309329]: Object update sweep of d1 completed: 0.00s, 0 successes, 0 failures, 0 quarantines, 0 unlinks, 0 errors, 0 redirects
Jan 27 20:12:03 standalone object-server[130676]: Object update sweep completed: 0.08s
Jan 27 20:13:51 standalone account-server[130426]: 172.20.0.100 - - [27/Jan/2026:20:13:51 +0000] "HEAD /d1/794/.expiring_objects" 404 - "HEAD http://localhost/v1/.expiring_objects?format=json" "txfd0e87b88afc426b8d734-0069791c7f" "proxy-server 2" 0.0009 "-" 20 -
Jan 27 20:13:51 standalone object-expirer[130610]: Pass completed in 0s; 0 objects expired (txn: txfd0e87b88afc426b8d734-0069791c7f)
Jan 27 20:16:56 standalone container-server[130231]: Begin container update sweep
Jan 27 20:16:59 standalone container-server[130231]: Container update sweep completed: 2.31s
Jan 27 20:17:03 standalone object-server[130676]: Begin object update sweep
Jan 27 20:17:03 standalone object-server[332951]: Object update sweep starting on /srv/node/d1 (pid: 18)
Jan 27 20:17:03 standalone object-server[332951]: Object update sweep completed on /srv/node/d1 in 0.00s seconds:, 0 successes, 0 failures, 0 quarantines, 0 unlinks, 0 errors, 0 redirects (pid: 18)
Jan 27 20:17:03 standalone object-server[332951]: Object update sweep of d1 completed: 0.00s, 0 successes, 0 failures, 0 quarantines, 0 unlinks, 0 errors, 0 redirects
Jan 27 20:17:03 standalone object-server[130676]: Object update sweep completed: 0.08s
Jan 27 20:17:44 standalone account-server[130452]: 172.20.0.100 - - [27/Jan/2026:20:17:44 +0000] "HEAD /d1/794/.expiring_objects" 404 - "HEAD http://localhost/v1/.expiring_objects?format=json" "tx53c65eca826f49faa3356-0069791d68" "proxy-server 2" 0.0007 "-" 23 -
Jan 27 20:17:44 standalone object-expirer[130610]: Pass completed in 0s; 0 objects expired (txn: tx53c65eca826f49faa3356-0069791d68)
Jan 27 20:21:57 standalone container-server[130231]: Begin container update sweep
Jan 27 20:21:59 standalone container-server[130231]: Container update sweep completed: 2.25s
Jan 27 20:22:02 standalone account-server[130430]: 172.20.0.100 - - [27/Jan/2026:20:22:02 +0000] "HEAD /d1/794/.expiring_objects" 404 - "HEAD http://localhost/v1/.expiring_objects?format=json" "txbad88a6553d841b683335-0069791e6a" "proxy-server 2" 0.0007 "-" 21 -
Jan 27 20:22:02 standalone object-expirer[130610]: Pass completed in 0s; 0 objects expired (txn: txbad88a6553d841b683335-0069791e6a)
Jan 27 20:22:03 standalone object-server[130676]: Begin object update sweep
Jan 27 20:22:03 standalone object-server[354244]: Object update sweep starting on /srv/node/d1 (pid: 19)
Jan 27 20:22:03 standalone object-server[354244]: Object update sweep completed on /srv/node/d1 in 0.00s seconds:, 0 successes, 0 failures, 0 quarantines, 0 unlinks, 0 errors, 0 redirects (pid: 19)
Jan 27 20:22:03 standalone object-server[354244]: Object update sweep of d1 completed: 0.00s, 0 successes, 0 failures, 0 quarantines, 0 unlinks, 0 errors, 0 redirects
Jan 27 20:22:03 standalone object-server[130676]: Object update sweep completed: 0.08s
Jan 27 20:26:45 standalone account-server[130441]: 172.20.0.100 - - [27/Jan/2026:20:26:45 +0000] "HEAD /d1/794/.expiring_objects" 404 - "HEAD http://localhost/v1/.expiring_objects?format=json" "txe212a901dbec4ca8be2c2-0069791f85" "proxy-server 2" 0.0006 "-" 22 -
Jan 27 20:26:45 standalone object-expirer[130610]: Pass completed in 0s; 0 objects expired (txn: txe212a901dbec4ca8be2c2-0069791f85)
Jan 27 20:26:57 standalone container-server[130231]: Begin container update sweep
Jan 27 20:26:58 standalone account-server[130426]: 172.20.0.100 - - [27/Jan/2026:20:26:58 +0000] "HEAD /d1/794/.expiring_objects" 404 - "HEAD http://localhost/v1/.expiring_objects?format=json" "txfa7405c5479b40148f421-0069791f92" "proxy-server 2" 0.0010 "-" 20 -
Jan 27 20:26:58 standalone object-expirer[130610]: Pass completed in 0s; 0 objects expired (txn: txfa7405c5479b40148f421-0069791f92)
Jan 27 20:26:58 standalone container-server[130231]: Container update sweep completed: 1.90s
Jan 27 20:27:03 standalone object-server[130676]: Begin object update sweep
Jan 27 20:27:03 standalone object-server[375321]: Object update sweep starting on /srv/node/d1 (pid: 20)
Jan 27 20:27:03 standalone object-server[375321]: Object update sweep completed on /srv/node/d1 in 0.00s seconds:, 0 successes, 0 failures, 0 quarantines, 0 unlinks, 0 errors, 0 redirects (pid: 20)
Jan 27 20:27:03 standalone object-server[375321]: Object update sweep of d1 completed: 0.00s, 0 successes, 0 failures, 0 quarantines, 0 unlinks, 0 errors, 0 redirects
Jan 27 20:27:03 standalone object-server[130676]: Object update sweep completed: 0.08s
Jan 27 20:31:26 standalone account-server[130430]: 172.20.0.100 - - [27/Jan/2026:20:31:26 +0000] "HEAD /d1/794/.expiring_objects" 404 - "HEAD http://localhost/v1/.expiring_objects?format=json" "txd6624405a623419a874c5-006979209e" "proxy-server 2" 0.0008 "-" 21 -
Jan 27 20:31:26 standalone object-expirer[130610]: Pass completed in 0s; 0 objects expired (txn: txd6624405a623419a874c5-006979209e)
Jan 27 20:31:57 standalone container-server[130231]: Begin container update sweep
Jan 27 20:31:59 standalone container-server[130231]: Container update sweep completed: 2.01s
Jan 27 20:32:03 standalone object-server[130676]: Begin object update sweep
Jan 27 20:32:03 standalone object-server[396616]: Object update sweep starting on /srv/node/d1 (pid: 21)
Jan 27 20:32:03 standalone object-server[396616]: Object update sweep completed on /srv/node/d1 in 0.00s seconds:, 0 successes, 0 failures, 0 quarantines, 0 unlinks, 0 errors, 0 redirects (pid: 21)
Jan 27 20:32:03 standalone object-server[396616]: Object update sweep of d1 completed: 0.00s, 0 successes, 0 failures, 0 quarantines, 0 unlinks, 0 errors, 0 redirects
Jan 27 20:32:03 standalone object-server[130676]: Object update sweep completed: 0.09s
Jan 27 20:34:31 standalone account-server[130452]: 172.20.0.100 - - [27/Jan/2026:20:34:31 +0000] "HEAD /d1/794/.expiring_objects" 404 - "HEAD http://localhost/v1/.expiring_objects?format=json" "tx33f2e3c8660e41399b660-0069792157" "proxy-server 2" 0.0006 "-" 23 -
Jan 27 20:34:31 standalone object-expirer[130610]: Pass completed in 0s; 0 objects expired (txn: tx33f2e3c8660e41399b660-0069792157)
Jan 27 20:36:53 standalone account-server[130441]: 172.20.0.100 - - [27/Jan/2026:20:36:53 +0000] "HEAD /d1/794/.expiring_objects" 404 - "HEAD http://localhost/v1/.expiring_objects?format=json" "tx313a5c37b06642a8bccef-00697921e5" "proxy-server 2" 0.0008 "-" 22 -
Jan 27 20:36:53 standalone object-expirer[130610]: Pass completed in 0s; 0 objects expired (txn: tx313a5c37b06642a8bccef-00697921e5)
Jan 27 20:36:57 standalone container-server[130231]: Begin container update sweep
Jan 27 20:36:59 standalone container-server[130231]: Container update sweep completed: 2.11s
Jan 27 20:37:03 standalone object-server[130676]: Begin object update sweep
Jan 27 20:37:03 standalone object-server[418043]: Object update sweep starting on /srv/node/d1 (pid: 22)
Jan 27 20:37:03 standalone object-server[418043]: Object update sweep completed on /srv/node/d1 in 0.00s seconds:, 0 successes, 0 failures, 0 quarantines, 0 unlinks, 0 errors, 0 redirects (pid: 22)
Jan 27 20:37:03 standalone object-server[418043]: Object update sweep of d1 completed: 0.00s, 0 successes, 0 failures, 0 quarantines, 0 unlinks, 0 errors, 0 redirects
Jan 27 20:37:04 standalone object-server[130676]: Object update sweep completed: 0.08s
Jan 27 20:37:53 standalone account-server[130441]: 172.20.0.100 - - [27/Jan/2026:20:37:53 +0000] "HEAD /d1/794/.expiring_objects" 404 - "HEAD http://localhost/v1/.expiring_objects?format=json" "tx6ef4056cebed40059fda0-0069792221" "proxy-server 2" 0.0008 "-" 22 -
Jan 27 20:37:53 standalone object-expirer[130610]: Pass completed in 0s; 0 objects expired (txn: tx6ef4056cebed40059fda0-0069792221)
