Jan 27 20:00:27 standalone proxy-server[132624]: 172.18.0.2 172.18.0.100 27/Jan/2026/20/00/27 GET /v1/AUTH_b428c619f3214c978c153235e9eb68d9/gnocchi.be05f782-d08f-45eb-b16b-9254912e4467/1769040000.0_mean_300.0_v3 HTTP/1.0 404 - python-swiftclient-3.11.1 gAAAAABpeRjYyAct... - 70 - txc558b3c520c04bf88f5d1-006979195b - 0.0056 - - 1769544027.601927280 1769544027.607484341 0
Jan 27 20:00:27 standalone container-server[130560]: 172.20.0.100 - - [27/Jan/2026:20:00:27 +0000] "PUT /d1/1022/AUTH_b428c619f3214c978c153235e9eb68d9/gnocchi.be05f782-d08f-45eb-b16b-9254912e4467/1769040000.0_mean_300.0_v3" 201 - "PUT http://172.18.0.2:8080/d1/1005/AUTH_b428c619f3214c978c153235e9eb68d9/gnocchi.be05f782-d08f-45eb-b16b-9254912e4467/1769040000.0_mean_300.0_v3" "tx860232e260a840f19374b-006979195b" "object-server 24" 0.0011 "-" 22 0
Jan 27 20:00:27 standalone object-server[130810]: 172.20.0.100 - - [27/Jan/2026:20:00:27 +0000] "PUT /d1/1005/AUTH_b428c619f3214c978c153235e9eb68d9/gnocchi.be05f782-d08f-45eb-b16b-9254912e4467/1769040000.0_mean_300.0_v3" 201 - "PUT http://172.18.0.2:8080/v1/AUTH_b428c619f3214c978c153235e9eb68d9/gnocchi.be05f782-d08f-45eb-b16b-9254912e4467/1769040000.0_mean_300.0_v3" "tx860232e260a840f19374b-006979195b" "proxy-server 20" 0.0112 "-" 24 0
Jan 27 20:00:27 standalone proxy-server[132624]: 172.18.0.2 172.18.0.100 27/Jan/2026/20/00/27 PUT /v1/AUTH_b428c619f3214c978c153235e9eb68d9/gnocchi.be05f782-d08f-45eb-b16b-9254912e4467/1769040000.0_mean_300.0_v3 HTTP/1.0 201 - python-swiftclient-3.11.1 gAAAAABpeRjYyAct... 16 - - tx860232e260a840f19374b-006979195b - 0.0172 - - 1769544027.610679150 1769544027.627846241 0
Jan 27 20:00:27 standalone container-server[130540]: 172.20.0.100 - - [27/Jan/2026:20:00:27 +0000] "PUT /d1/1022/AUTH_b428c619f3214c978c153235e9eb68d9/gnocchi.be05f782-d08f-45eb-b16b-9254912e4467/none_v3" 201 - "PUT http://172.18.0.2:8080/d1/840/AUTH_b428c619f3214c978c153235e9eb68d9/gnocchi.be05f782-d08f-45eb-b16b-9254912e4467/none_v3" "tx4d8651367dd748e89774e-006979195b" "object-server 22" 0.0005 "-" 20 0
Jan 27 20:00:27 standalone object-server[130807]: 172.20.0.100 - - [27/Jan/2026:20:00:27 +0000] "PUT /d1/840/AUTH_b428c619f3214c978c153235e9eb68d9/gnocchi.be05f782-d08f-45eb-b16b-9254912e4467/none_v3" 201 - "PUT http://172.18.0.2:8080/v1/AUTH_b428c619f3214c978c153235e9eb68d9/gnocchi.be05f782-d08f-45eb-b16b-9254912e4467/none_v3" "tx4d8651367dd748e89774e-006979195b" "proxy-server 20" 0.0089 "-" 22 0
Jan 27 20:00:27 standalone proxy-server[132624]: 172.18.0.2 172.18.0.100 27/Jan/2026/20/00/27 PUT /v1/AUTH_b428c619f3214c978c153235e9eb68d9/gnocchi.be05f782-d08f-45eb-b16b-9254912e4467/none_v3 HTTP/1.0 201 - python-swiftclient-3.11.1 gAAAAABpeRjYyAct... 22 - - tx4d8651367dd748e89774e-006979195b - 0.0163 - - 1769544027.631745338 1769544027.648083210 0
Jan 27 20:00:27 standalone container-server[130560]: 172.20.0.100 - - [27/Jan/2026:20:00:27 +0000] "HEAD /d1/956/AUTH_b428c619f3214c978c153235e9eb68d9/gnocchi.958718f3-0ad9-45a5-b628-4949db07cc68" 404 - "HEAD http://172.18.0.2:8080/v1/AUTH_b428c619f3214c978c153235e9eb68d9/gnocchi.958718f3-0ad9-45a5-b628-4949db07cc68?format=json&states=listing" "txd0f823f08bd949a990704-006979195b" "proxy-server 20" 0.0006 "-" 22 0
Jan 27 20:00:27 standalone object-server[130814]: 172.20.0.100 - - [27/Jan/2026:20:00:27 +0000] "GET /d1/684/AUTH_b428c619f3214c978c153235e9eb68d9/gnocchi.958718f3-0ad9-45a5-b628-4949db07cc68/none_v3" 404 70 "GET http://172.18.0.2:8080/v1/AUTH_b428c619f3214c978c153235e9eb68d9/gnocchi.958718f3-0ad9-45a5-b628-4949db07cc68/none_v3" "txd0f823f08bd949a990704-006979195b" "proxy-server 20" 0.0004 "-" 25 0
Jan 27 20:00:27 standalone proxy-server[132624]: 172.18.0.2 172.18.0.100 27/Jan/2026/20/00/27 GET /v1/AUTH_b428c619f3214c978c153235e9eb68d9/gnocchi.958718f3-0ad9-45a5-b628-4949db07cc68/none_v3 HTTP/1.0 404 - python-swiftclient-3.11.1 gAAAAABpeRjYyAct... - 70 - txd0f823f08bd949a990704-006979195b - 0.0110 - - 1769544027.659012079 1769544027.670009136 0
Jan 27 20:00:27 standalone account-server[130426]: 172.20.0.100 - - [27/Jan/2026:20:00:27 +0000] "PUT /d1/225/AUTH_b428c619f3214c978c153235e9eb68d9/gnocchi.958718f3-0ad9-45a5-b628-4949db07cc68" 201 - "PUT http://172.20.0.100:6001/d1/956/AUTH_b428c619f3214c978c153235e9eb68d9/gnocchi.958718f3-0ad9-45a5-b628-4949db07cc68" "tx53da8437bbe2447889445-006979195b" "container-server 23" 0.0043 "-" 20 0
Jan 27 20:00:27 standalone container-server[130561]: 172.20.0.100 - - [27/Jan/2026:20:00:27 +0000] "PUT /d1/956/AUTH_b428c619f3214c978c153235e9eb68d9/gnocchi.958718f3-0ad9-45a5-b628-4949db07cc68" 201 - "PUT http://172.18.0.2:8080/v1/AUTH_b428c619f3214c978c153235e9eb68d9/gnocchi.958718f3-0ad9-45a5-b628-4949db07cc68" "tx53da8437bbe2447889445-006979195b" "proxy-server 20" 0.0158 "-" 23 0
Jan 27 20:00:27 standalone proxy-server[132624]: 172.18.0.2 172.18.0.100 27/Jan/2026/20/00/27 PUT /v1/AUTH_b428c619f3214c978c153235e9eb68d9/gnocchi.958718f3-0ad9-45a5-b628-4949db07cc68 HTTP/1.0 201 - python-swiftclient-3.11.1 gAAAAABpeRjYyAct... - - - tx53da8437bbe2447889445-006979195b - 0.0219 - - 1769544027.673998833 1769544027.695879221 0
Jan 27 20:00:27 standalone container-server[130560]: 172.20.0.100 - - [27/Jan/2026:20:00:27 +0000] "HEAD /d1/622/AUTH_b428c619f3214c978c153235e9eb68d9/gnocchi.d00a4476-cdfe-490d-9a83-8f390b8872e8" 404 - "HEAD http://172.18.0.2:8080/v1/AUTH_b428c619f3214c978c153235e9eb68d9/gnocchi.d00a4476-cdfe-490d-9a83-8f390b8872e8?format=json&states=listing" "tx83cf95f0445c4b46b089d-006979195b" "proxy-server 20" 0.0004 "-" 22 0
Jan 27 20:00:27 standalone object-server[130814]: 172.20.0.100 - - [27/Jan/2026:20:00:27 +0000] "GET /d1/25/AUTH_b428c619f3214c978c153235e9eb68d9/gnocchi.d00a4476-cdfe-490d-9a83-8f390b8872e8/none_v3" 404 70 "GET http://172.18.0.2:8080/v1/AUTH_b428c619f3214c978c153235e9eb68d9/gnocchi.d00a4476-cdfe-490d-9a83-8f390b8872e8/none_v3" "tx83cf95f0445c4b46b089d-006979195b" "proxy-server 20" 0.0003 "-" 25 0
Jan 27 20:00:27 standalone proxy-server[132624]: 172.18.0.2 172.18.0.100 27/Jan/2026/20/00/27 GET /v1/AUTH_b428c619f3214c978c153235e9eb68d9/gnocchi.d00a4476-cdfe-490d-9a83-8f390b8872e8/none_v3 HTTP/1.0 404 - python-swiftclient-3.11.1 gAAAAABpeRjYyAct... - 70 - tx83cf95f0445c4b46b089d-006979195b - 0.0095 - - 1769544027.699114561 1769544027.708649635 0
Jan 27 20:00:27 standalone account-server[130441]: 172.20.0.100 - - [27/Jan/2026:20:00:27 +0000] "PUT /d1/225/AUTH_b428c619f3214c978c153235e9eb68d9/gnocchi.d00a4476-cdfe-490d-9a83-8f390b8872e8" 201 - "PUT http://172.20.0.100:6001/d1/622/AUTH_b428c619f3214c978c153235e9eb68d9/gnocchi.d00a4476-cdfe-490d-9a83-8f390b8872e8" "tx833d9c1640944fd287d31-006979195b" "container-server 22" 0.0057 "-" 22 0
Jan 27 20:00:27 standalone container-server[130560]: 172.20.0.100 - - [27/Jan/2026:20:00:27 +0000] "PUT /d1/622/AUTH_b428c619f3214c978c153235e9eb68d9/gnocchi.d00a4476-cdfe-490d-9a83-8f390b8872e8" 201 - "PUT http://172.18.0.2:8080/v1/AUTH_b428c619f3214c978c153235e9eb68d9/gnocchi.d00a4476-cdfe-490d-9a83-8f390b8872e8" "tx833d9c1640944fd287d31-006979195b" "proxy-server 20" 0.0172 "-" 22 0
Jan 27 20:00:27 standalone proxy-server[132624]: 172.18.0.2 172.18.0.100 27/Jan/2026/20/00/27 PUT /v1/AUTH_b428c619f3214c978c153235e9eb68d9/gnocchi.d00a4476-cdfe-490d-9a83-8f390b8872e8 HTTP/1.0 201 - python-swiftclient-3.11.1 gAAAAABpeRjYyAct... - - - tx833d9c1640944fd287d31-006979195b - 0.0249 - - 1769544027.711928844 1769544027.736844778 0
Jan 27 20:00:27 standalone container-server[130540]: 172.20.0.100 - - [27/Jan/2026:20:00:27 +0000] "HEAD /d1/956/AUTH_b428c619f3214c978c153235e9eb68d9/gnocchi.958718f3-0ad9-45a5-b628-4949db07cc68" 204 - "HEAD http://172.18.0.2:8080/v1/AUTH_b428c619f3214c978c153235e9eb68d9/gnocchi.958718f3-0ad9-45a5-b628-4949db07cc68?format=json&states=listing" "tx15a7f90c82a94f1682dbd-006979195b" "proxy-server 20" 0.0014 "-" 20 0
Jan 27 20:00:27 standalone proxy-server[132624]: - - 27/Jan/2026/20/00/27 HEAD /v1/AUTH_b428c619f3214c978c153235e9eb68d9/gnocchi.958718f3-0ad9-45a5-b628-4949db07cc68%3Fformat%3Djson%26states%3Dlisting HTTP/1.0 204 - Swift - - - - tx15a7f90c82a94f1682dbd-006979195b - 0.0047 RL - 1769544027.741707563 1769544027.746450424 0
Jan 27 20:00:27 standalone container-server[130540]: 172.20.0.100 - - [27/Jan/2026:20:00:27 +0000] "GET /d1/956/AUTH_b428c619f3214c978c153235e9eb68d9/gnocchi.958718f3-0ad9-45a5-b628-4949db07cc68" 200 2 "GET http://172.18.0.2:8080/v1/AUTH_b428c619f3214c978c153235e9eb68d9/gnocchi.958718f3-0ad9-45a5-b628-4949db07cc68?format=json&states=listing" "tx15a7f90c82a94f1682dbd-006979195b" "proxy-server 20" 0.0017 "-" 20 0
Jan 27 20:00:27 standalone proxy-server[132624]: 172.18.0.2 172.18.0.100 27/Jan/2026/20/00/27 GET /v1/AUTH_b428c619f3214c978c153235e9eb68d9/gnocchi.958718f3-0ad9-45a5-b628-4949db07cc68%3Fformat%3Djson%26states%3Dlisting HTTP/1.0 200 - python-swiftclient-3.11.1 gAAAAABpeRjYyAct... - 2 - tx15a7f90c82a94f1682dbd-006979195b - 0.0126 - - 1769544027.740540981 1769544027.753133535 0
Jan 27 20:00:27 standalone container-server[130560]: 172.20.0.100 - - [27/Jan/2026:20:00:27 +0000] "HEAD /d1/622/AUTH_b428c619f3214c978c153235e9eb68d9/gnocchi.d00a4476-cdfe-490d-9a83-8f390b8872e8" 204 - "HEAD http://172.18.0.2:8080/v1/AUTH_b428c619f3214c978c153235e9eb68d9/gnocchi.d00a4476-cdfe-490d-9a83-8f390b8872e8?format=json&states=listing" "tx85e43b7ce00040378d5bd-006979195b" "proxy-server 20" 0.0011 "-" 22 0
Jan 27 20:00:27 standalone proxy-server[132624]: - - 27/Jan/2026/20/00/27 HEAD /v1/AUTH_b428c619f3214c978c153235e9eb68d9/gnocchi.d00a4476-cdfe-490d-9a83-8f390b8872e8%3Fformat%3Djson%26states%3Dlisting HTTP/1.0 204 - Swift - - - - tx85e43b7ce00040378d5bd-006979195b - 0.0044 RL - 1769544027.760137558 1769544027.764513731 0
Jan 27 20:00:27 standalone container-server[130561]: 172.20.0.100 - - [27/Jan/2026:20:00:27 +0000] "GET /d1/622/AUTH_b428c619f3214c978c153235e9eb68d9/gnocchi.d00a4476-cdfe-490d-9a83-8f390b8872e8" 200 2 "GET http://172.18.0.2:8080/v1/AUTH_b428c619f3214c978c153235e9eb68d9/gnocchi.d00a4476-cdfe-490d-9a83-8f390b8872e8?format=json&states=listing" "tx85e43b7ce00040378d5bd-006979195b" "proxy-server 20" 0.0037 "-" 23 0
Jan 27 20:00:27 standalone proxy-server[132624]: 172.18.0.2 172.18.0.100 27/Jan/2026/20/00/27 GET /v1/AUTH_b428c619f3214c978c153235e9eb68d9/gnocchi.d00a4476-cdfe-490d-9a83-8f390b8872e8%3Fformat%3Djson%26states%3Dlisting HTTP/1.0 200 - python-swiftclient-3.11.1 gAAAAABpeRjYyAct... - 2 - tx85e43b7ce00040378d5bd-006979195b - 0.0165 - - 1769544027.759051800 1769544027.775554895 0
Jan 27 20:00:27 standalone object-server[130810]: 172.20.0.100 - - [27/Jan/2026:20:00:27 +0000] "GET /d1/47/AUTH_b428c619f3214c978c153235e9eb68d9/gnocchi.958718f3-0ad9-45a5-b628-4949db07cc68/1769040000.0_mean_300.0_v3" 404 70 "GET http://172.18.0.2:8080/v1/AUTH_b428c619f3214c978c153235e9eb68d9/gnocchi.958718f3-0ad9-45a5-b628-4949db07cc68/1769040000.0_mean_300.0_v3" "txd01c82d6dcd049e5834f1-006979195b" "proxy-server 20" 0.0005 "-" 24 0
Jan 27 20:00:27 standalone proxy-server[132624]: 172.18.0.2 172.18.0.100 27/Jan/2026/20/00/27 GET /v1/AUTH_b428c619f3214c978c153235e9eb68d9/gnocchi.958718f3-0ad9-45a5-b628-4949db07cc68/1769040000.0_mean_300.0_v3 HTTP/1.0 404 - python-swiftclient-3.11.1 gAAAAABpeRjYyAct... - 70 - txd01c82d6dcd049e5834f1-006979195b - 0.0080 - - 1769544027.781445265 1769544027.789450645 0
Jan 27 20:00:27 standalone object-server[130807]: 172.20.0.100 - - [27/Jan/2026:20:00:27 +0000] "GET /d1/879/AUTH_b428c619f3214c978c153235e9eb68d9/gnocchi.d00a4476-cdfe-490d-9a83-8f390b8872e8/1769040000.0_mean_300.0_v3" 404 70 "GET http://172.18.0.2:8080/v1/AUTH_b428c619f3214c978c153235e9eb68d9/gnocchi.d00a4476-cdfe-490d-9a83-8f390b8872e8/1769040000.0_mean_300.0_v3" "txe256eea6457040a095ac0-006979195b" "proxy-server 20" 0.0005 "-" 22 0
Jan 27 20:00:27 standalone proxy-server[132624]: 172.18.0.2 172.18.0.100 27/Jan/2026/20/00/27 GET /v1/AUTH_b428c619f3214c978c153235e9eb68d9/gnocchi.d00a4476-cdfe-490d-9a83-8f390b8872e8/1769040000.0_mean_300.0_v3 HTTP/1.0 404 - python-swiftclient-3.11.1 gAAAAABpeRjYyAct... - 70 - txe256eea6457040a095ac0-006979195b - 0.0096 - - 1769544027.794844627 1769544027.804424047 0
Jan 27 20:00:27 standalone container-server[130536]: 172.20.0.100 - - [27/Jan/2026:20:00:27 +0000] "PUT /d1/956/AUTH_b428c619f3214c978c153235e9eb68d9/gnocchi.958718f3-0ad9-45a5-b628-4949db07cc68/1769040000.0_mean_300.0_v3" 201 - "PUT http://172.18.0.2:8080/d1/47/AUTH_b428c619f3214c978c153235e9eb68d9/gnocchi.958718f3-0ad9-45a5-b628-4949db07cc68/1769040000.0_mean_300.0_v3" "tx664820f612e2456ebae45-006979195b" "object-server 24" 0.0007 "-" 19 0
Jan 27 20:00:27 standalone object-server[130810]: 172.20.0.100 - - [27/Jan/2026:20:00:27 +0000] "PUT /d1/47/AUTH_b428c619f3214c978c153235e9eb68d9/gnocchi.958718f3-0ad9-45a5-b628-4949db07cc68/1769040000.0_mean_300.0_v3" 201 - "PUT http://172.18.0.2:8080/v1/AUTH_b428c619f3214c978c153235e9eb68d9/gnocchi.958718f3-0ad9-45a5-b628-4949db07cc68/1769040000.0_mean_300.0_v3" "tx664820f612e2456ebae45-006979195b" "proxy-server 20" 0.0149 "-" 24 0
Jan 27 20:00:27 standalone proxy-server[132624]: 172.18.0.2 172.18.0.100 27/Jan/2026/20/00/27 PUT /v1/AUTH_b428c619f3214c978c153235e9eb68d9/gnocchi.958718f3-0ad9-45a5-b628-4949db07cc68/1769040000.0_mean_300.0_v3 HTTP/1.0 201 - python-swiftclient-3.11.1 gAAAAABpeRjYyAct... 16 - - tx664820f612e2456ebae45-006979195b - 0.0218 - - 1769544027.809220314 1769544027.830981731 0
Jan 27 20:00:27 standalone container-server[130536]: 172.20.0.100 - - [27/Jan/2026:20:00:27 +0000] "PUT /d1/622/AUTH_b428c619f3214c978c153235e9eb68d9/gnocchi.d00a4476-cdfe-490d-9a83-8f390b8872e8/1769040000.0_mean_300.0_v3" 201 - "PUT http://172.18.0.2:8080/d1/879/AUTH_b428c619f3214c978c153235e9eb68d9/gnocchi.d00a4476-cdfe-490d-9a83-8f390b8872e8/1769040000.0_mean_300.0_v3" "tx190bfeacefea4db6b0c1f-006979195b" "object-server 25" 0.0005 "-" 19 0
Jan 27 20:00:27 standalone object-server[130814]: 172.20.0.100 - - [27/Jan/2026:20:00:27 +0000] "PUT /d1/879/AUTH_b428c619f3214c978c153235e9eb68d9/gnocchi.d00a4476-cdfe-490d-9a83-8f390b8872e8/1769040000.0_mean_300.0_v3" 201 - "PUT http://172.18.0.2:8080/v1/AUTH_b428c619f3214c978c153235e9eb68d9/gnocchi.d00a4476-cdfe-490d-9a83-8f390b8872e8/1769040000.0_mean_300.0_v3" "tx190bfeacefea4db6b0c1f-006979195b" "proxy-server 20" 0.0108 "-" 25 0
Jan 27 20:00:27 standalone proxy-server[132624]: 172.18.0.2 172.18.0.100 27/Jan/2026/20/00/27 PUT /v1/AUTH_b428c619f3214c978c153235e9eb68d9/gnocchi.d00a4476-cdfe-490d-9a83-8f390b8872e8/1769040000.0_mean_300.0_v3 HTTP/1.0 201 - python-swiftclient-3.11.1 gAAAAABpeRjYyAct... 16 - - tx190bfeacefea4db6b0c1f-006979195b - 0.0171 - - 1769544027.834461927 1769544027.851548672 0
Jan 27 20:00:27 standalone container-server[130540]: 172.20.0.100 - - [27/Jan/2026:20:00:27 +0000] "PUT /d1/956/AUTH_b428c619f3214c978c153235e9eb68d9/gnocchi.958718f3-0ad9-45a5-b628-4949db07cc68/none_v3" 201 - "PUT http://172.18.0.2:8080/d1/684/AUTH_b428c619f3214c978c153235e9eb68d9/gnocchi.958718f3-0ad9-45a5-b628-4949db07cc68/none_v3" "tx98afb90c4bd14444a2158-006979195b" "object-server 25" 0.0005 "-" 20 0
Jan 27 20:00:27 standalone object-server[130814]: 172.20.0.100 - - [27/Jan/2026:20:00:27 +0000] "PUT /d1/684/AUTH_b428c619f3214c978c153235e9eb68d9/gnocchi.958718f3-0ad9-45a5-b628-4949db07cc68/none_v3" 201 - "PUT http://172.18.0.2:8080/v1/AUTH_b428c619f3214c978c153235e9eb68d9/gnocchi.958718f3-0ad9-45a5-b628-4949db07cc68/none_v3" "tx98afb90c4bd14444a2158-006979195b" "proxy-server 20" 0.0121 "-" 25 0
Jan 27 20:00:27 standalone proxy-server[132624]: 172.18.0.2 172.18.0.100 27/Jan/2026/20/00/27 PUT /v1/AUTH_b428c619f3214c978c153235e9eb68d9/gnocchi.958718f3-0ad9-45a5-b628-4949db07cc68/none_v3 HTTP/1.0 201 - python-swiftclient-3.11.1 gAAAAABpeRjYyAct... 22 - - tx98afb90c4bd14444a2158-006979195b - 0.0203 - - 1769544027.854965448 1769544027.875282526 0
Jan 27 20:00:27 standalone container-server[130560]: 172.20.0.100 - - [27/Jan/2026:20:00:27 +0000] "PUT /d1/622/AUTH_b428c619f3214c978c153235e9eb68d9/gnocchi.d00a4476-cdfe-490d-9a83-8f390b8872e8/none_v3" 201 - "PUT http://172.18.0.2:8080/d1/25/AUTH_b428c619f3214c978c153235e9eb68d9/gnocchi.d00a4476-cdfe-490d-9a83-8f390b8872e8/none_v3" "tx76149f1475134acf8048a-006979195b" "object-server 24" 0.0005 "-" 22 0
Jan 27 20:00:27 standalone object-server[130810]: 172.20.0.100 - - [27/Jan/2026:20:00:27 +0000] "PUT /d1/25/AUTH_b428c619f3214c978c153235e9eb68d9/gnocchi.d00a4476-cdfe-490d-9a83-8f390b8872e8/none_v3" 201 - "PUT http://172.18.0.2:8080/v1/AUTH_b428c619f3214c978c153235e9eb68d9/gnocchi.d00a4476-cdfe-490d-9a83-8f390b8872e8/none_v3" "tx76149f1475134acf8048a-006979195b" "proxy-server 20" 0.0231 "-" 24 0
Jan 27 20:00:27 standalone proxy-server[132624]: 172.18.0.2 172.18.0.100 27/Jan/2026/20/00/27 PUT /v1/AUTH_b428c619f3214c978c153235e9eb68d9/gnocchi.d00a4476-cdfe-490d-9a83-8f390b8872e8/none_v3 HTTP/1.0 201 - python-swiftclient-3.11.1 gAAAAABpeRjYyAct... 22 - - tx76149f1475134acf8048a-006979195b - 0.0296 - - 1769544027.882802248 1769544027.912410259 0
Jan 27 20:00:27 standalone container-server[130536]: 172.20.0.100 - - [27/Jan/2026:20:00:27 +0000] "HEAD /d1/483/AUTH_b428c619f3214c978c153235e9eb68d9/gnocchi.6306b366-571f-417c-9f74-aec62008faed" 404 - "HEAD http://172.18.0.2:8080/v1/AUTH_b428c619f3214c978c153235e9eb68d9/gnocchi.6306b366-571f-417c-9f74-aec62008faed?format=json&states=listing" "tx9712488ec71649d19961c-006979195b" "proxy-server 20" 0.0003 "-" 19 0
Jan 27 20:00:27 standalone object-server[130814]: 172.20.0.100 - - [27/Jan/2026:20:00:27 +0000] "GET /d1/475/AUTH_b428c619f3214c978c153235e9eb68d9/gnocchi.6306b366-571f-417c-9f74-aec62008faed/none_v3" 404 70 "GET http://172.18.0.2:8080/v1/AUTH_b428c619f3214c978c153235e9eb68d9/gnocchi.6306b366-571f-417c-9f74-aec62008faed/none_v3" "tx9712488ec71649d19961c-006979195b" "proxy-server 20" 0.0003 "-" 25 0
Jan 27 20:00:27 standalone proxy-server[132624]: 172.18.0.2 172.18.0.100 27/Jan/2026/20/00/27 GET /v1/AUTH_b428c619f3214c978c153235e9eb68d9/gnocchi.6306b366-571f-417c-9f74-aec62008faed/none_v3 HTTP/1.0 404 - python-swiftclient-3.11.1 gAAAAABpeRjYyAct... - 70 - tx9712488ec71649d19961c-006979195b - 0.0077 - - 1769544027.924699306 1769544027.932377338 0
Jan 27 20:00:27 standalone account-server[130426]: 172.20.0.100 - - [27/Jan/2026:20:00:27 +0000] "PUT /d1/225/AUTH_b428c619f3214c978c153235e9eb68d9/gnocchi.6306b366-571f-417c-9f74-aec62008faed" 201 - "PUT http://172.20.0.100:6001/d1/483/AUTH_b428c619f3214c978c153235e9eb68d9/gnocchi.6306b366-571f-417c-9f74-aec62008faed" "tx80c11221918b492d8e268-006979195b" "container-server 22" 0.0160 "-" 20 0
Jan 27 20:00:27 standalone container-server[130560]: 172.20.0.100 - - [27/Jan/2026:20:00:27 +0000] "PUT /d1/483/AUTH_b428c619f3214c978c153235e9eb68d9/gnocchi.6306b366-571f-417c-9f74-aec62008faed" 201 - "PUT http://172.18.0.2:8080/v1/AUTH_b428c619f3214c978c153235e9eb68d9/gnocchi.6306b366-571f-417c-9f74-aec62008faed" "tx80c11221918b492d8e268-006979195b" "proxy-server 20" 0.0323 "-" 22 0
Jan 27 20:00:27 standalone proxy-server[132624]: 172.18.0.2 172.18.0.100 27/Jan/2026/20/00/27 PUT /v1/AUTH_b428c619f3214c978c153235e9eb68d9/gnocchi.6306b366-571f-417c-9f74-aec62008faed HTTP/1.0 201 - python-swiftclient-3.11.1 gAAAAABpeRjYyAct... - - - tx80c11221918b492d8e268-006979195b - 0.0388 - - 1769544027.934554577 1769544027.973403215 0
Jan 27 20:00:27 standalone container-server[130561]: 172.20.0.100 - - [27/Jan/2026:20:00:27 +0000] "HEAD /d1/483/AUTH_b428c619f3214c978c153235e9eb68d9/gnocchi.6306b366-571f-417c-9f74-aec62008faed" 204 - "HEAD http://172.18.0.2:8080/v1/AUTH_b428c619f3214c978c153235e9eb68d9/gnocchi.6306b366-571f-417c-9f74-aec62008faed?format=json&states=listing" "tx9a9a7c9b98a04640a2970-006979195b" "proxy-server 20" 0.0014 "-" 23 0
Jan 27 20:00:27 standalone proxy-server[132624]: - - 27/Jan/2026/20/00/27 HEAD /v1/AUTH_b428c619f3214c978c153235e9eb68d9/gnocchi.6306b366-571f-417c-9f74-aec62008faed%3Fformat%3Djson%26states%3Dlisting HTTP/1.0 204 - Swift - - - - tx9a9a7c9b98a04640a2970-006979195b - 0.0045 RL - 1769544027.978902340 1769544027.983392715 0
Jan 27 20:00:27 standalone container-server[130561]: 172.20.0.100 - - [27/Jan/2026:20:00:27 +0000] "GET /d1/483/AUTH_b428c619f3214c978c153235e9eb68d9/gnocchi.6306b366-571f-417c-9f74-aec62008faed" 200 2 "GET http://172.18.0.2:8080/v1/AUTH_b428c619f3214c978c153235e9eb68d9/gnocchi.6306b366-571f-417c-9f74-aec62008faed?format=json&states=listing" "tx9a9a7c9b98a04640a2970-006979195b" "proxy-server 20" 0.0016 "-" 23 0
Jan 27 20:00:27 standalone proxy-server[132624]: 172.18.0.2 172.18.0.100 27/Jan/2026/20/00/27 GET /v1/AUTH_b428c619f3214c978c153235e9eb68d9/gnocchi.6306b366-571f-417c-9f74-aec62008faed%3Fformat%3Djson%26states%3Dlisting HTTP/1.0 200 - python-swiftclient-3.11.1 gAAAAABpeRjYyAct... - 2 - tx9a9a7c9b98a04640a2970-006979195b - 0.0126 - - 1769544027.977538347 1769544027.990134478 0
Jan 27 20:00:27 standalone object-server[130810]: 172.20.0.100 - - [27/Jan/2026:20:00:27 +0000] "GET /d1/20/AUTH_b428c619f3214c978c153235e9eb68d9/gnocchi.6306b366-571f-417c-9f74-aec62008faed/1769040000.0_mean_300.0_v3" 404 70 "GET http://172.18.0.2:8080/v1/AUTH_b428c619f3214c978c153235e9eb68d9/gnocchi.6306b366-571f-417c-9f74-aec62008faed/1769040000.0_mean_300.0_v3" "tx0c19818f049d4914b6f53-006979195b" "proxy-server 20" 0.0003 "-" 24 0
Jan 27 20:00:27 standalone proxy-server[132624]: 172.18.0.2 172.18.0.100 27/Jan/2026/20/00/27 GET /v1/AUTH_b428c619f3214c978c153235e9eb68d9/gnocchi.6306b366-571f-417c-9f74-aec62008faed/1769040000.0_mean_300.0_v3 HTTP/1.0 404 - python-swiftclient-3.11.1 gAAAAABpeRjYyAct... - 70 - tx0c19818f049d4914b6f53-006979195b - 0.0061 - - 1769544027.993308306 1769544027.999408245 0
Jan 27 20:00:28 standalone container-server[130540]: 172.20.0.100 - - [27/Jan/2026:20:00:28 +0000] "PUT /d1/483/AUTH_b428c619f3214c978c153235e9eb68d9/gnocchi.6306b366-571f-417c-9f74-aec62008faed/1769040000.0_mean_300.0_v3" 201 - "PUT http://172.18.0.2:8080/d1/20/AUTH_b428c619f3214c978c153235e9eb68d9/gnocchi.6306b366-571f-417c-9f74-aec62008faed/1769040000.0_mean_300.0_v3" "tx223d620b84a14688ba275-006979195c" "object-server 24" 0.0006 "-" 20 0
Jan 27 20:00:28 standalone object-server[130810]: 172.20.0.100 - - [27/Jan/2026:20:00:28 +0000] "PUT /d1/20/AUTH_b428c619f3214c978c153235e9eb68d9/gnocchi.6306b366-571f-417c-9f74-aec62008faed/1769040000.0_mean_300.0_v3" 201 - "PUT http://172.18.0.2:8080/v1/AUTH_b428c619f3214c978c153235e9eb68d9/gnocchi.6306b366-571f-417c-9f74-aec62008faed/1769040000.0_mean_300.0_v3" "tx223d620b84a14688ba275-006979195c" "proxy-server 20" 0.0170 "-" 24 0
Jan 27 20:00:28 standalone proxy-server[132624]: 172.18.0.2 172.18.0.100 27/Jan/2026/20/00/28 PUT /v1/AUTH_b428c619f3214c978c153235e9eb68d9/gnocchi.6306b366-571f-417c-9f74-aec62008faed/1769040000.0_mean_300.0_v3 HTTP/1.0 201 - python-swiftclient-3.11.1 gAAAAABpeRjYyAct... 16 - - tx223d620b84a14688ba275-006979195c - 0.0253 - - 1769544028.003580093 1769544028.028924227 0
Jan 27 20:00:28 standalone container-server[130540]: 172.20.0.100 - - [27/Jan/2026:20:00:28 +0000] "PUT /d1/483/AUTH_b428c619f3214c978c153235e9eb68d9/gnocchi.6306b366-571f-417c-9f74-aec62008faed/none_v3" 201 - "PUT http://172.18.0.2:8080/d1/475/AUTH_b428c619f3214c978c153235e9eb68d9/gnocchi.6306b366-571f-417c-9f74-aec62008faed/none_v3" "txd02c7719b07a48bd99957-006979195c" "object-server 25" 0.0007 "-" 20 0
Jan 27 20:00:28 standalone object-server[130814]: 172.20.0.100 - - [27/Jan/2026:20:00:28 +0000] "PUT /d1/475/AUTH_b428c619f3214c978c153235e9eb68d9/gnocchi.6306b366-571f-417c-9f74-aec62008faed/none_v3" 201 - "PUT http://172.18.0.2:8080/v1/AUTH_b428c619f3214c978c153235e9eb68d9/gnocchi.6306b366-571f-417c-9f74-aec62008faed/none_v3" "txd02c7719b07a48bd99957-006979195c" "proxy-server 20" 0.0179 "-" 25 0
Jan 27 20:00:28 standalone proxy-server[132624]: 172.18.0.2 172.18.0.100 27/Jan/2026/20/00/28 PUT /v1/AUTH_b428c619f3214c978c153235e9eb68d9/gnocchi.6306b366-571f-417c-9f74-aec62008faed/none_v3 HTTP/1.0 201 - python-swiftclient-3.11.1 gAAAAABpeRjYyAct... 22 - - txd02c7719b07a48bd99957-006979195c - 0.0254 - - 1769544028.031809330 1769544028.057187557 0
Jan 27 20:00:28 standalone object-server[130807]: 172.20.0.100 - - [27/Jan/2026:20:00:28 +0000] "GET /d1/148/AUTH_b428c619f3214c978c153235e9eb68d9/gnocchi.30888698-e649-451f-8fec-5d7a60af2971/none_v3" 200 33 "GET http://172.18.0.2:8080/v1/AUTH_b428c619f3214c978c153235e9eb68d9/gnocchi.30888698-e649-451f-8fec-5d7a60af2971/none_v3" "tx06e87d86abed4b3bbb588-006979195c" "proxy-server 20" 0.0008 "-" 22 0
Jan 27 20:00:28 standalone proxy-server[132624]: 172.18.0.2 172.18.0.100 27/Jan/2026/20/00/28 GET /v1/AUTH_b428c619f3214c978c153235e9eb68d9/gnocchi.30888698-e649-451f-8fec-5d7a60af2971/none_v3 HTTP/1.0 200 - python-swiftclient-3.11.1 gAAAAABpeRjYyAct... - 33 - tx06e87d86abed4b3bbb588-006979195c - 0.0078 - - 1769544028.074956179 1769544028.082728624 0
Jan 27 20:00:28 standalone container-server[130536]: 172.20.0.100 - - [27/Jan/2026:20:00:28 +0000] "GET /d1/383/AUTH_b428c619f3214c978c153235e9eb68d9/gnocchi.30888698-e649-451f-8fec-5d7a60af2971" 200 357 "GET http://172.18.0.2:8080/v1/AUTH_b428c619f3214c978c153235e9eb68d9/gnocchi.30888698-e649-451f-8fec-5d7a60af2971?format=json&states=listing" "tx6c2040589e8b48e19b74e-006979195c" "proxy-server 20" 0.0064 "-" 19 0
Jan 27 20:00:28 standalone proxy-server[132624]: 172.18.0.2 172.18.0.100 27/Jan/2026/20/00/28 GET /v1/AUTH_b428c619f3214c978c153235e9eb68d9/gnocchi.30888698-e649-451f-8fec-5d7a60af2971%3Fformat%3Djson%26states%3Dlisting HTTP/1.0 200 - python-swiftclient-3.11.1 gAAAAABpeRjYyAct... - 357 - tx6c2040589e8b48e19b74e-006979195c - 0.0129 - - 1769544028.087654591 1769544028.100566626 0
Jan 27 20:00:28 standalone container-server[130536]: 172.20.0.100 - - [27/Jan/2026:20:00:28 +0000] "GET /d1/383/AUTH_b428c619f3214c978c153235e9eb68d9/gnocchi.30888698-e649-451f-8fec-5d7a60af2971" 200 2 "GET http://172.18.0.2:8080/v1/AUTH_b428c619f3214c978c153235e9eb68d9/gnocchi.30888698-e649-451f-8fec-5d7a60af2971?format=json&marker=none_v3&states=listing" "txdf29478ca1ce4b5a8301a-006979195c" "proxy-server 20" 0.0019 "-" 19 0
Jan 27 20:00:28 standalone proxy-server[132624]: 172.18.0.2 172.18.0.100 27/Jan/2026/20/00/28 GET /v1/AUTH_b428c619f3214c978c153235e9eb68d9/gnocchi.30888698-e649-451f-8fec-5d7a60af2971%3Fformat%3Djson%26marker%3Dnone_v3%26states%3Dlisting HTTP/1.0 200 - python-swiftclient-3.11.1 gAAAAABpeRjYyAct... - 2 - txdf29478ca1ce4b5a8301a-006979195c - 0.0081 - - 1769544028.104830027 1769544028.112909794 0
Jan 27 20:00:28 standalone object-server[130809]: 172.20.0.100 - - [27/Jan/2026:20:00:28 +0000] "GET /d1/929/AUTH_b428c619f3214c978c153235e9eb68d9/gnocchi.30888698-e649-451f-8fec-5d7a60af2971/1769040000.0_mean_300.0_v3" 200 16 "GET http://172.18.0.2:8080/v1/AUTH_b428c619f3214c978c153235e9eb68d9/gnocchi.30888698-e649-451f-8fec-5d7a60af2971/1769040000.0_mean_300.0_v3" "tx8965d5946f4149a8a9763-006979195c" "proxy-server 20" 0.0008 "-" 23 0
Jan 27 20:00:28 standalone proxy-server[132624]: 172.18.0.2 172.18.0.100 27/Jan/2026/20/00/28 GET /v1/AUTH_b428c619f3214c978c153235e9eb68d9/gnocchi.30888698-e649-451f-8fec-5d7a60af2971/1769040000.0_mean_300.0_v3 HTTP/1.0 200 - python-swiftclient-3.11.1 gAAAAABpeRjYyAct... - 16 - tx8965d5946f4149a8a9763-006979195c - 0.0062 - - 1769544028.118111849 1769544028.124335527 0
Jan 27 20:00:28 standalone container-server[130561]: 172.20.0.100 - - [27/Jan/2026:20:00:28 +0000] "PUT /d1/383/AUTH_b428c619f3214c978c153235e9eb68d9/gnocchi.30888698-e649-451f-8fec-5d7a60af2971/1769040000.0_mean_300.0_v3" 201 - "PUT http://172.18.0.2:8080/d1/929/AUTH_b428c619f3214c978c153235e9eb68d9/gnocchi.30888698-e649-451f-8fec-5d7a60af2971/1769040000.0_mean_300.0_v3" "tx83d9dba56b6b41d0bb9d8-006979195c" "object-server 25" 0.0007 "-" 23 0
Jan 27 20:00:28 standalone object-server[130814]: 172.20.0.100 - - [27/Jan/2026:20:00:28 +0000] "PUT /d1/929/AUTH_b428c619f3214c978c153235e9eb68d9/gnocchi.30888698-e649-451f-8fec-5d7a60af2971/1769040000.0_mean_300.0_v3" 201 - "PUT http://172.18.0.2:8080/v1/AUTH_b428c619f3214c978c153235e9eb68d9/gnocchi.30888698-e649-451f-8fec-5d7a60af2971/1769040000.0_mean_300.0_v3" "tx83d9dba56b6b41d0bb9d8-006979195c" "proxy-server 20" 0.0107 "-" 25 0
Jan 27 20:00:28 standalone proxy-server[132624]: 172.18.0.2 172.18.0.100 27/Jan/2026/20/00/28 PUT /v1/AUTH_b428c619f3214c978c153235e9eb68d9/gnocchi.30888698-e649-451f-8fec-5d7a60af2971/1769040000.0_mean_300.0_v3 HTTP/1.0 201 - python-swiftclient-3.11.1 gAAAAABpeRjYyAct... 24 - - tx83d9dba56b6b41d0bb9d8-006979195c - 0.0154 - - 1769544028.127690792 1769544028.143102169 0
Jan 27 20:00:28 standalone container-server[130540]: 172.20.0.100 - - [27/Jan/2026:20:00:28 +0000] "PUT /d1/383/AUTH_b428c619f3214c978c153235e9eb68d9/gnocchi.30888698-e649-451f-8fec-5d7a60af2971/none_v3" 201 - "PUT http://172.18.0.2:8080/d1/148/AUTH_b428c619f3214c978c153235e9eb68d9/gnocchi.30888698-e649-451f-8fec-5d7a60af2971/none_v3" "tx682ba5490439410c934a5-006979195c" "object-server 22" 0.0005 "-" 20 0
Jan 27 20:00:28 standalone object-server[130807]: 172.20.0.100 - - [27/Jan/2026:20:00:28 +0000] "PUT /d1/148/AUTH_b428c619f3214c978c153235e9eb68d9/gnocchi.30888698-e649-451f-8fec-5d7a60af2971/none_v3" 201 - "PUT http://172.18.0.2:8080/v1/AUTH_b428c619f3214c978c153235e9eb68d9/gnocchi.30888698-e649-451f-8fec-5d7a60af2971/none_v3" "tx682ba5490439410c934a5-006979195c" "proxy-server 20" 0.0105 "-" 22 0
Jan 27 20:00:28 standalone proxy-server[132624]: 172.18.0.2 172.18.0.100 27/Jan/2026/20/00/28 PUT /v1/AUTH_b428c619f3214c978c153235e9eb68d9/gnocchi.30888698-e649-451f-8fec-5d7a60af2971/none_v3 HTTP/1.0 201 - python-swiftclient-3.11.1 gAAAAABpeRjYyAct... 22 - - tx682ba5490439410c934a5-006979195c - 0.0154 - - 1769544028.146408796 1769544028.161848545 0
Jan 27 20:00:28 standalone container-server[130540]: 172.20.0.100 - - [27/Jan/2026:20:00:28 +0000] "HEAD /d1/122/AUTH_b428c619f3214c978c153235e9eb68d9/gnocchi.c080fc3a-9920-4c5f-9fc5-7976ab2edf77" 404 - "HEAD http://172.18.0.2:8080/v1/AUTH_b428c619f3214c978c153235e9eb68d9/gnocchi.c080fc3a-9920-4c5f-9fc5-7976ab2edf77?format=json&states=listing" "txba6f9c314f1744b2a5ee3-006979195c" "proxy-server 20" 0.0004 "-" 20 0
Jan 27 20:00:28 standalone object-server[130807]: 172.20.0.100 - - [27/Jan/2026:20:00:28 +0000] "GET /d1/748/AUTH_b428c619f3214c978c153235e9eb68d9/gnocchi.c080fc3a-9920-4c5f-9fc5-7976ab2edf77/none_v3" 404 70 "GET http://172.18.0.2:8080/v1/AUTH_b428c619f3214c978c153235e9eb68d9/gnocchi.c080fc3a-9920-4c5f-9fc5-7976ab2edf77/none_v3" "txba6f9c314f1744b2a5ee3-006979195c" "proxy-server 20" 0.0006 "-" 22 0
Jan 27 20:00:28 standalone proxy-server[132624]: 172.18.0.2 172.18.0.100 27/Jan/2026/20/00/28 GET /v1/AUTH_b428c619f3214c978c153235e9eb68d9/gnocchi.c080fc3a-9920-4c5f-9fc5-7976ab2edf77/none_v3 HTTP/1.0 404 - python-swiftclient-3.11.1 gAAAAABpeRjYyAct... - 70 - txba6f9c314f1744b2a5ee3-006979195c - 0.0097 - - 1769544028.174943924 1769544028.184639931 0
Jan 27 20:00:28 standalone account-server[130452]: 172.20.0.100 - - [27/Jan/2026:20:00:28 +0000] "PUT /d1/225/AUTH_b428c619f3214c978c153235e9eb68d9/gnocchi.c080fc3a-9920-4c5f-9fc5-7976ab2edf77" 201 - "PUT http://172.20.0.100:6001/d1/122/AUTH_b428c619f3214c978c153235e9eb68d9/gnocchi.c080fc3a-9920-4c5f-9fc5-7976ab2edf77" "tx61a3951c03674197a1d9e-006979195c" "container-server 19" 0.0084 "-" 23 0
Jan 27 20:00:28 standalone container-server[130536]: 172.20.0.100 - - [27/Jan/2026:20:00:28 +0000] "PUT /d1/122/AUTH_b428c619f3214c978c153235e9eb68d9/gnocchi.c080fc3a-9920-4c5f-9fc5-7976ab2edf77" 201 - "PUT http://172.18.0.2:8080/v1/AUTH_b428c619f3214c978c153235e9eb68d9/gnocchi.c080fc3a-9920-4c5f-9fc5-7976ab2edf77" "tx61a3951c03674197a1d9e-006979195c" "proxy-server 20" 0.0194 "-" 19 0
Jan 27 20:00:28 standalone proxy-server[132624]: 172.18.0.2 172.18.0.100 27/Jan/2026/20/00/28 PUT /v1/AUTH_b428c619f3214c978c153235e9eb68d9/gnocchi.c080fc3a-9920-4c5f-9fc5-7976ab2edf77 HTTP/1.0 201 - python-swiftclient-3.11.1 gAAAAABpeRjYyAct... - - - tx61a3951c03674197a1d9e-006979195c - 0.0239 - - 1769544028.188342810 1769544028.212269306 0
Jan 27 20:00:28 standalone container-server[130561]: 172.20.0.100 - - [27/Jan/2026:20:00:28 +0000] "HEAD /d1/122/AUTH_b428c619f3214c978c153235e9eb68d9/gnocchi.c080fc3a-9920-4c5f-9fc5-7976ab2edf77" 204 - "HEAD http://172.18.0.2:8080/v1/AUTH_b428c619f3214c978c153235e9eb68d9/gnocchi.c080fc3a-9920-4c5f-9fc5-7976ab2edf77?format=json&states=listing" "txe712900eaf2e4f89ac602-006979195c" "proxy-server 20" 0.0015 "-" 23 0
Jan 27 20:00:28 standalone proxy-server[132624]: - - 27/Jan/2026/20/00/28 HEAD /v1/AUTH_b428c619f3214c978c153235e9eb68d9/gnocchi.c080fc3a-9920-4c5f-9fc5-7976ab2edf77%3Fformat%3Djson%26states%3Dlisting HTTP/1.0 204 - Swift - - - - txe712900eaf2e4f89ac602-006979195c - 0.0050 RL - 1769544028.217204332 1769544028.222214460 0
Jan 27 20:00:28 standalone container-server[130560]: 172.20.0.100 - - [27/Jan/2026:20:00:28 +0000] "GET /d1/122/AUTH_b428c619f3214c978c153235e9eb68d9/gnocchi.c080fc3a-9920-4c5f-9fc5-7976ab2edf77" 200 2 "GET http://172.18.0.2:8080/v1/AUTH_b428c619f3214c978c153235e9eb68d9/gnocchi.c080fc3a-9920-4c5f-9fc5-7976ab2edf77?format=json&states=listing" "txe712900eaf2e4f89ac602-006979195c" "proxy-server 20" 0.0024 "-" 22 0
Jan 27 20:00:28 standalone proxy-server[132624]: 172.18.0.2 172.18.0.100 27/Jan/2026/20/00/28 GET /v1/AUTH_b428c619f3214c978c153235e9eb68d9/gnocchi.c080fc3a-9920-4c5f-9fc5-7976ab2edf77%3Fformat%3Djson%26states%3Dlisting HTTP/1.0 200 - python-swiftclient-3.11.1 gAAAAABpeRjYyAct... - 2 - txe712900eaf2e4f89ac602-006979195c - 0.0161 - - 1769544028.215955973 1769544028.232028484 0
Jan 27 20:00:28 standalone object-server[130810]: 172.20.0.100 - - [27/Jan/2026:20:00:28 +0000] "GET /d1/399/AUTH_b428c619f3214c978c153235e9eb68d9/gnocchi.c080fc3a-9920-4c5f-9fc5-7976ab2edf77/1769040000.0_mean_300.0_v3" 404 70 "GET http://172.18.0.2:8080/v1/AUTH_b428c619f3214c978c153235e9eb68d9/gnocchi.c080fc3a-9920-4c5f-9fc5-7976ab2edf77/1769040000.0_mean_300.0_v3" "tx0f9b4cbc4a2e405a958a7-006979195c" "proxy-server 20" 0.0005 "-" 24 0
Jan 27 20:00:28 standalone proxy-server[132624]: 172.18.0.2 172.18.0.100 27/Jan/2026/20/00/28 GET /v1/AUTH_b428c619f3214c978c153235e9eb68d9/gnocchi.c080fc3a-9920-4c5f-9fc5-7976ab2edf77/1769040000.0_mean_300.0_v3 HTTP/1.0 404 - python-swiftclient-3.11.1 gAAAAABpeRjYyAct... - 70 - tx0f9b4cbc4a2e405a958a7-006979195c - 0.0059 - - 1769544028.236074686 1769544028.242023468 0
Jan 27 20:00:28 standalone container-server[130560]: 172.20.0.100 - - [27/Jan/2026:20:00:28 +0000] "PUT /d1/122/AUTH_b428c619f3214c978c153235e9eb68d9/gnocchi.c080fc3a-9920-4c5f-9fc5-7976ab2edf77/1769040000.0_mean_300.0_v3" 201 - "PUT http://172.18.0.2:8080/d1/399/AUTH_b428c619f3214c978c153235e9eb68d9/gnocchi.c080fc3a-9920-4c5f-9fc5-7976ab2edf77/1769040000.0_mean_300.0_v3" "tx70c976a86eef4a4ebf9fc-006979195c" "object-server 22" 0.0006 "-" 22 0
Jan 27 20:00:28 standalone object-server[130807]: 172.20.0.100 - - [27/Jan/2026:20:00:28 +0000] "PUT /d1/399/AUTH_b428c619f3214c978c153235e9eb68d9/gnocchi.c080fc3a-9920-4c5f-9fc5-7976ab2edf77/1769040000.0_mean_300.0_v3" 201 - "PUT http://172.18.0.2:8080/v1/AUTH_b428c619f3214c978c153235e9eb68d9/gnocchi.c080fc3a-9920-4c5f-9fc5-7976ab2edf77/1769040000.0_mean_300.0_v3" "tx70c976a86eef4a4ebf9fc-006979195c" "proxy-server 20" 0.0119 "-" 22 0
Jan 27 20:00:28 standalone proxy-server[132624]: 172.18.0.2 172.18.0.100 27/Jan/2026/20/00/28 PUT /v1/AUTH_b428c619f3214c978c153235e9eb68d9/gnocchi.c080fc3a-9920-4c5f-9fc5-7976ab2edf77/1769040000.0_mean_300.0_v3 HTTP/1.0 201 - python-swiftclient-3.11.1 gAAAAABpeRjYyAct... 16 - - tx70c976a86eef4a4ebf9fc-006979195c - 0.0179 - - 1769544028.245169401 1769544028.263080120 0
Jan 27 20:00:28 standalone container-server[130540]: 172.20.0.100 - - [27/Jan/2026:20:00:28 +0000] "PUT /d1/122/AUTH_b428c619f3214c978c153235e9eb68d9/gnocchi.c080fc3a-9920-4c5f-9fc5-7976ab2edf77/none_v3" 201 - "PUT http://172.18.0.2:8080/d1/748/AUTH_b428c619f3214c978c153235e9eb68d9/gnocchi.c080fc3a-9920-4c5f-9fc5-7976ab2edf77/none_v3" "tx5d9ae08f20934c4eb8736-006979195c" "object-server 25" 0.0005 "-" 20 0
Jan 27 20:00:28 standalone object-server[130814]: 172.20.0.100 - - [27/Jan/2026:20:00:28 +0000] "PUT /d1/748/AUTH_b428c619f3214c978c153235e9eb68d9/gnocchi.c080fc3a-9920-4c5f-9fc5-7976ab2edf77/none_v3" 201 - "PUT http://172.18.0.2:8080/v1/AUTH_b428c619f3214c978c153235e9eb68d9/gnocchi.c080fc3a-9920-4c5f-9fc5-7976ab2edf77/none_v3" "tx5d9ae08f20934c4eb8736-006979195c" "proxy-server 20" 0.0154 "-" 25 0
Jan 27 20:00:28 standalone proxy-server[132624]: 172.18.0.2 172.18.0.100 27/Jan/2026/20/00/28 PUT /v1/AUTH_b428c619f3214c978c153235e9eb68d9/gnocchi.c080fc3a-9920-4c5f-9fc5-7976ab2edf77/none_v3 HTTP/1.0 201 - python-swiftclient-3.11.1 gAAAAABpeRjYyAct... 22 - - tx5d9ae08f20934c4eb8736-006979195c - 0.0221 - - 1769544028.271215916 1769544028.293333292 0
Jan 27 20:00:28 standalone container-server[130561]: 172.20.0.100 - - [27/Jan/2026:20:00:28 +0000] "HEAD /d1/828/AUTH_b428c619f3214c978c153235e9eb68d9/gnocchi.bbeec575-7440-40c6-bd27-d3710feda97d" 404 - "HEAD http://172.18.0.2:8080/v1/AUTH_b428c619f3214c978c153235e9eb68d9/gnocchi.bbeec575-7440-40c6-bd27-d3710feda97d?format=json&states=listing" "tx6c90c897cf804540b1b04-006979195c" "proxy-server 20" 0.0004 "-" 23 0
Jan 27 20:00:28 standalone object-server[130810]: 172.20.0.100 - - [27/Jan/2026:20:00:28 +0000] "GET /d1/21/AUTH_b428c619f3214c978c153235e9eb68d9/gnocchi.bbeec575-7440-40c6-bd27-d3710feda97d/none_v3" 404 70 "GET http://172.18.0.2:8080/v1/AUTH_b428c619f3214c978c153235e9eb68d9/gnocchi.bbeec575-7440-40c6-bd27-d3710feda97d/none_v3" "tx6c90c897cf804540b1b04-006979195c" "proxy-server 20" 0.0004 "-" 24 0
Jan 27 20:00:28 standalone proxy-server[132624]: 172.18.0.2 172.18.0.100 27/Jan/2026/20/00/28 GET /v1/AUTH_b428c619f3214c978c153235e9eb68d9/gnocchi.bbeec575-7440-40c6-bd27-d3710feda97d/none_v3 HTTP/1.0 404 - python-swiftclient-3.11.1 gAAAAABpeRjYyAct... - 70 - tx6c90c897cf804540b1b04-006979195c - 0.0172 - - 1769544028.307802916 1769544028.325022459 0
Jan 27 20:00:28 standalone account-server[130426]: 172.20.0.100 - - [27/Jan/2026:20:00:28 +0000] "PUT /d1/225/AUTH_b428c619f3214c978c153235e9eb68d9/gnocchi.bbeec575-7440-40c6-bd27-d3710feda97d" 201 - "PUT http://172.20.0.100:6001/d1/828/AUTH_b428c619f3214c978c153235e9eb68d9/gnocchi.bbeec575-7440-40c6-bd27-d3710feda97d" "txa9550938b9be489394106-006979195c" "container-server 23" 0.0081 "-" 20 0
Jan 27 20:00:28 standalone container-server[130561]: 172.20.0.100 - - [27/Jan/2026:20:00:28 +0000] "PUT /d1/828/AUTH_b428c619f3214c978c153235e9eb68d9/gnocchi.bbeec575-7440-40c6-bd27-d3710feda97d" 201 - "PUT http://172.18.0.2:8080/v1/AUTH_b428c619f3214c978c153235e9eb68d9/gnocchi.bbeec575-7440-40c6-bd27-d3710feda97d" "txa9550938b9be489394106-006979195c" "proxy-server 20" 0.0184 "-" 23 0
Jan 27 20:00:28 standalone proxy-server[132624]: 172.18.0.2 172.18.0.100 27/Jan/2026/20/00/28 PUT /v1/AUTH_b428c619f3214c978c153235e9eb68d9/gnocchi.bbeec575-7440-40c6-bd27-d3710feda97d HTTP/1.0 201 - python-swiftclient-3.11.1 gAAAAABpeRjYyAct... - - - txa9550938b9be489394106-006979195c - 0.0234 - - 1769544028.327734709 1769544028.351167917 0
Jan 27 20:00:28 standalone container-server[130561]: 172.20.0.100 - - [27/Jan/2026:20:00:28 +0000] "HEAD /d1/828/AUTH_b428c619f3214c978c153235e9eb68d9/gnocchi.bbeec575-7440-40c6-bd27-d3710feda97d" 204 - "HEAD http://172.18.0.2:8080/v1/AUTH_b428c619f3214c978c153235e9eb68d9/gnocchi.bbeec575-7440-40c6-bd27-d3710feda97d?format=json&states=listing" "tx988a37d9f2164c339298f-006979195c" "proxy-server 20" 0.0014 "-" 23 0
Jan 27 20:00:28 standalone proxy-server[132624]: - - 27/Jan/2026/20/00/28 HEAD /v1/AUTH_b428c619f3214c978c153235e9eb68d9/gnocchi.bbeec575-7440-40c6-bd27-d3710feda97d%3Fformat%3Djson%26states%3Dlisting HTTP/1.0 204 - Swift - - - - tx988a37d9f2164c339298f-006979195c - 0.0044 RL - 1769544028.356194496 1769544028.360555172 0
Jan 27 20:00:28 standalone container-server[130561]: 172.20.0.100 - - [27/Jan/2026:20:00:28 +0000] "GET /d1/828/AUTH_b428c619f3214c978c153235e9eb68d9/gnocchi.bbeec575-7440-40c6-bd27-d3710feda97d" 200 2 "GET http://172.18.0.2:8080/v1/AUTH_b428c619f3214c978c153235e9eb68d9/gnocchi.bbeec575-7440-40c6-bd27-d3710feda97d?format=json&states=listing" "tx988a37d9f2164c339298f-006979195c" "proxy-server 20" 0.0022 "-" 23 0
Jan 27 20:00:28 standalone proxy-server[132624]: 172.18.0.2 172.18.0.100 27/Jan/2026/20/00/28 GET /v1/AUTH_b428c619f3214c978c153235e9eb68d9/gnocchi.bbeec575-7440-40c6-bd27-d3710feda97d%3Fformat%3Djson%26states%3Dlisting HTTP/1.0 200 - python-swiftclient-3.11.1 gAAAAABpeRjYyAct... - 2 - tx988a37d9f2164c339298f-006979195c - 0.0130 - - 1769544028.355192423 1769544028.368224144 0
Jan 27 20:00:28 standalone object-server[130810]: 172.20.0.100 - - [27/Jan/2026:20:00:28 +0000] "GET /d1/657/AUTH_b428c619f3214c978c153235e9eb68d9/gnocchi.bbeec575-7440-40c6-bd27-d3710feda97d/1769040000.0_mean_300.0_v3" 404 70 "GET http://172.18.0.2:8080/v1/AUTH_b428c619f3214c978c153235e9eb68d9/gnocchi.bbeec575-7440-40c6-bd27-d3710feda97d/1769040000.0_mean_300.0_v3" "tx17fd112732e6401eba11f-006979195c" "proxy-server 20" 0.0004 "-" 24 0
Jan 27 20:00:28 standalone proxy-server[132624]: 172.18.0.2 172.18.0.100 27/Jan/2026/20/00/28 GET /v1/AUTH_b428c619f3214c978c153235e9eb68d9/gnocchi.bbeec575-7440-40c6-bd27-d3710feda97d/1769040000.0_mean_300.0_v3 HTTP/1.0 404 - python-swiftclient-3.11.1 gAAAAABpeRjYyAct... - 70 - tx17fd112732e6401eba11f-006979195c - 0.0070 - - 1769544028.371947289 1769544028.378934622 0
Jan 27 20:00:28 standalone container-server[130561]: 172.20.0.100 - - [27/Jan/2026:20:00:28 +0000] "PUT /d1/828/AUTH_b428c619f3214c978c153235e9eb68d9/gnocchi.bbeec575-7440-40c6-bd27-d3710feda97d/1769040000.0_mean_300.0_v3" 201 - "PUT http://172.18.0.2:8080/d1/657/AUTH_b428c619f3214c978c153235e9eb68d9/gnocchi.bbeec575-7440-40c6-bd27-d3710feda97d/1769040000.0_mean_300.0_v3" "tx3b287b5bd8db49cc9e20a-006979195c" "object-server 22" 0.0005 "-" 23 0
Jan 27 20:00:28 standalone object-server[130807]: 172.20.0.100 - - [27/Jan/2026:20:00:28 +0000] "PUT /d1/657/AUTH_b428c619f3214c978c153235e9eb68d9/gnocchi.bbeec575-7440-40c6-bd27-d3710feda97d/1769040000.0_mean_300.0_v3" 201 - "PUT http://172.18.0.2:8080/v1/AUTH_b428c619f3214c978c153235e9eb68d9/gnocchi.bbeec575-7440-40c6-bd27-d3710feda97d/1769040000.0_mean_300.0_v3" "tx3b287b5bd8db49cc9e20a-006979195c" "proxy-server 20" 0.0140 "-" 22 0
Jan 27 20:00:28 standalone proxy-server[132624]: 172.18.0.2 172.18.0.100 27/Jan/2026/20/00/28 PUT /v1/AUTH_b428c619f3214c978c153235e9eb68d9/gnocchi.bbeec575-7440-40c6-bd27-d3710feda97d/1769040000.0_mean_300.0_v3 HTTP/1.0 201 - python-swiftclient-3.11.1 gAAAAABpeRjYyAct... 16 - - tx3b287b5bd8db49cc9e20a-006979195c - 0.0200 - - 1769544028.382177591 1769544028.402186155 0
Jan 27 20:00:28 standalone container-server[130561]: 172.20.0.100 - - [27/Jan/2026:20:00:28 +0000] "PUT /d1/828/AUTH_b428c619f3214c978c153235e9eb68d9/gnocchi.bbeec575-7440-40c6-bd27-d3710feda97d/none_v3" 201 - "PUT http://172.18.0.2:8080/d1/21/AUTH_b428c619f3214c978c153235e9eb68d9/gnocchi.bbeec575-7440-40c6-bd27-d3710feda97d/none_v3" "tx76d1b0554424457bb9b91-006979195c" "object-server 25" 0.0004 "-" 23 0
Jan 27 20:00:28 standalone object-server[130814]: 172.20.0.100 - - [27/Jan/2026:20:00:28 +0000] "PUT /d1/21/AUTH_b428c619f3214c978c153235e9eb68d9/gnocchi.bbeec575-7440-40c6-bd27-d3710feda97d/none_v3" 201 - "PUT http://172.18.0.2:8080/v1/AUTH_b428c619f3214c978c153235e9eb68d9/gnocchi.bbeec575-7440-40c6-bd27-d3710feda97d/none_v3" "tx76d1b0554424457bb9b91-006979195c" "proxy-server 20" 0.0103 "-" 25 0
Jan 27 20:00:28 standalone proxy-server[132624]: 172.18.0.2 172.18.0.100 27/Jan/2026/20/00/28 PUT /v1/AUTH_b428c619f3214c978c153235e9eb68d9/gnocchi.bbeec575-7440-40c6-bd27-d3710feda97d/none_v3 HTTP/1.0 201 - python-swiftclient-3.11.1 gAAAAABpeRjYyAct... 22 - - tx76d1b0554424457bb9b91-006979195c - 0.0253 - - 1769544028.404998064 1769544028.430337906 0
Jan 27 20:00:28 standalone container-server[130560]: 172.20.0.100 - - [27/Jan/2026:20:00:28 +0000] "HEAD /d1/198/AUTH_b428c619f3214c978c153235e9eb68d9/gnocchi.652283c0-a65c-4097-b9ed-460b2f537e07" 404 - "HEAD http://172.18.0.2:8080/v1/AUTH_b428c619f3214c978c153235e9eb68d9/gnocchi.652283c0-a65c-4097-b9ed-460b2f537e07?format=json&states=listing" "tx0bb58dd505be41818f602-006979195c" "proxy-server 20" 0.0004 "-" 22 0
Jan 27 20:00:28 standalone object-server[130814]: 172.20.0.100 - - [27/Jan/2026:20:00:28 +0000] "GET /d1/904/AUTH_b428c619f3214c978c153235e9eb68d9/gnocchi.652283c0-a65c-4097-b9ed-460b2f537e07/none_v3" 404 70 "GET http://172.18.0.2:8080/v1/AUTH_b428c619f3214c978c153235e9eb68d9/gnocchi.652283c0-a65c-4097-b9ed-460b2f537e07/none_v3" "tx0bb58dd505be41818f602-006979195c" "proxy-server 20" 0.0004 "-" 25 0
Jan 27 20:00:28 standalone proxy-server[132624]: 172.18.0.2 172.18.0.100 27/Jan/2026/20/00/28 GET /v1/AUTH_b428c619f3214c978c153235e9eb68d9/gnocchi.652283c0-a65c-4097-b9ed-460b2f537e07/none_v3 HTTP/1.0 404 - python-swiftclient-3.11.1 gAAAAABpeRjYyAct... - 70 - tx0bb58dd505be41818f602-006979195c - 0.0088 - - 1769544028.440195560 1769544028.448992968 0
Jan 27 20:00:28 standalone account-server[130426]: 172.20.0.100 - - [27/Jan/2026:20:00:28 +0000] "PUT /d1/225/AUTH_b428c619f3214c978c153235e9eb68d9/gnocchi.652283c0-a65c-4097-b9ed-460b2f537e07" 201 - "PUT http://172.20.0.100:6001/d1/198/AUTH_b428c619f3214c978c153235e9eb68d9/gnocchi.652283c0-a65c-4097-b9ed-460b2f537e07" "txb67d66a8ec514c92b9cb4-006979195c" "container-server 19" 0.0040 "-" 20 0
Jan 27 20:00:28 standalone container-server[130536]: 172.20.0.100 - - [27/Jan/2026:20:00:28 +0000] "PUT /d1/198/AUTH_b428c619f3214c978c153235e9eb68d9/gnocchi.652283c0-a65c-4097-b9ed-460b2f537e07" 201 - "PUT http://172.18.0.2:8080/v1/AUTH_b428c619f3214c978c153235e9eb68d9/gnocchi.652283c0-a65c-4097-b9ed-460b2f537e07" "txb67d66a8ec514c92b9cb4-006979195c" "proxy-server 20" 0.0162 "-" 19 0
Jan 27 20:00:28 standalone proxy-server[132624]: 172.18.0.2 172.18.0.100 27/Jan/2026/20/00/28 PUT /v1/AUTH_b428c619f3214c978c153235e9eb68d9/gnocchi.652283c0-a65c-4097-b9ed-460b2f537e07 HTTP/1.0 201 - python-swiftclient-3.11.1 gAAAAABpeRjYyAct... - - - txb67d66a8ec514c92b9cb4-006979195c - 0.0211 - - 1769544028.450859785 1769544028.471941710 0
Jan 27 20:00:28 standalone container-server[130561]: 172.20.0.100 - - [27/Jan/2026:20:00:28 +0000] "HEAD /d1/198/AUTH_b428c619f3214c978c153235e9eb68d9/gnocchi.652283c0-a65c-4097-b9ed-460b2f537e07" 204 - "HEAD http://172.18.0.2:8080/v1/AUTH_b428c619f3214c978c153235e9eb68d9/gnocchi.652283c0-a65c-4097-b9ed-460b2f537e07?format=json&states=listing" "tx97a0e4337c874505860ea-006979195c" "proxy-server 20" 0.0011 "-" 23 0
Jan 27 20:00:28 standalone proxy-server[132624]: - - 27/Jan/2026/20/00/28 HEAD /v1/AUTH_b428c619f3214c978c153235e9eb68d9/gnocchi.652283c0-a65c-4097-b9ed-460b2f537e07%3Fformat%3Djson%26states%3Dlisting HTTP/1.0 204 - Swift - - - - tx97a0e4337c874505860ea-006979195c - 0.0039 RL - 1769544028.476048708 1769544028.479915857 0
Jan 27 20:00:28 standalone container-server[130536]: 172.20.0.100 - - [27/Jan/2026:20:00:28 +0000] "GET /d1/198/AUTH_b428c619f3214c978c153235e9eb68d9/gnocchi.652283c0-a65c-4097-b9ed-460b2f537e07" 200 2 "GET http://172.18.0.2:8080/v1/AUTH_b428c619f3214c978c153235e9eb68d9/gnocchi.652283c0-a65c-4097-b9ed-460b2f537e07?format=json&states=listing" "tx97a0e4337c874505860ea-006979195c" "proxy-server 20" 0.0031 "-" 19 0
Jan 27 20:00:28 standalone proxy-server[132624]: 172.18.0.2 172.18.0.100 27/Jan/2026/20/00/28 GET /v1/AUTH_b428c619f3214c978c153235e9eb68d9/gnocchi.652283c0-a65c-4097-b9ed-460b2f537e07%3Fformat%3Djson%26states%3Dlisting HTTP/1.0 200 - python-swiftclient-3.11.1 gAAAAABpeRjYyAct... - 2 - tx97a0e4337c874505860ea-006979195c - 0.0161 - - 1769544028.475132227 1769544028.491243124 0
Jan 27 20:00:28 standalone object-server[130810]: 172.20.0.100 - - [27/Jan/2026:20:00:28 +0000] "GET /d1/583/AUTH_b428c619f3214c978c153235e9eb68d9/gnocchi.652283c0-a65c-4097-b9ed-460b2f537e07/1769040000.0_mean_300.0_v3" 404 70 "GET http://172.18.0.2:8080/v1/AUTH_b428c619f3214c978c153235e9eb68d9/gnocchi.652283c0-a65c-4097-b9ed-460b2f537e07/1769040000.0_mean_300.0_v3" "tx07f9373c33b24aa1a9b8c-006979195c" "proxy-server 20" 0.0003 "-" 24 0
Jan 27 20:00:28 standalone proxy-server[132624]: 172.18.0.2 172.18.0.100 27/Jan/2026/20/00/28 GET /v1/AUTH_b428c619f3214c978c153235e9eb68d9/gnocchi.652283c0-a65c-4097-b9ed-460b2f537e07/1769040000.0_mean_300.0_v3 HTTP/1.0 404 - python-swiftclient-3.11.1 gAAAAABpeRjYyAct... - 70 - tx07f9373c33b24aa1a9b8c-006979195c - 0.0046 - - 1769544028.494548082 1769544028.499127626 0
Jan 27 20:00:28 standalone container-server[130561]: 172.20.0.100 - - [27/Jan/2026:20:00:28 +0000] "PUT /d1/198/AUTH_b428c619f3214c978c153235e9eb68d9/gnocchi.652283c0-a65c-4097-b9ed-460b2f537e07/1769040000.0_mean_300.0_v3" 201 - "PUT http://172.18.0.2:8080/d1/583/AUTH_b428c619f3214c978c153235e9eb68d9/gnocchi.652283c0-a65c-4097-b9ed-460b2f537e07/1769040000.0_mean_300.0_v3" "txc0ad20c738934972bee0a-006979195c" "object-server 23" 0.0006 "-" 23 0
Jan 27 20:00:28 standalone object-server[130809]: 172.20.0.100 - - [27/Jan/2026:20:00:28 +0000] "PUT /d1/583/AUTH_b428c619f3214c978c153235e9eb68d9/gnocchi.652283c0-a65c-4097-b9ed-460b2f537e07/1769040000.0_mean_300.0_v3" 201 - "PUT http://172.18.0.2:8080/v1/AUTH_b428c619f3214c978c153235e9eb68d9/gnocchi.652283c0-a65c-4097-b9ed-460b2f537e07/1769040000.0_mean_300.0_v3" "txc0ad20c738934972bee0a-006979195c" "proxy-server 20" 0.0156 "-" 23 0
Jan 27 20:00:28 standalone proxy-server[132624]: 172.18.0.2 172.18.0.100 27/Jan/2026/20/00/28 PUT /v1/AUTH_b428c619f3214c978c153235e9eb68d9/gnocchi.652283c0-a65c-4097-b9ed-460b2f537e07/1769040000.0_mean_300.0_v3 HTTP/1.0 201 - python-swiftclient-3.11.1 gAAAAABpeRjYyAct... 16 - - txc0ad20c738934972bee0a-006979195c - 0.0212 - - 1769544028.501403332 1769544028.522559643 0
