Mar 17 10:35:29.567654 np0005649721.novalocal devstack@neutron-api.service[113269]: DEBUG neutron.plugins.ml2.drivers.ovn.mech_driver.ovsdb.ovsdb_monitor [None req-8b4f6fc6-8730-49a1-9169-c06c456183e2 None None] Hash Ring: Node f622845a69875100a2f6853398430e26 (host: np0005649721.novalocal) handling event "update" for row 7d33ba54-fd1f-4a10-833a-7940f4bfc6bc (table: Logical_Switch) {{(pid=113269) notify /opt/stack/neutron/neutron/plugins/ml2/drivers/ovn/mech_driver/ovsdb/ovsdb_monitor.py:906}}
Mar 17 10:35:29.568923 np0005649721.novalocal devstack@neutron-api.service[113269]: DEBUG neutron.plugins.ml2.drivers.ovn.mech_driver.ovsdb.ovsdb_monitor [None req-8b4f6fc6-8730-49a1-9169-c06c456183e2 None None] Touching Hash Ring node "f622845a69875100a2f6853398430e26" from IDL notify handler {{(pid=113269) notify /opt/stack/neutron/neutron/plugins/ml2/drivers/ovn/mech_driver/ovsdb/ovsdb_monitor.py:898}}
Mar 17 10:35:29.572092 np0005649721.novalocal devstack@neutron-api.service[113268]: DEBUG neutron.plugins.ml2.drivers.ovn.mech_driver.ovsdb.ovsdb_monitor [None req-2597c458-7a9c-4ad0-93f4-0a9a3ddd515a None None] Touching Hash Ring node "ff1cbf908c6d55a5b7f443b3d7337855" from IDL notify handler {{(pid=113268) notify /opt/stack/neutron/neutron/plugins/ml2/drivers/ovn/mech_driver/ovsdb/ovsdb_monitor.py:898}}
Mar 17 10:35:29.573905 np0005649721.novalocal devstack@neutron-api.service[113268]: DEBUG neutron.plugins.ml2.drivers.ovn.mech_driver.ovsdb.ovsdb_monitor [None req-4f6520fe-750e-4168-a3d7-1a18ac9fdb42 None None] Hash Ring: Node ff1cbf908c6d55a5b7f443b3d7337855 (host: np0005649721.novalocal) handling event "update" for row 6fa2b4e9-5544-4849-891c-9fa06dd42e2b (table: Port_Group) {{(pid=113268) notify /opt/stack/neutron/neutron/plugins/ml2/drivers/ovn/mech_driver/ovsdb/ovsdb_monitor.py:906}}
Mar 17 10:35:29.574761 np0005649721.novalocal devstack@neutron-api.service[113269]: DEBUG neutron.plugins.ml2.drivers.ovn.mech_driver.ovsdb.ovsdb_monitor [None req-8b4f6fc6-8730-49a1-9169-c06c456183e2 None None] Hash Ring: Node f622845a69875100a2f6853398430e26 (host: np0005649721.novalocal) handling event "create" for row 0683931a-8434-49f5-859e-21f318aa13b6 (table: Logical_Switch_Port) {{(pid=113269) notify /opt/stack/neutron/neutron/plugins/ml2/drivers/ovn/mech_driver/ovsdb/ovsdb_monitor.py:906}}
Mar 17 10:35:29.575496 np0005649721.novalocal devstack@neutron-api.service[113268]: DEBUG neutron.plugins.ml2.drivers.ovn.mech_driver.ovsdb.ovsdb_monitor [None req-2597c458-7a9c-4ad0-93f4-0a9a3ddd515a None None] Hash Ring: Node ff1cbf908c6d55a5b7f443b3d7337855 (host: np0005649721.novalocal) handling event "create" for row 9157e62b-967e-4abf-9ed6-671bc061714c (table: Port_Binding) {{(pid=113268) notify /opt/stack/neutron/neutron/plugins/ml2/drivers/ovn/mech_driver/ovsdb/ovsdb_monitor.py:906}}
Mar 17 10:35:29.576209 np0005649721.novalocal devstack@neutron-api.service[113269]: DEBUG ovsdbapp.backend.ovs_idl.event [None req-8b4f6fc6-8730-49a1-9169-c06c456183e2 None None] Matched CREATE: LogicalSwitchPortCreateEvent(events=('create',), table='Logical_Switch_Port', conditions=[], old_conditions=None), priority=20 to row=Logical_Switch_Port(uuid=0683931a-8434-49f5-859e-21f318aa13b6, addresses=['fa:16:3e:f1:8b:06 192.168.233.131'], dhcpv4_options=fc2a0a67-b6f6-4e4b-a04b-ff67ba44d4d2, dhcpv6_options=[], dynamic_addresses=[], enabled=True, external_ids={'neutron:cidrs': '192.168.233.131/24', 'neutron:device_id': '3ed1504c-2467-446e-a761-4b28527d5ad2', 'neutron:device_owner': '', 'neutron:mtu': '', 'neutron:network_name': 'neutron-7d33ba54-fd1f-4a10-833a-7940f4bfc6bc', 'neutron:port_capabilities': '', 'neutron:port_name': '', 'neutron:project_id': '4aa4642c2a074af3b1497e99515bc78f', 'neutron:revision_number': '1', 'neutron:security_group_ids': '4d559a9a-2a18-4754-ae00-50aa5cfe4cc0', 'neutron:subnet_pool_addr_scope4': '', 'neutron:subnet_pool_addr_scope6': '', 'neutron:vnic_type': 'normal'}, ha_chassis_group=[], mirror_rules=[], name='818211ae-0159-401d-9225-4c956273b520', options={}, parent_name=[], port_security=['fa:16:3e:f1:8b:06 192.168.233.131'], tag=[], tag_request=[], type='', up=[]) old= {{(pid=113269) matches /usr/local/lib/python3.12/site-packages/ovsdbapp/backend/ovs_idl/event.py:55}}
Mar 17 10:35:29.578558 np0005649721.novalocal devstack@neutron-api.service[113269]: DEBUG neutron.plugins.ml2.drivers.ovn.mech_driver.ovsdb.ovsdb_monitor [None req-8b4f6fc6-8730-49a1-9169-c06c456183e2 None None] Touching Hash Ring node "f622845a69875100a2f6853398430e26" from IDL notify handler {{(pid=113269) notify /opt/stack/neutron/neutron/plugins/ml2/drivers/ovn/mech_driver/ovsdb/ovsdb_monitor.py:898}}
Mar 17 10:35:29.579495 np0005649721.novalocal devstack@neutron-api.service[113269]: INFO neutron.plugins.ml2.drivers.ovn.mech_driver.mech_driver [None req-61815133-db20-46d8-9cec-d22e24e18aed None None] OVN reports status down for port: 818211ae-0159-401d-9225-4c956273b520
Mar 17 10:35:29.581653 np0005649721.novalocal devstack@neutron-api.service[113269]: DEBUG neutron.plugins.ml2.drivers.ovn.mech_driver.ovsdb.ovsdb_monitor [None req-8b4f6fc6-8730-49a1-9169-c06c456183e2 None None] Hash Ring: Node f622845a69875100a2f6853398430e26 (host: np0005649721.novalocal) handling event "update" for row 0cba081d-6b21-4241-b4ae-11782b73a939 (table: Port_Group) {{(pid=113269) notify /opt/stack/neutron/neutron/plugins/ml2/drivers/ovn/mech_driver/ovsdb/ovsdb_monitor.py:906}}
Mar 17 10:35:29.583633 np0005649721.novalocal devstack@neutron-api.service[113269]: DEBUG neutron.plugins.ml2.drivers.ovn.mech_driver.ovsdb.ovsdb_monitor [None req-8b4f6fc6-8730-49a1-9169-c06c456183e2 None None] Touching Hash Ring node "f622845a69875100a2f6853398430e26" from IDL notify handler {{(pid=113269) notify /opt/stack/neutron/neutron/plugins/ml2/drivers/ovn/mech_driver/ovsdb/ovsdb_monitor.py:898}}
Mar 17 10:35:29.585993 np0005649721.novalocal devstack@neutron-api.service[113269]: DEBUG neutron.plugins.ml2.drivers.ovn.mech_driver.ovsdb.ovsdb_monitor [None req-8b4f6fc6-8730-49a1-9169-c06c456183e2 None None] Hash Ring: Node f622845a69875100a2f6853398430e26 (host: np0005649721.novalocal) handling event "update" for row 0683931a-8434-49f5-859e-21f318aa13b6 (table: Logical_Switch_Port) {{(pid=113269) notify /opt/stack/neutron/neutron/plugins/ml2/drivers/ovn/mech_driver/ovsdb/ovsdb_monitor.py:906}}
Mar 17 10:35:29.596580 np0005649721.novalocal devstack@neutron-api.service[113268]: INFO neutron.db.ovn_revision_numbers_db [req-5fe8bec8-1bd4-4d6c-a152-32cde6dfdad0 req-fa95eb3d-bcc2-41ec-928b-bcf0f02756b3 tempest-ImageDependencyTests-180171152 tempest-ImageDependencyTests-180171152-project-member] Successfully bumped revision number for resource 818211ae-0159-401d-9225-4c956273b520 (type: ports) to 1
Mar 17 10:35:29.615951 np0005649721.novalocal devstack@neutron-api.service[113269]: DEBUG neutron.db.provisioning_blocks [None req-61815133-db20-46d8-9cec-d22e24e18aed None None] Transition to ACTIVE for port object 818211ae-0159-401d-9225-4c956273b520 will not be triggered until provisioned by entity L2. {{(pid=113269) add_provisioning_component /opt/stack/neutron/neutron/db/provisioning_blocks.py:74}}
Mar 17 10:35:29.630664 np0005649721.novalocal devstack@neutron-api.service[113268]: DEBUG neutron.pecan_wsgi.hooks.policy_enforcement [req-5fe8bec8-1bd4-4d6c-a152-32cde6dfdad0 req-fa95eb3d-bcc2-41ec-928b-bcf0f02756b3 tempest-ImageDependencyTests-180171152 tempest-ImageDependencyTests-180171152-project-member] Attributes excluded by policy engine: ['standard_attr_id', 'binding:profile', 'binding:host_id', 'binding:vif_type', 'binding:vif_details', 'network'] {{(pid=113268) _exclude_attributes_by_policy /opt/stack/neutron/neutron/pecan_wsgi/hooks/policy_enforcement.py:258}}
Mar 17 10:35:29.630664 np0005649721.novalocal devstack@neutron-api.service[113268]: DEBUG neutron_lib.callbacks.manager [req-5fe8bec8-1bd4-4d6c-a152-32cde6dfdad0 req-fa95eb3d-bcc2-41ec-928b-bcf0f02756b3 tempest-ImageDependencyTests-180171152 tempest-ImageDependencyTests-180171152-project-member] Publish callbacks ['neutron.notifiers.nova.Notifier._send_nova_notification-118347'] for port (None), before_response {{(pid=113268) _notify_loop /usr/local/lib/python3.12/site-packages/neutron_lib/callbacks/manager.py:184}}
Mar 17 10:35:29.639358 np0005649721.novalocal devstack@neutron-api.service[113268]: [pid: 113268|app: 0|req: 2231/4460] 38.102.83.89 () {78 vars in 1661 bytes} [Tue Mar 17 10:35:29 2026] POST /networking/v2.0/ports => generated 734 bytes in 594 msecs (HTTP/1.1 201) 4 headers in 162 bytes (1 switches on core 0)
Mar 17 10:35:29.643047 np0005649721.novalocal devstack@neutron-api.service[113269]: DEBUG neutron.plugins.ml2.plugin [None req-61815133-db20-46d8-9cec-d22e24e18aed None None] Current status of the port 818211ae-0159-401d-9225-4c956273b520 is: DOWN; New status is: DOWN {{(pid=113269) _update_individual_port_db_status /opt/stack/neutron/neutron/plugins/ml2/plugin.py:2466}}
Mar 17 10:35:29.644549 np0005649721.novalocal devstack@neutron-api.service[113269]: DEBUG ovsdbapp.backend.ovs_idl.transaction [None req-8b4f6fc6-8730-49a1-9169-c06c456183e2 None None] Running txn n=1 command(idx=0): DbRemoveCommand(_result=None, table=Logical_Switch_Port, record=818211ae-0159-401d-9225-4c956273b520, column=external_ids, values=('neutron:host_id',), keyvalues={}, if_exists=True) {{(pid=113269) do_commit /usr/local/lib/python3.12/site-packages/ovsdbapp/backend/ovs_idl/transaction.py:89}}
Mar 17 10:35:29.650994 np0005649721.novalocal devstack@neutron-api.service[113269]: DEBUG neutron.api.v2.base [req-5fe8bec8-1bd4-4d6c-a152-32cde6dfdad0 req-bc7b730d-5cc7-4c0e-b633-a20693dd4021 service nova] Request body: {'port': {'device_id': '3ed1504c-2467-446e-a761-4b28527d5ad2', 'device_owner': 'compute:nova', 'binding:host_id': 'np0005649721.novalocal', 'dns_name': 'instance-depend-image'}} {{(pid=113269) prepare_request_body /opt/stack/neutron/neutron/api/v2/base.py:729}}
Mar 17 10:35:29.699015 np0005649721.novalocal devstack@neutron-api.service[113269]: DEBUG neutron_lib.callbacks.manager [req-5fe8bec8-1bd4-4d6c-a152-32cde6dfdad0 req-bc7b730d-5cc7-4c0e-b633-a20693dd4021 service nova] Publish callbacks ['neutron.plugins.ml2.plugin.SecurityGroupDbMixin._ensure_default_security_group_handler-363780', 'neutron.services.ovn_l3.plugin.OVNL3RouterPlugin._port_update-8758026460284', 'neutron.db.l3_db.L3_NAT_dbonly_mixin._prevent_internal_ip_change_for_fip-8758028351438'] for port (818211ae-0159-401d-9225-4c956273b520), before_update {{(pid=113269) _notify_loop /usr/local/lib/python3.12/site-packages/neutron_lib/callbacks/manager.py:184}}
Mar 17 10:35:29.787051 np0005649721.novalocal devstack@neutron-api.service[113269]: DEBUG neutron.notifiers.nova [req-5fe8bec8-1bd4-4d6c-a152-32cde6dfdad0 req-bc7b730d-5cc7-4c0e-b633-a20693dd4021 service nova] Ignoring state change previous_port_status: DOWN current_port_status: DOWN port_id 818211ae-0159-401d-9225-4c956273b520 {{(pid=113269) record_port_status_changed /opt/stack/neutron/neutron/notifiers/nova.py:234}}
Mar 17 10:35:29.790463 np0005649721.novalocal devstack@neutron-api.service[113269]: DEBUG neutron_lib.callbacks.manager [req-5fe8bec8-1bd4-4d6c-a152-32cde6dfdad0 req-bc7b730d-5cc7-4c0e-b633-a20693dd4021 service nova] Publish callbacks [] for port (818211ae-0159-401d-9225-4c956273b520), precommit_update {{(pid=113269) _notify_loop /usr/local/lib/python3.12/site-packages/neutron_lib/callbacks/manager.py:184}}
Mar 17 10:35:29.792892 np0005649721.novalocal devstack@neutron-api.service[113269]: DEBUG neutron.db.provisioning_blocks [req-5fe8bec8-1bd4-4d6c-a152-32cde6dfdad0 req-bc7b730d-5cc7-4c0e-b633-a20693dd4021 service nova] Ignored duplicate provisioning block setup for port 818211ae-0159-401d-9225-4c956273b520 by entity L2. {{(pid=113269) add_provisioning_component /opt/stack/neutron/neutron/db/provisioning_blocks.py:69}}
Mar 17 10:35:29.794334 np0005649721.novalocal devstack@neutron-api.service[113269]: DEBUG neutron_lib.callbacks.manager [req-5fe8bec8-1bd4-4d6c-a152-32cde6dfdad0 req-bc7b730d-5cc7-4c0e-b633-a20693dd4021 service nova] Publish callbacks ['neutron.plugins.ml2.ovo_rpc._ObjectChangeHandler.handle_event-2477432', 'neutron.db.l3_db.L3RpcNotifierMixin._notify_gateway_port_ip_changed-8758028356498', 'neutron.services.ovn_l3.plugin.OVNL3RouterPlugin._port_update-8758026460284', 'neutron.services.segments.plugin.NovaSegmentNotifier._notify_port_updated-1066481248'] for port (818211ae-0159-401d-9225-4c956273b520), after_update {{(pid=113269) _notify_loop /usr/local/lib/python3.12/site-packages/neutron_lib/callbacks/manager.py:184}}
Mar 17 10:35:29.808998 np0005649721.novalocal devstack@neutron-api.service[113269]: DEBUG neutron.api.rpc.handlers.resources_rpc [req-5fe8bec8-1bd4-4d6c-a152-32cde6dfdad0 req-bc7b730d-5cc7-4c0e-b633-a20693dd4021 service nova] Pushing event updated for resources: {'Port': ['ID=818211ae-0159-401d-9225-4c956273b520,revision_number=2']} {{(pid=113269) push /opt/stack/neutron/neutron/api/rpc/handlers/resources_rpc.py:237}}
Mar 17 10:35:29.840933 np0005649721.novalocal devstack@neutron-api.service[113269]: DEBUG ovsdbapp.backend.ovs_idl.transaction [None req-8b4f6fc6-8730-49a1-9169-c06c456183e2 None None] Running txn n=1 command(idx=0): CheckRevisionNumberCommand(_result=None, name=818211ae-0159-401d-9225-4c956273b520, resource={'id': '818211ae-0159-401d-9225-4c956273b520', 'name': '', 'network_id': '7d33ba54-fd1f-4a10-833a-7940f4bfc6bc', 'project_id': '4aa4642c2a074af3b1497e99515bc78f', 'mac_address': 'fa:16:3e:f1:8b:06', 'admin_state_up': True, 'status': 'DOWN', 'device_id': '3ed1504c-2467-446e-a761-4b28527d5ad2', 'device_owner': 'compute:nova', 'standard_attr_id': 1204, 'fixed_ips': [{'subnet_id': 'a59cceb8-c7f3-4491-9fbb-803c1ea15f67', 'ip_address': '192.168.233.131'}], 'allowed_address_pairs': [], 'extra_dhcp_opts': [], 'security_groups': ['4d559a9a-2a18-4754-ae00-50aa5cfe4cc0'], 'description': '', 'binding:vnic_type': 'normal', 'binding:profile': {}, 'binding:host_id': 'np0005649721.novalocal', 'binding:vif_type': 'unbound', 'binding:vif_details': {}, 'port_security_enabled': True, 'tags': [], 'created_at': '2026-03-17T14:35:29Z', 'updated_at': '2026-03-17T14:35:29Z', 'revision_number': 2, 'tenant_id': '4aa4642c2a074af3b1497e99515bc78f', 'network': {'id': '7d33ba54-fd1f-4a10-833a-7940f4bfc6bc', 'name': 'shared', 'tenant_id': '49b86e53968b4cb0a63f7e8654ed616a', 'project_id': '49b86e53968b4cb0a63f7e8654ed616a', 'admin_state_up': True, 'mtu': 1372, 'status': 'ACTIVE', 'subnets': ['a59cceb8-c7f3-4491-9fbb-803c1ea15f67'], 'standard_attr_id': 26, 'shared': True, 'availability_zone_hints': [], 'availability_zones': [], 'ipv4_address_scope': None, 'ipv6_address_scope': None, 'router:external': False, 'qinq': False, 'vlan_transparent': False, 'description': '', 'port_security_enabled': True, 'tags': [], 'created_at': '2026-03-17T14:23:33Z', 'updated_at': '2026-03-17T14:23:34Z', 'revision_number': 2, 'provider:network_type': 'geneve', 'provider:physical_network': None, 'provider:segmentation_id': 20609}}, resource_type=ports, if_exists=True) {{(pid=113269) do_commit /usr/local/lib/python3.12/site-packages/ovsdbapp/backend/ovs_idl/transaction.py:89}}
Mar 17 10:35:29.841522 np0005649721.novalocal devstack@neutron-api.service[113269]: DEBUG ovsdbapp.backend.ovs_idl.transaction [None req-8b4f6fc6-8730-49a1-9169-c06c456183e2 None None] Running txn n=1 command(idx=1): SetLSwitchPortCommand(_result=None, lport=818211ae-0159-401d-9225-4c956273b520, external_ids_update=None, columns={'external_ids': {'neutron:port_name': '', 'neutron:device_id': '3ed1504c-2467-446e-a761-4b28527d5ad2', 'neutron:project_id': '4aa4642c2a074af3b1497e99515bc78f', 'neutron:cidrs': '192.168.233.131/24', 'neutron:device_owner': 'compute:nova', 'neutron:subnet_pool_addr_scope4': '', 'neutron:subnet_pool_addr_scope6': '', 'neutron:network_name': 'neutron-7d33ba54-fd1f-4a10-833a-7940f4bfc6bc', 'neutron:security_group_ids': '4d559a9a-2a18-4754-ae00-50aa5cfe4cc0', 'neutron:revision_number': '2', 'neutron:vnic_type': 'normal', 'neutron:port_capabilities': '', 'neutron:mtu': ''}, 'parent_name': [], 'tag': [], 'options': {'requested-chassis': 'np0005649721.novalocal'}, 'enabled': True, 'port_security': ['fa:16:3e:f1:8b:06 192.168.233.131'], 'dhcpv4_options': [UUID('fc2a0a67-b6f6-4e4b-a04b-ff67ba44d4d2')], 'dhcpv6_options': [], 'type': '', 'addresses': ['fa:16:3e:f1:8b:06 192.168.233.131'], 'ha_chassis_group': []}, if_exists=False) {{(pid=113269) do_commit /usr/local/lib/python3.12/site-packages/ovsdbapp/backend/ovs_idl/transaction.py:89}}
Mar 17 10:35:29.842643 np0005649721.novalocal devstack@neutron-api.service[113269]: DEBUG ovsdbapp.backend.ovs_idl.transaction [None req-8b4f6fc6-8730-49a1-9169-c06c456183e2 None None] Running txn n=1 command(idx=2): PgAddPortCommand(_result=None, port_group=neutron_pg_drop, lsp=['818211ae-0159-401d-9225-4c956273b520'], if_exists=False) {{(pid=113269) do_commit /usr/local/lib/python3.12/site-packages/ovsdbapp/backend/ovs_idl/transaction.py:89}}
Mar 17 10:35:29.846208 np0005649721.novalocal devstack@neutron-api.service[113269]: DEBUG neutron.plugins.ml2.drivers.ovn.mech_driver.ovsdb.ovsdb_monitor [None req-8b4f6fc6-8730-49a1-9169-c06c456183e2 None None] Touching Hash Ring node "f622845a69875100a2f6853398430e26" from IDL notify handler {{(pid=113269) notify /opt/stack/neutron/neutron/plugins/ml2/drivers/ovn/mech_driver/ovsdb/ovsdb_monitor.py:898}}
Mar 17 10:35:29.848373 np0005649721.novalocal devstack@neutron-api.service[113268]: DEBUG neutron.plugins.ml2.drivers.ovn.mech_driver.ovsdb.ovsdb_monitor [None req-2597c458-7a9c-4ad0-93f4-0a9a3ddd515a None None] Touching Hash Ring node "ff1cbf908c6d55a5b7f443b3d7337855" from IDL notify handler {{(pid=113268) notify /opt/stack/neutron/neutron/plugins/ml2/drivers/ovn/mech_driver/ovsdb/ovsdb_monitor.py:898}}
Mar 17 10:35:29.851669 np0005649721.novalocal devstack@neutron-api.service[113269]: DEBUG neutron.plugins.ml2.drivers.ovn.mech_driver.ovsdb.ovsdb_monitor [None req-8b4f6fc6-8730-49a1-9169-c06c456183e2 None None] Hash Ring: Node f622845a69875100a2f6853398430e26 (host: np0005649721.novalocal) handling event "update" for row 0683931a-8434-49f5-859e-21f318aa13b6 (table: Logical_Switch_Port) {{(pid=113269) notify /opt/stack/neutron/neutron/plugins/ml2/drivers/ovn/mech_driver/ovsdb/ovsdb_monitor.py:906}}
Mar 17 10:35:29.851841 np0005649721.novalocal devstack@neutron-api.service[113268]: DEBUG neutron.plugins.ml2.drivers.ovn.mech_driver.ovsdb.ovsdb_monitor [None req-2597c458-7a9c-4ad0-93f4-0a9a3ddd515a None None] Hash Ring: Node ff1cbf908c6d55a5b7f443b3d7337855 (host: np0005649721.novalocal) handling event "update" for row 9157e62b-967e-4abf-9ed6-671bc061714c (table: Port_Binding) {{(pid=113268) notify /opt/stack/neutron/neutron/plugins/ml2/drivers/ovn/mech_driver/ovsdb/ovsdb_monitor.py:906}}
Mar 17 10:35:29.870633 np0005649721.novalocal devstack@neutron-api.service[113269]: INFO neutron.db.ovn_revision_numbers_db [req-5fe8bec8-1bd4-4d6c-a152-32cde6dfdad0 req-bc7b730d-5cc7-4c0e-b633-a20693dd4021 service nova] Successfully bumped revision number for resource 818211ae-0159-401d-9225-4c956273b520 (type: ports) to 2
Mar 17 10:35:29.879287 np0005649721.novalocal devstack@neutron-api.service[113269]: DEBUG neutron.plugins.ml2.managers [req-5fe8bec8-1bd4-4d6c-a152-32cde6dfdad0 req-bc7b730d-5cc7-4c0e-b633-a20693dd4021 service nova] Attempting to bind port 818211ae-0159-401d-9225-4c956273b520 on host np0005649721.novalocal for vnic_type normal with profile {{(pid=113269) bind_port /opt/stack/neutron/neutron/plugins/ml2/managers.py:814}}
Mar 17 10:35:29.879443 np0005649721.novalocal devstack@neutron-api.service[113269]: DEBUG neutron.plugins.ml2.managers [req-5fe8bec8-1bd4-4d6c-a152-32cde6dfdad0 req-bc7b730d-5cc7-4c0e-b633-a20693dd4021 service nova] Attempting to bind port 818211ae-0159-401d-9225-4c956273b520 by drivers ovn on host np0005649721.novalocal at level 0 using segments [{'id': '8bf1dbfe-442f-409e-86a8-cb512fe1fe0f', 'network_type': 'geneve', 'physical_network': None, 'segmentation_id': 20609, 'network_id': '7d33ba54-fd1f-4a10-833a-7940f4bfc6bc'}] {{(pid=113269) _bind_port_level /opt/stack/neutron/neutron/plugins/ml2/managers.py:839}}
Mar 17 10:35:29.880183 np0005649721.novalocal devstack@neutron-api.service[113269]: DEBUG neutron.plugins.ml2.drivers.ovn.mech_driver.mech_driver [req-5fe8bec8-1bd4-4d6c-a152-32cde6dfdad0 req-bc7b730d-5cc7-4c0e-b633-a20693dd4021 service nova] Attempting to bind port 818211ae-0159-401d-9225-4c956273b520 on host np0005649721.novalocal for network segment with type geneve, segmentation ID 20609, physical network None {{(pid=113269) bind_port /opt/stack/neutron/neutron/plugins/ml2/drivers/ovn/mech_driver/mech_driver.py:1189}}
Mar 17 10:35:29.880675 np0005649721.novalocal devstack@neutron-api.service[113269]: DEBUG neutron.plugins.ml2.managers [req-5fe8bec8-1bd4-4d6c-a152-32cde6dfdad0 req-bc7b730d-5cc7-4c0e-b633-a20693dd4021 service nova] Bound port: 818211ae-0159-401d-9225-4c956273b520, host: np0005649721.novalocal, vif_type: ovs, vif_details: {"port_filter": true, "connectivity": "l2", "ovs_create_tap": false, "bridge_name": "br-int", "datapath_type": "system"}, binding_levels: [{'bound_driver': 'ovn', 'bound_segment': {'id': '8bf1dbfe-442f-409e-86a8-cb512fe1fe0f', 'network_type': 'geneve', 'physical_network': None, 'segmentation_id': 20609, 'network_id': '7d33ba54-fd1f-4a10-833a-7940f4bfc6bc'}}] {{(pid=113269) _bind_port_level /opt/stack/neutron/neutron/plugins/ml2/managers.py:950}}
Mar 17 10:35:29.880793 np0005649721.novalocal devstack@neutron-api.service[113269]: DEBUG neutron_lib.callbacks.manager [req-5fe8bec8-1bd4-4d6c-a152-32cde6dfdad0 req-bc7b730d-5cc7-4c0e-b633-a20693dd4021 service nova] Publish callbacks ['neutron.plugins.ml2.plugin.SecurityGroupDbMixin._ensure_default_security_group_handler-363780', 'neutron.services.ovn_l3.plugin.OVNL3RouterPlugin._port_update-8758026460284', 'neutron.db.l3_db.L3_NAT_dbonly_mixin._prevent_internal_ip_change_for_fip-8758028351438'] for port (818211ae-0159-401d-9225-4c956273b520), before_update {{(pid=113269) _notify_loop /usr/local/lib/python3.12/site-packages/neutron_lib/callbacks/manager.py:184}}
Mar 17 10:35:29.906319 np0005649721.novalocal devstack@neutron-api.service[113269]: DEBUG neutron.plugins.ml2.db [req-5fe8bec8-1bd4-4d6c-a152-32cde6dfdad0 req-bc7b730d-5cc7-4c0e-b633-a20693dd4021 service nova] For port 818211ae-0159-401d-9225-4c956273b520, host np0005649721.novalocal, cleared binding levels {{(pid=113269) clear_binding_levels /opt/stack/neutron/neutron/plugins/ml2/db.py:87}}
Mar 17 10:35:29.908429 np0005649721.novalocal devstack@neutron-api.service[113269]: DEBUG neutron.plugins.ml2.db [req-5fe8bec8-1bd4-4d6c-a152-32cde6dfdad0 req-bc7b730d-5cc7-4c0e-b633-a20693dd4021 service nova] For port 818211ae-0159-401d-9225-4c956273b520, host np0005649721.novalocal, set binding levels [PortBindingLevel(driver='ovn',host='np0005649721.novalocal',level=0,port_id=818211ae-0159-401d-9225-4c956273b520,segment=NetworkSegment(8bf1dbfe-442f-409e-86a8-cb512fe1fe0f),segment_id=8bf1dbfe-442f-409e-86a8-cb512fe1fe0f)] {{(pid=113269) set_binding_levels /opt/stack/neutron/neutron/plugins/ml2/db.py:59}}
Mar 17 10:35:29.909437 np0005649721.novalocal devstack@neutron-api.service[113269]: DEBUG neutron.plugins.ml2.drivers.ovn.mech_driver.mech_driver [req-5fe8bec8-1bd4-4d6c-a152-32cde6dfdad0 req-bc7b730d-5cc7-4c0e-b633-a20693dd4021 service nova] No provisioning block for port 818211ae-0159-401d-9225-4c956273b520 since host unchanged {{(pid=113269) _is_port_provisioning_required /opt/stack/neutron/neutron/plugins/ml2/drivers/ovn/mech_driver/mech_driver.py:888}}
Mar 17 10:35:29.912202 np0005649721.novalocal devstack@neutron-api.service[113269]: DEBUG neutron_lib.callbacks.manager [req-5fe8bec8-1bd4-4d6c-a152-32cde6dfdad0 req-bc7b730d-5cc7-4c0e-b633-a20693dd4021 service nova] Publish callbacks ['neutron.plugins.ml2.ovo_rpc._ObjectChangeHandler.handle_event-2477432', 'neutron.db.l3_db.L3RpcNotifierMixin._notify_gateway_port_ip_changed-8758028356498', 'neutron.services.ovn_l3.plugin.OVNL3RouterPlugin._port_update-8758026460284', 'neutron.services.segments.plugin.NovaSegmentNotifier._notify_port_updated-1066481248'] for port (818211ae-0159-401d-9225-4c956273b520), after_update {{(pid=113269) _notify_loop /usr/local/lib/python3.12/site-packages/neutron_lib/callbacks/manager.py:184}}
Mar 17 10:35:29.931512 np0005649721.novalocal devstack@neutron-api.service[113269]: DEBUG neutron.api.rpc.handlers.resources_rpc [req-5fe8bec8-1bd4-4d6c-a152-32cde6dfdad0 req-bc7b730d-5cc7-4c0e-b633-a20693dd4021 service nova] Pushing event updated for resources: {'Port': ['ID=818211ae-0159-401d-9225-4c956273b520,revision_number=4']} {{(pid=113269) push /opt/stack/neutron/neutron/api/rpc/handlers/resources_rpc.py:237}}
Mar 17 10:35:29.954267 np0005649721.novalocal devstack@neutron-api.service[113269]: DEBUG ovsdbapp.backend.ovs_idl.transaction [None req-8b4f6fc6-8730-49a1-9169-c06c456183e2 None None] Running txn n=1 command(idx=0): CheckRevisionNumberCommand(_result=None, name=818211ae-0159-401d-9225-4c956273b520, resource={'id': '818211ae-0159-401d-9225-4c956273b520', 'name': '', 'network_id': '7d33ba54-fd1f-4a10-833a-7940f4bfc6bc', 'project_id': '4aa4642c2a074af3b1497e99515bc78f', 'mac_address': 'fa:16:3e:f1:8b:06', 'admin_state_up': True, 'status': 'DOWN', 'device_id': '3ed1504c-2467-446e-a761-4b28527d5ad2', 'device_owner': 'compute:nova', 'standard_attr_id': 1204, 'fixed_ips': [{'subnet_id': 'a59cceb8-c7f3-4491-9fbb-803c1ea15f67', 'ip_address': '192.168.233.131'}], 'allowed_address_pairs': [], 'extra_dhcp_opts': [], 'security_groups': ['4d559a9a-2a18-4754-ae00-50aa5cfe4cc0'], 'description': '', 'binding:vnic_type': 'normal', 'binding:profile': {}, 'binding:host_id': 'np0005649721.novalocal', 'binding:vif_type': 'ovs', 'binding:vif_details': {'port_filter': True, 'connectivity': 'l2', 'ovs_create_tap': False, 'bridge_name': 'br-int', 'datapath_type': 'system', 'bound_drivers': {'0': 'ovn'}}, 'port_security_enabled': True, 'tags': [], 'created_at': '2026-03-17T14:35:29Z', 'updated_at': '2026-03-17T14:35:29Z', 'revision_number': 4, 'tenant_id': '4aa4642c2a074af3b1497e99515bc78f', 'network': {'id': '7d33ba54-fd1f-4a10-833a-7940f4bfc6bc', 'name': 'shared', 'tenant_id': '49b86e53968b4cb0a63f7e8654ed616a', 'project_id': '49b86e53968b4cb0a63f7e8654ed616a', 'admin_state_up': True, 'mtu': 1372, 'status': 'ACTIVE', 'subnets': ['a59cceb8-c7f3-4491-9fbb-803c1ea15f67'], 'standard_attr_id': 26, 'shared': True, 'availability_zone_hints': [], 'availability_zones': [], 'ipv4_address_scope': None, 'ipv6_address_scope': None, 'router:external': False, 'qinq': False, 'vlan_transparent': False, 'description': '', 'port_security_enabled': True, 'tags': [], 'created_at': '2026-03-17T14:23:33Z', 'updated_at': '2026-03-17T14:23:34Z', 'revision_number': 2, 'provider:network_type': 'geneve', 'provider:physical_network': None, 'provider:segmentation_id': 20609}}, resource_type=ports, if_exists=True) {{(pid=113269) do_commit /usr/local/lib/python3.12/site-packages/ovsdbapp/backend/ovs_idl/transaction.py:89}}
Mar 17 10:35:29.954792 np0005649721.novalocal devstack@neutron-api.service[113269]: DEBUG ovsdbapp.backend.ovs_idl.transaction [None req-8b4f6fc6-8730-49a1-9169-c06c456183e2 None None] Running txn n=1 command(idx=1): SetLSwitchPortCommand(_result=None, lport=818211ae-0159-401d-9225-4c956273b520, external_ids_update=None, columns={'external_ids': {'neutron:port_name': '', 'neutron:device_id': '3ed1504c-2467-446e-a761-4b28527d5ad2', 'neutron:project_id': '4aa4642c2a074af3b1497e99515bc78f', 'neutron:cidrs': '192.168.233.131/24', 'neutron:device_owner': 'compute:nova', 'neutron:subnet_pool_addr_scope4': '', 'neutron:subnet_pool_addr_scope6': '', 'neutron:network_name': 'neutron-7d33ba54-fd1f-4a10-833a-7940f4bfc6bc', 'neutron:security_group_ids': '4d559a9a-2a18-4754-ae00-50aa5cfe4cc0', 'neutron:revision_number': '4', 'neutron:vnic_type': 'normal', 'neutron:port_capabilities': '', 'neutron:mtu': ''}, 'parent_name': [], 'tag': [], 'options': {'requested-chassis': 'np0005649721.novalocal'}, 'enabled': True, 'port_security': ['fa:16:3e:f1:8b:06 192.168.233.131'], 'dhcpv4_options': [UUID('fc2a0a67-b6f6-4e4b-a04b-ff67ba44d4d2')], 'dhcpv6_options': [], 'type': '', 'addresses': ['fa:16:3e:f1:8b:06 192.168.233.131'], 'ha_chassis_group': []}, if_exists=False) {{(pid=113269) do_commit /usr/local/lib/python3.12/site-packages/ovsdbapp/backend/ovs_idl/transaction.py:89}}
Mar 17 10:35:29.956446 np0005649721.novalocal devstack@neutron-api.service[113269]: DEBUG ovsdbapp.backend.ovs_idl.transaction [None req-8b4f6fc6-8730-49a1-9169-c06c456183e2 None None] Running txn n=1 command(idx=2): PgAddPortCommand(_result=None, port_group=neutron_pg_drop, lsp=['818211ae-0159-401d-9225-4c956273b520'], if_exists=False) {{(pid=113269) do_commit /usr/local/lib/python3.12/site-packages/ovsdbapp/backend/ovs_idl/transaction.py:89}}
Mar 17 10:35:29.961721 np0005649721.novalocal devstack@neutron-api.service[113268]: DEBUG neutron.plugins.ml2.drivers.ovn.mech_driver.ovsdb.ovsdb_monitor [None req-2597c458-7a9c-4ad0-93f4-0a9a3ddd515a None None] Touching Hash Ring node "ff1cbf908c6d55a5b7f443b3d7337855" from IDL notify handler {{(pid=113268) notify /opt/stack/neutron/neutron/plugins/ml2/drivers/ovn/mech_driver/ovsdb/ovsdb_monitor.py:898}}
Mar 17 10:35:29.962134 np0005649721.novalocal devstack@neutron-api.service[113269]: DEBUG neutron.plugins.ml2.drivers.ovn.mech_driver.ovsdb.ovsdb_monitor [None req-8b4f6fc6-8730-49a1-9169-c06c456183e2 None None] Touching Hash Ring node "f622845a69875100a2f6853398430e26" from IDL notify handler {{(pid=113269) notify /opt/stack/neutron/neutron/plugins/ml2/drivers/ovn/mech_driver/ovsdb/ovsdb_monitor.py:898}}
Mar 17 10:35:29.964262 np0005649721.novalocal devstack@neutron-api.service[113268]: DEBUG neutron.plugins.ml2.drivers.ovn.mech_driver.ovsdb.ovsdb_monitor [None req-2597c458-7a9c-4ad0-93f4-0a9a3ddd515a None None] Hash Ring: Node ff1cbf908c6d55a5b7f443b3d7337855 (host: np0005649721.novalocal) handling event "update" for row 9157e62b-967e-4abf-9ed6-671bc061714c (table: Port_Binding) {{(pid=113268) notify /opt/stack/neutron/neutron/plugins/ml2/drivers/ovn/mech_driver/ovsdb/ovsdb_monitor.py:906}}
Mar 17 10:35:29.969331 np0005649721.novalocal devstack@neutron-api.service[113269]: DEBUG neutron.plugins.ml2.drivers.ovn.mech_driver.ovsdb.ovsdb_monitor [None req-8b4f6fc6-8730-49a1-9169-c06c456183e2 None None] Hash Ring: Node f622845a69875100a2f6853398430e26 (host: np0005649721.novalocal) handling event "update" for row 0683931a-8434-49f5-859e-21f318aa13b6 (table: Logical_Switch_Port) {{(pid=113269) notify /opt/stack/neutron/neutron/plugins/ml2/drivers/ovn/mech_driver/ovsdb/ovsdb_monitor.py:906}}
Mar 17 10:35:29.988641 np0005649721.novalocal devstack@neutron-api.service[113269]: INFO neutron.db.ovn_revision_numbers_db [req-5fe8bec8-1bd4-4d6c-a152-32cde6dfdad0 req-bc7b730d-5cc7-4c0e-b633-a20693dd4021 service nova] Successfully bumped revision number for resource 818211ae-0159-401d-9225-4c956273b520 (type: ports) to 4
Mar 17 10:35:29.996529 np0005649721.novalocal devstack@neutron-api.service[113269]: DEBUG neutron.pecan_wsgi.hooks.policy_enforcement [req-5fe8bec8-1bd4-4d6c-a152-32cde6dfdad0 req-bc7b730d-5cc7-4c0e-b633-a20693dd4021 service nova] Attributes excluded by policy engine: ['standard_attr_id'] {{(pid=113269) _exclude_attributes_by_policy /opt/stack/neutron/neutron/pecan_wsgi/hooks/policy_enforcement.py:258}}
Mar 17 10:35:29.996736 np0005649721.novalocal devstack@neutron-api.service[113269]: DEBUG neutron_lib.callbacks.manager [req-5fe8bec8-1bd4-4d6c-a152-32cde6dfdad0 req-bc7b730d-5cc7-4c0e-b633-a20693dd4021 service nova] Publish callbacks ['neutron.notifiers.nova.Notifier._send_nova_notification-948857'] for port (None), before_response {{(pid=113269) _notify_loop /usr/local/lib/python3.12/site-packages/neutron_lib/callbacks/manager.py:184}}
Mar 17 10:35:29.997465 np0005649721.novalocal devstack@neutron-api.service[113269]: DEBUG neutron.notifiers.nova [-] Sending events: [{'name': 'network-changed', 'server_uuid': '3ed1504c-2467-446e-a761-4b28527d5ad2', 'tag': '818211ae-0159-401d-9225-4c956273b520'}] {{(pid=113269) send_events /opt/stack/neutron/neutron/notifiers/nova.py:278}}
Mar 17 10:35:29.998486 np0005649721.novalocal devstack@neutron-api.service[113269]: [pid: 113269|app: 0|req: 2230/4461] 38.102.83.89 () {78 vars in 1771 bytes} [Tue Mar 17 10:35:29 2026] PUT /networking/v2.0/ports/818211ae-0159-401d-9225-4c956273b520 => generated 997 bytes in 352 msecs (HTTP/1.1 200) 4 headers in 157 bytes (1 switches on core 0)
Mar 17 10:35:30.000123 np0005649721.novalocal devstack@neutron-api.service[113269]: DEBUG novaclient.v2.client [-] REQ: curl -g -i --cacert "/opt/stack/data/ca-bundle.pem" -X POST https://38.102.83.89/compute/v2.1/os-server-external-events -H "Accept: application/json" -H "Content-Type: application/json" -H "User-Agent: python-novaclient" -H "X-Auth-Token: {SHA256}4b122e366eab7c428bdf4e289aceed4b1b838bdb12c8faa81f068d1a1f431c96" -H "X-OpenStack-Nova-API-Version: 2.1" -H "X-OpenStack-Request-ID: req-2bf7c904-569a-4624-beef-43f7e6978cfb" -d '{"events": [{"name": "network-changed", "server_uuid": "3ed1504c-2467-446e-a761-4b28527d5ad2", "tag": "818211ae-0159-401d-9225-4c956273b520"}]}' {{(pid=113269) _http_log_request /usr/local/lib/python3.12/site-packages/keystoneauth1/session.py:575}}
Mar 17 10:35:30.048559 np0005649721.novalocal devstack@neutron-api.service[113269]: DEBUG novaclient.v2.client [-] RESP: [200] Connection: close Content-Length: 179 Content-Type: application/json Date: Tue, 17 Mar 2026 14:35:30 GMT OpenStack-API-Version: compute 2.1 Server: Apache/2.4.63 (CentOS Stream) OpenSSL/3.5.5 mod_wsgi/5.0.0 Python/3.12 Vary: OpenStack-API-Version,X-OpenStack-Nova-API-Version X-OpenStack-Nova-API-Version: 2.1 x-compute-request-id: req-75653a15-c7c7-403e-b437-942d8211d36e x-openstack-request-id: req-75653a15-c7c7-403e-b437-942d8211d36e {{(pid=113269) _http_log_response /usr/local/lib/python3.12/site-packages/keystoneauth1/session.py:616}}
Mar 17 10:35:30.048725 np0005649721.novalocal devstack@neutron-api.service[113269]: DEBUG novaclient.v2.client [-] RESP BODY: {"events": [{"name": "network-changed", "server_uuid": "3ed1504c-2467-446e-a761-4b28527d5ad2", "tag": "818211ae-0159-401d-9225-4c956273b520", "status": "completed", "code": 200}]} {{(pid=113269) _http_log_response /usr/local/lib/python3.12/site-packages/keystoneauth1/session.py:651}}
Mar 17 10:35:30.048869 np0005649721.novalocal devstack@neutron-api.service[113269]: DEBUG novaclient.v2.client [-] POST call to compute for https://38.102.83.89/compute/v2.1/os-server-external-events used request id req-75653a15-c7c7-403e-b437-942d8211d36e {{(pid=113269) request /usr/local/lib/python3.12/site-packages/keystoneauth1/session.py:1076}}
Mar 17 10:35:30.049240 np0005649721.novalocal devstack@neutron-api.service[113269]: INFO neutron.notifiers.nova [-] Nova event matching ['req-75653a15-c7c7-403e-b437-942d8211d36e'] response: {'name': 'network-changed', 'server_uuid': '3ed1504c-2467-446e-a761-4b28527d5ad2', 'tag': '818211ae-0159-401d-9225-4c956273b520', 'status': 'completed', 'code': 200}
Mar 17 10:35:30.256776 np0005649721.novalocal devstack@neutron-api.service[113268]: DEBUG neutron.pecan_wsgi.hooks.policy_enforcement [req-131b3c3a-0ad9-4e48-8d3e-e46cdf1ef85b req-63d2dc6a-74e3-4dfc-bbad-e936bba86e23 tempest-ImageDependencyTests-180171152 tempest-ImageDependencyTests-180171152-project-member] Attributes excluded by policy engine: ['standard_attr_id', 'binding:profile', 'binding:host_id', 'binding:vif_type', 'binding:vif_details'] {{(pid=113268) _exclude_attributes_by_policy /opt/stack/neutron/neutron/pecan_wsgi/hooks/policy_enforcement.py:258}}
Mar 17 10:35:30.257916 np0005649721.novalocal devstack@neutron-api.service[113268]: [pid: 113268|app: 0|req: 2232/4462] 38.102.83.89 () {74 vars in 1700 bytes} [Tue Mar 17 10:35:30 2026] GET /networking/v2.0/ports?device_id=3ed1504c-2467-446e-a761-4b28527d5ad2 => generated 749 bytes in 52 msecs (HTTP/1.1 200) 4 headers in 157 bytes (1 switches on core 0)
Mar 17 10:35:30.275143 np0005649721.novalocal devstack@neutron-api.service[113269]: DEBUG neutron.api.wsgi [req-131b3c3a-0ad9-4e48-8d3e-e46cdf1ef85b req-77424cbd-f36d-4286-99cf-654499a22936 tempest-ImageDependencyTests-180171152 tempest-ImageDependencyTests-180171152-project-member] Missing Content-Type {{(pid=113269) get_content_type /opt/stack/neutron/neutron/api/wsgi.py:85}}
Mar 17 10:35:30.302942 np0005649721.novalocal devstack@neutron-api.service[113269]: [pid: 113269|app: 0|req: 2231/4463] 38.102.83.89 () {74 vars in 1760 bytes} [Tue Mar 17 10:35:30 2026] GET /networking/v2.0/security-groups?id=4d559a9a-2a18-4754-ae00-50aa5cfe4cc0&fields=id&fields=name => generated 88 bytes in 31 msecs (HTTP/1.1 200) 4 headers in 156 bytes (1 switches on core 0)
Mar 17 10:35:30.602345 np0005649721.novalocal devstack@neutron-api.service[113268]: DEBUG neutron.pecan_wsgi.hooks.policy_enforcement [req-2bf7c904-569a-4624-beef-43f7e6978cfb req-5972c590-81cb-4a83-8e52-1023375a9a78 service nova] Attributes excluded by policy engine: ['standard_attr_id'] {{(pid=113268) _exclude_attributes_by_policy /opt/stack/neutron/neutron/pecan_wsgi/hooks/policy_enforcement.py:258}}
Mar 17 10:35:30.602345 np0005649721.novalocal devstack@neutron-api.service[113268]: [pid: 113268|app: 0|req: 2233/4464] 38.102.83.89 () {74 vars in 1786 bytes} [Tue Mar 17 10:35:30 2026] GET /networking/v2.0/ports?tenant_id=4aa4642c2a074af3b1497e99515bc78f&device_id=3ed1504c-2467-446e-a761-4b28527d5ad2 => generated 1000 bytes in 36 msecs (HTTP/1.1 200) 4 headers in 158 bytes (1 switches on core 0)
Mar 17 10:35:30.634830 np0005649721.novalocal devstack@neutron-api.service[113269]: [pid: 113269|app: 0|req: 2232/4465] 38.102.83.89 () {74 vars in 1727 bytes} [Tue Mar 17 10:35:30 2026] GET /networking/v2.0/networks?tenant_id=4aa4642c2a074af3b1497e99515bc78f&shared=False => generated 15 bytes in 14 msecs (HTTP/1.1 200) 4 headers in 156 bytes (1 switches on core 0)
Mar 17 10:35:30.703895 np0005649721.novalocal devstack@neutron-api.service[113268]: DEBUG neutron.pecan_wsgi.hooks.policy_enforcement [req-2bf7c904-569a-4624-beef-43f7e6978cfb req-8ebaea19-12b3-43d0-a165-e4ae3a3d95c3 service nova] Attributes excluded by policy engine: ['standard_attr_id'] {{(pid=113268) _exclude_attributes_by_policy /opt/stack/neutron/neutron/pecan_wsgi/hooks/policy_enforcement.py:258}}
Mar 17 10:35:30.705096 np0005649721.novalocal devstack@neutron-api.service[113268]: [pid: 113268|app: 0|req: 2234/4466] 38.102.83.89 () {74 vars in 1639 bytes} [Tue Mar 17 10:35:30 2026] GET /networking/v2.0/networks?shared=True => generated 701 bytes in 58 msecs (HTTP/1.1 200) 4 headers in 157 bytes (1 switches on core 0)
Mar 17 10:35:31.489770 np0005649721.novalocal devstack@neutron-api.service[113269]: DEBUG neutron.pecan_wsgi.hooks.policy_enforcement [req-028cd77e-b094-4c25-bd20-b54c35502014 req-7471a06f-e4ef-41b9-9d67-9b7c3f577143 tempest-ImageDependencyTests-180171152 tempest-ImageDependencyTests-180171152-project-member] Attributes excluded by policy engine: ['standard_attr_id', 'binding:profile', 'binding:host_id', 'binding:vif_type', 'binding:vif_details'] {{(pid=113269) _exclude_attributes_by_policy /opt/stack/neutron/neutron/pecan_wsgi/hooks/policy_enforcement.py:258}}
Mar 17 10:35:31.490421 np0005649721.novalocal devstack@neutron-api.service[113269]: [pid: 113269|app: 0|req: 2233/4467] 38.102.83.89 () {74 vars in 1700 bytes} [Tue Mar 17 10:35:31 2026] GET /networking/v2.0/ports?device_id=3ed1504c-2467-446e-a761-4b28527d5ad2 => generated 749 bytes in 94 msecs (HTTP/1.1 200) 4 headers in 157 bytes (1 switches on core 0)
Mar 17 10:35:31.502372 np0005649721.novalocal devstack@neutron-api.service[113268]: DEBUG neutron.api.wsgi [req-028cd77e-b094-4c25-bd20-b54c35502014 req-e947f578-ae94-45ac-9ce1-f9a8e833f65d tempest-ImageDependencyTests-180171152 tempest-ImageDependencyTests-180171152-project-member] Missing Content-Type {{(pid=113268) get_content_type /opt/stack/neutron/neutron/api/wsgi.py:85}}
Mar 17 10:35:31.520197 np0005649721.novalocal devstack@neutron-api.service[113268]: [pid: 113268|app: 0|req: 2235/4468] 38.102.83.89 () {74 vars in 1760 bytes} [Tue Mar 17 10:35:31 2026] GET /networking/v2.0/security-groups?id=4d559a9a-2a18-4754-ae00-50aa5cfe4cc0&fields=id&fields=name => generated 88 bytes in 22 msecs (HTTP/1.1 200) 4 headers in 156 bytes (1 switches on core 0)
Mar 17 10:35:31.760485 np0005649721.novalocal devstack@neutron-api.service[113268]: DEBUG neutron.pecan_wsgi.hooks.policy_enforcement [req-5fe8bec8-1bd4-4d6c-a152-32cde6dfdad0 req-f855db68-626b-4634-b1b9-fea8e767ff2f service nova] Attributes excluded by policy engine: ['standard_attr_id'] {{(pid=113268) _exclude_attributes_by_policy /opt/stack/neutron/neutron/pecan_wsgi/hooks/policy_enforcement.py:258}}
Mar 17 10:35:31.761472 np0005649721.novalocal devstack@neutron-api.service[113268]: [pid: 113268|app: 0|req: 2236/4469] 38.102.83.89 () {74 vars in 1786 bytes} [Tue Mar 17 10:35:31 2026] GET /networking/v2.0/ports?tenant_id=4aa4642c2a074af3b1497e99515bc78f&device_id=3ed1504c-2467-446e-a761-4b28527d5ad2 => generated 1000 bytes in 34 msecs (HTTP/1.1 200) 4 headers in 158 bytes (1 switches on core 0)
Mar 17 10:35:31.774530 np0005649721.novalocal devstack@neutron-api.service[113268]: DEBUG neutron.api.wsgi [req-5fe8bec8-1bd4-4d6c-a152-32cde6dfdad0 req-1920e71a-b0c1-449b-bcde-03982abbee5a service nova] Missing Content-Type {{(pid=113268) get_content_type /opt/stack/neutron/neutron/api/wsgi.py:85}}
Mar 17 10:35:31.788199 np0005649721.novalocal devstack@neutron-api.service[113268]: [pid: 113268|app: 0|req: 2237/4470] 38.102.83.89 () {74 vars in 1780 bytes} [Tue Mar 17 10:35:31 2026] GET /networking/v2.0/floatingips?fixed_ip_address=192.168.233.131&port_id=818211ae-0159-401d-9225-4c956273b520 => generated 19 bytes in 16 msecs (HTTP/1.1 200) 4 headers in 156 bytes (2 switches on core 0)
Mar 17 10:35:31.793958 np0005649721.novalocal devstack@neutron-api.service[113269]: DEBUG neutron.pecan_wsgi.hooks.policy_enforcement [req-7d23e9b4-d149-45e3-89de-a33971548327 req-82ff61e0-8913-4400-afef-2fd7925c69b0 tempest-DeleteServersTestJSON-1788006576 tempest-DeleteServersTestJSON-1788006576-project-member] Attributes excluded by policy engine: ['standard_attr_id', 'binding:profile', 'binding:host_id', 'binding:vif_type', 'binding:vif_details'] {{(pid=113269) _exclude_attributes_by_policy /opt/stack/neutron/neutron/pecan_wsgi/hooks/policy_enforcement.py:258}}
Mar 17 10:35:31.795445 np0005649721.novalocal devstack@neutron-api.service[113269]: [pid: 113269|app: 0|req: 2234/4471] 38.102.83.89 () {74 vars in 1700 bytes} [Tue Mar 17 10:35:31 2026] GET /networking/v2.0/ports?device_id=e788e99c-f189-4737-bcd9-feabff4c56af => generated 745 bytes in 68 msecs (HTTP/1.1 200) 4 headers in 157 bytes (1 switches on core 0)
Mar 17 10:35:31.809255 np0005649721.novalocal devstack@neutron-api.service[113269]: DEBUG neutron.api.wsgi [req-7d23e9b4-d149-45e3-89de-a33971548327 req-8c4dc22d-15a6-4b1f-a238-a4508efafb19 tempest-DeleteServersTestJSON-1788006576 tempest-DeleteServersTestJSON-1788006576-project-member] Missing Content-Type {{(pid=113269) get_content_type /opt/stack/neutron/neutron/api/wsgi.py:85}}
Mar 17 10:35:31.822292 np0005649721.novalocal devstack@neutron-api.service[113268]: DEBUG neutron.pecan_wsgi.hooks.policy_enforcement [req-5fe8bec8-1bd4-4d6c-a152-32cde6dfdad0 req-5590772e-b583-4cf2-a978-b7655e18ea60 service nova] Attributes excluded by policy engine: ['standard_attr_id', 'shared', 'segment_id'] {{(pid=113268) _exclude_attributes_by_policy /opt/stack/neutron/neutron/pecan_wsgi/hooks/policy_enforcement.py:258}}
Mar 17 10:35:31.822292 np0005649721.novalocal devstack@neutron-api.service[113268]: [pid: 113268|app: 0|req: 2238/4472] 38.102.83.89 () {74 vars in 1692 bytes} [Tue Mar 17 10:35:31 2026] GET /networking/v2.0/subnets?id=a59cceb8-c7f3-4491-9fbb-803c1ea15f67 => generated 668 bytes in 21 msecs (HTTP/1.1 200) 4 headers in 157 bytes (1 switches on core 0)
Mar 17 10:35:31.834770 np0005649721.novalocal devstack@neutron-api.service[113269]: [pid: 113269|app: 0|req: 2235/4473] 38.102.83.89 () {74 vars in 1760 bytes} [Tue Mar 17 10:35:31 2026] GET /networking/v2.0/security-groups?id=e093d272-99d1-4b40-9ca5-c188dc090064&fields=id&fields=name => generated 88 bytes in 29 msecs (HTTP/1.1 200) 4 headers in 156 bytes (1 switches on core 0)
Mar 17 10:35:31.846182 np0005649721.novalocal devstack@neutron-api.service[113268]: [pid: 113268|app: 0|req: 2239/4474] 38.102.83.89 () {74 vars in 1758 bytes} [Tue Mar 17 10:35:31 2026] GET /networking/v2.0/ports?network_id=7d33ba54-fd1f-4a10-833a-7940f4bfc6bc&device_owner=network%3Adhcp => generated 12 bytes in 15 msecs (HTTP/1.1 200) 4 headers in 156 bytes (2 switches on core 0)
Mar 17 10:35:31.880268 np0005649721.novalocal devstack@neutron-api.service[113269]: [pid: 113269|app: 0|req: 2236/4475] 38.102.83.89 () {74 vars in 1758 bytes} [Tue Mar 17 10:35:31 2026] GET /networking/v2.0/networks/7d33ba54-fd1f-4a10-833a-7940f4bfc6bc?fields=segments => generated 14 bytes in 23 msecs (HTTP/1.1 200) 4 headers in 156 bytes (1 switches on core 0)
Mar 17 10:35:31.911802 np0005649721.novalocal devstack@neutron-api.service[113268]: [pid: 113268|app: 0|req: 2240/4476] 38.102.83.89 () {74 vars in 1858 bytes} [Tue Mar 17 10:35:31 2026] GET /networking/v2.0/networks/7d33ba54-fd1f-4a10-833a-7940f4bfc6bc?fields=provider%3Aphysical_network&fields=provider%3Anetwork_type => generated 79 bytes in 24 msecs (HTTP/1.1 200) 4 headers in 156 bytes (1 switches on core 0)
Mar 17 10:35:32.661915 np0005649721.novalocal devstack@neutron-api.service[113269]: DEBUG neutron.pecan_wsgi.hooks.policy_enforcement [req-2ff3a045-6e86-4a6b-9cf5-2266b66beacf req-95e692bc-bffa-4243-9612-0133b4335049 tempest-ImageDependencyTests-180171152 tempest-ImageDependencyTests-180171152-project-member] Attributes excluded by policy engine: ['standard_attr_id', 'binding:profile', 'binding:host_id', 'binding:vif_type', 'binding:vif_details'] {{(pid=113269) _exclude_attributes_by_policy /opt/stack/neutron/neutron/pecan_wsgi/hooks/policy_enforcement.py:258}}
Mar 17 10:35:32.662765 np0005649721.novalocal devstack@neutron-api.service[113269]: [pid: 113269|app: 0|req: 2237/4477] 38.102.83.89 () {74 vars in 1700 bytes} [Tue Mar 17 10:35:32 2026] GET /networking/v2.0/ports?device_id=3ed1504c-2467-446e-a761-4b28527d5ad2 => generated 749 bytes in 39 msecs (HTTP/1.1 200) 4 headers in 157 bytes (1 switches on core 0)
Mar 17 10:35:32.679110 np0005649721.novalocal devstack@neutron-api.service[113268]: DEBUG neutron.api.wsgi [req-2ff3a045-6e86-4a6b-9cf5-2266b66beacf req-2f9c5f22-b9ec-4966-a3cc-dae60064b369 tempest-ImageDependencyTests-180171152 tempest-ImageDependencyTests-180171152-project-member] Missing Content-Type {{(pid=113268) get_content_type /opt/stack/neutron/neutron/api/wsgi.py:85}}
Mar 17 10:35:32.708262 np0005649721.novalocal devstack@neutron-api.service[113268]: [pid: 113268|app: 0|req: 2241/4478] 38.102.83.89 () {74 vars in 1760 bytes} [Tue Mar 17 10:35:32 2026] GET /networking/v2.0/security-groups?id=4d559a9a-2a18-4754-ae00-50aa5cfe4cc0&fields=id&fields=name => generated 88 bytes in 31 msecs (HTTP/1.1 200) 4 headers in 156 bytes (1 switches on core 0)
Mar 17 10:35:32.726388 np0005649721.novalocal devstack@neutron-api.service[113269]: DEBUG neutron.plugins.ml2.drivers.ovn.mech_driver.ovsdb.ovsdb_monitor [None req-8b4f6fc6-8730-49a1-9169-c06c456183e2 None None] Touching Hash Ring node "f622845a69875100a2f6853398430e26" from IDL notify handler {{(pid=113269) notify /opt/stack/neutron/neutron/plugins/ml2/drivers/ovn/mech_driver/ovsdb/ovsdb_monitor.py:898}}
Mar 17 10:35:32.727804 np0005649721.novalocal devstack@neutron-api.service[113269]: DEBUG neutron.plugins.ml2.drivers.ovn.mech_driver.ovsdb.ovsdb_monitor [None req-44d743d1-69ab-466d-b9b7-406b7ddcd69c None None] Touching Hash Ring node "f622845a69875100a2f6853398430e26" from IDL notify handler {{(pid=113269) notify /opt/stack/neutron/neutron/plugins/ml2/drivers/ovn/mech_driver/ovsdb/ovsdb_monitor.py:898}}
Mar 17 10:35:32.737164 np0005649721.novalocal devstack@neutron-api.service[113269]: DEBUG neutron.plugins.ml2.drivers.ovn.mech_driver.ovsdb.ovsdb_monitor [None req-44d743d1-69ab-466d-b9b7-406b7ddcd69c None None] Hash Ring: Node f622845a69875100a2f6853398430e26 (host: np0005649721.novalocal) handling event "update" for row d6ed3e15-7491-4e57-8e3f-95aff3e65aa0 (table: Port_Binding) {{(pid=113269) notify /opt/stack/neutron/neutron/plugins/ml2/drivers/ovn/mech_driver/ovsdb/ovsdb_monitor.py:906}}
Mar 17 10:35:32.738021 np0005649721.novalocal devstack@neutron-api.service[113269]: DEBUG neutron.plugins.ml2.drivers.ovn.mech_driver.ovsdb.ovsdb_monitor [None req-8b4f6fc6-8730-49a1-9169-c06c456183e2 None None] Hash Ring: Node f622845a69875100a2f6853398430e26 (host: np0005649721.novalocal) handling event "update" for row 68b5bdcb-803f-40b9-a3ee-c80c7764da60 (table: Logical_Switch_Port) {{(pid=113269) notify /opt/stack/neutron/neutron/plugins/ml2/drivers/ovn/mech_driver/ovsdb/ovsdb_monitor.py:906}}
