Mar 17 10:35:18.004602 np0005649721.novalocal devstack@neutron-api.service[113269]: INFO neutron.notifiers.nova [-] Nova event matching ['req-4dc942b8-efa6-4957-a890-03b7a92ab1a9'] response: {'server_uuid': 'e788e99c-f189-4737-bcd9-feabff4c56af', 'name': 'network-vif-plugged', 'status': 'completed', 'tag': '7ec01936-5445-4277-9a93-852de4e9dabf', 'code': 200}
Mar 17 10:35:18.076889 np0005649721.novalocal devstack@neutron-api.service[113268]: DEBUG neutron.pecan_wsgi.hooks.policy_enforcement [req-a2bf247a-900b-4d49-9259-244f7a2f2f62 req-55e100d0-9743-4e08-92fc-d47eddf1c132 tempest-DeleteServersTestJSON-1788006576 tempest-DeleteServersTestJSON-1788006576-project-member] Attributes excluded by policy engine: ['standard_attr_id', 'binding:profile', 'binding:host_id', 'binding:vif_type', 'binding:vif_details'] {{(pid=113268) _exclude_attributes_by_policy /opt/stack/neutron/neutron/pecan_wsgi/hooks/policy_enforcement.py:258}}
Mar 17 10:35:18.077541 np0005649721.novalocal devstack@neutron-api.service[113268]: [pid: 113268|app: 0|req: 2212/4418] 38.102.83.89 () {74 vars in 1700 bytes} [Tue Mar 17 10:35:18 2026] GET /networking/v2.0/ports?device_id=e788e99c-f189-4737-bcd9-feabff4c56af => generated 745 bytes in 32 msecs (HTTP/1.1 200) 4 headers in 157 bytes (1 switches on core 0)
Mar 17 10:35:18.088899 np0005649721.novalocal devstack@neutron-api.service[113269]: DEBUG neutron.api.wsgi [req-a2bf247a-900b-4d49-9259-244f7a2f2f62 req-af3af6f0-69e5-474d-83f8-b76c2d4374c3 tempest-DeleteServersTestJSON-1788006576 tempest-DeleteServersTestJSON-1788006576-project-member] Missing Content-Type {{(pid=113269) get_content_type /opt/stack/neutron/neutron/api/wsgi.py:85}}
Mar 17 10:35:18.104748 np0005649721.novalocal devstack@neutron-api.service[113269]: [pid: 113269|app: 0|req: 2207/4419] 38.102.83.89 () {74 vars in 1760 bytes} [Tue Mar 17 10:35:18 2026] GET /networking/v2.0/security-groups?id=e093d272-99d1-4b40-9ca5-c188dc090064&fields=id&fields=name => generated 88 bytes in 18 msecs (HTTP/1.1 200) 4 headers in 156 bytes (1 switches on core 0)
Mar 17 10:35:18.295787 np0005649721.novalocal devstack@neutron-api.service[113268]: DEBUG neutron.pecan_wsgi.hooks.policy_enforcement [req-fe3afe62-4faf-45dd-b3b9-34e0a7eb1ba1 req-97c9dbb3-3351-46d6-b73c-39e7006c4091 tempest-ServerActionsTestJSON-1287878536 tempest-ServerActionsTestJSON-1287878536-project-member] Attributes excluded by policy engine: ['standard_attr_id', 'binding:profile', 'binding:host_id', 'binding:vif_type', 'binding:vif_details'] {{(pid=113268) _exclude_attributes_by_policy /opt/stack/neutron/neutron/pecan_wsgi/hooks/policy_enforcement.py:258}}
Mar 17 10:35:18.297325 np0005649721.novalocal devstack@neutron-api.service[113268]: [pid: 113268|app: 0|req: 2213/4420] 38.102.83.89 () {74 vars in 1700 bytes} [Tue Mar 17 10:35:18 2026] GET /networking/v2.0/ports?device_id=d0be1490-2254-4574-8f43-7fe50ea612fb => generated 742 bytes in 61 msecs (HTTP/1.1 200) 4 headers in 157 bytes (1 switches on core 0)
Mar 17 10:35:18.308422 np0005649721.novalocal devstack@neutron-api.service[113269]: DEBUG neutron.api.wsgi [req-fe3afe62-4faf-45dd-b3b9-34e0a7eb1ba1 req-c06c5124-df6a-4536-95ec-1b8f331f6e01 tempest-ServerActionsTestJSON-1287878536 tempest-ServerActionsTestJSON-1287878536-project-member] Missing Content-Type {{(pid=113269) get_content_type /opt/stack/neutron/neutron/api/wsgi.py:85}}
Mar 17 10:35:18.327460 np0005649721.novalocal devstack@neutron-api.service[113269]: [pid: 113269|app: 0|req: 2208/4421] 38.102.83.89 () {74 vars in 1760 bytes} [Tue Mar 17 10:35:18 2026] GET /networking/v2.0/security-groups?id=4dfbc39e-1da6-43f5-b825-b76c3d4c9b47&fields=id&fields=name => generated 113 bytes in 21 msecs (HTTP/1.1 200) 4 headers in 157 bytes (1 switches on core 0)
Mar 17 10:35:18.818024 np0005649721.novalocal devstack@neutron-api.service[113268]: DEBUG neutron.pecan_wsgi.hooks.policy_enforcement [req-b701aa61-d0c8-461c-9a48-0e2a1d0064ca req-18f44d39-476a-456e-b601-f68f948153e6 service nova] Attributes excluded by policy engine: ['standard_attr_id'] {{(pid=113268) _exclude_attributes_by_policy /opt/stack/neutron/neutron/pecan_wsgi/hooks/policy_enforcement.py:258}}
Mar 17 10:35:18.818738 np0005649721.novalocal devstack@neutron-api.service[113268]: [pid: 113268|app: 0|req: 2214/4422] 38.102.83.89 () {74 vars in 1786 bytes} [Tue Mar 17 10:35:18 2026] GET /networking/v2.0/ports?tenant_id=c6ded1d675f94cc5b44ef487b91d3799&device_id=d0be1490-2254-4574-8f43-7fe50ea612fb => generated 993 bytes in 31 msecs (HTTP/1.1 200) 4 headers in 157 bytes (2 switches on core 0)
Mar 17 10:35:18.835340 np0005649721.novalocal devstack@neutron-api.service[113269]: DEBUG neutron.api.wsgi [req-b701aa61-d0c8-461c-9a48-0e2a1d0064ca req-4100ab2f-9f8d-4a3e-8478-38969c99ea15 service nova] Missing Content-Type {{(pid=113269) get_content_type /opt/stack/neutron/neutron/api/wsgi.py:85}}
Mar 17 10:35:18.857652 np0005649721.novalocal devstack@neutron-api.service[113269]: [pid: 113269|app: 0|req: 2209/4423] 38.102.83.89 () {74 vars in 1766 bytes} [Tue Mar 17 10:35:18 2026] GET /networking/v2.0/floatingips?fixed_ip_address=10.1.0.4&port_id=fd562115-6587-4be8-90cc-4e50217bc39c => generated 19 bytes in 28 msecs (HTTP/1.1 200) 4 headers in 156 bytes (1 switches on core 0)
Mar 17 10:35:18.905161 np0005649721.novalocal devstack@neutron-api.service[113268]: DEBUG neutron.pecan_wsgi.hooks.policy_enforcement [req-b701aa61-d0c8-461c-9a48-0e2a1d0064ca req-4f5f53c7-a07e-444d-ab8f-5bd6e6ea2e8d service nova] Attributes excluded by policy engine: ['standard_attr_id', 'shared', 'segment_id'] {{(pid=113268) _exclude_attributes_by_policy /opt/stack/neutron/neutron/pecan_wsgi/hooks/policy_enforcement.py:258}}
Mar 17 10:35:18.906318 np0005649721.novalocal devstack@neutron-api.service[113268]: [pid: 113268|app: 0|req: 2215/4424] 38.102.83.89 () {74 vars in 1692 bytes} [Tue Mar 17 10:35:18 2026] GET /networking/v2.0/subnets?id=599e56f4-247d-4de7-9f32-26a55a7d4736 => generated 667 bytes in 32 msecs (HTTP/1.1 200) 4 headers in 157 bytes (1 switches on core 0)
Mar 17 10:35:18.934712 np0005649721.novalocal devstack@neutron-api.service[113269]: [pid: 113269|app: 0|req: 2210/4425] 38.102.83.89 () {74 vars in 1758 bytes} [Tue Mar 17 10:35:18 2026] GET /networking/v2.0/ports?network_id=e3327a5a-fda9-4674-a8a7-eb5426ee4e89&device_owner=network%3Adhcp => generated 12 bytes in 14 msecs (HTTP/1.1 200) 4 headers in 156 bytes (1 switches on core 0)
Mar 17 10:35:19.007879 np0005649721.novalocal devstack@neutron-api.service[113268]: [pid: 113268|app: 0|req: 2216/4426] 38.102.83.89 () {74 vars in 1758 bytes} [Tue Mar 17 10:35:18 2026] GET /networking/v2.0/networks/e3327a5a-fda9-4674-a8a7-eb5426ee4e89?fields=segments => generated 14 bytes in 60 msecs (HTTP/1.1 200) 4 headers in 156 bytes (1 switches on core 0)
Mar 17 10:35:19.058834 np0005649721.novalocal devstack@neutron-api.service[113269]: [pid: 113269|app: 0|req: 2211/4427] 38.102.83.89 () {74 vars in 1858 bytes} [Tue Mar 17 10:35:19 2026] GET /networking/v2.0/networks/e3327a5a-fda9-4674-a8a7-eb5426ee4e89?fields=provider%3Aphysical_network&fields=provider%3Anetwork_type => generated 79 bytes in 32 msecs (HTTP/1.1 200) 4 headers in 156 bytes (1 switches on core 0)
Mar 17 10:35:19.431861 np0005649721.novalocal devstack@neutron-api.service[113268]: DEBUG neutron.pecan_wsgi.hooks.policy_enforcement [req-142b101b-1355-413b-a313-e636ee33d962 req-9fb12ed2-964f-4818-ad1b-78c3fbe79aeb tempest-ServerActionsTestJSON-1287878536 tempest-ServerActionsTestJSON-1287878536-project-member] Attributes excluded by policy engine: ['standard_attr_id', 'binding:profile', 'binding:host_id', 'binding:vif_type', 'binding:vif_details'] {{(pid=113268) _exclude_attributes_by_policy /opt/stack/neutron/neutron/pecan_wsgi/hooks/policy_enforcement.py:258}}
Mar 17 10:35:19.432687 np0005649721.novalocal devstack@neutron-api.service[113268]: [pid: 113268|app: 0|req: 2217/4428] 38.102.83.89 () {74 vars in 1700 bytes} [Tue Mar 17 10:35:19 2026] GET /networking/v2.0/ports?device_id=d0be1490-2254-4574-8f43-7fe50ea612fb => generated 742 bytes in 34 msecs (HTTP/1.1 200) 4 headers in 157 bytes (1 switches on core 0)
Mar 17 10:35:19.446074 np0005649721.novalocal devstack@neutron-api.service[113269]: DEBUG neutron.api.wsgi [req-142b101b-1355-413b-a313-e636ee33d962 req-56a69bc2-ae35-4f1a-a4c9-bf47c73b1125 tempest-ServerActionsTestJSON-1287878536 tempest-ServerActionsTestJSON-1287878536-project-member] Missing Content-Type {{(pid=113269) get_content_type /opt/stack/neutron/neutron/api/wsgi.py:85}}
Mar 17 10:35:19.477321 np0005649721.novalocal devstack@neutron-api.service[113269]: [pid: 113269|app: 0|req: 2212/4429] 38.102.83.89 () {74 vars in 1760 bytes} [Tue Mar 17 10:35:19 2026] GET /networking/v2.0/security-groups?id=4dfbc39e-1da6-43f5-b825-b76c3d4c9b47&fields=id&fields=name => generated 113 bytes in 33 msecs (HTTP/1.1 200) 4 headers in 157 bytes (1 switches on core 0)
Mar 17 10:35:20.620017 np0005649721.novalocal devstack@neutron-api.service[113268]: DEBUG neutron.pecan_wsgi.hooks.policy_enforcement [req-30c1de66-491a-49d5-bcb4-aeb5955f5abf req-c7c08bc5-d617-4e04-8879-158fbc3bba7d tempest-ServerActionsTestJSON-1287878536 tempest-ServerActionsTestJSON-1287878536-project-member] Attributes excluded by policy engine: ['standard_attr_id', 'binding:profile', 'binding:host_id', 'binding:vif_type', 'binding:vif_details'] {{(pid=113268) _exclude_attributes_by_policy /opt/stack/neutron/neutron/pecan_wsgi/hooks/policy_enforcement.py:258}}
Mar 17 10:35:20.621467 np0005649721.novalocal devstack@neutron-api.service[113268]: [pid: 113268|app: 0|req: 2218/4430] 38.102.83.89 () {74 vars in 1700 bytes} [Tue Mar 17 10:35:20 2026] GET /networking/v2.0/ports?device_id=d0be1490-2254-4574-8f43-7fe50ea612fb => generated 742 bytes in 52 msecs (HTTP/1.1 200) 4 headers in 157 bytes (1 switches on core 0)
Mar 17 10:35:20.633953 np0005649721.novalocal devstack@neutron-api.service[113269]: DEBUG neutron.api.wsgi [req-30c1de66-491a-49d5-bcb4-aeb5955f5abf req-e507d269-0349-464d-97ec-dea050363288 tempest-ServerActionsTestJSON-1287878536 tempest-ServerActionsTestJSON-1287878536-project-member] Missing Content-Type {{(pid=113269) get_content_type /opt/stack/neutron/neutron/api/wsgi.py:85}}
Mar 17 10:35:20.656009 np0005649721.novalocal devstack@neutron-api.service[113269]: [pid: 113269|app: 0|req: 2213/4431] 38.102.83.89 () {74 vars in 1760 bytes} [Tue Mar 17 10:35:20 2026] GET /networking/v2.0/security-groups?id=4dfbc39e-1da6-43f5-b825-b76c3d4c9b47&fields=id&fields=name => generated 113 bytes in 24 msecs (HTTP/1.1 200) 4 headers in 157 bytes (1 switches on core 0)
Mar 17 10:35:21.816339 np0005649721.novalocal devstack@neutron-api.service[113268]: DEBUG neutron.pecan_wsgi.hooks.policy_enforcement [req-6c385bb0-2d26-4861-9ffb-56afdc51433a req-0b48c0ec-97f9-4a6f-868f-de2e1fa5d044 tempest-ServerActionsTestJSON-1287878536 tempest-ServerActionsTestJSON-1287878536-project-member] Attributes excluded by policy engine: ['standard_attr_id', 'binding:profile', 'binding:host_id', 'binding:vif_type', 'binding:vif_details'] {{(pid=113268) _exclude_attributes_by_policy /opt/stack/neutron/neutron/pecan_wsgi/hooks/policy_enforcement.py:258}}
Mar 17 10:35:21.817617 np0005649721.novalocal devstack@neutron-api.service[113268]: [pid: 113268|app: 0|req: 2219/4432] 38.102.83.89 () {74 vars in 1700 bytes} [Tue Mar 17 10:35:21 2026] GET /networking/v2.0/ports?device_id=d0be1490-2254-4574-8f43-7fe50ea612fb => generated 742 bytes in 70 msecs (HTTP/1.1 200) 4 headers in 157 bytes (1 switches on core 0)
Mar 17 10:35:21.838052 np0005649721.novalocal devstack@neutron-api.service[113269]: DEBUG neutron.api.wsgi [req-6c385bb0-2d26-4861-9ffb-56afdc51433a req-dc633ba6-95fa-4daa-a3d0-a2bb0e8e86ee tempest-ServerActionsTestJSON-1287878536 tempest-ServerActionsTestJSON-1287878536-project-member] Missing Content-Type {{(pid=113269) get_content_type /opt/stack/neutron/neutron/api/wsgi.py:85}}
Mar 17 10:35:21.869863 np0005649721.novalocal devstack@neutron-api.service[113269]: [pid: 113269|app: 0|req: 2214/4433] 38.102.83.89 () {74 vars in 1760 bytes} [Tue Mar 17 10:35:21 2026] GET /networking/v2.0/security-groups?id=4dfbc39e-1da6-43f5-b825-b76c3d4c9b47&fields=id&fields=name => generated 113 bytes in 38 msecs (HTTP/1.1 200) 4 headers in 157 bytes (1 switches on core 0)
Mar 17 10:35:22.197982 np0005649721.novalocal devstack@neutron-api.service[113268]: DEBUG neutron.pecan_wsgi.hooks.policy_enforcement [req-7d225ba3-bba2-4d0a-8b8a-38b053e97b57 req-00a521d8-711d-4a24-9693-db4ce704f8e5 service nova] Attributes excluded by policy engine: ['standard_attr_id'] {{(pid=113268) _exclude_attributes_by_policy /opt/stack/neutron/neutron/pecan_wsgi/hooks/policy_enforcement.py:258}}
Mar 17 10:35:22.202319 np0005649721.novalocal devstack@neutron-api.service[113268]: [pid: 113268|app: 0|req: 2220/4434] 38.102.83.89 () {74 vars in 1700 bytes} [Tue Mar 17 10:35:22 2026] GET /networking/v2.0/ports?device_id=d0be1490-2254-4574-8f43-7fe50ea612fb => generated 993 bytes in 30 msecs (HTTP/1.1 200) 4 headers in 157 bytes (1 switches on core 0)
Mar 17 10:35:22.207009 np0005649721.novalocal devstack@neutron-api.service[113269]: DEBUG neutron.api.wsgi [req-7d225ba3-bba2-4d0a-8b8a-38b053e97b57 req-e46d6ad6-b27b-41e5-b0f5-2d97793e771b service nova] Missing Content-Type {{(pid=113269) get_content_type /opt/stack/neutron/neutron/api/wsgi.py:85}}
Mar 17 10:35:22.218621 np0005649721.novalocal devstack@neutron-api.service[113269]: [pid: 113269|app: 0|req: 2215/4435] 38.102.83.89 () {74 vars in 1760 bytes} [Tue Mar 17 10:35:22 2026] GET /networking/v2.0/security-groups?id=4dfbc39e-1da6-43f5-b825-b76c3d4c9b47&fields=id&fields=name => generated 113 bytes in 13 msecs (HTTP/1.1 200) 4 headers in 157 bytes (1 switches on core 0)
Mar 17 10:35:22.429605 np0005649721.novalocal devstack@neutron-api.service[113268]: DEBUG neutron.plugins.ml2.drivers.ovn.mech_driver.ovsdb.ovsdb_monitor [None req-2597c458-7a9c-4ad0-93f4-0a9a3ddd515a None None] Touching Hash Ring node "ff1cbf908c6d55a5b7f443b3d7337855" from IDL notify handler {{(pid=113268) notify /opt/stack/neutron/neutron/plugins/ml2/drivers/ovn/mech_driver/ovsdb/ovsdb_monitor.py:898}}
Mar 17 10:35:22.439497 np0005649721.novalocal devstack@neutron-api.service[113268]: DEBUG neutron.plugins.ml2.drivers.ovn.mech_driver.ovsdb.ovsdb_monitor [None req-2597c458-7a9c-4ad0-93f4-0a9a3ddd515a None None] Hash Ring: Node ff1cbf908c6d55a5b7f443b3d7337855 (host: np0005649721.novalocal) handling event "update" for row 0b0cd44f-48b6-482a-9d2c-102895392ada (table: Port_Binding) {{(pid=113268) notify /opt/stack/neutron/neutron/plugins/ml2/drivers/ovn/mech_driver/ovsdb/ovsdb_monitor.py:906}}
Mar 17 10:35:22.439776 np0005649721.novalocal devstack@neutron-api.service[113268]: DEBUG neutron.plugins.ml2.drivers.ovn.mech_driver.ovsdb.ovsdb_monitor [None req-2597c458-7a9c-4ad0-93f4-0a9a3ddd515a None None] Touching Hash Ring node "ff1cbf908c6d55a5b7f443b3d7337855" from IDL notify handler {{(pid=113268) notify /opt/stack/neutron/neutron/plugins/ml2/drivers/ovn/mech_driver/ovsdb/ovsdb_monitor.py:898}}
Mar 17 10:35:22.442009 np0005649721.novalocal devstack@neutron-api.service[113269]: DEBUG neutron.plugins.ml2.drivers.ovn.mech_driver.ovsdb.ovsdb_monitor [None req-8b4f6fc6-8730-49a1-9169-c06c456183e2 None None] Touching Hash Ring node "f622845a69875100a2f6853398430e26" from IDL notify handler {{(pid=113269) notify /opt/stack/neutron/neutron/plugins/ml2/drivers/ovn/mech_driver/ovsdb/ovsdb_monitor.py:898}}
Mar 17 10:35:22.443360 np0005649721.novalocal devstack@neutron-api.service[113268]: DEBUG neutron.plugins.ml2.drivers.ovn.mech_driver.ovsdb.ovsdb_monitor [None req-2597c458-7a9c-4ad0-93f4-0a9a3ddd515a None None] Hash Ring: Node ff1cbf908c6d55a5b7f443b3d7337855 (host: np0005649721.novalocal) handling event "update" for row 0b0cd44f-48b6-482a-9d2c-102895392ada (table: Port_Binding) {{(pid=113268) notify /opt/stack/neutron/neutron/plugins/ml2/drivers/ovn/mech_driver/ovsdb/ovsdb_monitor.py:906}}
Mar 17 10:35:22.450476 np0005649721.novalocal devstack@neutron-api.service[113269]: DEBUG neutron.plugins.ml2.drivers.ovn.mech_driver.ovsdb.ovsdb_monitor [None req-8b4f6fc6-8730-49a1-9169-c06c456183e2 None None] Hash Ring: Node f622845a69875100a2f6853398430e26 (host: np0005649721.novalocal) handling event "update" for row 458297ea-e142-4e3b-baf3-a2e4be1cb6d6 (table: Logical_Switch_Port) {{(pid=113269) notify /opt/stack/neutron/neutron/plugins/ml2/drivers/ovn/mech_driver/ovsdb/ovsdb_monitor.py:906}}
Mar 17 10:35:22.450476 np0005649721.novalocal devstack@neutron-api.service[113269]: DEBUG ovsdbapp.backend.ovs_idl.event [None req-8b4f6fc6-8730-49a1-9169-c06c456183e2 None None] Matched UPDATE: LogicalSwitchPortUpdateUpEvent(events=('update',), table='Logical_Switch_Port', conditions=None, old_conditions=None), priority=20 to row=Logical_Switch_Port(uuid=458297ea-e142-4e3b-baf3-a2e4be1cb6d6, addresses=['fa:16:3e:45:f2:9a 10.1.0.4'], dhcpv4_options=d963ce1e-fa80-4339-a42e-e3071816f858, dhcpv6_options=[], dynamic_addresses=[], enabled=True, external_ids={'neutron:cidrs': '10.1.0.4/28', 'neutron:device_id': 'd0be1490-2254-4574-8f43-7fe50ea612fb', 'neutron:device_owner': 'compute:nova', 'neutron:mtu': '', 'neutron:network_name': 'neutron-e3327a5a-fda9-4674-a8a7-eb5426ee4e89', 'neutron:port_capabilities': '', 'neutron:port_name': '', 'neutron:project_id': 'c6ded1d675f94cc5b44ef487b91d3799', 'neutron:revision_number': '4', 'neutron:security_group_ids': '4dfbc39e-1da6-43f5-b825-b76c3d4c9b47', 'neutron:subnet_pool_addr_scope4': '', 'neutron:subnet_pool_addr_scope6': '', 'neutron:vnic_type': 'normal'}, ha_chassis_group=[], mirror_rules=[], name='fd562115-6587-4be8-90cc-4e50217bc39c', options={'requested-chassis': 'np0005649721.novalocal'}, parent_name=[], port_security=['fa:16:3e:45:f2:9a 10.1.0.4'], tag=[], tag_request=[], type='', up=True) old=Logical_Switch_Port(uuid=458297ea-e142-4e3b-baf3-a2e4be1cb6d6, up=False) {{(pid=113269) matches /usr/local/lib/python3.12/site-packages/ovsdbapp/backend/ovs_idl/event.py:55}}
Mar 17 10:35:22.451933 np0005649721.novalocal devstack@neutron-api.service[113269]: INFO neutron.plugins.ml2.drivers.ovn.mech_driver.mech_driver [None req-28e40c8a-d179-4288-af78-d90ae6e49cdc None None] OVN reports status up for port: fd562115-6587-4be8-90cc-4e50217bc39c
Mar 17 10:35:22.518256 np0005649721.novalocal devstack@neutron-api.service[113269]: DEBUG neutron.db.provisioning_blocks [None req-28e40c8a-d179-4288-af78-d90ae6e49cdc None None] Provisioning for port fd562115-6587-4be8-90cc-4e50217bc39c completed by entity L2. {{(pid=113269) provisioning_complete /opt/stack/neutron/neutron/db/provisioning_blocks.py:133}}
Mar 17 10:35:22.524635 np0005649721.novalocal devstack@neutron-api.service[113269]: DEBUG neutron.db.provisioning_blocks [None req-28e40c8a-d179-4288-af78-d90ae6e49cdc None None] Provisioning complete for port fd562115-6587-4be8-90cc-4e50217bc39c triggered by entity L2. {{(pid=113269) provisioning_complete /opt/stack/neutron/neutron/db/provisioning_blocks.py:141}}
Mar 17 10:35:22.524802 np0005649721.novalocal devstack@neutron-api.service[113269]: DEBUG neutron_lib.callbacks.manager [None req-28e40c8a-d179-4288-af78-d90ae6e49cdc None None] Publish callbacks ['neutron.plugins.ml2.plugin.Ml2Plugin._port_provisioned-102744'] for port (fd562115-6587-4be8-90cc-4e50217bc39c), provisioning_complete {{(pid=113269) _notify_loop /usr/local/lib/python3.12/site-packages/neutron_lib/callbacks/manager.py:184}}
Mar 17 10:35:22.524929 np0005649721.novalocal devstack@neutron-api.service[113269]: INFO neutron.plugins.ml2.plugin [None req-28e40c8a-d179-4288-af78-d90ae6e49cdc None None] Attempt 1 to provision port fd562115-6587-4be8-90cc-4e50217bc39c
Mar 17 10:35:22.539355 np0005649721.novalocal devstack@neutron-api.service[113268]: DEBUG futurist.periodics [-] Submitting periodic callback 'neutron.plugins.ml2.drivers.ovn.mech_driver.ovsdb.maintenance.HashRingHealthCheckPeriodics.touch_hash_ring_node' {{(pid=113268) _process_scheduled /usr/local/lib/python3.12/site-packages/futurist/periodics.py:638}}
Mar 17 10:35:22.540829 np0005649721.novalocal devstack@neutron-api.service[113268]: DEBUG neutron.plugins.ml2.drivers.ovn.mech_driver.ovsdb.maintenance [-] Touching Hash Ring node "ff1cbf908c6d55a5b7f443b3d7337855" from periodic health check thread {{(pid=113268) touch_hash_ring_node /opt/stack/neutron/neutron/plugins/ml2/drivers/ovn/mech_driver/ovsdb/maintenance.py:1257}}
Mar 17 10:35:22.591856 np0005649721.novalocal devstack@neutron-api.service[113269]: DEBUG neutron.plugins.ml2.plugin [None req-28e40c8a-d179-4288-af78-d90ae6e49cdc None None] Current status of the port fd562115-6587-4be8-90cc-4e50217bc39c is: DOWN; New status is: ACTIVE {{(pid=113269) _update_individual_port_db_status /opt/stack/neutron/neutron/plugins/ml2/plugin.py:2466}}
Mar 17 10:35:22.592018 np0005649721.novalocal devstack@neutron-api.service[113269]: DEBUG neutron_lib.callbacks.manager [None req-28e40c8a-d179-4288-af78-d90ae6e49cdc None None] Publish callbacks ['neutron.plugins.ml2.plugin.SecurityGroupDbMixin._ensure_default_security_group_handler-363780', 'neutron.services.ovn_l3.plugin.OVNL3RouterPlugin._port_update-8758026460284', 'neutron.db.l3_db.L3_NAT_dbonly_mixin._prevent_internal_ip_change_for_fip-8758028351438'] for port (fd562115-6587-4be8-90cc-4e50217bc39c), before_update {{(pid=113269) _notify_loop /usr/local/lib/python3.12/site-packages/neutron_lib/callbacks/manager.py:184}}
Mar 17 10:35:22.612094 np0005649721.novalocal devstack@neutron-api.service[113269]: DEBUG neutron.notifiers.nova [-] Sending events: [{'server_uuid': 'd0be1490-2254-4574-8f43-7fe50ea612fb', 'name': 'network-vif-plugged', 'status': 'completed', 'tag': 'fd562115-6587-4be8-90cc-4e50217bc39c'}] {{(pid=113269) send_events /opt/stack/neutron/neutron/notifiers/nova.py:278}}
Mar 17 10:35:22.617321 np0005649721.novalocal devstack@neutron-api.service[113269]: DEBUG novaclient.v2.client [-] REQ: curl -g -i --cacert "/opt/stack/data/ca-bundle.pem" -X POST https://38.102.83.89/compute/v2.1/os-server-external-events -H "Accept: application/json" -H "Content-Type: application/json" -H "User-Agent: python-novaclient" -H "X-Auth-Token: {SHA256}4b122e366eab7c428bdf4e289aceed4b1b838bdb12c8faa81f068d1a1f431c96" -H "X-OpenStack-Nova-API-Version: 2.1" -H "X-OpenStack-Request-ID: req-a7ac15d9-803e-4d15-a4bd-ec590c5c53b3" -d '{"events": [{"server_uuid": "d0be1490-2254-4574-8f43-7fe50ea612fb", "name": "network-vif-plugged", "status": "completed", "tag": "fd562115-6587-4be8-90cc-4e50217bc39c"}]}' {{(pid=113269) _http_log_request /usr/local/lib/python3.12/site-packages/keystoneauth1/session.py:575}}
Mar 17 10:35:22.624179 np0005649721.novalocal devstack@neutron-api.service[113269]: DEBUG neutron.plugins.ml2.db [None req-28e40c8a-d179-4288-af78-d90ae6e49cdc None None] For port fd562115-6587-4be8-90cc-4e50217bc39c, host np0005649721.novalocal, got binding levels [PortBindingLevel(driver='ovn',host='np0005649721.novalocal',level=0,port_id=fd562115-6587-4be8-90cc-4e50217bc39c,segment=NetworkSegment(98e04441-66ca-479e-a651-de89d65d2578),segment_id=98e04441-66ca-479e-a651-de89d65d2578)] {{(pid=113269) get_binding_level_objs /opt/stack/neutron/neutron/plugins/ml2/db.py:74}}
Mar 17 10:35:22.624593 np0005649721.novalocal devstack@neutron-api.service[113269]: DEBUG neutron.plugins.ml2.drivers.ovn.mech_driver.mech_driver [None req-28e40c8a-d179-4288-af78-d90ae6e49cdc None None] No provisioning block for port fd562115-6587-4be8-90cc-4e50217bc39c since it is active {{(pid=113269) _is_port_provisioning_required /opt/stack/neutron/neutron/plugins/ml2/drivers/ovn/mech_driver/mech_driver.py:878}}
Mar 17 10:35:22.664895 np0005649721.novalocal devstack@neutron-api.service[113269]: DEBUG novaclient.v2.client [-] RESP: [200] Connection: close Content-Length: 183 Content-Type: application/json Date: Tue, 17 Mar 2026 14:35:22 GMT OpenStack-API-Version: compute 2.1 Server: Apache/2.4.63 (CentOS Stream) OpenSSL/3.5.5 mod_wsgi/5.0.0 Python/3.12 Vary: OpenStack-API-Version,X-OpenStack-Nova-API-Version X-OpenStack-Nova-API-Version: 2.1 x-compute-request-id: req-a467ab5b-aa8d-4701-af0f-7e4f037d10b9 x-openstack-request-id: req-a467ab5b-aa8d-4701-af0f-7e4f037d10b9 {{(pid=113269) _http_log_response /usr/local/lib/python3.12/site-packages/keystoneauth1/session.py:616}}
Mar 17 10:35:22.666239 np0005649721.novalocal devstack@neutron-api.service[113269]: DEBUG novaclient.v2.client [-] RESP BODY: {"events": [{"server_uuid": "d0be1490-2254-4574-8f43-7fe50ea612fb", "name": "network-vif-plugged", "status": "completed", "tag": "fd562115-6587-4be8-90cc-4e50217bc39c", "code": 200}]} {{(pid=113269) _http_log_response /usr/local/lib/python3.12/site-packages/keystoneauth1/session.py:651}}
Mar 17 10:35:22.666344 np0005649721.novalocal devstack@neutron-api.service[113269]: DEBUG novaclient.v2.client [-] POST call to compute for https://38.102.83.89/compute/v2.1/os-server-external-events used request id req-a467ab5b-aa8d-4701-af0f-7e4f037d10b9 {{(pid=113269) request /usr/local/lib/python3.12/site-packages/keystoneauth1/session.py:1076}}
Mar 17 10:35:22.666582 np0005649721.novalocal devstack@neutron-api.service[113269]: INFO neutron.notifiers.nova [-] Nova event matching ['req-a467ab5b-aa8d-4701-af0f-7e4f037d10b9'] response: {'server_uuid': 'd0be1490-2254-4574-8f43-7fe50ea612fb', 'name': 'network-vif-plugged', 'status': 'completed', 'tag': 'fd562115-6587-4be8-90cc-4e50217bc39c', 'code': 200}
Mar 17 10:35:22.707972 np0005649721.novalocal devstack@neutron-api.service[113269]: DEBUG ovsdbapp.backend.ovs_idl.transaction [None req-8b4f6fc6-8730-49a1-9169-c06c456183e2 None None] Running txn n=1 command(idx=0): CheckRevisionNumberCommand(_result=None, name=fd562115-6587-4be8-90cc-4e50217bc39c, resource={'id': 'fd562115-6587-4be8-90cc-4e50217bc39c', 'name': '', 'network_id': 'e3327a5a-fda9-4674-a8a7-eb5426ee4e89', 'project_id': 'c6ded1d675f94cc5b44ef487b91d3799', 'mac_address': 'fa:16:3e:45:f2:9a', 'admin_state_up': True, 'status': 'ACTIVE', 'device_id': 'd0be1490-2254-4574-8f43-7fe50ea612fb', 'device_owner': 'compute:nova', 'standard_attr_id': 1198, 'fixed_ips': [{'subnet_id': '599e56f4-247d-4de7-9f32-26a55a7d4736', 'ip_address': '10.1.0.4'}], 'allowed_address_pairs': [], 'extra_dhcp_opts': [], 'security_groups': ['4dfbc39e-1da6-43f5-b825-b76c3d4c9b47'], 'description': '', 'binding:vnic_type': 'normal', 'binding:profile': {}, 'binding:host_id': 'np0005649721.novalocal', 'binding:vif_type': 'ovs', 'binding:vif_details': {'port_filter': True, 'connectivity': 'l2', 'ovs_create_tap': False, 'bridge_name': 'br-int', 'datapath_type': 'system', 'bound_drivers': {'0': 'ovn'}}, 'port_security_enabled': True, 'tags': [], 'created_at': '2026-03-17T14:35:16Z', 'updated_at': '2026-03-17T14:35:22Z', 'revision_number': 5, 'tenant_id': 'c6ded1d675f94cc5b44ef487b91d3799', 'network': {'id': 'e3327a5a-fda9-4674-a8a7-eb5426ee4e89', 'name': 'tempest-ServerActionsTestJSON-383988405-network', 'tenant_id': 'c6ded1d675f94cc5b44ef487b91d3799', 'project_id': 'c6ded1d675f94cc5b44ef487b91d3799', 'admin_state_up': True, 'mtu': 1372, 'status': 'ACTIVE', 'subnets': ['599e56f4-247d-4de7-9f32-26a55a7d4736'], 'standard_attr_id': 974, 'shared': False, 'availability_zone_hints': [], 'availability_zones': [], 'ipv4_address_scope': None, 'ipv6_address_scope': None, 'router:external': False, 'qinq': False, 'vlan_transparent': False, 'description': '', 'port_security_enabled': True, 'tags': [], 'created_at': '2026-03-17T14:32:59Z', 'updated_at': '2026-03-17T14:33:00Z', 'revision_number': 2, 'provider:network_type': 'geneve', 'provider:physical_network': None, 'provider:segmentation_id': 52912}}, resource_type=ports, if_exists=True) {{(pid=113269) do_commit /usr/local/lib/python3.12/site-packages/ovsdbapp/backend/ovs_idl/transaction.py:89}}
Mar 17 10:35:22.707972 np0005649721.novalocal devstack@neutron-api.service[113269]: DEBUG ovsdbapp.backend.ovs_idl.transaction [None req-8b4f6fc6-8730-49a1-9169-c06c456183e2 None None] Running txn n=1 command(idx=1): SetLSwitchPortCommand(_result=None, lport=fd562115-6587-4be8-90cc-4e50217bc39c, external_ids_update=None, columns={'external_ids': {'neutron:port_name': '', 'neutron:device_id': 'd0be1490-2254-4574-8f43-7fe50ea612fb', 'neutron:project_id': 'c6ded1d675f94cc5b44ef487b91d3799', 'neutron:cidrs': '10.1.0.4/28', 'neutron:device_owner': 'compute:nova', 'neutron:subnet_pool_addr_scope4': '', 'neutron:subnet_pool_addr_scope6': '', 'neutron:network_name': 'neutron-e3327a5a-fda9-4674-a8a7-eb5426ee4e89', 'neutron:security_group_ids': '4dfbc39e-1da6-43f5-b825-b76c3d4c9b47', 'neutron:revision_number': '5', 'neutron:vnic_type': 'normal', 'neutron:port_capabilities': '', 'neutron:mtu': ''}, 'parent_name': [], 'tag': [], 'options': {'requested-chassis': 'np0005649721.novalocal'}, 'enabled': True, 'port_security': ['fa:16:3e:45:f2:9a 10.1.0.4'], 'dhcpv4_options': [UUID('d963ce1e-fa80-4339-a42e-e3071816f858')], 'dhcpv6_options': [], 'type': '', 'addresses': ['fa:16:3e:45:f2:9a 10.1.0.4'], 'ha_chassis_group': []}, if_exists=False) {{(pid=113269) do_commit /usr/local/lib/python3.12/site-packages/ovsdbapp/backend/ovs_idl/transaction.py:89}}
Mar 17 10:35:22.707972 np0005649721.novalocal devstack@neutron-api.service[113269]: DEBUG ovsdbapp.backend.ovs_idl.transaction [None req-8b4f6fc6-8730-49a1-9169-c06c456183e2 None None] Running txn n=1 command(idx=2): PgAddPortCommand(_result=None, port_group=neutron_pg_drop, lsp=['fd562115-6587-4be8-90cc-4e50217bc39c'], if_exists=False) {{(pid=113269) do_commit /usr/local/lib/python3.12/site-packages/ovsdbapp/backend/ovs_idl/transaction.py:89}}
Mar 17 10:35:22.712150 np0005649721.novalocal devstack@neutron-api.service[113269]: DEBUG neutron.plugins.ml2.drivers.ovn.mech_driver.ovsdb.ovsdb_monitor [None req-8b4f6fc6-8730-49a1-9169-c06c456183e2 None None] Touching Hash Ring node "f622845a69875100a2f6853398430e26" from IDL notify handler {{(pid=113269) notify /opt/stack/neutron/neutron/plugins/ml2/drivers/ovn/mech_driver/ovsdb/ovsdb_monitor.py:898}}
Mar 17 10:35:22.715033 np0005649721.novalocal devstack@neutron-api.service[113269]: DEBUG neutron.plugins.ml2.drivers.ovn.mech_driver.ovsdb.ovsdb_monitor [None req-8b4f6fc6-8730-49a1-9169-c06c456183e2 None None] Hash Ring: Node f622845a69875100a2f6853398430e26 (host: np0005649721.novalocal) handling event "update" for row 458297ea-e142-4e3b-baf3-a2e4be1cb6d6 (table: Logical_Switch_Port) {{(pid=113269) notify /opt/stack/neutron/neutron/plugins/ml2/drivers/ovn/mech_driver/ovsdb/ovsdb_monitor.py:906}}
Mar 17 10:35:22.716936 np0005649721.novalocal devstack@neutron-api.service[113268]: DEBUG neutron.plugins.ml2.drivers.ovn.mech_driver.ovsdb.ovsdb_monitor [None req-2597c458-7a9c-4ad0-93f4-0a9a3ddd515a None None] Touching Hash Ring node "ff1cbf908c6d55a5b7f443b3d7337855" from IDL notify handler {{(pid=113268) notify /opt/stack/neutron/neutron/plugins/ml2/drivers/ovn/mech_driver/ovsdb/ovsdb_monitor.py:898}}
Mar 17 10:35:22.723921 np0005649721.novalocal devstack@neutron-api.service[113268]: DEBUG neutron.plugins.ml2.drivers.ovn.mech_driver.ovsdb.ovsdb_monitor [None req-2597c458-7a9c-4ad0-93f4-0a9a3ddd515a None None] Hash Ring: Node ff1cbf908c6d55a5b7f443b3d7337855 (host: np0005649721.novalocal) handling event "update" for row 0b0cd44f-48b6-482a-9d2c-102895392ada (table: Port_Binding) {{(pid=113268) notify /opt/stack/neutron/neutron/plugins/ml2/drivers/ovn/mech_driver/ovsdb/ovsdb_monitor.py:906}}
Mar 17 10:35:22.753506 np0005649721.novalocal devstack@neutron-api.service[113269]: INFO neutron.db.ovn_revision_numbers_db [None req-28e40c8a-d179-4288-af78-d90ae6e49cdc None None] Successfully bumped revision number for resource fd562115-6587-4be8-90cc-4e50217bc39c (type: ports) to 5
Mar 17 10:35:22.758080 np0005649721.novalocal devstack@neutron-api.service[113269]: DEBUG neutron_lib.callbacks.manager [None req-28e40c8a-d179-4288-af78-d90ae6e49cdc None None] Publish callbacks ['neutron.plugins.ml2.ovo_rpc._ObjectChangeHandler.handle_event-2477432', 'neutron.db.l3_db.L3RpcNotifierMixin._notify_gateway_port_ip_changed-8758028356498', 'neutron.services.ovn_l3.plugin.OVNL3RouterPlugin._port_update-8758026460284', 'neutron.services.segments.plugin.NovaSegmentNotifier._notify_port_updated-1066481248'] for port (fd562115-6587-4be8-90cc-4e50217bc39c), after_update {{(pid=113269) _notify_loop /usr/local/lib/python3.12/site-packages/neutron_lib/callbacks/manager.py:184}}
Mar 17 10:35:22.779321 np0005649721.novalocal devstack@neutron-api.service[113269]: DEBUG neutron.api.rpc.handlers.resources_rpc [None req-61815133-db20-46d8-9cec-d22e24e18aed None None] Pushing event updated for resources: {'Port': ['ID=fd562115-6587-4be8-90cc-4e50217bc39c,revision_number=5']} {{(pid=113269) push /opt/stack/neutron/neutron/api/rpc/handlers/resources_rpc.py:237}}
Mar 17 10:35:22.799773 np0005649721.novalocal devstack@neutron-api.service[113269]: DEBUG ovsdbapp.backend.ovs_idl.transaction [None req-8b4f6fc6-8730-49a1-9169-c06c456183e2 None None] Running txn n=1 command(idx=0): DbSetCommand(_result=None, table=Logical_Switch_Port, record=fd562115-6587-4be8-90cc-4e50217bc39c, col_values=(('external_ids', {'neutron:host_id': 'np0005649721.novalocal'}),), if_exists=True) {{(pid=113269) do_commit /usr/local/lib/python3.12/site-packages/ovsdbapp/backend/ovs_idl/transaction.py:89}}
Mar 17 10:35:22.804798 np0005649721.novalocal devstack@neutron-api.service[113268]: DEBUG neutron.plugins.ml2.drivers.ovn.mech_driver.ovsdb.ovsdb_monitor [None req-2597c458-7a9c-4ad0-93f4-0a9a3ddd515a None None] Touching Hash Ring node "ff1cbf908c6d55a5b7f443b3d7337855" from IDL notify handler {{(pid=113268) notify /opt/stack/neutron/neutron/plugins/ml2/drivers/ovn/mech_driver/ovsdb/ovsdb_monitor.py:898}}
Mar 17 10:35:22.807080 np0005649721.novalocal devstack@neutron-api.service[113268]: DEBUG neutron.plugins.ml2.drivers.ovn.mech_driver.ovsdb.ovsdb_monitor [None req-2597c458-7a9c-4ad0-93f4-0a9a3ddd515a None None] Hash Ring: Node ff1cbf908c6d55a5b7f443b3d7337855 (host: np0005649721.novalocal) handling event "update" for row 0b0cd44f-48b6-482a-9d2c-102895392ada (table: Port_Binding) {{(pid=113268) notify /opt/stack/neutron/neutron/plugins/ml2/drivers/ovn/mech_driver/ovsdb/ovsdb_monitor.py:906}}
Mar 17 10:35:22.811002 np0005649721.novalocal devstack@neutron-api.service[113269]: DEBUG neutron.plugins.ml2.drivers.ovn.mech_driver.ovsdb.ovsdb_monitor [None req-8b4f6fc6-8730-49a1-9169-c06c456183e2 None None] Touching Hash Ring node "f622845a69875100a2f6853398430e26" from IDL notify handler {{(pid=113269) notify /opt/stack/neutron/neutron/plugins/ml2/drivers/ovn/mech_driver/ovsdb/ovsdb_monitor.py:898}}
Mar 17 10:35:22.814350 np0005649721.novalocal devstack@neutron-api.service[113269]: DEBUG neutron.plugins.ml2.drivers.ovn.mech_driver.ovsdb.ovsdb_monitor [None req-8b4f6fc6-8730-49a1-9169-c06c456183e2 None None] Hash Ring: Node f622845a69875100a2f6853398430e26 (host: np0005649721.novalocal) handling event "update" for row 458297ea-e142-4e3b-baf3-a2e4be1cb6d6 (table: Logical_Switch_Port) {{(pid=113269) notify /opt/stack/neutron/neutron/plugins/ml2/drivers/ovn/mech_driver/ovsdb/ovsdb_monitor.py:906}}
Mar 17 10:35:22.986077 np0005649721.novalocal devstack@neutron-api.service[113268]: DEBUG neutron.pecan_wsgi.hooks.policy_enforcement [req-5f6cd0b9-feb4-4558-985d-5fcb8ec6413f req-3563e64b-3883-43e7-bcc6-8b6d50f0c5d0 tempest-ServerActionsTestJSON-1287878536 tempest-ServerActionsTestJSON-1287878536-project-member] Attributes excluded by policy engine: ['standard_attr_id', 'binding:profile', 'binding:host_id', 'binding:vif_type', 'binding:vif_details'] {{(pid=113268) _exclude_attributes_by_policy /opt/stack/neutron/neutron/pecan_wsgi/hooks/policy_enforcement.py:258}}
Mar 17 10:35:22.987196 np0005649721.novalocal devstack@neutron-api.service[113268]: [pid: 113268|app: 0|req: 2221/4436] 38.102.83.89 () {74 vars in 1700 bytes} [Tue Mar 17 10:35:22 2026] GET /networking/v2.0/ports?device_id=d0be1490-2254-4574-8f43-7fe50ea612fb => generated 744 bytes in 35 msecs (HTTP/1.1 200) 4 headers in 157 bytes (1 switches on core 0)
Mar 17 10:35:22.997112 np0005649721.novalocal devstack@neutron-api.service[113269]: DEBUG neutron.api.wsgi [req-5f6cd0b9-feb4-4558-985d-5fcb8ec6413f req-e3d3d782-254f-4749-a386-adc7c3cb4e97 tempest-ServerActionsTestJSON-1287878536 tempest-ServerActionsTestJSON-1287878536-project-member] Missing Content-Type {{(pid=113269) get_content_type /opt/stack/neutron/neutron/api/wsgi.py:85}}
Mar 17 10:35:23.021853 np0005649721.novalocal devstack@neutron-api.service[113269]: [pid: 113269|app: 0|req: 2216/4437] 38.102.83.89 () {74 vars in 1760 bytes} [Tue Mar 17 10:35:22 2026] GET /networking/v2.0/security-groups?id=4dfbc39e-1da6-43f5-b825-b76c3d4c9b47&fields=id&fields=name => generated 113 bytes in 28 msecs (HTTP/1.1 200) 4 headers in 157 bytes (1 switches on core 0)
Mar 17 10:35:23.318971 np0005649721.novalocal devstack@neutron-api.service[113269]: DEBUG futurist.periodics [-] Submitting periodic callback 'neutron.plugins.ml2.drivers.ovn.mech_driver.ovsdb.maintenance.HashRingHealthCheckPeriodics.touch_hash_ring_node' {{(pid=113269) _process_scheduled /usr/local/lib/python3.12/site-packages/futurist/periodics.py:638}}
Mar 17 10:35:23.319657 np0005649721.novalocal devstack@neutron-api.service[113269]: DEBUG neutron.plugins.ml2.drivers.ovn.mech_driver.ovsdb.maintenance [-] Touching Hash Ring node "f622845a69875100a2f6853398430e26" from periodic health check thread {{(pid=113269) touch_hash_ring_node /opt/stack/neutron/neutron/plugins/ml2/drivers/ovn/mech_driver/ovsdb/maintenance.py:1257}}
Mar 17 10:35:24.205393 np0005649721.novalocal devstack@neutron-api.service[113268]: DEBUG neutron.pecan_wsgi.hooks.policy_enforcement [req-b58d2be6-039f-4a25-97b9-806dc2bdb30b req-f539443b-378d-4518-b6e7-2bf7b18ea394 tempest-ServerActionsTestJSON-1287878536 tempest-ServerActionsTestJSON-1287878536-project-member] Attributes excluded by policy engine: ['standard_attr_id', 'binding:profile', 'binding:host_id', 'binding:vif_type', 'binding:vif_details'] {{(pid=113268) _exclude_attributes_by_policy /opt/stack/neutron/neutron/pecan_wsgi/hooks/policy_enforcement.py:258}}
Mar 17 10:35:24.206986 np0005649721.novalocal devstack@neutron-api.service[113268]: [pid: 113268|app: 0|req: 2222/4438] 38.102.83.89 () {74 vars in 1700 bytes} [Tue Mar 17 10:35:24 2026] GET /networking/v2.0/ports?device_id=d0be1490-2254-4574-8f43-7fe50ea612fb => generated 744 bytes in 127 msecs (HTTP/1.1 200) 4 headers in 157 bytes (1 switches on core 0)
Mar 17 10:35:24.242951 np0005649721.novalocal devstack@neutron-api.service[113269]: DEBUG neutron.api.wsgi [req-b58d2be6-039f-4a25-97b9-806dc2bdb30b req-e788a524-7ae5-4b59-8676-c6e8f199de4c tempest-ServerActionsTestJSON-1287878536 tempest-ServerActionsTestJSON-1287878536-project-member] Missing Content-Type {{(pid=113269) get_content_type /opt/stack/neutron/neutron/api/wsgi.py:85}}
Mar 17 10:35:24.284249 np0005649721.novalocal devstack@neutron-api.service[113269]: [pid: 113269|app: 0|req: 2217/4439] 38.102.83.89 () {74 vars in 1760 bytes} [Tue Mar 17 10:35:24 2026] GET /networking/v2.0/security-groups?id=4dfbc39e-1da6-43f5-b825-b76c3d4c9b47&fields=id&fields=name => generated 113 bytes in 47 msecs (HTTP/1.1 200) 4 headers in 157 bytes (1 switches on core 0)
Mar 17 10:35:24.363519 np0005649721.novalocal devstack@neutron-api.service[113268]: [pid: 113268|app: 0|req: 2223/4440] 38.102.83.89 () {74 vars in 1727 bytes} [Tue Mar 17 10:35:24 2026] GET /networking/v2.0/networks?tenant_id=4aa4642c2a074af3b1497e99515bc78f&shared=False => generated 15 bytes in 36 msecs (HTTP/1.1 200) 4 headers in 156 bytes (1 switches on core 0)
Mar 17 10:35:24.424868 np0005649721.novalocal devstack@neutron-api.service[113269]: DEBUG neutron.pecan_wsgi.hooks.policy_enforcement [req-5fe8bec8-1bd4-4d6c-a152-32cde6dfdad0 req-3d1cf340-e9d8-46b4-94c0-2a03fa1f9a1d tempest-ImageDependencyTests-180171152 tempest-ImageDependencyTests-180171152-project-member] Attributes excluded by policy engine: ['standard_attr_id', 'provider:network_type', 'provider:physical_network', 'provider:segmentation_id'] {{(pid=113269) _exclude_attributes_by_policy /opt/stack/neutron/neutron/pecan_wsgi/hooks/policy_enforcement.py:258}}
Mar 17 10:35:24.425614 np0005649721.novalocal devstack@neutron-api.service[113269]: [pid: 113269|app: 0|req: 2218/4441] 38.102.83.89 () {74 vars in 1639 bytes} [Tue Mar 17 10:35:24 2026] GET /networking/v2.0/networks?shared=True => generated 602 bytes in 52 msecs (HTTP/1.1 200) 4 headers in 157 bytes (1 switches on core 0)
Mar 17 10:35:24.437629 np0005649721.novalocal devstack@neutron-api.service[113269]: DEBUG neutron.api.wsgi [req-5fe8bec8-1bd4-4d6c-a152-32cde6dfdad0 req-28feb2a9-93d7-446e-8806-c12da2d9d923 tempest-ImageDependencyTests-180171152 tempest-ImageDependencyTests-180171152-project-member] Missing Content-Type {{(pid=113269) get_content_type /opt/stack/neutron/neutron/api/wsgi.py:85}}
Mar 17 10:35:24.443643 np0005649721.novalocal devstack@neutron-api.service[113269]: [pid: 113269|app: 0|req: 2219/4442] 38.102.83.89 () {74 vars in 1709 bytes} [Tue Mar 17 10:35:24 2026] GET /networking/v2.0/quotas/4aa4642c2a074af3b1497e99515bc78f => generated 174 bytes in 8 msecs (HTTP/1.1 200) 4 headers in 157 bytes (1 switches on core 0)
Mar 17 10:35:24.465070 np0005649721.novalocal devstack@neutron-api.service[113268]: DEBUG neutron.pecan_wsgi.hooks.policy_enforcement [req-fce789c6-0e6a-476c-9f04-43256ed0a52f req-a6cd6352-2fcd-446a-9fd8-4be12b2deab2 tempest-ServerActionsTestJSON-1287878536 tempest-ServerActionsTestJSON-1287878536-project-member] Attributes excluded by policy engine: ['standard_attr_id', 'binding:profile', 'binding:host_id', 'binding:vif_type', 'binding:vif_details'] {{(pid=113268) _exclude_attributes_by_policy /opt/stack/neutron/neutron/pecan_wsgi/hooks/policy_enforcement.py:258}}
Mar 17 10:35:24.466334 np0005649721.novalocal devstack@neutron-api.service[113268]: [pid: 113268|app: 0|req: 2224/4443] 38.102.83.89 () {74 vars in 1700 bytes} [Tue Mar 17 10:35:24 2026] GET /networking/v2.0/ports?device_id=d0be1490-2254-4574-8f43-7fe50ea612fb => generated 744 bytes in 66 msecs (HTTP/1.1 200) 4 headers in 157 bytes (1 switches on core 0)
Mar 17 10:35:24.470468 np0005649721.novalocal devstack@neutron-api.service[113269]: [pid: 113269|app: 0|req: 2220/4444] 38.102.83.89 () {74 vars in 1712 bytes} [Tue Mar 17 10:35:24 2026] GET /networking/v2.0/ports?tenant_id=4aa4642c2a074af3b1497e99515bc78f&fields=id => generated 12 bytes in 11 msecs (HTTP/1.1 200) 4 headers in 156 bytes (1 switches on core 0)
Mar 17 10:35:24.484968 np0005649721.novalocal devstack@neutron-api.service[113268]: DEBUG neutron.api.v2.base [None req-bf83ce0f-4001-4cd3-98e8-8cb66d9a1ab7 tempest-ServerActionsTestJSON-1287878536 tempest-ServerActionsTestJSON-1287878536-project-member] Request body: {'floatingip': {'port_id': 'fd562115-6587-4be8-90cc-4e50217bc39c'}} {{(pid=113268) prepare_request_body /opt/stack/neutron/neutron/api/v2/base.py:729}}
Mar 17 10:35:24.507149 np0005649721.novalocal devstack@neutron-api.service[113268]: DEBUG neutron_lib.callbacks.manager [None req-bf83ce0f-4001-4cd3-98e8-8cb66d9a1ab7 tempest-ServerActionsTestJSON-1287878536 tempest-ServerActionsTestJSON-1287878536-project-member] Publish callbacks [] for floatingip (39e2c141-3b0c-4fbc-9846-23bb2fa255c8), before_update {{(pid=113268) _notify_loop /usr/local/lib/python3.12/site-packages/neutron_lib/callbacks/manager.py:184}}
Mar 17 10:35:24.646372 np0005649721.novalocal devstack@neutron-api.service[113268]: DEBUG neutron_lib.callbacks.manager [None req-bf83ce0f-4001-4cd3-98e8-8cb66d9a1ab7 tempest-ServerActionsTestJSON-1287878536 tempest-ServerActionsTestJSON-1287878536-project-member] Publish callbacks ['neutron.services.ovn_l3.service_providers.ovn.OvnDriver._process_floatingip_create_update_precommit-124501'] for floatingip (None), precommit_update {{(pid=113268) _notify_loop /usr/local/lib/python3.12/site-packages/neutron_lib/callbacks/manager.py:184}}
Mar 17 10:35:24.667189 np0005649721.novalocal devstack@neutron-api.service[113269]: DEBUG neutron.notifiers.nova [-] Sending events: [{'server_uuid': 'd0be1490-2254-4574-8f43-7fe50ea612fb', 'name': 'network-vif-plugged', 'status': 'completed', 'tag': 'fd562115-6587-4be8-90cc-4e50217bc39c'}] {{(pid=113269) send_events /opt/stack/neutron/neutron/notifiers/nova.py:278}}
Mar 17 10:35:24.668481 np0005649721.novalocal devstack@neutron-api.service[113269]: DEBUG novaclient.v2.client [-] REQ: curl -g -i --cacert "/opt/stack/data/ca-bundle.pem" -X POST https://38.102.83.89/compute/v2.1/os-server-external-events -H "Accept: application/json" -H "Content-Type: application/json" -H "User-Agent: python-novaclient" -H "X-Auth-Token: {SHA256}4b122e366eab7c428bdf4e289aceed4b1b838bdb12c8faa81f068d1a1f431c96" -H "X-OpenStack-Nova-API-Version: 2.1" -H "X-OpenStack-Request-ID: req-cdbeda14-66c9-4195-a77a-ecd61a56f12e" -d '{"events": [{"server_uuid": "d0be1490-2254-4574-8f43-7fe50ea612fb", "name": "network-vif-plugged", "status": "completed", "tag": "fd562115-6587-4be8-90cc-4e50217bc39c"}]}' {{(pid=113269) _http_log_request /usr/local/lib/python3.12/site-packages/keystoneauth1/session.py:575}}
Mar 17 10:35:24.682014 np0005649721.novalocal devstack@neutron-api.service[113268]: DEBUG neutron.db.ovn_revision_numbers_db [None req-bf83ce0f-4001-4cd3-98e8-8cb66d9a1ab7 tempest-ServerActionsTestJSON-1287878536 tempest-ServerActionsTestJSON-1287878536-project-member] create_initial_revision uuid=39e2c141-3b0c-4fbc-9846-23bb2fa255c8, type=floatingips, rev=-1 {{(pid=113268) create_initial_revision /opt/stack/neutron/neutron/db/ovn_revision_numbers_db.py:98}}
Mar 17 10:35:24.687025 np0005649721.novalocal devstack@neutron-api.service[113268]: DEBUG neutron_lib.callbacks.manager [None req-bf83ce0f-4001-4cd3-98e8-8cb66d9a1ab7 tempest-ServerActionsTestJSON-1287878536 tempest-ServerActionsTestJSON-1287878536-project-member] Publish callbacks ['neutron.services.ovn_l3.service_providers.ovn.OvnDriver._process_floatingip_update-124599'] for floatingip (39e2c141-3b0c-4fbc-9846-23bb2fa255c8), after_update {{(pid=113268) _notify_loop /usr/local/lib/python3.12/site-packages/neutron_lib/callbacks/manager.py:184}}
Mar 17 10:35:24.707267 np0005649721.novalocal devstack@neutron-api.service[113269]: DEBUG novaclient.v2.client [-] RESP: [200] Connection: close Content-Length: 183 Content-Type: application/json Date: Tue, 17 Mar 2026 14:35:24 GMT OpenStack-API-Version: compute 2.1 Server: Apache/2.4.63 (CentOS Stream) OpenSSL/3.5.5 mod_wsgi/5.0.0 Python/3.12 Vary: OpenStack-API-Version,X-OpenStack-Nova-API-Version X-OpenStack-Nova-API-Version: 2.1 x-compute-request-id: req-de428c1a-492f-4eb2-9e31-e73abfbdba4a x-openstack-request-id: req-de428c1a-492f-4eb2-9e31-e73abfbdba4a {{(pid=113269) _http_log_response /usr/local/lib/python3.12/site-packages/keystoneauth1/session.py:616}}
Mar 17 10:35:24.707397 np0005649721.novalocal devstack@neutron-api.service[113269]: DEBUG novaclient.v2.client [-] RESP BODY: {"events": [{"server_uuid": "d0be1490-2254-4574-8f43-7fe50ea612fb", "name": "network-vif-plugged", "status": "completed", "tag": "fd562115-6587-4be8-90cc-4e50217bc39c", "code": 200}]} {{(pid=113269) _http_log_response /usr/local/lib/python3.12/site-packages/keystoneauth1/session.py:651}}
Mar 17 10:35:24.707501 np0005649721.novalocal devstack@neutron-api.service[113269]: DEBUG novaclient.v2.client [-] POST call to compute for https://38.102.83.89/compute/v2.1/os-server-external-events used request id req-de428c1a-492f-4eb2-9e31-e73abfbdba4a {{(pid=113269) request /usr/local/lib/python3.12/site-packages/keystoneauth1/session.py:1076}}
Mar 17 10:35:24.707730 np0005649721.novalocal devstack@neutron-api.service[113269]: INFO neutron.notifiers.nova [-] Nova event matching ['req-de428c1a-492f-4eb2-9e31-e73abfbdba4a'] response: {'server_uuid': 'd0be1490-2254-4574-8f43-7fe50ea612fb', 'name': 'network-vif-plugged', 'status': 'completed', 'tag': 'fd562115-6587-4be8-90cc-4e50217bc39c', 'code': 200}
Mar 17 10:35:24.726319 np0005649721.novalocal devstack@neutron-api.service[113269]: [pid: 113269|app: 0|req: 2221/4445] 38.102.83.89 () {74 vars in 1700 bytes} [Tue Mar 17 10:35:24 2026] GET /networking/v2.0/ports?device_id=3ed1504c-2467-446e-a761-4b28527d5ad2 => generated 12 bytes in 17 msecs (HTTP/1.1 200) 4 headers in 156 bytes (1 switches on core 0)
Mar 17 10:35:24.804275 np0005649721.novalocal devstack@neutron-api.service[113268]: DEBUG ovsdbapp.backend.ovs_idl.transaction [None req-4f6520fe-750e-4168-a3d7-1a18ac9fdb42 None None] Running txn n=1 command(idx=0): CheckRevisionNumberCommand(_result=None, name=39e2c141-3b0c-4fbc-9846-23bb2fa255c8, resource={'id': '39e2c141-3b0c-4fbc-9846-23bb2fa255c8', 'tenant_id': 'c6ded1d675f94cc5b44ef487b91d3799', 'project_id': 'c6ded1d675f94cc5b44ef487b91d3799', 'floating_ip_address': '172.24.5.34', 'floating_network_id': 'b91c0cf4-ef1e-4a69-b060-07d089c09b8e', 'router_id': '340c7d0c-0388-4549-bc77-082614f2f3fe', 'port_id': 'fd562115-6587-4be8-90cc-4e50217bc39c', 'fixed_ip_address': '10.1.0.4', 'status': 'DOWN', 'standard_attr_id': 1182, 'description': '', 'qos_policy_id': None, 'qos_network_policy_id': None, 'port_details': {'name': '', 'network_id': 'e3327a5a-fda9-4674-a8a7-eb5426ee4e89', 'mac_address': 'fa:16:3e:45:f2:9a', 'admin_state_up': True, 'status': 'ACTIVE', 'device_id': 'd0be1490-2254-4574-8f43-7fe50ea612fb', 'device_owner': 'compute:nova'}, 'dns_domain': '', 'dns_name': '', 'tags': [], 'created_at': '2026-03-17T14:35:10Z', 'updated_at': '2026-03-17T14:35:24Z', 'revision_number': 1}, resource_type=floatingips, if_exists=True) {{(pid=113268) do_commit /usr/local/lib/python3.12/site-packages/ovsdbapp/backend/ovs_idl/transaction.py:89}}
