Mar 17 10:35:10.234112 np0005649721.novalocal devstack@neutron-api.service[113268]: DEBUG ovsdbapp.backend.ovs_idl.transaction [None req-4f6520fe-750e-4168-a3d7-1a18ac9fdb42 None None] Running txn n=1 command(idx=2): PgAddPortCommand(_result=None, port_group=neutron_pg_drop, lsp=['7ec01936-5445-4277-9a93-852de4e9dabf'], if_exists=False) {{(pid=113268) do_commit /usr/local/lib/python3.12/site-packages/ovsdbapp/backend/ovs_idl/transaction.py:89}}
Mar 17 10:35:10.239189 np0005649721.novalocal devstack@neutron-api.service[113269]: DEBUG neutron.plugins.ml2.drivers.ovn.mech_driver.ovsdb.ovsdb_monitor [None req-8b4f6fc6-8730-49a1-9169-c06c456183e2 None None] Hash Ring: Node f622845a69875100a2f6853398430e26 (host: np0005649721.novalocal) handling event "update" for row 68b5bdcb-803f-40b9-a3ee-c80c7764da60 (table: Logical_Switch_Port) {{(pid=113269) notify /opt/stack/neutron/neutron/plugins/ml2/drivers/ovn/mech_driver/ovsdb/ovsdb_monitor.py:906}}
Mar 17 10:35:10.242152 np0005649721.novalocal devstack@neutron-api.service[113269]: DEBUG neutron.plugins.ml2.drivers.ovn.mech_driver.ovsdb.ovsdb_monitor [None req-44d743d1-69ab-466d-b9b7-406b7ddcd69c None None] Hash Ring: Node f622845a69875100a2f6853398430e26 (host: np0005649721.novalocal) handling event "update" for row d6ed3e15-7491-4e57-8e3f-95aff3e65aa0 (table: Port_Binding) {{(pid=113269) notify /opt/stack/neutron/neutron/plugins/ml2/drivers/ovn/mech_driver/ovsdb/ovsdb_monitor.py:906}}
Mar 17 10:35:10.245748 np0005649721.novalocal devstack@neutron-api.service[113269]: DEBUG neutron_lib.callbacks.manager [None req-805c447f-0cc0-4e70-8d45-5301dfacc202 tempest-ServerActionsTestJSON-1287878536 tempest-ServerActionsTestJSON-1287878536-project-member] Publish callbacks [] for security_group_rule (559501b3-1280-4c26-8af9-6ed647a446ea), before_create {{(pid=113269) _notify_loop /usr/local/lib/python3.12/site-packages/neutron_lib/callbacks/manager.py:184}}
Mar 17 10:35:10.258687 np0005649721.novalocal devstack@neutron-api.service[113268]: INFO neutron.db.ovn_revision_numbers_db [req-7daa46f4-c635-4b22-bb29-387f7311f522 req-81cc63f8-991a-4ec1-9526-9257a85ecd9c service nova] Successfully bumped revision number for resource 7ec01936-5445-4277-9a93-852de4e9dabf (type: ports) to 2
Mar 17 10:35:10.267972 np0005649721.novalocal devstack@neutron-api.service[113268]: DEBUG neutron.plugins.ml2.managers [req-7daa46f4-c635-4b22-bb29-387f7311f522 req-81cc63f8-991a-4ec1-9526-9257a85ecd9c service nova] Attempting to bind port 7ec01936-5445-4277-9a93-852de4e9dabf on host np0005649721.novalocal for vnic_type normal with profile {{(pid=113268) bind_port /opt/stack/neutron/neutron/plugins/ml2/managers.py:814}}
Mar 17 10:35:10.268145 np0005649721.novalocal devstack@neutron-api.service[113268]: DEBUG neutron.plugins.ml2.managers [req-7daa46f4-c635-4b22-bb29-387f7311f522 req-81cc63f8-991a-4ec1-9526-9257a85ecd9c service nova] Attempting to bind port 7ec01936-5445-4277-9a93-852de4e9dabf by drivers ovn on host np0005649721.novalocal at level 0 using segments [{'id': 'dda506ca-8938-467d-af70-eaded1d03c7d', 'network_type': 'geneve', 'physical_network': None, 'segmentation_id': 41130, 'network_id': '18f7de1a-f1fd-4eac-a91c-4c007dd87562'}] {{(pid=113268) _bind_port_level /opt/stack/neutron/neutron/plugins/ml2/managers.py:839}}
Mar 17 10:35:10.268834 np0005649721.novalocal devstack@neutron-api.service[113268]: DEBUG neutron.plugins.ml2.drivers.ovn.mech_driver.mech_driver [req-7daa46f4-c635-4b22-bb29-387f7311f522 req-81cc63f8-991a-4ec1-9526-9257a85ecd9c service nova] Attempting to bind port 7ec01936-5445-4277-9a93-852de4e9dabf on host np0005649721.novalocal for network segment with type geneve, segmentation ID 41130, physical network None {{(pid=113268) bind_port /opt/stack/neutron/neutron/plugins/ml2/drivers/ovn/mech_driver/mech_driver.py:1189}}
Mar 17 10:35:10.269186 np0005649721.novalocal devstack@neutron-api.service[113268]: DEBUG neutron.plugins.ml2.managers [req-7daa46f4-c635-4b22-bb29-387f7311f522 req-81cc63f8-991a-4ec1-9526-9257a85ecd9c service nova] Bound port: 7ec01936-5445-4277-9a93-852de4e9dabf, host: np0005649721.novalocal, vif_type: ovs, vif_details: {"port_filter": true, "connectivity": "l2", "ovs_create_tap": false, "bridge_name": "br-int", "datapath_type": "system"}, binding_levels: [{'bound_driver': 'ovn', 'bound_segment': {'id': 'dda506ca-8938-467d-af70-eaded1d03c7d', 'network_type': 'geneve', 'physical_network': None, 'segmentation_id': 41130, 'network_id': '18f7de1a-f1fd-4eac-a91c-4c007dd87562'}}] {{(pid=113268) _bind_port_level /opt/stack/neutron/neutron/plugins/ml2/managers.py:950}}
Mar 17 10:35:10.269511 np0005649721.novalocal devstack@neutron-api.service[113268]: DEBUG neutron_lib.callbacks.manager [req-7daa46f4-c635-4b22-bb29-387f7311f522 req-81cc63f8-991a-4ec1-9526-9257a85ecd9c service nova] Publish callbacks ['neutron.plugins.ml2.plugin.SecurityGroupDbMixin._ensure_default_security_group_handler-1301260', 'neutron.services.ovn_l3.plugin.OVNL3RouterPlugin._port_update-8758026755316', 'neutron.db.l3_db.L3_NAT_dbonly_mixin._prevent_internal_ip_change_for_fip-8758028349330'] for port (7ec01936-5445-4277-9a93-852de4e9dabf), before_update {{(pid=113268) _notify_loop /usr/local/lib/python3.12/site-packages/neutron_lib/callbacks/manager.py:184}}
Mar 17 10:35:10.271960 np0005649721.novalocal devstack@neutron-api.service[113269]: DEBUG neutron_lib.callbacks.manager [None req-805c447f-0cc0-4e70-8d45-5301dfacc202 tempest-ServerActionsTestJSON-1287878536 tempest-ServerActionsTestJSON-1287878536-project-member] Publish callbacks ['neutron.plugins.ml2.drivers.ovn.mech_driver.mech_driver.OVNMechanismDriver._create_sg_rule_precommit-803882'] for security_group_rule (559501b3-1280-4c26-8af9-6ed647a446ea), precommit_create {{(pid=113269) _notify_loop /usr/local/lib/python3.12/site-packages/neutron_lib/callbacks/manager.py:184}}
Mar 17 10:35:10.272128 np0005649721.novalocal devstack@neutron-api.service[113269]: DEBUG neutron.db.ovn_revision_numbers_db [None req-805c447f-0cc0-4e70-8d45-5301dfacc202 tempest-ServerActionsTestJSON-1287878536 tempest-ServerActionsTestJSON-1287878536-project-member] create_initial_revision uuid=559501b3-1280-4c26-8af9-6ed647a446ea, type=security_group_rules, rev=-1 {{(pid=113269) create_initial_revision /opt/stack/neutron/neutron/db/ovn_revision_numbers_db.py:98}}
Mar 17 10:35:10.276443 np0005649721.novalocal devstack@neutron-api.service[113269]: DEBUG neutron_lib.callbacks.manager [None req-805c447f-0cc0-4e70-8d45-5301dfacc202 tempest-ServerActionsTestJSON-1287878536 tempest-ServerActionsTestJSON-1287878536-project-member] Publish callbacks ['neutron.plugins.ml2.drivers.ovn.mech_driver.mech_driver.OVNMechanismDriver._process_sg_rule_notification-803888', 'neutron.plugins.ml2.ovo_rpc._ObjectChangeHandler.handle_event-2477186'] for security_group_rule (559501b3-1280-4c26-8af9-6ed647a446ea), after_create {{(pid=113269) _notify_loop /usr/local/lib/python3.12/site-packages/neutron_lib/callbacks/manager.py:184}}
Mar 17 10:35:10.278467 np0005649721.novalocal devstack@neutron-api.service[113269]: DEBUG ovsdbapp.backend.ovs_idl.transaction [None req-8b4f6fc6-8730-49a1-9169-c06c456183e2 None None] Running txn n=1 command(idx=0): PgAclAddCommand(_result=None, entity=pg_4dfbc39e_1da6_43f5_b825_b76c3d4c9b47, direction=to-lport, priority=1002, match=outport == @pg_4dfbc39e_1da6_43f5_b825_b76c3d4c9b47 && ip4 && tcp && tcp.dst == 22, action=allow-related, log=False, may_exist=True, severity=[], name=[], meter=[], external_ids={'neutron:security_group_rule_id': '559501b3-1280-4c26-8af9-6ed647a446ea'}) {{(pid=113269) do_commit /usr/local/lib/python3.12/site-packages/ovsdbapp/backend/ovs_idl/transaction.py:89}}
Mar 17 10:35:10.285957 np0005649721.novalocal devstack@neutron-api.service[113269]: DEBUG neutron.plugins.ml2.drivers.ovn.mech_driver.ovsdb.ovsdb_monitor [None req-8b4f6fc6-8730-49a1-9169-c06c456183e2 None None] Hash Ring: Node f622845a69875100a2f6853398430e26 (host: np0005649721.novalocal) handling event "create" for row 408153da-decc-4878-8f85-e608f95ae393 (table: ACL) {{(pid=113269) notify /opt/stack/neutron/neutron/plugins/ml2/drivers/ovn/mech_driver/ovsdb/ovsdb_monitor.py:906}}
Mar 17 10:35:10.285957 np0005649721.novalocal devstack@neutron-api.service[113269]: DEBUG neutron.plugins.ml2.drivers.ovn.mech_driver.ovsdb.ovsdb_monitor [None req-8b4f6fc6-8730-49a1-9169-c06c456183e2 None None] Hash Ring: Node f622845a69875100a2f6853398430e26 (host: np0005649721.novalocal) handling event "update" for row fb6d4376-81b3-4216-8bf5-48a444b59ba7 (table: Port_Group) {{(pid=113269) notify /opt/stack/neutron/neutron/plugins/ml2/drivers/ovn/mech_driver/ovsdb/ovsdb_monitor.py:906}}
Mar 17 10:35:10.293584 np0005649721.novalocal devstack@neutron-api.service[113269]: INFO neutron.db.ovn_revision_numbers_db [None req-805c447f-0cc0-4e70-8d45-5301dfacc202 tempest-ServerActionsTestJSON-1287878536 tempest-ServerActionsTestJSON-1287878536-project-member] Successfully bumped revision number for resource 559501b3-1280-4c26-8af9-6ed647a446ea (type: security_group_rules) to 0
Mar 17 10:35:10.298952 np0005649721.novalocal devstack@neutron-api.service[113268]: DEBUG neutron.plugins.ml2.db [req-7daa46f4-c635-4b22-bb29-387f7311f522 req-81cc63f8-991a-4ec1-9526-9257a85ecd9c service nova] For port 7ec01936-5445-4277-9a93-852de4e9dabf, host np0005649721.novalocal, cleared binding levels {{(pid=113268) clear_binding_levels /opt/stack/neutron/neutron/plugins/ml2/db.py:87}}
Mar 17 10:35:10.300116 np0005649721.novalocal devstack@neutron-api.service[113269]: DEBUG neutron.api.rpc.handlers.resources_rpc [None req-805c447f-0cc0-4e70-8d45-5301dfacc202 tempest-ServerActionsTestJSON-1287878536 tempest-ServerActionsTestJSON-1287878536-project-member] Pushing event updated for resources: {'SecurityGroupRule': ['ID=559501b3-1280-4c26-8af9-6ed647a446ea,revision_number=0']} {{(pid=113269) push /opt/stack/neutron/neutron/api/rpc/handlers/resources_rpc.py:237}}
Mar 17 10:35:10.300604 np0005649721.novalocal devstack@neutron-api.service[113268]: DEBUG neutron.plugins.ml2.db [req-7daa46f4-c635-4b22-bb29-387f7311f522 req-81cc63f8-991a-4ec1-9526-9257a85ecd9c service nova] For port 7ec01936-5445-4277-9a93-852de4e9dabf, host np0005649721.novalocal, set binding levels [PortBindingLevel(driver='ovn',host='np0005649721.novalocal',level=0,port_id=7ec01936-5445-4277-9a93-852de4e9dabf,segment=NetworkSegment(dda506ca-8938-467d-af70-eaded1d03c7d),segment_id=dda506ca-8938-467d-af70-eaded1d03c7d)] {{(pid=113268) set_binding_levels /opt/stack/neutron/neutron/plugins/ml2/db.py:59}}
Mar 17 10:35:10.301464 np0005649721.novalocal devstack@neutron-api.service[113268]: DEBUG neutron.plugins.ml2.drivers.ovn.mech_driver.mech_driver [req-7daa46f4-c635-4b22-bb29-387f7311f522 req-81cc63f8-991a-4ec1-9526-9257a85ecd9c service nova] No provisioning block for port 7ec01936-5445-4277-9a93-852de4e9dabf since host unchanged {{(pid=113268) _is_port_provisioning_required /opt/stack/neutron/neutron/plugins/ml2/drivers/ovn/mech_driver/mech_driver.py:888}}
Mar 17 10:35:10.305639 np0005649721.novalocal devstack@neutron-api.service[113268]: DEBUG neutron_lib.callbacks.manager [req-7daa46f4-c635-4b22-bb29-387f7311f522 req-81cc63f8-991a-4ec1-9526-9257a85ecd9c service nova] Publish callbacks ['neutron.plugins.ml2.ovo_rpc._ObjectChangeHandler.handle_event-3264804', 'neutron.db.l3_db.L3RpcNotifierMixin._notify_gateway_port_ip_changed-8758028353486', 'neutron.services.ovn_l3.plugin.OVNL3RouterPlugin._port_update-8758026755316', 'neutron.services.segments.plugin.NovaSegmentNotifier._notify_port_updated-59572488'] for port (7ec01936-5445-4277-9a93-852de4e9dabf), after_update {{(pid=113268) _notify_loop /usr/local/lib/python3.12/site-packages/neutron_lib/callbacks/manager.py:184}}
Mar 17 10:35:10.309193 np0005649721.novalocal devstack@neutron-api.service[113269]: DEBUG neutron_lib.callbacks.manager [None req-805c447f-0cc0-4e70-8d45-5301dfacc202 tempest-ServerActionsTestJSON-1287878536 tempest-ServerActionsTestJSON-1287878536-project-member] Publish callbacks [] for security_group_rule (None), before_response {{(pid=113269) _notify_loop /usr/local/lib/python3.12/site-packages/neutron_lib/callbacks/manager.py:184}}
Mar 17 10:35:10.309860 np0005649721.novalocal devstack@neutron-api.service[113269]: [pid: 113269|app: 0|req: 2175/4364] 38.102.83.89 () {74 vars in 1423 bytes} [Tue Mar 17 10:35:10 2026] POST /networking/v2.0/security-group-rules => generated 597 bytes in 98 msecs (HTTP/1.1 201) 4 headers in 162 bytes (1 switches on core 0)
Mar 17 10:35:10.320825 np0005649721.novalocal devstack@neutron-api.service[113269]: DEBUG neutron.api.v2.base [None req-d1f0213e-b41d-47ff-b672-f1a31240539c tempest-ServerActionsTestJSON-1287878536 tempest-ServerActionsTestJSON-1287878536-project-member] Request body: {'security_group_rule': {'security_group_id': '4dfbc39e-1da6-43f5-b825-b76c3d4c9b47', 'protocol': 'icmp', 'ethertype': 'IPv4', 'direction': 'ingress'}} {{(pid=113269) prepare_request_body /opt/stack/neutron/neutron/api/v2/base.py:729}}
Mar 17 10:35:10.327155 np0005649721.novalocal devstack@neutron-api.service[113268]: DEBUG neutron.api.rpc.handlers.resources_rpc [req-7daa46f4-c635-4b22-bb29-387f7311f522 req-81cc63f8-991a-4ec1-9526-9257a85ecd9c service nova] Pushing event updated for resources: {'Port': ['ID=7ec01936-5445-4277-9a93-852de4e9dabf,revision_number=4']} {{(pid=113268) push /opt/stack/neutron/neutron/api/rpc/handlers/resources_rpc.py:237}}
Mar 17 10:35:10.344290 np0005649721.novalocal devstack@neutron-api.service[113269]: DEBUG neutron_lib.callbacks.manager [None req-d1f0213e-b41d-47ff-b672-f1a31240539c tempest-ServerActionsTestJSON-1287878536 tempest-ServerActionsTestJSON-1287878536-project-member] Publish callbacks [] for security_group_rule (edcc66b9-7406-413d-9139-344af97173be), before_create {{(pid=113269) _notify_loop /usr/local/lib/python3.12/site-packages/neutron_lib/callbacks/manager.py:184}}
Mar 17 10:35:10.347153 np0005649721.novalocal devstack@neutron-api.service[113268]: DEBUG ovsdbapp.backend.ovs_idl.transaction [None req-4f6520fe-750e-4168-a3d7-1a18ac9fdb42 None None] Running txn n=1 command(idx=0): CheckRevisionNumberCommand(_result=None, name=7ec01936-5445-4277-9a93-852de4e9dabf, resource={'id': '7ec01936-5445-4277-9a93-852de4e9dabf', 'name': '', 'network_id': '18f7de1a-f1fd-4eac-a91c-4c007dd87562', 'project_id': 'd6c92e2797d24229b31070ceee3754cc', 'mac_address': 'fa:16:3e:96:75:6b', 'admin_state_up': True, 'status': 'DOWN', 'device_id': 'e788e99c-f189-4737-bcd9-feabff4c56af', 'device_owner': 'compute:nova', 'standard_attr_id': 1175, 'fixed_ips': [{'subnet_id': 'b9c19bf6-92d8-4052-9a4a-1562c2f93df2', 'ip_address': '10.1.0.11'}], 'allowed_address_pairs': [], 'extra_dhcp_opts': [], 'security_groups': ['e093d272-99d1-4b40-9ca5-c188dc090064'], 'description': '', 'binding:vnic_type': 'normal', 'binding:profile': {}, 'binding:host_id': 'np0005649721.novalocal', 'binding:vif_type': 'ovs', 'binding:vif_details': {'port_filter': True, 'connectivity': 'l2', 'ovs_create_tap': False, 'bridge_name': 'br-int', 'datapath_type': 'system', 'bound_drivers': {'0': 'ovn'}}, 'port_security_enabled': True, 'tags': [], 'created_at': '2026-03-17T14:35:09Z', 'updated_at': '2026-03-17T14:35:10Z', 'revision_number': 4, 'tenant_id': 'd6c92e2797d24229b31070ceee3754cc', 'network': {'id': '18f7de1a-f1fd-4eac-a91c-4c007dd87562', 'name': 'tempest-DeleteServersTestJSON-1082148828-network', 'tenant_id': 'd6c92e2797d24229b31070ceee3754cc', 'project_id': 'd6c92e2797d24229b31070ceee3754cc', 'admin_state_up': True, 'mtu': 1372, 'status': 'ACTIVE', 'subnets': ['b9c19bf6-92d8-4052-9a4a-1562c2f93df2'], 'standard_attr_id': 1142, 'shared': False, 'availability_zone_hints': [], 'availability_zones': [], 'ipv4_address_scope': None, 'ipv6_address_scope': None, 'router:external': False, 'qinq': False, 'vlan_transparent': False, 'description': '', 'port_security_enabled': True, 'tags': [], 'created_at': '2026-03-17T14:34:37Z', 'updated_at': '2026-03-17T14:34:38Z', 'revision_number': 2, 'provider:network_type': 'geneve', 'provider:physical_network': None, 'provider:segmentation_id': 41130}}, resource_type=ports, if_exists=True) {{(pid=113268) do_commit /usr/local/lib/python3.12/site-packages/ovsdbapp/backend/ovs_idl/transaction.py:89}}
Mar 17 10:35:10.348016 np0005649721.novalocal devstack@neutron-api.service[113268]: DEBUG ovsdbapp.backend.ovs_idl.transaction [None req-4f6520fe-750e-4168-a3d7-1a18ac9fdb42 None None] Running txn n=1 command(idx=1): SetLSwitchPortCommand(_result=None, lport=7ec01936-5445-4277-9a93-852de4e9dabf, external_ids_update=None, columns={'external_ids': {'neutron:port_name': '', 'neutron:device_id': 'e788e99c-f189-4737-bcd9-feabff4c56af', 'neutron:project_id': 'd6c92e2797d24229b31070ceee3754cc', 'neutron:cidrs': '10.1.0.11/28', 'neutron:device_owner': 'compute:nova', 'neutron:subnet_pool_addr_scope4': '', 'neutron:subnet_pool_addr_scope6': '', 'neutron:network_name': 'neutron-18f7de1a-f1fd-4eac-a91c-4c007dd87562', 'neutron:security_group_ids': 'e093d272-99d1-4b40-9ca5-c188dc090064', 'neutron:revision_number': '4', 'neutron:vnic_type': 'normal', 'neutron:port_capabilities': '', 'neutron:mtu': ''}, 'parent_name': [], 'tag': [], 'options': {'requested-chassis': 'np0005649721.novalocal'}, 'enabled': True, 'port_security': ['fa:16:3e:96:75:6b 10.1.0.11'], 'dhcpv4_options': [UUID('1b7396d7-cbbc-40b8-a64e-bb4e9373550c')], 'dhcpv6_options': [], 'type': '', 'addresses': ['fa:16:3e:96:75:6b 10.1.0.11'], 'ha_chassis_group': []}, if_exists=False) {{(pid=113268) do_commit /usr/local/lib/python3.12/site-packages/ovsdbapp/backend/ovs_idl/transaction.py:89}}
Mar 17 10:35:10.349714 np0005649721.novalocal devstack@neutron-api.service[113268]: DEBUG ovsdbapp.backend.ovs_idl.transaction [None req-4f6520fe-750e-4168-a3d7-1a18ac9fdb42 None None] Running txn n=1 command(idx=2): PgAddPortCommand(_result=None, port_group=neutron_pg_drop, lsp=['7ec01936-5445-4277-9a93-852de4e9dabf'], if_exists=False) {{(pid=113268) do_commit /usr/local/lib/python3.12/site-packages/ovsdbapp/backend/ovs_idl/transaction.py:89}}
Mar 17 10:35:10.356639 np0005649721.novalocal devstack@neutron-api.service[113269]: DEBUG neutron.plugins.ml2.drivers.ovn.mech_driver.ovsdb.ovsdb_monitor [None req-8b4f6fc6-8730-49a1-9169-c06c456183e2 None None] Hash Ring: Node f622845a69875100a2f6853398430e26 (host: np0005649721.novalocal) handling event "update" for row 68b5bdcb-803f-40b9-a3ee-c80c7764da60 (table: Logical_Switch_Port) {{(pid=113269) notify /opt/stack/neutron/neutron/plugins/ml2/drivers/ovn/mech_driver/ovsdb/ovsdb_monitor.py:906}}
Mar 17 10:35:10.361888 np0005649721.novalocal devstack@neutron-api.service[113269]: DEBUG neutron.plugins.ml2.drivers.ovn.mech_driver.ovsdb.ovsdb_monitor [None req-44d743d1-69ab-466d-b9b7-406b7ddcd69c None None] Hash Ring: Node f622845a69875100a2f6853398430e26 (host: np0005649721.novalocal) handling event "update" for row d6ed3e15-7491-4e57-8e3f-95aff3e65aa0 (table: Port_Binding) {{(pid=113269) notify /opt/stack/neutron/neutron/plugins/ml2/drivers/ovn/mech_driver/ovsdb/ovsdb_monitor.py:906}}
Mar 17 10:35:10.372564 np0005649721.novalocal devstack@neutron-api.service[113268]: INFO neutron.db.ovn_revision_numbers_db [req-7daa46f4-c635-4b22-bb29-387f7311f522 req-81cc63f8-991a-4ec1-9526-9257a85ecd9c service nova] Successfully bumped revision number for resource 7ec01936-5445-4277-9a93-852de4e9dabf (type: ports) to 4
Mar 17 10:35:10.379173 np0005649721.novalocal devstack@neutron-api.service[113269]: DEBUG neutron_lib.callbacks.manager [None req-d1f0213e-b41d-47ff-b672-f1a31240539c tempest-ServerActionsTestJSON-1287878536 tempest-ServerActionsTestJSON-1287878536-project-member] Publish callbacks ['neutron.plugins.ml2.drivers.ovn.mech_driver.mech_driver.OVNMechanismDriver._create_sg_rule_precommit-803882'] for security_group_rule (edcc66b9-7406-413d-9139-344af97173be), precommit_create {{(pid=113269) _notify_loop /usr/local/lib/python3.12/site-packages/neutron_lib/callbacks/manager.py:184}}
Mar 17 10:35:10.379394 np0005649721.novalocal devstack@neutron-api.service[113269]: DEBUG neutron.db.ovn_revision_numbers_db [None req-d1f0213e-b41d-47ff-b672-f1a31240539c tempest-ServerActionsTestJSON-1287878536 tempest-ServerActionsTestJSON-1287878536-project-member] create_initial_revision uuid=edcc66b9-7406-413d-9139-344af97173be, type=security_group_rules, rev=-1 {{(pid=113269) create_initial_revision /opt/stack/neutron/neutron/db/ovn_revision_numbers_db.py:98}}
Mar 17 10:35:10.380949 np0005649721.novalocal devstack@neutron-api.service[113268]: DEBUG neutron.pecan_wsgi.hooks.policy_enforcement [req-7daa46f4-c635-4b22-bb29-387f7311f522 req-81cc63f8-991a-4ec1-9526-9257a85ecd9c service nova] Attributes excluded by policy engine: ['standard_attr_id'] {{(pid=113268) _exclude_attributes_by_policy /opt/stack/neutron/neutron/pecan_wsgi/hooks/policy_enforcement.py:258}}
Mar 17 10:35:10.381142 np0005649721.novalocal devstack@neutron-api.service[113268]: DEBUG neutron_lib.callbacks.manager [req-7daa46f4-c635-4b22-bb29-387f7311f522 req-81cc63f8-991a-4ec1-9526-9257a85ecd9c service nova] Publish callbacks ['neutron.notifiers.nova.Notifier._send_nova_notification-118347'] for port (None), before_response {{(pid=113268) _notify_loop /usr/local/lib/python3.12/site-packages/neutron_lib/callbacks/manager.py:184}}
Mar 17 10:35:10.381924 np0005649721.novalocal devstack@neutron-api.service[113269]: DEBUG neutron_lib.callbacks.manager [None req-d1f0213e-b41d-47ff-b672-f1a31240539c tempest-ServerActionsTestJSON-1287878536 tempest-ServerActionsTestJSON-1287878536-project-member] Publish callbacks ['neutron.plugins.ml2.drivers.ovn.mech_driver.mech_driver.OVNMechanismDriver._process_sg_rule_notification-803888', 'neutron.plugins.ml2.ovo_rpc._ObjectChangeHandler.handle_event-2477186'] for security_group_rule (edcc66b9-7406-413d-9139-344af97173be), after_create {{(pid=113269) _notify_loop /usr/local/lib/python3.12/site-packages/neutron_lib/callbacks/manager.py:184}}
Mar 17 10:35:10.382171 np0005649721.novalocal devstack@neutron-api.service[113268]: DEBUG neutron.notifiers.nova [-] Sending events: [{'name': 'network-changed', 'server_uuid': 'e788e99c-f189-4737-bcd9-feabff4c56af', 'tag': '7ec01936-5445-4277-9a93-852de4e9dabf'}] {{(pid=113268) send_events /opt/stack/neutron/neutron/notifiers/nova.py:278}}
Mar 17 10:35:10.383270 np0005649721.novalocal devstack@neutron-api.service[113268]: [pid: 113268|app: 0|req: 2190/4365] 38.102.83.89 () {78 vars in 1771 bytes} [Tue Mar 17 10:35:10 2026] PUT /networking/v2.0/ports/7ec01936-5445-4277-9a93-852de4e9dabf => generated 991 bytes in 347 msecs (HTTP/1.1 200) 4 headers in 157 bytes (2 switches on core 0)
Mar 17 10:35:10.384588 np0005649721.novalocal devstack@neutron-api.service[113269]: DEBUG ovsdbapp.backend.ovs_idl.transaction [None req-8b4f6fc6-8730-49a1-9169-c06c456183e2 None None] Running txn n=1 command(idx=0): PgAclAddCommand(_result=None, entity=pg_4dfbc39e_1da6_43f5_b825_b76c3d4c9b47, direction=to-lport, priority=1002, match=outport == @pg_4dfbc39e_1da6_43f5_b825_b76c3d4c9b47 && ip4 && icmp4, action=allow-related, log=False, may_exist=True, severity=[], name=[], meter=[], external_ids={'neutron:security_group_rule_id': 'edcc66b9-7406-413d-9139-344af97173be'}) {{(pid=113269) do_commit /usr/local/lib/python3.12/site-packages/ovsdbapp/backend/ovs_idl/transaction.py:89}}
Mar 17 10:35:10.384753 np0005649721.novalocal devstack@neutron-api.service[113268]: DEBUG novaclient.v2.client [-] REQ: curl -g -i --cacert "/opt/stack/data/ca-bundle.pem" -X POST https://38.102.83.89/compute/v2.1/os-server-external-events -H "Accept: application/json" -H "Content-Type: application/json" -H "User-Agent: python-novaclient" -H "X-Auth-Token: {SHA256}57ab983403be29c94d390c41fca71a136fdda8dbef0415d3cd35236639ad8d27" -H "X-OpenStack-Nova-API-Version: 2.1" -H "X-OpenStack-Request-ID: req-f746384e-f401-4cf1-b320-20f355ca1489" -d '{"events": [{"name": "network-changed", "server_uuid": "e788e99c-f189-4737-bcd9-feabff4c56af", "tag": "7ec01936-5445-4277-9a93-852de4e9dabf"}]}' {{(pid=113268) _http_log_request /usr/local/lib/python3.12/site-packages/keystoneauth1/session.py:575}}
Mar 17 10:35:10.393374 np0005649721.novalocal devstack@neutron-api.service[113269]: DEBUG neutron.plugins.ml2.drivers.ovn.mech_driver.ovsdb.ovsdb_monitor [None req-8b4f6fc6-8730-49a1-9169-c06c456183e2 None None] Hash Ring: Node f622845a69875100a2f6853398430e26 (host: np0005649721.novalocal) handling event "create" for row 874454b4-3cb7-4f60-b46a-4226540e4b8a (table: ACL) {{(pid=113269) notify /opt/stack/neutron/neutron/plugins/ml2/drivers/ovn/mech_driver/ovsdb/ovsdb_monitor.py:906}}
Mar 17 10:35:10.393374 np0005649721.novalocal devstack@neutron-api.service[113269]: DEBUG neutron.plugins.ml2.drivers.ovn.mech_driver.ovsdb.ovsdb_monitor [None req-8b4f6fc6-8730-49a1-9169-c06c456183e2 None None] Hash Ring: Node f622845a69875100a2f6853398430e26 (host: np0005649721.novalocal) handling event "update" for row fb6d4376-81b3-4216-8bf5-48a444b59ba7 (table: Port_Group) {{(pid=113269) notify /opt/stack/neutron/neutron/plugins/ml2/drivers/ovn/mech_driver/ovsdb/ovsdb_monitor.py:906}}
Mar 17 10:35:10.404359 np0005649721.novalocal devstack@neutron-api.service[113269]: INFO neutron.db.ovn_revision_numbers_db [None req-d1f0213e-b41d-47ff-b672-f1a31240539c tempest-ServerActionsTestJSON-1287878536 tempest-ServerActionsTestJSON-1287878536-project-member] Successfully bumped revision number for resource edcc66b9-7406-413d-9139-344af97173be (type: security_group_rules) to 0
Mar 17 10:35:10.410907 np0005649721.novalocal devstack@neutron-api.service[113269]: DEBUG neutron.api.rpc.handlers.resources_rpc [None req-d1f0213e-b41d-47ff-b672-f1a31240539c tempest-ServerActionsTestJSON-1287878536 tempest-ServerActionsTestJSON-1287878536-project-member] Pushing event updated for resources: {'SecurityGroupRule': ['ID=edcc66b9-7406-413d-9139-344af97173be,revision_number=0']} {{(pid=113269) push /opt/stack/neutron/neutron/api/rpc/handlers/resources_rpc.py:237}}
Mar 17 10:35:10.419196 np0005649721.novalocal devstack@neutron-api.service[113268]: DEBUG novaclient.v2.client [-] RESP: [200] Connection: close Content-Length: 179 Content-Type: application/json Date: Tue, 17 Mar 2026 14:35:10 GMT OpenStack-API-Version: compute 2.1 Server: Apache/2.4.63 (CentOS Stream) OpenSSL/3.5.5 mod_wsgi/5.0.0 Python/3.12 Vary: OpenStack-API-Version,X-OpenStack-Nova-API-Version X-OpenStack-Nova-API-Version: 2.1 x-compute-request-id: req-b6c69cef-4077-4a17-9678-d7d56eb6f7cc x-openstack-request-id: req-b6c69cef-4077-4a17-9678-d7d56eb6f7cc {{(pid=113268) _http_log_response /usr/local/lib/python3.12/site-packages/keystoneauth1/session.py:616}}
Mar 17 10:35:10.419381 np0005649721.novalocal devstack@neutron-api.service[113268]: DEBUG novaclient.v2.client [-] RESP BODY: {"events": [{"name": "network-changed", "server_uuid": "e788e99c-f189-4737-bcd9-feabff4c56af", "tag": "7ec01936-5445-4277-9a93-852de4e9dabf", "status": "completed", "code": 200}]} {{(pid=113268) _http_log_response /usr/local/lib/python3.12/site-packages/keystoneauth1/session.py:651}}
Mar 17 10:35:10.419547 np0005649721.novalocal devstack@neutron-api.service[113268]: DEBUG novaclient.v2.client [-] POST call to compute for https://38.102.83.89/compute/v2.1/os-server-external-events used request id req-b6c69cef-4077-4a17-9678-d7d56eb6f7cc {{(pid=113268) request /usr/local/lib/python3.12/site-packages/keystoneauth1/session.py:1076}}
Mar 17 10:35:10.419912 np0005649721.novalocal devstack@neutron-api.service[113268]: INFO neutron.notifiers.nova [-] Nova event matching ['req-b6c69cef-4077-4a17-9678-d7d56eb6f7cc'] response: {'name': 'network-changed', 'server_uuid': 'e788e99c-f189-4737-bcd9-feabff4c56af', 'tag': '7ec01936-5445-4277-9a93-852de4e9dabf', 'status': 'completed', 'code': 200}
Mar 17 10:35:10.420954 np0005649721.novalocal devstack@neutron-api.service[113269]: DEBUG neutron_lib.callbacks.manager [None req-d1f0213e-b41d-47ff-b672-f1a31240539c tempest-ServerActionsTestJSON-1287878536 tempest-ServerActionsTestJSON-1287878536-project-member] Publish callbacks [] for security_group_rule (None), before_response {{(pid=113269) _notify_loop /usr/local/lib/python3.12/site-packages/neutron_lib/callbacks/manager.py:184}}
Mar 17 10:35:10.421491 np0005649721.novalocal devstack@neutron-api.service[113269]: [pid: 113269|app: 0|req: 2176/4366] 38.102.83.89 () {74 vars in 1423 bytes} [Tue Mar 17 10:35:10 2026] POST /networking/v2.0/security-group-rules => generated 602 bytes in 103 msecs (HTTP/1.1 201) 4 headers in 162 bytes (2 switches on core 0)
Mar 17 10:35:10.430820 np0005649721.novalocal devstack@neutron-api.service[113268]: DEBUG neutron.api.v2.base [None req-74d24d61-df8c-42be-8276-5d416a8adfd5 tempest-ServerActionsTestJSON-1287878536 tempest-ServerActionsTestJSON-1287878536-project-member] Request body: {'floatingip': {'floating_network_id': 'b91c0cf4-ef1e-4a69-b060-07d089c09b8e'}} {{(pid=113268) prepare_request_body /opt/stack/neutron/neutron/api/v2/base.py:729}}
Mar 17 10:35:10.441525 np0005649721.novalocal devstack@neutron-api.service[113268]: DEBUG neutron_lib.callbacks.manager [None req-74d24d61-df8c-42be-8276-5d416a8adfd5 tempest-ServerActionsTestJSON-1287878536 tempest-ServerActionsTestJSON-1287878536-project-member] Publish callbacks [] for floatingip (None), before_create {{(pid=113268) _notify_loop /usr/local/lib/python3.12/site-packages/neutron_lib/callbacks/manager.py:184}}
Mar 17 10:35:10.478379 np0005649721.novalocal devstack@neutron-api.service[113268]: DEBUG neutron_lib.callbacks.manager [None req-74d24d61-df8c-42be-8276-5d416a8adfd5 tempest-ServerActionsTestJSON-1287878536 tempest-ServerActionsTestJSON-1287878536-project-member] Publish callbacks ['neutron.plugins.ml2.plugin.SecurityGroupDbMixin._ensure_default_security_group_handler-1301260'] for port (None), before_create {{(pid=113268) _notify_loop /usr/local/lib/python3.12/site-packages/neutron_lib/callbacks/manager.py:184}}
Mar 17 10:35:10.554667 np0005649721.novalocal devstack@neutron-api.service[113268]: DEBUG neutron.db.db_base_plugin_common [None req-74d24d61-df8c-42be-8276-5d416a8adfd5 tempest-ServerActionsTestJSON-1287878536 tempest-ServerActionsTestJSON-1287878536-project-member] Allocated IP 172.24.5.34 (b91c0cf4-ef1e-4a69-b060-07d089c09b8e/114198f0-1901-49c2-bc1c-ebeeb991dd0e/9fad2119-bc20-40e1-9f5e-8eeae1df6572) {{(pid=113268) _store_ip_allocation /opt/stack/neutron/neutron/db/db_base_plugin_common.py:131}}
Mar 17 10:35:10.560211 np0005649721.novalocal devstack@neutron-api.service[113268]: DEBUG neutron.db.db_base_plugin_common [None req-74d24d61-df8c-42be-8276-5d416a8adfd5 tempest-ServerActionsTestJSON-1287878536 tempest-ServerActionsTestJSON-1287878536-project-member] Allocated IP 2001:db8::3cb (b91c0cf4-ef1e-4a69-b060-07d089c09b8e/33b33b51-1e77-40ae-a751-c081abdc0587/9fad2119-bc20-40e1-9f5e-8eeae1df6572) {{(pid=113268) _store_ip_allocation /opt/stack/neutron/neutron/db/db_base_plugin_common.py:131}}
Mar 17 10:35:10.590269 np0005649721.novalocal devstack@neutron-api.service[113268]: DEBUG neutron_lib.callbacks.manager [None req-74d24d61-df8c-42be-8276-5d416a8adfd5 tempest-ServerActionsTestJSON-1287878536 tempest-ServerActionsTestJSON-1287878536-project-member] Publish callbacks ['neutron.plugins.ml2.drivers.ovn.mech_driver.mech_driver.OVNMechanismDriver._validate_allowed_address_pairs-1028405'] for allowed_address_pair (9fad2119-bc20-40e1-9f5e-8eeae1df6572), before_create {{(pid=113268) _notify_loop /usr/local/lib/python3.12/site-packages/neutron_lib/callbacks/manager.py:184}}
Mar 17 10:35:10.590690 np0005649721.novalocal devstack@neutron-api.service[113268]: DEBUG neutron_lib.callbacks.manager [None req-74d24d61-df8c-42be-8276-5d416a8adfd5 tempest-ServerActionsTestJSON-1287878536 tempest-ServerActionsTestJSON-1287878536-project-member] Publish callbacks [] for port (9fad2119-bc20-40e1-9f5e-8eeae1df6572), precommit_create {{(pid=113268) _notify_loop /usr/local/lib/python3.12/site-packages/neutron_lib/callbacks/manager.py:184}}
Mar 17 10:35:10.615509 np0005649721.novalocal devstack@neutron-api.service[113268]: DEBUG neutron_lib.callbacks.manager [None req-74d24d61-df8c-42be-8276-5d416a8adfd5 tempest-ServerActionsTestJSON-1287878536 tempest-ServerActionsTestJSON-1287878536-project-member] Publish callbacks ['neutron.plugins.ml2.ovo_rpc._ObjectChangeHandler.handle_event-3264804', 'neutron.services.segments.plugin.NovaSegmentNotifier._notify_port_created_or_deleted-59572530'] for port (9fad2119-bc20-40e1-9f5e-8eeae1df6572), after_create {{(pid=113268) _notify_loop /usr/local/lib/python3.12/site-packages/neutron_lib/callbacks/manager.py:184}}
Mar 17 10:35:10.634270 np0005649721.novalocal devstack@neutron-api.service[113268]: DEBUG neutron.api.rpc.handlers.resources_rpc [None req-74d24d61-df8c-42be-8276-5d416a8adfd5 tempest-ServerActionsTestJSON-1287878536 tempest-ServerActionsTestJSON-1287878536-project-member] Pushing event updated for resources: {'Port': ['ID=9fad2119-bc20-40e1-9f5e-8eeae1df6572,revision_number=1']} {{(pid=113268) push /opt/stack/neutron/neutron/api/rpc/handlers/resources_rpc.py:237}}
Mar 17 10:35:10.638225 np0005649721.novalocal devstack@neutron-api.service[113268]: DEBUG ovsdbapp.backend.ovs_idl.transaction [None req-4f6520fe-750e-4168-a3d7-1a18ac9fdb42 None None] Running txn n=1 command(idx=0): CheckLivenessCommand(_result=None) {{(pid=113268) do_commit /usr/local/lib/python3.12/site-packages/ovsdbapp/backend/ovs_idl/transaction.py:89}}
Mar 17 10:35:10.642735 np0005649721.novalocal devstack@neutron-api.service[113269]: DEBUG neutron.plugins.ml2.drivers.ovn.mech_driver.ovsdb.ovsdb_monitor [None req-8b4f6fc6-8730-49a1-9169-c06c456183e2 None None] Hash Ring: Node f622845a69875100a2f6853398430e26 (host: np0005649721.novalocal) handling event "update" for row e66ce14f-2bc6-47cf-83a2-dd5a64400a5e (table: NB_Global) {{(pid=113269) notify /opt/stack/neutron/neutron/plugins/ml2/drivers/ovn/mech_driver/ovsdb/ovsdb_monitor.py:906}}
Mar 17 10:35:10.647526 np0005649721.novalocal devstack@neutron-api.service[113269]: DEBUG neutron.plugins.ml2.drivers.ovn.mech_driver.ovsdb.ovsdb_monitor [None req-8b4f6fc6-8730-49a1-9169-c06c456183e2 None None] Hash Ring: Node f622845a69875100a2f6853398430e26 (host: np0005649721.novalocal) handling event "update" for row e66ce14f-2bc6-47cf-83a2-dd5a64400a5e (table: NB_Global) {{(pid=113269) notify /opt/stack/neutron/neutron/plugins/ml2/drivers/ovn/mech_driver/ovsdb/ovsdb_monitor.py:906}}
Mar 17 10:35:10.648752 np0005649721.novalocal devstack@neutron-api.service[113268]: DEBUG neutron.plugins.ml2.drivers.ovn.mech_driver.ovsdb.ovsdb_monitor [None req-2597c458-7a9c-4ad0-93f4-0a9a3ddd515a None None] ChassisAgentWriteEvent : Matched Chassis_Private, update, None None {{(pid=113268) matches /opt/stack/neutron/neutron/plugins/ml2/drivers/ovn/mech_driver/ovsdb/ovsdb_monitor.py:64}}
Mar 17 10:35:10.648888 np0005649721.novalocal devstack@neutron-api.service[113269]: DEBUG neutron.plugins.ml2.drivers.ovn.mech_driver.ovsdb.ovsdb_monitor [None req-8b4f6fc6-8730-49a1-9169-c06c456183e2 None None] Hash Ring: Node f622845a69875100a2f6853398430e26 (host: np0005649721.novalocal) handling event "update" for row e66ce14f-2bc6-47cf-83a2-dd5a64400a5e (table: NB_Global) {{(pid=113269) notify /opt/stack/neutron/neutron/plugins/ml2/drivers/ovn/mech_driver/ovsdb/ovsdb_monitor.py:906}}
Mar 17 10:35:10.649987 np0005649721.novalocal devstack@neutron-api.service[113269]: DEBUG neutron.plugins.ml2.drivers.ovn.mech_driver.ovsdb.ovsdb_monitor [None req-44d743d1-69ab-466d-b9b7-406b7ddcd69c None None] ChassisAgentWriteEvent : Matched Chassis_Private, update, None None {{(pid=113269) matches /opt/stack/neutron/neutron/plugins/ml2/drivers/ovn/mech_driver/ovsdb/ovsdb_monitor.py:64}}
Mar 17 10:35:10.651565 np0005649721.novalocal devstack@neutron-api.service[113269]: DEBUG neutron.plugins.ml2.drivers.ovn.mech_driver.ovsdb.ovsdb_monitor [None req-44d743d1-69ab-466d-b9b7-406b7ddcd69c None None] Hash Ring: Node f622845a69875100a2f6853398430e26 (host: np0005649721.novalocal) handling event "update" for row 29ef250a-4a80-42a9-81d3-20604025706b (table: Chassis_Private) {{(pid=113269) notify /opt/stack/neutron/neutron/plugins/ml2/drivers/ovn/mech_driver/ovsdb/ovsdb_monitor.py:906}}
Mar 17 10:35:10.651565 np0005649721.novalocal devstack@neutron-api.service[113269]: DEBUG neutron.plugins.ml2.drivers.ovn.mech_driver.ovsdb.ovsdb_monitor [None req-8b4f6fc6-8730-49a1-9169-c06c456183e2 None None] Hash Ring: Node f622845a69875100a2f6853398430e26 (host: np0005649721.novalocal) handling event "update" for row e66ce14f-2bc6-47cf-83a2-dd5a64400a5e (table: NB_Global) {{(pid=113269) notify /opt/stack/neutron/neutron/plugins/ml2/drivers/ovn/mech_driver/ovsdb/ovsdb_monitor.py:906}}
Mar 17 10:35:10.701508 np0005649721.novalocal devstack@neutron-api.service[113268]: DEBUG neutron_lib.callbacks.manager [None req-74d24d61-df8c-42be-8276-5d416a8adfd5 tempest-ServerActionsTestJSON-1287878536 tempest-ServerActionsTestJSON-1287878536-project-member] Publish callbacks ['neutron.services.ovn_l3.service_providers.ovn.OvnDriver._process_floatingip_create_update_precommit-124501'] for floatingip (39e2c141-3b0c-4fbc-9846-23bb2fa255c8), precommit_create {{(pid=113268) _notify_loop /usr/local/lib/python3.12/site-packages/neutron_lib/callbacks/manager.py:184}}
Mar 17 10:35:10.731106 np0005649721.novalocal devstack@neutron-api.service[113268]: DEBUG neutron_lib.callbacks.manager [None req-74d24d61-df8c-42be-8276-5d416a8adfd5 tempest-ServerActionsTestJSON-1287878536 tempest-ServerActionsTestJSON-1287878536-project-member] Publish callbacks ['neutron.plugins.ml2.plugin.SecurityGroupDbMixin._ensure_default_security_group_handler-1301260', 'neutron.services.ovn_l3.plugin.OVNL3RouterPlugin._port_update-8758026755316', 'neutron.db.l3_db.L3_NAT_dbonly_mixin._prevent_internal_ip_change_for_fip-8758028349330'] for port (9fad2119-bc20-40e1-9f5e-8eeae1df6572), before_update {{(pid=113268) _notify_loop /usr/local/lib/python3.12/site-packages/neutron_lib/callbacks/manager.py:184}}
Mar 17 10:35:10.883908 np0005649721.novalocal devstack@neutron-api.service[113269]: DEBUG neutron.pecan_wsgi.hooks.policy_enforcement [req-d4847791-721d-4bc6-b8f6-f983ba4b8a1b req-e81206fe-3147-4a51-b191-95b14798dd85 tempest-DeleteServersTestJSON-1788006576 tempest-DeleteServersTestJSON-1788006576-project-member] Attributes excluded by policy engine: ['standard_attr_id', 'binding:profile', 'binding:host_id', 'binding:vif_type', 'binding:vif_details'] {{(pid=113269) _exclude_attributes_by_policy /opt/stack/neutron/neutron/pecan_wsgi/hooks/policy_enforcement.py:258}}
Mar 17 10:35:10.884579 np0005649721.novalocal devstack@neutron-api.service[113269]: [pid: 113269|app: 0|req: 2177/4367] 38.102.83.89 () {74 vars in 1700 bytes} [Tue Mar 17 10:35:10 2026] GET /networking/v2.0/ports?device_id=e788e99c-f189-4737-bcd9-feabff4c56af => generated 743 bytes in 107 msecs (HTTP/1.1 200) 4 headers in 157 bytes (1 switches on core 0)
Mar 17 10:35:10.894645 np0005649721.novalocal devstack@neutron-api.service[113269]: DEBUG neutron.api.wsgi [req-d4847791-721d-4bc6-b8f6-f983ba4b8a1b req-bb47b5a8-f11e-4442-8f81-62674b1bbc59 tempest-DeleteServersTestJSON-1788006576 tempest-DeleteServersTestJSON-1788006576-project-member] Missing Content-Type {{(pid=113269) get_content_type /opt/stack/neutron/neutron/api/wsgi.py:85}}
Mar 17 10:35:10.899904 np0005649721.novalocal devstack@neutron-api.service[113268]: DEBUG neutron_lib.callbacks.manager [None req-74d24d61-df8c-42be-8276-5d416a8adfd5 tempest-ServerActionsTestJSON-1287878536 tempest-ServerActionsTestJSON-1287878536-project-member] Publish callbacks [] for port (9fad2119-bc20-40e1-9f5e-8eeae1df6572), precommit_update {{(pid=113268) _notify_loop /usr/local/lib/python3.12/site-packages/neutron_lib/callbacks/manager.py:184}}
Mar 17 10:35:10.900153 np0005649721.novalocal devstack@neutron-api.service[113268]: DEBUG neutron.plugins.ml2.drivers.ovn.mech_driver.mech_driver [None req-74d24d61-df8c-42be-8276-5d416a8adfd5 tempest-ServerActionsTestJSON-1287878536 tempest-ServerActionsTestJSON-1287878536-project-member] No provisioning block for port 9fad2119-bc20-40e1-9f5e-8eeae1df6572 since it does not have a host {{(pid=113268) _is_port_provisioning_required /opt/stack/neutron/neutron/plugins/ml2/drivers/ovn/mech_driver/mech_driver.py:883}}
Mar 17 10:35:10.902530 np0005649721.novalocal devstack@neutron-api.service[113268]: DEBUG neutron_lib.callbacks.manager [None req-74d24d61-df8c-42be-8276-5d416a8adfd5 tempest-ServerActionsTestJSON-1287878536 tempest-ServerActionsTestJSON-1287878536-project-member] Publish callbacks ['neutron.plugins.ml2.ovo_rpc._ObjectChangeHandler.handle_event-3264804', 'neutron.db.l3_db.L3RpcNotifierMixin._notify_gateway_port_ip_changed-8758028353486', 'neutron.services.ovn_l3.plugin.OVNL3RouterPlugin._port_update-8758026755316', 'neutron.services.segments.plugin.NovaSegmentNotifier._notify_port_updated-59572488'] for port (9fad2119-bc20-40e1-9f5e-8eeae1df6572), after_update {{(pid=113268) _notify_loop /usr/local/lib/python3.12/site-packages/neutron_lib/callbacks/manager.py:184}}
Mar 17 10:35:10.910194 np0005649721.novalocal devstack@neutron-api.service[113269]: [pid: 113269|app: 0|req: 2178/4368] 38.102.83.89 () {74 vars in 1760 bytes} [Tue Mar 17 10:35:10 2026] GET /networking/v2.0/security-groups?id=e093d272-99d1-4b40-9ca5-c188dc090064&fields=id&fields=name => generated 88 bytes in 17 msecs (HTTP/1.1 200) 4 headers in 156 bytes (1 switches on core 0)
Mar 17 10:35:10.928260 np0005649721.novalocal devstack@neutron-api.service[113268]: DEBUG neutron.api.rpc.handlers.resources_rpc [None req-74d24d61-df8c-42be-8276-5d416a8adfd5 tempest-ServerActionsTestJSON-1287878536 tempest-ServerActionsTestJSON-1287878536-project-member] Pushing event updated for resources: {'Port': ['ID=9fad2119-bc20-40e1-9f5e-8eeae1df6572,revision_number=2']} {{(pid=113268) push /opt/stack/neutron/neutron/api/rpc/handlers/resources_rpc.py:237}}
Mar 17 10:35:10.951406 np0005649721.novalocal devstack@neutron-api.service[113268]: DEBUG neutron_lib.callbacks.manager [None req-74d24d61-df8c-42be-8276-5d416a8adfd5 tempest-ServerActionsTestJSON-1287878536 tempest-ServerActionsTestJSON-1287878536-project-member] Publish callbacks ['neutron.services.ovn_l3.service_providers.ovn.OvnDriver._process_floatingip_create-124577'] for floatingip (39e2c141-3b0c-4fbc-9846-23bb2fa255c8), after_create {{(pid=113268) _notify_loop /usr/local/lib/python3.12/site-packages/neutron_lib/callbacks/manager.py:184}}
Mar 17 10:35:10.965331 np0005649721.novalocal devstack@neutron-api.service[113268]: DEBUG neutron_lib.callbacks.manager [None req-74d24d61-df8c-42be-8276-5d416a8adfd5 tempest-ServerActionsTestJSON-1287878536 tempest-ServerActionsTestJSON-1287878536-project-member] Publish callbacks ['neutron.notifiers.nova.Notifier._send_nova_notification-118347'] for floatingip (None), before_response {{(pid=113268) _notify_loop /usr/local/lib/python3.12/site-packages/neutron_lib/callbacks/manager.py:184}}
Mar 17 10:35:10.965882 np0005649721.novalocal devstack@neutron-api.service[113268]: [pid: 113268|app: 0|req: 2191/4369] 38.102.83.89 () {74 vars in 1395 bytes} [Tue Mar 17 10:35:10 2026] POST /networking/v2.0/floatingips => generated 527 bytes in 537 msecs (HTTP/1.1 201) 4 headers in 162 bytes (1 switches on core 0)
Mar 17 10:35:10.972127 np0005649721.novalocal devstack@neutron-api.service[113269]: DEBUG neutron.pecan_wsgi.hooks.policy_enforcement [req-f746384e-f401-4cf1-b320-20f355ca1489 req-cb5ed003-9bbe-4169-af06-25eeee43894c service nova] Attributes excluded by policy engine: ['standard_attr_id'] {{(pid=113269) _exclude_attributes_by_policy /opt/stack/neutron/neutron/pecan_wsgi/hooks/policy_enforcement.py:258}}
Mar 17 10:35:10.972830 np0005649721.novalocal devstack@neutron-api.service[113269]: [pid: 113269|app: 0|req: 2179/4370] 38.102.83.89 () {74 vars in 1786 bytes} [Tue Mar 17 10:35:10 2026] GET /networking/v2.0/ports?tenant_id=d6c92e2797d24229b31070ceee3754cc&device_id=e788e99c-f189-4737-bcd9-feabff4c56af => generated 994 bytes in 36 msecs (HTTP/1.1 200) 4 headers in 157 bytes (2 switches on core 0)
Mar 17 10:35:11.018712 np0005649721.novalocal devstack@neutron-api.service[113268]: DEBUG neutron.pecan_wsgi.hooks.policy_enforcement [req-f746384e-f401-4cf1-b320-20f355ca1489 req-c9ea68ec-9470-4f51-9426-7265aebce751 service nova] Attributes excluded by policy engine: ['standard_attr_id'] {{(pid=113268) _exclude_attributes_by_policy /opt/stack/neutron/neutron/pecan_wsgi/hooks/policy_enforcement.py:258}}
Mar 17 10:35:11.019456 np0005649721.novalocal devstack@neutron-api.service[113268]: [pid: 113268|app: 0|req: 2192/4371] 38.102.83.89 () {74 vars in 1727 bytes} [Tue Mar 17 10:35:10 2026] GET /networking/v2.0/networks?tenant_id=d6c92e2797d24229b31070ceee3754cc&shared=False => generated 744 bytes in 39 msecs (HTTP/1.1 200) 4 headers in 157 bytes (1 switches on core 0)
Mar 17 10:35:11.071151 np0005649721.novalocal devstack@neutron-api.service[113269]: DEBUG neutron.pecan_wsgi.hooks.policy_enforcement [req-f746384e-f401-4cf1-b320-20f355ca1489 req-ba21e04b-26c8-4b2a-b0a6-faa3e37c1496 service nova] Attributes excluded by policy engine: ['standard_attr_id'] {{(pid=113269) _exclude_attributes_by_policy /opt/stack/neutron/neutron/pecan_wsgi/hooks/policy_enforcement.py:258}}
Mar 17 10:35:11.073047 np0005649721.novalocal devstack@neutron-api.service[113269]: [pid: 113269|app: 0|req: 2180/4372] 38.102.83.89 () {74 vars in 1639 bytes} [Tue Mar 17 10:35:11 2026] GET /networking/v2.0/networks?shared=True => generated 701 bytes in 45 msecs (HTTP/1.1 200) 4 headers in 157 bytes (1 switches on core 0)
Mar 17 10:35:11.195494 np0005649721.novalocal devstack@neutron-api.service[113269]: DEBUG neutron.api.wsgi [req-b701aa61-d0c8-461c-9a48-0e2a1d0064ca req-2924143c-ac65-4c56-83cb-175529ed9a54 tempest-ServerActionsTestJSON-1287878536 tempest-ServerActionsTestJSON-1287878536-project-member] Missing Content-Type {{(pid=113269) get_content_type /opt/stack/neutron/neutron/api/wsgi.py:85}}
Mar 17 10:35:11.208963 np0005649721.novalocal devstack@neutron-api.service[113268]: DEBUG neutron_lib.callbacks.manager [None req-a3ed3d51-2f20-4db7-bf4a-ac4703317997 admin admin] Publish callbacks [] for security_group (None), before_create {{(pid=113268) _notify_loop /usr/local/lib/python3.12/site-packages/neutron_lib/callbacks/manager.py:184}}
Mar 17 10:35:11.229103 np0005649721.novalocal devstack@neutron-api.service[113269]: [pid: 113269|app: 0|req: 2181/4373] 38.102.83.89 () {74 vars in 1818 bytes} [Tue Mar 17 10:35:11 2026] GET /networking/v2.0/security-groups?name=tempest-securitygroup--602782214&fields=id&tenant_id=c6ded1d675f94cc5b44ef487b91d3799 => generated 69 bytes in 38 msecs (HTTP/1.1 200) 4 headers in 156 bytes (1 switches on core 0)
Mar 17 10:35:11.258582 np0005649721.novalocal devstack@neutron-api.service[113269]: DEBUG neutron.pecan_wsgi.hooks.policy_enforcement [req-b701aa61-d0c8-461c-9a48-0e2a1d0064ca req-d550361c-8172-41e7-872d-da9f0adc0eec tempest-ServerActionsTestJSON-1287878536 tempest-ServerActionsTestJSON-1287878536-project-member] Attributes excluded by policy engine: ['standard_attr_id', 'provider:network_type', 'provider:physical_network', 'provider:segmentation_id'] {{(pid=113269) _exclude_attributes_by_policy /opt/stack/neutron/neutron/pecan_wsgi/hooks/policy_enforcement.py:258}}
Mar 17 10:35:11.259224 np0005649721.novalocal devstack@neutron-api.service[113269]: [pid: 113269|app: 0|req: 2182/4374] 38.102.83.89 () {74 vars in 1695 bytes} [Tue Mar 17 10:35:11 2026] GET /networking/v2.0/networks?id=e3327a5a-fda9-4674-a8a7-eb5426ee4e89 => generated 644 bytes in 23 msecs (HTTP/1.1 200) 4 headers in 157 bytes (2 switches on core 0)
Mar 17 10:35:11.269096 np0005649721.novalocal devstack@neutron-api.service[113269]: DEBUG neutron.api.wsgi [req-b701aa61-d0c8-461c-9a48-0e2a1d0064ca req-5281e979-7968-4187-8bf0-62cac0782e99 tempest-ServerActionsTestJSON-1287878536 tempest-ServerActionsTestJSON-1287878536-project-member] Missing Content-Type {{(pid=113269) get_content_type /opt/stack/neutron/neutron/api/wsgi.py:85}}
Mar 17 10:35:11.271844 np0005649721.novalocal devstack@neutron-api.service[113269]: [pid: 113269|app: 0|req: 2183/4375] 38.102.83.89 () {74 vars in 1709 bytes} [Tue Mar 17 10:35:11 2026] GET /networking/v2.0/quotas/c6ded1d675f94cc5b44ef487b91d3799 => generated 174 bytes in 5 msecs (HTTP/1.1 200) 4 headers in 157 bytes (1 switches on core 0)
Mar 17 10:35:11.284347 np0005649721.novalocal devstack@neutron-api.service[113268]: DEBUG neutron_lib.callbacks.manager [None req-a3ed3d51-2f20-4db7-bf4a-ac4703317997 admin admin] Publish callbacks ['neutron.plugins.ml2.drivers.ovn.mech_driver.mech_driver.OVNMechanismDriver._create_security_group_precommit-1028525'] for security_group (581c35df-30b6-45e0-b72b-5eeb80d4d57f), precommit_create {{(pid=113268) _notify_loop /usr/local/lib/python3.12/site-packages/neutron_lib/callbacks/manager.py:184}}
Mar 17 10:35:11.284347 np0005649721.novalocal devstack@neutron-api.service[113268]: DEBUG neutron.db.ovn_revision_numbers_db [None req-a3ed3d51-2f20-4db7-bf4a-ac4703317997 admin admin] create_initial_revision uuid=581c35df-30b6-45e0-b72b-5eeb80d4d57f, type=security_groups, rev=-1 {{(pid=113268) create_initial_revision /opt/stack/neutron/neutron/db/ovn_revision_numbers_db.py:98}}
Mar 17 10:35:11.286334 np0005649721.novalocal devstack@neutron-api.service[113268]: DEBUG neutron.db.ovn_revision_numbers_db [None req-a3ed3d51-2f20-4db7-bf4a-ac4703317997 admin admin] create_initial_revision uuid=031ea3b0-cea6-4a2f-b1ff-553dec28ac5f, type=security_group_rules, rev=-1 {{(pid=113268) create_initial_revision /opt/stack/neutron/neutron/db/ovn_revision_numbers_db.py:98}}
