Mar 17 11:00:03.705030 np0005649721.novalocal cinder-volume[125225]: DEBUG oslo_concurrency.processutils [None req-967a9d3a-537e-45ca-b1a0-920d7196efa6 tempest-VolumesBackupsTest-501581151 None] Running cmd (subprocess): sudo cinder-rootwrap /etc/cinder/rootwrap.conf cinder-rtstool save {{(pid=125225) execute /usr/local/lib/python3.12/site-packages/oslo_concurrency/processutils.py:440}}
Mar 17 11:00:03.730341 np0005649721.novalocal sudo[164509]: stack : PWD=/ ; USER=root ; COMMAND=/usr/local/bin/cinder-rootwrap /etc/cinder/rootwrap.conf cinder-rtstool save
Mar 17 11:00:04.231993 np0005649721.novalocal cinder-volume[125225]: DEBUG oslo_concurrency.processutils [None req-967a9d3a-537e-45ca-b1a0-920d7196efa6 tempest-VolumesBackupsTest-501581151 None] CMD "sudo cinder-rootwrap /etc/cinder/rootwrap.conf cinder-rtstool save" returned: 0 in 0.526s {{(pid=125225) execute /usr/local/lib/python3.12/site-packages/oslo_concurrency/processutils.py:468}}
Mar 17 11:00:04.232833 np0005649721.novalocal cinder-volume[125225]: DEBUG oslo_concurrency.lockutils [None req-967a9d3a-537e-45ca-b1a0-920d7196efa6 tempest-VolumesBackupsTest-501581151 None] Lock "lioadm" "released" by "cinder.volume.targets.lio.LioAdm._execute" :: held 0.528s {{(pid=125225) inner /usr/local/lib/python3.12/site-packages/oslo_concurrency/lockutils.py:538}}
Mar 17 11:00:04.233511 np0005649721.novalocal cinder-volume[125225]: DEBUG cinder.volume.targets.iscsi [None req-967a9d3a-537e-45ca-b1a0-920d7196efa6 tempest-VolumesBackupsTest-501581151 None] Set provider_location to: 38.102.83.89:3260,iqn.2010-10.org.openstack:volume-f580dd54-11e8-4be5-8497-736416235e80 iqn.2010-10.org.openstack:volume-f580dd54-11e8-4be5-8497-736416235e80 0 {{(pid=125225) create_export /opt/stack/cinder/cinder/volume/targets/iscsi.py:205}}
Mar 17 11:00:04.242348 np0005649721.novalocal cinder-volume[125225]: DEBUG oslo_concurrency.lockutils [None req-967a9d3a-537e-45ca-b1a0-920d7196efa6 tempest-VolumesBackupsTest-501581151 None] Acquiring lock "lioadm" by "cinder.volume.targets.lio.LioAdm._execute" {{(pid=125225) inner /usr/local/lib/python3.12/site-packages/oslo_concurrency/lockutils.py:506}}
Mar 17 11:00:04.242976 np0005649721.novalocal cinder-volume[125225]: DEBUG oslo_concurrency.lockutils [None req-967a9d3a-537e-45ca-b1a0-920d7196efa6 tempest-VolumesBackupsTest-501581151 None] Lock "lioadm" acquired by "cinder.volume.targets.lio.LioAdm._execute" :: waited 0.001s {{(pid=125225) inner /usr/local/lib/python3.12/site-packages/oslo_concurrency/lockutils.py:519}}
Mar 17 11:00:04.243665 np0005649721.novalocal cinder-volume[125225]: DEBUG oslo_concurrency.processutils [None req-967a9d3a-537e-45ca-b1a0-920d7196efa6 tempest-VolumesBackupsTest-501581151 None] Running cmd (subprocess): sudo cinder-rootwrap /etc/cinder/rootwrap.conf cinder-rtstool add-initiator iqn.2010-10.org.openstack:volume-f580dd54-11e8-4be5-8497-736416235e80 3KtX6nxh8x9NCgTAfzkJ CyAFyo9QqSLGxNmg iqn.1994-05.com.redhat:fd15498af3bd {{(pid=125225) execute /usr/local/lib/python3.12/site-packages/oslo_concurrency/processutils.py:440}}
Mar 17 11:00:04.266433 np0005649721.novalocal sudo[164522]: stack : PWD=/ ; USER=root ; COMMAND=/usr/local/bin/cinder-rootwrap /etc/cinder/rootwrap.conf cinder-rtstool add-initiator iqn.2010-10.org.openstack:volume-f580dd54-11e8-4be5-8497-736416235e80 3KtX6nxh8x9NCgTAfzkJ CyAFyo9QqSLGxNmg iqn.1994-05.com.redhat:fd15498af3bd
Mar 17 11:00:04.751605 np0005649721.novalocal cinder-volume[125225]: DEBUG oslo_concurrency.processutils [None req-967a9d3a-537e-45ca-b1a0-920d7196efa6 tempest-VolumesBackupsTest-501581151 None] CMD "sudo cinder-rootwrap /etc/cinder/rootwrap.conf cinder-rtstool add-initiator iqn.2010-10.org.openstack:volume-f580dd54-11e8-4be5-8497-736416235e80 3KtX6nxh8x9NCgTAfzkJ CyAFyo9QqSLGxNmg iqn.1994-05.com.redhat:fd15498af3bd" returned: 0 in 0.508s {{(pid=125225) execute /usr/local/lib/python3.12/site-packages/oslo_concurrency/processutils.py:468}}
Mar 17 11:00:04.752181 np0005649721.novalocal cinder-volume[125225]: DEBUG oslo_concurrency.lockutils [None req-967a9d3a-537e-45ca-b1a0-920d7196efa6 tempest-VolumesBackupsTest-501581151 None] Lock "lioadm" "released" by "cinder.volume.targets.lio.LioAdm._execute" :: held 0.509s {{(pid=125225) inner /usr/local/lib/python3.12/site-packages/oslo_concurrency/lockutils.py:538}}
Mar 17 11:00:04.752547 np0005649721.novalocal cinder-volume[125225]: DEBUG oslo_concurrency.lockutils [None req-967a9d3a-537e-45ca-b1a0-920d7196efa6 tempest-VolumesBackupsTest-501581151 None] Acquiring lock "lioadm" by "cinder.volume.targets.lio.LioAdm._execute" {{(pid=125225) inner /usr/local/lib/python3.12/site-packages/oslo_concurrency/lockutils.py:506}}
Mar 17 11:00:04.753141 np0005649721.novalocal cinder-volume[125225]: DEBUG oslo_concurrency.lockutils [None req-967a9d3a-537e-45ca-b1a0-920d7196efa6 tempest-VolumesBackupsTest-501581151 None] Lock "lioadm" acquired by "cinder.volume.targets.lio.LioAdm._execute" :: waited 0.001s {{(pid=125225) inner /usr/local/lib/python3.12/site-packages/oslo_concurrency/lockutils.py:519}}
Mar 17 11:00:04.753736 np0005649721.novalocal cinder-volume[125225]: DEBUG oslo_concurrency.processutils [None req-967a9d3a-537e-45ca-b1a0-920d7196efa6 tempest-VolumesBackupsTest-501581151 None] Running cmd (subprocess): sudo cinder-rootwrap /etc/cinder/rootwrap.conf cinder-rtstool save {{(pid=125225) execute /usr/local/lib/python3.12/site-packages/oslo_concurrency/processutils.py:440}}
Mar 17 11:00:04.777416 np0005649721.novalocal sudo[164528]: stack : PWD=/ ; USER=root ; COMMAND=/usr/local/bin/cinder-rootwrap /etc/cinder/rootwrap.conf cinder-rtstool save
Mar 17 11:00:05.268681 np0005649721.novalocal cinder-volume[125225]: DEBUG oslo_concurrency.processutils [None req-967a9d3a-537e-45ca-b1a0-920d7196efa6 tempest-VolumesBackupsTest-501581151 None] CMD "sudo cinder-rootwrap /etc/cinder/rootwrap.conf cinder-rtstool save" returned: 0 in 0.515s {{(pid=125225) execute /usr/local/lib/python3.12/site-packages/oslo_concurrency/processutils.py:468}}
Mar 17 11:00:05.269098 np0005649721.novalocal cinder-volume[125225]: DEBUG oslo_concurrency.lockutils [None req-967a9d3a-537e-45ca-b1a0-920d7196efa6 tempest-VolumesBackupsTest-501581151 None] Lock "lioadm" "released" by "cinder.volume.targets.lio.LioAdm._execute" :: held 0.516s {{(pid=125225) inner /usr/local/lib/python3.12/site-packages/oslo_concurrency/lockutils.py:538}}
Mar 17 11:00:05.275924 np0005649721.novalocal cinder-volume[125225]: INFO cinder.volume.manager [None req-967a9d3a-537e-45ca-b1a0-920d7196efa6 tempest-VolumesBackupsTest-501581151 None] Initialize volume connection completed successfully.
Mar 17 11:00:14.420611 np0005649721.novalocal cinder-volume[125225]: DEBUG oslo_concurrency.lockutils [None req-967a9d3a-537e-45ca-b1a0-920d7196efa6 tempest-VolumesBackupsTest-501581151 None] Acquiring lock "lioadm" by "cinder.volume.targets.lio.LioAdm._execute" {{(pid=125225) inner /usr/local/lib/python3.12/site-packages/oslo_concurrency/lockutils.py:506}}
Mar 17 11:00:14.421432 np0005649721.novalocal cinder-volume[125225]: DEBUG oslo_concurrency.lockutils [None req-967a9d3a-537e-45ca-b1a0-920d7196efa6 tempest-VolumesBackupsTest-501581151 None] Lock "lioadm" acquired by "cinder.volume.targets.lio.LioAdm._execute" :: waited 0.001s {{(pid=125225) inner /usr/local/lib/python3.12/site-packages/oslo_concurrency/lockutils.py:519}}
Mar 17 11:00:14.421928 np0005649721.novalocal cinder-volume[125225]: DEBUG oslo_concurrency.processutils [None req-967a9d3a-537e-45ca-b1a0-920d7196efa6 tempest-VolumesBackupsTest-501581151 None] Running cmd (subprocess): sudo cinder-rootwrap /etc/cinder/rootwrap.conf cinder-rtstool delete-initiator iqn.2010-10.org.openstack:volume-f580dd54-11e8-4be5-8497-736416235e80 iqn.1994-05.com.redhat:fd15498af3bd {{(pid=125225) execute /usr/local/lib/python3.12/site-packages/oslo_concurrency/processutils.py:440}}
Mar 17 11:00:14.448710 np0005649721.novalocal sudo[164627]: stack : PWD=/ ; USER=root ; COMMAND=/usr/local/bin/cinder-rootwrap /etc/cinder/rootwrap.conf cinder-rtstool delete-initiator iqn.2010-10.org.openstack:volume-f580dd54-11e8-4be5-8497-736416235e80 iqn.1994-05.com.redhat:fd15498af3bd
Mar 17 11:00:14.962121 np0005649721.novalocal cinder-volume[125225]: DEBUG oslo_concurrency.processutils [None req-967a9d3a-537e-45ca-b1a0-920d7196efa6 tempest-VolumesBackupsTest-501581151 None] CMD "sudo cinder-rootwrap /etc/cinder/rootwrap.conf cinder-rtstool delete-initiator iqn.2010-10.org.openstack:volume-f580dd54-11e8-4be5-8497-736416235e80 iqn.1994-05.com.redhat:fd15498af3bd" returned: 0 in 0.539s {{(pid=125225) execute /usr/local/lib/python3.12/site-packages/oslo_concurrency/processutils.py:468}}
Mar 17 11:00:14.962866 np0005649721.novalocal cinder-volume[125225]: DEBUG oslo_concurrency.lockutils [None req-967a9d3a-537e-45ca-b1a0-920d7196efa6 tempest-VolumesBackupsTest-501581151 None] Lock "lioadm" "released" by "cinder.volume.targets.lio.LioAdm._execute" :: held 0.542s {{(pid=125225) inner /usr/local/lib/python3.12/site-packages/oslo_concurrency/lockutils.py:538}}
Mar 17 11:00:14.963182 np0005649721.novalocal cinder-volume[125225]: DEBUG oslo_concurrency.lockutils [None req-967a9d3a-537e-45ca-b1a0-920d7196efa6 tempest-VolumesBackupsTest-501581151 None] Acquiring lock "lioadm" by "cinder.volume.targets.lio.LioAdm._execute" {{(pid=125225) inner /usr/local/lib/python3.12/site-packages/oslo_concurrency/lockutils.py:506}}
Mar 17 11:00:14.964001 np0005649721.novalocal cinder-volume[125225]: DEBUG oslo_concurrency.lockutils [None req-967a9d3a-537e-45ca-b1a0-920d7196efa6 tempest-VolumesBackupsTest-501581151 None] Lock "lioadm" acquired by "cinder.volume.targets.lio.LioAdm._execute" :: waited 0.001s {{(pid=125225) inner /usr/local/lib/python3.12/site-packages/oslo_concurrency/lockutils.py:519}}
Mar 17 11:00:14.965139 np0005649721.novalocal cinder-volume[125225]: DEBUG oslo_concurrency.processutils [None req-967a9d3a-537e-45ca-b1a0-920d7196efa6 tempest-VolumesBackupsTest-501581151 None] Running cmd (subprocess): sudo cinder-rootwrap /etc/cinder/rootwrap.conf cinder-rtstool save {{(pid=125225) execute /usr/local/lib/python3.12/site-packages/oslo_concurrency/processutils.py:440}}
Mar 17 11:00:14.992231 np0005649721.novalocal sudo[164633]: stack : PWD=/ ; USER=root ; COMMAND=/usr/local/bin/cinder-rootwrap /etc/cinder/rootwrap.conf cinder-rtstool save
Mar 17 11:00:15.275921 np0005649721.novalocal cinder-volume[125225]: DEBUG dbcounter [-] [125225] Writing DB stats cinder:SELECT=6,cinder:UPDATE=6 {{(pid=125225) stat_writer /usr/local/lib/python3.12/site-packages/dbcounter.py:115}}
Mar 17 11:00:15.556345 np0005649721.novalocal cinder-volume[125225]: DEBUG oslo_concurrency.processutils [None req-967a9d3a-537e-45ca-b1a0-920d7196efa6 tempest-VolumesBackupsTest-501581151 None] CMD "sudo cinder-rootwrap /etc/cinder/rootwrap.conf cinder-rtstool save" returned: 0 in 0.591s {{(pid=125225) execute /usr/local/lib/python3.12/site-packages/oslo_concurrency/processutils.py:468}}
Mar 17 11:00:15.556987 np0005649721.novalocal cinder-volume[125225]: DEBUG oslo_concurrency.lockutils [None req-967a9d3a-537e-45ca-b1a0-920d7196efa6 tempest-VolumesBackupsTest-501581151 None] Lock "lioadm" "released" by "cinder.volume.targets.lio.LioAdm._execute" :: held 0.593s {{(pid=125225) inner /usr/local/lib/python3.12/site-packages/oslo_concurrency/lockutils.py:538}}
Mar 17 11:00:15.557413 np0005649721.novalocal cinder-volume[125225]: INFO cinder.volume.manager [None req-967a9d3a-537e-45ca-b1a0-920d7196efa6 tempest-VolumesBackupsTest-501581151 None] Terminate volume connection completed successfully.
Mar 17 11:00:15.923391 np0005649721.novalocal cinder-volume[125225]: DEBUG oslo_concurrency.lockutils [None req-967a9d3a-537e-45ca-b1a0-920d7196efa6 tempest-VolumesBackupsTest-501581151 None] Acquiring lock "lioadm" by "cinder.volume.targets.lio.LioAdm._execute" {{(pid=125225) inner /usr/local/lib/python3.12/site-packages/oslo_concurrency/lockutils.py:506}}
Mar 17 11:00:15.923961 np0005649721.novalocal cinder-volume[125225]: DEBUG oslo_concurrency.lockutils [None req-967a9d3a-537e-45ca-b1a0-920d7196efa6 tempest-VolumesBackupsTest-501581151 None] Lock "lioadm" acquired by "cinder.volume.targets.lio.LioAdm._execute" :: waited 0.001s {{(pid=125225) inner /usr/local/lib/python3.12/site-packages/oslo_concurrency/lockutils.py:519}}
Mar 17 11:00:15.924625 np0005649721.novalocal cinder-volume[125225]: DEBUG oslo_concurrency.processutils [None req-967a9d3a-537e-45ca-b1a0-920d7196efa6 tempest-VolumesBackupsTest-501581151 None] Running cmd (subprocess): sudo cinder-rootwrap /etc/cinder/rootwrap.conf cinder-rtstool get-targets {{(pid=125225) execute /usr/local/lib/python3.12/site-packages/oslo_concurrency/processutils.py:440}}
Mar 17 11:00:15.957402 np0005649721.novalocal sudo[164639]: stack : PWD=/ ; USER=root ; COMMAND=/usr/local/bin/cinder-rootwrap /etc/cinder/rootwrap.conf cinder-rtstool get-targets
Mar 17 11:00:16.443337 np0005649721.novalocal cinder-volume[125225]: DEBUG oslo_concurrency.processutils [None req-967a9d3a-537e-45ca-b1a0-920d7196efa6 tempest-VolumesBackupsTest-501581151 None] CMD "sudo cinder-rootwrap /etc/cinder/rootwrap.conf cinder-rtstool get-targets" returned: 0 in 0.518s {{(pid=125225) execute /usr/local/lib/python3.12/site-packages/oslo_concurrency/processutils.py:468}}
Mar 17 11:00:16.443850 np0005649721.novalocal cinder-volume[125225]: DEBUG oslo_concurrency.lockutils [None req-967a9d3a-537e-45ca-b1a0-920d7196efa6 tempest-VolumesBackupsTest-501581151 None] Lock "lioadm" "released" by "cinder.volume.targets.lio.LioAdm._execute" :: held 0.520s {{(pid=125225) inner /usr/local/lib/python3.12/site-packages/oslo_concurrency/lockutils.py:538}}
Mar 17 11:00:16.444208 np0005649721.novalocal cinder-volume[125225]: INFO cinder.volume.targets.lio [None req-967a9d3a-537e-45ca-b1a0-920d7196efa6 tempest-VolumesBackupsTest-501581151 None] Removing iscsi_target: f580dd54-11e8-4be5-8497-736416235e80
Mar 17 11:00:16.444542 np0005649721.novalocal cinder-volume[125225]: DEBUG oslo_concurrency.lockutils [None req-967a9d3a-537e-45ca-b1a0-920d7196efa6 tempest-VolumesBackupsTest-501581151 None] Acquiring lock "lioadm" by "cinder.volume.targets.lio.LioAdm._execute" {{(pid=125225) inner /usr/local/lib/python3.12/site-packages/oslo_concurrency/lockutils.py:506}}
Mar 17 11:00:16.445373 np0005649721.novalocal cinder-volume[125225]: DEBUG oslo_concurrency.lockutils [None req-967a9d3a-537e-45ca-b1a0-920d7196efa6 tempest-VolumesBackupsTest-501581151 None] Lock "lioadm" acquired by "cinder.volume.targets.lio.LioAdm._execute" :: waited 0.001s {{(pid=125225) inner /usr/local/lib/python3.12/site-packages/oslo_concurrency/lockutils.py:519}}
Mar 17 11:00:16.445693 np0005649721.novalocal cinder-volume[125225]: DEBUG oslo_concurrency.processutils [None req-967a9d3a-537e-45ca-b1a0-920d7196efa6 tempest-VolumesBackupsTest-501581151 None] Running cmd (subprocess): sudo cinder-rootwrap /etc/cinder/rootwrap.conf cinder-rtstool delete iqn.2010-10.org.openstack:volume-f580dd54-11e8-4be5-8497-736416235e80 {{(pid=125225) execute /usr/local/lib/python3.12/site-packages/oslo_concurrency/processutils.py:440}}
Mar 17 11:00:16.464635 np0005649721.novalocal sudo[164645]: stack : PWD=/ ; USER=root ; COMMAND=/usr/local/bin/cinder-rootwrap /etc/cinder/rootwrap.conf cinder-rtstool delete iqn.2010-10.org.openstack:volume-f580dd54-11e8-4be5-8497-736416235e80
Mar 17 11:00:17.042138 np0005649721.novalocal cinder-volume[125225]: DEBUG oslo_concurrency.processutils [None req-967a9d3a-537e-45ca-b1a0-920d7196efa6 tempest-VolumesBackupsTest-501581151 None] CMD "sudo cinder-rootwrap /etc/cinder/rootwrap.conf cinder-rtstool delete iqn.2010-10.org.openstack:volume-f580dd54-11e8-4be5-8497-736416235e80" returned: 0 in 0.596s {{(pid=125225) execute /usr/local/lib/python3.12/site-packages/oslo_concurrency/processutils.py:468}}
Mar 17 11:00:17.042665 np0005649721.novalocal cinder-volume[125225]: DEBUG oslo_concurrency.lockutils [None req-967a9d3a-537e-45ca-b1a0-920d7196efa6 tempest-VolumesBackupsTest-501581151 None] Lock "lioadm" "released" by "cinder.volume.targets.lio.LioAdm._execute" :: held 0.598s {{(pid=125225) inner /usr/local/lib/python3.12/site-packages/oslo_concurrency/lockutils.py:538}}
Mar 17 11:00:17.042952 np0005649721.novalocal cinder-volume[125225]: DEBUG oslo_concurrency.lockutils [None req-967a9d3a-537e-45ca-b1a0-920d7196efa6 tempest-VolumesBackupsTest-501581151 None] Acquiring lock "lioadm" by "cinder.volume.targets.lio.LioAdm._execute" {{(pid=125225) inner /usr/local/lib/python3.12/site-packages/oslo_concurrency/lockutils.py:506}}
Mar 17 11:00:17.043547 np0005649721.novalocal cinder-volume[125225]: DEBUG oslo_concurrency.lockutils [None req-967a9d3a-537e-45ca-b1a0-920d7196efa6 tempest-VolumesBackupsTest-501581151 None] Lock "lioadm" acquired by "cinder.volume.targets.lio.LioAdm._execute" :: waited 0.001s {{(pid=125225) inner /usr/local/lib/python3.12/site-packages/oslo_concurrency/lockutils.py:519}}
Mar 17 11:00:17.044066 np0005649721.novalocal cinder-volume[125225]: DEBUG oslo_concurrency.processutils [None req-967a9d3a-537e-45ca-b1a0-920d7196efa6 tempest-VolumesBackupsTest-501581151 None] Running cmd (subprocess): sudo cinder-rootwrap /etc/cinder/rootwrap.conf cinder-rtstool save {{(pid=125225) execute /usr/local/lib/python3.12/site-packages/oslo_concurrency/processutils.py:440}}
Mar 17 11:00:17.066408 np0005649721.novalocal sudo[164651]: stack : PWD=/ ; USER=root ; COMMAND=/usr/local/bin/cinder-rootwrap /etc/cinder/rootwrap.conf cinder-rtstool save
Mar 17 11:00:17.603141 np0005649721.novalocal cinder-volume[125225]: DEBUG oslo_concurrency.processutils [None req-967a9d3a-537e-45ca-b1a0-920d7196efa6 tempest-VolumesBackupsTest-501581151 None] CMD "sudo cinder-rootwrap /etc/cinder/rootwrap.conf cinder-rtstool save" returned: 0 in 0.559s {{(pid=125225) execute /usr/local/lib/python3.12/site-packages/oslo_concurrency/processutils.py:468}}
Mar 17 11:00:17.603736 np0005649721.novalocal cinder-volume[125225]: DEBUG oslo_concurrency.lockutils [None req-967a9d3a-537e-45ca-b1a0-920d7196efa6 tempest-VolumesBackupsTest-501581151 None] Lock "lioadm" "released" by "cinder.volume.targets.lio.LioAdm._execute" :: held 0.560s {{(pid=125225) inner /usr/local/lib/python3.12/site-packages/oslo_concurrency/lockutils.py:538}}
Mar 17 11:00:17.604135 np0005649721.novalocal cinder-volume[125225]: INFO cinder.volume.manager [None req-967a9d3a-537e-45ca-b1a0-920d7196efa6 tempest-VolumesBackupsTest-501581151 None] Remove volume export completed successfully.
Mar 17 11:00:17.938432 np0005649721.novalocal cinder-volume[125225]: DEBUG cinder.coordination [None req-967a9d3a-537e-45ca-b1a0-920d7196efa6 tempest-VolumesBackupsTest-501581151 None] Acquiring lock "cinder-f580dd54-11e8-4be5-8497-736416235e80-delete_volume" by "delete_volume" {{(pid=125225) __acquire /opt/stack/cinder/cinder/coordination.py:138}}
Mar 17 11:00:17.951716 np0005649721.novalocal cinder-volume[125225]: DEBUG cinder.coordination [None req-967a9d3a-537e-45ca-b1a0-920d7196efa6 tempest-VolumesBackupsTest-501581151 None] Lock "cinder-f580dd54-11e8-4be5-8497-736416235e80-delete_volume" acquired by "delete_volume" :: waited 0.013s {{(pid=125225) __acquire /opt/stack/cinder/cinder/coordination.py:141}}
Mar 17 11:00:17.963576 np0005649721.novalocal cinder-volume[125225]: DEBUG oslo_concurrency.lockutils [None req-967a9d3a-537e-45ca-b1a0-920d7196efa6 tempest-VolumesBackupsTest-501581151 None] Acquiring lock "lioadm" by "cinder.volume.targets.lio.LioAdm._execute" {{(pid=125225) inner /usr/local/lib/python3.12/site-packages/oslo_concurrency/lockutils.py:506}}
Mar 17 11:00:17.964146 np0005649721.novalocal cinder-volume[125225]: DEBUG oslo_concurrency.lockutils [None req-967a9d3a-537e-45ca-b1a0-920d7196efa6 tempest-VolumesBackupsTest-501581151 None] Lock "lioadm" acquired by "cinder.volume.targets.lio.LioAdm._execute" :: waited 0.001s {{(pid=125225) inner /usr/local/lib/python3.12/site-packages/oslo_concurrency/lockutils.py:519}}
Mar 17 11:00:17.964725 np0005649721.novalocal cinder-volume[125225]: DEBUG oslo_concurrency.processutils [None req-967a9d3a-537e-45ca-b1a0-920d7196efa6 tempest-VolumesBackupsTest-501581151 None] Running cmd (subprocess): sudo cinder-rootwrap /etc/cinder/rootwrap.conf cinder-rtstool get-targets {{(pid=125225) execute /usr/local/lib/python3.12/site-packages/oslo_concurrency/processutils.py:440}}
Mar 17 11:00:17.994210 np0005649721.novalocal sudo[164660]: stack : PWD=/ ; USER=root ; COMMAND=/usr/local/bin/cinder-rootwrap /etc/cinder/rootwrap.conf cinder-rtstool get-targets
Mar 17 11:00:18.546404 np0005649721.novalocal cinder-volume[125225]: DEBUG oslo_concurrency.processutils [None req-967a9d3a-537e-45ca-b1a0-920d7196efa6 tempest-VolumesBackupsTest-501581151 None] CMD "sudo cinder-rootwrap /etc/cinder/rootwrap.conf cinder-rtstool get-targets" returned: 0 in 0.581s {{(pid=125225) execute /usr/local/lib/python3.12/site-packages/oslo_concurrency/processutils.py:468}}
Mar 17 11:00:18.547412 np0005649721.novalocal cinder-volume[125225]: DEBUG oslo_concurrency.lockutils [None req-967a9d3a-537e-45ca-b1a0-920d7196efa6 tempest-VolumesBackupsTest-501581151 None] Lock "lioadm" "released" by "cinder.volume.targets.lio.LioAdm._execute" :: held 0.583s {{(pid=125225) inner /usr/local/lib/python3.12/site-packages/oslo_concurrency/lockutils.py:538}}
Mar 17 11:00:18.547685 np0005649721.novalocal cinder-volume[125225]: INFO cinder.volume.targets.iscsi [None req-967a9d3a-537e-45ca-b1a0-920d7196efa6 tempest-VolumesBackupsTest-501581151 None] Skipping remove_export. No iscsi_target is presently exported for volume: f580dd54-11e8-4be5-8497-736416235e80
Mar 17 11:00:18.548867 np0005649721.novalocal cinder-volume[125225]: DEBUG oslo_concurrency.processutils [None req-967a9d3a-537e-45ca-b1a0-920d7196efa6 tempest-VolumesBackupsTest-501581151 None] Running cmd (subprocess): sudo cinder-rootwrap /etc/cinder/rootwrap.conf env LC_ALL=C lvs --noheadings --unit=g -o vg_name,name,size --nosuffix --readonly stack-volumes-lvmdriver-1/volume-f580dd54-11e8-4be5-8497-736416235e80 {{(pid=125225) execute /usr/local/lib/python3.12/site-packages/oslo_concurrency/processutils.py:440}}
Mar 17 11:00:18.567895 np0005649721.novalocal sudo[164666]: stack : PWD=/ ; USER=root ; COMMAND=/usr/local/bin/cinder-rootwrap /etc/cinder/rootwrap.conf env LC_ALL=C lvs --noheadings --unit=g -o vg_name,name,size --nosuffix --readonly stack-volumes-lvmdriver-1/volume-f580dd54-11e8-4be5-8497-736416235e80
Mar 17 11:00:18.909883 np0005649721.novalocal cinder-volume[125225]: DEBUG oslo_concurrency.processutils [None req-967a9d3a-537e-45ca-b1a0-920d7196efa6 tempest-VolumesBackupsTest-501581151 None] CMD "sudo cinder-rootwrap /etc/cinder/rootwrap.conf env LC_ALL=C lvs --noheadings --unit=g -o vg_name,name,size --nosuffix --readonly stack-volumes-lvmdriver-1/volume-f580dd54-11e8-4be5-8497-736416235e80" returned: 0 in 0.361s {{(pid=125225) execute /usr/local/lib/python3.12/site-packages/oslo_concurrency/processutils.py:468}}
Mar 17 11:00:18.911713 np0005649721.novalocal cinder-volume[125225]: DEBUG oslo_concurrency.processutils [None req-967a9d3a-537e-45ca-b1a0-920d7196efa6 tempest-VolumesBackupsTest-501581151 None] Running cmd (subprocess): sudo cinder-rootwrap /etc/cinder/rootwrap.conf env LC_ALL=C lvdisplay --noheading -C -o Attr --readonly stack-volumes-lvmdriver-1/volume-f580dd54-11e8-4be5-8497-736416235e80 {{(pid=125225) execute /usr/local/lib/python3.12/site-packages/oslo_concurrency/processutils.py:440}}
Mar 17 11:00:18.940086 np0005649721.novalocal sudo[164671]: stack : PWD=/ ; USER=root ; COMMAND=/usr/local/bin/cinder-rootwrap /etc/cinder/rootwrap.conf env LC_ALL=C lvdisplay --noheading -C -o Attr --readonly stack-volumes-lvmdriver-1/volume-f580dd54-11e8-4be5-8497-736416235e80
Mar 17 11:00:19.315137 np0005649721.novalocal cinder-volume[125225]: DEBUG oslo_concurrency.processutils [None req-967a9d3a-537e-45ca-b1a0-920d7196efa6 tempest-VolumesBackupsTest-501581151 None] CMD "sudo cinder-rootwrap /etc/cinder/rootwrap.conf env LC_ALL=C lvdisplay --noheading -C -o Attr --readonly stack-volumes-lvmdriver-1/volume-f580dd54-11e8-4be5-8497-736416235e80" returned: 0 in 0.403s {{(pid=125225) execute /usr/local/lib/python3.12/site-packages/oslo_concurrency/processutils.py:468}}
Mar 17 11:00:19.317297 np0005649721.novalocal cinder-volume[125225]: DEBUG oslo_concurrency.processutils [None req-967a9d3a-537e-45ca-b1a0-920d7196efa6 tempest-VolumesBackupsTest-501581151 None] Running cmd (subprocess): sudo cinder-rootwrap /etc/cinder/rootwrap.conf lvremove --config activation { retry_deactivation = 1} -f stack-volumes-lvmdriver-1/volume-f580dd54-11e8-4be5-8497-736416235e80 {{(pid=125225) execute /usr/local/lib/python3.12/site-packages/oslo_concurrency/processutils.py:440}}
Mar 17 11:00:19.341691 np0005649721.novalocal sudo[164677]: stack : PWD=/ ; USER=root ; COMMAND=/usr/local/bin/cinder-rootwrap /etc/cinder/rootwrap.conf lvremove --config 'activation { retry_deactivation = 1} ' -f stack-volumes-lvmdriver-1/volume-f580dd54-11e8-4be5-8497-736416235e80
Mar 17 11:00:19.641734 np0005649721.novalocal cinder-volume[125225]: DEBUG cinder.volume.driver [None req-286c3845-06b3-44ef-9bd7-fdcbee3d4c1e tempest-VolumesBackupsTest-501581151 None] Creating a new backup for volume volume-cba935e2-1c2a-4763-b608-4bb2e235b653. {{(pid=125225) _get_backup_volume_temp_volume /opt/stack/cinder/cinder/volume/driver.py:1290}}
Mar 17 11:00:19.652816 np0005649721.novalocal cinder-volume[125225]: DEBUG oslo_concurrency.processutils [None req-286c3845-06b3-44ef-9bd7-fdcbee3d4c1e tempest-VolumesBackupsTest-501581151 None] Running cmd (subprocess): sudo cinder-rootwrap /etc/cinder/rootwrap.conf env LC_ALL=C lvs --noheadings --unit=g -o vg_name,name,size --nosuffix --readonly stack-volumes-lvmdriver-1/volume-cba935e2-1c2a-4763-b608-4bb2e235b653 {{(pid=125225) execute /usr/local/lib/python3.12/site-packages/oslo_concurrency/processutils.py:440}}
Mar 17 11:00:19.672356 np0005649721.novalocal sudo[164686]: stack : PWD=/ ; USER=root ; COMMAND=/usr/local/bin/cinder-rootwrap /etc/cinder/rootwrap.conf env LC_ALL=C lvs --noheadings --unit=g -o vg_name,name,size --nosuffix --readonly stack-volumes-lvmdriver-1/volume-cba935e2-1c2a-4763-b608-4bb2e235b653
Mar 17 11:00:19.754115 np0005649721.novalocal cinder-volume[125225]: DEBUG oslo_concurrency.processutils [None req-967a9d3a-537e-45ca-b1a0-920d7196efa6 tempest-VolumesBackupsTest-501581151 None] CMD "sudo cinder-rootwrap /etc/cinder/rootwrap.conf lvremove --config activation { retry_deactivation = 1} -f stack-volumes-lvmdriver-1/volume-f580dd54-11e8-4be5-8497-736416235e80" returned: 0 in 0.437s {{(pid=125225) execute /usr/local/lib/python3.12/site-packages/oslo_concurrency/processutils.py:468}}
Mar 17 11:00:19.754625 np0005649721.novalocal cinder-volume[125225]: INFO cinder.volume.drivers.lvm [None req-967a9d3a-537e-45ca-b1a0-920d7196efa6 tempest-VolumesBackupsTest-501581151 None] Successfully deleted volume: f580dd54-11e8-4be5-8497-736416235e80
Mar 17 11:00:19.766690 np0005649721.novalocal cinder-volume[125225]: INFO cinder.volume.manager [None req-967a9d3a-537e-45ca-b1a0-920d7196efa6 tempest-VolumesBackupsTest-501581151 None] Deleted volume successfully.
Mar 17 11:00:19.769666 np0005649721.novalocal cinder-volume[125225]: DEBUG cinder.coordination [None req-967a9d3a-537e-45ca-b1a0-920d7196efa6 tempest-VolumesBackupsTest-501581151 None] Lock "cinder-f580dd54-11e8-4be5-8497-736416235e80-delete_volume" released by "delete_volume" :: held 1.818s {{(pid=125225) __release /opt/stack/cinder/cinder/coordination.py:152}}
Mar 17 11:00:19.993806 np0005649721.novalocal cinder-volume[125225]: DEBUG oslo_concurrency.processutils [None req-286c3845-06b3-44ef-9bd7-fdcbee3d4c1e tempest-VolumesBackupsTest-501581151 None] CMD "sudo cinder-rootwrap /etc/cinder/rootwrap.conf env LC_ALL=C lvs --noheadings --unit=g -o vg_name,name,size --nosuffix --readonly stack-volumes-lvmdriver-1/volume-cba935e2-1c2a-4763-b608-4bb2e235b653" returned: 0 in 0.341s {{(pid=125225) execute /usr/local/lib/python3.12/site-packages/oslo_concurrency/processutils.py:468}}
Mar 17 11:00:19.995180 np0005649721.novalocal cinder-volume[125225]: DEBUG oslo_concurrency.processutils [None req-286c3845-06b3-44ef-9bd7-fdcbee3d4c1e tempest-VolumesBackupsTest-501581151 None] Running cmd (subprocess): sudo cinder-rootwrap /etc/cinder/rootwrap.conf env LC_ALL=C lvcreate --name volume-bf967038-83d8-48a0-9c3d-031781bc2251 --snapshot stack-volumes-lvmdriver-1/volume-cba935e2-1c2a-4763-b608-4bb2e235b653 {{(pid=125225) execute /usr/local/lib/python3.12/site-packages/oslo_concurrency/processutils.py:440}}
Mar 17 11:00:20.014036 np0005649721.novalocal sudo[164696]: stack : PWD=/ ; USER=root ; COMMAND=/usr/local/bin/cinder-rootwrap /etc/cinder/rootwrap.conf env LC_ALL=C lvcreate --name volume-bf967038-83d8-48a0-9c3d-031781bc2251 --snapshot stack-volumes-lvmdriver-1/volume-cba935e2-1c2a-4763-b608-4bb2e235b653
Mar 17 11:00:20.453963 np0005649721.novalocal cinder-volume[125225]: DEBUG oslo_concurrency.processutils [None req-286c3845-06b3-44ef-9bd7-fdcbee3d4c1e tempest-VolumesBackupsTest-501581151 None] CMD "sudo cinder-rootwrap /etc/cinder/rootwrap.conf env LC_ALL=C lvcreate --name volume-bf967038-83d8-48a0-9c3d-031781bc2251 --snapshot stack-volumes-lvmdriver-1/volume-cba935e2-1c2a-4763-b608-4bb2e235b653" returned: 0 in 0.458s {{(pid=125225) execute /usr/local/lib/python3.12/site-packages/oslo_concurrency/processutils.py:468}}
Mar 17 11:00:20.455724 np0005649721.novalocal cinder-volume[125225]: DEBUG oslo_concurrency.processutils [None req-286c3845-06b3-44ef-9bd7-fdcbee3d4c1e tempest-VolumesBackupsTest-501581151 None] Running cmd (subprocess): sudo cinder-rootwrap /etc/cinder/rootwrap.conf lvchange -a y --yes -k n stack-volumes-lvmdriver-1/volume-bf967038-83d8-48a0-9c3d-031781bc2251 {{(pid=125225) execute /usr/local/lib/python3.12/site-packages/oslo_concurrency/processutils.py:440}}
Mar 17 11:00:20.480662 np0005649721.novalocal sudo[164713]: stack : PWD=/ ; USER=root ; COMMAND=/usr/local/bin/cinder-rootwrap /etc/cinder/rootwrap.conf lvchange -a y --yes -k n stack-volumes-lvmdriver-1/volume-bf967038-83d8-48a0-9c3d-031781bc2251
Mar 17 11:00:20.915295 np0005649721.novalocal cinder-volume[125225]: DEBUG oslo_concurrency.processutils [None req-286c3845-06b3-44ef-9bd7-fdcbee3d4c1e tempest-VolumesBackupsTest-501581151 None] CMD "sudo cinder-rootwrap /etc/cinder/rootwrap.conf lvchange -a y --yes -k n stack-volumes-lvmdriver-1/volume-bf967038-83d8-48a0-9c3d-031781bc2251" returned: 0 in 0.459s {{(pid=125225) execute /usr/local/lib/python3.12/site-packages/oslo_concurrency/processutils.py:468}}
Mar 17 11:00:20.932173 np0005649721.novalocal cinder-volume[125225]: INFO cinder.volume.manager [None req-286c3845-06b3-44ef-9bd7-fdcbee3d4c1e tempest-VolumesBackupsTest-501581151 None] Calling backup continue_backup for: Backup(availability_zone='nova',container='tempest-volumesbackupstest-backup-container-625031174',created_at=2026-03-17T15:00:19Z,data_timestamp=2026-03-17T15:00:19Z,deleted=False,deleted_at=None,display_description=None,display_name='tempest-VolumesBackupsTest-Backup-1357068025',encryption_key_id=None,fail_reason=None,host='np0005649721.novalocal',id=1fb3069d-eec8-4c25-b936-586e00d02a53,metadata={},num_dependent_backups=0,object_count=0,parent=Backup(b84c7175-b26a-45ba-aeed-249c987b7a89),parent_id='b84c7175-b26a-45ba-aeed-249c987b7a89',project_id='952eab38fa9f4690ab2b2365fa7b5458',restore_volume_id=None,service='cinder.backup.drivers.swift.SwiftBackupDriver',service_metadata=None,size=1,snapshot_id=None,status='creating',temp_snapshot_id=None,temp_volume_id='bf967038-83d8-48a0-9c3d-031781bc2251',updated_at=None,user_id='627456c02fdf41e8bd6518268b72151a',volume_id=cba935e2-1c2a-4763-b608-4bb2e235b653)
Mar 17 11:00:20.933069 np0005649721.novalocal cinder-volume[125225]: DEBUG cinder.backup.rpcapi [None req-286c3845-06b3-44ef-9bd7-fdcbee3d4c1e tempest-VolumesBackupsTest-501581151 None] continue_backup in rpcapi backup_id 1fb3069d-eec8-4c25-b936-586e00d02a53 {{(pid=125225) continue_backup /opt/stack/cinder/cinder/backup/rpcapi.py:65}}
Mar 17 11:00:21.018093 np0005649721.novalocal cinder-volume[125225]: DEBUG oslo_concurrency.processutils [None req-286c3845-06b3-44ef-9bd7-fdcbee3d4c1e tempest-VolumesBackupsTest-501581151 None] Running cmd (subprocess): sudo cinder-rootwrap /etc/cinder/rootwrap.conf lvchange -a y --yes -K stack-volumes-lvmdriver-1/volume-bf967038-83d8-48a0-9c3d-031781bc2251 {{(pid=125225) execute /usr/local/lib/python3.12/site-packages/oslo_concurrency/processutils.py:440}}
Mar 17 11:00:21.037749 np0005649721.novalocal sudo[164735]: stack : PWD=/ ; USER=root ; COMMAND=/usr/local/bin/cinder-rootwrap /etc/cinder/rootwrap.conf lvchange -a y --yes -K stack-volumes-lvmdriver-1/volume-bf967038-83d8-48a0-9c3d-031781bc2251
Mar 17 11:00:21.385757 np0005649721.novalocal cinder-volume[125225]: DEBUG oslo_concurrency.processutils [None req-286c3845-06b3-44ef-9bd7-fdcbee3d4c1e tempest-VolumesBackupsTest-501581151 None] CMD "sudo cinder-rootwrap /etc/cinder/rootwrap.conf lvchange -a y --yes -K stack-volumes-lvmdriver-1/volume-bf967038-83d8-48a0-9c3d-031781bc2251" returned: 0 in 0.367s {{(pid=125225) execute /usr/local/lib/python3.12/site-packages/oslo_concurrency/processutils.py:468}}
Mar 17 11:00:21.400348 np0005649721.novalocal cinder-volume[125225]: INFO cinder.volume.targets.lio [None req-286c3845-06b3-44ef-9bd7-fdcbee3d4c1e tempest-VolumesBackupsTest-501581151 None] Creating iscsi_target for volume: volume-bf967038-83d8-48a0-9c3d-031781bc2251
Mar 17 11:00:21.400454 np0005649721.novalocal cinder-volume[125225]: DEBUG oslo_concurrency.lockutils [None req-286c3845-06b3-44ef-9bd7-fdcbee3d4c1e tempest-VolumesBackupsTest-501581151 None] Acquiring lock "lioadm" by "cinder.volume.targets.lio.LioAdm._execute" {{(pid=125225) inner /usr/local/lib/python3.12/site-packages/oslo_concurrency/lockutils.py:506}}
Mar 17 11:00:21.400920 np0005649721.novalocal cinder-volume[125225]: DEBUG oslo_concurrency.lockutils [None req-286c3845-06b3-44ef-9bd7-fdcbee3d4c1e tempest-VolumesBackupsTest-501581151 None] Lock "lioadm" acquired by "cinder.volume.targets.lio.LioAdm._execute" :: waited 0.001s {{(pid=125225) inner /usr/local/lib/python3.12/site-packages/oslo_concurrency/lockutils.py:519}}
Mar 17 11:00:21.401358 np0005649721.novalocal cinder-volume[125225]: DEBUG oslo_concurrency.processutils [None req-286c3845-06b3-44ef-9bd7-fdcbee3d4c1e tempest-VolumesBackupsTest-501581151 None] Running cmd (subprocess): sudo cinder-rootwrap /etc/cinder/rootwrap.conf cinder-rtstool create /dev/stack-volumes-lvmdriver-1/volume-bf967038-83d8-48a0-9c3d-031781bc2251 iqn.2010-10.org.openstack:volume-bf967038-83d8-48a0-9c3d-031781bc2251 2TA7Q66aowVbZQBYpJ4U 78SAcLnkJDaSJdSh False -p3260 -a38.102.83.89 {{(pid=125225) execute /usr/local/lib/python3.12/site-packages/oslo_concurrency/processutils.py:440}}
Mar 17 11:00:21.420625 np0005649721.novalocal sudo[164741]: stack : PWD=/ ; USER=root ; COMMAND=/usr/local/bin/cinder-rootwrap /etc/cinder/rootwrap.conf cinder-rtstool create /dev/stack-volumes-lvmdriver-1/volume-bf967038-83d8-48a0-9c3d-031781bc2251 iqn.2010-10.org.openstack:volume-bf967038-83d8-48a0-9c3d-031781bc2251 2TA7Q66aowVbZQBYpJ4U 78SAcLnkJDaSJdSh False -p3260 -a38.102.83.89
Mar 17 11:00:21.902176 np0005649721.novalocal cinder-volume[125225]: DEBUG oslo_concurrency.processutils [None req-286c3845-06b3-44ef-9bd7-fdcbee3d4c1e tempest-VolumesBackupsTest-501581151 None] CMD "sudo cinder-rootwrap /etc/cinder/rootwrap.conf cinder-rtstool create /dev/stack-volumes-lvmdriver-1/volume-bf967038-83d8-48a0-9c3d-031781bc2251 iqn.2010-10.org.openstack:volume-bf967038-83d8-48a0-9c3d-031781bc2251 2TA7Q66aowVbZQBYpJ4U 78SAcLnkJDaSJdSh False -p3260 -a38.102.83.89" returned: 0 in 0.500s {{(pid=125225) execute /usr/local/lib/python3.12/site-packages/oslo_concurrency/processutils.py:468}}
Mar 17 11:00:21.902176 np0005649721.novalocal cinder-volume[125225]: DEBUG oslo_concurrency.lockutils [None req-286c3845-06b3-44ef-9bd7-fdcbee3d4c1e tempest-VolumesBackupsTest-501581151 None] Lock "lioadm" "released" by "cinder.volume.targets.lio.LioAdm._execute" :: held 0.501s {{(pid=125225) inner /usr/local/lib/python3.12/site-packages/oslo_concurrency/lockutils.py:538}}
Mar 17 11:00:21.902380 np0005649721.novalocal cinder-volume[125225]: DEBUG oslo_concurrency.lockutils [None req-286c3845-06b3-44ef-9bd7-fdcbee3d4c1e tempest-VolumesBackupsTest-501581151 None] Acquiring lock "lioadm" by "cinder.volume.targets.lio.LioAdm._execute" {{(pid=125225) inner /usr/local/lib/python3.12/site-packages/oslo_concurrency/lockutils.py:506}}
Mar 17 11:00:21.902816 np0005649721.novalocal cinder-volume[125225]: DEBUG oslo_concurrency.lockutils [None req-286c3845-06b3-44ef-9bd7-fdcbee3d4c1e tempest-VolumesBackupsTest-501581151 None] Lock "lioadm" acquired by "cinder.volume.targets.lio.LioAdm._execute" :: waited 0.001s {{(pid=125225) inner /usr/local/lib/python3.12/site-packages/oslo_concurrency/lockutils.py:519}}
Mar 17 11:00:21.903395 np0005649721.novalocal cinder-volume[125225]: DEBUG oslo_concurrency.processutils [None req-286c3845-06b3-44ef-9bd7-fdcbee3d4c1e tempest-VolumesBackupsTest-501581151 None] Running cmd (subprocess): sudo cinder-rootwrap /etc/cinder/rootwrap.conf cinder-rtstool get-targets {{(pid=125225) execute /usr/local/lib/python3.12/site-packages/oslo_concurrency/processutils.py:440}}
Mar 17 11:00:21.925177 np0005649721.novalocal sudo[164747]: stack : PWD=/ ; USER=root ; COMMAND=/usr/local/bin/cinder-rootwrap /etc/cinder/rootwrap.conf cinder-rtstool get-targets
Mar 17 11:00:22.440656 np0005649721.novalocal cinder-volume[125225]: DEBUG oslo_concurrency.processutils [None req-286c3845-06b3-44ef-9bd7-fdcbee3d4c1e tempest-VolumesBackupsTest-501581151 None] CMD "sudo cinder-rootwrap /etc/cinder/rootwrap.conf cinder-rtstool get-targets" returned: 0 in 0.537s {{(pid=125225) execute /usr/local/lib/python3.12/site-packages/oslo_concurrency/processutils.py:468}}
Mar 17 11:00:22.441391 np0005649721.novalocal cinder-volume[125225]: DEBUG oslo_concurrency.lockutils [None req-286c3845-06b3-44ef-9bd7-fdcbee3d4c1e tempest-VolumesBackupsTest-501581151 None] Lock "lioadm" "released" by "cinder.volume.targets.lio.LioAdm._execute" :: held 0.538s {{(pid=125225) inner /usr/local/lib/python3.12/site-packages/oslo_concurrency/lockutils.py:538}}
Mar 17 11:00:22.441757 np0005649721.novalocal cinder-volume[125225]: DEBUG oslo_concurrency.lockutils [None req-286c3845-06b3-44ef-9bd7-fdcbee3d4c1e tempest-VolumesBackupsTest-501581151 None] Acquiring lock "lioadm" by "cinder.volume.targets.lio.LioAdm._execute" {{(pid=125225) inner /usr/local/lib/python3.12/site-packages/oslo_concurrency/lockutils.py:506}}
Mar 17 11:00:22.442533 np0005649721.novalocal cinder-volume[125225]: DEBUG oslo_concurrency.lockutils [None req-286c3845-06b3-44ef-9bd7-fdcbee3d4c1e tempest-VolumesBackupsTest-501581151 None] Lock "lioadm" acquired by "cinder.volume.targets.lio.LioAdm._execute" :: waited 0.001s {{(pid=125225) inner /usr/local/lib/python3.12/site-packages/oslo_concurrency/lockutils.py:519}}
Mar 17 11:00:22.443239 np0005649721.novalocal cinder-volume[125225]: DEBUG oslo_concurrency.processutils [None req-286c3845-06b3-44ef-9bd7-fdcbee3d4c1e tempest-VolumesBackupsTest-501581151 None] Running cmd (subprocess): sudo cinder-rootwrap /etc/cinder/rootwrap.conf cinder-rtstool save {{(pid=125225) execute /usr/local/lib/python3.12/site-packages/oslo_concurrency/processutils.py:440}}
Mar 17 11:00:22.465149 np0005649721.novalocal sudo[164753]: stack : PWD=/ ; USER=root ; COMMAND=/usr/local/bin/cinder-rootwrap /etc/cinder/rootwrap.conf cinder-rtstool save
Mar 17 11:00:23.045201 np0005649721.novalocal cinder-volume[125225]: DEBUG oslo_concurrency.processutils [None req-286c3845-06b3-44ef-9bd7-fdcbee3d4c1e tempest-VolumesBackupsTest-501581151 None] CMD "sudo cinder-rootwrap /etc/cinder/rootwrap.conf cinder-rtstool save" returned: 0 in 0.602s {{(pid=125225) execute /usr/local/lib/python3.12/site-packages/oslo_concurrency/processutils.py:468}}
Mar 17 11:00:23.045611 np0005649721.novalocal cinder-volume[125225]: DEBUG oslo_concurrency.lockutils [None req-286c3845-06b3-44ef-9bd7-fdcbee3d4c1e tempest-VolumesBackupsTest-501581151 None] Lock "lioadm" "released" by "cinder.volume.targets.lio.LioAdm._execute" :: held 0.603s {{(pid=125225) inner /usr/local/lib/python3.12/site-packages/oslo_concurrency/lockutils.py:538}}
Mar 17 11:00:23.045932 np0005649721.novalocal cinder-volume[125225]: DEBUG cinder.volume.targets.iscsi [None req-286c3845-06b3-44ef-9bd7-fdcbee3d4c1e tempest-VolumesBackupsTest-501581151 None] Set provider_location to: 38.102.83.89:3260,iqn.2010-10.org.openstack:volume-bf967038-83d8-48a0-9c3d-031781bc2251 iqn.2010-10.org.openstack:volume-bf967038-83d8-48a0-9c3d-031781bc2251 0 {{(pid=125225) create_export /opt/stack/cinder/cinder/volume/targets/iscsi.py:205}}
Mar 17 11:00:23.061910 np0005649721.novalocal cinder-volume[125225]: DEBUG oslo_concurrency.lockutils [None req-286c3845-06b3-44ef-9bd7-fdcbee3d4c1e tempest-VolumesBackupsTest-501581151 None] Acquiring lock "lioadm" by "cinder.volume.targets.lio.LioAdm._execute" {{(pid=125225) inner /usr/local/lib/python3.12/site-packages/oslo_concurrency/lockutils.py:506}}
Mar 17 11:00:23.062272 np0005649721.novalocal cinder-volume[125225]: DEBUG oslo_concurrency.lockutils [None req-286c3845-06b3-44ef-9bd7-fdcbee3d4c1e tempest-VolumesBackupsTest-501581151 None] Lock "lioadm" acquired by "cinder.volume.targets.lio.LioAdm._execute" :: waited 0.001s {{(pid=125225) inner /usr/local/lib/python3.12/site-packages/oslo_concurrency/lockutils.py:519}}
Mar 17 11:00:23.062611 np0005649721.novalocal cinder-volume[125225]: DEBUG oslo_concurrency.processutils [None req-286c3845-06b3-44ef-9bd7-fdcbee3d4c1e tempest-VolumesBackupsTest-501581151 None] Running cmd (subprocess): sudo cinder-rootwrap /etc/cinder/rootwrap.conf cinder-rtstool add-initiator iqn.2010-10.org.openstack:volume-bf967038-83d8-48a0-9c3d-031781bc2251 2TA7Q66aowVbZQBYpJ4U 78SAcLnkJDaSJdSh iqn.1994-05.com.redhat:fd15498af3bd {{(pid=125225) execute /usr/local/lib/python3.12/site-packages/oslo_concurrency/processutils.py:440}}
Mar 17 11:00:23.091907 np0005649721.novalocal sudo[164759]: stack : PWD=/ ; USER=root ; COMMAND=/usr/local/bin/cinder-rootwrap /etc/cinder/rootwrap.conf cinder-rtstool add-initiator iqn.2010-10.org.openstack:volume-bf967038-83d8-48a0-9c3d-031781bc2251 2TA7Q66aowVbZQBYpJ4U 78SAcLnkJDaSJdSh iqn.1994-05.com.redhat:fd15498af3bd
Mar 17 11:00:23.589251 np0005649721.novalocal cinder-volume[125225]: DEBUG oslo_concurrency.processutils [None req-286c3845-06b3-44ef-9bd7-fdcbee3d4c1e tempest-VolumesBackupsTest-501581151 None] CMD "sudo cinder-rootwrap /etc/cinder/rootwrap.conf cinder-rtstool add-initiator iqn.2010-10.org.openstack:volume-bf967038-83d8-48a0-9c3d-031781bc2251 2TA7Q66aowVbZQBYpJ4U 78SAcLnkJDaSJdSh iqn.1994-05.com.redhat:fd15498af3bd" returned: 0 in 0.526s {{(pid=125225) execute /usr/local/lib/python3.12/site-packages/oslo_concurrency/processutils.py:468}}
Mar 17 11:00:23.589921 np0005649721.novalocal cinder-volume[125225]: DEBUG oslo_concurrency.lockutils [None req-286c3845-06b3-44ef-9bd7-fdcbee3d4c1e tempest-VolumesBackupsTest-501581151 None] Lock "lioadm" "released" by "cinder.volume.targets.lio.LioAdm._execute" :: held 0.527s {{(pid=125225) inner /usr/local/lib/python3.12/site-packages/oslo_concurrency/lockutils.py:538}}
Mar 17 11:00:23.590170 np0005649721.novalocal cinder-volume[125225]: DEBUG oslo_concurrency.lockutils [None req-286c3845-06b3-44ef-9bd7-fdcbee3d4c1e tempest-VolumesBackupsTest-501581151 None] Acquiring lock "lioadm" by "cinder.volume.targets.lio.LioAdm._execute" {{(pid=125225) inner /usr/local/lib/python3.12/site-packages/oslo_concurrency/lockutils.py:506}}
Mar 17 11:00:23.590865 np0005649721.novalocal cinder-volume[125225]: DEBUG oslo_concurrency.lockutils [None req-286c3845-06b3-44ef-9bd7-fdcbee3d4c1e tempest-VolumesBackupsTest-501581151 None] Lock "lioadm" acquired by "cinder.volume.targets.lio.LioAdm._execute" :: waited 0.001s {{(pid=125225) inner /usr/local/lib/python3.12/site-packages/oslo_concurrency/lockutils.py:519}}
Mar 17 11:00:23.591518 np0005649721.novalocal cinder-volume[125225]: DEBUG oslo_concurrency.processutils [None req-286c3845-06b3-44ef-9bd7-fdcbee3d4c1e tempest-VolumesBackupsTest-501581151 None] Running cmd (subprocess): sudo cinder-rootwrap /etc/cinder/rootwrap.conf cinder-rtstool save {{(pid=125225) execute /usr/local/lib/python3.12/site-packages/oslo_concurrency/processutils.py:440}}
Mar 17 11:00:23.618251 np0005649721.novalocal sudo[164765]: stack : PWD=/ ; USER=root ; COMMAND=/usr/local/bin/cinder-rootwrap /etc/cinder/rootwrap.conf cinder-rtstool save
Mar 17 11:00:24.143505 np0005649721.novalocal cinder-volume[125225]: DEBUG oslo_concurrency.processutils [None req-286c3845-06b3-44ef-9bd7-fdcbee3d4c1e tempest-VolumesBackupsTest-501581151 None] CMD "sudo cinder-rootwrap /etc/cinder/rootwrap.conf cinder-rtstool save" returned: 0 in 0.551s {{(pid=125225) execute /usr/local/lib/python3.12/site-packages/oslo_concurrency/processutils.py:468}}
Mar 17 11:00:24.143960 np0005649721.novalocal cinder-volume[125225]: DEBUG oslo_concurrency.lockutils [None req-286c3845-06b3-44ef-9bd7-fdcbee3d4c1e tempest-VolumesBackupsTest-501581151 None] Lock "lioadm" "released" by "cinder.volume.targets.lio.LioAdm._execute" :: held 0.553s {{(pid=125225) inner /usr/local/lib/python3.12/site-packages/oslo_concurrency/lockutils.py:538}}
Mar 17 11:00:24.158576 np0005649721.novalocal cinder-volume[125225]: INFO cinder.volume.manager [None req-286c3845-06b3-44ef-9bd7-fdcbee3d4c1e tempest-VolumesBackupsTest-501581151 None] Initialize volume connection completed successfully.
Mar 17 11:00:26.738144 np0005649721.novalocal cinder-volume[125225]: DEBUG cinder.volume.flows.manager.create_volume [None req-869f3db4-a9cf-4d74-b41b-d2f641f3e864 tempest-SnapshotMetadataTestJSON-233167905 None] Volume reschedule parameters: True retry: {'num_attempts': 1, 'backends': ['np0005649721.novalocal@lvmdriver-1#lvmdriver-1'], 'hosts': ['np0005649721.novalocal@lvmdriver-1#lvmdriver-1']} {{(pid=125225) get_flow /opt/stack/cinder/cinder/volume/flows/manager/create_volume.py:1388}}
Mar 17 11:00:26.752886 np0005649721.novalocal cinder-volume[125225]: DEBUG cinder.volume.manager [None req-869f3db4-a9cf-4d74-b41b-d2f641f3e864 tempest-SnapshotMetadataTestJSON-233167905 None] Flow 'volume_create_manager' (5b5762f7-9a85-45cc-835f-fc7a2c335b7c) transitioned into state 'RUNNING' from state 'PENDING' {{(pid=125225) _flow_receiver /usr/local/lib/python3.12/site-packages/taskflow/listeners/logging.py:145}}
Mar 17 11:00:26.761044 np0005649721.novalocal cinder-volume[125225]: DEBUG cinder.volume.manager [None req-869f3db4-a9cf-4d74-b41b-d2f641f3e864 tempest-SnapshotMetadataTestJSON-233167905 None] Task 'cinder.volume.flows.manager.create_volume.ExtractVolumeRefTask;volume:create' (6ee9918e-0ef1-4b44-8660-290291da2dca) transitioned into state 'RUNNING' from state 'PENDING' {{(pid=125225) _task_receiver /usr/local/lib/python3.12/site-packages/taskflow/listeners/logging.py:194}}
Mar 17 11:00:26.773353 np0005649721.novalocal cinder-volume[125225]: DEBUG cinder.volume.manager [None req-869f3db4-a9cf-4d74-b41b-d2f641f3e864 tempest-SnapshotMetadataTestJSON-233167905 None] Task 'cinder.volume.flows.manager.create_volume.ExtractVolumeRefTask;volume:create' (6ee9918e-0ef1-4b44-8660-290291da2dca) transitioned into state 'SUCCESS' from state 'RUNNING' with result 'Volume(_name_id=None,admin_metadata=,attach_status='detached',availability_zone='nova',bootable=False,cluster=,cluster_name=None,consistencygroup=,consistencygroup_id=None,created_at=2026-03-17T15:00:26Z,deleted=False,deleted_at=None,display_description=None,display_name='tempest-SnapshotMetadataTestJSON-Volume-1329622962',ec2_id=None,encryption_key_id=None,glance_metadata=,group=,group_id=None,host='np0005649721.novalocal@lvmdriver-1#lvmdriver-1',id=91642d1b-4bdf-41ee-83f4-be6664ff3901,launched_at=None,metadata={},migration_status=None,multiattach=False,previous_status=None,project_id='8eb85594083e4102a08c53b94b3968a5',provider_auth=None,provider_geometry=None,provider_id=None,provider_location=None,replication_driver_data=None,replication_extended_status=None,replication_status=None,scheduled_at=2026-03-17T15:00:26Z,service_uuid=None,shared_targets=True,size=1,snapshot_id=None,snapshots=,source_volid=None,status='creating',terminated_at=None,updated_at=2026-03-17T15:00:26Z,use_quota=True,user_id='353bf675f45a47c594e3b1eaf752d30a',volume_attachment=VolumeAttachmentList,volume_type=VolumeType(bbde6e50-1ad6-4e8a-a9d1-fb05dd74fe62),volume_type_id=bbde6e50-1ad6-4e8a-a9d1-fb05dd74fe62)' {{(pid=125225) _task_receiver /usr/local/lib/python3.12/site-packages/taskflow/listeners/logging.py:182}}
Mar 17 11:00:26.775945 np0005649721.novalocal cinder-volume[125225]: DEBUG cinder.volume.manager [None req-869f3db4-a9cf-4d74-b41b-d2f641f3e864 tempest-SnapshotMetadataTestJSON-233167905 None] Task 'cinder.volume.flows.manager.create_volume.OnFailureRescheduleTask;volume:create' (c77d0859-9788-4903-bbe3-2dfdf6cc587c) transitioned into state 'RUNNING' from state 'PENDING' {{(pid=125225) _task_receiver /usr/local/lib/python3.12/site-packages/taskflow/listeners/logging.py:194}}
Mar 17 11:00:26.777573 np0005649721.novalocal cinder-volume[125225]: DEBUG cinder.volume.manager [None req-869f3db4-a9cf-4d74-b41b-d2f641f3e864 tempest-SnapshotMetadataTestJSON-233167905 None] Task 'cinder.volume.flows.manager.create_volume.OnFailureRescheduleTask;volume:create' (c77d0859-9788-4903-bbe3-2dfdf6cc587c) transitioned into state 'SUCCESS' from state 'RUNNING' with result 'None' {{(pid=125225) _task_receiver /usr/local/lib/python3.12/site-packages/taskflow/listeners/logging.py:182}}
