Mar 17 10:57:36.739232 np0005649721.novalocal cinder-volume[125225]: DEBUG oslo_concurrency.processutils [None req-ec3dbf70-5e52-4df6-8860-7ae859226f8e tempest-AttachVolumeTestJSON-1912991866 None] CMD "sudo cinder-rootwrap /etc/cinder/rootwrap.conf env LC_ALL=C lvs --noheadings --unit=g -o vg_name,name,size --nosuffix --readonly stack-volumes-lvmdriver-1" returned: 0 in 0.374s {{(pid=125225) execute /usr/local/lib/python3.12/site-packages/oslo_concurrency/processutils.py:468}}
Mar 17 10:57:36.740627 np0005649721.novalocal cinder-volume[125225]: DEBUG cinder.manager [None req-ec3dbf70-5e52-4df6-8860-7ae859226f8e tempest-AttachVolumeTestJSON-1912991866 None] Notifying Schedulers of capabilities ... {{(pid=125225) _publish_service_capabilities /opt/stack/cinder/cinder/manager.py:202}}
Mar 17 10:57:36.745113 np0005649721.novalocal cinder-volume[125225]: INFO cinder.volume.manager [None req-ec3dbf70-5e52-4df6-8860-7ae859226f8e tempest-AttachVolumeTestJSON-1912991866 None] Deleted volume successfully.
Mar 17 10:57:36.760395 np0005649721.novalocal cinder-volume[125225]: DEBUG cinder.coordination [None req-ec3dbf70-5e52-4df6-8860-7ae859226f8e tempest-AttachVolumeTestJSON-1912991866 None] Lock "cinder-5036b3d9-5845-4cdb-8605-4a5c29a4179f-delete_volume" released by "delete_volume" :: held 3.299s {{(pid=125225) __release /opt/stack/cinder/cinder/coordination.py:152}}
Mar 17 10:57:37.057686 np0005649721.novalocal cinder-volume[125225]: DEBUG oslo_concurrency.processutils [None req-70118695-0a45-46f5-9f1a-235390d9658e tempest-AttachVolumeTestJSON-1912991866 None] CMD "sudo cinder-rootwrap /etc/cinder/rootwrap.conf env LC_ALL=C lvdisplay --noheading -C -o Attr --readonly stack-volumes-lvmdriver-1/volume-3f9333a7-f1d2-4339-9385-f5784a4aa15e" returned: 0 in 0.397s {{(pid=125225) execute /usr/local/lib/python3.12/site-packages/oslo_concurrency/processutils.py:468}}
Mar 17 10:57:37.059229 np0005649721.novalocal cinder-volume[125225]: DEBUG oslo_concurrency.processutils [None req-70118695-0a45-46f5-9f1a-235390d9658e tempest-AttachVolumeTestJSON-1912991866 None] Running cmd (subprocess): sudo cinder-rootwrap /etc/cinder/rootwrap.conf lvremove --config activation { retry_deactivation = 1} -f stack-volumes-lvmdriver-1/volume-3f9333a7-f1d2-4339-9385-f5784a4aa15e {{(pid=125225) execute /usr/local/lib/python3.12/site-packages/oslo_concurrency/processutils.py:440}}
Mar 17 10:57:37.086278 np0005649721.novalocal sudo[163120]: stack : PWD=/ ; USER=root ; COMMAND=/usr/local/bin/cinder-rootwrap /etc/cinder/rootwrap.conf lvremove --config 'activation { retry_deactivation = 1} ' -f stack-volumes-lvmdriver-1/volume-3f9333a7-f1d2-4339-9385-f5784a4aa15e
Mar 17 10:57:37.444270 np0005649721.novalocal cinder-volume[125225]: DEBUG oslo_concurrency.processutils [None req-70118695-0a45-46f5-9f1a-235390d9658e tempest-AttachVolumeTestJSON-1912991866 None] CMD "sudo cinder-rootwrap /etc/cinder/rootwrap.conf lvremove --config activation { retry_deactivation = 1} -f stack-volumes-lvmdriver-1/volume-3f9333a7-f1d2-4339-9385-f5784a4aa15e" returned: 0 in 0.385s {{(pid=125225) execute /usr/local/lib/python3.12/site-packages/oslo_concurrency/processutils.py:468}}
Mar 17 10:57:37.444897 np0005649721.novalocal cinder-volume[125225]: INFO cinder.volume.drivers.lvm [None req-70118695-0a45-46f5-9f1a-235390d9658e tempest-AttachVolumeTestJSON-1912991866 None] Successfully deleted volume: 3f9333a7-f1d2-4339-9385-f5784a4aa15e
Mar 17 10:57:37.476224 np0005649721.novalocal cinder-volume[125225]: DEBUG cinder.quota [None req-70118695-0a45-46f5-9f1a-235390d9658e tempest-AttachVolumeTestJSON-1912991866 None] Created reservations ['b96bad67-b33e-4431-985d-fa701c6e4da0', 'ae50691f-16f0-44fe-9891-46a79175df8a', '546d40e3-41b6-4099-bc59-29ed22898ded', 'e45496fd-56f2-4ec2-b300-0ce6f7c670e9'] {{(pid=125225) reserve /opt/stack/cinder/cinder/quota.py:752}}
Mar 17 10:57:37.512181 np0005649721.novalocal cinder-volume[125225]: DEBUG cinder.volume.drivers.lvm [None req-70118695-0a45-46f5-9f1a-235390d9658e tempest-AttachVolumeTestJSON-1912991866 None] Updating volume stats {{(pid=125225) _update_volume_stats /opt/stack/cinder/cinder/volume/drivers/lvm.py:228}}
Mar 17 10:57:37.512690 np0005649721.novalocal cinder-volume[125225]: DEBUG oslo_concurrency.processutils [None req-70118695-0a45-46f5-9f1a-235390d9658e tempest-AttachVolumeTestJSON-1912991866 None] Running cmd (subprocess): sudo cinder-rootwrap /etc/cinder/rootwrap.conf env LC_ALL=C vgs --noheadings --unit=g -o name,size,free,lv_count,uuid --separator : --nosuffix stack-volumes-lvmdriver-1 {{(pid=125225) execute /usr/local/lib/python3.12/site-packages/oslo_concurrency/processutils.py:440}}
Mar 17 10:57:37.538834 np0005649721.novalocal sudo[163128]: stack : PWD=/ ; USER=root ; COMMAND=/usr/local/bin/cinder-rootwrap /etc/cinder/rootwrap.conf env LC_ALL=C vgs --noheadings --unit=g -o name,size,free,lv_count,uuid --separator : --nosuffix stack-volumes-lvmdriver-1
Mar 17 10:57:37.925916 np0005649721.novalocal cinder-volume[125225]: DEBUG oslo_concurrency.processutils [None req-70118695-0a45-46f5-9f1a-235390d9658e tempest-AttachVolumeTestJSON-1912991866 None] CMD "sudo cinder-rootwrap /etc/cinder/rootwrap.conf env LC_ALL=C vgs --noheadings --unit=g -o name,size,free,lv_count,uuid --separator : --nosuffix stack-volumes-lvmdriver-1" returned: 0 in 0.413s {{(pid=125225) execute /usr/local/lib/python3.12/site-packages/oslo_concurrency/processutils.py:468}}
Mar 17 10:57:37.926977 np0005649721.novalocal cinder-volume[125225]: DEBUG oslo_concurrency.processutils [None req-70118695-0a45-46f5-9f1a-235390d9658e tempest-AttachVolumeTestJSON-1912991866 None] Running cmd (subprocess): sudo cinder-rootwrap /etc/cinder/rootwrap.conf env LC_ALL=C lvs --noheadings --unit=g -o vg_name,name,size --nosuffix --readonly stack-volumes-lvmdriver-1 {{(pid=125225) execute /usr/local/lib/python3.12/site-packages/oslo_concurrency/processutils.py:440}}
Mar 17 10:57:37.948748 np0005649721.novalocal sudo[163133]: stack : PWD=/ ; USER=root ; COMMAND=/usr/local/bin/cinder-rootwrap /etc/cinder/rootwrap.conf env LC_ALL=C lvs --noheadings --unit=g -o vg_name,name,size --nosuffix --readonly stack-volumes-lvmdriver-1
Mar 17 10:57:38.333360 np0005649721.novalocal cinder-volume[125225]: DEBUG oslo_concurrency.processutils [None req-70118695-0a45-46f5-9f1a-235390d9658e tempest-AttachVolumeTestJSON-1912991866 None] CMD "sudo cinder-rootwrap /etc/cinder/rootwrap.conf env LC_ALL=C lvs --noheadings --unit=g -o vg_name,name,size --nosuffix --readonly stack-volumes-lvmdriver-1" returned: 0 in 0.406s {{(pid=125225) execute /usr/local/lib/python3.12/site-packages/oslo_concurrency/processutils.py:468}}
Mar 17 10:57:38.334590 np0005649721.novalocal cinder-volume[125225]: DEBUG oslo_concurrency.processutils [None req-70118695-0a45-46f5-9f1a-235390d9658e tempest-AttachVolumeTestJSON-1912991866 None] Running cmd (subprocess): sudo cinder-rootwrap /etc/cinder/rootwrap.conf env LC_ALL=C lvs --noheadings --unit=g -o size,data_percent --separator : --nosuffix /dev/stack-volumes-lvmdriver-1/stack-volumes-lvmdriver-1-pool {{(pid=125225) execute /usr/local/lib/python3.12/site-packages/oslo_concurrency/processutils.py:440}}
Mar 17 10:57:38.353343 np0005649721.novalocal sudo[163138]: stack : PWD=/ ; USER=root ; COMMAND=/usr/local/bin/cinder-rootwrap /etc/cinder/rootwrap.conf env LC_ALL=C lvs --noheadings --unit=g -o size,data_percent --separator : --nosuffix /dev/stack-volumes-lvmdriver-1/stack-volumes-lvmdriver-1-pool
Mar 17 10:57:38.671964 np0005649721.novalocal cinder-volume[125225]: DEBUG oslo_concurrency.processutils [None req-70118695-0a45-46f5-9f1a-235390d9658e tempest-AttachVolumeTestJSON-1912991866 None] CMD "sudo cinder-rootwrap /etc/cinder/rootwrap.conf env LC_ALL=C lvs --noheadings --unit=g -o size,data_percent --separator : --nosuffix /dev/stack-volumes-lvmdriver-1/stack-volumes-lvmdriver-1-pool" returned: 0 in 0.336s {{(pid=125225) execute /usr/local/lib/python3.12/site-packages/oslo_concurrency/processutils.py:468}}
Mar 17 10:57:38.671964 np0005649721.novalocal cinder-volume[125225]: DEBUG oslo_concurrency.processutils [None req-70118695-0a45-46f5-9f1a-235390d9658e tempest-AttachVolumeTestJSON-1912991866 None] Running cmd (subprocess): sudo cinder-rootwrap /etc/cinder/rootwrap.conf env LC_ALL=C lvs --noheadings --unit=g -o vg_name,name,size --nosuffix --readonly stack-volumes-lvmdriver-1 {{(pid=125225) execute /usr/local/lib/python3.12/site-packages/oslo_concurrency/processutils.py:440}}
Mar 17 10:57:38.693668 np0005649721.novalocal sudo[163143]: stack : PWD=/ ; USER=root ; COMMAND=/usr/local/bin/cinder-rootwrap /etc/cinder/rootwrap.conf env LC_ALL=C lvs --noheadings --unit=g -o vg_name,name,size --nosuffix --readonly stack-volumes-lvmdriver-1
Mar 17 10:57:39.070783 np0005649721.novalocal cinder-volume[125225]: DEBUG oslo_concurrency.processutils [None req-70118695-0a45-46f5-9f1a-235390d9658e tempest-AttachVolumeTestJSON-1912991866 None] CMD "sudo cinder-rootwrap /etc/cinder/rootwrap.conf env LC_ALL=C lvs --noheadings --unit=g -o vg_name,name,size --nosuffix --readonly stack-volumes-lvmdriver-1" returned: 0 in 0.399s {{(pid=125225) execute /usr/local/lib/python3.12/site-packages/oslo_concurrency/processutils.py:468}}
Mar 17 10:57:39.071190 np0005649721.novalocal cinder-volume[125225]: DEBUG cinder.manager [None req-70118695-0a45-46f5-9f1a-235390d9658e tempest-AttachVolumeTestJSON-1912991866 None] Notifying Schedulers of capabilities ... {{(pid=125225) _publish_service_capabilities /opt/stack/cinder/cinder/manager.py:202}}
Mar 17 10:57:39.074353 np0005649721.novalocal cinder-volume[125225]: INFO cinder.volume.manager [None req-70118695-0a45-46f5-9f1a-235390d9658e tempest-AttachVolumeTestJSON-1912991866 None] Deleted volume successfully.
Mar 17 10:57:39.085959 np0005649721.novalocal cinder-volume[125225]: DEBUG cinder.coordination [None req-70118695-0a45-46f5-9f1a-235390d9658e tempest-AttachVolumeTestJSON-1912991866 None] Lock "cinder-3f9333a7-f1d2-4339-9385-f5784a4aa15e-delete_volume" released by "delete_volume" :: held 3.414s {{(pid=125225) __release /opt/stack/cinder/cinder/coordination.py:152}}
Mar 17 10:57:42.286609 np0005649721.novalocal cinder-volume[125225]: DEBUG oslo_concurrency.lockutils [None req-dbb814b3-0bcf-4c8b-9aa2-f360bd70984d tempest-VolumesBackupsTest-501581151 None] Acquiring lock "lioadm" by "cinder.volume.targets.lio.LioAdm._execute" {{(pid=125225) inner /usr/local/lib/python3.12/site-packages/oslo_concurrency/lockutils.py:506}}
Mar 17 10:57:42.287292 np0005649721.novalocal cinder-volume[125225]: DEBUG oslo_concurrency.lockutils [None req-dbb814b3-0bcf-4c8b-9aa2-f360bd70984d tempest-VolumesBackupsTest-501581151 None] Lock "lioadm" acquired by "cinder.volume.targets.lio.LioAdm._execute" :: waited 0.001s {{(pid=125225) inner /usr/local/lib/python3.12/site-packages/oslo_concurrency/lockutils.py:519}}
Mar 17 10:57:42.288010 np0005649721.novalocal cinder-volume[125225]: DEBUG oslo_concurrency.processutils [None req-dbb814b3-0bcf-4c8b-9aa2-f360bd70984d tempest-VolumesBackupsTest-501581151 None] Running cmd (subprocess): sudo cinder-rootwrap /etc/cinder/rootwrap.conf cinder-rtstool delete-initiator iqn.2010-10.org.openstack:volume-89b40085-d39d-4f81-ac91-e22d31f5323b iqn.1994-05.com.redhat:fd15498af3bd {{(pid=125225) execute /usr/local/lib/python3.12/site-packages/oslo_concurrency/processutils.py:440}}
Mar 17 10:57:42.317078 np0005649721.novalocal sudo[163193]: stack : PWD=/ ; USER=root ; COMMAND=/usr/local/bin/cinder-rootwrap /etc/cinder/rootwrap.conf cinder-rtstool delete-initiator iqn.2010-10.org.openstack:volume-89b40085-d39d-4f81-ac91-e22d31f5323b iqn.1994-05.com.redhat:fd15498af3bd
Mar 17 10:57:42.814978 np0005649721.novalocal cinder-volume[125225]: DEBUG oslo_concurrency.processutils [None req-dbb814b3-0bcf-4c8b-9aa2-f360bd70984d tempest-VolumesBackupsTest-501581151 None] CMD "sudo cinder-rootwrap /etc/cinder/rootwrap.conf cinder-rtstool delete-initiator iqn.2010-10.org.openstack:volume-89b40085-d39d-4f81-ac91-e22d31f5323b iqn.1994-05.com.redhat:fd15498af3bd" returned: 0 in 0.526s {{(pid=125225) execute /usr/local/lib/python3.12/site-packages/oslo_concurrency/processutils.py:468}}
Mar 17 10:57:42.815382 np0005649721.novalocal cinder-volume[125225]: DEBUG oslo_concurrency.lockutils [None req-dbb814b3-0bcf-4c8b-9aa2-f360bd70984d tempest-VolumesBackupsTest-501581151 None] Lock "lioadm" "released" by "cinder.volume.targets.lio.LioAdm._execute" :: held 0.528s {{(pid=125225) inner /usr/local/lib/python3.12/site-packages/oslo_concurrency/lockutils.py:538}}
Mar 17 10:57:42.815810 np0005649721.novalocal cinder-volume[125225]: DEBUG oslo_concurrency.lockutils [None req-dbb814b3-0bcf-4c8b-9aa2-f360bd70984d tempest-VolumesBackupsTest-501581151 None] Acquiring lock "lioadm" by "cinder.volume.targets.lio.LioAdm._execute" {{(pid=125225) inner /usr/local/lib/python3.12/site-packages/oslo_concurrency/lockutils.py:506}}
Mar 17 10:57:42.817163 np0005649721.novalocal cinder-volume[125225]: DEBUG oslo_concurrency.lockutils [None req-dbb814b3-0bcf-4c8b-9aa2-f360bd70984d tempest-VolumesBackupsTest-501581151 None] Lock "lioadm" acquired by "cinder.volume.targets.lio.LioAdm._execute" :: waited 0.002s {{(pid=125225) inner /usr/local/lib/python3.12/site-packages/oslo_concurrency/lockutils.py:519}}
Mar 17 10:57:42.818090 np0005649721.novalocal cinder-volume[125225]: DEBUG oslo_concurrency.processutils [None req-dbb814b3-0bcf-4c8b-9aa2-f360bd70984d tempest-VolumesBackupsTest-501581151 None] Running cmd (subprocess): sudo cinder-rootwrap /etc/cinder/rootwrap.conf cinder-rtstool save {{(pid=125225) execute /usr/local/lib/python3.12/site-packages/oslo_concurrency/processutils.py:440}}
Mar 17 10:57:42.838280 np0005649721.novalocal sudo[163199]: stack : PWD=/ ; USER=root ; COMMAND=/usr/local/bin/cinder-rootwrap /etc/cinder/rootwrap.conf cinder-rtstool save
Mar 17 10:57:43.387753 np0005649721.novalocal cinder-volume[125225]: DEBUG oslo_concurrency.processutils [None req-dbb814b3-0bcf-4c8b-9aa2-f360bd70984d tempest-VolumesBackupsTest-501581151 None] CMD "sudo cinder-rootwrap /etc/cinder/rootwrap.conf cinder-rtstool save" returned: 0 in 0.570s {{(pid=125225) execute /usr/local/lib/python3.12/site-packages/oslo_concurrency/processutils.py:468}}
Mar 17 10:57:43.388291 np0005649721.novalocal cinder-volume[125225]: DEBUG oslo_concurrency.lockutils [None req-dbb814b3-0bcf-4c8b-9aa2-f360bd70984d tempest-VolumesBackupsTest-501581151 None] Lock "lioadm" "released" by "cinder.volume.targets.lio.LioAdm._execute" :: held 0.571s {{(pid=125225) inner /usr/local/lib/python3.12/site-packages/oslo_concurrency/lockutils.py:538}}
Mar 17 10:57:43.388291 np0005649721.novalocal cinder-volume[125225]: INFO cinder.volume.manager [None req-dbb814b3-0bcf-4c8b-9aa2-f360bd70984d tempest-VolumesBackupsTest-501581151 None] Terminate volume connection completed successfully.
Mar 17 10:57:43.790199 np0005649721.novalocal cinder-volume[125225]: DEBUG oslo_concurrency.lockutils [None req-dbb814b3-0bcf-4c8b-9aa2-f360bd70984d tempest-VolumesBackupsTest-501581151 None] Acquiring lock "lioadm" by "cinder.volume.targets.lio.LioAdm._execute" {{(pid=125225) inner /usr/local/lib/python3.12/site-packages/oslo_concurrency/lockutils.py:506}}
Mar 17 10:57:43.790919 np0005649721.novalocal cinder-volume[125225]: DEBUG oslo_concurrency.lockutils [None req-dbb814b3-0bcf-4c8b-9aa2-f360bd70984d tempest-VolumesBackupsTest-501581151 None] Lock "lioadm" acquired by "cinder.volume.targets.lio.LioAdm._execute" :: waited 0.002s {{(pid=125225) inner /usr/local/lib/python3.12/site-packages/oslo_concurrency/lockutils.py:519}}
Mar 17 10:57:43.791437 np0005649721.novalocal cinder-volume[125225]: DEBUG oslo_concurrency.processutils [None req-dbb814b3-0bcf-4c8b-9aa2-f360bd70984d tempest-VolumesBackupsTest-501581151 None] Running cmd (subprocess): sudo cinder-rootwrap /etc/cinder/rootwrap.conf cinder-rtstool get-targets {{(pid=125225) execute /usr/local/lib/python3.12/site-packages/oslo_concurrency/processutils.py:440}}
Mar 17 10:57:43.821594 np0005649721.novalocal sudo[163212]: stack : PWD=/ ; USER=root ; COMMAND=/usr/local/bin/cinder-rootwrap /etc/cinder/rootwrap.conf cinder-rtstool get-targets
Mar 17 10:57:44.281099 np0005649721.novalocal cinder-volume[125225]: DEBUG oslo_concurrency.processutils [None req-dbb814b3-0bcf-4c8b-9aa2-f360bd70984d tempest-VolumesBackupsTest-501581151 None] CMD "sudo cinder-rootwrap /etc/cinder/rootwrap.conf cinder-rtstool get-targets" returned: 0 in 0.489s {{(pid=125225) execute /usr/local/lib/python3.12/site-packages/oslo_concurrency/processutils.py:468}}
Mar 17 10:57:44.281714 np0005649721.novalocal cinder-volume[125225]: DEBUG oslo_concurrency.lockutils [None req-dbb814b3-0bcf-4c8b-9aa2-f360bd70984d tempest-VolumesBackupsTest-501581151 None] Lock "lioadm" "released" by "cinder.volume.targets.lio.LioAdm._execute" :: held 0.491s {{(pid=125225) inner /usr/local/lib/python3.12/site-packages/oslo_concurrency/lockutils.py:538}}
Mar 17 10:57:44.282082 np0005649721.novalocal cinder-volume[125225]: INFO cinder.volume.targets.lio [None req-dbb814b3-0bcf-4c8b-9aa2-f360bd70984d tempest-VolumesBackupsTest-501581151 None] Removing iscsi_target: 89b40085-d39d-4f81-ac91-e22d31f5323b
Mar 17 10:57:44.282354 np0005649721.novalocal cinder-volume[125225]: DEBUG oslo_concurrency.lockutils [None req-dbb814b3-0bcf-4c8b-9aa2-f360bd70984d tempest-VolumesBackupsTest-501581151 None] Acquiring lock "lioadm" by "cinder.volume.targets.lio.LioAdm._execute" {{(pid=125225) inner /usr/local/lib/python3.12/site-packages/oslo_concurrency/lockutils.py:506}}
Mar 17 10:57:44.282960 np0005649721.novalocal cinder-volume[125225]: DEBUG oslo_concurrency.lockutils [None req-dbb814b3-0bcf-4c8b-9aa2-f360bd70984d tempest-VolumesBackupsTest-501581151 None] Lock "lioadm" acquired by "cinder.volume.targets.lio.LioAdm._execute" :: waited 0.001s {{(pid=125225) inner /usr/local/lib/python3.12/site-packages/oslo_concurrency/lockutils.py:519}}
Mar 17 10:57:44.283689 np0005649721.novalocal cinder-volume[125225]: DEBUG oslo_concurrency.processutils [None req-dbb814b3-0bcf-4c8b-9aa2-f360bd70984d tempest-VolumesBackupsTest-501581151 None] Running cmd (subprocess): sudo cinder-rootwrap /etc/cinder/rootwrap.conf cinder-rtstool delete iqn.2010-10.org.openstack:volume-89b40085-d39d-4f81-ac91-e22d31f5323b {{(pid=125225) execute /usr/local/lib/python3.12/site-packages/oslo_concurrency/processutils.py:440}}
Mar 17 10:57:44.312963 np0005649721.novalocal sudo[163219]: stack : PWD=/ ; USER=root ; COMMAND=/usr/local/bin/cinder-rootwrap /etc/cinder/rootwrap.conf cinder-rtstool delete iqn.2010-10.org.openstack:volume-89b40085-d39d-4f81-ac91-e22d31f5323b
Mar 17 10:57:44.906510 np0005649721.novalocal cinder-volume[125225]: DEBUG oslo_concurrency.processutils [None req-dbb814b3-0bcf-4c8b-9aa2-f360bd70984d tempest-VolumesBackupsTest-501581151 None] CMD "sudo cinder-rootwrap /etc/cinder/rootwrap.conf cinder-rtstool delete iqn.2010-10.org.openstack:volume-89b40085-d39d-4f81-ac91-e22d31f5323b" returned: 0 in 0.623s {{(pid=125225) execute /usr/local/lib/python3.12/site-packages/oslo_concurrency/processutils.py:468}}
Mar 17 10:57:44.906996 np0005649721.novalocal cinder-volume[125225]: DEBUG oslo_concurrency.lockutils [None req-dbb814b3-0bcf-4c8b-9aa2-f360bd70984d tempest-VolumesBackupsTest-501581151 None] Lock "lioadm" "released" by "cinder.volume.targets.lio.LioAdm._execute" :: held 0.624s {{(pid=125225) inner /usr/local/lib/python3.12/site-packages/oslo_concurrency/lockutils.py:538}}
Mar 17 10:57:44.907246 np0005649721.novalocal cinder-volume[125225]: DEBUG oslo_concurrency.lockutils [None req-dbb814b3-0bcf-4c8b-9aa2-f360bd70984d tempest-VolumesBackupsTest-501581151 None] Acquiring lock "lioadm" by "cinder.volume.targets.lio.LioAdm._execute" {{(pid=125225) inner /usr/local/lib/python3.12/site-packages/oslo_concurrency/lockutils.py:506}}
Mar 17 10:57:44.907799 np0005649721.novalocal cinder-volume[125225]: DEBUG oslo_concurrency.lockutils [None req-dbb814b3-0bcf-4c8b-9aa2-f360bd70984d tempest-VolumesBackupsTest-501581151 None] Lock "lioadm" acquired by "cinder.volume.targets.lio.LioAdm._execute" :: waited 0.001s {{(pid=125225) inner /usr/local/lib/python3.12/site-packages/oslo_concurrency/lockutils.py:519}}
Mar 17 10:57:44.908267 np0005649721.novalocal cinder-volume[125225]: DEBUG oslo_concurrency.processutils [None req-dbb814b3-0bcf-4c8b-9aa2-f360bd70984d tempest-VolumesBackupsTest-501581151 None] Running cmd (subprocess): sudo cinder-rootwrap /etc/cinder/rootwrap.conf cinder-rtstool save {{(pid=125225) execute /usr/local/lib/python3.12/site-packages/oslo_concurrency/processutils.py:440}}
Mar 17 10:57:44.933000 np0005649721.novalocal sudo[163227]: stack : PWD=/ ; USER=root ; COMMAND=/usr/local/bin/cinder-rootwrap /etc/cinder/rootwrap.conf cinder-rtstool save
Mar 17 10:57:45.507242 np0005649721.novalocal cinder-volume[125225]: DEBUG oslo_concurrency.processutils [None req-dbb814b3-0bcf-4c8b-9aa2-f360bd70984d tempest-VolumesBackupsTest-501581151 None] CMD "sudo cinder-rootwrap /etc/cinder/rootwrap.conf cinder-rtstool save" returned: 0 in 0.598s {{(pid=125225) execute /usr/local/lib/python3.12/site-packages/oslo_concurrency/processutils.py:468}}
Mar 17 10:57:45.507879 np0005649721.novalocal cinder-volume[125225]: DEBUG oslo_concurrency.lockutils [None req-dbb814b3-0bcf-4c8b-9aa2-f360bd70984d tempest-VolumesBackupsTest-501581151 None] Lock "lioadm" "released" by "cinder.volume.targets.lio.LioAdm._execute" :: held 0.600s {{(pid=125225) inner /usr/local/lib/python3.12/site-packages/oslo_concurrency/lockutils.py:538}}
Mar 17 10:57:45.508249 np0005649721.novalocal cinder-volume[125225]: INFO cinder.volume.manager [None req-dbb814b3-0bcf-4c8b-9aa2-f360bd70984d tempest-VolumesBackupsTest-501581151 None] Remove volume export completed successfully.
Mar 17 10:57:46.286413 np0005649721.novalocal cinder-volume[125225]: DEBUG cinder.coordination [None req-9c654754-a379-4c07-9e0a-b0f442772973 tempest-VolumesBackupsTest-501581151 None] Acquiring lock "cinder-89b40085-d39d-4f81-ac91-e22d31f5323b-delete_volume" by "delete_volume" {{(pid=125225) __acquire /opt/stack/cinder/cinder/coordination.py:138}}
Mar 17 10:57:46.297162 np0005649721.novalocal cinder-volume[125225]: DEBUG cinder.coordination [None req-9c654754-a379-4c07-9e0a-b0f442772973 tempest-VolumesBackupsTest-501581151 None] Lock "cinder-89b40085-d39d-4f81-ac91-e22d31f5323b-delete_volume" acquired by "delete_volume" :: waited 0.012s {{(pid=125225) __acquire /opt/stack/cinder/cinder/coordination.py:141}}
Mar 17 10:57:46.316754 np0005649721.novalocal cinder-volume[125225]: DEBUG oslo_concurrency.lockutils [None req-9c654754-a379-4c07-9e0a-b0f442772973 tempest-VolumesBackupsTest-501581151 None] Acquiring lock "lioadm" by "cinder.volume.targets.lio.LioAdm._execute" {{(pid=125225) inner /usr/local/lib/python3.12/site-packages/oslo_concurrency/lockutils.py:506}}
Mar 17 10:57:46.317338 np0005649721.novalocal cinder-volume[125225]: DEBUG oslo_concurrency.lockutils [None req-9c654754-a379-4c07-9e0a-b0f442772973 tempest-VolumesBackupsTest-501581151 None] Lock "lioadm" acquired by "cinder.volume.targets.lio.LioAdm._execute" :: waited 0.001s {{(pid=125225) inner /usr/local/lib/python3.12/site-packages/oslo_concurrency/lockutils.py:519}}
Mar 17 10:57:46.317771 np0005649721.novalocal cinder-volume[125225]: DEBUG oslo_concurrency.processutils [None req-9c654754-a379-4c07-9e0a-b0f442772973 tempest-VolumesBackupsTest-501581151 None] Running cmd (subprocess): sudo cinder-rootwrap /etc/cinder/rootwrap.conf cinder-rtstool get-targets {{(pid=125225) execute /usr/local/lib/python3.12/site-packages/oslo_concurrency/processutils.py:440}}
Mar 17 10:57:46.346673 np0005649721.novalocal sudo[163233]: stack : PWD=/ ; USER=root ; COMMAND=/usr/local/bin/cinder-rootwrap /etc/cinder/rootwrap.conf cinder-rtstool get-targets
Mar 17 10:57:46.911706 np0005649721.novalocal cinder-volume[125225]: DEBUG oslo_concurrency.processutils [None req-9c654754-a379-4c07-9e0a-b0f442772973 tempest-VolumesBackupsTest-501581151 None] CMD "sudo cinder-rootwrap /etc/cinder/rootwrap.conf cinder-rtstool get-targets" returned: 0 in 0.594s {{(pid=125225) execute /usr/local/lib/python3.12/site-packages/oslo_concurrency/processutils.py:468}}
Mar 17 10:57:46.912075 np0005649721.novalocal cinder-volume[125225]: DEBUG oslo_concurrency.lockutils [None req-9c654754-a379-4c07-9e0a-b0f442772973 tempest-VolumesBackupsTest-501581151 None] Lock "lioadm" "released" by "cinder.volume.targets.lio.LioAdm._execute" :: held 0.595s {{(pid=125225) inner /usr/local/lib/python3.12/site-packages/oslo_concurrency/lockutils.py:538}}
Mar 17 10:57:46.912357 np0005649721.novalocal cinder-volume[125225]: INFO cinder.volume.targets.iscsi [None req-9c654754-a379-4c07-9e0a-b0f442772973 tempest-VolumesBackupsTest-501581151 None] Skipping remove_export. No iscsi_target is presently exported for volume: 89b40085-d39d-4f81-ac91-e22d31f5323b
Mar 17 10:57:46.912956 np0005649721.novalocal cinder-volume[125225]: DEBUG oslo_concurrency.processutils [None req-9c654754-a379-4c07-9e0a-b0f442772973 tempest-VolumesBackupsTest-501581151 None] Running cmd (subprocess): sudo cinder-rootwrap /etc/cinder/rootwrap.conf env LC_ALL=C lvs --noheadings --unit=g -o vg_name,name,size --nosuffix --readonly stack-volumes-lvmdriver-1/volume-89b40085-d39d-4f81-ac91-e22d31f5323b {{(pid=125225) execute /usr/local/lib/python3.12/site-packages/oslo_concurrency/processutils.py:440}}
Mar 17 10:57:46.940770 np0005649721.novalocal sudo[163241]: stack : PWD=/ ; USER=root ; COMMAND=/usr/local/bin/cinder-rootwrap /etc/cinder/rootwrap.conf env LC_ALL=C lvs --noheadings --unit=g -o vg_name,name,size --nosuffix --readonly stack-volumes-lvmdriver-1/volume-89b40085-d39d-4f81-ac91-e22d31f5323b
Mar 17 10:57:47.286455 np0005649721.novalocal cinder-volume[125225]: DEBUG oslo_concurrency.processutils [None req-9c654754-a379-4c07-9e0a-b0f442772973 tempest-VolumesBackupsTest-501581151 None] CMD "sudo cinder-rootwrap /etc/cinder/rootwrap.conf env LC_ALL=C lvs --noheadings --unit=g -o vg_name,name,size --nosuffix --readonly stack-volumes-lvmdriver-1/volume-89b40085-d39d-4f81-ac91-e22d31f5323b" returned: 0 in 0.371s {{(pid=125225) execute /usr/local/lib/python3.12/site-packages/oslo_concurrency/processutils.py:468}}
Mar 17 10:57:47.286455 np0005649721.novalocal cinder-volume[125225]: DEBUG oslo_concurrency.processutils [None req-9c654754-a379-4c07-9e0a-b0f442772973 tempest-VolumesBackupsTest-501581151 None] Running cmd (subprocess): sudo cinder-rootwrap /etc/cinder/rootwrap.conf env LC_ALL=C lvdisplay --noheading -C -o Attr --readonly stack-volumes-lvmdriver-1/volume-89b40085-d39d-4f81-ac91-e22d31f5323b {{(pid=125225) execute /usr/local/lib/python3.12/site-packages/oslo_concurrency/processutils.py:440}}
Mar 17 10:57:47.313769 np0005649721.novalocal sudo[163246]: stack : PWD=/ ; USER=root ; COMMAND=/usr/local/bin/cinder-rootwrap /etc/cinder/rootwrap.conf env LC_ALL=C lvdisplay --noheading -C -o Attr --readonly stack-volumes-lvmdriver-1/volume-89b40085-d39d-4f81-ac91-e22d31f5323b
Mar 17 10:57:47.686682 np0005649721.novalocal cinder-volume[125225]: DEBUG oslo_concurrency.processutils [None req-9c654754-a379-4c07-9e0a-b0f442772973 tempest-VolumesBackupsTest-501581151 None] CMD "sudo cinder-rootwrap /etc/cinder/rootwrap.conf env LC_ALL=C lvdisplay --noheading -C -o Attr --readonly stack-volumes-lvmdriver-1/volume-89b40085-d39d-4f81-ac91-e22d31f5323b" returned: 0 in 0.398s {{(pid=125225) execute /usr/local/lib/python3.12/site-packages/oslo_concurrency/processutils.py:468}}
Mar 17 10:57:47.686682 np0005649721.novalocal cinder-volume[125225]: DEBUG oslo_concurrency.processutils [None req-9c654754-a379-4c07-9e0a-b0f442772973 tempest-VolumesBackupsTest-501581151 None] Running cmd (subprocess): sudo cinder-rootwrap /etc/cinder/rootwrap.conf lvremove --config activation { retry_deactivation = 1} -f stack-volumes-lvmdriver-1/volume-89b40085-d39d-4f81-ac91-e22d31f5323b {{(pid=125225) execute /usr/local/lib/python3.12/site-packages/oslo_concurrency/processutils.py:440}}
Mar 17 10:57:47.705489 np0005649721.novalocal sudo[163251]: stack : PWD=/ ; USER=root ; COMMAND=/usr/local/bin/cinder-rootwrap /etc/cinder/rootwrap.conf lvremove --config 'activation { retry_deactivation = 1} ' -f stack-volumes-lvmdriver-1/volume-89b40085-d39d-4f81-ac91-e22d31f5323b
Mar 17 10:57:48.141264 np0005649721.novalocal cinder-volume[125225]: DEBUG oslo_concurrency.processutils [None req-9c654754-a379-4c07-9e0a-b0f442772973 tempest-VolumesBackupsTest-501581151 None] CMD "sudo cinder-rootwrap /etc/cinder/rootwrap.conf lvremove --config activation { retry_deactivation = 1} -f stack-volumes-lvmdriver-1/volume-89b40085-d39d-4f81-ac91-e22d31f5323b" returned: 0 in 0.454s {{(pid=125225) execute /usr/local/lib/python3.12/site-packages/oslo_concurrency/processutils.py:468}}
Mar 17 10:57:48.142157 np0005649721.novalocal cinder-volume[125225]: INFO cinder.volume.drivers.lvm [None req-9c654754-a379-4c07-9e0a-b0f442772973 tempest-VolumesBackupsTest-501581151 None] Successfully deleted volume: 89b40085-d39d-4f81-ac91-e22d31f5323b
Mar 17 10:57:48.186400 np0005649721.novalocal cinder-volume[125225]: DEBUG cinder.quota [None req-9c654754-a379-4c07-9e0a-b0f442772973 tempest-VolumesBackupsTest-501581151 None] Created reservations ['92cfc237-2a4b-4cbe-9290-52f54f6c5c91', '5286b1d4-3f37-47ac-ab23-c14fa94bc673', '60dddfe6-5864-44ee-b4ac-dbf22e73b8d7', 'a2b8c782-b17c-45b4-8360-42a2f8d93a8b'] {{(pid=125225) reserve /opt/stack/cinder/cinder/quota.py:752}}
Mar 17 10:57:48.234693 np0005649721.novalocal cinder-volume[125225]: DEBUG cinder.volume.drivers.lvm [None req-9c654754-a379-4c07-9e0a-b0f442772973 tempest-VolumesBackupsTest-501581151 None] Updating volume stats {{(pid=125225) _update_volume_stats /opt/stack/cinder/cinder/volume/drivers/lvm.py:228}}
Mar 17 10:57:48.234996 np0005649721.novalocal cinder-volume[125225]: DEBUG oslo_concurrency.processutils [None req-9c654754-a379-4c07-9e0a-b0f442772973 tempest-VolumesBackupsTest-501581151 None] Running cmd (subprocess): sudo cinder-rootwrap /etc/cinder/rootwrap.conf env LC_ALL=C vgs --noheadings --unit=g -o name,size,free,lv_count,uuid --separator : --nosuffix stack-volumes-lvmdriver-1 {{(pid=125225) execute /usr/local/lib/python3.12/site-packages/oslo_concurrency/processutils.py:440}}
Mar 17 10:57:48.262208 np0005649721.novalocal sudo[163260]: stack : PWD=/ ; USER=root ; COMMAND=/usr/local/bin/cinder-rootwrap /etc/cinder/rootwrap.conf env LC_ALL=C vgs --noheadings --unit=g -o name,size,free,lv_count,uuid --separator : --nosuffix stack-volumes-lvmdriver-1
Mar 17 10:57:48.660452 np0005649721.novalocal cinder-volume[125225]: DEBUG oslo_concurrency.processutils [None req-9c654754-a379-4c07-9e0a-b0f442772973 tempest-VolumesBackupsTest-501581151 None] CMD "sudo cinder-rootwrap /etc/cinder/rootwrap.conf env LC_ALL=C vgs --noheadings --unit=g -o name,size,free,lv_count,uuid --separator : --nosuffix stack-volumes-lvmdriver-1" returned: 0 in 0.425s {{(pid=125225) execute /usr/local/lib/python3.12/site-packages/oslo_concurrency/processutils.py:468}}
Mar 17 10:57:48.661017 np0005649721.novalocal cinder-volume[125225]: DEBUG oslo_concurrency.processutils [None req-9c654754-a379-4c07-9e0a-b0f442772973 tempest-VolumesBackupsTest-501581151 None] Running cmd (subprocess): sudo cinder-rootwrap /etc/cinder/rootwrap.conf env LC_ALL=C lvs --noheadings --unit=g -o vg_name,name,size --nosuffix --readonly stack-volumes-lvmdriver-1 {{(pid=125225) execute /usr/local/lib/python3.12/site-packages/oslo_concurrency/processutils.py:440}}
Mar 17 10:57:48.683826 np0005649721.novalocal sudo[163265]: stack : PWD=/ ; USER=root ; COMMAND=/usr/local/bin/cinder-rootwrap /etc/cinder/rootwrap.conf env LC_ALL=C lvs --noheadings --unit=g -o vg_name,name,size --nosuffix --readonly stack-volumes-lvmdriver-1
Mar 17 10:57:49.067529 np0005649721.novalocal cinder-volume[125225]: DEBUG oslo_concurrency.processutils [None req-9c654754-a379-4c07-9e0a-b0f442772973 tempest-VolumesBackupsTest-501581151 None] CMD "sudo cinder-rootwrap /etc/cinder/rootwrap.conf env LC_ALL=C lvs --noheadings --unit=g -o vg_name,name,size --nosuffix --readonly stack-volumes-lvmdriver-1" returned: 0 in 0.405s {{(pid=125225) execute /usr/local/lib/python3.12/site-packages/oslo_concurrency/processutils.py:468}}
Mar 17 10:57:49.067983 np0005649721.novalocal cinder-volume[125225]: DEBUG oslo_concurrency.processutils [None req-9c654754-a379-4c07-9e0a-b0f442772973 tempest-VolumesBackupsTest-501581151 None] Running cmd (subprocess): sudo cinder-rootwrap /etc/cinder/rootwrap.conf env LC_ALL=C lvs --noheadings --unit=g -o size,data_percent --separator : --nosuffix /dev/stack-volumes-lvmdriver-1/stack-volumes-lvmdriver-1-pool {{(pid=125225) execute /usr/local/lib/python3.12/site-packages/oslo_concurrency/processutils.py:440}}
Mar 17 10:57:49.091498 np0005649721.novalocal sudo[163270]: stack : PWD=/ ; USER=root ; COMMAND=/usr/local/bin/cinder-rootwrap /etc/cinder/rootwrap.conf env LC_ALL=C lvs --noheadings --unit=g -o size,data_percent --separator : --nosuffix /dev/stack-volumes-lvmdriver-1/stack-volumes-lvmdriver-1-pool
Mar 17 10:57:49.409146 np0005649721.novalocal cinder-volume[125225]: DEBUG oslo_concurrency.processutils [None req-9c654754-a379-4c07-9e0a-b0f442772973 tempest-VolumesBackupsTest-501581151 None] CMD "sudo cinder-rootwrap /etc/cinder/rootwrap.conf env LC_ALL=C lvs --noheadings --unit=g -o size,data_percent --separator : --nosuffix /dev/stack-volumes-lvmdriver-1/stack-volumes-lvmdriver-1-pool" returned: 0 in 0.341s {{(pid=125225) execute /usr/local/lib/python3.12/site-packages/oslo_concurrency/processutils.py:468}}
Mar 17 10:57:49.411241 np0005649721.novalocal cinder-volume[125225]: DEBUG oslo_concurrency.processutils [None req-9c654754-a379-4c07-9e0a-b0f442772973 tempest-VolumesBackupsTest-501581151 None] Running cmd (subprocess): sudo cinder-rootwrap /etc/cinder/rootwrap.conf env LC_ALL=C lvs --noheadings --unit=g -o vg_name,name,size --nosuffix --readonly stack-volumes-lvmdriver-1 {{(pid=125225) execute /usr/local/lib/python3.12/site-packages/oslo_concurrency/processutils.py:440}}
Mar 17 10:57:49.437824 np0005649721.novalocal sudo[163276]: stack : PWD=/ ; USER=root ; COMMAND=/usr/local/bin/cinder-rootwrap /etc/cinder/rootwrap.conf env LC_ALL=C lvs --noheadings --unit=g -o vg_name,name,size --nosuffix --readonly stack-volumes-lvmdriver-1
Mar 17 10:57:49.765552 np0005649721.novalocal cinder-volume[125225]: DEBUG cinder.coordination [None req-6b627c68-6964-478a-989c-39817bef5194 tempest-VolumesBackupsTest-501581151 None] Acquiring lock "cinder-9d9b20c4-adc0-4d65-b98e-e1b26c94bfd7-delete_volume" by "delete_volume" {{(pid=125225) __acquire /opt/stack/cinder/cinder/coordination.py:138}}
Mar 17 10:57:49.776129 np0005649721.novalocal cinder-volume[125225]: DEBUG cinder.coordination [None req-6b627c68-6964-478a-989c-39817bef5194 tempest-VolumesBackupsTest-501581151 None] Lock "cinder-9d9b20c4-adc0-4d65-b98e-e1b26c94bfd7-delete_volume" acquired by "delete_volume" :: waited 0.011s {{(pid=125225) __acquire /opt/stack/cinder/cinder/coordination.py:141}}
Mar 17 10:57:49.794871 np0005649721.novalocal cinder-volume[125225]: DEBUG oslo_concurrency.lockutils [None req-6b627c68-6964-478a-989c-39817bef5194 tempest-VolumesBackupsTest-501581151 None] Acquiring lock "lioadm" by "cinder.volume.targets.lio.LioAdm._execute" {{(pid=125225) inner /usr/local/lib/python3.12/site-packages/oslo_concurrency/lockutils.py:506}}
Mar 17 10:57:49.795715 np0005649721.novalocal cinder-volume[125225]: DEBUG oslo_concurrency.lockutils [None req-6b627c68-6964-478a-989c-39817bef5194 tempest-VolumesBackupsTest-501581151 None] Lock "lioadm" acquired by "cinder.volume.targets.lio.LioAdm._execute" :: waited 0.001s {{(pid=125225) inner /usr/local/lib/python3.12/site-packages/oslo_concurrency/lockutils.py:519}}
Mar 17 10:57:49.796474 np0005649721.novalocal cinder-volume[125225]: DEBUG oslo_concurrency.processutils [None req-6b627c68-6964-478a-989c-39817bef5194 tempest-VolumesBackupsTest-501581151 None] Running cmd (subprocess): sudo cinder-rootwrap /etc/cinder/rootwrap.conf cinder-rtstool get-targets {{(pid=125225) execute /usr/local/lib/python3.12/site-packages/oslo_concurrency/processutils.py:440}}
Mar 17 10:57:49.828909 np0005649721.novalocal sudo[163282]: stack : PWD=/ ; USER=root ; COMMAND=/usr/local/bin/cinder-rootwrap /etc/cinder/rootwrap.conf cinder-rtstool get-targets
Mar 17 10:57:49.844585 np0005649721.novalocal cinder-volume[125225]: DEBUG oslo_concurrency.processutils [None req-9c654754-a379-4c07-9e0a-b0f442772973 tempest-VolumesBackupsTest-501581151 None] CMD "sudo cinder-rootwrap /etc/cinder/rootwrap.conf env LC_ALL=C lvs --noheadings --unit=g -o vg_name,name,size --nosuffix --readonly stack-volumes-lvmdriver-1" returned: 0 in 0.434s {{(pid=125225) execute /usr/local/lib/python3.12/site-packages/oslo_concurrency/processutils.py:468}}
Mar 17 10:57:49.845547 np0005649721.novalocal cinder-volume[125225]: DEBUG cinder.manager [None req-9c654754-a379-4c07-9e0a-b0f442772973 tempest-VolumesBackupsTest-501581151 None] Notifying Schedulers of capabilities ... {{(pid=125225) _publish_service_capabilities /opt/stack/cinder/cinder/manager.py:202}}
Mar 17 10:57:49.848624 np0005649721.novalocal cinder-volume[125225]: INFO cinder.volume.manager [None req-9c654754-a379-4c07-9e0a-b0f442772973 tempest-VolumesBackupsTest-501581151 None] Deleted volume successfully.
Mar 17 10:57:49.861044 np0005649721.novalocal cinder-volume[125225]: DEBUG cinder.coordination [None req-9c654754-a379-4c07-9e0a-b0f442772973 tempest-VolumesBackupsTest-501581151 None] Lock "cinder-89b40085-d39d-4f81-ac91-e22d31f5323b-delete_volume" released by "delete_volume" :: held 3.564s {{(pid=125225) __release /opt/stack/cinder/cinder/coordination.py:152}}
Mar 17 10:57:50.295343 np0005649721.novalocal cinder-volume[125225]: DEBUG oslo_concurrency.processutils [None req-6b627c68-6964-478a-989c-39817bef5194 tempest-VolumesBackupsTest-501581151 None] CMD "sudo cinder-rootwrap /etc/cinder/rootwrap.conf cinder-rtstool get-targets" returned: 0 in 0.499s {{(pid=125225) execute /usr/local/lib/python3.12/site-packages/oslo_concurrency/processutils.py:468}}
Mar 17 10:57:50.295607 np0005649721.novalocal cinder-volume[125225]: DEBUG oslo_concurrency.lockutils [None req-6b627c68-6964-478a-989c-39817bef5194 tempest-VolumesBackupsTest-501581151 None] Lock "lioadm" "released" by "cinder.volume.targets.lio.LioAdm._execute" :: held 0.500s {{(pid=125225) inner /usr/local/lib/python3.12/site-packages/oslo_concurrency/lockutils.py:538}}
Mar 17 10:57:50.295832 np0005649721.novalocal cinder-volume[125225]: INFO cinder.volume.targets.iscsi [None req-6b627c68-6964-478a-989c-39817bef5194 tempest-VolumesBackupsTest-501581151 None] Skipping remove_export. No iscsi_target is presently exported for volume: 9d9b20c4-adc0-4d65-b98e-e1b26c94bfd7
Mar 17 10:57:50.296393 np0005649721.novalocal cinder-volume[125225]: DEBUG oslo_concurrency.processutils [None req-6b627c68-6964-478a-989c-39817bef5194 tempest-VolumesBackupsTest-501581151 None] Running cmd (subprocess): sudo cinder-rootwrap /etc/cinder/rootwrap.conf env LC_ALL=C lvs --noheadings --unit=g -o vg_name,name,size --nosuffix --readonly stack-volumes-lvmdriver-1/volume-9d9b20c4-adc0-4d65-b98e-e1b26c94bfd7 {{(pid=125225) execute /usr/local/lib/python3.12/site-packages/oslo_concurrency/processutils.py:440}}
Mar 17 10:57:50.325239 np0005649721.novalocal sudo[163289]: stack : PWD=/ ; USER=root ; COMMAND=/usr/local/bin/cinder-rootwrap /etc/cinder/rootwrap.conf env LC_ALL=C lvs --noheadings --unit=g -o vg_name,name,size --nosuffix --readonly stack-volumes-lvmdriver-1/volume-9d9b20c4-adc0-4d65-b98e-e1b26c94bfd7
Mar 17 10:57:50.735325 np0005649721.novalocal cinder-volume[125225]: DEBUG oslo_concurrency.processutils [None req-6b627c68-6964-478a-989c-39817bef5194 tempest-VolumesBackupsTest-501581151 None] CMD "sudo cinder-rootwrap /etc/cinder/rootwrap.conf env LC_ALL=C lvs --noheadings --unit=g -o vg_name,name,size --nosuffix --readonly stack-volumes-lvmdriver-1/volume-9d9b20c4-adc0-4d65-b98e-e1b26c94bfd7" returned: 0 in 0.437s {{(pid=125225) execute /usr/local/lib/python3.12/site-packages/oslo_concurrency/processutils.py:468}}
Mar 17 10:57:50.735325 np0005649721.novalocal cinder-volume[125225]: DEBUG oslo_concurrency.processutils [None req-6b627c68-6964-478a-989c-39817bef5194 tempest-VolumesBackupsTest-501581151 None] Running cmd (subprocess): sudo cinder-rootwrap /etc/cinder/rootwrap.conf env LC_ALL=C lvdisplay --noheading -C -o Attr --readonly stack-volumes-lvmdriver-1/volume-9d9b20c4-adc0-4d65-b98e-e1b26c94bfd7 {{(pid=125225) execute /usr/local/lib/python3.12/site-packages/oslo_concurrency/processutils.py:440}}
Mar 17 10:57:50.760695 np0005649721.novalocal sudo[163295]: stack : PWD=/ ; USER=root ; COMMAND=/usr/local/bin/cinder-rootwrap /etc/cinder/rootwrap.conf env LC_ALL=C lvdisplay --noheading -C -o Attr --readonly stack-volumes-lvmdriver-1/volume-9d9b20c4-adc0-4d65-b98e-e1b26c94bfd7
Mar 17 10:57:51.065263 np0005649721.novalocal cinder-volume[125225]: DEBUG oslo_concurrency.processutils [None req-6b627c68-6964-478a-989c-39817bef5194 tempest-VolumesBackupsTest-501581151 None] CMD "sudo cinder-rootwrap /etc/cinder/rootwrap.conf env LC_ALL=C lvdisplay --noheading -C -o Attr --readonly stack-volumes-lvmdriver-1/volume-9d9b20c4-adc0-4d65-b98e-e1b26c94bfd7" returned: 0 in 0.330s {{(pid=125225) execute /usr/local/lib/python3.12/site-packages/oslo_concurrency/processutils.py:468}}
Mar 17 10:57:51.067058 np0005649721.novalocal cinder-volume[125225]: DEBUG oslo_concurrency.processutils [None req-6b627c68-6964-478a-989c-39817bef5194 tempest-VolumesBackupsTest-501581151 None] Running cmd (subprocess): sudo cinder-rootwrap /etc/cinder/rootwrap.conf lvremove --config activation { retry_deactivation = 1} -f stack-volumes-lvmdriver-1/volume-9d9b20c4-adc0-4d65-b98e-e1b26c94bfd7 {{(pid=125225) execute /usr/local/lib/python3.12/site-packages/oslo_concurrency/processutils.py:440}}
Mar 17 10:57:51.098548 np0005649721.novalocal sudo[163300]: stack : PWD=/ ; USER=root ; COMMAND=/usr/local/bin/cinder-rootwrap /etc/cinder/rootwrap.conf lvremove --config 'activation { retry_deactivation = 1} ' -f stack-volumes-lvmdriver-1/volume-9d9b20c4-adc0-4d65-b98e-e1b26c94bfd7
Mar 17 10:57:51.500489 np0005649721.novalocal cinder-volume[125225]: DEBUG oslo_concurrency.processutils [None req-6b627c68-6964-478a-989c-39817bef5194 tempest-VolumesBackupsTest-501581151 None] CMD "sudo cinder-rootwrap /etc/cinder/rootwrap.conf lvremove --config activation { retry_deactivation = 1} -f stack-volumes-lvmdriver-1/volume-9d9b20c4-adc0-4d65-b98e-e1b26c94bfd7" returned: 0 in 0.433s {{(pid=125225) execute /usr/local/lib/python3.12/site-packages/oslo_concurrency/processutils.py:468}}
Mar 17 10:57:51.501511 np0005649721.novalocal cinder-volume[125225]: INFO cinder.volume.drivers.lvm [None req-6b627c68-6964-478a-989c-39817bef5194 tempest-VolumesBackupsTest-501581151 None] Successfully deleted volume: 9d9b20c4-adc0-4d65-b98e-e1b26c94bfd7
Mar 17 10:57:51.535458 np0005649721.novalocal cinder-volume[125225]: DEBUG cinder.quota [None req-6b627c68-6964-478a-989c-39817bef5194 tempest-VolumesBackupsTest-501581151 None] Created reservations ['ed240d1e-39ba-4b55-970e-4df42f0d1989', '5ae016c4-b8c3-43df-a05f-d42be85e00be', 'b153e166-8654-4aa0-9c4a-d4bef1cb9519', '3246f80e-6bcd-43d6-a9a5-c654962746a3'] {{(pid=125225) reserve /opt/stack/cinder/cinder/quota.py:752}}
Mar 17 10:57:51.587636 np0005649721.novalocal cinder-volume[125225]: DEBUG cinder.volume.drivers.lvm [None req-6b627c68-6964-478a-989c-39817bef5194 tempest-VolumesBackupsTest-501581151 None] Updating volume stats {{(pid=125225) _update_volume_stats /opt/stack/cinder/cinder/volume/drivers/lvm.py:228}}
Mar 17 10:57:51.588244 np0005649721.novalocal cinder-volume[125225]: DEBUG oslo_concurrency.processutils [None req-6b627c68-6964-478a-989c-39817bef5194 tempest-VolumesBackupsTest-501581151 None] Running cmd (subprocess): sudo cinder-rootwrap /etc/cinder/rootwrap.conf env LC_ALL=C vgs --noheadings --unit=g -o name,size,free,lv_count,uuid --separator : --nosuffix stack-volumes-lvmdriver-1 {{(pid=125225) execute /usr/local/lib/python3.12/site-packages/oslo_concurrency/processutils.py:440}}
Mar 17 10:57:51.609501 np0005649721.novalocal sudo[163308]: stack : PWD=/ ; USER=root ; COMMAND=/usr/local/bin/cinder-rootwrap /etc/cinder/rootwrap.conf env LC_ALL=C vgs --noheadings --unit=g -o name,size,free,lv_count,uuid --separator : --nosuffix stack-volumes-lvmdriver-1
Mar 17 10:57:51.987230 np0005649721.novalocal cinder-volume[125225]: DEBUG oslo_concurrency.processutils [None req-6b627c68-6964-478a-989c-39817bef5194 tempest-VolumesBackupsTest-501581151 None] CMD "sudo cinder-rootwrap /etc/cinder/rootwrap.conf env LC_ALL=C vgs --noheadings --unit=g -o name,size,free,lv_count,uuid --separator : --nosuffix stack-volumes-lvmdriver-1" returned: 0 in 0.399s {{(pid=125225) execute /usr/local/lib/python3.12/site-packages/oslo_concurrency/processutils.py:468}}
Mar 17 10:57:51.990328 np0005649721.novalocal cinder-volume[125225]: DEBUG oslo_concurrency.processutils [None req-6b627c68-6964-478a-989c-39817bef5194 tempest-VolumesBackupsTest-501581151 None] Running cmd (subprocess): sudo cinder-rootwrap /etc/cinder/rootwrap.conf env LC_ALL=C lvs --noheadings --unit=g -o vg_name,name,size --nosuffix --readonly stack-volumes-lvmdriver-1 {{(pid=125225) execute /usr/local/lib/python3.12/site-packages/oslo_concurrency/processutils.py:440}}
Mar 17 10:57:52.017484 np0005649721.novalocal sudo[163313]: stack : PWD=/ ; USER=root ; COMMAND=/usr/local/bin/cinder-rootwrap /etc/cinder/rootwrap.conf env LC_ALL=C lvs --noheadings --unit=g -o vg_name,name,size --nosuffix --readonly stack-volumes-lvmdriver-1
Mar 17 10:57:52.119594 np0005649721.novalocal cinder-volume[125225]: DEBUG cinder.volume.flows.manager.create_volume [None req-7ce1cca0-2cce-4477-b523-a9bf7cc05985 tempest-VolumesBackupsTest-501581151 None] Volume reschedule parameters: True retry: {'num_attempts': 1, 'backends': ['np0005649721.novalocal@lvmdriver-1#lvmdriver-1'], 'hosts': ['np0005649721.novalocal@lvmdriver-1#lvmdriver-1']} {{(pid=125225) get_flow /opt/stack/cinder/cinder/volume/flows/manager/create_volume.py:1388}}
Mar 17 10:57:52.125588 np0005649721.novalocal cinder-volume[125225]: DEBUG cinder.volume.manager [None req-7ce1cca0-2cce-4477-b523-a9bf7cc05985 tempest-VolumesBackupsTest-501581151 None] Flow 'volume_create_manager' (f5be3c28-64e7-4147-a011-c874a7fbe06e) transitioned into state 'RUNNING' from state 'PENDING' {{(pid=125225) _flow_receiver /usr/local/lib/python3.12/site-packages/taskflow/listeners/logging.py:145}}
Mar 17 10:57:52.127575 np0005649721.novalocal cinder-volume[125225]: DEBUG cinder.volume.manager [None req-7ce1cca0-2cce-4477-b523-a9bf7cc05985 tempest-VolumesBackupsTest-501581151 None] Task 'cinder.volume.flows.manager.create_volume.ExtractVolumeRefTask;volume:create' (ebe8aac0-0229-430d-a877-db2bcd271a08) transitioned into state 'RUNNING' from state 'PENDING' {{(pid=125225) _task_receiver /usr/local/lib/python3.12/site-packages/taskflow/listeners/logging.py:194}}
Mar 17 10:57:52.135473 np0005649721.novalocal cinder-volume[125225]: DEBUG cinder.volume.manager [None req-7ce1cca0-2cce-4477-b523-a9bf7cc05985 tempest-VolumesBackupsTest-501581151 None] Task 'cinder.volume.flows.manager.create_volume.ExtractVolumeRefTask;volume:create' (ebe8aac0-0229-430d-a877-db2bcd271a08) transitioned into state 'SUCCESS' from state 'RUNNING' with result 'Volume(_name_id=None,admin_metadata=,attach_status='detached',availability_zone='nova',bootable=False,cluster=,cluster_name=None,consistencygroup=,consistencygroup_id=None,created_at=2026-03-17T14:57:52Z,deleted=False,deleted_at=None,display_description=None,display_name='tempest-VolumesBackupsTest-Volume-346331599',ec2_id=None,encryption_key_id=None,glance_metadata=,group=,group_id=None,host='np0005649721.novalocal@lvmdriver-1#lvmdriver-1',id=df5550f7-30e9-4306-a778-a2d8db750a36,launched_at=None,metadata={vol-meta1='value1',vol-meta2='value2',vol-meta3='value3'},migration_status=None,multiattach=False,previous_status=None,project_id='952eab38fa9f4690ab2b2365fa7b5458',provider_auth=None,provider_geometry=None,provider_id=None,provider_location=None,replication_driver_data=None,replication_extended_status=None,replication_status=None,scheduled_at=2026-03-17T14:57:52Z,service_uuid=None,shared_targets=True,size=1,snapshot_id=None,snapshots=,source_volid=None,status='creating',terminated_at=None,updated_at=2026-03-17T14:57:52Z,use_quota=True,user_id='627456c02fdf41e8bd6518268b72151a',volume_attachment=VolumeAttachmentList,volume_type=VolumeType(bbde6e50-1ad6-4e8a-a9d1-fb05dd74fe62),volume_type_id=bbde6e50-1ad6-4e8a-a9d1-fb05dd74fe62)' {{(pid=125225) _task_receiver /usr/local/lib/python3.12/site-packages/taskflow/listeners/logging.py:182}}
Mar 17 10:57:52.136959 np0005649721.novalocal cinder-volume[125225]: DEBUG cinder.volume.manager [None req-7ce1cca0-2cce-4477-b523-a9bf7cc05985 tempest-VolumesBackupsTest-501581151 None] Task 'cinder.volume.flows.manager.create_volume.OnFailureRescheduleTask;volume:create' (1495d2fc-8d81-4f16-b4dc-bf8139bcb17c) transitioned into state 'RUNNING' from state 'PENDING' {{(pid=125225) _task_receiver /usr/local/lib/python3.12/site-packages/taskflow/listeners/logging.py:194}}
Mar 17 10:57:52.138278 np0005649721.novalocal cinder-volume[125225]: DEBUG cinder.volume.manager [None req-7ce1cca0-2cce-4477-b523-a9bf7cc05985 tempest-VolumesBackupsTest-501581151 None] Task 'cinder.volume.flows.manager.create_volume.OnFailureRescheduleTask;volume:create' (1495d2fc-8d81-4f16-b4dc-bf8139bcb17c) transitioned into state 'SUCCESS' from state 'RUNNING' with result 'None' {{(pid=125225) _task_receiver /usr/local/lib/python3.12/site-packages/taskflow/listeners/logging.py:182}}
