Mar 17 10:58:16.460868 np0005649721.novalocal cinder-volume[125225]: DEBUG cinder.volume.manager [None req-19b45dea-4113-491c-a96a-16d4486a34cc tempest-VolumesBackupsTest-501581151 None] Task 'cinder.volume.flows.manager.create_volume.NotifyVolumeActionTask;volume:create, create.start' (0e03fe28-e2eb-46e3-b678-b36ca3d4d0a8) transitioned into state 'SUCCESS' from state 'RUNNING' with result 'None' {{(pid=125225) _task_receiver /usr/local/lib/python3.12/site-packages/taskflow/listeners/logging.py:182}}
Mar 17 10:58:16.463759 np0005649721.novalocal cinder-volume[125225]: DEBUG cinder.volume.manager [None req-19b45dea-4113-491c-a96a-16d4486a34cc tempest-VolumesBackupsTest-501581151 None] Task 'cinder.volume.flows.manager.create_volume.CreateVolumeFromSpecTask;volume:create' (048569c3-312f-4158-b602-10002a71ecd2) transitioned into state 'RUNNING' from state 'PENDING' {{(pid=125225) _task_receiver /usr/local/lib/python3.12/site-packages/taskflow/listeners/logging.py:194}}
Mar 17 10:58:16.464200 np0005649721.novalocal cinder-volume[125225]: INFO cinder.volume.flows.manager.create_volume [None req-19b45dea-4113-491c-a96a-16d4486a34cc tempest-VolumesBackupsTest-501581151 None] Volume 60a53c32-6457-419e-b2cf-50325ab6a33f: being created as raw with specification: {'status': 'creating', 'volume_name': 'volume-60a53c32-6457-419e-b2cf-50325ab6a33f', 'volume_size': 1}
Mar 17 10:58:16.464754 np0005649721.novalocal cinder-volume[125225]: DEBUG oslo_concurrency.processutils [None req-19b45dea-4113-491c-a96a-16d4486a34cc tempest-VolumesBackupsTest-501581151 None] Running cmd (subprocess): sudo cinder-rootwrap /etc/cinder/rootwrap.conf env LC_ALL=C lvcreate -T -V 1g -n volume-60a53c32-6457-419e-b2cf-50325ab6a33f stack-volumes-lvmdriver-1/stack-volumes-lvmdriver-1-pool {{(pid=125225) execute /usr/local/lib/python3.12/site-packages/oslo_concurrency/processutils.py:440}}
Mar 17 10:58:16.492351 np0005649721.novalocal sudo[163564]: stack : PWD=/ ; USER=root ; COMMAND=/usr/local/bin/cinder-rootwrap /etc/cinder/rootwrap.conf env LC_ALL=C lvcreate -T -V 1g -n volume-60a53c32-6457-419e-b2cf-50325ab6a33f stack-volumes-lvmdriver-1/stack-volumes-lvmdriver-1-pool
Mar 17 10:58:16.944751 np0005649721.novalocal cinder-volume[125225]: DEBUG oslo_concurrency.processutils [None req-19b45dea-4113-491c-a96a-16d4486a34cc tempest-VolumesBackupsTest-501581151 None] CMD "sudo cinder-rootwrap /etc/cinder/rootwrap.conf env LC_ALL=C lvcreate -T -V 1g -n volume-60a53c32-6457-419e-b2cf-50325ab6a33f stack-volumes-lvmdriver-1/stack-volumes-lvmdriver-1-pool" returned: 0 in 0.480s {{(pid=125225) execute /usr/local/lib/python3.12/site-packages/oslo_concurrency/processutils.py:468}}
Mar 17 10:58:16.948148 np0005649721.novalocal cinder-volume[125225]: DEBUG cinder.volume.manager [None req-19b45dea-4113-491c-a96a-16d4486a34cc tempest-VolumesBackupsTest-501581151 None] Task 'cinder.volume.flows.manager.create_volume.CreateVolumeFromSpecTask;volume:create' (048569c3-312f-4158-b602-10002a71ecd2) transitioned into state 'SUCCESS' from state 'RUNNING' with result '{'status': 'creating', 'volume_name': 'volume-60a53c32-6457-419e-b2cf-50325ab6a33f', 'volume_size': 1}' {{(pid=125225) _task_receiver /usr/local/lib/python3.12/site-packages/taskflow/listeners/logging.py:182}}
Mar 17 10:58:16.951333 np0005649721.novalocal cinder-volume[125225]: DEBUG cinder.volume.manager [None req-19b45dea-4113-491c-a96a-16d4486a34cc tempest-VolumesBackupsTest-501581151 None] Task 'cinder.volume.flows.manager.create_volume.CreateVolumeOnFinishTask;volume:create, create.end' (2ec6c157-5f6f-490c-8ebb-e3cb530d896c) transitioned into state 'RUNNING' from state 'PENDING' {{(pid=125225) _task_receiver /usr/local/lib/python3.12/site-packages/taskflow/listeners/logging.py:194}}
Mar 17 10:58:16.960336 np0005649721.novalocal cinder-volume[125225]: INFO cinder.volume.flows.manager.create_volume [None req-19b45dea-4113-491c-a96a-16d4486a34cc tempest-VolumesBackupsTest-501581151 None] Volume volume-60a53c32-6457-419e-b2cf-50325ab6a33f (60a53c32-6457-419e-b2cf-50325ab6a33f): created successfully
Mar 17 10:58:16.963046 np0005649721.novalocal cinder-volume[125225]: DEBUG cinder.volume.manager [None req-19b45dea-4113-491c-a96a-16d4486a34cc tempest-VolumesBackupsTest-501581151 None] Task 'cinder.volume.flows.manager.create_volume.CreateVolumeOnFinishTask;volume:create, create.end' (2ec6c157-5f6f-490c-8ebb-e3cb530d896c) transitioned into state 'SUCCESS' from state 'RUNNING' with result 'None' {{(pid=125225) _task_receiver /usr/local/lib/python3.12/site-packages/taskflow/listeners/logging.py:182}}
Mar 17 10:58:16.966731 np0005649721.novalocal cinder-volume[125225]: DEBUG cinder.volume.manager [None req-19b45dea-4113-491c-a96a-16d4486a34cc tempest-VolumesBackupsTest-501581151 None] Flow 'volume_create_manager' (dea96b4e-1931-4d75-b13a-f19043359cd7) transitioned into state 'SUCCESS' from state 'RUNNING' {{(pid=125225) _flow_receiver /usr/local/lib/python3.12/site-packages/taskflow/listeners/logging.py:145}}
Mar 17 10:58:16.973121 np0005649721.novalocal cinder-volume[125225]: INFO cinder.volume.manager [None req-19b45dea-4113-491c-a96a-16d4486a34cc tempest-VolumesBackupsTest-501581151 None] Created volume successfully.
Mar 17 10:58:17.934579 np0005649721.novalocal cinder-volume[125225]: DEBUG oslo_concurrency.processutils [None req-19b45dea-4113-491c-a96a-16d4486a34cc tempest-VolumesBackupsTest-501581151 None] Running cmd (subprocess): sudo cinder-rootwrap /etc/cinder/rootwrap.conf lvchange -a y --yes -K stack-volumes-lvmdriver-1/volume-60a53c32-6457-419e-b2cf-50325ab6a33f {{(pid=125225) execute /usr/local/lib/python3.12/site-packages/oslo_concurrency/processutils.py:440}}
Mar 17 10:58:17.961805 np0005649721.novalocal sudo[163585]: stack : PWD=/ ; USER=root ; COMMAND=/usr/local/bin/cinder-rootwrap /etc/cinder/rootwrap.conf lvchange -a y --yes -K stack-volumes-lvmdriver-1/volume-60a53c32-6457-419e-b2cf-50325ab6a33f
Mar 17 10:58:18.437456 np0005649721.novalocal cinder-volume[125225]: DEBUG oslo_concurrency.processutils [None req-19b45dea-4113-491c-a96a-16d4486a34cc tempest-VolumesBackupsTest-501581151 None] CMD "sudo cinder-rootwrap /etc/cinder/rootwrap.conf lvchange -a y --yes -K stack-volumes-lvmdriver-1/volume-60a53c32-6457-419e-b2cf-50325ab6a33f" returned: 0 in 0.503s {{(pid=125225) execute /usr/local/lib/python3.12/site-packages/oslo_concurrency/processutils.py:468}}
Mar 17 10:58:18.454555 np0005649721.novalocal cinder-volume[125225]: INFO cinder.volume.targets.lio [None req-19b45dea-4113-491c-a96a-16d4486a34cc tempest-VolumesBackupsTest-501581151 None] Creating iscsi_target for volume: volume-60a53c32-6457-419e-b2cf-50325ab6a33f
Mar 17 10:58:18.454858 np0005649721.novalocal cinder-volume[125225]: DEBUG oslo_concurrency.lockutils [None req-19b45dea-4113-491c-a96a-16d4486a34cc tempest-VolumesBackupsTest-501581151 None] Acquiring lock "lioadm" by "cinder.volume.targets.lio.LioAdm._execute" {{(pid=125225) inner /usr/local/lib/python3.12/site-packages/oslo_concurrency/lockutils.py:506}}
Mar 17 10:58:18.455579 np0005649721.novalocal cinder-volume[125225]: DEBUG oslo_concurrency.lockutils [None req-19b45dea-4113-491c-a96a-16d4486a34cc tempest-VolumesBackupsTest-501581151 None] Lock "lioadm" acquired by "cinder.volume.targets.lio.LioAdm._execute" :: waited 0.001s {{(pid=125225) inner /usr/local/lib/python3.12/site-packages/oslo_concurrency/lockutils.py:519}}
Mar 17 10:58:18.456232 np0005649721.novalocal cinder-volume[125225]: DEBUG oslo_concurrency.processutils [None req-19b45dea-4113-491c-a96a-16d4486a34cc tempest-VolumesBackupsTest-501581151 None] Running cmd (subprocess): sudo cinder-rootwrap /etc/cinder/rootwrap.conf cinder-rtstool create /dev/stack-volumes-lvmdriver-1/volume-60a53c32-6457-419e-b2cf-50325ab6a33f iqn.2010-10.org.openstack:volume-60a53c32-6457-419e-b2cf-50325ab6a33f cRpV2ujjk2H7gD3rBpE3 MSPnZFP3PgKf2nU3 False -p3260 -a38.102.83.89 {{(pid=125225) execute /usr/local/lib/python3.12/site-packages/oslo_concurrency/processutils.py:440}}
Mar 17 10:58:18.486479 np0005649721.novalocal sudo[163591]: stack : PWD=/ ; USER=root ; COMMAND=/usr/local/bin/cinder-rootwrap /etc/cinder/rootwrap.conf cinder-rtstool create /dev/stack-volumes-lvmdriver-1/volume-60a53c32-6457-419e-b2cf-50325ab6a33f iqn.2010-10.org.openstack:volume-60a53c32-6457-419e-b2cf-50325ab6a33f cRpV2ujjk2H7gD3rBpE3 MSPnZFP3PgKf2nU3 False -p3260 -a38.102.83.89
Mar 17 10:58:19.117203 np0005649721.novalocal cinder-volume[125225]: DEBUG oslo_concurrency.processutils [None req-19b45dea-4113-491c-a96a-16d4486a34cc tempest-VolumesBackupsTest-501581151 None] CMD "sudo cinder-rootwrap /etc/cinder/rootwrap.conf cinder-rtstool create /dev/stack-volumes-lvmdriver-1/volume-60a53c32-6457-419e-b2cf-50325ab6a33f iqn.2010-10.org.openstack:volume-60a53c32-6457-419e-b2cf-50325ab6a33f cRpV2ujjk2H7gD3rBpE3 MSPnZFP3PgKf2nU3 False -p3260 -a38.102.83.89" returned: 0 in 0.661s {{(pid=125225) execute /usr/local/lib/python3.12/site-packages/oslo_concurrency/processutils.py:468}}
Mar 17 10:58:19.117780 np0005649721.novalocal cinder-volume[125225]: DEBUG oslo_concurrency.lockutils [None req-19b45dea-4113-491c-a96a-16d4486a34cc tempest-VolumesBackupsTest-501581151 None] Lock "lioadm" "released" by "cinder.volume.targets.lio.LioAdm._execute" :: held 0.662s {{(pid=125225) inner /usr/local/lib/python3.12/site-packages/oslo_concurrency/lockutils.py:538}}
Mar 17 10:58:19.118115 np0005649721.novalocal cinder-volume[125225]: DEBUG oslo_concurrency.lockutils [None req-19b45dea-4113-491c-a96a-16d4486a34cc tempest-VolumesBackupsTest-501581151 None] Acquiring lock "lioadm" by "cinder.volume.targets.lio.LioAdm._execute" {{(pid=125225) inner /usr/local/lib/python3.12/site-packages/oslo_concurrency/lockutils.py:506}}
Mar 17 10:58:19.118662 np0005649721.novalocal cinder-volume[125225]: DEBUG oslo_concurrency.lockutils [None req-19b45dea-4113-491c-a96a-16d4486a34cc tempest-VolumesBackupsTest-501581151 None] Lock "lioadm" acquired by "cinder.volume.targets.lio.LioAdm._execute" :: waited 0.001s {{(pid=125225) inner /usr/local/lib/python3.12/site-packages/oslo_concurrency/lockutils.py:519}}
Mar 17 10:58:19.119218 np0005649721.novalocal cinder-volume[125225]: DEBUG oslo_concurrency.processutils [None req-19b45dea-4113-491c-a96a-16d4486a34cc tempest-VolumesBackupsTest-501581151 None] Running cmd (subprocess): sudo cinder-rootwrap /etc/cinder/rootwrap.conf cinder-rtstool get-targets {{(pid=125225) execute /usr/local/lib/python3.12/site-packages/oslo_concurrency/processutils.py:440}}
Mar 17 10:58:19.146554 np0005649721.novalocal sudo[163599]: stack : PWD=/ ; USER=root ; COMMAND=/usr/local/bin/cinder-rootwrap /etc/cinder/rootwrap.conf cinder-rtstool get-targets
Mar 17 10:58:19.707027 np0005649721.novalocal cinder-volume[125225]: DEBUG oslo_concurrency.processutils [None req-19b45dea-4113-491c-a96a-16d4486a34cc tempest-VolumesBackupsTest-501581151 None] CMD "sudo cinder-rootwrap /etc/cinder/rootwrap.conf cinder-rtstool get-targets" returned: 0 in 0.585s {{(pid=125225) execute /usr/local/lib/python3.12/site-packages/oslo_concurrency/processutils.py:468}}
Mar 17 10:58:19.707027 np0005649721.novalocal cinder-volume[125225]: DEBUG oslo_concurrency.lockutils [None req-19b45dea-4113-491c-a96a-16d4486a34cc tempest-VolumesBackupsTest-501581151 None] Lock "lioadm" "released" by "cinder.volume.targets.lio.LioAdm._execute" :: held 0.586s {{(pid=125225) inner /usr/local/lib/python3.12/site-packages/oslo_concurrency/lockutils.py:538}}
Mar 17 10:58:19.707027 np0005649721.novalocal cinder-volume[125225]: DEBUG oslo_concurrency.lockutils [None req-19b45dea-4113-491c-a96a-16d4486a34cc tempest-VolumesBackupsTest-501581151 None] Acquiring lock "lioadm" by "cinder.volume.targets.lio.LioAdm._execute" {{(pid=125225) inner /usr/local/lib/python3.12/site-packages/oslo_concurrency/lockutils.py:506}}
Mar 17 10:58:19.707027 np0005649721.novalocal cinder-volume[125225]: DEBUG oslo_concurrency.lockutils [None req-19b45dea-4113-491c-a96a-16d4486a34cc tempest-VolumesBackupsTest-501581151 None] Lock "lioadm" acquired by "cinder.volume.targets.lio.LioAdm._execute" :: waited 0.001s {{(pid=125225) inner /usr/local/lib/python3.12/site-packages/oslo_concurrency/lockutils.py:519}}
Mar 17 10:58:19.707606 np0005649721.novalocal cinder-volume[125225]: DEBUG oslo_concurrency.processutils [None req-19b45dea-4113-491c-a96a-16d4486a34cc tempest-VolumesBackupsTest-501581151 None] Running cmd (subprocess): sudo cinder-rootwrap /etc/cinder/rootwrap.conf cinder-rtstool save {{(pid=125225) execute /usr/local/lib/python3.12/site-packages/oslo_concurrency/processutils.py:440}}
Mar 17 10:58:19.730150 np0005649721.novalocal sudo[163605]: stack : PWD=/ ; USER=root ; COMMAND=/usr/local/bin/cinder-rootwrap /etc/cinder/rootwrap.conf cinder-rtstool save
Mar 17 10:58:20.231882 np0005649721.novalocal cinder-volume[125225]: DEBUG oslo_concurrency.processutils [None req-19b45dea-4113-491c-a96a-16d4486a34cc tempest-VolumesBackupsTest-501581151 None] CMD "sudo cinder-rootwrap /etc/cinder/rootwrap.conf cinder-rtstool save" returned: 0 in 0.524s {{(pid=125225) execute /usr/local/lib/python3.12/site-packages/oslo_concurrency/processutils.py:468}}
Mar 17 10:58:20.232501 np0005649721.novalocal cinder-volume[125225]: DEBUG oslo_concurrency.lockutils [None req-19b45dea-4113-491c-a96a-16d4486a34cc tempest-VolumesBackupsTest-501581151 None] Lock "lioadm" "released" by "cinder.volume.targets.lio.LioAdm._execute" :: held 0.526s {{(pid=125225) inner /usr/local/lib/python3.12/site-packages/oslo_concurrency/lockutils.py:538}}
Mar 17 10:58:20.232944 np0005649721.novalocal cinder-volume[125225]: DEBUG cinder.volume.targets.iscsi [None req-19b45dea-4113-491c-a96a-16d4486a34cc tempest-VolumesBackupsTest-501581151 None] Set provider_location to: 38.102.83.89:3260,iqn.2010-10.org.openstack:volume-60a53c32-6457-419e-b2cf-50325ab6a33f iqn.2010-10.org.openstack:volume-60a53c32-6457-419e-b2cf-50325ab6a33f 0 {{(pid=125225) create_export /opt/stack/cinder/cinder/volume/targets/iscsi.py:205}}
Mar 17 10:58:20.242972 np0005649721.novalocal cinder-volume[125225]: DEBUG oslo_concurrency.lockutils [None req-19b45dea-4113-491c-a96a-16d4486a34cc tempest-VolumesBackupsTest-501581151 None] Acquiring lock "lioadm" by "cinder.volume.targets.lio.LioAdm._execute" {{(pid=125225) inner /usr/local/lib/python3.12/site-packages/oslo_concurrency/lockutils.py:506}}
Mar 17 10:58:20.243587 np0005649721.novalocal cinder-volume[125225]: DEBUG oslo_concurrency.lockutils [None req-19b45dea-4113-491c-a96a-16d4486a34cc tempest-VolumesBackupsTest-501581151 None] Lock "lioadm" acquired by "cinder.volume.targets.lio.LioAdm._execute" :: waited 0.001s {{(pid=125225) inner /usr/local/lib/python3.12/site-packages/oslo_concurrency/lockutils.py:519}}
Mar 17 10:58:20.244206 np0005649721.novalocal cinder-volume[125225]: DEBUG oslo_concurrency.processutils [None req-19b45dea-4113-491c-a96a-16d4486a34cc tempest-VolumesBackupsTest-501581151 None] Running cmd (subprocess): sudo cinder-rootwrap /etc/cinder/rootwrap.conf cinder-rtstool add-initiator iqn.2010-10.org.openstack:volume-60a53c32-6457-419e-b2cf-50325ab6a33f cRpV2ujjk2H7gD3rBpE3 MSPnZFP3PgKf2nU3 iqn.1994-05.com.redhat:fd15498af3bd {{(pid=125225) execute /usr/local/lib/python3.12/site-packages/oslo_concurrency/processutils.py:440}}
Mar 17 10:58:20.266195 np0005649721.novalocal sudo[163611]: stack : PWD=/ ; USER=root ; COMMAND=/usr/local/bin/cinder-rootwrap /etc/cinder/rootwrap.conf cinder-rtstool add-initiator iqn.2010-10.org.openstack:volume-60a53c32-6457-419e-b2cf-50325ab6a33f cRpV2ujjk2H7gD3rBpE3 MSPnZFP3PgKf2nU3 iqn.1994-05.com.redhat:fd15498af3bd
Mar 17 10:58:20.741019 np0005649721.novalocal cinder-volume[125225]: DEBUG oslo_concurrency.processutils [None req-19b45dea-4113-491c-a96a-16d4486a34cc tempest-VolumesBackupsTest-501581151 None] CMD "sudo cinder-rootwrap /etc/cinder/rootwrap.conf cinder-rtstool add-initiator iqn.2010-10.org.openstack:volume-60a53c32-6457-419e-b2cf-50325ab6a33f cRpV2ujjk2H7gD3rBpE3 MSPnZFP3PgKf2nU3 iqn.1994-05.com.redhat:fd15498af3bd" returned: 0 in 0.496s {{(pid=125225) execute /usr/local/lib/python3.12/site-packages/oslo_concurrency/processutils.py:468}}
Mar 17 10:58:20.741603 np0005649721.novalocal cinder-volume[125225]: DEBUG oslo_concurrency.lockutils [None req-19b45dea-4113-491c-a96a-16d4486a34cc tempest-VolumesBackupsTest-501581151 None] Lock "lioadm" "released" by "cinder.volume.targets.lio.LioAdm._execute" :: held 0.498s {{(pid=125225) inner /usr/local/lib/python3.12/site-packages/oslo_concurrency/lockutils.py:538}}
Mar 17 10:58:20.741885 np0005649721.novalocal cinder-volume[125225]: DEBUG oslo_concurrency.lockutils [None req-19b45dea-4113-491c-a96a-16d4486a34cc tempest-VolumesBackupsTest-501581151 None] Acquiring lock "lioadm" by "cinder.volume.targets.lio.LioAdm._execute" {{(pid=125225) inner /usr/local/lib/python3.12/site-packages/oslo_concurrency/lockutils.py:506}}
Mar 17 10:58:20.742508 np0005649721.novalocal cinder-volume[125225]: DEBUG oslo_concurrency.lockutils [None req-19b45dea-4113-491c-a96a-16d4486a34cc tempest-VolumesBackupsTest-501581151 None] Lock "lioadm" acquired by "cinder.volume.targets.lio.LioAdm._execute" :: waited 0.001s {{(pid=125225) inner /usr/local/lib/python3.12/site-packages/oslo_concurrency/lockutils.py:519}}
Mar 17 10:58:20.743077 np0005649721.novalocal cinder-volume[125225]: DEBUG oslo_concurrency.processutils [None req-19b45dea-4113-491c-a96a-16d4486a34cc tempest-VolumesBackupsTest-501581151 None] Running cmd (subprocess): sudo cinder-rootwrap /etc/cinder/rootwrap.conf cinder-rtstool save {{(pid=125225) execute /usr/local/lib/python3.12/site-packages/oslo_concurrency/processutils.py:440}}
Mar 17 10:58:20.764362 np0005649721.novalocal sudo[163619]: stack : PWD=/ ; USER=root ; COMMAND=/usr/local/bin/cinder-rootwrap /etc/cinder/rootwrap.conf cinder-rtstool save
Mar 17 10:58:21.294126 np0005649721.novalocal cinder-volume[125225]: DEBUG oslo_concurrency.processutils [None req-19b45dea-4113-491c-a96a-16d4486a34cc tempest-VolumesBackupsTest-501581151 None] CMD "sudo cinder-rootwrap /etc/cinder/rootwrap.conf cinder-rtstool save" returned: 0 in 0.551s {{(pid=125225) execute /usr/local/lib/python3.12/site-packages/oslo_concurrency/processutils.py:468}}
Mar 17 10:58:21.294600 np0005649721.novalocal cinder-volume[125225]: DEBUG oslo_concurrency.lockutils [None req-19b45dea-4113-491c-a96a-16d4486a34cc tempest-VolumesBackupsTest-501581151 None] Lock "lioadm" "released" by "cinder.volume.targets.lio.LioAdm._execute" :: held 0.552s {{(pid=125225) inner /usr/local/lib/python3.12/site-packages/oslo_concurrency/lockutils.py:538}}
Mar 17 10:58:21.303517 np0005649721.novalocal cinder-volume[125225]: INFO cinder.volume.manager [None req-19b45dea-4113-491c-a96a-16d4486a34cc tempest-VolumesBackupsTest-501581151 None] Initialize volume connection completed successfully.
Mar 17 10:58:29.513336 np0005649721.novalocal cinder-volume[125225]: DEBUG oslo_concurrency.lockutils [None req-19b45dea-4113-491c-a96a-16d4486a34cc tempest-VolumesBackupsTest-501581151 None] Acquiring lock "lioadm" by "cinder.volume.targets.lio.LioAdm._execute" {{(pid=125225) inner /usr/local/lib/python3.12/site-packages/oslo_concurrency/lockutils.py:506}}
Mar 17 10:58:29.515329 np0005649721.novalocal cinder-volume[125225]: DEBUG oslo_concurrency.lockutils [None req-19b45dea-4113-491c-a96a-16d4486a34cc tempest-VolumesBackupsTest-501581151 None] Lock "lioadm" acquired by "cinder.volume.targets.lio.LioAdm._execute" :: waited 0.001s {{(pid=125225) inner /usr/local/lib/python3.12/site-packages/oslo_concurrency/lockutils.py:519}}
Mar 17 10:58:29.515329 np0005649721.novalocal cinder-volume[125225]: DEBUG oslo_concurrency.processutils [None req-19b45dea-4113-491c-a96a-16d4486a34cc tempest-VolumesBackupsTest-501581151 None] Running cmd (subprocess): sudo cinder-rootwrap /etc/cinder/rootwrap.conf cinder-rtstool delete-initiator iqn.2010-10.org.openstack:volume-60a53c32-6457-419e-b2cf-50325ab6a33f iqn.1994-05.com.redhat:fd15498af3bd {{(pid=125225) execute /usr/local/lib/python3.12/site-packages/oslo_concurrency/processutils.py:440}}
Mar 17 10:58:29.541070 np0005649721.novalocal sudo[163722]: stack : PWD=/ ; USER=root ; COMMAND=/usr/local/bin/cinder-rootwrap /etc/cinder/rootwrap.conf cinder-rtstool delete-initiator iqn.2010-10.org.openstack:volume-60a53c32-6457-419e-b2cf-50325ab6a33f iqn.1994-05.com.redhat:fd15498af3bd
Mar 17 10:58:30.011563 np0005649721.novalocal cinder-volume[125225]: DEBUG oslo_concurrency.processutils [None req-19b45dea-4113-491c-a96a-16d4486a34cc tempest-VolumesBackupsTest-501581151 None] CMD "sudo cinder-rootwrap /etc/cinder/rootwrap.conf cinder-rtstool delete-initiator iqn.2010-10.org.openstack:volume-60a53c32-6457-419e-b2cf-50325ab6a33f iqn.1994-05.com.redhat:fd15498af3bd" returned: 0 in 0.496s {{(pid=125225) execute /usr/local/lib/python3.12/site-packages/oslo_concurrency/processutils.py:468}}
Mar 17 10:58:30.012326 np0005649721.novalocal cinder-volume[125225]: DEBUG oslo_concurrency.lockutils [None req-19b45dea-4113-491c-a96a-16d4486a34cc tempest-VolumesBackupsTest-501581151 None] Lock "lioadm" "released" by "cinder.volume.targets.lio.LioAdm._execute" :: held 0.498s {{(pid=125225) inner /usr/local/lib/python3.12/site-packages/oslo_concurrency/lockutils.py:538}}
Mar 17 10:58:30.012542 np0005649721.novalocal cinder-volume[125225]: DEBUG oslo_concurrency.lockutils [None req-19b45dea-4113-491c-a96a-16d4486a34cc tempest-VolumesBackupsTest-501581151 None] Acquiring lock "lioadm" by "cinder.volume.targets.lio.LioAdm._execute" {{(pid=125225) inner /usr/local/lib/python3.12/site-packages/oslo_concurrency/lockutils.py:506}}
Mar 17 10:58:30.013734 np0005649721.novalocal cinder-volume[125225]: DEBUG oslo_concurrency.lockutils [None req-19b45dea-4113-491c-a96a-16d4486a34cc tempest-VolumesBackupsTest-501581151 None] Lock "lioadm" acquired by "cinder.volume.targets.lio.LioAdm._execute" :: waited 0.001s {{(pid=125225) inner /usr/local/lib/python3.12/site-packages/oslo_concurrency/lockutils.py:519}}
Mar 17 10:58:30.014321 np0005649721.novalocal cinder-volume[125225]: DEBUG oslo_concurrency.processutils [None req-19b45dea-4113-491c-a96a-16d4486a34cc tempest-VolumesBackupsTest-501581151 None] Running cmd (subprocess): sudo cinder-rootwrap /etc/cinder/rootwrap.conf cinder-rtstool save {{(pid=125225) execute /usr/local/lib/python3.12/site-packages/oslo_concurrency/processutils.py:440}}
Mar 17 10:58:30.042599 np0005649721.novalocal sudo[163729]: stack : PWD=/ ; USER=root ; COMMAND=/usr/local/bin/cinder-rootwrap /etc/cinder/rootwrap.conf cinder-rtstool save
Mar 17 10:58:30.494172 np0005649721.novalocal cinder-volume[125225]: DEBUG oslo_concurrency.processutils [None req-19b45dea-4113-491c-a96a-16d4486a34cc tempest-VolumesBackupsTest-501581151 None] CMD "sudo cinder-rootwrap /etc/cinder/rootwrap.conf cinder-rtstool save" returned: 0 in 0.479s {{(pid=125225) execute /usr/local/lib/python3.12/site-packages/oslo_concurrency/processutils.py:468}}
Mar 17 10:58:30.494838 np0005649721.novalocal cinder-volume[125225]: DEBUG oslo_concurrency.lockutils [None req-19b45dea-4113-491c-a96a-16d4486a34cc tempest-VolumesBackupsTest-501581151 None] Lock "lioadm" "released" by "cinder.volume.targets.lio.LioAdm._execute" :: held 0.482s {{(pid=125225) inner /usr/local/lib/python3.12/site-packages/oslo_concurrency/lockutils.py:538}}
Mar 17 10:58:30.495412 np0005649721.novalocal cinder-volume[125225]: INFO cinder.volume.manager [None req-19b45dea-4113-491c-a96a-16d4486a34cc tempest-VolumesBackupsTest-501581151 None] Terminate volume connection completed successfully.
Mar 17 10:58:30.521271 np0005649721.novalocal cinder-volume[125225]: DEBUG oslo_concurrency.lockutils [None req-19b45dea-4113-491c-a96a-16d4486a34cc tempest-VolumesBackupsTest-501581151 None] Acquiring lock "lioadm" by "cinder.volume.targets.lio.LioAdm._execute" {{(pid=125225) inner /usr/local/lib/python3.12/site-packages/oslo_concurrency/lockutils.py:506}}
Mar 17 10:58:30.521957 np0005649721.novalocal cinder-volume[125225]: DEBUG oslo_concurrency.lockutils [None req-19b45dea-4113-491c-a96a-16d4486a34cc tempest-VolumesBackupsTest-501581151 None] Lock "lioadm" acquired by "cinder.volume.targets.lio.LioAdm._execute" :: waited 0.001s {{(pid=125225) inner /usr/local/lib/python3.12/site-packages/oslo_concurrency/lockutils.py:519}}
Mar 17 10:58:30.522529 np0005649721.novalocal cinder-volume[125225]: DEBUG oslo_concurrency.processutils [None req-19b45dea-4113-491c-a96a-16d4486a34cc tempest-VolumesBackupsTest-501581151 None] Running cmd (subprocess): sudo cinder-rootwrap /etc/cinder/rootwrap.conf cinder-rtstool get-targets {{(pid=125225) execute /usr/local/lib/python3.12/site-packages/oslo_concurrency/processutils.py:440}}
Mar 17 10:58:30.543812 np0005649721.novalocal sudo[163736]: stack : PWD=/ ; USER=root ; COMMAND=/usr/local/bin/cinder-rootwrap /etc/cinder/rootwrap.conf cinder-rtstool get-targets
Mar 17 10:58:31.030326 np0005649721.novalocal cinder-volume[125225]: DEBUG oslo_concurrency.processutils [None req-19b45dea-4113-491c-a96a-16d4486a34cc tempest-VolumesBackupsTest-501581151 None] CMD "sudo cinder-rootwrap /etc/cinder/rootwrap.conf cinder-rtstool get-targets" returned: 0 in 0.507s {{(pid=125225) execute /usr/local/lib/python3.12/site-packages/oslo_concurrency/processutils.py:468}}
Mar 17 10:58:31.030799 np0005649721.novalocal cinder-volume[125225]: DEBUG oslo_concurrency.lockutils [None req-19b45dea-4113-491c-a96a-16d4486a34cc tempest-VolumesBackupsTest-501581151 None] Lock "lioadm" "released" by "cinder.volume.targets.lio.LioAdm._execute" :: held 0.509s {{(pid=125225) inner /usr/local/lib/python3.12/site-packages/oslo_concurrency/lockutils.py:538}}
Mar 17 10:58:31.031270 np0005649721.novalocal cinder-volume[125225]: INFO cinder.volume.targets.lio [None req-19b45dea-4113-491c-a96a-16d4486a34cc tempest-VolumesBackupsTest-501581151 None] Removing iscsi_target: 60a53c32-6457-419e-b2cf-50325ab6a33f
Mar 17 10:58:31.031855 np0005649721.novalocal cinder-volume[125225]: DEBUG oslo_concurrency.lockutils [None req-19b45dea-4113-491c-a96a-16d4486a34cc tempest-VolumesBackupsTest-501581151 None] Acquiring lock "lioadm" by "cinder.volume.targets.lio.LioAdm._execute" {{(pid=125225) inner /usr/local/lib/python3.12/site-packages/oslo_concurrency/lockutils.py:506}}
Mar 17 10:58:31.032381 np0005649721.novalocal cinder-volume[125225]: DEBUG oslo_concurrency.lockutils [None req-19b45dea-4113-491c-a96a-16d4486a34cc tempest-VolumesBackupsTest-501581151 None] Lock "lioadm" acquired by "cinder.volume.targets.lio.LioAdm._execute" :: waited 0.001s {{(pid=125225) inner /usr/local/lib/python3.12/site-packages/oslo_concurrency/lockutils.py:519}}
Mar 17 10:58:31.032779 np0005649721.novalocal cinder-volume[125225]: DEBUG oslo_concurrency.processutils [None req-19b45dea-4113-491c-a96a-16d4486a34cc tempest-VolumesBackupsTest-501581151 None] Running cmd (subprocess): sudo cinder-rootwrap /etc/cinder/rootwrap.conf cinder-rtstool delete iqn.2010-10.org.openstack:volume-60a53c32-6457-419e-b2cf-50325ab6a33f {{(pid=125225) execute /usr/local/lib/python3.12/site-packages/oslo_concurrency/processutils.py:440}}
Mar 17 10:58:31.063115 np0005649721.novalocal sudo[163742]: stack : PWD=/ ; USER=root ; COMMAND=/usr/local/bin/cinder-rootwrap /etc/cinder/rootwrap.conf cinder-rtstool delete iqn.2010-10.org.openstack:volume-60a53c32-6457-419e-b2cf-50325ab6a33f
Mar 17 10:58:31.305212 np0005649721.novalocal cinder-volume[125225]: DEBUG dbcounter [-] [125225] Writing DB stats cinder:SELECT=3,cinder:UPDATE=2,cinder:DELETE=1 {{(pid=125225) stat_writer /usr/local/lib/python3.12/site-packages/dbcounter.py:115}}
Mar 17 10:58:31.596281 np0005649721.novalocal cinder-volume[125225]: DEBUG oslo_concurrency.processutils [None req-19b45dea-4113-491c-a96a-16d4486a34cc tempest-VolumesBackupsTest-501581151 None] CMD "sudo cinder-rootwrap /etc/cinder/rootwrap.conf cinder-rtstool delete iqn.2010-10.org.openstack:volume-60a53c32-6457-419e-b2cf-50325ab6a33f" returned: 0 in 0.563s {{(pid=125225) execute /usr/local/lib/python3.12/site-packages/oslo_concurrency/processutils.py:468}}
Mar 17 10:58:31.596987 np0005649721.novalocal cinder-volume[125225]: DEBUG oslo_concurrency.lockutils [None req-19b45dea-4113-491c-a96a-16d4486a34cc tempest-VolumesBackupsTest-501581151 None] Lock "lioadm" "released" by "cinder.volume.targets.lio.LioAdm._execute" :: held 0.564s {{(pid=125225) inner /usr/local/lib/python3.12/site-packages/oslo_concurrency/lockutils.py:538}}
Mar 17 10:58:31.597261 np0005649721.novalocal cinder-volume[125225]: DEBUG oslo_concurrency.lockutils [None req-19b45dea-4113-491c-a96a-16d4486a34cc tempest-VolumesBackupsTest-501581151 None] Acquiring lock "lioadm" by "cinder.volume.targets.lio.LioAdm._execute" {{(pid=125225) inner /usr/local/lib/python3.12/site-packages/oslo_concurrency/lockutils.py:506}}
Mar 17 10:58:31.597931 np0005649721.novalocal cinder-volume[125225]: DEBUG oslo_concurrency.lockutils [None req-19b45dea-4113-491c-a96a-16d4486a34cc tempest-VolumesBackupsTest-501581151 None] Lock "lioadm" acquired by "cinder.volume.targets.lio.LioAdm._execute" :: waited 0.001s {{(pid=125225) inner /usr/local/lib/python3.12/site-packages/oslo_concurrency/lockutils.py:519}}
Mar 17 10:58:31.598589 np0005649721.novalocal cinder-volume[125225]: DEBUG oslo_concurrency.processutils [None req-19b45dea-4113-491c-a96a-16d4486a34cc tempest-VolumesBackupsTest-501581151 None] Running cmd (subprocess): sudo cinder-rootwrap /etc/cinder/rootwrap.conf cinder-rtstool save {{(pid=125225) execute /usr/local/lib/python3.12/site-packages/oslo_concurrency/processutils.py:440}}
Mar 17 10:58:31.619131 np0005649721.novalocal sudo[163748]: stack : PWD=/ ; USER=root ; COMMAND=/usr/local/bin/cinder-rootwrap /etc/cinder/rootwrap.conf cinder-rtstool save
Mar 17 10:58:32.164619 np0005649721.novalocal cinder-volume[125225]: DEBUG oslo_concurrency.processutils [None req-19b45dea-4113-491c-a96a-16d4486a34cc tempest-VolumesBackupsTest-501581151 None] CMD "sudo cinder-rootwrap /etc/cinder/rootwrap.conf cinder-rtstool save" returned: 0 in 0.566s {{(pid=125225) execute /usr/local/lib/python3.12/site-packages/oslo_concurrency/processutils.py:468}}
Mar 17 10:58:32.165172 np0005649721.novalocal cinder-volume[125225]: DEBUG oslo_concurrency.lockutils [None req-19b45dea-4113-491c-a96a-16d4486a34cc tempest-VolumesBackupsTest-501581151 None] Lock "lioadm" "released" by "cinder.volume.targets.lio.LioAdm._execute" :: held 0.567s {{(pid=125225) inner /usr/local/lib/python3.12/site-packages/oslo_concurrency/lockutils.py:538}}
Mar 17 10:58:32.165611 np0005649721.novalocal cinder-volume[125225]: INFO cinder.volume.manager [None req-19b45dea-4113-491c-a96a-16d4486a34cc tempest-VolumesBackupsTest-501581151 None] Remove volume export completed successfully.
Mar 17 10:58:33.030186 np0005649721.novalocal cinder-volume[125225]: DEBUG cinder.coordination [None req-f3b795d7-17b1-4795-8e89-8c98281bd126 tempest-VolumesBackupsTest-501581151 None] Acquiring lock "cinder-60a53c32-6457-419e-b2cf-50325ab6a33f-delete_volume" by "delete_volume" {{(pid=125225) __acquire /opt/stack/cinder/cinder/coordination.py:138}}
Mar 17 10:58:33.040999 np0005649721.novalocal cinder-volume[125225]: DEBUG cinder.coordination [None req-f3b795d7-17b1-4795-8e89-8c98281bd126 tempest-VolumesBackupsTest-501581151 None] Lock "cinder-60a53c32-6457-419e-b2cf-50325ab6a33f-delete_volume" acquired by "delete_volume" :: waited 0.011s {{(pid=125225) __acquire /opt/stack/cinder/cinder/coordination.py:141}}
Mar 17 10:58:33.061590 np0005649721.novalocal cinder-volume[125225]: DEBUG oslo_concurrency.lockutils [None req-f3b795d7-17b1-4795-8e89-8c98281bd126 tempest-VolumesBackupsTest-501581151 None] Acquiring lock "lioadm" by "cinder.volume.targets.lio.LioAdm._execute" {{(pid=125225) inner /usr/local/lib/python3.12/site-packages/oslo_concurrency/lockutils.py:506}}
Mar 17 10:58:33.062179 np0005649721.novalocal cinder-volume[125225]: DEBUG oslo_concurrency.lockutils [None req-f3b795d7-17b1-4795-8e89-8c98281bd126 tempest-VolumesBackupsTest-501581151 None] Lock "lioadm" acquired by "cinder.volume.targets.lio.LioAdm._execute" :: waited 0.001s {{(pid=125225) inner /usr/local/lib/python3.12/site-packages/oslo_concurrency/lockutils.py:519}}
Mar 17 10:58:33.062815 np0005649721.novalocal cinder-volume[125225]: DEBUG oslo_concurrency.processutils [None req-f3b795d7-17b1-4795-8e89-8c98281bd126 tempest-VolumesBackupsTest-501581151 None] Running cmd (subprocess): sudo cinder-rootwrap /etc/cinder/rootwrap.conf cinder-rtstool get-targets {{(pid=125225) execute /usr/local/lib/python3.12/site-packages/oslo_concurrency/processutils.py:440}}
Mar 17 10:58:33.091902 np0005649721.novalocal sudo[163755]: stack : PWD=/ ; USER=root ; COMMAND=/usr/local/bin/cinder-rootwrap /etc/cinder/rootwrap.conf cinder-rtstool get-targets
Mar 17 10:58:33.588712 np0005649721.novalocal cinder-volume[125225]: DEBUG oslo_concurrency.processutils [None req-f3b795d7-17b1-4795-8e89-8c98281bd126 tempest-VolumesBackupsTest-501581151 None] CMD "sudo cinder-rootwrap /etc/cinder/rootwrap.conf cinder-rtstool get-targets" returned: 0 in 0.526s {{(pid=125225) execute /usr/local/lib/python3.12/site-packages/oslo_concurrency/processutils.py:468}}
Mar 17 10:58:33.589119 np0005649721.novalocal cinder-volume[125225]: DEBUG oslo_concurrency.lockutils [None req-f3b795d7-17b1-4795-8e89-8c98281bd126 tempest-VolumesBackupsTest-501581151 None] Lock "lioadm" "released" by "cinder.volume.targets.lio.LioAdm._execute" :: held 0.527s {{(pid=125225) inner /usr/local/lib/python3.12/site-packages/oslo_concurrency/lockutils.py:538}}
Mar 17 10:58:33.589362 np0005649721.novalocal cinder-volume[125225]: INFO cinder.volume.targets.iscsi [None req-f3b795d7-17b1-4795-8e89-8c98281bd126 tempest-VolumesBackupsTest-501581151 None] Skipping remove_export. No iscsi_target is presently exported for volume: 60a53c32-6457-419e-b2cf-50325ab6a33f
Mar 17 10:58:33.589993 np0005649721.novalocal cinder-volume[125225]: DEBUG oslo_concurrency.processutils [None req-f3b795d7-17b1-4795-8e89-8c98281bd126 tempest-VolumesBackupsTest-501581151 None] Running cmd (subprocess): sudo cinder-rootwrap /etc/cinder/rootwrap.conf env LC_ALL=C lvs --noheadings --unit=g -o vg_name,name,size --nosuffix --readonly stack-volumes-lvmdriver-1/volume-60a53c32-6457-419e-b2cf-50325ab6a33f {{(pid=125225) execute /usr/local/lib/python3.12/site-packages/oslo_concurrency/processutils.py:440}}
Mar 17 10:58:33.606856 np0005649721.novalocal sudo[163761]: stack : PWD=/ ; USER=root ; COMMAND=/usr/local/bin/cinder-rootwrap /etc/cinder/rootwrap.conf env LC_ALL=C lvs --noheadings --unit=g -o vg_name,name,size --nosuffix --readonly stack-volumes-lvmdriver-1/volume-60a53c32-6457-419e-b2cf-50325ab6a33f
Mar 17 10:58:33.925619 np0005649721.novalocal cinder-volume[125225]: DEBUG oslo_concurrency.processutils [None req-f3b795d7-17b1-4795-8e89-8c98281bd126 tempest-VolumesBackupsTest-501581151 None] CMD "sudo cinder-rootwrap /etc/cinder/rootwrap.conf env LC_ALL=C lvs --noheadings --unit=g -o vg_name,name,size --nosuffix --readonly stack-volumes-lvmdriver-1/volume-60a53c32-6457-419e-b2cf-50325ab6a33f" returned: 0 in 0.335s {{(pid=125225) execute /usr/local/lib/python3.12/site-packages/oslo_concurrency/processutils.py:468}}
Mar 17 10:58:33.926845 np0005649721.novalocal cinder-volume[125225]: DEBUG oslo_concurrency.processutils [None req-f3b795d7-17b1-4795-8e89-8c98281bd126 tempest-VolumesBackupsTest-501581151 None] Running cmd (subprocess): sudo cinder-rootwrap /etc/cinder/rootwrap.conf env LC_ALL=C lvdisplay --noheading -C -o Attr --readonly stack-volumes-lvmdriver-1/volume-60a53c32-6457-419e-b2cf-50325ab6a33f {{(pid=125225) execute /usr/local/lib/python3.12/site-packages/oslo_concurrency/processutils.py:440}}
Mar 17 10:58:33.943098 np0005649721.novalocal sudo[163766]: stack : PWD=/ ; USER=root ; COMMAND=/usr/local/bin/cinder-rootwrap /etc/cinder/rootwrap.conf env LC_ALL=C lvdisplay --noheading -C -o Attr --readonly stack-volumes-lvmdriver-1/volume-60a53c32-6457-419e-b2cf-50325ab6a33f
Mar 17 10:58:34.328650 np0005649721.novalocal cinder-volume[125225]: DEBUG oslo_concurrency.processutils [None req-f3b795d7-17b1-4795-8e89-8c98281bd126 tempest-VolumesBackupsTest-501581151 None] CMD "sudo cinder-rootwrap /etc/cinder/rootwrap.conf env LC_ALL=C lvdisplay --noheading -C -o Attr --readonly stack-volumes-lvmdriver-1/volume-60a53c32-6457-419e-b2cf-50325ab6a33f" returned: 0 in 0.401s {{(pid=125225) execute /usr/local/lib/python3.12/site-packages/oslo_concurrency/processutils.py:468}}
Mar 17 10:58:34.329154 np0005649721.novalocal cinder-volume[125225]: DEBUG oslo_concurrency.processutils [None req-f3b795d7-17b1-4795-8e89-8c98281bd126 tempest-VolumesBackupsTest-501581151 None] Running cmd (subprocess): sudo cinder-rootwrap /etc/cinder/rootwrap.conf lvremove --config activation { retry_deactivation = 1} -f stack-volumes-lvmdriver-1/volume-60a53c32-6457-419e-b2cf-50325ab6a33f {{(pid=125225) execute /usr/local/lib/python3.12/site-packages/oslo_concurrency/processutils.py:440}}
Mar 17 10:58:34.345459 np0005649721.novalocal sudo[163773]: stack : PWD=/ ; USER=root ; COMMAND=/usr/local/bin/cinder-rootwrap /etc/cinder/rootwrap.conf lvremove --config 'activation { retry_deactivation = 1} ' -f stack-volumes-lvmdriver-1/volume-60a53c32-6457-419e-b2cf-50325ab6a33f
Mar 17 10:58:34.733034 np0005649721.novalocal cinder-volume[125225]: DEBUG oslo_concurrency.processutils [None req-f3b795d7-17b1-4795-8e89-8c98281bd126 tempest-VolumesBackupsTest-501581151 None] CMD "sudo cinder-rootwrap /etc/cinder/rootwrap.conf lvremove --config activation { retry_deactivation = 1} -f stack-volumes-lvmdriver-1/volume-60a53c32-6457-419e-b2cf-50325ab6a33f" returned: 0 in 0.403s {{(pid=125225) execute /usr/local/lib/python3.12/site-packages/oslo_concurrency/processutils.py:468}}
Mar 17 10:58:34.733756 np0005649721.novalocal cinder-volume[125225]: INFO cinder.volume.drivers.lvm [None req-f3b795d7-17b1-4795-8e89-8c98281bd126 tempest-VolumesBackupsTest-501581151 None] Successfully deleted volume: 60a53c32-6457-419e-b2cf-50325ab6a33f
Mar 17 10:58:34.771064 np0005649721.novalocal cinder-volume[125225]: DEBUG cinder.quota [None req-f3b795d7-17b1-4795-8e89-8c98281bd126 tempest-VolumesBackupsTest-501581151 None] Created reservations ['6e40c380-32af-461f-9d71-67e0d9918bd9', '09ff49fb-38d9-4220-a5db-de7170990042', '3f658b81-863c-44c6-80fb-2a35c7151b8f', '3884476b-cd46-4cc5-933b-d51ec8c3567f'] {{(pid=125225) reserve /opt/stack/cinder/cinder/quota.py:752}}
Mar 17 10:58:34.813340 np0005649721.novalocal cinder-volume[125225]: DEBUG cinder.volume.drivers.lvm [None req-f3b795d7-17b1-4795-8e89-8c98281bd126 tempest-VolumesBackupsTest-501581151 None] Updating volume stats {{(pid=125225) _update_volume_stats /opt/stack/cinder/cinder/volume/drivers/lvm.py:228}}
Mar 17 10:58:34.814012 np0005649721.novalocal cinder-volume[125225]: DEBUG oslo_concurrency.processutils [None req-f3b795d7-17b1-4795-8e89-8c98281bd126 tempest-VolumesBackupsTest-501581151 None] Running cmd (subprocess): sudo cinder-rootwrap /etc/cinder/rootwrap.conf env LC_ALL=C vgs --noheadings --unit=g -o name,size,free,lv_count,uuid --separator : --nosuffix stack-volumes-lvmdriver-1 {{(pid=125225) execute /usr/local/lib/python3.12/site-packages/oslo_concurrency/processutils.py:440}}
Mar 17 10:58:34.840586 np0005649721.novalocal sudo[163781]: stack : PWD=/ ; USER=root ; COMMAND=/usr/local/bin/cinder-rootwrap /etc/cinder/rootwrap.conf env LC_ALL=C vgs --noheadings --unit=g -o name,size,free,lv_count,uuid --separator : --nosuffix stack-volumes-lvmdriver-1
Mar 17 10:58:35.236909 np0005649721.novalocal cinder-volume[125225]: DEBUG oslo_concurrency.processutils [None req-f3b795d7-17b1-4795-8e89-8c98281bd126 tempest-VolumesBackupsTest-501581151 None] CMD "sudo cinder-rootwrap /etc/cinder/rootwrap.conf env LC_ALL=C vgs --noheadings --unit=g -o name,size,free,lv_count,uuid --separator : --nosuffix stack-volumes-lvmdriver-1" returned: 0 in 0.422s {{(pid=125225) execute /usr/local/lib/python3.12/site-packages/oslo_concurrency/processutils.py:468}}
Mar 17 10:58:35.238003 np0005649721.novalocal cinder-volume[125225]: DEBUG oslo_concurrency.processutils [None req-f3b795d7-17b1-4795-8e89-8c98281bd126 tempest-VolumesBackupsTest-501581151 None] Running cmd (subprocess): sudo cinder-rootwrap /etc/cinder/rootwrap.conf env LC_ALL=C lvs --noheadings --unit=g -o vg_name,name,size --nosuffix --readonly stack-volumes-lvmdriver-1 {{(pid=125225) execute /usr/local/lib/python3.12/site-packages/oslo_concurrency/processutils.py:440}}
Mar 17 10:58:35.264492 np0005649721.novalocal sudo[163787]: stack : PWD=/ ; USER=root ; COMMAND=/usr/local/bin/cinder-rootwrap /etc/cinder/rootwrap.conf env LC_ALL=C lvs --noheadings --unit=g -o vg_name,name,size --nosuffix --readonly stack-volumes-lvmdriver-1
Mar 17 10:58:35.625264 np0005649721.novalocal cinder-volume[125225]: DEBUG oslo_concurrency.processutils [None req-f3b795d7-17b1-4795-8e89-8c98281bd126 tempest-VolumesBackupsTest-501581151 None] CMD "sudo cinder-rootwrap /etc/cinder/rootwrap.conf env LC_ALL=C lvs --noheadings --unit=g -o vg_name,name,size --nosuffix --readonly stack-volumes-lvmdriver-1" returned: 0 in 0.387s {{(pid=125225) execute /usr/local/lib/python3.12/site-packages/oslo_concurrency/processutils.py:468}}
Mar 17 10:58:35.626514 np0005649721.novalocal cinder-volume[125225]: DEBUG oslo_concurrency.processutils [None req-f3b795d7-17b1-4795-8e89-8c98281bd126 tempest-VolumesBackupsTest-501581151 None] Running cmd (subprocess): sudo cinder-rootwrap /etc/cinder/rootwrap.conf env LC_ALL=C lvs --noheadings --unit=g -o size,data_percent --separator : --nosuffix /dev/stack-volumes-lvmdriver-1/stack-volumes-lvmdriver-1-pool {{(pid=125225) execute /usr/local/lib/python3.12/site-packages/oslo_concurrency/processutils.py:440}}
Mar 17 10:58:35.648146 np0005649721.novalocal sudo[163795]: stack : PWD=/ ; USER=root ; COMMAND=/usr/local/bin/cinder-rootwrap /etc/cinder/rootwrap.conf env LC_ALL=C lvs --noheadings --unit=g -o size,data_percent --separator : --nosuffix /dev/stack-volumes-lvmdriver-1/stack-volumes-lvmdriver-1-pool
Mar 17 10:58:35.993317 np0005649721.novalocal cinder-volume[125225]: DEBUG oslo_concurrency.processutils [None req-f3b795d7-17b1-4795-8e89-8c98281bd126 tempest-VolumesBackupsTest-501581151 None] CMD "sudo cinder-rootwrap /etc/cinder/rootwrap.conf env LC_ALL=C lvs --noheadings --unit=g -o size,data_percent --separator : --nosuffix /dev/stack-volumes-lvmdriver-1/stack-volumes-lvmdriver-1-pool" returned: 0 in 0.366s {{(pid=125225) execute /usr/local/lib/python3.12/site-packages/oslo_concurrency/processutils.py:468}}
Mar 17 10:58:35.995650 np0005649721.novalocal cinder-volume[125225]: DEBUG oslo_concurrency.processutils [None req-f3b795d7-17b1-4795-8e89-8c98281bd126 tempest-VolumesBackupsTest-501581151 None] Running cmd (subprocess): sudo cinder-rootwrap /etc/cinder/rootwrap.conf env LC_ALL=C lvs --noheadings --unit=g -o vg_name,name,size --nosuffix --readonly stack-volumes-lvmdriver-1 {{(pid=125225) execute /usr/local/lib/python3.12/site-packages/oslo_concurrency/processutils.py:440}}
Mar 17 10:58:36.020273 np0005649721.novalocal sudo[163812]: stack : PWD=/ ; USER=root ; COMMAND=/usr/local/bin/cinder-rootwrap /etc/cinder/rootwrap.conf env LC_ALL=C lvs --noheadings --unit=g -o vg_name,name,size --nosuffix --readonly stack-volumes-lvmdriver-1
Mar 17 10:58:36.345244 np0005649721.novalocal cinder-volume[125225]: DEBUG oslo_concurrency.processutils [None req-f3b795d7-17b1-4795-8e89-8c98281bd126 tempest-VolumesBackupsTest-501581151 None] CMD "sudo cinder-rootwrap /etc/cinder/rootwrap.conf env LC_ALL=C lvs --noheadings --unit=g -o vg_name,name,size --nosuffix --readonly stack-volumes-lvmdriver-1" returned: 0 in 0.350s {{(pid=125225) execute /usr/local/lib/python3.12/site-packages/oslo_concurrency/processutils.py:468}}
Mar 17 10:58:36.349708 np0005649721.novalocal cinder-volume[125225]: DEBUG cinder.manager [None req-f3b795d7-17b1-4795-8e89-8c98281bd126 tempest-VolumesBackupsTest-501581151 None] Notifying Schedulers of capabilities ... {{(pid=125225) _publish_service_capabilities /opt/stack/cinder/cinder/manager.py:202}}
Mar 17 10:58:36.362605 np0005649721.novalocal cinder-volume[125225]: DEBUG cinder.coordination [None req-3718f885-503d-47df-832f-9db3780bf25b tempest-VolumesBackupsTest-501581151 None] Acquiring lock "cinder-df5550f7-30e9-4306-a778-a2d8db750a36-delete_volume" by "delete_volume" {{(pid=125225) __acquire /opt/stack/cinder/cinder/coordination.py:138}}
Mar 17 10:58:36.364139 np0005649721.novalocal cinder-volume[125225]: INFO cinder.volume.manager [None req-f3b795d7-17b1-4795-8e89-8c98281bd126 tempest-VolumesBackupsTest-501581151 None] Deleted volume successfully.
Mar 17 10:58:36.372837 np0005649721.novalocal cinder-volume[125225]: DEBUG cinder.coordination [None req-3718f885-503d-47df-832f-9db3780bf25b tempest-VolumesBackupsTest-501581151 None] Lock "cinder-df5550f7-30e9-4306-a778-a2d8db750a36-delete_volume" acquired by "delete_volume" :: waited 0.010s {{(pid=125225) __acquire /opt/stack/cinder/cinder/coordination.py:141}}
Mar 17 10:58:36.374709 np0005649721.novalocal cinder-volume[125225]: DEBUG cinder.coordination [None req-f3b795d7-17b1-4795-8e89-8c98281bd126 tempest-VolumesBackupsTest-501581151 None] Lock "cinder-60a53c32-6457-419e-b2cf-50325ab6a33f-delete_volume" released by "delete_volume" :: held 3.334s {{(pid=125225) __release /opt/stack/cinder/cinder/coordination.py:152}}
Mar 17 10:58:36.386773 np0005649721.novalocal cinder-volume[125225]: DEBUG oslo_concurrency.lockutils [None req-3718f885-503d-47df-832f-9db3780bf25b tempest-VolumesBackupsTest-501581151 None] Acquiring lock "lioadm" by "cinder.volume.targets.lio.LioAdm._execute" {{(pid=125225) inner /usr/local/lib/python3.12/site-packages/oslo_concurrency/lockutils.py:506}}
Mar 17 10:58:36.387203 np0005649721.novalocal cinder-volume[125225]: DEBUG oslo_concurrency.lockutils [None req-3718f885-503d-47df-832f-9db3780bf25b tempest-VolumesBackupsTest-501581151 None] Lock "lioadm" acquired by "cinder.volume.targets.lio.LioAdm._execute" :: waited 0.001s {{(pid=125225) inner /usr/local/lib/python3.12/site-packages/oslo_concurrency/lockutils.py:519}}
Mar 17 10:58:36.387605 np0005649721.novalocal cinder-volume[125225]: DEBUG oslo_concurrency.processutils [None req-3718f885-503d-47df-832f-9db3780bf25b tempest-VolumesBackupsTest-501581151 None] Running cmd (subprocess): sudo cinder-rootwrap /etc/cinder/rootwrap.conf cinder-rtstool get-targets {{(pid=125225) execute /usr/local/lib/python3.12/site-packages/oslo_concurrency/processutils.py:440}}
Mar 17 10:58:36.413345 np0005649721.novalocal sudo[163817]: stack : PWD=/ ; USER=root ; COMMAND=/usr/local/bin/cinder-rootwrap /etc/cinder/rootwrap.conf cinder-rtstool get-targets
Mar 17 10:58:36.907485 np0005649721.novalocal cinder-volume[125225]: DEBUG oslo_concurrency.processutils [None req-3718f885-503d-47df-832f-9db3780bf25b tempest-VolumesBackupsTest-501581151 None] CMD "sudo cinder-rootwrap /etc/cinder/rootwrap.conf cinder-rtstool get-targets" returned: 0 in 0.520s {{(pid=125225) execute /usr/local/lib/python3.12/site-packages/oslo_concurrency/processutils.py:468}}
Mar 17 10:58:36.908024 np0005649721.novalocal cinder-volume[125225]: DEBUG oslo_concurrency.lockutils [None req-3718f885-503d-47df-832f-9db3780bf25b tempest-VolumesBackupsTest-501581151 None] Lock "lioadm" "released" by "cinder.volume.targets.lio.LioAdm._execute" :: held 0.521s {{(pid=125225) inner /usr/local/lib/python3.12/site-packages/oslo_concurrency/lockutils.py:538}}
Mar 17 10:58:36.908288 np0005649721.novalocal cinder-volume[125225]: INFO cinder.volume.targets.iscsi [None req-3718f885-503d-47df-832f-9db3780bf25b tempest-VolumesBackupsTest-501581151 None] Skipping remove_export. No iscsi_target is presently exported for volume: df5550f7-30e9-4306-a778-a2d8db750a36
Mar 17 10:58:36.909428 np0005649721.novalocal cinder-volume[125225]: DEBUG oslo_concurrency.processutils [None req-3718f885-503d-47df-832f-9db3780bf25b tempest-VolumesBackupsTest-501581151 None] Running cmd (subprocess): sudo cinder-rootwrap /etc/cinder/rootwrap.conf env LC_ALL=C lvs --noheadings --unit=g -o vg_name,name,size --nosuffix --readonly stack-volumes-lvmdriver-1/volume-df5550f7-30e9-4306-a778-a2d8db750a36 {{(pid=125225) execute /usr/local/lib/python3.12/site-packages/oslo_concurrency/processutils.py:440}}
Mar 17 10:58:36.935064 np0005649721.novalocal sudo[163825]: stack : PWD=/ ; USER=root ; COMMAND=/usr/local/bin/cinder-rootwrap /etc/cinder/rootwrap.conf env LC_ALL=C lvs --noheadings --unit=g -o vg_name,name,size --nosuffix --readonly stack-volumes-lvmdriver-1/volume-df5550f7-30e9-4306-a778-a2d8db750a36
Mar 17 10:58:37.296040 np0005649721.novalocal cinder-volume[125225]: DEBUG oslo_concurrency.processutils [None req-3718f885-503d-47df-832f-9db3780bf25b tempest-VolumesBackupsTest-501581151 None] CMD "sudo cinder-rootwrap /etc/cinder/rootwrap.conf env LC_ALL=C lvs --noheadings --unit=g -o vg_name,name,size --nosuffix --readonly stack-volumes-lvmdriver-1/volume-df5550f7-30e9-4306-a778-a2d8db750a36" returned: 0 in 0.386s {{(pid=125225) execute /usr/local/lib/python3.12/site-packages/oslo_concurrency/processutils.py:468}}
Mar 17 10:58:37.297993 np0005649721.novalocal cinder-volume[125225]: DEBUG oslo_concurrency.processutils [None req-3718f885-503d-47df-832f-9db3780bf25b tempest-VolumesBackupsTest-501581151 None] Running cmd (subprocess): sudo cinder-rootwrap /etc/cinder/rootwrap.conf env LC_ALL=C lvdisplay --noheading -C -o Attr --readonly stack-volumes-lvmdriver-1/volume-df5550f7-30e9-4306-a778-a2d8db750a36 {{(pid=125225) execute /usr/local/lib/python3.12/site-packages/oslo_concurrency/processutils.py:440}}
Mar 17 10:58:37.327561 np0005649721.novalocal sudo[163832]: stack : PWD=/ ; USER=root ; COMMAND=/usr/local/bin/cinder-rootwrap /etc/cinder/rootwrap.conf env LC_ALL=C lvdisplay --noheading -C -o Attr --readonly stack-volumes-lvmdriver-1/volume-df5550f7-30e9-4306-a778-a2d8db750a36
