Mar 17 10:38:36.617793 np0005649721.novalocal cinder-volume[125225]: DEBUG cinder.volume.volume_utils [None req-d740d97b-8dea-408e-9c99-55968b820491 tempest-VolumesCloneTest-1819544923 None] Marking volume 3b9ce984-5f74-4be3-9731-769eb51cbd55 as bootable. {{(pid=125225) enable_bootable_flag /opt/stack/cinder/cinder/volume/volume_utils.py:1138}}
Mar 17 10:38:36.624899 np0005649721.novalocal cinder-volume[125225]: DEBUG cinder.volume.flows.manager.create_volume [None req-d740d97b-8dea-408e-9c99-55968b820491 tempest-VolumesCloneTest-1819544923 None] Copying metadata from source volume 9c0c05c3-b690-445e-9d93-44c6ced4d0e1 to 3b9ce984-5f74-4be3-9731-769eb51cbd55. {{(pid=125225) _handle_bootable_volume_glance_meta /opt/stack/cinder/cinder/volume/flows/manager/create_volume.py:438}}
Mar 17 10:38:36.641883 np0005649721.novalocal cinder-volume[125225]: DEBUG cinder.volume.manager [None req-d740d97b-8dea-408e-9c99-55968b820491 tempest-VolumesCloneTest-1819544923 None] Task 'cinder.volume.flows.manager.create_volume.CreateVolumeFromSpecTask;volume:create' (7136cbeb-6686-4ffc-876e-18c989e43230) transitioned into state 'SUCCESS' from state 'RUNNING' with result '{'status': 'creating', 'volume_name': 'volume-3b9ce984-5f74-4be3-9731-769eb51cbd55', 'volume_size': 1, 'source_volid': '9c0c05c3-b690-445e-9d93-44c6ced4d0e1', 'source_volstatus': 'available'}' {{(pid=125225) _task_receiver /usr/local/lib/python3.12/site-packages/taskflow/listeners/logging.py:182}}
Mar 17 10:38:36.643985 np0005649721.novalocal cinder-volume[125225]: DEBUG cinder.volume.manager [None req-d740d97b-8dea-408e-9c99-55968b820491 tempest-VolumesCloneTest-1819544923 None] Task 'cinder.volume.flows.manager.create_volume.CreateVolumeOnFinishTask;volume:create, create.end' (d5bb33ef-3b75-4e6c-b370-4bdf42729cb8) transitioned into state 'RUNNING' from state 'PENDING' {{(pid=125225) _task_receiver /usr/local/lib/python3.12/site-packages/taskflow/listeners/logging.py:194}}
Mar 17 10:38:36.648163 np0005649721.novalocal cinder-volume[125225]: INFO cinder.volume.flows.manager.create_volume [None req-d740d97b-8dea-408e-9c99-55968b820491 tempest-VolumesCloneTest-1819544923 None] Volume volume-3b9ce984-5f74-4be3-9731-769eb51cbd55 (3b9ce984-5f74-4be3-9731-769eb51cbd55): created successfully
Mar 17 10:38:36.649686 np0005649721.novalocal cinder-volume[125225]: DEBUG cinder.volume.manager [None req-d740d97b-8dea-408e-9c99-55968b820491 tempest-VolumesCloneTest-1819544923 None] Task 'cinder.volume.flows.manager.create_volume.CreateVolumeOnFinishTask;volume:create, create.end' (d5bb33ef-3b75-4e6c-b370-4bdf42729cb8) transitioned into state 'SUCCESS' from state 'RUNNING' with result 'None' {{(pid=125225) _task_receiver /usr/local/lib/python3.12/site-packages/taskflow/listeners/logging.py:182}}
Mar 17 10:38:36.651977 np0005649721.novalocal cinder-volume[125225]: DEBUG cinder.volume.manager [None req-d740d97b-8dea-408e-9c99-55968b820491 tempest-VolumesCloneTest-1819544923 None] Flow 'volume_create_manager' (6a85ebe0-5235-4166-9460-c7fde0f82d38) transitioned into state 'SUCCESS' from state 'RUNNING' {{(pid=125225) _flow_receiver /usr/local/lib/python3.12/site-packages/taskflow/listeners/logging.py:145}}
Mar 17 10:38:36.660709 np0005649721.novalocal cinder-volume[125225]: INFO cinder.volume.manager [None req-d740d97b-8dea-408e-9c99-55968b820491 tempest-VolumesCloneTest-1819544923 None] Created volume successfully.
Mar 17 10:38:37.546101 np0005649721.novalocal cinder-volume[125225]: DEBUG cinder.coordination [None req-33b9615f-1828-4b46-9883-43143427ddd8 tempest-VolumesCloneTest-1819544923 None] Acquiring lock "cinder-3b9ce984-5f74-4be3-9731-769eb51cbd55-delete_volume" by "delete_volume" {{(pid=125225) __acquire /opt/stack/cinder/cinder/coordination.py:138}}
Mar 17 10:38:37.554198 np0005649721.novalocal cinder-volume[125225]: DEBUG cinder.coordination [None req-33b9615f-1828-4b46-9883-43143427ddd8 tempest-VolumesCloneTest-1819544923 None] Lock "cinder-3b9ce984-5f74-4be3-9731-769eb51cbd55-delete_volume" acquired by "delete_volume" :: waited 0.008s {{(pid=125225) __acquire /opt/stack/cinder/cinder/coordination.py:141}}
Mar 17 10:38:37.571444 np0005649721.novalocal cinder-volume[125225]: INFO cinder.volume.targets.iscsi [None req-33b9615f-1828-4b46-9883-43143427ddd8 tempest-VolumesCloneTest-1819544923 None] Skipping remove_export. No iscsi_target is presently exported for volume: 3b9ce984-5f74-4be3-9731-769eb51cbd55
Mar 17 10:38:37.571916 np0005649721.novalocal cinder-volume[125225]: DEBUG oslo_concurrency.processutils [None req-33b9615f-1828-4b46-9883-43143427ddd8 tempest-VolumesCloneTest-1819544923 None] Running cmd (subprocess): sudo cinder-rootwrap /etc/cinder/rootwrap.conf env LC_ALL=C lvs --noheadings --unit=g -o vg_name,name,size --nosuffix --readonly stack-volumes-lvmdriver-1/volume-3b9ce984-5f74-4be3-9731-769eb51cbd55 {{(pid=125225) execute /usr/local/lib/python3.12/site-packages/oslo_concurrency/processutils.py:440}}
Mar 17 10:38:37.598447 np0005649721.novalocal sudo[148621]: stack : PWD=/ ; USER=root ; COMMAND=/usr/local/bin/cinder-rootwrap /etc/cinder/rootwrap.conf env LC_ALL=C lvs --noheadings --unit=g -o vg_name,name,size --nosuffix --readonly stack-volumes-lvmdriver-1/volume-3b9ce984-5f74-4be3-9731-769eb51cbd55
Mar 17 10:38:37.978009 np0005649721.novalocal cinder-volume[125225]: DEBUG oslo_concurrency.processutils [None req-33b9615f-1828-4b46-9883-43143427ddd8 tempest-VolumesCloneTest-1819544923 None] CMD "sudo cinder-rootwrap /etc/cinder/rootwrap.conf env LC_ALL=C lvs --noheadings --unit=g -o vg_name,name,size --nosuffix --readonly stack-volumes-lvmdriver-1/volume-3b9ce984-5f74-4be3-9731-769eb51cbd55" returned: 0 in 0.403s {{(pid=125225) execute /usr/local/lib/python3.12/site-packages/oslo_concurrency/processutils.py:468}}
Mar 17 10:38:37.978009 np0005649721.novalocal cinder-volume[125225]: DEBUG oslo_concurrency.processutils [None req-33b9615f-1828-4b46-9883-43143427ddd8 tempest-VolumesCloneTest-1819544923 None] Running cmd (subprocess): sudo cinder-rootwrap /etc/cinder/rootwrap.conf env LC_ALL=C lvdisplay --noheading -C -o Attr --readonly stack-volumes-lvmdriver-1/volume-3b9ce984-5f74-4be3-9731-769eb51cbd55 {{(pid=125225) execute /usr/local/lib/python3.12/site-packages/oslo_concurrency/processutils.py:440}}
Mar 17 10:38:38.002936 np0005649721.novalocal sudo[148631]: stack : PWD=/ ; USER=root ; COMMAND=/usr/local/bin/cinder-rootwrap /etc/cinder/rootwrap.conf env LC_ALL=C lvdisplay --noheading -C -o Attr --readonly stack-volumes-lvmdriver-1/volume-3b9ce984-5f74-4be3-9731-769eb51cbd55
Mar 17 10:38:38.339655 np0005649721.novalocal cinder-volume[125225]: DEBUG oslo_concurrency.processutils [None req-33b9615f-1828-4b46-9883-43143427ddd8 tempest-VolumesCloneTest-1819544923 None] CMD "sudo cinder-rootwrap /etc/cinder/rootwrap.conf env LC_ALL=C lvdisplay --noheading -C -o Attr --readonly stack-volumes-lvmdriver-1/volume-3b9ce984-5f74-4be3-9731-769eb51cbd55" returned: 0 in 0.360s {{(pid=125225) execute /usr/local/lib/python3.12/site-packages/oslo_concurrency/processutils.py:468}}
Mar 17 10:38:38.341083 np0005649721.novalocal cinder-volume[125225]: DEBUG oslo_concurrency.processutils [None req-33b9615f-1828-4b46-9883-43143427ddd8 tempest-VolumesCloneTest-1819544923 None] Running cmd (subprocess): sudo cinder-rootwrap /etc/cinder/rootwrap.conf lvremove --config activation { retry_deactivation = 1} -f stack-volumes-lvmdriver-1/volume-3b9ce984-5f74-4be3-9731-769eb51cbd55 {{(pid=125225) execute /usr/local/lib/python3.12/site-packages/oslo_concurrency/processutils.py:440}}
Mar 17 10:38:38.363607 np0005649721.novalocal sudo[148636]: stack : PWD=/ ; USER=root ; COMMAND=/usr/local/bin/cinder-rootwrap /etc/cinder/rootwrap.conf lvremove --config 'activation { retry_deactivation = 1} ' -f stack-volumes-lvmdriver-1/volume-3b9ce984-5f74-4be3-9731-769eb51cbd55
Mar 17 10:38:38.741317 np0005649721.novalocal cinder-volume[125225]: DEBUG oslo_concurrency.processutils [None req-33b9615f-1828-4b46-9883-43143427ddd8 tempest-VolumesCloneTest-1819544923 None] CMD "sudo cinder-rootwrap /etc/cinder/rootwrap.conf lvremove --config activation { retry_deactivation = 1} -f stack-volumes-lvmdriver-1/volume-3b9ce984-5f74-4be3-9731-769eb51cbd55" returned: 0 in 0.397s {{(pid=125225) execute /usr/local/lib/python3.12/site-packages/oslo_concurrency/processutils.py:468}}
Mar 17 10:38:38.742046 np0005649721.novalocal cinder-volume[125225]: INFO cinder.volume.drivers.lvm [None req-33b9615f-1828-4b46-9883-43143427ddd8 tempest-VolumesCloneTest-1819544923 None] Successfully deleted volume: 3b9ce984-5f74-4be3-9731-769eb51cbd55
Mar 17 10:38:38.782646 np0005649721.novalocal cinder-volume[125225]: DEBUG cinder.quota [None req-33b9615f-1828-4b46-9883-43143427ddd8 tempest-VolumesCloneTest-1819544923 None] Created reservations ['0781296a-0ad3-4283-8abc-12b0f8cbb758', 'ef4be4d6-acca-486d-925d-8bf62941e3ec', 'e47cafb0-92e3-46f2-a5eb-de2406716398', '4cbe2207-6606-4ab8-994f-d435142411b5'] {{(pid=125225) reserve /opt/stack/cinder/cinder/quota.py:752}}
Mar 17 10:38:38.835465 np0005649721.novalocal cinder-volume[125225]: DEBUG cinder.volume.drivers.lvm [None req-33b9615f-1828-4b46-9883-43143427ddd8 tempest-VolumesCloneTest-1819544923 None] Updating volume stats {{(pid=125225) _update_volume_stats /opt/stack/cinder/cinder/volume/drivers/lvm.py:228}}
Mar 17 10:38:38.835989 np0005649721.novalocal cinder-volume[125225]: DEBUG oslo_concurrency.processutils [None req-33b9615f-1828-4b46-9883-43143427ddd8 tempest-VolumesCloneTest-1819544923 None] Running cmd (subprocess): sudo cinder-rootwrap /etc/cinder/rootwrap.conf env LC_ALL=C vgs --noheadings --unit=g -o name,size,free,lv_count,uuid --separator : --nosuffix stack-volumes-lvmdriver-1 {{(pid=125225) execute /usr/local/lib/python3.12/site-packages/oslo_concurrency/processutils.py:440}}
Mar 17 10:38:38.866701 np0005649721.novalocal sudo[148647]: stack : PWD=/ ; USER=root ; COMMAND=/usr/local/bin/cinder-rootwrap /etc/cinder/rootwrap.conf env LC_ALL=C vgs --noheadings --unit=g -o name,size,free,lv_count,uuid --separator : --nosuffix stack-volumes-lvmdriver-1
Mar 17 10:38:39.201499 np0005649721.novalocal cinder-volume[125225]: DEBUG oslo_concurrency.processutils [None req-33b9615f-1828-4b46-9883-43143427ddd8 tempest-VolumesCloneTest-1819544923 None] CMD "sudo cinder-rootwrap /etc/cinder/rootwrap.conf env LC_ALL=C vgs --noheadings --unit=g -o name,size,free,lv_count,uuid --separator : --nosuffix stack-volumes-lvmdriver-1" returned: 0 in 0.365s {{(pid=125225) execute /usr/local/lib/python3.12/site-packages/oslo_concurrency/processutils.py:468}}
Mar 17 10:38:39.205915 np0005649721.novalocal cinder-volume[125225]: DEBUG oslo_concurrency.processutils [None req-33b9615f-1828-4b46-9883-43143427ddd8 tempest-VolumesCloneTest-1819544923 None] Running cmd (subprocess): sudo cinder-rootwrap /etc/cinder/rootwrap.conf env LC_ALL=C lvs --noheadings --unit=g -o vg_name,name,size --nosuffix --readonly stack-volumes-lvmdriver-1 {{(pid=125225) execute /usr/local/lib/python3.12/site-packages/oslo_concurrency/processutils.py:440}}
Mar 17 10:38:39.237003 np0005649721.novalocal sudo[148655]: stack : PWD=/ ; USER=root ; COMMAND=/usr/local/bin/cinder-rootwrap /etc/cinder/rootwrap.conf env LC_ALL=C lvs --noheadings --unit=g -o vg_name,name,size --nosuffix --readonly stack-volumes-lvmdriver-1
Mar 17 10:38:39.620286 np0005649721.novalocal cinder-volume[125225]: DEBUG oslo_concurrency.processutils [None req-33b9615f-1828-4b46-9883-43143427ddd8 tempest-VolumesCloneTest-1819544923 None] CMD "sudo cinder-rootwrap /etc/cinder/rootwrap.conf env LC_ALL=C lvs --noheadings --unit=g -o vg_name,name,size --nosuffix --readonly stack-volumes-lvmdriver-1" returned: 0 in 0.415s {{(pid=125225) execute /usr/local/lib/python3.12/site-packages/oslo_concurrency/processutils.py:468}}
Mar 17 10:38:39.623250 np0005649721.novalocal cinder-volume[125225]: DEBUG oslo_concurrency.processutils [None req-33b9615f-1828-4b46-9883-43143427ddd8 tempest-VolumesCloneTest-1819544923 None] Running cmd (subprocess): sudo cinder-rootwrap /etc/cinder/rootwrap.conf env LC_ALL=C lvs --noheadings --unit=g -o size,data_percent --separator : --nosuffix /dev/stack-volumes-lvmdriver-1/stack-volumes-lvmdriver-1-pool {{(pid=125225) execute /usr/local/lib/python3.12/site-packages/oslo_concurrency/processutils.py:440}}
Mar 17 10:38:39.643127 np0005649721.novalocal sudo[148660]: stack : PWD=/ ; USER=root ; COMMAND=/usr/local/bin/cinder-rootwrap /etc/cinder/rootwrap.conf env LC_ALL=C lvs --noheadings --unit=g -o size,data_percent --separator : --nosuffix /dev/stack-volumes-lvmdriver-1/stack-volumes-lvmdriver-1-pool
Mar 17 10:38:39.778650 np0005649721.novalocal cinder-volume[125225]: DEBUG cinder.coordination [None req-e48e7d8b-5777-46ff-8aea-ccd2050f339c tempest-VolumesCloneTest-1819544923 None] Acquiring lock "cinder-9c0c05c3-b690-445e-9d93-44c6ced4d0e1-delete_volume" by "delete_volume" {{(pid=125225) __acquire /opt/stack/cinder/cinder/coordination.py:138}}
Mar 17 10:38:39.795330 np0005649721.novalocal cinder-volume[125225]: DEBUG cinder.coordination [None req-e48e7d8b-5777-46ff-8aea-ccd2050f339c tempest-VolumesCloneTest-1819544923 None] Lock "cinder-9c0c05c3-b690-445e-9d93-44c6ced4d0e1-delete_volume" acquired by "delete_volume" :: waited 0.016s {{(pid=125225) __acquire /opt/stack/cinder/cinder/coordination.py:141}}
Mar 17 10:38:39.824956 np0005649721.novalocal cinder-volume[125225]: INFO cinder.volume.targets.iscsi [None req-e48e7d8b-5777-46ff-8aea-ccd2050f339c tempest-VolumesCloneTest-1819544923 None] Skipping remove_export. No iscsi_target is presently exported for volume: 9c0c05c3-b690-445e-9d93-44c6ced4d0e1
Mar 17 10:38:39.827335 np0005649721.novalocal cinder-volume[125225]: DEBUG oslo_concurrency.processutils [None req-e48e7d8b-5777-46ff-8aea-ccd2050f339c tempest-VolumesCloneTest-1819544923 None] Running cmd (subprocess): sudo cinder-rootwrap /etc/cinder/rootwrap.conf env LC_ALL=C lvs --noheadings --unit=g -o vg_name,name,size --nosuffix --readonly stack-volumes-lvmdriver-1/volume-9c0c05c3-b690-445e-9d93-44c6ced4d0e1 {{(pid=125225) execute /usr/local/lib/python3.12/site-packages/oslo_concurrency/processutils.py:440}}
Mar 17 10:38:39.846191 np0005649721.novalocal sudo[148674]: stack : PWD=/ ; USER=root ; COMMAND=/usr/local/bin/cinder-rootwrap /etc/cinder/rootwrap.conf env LC_ALL=C lvs --noheadings --unit=g -o vg_name,name,size --nosuffix --readonly stack-volumes-lvmdriver-1/volume-9c0c05c3-b690-445e-9d93-44c6ced4d0e1
Mar 17 10:38:40.027630 np0005649721.novalocal cinder-volume[125225]: DEBUG oslo_concurrency.processutils [None req-33b9615f-1828-4b46-9883-43143427ddd8 tempest-VolumesCloneTest-1819544923 None] CMD "sudo cinder-rootwrap /etc/cinder/rootwrap.conf env LC_ALL=C lvs --noheadings --unit=g -o size,data_percent --separator : --nosuffix /dev/stack-volumes-lvmdriver-1/stack-volumes-lvmdriver-1-pool" returned: 0 in 0.405s {{(pid=125225) execute /usr/local/lib/python3.12/site-packages/oslo_concurrency/processutils.py:468}}
Mar 17 10:38:40.029436 np0005649721.novalocal cinder-volume[125225]: DEBUG oslo_concurrency.processutils [None req-33b9615f-1828-4b46-9883-43143427ddd8 tempest-VolumesCloneTest-1819544923 None] Running cmd (subprocess): sudo cinder-rootwrap /etc/cinder/rootwrap.conf env LC_ALL=C lvs --noheadings --unit=g -o vg_name,name,size --nosuffix --readonly stack-volumes-lvmdriver-1 {{(pid=125225) execute /usr/local/lib/python3.12/site-packages/oslo_concurrency/processutils.py:440}}
Mar 17 10:38:40.056148 np0005649721.novalocal sudo[148695]: stack : PWD=/ ; USER=root ; COMMAND=/usr/local/bin/cinder-rootwrap /etc/cinder/rootwrap.conf env LC_ALL=C lvs --noheadings --unit=g -o vg_name,name,size --nosuffix --readonly stack-volumes-lvmdriver-1
Mar 17 10:38:40.161465 np0005649721.novalocal cinder-volume[125225]: DEBUG oslo_concurrency.processutils [None req-e48e7d8b-5777-46ff-8aea-ccd2050f339c tempest-VolumesCloneTest-1819544923 None] CMD "sudo cinder-rootwrap /etc/cinder/rootwrap.conf env LC_ALL=C lvs --noheadings --unit=g -o vg_name,name,size --nosuffix --readonly stack-volumes-lvmdriver-1/volume-9c0c05c3-b690-445e-9d93-44c6ced4d0e1" returned: 0 in 0.335s {{(pid=125225) execute /usr/local/lib/python3.12/site-packages/oslo_concurrency/processutils.py:468}}
Mar 17 10:38:40.162818 np0005649721.novalocal cinder-volume[125225]: DEBUG oslo_concurrency.processutils [None req-e48e7d8b-5777-46ff-8aea-ccd2050f339c tempest-VolumesCloneTest-1819544923 None] Running cmd (subprocess): sudo cinder-rootwrap /etc/cinder/rootwrap.conf env LC_ALL=C lvdisplay --noheading -C -o Attr --readonly stack-volumes-lvmdriver-1/volume-9c0c05c3-b690-445e-9d93-44c6ced4d0e1 {{(pid=125225) execute /usr/local/lib/python3.12/site-packages/oslo_concurrency/processutils.py:440}}
Mar 17 10:38:40.189657 np0005649721.novalocal sudo[148700]: stack : PWD=/ ; USER=root ; COMMAND=/usr/local/bin/cinder-rootwrap /etc/cinder/rootwrap.conf env LC_ALL=C lvdisplay --noheading -C -o Attr --readonly stack-volumes-lvmdriver-1/volume-9c0c05c3-b690-445e-9d93-44c6ced4d0e1
Mar 17 10:38:40.356831 np0005649721.novalocal cinder-volume[125225]: DEBUG oslo_concurrency.processutils [None req-33b9615f-1828-4b46-9883-43143427ddd8 tempest-VolumesCloneTest-1819544923 None] CMD "sudo cinder-rootwrap /etc/cinder/rootwrap.conf env LC_ALL=C lvs --noheadings --unit=g -o vg_name,name,size --nosuffix --readonly stack-volumes-lvmdriver-1" returned: 0 in 0.328s {{(pid=125225) execute /usr/local/lib/python3.12/site-packages/oslo_concurrency/processutils.py:468}}
Mar 17 10:38:40.359617 np0005649721.novalocal cinder-volume[125225]: DEBUG cinder.manager [None req-33b9615f-1828-4b46-9883-43143427ddd8 tempest-VolumesCloneTest-1819544923 None] Notifying Schedulers of capabilities ... {{(pid=125225) _publish_service_capabilities /opt/stack/cinder/cinder/manager.py:202}}
Mar 17 10:38:40.364393 np0005649721.novalocal cinder-volume[125225]: INFO cinder.volume.manager [None req-33b9615f-1828-4b46-9883-43143427ddd8 tempest-VolumesCloneTest-1819544923 None] Deleted volume successfully.
Mar 17 10:38:40.372556 np0005649721.novalocal cinder-volume[125225]: DEBUG cinder.coordination [None req-33b9615f-1828-4b46-9883-43143427ddd8 tempest-VolumesCloneTest-1819544923 None] Lock "cinder-3b9ce984-5f74-4be3-9731-769eb51cbd55-delete_volume" released by "delete_volume" :: held 2.818s {{(pid=125225) __release /opt/stack/cinder/cinder/coordination.py:152}}
Mar 17 10:38:40.513885 np0005649721.novalocal cinder-volume[125225]: DEBUG oslo_concurrency.processutils [None req-e48e7d8b-5777-46ff-8aea-ccd2050f339c tempest-VolumesCloneTest-1819544923 None] CMD "sudo cinder-rootwrap /etc/cinder/rootwrap.conf env LC_ALL=C lvdisplay --noheading -C -o Attr --readonly stack-volumes-lvmdriver-1/volume-9c0c05c3-b690-445e-9d93-44c6ced4d0e1" returned: 0 in 0.352s {{(pid=125225) execute /usr/local/lib/python3.12/site-packages/oslo_concurrency/processutils.py:468}}
Mar 17 10:38:40.514508 np0005649721.novalocal cinder-volume[125225]: DEBUG oslo_concurrency.processutils [None req-e48e7d8b-5777-46ff-8aea-ccd2050f339c tempest-VolumesCloneTest-1819544923 None] Running cmd (subprocess): sudo cinder-rootwrap /etc/cinder/rootwrap.conf lvremove --config activation { retry_deactivation = 1} -f stack-volumes-lvmdriver-1/volume-9c0c05c3-b690-445e-9d93-44c6ced4d0e1 {{(pid=125225) execute /usr/local/lib/python3.12/site-packages/oslo_concurrency/processutils.py:440}}
Mar 17 10:38:40.532708 np0005649721.novalocal sudo[148709]: stack : PWD=/ ; USER=root ; COMMAND=/usr/local/bin/cinder-rootwrap /etc/cinder/rootwrap.conf lvremove --config 'activation { retry_deactivation = 1} ' -f stack-volumes-lvmdriver-1/volume-9c0c05c3-b690-445e-9d93-44c6ced4d0e1
Mar 17 10:38:40.906221 np0005649721.novalocal cinder-volume[125225]: DEBUG oslo_concurrency.processutils [None req-e48e7d8b-5777-46ff-8aea-ccd2050f339c tempest-VolumesCloneTest-1819544923 None] CMD "sudo cinder-rootwrap /etc/cinder/rootwrap.conf lvremove --config activation { retry_deactivation = 1} -f stack-volumes-lvmdriver-1/volume-9c0c05c3-b690-445e-9d93-44c6ced4d0e1" returned: 0 in 0.391s {{(pid=125225) execute /usr/local/lib/python3.12/site-packages/oslo_concurrency/processutils.py:468}}
Mar 17 10:38:40.906671 np0005649721.novalocal cinder-volume[125225]: INFO cinder.volume.drivers.lvm [None req-e48e7d8b-5777-46ff-8aea-ccd2050f339c tempest-VolumesCloneTest-1819544923 None] Successfully deleted volume: 9c0c05c3-b690-445e-9d93-44c6ced4d0e1
Mar 17 10:38:40.927456 np0005649721.novalocal cinder-volume[125225]: DEBUG cinder.quota [None req-e48e7d8b-5777-46ff-8aea-ccd2050f339c tempest-VolumesCloneTest-1819544923 None] Created reservations ['9ceee6b7-7f47-411f-8137-79e856c6ce60', 'df927746-f0fc-4882-b3a9-461157d05f0b', '3fc4708b-c4b1-4ae9-88da-e56c4825f16b', '577a6cf6-45f2-4fd1-8386-51f7466165e9'] {{(pid=125225) reserve /opt/stack/cinder/cinder/quota.py:752}}
Mar 17 10:38:40.950329 np0005649721.novalocal cinder-volume[125225]: DEBUG cinder.volume.drivers.lvm [None req-e48e7d8b-5777-46ff-8aea-ccd2050f339c tempest-VolumesCloneTest-1819544923 None] Updating volume stats {{(pid=125225) _update_volume_stats /opt/stack/cinder/cinder/volume/drivers/lvm.py:228}}
Mar 17 10:38:40.950595 np0005649721.novalocal cinder-volume[125225]: DEBUG oslo_concurrency.processutils [None req-e48e7d8b-5777-46ff-8aea-ccd2050f339c tempest-VolumesCloneTest-1819544923 None] Running cmd (subprocess): sudo cinder-rootwrap /etc/cinder/rootwrap.conf env LC_ALL=C vgs --noheadings --unit=g -o name,size,free,lv_count,uuid --separator : --nosuffix stack-volumes-lvmdriver-1 {{(pid=125225) execute /usr/local/lib/python3.12/site-packages/oslo_concurrency/processutils.py:440}}
Mar 17 10:38:40.975537 np0005649721.novalocal sudo[148718]: stack : PWD=/ ; USER=root ; COMMAND=/usr/local/bin/cinder-rootwrap /etc/cinder/rootwrap.conf env LC_ALL=C vgs --noheadings --unit=g -o name,size,free,lv_count,uuid --separator : --nosuffix stack-volumes-lvmdriver-1
Mar 17 10:38:41.344870 np0005649721.novalocal cinder-volume[125225]: DEBUG oslo_concurrency.processutils [None req-e48e7d8b-5777-46ff-8aea-ccd2050f339c tempest-VolumesCloneTest-1819544923 None] CMD "sudo cinder-rootwrap /etc/cinder/rootwrap.conf env LC_ALL=C vgs --noheadings --unit=g -o name,size,free,lv_count,uuid --separator : --nosuffix stack-volumes-lvmdriver-1" returned: 0 in 0.394s {{(pid=125225) execute /usr/local/lib/python3.12/site-packages/oslo_concurrency/processutils.py:468}}
Mar 17 10:38:41.345855 np0005649721.novalocal cinder-volume[125225]: DEBUG oslo_concurrency.processutils [None req-e48e7d8b-5777-46ff-8aea-ccd2050f339c tempest-VolumesCloneTest-1819544923 None] Running cmd (subprocess): sudo cinder-rootwrap /etc/cinder/rootwrap.conf env LC_ALL=C lvs --noheadings --unit=g -o vg_name,name,size --nosuffix --readonly stack-volumes-lvmdriver-1 {{(pid=125225) execute /usr/local/lib/python3.12/site-packages/oslo_concurrency/processutils.py:440}}
Mar 17 10:38:41.369409 np0005649721.novalocal sudo[148726]: stack : PWD=/ ; USER=root ; COMMAND=/usr/local/bin/cinder-rootwrap /etc/cinder/rootwrap.conf env LC_ALL=C lvs --noheadings --unit=g -o vg_name,name,size --nosuffix --readonly stack-volumes-lvmdriver-1
Mar 17 10:38:41.686791 np0005649721.novalocal cinder-volume[125225]: DEBUG oslo_concurrency.processutils [None req-e48e7d8b-5777-46ff-8aea-ccd2050f339c tempest-VolumesCloneTest-1819544923 None] CMD "sudo cinder-rootwrap /etc/cinder/rootwrap.conf env LC_ALL=C lvs --noheadings --unit=g -o vg_name,name,size --nosuffix --readonly stack-volumes-lvmdriver-1" returned: 0 in 0.340s {{(pid=125225) execute /usr/local/lib/python3.12/site-packages/oslo_concurrency/processutils.py:468}}
Mar 17 10:38:41.688031 np0005649721.novalocal cinder-volume[125225]: DEBUG oslo_concurrency.processutils [None req-e48e7d8b-5777-46ff-8aea-ccd2050f339c tempest-VolumesCloneTest-1819544923 None] Running cmd (subprocess): sudo cinder-rootwrap /etc/cinder/rootwrap.conf env LC_ALL=C lvs --noheadings --unit=g -o size,data_percent --separator : --nosuffix /dev/stack-volumes-lvmdriver-1/stack-volumes-lvmdriver-1-pool {{(pid=125225) execute /usr/local/lib/python3.12/site-packages/oslo_concurrency/processutils.py:440}}
Mar 17 10:38:41.709218 np0005649721.novalocal sudo[148731]: stack : PWD=/ ; USER=root ; COMMAND=/usr/local/bin/cinder-rootwrap /etc/cinder/rootwrap.conf env LC_ALL=C lvs --noheadings --unit=g -o size,data_percent --separator : --nosuffix /dev/stack-volumes-lvmdriver-1/stack-volumes-lvmdriver-1-pool
Mar 17 10:38:42.042675 np0005649721.novalocal cinder-volume[125225]: DEBUG oslo_concurrency.processutils [None req-e48e7d8b-5777-46ff-8aea-ccd2050f339c tempest-VolumesCloneTest-1819544923 None] CMD "sudo cinder-rootwrap /etc/cinder/rootwrap.conf env LC_ALL=C lvs --noheadings --unit=g -o size,data_percent --separator : --nosuffix /dev/stack-volumes-lvmdriver-1/stack-volumes-lvmdriver-1-pool" returned: 0 in 0.355s {{(pid=125225) execute /usr/local/lib/python3.12/site-packages/oslo_concurrency/processutils.py:468}}
Mar 17 10:38:42.043744 np0005649721.novalocal cinder-volume[125225]: DEBUG oslo_concurrency.processutils [None req-e48e7d8b-5777-46ff-8aea-ccd2050f339c tempest-VolumesCloneTest-1819544923 None] Running cmd (subprocess): sudo cinder-rootwrap /etc/cinder/rootwrap.conf env LC_ALL=C lvs --noheadings --unit=g -o vg_name,name,size --nosuffix --readonly stack-volumes-lvmdriver-1 {{(pid=125225) execute /usr/local/lib/python3.12/site-packages/oslo_concurrency/processutils.py:440}}
Mar 17 10:38:42.061483 np0005649721.novalocal sudo[148736]: stack : PWD=/ ; USER=root ; COMMAND=/usr/local/bin/cinder-rootwrap /etc/cinder/rootwrap.conf env LC_ALL=C lvs --noheadings --unit=g -o vg_name,name,size --nosuffix --readonly stack-volumes-lvmdriver-1
Mar 17 10:38:42.363810 np0005649721.novalocal cinder-volume[125225]: DEBUG cinder.volume.flows.manager.create_volume [None req-da2cbb3c-7ed3-499b-8ecc-bc628e98cd28 tempest-VolumesCloneTest-1819544923 None] Volume reschedule parameters: True retry: {'num_attempts': 1, 'backends': ['np0005649721.novalocal@lvmdriver-1#lvmdriver-1'], 'hosts': ['np0005649721.novalocal@lvmdriver-1#lvmdriver-1']} {{(pid=125225) get_flow /opt/stack/cinder/cinder/volume/flows/manager/create_volume.py:1388}}
Mar 17 10:38:42.377594 np0005649721.novalocal cinder-volume[125225]: DEBUG cinder.volume.manager [None req-da2cbb3c-7ed3-499b-8ecc-bc628e98cd28 tempest-VolumesCloneTest-1819544923 None] Flow 'volume_create_manager' (2a2af7df-7ae3-4255-b1c5-aa13b6b302ab) transitioned into state 'RUNNING' from state 'PENDING' {{(pid=125225) _flow_receiver /usr/local/lib/python3.12/site-packages/taskflow/listeners/logging.py:145}}
Mar 17 10:38:42.381847 np0005649721.novalocal cinder-volume[125225]: DEBUG cinder.volume.manager [None req-da2cbb3c-7ed3-499b-8ecc-bc628e98cd28 tempest-VolumesCloneTest-1819544923 None] Task 'cinder.volume.flows.manager.create_volume.ExtractVolumeRefTask;volume:create' (04c6d8b1-ba1b-4ab7-b77e-0f53ffdf324f) transitioned into state 'RUNNING' from state 'PENDING' {{(pid=125225) _task_receiver /usr/local/lib/python3.12/site-packages/taskflow/listeners/logging.py:194}}
Mar 17 10:38:42.393958 np0005649721.novalocal cinder-volume[125225]: DEBUG cinder.volume.manager [None req-da2cbb3c-7ed3-499b-8ecc-bc628e98cd28 tempest-VolumesCloneTest-1819544923 None] Task 'cinder.volume.flows.manager.create_volume.ExtractVolumeRefTask;volume:create' (04c6d8b1-ba1b-4ab7-b77e-0f53ffdf324f) transitioned into state 'SUCCESS' from state 'RUNNING' with result 'Volume(_name_id=None,admin_metadata=,attach_status='detached',availability_zone='nova',bootable=False,cluster=,cluster_name=None,consistencygroup=,consistencygroup_id=None,created_at=2026-03-17T14:38:42Z,deleted=False,deleted_at=None,display_description=None,display_name='tempest-VolumesCloneTest-Volume-904189163',ec2_id=None,encryption_key_id=None,glance_metadata=,group=,group_id=None,host='np0005649721.novalocal@lvmdriver-1#lvmdriver-1',id=552d6f23-26cb-448a-bbab-5fd18d2ab7e8,launched_at=None,metadata={},migration_status=None,multiattach=False,previous_status=None,project_id='f8349e556efd49609155639b955846b2',provider_auth=None,provider_geometry=None,provider_id=None,provider_location=None,replication_driver_data=None,replication_extended_status=None,replication_status=None,scheduled_at=2026-03-17T14:38:42Z,service_uuid=None,shared_targets=True,size=1,snapshot_id=None,snapshots=,source_volid=None,status='creating',terminated_at=None,updated_at=2026-03-17T14:38:42Z,use_quota=True,user_id='263ab5b62337418d96de6ca8b12dc614',volume_attachment=VolumeAttachmentList,volume_type=VolumeType(bbde6e50-1ad6-4e8a-a9d1-fb05dd74fe62),volume_type_id=bbde6e50-1ad6-4e8a-a9d1-fb05dd74fe62)' {{(pid=125225) _task_receiver /usr/local/lib/python3.12/site-packages/taskflow/listeners/logging.py:182}}
Mar 17 10:38:42.396243 np0005649721.novalocal cinder-volume[125225]: DEBUG cinder.volume.manager [None req-da2cbb3c-7ed3-499b-8ecc-bc628e98cd28 tempest-VolumesCloneTest-1819544923 None] Task 'cinder.volume.flows.manager.create_volume.OnFailureRescheduleTask;volume:create' (c9b3564e-2ee1-4db2-bf0b-dae6c0dd1fb2) transitioned into state 'RUNNING' from state 'PENDING' {{(pid=125225) _task_receiver /usr/local/lib/python3.12/site-packages/taskflow/listeners/logging.py:194}}
Mar 17 10:38:42.397987 np0005649721.novalocal cinder-volume[125225]: DEBUG cinder.volume.manager [None req-da2cbb3c-7ed3-499b-8ecc-bc628e98cd28 tempest-VolumesCloneTest-1819544923 None] Task 'cinder.volume.flows.manager.create_volume.OnFailureRescheduleTask;volume:create' (c9b3564e-2ee1-4db2-bf0b-dae6c0dd1fb2) transitioned into state 'SUCCESS' from state 'RUNNING' with result 'None' {{(pid=125225) _task_receiver /usr/local/lib/python3.12/site-packages/taskflow/listeners/logging.py:182}}
Mar 17 10:38:42.399991 np0005649721.novalocal cinder-volume[125225]: DEBUG cinder.volume.manager [None req-da2cbb3c-7ed3-499b-8ecc-bc628e98cd28 tempest-VolumesCloneTest-1819544923 None] Task 'cinder.volume.flows.manager.create_volume.ExtractVolumeSpecTask;volume:create' (510901cf-bb2c-4e59-9b8b-a2a170bc160c) transitioned into state 'RUNNING' from state 'PENDING' {{(pid=125225) _task_receiver /usr/local/lib/python3.12/site-packages/taskflow/listeners/logging.py:194}}
Mar 17 10:38:42.401886 np0005649721.novalocal cinder-volume[125225]: DEBUG cinder.volume.manager [None req-da2cbb3c-7ed3-499b-8ecc-bc628e98cd28 tempest-VolumesCloneTest-1819544923 None] Task 'cinder.volume.flows.manager.create_volume.ExtractVolumeSpecTask;volume:create' (510901cf-bb2c-4e59-9b8b-a2a170bc160c) transitioned into state 'SUCCESS' from state 'RUNNING' with result '{'status': 'creating', 'type': 'raw', 'volume_id': '552d6f23-26cb-448a-bbab-5fd18d2ab7e8', 'volume_name': 'volume-552d6f23-26cb-448a-bbab-5fd18d2ab7e8', 'volume_size': 1}' {{(pid=125225) _task_receiver /usr/local/lib/python3.12/site-packages/taskflow/listeners/logging.py:182}}
Mar 17 10:38:42.403783 np0005649721.novalocal cinder-volume[125225]: DEBUG cinder.volume.manager [None req-da2cbb3c-7ed3-499b-8ecc-bc628e98cd28 tempest-VolumesCloneTest-1819544923 None] Task 'cinder.volume.flows.manager.create_volume.NotifyVolumeActionTask;volume:create, create.start' (f9850e9c-f580-4356-a1e2-a78fec0914e9) transitioned into state 'RUNNING' from state 'PENDING' {{(pid=125225) _task_receiver /usr/local/lib/python3.12/site-packages/taskflow/listeners/logging.py:194}}
Mar 17 10:38:42.405559 np0005649721.novalocal cinder-volume[125225]: DEBUG cinder.volume.manager [None req-da2cbb3c-7ed3-499b-8ecc-bc628e98cd28 tempest-VolumesCloneTest-1819544923 None] Task 'cinder.volume.flows.manager.create_volume.NotifyVolumeActionTask;volume:create, create.start' (f9850e9c-f580-4356-a1e2-a78fec0914e9) transitioned into state 'SUCCESS' from state 'RUNNING' with result 'None' {{(pid=125225) _task_receiver /usr/local/lib/python3.12/site-packages/taskflow/listeners/logging.py:182}}
Mar 17 10:38:42.407552 np0005649721.novalocal cinder-volume[125225]: DEBUG cinder.volume.manager [None req-da2cbb3c-7ed3-499b-8ecc-bc628e98cd28 tempest-VolumesCloneTest-1819544923 None] Task 'cinder.volume.flows.manager.create_volume.CreateVolumeFromSpecTask;volume:create' (03b8ab0a-512e-47e8-9cdc-0f9413f4810c) transitioned into state 'RUNNING' from state 'PENDING' {{(pid=125225) _task_receiver /usr/local/lib/python3.12/site-packages/taskflow/listeners/logging.py:194}}
Mar 17 10:38:42.407998 np0005649721.novalocal cinder-volume[125225]: INFO cinder.volume.flows.manager.create_volume [None req-da2cbb3c-7ed3-499b-8ecc-bc628e98cd28 tempest-VolumesCloneTest-1819544923 None] Volume 552d6f23-26cb-448a-bbab-5fd18d2ab7e8: being created as raw with specification: {'status': 'creating', 'volume_name': 'volume-552d6f23-26cb-448a-bbab-5fd18d2ab7e8', 'volume_size': 1}
Mar 17 10:38:42.408590 np0005649721.novalocal cinder-volume[125225]: DEBUG oslo_concurrency.processutils [None req-da2cbb3c-7ed3-499b-8ecc-bc628e98cd28 tempest-VolumesCloneTest-1819544923 None] Running cmd (subprocess): sudo cinder-rootwrap /etc/cinder/rootwrap.conf env LC_ALL=C lvcreate -T -V 1g -n volume-552d6f23-26cb-448a-bbab-5fd18d2ab7e8 stack-volumes-lvmdriver-1/stack-volumes-lvmdriver-1-pool {{(pid=125225) execute /usr/local/lib/python3.12/site-packages/oslo_concurrency/processutils.py:440}}
Mar 17 10:38:42.414802 np0005649721.novalocal cinder-volume[125225]: DEBUG oslo_concurrency.processutils [None req-e48e7d8b-5777-46ff-8aea-ccd2050f339c tempest-VolumesCloneTest-1819544923 None] CMD "sudo cinder-rootwrap /etc/cinder/rootwrap.conf env LC_ALL=C lvs --noheadings --unit=g -o vg_name,name,size --nosuffix --readonly stack-volumes-lvmdriver-1" returned: 0 in 0.370s {{(pid=125225) execute /usr/local/lib/python3.12/site-packages/oslo_concurrency/processutils.py:468}}
Mar 17 10:38:42.416093 np0005649721.novalocal cinder-volume[125225]: DEBUG cinder.manager [None req-e48e7d8b-5777-46ff-8aea-ccd2050f339c tempest-VolumesCloneTest-1819544923 None] Notifying Schedulers of capabilities ... {{(pid=125225) _publish_service_capabilities /opt/stack/cinder/cinder/manager.py:202}}
Mar 17 10:38:42.420645 np0005649721.novalocal cinder-volume[125225]: INFO cinder.volume.manager [None req-e48e7d8b-5777-46ff-8aea-ccd2050f339c tempest-VolumesCloneTest-1819544923 None] Deleted volume successfully.
Mar 17 10:38:42.427916 np0005649721.novalocal sudo[148741]: stack : PWD=/ ; USER=root ; COMMAND=/usr/local/bin/cinder-rootwrap /etc/cinder/rootwrap.conf env LC_ALL=C lvcreate -T -V 1g -n volume-552d6f23-26cb-448a-bbab-5fd18d2ab7e8 stack-volumes-lvmdriver-1/stack-volumes-lvmdriver-1-pool
Mar 17 10:38:42.883840 np0005649721.novalocal cinder-volume[125225]: DEBUG cinder.coordination [None req-e48e7d8b-5777-46ff-8aea-ccd2050f339c tempest-VolumesCloneTest-1819544923 None] Lock "cinder-9c0c05c3-b690-445e-9d93-44c6ced4d0e1-delete_volume" released by "delete_volume" :: held 3.092s {{(pid=125225) __release /opt/stack/cinder/cinder/coordination.py:152}}
Mar 17 10:38:43.031576 np0005649721.novalocal cinder-volume[125225]: DEBUG oslo_concurrency.processutils [None req-da2cbb3c-7ed3-499b-8ecc-bc628e98cd28 tempest-VolumesCloneTest-1819544923 None] CMD "sudo cinder-rootwrap /etc/cinder/rootwrap.conf env LC_ALL=C lvcreate -T -V 1g -n volume-552d6f23-26cb-448a-bbab-5fd18d2ab7e8 stack-volumes-lvmdriver-1/stack-volumes-lvmdriver-1-pool" returned: 0 in 0.621s {{(pid=125225) execute /usr/local/lib/python3.12/site-packages/oslo_concurrency/processutils.py:468}}
Mar 17 10:38:43.034192 np0005649721.novalocal cinder-volume[125225]: DEBUG cinder.volume.manager [None req-da2cbb3c-7ed3-499b-8ecc-bc628e98cd28 tempest-VolumesCloneTest-1819544923 None] Task 'cinder.volume.flows.manager.create_volume.CreateVolumeFromSpecTask;volume:create' (03b8ab0a-512e-47e8-9cdc-0f9413f4810c) transitioned into state 'SUCCESS' from state 'RUNNING' with result '{'status': 'creating', 'volume_name': 'volume-552d6f23-26cb-448a-bbab-5fd18d2ab7e8', 'volume_size': 1}' {{(pid=125225) _task_receiver /usr/local/lib/python3.12/site-packages/taskflow/listeners/logging.py:182}}
Mar 17 10:38:43.036881 np0005649721.novalocal cinder-volume[125225]: DEBUG cinder.volume.manager [None req-da2cbb3c-7ed3-499b-8ecc-bc628e98cd28 tempest-VolumesCloneTest-1819544923 None] Task 'cinder.volume.flows.manager.create_volume.CreateVolumeOnFinishTask;volume:create, create.end' (4afb3e64-9c51-4aad-b037-1e5ed4249467) transitioned into state 'RUNNING' from state 'PENDING' {{(pid=125225) _task_receiver /usr/local/lib/python3.12/site-packages/taskflow/listeners/logging.py:194}}
Mar 17 10:38:43.045329 np0005649721.novalocal cinder-volume[125225]: INFO cinder.volume.flows.manager.create_volume [None req-da2cbb3c-7ed3-499b-8ecc-bc628e98cd28 tempest-VolumesCloneTest-1819544923 None] Volume volume-552d6f23-26cb-448a-bbab-5fd18d2ab7e8 (552d6f23-26cb-448a-bbab-5fd18d2ab7e8): created successfully
Mar 17 10:38:43.045329 np0005649721.novalocal cinder-volume[125225]: DEBUG cinder.volume.manager [None req-da2cbb3c-7ed3-499b-8ecc-bc628e98cd28 tempest-VolumesCloneTest-1819544923 None] Task 'cinder.volume.flows.manager.create_volume.CreateVolumeOnFinishTask;volume:create, create.end' (4afb3e64-9c51-4aad-b037-1e5ed4249467) transitioned into state 'SUCCESS' from state 'RUNNING' with result 'None' {{(pid=125225) _task_receiver /usr/local/lib/python3.12/site-packages/taskflow/listeners/logging.py:182}}
Mar 17 10:38:43.047783 np0005649721.novalocal cinder-volume[125225]: DEBUG cinder.volume.manager [None req-da2cbb3c-7ed3-499b-8ecc-bc628e98cd28 tempest-VolumesCloneTest-1819544923 None] Flow 'volume_create_manager' (2a2af7df-7ae3-4255-b1c5-aa13b6b302ab) transitioned into state 'SUCCESS' from state 'RUNNING' {{(pid=125225) _flow_receiver /usr/local/lib/python3.12/site-packages/taskflow/listeners/logging.py:145}}
Mar 17 10:38:43.054466 np0005649721.novalocal cinder-volume[125225]: INFO cinder.volume.manager [None req-da2cbb3c-7ed3-499b-8ecc-bc628e98cd28 tempest-VolumesCloneTest-1819544923 None] Created volume successfully.
Mar 17 10:38:43.464638 np0005649721.novalocal cinder-volume[125225]: DEBUG cinder.volume.flows.manager.create_volume [None req-6409a538-f42f-4f4a-9b56-446d734dd3a5 tempest-VolumesCloneTest-1819544923 None] Volume reschedule parameters: True retry: {'num_attempts': 1, 'backends': ['np0005649721.novalocal@lvmdriver-1#lvmdriver-1'], 'hosts': ['np0005649721.novalocal@lvmdriver-1#lvmdriver-1']} {{(pid=125225) get_flow /opt/stack/cinder/cinder/volume/flows/manager/create_volume.py:1388}}
Mar 17 10:38:43.481448 np0005649721.novalocal cinder-volume[125225]: DEBUG cinder.volume.manager [None req-6409a538-f42f-4f4a-9b56-446d734dd3a5 tempest-VolumesCloneTest-1819544923 None] Flow 'volume_create_manager' (d10af8ea-650a-4831-843d-553eec26ad04) transitioned into state 'RUNNING' from state 'PENDING' {{(pid=125225) _flow_receiver /usr/local/lib/python3.12/site-packages/taskflow/listeners/logging.py:145}}
Mar 17 10:38:43.484882 np0005649721.novalocal cinder-volume[125225]: DEBUG cinder.volume.manager [None req-6409a538-f42f-4f4a-9b56-446d734dd3a5 tempest-VolumesCloneTest-1819544923 None] Task 'cinder.volume.flows.manager.create_volume.ExtractVolumeRefTask;volume:create' (e4c3c3bf-c60f-46eb-84c9-9541b7b6b1b7) transitioned into state 'RUNNING' from state 'PENDING' {{(pid=125225) _task_receiver /usr/local/lib/python3.12/site-packages/taskflow/listeners/logging.py:194}}
Mar 17 10:38:43.491281 np0005649721.novalocal cinder-volume[125225]: DEBUG cinder.volume.manager [None req-6409a538-f42f-4f4a-9b56-446d734dd3a5 tempest-VolumesCloneTest-1819544923 None] Task 'cinder.volume.flows.manager.create_volume.ExtractVolumeRefTask;volume:create' (e4c3c3bf-c60f-46eb-84c9-9541b7b6b1b7) transitioned into state 'SUCCESS' from state 'RUNNING' with result 'Volume(_name_id=None,admin_metadata=,attach_status='detached',availability_zone='nova',bootable=False,cluster=,cluster_name=None,consistencygroup=,consistencygroup_id=None,created_at=2026-03-17T14:38:43Z,deleted=False,deleted_at=None,display_description=None,display_name='tempest-VolumesCloneTest-Volume-2137159540',ec2_id=None,encryption_key_id=None,glance_metadata=,group=,group_id=None,host='np0005649721.novalocal@lvmdriver-1#lvmdriver-1',id=bbd61ce4-c88f-4238-917b-af5b987a6568,launched_at=None,metadata={},migration_status=None,multiattach=False,previous_status=None,project_id='f8349e556efd49609155639b955846b2',provider_auth=None,provider_geometry=None,provider_id=None,provider_location=None,replication_driver_data=None,replication_extended_status=None,replication_status=None,scheduled_at=2026-03-17T14:38:43Z,service_uuid=None,shared_targets=True,size=2,snapshot_id=None,snapshots=,source_volid=552d6f23-26cb-448a-bbab-5fd18d2ab7e8,status='creating',terminated_at=None,updated_at=2026-03-17T14:38:43Z,use_quota=True,user_id='263ab5b62337418d96de6ca8b12dc614',volume_attachment=VolumeAttachmentList,volume_type=VolumeType(bbde6e50-1ad6-4e8a-a9d1-fb05dd74fe62),volume_type_id=bbde6e50-1ad6-4e8a-a9d1-fb05dd74fe62)' {{(pid=125225) _task_receiver /usr/local/lib/python3.12/site-packages/taskflow/listeners/logging.py:182}}
Mar 17 10:38:43.493085 np0005649721.novalocal cinder-volume[125225]: DEBUG cinder.volume.manager [None req-6409a538-f42f-4f4a-9b56-446d734dd3a5 tempest-VolumesCloneTest-1819544923 None] Task 'cinder.volume.flows.manager.create_volume.OnFailureRescheduleTask;volume:create' (cb0bed56-e6ec-455d-91f7-e16cb5448db0) transitioned into state 'RUNNING' from state 'PENDING' {{(pid=125225) _task_receiver /usr/local/lib/python3.12/site-packages/taskflow/listeners/logging.py:194}}
Mar 17 10:38:43.494493 np0005649721.novalocal cinder-volume[125225]: DEBUG cinder.volume.manager [None req-6409a538-f42f-4f4a-9b56-446d734dd3a5 tempest-VolumesCloneTest-1819544923 None] Task 'cinder.volume.flows.manager.create_volume.OnFailureRescheduleTask;volume:create' (cb0bed56-e6ec-455d-91f7-e16cb5448db0) transitioned into state 'SUCCESS' from state 'RUNNING' with result 'None' {{(pid=125225) _task_receiver /usr/local/lib/python3.12/site-packages/taskflow/listeners/logging.py:182}}
Mar 17 10:38:43.495948 np0005649721.novalocal cinder-volume[125225]: DEBUG cinder.volume.manager [None req-6409a538-f42f-4f4a-9b56-446d734dd3a5 tempest-VolumesCloneTest-1819544923 None] Task 'cinder.volume.flows.manager.create_volume.ExtractVolumeSpecTask;volume:create' (b1f9c169-7552-4a89-a2e3-b8dec7b4d225) transitioned into state 'RUNNING' from state 'PENDING' {{(pid=125225) _task_receiver /usr/local/lib/python3.12/site-packages/taskflow/listeners/logging.py:194}}
Mar 17 10:38:43.501509 np0005649721.novalocal cinder-volume[125225]: DEBUG cinder.volume.manager [None req-6409a538-f42f-4f4a-9b56-446d734dd3a5 tempest-VolumesCloneTest-1819544923 None] Task 'cinder.volume.flows.manager.create_volume.ExtractVolumeSpecTask;volume:create' (b1f9c169-7552-4a89-a2e3-b8dec7b4d225) transitioned into state 'SUCCESS' from state 'RUNNING' with result '{'status': 'creating', 'type': 'source_vol', 'volume_id': 'bbd61ce4-c88f-4238-917b-af5b987a6568', 'volume_name': 'volume-bbd61ce4-c88f-4238-917b-af5b987a6568', 'volume_size': 2, 'source_volid': '552d6f23-26cb-448a-bbab-5fd18d2ab7e8', 'source_volstatus': 'available'}' {{(pid=125225) _task_receiver /usr/local/lib/python3.12/site-packages/taskflow/listeners/logging.py:182}}
Mar 17 10:38:43.502992 np0005649721.novalocal cinder-volume[125225]: DEBUG cinder.volume.manager [None req-6409a538-f42f-4f4a-9b56-446d734dd3a5 tempest-VolumesCloneTest-1819544923 None] Task 'cinder.volume.flows.manager.create_volume.NotifyVolumeActionTask;volume:create, create.start' (476ab693-d4dd-4d14-86cb-632e7a8e7b5e) transitioned into state 'RUNNING' from state 'PENDING' {{(pid=125225) _task_receiver /usr/local/lib/python3.12/site-packages/taskflow/listeners/logging.py:194}}
Mar 17 10:38:43.504460 np0005649721.novalocal cinder-volume[125225]: DEBUG cinder.volume.manager [None req-6409a538-f42f-4f4a-9b56-446d734dd3a5 tempest-VolumesCloneTest-1819544923 None] Task 'cinder.volume.flows.manager.create_volume.NotifyVolumeActionTask;volume:create, create.start' (476ab693-d4dd-4d14-86cb-632e7a8e7b5e) transitioned into state 'SUCCESS' from state 'RUNNING' with result 'None' {{(pid=125225) _task_receiver /usr/local/lib/python3.12/site-packages/taskflow/listeners/logging.py:182}}
Mar 17 10:38:43.505821 np0005649721.novalocal cinder-volume[125225]: DEBUG cinder.volume.manager [None req-6409a538-f42f-4f4a-9b56-446d734dd3a5 tempest-VolumesCloneTest-1819544923 None] Task 'cinder.volume.flows.manager.create_volume.CreateVolumeFromSpecTask;volume:create' (665e9911-07c0-4be9-9794-974fd8022664) transitioned into state 'RUNNING' from state 'PENDING' {{(pid=125225) _task_receiver /usr/local/lib/python3.12/site-packages/taskflow/listeners/logging.py:194}}
Mar 17 10:38:43.506236 np0005649721.novalocal cinder-volume[125225]: INFO cinder.volume.flows.manager.create_volume [None req-6409a538-f42f-4f4a-9b56-446d734dd3a5 tempest-VolumesCloneTest-1819544923 None] Volume bbd61ce4-c88f-4238-917b-af5b987a6568: being created as source_vol with specification: {'status': 'creating', 'volume_name': 'volume-bbd61ce4-c88f-4238-917b-af5b987a6568', 'volume_size': 2, 'source_volid': '552d6f23-26cb-448a-bbab-5fd18d2ab7e8', 'source_volstatus': 'available'}
Mar 17 10:38:43.510607 np0005649721.novalocal cinder-volume[125225]: DEBUG oslo_concurrency.processutils [None req-6409a538-f42f-4f4a-9b56-446d734dd3a5 tempest-VolumesCloneTest-1819544923 None] Running cmd (subprocess): sudo cinder-rootwrap /etc/cinder/rootwrap.conf env LC_ALL=C lvs --noheadings --unit=g -o vg_name,name,size --nosuffix --readonly stack-volumes-lvmdriver-1/volume-552d6f23-26cb-448a-bbab-5fd18d2ab7e8 {{(pid=125225) execute /usr/local/lib/python3.12/site-packages/oslo_concurrency/processutils.py:440}}
Mar 17 10:38:43.538201 np0005649721.novalocal sudo[148753]: stack : PWD=/ ; USER=root ; COMMAND=/usr/local/bin/cinder-rootwrap /etc/cinder/rootwrap.conf env LC_ALL=C lvs --noheadings --unit=g -o vg_name,name,size --nosuffix --readonly stack-volumes-lvmdriver-1/volume-552d6f23-26cb-448a-bbab-5fd18d2ab7e8
Mar 17 10:38:43.870134 np0005649721.novalocal cinder-volume[125225]: DEBUG oslo_concurrency.processutils [None req-6409a538-f42f-4f4a-9b56-446d734dd3a5 tempest-VolumesCloneTest-1819544923 None] CMD "sudo cinder-rootwrap /etc/cinder/rootwrap.conf env LC_ALL=C lvs --noheadings --unit=g -o vg_name,name,size --nosuffix --readonly stack-volumes-lvmdriver-1/volume-552d6f23-26cb-448a-bbab-5fd18d2ab7e8" returned: 0 in 0.359s {{(pid=125225) execute /usr/local/lib/python3.12/site-packages/oslo_concurrency/processutils.py:468}}
Mar 17 10:38:43.871574 np0005649721.novalocal cinder-volume[125225]: DEBUG oslo_concurrency.processutils [None req-6409a538-f42f-4f4a-9b56-446d734dd3a5 tempest-VolumesCloneTest-1819544923 None] Running cmd (subprocess): sudo cinder-rootwrap /etc/cinder/rootwrap.conf env LC_ALL=C lvcreate --name volume-bbd61ce4-c88f-4238-917b-af5b987a6568 --snapshot stack-volumes-lvmdriver-1/volume-552d6f23-26cb-448a-bbab-5fd18d2ab7e8 {{(pid=125225) execute /usr/local/lib/python3.12/site-packages/oslo_concurrency/processutils.py:440}}
Mar 17 10:38:43.894463 np0005649721.novalocal sudo[148760]: stack : PWD=/ ; USER=root ; COMMAND=/usr/local/bin/cinder-rootwrap /etc/cinder/rootwrap.conf env LC_ALL=C lvcreate --name volume-bbd61ce4-c88f-4238-917b-af5b987a6568 --snapshot stack-volumes-lvmdriver-1/volume-552d6f23-26cb-448a-bbab-5fd18d2ab7e8
Mar 17 10:38:44.274616 np0005649721.novalocal cinder-volume[125225]: DEBUG oslo_concurrency.processutils [None req-6409a538-f42f-4f4a-9b56-446d734dd3a5 tempest-VolumesCloneTest-1819544923 None] CMD "sudo cinder-rootwrap /etc/cinder/rootwrap.conf env LC_ALL=C lvcreate --name volume-bbd61ce4-c88f-4238-917b-af5b987a6568 --snapshot stack-volumes-lvmdriver-1/volume-552d6f23-26cb-448a-bbab-5fd18d2ab7e8" returned: 0 in 0.402s {{(pid=125225) execute /usr/local/lib/python3.12/site-packages/oslo_concurrency/processutils.py:468}}
Mar 17 10:38:44.274616 np0005649721.novalocal cinder-volume[125225]: DEBUG cinder.volume.drivers.lvm [None req-6409a538-f42f-4f4a-9b56-446d734dd3a5 tempest-VolumesCloneTest-1819544923 None] Resize the new volume to 2. {{(pid=125225) create_cloned_volume /opt/stack/cinder/cinder/volume/drivers/lvm.py:555}}
Mar 17 10:38:44.274616 np0005649721.novalocal cinder-volume[125225]: DEBUG oslo_concurrency.processutils [None req-6409a538-f42f-4f4a-9b56-446d734dd3a5 tempest-VolumesCloneTest-1819544923 None] Running cmd (subprocess): sudo cinder-rootwrap /etc/cinder/rootwrap.conf env LC_ALL=C lvdisplay --noheading -C -o Attr --readonly stack-volumes-lvmdriver-1/volume-bbd61ce4-c88f-4238-917b-af5b987a6568 {{(pid=125225) execute /usr/local/lib/python3.12/site-packages/oslo_concurrency/processutils.py:440}}
Mar 17 10:38:44.295252 np0005649721.novalocal sudo[148775]: stack : PWD=/ ; USER=root ; COMMAND=/usr/local/bin/cinder-rootwrap /etc/cinder/rootwrap.conf env LC_ALL=C lvdisplay --noheading -C -o Attr --readonly stack-volumes-lvmdriver-1/volume-bbd61ce4-c88f-4238-917b-af5b987a6568
Mar 17 10:38:44.576401 np0005649721.novalocal cinder-volume[125225]: DEBUG oslo_concurrency.processutils [None req-6409a538-f42f-4f4a-9b56-446d734dd3a5 tempest-VolumesCloneTest-1819544923 None] CMD "sudo cinder-rootwrap /etc/cinder/rootwrap.conf env LC_ALL=C lvdisplay --noheading -C -o Attr --readonly stack-volumes-lvmdriver-1/volume-bbd61ce4-c88f-4238-917b-af5b987a6568" returned: 0 in 0.298s {{(pid=125225) execute /usr/local/lib/python3.12/site-packages/oslo_concurrency/processutils.py:468}}
Mar 17 10:38:44.576401 np0005649721.novalocal cinder-volume[125225]: DEBUG oslo_concurrency.processutils [None req-6409a538-f42f-4f4a-9b56-446d734dd3a5 tempest-VolumesCloneTest-1819544923 None] Running cmd (subprocess): sudo cinder-rootwrap /etc/cinder/rootwrap.conf env LC_ALL=C lvextend -L 2g stack-volumes-lvmdriver-1/volume-bbd61ce4-c88f-4238-917b-af5b987a6568 {{(pid=125225) execute /usr/local/lib/python3.12/site-packages/oslo_concurrency/processutils.py:440}}
