Mar 17 10:35:33.643087 np0005649721.novalocal cinder-volume[125225]: DEBUG cinder.volume.manager [req-5fe8bec8-1bd4-4d6c-a152-32cde6dfdad0 req-cffaacd7-b756-4db5-b16b-1ae4ee7e3c98 tempest-ImageDependencyTests-180171152 None] Connection info returned from driver {'target_discovered': False, 'target_portal': '38.102.83.89:3260', 'target_iqn': 'iqn.2010-10.org.openstack:volume-cc53d509-8d74-42a4-b8d4-2f60586aa466', 'target_lun': 0, 'volume_id': 'cc53d509-8d74-42a4-b8d4-2f60586aa466', 'auth_method': 'CHAP', 'auth_username': '3Cf3gBx62bWb5Pk72BkY', 'auth_password': '***', 'encrypted': False, 'qos_specs': None, 'access_mode': 'rw', 'cacheable': False, 'driver_volume_type': 'iscsi', 'attachment_id': 'a9f55341-e8a5-4216-8913-60b7035b9f72', 'enforce_multipath': True} {{(pid=125225) _connection_create /opt/stack/cinder/cinder/volume/manager.py:4924}}
Mar 17 10:35:33.665380 np0005649721.novalocal cinder-volume[125225]: INFO cinder.volume.manager [req-5fe8bec8-1bd4-4d6c-a152-32cde6dfdad0 req-cffaacd7-b756-4db5-b16b-1ae4ee7e3c98 tempest-ImageDependencyTests-180171152 None] attachment_update completed successfully.
Mar 17 10:35:35.577016 np0005649721.novalocal cinder-volume[125225]: DEBUG oslo_concurrency.lockutils [req-ad7ecc7c-ad6d-44c3-86a0-427f7fc4131c req-a0fa603c-e4e0-48e7-8f0c-7e117e625345 tempest-DeleteServersTestJSON-1788006576 None] Acquiring lock "lioadm" by "cinder.volume.targets.lio.LioAdm._execute" {{(pid=125225) inner /usr/local/lib/python3.12/site-packages/oslo_concurrency/lockutils.py:506}}
Mar 17 10:35:35.577550 np0005649721.novalocal cinder-volume[125225]: DEBUG oslo_concurrency.lockutils [req-ad7ecc7c-ad6d-44c3-86a0-427f7fc4131c req-a0fa603c-e4e0-48e7-8f0c-7e117e625345 tempest-DeleteServersTestJSON-1788006576 None] Lock "lioadm" acquired by "cinder.volume.targets.lio.LioAdm._execute" :: waited 0.001s {{(pid=125225) inner /usr/local/lib/python3.12/site-packages/oslo_concurrency/lockutils.py:519}}
Mar 17 10:35:35.577736 np0005649721.novalocal cinder-volume[125225]: DEBUG oslo_concurrency.processutils [req-ad7ecc7c-ad6d-44c3-86a0-427f7fc4131c req-a0fa603c-e4e0-48e7-8f0c-7e117e625345 tempest-DeleteServersTestJSON-1788006576 None] Running cmd (subprocess): sudo cinder-rootwrap /etc/cinder/rootwrap.conf cinder-rtstool delete-initiator iqn.2010-10.org.openstack:volume-fc93c69a-b27e-48dc-9746-45fc13bfff3d iqn.1994-05.com.redhat:fd15498af3bd {{(pid=125225) execute /usr/local/lib/python3.12/site-packages/oslo_concurrency/processutils.py:440}}
Mar 17 10:35:35.604253 np0005649721.novalocal sudo[145631]: stack : PWD=/ ; USER=root ; COMMAND=/usr/local/bin/cinder-rootwrap /etc/cinder/rootwrap.conf cinder-rtstool delete-initiator iqn.2010-10.org.openstack:volume-fc93c69a-b27e-48dc-9746-45fc13bfff3d iqn.1994-05.com.redhat:fd15498af3bd
Mar 17 10:35:36.126371 np0005649721.novalocal cinder-volume[125225]: DEBUG oslo_concurrency.processutils [req-ad7ecc7c-ad6d-44c3-86a0-427f7fc4131c req-a0fa603c-e4e0-48e7-8f0c-7e117e625345 tempest-DeleteServersTestJSON-1788006576 None] CMD "sudo cinder-rootwrap /etc/cinder/rootwrap.conf cinder-rtstool delete-initiator iqn.2010-10.org.openstack:volume-fc93c69a-b27e-48dc-9746-45fc13bfff3d iqn.1994-05.com.redhat:fd15498af3bd" returned: 0 in 0.548s {{(pid=125225) execute /usr/local/lib/python3.12/site-packages/oslo_concurrency/processutils.py:468}}
Mar 17 10:35:36.126707 np0005649721.novalocal cinder-volume[125225]: DEBUG oslo_concurrency.lockutils [req-ad7ecc7c-ad6d-44c3-86a0-427f7fc4131c req-a0fa603c-e4e0-48e7-8f0c-7e117e625345 tempest-DeleteServersTestJSON-1788006576 None] Lock "lioadm" "released" by "cinder.volume.targets.lio.LioAdm._execute" :: held 0.549s {{(pid=125225) inner /usr/local/lib/python3.12/site-packages/oslo_concurrency/lockutils.py:538}}
Mar 17 10:35:36.126893 np0005649721.novalocal cinder-volume[125225]: DEBUG oslo_concurrency.lockutils [req-ad7ecc7c-ad6d-44c3-86a0-427f7fc4131c req-a0fa603c-e4e0-48e7-8f0c-7e117e625345 tempest-DeleteServersTestJSON-1788006576 None] Acquiring lock "lioadm" by "cinder.volume.targets.lio.LioAdm._execute" {{(pid=125225) inner /usr/local/lib/python3.12/site-packages/oslo_concurrency/lockutils.py:506}}
Mar 17 10:35:36.127344 np0005649721.novalocal cinder-volume[125225]: DEBUG oslo_concurrency.lockutils [req-ad7ecc7c-ad6d-44c3-86a0-427f7fc4131c req-a0fa603c-e4e0-48e7-8f0c-7e117e625345 tempest-DeleteServersTestJSON-1788006576 None] Lock "lioadm" acquired by "cinder.volume.targets.lio.LioAdm._execute" :: waited 0.000s {{(pid=125225) inner /usr/local/lib/python3.12/site-packages/oslo_concurrency/lockutils.py:519}}
Mar 17 10:35:36.128829 np0005649721.novalocal cinder-volume[125225]: DEBUG oslo_concurrency.processutils [req-ad7ecc7c-ad6d-44c3-86a0-427f7fc4131c req-a0fa603c-e4e0-48e7-8f0c-7e117e625345 tempest-DeleteServersTestJSON-1788006576 None] Running cmd (subprocess): sudo cinder-rootwrap /etc/cinder/rootwrap.conf cinder-rtstool save {{(pid=125225) execute /usr/local/lib/python3.12/site-packages/oslo_concurrency/processutils.py:440}}
Mar 17 10:35:36.154629 np0005649721.novalocal sudo[145642]: stack : PWD=/ ; USER=root ; COMMAND=/usr/local/bin/cinder-rootwrap /etc/cinder/rootwrap.conf cinder-rtstool save
Mar 17 10:35:36.610618 np0005649721.novalocal cinder-volume[125225]: DEBUG oslo_concurrency.processutils [req-ad7ecc7c-ad6d-44c3-86a0-427f7fc4131c req-a0fa603c-e4e0-48e7-8f0c-7e117e625345 tempest-DeleteServersTestJSON-1788006576 None] CMD "sudo cinder-rootwrap /etc/cinder/rootwrap.conf cinder-rtstool save" returned: 0 in 0.481s {{(pid=125225) execute /usr/local/lib/python3.12/site-packages/oslo_concurrency/processutils.py:468}}
Mar 17 10:35:36.611336 np0005649721.novalocal cinder-volume[125225]: DEBUG oslo_concurrency.lockutils [req-ad7ecc7c-ad6d-44c3-86a0-427f7fc4131c req-a0fa603c-e4e0-48e7-8f0c-7e117e625345 tempest-DeleteServersTestJSON-1788006576 None] Lock "lioadm" "released" by "cinder.volume.targets.lio.LioAdm._execute" :: held 0.484s {{(pid=125225) inner /usr/local/lib/python3.12/site-packages/oslo_concurrency/lockutils.py:538}}
Mar 17 10:35:36.611728 np0005649721.novalocal cinder-volume[125225]: INFO cinder.volume.manager [req-ad7ecc7c-ad6d-44c3-86a0-427f7fc4131c req-a0fa603c-e4e0-48e7-8f0c-7e117e625345 tempest-DeleteServersTestJSON-1788006576 None] Terminate volume connection completed successfully.
Mar 17 10:35:36.612080 np0005649721.novalocal cinder-volume[125225]: DEBUG cinder.volume.manager [req-ad7ecc7c-ad6d-44c3-86a0-427f7fc4131c req-a0fa603c-e4e0-48e7-8f0c-7e117e625345 tempest-DeleteServersTestJSON-1788006576 None] Deleting attachment 62b7f091-16c7-40c2-908d-2ed572bffb86. {{(pid=125225) attachment_delete /opt/stack/cinder/cinder/volume/manager.py:5055}}
Mar 17 10:35:36.613019 np0005649721.novalocal cinder-volume[125225]: DEBUG oslo_concurrency.lockutils [req-ad7ecc7c-ad6d-44c3-86a0-427f7fc4131c req-a0fa603c-e4e0-48e7-8f0c-7e117e625345 tempest-DeleteServersTestJSON-1788006576 None] Acquiring lock "lioadm" by "cinder.volume.targets.lio.LioAdm._execute" {{(pid=125225) inner /usr/local/lib/python3.12/site-packages/oslo_concurrency/lockutils.py:506}}
Mar 17 10:35:36.613520 np0005649721.novalocal cinder-volume[125225]: DEBUG oslo_concurrency.lockutils [req-ad7ecc7c-ad6d-44c3-86a0-427f7fc4131c req-a0fa603c-e4e0-48e7-8f0c-7e117e625345 tempest-DeleteServersTestJSON-1788006576 None] Lock "lioadm" acquired by "cinder.volume.targets.lio.LioAdm._execute" :: waited 0.001s {{(pid=125225) inner /usr/local/lib/python3.12/site-packages/oslo_concurrency/lockutils.py:519}}
Mar 17 10:35:36.614064 np0005649721.novalocal cinder-volume[125225]: DEBUG oslo_concurrency.processutils [req-ad7ecc7c-ad6d-44c3-86a0-427f7fc4131c req-a0fa603c-e4e0-48e7-8f0c-7e117e625345 tempest-DeleteServersTestJSON-1788006576 None] Running cmd (subprocess): sudo cinder-rootwrap /etc/cinder/rootwrap.conf cinder-rtstool get-targets {{(pid=125225) execute /usr/local/lib/python3.12/site-packages/oslo_concurrency/processutils.py:440}}
Mar 17 10:35:36.633354 np0005649721.novalocal sudo[145650]: stack : PWD=/ ; USER=root ; COMMAND=/usr/local/bin/cinder-rootwrap /etc/cinder/rootwrap.conf cinder-rtstool get-targets
Mar 17 10:35:37.108770 np0005649721.novalocal cinder-volume[125225]: DEBUG oslo_concurrency.processutils [req-ad7ecc7c-ad6d-44c3-86a0-427f7fc4131c req-a0fa603c-e4e0-48e7-8f0c-7e117e625345 tempest-DeleteServersTestJSON-1788006576 None] CMD "sudo cinder-rootwrap /etc/cinder/rootwrap.conf cinder-rtstool get-targets" returned: 0 in 0.494s {{(pid=125225) execute /usr/local/lib/python3.12/site-packages/oslo_concurrency/processutils.py:468}}
Mar 17 10:35:37.109764 np0005649721.novalocal cinder-volume[125225]: DEBUG oslo_concurrency.lockutils [req-ad7ecc7c-ad6d-44c3-86a0-427f7fc4131c req-a0fa603c-e4e0-48e7-8f0c-7e117e625345 tempest-DeleteServersTestJSON-1788006576 None] Lock "lioadm" "released" by "cinder.volume.targets.lio.LioAdm._execute" :: held 0.496s {{(pid=125225) inner /usr/local/lib/python3.12/site-packages/oslo_concurrency/lockutils.py:538}}
Mar 17 10:35:37.110898 np0005649721.novalocal cinder-volume[125225]: INFO cinder.volume.targets.lio [req-ad7ecc7c-ad6d-44c3-86a0-427f7fc4131c req-a0fa603c-e4e0-48e7-8f0c-7e117e625345 tempest-DeleteServersTestJSON-1788006576 None] Removing iscsi_target: fc93c69a-b27e-48dc-9746-45fc13bfff3d
Mar 17 10:35:37.110898 np0005649721.novalocal cinder-volume[125225]: DEBUG oslo_concurrency.lockutils [req-ad7ecc7c-ad6d-44c3-86a0-427f7fc4131c req-a0fa603c-e4e0-48e7-8f0c-7e117e625345 tempest-DeleteServersTestJSON-1788006576 None] Acquiring lock "lioadm" by "cinder.volume.targets.lio.LioAdm._execute" {{(pid=125225) inner /usr/local/lib/python3.12/site-packages/oslo_concurrency/lockutils.py:506}}
Mar 17 10:35:37.111283 np0005649721.novalocal cinder-volume[125225]: DEBUG oslo_concurrency.lockutils [req-ad7ecc7c-ad6d-44c3-86a0-427f7fc4131c req-a0fa603c-e4e0-48e7-8f0c-7e117e625345 tempest-DeleteServersTestJSON-1788006576 None] Lock "lioadm" acquired by "cinder.volume.targets.lio.LioAdm._execute" :: waited 0.001s {{(pid=125225) inner /usr/local/lib/python3.12/site-packages/oslo_concurrency/lockutils.py:519}}
Mar 17 10:35:37.112040 np0005649721.novalocal cinder-volume[125225]: DEBUG oslo_concurrency.processutils [req-ad7ecc7c-ad6d-44c3-86a0-427f7fc4131c req-a0fa603c-e4e0-48e7-8f0c-7e117e625345 tempest-DeleteServersTestJSON-1788006576 None] Running cmd (subprocess): sudo cinder-rootwrap /etc/cinder/rootwrap.conf cinder-rtstool delete iqn.2010-10.org.openstack:volume-fc93c69a-b27e-48dc-9746-45fc13bfff3d {{(pid=125225) execute /usr/local/lib/python3.12/site-packages/oslo_concurrency/processutils.py:440}}
Mar 17 10:35:37.136846 np0005649721.novalocal sudo[145696]: stack : PWD=/ ; USER=root ; COMMAND=/usr/local/bin/cinder-rootwrap /etc/cinder/rootwrap.conf cinder-rtstool delete iqn.2010-10.org.openstack:volume-fc93c69a-b27e-48dc-9746-45fc13bfff3d
Mar 17 10:35:37.725951 np0005649721.novalocal cinder-volume[125225]: DEBUG oslo_concurrency.processutils [req-ad7ecc7c-ad6d-44c3-86a0-427f7fc4131c req-a0fa603c-e4e0-48e7-8f0c-7e117e625345 tempest-DeleteServersTestJSON-1788006576 None] CMD "sudo cinder-rootwrap /etc/cinder/rootwrap.conf cinder-rtstool delete iqn.2010-10.org.openstack:volume-fc93c69a-b27e-48dc-9746-45fc13bfff3d" returned: 0 in 0.614s {{(pid=125225) execute /usr/local/lib/python3.12/site-packages/oslo_concurrency/processutils.py:468}}
Mar 17 10:35:37.729556 np0005649721.novalocal cinder-volume[125225]: DEBUG oslo_concurrency.lockutils [req-ad7ecc7c-ad6d-44c3-86a0-427f7fc4131c req-a0fa603c-e4e0-48e7-8f0c-7e117e625345 tempest-DeleteServersTestJSON-1788006576 None] Lock "lioadm" "released" by "cinder.volume.targets.lio.LioAdm._execute" :: held 0.615s {{(pid=125225) inner /usr/local/lib/python3.12/site-packages/oslo_concurrency/lockutils.py:538}}
Mar 17 10:35:37.729982 np0005649721.novalocal cinder-volume[125225]: DEBUG oslo_concurrency.lockutils [req-ad7ecc7c-ad6d-44c3-86a0-427f7fc4131c req-a0fa603c-e4e0-48e7-8f0c-7e117e625345 tempest-DeleteServersTestJSON-1788006576 None] Acquiring lock "lioadm" by "cinder.volume.targets.lio.LioAdm._execute" {{(pid=125225) inner /usr/local/lib/python3.12/site-packages/oslo_concurrency/lockutils.py:506}}
Mar 17 10:35:37.730634 np0005649721.novalocal cinder-volume[125225]: DEBUG oslo_concurrency.lockutils [req-ad7ecc7c-ad6d-44c3-86a0-427f7fc4131c req-a0fa603c-e4e0-48e7-8f0c-7e117e625345 tempest-DeleteServersTestJSON-1788006576 None] Lock "lioadm" acquired by "cinder.volume.targets.lio.LioAdm._execute" :: waited 0.001s {{(pid=125225) inner /usr/local/lib/python3.12/site-packages/oslo_concurrency/lockutils.py:519}}
Mar 17 10:35:37.731194 np0005649721.novalocal cinder-volume[125225]: DEBUG oslo_concurrency.processutils [req-ad7ecc7c-ad6d-44c3-86a0-427f7fc4131c req-a0fa603c-e4e0-48e7-8f0c-7e117e625345 tempest-DeleteServersTestJSON-1788006576 None] Running cmd (subprocess): sudo cinder-rootwrap /etc/cinder/rootwrap.conf cinder-rtstool save {{(pid=125225) execute /usr/local/lib/python3.12/site-packages/oslo_concurrency/processutils.py:440}}
Mar 17 10:35:37.756153 np0005649721.novalocal sudo[145702]: stack : PWD=/ ; USER=root ; COMMAND=/usr/local/bin/cinder-rootwrap /etc/cinder/rootwrap.conf cinder-rtstool save
Mar 17 10:35:38.259724 np0005649721.novalocal cinder-volume[125225]: DEBUG oslo_concurrency.processutils [req-ad7ecc7c-ad6d-44c3-86a0-427f7fc4131c req-a0fa603c-e4e0-48e7-8f0c-7e117e625345 tempest-DeleteServersTestJSON-1788006576 None] CMD "sudo cinder-rootwrap /etc/cinder/rootwrap.conf cinder-rtstool save" returned: 0 in 0.528s {{(pid=125225) execute /usr/local/lib/python3.12/site-packages/oslo_concurrency/processutils.py:468}}
Mar 17 10:35:38.260224 np0005649721.novalocal cinder-volume[125225]: DEBUG oslo_concurrency.lockutils [req-ad7ecc7c-ad6d-44c3-86a0-427f7fc4131c req-a0fa603c-e4e0-48e7-8f0c-7e117e625345 tempest-DeleteServersTestJSON-1788006576 None] Lock "lioadm" "released" by "cinder.volume.targets.lio.LioAdm._execute" :: held 0.530s {{(pid=125225) inner /usr/local/lib/python3.12/site-packages/oslo_concurrency/lockutils.py:538}}
Mar 17 10:35:44.775225 np0005649721.novalocal cinder-volume[125225]: DEBUG oslo_concurrency.processutils [req-028f9533-eb6e-4c48-bd53-e7835923c9ad req-e9d8790d-d5ec-46fe-a763-17efc7350f39 tempest-ImageDependencyTests-180171152 None] Running cmd (subprocess): sudo cinder-rootwrap /etc/cinder/rootwrap.conf env LC_ALL=C lvs --noheadings --unit=g -o vg_name,name,size --nosuffix --readonly stack-volumes-lvmdriver-1/volume-cc53d509-8d74-42a4-b8d4-2f60586aa466 {{(pid=125225) execute /usr/local/lib/python3.12/site-packages/oslo_concurrency/processutils.py:440}}
Mar 17 10:35:44.807647 np0005649721.novalocal sudo[145797]: stack : PWD=/ ; USER=root ; COMMAND=/usr/local/bin/cinder-rootwrap /etc/cinder/rootwrap.conf env LC_ALL=C lvs --noheadings --unit=g -o vg_name,name,size --nosuffix --readonly stack-volumes-lvmdriver-1/volume-cc53d509-8d74-42a4-b8d4-2f60586aa466
Mar 17 10:35:45.161083 np0005649721.novalocal cinder-volume[125225]: DEBUG oslo_concurrency.processutils [req-028f9533-eb6e-4c48-bd53-e7835923c9ad req-e9d8790d-d5ec-46fe-a763-17efc7350f39 tempest-ImageDependencyTests-180171152 None] CMD "sudo cinder-rootwrap /etc/cinder/rootwrap.conf env LC_ALL=C lvs --noheadings --unit=g -o vg_name,name,size --nosuffix --readonly stack-volumes-lvmdriver-1/volume-cc53d509-8d74-42a4-b8d4-2f60586aa466" returned: 0 in 0.386s {{(pid=125225) execute /usr/local/lib/python3.12/site-packages/oslo_concurrency/processutils.py:468}}
Mar 17 10:35:45.161864 np0005649721.novalocal cinder-volume[125225]: DEBUG oslo_concurrency.processutils [req-028f9533-eb6e-4c48-bd53-e7835923c9ad req-e9d8790d-d5ec-46fe-a763-17efc7350f39 tempest-ImageDependencyTests-180171152 None] Running cmd (subprocess): sudo cinder-rootwrap /etc/cinder/rootwrap.conf env LC_ALL=C lvcreate --name _snapshot-e126919e-704f-4b3b-9ab6-2bed3a6c873b --snapshot stack-volumes-lvmdriver-1/volume-cc53d509-8d74-42a4-b8d4-2f60586aa466 {{(pid=125225) execute /usr/local/lib/python3.12/site-packages/oslo_concurrency/processutils.py:440}}
Mar 17 10:35:45.195570 np0005649721.novalocal sudo[145802]: stack : PWD=/ ; USER=root ; COMMAND=/usr/local/bin/cinder-rootwrap /etc/cinder/rootwrap.conf env LC_ALL=C lvcreate --name _snapshot-e126919e-704f-4b3b-9ab6-2bed3a6c873b --snapshot stack-volumes-lvmdriver-1/volume-cc53d509-8d74-42a4-b8d4-2f60586aa466
Mar 17 10:35:45.630149 np0005649721.novalocal cinder-volume[125225]: DEBUG oslo_concurrency.processutils [req-028f9533-eb6e-4c48-bd53-e7835923c9ad req-e9d8790d-d5ec-46fe-a763-17efc7350f39 tempest-ImageDependencyTests-180171152 None] CMD "sudo cinder-rootwrap /etc/cinder/rootwrap.conf env LC_ALL=C lvcreate --name _snapshot-e126919e-704f-4b3b-9ab6-2bed3a6c873b --snapshot stack-volumes-lvmdriver-1/volume-cc53d509-8d74-42a4-b8d4-2f60586aa466" returned: 0 in 0.468s {{(pid=125225) execute /usr/local/lib/python3.12/site-packages/oslo_concurrency/processutils.py:468}}
Mar 17 10:35:45.671690 np0005649721.novalocal cinder-volume[125225]: INFO cinder.volume.manager [req-028f9533-eb6e-4c48-bd53-e7835923c9ad req-e9d8790d-d5ec-46fe-a763-17efc7350f39 tempest-ImageDependencyTests-180171152 None] Create snapshot completed successfully
Mar 17 10:35:46.281033 np0005649721.novalocal cinder-volume[125225]: DEBUG cinder.coordination [None req-61a769c4-167a-489b-a907-f5d70c1818d2 tempest-ImageDependencyTests-180171152 None] Acquiring lock "cinder-e126919e-704f-4b3b-9ab6-2bed3a6c873b-delete_snapshot" by "delete_snapshot" {{(pid=125225) __acquire /opt/stack/cinder/cinder/coordination.py:138}}
Mar 17 10:35:46.294468 np0005649721.novalocal cinder-volume[125225]: DEBUG cinder.coordination [None req-61a769c4-167a-489b-a907-f5d70c1818d2 tempest-ImageDependencyTests-180171152 None] Lock "cinder-e126919e-704f-4b3b-9ab6-2bed3a6c873b-delete_snapshot" acquired by "delete_snapshot" :: waited 0.012s {{(pid=125225) __acquire /opt/stack/cinder/cinder/coordination.py:141}}
Mar 17 10:35:46.296077 np0005649721.novalocal cinder-volume[125225]: DEBUG oslo_concurrency.processutils [None req-61a769c4-167a-489b-a907-f5d70c1818d2 tempest-ImageDependencyTests-180171152 None] Running cmd (subprocess): sudo cinder-rootwrap /etc/cinder/rootwrap.conf env LC_ALL=C lvs --noheadings --unit=g -o vg_name,name,size --nosuffix --readonly stack-volumes-lvmdriver-1/_snapshot-e126919e-704f-4b3b-9ab6-2bed3a6c873b {{(pid=125225) execute /usr/local/lib/python3.12/site-packages/oslo_concurrency/processutils.py:440}}
Mar 17 10:35:46.331031 np0005649721.novalocal sudo[145826]: stack : PWD=/ ; USER=root ; COMMAND=/usr/local/bin/cinder-rootwrap /etc/cinder/rootwrap.conf env LC_ALL=C lvs --noheadings --unit=g -o vg_name,name,size --nosuffix --readonly stack-volumes-lvmdriver-1/_snapshot-e126919e-704f-4b3b-9ab6-2bed3a6c873b
Mar 17 10:35:46.714209 np0005649721.novalocal cinder-volume[125225]: DEBUG oslo_concurrency.processutils [None req-61a769c4-167a-489b-a907-f5d70c1818d2 tempest-ImageDependencyTests-180171152 None] CMD "sudo cinder-rootwrap /etc/cinder/rootwrap.conf env LC_ALL=C lvs --noheadings --unit=g -o vg_name,name,size --nosuffix --readonly stack-volumes-lvmdriver-1/_snapshot-e126919e-704f-4b3b-9ab6-2bed3a6c873b" returned: 0 in 0.418s {{(pid=125225) execute /usr/local/lib/python3.12/site-packages/oslo_concurrency/processutils.py:468}}
Mar 17 10:35:46.715699 np0005649721.novalocal cinder-volume[125225]: DEBUG oslo_concurrency.processutils [None req-61a769c4-167a-489b-a907-f5d70c1818d2 tempest-ImageDependencyTests-180171152 None] Running cmd (subprocess): sudo cinder-rootwrap /etc/cinder/rootwrap.conf lvremove --config activation { retry_deactivation = 1} -f stack-volumes-lvmdriver-1/_snapshot-e126919e-704f-4b3b-9ab6-2bed3a6c873b {{(pid=125225) execute /usr/local/lib/python3.12/site-packages/oslo_concurrency/processutils.py:440}}
Mar 17 10:35:46.734763 np0005649721.novalocal sudo[145833]: stack : PWD=/ ; USER=root ; COMMAND=/usr/local/bin/cinder-rootwrap /etc/cinder/rootwrap.conf lvremove --config 'activation { retry_deactivation = 1} ' -f stack-volumes-lvmdriver-1/_snapshot-e126919e-704f-4b3b-9ab6-2bed3a6c873b
Mar 17 10:35:47.122258 np0005649721.novalocal cinder-volume[125225]: DEBUG oslo_concurrency.processutils [None req-61a769c4-167a-489b-a907-f5d70c1818d2 tempest-ImageDependencyTests-180171152 None] CMD "sudo cinder-rootwrap /etc/cinder/rootwrap.conf lvremove --config activation { retry_deactivation = 1} -f stack-volumes-lvmdriver-1/_snapshot-e126919e-704f-4b3b-9ab6-2bed3a6c873b" returned: 0 in 0.407s {{(pid=125225) execute /usr/local/lib/python3.12/site-packages/oslo_concurrency/processutils.py:468}}
Mar 17 10:35:47.161174 np0005649721.novalocal cinder-volume[125225]: DEBUG cinder.quota [None req-61a769c4-167a-489b-a907-f5d70c1818d2 tempest-ImageDependencyTests-180171152 None] Created reservations ['3dea1c99-b853-40d3-a034-669d7b1e1de1', '9b13c53d-857c-4db6-8a26-1859b40ee779', 'a18f8eae-9d52-4c67-b8f2-c9986574c4f0', '56d8f42b-45da-46fe-9e03-dec400b4770e'] {{(pid=125225) reserve /opt/stack/cinder/cinder/quota.py:752}}
Mar 17 10:35:47.194234 np0005649721.novalocal cinder-volume[125225]: INFO cinder.volume.manager [None req-61a769c4-167a-489b-a907-f5d70c1818d2 tempest-ImageDependencyTests-180171152 None] Delete snapshot completed successfully.
Mar 17 10:35:47.196468 np0005649721.novalocal cinder-volume[125225]: DEBUG cinder.coordination [None req-61a769c4-167a-489b-a907-f5d70c1818d2 tempest-ImageDependencyTests-180171152 None] Lock "cinder-e126919e-704f-4b3b-9ab6-2bed3a6c873b-delete_snapshot" released by "delete_snapshot" :: held 0.904s {{(pid=125225) __release /opt/stack/cinder/cinder/coordination.py:152}}
Mar 17 10:35:53.108850 np0005649721.novalocal cinder-volume[125225]: DEBUG oslo_service.periodic_task [None req-1c216867-1c33-465c-85ba-c06e1432867c None None] Running periodic task VolumeManager.publish_service_capabilities {{(pid=125225) run_periodic_tasks /usr/local/lib/python3.12/site-packages/oslo_service/periodic_task.py:210}}
Mar 17 10:35:53.109390 np0005649721.novalocal cinder-volume[125225]: DEBUG cinder.volume.drivers.lvm [None req-1c216867-1c33-465c-85ba-c06e1432867c None None] Updating volume stats {{(pid=125225) _update_volume_stats /opt/stack/cinder/cinder/volume/drivers/lvm.py:228}}
Mar 17 10:35:53.109475 np0005649721.novalocal cinder-volume[125225]: DEBUG oslo_concurrency.processutils [None req-1c216867-1c33-465c-85ba-c06e1432867c None None] Running cmd (subprocess): sudo cinder-rootwrap /etc/cinder/rootwrap.conf env LC_ALL=C vgs --noheadings --unit=g -o name,size,free,lv_count,uuid --separator : --nosuffix stack-volumes-lvmdriver-1 {{(pid=125225) execute /usr/local/lib/python3.12/site-packages/oslo_concurrency/processutils.py:440}}
Mar 17 10:35:53.137804 np0005649721.novalocal sudo[145920]: stack : PWD=/ ; USER=root ; COMMAND=/usr/local/bin/cinder-rootwrap /etc/cinder/rootwrap.conf env LC_ALL=C vgs --noheadings --unit=g -o name,size,free,lv_count,uuid --separator : --nosuffix stack-volumes-lvmdriver-1
Mar 17 10:35:53.540655 np0005649721.novalocal cinder-volume[125225]: DEBUG oslo_concurrency.processutils [None req-1c216867-1c33-465c-85ba-c06e1432867c None None] CMD "sudo cinder-rootwrap /etc/cinder/rootwrap.conf env LC_ALL=C vgs --noheadings --unit=g -o name,size,free,lv_count,uuid --separator : --nosuffix stack-volumes-lvmdriver-1" returned: 0 in 0.430s {{(pid=125225) execute /usr/local/lib/python3.12/site-packages/oslo_concurrency/processutils.py:468}}
Mar 17 10:35:53.541712 np0005649721.novalocal cinder-volume[125225]: DEBUG oslo_concurrency.processutils [None req-1c216867-1c33-465c-85ba-c06e1432867c None None] Running cmd (subprocess): sudo cinder-rootwrap /etc/cinder/rootwrap.conf env LC_ALL=C lvs --noheadings --unit=g -o vg_name,name,size --nosuffix --readonly stack-volumes-lvmdriver-1 {{(pid=125225) execute /usr/local/lib/python3.12/site-packages/oslo_concurrency/processutils.py:440}}
Mar 17 10:35:53.574418 np0005649721.novalocal sudo[145925]: stack : PWD=/ ; USER=root ; COMMAND=/usr/local/bin/cinder-rootwrap /etc/cinder/rootwrap.conf env LC_ALL=C lvs --noheadings --unit=g -o vg_name,name,size --nosuffix --readonly stack-volumes-lvmdriver-1
Mar 17 10:35:53.906339 np0005649721.novalocal cinder-volume[125225]: DEBUG oslo_concurrency.processutils [None req-1c216867-1c33-465c-85ba-c06e1432867c None None] CMD "sudo cinder-rootwrap /etc/cinder/rootwrap.conf env LC_ALL=C lvs --noheadings --unit=g -o vg_name,name,size --nosuffix --readonly stack-volumes-lvmdriver-1" returned: 0 in 0.362s {{(pid=125225) execute /usr/local/lib/python3.12/site-packages/oslo_concurrency/processutils.py:468}}
Mar 17 10:35:53.907101 np0005649721.novalocal cinder-volume[125225]: DEBUG oslo_concurrency.processutils [None req-1c216867-1c33-465c-85ba-c06e1432867c None None] Running cmd (subprocess): sudo cinder-rootwrap /etc/cinder/rootwrap.conf env LC_ALL=C lvs --noheadings --unit=g -o size,data_percent --separator : --nosuffix /dev/stack-volumes-lvmdriver-1/stack-volumes-lvmdriver-1-pool {{(pid=125225) execute /usr/local/lib/python3.12/site-packages/oslo_concurrency/processutils.py:440}}
Mar 17 10:35:53.933778 np0005649721.novalocal sudo[145931]: stack : PWD=/ ; USER=root ; COMMAND=/usr/local/bin/cinder-rootwrap /etc/cinder/rootwrap.conf env LC_ALL=C lvs --noheadings --unit=g -o size,data_percent --separator : --nosuffix /dev/stack-volumes-lvmdriver-1/stack-volumes-lvmdriver-1-pool
Mar 17 10:35:54.283606 np0005649721.novalocal cinder-volume[125225]: DEBUG oslo_concurrency.processutils [None req-1c216867-1c33-465c-85ba-c06e1432867c None None] CMD "sudo cinder-rootwrap /etc/cinder/rootwrap.conf env LC_ALL=C lvs --noheadings --unit=g -o size,data_percent --separator : --nosuffix /dev/stack-volumes-lvmdriver-1/stack-volumes-lvmdriver-1-pool" returned: 0 in 0.377s {{(pid=125225) execute /usr/local/lib/python3.12/site-packages/oslo_concurrency/processutils.py:468}}
Mar 17 10:35:54.284418 np0005649721.novalocal cinder-volume[125225]: DEBUG oslo_concurrency.processutils [None req-1c216867-1c33-465c-85ba-c06e1432867c None None] Running cmd (subprocess): sudo cinder-rootwrap /etc/cinder/rootwrap.conf env LC_ALL=C lvs --noheadings --unit=g -o vg_name,name,size --nosuffix --readonly stack-volumes-lvmdriver-1 {{(pid=125225) execute /usr/local/lib/python3.12/site-packages/oslo_concurrency/processutils.py:440}}
Mar 17 10:35:54.310332 np0005649721.novalocal sudo[145936]: stack : PWD=/ ; USER=root ; COMMAND=/usr/local/bin/cinder-rootwrap /etc/cinder/rootwrap.conf env LC_ALL=C lvs --noheadings --unit=g -o vg_name,name,size --nosuffix --readonly stack-volumes-lvmdriver-1
Mar 17 10:35:54.737946 np0005649721.novalocal cinder-volume[125225]: DEBUG oslo_concurrency.processutils [None req-1c216867-1c33-465c-85ba-c06e1432867c None None] CMD "sudo cinder-rootwrap /etc/cinder/rootwrap.conf env LC_ALL=C lvs --noheadings --unit=g -o vg_name,name,size --nosuffix --readonly stack-volumes-lvmdriver-1" returned: 0 in 0.449s {{(pid=125225) execute /usr/local/lib/python3.12/site-packages/oslo_concurrency/processutils.py:468}}
Mar 17 10:35:54.737946 np0005649721.novalocal cinder-volume[125225]: DEBUG cinder.manager [None req-1c216867-1c33-465c-85ba-c06e1432867c None None] Notifying Schedulers of capabilities ... {{(pid=125225) _publish_service_capabilities /opt/stack/cinder/cinder/manager.py:202}}
Mar 17 10:35:57.191156 np0005649721.novalocal cinder-volume[125225]: DEBUG dbcounter [-] [125225] Writing DB stats cinder:SELECT=37,cinder:UPDATE=26,cinder:DELETE=2,cinder:INSERT=15 {{(pid=125225) stat_writer /usr/local/lib/python3.12/site-packages/dbcounter.py:115}}
Mar 17 10:35:57.192089 np0005649721.novalocal cinder-volume[125225]: DEBUG dbcounter [-] [125225] Writing DB stats cinder:SELECT=43,cinder:UPDATE=20,cinder:INSERT=15,cinder:DELETE=2 {{(pid=125225) stat_writer /usr/local/lib/python3.12/site-packages/dbcounter.py:115}}
Mar 17 10:36:22.149488 np0005649721.novalocal cinder-volume[125225]: DEBUG oslo_concurrency.lockutils [req-e117ce10-65c6-438f-8cee-243b24d1b287 req-4874e001-9179-40ae-ad85-03ffb9f6792b tempest-ImageDependencyTests-180171152 None] Acquiring lock "lioadm" by "cinder.volume.targets.lio.LioAdm._execute" {{(pid=125225) inner /usr/local/lib/python3.12/site-packages/oslo_concurrency/lockutils.py:506}}
Mar 17 10:36:22.150092 np0005649721.novalocal cinder-volume[125225]: DEBUG oslo_concurrency.lockutils [req-e117ce10-65c6-438f-8cee-243b24d1b287 req-4874e001-9179-40ae-ad85-03ffb9f6792b tempest-ImageDependencyTests-180171152 None] Lock "lioadm" acquired by "cinder.volume.targets.lio.LioAdm._execute" :: waited 0.001s {{(pid=125225) inner /usr/local/lib/python3.12/site-packages/oslo_concurrency/lockutils.py:519}}
Mar 17 10:36:22.150702 np0005649721.novalocal cinder-volume[125225]: DEBUG oslo_concurrency.processutils [req-e117ce10-65c6-438f-8cee-243b24d1b287 req-4874e001-9179-40ae-ad85-03ffb9f6792b tempest-ImageDependencyTests-180171152 None] Running cmd (subprocess): sudo cinder-rootwrap /etc/cinder/rootwrap.conf cinder-rtstool delete-initiator iqn.2010-10.org.openstack:volume-cc53d509-8d74-42a4-b8d4-2f60586aa466 iqn.1994-05.com.redhat:fd15498af3bd {{(pid=125225) execute /usr/local/lib/python3.12/site-packages/oslo_concurrency/processutils.py:440}}
Mar 17 10:36:22.171380 np0005649721.novalocal sudo[146549]: stack : PWD=/ ; USER=root ; COMMAND=/usr/local/bin/cinder-rootwrap /etc/cinder/rootwrap.conf cinder-rtstool delete-initiator iqn.2010-10.org.openstack:volume-cc53d509-8d74-42a4-b8d4-2f60586aa466 iqn.1994-05.com.redhat:fd15498af3bd
Mar 17 10:36:22.705331 np0005649721.novalocal cinder-volume[125225]: DEBUG oslo_concurrency.processutils [req-e117ce10-65c6-438f-8cee-243b24d1b287 req-4874e001-9179-40ae-ad85-03ffb9f6792b tempest-ImageDependencyTests-180171152 None] CMD "sudo cinder-rootwrap /etc/cinder/rootwrap.conf cinder-rtstool delete-initiator iqn.2010-10.org.openstack:volume-cc53d509-8d74-42a4-b8d4-2f60586aa466 iqn.1994-05.com.redhat:fd15498af3bd" returned: 0 in 0.554s {{(pid=125225) execute /usr/local/lib/python3.12/site-packages/oslo_concurrency/processutils.py:468}}
Mar 17 10:36:22.705866 np0005649721.novalocal cinder-volume[125225]: DEBUG oslo_concurrency.lockutils [req-e117ce10-65c6-438f-8cee-243b24d1b287 req-4874e001-9179-40ae-ad85-03ffb9f6792b tempest-ImageDependencyTests-180171152 None] Lock "lioadm" "released" by "cinder.volume.targets.lio.LioAdm._execute" :: held 0.556s {{(pid=125225) inner /usr/local/lib/python3.12/site-packages/oslo_concurrency/lockutils.py:538}}
Mar 17 10:36:22.706166 np0005649721.novalocal cinder-volume[125225]: DEBUG oslo_concurrency.lockutils [req-e117ce10-65c6-438f-8cee-243b24d1b287 req-4874e001-9179-40ae-ad85-03ffb9f6792b tempest-ImageDependencyTests-180171152 None] Acquiring lock "lioadm" by "cinder.volume.targets.lio.LioAdm._execute" {{(pid=125225) inner /usr/local/lib/python3.12/site-packages/oslo_concurrency/lockutils.py:506}}
Mar 17 10:36:22.706993 np0005649721.novalocal cinder-volume[125225]: DEBUG oslo_concurrency.lockutils [req-e117ce10-65c6-438f-8cee-243b24d1b287 req-4874e001-9179-40ae-ad85-03ffb9f6792b tempest-ImageDependencyTests-180171152 None] Lock "lioadm" acquired by "cinder.volume.targets.lio.LioAdm._execute" :: waited 0.001s {{(pid=125225) inner /usr/local/lib/python3.12/site-packages/oslo_concurrency/lockutils.py:519}}
Mar 17 10:36:22.708015 np0005649721.novalocal cinder-volume[125225]: DEBUG oslo_concurrency.processutils [req-e117ce10-65c6-438f-8cee-243b24d1b287 req-4874e001-9179-40ae-ad85-03ffb9f6792b tempest-ImageDependencyTests-180171152 None] Running cmd (subprocess): sudo cinder-rootwrap /etc/cinder/rootwrap.conf cinder-rtstool save {{(pid=125225) execute /usr/local/lib/python3.12/site-packages/oslo_concurrency/processutils.py:440}}
Mar 17 10:36:22.738021 np0005649721.novalocal sudo[146560]: stack : PWD=/ ; USER=root ; COMMAND=/usr/local/bin/cinder-rootwrap /etc/cinder/rootwrap.conf cinder-rtstool save
Mar 17 10:36:23.197974 np0005649721.novalocal cinder-volume[125225]: DEBUG oslo_concurrency.processutils [req-e117ce10-65c6-438f-8cee-243b24d1b287 req-4874e001-9179-40ae-ad85-03ffb9f6792b tempest-ImageDependencyTests-180171152 None] CMD "sudo cinder-rootwrap /etc/cinder/rootwrap.conf cinder-rtstool save" returned: 0 in 0.490s {{(pid=125225) execute /usr/local/lib/python3.12/site-packages/oslo_concurrency/processutils.py:468}}
Mar 17 10:36:23.198527 np0005649721.novalocal cinder-volume[125225]: DEBUG oslo_concurrency.lockutils [req-e117ce10-65c6-438f-8cee-243b24d1b287 req-4874e001-9179-40ae-ad85-03ffb9f6792b tempest-ImageDependencyTests-180171152 None] Lock "lioadm" "released" by "cinder.volume.targets.lio.LioAdm._execute" :: held 0.492s {{(pid=125225) inner /usr/local/lib/python3.12/site-packages/oslo_concurrency/lockutils.py:538}}
Mar 17 10:36:23.199135 np0005649721.novalocal cinder-volume[125225]: INFO cinder.volume.manager [req-e117ce10-65c6-438f-8cee-243b24d1b287 req-4874e001-9179-40ae-ad85-03ffb9f6792b tempest-ImageDependencyTests-180171152 None] Terminate volume connection completed successfully.
Mar 17 10:36:23.199456 np0005649721.novalocal cinder-volume[125225]: DEBUG cinder.volume.manager [req-e117ce10-65c6-438f-8cee-243b24d1b287 req-4874e001-9179-40ae-ad85-03ffb9f6792b tempest-ImageDependencyTests-180171152 None] Deleting attachment a9f55341-e8a5-4216-8913-60b7035b9f72. {{(pid=125225) attachment_delete /opt/stack/cinder/cinder/volume/manager.py:5055}}
Mar 17 10:36:23.200194 np0005649721.novalocal cinder-volume[125225]: DEBUG oslo_concurrency.lockutils [req-e117ce10-65c6-438f-8cee-243b24d1b287 req-4874e001-9179-40ae-ad85-03ffb9f6792b tempest-ImageDependencyTests-180171152 None] Acquiring lock "lioadm" by "cinder.volume.targets.lio.LioAdm._execute" {{(pid=125225) inner /usr/local/lib/python3.12/site-packages/oslo_concurrency/lockutils.py:506}}
Mar 17 10:36:23.200800 np0005649721.novalocal cinder-volume[125225]: DEBUG oslo_concurrency.lockutils [req-e117ce10-65c6-438f-8cee-243b24d1b287 req-4874e001-9179-40ae-ad85-03ffb9f6792b tempest-ImageDependencyTests-180171152 None] Lock "lioadm" acquired by "cinder.volume.targets.lio.LioAdm._execute" :: waited 0.001s {{(pid=125225) inner /usr/local/lib/python3.12/site-packages/oslo_concurrency/lockutils.py:519}}
Mar 17 10:36:23.201251 np0005649721.novalocal cinder-volume[125225]: DEBUG oslo_concurrency.processutils [req-e117ce10-65c6-438f-8cee-243b24d1b287 req-4874e001-9179-40ae-ad85-03ffb9f6792b tempest-ImageDependencyTests-180171152 None] Running cmd (subprocess): sudo cinder-rootwrap /etc/cinder/rootwrap.conf cinder-rtstool get-targets {{(pid=125225) execute /usr/local/lib/python3.12/site-packages/oslo_concurrency/processutils.py:440}}
Mar 17 10:36:23.220121 np0005649721.novalocal sudo[146568]: stack : PWD=/ ; USER=root ; COMMAND=/usr/local/bin/cinder-rootwrap /etc/cinder/rootwrap.conf cinder-rtstool get-targets
Mar 17 10:36:23.768975 np0005649721.novalocal cinder-volume[125225]: DEBUG oslo_concurrency.processutils [req-e117ce10-65c6-438f-8cee-243b24d1b287 req-4874e001-9179-40ae-ad85-03ffb9f6792b tempest-ImageDependencyTests-180171152 None] CMD "sudo cinder-rootwrap /etc/cinder/rootwrap.conf cinder-rtstool get-targets" returned: 0 in 0.567s {{(pid=125225) execute /usr/local/lib/python3.12/site-packages/oslo_concurrency/processutils.py:468}}
Mar 17 10:36:23.769611 np0005649721.novalocal cinder-volume[125225]: DEBUG oslo_concurrency.lockutils [req-e117ce10-65c6-438f-8cee-243b24d1b287 req-4874e001-9179-40ae-ad85-03ffb9f6792b tempest-ImageDependencyTests-180171152 None] Lock "lioadm" "released" by "cinder.volume.targets.lio.LioAdm._execute" :: held 0.569s {{(pid=125225) inner /usr/local/lib/python3.12/site-packages/oslo_concurrency/lockutils.py:538}}
Mar 17 10:36:23.769974 np0005649721.novalocal cinder-volume[125225]: INFO cinder.volume.targets.lio [req-e117ce10-65c6-438f-8cee-243b24d1b287 req-4874e001-9179-40ae-ad85-03ffb9f6792b tempest-ImageDependencyTests-180171152 None] Removing iscsi_target: cc53d509-8d74-42a4-b8d4-2f60586aa466
Mar 17 10:36:23.770248 np0005649721.novalocal cinder-volume[125225]: DEBUG oslo_concurrency.lockutils [req-e117ce10-65c6-438f-8cee-243b24d1b287 req-4874e001-9179-40ae-ad85-03ffb9f6792b tempest-ImageDependencyTests-180171152 None] Acquiring lock "lioadm" by "cinder.volume.targets.lio.LioAdm._execute" {{(pid=125225) inner /usr/local/lib/python3.12/site-packages/oslo_concurrency/lockutils.py:506}}
Mar 17 10:36:23.770902 np0005649721.novalocal cinder-volume[125225]: DEBUG oslo_concurrency.lockutils [req-e117ce10-65c6-438f-8cee-243b24d1b287 req-4874e001-9179-40ae-ad85-03ffb9f6792b tempest-ImageDependencyTests-180171152 None] Lock "lioadm" acquired by "cinder.volume.targets.lio.LioAdm._execute" :: waited 0.001s {{(pid=125225) inner /usr/local/lib/python3.12/site-packages/oslo_concurrency/lockutils.py:519}}
Mar 17 10:36:23.771511 np0005649721.novalocal cinder-volume[125225]: DEBUG oslo_concurrency.processutils [req-e117ce10-65c6-438f-8cee-243b24d1b287 req-4874e001-9179-40ae-ad85-03ffb9f6792b tempest-ImageDependencyTests-180171152 None] Running cmd (subprocess): sudo cinder-rootwrap /etc/cinder/rootwrap.conf cinder-rtstool delete iqn.2010-10.org.openstack:volume-cc53d509-8d74-42a4-b8d4-2f60586aa466 {{(pid=125225) execute /usr/local/lib/python3.12/site-packages/oslo_concurrency/processutils.py:440}}
Mar 17 10:36:23.789893 np0005649721.novalocal sudo[146574]: stack : PWD=/ ; USER=root ; COMMAND=/usr/local/bin/cinder-rootwrap /etc/cinder/rootwrap.conf cinder-rtstool delete iqn.2010-10.org.openstack:volume-cc53d509-8d74-42a4-b8d4-2f60586aa466
Mar 17 10:36:24.246115 np0005649721.novalocal cinder-volume[125225]: DEBUG oslo_concurrency.processutils [req-e117ce10-65c6-438f-8cee-243b24d1b287 req-4874e001-9179-40ae-ad85-03ffb9f6792b tempest-ImageDependencyTests-180171152 None] CMD "sudo cinder-rootwrap /etc/cinder/rootwrap.conf cinder-rtstool delete iqn.2010-10.org.openstack:volume-cc53d509-8d74-42a4-b8d4-2f60586aa466" returned: 0 in 0.474s {{(pid=125225) execute /usr/local/lib/python3.12/site-packages/oslo_concurrency/processutils.py:468}}
Mar 17 10:36:24.246511 np0005649721.novalocal cinder-volume[125225]: DEBUG oslo_concurrency.lockutils [req-e117ce10-65c6-438f-8cee-243b24d1b287 req-4874e001-9179-40ae-ad85-03ffb9f6792b tempest-ImageDependencyTests-180171152 None] Lock "lioadm" "released" by "cinder.volume.targets.lio.LioAdm._execute" :: held 0.476s {{(pid=125225) inner /usr/local/lib/python3.12/site-packages/oslo_concurrency/lockutils.py:538}}
Mar 17 10:36:24.246511 np0005649721.novalocal cinder-volume[125225]: DEBUG oslo_concurrency.lockutils [req-e117ce10-65c6-438f-8cee-243b24d1b287 req-4874e001-9179-40ae-ad85-03ffb9f6792b tempest-ImageDependencyTests-180171152 None] Acquiring lock "lioadm" by "cinder.volume.targets.lio.LioAdm._execute" {{(pid=125225) inner /usr/local/lib/python3.12/site-packages/oslo_concurrency/lockutils.py:506}}
Mar 17 10:36:24.246755 np0005649721.novalocal cinder-volume[125225]: DEBUG oslo_concurrency.lockutils [req-e117ce10-65c6-438f-8cee-243b24d1b287 req-4874e001-9179-40ae-ad85-03ffb9f6792b tempest-ImageDependencyTests-180171152 None] Lock "lioadm" acquired by "cinder.volume.targets.lio.LioAdm._execute" :: waited 0.000s {{(pid=125225) inner /usr/local/lib/python3.12/site-packages/oslo_concurrency/lockutils.py:519}}
Mar 17 10:36:24.247014 np0005649721.novalocal cinder-volume[125225]: DEBUG oslo_concurrency.processutils [req-e117ce10-65c6-438f-8cee-243b24d1b287 req-4874e001-9179-40ae-ad85-03ffb9f6792b tempest-ImageDependencyTests-180171152 None] Running cmd (subprocess): sudo cinder-rootwrap /etc/cinder/rootwrap.conf cinder-rtstool save {{(pid=125225) execute /usr/local/lib/python3.12/site-packages/oslo_concurrency/processutils.py:440}}
Mar 17 10:36:24.269827 np0005649721.novalocal sudo[146580]: stack : PWD=/ ; USER=root ; COMMAND=/usr/local/bin/cinder-rootwrap /etc/cinder/rootwrap.conf cinder-rtstool save
Mar 17 10:36:24.777486 np0005649721.novalocal cinder-volume[125225]: DEBUG oslo_concurrency.processutils [req-e117ce10-65c6-438f-8cee-243b24d1b287 req-4874e001-9179-40ae-ad85-03ffb9f6792b tempest-ImageDependencyTests-180171152 None] CMD "sudo cinder-rootwrap /etc/cinder/rootwrap.conf cinder-rtstool save" returned: 0 in 0.530s {{(pid=125225) execute /usr/local/lib/python3.12/site-packages/oslo_concurrency/processutils.py:468}}
Mar 17 10:36:24.777789 np0005649721.novalocal cinder-volume[125225]: DEBUG oslo_concurrency.lockutils [req-e117ce10-65c6-438f-8cee-243b24d1b287 req-4874e001-9179-40ae-ad85-03ffb9f6792b tempest-ImageDependencyTests-180171152 None] Lock "lioadm" "released" by "cinder.volume.targets.lio.LioAdm._execute" :: held 0.531s {{(pid=125225) inner /usr/local/lib/python3.12/site-packages/oslo_concurrency/lockutils.py:538}}
Mar 17 10:36:25.381471 np0005649721.novalocal cinder-volume[125225]: DEBUG cinder.coordination [req-e117ce10-65c6-438f-8cee-243b24d1b287 req-d91c4798-6f38-475e-bacd-9ae2e4302bbe tempest-ImageDependencyTests-180171152 None] Acquiring lock "cinder-cc53d509-8d74-42a4-b8d4-2f60586aa466-delete_volume" by "delete_volume" {{(pid=125225) __acquire /opt/stack/cinder/cinder/coordination.py:138}}
Mar 17 10:36:25.395407 np0005649721.novalocal cinder-volume[125225]: DEBUG cinder.coordination [req-e117ce10-65c6-438f-8cee-243b24d1b287 req-d91c4798-6f38-475e-bacd-9ae2e4302bbe tempest-ImageDependencyTests-180171152 None] Lock "cinder-cc53d509-8d74-42a4-b8d4-2f60586aa466-delete_volume" acquired by "delete_volume" :: waited 0.013s {{(pid=125225) __acquire /opt/stack/cinder/cinder/coordination.py:141}}
Mar 17 10:36:25.428164 np0005649721.novalocal cinder-volume[125225]: DEBUG oslo_concurrency.lockutils [req-e117ce10-65c6-438f-8cee-243b24d1b287 req-d91c4798-6f38-475e-bacd-9ae2e4302bbe tempest-ImageDependencyTests-180171152 None] Acquiring lock "lioadm" by "cinder.volume.targets.lio.LioAdm._execute" {{(pid=125225) inner /usr/local/lib/python3.12/site-packages/oslo_concurrency/lockutils.py:506}}
Mar 17 10:36:25.429020 np0005649721.novalocal cinder-volume[125225]: DEBUG oslo_concurrency.lockutils [req-e117ce10-65c6-438f-8cee-243b24d1b287 req-d91c4798-6f38-475e-bacd-9ae2e4302bbe tempest-ImageDependencyTests-180171152 None] Lock "lioadm" acquired by "cinder.volume.targets.lio.LioAdm._execute" :: waited 0.001s {{(pid=125225) inner /usr/local/lib/python3.12/site-packages/oslo_concurrency/lockutils.py:519}}
Mar 17 10:36:25.429800 np0005649721.novalocal cinder-volume[125225]: DEBUG oslo_concurrency.processutils [req-e117ce10-65c6-438f-8cee-243b24d1b287 req-d91c4798-6f38-475e-bacd-9ae2e4302bbe tempest-ImageDependencyTests-180171152 None] Running cmd (subprocess): sudo cinder-rootwrap /etc/cinder/rootwrap.conf cinder-rtstool get-targets {{(pid=125225) execute /usr/local/lib/python3.12/site-packages/oslo_concurrency/processutils.py:440}}
Mar 17 10:36:25.456694 np0005649721.novalocal sudo[146586]: stack : PWD=/ ; USER=root ; COMMAND=/usr/local/bin/cinder-rootwrap /etc/cinder/rootwrap.conf cinder-rtstool get-targets
Mar 17 10:36:25.982506 np0005649721.novalocal cinder-volume[125225]: DEBUG oslo_concurrency.processutils [req-e117ce10-65c6-438f-8cee-243b24d1b287 req-d91c4798-6f38-475e-bacd-9ae2e4302bbe tempest-ImageDependencyTests-180171152 None] CMD "sudo cinder-rootwrap /etc/cinder/rootwrap.conf cinder-rtstool get-targets" returned: 0 in 0.550s {{(pid=125225) execute /usr/local/lib/python3.12/site-packages/oslo_concurrency/processutils.py:468}}
Mar 17 10:36:25.982506 np0005649721.novalocal cinder-volume[125225]: DEBUG oslo_concurrency.lockutils [req-e117ce10-65c6-438f-8cee-243b24d1b287 req-d91c4798-6f38-475e-bacd-9ae2e4302bbe tempest-ImageDependencyTests-180171152 None] Lock "lioadm" "released" by "cinder.volume.targets.lio.LioAdm._execute" :: held 0.552s {{(pid=125225) inner /usr/local/lib/python3.12/site-packages/oslo_concurrency/lockutils.py:538}}
Mar 17 10:36:25.982506 np0005649721.novalocal cinder-volume[125225]: INFO cinder.volume.targets.iscsi [req-e117ce10-65c6-438f-8cee-243b24d1b287 req-d91c4798-6f38-475e-bacd-9ae2e4302bbe tempest-ImageDependencyTests-180171152 None] Skipping remove_export. No iscsi_target is presently exported for volume: cc53d509-8d74-42a4-b8d4-2f60586aa466
Mar 17 10:36:25.983191 np0005649721.novalocal cinder-volume[125225]: DEBUG oslo_concurrency.processutils [req-e117ce10-65c6-438f-8cee-243b24d1b287 req-d91c4798-6f38-475e-bacd-9ae2e4302bbe tempest-ImageDependencyTests-180171152 None] Running cmd (subprocess): sudo cinder-rootwrap /etc/cinder/rootwrap.conf env LC_ALL=C lvs --noheadings --unit=g -o vg_name,name,size --nosuffix --readonly stack-volumes-lvmdriver-1/volume-cc53d509-8d74-42a4-b8d4-2f60586aa466 {{(pid=125225) execute /usr/local/lib/python3.12/site-packages/oslo_concurrency/processutils.py:440}}
Mar 17 10:36:26.008247 np0005649721.novalocal sudo[146592]: stack : PWD=/ ; USER=root ; COMMAND=/usr/local/bin/cinder-rootwrap /etc/cinder/rootwrap.conf env LC_ALL=C lvs --noheadings --unit=g -o vg_name,name,size --nosuffix --readonly stack-volumes-lvmdriver-1/volume-cc53d509-8d74-42a4-b8d4-2f60586aa466
Mar 17 10:36:26.365057 np0005649721.novalocal cinder-volume[125225]: DEBUG oslo_concurrency.processutils [req-e117ce10-65c6-438f-8cee-243b24d1b287 req-d91c4798-6f38-475e-bacd-9ae2e4302bbe tempest-ImageDependencyTests-180171152 None] CMD "sudo cinder-rootwrap /etc/cinder/rootwrap.conf env LC_ALL=C lvs --noheadings --unit=g -o vg_name,name,size --nosuffix --readonly stack-volumes-lvmdriver-1/volume-cc53d509-8d74-42a4-b8d4-2f60586aa466" returned: 0 in 0.381s {{(pid=125225) execute /usr/local/lib/python3.12/site-packages/oslo_concurrency/processutils.py:468}}
Mar 17 10:36:26.370273 np0005649721.novalocal cinder-volume[125225]: DEBUG oslo_concurrency.processutils [req-e117ce10-65c6-438f-8cee-243b24d1b287 req-d91c4798-6f38-475e-bacd-9ae2e4302bbe tempest-ImageDependencyTests-180171152 None] Running cmd (subprocess): sudo cinder-rootwrap /etc/cinder/rootwrap.conf env LC_ALL=C lvdisplay --noheading -C -o Attr --readonly stack-volumes-lvmdriver-1/volume-cc53d509-8d74-42a4-b8d4-2f60586aa466 {{(pid=125225) execute /usr/local/lib/python3.12/site-packages/oslo_concurrency/processutils.py:440}}
Mar 17 10:36:26.399187 np0005649721.novalocal sudo[146599]: stack : PWD=/ ; USER=root ; COMMAND=/usr/local/bin/cinder-rootwrap /etc/cinder/rootwrap.conf env LC_ALL=C lvdisplay --noheading -C -o Attr --readonly stack-volumes-lvmdriver-1/volume-cc53d509-8d74-42a4-b8d4-2f60586aa466
Mar 17 10:36:26.769350 np0005649721.novalocal cinder-volume[125225]: DEBUG oslo_concurrency.processutils [req-e117ce10-65c6-438f-8cee-243b24d1b287 req-d91c4798-6f38-475e-bacd-9ae2e4302bbe tempest-ImageDependencyTests-180171152 None] CMD "sudo cinder-rootwrap /etc/cinder/rootwrap.conf env LC_ALL=C lvdisplay --noheading -C -o Attr --readonly stack-volumes-lvmdriver-1/volume-cc53d509-8d74-42a4-b8d4-2f60586aa466" returned: 0 in 0.401s {{(pid=125225) execute /usr/local/lib/python3.12/site-packages/oslo_concurrency/processutils.py:468}}
Mar 17 10:36:26.770285 np0005649721.novalocal cinder-volume[125225]: DEBUG oslo_concurrency.processutils [req-e117ce10-65c6-438f-8cee-243b24d1b287 req-d91c4798-6f38-475e-bacd-9ae2e4302bbe tempest-ImageDependencyTests-180171152 None] Running cmd (subprocess): sudo cinder-rootwrap /etc/cinder/rootwrap.conf lvremove --config activation { retry_deactivation = 1} -f stack-volumes-lvmdriver-1/volume-cc53d509-8d74-42a4-b8d4-2f60586aa466 {{(pid=125225) execute /usr/local/lib/python3.12/site-packages/oslo_concurrency/processutils.py:440}}
Mar 17 10:36:26.794685 np0005649721.novalocal sudo[146604]: stack : PWD=/ ; USER=root ; COMMAND=/usr/local/bin/cinder-rootwrap /etc/cinder/rootwrap.conf lvremove --config 'activation { retry_deactivation = 1} ' -f stack-volumes-lvmdriver-1/volume-cc53d509-8d74-42a4-b8d4-2f60586aa466
Mar 17 10:36:27.182863 np0005649721.novalocal cinder-volume[125225]: DEBUG oslo_concurrency.processutils [req-e117ce10-65c6-438f-8cee-243b24d1b287 req-d91c4798-6f38-475e-bacd-9ae2e4302bbe tempest-ImageDependencyTests-180171152 None] CMD "sudo cinder-rootwrap /etc/cinder/rootwrap.conf lvremove --config activation { retry_deactivation = 1} -f stack-volumes-lvmdriver-1/volume-cc53d509-8d74-42a4-b8d4-2f60586aa466" returned: 0 in 0.412s {{(pid=125225) execute /usr/local/lib/python3.12/site-packages/oslo_concurrency/processutils.py:468}}
Mar 17 10:36:27.183207 np0005649721.novalocal cinder-volume[125225]: INFO cinder.volume.drivers.lvm [req-e117ce10-65c6-438f-8cee-243b24d1b287 req-d91c4798-6f38-475e-bacd-9ae2e4302bbe tempest-ImageDependencyTests-180171152 None] Successfully deleted volume: cc53d509-8d74-42a4-b8d4-2f60586aa466
Mar 17 10:36:27.219800 np0005649721.novalocal cinder-volume[125225]: DEBUG cinder.quota [req-e117ce10-65c6-438f-8cee-243b24d1b287 req-d91c4798-6f38-475e-bacd-9ae2e4302bbe tempest-ImageDependencyTests-180171152 None] Created reservations ['a3c6deab-0bea-4416-90a5-39bd2a3a6807', 'd227f86d-e311-492a-98c2-bd313aaea6fa', '3dd2be64-6f42-47df-8451-e537b461ec7d', '0dc4c49f-ef7b-48c7-9c38-887030c8204b'] {{(pid=125225) reserve /opt/stack/cinder/cinder/quota.py:752}}
Mar 17 10:36:27.266362 np0005649721.novalocal cinder-volume[125225]: DEBUG cinder.volume.drivers.lvm [req-e117ce10-65c6-438f-8cee-243b24d1b287 req-d91c4798-6f38-475e-bacd-9ae2e4302bbe tempest-ImageDependencyTests-180171152 None] Updating volume stats {{(pid=125225) _update_volume_stats /opt/stack/cinder/cinder/volume/drivers/lvm.py:228}}
Mar 17 10:36:27.266362 np0005649721.novalocal cinder-volume[125225]: DEBUG oslo_concurrency.processutils [req-e117ce10-65c6-438f-8cee-243b24d1b287 req-d91c4798-6f38-475e-bacd-9ae2e4302bbe tempest-ImageDependencyTests-180171152 None] Running cmd (subprocess): sudo cinder-rootwrap /etc/cinder/rootwrap.conf env LC_ALL=C vgs --noheadings --unit=g -o name,size,free,lv_count,uuid --separator : --nosuffix stack-volumes-lvmdriver-1 {{(pid=125225) execute /usr/local/lib/python3.12/site-packages/oslo_concurrency/processutils.py:440}}
Mar 17 10:36:27.285238 np0005649721.novalocal sudo[146614]: stack : PWD=/ ; USER=root ; COMMAND=/usr/local/bin/cinder-rootwrap /etc/cinder/rootwrap.conf env LC_ALL=C vgs --noheadings --unit=g -o name,size,free,lv_count,uuid --separator : --nosuffix stack-volumes-lvmdriver-1
