Mar 17 10:54:25.838054 np0005649721.novalocal cinder-volume[125225]: DEBUG cinder.image.cache [None req-0dc2b244-9120-4c69-8479-5ef18a9a4468 tempest-AttachVolumeMultiAttachTest-796040200 None] Image-volume cache entry image_update_at = 2026-03-17 14:22:58+00:00, requested image updated_at = 2026-03-17 14:22:58+00:00. {{(pid=125225) _should_update_entry /opt/stack/cinder/cinder/image/cache.py:267}}
Mar 17 10:54:25.838524 np0005649721.novalocal cinder-volume[125225]: DEBUG cinder.volume.flows.manager.create_volume [None req-0dc2b244-9120-4c69-8479-5ef18a9a4468 tempest-AttachVolumeMultiAttachTest-796040200 None] Creating from source image-volume c4bf5875-ee1e-44a8-b60b-cad132b7d6f5 {{(pid=125225) _create_from_image_cache /opt/stack/cinder/cinder/volume/flows/manager/create_volume.py:850}}
Mar 17 10:54:25.850481 np0005649721.novalocal cinder-volume[125225]: DEBUG oslo_concurrency.processutils [None req-0dc2b244-9120-4c69-8479-5ef18a9a4468 tempest-AttachVolumeMultiAttachTest-796040200 None] Running cmd (subprocess): sudo cinder-rootwrap /etc/cinder/rootwrap.conf env LC_ALL=C lvs --noheadings --unit=g -o vg_name,name,size --nosuffix --readonly stack-volumes-lvmdriver-1/volume-c4bf5875-ee1e-44a8-b60b-cad132b7d6f5 {{(pid=125225) execute /usr/local/lib/python3.12/site-packages/oslo_concurrency/processutils.py:440}}
Mar 17 10:54:25.879251 np0005649721.novalocal sudo[160491]: stack : PWD=/ ; USER=root ; COMMAND=/usr/local/bin/cinder-rootwrap /etc/cinder/rootwrap.conf env LC_ALL=C lvs --noheadings --unit=g -o vg_name,name,size --nosuffix --readonly stack-volumes-lvmdriver-1/volume-c4bf5875-ee1e-44a8-b60b-cad132b7d6f5
Mar 17 10:54:26.223157 np0005649721.novalocal cinder-volume[125225]: DEBUG oslo_concurrency.processutils [None req-0dc2b244-9120-4c69-8479-5ef18a9a4468 tempest-AttachVolumeMultiAttachTest-796040200 None] CMD "sudo cinder-rootwrap /etc/cinder/rootwrap.conf env LC_ALL=C lvs --noheadings --unit=g -o vg_name,name,size --nosuffix --readonly stack-volumes-lvmdriver-1/volume-c4bf5875-ee1e-44a8-b60b-cad132b7d6f5" returned: 0 in 0.372s {{(pid=125225) execute /usr/local/lib/python3.12/site-packages/oslo_concurrency/processutils.py:468}}
Mar 17 10:54:26.224991 np0005649721.novalocal cinder-volume[125225]: DEBUG oslo_concurrency.processutils [None req-0dc2b244-9120-4c69-8479-5ef18a9a4468 tempest-AttachVolumeMultiAttachTest-796040200 None] Running cmd (subprocess): sudo cinder-rootwrap /etc/cinder/rootwrap.conf env LC_ALL=C lvcreate --name volume-c60a94a6-3ed5-4c24-9769-d4d2af9af08c --snapshot stack-volumes-lvmdriver-1/volume-c4bf5875-ee1e-44a8-b60b-cad132b7d6f5 {{(pid=125225) execute /usr/local/lib/python3.12/site-packages/oslo_concurrency/processutils.py:440}}
Mar 17 10:54:26.250276 np0005649721.novalocal sudo[160497]: stack : PWD=/ ; USER=root ; COMMAND=/usr/local/bin/cinder-rootwrap /etc/cinder/rootwrap.conf env LC_ALL=C lvcreate --name volume-c60a94a6-3ed5-4c24-9769-d4d2af9af08c --snapshot stack-volumes-lvmdriver-1/volume-c4bf5875-ee1e-44a8-b60b-cad132b7d6f5
Mar 17 10:54:26.653906 np0005649721.novalocal cinder-volume[125225]: DEBUG oslo_concurrency.processutils [None req-0dc2b244-9120-4c69-8479-5ef18a9a4468 tempest-AttachVolumeMultiAttachTest-796040200 None] CMD "sudo cinder-rootwrap /etc/cinder/rootwrap.conf env LC_ALL=C lvcreate --name volume-c60a94a6-3ed5-4c24-9769-d4d2af9af08c --snapshot stack-volumes-lvmdriver-1/volume-c4bf5875-ee1e-44a8-b60b-cad132b7d6f5" returned: 0 in 0.429s {{(pid=125225) execute /usr/local/lib/python3.12/site-packages/oslo_concurrency/processutils.py:468}}
Mar 17 10:54:26.654892 np0005649721.novalocal cinder-volume[125225]: DEBUG oslo_concurrency.processutils [None req-0dc2b244-9120-4c69-8479-5ef18a9a4468 tempest-AttachVolumeMultiAttachTest-796040200 None] Running cmd (subprocess): sudo cinder-rootwrap /etc/cinder/rootwrap.conf lvchange -a y --yes -k n stack-volumes-lvmdriver-1/volume-c60a94a6-3ed5-4c24-9769-d4d2af9af08c {{(pid=125225) execute /usr/local/lib/python3.12/site-packages/oslo_concurrency/processutils.py:440}}
Mar 17 10:54:26.681122 np0005649721.novalocal sudo[160508]: stack : PWD=/ ; USER=root ; COMMAND=/usr/local/bin/cinder-rootwrap /etc/cinder/rootwrap.conf lvchange -a y --yes -k n stack-volumes-lvmdriver-1/volume-c60a94a6-3ed5-4c24-9769-d4d2af9af08c
Mar 17 10:54:27.096808 np0005649721.novalocal cinder-volume[125225]: DEBUG oslo_concurrency.processutils [None req-0dc2b244-9120-4c69-8479-5ef18a9a4468 tempest-AttachVolumeMultiAttachTest-796040200 None] CMD "sudo cinder-rootwrap /etc/cinder/rootwrap.conf lvchange -a y --yes -k n stack-volumes-lvmdriver-1/volume-c60a94a6-3ed5-4c24-9769-d4d2af9af08c" returned: 0 in 0.441s {{(pid=125225) execute /usr/local/lib/python3.12/site-packages/oslo_concurrency/processutils.py:468}}
Mar 17 10:54:27.097938 np0005649721.novalocal cinder-volume[125225]: DEBUG cinder.volume.volume_utils [None req-0dc2b244-9120-4c69-8479-5ef18a9a4468 tempest-AttachVolumeMultiAttachTest-796040200 None] Marking volume c60a94a6-3ed5-4c24-9769-d4d2af9af08c as bootable. {{(pid=125225) enable_bootable_flag /opt/stack/cinder/cinder/volume/volume_utils.py:1138}}
Mar 17 10:54:27.113599 np0005649721.novalocal cinder-volume[125225]: DEBUG cinder.volume.flows.manager.create_volume [None req-0dc2b244-9120-4c69-8479-5ef18a9a4468 tempest-AttachVolumeMultiAttachTest-796040200 None] Copying metadata from image 94d916c9-b3b0-4ece-826a-886c90b57bfd to c60a94a6-3ed5-4c24-9769-d4d2af9af08c. {{(pid=125225) _handle_bootable_volume_glance_meta /opt/stack/cinder/cinder/volume/flows/manager/create_volume.py:450}}
Mar 17 10:54:27.113910 np0005649721.novalocal cinder-volume[125225]: DEBUG cinder.volume.flows.manager.create_volume [None req-0dc2b244-9120-4c69-8479-5ef18a9a4468 tempest-AttachVolumeMultiAttachTest-796040200 None] Creating volume glance metadata for volume c60a94a6-3ed5-4c24-9769-d4d2af9af08c backed by image 94d916c9-b3b0-4ece-826a-886c90b57bfd with: {'hw_rng_model': 'virtio', 'owner_specified.openstack.md5': '', 'owner_specified.openstack.sha256': '', 'owner_specified.openstack.object': 'images/cirros-0.6.3-x86_64-disk', 'os_glance_importing_to_stores': '', 'os_glance_failed_import': '', 'image_id': '94d916c9-b3b0-4ece-826a-886c90b57bfd', 'image_name': 'cirros-0.6.3-x86_64-disk', 'checksum': '87617e24a5e30cb3b87fda8c0764838f', 'container_format': 'bare', 'disk_format': 'qcow2', 'min_disk': 0, 'min_ram': 0, 'size': 21692416}. {{(pid=125225) _capture_volume_image_metadata /opt/stack/cinder/cinder/volume/flows/manager/create_volume.py:682}}
Mar 17 10:54:27.170549 np0005649721.novalocal cinder-volume[125225]: DEBUG cinder.volume.manager [None req-0dc2b244-9120-4c69-8479-5ef18a9a4468 tempest-AttachVolumeMultiAttachTest-796040200 None] Task 'cinder.volume.flows.manager.create_volume.CreateVolumeFromSpecTask;volume:create' (0592d0c5-e69f-43e1-8579-a82262d8fcc2) transitioned into state 'SUCCESS' from state 'RUNNING' with result '{'status': 'creating', 'volume_name': 'volume-c60a94a6-3ed5-4c24-9769-d4d2af9af08c', 'volume_size': 1, 'image_id': '94d916c9-b3b0-4ece-826a-886c90b57bfd', 'image_location': (None, [{'url': 'swift+config://ref1/glance/94d916c9-b3b0-4ece-826a-886c90b57bfd', 'metadata': {}}]), 'image_meta': {'name': 'cirros-0.6.3-x86_64-disk', 'disk_format': 'qcow2', 'container_format': 'bare', 'visibility': 'public', 'size': 21692416, 'virtual_size': 117440512, 'status': 'active', 'checksum': '87617e24a5e30cb3b87fda8c0764838f', 'protected': False, 'min_ram': 0, 'min_disk': 0, 'owner': '49b86e53968b4cb0a63f7e8654ed616a', 'os_hidden': False, 'os_hash_algo': 'sha512', 'os_hash_value': '9a9bce0083a00939ec17c11febbfc767aa211aaa54f51e75c5a8b271a9b5637c77205a518b7a2007cb391d23cceb01e0e4e8d64832317151bc85b734b92a7be0', 'id': '94d916c9-b3b0-4ece-826a-886c90b57bfd', 'created_at': datetime.datetime(2026, 3, 17, 14, 22, 55, tzinfo=datetime.timezone.utc), 'updated_at': datetime.datetime(2026, 3, 17, 14, 22, 58, tzinfo=datetime.timezone.utc), 'tags': [], 'file': '/v2/images/94d916c9-b3b0-4ece-826a-886c90b57bfd/file', 'properties': {'hw_rng_model': 'virtio', 'owner_specified.openstack.md5': '', 'owner_specified.openstack.sha256': '', 'owner_specified.openstack.object': 'images/cirros-0.6.3-x86_64-disk', 'os_glance_importing_to_stores': '', 'os_glance_failed_import': ''}}, 'image_service': }' {{(pid=125225) _task_receiver /usr/local/lib/python3.12/site-packages/taskflow/listeners/logging.py:182}}
Mar 17 10:54:27.174151 np0005649721.novalocal cinder-volume[125225]: DEBUG cinder.volume.manager [None req-0dc2b244-9120-4c69-8479-5ef18a9a4468 tempest-AttachVolumeMultiAttachTest-796040200 None] Task 'cinder.volume.flows.manager.create_volume.CreateVolumeOnFinishTask;volume:create, create.end' (1bfc90fa-8003-42bc-bccd-3e5450d67f34) transitioned into state 'RUNNING' from state 'PENDING' {{(pid=125225) _task_receiver /usr/local/lib/python3.12/site-packages/taskflow/listeners/logging.py:194}}
Mar 17 10:54:27.180905 np0005649721.novalocal cinder-volume[125225]: INFO cinder.volume.flows.manager.create_volume [None req-0dc2b244-9120-4c69-8479-5ef18a9a4468 tempest-AttachVolumeMultiAttachTest-796040200 None] Volume volume-c60a94a6-3ed5-4c24-9769-d4d2af9af08c (c60a94a6-3ed5-4c24-9769-d4d2af9af08c): created successfully
Mar 17 10:54:27.183621 np0005649721.novalocal cinder-volume[125225]: DEBUG cinder.volume.manager [None req-0dc2b244-9120-4c69-8479-5ef18a9a4468 tempest-AttachVolumeMultiAttachTest-796040200 None] Task 'cinder.volume.flows.manager.create_volume.CreateVolumeOnFinishTask;volume:create, create.end' (1bfc90fa-8003-42bc-bccd-3e5450d67f34) transitioned into state 'SUCCESS' from state 'RUNNING' with result 'None' {{(pid=125225) _task_receiver /usr/local/lib/python3.12/site-packages/taskflow/listeners/logging.py:182}}
Mar 17 10:54:27.187468 np0005649721.novalocal cinder-volume[125225]: DEBUG cinder.volume.manager [None req-0dc2b244-9120-4c69-8479-5ef18a9a4468 tempest-AttachVolumeMultiAttachTest-796040200 None] Flow 'volume_create_manager' (5ccae9e3-db20-4971-9d55-3f1b172cc633) transitioned into state 'SUCCESS' from state 'RUNNING' {{(pid=125225) _flow_receiver /usr/local/lib/python3.12/site-packages/taskflow/listeners/logging.py:145}}
Mar 17 10:54:27.194828 np0005649721.novalocal cinder-volume[125225]: INFO cinder.volume.manager [None req-0dc2b244-9120-4c69-8479-5ef18a9a4468 tempest-AttachVolumeMultiAttachTest-796040200 None] Created volume successfully.
Mar 17 10:54:34.851570 np0005649721.novalocal cinder-volume[125225]: DEBUG oslo_concurrency.processutils [req-c95e6ea4-40f5-41f7-9bd5-b03c8499917b req-e6dea2cf-591a-4e38-87d1-a007bd364706 tempest-AttachVolumeMultiAttachTest-796040200 None] Running cmd (subprocess): sudo cinder-rootwrap /etc/cinder/rootwrap.conf lvchange -a y --yes -K stack-volumes-lvmdriver-1/volume-c60a94a6-3ed5-4c24-9769-d4d2af9af08c {{(pid=125225) execute /usr/local/lib/python3.12/site-packages/oslo_concurrency/processutils.py:440}}
Mar 17 10:54:34.879491 np0005649721.novalocal sudo[160531]: stack : PWD=/ ; USER=root ; COMMAND=/usr/local/bin/cinder-rootwrap /etc/cinder/rootwrap.conf lvchange -a y --yes -K stack-volumes-lvmdriver-1/volume-c60a94a6-3ed5-4c24-9769-d4d2af9af08c
Mar 17 10:54:35.289322 np0005649721.novalocal cinder-volume[125225]: DEBUG oslo_concurrency.processutils [req-c95e6ea4-40f5-41f7-9bd5-b03c8499917b req-e6dea2cf-591a-4e38-87d1-a007bd364706 tempest-AttachVolumeMultiAttachTest-796040200 None] CMD "sudo cinder-rootwrap /etc/cinder/rootwrap.conf lvchange -a y --yes -K stack-volumes-lvmdriver-1/volume-c60a94a6-3ed5-4c24-9769-d4d2af9af08c" returned: 0 in 0.438s {{(pid=125225) execute /usr/local/lib/python3.12/site-packages/oslo_concurrency/processutils.py:468}}
Mar 17 10:54:35.308975 np0005649721.novalocal cinder-volume[125225]: INFO cinder.volume.targets.lio [req-c95e6ea4-40f5-41f7-9bd5-b03c8499917b req-e6dea2cf-591a-4e38-87d1-a007bd364706 tempest-AttachVolumeMultiAttachTest-796040200 None] Creating iscsi_target for volume: volume-c60a94a6-3ed5-4c24-9769-d4d2af9af08c
Mar 17 10:54:35.308975 np0005649721.novalocal cinder-volume[125225]: DEBUG oslo_concurrency.lockutils [req-c95e6ea4-40f5-41f7-9bd5-b03c8499917b req-e6dea2cf-591a-4e38-87d1-a007bd364706 tempest-AttachVolumeMultiAttachTest-796040200 None] Acquiring lock "lioadm" by "cinder.volume.targets.lio.LioAdm._execute" {{(pid=125225) inner /usr/local/lib/python3.12/site-packages/oslo_concurrency/lockutils.py:506}}
Mar 17 10:54:35.309679 np0005649721.novalocal cinder-volume[125225]: DEBUG oslo_concurrency.lockutils [req-c95e6ea4-40f5-41f7-9bd5-b03c8499917b req-e6dea2cf-591a-4e38-87d1-a007bd364706 tempest-AttachVolumeMultiAttachTest-796040200 None] Lock "lioadm" acquired by "cinder.volume.targets.lio.LioAdm._execute" :: waited 0.001s {{(pid=125225) inner /usr/local/lib/python3.12/site-packages/oslo_concurrency/lockutils.py:519}}
Mar 17 10:54:35.310367 np0005649721.novalocal cinder-volume[125225]: DEBUG oslo_concurrency.processutils [req-c95e6ea4-40f5-41f7-9bd5-b03c8499917b req-e6dea2cf-591a-4e38-87d1-a007bd364706 tempest-AttachVolumeMultiAttachTest-796040200 None] Running cmd (subprocess): sudo cinder-rootwrap /etc/cinder/rootwrap.conf cinder-rtstool create /dev/stack-volumes-lvmdriver-1/volume-c60a94a6-3ed5-4c24-9769-d4d2af9af08c iqn.2010-10.org.openstack:volume-c60a94a6-3ed5-4c24-9769-d4d2af9af08c rPvSRKTzqrj5BdJtERwH ZBtRcNLeYfU5XLrN False -p3260 -a38.102.83.89 {{(pid=125225) execute /usr/local/lib/python3.12/site-packages/oslo_concurrency/processutils.py:440}}
Mar 17 10:54:35.340588 np0005649721.novalocal sudo[160538]: stack : PWD=/ ; USER=root ; COMMAND=/usr/local/bin/cinder-rootwrap /etc/cinder/rootwrap.conf cinder-rtstool create /dev/stack-volumes-lvmdriver-1/volume-c60a94a6-3ed5-4c24-9769-d4d2af9af08c iqn.2010-10.org.openstack:volume-c60a94a6-3ed5-4c24-9769-d4d2af9af08c rPvSRKTzqrj5BdJtERwH ZBtRcNLeYfU5XLrN False -p3260 -a38.102.83.89
Mar 17 10:54:35.862713 np0005649721.novalocal cinder-volume[125225]: DEBUG oslo_concurrency.processutils [req-c95e6ea4-40f5-41f7-9bd5-b03c8499917b req-e6dea2cf-591a-4e38-87d1-a007bd364706 tempest-AttachVolumeMultiAttachTest-796040200 None] CMD "sudo cinder-rootwrap /etc/cinder/rootwrap.conf cinder-rtstool create /dev/stack-volumes-lvmdriver-1/volume-c60a94a6-3ed5-4c24-9769-d4d2af9af08c iqn.2010-10.org.openstack:volume-c60a94a6-3ed5-4c24-9769-d4d2af9af08c rPvSRKTzqrj5BdJtERwH ZBtRcNLeYfU5XLrN False -p3260 -a38.102.83.89" returned: 0 in 0.551s {{(pid=125225) execute /usr/local/lib/python3.12/site-packages/oslo_concurrency/processutils.py:468}}
Mar 17 10:54:35.863610 np0005649721.novalocal cinder-volume[125225]: DEBUG oslo_concurrency.lockutils [req-c95e6ea4-40f5-41f7-9bd5-b03c8499917b req-e6dea2cf-591a-4e38-87d1-a007bd364706 tempest-AttachVolumeMultiAttachTest-796040200 None] Lock "lioadm" "released" by "cinder.volume.targets.lio.LioAdm._execute" :: held 0.554s {{(pid=125225) inner /usr/local/lib/python3.12/site-packages/oslo_concurrency/lockutils.py:538}}
Mar 17 10:54:35.864077 np0005649721.novalocal cinder-volume[125225]: DEBUG oslo_concurrency.lockutils [req-c95e6ea4-40f5-41f7-9bd5-b03c8499917b req-e6dea2cf-591a-4e38-87d1-a007bd364706 tempest-AttachVolumeMultiAttachTest-796040200 None] Acquiring lock "lioadm" by "cinder.volume.targets.lio.LioAdm._execute" {{(pid=125225) inner /usr/local/lib/python3.12/site-packages/oslo_concurrency/lockutils.py:506}}
Mar 17 10:54:35.865291 np0005649721.novalocal cinder-volume[125225]: DEBUG oslo_concurrency.lockutils [req-c95e6ea4-40f5-41f7-9bd5-b03c8499917b req-e6dea2cf-591a-4e38-87d1-a007bd364706 tempest-AttachVolumeMultiAttachTest-796040200 None] Lock "lioadm" acquired by "cinder.volume.targets.lio.LioAdm._execute" :: waited 0.001s {{(pid=125225) inner /usr/local/lib/python3.12/site-packages/oslo_concurrency/lockutils.py:519}}
Mar 17 10:54:35.865957 np0005649721.novalocal cinder-volume[125225]: DEBUG oslo_concurrency.processutils [req-c95e6ea4-40f5-41f7-9bd5-b03c8499917b req-e6dea2cf-591a-4e38-87d1-a007bd364706 tempest-AttachVolumeMultiAttachTest-796040200 None] Running cmd (subprocess): sudo cinder-rootwrap /etc/cinder/rootwrap.conf cinder-rtstool get-targets {{(pid=125225) execute /usr/local/lib/python3.12/site-packages/oslo_concurrency/processutils.py:440}}
Mar 17 10:54:35.895231 np0005649721.novalocal sudo[160544]: stack : PWD=/ ; USER=root ; COMMAND=/usr/local/bin/cinder-rootwrap /etc/cinder/rootwrap.conf cinder-rtstool get-targets
Mar 17 10:54:36.447083 np0005649721.novalocal cinder-volume[125225]: DEBUG oslo_concurrency.processutils [req-c95e6ea4-40f5-41f7-9bd5-b03c8499917b req-e6dea2cf-591a-4e38-87d1-a007bd364706 tempest-AttachVolumeMultiAttachTest-796040200 None] CMD "sudo cinder-rootwrap /etc/cinder/rootwrap.conf cinder-rtstool get-targets" returned: 0 in 0.579s {{(pid=125225) execute /usr/local/lib/python3.12/site-packages/oslo_concurrency/processutils.py:468}}
Mar 17 10:54:36.447739 np0005649721.novalocal cinder-volume[125225]: DEBUG oslo_concurrency.lockutils [req-c95e6ea4-40f5-41f7-9bd5-b03c8499917b req-e6dea2cf-591a-4e38-87d1-a007bd364706 tempest-AttachVolumeMultiAttachTest-796040200 None] Lock "lioadm" "released" by "cinder.volume.targets.lio.LioAdm._execute" :: held 0.583s {{(pid=125225) inner /usr/local/lib/python3.12/site-packages/oslo_concurrency/lockutils.py:538}}
Mar 17 10:54:36.448072 np0005649721.novalocal cinder-volume[125225]: DEBUG oslo_concurrency.lockutils [req-c95e6ea4-40f5-41f7-9bd5-b03c8499917b req-e6dea2cf-591a-4e38-87d1-a007bd364706 tempest-AttachVolumeMultiAttachTest-796040200 None] Acquiring lock "lioadm" by "cinder.volume.targets.lio.LioAdm._execute" {{(pid=125225) inner /usr/local/lib/python3.12/site-packages/oslo_concurrency/lockutils.py:506}}
Mar 17 10:54:36.448723 np0005649721.novalocal cinder-volume[125225]: DEBUG oslo_concurrency.lockutils [req-c95e6ea4-40f5-41f7-9bd5-b03c8499917b req-e6dea2cf-591a-4e38-87d1-a007bd364706 tempest-AttachVolumeMultiAttachTest-796040200 None] Lock "lioadm" acquired by "cinder.volume.targets.lio.LioAdm._execute" :: waited 0.001s {{(pid=125225) inner /usr/local/lib/python3.12/site-packages/oslo_concurrency/lockutils.py:519}}
Mar 17 10:54:36.449560 np0005649721.novalocal cinder-volume[125225]: DEBUG oslo_concurrency.processutils [req-c95e6ea4-40f5-41f7-9bd5-b03c8499917b req-e6dea2cf-591a-4e38-87d1-a007bd364706 tempest-AttachVolumeMultiAttachTest-796040200 None] Running cmd (subprocess): sudo cinder-rootwrap /etc/cinder/rootwrap.conf cinder-rtstool save {{(pid=125225) execute /usr/local/lib/python3.12/site-packages/oslo_concurrency/processutils.py:440}}
Mar 17 10:54:36.476652 np0005649721.novalocal sudo[160550]: stack : PWD=/ ; USER=root ; COMMAND=/usr/local/bin/cinder-rootwrap /etc/cinder/rootwrap.conf cinder-rtstool save
Mar 17 10:54:37.048696 np0005649721.novalocal cinder-volume[125225]: DEBUG oslo_concurrency.processutils [req-c95e6ea4-40f5-41f7-9bd5-b03c8499917b req-e6dea2cf-591a-4e38-87d1-a007bd364706 tempest-AttachVolumeMultiAttachTest-796040200 None] CMD "sudo cinder-rootwrap /etc/cinder/rootwrap.conf cinder-rtstool save" returned: 0 in 0.597s {{(pid=125225) execute /usr/local/lib/python3.12/site-packages/oslo_concurrency/processutils.py:468}}
Mar 17 10:54:37.048696 np0005649721.novalocal cinder-volume[125225]: DEBUG oslo_concurrency.lockutils [req-c95e6ea4-40f5-41f7-9bd5-b03c8499917b req-e6dea2cf-591a-4e38-87d1-a007bd364706 tempest-AttachVolumeMultiAttachTest-796040200 None] Lock "lioadm" "released" by "cinder.volume.targets.lio.LioAdm._execute" :: held 0.598s {{(pid=125225) inner /usr/local/lib/python3.12/site-packages/oslo_concurrency/lockutils.py:538}}
Mar 17 10:54:37.048696 np0005649721.novalocal cinder-volume[125225]: DEBUG cinder.volume.targets.iscsi [req-c95e6ea4-40f5-41f7-9bd5-b03c8499917b req-e6dea2cf-591a-4e38-87d1-a007bd364706 tempest-AttachVolumeMultiAttachTest-796040200 None] Set provider_location to: 38.102.83.89:3260,iqn.2010-10.org.openstack:volume-c60a94a6-3ed5-4c24-9769-d4d2af9af08c iqn.2010-10.org.openstack:volume-c60a94a6-3ed5-4c24-9769-d4d2af9af08c 0 {{(pid=125225) create_export /opt/stack/cinder/cinder/volume/targets/iscsi.py:205}}
Mar 17 10:54:37.057963 np0005649721.novalocal cinder-volume[125225]: DEBUG oslo_concurrency.lockutils [req-c95e6ea4-40f5-41f7-9bd5-b03c8499917b req-e6dea2cf-591a-4e38-87d1-a007bd364706 tempest-AttachVolumeMultiAttachTest-796040200 None] Acquiring lock "lioadm" by "cinder.volume.targets.lio.LioAdm._execute" {{(pid=125225) inner /usr/local/lib/python3.12/site-packages/oslo_concurrency/lockutils.py:506}}
Mar 17 10:54:37.058524 np0005649721.novalocal cinder-volume[125225]: DEBUG oslo_concurrency.lockutils [req-c95e6ea4-40f5-41f7-9bd5-b03c8499917b req-e6dea2cf-591a-4e38-87d1-a007bd364706 tempest-AttachVolumeMultiAttachTest-796040200 None] Lock "lioadm" acquired by "cinder.volume.targets.lio.LioAdm._execute" :: waited 0.001s {{(pid=125225) inner /usr/local/lib/python3.12/site-packages/oslo_concurrency/lockutils.py:519}}
Mar 17 10:54:37.059023 np0005649721.novalocal cinder-volume[125225]: DEBUG oslo_concurrency.processutils [req-c95e6ea4-40f5-41f7-9bd5-b03c8499917b req-e6dea2cf-591a-4e38-87d1-a007bd364706 tempest-AttachVolumeMultiAttachTest-796040200 None] Running cmd (subprocess): sudo cinder-rootwrap /etc/cinder/rootwrap.conf cinder-rtstool add-initiator iqn.2010-10.org.openstack:volume-c60a94a6-3ed5-4c24-9769-d4d2af9af08c rPvSRKTzqrj5BdJtERwH ZBtRcNLeYfU5XLrN iqn.1994-05.com.redhat:fd15498af3bd {{(pid=125225) execute /usr/local/lib/python3.12/site-packages/oslo_concurrency/processutils.py:440}}
Mar 17 10:54:37.081367 np0005649721.novalocal sudo[160556]: stack : PWD=/ ; USER=root ; COMMAND=/usr/local/bin/cinder-rootwrap /etc/cinder/rootwrap.conf cinder-rtstool add-initiator iqn.2010-10.org.openstack:volume-c60a94a6-3ed5-4c24-9769-d4d2af9af08c rPvSRKTzqrj5BdJtERwH ZBtRcNLeYfU5XLrN iqn.1994-05.com.redhat:fd15498af3bd
Mar 17 10:54:37.572831 np0005649721.novalocal cinder-volume[125225]: DEBUG oslo_concurrency.processutils [req-c95e6ea4-40f5-41f7-9bd5-b03c8499917b req-e6dea2cf-591a-4e38-87d1-a007bd364706 tempest-AttachVolumeMultiAttachTest-796040200 None] CMD "sudo cinder-rootwrap /etc/cinder/rootwrap.conf cinder-rtstool add-initiator iqn.2010-10.org.openstack:volume-c60a94a6-3ed5-4c24-9769-d4d2af9af08c rPvSRKTzqrj5BdJtERwH ZBtRcNLeYfU5XLrN iqn.1994-05.com.redhat:fd15498af3bd" returned: 0 in 0.514s {{(pid=125225) execute /usr/local/lib/python3.12/site-packages/oslo_concurrency/processutils.py:468}}
Mar 17 10:54:37.573253 np0005649721.novalocal cinder-volume[125225]: DEBUG oslo_concurrency.lockutils [req-c95e6ea4-40f5-41f7-9bd5-b03c8499917b req-e6dea2cf-591a-4e38-87d1-a007bd364706 tempest-AttachVolumeMultiAttachTest-796040200 None] Lock "lioadm" "released" by "cinder.volume.targets.lio.LioAdm._execute" :: held 0.515s {{(pid=125225) inner /usr/local/lib/python3.12/site-packages/oslo_concurrency/lockutils.py:538}}
Mar 17 10:54:37.573474 np0005649721.novalocal cinder-volume[125225]: DEBUG oslo_concurrency.lockutils [req-c95e6ea4-40f5-41f7-9bd5-b03c8499917b req-e6dea2cf-591a-4e38-87d1-a007bd364706 tempest-AttachVolumeMultiAttachTest-796040200 None] Acquiring lock "lioadm" by "cinder.volume.targets.lio.LioAdm._execute" {{(pid=125225) inner /usr/local/lib/python3.12/site-packages/oslo_concurrency/lockutils.py:506}}
Mar 17 10:54:37.573952 np0005649721.novalocal cinder-volume[125225]: DEBUG oslo_concurrency.lockutils [req-c95e6ea4-40f5-41f7-9bd5-b03c8499917b req-e6dea2cf-591a-4e38-87d1-a007bd364706 tempest-AttachVolumeMultiAttachTest-796040200 None] Lock "lioadm" acquired by "cinder.volume.targets.lio.LioAdm._execute" :: waited 0.000s {{(pid=125225) inner /usr/local/lib/python3.12/site-packages/oslo_concurrency/lockutils.py:519}}
Mar 17 10:54:37.574372 np0005649721.novalocal cinder-volume[125225]: DEBUG oslo_concurrency.processutils [req-c95e6ea4-40f5-41f7-9bd5-b03c8499917b req-e6dea2cf-591a-4e38-87d1-a007bd364706 tempest-AttachVolumeMultiAttachTest-796040200 None] Running cmd (subprocess): sudo cinder-rootwrap /etc/cinder/rootwrap.conf cinder-rtstool save {{(pid=125225) execute /usr/local/lib/python3.12/site-packages/oslo_concurrency/processutils.py:440}}
Mar 17 10:54:37.601628 np0005649721.novalocal sudo[160564]: stack : PWD=/ ; USER=root ; COMMAND=/usr/local/bin/cinder-rootwrap /etc/cinder/rootwrap.conf cinder-rtstool save
Mar 17 10:54:38.062636 np0005649721.novalocal cinder-volume[125225]: DEBUG oslo_concurrency.processutils [req-c95e6ea4-40f5-41f7-9bd5-b03c8499917b req-e6dea2cf-591a-4e38-87d1-a007bd364706 tempest-AttachVolumeMultiAttachTest-796040200 None] CMD "sudo cinder-rootwrap /etc/cinder/rootwrap.conf cinder-rtstool save" returned: 0 in 0.487s {{(pid=125225) execute /usr/local/lib/python3.12/site-packages/oslo_concurrency/processutils.py:468}}
Mar 17 10:54:38.062636 np0005649721.novalocal cinder-volume[125225]: DEBUG oslo_concurrency.lockutils [req-c95e6ea4-40f5-41f7-9bd5-b03c8499917b req-e6dea2cf-591a-4e38-87d1-a007bd364706 tempest-AttachVolumeMultiAttachTest-796040200 None] Lock "lioadm" "released" by "cinder.volume.targets.lio.LioAdm._execute" :: held 0.488s {{(pid=125225) inner /usr/local/lib/python3.12/site-packages/oslo_concurrency/lockutils.py:538}}
Mar 17 10:54:38.081814 np0005649721.novalocal cinder-volume[125225]: DEBUG cinder.volume.manager [req-c95e6ea4-40f5-41f7-9bd5-b03c8499917b req-e6dea2cf-591a-4e38-87d1-a007bd364706 tempest-AttachVolumeMultiAttachTest-796040200 None] Connection info returned from driver {'target_discovered': False, 'target_portal': '38.102.83.89:3260', 'target_iqn': 'iqn.2010-10.org.openstack:volume-c60a94a6-3ed5-4c24-9769-d4d2af9af08c', 'target_lun': 0, 'volume_id': 'c60a94a6-3ed5-4c24-9769-d4d2af9af08c', 'auth_method': 'CHAP', 'auth_username': 'rPvSRKTzqrj5BdJtERwH', 'auth_password': '***', 'encrypted': False, 'qos_specs': None, 'access_mode': 'rw', 'cacheable': False, 'driver_volume_type': 'iscsi', 'attachment_id': '07858e9a-4e51-4f85-a365-3762d91bb233', 'enforce_multipath': True} {{(pid=125225) _connection_create /opt/stack/cinder/cinder/volume/manager.py:4924}}
Mar 17 10:54:38.122910 np0005649721.novalocal cinder-volume[125225]: INFO cinder.volume.manager [req-c95e6ea4-40f5-41f7-9bd5-b03c8499917b req-e6dea2cf-591a-4e38-87d1-a007bd364706 tempest-AttachVolumeMultiAttachTest-796040200 None] attachment_update completed successfully.
Mar 17 10:54:48.119821 np0005649721.novalocal cinder-volume[125225]: DEBUG dbcounter [-] [125225] Writing DB stats cinder:SELECT=20,cinder:INSERT=5,cinder:UPDATE=5,cinder:DELETE=1 {{(pid=125225) stat_writer /usr/local/lib/python3.12/site-packages/dbcounter.py:115}}
Mar 17 10:54:48.122147 np0005649721.novalocal cinder-volume[125225]: DEBUG dbcounter [-] [125225] Writing DB stats cinder:SELECT=21,cinder:UPDATE=5,cinder:INSERT=9 {{(pid=125225) stat_writer /usr/local/lib/python3.12/site-packages/dbcounter.py:115}}
Mar 17 10:54:48.544706 np0005649721.novalocal cinder-volume[125225]: DEBUG oslo_concurrency.processutils [req-bb6bb094-21b4-40d1-aa4b-25a8923a4331 req-cb7732ab-377f-49e2-976b-7b220d067d95 tempest-AttachVolumeMultiAttachTest-796040200 None] Running cmd (subprocess): sudo cinder-rootwrap /etc/cinder/rootwrap.conf env LC_ALL=C lvs --noheadings --unit=g -o vg_name,name,size --nosuffix --readonly stack-volumes-lvmdriver-1/volume-c60a94a6-3ed5-4c24-9769-d4d2af9af08c {{(pid=125225) execute /usr/local/lib/python3.12/site-packages/oslo_concurrency/processutils.py:440}}
Mar 17 10:54:48.569982 np0005649721.novalocal sudo[160669]: stack : PWD=/ ; USER=root ; COMMAND=/usr/local/bin/cinder-rootwrap /etc/cinder/rootwrap.conf env LC_ALL=C lvs --noheadings --unit=g -o vg_name,name,size --nosuffix --readonly stack-volumes-lvmdriver-1/volume-c60a94a6-3ed5-4c24-9769-d4d2af9af08c
Mar 17 10:54:48.955816 np0005649721.novalocal cinder-volume[125225]: DEBUG oslo_concurrency.processutils [req-bb6bb094-21b4-40d1-aa4b-25a8923a4331 req-cb7732ab-377f-49e2-976b-7b220d067d95 tempest-AttachVolumeMultiAttachTest-796040200 None] CMD "sudo cinder-rootwrap /etc/cinder/rootwrap.conf env LC_ALL=C lvs --noheadings --unit=g -o vg_name,name,size --nosuffix --readonly stack-volumes-lvmdriver-1/volume-c60a94a6-3ed5-4c24-9769-d4d2af9af08c" returned: 0 in 0.411s {{(pid=125225) execute /usr/local/lib/python3.12/site-packages/oslo_concurrency/processutils.py:468}}
Mar 17 10:54:48.957493 np0005649721.novalocal cinder-volume[125225]: DEBUG oslo_concurrency.processutils [req-bb6bb094-21b4-40d1-aa4b-25a8923a4331 req-cb7732ab-377f-49e2-976b-7b220d067d95 tempest-AttachVolumeMultiAttachTest-796040200 None] Running cmd (subprocess): sudo cinder-rootwrap /etc/cinder/rootwrap.conf env LC_ALL=C lvcreate --name _snapshot-e2914780-581f-4737-add3-88d22a193cfb --snapshot stack-volumes-lvmdriver-1/volume-c60a94a6-3ed5-4c24-9769-d4d2af9af08c {{(pid=125225) execute /usr/local/lib/python3.12/site-packages/oslo_concurrency/processutils.py:440}}
Mar 17 10:54:48.981038 np0005649721.novalocal sudo[160674]: stack : PWD=/ ; USER=root ; COMMAND=/usr/local/bin/cinder-rootwrap /etc/cinder/rootwrap.conf env LC_ALL=C lvcreate --name _snapshot-e2914780-581f-4737-add3-88d22a193cfb --snapshot stack-volumes-lvmdriver-1/volume-c60a94a6-3ed5-4c24-9769-d4d2af9af08c
Mar 17 10:54:49.400430 np0005649721.novalocal cinder-volume[125225]: DEBUG oslo_concurrency.processutils [req-bb6bb094-21b4-40d1-aa4b-25a8923a4331 req-cb7732ab-377f-49e2-976b-7b220d067d95 tempest-AttachVolumeMultiAttachTest-796040200 None] CMD "sudo cinder-rootwrap /etc/cinder/rootwrap.conf env LC_ALL=C lvcreate --name _snapshot-e2914780-581f-4737-add3-88d22a193cfb --snapshot stack-volumes-lvmdriver-1/volume-c60a94a6-3ed5-4c24-9769-d4d2af9af08c" returned: 0 in 0.441s {{(pid=125225) execute /usr/local/lib/python3.12/site-packages/oslo_concurrency/processutils.py:468}}
Mar 17 10:54:49.463022 np0005649721.novalocal cinder-volume[125225]: INFO cinder.volume.manager [req-bb6bb094-21b4-40d1-aa4b-25a8923a4331 req-cb7732ab-377f-49e2-976b-7b220d067d95 tempest-AttachVolumeMultiAttachTest-796040200 None] Create snapshot completed successfully
Mar 17 10:54:53.145309 np0005649721.novalocal cinder-volume[125225]: DEBUG oslo_service.periodic_task [None req-1c216867-1c33-465c-85ba-c06e1432867c None None] Running periodic task VolumeManager.publish_service_capabilities {{(pid=125225) run_periodic_tasks /usr/local/lib/python3.12/site-packages/oslo_service/periodic_task.py:210}}
Mar 17 10:54:53.145309 np0005649721.novalocal cinder-volume[125225]: DEBUG cinder.volume.drivers.lvm [None req-1c216867-1c33-465c-85ba-c06e1432867c None None] Updating volume stats {{(pid=125225) _update_volume_stats /opt/stack/cinder/cinder/volume/drivers/lvm.py:228}}
Mar 17 10:54:53.145309 np0005649721.novalocal cinder-volume[125225]: DEBUG oslo_concurrency.processutils [None req-1c216867-1c33-465c-85ba-c06e1432867c None None] Running cmd (subprocess): sudo cinder-rootwrap /etc/cinder/rootwrap.conf env LC_ALL=C vgs --noheadings --unit=g -o name,size,free,lv_count,uuid --separator : --nosuffix stack-volumes-lvmdriver-1 {{(pid=125225) execute /usr/local/lib/python3.12/site-packages/oslo_concurrency/processutils.py:440}}
Mar 17 10:54:53.175791 np0005649721.novalocal sudo[160754]: stack : PWD=/ ; USER=root ; COMMAND=/usr/local/bin/cinder-rootwrap /etc/cinder/rootwrap.conf env LC_ALL=C vgs --noheadings --unit=g -o name,size,free,lv_count,uuid --separator : --nosuffix stack-volumes-lvmdriver-1
Mar 17 10:54:53.530242 np0005649721.novalocal cinder-volume[125225]: DEBUG oslo_concurrency.processutils [None req-1c216867-1c33-465c-85ba-c06e1432867c None None] CMD "sudo cinder-rootwrap /etc/cinder/rootwrap.conf env LC_ALL=C vgs --noheadings --unit=g -o name,size,free,lv_count,uuid --separator : --nosuffix stack-volumes-lvmdriver-1" returned: 0 in 0.386s {{(pid=125225) execute /usr/local/lib/python3.12/site-packages/oslo_concurrency/processutils.py:468}}
Mar 17 10:54:53.531380 np0005649721.novalocal cinder-volume[125225]: DEBUG oslo_concurrency.processutils [None req-1c216867-1c33-465c-85ba-c06e1432867c None None] Running cmd (subprocess): sudo cinder-rootwrap /etc/cinder/rootwrap.conf env LC_ALL=C lvs --noheadings --unit=g -o vg_name,name,size --nosuffix --readonly stack-volumes-lvmdriver-1 {{(pid=125225) execute /usr/local/lib/python3.12/site-packages/oslo_concurrency/processutils.py:440}}
Mar 17 10:54:53.560862 np0005649721.novalocal sudo[160762]: stack : PWD=/ ; USER=root ; COMMAND=/usr/local/bin/cinder-rootwrap /etc/cinder/rootwrap.conf env LC_ALL=C lvs --noheadings --unit=g -o vg_name,name,size --nosuffix --readonly stack-volumes-lvmdriver-1
Mar 17 10:54:53.978402 np0005649721.novalocal cinder-volume[125225]: DEBUG oslo_concurrency.processutils [None req-1c216867-1c33-465c-85ba-c06e1432867c None None] CMD "sudo cinder-rootwrap /etc/cinder/rootwrap.conf env LC_ALL=C lvs --noheadings --unit=g -o vg_name,name,size --nosuffix --readonly stack-volumes-lvmdriver-1" returned: 0 in 0.444s {{(pid=125225) execute /usr/local/lib/python3.12/site-packages/oslo_concurrency/processutils.py:468}}
Mar 17 10:54:53.978402 np0005649721.novalocal cinder-volume[125225]: DEBUG oslo_concurrency.processutils [None req-1c216867-1c33-465c-85ba-c06e1432867c None None] Running cmd (subprocess): sudo cinder-rootwrap /etc/cinder/rootwrap.conf env LC_ALL=C lvs --noheadings --unit=g -o size,data_percent --separator : --nosuffix /dev/stack-volumes-lvmdriver-1/stack-volumes-lvmdriver-1-pool {{(pid=125225) execute /usr/local/lib/python3.12/site-packages/oslo_concurrency/processutils.py:440}}
Mar 17 10:54:53.994584 np0005649721.novalocal sudo[160767]: stack : PWD=/ ; USER=root ; COMMAND=/usr/local/bin/cinder-rootwrap /etc/cinder/rootwrap.conf env LC_ALL=C lvs --noheadings --unit=g -o size,data_percent --separator : --nosuffix /dev/stack-volumes-lvmdriver-1/stack-volumes-lvmdriver-1-pool
Mar 17 10:54:54.370457 np0005649721.novalocal cinder-volume[125225]: DEBUG oslo_concurrency.processutils [None req-1c216867-1c33-465c-85ba-c06e1432867c None None] CMD "sudo cinder-rootwrap /etc/cinder/rootwrap.conf env LC_ALL=C lvs --noheadings --unit=g -o size,data_percent --separator : --nosuffix /dev/stack-volumes-lvmdriver-1/stack-volumes-lvmdriver-1-pool" returned: 0 in 0.393s {{(pid=125225) execute /usr/local/lib/python3.12/site-packages/oslo_concurrency/processutils.py:468}}
Mar 17 10:54:54.370930 np0005649721.novalocal cinder-volume[125225]: DEBUG oslo_concurrency.processutils [None req-1c216867-1c33-465c-85ba-c06e1432867c None None] Running cmd (subprocess): sudo cinder-rootwrap /etc/cinder/rootwrap.conf env LC_ALL=C lvs --noheadings --unit=g -o vg_name,name,size --nosuffix --readonly stack-volumes-lvmdriver-1 {{(pid=125225) execute /usr/local/lib/python3.12/site-packages/oslo_concurrency/processutils.py:440}}
Mar 17 10:54:54.397929 np0005649721.novalocal sudo[160776]: stack : PWD=/ ; USER=root ; COMMAND=/usr/local/bin/cinder-rootwrap /etc/cinder/rootwrap.conf env LC_ALL=C lvs --noheadings --unit=g -o vg_name,name,size --nosuffix --readonly stack-volumes-lvmdriver-1
Mar 17 10:54:54.771707 np0005649721.novalocal cinder-volume[125225]: DEBUG oslo_concurrency.processutils [None req-1c216867-1c33-465c-85ba-c06e1432867c None None] CMD "sudo cinder-rootwrap /etc/cinder/rootwrap.conf env LC_ALL=C lvs --noheadings --unit=g -o vg_name,name,size --nosuffix --readonly stack-volumes-lvmdriver-1" returned: 0 in 0.401s {{(pid=125225) execute /usr/local/lib/python3.12/site-packages/oslo_concurrency/processutils.py:468}}
Mar 17 10:54:54.772641 np0005649721.novalocal cinder-volume[125225]: DEBUG cinder.manager [None req-1c216867-1c33-465c-85ba-c06e1432867c None None] Notifying Schedulers of capabilities ... {{(pid=125225) _publish_service_capabilities /opt/stack/cinder/cinder/manager.py:202}}
Mar 17 10:54:55.128363 np0005649721.novalocal cinder-volume[125225]: DEBUG oslo_concurrency.lockutils [req-305d7bdf-9577-4505-ba20-ca6fc6edb9cd req-d83a5c09-2099-4696-9bfa-65d1d6c3631c tempest-AttachVolumeMultiAttachTest-796040200 None] Acquiring lock "lioadm" by "cinder.volume.targets.lio.LioAdm._execute" {{(pid=125225) inner /usr/local/lib/python3.12/site-packages/oslo_concurrency/lockutils.py:506}}
Mar 17 10:54:55.129087 np0005649721.novalocal cinder-volume[125225]: DEBUG oslo_concurrency.lockutils [req-305d7bdf-9577-4505-ba20-ca6fc6edb9cd req-d83a5c09-2099-4696-9bfa-65d1d6c3631c tempest-AttachVolumeMultiAttachTest-796040200 None] Lock "lioadm" acquired by "cinder.volume.targets.lio.LioAdm._execute" :: waited 0.001s {{(pid=125225) inner /usr/local/lib/python3.12/site-packages/oslo_concurrency/lockutils.py:519}}
Mar 17 10:54:55.129730 np0005649721.novalocal cinder-volume[125225]: DEBUG oslo_concurrency.processutils [req-305d7bdf-9577-4505-ba20-ca6fc6edb9cd req-d83a5c09-2099-4696-9bfa-65d1d6c3631c tempest-AttachVolumeMultiAttachTest-796040200 None] Running cmd (subprocess): sudo cinder-rootwrap /etc/cinder/rootwrap.conf cinder-rtstool delete-initiator iqn.2010-10.org.openstack:volume-c60a94a6-3ed5-4c24-9769-d4d2af9af08c iqn.1994-05.com.redhat:fd15498af3bd {{(pid=125225) execute /usr/local/lib/python3.12/site-packages/oslo_concurrency/processutils.py:440}}
Mar 17 10:54:55.158055 np0005649721.novalocal sudo[160781]: stack : PWD=/ ; USER=root ; COMMAND=/usr/local/bin/cinder-rootwrap /etc/cinder/rootwrap.conf cinder-rtstool delete-initiator iqn.2010-10.org.openstack:volume-c60a94a6-3ed5-4c24-9769-d4d2af9af08c iqn.1994-05.com.redhat:fd15498af3bd
Mar 17 10:54:55.712168 np0005649721.novalocal cinder-volume[125225]: DEBUG oslo_concurrency.processutils [req-305d7bdf-9577-4505-ba20-ca6fc6edb9cd req-d83a5c09-2099-4696-9bfa-65d1d6c3631c tempest-AttachVolumeMultiAttachTest-796040200 None] CMD "sudo cinder-rootwrap /etc/cinder/rootwrap.conf cinder-rtstool delete-initiator iqn.2010-10.org.openstack:volume-c60a94a6-3ed5-4c24-9769-d4d2af9af08c iqn.1994-05.com.redhat:fd15498af3bd" returned: 0 in 0.582s {{(pid=125225) execute /usr/local/lib/python3.12/site-packages/oslo_concurrency/processutils.py:468}}
Mar 17 10:54:55.712841 np0005649721.novalocal cinder-volume[125225]: DEBUG oslo_concurrency.lockutils [req-305d7bdf-9577-4505-ba20-ca6fc6edb9cd req-d83a5c09-2099-4696-9bfa-65d1d6c3631c tempest-AttachVolumeMultiAttachTest-796040200 None] Lock "lioadm" "released" by "cinder.volume.targets.lio.LioAdm._execute" :: held 0.584s {{(pid=125225) inner /usr/local/lib/python3.12/site-packages/oslo_concurrency/lockutils.py:538}}
Mar 17 10:54:55.713087 np0005649721.novalocal cinder-volume[125225]: DEBUG oslo_concurrency.lockutils [req-305d7bdf-9577-4505-ba20-ca6fc6edb9cd req-d83a5c09-2099-4696-9bfa-65d1d6c3631c tempest-AttachVolumeMultiAttachTest-796040200 None] Acquiring lock "lioadm" by "cinder.volume.targets.lio.LioAdm._execute" {{(pid=125225) inner /usr/local/lib/python3.12/site-packages/oslo_concurrency/lockutils.py:506}}
Mar 17 10:54:55.713703 np0005649721.novalocal cinder-volume[125225]: DEBUG oslo_concurrency.lockutils [req-305d7bdf-9577-4505-ba20-ca6fc6edb9cd req-d83a5c09-2099-4696-9bfa-65d1d6c3631c tempest-AttachVolumeMultiAttachTest-796040200 None] Lock "lioadm" acquired by "cinder.volume.targets.lio.LioAdm._execute" :: waited 0.001s {{(pid=125225) inner /usr/local/lib/python3.12/site-packages/oslo_concurrency/lockutils.py:519}}
Mar 17 10:54:55.714279 np0005649721.novalocal cinder-volume[125225]: DEBUG oslo_concurrency.processutils [req-305d7bdf-9577-4505-ba20-ca6fc6edb9cd req-d83a5c09-2099-4696-9bfa-65d1d6c3631c tempest-AttachVolumeMultiAttachTest-796040200 None] Running cmd (subprocess): sudo cinder-rootwrap /etc/cinder/rootwrap.conf cinder-rtstool save {{(pid=125225) execute /usr/local/lib/python3.12/site-packages/oslo_concurrency/processutils.py:440}}
Mar 17 10:54:55.745753 np0005649721.novalocal sudo[160788]: stack : PWD=/ ; USER=root ; COMMAND=/usr/local/bin/cinder-rootwrap /etc/cinder/rootwrap.conf cinder-rtstool save
Mar 17 10:54:56.210463 np0005649721.novalocal cinder-volume[125225]: DEBUG oslo_concurrency.processutils [req-305d7bdf-9577-4505-ba20-ca6fc6edb9cd req-d83a5c09-2099-4696-9bfa-65d1d6c3631c tempest-AttachVolumeMultiAttachTest-796040200 None] CMD "sudo cinder-rootwrap /etc/cinder/rootwrap.conf cinder-rtstool save" returned: 0 in 0.495s {{(pid=125225) execute /usr/local/lib/python3.12/site-packages/oslo_concurrency/processutils.py:468}}
Mar 17 10:54:56.210463 np0005649721.novalocal cinder-volume[125225]: DEBUG oslo_concurrency.lockutils [req-305d7bdf-9577-4505-ba20-ca6fc6edb9cd req-d83a5c09-2099-4696-9bfa-65d1d6c3631c tempest-AttachVolumeMultiAttachTest-796040200 None] Lock "lioadm" "released" by "cinder.volume.targets.lio.LioAdm._execute" :: held 0.496s {{(pid=125225) inner /usr/local/lib/python3.12/site-packages/oslo_concurrency/lockutils.py:538}}
Mar 17 10:54:56.210633 np0005649721.novalocal cinder-volume[125225]: INFO cinder.volume.manager [req-305d7bdf-9577-4505-ba20-ca6fc6edb9cd req-d83a5c09-2099-4696-9bfa-65d1d6c3631c tempest-AttachVolumeMultiAttachTest-796040200 None] Terminate volume connection completed successfully.
Mar 17 10:54:56.210849 np0005649721.novalocal cinder-volume[125225]: DEBUG cinder.volume.manager [req-305d7bdf-9577-4505-ba20-ca6fc6edb9cd req-d83a5c09-2099-4696-9bfa-65d1d6c3631c tempest-AttachVolumeMultiAttachTest-796040200 None] Deleting attachment 07858e9a-4e51-4f85-a365-3762d91bb233. {{(pid=125225) attachment_delete /opt/stack/cinder/cinder/volume/manager.py:5055}}
Mar 17 10:54:56.211667 np0005649721.novalocal cinder-volume[125225]: DEBUG oslo_concurrency.lockutils [req-305d7bdf-9577-4505-ba20-ca6fc6edb9cd req-d83a5c09-2099-4696-9bfa-65d1d6c3631c tempest-AttachVolumeMultiAttachTest-796040200 None] Acquiring lock "lioadm" by "cinder.volume.targets.lio.LioAdm._execute" {{(pid=125225) inner /usr/local/lib/python3.12/site-packages/oslo_concurrency/lockutils.py:506}}
Mar 17 10:54:56.212883 np0005649721.novalocal cinder-volume[125225]: DEBUG oslo_concurrency.lockutils [req-305d7bdf-9577-4505-ba20-ca6fc6edb9cd req-d83a5c09-2099-4696-9bfa-65d1d6c3631c tempest-AttachVolumeMultiAttachTest-796040200 None] Lock "lioadm" acquired by "cinder.volume.targets.lio.LioAdm._execute" :: waited 0.001s {{(pid=125225) inner /usr/local/lib/python3.12/site-packages/oslo_concurrency/lockutils.py:519}}
Mar 17 10:54:56.213276 np0005649721.novalocal cinder-volume[125225]: DEBUG oslo_concurrency.processutils [req-305d7bdf-9577-4505-ba20-ca6fc6edb9cd req-d83a5c09-2099-4696-9bfa-65d1d6c3631c tempest-AttachVolumeMultiAttachTest-796040200 None] Running cmd (subprocess): sudo cinder-rootwrap /etc/cinder/rootwrap.conf cinder-rtstool get-targets {{(pid=125225) execute /usr/local/lib/python3.12/site-packages/oslo_concurrency/processutils.py:440}}
Mar 17 10:54:56.246372 np0005649721.novalocal sudo[160794]: stack : PWD=/ ; USER=root ; COMMAND=/usr/local/bin/cinder-rootwrap /etc/cinder/rootwrap.conf cinder-rtstool get-targets
Mar 17 10:54:56.442112 np0005649721.novalocal cinder-volume[125225]: DEBUG cinder.volume.flows.manager.create_volume [None req-9f348e58-40a6-4a58-adb4-e8a106db4514 tempest-VolumesDeleteCascade-442599536 None] Volume reschedule parameters: True retry: {'num_attempts': 1, 'backends': ['np0005649721.novalocal@lvmdriver-1#lvmdriver-1'], 'hosts': ['np0005649721.novalocal@lvmdriver-1#lvmdriver-1']} {{(pid=125225) get_flow /opt/stack/cinder/cinder/volume/flows/manager/create_volume.py:1388}}
Mar 17 10:54:56.456154 np0005649721.novalocal cinder-volume[125225]: DEBUG cinder.volume.manager [None req-9f348e58-40a6-4a58-adb4-e8a106db4514 tempest-VolumesDeleteCascade-442599536 None] Flow 'volume_create_manager' (7ba828c4-888a-4787-930c-0eaff15271fc) transitioned into state 'RUNNING' from state 'PENDING' {{(pid=125225) _flow_receiver /usr/local/lib/python3.12/site-packages/taskflow/listeners/logging.py:145}}
Mar 17 10:54:56.460526 np0005649721.novalocal cinder-volume[125225]: DEBUG cinder.volume.manager [None req-9f348e58-40a6-4a58-adb4-e8a106db4514 tempest-VolumesDeleteCascade-442599536 None] Task 'cinder.volume.flows.manager.create_volume.ExtractVolumeRefTask;volume:create' (a6003af1-6e54-433b-831a-b36f7eca9e04) transitioned into state 'RUNNING' from state 'PENDING' {{(pid=125225) _task_receiver /usr/local/lib/python3.12/site-packages/taskflow/listeners/logging.py:194}}
Mar 17 10:54:56.473853 np0005649721.novalocal cinder-volume[125225]: DEBUG cinder.volume.manager [None req-9f348e58-40a6-4a58-adb4-e8a106db4514 tempest-VolumesDeleteCascade-442599536 None] Task 'cinder.volume.flows.manager.create_volume.ExtractVolumeRefTask;volume:create' (a6003af1-6e54-433b-831a-b36f7eca9e04) transitioned into state 'SUCCESS' from state 'RUNNING' with result 'Volume(_name_id=None,admin_metadata=,attach_status='detached',availability_zone='nova',bootable=False,cluster=,cluster_name=None,consistencygroup=,consistencygroup_id=None,created_at=2026-03-17T14:54:56Z,deleted=False,deleted_at=None,display_description=None,display_name='tempest-VolumesDeleteCascade-Volume-70383376',ec2_id=None,encryption_key_id=None,glance_metadata=,group=,group_id=None,host='np0005649721.novalocal@lvmdriver-1#lvmdriver-1',id=b3a94bd6-fec5-41dd-a9b4-86cfa7b8acac,launched_at=None,metadata={},migration_status=None,multiattach=False,previous_status=None,project_id='57912d7752da49d09408b8a7ae3d2540',provider_auth=None,provider_geometry=None,provider_id=None,provider_location=None,replication_driver_data=None,replication_extended_status=None,replication_status=None,scheduled_at=2026-03-17T14:54:56Z,service_uuid=None,shared_targets=True,size=1,snapshot_id=None,snapshots=,source_volid=None,status='creating',terminated_at=None,updated_at=2026-03-17T14:54:56Z,use_quota=True,user_id='2e7cf52161e8458e9bbe9f3a9ef27fb2',volume_attachment=VolumeAttachmentList,volume_type=VolumeType(bbde6e50-1ad6-4e8a-a9d1-fb05dd74fe62),volume_type_id=bbde6e50-1ad6-4e8a-a9d1-fb05dd74fe62)' {{(pid=125225) _task_receiver /usr/local/lib/python3.12/site-packages/taskflow/listeners/logging.py:182}}
Mar 17 10:54:56.477617 np0005649721.novalocal cinder-volume[125225]: DEBUG cinder.volume.manager [None req-9f348e58-40a6-4a58-adb4-e8a106db4514 tempest-VolumesDeleteCascade-442599536 None] Task 'cinder.volume.flows.manager.create_volume.OnFailureRescheduleTask;volume:create' (a7a4e8b0-31e2-4683-9187-d554d9d7b17e) transitioned into state 'RUNNING' from state 'PENDING' {{(pid=125225) _task_receiver /usr/local/lib/python3.12/site-packages/taskflow/listeners/logging.py:194}}
Mar 17 10:54:56.480595 np0005649721.novalocal cinder-volume[125225]: DEBUG cinder.volume.manager [None req-9f348e58-40a6-4a58-adb4-e8a106db4514 tempest-VolumesDeleteCascade-442599536 None] Task 'cinder.volume.flows.manager.create_volume.OnFailureRescheduleTask;volume:create' (a7a4e8b0-31e2-4683-9187-d554d9d7b17e) transitioned into state 'SUCCESS' from state 'RUNNING' with result 'None' {{(pid=125225) _task_receiver /usr/local/lib/python3.12/site-packages/taskflow/listeners/logging.py:182}}
Mar 17 10:54:56.483850 np0005649721.novalocal cinder-volume[125225]: DEBUG cinder.volume.manager [None req-9f348e58-40a6-4a58-adb4-e8a106db4514 tempest-VolumesDeleteCascade-442599536 None] Task 'cinder.volume.flows.manager.create_volume.ExtractVolumeSpecTask;volume:create' (e9f0d46c-f637-4fa9-a55e-ee0f25cab39d) transitioned into state 'RUNNING' from state 'PENDING' {{(pid=125225) _task_receiver /usr/local/lib/python3.12/site-packages/taskflow/listeners/logging.py:194}}
Mar 17 10:54:56.486693 np0005649721.novalocal cinder-volume[125225]: DEBUG cinder.volume.manager [None req-9f348e58-40a6-4a58-adb4-e8a106db4514 tempest-VolumesDeleteCascade-442599536 None] Task 'cinder.volume.flows.manager.create_volume.ExtractVolumeSpecTask;volume:create' (e9f0d46c-f637-4fa9-a55e-ee0f25cab39d) transitioned into state 'SUCCESS' from state 'RUNNING' with result '{'status': 'creating', 'type': 'raw', 'volume_id': 'b3a94bd6-fec5-41dd-a9b4-86cfa7b8acac', 'volume_name': 'volume-b3a94bd6-fec5-41dd-a9b4-86cfa7b8acac', 'volume_size': 1}' {{(pid=125225) _task_receiver /usr/local/lib/python3.12/site-packages/taskflow/listeners/logging.py:182}}
Mar 17 10:54:56.489541 np0005649721.novalocal cinder-volume[125225]: DEBUG cinder.volume.manager [None req-9f348e58-40a6-4a58-adb4-e8a106db4514 tempest-VolumesDeleteCascade-442599536 None] Task 'cinder.volume.flows.manager.create_volume.NotifyVolumeActionTask;volume:create, create.start' (29c9f230-6544-4be6-b24f-75d7355106fa) transitioned into state 'RUNNING' from state 'PENDING' {{(pid=125225) _task_receiver /usr/local/lib/python3.12/site-packages/taskflow/listeners/logging.py:194}}
Mar 17 10:54:56.491206 np0005649721.novalocal cinder-volume[125225]: DEBUG cinder.volume.manager [None req-9f348e58-40a6-4a58-adb4-e8a106db4514 tempest-VolumesDeleteCascade-442599536 None] Task 'cinder.volume.flows.manager.create_volume.NotifyVolumeActionTask;volume:create, create.start' (29c9f230-6544-4be6-b24f-75d7355106fa) transitioned into state 'SUCCESS' from state 'RUNNING' with result 'None' {{(pid=125225) _task_receiver /usr/local/lib/python3.12/site-packages/taskflow/listeners/logging.py:182}}
Mar 17 10:54:56.493114 np0005649721.novalocal cinder-volume[125225]: DEBUG cinder.volume.manager [None req-9f348e58-40a6-4a58-adb4-e8a106db4514 tempest-VolumesDeleteCascade-442599536 None] Task 'cinder.volume.flows.manager.create_volume.CreateVolumeFromSpecTask;volume:create' (47d18486-2dd6-4494-af87-fecc4a6095fe) transitioned into state 'RUNNING' from state 'PENDING' {{(pid=125225) _task_receiver /usr/local/lib/python3.12/site-packages/taskflow/listeners/logging.py:194}}
Mar 17 10:54:56.493648 np0005649721.novalocal cinder-volume[125225]: INFO cinder.volume.flows.manager.create_volume [None req-9f348e58-40a6-4a58-adb4-e8a106db4514 tempest-VolumesDeleteCascade-442599536 None] Volume b3a94bd6-fec5-41dd-a9b4-86cfa7b8acac: being created as raw with specification: {'status': 'creating', 'volume_name': 'volume-b3a94bd6-fec5-41dd-a9b4-86cfa7b8acac', 'volume_size': 1}
