Mar 17 10:55:07.857082 np0005649721.novalocal cinder-volume[125225]: DEBUG cinder.volume.manager [None req-bb25b307-0681-4848-8475-fe63fda8d2bf tempest-VolumesDeleteCascade-442599536 None] Flow 'volume_create_manager' (8b05b6b0-2d4f-4886-8fc4-2440f7dbe2e8) transitioned into state 'SUCCESS' from state 'RUNNING' {{(pid=125225) _flow_receiver /usr/local/lib/python3.12/site-packages/taskflow/listeners/logging.py:145}}
Mar 17 10:55:07.864173 np0005649721.novalocal cinder-volume[125225]: INFO cinder.volume.manager [None req-bb25b307-0681-4848-8475-fe63fda8d2bf tempest-VolumesDeleteCascade-442599536 None] Created volume successfully.
Mar 17 10:55:08.130512 np0005649721.novalocal cinder-volume[125225]: DEBUG cinder.coordination [None req-58506a20-6e6c-4f18-91c0-236228129b4d tempest-VolumesDeleteCascade-442599536 None] Acquiring lock "cinder-668e60b0-ac78-4fab-93cc-4182d1bef5a4-delete_volume" by "delete_volume" {{(pid=125225) __acquire /opt/stack/cinder/cinder/coordination.py:138}}
Mar 17 10:55:08.139219 np0005649721.novalocal cinder-volume[125225]: DEBUG cinder.coordination [None req-58506a20-6e6c-4f18-91c0-236228129b4d tempest-VolumesDeleteCascade-442599536 None] Lock "cinder-668e60b0-ac78-4fab-93cc-4182d1bef5a4-delete_volume" acquired by "delete_volume" :: waited 0.009s {{(pid=125225) __acquire /opt/stack/cinder/cinder/coordination.py:141}}
Mar 17 10:55:08.157930 np0005649721.novalocal cinder-volume[125225]: INFO cinder.volume.targets.iscsi [None req-58506a20-6e6c-4f18-91c0-236228129b4d tempest-VolumesDeleteCascade-442599536 None] Skipping remove_export. No iscsi_target is presently exported for volume: 668e60b0-ac78-4fab-93cc-4182d1bef5a4
Mar 17 10:55:08.158224 np0005649721.novalocal cinder-volume[125225]: DEBUG cinder.volume.manager [None req-58506a20-6e6c-4f18-91c0-236228129b4d tempest-VolumesDeleteCascade-442599536 None] Performing cascade delete. {{(pid=125225) delete_volume /opt/stack/cinder/cinder/volume/manager.py:995}}
Mar 17 10:55:08.163518 np0005649721.novalocal cinder-volume[125225]: DEBUG cinder.coordination [None req-58506a20-6e6c-4f18-91c0-236228129b4d tempest-VolumesDeleteCascade-442599536 None] Acquiring lock "cinder-c6a16557-ce4d-4fee-8fae-52b08c3dd065-delete_snapshot" by "delete_snapshot" {{(pid=125225) __acquire /opt/stack/cinder/cinder/coordination.py:138}}
Mar 17 10:55:08.169826 np0005649721.novalocal cinder-volume[125225]: DEBUG cinder.coordination [None req-58506a20-6e6c-4f18-91c0-236228129b4d tempest-VolumesDeleteCascade-442599536 None] Lock "cinder-c6a16557-ce4d-4fee-8fae-52b08c3dd065-delete_snapshot" acquired by "delete_snapshot" :: waited 0.006s {{(pid=125225) __acquire /opt/stack/cinder/cinder/coordination.py:141}}
Mar 17 10:55:08.171040 np0005649721.novalocal cinder-volume[125225]: DEBUG oslo_concurrency.processutils [None req-58506a20-6e6c-4f18-91c0-236228129b4d tempest-VolumesDeleteCascade-442599536 None] Running cmd (subprocess): sudo cinder-rootwrap /etc/cinder/rootwrap.conf env LC_ALL=C lvs --noheadings --unit=g -o vg_name,name,size --nosuffix --readonly stack-volumes-lvmdriver-1/_snapshot-c6a16557-ce4d-4fee-8fae-52b08c3dd065 {{(pid=125225) execute /usr/local/lib/python3.12/site-packages/oslo_concurrency/processutils.py:440}}
Mar 17 10:55:08.203929 np0005649721.novalocal sudo[161152]: stack : PWD=/ ; USER=root ; COMMAND=/usr/local/bin/cinder-rootwrap /etc/cinder/rootwrap.conf env LC_ALL=C lvs --noheadings --unit=g -o vg_name,name,size --nosuffix --readonly stack-volumes-lvmdriver-1/_snapshot-c6a16557-ce4d-4fee-8fae-52b08c3dd065
Mar 17 10:55:08.558929 np0005649721.novalocal cinder-volume[125225]: DEBUG oslo_concurrency.processutils [None req-58506a20-6e6c-4f18-91c0-236228129b4d tempest-VolumesDeleteCascade-442599536 None] CMD "sudo cinder-rootwrap /etc/cinder/rootwrap.conf env LC_ALL=C lvs --noheadings --unit=g -o vg_name,name,size --nosuffix --readonly stack-volumes-lvmdriver-1/_snapshot-c6a16557-ce4d-4fee-8fae-52b08c3dd065" returned: 0 in 0.386s {{(pid=125225) execute /usr/local/lib/python3.12/site-packages/oslo_concurrency/processutils.py:468}}
Mar 17 10:55:08.560217 np0005649721.novalocal cinder-volume[125225]: DEBUG oslo_concurrency.processutils [None req-58506a20-6e6c-4f18-91c0-236228129b4d tempest-VolumesDeleteCascade-442599536 None] Running cmd (subprocess): sudo cinder-rootwrap /etc/cinder/rootwrap.conf lvremove --config activation { retry_deactivation = 1} -f stack-volumes-lvmdriver-1/_snapshot-c6a16557-ce4d-4fee-8fae-52b08c3dd065 {{(pid=125225) execute /usr/local/lib/python3.12/site-packages/oslo_concurrency/processutils.py:440}}
Mar 17 10:55:08.584960 np0005649721.novalocal sudo[161158]: stack : PWD=/ ; USER=root ; COMMAND=/usr/local/bin/cinder-rootwrap /etc/cinder/rootwrap.conf lvremove --config 'activation { retry_deactivation = 1} ' -f stack-volumes-lvmdriver-1/_snapshot-c6a16557-ce4d-4fee-8fae-52b08c3dd065
Mar 17 10:55:08.963472 np0005649721.novalocal cinder-volume[125225]: DEBUG oslo_concurrency.processutils [None req-58506a20-6e6c-4f18-91c0-236228129b4d tempest-VolumesDeleteCascade-442599536 None] CMD "sudo cinder-rootwrap /etc/cinder/rootwrap.conf lvremove --config activation { retry_deactivation = 1} -f stack-volumes-lvmdriver-1/_snapshot-c6a16557-ce4d-4fee-8fae-52b08c3dd065" returned: 0 in 0.402s {{(pid=125225) execute /usr/local/lib/python3.12/site-packages/oslo_concurrency/processutils.py:468}}
Mar 17 10:55:09.018395 np0005649721.novalocal cinder-volume[125225]: DEBUG cinder.quota [None req-58506a20-6e6c-4f18-91c0-236228129b4d tempest-VolumesDeleteCascade-442599536 None] Created reservations ['cd897cc8-44df-4c34-96a3-ce1dc9c35462', '282db615-aa60-46c8-bae8-451490d08528', '11682986-497e-4386-ba32-f669f0d54afa', '4ecb911c-84e2-4e5b-991c-2b4e6f7f1656'] {{(pid=125225) reserve /opt/stack/cinder/cinder/quota.py:752}}
Mar 17 10:55:09.056726 np0005649721.novalocal cinder-volume[125225]: INFO cinder.volume.manager [None req-58506a20-6e6c-4f18-91c0-236228129b4d tempest-VolumesDeleteCascade-442599536 None] Delete snapshot completed successfully.
Mar 17 10:55:09.063822 np0005649721.novalocal cinder-volume[125225]: DEBUG cinder.coordination [None req-58506a20-6e6c-4f18-91c0-236228129b4d tempest-VolumesDeleteCascade-442599536 None] Lock "cinder-c6a16557-ce4d-4fee-8fae-52b08c3dd065-delete_snapshot" released by "delete_snapshot" :: held 0.892s {{(pid=125225) __release /opt/stack/cinder/cinder/coordination.py:152}}
Mar 17 10:55:09.063822 np0005649721.novalocal cinder-volume[125225]: DEBUG cinder.volume.manager [None req-58506a20-6e6c-4f18-91c0-236228129b4d tempest-VolumesDeleteCascade-442599536 None] Snapshots deleted, issuing volume delete {{(pid=125225) delete_volume /opt/stack/cinder/cinder/volume/manager.py:1010}}
Mar 17 10:55:09.063822 np0005649721.novalocal cinder-volume[125225]: DEBUG oslo_concurrency.processutils [None req-58506a20-6e6c-4f18-91c0-236228129b4d tempest-VolumesDeleteCascade-442599536 None] Running cmd (subprocess): sudo cinder-rootwrap /etc/cinder/rootwrap.conf env LC_ALL=C lvs --noheadings --unit=g -o vg_name,name,size --nosuffix --readonly stack-volumes-lvmdriver-1/volume-668e60b0-ac78-4fab-93cc-4182d1bef5a4 {{(pid=125225) execute /usr/local/lib/python3.12/site-packages/oslo_concurrency/processutils.py:440}}
Mar 17 10:55:09.090588 np0005649721.novalocal sudo[161164]: stack : PWD=/ ; USER=root ; COMMAND=/usr/local/bin/cinder-rootwrap /etc/cinder/rootwrap.conf env LC_ALL=C lvs --noheadings --unit=g -o vg_name,name,size --nosuffix --readonly stack-volumes-lvmdriver-1/volume-668e60b0-ac78-4fab-93cc-4182d1bef5a4
Mar 17 10:55:09.448259 np0005649721.novalocal cinder-volume[125225]: DEBUG oslo_concurrency.processutils [None req-58506a20-6e6c-4f18-91c0-236228129b4d tempest-VolumesDeleteCascade-442599536 None] CMD "sudo cinder-rootwrap /etc/cinder/rootwrap.conf env LC_ALL=C lvs --noheadings --unit=g -o vg_name,name,size --nosuffix --readonly stack-volumes-lvmdriver-1/volume-668e60b0-ac78-4fab-93cc-4182d1bef5a4" returned: 0 in 0.382s {{(pid=125225) execute /usr/local/lib/python3.12/site-packages/oslo_concurrency/processutils.py:468}}
Mar 17 10:55:09.448259 np0005649721.novalocal cinder-volume[125225]: DEBUG oslo_concurrency.processutils [None req-58506a20-6e6c-4f18-91c0-236228129b4d tempest-VolumesDeleteCascade-442599536 None] Running cmd (subprocess): sudo cinder-rootwrap /etc/cinder/rootwrap.conf env LC_ALL=C lvdisplay --noheading -C -o Attr --readonly stack-volumes-lvmdriver-1/volume-668e60b0-ac78-4fab-93cc-4182d1bef5a4 {{(pid=125225) execute /usr/local/lib/python3.12/site-packages/oslo_concurrency/processutils.py:440}}
Mar 17 10:55:09.477010 np0005649721.novalocal sudo[161171]: stack : PWD=/ ; USER=root ; COMMAND=/usr/local/bin/cinder-rootwrap /etc/cinder/rootwrap.conf env LC_ALL=C lvdisplay --noheading -C -o Attr --readonly stack-volumes-lvmdriver-1/volume-668e60b0-ac78-4fab-93cc-4182d1bef5a4
Mar 17 10:55:09.826087 np0005649721.novalocal cinder-volume[125225]: DEBUG oslo_concurrency.processutils [None req-58506a20-6e6c-4f18-91c0-236228129b4d tempest-VolumesDeleteCascade-442599536 None] CMD "sudo cinder-rootwrap /etc/cinder/rootwrap.conf env LC_ALL=C lvdisplay --noheading -C -o Attr --readonly stack-volumes-lvmdriver-1/volume-668e60b0-ac78-4fab-93cc-4182d1bef5a4" returned: 0 in 0.379s {{(pid=125225) execute /usr/local/lib/python3.12/site-packages/oslo_concurrency/processutils.py:468}}
Mar 17 10:55:09.827683 np0005649721.novalocal cinder-volume[125225]: DEBUG oslo_concurrency.processutils [None req-58506a20-6e6c-4f18-91c0-236228129b4d tempest-VolumesDeleteCascade-442599536 None] Running cmd (subprocess): sudo cinder-rootwrap /etc/cinder/rootwrap.conf lvremove --config activation { retry_deactivation = 1} -f stack-volumes-lvmdriver-1/volume-668e60b0-ac78-4fab-93cc-4182d1bef5a4 {{(pid=125225) execute /usr/local/lib/python3.12/site-packages/oslo_concurrency/processutils.py:440}}
Mar 17 10:55:09.846926 np0005649721.novalocal sudo[161176]: stack : PWD=/ ; USER=root ; COMMAND=/usr/local/bin/cinder-rootwrap /etc/cinder/rootwrap.conf lvremove --config 'activation { retry_deactivation = 1} ' -f stack-volumes-lvmdriver-1/volume-668e60b0-ac78-4fab-93cc-4182d1bef5a4
Mar 17 10:55:10.295559 np0005649721.novalocal cinder-volume[125225]: DEBUG oslo_concurrency.processutils [None req-58506a20-6e6c-4f18-91c0-236228129b4d tempest-VolumesDeleteCascade-442599536 None] CMD "sudo cinder-rootwrap /etc/cinder/rootwrap.conf lvremove --config activation { retry_deactivation = 1} -f stack-volumes-lvmdriver-1/volume-668e60b0-ac78-4fab-93cc-4182d1bef5a4" returned: 0 in 0.468s {{(pid=125225) execute /usr/local/lib/python3.12/site-packages/oslo_concurrency/processutils.py:468}}
Mar 17 10:55:10.295882 np0005649721.novalocal cinder-volume[125225]: INFO cinder.volume.drivers.lvm [None req-58506a20-6e6c-4f18-91c0-236228129b4d tempest-VolumesDeleteCascade-442599536 None] Successfully deleted volume: 668e60b0-ac78-4fab-93cc-4182d1bef5a4
Mar 17 10:55:10.315447 np0005649721.novalocal cinder-volume[125225]: DEBUG cinder.quota [None req-58506a20-6e6c-4f18-91c0-236228129b4d tempest-VolumesDeleteCascade-442599536 None] Created reservations ['d3e6b444-0be1-473b-9989-a70d40234d9b', '2a1dcc18-c779-42c0-b7ce-1ab30775a1ac', '58cbe1f9-1cca-4af7-a2f7-4a4b9ad1cbc5', '6b00170a-1620-4130-bd2f-26086f88dec4'] {{(pid=125225) reserve /opt/stack/cinder/cinder/quota.py:752}}
Mar 17 10:55:10.360400 np0005649721.novalocal cinder-volume[125225]: DEBUG cinder.volume.drivers.lvm [None req-58506a20-6e6c-4f18-91c0-236228129b4d tempest-VolumesDeleteCascade-442599536 None] Updating volume stats {{(pid=125225) _update_volume_stats /opt/stack/cinder/cinder/volume/drivers/lvm.py:228}}
Mar 17 10:55:10.360400 np0005649721.novalocal cinder-volume[125225]: DEBUG oslo_concurrency.processutils [None req-58506a20-6e6c-4f18-91c0-236228129b4d tempest-VolumesDeleteCascade-442599536 None] Running cmd (subprocess): sudo cinder-rootwrap /etc/cinder/rootwrap.conf env LC_ALL=C vgs --noheadings --unit=g -o name,size,free,lv_count,uuid --separator : --nosuffix stack-volumes-lvmdriver-1 {{(pid=125225) execute /usr/local/lib/python3.12/site-packages/oslo_concurrency/processutils.py:440}}
Mar 17 10:55:10.378688 np0005649721.novalocal sudo[161183]: stack : PWD=/ ; USER=root ; COMMAND=/usr/local/bin/cinder-rootwrap /etc/cinder/rootwrap.conf env LC_ALL=C vgs --noheadings --unit=g -o name,size,free,lv_count,uuid --separator : --nosuffix stack-volumes-lvmdriver-1
Mar 17 10:55:10.702750 np0005649721.novalocal cinder-volume[125225]: DEBUG oslo_concurrency.processutils [None req-58506a20-6e6c-4f18-91c0-236228129b4d tempest-VolumesDeleteCascade-442599536 None] CMD "sudo cinder-rootwrap /etc/cinder/rootwrap.conf env LC_ALL=C vgs --noheadings --unit=g -o name,size,free,lv_count,uuid --separator : --nosuffix stack-volumes-lvmdriver-1" returned: 0 in 0.342s {{(pid=125225) execute /usr/local/lib/python3.12/site-packages/oslo_concurrency/processutils.py:468}}
Mar 17 10:55:10.703817 np0005649721.novalocal cinder-volume[125225]: DEBUG oslo_concurrency.processutils [None req-58506a20-6e6c-4f18-91c0-236228129b4d tempest-VolumesDeleteCascade-442599536 None] Running cmd (subprocess): sudo cinder-rootwrap /etc/cinder/rootwrap.conf env LC_ALL=C lvs --noheadings --unit=g -o vg_name,name,size --nosuffix --readonly stack-volumes-lvmdriver-1 {{(pid=125225) execute /usr/local/lib/python3.12/site-packages/oslo_concurrency/processutils.py:440}}
Mar 17 10:55:10.729360 np0005649721.novalocal sudo[161188]: stack : PWD=/ ; USER=root ; COMMAND=/usr/local/bin/cinder-rootwrap /etc/cinder/rootwrap.conf env LC_ALL=C lvs --noheadings --unit=g -o vg_name,name,size --nosuffix --readonly stack-volumes-lvmdriver-1
Mar 17 10:55:11.127067 np0005649721.novalocal cinder-volume[125225]: DEBUG oslo_concurrency.processutils [None req-58506a20-6e6c-4f18-91c0-236228129b4d tempest-VolumesDeleteCascade-442599536 None] CMD "sudo cinder-rootwrap /etc/cinder/rootwrap.conf env LC_ALL=C lvs --noheadings --unit=g -o vg_name,name,size --nosuffix --readonly stack-volumes-lvmdriver-1" returned: 0 in 0.423s {{(pid=125225) execute /usr/local/lib/python3.12/site-packages/oslo_concurrency/processutils.py:468}}
Mar 17 10:55:11.128525 np0005649721.novalocal cinder-volume[125225]: DEBUG oslo_concurrency.processutils [None req-58506a20-6e6c-4f18-91c0-236228129b4d tempest-VolumesDeleteCascade-442599536 None] Running cmd (subprocess): sudo cinder-rootwrap /etc/cinder/rootwrap.conf env LC_ALL=C lvs --noheadings --unit=g -o size,data_percent --separator : --nosuffix /dev/stack-volumes-lvmdriver-1/stack-volumes-lvmdriver-1-pool {{(pid=125225) execute /usr/local/lib/python3.12/site-packages/oslo_concurrency/processutils.py:440}}
Mar 17 10:55:11.154014 np0005649721.novalocal sudo[161193]: stack : PWD=/ ; USER=root ; COMMAND=/usr/local/bin/cinder-rootwrap /etc/cinder/rootwrap.conf env LC_ALL=C lvs --noheadings --unit=g -o size,data_percent --separator : --nosuffix /dev/stack-volumes-lvmdriver-1/stack-volumes-lvmdriver-1-pool
Mar 17 10:55:11.466804 np0005649721.novalocal cinder-volume[125225]: DEBUG cinder.coordination [None req-30b5edf2-1202-4b14-971c-02e73dd06c72 tempest-VolumesDeleteCascade-442599536 None] Acquiring lock "cinder-26617eeb-7e54-4821-adda-dafc149c045f-delete_volume" by "delete_volume" {{(pid=125225) __acquire /opt/stack/cinder/cinder/coordination.py:138}}
Mar 17 10:55:11.475700 np0005649721.novalocal cinder-volume[125225]: DEBUG cinder.coordination [None req-30b5edf2-1202-4b14-971c-02e73dd06c72 tempest-VolumesDeleteCascade-442599536 None] Lock "cinder-26617eeb-7e54-4821-adda-dafc149c045f-delete_volume" acquired by "delete_volume" :: waited 0.009s {{(pid=125225) __acquire /opt/stack/cinder/cinder/coordination.py:141}}
Mar 17 10:55:11.498359 np0005649721.novalocal cinder-volume[125225]: INFO cinder.volume.targets.iscsi [None req-30b5edf2-1202-4b14-971c-02e73dd06c72 tempest-VolumesDeleteCascade-442599536 None] Skipping remove_export. No iscsi_target is presently exported for volume: 26617eeb-7e54-4821-adda-dafc149c045f
Mar 17 10:55:11.498935 np0005649721.novalocal cinder-volume[125225]: DEBUG oslo_concurrency.processutils [None req-30b5edf2-1202-4b14-971c-02e73dd06c72 tempest-VolumesDeleteCascade-442599536 None] Running cmd (subprocess): sudo cinder-rootwrap /etc/cinder/rootwrap.conf env LC_ALL=C lvs --noheadings --unit=g -o vg_name,name,size --nosuffix --readonly stack-volumes-lvmdriver-1/volume-26617eeb-7e54-4821-adda-dafc149c045f {{(pid=125225) execute /usr/local/lib/python3.12/site-packages/oslo_concurrency/processutils.py:440}}
Mar 17 10:55:11.522093 np0005649721.novalocal sudo[161197]: stack : PWD=/ ; USER=root ; COMMAND=/usr/local/bin/cinder-rootwrap /etc/cinder/rootwrap.conf env LC_ALL=C lvs --noheadings --unit=g -o vg_name,name,size --nosuffix --readonly stack-volumes-lvmdriver-1/volume-26617eeb-7e54-4821-adda-dafc149c045f
Mar 17 10:55:11.534549 np0005649721.novalocal cinder-volume[125225]: DEBUG oslo_concurrency.processutils [None req-58506a20-6e6c-4f18-91c0-236228129b4d tempest-VolumesDeleteCascade-442599536 None] CMD "sudo cinder-rootwrap /etc/cinder/rootwrap.conf env LC_ALL=C lvs --noheadings --unit=g -o size,data_percent --separator : --nosuffix /dev/stack-volumes-lvmdriver-1/stack-volumes-lvmdriver-1-pool" returned: 0 in 0.406s {{(pid=125225) execute /usr/local/lib/python3.12/site-packages/oslo_concurrency/processutils.py:468}}
Mar 17 10:55:11.535665 np0005649721.novalocal cinder-volume[125225]: DEBUG oslo_concurrency.processutils [None req-58506a20-6e6c-4f18-91c0-236228129b4d tempest-VolumesDeleteCascade-442599536 None] Running cmd (subprocess): sudo cinder-rootwrap /etc/cinder/rootwrap.conf env LC_ALL=C lvs --noheadings --unit=g -o vg_name,name,size --nosuffix --readonly stack-volumes-lvmdriver-1 {{(pid=125225) execute /usr/local/lib/python3.12/site-packages/oslo_concurrency/processutils.py:440}}
Mar 17 10:55:11.555248 np0005649721.novalocal sudo[161199]: stack : PWD=/ ; USER=root ; COMMAND=/usr/local/bin/cinder-rootwrap /etc/cinder/rootwrap.conf env LC_ALL=C lvs --noheadings --unit=g -o vg_name,name,size --nosuffix --readonly stack-volumes-lvmdriver-1
Mar 17 10:55:11.907372 np0005649721.novalocal cinder-volume[125225]: DEBUG oslo_concurrency.processutils [None req-30b5edf2-1202-4b14-971c-02e73dd06c72 tempest-VolumesDeleteCascade-442599536 None] CMD "sudo cinder-rootwrap /etc/cinder/rootwrap.conf env LC_ALL=C lvs --noheadings --unit=g -o vg_name,name,size --nosuffix --readonly stack-volumes-lvmdriver-1/volume-26617eeb-7e54-4821-adda-dafc149c045f" returned: 0 in 0.408s {{(pid=125225) execute /usr/local/lib/python3.12/site-packages/oslo_concurrency/processutils.py:468}}
Mar 17 10:55:11.908242 np0005649721.novalocal cinder-volume[125225]: DEBUG oslo_concurrency.processutils [None req-30b5edf2-1202-4b14-971c-02e73dd06c72 tempest-VolumesDeleteCascade-442599536 None] Running cmd (subprocess): sudo cinder-rootwrap /etc/cinder/rootwrap.conf env LC_ALL=C lvdisplay --noheading -C -o Attr --readonly stack-volumes-lvmdriver-1/volume-26617eeb-7e54-4821-adda-dafc149c045f {{(pid=125225) execute /usr/local/lib/python3.12/site-packages/oslo_concurrency/processutils.py:440}}
Mar 17 10:55:11.935542 np0005649721.novalocal sudo[161207]: stack : PWD=/ ; USER=root ; COMMAND=/usr/local/bin/cinder-rootwrap /etc/cinder/rootwrap.conf env LC_ALL=C lvdisplay --noheading -C -o Attr --readonly stack-volumes-lvmdriver-1/volume-26617eeb-7e54-4821-adda-dafc149c045f
Mar 17 10:55:11.942460 np0005649721.novalocal cinder-volume[125225]: DEBUG oslo_concurrency.processutils [None req-58506a20-6e6c-4f18-91c0-236228129b4d tempest-VolumesDeleteCascade-442599536 None] CMD "sudo cinder-rootwrap /etc/cinder/rootwrap.conf env LC_ALL=C lvs --noheadings --unit=g -o vg_name,name,size --nosuffix --readonly stack-volumes-lvmdriver-1" returned: 0 in 0.406s {{(pid=125225) execute /usr/local/lib/python3.12/site-packages/oslo_concurrency/processutils.py:468}}
Mar 17 10:55:11.943874 np0005649721.novalocal cinder-volume[125225]: DEBUG cinder.manager [None req-58506a20-6e6c-4f18-91c0-236228129b4d tempest-VolumesDeleteCascade-442599536 None] Notifying Schedulers of capabilities ... {{(pid=125225) _publish_service_capabilities /opt/stack/cinder/cinder/manager.py:202}}
Mar 17 10:55:11.948022 np0005649721.novalocal cinder-volume[125225]: INFO cinder.volume.manager [None req-58506a20-6e6c-4f18-91c0-236228129b4d tempest-VolumesDeleteCascade-442599536 None] Deleted volume successfully.
Mar 17 10:55:11.957558 np0005649721.novalocal cinder-volume[125225]: DEBUG cinder.coordination [None req-58506a20-6e6c-4f18-91c0-236228129b4d tempest-VolumesDeleteCascade-442599536 None] Lock "cinder-668e60b0-ac78-4fab-93cc-4182d1bef5a4-delete_volume" released by "delete_volume" :: held 3.818s {{(pid=125225) __release /opt/stack/cinder/cinder/coordination.py:152}}
Mar 17 10:55:12.300394 np0005649721.novalocal cinder-volume[125225]: DEBUG oslo_concurrency.processutils [None req-30b5edf2-1202-4b14-971c-02e73dd06c72 tempest-VolumesDeleteCascade-442599536 None] CMD "sudo cinder-rootwrap /etc/cinder/rootwrap.conf env LC_ALL=C lvdisplay --noheading -C -o Attr --readonly stack-volumes-lvmdriver-1/volume-26617eeb-7e54-4821-adda-dafc149c045f" returned: 0 in 0.392s {{(pid=125225) execute /usr/local/lib/python3.12/site-packages/oslo_concurrency/processutils.py:468}}
Mar 17 10:55:12.300919 np0005649721.novalocal cinder-volume[125225]: DEBUG oslo_concurrency.processutils [None req-30b5edf2-1202-4b14-971c-02e73dd06c72 tempest-VolumesDeleteCascade-442599536 None] Running cmd (subprocess): sudo cinder-rootwrap /etc/cinder/rootwrap.conf lvremove --config activation { retry_deactivation = 1} -f stack-volumes-lvmdriver-1/volume-26617eeb-7e54-4821-adda-dafc149c045f {{(pid=125225) execute /usr/local/lib/python3.12/site-packages/oslo_concurrency/processutils.py:440}}
Mar 17 10:55:12.325110 np0005649721.novalocal sudo[161213]: stack : PWD=/ ; USER=root ; COMMAND=/usr/local/bin/cinder-rootwrap /etc/cinder/rootwrap.conf lvremove --config 'activation { retry_deactivation = 1} ' -f stack-volumes-lvmdriver-1/volume-26617eeb-7e54-4821-adda-dafc149c045f
Mar 17 10:55:12.748253 np0005649721.novalocal cinder-volume[125225]: DEBUG oslo_concurrency.processutils [None req-30b5edf2-1202-4b14-971c-02e73dd06c72 tempest-VolumesDeleteCascade-442599536 None] CMD "sudo cinder-rootwrap /etc/cinder/rootwrap.conf lvremove --config activation { retry_deactivation = 1} -f stack-volumes-lvmdriver-1/volume-26617eeb-7e54-4821-adda-dafc149c045f" returned: 0 in 0.447s {{(pid=125225) execute /usr/local/lib/python3.12/site-packages/oslo_concurrency/processutils.py:468}}
Mar 17 10:55:12.749068 np0005649721.novalocal cinder-volume[125225]: INFO cinder.volume.drivers.lvm [None req-30b5edf2-1202-4b14-971c-02e73dd06c72 tempest-VolumesDeleteCascade-442599536 None] Successfully deleted volume: 26617eeb-7e54-4821-adda-dafc149c045f
Mar 17 10:55:12.791816 np0005649721.novalocal cinder-volume[125225]: DEBUG cinder.quota [None req-30b5edf2-1202-4b14-971c-02e73dd06c72 tempest-VolumesDeleteCascade-442599536 None] Created reservations ['a4499d45-8a70-44be-8468-5dcb86b8cc57', 'fee9c17f-e432-42c5-964d-8237c74da8e4', '52f678a8-4dd7-4108-97d5-1f76282fb2b7', '2d5c9473-c329-4895-b079-14bed772c573'] {{(pid=125225) reserve /opt/stack/cinder/cinder/quota.py:752}}
Mar 17 10:55:12.836108 np0005649721.novalocal cinder-volume[125225]: DEBUG cinder.volume.drivers.lvm [None req-30b5edf2-1202-4b14-971c-02e73dd06c72 tempest-VolumesDeleteCascade-442599536 None] Updating volume stats {{(pid=125225) _update_volume_stats /opt/stack/cinder/cinder/volume/drivers/lvm.py:228}}
Mar 17 10:55:12.836713 np0005649721.novalocal cinder-volume[125225]: DEBUG oslo_concurrency.processutils [None req-30b5edf2-1202-4b14-971c-02e73dd06c72 tempest-VolumesDeleteCascade-442599536 None] Running cmd (subprocess): sudo cinder-rootwrap /etc/cinder/rootwrap.conf env LC_ALL=C vgs --noheadings --unit=g -o name,size,free,lv_count,uuid --separator : --nosuffix stack-volumes-lvmdriver-1 {{(pid=125225) execute /usr/local/lib/python3.12/site-packages/oslo_concurrency/processutils.py:440}}
Mar 17 10:55:12.865528 np0005649721.novalocal sudo[161220]: stack : PWD=/ ; USER=root ; COMMAND=/usr/local/bin/cinder-rootwrap /etc/cinder/rootwrap.conf env LC_ALL=C vgs --noheadings --unit=g -o name,size,free,lv_count,uuid --separator : --nosuffix stack-volumes-lvmdriver-1
Mar 17 10:55:13.216332 np0005649721.novalocal cinder-volume[125225]: DEBUG oslo_concurrency.processutils [None req-30b5edf2-1202-4b14-971c-02e73dd06c72 tempest-VolumesDeleteCascade-442599536 None] CMD "sudo cinder-rootwrap /etc/cinder/rootwrap.conf env LC_ALL=C vgs --noheadings --unit=g -o name,size,free,lv_count,uuid --separator : --nosuffix stack-volumes-lvmdriver-1" returned: 0 in 0.379s {{(pid=125225) execute /usr/local/lib/python3.12/site-packages/oslo_concurrency/processutils.py:468}}
Mar 17 10:55:13.219115 np0005649721.novalocal cinder-volume[125225]: DEBUG oslo_concurrency.processutils [None req-30b5edf2-1202-4b14-971c-02e73dd06c72 tempest-VolumesDeleteCascade-442599536 None] Running cmd (subprocess): sudo cinder-rootwrap /etc/cinder/rootwrap.conf env LC_ALL=C lvs --noheadings --unit=g -o vg_name,name,size --nosuffix --readonly stack-volumes-lvmdriver-1 {{(pid=125225) execute /usr/local/lib/python3.12/site-packages/oslo_concurrency/processutils.py:440}}
Mar 17 10:55:13.246933 np0005649721.novalocal sudo[161225]: stack : PWD=/ ; USER=root ; COMMAND=/usr/local/bin/cinder-rootwrap /etc/cinder/rootwrap.conf env LC_ALL=C lvs --noheadings --unit=g -o vg_name,name,size --nosuffix --readonly stack-volumes-lvmdriver-1
Mar 17 10:55:13.566786 np0005649721.novalocal cinder-volume[125225]: DEBUG oslo_concurrency.processutils [None req-30b5edf2-1202-4b14-971c-02e73dd06c72 tempest-VolumesDeleteCascade-442599536 None] CMD "sudo cinder-rootwrap /etc/cinder/rootwrap.conf env LC_ALL=C lvs --noheadings --unit=g -o vg_name,name,size --nosuffix --readonly stack-volumes-lvmdriver-1" returned: 0 in 0.347s {{(pid=125225) execute /usr/local/lib/python3.12/site-packages/oslo_concurrency/processutils.py:468}}
Mar 17 10:55:13.571496 np0005649721.novalocal cinder-volume[125225]: DEBUG oslo_concurrency.processutils [None req-30b5edf2-1202-4b14-971c-02e73dd06c72 tempest-VolumesDeleteCascade-442599536 None] Running cmd (subprocess): sudo cinder-rootwrap /etc/cinder/rootwrap.conf env LC_ALL=C lvs --noheadings --unit=g -o size,data_percent --separator : --nosuffix /dev/stack-volumes-lvmdriver-1/stack-volumes-lvmdriver-1-pool {{(pid=125225) execute /usr/local/lib/python3.12/site-packages/oslo_concurrency/processutils.py:440}}
Mar 17 10:55:13.599448 np0005649721.novalocal sudo[161230]: stack : PWD=/ ; USER=root ; COMMAND=/usr/local/bin/cinder-rootwrap /etc/cinder/rootwrap.conf env LC_ALL=C lvs --noheadings --unit=g -o size,data_percent --separator : --nosuffix /dev/stack-volumes-lvmdriver-1/stack-volumes-lvmdriver-1-pool
Mar 17 10:55:13.989110 np0005649721.novalocal cinder-volume[125225]: DEBUG oslo_concurrency.processutils [None req-30b5edf2-1202-4b14-971c-02e73dd06c72 tempest-VolumesDeleteCascade-442599536 None] CMD "sudo cinder-rootwrap /etc/cinder/rootwrap.conf env LC_ALL=C lvs --noheadings --unit=g -o size,data_percent --separator : --nosuffix /dev/stack-volumes-lvmdriver-1/stack-volumes-lvmdriver-1-pool" returned: 0 in 0.416s {{(pid=125225) execute /usr/local/lib/python3.12/site-packages/oslo_concurrency/processutils.py:468}}
Mar 17 10:55:13.989473 np0005649721.novalocal cinder-volume[125225]: DEBUG oslo_concurrency.processutils [None req-30b5edf2-1202-4b14-971c-02e73dd06c72 tempest-VolumesDeleteCascade-442599536 None] Running cmd (subprocess): sudo cinder-rootwrap /etc/cinder/rootwrap.conf env LC_ALL=C lvs --noheadings --unit=g -o vg_name,name,size --nosuffix --readonly stack-volumes-lvmdriver-1 {{(pid=125225) execute /usr/local/lib/python3.12/site-packages/oslo_concurrency/processutils.py:440}}
Mar 17 10:55:14.016267 np0005649721.novalocal sudo[161235]: stack : PWD=/ ; USER=root ; COMMAND=/usr/local/bin/cinder-rootwrap /etc/cinder/rootwrap.conf env LC_ALL=C lvs --noheadings --unit=g -o vg_name,name,size --nosuffix --readonly stack-volumes-lvmdriver-1
Mar 17 10:55:14.426467 np0005649721.novalocal cinder-volume[125225]: DEBUG oslo_concurrency.processutils [None req-30b5edf2-1202-4b14-971c-02e73dd06c72 tempest-VolumesDeleteCascade-442599536 None] CMD "sudo cinder-rootwrap /etc/cinder/rootwrap.conf env LC_ALL=C lvs --noheadings --unit=g -o vg_name,name,size --nosuffix --readonly stack-volumes-lvmdriver-1" returned: 0 in 0.435s {{(pid=125225) execute /usr/local/lib/python3.12/site-packages/oslo_concurrency/processutils.py:468}}
Mar 17 10:55:14.426467 np0005649721.novalocal cinder-volume[125225]: DEBUG cinder.manager [None req-30b5edf2-1202-4b14-971c-02e73dd06c72 tempest-VolumesDeleteCascade-442599536 None] Notifying Schedulers of capabilities ... {{(pid=125225) _publish_service_capabilities /opt/stack/cinder/cinder/manager.py:202}}
Mar 17 10:55:14.433087 np0005649721.novalocal cinder-volume[125225]: INFO cinder.volume.manager [None req-30b5edf2-1202-4b14-971c-02e73dd06c72 tempest-VolumesDeleteCascade-442599536 None] Deleted volume successfully.
Mar 17 10:55:14.447060 np0005649721.novalocal cinder-volume[125225]: DEBUG cinder.coordination [None req-30b5edf2-1202-4b14-971c-02e73dd06c72 tempest-VolumesDeleteCascade-442599536 None] Lock "cinder-26617eeb-7e54-4821-adda-dafc149c045f-delete_volume" released by "delete_volume" :: held 2.971s {{(pid=125225) __release /opt/stack/cinder/cinder/coordination.py:152}}
Mar 17 10:55:20.222452 np0005649721.novalocal cinder-volume[125225]: DEBUG cinder.coordination [None req-e6242cf2-cfb3-417f-b620-fd8e58b42d06 tempest-AttachVolumeMultiAttachTest-796040200 None] Acquiring lock "cinder-4793324e-7452-40ba-b136-9e73d70b126a-delete_volume" by "delete_volume" {{(pid=125225) __acquire /opt/stack/cinder/cinder/coordination.py:138}}
Mar 17 10:55:20.239824 np0005649721.novalocal cinder-volume[125225]: DEBUG cinder.coordination [None req-e6242cf2-cfb3-417f-b620-fd8e58b42d06 tempest-AttachVolumeMultiAttachTest-796040200 None] Lock "cinder-4793324e-7452-40ba-b136-9e73d70b126a-delete_volume" acquired by "delete_volume" :: waited 0.018s {{(pid=125225) __acquire /opt/stack/cinder/cinder/coordination.py:141}}
Mar 17 10:55:20.242057 np0005649721.novalocal cinder-volume[125225]: DEBUG cinder.volume.flows.manager.create_volume [None req-3aaad8fa-a211-44f5-a0b4-d09f2fa33cb2 tempest-VolumesBackupsTest-501581151 None] Volume reschedule parameters: True retry: {'num_attempts': 1, 'backends': ['np0005649721.novalocal@lvmdriver-1#lvmdriver-1'], 'hosts': ['np0005649721.novalocal@lvmdriver-1#lvmdriver-1']} {{(pid=125225) get_flow /opt/stack/cinder/cinder/volume/flows/manager/create_volume.py:1388}}
Mar 17 10:55:20.248171 np0005649721.novalocal cinder-volume[125225]: DEBUG cinder.volume.manager [None req-3aaad8fa-a211-44f5-a0b4-d09f2fa33cb2 tempest-VolumesBackupsTest-501581151 None] Flow 'volume_create_manager' (7a06a60c-839f-4996-a64d-514a9ae86458) transitioned into state 'RUNNING' from state 'PENDING' {{(pid=125225) _flow_receiver /usr/local/lib/python3.12/site-packages/taskflow/listeners/logging.py:145}}
Mar 17 10:55:20.250461 np0005649721.novalocal cinder-volume[125225]: DEBUG cinder.volume.manager [None req-3aaad8fa-a211-44f5-a0b4-d09f2fa33cb2 tempest-VolumesBackupsTest-501581151 None] Task 'cinder.volume.flows.manager.create_volume.ExtractVolumeRefTask;volume:create' (9c5f7ac1-af3d-4fb0-a994-746a5bf30e33) transitioned into state 'RUNNING' from state 'PENDING' {{(pid=125225) _task_receiver /usr/local/lib/python3.12/site-packages/taskflow/listeners/logging.py:194}}
Mar 17 10:55:20.258440 np0005649721.novalocal cinder-volume[125225]: DEBUG cinder.volume.manager [None req-3aaad8fa-a211-44f5-a0b4-d09f2fa33cb2 tempest-VolumesBackupsTest-501581151 None] Task 'cinder.volume.flows.manager.create_volume.ExtractVolumeRefTask;volume:create' (9c5f7ac1-af3d-4fb0-a994-746a5bf30e33) transitioned into state 'SUCCESS' from state 'RUNNING' with result 'Volume(_name_id=None,admin_metadata=,attach_status='detached',availability_zone='nova',bootable=False,cluster=,cluster_name=None,consistencygroup=,consistencygroup_id=None,created_at=2026-03-17T14:55:20Z,deleted=False,deleted_at=None,display_description=None,display_name='tempest-VolumesBackupsTest-Volume-1197408776',ec2_id=None,encryption_key_id=None,glance_metadata=,group=,group_id=None,host='np0005649721.novalocal@lvmdriver-1#lvmdriver-1',id=39570113-c5c3-4a35-923e-6c5fcdf10d87,launched_at=None,metadata={},migration_status=None,multiattach=False,previous_status=None,project_id='952eab38fa9f4690ab2b2365fa7b5458',provider_auth=None,provider_geometry=None,provider_id=None,provider_location=None,replication_driver_data=None,replication_extended_status=None,replication_status=None,scheduled_at=2026-03-17T14:55:20Z,service_uuid=None,shared_targets=True,size=1,snapshot_id=None,snapshots=,source_volid=None,status='creating',terminated_at=None,updated_at=2026-03-17T14:55:20Z,use_quota=True,user_id='627456c02fdf41e8bd6518268b72151a',volume_attachment=VolumeAttachmentList,volume_type=VolumeType(bbde6e50-1ad6-4e8a-a9d1-fb05dd74fe62),volume_type_id=bbde6e50-1ad6-4e8a-a9d1-fb05dd74fe62)' {{(pid=125225) _task_receiver /usr/local/lib/python3.12/site-packages/taskflow/listeners/logging.py:182}}
Mar 17 10:55:20.259901 np0005649721.novalocal cinder-volume[125225]: DEBUG cinder.volume.manager [None req-3aaad8fa-a211-44f5-a0b4-d09f2fa33cb2 tempest-VolumesBackupsTest-501581151 None] Task 'cinder.volume.flows.manager.create_volume.OnFailureRescheduleTask;volume:create' (d9a26315-ffd4-4d0b-b3a3-9f5ceed03cda) transitioned into state 'RUNNING' from state 'PENDING' {{(pid=125225) _task_receiver /usr/local/lib/python3.12/site-packages/taskflow/listeners/logging.py:194}}
Mar 17 10:55:20.261112 np0005649721.novalocal cinder-volume[125225]: DEBUG cinder.volume.manager [None req-3aaad8fa-a211-44f5-a0b4-d09f2fa33cb2 tempest-VolumesBackupsTest-501581151 None] Task 'cinder.volume.flows.manager.create_volume.OnFailureRescheduleTask;volume:create' (d9a26315-ffd4-4d0b-b3a3-9f5ceed03cda) transitioned into state 'SUCCESS' from state 'RUNNING' with result 'None' {{(pid=125225) _task_receiver /usr/local/lib/python3.12/site-packages/taskflow/listeners/logging.py:182}}
Mar 17 10:55:20.262519 np0005649721.novalocal cinder-volume[125225]: DEBUG cinder.volume.manager [None req-3aaad8fa-a211-44f5-a0b4-d09f2fa33cb2 tempest-VolumesBackupsTest-501581151 None] Task 'cinder.volume.flows.manager.create_volume.ExtractVolumeSpecTask;volume:create' (4d4c417f-f504-4464-9a32-1cda9bd13876) transitioned into state 'RUNNING' from state 'PENDING' {{(pid=125225) _task_receiver /usr/local/lib/python3.12/site-packages/taskflow/listeners/logging.py:194}}
Mar 17 10:55:20.263685 np0005649721.novalocal cinder-volume[125225]: DEBUG cinder.volume.manager [None req-3aaad8fa-a211-44f5-a0b4-d09f2fa33cb2 tempest-VolumesBackupsTest-501581151 None] Task 'cinder.volume.flows.manager.create_volume.ExtractVolumeSpecTask;volume:create' (4d4c417f-f504-4464-9a32-1cda9bd13876) transitioned into state 'SUCCESS' from state 'RUNNING' with result '{'status': 'creating', 'type': 'raw', 'volume_id': '39570113-c5c3-4a35-923e-6c5fcdf10d87', 'volume_name': 'volume-39570113-c5c3-4a35-923e-6c5fcdf10d87', 'volume_size': 1}' {{(pid=125225) _task_receiver /usr/local/lib/python3.12/site-packages/taskflow/listeners/logging.py:182}}
Mar 17 10:55:20.265023 np0005649721.novalocal cinder-volume[125225]: DEBUG cinder.volume.manager [None req-3aaad8fa-a211-44f5-a0b4-d09f2fa33cb2 tempest-VolumesBackupsTest-501581151 None] Task 'cinder.volume.flows.manager.create_volume.NotifyVolumeActionTask;volume:create, create.start' (21b5a7f1-6430-48f0-be9f-8346ae4baf58) transitioned into state 'RUNNING' from state 'PENDING' {{(pid=125225) _task_receiver /usr/local/lib/python3.12/site-packages/taskflow/listeners/logging.py:194}}
Mar 17 10:55:20.266155 np0005649721.novalocal cinder-volume[125225]: DEBUG cinder.volume.manager [None req-3aaad8fa-a211-44f5-a0b4-d09f2fa33cb2 tempest-VolumesBackupsTest-501581151 None] Task 'cinder.volume.flows.manager.create_volume.NotifyVolumeActionTask;volume:create, create.start' (21b5a7f1-6430-48f0-be9f-8346ae4baf58) transitioned into state 'SUCCESS' from state 'RUNNING' with result 'None' {{(pid=125225) _task_receiver /usr/local/lib/python3.12/site-packages/taskflow/listeners/logging.py:182}}
Mar 17 10:55:20.267494 np0005649721.novalocal cinder-volume[125225]: DEBUG cinder.volume.manager [None req-3aaad8fa-a211-44f5-a0b4-d09f2fa33cb2 tempest-VolumesBackupsTest-501581151 None] Task 'cinder.volume.flows.manager.create_volume.CreateVolumeFromSpecTask;volume:create' (b3a7dcf8-ecad-4ab3-969c-7192c43ab24f) transitioned into state 'RUNNING' from state 'PENDING' {{(pid=125225) _task_receiver /usr/local/lib/python3.12/site-packages/taskflow/listeners/logging.py:194}}
Mar 17 10:55:20.267839 np0005649721.novalocal cinder-volume[125225]: INFO cinder.volume.flows.manager.create_volume [None req-3aaad8fa-a211-44f5-a0b4-d09f2fa33cb2 tempest-VolumesBackupsTest-501581151 None] Volume 39570113-c5c3-4a35-923e-6c5fcdf10d87: being created as raw with specification: {'status': 'creating', 'volume_name': 'volume-39570113-c5c3-4a35-923e-6c5fcdf10d87', 'volume_size': 1}
Mar 17 10:55:20.268210 np0005649721.novalocal cinder-volume[125225]: DEBUG oslo_concurrency.processutils [None req-3aaad8fa-a211-44f5-a0b4-d09f2fa33cb2 tempest-VolumesBackupsTest-501581151 None] Running cmd (subprocess): sudo cinder-rootwrap /etc/cinder/rootwrap.conf env LC_ALL=C lvcreate -T -V 1g -n volume-39570113-c5c3-4a35-923e-6c5fcdf10d87 stack-volumes-lvmdriver-1/stack-volumes-lvmdriver-1-pool {{(pid=125225) execute /usr/local/lib/python3.12/site-packages/oslo_concurrency/processutils.py:440}}
Mar 17 10:55:20.282896 np0005649721.novalocal cinder-volume[125225]: DEBUG oslo_concurrency.lockutils [None req-e6242cf2-cfb3-417f-b620-fd8e58b42d06 tempest-AttachVolumeMultiAttachTest-796040200 None] Acquiring lock "lioadm" by "cinder.volume.targets.lio.LioAdm._execute" {{(pid=125225) inner /usr/local/lib/python3.12/site-packages/oslo_concurrency/lockutils.py:506}}
Mar 17 10:55:20.283338 np0005649721.novalocal cinder-volume[125225]: DEBUG oslo_concurrency.lockutils [None req-e6242cf2-cfb3-417f-b620-fd8e58b42d06 tempest-AttachVolumeMultiAttachTest-796040200 None] Lock "lioadm" acquired by "cinder.volume.targets.lio.LioAdm._execute" :: waited 0.001s {{(pid=125225) inner /usr/local/lib/python3.12/site-packages/oslo_concurrency/lockutils.py:519}}
Mar 17 10:55:20.283645 np0005649721.novalocal cinder-volume[125225]: DEBUG oslo_concurrency.processutils [None req-e6242cf2-cfb3-417f-b620-fd8e58b42d06 tempest-AttachVolumeMultiAttachTest-796040200 None] Running cmd (subprocess): sudo cinder-rootwrap /etc/cinder/rootwrap.conf cinder-rtstool get-targets {{(pid=125225) execute /usr/local/lib/python3.12/site-packages/oslo_concurrency/processutils.py:440}}
Mar 17 10:55:20.297864 np0005649721.novalocal sudo[161280]: stack : PWD=/ ; USER=root ; COMMAND=/usr/local/bin/cinder-rootwrap /etc/cinder/rootwrap.conf env LC_ALL=C lvcreate -T -V 1g -n volume-39570113-c5c3-4a35-923e-6c5fcdf10d87 stack-volumes-lvmdriver-1/stack-volumes-lvmdriver-1-pool
Mar 17 10:55:20.318359 np0005649721.novalocal sudo[161281]: stack : PWD=/ ; USER=root ; COMMAND=/usr/local/bin/cinder-rootwrap /etc/cinder/rootwrap.conf cinder-rtstool get-targets
Mar 17 10:55:20.725192 np0005649721.novalocal cinder-volume[125225]: DEBUG oslo_concurrency.processutils [None req-3aaad8fa-a211-44f5-a0b4-d09f2fa33cb2 tempest-VolumesBackupsTest-501581151 None] CMD "sudo cinder-rootwrap /etc/cinder/rootwrap.conf env LC_ALL=C lvcreate -T -V 1g -n volume-39570113-c5c3-4a35-923e-6c5fcdf10d87 stack-volumes-lvmdriver-1/stack-volumes-lvmdriver-1-pool" returned: 0 in 0.453s {{(pid=125225) execute /usr/local/lib/python3.12/site-packages/oslo_concurrency/processutils.py:468}}
Mar 17 10:55:20.727035 np0005649721.novalocal cinder-volume[125225]: DEBUG cinder.volume.manager [None req-3aaad8fa-a211-44f5-a0b4-d09f2fa33cb2 tempest-VolumesBackupsTest-501581151 None] Task 'cinder.volume.flows.manager.create_volume.CreateVolumeFromSpecTask;volume:create' (b3a7dcf8-ecad-4ab3-969c-7192c43ab24f) transitioned into state 'SUCCESS' from state 'RUNNING' with result '{'status': 'creating', 'volume_name': 'volume-39570113-c5c3-4a35-923e-6c5fcdf10d87', 'volume_size': 1}' {{(pid=125225) _task_receiver /usr/local/lib/python3.12/site-packages/taskflow/listeners/logging.py:182}}
Mar 17 10:55:20.728715 np0005649721.novalocal cinder-volume[125225]: DEBUG cinder.volume.manager [None req-3aaad8fa-a211-44f5-a0b4-d09f2fa33cb2 tempest-VolumesBackupsTest-501581151 None] Task 'cinder.volume.flows.manager.create_volume.CreateVolumeOnFinishTask;volume:create, create.end' (e13dcad8-47c0-4d16-8bdd-1a74ec1b61d6) transitioned into state 'RUNNING' from state 'PENDING' {{(pid=125225) _task_receiver /usr/local/lib/python3.12/site-packages/taskflow/listeners/logging.py:194}}
Mar 17 10:55:20.735728 np0005649721.novalocal cinder-volume[125225]: INFO cinder.volume.flows.manager.create_volume [None req-3aaad8fa-a211-44f5-a0b4-d09f2fa33cb2 tempest-VolumesBackupsTest-501581151 None] Volume volume-39570113-c5c3-4a35-923e-6c5fcdf10d87 (39570113-c5c3-4a35-923e-6c5fcdf10d87): created successfully
Mar 17 10:55:20.736891 np0005649721.novalocal cinder-volume[125225]: DEBUG cinder.volume.manager [None req-3aaad8fa-a211-44f5-a0b4-d09f2fa33cb2 tempest-VolumesBackupsTest-501581151 None] Task 'cinder.volume.flows.manager.create_volume.CreateVolumeOnFinishTask;volume:create, create.end' (e13dcad8-47c0-4d16-8bdd-1a74ec1b61d6) transitioned into state 'SUCCESS' from state 'RUNNING' with result 'None' {{(pid=125225) _task_receiver /usr/local/lib/python3.12/site-packages/taskflow/listeners/logging.py:182}}
Mar 17 10:55:20.738285 np0005649721.novalocal cinder-volume[125225]: DEBUG cinder.volume.manager [None req-3aaad8fa-a211-44f5-a0b4-d09f2fa33cb2 tempest-VolumesBackupsTest-501581151 None] Flow 'volume_create_manager' (7a06a60c-839f-4996-a64d-514a9ae86458) transitioned into state 'SUCCESS' from state 'RUNNING' {{(pid=125225) _flow_receiver /usr/local/lib/python3.12/site-packages/taskflow/listeners/logging.py:145}}
Mar 17 10:55:20.742954 np0005649721.novalocal cinder-volume[125225]: INFO cinder.volume.manager [None req-3aaad8fa-a211-44f5-a0b4-d09f2fa33cb2 tempest-VolumesBackupsTest-501581151 None] Created volume successfully.
Mar 17 10:55:20.772741 np0005649721.novalocal cinder-volume[125225]: DEBUG oslo_concurrency.processutils [None req-e6242cf2-cfb3-417f-b620-fd8e58b42d06 tempest-AttachVolumeMultiAttachTest-796040200 None] CMD "sudo cinder-rootwrap /etc/cinder/rootwrap.conf cinder-rtstool get-targets" returned: 0 in 0.487s {{(pid=125225) execute /usr/local/lib/python3.12/site-packages/oslo_concurrency/processutils.py:468}}
Mar 17 10:55:20.772741 np0005649721.novalocal cinder-volume[125225]: DEBUG oslo_concurrency.lockutils [None req-e6242cf2-cfb3-417f-b620-fd8e58b42d06 tempest-AttachVolumeMultiAttachTest-796040200 None] Lock "lioadm" "released" by "cinder.volume.targets.lio.LioAdm._execute" :: held 0.487s {{(pid=125225) inner /usr/local/lib/python3.12/site-packages/oslo_concurrency/lockutils.py:538}}
Mar 17 10:55:20.772741 np0005649721.novalocal cinder-volume[125225]: INFO cinder.volume.targets.iscsi [None req-e6242cf2-cfb3-417f-b620-fd8e58b42d06 tempest-AttachVolumeMultiAttachTest-796040200 None] Skipping remove_export. No iscsi_target is presently exported for volume: 4793324e-7452-40ba-b136-9e73d70b126a
Mar 17 10:55:20.772741 np0005649721.novalocal cinder-volume[125225]: DEBUG oslo_concurrency.processutils [None req-e6242cf2-cfb3-417f-b620-fd8e58b42d06 tempest-AttachVolumeMultiAttachTest-796040200 None] Running cmd (subprocess): sudo cinder-rootwrap /etc/cinder/rootwrap.conf env LC_ALL=C lvs --noheadings --unit=g -o vg_name,name,size --nosuffix --readonly stack-volumes-lvmdriver-1/volume-4793324e-7452-40ba-b136-9e73d70b126a {{(pid=125225) execute /usr/local/lib/python3.12/site-packages/oslo_concurrency/processutils.py:440}}
Mar 17 10:55:20.789263 np0005649721.novalocal sudo[161299]: stack : PWD=/ ; USER=root ; COMMAND=/usr/local/bin/cinder-rootwrap /etc/cinder/rootwrap.conf env LC_ALL=C lvs --noheadings --unit=g -o vg_name,name,size --nosuffix --readonly stack-volumes-lvmdriver-1/volume-4793324e-7452-40ba-b136-9e73d70b126a
Mar 17 10:55:21.184556 np0005649721.novalocal cinder-volume[125225]: DEBUG oslo_concurrency.processutils [None req-e6242cf2-cfb3-417f-b620-fd8e58b42d06 tempest-AttachVolumeMultiAttachTest-796040200 None] CMD "sudo cinder-rootwrap /etc/cinder/rootwrap.conf env LC_ALL=C lvs --noheadings --unit=g -o vg_name,name,size --nosuffix --readonly stack-volumes-lvmdriver-1/volume-4793324e-7452-40ba-b136-9e73d70b126a" returned: 0 in 0.413s {{(pid=125225) execute /usr/local/lib/python3.12/site-packages/oslo_concurrency/processutils.py:468}}
Mar 17 10:55:21.185345 np0005649721.novalocal cinder-volume[125225]: DEBUG oslo_concurrency.processutils [None req-e6242cf2-cfb3-417f-b620-fd8e58b42d06 tempest-AttachVolumeMultiAttachTest-796040200 None] Running cmd (subprocess): sudo cinder-rootwrap /etc/cinder/rootwrap.conf env LC_ALL=C lvdisplay --noheading -C -o Attr --readonly stack-volumes-lvmdriver-1/volume-4793324e-7452-40ba-b136-9e73d70b126a {{(pid=125225) execute /usr/local/lib/python3.12/site-packages/oslo_concurrency/processutils.py:440}}
Mar 17 10:55:21.214583 np0005649721.novalocal sudo[161304]: stack : PWD=/ ; USER=root ; COMMAND=/usr/local/bin/cinder-rootwrap /etc/cinder/rootwrap.conf env LC_ALL=C lvdisplay --noheading -C -o Attr --readonly stack-volumes-lvmdriver-1/volume-4793324e-7452-40ba-b136-9e73d70b126a
Mar 17 10:55:21.551680 np0005649721.novalocal cinder-volume[125225]: DEBUG oslo_concurrency.processutils [None req-e6242cf2-cfb3-417f-b620-fd8e58b42d06 tempest-AttachVolumeMultiAttachTest-796040200 None] CMD "sudo cinder-rootwrap /etc/cinder/rootwrap.conf env LC_ALL=C lvdisplay --noheading -C -o Attr --readonly stack-volumes-lvmdriver-1/volume-4793324e-7452-40ba-b136-9e73d70b126a" returned: 0 in 0.366s {{(pid=125225) execute /usr/local/lib/python3.12/site-packages/oslo_concurrency/processutils.py:468}}
Mar 17 10:55:21.553124 np0005649721.novalocal cinder-volume[125225]: DEBUG oslo_concurrency.processutils [None req-e6242cf2-cfb3-417f-b620-fd8e58b42d06 tempest-AttachVolumeMultiAttachTest-796040200 None] Running cmd (subprocess): sudo cinder-rootwrap /etc/cinder/rootwrap.conf lvremove --config activation { retry_deactivation = 1} -f stack-volumes-lvmdriver-1/volume-4793324e-7452-40ba-b136-9e73d70b126a {{(pid=125225) execute /usr/local/lib/python3.12/site-packages/oslo_concurrency/processutils.py:440}}
Mar 17 10:55:21.576600 np0005649721.novalocal sudo[161309]: stack : PWD=/ ; USER=root ; COMMAND=/usr/local/bin/cinder-rootwrap /etc/cinder/rootwrap.conf lvremove --config 'activation { retry_deactivation = 1} ' -f stack-volumes-lvmdriver-1/volume-4793324e-7452-40ba-b136-9e73d70b126a
Mar 17 10:55:22.026106 np0005649721.novalocal cinder-volume[125225]: DEBUG oslo_concurrency.processutils [None req-e6242cf2-cfb3-417f-b620-fd8e58b42d06 tempest-AttachVolumeMultiAttachTest-796040200 None] CMD "sudo cinder-rootwrap /etc/cinder/rootwrap.conf lvremove --config activation { retry_deactivation = 1} -f stack-volumes-lvmdriver-1/volume-4793324e-7452-40ba-b136-9e73d70b126a" returned: 0 in 0.472s {{(pid=125225) execute /usr/local/lib/python3.12/site-packages/oslo_concurrency/processutils.py:468}}
Mar 17 10:55:22.027052 np0005649721.novalocal cinder-volume[125225]: INFO cinder.volume.drivers.lvm [None req-e6242cf2-cfb3-417f-b620-fd8e58b42d06 tempest-AttachVolumeMultiAttachTest-796040200 None] Successfully deleted volume: 4793324e-7452-40ba-b136-9e73d70b126a
Mar 17 10:55:22.062238 np0005649721.novalocal cinder-volume[125225]: DEBUG cinder.quota [None req-e6242cf2-cfb3-417f-b620-fd8e58b42d06 tempest-AttachVolumeMultiAttachTest-796040200 None] Created reservations ['5e5a0a05-5786-4379-98e1-e34ed181858e', '47f481e4-896b-4391-84b4-631ecd8f3250', '7efd89dc-3f32-40ea-a2ed-5c971bf165bb', '6590d310-a95b-409a-a95d-cf11a7300449'] {{(pid=125225) reserve /opt/stack/cinder/cinder/quota.py:752}}
Mar 17 10:55:22.095114 np0005649721.novalocal cinder-volume[125225]: DEBUG cinder.volume.drivers.lvm [None req-e6242cf2-cfb3-417f-b620-fd8e58b42d06 tempest-AttachVolumeMultiAttachTest-796040200 None] Updating volume stats {{(pid=125225) _update_volume_stats /opt/stack/cinder/cinder/volume/drivers/lvm.py:228}}
Mar 17 10:55:22.095413 np0005649721.novalocal cinder-volume[125225]: DEBUG oslo_concurrency.processutils [None req-e6242cf2-cfb3-417f-b620-fd8e58b42d06 tempest-AttachVolumeMultiAttachTest-796040200 None] Running cmd (subprocess): sudo cinder-rootwrap /etc/cinder/rootwrap.conf env LC_ALL=C vgs --noheadings --unit=g -o name,size,free,lv_count,uuid --separator : --nosuffix stack-volumes-lvmdriver-1 {{(pid=125225) execute /usr/local/lib/python3.12/site-packages/oslo_concurrency/processutils.py:440}}
Mar 17 10:55:22.122331 np0005649721.novalocal sudo[161319]: stack : PWD=/ ; USER=root ; COMMAND=/usr/local/bin/cinder-rootwrap /etc/cinder/rootwrap.conf env LC_ALL=C vgs --noheadings --unit=g -o name,size,free,lv_count,uuid --separator : --nosuffix stack-volumes-lvmdriver-1
Mar 17 10:55:22.445465 np0005649721.novalocal cinder-volume[125225]: DEBUG oslo_concurrency.processutils [None req-e6242cf2-cfb3-417f-b620-fd8e58b42d06 tempest-AttachVolumeMultiAttachTest-796040200 None] CMD "sudo cinder-rootwrap /etc/cinder/rootwrap.conf env LC_ALL=C vgs --noheadings --unit=g -o name,size,free,lv_count,uuid --separator : --nosuffix stack-volumes-lvmdriver-1" returned: 0 in 0.348s {{(pid=125225) execute /usr/local/lib/python3.12/site-packages/oslo_concurrency/processutils.py:468}}
