Mar 20 14:43:24 standalone object-server[127554]: 172.20.0.100 - - [20/Mar/2026:14:43:24 +0000] "PUT /d1/945/AUTH_459728d9343f40f7b0c4f3326bfebcf8/gnocchi.bd71f071-5aba-44be-b64b-ee8767d40c2c/1773360000.0_mean_300.0_v3" 201 - "PUT http://172.18.0.2:8080/v1/AUTH_459728d9343f40f7b0c4f3326bfebcf8/gnocchi.bd71f071-5aba-44be-b64b-ee8767d40c2c/1773360000.0_mean_300.0_v3" "tx46087a0fffb74d1f82107-0069bd5d0c" "proxy-server 20" 0.0272 "-" 21 0
Mar 20 14:43:24 standalone proxy-server[129543]: 172.18.0.2 172.18.0.100 20/Mar/2026/14/43/24 PUT /v1/AUTH_459728d9343f40f7b0c4f3326bfebcf8/gnocchi.bd71f071-5aba-44be-b64b-ee8767d40c2c/1773360000.0_mean_300.0_v3 HTTP/1.0 201 - python-swiftclient-3.11.1 gAAAAABpvVzD3TF2... 16 - - tx46087a0fffb74d1f82107-0069bd5d0c - 0.0338 - - 1774017804.272165298 1774017804.305979729 0
Mar 20 14:43:24 standalone container-server[127385]: 172.20.0.100 - - [20/Mar/2026:14:43:24 +0000] "PUT /d1/367/AUTH_459728d9343f40f7b0c4f3326bfebcf8/gnocchi.bd71f071-5aba-44be-b64b-ee8767d40c2c/none_v3" 201 - "PUT http://172.18.0.2:8080/d1/779/AUTH_459728d9343f40f7b0c4f3326bfebcf8/gnocchi.bd71f071-5aba-44be-b64b-ee8767d40c2c/none_v3" "tx9a239d20f86749cc9d3fc-0069bd5d0c" "object-server 20" 0.0005 "-" 21 0
Mar 20 14:43:24 standalone object-server[127551]: 172.20.0.100 - - [20/Mar/2026:14:43:24 +0000] "PUT /d1/779/AUTH_459728d9343f40f7b0c4f3326bfebcf8/gnocchi.bd71f071-5aba-44be-b64b-ee8767d40c2c/none_v3" 201 - "PUT http://172.18.0.2:8080/v1/AUTH_459728d9343f40f7b0c4f3326bfebcf8/gnocchi.bd71f071-5aba-44be-b64b-ee8767d40c2c/none_v3" "tx9a239d20f86749cc9d3fc-0069bd5d0c" "proxy-server 20" 0.0082 "-" 20 0
Mar 20 14:43:24 standalone proxy-server[129543]: 172.18.0.2 172.18.0.100 20/Mar/2026/14/43/24 PUT /v1/AUTH_459728d9343f40f7b0c4f3326bfebcf8/gnocchi.bd71f071-5aba-44be-b64b-ee8767d40c2c/none_v3 HTTP/1.0 201 - python-swiftclient-3.11.1 gAAAAABpvVzD3TF2... 22 - - tx9a239d20f86749cc9d3fc-0069bd5d0c - 0.0177 - - 1774017804.308547258 1774017804.326251984 0
Mar 20 14:43:24 standalone container-server[127385]: 172.20.0.100 - - [20/Mar/2026:14:43:24 +0000] "HEAD /d1/381/AUTH_459728d9343f40f7b0c4f3326bfebcf8/gnocchi.44385a15-84b0-4a66-81f7-d33ad5d08423" 404 - "HEAD http://172.18.0.2:8080/v1/AUTH_459728d9343f40f7b0c4f3326bfebcf8/gnocchi.44385a15-84b0-4a66-81f7-d33ad5d08423?format=json&states=listing" "txb2d823d22c35438ca933c-0069bd5d0c" "proxy-server 20" 0.0004 "-" 21 0
Mar 20 14:43:24 standalone object-server[127551]: 172.20.0.100 - - [20/Mar/2026:14:43:24 +0000] "GET /d1/214/AUTH_459728d9343f40f7b0c4f3326bfebcf8/gnocchi.44385a15-84b0-4a66-81f7-d33ad5d08423/none_v3" 404 70 "GET http://172.18.0.2:8080/v1/AUTH_459728d9343f40f7b0c4f3326bfebcf8/gnocchi.44385a15-84b0-4a66-81f7-d33ad5d08423/none_v3" "txb2d823d22c35438ca933c-0069bd5d0c" "proxy-server 20" 0.0005 "-" 20 0
Mar 20 14:43:24 standalone proxy-server[129543]: 172.18.0.2 172.18.0.100 20/Mar/2026/14/43/24 GET /v1/AUTH_459728d9343f40f7b0c4f3326bfebcf8/gnocchi.44385a15-84b0-4a66-81f7-d33ad5d08423/none_v3 HTTP/1.0 404 - python-swiftclient-3.11.1 gAAAAABpvVzD3TF2... - 70 - txb2d823d22c35438ca933c-0069bd5d0c - 0.0097 - - 1774017804.338884592 1774017804.348598957 0
Mar 20 14:43:24 standalone account-server[127382]: 172.20.0.100 - - [20/Mar/2026:14:43:24 +0000] "PUT /d1/992/AUTH_459728d9343f40f7b0c4f3326bfebcf8/gnocchi.44385a15-84b0-4a66-81f7-d33ad5d08423" 201 - "PUT http://172.20.0.100:6001/d1/381/AUTH_459728d9343f40f7b0c4f3326bfebcf8/gnocchi.44385a15-84b0-4a66-81f7-d33ad5d08423" "tx87329901bd56466080d6b-0069bd5d0c" "container-server 21" 0.0059 "-" 22 0
Mar 20 14:43:24 standalone container-server[127385]: 172.20.0.100 - - [20/Mar/2026:14:43:24 +0000] "PUT /d1/381/AUTH_459728d9343f40f7b0c4f3326bfebcf8/gnocchi.44385a15-84b0-4a66-81f7-d33ad5d08423" 201 - "PUT http://172.18.0.2:8080/v1/AUTH_459728d9343f40f7b0c4f3326bfebcf8/gnocchi.44385a15-84b0-4a66-81f7-d33ad5d08423" "tx87329901bd56466080d6b-0069bd5d0c" "proxy-server 20" 0.0205 "-" 21 0
Mar 20 14:43:24 standalone proxy-server[129543]: 172.18.0.2 172.18.0.100 20/Mar/2026/14/43/24 PUT /v1/AUTH_459728d9343f40f7b0c4f3326bfebcf8/gnocchi.44385a15-84b0-4a66-81f7-d33ad5d08423 HTTP/1.0 201 - python-swiftclient-3.11.1 gAAAAABpvVzD3TF2... - - - tx87329901bd56466080d6b-0069bd5d0c - 0.0287 - - 1774017804.351979971 1774017804.380643129 0
Mar 20 14:43:24 standalone container-server[127399]: 172.20.0.100 - - [20/Mar/2026:14:43:24 +0000] "HEAD /d1/381/AUTH_459728d9343f40f7b0c4f3326bfebcf8/gnocchi.44385a15-84b0-4a66-81f7-d33ad5d08423" 204 - "HEAD http://172.18.0.2:8080/v1/AUTH_459728d9343f40f7b0c4f3326bfebcf8/gnocchi.44385a15-84b0-4a66-81f7-d33ad5d08423?format=json&states=listing" "tx53437eab41ea4da0beb42-0069bd5d0c" "proxy-server 20" 0.0012 "-" 23 0
Mar 20 14:43:24 standalone proxy-server[129543]: - - 20/Mar/2026/14/43/24 HEAD /v1/AUTH_459728d9343f40f7b0c4f3326bfebcf8/gnocchi.44385a15-84b0-4a66-81f7-d33ad5d08423%3Fformat%3Djson%26states%3Dlisting HTTP/1.0 204 - Swift - - - - tx53437eab41ea4da0beb42-0069bd5d0c - 0.0075 RL - 1774017804.384567022 1774017804.392079353 0
Mar 20 14:43:24 standalone container-server[127385]: 172.20.0.100 - - [20/Mar/2026:14:43:24 +0000] "GET /d1/381/AUTH_459728d9343f40f7b0c4f3326bfebcf8/gnocchi.44385a15-84b0-4a66-81f7-d33ad5d08423" 200 2 "GET http://172.18.0.2:8080/v1/AUTH_459728d9343f40f7b0c4f3326bfebcf8/gnocchi.44385a15-84b0-4a66-81f7-d33ad5d08423?format=json&states=listing" "tx53437eab41ea4da0beb42-0069bd5d0c" "proxy-server 20" 0.0026 "-" 21 0
Mar 20 14:43:24 standalone proxy-server[129543]: 172.18.0.2 172.18.0.100 20/Mar/2026/14/43/24 GET /v1/AUTH_459728d9343f40f7b0c4f3326bfebcf8/gnocchi.44385a15-84b0-4a66-81f7-d33ad5d08423%3Fformat%3Djson%26states%3Dlisting HTTP/1.0 200 - python-swiftclient-3.11.1 gAAAAABpvVzD3TF2... - 2 - tx53437eab41ea4da0beb42-0069bd5d0c - 0.0173 - - 1774017804.383556366 1774017804.400863647 0
Mar 20 14:43:24 standalone object-server[127557]: 172.20.0.100 - - [20/Mar/2026:14:43:24 +0000] "GET /d1/369/AUTH_459728d9343f40f7b0c4f3326bfebcf8/gnocchi.44385a15-84b0-4a66-81f7-d33ad5d08423/1773360000.0_mean_300.0_v3" 404 70 "GET http://172.18.0.2:8080/v1/AUTH_459728d9343f40f7b0c4f3326bfebcf8/gnocchi.44385a15-84b0-4a66-81f7-d33ad5d08423/1773360000.0_mean_300.0_v3" "tx3d74cad33d394793a69fd-0069bd5d0c" "proxy-server 20" 0.0003 "-" 23 0
Mar 20 14:43:24 standalone proxy-server[129543]: 172.18.0.2 172.18.0.100 20/Mar/2026/14/43/24 GET /v1/AUTH_459728d9343f40f7b0c4f3326bfebcf8/gnocchi.44385a15-84b0-4a66-81f7-d33ad5d08423/1773360000.0_mean_300.0_v3 HTTP/1.0 404 - python-swiftclient-3.11.1 gAAAAABpvVzD3TF2... - 70 - tx3d74cad33d394793a69fd-0069bd5d0c - 0.0044 - - 1774017804.403177738 1774017804.407567024 0
Mar 20 14:43:24 standalone container-server[127384]: 172.20.0.100 - - [20/Mar/2026:14:43:24 +0000] "PUT /d1/381/AUTH_459728d9343f40f7b0c4f3326bfebcf8/gnocchi.44385a15-84b0-4a66-81f7-d33ad5d08423/1773360000.0_mean_300.0_v3" 201 - "PUT http://172.18.0.2:8080/d1/369/AUTH_459728d9343f40f7b0c4f3326bfebcf8/gnocchi.44385a15-84b0-4a66-81f7-d33ad5d08423/1773360000.0_mean_300.0_v3" "txd66379f3b51a43cc8ce59-0069bd5d0c" "object-server 23" 0.0010 "-" 20 0
Mar 20 14:43:24 standalone object-server[127557]: 172.20.0.100 - - [20/Mar/2026:14:43:24 +0000] "PUT /d1/369/AUTH_459728d9343f40f7b0c4f3326bfebcf8/gnocchi.44385a15-84b0-4a66-81f7-d33ad5d08423/1773360000.0_mean_300.0_v3" 201 - "PUT http://172.18.0.2:8080/v1/AUTH_459728d9343f40f7b0c4f3326bfebcf8/gnocchi.44385a15-84b0-4a66-81f7-d33ad5d08423/1773360000.0_mean_300.0_v3" "txd66379f3b51a43cc8ce59-0069bd5d0c" "proxy-server 20" 0.0155 "-" 23 0
Mar 20 14:43:24 standalone proxy-server[129543]: 172.18.0.2 172.18.0.100 20/Mar/2026/14/43/24 PUT /v1/AUTH_459728d9343f40f7b0c4f3326bfebcf8/gnocchi.44385a15-84b0-4a66-81f7-d33ad5d08423/1773360000.0_mean_300.0_v3 HTTP/1.0 201 - python-swiftclient-3.11.1 gAAAAABpvVzD3TF2... 16 - - txd66379f3b51a43cc8ce59-0069bd5d0c - 0.0198 - - 1774017804.409509659 1774017804.429328203 0
Mar 20 14:43:24 standalone container-server[127399]: 172.20.0.100 - - [20/Mar/2026:14:43:24 +0000] "PUT /d1/381/AUTH_459728d9343f40f7b0c4f3326bfebcf8/gnocchi.44385a15-84b0-4a66-81f7-d33ad5d08423/none_v3" 201 - "PUT http://172.18.0.2:8080/d1/214/AUTH_459728d9343f40f7b0c4f3326bfebcf8/gnocchi.44385a15-84b0-4a66-81f7-d33ad5d08423/none_v3" "tx251da0db93d1475b88c7b-0069bd5d0c" "object-server 23" 0.0005 "-" 23 0
Mar 20 14:43:24 standalone object-server[127557]: 172.20.0.100 - - [20/Mar/2026:14:43:24 +0000] "PUT /d1/214/AUTH_459728d9343f40f7b0c4f3326bfebcf8/gnocchi.44385a15-84b0-4a66-81f7-d33ad5d08423/none_v3" 201 - "PUT http://172.18.0.2:8080/v1/AUTH_459728d9343f40f7b0c4f3326bfebcf8/gnocchi.44385a15-84b0-4a66-81f7-d33ad5d08423/none_v3" "tx251da0db93d1475b88c7b-0069bd5d0c" "proxy-server 20" 0.0167 "-" 23 0
Mar 20 14:43:24 standalone proxy-server[129543]: 172.18.0.2 172.18.0.100 20/Mar/2026/14/43/24 PUT /v1/AUTH_459728d9343f40f7b0c4f3326bfebcf8/gnocchi.44385a15-84b0-4a66-81f7-d33ad5d08423/none_v3 HTTP/1.0 201 - python-swiftclient-3.11.1 gAAAAABpvVzD3TF2... 22 - - tx251da0db93d1475b88c7b-0069bd5d0c - 0.0230 - - 1774017804.431548357 1774017804.454507113 0
Mar 20 14:43:24 standalone container-server[127385]: 172.20.0.100 - - [20/Mar/2026:14:43:24 +0000] "HEAD /d1/548/AUTH_459728d9343f40f7b0c4f3326bfebcf8/gnocchi.bebcf106-8466-4db1-b78d-4a87675de70b" 404 - "HEAD http://172.18.0.2:8080/v1/AUTH_459728d9343f40f7b0c4f3326bfebcf8/gnocchi.bebcf106-8466-4db1-b78d-4a87675de70b?format=json&states=listing" "txa9692510430c4b3e99fb5-0069bd5d0c" "proxy-server 20" 0.0005 "-" 21 0
Mar 20 14:43:24 standalone object-server[127551]: 172.20.0.100 - - [20/Mar/2026:14:43:24 +0000] "GET /d1/645/AUTH_459728d9343f40f7b0c4f3326bfebcf8/gnocchi.bebcf106-8466-4db1-b78d-4a87675de70b/none_v3" 404 70 "GET http://172.18.0.2:8080/v1/AUTH_459728d9343f40f7b0c4f3326bfebcf8/gnocchi.bebcf106-8466-4db1-b78d-4a87675de70b/none_v3" "txa9692510430c4b3e99fb5-0069bd5d0c" "proxy-server 20" 0.0004 "-" 20 0
Mar 20 14:43:24 standalone proxy-server[129543]: 172.18.0.2 172.18.0.100 20/Mar/2026/14/43/24 GET /v1/AUTH_459728d9343f40f7b0c4f3326bfebcf8/gnocchi.bebcf106-8466-4db1-b78d-4a87675de70b/none_v3 HTTP/1.0 404 - python-swiftclient-3.11.1 gAAAAABpvVzD3TF2... - 70 - txa9692510430c4b3e99fb5-0069bd5d0c - 0.0099 - - 1774017804.472682476 1774017804.482604265 0
Mar 20 14:43:24 standalone account-server[127368]: 172.20.0.100 - - [20/Mar/2026:14:43:24 +0000] "PUT /d1/992/AUTH_459728d9343f40f7b0c4f3326bfebcf8/gnocchi.bebcf106-8466-4db1-b78d-4a87675de70b" 201 - "PUT http://172.20.0.100:6001/d1/548/AUTH_459728d9343f40f7b0c4f3326bfebcf8/gnocchi.bebcf106-8466-4db1-b78d-4a87675de70b" "tx698bddb9271e46df94919-0069bd5d0c" "container-server 22" 0.0055 "-" 20 0
Mar 20 14:43:24 standalone container-server[127396]: 172.20.0.100 - - [20/Mar/2026:14:43:24 +0000] "PUT /d1/548/AUTH_459728d9343f40f7b0c4f3326bfebcf8/gnocchi.bebcf106-8466-4db1-b78d-4a87675de70b" 201 - "PUT http://172.18.0.2:8080/v1/AUTH_459728d9343f40f7b0c4f3326bfebcf8/gnocchi.bebcf106-8466-4db1-b78d-4a87675de70b" "tx698bddb9271e46df94919-0069bd5d0c" "proxy-server 20" 0.0193 "-" 22 0
Mar 20 14:43:24 standalone proxy-server[129543]: 172.18.0.2 172.18.0.100 20/Mar/2026/14/43/24 PUT /v1/AUTH_459728d9343f40f7b0c4f3326bfebcf8/gnocchi.bebcf106-8466-4db1-b78d-4a87675de70b HTTP/1.0 201 - python-swiftclient-3.11.1 gAAAAABpvVzD3TF2... - - - tx698bddb9271e46df94919-0069bd5d0c - 0.0268 - - 1774017804.484665871 1774017804.511490822 0
Mar 20 14:43:24 standalone container-server[127399]: 172.20.0.100 - - [20/Mar/2026:14:43:24 +0000] "HEAD /d1/548/AUTH_459728d9343f40f7b0c4f3326bfebcf8/gnocchi.bebcf106-8466-4db1-b78d-4a87675de70b" 204 - "HEAD http://172.18.0.2:8080/v1/AUTH_459728d9343f40f7b0c4f3326bfebcf8/gnocchi.bebcf106-8466-4db1-b78d-4a87675de70b?format=json&states=listing" "txb683a82a8b8c43fd95342-0069bd5d0c" "proxy-server 20" 0.0012 "-" 23 0
Mar 20 14:43:24 standalone proxy-server[129543]: - - 20/Mar/2026/14/43/24 HEAD /v1/AUTH_459728d9343f40f7b0c4f3326bfebcf8/gnocchi.bebcf106-8466-4db1-b78d-4a87675de70b%3Fformat%3Djson%26states%3Dlisting HTTP/1.0 204 - Swift - - - - txb683a82a8b8c43fd95342-0069bd5d0c - 0.0038 RL - 1774017804.516410351 1774017804.520231247 0
Mar 20 14:43:24 standalone container-server[127384]: 172.20.0.100 - - [20/Mar/2026:14:43:24 +0000] "GET /d1/548/AUTH_459728d9343f40f7b0c4f3326bfebcf8/gnocchi.bebcf106-8466-4db1-b78d-4a87675de70b" 200 2 "GET http://172.18.0.2:8080/v1/AUTH_459728d9343f40f7b0c4f3326bfebcf8/gnocchi.bebcf106-8466-4db1-b78d-4a87675de70b?format=json&states=listing" "txb683a82a8b8c43fd95342-0069bd5d0c" "proxy-server 20" 0.0018 "-" 20 0
Mar 20 14:43:24 standalone proxy-server[129543]: 172.18.0.2 172.18.0.100 20/Mar/2026/14/43/24 GET /v1/AUTH_459728d9343f40f7b0c4f3326bfebcf8/gnocchi.bebcf106-8466-4db1-b78d-4a87675de70b%3Fformat%3Djson%26states%3Dlisting HTTP/1.0 200 - python-swiftclient-3.11.1 gAAAAABpvVzD3TF2... - 2 - txb683a82a8b8c43fd95342-0069bd5d0c - 0.0146 - - 1774017804.514587402 1774017804.529179335 0
Mar 20 14:43:24 standalone object-server[127556]: 172.20.0.100 - - [20/Mar/2026:14:43:24 +0000] "GET /d1/958/AUTH_459728d9343f40f7b0c4f3326bfebcf8/gnocchi.bebcf106-8466-4db1-b78d-4a87675de70b/1773360000.0_mean_300.0_v3" 404 70 "GET http://172.18.0.2:8080/v1/AUTH_459728d9343f40f7b0c4f3326bfebcf8/gnocchi.bebcf106-8466-4db1-b78d-4a87675de70b/1773360000.0_mean_300.0_v3" "tx8c784ac08aef46ffa439a-0069bd5d0c" "proxy-server 20" 0.0004 "-" 22 0
Mar 20 14:43:24 standalone proxy-server[129543]: 172.18.0.2 172.18.0.100 20/Mar/2026/14/43/24 GET /v1/AUTH_459728d9343f40f7b0c4f3326bfebcf8/gnocchi.bebcf106-8466-4db1-b78d-4a87675de70b/1773360000.0_mean_300.0_v3 HTTP/1.0 404 - python-swiftclient-3.11.1 gAAAAABpvVzD3TF2... - 70 - tx8c784ac08aef46ffa439a-0069bd5d0c - 0.0045 - - 1774017804.531251907 1774017804.535782814 0
Mar 20 14:43:24 standalone container-server[127399]: 172.20.0.100 - - [20/Mar/2026:14:43:24 +0000] "PUT /d1/548/AUTH_459728d9343f40f7b0c4f3326bfebcf8/gnocchi.bebcf106-8466-4db1-b78d-4a87675de70b/1773360000.0_mean_300.0_v3" 201 - "PUT http://172.18.0.2:8080/d1/958/AUTH_459728d9343f40f7b0c4f3326bfebcf8/gnocchi.bebcf106-8466-4db1-b78d-4a87675de70b/1773360000.0_mean_300.0_v3" "tx4a6c088544d64655b803f-0069bd5d0c" "object-server 23" 0.0005 "-" 23 0
Mar 20 14:43:24 standalone object-server[127557]: 172.20.0.100 - - [20/Mar/2026:14:43:24 +0000] "PUT /d1/958/AUTH_459728d9343f40f7b0c4f3326bfebcf8/gnocchi.bebcf106-8466-4db1-b78d-4a87675de70b/1773360000.0_mean_300.0_v3" 201 - "PUT http://172.18.0.2:8080/v1/AUTH_459728d9343f40f7b0c4f3326bfebcf8/gnocchi.bebcf106-8466-4db1-b78d-4a87675de70b/1773360000.0_mean_300.0_v3" "tx4a6c088544d64655b803f-0069bd5d0c" "proxy-server 20" 0.0093 "-" 23 0
Mar 20 14:43:24 standalone proxy-server[129543]: 172.18.0.2 172.18.0.100 20/Mar/2026/14/43/24 PUT /v1/AUTH_459728d9343f40f7b0c4f3326bfebcf8/gnocchi.bebcf106-8466-4db1-b78d-4a87675de70b/1773360000.0_mean_300.0_v3 HTTP/1.0 201 - python-swiftclient-3.11.1 gAAAAABpvVzD3TF2... 16 - - tx4a6c088544d64655b803f-0069bd5d0c - 0.0136 - - 1774017804.537731409 1774017804.551294327 0
Mar 20 14:43:24 standalone container-server[127385]: 172.20.0.100 - - [20/Mar/2026:14:43:24 +0000] "PUT /d1/548/AUTH_459728d9343f40f7b0c4f3326bfebcf8/gnocchi.bebcf106-8466-4db1-b78d-4a87675de70b/none_v3" 201 - "PUT http://172.18.0.2:8080/d1/645/AUTH_459728d9343f40f7b0c4f3326bfebcf8/gnocchi.bebcf106-8466-4db1-b78d-4a87675de70b/none_v3" "tx18600f4f05cd4c5aa8ff1-0069bd5d0c" "object-server 20" 0.0005 "-" 21 0
Mar 20 14:43:24 standalone object-server[127551]: 172.20.0.100 - - [20/Mar/2026:14:43:24 +0000] "PUT /d1/645/AUTH_459728d9343f40f7b0c4f3326bfebcf8/gnocchi.bebcf106-8466-4db1-b78d-4a87675de70b/none_v3" 201 - "PUT http://172.18.0.2:8080/v1/AUTH_459728d9343f40f7b0c4f3326bfebcf8/gnocchi.bebcf106-8466-4db1-b78d-4a87675de70b/none_v3" "tx18600f4f05cd4c5aa8ff1-0069bd5d0c" "proxy-server 20" 0.0162 "-" 20 0
Mar 20 14:43:24 standalone proxy-server[129543]: 172.18.0.2 172.18.0.100 20/Mar/2026/14/43/24 PUT /v1/AUTH_459728d9343f40f7b0c4f3326bfebcf8/gnocchi.bebcf106-8466-4db1-b78d-4a87675de70b/none_v3 HTTP/1.0 201 - python-swiftclient-3.11.1 gAAAAABpvVzD3TF2... 22 - - tx18600f4f05cd4c5aa8ff1-0069bd5d0c - 0.0217 - - 1774017804.555547476 1774017804.577203035 0
Mar 20 14:43:24 standalone container-server[127399]: 172.20.0.100 - - [20/Mar/2026:14:43:24 +0000] "HEAD /d1/803/AUTH_459728d9343f40f7b0c4f3326bfebcf8/gnocchi.0493f25d-3dd8-45e5-882b-a8e79a25088f" 404 - "HEAD http://172.18.0.2:8080/v1/AUTH_459728d9343f40f7b0c4f3326bfebcf8/gnocchi.0493f25d-3dd8-45e5-882b-a8e79a25088f?format=json&states=listing" "tx496d3f36a1d24393aa8d2-0069bd5d0c" "proxy-server 20" 0.0003 "-" 23 0
Mar 20 14:43:24 standalone object-server[127556]: 172.20.0.100 - - [20/Mar/2026:14:43:24 +0000] "GET /d1/772/AUTH_459728d9343f40f7b0c4f3326bfebcf8/gnocchi.0493f25d-3dd8-45e5-882b-a8e79a25088f/none_v3" 404 70 "GET http://172.18.0.2:8080/v1/AUTH_459728d9343f40f7b0c4f3326bfebcf8/gnocchi.0493f25d-3dd8-45e5-882b-a8e79a25088f/none_v3" "tx496d3f36a1d24393aa8d2-0069bd5d0c" "proxy-server 20" 0.0006 "-" 22 0
Mar 20 14:43:24 standalone proxy-server[129543]: 172.18.0.2 172.18.0.100 20/Mar/2026/14/43/24 GET /v1/AUTH_459728d9343f40f7b0c4f3326bfebcf8/gnocchi.0493f25d-3dd8-45e5-882b-a8e79a25088f/none_v3 HTTP/1.0 404 - python-swiftclient-3.11.1 gAAAAABpvVzD3TF2... - 70 - tx496d3f36a1d24393aa8d2-0069bd5d0c - 0.0096 - - 1774017804.586598158 1774017804.596217155 0
Mar 20 14:43:24 standalone account-server[127375]: 172.20.0.100 - - [20/Mar/2026:14:43:24 +0000] "PUT /d1/992/AUTH_459728d9343f40f7b0c4f3326bfebcf8/gnocchi.0493f25d-3dd8-45e5-882b-a8e79a25088f" 201 - "PUT http://172.20.0.100:6001/d1/803/AUTH_459728d9343f40f7b0c4f3326bfebcf8/gnocchi.0493f25d-3dd8-45e5-882b-a8e79a25088f" "txdea1bb5289124fb3a9f2a-0069bd5d0c" "container-server 22" 0.0056 "-" 21 0
Mar 20 14:43:24 standalone container-server[127396]: 172.20.0.100 - - [20/Mar/2026:14:43:24 +0000] "PUT /d1/803/AUTH_459728d9343f40f7b0c4f3326bfebcf8/gnocchi.0493f25d-3dd8-45e5-882b-a8e79a25088f" 201 - "PUT http://172.18.0.2:8080/v1/AUTH_459728d9343f40f7b0c4f3326bfebcf8/gnocchi.0493f25d-3dd8-45e5-882b-a8e79a25088f" "txdea1bb5289124fb3a9f2a-0069bd5d0c" "proxy-server 20" 0.0167 "-" 22 0
Mar 20 14:43:24 standalone proxy-server[129543]: 172.18.0.2 172.18.0.100 20/Mar/2026/14/43/24 PUT /v1/AUTH_459728d9343f40f7b0c4f3326bfebcf8/gnocchi.0493f25d-3dd8-45e5-882b-a8e79a25088f HTTP/1.0 201 - python-swiftclient-3.11.1 gAAAAABpvVzD3TF2... - - - txdea1bb5289124fb3a9f2a-0069bd5d0c - 0.0221 - - 1774017804.597927094 1774017804.620047569 0
Mar 20 14:43:24 standalone container-server[127396]: 172.20.0.100 - - [20/Mar/2026:14:43:24 +0000] "HEAD /d1/803/AUTH_459728d9343f40f7b0c4f3326bfebcf8/gnocchi.0493f25d-3dd8-45e5-882b-a8e79a25088f" 204 - "HEAD http://172.18.0.2:8080/v1/AUTH_459728d9343f40f7b0c4f3326bfebcf8/gnocchi.0493f25d-3dd8-45e5-882b-a8e79a25088f?format=json&states=listing" "txccd11eb51ac6433c84036-0069bd5d0c" "proxy-server 20" 0.0016 "-" 22 0
Mar 20 14:43:24 standalone proxy-server[129543]: - - 20/Mar/2026/14/43/24 HEAD /v1/AUTH_459728d9343f40f7b0c4f3326bfebcf8/gnocchi.0493f25d-3dd8-45e5-882b-a8e79a25088f%3Fformat%3Djson%26states%3Dlisting HTTP/1.0 204 - Swift - - - - txccd11eb51ac6433c84036-0069bd5d0c - 0.0054 RL - 1774017804.623946190 1774017804.629386425 0
Mar 20 14:43:24 standalone container-server[127385]: 172.20.0.100 - - [20/Mar/2026:14:43:24 +0000] "GET /d1/803/AUTH_459728d9343f40f7b0c4f3326bfebcf8/gnocchi.0493f25d-3dd8-45e5-882b-a8e79a25088f" 200 2 "GET http://172.18.0.2:8080/v1/AUTH_459728d9343f40f7b0c4f3326bfebcf8/gnocchi.0493f25d-3dd8-45e5-882b-a8e79a25088f?format=json&states=listing" "txccd11eb51ac6433c84036-0069bd5d0c" "proxy-server 20" 0.0018 "-" 21 0
Mar 20 14:43:24 standalone proxy-server[129543]: 172.18.0.2 172.18.0.100 20/Mar/2026/14/43/24 GET /v1/AUTH_459728d9343f40f7b0c4f3326bfebcf8/gnocchi.0493f25d-3dd8-45e5-882b-a8e79a25088f%3Fformat%3Djson%26states%3Dlisting HTTP/1.0 200 - python-swiftclient-3.11.1 gAAAAABpvVzD3TF2... - 2 - txccd11eb51ac6433c84036-0069bd5d0c - 0.0153 - - 1774017804.622720718 1774017804.638009310 0
Mar 20 14:43:24 standalone object-server[127551]: 172.20.0.100 - - [20/Mar/2026:14:43:24 +0000] "GET /d1/712/AUTH_459728d9343f40f7b0c4f3326bfebcf8/gnocchi.0493f25d-3dd8-45e5-882b-a8e79a25088f/1773360000.0_mean_300.0_v3" 404 70 "GET http://172.18.0.2:8080/v1/AUTH_459728d9343f40f7b0c4f3326bfebcf8/gnocchi.0493f25d-3dd8-45e5-882b-a8e79a25088f/1773360000.0_mean_300.0_v3" "tx90df11de056c4a77b49a4-0069bd5d0c" "proxy-server 20" 0.0004 "-" 20 0
Mar 20 14:43:24 standalone proxy-server[129543]: 172.18.0.2 172.18.0.100 20/Mar/2026/14/43/24 GET /v1/AUTH_459728d9343f40f7b0c4f3326bfebcf8/gnocchi.0493f25d-3dd8-45e5-882b-a8e79a25088f/1773360000.0_mean_300.0_v3 HTTP/1.0 404 - python-swiftclient-3.11.1 gAAAAABpvVzD3TF2... - 70 - tx90df11de056c4a77b49a4-0069bd5d0c - 0.0065 - - 1774017804.640491486 1774017804.646991730 0
Mar 20 14:43:24 standalone container-server[127396]: 172.20.0.100 - - [20/Mar/2026:14:43:24 +0000] "PUT /d1/803/AUTH_459728d9343f40f7b0c4f3326bfebcf8/gnocchi.0493f25d-3dd8-45e5-882b-a8e79a25088f/1773360000.0_mean_300.0_v3" 201 - "PUT http://172.18.0.2:8080/d1/712/AUTH_459728d9343f40f7b0c4f3326bfebcf8/gnocchi.0493f25d-3dd8-45e5-882b-a8e79a25088f/1773360000.0_mean_300.0_v3" "txd88b706037d54fd2a0246-0069bd5d0c" "object-server 21" 0.0006 "-" 22 0
Mar 20 14:43:24 standalone object-server[127554]: 172.20.0.100 - - [20/Mar/2026:14:43:24 +0000] "PUT /d1/712/AUTH_459728d9343f40f7b0c4f3326bfebcf8/gnocchi.0493f25d-3dd8-45e5-882b-a8e79a25088f/1773360000.0_mean_300.0_v3" 201 - "PUT http://172.18.0.2:8080/v1/AUTH_459728d9343f40f7b0c4f3326bfebcf8/gnocchi.0493f25d-3dd8-45e5-882b-a8e79a25088f/1773360000.0_mean_300.0_v3" "txd88b706037d54fd2a0246-0069bd5d0c" "proxy-server 20" 0.0084 "-" 21 0
Mar 20 14:43:24 standalone proxy-server[129543]: 172.18.0.2 172.18.0.100 20/Mar/2026/14/43/24 PUT /v1/AUTH_459728d9343f40f7b0c4f3326bfebcf8/gnocchi.0493f25d-3dd8-45e5-882b-a8e79a25088f/1773360000.0_mean_300.0_v3 HTTP/1.0 201 - python-swiftclient-3.11.1 gAAAAABpvVzD3TF2... 16 - - txd88b706037d54fd2a0246-0069bd5d0c - 0.0138 - - 1774017804.649111986 1774017804.662914991 0
Mar 20 14:43:24 standalone container-server[127396]: 172.20.0.100 - - [20/Mar/2026:14:43:24 +0000] "PUT /d1/803/AUTH_459728d9343f40f7b0c4f3326bfebcf8/gnocchi.0493f25d-3dd8-45e5-882b-a8e79a25088f/none_v3" 201 - "PUT http://172.18.0.2:8080/d1/772/AUTH_459728d9343f40f7b0c4f3326bfebcf8/gnocchi.0493f25d-3dd8-45e5-882b-a8e79a25088f/none_v3" "tx3e37b0d54e1543b092bff-0069bd5d0c" "object-server 20" 0.0069 "-" 22 0
Mar 20 14:43:24 standalone object-server[127551]: 172.20.0.100 - - [20/Mar/2026:14:43:24 +0000] "PUT /d1/772/AUTH_459728d9343f40f7b0c4f3326bfebcf8/gnocchi.0493f25d-3dd8-45e5-882b-a8e79a25088f/none_v3" 201 - "PUT http://172.18.0.2:8080/v1/AUTH_459728d9343f40f7b0c4f3326bfebcf8/gnocchi.0493f25d-3dd8-45e5-882b-a8e79a25088f/none_v3" "tx3e37b0d54e1543b092bff-0069bd5d0c" "proxy-server 20" 0.0211 "-" 20 0
Mar 20 14:43:24 standalone proxy-server[129543]: 172.18.0.2 172.18.0.100 20/Mar/2026/14/43/24 PUT /v1/AUTH_459728d9343f40f7b0c4f3326bfebcf8/gnocchi.0493f25d-3dd8-45e5-882b-a8e79a25088f/none_v3 HTTP/1.0 201 - python-swiftclient-3.11.1 gAAAAABpvVzD3TF2... 22 - - tx3e37b0d54e1543b092bff-0069bd5d0c - 0.0271 - - 1774017804.664985657 1774017804.692056656 0
Mar 20 14:43:38 standalone account-server[127382]: 172.20.0.100 - - [20/Mar/2026:14:43:38 +0000] "HEAD /d1/592/.expiring_objects" 404 - "HEAD http://localhost/v1/.expiring_objects?format=json" "txb9b9a491a13b43e08c43b-0069bd5d1a" "proxy-server 2" 0.0009 "-" 22 -
Mar 20 14:43:38 standalone object-expirer[127421]: Pass completed in 0s; 0 objects expired (txn: txb9b9a491a13b43e08c43b-0069bd5d1a)
Mar 20 14:43:56 standalone container-server[127399]: 172.20.0.100 - - [20/Mar/2026:14:43:56 +0000] "HEAD /d1/3/AUTH_459728d9343f40f7b0c4f3326bfebcf8/gnocchi.53bad487-01e2-4bbe-829c-e7f29aeb3fe1" 404 - "HEAD http://172.18.0.2:8080/v1/AUTH_459728d9343f40f7b0c4f3326bfebcf8/gnocchi.53bad487-01e2-4bbe-829c-e7f29aeb3fe1?format=json&states=listing" "tx50955b1e76804d968b2a1-0069bd5d2c" "proxy-server 20" 0.0006 "-" 23 0
Mar 20 14:43:56 standalone object-server[127556]: 172.20.0.100 - - [20/Mar/2026:14:43:56 +0000] "GET /d1/645/AUTH_459728d9343f40f7b0c4f3326bfebcf8/gnocchi.53bad487-01e2-4bbe-829c-e7f29aeb3fe1/none_v3" 404 70 "GET http://172.18.0.2:8080/v1/AUTH_459728d9343f40f7b0c4f3326bfebcf8/gnocchi.53bad487-01e2-4bbe-829c-e7f29aeb3fe1/none_v3" "tx50955b1e76804d968b2a1-0069bd5d2c" "proxy-server 20" 0.0006 "-" 22 0
Mar 20 14:43:56 standalone proxy-server[129543]: 172.18.0.2 172.18.0.100 20/Mar/2026/14/43/56 GET /v1/AUTH_459728d9343f40f7b0c4f3326bfebcf8/gnocchi.53bad487-01e2-4bbe-829c-e7f29aeb3fe1/none_v3 HTTP/1.0 404 - python-swiftclient-3.11.1 gAAAAABpvVzD3TF2... - 70 - tx50955b1e76804d968b2a1-0069bd5d2c - 0.0121 - - 1774017836.411295176 1774017836.423356533 0
Mar 20 14:43:56 standalone account-server[127382]: 172.20.0.100 - - [20/Mar/2026:14:43:56 +0000] "PUT /d1/992/AUTH_459728d9343f40f7b0c4f3326bfebcf8/gnocchi.53bad487-01e2-4bbe-829c-e7f29aeb3fe1" 201 - "PUT http://172.20.0.100:6001/d1/3/AUTH_459728d9343f40f7b0c4f3326bfebcf8/gnocchi.53bad487-01e2-4bbe-829c-e7f29aeb3fe1" "tx7f87811943954ce6908f9-0069bd5d2c" "container-server 23" 0.0073 "-" 22 0
Mar 20 14:43:56 standalone container-server[127399]: 172.20.0.100 - - [20/Mar/2026:14:43:56 +0000] "PUT /d1/3/AUTH_459728d9343f40f7b0c4f3326bfebcf8/gnocchi.53bad487-01e2-4bbe-829c-e7f29aeb3fe1" 201 - "PUT http://172.18.0.2:8080/v1/AUTH_459728d9343f40f7b0c4f3326bfebcf8/gnocchi.53bad487-01e2-4bbe-829c-e7f29aeb3fe1" "tx7f87811943954ce6908f9-0069bd5d2c" "proxy-server 20" 0.0190 "-" 23 0
Mar 20 14:43:56 standalone proxy-server[129543]: 172.18.0.2 172.18.0.100 20/Mar/2026/14/43/56 PUT /v1/AUTH_459728d9343f40f7b0c4f3326bfebcf8/gnocchi.53bad487-01e2-4bbe-829c-e7f29aeb3fe1 HTTP/1.0 201 - python-swiftclient-3.11.1 gAAAAABpvVzD3TF2... - - - tx7f87811943954ce6908f9-0069bd5d2c - 0.0240 - - 1774017836.431572199 1774017836.455537081 0
Mar 20 14:43:56 standalone container-server[127384]: 172.20.0.100 - - [20/Mar/2026:14:43:56 +0000] "HEAD /d1/3/AUTH_459728d9343f40f7b0c4f3326bfebcf8/gnocchi.53bad487-01e2-4bbe-829c-e7f29aeb3fe1" 204 - "HEAD http://172.18.0.2:8080/v1/AUTH_459728d9343f40f7b0c4f3326bfebcf8/gnocchi.53bad487-01e2-4bbe-829c-e7f29aeb3fe1?format=json&states=listing" "tx2e1f2a8b5be942448e2d8-0069bd5d2c" "proxy-server 20" 0.0018 "-" 20 0
Mar 20 14:43:56 standalone proxy-server[129543]: - - 20/Mar/2026/14/43/56 HEAD /v1/AUTH_459728d9343f40f7b0c4f3326bfebcf8/gnocchi.53bad487-01e2-4bbe-829c-e7f29aeb3fe1%3Fformat%3Djson%26states%3Dlisting HTTP/1.0 204 - Swift - - - - tx2e1f2a8b5be942448e2d8-0069bd5d2c - 0.0060 RL - 1774017836.463470221 1774017836.469475269 0
Mar 20 14:43:56 standalone container-server[127384]: 172.20.0.100 - - [20/Mar/2026:14:43:56 +0000] "GET /d1/3/AUTH_459728d9343f40f7b0c4f3326bfebcf8/gnocchi.53bad487-01e2-4bbe-829c-e7f29aeb3fe1" 200 2 "GET http://172.18.0.2:8080/v1/AUTH_459728d9343f40f7b0c4f3326bfebcf8/gnocchi.53bad487-01e2-4bbe-829c-e7f29aeb3fe1?format=json&states=listing" "tx2e1f2a8b5be942448e2d8-0069bd5d2c" "proxy-server 20" 0.0023 "-" 20 0
Mar 20 14:43:56 standalone proxy-server[129543]: 172.18.0.2 172.18.0.100 20/Mar/2026/14/43/56 GET /v1/AUTH_459728d9343f40f7b0c4f3326bfebcf8/gnocchi.53bad487-01e2-4bbe-829c-e7f29aeb3fe1%3Fformat%3Djson%26states%3Dlisting HTTP/1.0 200 - python-swiftclient-3.11.1 gAAAAABpvVzD3TF2... - 2 - tx2e1f2a8b5be942448e2d8-0069bd5d2c - 0.0157 - - 1774017836.462350130 1774017836.478000879 0
Mar 20 14:43:56 standalone object-server[127554]: 172.20.0.100 - - [20/Mar/2026:14:43:56 +0000] "GET /d1/391/AUTH_459728d9343f40f7b0c4f3326bfebcf8/gnocchi.53bad487-01e2-4bbe-829c-e7f29aeb3fe1/1773360000.0_mean_300.0_v3" 404 70 "GET http://172.18.0.2:8080/v1/AUTH_459728d9343f40f7b0c4f3326bfebcf8/gnocchi.53bad487-01e2-4bbe-829c-e7f29aeb3fe1/1773360000.0_mean_300.0_v3" "txb3057a8a1c204e258b715-0069bd5d2c" "proxy-server 20" 0.0004 "-" 21 0
Mar 20 14:43:56 standalone proxy-server[129543]: 172.18.0.2 172.18.0.100 20/Mar/2026/14/43/56 GET /v1/AUTH_459728d9343f40f7b0c4f3326bfebcf8/gnocchi.53bad487-01e2-4bbe-829c-e7f29aeb3fe1/1773360000.0_mean_300.0_v3 HTTP/1.0 404 - python-swiftclient-3.11.1 gAAAAABpvVzD3TF2... - 70 - txb3057a8a1c204e258b715-0069bd5d2c - 0.0054 - - 1774017836.482144594 1774017836.487566233 0
Mar 20 14:43:56 standalone container-server[127399]: 172.20.0.100 - - [20/Mar/2026:14:43:56 +0000] "PUT /d1/3/AUTH_459728d9343f40f7b0c4f3326bfebcf8/gnocchi.53bad487-01e2-4bbe-829c-e7f29aeb3fe1/1773360000.0_mean_300.0_v3" 201 - "PUT http://172.18.0.2:8080/d1/391/AUTH_459728d9343f40f7b0c4f3326bfebcf8/gnocchi.53bad487-01e2-4bbe-829c-e7f29aeb3fe1/1773360000.0_mean_300.0_v3" "tx92c9278f63e445818844a-0069bd5d2c" "object-server 23" 0.0009 "-" 23 0
Mar 20 14:43:56 standalone object-server[127557]: 172.20.0.100 - - [20/Mar/2026:14:43:56 +0000] "PUT /d1/391/AUTH_459728d9343f40f7b0c4f3326bfebcf8/gnocchi.53bad487-01e2-4bbe-829c-e7f29aeb3fe1/1773360000.0_mean_300.0_v3" 201 - "PUT http://172.18.0.2:8080/v1/AUTH_459728d9343f40f7b0c4f3326bfebcf8/gnocchi.53bad487-01e2-4bbe-829c-e7f29aeb3fe1/1773360000.0_mean_300.0_v3" "tx92c9278f63e445818844a-0069bd5d2c" "proxy-server 20" 0.0316 "-" 23 0
Mar 20 14:43:56 standalone proxy-server[129543]: 172.18.0.2 172.18.0.100 20/Mar/2026/14/43/56 PUT /v1/AUTH_459728d9343f40f7b0c4f3326bfebcf8/gnocchi.53bad487-01e2-4bbe-829c-e7f29aeb3fe1/1773360000.0_mean_300.0_v3 HTTP/1.0 201 - python-swiftclient-3.11.1 gAAAAABpvVzD3TF2... 16 - - tx92c9278f63e445818844a-0069bd5d2c - 0.0371 - - 1774017836.490801334 1774017836.527928591 0
Mar 20 14:43:56 standalone container-server[127396]: 172.20.0.100 - - [20/Mar/2026:14:43:56 +0000] "PUT /d1/3/AUTH_459728d9343f40f7b0c4f3326bfebcf8/gnocchi.53bad487-01e2-4bbe-829c-e7f29aeb3fe1/none_v3" 201 - "PUT http://172.18.0.2:8080/d1/645/AUTH_459728d9343f40f7b0c4f3326bfebcf8/gnocchi.53bad487-01e2-4bbe-829c-e7f29aeb3fe1/none_v3" "tx987675f2f9b04229b4162-0069bd5d2c" "object-server 20" 0.0005 "-" 22 0
Mar 20 14:43:56 standalone object-server[127551]: 172.20.0.100 - - [20/Mar/2026:14:43:56 +0000] "PUT /d1/645/AUTH_459728d9343f40f7b0c4f3326bfebcf8/gnocchi.53bad487-01e2-4bbe-829c-e7f29aeb3fe1/none_v3" 201 - "PUT http://172.18.0.2:8080/v1/AUTH_459728d9343f40f7b0c4f3326bfebcf8/gnocchi.53bad487-01e2-4bbe-829c-e7f29aeb3fe1/none_v3" "tx987675f2f9b04229b4162-0069bd5d2c" "proxy-server 20" 0.0079 "-" 20 0
Mar 20 14:43:56 standalone proxy-server[129543]: 172.18.0.2 172.18.0.100 20/Mar/2026/14/43/56 PUT /v1/AUTH_459728d9343f40f7b0c4f3326bfebcf8/gnocchi.53bad487-01e2-4bbe-829c-e7f29aeb3fe1/none_v3 HTTP/1.0 201 - python-swiftclient-3.11.1 gAAAAABpvVzD3TF2... 22 - - tx987675f2f9b04229b4162-0069bd5d2c - 0.0136 - - 1774017836.532668114 1774017836.546288729 0
Mar 20 14:43:56 standalone object-server[127557]: 172.20.0.100 - - [20/Mar/2026:14:43:56 +0000] "GET /d1/417/AUTH_459728d9343f40f7b0c4f3326bfebcf8/gnocchi.4f46fcae-d405-4b35-8389-5187592e31ff/none_v3" 200 22 "GET http://172.18.0.2:8080/v1/AUTH_459728d9343f40f7b0c4f3326bfebcf8/gnocchi.4f46fcae-d405-4b35-8389-5187592e31ff/none_v3" "tx994a1cfc88554d789abce-0069bd5d2c" "proxy-server 20" 0.0013 "-" 23 0
Mar 20 14:43:56 standalone proxy-server[129543]: 172.18.0.2 172.18.0.100 20/Mar/2026/14/43/56 GET /v1/AUTH_459728d9343f40f7b0c4f3326bfebcf8/gnocchi.4f46fcae-d405-4b35-8389-5187592e31ff/none_v3 HTTP/1.0 200 - python-swiftclient-3.11.1 gAAAAABpvVzD3TF2... - 22 - tx994a1cfc88554d789abce-0069bd5d2c - 0.0115 - - 1774017836.657267570 1774017836.668758154 0
Mar 20 14:43:56 standalone container-server[127384]: 172.20.0.100 - - [20/Mar/2026:14:43:56 +0000] "GET /d1/970/AUTH_459728d9343f40f7b0c4f3326bfebcf8/gnocchi.4f46fcae-d405-4b35-8389-5187592e31ff" 200 357 "GET http://172.18.0.2:8080/v1/AUTH_459728d9343f40f7b0c4f3326bfebcf8/gnocchi.4f46fcae-d405-4b35-8389-5187592e31ff?format=json&states=listing" "tx4d9240bd0fca4d7396617-0069bd5d2c" "proxy-server 20" 0.0080 "-" 20 0
Mar 20 14:43:56 standalone proxy-server[129543]: 172.18.0.2 172.18.0.100 20/Mar/2026/14/43/56 GET /v1/AUTH_459728d9343f40f7b0c4f3326bfebcf8/gnocchi.4f46fcae-d405-4b35-8389-5187592e31ff%3Fformat%3Djson%26states%3Dlisting HTTP/1.0 200 - python-swiftclient-3.11.1 gAAAAABpvVzD3TF2... - 357 - tx4d9240bd0fca4d7396617-0069bd5d2c - 0.0146 - - 1774017836.672649384 1774017836.687297106 0
Mar 20 14:43:56 standalone container-server[127399]: 172.20.0.100 - - [20/Mar/2026:14:43:56 +0000] "GET /d1/970/AUTH_459728d9343f40f7b0c4f3326bfebcf8/gnocchi.4f46fcae-d405-4b35-8389-5187592e31ff" 200 2 "GET http://172.18.0.2:8080/v1/AUTH_459728d9343f40f7b0c4f3326bfebcf8/gnocchi.4f46fcae-d405-4b35-8389-5187592e31ff?format=json&marker=none_v3&states=listing" "tx976363d0bb2046298c5e1-0069bd5d2c" "proxy-server 20" 0.0026 "-" 23 0
Mar 20 14:43:56 standalone proxy-server[129543]: 172.18.0.2 172.18.0.100 20/Mar/2026/14/43/56 GET /v1/AUTH_459728d9343f40f7b0c4f3326bfebcf8/gnocchi.4f46fcae-d405-4b35-8389-5187592e31ff%3Fformat%3Djson%26marker%3Dnone_v3%26states%3Dlisting HTTP/1.0 200 - python-swiftclient-3.11.1 gAAAAABpvVzD3TF2... - 2 - tx976363d0bb2046298c5e1-0069bd5d2c - 0.0083 - - 1774017836.689726114 1774017836.698059320 0
Mar 20 14:43:56 standalone object-server[127556]: 172.20.0.100 - - [20/Mar/2026:14:43:56 +0000] "GET /d1/922/AUTH_459728d9343f40f7b0c4f3326bfebcf8/gnocchi.4f46fcae-d405-4b35-8389-5187592e31ff/1773360000.0_mean_300.0_v3" 200 16 "GET http://172.18.0.2:8080/v1/AUTH_459728d9343f40f7b0c4f3326bfebcf8/gnocchi.4f46fcae-d405-4b35-8389-5187592e31ff/1773360000.0_mean_300.0_v3" "tx5ddf4e6c23e242e39976c-0069bd5d2c" "proxy-server 20" 0.0009 "-" 22 0
Mar 20 14:43:56 standalone proxy-server[129543]: 172.18.0.2 172.18.0.100 20/Mar/2026/14/43/56 GET /v1/AUTH_459728d9343f40f7b0c4f3326bfebcf8/gnocchi.4f46fcae-d405-4b35-8389-5187592e31ff/1773360000.0_mean_300.0_v3 HTTP/1.0 200 - python-swiftclient-3.11.1 gAAAAABpvVzD3TF2... - 16 - tx5ddf4e6c23e242e39976c-0069bd5d2c - 0.0063 - - 1774017836.701258183 1774017836.707605839 0
Mar 20 14:43:56 standalone container-server[127384]: 172.20.0.100 - - [20/Mar/2026:14:43:56 +0000] "PUT /d1/970/AUTH_459728d9343f40f7b0c4f3326bfebcf8/gnocchi.4f46fcae-d405-4b35-8389-5187592e31ff/1773360000.0_mean_300.0_v3" 201 - "PUT http://172.18.0.2:8080/d1/922/AUTH_459728d9343f40f7b0c4f3326bfebcf8/gnocchi.4f46fcae-d405-4b35-8389-5187592e31ff/1773360000.0_mean_300.0_v3" "txd6efb3f8ee124adda74eb-0069bd5d2c" "object-server 20" 0.0006 "-" 20 0
Mar 20 14:43:56 standalone object-server[127551]: 172.20.0.100 - - [20/Mar/2026:14:43:56 +0000] "PUT /d1/922/AUTH_459728d9343f40f7b0c4f3326bfebcf8/gnocchi.4f46fcae-d405-4b35-8389-5187592e31ff/1773360000.0_mean_300.0_v3" 201 - "PUT http://172.18.0.2:8080/v1/AUTH_459728d9343f40f7b0c4f3326bfebcf8/gnocchi.4f46fcae-d405-4b35-8389-5187592e31ff/1773360000.0_mean_300.0_v3" "txd6efb3f8ee124adda74eb-0069bd5d2c" "proxy-server 20" 0.0099 "-" 20 0
Mar 20 14:43:56 standalone proxy-server[129543]: 172.18.0.2 172.18.0.100 20/Mar/2026/14/43/56 PUT /v1/AUTH_459728d9343f40f7b0c4f3326bfebcf8/gnocchi.4f46fcae-d405-4b35-8389-5187592e31ff/1773360000.0_mean_300.0_v3 HTTP/1.0 201 - python-swiftclient-3.11.1 gAAAAABpvVzD3TF2... 16 - - txd6efb3f8ee124adda74eb-0069bd5d2c - 0.0147 - - 1774017836.710196972 1774017836.724929333 0
Mar 20 14:43:56 standalone container-server[127399]: 172.20.0.100 - - [20/Mar/2026:14:43:56 +0000] "PUT /d1/970/AUTH_459728d9343f40f7b0c4f3326bfebcf8/gnocchi.4f46fcae-d405-4b35-8389-5187592e31ff/none_v3" 201 - "PUT http://172.18.0.2:8080/d1/417/AUTH_459728d9343f40f7b0c4f3326bfebcf8/gnocchi.4f46fcae-d405-4b35-8389-5187592e31ff/none_v3" "tx841b62a74ae34b17a2424-0069bd5d2c" "object-server 21" 0.0004 "-" 23 0
Mar 20 14:43:56 standalone object-server[127554]: 172.20.0.100 - - [20/Mar/2026:14:43:56 +0000] "PUT /d1/417/AUTH_459728d9343f40f7b0c4f3326bfebcf8/gnocchi.4f46fcae-d405-4b35-8389-5187592e31ff/none_v3" 201 - "PUT http://172.18.0.2:8080/v1/AUTH_459728d9343f40f7b0c4f3326bfebcf8/gnocchi.4f46fcae-d405-4b35-8389-5187592e31ff/none_v3" "tx841b62a74ae34b17a2424-0069bd5d2c" "proxy-server 20" 0.0101 "-" 21 0
Mar 20 14:43:56 standalone proxy-server[129543]: 172.18.0.2 172.18.0.100 20/Mar/2026/14/43/56 PUT /v1/AUTH_459728d9343f40f7b0c4f3326bfebcf8/gnocchi.4f46fcae-d405-4b35-8389-5187592e31ff/none_v3 HTTP/1.0 201 - python-swiftclient-3.11.1 gAAAAABpvVzD3TF2... 33 - - tx841b62a74ae34b17a2424-0069bd5d2c - 0.0162 - - 1774017836.727727890 1774017836.743924618 0
Mar 20 14:43:56 standalone object-server[127554]: 172.20.0.100 - - [20/Mar/2026:14:43:56 +0000] "GET /d1/163/AUTH_459728d9343f40f7b0c4f3326bfebcf8/gnocchi.9ff9dab6-6a17-4cc0-9217-19f5fea3c869/none_v3" 200 22 "GET http://172.18.0.2:8080/v1/AUTH_459728d9343f40f7b0c4f3326bfebcf8/gnocchi.9ff9dab6-6a17-4cc0-9217-19f5fea3c869/none_v3" "tx65db6cbfaf8f45fc883c0-0069bd5d2c" "proxy-server 20" 0.0011 "-" 21 0
Mar 20 14:43:56 standalone proxy-server[129543]: 172.18.0.2 172.18.0.100 20/Mar/2026/14/43/56 GET /v1/AUTH_459728d9343f40f7b0c4f3326bfebcf8/gnocchi.9ff9dab6-6a17-4cc0-9217-19f5fea3c869/none_v3 HTTP/1.0 200 - python-swiftclient-3.11.1 gAAAAABpvVzD3TF2... - 22 - tx65db6cbfaf8f45fc883c0-0069bd5d2c - 0.0070 - - 1774017836.756221533 1774017836.763200998 0
Mar 20 14:43:56 standalone container-server[127396]: 172.20.0.100 - - [20/Mar/2026:14:43:56 +0000] "GET /d1/91/AUTH_459728d9343f40f7b0c4f3326bfebcf8/gnocchi.9ff9dab6-6a17-4cc0-9217-19f5fea3c869" 200 357 "GET http://172.18.0.2:8080/v1/AUTH_459728d9343f40f7b0c4f3326bfebcf8/gnocchi.9ff9dab6-6a17-4cc0-9217-19f5fea3c869?format=json&states=listing" "tx9cfcea608ce9429ea42ab-0069bd5d2c" "proxy-server 20" 0.0245 "-" 22 0
Mar 20 14:43:56 standalone proxy-server[129543]: 172.18.0.2 172.18.0.100 20/Mar/2026/14/43/56 GET /v1/AUTH_459728d9343f40f7b0c4f3326bfebcf8/gnocchi.9ff9dab6-6a17-4cc0-9217-19f5fea3c869%3Fformat%3Djson%26states%3Dlisting HTTP/1.0 200 - python-swiftclient-3.11.1 gAAAAABpvVzD3TF2... - 357 - tx9cfcea608ce9429ea42ab-0069bd5d2c - 0.0311 - - 1774017836.767230749 1774017836.798352242 0
Mar 20 14:43:56 standalone container-server[127396]: 172.20.0.100 - - [20/Mar/2026:14:43:56 +0000] "GET /d1/91/AUTH_459728d9343f40f7b0c4f3326bfebcf8/gnocchi.9ff9dab6-6a17-4cc0-9217-19f5fea3c869" 200 2 "GET http://172.18.0.2:8080/v1/AUTH_459728d9343f40f7b0c4f3326bfebcf8/gnocchi.9ff9dab6-6a17-4cc0-9217-19f5fea3c869?format=json&marker=none_v3&states=listing" "tx8696ec38d9eb45f2ac4da-0069bd5d2c" "proxy-server 20" 0.0046 "-" 22 0
Mar 20 14:43:56 standalone proxy-server[129543]: 172.18.0.2 172.18.0.100 20/Mar/2026/14/43/56 GET /v1/AUTH_459728d9343f40f7b0c4f3326bfebcf8/gnocchi.9ff9dab6-6a17-4cc0-9217-19f5fea3c869%3Fformat%3Djson%26marker%3Dnone_v3%26states%3Dlisting HTTP/1.0 200 - python-swiftclient-3.11.1 gAAAAABpvVzD3TF2... - 2 - tx8696ec38d9eb45f2ac4da-0069bd5d2c - 0.0114 - - 1774017836.801009893 1774017836.812416792 0
Mar 20 14:43:56 standalone object-server[127557]: 172.20.0.100 - - [20/Mar/2026:14:43:56 +0000] "GET /d1/392/AUTH_459728d9343f40f7b0c4f3326bfebcf8/gnocchi.9ff9dab6-6a17-4cc0-9217-19f5fea3c869/1773360000.0_mean_300.0_v3" 200 16 "GET http://172.18.0.2:8080/v1/AUTH_459728d9343f40f7b0c4f3326bfebcf8/gnocchi.9ff9dab6-6a17-4cc0-9217-19f5fea3c869/1773360000.0_mean_300.0_v3" "tx2cc2928386d44495a53d8-0069bd5d2c" "proxy-server 20" 0.0014 "-" 23 0
Mar 20 14:43:56 standalone proxy-server[129543]: 172.18.0.2 172.18.0.100 20/Mar/2026/14/43/56 GET /v1/AUTH_459728d9343f40f7b0c4f3326bfebcf8/gnocchi.9ff9dab6-6a17-4cc0-9217-19f5fea3c869/1773360000.0_mean_300.0_v3 HTTP/1.0 200 - python-swiftclient-3.11.1 gAAAAABpvVzD3TF2... - 16 - tx2cc2928386d44495a53d8-0069bd5d2c - 0.0077 - - 1774017836.815582991 1774017836.823240042 0
Mar 20 14:43:56 standalone container-server[127399]: 172.20.0.100 - - [20/Mar/2026:14:43:56 +0000] "PUT /d1/91/AUTH_459728d9343f40f7b0c4f3326bfebcf8/gnocchi.9ff9dab6-6a17-4cc0-9217-19f5fea3c869/1773360000.0_mean_300.0_v3" 201 - "PUT http://172.18.0.2:8080/d1/392/AUTH_459728d9343f40f7b0c4f3326bfebcf8/gnocchi.9ff9dab6-6a17-4cc0-9217-19f5fea3c869/1773360000.0_mean_300.0_v3" "tx6b21283239ce4c2097853-0069bd5d2c" "object-server 20" 0.0007 "-" 23 0
Mar 20 14:43:56 standalone object-server[127551]: 172.20.0.100 - - [20/Mar/2026:14:43:56 +0000] "PUT /d1/392/AUTH_459728d9343f40f7b0c4f3326bfebcf8/gnocchi.9ff9dab6-6a17-4cc0-9217-19f5fea3c869/1773360000.0_mean_300.0_v3" 201 - "PUT http://172.18.0.2:8080/v1/AUTH_459728d9343f40f7b0c4f3326bfebcf8/gnocchi.9ff9dab6-6a17-4cc0-9217-19f5fea3c869/1773360000.0_mean_300.0_v3" "tx6b21283239ce4c2097853-0069bd5d2c" "proxy-server 20" 0.0164 "-" 20 0
Mar 20 14:43:56 standalone proxy-server[129543]: 172.18.0.2 172.18.0.100 20/Mar/2026/14/43/56 PUT /v1/AUTH_459728d9343f40f7b0c4f3326bfebcf8/gnocchi.9ff9dab6-6a17-4cc0-9217-19f5fea3c869/1773360000.0_mean_300.0_v3 HTTP/1.0 201 - python-swiftclient-3.11.1 gAAAAABpvVzD3TF2... 16 - - tx6b21283239ce4c2097853-0069bd5d2c - 0.0220 - - 1774017836.825653553 1774017836.847615004 0
Mar 20 14:43:56 standalone container-server[127385]: 172.20.0.100 - - [20/Mar/2026:14:43:56 +0000] "PUT /d1/91/AUTH_459728d9343f40f7b0c4f3326bfebcf8/gnocchi.9ff9dab6-6a17-4cc0-9217-19f5fea3c869/none_v3" 201 - "PUT http://172.18.0.2:8080/d1/163/AUTH_459728d9343f40f7b0c4f3326bfebcf8/gnocchi.9ff9dab6-6a17-4cc0-9217-19f5fea3c869/none_v3" "tx925a5def42264446a364f-0069bd5d2c" "object-server 22" 0.0009 "-" 21 0
Mar 20 14:43:56 standalone object-server[127556]: 172.20.0.100 - - [20/Mar/2026:14:43:56 +0000] "PUT /d1/163/AUTH_459728d9343f40f7b0c4f3326bfebcf8/gnocchi.9ff9dab6-6a17-4cc0-9217-19f5fea3c869/none_v3" 201 - "PUT http://172.18.0.2:8080/v1/AUTH_459728d9343f40f7b0c4f3326bfebcf8/gnocchi.9ff9dab6-6a17-4cc0-9217-19f5fea3c869/none_v3" "tx925a5def42264446a364f-0069bd5d2c" "proxy-server 20" 0.0121 "-" 22 0
Mar 20 14:43:56 standalone proxy-server[129543]: 172.18.0.2 172.18.0.100 20/Mar/2026/14/43/56 PUT /v1/AUTH_459728d9343f40f7b0c4f3326bfebcf8/gnocchi.9ff9dab6-6a17-4cc0-9217-19f5fea3c869/none_v3 HTTP/1.0 201 - python-swiftclient-3.11.1 gAAAAABpvVzD3TF2... 33 - - tx925a5def42264446a364f-0069bd5d2c - 0.0183 - - 1774017836.851183176 1774017836.869487762 0
Mar 20 14:44:01 standalone object-server[127557]: 172.20.0.100 - - [20/Mar/2026:14:44:01 +0000] "GET /d1/645/AUTH_459728d9343f40f7b0c4f3326bfebcf8/gnocchi.53bad487-01e2-4bbe-829c-e7f29aeb3fe1/none_v3" 200 22 "GET http://172.18.0.2:8080/v1/AUTH_459728d9343f40f7b0c4f3326bfebcf8/gnocchi.53bad487-01e2-4bbe-829c-e7f29aeb3fe1/none_v3" "tx60e887771b13462482804-0069bd5d31" "proxy-server 20" 0.0011 "-" 23 0
Mar 20 14:44:01 standalone proxy-server[129543]: 172.18.0.2 172.18.0.100 20/Mar/2026/14/44/01 GET /v1/AUTH_459728d9343f40f7b0c4f3326bfebcf8/gnocchi.53bad487-01e2-4bbe-829c-e7f29aeb3fe1/none_v3 HTTP/1.0 200 - python-swiftclient-3.11.1 gAAAAABpvVzD3TF2... - 22 - tx60e887771b13462482804-0069bd5d31 - 0.0105 - - 1774017841.646007538 1774017841.656523943 0
Mar 20 14:44:01 standalone container-server[127385]: 172.20.0.100 - - [20/Mar/2026:14:44:01 +0000] "GET /d1/3/AUTH_459728d9343f40f7b0c4f3326bfebcf8/gnocchi.53bad487-01e2-4bbe-829c-e7f29aeb3fe1" 200 357 "GET http://172.18.0.2:8080/v1/AUTH_459728d9343f40f7b0c4f3326bfebcf8/gnocchi.53bad487-01e2-4bbe-829c-e7f29aeb3fe1?format=json&states=listing" "txfeda0ea92a5642cf8b09f-0069bd5d31" "proxy-server 20" 0.0178 "-" 21 0
Mar 20 14:44:01 standalone proxy-server[129543]: 172.18.0.2 172.18.0.100 20/Mar/2026/14/44/01 GET /v1/AUTH_459728d9343f40f7b0c4f3326bfebcf8/gnocchi.53bad487-01e2-4bbe-829c-e7f29aeb3fe1%3Fformat%3Djson%26states%3Dlisting HTTP/1.0 200 - python-swiftclient-3.11.1 gAAAAABpvVzD3TF2... - 357 - txfeda0ea92a5642cf8b09f-0069bd5d31 - 0.0292 - - 1774017841.663197517 1774017841.692348480 0
Mar 20 14:44:01 standalone container-server[127396]: 172.20.0.100 - - [20/Mar/2026:14:44:01 +0000] "GET /d1/3/AUTH_459728d9343f40f7b0c4f3326bfebcf8/gnocchi.53bad487-01e2-4bbe-829c-e7f29aeb3fe1" 200 2 "GET http://172.18.0.2:8080/v1/AUTH_459728d9343f40f7b0c4f3326bfebcf8/gnocchi.53bad487-01e2-4bbe-829c-e7f29aeb3fe1?format=json&marker=none_v3&states=listing" "tx594d65d769c34f5abcc94-0069bd5d31" "proxy-server 20" 0.0037 "-" 22 0
Mar 20 14:44:01 standalone proxy-server[129543]: 172.18.0.2 172.18.0.100 20/Mar/2026/14/44/01 GET /v1/AUTH_459728d9343f40f7b0c4f3326bfebcf8/gnocchi.53bad487-01e2-4bbe-829c-e7f29aeb3fe1%3Fformat%3Djson%26marker%3Dnone_v3%26states%3Dlisting HTTP/1.0 200 - python-swiftclient-3.11.1 gAAAAABpvVzD3TF2... - 2 - tx594d65d769c34f5abcc94-0069bd5d31 - 0.0152 - - 1774017841.697222948 1774017841.712422609 0
Mar 20 14:44:01 standalone object-server[127556]: 172.20.0.100 - - [20/Mar/2026:14:44:01 +0000] "GET /d1/391/AUTH_459728d9343f40f7b0c4f3326bfebcf8/gnocchi.53bad487-01e2-4bbe-829c-e7f29aeb3fe1/1773360000.0_mean_300.0_v3" 200 16 "GET http://172.18.0.2:8080/v1/AUTH_459728d9343f40f7b0c4f3326bfebcf8/gnocchi.53bad487-01e2-4bbe-829c-e7f29aeb3fe1/1773360000.0_mean_300.0_v3" "tx23ed9b82cd514fb3ac155-0069bd5d31" "proxy-server 20" 0.0011 "-" 22 0
Mar 20 14:44:01 standalone proxy-server[129543]: 172.18.0.2 172.18.0.100 20/Mar/2026/14/44/01 GET /v1/AUTH_459728d9343f40f7b0c4f3326bfebcf8/gnocchi.53bad487-01e2-4bbe-829c-e7f29aeb3fe1/1773360000.0_mean_300.0_v3 HTTP/1.0 200 - python-swiftclient-3.11.1 gAAAAABpvVzD3TF2... - 16 - tx23ed9b82cd514fb3ac155-0069bd5d31 - 0.0117 - - 1774017841.717756748 1774017841.729444265 0
Mar 20 14:44:01 standalone container-server[127385]: 172.20.0.100 - - [20/Mar/2026:14:44:01 +0000] "PUT /d1/3/AUTH_459728d9343f40f7b0c4f3326bfebcf8/gnocchi.53bad487-01e2-4bbe-829c-e7f29aeb3fe1/1773360000.0_mean_300.0_v3" 201 - "PUT http://172.18.0.2:8080/d1/391/AUTH_459728d9343f40f7b0c4f3326bfebcf8/gnocchi.53bad487-01e2-4bbe-829c-e7f29aeb3fe1/1773360000.0_mean_300.0_v3" "tx70133fedf8ff4f9493468-0069bd5d31" "object-server 20" 0.0010 "-" 21 0
Mar 20 14:44:01 standalone object-server[127551]: 172.20.0.100 - - [20/Mar/2026:14:44:01 +0000] "PUT /d1/391/AUTH_459728d9343f40f7b0c4f3326bfebcf8/gnocchi.53bad487-01e2-4bbe-829c-e7f29aeb3fe1/1773360000.0_mean_300.0_v3" 201 - "PUT http://172.18.0.2:8080/v1/AUTH_459728d9343f40f7b0c4f3326bfebcf8/gnocchi.53bad487-01e2-4bbe-829c-e7f29aeb3fe1/1773360000.0_mean_300.0_v3" "tx70133fedf8ff4f9493468-0069bd5d31" "proxy-server 20" 0.0138 "-" 20 0
Mar 20 14:44:01 standalone proxy-server[129543]: 172.18.0.2 172.18.0.100 20/Mar/2026/14/44/01 PUT /v1/AUTH_459728d9343f40f7b0c4f3326bfebcf8/gnocchi.53bad487-01e2-4bbe-829c-e7f29aeb3fe1/1773360000.0_mean_300.0_v3 HTTP/1.0 201 - python-swiftclient-3.11.1 gAAAAABpvVzD3TF2... 16 - - tx70133fedf8ff4f9493468-0069bd5d31 - 0.0244 - - 1774017841.734056473 1774017841.758490086 0
Mar 20 14:44:01 standalone container-server[127384]: 172.20.0.100 - - [20/Mar/2026:14:44:01 +0000] "PUT /d1/3/AUTH_459728d9343f40f7b0c4f3326bfebcf8/gnocchi.53bad487-01e2-4bbe-829c-e7f29aeb3fe1/none_v3" 201 - "PUT http://172.18.0.2:8080/d1/645/AUTH_459728d9343f40f7b0c4f3326bfebcf8/gnocchi.53bad487-01e2-4bbe-829c-e7f29aeb3fe1/none_v3" "tx3401f6e59cfd4e68aea35-0069bd5d31" "object-server 21" 0.0008 "-" 20 0
Mar 20 14:44:01 standalone object-server[127554]: 172.20.0.100 - - [20/Mar/2026:14:44:01 +0000] "PUT /d1/645/AUTH_459728d9343f40f7b0c4f3326bfebcf8/gnocchi.53bad487-01e2-4bbe-829c-e7f29aeb3fe1/none_v3" 201 - "PUT http://172.18.0.2:8080/v1/AUTH_459728d9343f40f7b0c4f3326bfebcf8/gnocchi.53bad487-01e2-4bbe-829c-e7f29aeb3fe1/none_v3" "tx3401f6e59cfd4e68aea35-0069bd5d31" "proxy-server 20" 0.0119 "-" 21 0
Mar 20 14:44:01 standalone proxy-server[129543]: 172.18.0.2 172.18.0.100 20/Mar/2026/14/44/01 PUT /v1/AUTH_459728d9343f40f7b0c4f3326bfebcf8/gnocchi.53bad487-01e2-4bbe-829c-e7f29aeb3fe1/none_v3 HTTP/1.0 201 - python-swiftclient-3.11.1 gAAAAABpvVzD3TF2... 32 - - tx3401f6e59cfd4e68aea35-0069bd5d31 - 0.0207 - - 1774017841.762402058 1774017841.783080339 0
Mar 20 14:44:11 standalone container-server[127399]: 172.20.0.100 - - [20/Mar/2026:14:44:11 +0000] "HEAD /d1/183/AUTH_459728d9343f40f7b0c4f3326bfebcf8/gnocchi.af3f3060-eaba-48be-a31a-b4abd58b8c09" 404 - "HEAD http://172.18.0.2:8080/v1/AUTH_459728d9343f40f7b0c4f3326bfebcf8/gnocchi.af3f3060-eaba-48be-a31a-b4abd58b8c09?format=json&states=listing" "tx5266494b71c44afd93df6-0069bd5d3b" "proxy-server 20" 0.0008 "-" 23 0
Mar 20 14:44:11 standalone object-server[127556]: 172.20.0.100 - - [20/Mar/2026:14:44:11 +0000] "GET /d1/860/AUTH_459728d9343f40f7b0c4f3326bfebcf8/gnocchi.af3f3060-eaba-48be-a31a-b4abd58b8c09/none_v3" 404 70 "GET http://172.18.0.2:8080/v1/AUTH_459728d9343f40f7b0c4f3326bfebcf8/gnocchi.af3f3060-eaba-48be-a31a-b4abd58b8c09/none_v3" "tx5266494b71c44afd93df6-0069bd5d3b" "proxy-server 20" 0.0006 "-" 22 0
Mar 20 14:44:11 standalone proxy-server[129543]: 172.18.0.2 172.18.0.100 20/Mar/2026/14/44/11 GET /v1/AUTH_459728d9343f40f7b0c4f3326bfebcf8/gnocchi.af3f3060-eaba-48be-a31a-b4abd58b8c09/none_v3 HTTP/1.0 404 - python-swiftclient-3.11.1 gAAAAABpvVzD3TF2... - 70 - tx5266494b71c44afd93df6-0069bd5d3b - 0.0154 - - 1774017851.774161100 1774017851.789563179 0
Mar 20 14:44:11 standalone account-server[127382]: 172.20.0.100 - - [20/Mar/2026:14:44:11 +0000] "PUT /d1/992/AUTH_459728d9343f40f7b0c4f3326bfebcf8/gnocchi.af3f3060-eaba-48be-a31a-b4abd58b8c09" 201 - "PUT http://172.20.0.100:6001/d1/183/AUTH_459728d9343f40f7b0c4f3326bfebcf8/gnocchi.af3f3060-eaba-48be-a31a-b4abd58b8c09" "tx52f3c7ebeb7944acb388e-0069bd5d3b" "container-server 22" 0.0079 "-" 22 0
Mar 20 14:44:11 standalone container-server[127396]: 172.20.0.100 - - [20/Mar/2026:14:44:11 +0000] "PUT /d1/183/AUTH_459728d9343f40f7b0c4f3326bfebcf8/gnocchi.af3f3060-eaba-48be-a31a-b4abd58b8c09" 201 - "PUT http://172.18.0.2:8080/v1/AUTH_459728d9343f40f7b0c4f3326bfebcf8/gnocchi.af3f3060-eaba-48be-a31a-b4abd58b8c09" "tx52f3c7ebeb7944acb388e-0069bd5d3b" "proxy-server 20" 0.0199 "-" 22 0
Mar 20 14:44:11 standalone proxy-server[129543]: 172.18.0.2 172.18.0.100 20/Mar/2026/14/44/11 PUT /v1/AUTH_459728d9343f40f7b0c4f3326bfebcf8/gnocchi.af3f3060-eaba-48be-a31a-b4abd58b8c09 HTTP/1.0 201 - python-swiftclient-3.11.1 gAAAAABpvVzD3TF2... - - - tx52f3c7ebeb7944acb388e-0069bd5d3b - 0.0289 - - 1774017851.794330597 1774017851.823215246 0
