Mar 20 14:44:37 standalone container-server[127396]: 172.20.0.100 - - [20/Mar/2026:14:44:37 +0000] "PUT /d1/828/AUTH_459728d9343f40f7b0c4f3326bfebcf8/gnocchi.3d8ac46a-55d0-42db-880f-4f14e53646d4/1773360000.0_mean_300.0_v3" 201 - "PUT http://172.18.0.2:8080/d1/937/AUTH_459728d9343f40f7b0c4f3326bfebcf8/gnocchi.3d8ac46a-55d0-42db-880f-4f14e53646d4/1773360000.0_mean_300.0_v3" "tx531d5cd4b7f24e1bb3466-0069bd5d55" "object-server 22" 0.0006 "-" 22 0
Mar 20 14:44:37 standalone object-server[127556]: 172.20.0.100 - - [20/Mar/2026:14:44:37 +0000] "PUT /d1/937/AUTH_459728d9343f40f7b0c4f3326bfebcf8/gnocchi.3d8ac46a-55d0-42db-880f-4f14e53646d4/1773360000.0_mean_300.0_v3" 201 - "PUT http://172.18.0.2:8080/v1/AUTH_459728d9343f40f7b0c4f3326bfebcf8/gnocchi.3d8ac46a-55d0-42db-880f-4f14e53646d4/1773360000.0_mean_300.0_v3" "tx531d5cd4b7f24e1bb3466-0069bd5d55" "proxy-server 20" 0.0112 "-" 22 0
Mar 20 14:44:37 standalone proxy-server[129543]: 172.18.0.2 172.18.0.100 20/Mar/2026/14/44/37 PUT /v1/AUTH_459728d9343f40f7b0c4f3326bfebcf8/gnocchi.3d8ac46a-55d0-42db-880f-4f14e53646d4/1773360000.0_mean_300.0_v3 HTTP/1.0 201 - python-swiftclient-3.11.1 gAAAAABpvVzD3TF2... 16 - - tx531d5cd4b7f24e1bb3466-0069bd5d55 - 0.0179 - - 1774017877.156672716 1774017877.174536943 0
Mar 20 14:44:37 standalone container-server[127385]: 172.20.0.100 - - [20/Mar/2026:14:44:37 +0000] "PUT /d1/828/AUTH_459728d9343f40f7b0c4f3326bfebcf8/gnocchi.3d8ac46a-55d0-42db-880f-4f14e53646d4/none_v3" 201 - "PUT http://172.18.0.2:8080/d1/760/AUTH_459728d9343f40f7b0c4f3326bfebcf8/gnocchi.3d8ac46a-55d0-42db-880f-4f14e53646d4/none_v3" "txf581b343592f4a5d8e40f-0069bd5d55" "object-server 21" 0.0008 "-" 21 0
Mar 20 14:44:37 standalone object-server[127554]: 172.20.0.100 - - [20/Mar/2026:14:44:37 +0000] "PUT /d1/760/AUTH_459728d9343f40f7b0c4f3326bfebcf8/gnocchi.3d8ac46a-55d0-42db-880f-4f14e53646d4/none_v3" 201 - "PUT http://172.18.0.2:8080/v1/AUTH_459728d9343f40f7b0c4f3326bfebcf8/gnocchi.3d8ac46a-55d0-42db-880f-4f14e53646d4/none_v3" "txf581b343592f4a5d8e40f-0069bd5d55" "proxy-server 20" 0.0101 "-" 21 0
Mar 20 14:44:37 standalone proxy-server[129543]: 172.18.0.2 172.18.0.100 20/Mar/2026/14/44/37 PUT /v1/AUTH_459728d9343f40f7b0c4f3326bfebcf8/gnocchi.3d8ac46a-55d0-42db-880f-4f14e53646d4/none_v3 HTTP/1.0 201 - python-swiftclient-3.11.1 gAAAAABpvVzD3TF2... 46 - - txf581b343592f4a5d8e40f-0069bd5d55 - 0.0236 - - 1774017877.177810907 1774017877.201446772 0
Mar 20 14:44:37 standalone object-server[127556]: 172.20.0.100 - - [20/Mar/2026:14:44:37 +0000] "GET /d1/760/AUTH_459728d9343f40f7b0c4f3326bfebcf8/gnocchi.3d8ac46a-55d0-42db-880f-4f14e53646d4/none_v3" 200 46 "GET http://172.18.0.2:8080/v1/AUTH_459728d9343f40f7b0c4f3326bfebcf8/gnocchi.3d8ac46a-55d0-42db-880f-4f14e53646d4/none_v3" "txe282d46f221042388860d-0069bd5d55" "proxy-server 20" 0.0010 "-" 22 0
Mar 20 14:44:37 standalone proxy-server[129543]: 172.18.0.2 172.18.0.100 20/Mar/2026/14/44/37 GET /v1/AUTH_459728d9343f40f7b0c4f3326bfebcf8/gnocchi.3d8ac46a-55d0-42db-880f-4f14e53646d4/none_v3 HTTP/1.0 200 - python-swiftclient-3.11.1 gAAAAABpvVzD3TF2... - 46 - txe282d46f221042388860d-0069bd5d55 - 0.0093 - - 1774017877.813015699 1774017877.822361708 0
Mar 20 14:44:37 standalone container-server[127399]: 172.20.0.100 - - [20/Mar/2026:14:44:37 +0000] "GET /d1/828/AUTH_459728d9343f40f7b0c4f3326bfebcf8/gnocchi.3d8ac46a-55d0-42db-880f-4f14e53646d4" 200 357 "GET http://172.18.0.2:8080/v1/AUTH_459728d9343f40f7b0c4f3326bfebcf8/gnocchi.3d8ac46a-55d0-42db-880f-4f14e53646d4?format=json&states=listing" "tx531a5e3b634c4964ad2a6-0069bd5d55" "proxy-server 20" 0.0136 "-" 23 0
Mar 20 14:44:37 standalone proxy-server[129543]: 172.18.0.2 172.18.0.100 20/Mar/2026/14/44/37 GET /v1/AUTH_459728d9343f40f7b0c4f3326bfebcf8/gnocchi.3d8ac46a-55d0-42db-880f-4f14e53646d4%3Fformat%3Djson%26states%3Dlisting HTTP/1.0 200 - python-swiftclient-3.11.1 gAAAAABpvVzD3TF2... - 357 - tx531a5e3b634c4964ad2a6-0069bd5d55 - 0.0218 - - 1774017877.826987982 1774017877.848829031 0
Mar 20 14:44:37 standalone container-server[127396]: 172.20.0.100 - - [20/Mar/2026:14:44:37 +0000] "GET /d1/828/AUTH_459728d9343f40f7b0c4f3326bfebcf8/gnocchi.3d8ac46a-55d0-42db-880f-4f14e53646d4" 200 2 "GET http://172.18.0.2:8080/v1/AUTH_459728d9343f40f7b0c4f3326bfebcf8/gnocchi.3d8ac46a-55d0-42db-880f-4f14e53646d4?format=json&marker=none_v3&states=listing" "tx1d1e819fc7a844ab9ec0a-0069bd5d55" "proxy-server 20" 0.0049 "-" 22 0
Mar 20 14:44:37 standalone proxy-server[129543]: 172.18.0.2 172.18.0.100 20/Mar/2026/14/44/37 GET /v1/AUTH_459728d9343f40f7b0c4f3326bfebcf8/gnocchi.3d8ac46a-55d0-42db-880f-4f14e53646d4%3Fformat%3Djson%26marker%3Dnone_v3%26states%3Dlisting HTTP/1.0 200 - python-swiftclient-3.11.1 gAAAAABpvVzD3TF2... - 2 - tx1d1e819fc7a844ab9ec0a-0069bd5d55 - 0.0132 - - 1774017877.851538658 1774017877.864693642 0
Mar 20 14:44:37 standalone object-server[127556]: 172.20.0.100 - - [20/Mar/2026:14:44:37 +0000] "GET /d1/937/AUTH_459728d9343f40f7b0c4f3326bfebcf8/gnocchi.3d8ac46a-55d0-42db-880f-4f14e53646d4/1773360000.0_mean_300.0_v3" 200 16 "GET http://172.18.0.2:8080/v1/AUTH_459728d9343f40f7b0c4f3326bfebcf8/gnocchi.3d8ac46a-55d0-42db-880f-4f14e53646d4/1773360000.0_mean_300.0_v3" "tx07543a3ca8324462bbd9d-0069bd5d55" "proxy-server 20" 0.0007 "-" 22 0
Mar 20 14:44:37 standalone proxy-server[129543]: 172.18.0.2 172.18.0.100 20/Mar/2026/14/44/37 GET /v1/AUTH_459728d9343f40f7b0c4f3326bfebcf8/gnocchi.3d8ac46a-55d0-42db-880f-4f14e53646d4/1773360000.0_mean_300.0_v3 HTTP/1.0 200 - python-swiftclient-3.11.1 gAAAAABpvVzD3TF2... - 16 - tx07543a3ca8324462bbd9d-0069bd5d55 - 0.0103 - - 1774017877.867697001 1774017877.878019333 0
Mar 20 14:44:37 standalone container-server[127396]: 172.20.0.100 - - [20/Mar/2026:14:44:37 +0000] "PUT /d1/828/AUTH_459728d9343f40f7b0c4f3326bfebcf8/gnocchi.3d8ac46a-55d0-42db-880f-4f14e53646d4/1773360000.0_mean_300.0_v3" 201 - "PUT http://172.18.0.2:8080/d1/937/AUTH_459728d9343f40f7b0c4f3326bfebcf8/gnocchi.3d8ac46a-55d0-42db-880f-4f14e53646d4/1773360000.0_mean_300.0_v3" "txbf1de41d57f547f19cf64-0069bd5d55" "object-server 22" 0.0009 "-" 22 0
Mar 20 14:44:37 standalone object-server[127556]: 172.20.0.100 - - [20/Mar/2026:14:44:37 +0000] "PUT /d1/937/AUTH_459728d9343f40f7b0c4f3326bfebcf8/gnocchi.3d8ac46a-55d0-42db-880f-4f14e53646d4/1773360000.0_mean_300.0_v3" 201 - "PUT http://172.18.0.2:8080/v1/AUTH_459728d9343f40f7b0c4f3326bfebcf8/gnocchi.3d8ac46a-55d0-42db-880f-4f14e53646d4/1773360000.0_mean_300.0_v3" "txbf1de41d57f547f19cf64-0069bd5d55" "proxy-server 20" 0.0114 "-" 22 0
Mar 20 14:44:37 standalone proxy-server[129543]: 172.18.0.2 172.18.0.100 20/Mar/2026/14/44/37 PUT /v1/AUTH_459728d9343f40f7b0c4f3326bfebcf8/gnocchi.3d8ac46a-55d0-42db-880f-4f14e53646d4/1773360000.0_mean_300.0_v3 HTTP/1.0 201 - python-swiftclient-3.11.1 gAAAAABpvVzD3TF2... 16 - - txbf1de41d57f547f19cf64-0069bd5d55 - 0.0182 - - 1774017877.880513430 1774017877.898711920 0
Mar 20 14:44:37 standalone container-server[127399]: 172.20.0.100 - - [20/Mar/2026:14:44:37 +0000] "PUT /d1/828/AUTH_459728d9343f40f7b0c4f3326bfebcf8/gnocchi.3d8ac46a-55d0-42db-880f-4f14e53646d4/none_v3" 201 - "PUT http://172.18.0.2:8080/d1/760/AUTH_459728d9343f40f7b0c4f3326bfebcf8/gnocchi.3d8ac46a-55d0-42db-880f-4f14e53646d4/none_v3" "txe5586889e6a94a2e8ffe5-0069bd5d55" "object-server 22" 0.0006 "-" 23 0
Mar 20 14:44:37 standalone object-server[127556]: 172.20.0.100 - - [20/Mar/2026:14:44:37 +0000] "PUT /d1/760/AUTH_459728d9343f40f7b0c4f3326bfebcf8/gnocchi.3d8ac46a-55d0-42db-880f-4f14e53646d4/none_v3" 201 - "PUT http://172.18.0.2:8080/v1/AUTH_459728d9343f40f7b0c4f3326bfebcf8/gnocchi.3d8ac46a-55d0-42db-880f-4f14e53646d4/none_v3" "txe5586889e6a94a2e8ffe5-0069bd5d55" "proxy-server 20" 0.0089 "-" 22 0
Mar 20 14:44:37 standalone proxy-server[129543]: 172.18.0.2 172.18.0.100 20/Mar/2026/14/44/37 PUT /v1/AUTH_459728d9343f40f7b0c4f3326bfebcf8/gnocchi.3d8ac46a-55d0-42db-880f-4f14e53646d4/none_v3 HTTP/1.0 201 - python-swiftclient-3.11.1 gAAAAABpvVzD3TF2... 51 - - txe5586889e6a94a2e8ffe5-0069bd5d55 - 0.0155 - - 1774017877.901056290 1774017877.916565180 0
Mar 20 14:44:40 standalone container-server[127396]: 172.20.0.100 - - [20/Mar/2026:14:44:40 +0000] "HEAD /d1/181/AUTH_459728d9343f40f7b0c4f3326bfebcf8/gnocchi.268d4c89-0afe-46a2-9d04-2eeae6e389c1" 404 - "HEAD http://172.18.0.2:8080/v1/AUTH_459728d9343f40f7b0c4f3326bfebcf8/gnocchi.268d4c89-0afe-46a2-9d04-2eeae6e389c1?format=json&states=listing" "tx99a47910a96943609977d-0069bd5d58" "proxy-server 20" 0.0007 "-" 22 0
Mar 20 14:44:40 standalone object-server[127551]: 172.20.0.100 - - [20/Mar/2026:14:44:40 +0000] "GET /d1/910/AUTH_459728d9343f40f7b0c4f3326bfebcf8/gnocchi.268d4c89-0afe-46a2-9d04-2eeae6e389c1/none_v3" 404 70 "GET http://172.18.0.2:8080/v1/AUTH_459728d9343f40f7b0c4f3326bfebcf8/gnocchi.268d4c89-0afe-46a2-9d04-2eeae6e389c1/none_v3" "tx99a47910a96943609977d-0069bd5d58" "proxy-server 20" 0.0011 "-" 20 0
Mar 20 14:44:40 standalone proxy-server[129543]: 172.18.0.2 172.18.0.100 20/Mar/2026/14/44/40 GET /v1/AUTH_459728d9343f40f7b0c4f3326bfebcf8/gnocchi.268d4c89-0afe-46a2-9d04-2eeae6e389c1/none_v3 HTTP/1.0 404 - python-swiftclient-3.11.1 gAAAAABpvVzD3TF2... - 70 - tx99a47910a96943609977d-0069bd5d58 - 0.0112 - - 1774017880.971263409 1774017880.982461691 0
Mar 20 14:44:41 standalone account-server[127382]: 172.20.0.100 - - [20/Mar/2026:14:44:41 +0000] "PUT /d1/992/AUTH_459728d9343f40f7b0c4f3326bfebcf8/gnocchi.268d4c89-0afe-46a2-9d04-2eeae6e389c1" 201 - "PUT http://172.20.0.100:6001/d1/181/AUTH_459728d9343f40f7b0c4f3326bfebcf8/gnocchi.268d4c89-0afe-46a2-9d04-2eeae6e389c1" "txdb40acf4301b4425afedc-0069bd5d58" "container-server 21" 0.0082 "-" 22 0
Mar 20 14:44:41 standalone container-server[127385]: 172.20.0.100 - - [20/Mar/2026:14:44:41 +0000] "PUT /d1/181/AUTH_459728d9343f40f7b0c4f3326bfebcf8/gnocchi.268d4c89-0afe-46a2-9d04-2eeae6e389c1" 201 - "PUT http://172.18.0.2:8080/v1/AUTH_459728d9343f40f7b0c4f3326bfebcf8/gnocchi.268d4c89-0afe-46a2-9d04-2eeae6e389c1" "txdb40acf4301b4425afedc-0069bd5d58" "proxy-server 20" 0.0216 "-" 21 0
Mar 20 14:44:41 standalone proxy-server[129543]: 172.18.0.2 172.18.0.100 20/Mar/2026/14/44/41 PUT /v1/AUTH_459728d9343f40f7b0c4f3326bfebcf8/gnocchi.268d4c89-0afe-46a2-9d04-2eeae6e389c1 HTTP/1.0 201 - python-swiftclient-3.11.1 gAAAAABpvVzD3TF2... - - - txdb40acf4301b4425afedc-0069bd5d58 - 0.0271 - - 1774017880.985861301 1774017881.012966394 0
Mar 20 14:44:41 standalone container-server[127399]: 172.20.0.100 - - [20/Mar/2026:14:44:41 +0000] "HEAD /d1/181/AUTH_459728d9343f40f7b0c4f3326bfebcf8/gnocchi.268d4c89-0afe-46a2-9d04-2eeae6e389c1" 204 - "HEAD http://172.18.0.2:8080/v1/AUTH_459728d9343f40f7b0c4f3326bfebcf8/gnocchi.268d4c89-0afe-46a2-9d04-2eeae6e389c1?format=json&states=listing" "txec882c46601d44e1ae9d5-0069bd5d59" "proxy-server 20" 0.0013 "-" 23 0
Mar 20 14:44:41 standalone proxy-server[129543]: - - 20/Mar/2026/14/44/41 HEAD /v1/AUTH_459728d9343f40f7b0c4f3326bfebcf8/gnocchi.268d4c89-0afe-46a2-9d04-2eeae6e389c1%3Fformat%3Djson%26states%3Dlisting HTTP/1.0 204 - Swift - - - - txec882c46601d44e1ae9d5-0069bd5d59 - 0.0069 RL - 1774017881.018371105 1774017881.025307894 0
Mar 20 14:44:41 standalone container-server[127399]: 172.20.0.100 - - [20/Mar/2026:14:44:41 +0000] "GET /d1/181/AUTH_459728d9343f40f7b0c4f3326bfebcf8/gnocchi.268d4c89-0afe-46a2-9d04-2eeae6e389c1" 200 2 "GET http://172.18.0.2:8080/v1/AUTH_459728d9343f40f7b0c4f3326bfebcf8/gnocchi.268d4c89-0afe-46a2-9d04-2eeae6e389c1?format=json&states=listing" "txec882c46601d44e1ae9d5-0069bd5d59" "proxy-server 20" 0.0014 "-" 23 0
Mar 20 14:44:41 standalone proxy-server[129543]: 172.18.0.2 172.18.0.100 20/Mar/2026/14/44/41 GET /v1/AUTH_459728d9343f40f7b0c4f3326bfebcf8/gnocchi.268d4c89-0afe-46a2-9d04-2eeae6e389c1%3Fformat%3Djson%26states%3Dlisting HTTP/1.0 200 - python-swiftclient-3.11.1 gAAAAABpvVzD3TF2... - 2 - txec882c46601d44e1ae9d5-0069bd5d59 - 0.0135 - - 1774017881.017219543 1774017881.030759335 0
Mar 20 14:44:41 standalone object-server[127551]: 172.20.0.100 - - [20/Mar/2026:14:44:41 +0000] "GET /d1/898/AUTH_459728d9343f40f7b0c4f3326bfebcf8/gnocchi.268d4c89-0afe-46a2-9d04-2eeae6e389c1/1773360000.0_mean_300.0_v3" 404 70 "GET http://172.18.0.2:8080/v1/AUTH_459728d9343f40f7b0c4f3326bfebcf8/gnocchi.268d4c89-0afe-46a2-9d04-2eeae6e389c1/1773360000.0_mean_300.0_v3" "tx693adb97be074c63b2602-0069bd5d59" "proxy-server 20" 0.0008 "-" 20 0
Mar 20 14:44:41 standalone proxy-server[129543]: 172.18.0.2 172.18.0.100 20/Mar/2026/14/44/41 GET /v1/AUTH_459728d9343f40f7b0c4f3326bfebcf8/gnocchi.268d4c89-0afe-46a2-9d04-2eeae6e389c1/1773360000.0_mean_300.0_v3 HTTP/1.0 404 - python-swiftclient-3.11.1 gAAAAABpvVzD3TF2... - 70 - tx693adb97be074c63b2602-0069bd5d59 - 0.0064 - - 1774017881.034540176 1774017881.040895700 0
Mar 20 14:44:41 standalone container-server[127396]: 172.20.0.100 - - [20/Mar/2026:14:44:41 +0000] "PUT /d1/181/AUTH_459728d9343f40f7b0c4f3326bfebcf8/gnocchi.268d4c89-0afe-46a2-9d04-2eeae6e389c1/1773360000.0_mean_300.0_v3" 201 - "PUT http://172.18.0.2:8080/d1/898/AUTH_459728d9343f40f7b0c4f3326bfebcf8/gnocchi.268d4c89-0afe-46a2-9d04-2eeae6e389c1/1773360000.0_mean_300.0_v3" "txe6b5a0f658e34501b0c9f-0069bd5d59" "object-server 20" 0.0006 "-" 22 0
Mar 20 14:44:41 standalone object-server[127551]: 172.20.0.100 - - [20/Mar/2026:14:44:41 +0000] "PUT /d1/898/AUTH_459728d9343f40f7b0c4f3326bfebcf8/gnocchi.268d4c89-0afe-46a2-9d04-2eeae6e389c1/1773360000.0_mean_300.0_v3" 201 - "PUT http://172.18.0.2:8080/v1/AUTH_459728d9343f40f7b0c4f3326bfebcf8/gnocchi.268d4c89-0afe-46a2-9d04-2eeae6e389c1/1773360000.0_mean_300.0_v3" "txe6b5a0f658e34501b0c9f-0069bd5d59" "proxy-server 20" 0.0137 "-" 20 0
Mar 20 14:44:41 standalone proxy-server[129543]: 172.18.0.2 172.18.0.100 20/Mar/2026/14/44/41 PUT /v1/AUTH_459728d9343f40f7b0c4f3326bfebcf8/gnocchi.268d4c89-0afe-46a2-9d04-2eeae6e389c1/1773360000.0_mean_300.0_v3 HTTP/1.0 201 - python-swiftclient-3.11.1 gAAAAABpvVzD3TF2... 16 - - txe6b5a0f658e34501b0c9f-0069bd5d59 - 0.0180 - - 1774017881.043450832 1774017881.061439753 0
Mar 20 14:44:41 standalone container-server[127396]: 172.20.0.100 - - [20/Mar/2026:14:44:41 +0000] "PUT /d1/181/AUTH_459728d9343f40f7b0c4f3326bfebcf8/gnocchi.268d4c89-0afe-46a2-9d04-2eeae6e389c1/none_v3" 201 - "PUT http://172.18.0.2:8080/d1/910/AUTH_459728d9343f40f7b0c4f3326bfebcf8/gnocchi.268d4c89-0afe-46a2-9d04-2eeae6e389c1/none_v3" "txc8f0a3c192144fadbdc71-0069bd5d59" "object-server 21" 0.0004 "-" 22 0
Mar 20 14:44:41 standalone object-server[127554]: 172.20.0.100 - - [20/Mar/2026:14:44:41 +0000] "PUT /d1/910/AUTH_459728d9343f40f7b0c4f3326bfebcf8/gnocchi.268d4c89-0afe-46a2-9d04-2eeae6e389c1/none_v3" 201 - "PUT http://172.18.0.2:8080/v1/AUTH_459728d9343f40f7b0c4f3326bfebcf8/gnocchi.268d4c89-0afe-46a2-9d04-2eeae6e389c1/none_v3" "txc8f0a3c192144fadbdc71-0069bd5d59" "proxy-server 20" 0.0085 "-" 21 0
Mar 20 14:44:41 standalone proxy-server[129543]: 172.18.0.2 172.18.0.100 20/Mar/2026/14/44/41 PUT /v1/AUTH_459728d9343f40f7b0c4f3326bfebcf8/gnocchi.268d4c89-0afe-46a2-9d04-2eeae6e389c1/none_v3 HTTP/1.0 201 - python-swiftclient-3.11.1 gAAAAABpvVzD3TF2... 22 - - txc8f0a3c192144fadbdc71-0069bd5d59 - 0.0148 - - 1774017881.063973665 1774017881.078758240 0
Mar 20 14:44:41 standalone container-server[127399]: 172.20.0.100 - - [20/Mar/2026:14:44:41 +0000] "HEAD /d1/447/AUTH_459728d9343f40f7b0c4f3326bfebcf8/gnocchi.5cf59e23-afaf-4141-94dc-33a08b5e2ab9" 404 - "HEAD http://172.18.0.2:8080/v1/AUTH_459728d9343f40f7b0c4f3326bfebcf8/gnocchi.5cf59e23-afaf-4141-94dc-33a08b5e2ab9?format=json&states=listing" "tx412cea71d6e94686b0d11-0069bd5d59" "proxy-server 20" 0.0004 "-" 23 0
Mar 20 14:44:41 standalone object-server[127554]: 172.20.0.100 - - [20/Mar/2026:14:44:41 +0000] "GET /d1/739/AUTH_459728d9343f40f7b0c4f3326bfebcf8/gnocchi.5cf59e23-afaf-4141-94dc-33a08b5e2ab9/none_v3" 404 70 "GET http://172.18.0.2:8080/v1/AUTH_459728d9343f40f7b0c4f3326bfebcf8/gnocchi.5cf59e23-afaf-4141-94dc-33a08b5e2ab9/none_v3" "tx412cea71d6e94686b0d11-0069bd5d59" "proxy-server 20" 0.0004 "-" 21 0
Mar 20 14:44:41 standalone proxy-server[129543]: 172.18.0.2 172.18.0.100 20/Mar/2026/14/44/41 GET /v1/AUTH_459728d9343f40f7b0c4f3326bfebcf8/gnocchi.5cf59e23-afaf-4141-94dc-33a08b5e2ab9/none_v3 HTTP/1.0 404 - python-swiftclient-3.11.1 gAAAAABpvVzD3TF2... - 70 - tx412cea71d6e94686b0d11-0069bd5d59 - 0.0097 - - 1774017881.089833975 1774017881.099531889 0
Mar 20 14:44:41 standalone account-server[127383]: 172.20.0.100 - - [20/Mar/2026:14:44:41 +0000] "PUT /d1/992/AUTH_459728d9343f40f7b0c4f3326bfebcf8/gnocchi.5cf59e23-afaf-4141-94dc-33a08b5e2ab9" 201 - "PUT http://172.20.0.100:6001/d1/447/AUTH_459728d9343f40f7b0c4f3326bfebcf8/gnocchi.5cf59e23-afaf-4141-94dc-33a08b5e2ab9" "txb472f2a2e86c4444aae9d-0069bd5d59" "container-server 21" 0.0067 "-" 23 0
Mar 20 14:44:41 standalone container-server[127385]: 172.20.0.100 - - [20/Mar/2026:14:44:41 +0000] "PUT /d1/447/AUTH_459728d9343f40f7b0c4f3326bfebcf8/gnocchi.5cf59e23-afaf-4141-94dc-33a08b5e2ab9" 201 - "PUT http://172.18.0.2:8080/v1/AUTH_459728d9343f40f7b0c4f3326bfebcf8/gnocchi.5cf59e23-afaf-4141-94dc-33a08b5e2ab9" "txb472f2a2e86c4444aae9d-0069bd5d59" "proxy-server 20" 0.0206 "-" 21 0
Mar 20 14:44:41 standalone proxy-server[129543]: 172.18.0.2 172.18.0.100 20/Mar/2026/14/44/41 PUT /v1/AUTH_459728d9343f40f7b0c4f3326bfebcf8/gnocchi.5cf59e23-afaf-4141-94dc-33a08b5e2ab9 HTTP/1.0 201 - python-swiftclient-3.11.1 gAAAAABpvVzD3TF2... - - - txb472f2a2e86c4444aae9d-0069bd5d59 - 0.0264 - - 1774017881.102941036 1774017881.129365683 0
Mar 20 14:44:41 standalone container-server[127396]: 172.20.0.100 - - [20/Mar/2026:14:44:41 +0000] "HEAD /d1/447/AUTH_459728d9343f40f7b0c4f3326bfebcf8/gnocchi.5cf59e23-afaf-4141-94dc-33a08b5e2ab9" 204 - "HEAD http://172.18.0.2:8080/v1/AUTH_459728d9343f40f7b0c4f3326bfebcf8/gnocchi.5cf59e23-afaf-4141-94dc-33a08b5e2ab9?format=json&states=listing" "tx3ee8da5de6b14930b0c3c-0069bd5d59" "proxy-server 20" 0.0012 "-" 22 0
Mar 20 14:44:41 standalone proxy-server[129543]: - - 20/Mar/2026/14/44/41 HEAD /v1/AUTH_459728d9343f40f7b0c4f3326bfebcf8/gnocchi.5cf59e23-afaf-4141-94dc-33a08b5e2ab9%3Fformat%3Djson%26states%3Dlisting HTTP/1.0 204 - Swift - - - - tx3ee8da5de6b14930b0c3c-0069bd5d59 - 0.0070 RL - 1774017881.134457111 1774017881.141500473 0
Mar 20 14:44:41 standalone container-server[127384]: 172.20.0.100 - - [20/Mar/2026:14:44:41 +0000] "GET /d1/447/AUTH_459728d9343f40f7b0c4f3326bfebcf8/gnocchi.5cf59e23-afaf-4141-94dc-33a08b5e2ab9" 200 2 "GET http://172.18.0.2:8080/v1/AUTH_459728d9343f40f7b0c4f3326bfebcf8/gnocchi.5cf59e23-afaf-4141-94dc-33a08b5e2ab9?format=json&states=listing" "tx3ee8da5de6b14930b0c3c-0069bd5d59" "proxy-server 20" 0.0047 "-" 20 0
Mar 20 14:44:41 standalone proxy-server[129543]: 172.18.0.2 172.18.0.100 20/Mar/2026/14/44/41 GET /v1/AUTH_459728d9343f40f7b0c4f3326bfebcf8/gnocchi.5cf59e23-afaf-4141-94dc-33a08b5e2ab9%3Fformat%3Djson%26states%3Dlisting HTTP/1.0 200 - python-swiftclient-3.11.1 gAAAAABpvVzD3TF2... - 2 - tx3ee8da5de6b14930b0c3c-0069bd5d59 - 0.0277 - - 1774017881.133251667 1774017881.160927534 0
Mar 20 14:44:41 standalone object-server[127551]: 172.20.0.100 - - [20/Mar/2026:14:44:41 +0000] "GET /d1/854/AUTH_459728d9343f40f7b0c4f3326bfebcf8/gnocchi.5cf59e23-afaf-4141-94dc-33a08b5e2ab9/1773360000.0_mean_300.0_v3" 404 70 "GET http://172.18.0.2:8080/v1/AUTH_459728d9343f40f7b0c4f3326bfebcf8/gnocchi.5cf59e23-afaf-4141-94dc-33a08b5e2ab9/1773360000.0_mean_300.0_v3" "tx0226cb37568c49ada3d71-0069bd5d59" "proxy-server 20" 0.0005 "-" 20 0
Mar 20 14:44:41 standalone proxy-server[129543]: 172.18.0.2 172.18.0.100 20/Mar/2026/14/44/41 GET /v1/AUTH_459728d9343f40f7b0c4f3326bfebcf8/gnocchi.5cf59e23-afaf-4141-94dc-33a08b5e2ab9/1773360000.0_mean_300.0_v3 HTTP/1.0 404 - python-swiftclient-3.11.1 gAAAAABpvVzD3TF2... - 70 - tx0226cb37568c49ada3d71-0069bd5d59 - 0.0194 - - 1774017881.165915489 1774017881.185284853 0
Mar 20 14:44:41 standalone container-server[127384]: 172.20.0.100 - - [20/Mar/2026:14:44:41 +0000] "PUT /d1/447/AUTH_459728d9343f40f7b0c4f3326bfebcf8/gnocchi.5cf59e23-afaf-4141-94dc-33a08b5e2ab9/1773360000.0_mean_300.0_v3" 201 - "PUT http://172.18.0.2:8080/d1/854/AUTH_459728d9343f40f7b0c4f3326bfebcf8/gnocchi.5cf59e23-afaf-4141-94dc-33a08b5e2ab9/1773360000.0_mean_300.0_v3" "txca4bd893fad54afc9c0ce-0069bd5d59" "object-server 23" 0.0012 "-" 20 0
Mar 20 14:44:41 standalone object-server[127557]: 172.20.0.100 - - [20/Mar/2026:14:44:41 +0000] "PUT /d1/854/AUTH_459728d9343f40f7b0c4f3326bfebcf8/gnocchi.5cf59e23-afaf-4141-94dc-33a08b5e2ab9/1773360000.0_mean_300.0_v3" 201 - "PUT http://172.18.0.2:8080/v1/AUTH_459728d9343f40f7b0c4f3326bfebcf8/gnocchi.5cf59e23-afaf-4141-94dc-33a08b5e2ab9/1773360000.0_mean_300.0_v3" "txca4bd893fad54afc9c0ce-0069bd5d59" "proxy-server 20" 0.0131 "-" 23 0
Mar 20 14:44:41 standalone proxy-server[129543]: 172.18.0.2 172.18.0.100 20/Mar/2026/14/44/41 PUT /v1/AUTH_459728d9343f40f7b0c4f3326bfebcf8/gnocchi.5cf59e23-afaf-4141-94dc-33a08b5e2ab9/1773360000.0_mean_300.0_v3 HTTP/1.0 201 - python-swiftclient-3.11.1 gAAAAABpvVzD3TF2... 16 - - txca4bd893fad54afc9c0ce-0069bd5d59 - 0.0254 - - 1774017881.191436291 1774017881.216826677 0
Mar 20 14:44:41 standalone container-server[127385]: 172.20.0.100 - - [20/Mar/2026:14:44:41 +0000] "PUT /d1/447/AUTH_459728d9343f40f7b0c4f3326bfebcf8/gnocchi.5cf59e23-afaf-4141-94dc-33a08b5e2ab9/none_v3" 201 - "PUT http://172.18.0.2:8080/d1/739/AUTH_459728d9343f40f7b0c4f3326bfebcf8/gnocchi.5cf59e23-afaf-4141-94dc-33a08b5e2ab9/none_v3" "tx2994702bb8b84a3ca1e2d-0069bd5d59" "object-server 20" 0.0008 "-" 21 0
Mar 20 14:44:41 standalone object-server[127551]: 172.20.0.100 - - [20/Mar/2026:14:44:41 +0000] "PUT /d1/739/AUTH_459728d9343f40f7b0c4f3326bfebcf8/gnocchi.5cf59e23-afaf-4141-94dc-33a08b5e2ab9/none_v3" 201 - "PUT http://172.18.0.2:8080/v1/AUTH_459728d9343f40f7b0c4f3326bfebcf8/gnocchi.5cf59e23-afaf-4141-94dc-33a08b5e2ab9/none_v3" "tx2994702bb8b84a3ca1e2d-0069bd5d59" "proxy-server 20" 0.0127 "-" 20 0
Mar 20 14:44:41 standalone proxy-server[129543]: 172.18.0.2 172.18.0.100 20/Mar/2026/14/44/41 PUT /v1/AUTH_459728d9343f40f7b0c4f3326bfebcf8/gnocchi.5cf59e23-afaf-4141-94dc-33a08b5e2ab9/none_v3 HTTP/1.0 201 - python-swiftclient-3.11.1 gAAAAABpvVzD3TF2... 22 - - tx2994702bb8b84a3ca1e2d-0069bd5d59 - 0.0212 - - 1774017881.221771479 1774017881.243020773 0
Mar 20 14:44:41 standalone container-server[127399]: 172.20.0.100 - - [20/Mar/2026:14:44:41 +0000] "HEAD /d1/525/AUTH_459728d9343f40f7b0c4f3326bfebcf8/gnocchi.b73b41fc-e623-4579-8c64-7c661db51a72" 404 - "HEAD http://172.18.0.2:8080/v1/AUTH_459728d9343f40f7b0c4f3326bfebcf8/gnocchi.b73b41fc-e623-4579-8c64-7c661db51a72?format=json&states=listing" "tx60749fb4579640c9bdb00-0069bd5d59" "proxy-server 20" 0.0008 "-" 23 0
Mar 20 14:44:41 standalone object-server[127551]: 172.20.0.100 - - [20/Mar/2026:14:44:41 +0000] "GET /d1/428/AUTH_459728d9343f40f7b0c4f3326bfebcf8/gnocchi.b73b41fc-e623-4579-8c64-7c661db51a72/none_v3" 404 70 "GET http://172.18.0.2:8080/v1/AUTH_459728d9343f40f7b0c4f3326bfebcf8/gnocchi.b73b41fc-e623-4579-8c64-7c661db51a72/none_v3" "tx60749fb4579640c9bdb00-0069bd5d59" "proxy-server 20" 0.0008 "-" 20 0
Mar 20 14:44:41 standalone proxy-server[129543]: 172.18.0.2 172.18.0.100 20/Mar/2026/14/44/41 GET /v1/AUTH_459728d9343f40f7b0c4f3326bfebcf8/gnocchi.b73b41fc-e623-4579-8c64-7c661db51a72/none_v3 HTTP/1.0 404 - python-swiftclient-3.11.1 gAAAAABpvVzD3TF2... - 70 - tx60749fb4579640c9bdb00-0069bd5d59 - 0.0192 - - 1774017881.257847548 1774017881.277020693 0
Mar 20 14:44:41 standalone account-server[127368]: 172.20.0.100 - - [20/Mar/2026:14:44:41 +0000] "PUT /d1/992/AUTH_459728d9343f40f7b0c4f3326bfebcf8/gnocchi.b73b41fc-e623-4579-8c64-7c661db51a72" 201 - "PUT http://172.20.0.100:6001/d1/525/AUTH_459728d9343f40f7b0c4f3326bfebcf8/gnocchi.b73b41fc-e623-4579-8c64-7c661db51a72" "tx74d4ca483b6f48738ab83-0069bd5d59" "container-server 22" 0.0057 "-" 20 0
Mar 20 14:44:41 standalone container-server[127396]: 172.20.0.100 - - [20/Mar/2026:14:44:41 +0000] "PUT /d1/525/AUTH_459728d9343f40f7b0c4f3326bfebcf8/gnocchi.b73b41fc-e623-4579-8c64-7c661db51a72" 201 - "PUT http://172.18.0.2:8080/v1/AUTH_459728d9343f40f7b0c4f3326bfebcf8/gnocchi.b73b41fc-e623-4579-8c64-7c661db51a72" "tx74d4ca483b6f48738ab83-0069bd5d59" "proxy-server 20" 0.0164 "-" 22 0
Mar 20 14:44:41 standalone proxy-server[129543]: 172.18.0.2 172.18.0.100 20/Mar/2026/14/44/41 PUT /v1/AUTH_459728d9343f40f7b0c4f3326bfebcf8/gnocchi.b73b41fc-e623-4579-8c64-7c661db51a72 HTTP/1.0 201 - python-swiftclient-3.11.1 gAAAAABpvVzD3TF2... - - - tx74d4ca483b6f48738ab83-0069bd5d59 - 0.0248 - - 1774017881.282565832 1774017881.307328939 0
Mar 20 14:44:41 standalone container-server[127385]: 172.20.0.100 - - [20/Mar/2026:14:44:41 +0000] "HEAD /d1/525/AUTH_459728d9343f40f7b0c4f3326bfebcf8/gnocchi.b73b41fc-e623-4579-8c64-7c661db51a72" 204 - "HEAD http://172.18.0.2:8080/v1/AUTH_459728d9343f40f7b0c4f3326bfebcf8/gnocchi.b73b41fc-e623-4579-8c64-7c661db51a72?format=json&states=listing" "tx49b55eb139b04a0d98349-0069bd5d59" "proxy-server 20" 0.0021 "-" 21 0
Mar 20 14:44:41 standalone proxy-server[129543]: - - 20/Mar/2026/14/44/41 HEAD /v1/AUTH_459728d9343f40f7b0c4f3326bfebcf8/gnocchi.b73b41fc-e623-4579-8c64-7c661db51a72%3Fformat%3Djson%26states%3Dlisting HTTP/1.0 204 - Swift - - - - tx49b55eb139b04a0d98349-0069bd5d59 - 0.0097 RL - 1774017881.314539194 1774017881.324246168 0
Mar 20 14:44:41 standalone container-server[127396]: 172.20.0.100 - - [20/Mar/2026:14:44:41 +0000] "GET /d1/525/AUTH_459728d9343f40f7b0c4f3326bfebcf8/gnocchi.b73b41fc-e623-4579-8c64-7c661db51a72" 200 2 "GET http://172.18.0.2:8080/v1/AUTH_459728d9343f40f7b0c4f3326bfebcf8/gnocchi.b73b41fc-e623-4579-8c64-7c661db51a72?format=json&states=listing" "tx49b55eb139b04a0d98349-0069bd5d59" "proxy-server 20" 0.0031 "-" 22 0
Mar 20 14:44:41 standalone proxy-server[129543]: 172.18.0.2 172.18.0.100 20/Mar/2026/14/44/41 GET /v1/AUTH_459728d9343f40f7b0c4f3326bfebcf8/gnocchi.b73b41fc-e623-4579-8c64-7c661db51a72%3Fformat%3Djson%26states%3Dlisting HTTP/1.0 200 - python-swiftclient-3.11.1 gAAAAABpvVzD3TF2... - 2 - tx49b55eb139b04a0d98349-0069bd5d59 - 0.0340 - - 1774017881.313046217 1774017881.347081900 0
Mar 20 14:44:41 standalone object-server[127551]: 172.20.0.100 - - [20/Mar/2026:14:44:41 +0000] "GET /d1/1008/AUTH_459728d9343f40f7b0c4f3326bfebcf8/gnocchi.b73b41fc-e623-4579-8c64-7c661db51a72/1773360000.0_mean_300.0_v3" 404 70 "GET http://172.18.0.2:8080/v1/AUTH_459728d9343f40f7b0c4f3326bfebcf8/gnocchi.b73b41fc-e623-4579-8c64-7c661db51a72/1773360000.0_mean_300.0_v3" "tx7633dd3256784bbf8e602-0069bd5d59" "proxy-server 20" 0.0015 "-" 20 0
Mar 20 14:44:41 standalone proxy-server[129543]: 172.18.0.2 172.18.0.100 20/Mar/2026/14/44/41 GET /v1/AUTH_459728d9343f40f7b0c4f3326bfebcf8/gnocchi.b73b41fc-e623-4579-8c64-7c661db51a72/1773360000.0_mean_300.0_v3 HTTP/1.0 404 - python-swiftclient-3.11.1 gAAAAABpvVzD3TF2... - 70 - tx7633dd3256784bbf8e602-0069bd5d59 - 0.0121 - - 1774017881.353044033 1774017881.365116835 0
Mar 20 14:44:41 standalone container-server[127384]: 172.20.0.100 - - [20/Mar/2026:14:44:41 +0000] "PUT /d1/525/AUTH_459728d9343f40f7b0c4f3326bfebcf8/gnocchi.b73b41fc-e623-4579-8c64-7c661db51a72/1773360000.0_mean_300.0_v3" 201 - "PUT http://172.18.0.2:8080/d1/1008/AUTH_459728d9343f40f7b0c4f3326bfebcf8/gnocchi.b73b41fc-e623-4579-8c64-7c661db51a72/1773360000.0_mean_300.0_v3" "tx19bb07005f754737aed68-0069bd5d59" "object-server 22" 0.0012 "-" 20 0
Mar 20 14:44:41 standalone object-server[127556]: 172.20.0.100 - - [20/Mar/2026:14:44:41 +0000] "PUT /d1/1008/AUTH_459728d9343f40f7b0c4f3326bfebcf8/gnocchi.b73b41fc-e623-4579-8c64-7c661db51a72/1773360000.0_mean_300.0_v3" 201 - "PUT http://172.18.0.2:8080/v1/AUTH_459728d9343f40f7b0c4f3326bfebcf8/gnocchi.b73b41fc-e623-4579-8c64-7c661db51a72/1773360000.0_mean_300.0_v3" "tx19bb07005f754737aed68-0069bd5d59" "proxy-server 20" 0.0121 "-" 22 0
Mar 20 14:44:41 standalone proxy-server[129543]: 172.18.0.2 172.18.0.100 20/Mar/2026/14/44/41 PUT /v1/AUTH_459728d9343f40f7b0c4f3326bfebcf8/gnocchi.b73b41fc-e623-4579-8c64-7c661db51a72/1773360000.0_mean_300.0_v3 HTTP/1.0 201 - python-swiftclient-3.11.1 gAAAAABpvVzD3TF2... 16 - - tx19bb07005f754737aed68-0069bd5d59 - 0.0205 - - 1774017881.369311571 1774017881.389850378 0
Mar 20 14:44:41 standalone container-server[127384]: 172.20.0.100 - - [20/Mar/2026:14:44:41 +0000] "PUT /d1/525/AUTH_459728d9343f40f7b0c4f3326bfebcf8/gnocchi.b73b41fc-e623-4579-8c64-7c661db51a72/none_v3" 201 - "PUT http://172.18.0.2:8080/d1/428/AUTH_459728d9343f40f7b0c4f3326bfebcf8/gnocchi.b73b41fc-e623-4579-8c64-7c661db51a72/none_v3" "tx7802fc77c3024fcead8ba-0069bd5d59" "object-server 21" 0.0007 "-" 20 0
Mar 20 14:44:41 standalone object-server[127554]: 172.20.0.100 - - [20/Mar/2026:14:44:41 +0000] "PUT /d1/428/AUTH_459728d9343f40f7b0c4f3326bfebcf8/gnocchi.b73b41fc-e623-4579-8c64-7c661db51a72/none_v3" 201 - "PUT http://172.18.0.2:8080/v1/AUTH_459728d9343f40f7b0c4f3326bfebcf8/gnocchi.b73b41fc-e623-4579-8c64-7c661db51a72/none_v3" "tx7802fc77c3024fcead8ba-0069bd5d59" "proxy-server 20" 0.0191 "-" 21 0
Mar 20 14:44:41 standalone proxy-server[129543]: 172.18.0.2 172.18.0.100 20/Mar/2026/14/44/41 PUT /v1/AUTH_459728d9343f40f7b0c4f3326bfebcf8/gnocchi.b73b41fc-e623-4579-8c64-7c661db51a72/none_v3 HTTP/1.0 201 - python-swiftclient-3.11.1 gAAAAABpvVzD3TF2... 22 - - tx7802fc77c3024fcead8ba-0069bd5d59 - 0.0274 - - 1774017881.393844843 1774017881.421218157 0
Mar 20 14:44:41 standalone container-server[127396]: 172.20.0.100 - - [20/Mar/2026:14:44:41 +0000] "HEAD /d1/794/AUTH_459728d9343f40f7b0c4f3326bfebcf8/gnocchi.6435ee81-332e-40a7-a7ed-4e259d53ea50" 404 - "HEAD http://172.18.0.2:8080/v1/AUTH_459728d9343f40f7b0c4f3326bfebcf8/gnocchi.6435ee81-332e-40a7-a7ed-4e259d53ea50?format=json&states=listing" "tx5e68803b7b0f47a29d55a-0069bd5d59" "proxy-server 20" 0.0013 "-" 22 0
Mar 20 14:44:41 standalone object-server[127556]: 172.20.0.100 - - [20/Mar/2026:14:44:41 +0000] "GET /d1/381/AUTH_459728d9343f40f7b0c4f3326bfebcf8/gnocchi.6435ee81-332e-40a7-a7ed-4e259d53ea50/none_v3" 404 70 "GET http://172.18.0.2:8080/v1/AUTH_459728d9343f40f7b0c4f3326bfebcf8/gnocchi.6435ee81-332e-40a7-a7ed-4e259d53ea50/none_v3" "tx5e68803b7b0f47a29d55a-0069bd5d59" "proxy-server 20" 0.0004 "-" 22 0
Mar 20 14:44:41 standalone proxy-server[129543]: 172.18.0.2 172.18.0.100 20/Mar/2026/14/44/41 GET /v1/AUTH_459728d9343f40f7b0c4f3326bfebcf8/gnocchi.6435ee81-332e-40a7-a7ed-4e259d53ea50/none_v3 HTTP/1.0 404 - python-swiftclient-3.11.1 gAAAAABpvVzD3TF2... - 70 - tx5e68803b7b0f47a29d55a-0069bd5d59 - 0.0126 - - 1774017881.435444117 1774017881.448054552 0
Mar 20 14:44:41 standalone account-server[127383]: 172.20.0.100 - - [20/Mar/2026:14:44:41 +0000] "PUT /d1/992/AUTH_459728d9343f40f7b0c4f3326bfebcf8/gnocchi.6435ee81-332e-40a7-a7ed-4e259d53ea50" 201 - "PUT http://172.20.0.100:6001/d1/794/AUTH_459728d9343f40f7b0c4f3326bfebcf8/gnocchi.6435ee81-332e-40a7-a7ed-4e259d53ea50" "tx32682902ec014c2ca8c0f-0069bd5d59" "container-server 22" 0.0070 "-" 23 0
Mar 20 14:44:41 standalone container-server[127396]: 172.20.0.100 - - [20/Mar/2026:14:44:41 +0000] "PUT /d1/794/AUTH_459728d9343f40f7b0c4f3326bfebcf8/gnocchi.6435ee81-332e-40a7-a7ed-4e259d53ea50" 201 - "PUT http://172.18.0.2:8080/v1/AUTH_459728d9343f40f7b0c4f3326bfebcf8/gnocchi.6435ee81-332e-40a7-a7ed-4e259d53ea50" "tx32682902ec014c2ca8c0f-0069bd5d59" "proxy-server 20" 0.0287 "-" 22 0
Mar 20 14:44:41 standalone proxy-server[129543]: 172.18.0.2 172.18.0.100 20/Mar/2026/14/44/41 PUT /v1/AUTH_459728d9343f40f7b0c4f3326bfebcf8/gnocchi.6435ee81-332e-40a7-a7ed-4e259d53ea50 HTTP/1.0 201 - python-swiftclient-3.11.1 gAAAAABpvVzD3TF2... - - - tx32682902ec014c2ca8c0f-0069bd5d59 - 0.0342 - - 1774017881.452245712 1774017881.486458302 0
Mar 20 14:44:41 standalone container-server[127384]: 172.20.0.100 - - [20/Mar/2026:14:44:41 +0000] "HEAD /d1/794/AUTH_459728d9343f40f7b0c4f3326bfebcf8/gnocchi.6435ee81-332e-40a7-a7ed-4e259d53ea50" 204 - "HEAD http://172.18.0.2:8080/v1/AUTH_459728d9343f40f7b0c4f3326bfebcf8/gnocchi.6435ee81-332e-40a7-a7ed-4e259d53ea50?format=json&states=listing" "tx351a2f36a6614806a8378-0069bd5d59" "proxy-server 20" 0.0027 "-" 20 0
Mar 20 14:44:41 standalone proxy-server[129543]: - - 20/Mar/2026/14/44/41 HEAD /v1/AUTH_459728d9343f40f7b0c4f3326bfebcf8/gnocchi.6435ee81-332e-40a7-a7ed-4e259d53ea50%3Fformat%3Djson%26states%3Dlisting HTTP/1.0 204 - Swift - - - - tx351a2f36a6614806a8378-0069bd5d59 - 0.0068 RL - 1774017881.491727591 1774017881.498507977 0
Mar 20 14:44:41 standalone container-server[127396]: 172.20.0.100 - - [20/Mar/2026:14:44:41 +0000] "GET /d1/794/AUTH_459728d9343f40f7b0c4f3326bfebcf8/gnocchi.6435ee81-332e-40a7-a7ed-4e259d53ea50" 200 2 "GET http://172.18.0.2:8080/v1/AUTH_459728d9343f40f7b0c4f3326bfebcf8/gnocchi.6435ee81-332e-40a7-a7ed-4e259d53ea50?format=json&states=listing" "tx351a2f36a6614806a8378-0069bd5d59" "proxy-server 20" 0.0041 "-" 22 0
Mar 20 14:44:41 standalone proxy-server[129543]: 172.18.0.2 172.18.0.100 20/Mar/2026/14/44/41 GET /v1/AUTH_459728d9343f40f7b0c4f3326bfebcf8/gnocchi.6435ee81-332e-40a7-a7ed-4e259d53ea50%3Fformat%3Djson%26states%3Dlisting HTTP/1.0 200 - python-swiftclient-3.11.1 gAAAAABpvVzD3TF2... - 2 - tx351a2f36a6614806a8378-0069bd5d59 - 0.0241 - - 1774017881.490599155 1774017881.514725208 0
Mar 20 14:44:41 standalone object-server[127551]: 172.20.0.100 - - [20/Mar/2026:14:44:41 +0000] "GET /d1/383/AUTH_459728d9343f40f7b0c4f3326bfebcf8/gnocchi.6435ee81-332e-40a7-a7ed-4e259d53ea50/1773360000.0_mean_300.0_v3" 404 70 "GET http://172.18.0.2:8080/v1/AUTH_459728d9343f40f7b0c4f3326bfebcf8/gnocchi.6435ee81-332e-40a7-a7ed-4e259d53ea50/1773360000.0_mean_300.0_v3" "tx7df7af91e8294dbc8b0d0-0069bd5d59" "proxy-server 20" 0.0019 "-" 20 0
Mar 20 14:44:41 standalone proxy-server[129543]: 172.18.0.2 172.18.0.100 20/Mar/2026/14/44/41 GET /v1/AUTH_459728d9343f40f7b0c4f3326bfebcf8/gnocchi.6435ee81-332e-40a7-a7ed-4e259d53ea50/1773360000.0_mean_300.0_v3 HTTP/1.0 404 - python-swiftclient-3.11.1 gAAAAABpvVzD3TF2... - 70 - tx7df7af91e8294dbc8b0d0-0069bd5d59 - 0.0154 - - 1774017881.519870520 1774017881.535286188 0
Mar 20 14:44:41 standalone container-server[127399]: 172.20.0.100 - - [20/Mar/2026:14:44:41 +0000] "PUT /d1/794/AUTH_459728d9343f40f7b0c4f3326bfebcf8/gnocchi.6435ee81-332e-40a7-a7ed-4e259d53ea50/1773360000.0_mean_300.0_v3" 201 - "PUT http://172.18.0.2:8080/d1/383/AUTH_459728d9343f40f7b0c4f3326bfebcf8/gnocchi.6435ee81-332e-40a7-a7ed-4e259d53ea50/1773360000.0_mean_300.0_v3" "txc205966cd2a043ccba03f-0069bd5d59" "object-server 21" 0.0009 "-" 23 0
Mar 20 14:44:41 standalone object-server[127554]: 172.20.0.100 - - [20/Mar/2026:14:44:41 +0000] "PUT /d1/383/AUTH_459728d9343f40f7b0c4f3326bfebcf8/gnocchi.6435ee81-332e-40a7-a7ed-4e259d53ea50/1773360000.0_mean_300.0_v3" 201 - "PUT http://172.18.0.2:8080/v1/AUTH_459728d9343f40f7b0c4f3326bfebcf8/gnocchi.6435ee81-332e-40a7-a7ed-4e259d53ea50/1773360000.0_mean_300.0_v3" "txc205966cd2a043ccba03f-0069bd5d59" "proxy-server 20" 0.0143 "-" 21 0
Mar 20 14:44:41 standalone proxy-server[129543]: 172.18.0.2 172.18.0.100 20/Mar/2026/14/44/41 PUT /v1/AUTH_459728d9343f40f7b0c4f3326bfebcf8/gnocchi.6435ee81-332e-40a7-a7ed-4e259d53ea50/1773360000.0_mean_300.0_v3 HTTP/1.0 201 - python-swiftclient-3.11.1 gAAAAABpvVzD3TF2... 16 - - txc205966cd2a043ccba03f-0069bd5d59 - 0.0249 - - 1774017881.541811228 1774017881.566708326 0
Mar 20 14:44:41 standalone container-server[127396]: 172.20.0.100 - - [20/Mar/2026:14:44:41 +0000] "PUT /d1/794/AUTH_459728d9343f40f7b0c4f3326bfebcf8/gnocchi.6435ee81-332e-40a7-a7ed-4e259d53ea50/none_v3" 201 - "PUT http://172.18.0.2:8080/d1/381/AUTH_459728d9343f40f7b0c4f3326bfebcf8/gnocchi.6435ee81-332e-40a7-a7ed-4e259d53ea50/none_v3" "txa12b9719266847c4abf59-0069bd5d59" "object-server 22" 0.0009 "-" 22 0
Mar 20 14:44:41 standalone object-server[127556]: 172.20.0.100 - - [20/Mar/2026:14:44:41 +0000] "PUT /d1/381/AUTH_459728d9343f40f7b0c4f3326bfebcf8/gnocchi.6435ee81-332e-40a7-a7ed-4e259d53ea50/none_v3" 201 - "PUT http://172.18.0.2:8080/v1/AUTH_459728d9343f40f7b0c4f3326bfebcf8/gnocchi.6435ee81-332e-40a7-a7ed-4e259d53ea50/none_v3" "txa12b9719266847c4abf59-0069bd5d59" "proxy-server 20" 0.0130 "-" 22 0
Mar 20 14:44:41 standalone proxy-server[129543]: 172.18.0.2 172.18.0.100 20/Mar/2026/14/44/41 PUT /v1/AUTH_459728d9343f40f7b0c4f3326bfebcf8/gnocchi.6435ee81-332e-40a7-a7ed-4e259d53ea50/none_v3 HTTP/1.0 201 - python-swiftclient-3.11.1 gAAAAABpvVzD3TF2... 22 - - txa12b9719266847c4abf59-0069bd5d59 - 0.0188 - - 1774017881.572223902 1774017881.591006279 0
Mar 20 14:44:41 standalone container-server[127396]: 172.20.0.100 - - [20/Mar/2026:14:44:41 +0000] "HEAD /d1/177/AUTH_459728d9343f40f7b0c4f3326bfebcf8/gnocchi.f020e0e7-05de-4e52-87d3-20dfa087dfc0" 404 - "HEAD http://172.18.0.2:8080/v1/AUTH_459728d9343f40f7b0c4f3326bfebcf8/gnocchi.f020e0e7-05de-4e52-87d3-20dfa087dfc0?format=json&states=listing" "tx3231486cdf404b23b9166-0069bd5d59" "proxy-server 20" 0.0005 "-" 22 0
Mar 20 14:44:41 standalone object-server[127551]: 172.20.0.100 - - [20/Mar/2026:14:44:41 +0000] "GET /d1/453/AUTH_459728d9343f40f7b0c4f3326bfebcf8/gnocchi.f020e0e7-05de-4e52-87d3-20dfa087dfc0/none_v3" 404 70 "GET http://172.18.0.2:8080/v1/AUTH_459728d9343f40f7b0c4f3326bfebcf8/gnocchi.f020e0e7-05de-4e52-87d3-20dfa087dfc0/none_v3" "tx3231486cdf404b23b9166-0069bd5d59" "proxy-server 20" 0.0007 "-" 20 0
Mar 20 14:44:41 standalone proxy-server[129543]: 172.18.0.2 172.18.0.100 20/Mar/2026/14/44/41 GET /v1/AUTH_459728d9343f40f7b0c4f3326bfebcf8/gnocchi.f020e0e7-05de-4e52-87d3-20dfa087dfc0/none_v3 HTTP/1.0 404 - python-swiftclient-3.11.1 gAAAAABpvVzD3TF2... - 70 - tx3231486cdf404b23b9166-0069bd5d59 - 0.0294 - - 1774017881.618463516 1774017881.647891283 0
Mar 20 14:44:41 standalone account-server[127375]: 172.20.0.100 - - [20/Mar/2026:14:44:41 +0000] "PUT /d1/992/AUTH_459728d9343f40f7b0c4f3326bfebcf8/gnocchi.f020e0e7-05de-4e52-87d3-20dfa087dfc0" 201 - "PUT http://172.20.0.100:6001/d1/177/AUTH_459728d9343f40f7b0c4f3326bfebcf8/gnocchi.f020e0e7-05de-4e52-87d3-20dfa087dfc0" "txb3bab9aebdb74cdc9b918-0069bd5d59" "container-server 22" 0.0070 "-" 21 0
Mar 20 14:44:41 standalone container-server[127396]: 172.20.0.100 - - [20/Mar/2026:14:44:41 +0000] "PUT /d1/177/AUTH_459728d9343f40f7b0c4f3326bfebcf8/gnocchi.f020e0e7-05de-4e52-87d3-20dfa087dfc0" 201 - "PUT http://172.18.0.2:8080/v1/AUTH_459728d9343f40f7b0c4f3326bfebcf8/gnocchi.f020e0e7-05de-4e52-87d3-20dfa087dfc0" "txb3bab9aebdb74cdc9b918-0069bd5d59" "proxy-server 20" 0.0267 "-" 22 0
Mar 20 14:44:41 standalone proxy-server[129543]: 172.18.0.2 172.18.0.100 20/Mar/2026/14/44/41 PUT /v1/AUTH_459728d9343f40f7b0c4f3326bfebcf8/gnocchi.f020e0e7-05de-4e52-87d3-20dfa087dfc0 HTTP/1.0 201 - python-swiftclient-3.11.1 gAAAAABpvVzD3TF2... - - - txb3bab9aebdb74cdc9b918-0069bd5d59 - 0.0345 - - 1774017881.654676437 1774017881.689178228 0
Mar 20 14:44:41 standalone container-server[127385]: 172.20.0.100 - - [20/Mar/2026:14:44:41 +0000] "HEAD /d1/177/AUTH_459728d9343f40f7b0c4f3326bfebcf8/gnocchi.f020e0e7-05de-4e52-87d3-20dfa087dfc0" 204 - "HEAD http://172.18.0.2:8080/v1/AUTH_459728d9343f40f7b0c4f3326bfebcf8/gnocchi.f020e0e7-05de-4e52-87d3-20dfa087dfc0?format=json&states=listing" "txaff07a93958742a6a59cf-0069bd5d59" "proxy-server 20" 0.0032 "-" 21 0
Mar 20 14:44:41 standalone proxy-server[129543]: - - 20/Mar/2026/14/44/41 HEAD /v1/AUTH_459728d9343f40f7b0c4f3326bfebcf8/gnocchi.f020e0e7-05de-4e52-87d3-20dfa087dfc0%3Fformat%3Djson%26states%3Dlisting HTTP/1.0 204 - Swift - - - - txaff07a93958742a6a59cf-0069bd5d59 - 0.0092 RL - 1774017881.697837114 1774017881.707031727 0
Mar 20 14:44:41 standalone container-server[127399]: 172.20.0.100 - - [20/Mar/2026:14:44:41 +0000] "GET /d1/177/AUTH_459728d9343f40f7b0c4f3326bfebcf8/gnocchi.f020e0e7-05de-4e52-87d3-20dfa087dfc0" 200 2 "GET http://172.18.0.2:8080/v1/AUTH_459728d9343f40f7b0c4f3326bfebcf8/gnocchi.f020e0e7-05de-4e52-87d3-20dfa087dfc0?format=json&states=listing" "txaff07a93958742a6a59cf-0069bd5d59" "proxy-server 20" 0.0024 "-" 23 0
Mar 20 14:44:41 standalone proxy-server[129543]: 172.18.0.2 172.18.0.100 20/Mar/2026/14/44/41 GET /v1/AUTH_459728d9343f40f7b0c4f3326bfebcf8/gnocchi.f020e0e7-05de-4e52-87d3-20dfa087dfc0%3Fformat%3Djson%26states%3Dlisting HTTP/1.0 200 - python-swiftclient-3.11.1 gAAAAABpvVzD3TF2... - 2 - txaff07a93958742a6a59cf-0069bd5d59 - 0.0224 - - 1774017881.695935011 1774017881.718301535 0
Mar 20 14:44:41 standalone object-server[127551]: 172.20.0.100 - - [20/Mar/2026:14:44:41 +0000] "GET /d1/907/AUTH_459728d9343f40f7b0c4f3326bfebcf8/gnocchi.f020e0e7-05de-4e52-87d3-20dfa087dfc0/1773360000.0_mean_300.0_v3" 404 70 "GET http://172.18.0.2:8080/v1/AUTH_459728d9343f40f7b0c4f3326bfebcf8/gnocchi.f020e0e7-05de-4e52-87d3-20dfa087dfc0/1773360000.0_mean_300.0_v3" "tx40432b1d73814aa9b1a21-0069bd5d59" "proxy-server 20" 0.0007 "-" 20 0
Mar 20 14:44:41 standalone proxy-server[129543]: 172.18.0.2 172.18.0.100 20/Mar/2026/14/44/41 GET /v1/AUTH_459728d9343f40f7b0c4f3326bfebcf8/gnocchi.f020e0e7-05de-4e52-87d3-20dfa087dfc0/1773360000.0_mean_300.0_v3 HTTP/1.0 404 - python-swiftclient-3.11.1 gAAAAABpvVzD3TF2... - 70 - tx40432b1d73814aa9b1a21-0069bd5d59 - 0.0079 - - 1774017881.725953579 1774017881.733860493 0
Mar 20 14:44:41 standalone container-server[127396]: 172.20.0.100 - - [20/Mar/2026:14:44:41 +0000] "PUT /d1/177/AUTH_459728d9343f40f7b0c4f3326bfebcf8/gnocchi.f020e0e7-05de-4e52-87d3-20dfa087dfc0/1773360000.0_mean_300.0_v3" 201 - "PUT http://172.18.0.2:8080/d1/907/AUTH_459728d9343f40f7b0c4f3326bfebcf8/gnocchi.f020e0e7-05de-4e52-87d3-20dfa087dfc0/1773360000.0_mean_300.0_v3" "tx215c0021a0a14281b5f3d-0069bd5d59" "object-server 22" 0.0016 "-" 22 0
Mar 20 14:44:41 standalone object-server[127556]: 172.20.0.100 - - [20/Mar/2026:14:44:41 +0000] "PUT /d1/907/AUTH_459728d9343f40f7b0c4f3326bfebcf8/gnocchi.f020e0e7-05de-4e52-87d3-20dfa087dfc0/1773360000.0_mean_300.0_v3" 201 - "PUT http://172.18.0.2:8080/v1/AUTH_459728d9343f40f7b0c4f3326bfebcf8/gnocchi.f020e0e7-05de-4e52-87d3-20dfa087dfc0/1773360000.0_mean_300.0_v3" "tx215c0021a0a14281b5f3d-0069bd5d59" "proxy-server 20" 0.0139 "-" 22 0
Mar 20 14:44:41 standalone proxy-server[129543]: 172.18.0.2 172.18.0.100 20/Mar/2026/14/44/41 PUT /v1/AUTH_459728d9343f40f7b0c4f3326bfebcf8/gnocchi.f020e0e7-05de-4e52-87d3-20dfa087dfc0/1773360000.0_mean_300.0_v3 HTTP/1.0 201 - python-swiftclient-3.11.1 gAAAAABpvVzD3TF2... 16 - - tx215c0021a0a14281b5f3d-0069bd5d59 - 0.0214 - - 1774017881.739870787 1774017881.761301994 0
Mar 20 14:44:41 standalone container-server[127396]: 172.20.0.100 - - [20/Mar/2026:14:44:41 +0000] "PUT /d1/177/AUTH_459728d9343f40f7b0c4f3326bfebcf8/gnocchi.f020e0e7-05de-4e52-87d3-20dfa087dfc0/none_v3" 201 - "PUT http://172.18.0.2:8080/d1/453/AUTH_459728d9343f40f7b0c4f3326bfebcf8/gnocchi.f020e0e7-05de-4e52-87d3-20dfa087dfc0/none_v3" "tx6ff61853f87b45f4b3974-0069bd5d59" "object-server 23" 0.0014 "-" 22 0
Mar 20 14:44:41 standalone object-server[127557]: 172.20.0.100 - - [20/Mar/2026:14:44:41 +0000] "PUT /d1/453/AUTH_459728d9343f40f7b0c4f3326bfebcf8/gnocchi.f020e0e7-05de-4e52-87d3-20dfa087dfc0/none_v3" 201 - "PUT http://172.18.0.2:8080/v1/AUTH_459728d9343f40f7b0c4f3326bfebcf8/gnocchi.f020e0e7-05de-4e52-87d3-20dfa087dfc0/none_v3" "tx6ff61853f87b45f4b3974-0069bd5d59" "proxy-server 20" 0.0193 "-" 23 0
Mar 20 14:44:41 standalone proxy-server[129543]: 172.18.0.2 172.18.0.100 20/Mar/2026/14/44/41 PUT /v1/AUTH_459728d9343f40f7b0c4f3326bfebcf8/gnocchi.f020e0e7-05de-4e52-87d3-20dfa087dfc0/none_v3 HTTP/1.0 201 - python-swiftclient-3.11.1 gAAAAABpvVzD3TF2... 22 - - tx6ff61853f87b45f4b3974-0069bd5d59 - 0.0352 - - 1774017881.768489838 1774017881.803679705 0
Mar 20 14:44:52 standalone container-server[127399]: 172.20.0.100 - - [20/Mar/2026:14:44:52 +0000] "HEAD /d1/386/AUTH_459728d9343f40f7b0c4f3326bfebcf8/gnocchi.04a91a1e-fb85-4757-b1f7-41497e46b650" 404 - "HEAD http://172.18.0.2:8080/v1/AUTH_459728d9343f40f7b0c4f3326bfebcf8/gnocchi.04a91a1e-fb85-4757-b1f7-41497e46b650?format=json&states=listing" "txdc0a832285d54b64bc88c-0069bd5d64" "proxy-server 20" 0.0008 "-" 23 0
Mar 20 14:44:52 standalone object-server[127554]: 172.20.0.100 - - [20/Mar/2026:14:44:52 +0000] "GET /d1/65/AUTH_459728d9343f40f7b0c4f3326bfebcf8/gnocchi.04a91a1e-fb85-4757-b1f7-41497e46b650/none_v3" 404 70 "GET http://172.18.0.2:8080/v1/AUTH_459728d9343f40f7b0c4f3326bfebcf8/gnocchi.04a91a1e-fb85-4757-b1f7-41497e46b650/none_v3" "txdc0a832285d54b64bc88c-0069bd5d64" "proxy-server 20" 0.0007 "-" 21 0
Mar 20 14:44:52 standalone proxy-server[129543]: 172.18.0.2 172.18.0.100 20/Mar/2026/14/44/52 GET /v1/AUTH_459728d9343f40f7b0c4f3326bfebcf8/gnocchi.04a91a1e-fb85-4757-b1f7-41497e46b650/none_v3 HTTP/1.0 404 - python-swiftclient-3.11.1 gAAAAABpvVzD3TF2... - 70 - txdc0a832285d54b64bc88c-0069bd5d64 - 0.0131 - - 1774017892.557659388 1774017892.570710421 0
Mar 20 14:44:52 standalone account-server[127382]: 172.20.0.100 - - [20/Mar/2026:14:44:52 +0000] "PUT /d1/992/AUTH_459728d9343f40f7b0c4f3326bfebcf8/gnocchi.04a91a1e-fb85-4757-b1f7-41497e46b650" 201 - "PUT http://172.20.0.100:6001/d1/386/AUTH_459728d9343f40f7b0c4f3326bfebcf8/gnocchi.04a91a1e-fb85-4757-b1f7-41497e46b650" "tx5593a66aadf146b583976-0069bd5d64" "container-server 23" 0.0145 "-" 22 0
Mar 20 14:44:52 standalone container-server[127399]: 172.20.0.100 - - [20/Mar/2026:14:44:52 +0000] "PUT /d1/386/AUTH_459728d9343f40f7b0c4f3326bfebcf8/gnocchi.04a91a1e-fb85-4757-b1f7-41497e46b650" 201 - "PUT http://172.18.0.2:8080/v1/AUTH_459728d9343f40f7b0c4f3326bfebcf8/gnocchi.04a91a1e-fb85-4757-b1f7-41497e46b650" "tx5593a66aadf146b583976-0069bd5d64" "proxy-server 20" 0.0362 "-" 23 0
Mar 20 14:44:52 standalone proxy-server[129543]: 172.18.0.2 172.18.0.100 20/Mar/2026/14/44/52 PUT /v1/AUTH_459728d9343f40f7b0c4f3326bfebcf8/gnocchi.04a91a1e-fb85-4757-b1f7-41497e46b650 HTTP/1.0 201 - python-swiftclient-3.11.1 gAAAAABpvVzD3TF2... - - - tx5593a66aadf146b583976-0069bd5d64 - 0.0415 - - 1774017892.574214458 1774017892.615716934 0
Mar 20 14:44:52 standalone container-server[127384]: 172.20.0.100 - - [20/Mar/2026:14:44:52 +0000] "HEAD /d1/386/AUTH_459728d9343f40f7b0c4f3326bfebcf8/gnocchi.04a91a1e-fb85-4757-b1f7-41497e46b650" 204 - "HEAD http://172.18.0.2:8080/v1/AUTH_459728d9343f40f7b0c4f3326bfebcf8/gnocchi.04a91a1e-fb85-4757-b1f7-41497e46b650?format=json&states=listing" "txe52d31f56ec845bea2526-0069bd5d64" "proxy-server 20" 0.0014 "-" 20 0
Mar 20 14:44:52 standalone proxy-server[129543]: - - 20/Mar/2026/14/44/52 HEAD /v1/AUTH_459728d9343f40f7b0c4f3326bfebcf8/gnocchi.04a91a1e-fb85-4757-b1f7-41497e46b650%3Fformat%3Djson%26states%3Dlisting HTTP/1.0 204 - Swift - - - - txe52d31f56ec845bea2526-0069bd5d64 - 0.0050 RL - 1774017892.623270512 1774017892.628313780 0
Mar 20 14:44:52 standalone container-server[127385]: 172.20.0.100 - - [20/Mar/2026:14:44:52 +0000] "GET /d1/386/AUTH_459728d9343f40f7b0c4f3326bfebcf8/gnocchi.04a91a1e-fb85-4757-b1f7-41497e46b650" 200 2 "GET http://172.18.0.2:8080/v1/AUTH_459728d9343f40f7b0c4f3326bfebcf8/gnocchi.04a91a1e-fb85-4757-b1f7-41497e46b650?format=json&states=listing" "txe52d31f56ec845bea2526-0069bd5d64" "proxy-server 20" 0.0045 "-" 21 0
Mar 20 14:44:52 standalone proxy-server[129543]: 172.18.0.2 172.18.0.100 20/Mar/2026/14/44/52 GET /v1/AUTH_459728d9343f40f7b0c4f3326bfebcf8/gnocchi.04a91a1e-fb85-4757-b1f7-41497e46b650%3Fformat%3Djson%26states%3Dlisting HTTP/1.0 200 - python-swiftclient-3.11.1 gAAAAABpvVzD3TF2... - 2 - txe52d31f56ec845bea2526-0069bd5d64 - 0.0170 - - 1774017892.622029066 1774017892.639024019 0
Mar 20 14:44:52 standalone object-server[127554]: 172.20.0.100 - - [20/Mar/2026:14:44:52 +0000] "GET /d1/810/AUTH_459728d9343f40f7b0c4f3326bfebcf8/gnocchi.04a91a1e-fb85-4757-b1f7-41497e46b650/1773360000.0_mean_300.0_v3" 404 70 "GET http://172.18.0.2:8080/v1/AUTH_459728d9343f40f7b0c4f3326bfebcf8/gnocchi.04a91a1e-fb85-4757-b1f7-41497e46b650/1773360000.0_mean_300.0_v3" "txb7903da842824eb6ac278-0069bd5d64" "proxy-server 20" 0.0006 "-" 21 0
Mar 20 14:44:52 standalone proxy-server[129543]: 172.18.0.2 172.18.0.100 20/Mar/2026/14/44/52 GET /v1/AUTH_459728d9343f40f7b0c4f3326bfebcf8/gnocchi.04a91a1e-fb85-4757-b1f7-41497e46b650/1773360000.0_mean_300.0_v3 HTTP/1.0 404 - python-swiftclient-3.11.1 gAAAAABpvVzD3TF2... - 70 - txb7903da842824eb6ac278-0069bd5d64 - 0.0057 - - 1774017892.643743277 1774017892.649411440 0
Mar 20 14:44:52 standalone container-server[127384]: 172.20.0.100 - - [20/Mar/2026:14:44:52 +0000] "PUT /d1/386/AUTH_459728d9343f40f7b0c4f3326bfebcf8/gnocchi.04a91a1e-fb85-4757-b1f7-41497e46b650/1773360000.0_mean_300.0_v3" 201 - "PUT http://172.18.0.2:8080/d1/810/AUTH_459728d9343f40f7b0c4f3326bfebcf8/gnocchi.04a91a1e-fb85-4757-b1f7-41497e46b650/1773360000.0_mean_300.0_v3" "txe404756f41a746f2a93f4-0069bd5d64" "object-server 21" 0.0007 "-" 20 0
Mar 20 14:44:52 standalone object-server[127554]: 172.20.0.100 - - [20/Mar/2026:14:44:52 +0000] "PUT /d1/810/AUTH_459728d9343f40f7b0c4f3326bfebcf8/gnocchi.04a91a1e-fb85-4757-b1f7-41497e46b650/1773360000.0_mean_300.0_v3" 201 - "PUT http://172.18.0.2:8080/v1/AUTH_459728d9343f40f7b0c4f3326bfebcf8/gnocchi.04a91a1e-fb85-4757-b1f7-41497e46b650/1773360000.0_mean_300.0_v3" "txe404756f41a746f2a93f4-0069bd5d64" "proxy-server 20" 0.0133 "-" 21 0
Mar 20 14:44:52 standalone proxy-server[129543]: 172.18.0.2 172.18.0.100 20/Mar/2026/14/44/52 PUT /v1/AUTH_459728d9343f40f7b0c4f3326bfebcf8/gnocchi.04a91a1e-fb85-4757-b1f7-41497e46b650/1773360000.0_mean_300.0_v3 HTTP/1.0 201 - python-swiftclient-3.11.1 gAAAAABpvVzD3TF2... 16 - - txe404756f41a746f2a93f4-0069bd5d64 - 0.0182 - - 1774017892.653100967 1774017892.671308994 0
Mar 20 14:44:52 standalone container-server[127384]: 172.20.0.100 - - [20/Mar/2026:14:44:52 +0000] "PUT /d1/386/AUTH_459728d9343f40f7b0c4f3326bfebcf8/gnocchi.04a91a1e-fb85-4757-b1f7-41497e46b650/none_v3" 201 - "PUT http://172.18.0.2:8080/d1/65/AUTH_459728d9343f40f7b0c4f3326bfebcf8/gnocchi.04a91a1e-fb85-4757-b1f7-41497e46b650/none_v3" "txdb40f3b4e6d14c2f947e2-0069bd5d64" "object-server 20" 0.0006 "-" 20 0
