Mar 20 14:44:33 standalone proxy-server[129543]: - - 20/Mar/2026/14/44/33 HEAD /v1/AUTH_459728d9343f40f7b0c4f3326bfebcf8/gnocchi.f3022a84-397c-49e3-8590-cc762a97efbc%3Fformat%3Djson%26states%3Dlisting HTTP/1.0 204 - Swift - - - - tx70cc0dc2945f4c9f8ce5c-0069bd5d51 - 0.0054 RL - 1774017873.972424507 1774017873.977849960 0
Mar 20 14:44:33 standalone container-server[127385]: 172.20.0.100 - - [20/Mar/2026:14:44:33 +0000] "GET /d1/1016/AUTH_459728d9343f40f7b0c4f3326bfebcf8/gnocchi.f3022a84-397c-49e3-8590-cc762a97efbc" 200 2 "GET http://172.18.0.2:8080/v1/AUTH_459728d9343f40f7b0c4f3326bfebcf8/gnocchi.f3022a84-397c-49e3-8590-cc762a97efbc?format=json&states=listing" "tx70cc0dc2945f4c9f8ce5c-0069bd5d51" "proxy-server 20" 0.0018 "-" 21 0
Mar 20 14:44:33 standalone proxy-server[129543]: 172.18.0.2 172.18.0.100 20/Mar/2026/14/44/33 GET /v1/AUTH_459728d9343f40f7b0c4f3326bfebcf8/gnocchi.f3022a84-397c-49e3-8590-cc762a97efbc%3Fformat%3Djson%26states%3Dlisting HTTP/1.0 200 - python-swiftclient-3.11.1 gAAAAABpvVzD3TF2... - 2 - tx70cc0dc2945f4c9f8ce5c-0069bd5d51 - 0.0125 - - 1774017873.971447229 1774017873.983983278 0
Mar 20 14:44:33 standalone object-server[127551]: 172.20.0.100 - - [20/Mar/2026:14:44:33 +0000] "GET /d1/296/AUTH_459728d9343f40f7b0c4f3326bfebcf8/gnocchi.f3022a84-397c-49e3-8590-cc762a97efbc/1773360000.0_mean_300.0_v3" 404 70 "GET http://172.18.0.2:8080/v1/AUTH_459728d9343f40f7b0c4f3326bfebcf8/gnocchi.f3022a84-397c-49e3-8590-cc762a97efbc/1773360000.0_mean_300.0_v3" "txdad31120798541078b7cc-0069bd5d51" "proxy-server 20" 0.0005 "-" 20 0
Mar 20 14:44:33 standalone proxy-server[129543]: 172.18.0.2 172.18.0.100 20/Mar/2026/14/44/33 GET /v1/AUTH_459728d9343f40f7b0c4f3326bfebcf8/gnocchi.f3022a84-397c-49e3-8590-cc762a97efbc/1773360000.0_mean_300.0_v3 HTTP/1.0 404 - python-swiftclient-3.11.1 gAAAAABpvVzD3TF2... - 70 - txdad31120798541078b7cc-0069bd5d51 - 0.0051 - - 1774017873.986230850 1774017873.991316319 0
Mar 20 14:44:34 standalone container-server[127384]: 172.20.0.100 - - [20/Mar/2026:14:44:34 +0000] "PUT /d1/1016/AUTH_459728d9343f40f7b0c4f3326bfebcf8/gnocchi.f3022a84-397c-49e3-8590-cc762a97efbc/1773360000.0_mean_300.0_v3" 201 - "PUT http://172.18.0.2:8080/d1/296/AUTH_459728d9343f40f7b0c4f3326bfebcf8/gnocchi.f3022a84-397c-49e3-8590-cc762a97efbc/1773360000.0_mean_300.0_v3" "txd14dc53a3fe54b66b3afa-0069bd5d51" "object-server 22" 0.0008 "-" 20 0
Mar 20 14:44:34 standalone object-server[127556]: 172.20.0.100 - - [20/Mar/2026:14:44:34 +0000] "PUT /d1/296/AUTH_459728d9343f40f7b0c4f3326bfebcf8/gnocchi.f3022a84-397c-49e3-8590-cc762a97efbc/1773360000.0_mean_300.0_v3" 201 - "PUT http://172.18.0.2:8080/v1/AUTH_459728d9343f40f7b0c4f3326bfebcf8/gnocchi.f3022a84-397c-49e3-8590-cc762a97efbc/1773360000.0_mean_300.0_v3" "txd14dc53a3fe54b66b3afa-0069bd5d51" "proxy-server 20" 0.0129 "-" 22 0
Mar 20 14:44:34 standalone proxy-server[129543]: 172.18.0.2 172.18.0.100 20/Mar/2026/14/44/34 PUT /v1/AUTH_459728d9343f40f7b0c4f3326bfebcf8/gnocchi.f3022a84-397c-49e3-8590-cc762a97efbc/1773360000.0_mean_300.0_v3 HTTP/1.0 201 - python-swiftclient-3.11.1 gAAAAABpvVzD3TF2... 16 - - txd14dc53a3fe54b66b3afa-0069bd5d51 - 0.0184 - - 1774017873.994489670 1774017874.012845039 0
Mar 20 14:44:34 standalone container-server[127384]: 172.20.0.100 - - [20/Mar/2026:14:44:34 +0000] "PUT /d1/1016/AUTH_459728d9343f40f7b0c4f3326bfebcf8/gnocchi.f3022a84-397c-49e3-8590-cc762a97efbc/none_v3" 201 - "PUT http://172.18.0.2:8080/d1/193/AUTH_459728d9343f40f7b0c4f3326bfebcf8/gnocchi.f3022a84-397c-49e3-8590-cc762a97efbc/none_v3" "txa961b66d627f41ef974bd-0069bd5d52" "object-server 22" 0.0005 "-" 20 0
Mar 20 14:44:34 standalone object-server[127556]: 172.20.0.100 - - [20/Mar/2026:14:44:34 +0000] "PUT /d1/193/AUTH_459728d9343f40f7b0c4f3326bfebcf8/gnocchi.f3022a84-397c-49e3-8590-cc762a97efbc/none_v3" 201 - "PUT http://172.18.0.2:8080/v1/AUTH_459728d9343f40f7b0c4f3326bfebcf8/gnocchi.f3022a84-397c-49e3-8590-cc762a97efbc/none_v3" "txa961b66d627f41ef974bd-0069bd5d52" "proxy-server 20" 0.0097 "-" 22 0
Mar 20 14:44:34 standalone proxy-server[129543]: 172.18.0.2 172.18.0.100 20/Mar/2026/14/44/34 PUT /v1/AUTH_459728d9343f40f7b0c4f3326bfebcf8/gnocchi.f3022a84-397c-49e3-8590-cc762a97efbc/none_v3 HTTP/1.0 201 - python-swiftclient-3.11.1 gAAAAABpvVzD3TF2... 22 - - txa961b66d627f41ef974bd-0069bd5d52 - 0.0148 - - 1774017874.014717102 1774017874.029509783 0
Mar 20 14:44:34 standalone container-server[127384]: 172.20.0.100 - - [20/Mar/2026:14:44:34 +0000] "HEAD /d1/66/AUTH_459728d9343f40f7b0c4f3326bfebcf8/gnocchi.61e7be99-044c-40bf-9007-fbf2542cc1b6" 404 - "HEAD http://172.18.0.2:8080/v1/AUTH_459728d9343f40f7b0c4f3326bfebcf8/gnocchi.61e7be99-044c-40bf-9007-fbf2542cc1b6?format=json&states=listing" "txe5770081cf154b35a7ae4-0069bd5d52" "proxy-server 20" 0.0005 "-" 20 0
Mar 20 14:44:34 standalone object-server[127551]: 172.20.0.100 - - [20/Mar/2026:14:44:34 +0000] "GET /d1/602/AUTH_459728d9343f40f7b0c4f3326bfebcf8/gnocchi.61e7be99-044c-40bf-9007-fbf2542cc1b6/none_v3" 404 70 "GET http://172.18.0.2:8080/v1/AUTH_459728d9343f40f7b0c4f3326bfebcf8/gnocchi.61e7be99-044c-40bf-9007-fbf2542cc1b6/none_v3" "txe5770081cf154b35a7ae4-0069bd5d52" "proxy-server 20" 0.0004 "-" 20 0
Mar 20 14:44:34 standalone proxy-server[129543]: 172.18.0.2 172.18.0.100 20/Mar/2026/14/44/34 GET /v1/AUTH_459728d9343f40f7b0c4f3326bfebcf8/gnocchi.61e7be99-044c-40bf-9007-fbf2542cc1b6/none_v3 HTTP/1.0 404 - python-swiftclient-3.11.1 gAAAAABpvVzD3TF2... - 70 - txe5770081cf154b35a7ae4-0069bd5d52 - 0.0095 - - 1774017874.036823988 1774017874.046292782 0
Mar 20 14:44:34 standalone account-server[127368]: 172.20.0.100 - - [20/Mar/2026:14:44:34 +0000] "PUT /d1/992/AUTH_459728d9343f40f7b0c4f3326bfebcf8/gnocchi.61e7be99-044c-40bf-9007-fbf2542cc1b6" 201 - "PUT http://172.20.0.100:6001/d1/66/AUTH_459728d9343f40f7b0c4f3326bfebcf8/gnocchi.61e7be99-044c-40bf-9007-fbf2542cc1b6" "txfad0b94066a74380b92aa-0069bd5d52" "container-server 23" 0.0047 "-" 20 0
Mar 20 14:44:34 standalone container-server[127399]: 172.20.0.100 - - [20/Mar/2026:14:44:34 +0000] "PUT /d1/66/AUTH_459728d9343f40f7b0c4f3326bfebcf8/gnocchi.61e7be99-044c-40bf-9007-fbf2542cc1b6" 201 - "PUT http://172.18.0.2:8080/v1/AUTH_459728d9343f40f7b0c4f3326bfebcf8/gnocchi.61e7be99-044c-40bf-9007-fbf2542cc1b6" "txfad0b94066a74380b92aa-0069bd5d52" "proxy-server 20" 0.0167 "-" 23 0
Mar 20 14:44:34 standalone proxy-server[129543]: 172.18.0.2 172.18.0.100 20/Mar/2026/14/44/34 PUT /v1/AUTH_459728d9343f40f7b0c4f3326bfebcf8/gnocchi.61e7be99-044c-40bf-9007-fbf2542cc1b6 HTTP/1.0 201 - python-swiftclient-3.11.1 gAAAAABpvVzD3TF2... - - - txfad0b94066a74380b92aa-0069bd5d52 - 0.0214 - - 1774017874.048075914 1774017874.069523096 0
Mar 20 14:44:34 standalone container-server[127396]: 172.20.0.100 - - [20/Mar/2026:14:44:34 +0000] "HEAD /d1/66/AUTH_459728d9343f40f7b0c4f3326bfebcf8/gnocchi.61e7be99-044c-40bf-9007-fbf2542cc1b6" 204 - "HEAD http://172.18.0.2:8080/v1/AUTH_459728d9343f40f7b0c4f3326bfebcf8/gnocchi.61e7be99-044c-40bf-9007-fbf2542cc1b6?format=json&states=listing" "tx7d04b7885e4147e39013b-0069bd5d52" "proxy-server 20" 0.0022 "-" 22 0
Mar 20 14:44:34 standalone proxy-server[129543]: - - 20/Mar/2026/14/44/34 HEAD /v1/AUTH_459728d9343f40f7b0c4f3326bfebcf8/gnocchi.61e7be99-044c-40bf-9007-fbf2542cc1b6%3Fformat%3Djson%26states%3Dlisting HTTP/1.0 204 - Swift - - - - tx7d04b7885e4147e39013b-0069bd5d52 - 0.0063 RL - 1774017874.074724913 1774017874.081016302 0
Mar 20 14:44:34 standalone container-server[127385]: 172.20.0.100 - - [20/Mar/2026:14:44:34 +0000] "GET /d1/66/AUTH_459728d9343f40f7b0c4f3326bfebcf8/gnocchi.61e7be99-044c-40bf-9007-fbf2542cc1b6" 200 2 "GET http://172.18.0.2:8080/v1/AUTH_459728d9343f40f7b0c4f3326bfebcf8/gnocchi.61e7be99-044c-40bf-9007-fbf2542cc1b6?format=json&states=listing" "tx7d04b7885e4147e39013b-0069bd5d52" "proxy-server 20" 0.0020 "-" 21 0
Mar 20 14:44:34 standalone proxy-server[129543]: 172.18.0.2 172.18.0.100 20/Mar/2026/14/44/34 GET /v1/AUTH_459728d9343f40f7b0c4f3326bfebcf8/gnocchi.61e7be99-044c-40bf-9007-fbf2542cc1b6%3Fformat%3Djson%26states%3Dlisting HTTP/1.0 200 - python-swiftclient-3.11.1 gAAAAABpvVzD3TF2... - 2 - tx7d04b7885e4147e39013b-0069bd5d52 - 0.0146 - - 1774017874.073777437 1774017874.088365793 0
Mar 20 14:44:34 standalone object-server[127551]: 172.20.0.100 - - [20/Mar/2026:14:44:34 +0000] "GET /d1/539/AUTH_459728d9343f40f7b0c4f3326bfebcf8/gnocchi.61e7be99-044c-40bf-9007-fbf2542cc1b6/1773360000.0_mean_300.0_v3" 404 70 "GET http://172.18.0.2:8080/v1/AUTH_459728d9343f40f7b0c4f3326bfebcf8/gnocchi.61e7be99-044c-40bf-9007-fbf2542cc1b6/1773360000.0_mean_300.0_v3" "txfb7b4994eb71488bb1b63-0069bd5d52" "proxy-server 20" 0.0004 "-" 20 0
Mar 20 14:44:34 standalone proxy-server[129543]: 172.18.0.2 172.18.0.100 20/Mar/2026/14/44/34 GET /v1/AUTH_459728d9343f40f7b0c4f3326bfebcf8/gnocchi.61e7be99-044c-40bf-9007-fbf2542cc1b6/1773360000.0_mean_300.0_v3 HTTP/1.0 404 - python-swiftclient-3.11.1 gAAAAABpvVzD3TF2... - 70 - txfb7b4994eb71488bb1b63-0069bd5d52 - 0.0077 - - 1774017874.091486454 1774017874.099231720 0
Mar 20 14:44:34 standalone container-server[127385]: 172.20.0.100 - - [20/Mar/2026:14:44:34 +0000] "PUT /d1/66/AUTH_459728d9343f40f7b0c4f3326bfebcf8/gnocchi.61e7be99-044c-40bf-9007-fbf2542cc1b6/1773360000.0_mean_300.0_v3" 201 - "PUT http://172.18.0.2:8080/d1/539/AUTH_459728d9343f40f7b0c4f3326bfebcf8/gnocchi.61e7be99-044c-40bf-9007-fbf2542cc1b6/1773360000.0_mean_300.0_v3" "tx4adc3822eae049c484cb3-0069bd5d52" "object-server 21" 0.0005 "-" 21 0
Mar 20 14:44:34 standalone object-server[127554]: 172.20.0.100 - - [20/Mar/2026:14:44:34 +0000] "PUT /d1/539/AUTH_459728d9343f40f7b0c4f3326bfebcf8/gnocchi.61e7be99-044c-40bf-9007-fbf2542cc1b6/1773360000.0_mean_300.0_v3" 201 - "PUT http://172.18.0.2:8080/v1/AUTH_459728d9343f40f7b0c4f3326bfebcf8/gnocchi.61e7be99-044c-40bf-9007-fbf2542cc1b6/1773360000.0_mean_300.0_v3" "tx4adc3822eae049c484cb3-0069bd5d52" "proxy-server 20" 0.0116 "-" 21 0
Mar 20 14:44:34 standalone proxy-server[129543]: 172.18.0.2 172.18.0.100 20/Mar/2026/14/44/34 PUT /v1/AUTH_459728d9343f40f7b0c4f3326bfebcf8/gnocchi.61e7be99-044c-40bf-9007-fbf2542cc1b6/1773360000.0_mean_300.0_v3 HTTP/1.0 201 - python-swiftclient-3.11.1 gAAAAABpvVzD3TF2... 16 - - tx4adc3822eae049c484cb3-0069bd5d52 - 0.0182 - - 1774017874.101655960 1774017874.119853973 0
Mar 20 14:44:34 standalone container-server[127399]: 172.20.0.100 - - [20/Mar/2026:14:44:34 +0000] "PUT /d1/66/AUTH_459728d9343f40f7b0c4f3326bfebcf8/gnocchi.61e7be99-044c-40bf-9007-fbf2542cc1b6/none_v3" 201 - "PUT http://172.18.0.2:8080/d1/602/AUTH_459728d9343f40f7b0c4f3326bfebcf8/gnocchi.61e7be99-044c-40bf-9007-fbf2542cc1b6/none_v3" "txe74ec7e105ab420ea669e-0069bd5d52" "object-server 22" 0.0005 "-" 23 0
Mar 20 14:44:34 standalone object-server[127556]: 172.20.0.100 - - [20/Mar/2026:14:44:34 +0000] "PUT /d1/602/AUTH_459728d9343f40f7b0c4f3326bfebcf8/gnocchi.61e7be99-044c-40bf-9007-fbf2542cc1b6/none_v3" 201 - "PUT http://172.18.0.2:8080/v1/AUTH_459728d9343f40f7b0c4f3326bfebcf8/gnocchi.61e7be99-044c-40bf-9007-fbf2542cc1b6/none_v3" "txe74ec7e105ab420ea669e-0069bd5d52" "proxy-server 20" 0.0100 "-" 22 0
Mar 20 14:44:34 standalone proxy-server[129543]: 172.18.0.2 172.18.0.100 20/Mar/2026/14/44/34 PUT /v1/AUTH_459728d9343f40f7b0c4f3326bfebcf8/gnocchi.61e7be99-044c-40bf-9007-fbf2542cc1b6/none_v3 HTTP/1.0 201 - python-swiftclient-3.11.1 gAAAAABpvVzD3TF2... 22 - - txe74ec7e105ab420ea669e-0069bd5d52 - 0.0170 - - 1774017874.122283459 1774017874.139329433 0
Mar 20 14:44:34 standalone container-server[127385]: 172.20.0.100 - - [20/Mar/2026:14:44:34 +0000] "HEAD /d1/30/AUTH_459728d9343f40f7b0c4f3326bfebcf8/gnocchi.04e6b754-4a4f-465d-80d0-be2c1a11ded6" 404 - "HEAD http://172.18.0.2:8080/v1/AUTH_459728d9343f40f7b0c4f3326bfebcf8/gnocchi.04e6b754-4a4f-465d-80d0-be2c1a11ded6?format=json&states=listing" "tx5a4ea31ada0043228214e-0069bd5d52" "proxy-server 20" 0.0003 "-" 21 0
Mar 20 14:44:34 standalone object-server[127554]: 172.20.0.100 - - [20/Mar/2026:14:44:34 +0000] "GET /d1/323/AUTH_459728d9343f40f7b0c4f3326bfebcf8/gnocchi.04e6b754-4a4f-465d-80d0-be2c1a11ded6/none_v3" 404 70 "GET http://172.18.0.2:8080/v1/AUTH_459728d9343f40f7b0c4f3326bfebcf8/gnocchi.04e6b754-4a4f-465d-80d0-be2c1a11ded6/none_v3" "tx5a4ea31ada0043228214e-0069bd5d52" "proxy-server 20" 0.0004 "-" 21 0
Mar 20 14:44:34 standalone proxy-server[129543]: 172.18.0.2 172.18.0.100 20/Mar/2026/14/44/34 GET /v1/AUTH_459728d9343f40f7b0c4f3326bfebcf8/gnocchi.04e6b754-4a4f-465d-80d0-be2c1a11ded6/none_v3 HTTP/1.0 404 - python-swiftclient-3.11.1 gAAAAABpvVzD3TF2... - 70 - tx5a4ea31ada0043228214e-0069bd5d52 - 0.0101 - - 1774017874.147898436 1774017874.157990217 0
Mar 20 14:44:34 standalone account-server[127368]: 172.20.0.100 - - [20/Mar/2026:14:44:34 +0000] "PUT /d1/992/AUTH_459728d9343f40f7b0c4f3326bfebcf8/gnocchi.04e6b754-4a4f-465d-80d0-be2c1a11ded6" 201 - "PUT http://172.20.0.100:6001/d1/30/AUTH_459728d9343f40f7b0c4f3326bfebcf8/gnocchi.04e6b754-4a4f-465d-80d0-be2c1a11ded6" "tx4bed32285e6b4a7c936a2-0069bd5d52" "container-server 20" 0.0044 "-" 20 0
Mar 20 14:44:34 standalone container-server[127384]: 172.20.0.100 - - [20/Mar/2026:14:44:34 +0000] "PUT /d1/30/AUTH_459728d9343f40f7b0c4f3326bfebcf8/gnocchi.04e6b754-4a4f-465d-80d0-be2c1a11ded6" 201 - "PUT http://172.18.0.2:8080/v1/AUTH_459728d9343f40f7b0c4f3326bfebcf8/gnocchi.04e6b754-4a4f-465d-80d0-be2c1a11ded6" "tx4bed32285e6b4a7c936a2-0069bd5d52" "proxy-server 20" 0.0144 "-" 20 0
Mar 20 14:44:34 standalone proxy-server[129543]: 172.18.0.2 172.18.0.100 20/Mar/2026/14/44/34 PUT /v1/AUTH_459728d9343f40f7b0c4f3326bfebcf8/gnocchi.04e6b754-4a4f-465d-80d0-be2c1a11ded6 HTTP/1.0 201 - python-swiftclient-3.11.1 gAAAAABpvVzD3TF2... - - - tx4bed32285e6b4a7c936a2-0069bd5d52 - 0.0206 - - 1774017874.160393000 1774017874.180953026 0
Mar 20 14:44:34 standalone container-server[127384]: 172.20.0.100 - - [20/Mar/2026:14:44:34 +0000] "HEAD /d1/30/AUTH_459728d9343f40f7b0c4f3326bfebcf8/gnocchi.04e6b754-4a4f-465d-80d0-be2c1a11ded6" 204 - "HEAD http://172.18.0.2:8080/v1/AUTH_459728d9343f40f7b0c4f3326bfebcf8/gnocchi.04e6b754-4a4f-465d-80d0-be2c1a11ded6?format=json&states=listing" "txbff496d10f974d6999503-0069bd5d52" "proxy-server 20" 0.0013 "-" 20 0
Mar 20 14:44:34 standalone proxy-server[129543]: - - 20/Mar/2026/14/44/34 HEAD /v1/AUTH_459728d9343f40f7b0c4f3326bfebcf8/gnocchi.04e6b754-4a4f-465d-80d0-be2c1a11ded6%3Fformat%3Djson%26states%3Dlisting HTTP/1.0 204 - Swift - - - - txbff496d10f974d6999503-0069bd5d52 - 0.0049 RL - 1774017874.185508251 1774017874.190449476 0
Mar 20 14:44:34 standalone container-server[127399]: 172.20.0.100 - - [20/Mar/2026:14:44:34 +0000] "GET /d1/30/AUTH_459728d9343f40f7b0c4f3326bfebcf8/gnocchi.04e6b754-4a4f-465d-80d0-be2c1a11ded6" 200 2 "GET http://172.18.0.2:8080/v1/AUTH_459728d9343f40f7b0c4f3326bfebcf8/gnocchi.04e6b754-4a4f-465d-80d0-be2c1a11ded6?format=json&states=listing" "txbff496d10f974d6999503-0069bd5d52" "proxy-server 20" 0.0019 "-" 23 0
Mar 20 14:44:34 standalone proxy-server[129543]: 172.18.0.2 172.18.0.100 20/Mar/2026/14/44/34 GET /v1/AUTH_459728d9343f40f7b0c4f3326bfebcf8/gnocchi.04e6b754-4a4f-465d-80d0-be2c1a11ded6%3Fformat%3Djson%26states%3Dlisting HTTP/1.0 200 - python-swiftclient-3.11.1 gAAAAABpvVzD3TF2... - 2 - txbff496d10f974d6999503-0069bd5d52 - 0.0154 - - 1774017874.184223890 1774017874.199666739 0
Mar 20 14:44:34 standalone object-server[127556]: 172.20.0.100 - - [20/Mar/2026:14:44:34 +0000] "GET /d1/910/AUTH_459728d9343f40f7b0c4f3326bfebcf8/gnocchi.04e6b754-4a4f-465d-80d0-be2c1a11ded6/1773360000.0_mean_300.0_v3" 404 70 "GET http://172.18.0.2:8080/v1/AUTH_459728d9343f40f7b0c4f3326bfebcf8/gnocchi.04e6b754-4a4f-465d-80d0-be2c1a11ded6/1773360000.0_mean_300.0_v3" "txc97e162783094a508ef36-0069bd5d52" "proxy-server 20" 0.0004 "-" 22 0
Mar 20 14:44:34 standalone proxy-server[129543]: 172.18.0.2 172.18.0.100 20/Mar/2026/14/44/34 GET /v1/AUTH_459728d9343f40f7b0c4f3326bfebcf8/gnocchi.04e6b754-4a4f-465d-80d0-be2c1a11ded6/1773360000.0_mean_300.0_v3 HTTP/1.0 404 - python-swiftclient-3.11.1 gAAAAABpvVzD3TF2... - 70 - txc97e162783094a508ef36-0069bd5d52 - 0.0089 - - 1774017874.202579975 1774017874.211473227 0
Mar 20 14:44:34 standalone container-server[127399]: 172.20.0.100 - - [20/Mar/2026:14:44:34 +0000] "PUT /d1/30/AUTH_459728d9343f40f7b0c4f3326bfebcf8/gnocchi.04e6b754-4a4f-465d-80d0-be2c1a11ded6/1773360000.0_mean_300.0_v3" 201 - "PUT http://172.18.0.2:8080/d1/910/AUTH_459728d9343f40f7b0c4f3326bfebcf8/gnocchi.04e6b754-4a4f-465d-80d0-be2c1a11ded6/1773360000.0_mean_300.0_v3" "tx25678d8020cb41d1b1481-0069bd5d52" "object-server 20" 0.0005 "-" 23 0
Mar 20 14:44:34 standalone object-server[127551]: 172.20.0.100 - - [20/Mar/2026:14:44:34 +0000] "PUT /d1/910/AUTH_459728d9343f40f7b0c4f3326bfebcf8/gnocchi.04e6b754-4a4f-465d-80d0-be2c1a11ded6/1773360000.0_mean_300.0_v3" 201 - "PUT http://172.18.0.2:8080/v1/AUTH_459728d9343f40f7b0c4f3326bfebcf8/gnocchi.04e6b754-4a4f-465d-80d0-be2c1a11ded6/1773360000.0_mean_300.0_v3" "tx25678d8020cb41d1b1481-0069bd5d52" "proxy-server 20" 0.0082 "-" 20 0
Mar 20 14:44:34 standalone proxy-server[129543]: 172.18.0.2 172.18.0.100 20/Mar/2026/14/44/34 PUT /v1/AUTH_459728d9343f40f7b0c4f3326bfebcf8/gnocchi.04e6b754-4a4f-465d-80d0-be2c1a11ded6/1773360000.0_mean_300.0_v3 HTTP/1.0 201 - python-swiftclient-3.11.1 gAAAAABpvVzD3TF2... 16 - - tx25678d8020cb41d1b1481-0069bd5d52 - 0.0168 - - 1774017874.214545488 1774017874.231386662 0
Mar 20 14:44:34 standalone container-server[127385]: 172.20.0.100 - - [20/Mar/2026:14:44:34 +0000] "PUT /d1/30/AUTH_459728d9343f40f7b0c4f3326bfebcf8/gnocchi.04e6b754-4a4f-465d-80d0-be2c1a11ded6/none_v3" 201 - "PUT http://172.18.0.2:8080/d1/323/AUTH_459728d9343f40f7b0c4f3326bfebcf8/gnocchi.04e6b754-4a4f-465d-80d0-be2c1a11ded6/none_v3" "tx18a5a61975cc4f2ca4008-0069bd5d52" "object-server 23" 0.0005 "-" 21 0
Mar 20 14:44:34 standalone object-server[127557]: 172.20.0.100 - - [20/Mar/2026:14:44:34 +0000] "PUT /d1/323/AUTH_459728d9343f40f7b0c4f3326bfebcf8/gnocchi.04e6b754-4a4f-465d-80d0-be2c1a11ded6/none_v3" 201 - "PUT http://172.18.0.2:8080/v1/AUTH_459728d9343f40f7b0c4f3326bfebcf8/gnocchi.04e6b754-4a4f-465d-80d0-be2c1a11ded6/none_v3" "tx18a5a61975cc4f2ca4008-0069bd5d52" "proxy-server 20" 0.0103 "-" 23 0
Mar 20 14:44:34 standalone proxy-server[129543]: 172.18.0.2 172.18.0.100 20/Mar/2026/14/44/34 PUT /v1/AUTH_459728d9343f40f7b0c4f3326bfebcf8/gnocchi.04e6b754-4a4f-465d-80d0-be2c1a11ded6/none_v3 HTTP/1.0 201 - python-swiftclient-3.11.1 gAAAAABpvVzD3TF2... 22 - - tx18a5a61975cc4f2ca4008-0069bd5d52 - 0.0181 - - 1774017874.233691931 1774017874.251758575 0
Mar 20 14:44:34 standalone container-server[127399]: 172.20.0.100 - - [20/Mar/2026:14:44:34 +0000] "HEAD /d1/460/AUTH_459728d9343f40f7b0c4f3326bfebcf8/gnocchi.1f6c13b8-d42c-4404-a06c-762ab3d0d376" 404 - "HEAD http://172.18.0.2:8080/v1/AUTH_459728d9343f40f7b0c4f3326bfebcf8/gnocchi.1f6c13b8-d42c-4404-a06c-762ab3d0d376?format=json&states=listing" "txa51937c73f3b4ec1a5d45-0069bd5d52" "proxy-server 20" 0.0002 "-" 23 0
Mar 20 14:44:34 standalone object-server[127557]: 172.20.0.100 - - [20/Mar/2026:14:44:34 +0000] "GET /d1/314/AUTH_459728d9343f40f7b0c4f3326bfebcf8/gnocchi.1f6c13b8-d42c-4404-a06c-762ab3d0d376/none_v3" 404 70 "GET http://172.18.0.2:8080/v1/AUTH_459728d9343f40f7b0c4f3326bfebcf8/gnocchi.1f6c13b8-d42c-4404-a06c-762ab3d0d376/none_v3" "txa51937c73f3b4ec1a5d45-0069bd5d52" "proxy-server 20" 0.0004 "-" 23 0
Mar 20 14:44:34 standalone proxy-server[129543]: 172.18.0.2 172.18.0.100 20/Mar/2026/14/44/34 GET /v1/AUTH_459728d9343f40f7b0c4f3326bfebcf8/gnocchi.1f6c13b8-d42c-4404-a06c-762ab3d0d376/none_v3 HTTP/1.0 404 - python-swiftclient-3.11.1 gAAAAABpvVzD3TF2... - 70 - txa51937c73f3b4ec1a5d45-0069bd5d52 - 0.0083 - - 1774017874.260394812 1774017874.268710852 0
Mar 20 14:44:34 standalone account-server[127383]: 172.20.0.100 - - [20/Mar/2026:14:44:34 +0000] "PUT /d1/992/AUTH_459728d9343f40f7b0c4f3326bfebcf8/gnocchi.1f6c13b8-d42c-4404-a06c-762ab3d0d376" 201 - "PUT http://172.20.0.100:6001/d1/460/AUTH_459728d9343f40f7b0c4f3326bfebcf8/gnocchi.1f6c13b8-d42c-4404-a06c-762ab3d0d376" "tx03a63fba82844532b4531-0069bd5d52" "container-server 20" 0.0044 "-" 23 0
Mar 20 14:44:34 standalone container-server[127384]: 172.20.0.100 - - [20/Mar/2026:14:44:34 +0000] "PUT /d1/460/AUTH_459728d9343f40f7b0c4f3326bfebcf8/gnocchi.1f6c13b8-d42c-4404-a06c-762ab3d0d376" 201 - "PUT http://172.18.0.2:8080/v1/AUTH_459728d9343f40f7b0c4f3326bfebcf8/gnocchi.1f6c13b8-d42c-4404-a06c-762ab3d0d376" "tx03a63fba82844532b4531-0069bd5d52" "proxy-server 20" 0.0139 "-" 20 0
Mar 20 14:44:34 standalone proxy-server[129543]: 172.18.0.2 172.18.0.100 20/Mar/2026/14/44/34 PUT /v1/AUTH_459728d9343f40f7b0c4f3326bfebcf8/gnocchi.1f6c13b8-d42c-4404-a06c-762ab3d0d376 HTTP/1.0 201 - python-swiftclient-3.11.1 gAAAAABpvVzD3TF2... - - - tx03a63fba82844532b4531-0069bd5d52 - 0.0177 - - 1774017874.270595789 1774017874.288345337 0
Mar 20 14:44:34 standalone container-server[127384]: 172.20.0.100 - - [20/Mar/2026:14:44:34 +0000] "HEAD /d1/460/AUTH_459728d9343f40f7b0c4f3326bfebcf8/gnocchi.1f6c13b8-d42c-4404-a06c-762ab3d0d376" 204 - "HEAD http://172.18.0.2:8080/v1/AUTH_459728d9343f40f7b0c4f3326bfebcf8/gnocchi.1f6c13b8-d42c-4404-a06c-762ab3d0d376?format=json&states=listing" "tx6e966f96eb7344c890c23-0069bd5d52" "proxy-server 20" 0.0013 "-" 20 0
Mar 20 14:44:34 standalone proxy-server[129543]: - - 20/Mar/2026/14/44/34 HEAD /v1/AUTH_459728d9343f40f7b0c4f3326bfebcf8/gnocchi.1f6c13b8-d42c-4404-a06c-762ab3d0d376%3Fformat%3Djson%26states%3Dlisting HTTP/1.0 204 - Swift - - - - tx6e966f96eb7344c890c23-0069bd5d52 - 0.0036 RL - 1774017874.291673660 1774017874.295278311 0
Mar 20 14:44:34 standalone container-server[127399]: 172.20.0.100 - - [20/Mar/2026:14:44:34 +0000] "GET /d1/460/AUTH_459728d9343f40f7b0c4f3326bfebcf8/gnocchi.1f6c13b8-d42c-4404-a06c-762ab3d0d376" 200 2 "GET http://172.18.0.2:8080/v1/AUTH_459728d9343f40f7b0c4f3326bfebcf8/gnocchi.1f6c13b8-d42c-4404-a06c-762ab3d0d376?format=json&states=listing" "tx6e966f96eb7344c890c23-0069bd5d52" "proxy-server 20" 0.0015 "-" 23 0
Mar 20 14:44:34 standalone proxy-server[129543]: 172.18.0.2 172.18.0.100 20/Mar/2026/14/44/34 GET /v1/AUTH_459728d9343f40f7b0c4f3326bfebcf8/gnocchi.1f6c13b8-d42c-4404-a06c-762ab3d0d376%3Fformat%3Djson%26states%3Dlisting HTTP/1.0 200 - python-swiftclient-3.11.1 gAAAAABpvVzD3TF2... - 2 - tx6e966f96eb7344c890c23-0069bd5d52 - 0.0099 - - 1774017874.290674925 1774017874.300570965 0
Mar 20 14:44:34 standalone object-server[127554]: 172.20.0.100 - - [20/Mar/2026:14:44:34 +0000] "GET /d1/217/AUTH_459728d9343f40f7b0c4f3326bfebcf8/gnocchi.1f6c13b8-d42c-4404-a06c-762ab3d0d376/1773360000.0_mean_300.0_v3" 404 70 "GET http://172.18.0.2:8080/v1/AUTH_459728d9343f40f7b0c4f3326bfebcf8/gnocchi.1f6c13b8-d42c-4404-a06c-762ab3d0d376/1773360000.0_mean_300.0_v3" "txd123c80be9714292ac14b-0069bd5d52" "proxy-server 20" 0.0006 "-" 21 0
Mar 20 14:44:34 standalone proxy-server[129543]: 172.18.0.2 172.18.0.100 20/Mar/2026/14/44/34 GET /v1/AUTH_459728d9343f40f7b0c4f3326bfebcf8/gnocchi.1f6c13b8-d42c-4404-a06c-762ab3d0d376/1773360000.0_mean_300.0_v3 HTTP/1.0 404 - python-swiftclient-3.11.1 gAAAAABpvVzD3TF2... - 70 - txd123c80be9714292ac14b-0069bd5d52 - 0.0045 - - 1774017874.303016424 1774017874.307538271 0
Mar 20 14:44:34 standalone container-server[127384]: 172.20.0.100 - - [20/Mar/2026:14:44:34 +0000] "PUT /d1/460/AUTH_459728d9343f40f7b0c4f3326bfebcf8/gnocchi.1f6c13b8-d42c-4404-a06c-762ab3d0d376/1773360000.0_mean_300.0_v3" 201 - "PUT http://172.18.0.2:8080/d1/217/AUTH_459728d9343f40f7b0c4f3326bfebcf8/gnocchi.1f6c13b8-d42c-4404-a06c-762ab3d0d376/1773360000.0_mean_300.0_v3" "tx440e0cabae604acaad0bc-0069bd5d52" "object-server 22" 0.0007 "-" 20 0
Mar 20 14:44:34 standalone object-server[127556]: 172.20.0.100 - - [20/Mar/2026:14:44:34 +0000] "PUT /d1/217/AUTH_459728d9343f40f7b0c4f3326bfebcf8/gnocchi.1f6c13b8-d42c-4404-a06c-762ab3d0d376/1773360000.0_mean_300.0_v3" 201 - "PUT http://172.18.0.2:8080/v1/AUTH_459728d9343f40f7b0c4f3326bfebcf8/gnocchi.1f6c13b8-d42c-4404-a06c-762ab3d0d376/1773360000.0_mean_300.0_v3" "tx440e0cabae604acaad0bc-0069bd5d52" "proxy-server 20" 0.0105 "-" 22 0
Mar 20 14:44:34 standalone proxy-server[129543]: 172.18.0.2 172.18.0.100 20/Mar/2026/14/44/34 PUT /v1/AUTH_459728d9343f40f7b0c4f3326bfebcf8/gnocchi.1f6c13b8-d42c-4404-a06c-762ab3d0d376/1773360000.0_mean_300.0_v3 HTTP/1.0 201 - python-swiftclient-3.11.1 gAAAAABpvVzD3TF2... 16 - - tx440e0cabae604acaad0bc-0069bd5d52 - 0.0150 - - 1774017874.309337378 1774017874.324369907 0
Mar 20 14:44:34 standalone container-server[127396]: 172.20.0.100 - - [20/Mar/2026:14:44:34 +0000] "PUT /d1/460/AUTH_459728d9343f40f7b0c4f3326bfebcf8/gnocchi.1f6c13b8-d42c-4404-a06c-762ab3d0d376/none_v3" 201 - "PUT http://172.18.0.2:8080/d1/314/AUTH_459728d9343f40f7b0c4f3326bfebcf8/gnocchi.1f6c13b8-d42c-4404-a06c-762ab3d0d376/none_v3" "txf2a745dd2c11425aaf882-0069bd5d52" "object-server 21" 0.0004 "-" 22 0
Mar 20 14:44:34 standalone object-server[127554]: 172.20.0.100 - - [20/Mar/2026:14:44:34 +0000] "PUT /d1/314/AUTH_459728d9343f40f7b0c4f3326bfebcf8/gnocchi.1f6c13b8-d42c-4404-a06c-762ab3d0d376/none_v3" 201 - "PUT http://172.18.0.2:8080/v1/AUTH_459728d9343f40f7b0c4f3326bfebcf8/gnocchi.1f6c13b8-d42c-4404-a06c-762ab3d0d376/none_v3" "txf2a745dd2c11425aaf882-0069bd5d52" "proxy-server 20" 0.0088 "-" 21 0
Mar 20 14:44:34 standalone proxy-server[129543]: 172.18.0.2 172.18.0.100 20/Mar/2026/14/44/34 PUT /v1/AUTH_459728d9343f40f7b0c4f3326bfebcf8/gnocchi.1f6c13b8-d42c-4404-a06c-762ab3d0d376/none_v3 HTTP/1.0 201 - python-swiftclient-3.11.1 gAAAAABpvVzD3TF2... 22 - - txf2a745dd2c11425aaf882-0069bd5d52 - 0.0135 - - 1774017874.326045275 1774017874.339526653 0
Mar 20 14:44:34 standalone container-server[127385]: 172.20.0.100 - - [20/Mar/2026:14:44:34 +0000] "HEAD /d1/635/AUTH_459728d9343f40f7b0c4f3326bfebcf8/gnocchi.def37602-4ce9-40d2-ad28-428773197555" 404 - "HEAD http://172.18.0.2:8080/v1/AUTH_459728d9343f40f7b0c4f3326bfebcf8/gnocchi.def37602-4ce9-40d2-ad28-428773197555?format=json&states=listing" "tx048e813deef2410689b3a-0069bd5d52" "proxy-server 20" 0.0005 "-" 21 0
Mar 20 14:44:34 standalone object-server[127556]: 172.20.0.100 - - [20/Mar/2026:14:44:34 +0000] "GET /d1/1022/AUTH_459728d9343f40f7b0c4f3326bfebcf8/gnocchi.def37602-4ce9-40d2-ad28-428773197555/none_v3" 404 70 "GET http://172.18.0.2:8080/v1/AUTH_459728d9343f40f7b0c4f3326bfebcf8/gnocchi.def37602-4ce9-40d2-ad28-428773197555/none_v3" "tx048e813deef2410689b3a-0069bd5d52" "proxy-server 20" 0.0004 "-" 22 0
Mar 20 14:44:34 standalone proxy-server[129543]: 172.18.0.2 172.18.0.100 20/Mar/2026/14/44/34 GET /v1/AUTH_459728d9343f40f7b0c4f3326bfebcf8/gnocchi.def37602-4ce9-40d2-ad28-428773197555/none_v3 HTTP/1.0 404 - python-swiftclient-3.11.1 gAAAAABpvVzD3TF2... - 70 - tx048e813deef2410689b3a-0069bd5d52 - 0.0100 - - 1774017874.349449396 1774017874.359415531 0
Mar 20 14:44:34 standalone account-server[127375]: 172.20.0.100 - - [20/Mar/2026:14:44:34 +0000] "PUT /d1/992/AUTH_459728d9343f40f7b0c4f3326bfebcf8/gnocchi.def37602-4ce9-40d2-ad28-428773197555" 201 - "PUT http://172.20.0.100:6001/d1/635/AUTH_459728d9343f40f7b0c4f3326bfebcf8/gnocchi.def37602-4ce9-40d2-ad28-428773197555" "tx0e99ac3365c64b5aae4a6-0069bd5d52" "container-server 22" 0.0057 "-" 21 0
Mar 20 14:44:34 standalone container-server[127396]: 172.20.0.100 - - [20/Mar/2026:14:44:34 +0000] "PUT /d1/635/AUTH_459728d9343f40f7b0c4f3326bfebcf8/gnocchi.def37602-4ce9-40d2-ad28-428773197555" 201 - "PUT http://172.18.0.2:8080/v1/AUTH_459728d9343f40f7b0c4f3326bfebcf8/gnocchi.def37602-4ce9-40d2-ad28-428773197555" "tx0e99ac3365c64b5aae4a6-0069bd5d52" "proxy-server 20" 0.0142 "-" 22 0
Mar 20 14:44:34 standalone proxy-server[129543]: 172.18.0.2 172.18.0.100 20/Mar/2026/14/44/34 PUT /v1/AUTH_459728d9343f40f7b0c4f3326bfebcf8/gnocchi.def37602-4ce9-40d2-ad28-428773197555 HTTP/1.0 201 - python-swiftclient-3.11.1 gAAAAABpvVzD3TF2... - - - tx0e99ac3365c64b5aae4a6-0069bd5d52 - 0.0177 - - 1774017874.361691952 1774017874.379406452 0
Mar 20 14:44:34 standalone container-server[127385]: 172.20.0.100 - - [20/Mar/2026:14:44:34 +0000] "HEAD /d1/635/AUTH_459728d9343f40f7b0c4f3326bfebcf8/gnocchi.def37602-4ce9-40d2-ad28-428773197555" 204 - "HEAD http://172.18.0.2:8080/v1/AUTH_459728d9343f40f7b0c4f3326bfebcf8/gnocchi.def37602-4ce9-40d2-ad28-428773197555?format=json&states=listing" "tx4e6053421a44489d9f1e4-0069bd5d52" "proxy-server 20" 0.0016 "-" 21 0
Mar 20 14:44:34 standalone proxy-server[129543]: - - 20/Mar/2026/14/44/34 HEAD /v1/AUTH_459728d9343f40f7b0c4f3326bfebcf8/gnocchi.def37602-4ce9-40d2-ad28-428773197555%3Fformat%3Djson%26states%3Dlisting HTTP/1.0 204 - Swift - - - - tx4e6053421a44489d9f1e4-0069bd5d52 - 0.0046 RL - 1774017874.384315252 1774017874.388945103 0
Mar 20 14:44:34 standalone container-server[127396]: 172.20.0.100 - - [20/Mar/2026:14:44:34 +0000] "GET /d1/635/AUTH_459728d9343f40f7b0c4f3326bfebcf8/gnocchi.def37602-4ce9-40d2-ad28-428773197555" 200 2 "GET http://172.18.0.2:8080/v1/AUTH_459728d9343f40f7b0c4f3326bfebcf8/gnocchi.def37602-4ce9-40d2-ad28-428773197555?format=json&states=listing" "tx4e6053421a44489d9f1e4-0069bd5d52" "proxy-server 20" 0.0014 "-" 22 0
Mar 20 14:44:34 standalone proxy-server[129543]: 172.18.0.2 172.18.0.100 20/Mar/2026/14/44/34 GET /v1/AUTH_459728d9343f40f7b0c4f3326bfebcf8/gnocchi.def37602-4ce9-40d2-ad28-428773197555%3Fformat%3Djson%26states%3Dlisting HTTP/1.0 200 - python-swiftclient-3.11.1 gAAAAABpvVzD3TF2... - 2 - tx4e6053421a44489d9f1e4-0069bd5d52 - 0.0126 - - 1774017874.382295847 1774017874.394901276 0
Mar 20 14:44:34 standalone object-server[127557]: 172.20.0.100 - - [20/Mar/2026:14:44:34 +0000] "GET /d1/898/AUTH_459728d9343f40f7b0c4f3326bfebcf8/gnocchi.def37602-4ce9-40d2-ad28-428773197555/1773360000.0_mean_300.0_v3" 404 70 "GET http://172.18.0.2:8080/v1/AUTH_459728d9343f40f7b0c4f3326bfebcf8/gnocchi.def37602-4ce9-40d2-ad28-428773197555/1773360000.0_mean_300.0_v3" "tx61e702e1c5ad4443acd9f-0069bd5d52" "proxy-server 20" 0.0006 "-" 23 0
Mar 20 14:44:34 standalone proxy-server[129543]: 172.18.0.2 172.18.0.100 20/Mar/2026/14/44/34 GET /v1/AUTH_459728d9343f40f7b0c4f3326bfebcf8/gnocchi.def37602-4ce9-40d2-ad28-428773197555/1773360000.0_mean_300.0_v3 HTTP/1.0 404 - python-swiftclient-3.11.1 gAAAAABpvVzD3TF2... - 70 - tx61e702e1c5ad4443acd9f-0069bd5d52 - 0.0057 - - 1774017874.397866011 1774017874.403517246 0
Mar 20 14:44:34 standalone container-server[127385]: 172.20.0.100 - - [20/Mar/2026:14:44:34 +0000] "PUT /d1/635/AUTH_459728d9343f40f7b0c4f3326bfebcf8/gnocchi.def37602-4ce9-40d2-ad28-428773197555/1773360000.0_mean_300.0_v3" 201 - "PUT http://172.18.0.2:8080/d1/898/AUTH_459728d9343f40f7b0c4f3326bfebcf8/gnocchi.def37602-4ce9-40d2-ad28-428773197555/1773360000.0_mean_300.0_v3" "tx6109026ed572489eabdb2-0069bd5d52" "object-server 21" 0.0014 "-" 21 0
Mar 20 14:44:34 standalone object-server[127554]: 172.20.0.100 - - [20/Mar/2026:14:44:34 +0000] "PUT /d1/898/AUTH_459728d9343f40f7b0c4f3326bfebcf8/gnocchi.def37602-4ce9-40d2-ad28-428773197555/1773360000.0_mean_300.0_v3" 201 - "PUT http://172.18.0.2:8080/v1/AUTH_459728d9343f40f7b0c4f3326bfebcf8/gnocchi.def37602-4ce9-40d2-ad28-428773197555/1773360000.0_mean_300.0_v3" "tx6109026ed572489eabdb2-0069bd5d52" "proxy-server 20" 0.0115 "-" 21 0
Mar 20 14:44:34 standalone proxy-server[129543]: 172.18.0.2 172.18.0.100 20/Mar/2026/14/44/34 PUT /v1/AUTH_459728d9343f40f7b0c4f3326bfebcf8/gnocchi.def37602-4ce9-40d2-ad28-428773197555/1773360000.0_mean_300.0_v3 HTTP/1.0 201 - python-swiftclient-3.11.1 gAAAAABpvVzD3TF2... 16 - - tx6109026ed572489eabdb2-0069bd5d52 - 0.0170 - - 1774017874.405816317 1774017874.422861338 0
Mar 20 14:44:34 standalone container-server[127385]: 172.20.0.100 - - [20/Mar/2026:14:44:34 +0000] "PUT /d1/635/AUTH_459728d9343f40f7b0c4f3326bfebcf8/gnocchi.def37602-4ce9-40d2-ad28-428773197555/none_v3" 201 - "PUT http://172.18.0.2:8080/d1/1022/AUTH_459728d9343f40f7b0c4f3326bfebcf8/gnocchi.def37602-4ce9-40d2-ad28-428773197555/none_v3" "tx9bf83100cf87464a9484f-0069bd5d52" "object-server 22" 0.0007 "-" 21 0
Mar 20 14:44:34 standalone object-server[127556]: 172.20.0.100 - - [20/Mar/2026:14:44:34 +0000] "PUT /d1/1022/AUTH_459728d9343f40f7b0c4f3326bfebcf8/gnocchi.def37602-4ce9-40d2-ad28-428773197555/none_v3" 201 - "PUT http://172.18.0.2:8080/v1/AUTH_459728d9343f40f7b0c4f3326bfebcf8/gnocchi.def37602-4ce9-40d2-ad28-428773197555/none_v3" "tx9bf83100cf87464a9484f-0069bd5d52" "proxy-server 20" 0.0101 "-" 22 0
Mar 20 14:44:34 standalone proxy-server[129543]: 172.18.0.2 172.18.0.100 20/Mar/2026/14/44/34 PUT /v1/AUTH_459728d9343f40f7b0c4f3326bfebcf8/gnocchi.def37602-4ce9-40d2-ad28-428773197555/none_v3 HTTP/1.0 201 - python-swiftclient-3.11.1 gAAAAABpvVzD3TF2... 22 - - tx9bf83100cf87464a9484f-0069bd5d52 - 0.0171 - - 1774017874.425871849 1774017874.442948341 0
Mar 20 14:44:34 standalone container-server[127399]: 172.20.0.100 - - [20/Mar/2026:14:44:34 +0000] "HEAD /d1/482/AUTH_459728d9343f40f7b0c4f3326bfebcf8/gnocchi.0fc9f8be-feec-4f5c-83e7-80313bdff5ea" 404 - "HEAD http://172.18.0.2:8080/v1/AUTH_459728d9343f40f7b0c4f3326bfebcf8/gnocchi.0fc9f8be-feec-4f5c-83e7-80313bdff5ea?format=json&states=listing" "txb7f82bc6355d4662b49a4-0069bd5d52" "proxy-server 20" 0.0004 "-" 23 0
Mar 20 14:44:34 standalone object-server[127556]: 172.20.0.100 - - [20/Mar/2026:14:44:34 +0000] "GET /d1/323/AUTH_459728d9343f40f7b0c4f3326bfebcf8/gnocchi.0fc9f8be-feec-4f5c-83e7-80313bdff5ea/none_v3" 404 70 "GET http://172.18.0.2:8080/v1/AUTH_459728d9343f40f7b0c4f3326bfebcf8/gnocchi.0fc9f8be-feec-4f5c-83e7-80313bdff5ea/none_v3" "txb7f82bc6355d4662b49a4-0069bd5d52" "proxy-server 20" 0.0005 "-" 22 0
Mar 20 14:44:34 standalone proxy-server[129543]: 172.18.0.2 172.18.0.100 20/Mar/2026/14/44/34 GET /v1/AUTH_459728d9343f40f7b0c4f3326bfebcf8/gnocchi.0fc9f8be-feec-4f5c-83e7-80313bdff5ea/none_v3 HTTP/1.0 404 - python-swiftclient-3.11.1 gAAAAABpvVzD3TF2... - 70 - txb7f82bc6355d4662b49a4-0069bd5d52 - 0.0150 - - 1774017874.452926397 1774017874.467973709 0
Mar 20 14:44:34 standalone account-server[127368]: 172.20.0.100 - - [20/Mar/2026:14:44:34 +0000] "PUT /d1/992/AUTH_459728d9343f40f7b0c4f3326bfebcf8/gnocchi.0fc9f8be-feec-4f5c-83e7-80313bdff5ea" 201 - "PUT http://172.20.0.100:6001/d1/482/AUTH_459728d9343f40f7b0c4f3326bfebcf8/gnocchi.0fc9f8be-feec-4f5c-83e7-80313bdff5ea" "txcc3a809086af4728918dd-0069bd5d52" "container-server 22" 0.0137 "-" 20 0
Mar 20 14:44:34 standalone container-server[127396]: 172.20.0.100 - - [20/Mar/2026:14:44:34 +0000] "PUT /d1/482/AUTH_459728d9343f40f7b0c4f3326bfebcf8/gnocchi.0fc9f8be-feec-4f5c-83e7-80313bdff5ea" 201 - "PUT http://172.18.0.2:8080/v1/AUTH_459728d9343f40f7b0c4f3326bfebcf8/gnocchi.0fc9f8be-feec-4f5c-83e7-80313bdff5ea" "txcc3a809086af4728918dd-0069bd5d52" "proxy-server 20" 0.0258 "-" 22 0
Mar 20 14:44:34 standalone proxy-server[129543]: 172.18.0.2 172.18.0.100 20/Mar/2026/14/44/34 PUT /v1/AUTH_459728d9343f40f7b0c4f3326bfebcf8/gnocchi.0fc9f8be-feec-4f5c-83e7-80313bdff5ea HTTP/1.0 201 - python-swiftclient-3.11.1 gAAAAABpvVzD3TF2... - - - txcc3a809086af4728918dd-0069bd5d52 - 0.0317 - - 1774017874.470976830 1774017874.502660036 0
Mar 20 14:44:34 standalone container-server[127384]: 172.20.0.100 - - [20/Mar/2026:14:44:34 +0000] "HEAD /d1/482/AUTH_459728d9343f40f7b0c4f3326bfebcf8/gnocchi.0fc9f8be-feec-4f5c-83e7-80313bdff5ea" 204 - "HEAD http://172.18.0.2:8080/v1/AUTH_459728d9343f40f7b0c4f3326bfebcf8/gnocchi.0fc9f8be-feec-4f5c-83e7-80313bdff5ea?format=json&states=listing" "tx61b770d597ca42f0911bd-0069bd5d52" "proxy-server 20" 0.0022 "-" 20 0
Mar 20 14:44:34 standalone proxy-server[129543]: - - 20/Mar/2026/14/44/34 HEAD /v1/AUTH_459728d9343f40f7b0c4f3326bfebcf8/gnocchi.0fc9f8be-feec-4f5c-83e7-80313bdff5ea%3Fformat%3Djson%26states%3Dlisting HTTP/1.0 204 - Swift - - - - tx61b770d597ca42f0911bd-0069bd5d52 - 0.0074 RL - 1774017874.507391214 1774017874.514757872 0
Mar 20 14:44:34 standalone container-server[127399]: 172.20.0.100 - - [20/Mar/2026:14:44:34 +0000] "GET /d1/482/AUTH_459728d9343f40f7b0c4f3326bfebcf8/gnocchi.0fc9f8be-feec-4f5c-83e7-80313bdff5ea" 200 2 "GET http://172.18.0.2:8080/v1/AUTH_459728d9343f40f7b0c4f3326bfebcf8/gnocchi.0fc9f8be-feec-4f5c-83e7-80313bdff5ea?format=json&states=listing" "tx61b770d597ca42f0911bd-0069bd5d52" "proxy-server 20" 0.0023 "-" 23 0
Mar 20 14:44:34 standalone proxy-server[129543]: 172.18.0.2 172.18.0.100 20/Mar/2026/14/44/34 GET /v1/AUTH_459728d9343f40f7b0c4f3326bfebcf8/gnocchi.0fc9f8be-feec-4f5c-83e7-80313bdff5ea%3Fformat%3Djson%26states%3Dlisting HTTP/1.0 200 - python-swiftclient-3.11.1 gAAAAABpvVzD3TF2... - 2 - tx61b770d597ca42f0911bd-0069bd5d52 - 0.0299 - - 1774017874.506393194 1774017874.536341429 0
Mar 20 14:44:34 standalone object-server[127557]: 172.20.0.100 - - [20/Mar/2026:14:44:34 +0000] "GET /d1/800/AUTH_459728d9343f40f7b0c4f3326bfebcf8/gnocchi.0fc9f8be-feec-4f5c-83e7-80313bdff5ea/1773360000.0_mean_300.0_v3" 404 70 "GET http://172.18.0.2:8080/v1/AUTH_459728d9343f40f7b0c4f3326bfebcf8/gnocchi.0fc9f8be-feec-4f5c-83e7-80313bdff5ea/1773360000.0_mean_300.0_v3" "txb38d6504c9c94d0791127-0069bd5d52" "proxy-server 20" 0.0006 "-" 23 0
Mar 20 14:44:34 standalone proxy-server[129543]: 172.18.0.2 172.18.0.100 20/Mar/2026/14/44/34 GET /v1/AUTH_459728d9343f40f7b0c4f3326bfebcf8/gnocchi.0fc9f8be-feec-4f5c-83e7-80313bdff5ea/1773360000.0_mean_300.0_v3 HTTP/1.0 404 - python-swiftclient-3.11.1 gAAAAABpvVzD3TF2... - 70 - txb38d6504c9c94d0791127-0069bd5d52 - 0.0097 - - 1774017874.542620182 1774017874.552320957 0
Mar 20 14:44:34 standalone container-server[127384]: 172.20.0.100 - - [20/Mar/2026:14:44:34 +0000] "PUT /d1/482/AUTH_459728d9343f40f7b0c4f3326bfebcf8/gnocchi.0fc9f8be-feec-4f5c-83e7-80313bdff5ea/1773360000.0_mean_300.0_v3" 201 - "PUT http://172.18.0.2:8080/d1/800/AUTH_459728d9343f40f7b0c4f3326bfebcf8/gnocchi.0fc9f8be-feec-4f5c-83e7-80313bdff5ea/1773360000.0_mean_300.0_v3" "txa84e752be42f407883cad-0069bd5d52" "object-server 20" 0.0008 "-" 20 0
Mar 20 14:44:34 standalone object-server[127551]: 172.20.0.100 - - [20/Mar/2026:14:44:34 +0000] "PUT /d1/800/AUTH_459728d9343f40f7b0c4f3326bfebcf8/gnocchi.0fc9f8be-feec-4f5c-83e7-80313bdff5ea/1773360000.0_mean_300.0_v3" 201 - "PUT http://172.18.0.2:8080/v1/AUTH_459728d9343f40f7b0c4f3326bfebcf8/gnocchi.0fc9f8be-feec-4f5c-83e7-80313bdff5ea/1773360000.0_mean_300.0_v3" "txa84e752be42f407883cad-0069bd5d52" "proxy-server 20" 0.0280 "-" 20 0
Mar 20 14:44:34 standalone proxy-server[129543]: 172.18.0.2 172.18.0.100 20/Mar/2026/14/44/34 PUT /v1/AUTH_459728d9343f40f7b0c4f3326bfebcf8/gnocchi.0fc9f8be-feec-4f5c-83e7-80313bdff5ea/1773360000.0_mean_300.0_v3 HTTP/1.0 201 - python-swiftclient-3.11.1 gAAAAABpvVzD3TF2... 16 - - txa84e752be42f407883cad-0069bd5d52 - 0.0352 - - 1774017874.556418657 1774017874.591606617 0
Mar 20 14:44:34 standalone container-server[127399]: 172.20.0.100 - - [20/Mar/2026:14:44:34 +0000] "PUT /d1/482/AUTH_459728d9343f40f7b0c4f3326bfebcf8/gnocchi.0fc9f8be-feec-4f5c-83e7-80313bdff5ea/none_v3" 201 - "PUT http://172.18.0.2:8080/d1/323/AUTH_459728d9343f40f7b0c4f3326bfebcf8/gnocchi.0fc9f8be-feec-4f5c-83e7-80313bdff5ea/none_v3" "tx8f36fecb509940b6bb143-0069bd5d52" "object-server 21" 0.0006 "-" 23 0
Mar 20 14:44:34 standalone object-server[127554]: 172.20.0.100 - - [20/Mar/2026:14:44:34 +0000] "PUT /d1/323/AUTH_459728d9343f40f7b0c4f3326bfebcf8/gnocchi.0fc9f8be-feec-4f5c-83e7-80313bdff5ea/none_v3" 201 - "PUT http://172.18.0.2:8080/v1/AUTH_459728d9343f40f7b0c4f3326bfebcf8/gnocchi.0fc9f8be-feec-4f5c-83e7-80313bdff5ea/none_v3" "tx8f36fecb509940b6bb143-0069bd5d52" "proxy-server 20" 0.0134 "-" 21 0
Mar 20 14:44:34 standalone proxy-server[129543]: 172.18.0.2 172.18.0.100 20/Mar/2026/14/44/34 PUT /v1/AUTH_459728d9343f40f7b0c4f3326bfebcf8/gnocchi.0fc9f8be-feec-4f5c-83e7-80313bdff5ea/none_v3 HTTP/1.0 201 - python-swiftclient-3.11.1 gAAAAABpvVzD3TF2... 22 - - tx8f36fecb509940b6bb143-0069bd5d52 - 0.0223 - - 1774017874.595483303 1774017874.617760420 0
Mar 20 14:44:34 standalone container-server[127385]: 172.20.0.100 - - [20/Mar/2026:14:44:34 +0000] "HEAD /d1/18/AUTH_459728d9343f40f7b0c4f3326bfebcf8/gnocchi.daf093ae-99e4-4d5a-8c3e-2ebbf2824f73" 404 - "HEAD http://172.18.0.2:8080/v1/AUTH_459728d9343f40f7b0c4f3326bfebcf8/gnocchi.daf093ae-99e4-4d5a-8c3e-2ebbf2824f73?format=json&states=listing" "tx356912c2968c4558a1713-0069bd5d52" "proxy-server 20" 0.0006 "-" 21 0
Mar 20 14:44:34 standalone object-server[127551]: 172.20.0.100 - - [20/Mar/2026:14:44:34 +0000] "GET /d1/768/AUTH_459728d9343f40f7b0c4f3326bfebcf8/gnocchi.daf093ae-99e4-4d5a-8c3e-2ebbf2824f73/none_v3" 404 70 "GET http://172.18.0.2:8080/v1/AUTH_459728d9343f40f7b0c4f3326bfebcf8/gnocchi.daf093ae-99e4-4d5a-8c3e-2ebbf2824f73/none_v3" "tx356912c2968c4558a1713-0069bd5d52" "proxy-server 20" 0.0008 "-" 20 0
Mar 20 14:44:34 standalone proxy-server[129543]: 172.18.0.2 172.18.0.100 20/Mar/2026/14/44/34 GET /v1/AUTH_459728d9343f40f7b0c4f3326bfebcf8/gnocchi.daf093ae-99e4-4d5a-8c3e-2ebbf2824f73/none_v3 HTTP/1.0 404 - python-swiftclient-3.11.1 gAAAAABpvVzD3TF2... - 70 - tx356912c2968c4558a1713-0069bd5d52 - 0.0149 - - 1774017874.633013964 1774017874.647865295 0
Mar 20 14:44:34 standalone account-server[127375]: 172.20.0.100 - - [20/Mar/2026:14:44:34 +0000] "PUT /d1/992/AUTH_459728d9343f40f7b0c4f3326bfebcf8/gnocchi.daf093ae-99e4-4d5a-8c3e-2ebbf2824f73" 201 - "PUT http://172.20.0.100:6001/d1/18/AUTH_459728d9343f40f7b0c4f3326bfebcf8/gnocchi.daf093ae-99e4-4d5a-8c3e-2ebbf2824f73" "txc5d58085f5e44a0c9f695-0069bd5d52" "container-server 20" 0.0053 "-" 21 0
Mar 20 14:44:34 standalone container-server[127384]: 172.20.0.100 - - [20/Mar/2026:14:44:34 +0000] "PUT /d1/18/AUTH_459728d9343f40f7b0c4f3326bfebcf8/gnocchi.daf093ae-99e4-4d5a-8c3e-2ebbf2824f73" 201 - "PUT http://172.18.0.2:8080/v1/AUTH_459728d9343f40f7b0c4f3326bfebcf8/gnocchi.daf093ae-99e4-4d5a-8c3e-2ebbf2824f73" "txc5d58085f5e44a0c9f695-0069bd5d52" "proxy-server 20" 0.0156 "-" 20 0
Mar 20 14:44:34 standalone proxy-server[129543]: 172.18.0.2 172.18.0.100 20/Mar/2026/14/44/34 PUT /v1/AUTH_459728d9343f40f7b0c4f3326bfebcf8/gnocchi.daf093ae-99e4-4d5a-8c3e-2ebbf2824f73 HTTP/1.0 201 - python-swiftclient-3.11.1 gAAAAABpvVzD3TF2... - - - txc5d58085f5e44a0c9f695-0069bd5d52 - 0.0217 - - 1774017874.651365280 1774017874.673077106 0
Mar 20 14:44:34 standalone container-server[127384]: 172.20.0.100 - - [20/Mar/2026:14:44:34 +0000] "HEAD /d1/18/AUTH_459728d9343f40f7b0c4f3326bfebcf8/gnocchi.daf093ae-99e4-4d5a-8c3e-2ebbf2824f73" 204 - "HEAD http://172.18.0.2:8080/v1/AUTH_459728d9343f40f7b0c4f3326bfebcf8/gnocchi.daf093ae-99e4-4d5a-8c3e-2ebbf2824f73?format=json&states=listing" "tx4b9a3dfa305d42e3998f7-0069bd5d52" "proxy-server 20" 0.0012 "-" 20 0
Mar 20 14:44:34 standalone proxy-server[129543]: - - 20/Mar/2026/14/44/34 HEAD /v1/AUTH_459728d9343f40f7b0c4f3326bfebcf8/gnocchi.daf093ae-99e4-4d5a-8c3e-2ebbf2824f73%3Fformat%3Djson%26states%3Dlisting HTTP/1.0 204 - Swift - - - - tx4b9a3dfa305d42e3998f7-0069bd5d52 - 0.0070 RL - 1774017874.681754112 1774017874.688754320 0
Mar 20 14:44:34 standalone container-server[127385]: 172.20.0.100 - - [20/Mar/2026:14:44:34 +0000] "GET /d1/18/AUTH_459728d9343f40f7b0c4f3326bfebcf8/gnocchi.daf093ae-99e4-4d5a-8c3e-2ebbf2824f73" 200 2 "GET http://172.18.0.2:8080/v1/AUTH_459728d9343f40f7b0c4f3326bfebcf8/gnocchi.daf093ae-99e4-4d5a-8c3e-2ebbf2824f73?format=json&states=listing" "tx4b9a3dfa305d42e3998f7-0069bd5d52" "proxy-server 20" 0.0038 "-" 21 0
Mar 20 14:44:34 standalone proxy-server[129543]: 172.18.0.2 172.18.0.100 20/Mar/2026/14/44/34 GET /v1/AUTH_459728d9343f40f7b0c4f3326bfebcf8/gnocchi.daf093ae-99e4-4d5a-8c3e-2ebbf2824f73%3Fformat%3Djson%26states%3Dlisting HTTP/1.0 200 - python-swiftclient-3.11.1 gAAAAABpvVzD3TF2... - 2 - tx4b9a3dfa305d42e3998f7-0069bd5d52 - 0.0210 - - 1774017874.680257797 1774017874.701305389 0
Mar 20 14:44:34 standalone object-server[127554]: 172.20.0.100 - - [20/Mar/2026:14:44:34 +0000] "GET /d1/253/AUTH_459728d9343f40f7b0c4f3326bfebcf8/gnocchi.daf093ae-99e4-4d5a-8c3e-2ebbf2824f73/1773360000.0_mean_300.0_v3" 404 70 "GET http://172.18.0.2:8080/v1/AUTH_459728d9343f40f7b0c4f3326bfebcf8/gnocchi.daf093ae-99e4-4d5a-8c3e-2ebbf2824f73/1773360000.0_mean_300.0_v3" "tx7447dd6aa17b41bebfcb8-0069bd5d52" "proxy-server 20" 0.0006 "-" 21 0
Mar 20 14:44:34 standalone proxy-server[129543]: 172.18.0.2 172.18.0.100 20/Mar/2026/14/44/34 GET /v1/AUTH_459728d9343f40f7b0c4f3326bfebcf8/gnocchi.daf093ae-99e4-4d5a-8c3e-2ebbf2824f73/1773360000.0_mean_300.0_v3 HTTP/1.0 404 - python-swiftclient-3.11.1 gAAAAABpvVzD3TF2... - 70 - tx7447dd6aa17b41bebfcb8-0069bd5d52 - 0.0094 - - 1774017874.706423521 1774017874.715871811 0
Mar 20 14:44:34 standalone container-server[127385]: 172.20.0.100 - - [20/Mar/2026:14:44:34 +0000] "PUT /d1/18/AUTH_459728d9343f40f7b0c4f3326bfebcf8/gnocchi.daf093ae-99e4-4d5a-8c3e-2ebbf2824f73/1773360000.0_mean_300.0_v3" 201 - "PUT http://172.18.0.2:8080/d1/253/AUTH_459728d9343f40f7b0c4f3326bfebcf8/gnocchi.daf093ae-99e4-4d5a-8c3e-2ebbf2824f73/1773360000.0_mean_300.0_v3" "tx472a4e93a0934094b0017-0069bd5d52" "object-server 23" 0.0009 "-" 21 0
Mar 20 14:44:34 standalone object-server[127557]: 172.20.0.100 - - [20/Mar/2026:14:44:34 +0000] "PUT /d1/253/AUTH_459728d9343f40f7b0c4f3326bfebcf8/gnocchi.daf093ae-99e4-4d5a-8c3e-2ebbf2824f73/1773360000.0_mean_300.0_v3" 201 - "PUT http://172.18.0.2:8080/v1/AUTH_459728d9343f40f7b0c4f3326bfebcf8/gnocchi.daf093ae-99e4-4d5a-8c3e-2ebbf2824f73/1773360000.0_mean_300.0_v3" "tx472a4e93a0934094b0017-0069bd5d52" "proxy-server 20" 0.0088 "-" 23 0
Mar 20 14:44:34 standalone proxy-server[129543]: 172.18.0.2 172.18.0.100 20/Mar/2026/14/44/34 PUT /v1/AUTH_459728d9343f40f7b0c4f3326bfebcf8/gnocchi.daf093ae-99e4-4d5a-8c3e-2ebbf2824f73/1773360000.0_mean_300.0_v3 HTTP/1.0 201 - python-swiftclient-3.11.1 gAAAAABpvVzD3TF2... 16 - - tx472a4e93a0934094b0017-0069bd5d52 - 0.0139 - - 1774017874.721685648 1774017874.735618591 0
Mar 20 14:44:34 standalone container-server[127399]: 172.20.0.100 - - [20/Mar/2026:14:44:34 +0000] "PUT /d1/18/AUTH_459728d9343f40f7b0c4f3326bfebcf8/gnocchi.daf093ae-99e4-4d5a-8c3e-2ebbf2824f73/none_v3" 201 - "PUT http://172.18.0.2:8080/d1/768/AUTH_459728d9343f40f7b0c4f3326bfebcf8/gnocchi.daf093ae-99e4-4d5a-8c3e-2ebbf2824f73/none_v3" "txd7c86d12d85145f495146-0069bd5d52" "object-server 23" 0.0005 "-" 23 0
Mar 20 14:44:34 standalone object-server[127557]: 172.20.0.100 - - [20/Mar/2026:14:44:34 +0000] "PUT /d1/768/AUTH_459728d9343f40f7b0c4f3326bfebcf8/gnocchi.daf093ae-99e4-4d5a-8c3e-2ebbf2824f73/none_v3" 201 - "PUT http://172.18.0.2:8080/v1/AUTH_459728d9343f40f7b0c4f3326bfebcf8/gnocchi.daf093ae-99e4-4d5a-8c3e-2ebbf2824f73/none_v3" "txd7c86d12d85145f495146-0069bd5d52" "proxy-server 20" 0.0082 "-" 23 0
Mar 20 14:44:34 standalone proxy-server[129543]: 172.18.0.2 172.18.0.100 20/Mar/2026/14/44/34 PUT /v1/AUTH_459728d9343f40f7b0c4f3326bfebcf8/gnocchi.daf093ae-99e4-4d5a-8c3e-2ebbf2824f73/none_v3 HTTP/1.0 201 - python-swiftclient-3.11.1 gAAAAABpvVzD3TF2... 22 - - txd7c86d12d85145f495146-0069bd5d52 - 0.0114 - - 1774017874.738512039 1774017874.749930143 0
Mar 20 14:44:34 standalone container-server[127384]: 172.20.0.100 - - [20/Mar/2026:14:44:34 +0000] "HEAD /d1/640/AUTH_459728d9343f40f7b0c4f3326bfebcf8/gnocchi.656f870d-707f-4ec5-b034-2182922b3e83" 404 - "HEAD http://172.18.0.2:8080/v1/AUTH_459728d9343f40f7b0c4f3326bfebcf8/gnocchi.656f870d-707f-4ec5-b034-2182922b3e83?format=json&states=listing" "tx1316ca08cf4e43caa242c-0069bd5d52" "proxy-server 20" 0.0005 "-" 20 0
Mar 20 14:44:34 standalone object-server[127554]: 172.20.0.100 - - [20/Mar/2026:14:44:34 +0000] "GET /d1/420/AUTH_459728d9343f40f7b0c4f3326bfebcf8/gnocchi.656f870d-707f-4ec5-b034-2182922b3e83/none_v3" 404 70 "GET http://172.18.0.2:8080/v1/AUTH_459728d9343f40f7b0c4f3326bfebcf8/gnocchi.656f870d-707f-4ec5-b034-2182922b3e83/none_v3" "tx1316ca08cf4e43caa242c-0069bd5d52" "proxy-server 20" 0.0006 "-" 21 0
Mar 20 14:44:34 standalone proxy-server[129543]: 172.18.0.2 172.18.0.100 20/Mar/2026/14/44/34 GET /v1/AUTH_459728d9343f40f7b0c4f3326bfebcf8/gnocchi.656f870d-707f-4ec5-b034-2182922b3e83/none_v3 HTTP/1.0 404 - python-swiftclient-3.11.1 gAAAAABpvVzD3TF2... - 70 - tx1316ca08cf4e43caa242c-0069bd5d52 - 0.0092 - - 1774017874.762723923 1774017874.771876812 0
Mar 20 14:44:34 standalone account-server[127382]: 172.20.0.100 - - [20/Mar/2026:14:44:34 +0000] "PUT /d1/992/AUTH_459728d9343f40f7b0c4f3326bfebcf8/gnocchi.656f870d-707f-4ec5-b034-2182922b3e83" 201 - "PUT http://172.20.0.100:6001/d1/640/AUTH_459728d9343f40f7b0c4f3326bfebcf8/gnocchi.656f870d-707f-4ec5-b034-2182922b3e83" "tx1b32dd980bb845fd8afa9-0069bd5d52" "container-server 22" 0.0052 "-" 22 0
Mar 20 14:44:34 standalone container-server[127396]: 172.20.0.100 - - [20/Mar/2026:14:44:34 +0000] "PUT /d1/640/AUTH_459728d9343f40f7b0c4f3326bfebcf8/gnocchi.656f870d-707f-4ec5-b034-2182922b3e83" 201 - "PUT http://172.18.0.2:8080/v1/AUTH_459728d9343f40f7b0c4f3326bfebcf8/gnocchi.656f870d-707f-4ec5-b034-2182922b3e83" "tx1b32dd980bb845fd8afa9-0069bd5d52" "proxy-server 20" 0.0197 "-" 22 0
Mar 20 14:44:34 standalone proxy-server[129543]: 172.18.0.2 172.18.0.100 20/Mar/2026/14/44/34 PUT /v1/AUTH_459728d9343f40f7b0c4f3326bfebcf8/gnocchi.656f870d-707f-4ec5-b034-2182922b3e83 HTTP/1.0 201 - python-swiftclient-3.11.1 gAAAAABpvVzD3TF2... - - - tx1b32dd980bb845fd8afa9-0069bd5d52 - 0.0233 - - 1774017874.777674198 1774017874.800933123 0
Mar 20 14:44:34 standalone container-server[127384]: 172.20.0.100 - - [20/Mar/2026:14:44:34 +0000] "HEAD /d1/640/AUTH_459728d9343f40f7b0c4f3326bfebcf8/gnocchi.656f870d-707f-4ec5-b034-2182922b3e83" 204 - "HEAD http://172.18.0.2:8080/v1/AUTH_459728d9343f40f7b0c4f3326bfebcf8/gnocchi.656f870d-707f-4ec5-b034-2182922b3e83?format=json&states=listing" "tx2c2fe354ef114766b4738-0069bd5d52" "proxy-server 20" 0.0019 "-" 20 0
Mar 20 14:44:34 standalone proxy-server[129543]: - - 20/Mar/2026/14/44/34 HEAD /v1/AUTH_459728d9343f40f7b0c4f3326bfebcf8/gnocchi.656f870d-707f-4ec5-b034-2182922b3e83%3Fformat%3Djson%26states%3Dlisting HTTP/1.0 204 - Swift - - - - tx2c2fe354ef114766b4738-0069bd5d52 - 0.0047 RL - 1774017874.805794239 1774017874.810486317 0
