Mar 20 14:29:36 standalone account-server[127007]: Starting 2
Mar 20 14:29:37 standalone container-server[127143]: Starting 2
Mar 20 14:29:37 standalone account-server[127046]: Started child 20 from parent 2
Mar 20 14:29:37 standalone account-server[127046]: Started child 21 from parent 2
Mar 20 14:29:37 standalone account-server[127046]: Started child 22 from parent 2
Mar 20 14:29:37 standalone container-server[127044]: Option allow_versions is deprecated. Configure the versioned_writes middleware in the proxy-server instead. This option will be ignored in a future release.
Mar 20 14:29:37 standalone container-server[127384]: Option allow_versions is deprecated. Configure the versioned_writes middleware in the proxy-server instead. This option will be ignored in a future release.
Mar 20 14:29:37 standalone container-server[127044]: Started child 20 from parent 2
Mar 20 14:29:37 standalone account-server[127046]: Started child 23 from parent 2
Mar 20 14:29:37 standalone container-server[127385]: Option allow_versions is deprecated. Configure the versioned_writes middleware in the proxy-server instead. This option will be ignored in a future release.
Mar 20 14:29:37 standalone container-server[127044]: Started child 21 from parent 2
Mar 20 14:29:37 standalone container-server[127396]: Option allow_versions is deprecated. Configure the versioned_writes middleware in the proxy-server instead. This option will be ignored in a future release.
Mar 20 14:29:37 standalone container-server[127044]: Started child 22 from parent 2
Mar 20 14:29:37 standalone container-server[127399]: Option allow_versions is deprecated. Configure the versioned_writes middleware in the proxy-server instead. This option will be ignored in a future release.
Mar 20 14:29:37 standalone container-server[127044]: Started child 23 from parent 2
Mar 20 14:29:38 standalone object-expirer[127421]: Starting 2
Mar 20 14:29:38 standalone object-expirer[127421]: Option auto_create_account_prefix is deprecated. Configure auto_create_account_prefix under the swift-constraints section of swift.conf. This option will be ignored in a future release.
Mar 20 14:29:38 standalone object-server[127449]: Started child 20 from parent 2
Mar 20 14:29:38 standalone object-server[127434]: Starting 2
Mar 20 14:29:38 standalone object-server[127449]: Started child 21 from parent 2
Mar 20 14:29:38 standalone object-server[127449]: Started child 22 from parent 2
Mar 20 14:29:38 standalone object-server[127449]: Started child 23 from parent 2
Mar 20 14:29:44 standalone proxy-server[129355]: Starting Keystone auth_token middleware
Mar 20 14:29:44 standalone proxy-server[129355]: AuthToken middleware is set with keystone_authtoken.service_token_roles_required set to False. This is backwards compatible but deprecated behaviour. Please set this to True.
Mar 20 14:29:44 standalone proxy-server[129543]: Starting Keystone auth_token middleware
Mar 20 14:29:44 standalone proxy-server[129543]: STDERR: The option "bind_port" is not known to keystonemiddleware
Mar 20 14:29:44 standalone proxy-server[129543]: STDERR: The option "workers" is not known to keystonemiddleware
Mar 20 14:29:44 standalone proxy-server[129543]: STDERR: The option "user" is not known to keystonemiddleware
Mar 20 14:29:44 standalone proxy-server[129543]: STDERR: The option "bind_ip" is not known to keystonemiddleware
Mar 20 14:29:44 standalone proxy-server[129543]: STDERR: The option "log_name" is not known to keystonemiddleware
Mar 20 14:29:44 standalone proxy-server[129543]: STDERR: The option "log_facility" is not known to keystonemiddleware
Mar 20 14:29:44 standalone proxy-server[129543]: STDERR: The option "log_level" is not known to keystonemiddleware
Mar 20 14:29:44 standalone proxy-server[129543]: STDERR: The option "log_headers" is not known to keystonemiddleware
Mar 20 14:29:44 standalone proxy-server[129543]: STDERR: The option "log_address" is not known to keystonemiddleware
Mar 20 14:29:44 standalone proxy-server[129543]: STDERR: The option "project_name" is not known to keystonemiddleware
Mar 20 14:29:44 standalone proxy-server[129543]: STDERR: The option "username" is not known to keystonemiddleware
Mar 20 14:29:44 standalone proxy-server[129543]: STDERR: The option "password" is not known to keystonemiddleware
Mar 20 14:29:44 standalone proxy-server[129543]: STDERR: The option "auth_url" is not known to keystonemiddleware
Mar 20 14:29:44 standalone proxy-server[129543]: STDERR: The option "signing_dir" is not known to keystonemiddleware
Mar 20 14:29:44 standalone proxy-server[129543]: STDERR: The option "project_domain_id" is not known to keystonemiddleware
Mar 20 14:29:44 standalone proxy-server[129543]: STDERR: The option "user_domain_id" is not known to keystonemiddleware
Mar 20 14:29:44 standalone proxy-server[129543]: STDERR: The option "__name__" is not known to keystonemiddleware
Mar 20 14:29:44 standalone proxy-server[129543]: AuthToken middleware is set with keystone_authtoken.service_token_roles_required set to False. This is backwards compatible but deprecated behaviour. Please set this to True.
Mar 20 14:29:44 standalone proxy-server[129355]: Started child 20 from parent 2
Mar 20 14:29:56 standalone container-server[127143]: Begin container update sweep
Mar 20 14:29:56 standalone container-server[127143]: Container update sweep completed: 0.00s
Mar 20 14:30:45 standalone object-server[127434]: Begin object update sweep
Mar 20 14:30:45 standalone object-server[136488]: Object update sweep starting on /srv/node/d1 (pid: 11)
Mar 20 14:30:45 standalone object-server[136488]: Object update sweep completed on /srv/node/d1 in 0.00s seconds:, 0 successes, 0 failures, 0 quarantines, 0 unlinks, 0 errors, 0 redirects (pid: 11)
Mar 20 14:30:45 standalone object-server[136488]: Object update sweep of d1 completed: 0.00s, 0 successes, 0 failures, 0 quarantines, 0 unlinks, 0 errors, 0 redirects
Mar 20 14:30:45 standalone object-server[127434]: Object update sweep completed: 0.10s
Mar 20 14:33:09 standalone account-server[127368]: 172.20.0.100 - - [20/Mar/2026:14:33:09 +0000] "HEAD /d1/592/.expiring_objects" 404 - "HEAD http://localhost/v1/.expiring_objects?format=json" "tx3491144c4f6a4daa9570c-0069bd5aa5" "proxy-server 2" 0.0011 "-" 20 -
Mar 20 14:33:09 standalone object-expirer[127421]: Pass completed in 0s; 0 objects expired (txn: tx3491144c4f6a4daa9570c-0069bd5aa5)
Mar 20 14:34:56 standalone container-server[127143]: Begin container update sweep
Mar 20 14:34:56 standalone container-server[127143]: Container update sweep completed: 0.00s
Mar 20 14:35:45 standalone object-server[127434]: Begin object update sweep
Mar 20 14:35:45 standalone object-server[172819]: Object update sweep starting on /srv/node/d1 (pid: 13)
Mar 20 14:35:45 standalone object-server[172819]: Object update sweep completed on /srv/node/d1 in 0.00s seconds:, 0 successes, 0 failures, 0 quarantines, 0 unlinks, 0 errors, 0 redirects (pid: 13)
Mar 20 14:35:45 standalone object-server[172819]: Object update sweep of d1 completed: 0.00s, 0 successes, 0 failures, 0 quarantines, 0 unlinks, 0 errors, 0 redirects
Mar 20 14:35:45 standalone object-server[127434]: Object update sweep completed: 0.08s
Mar 20 14:36:09 standalone account-server[127375]: 172.20.0.100 - - [20/Mar/2026:14:36:09 +0000] "HEAD /d1/592/.expiring_objects" 404 - "HEAD http://localhost/v1/.expiring_objects?format=json" "txefc2983a388945d99ddca-0069bd5b59" "proxy-server 2" 0.0013 "-" 21 -
Mar 20 14:36:09 standalone object-expirer[127421]: Pass completed in 0s; 0 objects expired (txn: txefc2983a388945d99ddca-0069bd5b59)
Mar 20 14:39:29 standalone account-server[127383]: 172.20.0.100 - - [20/Mar/2026:14:39:29 +0000] "HEAD /d1/592/.expiring_objects" 404 - "HEAD http://localhost/v1/.expiring_objects?format=json" "txaa00969b703b4538966d8-0069bd5c21" "proxy-server 2" 0.0009 "-" 23 -
Mar 20 14:39:29 standalone object-expirer[127421]: Pass completed in 0s; 0 objects expired (txn: txaa00969b703b4538966d8-0069bd5c21)
Mar 20 14:39:56 standalone container-server[127143]: Begin container update sweep
Mar 20 14:39:56 standalone container-server[127143]: Container update sweep completed: 0.00s
Mar 20 14:40:45 standalone object-server[127434]: Begin object update sweep
Mar 20 14:40:45 standalone object-server[213247]: Object update sweep starting on /srv/node/d1 (pid: 14)
Mar 20 14:40:45 standalone object-server[213247]: Object update sweep completed on /srv/node/d1 in 0.00s seconds:, 0 successes, 0 failures, 0 quarantines, 0 unlinks, 0 errors, 0 redirects (pid: 14)
Mar 20 14:40:45 standalone object-server[213247]: Object update sweep of d1 completed: 0.00s, 0 successes, 0 failures, 0 quarantines, 0 unlinks, 0 errors, 0 redirects
Mar 20 14:40:45 standalone object-server[127434]: Object update sweep completed: 0.10s
Mar 20 14:42:11 standalone account-server[127368]: 172.20.0.100 - - [20/Mar/2026:14:42:11 +0000] "HEAD /d1/992/AUTH_459728d9343f40f7b0c4f3326bfebcf8" 404 - "HEAD http://172.18.0.2:8080/v1/AUTH_459728d9343f40f7b0c4f3326bfebcf8?format=json" "tx240fe7ee8e014d529029f-0069bd5cc3" "proxy-server 20" 0.0008 "-" 20 -
Mar 20 14:42:11 standalone proxy-server[129543]: - - 20/Mar/2026/14/42/11 HEAD /v1/AUTH_459728d9343f40f7b0c4f3326bfebcf8%3Fformat%3Djson HTTP/1.0 200 - Swift - - - - tx240fe7ee8e014d529029f-0069bd5cc3 - 0.0079 RL - 1774017731.546800613 1774017731.554729700 -
Mar 20 14:42:11 standalone object-server[127557]: 172.20.0.100 - - [20/Mar/2026:14:42:11 +0000] "GET /d1/551/AUTH_459728d9343f40f7b0c4f3326bfebcf8/gnocchi.7e8cc847-1b81-44b3-8d53-b53dc1642929/none_v3" 404 70 "GET http://172.18.0.2:8080/v1/AUTH_459728d9343f40f7b0c4f3326bfebcf8/gnocchi.7e8cc847-1b81-44b3-8d53-b53dc1642929/none_v3" "tx240fe7ee8e014d529029f-0069bd5cc3" "proxy-server 20" 0.0015 "-" 23 0
Mar 20 14:42:11 standalone proxy-server[129543]: 172.18.0.2 172.18.0.100 20/Mar/2026/14/42/11 GET /v1/AUTH_459728d9343f40f7b0c4f3326bfebcf8/gnocchi.7e8cc847-1b81-44b3-8d53-b53dc1642929/none_v3 HTTP/1.0 404 - python-swiftclient-3.11.1 gAAAAABpvVzD3TF2... - 70 - tx240fe7ee8e014d529029f-0069bd5cc3 - 0.4189 - - 1774017731.542416811 1774017731.961308718 0
Mar 20 14:42:11 standalone account-server[127368]: 172.20.0.100 - - [20/Mar/2026:14:42:11 +0000] "PUT /d1/992/AUTH_459728d9343f40f7b0c4f3326bfebcf8" 201 - "-" "tx1a1fd3ba5e2447edb92b5-0069bd5cc3" "-" 0.0196 "-" 20 -
Mar 20 14:42:11 standalone proxy-server[129543]: autocreate account '/AUTH_459728d9343f40f7b0c4f3326bfebcf8' (txn: tx1a1fd3ba5e2447edb92b5-0069bd5cc3)
Mar 20 14:42:11 standalone account-server[127375]: 172.20.0.100 - - [20/Mar/2026:14:42:11 +0000] "HEAD /d1/992/AUTH_459728d9343f40f7b0c4f3326bfebcf8" 204 - "HEAD http://172.18.0.2:8080/v1/AUTH_459728d9343f40f7b0c4f3326bfebcf8?format=json" "tx1a1fd3ba5e2447edb92b5-0069bd5cc3" "proxy-server 20" 0.0035 "-" 21 -
Mar 20 14:42:12 standalone account-server[127375]: 172.20.0.100 - - [20/Mar/2026:14:42:12 +0000] "PUT /d1/992/AUTH_459728d9343f40f7b0c4f3326bfebcf8/gnocchi.7e8cc847-1b81-44b3-8d53-b53dc1642929" 201 - "PUT http://172.20.0.100:6001/d1/908/AUTH_459728d9343f40f7b0c4f3326bfebcf8/gnocchi.7e8cc847-1b81-44b3-8d53-b53dc1642929" "tx1a1fd3ba5e2447edb92b5-0069bd5cc3" "container-server 20" 0.0017 "-" 21 0
Mar 20 14:42:12 standalone container-server[127384]: 172.20.0.100 - - [20/Mar/2026:14:42:12 +0000] "PUT /d1/908/AUTH_459728d9343f40f7b0c4f3326bfebcf8/gnocchi.7e8cc847-1b81-44b3-8d53-b53dc1642929" 201 - "PUT http://172.18.0.2:8080/v1/AUTH_459728d9343f40f7b0c4f3326bfebcf8/gnocchi.7e8cc847-1b81-44b3-8d53-b53dc1642929" "tx1a1fd3ba5e2447edb92b5-0069bd5cc3" "proxy-server 20" 0.0173 "-" 20 0
Mar 20 14:42:12 standalone proxy-server[129543]: 172.18.0.2 172.18.0.100 20/Mar/2026/14/42/12 PUT /v1/AUTH_459728d9343f40f7b0c4f3326bfebcf8/gnocchi.7e8cc847-1b81-44b3-8d53-b53dc1642929 HTTP/1.0 201 - python-swiftclient-3.11.1 gAAAAABpvVzD3TF2... - - - tx1a1fd3ba5e2447edb92b5-0069bd5cc3 - 0.0533 - - 1774017731.964487076 1774017732.017813206 0
Mar 20 14:42:12 standalone container-server[127396]: 172.20.0.100 - - [20/Mar/2026:14:42:12 +0000] "HEAD /d1/908/AUTH_459728d9343f40f7b0c4f3326bfebcf8/gnocchi.7e8cc847-1b81-44b3-8d53-b53dc1642929" 204 - "HEAD http://172.18.0.2:8080/v1/AUTH_459728d9343f40f7b0c4f3326bfebcf8/gnocchi.7e8cc847-1b81-44b3-8d53-b53dc1642929?format=json&states=listing" "tx0e9bbbdf6a8348fd8e269-0069bd5cc4" "proxy-server 20" 0.0051 "-" 22 0
Mar 20 14:42:12 standalone proxy-server[129543]: - - 20/Mar/2026/14/42/12 HEAD /v1/AUTH_459728d9343f40f7b0c4f3326bfebcf8/gnocchi.7e8cc847-1b81-44b3-8d53-b53dc1642929%3Fformat%3Djson%26states%3Dlisting HTTP/1.0 204 - Swift - - - - tx0e9bbbdf6a8348fd8e269-0069bd5cc4 - 0.0086 RL - 1774017732.023003578 1774017732.031560421 0
Mar 20 14:42:12 standalone container-server[127399]: 172.20.0.100 - - [20/Mar/2026:14:42:12 +0000] "GET /d1/908/AUTH_459728d9343f40f7b0c4f3326bfebcf8/gnocchi.7e8cc847-1b81-44b3-8d53-b53dc1642929" 200 2 "GET http://172.18.0.2:8080/v1/AUTH_459728d9343f40f7b0c4f3326bfebcf8/gnocchi.7e8cc847-1b81-44b3-8d53-b53dc1642929?format=json&states=listing" "tx0e9bbbdf6a8348fd8e269-0069bd5cc4" "proxy-server 20" 0.0032 "-" 23 0
Mar 20 14:42:12 standalone proxy-server[129543]: 172.18.0.2 172.18.0.100 20/Mar/2026/14/42/12 GET /v1/AUTH_459728d9343f40f7b0c4f3326bfebcf8/gnocchi.7e8cc847-1b81-44b3-8d53-b53dc1642929%3Fformat%3Djson%26states%3Dlisting HTTP/1.0 200 - python-swiftclient-3.11.1 gAAAAABpvVzD3TF2... - 2 - tx0e9bbbdf6a8348fd8e269-0069bd5cc4 - 0.0171 - - 1774017732.022319317 1774017732.039458275 0
Mar 20 14:42:12 standalone object-server[127554]: 172.20.0.100 - - [20/Mar/2026:14:42:12 +0000] "GET /d1/345/AUTH_459728d9343f40f7b0c4f3326bfebcf8/gnocchi.7e8cc847-1b81-44b3-8d53-b53dc1642929/1773360000.0_mean_300.0_v3" 404 70 "GET http://172.18.0.2:8080/v1/AUTH_459728d9343f40f7b0c4f3326bfebcf8/gnocchi.7e8cc847-1b81-44b3-8d53-b53dc1642929/1773360000.0_mean_300.0_v3" "tx53c9f7a5bc804267a4a14-0069bd5cc4" "proxy-server 20" 0.0012 "-" 21 0
Mar 20 14:42:12 standalone proxy-server[129543]: 172.18.0.2 172.18.0.100 20/Mar/2026/14/42/12 GET /v1/AUTH_459728d9343f40f7b0c4f3326bfebcf8/gnocchi.7e8cc847-1b81-44b3-8d53-b53dc1642929/1773360000.0_mean_300.0_v3 HTTP/1.0 404 - python-swiftclient-3.11.1 gAAAAABpvVzD3TF2... - 70 - tx53c9f7a5bc804267a4a14-0069bd5cc4 - 0.0060 - - 1774017732.044981956 1774017732.051004887 0
Mar 20 14:42:12 standalone container-server[127399]: 172.20.0.100 - - [20/Mar/2026:14:42:12 +0000] "PUT /d1/908/AUTH_459728d9343f40f7b0c4f3326bfebcf8/gnocchi.7e8cc847-1b81-44b3-8d53-b53dc1642929/1773360000.0_mean_300.0_v3" 201 - "PUT http://172.18.0.2:8080/d1/345/AUTH_459728d9343f40f7b0c4f3326bfebcf8/gnocchi.7e8cc847-1b81-44b3-8d53-b53dc1642929/1773360000.0_mean_300.0_v3" "txf1bb71874c164fdfbc42c-0069bd5cc4" "object-server 23" 0.0007 "-" 23 0
Mar 20 14:42:12 standalone object-server[127557]: 172.20.0.100 - - [20/Mar/2026:14:42:12 +0000] "PUT /d1/345/AUTH_459728d9343f40f7b0c4f3326bfebcf8/gnocchi.7e8cc847-1b81-44b3-8d53-b53dc1642929/1773360000.0_mean_300.0_v3" 201 - "PUT http://172.18.0.2:8080/v1/AUTH_459728d9343f40f7b0c4f3326bfebcf8/gnocchi.7e8cc847-1b81-44b3-8d53-b53dc1642929/1773360000.0_mean_300.0_v3" "txf1bb71874c164fdfbc42c-0069bd5cc4" "proxy-server 20" 0.0362 "-" 23 0
Mar 20 14:42:12 standalone proxy-server[129543]: 172.18.0.2 172.18.0.100 20/Mar/2026/14/42/12 PUT /v1/AUTH_459728d9343f40f7b0c4f3326bfebcf8/gnocchi.7e8cc847-1b81-44b3-8d53-b53dc1642929/1773360000.0_mean_300.0_v3 HTTP/1.0 201 - python-swiftclient-3.11.1 gAAAAABpvVzD3TF2... 16 - - txf1bb71874c164fdfbc42c-0069bd5cc4 - 0.0413 - - 1774017732.054207325 1774017732.095465899 0
Mar 20 14:42:12 standalone container-server[127399]: 172.20.0.100 - - [20/Mar/2026:14:42:12 +0000] "PUT /d1/908/AUTH_459728d9343f40f7b0c4f3326bfebcf8/gnocchi.7e8cc847-1b81-44b3-8d53-b53dc1642929/none_v3" 201 - "PUT http://172.18.0.2:8080/d1/551/AUTH_459728d9343f40f7b0c4f3326bfebcf8/gnocchi.7e8cc847-1b81-44b3-8d53-b53dc1642929/none_v3" "tx2cf081faa2dc410e9bf7c-0069bd5cc4" "object-server 21" 0.0004 "-" 23 0
Mar 20 14:42:12 standalone object-server[127554]: 172.20.0.100 - - [20/Mar/2026:14:42:12 +0000] "PUT /d1/551/AUTH_459728d9343f40f7b0c4f3326bfebcf8/gnocchi.7e8cc847-1b81-44b3-8d53-b53dc1642929/none_v3" 201 - "PUT http://172.18.0.2:8080/v1/AUTH_459728d9343f40f7b0c4f3326bfebcf8/gnocchi.7e8cc847-1b81-44b3-8d53-b53dc1642929/none_v3" "tx2cf081faa2dc410e9bf7c-0069bd5cc4" "proxy-server 20" 0.0330 "-" 21 0
Mar 20 14:42:12 standalone proxy-server[129543]: 172.18.0.2 172.18.0.100 20/Mar/2026/14/42/12 PUT /v1/AUTH_459728d9343f40f7b0c4f3326bfebcf8/gnocchi.7e8cc847-1b81-44b3-8d53-b53dc1642929/none_v3 HTTP/1.0 201 - python-swiftclient-3.11.1 gAAAAABpvVzD3TF2... 22 - - tx2cf081faa2dc410e9bf7c-0069bd5cc4 - 0.0385 - - 1774017732.098453522 1774017732.136961937 0
Mar 20 14:42:40 standalone account-server[127375]: 172.20.0.100 - - [20/Mar/2026:14:42:40 +0000] "HEAD /d1/592/.expiring_objects" 404 - "HEAD http://localhost/v1/.expiring_objects?format=json" "tx58c402959dc1489daa6ea-0069bd5ce0" "proxy-server 2" 0.0005 "-" 21 -
Mar 20 14:42:40 standalone object-expirer[127421]: Pass completed in 0s; 0 objects expired (txn: tx58c402959dc1489daa6ea-0069bd5ce0)
Mar 20 14:42:41 standalone object-server[127556]: 172.20.0.100 - - [20/Mar/2026:14:42:41 +0000] "GET /d1/551/AUTH_459728d9343f40f7b0c4f3326bfebcf8/gnocchi.7e8cc847-1b81-44b3-8d53-b53dc1642929/none_v3" 200 22 "GET http://172.18.0.2:8080/v1/AUTH_459728d9343f40f7b0c4f3326bfebcf8/gnocchi.7e8cc847-1b81-44b3-8d53-b53dc1642929/none_v3" "tx0a67a3dbe30c405c93135-0069bd5ce1" "proxy-server 20" 0.0025 "-" 22 0
Mar 20 14:42:41 standalone proxy-server[129543]: 172.18.0.2 172.18.0.100 20/Mar/2026/14/42/41 GET /v1/AUTH_459728d9343f40f7b0c4f3326bfebcf8/gnocchi.7e8cc847-1b81-44b3-8d53-b53dc1642929/none_v3 HTTP/1.0 200 - python-swiftclient-3.11.1 gAAAAABpvVzD3TF2... - 22 - tx0a67a3dbe30c405c93135-0069bd5ce1 - 0.0190 - - 1774017761.223179340 1774017761.242219687 0
Mar 20 14:42:41 standalone container-server[127384]: 172.20.0.100 - - [20/Mar/2026:14:42:41 +0000] "GET /d1/908/AUTH_459728d9343f40f7b0c4f3326bfebcf8/gnocchi.7e8cc847-1b81-44b3-8d53-b53dc1642929" 200 357 "GET http://172.18.0.2:8080/v1/AUTH_459728d9343f40f7b0c4f3326bfebcf8/gnocchi.7e8cc847-1b81-44b3-8d53-b53dc1642929?format=json&states=listing" "tx82ce321f884740c6a0387-0069bd5ce1" "proxy-server 20" 0.0157 "-" 20 0
Mar 20 14:42:41 standalone proxy-server[129543]: 172.18.0.2 172.18.0.100 20/Mar/2026/14/42/41 GET /v1/AUTH_459728d9343f40f7b0c4f3326bfebcf8/gnocchi.7e8cc847-1b81-44b3-8d53-b53dc1642929%3Fformat%3Djson%26states%3Dlisting HTTP/1.0 200 - python-swiftclient-3.11.1 gAAAAABpvVzD3TF2... - 357 - tx82ce321f884740c6a0387-0069bd5ce1 - 0.0237 - - 1774017761.247219563 1774017761.270899296 0
Mar 20 14:42:41 standalone container-server[127385]: 172.20.0.100 - - [20/Mar/2026:14:42:41 +0000] "GET /d1/908/AUTH_459728d9343f40f7b0c4f3326bfebcf8/gnocchi.7e8cc847-1b81-44b3-8d53-b53dc1642929" 200 2 "GET http://172.18.0.2:8080/v1/AUTH_459728d9343f40f7b0c4f3326bfebcf8/gnocchi.7e8cc847-1b81-44b3-8d53-b53dc1642929?format=json&marker=none_v3&states=listing" "tx40b49e32d3c9434980ecb-0069bd5ce1" "proxy-server 20" 0.0038 "-" 21 0
Mar 20 14:42:41 standalone proxy-server[129543]: 172.18.0.2 172.18.0.100 20/Mar/2026/14/42/41 GET /v1/AUTH_459728d9343f40f7b0c4f3326bfebcf8/gnocchi.7e8cc847-1b81-44b3-8d53-b53dc1642929%3Fformat%3Djson%26marker%3Dnone_v3%26states%3Dlisting HTTP/1.0 200 - python-swiftclient-3.11.1 gAAAAABpvVzD3TF2... - 2 - tx40b49e32d3c9434980ecb-0069bd5ce1 - 0.0107 - - 1774017761.274563551 1774017761.285301924 0
Mar 20 14:42:41 standalone object-server[127556]: 172.20.0.100 - - [20/Mar/2026:14:42:41 +0000] "GET /d1/345/AUTH_459728d9343f40f7b0c4f3326bfebcf8/gnocchi.7e8cc847-1b81-44b3-8d53-b53dc1642929/1773360000.0_mean_300.0_v3" 200 16 "GET http://172.18.0.2:8080/v1/AUTH_459728d9343f40f7b0c4f3326bfebcf8/gnocchi.7e8cc847-1b81-44b3-8d53-b53dc1642929/1773360000.0_mean_300.0_v3" "tx7cce730076374400bce49-0069bd5ce1" "proxy-server 20" 0.0016 "-" 22 0
Mar 20 14:42:41 standalone proxy-server[129543]: 172.18.0.2 172.18.0.100 20/Mar/2026/14/42/41 GET /v1/AUTH_459728d9343f40f7b0c4f3326bfebcf8/gnocchi.7e8cc847-1b81-44b3-8d53-b53dc1642929/1773360000.0_mean_300.0_v3 HTTP/1.0 200 - python-swiftclient-3.11.1 gAAAAABpvVzD3TF2... - 16 - tx7cce730076374400bce49-0069bd5ce1 - 0.0086 - - 1774017761.290165186 1774017761.298809052 0
Mar 20 14:42:41 standalone container-server[127385]: 172.20.0.100 - - [20/Mar/2026:14:42:41 +0000] "PUT /d1/908/AUTH_459728d9343f40f7b0c4f3326bfebcf8/gnocchi.7e8cc847-1b81-44b3-8d53-b53dc1642929/1773360000.0_mean_300.0_v3" 201 - "PUT http://172.18.0.2:8080/d1/345/AUTH_459728d9343f40f7b0c4f3326bfebcf8/gnocchi.7e8cc847-1b81-44b3-8d53-b53dc1642929/1773360000.0_mean_300.0_v3" "tx6e083649fc814835932bb-0069bd5ce1" "object-server 20" 0.0007 "-" 21 0
Mar 20 14:42:41 standalone object-server[127551]: 172.20.0.100 - - [20/Mar/2026:14:42:41 +0000] "PUT /d1/345/AUTH_459728d9343f40f7b0c4f3326bfebcf8/gnocchi.7e8cc847-1b81-44b3-8d53-b53dc1642929/1773360000.0_mean_300.0_v3" 201 - "PUT http://172.18.0.2:8080/v1/AUTH_459728d9343f40f7b0c4f3326bfebcf8/gnocchi.7e8cc847-1b81-44b3-8d53-b53dc1642929/1773360000.0_mean_300.0_v3" "tx6e083649fc814835932bb-0069bd5ce1" "proxy-server 20" 0.0331 "-" 20 0
Mar 20 14:42:41 standalone proxy-server[129543]: 172.18.0.2 172.18.0.100 20/Mar/2026/14/42/41 PUT /v1/AUTH_459728d9343f40f7b0c4f3326bfebcf8/gnocchi.7e8cc847-1b81-44b3-8d53-b53dc1642929/1773360000.0_mean_300.0_v3 HTTP/1.0 201 - python-swiftclient-3.11.1 gAAAAABpvVzD3TF2... 16 - - tx6e083649fc814835932bb-0069bd5ce1 - 0.0419 - - 1774017761.305695057 1774017761.347590208 0
Mar 20 14:42:41 standalone container-server[127399]: 172.20.0.100 - - [20/Mar/2026:14:42:41 +0000] "PUT /d1/908/AUTH_459728d9343f40f7b0c4f3326bfebcf8/gnocchi.7e8cc847-1b81-44b3-8d53-b53dc1642929/none_v3" 201 - "PUT http://172.18.0.2:8080/d1/551/AUTH_459728d9343f40f7b0c4f3326bfebcf8/gnocchi.7e8cc847-1b81-44b3-8d53-b53dc1642929/none_v3" "tx104a33028a90450d96ce1-0069bd5ce1" "object-server 23" 0.0008 "-" 23 0
Mar 20 14:42:41 standalone object-server[127557]: 172.20.0.100 - - [20/Mar/2026:14:42:41 +0000] "PUT /d1/551/AUTH_459728d9343f40f7b0c4f3326bfebcf8/gnocchi.7e8cc847-1b81-44b3-8d53-b53dc1642929/none_v3" 201 - "PUT http://172.18.0.2:8080/v1/AUTH_459728d9343f40f7b0c4f3326bfebcf8/gnocchi.7e8cc847-1b81-44b3-8d53-b53dc1642929/none_v3" "tx104a33028a90450d96ce1-0069bd5ce1" "proxy-server 20" 0.0094 "-" 23 0
Mar 20 14:42:41 standalone proxy-server[129543]: 172.18.0.2 172.18.0.100 20/Mar/2026/14/42/41 PUT /v1/AUTH_459728d9343f40f7b0c4f3326bfebcf8/gnocchi.7e8cc847-1b81-44b3-8d53-b53dc1642929/none_v3 HTTP/1.0 201 - python-swiftclient-3.11.1 gAAAAABpvVzD3TF2... 32 - - tx104a33028a90450d96ce1-0069bd5ce1 - 0.0158 - - 1774017761.351232767 1774017761.366989374 0
Mar 20 14:43:15 standalone account-server[127375]: 172.20.0.100 - - [20/Mar/2026:14:43:15 +0000] "HEAD /d1/992/AUTH_459728d9343f40f7b0c4f3326bfebcf8" 204 - "HEAD http://172.18.0.2:8080/v1/AUTH_459728d9343f40f7b0c4f3326bfebcf8?format=json" "txefb8e1e09e13419f9d56d-0069bd5d03" "proxy-server 20" 0.0062 "-" 21 -
Mar 20 14:43:15 standalone proxy-server[129543]: - - 20/Mar/2026/14/43/15 HEAD /v1/AUTH_459728d9343f40f7b0c4f3326bfebcf8%3Fformat%3Djson HTTP/1.0 204 - Swift - - - - txefb8e1e09e13419f9d56d-0069bd5d03 - 0.0110 RL - 1774017795.641371250 1774017795.652363062 -
Mar 20 14:43:15 standalone container-server[127384]: 172.20.0.100 - - [20/Mar/2026:14:43:15 +0000] "HEAD /d1/91/AUTH_459728d9343f40f7b0c4f3326bfebcf8/gnocchi.9ff9dab6-6a17-4cc0-9217-19f5fea3c869" 404 - "HEAD http://172.18.0.2:8080/v1/AUTH_459728d9343f40f7b0c4f3326bfebcf8/gnocchi.9ff9dab6-6a17-4cc0-9217-19f5fea3c869?format=json&states=listing" "txefb8e1e09e13419f9d56d-0069bd5d03" "proxy-server 20" 0.0009 "-" 20 0
Mar 20 14:43:15 standalone object-server[127556]: 172.20.0.100 - - [20/Mar/2026:14:43:15 +0000] "GET /d1/163/AUTH_459728d9343f40f7b0c4f3326bfebcf8/gnocchi.9ff9dab6-6a17-4cc0-9217-19f5fea3c869/none_v3" 404 70 "GET http://172.18.0.2:8080/v1/AUTH_459728d9343f40f7b0c4f3326bfebcf8/gnocchi.9ff9dab6-6a17-4cc0-9217-19f5fea3c869/none_v3" "txefb8e1e09e13419f9d56d-0069bd5d03" "proxy-server 20" 0.0006 "-" 22 0
Mar 20 14:43:15 standalone proxy-server[129543]: 172.18.0.2 172.18.0.100 20/Mar/2026/14/43/15 GET /v1/AUTH_459728d9343f40f7b0c4f3326bfebcf8/gnocchi.9ff9dab6-6a17-4cc0-9217-19f5fea3c869/none_v3 HTTP/1.0 404 - python-swiftclient-3.11.1 gAAAAABpvVzD3TF2... - 70 - txefb8e1e09e13419f9d56d-0069bd5d03 - 0.0291 - - 1774017795.639768124 1774017795.668891668 0
Mar 20 14:43:15 standalone account-server[127368]: 172.20.0.100 - - [20/Mar/2026:14:43:15 +0000] "PUT /d1/992/AUTH_459728d9343f40f7b0c4f3326bfebcf8/gnocchi.9ff9dab6-6a17-4cc0-9217-19f5fea3c869" 201 - "PUT http://172.20.0.100:6001/d1/91/AUTH_459728d9343f40f7b0c4f3326bfebcf8/gnocchi.9ff9dab6-6a17-4cc0-9217-19f5fea3c869" "tx4738bc3336b242b780723-0069bd5d03" "container-server 22" 0.0014 "-" 20 0
Mar 20 14:43:15 standalone container-server[127396]: 172.20.0.100 - - [20/Mar/2026:14:43:15 +0000] "PUT /d1/91/AUTH_459728d9343f40f7b0c4f3326bfebcf8/gnocchi.9ff9dab6-6a17-4cc0-9217-19f5fea3c869" 201 - "PUT http://172.18.0.2:8080/v1/AUTH_459728d9343f40f7b0c4f3326bfebcf8/gnocchi.9ff9dab6-6a17-4cc0-9217-19f5fea3c869" "tx4738bc3336b242b780723-0069bd5d03" "proxy-server 20" 0.0181 "-" 22 0
Mar 20 14:43:15 standalone proxy-server[129543]: 172.18.0.2 172.18.0.100 20/Mar/2026/14/43/15 PUT /v1/AUTH_459728d9343f40f7b0c4f3326bfebcf8/gnocchi.9ff9dab6-6a17-4cc0-9217-19f5fea3c869 HTTP/1.0 201 - python-swiftclient-3.11.1 gAAAAABpvVzD3TF2... - - - tx4738bc3336b242b780723-0069bd5d03 - 0.0251 - - 1774017795.672246695 1774017795.697324991 0
Mar 20 14:43:15 standalone container-server[127396]: 172.20.0.100 - - [20/Mar/2026:14:43:15 +0000] "HEAD /d1/91/AUTH_459728d9343f40f7b0c4f3326bfebcf8/gnocchi.9ff9dab6-6a17-4cc0-9217-19f5fea3c869" 204 - "HEAD http://172.18.0.2:8080/v1/AUTH_459728d9343f40f7b0c4f3326bfebcf8/gnocchi.9ff9dab6-6a17-4cc0-9217-19f5fea3c869?format=json&states=listing" "tx7fc5fe5ec52c4e98badca-0069bd5d03" "proxy-server 20" 0.0017 "-" 22 0
Mar 20 14:43:15 standalone proxy-server[129543]: - - 20/Mar/2026/14/43/15 HEAD /v1/AUTH_459728d9343f40f7b0c4f3326bfebcf8/gnocchi.9ff9dab6-6a17-4cc0-9217-19f5fea3c869%3Fformat%3Djson%26states%3Dlisting HTTP/1.0 204 - Swift - - - - tx7fc5fe5ec52c4e98badca-0069bd5d03 - 0.0073 RL - 1774017795.703297377 1774017795.710626841 0
Mar 20 14:43:15 standalone container-server[127396]: 172.20.0.100 - - [20/Mar/2026:14:43:15 +0000] "GET /d1/91/AUTH_459728d9343f40f7b0c4f3326bfebcf8/gnocchi.9ff9dab6-6a17-4cc0-9217-19f5fea3c869" 200 2 "GET http://172.18.0.2:8080/v1/AUTH_459728d9343f40f7b0c4f3326bfebcf8/gnocchi.9ff9dab6-6a17-4cc0-9217-19f5fea3c869?format=json&states=listing" "tx7fc5fe5ec52c4e98badca-0069bd5d03" "proxy-server 20" 0.0036 "-" 22 0
Mar 20 14:43:15 standalone proxy-server[129543]: 172.18.0.2 172.18.0.100 20/Mar/2026/14/43/15 GET /v1/AUTH_459728d9343f40f7b0c4f3326bfebcf8/gnocchi.9ff9dab6-6a17-4cc0-9217-19f5fea3c869%3Fformat%3Djson%26states%3Dlisting HTTP/1.0 200 - python-swiftclient-3.11.1 gAAAAABpvVzD3TF2... - 2 - tx7fc5fe5ec52c4e98badca-0069bd5d03 - 0.0176 - - 1774017795.702188253 1774017795.719800234 0
Mar 20 14:43:15 standalone object-server[127556]: 172.20.0.100 - - [20/Mar/2026:14:43:15 +0000] "GET /d1/392/AUTH_459728d9343f40f7b0c4f3326bfebcf8/gnocchi.9ff9dab6-6a17-4cc0-9217-19f5fea3c869/1773360000.0_mean_300.0_v3" 404 70 "GET http://172.18.0.2:8080/v1/AUTH_459728d9343f40f7b0c4f3326bfebcf8/gnocchi.9ff9dab6-6a17-4cc0-9217-19f5fea3c869/1773360000.0_mean_300.0_v3" "txfc636283862e4f65b1203-0069bd5d03" "proxy-server 20" 0.0005 "-" 22 0
Mar 20 14:43:15 standalone proxy-server[129543]: 172.18.0.2 172.18.0.100 20/Mar/2026/14/43/15 GET /v1/AUTH_459728d9343f40f7b0c4f3326bfebcf8/gnocchi.9ff9dab6-6a17-4cc0-9217-19f5fea3c869/1773360000.0_mean_300.0_v3 HTTP/1.0 404 - python-swiftclient-3.11.1 gAAAAABpvVzD3TF2... - 70 - txfc636283862e4f65b1203-0069bd5d03 - 0.0058 - - 1774017795.724377871 1774017795.730152369 0
Mar 20 14:43:15 standalone container-server[127399]: 172.20.0.100 - - [20/Mar/2026:14:43:15 +0000] "PUT /d1/91/AUTH_459728d9343f40f7b0c4f3326bfebcf8/gnocchi.9ff9dab6-6a17-4cc0-9217-19f5fea3c869/1773360000.0_mean_300.0_v3" 201 - "PUT http://172.18.0.2:8080/d1/392/AUTH_459728d9343f40f7b0c4f3326bfebcf8/gnocchi.9ff9dab6-6a17-4cc0-9217-19f5fea3c869/1773360000.0_mean_300.0_v3" "txafdc39c595a6448fb3147-0069bd5d03" "object-server 21" 0.0020 "-" 23 0
Mar 20 14:43:15 standalone object-server[127554]: 172.20.0.100 - - [20/Mar/2026:14:43:15 +0000] "PUT /d1/392/AUTH_459728d9343f40f7b0c4f3326bfebcf8/gnocchi.9ff9dab6-6a17-4cc0-9217-19f5fea3c869/1773360000.0_mean_300.0_v3" 201 - "PUT http://172.18.0.2:8080/v1/AUTH_459728d9343f40f7b0c4f3326bfebcf8/gnocchi.9ff9dab6-6a17-4cc0-9217-19f5fea3c869/1773360000.0_mean_300.0_v3" "txafdc39c595a6448fb3147-0069bd5d03" "proxy-server 20" 0.0326 "-" 21 0
Mar 20 14:43:15 standalone proxy-server[129543]: 172.18.0.2 172.18.0.100 20/Mar/2026/14/43/15 PUT /v1/AUTH_459728d9343f40f7b0c4f3326bfebcf8/gnocchi.9ff9dab6-6a17-4cc0-9217-19f5fea3c869/1773360000.0_mean_300.0_v3 HTTP/1.0 201 - python-swiftclient-3.11.1 gAAAAABpvVzD3TF2... 16 - - txafdc39c595a6448fb3147-0069bd5d03 - 0.0379 - - 1774017795.733969212 1774017795.771863699 0
Mar 20 14:43:15 standalone container-server[127385]: 172.20.0.100 - - [20/Mar/2026:14:43:15 +0000] "PUT /d1/91/AUTH_459728d9343f40f7b0c4f3326bfebcf8/gnocchi.9ff9dab6-6a17-4cc0-9217-19f5fea3c869/none_v3" 201 - "PUT http://172.18.0.2:8080/d1/163/AUTH_459728d9343f40f7b0c4f3326bfebcf8/gnocchi.9ff9dab6-6a17-4cc0-9217-19f5fea3c869/none_v3" "txa67624802cc742a6ad042-0069bd5d03" "object-server 20" 0.0006 "-" 21 0
Mar 20 14:43:15 standalone object-server[127551]: 172.20.0.100 - - [20/Mar/2026:14:43:15 +0000] "PUT /d1/163/AUTH_459728d9343f40f7b0c4f3326bfebcf8/gnocchi.9ff9dab6-6a17-4cc0-9217-19f5fea3c869/none_v3" 201 - "PUT http://172.18.0.2:8080/v1/AUTH_459728d9343f40f7b0c4f3326bfebcf8/gnocchi.9ff9dab6-6a17-4cc0-9217-19f5fea3c869/none_v3" "txa67624802cc742a6ad042-0069bd5d03" "proxy-server 20" 0.0266 "-" 20 0
Mar 20 14:43:15 standalone proxy-server[129543]: 172.18.0.2 172.18.0.100 20/Mar/2026/14/43/15 PUT /v1/AUTH_459728d9343f40f7b0c4f3326bfebcf8/gnocchi.9ff9dab6-6a17-4cc0-9217-19f5fea3c869/none_v3 HTTP/1.0 201 - python-swiftclient-3.11.1 gAAAAABpvVzD3TF2... 22 - - txa67624802cc742a6ad042-0069bd5d03 - 0.0321 - - 1774017795.778605938 1774017795.810745239 0
Mar 20 14:43:15 standalone container-server[127399]: 172.20.0.100 - - [20/Mar/2026:14:43:15 +0000] "HEAD /d1/970/AUTH_459728d9343f40f7b0c4f3326bfebcf8/gnocchi.4f46fcae-d405-4b35-8389-5187592e31ff" 404 - "HEAD http://172.18.0.2:8080/v1/AUTH_459728d9343f40f7b0c4f3326bfebcf8/gnocchi.4f46fcae-d405-4b35-8389-5187592e31ff?format=json&states=listing" "txa7afabb2ba844027be757-0069bd5d03" "proxy-server 20" 0.0005 "-" 23 0
Mar 20 14:43:15 standalone object-server[127557]: 172.20.0.100 - - [20/Mar/2026:14:43:15 +0000] "GET /d1/417/AUTH_459728d9343f40f7b0c4f3326bfebcf8/gnocchi.4f46fcae-d405-4b35-8389-5187592e31ff/none_v3" 404 70 "GET http://172.18.0.2:8080/v1/AUTH_459728d9343f40f7b0c4f3326bfebcf8/gnocchi.4f46fcae-d405-4b35-8389-5187592e31ff/none_v3" "txa7afabb2ba844027be757-0069bd5d03" "proxy-server 20" 0.0004 "-" 23 0
Mar 20 14:43:15 standalone proxy-server[129543]: 172.18.0.2 172.18.0.100 20/Mar/2026/14/43/15 GET /v1/AUTH_459728d9343f40f7b0c4f3326bfebcf8/gnocchi.4f46fcae-d405-4b35-8389-5187592e31ff/none_v3 HTTP/1.0 404 - python-swiftclient-3.11.1 gAAAAABpvVzD3TF2... - 70 - txa7afabb2ba844027be757-0069bd5d03 - 0.0124 - - 1774017795.839713812 1774017795.852082968 0
Mar 20 14:43:15 standalone account-server[127382]: 172.20.0.100 - - [20/Mar/2026:14:43:15 +0000] "PUT /d1/992/AUTH_459728d9343f40f7b0c4f3326bfebcf8/gnocchi.4f46fcae-d405-4b35-8389-5187592e31ff" 201 - "PUT http://172.20.0.100:6001/d1/970/AUTH_459728d9343f40f7b0c4f3326bfebcf8/gnocchi.4f46fcae-d405-4b35-8389-5187592e31ff" "txb706c5a9511b435198598-0069bd5d03" "container-server 21" 0.0137 "-" 22 0
Mar 20 14:43:15 standalone container-server[127385]: 172.20.0.100 - - [20/Mar/2026:14:43:15 +0000] "PUT /d1/970/AUTH_459728d9343f40f7b0c4f3326bfebcf8/gnocchi.4f46fcae-d405-4b35-8389-5187592e31ff" 201 - "PUT http://172.18.0.2:8080/v1/AUTH_459728d9343f40f7b0c4f3326bfebcf8/gnocchi.4f46fcae-d405-4b35-8389-5187592e31ff" "txb706c5a9511b435198598-0069bd5d03" "proxy-server 20" 0.0335 "-" 21 0
Mar 20 14:43:15 standalone proxy-server[129543]: 172.18.0.2 172.18.0.100 20/Mar/2026/14/43/15 PUT /v1/AUTH_459728d9343f40f7b0c4f3326bfebcf8/gnocchi.4f46fcae-d405-4b35-8389-5187592e31ff HTTP/1.0 201 - python-swiftclient-3.11.1 gAAAAABpvVzD3TF2... - - - txb706c5a9511b435198598-0069bd5d03 - 0.0382 - - 1774017795.856239796 1774017795.894452810 0
Mar 20 14:43:15 standalone container-server[127385]: 172.20.0.100 - - [20/Mar/2026:14:43:15 +0000] "HEAD /d1/970/AUTH_459728d9343f40f7b0c4f3326bfebcf8/gnocchi.4f46fcae-d405-4b35-8389-5187592e31ff" 204 - "HEAD http://172.18.0.2:8080/v1/AUTH_459728d9343f40f7b0c4f3326bfebcf8/gnocchi.4f46fcae-d405-4b35-8389-5187592e31ff?format=json&states=listing" "txba0def8f287f4837b2808-0069bd5d03" "proxy-server 20" 0.0012 "-" 21 0
Mar 20 14:43:15 standalone proxy-server[129543]: - - 20/Mar/2026/14/43/15 HEAD /v1/AUTH_459728d9343f40f7b0c4f3326bfebcf8/gnocchi.4f46fcae-d405-4b35-8389-5187592e31ff%3Fformat%3Djson%26states%3Dlisting HTTP/1.0 204 - Swift - - - - txba0def8f287f4837b2808-0069bd5d03 - 0.0041 RL - 1774017795.903050661 1774017795.907172918 0
Mar 20 14:43:15 standalone container-server[127384]: 172.20.0.100 - - [20/Mar/2026:14:43:15 +0000] "GET /d1/970/AUTH_459728d9343f40f7b0c4f3326bfebcf8/gnocchi.4f46fcae-d405-4b35-8389-5187592e31ff" 200 2 "GET http://172.18.0.2:8080/v1/AUTH_459728d9343f40f7b0c4f3326bfebcf8/gnocchi.4f46fcae-d405-4b35-8389-5187592e31ff?format=json&states=listing" "txba0def8f287f4837b2808-0069bd5d03" "proxy-server 20" 0.0027 "-" 20 0
Mar 20 14:43:15 standalone proxy-server[129543]: 172.18.0.2 172.18.0.100 20/Mar/2026/14/43/15 GET /v1/AUTH_459728d9343f40f7b0c4f3326bfebcf8/gnocchi.4f46fcae-d405-4b35-8389-5187592e31ff%3Fformat%3Djson%26states%3Dlisting HTTP/1.0 200 - python-swiftclient-3.11.1 gAAAAABpvVzD3TF2... - 2 - txba0def8f287f4837b2808-0069bd5d03 - 0.0172 - - 1774017795.898895025 1774017795.916111469 0
Mar 20 14:43:15 standalone object-server[127551]: 172.20.0.100 - - [20/Mar/2026:14:43:15 +0000] "GET /d1/922/AUTH_459728d9343f40f7b0c4f3326bfebcf8/gnocchi.4f46fcae-d405-4b35-8389-5187592e31ff/1773360000.0_mean_300.0_v3" 404 70 "GET http://172.18.0.2:8080/v1/AUTH_459728d9343f40f7b0c4f3326bfebcf8/gnocchi.4f46fcae-d405-4b35-8389-5187592e31ff/1773360000.0_mean_300.0_v3" "tx808b423a40674c289843a-0069bd5d03" "proxy-server 20" 0.0004 "-" 20 0
Mar 20 14:43:15 standalone proxy-server[129543]: 172.18.0.2 172.18.0.100 20/Mar/2026/14/43/15 GET /v1/AUTH_459728d9343f40f7b0c4f3326bfebcf8/gnocchi.4f46fcae-d405-4b35-8389-5187592e31ff/1773360000.0_mean_300.0_v3 HTTP/1.0 404 - python-swiftclient-3.11.1 gAAAAABpvVzD3TF2... - 70 - tx808b423a40674c289843a-0069bd5d03 - 0.0052 - - 1774017795.922024012 1774017795.927233696 0
Mar 20 14:43:15 standalone container-server[127385]: 172.20.0.100 - - [20/Mar/2026:14:43:15 +0000] "PUT /d1/970/AUTH_459728d9343f40f7b0c4f3326bfebcf8/gnocchi.4f46fcae-d405-4b35-8389-5187592e31ff/1773360000.0_mean_300.0_v3" 201 - "PUT http://172.18.0.2:8080/d1/922/AUTH_459728d9343f40f7b0c4f3326bfebcf8/gnocchi.4f46fcae-d405-4b35-8389-5187592e31ff/1773360000.0_mean_300.0_v3" "tx8a6ffa6b30be4bb1bfabd-0069bd5d03" "object-server 20" 0.0009 "-" 21 0
Mar 20 14:43:15 standalone object-server[127551]: 172.20.0.100 - - [20/Mar/2026:14:43:15 +0000] "PUT /d1/922/AUTH_459728d9343f40f7b0c4f3326bfebcf8/gnocchi.4f46fcae-d405-4b35-8389-5187592e31ff/1773360000.0_mean_300.0_v3" 201 - "PUT http://172.18.0.2:8080/v1/AUTH_459728d9343f40f7b0c4f3326bfebcf8/gnocchi.4f46fcae-d405-4b35-8389-5187592e31ff/1773360000.0_mean_300.0_v3" "tx8a6ffa6b30be4bb1bfabd-0069bd5d03" "proxy-server 20" 0.0205 "-" 20 0
Mar 20 14:43:15 standalone proxy-server[129543]: 172.18.0.2 172.18.0.100 20/Mar/2026/14/43/15 PUT /v1/AUTH_459728d9343f40f7b0c4f3326bfebcf8/gnocchi.4f46fcae-d405-4b35-8389-5187592e31ff/1773360000.0_mean_300.0_v3 HTTP/1.0 201 - python-swiftclient-3.11.1 gAAAAABpvVzD3TF2... 16 - - tx8a6ffa6b30be4bb1bfabd-0069bd5d03 - 0.0251 - - 1774017795.937924385 1774017795.963047266 0
Mar 20 14:43:15 standalone container-server[127385]: 172.20.0.100 - - [20/Mar/2026:14:43:15 +0000] "PUT /d1/970/AUTH_459728d9343f40f7b0c4f3326bfebcf8/gnocchi.4f46fcae-d405-4b35-8389-5187592e31ff/none_v3" 201 - "PUT http://172.18.0.2:8080/d1/417/AUTH_459728d9343f40f7b0c4f3326bfebcf8/gnocchi.4f46fcae-d405-4b35-8389-5187592e31ff/none_v3" "tx18f5dec03e474cc6afd74-0069bd5d03" "object-server 23" 0.0010 "-" 21 0
Mar 20 14:43:15 standalone object-server[127557]: 172.20.0.100 - - [20/Mar/2026:14:43:15 +0000] "PUT /d1/417/AUTH_459728d9343f40f7b0c4f3326bfebcf8/gnocchi.4f46fcae-d405-4b35-8389-5187592e31ff/none_v3" 201 - "PUT http://172.18.0.2:8080/v1/AUTH_459728d9343f40f7b0c4f3326bfebcf8/gnocchi.4f46fcae-d405-4b35-8389-5187592e31ff/none_v3" "tx18f5dec03e474cc6afd74-0069bd5d03" "proxy-server 20" 0.0227 "-" 23 0
Mar 20 14:43:15 standalone proxy-server[129543]: 172.18.0.2 172.18.0.100 20/Mar/2026/14/43/15 PUT /v1/AUTH_459728d9343f40f7b0c4f3326bfebcf8/gnocchi.4f46fcae-d405-4b35-8389-5187592e31ff/none_v3 HTTP/1.0 201 - python-swiftclient-3.11.1 gAAAAABpvVzD3TF2... 22 - - tx18f5dec03e474cc6afd74-0069bd5d03 - 0.0280 - - 1774017795.966704607 1774017795.994731665 0
Mar 20 14:43:23 standalone container-server[127399]: 172.20.0.100 - - [20/Mar/2026:14:43:23 +0000] "HEAD /d1/220/AUTH_459728d9343f40f7b0c4f3326bfebcf8/gnocchi.7cc1c374-a4db-40ee-8570-d1f9af74c252" 404 - "HEAD http://172.18.0.2:8080/v1/AUTH_459728d9343f40f7b0c4f3326bfebcf8/gnocchi.7cc1c374-a4db-40ee-8570-d1f9af74c252?format=json&states=listing" "tx493def5294e3472fbace2-0069bd5d0b" "proxy-server 20" 0.0010 "-" 23 0
Mar 20 14:43:23 standalone object-server[127551]: 172.20.0.100 - - [20/Mar/2026:14:43:23 +0000] "GET /d1/570/AUTH_459728d9343f40f7b0c4f3326bfebcf8/gnocchi.7cc1c374-a4db-40ee-8570-d1f9af74c252/none_v3" 404 70 "GET http://172.18.0.2:8080/v1/AUTH_459728d9343f40f7b0c4f3326bfebcf8/gnocchi.7cc1c374-a4db-40ee-8570-d1f9af74c252/none_v3" "tx493def5294e3472fbace2-0069bd5d0b" "proxy-server 20" 0.0008 "-" 20 0
Mar 20 14:43:23 standalone proxy-server[129543]: 172.18.0.2 172.18.0.100 20/Mar/2026/14/43/23 GET /v1/AUTH_459728d9343f40f7b0c4f3326bfebcf8/gnocchi.7cc1c374-a4db-40ee-8570-d1f9af74c252/none_v3 HTTP/1.0 404 - python-swiftclient-3.11.1 gAAAAABpvVzD3TF2... - 70 - tx493def5294e3472fbace2-0069bd5d0b - 0.0109 - - 1774017803.925931931 1774017803.936854362 0
Mar 20 14:43:23 standalone account-server[127383]: 172.20.0.100 - - [20/Mar/2026:14:43:23 +0000] "PUT /d1/992/AUTH_459728d9343f40f7b0c4f3326bfebcf8/gnocchi.7cc1c374-a4db-40ee-8570-d1f9af74c252" 201 - "PUT http://172.20.0.100:6001/d1/220/AUTH_459728d9343f40f7b0c4f3326bfebcf8/gnocchi.7cc1c374-a4db-40ee-8570-d1f9af74c252" "tx4f13cfa92cc44ae399b33-0069bd5d0b" "container-server 23" 0.0088 "-" 23 0
Mar 20 14:43:23 standalone container-server[127399]: 172.20.0.100 - - [20/Mar/2026:14:43:23 +0000] "PUT /d1/220/AUTH_459728d9343f40f7b0c4f3326bfebcf8/gnocchi.7cc1c374-a4db-40ee-8570-d1f9af74c252" 201 - "PUT http://172.18.0.2:8080/v1/AUTH_459728d9343f40f7b0c4f3326bfebcf8/gnocchi.7cc1c374-a4db-40ee-8570-d1f9af74c252" "tx4f13cfa92cc44ae399b33-0069bd5d0b" "proxy-server 20" 0.0269 "-" 23 0
Mar 20 14:43:23 standalone proxy-server[129543]: 172.18.0.2 172.18.0.100 20/Mar/2026/14/43/23 PUT /v1/AUTH_459728d9343f40f7b0c4f3326bfebcf8/gnocchi.7cc1c374-a4db-40ee-8570-d1f9af74c252 HTTP/1.0 201 - python-swiftclient-3.11.1 gAAAAABpvVzD3TF2... - - - tx4f13cfa92cc44ae399b33-0069bd5d0b - 0.0314 - - 1774017803.940263748 1774017803.971640110 0
Mar 20 14:43:23 standalone container-server[127385]: 172.20.0.100 - - [20/Mar/2026:14:43:23 +0000] "HEAD /d1/220/AUTH_459728d9343f40f7b0c4f3326bfebcf8/gnocchi.7cc1c374-a4db-40ee-8570-d1f9af74c252" 204 - "HEAD http://172.18.0.2:8080/v1/AUTH_459728d9343f40f7b0c4f3326bfebcf8/gnocchi.7cc1c374-a4db-40ee-8570-d1f9af74c252?format=json&states=listing" "txfd76300c50cb4676ac83a-0069bd5d0b" "proxy-server 20" 0.0024 "-" 21 0
Mar 20 14:43:23 standalone proxy-server[129543]: - - 20/Mar/2026/14/43/23 HEAD /v1/AUTH_459728d9343f40f7b0c4f3326bfebcf8/gnocchi.7cc1c374-a4db-40ee-8570-d1f9af74c252%3Fformat%3Djson%26states%3Dlisting HTTP/1.0 204 - Swift - - - - txfd76300c50cb4676ac83a-0069bd5d0b - 0.0063 RL - 1774017803.978116512 1774017803.984434366 0
Mar 20 14:43:23 standalone container-server[127396]: 172.20.0.100 - - [20/Mar/2026:14:43:23 +0000] "GET /d1/220/AUTH_459728d9343f40f7b0c4f3326bfebcf8/gnocchi.7cc1c374-a4db-40ee-8570-d1f9af74c252" 200 2 "GET http://172.18.0.2:8080/v1/AUTH_459728d9343f40f7b0c4f3326bfebcf8/gnocchi.7cc1c374-a4db-40ee-8570-d1f9af74c252?format=json&states=listing" "txfd76300c50cb4676ac83a-0069bd5d0b" "proxy-server 20" 0.0039 "-" 22 0
Mar 20 14:43:23 standalone proxy-server[129543]: 172.18.0.2 172.18.0.100 20/Mar/2026/14/43/23 GET /v1/AUTH_459728d9343f40f7b0c4f3326bfebcf8/gnocchi.7cc1c374-a4db-40ee-8570-d1f9af74c252%3Fformat%3Djson%26states%3Dlisting HTTP/1.0 200 - python-swiftclient-3.11.1 gAAAAABpvVzD3TF2... - 2 - txfd76300c50cb4676ac83a-0069bd5d0b - 0.0171 - - 1774017803.977207899 1774017803.994299650 0
Mar 20 14:43:24 standalone object-server[127551]: 172.20.0.100 - - [20/Mar/2026:14:43:24 +0000] "GET /d1/979/AUTH_459728d9343f40f7b0c4f3326bfebcf8/gnocchi.7cc1c374-a4db-40ee-8570-d1f9af74c252/1773360000.0_mean_300.0_v3" 404 70 "GET http://172.18.0.2:8080/v1/AUTH_459728d9343f40f7b0c4f3326bfebcf8/gnocchi.7cc1c374-a4db-40ee-8570-d1f9af74c252/1773360000.0_mean_300.0_v3" "txb0978ab285b84ecf96c9b-0069bd5d0b" "proxy-server 20" 0.0004 "-" 20 0
Mar 20 14:43:24 standalone proxy-server[129543]: 172.18.0.2 172.18.0.100 20/Mar/2026/14/43/24 GET /v1/AUTH_459728d9343f40f7b0c4f3326bfebcf8/gnocchi.7cc1c374-a4db-40ee-8570-d1f9af74c252/1773360000.0_mean_300.0_v3 HTTP/1.0 404 - python-swiftclient-3.11.1 gAAAAABpvVzD3TF2... - 70 - txb0978ab285b84ecf96c9b-0069bd5d0b - 0.0050 - - 1774017803.999333382 1774017804.004365921 0
Mar 20 14:43:24 standalone container-server[127384]: 172.20.0.100 - - [20/Mar/2026:14:43:24 +0000] "PUT /d1/220/AUTH_459728d9343f40f7b0c4f3326bfebcf8/gnocchi.7cc1c374-a4db-40ee-8570-d1f9af74c252/1773360000.0_mean_300.0_v3" 201 - "PUT http://172.18.0.2:8080/d1/979/AUTH_459728d9343f40f7b0c4f3326bfebcf8/gnocchi.7cc1c374-a4db-40ee-8570-d1f9af74c252/1773360000.0_mean_300.0_v3" "tx2f9e4c0f4b3941129701f-0069bd5d0c" "object-server 22" 0.0009 "-" 20 0
Mar 20 14:43:24 standalone object-server[127556]: 172.20.0.100 - - [20/Mar/2026:14:43:24 +0000] "PUT /d1/979/AUTH_459728d9343f40f7b0c4f3326bfebcf8/gnocchi.7cc1c374-a4db-40ee-8570-d1f9af74c252/1773360000.0_mean_300.0_v3" 201 - "PUT http://172.18.0.2:8080/v1/AUTH_459728d9343f40f7b0c4f3326bfebcf8/gnocchi.7cc1c374-a4db-40ee-8570-d1f9af74c252/1773360000.0_mean_300.0_v3" "tx2f9e4c0f4b3941129701f-0069bd5d0c" "proxy-server 20" 0.0343 "-" 22 0
Mar 20 14:43:24 standalone proxy-server[129543]: 172.18.0.2 172.18.0.100 20/Mar/2026/14/43/24 PUT /v1/AUTH_459728d9343f40f7b0c4f3326bfebcf8/gnocchi.7cc1c374-a4db-40ee-8570-d1f9af74c252/1773360000.0_mean_300.0_v3 HTTP/1.0 201 - python-swiftclient-3.11.1 gAAAAABpvVzD3TF2... 16 - - tx2f9e4c0f4b3941129701f-0069bd5d0c - 0.0412 - - 1774017804.009553194 1774017804.050801516 0
Mar 20 14:43:24 standalone container-server[127384]: 172.20.0.100 - - [20/Mar/2026:14:43:24 +0000] "PUT /d1/220/AUTH_459728d9343f40f7b0c4f3326bfebcf8/gnocchi.7cc1c374-a4db-40ee-8570-d1f9af74c252/none_v3" 201 - "PUT http://172.18.0.2:8080/d1/570/AUTH_459728d9343f40f7b0c4f3326bfebcf8/gnocchi.7cc1c374-a4db-40ee-8570-d1f9af74c252/none_v3" "tx54c5c1cf282f4681a9a12-0069bd5d0c" "object-server 20" 0.0010 "-" 20 0
Mar 20 14:43:24 standalone object-server[127551]: 172.20.0.100 - - [20/Mar/2026:14:43:24 +0000] "PUT /d1/570/AUTH_459728d9343f40f7b0c4f3326bfebcf8/gnocchi.7cc1c374-a4db-40ee-8570-d1f9af74c252/none_v3" 201 - "PUT http://172.18.0.2:8080/v1/AUTH_459728d9343f40f7b0c4f3326bfebcf8/gnocchi.7cc1c374-a4db-40ee-8570-d1f9af74c252/none_v3" "tx54c5c1cf282f4681a9a12-0069bd5d0c" "proxy-server 20" 0.0164 "-" 20 0
Mar 20 14:43:24 standalone proxy-server[129543]: 172.18.0.2 172.18.0.100 20/Mar/2026/14/43/24 PUT /v1/AUTH_459728d9343f40f7b0c4f3326bfebcf8/gnocchi.7cc1c374-a4db-40ee-8570-d1f9af74c252/none_v3 HTTP/1.0 201 - python-swiftclient-3.11.1 gAAAAABpvVzD3TF2... 22 - - tx54c5c1cf282f4681a9a12-0069bd5d0c - 0.0250 - - 1774017804.054160833 1774017804.079125166 0
Mar 20 14:43:24 standalone container-server[127396]: 172.20.0.100 - - [20/Mar/2026:14:43:24 +0000] "HEAD /d1/367/AUTH_459728d9343f40f7b0c4f3326bfebcf8/gnocchi.bd71f071-5aba-44be-b64b-ee8767d40c2c" 404 - "HEAD http://172.18.0.2:8080/v1/AUTH_459728d9343f40f7b0c4f3326bfebcf8/gnocchi.bd71f071-5aba-44be-b64b-ee8767d40c2c?format=json&states=listing" "txedfb8a44afa84c8d8ef98-0069bd5d0c" "proxy-server 20" 0.0006 "-" 22 0
Mar 20 14:43:24 standalone object-server[127556]: 172.20.0.100 - - [20/Mar/2026:14:43:24 +0000] "GET /d1/779/AUTH_459728d9343f40f7b0c4f3326bfebcf8/gnocchi.bd71f071-5aba-44be-b64b-ee8767d40c2c/none_v3" 404 70 "GET http://172.18.0.2:8080/v1/AUTH_459728d9343f40f7b0c4f3326bfebcf8/gnocchi.bd71f071-5aba-44be-b64b-ee8767d40c2c/none_v3" "txedfb8a44afa84c8d8ef98-0069bd5d0c" "proxy-server 20" 0.0006 "-" 22 0
Mar 20 14:43:24 standalone proxy-server[129543]: 172.18.0.2 172.18.0.100 20/Mar/2026/14/43/24 GET /v1/AUTH_459728d9343f40f7b0c4f3326bfebcf8/gnocchi.bd71f071-5aba-44be-b64b-ee8767d40c2c/none_v3 HTTP/1.0 404 - python-swiftclient-3.11.1 gAAAAABpvVzD3TF2... - 70 - txedfb8a44afa84c8d8ef98-0069bd5d0c - 0.0120 - - 1774017804.089896917 1774017804.101946831 0
Mar 20 14:43:24 standalone account-server[127368]: 172.20.0.100 - - [20/Mar/2026:14:43:24 +0000] "PUT /d1/992/AUTH_459728d9343f40f7b0c4f3326bfebcf8/gnocchi.bd71f071-5aba-44be-b64b-ee8767d40c2c" 201 - "PUT http://172.20.0.100:6001/d1/367/AUTH_459728d9343f40f7b0c4f3326bfebcf8/gnocchi.bd71f071-5aba-44be-b64b-ee8767d40c2c" "tx870354db629143f09ae56-0069bd5d0c" "container-server 22" 0.0078 "-" 20 0
Mar 20 14:43:24 standalone container-server[127396]: 172.20.0.100 - - [20/Mar/2026:14:43:24 +0000] "PUT /d1/367/AUTH_459728d9343f40f7b0c4f3326bfebcf8/gnocchi.bd71f071-5aba-44be-b64b-ee8767d40c2c" 201 - "PUT http://172.18.0.2:8080/v1/AUTH_459728d9343f40f7b0c4f3326bfebcf8/gnocchi.bd71f071-5aba-44be-b64b-ee8767d40c2c" "tx870354db629143f09ae56-0069bd5d0c" "proxy-server 20" 0.0219 "-" 22 0
Mar 20 14:43:24 standalone proxy-server[129543]: 172.18.0.2 172.18.0.100 20/Mar/2026/14/43/24 PUT /v1/AUTH_459728d9343f40f7b0c4f3326bfebcf8/gnocchi.bd71f071-5aba-44be-b64b-ee8767d40c2c HTTP/1.0 201 - python-swiftclient-3.11.1 gAAAAABpvVzD3TF2... - - - tx870354db629143f09ae56-0069bd5d0c - 0.0332 - - 1774017804.104231834 1774017804.137392044 0
Mar 20 14:43:24 standalone container-server[127399]: 172.20.0.100 - - [20/Mar/2026:14:43:24 +0000] "HEAD /d1/367/AUTH_459728d9343f40f7b0c4f3326bfebcf8/gnocchi.bd71f071-5aba-44be-b64b-ee8767d40c2c" 204 - "HEAD http://172.18.0.2:8080/v1/AUTH_459728d9343f40f7b0c4f3326bfebcf8/gnocchi.bd71f071-5aba-44be-b64b-ee8767d40c2c?format=json&states=listing" "txcfd54c78f41248bca312d-0069bd5d0c" "proxy-server 20" 0.0027 "-" 23 0
Mar 20 14:43:24 standalone proxy-server[129543]: - - 20/Mar/2026/14/43/24 HEAD /v1/AUTH_459728d9343f40f7b0c4f3326bfebcf8/gnocchi.bd71f071-5aba-44be-b64b-ee8767d40c2c%3Fformat%3Djson%26states%3Dlisting HTTP/1.0 204 - Swift - - - - txcfd54c78f41248bca312d-0069bd5d0c - 0.0136 RL - 1774017804.144101620 1774017804.157712936 0
Mar 20 14:43:24 standalone container-server[127384]: 172.20.0.100 - - [20/Mar/2026:14:43:24 +0000] "GET /d1/367/AUTH_459728d9343f40f7b0c4f3326bfebcf8/gnocchi.bd71f071-5aba-44be-b64b-ee8767d40c2c" 200 2 "GET http://172.18.0.2:8080/v1/AUTH_459728d9343f40f7b0c4f3326bfebcf8/gnocchi.bd71f071-5aba-44be-b64b-ee8767d40c2c?format=json&states=listing" "txcfd54c78f41248bca312d-0069bd5d0c" "proxy-server 20" 0.0020 "-" 20 0
Mar 20 14:43:24 standalone proxy-server[129543]: 172.18.0.2 172.18.0.100 20/Mar/2026/14/43/24 GET /v1/AUTH_459728d9343f40f7b0c4f3326bfebcf8/gnocchi.bd71f071-5aba-44be-b64b-ee8767d40c2c%3Fformat%3Djson%26states%3Dlisting HTTP/1.0 200 - python-swiftclient-3.11.1 gAAAAABpvVzD3TF2... - 2 - txcfd54c78f41248bca312d-0069bd5d0c - 0.1167 - - 1774017804.140276432 1774017804.256997585 0
Mar 20 14:43:24 standalone object-server[127551]: 172.20.0.100 - - [20/Mar/2026:14:43:24 +0000] "GET /d1/945/AUTH_459728d9343f40f7b0c4f3326bfebcf8/gnocchi.bd71f071-5aba-44be-b64b-ee8767d40c2c/1773360000.0_mean_300.0_v3" 404 70 "GET http://172.18.0.2:8080/v1/AUTH_459728d9343f40f7b0c4f3326bfebcf8/gnocchi.bd71f071-5aba-44be-b64b-ee8767d40c2c/1773360000.0_mean_300.0_v3" "tx970ac01c8c0f48188bcdc-0069bd5d0c" "proxy-server 20" 0.0006 "-" 20 0
Mar 20 14:43:24 standalone proxy-server[129543]: 172.18.0.2 172.18.0.100 20/Mar/2026/14/43/24 GET /v1/AUTH_459728d9343f40f7b0c4f3326bfebcf8/gnocchi.bd71f071-5aba-44be-b64b-ee8767d40c2c/1773360000.0_mean_300.0_v3 HTTP/1.0 404 - python-swiftclient-3.11.1 gAAAAABpvVzD3TF2... - 70 - tx970ac01c8c0f48188bcdc-0069bd5d0c - 0.0070 - - 1774017804.261962175 1774017804.268973589 0
Mar 20 14:43:24 standalone container-server[127385]: 172.20.0.100 - - [20/Mar/2026:14:43:24 +0000] "PUT /d1/367/AUTH_459728d9343f40f7b0c4f3326bfebcf8/gnocchi.bd71f071-5aba-44be-b64b-ee8767d40c2c/1773360000.0_mean_300.0_v3" 201 - "PUT http://172.18.0.2:8080/d1/945/AUTH_459728d9343f40f7b0c4f3326bfebcf8/gnocchi.bd71f071-5aba-44be-b64b-ee8767d40c2c/1773360000.0_mean_300.0_v3" "tx46087a0fffb74d1f82107-0069bd5d0c" "object-server 21" 0.0009 "-" 21 0
