Mar 20 14:44:52 standalone object-server[127551]: 172.20.0.100 - - [20/Mar/2026:14:44:52 +0000] "PUT /d1/65/AUTH_459728d9343f40f7b0c4f3326bfebcf8/gnocchi.04a91a1e-fb85-4757-b1f7-41497e46b650/none_v3" 201 - "PUT http://172.18.0.2:8080/v1/AUTH_459728d9343f40f7b0c4f3326bfebcf8/gnocchi.04a91a1e-fb85-4757-b1f7-41497e46b650/none_v3" "txdb40f3b4e6d14c2f947e2-0069bd5d64" "proxy-server 20" 0.0155 "-" 20 0
Mar 20 14:44:52 standalone proxy-server[129543]: 172.18.0.2 172.18.0.100 20/Mar/2026/14/44/52 PUT /v1/AUTH_459728d9343f40f7b0c4f3326bfebcf8/gnocchi.04a91a1e-fb85-4757-b1f7-41497e46b650/none_v3 HTTP/1.0 201 - python-swiftclient-3.11.1 gAAAAABpvVzD3TF2... 22 - - txdb40f3b4e6d14c2f947e2-0069bd5d64 - 0.0217 - - 1774017892.674808264 1774017892.696507454 0
Mar 20 14:44:56 standalone container-server[127143]: Begin container update sweep
Mar 20 14:44:56 standalone account-server[127383]: 172.20.0.100 - - [20/Mar/2026:14:44:56 +0000] "PUT /d1/992/AUTH_459728d9343f40f7b0c4f3326bfebcf8/gnocchi.27e3d2c7-2b23-41d6-98e7-e9ca51436429" 201 - "-" "-" "container-updater 2" 0.0010 "-" 23 0
Mar 20 14:44:56 standalone account-server[127382]: 172.20.0.100 - - [20/Mar/2026:14:44:56 +0000] "PUT /d1/992/AUTH_459728d9343f40f7b0c4f3326bfebcf8/gnocchi.44385a15-84b0-4a66-81f7-d33ad5d08423" 201 - "-" "-" "container-updater 2" 0.0005 "-" 22 0
Mar 20 14:44:56 standalone account-server[127368]: 172.20.0.100 - - [20/Mar/2026:14:44:56 +0000] "PUT /d1/992/AUTH_459728d9343f40f7b0c4f3326bfebcf8/gnocchi.6435ee81-332e-40a7-a7ed-4e259d53ea50" 201 - "-" "-" "container-updater 2" 0.0005 "-" 20 0
Mar 20 14:44:57 standalone account-server[127375]: 172.20.0.100 - - [20/Mar/2026:14:44:57 +0000] "PUT /d1/992/AUTH_459728d9343f40f7b0c4f3326bfebcf8/gnocchi.656f870d-707f-4ec5-b034-2182922b3e83" 201 - "-" "-" "container-updater 2" 0.0008 "-" 21 0
Mar 20 14:44:57 standalone account-server[127383]: 172.20.0.100 - - [20/Mar/2026:14:44:57 +0000] "PUT /d1/992/AUTH_459728d9343f40f7b0c4f3326bfebcf8/gnocchi.def37602-4ce9-40d2-ad28-428773197555" 201 - "-" "-" "container-updater 2" 0.0007 "-" 23 0
Mar 20 14:44:57 standalone account-server[127382]: 172.20.0.100 - - [20/Mar/2026:14:44:57 +0000] "PUT /d1/992/AUTH_459728d9343f40f7b0c4f3326bfebcf8/gnocchi.0493f25d-3dd8-45e5-882b-a8e79a25088f" 201 - "-" "-" "container-updater 2" 0.0004 "-" 22 0
Mar 20 14:44:57 standalone account-server[127383]: 172.20.0.100 - - [20/Mar/2026:14:44:57 +0000] "PUT /d1/992/AUTH_459728d9343f40f7b0c4f3326bfebcf8/gnocchi.04e6b754-4a4f-465d-80d0-be2c1a11ded6" 201 - "-" "-" "container-updater 2" 0.0009 "-" 23 0
Mar 20 14:44:57 standalone account-server[127383]: 172.20.0.100 - - [20/Mar/2026:14:44:57 +0000] "PUT /d1/992/AUTH_459728d9343f40f7b0c4f3326bfebcf8/gnocchi.7e8cc847-1b81-44b3-8d53-b53dc1642929" 201 - "-" "-" "container-updater 2" 0.0008 "-" 23 0
Mar 20 14:44:57 standalone account-server[127375]: 172.20.0.100 - - [20/Mar/2026:14:44:57 +0000] "PUT /d1/992/AUTH_459728d9343f40f7b0c4f3326bfebcf8/gnocchi.bd71f071-5aba-44be-b64b-ee8767d40c2c" 201 - "-" "-" "container-updater 2" 0.0007 "-" 21 0
Mar 20 14:44:57 standalone account-server[127375]: 172.20.0.100 - - [20/Mar/2026:14:44:57 +0000] "PUT /d1/992/AUTH_459728d9343f40f7b0c4f3326bfebcf8/gnocchi.b73b41fc-e623-4579-8c64-7c661db51a72" 201 - "-" "-" "container-updater 2" 0.0006 "-" 21 0
Mar 20 14:44:57 standalone account-server[127383]: 172.20.0.100 - - [20/Mar/2026:14:44:57 +0000] "PUT /d1/992/AUTH_459728d9343f40f7b0c4f3326bfebcf8/gnocchi.f020e0e7-05de-4e52-87d3-20dfa087dfc0" 201 - "-" "-" "container-updater 2" 0.0005 "-" 23 0
Mar 20 14:44:58 standalone account-server[127375]: 172.20.0.100 - - [20/Mar/2026:14:44:58 +0000] "PUT /d1/992/AUTH_459728d9343f40f7b0c4f3326bfebcf8/gnocchi.1f6c13b8-d42c-4404-a06c-762ab3d0d376" 201 - "-" "-" "container-updater 2" 0.0005 "-" 21 0
Mar 20 14:44:58 standalone account-server[127375]: 172.20.0.100 - - [20/Mar/2026:14:44:58 +0000] "PUT /d1/992/AUTH_459728d9343f40f7b0c4f3326bfebcf8/gnocchi.268d4c89-0afe-46a2-9d04-2eeae6e389c1" 201 - "-" "-" "container-updater 2" 0.0007 "-" 21 0
Mar 20 14:44:58 standalone account-server[127368]: 172.20.0.100 - - [20/Mar/2026:14:44:58 +0000] "PUT /d1/992/AUTH_459728d9343f40f7b0c4f3326bfebcf8/gnocchi.b2718624-9e83-4d86-9252-8181afe373d3" 201 - "-" "-" "container-updater 2" 0.0005 "-" 20 0
Mar 20 14:44:58 standalone account-server[127368]: 172.20.0.100 - - [20/Mar/2026:14:44:58 +0000] "PUT /d1/992/AUTH_459728d9343f40f7b0c4f3326bfebcf8/gnocchi.4f46fcae-d405-4b35-8389-5187592e31ff" 201 - "-" "-" "container-updater 2" 0.0005 "-" 20 0
Mar 20 14:44:58 standalone object-server[127554]: 172.20.0.100 - - [20/Mar/2026:14:44:58 +0000] "GET /d1/65/AUTH_459728d9343f40f7b0c4f3326bfebcf8/gnocchi.04a91a1e-fb85-4757-b1f7-41497e46b650/none_v3" 200 22 "GET http://172.18.0.2:8080/v1/AUTH_459728d9343f40f7b0c4f3326bfebcf8/gnocchi.04a91a1e-fb85-4757-b1f7-41497e46b650/none_v3" "txda6f20fe533c4e0193cd9-0069bd5d6a" "proxy-server 20" 0.0011 "-" 21 0
Mar 20 14:44:58 standalone proxy-server[129543]: 172.18.0.2 172.18.0.100 20/Mar/2026/14/44/58 GET /v1/AUTH_459728d9343f40f7b0c4f3326bfebcf8/gnocchi.04a91a1e-fb85-4757-b1f7-41497e46b650/none_v3 HTTP/1.0 200 - python-swiftclient-3.11.1 gAAAAABpvVzD3TF2... - 22 - txda6f20fe533c4e0193cd9-0069bd5d6a - 0.0070 - - 1774017898.484878540 1774017898.491850615 0
Mar 20 14:44:58 standalone container-server[127399]: 172.20.0.100 - - [20/Mar/2026:14:44:58 +0000] "GET /d1/386/AUTH_459728d9343f40f7b0c4f3326bfebcf8/gnocchi.04a91a1e-fb85-4757-b1f7-41497e46b650" 200 357 "GET http://172.18.0.2:8080/v1/AUTH_459728d9343f40f7b0c4f3326bfebcf8/gnocchi.04a91a1e-fb85-4757-b1f7-41497e46b650?format=json&states=listing" "tx3a7d62aba39f470c97978-0069bd5d6a" "proxy-server 20" 0.0086 "-" 23 0
Mar 20 14:44:58 standalone account-server[127375]: 172.20.0.100 - - [20/Mar/2026:14:44:58 +0000] "PUT /d1/992/AUTH_459728d9343f40f7b0c4f3326bfebcf8/gnocchi.c38bb1e6-4f1a-4648-a4ee-e8f49423608e" 201 - "-" "-" "container-updater 2" 0.0014 "-" 21 0
Mar 20 14:44:58 standalone proxy-server[129543]: 172.18.0.2 172.18.0.100 20/Mar/2026/14/44/58 GET /v1/AUTH_459728d9343f40f7b0c4f3326bfebcf8/gnocchi.04a91a1e-fb85-4757-b1f7-41497e46b650%3Fformat%3Djson%26states%3Dlisting HTTP/1.0 200 - python-swiftclient-3.11.1 gAAAAABpvVzD3TF2... - 357 - tx3a7d62aba39f470c97978-0069bd5d6a - 0.0133 - - 1774017898.494623661 1774017898.507966042 0
Mar 20 14:44:58 standalone container-server[127399]: 172.20.0.100 - - [20/Mar/2026:14:44:58 +0000] "GET /d1/386/AUTH_459728d9343f40f7b0c4f3326bfebcf8/gnocchi.04a91a1e-fb85-4757-b1f7-41497e46b650" 200 2 "GET http://172.18.0.2:8080/v1/AUTH_459728d9343f40f7b0c4f3326bfebcf8/gnocchi.04a91a1e-fb85-4757-b1f7-41497e46b650?format=json&marker=none_v3&states=listing" "tx63986096d8284e1c8b8f7-0069bd5d6a" "proxy-server 20" 0.0015 "-" 23 0
Mar 20 14:44:58 standalone proxy-server[129543]: 172.18.0.2 172.18.0.100 20/Mar/2026/14/44/58 GET /v1/AUTH_459728d9343f40f7b0c4f3326bfebcf8/gnocchi.04a91a1e-fb85-4757-b1f7-41497e46b650%3Fformat%3Djson%26marker%3Dnone_v3%26states%3Dlisting HTTP/1.0 200 - python-swiftclient-3.11.1 gAAAAABpvVzD3TF2... - 2 - tx63986096d8284e1c8b8f7-0069bd5d6a - 0.0050 - - 1774017898.509838104 1774017898.514873266 0
Mar 20 14:44:58 standalone object-server[127551]: 172.20.0.100 - - [20/Mar/2026:14:44:58 +0000] "GET /d1/810/AUTH_459728d9343f40f7b0c4f3326bfebcf8/gnocchi.04a91a1e-fb85-4757-b1f7-41497e46b650/1773360000.0_mean_300.0_v3" 200 16 "GET http://172.18.0.2:8080/v1/AUTH_459728d9343f40f7b0c4f3326bfebcf8/gnocchi.04a91a1e-fb85-4757-b1f7-41497e46b650/1773360000.0_mean_300.0_v3" "tx0ed8731155814349b16f4-0069bd5d6a" "proxy-server 20" 0.0009 "-" 20 0
Mar 20 14:44:58 standalone proxy-server[129543]: 172.18.0.2 172.18.0.100 20/Mar/2026/14/44/58 GET /v1/AUTH_459728d9343f40f7b0c4f3326bfebcf8/gnocchi.04a91a1e-fb85-4757-b1f7-41497e46b650/1773360000.0_mean_300.0_v3 HTTP/1.0 200 - python-swiftclient-3.11.1 gAAAAABpvVzD3TF2... - 16 - tx0ed8731155814349b16f4-0069bd5d6a - 0.0053 - - 1774017898.517944336 1774017898.523259401 0
Mar 20 14:44:58 standalone container-server[127396]: 172.20.0.100 - - [20/Mar/2026:14:44:58 +0000] "PUT /d1/386/AUTH_459728d9343f40f7b0c4f3326bfebcf8/gnocchi.04a91a1e-fb85-4757-b1f7-41497e46b650/1773360000.0_mean_300.0_v3" 201 - "PUT http://172.18.0.2:8080/d1/810/AUTH_459728d9343f40f7b0c4f3326bfebcf8/gnocchi.04a91a1e-fb85-4757-b1f7-41497e46b650/1773360000.0_mean_300.0_v3" "tx4bb5255fb93b44b192ebd-0069bd5d6a" "object-server 23" 0.0006 "-" 22 0
Mar 20 14:44:58 standalone object-server[127557]: 172.20.0.100 - - [20/Mar/2026:14:44:58 +0000] "PUT /d1/810/AUTH_459728d9343f40f7b0c4f3326bfebcf8/gnocchi.04a91a1e-fb85-4757-b1f7-41497e46b650/1773360000.0_mean_300.0_v3" 201 - "PUT http://172.18.0.2:8080/v1/AUTH_459728d9343f40f7b0c4f3326bfebcf8/gnocchi.04a91a1e-fb85-4757-b1f7-41497e46b650/1773360000.0_mean_300.0_v3" "tx4bb5255fb93b44b192ebd-0069bd5d6a" "proxy-server 20" 0.0097 "-" 23 0
Mar 20 14:44:58 standalone proxy-server[129543]: 172.18.0.2 172.18.0.100 20/Mar/2026/14/44/58 PUT /v1/AUTH_459728d9343f40f7b0c4f3326bfebcf8/gnocchi.04a91a1e-fb85-4757-b1f7-41497e46b650/1773360000.0_mean_300.0_v3 HTTP/1.0 201 - python-swiftclient-3.11.1 gAAAAABpvVzD3TF2... 16 - - tx4bb5255fb93b44b192ebd-0069bd5d6a - 0.0136 - - 1774017898.525022984 1774017898.538625479 0
Mar 20 14:44:58 standalone container-server[127384]: 172.20.0.100 - - [20/Mar/2026:14:44:58 +0000] "PUT /d1/386/AUTH_459728d9343f40f7b0c4f3326bfebcf8/gnocchi.04a91a1e-fb85-4757-b1f7-41497e46b650/none_v3" 201 - "PUT http://172.18.0.2:8080/d1/65/AUTH_459728d9343f40f7b0c4f3326bfebcf8/gnocchi.04a91a1e-fb85-4757-b1f7-41497e46b650/none_v3" "tx6bfa1e959fef403fbb1c6-0069bd5d6a" "object-server 22" 0.0010 "-" 20 0
Mar 20 14:44:58 standalone object-server[127556]: 172.20.0.100 - - [20/Mar/2026:14:44:58 +0000] "PUT /d1/65/AUTH_459728d9343f40f7b0c4f3326bfebcf8/gnocchi.04a91a1e-fb85-4757-b1f7-41497e46b650/none_v3" 201 - "PUT http://172.18.0.2:8080/v1/AUTH_459728d9343f40f7b0c4f3326bfebcf8/gnocchi.04a91a1e-fb85-4757-b1f7-41497e46b650/none_v3" "tx6bfa1e959fef403fbb1c6-0069bd5d6a" "proxy-server 20" 0.0208 "-" 22 0
Mar 20 14:44:58 standalone proxy-server[129543]: 172.18.0.2 172.18.0.100 20/Mar/2026/14/44/58 PUT /v1/AUTH_459728d9343f40f7b0c4f3326bfebcf8/gnocchi.04a91a1e-fb85-4757-b1f7-41497e46b650/none_v3 HTTP/1.0 201 - python-swiftclient-3.11.1 gAAAAABpvVzD3TF2... 32 - - tx6bfa1e959fef403fbb1c6-0069bd5d6a - 0.0247 - - 1774017898.540359020 1774017898.565080404 0
Mar 20 14:44:58 standalone account-server[127383]: 172.20.0.100 - - [20/Mar/2026:14:44:58 +0000] "PUT /d1/992/AUTH_459728d9343f40f7b0c4f3326bfebcf8/gnocchi.268dfb91-38bb-4e84-b3f2-4d55afd9539e" 201 - "-" "-" "container-updater 2" 0.0006 "-" 23 0
Mar 20 14:44:58 standalone account-server[127368]: 172.20.0.100 - - [20/Mar/2026:14:44:58 +0000] "PUT /d1/992/AUTH_459728d9343f40f7b0c4f3326bfebcf8/gnocchi.0fc9f8be-feec-4f5c-83e7-80313bdff5ea" 201 - "-" "-" "container-updater 2" 0.0009 "-" 20 0
Mar 20 14:44:58 standalone account-server[127375]: 172.20.0.100 - - [20/Mar/2026:14:44:58 +0000] "PUT /d1/992/AUTH_459728d9343f40f7b0c4f3326bfebcf8/gnocchi.bebcf106-8466-4db1-b78d-4a87675de70b" 201 - "-" "-" "container-updater 2" 0.0006 "-" 21 0
Mar 20 14:44:59 standalone account-server[127383]: 172.20.0.100 - - [20/Mar/2026:14:44:59 +0000] "PUT /d1/992/AUTH_459728d9343f40f7b0c4f3326bfebcf8/gnocchi.daf093ae-99e4-4d5a-8c3e-2ebbf2824f73" 201 - "-" "-" "container-updater 2" 0.0008 "-" 23 0
Mar 20 14:44:59 standalone account-server[127383]: 172.20.0.100 - - [20/Mar/2026:14:44:59 +0000] "PUT /d1/992/AUTH_459728d9343f40f7b0c4f3326bfebcf8/gnocchi.6cd69b83-7f36-4d52-ab47-65e511f5aeac" 201 - "-" "-" "container-updater 2" 0.0007 "-" 23 0
Mar 20 14:44:59 standalone account-server[127368]: 172.20.0.100 - - [20/Mar/2026:14:44:59 +0000] "PUT /d1/992/AUTH_459728d9343f40f7b0c4f3326bfebcf8/gnocchi.c41c82db-9404-4f4b-8e3f-38acba5bc8ec" 201 - "-" "-" "container-updater 2" 0.0005 "-" 20 0
Mar 20 14:44:59 standalone account-server[127382]: 172.20.0.100 - - [20/Mar/2026:14:44:59 +0000] "PUT /d1/992/AUTH_459728d9343f40f7b0c4f3326bfebcf8/gnocchi.7cc1c374-a4db-40ee-8570-d1f9af74c252" 201 - "-" "-" "container-updater 2" 0.0010 "-" 22 0
Mar 20 14:44:59 standalone account-server[127375]: 172.20.0.100 - - [20/Mar/2026:14:44:59 +0000] "PUT /d1/992/AUTH_459728d9343f40f7b0c4f3326bfebcf8/gnocchi.5cf59e23-afaf-4141-94dc-33a08b5e2ab9" 201 - "-" "-" "container-updater 2" 0.0005 "-" 21 0
Mar 20 14:44:59 standalone account-server[127382]: 172.20.0.100 - - [20/Mar/2026:14:44:59 +0000] "PUT /d1/992/AUTH_459728d9343f40f7b0c4f3326bfebcf8/gnocchi.af3f3060-eaba-48be-a31a-b4abd58b8c09" 201 - "-" "-" "container-updater 2" 0.0006 "-" 22 0
Mar 20 14:44:59 standalone account-server[127375]: 172.20.0.100 - - [20/Mar/2026:14:44:59 +0000] "PUT /d1/992/AUTH_459728d9343f40f7b0c4f3326bfebcf8/gnocchi.04a91a1e-fb85-4757-b1f7-41497e46b650" 201 - "-" "-" "container-updater 2" 0.0008 "-" 21 0
Mar 20 14:44:59 standalone account-server[127382]: 172.20.0.100 - - [20/Mar/2026:14:44:59 +0000] "PUT /d1/992/AUTH_459728d9343f40f7b0c4f3326bfebcf8/gnocchi.53bad487-01e2-4bbe-829c-e7f29aeb3fe1" 201 - "-" "-" "container-updater 2" 0.0008 "-" 22 0
Mar 20 14:45:00 standalone account-server[127382]: 172.20.0.100 - - [20/Mar/2026:14:45:00 +0000] "PUT /d1/992/AUTH_459728d9343f40f7b0c4f3326bfebcf8/gnocchi.6171a7f5-2503-4cdf-a450-5e5833f08b4b" 201 - "-" "-" "container-updater 2" 0.0007 "-" 22 0
Mar 20 14:45:00 standalone account-server[127383]: 172.20.0.100 - - [20/Mar/2026:14:45:00 +0000] "PUT /d1/992/AUTH_459728d9343f40f7b0c4f3326bfebcf8/gnocchi.5ad5be69-19b2-43f8-995a-85ec9cfbe29a" 201 - "-" "-" "container-updater 2" 0.0007 "-" 23 0
Mar 20 14:45:00 standalone account-server[127368]: 172.20.0.100 - - [20/Mar/2026:14:45:00 +0000] "PUT /d1/992/AUTH_459728d9343f40f7b0c4f3326bfebcf8/gnocchi.3d8ac46a-55d0-42db-880f-4f14e53646d4" 201 - "-" "-" "container-updater 2" 0.0005 "-" 20 0
Mar 20 14:45:00 standalone account-server[127375]: 172.20.0.100 - - [20/Mar/2026:14:45:00 +0000] "PUT /d1/992/AUTH_459728d9343f40f7b0c4f3326bfebcf8/gnocchi.31ac152e-a116-4531-a6be-d127b60fbf78" 201 - "-" "-" "container-updater 2" 0.0007 "-" 21 0
Mar 20 14:45:00 standalone account-server[127383]: 172.20.0.100 - - [20/Mar/2026:14:45:00 +0000] "PUT /d1/992/AUTH_459728d9343f40f7b0c4f3326bfebcf8/gnocchi.61e7be99-044c-40bf-9007-fbf2542cc1b6" 201 - "-" "-" "container-updater 2" 0.0008 "-" 23 0
Mar 20 14:45:00 standalone account-server[127375]: 172.20.0.100 - - [20/Mar/2026:14:45:00 +0000] "PUT /d1/992/AUTH_459728d9343f40f7b0c4f3326bfebcf8/gnocchi.f3022a84-397c-49e3-8590-cc762a97efbc" 201 - "-" "-" "container-updater 2" 0.0007 "-" 21 0
Mar 20 14:45:00 standalone account-server[127368]: 172.20.0.100 - - [20/Mar/2026:14:45:00 +0000] "PUT /d1/992/AUTH_459728d9343f40f7b0c4f3326bfebcf8/gnocchi.44d6e731-b01f-473e-af0e-8a64f9456cc3" 201 - "-" "-" "container-updater 2" 0.0005 "-" 20 0
Mar 20 14:45:00 standalone account-server[127382]: 172.20.0.100 - - [20/Mar/2026:14:45:00 +0000] "PUT /d1/992/AUTH_459728d9343f40f7b0c4f3326bfebcf8/gnocchi.9ff9dab6-6a17-4cc0-9217-19f5fea3c869" 201 - "-" "-" "container-updater 2" 0.0009 "-" 22 0
Mar 20 14:45:00 standalone container-server[127143]: Container update sweep completed: 4.39s
Mar 20 14:45:45 standalone object-server[127434]: Begin object update sweep
Mar 20 14:45:45 standalone object-server[248317]: Object update sweep starting on /srv/node/d1 (pid: 15)
Mar 20 14:45:45 standalone object-server[248317]: Object update sweep completed on /srv/node/d1 in 0.00s seconds:, 0 successes, 0 failures, 0 quarantines, 0 unlinks, 0 errors, 0 redirects (pid: 15)
Mar 20 14:45:45 standalone object-server[248317]: Object update sweep of d1 completed: 0.00s, 0 successes, 0 failures, 0 quarantines, 0 unlinks, 0 errors, 0 redirects
Mar 20 14:45:45 standalone object-server[127434]: Object update sweep completed: 0.08s