Mar 20 14:44:11 standalone container-server[127384]: 172.20.0.100 - - [20/Mar/2026:14:44:11 +0000] "HEAD /d1/183/AUTH_459728d9343f40f7b0c4f3326bfebcf8/gnocchi.af3f3060-eaba-48be-a31a-b4abd58b8c09" 204 - "HEAD http://172.18.0.2:8080/v1/AUTH_459728d9343f40f7b0c4f3326bfebcf8/gnocchi.af3f3060-eaba-48be-a31a-b4abd58b8c09?format=json&states=listing" "tx0ace1671abec4313a349e-0069bd5d3b" "proxy-server 20" 0.0023 "-" 20 0
Mar 20 14:44:11 standalone proxy-server[129543]: - - 20/Mar/2026/14/44/11 HEAD /v1/AUTH_459728d9343f40f7b0c4f3326bfebcf8/gnocchi.af3f3060-eaba-48be-a31a-b4abd58b8c09%3Fformat%3Djson%26states%3Dlisting HTTP/1.0 204 - Swift - - - - tx0ace1671abec4313a349e-0069bd5d3b - 0.0078 RL - 1774017851.830920696 1774017851.838697672 0
Mar 20 14:44:11 standalone container-server[127396]: 172.20.0.100 - - [20/Mar/2026:14:44:11 +0000] "GET /d1/183/AUTH_459728d9343f40f7b0c4f3326bfebcf8/gnocchi.af3f3060-eaba-48be-a31a-b4abd58b8c09" 200 2 "GET http://172.18.0.2:8080/v1/AUTH_459728d9343f40f7b0c4f3326bfebcf8/gnocchi.af3f3060-eaba-48be-a31a-b4abd58b8c09?format=json&states=listing" "tx0ace1671abec4313a349e-0069bd5d3b" "proxy-server 20" 0.0018 "-" 22 0
Mar 20 14:44:11 standalone proxy-server[129543]: 172.18.0.2 172.18.0.100 20/Mar/2026/14/44/11 GET /v1/AUTH_459728d9343f40f7b0c4f3326bfebcf8/gnocchi.af3f3060-eaba-48be-a31a-b4abd58b8c09%3Fformat%3Djson%26states%3Dlisting HTTP/1.0 200 - python-swiftclient-3.11.1 gAAAAABpvVzD3TF2... - 2 - tx0ace1671abec4313a349e-0069bd5d3b - 0.0204 - - 1774017851.829037905 1774017851.849469185 0
Mar 20 14:44:11 standalone object-server[127557]: 172.20.0.100 - - [20/Mar/2026:14:44:11 +0000] "GET /d1/566/AUTH_459728d9343f40f7b0c4f3326bfebcf8/gnocchi.af3f3060-eaba-48be-a31a-b4abd58b8c09/1773360000.0_mean_300.0_v3" 404 70 "GET http://172.18.0.2:8080/v1/AUTH_459728d9343f40f7b0c4f3326bfebcf8/gnocchi.af3f3060-eaba-48be-a31a-b4abd58b8c09/1773360000.0_mean_300.0_v3" "tx9205eeddbaa1433793e6c-0069bd5d3b" "proxy-server 20" 0.0007 "-" 23 0
Mar 20 14:44:11 standalone proxy-server[129543]: 172.18.0.2 172.18.0.100 20/Mar/2026/14/44/11 GET /v1/AUTH_459728d9343f40f7b0c4f3326bfebcf8/gnocchi.af3f3060-eaba-48be-a31a-b4abd58b8c09/1773360000.0_mean_300.0_v3 HTTP/1.0 404 - python-swiftclient-3.11.1 gAAAAABpvVzD3TF2... - 70 - tx9205eeddbaa1433793e6c-0069bd5d3b - 0.0147 - - 1774017851.856013060 1774017851.870735884 0
Mar 20 14:44:11 standalone container-server[127385]: 172.20.0.100 - - [20/Mar/2026:14:44:11 +0000] "PUT /d1/183/AUTH_459728d9343f40f7b0c4f3326bfebcf8/gnocchi.af3f3060-eaba-48be-a31a-b4abd58b8c09/1773360000.0_mean_300.0_v3" 201 - "PUT http://172.18.0.2:8080/d1/566/AUTH_459728d9343f40f7b0c4f3326bfebcf8/gnocchi.af3f3060-eaba-48be-a31a-b4abd58b8c09/1773360000.0_mean_300.0_v3" "tx6846f8e57be14ea29d800-0069bd5d3b" "object-server 22" 0.0007 "-" 21 0
Mar 20 14:44:11 standalone object-server[127556]: 172.20.0.100 - - [20/Mar/2026:14:44:11 +0000] "PUT /d1/566/AUTH_459728d9343f40f7b0c4f3326bfebcf8/gnocchi.af3f3060-eaba-48be-a31a-b4abd58b8c09/1773360000.0_mean_300.0_v3" 201 - "PUT http://172.18.0.2:8080/v1/AUTH_459728d9343f40f7b0c4f3326bfebcf8/gnocchi.af3f3060-eaba-48be-a31a-b4abd58b8c09/1773360000.0_mean_300.0_v3" "tx6846f8e57be14ea29d800-0069bd5d3b" "proxy-server 20" 0.0103 "-" 22 0
Mar 20 14:44:11 standalone proxy-server[129543]: 172.18.0.2 172.18.0.100 20/Mar/2026/14/44/11 PUT /v1/AUTH_459728d9343f40f7b0c4f3326bfebcf8/gnocchi.af3f3060-eaba-48be-a31a-b4abd58b8c09/1773360000.0_mean_300.0_v3 HTTP/1.0 201 - python-swiftclient-3.11.1 gAAAAABpvVzD3TF2... 16 - - tx6846f8e57be14ea29d800-0069bd5d3b - 0.0188 - - 1774017851.881526947 1774017851.900296211 0
Mar 20 14:44:11 standalone container-server[127396]: 172.20.0.100 - - [20/Mar/2026:14:44:11 +0000] "PUT /d1/183/AUTH_459728d9343f40f7b0c4f3326bfebcf8/gnocchi.af3f3060-eaba-48be-a31a-b4abd58b8c09/none_v3" 201 - "PUT http://172.18.0.2:8080/d1/860/AUTH_459728d9343f40f7b0c4f3326bfebcf8/gnocchi.af3f3060-eaba-48be-a31a-b4abd58b8c09/none_v3" "tx30f37417769a464383e62-0069bd5d3b" "object-server 20" 0.0009 "-" 22 0
Mar 20 14:44:11 standalone object-server[127551]: 172.20.0.100 - - [20/Mar/2026:14:44:11 +0000] "PUT /d1/860/AUTH_459728d9343f40f7b0c4f3326bfebcf8/gnocchi.af3f3060-eaba-48be-a31a-b4abd58b8c09/none_v3" 201 - "PUT http://172.18.0.2:8080/v1/AUTH_459728d9343f40f7b0c4f3326bfebcf8/gnocchi.af3f3060-eaba-48be-a31a-b4abd58b8c09/none_v3" "tx30f37417769a464383e62-0069bd5d3b" "proxy-server 20" 0.0120 "-" 20 0
Mar 20 14:44:11 standalone proxy-server[129543]: 172.18.0.2 172.18.0.100 20/Mar/2026/14/44/11 PUT /v1/AUTH_459728d9343f40f7b0c4f3326bfebcf8/gnocchi.af3f3060-eaba-48be-a31a-b4abd58b8c09/none_v3 HTTP/1.0 201 - python-swiftclient-3.11.1 gAAAAABpvVzD3TF2... 22 - - tx30f37417769a464383e62-0069bd5d3b - 0.0218 - - 1774017851.904761553 1774017851.926523209 0
Mar 20 14:44:12 standalone object-server[127554]: 172.20.0.100 - - [20/Mar/2026:14:44:12 +0000] "GET /d1/860/AUTH_459728d9343f40f7b0c4f3326bfebcf8/gnocchi.af3f3060-eaba-48be-a31a-b4abd58b8c09/none_v3" 200 22 "GET http://172.18.0.2:8080/v1/AUTH_459728d9343f40f7b0c4f3326bfebcf8/gnocchi.af3f3060-eaba-48be-a31a-b4abd58b8c09/none_v3" "tx97e0f787f7914066a2bc2-0069bd5d3c" "proxy-server 20" 0.0014 "-" 21 0
Mar 20 14:44:12 standalone proxy-server[129543]: 172.18.0.2 172.18.0.100 20/Mar/2026/14/44/12 GET /v1/AUTH_459728d9343f40f7b0c4f3326bfebcf8/gnocchi.af3f3060-eaba-48be-a31a-b4abd58b8c09/none_v3 HTTP/1.0 200 - python-swiftclient-3.11.1 gAAAAABpvVzD3TF2... - 22 - tx97e0f787f7914066a2bc2-0069bd5d3c - 0.0110 - - 1774017852.303618670 1774017852.314584970 0
Mar 20 14:44:12 standalone container-server[127384]: 172.20.0.100 - - [20/Mar/2026:14:44:12 +0000] "GET /d1/183/AUTH_459728d9343f40f7b0c4f3326bfebcf8/gnocchi.af3f3060-eaba-48be-a31a-b4abd58b8c09" 200 357 "GET http://172.18.0.2:8080/v1/AUTH_459728d9343f40f7b0c4f3326bfebcf8/gnocchi.af3f3060-eaba-48be-a31a-b4abd58b8c09?format=json&states=listing" "txec9bf0ee4d25474a8d0e9-0069bd5d3c" "proxy-server 20" 0.0108 "-" 20 0
Mar 20 14:44:12 standalone proxy-server[129543]: 172.18.0.2 172.18.0.100 20/Mar/2026/14/44/12 GET /v1/AUTH_459728d9343f40f7b0c4f3326bfebcf8/gnocchi.af3f3060-eaba-48be-a31a-b4abd58b8c09%3Fformat%3Djson%26states%3Dlisting HTTP/1.0 200 - python-swiftclient-3.11.1 gAAAAABpvVzD3TF2... - 357 - txec9bf0ee4d25474a8d0e9-0069bd5d3c - 0.0194 - - 1774017852.321219683 1774017852.340643406 0
Mar 20 14:44:12 standalone container-server[127396]: 172.20.0.100 - - [20/Mar/2026:14:44:12 +0000] "GET /d1/183/AUTH_459728d9343f40f7b0c4f3326bfebcf8/gnocchi.af3f3060-eaba-48be-a31a-b4abd58b8c09" 200 2 "GET http://172.18.0.2:8080/v1/AUTH_459728d9343f40f7b0c4f3326bfebcf8/gnocchi.af3f3060-eaba-48be-a31a-b4abd58b8c09?format=json&marker=none_v3&states=listing" "txce655254fca34979a5497-0069bd5d3c" "proxy-server 20" 0.0035 "-" 22 0
Mar 20 14:44:12 standalone proxy-server[129543]: 172.18.0.2 172.18.0.100 20/Mar/2026/14/44/12 GET /v1/AUTH_459728d9343f40f7b0c4f3326bfebcf8/gnocchi.af3f3060-eaba-48be-a31a-b4abd58b8c09%3Fformat%3Djson%26marker%3Dnone_v3%26states%3Dlisting HTTP/1.0 200 - python-swiftclient-3.11.1 gAAAAABpvVzD3TF2... - 2 - txce655254fca34979a5497-0069bd5d3c - 0.0121 - - 1774017852.344959259 1774017852.357038260 0
Mar 20 14:44:12 standalone object-server[127554]: 172.20.0.100 - - [20/Mar/2026:14:44:12 +0000] "GET /d1/566/AUTH_459728d9343f40f7b0c4f3326bfebcf8/gnocchi.af3f3060-eaba-48be-a31a-b4abd58b8c09/1773360000.0_mean_300.0_v3" 200 16 "GET http://172.18.0.2:8080/v1/AUTH_459728d9343f40f7b0c4f3326bfebcf8/gnocchi.af3f3060-eaba-48be-a31a-b4abd58b8c09/1773360000.0_mean_300.0_v3" "txf028845389e64cc18c219-0069bd5d3c" "proxy-server 20" 0.0013 "-" 21 0
Mar 20 14:44:12 standalone proxy-server[129543]: 172.18.0.2 172.18.0.100 20/Mar/2026/14/44/12 GET /v1/AUTH_459728d9343f40f7b0c4f3326bfebcf8/gnocchi.af3f3060-eaba-48be-a31a-b4abd58b8c09/1773360000.0_mean_300.0_v3 HTTP/1.0 200 - python-swiftclient-3.11.1 gAAAAABpvVzD3TF2... - 16 - txf028845389e64cc18c219-0069bd5d3c - 0.0104 - - 1774017852.363463640 1774017852.373821735 0
Mar 20 14:44:12 standalone container-server[127385]: 172.20.0.100 - - [20/Mar/2026:14:44:12 +0000] "PUT /d1/183/AUTH_459728d9343f40f7b0c4f3326bfebcf8/gnocchi.af3f3060-eaba-48be-a31a-b4abd58b8c09/1773360000.0_mean_300.0_v3" 201 - "PUT http://172.18.0.2:8080/d1/566/AUTH_459728d9343f40f7b0c4f3326bfebcf8/gnocchi.af3f3060-eaba-48be-a31a-b4abd58b8c09/1773360000.0_mean_300.0_v3" "tx76876dfc54e94bdaa0657-0069bd5d3c" "object-server 21" 0.0019 "-" 21 0
Mar 20 14:44:12 standalone object-server[127554]: 172.20.0.100 - - [20/Mar/2026:14:44:12 +0000] "PUT /d1/566/AUTH_459728d9343f40f7b0c4f3326bfebcf8/gnocchi.af3f3060-eaba-48be-a31a-b4abd58b8c09/1773360000.0_mean_300.0_v3" 201 - "PUT http://172.18.0.2:8080/v1/AUTH_459728d9343f40f7b0c4f3326bfebcf8/gnocchi.af3f3060-eaba-48be-a31a-b4abd58b8c09/1773360000.0_mean_300.0_v3" "tx76876dfc54e94bdaa0657-0069bd5d3c" "proxy-server 20" 0.0145 "-" 21 0
Mar 20 14:44:12 standalone proxy-server[129543]: 172.18.0.2 172.18.0.100 20/Mar/2026/14/44/12 PUT /v1/AUTH_459728d9343f40f7b0c4f3326bfebcf8/gnocchi.af3f3060-eaba-48be-a31a-b4abd58b8c09/1773360000.0_mean_300.0_v3 HTTP/1.0 201 - python-swiftclient-3.11.1 gAAAAABpvVzD3TF2... 16 - - tx76876dfc54e94bdaa0657-0069bd5d3c - 0.0229 - - 1774017852.379671812 1774017852.402598858 0
Mar 20 14:44:12 standalone container-server[127384]: 172.20.0.100 - - [20/Mar/2026:14:44:12 +0000] "PUT /d1/183/AUTH_459728d9343f40f7b0c4f3326bfebcf8/gnocchi.af3f3060-eaba-48be-a31a-b4abd58b8c09/none_v3" 201 - "PUT http://172.18.0.2:8080/d1/860/AUTH_459728d9343f40f7b0c4f3326bfebcf8/gnocchi.af3f3060-eaba-48be-a31a-b4abd58b8c09/none_v3" "txc8921e7db8144ff7a9eaa-0069bd5d3c" "object-server 22" 0.0011 "-" 20 0
Mar 20 14:44:12 standalone object-server[127556]: 172.20.0.100 - - [20/Mar/2026:14:44:12 +0000] "PUT /d1/860/AUTH_459728d9343f40f7b0c4f3326bfebcf8/gnocchi.af3f3060-eaba-48be-a31a-b4abd58b8c09/none_v3" 201 - "PUT http://172.18.0.2:8080/v1/AUTH_459728d9343f40f7b0c4f3326bfebcf8/gnocchi.af3f3060-eaba-48be-a31a-b4abd58b8c09/none_v3" "txc8921e7db8144ff7a9eaa-0069bd5d3c" "proxy-server 20" 0.0137 "-" 22 0
Mar 20 14:44:12 standalone proxy-server[129543]: 172.18.0.2 172.18.0.100 20/Mar/2026/14/44/12 PUT /v1/AUTH_459728d9343f40f7b0c4f3326bfebcf8/gnocchi.af3f3060-eaba-48be-a31a-b4abd58b8c09/none_v3 HTTP/1.0 201 - python-swiftclient-3.11.1 gAAAAABpvVzD3TF2... 31 - - txc8921e7db8144ff7a9eaa-0069bd5d3c - 0.0216 - - 1774017852.407614231 1774017852.429232836 0
Mar 20 14:44:21 standalone account-server[127382]: 172.20.0.100 - - [20/Mar/2026:14:44:21 +0000] "HEAD /d1/992/AUTH_459728d9343f40f7b0c4f3326bfebcf8" 204 - "HEAD http://172.18.0.2:8080/v1/AUTH_459728d9343f40f7b0c4f3326bfebcf8?format=json" "txc872ff7fed6940839887d-0069bd5d45" "proxy-server 20" 0.0073 "-" 22 -
Mar 20 14:44:21 standalone proxy-server[129543]: - - 20/Mar/2026/14/44/21 HEAD /v1/AUTH_459728d9343f40f7b0c4f3326bfebcf8%3Fformat%3Djson HTTP/1.0 204 - Swift - - - - txc872ff7fed6940839887d-0069bd5d45 - 0.0135 RL - 1774017861.973886490 1774017861.987428427 -
Mar 20 14:44:21 standalone object-server[127554]: 172.20.0.100 - - [20/Mar/2026:14:44:21 +0000] "GET /d1/645/AUTH_459728d9343f40f7b0c4f3326bfebcf8/gnocchi.53bad487-01e2-4bbe-829c-e7f29aeb3fe1/none_v3" 200 32 "GET http://172.18.0.2:8080/v1/AUTH_459728d9343f40f7b0c4f3326bfebcf8/gnocchi.53bad487-01e2-4bbe-829c-e7f29aeb3fe1/none_v3" "txc872ff7fed6940839887d-0069bd5d45" "proxy-server 20" 0.0016 "-" 21 0
Mar 20 14:44:22 standalone proxy-server[129543]: 172.18.0.2 172.18.0.100 20/Mar/2026/14/44/21 GET /v1/AUTH_459728d9343f40f7b0c4f3326bfebcf8/gnocchi.53bad487-01e2-4bbe-829c-e7f29aeb3fe1/none_v3 HTTP/1.0 200 - python-swiftclient-3.11.1 gAAAAABpvVzD3TF2... - 32 - txc872ff7fed6940839887d-0069bd5d45 - 0.0274 - - 1774017861.972495794 1774017861.999894381 0
Mar 20 14:44:22 standalone container-server[127385]: 172.20.0.100 - - [20/Mar/2026:14:44:22 +0000] "GET /d1/3/AUTH_459728d9343f40f7b0c4f3326bfebcf8/gnocchi.53bad487-01e2-4bbe-829c-e7f29aeb3fe1" 200 357 "GET http://172.18.0.2:8080/v1/AUTH_459728d9343f40f7b0c4f3326bfebcf8/gnocchi.53bad487-01e2-4bbe-829c-e7f29aeb3fe1?format=json&states=listing" "tx99a7804ab6bd42a9a1f5e-0069bd5d46" "proxy-server 20" 0.0080 "-" 21 0
Mar 20 14:44:22 standalone proxy-server[129543]: 172.18.0.2 172.18.0.100 20/Mar/2026/14/44/22 GET /v1/AUTH_459728d9343f40f7b0c4f3326bfebcf8/gnocchi.53bad487-01e2-4bbe-829c-e7f29aeb3fe1%3Fformat%3Djson%26states%3Dlisting HTTP/1.0 200 - python-swiftclient-3.11.1 gAAAAABpvVzD3TF2... - 357 - tx99a7804ab6bd42a9a1f5e-0069bd5d46 - 0.0180 - - 1774017862.005485058 1774017862.023504019 0
Mar 20 14:44:22 standalone container-server[127385]: 172.20.0.100 - - [20/Mar/2026:14:44:22 +0000] "GET /d1/3/AUTH_459728d9343f40f7b0c4f3326bfebcf8/gnocchi.53bad487-01e2-4bbe-829c-e7f29aeb3fe1" 200 2 "GET http://172.18.0.2:8080/v1/AUTH_459728d9343f40f7b0c4f3326bfebcf8/gnocchi.53bad487-01e2-4bbe-829c-e7f29aeb3fe1?format=json&marker=none_v3&states=listing" "txfe8ac77f5bc6483296186-0069bd5d46" "proxy-server 20" 0.0038 "-" 21 0
Mar 20 14:44:22 standalone proxy-server[129543]: 172.18.0.2 172.18.0.100 20/Mar/2026/14/44/22 GET /v1/AUTH_459728d9343f40f7b0c4f3326bfebcf8/gnocchi.53bad487-01e2-4bbe-829c-e7f29aeb3fe1%3Fformat%3Djson%26marker%3Dnone_v3%26states%3Dlisting HTTP/1.0 200 - python-swiftclient-3.11.1 gAAAAABpvVzD3TF2... - 2 - txfe8ac77f5bc6483296186-0069bd5d46 - 0.0124 - - 1774017862.027365446 1774017862.039726019 0
Mar 20 14:44:22 standalone object-server[127551]: 172.20.0.100 - - [20/Mar/2026:14:44:22 +0000] "GET /d1/391/AUTH_459728d9343f40f7b0c4f3326bfebcf8/gnocchi.53bad487-01e2-4bbe-829c-e7f29aeb3fe1/1773360000.0_mean_300.0_v3" 200 16 "GET http://172.18.0.2:8080/v1/AUTH_459728d9343f40f7b0c4f3326bfebcf8/gnocchi.53bad487-01e2-4bbe-829c-e7f29aeb3fe1/1773360000.0_mean_300.0_v3" "txb29aa2becf66471497c15-0069bd5d46" "proxy-server 20" 0.0007 "-" 20 0
Mar 20 14:44:22 standalone proxy-server[129543]: 172.18.0.2 172.18.0.100 20/Mar/2026/14/44/22 GET /v1/AUTH_459728d9343f40f7b0c4f3326bfebcf8/gnocchi.53bad487-01e2-4bbe-829c-e7f29aeb3fe1/1773360000.0_mean_300.0_v3 HTTP/1.0 200 - python-swiftclient-3.11.1 gAAAAABpvVzD3TF2... - 16 - txb29aa2becf66471497c15-0069bd5d46 - 0.0085 - - 1774017862.044700146 1774017862.053202629 0
Mar 20 14:44:22 standalone container-server[127399]: 172.20.0.100 - - [20/Mar/2026:14:44:22 +0000] "PUT /d1/3/AUTH_459728d9343f40f7b0c4f3326bfebcf8/gnocchi.53bad487-01e2-4bbe-829c-e7f29aeb3fe1/1773360000.0_mean_300.0_v3" 201 - "PUT http://172.18.0.2:8080/d1/391/AUTH_459728d9343f40f7b0c4f3326bfebcf8/gnocchi.53bad487-01e2-4bbe-829c-e7f29aeb3fe1/1773360000.0_mean_300.0_v3" "tx22f98ccfb3554ee290554-0069bd5d46" "object-server 22" 0.0019 "-" 23 0
Mar 20 14:44:22 standalone object-server[127556]: 172.20.0.100 - - [20/Mar/2026:14:44:22 +0000] "PUT /d1/391/AUTH_459728d9343f40f7b0c4f3326bfebcf8/gnocchi.53bad487-01e2-4bbe-829c-e7f29aeb3fe1/1773360000.0_mean_300.0_v3" 201 - "PUT http://172.18.0.2:8080/v1/AUTH_459728d9343f40f7b0c4f3326bfebcf8/gnocchi.53bad487-01e2-4bbe-829c-e7f29aeb3fe1/1773360000.0_mean_300.0_v3" "tx22f98ccfb3554ee290554-0069bd5d46" "proxy-server 20" 0.0132 "-" 22 0
Mar 20 14:44:22 standalone proxy-server[129543]: 172.18.0.2 172.18.0.100 20/Mar/2026/14/44/22 PUT /v1/AUTH_459728d9343f40f7b0c4f3326bfebcf8/gnocchi.53bad487-01e2-4bbe-829c-e7f29aeb3fe1/1773360000.0_mean_300.0_v3 HTTP/1.0 201 - python-swiftclient-3.11.1 gAAAAABpvVzD3TF2... 16 - - tx22f98ccfb3554ee290554-0069bd5d46 - 0.0221 - - 1774017862.057480812 1774017862.079538107 0
Mar 20 14:44:22 standalone container-server[127384]: 172.20.0.100 - - [20/Mar/2026:14:44:22 +0000] "PUT /d1/3/AUTH_459728d9343f40f7b0c4f3326bfebcf8/gnocchi.53bad487-01e2-4bbe-829c-e7f29aeb3fe1/none_v3" 201 - "PUT http://172.18.0.2:8080/d1/645/AUTH_459728d9343f40f7b0c4f3326bfebcf8/gnocchi.53bad487-01e2-4bbe-829c-e7f29aeb3fe1/none_v3" "txeb5bc0e3d6474dbd89f36-0069bd5d46" "object-server 20" 0.0006 "-" 20 0
Mar 20 14:44:22 standalone object-server[127551]: 172.20.0.100 - - [20/Mar/2026:14:44:22 +0000] "PUT /d1/645/AUTH_459728d9343f40f7b0c4f3326bfebcf8/gnocchi.53bad487-01e2-4bbe-829c-e7f29aeb3fe1/none_v3" 201 - "PUT http://172.18.0.2:8080/v1/AUTH_459728d9343f40f7b0c4f3326bfebcf8/gnocchi.53bad487-01e2-4bbe-829c-e7f29aeb3fe1/none_v3" "txeb5bc0e3d6474dbd89f36-0069bd5d46" "proxy-server 20" 0.0087 "-" 20 0
Mar 20 14:44:22 standalone proxy-server[129543]: 172.18.0.2 172.18.0.100 20/Mar/2026/14/44/22 PUT /v1/AUTH_459728d9343f40f7b0c4f3326bfebcf8/gnocchi.53bad487-01e2-4bbe-829c-e7f29aeb3fe1/none_v3 HTTP/1.0 201 - python-swiftclient-3.11.1 gAAAAABpvVzD3TF2... 46 - - txeb5bc0e3d6474dbd89f36-0069bd5d46 - 0.0167 - - 1774017862.084262609 1774017862.101005316 0
Mar 20 14:44:22 standalone object-server[127557]: 172.20.0.100 - - [20/Mar/2026:14:44:22 +0000] "GET /d1/645/AUTH_459728d9343f40f7b0c4f3326bfebcf8/gnocchi.53bad487-01e2-4bbe-829c-e7f29aeb3fe1/none_v3" 200 46 "GET http://172.18.0.2:8080/v1/AUTH_459728d9343f40f7b0c4f3326bfebcf8/gnocchi.53bad487-01e2-4bbe-829c-e7f29aeb3fe1/none_v3" "tx81cb5ff40b784e23a9328-0069bd5d46" "proxy-server 20" 0.0014 "-" 23 0
Mar 20 14:44:22 standalone proxy-server[129543]: 172.18.0.2 172.18.0.100 20/Mar/2026/14/44/22 GET /v1/AUTH_459728d9343f40f7b0c4f3326bfebcf8/gnocchi.53bad487-01e2-4bbe-829c-e7f29aeb3fe1/none_v3 HTTP/1.0 200 - python-swiftclient-3.11.1 gAAAAABpvVzD3TF2... - 46 - tx81cb5ff40b784e23a9328-0069bd5d46 - 0.0088 - - 1774017862.931364059 1774017862.940115690 0
Mar 20 14:44:22 standalone container-server[127385]: 172.20.0.100 - - [20/Mar/2026:14:44:22 +0000] "GET /d1/3/AUTH_459728d9343f40f7b0c4f3326bfebcf8/gnocchi.53bad487-01e2-4bbe-829c-e7f29aeb3fe1" 200 357 "GET http://172.18.0.2:8080/v1/AUTH_459728d9343f40f7b0c4f3326bfebcf8/gnocchi.53bad487-01e2-4bbe-829c-e7f29aeb3fe1?format=json&states=listing" "txcc13b645f09342f0af1cd-0069bd5d46" "proxy-server 20" 0.0070 "-" 21 0
Mar 20 14:44:22 standalone proxy-server[129543]: 172.18.0.2 172.18.0.100 20/Mar/2026/14/44/22 GET /v1/AUTH_459728d9343f40f7b0c4f3326bfebcf8/gnocchi.53bad487-01e2-4bbe-829c-e7f29aeb3fe1%3Fformat%3Djson%26states%3Dlisting HTTP/1.0 200 - python-swiftclient-3.11.1 gAAAAABpvVzD3TF2... - 357 - txcc13b645f09342f0af1cd-0069bd5d46 - 0.0150 - - 1774017862.945385695 1774017862.960360050 0
Mar 20 14:44:22 standalone container-server[127384]: 172.20.0.100 - - [20/Mar/2026:14:44:22 +0000] "GET /d1/3/AUTH_459728d9343f40f7b0c4f3326bfebcf8/gnocchi.53bad487-01e2-4bbe-829c-e7f29aeb3fe1" 200 2 "GET http://172.18.0.2:8080/v1/AUTH_459728d9343f40f7b0c4f3326bfebcf8/gnocchi.53bad487-01e2-4bbe-829c-e7f29aeb3fe1?format=json&marker=none_v3&states=listing" "txfb86ae3a7e074aeeb77f1-0069bd5d46" "proxy-server 20" 0.0027 "-" 20 0
Mar 20 14:44:22 standalone proxy-server[129543]: 172.18.0.2 172.18.0.100 20/Mar/2026/14/44/22 GET /v1/AUTH_459728d9343f40f7b0c4f3326bfebcf8/gnocchi.53bad487-01e2-4bbe-829c-e7f29aeb3fe1%3Fformat%3Djson%26marker%3Dnone_v3%26states%3Dlisting HTTP/1.0 200 - python-swiftclient-3.11.1 gAAAAABpvVzD3TF2... - 2 - txfb86ae3a7e074aeeb77f1-0069bd5d46 - 0.0162 - - 1774017862.964978218 1774017862.981222630 0
Mar 20 14:44:22 standalone object-server[127557]: 172.20.0.100 - - [20/Mar/2026:14:44:22 +0000] "GET /d1/391/AUTH_459728d9343f40f7b0c4f3326bfebcf8/gnocchi.53bad487-01e2-4bbe-829c-e7f29aeb3fe1/1773360000.0_mean_300.0_v3" 200 16 "GET http://172.18.0.2:8080/v1/AUTH_459728d9343f40f7b0c4f3326bfebcf8/gnocchi.53bad487-01e2-4bbe-829c-e7f29aeb3fe1/1773360000.0_mean_300.0_v3" "tx1350e5a6f1604d28ad085-0069bd5d46" "proxy-server 20" 0.0014 "-" 23 0
Mar 20 14:44:22 standalone proxy-server[129543]: 172.18.0.2 172.18.0.100 20/Mar/2026/14/44/22 GET /v1/AUTH_459728d9343f40f7b0c4f3326bfebcf8/gnocchi.53bad487-01e2-4bbe-829c-e7f29aeb3fe1/1773360000.0_mean_300.0_v3 HTTP/1.0 200 - python-swiftclient-3.11.1 gAAAAABpvVzD3TF2... - 16 - tx1350e5a6f1604d28ad085-0069bd5d46 - 0.0112 - - 1774017862.987547159 1774017862.998755217 0
Mar 20 14:44:23 standalone container-server[127384]: 172.20.0.100 - - [20/Mar/2026:14:44:23 +0000] "PUT /d1/3/AUTH_459728d9343f40f7b0c4f3326bfebcf8/gnocchi.53bad487-01e2-4bbe-829c-e7f29aeb3fe1/1773360000.0_mean_300.0_v3" 201 - "PUT http://172.18.0.2:8080/d1/391/AUTH_459728d9343f40f7b0c4f3326bfebcf8/gnocchi.53bad487-01e2-4bbe-829c-e7f29aeb3fe1/1773360000.0_mean_300.0_v3" "txdb7117ee1f7b47f483fbf-0069bd5d47" "object-server 21" 0.0008 "-" 20 0
Mar 20 14:44:23 standalone object-server[127554]: 172.20.0.100 - - [20/Mar/2026:14:44:23 +0000] "PUT /d1/391/AUTH_459728d9343f40f7b0c4f3326bfebcf8/gnocchi.53bad487-01e2-4bbe-829c-e7f29aeb3fe1/1773360000.0_mean_300.0_v3" 201 - "PUT http://172.18.0.2:8080/v1/AUTH_459728d9343f40f7b0c4f3326bfebcf8/gnocchi.53bad487-01e2-4bbe-829c-e7f29aeb3fe1/1773360000.0_mean_300.0_v3" "txdb7117ee1f7b47f483fbf-0069bd5d47" "proxy-server 20" 0.0108 "-" 21 0
Mar 20 14:44:23 standalone proxy-server[129543]: 172.18.0.2 172.18.0.100 20/Mar/2026/14/44/23 PUT /v1/AUTH_459728d9343f40f7b0c4f3326bfebcf8/gnocchi.53bad487-01e2-4bbe-829c-e7f29aeb3fe1/1773360000.0_mean_300.0_v3 HTTP/1.0 201 - python-swiftclient-3.11.1 gAAAAABpvVzD3TF2... 16 - - txdb7117ee1f7b47f483fbf-0069bd5d47 - 0.0176 - - 1774017863.002764463 1774017863.020381212 0
Mar 20 14:44:23 standalone container-server[127385]: 172.20.0.100 - - [20/Mar/2026:14:44:23 +0000] "PUT /d1/3/AUTH_459728d9343f40f7b0c4f3326bfebcf8/gnocchi.53bad487-01e2-4bbe-829c-e7f29aeb3fe1/none_v3" 201 - "PUT http://172.18.0.2:8080/d1/645/AUTH_459728d9343f40f7b0c4f3326bfebcf8/gnocchi.53bad487-01e2-4bbe-829c-e7f29aeb3fe1/none_v3" "tx7e50eea7e8344274adff3-0069bd5d47" "object-server 23" 0.0007 "-" 21 0
Mar 20 14:44:23 standalone object-server[127557]: 172.20.0.100 - - [20/Mar/2026:14:44:23 +0000] "PUT /d1/645/AUTH_459728d9343f40f7b0c4f3326bfebcf8/gnocchi.53bad487-01e2-4bbe-829c-e7f29aeb3fe1/none_v3" 201 - "PUT http://172.18.0.2:8080/v1/AUTH_459728d9343f40f7b0c4f3326bfebcf8/gnocchi.53bad487-01e2-4bbe-829c-e7f29aeb3fe1/none_v3" "tx7e50eea7e8344274adff3-0069bd5d47" "proxy-server 20" 0.0085 "-" 23 0
Mar 20 14:44:23 standalone proxy-server[129543]: 172.18.0.2 172.18.0.100 20/Mar/2026/14/44/23 PUT /v1/AUTH_459728d9343f40f7b0c4f3326bfebcf8/gnocchi.53bad487-01e2-4bbe-829c-e7f29aeb3fe1/none_v3 HTTP/1.0 201 - python-swiftclient-3.11.1 gAAAAABpvVzD3TF2... 51 - - tx7e50eea7e8344274adff3-0069bd5d47 - 0.0140 - - 1774017863.032662153 1774017863.046642780 0
Mar 20 14:44:23 standalone object-server[127554]: 172.20.0.100 - - [20/Mar/2026:14:44:23 +0000] "GET /d1/645/AUTH_459728d9343f40f7b0c4f3326bfebcf8/gnocchi.bebcf106-8466-4db1-b78d-4a87675de70b/none_v3" 200 22 "GET http://172.18.0.2:8080/v1/AUTH_459728d9343f40f7b0c4f3326bfebcf8/gnocchi.bebcf106-8466-4db1-b78d-4a87675de70b/none_v3" "txd336d1b8f564422f835dd-0069bd5d47" "proxy-server 20" 0.0008 "-" 21 0
Mar 20 14:44:23 standalone proxy-server[129543]: 172.18.0.2 172.18.0.100 20/Mar/2026/14/44/23 GET /v1/AUTH_459728d9343f40f7b0c4f3326bfebcf8/gnocchi.bebcf106-8466-4db1-b78d-4a87675de70b/none_v3 HTTP/1.0 200 - python-swiftclient-3.11.1 gAAAAABpvVzD3TF2... - 22 - txd336d1b8f564422f835dd-0069bd5d47 - 0.0067 - - 1774017863.061106920 1774017863.067849398 0
Mar 20 14:44:23 standalone container-server[127385]: 172.20.0.100 - - [20/Mar/2026:14:44:23 +0000] "GET /d1/548/AUTH_459728d9343f40f7b0c4f3326bfebcf8/gnocchi.bebcf106-8466-4db1-b78d-4a87675de70b" 200 357 "GET http://172.18.0.2:8080/v1/AUTH_459728d9343f40f7b0c4f3326bfebcf8/gnocchi.bebcf106-8466-4db1-b78d-4a87675de70b?format=json&states=listing" "txa2de3fd57c4440d8ac8b4-0069bd5d47" "proxy-server 20" 0.0080 "-" 21 0
Mar 20 14:44:23 standalone proxy-server[129543]: 172.18.0.2 172.18.0.100 20/Mar/2026/14/44/23 GET /v1/AUTH_459728d9343f40f7b0c4f3326bfebcf8/gnocchi.bebcf106-8466-4db1-b78d-4a87675de70b%3Fformat%3Djson%26states%3Dlisting HTTP/1.0 200 - python-swiftclient-3.11.1 gAAAAABpvVzD3TF2... - 357 - txa2de3fd57c4440d8ac8b4-0069bd5d47 - 0.0227 - - 1774017863.076368332 1774017863.099066734 0
Mar 20 14:44:23 standalone container-server[127385]: 172.20.0.100 - - [20/Mar/2026:14:44:23 +0000] "GET /d1/548/AUTH_459728d9343f40f7b0c4f3326bfebcf8/gnocchi.bebcf106-8466-4db1-b78d-4a87675de70b" 200 2 "GET http://172.18.0.2:8080/v1/AUTH_459728d9343f40f7b0c4f3326bfebcf8/gnocchi.bebcf106-8466-4db1-b78d-4a87675de70b?format=json&marker=none_v3&states=listing" "txa59769d8167d40f3be12d-0069bd5d47" "proxy-server 20" 0.0027 "-" 21 0
Mar 20 14:44:23 standalone proxy-server[129543]: 172.18.0.2 172.18.0.100 20/Mar/2026/14/44/23 GET /v1/AUTH_459728d9343f40f7b0c4f3326bfebcf8/gnocchi.bebcf106-8466-4db1-b78d-4a87675de70b%3Fformat%3Djson%26marker%3Dnone_v3%26states%3Dlisting HTTP/1.0 200 - python-swiftclient-3.11.1 gAAAAABpvVzD3TF2... - 2 - txa59769d8167d40f3be12d-0069bd5d47 - 0.0102 - - 1774017863.102994204 1774017863.113203049 0
Mar 20 14:44:23 standalone object-server[127556]: 172.20.0.100 - - [20/Mar/2026:14:44:23 +0000] "GET /d1/958/AUTH_459728d9343f40f7b0c4f3326bfebcf8/gnocchi.bebcf106-8466-4db1-b78d-4a87675de70b/1773360000.0_mean_300.0_v3" 200 16 "GET http://172.18.0.2:8080/v1/AUTH_459728d9343f40f7b0c4f3326bfebcf8/gnocchi.bebcf106-8466-4db1-b78d-4a87675de70b/1773360000.0_mean_300.0_v3" "tx2f44d08a72a54dc88b757-0069bd5d47" "proxy-server 20" 0.0008 "-" 22 0
Mar 20 14:44:23 standalone proxy-server[129543]: 172.18.0.2 172.18.0.100 20/Mar/2026/14/44/23 GET /v1/AUTH_459728d9343f40f7b0c4f3326bfebcf8/gnocchi.bebcf106-8466-4db1-b78d-4a87675de70b/1773360000.0_mean_300.0_v3 HTTP/1.0 200 - python-swiftclient-3.11.1 gAAAAABpvVzD3TF2... - 16 - tx2f44d08a72a54dc88b757-0069bd5d47 - 0.0066 - - 1774017863.117420912 1774017863.124031305 0
Mar 20 14:44:23 standalone container-server[127396]: 172.20.0.100 - - [20/Mar/2026:14:44:23 +0000] "PUT /d1/548/AUTH_459728d9343f40f7b0c4f3326bfebcf8/gnocchi.bebcf106-8466-4db1-b78d-4a87675de70b/1773360000.0_mean_300.0_v3" 201 - "PUT http://172.18.0.2:8080/d1/958/AUTH_459728d9343f40f7b0c4f3326bfebcf8/gnocchi.bebcf106-8466-4db1-b78d-4a87675de70b/1773360000.0_mean_300.0_v3" "tx33429cf6f5114b3fb3aba-0069bd5d47" "object-server 21" 0.0006 "-" 22 0
Mar 20 14:44:23 standalone object-server[127554]: 172.20.0.100 - - [20/Mar/2026:14:44:23 +0000] "PUT /d1/958/AUTH_459728d9343f40f7b0c4f3326bfebcf8/gnocchi.bebcf106-8466-4db1-b78d-4a87675de70b/1773360000.0_mean_300.0_v3" 201 - "PUT http://172.18.0.2:8080/v1/AUTH_459728d9343f40f7b0c4f3326bfebcf8/gnocchi.bebcf106-8466-4db1-b78d-4a87675de70b/1773360000.0_mean_300.0_v3" "tx33429cf6f5114b3fb3aba-0069bd5d47" "proxy-server 20" 0.0085 "-" 21 0
Mar 20 14:44:23 standalone proxy-server[129543]: 172.18.0.2 172.18.0.100 20/Mar/2026/14/44/23 PUT /v1/AUTH_459728d9343f40f7b0c4f3326bfebcf8/gnocchi.bebcf106-8466-4db1-b78d-4a87675de70b/1773360000.0_mean_300.0_v3 HTTP/1.0 201 - python-swiftclient-3.11.1 gAAAAABpvVzD3TF2... 16 - - tx33429cf6f5114b3fb3aba-0069bd5d47 - 0.0135 - - 1774017863.127291203 1774017863.140767336 0
Mar 20 14:44:23 standalone container-server[127396]: 172.20.0.100 - - [20/Mar/2026:14:44:23 +0000] "PUT /d1/548/AUTH_459728d9343f40f7b0c4f3326bfebcf8/gnocchi.bebcf106-8466-4db1-b78d-4a87675de70b/none_v3" 201 - "PUT http://172.18.0.2:8080/d1/645/AUTH_459728d9343f40f7b0c4f3326bfebcf8/gnocchi.bebcf106-8466-4db1-b78d-4a87675de70b/none_v3" "tx3f23adfcb6344a8680f11-0069bd5d47" "object-server 21" 0.0004 "-" 22 0
Mar 20 14:44:23 standalone object-server[127554]: 172.20.0.100 - - [20/Mar/2026:14:44:23 +0000] "PUT /d1/645/AUTH_459728d9343f40f7b0c4f3326bfebcf8/gnocchi.bebcf106-8466-4db1-b78d-4a87675de70b/none_v3" 201 - "PUT http://172.18.0.2:8080/v1/AUTH_459728d9343f40f7b0c4f3326bfebcf8/gnocchi.bebcf106-8466-4db1-b78d-4a87675de70b/none_v3" "tx3f23adfcb6344a8680f11-0069bd5d47" "proxy-server 20" 0.0069 "-" 21 0
Mar 20 14:44:23 standalone proxy-server[129543]: 172.18.0.2 172.18.0.100 20/Mar/2026/14/44/23 PUT /v1/AUTH_459728d9343f40f7b0c4f3326bfebcf8/gnocchi.bebcf106-8466-4db1-b78d-4a87675de70b/none_v3 HTTP/1.0 201 - python-swiftclient-3.11.1 gAAAAABpvVzD3TF2... 32 - - tx3f23adfcb6344a8680f11-0069bd5d47 - 0.0183 - - 1774017863.144237280 1774017863.162535906 0
Mar 20 14:44:23 standalone object-server[127556]: 172.20.0.100 - - [20/Mar/2026:14:44:23 +0000] "GET /d1/779/AUTH_459728d9343f40f7b0c4f3326bfebcf8/gnocchi.bd71f071-5aba-44be-b64b-ee8767d40c2c/none_v3" 200 22 "GET http://172.18.0.2:8080/v1/AUTH_459728d9343f40f7b0c4f3326bfebcf8/gnocchi.bd71f071-5aba-44be-b64b-ee8767d40c2c/none_v3" "txb7b6620601c84d048c878-0069bd5d47" "proxy-server 20" 0.0005 "-" 22 0
Mar 20 14:44:23 standalone proxy-server[129543]: 172.18.0.2 172.18.0.100 20/Mar/2026/14/44/23 GET /v1/AUTH_459728d9343f40f7b0c4f3326bfebcf8/gnocchi.bd71f071-5aba-44be-b64b-ee8767d40c2c/none_v3 HTTP/1.0 200 - python-swiftclient-3.11.1 gAAAAABpvVzD3TF2... - 22 - txb7b6620601c84d048c878-0069bd5d47 - 0.0064 - - 1774017863.173239231 1774017863.179652214 0
Mar 20 14:44:23 standalone container-server[127385]: 172.20.0.100 - - [20/Mar/2026:14:44:23 +0000] "GET /d1/367/AUTH_459728d9343f40f7b0c4f3326bfebcf8/gnocchi.bd71f071-5aba-44be-b64b-ee8767d40c2c" 200 357 "GET http://172.18.0.2:8080/v1/AUTH_459728d9343f40f7b0c4f3326bfebcf8/gnocchi.bd71f071-5aba-44be-b64b-ee8767d40c2c?format=json&states=listing" "txfe8fabf518194f3c93546-0069bd5d47" "proxy-server 20" 0.0121 "-" 21 0
Mar 20 14:44:23 standalone proxy-server[129543]: 172.18.0.2 172.18.0.100 20/Mar/2026/14/44/23 GET /v1/AUTH_459728d9343f40f7b0c4f3326bfebcf8/gnocchi.bd71f071-5aba-44be-b64b-ee8767d40c2c%3Fformat%3Djson%26states%3Dlisting HTTP/1.0 200 - python-swiftclient-3.11.1 gAAAAABpvVzD3TF2... - 357 - txfe8fabf518194f3c93546-0069bd5d47 - 0.0189 - - 1774017863.182865620 1774017863.201754332 0
Mar 20 14:44:23 standalone container-server[127384]: 172.20.0.100 - - [20/Mar/2026:14:44:23 +0000] "GET /d1/367/AUTH_459728d9343f40f7b0c4f3326bfebcf8/gnocchi.bd71f071-5aba-44be-b64b-ee8767d40c2c" 200 2 "GET http://172.18.0.2:8080/v1/AUTH_459728d9343f40f7b0c4f3326bfebcf8/gnocchi.bd71f071-5aba-44be-b64b-ee8767d40c2c?format=json&marker=none_v3&states=listing" "tx8fa655a65e044c878711d-0069bd5d47" "proxy-server 20" 0.0029 "-" 20 0
Mar 20 14:44:23 standalone proxy-server[129543]: 172.18.0.2 172.18.0.100 20/Mar/2026/14/44/23 GET /v1/AUTH_459728d9343f40f7b0c4f3326bfebcf8/gnocchi.bd71f071-5aba-44be-b64b-ee8767d40c2c%3Fformat%3Djson%26marker%3Dnone_v3%26states%3Dlisting HTTP/1.0 200 - python-swiftclient-3.11.1 gAAAAABpvVzD3TF2... - 2 - tx8fa655a65e044c878711d-0069bd5d47 - 0.0107 - - 1774017863.205278635 1774017863.216013908 0
Mar 20 14:44:23 standalone object-server[127557]: 172.20.0.100 - - [20/Mar/2026:14:44:23 +0000] "GET /d1/945/AUTH_459728d9343f40f7b0c4f3326bfebcf8/gnocchi.bd71f071-5aba-44be-b64b-ee8767d40c2c/1773360000.0_mean_300.0_v3" 200 16 "GET http://172.18.0.2:8080/v1/AUTH_459728d9343f40f7b0c4f3326bfebcf8/gnocchi.bd71f071-5aba-44be-b64b-ee8767d40c2c/1773360000.0_mean_300.0_v3" "tx835616b6d0c54eb69edef-0069bd5d47" "proxy-server 20" 0.0011 "-" 23 0
Mar 20 14:44:23 standalone proxy-server[129543]: 172.18.0.2 172.18.0.100 20/Mar/2026/14/44/23 GET /v1/AUTH_459728d9343f40f7b0c4f3326bfebcf8/gnocchi.bd71f071-5aba-44be-b64b-ee8767d40c2c/1773360000.0_mean_300.0_v3 HTTP/1.0 200 - python-swiftclient-3.11.1 gAAAAABpvVzD3TF2... - 16 - tx835616b6d0c54eb69edef-0069bd5d47 - 0.0084 - - 1774017863.220582247 1774017863.229005814 0
Mar 20 14:44:23 standalone container-server[127385]: 172.20.0.100 - - [20/Mar/2026:14:44:23 +0000] "PUT /d1/367/AUTH_459728d9343f40f7b0c4f3326bfebcf8/gnocchi.bd71f071-5aba-44be-b64b-ee8767d40c2c/1773360000.0_mean_300.0_v3" 201 - "PUT http://172.18.0.2:8080/d1/945/AUTH_459728d9343f40f7b0c4f3326bfebcf8/gnocchi.bd71f071-5aba-44be-b64b-ee8767d40c2c/1773360000.0_mean_300.0_v3" "txebf3869bb97244b1af7d3-0069bd5d47" "object-server 22" 0.0009 "-" 21 0
Mar 20 14:44:23 standalone object-server[127556]: 172.20.0.100 - - [20/Mar/2026:14:44:23 +0000] "PUT /d1/945/AUTH_459728d9343f40f7b0c4f3326bfebcf8/gnocchi.bd71f071-5aba-44be-b64b-ee8767d40c2c/1773360000.0_mean_300.0_v3" 201 - "PUT http://172.18.0.2:8080/v1/AUTH_459728d9343f40f7b0c4f3326bfebcf8/gnocchi.bd71f071-5aba-44be-b64b-ee8767d40c2c/1773360000.0_mean_300.0_v3" "txebf3869bb97244b1af7d3-0069bd5d47" "proxy-server 20" 0.0159 "-" 22 0
Mar 20 14:44:23 standalone proxy-server[129543]: 172.18.0.2 172.18.0.100 20/Mar/2026/14/44/23 PUT /v1/AUTH_459728d9343f40f7b0c4f3326bfebcf8/gnocchi.bd71f071-5aba-44be-b64b-ee8767d40c2c/1773360000.0_mean_300.0_v3 HTTP/1.0 201 - python-swiftclient-3.11.1 gAAAAABpvVzD3TF2... 16 - - txebf3869bb97244b1af7d3-0069bd5d47 - 0.0228 - - 1774017863.233060837 1774017863.255884886 0
Mar 20 14:44:23 standalone container-server[127396]: 172.20.0.100 - - [20/Mar/2026:14:44:23 +0000] "PUT /d1/367/AUTH_459728d9343f40f7b0c4f3326bfebcf8/gnocchi.bd71f071-5aba-44be-b64b-ee8767d40c2c/none_v3" 201 - "PUT http://172.18.0.2:8080/d1/779/AUTH_459728d9343f40f7b0c4f3326bfebcf8/gnocchi.bd71f071-5aba-44be-b64b-ee8767d40c2c/none_v3" "tx17d71e8b55f34b7195099-0069bd5d47" "object-server 22" 0.0010 "-" 22 0
Mar 20 14:44:23 standalone object-server[127556]: 172.20.0.100 - - [20/Mar/2026:14:44:23 +0000] "PUT /d1/779/AUTH_459728d9343f40f7b0c4f3326bfebcf8/gnocchi.bd71f071-5aba-44be-b64b-ee8767d40c2c/none_v3" 201 - "PUT http://172.18.0.2:8080/v1/AUTH_459728d9343f40f7b0c4f3326bfebcf8/gnocchi.bd71f071-5aba-44be-b64b-ee8767d40c2c/none_v3" "tx17d71e8b55f34b7195099-0069bd5d47" "proxy-server 20" 0.0107 "-" 22 0
Mar 20 14:44:23 standalone proxy-server[129543]: 172.18.0.2 172.18.0.100 20/Mar/2026/14/44/23 PUT /v1/AUTH_459728d9343f40f7b0c4f3326bfebcf8/gnocchi.bd71f071-5aba-44be-b64b-ee8767d40c2c/none_v3 HTTP/1.0 201 - python-swiftclient-3.11.1 gAAAAABpvVzD3TF2... 32 - - tx17d71e8b55f34b7195099-0069bd5d47 - 0.0167 - - 1774017863.260075808 1774017863.276778936 0
Mar 20 14:44:23 standalone object-server[127551]: 172.20.0.100 - - [20/Mar/2026:14:44:23 +0000] "GET /d1/772/AUTH_459728d9343f40f7b0c4f3326bfebcf8/gnocchi.0493f25d-3dd8-45e5-882b-a8e79a25088f/none_v3" 200 22 "GET http://172.18.0.2:8080/v1/AUTH_459728d9343f40f7b0c4f3326bfebcf8/gnocchi.0493f25d-3dd8-45e5-882b-a8e79a25088f/none_v3" "txbe4d8ed85947442f80189-0069bd5d47" "proxy-server 20" 0.0008 "-" 20 0
Mar 20 14:44:23 standalone proxy-server[129543]: 172.18.0.2 172.18.0.100 20/Mar/2026/14/44/23 GET /v1/AUTH_459728d9343f40f7b0c4f3326bfebcf8/gnocchi.0493f25d-3dd8-45e5-882b-a8e79a25088f/none_v3 HTTP/1.0 200 - python-swiftclient-3.11.1 gAAAAABpvVzD3TF2... - 22 - txbe4d8ed85947442f80189-0069bd5d47 - 0.0077 - - 1774017863.286792517 1774017863.294446230 0
Mar 20 14:44:23 standalone container-server[127385]: 172.20.0.100 - - [20/Mar/2026:14:44:23 +0000] "GET /d1/803/AUTH_459728d9343f40f7b0c4f3326bfebcf8/gnocchi.0493f25d-3dd8-45e5-882b-a8e79a25088f" 200 357 "GET http://172.18.0.2:8080/v1/AUTH_459728d9343f40f7b0c4f3326bfebcf8/gnocchi.0493f25d-3dd8-45e5-882b-a8e79a25088f?format=json&states=listing" "tx06c3d802ea444b1094d8e-0069bd5d47" "proxy-server 20" 0.0124 "-" 21 0
Mar 20 14:44:23 standalone proxy-server[129543]: 172.18.0.2 172.18.0.100 20/Mar/2026/14/44/23 GET /v1/AUTH_459728d9343f40f7b0c4f3326bfebcf8/gnocchi.0493f25d-3dd8-45e5-882b-a8e79a25088f%3Fformat%3Djson%26states%3Dlisting HTTP/1.0 200 - python-swiftclient-3.11.1 gAAAAABpvVzD3TF2... - 357 - tx06c3d802ea444b1094d8e-0069bd5d47 - 0.0220 - - 1774017863.298576355 1774017863.320528030 0
Mar 20 14:44:23 standalone container-server[127399]: 172.20.0.100 - - [20/Mar/2026:14:44:23 +0000] "GET /d1/803/AUTH_459728d9343f40f7b0c4f3326bfebcf8/gnocchi.0493f25d-3dd8-45e5-882b-a8e79a25088f" 200 2 "GET http://172.18.0.2:8080/v1/AUTH_459728d9343f40f7b0c4f3326bfebcf8/gnocchi.0493f25d-3dd8-45e5-882b-a8e79a25088f?format=json&marker=none_v3&states=listing" "txcc4dfa74a4d44a058ffe1-0069bd5d47" "proxy-server 20" 0.0029 "-" 23 0
Mar 20 14:44:23 standalone proxy-server[129543]: 172.18.0.2 172.18.0.100 20/Mar/2026/14/44/23 GET /v1/AUTH_459728d9343f40f7b0c4f3326bfebcf8/gnocchi.0493f25d-3dd8-45e5-882b-a8e79a25088f%3Fformat%3Djson%26marker%3Dnone_v3%26states%3Dlisting HTTP/1.0 200 - python-swiftclient-3.11.1 gAAAAABpvVzD3TF2... - 2 - txcc4dfa74a4d44a058ffe1-0069bd5d47 - 0.0086 - - 1774017863.323800325 1774017863.332385540 0
Mar 20 14:44:23 standalone object-server[127551]: 172.20.0.100 - - [20/Mar/2026:14:44:23 +0000] "GET /d1/712/AUTH_459728d9343f40f7b0c4f3326bfebcf8/gnocchi.0493f25d-3dd8-45e5-882b-a8e79a25088f/1773360000.0_mean_300.0_v3" 200 16 "GET http://172.18.0.2:8080/v1/AUTH_459728d9343f40f7b0c4f3326bfebcf8/gnocchi.0493f25d-3dd8-45e5-882b-a8e79a25088f/1773360000.0_mean_300.0_v3" "txfba5476e27ed4d6f830f7-0069bd5d47" "proxy-server 20" 0.0009 "-" 20 0
Mar 20 14:44:23 standalone proxy-server[129543]: 172.18.0.2 172.18.0.100 20/Mar/2026/14/44/23 GET /v1/AUTH_459728d9343f40f7b0c4f3326bfebcf8/gnocchi.0493f25d-3dd8-45e5-882b-a8e79a25088f/1773360000.0_mean_300.0_v3 HTTP/1.0 200 - python-swiftclient-3.11.1 gAAAAABpvVzD3TF2... - 16 - txfba5476e27ed4d6f830f7-0069bd5d47 - 0.0093 - - 1774017863.335777998 1774017863.345123529 0
Mar 20 14:44:23 standalone container-server[127384]: 172.20.0.100 - - [20/Mar/2026:14:44:23 +0000] "PUT /d1/803/AUTH_459728d9343f40f7b0c4f3326bfebcf8/gnocchi.0493f25d-3dd8-45e5-882b-a8e79a25088f/1773360000.0_mean_300.0_v3" 201 - "PUT http://172.18.0.2:8080/d1/712/AUTH_459728d9343f40f7b0c4f3326bfebcf8/gnocchi.0493f25d-3dd8-45e5-882b-a8e79a25088f/1773360000.0_mean_300.0_v3" "txe3465e64f41f44b1a5415-0069bd5d47" "object-server 22" 0.0007 "-" 20 0
Mar 20 14:44:23 standalone object-server[127556]: 172.20.0.100 - - [20/Mar/2026:14:44:23 +0000] "PUT /d1/712/AUTH_459728d9343f40f7b0c4f3326bfebcf8/gnocchi.0493f25d-3dd8-45e5-882b-a8e79a25088f/1773360000.0_mean_300.0_v3" 201 - "PUT http://172.18.0.2:8080/v1/AUTH_459728d9343f40f7b0c4f3326bfebcf8/gnocchi.0493f25d-3dd8-45e5-882b-a8e79a25088f/1773360000.0_mean_300.0_v3" "txe3465e64f41f44b1a5415-0069bd5d47" "proxy-server 20" 0.0100 "-" 22 0
Mar 20 14:44:23 standalone proxy-server[129543]: 172.18.0.2 172.18.0.100 20/Mar/2026/14/44/23 PUT /v1/AUTH_459728d9343f40f7b0c4f3326bfebcf8/gnocchi.0493f25d-3dd8-45e5-882b-a8e79a25088f/1773360000.0_mean_300.0_v3 HTTP/1.0 201 - python-swiftclient-3.11.1 gAAAAABpvVzD3TF2... 16 - - txe3465e64f41f44b1a5415-0069bd5d47 - 0.0158 - - 1774017863.347914219 1774017863.363686800 0
Mar 20 14:44:23 standalone container-server[127399]: 172.20.0.100 - - [20/Mar/2026:14:44:23 +0000] "PUT /d1/803/AUTH_459728d9343f40f7b0c4f3326bfebcf8/gnocchi.0493f25d-3dd8-45e5-882b-a8e79a25088f/none_v3" 201 - "PUT http://172.18.0.2:8080/d1/772/AUTH_459728d9343f40f7b0c4f3326bfebcf8/gnocchi.0493f25d-3dd8-45e5-882b-a8e79a25088f/none_v3" "tx58d00fbcfde140a6add30-0069bd5d47" "object-server 23" 0.0006 "-" 23 0
Mar 20 14:44:23 standalone object-server[127557]: 172.20.0.100 - - [20/Mar/2026:14:44:23 +0000] "PUT /d1/772/AUTH_459728d9343f40f7b0c4f3326bfebcf8/gnocchi.0493f25d-3dd8-45e5-882b-a8e79a25088f/none_v3" 201 - "PUT http://172.18.0.2:8080/v1/AUTH_459728d9343f40f7b0c4f3326bfebcf8/gnocchi.0493f25d-3dd8-45e5-882b-a8e79a25088f/none_v3" "tx58d00fbcfde140a6add30-0069bd5d47" "proxy-server 20" 0.0099 "-" 23 0
Mar 20 14:44:23 standalone proxy-server[129543]: 172.18.0.2 172.18.0.100 20/Mar/2026/14/44/23 PUT /v1/AUTH_459728d9343f40f7b0c4f3326bfebcf8/gnocchi.0493f25d-3dd8-45e5-882b-a8e79a25088f/none_v3 HTTP/1.0 201 - python-swiftclient-3.11.1 gAAAAABpvVzD3TF2... 32 - - tx58d00fbcfde140a6add30-0069bd5d47 - 0.0166 - - 1774017863.366742849 1774017863.383366108 0
Mar 20 14:44:23 standalone object-server[127557]: 172.20.0.100 - - [20/Mar/2026:14:44:23 +0000] "GET /d1/214/AUTH_459728d9343f40f7b0c4f3326bfebcf8/gnocchi.44385a15-84b0-4a66-81f7-d33ad5d08423/none_v3" 200 22 "GET http://172.18.0.2:8080/v1/AUTH_459728d9343f40f7b0c4f3326bfebcf8/gnocchi.44385a15-84b0-4a66-81f7-d33ad5d08423/none_v3" "txd6bff845687240d689726-0069bd5d47" "proxy-server 20" 0.0009 "-" 23 0
Mar 20 14:44:23 standalone proxy-server[129543]: 172.18.0.2 172.18.0.100 20/Mar/2026/14/44/23 GET /v1/AUTH_459728d9343f40f7b0c4f3326bfebcf8/gnocchi.44385a15-84b0-4a66-81f7-d33ad5d08423/none_v3 HTTP/1.0 200 - python-swiftclient-3.11.1 gAAAAABpvVzD3TF2... - 22 - txd6bff845687240d689726-0069bd5d47 - 0.0088 - - 1774017863.393819332 1774017863.402594328 0
Mar 20 14:44:23 standalone container-server[127399]: 172.20.0.100 - - [20/Mar/2026:14:44:23 +0000] "GET /d1/381/AUTH_459728d9343f40f7b0c4f3326bfebcf8/gnocchi.44385a15-84b0-4a66-81f7-d33ad5d08423" 200 357 "GET http://172.18.0.2:8080/v1/AUTH_459728d9343f40f7b0c4f3326bfebcf8/gnocchi.44385a15-84b0-4a66-81f7-d33ad5d08423?format=json&states=listing" "tx0ef0a654688a40e191d66-0069bd5d47" "proxy-server 20" 0.0147 "-" 23 0
Mar 20 14:44:23 standalone proxy-server[129543]: 172.18.0.2 172.18.0.100 20/Mar/2026/14/44/23 GET /v1/AUTH_459728d9343f40f7b0c4f3326bfebcf8/gnocchi.44385a15-84b0-4a66-81f7-d33ad5d08423%3Fformat%3Djson%26states%3Dlisting HTTP/1.0 200 - python-swiftclient-3.11.1 gAAAAABpvVzD3TF2... - 357 - tx0ef0a654688a40e191d66-0069bd5d47 - 0.0214 - - 1774017863.405237436 1774017863.426608086 0
Mar 20 14:44:23 standalone container-server[127396]: 172.20.0.100 - - [20/Mar/2026:14:44:23 +0000] "GET /d1/381/AUTH_459728d9343f40f7b0c4f3326bfebcf8/gnocchi.44385a15-84b0-4a66-81f7-d33ad5d08423" 200 2 "GET http://172.18.0.2:8080/v1/AUTH_459728d9343f40f7b0c4f3326bfebcf8/gnocchi.44385a15-84b0-4a66-81f7-d33ad5d08423?format=json&marker=none_v3&states=listing" "txc8d120b98340439087ace-0069bd5d47" "proxy-server 20" 0.0037 "-" 22 0
Mar 20 14:44:23 standalone proxy-server[129543]: 172.18.0.2 172.18.0.100 20/Mar/2026/14/44/23 GET /v1/AUTH_459728d9343f40f7b0c4f3326bfebcf8/gnocchi.44385a15-84b0-4a66-81f7-d33ad5d08423%3Fformat%3Djson%26marker%3Dnone_v3%26states%3Dlisting HTTP/1.0 200 - python-swiftclient-3.11.1 gAAAAABpvVzD3TF2... - 2 - txc8d120b98340439087ace-0069bd5d47 - 0.0106 - - 1774017863.428704739 1774017863.439275980 0
Mar 20 14:44:23 standalone object-server[127551]: 172.20.0.100 - - [20/Mar/2026:14:44:23 +0000] "GET /d1/369/AUTH_459728d9343f40f7b0c4f3326bfebcf8/gnocchi.44385a15-84b0-4a66-81f7-d33ad5d08423/1773360000.0_mean_300.0_v3" 200 16 "GET http://172.18.0.2:8080/v1/AUTH_459728d9343f40f7b0c4f3326bfebcf8/gnocchi.44385a15-84b0-4a66-81f7-d33ad5d08423/1773360000.0_mean_300.0_v3" "txbaed9c8fdde24535ac763-0069bd5d47" "proxy-server 20" 0.0006 "-" 20 0
Mar 20 14:44:23 standalone proxy-server[129543]: 172.18.0.2 172.18.0.100 20/Mar/2026/14/44/23 GET /v1/AUTH_459728d9343f40f7b0c4f3326bfebcf8/gnocchi.44385a15-84b0-4a66-81f7-d33ad5d08423/1773360000.0_mean_300.0_v3 HTTP/1.0 200 - python-swiftclient-3.11.1 gAAAAABpvVzD3TF2... - 16 - txbaed9c8fdde24535ac763-0069bd5d47 - 0.0061 - - 1774017863.441949368 1774017863.448003769 0
Mar 20 14:44:23 standalone container-server[127396]: 172.20.0.100 - - [20/Mar/2026:14:44:23 +0000] "PUT /d1/381/AUTH_459728d9343f40f7b0c4f3326bfebcf8/gnocchi.44385a15-84b0-4a66-81f7-d33ad5d08423/1773360000.0_mean_300.0_v3" 201 - "PUT http://172.18.0.2:8080/d1/369/AUTH_459728d9343f40f7b0c4f3326bfebcf8/gnocchi.44385a15-84b0-4a66-81f7-d33ad5d08423/1773360000.0_mean_300.0_v3" "tx7b16779cd8424935af732-0069bd5d47" "object-server 20" 0.0007 "-" 22 0
Mar 20 14:44:23 standalone object-server[127551]: 172.20.0.100 - - [20/Mar/2026:14:44:23 +0000] "PUT /d1/369/AUTH_459728d9343f40f7b0c4f3326bfebcf8/gnocchi.44385a15-84b0-4a66-81f7-d33ad5d08423/1773360000.0_mean_300.0_v3" 201 - "PUT http://172.18.0.2:8080/v1/AUTH_459728d9343f40f7b0c4f3326bfebcf8/gnocchi.44385a15-84b0-4a66-81f7-d33ad5d08423/1773360000.0_mean_300.0_v3" "tx7b16779cd8424935af732-0069bd5d47" "proxy-server 20" 0.0077 "-" 20 0
Mar 20 14:44:23 standalone proxy-server[129543]: 172.18.0.2 172.18.0.100 20/Mar/2026/14/44/23 PUT /v1/AUTH_459728d9343f40f7b0c4f3326bfebcf8/gnocchi.44385a15-84b0-4a66-81f7-d33ad5d08423/1773360000.0_mean_300.0_v3 HTTP/1.0 201 - python-swiftclient-3.11.1 gAAAAABpvVzD3TF2... 16 - - tx7b16779cd8424935af732-0069bd5d47 - 0.0122 - - 1774017863.450113297 1774017863.462356806 0
Mar 20 14:44:23 standalone container-server[127385]: 172.20.0.100 - - [20/Mar/2026:14:44:23 +0000] "PUT /d1/381/AUTH_459728d9343f40f7b0c4f3326bfebcf8/gnocchi.44385a15-84b0-4a66-81f7-d33ad5d08423/none_v3" 201 - "PUT http://172.18.0.2:8080/d1/214/AUTH_459728d9343f40f7b0c4f3326bfebcf8/gnocchi.44385a15-84b0-4a66-81f7-d33ad5d08423/none_v3" "tx9257286fb5af4190a8502-0069bd5d47" "object-server 21" 0.0007 "-" 21 0
Mar 20 14:44:23 standalone object-server[127554]: 172.20.0.100 - - [20/Mar/2026:14:44:23 +0000] "PUT /d1/214/AUTH_459728d9343f40f7b0c4f3326bfebcf8/gnocchi.44385a15-84b0-4a66-81f7-d33ad5d08423/none_v3" 201 - "PUT http://172.18.0.2:8080/v1/AUTH_459728d9343f40f7b0c4f3326bfebcf8/gnocchi.44385a15-84b0-4a66-81f7-d33ad5d08423/none_v3" "tx9257286fb5af4190a8502-0069bd5d47" "proxy-server 20" 0.0101 "-" 21 0
Mar 20 14:44:23 standalone proxy-server[129543]: 172.18.0.2 172.18.0.100 20/Mar/2026/14/44/23 PUT /v1/AUTH_459728d9343f40f7b0c4f3326bfebcf8/gnocchi.44385a15-84b0-4a66-81f7-d33ad5d08423/none_v3 HTTP/1.0 201 - python-swiftclient-3.11.1 gAAAAABpvVzD3TF2... 32 - - tx9257286fb5af4190a8502-0069bd5d47 - 0.0161 - - 1774017863.464409590 1774017863.480492115 0
Mar 20 14:44:27 standalone container-server[127384]: 172.20.0.100 - - [20/Mar/2026:14:44:27 +0000] "HEAD /d1/828/AUTH_459728d9343f40f7b0c4f3326bfebcf8/gnocchi.3d8ac46a-55d0-42db-880f-4f14e53646d4" 404 - "HEAD http://172.18.0.2:8080/v1/AUTH_459728d9343f40f7b0c4f3326bfebcf8/gnocchi.3d8ac46a-55d0-42db-880f-4f14e53646d4?format=json&states=listing" "tx91d70f60bf2048e4b0937-0069bd5d4b" "proxy-server 20" 0.0008 "-" 20 0
Mar 20 14:44:27 standalone object-server[127556]: 172.20.0.100 - - [20/Mar/2026:14:44:27 +0000] "GET /d1/760/AUTH_459728d9343f40f7b0c4f3326bfebcf8/gnocchi.3d8ac46a-55d0-42db-880f-4f14e53646d4/none_v3" 404 70 "GET http://172.18.0.2:8080/v1/AUTH_459728d9343f40f7b0c4f3326bfebcf8/gnocchi.3d8ac46a-55d0-42db-880f-4f14e53646d4/none_v3" "tx91d70f60bf2048e4b0937-0069bd5d4b" "proxy-server 20" 0.0007 "-" 22 0
Mar 20 14:44:27 standalone proxy-server[129543]: 172.18.0.2 172.18.0.100 20/Mar/2026/14/44/27 GET /v1/AUTH_459728d9343f40f7b0c4f3326bfebcf8/gnocchi.3d8ac46a-55d0-42db-880f-4f14e53646d4/none_v3 HTTP/1.0 404 - python-swiftclient-3.11.1 gAAAAABpvVzD3TF2... - 70 - tx91d70f60bf2048e4b0937-0069bd5d4b - 0.0136 - - 1774017867.049510717 1774017867.063069105 0
Mar 20 14:44:27 standalone account-server[127375]: 172.20.0.100 - - [20/Mar/2026:14:44:27 +0000] "PUT /d1/992/AUTH_459728d9343f40f7b0c4f3326bfebcf8/gnocchi.3d8ac46a-55d0-42db-880f-4f14e53646d4" 201 - "PUT http://172.20.0.100:6001/d1/828/AUTH_459728d9343f40f7b0c4f3326bfebcf8/gnocchi.3d8ac46a-55d0-42db-880f-4f14e53646d4" "tx97096c6bd5e3498cbcaee-0069bd5d4b" "container-server 23" 0.0022 "-" 21 0
Mar 20 14:44:27 standalone container-server[127399]: 172.20.0.100 - - [20/Mar/2026:14:44:27 +0000] "PUT /d1/828/AUTH_459728d9343f40f7b0c4f3326bfebcf8/gnocchi.3d8ac46a-55d0-42db-880f-4f14e53646d4" 201 - "PUT http://172.18.0.2:8080/v1/AUTH_459728d9343f40f7b0c4f3326bfebcf8/gnocchi.3d8ac46a-55d0-42db-880f-4f14e53646d4" "tx97096c6bd5e3498cbcaee-0069bd5d4b" "proxy-server 20" 0.0121 "-" 23 0
Mar 20 14:44:27 standalone proxy-server[129543]: 172.18.0.2 172.18.0.100 20/Mar/2026/14/44/27 PUT /v1/AUTH_459728d9343f40f7b0c4f3326bfebcf8/gnocchi.3d8ac46a-55d0-42db-880f-4f14e53646d4 HTTP/1.0 201 - python-swiftclient-3.11.1 gAAAAABpvVzD3TF2... - - - tx97096c6bd5e3498cbcaee-0069bd5d4b - 0.0195 - - 1774017867.073475122 1774017867.092929125 0
Mar 20 14:44:27 standalone container-server[127385]: 172.20.0.100 - - [20/Mar/2026:14:44:27 +0000] "HEAD /d1/828/AUTH_459728d9343f40f7b0c4f3326bfebcf8/gnocchi.3d8ac46a-55d0-42db-880f-4f14e53646d4" 204 - "HEAD http://172.18.0.2:8080/v1/AUTH_459728d9343f40f7b0c4f3326bfebcf8/gnocchi.3d8ac46a-55d0-42db-880f-4f14e53646d4?format=json&states=listing" "tx301821b5ed95492f89c43-0069bd5d4b" "proxy-server 20" 0.0014 "-" 21 0
Mar 20 14:44:27 standalone proxy-server[129543]: - - 20/Mar/2026/14/44/27 HEAD /v1/AUTH_459728d9343f40f7b0c4f3326bfebcf8/gnocchi.3d8ac46a-55d0-42db-880f-4f14e53646d4%3Fformat%3Djson%26states%3Dlisting HTTP/1.0 204 - Swift - - - - tx301821b5ed95492f89c43-0069bd5d4b - 0.0042 RL - 1774017867.099025726 1774017867.103271246 0
Mar 20 14:44:27 standalone container-server[127399]: 172.20.0.100 - - [20/Mar/2026:14:44:27 +0000] "GET /d1/828/AUTH_459728d9343f40f7b0c4f3326bfebcf8/gnocchi.3d8ac46a-55d0-42db-880f-4f14e53646d4" 200 2 "GET http://172.18.0.2:8080/v1/AUTH_459728d9343f40f7b0c4f3326bfebcf8/gnocchi.3d8ac46a-55d0-42db-880f-4f14e53646d4?format=json&states=listing" "tx301821b5ed95492f89c43-0069bd5d4b" "proxy-server 20" 0.0018 "-" 23 0
Mar 20 14:44:27 standalone proxy-server[129543]: 172.18.0.2 172.18.0.100 20/Mar/2026/14/44/27 GET /v1/AUTH_459728d9343f40f7b0c4f3326bfebcf8/gnocchi.3d8ac46a-55d0-42db-880f-4f14e53646d4%3Fformat%3Djson%26states%3Dlisting HTTP/1.0 200 - python-swiftclient-3.11.1 gAAAAABpvVzD3TF2... - 2 - tx301821b5ed95492f89c43-0069bd5d4b - 0.0134 - - 1774017867.098149538 1774017867.111542225 0
Mar 20 14:44:27 standalone object-server[127556]: 172.20.0.100 - - [20/Mar/2026:14:44:27 +0000] "GET /d1/937/AUTH_459728d9343f40f7b0c4f3326bfebcf8/gnocchi.3d8ac46a-55d0-42db-880f-4f14e53646d4/1773360000.0_mean_300.0_v3" 404 70 "GET http://172.18.0.2:8080/v1/AUTH_459728d9343f40f7b0c4f3326bfebcf8/gnocchi.3d8ac46a-55d0-42db-880f-4f14e53646d4/1773360000.0_mean_300.0_v3" "tx205c557307394ff7a5bc8-0069bd5d4b" "proxy-server 20" 0.0006 "-" 22 0
Mar 20 14:44:27 standalone proxy-server[129543]: 172.18.0.2 172.18.0.100 20/Mar/2026/14/44/27 GET /v1/AUTH_459728d9343f40f7b0c4f3326bfebcf8/gnocchi.3d8ac46a-55d0-42db-880f-4f14e53646d4/1773360000.0_mean_300.0_v3 HTTP/1.0 404 - python-swiftclient-3.11.1 gAAAAABpvVzD3TF2... - 70 - tx205c557307394ff7a5bc8-0069bd5d4b - 0.0078 - - 1774017867.116047144 1774017867.123798132 0
Mar 20 14:44:27 standalone container-server[127399]: 172.20.0.100 - - [20/Mar/2026:14:44:27 +0000] "PUT /d1/828/AUTH_459728d9343f40f7b0c4f3326bfebcf8/gnocchi.3d8ac46a-55d0-42db-880f-4f14e53646d4/1773360000.0_mean_300.0_v3" 201 - "PUT http://172.18.0.2:8080/d1/937/AUTH_459728d9343f40f7b0c4f3326bfebcf8/gnocchi.3d8ac46a-55d0-42db-880f-4f14e53646d4/1773360000.0_mean_300.0_v3" "tx3b33dad2c15c421ebcfe7-0069bd5d4b" "object-server 21" 0.0005 "-" 23 0
