2025-12-09 11:14:07.957 26 INFO tempest.lib.common.dynamic_creds [-] Acquired dynamic creds: credentials: Credentials: {'domain_id': 'default', 'domain_name': 'Default', 'username': 'tempest-CredentialsTestJSON-486372512-project-admin', 'project_domain_id': 'default', 'project_domain_name': 'Default', 'project_id': '713010b6bbaa4f069e51396e3eca9c71', 'project_name': 'tempest-CredentialsTestJSON-486372512', 'tenant_id': '713010b6bbaa4f069e51396e3eca9c71', 'tenant_name': 'tempest-CredentialsTestJSON-486372512', 'user_domain_id': 'default', 'user_domain_name': 'Default', 'user_id': '3dda4508391d43a78b4b5e5abf474964', 'system': None}, Network: None, Subnet: None, Router: None
2025-12-09 11:14:08.052 26 INFO tempest.lib.common.dynamic_creds [-] Created isolated network resources for: credentials: Credentials: {'domain_id': 'default', 'domain_name': 'Default', 'username': 'tempest-CredentialsTestJSON-486372512-project-admin', 'project_domain_id': 'default', 'project_domain_name': 'Default', 'project_id': '713010b6bbaa4f069e51396e3eca9c71', 'project_name': 'tempest-CredentialsTestJSON-486372512', 'tenant_id': '713010b6bbaa4f069e51396e3eca9c71', 'tenant_name': 'tempest-CredentialsTestJSON-486372512', 'user_domain_id': 'default', 'user_domain_name': 'Default', 'user_id': '3dda4508391d43a78b4b5e5abf474964', 'system': None}, Network: None, Subnet: None, Router: None
2025-12-09 11:14:08.763 27 INFO tempest.lib.common.rest_client [req-a2d31546-4799-4e5e-a2a3-716caafdd426 req-a2d31546-4799-4e5e-a2a3-716caafdd426 ] Request (RegionsTestJSON:setUpClass): 204 PUT https://keystone-public-openstack.apps-crc.testing/v3/projects/ce8b1b57fbf74eb8bfeffab3012bece5/users/913da10828d041c0ad79448baf4d4c71/roles/45b0faad91004a31ad988c04df23c6e7 4.191s
2025-12-09 11:14:08.764 27 DEBUG tempest.lib.common.rest_client [req-a2d31546-4799-4e5e-a2a3-716caafdd426 req-a2d31546-4799-4e5e-a2a3-716caafdd426 ] Request - Headers: {'Content-Type': 'application/json', 'Accept': 'application/json', 'X-Auth-Token': ''} Body: None Response - Headers: {'date': 'Tue, 09 Dec 2025 11:14:05 GMT', 'server': 'Apache', 'vary': 'X-Auth-Token', 'x-openstack-request-id': 'req-a2d31546-4799-4e5e-a2a3-716caafdd426', 'set-cookie': 'b5697f82cf3c19ece8be533395142512=77531a1aaaba1627f6425a4e86c42176; path=/; HttpOnly; Secure; SameSite=None', 'connection': 'close', 'status': '204', 'content-location': 'https://keystone-public-openstack.apps-crc.testing/v3/projects/ce8b1b57fbf74eb8bfeffab3012bece5/users/913da10828d041c0ad79448baf4d4c71/roles/45b0faad91004a31ad988c04df23c6e7'} Body: b'' _log_request_full /usr/lib/python3.9/site-packages/tempest/lib/common/rest_client.py:484
2025-12-09 11:14:08.764 27 INFO tempest.lib.common.dynamic_creds [-] Dynamic test user 913da10828d041c0ad79448baf4d4c71 is created with scope project and roles: ['admin']
2025-12-09 11:14:08.765 27 INFO tempest.lib.common.dynamic_creds [-] Acquired dynamic creds: credentials: Credentials: {'domain_id': 'default', 'domain_name': 'Default', 'username': 'tempest-RegionsTestJSON-228591581-project-admin', 'project_domain_id': 'default', 'project_domain_name': 'Default', 'project_id': 'ce8b1b57fbf74eb8bfeffab3012bece5', 'project_name': 'tempest-RegionsTestJSON-228591581', 'tenant_id': 'ce8b1b57fbf74eb8bfeffab3012bece5', 'tenant_name': 'tempest-RegionsTestJSON-228591581', 'user_domain_id': 'default', 'user_domain_name': 'Default', 'user_id': '913da10828d041c0ad79448baf4d4c71', 'system': None}, Network: None, Subnet: None, Router: None
2025-12-09 11:14:08.765 32 INFO tempest.lib.common.rest_client [req-7ccb95c1-4e77-44af-8758-42a3a88568ed req-7ccb95c1-4e77-44af-8758-42a3a88568ed ] Request (PoliciesTestJSON:test_create_update_delete_policy): 201 POST https://keystone-public-openstack.apps-crc.testing/v3/policies 4.202s
2025-12-09 11:14:08.765 27 INFO tempest.lib.common.dynamic_creds [-] Created isolated network resources for: credentials: Credentials: {'domain_id': 'default', 'domain_name': 'Default', 'username': 'tempest-RegionsTestJSON-228591581-project-admin', 'project_domain_id': 'default', 'project_domain_name': 'Default', 'project_id': 'ce8b1b57fbf74eb8bfeffab3012bece5', 'project_name': 'tempest-RegionsTestJSON-228591581', 'tenant_id': 'ce8b1b57fbf74eb8bfeffab3012bece5', 'tenant_name': 'tempest-RegionsTestJSON-228591581', 'user_domain_id': 'default', 'user_domain_name': 'Default', 'user_id': '913da10828d041c0ad79448baf4d4c71', 'system': None}, Network: None, Subnet: None, Router: None
2025-12-09 11:14:08.765 32 DEBUG tempest.lib.common.rest_client [req-7ccb95c1-4e77-44af-8758-42a3a88568ed req-7ccb95c1-4e77-44af-8758-42a3a88568ed ] Request - Headers: {'Content-Type': 'application/json', 'Accept': 'application/json', 'X-Auth-Token': ''} Body: {"policy": {"blob": "tempest-BlobName-1124300875", "type": "tempest-PolicyType-478223559"}} Response - Headers: {'date': 'Tue, 09 Dec 2025 11:14:06 GMT', 'server': 'Apache', 'content-length': '252', 'vary': 'X-Auth-Token', 'x-openstack-request-id': 'req-7ccb95c1-4e77-44af-8758-42a3a88568ed', 'content-type': 'application/json', 'set-cookie': 'b5697f82cf3c19ece8be533395142512=77531a1aaaba1627f6425a4e86c42176; path=/; HttpOnly; Secure; SameSite=None', 'connection': 'close', 'status': '201', 'content-location': 'https://keystone-public-openstack.apps-crc.testing/v3/policies'} Body: b'{"policy": {"id": "db350e788d4c40b3a0b085f1ed770109", "blob": "tempest-BlobName-1124300875", "type": "tempest-PolicyType-478223559", "links": {"self": "https://keystone-public-openstack.apps-crc.testing/v3/policies/db350e788d4c40b3a0b085f1ed770109"}}}\n' _log_request_full /usr/lib/python3.9/site-packages/tempest/lib/common/rest_client.py:484
2025-12-09 11:14:24.119 29 WARNING urllib3.connectionpool [-] Retrying (Retry(total=9, connect=None, read=None, redirect=5, status=None)) after connection broken by 'ProtocolError('Connection aborted.', RemoteDisconnected('Remote end closed connection without response'))': /v2.0/security-groups?tenant_id=4a2bf49c6f7f472889b0c0d84a498c33&name=default
2025-12-09 11:14:24.119 26 INFO tempest.test [-] raised in CredentialsTestJSON.setUpClass. Invoking tearDownClass.
2025-12-09 11:14:24.133 27 INFO tempest.test [-] raised in RegionsTestJSON.setUpClass. Invoking tearDownClass.
2025-12-09 11:14:24.596 29 WARNING urllib3.connectionpool [-] Retrying (Retry(total=8, connect=None, read=None, redirect=5, status=None)) after connection broken by 'NewConnectionError(': Failed to establish a new connection: [Errno 111] Connection refused')': /v2.0/security-groups?tenant_id=4a2bf49c6f7f472889b0c0d84a498c33&name=default
2025-12-09 11:14:24.602 29 WARNING urllib3.connectionpool [-] Retrying (Retry(total=7, connect=None, read=None, redirect=5, status=None)) after connection broken by 'NewConnectionError(': Failed to establish a new connection: [Errno 111] Connection refused')': /v2.0/security-groups?tenant_id=4a2bf49c6f7f472889b0c0d84a498c33&name=default
2025-12-09 11:14:24.609 29 WARNING urllib3.connectionpool [-] Retrying (Retry(total=6, connect=None, read=None, redirect=5, status=None)) after connection broken by 'NewConnectionError(': Failed to establish a new connection: [Errno 111] Connection refused')': /v2.0/security-groups?tenant_id=4a2bf49c6f7f472889b0c0d84a498c33&name=default
2025-12-09 11:14:24.612 29 WARNING urllib3.connectionpool [-] Retrying (Retry(total=5, connect=None, read=None, redirect=5, status=None)) after connection broken by 'NewConnectionError(': Failed to establish a new connection: [Errno 111] Connection refused')': /v2.0/security-groups?tenant_id=4a2bf49c6f7f472889b0c0d84a498c33&name=default
2025-12-09 11:14:24.613 29 WARNING urllib3.connectionpool [-] Retrying (Retry(total=4, connect=None, read=None, redirect=5, status=None)) after connection broken by 'NewConnectionError(': Failed to establish a new connection: [Errno 111] Connection refused')': /v2.0/security-groups?tenant_id=4a2bf49c6f7f472889b0c0d84a498c33&name=default
2025-12-09 11:14:24.617 29 WARNING urllib3.connectionpool [-] Retrying (Retry(total=3, connect=None, read=None, redirect=5, status=None)) after connection broken by 'NewConnectionError(': Failed to establish a new connection: [Errno 111] Connection refused')': /v2.0/security-groups?tenant_id=4a2bf49c6f7f472889b0c0d84a498c33&name=default
2025-12-09 11:14:24.623 29 WARNING urllib3.connectionpool [-] Retrying (Retry(total=2, connect=None, read=None, redirect=5, status=None)) after connection broken by 'NewConnectionError(': Failed to establish a new connection: [Errno 111] Connection refused')': /v2.0/security-groups?tenant_id=4a2bf49c6f7f472889b0c0d84a498c33&name=default
2025-12-09 11:14:24.625 29 WARNING urllib3.connectionpool [-] Retrying (Retry(total=1, connect=None, read=None, redirect=5, status=None)) after connection broken by 'NewConnectionError(': Failed to establish a new connection: [Errno 111] Connection refused')': /v2.0/security-groups?tenant_id=4a2bf49c6f7f472889b0c0d84a498c33&name=default
2025-12-09 11:14:24.627 29 WARNING urllib3.connectionpool [-] Retrying (Retry(total=0, connect=None, read=None, redirect=5, status=None)) after connection broken by 'NewConnectionError(': Failed to establish a new connection: [Errno 111] Connection refused')': /v2.0/security-groups?tenant_id=4a2bf49c6f7f472889b0c0d84a498c33&name=default
2025-12-09 11:14:24.602 28 WARNING urllib3.connectionpool [-] Retrying (Retry(total=9, connect=None, read=None, redirect=5, status=None)) after connection broken by 'NewConnectionError(': Failed to establish a new connection: [Errno 111] Connection refused')': /v2.0/networks/ca1f0a2e-f28e-43e5-9e02-73cff022d05f: urllib3.exceptions.ProtocolError: ('Connection aborted.', RemoteDisconnected('Remote end closed connection without response'))
2025-12-09 11:14:24.596 25 WARNING urllib3.connectionpool [-] Retrying (Retry(total=9, connect=None, read=None, redirect=5, status=None)) after connection broken by 'NewConnectionError(': Failed to establish a new connection: [Errno 111] Connection refused')': /v2.0/networks/23820ae5-bd1c-4ae7-bcfa-0946b7aca19b: urllib3.exceptions.ProtocolError: ('Connection aborted.', RemoteDisconnected('Remote end closed connection without response'))
2025-12-09 11:14:24.624 31 WARNING urllib3.connectionpool [-] Retrying (Retry(total=9, connect=None, read=None, redirect=5, status=None)) after connection broken by 'NewConnectionError(': Failed to establish a new connection: [Errno 111] Connection refused')': /v2.0/networks/6979ce73-ab85-4fbd-84bb-8235dccd0e22: urllib3.exceptions.ProtocolError: ('Connection aborted.', RemoteDisconnected('Remote end closed connection without response'))
2025-12-09 11:14:24.598 26 WARNING urllib3.connectionpool [-] Retrying (Retry(total=9, connect=None, read=None, redirect=5, status=None)) after connection broken by 'NewConnectionError(': Failed to establish a new connection: [Errno 111] Connection refused')': /v3/users/436f99971b334b0ab89ba7e4034f6e15: urllib3.exceptions.ProtocolError: ('Connection aborted.', RemoteDisconnected('Remote end closed connection without response'))
2025-12-09 11:14:24.603 27 WARNING urllib3.connectionpool [-] Retrying (Retry(total=9, connect=None, read=None, redirect=5, status=None)) after connection broken by 'NewConnectionError(': Failed to establish a new connection: [Errno 111] Connection refused')': /v3/users/ff28a6e8adcb41ee8d6c97badc4810bc: urllib3.exceptions.ProtocolError: ('Connection aborted.', RemoteDisconnected('Remote end closed connection without response'))
2025-12-09 11:14:24.715 25 WARNING urllib3.connectionpool [-] Retrying (Retry(total=8, connect=None, read=None, redirect=5, status=None)) after connection broken by 'NewConnectionError(': Failed to establish a new connection: [Errno 111] Connection refused')': /v2.0/networks/23820ae5-bd1c-4ae7-bcfa-0946b7aca19b: urllib3.exceptions.ProtocolError: ('Connection aborted.', RemoteDisconnected('Remote end closed connection without response'))
2025-12-09 11:14:24.711 31 WARNING urllib3.connectionpool [-] Retrying (Retry(total=8, connect=None, read=None, redirect=5, status=None)) after connection broken by 'NewConnectionError(': Failed to establish a new connection: [Errno 111] Connection refused')': /v2.0/networks/6979ce73-ab85-4fbd-84bb-8235dccd0e22: urllib3.exceptions.ProtocolError: ('Connection aborted.', RemoteDisconnected('Remote end closed connection without response'))
2025-12-09 11:14:24.717 28 WARNING urllib3.connectionpool [-] Retrying (Retry(total=8, connect=None, read=None, redirect=5, status=None)) after connection broken by 'NewConnectionError(': Failed to establish a new connection: [Errno 111] Connection refused')': /v2.0/networks/ca1f0a2e-f28e-43e5-9e02-73cff022d05f: urllib3.exceptions.ProtocolError: ('Connection aborted.', RemoteDisconnected('Remote end closed connection without response'))
2025-12-09 11:14:24.602 30 WARNING urllib3.connectionpool [-] Retrying (Retry(total=9, connect=None, read=None, redirect=5, status=None)) after connection broken by 'NewConnectionError(': Failed to establish a new connection: [Errno 111] Connection refused')': /v2.0/networks/bbca3974-4726-44d6-b2f8-6d9f927a4d46: urllib3.exceptions.ProtocolError: ('Connection aborted.', RemoteDisconnected('Remote end closed connection without response'))
2025-12-09 11:14:24.721 28 WARNING urllib3.connectionpool [-] Retrying (Retry(total=7, connect=None, read=None, redirect=5, status=None)) after connection broken by 'NewConnectionError(': Failed to establish a new connection: [Errno 111] Connection refused')': /v2.0/networks/ca1f0a2e-f28e-43e5-9e02-73cff022d05f: urllib3.exceptions.ProtocolError: ('Connection aborted.', RemoteDisconnected('Remote end closed connection without response'))
2025-12-09 11:14:24.724 28 WARNING urllib3.connectionpool [-] Retrying (Retry(total=6, connect=None, read=None, redirect=5, status=None)) after connection broken by 'NewConnectionError(': Failed to establish a new connection: [Errno 111] Connection refused')': /v2.0/networks/ca1f0a2e-f28e-43e5-9e02-73cff022d05f: urllib3.exceptions.ProtocolError: ('Connection aborted.', RemoteDisconnected('Remote end closed connection without response'))
2025-12-09 11:14:24.729 25 WARNING urllib3.connectionpool [-] Retrying (Retry(total=7, connect=None, read=None, redirect=5, status=None)) after connection broken by 'NewConnectionError(': Failed to establish a new connection: [Errno 111] Connection refused')': /v2.0/networks/23820ae5-bd1c-4ae7-bcfa-0946b7aca19b: urllib3.exceptions.ProtocolError: ('Connection aborted.', RemoteDisconnected('Remote end closed connection without response'))
2025-12-09 11:14:24.731 30 WARNING urllib3.connectionpool [-] Retrying (Retry(total=8, connect=None, read=None, redirect=5, status=None)) after connection broken by 'NewConnectionError(': Failed to establish a new connection: [Errno 111] Connection refused')': /v2.0/networks/bbca3974-4726-44d6-b2f8-6d9f927a4d46: urllib3.exceptions.ProtocolError: ('Connection aborted.', RemoteDisconnected('Remote end closed connection without response'))
2025-12-09 11:14:24.734 30 WARNING urllib3.connectionpool [-] Retrying (Retry(total=7, connect=None, read=None, redirect=5, status=None)) after connection broken by 'NewConnectionError(': Failed to establish a new connection: [Errno 111] Connection refused')': /v2.0/networks/bbca3974-4726-44d6-b2f8-6d9f927a4d46: urllib3.exceptions.ProtocolError: ('Connection aborted.', RemoteDisconnected('Remote end closed connection without response'))
2025-12-09 11:14:24.738 28 WARNING urllib3.connectionpool [-] Retrying (Retry(total=5, connect=None, read=None, redirect=5, status=None)) after connection broken by 'NewConnectionError(': Failed to establish a new connection: [Errno 111] Connection refused')': /v2.0/networks/ca1f0a2e-f28e-43e5-9e02-73cff022d05f: urllib3.exceptions.ProtocolError: ('Connection aborted.', RemoteDisconnected('Remote end closed connection without response'))
2025-12-09 11:14:24.739 27 WARNING urllib3.connectionpool [-] Retrying (Retry(total=8, connect=None, read=None, redirect=5, status=None)) after connection broken by 'NewConnectionError(': Failed to establish a new connection: [Errno 111] Connection refused')': /v3/users/ff28a6e8adcb41ee8d6c97badc4810bc: urllib3.exceptions.ProtocolError: ('Connection aborted.', RemoteDisconnected('Remote end closed connection without response'))
2025-12-09 11:14:24.740 31 WARNING urllib3.connectionpool [-] Retrying (Retry(total=7, connect=None, read=None, redirect=5, status=None)) after connection broken by 'NewConnectionError(': Failed to establish a new connection: [Errno 111] Connection refused')': /v2.0/networks/6979ce73-ab85-4fbd-84bb-8235dccd0e22: urllib3.exceptions.ProtocolError: ('Connection aborted.', RemoteDisconnected('Remote end closed connection without response'))
2025-12-09 11:14:24.740 26 WARNING urllib3.connectionpool [-] Retrying (Retry(total=8, connect=None, read=None, redirect=5, status=None)) after connection broken by 'NewConnectionError(': Failed to establish a new connection: [Errno 111] Connection refused')': /v3/users/436f99971b334b0ab89ba7e4034f6e15: urllib3.exceptions.ProtocolError: ('Connection aborted.', RemoteDisconnected('Remote end closed connection without response'))
2025-12-09 11:14:24.747 27 WARNING urllib3.connectionpool [-] Retrying (Retry(total=7, connect=None, read=None, redirect=5, status=None)) after connection broken by 'NewConnectionError(': Failed to establish a new connection: [Errno 111] Connection refused')': /v3/users/ff28a6e8adcb41ee8d6c97badc4810bc: urllib3.exceptions.ProtocolError: ('Connection aborted.', RemoteDisconnected('Remote end closed connection without response'))
2025-12-09 11:14:24.746 26 WARNING urllib3.connectionpool [-] Retrying (Retry(total=7, connect=None, read=None, redirect=5, status=None)) after connection broken by 'NewConnectionError(': Failed to establish a new connection: [Errno 111] Connection refused')': /v3/users/436f99971b334b0ab89ba7e4034f6e15: urllib3.exceptions.ProtocolError: ('Connection aborted.', RemoteDisconnected('Remote end closed connection without response'))
2025-12-09 11:14:24.755 30 WARNING urllib3.connectionpool [-] Retrying (Retry(total=6, connect=None, read=None, redirect=5, status=None)) after connection broken by 'NewConnectionError(': Failed to establish a new connection: [Errno 111] Connection refused')': /v2.0/networks/bbca3974-4726-44d6-b2f8-6d9f927a4d46: urllib3.exceptions.ProtocolError: ('Connection aborted.', RemoteDisconnected('Remote end closed connection without response'))
2025-12-09 11:14:24.757 31 WARNING urllib3.connectionpool [-] Retrying (Retry(total=6, connect=None, read=None, redirect=5, status=None)) after connection broken by 'NewConnectionError(': Failed to establish a new connection: [Errno 111] Connection refused')': /v2.0/networks/6979ce73-ab85-4fbd-84bb-8235dccd0e22: urllib3.exceptions.ProtocolError: ('Connection aborted.', RemoteDisconnected('Remote end closed connection without response'))
2025-12-09 11:14:24.754 27 WARNING urllib3.connectionpool [-] Retrying (Retry(total=6, connect=None, read=None, redirect=5, status=None)) after connection broken by 'NewConnectionError(': Failed to establish a new connection: [Errno 111] Connection refused')': /v3/users/ff28a6e8adcb41ee8d6c97badc4810bc: urllib3.exceptions.ProtocolError: ('Connection aborted.', RemoteDisconnected('Remote end closed connection without response'))
2025-12-09 11:14:24.761 30 WARNING urllib3.connectionpool [-] Retrying (Retry(total=5, connect=None, read=None, redirect=5, status=None)) after connection broken by 'NewConnectionError(': Failed to establish a new connection: [Errno 111] Connection refused')': /v2.0/networks/bbca3974-4726-44d6-b2f8-6d9f927a4d46: urllib3.exceptions.ProtocolError: ('Connection aborted.', RemoteDisconnected('Remote end closed connection without response'))
2025-12-09 11:14:24.762 28 WARNING urllib3.connectionpool [-] Retrying (Retry(total=4, connect=None, read=None, redirect=5, status=None)) after connection broken by 'NewConnectionError(': Failed to establish a new connection: [Errno 111] Connection refused')': /v2.0/networks/ca1f0a2e-f28e-43e5-9e02-73cff022d05f: urllib3.exceptions.ProtocolError: ('Connection aborted.', RemoteDisconnected('Remote end closed connection without response'))
2025-12-09 11:14:24.758 26 WARNING urllib3.connectionpool [-] Retrying (Retry(total=6, connect=None, read=None, redirect=5, status=None)) after connection broken by 'NewConnectionError(': Failed to establish a new connection: [Errno 111] Connection refused')': /v3/users/436f99971b334b0ab89ba7e4034f6e15: urllib3.exceptions.ProtocolError: ('Connection aborted.', RemoteDisconnected('Remote end closed connection without response'))
2025-12-09 11:14:24.766 31 WARNING urllib3.connectionpool [-] Retrying (Retry(total=5, connect=None, read=None, redirect=5, status=None)) after connection broken by 'NewConnectionError(': Failed to establish a new connection: [Errno 111] Connection refused')': /v2.0/networks/6979ce73-ab85-4fbd-84bb-8235dccd0e22: urllib3.exceptions.ProtocolError: ('Connection aborted.', RemoteDisconnected('Remote end closed connection without response'))
2025-12-09 11:14:24.766 30 WARNING urllib3.connectionpool [-] Retrying (Retry(total=4, connect=None, read=None, redirect=5, status=None)) after connection broken by 'NewConnectionError(': Failed to establish a new connection: [Errno 111] Connection refused')': /v2.0/networks/bbca3974-4726-44d6-b2f8-6d9f927a4d46: urllib3.exceptions.ProtocolError: ('Connection aborted.', RemoteDisconnected('Remote end closed connection without response'))
2025-12-09 11:14:24.766 27 WARNING urllib3.connectionpool [-] Retrying (Retry(total=5, connect=None, read=None, redirect=5, status=None)) after connection broken by 'NewConnectionError(': Failed to establish a new connection: [Errno 111] Connection refused')': /v3/users/ff28a6e8adcb41ee8d6c97badc4810bc: urllib3.exceptions.ProtocolError: ('Connection aborted.', RemoteDisconnected('Remote end closed connection without response'))
2025-12-09 11:14:24.768 26 WARNING urllib3.connectionpool [-] Retrying (Retry(total=5, connect=None, read=None, redirect=5, status=None)) after connection broken by 'NewConnectionError(': Failed to establish a new connection: [Errno 111] Connection refused')': /v3/users/436f99971b334b0ab89ba7e4034f6e15: urllib3.exceptions.ProtocolError: ('Connection aborted.', RemoteDisconnected('Remote end closed connection without response'))
2025-12-09 11:14:24.769 30 WARNING urllib3.connectionpool [-] Retrying (Retry(total=3, connect=None, read=None, redirect=5, status=None)) after connection broken by 'NewConnectionError(': Failed to establish a new connection: [Errno 111] Connection refused')': /v2.0/networks/bbca3974-4726-44d6-b2f8-6d9f927a4d46: urllib3.exceptions.ProtocolError: ('Connection aborted.', RemoteDisconnected('Remote end closed connection without response'))
2025-12-09 11:14:24.769 31 WARNING urllib3.connectionpool [-] Retrying (Retry(total=4, connect=None, read=None, redirect=5, status=None)) after connection broken by 'NewConnectionError(': Failed to establish a new connection: [Errno 111] Connection refused')': /v2.0/networks/6979ce73-ab85-4fbd-84bb-8235dccd0e22: urllib3.exceptions.ProtocolError: ('Connection aborted.', RemoteDisconnected('Remote end closed connection without response'))
2025-12-09 11:14:24.770 27 WARNING urllib3.connectionpool [-] Retrying (Retry(total=4, connect=None, read=None, redirect=5, status=None)) after connection broken by 'NewConnectionError(': Failed to establish a new connection: [Errno 111] Connection refused')': /v3/users/ff28a6e8adcb41ee8d6c97badc4810bc: urllib3.exceptions.ProtocolError: ('Connection aborted.', RemoteDisconnected('Remote end closed connection without response'))
2025-12-09 11:14:24.771 26 WARNING urllib3.connectionpool [-] Retrying (Retry(total=4, connect=None, read=None, redirect=5, status=None)) after connection broken by 'NewConnectionError(': Failed to establish a new connection: [Errno 111] Connection refused')': /v3/users/436f99971b334b0ab89ba7e4034f6e15: urllib3.exceptions.ProtocolError: ('Connection aborted.', RemoteDisconnected('Remote end closed connection without response'))
2025-12-09 11:14:24.771 30 WARNING urllib3.connectionpool [-] Retrying (Retry(total=2, connect=None, read=None, redirect=5, status=None)) after connection broken by 'NewConnectionError(': Failed to establish a new connection: [Errno 111] Connection refused')': /v2.0/networks/bbca3974-4726-44d6-b2f8-6d9f927a4d46: urllib3.exceptions.ProtocolError: ('Connection aborted.', RemoteDisconnected('Remote end closed connection without response'))
2025-12-09 11:14:24.776 31 WARNING urllib3.connectionpool [-] Retrying (Retry(total=3, connect=None, read=None, redirect=5, status=None)) after connection broken by 'NewConnectionError(': Failed to establish a new connection: [Errno 111] Connection refused')': /v2.0/networks/6979ce73-ab85-4fbd-84bb-8235dccd0e22: urllib3.exceptions.ProtocolError: ('Connection aborted.', RemoteDisconnected('Remote end closed connection without response'))
2025-12-09 11:14:24.777 30 WARNING urllib3.connectionpool [-] Retrying (Retry(total=1, connect=None, read=None, redirect=5, status=None)) after connection broken by 'NewConnectionError(': Failed to establish a new connection: [Errno 111] Connection refused')': /v2.0/networks/bbca3974-4726-44d6-b2f8-6d9f927a4d46: urllib3.exceptions.ProtocolError: ('Connection aborted.', RemoteDisconnected('Remote end closed connection without response'))
2025-12-09 11:14:24.779 26 WARNING urllib3.connectionpool [-] Retrying (Retry(total=3, connect=None, read=None, redirect=5, status=None)) after connection broken by 'NewConnectionError(': Failed to establish a new connection: [Errno 111] Connection refused')': /v3/users/436f99971b334b0ab89ba7e4034f6e15: urllib3.exceptions.ProtocolError: ('Connection aborted.', RemoteDisconnected('Remote end closed connection without response'))
2025-12-09 11:14:24.779 27 WARNING urllib3.connectionpool [-] Retrying (Retry(total=3, connect=None, read=None, redirect=5, status=None)) after connection broken by 'NewConnectionError(': Failed to establish a new connection: [Errno 111] Connection refused')': /v3/users/ff28a6e8adcb41ee8d6c97badc4810bc: urllib3.exceptions.ProtocolError: ('Connection aborted.', RemoteDisconnected('Remote end closed connection without response'))
2025-12-09 11:14:24.775 25 WARNING urllib3.connectionpool [-] Retrying (Retry(total=6, connect=None, read=None, redirect=5, status=None)) after connection broken by 'NewConnectionError(': Failed to establish a new connection: [Errno 111] Connection refused')': /v2.0/networks/23820ae5-bd1c-4ae7-bcfa-0946b7aca19b: urllib3.exceptions.ProtocolError: ('Connection aborted.', RemoteDisconnected('Remote end closed connection without response'))
2025-12-09 11:14:24.785 31 WARNING urllib3.connectionpool [-] Retrying (Retry(total=2, connect=None, read=None, redirect=5, status=None)) after connection broken by 'NewConnectionError(': Failed to establish a new connection: [Errno 111] Connection refused')': /v2.0/networks/6979ce73-ab85-4fbd-84bb-8235dccd0e22: urllib3.exceptions.ProtocolError: ('Connection aborted.', RemoteDisconnected('Remote end closed connection without response'))
2025-12-09 11:14:24.785 26 WARNING urllib3.connectionpool [-] Retrying (Retry(total=2, connect=None, read=None, redirect=5, status=None)) after connection broken by 'NewConnectionError(': Failed to establish a new connection: [Errno 111] Connection refused')': /v3/users/436f99971b334b0ab89ba7e4034f6e15: urllib3.exceptions.ProtocolError: ('Connection aborted.', RemoteDisconnected('Remote end closed connection without response'))
2025-12-09 11:14:24.787 30 WARNING urllib3.connectionpool [-] Retrying (Retry(total=0, connect=None, read=None, redirect=5, status=None)) after connection broken by 'NewConnectionError(': Failed to establish a new connection: [Errno 111] Connection refused')': /v2.0/networks/bbca3974-4726-44d6-b2f8-6d9f927a4d46: urllib3.exceptions.ProtocolError: ('Connection aborted.', RemoteDisconnected('Remote end closed connection without response'))
2025-12-09 11:14:24.787 28 WARNING urllib3.connectionpool [-] Retrying (Retry(total=3, connect=None, read=None, redirect=5, status=None)) after connection broken by 'NewConnectionError(': Failed to establish a new connection: [Errno 111] Connection refused')': /v2.0/networks/ca1f0a2e-f28e-43e5-9e02-73cff022d05f: urllib3.exceptions.ProtocolError: ('Connection aborted.', RemoteDisconnected('Remote end closed connection without response'))
2025-12-09 11:14:24.789 25 WARNING urllib3.connectionpool [-] Retrying (Retry(total=5, connect=None, read=None, redirect=5, status=None)) after connection broken by 'NewConnectionError(': Failed to establish a new connection: [Errno 111] Connection refused')': /v2.0/networks/23820ae5-bd1c-4ae7-bcfa-0946b7aca19b: urllib3.exceptions.ProtocolError: ('Connection aborted.', RemoteDisconnected('Remote end closed connection without response'))
2025-12-09 11:14:24.789 31 WARNING urllib3.connectionpool [-] Retrying (Retry(total=1, connect=None, read=None, redirect=5, status=None)) after connection broken by 'NewConnectionError(': Failed to establish a new connection: [Errno 111] Connection refused')': /v2.0/networks/6979ce73-ab85-4fbd-84bb-8235dccd0e22: urllib3.exceptions.ProtocolError: ('Connection aborted.', RemoteDisconnected('Remote end closed connection without response'))
2025-12-09 11:14:24.789 26 WARNING urllib3.connectionpool [-] Retrying (Retry(total=1, connect=None, read=None, redirect=5, status=None)) after connection broken by 'NewConnectionError(': Failed to establish a new connection: [Errno 111] Connection refused')': /v3/users/436f99971b334b0ab89ba7e4034f6e15: urllib3.exceptions.ProtocolError: ('Connection aborted.', RemoteDisconnected('Remote end closed connection without response'))
2025-12-09 11:14:24.791 31 WARNING urllib3.connectionpool [-] Retrying (Retry(total=0, connect=None, read=None, redirect=5, status=None)) after connection broken by 'NewConnectionError(': Failed to establish a new connection: [Errno 111] Connection refused')': /v2.0/networks/6979ce73-ab85-4fbd-84bb-8235dccd0e22: urllib3.exceptions.ProtocolError: ('Connection aborted.', RemoteDisconnected('Remote end closed connection without response'))
2025-12-09 11:14:24.791 28 WARNING urllib3.connectionpool [-] Retrying (Retry(total=2, connect=None, read=None, redirect=5, status=None)) after connection broken by 'NewConnectionError(': Failed to establish a new connection: [Errno 111] Connection refused')': /v2.0/networks/ca1f0a2e-f28e-43e5-9e02-73cff022d05f: urllib3.exceptions.ProtocolError: ('Connection aborted.', RemoteDisconnected('Remote end closed connection without response'))
2025-12-09 11:14:24.791 26 WARNING urllib3.connectionpool [-] Retrying (Retry(total=0, connect=None, read=None, redirect=5, status=None)) after connection broken by 'NewConnectionError(': Failed to establish a new connection: [Errno 111] Connection refused')': /v3/users/436f99971b334b0ab89ba7e4034f6e15: urllib3.exceptions.ProtocolError: ('Connection aborted.', RemoteDisconnected('Remote end closed connection without response'))
2025-12-09 11:14:24.803 27 WARNING urllib3.connectionpool [-] Retrying (Retry(total=2, connect=None, read=None, redirect=5, status=None)) after connection broken by 'NewConnectionError(': Failed to establish a new connection: [Errno 111] Connection refused')': /v3/users/ff28a6e8adcb41ee8d6c97badc4810bc: urllib3.exceptions.ProtocolError: ('Connection aborted.', RemoteDisconnected('Remote end closed connection without response'))
2025-12-09 11:14:24.804 25 WARNING urllib3.connectionpool [-] Retrying (Retry(total=4, connect=None, read=None, redirect=5, status=None)) after connection broken by 'NewConnectionError(': Failed to establish a new connection: [Errno 111] Connection refused')': /v2.0/networks/23820ae5-bd1c-4ae7-bcfa-0946b7aca19b: urllib3.exceptions.ProtocolError: ('Connection aborted.', RemoteDisconnected('Remote end closed connection without response'))
2025-12-09 11:14:24.811 32 WARNING urllib3.connectionpool [-] Retrying (Retry(total=9, connect=None, read=None, redirect=5, status=None)) after connection broken by 'NewConnectionError(': Failed to establish a new connection: [Errno 111] Connection refused')': /v3/policies/db350e788d4c40b3a0b085f1ed770109
2025-12-09 11:14:24.812 28 WARNING urllib3.connectionpool [-] Retrying (Retry(total=1, connect=None, read=None, redirect=5, status=None)) after connection broken by 'NewConnectionError(': Failed to establish a new connection: [Errno 111] Connection refused')': /v2.0/networks/ca1f0a2e-f28e-43e5-9e02-73cff022d05f: urllib3.exceptions.ProtocolError: ('Connection aborted.', RemoteDisconnected('Remote end closed connection without response'))
2025-12-09 11:14:24.816 32 WARNING urllib3.connectionpool [-] Retrying (Retry(total=8, connect=None, read=None, redirect=5, status=None)) after connection broken by 'NewConnectionError(': Failed to establish a new connection: [Errno 111] Connection refused')': /v3/policies/db350e788d4c40b3a0b085f1ed770109
2025-12-09 11:14:24.819 28 WARNING urllib3.connectionpool [-] Retrying (Retry(total=0, connect=None, read=None, redirect=5, status=None)) after connection broken by 'NewConnectionError(': Failed to establish a new connection: [Errno 111] Connection refused')': /v2.0/networks/ca1f0a2e-f28e-43e5-9e02-73cff022d05f: urllib3.exceptions.ProtocolError: ('Connection aborted.', RemoteDisconnected('Remote end closed connection without response'))
2025-12-09 11:14:24.822 27 WARNING urllib3.connectionpool [-] Retrying (Retry(total=1, connect=None, read=None, redirect=5, status=None)) after connection broken by 'NewConnectionError(': Failed to establish a new connection: [Errno 111] Connection refused')': /v3/users/ff28a6e8adcb41ee8d6c97badc4810bc: urllib3.exceptions.ProtocolError: ('Connection aborted.', RemoteDisconnected('Remote end closed connection without response'))
2025-12-09 11:14:24.823 25 WARNING urllib3.connectionpool [-] Retrying (Retry(total=3, connect=None, read=None, redirect=5, status=None)) after connection broken by 'NewConnectionError(': Failed to establish a new connection: [Errno 111] Connection refused')': /v2.0/networks/23820ae5-bd1c-4ae7-bcfa-0946b7aca19b: urllib3.exceptions.ProtocolError: ('Connection aborted.', RemoteDisconnected('Remote end closed connection without response'))
2025-12-09 11:14:24.825 32 WARNING urllib3.connectionpool [-] Retrying (Retry(total=7, connect=None, read=None, redirect=5, status=None)) after connection broken by 'NewConnectionError(': Failed to establish a new connection: [Errno 111] Connection refused')': /v3/policies/db350e788d4c40b3a0b085f1ed770109
2025-12-09 11:14:24.830 32 WARNING urllib3.connectionpool [-] Retrying (Retry(total=6, connect=None, read=None, redirect=5, status=None)) after connection broken by 'NewConnectionError(': Failed to establish a new connection: [Errno 111] Connection refused')': /v3/policies/db350e788d4c40b3a0b085f1ed770109
2025-12-09 11:14:24.836 27 WARNING urllib3.connectionpool [-] Retrying (Retry(total=0, connect=None, read=None, redirect=5, status=None)) after connection broken by 'NewConnectionError(': Failed to establish a new connection: [Errno 111] Connection refused')': /v3/users/ff28a6e8adcb41ee8d6c97badc4810bc: urllib3.exceptions.ProtocolError: ('Connection aborted.', RemoteDisconnected('Remote end closed connection without response'))
2025-12-09 11:14:24.838 25 WARNING urllib3.connectionpool [-] Retrying (Retry(total=2, connect=None, read=None, redirect=5, status=None)) after connection broken by 'NewConnectionError(': Failed to establish a new connection: [Errno 111] Connection refused')': /v2.0/networks/23820ae5-bd1c-4ae7-bcfa-0946b7aca19b: urllib3.exceptions.ProtocolError: ('Connection aborted.', RemoteDisconnected('Remote end closed connection without response'))
2025-12-09 11:14:24.842 25 WARNING urllib3.connectionpool [-] Retrying (Retry(total=1, connect=None, read=None, redirect=5, status=None)) after connection broken by 'NewConnectionError(': Failed to establish a new connection: [Errno 111] Connection refused')': /v2.0/networks/23820ae5-bd1c-4ae7-bcfa-0946b7aca19b: urllib3.exceptions.ProtocolError: ('Connection aborted.', RemoteDisconnected('Remote end closed connection without response'))
2025-12-09 11:14:24.845 25 WARNING urllib3.connectionpool [-] Retrying (Retry(total=0, connect=None, read=None, redirect=5, status=None)) after connection broken by 'NewConnectionError(': Failed to establish a new connection: [Errno 111] Connection refused')': /v2.0/networks/23820ae5-bd1c-4ae7-bcfa-0946b7aca19b: urllib3.exceptions.ProtocolError: ('Connection aborted.', RemoteDisconnected('Remote end closed connection without response'))
2025-12-09 11:14:24.851 32 WARNING urllib3.connectionpool [-] Retrying (Retry(total=5, connect=None, read=None, redirect=5, status=None)) after connection broken by 'NewConnectionError(': Failed to establish a new connection: [Errno 111] Connection refused')': /v3/policies/db350e788d4c40b3a0b085f1ed770109
2025-12-09 11:14:24.856 32 WARNING urllib3.connectionpool [-] Retrying (Retry(total=4, connect=None, read=None, redirect=5, status=None)) after connection broken by 'NewConnectionError(': Failed to establish a new connection: [Errno 111] Connection refused')': /v3/policies/db350e788d4c40b3a0b085f1ed770109
2025-12-09 11:14:24.870 32 WARNING urllib3.connectionpool [-] Retrying (Retry(total=3, connect=None, read=None, redirect=5, status=None)) after connection broken by 'NewConnectionError(': Failed to establish a new connection: [Errno 111] Connection refused')': /v3/policies/db350e788d4c40b3a0b085f1ed770109
2025-12-09 11:14:24.874 32 WARNING urllib3.connectionpool [-] Retrying (Retry(total=2, connect=None, read=None, redirect=5, status=None)) after connection broken by 'NewConnectionError(': Failed to establish a new connection: [Errno 111] Connection refused')': /v3/policies/db350e788d4c40b3a0b085f1ed770109
2025-12-09 11:14:24.878 32 WARNING urllib3.connectionpool [-] Retrying (Retry(total=1, connect=None, read=None, redirect=5, status=None)) after connection broken by 'NewConnectionError(': Failed to establish a new connection: [Errno 111] Connection refused')': /v3/policies/db350e788d4c40b3a0b085f1ed770109
2025-12-09 11:14:24.885 32 WARNING urllib3.connectionpool [-] Retrying (Retry(total=0, connect=None, read=None, redirect=5, status=None)) after connection broken by 'NewConnectionError(': Failed to establish a new connection: [Errno 111] Connection refused')': /v3/policies/db350e788d4c40b3a0b085f1ed770109
2025-12-09 11:14:24.916 32 WARNING urllib3.connectionpool [-] Retrying (Retry(total=9, connect=None, read=None, redirect=5, status=None)) after connection broken by 'NewConnectionError(': Failed to establish a new connection: [Errno 111] Connection refused')': /v3/users/19625ca5f1c848ea840ec61e977f9704
2025-12-09 11:14:24.919 32 WARNING urllib3.connectionpool [-] Retrying (Retry(total=8, connect=None, read=None, redirect=5, status=None)) after connection broken by 'NewConnectionError(': Failed to establish a new connection: [Errno 111] Connection refused')': /v3/users/19625ca5f1c848ea840ec61e977f9704
2025-12-09 11:14:24.926 32 WARNING urllib3.connectionpool [-] Retrying (Retry(total=7, connect=None, read=None, redirect=5, status=None)) after connection broken by 'NewConnectionError(': Failed to establish a new connection: [Errno 111] Connection refused')': /v3/users/19625ca5f1c848ea840ec61e977f9704
2025-12-09 11:14:24.929 32 WARNING urllib3.connectionpool [-] Retrying (Retry(total=6, connect=None, read=None, redirect=5, status=None)) after connection broken by 'NewConnectionError(': Failed to establish a new connection: [Errno 111] Connection refused')': /v3/users/19625ca5f1c848ea840ec61e977f9704
2025-12-09 11:14:24.934 32 WARNING urllib3.connectionpool [-] Retrying (Retry(total=5, connect=None, read=None, redirect=5, status=None)) after connection broken by 'NewConnectionError(': Failed to establish a new connection: [Errno 111] Connection refused')': /v3/users/19625ca5f1c848ea840ec61e977f9704
2025-12-09 11:14:24.937 32 WARNING urllib3.connectionpool [-] Retrying (Retry(total=4, connect=None, read=None, redirect=5, status=None)) after connection broken by 'NewConnectionError(': Failed to establish a new connection: [Errno 111] Connection refused')': /v3/users/19625ca5f1c848ea840ec61e977f9704
2025-12-09 11:14:24.939 32 WARNING urllib3.connectionpool [-] Retrying (Retry(total=3, connect=None, read=None, redirect=5, status=None)) after connection broken by 'NewConnectionError(': Failed to establish a new connection: [Errno 111] Connection refused')': /v3/users/19625ca5f1c848ea840ec61e977f9704
2025-12-09 11:14:24.940 32 WARNING urllib3.connectionpool [-] Retrying (Retry(total=2, connect=None, read=None, redirect=5, status=None)) after connection broken by 'NewConnectionError(': Failed to establish a new connection: [Errno 111] Connection refused')': /v3/users/19625ca5f1c848ea840ec61e977f9704
2025-12-09 11:14:24.942 32 WARNING urllib3.connectionpool [-] Retrying (Retry(total=1, connect=None, read=None, redirect=5, status=None)) after connection broken by 'NewConnectionError(': Failed to establish a new connection: [Errno 111] Connection refused')': /v3/users/19625ca5f1c848ea840ec61e977f9704
2025-12-09 11:14:24.944 32 WARNING urllib3.connectionpool [-] Retrying (Retry(total=0, connect=None, read=None, redirect=5, status=None)) after connection broken by 'NewConnectionError(': Failed to establish a new connection: [Errno 111] Connection refused')': /v3/users/19625ca5f1c848ea840ec61e977f9704
2025-12-09 11:14:24.804 31 WARNING tempest.lib.common.dynamic_creds [-] There was an exception trying to setup network resources for tenant f1998fc56e3e4f88ba6dce5388c7d497, and this error happened trying to clean them up: HTTPSConnectionPool(host='neutron-public-openstack.apps-crc.testing', port=443): Max retries exceeded with url: /v2.0/networks/6979ce73-ab85-4fbd-84bb-8235dccd0e22 (Caused by NewConnectionError(': Failed to establish a new connection: [Errno 111] Connection refused')): urllib3.exceptions.MaxRetryError: HTTPSConnectionPool(host='neutron-public-openstack.apps-crc.testing', port=443): Max retries exceeded with url: /v2.0/networks/6979ce73-ab85-4fbd-84bb-8235dccd0e22 (Caused by NewConnectionError(': Failed to establish a new connection: [Errno 111] Connection refused'))
2025-12-09 11:14:25.099 31 INFO tempest.test [-] raised in SecurityGroupRulesTestJSON.setUpClass. Invoking tearDownClass.
2025-12-09 11:14:25.116 31 WARNING urllib3.connectionpool [-] Retrying (Retry(total=9, connect=None, read=None, redirect=5, status=None)) after connection broken by 'NewConnectionError(': Failed to establish a new connection: [Errno 111] Connection refused')': /v3/users/047d6053b57942a5b02028ff6990b53e: urllib3.exceptions.ProtocolError: ('Connection aborted.', RemoteDisconnected('Remote end closed connection without response'))
2025-12-09 11:14:24.629 29 ERROR tempest.test [-] teardown of credentials failed: HTTPSConnectionPool(host='neutron-public-openstack.apps-crc.testing', port=443): Max retries exceeded with url: /v2.0/security-groups?tenant_id=4a2bf49c6f7f472889b0c0d84a498c33&name=default (Caused by NewConnectionError(': Failed to establish a new connection: [Errno 111] Connection refused')): urllib3.exceptions.MaxRetryError: HTTPSConnectionPool(host='neutron-public-openstack.apps-crc.testing', port=443): Max retries exceeded with url: /v2.0/security-groups?tenant_id=4a2bf49c6f7f472889b0c0d84a498c33&name=default (Caused by NewConnectionError(': Failed to establish a new connection: [Errno 111] Connection refused'))
2025-12-09 11:14:24.629 29 ERROR tempest.test
Traceback (most recent call last):
2025-12-09 11:14:24.629 29 ERROR tempest.test
File "/usr/lib/python3.9/site-packages/urllib3/connection.py", line 169, in _new_conn
2025-12-09 11:14:24.629 29 ERROR tempest.test conn = connection.create_connection(
2025-12-09 11:14:24.629 29 ERROR tempest.test
File "/usr/lib/python3.9/site-packages/urllib3/util/connection.py", line 96, in create_connection
2025-12-09 11:14:24.629 29 ERROR tempest.test raise err
2025-12-09 11:14:24.629 29 ERROR tempest.test
File "/usr/lib/python3.9/site-packages/urllib3/util/connection.py", line 86, in create_connection
2025-12-09 11:14:24.629 29 ERROR tempest.test sock.connect(sa)
2025-12-09 11:14:24.629 29 ERROR tempest.test ConnectionRefusedError: [Errno 111] Connection refused
2025-12-09 11:14:24.629 29 ERROR tempest.test
2025-12-09 11:14:24.629 29 ERROR tempest.test During handling of the above exception, another exception occurred:
2025-12-09 11:14:24.629 29 ERROR tempest.test
2025-12-09 11:14:24.629 29 ERROR tempest.test
Traceback (most recent call last):
2025-12-09 11:14:24.629 29 ERROR tempest.test
File "/usr/lib/python3.9/site-packages/urllib3/connectionpool.py", line 700, in urlopen
2025-12-09 11:14:24.629 29 ERROR tempest.test httplib_response = self._make_request(
2025-12-09 11:14:24.629 29 ERROR tempest.test
File "/usr/lib/python3.9/site-packages/urllib3/connectionpool.py", line 383, in _make_request
2025-12-09 11:14:24.629 29 ERROR tempest.test self._validate_conn(conn)
2025-12-09 11:14:24.629 29 ERROR tempest.test
File "/usr/lib/python3.9/site-packages/urllib3/connectionpool.py", line 1015, in _validate_conn
2025-12-09 11:14:24.629 29 ERROR tempest.test conn.connect()
2025-12-09 11:14:24.629 29 ERROR tempest.test
File "/usr/lib/python3.9/site-packages/urllib3/connection.py", line 353, in connect
2025-12-09 11:14:24.629 29 ERROR tempest.test conn = self._new_conn()
2025-12-09 11:14:24.629 29 ERROR tempest.test
File "/usr/lib/python3.9/site-packages/urllib3/connection.py", line 181, in _new_conn
2025-12-09 11:14:24.629 29 ERROR tempest.test raise NewConnectionError(
2025-12-09 11:14:24.629 29 ERROR tempest.test urllib3.exceptions.NewConnectionError: : Failed to establish a new connection: [Errno 111] Connection refused
2025-12-09 11:14:24.629 29 ERROR tempest.test
2025-12-09 11:14:24.629 29 ERROR tempest.test During handling of the above exception, another exception occurred:
2025-12-09 11:14:24.629 29 ERROR tempest.test
2025-12-09 11:14:24.629 29 ERROR tempest.test
Traceback (most recent call last):
2025-12-09 11:14:24.629 29 ERROR tempest.test
File "/usr/lib/python3.9/site-packages/tempest/test.py", line 210, in tearDownClass
2025-12-09 11:14:24.629 29 ERROR tempest.test teardown()
2025-12-09 11:14:24.629 29 ERROR tempest.test
File "/usr/lib/python3.9/site-packages/tempest/test.py", line 757, in clear_credentials
2025-12-09 11:14:24.629 29 ERROR tempest.test cls._creds_provider.clear_creds()
2025-12-09 11:14:24.629 29 ERROR tempest.test
File "/usr/lib/python3.9/site-packages/tempest/lib/common/dynamic_creds.py", line 635, in clear_creds
2025-12-09 11:14:24.629 29 ERROR tempest.test self.cleanup_default_secgroup(
2025-12-09 11:14:24.629 29 ERROR tempest.test
File "/usr/lib/python3.9/site-packages/tempest/lib/common/cred_provider.py", line 139, in cleanup_default_secgroup
2025-12-09 11:14:24.629 29 ERROR tempest.test resp_body = security_group_client.list_security_groups(
2025-12-09 11:14:24.629 29 ERROR tempest.test
File "/usr/lib/python3.9/site-packages/tempest/lib/services/network/security_groups_client.py", line 69, in list_security_groups
2025-12-09 11:14:24.629 29 ERROR tempest.test return self.list_resources(uri, **filters)
2025-12-09 11:14:24.629 29 ERROR tempest.test
File "/usr/lib/python3.9/site-packages/tempest/lib/services/network/base.py", line 35, in list_resources
2025-12-09 11:14:24.629 29 ERROR tempest.test resp, body = self.get(req_uri)
2025-12-09 11:14:24.629 29 ERROR tempest.test
File "/usr/lib/python3.9/site-packages/tempest/lib/common/rest_client.py", line 342, in get
2025-12-09 11:14:24.629 29 ERROR tempest.test return self.request('GET', url, extra_headers, headers,
2025-12-09 11:14:24.629 29 ERROR tempest.test
File "/usr/lib/python3.9/site-packages/tempest/lib/common/rest_client.py", line 746, in request
2025-12-09 11:14:24.629 29 ERROR tempest.test resp, resp_body = self._request(method, url, headers=headers,
2025-12-09 11:14:24.629 29 ERROR tempest.test
File "/usr/lib/python3.9/site-packages/tempest/lib/common/rest_client.py", line 612, in _request
2025-12-09 11:14:24.629 29 ERROR tempest.test resp, resp_body = self.raw_request(
2025-12-09 11:14:24.629 29 ERROR tempest.test
File "/usr/lib/python3.9/site-packages/tempest/lib/common/rest_client.py", line 661, in raw_request
2025-12-09 11:14:24.629 29 ERROR tempest.test resp, resp_body = self.http_obj.request(
2025-12-09 11:14:24.629 29 ERROR tempest.test
File "/usr/lib/python3.9/site-packages/tempest/lib/common/http.py", line 115, in request
2025-12-09 11:14:24.629 29 ERROR tempest.test r = super(ClosingHttp, self).request(method, url, retries=retry,
2025-12-09 11:14:24.629 29 ERROR tempest.test
File "/usr/lib/python3.9/site-packages/urllib3/request.py", line 74, in request
2025-12-09 11:14:24.629 29 ERROR tempest.test return self.request_encode_url(
2025-12-09 11:14:24.629 29 ERROR tempest.test
File "/usr/lib/python3.9/site-packages/urllib3/request.py", line 96, in request_encode_url
2025-12-09 11:14:24.629 29 ERROR tempest.test return self.urlopen(method, url, **extra_kw)
2025-12-09 11:14:24.629 29 ERROR tempest.test
File "/usr/lib/python3.9/site-packages/urllib3/poolmanager.py", line 376, in urlopen
2025-12-09 11:14:24.629 29 ERROR tempest.test response = conn.urlopen(method, u.request_uri, **kw)
2025-12-09 11:14:24.629 29 ERROR tempest.test
File "/usr/lib/python3.9/site-packages/urllib3/connectionpool.py", line 784, in urlopen
2025-12-09 11:14:24.629 29 ERROR tempest.test return self.urlopen(
2025-12-09 11:14:24.629 29 ERROR tempest.test
File "/usr/lib/python3.9/site-packages/urllib3/connectionpool.py", line 784, in urlopen
2025-12-09 11:14:24.629 29 ERROR tempest.test return self.urlopen(
2025-12-09 11:14:24.629 29 ERROR tempest.test
