Feb 27 17:45:34 standalone container-server[126994]: 172.20.0.100 - - [27/Feb/2026:17:45:34 +0000] "HEAD /d1/97/AUTH_e4137b801196407a869686393657fbb9/gnocchi.8c5aabb2-cba2-4a16-af23-db005355177a" 204 - "HEAD http://172.18.0.2:8080/v1/AUTH_e4137b801196407a869686393657fbb9/gnocchi.8c5aabb2-cba2-4a16-af23-db005355177a?format=json&states=listing" "tx7a3b59e7c7844e1ba7b06-0069a1d83e" "proxy-server 20" 0.0014 "-" 20 0
Feb 27 17:45:34 standalone proxy-server[129194]: - - 27/Feb/2026/17/45/34 HEAD /v1/AUTH_e4137b801196407a869686393657fbb9/gnocchi.8c5aabb2-cba2-4a16-af23-db005355177a%3Fformat%3Djson%26states%3Dlisting HTTP/1.0 204 - Swift - - - - tx7a3b59e7c7844e1ba7b06-0069a1d83e - 0.0050 RL - 1772214334.464476824 1772214334.469451427 0
Feb 27 17:45:34 standalone container-server[126995]: 172.20.0.100 - - [27/Feb/2026:17:45:34 +0000] "GET /d1/97/AUTH_e4137b801196407a869686393657fbb9/gnocchi.8c5aabb2-cba2-4a16-af23-db005355177a" 200 2 "GET http://172.18.0.2:8080/v1/AUTH_e4137b801196407a869686393657fbb9/gnocchi.8c5aabb2-cba2-4a16-af23-db005355177a?format=json&states=listing" "tx7a3b59e7c7844e1ba7b06-0069a1d83e" "proxy-server 20" 0.0021 "-" 21 0
Feb 27 17:45:34 standalone proxy-server[129194]: 172.18.0.2 172.18.0.100 27/Feb/2026/17/45/34 GET /v1/AUTH_e4137b801196407a869686393657fbb9/gnocchi.8c5aabb2-cba2-4a16-af23-db005355177a%3Fformat%3Djson%26states%3Dlisting HTTP/1.0 200 - python-swiftclient-3.11.1 gAAAAABpodfMV9bR... - 2 - tx7a3b59e7c7844e1ba7b06-0069a1d83e - 0.0141 - - 1772214334.463342667 1772214334.477430820 0
Feb 27 17:45:34 standalone object-server[127148]: 172.20.0.100 - - [27/Feb/2026:17:45:34 +0000] "GET /d1/59/AUTH_e4137b801196407a869686393657fbb9/gnocchi.8c5aabb2-cba2-4a16-af23-db005355177a/1771200000.0_mean_300.0_v3" 404 70 "GET http://172.18.0.2:8080/v1/AUTH_e4137b801196407a869686393657fbb9/gnocchi.8c5aabb2-cba2-4a16-af23-db005355177a/1771200000.0_mean_300.0_v3" "tx90aa2c028edb4a8585ac2-0069a1d83e" "proxy-server 20" 0.0005 "-" 24 0
Feb 27 17:45:34 standalone proxy-server[129194]: 172.18.0.2 172.18.0.100 27/Feb/2026/17/45/34 GET /v1/AUTH_e4137b801196407a869686393657fbb9/gnocchi.8c5aabb2-cba2-4a16-af23-db005355177a/1771200000.0_mean_300.0_v3 HTTP/1.0 404 - python-swiftclient-3.11.1 gAAAAABpodfMV9bR... - 70 - tx90aa2c028edb4a8585ac2-0069a1d83e - 0.0055 - - 1772214334.481408596 1772214334.486957788 0
Feb 27 17:45:34 standalone container-server[126994]: 172.20.0.100 - - [27/Feb/2026:17:45:34 +0000] "PUT /d1/97/AUTH_e4137b801196407a869686393657fbb9/gnocchi.8c5aabb2-cba2-4a16-af23-db005355177a/1771200000.0_mean_300.0_v3" 201 - "PUT http://172.18.0.2:8080/d1/59/AUTH_e4137b801196407a869686393657fbb9/gnocchi.8c5aabb2-cba2-4a16-af23-db005355177a/1771200000.0_mean_300.0_v3" "txf964e4b6d5d447b781cca-0069a1d83e" "object-server 22" 0.0007 "-" 20 0
Feb 27 17:45:34 standalone object-server[127146]: 172.20.0.100 - - [27/Feb/2026:17:45:34 +0000] "PUT /d1/59/AUTH_e4137b801196407a869686393657fbb9/gnocchi.8c5aabb2-cba2-4a16-af23-db005355177a/1771200000.0_mean_300.0_v3" 201 - "PUT http://172.18.0.2:8080/v1/AUTH_e4137b801196407a869686393657fbb9/gnocchi.8c5aabb2-cba2-4a16-af23-db005355177a/1771200000.0_mean_300.0_v3" "txf964e4b6d5d447b781cca-0069a1d83e" "proxy-server 20" 0.0111 "-" 22 0
Feb 27 17:45:34 standalone proxy-server[129194]: 172.18.0.2 172.18.0.100 27/Feb/2026/17/45/34 PUT /v1/AUTH_e4137b801196407a869686393657fbb9/gnocchi.8c5aabb2-cba2-4a16-af23-db005355177a/1771200000.0_mean_300.0_v3 HTTP/1.0 201 - python-swiftclient-3.11.1 gAAAAABpodfMV9bR... 16 - - txf964e4b6d5d447b781cca-0069a1d83e - 0.0179 - - 1772214334.489732504 1772214334.507639408 0
Feb 27 17:45:34 standalone container-server[126994]: 172.20.0.100 - - [27/Feb/2026:17:45:34 +0000] "PUT /d1/97/AUTH_e4137b801196407a869686393657fbb9/gnocchi.8c5aabb2-cba2-4a16-af23-db005355177a/none_v3" 201 - "PUT http://172.18.0.2:8080/d1/633/AUTH_e4137b801196407a869686393657fbb9/gnocchi.8c5aabb2-cba2-4a16-af23-db005355177a/none_v3" "txb9b8442f64df447894a9f-0069a1d83e" "object-server 23" 0.0004 "-" 20 0
Feb 27 17:45:34 standalone object-server[127147]: 172.20.0.100 - - [27/Feb/2026:17:45:34 +0000] "PUT /d1/633/AUTH_e4137b801196407a869686393657fbb9/gnocchi.8c5aabb2-cba2-4a16-af23-db005355177a/none_v3" 201 - "PUT http://172.18.0.2:8080/v1/AUTH_e4137b801196407a869686393657fbb9/gnocchi.8c5aabb2-cba2-4a16-af23-db005355177a/none_v3" "txb9b8442f64df447894a9f-0069a1d83e" "proxy-server 20" 0.0074 "-" 23 0
Feb 27 17:45:34 standalone proxy-server[129194]: 172.18.0.2 172.18.0.100 27/Feb/2026/17/45/34 PUT /v1/AUTH_e4137b801196407a869686393657fbb9/gnocchi.8c5aabb2-cba2-4a16-af23-db005355177a/none_v3 HTTP/1.0 201 - python-swiftclient-3.11.1 gAAAAABpodfMV9bR... 22 - - txb9b8442f64df447894a9f-0069a1d83e - 0.0136 - - 1772214334.510797262 1772214334.524392843 0
Feb 27 17:45:35 standalone object-server[127147]: 172.20.0.100 - - [27/Feb/2026:17:45:35 +0000] "GET /d1/633/AUTH_e4137b801196407a869686393657fbb9/gnocchi.8c5aabb2-cba2-4a16-af23-db005355177a/none_v3" 200 22 "GET http://172.18.0.2:8080/v1/AUTH_e4137b801196407a869686393657fbb9/gnocchi.8c5aabb2-cba2-4a16-af23-db005355177a/none_v3" "tx8f04e5c6b5af4b9fb5c0d-0069a1d83f" "proxy-server 20" 0.0009 "-" 23 0
Feb 27 17:45:35 standalone proxy-server[129194]: 172.18.0.2 172.18.0.100 27/Feb/2026/17/45/35 GET /v1/AUTH_e4137b801196407a869686393657fbb9/gnocchi.8c5aabb2-cba2-4a16-af23-db005355177a/none_v3 HTTP/1.0 200 - python-swiftclient-3.11.1 gAAAAABpodfMV9bR... - 22 - tx8f04e5c6b5af4b9fb5c0d-0069a1d83f - 0.0070 - - 1772214335.515457392 1772214335.522479296 0
Feb 27 17:45:35 standalone container-server[126999]: 172.20.0.100 - - [27/Feb/2026:17:45:35 +0000] "GET /d1/97/AUTH_e4137b801196407a869686393657fbb9/gnocchi.8c5aabb2-cba2-4a16-af23-db005355177a" 200 357 "GET http://172.18.0.2:8080/v1/AUTH_e4137b801196407a869686393657fbb9/gnocchi.8c5aabb2-cba2-4a16-af23-db005355177a?format=json&states=listing" "tx8c13e284a10843d6b71c4-0069a1d83f" "proxy-server 20" 0.0623 "-" 23 0
Feb 27 17:45:35 standalone proxy-server[129194]: 172.18.0.2 172.18.0.100 27/Feb/2026/17/45/35 GET /v1/AUTH_e4137b801196407a869686393657fbb9/gnocchi.8c5aabb2-cba2-4a16-af23-db005355177a%3Fformat%3Djson%26states%3Dlisting HTTP/1.0 200 - python-swiftclient-3.11.1 gAAAAABpodfMV9bR... - 357 - tx8c13e284a10843d6b71c4-0069a1d83f - 0.0683 - - 1772214335.525564194 1772214335.593901873 0
Feb 27 17:45:35 standalone container-server[126994]: 172.20.0.100 - - [27/Feb/2026:17:45:35 +0000] "GET /d1/97/AUTH_e4137b801196407a869686393657fbb9/gnocchi.8c5aabb2-cba2-4a16-af23-db005355177a" 200 2 "GET http://172.18.0.2:8080/v1/AUTH_e4137b801196407a869686393657fbb9/gnocchi.8c5aabb2-cba2-4a16-af23-db005355177a?format=json&marker=none_v3&states=listing" "txa7543cc8da7646f88a527-0069a1d83f" "proxy-server 20" 0.0025 "-" 20 0
Feb 27 17:45:35 standalone proxy-server[129194]: 172.18.0.2 172.18.0.100 27/Feb/2026/17/45/35 GET /v1/AUTH_e4137b801196407a869686393657fbb9/gnocchi.8c5aabb2-cba2-4a16-af23-db005355177a%3Fformat%3Djson%26marker%3Dnone_v3%26states%3Dlisting HTTP/1.0 200 - python-swiftclient-3.11.1 gAAAAABpodfMV9bR... - 2 - txa7543cc8da7646f88a527-0069a1d83f - 0.0078 - - 1772214335.596985340 1772214335.604757071 0
Feb 27 17:45:35 standalone object-server[127146]: 172.20.0.100 - - [27/Feb/2026:17:45:35 +0000] "GET /d1/59/AUTH_e4137b801196407a869686393657fbb9/gnocchi.8c5aabb2-cba2-4a16-af23-db005355177a/1771200000.0_mean_300.0_v3" 200 16 "GET http://172.18.0.2:8080/v1/AUTH_e4137b801196407a869686393657fbb9/gnocchi.8c5aabb2-cba2-4a16-af23-db005355177a/1771200000.0_mean_300.0_v3" "txed24a31dd8244050a13b8-0069a1d83f" "proxy-server 20" 0.0006 "-" 22 0
Feb 27 17:45:35 standalone proxy-server[129194]: 172.18.0.2 172.18.0.100 27/Feb/2026/17/45/35 GET /v1/AUTH_e4137b801196407a869686393657fbb9/gnocchi.8c5aabb2-cba2-4a16-af23-db005355177a/1771200000.0_mean_300.0_v3 HTTP/1.0 200 - python-swiftclient-3.11.1 gAAAAABpodfMV9bR... - 16 - txed24a31dd8244050a13b8-0069a1d83f - 0.0100 - - 1772214335.607867718 1772214335.617853880 0
Feb 27 17:45:35 standalone container-server[126999]: 172.20.0.100 - - [27/Feb/2026:17:45:35 +0000] "PUT /d1/97/AUTH_e4137b801196407a869686393657fbb9/gnocchi.8c5aabb2-cba2-4a16-af23-db005355177a/1771200000.0_mean_300.0_v3" 201 - "PUT http://172.18.0.2:8080/d1/59/AUTH_e4137b801196407a869686393657fbb9/gnocchi.8c5aabb2-cba2-4a16-af23-db005355177a/1771200000.0_mean_300.0_v3" "tx35f042e8de6549b49cc7c-0069a1d83f" "object-server 25" 0.0005 "-" 23 0
Feb 27 17:45:35 standalone object-server[127149]: 172.20.0.100 - - [27/Feb/2026:17:45:35 +0000] "PUT /d1/59/AUTH_e4137b801196407a869686393657fbb9/gnocchi.8c5aabb2-cba2-4a16-af23-db005355177a/1771200000.0_mean_300.0_v3" 201 - "PUT http://172.18.0.2:8080/v1/AUTH_e4137b801196407a869686393657fbb9/gnocchi.8c5aabb2-cba2-4a16-af23-db005355177a/1771200000.0_mean_300.0_v3" "tx35f042e8de6549b49cc7c-0069a1d83f" "proxy-server 20" 0.0163 "-" 25 0
Feb 27 17:45:35 standalone proxy-server[129194]: 172.18.0.2 172.18.0.100 27/Feb/2026/17/45/35 PUT /v1/AUTH_e4137b801196407a869686393657fbb9/gnocchi.8c5aabb2-cba2-4a16-af23-db005355177a/1771200000.0_mean_300.0_v3 HTTP/1.0 201 - python-swiftclient-3.11.1 gAAAAABpodfMV9bR... 16 - - tx35f042e8de6549b49cc7c-0069a1d83f - 0.0206 - - 1772214335.620262384 1772214335.640828609 0
Feb 27 17:45:35 standalone container-server[126995]: 172.20.0.100 - - [27/Feb/2026:17:45:35 +0000] "PUT /d1/97/AUTH_e4137b801196407a869686393657fbb9/gnocchi.8c5aabb2-cba2-4a16-af23-db005355177a/none_v3" 201 - "PUT http://172.18.0.2:8080/d1/633/AUTH_e4137b801196407a869686393657fbb9/gnocchi.8c5aabb2-cba2-4a16-af23-db005355177a/none_v3" "tx694c8843e9864723b122a-0069a1d83f" "object-server 25" 0.0010 "-" 21 0
Feb 27 17:45:35 standalone object-server[127149]: 172.20.0.100 - - [27/Feb/2026:17:45:35 +0000] "PUT /d1/633/AUTH_e4137b801196407a869686393657fbb9/gnocchi.8c5aabb2-cba2-4a16-af23-db005355177a/none_v3" 201 - "PUT http://172.18.0.2:8080/v1/AUTH_e4137b801196407a869686393657fbb9/gnocchi.8c5aabb2-cba2-4a16-af23-db005355177a/none_v3" "tx694c8843e9864723b122a-0069a1d83f" "proxy-server 20" 0.0202 "-" 25 0
Feb 27 17:45:35 standalone proxy-server[129194]: 172.18.0.2 172.18.0.100 27/Feb/2026/17/45/35 PUT /v1/AUTH_e4137b801196407a869686393657fbb9/gnocchi.8c5aabb2-cba2-4a16-af23-db005355177a/none_v3 HTTP/1.0 201 - python-swiftclient-3.11.1 gAAAAABpodfMV9bR... 31 - - tx694c8843e9864723b122a-0069a1d83f - 0.0245 - - 1772214335.645255089 1772214335.669726610 0
Feb 27 17:45:44 standalone object-server[127148]: 172.20.0.100 - - [27/Feb/2026:17:45:44 +0000] "GET /d1/778/AUTH_e4137b801196407a869686393657fbb9/gnocchi.42999546-f3e5-488a-8df4-233e83e069f3/none_v3" 200 32 "GET http://172.18.0.2:8080/v1/AUTH_e4137b801196407a869686393657fbb9/gnocchi.42999546-f3e5-488a-8df4-233e83e069f3/none_v3" "tx605738ffdf014030817f2-0069a1d848" "proxy-server 20" 0.0011 "-" 24 0
Feb 27 17:45:44 standalone proxy-server[129194]: 172.18.0.2 172.18.0.100 27/Feb/2026/17/45/44 GET /v1/AUTH_e4137b801196407a869686393657fbb9/gnocchi.42999546-f3e5-488a-8df4-233e83e069f3/none_v3 HTTP/1.0 200 - python-swiftclient-3.11.1 gAAAAABpodfMV9bR... - 32 - tx605738ffdf014030817f2-0069a1d848 - 0.0089 - - 1772214344.243204117 1772214344.252074480 0
Feb 27 17:45:44 standalone container-server[126994]: 172.20.0.100 - - [27/Feb/2026:17:45:44 +0000] "GET /d1/792/AUTH_e4137b801196407a869686393657fbb9/gnocchi.42999546-f3e5-488a-8df4-233e83e069f3" 200 357 "GET http://172.18.0.2:8080/v1/AUTH_e4137b801196407a869686393657fbb9/gnocchi.42999546-f3e5-488a-8df4-233e83e069f3?format=json&states=listing" "txa9e6660eeea947bdb1e96-0069a1d848" "proxy-server 20" 0.0108 "-" 20 0
Feb 27 17:45:44 standalone proxy-server[129194]: 172.18.0.2 172.18.0.100 27/Feb/2026/17/45/44 GET /v1/AUTH_e4137b801196407a869686393657fbb9/gnocchi.42999546-f3e5-488a-8df4-233e83e069f3%3Fformat%3Djson%26states%3Dlisting HTTP/1.0 200 - python-swiftclient-3.11.1 gAAAAABpodfMV9bR... - 357 - txa9e6660eeea947bdb1e96-0069a1d848 - 0.0210 - - 1772214344.257340908 1772214344.278332949 0
Feb 27 17:45:44 standalone container-server[126999]: 172.20.0.100 - - [27/Feb/2026:17:45:44 +0000] "GET /d1/792/AUTH_e4137b801196407a869686393657fbb9/gnocchi.42999546-f3e5-488a-8df4-233e83e069f3" 200 2 "GET http://172.18.0.2:8080/v1/AUTH_e4137b801196407a869686393657fbb9/gnocchi.42999546-f3e5-488a-8df4-233e83e069f3?format=json&marker=none_v3&states=listing" "txb1ce7661eef24ce5b9cb0-0069a1d848" "proxy-server 20" 0.0019 "-" 23 0
Feb 27 17:45:44 standalone proxy-server[129194]: 172.18.0.2 172.18.0.100 27/Feb/2026/17/45/44 GET /v1/AUTH_e4137b801196407a869686393657fbb9/gnocchi.42999546-f3e5-488a-8df4-233e83e069f3%3Fformat%3Djson%26marker%3Dnone_v3%26states%3Dlisting HTTP/1.0 200 - python-swiftclient-3.11.1 gAAAAABpodfMV9bR... - 2 - txb1ce7661eef24ce5b9cb0-0069a1d848 - 0.0105 - - 1772214344.283014774 1772214344.293534279 0
Feb 27 17:45:44 standalone object-server[127148]: 172.20.0.100 - - [27/Feb/2026:17:45:44 +0000] "GET /d1/399/AUTH_e4137b801196407a869686393657fbb9/gnocchi.42999546-f3e5-488a-8df4-233e83e069f3/1771200000.0_mean_300.0_v3" 200 16 "GET http://172.18.0.2:8080/v1/AUTH_e4137b801196407a869686393657fbb9/gnocchi.42999546-f3e5-488a-8df4-233e83e069f3/1771200000.0_mean_300.0_v3" "txbc3f7413fb884b1382f7b-0069a1d848" "proxy-server 20" 0.0008 "-" 24 0
Feb 27 17:45:44 standalone proxy-server[129194]: 172.18.0.2 172.18.0.100 27/Feb/2026/17/45/44 GET /v1/AUTH_e4137b801196407a869686393657fbb9/gnocchi.42999546-f3e5-488a-8df4-233e83e069f3/1771200000.0_mean_300.0_v3 HTTP/1.0 200 - python-swiftclient-3.11.1 gAAAAABpodfMV9bR... - 16 - txbc3f7413fb884b1382f7b-0069a1d848 - 0.0109 - - 1772214344.298287153 1772214344.309138536 0
Feb 27 17:45:44 standalone container-server[126999]: 172.20.0.100 - - [27/Feb/2026:17:45:44 +0000] "PUT /d1/792/AUTH_e4137b801196407a869686393657fbb9/gnocchi.42999546-f3e5-488a-8df4-233e83e069f3/1771200000.0_mean_300.0_v3" 201 - "PUT http://172.18.0.2:8080/d1/399/AUTH_e4137b801196407a869686393657fbb9/gnocchi.42999546-f3e5-488a-8df4-233e83e069f3/1771200000.0_mean_300.0_v3" "txec7e185ac1004d85bbe49-0069a1d848" "object-server 23" 0.0010 "-" 23 0
Feb 27 17:45:44 standalone object-server[127147]: 172.20.0.100 - - [27/Feb/2026:17:45:44 +0000] "PUT /d1/399/AUTH_e4137b801196407a869686393657fbb9/gnocchi.42999546-f3e5-488a-8df4-233e83e069f3/1771200000.0_mean_300.0_v3" 201 - "PUT http://172.18.0.2:8080/v1/AUTH_e4137b801196407a869686393657fbb9/gnocchi.42999546-f3e5-488a-8df4-233e83e069f3/1771200000.0_mean_300.0_v3" "txec7e185ac1004d85bbe49-0069a1d848" "proxy-server 20" 0.0231 "-" 23 0
Feb 27 17:45:44 standalone proxy-server[129194]: 172.18.0.2 172.18.0.100 27/Feb/2026/17/45/44 PUT /v1/AUTH_e4137b801196407a869686393657fbb9/gnocchi.42999546-f3e5-488a-8df4-233e83e069f3/1771200000.0_mean_300.0_v3 HTTP/1.0 201 - python-swiftclient-3.11.1 gAAAAABpodfMV9bR... 16 - - txec7e185ac1004d85bbe49-0069a1d848 - 0.0296 - - 1772214344.312853813 1772214344.342424870 0
Feb 27 17:45:44 standalone container-server[126999]: 172.20.0.100 - - [27/Feb/2026:17:45:44 +0000] "PUT /d1/792/AUTH_e4137b801196407a869686393657fbb9/gnocchi.42999546-f3e5-488a-8df4-233e83e069f3/none_v3" 201 - "PUT http://172.18.0.2:8080/d1/778/AUTH_e4137b801196407a869686393657fbb9/gnocchi.42999546-f3e5-488a-8df4-233e83e069f3/none_v3" "tx257c1fe115034104bbed7-0069a1d848" "object-server 24" 0.0005 "-" 23 0
Feb 27 17:45:44 standalone object-server[127148]: 172.20.0.100 - - [27/Feb/2026:17:45:44 +0000] "PUT /d1/778/AUTH_e4137b801196407a869686393657fbb9/gnocchi.42999546-f3e5-488a-8df4-233e83e069f3/none_v3" 201 - "PUT http://172.18.0.2:8080/v1/AUTH_e4137b801196407a869686393657fbb9/gnocchi.42999546-f3e5-488a-8df4-233e83e069f3/none_v3" "tx257c1fe115034104bbed7-0069a1d848" "proxy-server 20" 0.0117 "-" 24 0
Feb 27 17:45:44 standalone proxy-server[129194]: 172.18.0.2 172.18.0.100 27/Feb/2026/17/45/44 PUT /v1/AUTH_e4137b801196407a869686393657fbb9/gnocchi.42999546-f3e5-488a-8df4-233e83e069f3/none_v3 HTTP/1.0 201 - python-swiftclient-3.11.1 gAAAAABpodfMV9bR... 46 - - tx257c1fe115034104bbed7-0069a1d848 - 0.0185 - - 1772214344.346438885 1772214344.364921570 0
Feb 27 17:45:45 standalone object-server[127146]: 172.20.0.100 - - [27/Feb/2026:17:45:45 +0000] "GET /d1/778/AUTH_e4137b801196407a869686393657fbb9/gnocchi.42999546-f3e5-488a-8df4-233e83e069f3/none_v3" 200 46 "GET http://172.18.0.2:8080/v1/AUTH_e4137b801196407a869686393657fbb9/gnocchi.42999546-f3e5-488a-8df4-233e83e069f3/none_v3" "tx6ab146ce7c5742e7a3d79-0069a1d849" "proxy-server 20" 0.0008 "-" 22 0
Feb 27 17:45:45 standalone proxy-server[129194]: 172.18.0.2 172.18.0.100 27/Feb/2026/17/45/45 GET /v1/AUTH_e4137b801196407a869686393657fbb9/gnocchi.42999546-f3e5-488a-8df4-233e83e069f3/none_v3 HTTP/1.0 200 - python-swiftclient-3.11.1 gAAAAABpodfMV9bR... - 46 - tx6ab146ce7c5742e7a3d79-0069a1d849 - 0.0079 - - 1772214345.195679665 1772214345.203534842 0
Feb 27 17:45:45 standalone container-server[126999]: 172.20.0.100 - - [27/Feb/2026:17:45:45 +0000] "GET /d1/792/AUTH_e4137b801196407a869686393657fbb9/gnocchi.42999546-f3e5-488a-8df4-233e83e069f3" 200 357 "GET http://172.18.0.2:8080/v1/AUTH_e4137b801196407a869686393657fbb9/gnocchi.42999546-f3e5-488a-8df4-233e83e069f3?format=json&states=listing" "tx354b76d725814639b5723-0069a1d849" "proxy-server 20" 0.0099 "-" 23 0
Feb 27 17:45:45 standalone proxy-server[129194]: 172.18.0.2 172.18.0.100 27/Feb/2026/17/45/45 GET /v1/AUTH_e4137b801196407a869686393657fbb9/gnocchi.42999546-f3e5-488a-8df4-233e83e069f3%3Fformat%3Djson%26states%3Dlisting HTTP/1.0 200 - python-swiftclient-3.11.1 gAAAAABpodfMV9bR... - 357 - tx354b76d725814639b5723-0069a1d849 - 0.0169 - - 1772214345.206340790 1772214345.223219156 0
Feb 27 17:45:45 standalone container-server[126997]: 172.20.0.100 - - [27/Feb/2026:17:45:45 +0000] "GET /d1/792/AUTH_e4137b801196407a869686393657fbb9/gnocchi.42999546-f3e5-488a-8df4-233e83e069f3" 200 2 "GET http://172.18.0.2:8080/v1/AUTH_e4137b801196407a869686393657fbb9/gnocchi.42999546-f3e5-488a-8df4-233e83e069f3?format=json&marker=none_v3&states=listing" "txee16227d4c024f9aa72ce-0069a1d849" "proxy-server 20" 0.0023 "-" 22 0
Feb 27 17:45:45 standalone proxy-server[129194]: 172.18.0.2 172.18.0.100 27/Feb/2026/17/45/45 GET /v1/AUTH_e4137b801196407a869686393657fbb9/gnocchi.42999546-f3e5-488a-8df4-233e83e069f3%3Fformat%3Djson%26marker%3Dnone_v3%26states%3Dlisting HTTP/1.0 200 - python-swiftclient-3.11.1 gAAAAABpodfMV9bR... - 2 - txee16227d4c024f9aa72ce-0069a1d849 - 0.0074 - - 1772214345.225498915 1772214345.232894182 0
Feb 27 17:45:45 standalone object-server[127147]: 172.20.0.100 - - [27/Feb/2026:17:45:45 +0000] "GET /d1/399/AUTH_e4137b801196407a869686393657fbb9/gnocchi.42999546-f3e5-488a-8df4-233e83e069f3/1771200000.0_mean_300.0_v3" 200 16 "GET http://172.18.0.2:8080/v1/AUTH_e4137b801196407a869686393657fbb9/gnocchi.42999546-f3e5-488a-8df4-233e83e069f3/1771200000.0_mean_300.0_v3" "tx5c45afbc7f8f4ff5bcbae-0069a1d849" "proxy-server 20" 0.0006 "-" 23 0
Feb 27 17:45:45 standalone proxy-server[129194]: 172.18.0.2 172.18.0.100 27/Feb/2026/17/45/45 GET /v1/AUTH_e4137b801196407a869686393657fbb9/gnocchi.42999546-f3e5-488a-8df4-233e83e069f3/1771200000.0_mean_300.0_v3 HTTP/1.0 200 - python-swiftclient-3.11.1 gAAAAABpodfMV9bR... - 16 - tx5c45afbc7f8f4ff5bcbae-0069a1d849 - 0.0050 - - 1772214345.235255718 1772214345.240212440 0
Feb 27 17:45:45 standalone container-server[126995]: 172.20.0.100 - - [27/Feb/2026:17:45:45 +0000] "PUT /d1/792/AUTH_e4137b801196407a869686393657fbb9/gnocchi.42999546-f3e5-488a-8df4-233e83e069f3/1771200000.0_mean_300.0_v3" 201 - "PUT http://172.18.0.2:8080/d1/399/AUTH_e4137b801196407a869686393657fbb9/gnocchi.42999546-f3e5-488a-8df4-233e83e069f3/1771200000.0_mean_300.0_v3" "tx97bd08f8b7d74add94c34-0069a1d849" "object-server 25" 0.0005 "-" 21 0
Feb 27 17:45:45 standalone object-server[127149]: 172.20.0.100 - - [27/Feb/2026:17:45:45 +0000] "PUT /d1/399/AUTH_e4137b801196407a869686393657fbb9/gnocchi.42999546-f3e5-488a-8df4-233e83e069f3/1771200000.0_mean_300.0_v3" 201 - "PUT http://172.18.0.2:8080/v1/AUTH_e4137b801196407a869686393657fbb9/gnocchi.42999546-f3e5-488a-8df4-233e83e069f3/1771200000.0_mean_300.0_v3" "tx97bd08f8b7d74add94c34-0069a1d849" "proxy-server 20" 0.0083 "-" 25 0
Feb 27 17:45:45 standalone proxy-server[129194]: 172.18.0.2 172.18.0.100 27/Feb/2026/17/45/45 PUT /v1/AUTH_e4137b801196407a869686393657fbb9/gnocchi.42999546-f3e5-488a-8df4-233e83e069f3/1771200000.0_mean_300.0_v3 HTTP/1.0 201 - python-swiftclient-3.11.1 gAAAAABpodfMV9bR... 16 - - tx97bd08f8b7d74add94c34-0069a1d849 - 0.0124 - - 1772214345.242086649 1772214345.254513979 0
Feb 27 17:45:45 standalone container-server[126995]: 172.20.0.100 - - [27/Feb/2026:17:45:45 +0000] "PUT /d1/792/AUTH_e4137b801196407a869686393657fbb9/gnocchi.42999546-f3e5-488a-8df4-233e83e069f3/none_v3" 201 - "PUT http://172.18.0.2:8080/d1/778/AUTH_e4137b801196407a869686393657fbb9/gnocchi.42999546-f3e5-488a-8df4-233e83e069f3/none_v3" "txca5b61c381d14ee8b4169-0069a1d849" "object-server 25" 0.0004 "-" 21 0
Feb 27 17:45:45 standalone object-server[127149]: 172.20.0.100 - - [27/Feb/2026:17:45:45 +0000] "PUT /d1/778/AUTH_e4137b801196407a869686393657fbb9/gnocchi.42999546-f3e5-488a-8df4-233e83e069f3/none_v3" 201 - "PUT http://172.18.0.2:8080/v1/AUTH_e4137b801196407a869686393657fbb9/gnocchi.42999546-f3e5-488a-8df4-233e83e069f3/none_v3" "txca5b61c381d14ee8b4169-0069a1d849" "proxy-server 20" 0.0069 "-" 25 0
Feb 27 17:45:45 standalone proxy-server[129194]: 172.18.0.2 172.18.0.100 27/Feb/2026/17/45/45 PUT /v1/AUTH_e4137b801196407a869686393657fbb9/gnocchi.42999546-f3e5-488a-8df4-233e83e069f3/none_v3 HTTP/1.0 201 - python-swiftclient-3.11.1 gAAAAABpodfMV9bR... 51 - - txca5b61c381d14ee8b4169-0069a1d849 - 0.0107 - - 1772214345.256592989 1772214345.267255783 0
Feb 27 17:45:45 standalone object-server[127149]: 172.20.0.100 - - [27/Feb/2026:17:45:45 +0000] "GET /d1/641/AUTH_e4137b801196407a869686393657fbb9/gnocchi.e5ea8c7e-641c-4978-a347-cdaf2d2adfee/none_v3" 200 22 "GET http://172.18.0.2:8080/v1/AUTH_e4137b801196407a869686393657fbb9/gnocchi.e5ea8c7e-641c-4978-a347-cdaf2d2adfee/none_v3" "tx1ad43697a40b4520aeca3-0069a1d849" "proxy-server 20" 0.0007 "-" 25 0
Feb 27 17:45:45 standalone proxy-server[129194]: 172.18.0.2 172.18.0.100 27/Feb/2026/17/45/45 GET /v1/AUTH_e4137b801196407a869686393657fbb9/gnocchi.e5ea8c7e-641c-4978-a347-cdaf2d2adfee/none_v3 HTTP/1.0 200 - python-swiftclient-3.11.1 gAAAAABpodfMV9bR... - 22 - tx1ad43697a40b4520aeca3-0069a1d849 - 0.0085 - - 1772214345.274898529 1772214345.283442497 0
Feb 27 17:45:45 standalone container-server[126999]: 172.20.0.100 - - [27/Feb/2026:17:45:45 +0000] "GET /d1/98/AUTH_e4137b801196407a869686393657fbb9/gnocchi.e5ea8c7e-641c-4978-a347-cdaf2d2adfee" 200 357 "GET http://172.18.0.2:8080/v1/AUTH_e4137b801196407a869686393657fbb9/gnocchi.e5ea8c7e-641c-4978-a347-cdaf2d2adfee?format=json&states=listing" "tx1bc8493a905a4a34a4637-0069a1d849" "proxy-server 20" 0.0068 "-" 23 0
Feb 27 17:45:45 standalone proxy-server[129194]: 172.18.0.2 172.18.0.100 27/Feb/2026/17/45/45 GET /v1/AUTH_e4137b801196407a869686393657fbb9/gnocchi.e5ea8c7e-641c-4978-a347-cdaf2d2adfee%3Fformat%3Djson%26states%3Dlisting HTTP/1.0 200 - python-swiftclient-3.11.1 gAAAAABpodfMV9bR... - 357 - tx1bc8493a905a4a34a4637-0069a1d849 - 0.0117 - - 1772214345.285938501 1772214345.297604561 0
Feb 27 17:45:45 standalone container-server[126995]: 172.20.0.100 - - [27/Feb/2026:17:45:45 +0000] "GET /d1/98/AUTH_e4137b801196407a869686393657fbb9/gnocchi.e5ea8c7e-641c-4978-a347-cdaf2d2adfee" 200 2 "GET http://172.18.0.2:8080/v1/AUTH_e4137b801196407a869686393657fbb9/gnocchi.e5ea8c7e-641c-4978-a347-cdaf2d2adfee?format=json&marker=none_v3&states=listing" "txb5793b6e1e6445348d689-0069a1d849" "proxy-server 20" 0.0018 "-" 21 0
Feb 27 17:45:45 standalone proxy-server[129194]: 172.18.0.2 172.18.0.100 27/Feb/2026/17/45/45 GET /v1/AUTH_e4137b801196407a869686393657fbb9/gnocchi.e5ea8c7e-641c-4978-a347-cdaf2d2adfee%3Fformat%3Djson%26marker%3Dnone_v3%26states%3Dlisting HTTP/1.0 200 - python-swiftclient-3.11.1 gAAAAABpodfMV9bR... - 2 - txb5793b6e1e6445348d689-0069a1d849 - 0.0067 - - 1772214345.299328089 1772214345.305999756 0
Feb 27 17:45:45 standalone object-server[127149]: 172.20.0.100 - - [27/Feb/2026:17:45:45 +0000] "GET /d1/716/AUTH_e4137b801196407a869686393657fbb9/gnocchi.e5ea8c7e-641c-4978-a347-cdaf2d2adfee/1771200000.0_mean_300.0_v3" 200 16 "GET http://172.18.0.2:8080/v1/AUTH_e4137b801196407a869686393657fbb9/gnocchi.e5ea8c7e-641c-4978-a347-cdaf2d2adfee/1771200000.0_mean_300.0_v3" "tx462483a26a934a1291c66-0069a1d849" "proxy-server 20" 0.0006 "-" 25 0
Feb 27 17:45:45 standalone proxy-server[129194]: 172.18.0.2 172.18.0.100 27/Feb/2026/17/45/45 GET /v1/AUTH_e4137b801196407a869686393657fbb9/gnocchi.e5ea8c7e-641c-4978-a347-cdaf2d2adfee/1771200000.0_mean_300.0_v3 HTTP/1.0 200 - python-swiftclient-3.11.1 gAAAAABpodfMV9bR... - 16 - tx462483a26a934a1291c66-0069a1d849 - 0.0046 - - 1772214345.308201075 1772214345.312803745 0
Feb 27 17:45:45 standalone container-server[126997]: 172.20.0.100 - - [27/Feb/2026:17:45:45 +0000] "PUT /d1/98/AUTH_e4137b801196407a869686393657fbb9/gnocchi.e5ea8c7e-641c-4978-a347-cdaf2d2adfee/1771200000.0_mean_300.0_v3" 201 - "PUT http://172.18.0.2:8080/d1/716/AUTH_e4137b801196407a869686393657fbb9/gnocchi.e5ea8c7e-641c-4978-a347-cdaf2d2adfee/1771200000.0_mean_300.0_v3" "tx02e805db7c24477f9f3e4-0069a1d849" "object-server 24" 0.0005 "-" 22 0
Feb 27 17:45:45 standalone object-server[127148]: 172.20.0.100 - - [27/Feb/2026:17:45:45 +0000] "PUT /d1/716/AUTH_e4137b801196407a869686393657fbb9/gnocchi.e5ea8c7e-641c-4978-a347-cdaf2d2adfee/1771200000.0_mean_300.0_v3" 201 - "PUT http://172.18.0.2:8080/v1/AUTH_e4137b801196407a869686393657fbb9/gnocchi.e5ea8c7e-641c-4978-a347-cdaf2d2adfee/1771200000.0_mean_300.0_v3" "tx02e805db7c24477f9f3e4-0069a1d849" "proxy-server 20" 0.0070 "-" 24 0
Feb 27 17:45:45 standalone proxy-server[129194]: 172.18.0.2 172.18.0.100 27/Feb/2026/17/45/45 PUT /v1/AUTH_e4137b801196407a869686393657fbb9/gnocchi.e5ea8c7e-641c-4978-a347-cdaf2d2adfee/1771200000.0_mean_300.0_v3 HTTP/1.0 201 - python-swiftclient-3.11.1 gAAAAABpodfMV9bR... 23 - - tx02e805db7c24477f9f3e4-0069a1d849 - 0.0107 - - 1772214345.314693689 1772214345.325366735 0
Feb 27 17:45:45 standalone container-server[126994]: 172.20.0.100 - - [27/Feb/2026:17:45:45 +0000] "PUT /d1/98/AUTH_e4137b801196407a869686393657fbb9/gnocchi.e5ea8c7e-641c-4978-a347-cdaf2d2adfee/none_v3" 201 - "PUT http://172.18.0.2:8080/d1/641/AUTH_e4137b801196407a869686393657fbb9/gnocchi.e5ea8c7e-641c-4978-a347-cdaf2d2adfee/none_v3" "tx36394110496646ae9bb3f-0069a1d849" "object-server 22" 0.0009 "-" 20 0
Feb 27 17:45:45 standalone object-server[127146]: 172.20.0.100 - - [27/Feb/2026:17:45:45 +0000] "PUT /d1/641/AUTH_e4137b801196407a869686393657fbb9/gnocchi.e5ea8c7e-641c-4978-a347-cdaf2d2adfee/none_v3" 201 - "PUT http://172.18.0.2:8080/v1/AUTH_e4137b801196407a869686393657fbb9/gnocchi.e5ea8c7e-641c-4978-a347-cdaf2d2adfee/none_v3" "tx36394110496646ae9bb3f-0069a1d849" "proxy-server 20" 0.0105 "-" 22 0
Feb 27 17:45:45 standalone proxy-server[129194]: 172.18.0.2 172.18.0.100 27/Feb/2026/17/45/45 PUT /v1/AUTH_e4137b801196407a869686393657fbb9/gnocchi.e5ea8c7e-641c-4978-a347-cdaf2d2adfee/none_v3 HTTP/1.0 201 - python-swiftclient-3.11.1 gAAAAABpodfMV9bR... 22 - - tx36394110496646ae9bb3f-0069a1d849 - 0.0146 - - 1772214345.327418089 1772214345.342028141 0
Feb 27 17:45:45 standalone object-server[127148]: 172.20.0.100 - - [27/Feb/2026:17:45:45 +0000] "GET /d1/755/AUTH_e4137b801196407a869686393657fbb9/gnocchi.7bf22392-c458-4419-b458-892468d3bd80/none_v3" 200 22 "GET http://172.18.0.2:8080/v1/AUTH_e4137b801196407a869686393657fbb9/gnocchi.7bf22392-c458-4419-b458-892468d3bd80/none_v3" "tx620c7c7cca074ffa9873c-0069a1d849" "proxy-server 20" 0.0008 "-" 24 0
Feb 27 17:45:45 standalone proxy-server[129194]: 172.18.0.2 172.18.0.100 27/Feb/2026/17/45/45 GET /v1/AUTH_e4137b801196407a869686393657fbb9/gnocchi.7bf22392-c458-4419-b458-892468d3bd80/none_v3 HTTP/1.0 200 - python-swiftclient-3.11.1 gAAAAABpodfMV9bR... - 22 - tx620c7c7cca074ffa9873c-0069a1d849 - 0.0085 - - 1772214345.348720074 1772214345.357185841 0
Feb 27 17:45:45 standalone container-server[126994]: 172.20.0.100 - - [27/Feb/2026:17:45:45 +0000] "GET /d1/847/AUTH_e4137b801196407a869686393657fbb9/gnocchi.7bf22392-c458-4419-b458-892468d3bd80" 200 357 "GET http://172.18.0.2:8080/v1/AUTH_e4137b801196407a869686393657fbb9/gnocchi.7bf22392-c458-4419-b458-892468d3bd80?format=json&states=listing" "txadf9ff2fc9f046dcbbb65-0069a1d849" "proxy-server 20" 0.0092 "-" 20 0
Feb 27 17:45:45 standalone proxy-server[129194]: 172.18.0.2 172.18.0.100 27/Feb/2026/17/45/45 GET /v1/AUTH_e4137b801196407a869686393657fbb9/gnocchi.7bf22392-c458-4419-b458-892468d3bd80%3Fformat%3Djson%26states%3Dlisting HTTP/1.0 200 - python-swiftclient-3.11.1 gAAAAABpodfMV9bR... - 357 - txadf9ff2fc9f046dcbbb65-0069a1d849 - 0.0154 - - 1772214345.359905243 1772214345.375275612 0
Feb 27 17:45:45 standalone container-server[126997]: 172.20.0.100 - - [27/Feb/2026:17:45:45 +0000] "GET /d1/847/AUTH_e4137b801196407a869686393657fbb9/gnocchi.7bf22392-c458-4419-b458-892468d3bd80" 200 2 "GET http://172.18.0.2:8080/v1/AUTH_e4137b801196407a869686393657fbb9/gnocchi.7bf22392-c458-4419-b458-892468d3bd80?format=json&marker=none_v3&states=listing" "txdbab19b7b1e44152b0da5-0069a1d849" "proxy-server 20" 0.0023 "-" 22 0
Feb 27 17:45:45 standalone proxy-server[129194]: 172.18.0.2 172.18.0.100 27/Feb/2026/17/45/45 GET /v1/AUTH_e4137b801196407a869686393657fbb9/gnocchi.7bf22392-c458-4419-b458-892468d3bd80%3Fformat%3Djson%26marker%3Dnone_v3%26states%3Dlisting HTTP/1.0 200 - python-swiftclient-3.11.1 gAAAAABpodfMV9bR... - 2 - txdbab19b7b1e44152b0da5-0069a1d849 - 0.0076 - - 1772214345.377858877 1772214345.385442972 0
Feb 27 17:45:45 standalone object-server[127146]: 172.20.0.100 - - [27/Feb/2026:17:45:45 +0000] "GET /d1/96/AUTH_e4137b801196407a869686393657fbb9/gnocchi.7bf22392-c458-4419-b458-892468d3bd80/1771200000.0_mean_300.0_v3" 200 16 "GET http://172.18.0.2:8080/v1/AUTH_e4137b801196407a869686393657fbb9/gnocchi.7bf22392-c458-4419-b458-892468d3bd80/1771200000.0_mean_300.0_v3" "tx0073f983c17644a88af3c-0069a1d849" "proxy-server 20" 0.0009 "-" 22 0
Feb 27 17:45:45 standalone proxy-server[129194]: 172.18.0.2 172.18.0.100 27/Feb/2026/17/45/45 GET /v1/AUTH_e4137b801196407a869686393657fbb9/gnocchi.7bf22392-c458-4419-b458-892468d3bd80/1771200000.0_mean_300.0_v3 HTTP/1.0 200 - python-swiftclient-3.11.1 gAAAAABpodfMV9bR... - 16 - tx0073f983c17644a88af3c-0069a1d849 - 0.0061 - - 1772214345.388033628 1772214345.394173861 0
Feb 27 17:45:45 standalone container-server[126999]: 172.20.0.100 - - [27/Feb/2026:17:45:45 +0000] "PUT /d1/847/AUTH_e4137b801196407a869686393657fbb9/gnocchi.7bf22392-c458-4419-b458-892468d3bd80/1771200000.0_mean_300.0_v3" 201 - "PUT http://172.18.0.2:8080/d1/96/AUTH_e4137b801196407a869686393657fbb9/gnocchi.7bf22392-c458-4419-b458-892468d3bd80/1771200000.0_mean_300.0_v3" "tx4d5d7ae414ae434ba6433-0069a1d849" "object-server 25" 0.0007 "-" 23 0
Feb 27 17:45:45 standalone object-server[127149]: 172.20.0.100 - - [27/Feb/2026:17:45:45 +0000] "PUT /d1/96/AUTH_e4137b801196407a869686393657fbb9/gnocchi.7bf22392-c458-4419-b458-892468d3bd80/1771200000.0_mean_300.0_v3" 201 - "PUT http://172.18.0.2:8080/v1/AUTH_e4137b801196407a869686393657fbb9/gnocchi.7bf22392-c458-4419-b458-892468d3bd80/1771200000.0_mean_300.0_v3" "tx4d5d7ae414ae434ba6433-0069a1d849" "proxy-server 20" 0.0089 "-" 25 0
Feb 27 17:45:45 standalone proxy-server[129194]: 172.18.0.2 172.18.0.100 27/Feb/2026/17/45/45 PUT /v1/AUTH_e4137b801196407a869686393657fbb9/gnocchi.7bf22392-c458-4419-b458-892468d3bd80/1771200000.0_mean_300.0_v3 HTTP/1.0 201 - python-swiftclient-3.11.1 gAAAAABpodfMV9bR... 23 - - tx4d5d7ae414ae434ba6433-0069a1d849 - 0.0150 - - 1772214345.396971703 1772214345.411942482 0
Feb 27 17:45:45 standalone container-server[126999]: 172.20.0.100 - - [27/Feb/2026:17:45:45 +0000] "PUT /d1/847/AUTH_e4137b801196407a869686393657fbb9/gnocchi.7bf22392-c458-4419-b458-892468d3bd80/none_v3" 201 - "PUT http://172.18.0.2:8080/d1/755/AUTH_e4137b801196407a869686393657fbb9/gnocchi.7bf22392-c458-4419-b458-892468d3bd80/none_v3" "tx6c474d37a9804efdae8af-0069a1d849" "object-server 25" 0.0005 "-" 23 0
Feb 27 17:45:45 standalone object-server[127149]: 172.20.0.100 - - [27/Feb/2026:17:45:45 +0000] "PUT /d1/755/AUTH_e4137b801196407a869686393657fbb9/gnocchi.7bf22392-c458-4419-b458-892468d3bd80/none_v3" 201 - "PUT http://172.18.0.2:8080/v1/AUTH_e4137b801196407a869686393657fbb9/gnocchi.7bf22392-c458-4419-b458-892468d3bd80/none_v3" "tx6c474d37a9804efdae8af-0069a1d849" "proxy-server 20" 0.0083 "-" 25 0
Feb 27 17:45:45 standalone proxy-server[129194]: 172.18.0.2 172.18.0.100 27/Feb/2026/17/45/45 PUT /v1/AUTH_e4137b801196407a869686393657fbb9/gnocchi.7bf22392-c458-4419-b458-892468d3bd80/none_v3 HTTP/1.0 201 - python-swiftclient-3.11.1 gAAAAABpodfMV9bR... 22 - - tx6c474d37a9804efdae8af-0069a1d849 - 0.0135 - - 1772214345.415873051 1772214345.429351330 0
Feb 27 17:45:45 standalone object-server[127147]: 172.20.0.100 - - [27/Feb/2026:17:45:45 +0000] "GET /d1/460/AUTH_e4137b801196407a869686393657fbb9/gnocchi.690c9b7e-979c-4a20-93ed-979bc32f6082/none_v3" 200 22 "GET http://172.18.0.2:8080/v1/AUTH_e4137b801196407a869686393657fbb9/gnocchi.690c9b7e-979c-4a20-93ed-979bc32f6082/none_v3" "tx3d978450cc024fa59a805-0069a1d849" "proxy-server 20" 0.0006 "-" 23 0
Feb 27 17:45:45 standalone proxy-server[129194]: 172.18.0.2 172.18.0.100 27/Feb/2026/17/45/45 GET /v1/AUTH_e4137b801196407a869686393657fbb9/gnocchi.690c9b7e-979c-4a20-93ed-979bc32f6082/none_v3 HTTP/1.0 200 - python-swiftclient-3.11.1 gAAAAABpodfMV9bR... - 22 - tx3d978450cc024fa59a805-0069a1d849 - 0.0067 - - 1772214345.443161488 1772214345.449845314 0
Feb 27 17:45:45 standalone container-server[126999]: 172.20.0.100 - - [27/Feb/2026:17:45:45 +0000] "GET /d1/29/AUTH_e4137b801196407a869686393657fbb9/gnocchi.690c9b7e-979c-4a20-93ed-979bc32f6082" 200 357 "GET http://172.18.0.2:8080/v1/AUTH_e4137b801196407a869686393657fbb9/gnocchi.690c9b7e-979c-4a20-93ed-979bc32f6082?format=json&states=listing" "tx3b08619476dc470b96719-0069a1d849" "proxy-server 20" 0.0132 "-" 23 0
Feb 27 17:45:45 standalone proxy-server[129194]: 172.18.0.2 172.18.0.100 27/Feb/2026/17/45/45 GET /v1/AUTH_e4137b801196407a869686393657fbb9/gnocchi.690c9b7e-979c-4a20-93ed-979bc32f6082%3Fformat%3Djson%26states%3Dlisting HTTP/1.0 200 - python-swiftclient-3.11.1 gAAAAABpodfMV9bR... - 357 - tx3b08619476dc470b96719-0069a1d849 - 0.0231 - - 1772214345.454147339 1772214345.477239847 0
Feb 27 17:45:45 standalone container-server[126995]: 172.20.0.100 - - [27/Feb/2026:17:45:45 +0000] "GET /d1/29/AUTH_e4137b801196407a869686393657fbb9/gnocchi.690c9b7e-979c-4a20-93ed-979bc32f6082" 200 2 "GET http://172.18.0.2:8080/v1/AUTH_e4137b801196407a869686393657fbb9/gnocchi.690c9b7e-979c-4a20-93ed-979bc32f6082?format=json&marker=none_v3&states=listing" "tx22f7b68e7eab4f24ba0aa-0069a1d849" "proxy-server 20" 0.0043 "-" 21 0
Feb 27 17:45:45 standalone proxy-server[129194]: 172.18.0.2 172.18.0.100 27/Feb/2026/17/45/45 GET /v1/AUTH_e4137b801196407a869686393657fbb9/gnocchi.690c9b7e-979c-4a20-93ed-979bc32f6082%3Fformat%3Djson%26marker%3Dnone_v3%26states%3Dlisting HTTP/1.0 200 - python-swiftclient-3.11.1 gAAAAABpodfMV9bR... - 2 - tx22f7b68e7eab4f24ba0aa-0069a1d849 - 0.0145 - - 1772214345.481127024 1772214345.495596886 0
Feb 27 17:45:45 standalone object-server[127146]: 172.20.0.100 - - [27/Feb/2026:17:45:45 +0000] "GET /d1/591/AUTH_e4137b801196407a869686393657fbb9/gnocchi.690c9b7e-979c-4a20-93ed-979bc32f6082/1771200000.0_mean_300.0_v3" 200 16 "GET http://172.18.0.2:8080/v1/AUTH_e4137b801196407a869686393657fbb9/gnocchi.690c9b7e-979c-4a20-93ed-979bc32f6082/1771200000.0_mean_300.0_v3" "txe4fab39bd5f046cf9c8d6-0069a1d849" "proxy-server 20" 0.0013 "-" 22 0
Feb 27 17:45:45 standalone proxy-server[129194]: 172.18.0.2 172.18.0.100 27/Feb/2026/17/45/45 GET /v1/AUTH_e4137b801196407a869686393657fbb9/gnocchi.690c9b7e-979c-4a20-93ed-979bc32f6082/1771200000.0_mean_300.0_v3 HTTP/1.0 200 - python-swiftclient-3.11.1 gAAAAABpodfMV9bR... - 16 - txe4fab39bd5f046cf9c8d6-0069a1d849 - 0.0148 - - 1772214345.503336430 1772214345.518108845 0
Feb 27 17:45:45 standalone container-server[126994]: 172.20.0.100 - - [27/Feb/2026:17:45:45 +0000] "PUT /d1/29/AUTH_e4137b801196407a869686393657fbb9/gnocchi.690c9b7e-979c-4a20-93ed-979bc32f6082/1771200000.0_mean_300.0_v3" 201 - "PUT http://172.18.0.2:8080/d1/591/AUTH_e4137b801196407a869686393657fbb9/gnocchi.690c9b7e-979c-4a20-93ed-979bc32f6082/1771200000.0_mean_300.0_v3" "tx0c6b6ef3854c4fa0a848e-0069a1d849" "object-server 23" 0.0007 "-" 20 0
Feb 27 17:45:45 standalone object-server[127147]: 172.20.0.100 - - [27/Feb/2026:17:45:45 +0000] "PUT /d1/591/AUTH_e4137b801196407a869686393657fbb9/gnocchi.690c9b7e-979c-4a20-93ed-979bc32f6082/1771200000.0_mean_300.0_v3" 201 - "PUT http://172.18.0.2:8080/v1/AUTH_e4137b801196407a869686393657fbb9/gnocchi.690c9b7e-979c-4a20-93ed-979bc32f6082/1771200000.0_mean_300.0_v3" "tx0c6b6ef3854c4fa0a848e-0069a1d849" "proxy-server 20" 0.0100 "-" 23 0
Feb 27 17:45:45 standalone proxy-server[129194]: 172.18.0.2 172.18.0.100 27/Feb/2026/17/45/45 PUT /v1/AUTH_e4137b801196407a869686393657fbb9/gnocchi.690c9b7e-979c-4a20-93ed-979bc32f6082/1771200000.0_mean_300.0_v3 HTTP/1.0 201 - python-swiftclient-3.11.1 gAAAAABpodfMV9bR... 23 - - tx0c6b6ef3854c4fa0a848e-0069a1d849 - 0.0185 - - 1772214345.521785975 1772214345.540317535 0
Feb 27 17:45:45 standalone container-server[126997]: 172.20.0.100 - - [27/Feb/2026:17:45:45 +0000] "PUT /d1/29/AUTH_e4137b801196407a869686393657fbb9/gnocchi.690c9b7e-979c-4a20-93ed-979bc32f6082/none_v3" 201 - "PUT http://172.18.0.2:8080/d1/460/AUTH_e4137b801196407a869686393657fbb9/gnocchi.690c9b7e-979c-4a20-93ed-979bc32f6082/none_v3" "tx50c093f24abe40fba8f4f-0069a1d849" "object-server 22" 0.0006 "-" 22 0
Feb 27 17:45:45 standalone object-server[127146]: 172.20.0.100 - - [27/Feb/2026:17:45:45 +0000] "PUT /d1/460/AUTH_e4137b801196407a869686393657fbb9/gnocchi.690c9b7e-979c-4a20-93ed-979bc32f6082/none_v3" 201 - "PUT http://172.18.0.2:8080/v1/AUTH_e4137b801196407a869686393657fbb9/gnocchi.690c9b7e-979c-4a20-93ed-979bc32f6082/none_v3" "tx50c093f24abe40fba8f4f-0069a1d849" "proxy-server 20" 0.0106 "-" 22 0
Feb 27 17:45:45 standalone proxy-server[129194]: 172.18.0.2 172.18.0.100 27/Feb/2026/17/45/45 PUT /v1/AUTH_e4137b801196407a869686393657fbb9/gnocchi.690c9b7e-979c-4a20-93ed-979bc32f6082/none_v3 HTTP/1.0 201 - python-swiftclient-3.11.1 gAAAAABpodfMV9bR... 22 - - tx50c093f24abe40fba8f4f-0069a1d849 - 0.0154 - - 1772214345.542787075 1772214345.558146477 0
Feb 27 17:45:45 standalone object-server[127146]: 172.20.0.100 - - [27/Feb/2026:17:45:45 +0000] "GET /d1/453/AUTH_e4137b801196407a869686393657fbb9/gnocchi.da14d7a0-af1c-43bb-932a-98a2458f386d/none_v3" 200 22 "GET http://172.18.0.2:8080/v1/AUTH_e4137b801196407a869686393657fbb9/gnocchi.da14d7a0-af1c-43bb-932a-98a2458f386d/none_v3" "tx1deac2e3ec944ad3812ba-0069a1d849" "proxy-server 20" 0.0009 "-" 22 0
Feb 27 17:45:45 standalone proxy-server[129194]: 172.18.0.2 172.18.0.100 27/Feb/2026/17/45/45 GET /v1/AUTH_e4137b801196407a869686393657fbb9/gnocchi.da14d7a0-af1c-43bb-932a-98a2458f386d/none_v3 HTTP/1.0 200 - python-swiftclient-3.11.1 gAAAAABpodfMV9bR... - 22 - tx1deac2e3ec944ad3812ba-0069a1d849 - 0.0065 - - 1772214345.570553541 1772214345.577073574 0
Feb 27 17:45:45 standalone container-server[126995]: 172.20.0.100 - - [27/Feb/2026:17:45:45 +0000] "GET /d1/799/AUTH_e4137b801196407a869686393657fbb9/gnocchi.da14d7a0-af1c-43bb-932a-98a2458f386d" 200 357 "GET http://172.18.0.2:8080/v1/AUTH_e4137b801196407a869686393657fbb9/gnocchi.da14d7a0-af1c-43bb-932a-98a2458f386d?format=json&states=listing" "tx8031eeaea1b04fc892667-0069a1d849" "proxy-server 20" 0.0165 "-" 21 0
Feb 27 17:45:45 standalone proxy-server[129194]: 172.18.0.2 172.18.0.100 27/Feb/2026/17/45/45 GET /v1/AUTH_e4137b801196407a869686393657fbb9/gnocchi.da14d7a0-af1c-43bb-932a-98a2458f386d%3Fformat%3Djson%26states%3Dlisting HTTP/1.0 200 - python-swiftclient-3.11.1 gAAAAABpodfMV9bR... - 357 - tx8031eeaea1b04fc892667-0069a1d849 - 0.0217 - - 1772214345.579852581 1772214345.601567984 0
Feb 27 17:45:45 standalone container-server[126994]: 172.20.0.100 - - [27/Feb/2026:17:45:45 +0000] "GET /d1/799/AUTH_e4137b801196407a869686393657fbb9/gnocchi.da14d7a0-af1c-43bb-932a-98a2458f386d" 200 2 "GET http://172.18.0.2:8080/v1/AUTH_e4137b801196407a869686393657fbb9/gnocchi.da14d7a0-af1c-43bb-932a-98a2458f386d?format=json&marker=none_v3&states=listing" "tx44c11afeb3cf464c87f2c-0069a1d849" "proxy-server 20" 0.0027 "-" 20 0
Feb 27 17:45:45 standalone proxy-server[129194]: 172.18.0.2 172.18.0.100 27/Feb/2026/17/45/45 GET /v1/AUTH_e4137b801196407a869686393657fbb9/gnocchi.da14d7a0-af1c-43bb-932a-98a2458f386d%3Fformat%3Djson%26marker%3Dnone_v3%26states%3Dlisting HTTP/1.0 200 - python-swiftclient-3.11.1 gAAAAABpodfMV9bR... - 2 - tx44c11afeb3cf464c87f2c-0069a1d849 - 0.0086 - - 1772214345.603962660 1772214345.612526178 0
Feb 27 17:45:45 standalone object-server[127147]: 172.20.0.100 - - [27/Feb/2026:17:45:45 +0000] "GET /d1/133/AUTH_e4137b801196407a869686393657fbb9/gnocchi.da14d7a0-af1c-43bb-932a-98a2458f386d/1771200000.0_mean_300.0_v3" 200 16 "GET http://172.18.0.2:8080/v1/AUTH_e4137b801196407a869686393657fbb9/gnocchi.da14d7a0-af1c-43bb-932a-98a2458f386d/1771200000.0_mean_300.0_v3" "txb5b16ee3f89f40658bd4f-0069a1d849" "proxy-server 20" 0.0006 "-" 23 0
Feb 27 17:45:45 standalone proxy-server[129194]: 172.18.0.2 172.18.0.100 27/Feb/2026/17/45/45 GET /v1/AUTH_e4137b801196407a869686393657fbb9/gnocchi.da14d7a0-af1c-43bb-932a-98a2458f386d/1771200000.0_mean_300.0_v3 HTTP/1.0 200 - python-swiftclient-3.11.1 gAAAAABpodfMV9bR... - 16 - txb5b16ee3f89f40658bd4f-0069a1d849 - 0.0070 - - 1772214345.616483688 1772214345.623521328 0
Feb 27 17:45:45 standalone container-server[126994]: 172.20.0.100 - - [27/Feb/2026:17:45:45 +0000] "PUT /d1/799/AUTH_e4137b801196407a869686393657fbb9/gnocchi.da14d7a0-af1c-43bb-932a-98a2458f386d/1771200000.0_mean_300.0_v3" 201 - "PUT http://172.18.0.2:8080/d1/133/AUTH_e4137b801196407a869686393657fbb9/gnocchi.da14d7a0-af1c-43bb-932a-98a2458f386d/1771200000.0_mean_300.0_v3" "txb5e1ad2b9e184e6f9d5ea-0069a1d849" "object-server 25" 0.0007 "-" 20 0
Feb 27 17:45:45 standalone object-server[127149]: 172.20.0.100 - - [27/Feb/2026:17:45:45 +0000] "PUT /d1/133/AUTH_e4137b801196407a869686393657fbb9/gnocchi.da14d7a0-af1c-43bb-932a-98a2458f386d/1771200000.0_mean_300.0_v3" 201 - "PUT http://172.18.0.2:8080/v1/AUTH_e4137b801196407a869686393657fbb9/gnocchi.da14d7a0-af1c-43bb-932a-98a2458f386d/1771200000.0_mean_300.0_v3" "txb5e1ad2b9e184e6f9d5ea-0069a1d849" "proxy-server 20" 0.0089 "-" 25 0
Feb 27 17:45:45 standalone proxy-server[129194]: 172.18.0.2 172.18.0.100 27/Feb/2026/17/45/45 PUT /v1/AUTH_e4137b801196407a869686393657fbb9/gnocchi.da14d7a0-af1c-43bb-932a-98a2458f386d/1771200000.0_mean_300.0_v3 HTTP/1.0 201 - python-swiftclient-3.11.1 gAAAAABpodfMV9bR... 23 - - txb5e1ad2b9e184e6f9d5ea-0069a1d849 - 0.0137 - - 1772214345.626387119 1772214345.640040398 0
Feb 27 17:45:45 standalone container-server[126994]: 172.20.0.100 - - [27/Feb/2026:17:45:45 +0000] "PUT /d1/799/AUTH_e4137b801196407a869686393657fbb9/gnocchi.da14d7a0-af1c-43bb-932a-98a2458f386d/none_v3" 201 - "PUT http://172.18.0.2:8080/d1/453/AUTH_e4137b801196407a869686393657fbb9/gnocchi.da14d7a0-af1c-43bb-932a-98a2458f386d/none_v3" "tx209c8e819572458d9f584-0069a1d849" "object-server 24" 0.0006 "-" 20 0
Feb 27 17:45:45 standalone object-server[127148]: 172.20.0.100 - - [27/Feb/2026:17:45:45 +0000] "PUT /d1/453/AUTH_e4137b801196407a869686393657fbb9/gnocchi.da14d7a0-af1c-43bb-932a-98a2458f386d/none_v3" 201 - "PUT http://172.18.0.2:8080/v1/AUTH_e4137b801196407a869686393657fbb9/gnocchi.da14d7a0-af1c-43bb-932a-98a2458f386d/none_v3" "tx209c8e819572458d9f584-0069a1d849" "proxy-server 20" 0.0087 "-" 24 0
Feb 27 17:45:45 standalone proxy-server[129194]: 172.18.0.2 172.18.0.100 27/Feb/2026/17/45/45 PUT /v1/AUTH_e4137b801196407a869686393657fbb9/gnocchi.da14d7a0-af1c-43bb-932a-98a2458f386d/none_v3 HTTP/1.0 201 - python-swiftclient-3.11.1 gAAAAABpodfMV9bR... 22 - - tx209c8e819572458d9f584-0069a1d849 - 0.0145 - - 1772214345.643035650 1772214345.657575369 0
Feb 27 17:45:48 standalone account-server[126880]: 172.20.0.100 - - [27/Feb/2026:17:45:48 +0000] "HEAD /d1/924/AUTH_e4137b801196407a869686393657fbb9" 204 - "HEAD http://172.18.0.2:8080/v1/AUTH_e4137b801196407a869686393657fbb9?format=json" "tx5938b1883fd84c43b0fb2-0069a1d84c" "proxy-server 20" 0.0069 "-" 14 -
Feb 27 17:45:48 standalone proxy-server[129194]: - - 27/Feb/2026/17/45/48 HEAD /v1/AUTH_e4137b801196407a869686393657fbb9%3Fformat%3Djson HTTP/1.0 204 - Swift - - - - tx5938b1883fd84c43b0fb2-0069a1d84c - 0.0124 RL - 1772214348.929905415 1772214348.942288160 -
Feb 27 17:45:48 standalone container-server[126997]: 172.20.0.100 - - [27/Feb/2026:17:45:48 +0000] "HEAD /d1/73/AUTH_e4137b801196407a869686393657fbb9/gnocchi.2473cce3-fbe9-4102-8ef6-d64d2340f2a6" 404 - "HEAD http://172.18.0.2:8080/v1/AUTH_e4137b801196407a869686393657fbb9/gnocchi.2473cce3-fbe9-4102-8ef6-d64d2340f2a6?format=json&states=listing" "tx5938b1883fd84c43b0fb2-0069a1d84c" "proxy-server 20" 0.0009 "-" 22 0
Feb 27 17:45:48 standalone object-server[127149]: 172.20.0.100 - - [27/Feb/2026:17:45:48 +0000] "GET /d1/242/AUTH_e4137b801196407a869686393657fbb9/gnocchi.2473cce3-fbe9-4102-8ef6-d64d2340f2a6/none_v3" 404 70 "GET http://172.18.0.2:8080/v1/AUTH_e4137b801196407a869686393657fbb9/gnocchi.2473cce3-fbe9-4102-8ef6-d64d2340f2a6/none_v3" "tx5938b1883fd84c43b0fb2-0069a1d84c" "proxy-server 20" 0.0014 "-" 25 0
Feb 27 17:45:48 standalone proxy-server[129194]: 172.18.0.2 172.18.0.100 27/Feb/2026/17/45/48 GET /v1/AUTH_e4137b801196407a869686393657fbb9/gnocchi.2473cce3-fbe9-4102-8ef6-d64d2340f2a6/none_v3 HTTP/1.0 404 - python-swiftclient-3.11.1 gAAAAABpodfMV9bR... - 70 - tx5938b1883fd84c43b0fb2-0069a1d84c - 0.0298 - - 1772214348.928633451 1772214348.958441257 0
Feb 27 17:45:48 standalone account-server[126897]: 172.20.0.100 - - [27/Feb/2026:17:45:48 +0000] "PUT /d1/924/AUTH_e4137b801196407a869686393657fbb9/gnocchi.2473cce3-fbe9-4102-8ef6-d64d2340f2a6" 201 - "PUT http://172.20.0.100:6001/d1/73/AUTH_e4137b801196407a869686393657fbb9/gnocchi.2473cce3-fbe9-4102-8ef6-d64d2340f2a6" "txf9c11f9be34a4a42ab064-0069a1d84c" "container-server 21" 0.0013 "-" 20 0
Feb 27 17:45:48 standalone container-server[126995]: 172.20.0.100 - - [27/Feb/2026:17:45:48 +0000] "PUT /d1/73/AUTH_e4137b801196407a869686393657fbb9/gnocchi.2473cce3-fbe9-4102-8ef6-d64d2340f2a6" 201 - "PUT http://172.18.0.2:8080/v1/AUTH_e4137b801196407a869686393657fbb9/gnocchi.2473cce3-fbe9-4102-8ef6-d64d2340f2a6" "txf9c11f9be34a4a42ab064-0069a1d84c" "proxy-server 20" 0.0207 "-" 21 0
Feb 27 17:45:48 standalone proxy-server[129194]: 172.18.0.2 172.18.0.100 27/Feb/2026/17/45/48 PUT /v1/AUTH_e4137b801196407a869686393657fbb9/gnocchi.2473cce3-fbe9-4102-8ef6-d64d2340f2a6 HTTP/1.0 201 - python-swiftclient-3.11.1 gAAAAABpodfMV9bR... - - - txf9c11f9be34a4a42ab064-0069a1d84c - 0.0276 - - 1772214348.961140633 1772214348.988786221 0
Feb 27 17:45:49 standalone container-server[126995]: 172.20.0.100 - - [27/Feb/2026:17:45:49 +0000] "HEAD /d1/73/AUTH_e4137b801196407a869686393657fbb9/gnocchi.2473cce3-fbe9-4102-8ef6-d64d2340f2a6" 204 - "HEAD http://172.18.0.2:8080/v1/AUTH_e4137b801196407a869686393657fbb9/gnocchi.2473cce3-fbe9-4102-8ef6-d64d2340f2a6?format=json&states=listing" "txafafa0f054844f409c61f-0069a1d84c" "proxy-server 20" 0.0014 "-" 21 0
Feb 27 17:45:49 standalone proxy-server[129194]: - - 27/Feb/2026/17/45/49 HEAD /v1/AUTH_e4137b801196407a869686393657fbb9/gnocchi.2473cce3-fbe9-4102-8ef6-d64d2340f2a6%3Fformat%3Djson%26states%3Dlisting HTTP/1.0 204 - Swift - - - - txafafa0f054844f409c61f-0069a1d84c - 0.0061 RL - 1772214348.997979879 1772214349.004065275 0
Feb 27 17:45:49 standalone container-server[126994]: 172.20.0.100 - - [27/Feb/2026:17:45:49 +0000] "GET /d1/73/AUTH_e4137b801196407a869686393657fbb9/gnocchi.2473cce3-fbe9-4102-8ef6-d64d2340f2a6" 200 2 "GET http://172.18.0.2:8080/v1/AUTH_e4137b801196407a869686393657fbb9/gnocchi.2473cce3-fbe9-4102-8ef6-d64d2340f2a6?format=json&states=listing" "txafafa0f054844f409c61f-0069a1d84c" "proxy-server 20" 0.0024 "-" 20 0
Feb 27 17:45:49 standalone proxy-server[129194]: 172.18.0.2 172.18.0.100 27/Feb/2026/17/45/49 GET /v1/AUTH_e4137b801196407a869686393657fbb9/gnocchi.2473cce3-fbe9-4102-8ef6-d64d2340f2a6%3Fformat%3Djson%26states%3Dlisting HTTP/1.0 200 - python-swiftclient-3.11.1 gAAAAABpodfMV9bR... - 2 - txafafa0f054844f409c61f-0069a1d84c - 0.0196 - - 1772214348.994771242 1772214349.014372587 0
Feb 27 17:45:49 standalone object-server[127146]: 172.20.0.100 - - [27/Feb/2026:17:45:49 +0000] "GET /d1/157/AUTH_e4137b801196407a869686393657fbb9/gnocchi.2473cce3-fbe9-4102-8ef6-d64d2340f2a6/1771200000.0_mean_300.0_v3" 404 70 "GET http://172.18.0.2:8080/v1/AUTH_e4137b801196407a869686393657fbb9/gnocchi.2473cce3-fbe9-4102-8ef6-d64d2340f2a6/1771200000.0_mean_300.0_v3" "tx179969fd5dda4cf7ba3bf-0069a1d84d" "proxy-server 20" 0.0006 "-" 22 0
Feb 27 17:45:49 standalone proxy-server[129194]: 172.18.0.2 172.18.0.100 27/Feb/2026/17/45/49 GET /v1/AUTH_e4137b801196407a869686393657fbb9/gnocchi.2473cce3-fbe9-4102-8ef6-d64d2340f2a6/1771200000.0_mean_300.0_v3 HTTP/1.0 404 - python-swiftclient-3.11.1 gAAAAABpodfMV9bR... - 70 - tx179969fd5dda4cf7ba3bf-0069a1d84d - 0.0067 - - 1772214349.018206120 1772214349.024905443 0
Feb 27 17:45:49 standalone container-server[126994]: 172.20.0.100 - - [27/Feb/2026:17:45:49 +0000] "PUT /d1/73/AUTH_e4137b801196407a869686393657fbb9/gnocchi.2473cce3-fbe9-4102-8ef6-d64d2340f2a6/1771200000.0_mean_300.0_v3" 201 - "PUT http://172.18.0.2:8080/d1/157/AUTH_e4137b801196407a869686393657fbb9/gnocchi.2473cce3-fbe9-4102-8ef6-d64d2340f2a6/1771200000.0_mean_300.0_v3" "txf0cac8e555124a75adf13-0069a1d84d" "object-server 25" 0.0005 "-" 20 0
