Feb 27 17:46:14 standalone proxy-server[129194]: - - 27/Feb/2026/17/46/14 HEAD /v1/AUTH_e4137b801196407a869686393657fbb9/gnocchi.e32ff88d-60e5-497f-80cb-2770102bf303%3Fformat%3Djson%26states%3Dlisting HTTP/1.0 204 - Swift - - - - tx91139107f19d48ff86c39-0069a1d866 - 0.0040 RL - 1772214374.854935884 1772214374.858972311 0
Feb 27 17:46:14 standalone container-server[126999]: 172.20.0.100 - - [27/Feb/2026:17:46:14 +0000] "GET /d1/322/AUTH_e4137b801196407a869686393657fbb9/gnocchi.e32ff88d-60e5-497f-80cb-2770102bf303" 200 2 "GET http://172.18.0.2:8080/v1/AUTH_e4137b801196407a869686393657fbb9/gnocchi.e32ff88d-60e5-497f-80cb-2770102bf303?format=json&states=listing" "tx91139107f19d48ff86c39-0069a1d866" "proxy-server 20" 0.0023 "-" 23 0
Feb 27 17:46:14 standalone proxy-server[129194]: 172.18.0.2 172.18.0.100 27/Feb/2026/17/46/14 GET /v1/AUTH_e4137b801196407a869686393657fbb9/gnocchi.e32ff88d-60e5-497f-80cb-2770102bf303%3Fformat%3Djson%26states%3Dlisting HTTP/1.0 200 - python-swiftclient-3.11.1 gAAAAABpodfMV9bR... - 2 - tx91139107f19d48ff86c39-0069a1d866 - 0.0190 - - 1772214374.854212761 1772214374.873207569 0
Feb 27 17:46:14 standalone object-server[127148]: 172.20.0.100 - - [27/Feb/2026:17:46:14 +0000] "GET /d1/638/AUTH_e4137b801196407a869686393657fbb9/gnocchi.175b4c69-3b4b-4282-86d5-799dd3117e03/1771200000.0_mean_300.0_v3" 404 70 "GET http://172.18.0.2:8080/v1/AUTH_e4137b801196407a869686393657fbb9/gnocchi.175b4c69-3b4b-4282-86d5-799dd3117e03/1771200000.0_mean_300.0_v3" "txc583425cfafb4aa5b9b9d-0069a1d866" "proxy-server 20" 0.0003 "-" 24 0
Feb 27 17:46:14 standalone proxy-server[129194]: 172.18.0.2 172.18.0.100 27/Feb/2026/17/46/14 GET /v1/AUTH_e4137b801196407a869686393657fbb9/gnocchi.175b4c69-3b4b-4282-86d5-799dd3117e03/1771200000.0_mean_300.0_v3 HTTP/1.0 404 - python-swiftclient-3.11.1 gAAAAABpodfMV9bR... - 70 - txc583425cfafb4aa5b9b9d-0069a1d866 - 0.0063 - - 1772214374.877702713 1772214374.883953571 0
Feb 27 17:46:14 standalone object-server[127149]: 172.20.0.100 - - [27/Feb/2026:17:46:14 +0000] "GET /d1/1018/AUTH_e4137b801196407a869686393657fbb9/gnocchi.e32ff88d-60e5-497f-80cb-2770102bf303/1771200000.0_mean_300.0_v3" 404 70 "GET http://172.18.0.2:8080/v1/AUTH_e4137b801196407a869686393657fbb9/gnocchi.e32ff88d-60e5-497f-80cb-2770102bf303/1771200000.0_mean_300.0_v3" "tx998b2a5e47c84cef8f2d4-0069a1d866" "proxy-server 20" 0.0003 "-" 25 0
Feb 27 17:46:14 standalone proxy-server[129194]: 172.18.0.2 172.18.0.100 27/Feb/2026/17/46/14 GET /v1/AUTH_e4137b801196407a869686393657fbb9/gnocchi.e32ff88d-60e5-497f-80cb-2770102bf303/1771200000.0_mean_300.0_v3 HTTP/1.0 404 - python-swiftclient-3.11.1 gAAAAABpodfMV9bR... - 70 - tx998b2a5e47c84cef8f2d4-0069a1d866 - 0.0056 - - 1772214374.887683868 1772214374.893274069 0
Feb 27 17:46:14 standalone container-server[126997]: 172.20.0.100 - - [27/Feb/2026:17:46:14 +0000] "PUT /d1/899/AUTH_e4137b801196407a869686393657fbb9/gnocchi.175b4c69-3b4b-4282-86d5-799dd3117e03/1771200000.0_mean_300.0_v3" 201 - "PUT http://172.18.0.2:8080/d1/638/AUTH_e4137b801196407a869686393657fbb9/gnocchi.175b4c69-3b4b-4282-86d5-799dd3117e03/1771200000.0_mean_300.0_v3" "tx3a992b81bc9e420c85298-0069a1d866" "object-server 23" 0.0009 "-" 22 0
Feb 27 17:46:14 standalone object-server[127147]: 172.20.0.100 - - [27/Feb/2026:17:46:14 +0000] "PUT /d1/638/AUTH_e4137b801196407a869686393657fbb9/gnocchi.175b4c69-3b4b-4282-86d5-799dd3117e03/1771200000.0_mean_300.0_v3" 201 - "PUT http://172.18.0.2:8080/v1/AUTH_e4137b801196407a869686393657fbb9/gnocchi.175b4c69-3b4b-4282-86d5-799dd3117e03/1771200000.0_mean_300.0_v3" "tx3a992b81bc9e420c85298-0069a1d866" "proxy-server 20" 0.0101 "-" 23 0
Feb 27 17:46:14 standalone proxy-server[129194]: 172.18.0.2 172.18.0.100 27/Feb/2026/17/46/14 PUT /v1/AUTH_e4137b801196407a869686393657fbb9/gnocchi.175b4c69-3b4b-4282-86d5-799dd3117e03/1771200000.0_mean_300.0_v3 HTTP/1.0 201 - python-swiftclient-3.11.1 gAAAAABpodfMV9bR... 16 - - tx3a992b81bc9e420c85298-0069a1d866 - 0.0161 - - 1772214374.896450520 1772214374.912537813 0
Feb 27 17:46:14 standalone container-server[126994]: 172.20.0.100 - - [27/Feb/2026:17:46:14 +0000] "PUT /d1/322/AUTH_e4137b801196407a869686393657fbb9/gnocchi.e32ff88d-60e5-497f-80cb-2770102bf303/1771200000.0_mean_300.0_v3" 201 - "PUT http://172.18.0.2:8080/d1/1018/AUTH_e4137b801196407a869686393657fbb9/gnocchi.e32ff88d-60e5-497f-80cb-2770102bf303/1771200000.0_mean_300.0_v3" "tx7b77481a55824070bc5c8-0069a1d866" "object-server 24" 0.0007 "-" 20 0
Feb 27 17:46:14 standalone object-server[127148]: 172.20.0.100 - - [27/Feb/2026:17:46:14 +0000] "PUT /d1/1018/AUTH_e4137b801196407a869686393657fbb9/gnocchi.e32ff88d-60e5-497f-80cb-2770102bf303/1771200000.0_mean_300.0_v3" 201 - "PUT http://172.18.0.2:8080/v1/AUTH_e4137b801196407a869686393657fbb9/gnocchi.e32ff88d-60e5-497f-80cb-2770102bf303/1771200000.0_mean_300.0_v3" "tx7b77481a55824070bc5c8-0069a1d866" "proxy-server 20" 0.0139 "-" 24 0
Feb 27 17:46:14 standalone proxy-server[129194]: 172.18.0.2 172.18.0.100 27/Feb/2026/17/46/14 PUT /v1/AUTH_e4137b801196407a869686393657fbb9/gnocchi.e32ff88d-60e5-497f-80cb-2770102bf303/1771200000.0_mean_300.0_v3 HTTP/1.0 201 - python-swiftclient-3.11.1 gAAAAABpodfMV9bR... 16 - - tx7b77481a55824070bc5c8-0069a1d866 - 0.0199 - - 1772214374.915635824 1772214374.935529947 0
Feb 27 17:46:14 standalone container-server[126997]: 172.20.0.100 - - [27/Feb/2026:17:46:14 +0000] "PUT /d1/899/AUTH_e4137b801196407a869686393657fbb9/gnocchi.175b4c69-3b4b-4282-86d5-799dd3117e03/none_v3" 201 - "PUT http://172.18.0.2:8080/d1/527/AUTH_e4137b801196407a869686393657fbb9/gnocchi.175b4c69-3b4b-4282-86d5-799dd3117e03/none_v3" "txe70da928f70f4543a9881-0069a1d866" "object-server 23" 0.0008 "-" 22 0
Feb 27 17:46:14 standalone object-server[127147]: 172.20.0.100 - - [27/Feb/2026:17:46:14 +0000] "PUT /d1/527/AUTH_e4137b801196407a869686393657fbb9/gnocchi.175b4c69-3b4b-4282-86d5-799dd3117e03/none_v3" 201 - "PUT http://172.18.0.2:8080/v1/AUTH_e4137b801196407a869686393657fbb9/gnocchi.175b4c69-3b4b-4282-86d5-799dd3117e03/none_v3" "txe70da928f70f4543a9881-0069a1d866" "proxy-server 20" 0.0108 "-" 23 0
Feb 27 17:46:14 standalone proxy-server[129194]: 172.18.0.2 172.18.0.100 27/Feb/2026/17/46/14 PUT /v1/AUTH_e4137b801196407a869686393657fbb9/gnocchi.175b4c69-3b4b-4282-86d5-799dd3117e03/none_v3 HTTP/1.0 201 - python-swiftclient-3.11.1 gAAAAABpodfMV9bR... 22 - - txe70da928f70f4543a9881-0069a1d866 - 0.0169 - - 1772214374.939250946 1772214374.956197977 0
Feb 27 17:46:14 standalone container-server[126994]: 172.20.0.100 - - [27/Feb/2026:17:46:14 +0000] "PUT /d1/322/AUTH_e4137b801196407a869686393657fbb9/gnocchi.e32ff88d-60e5-497f-80cb-2770102bf303/none_v3" 201 - "PUT http://172.18.0.2:8080/d1/286/AUTH_e4137b801196407a869686393657fbb9/gnocchi.e32ff88d-60e5-497f-80cb-2770102bf303/none_v3" "tx88032b7ea78a4b6bb1311-0069a1d866" "object-server 24" 0.0007 "-" 20 0
Feb 27 17:46:14 standalone object-server[127148]: 172.20.0.100 - - [27/Feb/2026:17:46:14 +0000] "PUT /d1/286/AUTH_e4137b801196407a869686393657fbb9/gnocchi.e32ff88d-60e5-497f-80cb-2770102bf303/none_v3" 201 - "PUT http://172.18.0.2:8080/v1/AUTH_e4137b801196407a869686393657fbb9/gnocchi.e32ff88d-60e5-497f-80cb-2770102bf303/none_v3" "tx88032b7ea78a4b6bb1311-0069a1d866" "proxy-server 20" 0.0079 "-" 24 0
Feb 27 17:46:14 standalone proxy-server[129194]: 172.18.0.2 172.18.0.100 27/Feb/2026/17/46/14 PUT /v1/AUTH_e4137b801196407a869686393657fbb9/gnocchi.e32ff88d-60e5-497f-80cb-2770102bf303/none_v3 HTTP/1.0 201 - python-swiftclient-3.11.1 gAAAAABpodfMV9bR... 22 - - tx88032b7ea78a4b6bb1311-0069a1d866 - 0.0131 - - 1772214374.960040092 1772214374.973137856 0
Feb 27 17:46:14 standalone container-server[126995]: 172.20.0.100 - - [27/Feb/2026:17:46:14 +0000] "HEAD /d1/193/AUTH_e4137b801196407a869686393657fbb9/gnocchi.674c542b-b831-490c-bbac-6c06f100c9ab" 404 - "HEAD http://172.18.0.2:8080/v1/AUTH_e4137b801196407a869686393657fbb9/gnocchi.674c542b-b831-490c-bbac-6c06f100c9ab?format=json&states=listing" "tx0bc79721021e4b118f2ab-0069a1d866" "proxy-server 20" 0.0004 "-" 21 0
Feb 27 17:46:14 standalone object-server[127147]: 172.20.0.100 - - [27/Feb/2026:17:46:14 +0000] "GET /d1/421/AUTH_e4137b801196407a869686393657fbb9/gnocchi.674c542b-b831-490c-bbac-6c06f100c9ab/none_v3" 404 70 "GET http://172.18.0.2:8080/v1/AUTH_e4137b801196407a869686393657fbb9/gnocchi.674c542b-b831-490c-bbac-6c06f100c9ab/none_v3" "tx0bc79721021e4b118f2ab-0069a1d866" "proxy-server 20" 0.0003 "-" 23 0
Feb 27 17:46:15 standalone proxy-server[129194]: 172.18.0.2 172.18.0.100 27/Feb/2026/17/46/15 GET /v1/AUTH_e4137b801196407a869686393657fbb9/gnocchi.674c542b-b831-490c-bbac-6c06f100c9ab/none_v3 HTTP/1.0 404 - python-swiftclient-3.11.1 gAAAAABpodfMV9bR... - 70 - tx0bc79721021e4b118f2ab-0069a1d866 - 0.0134 - - 1772214374.986905336 1772214375.000340700 0
Feb 27 17:46:15 standalone account-server[126885]: 172.20.0.100 - - [27/Feb/2026:17:46:15 +0000] "PUT /d1/924/AUTH_e4137b801196407a869686393657fbb9/gnocchi.674c542b-b831-490c-bbac-6c06f100c9ab" 201 - "PUT http://172.20.0.100:6001/d1/193/AUTH_e4137b801196407a869686393657fbb9/gnocchi.674c542b-b831-490c-bbac-6c06f100c9ab" "tx563092b418724662bbae0-0069a1d867" "container-server 21" 0.0043 "-" 18 0
Feb 27 17:46:15 standalone container-server[126995]: 172.20.0.100 - - [27/Feb/2026:17:46:15 +0000] "PUT /d1/193/AUTH_e4137b801196407a869686393657fbb9/gnocchi.674c542b-b831-490c-bbac-6c06f100c9ab" 201 - "PUT http://172.18.0.2:8080/v1/AUTH_e4137b801196407a869686393657fbb9/gnocchi.674c542b-b831-490c-bbac-6c06f100c9ab" "tx563092b418724662bbae0-0069a1d867" "proxy-server 20" 0.0139 "-" 21 0
Feb 27 17:46:15 standalone proxy-server[129194]: 172.18.0.2 172.18.0.100 27/Feb/2026/17/46/15 PUT /v1/AUTH_e4137b801196407a869686393657fbb9/gnocchi.674c542b-b831-490c-bbac-6c06f100c9ab HTTP/1.0 201 - python-swiftclient-3.11.1 gAAAAABpodfMV9bR... - - - tx563092b418724662bbae0-0069a1d867 - 0.0192 - - 1772214375.002981663 1772214375.022140503 0
Feb 27 17:46:15 standalone container-server[126997]: 172.20.0.100 - - [27/Feb/2026:17:46:15 +0000] "HEAD /d1/193/AUTH_e4137b801196407a869686393657fbb9/gnocchi.674c542b-b831-490c-bbac-6c06f100c9ab" 204 - "HEAD http://172.18.0.2:8080/v1/AUTH_e4137b801196407a869686393657fbb9/gnocchi.674c542b-b831-490c-bbac-6c06f100c9ab?format=json&states=listing" "tx1f377dd79691416ab0b29-0069a1d867" "proxy-server 20" 0.0024 "-" 22 0
Feb 27 17:46:15 standalone proxy-server[129194]: - - 27/Feb/2026/17/46/15 HEAD /v1/AUTH_e4137b801196407a869686393657fbb9/gnocchi.674c542b-b831-490c-bbac-6c06f100c9ab%3Fformat%3Djson%26states%3Dlisting HTTP/1.0 204 - Swift - - - - tx1f377dd79691416ab0b29-0069a1d867 - 0.0068 RL - 1772214375.026618958 1772214375.033438206 0
Feb 27 17:46:15 standalone container-server[126997]: 172.20.0.100 - - [27/Feb/2026:17:46:15 +0000] "GET /d1/193/AUTH_e4137b801196407a869686393657fbb9/gnocchi.674c542b-b831-490c-bbac-6c06f100c9ab" 200 2 "GET http://172.18.0.2:8080/v1/AUTH_e4137b801196407a869686393657fbb9/gnocchi.674c542b-b831-490c-bbac-6c06f100c9ab?format=json&states=listing" "tx1f377dd79691416ab0b29-0069a1d867" "proxy-server 20" 0.0036 "-" 22 0
Feb 27 17:46:15 standalone proxy-server[129194]: 172.18.0.2 172.18.0.100 27/Feb/2026/17/46/15 GET /v1/AUTH_e4137b801196407a869686393657fbb9/gnocchi.674c542b-b831-490c-bbac-6c06f100c9ab%3Fformat%3Djson%26states%3Dlisting HTTP/1.0 200 - python-swiftclient-3.11.1 gAAAAABpodfMV9bR... - 2 - tx1f377dd79691416ab0b29-0069a1d867 - 0.0182 - - 1772214375.025346279 1772214375.043591499 0
Feb 27 17:46:15 standalone object-server[127148]: 172.20.0.100 - - [27/Feb/2026:17:46:15 +0000] "GET /d1/427/AUTH_e4137b801196407a869686393657fbb9/gnocchi.674c542b-b831-490c-bbac-6c06f100c9ab/1771200000.0_mean_300.0_v3" 404 70 "GET http://172.18.0.2:8080/v1/AUTH_e4137b801196407a869686393657fbb9/gnocchi.674c542b-b831-490c-bbac-6c06f100c9ab/1771200000.0_mean_300.0_v3" "tx40f14a074f1c4f8fb0d72-0069a1d867" "proxy-server 20" 0.0004 "-" 24 0
Feb 27 17:46:15 standalone proxy-server[129194]: 172.18.0.2 172.18.0.100 27/Feb/2026/17/46/15 GET /v1/AUTH_e4137b801196407a869686393657fbb9/gnocchi.674c542b-b831-490c-bbac-6c06f100c9ab/1771200000.0_mean_300.0_v3 HTTP/1.0 404 - python-swiftclient-3.11.1 gAAAAABpodfMV9bR... - 70 - tx40f14a074f1c4f8fb0d72-0069a1d867 - 0.0061 - - 1772214375.046892405 1772214375.052952766 0
Feb 27 17:46:15 standalone container-server[126997]: 172.20.0.100 - - [27/Feb/2026:17:46:15 +0000] "PUT /d1/193/AUTH_e4137b801196407a869686393657fbb9/gnocchi.674c542b-b831-490c-bbac-6c06f100c9ab/1771200000.0_mean_300.0_v3" 201 - "PUT http://172.18.0.2:8080/d1/427/AUTH_e4137b801196407a869686393657fbb9/gnocchi.674c542b-b831-490c-bbac-6c06f100c9ab/1771200000.0_mean_300.0_v3" "tx482411a6f099432da9d9e-0069a1d867" "object-server 23" 0.0010 "-" 22 0
Feb 27 17:46:15 standalone object-server[127147]: 172.20.0.100 - - [27/Feb/2026:17:46:15 +0000] "PUT /d1/427/AUTH_e4137b801196407a869686393657fbb9/gnocchi.674c542b-b831-490c-bbac-6c06f100c9ab/1771200000.0_mean_300.0_v3" 201 - "PUT http://172.18.0.2:8080/v1/AUTH_e4137b801196407a869686393657fbb9/gnocchi.674c542b-b831-490c-bbac-6c06f100c9ab/1771200000.0_mean_300.0_v3" "tx482411a6f099432da9d9e-0069a1d867" "proxy-server 20" 0.0107 "-" 23 0
Feb 27 17:46:15 standalone proxy-server[129194]: 172.18.0.2 172.18.0.100 27/Feb/2026/17/46/15 PUT /v1/AUTH_e4137b801196407a869686393657fbb9/gnocchi.674c542b-b831-490c-bbac-6c06f100c9ab/1771200000.0_mean_300.0_v3 HTTP/1.0 201 - python-swiftclient-3.11.1 gAAAAABpodfMV9bR... 16 - - tx482411a6f099432da9d9e-0069a1d867 - 0.0168 - - 1772214375.055820704 1772214375.072635651 0
Feb 27 17:46:15 standalone container-server[126994]: 172.20.0.100 - - [27/Feb/2026:17:46:15 +0000] "PUT /d1/193/AUTH_e4137b801196407a869686393657fbb9/gnocchi.674c542b-b831-490c-bbac-6c06f100c9ab/none_v3" 201 - "PUT http://172.18.0.2:8080/d1/421/AUTH_e4137b801196407a869686393657fbb9/gnocchi.674c542b-b831-490c-bbac-6c06f100c9ab/none_v3" "tx7cdb748a4f3e4878ae064-0069a1d867" "object-server 25" 0.0006 "-" 20 0
Feb 27 17:46:15 standalone object-server[127149]: 172.20.0.100 - - [27/Feb/2026:17:46:15 +0000] "PUT /d1/421/AUTH_e4137b801196407a869686393657fbb9/gnocchi.674c542b-b831-490c-bbac-6c06f100c9ab/none_v3" 201 - "PUT http://172.18.0.2:8080/v1/AUTH_e4137b801196407a869686393657fbb9/gnocchi.674c542b-b831-490c-bbac-6c06f100c9ab/none_v3" "tx7cdb748a4f3e4878ae064-0069a1d867" "proxy-server 20" 0.0093 "-" 25 0
Feb 27 17:46:15 standalone proxy-server[129194]: 172.18.0.2 172.18.0.100 27/Feb/2026/17/46/15 PUT /v1/AUTH_e4137b801196407a869686393657fbb9/gnocchi.674c542b-b831-490c-bbac-6c06f100c9ab/none_v3 HTTP/1.0 201 - python-swiftclient-3.11.1 gAAAAABpodfMV9bR... 22 - - tx7cdb748a4f3e4878ae064-0069a1d867 - 0.0152 - - 1772214375.075325012 1772214375.090517044 0
Feb 27 17:46:15 standalone container-server[126994]: 172.20.0.100 - - [27/Feb/2026:17:46:15 +0000] "HEAD /d1/268/AUTH_e4137b801196407a869686393657fbb9/gnocchi.318f7d4a-6bdf-4cdd-987e-cbf6b334fb70" 404 - "HEAD http://172.18.0.2:8080/v1/AUTH_e4137b801196407a869686393657fbb9/gnocchi.318f7d4a-6bdf-4cdd-987e-cbf6b334fb70?format=json&states=listing" "tx87c11fd52b154dcc96b70-0069a1d867" "proxy-server 20" 0.0004 "-" 20 0
Feb 27 17:46:15 standalone object-server[127148]: 172.20.0.100 - - [27/Feb/2026:17:46:15 +0000] "GET /d1/57/AUTH_e4137b801196407a869686393657fbb9/gnocchi.318f7d4a-6bdf-4cdd-987e-cbf6b334fb70/none_v3" 404 70 "GET http://172.18.0.2:8080/v1/AUTH_e4137b801196407a869686393657fbb9/gnocchi.318f7d4a-6bdf-4cdd-987e-cbf6b334fb70/none_v3" "tx87c11fd52b154dcc96b70-0069a1d867" "proxy-server 20" 0.0004 "-" 24 0
Feb 27 17:46:15 standalone proxy-server[129194]: 172.18.0.2 172.18.0.100 27/Feb/2026/17/46/15 GET /v1/AUTH_e4137b801196407a869686393657fbb9/gnocchi.318f7d4a-6bdf-4cdd-987e-cbf6b334fb70/none_v3 HTTP/1.0 404 - python-swiftclient-3.11.1 gAAAAABpodfMV9bR... - 70 - tx87c11fd52b154dcc96b70-0069a1d867 - 0.0098 - - 1772214375.099236965 1772214375.109051943 0
Feb 27 17:46:15 standalone account-server[126893]: 172.20.0.100 - - [27/Feb/2026:17:46:15 +0000] "PUT /d1/924/AUTH_e4137b801196407a869686393657fbb9/gnocchi.318f7d4a-6bdf-4cdd-987e-cbf6b334fb70" 201 - "PUT http://172.20.0.100:6001/d1/268/AUTH_e4137b801196407a869686393657fbb9/gnocchi.318f7d4a-6bdf-4cdd-987e-cbf6b334fb70" "tx3743b2d9dbed4756b3343-0069a1d867" "container-server 22" 0.0061 "-" 19 0
Feb 27 17:46:15 standalone container-server[126997]: 172.20.0.100 - - [27/Feb/2026:17:46:15 +0000] "PUT /d1/268/AUTH_e4137b801196407a869686393657fbb9/gnocchi.318f7d4a-6bdf-4cdd-987e-cbf6b334fb70" 201 - "PUT http://172.18.0.2:8080/v1/AUTH_e4137b801196407a869686393657fbb9/gnocchi.318f7d4a-6bdf-4cdd-987e-cbf6b334fb70" "tx3743b2d9dbed4756b3343-0069a1d867" "proxy-server 20" 0.0196 "-" 22 0
Feb 27 17:46:15 standalone proxy-server[129194]: 172.18.0.2 172.18.0.100 27/Feb/2026/17/46/15 PUT /v1/AUTH_e4137b801196407a869686393657fbb9/gnocchi.318f7d4a-6bdf-4cdd-987e-cbf6b334fb70 HTTP/1.0 201 - python-swiftclient-3.11.1 gAAAAABpodfMV9bR... - - - tx3743b2d9dbed4756b3343-0069a1d867 - 0.0260 - - 1772214375.111713171 1772214375.137664318 0
Feb 27 17:46:15 standalone container-server[126995]: 172.20.0.100 - - [27/Feb/2026:17:46:15 +0000] "HEAD /d1/268/AUTH_e4137b801196407a869686393657fbb9/gnocchi.318f7d4a-6bdf-4cdd-987e-cbf6b334fb70" 204 - "HEAD http://172.18.0.2:8080/v1/AUTH_e4137b801196407a869686393657fbb9/gnocchi.318f7d4a-6bdf-4cdd-987e-cbf6b334fb70?format=json&states=listing" "tx7bcb706a9940448b8478b-0069a1d867" "proxy-server 20" 0.0021 "-" 21 0
Feb 27 17:46:15 standalone proxy-server[129194]: - - 27/Feb/2026/17/46/15 HEAD /v1/AUTH_e4137b801196407a869686393657fbb9/gnocchi.318f7d4a-6bdf-4cdd-987e-cbf6b334fb70%3Fformat%3Djson%26states%3Dlisting HTTP/1.0 204 - Swift - - - - tx7bcb706a9940448b8478b-0069a1d867 - 0.0155 RL - 1772214375.156650543 1772214375.172117472 0
Feb 27 17:46:15 standalone container-server[126994]: 172.20.0.100 - - [27/Feb/2026:17:46:15 +0000] "GET /d1/268/AUTH_e4137b801196407a869686393657fbb9/gnocchi.318f7d4a-6bdf-4cdd-987e-cbf6b334fb70" 200 2 "GET http://172.18.0.2:8080/v1/AUTH_e4137b801196407a869686393657fbb9/gnocchi.318f7d4a-6bdf-4cdd-987e-cbf6b334fb70?format=json&states=listing" "tx7bcb706a9940448b8478b-0069a1d867" "proxy-server 20" 0.0019 "-" 20 0
Feb 27 17:46:15 standalone proxy-server[129194]: 172.18.0.2 172.18.0.100 27/Feb/2026/17/46/15 GET /v1/AUTH_e4137b801196407a869686393657fbb9/gnocchi.318f7d4a-6bdf-4cdd-987e-cbf6b334fb70%3Fformat%3Djson%26states%3Dlisting HTTP/1.0 200 - python-swiftclient-3.11.1 gAAAAABpodfMV9bR... - 2 - tx7bcb706a9940448b8478b-0069a1d867 - 0.0480 - - 1772214375.141245842 1772214375.189230919 0
Feb 27 17:46:15 standalone object-server[127149]: 172.20.0.100 - - [27/Feb/2026:17:46:15 +0000] "GET /d1/554/AUTH_e4137b801196407a869686393657fbb9/gnocchi.318f7d4a-6bdf-4cdd-987e-cbf6b334fb70/1771200000.0_mean_300.0_v3" 404 70 "GET http://172.18.0.2:8080/v1/AUTH_e4137b801196407a869686393657fbb9/gnocchi.318f7d4a-6bdf-4cdd-987e-cbf6b334fb70/1771200000.0_mean_300.0_v3" "tx3fc97efa9cd9465c87017-0069a1d867" "proxy-server 20" 0.0007 "-" 25 0
Feb 27 17:46:15 standalone proxy-server[129194]: 172.18.0.2 172.18.0.100 27/Feb/2026/17/46/15 GET /v1/AUTH_e4137b801196407a869686393657fbb9/gnocchi.318f7d4a-6bdf-4cdd-987e-cbf6b334fb70/1771200000.0_mean_300.0_v3 HTTP/1.0 404 - python-swiftclient-3.11.1 gAAAAABpodfMV9bR... - 70 - tx3fc97efa9cd9465c87017-0069a1d867 - 0.0069 - - 1772214375.198983192 1772214375.205919266 0
Feb 27 17:46:15 standalone container-server[126994]: 172.20.0.100 - - [27/Feb/2026:17:46:15 +0000] "PUT /d1/268/AUTH_e4137b801196407a869686393657fbb9/gnocchi.318f7d4a-6bdf-4cdd-987e-cbf6b334fb70/1771200000.0_mean_300.0_v3" 201 - "PUT http://172.18.0.2:8080/d1/554/AUTH_e4137b801196407a869686393657fbb9/gnocchi.318f7d4a-6bdf-4cdd-987e-cbf6b334fb70/1771200000.0_mean_300.0_v3" "tx957910d9792d4212a8b02-0069a1d867" "object-server 25" 0.0006 "-" 20 0
Feb 27 17:46:15 standalone object-server[127149]: 172.20.0.100 - - [27/Feb/2026:17:46:15 +0000] "PUT /d1/554/AUTH_e4137b801196407a869686393657fbb9/gnocchi.318f7d4a-6bdf-4cdd-987e-cbf6b334fb70/1771200000.0_mean_300.0_v3" 201 - "PUT http://172.18.0.2:8080/v1/AUTH_e4137b801196407a869686393657fbb9/gnocchi.318f7d4a-6bdf-4cdd-987e-cbf6b334fb70/1771200000.0_mean_300.0_v3" "tx957910d9792d4212a8b02-0069a1d867" "proxy-server 20" 0.0169 "-" 25 0
Feb 27 17:46:15 standalone proxy-server[129194]: 172.18.0.2 172.18.0.100 27/Feb/2026/17/46/15 PUT /v1/AUTH_e4137b801196407a869686393657fbb9/gnocchi.318f7d4a-6bdf-4cdd-987e-cbf6b334fb70/1771200000.0_mean_300.0_v3 HTTP/1.0 201 - python-swiftclient-3.11.1 gAAAAABpodfMV9bR... 16 - - tx957910d9792d4212a8b02-0069a1d867 - 0.0311 - - 1772214375.210373402 1772214375.241474628 0
Feb 27 17:46:15 standalone container-server[126995]: 172.20.0.100 - - [27/Feb/2026:17:46:15 +0000] "PUT /d1/268/AUTH_e4137b801196407a869686393657fbb9/gnocchi.318f7d4a-6bdf-4cdd-987e-cbf6b334fb70/none_v3" 201 - "PUT http://172.18.0.2:8080/d1/57/AUTH_e4137b801196407a869686393657fbb9/gnocchi.318f7d4a-6bdf-4cdd-987e-cbf6b334fb70/none_v3" "txceb614a88440483da9b61-0069a1d867" "object-server 25" 0.0006 "-" 21 0
Feb 27 17:46:15 standalone object-server[127149]: 172.20.0.100 - - [27/Feb/2026:17:46:15 +0000] "PUT /d1/57/AUTH_e4137b801196407a869686393657fbb9/gnocchi.318f7d4a-6bdf-4cdd-987e-cbf6b334fb70/none_v3" 201 - "PUT http://172.18.0.2:8080/v1/AUTH_e4137b801196407a869686393657fbb9/gnocchi.318f7d4a-6bdf-4cdd-987e-cbf6b334fb70/none_v3" "txceb614a88440483da9b61-0069a1d867" "proxy-server 20" 0.0109 "-" 25 0
Feb 27 17:46:15 standalone proxy-server[129194]: 172.18.0.2 172.18.0.100 27/Feb/2026/17/46/15 PUT /v1/AUTH_e4137b801196407a869686393657fbb9/gnocchi.318f7d4a-6bdf-4cdd-987e-cbf6b334fb70/none_v3 HTTP/1.0 201 - python-swiftclient-3.11.1 gAAAAABpodfMV9bR... 22 - - txceb614a88440483da9b61-0069a1d867 - 0.0213 - - 1772214375.245611429 1772214375.266864061 0
Feb 27 17:46:15 standalone container-server[126997]: 172.20.0.100 - - [27/Feb/2026:17:46:15 +0000] "HEAD /d1/502/AUTH_e4137b801196407a869686393657fbb9/gnocchi.cbfad436-c0ef-40f8-b87f-137f7985721b" 404 - "HEAD http://172.18.0.2:8080/v1/AUTH_e4137b801196407a869686393657fbb9/gnocchi.cbfad436-c0ef-40f8-b87f-137f7985721b?format=json&states=listing" "txd692eff13c9448ba8d9f7-0069a1d867" "proxy-server 20" 0.0006 "-" 22 0
Feb 27 17:46:15 standalone object-server[127149]: 172.20.0.100 - - [27/Feb/2026:17:46:15 +0000] "GET /d1/77/AUTH_e4137b801196407a869686393657fbb9/gnocchi.cbfad436-c0ef-40f8-b87f-137f7985721b/none_v3" 404 70 "GET http://172.18.0.2:8080/v1/AUTH_e4137b801196407a869686393657fbb9/gnocchi.cbfad436-c0ef-40f8-b87f-137f7985721b/none_v3" "txd692eff13c9448ba8d9f7-0069a1d867" "proxy-server 20" 0.0003 "-" 25 0
Feb 27 17:46:15 standalone proxy-server[129194]: 172.18.0.2 172.18.0.100 27/Feb/2026/17/46/15 GET /v1/AUTH_e4137b801196407a869686393657fbb9/gnocchi.cbfad436-c0ef-40f8-b87f-137f7985721b/none_v3 HTTP/1.0 404 - python-swiftclient-3.11.1 gAAAAABpodfMV9bR... - 70 - txd692eff13c9448ba8d9f7-0069a1d867 - 0.0138 - - 1772214375.280285120 1772214375.294066191 0
Feb 27 17:46:15 standalone account-server[126893]: 172.20.0.100 - - [27/Feb/2026:17:46:15 +0000] "PUT /d1/924/AUTH_e4137b801196407a869686393657fbb9/gnocchi.cbfad436-c0ef-40f8-b87f-137f7985721b" 201 - "PUT http://172.20.0.100:6001/d1/502/AUTH_e4137b801196407a869686393657fbb9/gnocchi.cbfad436-c0ef-40f8-b87f-137f7985721b" "tx6698b05cf44940e085442-0069a1d867" "container-server 21" 0.0078 "-" 19 0
Feb 27 17:46:15 standalone container-server[126995]: 172.20.0.100 - - [27/Feb/2026:17:46:15 +0000] "PUT /d1/502/AUTH_e4137b801196407a869686393657fbb9/gnocchi.cbfad436-c0ef-40f8-b87f-137f7985721b" 201 - "PUT http://172.18.0.2:8080/v1/AUTH_e4137b801196407a869686393657fbb9/gnocchi.cbfad436-c0ef-40f8-b87f-137f7985721b" "tx6698b05cf44940e085442-0069a1d867" "proxy-server 20" 0.0206 "-" 21 0
Feb 27 17:46:15 standalone proxy-server[129194]: 172.18.0.2 172.18.0.100 27/Feb/2026/17/46/15 PUT /v1/AUTH_e4137b801196407a869686393657fbb9/gnocchi.cbfad436-c0ef-40f8-b87f-137f7985721b HTTP/1.0 201 - python-swiftclient-3.11.1 gAAAAABpodfMV9bR... - - - tx6698b05cf44940e085442-0069a1d867 - 0.0309 - - 1772214375.299044847 1772214375.329969406 0
Feb 27 17:46:15 standalone container-server[126999]: 172.20.0.100 - - [27/Feb/2026:17:46:15 +0000] "HEAD /d1/502/AUTH_e4137b801196407a869686393657fbb9/gnocchi.cbfad436-c0ef-40f8-b87f-137f7985721b" 204 - "HEAD http://172.18.0.2:8080/v1/AUTH_e4137b801196407a869686393657fbb9/gnocchi.cbfad436-c0ef-40f8-b87f-137f7985721b?format=json&states=listing" "tx75bf4f7a2f564849acf23-0069a1d867" "proxy-server 20" 0.0012 "-" 23 0
Feb 27 17:46:15 standalone proxy-server[129194]: - - 27/Feb/2026/17/46/15 HEAD /v1/AUTH_e4137b801196407a869686393657fbb9/gnocchi.cbfad436-c0ef-40f8-b87f-137f7985721b%3Fformat%3Djson%26states%3Dlisting HTTP/1.0 204 - Swift - - - - tx75bf4f7a2f564849acf23-0069a1d867 - 0.0134 RL - 1772214375.341577291 1772214375.355026245 0
Feb 27 17:46:15 standalone container-server[126995]: 172.20.0.100 - - [27/Feb/2026:17:46:15 +0000] "GET /d1/502/AUTH_e4137b801196407a869686393657fbb9/gnocchi.cbfad436-c0ef-40f8-b87f-137f7985721b" 200 2 "GET http://172.18.0.2:8080/v1/AUTH_e4137b801196407a869686393657fbb9/gnocchi.cbfad436-c0ef-40f8-b87f-137f7985721b?format=json&states=listing" "tx75bf4f7a2f564849acf23-0069a1d867" "proxy-server 20" 0.0018 "-" 21 0
Feb 27 17:46:15 standalone proxy-server[129194]: 172.18.0.2 172.18.0.100 27/Feb/2026/17/46/15 GET /v1/AUTH_e4137b801196407a869686393657fbb9/gnocchi.cbfad436-c0ef-40f8-b87f-137f7985721b%3Fformat%3Djson%26states%3Dlisting HTTP/1.0 200 - python-swiftclient-3.11.1 gAAAAABpodfMV9bR... - 2 - tx75bf4f7a2f564849acf23-0069a1d867 - 0.0291 - - 1772214375.334094524 1772214375.363240004 0
Feb 27 17:46:15 standalone object-server[127149]: 172.20.0.100 - - [27/Feb/2026:17:46:15 +0000] "GET /d1/147/AUTH_e4137b801196407a869686393657fbb9/gnocchi.cbfad436-c0ef-40f8-b87f-137f7985721b/1771200000.0_mean_300.0_v3" 404 70 "GET http://172.18.0.2:8080/v1/AUTH_e4137b801196407a869686393657fbb9/gnocchi.cbfad436-c0ef-40f8-b87f-137f7985721b/1771200000.0_mean_300.0_v3" "txc544f316d1f942ba94ca2-0069a1d867" "proxy-server 20" 0.0003 "-" 25 0
Feb 27 17:46:15 standalone proxy-server[129194]: 172.18.0.2 172.18.0.100 27/Feb/2026/17/46/15 GET /v1/AUTH_e4137b801196407a869686393657fbb9/gnocchi.cbfad436-c0ef-40f8-b87f-137f7985721b/1771200000.0_mean_300.0_v3 HTTP/1.0 404 - python-swiftclient-3.11.1 gAAAAABpodfMV9bR... - 70 - txc544f316d1f942ba94ca2-0069a1d867 - 0.0069 - - 1772214375.367815018 1772214375.374749660 0
Feb 27 17:46:15 standalone container-server[126999]: 172.20.0.100 - - [27/Feb/2026:17:46:15 +0000] "PUT /d1/502/AUTH_e4137b801196407a869686393657fbb9/gnocchi.cbfad436-c0ef-40f8-b87f-137f7985721b/1771200000.0_mean_300.0_v3" 201 - "PUT http://172.18.0.2:8080/d1/147/AUTH_e4137b801196407a869686393657fbb9/gnocchi.cbfad436-c0ef-40f8-b87f-137f7985721b/1771200000.0_mean_300.0_v3" "txf1671108421b4b2a8a501-0069a1d867" "object-server 22" 0.0006 "-" 23 0
Feb 27 17:46:15 standalone object-server[127146]: 172.20.0.100 - - [27/Feb/2026:17:46:15 +0000] "PUT /d1/147/AUTH_e4137b801196407a869686393657fbb9/gnocchi.cbfad436-c0ef-40f8-b87f-137f7985721b/1771200000.0_mean_300.0_v3" 201 - "PUT http://172.18.0.2:8080/v1/AUTH_e4137b801196407a869686393657fbb9/gnocchi.cbfad436-c0ef-40f8-b87f-137f7985721b/1771200000.0_mean_300.0_v3" "txf1671108421b4b2a8a501-0069a1d867" "proxy-server 20" 0.0104 "-" 22 0
Feb 27 17:46:15 standalone proxy-server[129194]: 172.18.0.2 172.18.0.100 27/Feb/2026/17/46/15 PUT /v1/AUTH_e4137b801196407a869686393657fbb9/gnocchi.cbfad436-c0ef-40f8-b87f-137f7985721b/1771200000.0_mean_300.0_v3 HTTP/1.0 201 - python-swiftclient-3.11.1 gAAAAABpodfMV9bR... 16 - - txf1671108421b4b2a8a501-0069a1d867 - 0.0148 - - 1772214375.377820969 1772214375.392623663 0
Feb 27 17:46:15 standalone container-server[126997]: 172.20.0.100 - - [27/Feb/2026:17:46:15 +0000] "PUT /d1/502/AUTH_e4137b801196407a869686393657fbb9/gnocchi.cbfad436-c0ef-40f8-b87f-137f7985721b/none_v3" 201 - "PUT http://172.18.0.2:8080/d1/77/AUTH_e4137b801196407a869686393657fbb9/gnocchi.cbfad436-c0ef-40f8-b87f-137f7985721b/none_v3" "tx9fdeced5430b40488d4c3-0069a1d867" "object-server 23" 0.0005 "-" 22 0
Feb 27 17:46:15 standalone object-server[127147]: 172.20.0.100 - - [27/Feb/2026:17:46:15 +0000] "PUT /d1/77/AUTH_e4137b801196407a869686393657fbb9/gnocchi.cbfad436-c0ef-40f8-b87f-137f7985721b/none_v3" 201 - "PUT http://172.18.0.2:8080/v1/AUTH_e4137b801196407a869686393657fbb9/gnocchi.cbfad436-c0ef-40f8-b87f-137f7985721b/none_v3" "tx9fdeced5430b40488d4c3-0069a1d867" "proxy-server 20" 0.0150 "-" 23 0
Feb 27 17:46:15 standalone proxy-server[129194]: 172.18.0.2 172.18.0.100 27/Feb/2026/17/46/15 PUT /v1/AUTH_e4137b801196407a869686393657fbb9/gnocchi.cbfad436-c0ef-40f8-b87f-137f7985721b/none_v3 HTTP/1.0 201 - python-swiftclient-3.11.1 gAAAAABpodfMV9bR... 22 - - tx9fdeced5430b40488d4c3-0069a1d867 - 0.0212 - - 1772214375.396067619 1772214375.417261124 0
Feb 27 17:46:15 standalone container-server[126994]: 172.20.0.100 - - [27/Feb/2026:17:46:15 +0000] "HEAD /d1/833/AUTH_e4137b801196407a869686393657fbb9/gnocchi.20d8d399-68d1-4187-9240-bfb689c1a89f" 404 - "HEAD http://172.18.0.2:8080/v1/AUTH_e4137b801196407a869686393657fbb9/gnocchi.20d8d399-68d1-4187-9240-bfb689c1a89f?format=json&states=listing" "txaa320ae328e34211b9cae-0069a1d867" "proxy-server 20" 0.0004 "-" 20 0
Feb 27 17:46:15 standalone object-server[127146]: 172.20.0.100 - - [27/Feb/2026:17:46:15 +0000] "GET /d1/973/AUTH_e4137b801196407a869686393657fbb9/gnocchi.20d8d399-68d1-4187-9240-bfb689c1a89f/none_v3" 404 70 "GET http://172.18.0.2:8080/v1/AUTH_e4137b801196407a869686393657fbb9/gnocchi.20d8d399-68d1-4187-9240-bfb689c1a89f/none_v3" "txaa320ae328e34211b9cae-0069a1d867" "proxy-server 20" 0.0003 "-" 22 0
Feb 27 17:46:15 standalone proxy-server[129194]: 172.18.0.2 172.18.0.100 27/Feb/2026/17/46/15 GET /v1/AUTH_e4137b801196407a869686393657fbb9/gnocchi.20d8d399-68d1-4187-9240-bfb689c1a89f/none_v3 HTTP/1.0 404 - python-swiftclient-3.11.1 gAAAAABpodfMV9bR... - 70 - txaa320ae328e34211b9cae-0069a1d867 - 0.0123 - - 1772214375.430488825 1772214375.442819357 0
Feb 27 17:46:15 standalone account-server[126880]: 172.20.0.100 - - [27/Feb/2026:17:46:15 +0000] "PUT /d1/924/AUTH_e4137b801196407a869686393657fbb9/gnocchi.20d8d399-68d1-4187-9240-bfb689c1a89f" 201 - "PUT http://172.20.0.100:6001/d1/833/AUTH_e4137b801196407a869686393657fbb9/gnocchi.20d8d399-68d1-4187-9240-bfb689c1a89f" "txc0db14e7ad5046d3a804c-0069a1d867" "container-server 23" 0.0104 "-" 14 0
Feb 27 17:46:15 standalone container-server[126999]: 172.20.0.100 - - [27/Feb/2026:17:46:15 +0000] "PUT /d1/833/AUTH_e4137b801196407a869686393657fbb9/gnocchi.20d8d399-68d1-4187-9240-bfb689c1a89f" 201 - "PUT http://172.18.0.2:8080/v1/AUTH_e4137b801196407a869686393657fbb9/gnocchi.20d8d399-68d1-4187-9240-bfb689c1a89f" "txc0db14e7ad5046d3a804c-0069a1d867" "proxy-server 20" 0.0228 "-" 23 0
Feb 27 17:46:15 standalone proxy-server[129194]: 172.18.0.2 172.18.0.100 27/Feb/2026/17/46/15 PUT /v1/AUTH_e4137b801196407a869686393657fbb9/gnocchi.20d8d399-68d1-4187-9240-bfb689c1a89f HTTP/1.0 201 - python-swiftclient-3.11.1 gAAAAABpodfMV9bR... - - - txc0db14e7ad5046d3a804c-0069a1d867 - 0.0297 - - 1772214375.444971561 1772214375.474682570 0
Feb 27 17:46:15 standalone container-server[126999]: 172.20.0.100 - - [27/Feb/2026:17:46:15 +0000] "HEAD /d1/833/AUTH_e4137b801196407a869686393657fbb9/gnocchi.20d8d399-68d1-4187-9240-bfb689c1a89f" 204 - "HEAD http://172.18.0.2:8080/v1/AUTH_e4137b801196407a869686393657fbb9/gnocchi.20d8d399-68d1-4187-9240-bfb689c1a89f?format=json&states=listing" "tx3dfcdfbdcd5143c68c43d-0069a1d867" "proxy-server 20" 0.0015 "-" 23 0
Feb 27 17:46:15 standalone proxy-server[129194]: - - 27/Feb/2026/17/46/15 HEAD /v1/AUTH_e4137b801196407a869686393657fbb9/gnocchi.20d8d399-68d1-4187-9240-bfb689c1a89f%3Fformat%3Djson%26states%3Dlisting HTTP/1.0 204 - Swift - - - - tx3dfcdfbdcd5143c68c43d-0069a1d867 - 0.0049 RL - 1772214375.480091095 1772214375.485039473 0
Feb 27 17:46:15 standalone container-server[126995]: 172.20.0.100 - - [27/Feb/2026:17:46:15 +0000] "GET /d1/833/AUTH_e4137b801196407a869686393657fbb9/gnocchi.20d8d399-68d1-4187-9240-bfb689c1a89f" 200 2 "GET http://172.18.0.2:8080/v1/AUTH_e4137b801196407a869686393657fbb9/gnocchi.20d8d399-68d1-4187-9240-bfb689c1a89f?format=json&states=listing" "tx3dfcdfbdcd5143c68c43d-0069a1d867" "proxy-server 20" 0.0019 "-" 21 0
Feb 27 17:46:15 standalone proxy-server[129194]: 172.18.0.2 172.18.0.100 27/Feb/2026/17/46/15 GET /v1/AUTH_e4137b801196407a869686393657fbb9/gnocchi.20d8d399-68d1-4187-9240-bfb689c1a89f%3Fformat%3Djson%26states%3Dlisting HTTP/1.0 200 - python-swiftclient-3.11.1 gAAAAABpodfMV9bR... - 2 - tx3dfcdfbdcd5143c68c43d-0069a1d867 - 0.0147 - - 1772214375.478845358 1772214375.493574858 0
Feb 27 17:46:15 standalone object-server[127149]: 172.20.0.100 - - [27/Feb/2026:17:46:15 +0000] "GET /d1/1022/AUTH_e4137b801196407a869686393657fbb9/gnocchi.20d8d399-68d1-4187-9240-bfb689c1a89f/1771200000.0_mean_300.0_v3" 404 70 "GET http://172.18.0.2:8080/v1/AUTH_e4137b801196407a869686393657fbb9/gnocchi.20d8d399-68d1-4187-9240-bfb689c1a89f/1771200000.0_mean_300.0_v3" "tx2b2e3e8d066b4d10aea28-0069a1d867" "proxy-server 20" 0.0004 "-" 25 0
Feb 27 17:46:15 standalone proxy-server[129194]: 172.18.0.2 172.18.0.100 27/Feb/2026/17/46/15 GET /v1/AUTH_e4137b801196407a869686393657fbb9/gnocchi.20d8d399-68d1-4187-9240-bfb689c1a89f/1771200000.0_mean_300.0_v3 HTTP/1.0 404 - python-swiftclient-3.11.1 gAAAAABpodfMV9bR... - 70 - tx2b2e3e8d066b4d10aea28-0069a1d867 - 0.0108 - - 1772214375.497063398 1772214375.507895947 0
Feb 27 17:46:15 standalone container-server[126999]: 172.20.0.100 - - [27/Feb/2026:17:46:15 +0000] "PUT /d1/833/AUTH_e4137b801196407a869686393657fbb9/gnocchi.20d8d399-68d1-4187-9240-bfb689c1a89f/1771200000.0_mean_300.0_v3" 201 - "PUT http://172.18.0.2:8080/d1/1022/AUTH_e4137b801196407a869686393657fbb9/gnocchi.20d8d399-68d1-4187-9240-bfb689c1a89f/1771200000.0_mean_300.0_v3" "txa2bbc413fd52409c83e13-0069a1d867" "object-server 24" 0.0008 "-" 23 0
Feb 27 17:46:15 standalone object-server[127148]: 172.20.0.100 - - [27/Feb/2026:17:46:15 +0000] "PUT /d1/1022/AUTH_e4137b801196407a869686393657fbb9/gnocchi.20d8d399-68d1-4187-9240-bfb689c1a89f/1771200000.0_mean_300.0_v3" 201 - "PUT http://172.18.0.2:8080/v1/AUTH_e4137b801196407a869686393657fbb9/gnocchi.20d8d399-68d1-4187-9240-bfb689c1a89f/1771200000.0_mean_300.0_v3" "txa2bbc413fd52409c83e13-0069a1d867" "proxy-server 20" 0.0148 "-" 24 0
Feb 27 17:46:15 standalone proxy-server[129194]: 172.18.0.2 172.18.0.100 27/Feb/2026/17/46/15 PUT /v1/AUTH_e4137b801196407a869686393657fbb9/gnocchi.20d8d399-68d1-4187-9240-bfb689c1a89f/1771200000.0_mean_300.0_v3 HTTP/1.0 201 - python-swiftclient-3.11.1 gAAAAABpodfMV9bR... 16 - - txa2bbc413fd52409c83e13-0069a1d867 - 0.0213 - - 1772214375.510520458 1772214375.531776667 0
Feb 27 17:46:15 standalone container-server[126994]: 172.20.0.100 - - [27/Feb/2026:17:46:15 +0000] "PUT /d1/833/AUTH_e4137b801196407a869686393657fbb9/gnocchi.20d8d399-68d1-4187-9240-bfb689c1a89f/none_v3" 201 - "PUT http://172.18.0.2:8080/d1/973/AUTH_e4137b801196407a869686393657fbb9/gnocchi.20d8d399-68d1-4187-9240-bfb689c1a89f/none_v3" "tx8a3708d72ec841b08abfb-0069a1d867" "object-server 25" 0.0008 "-" 20 0
Feb 27 17:46:15 standalone object-server[127149]: 172.20.0.100 - - [27/Feb/2026:17:46:15 +0000] "PUT /d1/973/AUTH_e4137b801196407a869686393657fbb9/gnocchi.20d8d399-68d1-4187-9240-bfb689c1a89f/none_v3" 201 - "PUT http://172.18.0.2:8080/v1/AUTH_e4137b801196407a869686393657fbb9/gnocchi.20d8d399-68d1-4187-9240-bfb689c1a89f/none_v3" "tx8a3708d72ec841b08abfb-0069a1d867" "proxy-server 20" 0.0164 "-" 25 0
Feb 27 17:46:15 standalone proxy-server[129194]: 172.18.0.2 172.18.0.100 27/Feb/2026/17/46/15 PUT /v1/AUTH_e4137b801196407a869686393657fbb9/gnocchi.20d8d399-68d1-4187-9240-bfb689c1a89f/none_v3 HTTP/1.0 201 - python-swiftclient-3.11.1 gAAAAABpodfMV9bR... 22 - - tx8a3708d72ec841b08abfb-0069a1d867 - 0.0230 - - 1772214375.534507275 1772214375.557551384 0
Feb 27 17:46:15 standalone container-server[126999]: 172.20.0.100 - - [27/Feb/2026:17:46:15 +0000] "HEAD /d1/789/AUTH_e4137b801196407a869686393657fbb9/gnocchi.fbd071b0-2bab-4ca8-a432-5d020bd25a0e" 404 - "HEAD http://172.18.0.2:8080/v1/AUTH_e4137b801196407a869686393657fbb9/gnocchi.fbd071b0-2bab-4ca8-a432-5d020bd25a0e?format=json&states=listing" "txa8749370067146b0bc96b-0069a1d867" "proxy-server 20" 0.0004 "-" 23 0
Feb 27 17:46:15 standalone object-server[127147]: 172.20.0.100 - - [27/Feb/2026:17:46:15 +0000] "GET /d1/53/AUTH_e4137b801196407a869686393657fbb9/gnocchi.fbd071b0-2bab-4ca8-a432-5d020bd25a0e/none_v3" 404 70 "GET http://172.18.0.2:8080/v1/AUTH_e4137b801196407a869686393657fbb9/gnocchi.fbd071b0-2bab-4ca8-a432-5d020bd25a0e/none_v3" "txa8749370067146b0bc96b-0069a1d867" "proxy-server 20" 0.0003 "-" 23 0
Feb 27 17:46:15 standalone proxy-server[129194]: 172.18.0.2 172.18.0.100 27/Feb/2026/17/46/15 GET /v1/AUTH_e4137b801196407a869686393657fbb9/gnocchi.fbd071b0-2bab-4ca8-a432-5d020bd25a0e/none_v3 HTTP/1.0 404 - python-swiftclient-3.11.1 gAAAAABpodfMV9bR... - 70 - txa8749370067146b0bc96b-0069a1d867 - 0.0086 - - 1772214375.579377651 1772214375.587930441 0
Feb 27 17:46:15 standalone account-server[126893]: 172.20.0.100 - - [27/Feb/2026:17:46:15 +0000] "PUT /d1/924/AUTH_e4137b801196407a869686393657fbb9/gnocchi.fbd071b0-2bab-4ca8-a432-5d020bd25a0e" 201 - "PUT http://172.20.0.100:6001/d1/789/AUTH_e4137b801196407a869686393657fbb9/gnocchi.fbd071b0-2bab-4ca8-a432-5d020bd25a0e" "tx6a3c4f54fbb5413ca2290-0069a1d867" "container-server 20" 0.0054 "-" 19 0
Feb 27 17:46:15 standalone container-server[126994]: 172.20.0.100 - - [27/Feb/2026:17:46:15 +0000] "PUT /d1/789/AUTH_e4137b801196407a869686393657fbb9/gnocchi.fbd071b0-2bab-4ca8-a432-5d020bd25a0e" 201 - "PUT http://172.18.0.2:8080/v1/AUTH_e4137b801196407a869686393657fbb9/gnocchi.fbd071b0-2bab-4ca8-a432-5d020bd25a0e" "tx6a3c4f54fbb5413ca2290-0069a1d867" "proxy-server 20" 0.0151 "-" 20 0
Feb 27 17:46:15 standalone proxy-server[129194]: 172.18.0.2 172.18.0.100 27/Feb/2026/17/46/15 PUT /v1/AUTH_e4137b801196407a869686393657fbb9/gnocchi.fbd071b0-2bab-4ca8-a432-5d020bd25a0e HTTP/1.0 201 - python-swiftclient-3.11.1 gAAAAABpodfMV9bR... - - - tx6a3c4f54fbb5413ca2290-0069a1d867 - 0.0291 - - 1772214375.592272758 1772214375.621414185 0
Feb 27 17:46:15 standalone container-server[126999]: 172.20.0.100 - - [27/Feb/2026:17:46:15 +0000] "HEAD /d1/789/AUTH_e4137b801196407a869686393657fbb9/gnocchi.fbd071b0-2bab-4ca8-a432-5d020bd25a0e" 204 - "HEAD http://172.18.0.2:8080/v1/AUTH_e4137b801196407a869686393657fbb9/gnocchi.fbd071b0-2bab-4ca8-a432-5d020bd25a0e?format=json&states=listing" "tx9bb92d3688c044c895a88-0069a1d867" "proxy-server 20" 0.0013 "-" 23 0
Feb 27 17:46:15 standalone proxy-server[129194]: - - 27/Feb/2026/17/46/15 HEAD /v1/AUTH_e4137b801196407a869686393657fbb9/gnocchi.fbd071b0-2bab-4ca8-a432-5d020bd25a0e%3Fformat%3Djson%26states%3Dlisting HTTP/1.0 204 - Swift - - - - tx9bb92d3688c044c895a88-0069a1d867 - 0.0041 RL - 1772214375.625776291 1772214375.629857779 0
Feb 27 17:46:15 standalone container-server[126997]: 172.20.0.100 - - [27/Feb/2026:17:46:15 +0000] "GET /d1/789/AUTH_e4137b801196407a869686393657fbb9/gnocchi.fbd071b0-2bab-4ca8-a432-5d020bd25a0e" 200 2 "GET http://172.18.0.2:8080/v1/AUTH_e4137b801196407a869686393657fbb9/gnocchi.fbd071b0-2bab-4ca8-a432-5d020bd25a0e?format=json&states=listing" "tx9bb92d3688c044c895a88-0069a1d867" "proxy-server 20" 0.0018 "-" 22 0
Feb 27 17:46:15 standalone proxy-server[129194]: 172.18.0.2 172.18.0.100 27/Feb/2026/17/46/15 GET /v1/AUTH_e4137b801196407a869686393657fbb9/gnocchi.fbd071b0-2bab-4ca8-a432-5d020bd25a0e%3Fformat%3Djson%26states%3Dlisting HTTP/1.0 200 - python-swiftclient-3.11.1 gAAAAABpodfMV9bR... - 2 - tx9bb92d3688c044c895a88-0069a1d867 - 0.0118 - - 1772214375.624353886 1772214375.636161566 0
Feb 27 17:46:15 standalone object-server[127146]: 172.20.0.100 - - [27/Feb/2026:17:46:15 +0000] "GET /d1/298/AUTH_e4137b801196407a869686393657fbb9/gnocchi.fbd071b0-2bab-4ca8-a432-5d020bd25a0e/1771200000.0_mean_300.0_v3" 404 70 "GET http://172.18.0.2:8080/v1/AUTH_e4137b801196407a869686393657fbb9/gnocchi.fbd071b0-2bab-4ca8-a432-5d020bd25a0e/1771200000.0_mean_300.0_v3" "tx3bc30112e7f142be87791-0069a1d867" "proxy-server 20" 0.0005 "-" 22 0
Feb 27 17:46:15 standalone proxy-server[129194]: 172.18.0.2 172.18.0.100 27/Feb/2026/17/46/15 GET /v1/AUTH_e4137b801196407a869686393657fbb9/gnocchi.fbd071b0-2bab-4ca8-a432-5d020bd25a0e/1771200000.0_mean_300.0_v3 HTTP/1.0 404 - python-swiftclient-3.11.1 gAAAAABpodfMV9bR... - 70 - tx3bc30112e7f142be87791-0069a1d867 - 0.0054 - - 1772214375.638954163 1772214375.644328356 0
Feb 27 17:46:15 standalone container-server[126994]: 172.20.0.100 - - [27/Feb/2026:17:46:15 +0000] "PUT /d1/789/AUTH_e4137b801196407a869686393657fbb9/gnocchi.fbd071b0-2bab-4ca8-a432-5d020bd25a0e/1771200000.0_mean_300.0_v3" 201 - "PUT http://172.18.0.2:8080/d1/298/AUTH_e4137b801196407a869686393657fbb9/gnocchi.fbd071b0-2bab-4ca8-a432-5d020bd25a0e/1771200000.0_mean_300.0_v3" "txd75a22cd3fa8445fa37c0-0069a1d867" "object-server 25" 0.0041 "-" 20 0
Feb 27 17:46:15 standalone object-server[127149]: 172.20.0.100 - - [27/Feb/2026:17:46:15 +0000] "PUT /d1/298/AUTH_e4137b801196407a869686393657fbb9/gnocchi.fbd071b0-2bab-4ca8-a432-5d020bd25a0e/1771200000.0_mean_300.0_v3" 201 - "PUT http://172.18.0.2:8080/v1/AUTH_e4137b801196407a869686393657fbb9/gnocchi.fbd071b0-2bab-4ca8-a432-5d020bd25a0e/1771200000.0_mean_300.0_v3" "txd75a22cd3fa8445fa37c0-0069a1d867" "proxy-server 20" 0.0229 "-" 25 0
Feb 27 17:46:15 standalone proxy-server[129194]: 172.18.0.2 172.18.0.100 27/Feb/2026/17/46/15 PUT /v1/AUTH_e4137b801196407a869686393657fbb9/gnocchi.fbd071b0-2bab-4ca8-a432-5d020bd25a0e/1771200000.0_mean_300.0_v3 HTTP/1.0 201 - python-swiftclient-3.11.1 gAAAAABpodfMV9bR... 16 - - txd75a22cd3fa8445fa37c0-0069a1d867 - 0.0280 - - 1772214375.646287203 1772214375.674291849 0
Feb 27 17:46:15 standalone container-server[126997]: 172.20.0.100 - - [27/Feb/2026:17:46:15 +0000] "PUT /d1/789/AUTH_e4137b801196407a869686393657fbb9/gnocchi.fbd071b0-2bab-4ca8-a432-5d020bd25a0e/none_v3" 201 - "PUT http://172.18.0.2:8080/d1/53/AUTH_e4137b801196407a869686393657fbb9/gnocchi.fbd071b0-2bab-4ca8-a432-5d020bd25a0e/none_v3" "txf9aeedd9e2614b3e8a32f-0069a1d867" "object-server 23" 0.0005 "-" 22 0
Feb 27 17:46:15 standalone object-server[127147]: 172.20.0.100 - - [27/Feb/2026:17:46:15 +0000] "PUT /d1/53/AUTH_e4137b801196407a869686393657fbb9/gnocchi.fbd071b0-2bab-4ca8-a432-5d020bd25a0e/none_v3" 201 - "PUT http://172.18.0.2:8080/v1/AUTH_e4137b801196407a869686393657fbb9/gnocchi.fbd071b0-2bab-4ca8-a432-5d020bd25a0e/none_v3" "txf9aeedd9e2614b3e8a32f-0069a1d867" "proxy-server 20" 0.0077 "-" 23 0
Feb 27 17:46:15 standalone proxy-server[129194]: 172.18.0.2 172.18.0.100 27/Feb/2026/17/46/15 PUT /v1/AUTH_e4137b801196407a869686393657fbb9/gnocchi.fbd071b0-2bab-4ca8-a432-5d020bd25a0e/none_v3 HTTP/1.0 201 - python-swiftclient-3.11.1 gAAAAABpodfMV9bR... 22 - - txf9aeedd9e2614b3e8a32f-0069a1d867 - 0.0131 - - 1772214375.676934242 1772214375.690033436 0
Feb 27 17:46:15 standalone container-server[126999]: 172.20.0.100 - - [27/Feb/2026:17:46:15 +0000] "HEAD /d1/456/AUTH_e4137b801196407a869686393657fbb9/gnocchi.a4da9073-d053-495d-be27-aa884411aecb" 404 - "HEAD http://172.18.0.2:8080/v1/AUTH_e4137b801196407a869686393657fbb9/gnocchi.a4da9073-d053-495d-be27-aa884411aecb?format=json&states=listing" "txc836e73018744cb39cc78-0069a1d867" "proxy-server 20" 0.0004 "-" 23 0
Feb 27 17:46:15 standalone object-server[127148]: 172.20.0.100 - - [27/Feb/2026:17:46:15 +0000] "GET /d1/199/AUTH_e4137b801196407a869686393657fbb9/gnocchi.a4da9073-d053-495d-be27-aa884411aecb/none_v3" 404 70 "GET http://172.18.0.2:8080/v1/AUTH_e4137b801196407a869686393657fbb9/gnocchi.a4da9073-d053-495d-be27-aa884411aecb/none_v3" "txc836e73018744cb39cc78-0069a1d867" "proxy-server 20" 0.0004 "-" 24 0
Feb 27 17:46:15 standalone proxy-server[129194]: 172.18.0.2 172.18.0.100 27/Feb/2026/17/46/15 GET /v1/AUTH_e4137b801196407a869686393657fbb9/gnocchi.a4da9073-d053-495d-be27-aa884411aecb/none_v3 HTTP/1.0 404 - python-swiftclient-3.11.1 gAAAAABpodfMV9bR... - 70 - txc836e73018744cb39cc78-0069a1d867 - 0.0086 - - 1772214375.698725462 1772214375.707343340 0
Feb 27 17:46:15 standalone account-server[126880]: 172.20.0.100 - - [27/Feb/2026:17:46:15 +0000] "PUT /d1/924/AUTH_e4137b801196407a869686393657fbb9/gnocchi.a4da9073-d053-495d-be27-aa884411aecb" 201 - "PUT http://172.20.0.100:6001/d1/456/AUTH_e4137b801196407a869686393657fbb9/gnocchi.a4da9073-d053-495d-be27-aa884411aecb" "tx7945a83565e14984af28d-0069a1d867" "container-server 21" 0.0047 "-" 14 0
Feb 27 17:46:15 standalone container-server[126995]: 172.20.0.100 - - [27/Feb/2026:17:46:15 +0000] "PUT /d1/456/AUTH_e4137b801196407a869686393657fbb9/gnocchi.a4da9073-d053-495d-be27-aa884411aecb" 201 - "PUT http://172.18.0.2:8080/v1/AUTH_e4137b801196407a869686393657fbb9/gnocchi.a4da9073-d053-495d-be27-aa884411aecb" "tx7945a83565e14984af28d-0069a1d867" "proxy-server 20" 0.0192 "-" 21 0
Feb 27 17:46:15 standalone proxy-server[129194]: 172.18.0.2 172.18.0.100 27/Feb/2026/17/46/15 PUT /v1/AUTH_e4137b801196407a869686393657fbb9/gnocchi.a4da9073-d053-495d-be27-aa884411aecb HTTP/1.0 201 - python-swiftclient-3.11.1 gAAAAABpodfMV9bR... - - - tx7945a83565e14984af28d-0069a1d867 - 0.0248 - - 1772214375.709986448 1772214375.734745741 0
Feb 27 17:46:15 standalone container-server[126995]: 172.20.0.100 - - [27/Feb/2026:17:46:15 +0000] "HEAD /d1/456/AUTH_e4137b801196407a869686393657fbb9/gnocchi.a4da9073-d053-495d-be27-aa884411aecb" 204 - "HEAD http://172.18.0.2:8080/v1/AUTH_e4137b801196407a869686393657fbb9/gnocchi.a4da9073-d053-495d-be27-aa884411aecb?format=json&states=listing" "tx7942ab5d4aa84b69b38aa-0069a1d867" "proxy-server 20" 0.0012 "-" 21 0
Feb 27 17:46:15 standalone proxy-server[129194]: - - 27/Feb/2026/17/46/15 HEAD /v1/AUTH_e4137b801196407a869686393657fbb9/gnocchi.a4da9073-d053-495d-be27-aa884411aecb%3Fformat%3Djson%26states%3Dlisting HTTP/1.0 204 - Swift - - - - tx7942ab5d4aa84b69b38aa-0069a1d867 - 0.0044 RL - 1772214375.740449190 1772214375.744841814 0
Feb 27 17:46:15 standalone container-server[126997]: 172.20.0.100 - - [27/Feb/2026:17:46:15 +0000] "GET /d1/456/AUTH_e4137b801196407a869686393657fbb9/gnocchi.a4da9073-d053-495d-be27-aa884411aecb" 200 2 "GET http://172.18.0.2:8080/v1/AUTH_e4137b801196407a869686393657fbb9/gnocchi.a4da9073-d053-495d-be27-aa884411aecb?format=json&states=listing" "tx7942ab5d4aa84b69b38aa-0069a1d867" "proxy-server 20" 0.0017 "-" 22 0
Feb 27 17:46:15 standalone proxy-server[129194]: 172.18.0.2 172.18.0.100 27/Feb/2026/17/46/15 GET /v1/AUTH_e4137b801196407a869686393657fbb9/gnocchi.a4da9073-d053-495d-be27-aa884411aecb%3Fformat%3Djson%26states%3Dlisting HTTP/1.0 200 - python-swiftclient-3.11.1 gAAAAABpodfMV9bR... - 2 - tx7942ab5d4aa84b69b38aa-0069a1d867 - 0.0135 - - 1772214375.739336014 1772214375.752788544 0
Feb 27 17:46:15 standalone object-server[127146]: 172.20.0.100 - - [27/Feb/2026:17:46:15 +0000] "GET /d1/269/AUTH_e4137b801196407a869686393657fbb9/gnocchi.a4da9073-d053-495d-be27-aa884411aecb/1771200000.0_mean_300.0_v3" 404 70 "GET http://172.18.0.2:8080/v1/AUTH_e4137b801196407a869686393657fbb9/gnocchi.a4da9073-d053-495d-be27-aa884411aecb/1771200000.0_mean_300.0_v3" "txf37d8acb7b99474b9c233-0069a1d867" "proxy-server 20" 0.0004 "-" 22 0
Feb 27 17:46:15 standalone proxy-server[129194]: 172.18.0.2 172.18.0.100 27/Feb/2026/17/46/15 GET /v1/AUTH_e4137b801196407a869686393657fbb9/gnocchi.a4da9073-d053-495d-be27-aa884411aecb/1771200000.0_mean_300.0_v3 HTTP/1.0 404 - python-swiftclient-3.11.1 gAAAAABpodfMV9bR... - 70 - txf37d8acb7b99474b9c233-0069a1d867 - 0.0066 - - 1772214375.778395891 1772214375.785025597 0
Feb 27 17:46:15 standalone container-server[126995]: 172.20.0.100 - - [27/Feb/2026:17:46:15 +0000] "PUT /d1/456/AUTH_e4137b801196407a869686393657fbb9/gnocchi.a4da9073-d053-495d-be27-aa884411aecb/1771200000.0_mean_300.0_v3" 201 - "PUT http://172.18.0.2:8080/d1/269/AUTH_e4137b801196407a869686393657fbb9/gnocchi.a4da9073-d053-495d-be27-aa884411aecb/1771200000.0_mean_300.0_v3" "tx2c5048522f364884a25ea-0069a1d867" "object-server 22" 0.0010 "-" 21 0
Feb 27 17:46:15 standalone object-server[127146]: 172.20.0.100 - - [27/Feb/2026:17:46:15 +0000] "PUT /d1/269/AUTH_e4137b801196407a869686393657fbb9/gnocchi.a4da9073-d053-495d-be27-aa884411aecb/1771200000.0_mean_300.0_v3" 201 - "PUT http://172.18.0.2:8080/v1/AUTH_e4137b801196407a869686393657fbb9/gnocchi.a4da9073-d053-495d-be27-aa884411aecb/1771200000.0_mean_300.0_v3" "tx2c5048522f364884a25ea-0069a1d867" "proxy-server 20" 0.0138 "-" 22 0
Feb 27 17:46:15 standalone proxy-server[129194]: 172.18.0.2 172.18.0.100 27/Feb/2026/17/46/15 PUT /v1/AUTH_e4137b801196407a869686393657fbb9/gnocchi.a4da9073-d053-495d-be27-aa884411aecb/1771200000.0_mean_300.0_v3 HTTP/1.0 201 - python-swiftclient-3.11.1 gAAAAABpodfMV9bR... 16 - - tx2c5048522f364884a25ea-0069a1d867 - 0.0201 - - 1772214375.794206142 1772214375.814318419 0
Feb 27 17:46:15 standalone container-server[126995]: 172.20.0.100 - - [27/Feb/2026:17:46:15 +0000] "PUT /d1/456/AUTH_e4137b801196407a869686393657fbb9/gnocchi.a4da9073-d053-495d-be27-aa884411aecb/none_v3" 201 - "PUT http://172.18.0.2:8080/d1/199/AUTH_e4137b801196407a869686393657fbb9/gnocchi.a4da9073-d053-495d-be27-aa884411aecb/none_v3" "tx8c4bb7d4ac054afb8c117-0069a1d867" "object-server 23" 0.0007 "-" 21 0
Feb 27 17:46:15 standalone object-server[127147]: 172.20.0.100 - - [27/Feb/2026:17:46:15 +0000] "PUT /d1/199/AUTH_e4137b801196407a869686393657fbb9/gnocchi.a4da9073-d053-495d-be27-aa884411aecb/none_v3" 201 - "PUT http://172.18.0.2:8080/v1/AUTH_e4137b801196407a869686393657fbb9/gnocchi.a4da9073-d053-495d-be27-aa884411aecb/none_v3" "tx8c4bb7d4ac054afb8c117-0069a1d867" "proxy-server 20" 0.0085 "-" 23 0
Feb 27 17:46:15 standalone proxy-server[129194]: 172.18.0.2 172.18.0.100 27/Feb/2026/17/46/15 PUT /v1/AUTH_e4137b801196407a869686393657fbb9/gnocchi.a4da9073-d053-495d-be27-aa884411aecb/none_v3 HTTP/1.0 201 - python-swiftclient-3.11.1 gAAAAABpodfMV9bR... 22 - - tx8c4bb7d4ac054afb8c117-0069a1d867 - 0.0148 - - 1772214375.818234444 1772214375.832999468 0
