Feb 27 17:44:48 standalone object-server[127147]: 172.20.0.100 - - [27/Feb/2026:17:44:48 +0000] "PUT /d1/591/AUTH_e4137b801196407a869686393657fbb9/gnocchi.690c9b7e-979c-4a20-93ed-979bc32f6082/1771200000.0_mean_300.0_v3" 201 - "PUT http://172.18.0.2:8080/v1/AUTH_e4137b801196407a869686393657fbb9/gnocchi.690c9b7e-979c-4a20-93ed-979bc32f6082/1771200000.0_mean_300.0_v3" "tx141077a70c424c0ca3871-0069a1d80f" "proxy-server 20" 0.0150 "-" 23 0
Feb 27 17:44:48 standalone proxy-server[129194]: 172.18.0.2 172.18.0.100 27/Feb/2026/17/44/48 PUT /v1/AUTH_e4137b801196407a869686393657fbb9/gnocchi.690c9b7e-979c-4a20-93ed-979bc32f6082/1771200000.0_mean_300.0_v3 HTTP/1.0 201 - python-swiftclient-3.11.1 gAAAAABpodfMV9bR... 16 - - tx141077a70c424c0ca3871-0069a1d80f - 0.0241 - - 1772214287.980990887 1772214288.005059242 0
Feb 27 17:44:48 standalone container-server[126994]: 172.20.0.100 - - [27/Feb/2026:17:44:48 +0000] "PUT /d1/29/AUTH_e4137b801196407a869686393657fbb9/gnocchi.690c9b7e-979c-4a20-93ed-979bc32f6082/none_v3" 201 - "PUT http://172.18.0.2:8080/d1/460/AUTH_e4137b801196407a869686393657fbb9/gnocchi.690c9b7e-979c-4a20-93ed-979bc32f6082/none_v3" "txbbc772630fef4c7ead7a2-0069a1d810" "object-server 23" 0.0011 "-" 20 0
Feb 27 17:44:48 standalone object-server[127147]: 172.20.0.100 - - [27/Feb/2026:17:44:48 +0000] "PUT /d1/460/AUTH_e4137b801196407a869686393657fbb9/gnocchi.690c9b7e-979c-4a20-93ed-979bc32f6082/none_v3" 201 - "PUT http://172.18.0.2:8080/v1/AUTH_e4137b801196407a869686393657fbb9/gnocchi.690c9b7e-979c-4a20-93ed-979bc32f6082/none_v3" "txbbc772630fef4c7ead7a2-0069a1d810" "proxy-server 20" 0.0128 "-" 23 0
Feb 27 17:44:48 standalone proxy-server[129194]: 172.18.0.2 172.18.0.100 27/Feb/2026/17/44/48 PUT /v1/AUTH_e4137b801196407a869686393657fbb9/gnocchi.690c9b7e-979c-4a20-93ed-979bc32f6082/none_v3 HTTP/1.0 201 - python-swiftclient-3.11.1 gAAAAABpodfMV9bR... 22 - - txbbc772630fef4c7ead7a2-0069a1d810 - 0.0222 - - 1772214288.009219885 1772214288.031383753 0
Feb 27 17:44:48 standalone container-server[126999]: 172.20.0.100 - - [27/Feb/2026:17:44:48 +0000] "HEAD /d1/463/AUTH_e4137b801196407a869686393657fbb9/gnocchi.8e310d30-afc8-4899-b86d-1f2a1d690bdc" 404 - "HEAD http://172.18.0.2:8080/v1/AUTH_e4137b801196407a869686393657fbb9/gnocchi.8e310d30-afc8-4899-b86d-1f2a1d690bdc?format=json&states=listing" "txb561bd63f828439887ac5-0069a1d810" "proxy-server 20" 0.0005 "-" 23 0
Feb 27 17:44:48 standalone object-server[127148]: 172.20.0.100 - - [27/Feb/2026:17:44:48 +0000] "GET /d1/970/AUTH_e4137b801196407a869686393657fbb9/gnocchi.8e310d30-afc8-4899-b86d-1f2a1d690bdc/none_v3" 404 70 "GET http://172.18.0.2:8080/v1/AUTH_e4137b801196407a869686393657fbb9/gnocchi.8e310d30-afc8-4899-b86d-1f2a1d690bdc/none_v3" "txb561bd63f828439887ac5-0069a1d810" "proxy-server 20" 0.0006 "-" 24 0
Feb 27 17:44:48 standalone proxy-server[129194]: 172.18.0.2 172.18.0.100 27/Feb/2026/17/44/48 GET /v1/AUTH_e4137b801196407a869686393657fbb9/gnocchi.8e310d30-afc8-4899-b86d-1f2a1d690bdc/none_v3 HTTP/1.0 404 - python-swiftclient-3.11.1 gAAAAABpodfMV9bR... - 70 - txb561bd63f828439887ac5-0069a1d810 - 0.0121 - - 1772214288.333329201 1772214288.345467091 0
Feb 27 17:44:48 standalone account-server[126885]: 172.20.0.100 - - [27/Feb/2026:17:44:48 +0000] "PUT /d1/924/AUTH_e4137b801196407a869686393657fbb9/gnocchi.8e310d30-afc8-4899-b86d-1f2a1d690bdc" 201 - "PUT http://172.20.0.100:6001/d1/463/AUTH_e4137b801196407a869686393657fbb9/gnocchi.8e310d30-afc8-4899-b86d-1f2a1d690bdc" "txc994d4ae5b50483594616-0069a1d810" "container-server 21" 0.0061 "-" 18 0
Feb 27 17:44:48 standalone container-server[126995]: 172.20.0.100 - - [27/Feb/2026:17:44:48 +0000] "PUT /d1/463/AUTH_e4137b801196407a869686393657fbb9/gnocchi.8e310d30-afc8-4899-b86d-1f2a1d690bdc" 201 - "PUT http://172.18.0.2:8080/v1/AUTH_e4137b801196407a869686393657fbb9/gnocchi.8e310d30-afc8-4899-b86d-1f2a1d690bdc" "txc994d4ae5b50483594616-0069a1d810" "proxy-server 20" 0.0200 "-" 21 0
Feb 27 17:44:48 standalone proxy-server[129194]: 172.18.0.2 172.18.0.100 27/Feb/2026/17/44/48 PUT /v1/AUTH_e4137b801196407a869686393657fbb9/gnocchi.8e310d30-afc8-4899-b86d-1f2a1d690bdc HTTP/1.0 201 - python-swiftclient-3.11.1 gAAAAABpodfMV9bR... - - - txc994d4ae5b50483594616-0069a1d810 - 0.0414 - - 1772214288.349035740 1772214288.390449524 0
Feb 27 17:44:48 standalone container-server[126995]: 172.20.0.100 - - [27/Feb/2026:17:44:48 +0000] "HEAD /d1/463/AUTH_e4137b801196407a869686393657fbb9/gnocchi.8e310d30-afc8-4899-b86d-1f2a1d690bdc" 204 - "HEAD http://172.18.0.2:8080/v1/AUTH_e4137b801196407a869686393657fbb9/gnocchi.8e310d30-afc8-4899-b86d-1f2a1d690bdc?format=json&states=listing" "txcfc92f3361764854aee22-0069a1d810" "proxy-server 20" 0.0016 "-" 21 0
Feb 27 17:44:48 standalone proxy-server[129194]: - - 27/Feb/2026/17/44/48 HEAD /v1/AUTH_e4137b801196407a869686393657fbb9/gnocchi.8e310d30-afc8-4899-b86d-1f2a1d690bdc%3Fformat%3Djson%26states%3Dlisting HTTP/1.0 204 - Swift - - - - txcfc92f3361764854aee22-0069a1d810 - 0.0078 RL - 1772214288.401234388 1772214288.409050226 0
Feb 27 17:44:48 standalone container-server[126995]: 172.20.0.100 - - [27/Feb/2026:17:44:48 +0000] "GET /d1/463/AUTH_e4137b801196407a869686393657fbb9/gnocchi.8e310d30-afc8-4899-b86d-1f2a1d690bdc" 200 2 "GET http://172.18.0.2:8080/v1/AUTH_e4137b801196407a869686393657fbb9/gnocchi.8e310d30-afc8-4899-b86d-1f2a1d690bdc?format=json&states=listing" "txcfc92f3361764854aee22-0069a1d810" "proxy-server 20" 0.0024 "-" 21 0
Feb 27 17:44:48 standalone proxy-server[129194]: 172.18.0.2 172.18.0.100 27/Feb/2026/17/44/48 GET /v1/AUTH_e4137b801196407a869686393657fbb9/gnocchi.8e310d30-afc8-4899-b86d-1f2a1d690bdc%3Fformat%3Djson%26states%3Dlisting HTTP/1.0 200 - python-swiftclient-3.11.1 gAAAAABpodfMV9bR... - 2 - txcfc92f3361764854aee22-0069a1d810 - 0.0300 - - 1772214288.394597054 1772214288.424613476 0
Feb 27 17:44:48 standalone object-server[127146]: 172.20.0.100 - - [27/Feb/2026:17:44:48 +0000] "GET /d1/395/AUTH_e4137b801196407a869686393657fbb9/gnocchi.8e310d30-afc8-4899-b86d-1f2a1d690bdc/1771200000.0_mean_300.0_v3" 404 70 "GET http://172.18.0.2:8080/v1/AUTH_e4137b801196407a869686393657fbb9/gnocchi.8e310d30-afc8-4899-b86d-1f2a1d690bdc/1771200000.0_mean_300.0_v3" "tx610760f664054198870b9-0069a1d810" "proxy-server 20" 0.0004 "-" 22 0
Feb 27 17:44:48 standalone proxy-server[129194]: 172.18.0.2 172.18.0.100 27/Feb/2026/17/44/48 GET /v1/AUTH_e4137b801196407a869686393657fbb9/gnocchi.8e310d30-afc8-4899-b86d-1f2a1d690bdc/1771200000.0_mean_300.0_v3 HTTP/1.0 404 - python-swiftclient-3.11.1 gAAAAABpodfMV9bR... - 70 - tx610760f664054198870b9-0069a1d810 - 0.0105 - - 1772214288.429876328 1772214288.440371990 0
Feb 27 17:44:48 standalone container-server[126994]: 172.20.0.100 - - [27/Feb/2026:17:44:48 +0000] "PUT /d1/463/AUTH_e4137b801196407a869686393657fbb9/gnocchi.8e310d30-afc8-4899-b86d-1f2a1d690bdc/1771200000.0_mean_300.0_v3" 201 - "PUT http://172.18.0.2:8080/d1/395/AUTH_e4137b801196407a869686393657fbb9/gnocchi.8e310d30-afc8-4899-b86d-1f2a1d690bdc/1771200000.0_mean_300.0_v3" "tx9bd827df965049e294476-0069a1d810" "object-server 23" 0.0006 "-" 20 0
Feb 27 17:44:48 standalone object-server[127147]: 172.20.0.100 - - [27/Feb/2026:17:44:48 +0000] "PUT /d1/395/AUTH_e4137b801196407a869686393657fbb9/gnocchi.8e310d30-afc8-4899-b86d-1f2a1d690bdc/1771200000.0_mean_300.0_v3" 201 - "PUT http://172.18.0.2:8080/v1/AUTH_e4137b801196407a869686393657fbb9/gnocchi.8e310d30-afc8-4899-b86d-1f2a1d690bdc/1771200000.0_mean_300.0_v3" "tx9bd827df965049e294476-0069a1d810" "proxy-server 20" 0.0163 "-" 23 0
Feb 27 17:44:48 standalone proxy-server[129194]: 172.18.0.2 172.18.0.100 27/Feb/2026/17/44/48 PUT /v1/AUTH_e4137b801196407a869686393657fbb9/gnocchi.8e310d30-afc8-4899-b86d-1f2a1d690bdc/1771200000.0_mean_300.0_v3 HTTP/1.0 201 - python-swiftclient-3.11.1 gAAAAABpodfMV9bR... 16 - - tx9bd827df965049e294476-0069a1d810 - 0.0244 - - 1772214288.444281578 1772214288.468707323 0
Feb 27 17:44:48 standalone container-server[126994]: 172.20.0.100 - - [27/Feb/2026:17:44:48 +0000] "PUT /d1/463/AUTH_e4137b801196407a869686393657fbb9/gnocchi.8e310d30-afc8-4899-b86d-1f2a1d690bdc/none_v3" 201 - "PUT http://172.18.0.2:8080/d1/970/AUTH_e4137b801196407a869686393657fbb9/gnocchi.8e310d30-afc8-4899-b86d-1f2a1d690bdc/none_v3" "txf6d53953877348ab8df86-0069a1d810" "object-server 23" 0.0005 "-" 20 0
Feb 27 17:44:48 standalone object-server[127147]: 172.20.0.100 - - [27/Feb/2026:17:44:48 +0000] "PUT /d1/970/AUTH_e4137b801196407a869686393657fbb9/gnocchi.8e310d30-afc8-4899-b86d-1f2a1d690bdc/none_v3" 201 - "PUT http://172.18.0.2:8080/v1/AUTH_e4137b801196407a869686393657fbb9/gnocchi.8e310d30-afc8-4899-b86d-1f2a1d690bdc/none_v3" "txf6d53953877348ab8df86-0069a1d810" "proxy-server 20" 0.0159 "-" 23 0
Feb 27 17:44:48 standalone proxy-server[129194]: 172.18.0.2 172.18.0.100 27/Feb/2026/17/44/48 PUT /v1/AUTH_e4137b801196407a869686393657fbb9/gnocchi.8e310d30-afc8-4899-b86d-1f2a1d690bdc/none_v3 HTTP/1.0 201 - python-swiftclient-3.11.1 gAAAAABpodfMV9bR... 22 - - txf6d53953877348ab8df86-0069a1d810 - 0.0305 - - 1772214288.472512960 1772214288.503040552 0
Feb 27 17:44:48 standalone container-server[126994]: 172.20.0.100 - - [27/Feb/2026:17:44:48 +0000] "HEAD /d1/799/AUTH_e4137b801196407a869686393657fbb9/gnocchi.da14d7a0-af1c-43bb-932a-98a2458f386d" 404 - "HEAD http://172.18.0.2:8080/v1/AUTH_e4137b801196407a869686393657fbb9/gnocchi.da14d7a0-af1c-43bb-932a-98a2458f386d?format=json&states=listing" "txe50555723d60451c91851-0069a1d810" "proxy-server 20" 0.0004 "-" 20 0
Feb 27 17:44:48 standalone object-server[127149]: 172.20.0.100 - - [27/Feb/2026:17:44:48 +0000] "GET /d1/453/AUTH_e4137b801196407a869686393657fbb9/gnocchi.da14d7a0-af1c-43bb-932a-98a2458f386d/none_v3" 404 70 "GET http://172.18.0.2:8080/v1/AUTH_e4137b801196407a869686393657fbb9/gnocchi.da14d7a0-af1c-43bb-932a-98a2458f386d/none_v3" "txe50555723d60451c91851-0069a1d810" "proxy-server 20" 0.0003 "-" 25 0
Feb 27 17:44:48 standalone proxy-server[129194]: 172.18.0.2 172.18.0.100 27/Feb/2026/17/44/48 GET /v1/AUTH_e4137b801196407a869686393657fbb9/gnocchi.da14d7a0-af1c-43bb-932a-98a2458f386d/none_v3 HTTP/1.0 404 - python-swiftclient-3.11.1 gAAAAABpodfMV9bR... - 70 - txe50555723d60451c91851-0069a1d810 - 0.0088 - - 1772214288.558004141 1772214288.566819906 0
Feb 27 17:44:48 standalone account-server[126897]: 172.20.0.100 - - [27/Feb/2026:17:44:48 +0000] "PUT /d1/924/AUTH_e4137b801196407a869686393657fbb9/gnocchi.da14d7a0-af1c-43bb-932a-98a2458f386d" 201 - "PUT http://172.20.0.100:6001/d1/799/AUTH_e4137b801196407a869686393657fbb9/gnocchi.da14d7a0-af1c-43bb-932a-98a2458f386d" "txdbd73cf7ef5f4553afd3a-0069a1d810" "container-server 22" 0.0614 "-" 20 0
Feb 27 17:44:48 standalone container-server[126997]: 172.20.0.100 - - [27/Feb/2026:17:44:48 +0000] "PUT /d1/799/AUTH_e4137b801196407a869686393657fbb9/gnocchi.da14d7a0-af1c-43bb-932a-98a2458f386d" 201 - "PUT http://172.18.0.2:8080/v1/AUTH_e4137b801196407a869686393657fbb9/gnocchi.da14d7a0-af1c-43bb-932a-98a2458f386d" "txdbd73cf7ef5f4553afd3a-0069a1d810" "proxy-server 20" 0.2008 "-" 22 0
Feb 27 17:44:48 standalone proxy-server[129194]: 172.18.0.2 172.18.0.100 27/Feb/2026/17/44/48 PUT /v1/AUTH_e4137b801196407a869686393657fbb9/gnocchi.da14d7a0-af1c-43bb-932a-98a2458f386d HTTP/1.0 201 - python-swiftclient-3.11.1 gAAAAABpodfMV9bR... - - - txdbd73cf7ef5f4553afd3a-0069a1d810 - 0.2078 - - 1772214288.569587231 1772214288.777347326 0
Feb 27 17:44:48 standalone container-server[126995]: 172.20.0.100 - - [27/Feb/2026:17:44:48 +0000] "HEAD /d1/799/AUTH_e4137b801196407a869686393657fbb9/gnocchi.da14d7a0-af1c-43bb-932a-98a2458f386d" 204 - "HEAD http://172.18.0.2:8080/v1/AUTH_e4137b801196407a869686393657fbb9/gnocchi.da14d7a0-af1c-43bb-932a-98a2458f386d?format=json&states=listing" "txb5fba2c4c9f64c80a40c4-0069a1d810" "proxy-server 20" 0.0017 "-" 21 0
Feb 27 17:44:48 standalone proxy-server[129194]: - - 27/Feb/2026/17/44/48 HEAD /v1/AUTH_e4137b801196407a869686393657fbb9/gnocchi.da14d7a0-af1c-43bb-932a-98a2458f386d%3Fformat%3Djson%26states%3Dlisting HTTP/1.0 204 - Swift - - - - txb5fba2c4c9f64c80a40c4-0069a1d810 - 0.0081 RL - 1772214288.782304049 1772214288.790450096 0
Feb 27 17:44:48 standalone container-server[126995]: 172.20.0.100 - - [27/Feb/2026:17:44:48 +0000] "GET /d1/799/AUTH_e4137b801196407a869686393657fbb9/gnocchi.da14d7a0-af1c-43bb-932a-98a2458f386d" 200 2 "GET http://172.18.0.2:8080/v1/AUTH_e4137b801196407a869686393657fbb9/gnocchi.da14d7a0-af1c-43bb-932a-98a2458f386d?format=json&states=listing" "txb5fba2c4c9f64c80a40c4-0069a1d810" "proxy-server 20" 0.0027 "-" 21 0
Feb 27 17:44:48 standalone proxy-server[129194]: 172.18.0.2 172.18.0.100 27/Feb/2026/17/44/48 GET /v1/AUTH_e4137b801196407a869686393657fbb9/gnocchi.da14d7a0-af1c-43bb-932a-98a2458f386d%3Fformat%3Djson%26states%3Dlisting HTTP/1.0 200 - python-swiftclient-3.11.1 gAAAAABpodfMV9bR... - 2 - txb5fba2c4c9f64c80a40c4-0069a1d810 - 0.0211 - - 1772214288.781389236 1772214288.802500248 0
Feb 27 17:44:48 standalone object-server[127147]: 172.20.0.100 - - [27/Feb/2026:17:44:48 +0000] "GET /d1/133/AUTH_e4137b801196407a869686393657fbb9/gnocchi.da14d7a0-af1c-43bb-932a-98a2458f386d/1771200000.0_mean_300.0_v3" 404 70 "GET http://172.18.0.2:8080/v1/AUTH_e4137b801196407a869686393657fbb9/gnocchi.da14d7a0-af1c-43bb-932a-98a2458f386d/1771200000.0_mean_300.0_v3" "txb59eeaccd8bb46fbbff8f-0069a1d810" "proxy-server 20" 0.0006 "-" 23 0
Feb 27 17:44:48 standalone proxy-server[129194]: 172.18.0.2 172.18.0.100 27/Feb/2026/17/44/48 GET /v1/AUTH_e4137b801196407a869686393657fbb9/gnocchi.da14d7a0-af1c-43bb-932a-98a2458f386d/1771200000.0_mean_300.0_v3 HTTP/1.0 404 - python-swiftclient-3.11.1 gAAAAABpodfMV9bR... - 70 - txb59eeaccd8bb46fbbff8f-0069a1d810 - 0.0061 - - 1772214288.805720091 1772214288.811828136 0
Feb 27 17:44:48 standalone container-server[126999]: 172.20.0.100 - - [27/Feb/2026:17:44:48 +0000] "PUT /d1/799/AUTH_e4137b801196407a869686393657fbb9/gnocchi.da14d7a0-af1c-43bb-932a-98a2458f386d/1771200000.0_mean_300.0_v3" 201 - "PUT http://172.18.0.2:8080/d1/133/AUTH_e4137b801196407a869686393657fbb9/gnocchi.da14d7a0-af1c-43bb-932a-98a2458f386d/1771200000.0_mean_300.0_v3" "txcbaec0a7e94242f19f599-0069a1d810" "object-server 25" 0.0007 "-" 23 0
Feb 27 17:44:48 standalone object-server[127149]: 172.20.0.100 - - [27/Feb/2026:17:44:48 +0000] "PUT /d1/133/AUTH_e4137b801196407a869686393657fbb9/gnocchi.da14d7a0-af1c-43bb-932a-98a2458f386d/1771200000.0_mean_300.0_v3" 201 - "PUT http://172.18.0.2:8080/v1/AUTH_e4137b801196407a869686393657fbb9/gnocchi.da14d7a0-af1c-43bb-932a-98a2458f386d/1771200000.0_mean_300.0_v3" "txcbaec0a7e94242f19f599-0069a1d810" "proxy-server 20" 0.0133 "-" 25 0
Feb 27 17:44:48 standalone proxy-server[129194]: 172.18.0.2 172.18.0.100 27/Feb/2026/17/44/48 PUT /v1/AUTH_e4137b801196407a869686393657fbb9/gnocchi.da14d7a0-af1c-43bb-932a-98a2458f386d/1771200000.0_mean_300.0_v3 HTTP/1.0 201 - python-swiftclient-3.11.1 gAAAAABpodfMV9bR... 16 - - txcbaec0a7e94242f19f599-0069a1d810 - 0.0193 - - 1772214288.815018892 1772214288.834293604 0
Feb 27 17:44:48 standalone container-server[126997]: 172.20.0.100 - - [27/Feb/2026:17:44:48 +0000] "PUT /d1/799/AUTH_e4137b801196407a869686393657fbb9/gnocchi.da14d7a0-af1c-43bb-932a-98a2458f386d/none_v3" 201 - "PUT http://172.18.0.2:8080/d1/453/AUTH_e4137b801196407a869686393657fbb9/gnocchi.da14d7a0-af1c-43bb-932a-98a2458f386d/none_v3" "tx5afa2f7223324362b609e-0069a1d810" "object-server 23" 0.0006 "-" 22 0
Feb 27 17:44:48 standalone object-server[127147]: 172.20.0.100 - - [27/Feb/2026:17:44:48 +0000] "PUT /d1/453/AUTH_e4137b801196407a869686393657fbb9/gnocchi.da14d7a0-af1c-43bb-932a-98a2458f386d/none_v3" 201 - "PUT http://172.18.0.2:8080/v1/AUTH_e4137b801196407a869686393657fbb9/gnocchi.da14d7a0-af1c-43bb-932a-98a2458f386d/none_v3" "tx5afa2f7223324362b609e-0069a1d810" "proxy-server 20" 0.0313 "-" 23 0
Feb 27 17:44:48 standalone proxy-server[129194]: 172.18.0.2 172.18.0.100 27/Feb/2026/17/44/48 PUT /v1/AUTH_e4137b801196407a869686393657fbb9/gnocchi.da14d7a0-af1c-43bb-932a-98a2458f386d/none_v3 HTTP/1.0 201 - python-swiftclient-3.11.1 gAAAAABpodfMV9bR... 22 - - tx5afa2f7223324362b609e-0069a1d810 - 0.0369 - - 1772214288.837116718 1772214288.874033451 0
Feb 27 17:44:48 standalone container-server[126999]: 172.20.0.100 - - [27/Feb/2026:17:44:48 +0000] "HEAD /d1/98/AUTH_e4137b801196407a869686393657fbb9/gnocchi.e5ea8c7e-641c-4978-a347-cdaf2d2adfee" 404 - "HEAD http://172.18.0.2:8080/v1/AUTH_e4137b801196407a869686393657fbb9/gnocchi.e5ea8c7e-641c-4978-a347-cdaf2d2adfee?format=json&states=listing" "txe1e502d620b3429e8297b-0069a1d810" "proxy-server 20" 0.0004 "-" 23 0
Feb 27 17:44:48 standalone object-server[127148]: 172.20.0.100 - - [27/Feb/2026:17:44:48 +0000] "GET /d1/641/AUTH_e4137b801196407a869686393657fbb9/gnocchi.e5ea8c7e-641c-4978-a347-cdaf2d2adfee/none_v3" 404 70 "GET http://172.18.0.2:8080/v1/AUTH_e4137b801196407a869686393657fbb9/gnocchi.e5ea8c7e-641c-4978-a347-cdaf2d2adfee/none_v3" "txe1e502d620b3429e8297b-0069a1d810" "proxy-server 20" 0.0004 "-" 24 0
Feb 27 17:44:48 standalone proxy-server[129194]: 172.18.0.2 172.18.0.100 27/Feb/2026/17/44/48 GET /v1/AUTH_e4137b801196407a869686393657fbb9/gnocchi.e5ea8c7e-641c-4978-a347-cdaf2d2adfee/none_v3 HTTP/1.0 404 - python-swiftclient-3.11.1 gAAAAABpodfMV9bR... - 70 - txe1e502d620b3429e8297b-0069a1d810 - 0.0133 - - 1772214288.886695147 1772214288.900032282 0
Feb 27 17:44:48 standalone account-server[126880]: 172.20.0.100 - - [27/Feb/2026:17:44:48 +0000] "PUT /d1/924/AUTH_e4137b801196407a869686393657fbb9/gnocchi.e5ea8c7e-641c-4978-a347-cdaf2d2adfee" 201 - "PUT http://172.20.0.100:6001/d1/98/AUTH_e4137b801196407a869686393657fbb9/gnocchi.e5ea8c7e-641c-4978-a347-cdaf2d2adfee" "tx6f897e48036e4f0baee76-0069a1d810" "container-server 20" 0.0337 "-" 14 0
Feb 27 17:44:48 standalone container-server[126994]: 172.20.0.100 - - [27/Feb/2026:17:44:48 +0000] "PUT /d1/98/AUTH_e4137b801196407a869686393657fbb9/gnocchi.e5ea8c7e-641c-4978-a347-cdaf2d2adfee" 201 - "PUT http://172.18.0.2:8080/v1/AUTH_e4137b801196407a869686393657fbb9/gnocchi.e5ea8c7e-641c-4978-a347-cdaf2d2adfee" "tx6f897e48036e4f0baee76-0069a1d810" "proxy-server 20" 0.0892 "-" 20 0
Feb 27 17:44:48 standalone proxy-server[129194]: 172.18.0.2 172.18.0.100 27/Feb/2026/17/44/48 PUT /v1/AUTH_e4137b801196407a869686393657fbb9/gnocchi.e5ea8c7e-641c-4978-a347-cdaf2d2adfee HTTP/1.0 201 - python-swiftclient-3.11.1 gAAAAABpodfMV9bR... - - - tx6f897e48036e4f0baee76-0069a1d810 - 0.0953 - - 1772214288.902725935 1772214288.998064995 0
Feb 27 17:44:49 standalone container-server[126995]: 172.20.0.100 - - [27/Feb/2026:17:44:49 +0000] "HEAD /d1/98/AUTH_e4137b801196407a869686393657fbb9/gnocchi.e5ea8c7e-641c-4978-a347-cdaf2d2adfee" 204 - "HEAD http://172.18.0.2:8080/v1/AUTH_e4137b801196407a869686393657fbb9/gnocchi.e5ea8c7e-641c-4978-a347-cdaf2d2adfee?format=json&states=listing" "tx6ac66d471ea04291b7f1a-0069a1d811" "proxy-server 20" 0.0022 "-" 21 0
Feb 27 17:44:49 standalone proxy-server[129194]: - - 27/Feb/2026/17/44/49 HEAD /v1/AUTH_e4137b801196407a869686393657fbb9/gnocchi.e5ea8c7e-641c-4978-a347-cdaf2d2adfee%3Fformat%3Djson%26states%3Dlisting HTTP/1.0 204 - Swift - - - - tx6ac66d471ea04291b7f1a-0069a1d811 - 0.0242 RL - 1772214289.005743504 1772214289.029980898 0
Feb 27 17:44:49 standalone container-server[126997]: 172.20.0.100 - - [27/Feb/2026:17:44:49 +0000] "GET /d1/98/AUTH_e4137b801196407a869686393657fbb9/gnocchi.e5ea8c7e-641c-4978-a347-cdaf2d2adfee" 200 2 "GET http://172.18.0.2:8080/v1/AUTH_e4137b801196407a869686393657fbb9/gnocchi.e5ea8c7e-641c-4978-a347-cdaf2d2adfee?format=json&states=listing" "tx6ac66d471ea04291b7f1a-0069a1d811" "proxy-server 20" 0.0020 "-" 22 0
Feb 27 17:44:49 standalone proxy-server[129194]: 172.18.0.2 172.18.0.100 27/Feb/2026/17/44/49 GET /v1/AUTH_e4137b801196407a869686393657fbb9/gnocchi.e5ea8c7e-641c-4978-a347-cdaf2d2adfee%3Fformat%3Djson%26states%3Dlisting HTTP/1.0 200 - python-swiftclient-3.11.1 gAAAAABpodfMV9bR... - 2 - tx6ac66d471ea04291b7f1a-0069a1d811 - 0.0396 - - 1772214289.001561880 1772214289.041149139 0
Feb 27 17:44:49 standalone object-server[127146]: 172.20.0.100 - - [27/Feb/2026:17:44:49 +0000] "GET /d1/716/AUTH_e4137b801196407a869686393657fbb9/gnocchi.e5ea8c7e-641c-4978-a347-cdaf2d2adfee/1771200000.0_mean_300.0_v3" 404 70 "GET http://172.18.0.2:8080/v1/AUTH_e4137b801196407a869686393657fbb9/gnocchi.e5ea8c7e-641c-4978-a347-cdaf2d2adfee/1771200000.0_mean_300.0_v3" "txd801ead8f2794fdb8b3eb-0069a1d811" "proxy-server 20" 0.0006 "-" 22 0
Feb 27 17:44:49 standalone proxy-server[129194]: 172.18.0.2 172.18.0.100 27/Feb/2026/17/44/49 GET /v1/AUTH_e4137b801196407a869686393657fbb9/gnocchi.e5ea8c7e-641c-4978-a347-cdaf2d2adfee/1771200000.0_mean_300.0_v3 HTTP/1.0 404 - python-swiftclient-3.11.1 gAAAAABpodfMV9bR... - 70 - txd801ead8f2794fdb8b3eb-0069a1d811 - 0.0079 - - 1772214289.045593262 1772214289.053518772 0
Feb 27 17:44:49 standalone container-server[126997]: 172.20.0.100 - - [27/Feb/2026:17:44:49 +0000] "PUT /d1/98/AUTH_e4137b801196407a869686393657fbb9/gnocchi.e5ea8c7e-641c-4978-a347-cdaf2d2adfee/1771200000.0_mean_300.0_v3" 201 - "PUT http://172.18.0.2:8080/d1/716/AUTH_e4137b801196407a869686393657fbb9/gnocchi.e5ea8c7e-641c-4978-a347-cdaf2d2adfee/1771200000.0_mean_300.0_v3" "txbcdcf3f57ca04fcaa6c7d-0069a1d811" "object-server 23" 0.0006 "-" 22 0
Feb 27 17:44:49 standalone object-server[127147]: 172.20.0.100 - - [27/Feb/2026:17:44:49 +0000] "PUT /d1/716/AUTH_e4137b801196407a869686393657fbb9/gnocchi.e5ea8c7e-641c-4978-a347-cdaf2d2adfee/1771200000.0_mean_300.0_v3" 201 - "PUT http://172.18.0.2:8080/v1/AUTH_e4137b801196407a869686393657fbb9/gnocchi.e5ea8c7e-641c-4978-a347-cdaf2d2adfee/1771200000.0_mean_300.0_v3" "txbcdcf3f57ca04fcaa6c7d-0069a1d811" "proxy-server 20" 0.0628 "-" 23 0
Feb 27 17:44:49 standalone proxy-server[129194]: 172.18.0.2 172.18.0.100 27/Feb/2026/17/44/49 PUT /v1/AUTH_e4137b801196407a869686393657fbb9/gnocchi.e5ea8c7e-641c-4978-a347-cdaf2d2adfee/1771200000.0_mean_300.0_v3 HTTP/1.0 201 - python-swiftclient-3.11.1 gAAAAABpodfMV9bR... 16 - - txbcdcf3f57ca04fcaa6c7d-0069a1d811 - 0.0702 - - 1772214289.057988644 1772214289.128200293 0
Feb 27 17:44:49 standalone container-server[126999]: 172.20.0.100 - - [27/Feb/2026:17:44:49 +0000] "PUT /d1/98/AUTH_e4137b801196407a869686393657fbb9/gnocchi.e5ea8c7e-641c-4978-a347-cdaf2d2adfee/none_v3" 201 - "PUT http://172.18.0.2:8080/d1/641/AUTH_e4137b801196407a869686393657fbb9/gnocchi.e5ea8c7e-641c-4978-a347-cdaf2d2adfee/none_v3" "tx0ccd7fa582024fd195272-0069a1d811" "object-server 23" 0.0006 "-" 23 0
Feb 27 17:44:49 standalone object-server[127147]: 172.20.0.100 - - [27/Feb/2026:17:44:49 +0000] "PUT /d1/641/AUTH_e4137b801196407a869686393657fbb9/gnocchi.e5ea8c7e-641c-4978-a347-cdaf2d2adfee/none_v3" 201 - "PUT http://172.18.0.2:8080/v1/AUTH_e4137b801196407a869686393657fbb9/gnocchi.e5ea8c7e-641c-4978-a347-cdaf2d2adfee/none_v3" "tx0ccd7fa582024fd195272-0069a1d811" "proxy-server 20" 0.0508 "-" 23 0
Feb 27 17:44:49 standalone proxy-server[129194]: 172.18.0.2 172.18.0.100 27/Feb/2026/17/44/49 PUT /v1/AUTH_e4137b801196407a869686393657fbb9/gnocchi.e5ea8c7e-641c-4978-a347-cdaf2d2adfee/none_v3 HTTP/1.0 201 - python-swiftclient-3.11.1 gAAAAABpodfMV9bR... 22 - - tx0ccd7fa582024fd195272-0069a1d811 - 0.0622 - - 1772214289.133460760 1772214289.195702791 0
Feb 27 17:44:58 standalone account-server[126893]: 172.20.0.100 - - [27/Feb/2026:17:44:58 +0000] "HEAD /d1/396/.expiring_objects" 404 - "HEAD http://localhost/v1/.expiring_objects?format=json" "txc92c19b666bb49bea50c9-0069a1d81a" "proxy-server 2" 0.0008 "-" 19 -
Feb 27 17:44:58 standalone object-expirer[126778]: Pass completed in 0s; 0 objects expired (txn: txc92c19b666bb49bea50c9-0069a1d81a)
Feb 27 17:45:18 standalone container-server[126994]: 172.20.0.100 - - [27/Feb/2026:17:45:18 +0000] "HEAD /d1/792/AUTH_e4137b801196407a869686393657fbb9/gnocchi.42999546-f3e5-488a-8df4-233e83e069f3" 404 - "HEAD http://172.18.0.2:8080/v1/AUTH_e4137b801196407a869686393657fbb9/gnocchi.42999546-f3e5-488a-8df4-233e83e069f3?format=json&states=listing" "tx28e716ff495846d59c41e-0069a1d82e" "proxy-server 20" 0.0008 "-" 20 0
Feb 27 17:45:18 standalone object-server[127148]: 172.20.0.100 - - [27/Feb/2026:17:45:18 +0000] "GET /d1/778/AUTH_e4137b801196407a869686393657fbb9/gnocchi.42999546-f3e5-488a-8df4-233e83e069f3/none_v3" 404 70 "GET http://172.18.0.2:8080/v1/AUTH_e4137b801196407a869686393657fbb9/gnocchi.42999546-f3e5-488a-8df4-233e83e069f3/none_v3" "tx28e716ff495846d59c41e-0069a1d82e" "proxy-server 20" 0.0007 "-" 24 0
Feb 27 17:45:18 standalone proxy-server[129194]: 172.18.0.2 172.18.0.100 27/Feb/2026/17/45/18 GET /v1/AUTH_e4137b801196407a869686393657fbb9/gnocchi.42999546-f3e5-488a-8df4-233e83e069f3/none_v3 HTTP/1.0 404 - python-swiftclient-3.11.1 gAAAAABpodfMV9bR... - 70 - tx28e716ff495846d59c41e-0069a1d82e - 0.0139 - - 1772214318.729927778 1772214318.743792534 0
Feb 27 17:45:18 standalone account-server[126885]: 172.20.0.100 - - [27/Feb/2026:17:45:18 +0000] "PUT /d1/924/AUTH_e4137b801196407a869686393657fbb9/gnocchi.42999546-f3e5-488a-8df4-233e83e069f3" 201 - "PUT http://172.20.0.100:6001/d1/792/AUTH_e4137b801196407a869686393657fbb9/gnocchi.42999546-f3e5-488a-8df4-233e83e069f3" "tx76a6870a6af34c43be917-0069a1d82e" "container-server 22" 0.0157 "-" 18 0
Feb 27 17:45:18 standalone container-server[126997]: 172.20.0.100 - - [27/Feb/2026:17:45:18 +0000] "PUT /d1/792/AUTH_e4137b801196407a869686393657fbb9/gnocchi.42999546-f3e5-488a-8df4-233e83e069f3" 201 - "PUT http://172.18.0.2:8080/v1/AUTH_e4137b801196407a869686393657fbb9/gnocchi.42999546-f3e5-488a-8df4-233e83e069f3" "tx76a6870a6af34c43be917-0069a1d82e" "proxy-server 20" 0.0367 "-" 22 0
Feb 27 17:45:18 standalone proxy-server[129194]: 172.18.0.2 172.18.0.100 27/Feb/2026/17/45/18 PUT /v1/AUTH_e4137b801196407a869686393657fbb9/gnocchi.42999546-f3e5-488a-8df4-233e83e069f3 HTTP/1.0 201 - python-swiftclient-3.11.1 gAAAAABpodfMV9bR... - - - tx76a6870a6af34c43be917-0069a1d82e - 0.0490 - - 1772214318.750182867 1772214318.799143791 0
Feb 27 17:45:18 standalone container-server[126999]: 172.20.0.100 - - [27/Feb/2026:17:45:18 +0000] "HEAD /d1/792/AUTH_e4137b801196407a869686393657fbb9/gnocchi.42999546-f3e5-488a-8df4-233e83e069f3" 204 - "HEAD http://172.18.0.2:8080/v1/AUTH_e4137b801196407a869686393657fbb9/gnocchi.42999546-f3e5-488a-8df4-233e83e069f3?format=json&states=listing" "txba272fb0d9f34f49b85f6-0069a1d82e" "proxy-server 20" 0.0015 "-" 23 0
Feb 27 17:45:18 standalone proxy-server[129194]: - - 27/Feb/2026/17/45/18 HEAD /v1/AUTH_e4137b801196407a869686393657fbb9/gnocchi.42999546-f3e5-488a-8df4-233e83e069f3%3Fformat%3Djson%26states%3Dlisting HTTP/1.0 204 - Swift - - - - txba272fb0d9f34f49b85f6-0069a1d82e - 0.0074 RL - 1772214318.817699432 1772214318.825123310 0
Feb 27 17:45:18 standalone container-server[126999]: 172.20.0.100 - - [27/Feb/2026:17:45:18 +0000] "GET /d1/792/AUTH_e4137b801196407a869686393657fbb9/gnocchi.42999546-f3e5-488a-8df4-233e83e069f3" 200 2 "GET http://172.18.0.2:8080/v1/AUTH_e4137b801196407a869686393657fbb9/gnocchi.42999546-f3e5-488a-8df4-233e83e069f3?format=json&states=listing" "txba272fb0d9f34f49b85f6-0069a1d82e" "proxy-server 20" 0.0021 "-" 23 0
Feb 27 17:45:18 standalone proxy-server[129194]: 172.18.0.2 172.18.0.100 27/Feb/2026/17/45/18 GET /v1/AUTH_e4137b801196407a869686393657fbb9/gnocchi.42999546-f3e5-488a-8df4-233e83e069f3%3Fformat%3Djson%26states%3Dlisting HTTP/1.0 200 - python-swiftclient-3.11.1 gAAAAABpodfMV9bR... - 2 - txba272fb0d9f34f49b85f6-0069a1d82e - 0.0254 - - 1772214318.811850548 1772214318.837252378 0
Feb 27 17:45:18 standalone object-server[127146]: 172.20.0.100 - - [27/Feb/2026:17:45:18 +0000] "GET /d1/399/AUTH_e4137b801196407a869686393657fbb9/gnocchi.42999546-f3e5-488a-8df4-233e83e069f3/1771200000.0_mean_300.0_v3" 404 70 "GET http://172.18.0.2:8080/v1/AUTH_e4137b801196407a869686393657fbb9/gnocchi.42999546-f3e5-488a-8df4-233e83e069f3/1771200000.0_mean_300.0_v3" "txa586da5c786c441192d7b-0069a1d82e" "proxy-server 20" 0.0005 "-" 22 0
Feb 27 17:45:18 standalone proxy-server[129194]: 172.18.0.2 172.18.0.100 27/Feb/2026/17/45/18 GET /v1/AUTH_e4137b801196407a869686393657fbb9/gnocchi.42999546-f3e5-488a-8df4-233e83e069f3/1771200000.0_mean_300.0_v3 HTTP/1.0 404 - python-swiftclient-3.11.1 gAAAAABpodfMV9bR... - 70 - txa586da5c786c441192d7b-0069a1d82e - 0.0103 - - 1772214318.846796513 1772214318.857097149 0
Feb 27 17:45:19 standalone container-server[126999]: 172.20.0.100 - - [27/Feb/2026:17:45:19 +0000] "PUT /d1/792/AUTH_e4137b801196407a869686393657fbb9/gnocchi.42999546-f3e5-488a-8df4-233e83e069f3/1771200000.0_mean_300.0_v3" 201 - "PUT http://172.18.0.2:8080/d1/399/AUTH_e4137b801196407a869686393657fbb9/gnocchi.42999546-f3e5-488a-8df4-233e83e069f3/1771200000.0_mean_300.0_v3" "tx80668a2c36824b068ebd0-0069a1d82e" "object-server 24" 0.0008 "-" 23 0
Feb 27 17:45:19 standalone object-server[127148]: 172.20.0.100 - - [27/Feb/2026:17:45:19 +0000] "PUT /d1/399/AUTH_e4137b801196407a869686393657fbb9/gnocchi.42999546-f3e5-488a-8df4-233e83e069f3/1771200000.0_mean_300.0_v3" 201 - "PUT http://172.18.0.2:8080/v1/AUTH_e4137b801196407a869686393657fbb9/gnocchi.42999546-f3e5-488a-8df4-233e83e069f3/1771200000.0_mean_300.0_v3" "tx80668a2c36824b068ebd0-0069a1d82e" "proxy-server 20" 0.1488 "-" 24 0
Feb 27 17:45:19 standalone proxy-server[129194]: 172.18.0.2 172.18.0.100 27/Feb/2026/17/45/19 PUT /v1/AUTH_e4137b801196407a869686393657fbb9/gnocchi.42999546-f3e5-488a-8df4-233e83e069f3/1771200000.0_mean_300.0_v3 HTTP/1.0 201 - python-swiftclient-3.11.1 gAAAAABpodfMV9bR... 16 - - tx80668a2c36824b068ebd0-0069a1d82e - 0.1567 - - 1772214318.863201857 1772214319.019921064 0
Feb 27 17:45:19 standalone container-server[126999]: 172.20.0.100 - - [27/Feb/2026:17:45:19 +0000] "PUT /d1/792/AUTH_e4137b801196407a869686393657fbb9/gnocchi.42999546-f3e5-488a-8df4-233e83e069f3/none_v3" 201 - "PUT http://172.18.0.2:8080/d1/778/AUTH_e4137b801196407a869686393657fbb9/gnocchi.42999546-f3e5-488a-8df4-233e83e069f3/none_v3" "txb01c1363092c4df3baff0-0069a1d82f" "object-server 23" 0.0009 "-" 23 0
Feb 27 17:45:19 standalone object-server[127147]: 172.20.0.100 - - [27/Feb/2026:17:45:19 +0000] "PUT /d1/778/AUTH_e4137b801196407a869686393657fbb9/gnocchi.42999546-f3e5-488a-8df4-233e83e069f3/none_v3" 201 - "PUT http://172.18.0.2:8080/v1/AUTH_e4137b801196407a869686393657fbb9/gnocchi.42999546-f3e5-488a-8df4-233e83e069f3/none_v3" "txb01c1363092c4df3baff0-0069a1d82f" "proxy-server 20" 0.0136 "-" 23 0
Feb 27 17:45:19 standalone proxy-server[129194]: 172.18.0.2 172.18.0.100 27/Feb/2026/17/45/19 PUT /v1/AUTH_e4137b801196407a869686393657fbb9/gnocchi.42999546-f3e5-488a-8df4-233e83e069f3/none_v3 HTTP/1.0 201 - python-swiftclient-3.11.1 gAAAAABpodfMV9bR... 22 - - txb01c1363092c4df3baff0-0069a1d82f - 0.0294 - - 1772214319.031852961 1772214319.061210871 0
Feb 27 17:45:19 standalone object-server[127147]: 172.20.0.100 - - [27/Feb/2026:17:45:19 +0000] "GET /d1/482/AUTH_e4137b801196407a869686393657fbb9/gnocchi.88defa67-a41f-4ec8-b9d5-15470df9a4ce/none_v3" 200 22 "GET http://172.18.0.2:8080/v1/AUTH_e4137b801196407a869686393657fbb9/gnocchi.88defa67-a41f-4ec8-b9d5-15470df9a4ce/none_v3" "tx0774ce5f16234ad3b0ff5-0069a1d82f" "proxy-server 20" 0.0008 "-" 23 0
Feb 27 17:45:19 standalone proxy-server[129194]: 172.18.0.2 172.18.0.100 27/Feb/2026/17/45/19 GET /v1/AUTH_e4137b801196407a869686393657fbb9/gnocchi.88defa67-a41f-4ec8-b9d5-15470df9a4ce/none_v3 HTTP/1.0 200 - python-swiftclient-3.11.1 gAAAAABpodfMV9bR... - 22 - tx0774ce5f16234ad3b0ff5-0069a1d82f - 0.0082 - - 1772214319.072849989 1772214319.081040144 0
Feb 27 17:45:19 standalone container-server[126994]: 172.20.0.100 - - [27/Feb/2026:17:45:19 +0000] "GET /d1/780/AUTH_e4137b801196407a869686393657fbb9/gnocchi.88defa67-a41f-4ec8-b9d5-15470df9a4ce" 200 357 "GET http://172.18.0.2:8080/v1/AUTH_e4137b801196407a869686393657fbb9/gnocchi.88defa67-a41f-4ec8-b9d5-15470df9a4ce?format=json&states=listing" "tx1604c3d962174633be6a2-0069a1d82f" "proxy-server 20" 0.0390 "-" 20 0
Feb 27 17:45:19 standalone proxy-server[129194]: 172.18.0.2 172.18.0.100 27/Feb/2026/17/45/19 GET /v1/AUTH_e4137b801196407a869686393657fbb9/gnocchi.88defa67-a41f-4ec8-b9d5-15470df9a4ce%3Fformat%3Djson%26states%3Dlisting HTTP/1.0 200 - python-swiftclient-3.11.1 gAAAAABpodfMV9bR... - 357 - tx1604c3d962174633be6a2-0069a1d82f - 0.0469 - - 1772214319.085717201 1772214319.132638931 0
Feb 27 17:45:19 standalone container-server[126995]: 172.20.0.100 - - [27/Feb/2026:17:45:19 +0000] "GET /d1/780/AUTH_e4137b801196407a869686393657fbb9/gnocchi.88defa67-a41f-4ec8-b9d5-15470df9a4ce" 200 2 "GET http://172.18.0.2:8080/v1/AUTH_e4137b801196407a869686393657fbb9/gnocchi.88defa67-a41f-4ec8-b9d5-15470df9a4ce?format=json&marker=none_v3&states=listing" "tx595bfac2ef4648458e9f0-0069a1d82f" "proxy-server 20" 0.0029 "-" 21 0
Feb 27 17:45:19 standalone proxy-server[129194]: 172.18.0.2 172.18.0.100 27/Feb/2026/17/45/19 GET /v1/AUTH_e4137b801196407a869686393657fbb9/gnocchi.88defa67-a41f-4ec8-b9d5-15470df9a4ce%3Fformat%3Djson%26marker%3Dnone_v3%26states%3Dlisting HTTP/1.0 200 - python-swiftclient-3.11.1 gAAAAABpodfMV9bR... - 2 - tx595bfac2ef4648458e9f0-0069a1d82f - 0.0105 - - 1772214319.136084080 1772214319.146552086 0
Feb 27 17:45:19 standalone object-server[127149]: 172.20.0.100 - - [27/Feb/2026:17:45:19 +0000] "GET /d1/134/AUTH_e4137b801196407a869686393657fbb9/gnocchi.88defa67-a41f-4ec8-b9d5-15470df9a4ce/1771200000.0_mean_300.0_v3" 200 16 "GET http://172.18.0.2:8080/v1/AUTH_e4137b801196407a869686393657fbb9/gnocchi.88defa67-a41f-4ec8-b9d5-15470df9a4ce/1771200000.0_mean_300.0_v3" "txcd66cffffd2740f58ba55-0069a1d82f" "proxy-server 20" 0.0016 "-" 25 0
Feb 27 17:45:19 standalone proxy-server[129194]: 172.18.0.2 172.18.0.100 27/Feb/2026/17/45/19 GET /v1/AUTH_e4137b801196407a869686393657fbb9/gnocchi.88defa67-a41f-4ec8-b9d5-15470df9a4ce/1771200000.0_mean_300.0_v3 HTTP/1.0 200 - python-swiftclient-3.11.1 gAAAAABpodfMV9bR... - 16 - txcd66cffffd2740f58ba55-0069a1d82f - 0.0109 - - 1772214319.152627945 1772214319.163572311 0
Feb 27 17:45:19 standalone container-server[126999]: 172.20.0.100 - - [27/Feb/2026:17:45:19 +0000] "PUT /d1/780/AUTH_e4137b801196407a869686393657fbb9/gnocchi.88defa67-a41f-4ec8-b9d5-15470df9a4ce/1771200000.0_mean_300.0_v3" 201 - "PUT http://172.18.0.2:8080/d1/134/AUTH_e4137b801196407a869686393657fbb9/gnocchi.88defa67-a41f-4ec8-b9d5-15470df9a4ce/1771200000.0_mean_300.0_v3" "tx97dd92b5306643c694226-0069a1d82f" "object-server 25" 0.0005 "-" 23 0
Feb 27 17:45:19 standalone object-server[127149]: 172.20.0.100 - - [27/Feb/2026:17:45:19 +0000] "PUT /d1/134/AUTH_e4137b801196407a869686393657fbb9/gnocchi.88defa67-a41f-4ec8-b9d5-15470df9a4ce/1771200000.0_mean_300.0_v3" 201 - "PUT http://172.18.0.2:8080/v1/AUTH_e4137b801196407a869686393657fbb9/gnocchi.88defa67-a41f-4ec8-b9d5-15470df9a4ce/1771200000.0_mean_300.0_v3" "tx97dd92b5306643c694226-0069a1d82f" "proxy-server 20" 0.0167 "-" 25 0
Feb 27 17:45:19 standalone proxy-server[129194]: 172.18.0.2 172.18.0.100 27/Feb/2026/17/45/19 PUT /v1/AUTH_e4137b801196407a869686393657fbb9/gnocchi.88defa67-a41f-4ec8-b9d5-15470df9a4ce/1771200000.0_mean_300.0_v3 HTTP/1.0 201 - python-swiftclient-3.11.1 gAAAAABpodfMV9bR... 24 - - tx97dd92b5306643c694226-0069a1d82f - 0.0257 - - 1772214319.168751001 1772214319.194432735 0
Feb 27 17:45:19 standalone container-server[126999]: 172.20.0.100 - - [27/Feb/2026:17:45:19 +0000] "PUT /d1/780/AUTH_e4137b801196407a869686393657fbb9/gnocchi.88defa67-a41f-4ec8-b9d5-15470df9a4ce/none_v3" 201 - "PUT http://172.18.0.2:8080/d1/482/AUTH_e4137b801196407a869686393657fbb9/gnocchi.88defa67-a41f-4ec8-b9d5-15470df9a4ce/none_v3" "txb08af74783494b03aae52-0069a1d82f" "object-server 24" 0.0006 "-" 23 0
Feb 27 17:45:19 standalone object-server[127148]: 172.20.0.100 - - [27/Feb/2026:17:45:19 +0000] "PUT /d1/482/AUTH_e4137b801196407a869686393657fbb9/gnocchi.88defa67-a41f-4ec8-b9d5-15470df9a4ce/none_v3" 201 - "PUT http://172.18.0.2:8080/v1/AUTH_e4137b801196407a869686393657fbb9/gnocchi.88defa67-a41f-4ec8-b9d5-15470df9a4ce/none_v3" "txb08af74783494b03aae52-0069a1d82f" "proxy-server 20" 0.0110 "-" 24 0
Feb 27 17:45:19 standalone proxy-server[129194]: 172.18.0.2 172.18.0.100 27/Feb/2026/17/45/19 PUT /v1/AUTH_e4137b801196407a869686393657fbb9/gnocchi.88defa67-a41f-4ec8-b9d5-15470df9a4ce/none_v3 HTTP/1.0 201 - python-swiftclient-3.11.1 gAAAAABpodfMV9bR... 22 - - txb08af74783494b03aae52-0069a1d82f - 0.0170 - - 1772214319.197757244 1772214319.214765072 0
Feb 27 17:45:19 standalone object-server[127146]: 172.20.0.100 - - [27/Feb/2026:17:45:19 +0000] "GET /d1/99/AUTH_e4137b801196407a869686393657fbb9/gnocchi.d1e04f03-0150-4bc6-9408-76d76a1f54d5/none_v3" 200 22 "GET http://172.18.0.2:8080/v1/AUTH_e4137b801196407a869686393657fbb9/gnocchi.d1e04f03-0150-4bc6-9408-76d76a1f54d5/none_v3" "tx56e66b7d4d4544de9433a-0069a1d82f" "proxy-server 20" 0.0009 "-" 22 0
Feb 27 17:45:19 standalone proxy-server[129194]: 172.18.0.2 172.18.0.100 27/Feb/2026/17/45/19 GET /v1/AUTH_e4137b801196407a869686393657fbb9/gnocchi.d1e04f03-0150-4bc6-9408-76d76a1f54d5/none_v3 HTTP/1.0 200 - python-swiftclient-3.11.1 gAAAAABpodfMV9bR... - 22 - tx56e66b7d4d4544de9433a-0069a1d82f - 0.0086 - - 1772214319.233760595 1772214319.242367983 0
Feb 27 17:45:19 standalone container-server[126999]: 172.20.0.100 - - [27/Feb/2026:17:45:19 +0000] "GET /d1/768/AUTH_e4137b801196407a869686393657fbb9/gnocchi.d1e04f03-0150-4bc6-9408-76d76a1f54d5" 200 357 "GET http://172.18.0.2:8080/v1/AUTH_e4137b801196407a869686393657fbb9/gnocchi.d1e04f03-0150-4bc6-9408-76d76a1f54d5?format=json&states=listing" "txcd2ea2073f224a81a5cfa-0069a1d82f" "proxy-server 20" 0.0185 "-" 23 0
Feb 27 17:45:19 standalone proxy-server[129194]: 172.18.0.2 172.18.0.100 27/Feb/2026/17/45/19 GET /v1/AUTH_e4137b801196407a869686393657fbb9/gnocchi.d1e04f03-0150-4bc6-9408-76d76a1f54d5%3Fformat%3Djson%26states%3Dlisting HTTP/1.0 200 - python-swiftclient-3.11.1 gAAAAABpodfMV9bR... - 357 - txcd2ea2073f224a81a5cfa-0069a1d82f - 0.0273 - - 1772214319.257279634 1772214319.284604311 0
Feb 27 17:45:19 standalone container-server[126997]: 172.20.0.100 - - [27/Feb/2026:17:45:19 +0000] "GET /d1/768/AUTH_e4137b801196407a869686393657fbb9/gnocchi.d1e04f03-0150-4bc6-9408-76d76a1f54d5" 200 2 "GET http://172.18.0.2:8080/v1/AUTH_e4137b801196407a869686393657fbb9/gnocchi.d1e04f03-0150-4bc6-9408-76d76a1f54d5?format=json&marker=none_v3&states=listing" "tx308c627961454aeeba3a2-0069a1d82f" "proxy-server 20" 0.0032 "-" 22 0
Feb 27 17:45:19 standalone proxy-server[129194]: 172.18.0.2 172.18.0.100 27/Feb/2026/17/45/19 GET /v1/AUTH_e4137b801196407a869686393657fbb9/gnocchi.d1e04f03-0150-4bc6-9408-76d76a1f54d5%3Fformat%3Djson%26marker%3Dnone_v3%26states%3Dlisting HTTP/1.0 200 - python-swiftclient-3.11.1 gAAAAABpodfMV9bR... - 2 - tx308c627961454aeeba3a2-0069a1d82f - 0.0198 - - 1772214319.290202856 1772214319.309997320 0
Feb 27 17:45:19 standalone object-server[127149]: 172.20.0.100 - - [27/Feb/2026:17:45:19 +0000] "GET /d1/568/AUTH_e4137b801196407a869686393657fbb9/gnocchi.d1e04f03-0150-4bc6-9408-76d76a1f54d5/1771200000.0_mean_300.0_v3" 200 16 "GET http://172.18.0.2:8080/v1/AUTH_e4137b801196407a869686393657fbb9/gnocchi.d1e04f03-0150-4bc6-9408-76d76a1f54d5/1771200000.0_mean_300.0_v3" "tx71d7b6e35ab64f18b1ceb-0069a1d82f" "proxy-server 20" 0.0010 "-" 25 0
Feb 27 17:45:19 standalone proxy-server[129194]: 172.18.0.2 172.18.0.100 27/Feb/2026/17/45/19 GET /v1/AUTH_e4137b801196407a869686393657fbb9/gnocchi.d1e04f03-0150-4bc6-9408-76d76a1f54d5/1771200000.0_mean_300.0_v3 HTTP/1.0 200 - python-swiftclient-3.11.1 gAAAAABpodfMV9bR... - 16 - tx71d7b6e35ab64f18b1ceb-0069a1d82f - 0.0080 - - 1772214319.316458225 1772214319.324411631 0
Feb 27 17:45:19 standalone container-server[126999]: 172.20.0.100 - - [27/Feb/2026:17:45:19 +0000] "PUT /d1/768/AUTH_e4137b801196407a869686393657fbb9/gnocchi.d1e04f03-0150-4bc6-9408-76d76a1f54d5/1771200000.0_mean_300.0_v3" 201 - "PUT http://172.18.0.2:8080/d1/568/AUTH_e4137b801196407a869686393657fbb9/gnocchi.d1e04f03-0150-4bc6-9408-76d76a1f54d5/1771200000.0_mean_300.0_v3" "txb4a6e62b057043ccb3193-0069a1d82f" "object-server 22" 0.0005 "-" 23 0
Feb 27 17:45:19 standalone object-server[127146]: 172.20.0.100 - - [27/Feb/2026:17:45:19 +0000] "PUT /d1/568/AUTH_e4137b801196407a869686393657fbb9/gnocchi.d1e04f03-0150-4bc6-9408-76d76a1f54d5/1771200000.0_mean_300.0_v3" 201 - "PUT http://172.18.0.2:8080/v1/AUTH_e4137b801196407a869686393657fbb9/gnocchi.d1e04f03-0150-4bc6-9408-76d76a1f54d5/1771200000.0_mean_300.0_v3" "txb4a6e62b057043ccb3193-0069a1d82f" "proxy-server 20" 0.0204 "-" 22 0
Feb 27 17:45:19 standalone proxy-server[129194]: 172.18.0.2 172.18.0.100 27/Feb/2026/17/45/19 PUT /v1/AUTH_e4137b801196407a869686393657fbb9/gnocchi.d1e04f03-0150-4bc6-9408-76d76a1f54d5/1771200000.0_mean_300.0_v3 HTTP/1.0 201 - python-swiftclient-3.11.1 gAAAAABpodfMV9bR... 24 - - txb4a6e62b057043ccb3193-0069a1d82f - 0.0277 - - 1772214319.333227873 1772214319.360947371 0
Feb 27 17:45:19 standalone container-server[126995]: 172.20.0.100 - - [27/Feb/2026:17:45:19 +0000] "PUT /d1/768/AUTH_e4137b801196407a869686393657fbb9/gnocchi.d1e04f03-0150-4bc6-9408-76d76a1f54d5/none_v3" 201 - "PUT http://172.18.0.2:8080/d1/99/AUTH_e4137b801196407a869686393657fbb9/gnocchi.d1e04f03-0150-4bc6-9408-76d76a1f54d5/none_v3" "tx6cb265fe8fb44d1092f7f-0069a1d82f" "object-server 24" 0.0006 "-" 21 0
Feb 27 17:45:19 standalone object-server[127148]: 172.20.0.100 - - [27/Feb/2026:17:45:19 +0000] "PUT /d1/99/AUTH_e4137b801196407a869686393657fbb9/gnocchi.d1e04f03-0150-4bc6-9408-76d76a1f54d5/none_v3" 201 - "PUT http://172.18.0.2:8080/v1/AUTH_e4137b801196407a869686393657fbb9/gnocchi.d1e04f03-0150-4bc6-9408-76d76a1f54d5/none_v3" "tx6cb265fe8fb44d1092f7f-0069a1d82f" "proxy-server 20" 0.0101 "-" 24 0
Feb 27 17:45:19 standalone proxy-server[129194]: 172.18.0.2 172.18.0.100 27/Feb/2026/17/45/19 PUT /v1/AUTH_e4137b801196407a869686393657fbb9/gnocchi.d1e04f03-0150-4bc6-9408-76d76a1f54d5/none_v3 HTTP/1.0 201 - python-swiftclient-3.11.1 gAAAAABpodfMV9bR... 22 - - tx6cb265fe8fb44d1092f7f-0069a1d82f - 0.0160 - - 1772214319.368381739 1772214319.384424448 0
Feb 27 17:45:24 standalone object-server[127148]: 172.20.0.100 - - [27/Feb/2026:17:45:24 +0000] "GET /d1/778/AUTH_e4137b801196407a869686393657fbb9/gnocchi.42999546-f3e5-488a-8df4-233e83e069f3/none_v3" 200 22 "GET http://172.18.0.2:8080/v1/AUTH_e4137b801196407a869686393657fbb9/gnocchi.42999546-f3e5-488a-8df4-233e83e069f3/none_v3" "tx00bca94d503748c5a017d-0069a1d834" "proxy-server 20" 0.0010 "-" 24 0
Feb 27 17:45:24 standalone proxy-server[129194]: 172.18.0.2 172.18.0.100 27/Feb/2026/17/45/24 GET /v1/AUTH_e4137b801196407a869686393657fbb9/gnocchi.42999546-f3e5-488a-8df4-233e83e069f3/none_v3 HTTP/1.0 200 - python-swiftclient-3.11.1 gAAAAABpodfMV9bR... - 22 - tx00bca94d503748c5a017d-0069a1d834 - 0.0071 - - 1772214324.286431074 1772214324.293485880 0
Feb 27 17:45:24 standalone container-server[126999]: 172.20.0.100 - - [27/Feb/2026:17:45:24 +0000] "GET /d1/792/AUTH_e4137b801196407a869686393657fbb9/gnocchi.42999546-f3e5-488a-8df4-233e83e069f3" 200 357 "GET http://172.18.0.2:8080/v1/AUTH_e4137b801196407a869686393657fbb9/gnocchi.42999546-f3e5-488a-8df4-233e83e069f3?format=json&states=listing" "tx210033cce1734e1d9698d-0069a1d834" "proxy-server 20" 0.0083 "-" 23 0
Feb 27 17:45:24 standalone proxy-server[129194]: 172.18.0.2 172.18.0.100 27/Feb/2026/17/45/24 GET /v1/AUTH_e4137b801196407a869686393657fbb9/gnocchi.42999546-f3e5-488a-8df4-233e83e069f3%3Fformat%3Djson%26states%3Dlisting HTTP/1.0 200 - python-swiftclient-3.11.1 gAAAAABpodfMV9bR... - 357 - tx210033cce1734e1d9698d-0069a1d834 - 0.0146 - - 1772214324.296879530 1772214324.311476946 0
Feb 27 17:45:24 standalone container-server[126995]: 172.20.0.100 - - [27/Feb/2026:17:45:24 +0000] "GET /d1/792/AUTH_e4137b801196407a869686393657fbb9/gnocchi.42999546-f3e5-488a-8df4-233e83e069f3" 200 2 "GET http://172.18.0.2:8080/v1/AUTH_e4137b801196407a869686393657fbb9/gnocchi.42999546-f3e5-488a-8df4-233e83e069f3?format=json&marker=none_v3&states=listing" "tx3a84438728c149c899778-0069a1d834" "proxy-server 20" 0.0019 "-" 21 0
Feb 27 17:45:24 standalone proxy-server[129194]: 172.18.0.2 172.18.0.100 27/Feb/2026/17/45/24 GET /v1/AUTH_e4137b801196407a869686393657fbb9/gnocchi.42999546-f3e5-488a-8df4-233e83e069f3%3Fformat%3Djson%26marker%3Dnone_v3%26states%3Dlisting HTTP/1.0 200 - python-swiftclient-3.11.1 gAAAAABpodfMV9bR... - 2 - tx3a84438728c149c899778-0069a1d834 - 0.0071 - - 1772214324.313952684 1772214324.321072340 0
Feb 27 17:45:24 standalone object-server[127148]: 172.20.0.100 - - [27/Feb/2026:17:45:24 +0000] "GET /d1/399/AUTH_e4137b801196407a869686393657fbb9/gnocchi.42999546-f3e5-488a-8df4-233e83e069f3/1771200000.0_mean_300.0_v3" 200 16 "GET http://172.18.0.2:8080/v1/AUTH_e4137b801196407a869686393657fbb9/gnocchi.42999546-f3e5-488a-8df4-233e83e069f3/1771200000.0_mean_300.0_v3" "txd56237395ba247b88c1e8-0069a1d834" "proxy-server 20" 0.0013 "-" 24 0
Feb 27 17:45:24 standalone proxy-server[129194]: 172.18.0.2 172.18.0.100 27/Feb/2026/17/45/24 GET /v1/AUTH_e4137b801196407a869686393657fbb9/gnocchi.42999546-f3e5-488a-8df4-233e83e069f3/1771200000.0_mean_300.0_v3 HTTP/1.0 200 - python-swiftclient-3.11.1 gAAAAABpodfMV9bR... - 16 - txd56237395ba247b88c1e8-0069a1d834 - 0.0080 - - 1772214324.324365377 1772214324.332369804 0
Feb 27 17:45:24 standalone container-server[126995]: 172.20.0.100 - - [27/Feb/2026:17:45:24 +0000] "PUT /d1/792/AUTH_e4137b801196407a869686393657fbb9/gnocchi.42999546-f3e5-488a-8df4-233e83e069f3/1771200000.0_mean_300.0_v3" 201 - "PUT http://172.18.0.2:8080/d1/399/AUTH_e4137b801196407a869686393657fbb9/gnocchi.42999546-f3e5-488a-8df4-233e83e069f3/1771200000.0_mean_300.0_v3" "tx5ec771e5be514f72ae4c8-0069a1d834" "object-server 23" 0.0006 "-" 21 0
Feb 27 17:45:24 standalone object-server[127147]: 172.20.0.100 - - [27/Feb/2026:17:45:24 +0000] "PUT /d1/399/AUTH_e4137b801196407a869686393657fbb9/gnocchi.42999546-f3e5-488a-8df4-233e83e069f3/1771200000.0_mean_300.0_v3" 201 - "PUT http://172.18.0.2:8080/v1/AUTH_e4137b801196407a869686393657fbb9/gnocchi.42999546-f3e5-488a-8df4-233e83e069f3/1771200000.0_mean_300.0_v3" "tx5ec771e5be514f72ae4c8-0069a1d834" "proxy-server 20" 0.0105 "-" 23 0
Feb 27 17:45:24 standalone proxy-server[129194]: 172.18.0.2 172.18.0.100 27/Feb/2026/17/45/24 PUT /v1/AUTH_e4137b801196407a869686393657fbb9/gnocchi.42999546-f3e5-488a-8df4-233e83e069f3/1771200000.0_mean_300.0_v3 HTTP/1.0 201 - python-swiftclient-3.11.1 gAAAAABpodfMV9bR... 16 - - tx5ec771e5be514f72ae4c8-0069a1d834 - 0.0159 - - 1772214324.334757328 1772214324.350705624 0
Feb 27 17:45:24 standalone container-server[126999]: 172.20.0.100 - - [27/Feb/2026:17:45:24 +0000] "PUT /d1/792/AUTH_e4137b801196407a869686393657fbb9/gnocchi.42999546-f3e5-488a-8df4-233e83e069f3/none_v3" 201 - "PUT http://172.18.0.2:8080/d1/778/AUTH_e4137b801196407a869686393657fbb9/gnocchi.42999546-f3e5-488a-8df4-233e83e069f3/none_v3" "txc35ce339aade49f1b39f7-0069a1d834" "object-server 22" 0.0006 "-" 23 0
Feb 27 17:45:24 standalone object-server[127146]: 172.20.0.100 - - [27/Feb/2026:17:45:24 +0000] "PUT /d1/778/AUTH_e4137b801196407a869686393657fbb9/gnocchi.42999546-f3e5-488a-8df4-233e83e069f3/none_v3" 201 - "PUT http://172.18.0.2:8080/v1/AUTH_e4137b801196407a869686393657fbb9/gnocchi.42999546-f3e5-488a-8df4-233e83e069f3/none_v3" "txc35ce339aade49f1b39f7-0069a1d834" "proxy-server 20" 0.0211 "-" 22 0
Feb 27 17:45:24 standalone proxy-server[129194]: 172.18.0.2 172.18.0.100 27/Feb/2026/17/45/24 PUT /v1/AUTH_e4137b801196407a869686393657fbb9/gnocchi.42999546-f3e5-488a-8df4-233e83e069f3/none_v3 HTTP/1.0 201 - python-swiftclient-3.11.1 gAAAAABpodfMV9bR... 32 - - txc35ce339aade49f1b39f7-0069a1d834 - 0.0277 - - 1772214324.353203297 1772214324.380936623 0
Feb 27 17:45:34 standalone container-server[126995]: 172.20.0.100 - - [27/Feb/2026:17:45:34 +0000] "HEAD /d1/97/AUTH_e4137b801196407a869686393657fbb9/gnocchi.8c5aabb2-cba2-4a16-af23-db005355177a" 404 - "HEAD http://172.18.0.2:8080/v1/AUTH_e4137b801196407a869686393657fbb9/gnocchi.8c5aabb2-cba2-4a16-af23-db005355177a?format=json&states=listing" "tx9c4377e1030d4c7198b7c-0069a1d83e" "proxy-server 20" 0.0007 "-" 21 0
Feb 27 17:45:34 standalone object-server[127146]: 172.20.0.100 - - [27/Feb/2026:17:45:34 +0000] "GET /d1/633/AUTH_e4137b801196407a869686393657fbb9/gnocchi.8c5aabb2-cba2-4a16-af23-db005355177a/none_v3" 404 70 "GET http://172.18.0.2:8080/v1/AUTH_e4137b801196407a869686393657fbb9/gnocchi.8c5aabb2-cba2-4a16-af23-db005355177a/none_v3" "tx9c4377e1030d4c7198b7c-0069a1d83e" "proxy-server 20" 0.0005 "-" 22 0
Feb 27 17:45:34 standalone proxy-server[129194]: 172.18.0.2 172.18.0.100 27/Feb/2026/17/45/34 GET /v1/AUTH_e4137b801196407a869686393657fbb9/gnocchi.8c5aabb2-cba2-4a16-af23-db005355177a/none_v3 HTTP/1.0 404 - python-swiftclient-3.11.1 gAAAAABpodfMV9bR... - 70 - tx9c4377e1030d4c7198b7c-0069a1d83e - 0.0117 - - 1772214334.422621727 1772214334.434306860 0
Feb 27 17:45:34 standalone account-server[126880]: 172.20.0.100 - - [27/Feb/2026:17:45:34 +0000] "PUT /d1/924/AUTH_e4137b801196407a869686393657fbb9/gnocchi.8c5aabb2-cba2-4a16-af23-db005355177a" 201 - "PUT http://172.20.0.100:6001/d1/97/AUTH_e4137b801196407a869686393657fbb9/gnocchi.8c5aabb2-cba2-4a16-af23-db005355177a" "tx24671d2cfe2f4908a5566-0069a1d83e" "container-server 21" 0.0053 "-" 14 0
Feb 27 17:45:34 standalone container-server[126995]: 172.20.0.100 - - [27/Feb/2026:17:45:34 +0000] "PUT /d1/97/AUTH_e4137b801196407a869686393657fbb9/gnocchi.8c5aabb2-cba2-4a16-af23-db005355177a" 201 - "PUT http://172.18.0.2:8080/v1/AUTH_e4137b801196407a869686393657fbb9/gnocchi.8c5aabb2-cba2-4a16-af23-db005355177a" "tx24671d2cfe2f4908a5566-0069a1d83e" "proxy-server 20" 0.0167 "-" 21 0
Feb 27 17:45:34 standalone proxy-server[129194]: 172.18.0.2 172.18.0.100 27/Feb/2026/17/45/34 PUT /v1/AUTH_e4137b801196407a869686393657fbb9/gnocchi.8c5aabb2-cba2-4a16-af23-db005355177a HTTP/1.0 201 - python-swiftclient-3.11.1 gAAAAABpodfMV9bR... - - - tx24671d2cfe2f4908a5566-0069a1d83e - 0.0219 - - 1772214334.438022375 1772214334.459938288 0
