Feb 27 17:31:14 standalone account-server[126423]: Starting 2
Feb 27 17:31:15 standalone account-server[126687]: Started child 14 from parent 2
Feb 27 17:31:15 standalone account-server[126687]: Started child 18 from parent 2
Feb 27 17:31:15 standalone account-server[126687]: Started child 19 from parent 2
Feb 27 17:31:15 standalone account-server[126687]: Started child 20 from parent 2
Feb 27 17:31:15 standalone container-server[126705]: Starting 2
Feb 27 17:31:15 standalone object-expirer[126778]: Starting 2
Feb 27 17:31:15 standalone object-expirer[126778]: Option auto_create_account_prefix is deprecated. Configure auto_create_account_prefix under the swift-constraints section of swift.conf. This option will be ignored in a future release.
Feb 27 17:31:16 standalone container-server[126701]: Option allow_versions is deprecated. Configure the versioned_writes middleware in the proxy-server instead. This option will be ignored in a future release.
Feb 27 17:31:16 standalone container-server[126994]: Option allow_versions is deprecated. Configure the versioned_writes middleware in the proxy-server instead. This option will be ignored in a future release.
Feb 27 17:31:16 standalone container-server[126701]: Started child 20 from parent 2
Feb 27 17:31:16 standalone container-server[126995]: Option allow_versions is deprecated. Configure the versioned_writes middleware in the proxy-server instead. This option will be ignored in a future release.
Feb 27 17:31:16 standalone container-server[126701]: Started child 21 from parent 2
Feb 27 17:31:16 standalone container-server[126997]: Option allow_versions is deprecated. Configure the versioned_writes middleware in the proxy-server instead. This option will be ignored in a future release.
Feb 27 17:31:16 standalone container-server[126701]: Started child 22 from parent 2
Feb 27 17:31:16 standalone container-server[126999]: Option allow_versions is deprecated. Configure the versioned_writes middleware in the proxy-server instead. This option will be ignored in a future release.
Feb 27 17:31:16 standalone container-server[126701]: Started child 23 from parent 2
Feb 27 17:31:16 standalone object-server[127007]: Starting 2
Feb 27 17:31:16 standalone object-server[127018]: Started child 22 from parent 2
Feb 27 17:31:16 standalone object-server[127018]: Started child 23 from parent 2
Feb 27 17:31:16 standalone object-server[127018]: Started child 24 from parent 2
Feb 27 17:31:16 standalone object-server[127018]: Started child 25 from parent 2
Feb 27 17:31:23 standalone proxy-server[128941]: Starting Keystone auth_token middleware
Feb 27 17:31:23 standalone proxy-server[128941]: AuthToken middleware is set with keystone_authtoken.service_token_roles_required set to False. This is backwards compatible but deprecated behaviour. Please set this to True.
Feb 27 17:31:23 standalone proxy-server[129194]: Starting Keystone auth_token middleware
Feb 27 17:31:23 standalone proxy-server[129194]: STDERR: The option "bind_port" is not known to keystonemiddleware
Feb 27 17:31:23 standalone proxy-server[129194]: STDERR: The option "workers" is not known to keystonemiddleware
Feb 27 17:31:23 standalone proxy-server[129194]: STDERR: The option "user" is not known to keystonemiddleware
Feb 27 17:31:23 standalone proxy-server[129194]: STDERR: The option "bind_ip" is not known to keystonemiddleware
Feb 27 17:31:23 standalone proxy-server[129194]: STDERR: The option "log_name" is not known to keystonemiddleware
Feb 27 17:31:23 standalone proxy-server[129194]: STDERR: The option "log_facility" is not known to keystonemiddleware
Feb 27 17:31:23 standalone proxy-server[129194]: STDERR: The option "log_level" is not known to keystonemiddleware
Feb 27 17:31:23 standalone proxy-server[129194]: STDERR: The option "log_headers" is not known to keystonemiddleware
Feb 27 17:31:23 standalone proxy-server[129194]: STDERR: The option "log_address" is not known to keystonemiddleware
Feb 27 17:31:23 standalone proxy-server[129194]: STDERR: The option "project_name" is not known to keystonemiddleware
Feb 27 17:31:23 standalone proxy-server[129194]: STDERR: The option "username" is not known to keystonemiddleware
Feb 27 17:31:23 standalone proxy-server[129194]: STDERR: The option "password" is not known to keystonemiddleware
Feb 27 17:31:23 standalone proxy-server[129194]: STDERR: The option "auth_url" is not known to keystonemiddleware
Feb 27 17:31:23 standalone proxy-server[129194]: STDERR: The option "signing_dir" is not known to keystonemiddleware
Feb 27 17:31:23 standalone proxy-server[129194]: STDERR: The option "project_domain_id" is not known to keystonemiddleware
Feb 27 17:31:23 standalone proxy-server[129194]: STDERR: The option "user_domain_id" is not known to keystonemiddleware
Feb 27 17:31:23 standalone proxy-server[129194]: STDERR: The option "__name__" is not known to keystonemiddleware
Feb 27 17:31:23 standalone proxy-server[129194]: AuthToken middleware is set with keystone_authtoken.service_token_roles_required set to False. This is backwards compatible but deprecated behaviour. Please set this to True.
Feb 27 17:31:23 standalone proxy-server[128941]: Started child 20 from parent 2
Feb 27 17:32:31 standalone object-server[127007]: Begin object update sweep
Feb 27 17:32:31 standalone object-server[136718]: Object update sweep starting on /srv/node/d1 (pid: 11)
Feb 27 17:32:31 standalone object-server[136718]: Object update sweep completed on /srv/node/d1 in 0.00s seconds:, 0 successes, 0 failures, 0 quarantines, 0 unlinks, 0 errors, 0 redirects (pid: 11)
Feb 27 17:32:31 standalone object-server[136718]: Object update sweep of d1 completed: 0.00s, 0 successes, 0 failures, 0 quarantines, 0 unlinks, 0 errors, 0 redirects
Feb 27 17:32:31 standalone object-server[127007]: Object update sweep completed: 0.08s
Feb 27 17:32:31 standalone account-server[126893]: 172.20.0.100 - - [27/Feb/2026:17:32:31 +0000] "HEAD /d1/396/.expiring_objects" 404 - "HEAD http://localhost/v1/.expiring_objects?format=json" "tx165ab9bea8c44c98ae197-0069a1d52f" "proxy-server 2" 0.0017 "-" 19 -
Feb 27 17:32:31 standalone object-expirer[126778]: Pass completed in 0s; 0 objects expired (txn: tx165ab9bea8c44c98ae197-0069a1d52f)
Feb 27 17:33:42 standalone container-server[126705]: Begin container update sweep
Feb 27 17:33:42 standalone container-server[126705]: Container update sweep completed: 0.00s
Feb 27 17:37:04 standalone account-server[126880]: 172.20.0.100 - - [27/Feb/2026:17:37:04 +0000] "HEAD /d1/396/.expiring_objects" 404 - "HEAD http://localhost/v1/.expiring_objects?format=json" "txf459cd72a3b84ac08fcce-0069a1d640" "proxy-server 2" 0.0015 "-" 14 -
Feb 27 17:37:04 standalone object-expirer[126778]: Pass completed in 0s; 0 objects expired (txn: txf459cd72a3b84ac08fcce-0069a1d640)
Feb 27 17:37:31 standalone object-server[127007]: Begin object update sweep
Feb 27 17:37:31 standalone object-server[173442]: Object update sweep starting on /srv/node/d1 (pid: 13)
Feb 27 17:37:31 standalone object-server[173442]: Object update sweep completed on /srv/node/d1 in 0.00s seconds:, 0 successes, 0 failures, 0 quarantines, 0 unlinks, 0 errors, 0 redirects (pid: 13)
Feb 27 17:37:31 standalone object-server[173442]: Object update sweep of d1 completed: 0.00s, 0 successes, 0 failures, 0 quarantines, 0 unlinks, 0 errors, 0 redirects
Feb 27 17:37:31 standalone object-server[127007]: Object update sweep completed: 0.06s
Feb 27 17:38:42 standalone container-server[126705]: Begin container update sweep
Feb 27 17:38:42 standalone container-server[126705]: Container update sweep completed: 0.00s
Feb 27 17:39:20 standalone account-server[126880]: 172.20.0.100 - - [27/Feb/2026:17:39:20 +0000] "HEAD /d1/396/.expiring_objects" 404 - "HEAD http://localhost/v1/.expiring_objects?format=json" "tx0eb768bc33204efe99bf4-0069a1d6c8" "proxy-server 2" 0.0005 "-" 14 -
Feb 27 17:39:20 standalone object-expirer[126778]: Pass completed in 0s; 0 objects expired (txn: tx0eb768bc33204efe99bf4-0069a1d6c8)
Feb 27 17:42:31 standalone object-server[127007]: Begin object update sweep
Feb 27 17:42:31 standalone object-server[213888]: Object update sweep starting on /srv/node/d1 (pid: 14)
Feb 27 17:42:31 standalone object-server[213888]: Object update sweep completed on /srv/node/d1 in 0.00s seconds:, 0 successes, 0 failures, 0 quarantines, 0 unlinks, 0 errors, 0 redirects (pid: 14)
Feb 27 17:42:31 standalone object-server[213888]: Object update sweep of d1 completed: 0.00s, 0 successes, 0 failures, 0 quarantines, 0 unlinks, 0 errors, 0 redirects
Feb 27 17:42:31 standalone object-server[127007]: Object update sweep completed: 0.08s
Feb 27 17:43:15 standalone account-server[126885]: 172.20.0.100 - - [27/Feb/2026:17:43:15 +0000] "HEAD /d1/396/.expiring_objects" 404 - "HEAD http://localhost/v1/.expiring_objects?format=json" "txbd55ae98227448e19e9d7-0069a1d7b3" "proxy-server 2" 0.0009 "-" 18 -
Feb 27 17:43:15 standalone object-expirer[126778]: Pass completed in 0s; 0 objects expired (txn: txbd55ae98227448e19e9d7-0069a1d7b3)
Feb 27 17:43:40 standalone account-server[126897]: 172.20.0.100 - - [27/Feb/2026:17:43:40 +0000] "HEAD /d1/924/AUTH_e4137b801196407a869686393657fbb9" 404 - "HEAD http://172.18.0.2:8080/v1/AUTH_e4137b801196407a869686393657fbb9?format=json" "tx6ada5c4ca8914fa8878b2-0069a1d7cc" "proxy-server 20" 0.0013 "-" 20 -
Feb 27 17:43:40 standalone proxy-server[129194]: - - 27/Feb/2026/17/43/40 HEAD /v1/AUTH_e4137b801196407a869686393657fbb9%3Fformat%3Djson HTTP/1.0 200 - Swift - - - - tx6ada5c4ca8914fa8878b2-0069a1d7cc - 0.0056 RL - 1772214220.154190779 1772214220.159784555 -
Feb 27 17:43:40 standalone object-server[127147]: 172.20.0.100 - - [27/Feb/2026:17:43:40 +0000] "GET /d1/606/AUTH_e4137b801196407a869686393657fbb9/gnocchi.500ef171-e2c3-4075-acbf-90336c692d91/none_v3" 404 70 "GET http://172.18.0.2:8080/v1/AUTH_e4137b801196407a869686393657fbb9/gnocchi.500ef171-e2c3-4075-acbf-90336c692d91/none_v3" "tx6ada5c4ca8914fa8878b2-0069a1d7cc" "proxy-server 20" 0.0012 "-" 23 0
Feb 27 17:43:40 standalone proxy-server[129194]: 172.18.0.2 172.18.0.100 27/Feb/2026/17/43/40 GET /v1/AUTH_e4137b801196407a869686393657fbb9/gnocchi.500ef171-e2c3-4075-acbf-90336c692d91/none_v3 HTTP/1.0 404 - python-swiftclient-3.11.1 gAAAAABpodfMV9bR... - 70 - tx6ada5c4ca8914fa8878b2-0069a1d7cc - 0.4449 - - 1772214220.151964903 1772214220.596831322 0
Feb 27 17:43:40 standalone account-server[126893]: 172.20.0.100 - - [27/Feb/2026:17:43:40 +0000] "PUT /d1/924/AUTH_e4137b801196407a869686393657fbb9" 201 - "-" "txfdf0c00912474eb7825d0-0069a1d7cc" "-" 0.0219 "-" 19 -
Feb 27 17:43:40 standalone proxy-server[129194]: autocreate account '/AUTH_e4137b801196407a869686393657fbb9' (txn: txfdf0c00912474eb7825d0-0069a1d7cc)
Feb 27 17:43:40 standalone account-server[126880]: 172.20.0.100 - - [27/Feb/2026:17:43:40 +0000] "HEAD /d1/924/AUTH_e4137b801196407a869686393657fbb9" 204 - "HEAD http://172.18.0.2:8080/v1/AUTH_e4137b801196407a869686393657fbb9?format=json" "txfdf0c00912474eb7825d0-0069a1d7cc" "proxy-server 20" 0.0015 "-" 14 -
Feb 27 17:43:40 standalone account-server[126893]: 172.20.0.100 - - [27/Feb/2026:17:43:40 +0000] "PUT /d1/924/AUTH_e4137b801196407a869686393657fbb9/gnocchi.500ef171-e2c3-4075-acbf-90336c692d91" 201 - "PUT http://172.20.0.100:6001/d1/516/AUTH_e4137b801196407a869686393657fbb9/gnocchi.500ef171-e2c3-4075-acbf-90336c692d91" "txfdf0c00912474eb7825d0-0069a1d7cc" "container-server 23" 0.0025 "-" 19 0
Feb 27 17:43:40 standalone container-server[126999]: 172.20.0.100 - - [27/Feb/2026:17:43:40 +0000] "PUT /d1/516/AUTH_e4137b801196407a869686393657fbb9/gnocchi.500ef171-e2c3-4075-acbf-90336c692d91" 201 - "PUT http://172.18.0.2:8080/v1/AUTH_e4137b801196407a869686393657fbb9/gnocchi.500ef171-e2c3-4075-acbf-90336c692d91" "txfdf0c00912474eb7825d0-0069a1d7cc" "proxy-server 20" 0.0128 "-" 23 0
Feb 27 17:43:40 standalone proxy-server[129194]: 172.18.0.2 172.18.0.100 27/Feb/2026/17/43/40 PUT /v1/AUTH_e4137b801196407a869686393657fbb9/gnocchi.500ef171-e2c3-4075-acbf-90336c692d91 HTTP/1.0 201 - python-swiftclient-3.11.1 gAAAAABpodfMV9bR... - - - txfdf0c00912474eb7825d0-0069a1d7cc - 0.0520 - - 1772214220.600752592 1772214220.652781010 0
Feb 27 17:43:40 standalone container-server[126994]: 172.20.0.100 - - [27/Feb/2026:17:43:40 +0000] "HEAD /d1/516/AUTH_e4137b801196407a869686393657fbb9/gnocchi.500ef171-e2c3-4075-acbf-90336c692d91" 204 - "HEAD http://172.18.0.2:8080/v1/AUTH_e4137b801196407a869686393657fbb9/gnocchi.500ef171-e2c3-4075-acbf-90336c692d91?format=json&states=listing" "tx3dc4d249b2624053a9e94-0069a1d7cc" "proxy-server 20" 0.0029 "-" 20 0
Feb 27 17:43:40 standalone proxy-server[129194]: - - 27/Feb/2026/17/43/40 HEAD /v1/AUTH_e4137b801196407a869686393657fbb9/gnocchi.500ef171-e2c3-4075-acbf-90336c692d91%3Fformat%3Djson%26states%3Dlisting HTTP/1.0 204 - Swift - - - - tx3dc4d249b2624053a9e94-0069a1d7cc - 0.0080 RL - 1772214220.661015272 1772214220.669054985 0
Feb 27 17:43:40 standalone container-server[126994]: 172.20.0.100 - - [27/Feb/2026:17:43:40 +0000] "GET /d1/516/AUTH_e4137b801196407a869686393657fbb9/gnocchi.500ef171-e2c3-4075-acbf-90336c692d91" 200 2 "GET http://172.18.0.2:8080/v1/AUTH_e4137b801196407a869686393657fbb9/gnocchi.500ef171-e2c3-4075-acbf-90336c692d91?format=json&states=listing" "tx3dc4d249b2624053a9e94-0069a1d7cc" "proxy-server 20" 0.0034 "-" 20 0
Feb 27 17:43:40 standalone proxy-server[129194]: 172.18.0.2 172.18.0.100 27/Feb/2026/17/43/40 GET /v1/AUTH_e4137b801196407a869686393657fbb9/gnocchi.500ef171-e2c3-4075-acbf-90336c692d91%3Fformat%3Djson%26states%3Dlisting HTTP/1.0 200 - python-swiftclient-3.11.1 gAAAAABpodfMV9bR... - 2 - tx3dc4d249b2624053a9e94-0069a1d7cc - 0.0229 - - 1772214220.659172058 1772214220.682079315 0
Feb 27 17:43:40 standalone object-server[127148]: 172.20.0.100 - - [27/Feb/2026:17:43:40 +0000] "GET /d1/827/AUTH_e4137b801196407a869686393657fbb9/gnocchi.500ef171-e2c3-4075-acbf-90336c692d91/1771200000.0_mean_300.0_v3" 404 70 "GET http://172.18.0.2:8080/v1/AUTH_e4137b801196407a869686393657fbb9/gnocchi.500ef171-e2c3-4075-acbf-90336c692d91/1771200000.0_mean_300.0_v3" "tx47c90812b69e47a0b65ca-0069a1d7cc" "proxy-server 20" 0.0007 "-" 24 0
Feb 27 17:43:40 standalone proxy-server[129194]: 172.18.0.2 172.18.0.100 27/Feb/2026/17/43/40 GET /v1/AUTH_e4137b801196407a869686393657fbb9/gnocchi.500ef171-e2c3-4075-acbf-90336c692d91/1771200000.0_mean_300.0_v3 HTTP/1.0 404 - python-swiftclient-3.11.1 gAAAAABpodfMV9bR... - 70 - tx47c90812b69e47a0b65ca-0069a1d7cc - 0.0080 - - 1772214220.688591719 1772214220.696581602 0
Feb 27 17:43:40 standalone container-server[126994]: 172.20.0.100 - - [27/Feb/2026:17:43:40 +0000] "PUT /d1/516/AUTH_e4137b801196407a869686393657fbb9/gnocchi.500ef171-e2c3-4075-acbf-90336c692d91/1771200000.0_mean_300.0_v3" 201 - "PUT http://172.18.0.2:8080/d1/827/AUTH_e4137b801196407a869686393657fbb9/gnocchi.500ef171-e2c3-4075-acbf-90336c692d91/1771200000.0_mean_300.0_v3" "tx9b05cd1ceafe42978dc10-0069a1d7cc" "object-server 24" 0.0009 "-" 20 0
Feb 27 17:43:40 standalone object-server[127148]: 172.20.0.100 - - [27/Feb/2026:17:43:40 +0000] "PUT /d1/827/AUTH_e4137b801196407a869686393657fbb9/gnocchi.500ef171-e2c3-4075-acbf-90336c692d91/1771200000.0_mean_300.0_v3" 201 - "PUT http://172.18.0.2:8080/v1/AUTH_e4137b801196407a869686393657fbb9/gnocchi.500ef171-e2c3-4075-acbf-90336c692d91/1771200000.0_mean_300.0_v3" "tx9b05cd1ceafe42978dc10-0069a1d7cc" "proxy-server 20" 0.0309 "-" 24 0
Feb 27 17:43:40 standalone proxy-server[129194]: 172.18.0.2 172.18.0.100 27/Feb/2026/17/43/40 PUT /v1/AUTH_e4137b801196407a869686393657fbb9/gnocchi.500ef171-e2c3-4075-acbf-90336c692d91/1771200000.0_mean_300.0_v3 HTTP/1.0 201 - python-swiftclient-3.11.1 gAAAAABpodfMV9bR... 16 - - tx9b05cd1ceafe42978dc10-0069a1d7cc - 0.0384 - - 1772214220.700957298 1772214220.739310503 0
Feb 27 17:43:40 standalone container-server[126997]: 172.20.0.100 - - [27/Feb/2026:17:43:40 +0000] "PUT /d1/516/AUTH_e4137b801196407a869686393657fbb9/gnocchi.500ef171-e2c3-4075-acbf-90336c692d91/none_v3" 201 - "PUT http://172.18.0.2:8080/d1/606/AUTH_e4137b801196407a869686393657fbb9/gnocchi.500ef171-e2c3-4075-acbf-90336c692d91/none_v3" "tx0f503f2e865e476091f87-0069a1d7cc" "object-server 23" 0.0013 "-" 22 0
Feb 27 17:43:40 standalone object-server[127147]: 172.20.0.100 - - [27/Feb/2026:17:43:40 +0000] "PUT /d1/606/AUTH_e4137b801196407a869686393657fbb9/gnocchi.500ef171-e2c3-4075-acbf-90336c692d91/none_v3" 201 - "PUT http://172.18.0.2:8080/v1/AUTH_e4137b801196407a869686393657fbb9/gnocchi.500ef171-e2c3-4075-acbf-90336c692d91/none_v3" "tx0f503f2e865e476091f87-0069a1d7cc" "proxy-server 20" 0.0322 "-" 23 0
Feb 27 17:43:40 standalone proxy-server[129194]: 172.18.0.2 172.18.0.100 27/Feb/2026/17/43/40 PUT /v1/AUTH_e4137b801196407a869686393657fbb9/gnocchi.500ef171-e2c3-4075-acbf-90336c692d91/none_v3 HTTP/1.0 201 - python-swiftclient-3.11.1 gAAAAABpodfMV9bR... 22 - - tx0f503f2e865e476091f87-0069a1d7cc - 0.0407 - - 1772214220.743726015 1772214220.784474134 0
Feb 27 17:43:42 standalone container-server[126705]: Begin container update sweep
Feb 27 17:43:42 standalone account-server[126893]: 172.20.0.100 - - [27/Feb/2026:17:43:42 +0000] "PUT /d1/924/AUTH_e4137b801196407a869686393657fbb9/gnocchi.500ef171-e2c3-4075-acbf-90336c692d91" 201 - "-" "-" "container-updater 2" 0.0008 "-" 19 0
Feb 27 17:43:42 standalone container-server[126705]: Container update sweep completed: 0.10s
Feb 27 17:44:09 standalone object-server[127147]: 172.20.0.100 - - [27/Feb/2026:17:44:09 +0000] "GET /d1/606/AUTH_e4137b801196407a869686393657fbb9/gnocchi.500ef171-e2c3-4075-acbf-90336c692d91/none_v3" 200 22 "GET http://172.18.0.2:8080/v1/AUTH_e4137b801196407a869686393657fbb9/gnocchi.500ef171-e2c3-4075-acbf-90336c692d91/none_v3" "tx3e8cc8d566ab4e5b83edd-0069a1d7e9" "proxy-server 20" 0.0019 "-" 23 0
Feb 27 17:44:09 standalone proxy-server[129194]: 172.18.0.2 172.18.0.100 27/Feb/2026/17/44/09 GET /v1/AUTH_e4137b801196407a869686393657fbb9/gnocchi.500ef171-e2c3-4075-acbf-90336c692d91/none_v3 HTTP/1.0 200 - python-swiftclient-3.11.1 gAAAAABpodfMV9bR... - 22 - tx3e8cc8d566ab4e5b83edd-0069a1d7e9 - 0.0116 - - 1772214249.736529827 1772214249.748141050 0
Feb 27 17:44:09 standalone container-server[126997]: 172.20.0.100 - - [27/Feb/2026:17:44:09 +0000] "GET /d1/516/AUTH_e4137b801196407a869686393657fbb9/gnocchi.500ef171-e2c3-4075-acbf-90336c692d91" 200 357 "GET http://172.18.0.2:8080/v1/AUTH_e4137b801196407a869686393657fbb9/gnocchi.500ef171-e2c3-4075-acbf-90336c692d91?format=json&states=listing" "tx982d3c43ca8a4ee4b12a4-0069a1d7e9" "proxy-server 20" 0.0044 "-" 22 0
Feb 27 17:44:09 standalone proxy-server[129194]: 172.18.0.2 172.18.0.100 27/Feb/2026/17/44/09 GET /v1/AUTH_e4137b801196407a869686393657fbb9/gnocchi.500ef171-e2c3-4075-acbf-90336c692d91%3Fformat%3Djson%26states%3Dlisting HTTP/1.0 200 - python-swiftclient-3.11.1 gAAAAABpodfMV9bR... - 357 - tx982d3c43ca8a4ee4b12a4-0069a1d7e9 - 0.0137 - - 1772214249.753402948 1772214249.767062426 0
Feb 27 17:44:09 standalone container-server[126994]: 172.20.0.100 - - [27/Feb/2026:17:44:09 +0000] "GET /d1/516/AUTH_e4137b801196407a869686393657fbb9/gnocchi.500ef171-e2c3-4075-acbf-90336c692d91" 200 2 "GET http://172.18.0.2:8080/v1/AUTH_e4137b801196407a869686393657fbb9/gnocchi.500ef171-e2c3-4075-acbf-90336c692d91?format=json&marker=none_v3&states=listing" "tx7d9fe68c444d437b9ce42-0069a1d7e9" "proxy-server 20" 0.0024 "-" 20 0
Feb 27 17:44:09 standalone proxy-server[129194]: 172.18.0.2 172.18.0.100 27/Feb/2026/17/44/09 GET /v1/AUTH_e4137b801196407a869686393657fbb9/gnocchi.500ef171-e2c3-4075-acbf-90336c692d91%3Fformat%3Djson%26marker%3Dnone_v3%26states%3Dlisting HTTP/1.0 200 - python-swiftclient-3.11.1 gAAAAABpodfMV9bR... - 2 - tx7d9fe68c444d437b9ce42-0069a1d7e9 - 0.0149 - - 1772214249.770744801 1772214249.785628319 0
Feb 27 17:44:09 standalone object-server[127146]: 172.20.0.100 - - [27/Feb/2026:17:44:09 +0000] "GET /d1/827/AUTH_e4137b801196407a869686393657fbb9/gnocchi.500ef171-e2c3-4075-acbf-90336c692d91/1771200000.0_mean_300.0_v3" 200 16 "GET http://172.18.0.2:8080/v1/AUTH_e4137b801196407a869686393657fbb9/gnocchi.500ef171-e2c3-4075-acbf-90336c692d91/1771200000.0_mean_300.0_v3" "txd3dc0f352bb845d39bc7f-0069a1d7e9" "proxy-server 20" 0.0015 "-" 22 0
Feb 27 17:44:09 standalone proxy-server[129194]: 172.18.0.2 172.18.0.100 27/Feb/2026/17/44/09 GET /v1/AUTH_e4137b801196407a869686393657fbb9/gnocchi.500ef171-e2c3-4075-acbf-90336c692d91/1771200000.0_mean_300.0_v3 HTTP/1.0 200 - python-swiftclient-3.11.1 gAAAAABpodfMV9bR... - 16 - txd3dc0f352bb845d39bc7f-0069a1d7e9 - 0.0141 - - 1772214249.791416407 1772214249.805551052 0
Feb 27 17:44:09 standalone container-server[126995]: 172.20.0.100 - - [27/Feb/2026:17:44:09 +0000] "PUT /d1/516/AUTH_e4137b801196407a869686393657fbb9/gnocchi.500ef171-e2c3-4075-acbf-90336c692d91/1771200000.0_mean_300.0_v3" 201 - "PUT http://172.18.0.2:8080/d1/827/AUTH_e4137b801196407a869686393657fbb9/gnocchi.500ef171-e2c3-4075-acbf-90336c692d91/1771200000.0_mean_300.0_v3" "txe4a6d0ccbfb54ac19f5ae-0069a1d7e9" "object-server 25" 0.0016 "-" 21 0
Feb 27 17:44:09 standalone object-server[127149]: 172.20.0.100 - - [27/Feb/2026:17:44:09 +0000] "PUT /d1/827/AUTH_e4137b801196407a869686393657fbb9/gnocchi.500ef171-e2c3-4075-acbf-90336c692d91/1771200000.0_mean_300.0_v3" 201 - "PUT http://172.18.0.2:8080/v1/AUTH_e4137b801196407a869686393657fbb9/gnocchi.500ef171-e2c3-4075-acbf-90336c692d91/1771200000.0_mean_300.0_v3" "txe4a6d0ccbfb54ac19f5ae-0069a1d7e9" "proxy-server 20" 0.0307 "-" 25 0
Feb 27 17:44:09 standalone proxy-server[129194]: 172.18.0.2 172.18.0.100 27/Feb/2026/17/44/09 PUT /v1/AUTH_e4137b801196407a869686393657fbb9/gnocchi.500ef171-e2c3-4075-acbf-90336c692d91/1771200000.0_mean_300.0_v3 HTTP/1.0 201 - python-swiftclient-3.11.1 gAAAAABpodfMV9bR... 16 - - txe4a6d0ccbfb54ac19f5ae-0069a1d7e9 - 0.0383 - - 1772214249.810001612 1772214249.848279476 0
Feb 27 17:44:09 standalone container-server[126999]: 172.20.0.100 - - [27/Feb/2026:17:44:09 +0000] "PUT /d1/516/AUTH_e4137b801196407a869686393657fbb9/gnocchi.500ef171-e2c3-4075-acbf-90336c692d91/none_v3" 201 - "PUT http://172.18.0.2:8080/d1/606/AUTH_e4137b801196407a869686393657fbb9/gnocchi.500ef171-e2c3-4075-acbf-90336c692d91/none_v3" "txe3fbd294624a4347a714a-0069a1d7e9" "object-server 25" 0.0008 "-" 23 0
Feb 27 17:44:09 standalone object-server[127149]: 172.20.0.100 - - [27/Feb/2026:17:44:09 +0000] "PUT /d1/606/AUTH_e4137b801196407a869686393657fbb9/gnocchi.500ef171-e2c3-4075-acbf-90336c692d91/none_v3" 201 - "PUT http://172.18.0.2:8080/v1/AUTH_e4137b801196407a869686393657fbb9/gnocchi.500ef171-e2c3-4075-acbf-90336c692d91/none_v3" "txe3fbd294624a4347a714a-0069a1d7e9" "proxy-server 20" 0.0104 "-" 25 0
Feb 27 17:44:09 standalone proxy-server[129194]: 172.18.0.2 172.18.0.100 27/Feb/2026/17/44/09 PUT /v1/AUTH_e4137b801196407a869686393657fbb9/gnocchi.500ef171-e2c3-4075-acbf-90336c692d91/none_v3 HTTP/1.0 201 - python-swiftclient-3.11.1 gAAAAABpodfMV9bR... 32 - - txe3fbd294624a4347a714a-0069a1d7e9 - 0.0173 - - 1772214249.852471590 1772214249.869780302 0
Feb 27 17:44:39 standalone container-server[126997]: 172.20.0.100 - - [27/Feb/2026:17:44:39 +0000] "HEAD /d1/768/AUTH_e4137b801196407a869686393657fbb9/gnocchi.d1e04f03-0150-4bc6-9408-76d76a1f54d5" 404 - "HEAD http://172.18.0.2:8080/v1/AUTH_e4137b801196407a869686393657fbb9/gnocchi.d1e04f03-0150-4bc6-9408-76d76a1f54d5?format=json&states=listing" "txd32ef68a2c164831bf41a-0069a1d807" "proxy-server 20" 0.0005 "-" 22 0
Feb 27 17:44:39 standalone object-server[127146]: 172.20.0.100 - - [27/Feb/2026:17:44:39 +0000] "GET /d1/99/AUTH_e4137b801196407a869686393657fbb9/gnocchi.d1e04f03-0150-4bc6-9408-76d76a1f54d5/none_v3" 404 70 "GET http://172.18.0.2:8080/v1/AUTH_e4137b801196407a869686393657fbb9/gnocchi.d1e04f03-0150-4bc6-9408-76d76a1f54d5/none_v3" "txd32ef68a2c164831bf41a-0069a1d807" "proxy-server 20" 0.0011 "-" 22 0
Feb 27 17:44:39 standalone proxy-server[129194]: 172.18.0.2 172.18.0.100 27/Feb/2026/17/44/39 GET /v1/AUTH_e4137b801196407a869686393657fbb9/gnocchi.d1e04f03-0150-4bc6-9408-76d76a1f54d5/none_v3 HTTP/1.0 404 - python-swiftclient-3.11.1 gAAAAABpodfMV9bR... - 70 - txd32ef68a2c164831bf41a-0069a1d807 - 0.0167 - - 1772214279.029253721 1772214279.045935154 0
Feb 27 17:44:39 standalone account-server[126893]: 172.20.0.100 - - [27/Feb/2026:17:44:39 +0000] "PUT /d1/924/AUTH_e4137b801196407a869686393657fbb9/gnocchi.d1e04f03-0150-4bc6-9408-76d76a1f54d5" 201 - "PUT http://172.20.0.100:6001/d1/768/AUTH_e4137b801196407a869686393657fbb9/gnocchi.d1e04f03-0150-4bc6-9408-76d76a1f54d5" "txbf8a52a000c74f52929cd-0069a1d807" "container-server 20" 0.0080 "-" 19 0
Feb 27 17:44:39 standalone container-server[126994]: 172.20.0.100 - - [27/Feb/2026:17:44:39 +0000] "PUT /d1/768/AUTH_e4137b801196407a869686393657fbb9/gnocchi.d1e04f03-0150-4bc6-9408-76d76a1f54d5" 201 - "PUT http://172.18.0.2:8080/v1/AUTH_e4137b801196407a869686393657fbb9/gnocchi.d1e04f03-0150-4bc6-9408-76d76a1f54d5" "txbf8a52a000c74f52929cd-0069a1d807" "proxy-server 20" 0.0206 "-" 20 0
Feb 27 17:44:39 standalone proxy-server[129194]: 172.18.0.2 172.18.0.100 27/Feb/2026/17/44/39 PUT /v1/AUTH_e4137b801196407a869686393657fbb9/gnocchi.d1e04f03-0150-4bc6-9408-76d76a1f54d5 HTTP/1.0 201 - python-swiftclient-3.11.1 gAAAAABpodfMV9bR... - - - txbf8a52a000c74f52929cd-0069a1d807 - 0.0283 - - 1772214279.049896955 1772214279.078225851 0
Feb 27 17:44:39 standalone container-server[126994]: 172.20.0.100 - - [27/Feb/2026:17:44:39 +0000] "HEAD /d1/768/AUTH_e4137b801196407a869686393657fbb9/gnocchi.d1e04f03-0150-4bc6-9408-76d76a1f54d5" 204 - "HEAD http://172.18.0.2:8080/v1/AUTH_e4137b801196407a869686393657fbb9/gnocchi.d1e04f03-0150-4bc6-9408-76d76a1f54d5?format=json&states=listing" "txb8348a2aae4c402a89691-0069a1d807" "proxy-server 20" 0.0013 "-" 20 0
Feb 27 17:44:39 standalone proxy-server[129194]: - - 27/Feb/2026/17/44/39 HEAD /v1/AUTH_e4137b801196407a869686393657fbb9/gnocchi.d1e04f03-0150-4bc6-9408-76d76a1f54d5%3Fformat%3Djson%26states%3Dlisting HTTP/1.0 204 - Swift - - - - txb8348a2aae4c402a89691-0069a1d807 - 0.0068 RL - 1772214279.085118055 1772214279.091954708 0
Feb 27 17:44:39 standalone container-server[126997]: 172.20.0.100 - - [27/Feb/2026:17:44:39 +0000] "GET /d1/768/AUTH_e4137b801196407a869686393657fbb9/gnocchi.d1e04f03-0150-4bc6-9408-76d76a1f54d5" 200 2 "GET http://172.18.0.2:8080/v1/AUTH_e4137b801196407a869686393657fbb9/gnocchi.d1e04f03-0150-4bc6-9408-76d76a1f54d5?format=json&states=listing" "txb8348a2aae4c402a89691-0069a1d807" "proxy-server 20" 0.0027 "-" 22 0
Feb 27 17:44:39 standalone proxy-server[129194]: 172.18.0.2 172.18.0.100 27/Feb/2026/17/44/39 GET /v1/AUTH_e4137b801196407a869686393657fbb9/gnocchi.d1e04f03-0150-4bc6-9408-76d76a1f54d5%3Fformat%3Djson%26states%3Dlisting HTTP/1.0 200 - python-swiftclient-3.11.1 gAAAAABpodfMV9bR... - 2 - txb8348a2aae4c402a89691-0069a1d807 - 0.0335 - - 1772214279.082887650 1772214279.116419315 0
Feb 27 17:44:39 standalone object-server[127148]: 172.20.0.100 - - [27/Feb/2026:17:44:39 +0000] "GET /d1/568/AUTH_e4137b801196407a869686393657fbb9/gnocchi.d1e04f03-0150-4bc6-9408-76d76a1f54d5/1771200000.0_mean_300.0_v3" 404 70 "GET http://172.18.0.2:8080/v1/AUTH_e4137b801196407a869686393657fbb9/gnocchi.d1e04f03-0150-4bc6-9408-76d76a1f54d5/1771200000.0_mean_300.0_v3" "tx673a964c6f454c2e9d510-0069a1d807" "proxy-server 20" 0.0006 "-" 24 0
Feb 27 17:44:39 standalone proxy-server[129194]: 172.18.0.2 172.18.0.100 27/Feb/2026/17/44/39 GET /v1/AUTH_e4137b801196407a869686393657fbb9/gnocchi.d1e04f03-0150-4bc6-9408-76d76a1f54d5/1771200000.0_mean_300.0_v3 HTTP/1.0 404 - python-swiftclient-3.11.1 gAAAAABpodfMV9bR... - 70 - tx673a964c6f454c2e9d510-0069a1d807 - 0.0071 - - 1772214279.121255636 1772214279.128394604 0
Feb 27 17:44:39 standalone container-server[126995]: 172.20.0.100 - - [27/Feb/2026:17:44:39 +0000] "PUT /d1/768/AUTH_e4137b801196407a869686393657fbb9/gnocchi.d1e04f03-0150-4bc6-9408-76d76a1f54d5/1771200000.0_mean_300.0_v3" 201 - "PUT http://172.18.0.2:8080/d1/568/AUTH_e4137b801196407a869686393657fbb9/gnocchi.d1e04f03-0150-4bc6-9408-76d76a1f54d5/1771200000.0_mean_300.0_v3" "txd2dbc8a5a5514bd68518d-0069a1d807" "object-server 23" 0.0007 "-" 21 0
Feb 27 17:44:39 standalone object-server[127147]: 172.20.0.100 - - [27/Feb/2026:17:44:39 +0000] "PUT /d1/568/AUTH_e4137b801196407a869686393657fbb9/gnocchi.d1e04f03-0150-4bc6-9408-76d76a1f54d5/1771200000.0_mean_300.0_v3" 201 - "PUT http://172.18.0.2:8080/v1/AUTH_e4137b801196407a869686393657fbb9/gnocchi.d1e04f03-0150-4bc6-9408-76d76a1f54d5/1771200000.0_mean_300.0_v3" "txd2dbc8a5a5514bd68518d-0069a1d807" "proxy-server 20" 0.0129 "-" 23 0
Feb 27 17:44:39 standalone proxy-server[129194]: 172.18.0.2 172.18.0.100 27/Feb/2026/17/44/39 PUT /v1/AUTH_e4137b801196407a869686393657fbb9/gnocchi.d1e04f03-0150-4bc6-9408-76d76a1f54d5/1771200000.0_mean_300.0_v3 HTTP/1.0 201 - python-swiftclient-3.11.1 gAAAAABpodfMV9bR... 16 - - txd2dbc8a5a5514bd68518d-0069a1d807 - 0.0186 - - 1772214279.131875992 1772214279.150459766 0
Feb 27 17:44:39 standalone container-server[126997]: 172.20.0.100 - - [27/Feb/2026:17:44:39 +0000] "PUT /d1/768/AUTH_e4137b801196407a869686393657fbb9/gnocchi.d1e04f03-0150-4bc6-9408-76d76a1f54d5/none_v3" 201 - "PUT http://172.18.0.2:8080/d1/99/AUTH_e4137b801196407a869686393657fbb9/gnocchi.d1e04f03-0150-4bc6-9408-76d76a1f54d5/none_v3" "tx91163b6dddab485282c05-0069a1d807" "object-server 24" 0.0006 "-" 22 0
Feb 27 17:44:39 standalone object-server[127148]: 172.20.0.100 - - [27/Feb/2026:17:44:39 +0000] "PUT /d1/99/AUTH_e4137b801196407a869686393657fbb9/gnocchi.d1e04f03-0150-4bc6-9408-76d76a1f54d5/none_v3" 201 - "PUT http://172.18.0.2:8080/v1/AUTH_e4137b801196407a869686393657fbb9/gnocchi.d1e04f03-0150-4bc6-9408-76d76a1f54d5/none_v3" "tx91163b6dddab485282c05-0069a1d807" "proxy-server 20" 0.0100 "-" 24 0
Feb 27 17:44:39 standalone proxy-server[129194]: 172.18.0.2 172.18.0.100 27/Feb/2026/17/44/39 PUT /v1/AUTH_e4137b801196407a869686393657fbb9/gnocchi.d1e04f03-0150-4bc6-9408-76d76a1f54d5/none_v3 HTTP/1.0 201 - python-swiftclient-3.11.1 gAAAAABpodfMV9bR... 22 - - tx91163b6dddab485282c05-0069a1d807 - 0.0155 - - 1772214279.154128551 1772214279.169579029 0
Feb 27 17:44:39 standalone container-server[126997]: 172.20.0.100 - - [27/Feb/2026:17:44:39 +0000] "HEAD /d1/780/AUTH_e4137b801196407a869686393657fbb9/gnocchi.88defa67-a41f-4ec8-b9d5-15470df9a4ce" 404 - "HEAD http://172.18.0.2:8080/v1/AUTH_e4137b801196407a869686393657fbb9/gnocchi.88defa67-a41f-4ec8-b9d5-15470df9a4ce?format=json&states=listing" "tx009df68bf63845e4825c9-0069a1d807" "proxy-server 20" 0.0008 "-" 22 0
Feb 27 17:44:39 standalone object-server[127147]: 172.20.0.100 - - [27/Feb/2026:17:44:39 +0000] "GET /d1/482/AUTH_e4137b801196407a869686393657fbb9/gnocchi.88defa67-a41f-4ec8-b9d5-15470df9a4ce/none_v3" 404 70 "GET http://172.18.0.2:8080/v1/AUTH_e4137b801196407a869686393657fbb9/gnocchi.88defa67-a41f-4ec8-b9d5-15470df9a4ce/none_v3" "tx009df68bf63845e4825c9-0069a1d807" "proxy-server 20" 0.0004 "-" 23 0
Feb 27 17:44:39 standalone proxy-server[129194]: 172.18.0.2 172.18.0.100 27/Feb/2026/17/44/39 GET /v1/AUTH_e4137b801196407a869686393657fbb9/gnocchi.88defa67-a41f-4ec8-b9d5-15470df9a4ce/none_v3 HTTP/1.0 404 - python-swiftclient-3.11.1 gAAAAABpodfMV9bR... - 70 - tx009df68bf63845e4825c9-0069a1d807 - 0.0226 - - 1772214279.196712732 1772214279.219280720 0
Feb 27 17:44:39 standalone account-server[126897]: 172.20.0.100 - - [27/Feb/2026:17:44:39 +0000] "PUT /d1/924/AUTH_e4137b801196407a869686393657fbb9/gnocchi.88defa67-a41f-4ec8-b9d5-15470df9a4ce" 201 - "PUT http://172.20.0.100:6001/d1/780/AUTH_e4137b801196407a869686393657fbb9/gnocchi.88defa67-a41f-4ec8-b9d5-15470df9a4ce" "tx36aed3e7c07248bea7124-0069a1d807" "container-server 20" 0.0199 "-" 20 0
Feb 27 17:44:39 standalone container-server[126994]: 172.20.0.100 - - [27/Feb/2026:17:44:39 +0000] "PUT /d1/780/AUTH_e4137b801196407a869686393657fbb9/gnocchi.88defa67-a41f-4ec8-b9d5-15470df9a4ce" 201 - "PUT http://172.18.0.2:8080/v1/AUTH_e4137b801196407a869686393657fbb9/gnocchi.88defa67-a41f-4ec8-b9d5-15470df9a4ce" "tx36aed3e7c07248bea7124-0069a1d807" "proxy-server 20" 0.0355 "-" 20 0
Feb 27 17:44:39 standalone proxy-server[129194]: 172.18.0.2 172.18.0.100 27/Feb/2026/17/44/39 PUT /v1/AUTH_e4137b801196407a869686393657fbb9/gnocchi.88defa67-a41f-4ec8-b9d5-15470df9a4ce HTTP/1.0 201 - python-swiftclient-3.11.1 gAAAAABpodfMV9bR... - - - tx36aed3e7c07248bea7124-0069a1d807 - 0.0478 - - 1772214279.225498915 1772214279.273322821 0
Feb 27 17:44:39 standalone container-server[126995]: 172.20.0.100 - - [27/Feb/2026:17:44:39 +0000] "HEAD /d1/780/AUTH_e4137b801196407a869686393657fbb9/gnocchi.88defa67-a41f-4ec8-b9d5-15470df9a4ce" 204 - "HEAD http://172.18.0.2:8080/v1/AUTH_e4137b801196407a869686393657fbb9/gnocchi.88defa67-a41f-4ec8-b9d5-15470df9a4ce?format=json&states=listing" "txe2af4ea6748541a898228-0069a1d807" "proxy-server 20" 0.0033 "-" 21 0
Feb 27 17:44:39 standalone proxy-server[129194]: - - 27/Feb/2026/17/44/39 HEAD /v1/AUTH_e4137b801196407a869686393657fbb9/gnocchi.88defa67-a41f-4ec8-b9d5-15470df9a4ce%3Fformat%3Djson%26states%3Dlisting HTTP/1.0 204 - Swift - - - - txe2af4ea6748541a898228-0069a1d807 - 0.0115 RL - 1772214279.295207500 1772214279.306748629 0
Feb 27 17:44:39 standalone container-server[126997]: 172.20.0.100 - - [27/Feb/2026:17:44:39 +0000] "GET /d1/780/AUTH_e4137b801196407a869686393657fbb9/gnocchi.88defa67-a41f-4ec8-b9d5-15470df9a4ce" 200 2 "GET http://172.18.0.2:8080/v1/AUTH_e4137b801196407a869686393657fbb9/gnocchi.88defa67-a41f-4ec8-b9d5-15470df9a4ce?format=json&states=listing" "txe2af4ea6748541a898228-0069a1d807" "proxy-server 20" 0.0019 "-" 22 0
Feb 27 17:44:39 standalone proxy-server[129194]: 172.18.0.2 172.18.0.100 27/Feb/2026/17/44/39 GET /v1/AUTH_e4137b801196407a869686393657fbb9/gnocchi.88defa67-a41f-4ec8-b9d5-15470df9a4ce%3Fformat%3Djson%26states%3Dlisting HTTP/1.0 200 - python-swiftclient-3.11.1 gAAAAABpodfMV9bR... - 2 - txe2af4ea6748541a898228-0069a1d807 - 0.0337 - - 1772214279.293214560 1772214279.326915264 0
Feb 27 17:44:39 standalone object-server[127148]: 172.20.0.100 - - [27/Feb/2026:17:44:39 +0000] "GET /d1/134/AUTH_e4137b801196407a869686393657fbb9/gnocchi.88defa67-a41f-4ec8-b9d5-15470df9a4ce/1771200000.0_mean_300.0_v3" 404 70 "GET http://172.18.0.2:8080/v1/AUTH_e4137b801196407a869686393657fbb9/gnocchi.88defa67-a41f-4ec8-b9d5-15470df9a4ce/1771200000.0_mean_300.0_v3" "txf5ccb9896a6a4474b3b33-0069a1d807" "proxy-server 20" 0.0006 "-" 24 0
Feb 27 17:44:39 standalone proxy-server[129194]: 172.18.0.2 172.18.0.100 27/Feb/2026/17/44/39 GET /v1/AUTH_e4137b801196407a869686393657fbb9/gnocchi.88defa67-a41f-4ec8-b9d5-15470df9a4ce/1771200000.0_mean_300.0_v3 HTTP/1.0 404 - python-swiftclient-3.11.1 gAAAAABpodfMV9bR... - 70 - txf5ccb9896a6a4474b3b33-0069a1d807 - 0.0070 - - 1772214279.333203793 1772214279.340232134 0
Feb 27 17:44:39 standalone container-server[126995]: 172.20.0.100 - - [27/Feb/2026:17:44:39 +0000] "PUT /d1/780/AUTH_e4137b801196407a869686393657fbb9/gnocchi.88defa67-a41f-4ec8-b9d5-15470df9a4ce/1771200000.0_mean_300.0_v3" 201 - "PUT http://172.18.0.2:8080/d1/134/AUTH_e4137b801196407a869686393657fbb9/gnocchi.88defa67-a41f-4ec8-b9d5-15470df9a4ce/1771200000.0_mean_300.0_v3" "txba5bcc7ba1d44946b87e6-0069a1d807" "object-server 25" 0.0006 "-" 21 0
Feb 27 17:44:39 standalone object-server[127149]: 172.20.0.100 - - [27/Feb/2026:17:44:39 +0000] "PUT /d1/134/AUTH_e4137b801196407a869686393657fbb9/gnocchi.88defa67-a41f-4ec8-b9d5-15470df9a4ce/1771200000.0_mean_300.0_v3" 201 - "PUT http://172.18.0.2:8080/v1/AUTH_e4137b801196407a869686393657fbb9/gnocchi.88defa67-a41f-4ec8-b9d5-15470df9a4ce/1771200000.0_mean_300.0_v3" "txba5bcc7ba1d44946b87e6-0069a1d807" "proxy-server 20" 0.0291 "-" 25 0
Feb 27 17:44:39 standalone proxy-server[129194]: 172.18.0.2 172.18.0.100 27/Feb/2026/17/44/39 PUT /v1/AUTH_e4137b801196407a869686393657fbb9/gnocchi.88defa67-a41f-4ec8-b9d5-15470df9a4ce/1771200000.0_mean_300.0_v3 HTTP/1.0 201 - python-swiftclient-3.11.1 gAAAAABpodfMV9bR... 16 - - txba5bcc7ba1d44946b87e6-0069a1d807 - 0.0347 - - 1772214279.344151974 1772214279.378889799 0
Feb 27 17:44:39 standalone container-server[126997]: 172.20.0.100 - - [27/Feb/2026:17:44:39 +0000] "PUT /d1/780/AUTH_e4137b801196407a869686393657fbb9/gnocchi.88defa67-a41f-4ec8-b9d5-15470df9a4ce/none_v3" 201 - "PUT http://172.18.0.2:8080/d1/482/AUTH_e4137b801196407a869686393657fbb9/gnocchi.88defa67-a41f-4ec8-b9d5-15470df9a4ce/none_v3" "txaa1db9ed54f94b9f8ec78-0069a1d807" "object-server 25" 0.0011 "-" 22 0
Feb 27 17:44:39 standalone object-server[127149]: 172.20.0.100 - - [27/Feb/2026:17:44:39 +0000] "PUT /d1/482/AUTH_e4137b801196407a869686393657fbb9/gnocchi.88defa67-a41f-4ec8-b9d5-15470df9a4ce/none_v3" 201 - "PUT http://172.18.0.2:8080/v1/AUTH_e4137b801196407a869686393657fbb9/gnocchi.88defa67-a41f-4ec8-b9d5-15470df9a4ce/none_v3" "txaa1db9ed54f94b9f8ec78-0069a1d807" "proxy-server 20" 0.0260 "-" 25 0
Feb 27 17:44:39 standalone proxy-server[129194]: 172.18.0.2 172.18.0.100 27/Feb/2026/17/44/39 PUT /v1/AUTH_e4137b801196407a869686393657fbb9/gnocchi.88defa67-a41f-4ec8-b9d5-15470df9a4ce/none_v3 HTTP/1.0 201 - python-swiftclient-3.11.1 gAAAAABpodfMV9bR... 22 - - txaa1db9ed54f94b9f8ec78-0069a1d807 - 0.0325 - - 1772214279.381899357 1772214279.414398670 0
Feb 27 17:44:47 standalone account-server[126885]: 172.20.0.100 - - [27/Feb/2026:17:44:47 +0000] "HEAD /d1/924/AUTH_e4137b801196407a869686393657fbb9" 204 - "HEAD http://172.18.0.2:8080/v1/AUTH_e4137b801196407a869686393657fbb9?format=json" "tx4a56261240af4a4ea88a6-0069a1d80f" "proxy-server 20" 0.0079 "-" 18 -
Feb 27 17:44:47 standalone proxy-server[129194]: - - 27/Feb/2026/17/44/47 HEAD /v1/AUTH_e4137b801196407a869686393657fbb9%3Fformat%3Djson HTTP/1.0 204 - Swift - - - - tx4a56261240af4a4ea88a6-0069a1d80f - 0.0119 RL - 1772214287.524265051 1772214287.536164045 -
Feb 27 17:44:47 standalone container-server[126999]: 172.20.0.100 - - [27/Feb/2026:17:44:47 +0000] "HEAD /d1/847/AUTH_e4137b801196407a869686393657fbb9/gnocchi.7bf22392-c458-4419-b458-892468d3bd80" 404 - "HEAD http://172.18.0.2:8080/v1/AUTH_e4137b801196407a869686393657fbb9/gnocchi.7bf22392-c458-4419-b458-892468d3bd80?format=json&states=listing" "tx4a56261240af4a4ea88a6-0069a1d80f" "proxy-server 20" 0.0009 "-" 23 0
Feb 27 17:44:47 standalone object-server[127147]: 172.20.0.100 - - [27/Feb/2026:17:44:47 +0000] "GET /d1/755/AUTH_e4137b801196407a869686393657fbb9/gnocchi.7bf22392-c458-4419-b458-892468d3bd80/none_v3" 404 70 "GET http://172.18.0.2:8080/v1/AUTH_e4137b801196407a869686393657fbb9/gnocchi.7bf22392-c458-4419-b458-892468d3bd80/none_v3" "tx4a56261240af4a4ea88a6-0069a1d80f" "proxy-server 20" 0.0007 "-" 23 0
Feb 27 17:44:47 standalone proxy-server[129194]: 172.18.0.2 172.18.0.100 27/Feb/2026/17/44/47 GET /v1/AUTH_e4137b801196407a869686393657fbb9/gnocchi.7bf22392-c458-4419-b458-892468d3bd80/none_v3 HTTP/1.0 404 - python-swiftclient-3.11.1 gAAAAABpodfMV9bR... - 70 - tx4a56261240af4a4ea88a6-0069a1d80f - 0.0255 - - 1772214287.523373127 1772214287.548914194 0
Feb 27 17:44:47 standalone account-server[126897]: 172.20.0.100 - - [27/Feb/2026:17:44:47 +0000] "PUT /d1/924/AUTH_e4137b801196407a869686393657fbb9/gnocchi.7bf22392-c458-4419-b458-892468d3bd80" 201 - "PUT http://172.20.0.100:6001/d1/847/AUTH_e4137b801196407a869686393657fbb9/gnocchi.7bf22392-c458-4419-b458-892468d3bd80" "tx6c4996a3e749467d9a2c7-0069a1d80f" "container-server 22" 0.0011 "-" 20 0
Feb 27 17:44:47 standalone container-server[126997]: 172.20.0.100 - - [27/Feb/2026:17:44:47 +0000] "PUT /d1/847/AUTH_e4137b801196407a869686393657fbb9/gnocchi.7bf22392-c458-4419-b458-892468d3bd80" 201 - "PUT http://172.18.0.2:8080/v1/AUTH_e4137b801196407a869686393657fbb9/gnocchi.7bf22392-c458-4419-b458-892468d3bd80" "tx6c4996a3e749467d9a2c7-0069a1d80f" "proxy-server 20" 0.0186 "-" 22 0
Feb 27 17:44:47 standalone proxy-server[129194]: 172.18.0.2 172.18.0.100 27/Feb/2026/17/44/47 PUT /v1/AUTH_e4137b801196407a869686393657fbb9/gnocchi.7bf22392-c458-4419-b458-892468d3bd80 HTTP/1.0 201 - python-swiftclient-3.11.1 gAAAAABpodfMV9bR... - - - tx6c4996a3e749467d9a2c7-0069a1d80f - 0.0248 - - 1772214287.551358700 1772214287.576155663 0
Feb 27 17:44:47 standalone container-server[126994]: 172.20.0.100 - - [27/Feb/2026:17:44:47 +0000] "HEAD /d1/847/AUTH_e4137b801196407a869686393657fbb9/gnocchi.7bf22392-c458-4419-b458-892468d3bd80" 204 - "HEAD http://172.18.0.2:8080/v1/AUTH_e4137b801196407a869686393657fbb9/gnocchi.7bf22392-c458-4419-b458-892468d3bd80?format=json&states=listing" "txb747ba16a7ec41789849c-0069a1d80f" "proxy-server 20" 0.0028 "-" 20 0
Feb 27 17:44:47 standalone proxy-server[129194]: - - 27/Feb/2026/17/44/47 HEAD /v1/AUTH_e4137b801196407a869686393657fbb9/gnocchi.7bf22392-c458-4419-b458-892468d3bd80%3Fformat%3Djson%26states%3Dlisting HTTP/1.0 204 - Swift - - - - txb747ba16a7ec41789849c-0069a1d80f - 0.0087 RL - 1772214287.580167532 1772214287.588874102 0
Feb 27 17:44:47 standalone container-server[126994]: 172.20.0.100 - - [27/Feb/2026:17:44:47 +0000] "GET /d1/847/AUTH_e4137b801196407a869686393657fbb9/gnocchi.7bf22392-c458-4419-b458-892468d3bd80" 200 2 "GET http://172.18.0.2:8080/v1/AUTH_e4137b801196407a869686393657fbb9/gnocchi.7bf22392-c458-4419-b458-892468d3bd80?format=json&states=listing" "txb747ba16a7ec41789849c-0069a1d80f" "proxy-server 20" 0.0022 "-" 20 0
Feb 27 17:44:47 standalone proxy-server[129194]: 172.18.0.2 172.18.0.100 27/Feb/2026/17/44/47 GET /v1/AUTH_e4137b801196407a869686393657fbb9/gnocchi.7bf22392-c458-4419-b458-892468d3bd80%3Fformat%3Djson%26states%3Dlisting HTTP/1.0 200 - python-swiftclient-3.11.1 gAAAAABpodfMV9bR... - 2 - txb747ba16a7ec41789849c-0069a1d80f - 0.0238 - - 1772214287.578949690 1772214287.602768898 0
Feb 27 17:44:47 standalone object-server[127149]: 172.20.0.100 - - [27/Feb/2026:17:44:47 +0000] "GET /d1/96/AUTH_e4137b801196407a869686393657fbb9/gnocchi.7bf22392-c458-4419-b458-892468d3bd80/1771200000.0_mean_300.0_v3" 404 70 "GET http://172.18.0.2:8080/v1/AUTH_e4137b801196407a869686393657fbb9/gnocchi.7bf22392-c458-4419-b458-892468d3bd80/1771200000.0_mean_300.0_v3" "tx32b87874f18b46ac8ca04-0069a1d80f" "proxy-server 20" 0.0004 "-" 25 0
Feb 27 17:44:47 standalone proxy-server[129194]: 172.18.0.2 172.18.0.100 27/Feb/2026/17/44/47 GET /v1/AUTH_e4137b801196407a869686393657fbb9/gnocchi.7bf22392-c458-4419-b458-892468d3bd80/1771200000.0_mean_300.0_v3 HTTP/1.0 404 - python-swiftclient-3.11.1 gAAAAABpodfMV9bR... - 70 - tx32b87874f18b46ac8ca04-0069a1d80f - 0.0095 - - 1772214287.606585026 1772214287.616071224 0
Feb 27 17:44:47 standalone container-server[126995]: 172.20.0.100 - - [27/Feb/2026:17:44:47 +0000] "PUT /d1/847/AUTH_e4137b801196407a869686393657fbb9/gnocchi.7bf22392-c458-4419-b458-892468d3bd80/1771200000.0_mean_300.0_v3" 201 - "PUT http://172.18.0.2:8080/d1/96/AUTH_e4137b801196407a869686393657fbb9/gnocchi.7bf22392-c458-4419-b458-892468d3bd80/1771200000.0_mean_300.0_v3" "tx96c7de8f9c4d4800b5d68-0069a1d80f" "object-server 22" 0.0007 "-" 21 0
Feb 27 17:44:47 standalone object-server[127146]: 172.20.0.100 - - [27/Feb/2026:17:44:47 +0000] "PUT /d1/96/AUTH_e4137b801196407a869686393657fbb9/gnocchi.7bf22392-c458-4419-b458-892468d3bd80/1771200000.0_mean_300.0_v3" 201 - "PUT http://172.18.0.2:8080/v1/AUTH_e4137b801196407a869686393657fbb9/gnocchi.7bf22392-c458-4419-b458-892468d3bd80/1771200000.0_mean_300.0_v3" "tx96c7de8f9c4d4800b5d68-0069a1d80f" "proxy-server 20" 0.1382 "-" 22 0
Feb 27 17:44:47 standalone proxy-server[129194]: 172.18.0.2 172.18.0.100 27/Feb/2026/17/44/47 PUT /v1/AUTH_e4137b801196407a869686393657fbb9/gnocchi.7bf22392-c458-4419-b458-892468d3bd80/1771200000.0_mean_300.0_v3 HTTP/1.0 201 - python-swiftclient-3.11.1 gAAAAABpodfMV9bR... 16 - - tx96c7de8f9c4d4800b5d68-0069a1d80f - 0.1489 - - 1772214287.619621038 1772214287.768477201 0
Feb 27 17:44:47 standalone container-server[126997]: 172.20.0.100 - - [27/Feb/2026:17:44:47 +0000] "PUT /d1/847/AUTH_e4137b801196407a869686393657fbb9/gnocchi.7bf22392-c458-4419-b458-892468d3bd80/none_v3" 201 - "PUT http://172.18.0.2:8080/d1/755/AUTH_e4137b801196407a869686393657fbb9/gnocchi.7bf22392-c458-4419-b458-892468d3bd80/none_v3" "txc710945eae3649e584f47-0069a1d80f" "object-server 22" 0.0006 "-" 22 0
Feb 27 17:44:47 standalone object-server[127146]: 172.20.0.100 - - [27/Feb/2026:17:44:47 +0000] "PUT /d1/755/AUTH_e4137b801196407a869686393657fbb9/gnocchi.7bf22392-c458-4419-b458-892468d3bd80/none_v3" 201 - "PUT http://172.18.0.2:8080/v1/AUTH_e4137b801196407a869686393657fbb9/gnocchi.7bf22392-c458-4419-b458-892468d3bd80/none_v3" "txc710945eae3649e584f47-0069a1d80f" "proxy-server 20" 0.0129 "-" 22 0
Feb 27 17:44:47 standalone proxy-server[129194]: 172.18.0.2 172.18.0.100 27/Feb/2026/17/44/47 PUT /v1/AUTH_e4137b801196407a869686393657fbb9/gnocchi.7bf22392-c458-4419-b458-892468d3bd80/none_v3 HTTP/1.0 201 - python-swiftclient-3.11.1 gAAAAABpodfMV9bR... 22 - - txc710945eae3649e584f47-0069a1d80f - 0.0247 - - 1772214287.775942087 1772214287.800620556 0
Feb 27 17:44:47 standalone container-server[126997]: 172.20.0.100 - - [27/Feb/2026:17:44:47 +0000] "HEAD /d1/29/AUTH_e4137b801196407a869686393657fbb9/gnocchi.690c9b7e-979c-4a20-93ed-979bc32f6082" 404 - "HEAD http://172.18.0.2:8080/v1/AUTH_e4137b801196407a869686393657fbb9/gnocchi.690c9b7e-979c-4a20-93ed-979bc32f6082?format=json&states=listing" "tx118c9972989b40638f820-0069a1d80f" "proxy-server 20" 0.0006 "-" 22 0
Feb 27 17:44:47 standalone object-server[127149]: 172.20.0.100 - - [27/Feb/2026:17:44:47 +0000] "GET /d1/460/AUTH_e4137b801196407a869686393657fbb9/gnocchi.690c9b7e-979c-4a20-93ed-979bc32f6082/none_v3" 404 70 "GET http://172.18.0.2:8080/v1/AUTH_e4137b801196407a869686393657fbb9/gnocchi.690c9b7e-979c-4a20-93ed-979bc32f6082/none_v3" "tx118c9972989b40638f820-0069a1d80f" "proxy-server 20" 0.0006 "-" 25 0
Feb 27 17:44:47 standalone proxy-server[129194]: 172.18.0.2 172.18.0.100 27/Feb/2026/17/44/47 GET /v1/AUTH_e4137b801196407a869686393657fbb9/gnocchi.690c9b7e-979c-4a20-93ed-979bc32f6082/none_v3 HTTP/1.0 404 - python-swiftclient-3.11.1 gAAAAABpodfMV9bR... - 70 - tx118c9972989b40638f820-0069a1d80f - 0.0178 - - 1772214287.816290379 1772214287.834098339 0
Feb 27 17:44:47 standalone account-server[126880]: 172.20.0.100 - - [27/Feb/2026:17:44:47 +0000] "PUT /d1/924/AUTH_e4137b801196407a869686393657fbb9/gnocchi.690c9b7e-979c-4a20-93ed-979bc32f6082" 201 - "PUT http://172.20.0.100:6001/d1/29/AUTH_e4137b801196407a869686393657fbb9/gnocchi.690c9b7e-979c-4a20-93ed-979bc32f6082" "tx573f969206cf438eb69c0-0069a1d80f" "container-server 21" 0.0085 "-" 14 0
Feb 27 17:44:47 standalone container-server[126995]: 172.20.0.100 - - [27/Feb/2026:17:44:47 +0000] "PUT /d1/29/AUTH_e4137b801196407a869686393657fbb9/gnocchi.690c9b7e-979c-4a20-93ed-979bc32f6082" 201 - "PUT http://172.18.0.2:8080/v1/AUTH_e4137b801196407a869686393657fbb9/gnocchi.690c9b7e-979c-4a20-93ed-979bc32f6082" "tx573f969206cf438eb69c0-0069a1d80f" "proxy-server 20" 0.0292 "-" 21 0
Feb 27 17:44:47 standalone proxy-server[129194]: 172.18.0.2 172.18.0.100 27/Feb/2026/17/44/47 PUT /v1/AUTH_e4137b801196407a869686393657fbb9/gnocchi.690c9b7e-979c-4a20-93ed-979bc32f6082 HTTP/1.0 201 - python-swiftclient-3.11.1 gAAAAABpodfMV9bR... - - - tx573f969206cf438eb69c0-0069a1d80f - 0.0408 - - 1772214287.839189529 1772214287.879996777 0
Feb 27 17:44:47 standalone container-server[126999]: 172.20.0.100 - - [27/Feb/2026:17:44:47 +0000] "HEAD /d1/29/AUTH_e4137b801196407a869686393657fbb9/gnocchi.690c9b7e-979c-4a20-93ed-979bc32f6082" 204 - "HEAD http://172.18.0.2:8080/v1/AUTH_e4137b801196407a869686393657fbb9/gnocchi.690c9b7e-979c-4a20-93ed-979bc32f6082?format=json&states=listing" "txc593231c367e4bec8d403-0069a1d80f" "proxy-server 20" 0.0017 "-" 23 0
Feb 27 17:44:47 standalone proxy-server[129194]: - - 27/Feb/2026/17/44/47 HEAD /v1/AUTH_e4137b801196407a869686393657fbb9/gnocchi.690c9b7e-979c-4a20-93ed-979bc32f6082%3Fformat%3Djson%26states%3Dlisting HTTP/1.0 204 - Swift - - - - txc593231c367e4bec8d403-0069a1d80f - 0.0087 RL - 1772214287.888651848 1772214287.897338867 0
Feb 27 17:44:47 standalone container-server[126995]: 172.20.0.100 - - [27/Feb/2026:17:44:47 +0000] "GET /d1/29/AUTH_e4137b801196407a869686393657fbb9/gnocchi.690c9b7e-979c-4a20-93ed-979bc32f6082" 200 2 "GET http://172.18.0.2:8080/v1/AUTH_e4137b801196407a869686393657fbb9/gnocchi.690c9b7e-979c-4a20-93ed-979bc32f6082?format=json&states=listing" "txc593231c367e4bec8d403-0069a1d80f" "proxy-server 20" 0.0058 "-" 21 0
Feb 27 17:44:47 standalone proxy-server[129194]: 172.18.0.2 172.18.0.100 27/Feb/2026/17/44/47 GET /v1/AUTH_e4137b801196407a869686393657fbb9/gnocchi.690c9b7e-979c-4a20-93ed-979bc32f6082%3Fformat%3Djson%26states%3Dlisting HTTP/1.0 200 - python-swiftclient-3.11.1 gAAAAABpodfMV9bR... - 2 - txc593231c367e4bec8d403-0069a1d80f - 0.0311 - - 1772214287.885388851 1772214287.916500568 0
Feb 27 17:44:47 standalone object-server[127147]: 172.20.0.100 - - [27/Feb/2026:17:44:47 +0000] "GET /d1/591/AUTH_e4137b801196407a869686393657fbb9/gnocchi.690c9b7e-979c-4a20-93ed-979bc32f6082/1771200000.0_mean_300.0_v3" 404 70 "GET http://172.18.0.2:8080/v1/AUTH_e4137b801196407a869686393657fbb9/gnocchi.690c9b7e-979c-4a20-93ed-979bc32f6082/1771200000.0_mean_300.0_v3" "tx31273aff1dfe430ba2f45-0069a1d80f" "proxy-server 20" 0.0005 "-" 23 0
Feb 27 17:44:47 standalone proxy-server[129194]: 172.18.0.2 172.18.0.100 27/Feb/2026/17/44/47 GET /v1/AUTH_e4137b801196407a869686393657fbb9/gnocchi.690c9b7e-979c-4a20-93ed-979bc32f6082/1771200000.0_mean_300.0_v3 HTTP/1.0 404 - python-swiftclient-3.11.1 gAAAAABpodfMV9bR... - 70 - tx31273aff1dfe430ba2f45-0069a1d80f - 0.0536 - - 1772214287.921895027 1772214287.975534916 0
Feb 27 17:44:48 standalone container-server[126997]: 172.20.0.100 - - [27/Feb/2026:17:44:48 +0000] "PUT /d1/29/AUTH_e4137b801196407a869686393657fbb9/gnocchi.690c9b7e-979c-4a20-93ed-979bc32f6082/1771200000.0_mean_300.0_v3" 201 - "PUT http://172.18.0.2:8080/d1/591/AUTH_e4137b801196407a869686393657fbb9/gnocchi.690c9b7e-979c-4a20-93ed-979bc32f6082/1771200000.0_mean_300.0_v3" "tx141077a70c424c0ca3871-0069a1d80f" "object-server 23" 0.0007 "-" 22 0
