Feb 27 17:46:15 standalone container-server[126997]: 172.20.0.100 - - [27/Feb/2026:17:46:15 +0000] "HEAD /d1/740/AUTH_e4137b801196407a869686393657fbb9/gnocchi.0c5aa28a-09d6-4915-9c37-6121e0a4d435" 404 - "HEAD http://172.18.0.2:8080/v1/AUTH_e4137b801196407a869686393657fbb9/gnocchi.0c5aa28a-09d6-4915-9c37-6121e0a4d435?format=json&states=listing" "txda88dcb6de8e48c08c3de-0069a1d867" "proxy-server 20" 0.0004 "-" 22 0
Feb 27 17:46:15 standalone object-server[127148]: 172.20.0.100 - - [27/Feb/2026:17:46:15 +0000] "GET /d1/862/AUTH_e4137b801196407a869686393657fbb9/gnocchi.0c5aa28a-09d6-4915-9c37-6121e0a4d435/none_v3" 404 70 "GET http://172.18.0.2:8080/v1/AUTH_e4137b801196407a869686393657fbb9/gnocchi.0c5aa28a-09d6-4915-9c37-6121e0a4d435/none_v3" "txda88dcb6de8e48c08c3de-0069a1d867" "proxy-server 20" 0.0004 "-" 24 0
Feb 27 17:46:15 standalone proxy-server[129194]: 172.18.0.2 172.18.0.100 27/Feb/2026/17/46/15 GET /v1/AUTH_e4137b801196407a869686393657fbb9/gnocchi.0c5aa28a-09d6-4915-9c37-6121e0a4d435/none_v3 HTTP/1.0 404 - python-swiftclient-3.11.1 gAAAAABpodfMV9bR... - 70 - txda88dcb6de8e48c08c3de-0069a1d867 - 0.0126 - - 1772214375.846016407 1772214375.858623266 0
Feb 27 17:46:15 standalone account-server[126893]: 172.20.0.100 - - [27/Feb/2026:17:46:15 +0000] "PUT /d1/924/AUTH_e4137b801196407a869686393657fbb9/gnocchi.0c5aa28a-09d6-4915-9c37-6121e0a4d435" 201 - "PUT http://172.20.0.100:6001/d1/740/AUTH_e4137b801196407a869686393657fbb9/gnocchi.0c5aa28a-09d6-4915-9c37-6121e0a4d435" "tx7348b1e2501b4963bae43-0069a1d867" "container-server 20" 0.0059 "-" 19 0
Feb 27 17:46:15 standalone container-server[126994]: 172.20.0.100 - - [27/Feb/2026:17:46:15 +0000] "PUT /d1/740/AUTH_e4137b801196407a869686393657fbb9/gnocchi.0c5aa28a-09d6-4915-9c37-6121e0a4d435" 201 - "PUT http://172.18.0.2:8080/v1/AUTH_e4137b801196407a869686393657fbb9/gnocchi.0c5aa28a-09d6-4915-9c37-6121e0a4d435" "tx7348b1e2501b4963bae43-0069a1d867" "proxy-server 20" 0.0200 "-" 20 0
Feb 27 17:46:15 standalone proxy-server[129194]: 172.18.0.2 172.18.0.100 27/Feb/2026/17/46/15 PUT /v1/AUTH_e4137b801196407a869686393657fbb9/gnocchi.0c5aa28a-09d6-4915-9c37-6121e0a4d435 HTTP/1.0 201 - python-swiftclient-3.11.1 gAAAAABpodfMV9bR... - - - tx7348b1e2501b4963bae43-0069a1d867 - 0.0282 - - 1772214375.862016201 1772214375.890261650 0
Feb 27 17:46:15 standalone container-server[126995]: 172.20.0.100 - - [27/Feb/2026:17:46:15 +0000] "HEAD /d1/740/AUTH_e4137b801196407a869686393657fbb9/gnocchi.0c5aa28a-09d6-4915-9c37-6121e0a4d435" 204 - "HEAD http://172.18.0.2:8080/v1/AUTH_e4137b801196407a869686393657fbb9/gnocchi.0c5aa28a-09d6-4915-9c37-6121e0a4d435?format=json&states=listing" "tx0d05e4e82a83408290286-0069a1d867" "proxy-server 20" 0.0017 "-" 21 0
Feb 27 17:46:15 standalone proxy-server[129194]: - - 27/Feb/2026/17/46/15 HEAD /v1/AUTH_e4137b801196407a869686393657fbb9/gnocchi.0c5aa28a-09d6-4915-9c37-6121e0a4d435%3Fformat%3Djson%26states%3Dlisting HTTP/1.0 204 - Swift - - - - tx0d05e4e82a83408290286-0069a1d867 - 0.0048 RL - 1772214375.895075560 1772214375.899890184 0
Feb 27 17:46:15 standalone container-server[126994]: 172.20.0.100 - - [27/Feb/2026:17:46:15 +0000] "GET /d1/740/AUTH_e4137b801196407a869686393657fbb9/gnocchi.0c5aa28a-09d6-4915-9c37-6121e0a4d435" 200 2 "GET http://172.18.0.2:8080/v1/AUTH_e4137b801196407a869686393657fbb9/gnocchi.0c5aa28a-09d6-4915-9c37-6121e0a4d435?format=json&states=listing" "tx0d05e4e82a83408290286-0069a1d867" "proxy-server 20" 0.0047 "-" 20 0
Feb 27 17:46:15 standalone proxy-server[129194]: 172.18.0.2 172.18.0.100 27/Feb/2026/17/46/15 GET /v1/AUTH_e4137b801196407a869686393657fbb9/gnocchi.0c5aa28a-09d6-4915-9c37-6121e0a4d435%3Fformat%3Djson%26states%3Dlisting HTTP/1.0 200 - python-swiftclient-3.11.1 gAAAAABpodfMV9bR... - 2 - tx0d05e4e82a83408290286-0069a1d867 - 0.0177 - - 1772214375.894199848 1772214375.911876202 0
Feb 27 17:46:15 standalone object-server[127147]: 172.20.0.100 - - [27/Feb/2026:17:46:15 +0000] "GET /d1/568/AUTH_e4137b801196407a869686393657fbb9/gnocchi.0c5aa28a-09d6-4915-9c37-6121e0a4d435/1771200000.0_mean_300.0_v3" 404 70 "GET http://172.18.0.2:8080/v1/AUTH_e4137b801196407a869686393657fbb9/gnocchi.0c5aa28a-09d6-4915-9c37-6121e0a4d435/1771200000.0_mean_300.0_v3" "tx88ee59b95af8470a841d0-0069a1d867" "proxy-server 20" 0.0004 "-" 23 0
Feb 27 17:46:15 standalone proxy-server[129194]: 172.18.0.2 172.18.0.100 27/Feb/2026/17/46/15 GET /v1/AUTH_e4137b801196407a869686393657fbb9/gnocchi.0c5aa28a-09d6-4915-9c37-6121e0a4d435/1771200000.0_mean_300.0_v3 HTTP/1.0 404 - python-swiftclient-3.11.1 gAAAAABpodfMV9bR... - 70 - tx88ee59b95af8470a841d0-0069a1d867 - 0.0052 - - 1772214375.915594578 1772214375.920750380 0
Feb 27 17:46:15 standalone container-server[126994]: 172.20.0.100 - - [27/Feb/2026:17:46:15 +0000] "PUT /d1/740/AUTH_e4137b801196407a869686393657fbb9/gnocchi.0c5aa28a-09d6-4915-9c37-6121e0a4d435/1771200000.0_mean_300.0_v3" 201 - "PUT http://172.18.0.2:8080/d1/568/AUTH_e4137b801196407a869686393657fbb9/gnocchi.0c5aa28a-09d6-4915-9c37-6121e0a4d435/1771200000.0_mean_300.0_v3" "txd8774ec6ab9b4ffaa3f19-0069a1d867" "object-server 24" 0.0007 "-" 20 0
Feb 27 17:46:15 standalone object-server[127148]: 172.20.0.100 - - [27/Feb/2026:17:46:15 +0000] "PUT /d1/568/AUTH_e4137b801196407a869686393657fbb9/gnocchi.0c5aa28a-09d6-4915-9c37-6121e0a4d435/1771200000.0_mean_300.0_v3" 201 - "PUT http://172.18.0.2:8080/v1/AUTH_e4137b801196407a869686393657fbb9/gnocchi.0c5aa28a-09d6-4915-9c37-6121e0a4d435/1771200000.0_mean_300.0_v3" "txd8774ec6ab9b4ffaa3f19-0069a1d867" "proxy-server 20" 0.0126 "-" 24 0
Feb 27 17:46:15 standalone proxy-server[129194]: 172.18.0.2 172.18.0.100 27/Feb/2026/17/46/15 PUT /v1/AUTH_e4137b801196407a869686393657fbb9/gnocchi.0c5aa28a-09d6-4915-9c37-6121e0a4d435/1771200000.0_mean_300.0_v3 HTTP/1.0 201 - python-swiftclient-3.11.1 gAAAAABpodfMV9bR... 16 - - txd8774ec6ab9b4ffaa3f19-0069a1d867 - 0.0184 - - 1772214375.923517466 1772214375.941921473 0
Feb 27 17:46:15 standalone container-server[126999]: 172.20.0.100 - - [27/Feb/2026:17:46:15 +0000] "PUT /d1/740/AUTH_e4137b801196407a869686393657fbb9/gnocchi.0c5aa28a-09d6-4915-9c37-6121e0a4d435/none_v3" 201 - "PUT http://172.18.0.2:8080/d1/862/AUTH_e4137b801196407a869686393657fbb9/gnocchi.0c5aa28a-09d6-4915-9c37-6121e0a4d435/none_v3" "txde425bde03824cc290a09-0069a1d867" "object-server 24" 0.0005 "-" 23 0
Feb 27 17:46:15 standalone object-server[127148]: 172.20.0.100 - - [27/Feb/2026:17:46:15 +0000] "PUT /d1/862/AUTH_e4137b801196407a869686393657fbb9/gnocchi.0c5aa28a-09d6-4915-9c37-6121e0a4d435/none_v3" 201 - "PUT http://172.18.0.2:8080/v1/AUTH_e4137b801196407a869686393657fbb9/gnocchi.0c5aa28a-09d6-4915-9c37-6121e0a4d435/none_v3" "txde425bde03824cc290a09-0069a1d867" "proxy-server 20" 0.0116 "-" 24 0
Feb 27 17:46:15 standalone proxy-server[129194]: 172.18.0.2 172.18.0.100 27/Feb/2026/17/46/15 PUT /v1/AUTH_e4137b801196407a869686393657fbb9/gnocchi.0c5aa28a-09d6-4915-9c37-6121e0a4d435/none_v3 HTTP/1.0 201 - python-swiftclient-3.11.1 gAAAAABpodfMV9bR... 22 - - txde425bde03824cc290a09-0069a1d867 - 0.0165 - - 1772214375.944552898 1772214375.961062908 0
Feb 27 17:46:15 standalone container-server[126995]: 172.20.0.100 - - [27/Feb/2026:17:46:15 +0000] "HEAD /d1/395/AUTH_e4137b801196407a869686393657fbb9/gnocchi.e9023a29-89dc-4379-ab07-770c2898dc8c" 404 - "HEAD http://172.18.0.2:8080/v1/AUTH_e4137b801196407a869686393657fbb9/gnocchi.e9023a29-89dc-4379-ab07-770c2898dc8c?format=json&states=listing" "tx26721b218a2342b09f007-0069a1d867" "proxy-server 20" 0.0003 "-" 21 0
Feb 27 17:46:15 standalone object-server[127146]: 172.20.0.100 - - [27/Feb/2026:17:46:15 +0000] "GET /d1/120/AUTH_e4137b801196407a869686393657fbb9/gnocchi.e9023a29-89dc-4379-ab07-770c2898dc8c/none_v3" 404 70 "GET http://172.18.0.2:8080/v1/AUTH_e4137b801196407a869686393657fbb9/gnocchi.e9023a29-89dc-4379-ab07-770c2898dc8c/none_v3" "tx26721b218a2342b09f007-0069a1d867" "proxy-server 20" 0.0006 "-" 22 0
Feb 27 17:46:15 standalone proxy-server[129194]: 172.18.0.2 172.18.0.100 27/Feb/2026/17/46/15 GET /v1/AUTH_e4137b801196407a869686393657fbb9/gnocchi.e9023a29-89dc-4379-ab07-770c2898dc8c/none_v3 HTTP/1.0 404 - python-swiftclient-3.11.1 gAAAAABpodfMV9bR... - 70 - tx26721b218a2342b09f007-0069a1d867 - 0.0084 - - 1772214375.969478130 1772214375.977912664 0
Feb 27 17:46:15 standalone account-server[126880]: 172.20.0.100 - - [27/Feb/2026:17:46:15 +0000] "PUT /d1/924/AUTH_e4137b801196407a869686393657fbb9/gnocchi.e9023a29-89dc-4379-ab07-770c2898dc8c" 201 - "PUT http://172.20.0.100:6001/d1/395/AUTH_e4137b801196407a869686393657fbb9/gnocchi.e9023a29-89dc-4379-ab07-770c2898dc8c" "txae8fc5e7099a49c691326-0069a1d867" "container-server 20" 0.0047 "-" 14 0
Feb 27 17:46:15 standalone container-server[126994]: 172.20.0.100 - - [27/Feb/2026:17:46:15 +0000] "PUT /d1/395/AUTH_e4137b801196407a869686393657fbb9/gnocchi.e9023a29-89dc-4379-ab07-770c2898dc8c" 201 - "PUT http://172.18.0.2:8080/v1/AUTH_e4137b801196407a869686393657fbb9/gnocchi.e9023a29-89dc-4379-ab07-770c2898dc8c" "txae8fc5e7099a49c691326-0069a1d867" "proxy-server 20" 0.0155 "-" 20 0
Feb 27 17:46:16 standalone proxy-server[129194]: 172.18.0.2 172.18.0.100 27/Feb/2026/17/46/16 PUT /v1/AUTH_e4137b801196407a869686393657fbb9/gnocchi.e9023a29-89dc-4379-ab07-770c2898dc8c HTTP/1.0 201 - python-swiftclient-3.11.1 gAAAAABpodfMV9bR... - - - txae8fc5e7099a49c691326-0069a1d867 - 0.0199 - - 1772214375.980176687 1772214376.000036955 0
Feb 27 17:46:16 standalone container-server[126997]: 172.20.0.100 - - [27/Feb/2026:17:46:16 +0000] "HEAD /d1/395/AUTH_e4137b801196407a869686393657fbb9/gnocchi.e9023a29-89dc-4379-ab07-770c2898dc8c" 204 - "HEAD http://172.18.0.2:8080/v1/AUTH_e4137b801196407a869686393657fbb9/gnocchi.e9023a29-89dc-4379-ab07-770c2898dc8c?format=json&states=listing" "tx3252fd77918940f5adafe-0069a1d868" "proxy-server 20" 0.0014 "-" 22 0
Feb 27 17:46:16 standalone proxy-server[129194]: - - 27/Feb/2026/17/46/16 HEAD /v1/AUTH_e4137b801196407a869686393657fbb9/gnocchi.e9023a29-89dc-4379-ab07-770c2898dc8c%3Fformat%3Djson%26states%3Dlisting HTTP/1.0 204 - Swift - - - - tx3252fd77918940f5adafe-0069a1d868 - 0.0040 RL - 1772214376.003563166 1772214376.007552862 0
Feb 27 17:46:16 standalone container-server[126999]: 172.20.0.100 - - [27/Feb/2026:17:46:16 +0000] "GET /d1/395/AUTH_e4137b801196407a869686393657fbb9/gnocchi.e9023a29-89dc-4379-ab07-770c2898dc8c" 200 2 "GET http://172.18.0.2:8080/v1/AUTH_e4137b801196407a869686393657fbb9/gnocchi.e9023a29-89dc-4379-ab07-770c2898dc8c?format=json&states=listing" "tx3252fd77918940f5adafe-0069a1d868" "proxy-server 20" 0.0017 "-" 23 0
Feb 27 17:46:16 standalone proxy-server[129194]: 172.18.0.2 172.18.0.100 27/Feb/2026/17/46/16 GET /v1/AUTH_e4137b801196407a869686393657fbb9/gnocchi.e9023a29-89dc-4379-ab07-770c2898dc8c%3Fformat%3Djson%26states%3Dlisting HTTP/1.0 200 - python-swiftclient-3.11.1 gAAAAABpodfMV9bR... - 2 - tx3252fd77918940f5adafe-0069a1d868 - 0.0109 - - 1772214376.002802610 1772214376.013732672 0
Feb 27 17:46:16 standalone object-server[127147]: 172.20.0.100 - - [27/Feb/2026:17:46:16 +0000] "GET /d1/264/AUTH_e4137b801196407a869686393657fbb9/gnocchi.e9023a29-89dc-4379-ab07-770c2898dc8c/1771200000.0_mean_300.0_v3" 404 70 "GET http://172.18.0.2:8080/v1/AUTH_e4137b801196407a869686393657fbb9/gnocchi.e9023a29-89dc-4379-ab07-770c2898dc8c/1771200000.0_mean_300.0_v3" "tx506b800e2bd845919675f-0069a1d868" "proxy-server 20" 0.0003 "-" 23 0
Feb 27 17:46:16 standalone proxy-server[129194]: 172.18.0.2 172.18.0.100 27/Feb/2026/17/46/16 GET /v1/AUTH_e4137b801196407a869686393657fbb9/gnocchi.e9023a29-89dc-4379-ab07-770c2898dc8c/1771200000.0_mean_300.0_v3 HTTP/1.0 404 - python-swiftclient-3.11.1 gAAAAABpodfMV9bR... - 70 - tx506b800e2bd845919675f-0069a1d868 - 0.0044 - - 1772214376.016555071 1772214376.020919800 0
Feb 27 17:46:16 standalone container-server[126997]: 172.20.0.100 - - [27/Feb/2026:17:46:16 +0000] "PUT /d1/395/AUTH_e4137b801196407a869686393657fbb9/gnocchi.e9023a29-89dc-4379-ab07-770c2898dc8c/1771200000.0_mean_300.0_v3" 201 - "PUT http://172.18.0.2:8080/d1/264/AUTH_e4137b801196407a869686393657fbb9/gnocchi.e9023a29-89dc-4379-ab07-770c2898dc8c/1771200000.0_mean_300.0_v3" "tx2852078aec9d4f1381727-0069a1d868" "object-server 25" 0.0005 "-" 22 0
Feb 27 17:46:16 standalone object-server[127149]: 172.20.0.100 - - [27/Feb/2026:17:46:16 +0000] "PUT /d1/264/AUTH_e4137b801196407a869686393657fbb9/gnocchi.e9023a29-89dc-4379-ab07-770c2898dc8c/1771200000.0_mean_300.0_v3" 201 - "PUT http://172.18.0.2:8080/v1/AUTH_e4137b801196407a869686393657fbb9/gnocchi.e9023a29-89dc-4379-ab07-770c2898dc8c/1771200000.0_mean_300.0_v3" "tx2852078aec9d4f1381727-0069a1d868" "proxy-server 20" 0.0109 "-" 25 0
Feb 27 17:46:16 standalone proxy-server[129194]: 172.18.0.2 172.18.0.100 27/Feb/2026/17/46/16 PUT /v1/AUTH_e4137b801196407a869686393657fbb9/gnocchi.e9023a29-89dc-4379-ab07-770c2898dc8c/1771200000.0_mean_300.0_v3 HTTP/1.0 201 - python-swiftclient-3.11.1 gAAAAABpodfMV9bR... 16 - - tx2852078aec9d4f1381727-0069a1d868 - 0.0158 - - 1772214376.023257017 1772214376.039043427 0
Feb 27 17:46:16 standalone container-server[126994]: 172.20.0.100 - - [27/Feb/2026:17:46:16 +0000] "PUT /d1/395/AUTH_e4137b801196407a869686393657fbb9/gnocchi.e9023a29-89dc-4379-ab07-770c2898dc8c/none_v3" 201 - "PUT http://172.18.0.2:8080/d1/120/AUTH_e4137b801196407a869686393657fbb9/gnocchi.e9023a29-89dc-4379-ab07-770c2898dc8c/none_v3" "tx8e9532c9e83e4f1f8ad49-0069a1d868" "object-server 24" 0.0008 "-" 20 0
Feb 27 17:46:16 standalone object-server[127148]: 172.20.0.100 - - [27/Feb/2026:17:46:16 +0000] "PUT /d1/120/AUTH_e4137b801196407a869686393657fbb9/gnocchi.e9023a29-89dc-4379-ab07-770c2898dc8c/none_v3" 201 - "PUT http://172.18.0.2:8080/v1/AUTH_e4137b801196407a869686393657fbb9/gnocchi.e9023a29-89dc-4379-ab07-770c2898dc8c/none_v3" "tx8e9532c9e83e4f1f8ad49-0069a1d868" "proxy-server 20" 0.0097 "-" 24 0
Feb 27 17:46:16 standalone proxy-server[129194]: 172.18.0.2 172.18.0.100 27/Feb/2026/17/46/16 PUT /v1/AUTH_e4137b801196407a869686393657fbb9/gnocchi.e9023a29-89dc-4379-ab07-770c2898dc8c/none_v3 HTTP/1.0 201 - python-swiftclient-3.11.1 gAAAAABpodfMV9bR... 22 - - tx8e9532c9e83e4f1f8ad49-0069a1d868 - 0.0154 - - 1772214376.041381359 1772214376.056783199 0
Feb 27 17:46:16 standalone container-server[126994]: 172.20.0.100 - - [27/Feb/2026:17:46:16 +0000] "HEAD /d1/564/AUTH_e4137b801196407a869686393657fbb9/gnocchi.afad6926-fc5d-4f49-a71a-e969b78fa810" 404 - "HEAD http://172.18.0.2:8080/v1/AUTH_e4137b801196407a869686393657fbb9/gnocchi.afad6926-fc5d-4f49-a71a-e969b78fa810?format=json&states=listing" "tx08ae36cc2b844031a89eb-0069a1d868" "proxy-server 20" 0.0005 "-" 20 0
Feb 27 17:46:16 standalone object-server[127147]: 172.20.0.100 - - [27/Feb/2026:17:46:16 +0000] "GET /d1/288/AUTH_e4137b801196407a869686393657fbb9/gnocchi.afad6926-fc5d-4f49-a71a-e969b78fa810/none_v3" 404 70 "GET http://172.18.0.2:8080/v1/AUTH_e4137b801196407a869686393657fbb9/gnocchi.afad6926-fc5d-4f49-a71a-e969b78fa810/none_v3" "tx08ae36cc2b844031a89eb-0069a1d868" "proxy-server 20" 0.0003 "-" 23 0
Feb 27 17:46:16 standalone proxy-server[129194]: 172.18.0.2 172.18.0.100 27/Feb/2026/17/46/16 GET /v1/AUTH_e4137b801196407a869686393657fbb9/gnocchi.afad6926-fc5d-4f49-a71a-e969b78fa810/none_v3 HTTP/1.0 404 - python-swiftclient-3.11.1 gAAAAABpodfMV9bR... - 70 - tx08ae36cc2b844031a89eb-0069a1d868 - 0.0075 - - 1772214376.063627005 1772214376.071101665 0
Feb 27 17:46:16 standalone account-server[126893]: 172.20.0.100 - - [27/Feb/2026:17:46:16 +0000] "PUT /d1/924/AUTH_e4137b801196407a869686393657fbb9/gnocchi.afad6926-fc5d-4f49-a71a-e969b78fa810" 201 - "PUT http://172.20.0.100:6001/d1/564/AUTH_e4137b801196407a869686393657fbb9/gnocchi.afad6926-fc5d-4f49-a71a-e969b78fa810" "tx43d7cba45fba487680fd7-0069a1d868" "container-server 22" 0.0042 "-" 19 0
Feb 27 17:46:16 standalone container-server[126997]: 172.20.0.100 - - [27/Feb/2026:17:46:16 +0000] "PUT /d1/564/AUTH_e4137b801196407a869686393657fbb9/gnocchi.afad6926-fc5d-4f49-a71a-e969b78fa810" 201 - "PUT http://172.18.0.2:8080/v1/AUTH_e4137b801196407a869686393657fbb9/gnocchi.afad6926-fc5d-4f49-a71a-e969b78fa810" "tx43d7cba45fba487680fd7-0069a1d868" "proxy-server 20" 0.0131 "-" 22 0
Feb 27 17:46:16 standalone proxy-server[129194]: 172.18.0.2 172.18.0.100 27/Feb/2026/17/46/16 PUT /v1/AUTH_e4137b801196407a869686393657fbb9/gnocchi.afad6926-fc5d-4f49-a71a-e969b78fa810 HTTP/1.0 201 - python-swiftclient-3.11.1 gAAAAABpodfMV9bR... - - - tx43d7cba45fba487680fd7-0069a1d868 - 0.0166 - - 1772214376.073622465 1772214376.090260267 0
Feb 27 17:46:16 standalone container-server[126995]: 172.20.0.100 - - [27/Feb/2026:17:46:16 +0000] "HEAD /d1/564/AUTH_e4137b801196407a869686393657fbb9/gnocchi.afad6926-fc5d-4f49-a71a-e969b78fa810" 204 - "HEAD http://172.18.0.2:8080/v1/AUTH_e4137b801196407a869686393657fbb9/gnocchi.afad6926-fc5d-4f49-a71a-e969b78fa810?format=json&states=listing" "txb4a7a0eacc684817a1d2b-0069a1d868" "proxy-server 20" 0.0013 "-" 21 0
Feb 27 17:46:16 standalone proxy-server[129194]: - - 27/Feb/2026/17/46/16 HEAD /v1/AUTH_e4137b801196407a869686393657fbb9/gnocchi.afad6926-fc5d-4f49-a71a-e969b78fa810%3Fformat%3Djson%26states%3Dlisting HTTP/1.0 204 - Swift - - - - txb4a7a0eacc684817a1d2b-0069a1d868 - 0.0039 RL - 1772214376.094254494 1772214376.098150969 0
Feb 27 17:46:16 standalone container-server[126999]: 172.20.0.100 - - [27/Feb/2026:17:46:16 +0000] "GET /d1/564/AUTH_e4137b801196407a869686393657fbb9/gnocchi.afad6926-fc5d-4f49-a71a-e969b78fa810" 200 2 "GET http://172.18.0.2:8080/v1/AUTH_e4137b801196407a869686393657fbb9/gnocchi.afad6926-fc5d-4f49-a71a-e969b78fa810?format=json&states=listing" "txb4a7a0eacc684817a1d2b-0069a1d868" "proxy-server 20" 0.0023 "-" 23 0
Feb 27 17:46:16 standalone proxy-server[129194]: 172.18.0.2 172.18.0.100 27/Feb/2026/17/46/16 GET /v1/AUTH_e4137b801196407a869686393657fbb9/gnocchi.afad6926-fc5d-4f49-a71a-e969b78fa810%3Fformat%3Djson%26states%3Dlisting HTTP/1.0 200 - python-swiftclient-3.11.1 gAAAAABpodfMV9bR... - 2 - txb4a7a0eacc684817a1d2b-0069a1d868 - 0.0114 - - 1772214376.093441963 1772214376.104820013 0
Feb 27 17:46:16 standalone object-server[127149]: 172.20.0.100 - - [27/Feb/2026:17:46:16 +0000] "GET /d1/226/AUTH_e4137b801196407a869686393657fbb9/gnocchi.afad6926-fc5d-4f49-a71a-e969b78fa810/1771200000.0_mean_300.0_v3" 404 70 "GET http://172.18.0.2:8080/v1/AUTH_e4137b801196407a869686393657fbb9/gnocchi.afad6926-fc5d-4f49-a71a-e969b78fa810/1771200000.0_mean_300.0_v3" "tx53d90cc6eb5448a599154-0069a1d868" "proxy-server 20" 0.0004 "-" 25 0
Feb 27 17:46:16 standalone proxy-server[129194]: 172.18.0.2 172.18.0.100 27/Feb/2026/17/46/16 GET /v1/AUTH_e4137b801196407a869686393657fbb9/gnocchi.afad6926-fc5d-4f49-a71a-e969b78fa810/1771200000.0_mean_300.0_v3 HTTP/1.0 404 - python-swiftclient-3.11.1 gAAAAABpodfMV9bR... - 70 - tx53d90cc6eb5448a599154-0069a1d868 - 0.0044 - - 1772214376.108054638 1772214376.112468958 0
Feb 27 17:46:16 standalone container-server[126995]: 172.20.0.100 - - [27/Feb/2026:17:46:16 +0000] "PUT /d1/564/AUTH_e4137b801196407a869686393657fbb9/gnocchi.afad6926-fc5d-4f49-a71a-e969b78fa810/1771200000.0_mean_300.0_v3" 201 - "PUT http://172.18.0.2:8080/d1/226/AUTH_e4137b801196407a869686393657fbb9/gnocchi.afad6926-fc5d-4f49-a71a-e969b78fa810/1771200000.0_mean_300.0_v3" "txf891850e2969467b937e6-0069a1d868" "object-server 24" 0.0006 "-" 21 0
Feb 27 17:46:16 standalone object-server[127148]: 172.20.0.100 - - [27/Feb/2026:17:46:16 +0000] "PUT /d1/226/AUTH_e4137b801196407a869686393657fbb9/gnocchi.afad6926-fc5d-4f49-a71a-e969b78fa810/1771200000.0_mean_300.0_v3" 201 - "PUT http://172.18.0.2:8080/v1/AUTH_e4137b801196407a869686393657fbb9/gnocchi.afad6926-fc5d-4f49-a71a-e969b78fa810/1771200000.0_mean_300.0_v3" "txf891850e2969467b937e6-0069a1d868" "proxy-server 20" 0.0079 "-" 24 0
Feb 27 17:46:16 standalone proxy-server[129194]: 172.18.0.2 172.18.0.100 27/Feb/2026/17/46/16 PUT /v1/AUTH_e4137b801196407a869686393657fbb9/gnocchi.afad6926-fc5d-4f49-a71a-e969b78fa810/1771200000.0_mean_300.0_v3 HTTP/1.0 201 - python-swiftclient-3.11.1 gAAAAABpodfMV9bR... 16 - - txf891850e2969467b937e6-0069a1d868 - 0.0122 - - 1772214376.115265131 1772214376.127511263 0
Feb 27 17:46:16 standalone container-server[126999]: 172.20.0.100 - - [27/Feb/2026:17:46:16 +0000] "PUT /d1/564/AUTH_e4137b801196407a869686393657fbb9/gnocchi.afad6926-fc5d-4f49-a71a-e969b78fa810/none_v3" 201 - "PUT http://172.18.0.2:8080/d1/288/AUTH_e4137b801196407a869686393657fbb9/gnocchi.afad6926-fc5d-4f49-a71a-e969b78fa810/none_v3" "txc3fb4d52b1354242b4ec0-0069a1d868" "object-server 25" 0.0005 "-" 23 0
Feb 27 17:46:16 standalone object-server[127149]: 172.20.0.100 - - [27/Feb/2026:17:46:16 +0000] "PUT /d1/288/AUTH_e4137b801196407a869686393657fbb9/gnocchi.afad6926-fc5d-4f49-a71a-e969b78fa810/none_v3" 201 - "PUT http://172.18.0.2:8080/v1/AUTH_e4137b801196407a869686393657fbb9/gnocchi.afad6926-fc5d-4f49-a71a-e969b78fa810/none_v3" "txc3fb4d52b1354242b4ec0-0069a1d868" "proxy-server 20" 0.0078 "-" 25 0
Feb 27 17:46:16 standalone proxy-server[129194]: 172.18.0.2 172.18.0.100 27/Feb/2026/17/46/16 PUT /v1/AUTH_e4137b801196407a869686393657fbb9/gnocchi.afad6926-fc5d-4f49-a71a-e969b78fa810/none_v3 HTTP/1.0 201 - python-swiftclient-3.11.1 gAAAAABpodfMV9bR... 22 - - txc3fb4d52b1354242b4ec0-0069a1d868 - 0.0120 - - 1772214376.130052328 1772214376.142021418 0
Feb 27 17:46:16 standalone container-server[126994]: 172.20.0.100 - - [27/Feb/2026:17:46:16 +0000] "HEAD /d1/842/AUTH_e4137b801196407a869686393657fbb9/gnocchi.f26c13a7-7668-4bc2-a048-d0efc51ef38d" 404 - "HEAD http://172.18.0.2:8080/v1/AUTH_e4137b801196407a869686393657fbb9/gnocchi.f26c13a7-7668-4bc2-a048-d0efc51ef38d?format=json&states=listing" "tx1dceea66ba3e4f9dbf27a-0069a1d868" "proxy-server 20" 0.0004 "-" 20 0
Feb 27 17:46:16 standalone object-server[127146]: 172.20.0.100 - - [27/Feb/2026:17:46:16 +0000] "GET /d1/1001/AUTH_e4137b801196407a869686393657fbb9/gnocchi.f26c13a7-7668-4bc2-a048-d0efc51ef38d/none_v3" 404 70 "GET http://172.18.0.2:8080/v1/AUTH_e4137b801196407a869686393657fbb9/gnocchi.f26c13a7-7668-4bc2-a048-d0efc51ef38d/none_v3" "tx1dceea66ba3e4f9dbf27a-0069a1d868" "proxy-server 20" 0.0003 "-" 22 0
Feb 27 17:46:16 standalone proxy-server[129194]: 172.18.0.2 172.18.0.100 27/Feb/2026/17/46/16 GET /v1/AUTH_e4137b801196407a869686393657fbb9/gnocchi.f26c13a7-7668-4bc2-a048-d0efc51ef38d/none_v3 HTTP/1.0 404 - python-swiftclient-3.11.1 gAAAAABpodfMV9bR... - 70 - tx1dceea66ba3e4f9dbf27a-0069a1d868 - 0.0077 - - 1772214376.148916006 1772214376.156625509 0
Feb 27 17:46:16 standalone account-server[126897]: 172.20.0.100 - - [27/Feb/2026:17:46:16 +0000] "PUT /d1/924/AUTH_e4137b801196407a869686393657fbb9/gnocchi.f26c13a7-7668-4bc2-a048-d0efc51ef38d" 201 - "PUT http://172.20.0.100:6001/d1/842/AUTH_e4137b801196407a869686393657fbb9/gnocchi.f26c13a7-7668-4bc2-a048-d0efc51ef38d" "txbd05f8456d794de989934-0069a1d868" "container-server 23" 0.0054 "-" 20 0
Feb 27 17:46:16 standalone container-server[126999]: 172.20.0.100 - - [27/Feb/2026:17:46:16 +0000] "PUT /d1/842/AUTH_e4137b801196407a869686393657fbb9/gnocchi.f26c13a7-7668-4bc2-a048-d0efc51ef38d" 201 - "PUT http://172.18.0.2:8080/v1/AUTH_e4137b801196407a869686393657fbb9/gnocchi.f26c13a7-7668-4bc2-a048-d0efc51ef38d" "txbd05f8456d794de989934-0069a1d868" "proxy-server 20" 0.0146 "-" 23 0
Feb 27 17:46:16 standalone proxy-server[129194]: 172.18.0.2 172.18.0.100 27/Feb/2026/17/46/16 PUT /v1/AUTH_e4137b801196407a869686393657fbb9/gnocchi.f26c13a7-7668-4bc2-a048-d0efc51ef38d HTTP/1.0 201 - python-swiftclient-3.11.1 gAAAAABpodfMV9bR... - - - txbd05f8456d794de989934-0069a1d868 - 0.0181 - - 1772214376.158703804 1772214376.176828146 0
Feb 27 17:46:16 standalone container-server[126995]: 172.20.0.100 - - [27/Feb/2026:17:46:16 +0000] "HEAD /d1/842/AUTH_e4137b801196407a869686393657fbb9/gnocchi.f26c13a7-7668-4bc2-a048-d0efc51ef38d" 204 - "HEAD http://172.18.0.2:8080/v1/AUTH_e4137b801196407a869686393657fbb9/gnocchi.f26c13a7-7668-4bc2-a048-d0efc51ef38d?format=json&states=listing" "txd9a75e485f9d404bae640-0069a1d868" "proxy-server 20" 0.0016 "-" 21 0
Feb 27 17:46:16 standalone proxy-server[129194]: - - 27/Feb/2026/17/46/16 HEAD /v1/AUTH_e4137b801196407a869686393657fbb9/gnocchi.f26c13a7-7668-4bc2-a048-d0efc51ef38d%3Fformat%3Djson%26states%3Dlisting HTTP/1.0 204 - Swift - - - - txd9a75e485f9d404bae640-0069a1d868 - 0.0041 RL - 1772214376.180109262 1772214376.184257746 0
Feb 27 17:46:16 standalone container-server[126994]: 172.20.0.100 - - [27/Feb/2026:17:46:16 +0000] "GET /d1/842/AUTH_e4137b801196407a869686393657fbb9/gnocchi.f26c13a7-7668-4bc2-a048-d0efc51ef38d" 200 2 "GET http://172.18.0.2:8080/v1/AUTH_e4137b801196407a869686393657fbb9/gnocchi.f26c13a7-7668-4bc2-a048-d0efc51ef38d?format=json&states=listing" "txd9a75e485f9d404bae640-0069a1d868" "proxy-server 20" 0.0018 "-" 20 0
Feb 27 17:46:16 standalone proxy-server[129194]: 172.18.0.2 172.18.0.100 27/Feb/2026/17/46/16 GET /v1/AUTH_e4137b801196407a869686393657fbb9/gnocchi.f26c13a7-7668-4bc2-a048-d0efc51ef38d%3Fformat%3Djson%26states%3Dlisting HTTP/1.0 200 - python-swiftclient-3.11.1 gAAAAABpodfMV9bR... - 2 - txd9a75e485f9d404bae640-0069a1d868 - 0.0117 - - 1772214376.179317713 1772214376.191013575 0
Feb 27 17:46:16 standalone object-server[127146]: 172.20.0.100 - - [27/Feb/2026:17:46:16 +0000] "GET /d1/114/AUTH_e4137b801196407a869686393657fbb9/gnocchi.f26c13a7-7668-4bc2-a048-d0efc51ef38d/1771200000.0_mean_300.0_v3" 404 70 "GET http://172.18.0.2:8080/v1/AUTH_e4137b801196407a869686393657fbb9/gnocchi.f26c13a7-7668-4bc2-a048-d0efc51ef38d/1771200000.0_mean_300.0_v3" "txbfcec6d487504daebcf67-0069a1d868" "proxy-server 20" 0.0003 "-" 22 0
Feb 27 17:46:16 standalone proxy-server[129194]: 172.18.0.2 172.18.0.100 27/Feb/2026/17/46/16 GET /v1/AUTH_e4137b801196407a869686393657fbb9/gnocchi.f26c13a7-7668-4bc2-a048-d0efc51ef38d/1771200000.0_mean_300.0_v3 HTTP/1.0 404 - python-swiftclient-3.11.1 gAAAAABpodfMV9bR... - 70 - txbfcec6d487504daebcf67-0069a1d868 - 0.0047 - - 1772214376.194078922 1772214376.198816538 0
Feb 27 17:46:16 standalone container-server[126995]: 172.20.0.100 - - [27/Feb/2026:17:46:16 +0000] "PUT /d1/842/AUTH_e4137b801196407a869686393657fbb9/gnocchi.f26c13a7-7668-4bc2-a048-d0efc51ef38d/1771200000.0_mean_300.0_v3" 201 - "PUT http://172.18.0.2:8080/d1/114/AUTH_e4137b801196407a869686393657fbb9/gnocchi.f26c13a7-7668-4bc2-a048-d0efc51ef38d/1771200000.0_mean_300.0_v3" "tx7dc733b15ddc4c418bd0b-0069a1d868" "object-server 24" 0.0006 "-" 21 0
Feb 27 17:46:16 standalone object-server[127148]: 172.20.0.100 - - [27/Feb/2026:17:46:16 +0000] "PUT /d1/114/AUTH_e4137b801196407a869686393657fbb9/gnocchi.f26c13a7-7668-4bc2-a048-d0efc51ef38d/1771200000.0_mean_300.0_v3" 201 - "PUT http://172.18.0.2:8080/v1/AUTH_e4137b801196407a869686393657fbb9/gnocchi.f26c13a7-7668-4bc2-a048-d0efc51ef38d/1771200000.0_mean_300.0_v3" "tx7dc733b15ddc4c418bd0b-0069a1d868" "proxy-server 20" 0.0081 "-" 24 0
Feb 27 17:46:16 standalone proxy-server[129194]: 172.18.0.2 172.18.0.100 27/Feb/2026/17/46/16 PUT /v1/AUTH_e4137b801196407a869686393657fbb9/gnocchi.f26c13a7-7668-4bc2-a048-d0efc51ef38d/1771200000.0_mean_300.0_v3 HTTP/1.0 201 - python-swiftclient-3.11.1 gAAAAABpodfMV9bR... 16 - - tx7dc733b15ddc4c418bd0b-0069a1d868 - 0.0136 - - 1772214376.201179028 1772214376.214765787 0
Feb 27 17:46:16 standalone container-server[126995]: 172.20.0.100 - - [27/Feb/2026:17:46:16 +0000] "PUT /d1/842/AUTH_e4137b801196407a869686393657fbb9/gnocchi.f26c13a7-7668-4bc2-a048-d0efc51ef38d/none_v3" 201 - "PUT http://172.18.0.2:8080/d1/1001/AUTH_e4137b801196407a869686393657fbb9/gnocchi.f26c13a7-7668-4bc2-a048-d0efc51ef38d/none_v3" "tx0a3f2594955f458ab4ebd-0069a1d868" "object-server 22" 0.0004 "-" 21 0
Feb 27 17:46:16 standalone object-server[127146]: 172.20.0.100 - - [27/Feb/2026:17:46:16 +0000] "PUT /d1/1001/AUTH_e4137b801196407a869686393657fbb9/gnocchi.f26c13a7-7668-4bc2-a048-d0efc51ef38d/none_v3" 201 - "PUT http://172.18.0.2:8080/v1/AUTH_e4137b801196407a869686393657fbb9/gnocchi.f26c13a7-7668-4bc2-a048-d0efc51ef38d/none_v3" "tx0a3f2594955f458ab4ebd-0069a1d868" "proxy-server 20" 0.0077 "-" 22 0
Feb 27 17:46:16 standalone proxy-server[129194]: 172.18.0.2 172.18.0.100 27/Feb/2026/17/46/16 PUT /v1/AUTH_e4137b801196407a869686393657fbb9/gnocchi.f26c13a7-7668-4bc2-a048-d0efc51ef38d/none_v3 HTTP/1.0 201 - python-swiftclient-3.11.1 gAAAAABpodfMV9bR... 22 - - tx0a3f2594955f458ab4ebd-0069a1d868 - 0.0121 - - 1772214376.217051983 1772214376.229125261 0
Feb 27 17:46:16 standalone container-server[126999]: 172.20.0.100 - - [27/Feb/2026:17:46:16 +0000] "HEAD /d1/197/AUTH_e4137b801196407a869686393657fbb9/gnocchi.6949b720-422b-4cec-8ae1-049f1a8fd7c0" 404 - "HEAD http://172.18.0.2:8080/v1/AUTH_e4137b801196407a869686393657fbb9/gnocchi.6949b720-422b-4cec-8ae1-049f1a8fd7c0?format=json&states=listing" "tx4904eddcf45d407baf9f0-0069a1d868" "proxy-server 20" 0.0004 "-" 23 0
Feb 27 17:46:16 standalone object-server[127149]: 172.20.0.100 - - [27/Feb/2026:17:46:16 +0000] "GET /d1/910/AUTH_e4137b801196407a869686393657fbb9/gnocchi.6949b720-422b-4cec-8ae1-049f1a8fd7c0/none_v3" 404 70 "GET http://172.18.0.2:8080/v1/AUTH_e4137b801196407a869686393657fbb9/gnocchi.6949b720-422b-4cec-8ae1-049f1a8fd7c0/none_v3" "tx4904eddcf45d407baf9f0-0069a1d868" "proxy-server 20" 0.0003 "-" 25 0
Feb 27 17:46:16 standalone proxy-server[129194]: 172.18.0.2 172.18.0.100 27/Feb/2026/17/46/16 GET /v1/AUTH_e4137b801196407a869686393657fbb9/gnocchi.6949b720-422b-4cec-8ae1-049f1a8fd7c0/none_v3 HTTP/1.0 404 - python-swiftclient-3.11.1 gAAAAABpodfMV9bR... - 70 - tx4904eddcf45d407baf9f0-0069a1d868 - 0.0087 - - 1772214376.238935471 1772214376.247598410 0
Feb 27 17:46:16 standalone account-server[126880]: 172.20.0.100 - - [27/Feb/2026:17:46:16 +0000] "PUT /d1/924/AUTH_e4137b801196407a869686393657fbb9/gnocchi.6949b720-422b-4cec-8ae1-049f1a8fd7c0" 201 - "PUT http://172.20.0.100:6001/d1/197/AUTH_e4137b801196407a869686393657fbb9/gnocchi.6949b720-422b-4cec-8ae1-049f1a8fd7c0" "tx60795a8806f442d68f9ee-0069a1d868" "container-server 23" 0.0036 "-" 14 0
Feb 27 17:46:16 standalone container-server[126999]: 172.20.0.100 - - [27/Feb/2026:17:46:16 +0000] "PUT /d1/197/AUTH_e4137b801196407a869686393657fbb9/gnocchi.6949b720-422b-4cec-8ae1-049f1a8fd7c0" 201 - "PUT http://172.18.0.2:8080/v1/AUTH_e4137b801196407a869686393657fbb9/gnocchi.6949b720-422b-4cec-8ae1-049f1a8fd7c0" "tx60795a8806f442d68f9ee-0069a1d868" "proxy-server 20" 0.0142 "-" 23 0
Feb 27 17:46:16 standalone proxy-server[129194]: 172.18.0.2 172.18.0.100 27/Feb/2026/17/46/16 PUT /v1/AUTH_e4137b801196407a869686393657fbb9/gnocchi.6949b720-422b-4cec-8ae1-049f1a8fd7c0 HTTP/1.0 201 - python-swiftclient-3.11.1 gAAAAABpodfMV9bR... - - - tx60795a8806f442d68f9ee-0069a1d868 - 0.0191 - - 1772214376.250569105 1772214376.269714117 0
Feb 27 17:46:16 standalone container-server[126997]: 172.20.0.100 - - [27/Feb/2026:17:46:16 +0000] "HEAD /d1/197/AUTH_e4137b801196407a869686393657fbb9/gnocchi.6949b720-422b-4cec-8ae1-049f1a8fd7c0" 204 - "HEAD http://172.18.0.2:8080/v1/AUTH_e4137b801196407a869686393657fbb9/gnocchi.6949b720-422b-4cec-8ae1-049f1a8fd7c0?format=json&states=listing" "txa8320269d80b4e68b98f6-0069a1d868" "proxy-server 20" 0.0020 "-" 22 0
Feb 27 17:46:16 standalone proxy-server[129194]: - - 27/Feb/2026/17/46/16 HEAD /v1/AUTH_e4137b801196407a869686393657fbb9/gnocchi.6949b720-422b-4cec-8ae1-049f1a8fd7c0%3Fformat%3Djson%26states%3Dlisting HTTP/1.0 204 - Swift - - - - txa8320269d80b4e68b98f6-0069a1d868 - 0.0064 RL - 1772214376.274439096 1772214376.280791998 0
Feb 27 17:46:16 standalone container-server[126999]: 172.20.0.100 - - [27/Feb/2026:17:46:16 +0000] "GET /d1/197/AUTH_e4137b801196407a869686393657fbb9/gnocchi.6949b720-422b-4cec-8ae1-049f1a8fd7c0" 200 2 "GET http://172.18.0.2:8080/v1/AUTH_e4137b801196407a869686393657fbb9/gnocchi.6949b720-422b-4cec-8ae1-049f1a8fd7c0?format=json&states=listing" "txa8320269d80b4e68b98f6-0069a1d868" "proxy-server 20" 0.0018 "-" 23 0
Feb 27 17:46:16 standalone proxy-server[129194]: 172.18.0.2 172.18.0.100 27/Feb/2026/17/46/16 GET /v1/AUTH_e4137b801196407a869686393657fbb9/gnocchi.6949b720-422b-4cec-8ae1-049f1a8fd7c0%3Fformat%3Djson%26states%3Dlisting HTTP/1.0 200 - python-swiftclient-3.11.1 gAAAAABpodfMV9bR... - 2 - txa8320269d80b4e68b98f6-0069a1d868 - 0.0154 - - 1772214376.273265839 1772214376.288648844 0
Feb 27 17:46:16 standalone object-server[127149]: 172.20.0.100 - - [27/Feb/2026:17:46:16 +0000] "GET /d1/830/AUTH_e4137b801196407a869686393657fbb9/gnocchi.6949b720-422b-4cec-8ae1-049f1a8fd7c0/1771200000.0_mean_300.0_v3" 404 70 "GET http://172.18.0.2:8080/v1/AUTH_e4137b801196407a869686393657fbb9/gnocchi.6949b720-422b-4cec-8ae1-049f1a8fd7c0/1771200000.0_mean_300.0_v3" "tx043ee7a993514933905eb-0069a1d868" "proxy-server 20" 0.0004 "-" 25 0
Feb 27 17:46:16 standalone proxy-server[129194]: 172.18.0.2 172.18.0.100 27/Feb/2026/17/46/16 GET /v1/AUTH_e4137b801196407a869686393657fbb9/gnocchi.6949b720-422b-4cec-8ae1-049f1a8fd7c0/1771200000.0_mean_300.0_v3 HTTP/1.0 404 - python-swiftclient-3.11.1 gAAAAABpodfMV9bR... - 70 - tx043ee7a993514933905eb-0069a1d868 - 0.0060 - - 1772214376.292939663 1772214376.298967838 0
Feb 27 17:46:16 standalone container-server[126999]: 172.20.0.100 - - [27/Feb/2026:17:46:16 +0000] "PUT /d1/197/AUTH_e4137b801196407a869686393657fbb9/gnocchi.6949b720-422b-4cec-8ae1-049f1a8fd7c0/1771200000.0_mean_300.0_v3" 201 - "PUT http://172.18.0.2:8080/d1/830/AUTH_e4137b801196407a869686393657fbb9/gnocchi.6949b720-422b-4cec-8ae1-049f1a8fd7c0/1771200000.0_mean_300.0_v3" "tx4f2c8f05df414b78af175-0069a1d868" "object-server 25" 0.0006 "-" 23 0
Feb 27 17:46:16 standalone object-server[127149]: 172.20.0.100 - - [27/Feb/2026:17:46:16 +0000] "PUT /d1/830/AUTH_e4137b801196407a869686393657fbb9/gnocchi.6949b720-422b-4cec-8ae1-049f1a8fd7c0/1771200000.0_mean_300.0_v3" 201 - "PUT http://172.18.0.2:8080/v1/AUTH_e4137b801196407a869686393657fbb9/gnocchi.6949b720-422b-4cec-8ae1-049f1a8fd7c0/1771200000.0_mean_300.0_v3" "tx4f2c8f05df414b78af175-0069a1d868" "proxy-server 20" 0.0401 "-" 25 0
Feb 27 17:46:16 standalone proxy-server[129194]: 172.18.0.2 172.18.0.100 27/Feb/2026/17/46/16 PUT /v1/AUTH_e4137b801196407a869686393657fbb9/gnocchi.6949b720-422b-4cec-8ae1-049f1a8fd7c0/1771200000.0_mean_300.0_v3 HTTP/1.0 201 - python-swiftclient-3.11.1 gAAAAABpodfMV9bR... 16 - - tx4f2c8f05df414b78af175-0069a1d868 - 0.0460 - - 1772214376.302232981 1772214376.348201990 0
Feb 27 17:46:16 standalone container-server[126997]: 172.20.0.100 - - [27/Feb/2026:17:46:16 +0000] "PUT /d1/197/AUTH_e4137b801196407a869686393657fbb9/gnocchi.6949b720-422b-4cec-8ae1-049f1a8fd7c0/none_v3" 201 - "PUT http://172.18.0.2:8080/d1/910/AUTH_e4137b801196407a869686393657fbb9/gnocchi.6949b720-422b-4cec-8ae1-049f1a8fd7c0/none_v3" "tx3bc4a97e42e84b49973d3-0069a1d868" "object-server 22" 0.0008 "-" 22 0
Feb 27 17:46:16 standalone object-server[127146]: 172.20.0.100 - - [27/Feb/2026:17:46:16 +0000] "PUT /d1/910/AUTH_e4137b801196407a869686393657fbb9/gnocchi.6949b720-422b-4cec-8ae1-049f1a8fd7c0/none_v3" 201 - "PUT http://172.18.0.2:8080/v1/AUTH_e4137b801196407a869686393657fbb9/gnocchi.6949b720-422b-4cec-8ae1-049f1a8fd7c0/none_v3" "tx3bc4a97e42e84b49973d3-0069a1d868" "proxy-server 20" 0.0088 "-" 22 0
Feb 27 17:46:16 standalone proxy-server[129194]: 172.18.0.2 172.18.0.100 27/Feb/2026/17/46/16 PUT /v1/AUTH_e4137b801196407a869686393657fbb9/gnocchi.6949b720-422b-4cec-8ae1-049f1a8fd7c0/none_v3 HTTP/1.0 201 - python-swiftclient-3.11.1 gAAAAABpodfMV9bR... 22 - - tx3bc4a97e42e84b49973d3-0069a1d868 - 0.0160 - - 1772214376.351441145 1772214376.367487192 0
Feb 27 17:46:16 standalone container-server[126997]: 172.20.0.100 - - [27/Feb/2026:17:46:16 +0000] "HEAD /d1/794/AUTH_e4137b801196407a869686393657fbb9/gnocchi.d5c25b7d-04d9-4e5a-81e5-1ea0d55a617e" 404 - "HEAD http://172.18.0.2:8080/v1/AUTH_e4137b801196407a869686393657fbb9/gnocchi.d5c25b7d-04d9-4e5a-81e5-1ea0d55a617e?format=json&states=listing" "txc2ae6025d40f4593af6be-0069a1d868" "proxy-server 20" 0.0005 "-" 22 0
Feb 27 17:46:16 standalone object-server[127148]: 172.20.0.100 - - [27/Feb/2026:17:46:16 +0000] "GET /d1/461/AUTH_e4137b801196407a869686393657fbb9/gnocchi.d5c25b7d-04d9-4e5a-81e5-1ea0d55a617e/none_v3" 404 70 "GET http://172.18.0.2:8080/v1/AUTH_e4137b801196407a869686393657fbb9/gnocchi.d5c25b7d-04d9-4e5a-81e5-1ea0d55a617e/none_v3" "txc2ae6025d40f4593af6be-0069a1d868" "proxy-server 20" 0.0004 "-" 24 0
Feb 27 17:46:16 standalone proxy-server[129194]: 172.18.0.2 172.18.0.100 27/Feb/2026/17/46/16 GET /v1/AUTH_e4137b801196407a869686393657fbb9/gnocchi.d5c25b7d-04d9-4e5a-81e5-1ea0d55a617e/none_v3 HTTP/1.0 404 - python-swiftclient-3.11.1 gAAAAABpodfMV9bR... - 70 - txc2ae6025d40f4593af6be-0069a1d868 - 0.0124 - - 1772214376.378503323 1772214376.390876770 0
Feb 27 17:46:16 standalone account-server[126897]: 172.20.0.100 - - [27/Feb/2026:17:46:16 +0000] "PUT /d1/924/AUTH_e4137b801196407a869686393657fbb9/gnocchi.d5c25b7d-04d9-4e5a-81e5-1ea0d55a617e" 201 - "PUT http://172.20.0.100:6001/d1/794/AUTH_e4137b801196407a869686393657fbb9/gnocchi.d5c25b7d-04d9-4e5a-81e5-1ea0d55a617e" "tx56b11557a5524a6c96b2b-0069a1d868" "container-server 20" 0.0040 "-" 20 0
Feb 27 17:46:16 standalone container-server[126994]: 172.20.0.100 - - [27/Feb/2026:17:46:16 +0000] "PUT /d1/794/AUTH_e4137b801196407a869686393657fbb9/gnocchi.d5c25b7d-04d9-4e5a-81e5-1ea0d55a617e" 201 - "PUT http://172.18.0.2:8080/v1/AUTH_e4137b801196407a869686393657fbb9/gnocchi.d5c25b7d-04d9-4e5a-81e5-1ea0d55a617e" "tx56b11557a5524a6c96b2b-0069a1d868" "proxy-server 20" 0.0165 "-" 20 0
Feb 27 17:46:16 standalone proxy-server[129194]: 172.18.0.2 172.18.0.100 27/Feb/2026/17/46/16 PUT /v1/AUTH_e4137b801196407a869686393657fbb9/gnocchi.d5c25b7d-04d9-4e5a-81e5-1ea0d55a617e HTTP/1.0 201 - python-swiftclient-3.11.1 gAAAAABpodfMV9bR... - - - tx56b11557a5524a6c96b2b-0069a1d868 - 0.0256 - - 1772214376.394546747 1772214376.420128584 0
Feb 27 17:46:16 standalone container-server[126997]: 172.20.0.100 - - [27/Feb/2026:17:46:16 +0000] "HEAD /d1/794/AUTH_e4137b801196407a869686393657fbb9/gnocchi.d5c25b7d-04d9-4e5a-81e5-1ea0d55a617e" 204 - "HEAD http://172.18.0.2:8080/v1/AUTH_e4137b801196407a869686393657fbb9/gnocchi.d5c25b7d-04d9-4e5a-81e5-1ea0d55a617e?format=json&states=listing" "tx2be9105431b944b98e6fe-0069a1d868" "proxy-server 20" 0.0013 "-" 22 0
Feb 27 17:46:16 standalone proxy-server[129194]: - - 27/Feb/2026/17/46/16 HEAD /v1/AUTH_e4137b801196407a869686393657fbb9/gnocchi.d5c25b7d-04d9-4e5a-81e5-1ea0d55a617e%3Fformat%3Djson%26states%3Dlisting HTTP/1.0 204 - Swift - - - - tx2be9105431b944b98e6fe-0069a1d868 - 0.0120 RL - 1772214376.426479340 1772214376.438529253 0
Feb 27 17:46:16 standalone container-server[126994]: 172.20.0.100 - - [27/Feb/2026:17:46:16 +0000] "GET /d1/794/AUTH_e4137b801196407a869686393657fbb9/gnocchi.d5c25b7d-04d9-4e5a-81e5-1ea0d55a617e" 200 2 "GET http://172.18.0.2:8080/v1/AUTH_e4137b801196407a869686393657fbb9/gnocchi.d5c25b7d-04d9-4e5a-81e5-1ea0d55a617e?format=json&states=listing" "tx2be9105431b944b98e6fe-0069a1d868" "proxy-server 20" 0.0024 "-" 20 0
Feb 27 17:46:16 standalone proxy-server[129194]: 172.18.0.2 172.18.0.100 27/Feb/2026/17/46/16 GET /v1/AUTH_e4137b801196407a869686393657fbb9/gnocchi.d5c25b7d-04d9-4e5a-81e5-1ea0d55a617e%3Fformat%3Djson%26states%3Dlisting HTTP/1.0 200 - python-swiftclient-3.11.1 gAAAAABpodfMV9bR... - 2 - tx2be9105431b944b98e6fe-0069a1d868 - 0.0236 - - 1772214376.425228834 1772214376.448848486 0
Feb 27 17:46:16 standalone object-server[127149]: 172.20.0.100 - - [27/Feb/2026:17:46:16 +0000] "GET /d1/11/AUTH_e4137b801196407a869686393657fbb9/gnocchi.d5c25b7d-04d9-4e5a-81e5-1ea0d55a617e/1771200000.0_mean_300.0_v3" 404 70 "GET http://172.18.0.2:8080/v1/AUTH_e4137b801196407a869686393657fbb9/gnocchi.d5c25b7d-04d9-4e5a-81e5-1ea0d55a617e/1771200000.0_mean_300.0_v3" "txea2b99d56a2846358e075-0069a1d868" "proxy-server 20" 0.0005 "-" 25 0
Feb 27 17:46:16 standalone proxy-server[129194]: 172.18.0.2 172.18.0.100 27/Feb/2026/17/46/16 GET /v1/AUTH_e4137b801196407a869686393657fbb9/gnocchi.d5c25b7d-04d9-4e5a-81e5-1ea0d55a617e/1771200000.0_mean_300.0_v3 HTTP/1.0 404 - python-swiftclient-3.11.1 gAAAAABpodfMV9bR... - 70 - txea2b99d56a2846358e075-0069a1d868 - 0.0084 - - 1772214376.454480171 1772214376.462920189 0
Feb 27 17:46:16 standalone container-server[126999]: 172.20.0.100 - - [27/Feb/2026:17:46:16 +0000] "PUT /d1/794/AUTH_e4137b801196407a869686393657fbb9/gnocchi.d5c25b7d-04d9-4e5a-81e5-1ea0d55a617e/1771200000.0_mean_300.0_v3" 201 - "PUT http://172.18.0.2:8080/d1/11/AUTH_e4137b801196407a869686393657fbb9/gnocchi.d5c25b7d-04d9-4e5a-81e5-1ea0d55a617e/1771200000.0_mean_300.0_v3" "tx09d03f4b94924f3c933ab-0069a1d868" "object-server 25" 0.0007 "-" 23 0
Feb 27 17:46:16 standalone object-server[127149]: 172.20.0.100 - - [27/Feb/2026:17:46:16 +0000] "PUT /d1/11/AUTH_e4137b801196407a869686393657fbb9/gnocchi.d5c25b7d-04d9-4e5a-81e5-1ea0d55a617e/1771200000.0_mean_300.0_v3" 201 - "PUT http://172.18.0.2:8080/v1/AUTH_e4137b801196407a869686393657fbb9/gnocchi.d5c25b7d-04d9-4e5a-81e5-1ea0d55a617e/1771200000.0_mean_300.0_v3" "tx09d03f4b94924f3c933ab-0069a1d868" "proxy-server 20" 0.0108 "-" 25 0
Feb 27 17:46:16 standalone proxy-server[129194]: 172.18.0.2 172.18.0.100 27/Feb/2026/17/46/16 PUT /v1/AUTH_e4137b801196407a869686393657fbb9/gnocchi.d5c25b7d-04d9-4e5a-81e5-1ea0d55a617e/1771200000.0_mean_300.0_v3 HTTP/1.0 201 - python-swiftclient-3.11.1 gAAAAABpodfMV9bR... 16 - - tx09d03f4b94924f3c933ab-0069a1d868 - 0.0186 - - 1772214376.467804670 1772214376.486386061 0
Feb 27 17:46:16 standalone container-server[126999]: 172.20.0.100 - - [27/Feb/2026:17:46:16 +0000] "PUT /d1/794/AUTH_e4137b801196407a869686393657fbb9/gnocchi.d5c25b7d-04d9-4e5a-81e5-1ea0d55a617e/none_v3" 201 - "PUT http://172.18.0.2:8080/d1/461/AUTH_e4137b801196407a869686393657fbb9/gnocchi.d5c25b7d-04d9-4e5a-81e5-1ea0d55a617e/none_v3" "tx690ebfa0146b48ac84c20-0069a1d868" "object-server 24" 0.0007 "-" 23 0
Feb 27 17:46:16 standalone object-server[127148]: 172.20.0.100 - - [27/Feb/2026:17:46:16 +0000] "PUT /d1/461/AUTH_e4137b801196407a869686393657fbb9/gnocchi.d5c25b7d-04d9-4e5a-81e5-1ea0d55a617e/none_v3" 201 - "PUT http://172.18.0.2:8080/v1/AUTH_e4137b801196407a869686393657fbb9/gnocchi.d5c25b7d-04d9-4e5a-81e5-1ea0d55a617e/none_v3" "tx690ebfa0146b48ac84c20-0069a1d868" "proxy-server 20" 0.0088 "-" 24 0
Feb 27 17:46:16 standalone proxy-server[129194]: 172.18.0.2 172.18.0.100 27/Feb/2026/17/46/16 PUT /v1/AUTH_e4137b801196407a869686393657fbb9/gnocchi.d5c25b7d-04d9-4e5a-81e5-1ea0d55a617e/none_v3 HTTP/1.0 201 - python-swiftclient-3.11.1 gAAAAABpodfMV9bR... 22 - - tx690ebfa0146b48ac84c20-0069a1d868 - 0.0149 - - 1772214376.490791321 1772214376.505711555 0
Feb 27 17:46:19 standalone object-server[127149]: 172.20.0.100 - - [27/Feb/2026:17:46:19 +0000] "GET /d1/461/AUTH_e4137b801196407a869686393657fbb9/gnocchi.d5c25b7d-04d9-4e5a-81e5-1ea0d55a617e/none_v3" 200 22 "GET http://172.18.0.2:8080/v1/AUTH_e4137b801196407a869686393657fbb9/gnocchi.d5c25b7d-04d9-4e5a-81e5-1ea0d55a617e/none_v3" "txedf80b9264aa496e8edf5-0069a1d86b" "proxy-server 20" 0.0014 "-" 25 0
Feb 27 17:46:19 standalone proxy-server[129194]: 172.18.0.2 172.18.0.100 27/Feb/2026/17/46/19 GET /v1/AUTH_e4137b801196407a869686393657fbb9/gnocchi.d5c25b7d-04d9-4e5a-81e5-1ea0d55a617e/none_v3 HTTP/1.0 200 - python-swiftclient-3.11.1 gAAAAABpodfMV9bR... - 22 - txedf80b9264aa496e8edf5-0069a1d86b - 0.0085 - - 1772214379.771980762 1772214379.780504227 0
Feb 27 17:46:19 standalone container-server[126999]: 172.20.0.100 - - [27/Feb/2026:17:46:19 +0000] "GET /d1/794/AUTH_e4137b801196407a869686393657fbb9/gnocchi.d5c25b7d-04d9-4e5a-81e5-1ea0d55a617e" 200 357 "GET http://172.18.0.2:8080/v1/AUTH_e4137b801196407a869686393657fbb9/gnocchi.d5c25b7d-04d9-4e5a-81e5-1ea0d55a617e?format=json&states=listing" "tx872e2c1f86ae449faca50-0069a1d86b" "proxy-server 20" 0.0093 "-" 23 0
Feb 27 17:46:19 standalone proxy-server[129194]: 172.18.0.2 172.18.0.100 27/Feb/2026/17/46/19 GET /v1/AUTH_e4137b801196407a869686393657fbb9/gnocchi.d5c25b7d-04d9-4e5a-81e5-1ea0d55a617e%3Fformat%3Djson%26states%3Dlisting HTTP/1.0 200 - python-swiftclient-3.11.1 gAAAAABpodfMV9bR... - 357 - tx872e2c1f86ae449faca50-0069a1d86b - 0.0217 - - 1772214379.784606218 1772214379.806283951 0
Feb 27 17:46:19 standalone container-server[126997]: 172.20.0.100 - - [27/Feb/2026:17:46:19 +0000] "GET /d1/794/AUTH_e4137b801196407a869686393657fbb9/gnocchi.d5c25b7d-04d9-4e5a-81e5-1ea0d55a617e" 200 2 "GET http://172.18.0.2:8080/v1/AUTH_e4137b801196407a869686393657fbb9/gnocchi.d5c25b7d-04d9-4e5a-81e5-1ea0d55a617e?format=json&marker=none_v3&states=listing" "tx227bcd99f367486cbcdce-0069a1d86b" "proxy-server 20" 0.0025 "-" 22 0
Feb 27 17:46:19 standalone proxy-server[129194]: 172.18.0.2 172.18.0.100 27/Feb/2026/17/46/19 GET /v1/AUTH_e4137b801196407a869686393657fbb9/gnocchi.d5c25b7d-04d9-4e5a-81e5-1ea0d55a617e%3Fformat%3Djson%26marker%3Dnone_v3%26states%3Dlisting HTTP/1.0 200 - python-swiftclient-3.11.1 gAAAAABpodfMV9bR... - 2 - tx227bcd99f367486cbcdce-0069a1d86b - 0.0137 - - 1772214379.812217236 1772214379.825948954 0
Feb 27 17:46:19 standalone object-server[127148]: 172.20.0.100 - - [27/Feb/2026:17:46:19 +0000] "GET /d1/11/AUTH_e4137b801196407a869686393657fbb9/gnocchi.d5c25b7d-04d9-4e5a-81e5-1ea0d55a617e/1771200000.0_mean_300.0_v3" 200 16 "GET http://172.18.0.2:8080/v1/AUTH_e4137b801196407a869686393657fbb9/gnocchi.d5c25b7d-04d9-4e5a-81e5-1ea0d55a617e/1771200000.0_mean_300.0_v3" "tx05672a0f869740bd9d780-0069a1d86b" "proxy-server 20" 0.0011 "-" 24 0
Feb 27 17:46:19 standalone proxy-server[129194]: 172.18.0.2 172.18.0.100 27/Feb/2026/17/46/19 GET /v1/AUTH_e4137b801196407a869686393657fbb9/gnocchi.d5c25b7d-04d9-4e5a-81e5-1ea0d55a617e/1771200000.0_mean_300.0_v3 HTTP/1.0 200 - python-swiftclient-3.11.1 gAAAAABpodfMV9bR... - 16 - tx05672a0f869740bd9d780-0069a1d86b - 0.0080 - - 1772214379.830260992 1772214379.838279009 0
Feb 27 17:46:19 standalone container-server[126997]: 172.20.0.100 - - [27/Feb/2026:17:46:19 +0000] "PUT /d1/794/AUTH_e4137b801196407a869686393657fbb9/gnocchi.d5c25b7d-04d9-4e5a-81e5-1ea0d55a617e/1771200000.0_mean_300.0_v3" 201 - "PUT http://172.18.0.2:8080/d1/11/AUTH_e4137b801196407a869686393657fbb9/gnocchi.d5c25b7d-04d9-4e5a-81e5-1ea0d55a617e/1771200000.0_mean_300.0_v3" "tx4a8b389b6c344c1cbf421-0069a1d86b" "object-server 25" 0.0009 "-" 22 0
Feb 27 17:46:19 standalone object-server[127149]: 172.20.0.100 - - [27/Feb/2026:17:46:19 +0000] "PUT /d1/11/AUTH_e4137b801196407a869686393657fbb9/gnocchi.d5c25b7d-04d9-4e5a-81e5-1ea0d55a617e/1771200000.0_mean_300.0_v3" 201 - "PUT http://172.18.0.2:8080/v1/AUTH_e4137b801196407a869686393657fbb9/gnocchi.d5c25b7d-04d9-4e5a-81e5-1ea0d55a617e/1771200000.0_mean_300.0_v3" "tx4a8b389b6c344c1cbf421-0069a1d86b" "proxy-server 20" 0.0128 "-" 25 0
Feb 27 17:46:19 standalone proxy-server[129194]: 172.18.0.2 172.18.0.100 27/Feb/2026/17/46/19 PUT /v1/AUTH_e4137b801196407a869686393657fbb9/gnocchi.d5c25b7d-04d9-4e5a-81e5-1ea0d55a617e/1771200000.0_mean_300.0_v3 HTTP/1.0 201 - python-swiftclient-3.11.1 gAAAAABpodfMV9bR... 16 - - tx4a8b389b6c344c1cbf421-0069a1d86b - 0.0195 - - 1772214379.841409206 1772214379.860930204 0
Feb 27 17:46:19 standalone container-server[126994]: 172.20.0.100 - - [27/Feb/2026:17:46:19 +0000] "PUT /d1/794/AUTH_e4137b801196407a869686393657fbb9/gnocchi.d5c25b7d-04d9-4e5a-81e5-1ea0d55a617e/none_v3" 201 - "PUT http://172.18.0.2:8080/d1/461/AUTH_e4137b801196407a869686393657fbb9/gnocchi.d5c25b7d-04d9-4e5a-81e5-1ea0d55a617e/none_v3" "txcf350320423547a6b5578-0069a1d86b" "object-server 25" 0.0008 "-" 20 0
Feb 27 17:46:19 standalone object-server[127149]: 172.20.0.100 - - [27/Feb/2026:17:46:19 +0000] "PUT /d1/461/AUTH_e4137b801196407a869686393657fbb9/gnocchi.d5c25b7d-04d9-4e5a-81e5-1ea0d55a617e/none_v3" 201 - "PUT http://172.18.0.2:8080/v1/AUTH_e4137b801196407a869686393657fbb9/gnocchi.d5c25b7d-04d9-4e5a-81e5-1ea0d55a617e/none_v3" "txcf350320423547a6b5578-0069a1d86b" "proxy-server 20" 0.0099 "-" 25 0
Feb 27 17:46:19 standalone proxy-server[129194]: 172.18.0.2 172.18.0.100 27/Feb/2026/17/46/19 PUT /v1/AUTH_e4137b801196407a869686393657fbb9/gnocchi.d5c25b7d-04d9-4e5a-81e5-1ea0d55a617e/none_v3 HTTP/1.0 201 - python-swiftclient-3.11.1 gAAAAABpodfMV9bR... 32 - - txcf350320423547a6b5578-0069a1d86b - 0.0166 - - 1772214379.864081860 1772214379.880698204 0
Feb 27 17:47:31 standalone object-server[127007]: Begin object update sweep
Feb 27 17:47:31 standalone object-server[247605]: Object update sweep starting on /srv/node/d1 (pid: 15)
Feb 27 17:47:31 standalone object-server[247605]: Object update sweep completed on /srv/node/d1 in 0.00s seconds:, 0 successes, 0 failures, 0 quarantines, 0 unlinks, 0 errors, 0 redirects (pid: 15)
Feb 27 17:47:31 standalone object-server[247605]: Object update sweep of d1 completed: 0.00s, 0 successes, 0 failures, 0 quarantines, 0 unlinks, 0 errors, 0 redirects
Feb 27 17:47:31 standalone object-server[127007]: Object update sweep completed: 0.10s
Feb 27 17:48:42 standalone container-server[126705]: Begin container update sweep
Feb 27 17:48:42 standalone account-server[126897]: 172.20.0.100 - - [27/Feb/2026:17:48:42 +0000] "PUT /d1/924/AUTH_e4137b801196407a869686393657fbb9/gnocchi.6949b720-422b-4cec-8ae1-049f1a8fd7c0" 201 - "-" "-" "container-updater 2" 0.0014 "-" 20 0
Feb 27 17:48:42 standalone account-server[126893]: 172.20.0.100 - - [27/Feb/2026:17:48:42 +0000] "PUT /d1/924/AUTH_e4137b801196407a869686393657fbb9/gnocchi.690c9b7e-979c-4a20-93ed-979bc32f6082" 201 - "-" "-" "container-updater 2" 0.0007 "-" 19 0
Feb 27 17:48:42 standalone account-server[126893]: 172.20.0.100 - - [27/Feb/2026:17:48:42 +0000] "PUT /d1/924/AUTH_e4137b801196407a869686393657fbb9/gnocchi.9648c974-b8af-44ad-a0e4-943aa1b9d3c4" 201 - "-" "-" "container-updater 2" 0.0004 "-" 19 0
Feb 27 17:48:42 standalone account-server[126893]: 172.20.0.100 - - [27/Feb/2026:17:48:42 +0000] "PUT /d1/924/AUTH_e4137b801196407a869686393657fbb9/gnocchi.69236eeb-5d93-4702-ba36-176201afb525" 201 - "-" "-" "container-updater 2" 0.0007 "-" 19 0
Feb 27 17:48:43 standalone account-server[126880]: 172.20.0.100 - - [27/Feb/2026:17:48:43 +0000] "PUT /d1/924/AUTH_e4137b801196407a869686393657fbb9/gnocchi.ad31fada-96b7-490a-83a6-d46e513dac59" 201 - "-" "-" "container-updater 2" 0.0007 "-" 14 0
