Oct 6 16:09:12 standalone proxy-server[132048]: - - 06/Oct/2025/16/09/12 HEAD /v1/AUTH_5ec2f863d8f54b06a96618816ae879f8/gnocchi.0b326073-cf44-46df-b955-7e9b82d0fbf1%3Fformat%3Djson%26states%3Dlisting HTTP/1.0 204 - Swift - - - - tx9d6bbabe8eac4ce78d3e4-0068e3e9a8 - 0.0088 RL - 1759766952.931152821 1759766952.939960480 0
Oct 6 16:09:12 standalone container-server[129709]: 172.20.0.100 - - [06/Oct/2025:16:09:12 +0000] "GET /d1/64/AUTH_5ec2f863d8f54b06a96618816ae879f8/gnocchi.0b326073-cf44-46df-b955-7e9b82d0fbf1" 200 2 "GET http://172.18.0.2:8080/v1/AUTH_5ec2f863d8f54b06a96618816ae879f8/gnocchi.0b326073-cf44-46df-b955-7e9b82d0fbf1?format=json&states=listing" "tx9d6bbabe8eac4ce78d3e4-0068e3e9a8" "proxy-server 20" 0.0043 "-" 22 0
Oct 6 16:09:12 standalone proxy-server[132048]: 172.18.0.2 172.18.0.100 06/Oct/2025/16/09/12 GET /v1/AUTH_5ec2f863d8f54b06a96618816ae879f8/gnocchi.0b326073-cf44-46df-b955-7e9b82d0fbf1%3Fformat%3Djson%26states%3Dlisting HTTP/1.0 200 - python-swiftclient-3.11.1 gAAAAABo4-kstErZ... - 2 - tx9d6bbabe8eac4ce78d3e4-0068e3e9a8 - 0.0252 - - 1759766952.928836584 1759766952.953996181 0
Oct 6 16:09:12 standalone object-server[129947]: 172.20.0.100 - - [06/Oct/2025:16:09:12 +0000] "GET /d1/605/AUTH_5ec2f863d8f54b06a96618816ae879f8/gnocchi.0b326073-cf44-46df-b955-7e9b82d0fbf1/1759320000.0_mean_300.0_v3" 404 70 "GET http://172.18.0.2:8080/v1/AUTH_5ec2f863d8f54b06a96618816ae879f8/gnocchi.0b326073-cf44-46df-b955-7e9b82d0fbf1/1759320000.0_mean_300.0_v3" "txcd8703fc22bb478191f71-0068e3e9a8" "proxy-server 20" 0.0007 "-" 21 0
Oct 6 16:09:12 standalone proxy-server[132048]: 172.18.0.2 172.18.0.100 06/Oct/2025/16/09/12 GET /v1/AUTH_5ec2f863d8f54b06a96618816ae879f8/gnocchi.0b326073-cf44-46df-b955-7e9b82d0fbf1/1759320000.0_mean_300.0_v3 HTTP/1.0 404 - python-swiftclient-3.11.1 gAAAAABo4-kstErZ... - 70 - txcd8703fc22bb478191f71-0068e3e9a8 - 0.0093 - - 1759766952.957529068 1759766952.966877460 0
Oct 6 16:09:12 standalone container-server[129700]: 172.20.0.100 - - [06/Oct/2025:16:09:12 +0000] "PUT /d1/64/AUTH_5ec2f863d8f54b06a96618816ae879f8/gnocchi.0b326073-cf44-46df-b955-7e9b82d0fbf1/1759320000.0_mean_300.0_v3" 201 - "PUT http://172.18.0.2:8080/d1/605/AUTH_5ec2f863d8f54b06a96618816ae879f8/gnocchi.0b326073-cf44-46df-b955-7e9b82d0fbf1/1759320000.0_mean_300.0_v3" "tx9289abba10f54826ab688-0068e3e9a8" "object-server 21" 0.0006 "-" 21 0
Oct 6 16:09:12 standalone object-server[129947]: 172.20.0.100 - - [06/Oct/2025:16:09:12 +0000] "PUT /d1/605/AUTH_5ec2f863d8f54b06a96618816ae879f8/gnocchi.0b326073-cf44-46df-b955-7e9b82d0fbf1/1759320000.0_mean_300.0_v3" 201 - "PUT http://172.18.0.2:8080/v1/AUTH_5ec2f863d8f54b06a96618816ae879f8/gnocchi.0b326073-cf44-46df-b955-7e9b82d0fbf1/1759320000.0_mean_300.0_v3" "tx9289abba10f54826ab688-0068e3e9a8" "proxy-server 20" 0.0105 "-" 21 0
Oct 6 16:09:12 standalone proxy-server[132048]: 172.18.0.2 172.18.0.100 06/Oct/2025/16/09/12 PUT /v1/AUTH_5ec2f863d8f54b06a96618816ae879f8/gnocchi.0b326073-cf44-46df-b955-7e9b82d0fbf1/1759320000.0_mean_300.0_v3 HTTP/1.0 201 - python-swiftclient-3.11.1 gAAAAABo4-kstErZ... 16 - - tx9289abba10f54826ab688-0068e3e9a8 - 0.0211 - - 1759766952.969993353 1759766952.991044521 0
Oct 6 16:09:13 standalone container-server[129710]: 172.20.0.100 - - [06/Oct/2025:16:09:13 +0000] "PUT /d1/64/AUTH_5ec2f863d8f54b06a96618816ae879f8/gnocchi.0b326073-cf44-46df-b955-7e9b82d0fbf1/none_v3" 201 - "PUT http://172.18.0.2:8080/d1/566/AUTH_5ec2f863d8f54b06a96618816ae879f8/gnocchi.0b326073-cf44-46df-b955-7e9b82d0fbf1/none_v3" "txab3b920c9aaf4ac29b074-0068e3e9a8" "object-server 22" 0.0011 "-" 23 0
Oct 6 16:09:13 standalone object-server[129953]: 172.20.0.100 - - [06/Oct/2025:16:09:13 +0000] "PUT /d1/566/AUTH_5ec2f863d8f54b06a96618816ae879f8/gnocchi.0b326073-cf44-46df-b955-7e9b82d0fbf1/none_v3" 201 - "PUT http://172.18.0.2:8080/v1/AUTH_5ec2f863d8f54b06a96618816ae879f8/gnocchi.0b326073-cf44-46df-b955-7e9b82d0fbf1/none_v3" "txab3b920c9aaf4ac29b074-0068e3e9a8" "proxy-server 20" 0.0169 "-" 22 0
Oct 6 16:09:13 standalone proxy-server[132048]: 172.18.0.2 172.18.0.100 06/Oct/2025/16/09/13 PUT /v1/AUTH_5ec2f863d8f54b06a96618816ae879f8/gnocchi.0b326073-cf44-46df-b955-7e9b82d0fbf1/none_v3 HTTP/1.0 201 - python-swiftclient-3.11.1 gAAAAABo4-kstErZ... 22 - - txab3b920c9aaf4ac29b074-0068e3e9a8 - 0.0350 - - 1759766952.993826389 1759766953.028816938 0
Oct 6 16:09:13 standalone object-server[129953]: 172.20.0.100 - - [06/Oct/2025:16:09:13 +0000] "GET /d1/676/AUTH_5ec2f863d8f54b06a96618816ae879f8/gnocchi.0acc584b-2a9b-4d25-8ed2-22e0a898ab24/none_v3" 200 33 "GET http://172.18.0.2:8080/v1/AUTH_5ec2f863d8f54b06a96618816ae879f8/gnocchi.0acc584b-2a9b-4d25-8ed2-22e0a898ab24/none_v3" "tx155db21e58064961bca82-0068e3e9a9" "proxy-server 20" 0.0011 "-" 22 0
Oct 6 16:09:13 standalone proxy-server[132048]: 172.18.0.2 172.18.0.100 06/Oct/2025/16/09/13 GET /v1/AUTH_5ec2f863d8f54b06a96618816ae879f8/gnocchi.0acc584b-2a9b-4d25-8ed2-22e0a898ab24/none_v3 HTTP/1.0 200 - python-swiftclient-3.11.1 gAAAAABo4-kstErZ... - 33 - tx155db21e58064961bca82-0068e3e9a9 - 0.0101 - - 1759766953.074587822 1759766953.084696770 0
Oct 6 16:09:13 standalone container-server[129700]: 172.20.0.100 - - [06/Oct/2025:16:09:13 +0000] "GET /d1/843/AUTH_5ec2f863d8f54b06a96618816ae879f8/gnocchi.0acc584b-2a9b-4d25-8ed2-22e0a898ab24" 200 357 "GET http://172.18.0.2:8080/v1/AUTH_5ec2f863d8f54b06a96618816ae879f8/gnocchi.0acc584b-2a9b-4d25-8ed2-22e0a898ab24?format=json&states=listing" "tx97fe486e3d4e455884efa-0068e3e9a9" "proxy-server 20" 0.0025 "-" 21 0
Oct 6 16:09:13 standalone proxy-server[132048]: 172.18.0.2 172.18.0.100 06/Oct/2025/16/09/13 GET /v1/AUTH_5ec2f863d8f54b06a96618816ae879f8/gnocchi.0acc584b-2a9b-4d25-8ed2-22e0a898ab24%3Fformat%3Djson%26states%3Dlisting HTTP/1.0 200 - python-swiftclient-3.11.1 gAAAAABo4-kstErZ... - 357 - tx97fe486e3d4e455884efa-0068e3e9a9 - 0.0100 - - 1759766953.088213682 1759766953.098209143 0
Oct 6 16:09:13 standalone container-server[129694]: 172.20.0.100 - - [06/Oct/2025:16:09:13 +0000] "GET /d1/843/AUTH_5ec2f863d8f54b06a96618816ae879f8/gnocchi.0acc584b-2a9b-4d25-8ed2-22e0a898ab24" 200 2 "GET http://172.18.0.2:8080/v1/AUTH_5ec2f863d8f54b06a96618816ae879f8/gnocchi.0acc584b-2a9b-4d25-8ed2-22e0a898ab24?format=json&marker=none_v3&states=listing" "txca810b55fd5047ccb481b-0068e3e9a9" "proxy-server 20" 0.0038 "-" 20 0
Oct 6 16:09:13 standalone proxy-server[132048]: 172.18.0.2 172.18.0.100 06/Oct/2025/16/09/13 GET /v1/AUTH_5ec2f863d8f54b06a96618816ae879f8/gnocchi.0acc584b-2a9b-4d25-8ed2-22e0a898ab24%3Fformat%3Djson%26marker%3Dnone_v3%26states%3Dlisting HTTP/1.0 200 - python-swiftclient-3.11.1 gAAAAABo4-kstErZ... - 2 - txca810b55fd5047ccb481b-0068e3e9a9 - 0.0114 - - 1759766953.101193428 1759766953.112573862 0
Oct 6 16:09:13 standalone object-server[129942]: 172.20.0.100 - - [06/Oct/2025:16:09:13 +0000] "GET /d1/438/AUTH_5ec2f863d8f54b06a96618816ae879f8/gnocchi.0acc584b-2a9b-4d25-8ed2-22e0a898ab24/1759320000.0_mean_300.0_v3" 200 16 "GET http://172.18.0.2:8080/v1/AUTH_5ec2f863d8f54b06a96618816ae879f8/gnocchi.0acc584b-2a9b-4d25-8ed2-22e0a898ab24/1759320000.0_mean_300.0_v3" "tx5d4cb135ba3547fd878ab-0068e3e9a9" "proxy-server 20" 0.0012 "-" 19 0
Oct 6 16:09:13 standalone proxy-server[132048]: 172.18.0.2 172.18.0.100 06/Oct/2025/16/09/13 GET /v1/AUTH_5ec2f863d8f54b06a96618816ae879f8/gnocchi.0acc584b-2a9b-4d25-8ed2-22e0a898ab24/1759320000.0_mean_300.0_v3 HTTP/1.0 200 - python-swiftclient-3.11.1 gAAAAABo4-kstErZ... - 16 - tx5d4cb135ba3547fd878ab-0068e3e9a9 - 0.0093 - - 1759766953.115951777 1759766953.125202417 0
Oct 6 16:09:13 standalone container-server[129700]: 172.20.0.100 - - [06/Oct/2025:16:09:13 +0000] "PUT /d1/843/AUTH_5ec2f863d8f54b06a96618816ae879f8/gnocchi.0acc584b-2a9b-4d25-8ed2-22e0a898ab24/1759320000.0_mean_300.0_v3" 201 - "PUT http://172.18.0.2:8080/d1/438/AUTH_5ec2f863d8f54b06a96618816ae879f8/gnocchi.0acc584b-2a9b-4d25-8ed2-22e0a898ab24/1759320000.0_mean_300.0_v3" "tx497aeb0c698543b9bb3eb-0068e3e9a9" "object-server 22" 0.0006 "-" 21 0
Oct 6 16:09:13 standalone object-server[129953]: 172.20.0.100 - - [06/Oct/2025:16:09:13 +0000] "PUT /d1/438/AUTH_5ec2f863d8f54b06a96618816ae879f8/gnocchi.0acc584b-2a9b-4d25-8ed2-22e0a898ab24/1759320000.0_mean_300.0_v3" 201 - "PUT http://172.18.0.2:8080/v1/AUTH_5ec2f863d8f54b06a96618816ae879f8/gnocchi.0acc584b-2a9b-4d25-8ed2-22e0a898ab24/1759320000.0_mean_300.0_v3" "tx497aeb0c698543b9bb3eb-0068e3e9a9" "proxy-server 20" 0.0113 "-" 22 0
Oct 6 16:09:13 standalone proxy-server[132048]: 172.18.0.2 172.18.0.100 06/Oct/2025/16/09/13 PUT /v1/AUTH_5ec2f863d8f54b06a96618816ae879f8/gnocchi.0acc584b-2a9b-4d25-8ed2-22e0a898ab24/1759320000.0_mean_300.0_v3 HTTP/1.0 201 - python-swiftclient-3.11.1 gAAAAABo4-kstErZ... 16 - - tx497aeb0c698543b9bb3eb-0068e3e9a9 - 0.0186 - - 1759766953.127851486 1759766953.146421194 0
Oct 6 16:09:13 standalone container-server[129694]: 172.20.0.100 - - [06/Oct/2025:16:09:13 +0000] "PUT /d1/843/AUTH_5ec2f863d8f54b06a96618816ae879f8/gnocchi.0acc584b-2a9b-4d25-8ed2-22e0a898ab24/none_v3" 201 - "PUT http://172.18.0.2:8080/d1/676/AUTH_5ec2f863d8f54b06a96618816ae879f8/gnocchi.0acc584b-2a9b-4d25-8ed2-22e0a898ab24/none_v3" "txc30f1a95e8ea49908e9aa-0068e3e9a9" "object-server 22" 0.0008 "-" 20 0
Oct 6 16:09:13 standalone object-server[129953]: 172.20.0.100 - - [06/Oct/2025:16:09:13 +0000] "PUT /d1/676/AUTH_5ec2f863d8f54b06a96618816ae879f8/gnocchi.0acc584b-2a9b-4d25-8ed2-22e0a898ab24/none_v3" 201 - "PUT http://172.18.0.2:8080/v1/AUTH_5ec2f863d8f54b06a96618816ae879f8/gnocchi.0acc584b-2a9b-4d25-8ed2-22e0a898ab24/none_v3" "txc30f1a95e8ea49908e9aa-0068e3e9a9" "proxy-server 20" 0.0136 "-" 22 0
Oct 6 16:09:13 standalone proxy-server[132048]: 172.18.0.2 172.18.0.100 06/Oct/2025/16/09/13 PUT /v1/AUTH_5ec2f863d8f54b06a96618816ae879f8/gnocchi.0acc584b-2a9b-4d25-8ed2-22e0a898ab24/none_v3 HTTP/1.0 201 - python-swiftclient-3.11.1 gAAAAABo4-kstErZ... 48 - - txc30f1a95e8ea49908e9aa-0068e3e9a9 - 0.0206 - - 1759766953.149975538 1759766953.170611143 0
Oct 6 16:09:13 standalone object-server[129942]: 172.20.0.100 - - [06/Oct/2025:16:09:13 +0000] "GET /d1/999/AUTH_5ec2f863d8f54b06a96618816ae879f8/gnocchi.66d4d445-95c3-4987-bdef-acb6a4efb846/none_v3" 200 33 "GET http://172.18.0.2:8080/v1/AUTH_5ec2f863d8f54b06a96618816ae879f8/gnocchi.66d4d445-95c3-4987-bdef-acb6a4efb846/none_v3" "tx8e2362fcef2f4339b4ef6-0068e3e9a9" "proxy-server 20" 0.0011 "-" 19 0
Oct 6 16:09:13 standalone proxy-server[132048]: 172.18.0.2 172.18.0.100 06/Oct/2025/16/09/13 GET /v1/AUTH_5ec2f863d8f54b06a96618816ae879f8/gnocchi.66d4d445-95c3-4987-bdef-acb6a4efb846/none_v3 HTTP/1.0 200 - python-swiftclient-3.11.1 gAAAAABo4-kstErZ... - 33 - tx8e2362fcef2f4339b4ef6-0068e3e9a9 - 0.0080 - - 1759766953.180368185 1759766953.188397884 0
Oct 6 16:09:13 standalone container-server[129709]: 172.20.0.100 - - [06/Oct/2025:16:09:13 +0000] "GET /d1/365/AUTH_5ec2f863d8f54b06a96618816ae879f8/gnocchi.66d4d445-95c3-4987-bdef-acb6a4efb846" 200 357 "GET http://172.18.0.2:8080/v1/AUTH_5ec2f863d8f54b06a96618816ae879f8/gnocchi.66d4d445-95c3-4987-bdef-acb6a4efb846?format=json&states=listing" "txf5e9109fb871461ba2f43-0068e3e9a9" "proxy-server 20" 0.0027 "-" 22 0
Oct 6 16:09:13 standalone proxy-server[132048]: 172.18.0.2 172.18.0.100 06/Oct/2025/16/09/13 GET /v1/AUTH_5ec2f863d8f54b06a96618816ae879f8/gnocchi.66d4d445-95c3-4987-bdef-acb6a4efb846%3Fformat%3Djson%26states%3Dlisting HTTP/1.0 200 - python-swiftclient-3.11.1 gAAAAABo4-kstErZ... - 357 - txf5e9109fb871461ba2f43-0068e3e9a9 - 0.0095 - - 1759766953.192003012 1759766953.201484442 0
Oct 6 16:09:13 standalone container-server[129710]: 172.20.0.100 - - [06/Oct/2025:16:09:13 +0000] "GET /d1/365/AUTH_5ec2f863d8f54b06a96618816ae879f8/gnocchi.66d4d445-95c3-4987-bdef-acb6a4efb846" 200 2 "GET http://172.18.0.2:8080/v1/AUTH_5ec2f863d8f54b06a96618816ae879f8/gnocchi.66d4d445-95c3-4987-bdef-acb6a4efb846?format=json&marker=none_v3&states=listing" "tx367f96bf0bb345a6a5165-0068e3e9a9" "proxy-server 20" 0.0029 "-" 23 0
Oct 6 16:09:13 standalone proxy-server[132048]: 172.18.0.2 172.18.0.100 06/Oct/2025/16/09/13 GET /v1/AUTH_5ec2f863d8f54b06a96618816ae879f8/gnocchi.66d4d445-95c3-4987-bdef-acb6a4efb846%3Fformat%3Djson%26marker%3Dnone_v3%26states%3Dlisting HTTP/1.0 200 - python-swiftclient-3.11.1 gAAAAABo4-kstErZ... - 2 - tx367f96bf0bb345a6a5165-0068e3e9a9 - 0.0099 - - 1759766953.203979254 1759766953.213873148 0
Oct 6 16:09:13 standalone object-server[129943]: 172.20.0.100 - - [06/Oct/2025:16:09:13 +0000] "GET /d1/367/AUTH_5ec2f863d8f54b06a96618816ae879f8/gnocchi.66d4d445-95c3-4987-bdef-acb6a4efb846/1759320000.0_mean_300.0_v3" 200 16 "GET http://172.18.0.2:8080/v1/AUTH_5ec2f863d8f54b06a96618816ae879f8/gnocchi.66d4d445-95c3-4987-bdef-acb6a4efb846/1759320000.0_mean_300.0_v3" "txd141ea7886814901b1d63-0068e3e9a9" "proxy-server 20" 0.0008 "-" 20 0
Oct 6 16:09:13 standalone proxy-server[132048]: 172.18.0.2 172.18.0.100 06/Oct/2025/16/09/13 GET /v1/AUTH_5ec2f863d8f54b06a96618816ae879f8/gnocchi.66d4d445-95c3-4987-bdef-acb6a4efb846/1759320000.0_mean_300.0_v3 HTTP/1.0 200 - python-swiftclient-3.11.1 gAAAAABo4-kstErZ... - 16 - txd141ea7886814901b1d63-0068e3e9a9 - 0.0068 - - 1759766953.216727257 1759766953.223564148 0
Oct 6 16:09:13 standalone container-server[129710]: 172.20.0.100 - - [06/Oct/2025:16:09:13 +0000] "PUT /d1/365/AUTH_5ec2f863d8f54b06a96618816ae879f8/gnocchi.66d4d445-95c3-4987-bdef-acb6a4efb846/1759320000.0_mean_300.0_v3" 201 - "PUT http://172.18.0.2:8080/d1/367/AUTH_5ec2f863d8f54b06a96618816ae879f8/gnocchi.66d4d445-95c3-4987-bdef-acb6a4efb846/1759320000.0_mean_300.0_v3" "tx5ba774fa6a804128a1041-0068e3e9a9" "object-server 20" 0.0013 "-" 23 0
Oct 6 16:09:13 standalone object-server[129943]: 172.20.0.100 - - [06/Oct/2025:16:09:13 +0000] "PUT /d1/367/AUTH_5ec2f863d8f54b06a96618816ae879f8/gnocchi.66d4d445-95c3-4987-bdef-acb6a4efb846/1759320000.0_mean_300.0_v3" 201 - "PUT http://172.18.0.2:8080/v1/AUTH_5ec2f863d8f54b06a96618816ae879f8/gnocchi.66d4d445-95c3-4987-bdef-acb6a4efb846/1759320000.0_mean_300.0_v3" "tx5ba774fa6a804128a1041-0068e3e9a9" "proxy-server 20" 0.0222 "-" 20 0
Oct 6 16:09:13 standalone proxy-server[132048]: 172.18.0.2 172.18.0.100 06/Oct/2025/16/09/13 PUT /v1/AUTH_5ec2f863d8f54b06a96618816ae879f8/gnocchi.66d4d445-95c3-4987-bdef-acb6a4efb846/1759320000.0_mean_300.0_v3 HTTP/1.0 201 - python-swiftclient-3.11.1 gAAAAABo4-kstErZ... 16 - - tx5ba774fa6a804128a1041-0068e3e9a9 - 0.0287 - - 1759766953.227953196 1759766953.256617546 0
Oct 6 16:09:13 standalone container-server[129710]: 172.20.0.100 - - [06/Oct/2025:16:09:13 +0000] "PUT /d1/365/AUTH_5ec2f863d8f54b06a96618816ae879f8/gnocchi.66d4d445-95c3-4987-bdef-acb6a4efb846/none_v3" 201 - "PUT http://172.18.0.2:8080/d1/999/AUTH_5ec2f863d8f54b06a96618816ae879f8/gnocchi.66d4d445-95c3-4987-bdef-acb6a4efb846/none_v3" "txfdaab77ab597463289d02-0068e3e9a9" "object-server 22" 0.0026 "-" 23 0
Oct 6 16:09:13 standalone object-server[129953]: 172.20.0.100 - - [06/Oct/2025:16:09:13 +0000] "PUT /d1/999/AUTH_5ec2f863d8f54b06a96618816ae879f8/gnocchi.66d4d445-95c3-4987-bdef-acb6a4efb846/none_v3" 201 - "PUT http://172.18.0.2:8080/v1/AUTH_5ec2f863d8f54b06a96618816ae879f8/gnocchi.66d4d445-95c3-4987-bdef-acb6a4efb846/none_v3" "txfdaab77ab597463289d02-0068e3e9a9" "proxy-server 20" 0.0151 "-" 22 0
Oct 6 16:09:13 standalone proxy-server[132048]: 172.18.0.2 172.18.0.100 06/Oct/2025/16/09/13 PUT /v1/AUTH_5ec2f863d8f54b06a96618816ae879f8/gnocchi.66d4d445-95c3-4987-bdef-acb6a4efb846/none_v3 HTTP/1.0 201 - python-swiftclient-3.11.1 gAAAAABo4-kstErZ... 48 - - txfdaab77ab597463289d02-0068e3e9a9 - 0.0218 - - 1759766953.258957148 1759766953.280772686 0
Oct 6 16:09:14 standalone object-server[129942]: 172.20.0.100 - - [06/Oct/2025:16:09:14 +0000] "GET /d1/566/AUTH_5ec2f863d8f54b06a96618816ae879f8/gnocchi.0b326073-cf44-46df-b955-7e9b82d0fbf1/none_v3" 200 22 "GET http://172.18.0.2:8080/v1/AUTH_5ec2f863d8f54b06a96618816ae879f8/gnocchi.0b326073-cf44-46df-b955-7e9b82d0fbf1/none_v3" "txfaf163d2c49f47b5a9e85-0068e3e9aa" "proxy-server 20" 0.0010 "-" 19 0
Oct 6 16:09:14 standalone proxy-server[132048]: 172.18.0.2 172.18.0.100 06/Oct/2025/16/09/14 GET /v1/AUTH_5ec2f863d8f54b06a96618816ae879f8/gnocchi.0b326073-cf44-46df-b955-7e9b82d0fbf1/none_v3 HTTP/1.0 200 - python-swiftclient-3.11.1 gAAAAABo4-kstErZ... - 22 - txfaf163d2c49f47b5a9e85-0068e3e9aa - 0.0114 - - 1759766954.877286434 1759766954.888691664 0
Oct 6 16:09:14 standalone container-server[129694]: 172.20.0.100 - - [06/Oct/2025:16:09:14 +0000] "GET /d1/64/AUTH_5ec2f863d8f54b06a96618816ae879f8/gnocchi.0b326073-cf44-46df-b955-7e9b82d0fbf1" 200 357 "GET http://172.18.0.2:8080/v1/AUTH_5ec2f863d8f54b06a96618816ae879f8/gnocchi.0b326073-cf44-46df-b955-7e9b82d0fbf1?format=json&states=listing" "txeb8dabdd58784978bcb7a-0068e3e9aa" "proxy-server 20" 0.0095 "-" 20 0
Oct 6 16:09:14 standalone proxy-server[132048]: 172.18.0.2 172.18.0.100 06/Oct/2025/16/09/14 GET /v1/AUTH_5ec2f863d8f54b06a96618816ae879f8/gnocchi.0b326073-cf44-46df-b955-7e9b82d0fbf1%3Fformat%3Djson%26states%3Dlisting HTTP/1.0 200 - python-swiftclient-3.11.1 gAAAAABo4-kstErZ... - 357 - txeb8dabdd58784978bcb7a-0068e3e9aa - 0.0200 - - 1759766954.895714045 1759766954.915736437 0
Oct 6 16:09:14 standalone container-server[129700]: 172.20.0.100 - - [06/Oct/2025:16:09:14 +0000] "GET /d1/64/AUTH_5ec2f863d8f54b06a96618816ae879f8/gnocchi.0b326073-cf44-46df-b955-7e9b82d0fbf1" 200 2 "GET http://172.18.0.2:8080/v1/AUTH_5ec2f863d8f54b06a96618816ae879f8/gnocchi.0b326073-cf44-46df-b955-7e9b82d0fbf1?format=json&marker=none_v3&states=listing" "tx00c4be09c3014948b4c38-0068e3e9aa" "proxy-server 20" 0.0025 "-" 21 0
Oct 6 16:09:14 standalone proxy-server[132048]: 172.18.0.2 172.18.0.100 06/Oct/2025/16/09/14 GET /v1/AUTH_5ec2f863d8f54b06a96618816ae879f8/gnocchi.0b326073-cf44-46df-b955-7e9b82d0fbf1%3Fformat%3Djson%26marker%3Dnone_v3%26states%3Dlisting HTTP/1.0 200 - python-swiftclient-3.11.1 gAAAAABo4-kstErZ... - 2 - tx00c4be09c3014948b4c38-0068e3e9aa - 0.0124 - - 1759766954.919876575 1759766954.932257175 0
Oct 6 16:09:14 standalone object-server[129943]: 172.20.0.100 - - [06/Oct/2025:16:09:14 +0000] "GET /d1/605/AUTH_5ec2f863d8f54b06a96618816ae879f8/gnocchi.0b326073-cf44-46df-b955-7e9b82d0fbf1/1759320000.0_mean_300.0_v3" 200 16 "GET http://172.18.0.2:8080/v1/AUTH_5ec2f863d8f54b06a96618816ae879f8/gnocchi.0b326073-cf44-46df-b955-7e9b82d0fbf1/1759320000.0_mean_300.0_v3" "tx772269b2180347d9a17a6-0068e3e9aa" "proxy-server 20" 0.0009 "-" 20 0
Oct 6 16:09:14 standalone proxy-server[132048]: 172.18.0.2 172.18.0.100 06/Oct/2025/16/09/14 GET /v1/AUTH_5ec2f863d8f54b06a96618816ae879f8/gnocchi.0b326073-cf44-46df-b955-7e9b82d0fbf1/1759320000.0_mean_300.0_v3 HTTP/1.0 200 - python-swiftclient-3.11.1 gAAAAABo4-kstErZ... - 16 - tx772269b2180347d9a17a6-0068e3e9aa - 0.0119 - - 1759766954.936639309 1759766954.948518753 0
Oct 6 16:09:14 standalone container-server[129694]: 172.20.0.100 - - [06/Oct/2025:16:09:14 +0000] "PUT /d1/64/AUTH_5ec2f863d8f54b06a96618816ae879f8/gnocchi.0b326073-cf44-46df-b955-7e9b82d0fbf1/1759320000.0_mean_300.0_v3" 201 - "PUT http://172.18.0.2:8080/d1/605/AUTH_5ec2f863d8f54b06a96618816ae879f8/gnocchi.0b326073-cf44-46df-b955-7e9b82d0fbf1/1759320000.0_mean_300.0_v3" "tx20f2ca4448cb4b008a593-0068e3e9aa" "object-server 21" 0.0006 "-" 20 0
Oct 6 16:09:14 standalone object-server[129947]: 172.20.0.100 - - [06/Oct/2025:16:09:14 +0000] "PUT /d1/605/AUTH_5ec2f863d8f54b06a96618816ae879f8/gnocchi.0b326073-cf44-46df-b955-7e9b82d0fbf1/1759320000.0_mean_300.0_v3" 201 - "PUT http://172.18.0.2:8080/v1/AUTH_5ec2f863d8f54b06a96618816ae879f8/gnocchi.0b326073-cf44-46df-b955-7e9b82d0fbf1/1759320000.0_mean_300.0_v3" "tx20f2ca4448cb4b008a593-0068e3e9aa" "proxy-server 20" 0.0098 "-" 21 0
Oct 6 16:09:14 standalone proxy-server[132048]: 172.18.0.2 172.18.0.100 06/Oct/2025/16/09/14 PUT /v1/AUTH_5ec2f863d8f54b06a96618816ae879f8/gnocchi.0b326073-cf44-46df-b955-7e9b82d0fbf1/1759320000.0_mean_300.0_v3 HTTP/1.0 201 - python-swiftclient-3.11.1 gAAAAABo4-kstErZ... 16 - - tx20f2ca4448cb4b008a593-0068e3e9aa - 0.0153 - - 1759766954.951212406 1759766954.966509819 0
Oct 6 16:09:14 standalone container-server[129700]: 172.20.0.100 - - [06/Oct/2025:16:09:14 +0000] "PUT /d1/64/AUTH_5ec2f863d8f54b06a96618816ae879f8/gnocchi.0b326073-cf44-46df-b955-7e9b82d0fbf1/none_v3" 201 - "PUT http://172.18.0.2:8080/d1/566/AUTH_5ec2f863d8f54b06a96618816ae879f8/gnocchi.0b326073-cf44-46df-b955-7e9b82d0fbf1/none_v3" "txe386efb63c3f42c59bc6a-0068e3e9aa" "object-server 19" 0.0007 "-" 21 0
Oct 6 16:09:14 standalone object-server[129942]: 172.20.0.100 - - [06/Oct/2025:16:09:14 +0000] "PUT /d1/566/AUTH_5ec2f863d8f54b06a96618816ae879f8/gnocchi.0b326073-cf44-46df-b955-7e9b82d0fbf1/none_v3" 201 - "PUT http://172.18.0.2:8080/v1/AUTH_5ec2f863d8f54b06a96618816ae879f8/gnocchi.0b326073-cf44-46df-b955-7e9b82d0fbf1/none_v3" "txe386efb63c3f42c59bc6a-0068e3e9aa" "proxy-server 20" 0.0104 "-" 19 0
Oct 6 16:09:14 standalone proxy-server[132048]: 172.18.0.2 172.18.0.100 06/Oct/2025/16/09/14 PUT /v1/AUTH_5ec2f863d8f54b06a96618816ae879f8/gnocchi.0b326073-cf44-46df-b955-7e9b82d0fbf1/none_v3 HTTP/1.0 201 - python-swiftclient-3.11.1 gAAAAABo4-kstErZ... 31 - - txe386efb63c3f42c59bc6a-0068e3e9aa - 0.0157 - - 1759766954.969216585 1759766954.984902143 0
Oct 6 16:09:22 standalone object-server[129953]: 172.20.0.100 - - [06/Oct/2025:16:09:22 +0000] "GET /d1/566/AUTH_5ec2f863d8f54b06a96618816ae879f8/gnocchi.0b326073-cf44-46df-b955-7e9b82d0fbf1/none_v3" 200 31 "GET http://172.18.0.2:8080/v1/AUTH_5ec2f863d8f54b06a96618816ae879f8/gnocchi.0b326073-cf44-46df-b955-7e9b82d0fbf1/none_v3" "txa11ded2a8fc147189ae68-0068e3e9b2" "proxy-server 20" 0.0021 "-" 22 0
Oct 6 16:09:22 standalone proxy-server[132048]: 172.18.0.2 172.18.0.100 06/Oct/2025/16/09/22 GET /v1/AUTH_5ec2f863d8f54b06a96618816ae879f8/gnocchi.0b326073-cf44-46df-b955-7e9b82d0fbf1/none_v3 HTTP/1.0 200 - python-swiftclient-3.11.1 gAAAAABo4-kstErZ... - 31 - txa11ded2a8fc147189ae68-0068e3e9b2 - 0.0142 - - 1759766962.591270685 1759766962.605466604 0
Oct 6 16:09:22 standalone container-server[129694]: 172.20.0.100 - - [06/Oct/2025:16:09:22 +0000] "GET /d1/64/AUTH_5ec2f863d8f54b06a96618816ae879f8/gnocchi.0b326073-cf44-46df-b955-7e9b82d0fbf1" 200 357 "GET http://172.18.0.2:8080/v1/AUTH_5ec2f863d8f54b06a96618816ae879f8/gnocchi.0b326073-cf44-46df-b955-7e9b82d0fbf1?format=json&states=listing" "tx0df41880209d4cfdae0ca-0068e3e9b2" "proxy-server 20" 0.0103 "-" 20 0
Oct 6 16:09:22 standalone proxy-server[132048]: 172.18.0.2 172.18.0.100 06/Oct/2025/16/09/22 GET /v1/AUTH_5ec2f863d8f54b06a96618816ae879f8/gnocchi.0b326073-cf44-46df-b955-7e9b82d0fbf1%3Fformat%3Djson%26states%3Dlisting HTTP/1.0 200 - python-swiftclient-3.11.1 gAAAAABo4-kstErZ... - 357 - tx0df41880209d4cfdae0ca-0068e3e9b2 - 0.0211 - - 1759766962.609794855 1759766962.630845547 0
Oct 6 16:09:22 standalone container-server[129709]: 172.20.0.100 - - [06/Oct/2025:16:09:22 +0000] "GET /d1/64/AUTH_5ec2f863d8f54b06a96618816ae879f8/gnocchi.0b326073-cf44-46df-b955-7e9b82d0fbf1" 200 2 "GET http://172.18.0.2:8080/v1/AUTH_5ec2f863d8f54b06a96618816ae879f8/gnocchi.0b326073-cf44-46df-b955-7e9b82d0fbf1?format=json&marker=none_v3&states=listing" "tx3174391a9b7c4c6b8969e-0068e3e9b2" "proxy-server 20" 0.0020 "-" 22 0
Oct 6 16:09:22 standalone proxy-server[132048]: 172.18.0.2 172.18.0.100 06/Oct/2025/16/09/22 GET /v1/AUTH_5ec2f863d8f54b06a96618816ae879f8/gnocchi.0b326073-cf44-46df-b955-7e9b82d0fbf1%3Fformat%3Djson%26marker%3Dnone_v3%26states%3Dlisting HTTP/1.0 200 - python-swiftclient-3.11.1 gAAAAABo4-kstErZ... - 2 - tx3174391a9b7c4c6b8969e-0068e3e9b2 - 0.0108 - - 1759766962.633463383 1759766962.644289255 0
Oct 6 16:09:22 standalone object-server[129943]: 172.20.0.100 - - [06/Oct/2025:16:09:22 +0000] "GET /d1/605/AUTH_5ec2f863d8f54b06a96618816ae879f8/gnocchi.0b326073-cf44-46df-b955-7e9b82d0fbf1/1759320000.0_mean_300.0_v3" 200 16 "GET http://172.18.0.2:8080/v1/AUTH_5ec2f863d8f54b06a96618816ae879f8/gnocchi.0b326073-cf44-46df-b955-7e9b82d0fbf1/1759320000.0_mean_300.0_v3" "tx25cf35640d8a40adb99ae-0068e3e9b2" "proxy-server 20" 0.0007 "-" 20 0
Oct 6 16:09:22 standalone proxy-server[132048]: 172.18.0.2 172.18.0.100 06/Oct/2025/16/09/22 GET /v1/AUTH_5ec2f863d8f54b06a96618816ae879f8/gnocchi.0b326073-cf44-46df-b955-7e9b82d0fbf1/1759320000.0_mean_300.0_v3 HTTP/1.0 200 - python-swiftclient-3.11.1 gAAAAABo4-kstErZ... - 16 - tx25cf35640d8a40adb99ae-0068e3e9b2 - 0.0097 - - 1759766962.647808552 1759766962.657464266 0
Oct 6 16:09:22 standalone container-server[129710]: 172.20.0.100 - - [06/Oct/2025:16:09:22 +0000] "PUT /d1/64/AUTH_5ec2f863d8f54b06a96618816ae879f8/gnocchi.0b326073-cf44-46df-b955-7e9b82d0fbf1/1759320000.0_mean_300.0_v3" 201 - "PUT http://172.18.0.2:8080/d1/605/AUTH_5ec2f863d8f54b06a96618816ae879f8/gnocchi.0b326073-cf44-46df-b955-7e9b82d0fbf1/1759320000.0_mean_300.0_v3" "tx80a6484124b54ca5b0022-0068e3e9b2" "object-server 20" 0.0007 "-" 23 0
Oct 6 16:09:22 standalone object-server[129943]: 172.20.0.100 - - [06/Oct/2025:16:09:22 +0000] "PUT /d1/605/AUTH_5ec2f863d8f54b06a96618816ae879f8/gnocchi.0b326073-cf44-46df-b955-7e9b82d0fbf1/1759320000.0_mean_300.0_v3" 201 - "PUT http://172.18.0.2:8080/v1/AUTH_5ec2f863d8f54b06a96618816ae879f8/gnocchi.0b326073-cf44-46df-b955-7e9b82d0fbf1/1759320000.0_mean_300.0_v3" "tx80a6484124b54ca5b0022-0068e3e9b2" "proxy-server 20" 0.0102 "-" 20 0
Oct 6 16:09:22 standalone proxy-server[132048]: 172.18.0.2 172.18.0.100 06/Oct/2025/16/09/22 PUT /v1/AUTH_5ec2f863d8f54b06a96618816ae879f8/gnocchi.0b326073-cf44-46df-b955-7e9b82d0fbf1/1759320000.0_mean_300.0_v3 HTTP/1.0 201 - python-swiftclient-3.11.1 gAAAAABo4-kstErZ... 16 - - tx80a6484124b54ca5b0022-0068e3e9b2 - 0.0176 - - 1759766962.660431147 1759766962.678057194 0
Oct 6 16:09:22 standalone container-server[129709]: 172.20.0.100 - - [06/Oct/2025:16:09:22 +0000] "PUT /d1/64/AUTH_5ec2f863d8f54b06a96618816ae879f8/gnocchi.0b326073-cf44-46df-b955-7e9b82d0fbf1/none_v3" 201 - "PUT http://172.18.0.2:8080/d1/566/AUTH_5ec2f863d8f54b06a96618816ae879f8/gnocchi.0b326073-cf44-46df-b955-7e9b82d0fbf1/none_v3" "tx2670298fc46a4c4789741-0068e3e9b2" "object-server 19" 0.0009 "-" 22 0
Oct 6 16:09:22 standalone object-server[129942]: 172.20.0.100 - - [06/Oct/2025:16:09:22 +0000] "PUT /d1/566/AUTH_5ec2f863d8f54b06a96618816ae879f8/gnocchi.0b326073-cf44-46df-b955-7e9b82d0fbf1/none_v3" 201 - "PUT http://172.18.0.2:8080/v1/AUTH_5ec2f863d8f54b06a96618816ae879f8/gnocchi.0b326073-cf44-46df-b955-7e9b82d0fbf1/none_v3" "tx2670298fc46a4c4789741-0068e3e9b2" "proxy-server 20" 0.0119 "-" 19 0
Oct 6 16:09:22 standalone proxy-server[132048]: 172.18.0.2 172.18.0.100 06/Oct/2025/16/09/22 PUT /v1/AUTH_5ec2f863d8f54b06a96618816ae879f8/gnocchi.0b326073-cf44-46df-b955-7e9b82d0fbf1/none_v3 HTTP/1.0 201 - python-swiftclient-3.11.1 gAAAAABo4-kstErZ... 46 - - tx2670298fc46a4c4789741-0068e3e9b2 - 0.0212 - - 1759766962.680608034 1759766962.701791048 0
Oct 6 16:09:23 standalone object-server[129943]: 172.20.0.100 - - [06/Oct/2025:16:09:23 +0000] "GET /d1/566/AUTH_5ec2f863d8f54b06a96618816ae879f8/gnocchi.0b326073-cf44-46df-b955-7e9b82d0fbf1/none_v3" 200 46 "GET http://172.18.0.2:8080/v1/AUTH_5ec2f863d8f54b06a96618816ae879f8/gnocchi.0b326073-cf44-46df-b955-7e9b82d0fbf1/none_v3" "tx41dc3ee6a6db4aa899d92-0068e3e9b3" "proxy-server 20" 0.0017 "-" 20 0
Oct 6 16:09:23 standalone proxy-server[132048]: 172.18.0.2 172.18.0.100 06/Oct/2025/16/09/23 GET /v1/AUTH_5ec2f863d8f54b06a96618816ae879f8/gnocchi.0b326073-cf44-46df-b955-7e9b82d0fbf1/none_v3 HTTP/1.0 200 - python-swiftclient-3.11.1 gAAAAABo4-kstErZ... - 46 - tx41dc3ee6a6db4aa899d92-0068e3e9b3 - 0.0114 - - 1759766963.346043348 1759766963.357415676 0
Oct 6 16:09:23 standalone container-server[129709]: 172.20.0.100 - - [06/Oct/2025:16:09:23 +0000] "GET /d1/64/AUTH_5ec2f863d8f54b06a96618816ae879f8/gnocchi.0b326073-cf44-46df-b955-7e9b82d0fbf1" 200 357 "GET http://172.18.0.2:8080/v1/AUTH_5ec2f863d8f54b06a96618816ae879f8/gnocchi.0b326073-cf44-46df-b955-7e9b82d0fbf1?format=json&states=listing" "txadbcf2f009d7478b9b8b4-0068e3e9b3" "proxy-server 20" 0.0074 "-" 22 0
Oct 6 16:09:23 standalone proxy-server[132048]: 172.18.0.2 172.18.0.100 06/Oct/2025/16/09/23 GET /v1/AUTH_5ec2f863d8f54b06a96618816ae879f8/gnocchi.0b326073-cf44-46df-b955-7e9b82d0fbf1%3Fformat%3Djson%26states%3Dlisting HTTP/1.0 200 - python-swiftclient-3.11.1 gAAAAABo4-kstErZ... - 357 - txadbcf2f009d7478b9b8b4-0068e3e9b3 - 0.0159 - - 1759766963.364119053 1759766963.380058050 0
Oct 6 16:09:23 standalone container-server[129709]: 172.20.0.100 - - [06/Oct/2025:16:09:23 +0000] "GET /d1/64/AUTH_5ec2f863d8f54b06a96618816ae879f8/gnocchi.0b326073-cf44-46df-b955-7e9b82d0fbf1" 200 2 "GET http://172.18.0.2:8080/v1/AUTH_5ec2f863d8f54b06a96618816ae879f8/gnocchi.0b326073-cf44-46df-b955-7e9b82d0fbf1?format=json&marker=none_v3&states=listing" "tx7fc5874a75114894a7d83-0068e3e9b3" "proxy-server 20" 0.0022 "-" 22 0
Oct 6 16:09:23 standalone proxy-server[132048]: 172.18.0.2 172.18.0.100 06/Oct/2025/16/09/23 GET /v1/AUTH_5ec2f863d8f54b06a96618816ae879f8/gnocchi.0b326073-cf44-46df-b955-7e9b82d0fbf1%3Fformat%3Djson%26marker%3Dnone_v3%26states%3Dlisting HTTP/1.0 200 - python-swiftclient-3.11.1 gAAAAABo4-kstErZ... - 2 - tx7fc5874a75114894a7d83-0068e3e9b3 - 0.0098 - - 1759766963.383442163 1759766963.393274307 0
Oct 6 16:09:23 standalone object-server[129947]: 172.20.0.100 - - [06/Oct/2025:16:09:23 +0000] "GET /d1/605/AUTH_5ec2f863d8f54b06a96618816ae879f8/gnocchi.0b326073-cf44-46df-b955-7e9b82d0fbf1/1759320000.0_mean_300.0_v3" 200 16 "GET http://172.18.0.2:8080/v1/AUTH_5ec2f863d8f54b06a96618816ae879f8/gnocchi.0b326073-cf44-46df-b955-7e9b82d0fbf1/1759320000.0_mean_300.0_v3" "txfbe9528e3a054a06bf59e-0068e3e9b3" "proxy-server 20" 0.0012 "-" 21 0
Oct 6 16:09:23 standalone proxy-server[132048]: 172.18.0.2 172.18.0.100 06/Oct/2025/16/09/23 GET /v1/AUTH_5ec2f863d8f54b06a96618816ae879f8/gnocchi.0b326073-cf44-46df-b955-7e9b82d0fbf1/1759320000.0_mean_300.0_v3 HTTP/1.0 200 - python-swiftclient-3.11.1 gAAAAABo4-kstErZ... - 16 - txfbe9528e3a054a06bf59e-0068e3e9b3 - 0.0104 - - 1759766963.397509575 1759766963.407947302 0
Oct 6 16:09:23 standalone container-server[129700]: 172.20.0.100 - - [06/Oct/2025:16:09:23 +0000] "PUT /d1/64/AUTH_5ec2f863d8f54b06a96618816ae879f8/gnocchi.0b326073-cf44-46df-b955-7e9b82d0fbf1/1759320000.0_mean_300.0_v3" 201 - "PUT http://172.18.0.2:8080/d1/605/AUTH_5ec2f863d8f54b06a96618816ae879f8/gnocchi.0b326073-cf44-46df-b955-7e9b82d0fbf1/1759320000.0_mean_300.0_v3" "tx574a61cdfa334e5494f56-0068e3e9b3" "object-server 19" 0.0006 "-" 21 0
Oct 6 16:09:23 standalone object-server[129942]: 172.20.0.100 - - [06/Oct/2025:16:09:23 +0000] "PUT /d1/605/AUTH_5ec2f863d8f54b06a96618816ae879f8/gnocchi.0b326073-cf44-46df-b955-7e9b82d0fbf1/1759320000.0_mean_300.0_v3" 201 - "PUT http://172.18.0.2:8080/v1/AUTH_5ec2f863d8f54b06a96618816ae879f8/gnocchi.0b326073-cf44-46df-b955-7e9b82d0fbf1/1759320000.0_mean_300.0_v3" "tx574a61cdfa334e5494f56-0068e3e9b3" "proxy-server 20" 0.0116 "-" 19 0
Oct 6 16:09:23 standalone proxy-server[132048]: 172.18.0.2 172.18.0.100 06/Oct/2025/16/09/23 PUT /v1/AUTH_5ec2f863d8f54b06a96618816ae879f8/gnocchi.0b326073-cf44-46df-b955-7e9b82d0fbf1/1759320000.0_mean_300.0_v3 HTTP/1.0 201 - python-swiftclient-3.11.1 gAAAAABo4-kstErZ... 16 - - tx574a61cdfa334e5494f56-0068e3e9b3 - 0.0190 - - 1759766963.413640022 1759766963.432640791 0
Oct 6 16:09:23 standalone container-server[129710]: 172.20.0.100 - - [06/Oct/2025:16:09:23 +0000] "PUT /d1/64/AUTH_5ec2f863d8f54b06a96618816ae879f8/gnocchi.0b326073-cf44-46df-b955-7e9b82d0fbf1/none_v3" 201 - "PUT http://172.18.0.2:8080/d1/566/AUTH_5ec2f863d8f54b06a96618816ae879f8/gnocchi.0b326073-cf44-46df-b955-7e9b82d0fbf1/none_v3" "tx5ccde8cb54084ecfbfe27-0068e3e9b3" "object-server 20" 0.0006 "-" 23 0
Oct 6 16:09:23 standalone object-server[129943]: 172.20.0.100 - - [06/Oct/2025:16:09:23 +0000] "PUT /d1/566/AUTH_5ec2f863d8f54b06a96618816ae879f8/gnocchi.0b326073-cf44-46df-b955-7e9b82d0fbf1/none_v3" 201 - "PUT http://172.18.0.2:8080/v1/AUTH_5ec2f863d8f54b06a96618816ae879f8/gnocchi.0b326073-cf44-46df-b955-7e9b82d0fbf1/none_v3" "tx5ccde8cb54084ecfbfe27-0068e3e9b3" "proxy-server 20" 0.0087 "-" 20 0
Oct 6 16:09:23 standalone proxy-server[132048]: 172.18.0.2 172.18.0.100 06/Oct/2025/16/09/23 PUT /v1/AUTH_5ec2f863d8f54b06a96618816ae879f8/gnocchi.0b326073-cf44-46df-b955-7e9b82d0fbf1/none_v3 HTTP/1.0 201 - python-swiftclient-3.11.1 gAAAAABo4-kstErZ... 51 - - tx5ccde8cb54084ecfbfe27-0068e3e9b3 - 0.0162 - - 1759766963.436071873 1759766963.452320814 0
Oct 6 16:09:26 standalone container-server[129700]: 172.20.0.100 - - [06/Oct/2025:16:09:26 +0000] "HEAD /d1/434/AUTH_5ec2f863d8f54b06a96618816ae879f8/gnocchi.766c6318-a023-4a11-bc44-990ae06090ca" 404 - "HEAD http://172.18.0.2:8080/v1/AUTH_5ec2f863d8f54b06a96618816ae879f8/gnocchi.766c6318-a023-4a11-bc44-990ae06090ca?format=json&states=listing" "txf7715230e94b4511a680b-0068e3e9b6" "proxy-server 20" 0.0009 "-" 21 0
Oct 6 16:09:26 standalone object-server[129947]: 172.20.0.100 - - [06/Oct/2025:16:09:26 +0000] "GET /d1/70/AUTH_5ec2f863d8f54b06a96618816ae879f8/gnocchi.766c6318-a023-4a11-bc44-990ae06090ca/none_v3" 404 70 "GET http://172.18.0.2:8080/v1/AUTH_5ec2f863d8f54b06a96618816ae879f8/gnocchi.766c6318-a023-4a11-bc44-990ae06090ca/none_v3" "txf7715230e94b4511a680b-0068e3e9b6" "proxy-server 20" 0.0004 "-" 21 0
Oct 6 16:09:26 standalone proxy-server[132048]: 172.18.0.2 172.18.0.100 06/Oct/2025/16/09/26 GET /v1/AUTH_5ec2f863d8f54b06a96618816ae879f8/gnocchi.766c6318-a023-4a11-bc44-990ae06090ca/none_v3 HTTP/1.0 404 - python-swiftclient-3.11.1 gAAAAABo4-kstErZ... - 70 - txf7715230e94b4511a680b-0068e3e9b6 - 0.0104 - - 1759766966.293676138 1759766966.304075956 0
Oct 6 16:09:26 standalone account-server[129677]: 172.20.0.100 - - [06/Oct/2025:16:09:26 +0000] "PUT /d1/908/AUTH_5ec2f863d8f54b06a96618816ae879f8/gnocchi.766c6318-a023-4a11-bc44-990ae06090ca" 201 - "PUT http://172.20.0.100:6001/d1/434/AUTH_5ec2f863d8f54b06a96618816ae879f8/gnocchi.766c6318-a023-4a11-bc44-990ae06090ca" "txdbcac7a422184a2db06ad-0068e3e9b6" "container-server 22" 0.0069 "-" 23 0
Oct 6 16:09:26 standalone container-server[129709]: 172.20.0.100 - - [06/Oct/2025:16:09:26 +0000] "PUT /d1/434/AUTH_5ec2f863d8f54b06a96618816ae879f8/gnocchi.766c6318-a023-4a11-bc44-990ae06090ca" 201 - "PUT http://172.18.0.2:8080/v1/AUTH_5ec2f863d8f54b06a96618816ae879f8/gnocchi.766c6318-a023-4a11-bc44-990ae06090ca" "txdbcac7a422184a2db06ad-0068e3e9b6" "proxy-server 20" 0.0191 "-" 22 0
Oct 6 16:09:26 standalone proxy-server[132048]: 172.18.0.2 172.18.0.100 06/Oct/2025/16/09/26 PUT /v1/AUTH_5ec2f863d8f54b06a96618816ae879f8/gnocchi.766c6318-a023-4a11-bc44-990ae06090ca HTTP/1.0 201 - python-swiftclient-3.11.1 gAAAAABo4-kstErZ... - - - txdbcac7a422184a2db06ad-0068e3e9b6 - 0.0243 - - 1759766966.312862396 1759766966.337140083 0
Oct 6 16:09:26 standalone container-server[129710]: 172.20.0.100 - - [06/Oct/2025:16:09:26 +0000] "HEAD /d1/434/AUTH_5ec2f863d8f54b06a96618816ae879f8/gnocchi.766c6318-a023-4a11-bc44-990ae06090ca" 204 - "HEAD http://172.18.0.2:8080/v1/AUTH_5ec2f863d8f54b06a96618816ae879f8/gnocchi.766c6318-a023-4a11-bc44-990ae06090ca?format=json&states=listing" "tx7b1d00e8d59844429a95d-0068e3e9b6" "proxy-server 20" 0.0011 "-" 23 0
Oct 6 16:09:26 standalone proxy-server[132048]: - - 06/Oct/2025/16/09/26 HEAD /v1/AUTH_5ec2f863d8f54b06a96618816ae879f8/gnocchi.766c6318-a023-4a11-bc44-990ae06090ca%3Fformat%3Djson%26states%3Dlisting HTTP/1.0 204 - Swift - - - - tx7b1d00e8d59844429a95d-0068e3e9b6 - 0.0040 RL - 1759766966.341844797 1759766966.345829964 0
Oct 6 16:09:26 standalone container-server[129710]: 172.20.0.100 - - [06/Oct/2025:16:09:26 +0000] "GET /d1/434/AUTH_5ec2f863d8f54b06a96618816ae879f8/gnocchi.766c6318-a023-4a11-bc44-990ae06090ca" 200 2 "GET http://172.18.0.2:8080/v1/AUTH_5ec2f863d8f54b06a96618816ae879f8/gnocchi.766c6318-a023-4a11-bc44-990ae06090ca?format=json&states=listing" "tx7b1d00e8d59844429a95d-0068e3e9b6" "proxy-server 20" 0.0015 "-" 23 0
Oct 6 16:09:26 standalone proxy-server[132048]: 172.18.0.2 172.18.0.100 06/Oct/2025/16/09/26 GET /v1/AUTH_5ec2f863d8f54b06a96618816ae879f8/gnocchi.766c6318-a023-4a11-bc44-990ae06090ca%3Fformat%3Djson%26states%3Dlisting HTTP/1.0 200 - python-swiftclient-3.11.1 gAAAAABo4-kstErZ... - 2 - tx7b1d00e8d59844429a95d-0068e3e9b6 - 0.0107 - - 1759766966.341012716 1759766966.351731300 0
Oct 6 16:09:26 standalone object-server[129947]: 172.20.0.100 - - [06/Oct/2025:16:09:26 +0000] "GET /d1/758/AUTH_5ec2f863d8f54b06a96618816ae879f8/gnocchi.766c6318-a023-4a11-bc44-990ae06090ca/1759320000.0_mean_300.0_v3" 404 70 "GET http://172.18.0.2:8080/v1/AUTH_5ec2f863d8f54b06a96618816ae879f8/gnocchi.766c6318-a023-4a11-bc44-990ae06090ca/1759320000.0_mean_300.0_v3" "tx54909fcdfc1f402e9a48a-0068e3e9b6" "proxy-server 20" 0.0005 "-" 21 0
Oct 6 16:09:26 standalone proxy-server[132048]: 172.18.0.2 172.18.0.100 06/Oct/2025/16/09/26 GET /v1/AUTH_5ec2f863d8f54b06a96618816ae879f8/gnocchi.766c6318-a023-4a11-bc44-990ae06090ca/1759320000.0_mean_300.0_v3 HTTP/1.0 404 - python-swiftclient-3.11.1 gAAAAABo4-kstErZ... - 70 - tx54909fcdfc1f402e9a48a-0068e3e9b6 - 0.0051 - - 1759766966.355146646 1759766966.360241175 0
Oct 6 16:09:26 standalone container-server[129700]: 172.20.0.100 - - [06/Oct/2025:16:09:26 +0000] "PUT /d1/434/AUTH_5ec2f863d8f54b06a96618816ae879f8/gnocchi.766c6318-a023-4a11-bc44-990ae06090ca/1759320000.0_mean_300.0_v3" 201 - "PUT http://172.18.0.2:8080/d1/758/AUTH_5ec2f863d8f54b06a96618816ae879f8/gnocchi.766c6318-a023-4a11-bc44-990ae06090ca/1759320000.0_mean_300.0_v3" "txf9a29764f47041f29e2ab-0068e3e9b6" "object-server 19" 0.0010 "-" 21 0
Oct 6 16:09:26 standalone object-server[129942]: 172.20.0.100 - - [06/Oct/2025:16:09:26 +0000] "PUT /d1/758/AUTH_5ec2f863d8f54b06a96618816ae879f8/gnocchi.766c6318-a023-4a11-bc44-990ae06090ca/1759320000.0_mean_300.0_v3" 201 - "PUT http://172.18.0.2:8080/v1/AUTH_5ec2f863d8f54b06a96618816ae879f8/gnocchi.766c6318-a023-4a11-bc44-990ae06090ca/1759320000.0_mean_300.0_v3" "txf9a29764f47041f29e2ab-0068e3e9b6" "proxy-server 20" 0.0109 "-" 19 0
Oct 6 16:09:26 standalone proxy-server[132048]: 172.18.0.2 172.18.0.100 06/Oct/2025/16/09/26 PUT /v1/AUTH_5ec2f863d8f54b06a96618816ae879f8/gnocchi.766c6318-a023-4a11-bc44-990ae06090ca/1759320000.0_mean_300.0_v3 HTTP/1.0 201 - python-swiftclient-3.11.1 gAAAAABo4-kstErZ... 16 - - txf9a29764f47041f29e2ab-0068e3e9b6 - 0.0154 - - 1759766966.365273714 1759766966.380702019 0
Oct 6 16:09:26 standalone container-server[129709]: 172.20.0.100 - - [06/Oct/2025:16:09:26 +0000] "PUT /d1/434/AUTH_5ec2f863d8f54b06a96618816ae879f8/gnocchi.766c6318-a023-4a11-bc44-990ae06090ca/none_v3" 201 - "PUT http://172.18.0.2:8080/d1/70/AUTH_5ec2f863d8f54b06a96618816ae879f8/gnocchi.766c6318-a023-4a11-bc44-990ae06090ca/none_v3" "tx9ff6ac55b56c4402b5349-0068e3e9b6" "object-server 19" 0.0014 "-" 22 0
Oct 6 16:09:26 standalone object-server[129942]: 172.20.0.100 - - [06/Oct/2025:16:09:26 +0000] "PUT /d1/70/AUTH_5ec2f863d8f54b06a96618816ae879f8/gnocchi.766c6318-a023-4a11-bc44-990ae06090ca/none_v3" 201 - "PUT http://172.18.0.2:8080/v1/AUTH_5ec2f863d8f54b06a96618816ae879f8/gnocchi.766c6318-a023-4a11-bc44-990ae06090ca/none_v3" "tx9ff6ac55b56c4402b5349-0068e3e9b6" "proxy-server 20" 0.0098 "-" 19 0
Oct 6 16:09:26 standalone proxy-server[132048]: 172.18.0.2 172.18.0.100 06/Oct/2025/16/09/26 PUT /v1/AUTH_5ec2f863d8f54b06a96618816ae879f8/gnocchi.766c6318-a023-4a11-bc44-990ae06090ca/none_v3 HTTP/1.0 201 - python-swiftclient-3.11.1 gAAAAABo4-kstErZ... 22 - - tx9ff6ac55b56c4402b5349-0068e3e9b6 - 0.0136 - - 1759766966.388514519 1759766966.402091503 0
Oct 6 16:09:26 standalone container-server[129700]: 172.20.0.100 - - [06/Oct/2025:16:09:26 +0000] "HEAD /d1/583/AUTH_5ec2f863d8f54b06a96618816ae879f8/gnocchi.f43c8783-0471-4bce-89d5-fb6ff3b6bea6" 404 - "HEAD http://172.18.0.2:8080/v1/AUTH_5ec2f863d8f54b06a96618816ae879f8/gnocchi.f43c8783-0471-4bce-89d5-fb6ff3b6bea6?format=json&states=listing" "txb3269a52a2854203b4ac4-0068e3e9b6" "proxy-server 20" 0.0005 "-" 21 0
Oct 6 16:09:26 standalone object-server[129943]: 172.20.0.100 - - [06/Oct/2025:16:09:26 +0000] "GET /d1/958/AUTH_5ec2f863d8f54b06a96618816ae879f8/gnocchi.f43c8783-0471-4bce-89d5-fb6ff3b6bea6/none_v3" 404 70 "GET http://172.18.0.2:8080/v1/AUTH_5ec2f863d8f54b06a96618816ae879f8/gnocchi.f43c8783-0471-4bce-89d5-fb6ff3b6bea6/none_v3" "txb3269a52a2854203b4ac4-0068e3e9b6" "proxy-server 20" 0.0004 "-" 20 0
Oct 6 16:09:26 standalone proxy-server[132048]: 172.18.0.2 172.18.0.100 06/Oct/2025/16/09/26 GET /v1/AUTH_5ec2f863d8f54b06a96618816ae879f8/gnocchi.f43c8783-0471-4bce-89d5-fb6ff3b6bea6/none_v3 HTTP/1.0 404 - python-swiftclient-3.11.1 gAAAAABo4-kstErZ... - 70 - txb3269a52a2854203b4ac4-0068e3e9b6 - 0.0096 - - 1759766966.420112371 1759766966.429723501 0
Oct 6 16:09:26 standalone account-server[129647]: 172.20.0.100 - - [06/Oct/2025:16:09:26 +0000] "PUT /d1/908/AUTH_5ec2f863d8f54b06a96618816ae879f8/gnocchi.f43c8783-0471-4bce-89d5-fb6ff3b6bea6" 201 - "PUT http://172.20.0.100:6001/d1/583/AUTH_5ec2f863d8f54b06a96618816ae879f8/gnocchi.f43c8783-0471-4bce-89d5-fb6ff3b6bea6" "tx7c9e4e8140f64af28cdc6-0068e3e9b6" "container-server 21" 0.0054 "-" 19 0
Oct 6 16:09:26 standalone container-server[129700]: 172.20.0.100 - - [06/Oct/2025:16:09:26 +0000] "PUT /d1/583/AUTH_5ec2f863d8f54b06a96618816ae879f8/gnocchi.f43c8783-0471-4bce-89d5-fb6ff3b6bea6" 201 - "PUT http://172.18.0.2:8080/v1/AUTH_5ec2f863d8f54b06a96618816ae879f8/gnocchi.f43c8783-0471-4bce-89d5-fb6ff3b6bea6" "tx7c9e4e8140f64af28cdc6-0068e3e9b6" "proxy-server 20" 0.0202 "-" 21 0
Oct 6 16:09:26 standalone proxy-server[132048]: 172.18.0.2 172.18.0.100 06/Oct/2025/16/09/26 PUT /v1/AUTH_5ec2f863d8f54b06a96618816ae879f8/gnocchi.f43c8783-0471-4bce-89d5-fb6ff3b6bea6 HTTP/1.0 201 - python-swiftclient-3.11.1 gAAAAABo4-kstErZ... - - - tx7c9e4e8140f64af28cdc6-0068e3e9b6 - 0.0262 - - 1759766966.448446274 1759766966.474688530 0
Oct 6 16:09:26 standalone container-server[129700]: 172.20.0.100 - - [06/Oct/2025:16:09:26 +0000] "HEAD /d1/583/AUTH_5ec2f863d8f54b06a96618816ae879f8/gnocchi.f43c8783-0471-4bce-89d5-fb6ff3b6bea6" 204 - "HEAD http://172.18.0.2:8080/v1/AUTH_5ec2f863d8f54b06a96618816ae879f8/gnocchi.f43c8783-0471-4bce-89d5-fb6ff3b6bea6?format=json&states=listing" "tx8f303203a7d64fe0b1614-0068e3e9b6" "proxy-server 20" 0.0023 "-" 21 0
Oct 6 16:09:26 standalone proxy-server[132048]: - - 06/Oct/2025/16/09/26 HEAD /v1/AUTH_5ec2f863d8f54b06a96618816ae879f8/gnocchi.f43c8783-0471-4bce-89d5-fb6ff3b6bea6%3Fformat%3Djson%26states%3Dlisting HTTP/1.0 204 - Swift - - - - tx8f303203a7d64fe0b1614-0068e3e9b6 - 0.0064 RL - 1759766966.483231306 1759766966.489591837 0
Oct 6 16:09:26 standalone container-server[129700]: 172.20.0.100 - - [06/Oct/2025:16:09:26 +0000] "GET /d1/583/AUTH_5ec2f863d8f54b06a96618816ae879f8/gnocchi.f43c8783-0471-4bce-89d5-fb6ff3b6bea6" 200 2 "GET http://172.18.0.2:8080/v1/AUTH_5ec2f863d8f54b06a96618816ae879f8/gnocchi.f43c8783-0471-4bce-89d5-fb6ff3b6bea6?format=json&states=listing" "tx8f303203a7d64fe0b1614-0068e3e9b6" "proxy-server 20" 0.0022 "-" 21 0
Oct 6 16:09:26 standalone proxy-server[132048]: 172.18.0.2 172.18.0.100 06/Oct/2025/16/09/26 GET /v1/AUTH_5ec2f863d8f54b06a96618816ae879f8/gnocchi.f43c8783-0471-4bce-89d5-fb6ff3b6bea6%3Fformat%3Djson%26states%3Dlisting HTTP/1.0 200 - python-swiftclient-3.11.1 gAAAAABo4-kstErZ... - 2 - tx8f303203a7d64fe0b1614-0068e3e9b6 - 0.0228 - - 1759766966.481565237 1759766966.504353285 0
Oct 6 16:09:26 standalone object-server[129943]: 172.20.0.100 - - [06/Oct/2025:16:09:26 +0000] "GET /d1/845/AUTH_5ec2f863d8f54b06a96618816ae879f8/gnocchi.f43c8783-0471-4bce-89d5-fb6ff3b6bea6/1759320000.0_mean_300.0_v3" 404 70 "GET http://172.18.0.2:8080/v1/AUTH_5ec2f863d8f54b06a96618816ae879f8/gnocchi.f43c8783-0471-4bce-89d5-fb6ff3b6bea6/1759320000.0_mean_300.0_v3" "txc286af4b78644b7c9b0b6-0068e3e9b6" "proxy-server 20" 0.0005 "-" 20 0
Oct 6 16:09:26 standalone proxy-server[132048]: 172.18.0.2 172.18.0.100 06/Oct/2025/16/09/26 GET /v1/AUTH_5ec2f863d8f54b06a96618816ae879f8/gnocchi.f43c8783-0471-4bce-89d5-fb6ff3b6bea6/1759320000.0_mean_300.0_v3 HTTP/1.0 404 - python-swiftclient-3.11.1 gAAAAABo4-kstErZ... - 70 - txc286af4b78644b7c9b0b6-0068e3e9b6 - 0.0062 - - 1759766966.512816906 1759766966.518975496 0
Oct 6 16:09:26 standalone container-server[129700]: 172.20.0.100 - - [06/Oct/2025:16:09:26 +0000] "PUT /d1/583/AUTH_5ec2f863d8f54b06a96618816ae879f8/gnocchi.f43c8783-0471-4bce-89d5-fb6ff3b6bea6/1759320000.0_mean_300.0_v3" 201 - "PUT http://172.18.0.2:8080/d1/845/AUTH_5ec2f863d8f54b06a96618816ae879f8/gnocchi.f43c8783-0471-4bce-89d5-fb6ff3b6bea6/1759320000.0_mean_300.0_v3" "tx7586b50fc51d4f24b5114-0068e3e9b6" "object-server 21" 0.0006 "-" 21 0
Oct 6 16:09:26 standalone object-server[129947]: 172.20.0.100 - - [06/Oct/2025:16:09:26 +0000] "PUT /d1/845/AUTH_5ec2f863d8f54b06a96618816ae879f8/gnocchi.f43c8783-0471-4bce-89d5-fb6ff3b6bea6/1759320000.0_mean_300.0_v3" 201 - "PUT http://172.18.0.2:8080/v1/AUTH_5ec2f863d8f54b06a96618816ae879f8/gnocchi.f43c8783-0471-4bce-89d5-fb6ff3b6bea6/1759320000.0_mean_300.0_v3" "tx7586b50fc51d4f24b5114-0068e3e9b6" "proxy-server 20" 0.0082 "-" 21 0
Oct 6 16:09:26 standalone proxy-server[132048]: 172.18.0.2 172.18.0.100 06/Oct/2025/16/09/26 PUT /v1/AUTH_5ec2f863d8f54b06a96618816ae879f8/gnocchi.f43c8783-0471-4bce-89d5-fb6ff3b6bea6/1759320000.0_mean_300.0_v3 HTTP/1.0 201 - python-swiftclient-3.11.1 gAAAAABo4-kstErZ... 16 - - tx7586b50fc51d4f24b5114-0068e3e9b6 - 0.0135 - - 1759766966.524327755 1759766966.537839651 0
Oct 6 16:09:26 standalone container-server[129710]: 172.20.0.100 - - [06/Oct/2025:16:09:26 +0000] "PUT /d1/583/AUTH_5ec2f863d8f54b06a96618816ae879f8/gnocchi.f43c8783-0471-4bce-89d5-fb6ff3b6bea6/none_v3" 201 - "PUT http://172.18.0.2:8080/d1/958/AUTH_5ec2f863d8f54b06a96618816ae879f8/gnocchi.f43c8783-0471-4bce-89d5-fb6ff3b6bea6/none_v3" "tx472e70f5654c4689be6ce-0068e3e9b6" "object-server 22" 0.0007 "-" 23 0
Oct 6 16:09:26 standalone object-server[129953]: 172.20.0.100 - - [06/Oct/2025:16:09:26 +0000] "PUT /d1/958/AUTH_5ec2f863d8f54b06a96618816ae879f8/gnocchi.f43c8783-0471-4bce-89d5-fb6ff3b6bea6/none_v3" 201 - "PUT http://172.18.0.2:8080/v1/AUTH_5ec2f863d8f54b06a96618816ae879f8/gnocchi.f43c8783-0471-4bce-89d5-fb6ff3b6bea6/none_v3" "tx472e70f5654c4689be6ce-0068e3e9b6" "proxy-server 20" 0.0093 "-" 22 0
Oct 6 16:09:26 standalone proxy-server[132048]: 172.18.0.2 172.18.0.100 06/Oct/2025/16/09/26 PUT /v1/AUTH_5ec2f863d8f54b06a96618816ae879f8/gnocchi.f43c8783-0471-4bce-89d5-fb6ff3b6bea6/none_v3 HTTP/1.0 201 - python-swiftclient-3.11.1 gAAAAABo4-kstErZ... 22 - - tx472e70f5654c4689be6ce-0068e3e9b6 - 0.0159 - - 1759766966.541046858 1759766966.556977987 0
Oct 6 16:09:26 standalone container-server[129700]: 172.20.0.100 - - [06/Oct/2025:16:09:26 +0000] "HEAD /d1/495/AUTH_5ec2f863d8f54b06a96618816ae879f8/gnocchi.88e63099-96f0-46aa-a8f4-dda9bfa94866" 404 - "HEAD http://172.18.0.2:8080/v1/AUTH_5ec2f863d8f54b06a96618816ae879f8/gnocchi.88e63099-96f0-46aa-a8f4-dda9bfa94866?format=json&states=listing" "tx835d5062fbc54b108f731-0068e3e9b6" "proxy-server 20" 0.0004 "-" 21 0
Oct 6 16:09:26 standalone object-server[129947]: 172.20.0.100 - - [06/Oct/2025:16:09:26 +0000] "GET /d1/465/AUTH_5ec2f863d8f54b06a96618816ae879f8/gnocchi.88e63099-96f0-46aa-a8f4-dda9bfa94866/none_v3" 404 70 "GET http://172.18.0.2:8080/v1/AUTH_5ec2f863d8f54b06a96618816ae879f8/gnocchi.88e63099-96f0-46aa-a8f4-dda9bfa94866/none_v3" "tx835d5062fbc54b108f731-0068e3e9b6" "proxy-server 20" 0.0004 "-" 21 0
Oct 6 16:09:26 standalone proxy-server[132048]: 172.18.0.2 172.18.0.100 06/Oct/2025/16/09/26 GET /v1/AUTH_5ec2f863d8f54b06a96618816ae879f8/gnocchi.88e63099-96f0-46aa-a8f4-dda9bfa94866/none_v3 HTTP/1.0 404 - python-swiftclient-3.11.1 gAAAAABo4-kstErZ... - 70 - tx835d5062fbc54b108f731-0068e3e9b6 - 0.0099 - - 1759766966.572425842 1759766966.582280874 0
Oct 6 16:09:26 standalone account-server[129659]: 172.20.0.100 - - [06/Oct/2025:16:09:26 +0000] "PUT /d1/908/AUTH_5ec2f863d8f54b06a96618816ae879f8/gnocchi.88e63099-96f0-46aa-a8f4-dda9bfa94866" 201 - "PUT http://172.20.0.100:6001/d1/495/AUTH_5ec2f863d8f54b06a96618816ae879f8/gnocchi.88e63099-96f0-46aa-a8f4-dda9bfa94866" "tx383cbb86c7214739b354a-0068e3e9b6" "container-server 22" 0.0045 "-" 21 0
Oct 6 16:09:26 standalone container-server[129709]: 172.20.0.100 - - [06/Oct/2025:16:09:26 +0000] "PUT /d1/495/AUTH_5ec2f863d8f54b06a96618816ae879f8/gnocchi.88e63099-96f0-46aa-a8f4-dda9bfa94866" 201 - "PUT http://172.18.0.2:8080/v1/AUTH_5ec2f863d8f54b06a96618816ae879f8/gnocchi.88e63099-96f0-46aa-a8f4-dda9bfa94866" "tx383cbb86c7214739b354a-0068e3e9b6" "proxy-server 20" 0.0143 "-" 22 0
Oct 6 16:09:26 standalone proxy-server[132048]: 172.18.0.2 172.18.0.100 06/Oct/2025/16/09/26 PUT /v1/AUTH_5ec2f863d8f54b06a96618816ae879f8/gnocchi.88e63099-96f0-46aa-a8f4-dda9bfa94866 HTTP/1.0 201 - python-swiftclient-3.11.1 gAAAAABo4-kstErZ... - - - tx383cbb86c7214739b354a-0068e3e9b6 - 0.0189 - - 1759766966.585165977 1759766966.604113102 0
Oct 6 16:09:26 standalone container-server[129700]: 172.20.0.100 - - [06/Oct/2025:16:09:26 +0000] "HEAD /d1/495/AUTH_5ec2f863d8f54b06a96618816ae879f8/gnocchi.88e63099-96f0-46aa-a8f4-dda9bfa94866" 204 - "HEAD http://172.18.0.2:8080/v1/AUTH_5ec2f863d8f54b06a96618816ae879f8/gnocchi.88e63099-96f0-46aa-a8f4-dda9bfa94866?format=json&states=listing" "txe2f48134afe1429f874fe-0068e3e9b6" "proxy-server 20" 0.0016 "-" 21 0
Oct 6 16:09:26 standalone proxy-server[132048]: - - 06/Oct/2025/16/09/26 HEAD /v1/AUTH_5ec2f863d8f54b06a96618816ae879f8/gnocchi.88e63099-96f0-46aa-a8f4-dda9bfa94866%3Fformat%3Djson%26states%3Dlisting HTTP/1.0 204 - Swift - - - - txe2f48134afe1429f874fe-0068e3e9b6 - 0.0058 RL - 1759766966.608194113 1759766966.614019632 0
Oct 6 16:09:26 standalone container-server[129710]: 172.20.0.100 - - [06/Oct/2025:16:09:26 +0000] "GET /d1/495/AUTH_5ec2f863d8f54b06a96618816ae879f8/gnocchi.88e63099-96f0-46aa-a8f4-dda9bfa94866" 200 2 "GET http://172.18.0.2:8080/v1/AUTH_5ec2f863d8f54b06a96618816ae879f8/gnocchi.88e63099-96f0-46aa-a8f4-dda9bfa94866?format=json&states=listing" "txe2f48134afe1429f874fe-0068e3e9b6" "proxy-server 20" 0.0031 "-" 23 0
