Oct 6 16:08:17 standalone proxy-server[132048]: 172.18.0.2 172.18.0.100 06/Oct/2025/16/08/17 GET /v1/AUTH_5ec2f863d8f54b06a96618816ae879f8/gnocchi.1b64b34a-0942-4a7e-a6f0-7f4d0b3ad01e/1759320000.0_mean_300.0_v3 HTTP/1.0 404 - python-swiftclient-3.11.1 gAAAAABo4-kstErZ... - 70 - tx6fe5e91777c74fd598c26-0068e3e971 - 0.0642 - - 1759766897.120304346 1759766897.184523582 0
Oct 6 16:08:17 standalone container-server[129709]: 172.20.0.100 - - [06/Oct/2025:16:08:17 +0000] "PUT /d1/538/AUTH_5ec2f863d8f54b06a96618816ae879f8/gnocchi.1b64b34a-0942-4a7e-a6f0-7f4d0b3ad01e/1759320000.0_mean_300.0_v3" 201 - "PUT http://172.18.0.2:8080/d1/839/AUTH_5ec2f863d8f54b06a96618816ae879f8/gnocchi.1b64b34a-0942-4a7e-a6f0-7f4d0b3ad01e/1759320000.0_mean_300.0_v3" "tx0c5667408bfb4d87ac080-0068e3e971" "object-server 20" 0.0009 "-" 22 0
Oct 6 16:08:17 standalone object-server[129943]: 172.20.0.100 - - [06/Oct/2025:16:08:17 +0000] "PUT /d1/839/AUTH_5ec2f863d8f54b06a96618816ae879f8/gnocchi.1b64b34a-0942-4a7e-a6f0-7f4d0b3ad01e/1759320000.0_mean_300.0_v3" 201 - "PUT http://172.18.0.2:8080/v1/AUTH_5ec2f863d8f54b06a96618816ae879f8/gnocchi.1b64b34a-0942-4a7e-a6f0-7f4d0b3ad01e/1759320000.0_mean_300.0_v3" "tx0c5667408bfb4d87ac080-0068e3e971" "proxy-server 20" 0.0311 "-" 20 0
Oct 6 16:08:17 standalone proxy-server[132048]: 172.18.0.2 172.18.0.100 06/Oct/2025/16/08/17 PUT /v1/AUTH_5ec2f863d8f54b06a96618816ae879f8/gnocchi.1b64b34a-0942-4a7e-a6f0-7f4d0b3ad01e/1759320000.0_mean_300.0_v3 HTTP/1.0 201 - python-swiftclient-3.11.1 gAAAAABo4-kstErZ... 16 - - tx0c5667408bfb4d87ac080-0068e3e971 - 0.0436 - - 1759766897.192423344 1759766897.236062288 0
Oct 6 16:08:17 standalone container-server[129694]: 172.20.0.100 - - [06/Oct/2025:16:08:17 +0000] "PUT /d1/538/AUTH_5ec2f863d8f54b06a96618816ae879f8/gnocchi.1b64b34a-0942-4a7e-a6f0-7f4d0b3ad01e/none_v3" 201 - "PUT http://172.18.0.2:8080/d1/517/AUTH_5ec2f863d8f54b06a96618816ae879f8/gnocchi.1b64b34a-0942-4a7e-a6f0-7f4d0b3ad01e/none_v3" "tx7e2a735cf66242568ff71-0068e3e971" "object-server 19" 0.0006 "-" 20 0
Oct 6 16:08:17 standalone object-server[129942]: 172.20.0.100 - - [06/Oct/2025:16:08:17 +0000] "PUT /d1/517/AUTH_5ec2f863d8f54b06a96618816ae879f8/gnocchi.1b64b34a-0942-4a7e-a6f0-7f4d0b3ad01e/none_v3" 201 - "PUT http://172.18.0.2:8080/v1/AUTH_5ec2f863d8f54b06a96618816ae879f8/gnocchi.1b64b34a-0942-4a7e-a6f0-7f4d0b3ad01e/none_v3" "tx7e2a735cf66242568ff71-0068e3e971" "proxy-server 20" 0.0135 "-" 19 0
Oct 6 16:08:17 standalone proxy-server[132048]: 172.18.0.2 172.18.0.100 06/Oct/2025/16/08/17 PUT /v1/AUTH_5ec2f863d8f54b06a96618816ae879f8/gnocchi.1b64b34a-0942-4a7e-a6f0-7f4d0b3ad01e/none_v3 HTTP/1.0 201 - python-swiftclient-3.11.1 gAAAAABo4-kstErZ... 22 - - tx7e2a735cf66242568ff71-0068e3e971 - 0.0241 - - 1759766897.243837833 1759766897.267967939 0
Oct 6 16:08:17 standalone container-server[129709]: 172.20.0.100 - - [06/Oct/2025:16:08:17 +0000] "HEAD /d1/495/AUTH_5ec2f863d8f54b06a96618816ae879f8/gnocchi.1565acf5-9b20-480b-a201-b94c98c85f8f" 404 - "HEAD http://172.18.0.2:8080/v1/AUTH_5ec2f863d8f54b06a96618816ae879f8/gnocchi.1565acf5-9b20-480b-a201-b94c98c85f8f?format=json&states=listing" "tx6060a39fecff4ef2ab2bf-0068e3e971" "proxy-server 20" 0.0007 "-" 22 0
Oct 6 16:08:17 standalone object-server[129947]: 172.20.0.100 - - [06/Oct/2025:16:08:17 +0000] "GET /d1/862/AUTH_5ec2f863d8f54b06a96618816ae879f8/gnocchi.1565acf5-9b20-480b-a201-b94c98c85f8f/none_v3" 404 70 "GET http://172.18.0.2:8080/v1/AUTH_5ec2f863d8f54b06a96618816ae879f8/gnocchi.1565acf5-9b20-480b-a201-b94c98c85f8f/none_v3" "tx6060a39fecff4ef2ab2bf-0068e3e971" "proxy-server 20" 0.0008 "-" 21 0
Oct 6 16:08:17 standalone proxy-server[132048]: 172.18.0.2 172.18.0.100 06/Oct/2025/16/08/17 GET /v1/AUTH_5ec2f863d8f54b06a96618816ae879f8/gnocchi.1565acf5-9b20-480b-a201-b94c98c85f8f/none_v3 HTTP/1.0 404 - python-swiftclient-3.11.1 gAAAAABo4-kstErZ... - 70 - tx6060a39fecff4ef2ab2bf-0068e3e971 - 0.0219 - - 1759766897.289280653 1759766897.311164141 0
Oct 6 16:08:17 standalone account-server[129636]: 172.20.0.100 - - [06/Oct/2025:16:08:17 +0000] "PUT /d1/908/AUTH_5ec2f863d8f54b06a96618816ae879f8/gnocchi.1565acf5-9b20-480b-a201-b94c98c85f8f" 201 - "PUT http://172.20.0.100:6001/d1/495/AUTH_5ec2f863d8f54b06a96618816ae879f8/gnocchi.1565acf5-9b20-480b-a201-b94c98c85f8f" "tx855f75e94d0447c09ac71-0068e3e971" "container-server 21" 0.0065 "-" 17 0
Oct 6 16:08:17 standalone container-server[129700]: 172.20.0.100 - - [06/Oct/2025:16:08:17 +0000] "PUT /d1/495/AUTH_5ec2f863d8f54b06a96618816ae879f8/gnocchi.1565acf5-9b20-480b-a201-b94c98c85f8f" 201 - "PUT http://172.18.0.2:8080/v1/AUTH_5ec2f863d8f54b06a96618816ae879f8/gnocchi.1565acf5-9b20-480b-a201-b94c98c85f8f" "tx855f75e94d0447c09ac71-0068e3e971" "proxy-server 20" 0.0203 "-" 21 0
Oct 6 16:08:17 standalone proxy-server[132048]: 172.18.0.2 172.18.0.100 06/Oct/2025/16/08/17 PUT /v1/AUTH_5ec2f863d8f54b06a96618816ae879f8/gnocchi.1565acf5-9b20-480b-a201-b94c98c85f8f HTTP/1.0 201 - python-swiftclient-3.11.1 gAAAAABo4-kstErZ... - - - tx855f75e94d0447c09ac71-0068e3e971 - 0.0404 - - 1759766897.347159863 1759766897.387560129 0
Oct 6 16:08:17 standalone container-server[129709]: 172.20.0.100 - - [06/Oct/2025:16:08:17 +0000] "HEAD /d1/495/AUTH_5ec2f863d8f54b06a96618816ae879f8/gnocchi.1565acf5-9b20-480b-a201-b94c98c85f8f" 204 - "HEAD http://172.18.0.2:8080/v1/AUTH_5ec2f863d8f54b06a96618816ae879f8/gnocchi.1565acf5-9b20-480b-a201-b94c98c85f8f?format=json&states=listing" "tx69210e2bf67349619f172-0068e3e971" "proxy-server 20" 0.0021 "-" 22 0
Oct 6 16:08:17 standalone proxy-server[132048]: - - 06/Oct/2025/16/08/17 HEAD /v1/AUTH_5ec2f863d8f54b06a96618816ae879f8/gnocchi.1565acf5-9b20-480b-a201-b94c98c85f8f%3Fformat%3Djson%26states%3Dlisting HTTP/1.0 204 - Swift - - - - tx69210e2bf67349619f172-0068e3e971 - 0.0085 RL - 1759766897.397507429 1759766897.406004667 0
Oct 6 16:08:17 standalone container-server[129694]: 172.20.0.100 - - [06/Oct/2025:16:08:17 +0000] "GET /d1/495/AUTH_5ec2f863d8f54b06a96618816ae879f8/gnocchi.1565acf5-9b20-480b-a201-b94c98c85f8f" 200 2 "GET http://172.18.0.2:8080/v1/AUTH_5ec2f863d8f54b06a96618816ae879f8/gnocchi.1565acf5-9b20-480b-a201-b94c98c85f8f?format=json&states=listing" "tx69210e2bf67349619f172-0068e3e971" "proxy-server 20" 0.0020 "-" 20 0
Oct 6 16:08:17 standalone proxy-server[132048]: 172.18.0.2 172.18.0.100 06/Oct/2025/16/08/17 GET /v1/AUTH_5ec2f863d8f54b06a96618816ae879f8/gnocchi.1565acf5-9b20-480b-a201-b94c98c85f8f%3Fformat%3Djson%26states%3Dlisting HTTP/1.0 200 - python-swiftclient-3.11.1 gAAAAABo4-kstErZ... - 2 - tx69210e2bf67349619f172-0068e3e971 - 0.0273 - - 1759766897.393687725 1759766897.420964718 0
Oct 6 16:08:17 standalone object-server[129942]: 172.20.0.100 - - [06/Oct/2025:16:08:17 +0000] "GET /d1/663/AUTH_5ec2f863d8f54b06a96618816ae879f8/gnocchi.1565acf5-9b20-480b-a201-b94c98c85f8f/1759320000.0_mean_300.0_v3" 404 70 "GET http://172.18.0.2:8080/v1/AUTH_5ec2f863d8f54b06a96618816ae879f8/gnocchi.1565acf5-9b20-480b-a201-b94c98c85f8f/1759320000.0_mean_300.0_v3" "tx0ac5f7853aca4e19a5ecc-0068e3e971" "proxy-server 20" 0.0005 "-" 19 0
Oct 6 16:08:17 standalone proxy-server[132048]: 172.18.0.2 172.18.0.100 06/Oct/2025/16/08/17 GET /v1/AUTH_5ec2f863d8f54b06a96618816ae879f8/gnocchi.1565acf5-9b20-480b-a201-b94c98c85f8f/1759320000.0_mean_300.0_v3 HTTP/1.0 404 - python-swiftclient-3.11.1 gAAAAABo4-kstErZ... - 70 - tx0ac5f7853aca4e19a5ecc-0068e3e971 - 0.0099 - - 1759766897.430170536 1759766897.440035582 0
Oct 6 16:08:17 standalone container-server[129700]: 172.20.0.100 - - [06/Oct/2025:16:08:17 +0000] "PUT /d1/495/AUTH_5ec2f863d8f54b06a96618816ae879f8/gnocchi.1565acf5-9b20-480b-a201-b94c98c85f8f/1759320000.0_mean_300.0_v3" 201 - "PUT http://172.18.0.2:8080/d1/663/AUTH_5ec2f863d8f54b06a96618816ae879f8/gnocchi.1565acf5-9b20-480b-a201-b94c98c85f8f/1759320000.0_mean_300.0_v3" "tx448eba3f9bc344babc021-0068e3e971" "object-server 21" 0.0010 "-" 21 0
Oct 6 16:08:17 standalone object-server[129947]: 172.20.0.100 - - [06/Oct/2025:16:08:17 +0000] "PUT /d1/663/AUTH_5ec2f863d8f54b06a96618816ae879f8/gnocchi.1565acf5-9b20-480b-a201-b94c98c85f8f/1759320000.0_mean_300.0_v3" 201 - "PUT http://172.18.0.2:8080/v1/AUTH_5ec2f863d8f54b06a96618816ae879f8/gnocchi.1565acf5-9b20-480b-a201-b94c98c85f8f/1759320000.0_mean_300.0_v3" "tx448eba3f9bc344babc021-0068e3e971" "proxy-server 20" 0.0534 "-" 21 0
Oct 6 16:08:17 standalone proxy-server[132048]: 172.18.0.2 172.18.0.100 06/Oct/2025/16/08/17 PUT /v1/AUTH_5ec2f863d8f54b06a96618816ae879f8/gnocchi.1565acf5-9b20-480b-a201-b94c98c85f8f/1759320000.0_mean_300.0_v3 HTTP/1.0 201 - python-swiftclient-3.11.1 gAAAAABo4-kstErZ... 16 - - tx448eba3f9bc344babc021-0068e3e971 - 0.0652 - - 1759766897.448822260 1759766897.514015913 0
Oct 6 16:08:17 standalone container-server[129700]: 172.20.0.100 - - [06/Oct/2025:16:08:17 +0000] "PUT /d1/495/AUTH_5ec2f863d8f54b06a96618816ae879f8/gnocchi.1565acf5-9b20-480b-a201-b94c98c85f8f/none_v3" 201 - "PUT http://172.18.0.2:8080/d1/862/AUTH_5ec2f863d8f54b06a96618816ae879f8/gnocchi.1565acf5-9b20-480b-a201-b94c98c85f8f/none_v3" "tx44d0369161394bd491a14-0068e3e971" "object-server 22" 0.0012 "-" 21 0
Oct 6 16:08:17 standalone object-server[129953]: 172.20.0.100 - - [06/Oct/2025:16:08:17 +0000] "PUT /d1/862/AUTH_5ec2f863d8f54b06a96618816ae879f8/gnocchi.1565acf5-9b20-480b-a201-b94c98c85f8f/none_v3" 201 - "PUT http://172.18.0.2:8080/v1/AUTH_5ec2f863d8f54b06a96618816ae879f8/gnocchi.1565acf5-9b20-480b-a201-b94c98c85f8f/none_v3" "tx44d0369161394bd491a14-0068e3e971" "proxy-server 20" 0.0247 "-" 22 0
Oct 6 16:08:17 standalone proxy-server[132048]: 172.18.0.2 172.18.0.100 06/Oct/2025/16/08/17 PUT /v1/AUTH_5ec2f863d8f54b06a96618816ae879f8/gnocchi.1565acf5-9b20-480b-a201-b94c98c85f8f/none_v3 HTTP/1.0 201 - python-swiftclient-3.11.1 gAAAAABo4-kstErZ... 22 - - tx44d0369161394bd491a14-0068e3e971 - 0.0346 - - 1759766897.519461870 1759766897.554020405 0
Oct 6 16:08:17 standalone container-server[129694]: 172.20.0.100 - - [06/Oct/2025:16:08:17 +0000] "HEAD /d1/58/AUTH_5ec2f863d8f54b06a96618816ae879f8/gnocchi.beb3cce2-0720-4cd8-afd7-37286da61fec" 404 - "HEAD http://172.18.0.2:8080/v1/AUTH_5ec2f863d8f54b06a96618816ae879f8/gnocchi.beb3cce2-0720-4cd8-afd7-37286da61fec?format=json&states=listing" "txb150b9ab962642a18566b-0068e3e971" "proxy-server 20" 0.0006 "-" 20 0
Oct 6 16:08:17 standalone object-server[129953]: 172.20.0.100 - - [06/Oct/2025:16:08:17 +0000] "GET /d1/141/AUTH_5ec2f863d8f54b06a96618816ae879f8/gnocchi.beb3cce2-0720-4cd8-afd7-37286da61fec/none_v3" 404 70 "GET http://172.18.0.2:8080/v1/AUTH_5ec2f863d8f54b06a96618816ae879f8/gnocchi.beb3cce2-0720-4cd8-afd7-37286da61fec/none_v3" "txb150b9ab962642a18566b-0068e3e971" "proxy-server 20" 0.0004 "-" 22 0
Oct 6 16:08:17 standalone proxy-server[132048]: 172.18.0.2 172.18.0.100 06/Oct/2025/16/08/17 GET /v1/AUTH_5ec2f863d8f54b06a96618816ae879f8/gnocchi.beb3cce2-0720-4cd8-afd7-37286da61fec/none_v3 HTTP/1.0 404 - python-swiftclient-3.11.1 gAAAAABo4-kstErZ... - 70 - txb150b9ab962642a18566b-0068e3e971 - 0.0143 - - 1759766897.584220648 1759766897.598521709 0
Oct 6 16:08:17 standalone account-server[129647]: 172.20.0.100 - - [06/Oct/2025:16:08:17 +0000] "PUT /d1/908/AUTH_5ec2f863d8f54b06a96618816ae879f8/gnocchi.beb3cce2-0720-4cd8-afd7-37286da61fec" 201 - "PUT http://172.20.0.100:6001/d1/58/AUTH_5ec2f863d8f54b06a96618816ae879f8/gnocchi.beb3cce2-0720-4cd8-afd7-37286da61fec" "tx8678d793f8c849649cf83-0068e3e971" "container-server 21" 0.0060 "-" 19 0
Oct 6 16:08:17 standalone container-server[129700]: 172.20.0.100 - - [06/Oct/2025:16:08:17 +0000] "PUT /d1/58/AUTH_5ec2f863d8f54b06a96618816ae879f8/gnocchi.beb3cce2-0720-4cd8-afd7-37286da61fec" 201 - "PUT http://172.18.0.2:8080/v1/AUTH_5ec2f863d8f54b06a96618816ae879f8/gnocchi.beb3cce2-0720-4cd8-afd7-37286da61fec" "tx8678d793f8c849649cf83-0068e3e971" "proxy-server 20" 0.0175 "-" 21 0
Oct 6 16:08:17 standalone proxy-server[132048]: 172.18.0.2 172.18.0.100 06/Oct/2025/16/08/17 PUT /v1/AUTH_5ec2f863d8f54b06a96618816ae879f8/gnocchi.beb3cce2-0720-4cd8-afd7-37286da61fec HTTP/1.0 201 - python-swiftclient-3.11.1 gAAAAABo4-kstErZ... - - - tx8678d793f8c849649cf83-0068e3e971 - 0.0259 - - 1759766897.608161688 1759766897.634101152 0
Oct 6 16:08:17 standalone container-server[129694]: 172.20.0.100 - - [06/Oct/2025:16:08:17 +0000] "HEAD /d1/58/AUTH_5ec2f863d8f54b06a96618816ae879f8/gnocchi.beb3cce2-0720-4cd8-afd7-37286da61fec" 204 - "HEAD http://172.18.0.2:8080/v1/AUTH_5ec2f863d8f54b06a96618816ae879f8/gnocchi.beb3cce2-0720-4cd8-afd7-37286da61fec?format=json&states=listing" "txff50c015b8704427bdf4f-0068e3e971" "proxy-server 20" 0.0021 "-" 20 0
Oct 6 16:08:17 standalone proxy-server[132048]: - - 06/Oct/2025/16/08/17 HEAD /v1/AUTH_5ec2f863d8f54b06a96618816ae879f8/gnocchi.beb3cce2-0720-4cd8-afd7-37286da61fec%3Fformat%3Djson%26states%3Dlisting HTTP/1.0 204 - Swift - - - - txff50c015b8704427bdf4f-0068e3e971 - 0.0079 RL - 1759766897.645462513 1759766897.653390646 0
Oct 6 16:08:17 standalone container-server[129694]: 172.20.0.100 - - [06/Oct/2025:16:08:17 +0000] "GET /d1/58/AUTH_5ec2f863d8f54b06a96618816ae879f8/gnocchi.beb3cce2-0720-4cd8-afd7-37286da61fec" 200 2 "GET http://172.18.0.2:8080/v1/AUTH_5ec2f863d8f54b06a96618816ae879f8/gnocchi.beb3cce2-0720-4cd8-afd7-37286da61fec?format=json&states=listing" "txff50c015b8704427bdf4f-0068e3e971" "proxy-server 20" 0.0029 "-" 20 0
Oct 6 16:08:17 standalone proxy-server[132048]: 172.18.0.2 172.18.0.100 06/Oct/2025/16/08/17 GET /v1/AUTH_5ec2f863d8f54b06a96618816ae879f8/gnocchi.beb3cce2-0720-4cd8-afd7-37286da61fec%3Fformat%3Djson%26states%3Dlisting HTTP/1.0 200 - python-swiftclient-3.11.1 gAAAAABo4-kstErZ... - 2 - txff50c015b8704427bdf4f-0068e3e971 - 0.0254 - - 1759766897.640095711 1759766897.665500402 0
Oct 6 16:08:17 standalone object-server[129947]: 172.20.0.100 - - [06/Oct/2025:16:08:17 +0000] "GET /d1/528/AUTH_5ec2f863d8f54b06a96618816ae879f8/gnocchi.beb3cce2-0720-4cd8-afd7-37286da61fec/1759320000.0_mean_300.0_v3" 404 70 "GET http://172.18.0.2:8080/v1/AUTH_5ec2f863d8f54b06a96618816ae879f8/gnocchi.beb3cce2-0720-4cd8-afd7-37286da61fec/1759320000.0_mean_300.0_v3" "txced13a1fad544eea89b31-0068e3e971" "proxy-server 20" 0.0006 "-" 21 0
Oct 6 16:08:17 standalone proxy-server[132048]: 172.18.0.2 172.18.0.100 06/Oct/2025/16/08/17 GET /v1/AUTH_5ec2f863d8f54b06a96618816ae879f8/gnocchi.beb3cce2-0720-4cd8-afd7-37286da61fec/1759320000.0_mean_300.0_v3 HTTP/1.0 404 - python-swiftclient-3.11.1 gAAAAABo4-kstErZ... - 70 - txced13a1fad544eea89b31-0068e3e971 - 0.0101 - - 1759766897.672261238 1759766897.682403803 0
Oct 6 16:08:17 standalone container-server[129694]: 172.20.0.100 - - [06/Oct/2025:16:08:17 +0000] "PUT /d1/58/AUTH_5ec2f863d8f54b06a96618816ae879f8/gnocchi.beb3cce2-0720-4cd8-afd7-37286da61fec/1759320000.0_mean_300.0_v3" 201 - "PUT http://172.18.0.2:8080/d1/528/AUTH_5ec2f863d8f54b06a96618816ae879f8/gnocchi.beb3cce2-0720-4cd8-afd7-37286da61fec/1759320000.0_mean_300.0_v3" "tx13862a3ddb754b4890f4a-0068e3e971" "object-server 22" 0.0009 "-" 20 0
Oct 6 16:08:17 standalone object-server[129953]: 172.20.0.100 - - [06/Oct/2025:16:08:17 +0000] "PUT /d1/528/AUTH_5ec2f863d8f54b06a96618816ae879f8/gnocchi.beb3cce2-0720-4cd8-afd7-37286da61fec/1759320000.0_mean_300.0_v3" 201 - "PUT http://172.18.0.2:8080/v1/AUTH_5ec2f863d8f54b06a96618816ae879f8/gnocchi.beb3cce2-0720-4cd8-afd7-37286da61fec/1759320000.0_mean_300.0_v3" "tx13862a3ddb754b4890f4a-0068e3e971" "proxy-server 20" 0.0092 "-" 22 0
Oct 6 16:08:17 standalone proxy-server[132048]: 172.18.0.2 172.18.0.100 06/Oct/2025/16/08/17 PUT /v1/AUTH_5ec2f863d8f54b06a96618816ae879f8/gnocchi.beb3cce2-0720-4cd8-afd7-37286da61fec/1759320000.0_mean_300.0_v3 HTTP/1.0 201 - python-swiftclient-3.11.1 gAAAAABo4-kstErZ... 16 - - tx13862a3ddb754b4890f4a-0068e3e971 - 0.0170 - - 1759766897.686385393 1759766897.703371048 0
Oct 6 16:08:17 standalone container-server[129710]: 172.20.0.100 - - [06/Oct/2025:16:08:17 +0000] "PUT /d1/58/AUTH_5ec2f863d8f54b06a96618816ae879f8/gnocchi.beb3cce2-0720-4cd8-afd7-37286da61fec/none_v3" 201 - "PUT http://172.18.0.2:8080/d1/141/AUTH_5ec2f863d8f54b06a96618816ae879f8/gnocchi.beb3cce2-0720-4cd8-afd7-37286da61fec/none_v3" "tx9c9ccd68c297451fa409e-0068e3e971" "object-server 21" 0.0006 "-" 23 0
Oct 6 16:08:17 standalone object-server[129947]: 172.20.0.100 - - [06/Oct/2025:16:08:17 +0000] "PUT /d1/141/AUTH_5ec2f863d8f54b06a96618816ae879f8/gnocchi.beb3cce2-0720-4cd8-afd7-37286da61fec/none_v3" 201 - "PUT http://172.18.0.2:8080/v1/AUTH_5ec2f863d8f54b06a96618816ae879f8/gnocchi.beb3cce2-0720-4cd8-afd7-37286da61fec/none_v3" "tx9c9ccd68c297451fa409e-0068e3e971" "proxy-server 20" 0.0146 "-" 21 0
Oct 6 16:08:17 standalone proxy-server[132048]: 172.18.0.2 172.18.0.100 06/Oct/2025/16/08/17 PUT /v1/AUTH_5ec2f863d8f54b06a96618816ae879f8/gnocchi.beb3cce2-0720-4cd8-afd7-37286da61fec/none_v3 HTTP/1.0 201 - python-swiftclient-3.11.1 gAAAAABo4-kstErZ... 22 - - tx9c9ccd68c297451fa409e-0068e3e971 - 0.0222 - - 1759766897.708168507 1759766897.730393648 0
Oct 6 16:08:17 standalone container-server[129700]: 172.20.0.100 - - [06/Oct/2025:16:08:17 +0000] "HEAD /d1/21/AUTH_5ec2f863d8f54b06a96618816ae879f8/gnocchi.c3ac4e18-f733-425a-b601-e804e84c6f98" 404 - "HEAD http://172.18.0.2:8080/v1/AUTH_5ec2f863d8f54b06a96618816ae879f8/gnocchi.c3ac4e18-f733-425a-b601-e804e84c6f98?format=json&states=listing" "txfbeaf9db9033451a83ce0-0068e3e971" "proxy-server 20" 0.0006 "-" 21 0
Oct 6 16:08:17 standalone object-server[129947]: 172.20.0.100 - - [06/Oct/2025:16:08:17 +0000] "GET /d1/645/AUTH_5ec2f863d8f54b06a96618816ae879f8/gnocchi.c3ac4e18-f733-425a-b601-e804e84c6f98/none_v3" 404 70 "GET http://172.18.0.2:8080/v1/AUTH_5ec2f863d8f54b06a96618816ae879f8/gnocchi.c3ac4e18-f733-425a-b601-e804e84c6f98/none_v3" "txfbeaf9db9033451a83ce0-0068e3e971" "proxy-server 20" 0.0004 "-" 21 0
Oct 6 16:08:17 standalone proxy-server[132048]: 172.18.0.2 172.18.0.100 06/Oct/2025/16/08/17 GET /v1/AUTH_5ec2f863d8f54b06a96618816ae879f8/gnocchi.c3ac4e18-f733-425a-b601-e804e84c6f98/none_v3 HTTP/1.0 404 - python-swiftclient-3.11.1 gAAAAABo4-kstErZ... - 70 - txfbeaf9db9033451a83ce0-0068e3e971 - 0.0122 - - 1759766897.744667053 1759766897.756826639 0
Oct 6 16:08:17 standalone account-server[129636]: 172.20.0.100 - - [06/Oct/2025:16:08:17 +0000] "PUT /d1/908/AUTH_5ec2f863d8f54b06a96618816ae879f8/gnocchi.c3ac4e18-f733-425a-b601-e804e84c6f98" 201 - "PUT http://172.20.0.100:6001/d1/21/AUTH_5ec2f863d8f54b06a96618816ae879f8/gnocchi.c3ac4e18-f733-425a-b601-e804e84c6f98" "tx1fea2c2904bf41a5a60a4-0068e3e971" "container-server 20" 0.0044 "-" 17 0
Oct 6 16:08:17 standalone container-server[129694]: 172.20.0.100 - - [06/Oct/2025:16:08:17 +0000] "PUT /d1/21/AUTH_5ec2f863d8f54b06a96618816ae879f8/gnocchi.c3ac4e18-f733-425a-b601-e804e84c6f98" 201 - "PUT http://172.18.0.2:8080/v1/AUTH_5ec2f863d8f54b06a96618816ae879f8/gnocchi.c3ac4e18-f733-425a-b601-e804e84c6f98" "tx1fea2c2904bf41a5a60a4-0068e3e971" "proxy-server 20" 0.0170 "-" 20 0
Oct 6 16:08:17 standalone proxy-server[132048]: 172.18.0.2 172.18.0.100 06/Oct/2025/16/08/17 PUT /v1/AUTH_5ec2f863d8f54b06a96618816ae879f8/gnocchi.c3ac4e18-f733-425a-b601-e804e84c6f98 HTTP/1.0 201 - python-swiftclient-3.11.1 gAAAAABo4-kstErZ... - - - tx1fea2c2904bf41a5a60a4-0068e3e971 - 0.0241 - - 1759766897.760419369 1759766897.784533501 0
Oct 6 16:08:17 standalone container-server[129700]: 172.20.0.100 - - [06/Oct/2025:16:08:17 +0000] "HEAD /d1/21/AUTH_5ec2f863d8f54b06a96618816ae879f8/gnocchi.c3ac4e18-f733-425a-b601-e804e84c6f98" 204 - "HEAD http://172.18.0.2:8080/v1/AUTH_5ec2f863d8f54b06a96618816ae879f8/gnocchi.c3ac4e18-f733-425a-b601-e804e84c6f98?format=json&states=listing" "tx8ac9d92ce5d34fcbacfb9-0068e3e971" "proxy-server 20" 0.0037 "-" 21 0
Oct 6 16:08:17 standalone proxy-server[132048]: - - 06/Oct/2025/16/08/17 HEAD /v1/AUTH_5ec2f863d8f54b06a96618816ae879f8/gnocchi.c3ac4e18-f733-425a-b601-e804e84c6f98%3Fformat%3Djson%26states%3Dlisting HTTP/1.0 204 - Swift - - - - tx8ac9d92ce5d34fcbacfb9-0068e3e971 - 0.0086 RL - 1759766897.790594101 1759766897.799158335 0
Oct 6 16:08:17 standalone container-server[129694]: 172.20.0.100 - - [06/Oct/2025:16:08:17 +0000] "GET /d1/21/AUTH_5ec2f863d8f54b06a96618816ae879f8/gnocchi.c3ac4e18-f733-425a-b601-e804e84c6f98" 200 2 "GET http://172.18.0.2:8080/v1/AUTH_5ec2f863d8f54b06a96618816ae879f8/gnocchi.c3ac4e18-f733-425a-b601-e804e84c6f98?format=json&states=listing" "tx8ac9d92ce5d34fcbacfb9-0068e3e971" "proxy-server 20" 0.0021 "-" 20 0
Oct 6 16:08:17 standalone proxy-server[132048]: 172.18.0.2 172.18.0.100 06/Oct/2025/16/08/17 GET /v1/AUTH_5ec2f863d8f54b06a96618816ae879f8/gnocchi.c3ac4e18-f733-425a-b601-e804e84c6f98%3Fformat%3Djson%26states%3Dlisting HTTP/1.0 200 - python-swiftclient-3.11.1 gAAAAABo4-kstErZ... - 2 - tx8ac9d92ce5d34fcbacfb9-0068e3e971 - 0.0183 - - 1759766897.789207220 1759766897.807483196 0
Oct 6 16:08:17 standalone object-server[129943]: 172.20.0.100 - - [06/Oct/2025:16:08:17 +0000] "GET /d1/390/AUTH_5ec2f863d8f54b06a96618816ae879f8/gnocchi.c3ac4e18-f733-425a-b601-e804e84c6f98/1759320000.0_mean_300.0_v3" 404 70 "GET http://172.18.0.2:8080/v1/AUTH_5ec2f863d8f54b06a96618816ae879f8/gnocchi.c3ac4e18-f733-425a-b601-e804e84c6f98/1759320000.0_mean_300.0_v3" "tx9f7b25921fd945b1afcea-0068e3e971" "proxy-server 20" 0.0004 "-" 20 0
Oct 6 16:08:17 standalone proxy-server[132048]: 172.18.0.2 172.18.0.100 06/Oct/2025/16/08/17 GET /v1/AUTH_5ec2f863d8f54b06a96618816ae879f8/gnocchi.c3ac4e18-f733-425a-b601-e804e84c6f98/1759320000.0_mean_300.0_v3 HTTP/1.0 404 - python-swiftclient-3.11.1 gAAAAABo4-kstErZ... - 70 - tx9f7b25921fd945b1afcea-0068e3e971 - 0.0061 - - 1759766897.812180519 1759766897.818249464 0
Oct 6 16:08:17 standalone container-server[129694]: 172.20.0.100 - - [06/Oct/2025:16:08:17 +0000] "PUT /d1/21/AUTH_5ec2f863d8f54b06a96618816ae879f8/gnocchi.c3ac4e18-f733-425a-b601-e804e84c6f98/1759320000.0_mean_300.0_v3" 201 - "PUT http://172.18.0.2:8080/d1/390/AUTH_5ec2f863d8f54b06a96618816ae879f8/gnocchi.c3ac4e18-f733-425a-b601-e804e84c6f98/1759320000.0_mean_300.0_v3" "tx183723d4c6714bf0977b7-0068e3e971" "object-server 21" 0.0009 "-" 20 0
Oct 6 16:08:17 standalone object-server[129947]: 172.20.0.100 - - [06/Oct/2025:16:08:17 +0000] "PUT /d1/390/AUTH_5ec2f863d8f54b06a96618816ae879f8/gnocchi.c3ac4e18-f733-425a-b601-e804e84c6f98/1759320000.0_mean_300.0_v3" 201 - "PUT http://172.18.0.2:8080/v1/AUTH_5ec2f863d8f54b06a96618816ae879f8/gnocchi.c3ac4e18-f733-425a-b601-e804e84c6f98/1759320000.0_mean_300.0_v3" "tx183723d4c6714bf0977b7-0068e3e971" "proxy-server 20" 0.0182 "-" 21 0
Oct 6 16:08:17 standalone proxy-server[132048]: 172.18.0.2 172.18.0.100 06/Oct/2025/16/08/17 PUT /v1/AUTH_5ec2f863d8f54b06a96618816ae879f8/gnocchi.c3ac4e18-f733-425a-b601-e804e84c6f98/1759320000.0_mean_300.0_v3 HTTP/1.0 201 - python-swiftclient-3.11.1 gAAAAABo4-kstErZ... 16 - - tx183723d4c6714bf0977b7-0068e3e971 - 0.0250 - - 1759766897.821596861 1759766897.846620083 0
Oct 6 16:08:17 standalone container-server[129709]: 172.20.0.100 - - [06/Oct/2025:16:08:17 +0000] "PUT /d1/21/AUTH_5ec2f863d8f54b06a96618816ae879f8/gnocchi.c3ac4e18-f733-425a-b601-e804e84c6f98/none_v3" 201 - "PUT http://172.18.0.2:8080/d1/645/AUTH_5ec2f863d8f54b06a96618816ae879f8/gnocchi.c3ac4e18-f733-425a-b601-e804e84c6f98/none_v3" "tx8cac8f7d1d73414c94c68-0068e3e971" "object-server 22" 0.0006 "-" 22 0
Oct 6 16:08:17 standalone object-server[129953]: 172.20.0.100 - - [06/Oct/2025:16:08:17 +0000] "PUT /d1/645/AUTH_5ec2f863d8f54b06a96618816ae879f8/gnocchi.c3ac4e18-f733-425a-b601-e804e84c6f98/none_v3" 201 - "PUT http://172.18.0.2:8080/v1/AUTH_5ec2f863d8f54b06a96618816ae879f8/gnocchi.c3ac4e18-f733-425a-b601-e804e84c6f98/none_v3" "tx8cac8f7d1d73414c94c68-0068e3e971" "proxy-server 20" 0.0100 "-" 22 0
Oct 6 16:08:17 standalone proxy-server[132048]: 172.18.0.2 172.18.0.100 06/Oct/2025/16/08/17 PUT /v1/AUTH_5ec2f863d8f54b06a96618816ae879f8/gnocchi.c3ac4e18-f733-425a-b601-e804e84c6f98/none_v3 HTTP/1.0 201 - python-swiftclient-3.11.1 gAAAAABo4-kstErZ... 22 - - tx8cac8f7d1d73414c94c68-0068e3e971 - 0.0159 - - 1759766897.849612236 1759766897.865515709 0
Oct 6 16:08:43 standalone container-server[129709]: 172.20.0.100 - - [06/Oct/2025:16:08:43 +0000] "HEAD /d1/206/AUTH_5ec2f863d8f54b06a96618816ae879f8/gnocchi.aefcd250-f13f-4090-81bb-fbd566c08772" 404 - "HEAD http://172.18.0.2:8080/v1/AUTH_5ec2f863d8f54b06a96618816ae879f8/gnocchi.aefcd250-f13f-4090-81bb-fbd566c08772?format=json&states=listing" "txca44450b3c8f43348b580-0068e3e98b" "proxy-server 20" 0.0007 "-" 22 0
Oct 6 16:08:43 standalone object-server[129953]: 172.20.0.100 - - [06/Oct/2025:16:08:43 +0000] "GET /d1/687/AUTH_5ec2f863d8f54b06a96618816ae879f8/gnocchi.aefcd250-f13f-4090-81bb-fbd566c08772/none_v3" 404 70 "GET http://172.18.0.2:8080/v1/AUTH_5ec2f863d8f54b06a96618816ae879f8/gnocchi.aefcd250-f13f-4090-81bb-fbd566c08772/none_v3" "txca44450b3c8f43348b580-0068e3e98b" "proxy-server 20" 0.0005 "-" 22 0
Oct 6 16:08:43 standalone proxy-server[132048]: 172.18.0.2 172.18.0.100 06/Oct/2025/16/08/43 GET /v1/AUTH_5ec2f863d8f54b06a96618816ae879f8/gnocchi.aefcd250-f13f-4090-81bb-fbd566c08772/none_v3 HTTP/1.0 404 - python-swiftclient-3.11.1 gAAAAABo4-kstErZ... - 70 - txca44450b3c8f43348b580-0068e3e98b - 0.0105 - - 1759766923.398756504 1759766923.409238338 0
Oct 6 16:08:43 standalone account-server[129636]: 172.20.0.100 - - [06/Oct/2025:16:08:43 +0000] "PUT /d1/908/AUTH_5ec2f863d8f54b06a96618816ae879f8/gnocchi.aefcd250-f13f-4090-81bb-fbd566c08772" 201 - "PUT http://172.20.0.100:6001/d1/206/AUTH_5ec2f863d8f54b06a96618816ae879f8/gnocchi.aefcd250-f13f-4090-81bb-fbd566c08772" "txb34d01d255e04faab7b73-0068e3e98b" "container-server 22" 0.0041 "-" 17 0
Oct 6 16:08:43 standalone container-server[129709]: 172.20.0.100 - - [06/Oct/2025:16:08:43 +0000] "PUT /d1/206/AUTH_5ec2f863d8f54b06a96618816ae879f8/gnocchi.aefcd250-f13f-4090-81bb-fbd566c08772" 201 - "PUT http://172.18.0.2:8080/v1/AUTH_5ec2f863d8f54b06a96618816ae879f8/gnocchi.aefcd250-f13f-4090-81bb-fbd566c08772" "txb34d01d255e04faab7b73-0068e3e98b" "proxy-server 20" 0.0131 "-" 22 0
Oct 6 16:08:43 standalone proxy-server[132048]: 172.18.0.2 172.18.0.100 06/Oct/2025/16/08/43 PUT /v1/AUTH_5ec2f863d8f54b06a96618816ae879f8/gnocchi.aefcd250-f13f-4090-81bb-fbd566c08772 HTTP/1.0 201 - python-swiftclient-3.11.1 gAAAAABo4-kstErZ... - - - txb34d01d255e04faab7b73-0068e3e98b - 0.0194 - - 1759766923.411700487 1759766923.431117535 0
Oct 6 16:08:43 standalone container-server[129700]: 172.20.0.100 - - [06/Oct/2025:16:08:43 +0000] "HEAD /d1/206/AUTH_5ec2f863d8f54b06a96618816ae879f8/gnocchi.aefcd250-f13f-4090-81bb-fbd566c08772" 204 - "HEAD http://172.18.0.2:8080/v1/AUTH_5ec2f863d8f54b06a96618816ae879f8/gnocchi.aefcd250-f13f-4090-81bb-fbd566c08772?format=json&states=listing" "tx2c165599de58444d80f9b-0068e3e98b" "proxy-server 20" 0.0011 "-" 21 0
Oct 6 16:08:43 standalone proxy-server[132048]: - - 06/Oct/2025/16/08/43 HEAD /v1/AUTH_5ec2f863d8f54b06a96618816ae879f8/gnocchi.aefcd250-f13f-4090-81bb-fbd566c08772%3Fformat%3Djson%26states%3Dlisting HTTP/1.0 204 - Swift - - - - tx2c165599de58444d80f9b-0068e3e98b - 0.0042 RL - 1759766923.437375069 1759766923.441580534 0
Oct 6 16:08:43 standalone container-server[129694]: 172.20.0.100 - - [06/Oct/2025:16:08:43 +0000] "GET /d1/206/AUTH_5ec2f863d8f54b06a96618816ae879f8/gnocchi.aefcd250-f13f-4090-81bb-fbd566c08772" 200 2 "GET http://172.18.0.2:8080/v1/AUTH_5ec2f863d8f54b06a96618816ae879f8/gnocchi.aefcd250-f13f-4090-81bb-fbd566c08772?format=json&states=listing" "tx2c165599de58444d80f9b-0068e3e98b" "proxy-server 20" 0.0038 "-" 20 0
Oct 6 16:08:43 standalone proxy-server[132048]: 172.18.0.2 172.18.0.100 06/Oct/2025/16/08/43 GET /v1/AUTH_5ec2f863d8f54b06a96618816ae879f8/gnocchi.aefcd250-f13f-4090-81bb-fbd566c08772%3Fformat%3Djson%26states%3Dlisting HTTP/1.0 200 - python-swiftclient-3.11.1 gAAAAABo4-kstErZ... - 2 - tx2c165599de58444d80f9b-0068e3e98b - 0.0158 - - 1759766923.436246872 1759766923.452039242 0
Oct 6 16:08:43 standalone object-server[129953]: 172.20.0.100 - - [06/Oct/2025:16:08:43 +0000] "GET /d1/142/AUTH_5ec2f863d8f54b06a96618816ae879f8/gnocchi.aefcd250-f13f-4090-81bb-fbd566c08772/1759320000.0_mean_300.0_v3" 404 70 "GET http://172.18.0.2:8080/v1/AUTH_5ec2f863d8f54b06a96618816ae879f8/gnocchi.aefcd250-f13f-4090-81bb-fbd566c08772/1759320000.0_mean_300.0_v3" "tx17caff1b6818414ea36bf-0068e3e98b" "proxy-server 20" 0.0004 "-" 22 0
Oct 6 16:08:43 standalone proxy-server[132048]: 172.18.0.2 172.18.0.100 06/Oct/2025/16/08/43 GET /v1/AUTH_5ec2f863d8f54b06a96618816ae879f8/gnocchi.aefcd250-f13f-4090-81bb-fbd566c08772/1759320000.0_mean_300.0_v3 HTTP/1.0 404 - python-swiftclient-3.11.1 gAAAAABo4-kstErZ... - 70 - tx17caff1b6818414ea36bf-0068e3e98b - 0.0107 - - 1759766923.455832243 1759766923.466495275 0
Oct 6 16:08:43 standalone container-server[129709]: 172.20.0.100 - - [06/Oct/2025:16:08:43 +0000] "PUT /d1/206/AUTH_5ec2f863d8f54b06a96618816ae879f8/gnocchi.aefcd250-f13f-4090-81bb-fbd566c08772/1759320000.0_mean_300.0_v3" 201 - "PUT http://172.18.0.2:8080/d1/142/AUTH_5ec2f863d8f54b06a96618816ae879f8/gnocchi.aefcd250-f13f-4090-81bb-fbd566c08772/1759320000.0_mean_300.0_v3" "tx306709dd416c406283109-0068e3e98b" "object-server 19" 0.0005 "-" 22 0
Oct 6 16:08:43 standalone object-server[129942]: 172.20.0.100 - - [06/Oct/2025:16:08:43 +0000] "PUT /d1/142/AUTH_5ec2f863d8f54b06a96618816ae879f8/gnocchi.aefcd250-f13f-4090-81bb-fbd566c08772/1759320000.0_mean_300.0_v3" 201 - "PUT http://172.18.0.2:8080/v1/AUTH_5ec2f863d8f54b06a96618816ae879f8/gnocchi.aefcd250-f13f-4090-81bb-fbd566c08772/1759320000.0_mean_300.0_v3" "tx306709dd416c406283109-0068e3e98b" "proxy-server 20" 0.0101 "-" 19 0
Oct 6 16:08:43 standalone proxy-server[132048]: 172.18.0.2 172.18.0.100 06/Oct/2025/16/08/43 PUT /v1/AUTH_5ec2f863d8f54b06a96618816ae879f8/gnocchi.aefcd250-f13f-4090-81bb-fbd566c08772/1759320000.0_mean_300.0_v3 HTTP/1.0 201 - python-swiftclient-3.11.1 gAAAAABo4-kstErZ... 16 - - tx306709dd416c406283109-0068e3e98b - 0.0171 - - 1759766923.469842196 1759766923.486978292 0
Oct 6 16:08:43 standalone container-server[129700]: 172.20.0.100 - - [06/Oct/2025:16:08:43 +0000] "PUT /d1/206/AUTH_5ec2f863d8f54b06a96618816ae879f8/gnocchi.aefcd250-f13f-4090-81bb-fbd566c08772/none_v3" 201 - "PUT http://172.18.0.2:8080/d1/687/AUTH_5ec2f863d8f54b06a96618816ae879f8/gnocchi.aefcd250-f13f-4090-81bb-fbd566c08772/none_v3" "tx4777fde39de341e9ac6de-0068e3e98b" "object-server 19" 0.0005 "-" 21 0
Oct 6 16:08:43 standalone object-server[129942]: 172.20.0.100 - - [06/Oct/2025:16:08:43 +0000] "PUT /d1/687/AUTH_5ec2f863d8f54b06a96618816ae879f8/gnocchi.aefcd250-f13f-4090-81bb-fbd566c08772/none_v3" 201 - "PUT http://172.18.0.2:8080/v1/AUTH_5ec2f863d8f54b06a96618816ae879f8/gnocchi.aefcd250-f13f-4090-81bb-fbd566c08772/none_v3" "tx4777fde39de341e9ac6de-0068e3e98b" "proxy-server 20" 0.0152 "-" 19 0
Oct 6 16:08:43 standalone proxy-server[132048]: 172.18.0.2 172.18.0.100 06/Oct/2025/16/08/43 PUT /v1/AUTH_5ec2f863d8f54b06a96618816ae879f8/gnocchi.aefcd250-f13f-4090-81bb-fbd566c08772/none_v3 HTTP/1.0 201 - python-swiftclient-3.11.1 gAAAAABo4-kstErZ... 22 - - tx4777fde39de341e9ac6de-0068e3e98b - 0.0233 - - 1759766923.490776539 1759766923.514079809 0
Oct 6 16:08:43 standalone object-server[129947]: 172.20.0.100 - - [06/Oct/2025:16:08:43 +0000] "GET /d1/676/AUTH_5ec2f863d8f54b06a96618816ae879f8/gnocchi.0acc584b-2a9b-4d25-8ed2-22e0a898ab24/none_v3" 200 22 "GET http://172.18.0.2:8080/v1/AUTH_5ec2f863d8f54b06a96618816ae879f8/gnocchi.0acc584b-2a9b-4d25-8ed2-22e0a898ab24/none_v3" "txda6ebaf47a18422b88d11-0068e3e98b" "proxy-server 20" 0.0007 "-" 21 0
Oct 6 16:08:43 standalone proxy-server[132048]: 172.18.0.2 172.18.0.100 06/Oct/2025/16/08/43 GET /v1/AUTH_5ec2f863d8f54b06a96618816ae879f8/gnocchi.0acc584b-2a9b-4d25-8ed2-22e0a898ab24/none_v3 HTTP/1.0 200 - python-swiftclient-3.11.1 gAAAAABo4-kstErZ... - 22 - txda6ebaf47a18422b88d11-0068e3e98b - 0.0061 - - 1759766923.534968615 1759766923.541045189 0
Oct 6 16:08:43 standalone container-server[129700]: 172.20.0.100 - - [06/Oct/2025:16:08:43 +0000] "GET /d1/843/AUTH_5ec2f863d8f54b06a96618816ae879f8/gnocchi.0acc584b-2a9b-4d25-8ed2-22e0a898ab24" 200 357 "GET http://172.18.0.2:8080/v1/AUTH_5ec2f863d8f54b06a96618816ae879f8/gnocchi.0acc584b-2a9b-4d25-8ed2-22e0a898ab24?format=json&states=listing" "txa9716104bb6c4edb88e3a-0068e3e98b" "proxy-server 20" 0.0152 "-" 21 0
Oct 6 16:08:43 standalone proxy-server[132048]: 172.18.0.2 172.18.0.100 06/Oct/2025/16/08/43 GET /v1/AUTH_5ec2f863d8f54b06a96618816ae879f8/gnocchi.0acc584b-2a9b-4d25-8ed2-22e0a898ab24%3Fformat%3Djson%26states%3Dlisting HTTP/1.0 200 - python-swiftclient-3.11.1 gAAAAABo4-kstErZ... - 357 - txa9716104bb6c4edb88e3a-0068e3e98b - 0.0207 - - 1759766923.544067621 1759766923.564800501 0
Oct 6 16:08:43 standalone container-server[129694]: 172.20.0.100 - - [06/Oct/2025:16:08:43 +0000] "GET /d1/843/AUTH_5ec2f863d8f54b06a96618816ae879f8/gnocchi.0acc584b-2a9b-4d25-8ed2-22e0a898ab24" 200 2 "GET http://172.18.0.2:8080/v1/AUTH_5ec2f863d8f54b06a96618816ae879f8/gnocchi.0acc584b-2a9b-4d25-8ed2-22e0a898ab24?format=json&marker=none_v3&states=listing" "tx4123b237b72042548c03f-0068e3e98b" "proxy-server 20" 0.0025 "-" 20 0
Oct 6 16:08:43 standalone proxy-server[132048]: 172.18.0.2 172.18.0.100 06/Oct/2025/16/08/43 GET /v1/AUTH_5ec2f863d8f54b06a96618816ae879f8/gnocchi.0acc584b-2a9b-4d25-8ed2-22e0a898ab24%3Fformat%3Djson%26marker%3Dnone_v3%26states%3Dlisting HTTP/1.0 200 - python-swiftclient-3.11.1 gAAAAABo4-kstErZ... - 2 - tx4123b237b72042548c03f-0068e3e98b - 0.0095 - - 1759766923.567404985 1759766923.576918602 0
Oct 6 16:08:43 standalone object-server[129942]: 172.20.0.100 - - [06/Oct/2025:16:08:43 +0000] "GET /d1/438/AUTH_5ec2f863d8f54b06a96618816ae879f8/gnocchi.0acc584b-2a9b-4d25-8ed2-22e0a898ab24/1759320000.0_mean_300.0_v3" 200 16 "GET http://172.18.0.2:8080/v1/AUTH_5ec2f863d8f54b06a96618816ae879f8/gnocchi.0acc584b-2a9b-4d25-8ed2-22e0a898ab24/1759320000.0_mean_300.0_v3" "txba4dcf93436144b8b9c98-0068e3e98b" "proxy-server 20" 0.0008 "-" 19 0
Oct 6 16:08:43 standalone proxy-server[132048]: 172.18.0.2 172.18.0.100 06/Oct/2025/16/08/43 GET /v1/AUTH_5ec2f863d8f54b06a96618816ae879f8/gnocchi.0acc584b-2a9b-4d25-8ed2-22e0a898ab24/1759320000.0_mean_300.0_v3 HTTP/1.0 200 - python-swiftclient-3.11.1 gAAAAABo4-kstErZ... - 16 - txba4dcf93436144b8b9c98-0068e3e98b - 0.0057 - - 1759766923.579773188 1759766923.585477114 0
Oct 6 16:08:43 standalone container-server[129710]: 172.20.0.100 - - [06/Oct/2025:16:08:43 +0000] "PUT /d1/843/AUTH_5ec2f863d8f54b06a96618816ae879f8/gnocchi.0acc584b-2a9b-4d25-8ed2-22e0a898ab24/1759320000.0_mean_300.0_v3" 201 - "PUT http://172.18.0.2:8080/d1/438/AUTH_5ec2f863d8f54b06a96618816ae879f8/gnocchi.0acc584b-2a9b-4d25-8ed2-22e0a898ab24/1759320000.0_mean_300.0_v3" "txa8e05bc7c2a34331907ae-0068e3e98b" "object-server 21" 0.0009 "-" 23 0
Oct 6 16:08:43 standalone object-server[129947]: 172.20.0.100 - - [06/Oct/2025:16:08:43 +0000] "PUT /d1/438/AUTH_5ec2f863d8f54b06a96618816ae879f8/gnocchi.0acc584b-2a9b-4d25-8ed2-22e0a898ab24/1759320000.0_mean_300.0_v3" 201 - "PUT http://172.18.0.2:8080/v1/AUTH_5ec2f863d8f54b06a96618816ae879f8/gnocchi.0acc584b-2a9b-4d25-8ed2-22e0a898ab24/1759320000.0_mean_300.0_v3" "txa8e05bc7c2a34331907ae-0068e3e98b" "proxy-server 20" 0.0120 "-" 21 0
Oct 6 16:08:43 standalone proxy-server[132048]: 172.18.0.2 172.18.0.100 06/Oct/2025/16/08/43 PUT /v1/AUTH_5ec2f863d8f54b06a96618816ae879f8/gnocchi.0acc584b-2a9b-4d25-8ed2-22e0a898ab24/1759320000.0_mean_300.0_v3 HTTP/1.0 201 - python-swiftclient-3.11.1 gAAAAABo4-kstErZ... 16 - - txa8e05bc7c2a34331907ae-0068e3e98b - 0.0171 - - 1759766923.588482141 1759766923.605533838 0
Oct 6 16:08:43 standalone container-server[129700]: 172.20.0.100 - - [06/Oct/2025:16:08:43 +0000] "PUT /d1/843/AUTH_5ec2f863d8f54b06a96618816ae879f8/gnocchi.0acc584b-2a9b-4d25-8ed2-22e0a898ab24/none_v3" 201 - "PUT http://172.18.0.2:8080/d1/676/AUTH_5ec2f863d8f54b06a96618816ae879f8/gnocchi.0acc584b-2a9b-4d25-8ed2-22e0a898ab24/none_v3" "txde5b101d28c2428eb7a86-0068e3e98b" "object-server 20" 0.0006 "-" 21 0
Oct 6 16:08:43 standalone object-server[129943]: 172.20.0.100 - - [06/Oct/2025:16:08:43 +0000] "PUT /d1/676/AUTH_5ec2f863d8f54b06a96618816ae879f8/gnocchi.0acc584b-2a9b-4d25-8ed2-22e0a898ab24/none_v3" 201 - "PUT http://172.18.0.2:8080/v1/AUTH_5ec2f863d8f54b06a96618816ae879f8/gnocchi.0acc584b-2a9b-4d25-8ed2-22e0a898ab24/none_v3" "txde5b101d28c2428eb7a86-0068e3e98b" "proxy-server 20" 0.0118 "-" 20 0
Oct 6 16:08:43 standalone proxy-server[132048]: 172.18.0.2 172.18.0.100 06/Oct/2025/16/08/43 PUT /v1/AUTH_5ec2f863d8f54b06a96618816ae879f8/gnocchi.0acc584b-2a9b-4d25-8ed2-22e0a898ab24/none_v3 HTTP/1.0 201 - python-swiftclient-3.11.1 gAAAAABo4-kstErZ... 33 - - txde5b101d28c2428eb7a86-0068e3e98b - 0.0181 - - 1759766923.607854128 1759766923.625996828 0
Oct 6 16:08:43 standalone object-server[129953]: 172.20.0.100 - - [06/Oct/2025:16:08:43 +0000] "GET /d1/999/AUTH_5ec2f863d8f54b06a96618816ae879f8/gnocchi.66d4d445-95c3-4987-bdef-acb6a4efb846/none_v3" 200 22 "GET http://172.18.0.2:8080/v1/AUTH_5ec2f863d8f54b06a96618816ae879f8/gnocchi.66d4d445-95c3-4987-bdef-acb6a4efb846/none_v3" "tx4a178958de82486da93e9-0068e3e98b" "proxy-server 20" 0.0013 "-" 22 0
Oct 6 16:08:43 standalone proxy-server[132048]: 172.18.0.2 172.18.0.100 06/Oct/2025/16/08/43 GET /v1/AUTH_5ec2f863d8f54b06a96618816ae879f8/gnocchi.66d4d445-95c3-4987-bdef-acb6a4efb846/none_v3 HTTP/1.0 200 - python-swiftclient-3.11.1 gAAAAABo4-kstErZ... - 22 - tx4a178958de82486da93e9-0068e3e98b - 0.0080 - - 1759766923.635827780 1759766923.643838406 0
Oct 6 16:08:43 standalone container-server[129700]: 172.20.0.100 - - [06/Oct/2025:16:08:43 +0000] "GET /d1/365/AUTH_5ec2f863d8f54b06a96618816ae879f8/gnocchi.66d4d445-95c3-4987-bdef-acb6a4efb846" 200 357 "GET http://172.18.0.2:8080/v1/AUTH_5ec2f863d8f54b06a96618816ae879f8/gnocchi.66d4d445-95c3-4987-bdef-acb6a4efb846?format=json&states=listing" "txf1ae6e4932044e8092f91-0068e3e98b" "proxy-server 20" 0.0091 "-" 21 0
Oct 6 16:08:43 standalone proxy-server[132048]: 172.18.0.2 172.18.0.100 06/Oct/2025/16/08/43 GET /v1/AUTH_5ec2f863d8f54b06a96618816ae879f8/gnocchi.66d4d445-95c3-4987-bdef-acb6a4efb846%3Fformat%3Djson%26states%3Dlisting HTTP/1.0 200 - python-swiftclient-3.11.1 gAAAAABo4-kstErZ... - 357 - txf1ae6e4932044e8092f91-0068e3e98b - 0.0249 - - 1759766923.647159338 1759766923.672026396 0
Oct 6 16:08:43 standalone container-server[129709]: 172.20.0.100 - - [06/Oct/2025:16:08:43 +0000] "GET /d1/365/AUTH_5ec2f863d8f54b06a96618816ae879f8/gnocchi.66d4d445-95c3-4987-bdef-acb6a4efb846" 200 2 "GET http://172.18.0.2:8080/v1/AUTH_5ec2f863d8f54b06a96618816ae879f8/gnocchi.66d4d445-95c3-4987-bdef-acb6a4efb846?format=json&marker=none_v3&states=listing" "tx3a0bb82b8c524285ad9c5-0068e3e98b" "proxy-server 20" 0.0029 "-" 22 0
Oct 6 16:08:43 standalone proxy-server[132048]: 172.18.0.2 172.18.0.100 06/Oct/2025/16/08/43 GET /v1/AUTH_5ec2f863d8f54b06a96618816ae879f8/gnocchi.66d4d445-95c3-4987-bdef-acb6a4efb846%3Fformat%3Djson%26marker%3Dnone_v3%26states%3Dlisting HTTP/1.0 200 - python-swiftclient-3.11.1 gAAAAABo4-kstErZ... - 2 - tx3a0bb82b8c524285ad9c5-0068e3e98b - 0.0380 - - 1759766923.675633669 1759766923.713680983 0
Oct 6 16:08:43 standalone object-server[129943]: 172.20.0.100 - - [06/Oct/2025:16:08:43 +0000] "GET /d1/367/AUTH_5ec2f863d8f54b06a96618816ae879f8/gnocchi.66d4d445-95c3-4987-bdef-acb6a4efb846/1759320000.0_mean_300.0_v3" 200 16 "GET http://172.18.0.2:8080/v1/AUTH_5ec2f863d8f54b06a96618816ae879f8/gnocchi.66d4d445-95c3-4987-bdef-acb6a4efb846/1759320000.0_mean_300.0_v3" "tx8acd2d37b5844ffe87805-0068e3e98b" "proxy-server 20" 0.0010 "-" 20 0
Oct 6 16:08:43 standalone proxy-server[132048]: 172.18.0.2 172.18.0.100 06/Oct/2025/16/08/43 GET /v1/AUTH_5ec2f863d8f54b06a96618816ae879f8/gnocchi.66d4d445-95c3-4987-bdef-acb6a4efb846/1759320000.0_mean_300.0_v3 HTTP/1.0 200 - python-swiftclient-3.11.1 gAAAAABo4-kstErZ... - 16 - tx8acd2d37b5844ffe87805-0068e3e98b - 0.0094 - - 1759766923.717075348 1759766923.726461649 0
Oct 6 16:08:43 standalone container-server[129710]: 172.20.0.100 - - [06/Oct/2025:16:08:43 +0000] "PUT /d1/365/AUTH_5ec2f863d8f54b06a96618816ae879f8/gnocchi.66d4d445-95c3-4987-bdef-acb6a4efb846/1759320000.0_mean_300.0_v3" 201 - "PUT http://172.18.0.2:8080/d1/367/AUTH_5ec2f863d8f54b06a96618816ae879f8/gnocchi.66d4d445-95c3-4987-bdef-acb6a4efb846/1759320000.0_mean_300.0_v3" "tx4ae4b93011f14b8c8578c-0068e3e98b" "object-server 21" 0.0005 "-" 23 0
Oct 6 16:08:43 standalone object-server[129947]: 172.20.0.100 - - [06/Oct/2025:16:08:43 +0000] "PUT /d1/367/AUTH_5ec2f863d8f54b06a96618816ae879f8/gnocchi.66d4d445-95c3-4987-bdef-acb6a4efb846/1759320000.0_mean_300.0_v3" 201 - "PUT http://172.18.0.2:8080/v1/AUTH_5ec2f863d8f54b06a96618816ae879f8/gnocchi.66d4d445-95c3-4987-bdef-acb6a4efb846/1759320000.0_mean_300.0_v3" "tx4ae4b93011f14b8c8578c-0068e3e98b" "proxy-server 20" 0.0081 "-" 21 0
Oct 6 16:08:43 standalone proxy-server[132048]: 172.18.0.2 172.18.0.100 06/Oct/2025/16/08/43 PUT /v1/AUTH_5ec2f863d8f54b06a96618816ae879f8/gnocchi.66d4d445-95c3-4987-bdef-acb6a4efb846/1759320000.0_mean_300.0_v3 HTTP/1.0 201 - python-swiftclient-3.11.1 gAAAAABo4-kstErZ... 16 - - tx4ae4b93011f14b8c8578c-0068e3e98b - 0.0174 - - 1759766923.729769230 1759766923.747130871 0
Oct 6 16:08:43 standalone container-server[129710]: 172.20.0.100 - - [06/Oct/2025:16:08:43 +0000] "PUT /d1/365/AUTH_5ec2f863d8f54b06a96618816ae879f8/gnocchi.66d4d445-95c3-4987-bdef-acb6a4efb846/none_v3" 201 - "PUT http://172.18.0.2:8080/d1/999/AUTH_5ec2f863d8f54b06a96618816ae879f8/gnocchi.66d4d445-95c3-4987-bdef-acb6a4efb846/none_v3" "tx2fd55a02aebf4fd49bb7b-0068e3e98b" "object-server 22" 0.0004 "-" 23 0
Oct 6 16:08:43 standalone object-server[129953]: 172.20.0.100 - - [06/Oct/2025:16:08:43 +0000] "PUT /d1/999/AUTH_5ec2f863d8f54b06a96618816ae879f8/gnocchi.66d4d445-95c3-4987-bdef-acb6a4efb846/none_v3" 201 - "PUT http://172.18.0.2:8080/v1/AUTH_5ec2f863d8f54b06a96618816ae879f8/gnocchi.66d4d445-95c3-4987-bdef-acb6a4efb846/none_v3" "tx2fd55a02aebf4fd49bb7b-0068e3e98b" "proxy-server 20" 0.0197 "-" 22 0
Oct 6 16:08:43 standalone proxy-server[132048]: 172.18.0.2 172.18.0.100 06/Oct/2025/16/08/43 PUT /v1/AUTH_5ec2f863d8f54b06a96618816ae879f8/gnocchi.66d4d445-95c3-4987-bdef-acb6a4efb846/none_v3 HTTP/1.0 201 - python-swiftclient-3.11.1 gAAAAABo4-kstErZ... 33 - - tx2fd55a02aebf4fd49bb7b-0068e3e98b - 0.0252 - - 1759766923.749973059 1759766923.775184155 0
Oct 6 16:08:48 standalone object-server[129943]: 172.20.0.100 - - [06/Oct/2025:16:08:48 +0000] "GET /d1/687/AUTH_5ec2f863d8f54b06a96618816ae879f8/gnocchi.aefcd250-f13f-4090-81bb-fbd566c08772/none_v3" 200 22 "GET http://172.18.0.2:8080/v1/AUTH_5ec2f863d8f54b06a96618816ae879f8/gnocchi.aefcd250-f13f-4090-81bb-fbd566c08772/none_v3" "tx48eb41dfd9e8469ebb0e3-0068e3e990" "proxy-server 20" 0.0007 "-" 20 0
Oct 6 16:08:48 standalone proxy-server[132048]: 172.18.0.2 172.18.0.100 06/Oct/2025/16/08/48 GET /v1/AUTH_5ec2f863d8f54b06a96618816ae879f8/gnocchi.aefcd250-f13f-4090-81bb-fbd566c08772/none_v3 HTTP/1.0 200 - python-swiftclient-3.11.1 gAAAAABo4-kstErZ... - 22 - tx48eb41dfd9e8469ebb0e3-0068e3e990 - 0.0067 - - 1759766928.035713434 1759766928.042453289 0
Oct 6 16:08:48 standalone container-server[129709]: 172.20.0.100 - - [06/Oct/2025:16:08:48 +0000] "GET /d1/206/AUTH_5ec2f863d8f54b06a96618816ae879f8/gnocchi.aefcd250-f13f-4090-81bb-fbd566c08772" 200 357 "GET http://172.18.0.2:8080/v1/AUTH_5ec2f863d8f54b06a96618816ae879f8/gnocchi.aefcd250-f13f-4090-81bb-fbd566c08772?format=json&states=listing" "tx7bce38de0a04449fa7d81-0068e3e990" "proxy-server 20" 0.0120 "-" 22 0
Oct 6 16:08:48 standalone proxy-server[132048]: 172.18.0.2 172.18.0.100 06/Oct/2025/16/08/48 GET /v1/AUTH_5ec2f863d8f54b06a96618816ae879f8/gnocchi.aefcd250-f13f-4090-81bb-fbd566c08772%3Fformat%3Djson%26states%3Dlisting HTTP/1.0 200 - python-swiftclient-3.11.1 gAAAAABo4-kstErZ... - 357 - tx7bce38de0a04449fa7d81-0068e3e990 - 0.0178 - - 1759766928.046247959 1759766928.064070463 0
Oct 6 16:08:48 standalone container-server[129700]: 172.20.0.100 - - [06/Oct/2025:16:08:48 +0000] "GET /d1/206/AUTH_5ec2f863d8f54b06a96618816ae879f8/gnocchi.aefcd250-f13f-4090-81bb-fbd566c08772" 200 2 "GET http://172.18.0.2:8080/v1/AUTH_5ec2f863d8f54b06a96618816ae879f8/gnocchi.aefcd250-f13f-4090-81bb-fbd566c08772?format=json&marker=none_v3&states=listing" "tx1bf73718dd2a4aef9029b-0068e3e990" "proxy-server 20" 0.0025 "-" 21 0
Oct 6 16:08:48 standalone proxy-server[132048]: 172.18.0.2 172.18.0.100 06/Oct/2025/16/08/48 GET /v1/AUTH_5ec2f863d8f54b06a96618816ae879f8/gnocchi.aefcd250-f13f-4090-81bb-fbd566c08772%3Fformat%3Djson%26marker%3Dnone_v3%26states%3Dlisting HTTP/1.0 200 - python-swiftclient-3.11.1 gAAAAABo4-kstErZ... - 2 - tx1bf73718dd2a4aef9029b-0068e3e990 - 0.0077 - - 1759766928.066448450 1759766928.074156284 0
Oct 6 16:08:48 standalone object-server[129942]: 172.20.0.100 - - [06/Oct/2025:16:08:48 +0000] "GET /d1/142/AUTH_5ec2f863d8f54b06a96618816ae879f8/gnocchi.aefcd250-f13f-4090-81bb-fbd566c08772/1759320000.0_mean_300.0_v3" 200 16 "GET http://172.18.0.2:8080/v1/AUTH_5ec2f863d8f54b06a96618816ae879f8/gnocchi.aefcd250-f13f-4090-81bb-fbd566c08772/1759320000.0_mean_300.0_v3" "tx3b42efb4a1be44e0b0f6e-0068e3e990" "proxy-server 20" 0.0008 "-" 19 0
Oct 6 16:08:48 standalone proxy-server[132048]: 172.18.0.2 172.18.0.100 06/Oct/2025/16/08/48 GET /v1/AUTH_5ec2f863d8f54b06a96618816ae879f8/gnocchi.aefcd250-f13f-4090-81bb-fbd566c08772/1759320000.0_mean_300.0_v3 HTTP/1.0 200 - python-swiftclient-3.11.1 gAAAAABo4-kstErZ... - 16 - tx3b42efb4a1be44e0b0f6e-0068e3e990 - 0.0065 - - 1759766928.077358246 1759766928.083816051 0
Oct 6 16:08:48 standalone container-server[129710]: 172.20.0.100 - - [06/Oct/2025:16:08:48 +0000] "PUT /d1/206/AUTH_5ec2f863d8f54b06a96618816ae879f8/gnocchi.aefcd250-f13f-4090-81bb-fbd566c08772/1759320000.0_mean_300.0_v3" 201 - "PUT http://172.18.0.2:8080/d1/142/AUTH_5ec2f863d8f54b06a96618816ae879f8/gnocchi.aefcd250-f13f-4090-81bb-fbd566c08772/1759320000.0_mean_300.0_v3" "tx1831b2718cc94896ac591-0068e3e990" "object-server 20" 0.0005 "-" 23 0
Oct 6 16:08:48 standalone object-server[129943]: 172.20.0.100 - - [06/Oct/2025:16:08:48 +0000] "PUT /d1/142/AUTH_5ec2f863d8f54b06a96618816ae879f8/gnocchi.aefcd250-f13f-4090-81bb-fbd566c08772/1759320000.0_mean_300.0_v3" 201 - "PUT http://172.18.0.2:8080/v1/AUTH_5ec2f863d8f54b06a96618816ae879f8/gnocchi.aefcd250-f13f-4090-81bb-fbd566c08772/1759320000.0_mean_300.0_v3" "tx1831b2718cc94896ac591-0068e3e990" "proxy-server 20" 0.0091 "-" 20 0
Oct 6 16:08:48 standalone proxy-server[132048]: 172.18.0.2 172.18.0.100 06/Oct/2025/16/08/48 PUT /v1/AUTH_5ec2f863d8f54b06a96618816ae879f8/gnocchi.aefcd250-f13f-4090-81bb-fbd566c08772/1759320000.0_mean_300.0_v3 HTTP/1.0 201 - python-swiftclient-3.11.1 gAAAAABo4-kstErZ... 16 - - tx1831b2718cc94896ac591-0068e3e990 - 0.0140 - - 1759766928.086201668 1759766928.100229025 0
Oct 6 16:08:48 standalone container-server[129710]: 172.20.0.100 - - [06/Oct/2025:16:08:48 +0000] "PUT /d1/206/AUTH_5ec2f863d8f54b06a96618816ae879f8/gnocchi.aefcd250-f13f-4090-81bb-fbd566c08772/none_v3" 201 - "PUT http://172.18.0.2:8080/d1/687/AUTH_5ec2f863d8f54b06a96618816ae879f8/gnocchi.aefcd250-f13f-4090-81bb-fbd566c08772/none_v3" "txfb841586e6dd420abc580-0068e3e990" "object-server 22" 0.0003 "-" 23 0
Oct 6 16:08:48 standalone object-server[129953]: 172.20.0.100 - - [06/Oct/2025:16:08:48 +0000] "PUT /d1/687/AUTH_5ec2f863d8f54b06a96618816ae879f8/gnocchi.aefcd250-f13f-4090-81bb-fbd566c08772/none_v3" 201 - "PUT http://172.18.0.2:8080/v1/AUTH_5ec2f863d8f54b06a96618816ae879f8/gnocchi.aefcd250-f13f-4090-81bb-fbd566c08772/none_v3" "txfb841586e6dd420abc580-0068e3e990" "proxy-server 20" 0.0068 "-" 22 0
Oct 6 16:08:48 standalone proxy-server[132048]: 172.18.0.2 172.18.0.100 06/Oct/2025/16/08/48 PUT /v1/AUTH_5ec2f863d8f54b06a96618816ae879f8/gnocchi.aefcd250-f13f-4090-81bb-fbd566c08772/none_v3 HTTP/1.0 201 - python-swiftclient-3.11.1 gAAAAABo4-kstErZ... 32 - - txfb841586e6dd420abc580-0068e3e990 - 0.0111 - - 1759766928.102592945 1759766928.113714933 0
Oct 6 16:08:50 standalone container-server[129704]: Begin container update sweep
Oct 6 16:08:50 standalone account-server[129636]: 172.20.0.100 - - [06/Oct/2025:16:08:50 +0000] "PUT /d1/908/AUTH_5ec2f863d8f54b06a96618816ae879f8/gnocchi.c3ac4e18-f733-425a-b601-e804e84c6f98" 201 - "-" "-" "container-updater 2" 0.0011 "-" 17 0
Oct 6 16:08:50 standalone account-server[129677]: 172.20.0.100 - - [06/Oct/2025:16:08:50 +0000] "PUT /d1/908/AUTH_5ec2f863d8f54b06a96618816ae879f8/gnocchi.aefcd250-f13f-4090-81bb-fbd566c08772" 201 - "-" "-" "container-updater 2" 0.0008 "-" 23 0
Oct 6 16:08:50 standalone account-server[129659]: 172.20.0.100 - - [06/Oct/2025:16:08:50 +0000] "PUT /d1/908/AUTH_5ec2f863d8f54b06a96618816ae879f8/gnocchi.6e0da197-e1d6-4c01-8df2-0b8143004366" 201 - "-" "-" "container-updater 2" 0.0005 "-" 21 0
Oct 6 16:08:50 standalone account-server[129647]: 172.20.0.100 - - [06/Oct/2025:16:08:50 +0000] "PUT /d1/908/AUTH_5ec2f863d8f54b06a96618816ae879f8/gnocchi.0acc584b-2a9b-4d25-8ed2-22e0a898ab24" 201 - "-" "-" "container-updater 2" 0.0006 "-" 19 0
Oct 6 16:08:50 standalone account-server[129636]: 172.20.0.100 - - [06/Oct/2025:16:08:50 +0000] "PUT /d1/908/AUTH_5ec2f863d8f54b06a96618816ae879f8/gnocchi.1565acf5-9b20-480b-a201-b94c98c85f8f" 201 - "-" "-" "container-updater 2" 0.0006 "-" 17 0
Oct 6 16:08:51 standalone account-server[129677]: 172.20.0.100 - - [06/Oct/2025:16:08:51 +0000] "PUT /d1/908/AUTH_5ec2f863d8f54b06a96618816ae879f8/gnocchi.d1f0000f-03f4-4b2f-b680-11113f7b0493" 201 - "-" "-" "container-updater 2" 0.0009 "-" 23 0
Oct 6 16:08:51 standalone account-server[129647]: 172.20.0.100 - - [06/Oct/2025:16:08:51 +0000] "PUT /d1/908/AUTH_5ec2f863d8f54b06a96618816ae879f8/gnocchi.66d4d445-95c3-4987-bdef-acb6a4efb846" 201 - "-" "-" "container-updater 2" 0.0006 "-" 19 0
Oct 6 16:08:51 standalone account-server[129677]: 172.20.0.100 - - [06/Oct/2025:16:08:51 +0000] "PUT /d1/908/AUTH_5ec2f863d8f54b06a96618816ae879f8/gnocchi.beb3cce2-0720-4cd8-afd7-37286da61fec" 201 - "-" "-" "container-updater 2" 0.0009 "-" 23 0
