Oct 6 16:09:26 standalone proxy-server[132048]: 172.18.0.2 172.18.0.100 06/Oct/2025/16/09/26 GET /v1/AUTH_5ec2f863d8f54b06a96618816ae879f8/gnocchi.88e63099-96f0-46aa-a8f4-dda9bfa94866%3Fformat%3Djson%26states%3Dlisting HTTP/1.0 200 - python-swiftclient-3.11.1 gAAAAABo4-kstErZ... - 2 - txe2f48134afe1429f874fe-0068e3e9b6 - 0.0174 - - 1759766966.607157469 1759766966.624516964 0
Oct 6 16:09:26 standalone object-server[129943]: 172.20.0.100 - - [06/Oct/2025:16:09:26 +0000] "GET /d1/945/AUTH_5ec2f863d8f54b06a96618816ae879f8/gnocchi.88e63099-96f0-46aa-a8f4-dda9bfa94866/1759320000.0_mean_300.0_v3" 404 70 "GET http://172.18.0.2:8080/v1/AUTH_5ec2f863d8f54b06a96618816ae879f8/gnocchi.88e63099-96f0-46aa-a8f4-dda9bfa94866/1759320000.0_mean_300.0_v3" "tx82a223d7275449b28f99c-0068e3e9b6" "proxy-server 20" 0.0004 "-" 20 0
Oct 6 16:09:26 standalone proxy-server[132048]: 172.18.0.2 172.18.0.100 06/Oct/2025/16/09/26 GET /v1/AUTH_5ec2f863d8f54b06a96618816ae879f8/gnocchi.88e63099-96f0-46aa-a8f4-dda9bfa94866/1759320000.0_mean_300.0_v3 HTTP/1.0 404 - python-swiftclient-3.11.1 gAAAAABo4-kstErZ... - 70 - tx82a223d7275449b28f99c-0068e3e9b6 - 0.0094 - - 1759766966.633814335 1759766966.643249512 0
Oct 6 16:09:26 standalone container-server[129700]: 172.20.0.100 - - [06/Oct/2025:16:09:26 +0000] "PUT /d1/495/AUTH_5ec2f863d8f54b06a96618816ae879f8/gnocchi.88e63099-96f0-46aa-a8f4-dda9bfa94866/1759320000.0_mean_300.0_v3" 201 - "PUT http://172.18.0.2:8080/d1/945/AUTH_5ec2f863d8f54b06a96618816ae879f8/gnocchi.88e63099-96f0-46aa-a8f4-dda9bfa94866/1759320000.0_mean_300.0_v3" "tx5ad4ee45f2f748b6b42a0-0068e3e9b6" "object-server 19" 0.0007 "-" 21 0
Oct 6 16:09:26 standalone object-server[129942]: 172.20.0.100 - - [06/Oct/2025:16:09:26 +0000] "PUT /d1/945/AUTH_5ec2f863d8f54b06a96618816ae879f8/gnocchi.88e63099-96f0-46aa-a8f4-dda9bfa94866/1759320000.0_mean_300.0_v3" 201 - "PUT http://172.18.0.2:8080/v1/AUTH_5ec2f863d8f54b06a96618816ae879f8/gnocchi.88e63099-96f0-46aa-a8f4-dda9bfa94866/1759320000.0_mean_300.0_v3" "tx5ad4ee45f2f748b6b42a0-0068e3e9b6" "proxy-server 20" 0.0160 "-" 19 0
Oct 6 16:09:26 standalone proxy-server[132048]: 172.18.0.2 172.18.0.100 06/Oct/2025/16/09/26 PUT /v1/AUTH_5ec2f863d8f54b06a96618816ae879f8/gnocchi.88e63099-96f0-46aa-a8f4-dda9bfa94866/1759320000.0_mean_300.0_v3 HTTP/1.0 201 - python-swiftclient-3.11.1 gAAAAABo4-kstErZ... 16 - - tx5ad4ee45f2f748b6b42a0-0068e3e9b6 - 0.0228 - - 1759766966.646426916 1759766966.669260025 0
Oct 6 16:09:26 standalone container-server[129709]: 172.20.0.100 - - [06/Oct/2025:16:09:26 +0000] "PUT /d1/495/AUTH_5ec2f863d8f54b06a96618816ae879f8/gnocchi.88e63099-96f0-46aa-a8f4-dda9bfa94866/none_v3" 201 - "PUT http://172.18.0.2:8080/d1/465/AUTH_5ec2f863d8f54b06a96618816ae879f8/gnocchi.88e63099-96f0-46aa-a8f4-dda9bfa94866/none_v3" "txc987662819674c7fb66c5-0068e3e9b6" "object-server 20" 0.0007 "-" 22 0
Oct 6 16:09:26 standalone object-server[129943]: 172.20.0.100 - - [06/Oct/2025:16:09:26 +0000] "PUT /d1/465/AUTH_5ec2f863d8f54b06a96618816ae879f8/gnocchi.88e63099-96f0-46aa-a8f4-dda9bfa94866/none_v3" 201 - "PUT http://172.18.0.2:8080/v1/AUTH_5ec2f863d8f54b06a96618816ae879f8/gnocchi.88e63099-96f0-46aa-a8f4-dda9bfa94866/none_v3" "txc987662819674c7fb66c5-0068e3e9b6" "proxy-server 20" 0.0175 "-" 20 0
Oct 6 16:09:26 standalone proxy-server[132048]: 172.18.0.2 172.18.0.100 06/Oct/2025/16/09/26 PUT /v1/AUTH_5ec2f863d8f54b06a96618816ae879f8/gnocchi.88e63099-96f0-46aa-a8f4-dda9bfa94866/none_v3 HTTP/1.0 201 - python-swiftclient-3.11.1 gAAAAABo4-kstErZ... 22 - - txc987662819674c7fb66c5-0068e3e9b6 - 0.0393 - - 1759766966.679481268 1759766966.718765020 0
Oct 6 16:09:26 standalone container-server[129709]: 172.20.0.100 - - [06/Oct/2025:16:09:26 +0000] "HEAD /d1/1007/AUTH_5ec2f863d8f54b06a96618816ae879f8/gnocchi.6dbb7013-1b7c-427d-97da-7aa11b1817aa" 404 - "HEAD http://172.18.0.2:8080/v1/AUTH_5ec2f863d8f54b06a96618816ae879f8/gnocchi.6dbb7013-1b7c-427d-97da-7aa11b1817aa?format=json&states=listing" "txb59602d28e374281b00b0-0068e3e9b6" "proxy-server 20" 0.0004 "-" 22 0
Oct 6 16:09:26 standalone object-server[129943]: 172.20.0.100 - - [06/Oct/2025:16:09:26 +0000] "GET /d1/806/AUTH_5ec2f863d8f54b06a96618816ae879f8/gnocchi.6dbb7013-1b7c-427d-97da-7aa11b1817aa/none_v3" 404 70 "GET http://172.18.0.2:8080/v1/AUTH_5ec2f863d8f54b06a96618816ae879f8/gnocchi.6dbb7013-1b7c-427d-97da-7aa11b1817aa/none_v3" "txb59602d28e374281b00b0-0068e3e9b6" "proxy-server 20" 0.0004 "-" 20 0
Oct 6 16:09:26 standalone proxy-server[132048]: 172.18.0.2 172.18.0.100 06/Oct/2025/16/09/26 GET /v1/AUTH_5ec2f863d8f54b06a96618816ae879f8/gnocchi.6dbb7013-1b7c-427d-97da-7aa11b1817aa/none_v3 HTTP/1.0 404 - python-swiftclient-3.11.1 gAAAAABo4-kstErZ... - 70 - txb59602d28e374281b00b0-0068e3e9b6 - 0.0110 - - 1759766966.744557619 1759766966.755508423 0
Oct 6 16:09:26 standalone account-server[129647]: 172.20.0.100 - - [06/Oct/2025:16:09:26 +0000] "PUT /d1/908/AUTH_5ec2f863d8f54b06a96618816ae879f8/gnocchi.6dbb7013-1b7c-427d-97da-7aa11b1817aa" 201 - "PUT http://172.20.0.100:6001/d1/1007/AUTH_5ec2f863d8f54b06a96618816ae879f8/gnocchi.6dbb7013-1b7c-427d-97da-7aa11b1817aa" "tx6d9762fb05fc4105b75cf-0068e3e9b6" "container-server 20" 0.0170 "-" 19 0
Oct 6 16:09:26 standalone container-server[129694]: 172.20.0.100 - - [06/Oct/2025:16:09:26 +0000] "PUT /d1/1007/AUTH_5ec2f863d8f54b06a96618816ae879f8/gnocchi.6dbb7013-1b7c-427d-97da-7aa11b1817aa" 201 - "PUT http://172.18.0.2:8080/v1/AUTH_5ec2f863d8f54b06a96618816ae879f8/gnocchi.6dbb7013-1b7c-427d-97da-7aa11b1817aa" "tx6d9762fb05fc4105b75cf-0068e3e9b6" "proxy-server 20" 0.0328 "-" 20 0
Oct 6 16:09:26 standalone proxy-server[132048]: 172.18.0.2 172.18.0.100 06/Oct/2025/16/09/26 PUT /v1/AUTH_5ec2f863d8f54b06a96618816ae879f8/gnocchi.6dbb7013-1b7c-427d-97da-7aa11b1817aa HTTP/1.0 201 - python-swiftclient-3.11.1 gAAAAABo4-kstErZ... - - - tx6d9762fb05fc4105b75cf-0068e3e9b6 - 0.0384 - - 1759766966.759017229 1759766966.797436476 0
Oct 6 16:09:26 standalone container-server[129710]: 172.20.0.100 - - [06/Oct/2025:16:09:26 +0000] "HEAD /d1/1007/AUTH_5ec2f863d8f54b06a96618816ae879f8/gnocchi.6dbb7013-1b7c-427d-97da-7aa11b1817aa" 204 - "HEAD http://172.18.0.2:8080/v1/AUTH_5ec2f863d8f54b06a96618816ae879f8/gnocchi.6dbb7013-1b7c-427d-97da-7aa11b1817aa?format=json&states=listing" "tx45fe1c5c0c5145b28b787-0068e3e9b6" "proxy-server 20" 0.0013 "-" 23 0
Oct 6 16:09:26 standalone proxy-server[132048]: - - 06/Oct/2025/16/09/26 HEAD /v1/AUTH_5ec2f863d8f54b06a96618816ae879f8/gnocchi.6dbb7013-1b7c-427d-97da-7aa11b1817aa%3Fformat%3Djson%26states%3Dlisting HTTP/1.0 204 - Swift - - - - tx45fe1c5c0c5145b28b787-0068e3e9b6 - 0.0053 RL - 1759766966.806883574 1759766966.812157393 0
Oct 6 16:09:26 standalone container-server[129709]: 172.20.0.100 - - [06/Oct/2025:16:09:26 +0000] "GET /d1/1007/AUTH_5ec2f863d8f54b06a96618816ae879f8/gnocchi.6dbb7013-1b7c-427d-97da-7aa11b1817aa" 200 2 "GET http://172.18.0.2:8080/v1/AUTH_5ec2f863d8f54b06a96618816ae879f8/gnocchi.6dbb7013-1b7c-427d-97da-7aa11b1817aa?format=json&states=listing" "tx45fe1c5c0c5145b28b787-0068e3e9b6" "proxy-server 20" 0.0024 "-" 22 0
Oct 6 16:09:26 standalone proxy-server[132048]: 172.18.0.2 172.18.0.100 06/Oct/2025/16/09/26 GET /v1/AUTH_5ec2f863d8f54b06a96618816ae879f8/gnocchi.6dbb7013-1b7c-427d-97da-7aa11b1817aa%3Fformat%3Djson%26states%3Dlisting HTTP/1.0 200 - python-swiftclient-3.11.1 gAAAAABo4-kstErZ... - 2 - tx45fe1c5c0c5145b28b787-0068e3e9b6 - 0.0157 - - 1759766966.805848360 1759766966.821513176 0
Oct 6 16:09:26 standalone object-server[129947]: 172.20.0.100 - - [06/Oct/2025:16:09:26 +0000] "GET /d1/694/AUTH_5ec2f863d8f54b06a96618816ae879f8/gnocchi.6dbb7013-1b7c-427d-97da-7aa11b1817aa/1759320000.0_mean_300.0_v3" 404 70 "GET http://172.18.0.2:8080/v1/AUTH_5ec2f863d8f54b06a96618816ae879f8/gnocchi.6dbb7013-1b7c-427d-97da-7aa11b1817aa/1759320000.0_mean_300.0_v3" "tx81b41665fb2a4a8ba60c9-0068e3e9b6" "proxy-server 20" 0.0004 "-" 21 0
Oct 6 16:09:26 standalone proxy-server[132048]: 172.18.0.2 172.18.0.100 06/Oct/2025/16/09/26 GET /v1/AUTH_5ec2f863d8f54b06a96618816ae879f8/gnocchi.6dbb7013-1b7c-427d-97da-7aa11b1817aa/1759320000.0_mean_300.0_v3 HTTP/1.0 404 - python-swiftclient-3.11.1 gAAAAABo4-kstErZ... - 70 - tx81b41665fb2a4a8ba60c9-0068e3e9b6 - 0.0090 - - 1759766966.827042103 1759766966.836069107 0
Oct 6 16:09:26 standalone container-server[129700]: 172.20.0.100 - - [06/Oct/2025:16:09:26 +0000] "PUT /d1/1007/AUTH_5ec2f863d8f54b06a96618816ae879f8/gnocchi.6dbb7013-1b7c-427d-97da-7aa11b1817aa/1759320000.0_mean_300.0_v3" 201 - "PUT http://172.18.0.2:8080/d1/694/AUTH_5ec2f863d8f54b06a96618816ae879f8/gnocchi.6dbb7013-1b7c-427d-97da-7aa11b1817aa/1759320000.0_mean_300.0_v3" "tx1f532157d89546519b38a-0068e3e9b6" "object-server 22" 0.0005 "-" 21 0
Oct 6 16:09:26 standalone object-server[129953]: 172.20.0.100 - - [06/Oct/2025:16:09:26 +0000] "PUT /d1/694/AUTH_5ec2f863d8f54b06a96618816ae879f8/gnocchi.6dbb7013-1b7c-427d-97da-7aa11b1817aa/1759320000.0_mean_300.0_v3" 201 - "PUT http://172.18.0.2:8080/v1/AUTH_5ec2f863d8f54b06a96618816ae879f8/gnocchi.6dbb7013-1b7c-427d-97da-7aa11b1817aa/1759320000.0_mean_300.0_v3" "tx1f532157d89546519b38a-0068e3e9b6" "proxy-server 20" 0.0106 "-" 22 0
Oct 6 16:09:26 standalone proxy-server[132048]: 172.18.0.2 172.18.0.100 06/Oct/2025/16/09/26 PUT /v1/AUTH_5ec2f863d8f54b06a96618816ae879f8/gnocchi.6dbb7013-1b7c-427d-97da-7aa11b1817aa/1759320000.0_mean_300.0_v3 HTTP/1.0 201 - python-swiftclient-3.11.1 gAAAAABo4-kstErZ... 16 - - tx1f532157d89546519b38a-0068e3e9b6 - 0.0158 - - 1759766966.839095116 1759766966.854882717 0
Oct 6 16:09:26 standalone container-server[129700]: 172.20.0.100 - - [06/Oct/2025:16:09:26 +0000] "PUT /d1/1007/AUTH_5ec2f863d8f54b06a96618816ae879f8/gnocchi.6dbb7013-1b7c-427d-97da-7aa11b1817aa/none_v3" 201 - "PUT http://172.18.0.2:8080/d1/806/AUTH_5ec2f863d8f54b06a96618816ae879f8/gnocchi.6dbb7013-1b7c-427d-97da-7aa11b1817aa/none_v3" "tx8a11811af9fa466eba5f8-0068e3e9b6" "object-server 22" 0.0003 "-" 21 0
Oct 6 16:09:26 standalone object-server[129953]: 172.20.0.100 - - [06/Oct/2025:16:09:26 +0000] "PUT /d1/806/AUTH_5ec2f863d8f54b06a96618816ae879f8/gnocchi.6dbb7013-1b7c-427d-97da-7aa11b1817aa/none_v3" 201 - "PUT http://172.18.0.2:8080/v1/AUTH_5ec2f863d8f54b06a96618816ae879f8/gnocchi.6dbb7013-1b7c-427d-97da-7aa11b1817aa/none_v3" "tx8a11811af9fa466eba5f8-0068e3e9b6" "proxy-server 20" 0.0072 "-" 22 0
Oct 6 16:09:26 standalone proxy-server[132048]: 172.18.0.2 172.18.0.100 06/Oct/2025/16/09/26 PUT /v1/AUTH_5ec2f863d8f54b06a96618816ae879f8/gnocchi.6dbb7013-1b7c-427d-97da-7aa11b1817aa/none_v3 HTTP/1.0 201 - python-swiftclient-3.11.1 gAAAAABo4-kstErZ... 22 - - tx8a11811af9fa466eba5f8-0068e3e9b6 - 0.0120 - - 1759766966.858164549 1759766966.870197058 0
Oct 6 16:09:26 standalone container-server[129700]: 172.20.0.100 - - [06/Oct/2025:16:09:26 +0000] "HEAD /d1/817/AUTH_5ec2f863d8f54b06a96618816ae879f8/gnocchi.7dcb22f1-97db-4d82-bad6-68658e10410d" 404 - "HEAD http://172.18.0.2:8080/v1/AUTH_5ec2f863d8f54b06a96618816ae879f8/gnocchi.7dcb22f1-97db-4d82-bad6-68658e10410d?format=json&states=listing" "tx1083b42d1ba9466da6413-0068e3e9b6" "proxy-server 20" 0.0002 "-" 21 0
Oct 6 16:09:26 standalone object-server[129943]: 172.20.0.100 - - [06/Oct/2025:16:09:26 +0000] "GET /d1/2/AUTH_5ec2f863d8f54b06a96618816ae879f8/gnocchi.7dcb22f1-97db-4d82-bad6-68658e10410d/none_v3" 404 70 "GET http://172.18.0.2:8080/v1/AUTH_5ec2f863d8f54b06a96618816ae879f8/gnocchi.7dcb22f1-97db-4d82-bad6-68658e10410d/none_v3" "tx1083b42d1ba9466da6413-0068e3e9b6" "proxy-server 20" 0.0003 "-" 20 0
Oct 6 16:09:26 standalone proxy-server[132048]: 172.18.0.2 172.18.0.100 06/Oct/2025/16/09/26 GET /v1/AUTH_5ec2f863d8f54b06a96618816ae879f8/gnocchi.7dcb22f1-97db-4d82-bad6-68658e10410d/none_v3 HTTP/1.0 404 - python-swiftclient-3.11.1 gAAAAABo4-kstErZ... - 70 - tx1083b42d1ba9466da6413-0068e3e9b6 - 0.0076 - - 1759766966.887503862 1759766966.895123959 0
Oct 6 16:09:26 standalone account-server[129636]: 172.20.0.100 - - [06/Oct/2025:16:09:26 +0000] "PUT /d1/908/AUTH_5ec2f863d8f54b06a96618816ae879f8/gnocchi.7dcb22f1-97db-4d82-bad6-68658e10410d" 201 - "PUT http://172.20.0.100:6001/d1/817/AUTH_5ec2f863d8f54b06a96618816ae879f8/gnocchi.7dcb22f1-97db-4d82-bad6-68658e10410d" "txf4668573c32c4a189231e-0068e3e9b6" "container-server 21" 0.0067 "-" 17 0
Oct 6 16:09:26 standalone container-server[129700]: 172.20.0.100 - - [06/Oct/2025:16:09:26 +0000] "PUT /d1/817/AUTH_5ec2f863d8f54b06a96618816ae879f8/gnocchi.7dcb22f1-97db-4d82-bad6-68658e10410d" 201 - "PUT http://172.18.0.2:8080/v1/AUTH_5ec2f863d8f54b06a96618816ae879f8/gnocchi.7dcb22f1-97db-4d82-bad6-68658e10410d" "txf4668573c32c4a189231e-0068e3e9b6" "proxy-server 20" 0.0158 "-" 21 0
Oct 6 16:09:26 standalone proxy-server[132048]: 172.18.0.2 172.18.0.100 06/Oct/2025/16/09/26 PUT /v1/AUTH_5ec2f863d8f54b06a96618816ae879f8/gnocchi.7dcb22f1-97db-4d82-bad6-68658e10410d HTTP/1.0 201 - python-swiftclient-3.11.1 gAAAAABo4-kstErZ... - - - txf4668573c32c4a189231e-0068e3e9b6 - 0.0196 - - 1759766966.898585558 1759766966.918222189 0
Oct 6 16:09:26 standalone container-server[129710]: 172.20.0.100 - - [06/Oct/2025:16:09:26 +0000] "HEAD /d1/817/AUTH_5ec2f863d8f54b06a96618816ae879f8/gnocchi.7dcb22f1-97db-4d82-bad6-68658e10410d" 204 - "HEAD http://172.18.0.2:8080/v1/AUTH_5ec2f863d8f54b06a96618816ae879f8/gnocchi.7dcb22f1-97db-4d82-bad6-68658e10410d?format=json&states=listing" "tx14333d61f07147b4aaa42-0068e3e9b6" "proxy-server 20" 0.0017 "-" 23 0
Oct 6 16:09:26 standalone proxy-server[132048]: - - 06/Oct/2025/16/09/26 HEAD /v1/AUTH_5ec2f863d8f54b06a96618816ae879f8/gnocchi.7dcb22f1-97db-4d82-bad6-68658e10410d%3Fformat%3Djson%26states%3Dlisting HTTP/1.0 204 - Swift - - - - tx14333d61f07147b4aaa42-0068e3e9b6 - 0.0053 RL - 1759766966.925333738 1759766966.930594444 0
Oct 6 16:09:26 standalone container-server[129710]: 172.20.0.100 - - [06/Oct/2025:16:09:26 +0000] "GET /d1/817/AUTH_5ec2f863d8f54b06a96618816ae879f8/gnocchi.7dcb22f1-97db-4d82-bad6-68658e10410d" 200 2 "GET http://172.18.0.2:8080/v1/AUTH_5ec2f863d8f54b06a96618816ae879f8/gnocchi.7dcb22f1-97db-4d82-bad6-68658e10410d?format=json&states=listing" "tx14333d61f07147b4aaa42-0068e3e9b6" "proxy-server 20" 0.0018 "-" 23 0
Oct 6 16:09:26 standalone proxy-server[132048]: 172.18.0.2 172.18.0.100 06/Oct/2025/16/09/26 GET /v1/AUTH_5ec2f863d8f54b06a96618816ae879f8/gnocchi.7dcb22f1-97db-4d82-bad6-68658e10410d%3Fformat%3Djson%26states%3Dlisting HTTP/1.0 200 - python-swiftclient-3.11.1 gAAAAABo4-kstErZ... - 2 - tx14333d61f07147b4aaa42-0068e3e9b6 - 0.0132 - - 1759766966.924464226 1759766966.937664747 0
Oct 6 16:09:26 standalone object-server[129943]: 172.20.0.100 - - [06/Oct/2025:16:09:26 +0000] "GET /d1/954/AUTH_5ec2f863d8f54b06a96618816ae879f8/gnocchi.7dcb22f1-97db-4d82-bad6-68658e10410d/1759320000.0_mean_300.0_v3" 404 70 "GET http://172.18.0.2:8080/v1/AUTH_5ec2f863d8f54b06a96618816ae879f8/gnocchi.7dcb22f1-97db-4d82-bad6-68658e10410d/1759320000.0_mean_300.0_v3" "txf1ab63c7213941e381e9f-0068e3e9b6" "proxy-server 20" 0.0006 "-" 20 0
Oct 6 16:09:26 standalone proxy-server[132048]: 172.18.0.2 172.18.0.100 06/Oct/2025/16/09/26 GET /v1/AUTH_5ec2f863d8f54b06a96618816ae879f8/gnocchi.7dcb22f1-97db-4d82-bad6-68658e10410d/1759320000.0_mean_300.0_v3 HTTP/1.0 404 - python-swiftclient-3.11.1 gAAAAABo4-kstErZ... - 70 - txf1ab63c7213941e381e9f-0068e3e9b6 - 0.0072 - - 1759766966.945183039 1759766966.952339411 0
Oct 6 16:09:26 standalone container-server[129709]: 172.20.0.100 - - [06/Oct/2025:16:09:26 +0000] "PUT /d1/817/AUTH_5ec2f863d8f54b06a96618816ae879f8/gnocchi.7dcb22f1-97db-4d82-bad6-68658e10410d/1759320000.0_mean_300.0_v3" 201 - "PUT http://172.18.0.2:8080/d1/954/AUTH_5ec2f863d8f54b06a96618816ae879f8/gnocchi.7dcb22f1-97db-4d82-bad6-68658e10410d/1759320000.0_mean_300.0_v3" "txdce567e2310046a096438-0068e3e9b6" "object-server 20" 0.0008 "-" 22 0
Oct 6 16:09:26 standalone object-server[129943]: 172.20.0.100 - - [06/Oct/2025:16:09:26 +0000] "PUT /d1/954/AUTH_5ec2f863d8f54b06a96618816ae879f8/gnocchi.7dcb22f1-97db-4d82-bad6-68658e10410d/1759320000.0_mean_300.0_v3" 201 - "PUT http://172.18.0.2:8080/v1/AUTH_5ec2f863d8f54b06a96618816ae879f8/gnocchi.7dcb22f1-97db-4d82-bad6-68658e10410d/1759320000.0_mean_300.0_v3" "txdce567e2310046a096438-0068e3e9b6" "proxy-server 20" 0.0189 "-" 20 0
Oct 6 16:09:26 standalone proxy-server[132048]: 172.18.0.2 172.18.0.100 06/Oct/2025/16/09/26 PUT /v1/AUTH_5ec2f863d8f54b06a96618816ae879f8/gnocchi.7dcb22f1-97db-4d82-bad6-68658e10410d/1759320000.0_mean_300.0_v3 HTTP/1.0 201 - python-swiftclient-3.11.1 gAAAAABo4-kstErZ... 16 - - txdce567e2310046a096438-0068e3e9b6 - 0.0232 - - 1759766966.961077452 1759766966.984255314 0
Oct 6 16:09:27 standalone container-server[129694]: 172.20.0.100 - - [06/Oct/2025:16:09:27 +0000] "PUT /d1/817/AUTH_5ec2f863d8f54b06a96618816ae879f8/gnocchi.7dcb22f1-97db-4d82-bad6-68658e10410d/none_v3" 201 - "PUT http://172.18.0.2:8080/d1/2/AUTH_5ec2f863d8f54b06a96618816ae879f8/gnocchi.7dcb22f1-97db-4d82-bad6-68658e10410d/none_v3" "txda7abdb7a3384021a9c71-0068e3e9b6" "object-server 19" 0.0015 "-" 20 0
Oct 6 16:09:27 standalone object-server[129942]: 172.20.0.100 - - [06/Oct/2025:16:09:27 +0000] "PUT /d1/2/AUTH_5ec2f863d8f54b06a96618816ae879f8/gnocchi.7dcb22f1-97db-4d82-bad6-68658e10410d/none_v3" 201 - "PUT http://172.18.0.2:8080/v1/AUTH_5ec2f863d8f54b06a96618816ae879f8/gnocchi.7dcb22f1-97db-4d82-bad6-68658e10410d/none_v3" "txda7abdb7a3384021a9c71-0068e3e9b6" "proxy-server 20" 0.0126 "-" 19 0
Oct 6 16:09:27 standalone proxy-server[132048]: 172.18.0.2 172.18.0.100 06/Oct/2025/16/09/27 PUT /v1/AUTH_5ec2f863d8f54b06a96618816ae879f8/gnocchi.7dcb22f1-97db-4d82-bad6-68658e10410d/none_v3 HTTP/1.0 201 - python-swiftclient-3.11.1 gAAAAABo4-kstErZ... 22 - - txda7abdb7a3384021a9c71-0068e3e9b6 - 0.0180 - - 1759766966.988752604 1759766967.006714821 0
Oct 6 16:09:32 standalone container-server[129700]: 172.20.0.100 - - [06/Oct/2025:16:09:32 +0000] "HEAD /d1/71/AUTH_5ec2f863d8f54b06a96618816ae879f8/gnocchi.cee04e38-bf0c-4ae8-bcc4-297056027d7a" 404 - "HEAD http://172.18.0.2:8080/v1/AUTH_5ec2f863d8f54b06a96618816ae879f8/gnocchi.cee04e38-bf0c-4ae8-bcc4-297056027d7a?format=json&states=listing" "tx22ab07085799461bb6729-0068e3e9bc" "proxy-server 20" 0.0007 "-" 21 0
Oct 6 16:09:32 standalone object-server[129947]: 172.20.0.100 - - [06/Oct/2025:16:09:32 +0000] "GET /d1/842/AUTH_5ec2f863d8f54b06a96618816ae879f8/gnocchi.cee04e38-bf0c-4ae8-bcc4-297056027d7a/none_v3" 404 70 "GET http://172.18.0.2:8080/v1/AUTH_5ec2f863d8f54b06a96618816ae879f8/gnocchi.cee04e38-bf0c-4ae8-bcc4-297056027d7a/none_v3" "tx22ab07085799461bb6729-0068e3e9bc" "proxy-server 20" 0.0006 "-" 21 0
Oct 6 16:09:32 standalone proxy-server[132048]: 172.18.0.2 172.18.0.100 06/Oct/2025/16/09/32 GET /v1/AUTH_5ec2f863d8f54b06a96618816ae879f8/gnocchi.cee04e38-bf0c-4ae8-bcc4-297056027d7a/none_v3 HTTP/1.0 404 - python-swiftclient-3.11.1 gAAAAABo4-kstErZ... - 70 - tx22ab07085799461bb6729-0068e3e9bc - 0.0104 - - 1759766972.451664925 1759766972.462083340 0
Oct 6 16:09:32 standalone account-server[129677]: 172.20.0.100 - - [06/Oct/2025:16:09:32 +0000] "PUT /d1/908/AUTH_5ec2f863d8f54b06a96618816ae879f8/gnocchi.cee04e38-bf0c-4ae8-bcc4-297056027d7a" 201 - "PUT http://172.20.0.100:6001/d1/71/AUTH_5ec2f863d8f54b06a96618816ae879f8/gnocchi.cee04e38-bf0c-4ae8-bcc4-297056027d7a" "tx2df8ef0e8f0e49ca99f46-0068e3e9bc" "container-server 20" 0.0115 "-" 23 0
Oct 6 16:09:32 standalone container-server[129694]: 172.20.0.100 - - [06/Oct/2025:16:09:32 +0000] "PUT /d1/71/AUTH_5ec2f863d8f54b06a96618816ae879f8/gnocchi.cee04e38-bf0c-4ae8-bcc4-297056027d7a" 201 - "PUT http://172.18.0.2:8080/v1/AUTH_5ec2f863d8f54b06a96618816ae879f8/gnocchi.cee04e38-bf0c-4ae8-bcc4-297056027d7a" "tx2df8ef0e8f0e49ca99f46-0068e3e9bc" "proxy-server 20" 0.0277 "-" 20 0
Oct 6 16:09:32 standalone proxy-server[132048]: 172.18.0.2 172.18.0.100 06/Oct/2025/16/09/32 PUT /v1/AUTH_5ec2f863d8f54b06a96618816ae879f8/gnocchi.cee04e38-bf0c-4ae8-bcc4-297056027d7a HTTP/1.0 201 - python-swiftclient-3.11.1 gAAAAABo4-kstErZ... - - - tx2df8ef0e8f0e49ca99f46-0068e3e9bc - 0.0322 - - 1759766972.465704203 1759766972.497901917 0
Oct 6 16:09:32 standalone container-server[129709]: 172.20.0.100 - - [06/Oct/2025:16:09:32 +0000] "HEAD /d1/71/AUTH_5ec2f863d8f54b06a96618816ae879f8/gnocchi.cee04e38-bf0c-4ae8-bcc4-297056027d7a" 204 - "HEAD http://172.18.0.2:8080/v1/AUTH_5ec2f863d8f54b06a96618816ae879f8/gnocchi.cee04e38-bf0c-4ae8-bcc4-297056027d7a?format=json&states=listing" "tx37d26b96f63b4dfa9c44c-0068e3e9bc" "proxy-server 20" 0.0027 "-" 22 0
Oct 6 16:09:32 standalone proxy-server[132048]: - - 06/Oct/2025/16/09/32 HEAD /v1/AUTH_5ec2f863d8f54b06a96618816ae879f8/gnocchi.cee04e38-bf0c-4ae8-bcc4-297056027d7a%3Fformat%3Djson%26states%3Dlisting HTTP/1.0 204 - Swift - - - - tx37d26b96f63b4dfa9c44c-0068e3e9bc - 0.0090 RL - 1759766972.503375530 1759766972.512407541 0
Oct 6 16:09:32 standalone container-server[129700]: 172.20.0.100 - - [06/Oct/2025:16:09:32 +0000] "GET /d1/71/AUTH_5ec2f863d8f54b06a96618816ae879f8/gnocchi.cee04e38-bf0c-4ae8-bcc4-297056027d7a" 200 2 "GET http://172.18.0.2:8080/v1/AUTH_5ec2f863d8f54b06a96618816ae879f8/gnocchi.cee04e38-bf0c-4ae8-bcc4-297056027d7a?format=json&states=listing" "tx37d26b96f63b4dfa9c44c-0068e3e9bc" "proxy-server 20" 0.0034 "-" 21 0
Oct 6 16:09:32 standalone proxy-server[132048]: 172.18.0.2 172.18.0.100 06/Oct/2025/16/09/32 GET /v1/AUTH_5ec2f863d8f54b06a96618816ae879f8/gnocchi.cee04e38-bf0c-4ae8-bcc4-297056027d7a%3Fformat%3Djson%26states%3Dlisting HTTP/1.0 200 - python-swiftclient-3.11.1 gAAAAABo4-kstErZ... - 2 - tx37d26b96f63b4dfa9c44c-0068e3e9bc - 0.0189 - - 1759766972.501910448 1759766972.520791054 0
Oct 6 16:09:32 standalone object-server[129947]: 172.20.0.100 - - [06/Oct/2025:16:09:32 +0000] "GET /d1/16/AUTH_5ec2f863d8f54b06a96618816ae879f8/gnocchi.cee04e38-bf0c-4ae8-bcc4-297056027d7a/1759320000.0_mean_300.0_v3" 404 70 "GET http://172.18.0.2:8080/v1/AUTH_5ec2f863d8f54b06a96618816ae879f8/gnocchi.cee04e38-bf0c-4ae8-bcc4-297056027d7a/1759320000.0_mean_300.0_v3" "tx08eb9c7cafaa40d3aeb28-0068e3e9bc" "proxy-server 20" 0.0005 "-" 21 0
Oct 6 16:09:32 standalone proxy-server[132048]: 172.18.0.2 172.18.0.100 06/Oct/2025/16/09/32 GET /v1/AUTH_5ec2f863d8f54b06a96618816ae879f8/gnocchi.cee04e38-bf0c-4ae8-bcc4-297056027d7a/1759320000.0_mean_300.0_v3 HTTP/1.0 404 - python-swiftclient-3.11.1 gAAAAABo4-kstErZ... - 70 - tx08eb9c7cafaa40d3aeb28-0068e3e9bc - 0.0050 - - 1759766972.524899721 1759766972.529865980 0
Oct 6 16:09:32 standalone container-server[129694]: 172.20.0.100 - - [06/Oct/2025:16:09:32 +0000] "PUT /d1/71/AUTH_5ec2f863d8f54b06a96618816ae879f8/gnocchi.cee04e38-bf0c-4ae8-bcc4-297056027d7a/1759320000.0_mean_300.0_v3" 201 - "PUT http://172.18.0.2:8080/d1/16/AUTH_5ec2f863d8f54b06a96618816ae879f8/gnocchi.cee04e38-bf0c-4ae8-bcc4-297056027d7a/1759320000.0_mean_300.0_v3" "tx9f56df6e64a04b4db3f95-0068e3e9bc" "object-server 22" 0.0011 "-" 20 0
Oct 6 16:09:32 standalone object-server[129953]: 172.20.0.100 - - [06/Oct/2025:16:09:32 +0000] "PUT /d1/16/AUTH_5ec2f863d8f54b06a96618816ae879f8/gnocchi.cee04e38-bf0c-4ae8-bcc4-297056027d7a/1759320000.0_mean_300.0_v3" 201 - "PUT http://172.18.0.2:8080/v1/AUTH_5ec2f863d8f54b06a96618816ae879f8/gnocchi.cee04e38-bf0c-4ae8-bcc4-297056027d7a/1759320000.0_mean_300.0_v3" "tx9f56df6e64a04b4db3f95-0068e3e9bc" "proxy-server 20" 0.0098 "-" 22 0
Oct 6 16:09:32 standalone proxy-server[132048]: 172.18.0.2 172.18.0.100 06/Oct/2025/16/09/32 PUT /v1/AUTH_5ec2f863d8f54b06a96618816ae879f8/gnocchi.cee04e38-bf0c-4ae8-bcc4-297056027d7a/1759320000.0_mean_300.0_v3 HTTP/1.0 201 - python-swiftclient-3.11.1 gAAAAABo4-kstErZ... 16 - - tx9f56df6e64a04b4db3f95-0068e3e9bc - 0.0144 - - 1759766972.533560038 1759766972.547995090 0
Oct 6 16:09:32 standalone container-server[129694]: 172.20.0.100 - - [06/Oct/2025:16:09:32 +0000] "PUT /d1/71/AUTH_5ec2f863d8f54b06a96618816ae879f8/gnocchi.cee04e38-bf0c-4ae8-bcc4-297056027d7a/none_v3" 201 - "PUT http://172.18.0.2:8080/d1/842/AUTH_5ec2f863d8f54b06a96618816ae879f8/gnocchi.cee04e38-bf0c-4ae8-bcc4-297056027d7a/none_v3" "tx6457a724b3e24daeba346-0068e3e9bc" "object-server 21" 0.0010 "-" 20 0
Oct 6 16:09:32 standalone object-server[129947]: 172.20.0.100 - - [06/Oct/2025:16:09:32 +0000] "PUT /d1/842/AUTH_5ec2f863d8f54b06a96618816ae879f8/gnocchi.cee04e38-bf0c-4ae8-bcc4-297056027d7a/none_v3" 201 - "PUT http://172.18.0.2:8080/v1/AUTH_5ec2f863d8f54b06a96618816ae879f8/gnocchi.cee04e38-bf0c-4ae8-bcc4-297056027d7a/none_v3" "tx6457a724b3e24daeba346-0068e3e9bc" "proxy-server 20" 0.0110 "-" 21 0
Oct 6 16:09:32 standalone proxy-server[132048]: 172.18.0.2 172.18.0.100 06/Oct/2025/16/09/32 PUT /v1/AUTH_5ec2f863d8f54b06a96618816ae879f8/gnocchi.cee04e38-bf0c-4ae8-bcc4-297056027d7a/none_v3 HTTP/1.0 201 - python-swiftclient-3.11.1 gAAAAABo4-kstErZ... 22 - - tx6457a724b3e24daeba346-0068e3e9bc - 0.0156 - - 1759766972.551095009 1759766972.566737175 0
Oct 6 16:09:38 standalone object-server[129947]: 172.20.0.100 - - [06/Oct/2025:16:09:38 +0000] "GET /d1/842/AUTH_5ec2f863d8f54b06a96618816ae879f8/gnocchi.cee04e38-bf0c-4ae8-bcc4-297056027d7a/none_v3" 200 22 "GET http://172.18.0.2:8080/v1/AUTH_5ec2f863d8f54b06a96618816ae879f8/gnocchi.cee04e38-bf0c-4ae8-bcc4-297056027d7a/none_v3" "tx5294ddd3a5854cbfbbc24-0068e3e9c2" "proxy-server 20" 0.0014 "-" 21 0
Oct 6 16:09:38 standalone proxy-server[132048]: 172.18.0.2 172.18.0.100 06/Oct/2025/16/09/38 GET /v1/AUTH_5ec2f863d8f54b06a96618816ae879f8/gnocchi.cee04e38-bf0c-4ae8-bcc4-297056027d7a/none_v3 HTTP/1.0 200 - python-swiftclient-3.11.1 gAAAAABo4-kstErZ... - 22 - tx5294ddd3a5854cbfbbc24-0068e3e9c2 - 0.0081 - - 1759766978.218317509 1759766978.226433039 0
Oct 6 16:09:38 standalone container-server[129700]: 172.20.0.100 - - [06/Oct/2025:16:09:38 +0000] "GET /d1/71/AUTH_5ec2f863d8f54b06a96618816ae879f8/gnocchi.cee04e38-bf0c-4ae8-bcc4-297056027d7a" 200 357 "GET http://172.18.0.2:8080/v1/AUTH_5ec2f863d8f54b06a96618816ae879f8/gnocchi.cee04e38-bf0c-4ae8-bcc4-297056027d7a?format=json&states=listing" "tx15825538ef5846599f969-0068e3e9c2" "proxy-server 20" 0.0088 "-" 21 0
Oct 6 16:09:38 standalone proxy-server[132048]: 172.18.0.2 172.18.0.100 06/Oct/2025/16/09/38 GET /v1/AUTH_5ec2f863d8f54b06a96618816ae879f8/gnocchi.cee04e38-bf0c-4ae8-bcc4-297056027d7a%3Fformat%3Djson%26states%3Dlisting HTTP/1.0 200 - python-swiftclient-3.11.1 gAAAAABo4-kstErZ... - 357 - tx15825538ef5846599f969-0068e3e9c2 - 0.0186 - - 1759766978.229832888 1759766978.248410225 0
Oct 6 16:09:38 standalone container-server[129700]: 172.20.0.100 - - [06/Oct/2025:16:09:38 +0000] "GET /d1/71/AUTH_5ec2f863d8f54b06a96618816ae879f8/gnocchi.cee04e38-bf0c-4ae8-bcc4-297056027d7a" 200 2 "GET http://172.18.0.2:8080/v1/AUTH_5ec2f863d8f54b06a96618816ae879f8/gnocchi.cee04e38-bf0c-4ae8-bcc4-297056027d7a?format=json&marker=none_v3&states=listing" "txc0c0424ba0ed49b5a2a68-0068e3e9c2" "proxy-server 20" 0.0025 "-" 21 0
Oct 6 16:09:38 standalone proxy-server[132048]: 172.18.0.2 172.18.0.100 06/Oct/2025/16/09/38 GET /v1/AUTH_5ec2f863d8f54b06a96618816ae879f8/gnocchi.cee04e38-bf0c-4ae8-bcc4-297056027d7a%3Fformat%3Djson%26marker%3Dnone_v3%26states%3Dlisting HTTP/1.0 200 - python-swiftclient-3.11.1 gAAAAABo4-kstErZ... - 2 - txc0c0424ba0ed49b5a2a68-0068e3e9c2 - 0.0090 - - 1759766978.252102375 1759766978.261117220 0
Oct 6 16:09:38 standalone object-server[129942]: 172.20.0.100 - - [06/Oct/2025:16:09:38 +0000] "GET /d1/16/AUTH_5ec2f863d8f54b06a96618816ae879f8/gnocchi.cee04e38-bf0c-4ae8-bcc4-297056027d7a/1759320000.0_mean_300.0_v3" 200 16 "GET http://172.18.0.2:8080/v1/AUTH_5ec2f863d8f54b06a96618816ae879f8/gnocchi.cee04e38-bf0c-4ae8-bcc4-297056027d7a/1759320000.0_mean_300.0_v3" "tx16717364c4564f368403b-0068e3e9c2" "proxy-server 20" 0.0009 "-" 19 0
Oct 6 16:09:38 standalone proxy-server[132048]: 172.18.0.2 172.18.0.100 06/Oct/2025/16/09/38 GET /v1/AUTH_5ec2f863d8f54b06a96618816ae879f8/gnocchi.cee04e38-bf0c-4ae8-bcc4-297056027d7a/1759320000.0_mean_300.0_v3 HTTP/1.0 200 - python-swiftclient-3.11.1 gAAAAABo4-kstErZ... - 16 - tx16717364c4564f368403b-0068e3e9c2 - 0.0082 - - 1759766978.264524460 1759766978.272750616 0
Oct 6 16:09:38 standalone container-server[129710]: 172.20.0.100 - - [06/Oct/2025:16:09:38 +0000] "PUT /d1/71/AUTH_5ec2f863d8f54b06a96618816ae879f8/gnocchi.cee04e38-bf0c-4ae8-bcc4-297056027d7a/1759320000.0_mean_300.0_v3" 201 - "PUT http://172.18.0.2:8080/d1/16/AUTH_5ec2f863d8f54b06a96618816ae879f8/gnocchi.cee04e38-bf0c-4ae8-bcc4-297056027d7a/1759320000.0_mean_300.0_v3" "txc14403c2e54e4186a4f26-0068e3e9c2" "object-server 22" 0.0006 "-" 23 0
Oct 6 16:09:38 standalone object-server[129953]: 172.20.0.100 - - [06/Oct/2025:16:09:38 +0000] "PUT /d1/16/AUTH_5ec2f863d8f54b06a96618816ae879f8/gnocchi.cee04e38-bf0c-4ae8-bcc4-297056027d7a/1759320000.0_mean_300.0_v3" 201 - "PUT http://172.18.0.2:8080/v1/AUTH_5ec2f863d8f54b06a96618816ae879f8/gnocchi.cee04e38-bf0c-4ae8-bcc4-297056027d7a/1759320000.0_mean_300.0_v3" "txc14403c2e54e4186a4f26-0068e3e9c2" "proxy-server 20" 0.0111 "-" 22 0
Oct 6 16:09:38 standalone proxy-server[132048]: 172.18.0.2 172.18.0.100 06/Oct/2025/16/09/38 PUT /v1/AUTH_5ec2f863d8f54b06a96618816ae879f8/gnocchi.cee04e38-bf0c-4ae8-bcc4-297056027d7a/1759320000.0_mean_300.0_v3 HTTP/1.0 201 - python-swiftclient-3.11.1 gAAAAABo4-kstErZ... 16 - - txc14403c2e54e4186a4f26-0068e3e9c2 - 0.0199 - - 1759766978.276289463 1759766978.296232700 0
Oct 6 16:09:38 standalone container-server[129700]: 172.20.0.100 - - [06/Oct/2025:16:09:38 +0000] "PUT /d1/71/AUTH_5ec2f863d8f54b06a96618816ae879f8/gnocchi.cee04e38-bf0c-4ae8-bcc4-297056027d7a/none_v3" 201 - "PUT http://172.18.0.2:8080/d1/842/AUTH_5ec2f863d8f54b06a96618816ae879f8/gnocchi.cee04e38-bf0c-4ae8-bcc4-297056027d7a/none_v3" "txb4a32743d5034772a394a-0068e3e9c2" "object-server 21" 0.0005 "-" 21 0
Oct 6 16:09:38 standalone object-server[129947]: 172.20.0.100 - - [06/Oct/2025:16:09:38 +0000] "PUT /d1/842/AUTH_5ec2f863d8f54b06a96618816ae879f8/gnocchi.cee04e38-bf0c-4ae8-bcc4-297056027d7a/none_v3" 201 - "PUT http://172.18.0.2:8080/v1/AUTH_5ec2f863d8f54b06a96618816ae879f8/gnocchi.cee04e38-bf0c-4ae8-bcc4-297056027d7a/none_v3" "txb4a32743d5034772a394a-0068e3e9c2" "proxy-server 20" 0.0113 "-" 21 0
Oct 6 16:09:38 standalone proxy-server[132048]: 172.18.0.2 172.18.0.100 06/Oct/2025/16/09/38 PUT /v1/AUTH_5ec2f863d8f54b06a96618816ae879f8/gnocchi.cee04e38-bf0c-4ae8-bcc4-297056027d7a/none_v3 HTTP/1.0 201 - python-swiftclient-3.11.1 gAAAAABo4-kstErZ... 32 - - txb4a32743d5034772a394a-0068e3e9c2 - 0.0176 - - 1759766978.299022913 1759766978.316641092 0
Oct 6 16:09:45 standalone account-server[129659]: 172.20.0.100 - - [06/Oct/2025:16:09:45 +0000] "HEAD /d1/550/.expiring_objects" 404 - "HEAD http://localhost/v1/.expiring_objects?format=json" "txe5f97a2b7172418ab17ce-0068e3e9c9" "proxy-server 2" 0.0004 "-" 21 -
Oct 6 16:09:45 standalone object-expirer[129779]: Pass completed in 0s; 0 objects expired (txn: txe5f97a2b7172418ab17ce-0068e3e9c9)
Oct 6 16:09:55 standalone container-server[129709]: 172.20.0.100 - - [06/Oct/2025:16:09:55 +0000] "HEAD /d1/55/AUTH_5ec2f863d8f54b06a96618816ae879f8/gnocchi.5f446e7b-66a5-404e-8fdb-a286796a415d" 404 - "HEAD http://172.18.0.2:8080/v1/AUTH_5ec2f863d8f54b06a96618816ae879f8/gnocchi.5f446e7b-66a5-404e-8fdb-a286796a415d?format=json&states=listing" "tx9d97f3c5ad11490886210-0068e3e9d3" "proxy-server 20" 0.0005 "-" 22 0
Oct 6 16:09:55 standalone object-server[129953]: 172.20.0.100 - - [06/Oct/2025:16:09:55 +0000] "GET /d1/158/AUTH_5ec2f863d8f54b06a96618816ae879f8/gnocchi.5f446e7b-66a5-404e-8fdb-a286796a415d/none_v3" 404 70 "GET http://172.18.0.2:8080/v1/AUTH_5ec2f863d8f54b06a96618816ae879f8/gnocchi.5f446e7b-66a5-404e-8fdb-a286796a415d/none_v3" "tx9d97f3c5ad11490886210-0068e3e9d3" "proxy-server 20" 0.0005 "-" 22 0
Oct 6 16:09:55 standalone proxy-server[132048]: 172.18.0.2 172.18.0.100 06/Oct/2025/16/09/55 GET /v1/AUTH_5ec2f863d8f54b06a96618816ae879f8/gnocchi.5f446e7b-66a5-404e-8fdb-a286796a415d/none_v3 HTTP/1.0 404 - python-swiftclient-3.11.1 gAAAAABo4-kstErZ... - 70 - tx9d97f3c5ad11490886210-0068e3e9d3 - 0.0086 - - 1759766995.981712103 1759766995.990269661 0
Oct 6 16:09:56 standalone account-server[129647]: 172.20.0.100 - - [06/Oct/2025:16:09:56 +0000] "PUT /d1/908/AUTH_5ec2f863d8f54b06a96618816ae879f8/gnocchi.5f446e7b-66a5-404e-8fdb-a286796a415d" 201 - "PUT http://172.20.0.100:6001/d1/55/AUTH_5ec2f863d8f54b06a96618816ae879f8/gnocchi.5f446e7b-66a5-404e-8fdb-a286796a415d" "tx0a9d1617512d4506968d9-0068e3e9d3" "container-server 22" 0.0102 "-" 19 0
Oct 6 16:09:56 standalone container-server[129709]: 172.20.0.100 - - [06/Oct/2025:16:09:56 +0000] "PUT /d1/55/AUTH_5ec2f863d8f54b06a96618816ae879f8/gnocchi.5f446e7b-66a5-404e-8fdb-a286796a415d" 201 - "PUT http://172.18.0.2:8080/v1/AUTH_5ec2f863d8f54b06a96618816ae879f8/gnocchi.5f446e7b-66a5-404e-8fdb-a286796a415d" "tx0a9d1617512d4506968d9-0068e3e9d3" "proxy-server 20" 0.0187 "-" 22 0
Oct 6 16:09:56 standalone proxy-server[132048]: 172.18.0.2 172.18.0.100 06/Oct/2025/16/09/56 PUT /v1/AUTH_5ec2f863d8f54b06a96618816ae879f8/gnocchi.5f446e7b-66a5-404e-8fdb-a286796a415d HTTP/1.0 201 - python-swiftclient-3.11.1 gAAAAABo4-kstErZ... - - - tx0a9d1617512d4506968d9-0068e3e9d3 - 0.0227 - - 1759766995.992819309 1759766996.015471458 0
Oct 6 16:09:56 standalone container-server[129694]: 172.20.0.100 - - [06/Oct/2025:16:09:56 +0000] "HEAD /d1/55/AUTH_5ec2f863d8f54b06a96618816ae879f8/gnocchi.5f446e7b-66a5-404e-8fdb-a286796a415d" 204 - "HEAD http://172.18.0.2:8080/v1/AUTH_5ec2f863d8f54b06a96618816ae879f8/gnocchi.5f446e7b-66a5-404e-8fdb-a286796a415d?format=json&states=listing" "tx1bc0e3f71b4342578765b-0068e3e9d4" "proxy-server 20" 0.0017 "-" 20 0
Oct 6 16:09:56 standalone proxy-server[132048]: - - 06/Oct/2025/16/09/56 HEAD /v1/AUTH_5ec2f863d8f54b06a96618816ae879f8/gnocchi.5f446e7b-66a5-404e-8fdb-a286796a415d%3Fformat%3Djson%26states%3Dlisting HTTP/1.0 204 - Swift - - - - tx1bc0e3f71b4342578765b-0068e3e9d4 - 0.0124 RL - 1759766996.041196585 1759766996.053572655 0
Oct 6 16:09:56 standalone container-server[129710]: 172.20.0.100 - - [06/Oct/2025:16:09:56 +0000] "GET /d1/55/AUTH_5ec2f863d8f54b06a96618816ae879f8/gnocchi.5f446e7b-66a5-404e-8fdb-a286796a415d" 200 2 "GET http://172.18.0.2:8080/v1/AUTH_5ec2f863d8f54b06a96618816ae879f8/gnocchi.5f446e7b-66a5-404e-8fdb-a286796a415d?format=json&states=listing" "tx1bc0e3f71b4342578765b-0068e3e9d4" "proxy-server 20" 0.0028 "-" 23 0
Oct 6 16:09:56 standalone proxy-server[132048]: 172.18.0.2 172.18.0.100 06/Oct/2025/16/09/56 GET /v1/AUTH_5ec2f863d8f54b06a96618816ae879f8/gnocchi.5f446e7b-66a5-404e-8fdb-a286796a415d%3Fformat%3Djson%26states%3Dlisting HTTP/1.0 200 - python-swiftclient-3.11.1 gAAAAABo4-kstErZ... - 2 - tx1bc0e3f71b4342578765b-0068e3e9d4 - 0.0300 - - 1759766996.033500910 1759766996.063463926 0
Oct 6 16:09:56 standalone object-server[129947]: 172.20.0.100 - - [06/Oct/2025:16:09:56 +0000] "GET /d1/159/AUTH_5ec2f863d8f54b06a96618816ae879f8/gnocchi.5f446e7b-66a5-404e-8fdb-a286796a415d/1759320000.0_mean_300.0_v3" 404 70 "GET http://172.18.0.2:8080/v1/AUTH_5ec2f863d8f54b06a96618816ae879f8/gnocchi.5f446e7b-66a5-404e-8fdb-a286796a415d/1759320000.0_mean_300.0_v3" "tx800723979ed54620bdbed-0068e3e9d4" "proxy-server 20" 0.0003 "-" 21 0
Oct 6 16:09:56 standalone proxy-server[132048]: 172.18.0.2 172.18.0.100 06/Oct/2025/16/09/56 GET /v1/AUTH_5ec2f863d8f54b06a96618816ae879f8/gnocchi.5f446e7b-66a5-404e-8fdb-a286796a415d/1759320000.0_mean_300.0_v3 HTTP/1.0 404 - python-swiftclient-3.11.1 gAAAAABo4-kstErZ... - 70 - tx800723979ed54620bdbed-0068e3e9d4 - 0.0073 - - 1759766996.068730593 1759766996.076057673 0
Oct 6 16:09:56 standalone container-server[129709]: 172.20.0.100 - - [06/Oct/2025:16:09:56 +0000] "PUT /d1/55/AUTH_5ec2f863d8f54b06a96618816ae879f8/gnocchi.5f446e7b-66a5-404e-8fdb-a286796a415d/1759320000.0_mean_300.0_v3" 201 - "PUT http://172.18.0.2:8080/d1/159/AUTH_5ec2f863d8f54b06a96618816ae879f8/gnocchi.5f446e7b-66a5-404e-8fdb-a286796a415d/1759320000.0_mean_300.0_v3" "tx86c97bbed5d34b9f8053b-0068e3e9d4" "object-server 22" 0.0006 "-" 22 0
Oct 6 16:09:56 standalone object-server[129953]: 172.20.0.100 - - [06/Oct/2025:16:09:56 +0000] "PUT /d1/159/AUTH_5ec2f863d8f54b06a96618816ae879f8/gnocchi.5f446e7b-66a5-404e-8fdb-a286796a415d/1759320000.0_mean_300.0_v3" 201 - "PUT http://172.18.0.2:8080/v1/AUTH_5ec2f863d8f54b06a96618816ae879f8/gnocchi.5f446e7b-66a5-404e-8fdb-a286796a415d/1759320000.0_mean_300.0_v3" "tx86c97bbed5d34b9f8053b-0068e3e9d4" "proxy-server 20" 0.0145 "-" 22 0
Oct 6 16:09:56 standalone proxy-server[132048]: 172.18.0.2 172.18.0.100 06/Oct/2025/16/09/56 PUT /v1/AUTH_5ec2f863d8f54b06a96618816ae879f8/gnocchi.5f446e7b-66a5-404e-8fdb-a286796a415d/1759320000.0_mean_300.0_v3 HTTP/1.0 201 - python-swiftclient-3.11.1 gAAAAABo4-kstErZ... 16 - - tx86c97bbed5d34b9f8053b-0068e3e9d4 - 0.0240 - - 1759766996.081119537 1759766996.105098009 0
Oct 6 16:09:56 standalone container-server[129694]: 172.20.0.100 - - [06/Oct/2025:16:09:56 +0000] "PUT /d1/55/AUTH_5ec2f863d8f54b06a96618816ae879f8/gnocchi.5f446e7b-66a5-404e-8fdb-a286796a415d/none_v3" 201 - "PUT http://172.18.0.2:8080/d1/158/AUTH_5ec2f863d8f54b06a96618816ae879f8/gnocchi.5f446e7b-66a5-404e-8fdb-a286796a415d/none_v3" "txb505f9839286426893456-0068e3e9d4" "object-server 22" 0.0008 "-" 20 0
Oct 6 16:09:56 standalone object-server[129953]: 172.20.0.100 - - [06/Oct/2025:16:09:56 +0000] "PUT /d1/158/AUTH_5ec2f863d8f54b06a96618816ae879f8/gnocchi.5f446e7b-66a5-404e-8fdb-a286796a415d/none_v3" 201 - "PUT http://172.18.0.2:8080/v1/AUTH_5ec2f863d8f54b06a96618816ae879f8/gnocchi.5f446e7b-66a5-404e-8fdb-a286796a415d/none_v3" "txb505f9839286426893456-0068e3e9d4" "proxy-server 20" 0.0126 "-" 22 0
Oct 6 16:09:56 standalone proxy-server[132048]: 172.18.0.2 172.18.0.100 06/Oct/2025/16/09/56 PUT /v1/AUTH_5ec2f863d8f54b06a96618816ae879f8/gnocchi.5f446e7b-66a5-404e-8fdb-a286796a415d/none_v3 HTTP/1.0 201 - python-swiftclient-3.11.1 gAAAAABo4-kstErZ... 22 - - txb505f9839286426893456-0068e3e9d4 - 0.0236 - - 1759766996.116140842 1759766996.139774799 0
Oct 6 16:09:56 standalone container-server[129694]: 172.20.0.100 - - [06/Oct/2025:16:09:56 +0000] "HEAD /d1/70/AUTH_5ec2f863d8f54b06a96618816ae879f8/gnocchi.a7d9051a-9519-495f-bcff-ab89fdfc756e" 404 - "HEAD http://172.18.0.2:8080/v1/AUTH_5ec2f863d8f54b06a96618816ae879f8/gnocchi.a7d9051a-9519-495f-bcff-ab89fdfc756e?format=json&states=listing" "tx5d510fd73ea54ecebddb8-0068e3e9d4" "proxy-server 20" 0.0004 "-" 20 0
Oct 6 16:09:56 standalone object-server[129953]: 172.20.0.100 - - [06/Oct/2025:16:09:56 +0000] "GET /d1/355/AUTH_5ec2f863d8f54b06a96618816ae879f8/gnocchi.a7d9051a-9519-495f-bcff-ab89fdfc756e/none_v3" 404 70 "GET http://172.18.0.2:8080/v1/AUTH_5ec2f863d8f54b06a96618816ae879f8/gnocchi.a7d9051a-9519-495f-bcff-ab89fdfc756e/none_v3" "tx5d510fd73ea54ecebddb8-0068e3e9d4" "proxy-server 20" 0.0003 "-" 22 0
Oct 6 16:09:56 standalone proxy-server[132048]: 172.18.0.2 172.18.0.100 06/Oct/2025/16/09/56 GET /v1/AUTH_5ec2f863d8f54b06a96618816ae879f8/gnocchi.a7d9051a-9519-495f-bcff-ab89fdfc756e/none_v3 HTTP/1.0 404 - python-swiftclient-3.11.1 gAAAAABo4-kstErZ... - 70 - tx5d510fd73ea54ecebddb8-0068e3e9d4 - 0.0115 - - 1759766996.173911333 1759766996.185366154 0
Oct 6 16:09:56 standalone account-server[129636]: 172.20.0.100 - - [06/Oct/2025:16:09:56 +0000] "PUT /d1/908/AUTH_5ec2f863d8f54b06a96618816ae879f8/gnocchi.a7d9051a-9519-495f-bcff-ab89fdfc756e" 201 - "PUT http://172.20.0.100:6001/d1/70/AUTH_5ec2f863d8f54b06a96618816ae879f8/gnocchi.a7d9051a-9519-495f-bcff-ab89fdfc756e" "tx6284f9a868694fa4921b5-0068e3e9d4" "container-server 22" 0.0044 "-" 17 0
Oct 6 16:09:56 standalone container-server[129709]: 172.20.0.100 - - [06/Oct/2025:16:09:56 +0000] "PUT /d1/70/AUTH_5ec2f863d8f54b06a96618816ae879f8/gnocchi.a7d9051a-9519-495f-bcff-ab89fdfc756e" 201 - "PUT http://172.18.0.2:8080/v1/AUTH_5ec2f863d8f54b06a96618816ae879f8/gnocchi.a7d9051a-9519-495f-bcff-ab89fdfc756e" "tx6284f9a868694fa4921b5-0068e3e9d4" "proxy-server 20" 0.0144 "-" 22 0
Oct 6 16:09:56 standalone proxy-server[132048]: 172.18.0.2 172.18.0.100 06/Oct/2025/16/09/56 PUT /v1/AUTH_5ec2f863d8f54b06a96618816ae879f8/gnocchi.a7d9051a-9519-495f-bcff-ab89fdfc756e HTTP/1.0 201 - python-swiftclient-3.11.1 gAAAAABo4-kstErZ... - - - tx6284f9a868694fa4921b5-0068e3e9d4 - 0.0206 - - 1759766996.188329458 1759766996.208940506 0
Oct 6 16:09:56 standalone container-server[129694]: 172.20.0.100 - - [06/Oct/2025:16:09:56 +0000] "HEAD /d1/70/AUTH_5ec2f863d8f54b06a96618816ae879f8/gnocchi.a7d9051a-9519-495f-bcff-ab89fdfc756e" 204 - "HEAD http://172.18.0.2:8080/v1/AUTH_5ec2f863d8f54b06a96618816ae879f8/gnocchi.a7d9051a-9519-495f-bcff-ab89fdfc756e?format=json&states=listing" "txb81f79456bb8462d933ad-0068e3e9d4" "proxy-server 20" 0.0018 "-" 20 0
Oct 6 16:09:56 standalone proxy-server[132048]: - - 06/Oct/2025/16/09/56 HEAD /v1/AUTH_5ec2f863d8f54b06a96618816ae879f8/gnocchi.a7d9051a-9519-495f-bcff-ab89fdfc756e%3Fformat%3Djson%26states%3Dlisting HTTP/1.0 204 - Swift - - - - txb81f79456bb8462d933ad-0068e3e9d4 - 0.0054 RL - 1759766996.216357708 1759766996.221741199 0
Oct 6 16:09:56 standalone container-server[129700]: 172.20.0.100 - - [06/Oct/2025:16:09:56 +0000] "GET /d1/70/AUTH_5ec2f863d8f54b06a96618816ae879f8/gnocchi.a7d9051a-9519-495f-bcff-ab89fdfc756e" 200 2 "GET http://172.18.0.2:8080/v1/AUTH_5ec2f863d8f54b06a96618816ae879f8/gnocchi.a7d9051a-9519-495f-bcff-ab89fdfc756e?format=json&states=listing" "txb81f79456bb8462d933ad-0068e3e9d4" "proxy-server 20" 0.0026 "-" 21 0
Oct 6 16:09:56 standalone proxy-server[132048]: 172.18.0.2 172.18.0.100 06/Oct/2025/16/09/56 GET /v1/AUTH_5ec2f863d8f54b06a96618816ae879f8/gnocchi.a7d9051a-9519-495f-bcff-ab89fdfc756e%3Fformat%3Djson%26states%3Dlisting HTTP/1.0 200 - python-swiftclient-3.11.1 gAAAAABo4-kstErZ... - 2 - txb81f79456bb8462d933ad-0068e3e9d4 - 0.0179 - - 1759766996.214852810 1759766996.232741117 0
Oct 6 16:09:56 standalone object-server[129947]: 172.20.0.100 - - [06/Oct/2025:16:09:56 +0000] "GET /d1/71/AUTH_5ec2f863d8f54b06a96618816ae879f8/gnocchi.a7d9051a-9519-495f-bcff-ab89fdfc756e/1759320000.0_mean_300.0_v3" 404 70 "GET http://172.18.0.2:8080/v1/AUTH_5ec2f863d8f54b06a96618816ae879f8/gnocchi.a7d9051a-9519-495f-bcff-ab89fdfc756e/1759320000.0_mean_300.0_v3" "tx4f5d7a0996984f6ea2bf3-0068e3e9d4" "proxy-server 20" 0.0009 "-" 21 0
Oct 6 16:09:56 standalone proxy-server[132048]: 172.18.0.2 172.18.0.100 06/Oct/2025/16/09/56 GET /v1/AUTH_5ec2f863d8f54b06a96618816ae879f8/gnocchi.a7d9051a-9519-495f-bcff-ab89fdfc756e/1759320000.0_mean_300.0_v3 HTTP/1.0 404 - python-swiftclient-3.11.1 gAAAAABo4-kstErZ... - 70 - tx4f5d7a0996984f6ea2bf3-0068e3e9d4 - 0.0132 - - 1759766996.239871740 1759766996.253100395 0
Oct 6 16:09:56 standalone container-server[129694]: 172.20.0.100 - - [06/Oct/2025:16:09:56 +0000] "PUT /d1/70/AUTH_5ec2f863d8f54b06a96618816ae879f8/gnocchi.a7d9051a-9519-495f-bcff-ab89fdfc756e/1759320000.0_mean_300.0_v3" 201 - "PUT http://172.18.0.2:8080/d1/71/AUTH_5ec2f863d8f54b06a96618816ae879f8/gnocchi.a7d9051a-9519-495f-bcff-ab89fdfc756e/1759320000.0_mean_300.0_v3" "tx7a9e801b57d7474589945-0068e3e9d4" "object-server 21" 0.0006 "-" 20 0
Oct 6 16:09:56 standalone object-server[129947]: 172.20.0.100 - - [06/Oct/2025:16:09:56 +0000] "PUT /d1/71/AUTH_5ec2f863d8f54b06a96618816ae879f8/gnocchi.a7d9051a-9519-495f-bcff-ab89fdfc756e/1759320000.0_mean_300.0_v3" 201 - "PUT http://172.18.0.2:8080/v1/AUTH_5ec2f863d8f54b06a96618816ae879f8/gnocchi.a7d9051a-9519-495f-bcff-ab89fdfc756e/1759320000.0_mean_300.0_v3" "tx7a9e801b57d7474589945-0068e3e9d4" "proxy-server 20" 0.0126 "-" 21 0
Oct 6 16:09:56 standalone proxy-server[132048]: 172.18.0.2 172.18.0.100 06/Oct/2025/16/09/56 PUT /v1/AUTH_5ec2f863d8f54b06a96618816ae879f8/gnocchi.a7d9051a-9519-495f-bcff-ab89fdfc756e/1759320000.0_mean_300.0_v3 HTTP/1.0 201 - python-swiftclient-3.11.1 gAAAAABo4-kstErZ... 16 - - tx7a9e801b57d7474589945-0068e3e9d4 - 0.0284 - - 1759766996.257173061 1759766996.285533428 0
Oct 6 16:09:56 standalone container-server[129700]: 172.20.0.100 - - [06/Oct/2025:16:09:56 +0000] "PUT /d1/70/AUTH_5ec2f863d8f54b06a96618816ae879f8/gnocchi.a7d9051a-9519-495f-bcff-ab89fdfc756e/none_v3" 201 - "PUT http://172.18.0.2:8080/d1/355/AUTH_5ec2f863d8f54b06a96618816ae879f8/gnocchi.a7d9051a-9519-495f-bcff-ab89fdfc756e/none_v3" "txba1e9c74f9114101ab6e7-0068e3e9d4" "object-server 19" 0.0006 "-" 21 0
Oct 6 16:09:56 standalone object-server[129942]: 172.20.0.100 - - [06/Oct/2025:16:09:56 +0000] "PUT /d1/355/AUTH_5ec2f863d8f54b06a96618816ae879f8/gnocchi.a7d9051a-9519-495f-bcff-ab89fdfc756e/none_v3" 201 - "PUT http://172.18.0.2:8080/v1/AUTH_5ec2f863d8f54b06a96618816ae879f8/gnocchi.a7d9051a-9519-495f-bcff-ab89fdfc756e/none_v3" "txba1e9c74f9114101ab6e7-0068e3e9d4" "proxy-server 20" 0.0183 "-" 19 0
Oct 6 16:09:56 standalone proxy-server[132048]: 172.18.0.2 172.18.0.100 06/Oct/2025/16/09/56 PUT /v1/AUTH_5ec2f863d8f54b06a96618816ae879f8/gnocchi.a7d9051a-9519-495f-bcff-ab89fdfc756e/none_v3 HTTP/1.0 201 - python-swiftclient-3.11.1 gAAAAABo4-kstErZ... 22 - - txba1e9c74f9114101ab6e7-0068e3e9d4 - 0.0260 - - 1759766996.291949272 1759766996.317923784 0
Oct 6 16:09:56 standalone container-server[129709]: 172.20.0.100 - - [06/Oct/2025:16:09:56 +0000] "HEAD /d1/186/AUTH_5ec2f863d8f54b06a96618816ae879f8/gnocchi.b94d5fc7-41df-4be5-aed2-c26ee2fbc5f0" 404 - "HEAD http://172.18.0.2:8080/v1/AUTH_5ec2f863d8f54b06a96618816ae879f8/gnocchi.b94d5fc7-41df-4be5-aed2-c26ee2fbc5f0?format=json&states=listing" "txbf1b956e546f4f42a7664-0068e3e9d4" "proxy-server 20" 0.0006 "-" 22 0
Oct 6 16:09:56 standalone object-server[129943]: 172.20.0.100 - - [06/Oct/2025:16:09:56 +0000] "GET /d1/633/AUTH_5ec2f863d8f54b06a96618816ae879f8/gnocchi.b94d5fc7-41df-4be5-aed2-c26ee2fbc5f0/none_v3" 404 70 "GET http://172.18.0.2:8080/v1/AUTH_5ec2f863d8f54b06a96618816ae879f8/gnocchi.b94d5fc7-41df-4be5-aed2-c26ee2fbc5f0/none_v3" "txbf1b956e546f4f42a7664-0068e3e9d4" "proxy-server 20" 0.0003 "-" 20 0
Oct 6 16:09:56 standalone proxy-server[132048]: 172.18.0.2 172.18.0.100 06/Oct/2025/16/09/56 GET /v1/AUTH_5ec2f863d8f54b06a96618816ae879f8/gnocchi.b94d5fc7-41df-4be5-aed2-c26ee2fbc5f0/none_v3 HTTP/1.0 404 - python-swiftclient-3.11.1 gAAAAABo4-kstErZ... - 70 - txbf1b956e546f4f42a7664-0068e3e9d4 - 0.0138 - - 1759766996.333432674 1759766996.347230673 0
Oct 6 16:09:56 standalone account-server[129677]: 172.20.0.100 - - [06/Oct/2025:16:09:56 +0000] "PUT /d1/908/AUTH_5ec2f863d8f54b06a96618816ae879f8/gnocchi.b94d5fc7-41df-4be5-aed2-c26ee2fbc5f0" 201 - "PUT http://172.20.0.100:6001/d1/186/AUTH_5ec2f863d8f54b06a96618816ae879f8/gnocchi.b94d5fc7-41df-4be5-aed2-c26ee2fbc5f0" "tx367cbdbc18c5430994763-0068e3e9d4" "container-server 22" 0.0050 "-" 23 0
Oct 6 16:09:56 standalone container-server[129709]: 172.20.0.100 - - [06/Oct/2025:16:09:56 +0000] "PUT /d1/186/AUTH_5ec2f863d8f54b06a96618816ae879f8/gnocchi.b94d5fc7-41df-4be5-aed2-c26ee2fbc5f0" 201 - "PUT http://172.18.0.2:8080/v1/AUTH_5ec2f863d8f54b06a96618816ae879f8/gnocchi.b94d5fc7-41df-4be5-aed2-c26ee2fbc5f0" "tx367cbdbc18c5430994763-0068e3e9d4" "proxy-server 20" 0.0154 "-" 22 0
Oct 6 16:09:56 standalone proxy-server[132048]: 172.18.0.2 172.18.0.100 06/Oct/2025/16/09/56 PUT /v1/AUTH_5ec2f863d8f54b06a96618816ae879f8/gnocchi.b94d5fc7-41df-4be5-aed2-c26ee2fbc5f0 HTTP/1.0 201 - python-swiftclient-3.11.1 gAAAAABo4-kstErZ... - - - tx367cbdbc18c5430994763-0068e3e9d4 - 0.0227 - - 1759766996.350630283 1759766996.373330116 0
Oct 6 16:09:56 standalone container-server[129709]: 172.20.0.100 - - [06/Oct/2025:16:09:56 +0000] "HEAD /d1/186/AUTH_5ec2f863d8f54b06a96618816ae879f8/gnocchi.b94d5fc7-41df-4be5-aed2-c26ee2fbc5f0" 204 - "HEAD http://172.18.0.2:8080/v1/AUTH_5ec2f863d8f54b06a96618816ae879f8/gnocchi.b94d5fc7-41df-4be5-aed2-c26ee2fbc5f0?format=json&states=listing" "txf8f1276c25d84c8eb3bfd-0068e3e9d4" "proxy-server 20" 0.0012 "-" 22 0
Oct 6 16:09:56 standalone proxy-server[132048]: - - 06/Oct/2025/16/09/56 HEAD /v1/AUTH_5ec2f863d8f54b06a96618816ae879f8/gnocchi.b94d5fc7-41df-4be5-aed2-c26ee2fbc5f0%3Fformat%3Djson%26states%3Dlisting HTTP/1.0 204 - Swift - - - - txf8f1276c25d84c8eb3bfd-0068e3e9d4 - 0.0054 RL - 1759766996.377808094 1759766996.383209705 0
Oct 6 16:09:56 standalone container-server[129710]: 172.20.0.100 - - [06/Oct/2025:16:09:56 +0000] "GET /d1/186/AUTH_5ec2f863d8f54b06a96618816ae879f8/gnocchi.b94d5fc7-41df-4be5-aed2-c26ee2fbc5f0" 200 2 "GET http://172.18.0.2:8080/v1/AUTH_5ec2f863d8f54b06a96618816ae879f8/gnocchi.b94d5fc7-41df-4be5-aed2-c26ee2fbc5f0?format=json&states=listing" "txf8f1276c25d84c8eb3bfd-0068e3e9d4" "proxy-server 20" 0.0020 "-" 23 0
Oct 6 16:09:56 standalone proxy-server[132048]: 172.18.0.2 172.18.0.100 06/Oct/2025/16/09/56 GET /v1/AUTH_5ec2f863d8f54b06a96618816ae879f8/gnocchi.b94d5fc7-41df-4be5-aed2-c26ee2fbc5f0%3Fformat%3Djson%26states%3Dlisting HTTP/1.0 200 - python-swiftclient-3.11.1 gAAAAABo4-kstErZ... - 2 - txf8f1276c25d84c8eb3bfd-0068e3e9d4 - 0.0134 - - 1759766996.376977444 1759766996.390388489 0
Oct 6 16:09:56 standalone object-server[129953]: 172.20.0.100 - - [06/Oct/2025:16:09:56 +0000] "GET /d1/141/AUTH_5ec2f863d8f54b06a96618816ae879f8/gnocchi.b94d5fc7-41df-4be5-aed2-c26ee2fbc5f0/1759320000.0_mean_300.0_v3" 404 70 "GET http://172.18.0.2:8080/v1/AUTH_5ec2f863d8f54b06a96618816ae879f8/gnocchi.b94d5fc7-41df-4be5-aed2-c26ee2fbc5f0/1759320000.0_mean_300.0_v3" "tx8d57fb3a8a8541b79002b-0068e3e9d4" "proxy-server 20" 0.0003 "-" 22 0
Oct 6 16:09:56 standalone proxy-server[132048]: 172.18.0.2 172.18.0.100 06/Oct/2025/16/09/56 GET /v1/AUTH_5ec2f863d8f54b06a96618816ae879f8/gnocchi.b94d5fc7-41df-4be5-aed2-c26ee2fbc5f0/1759320000.0_mean_300.0_v3 HTTP/1.0 404 - python-swiftclient-3.11.1 gAAAAABo4-kstErZ... - 70 - tx8d57fb3a8a8541b79002b-0068e3e9d4 - 0.0053 - - 1759766996.393523932 1759766996.398808479 0
Oct 6 16:09:56 standalone container-server[129709]: 172.20.0.100 - - [06/Oct/2025:16:09:56 +0000] "PUT /d1/186/AUTH_5ec2f863d8f54b06a96618816ae879f8/gnocchi.b94d5fc7-41df-4be5-aed2-c26ee2fbc5f0/1759320000.0_mean_300.0_v3" 201 - "PUT http://172.18.0.2:8080/d1/141/AUTH_5ec2f863d8f54b06a96618816ae879f8/gnocchi.b94d5fc7-41df-4be5-aed2-c26ee2fbc5f0/1759320000.0_mean_300.0_v3" "tx8d6537c54093439d80ebc-0068e3e9d4" "object-server 22" 0.0007 "-" 22 0
