Oct 6 15:54:58 standalone account-server[129362]: Starting 2
Oct 6 15:54:58 standalone account-server[129432]: Started child 17 from parent 2
Oct 6 15:54:58 standalone account-server[129432]: Started child 19 from parent 2
Oct 6 15:54:58 standalone account-server[129432]: Started child 21 from parent 2
Oct 6 15:54:58 standalone account-server[129432]: Started child 23 from parent 2
Oct 6 15:54:58 standalone container-server[129459]: Option allow_versions is deprecated. Configure the versioned_writes middleware in the proxy-server instead. This option will be ignored in a future release.
Oct 6 15:54:58 standalone container-server[129694]: Option allow_versions is deprecated. Configure the versioned_writes middleware in the proxy-server instead. This option will be ignored in a future release.
Oct 6 15:54:58 standalone container-server[129459]: Started child 20 from parent 2
Oct 6 15:54:58 standalone container-server[129700]: Option allow_versions is deprecated. Configure the versioned_writes middleware in the proxy-server instead. This option will be ignored in a future release.
Oct 6 15:54:58 standalone container-server[129459]: Started child 21 from parent 2
Oct 6 15:54:58 standalone container-server[129709]: Option allow_versions is deprecated. Configure the versioned_writes middleware in the proxy-server instead. This option will be ignored in a future release.
Oct 6 15:54:58 standalone container-server[129459]: Started child 22 from parent 2
Oct 6 15:54:59 standalone container-server[129710]: Option allow_versions is deprecated. Configure the versioned_writes middleware in the proxy-server instead. This option will be ignored in a future release.
Oct 6 15:54:59 standalone container-server[129459]: Started child 23 from parent 2
Oct 6 15:54:59 standalone container-server[129704]: Starting 2
Oct 6 15:54:59 standalone object-expirer[129779]: Starting 2
Oct 6 15:54:59 standalone object-expirer[129779]: Option auto_create_account_prefix is deprecated. Configure auto_create_account_prefix under the swift-constraints section of swift.conf. This option will be ignored in a future release.
Oct 6 15:54:59 standalone object-server[129821]: Started child 19 from parent 2
Oct 6 15:54:59 standalone object-server[129821]: Started child 20 from parent 2
Oct 6 15:54:59 standalone object-server[129821]: Started child 21 from parent 2
Oct 6 15:54:59 standalone object-server[129821]: Started child 22 from parent 2
Oct 6 15:55:00 standalone object-server[129890]: Starting 2
Oct 6 15:55:07 standalone proxy-server[131917]: Starting Keystone auth_token middleware
Oct 6 15:55:07 standalone proxy-server[131917]: AuthToken middleware is set with keystone_authtoken.service_token_roles_required set to False. This is backwards compatible but deprecated behaviour. Please set this to True.
Oct 6 15:55:07 standalone proxy-server[132048]: Starting Keystone auth_token middleware
Oct 6 15:55:07 standalone proxy-server[132048]: STDERR: The option "bind_port" is not known to keystonemiddleware
Oct 6 15:55:07 standalone proxy-server[132048]: STDERR: The option "workers" is not known to keystonemiddleware
Oct 6 15:55:07 standalone proxy-server[132048]: STDERR: The option "user" is not known to keystonemiddleware
Oct 6 15:55:07 standalone proxy-server[132048]: STDERR: The option "bind_ip" is not known to keystonemiddleware
Oct 6 15:55:07 standalone proxy-server[132048]: STDERR: The option "log_name" is not known to keystonemiddleware
Oct 6 15:55:07 standalone proxy-server[132048]: STDERR: The option "log_facility" is not known to keystonemiddleware
Oct 6 15:55:07 standalone proxy-server[132048]: STDERR: The option "log_level" is not known to keystonemiddleware
Oct 6 15:55:07 standalone proxy-server[132048]: STDERR: The option "log_headers" is not known to keystonemiddleware
Oct 6 15:55:07 standalone proxy-server[132048]: STDERR: The option "log_address" is not known to keystonemiddleware
Oct 6 15:55:07 standalone proxy-server[132048]: STDERR: The option "project_name" is not known to keystonemiddleware
Oct 6 15:55:07 standalone proxy-server[132048]: STDERR: The option "username" is not known to keystonemiddleware
Oct 6 15:55:07 standalone proxy-server[132048]: STDERR: The option "password" is not known to keystonemiddleware
Oct 6 15:55:07 standalone proxy-server[132048]: STDERR: The option "auth_url" is not known to keystonemiddleware
Oct 6 15:55:07 standalone proxy-server[132048]: STDERR: The option "signing_dir" is not known to keystonemiddleware
Oct 6 15:55:07 standalone proxy-server[132048]: STDERR: The option "project_domain_id" is not known to keystonemiddleware
Oct 6 15:55:07 standalone proxy-server[132048]: STDERR: The option "user_domain_id" is not known to keystonemiddleware
Oct 6 15:55:07 standalone proxy-server[132048]: STDERR: The option "__name__" is not known to keystonemiddleware
Oct 6 15:55:07 standalone proxy-server[132048]: AuthToken middleware is set with keystone_authtoken.service_token_roles_required set to False. This is backwards compatible but deprecated behaviour. Please set this to True.
Oct 6 15:55:07 standalone proxy-server[131917]: Started child 20 from parent 2
Oct 6 15:57:17 standalone account-server[129659]: 172.20.0.100 - - [06/Oct/2025:15:57:17 +0000] "HEAD /d1/550/.expiring_objects" 404 - "HEAD http://localhost/v1/.expiring_objects?format=json" "tx021b750dae5a4527b4032-0068e3e6dd" "proxy-server 2" 0.0010 "-" 21 -
Oct 6 15:57:17 standalone object-expirer[129779]: Pass completed in 0s; 0 objects expired (txn: tx021b750dae5a4527b4032-0068e3e6dd)
Oct 6 15:58:07 standalone object-server[129890]: Begin object update sweep
Oct 6 15:58:07 standalone object-server[152670]: Object update sweep starting on /srv/node/d1 (pid: 11)
Oct 6 15:58:07 standalone object-server[152670]: Object update sweep completed on /srv/node/d1 in 0.00s seconds:, 0 successes, 0 failures, 0 quarantines, 0 unlinks, 0 errors, 0 redirects (pid: 11)
Oct 6 15:58:07 standalone object-server[152670]: Object update sweep of d1 completed: 0.00s, 0 successes, 0 failures, 0 quarantines, 0 unlinks, 0 errors, 0 redirects
Oct 6 15:58:07 standalone object-server[129890]: Object update sweep completed: 0.08s
Oct 6 15:58:50 standalone container-server[129704]: Begin container update sweep
Oct 6 15:58:50 standalone container-server[129704]: Container update sweep completed: 0.00s
Oct 6 15:59:08 standalone account-server[129647]: 172.20.0.100 - - [06/Oct/2025:15:59:08 +0000] "HEAD /d1/550/.expiring_objects" 404 - "HEAD http://localhost/v1/.expiring_objects?format=json" "txeb8bf73bd15e4e92a7824-0068e3e74c" "proxy-server 2" 0.0008 "-" 19 -
Oct 6 15:59:08 standalone object-expirer[129779]: Pass completed in 0s; 0 objects expired (txn: txeb8bf73bd15e4e92a7824-0068e3e74c)
Oct 6 16:00:30 standalone account-server[129659]: 172.20.0.100 - - [06/Oct/2025:16:00:30 +0000] "HEAD /d1/550/.expiring_objects" 404 - "HEAD http://localhost/v1/.expiring_objects?format=json" "tx92ffad4d647a4fbc877d4-0068e3e79e" "proxy-server 2" 0.0003 "-" 21 -
Oct 6 16:00:30 standalone object-expirer[129779]: Pass completed in 0s; 0 objects expired (txn: tx92ffad4d647a4fbc877d4-0068e3e79e)
Oct 6 16:02:09 standalone account-server[129677]: 172.20.0.100 - - [06/Oct/2025:16:02:09 +0000] "HEAD /d1/550/.expiring_objects" 404 - "HEAD http://localhost/v1/.expiring_objects?format=json" "txc535a868e13e42c986a03-0068e3e801" "proxy-server 2" 0.0017 "-" 23 -
Oct 6 16:02:09 standalone object-expirer[129779]: Pass completed in 0s; 0 objects expired (txn: txc535a868e13e42c986a03-0068e3e801)
Oct 6 16:03:03 standalone account-server[129659]: 172.20.0.100 - - [06/Oct/2025:16:03:03 +0000] "HEAD /d1/550/.expiring_objects" 404 - "HEAD http://localhost/v1/.expiring_objects?format=json" "tx87b039b70ec949f3aac0b-0068e3e837" "proxy-server 2" 0.0003 "-" 21 -
Oct 6 16:03:03 standalone object-expirer[129779]: Pass completed in 0s; 0 objects expired (txn: tx87b039b70ec949f3aac0b-0068e3e837)
Oct 6 16:03:07 standalone object-server[129890]: Begin object update sweep
Oct 6 16:03:07 standalone object-server[193271]: Object update sweep starting on /srv/node/d1 (pid: 13)
Oct 6 16:03:07 standalone object-server[193271]: Object update sweep completed on /srv/node/d1 in 0.00s seconds:, 0 successes, 0 failures, 0 quarantines, 0 unlinks, 0 errors, 0 redirects (pid: 13)
Oct 6 16:03:07 standalone object-server[193271]: Object update sweep of d1 completed: 0.00s, 0 successes, 0 failures, 0 quarantines, 0 unlinks, 0 errors, 0 redirects
Oct 6 16:03:07 standalone object-server[129890]: Object update sweep completed: 0.06s
Oct 6 16:03:43 standalone account-server[129636]: 172.20.0.100 - - [06/Oct/2025:16:03:43 +0000] "HEAD /d1/550/.expiring_objects" 404 - "HEAD http://localhost/v1/.expiring_objects?format=json" "tx50c70b330786497bbaeb4-0068e3e85f" "proxy-server 2" 0.0010 "-" 17 -
Oct 6 16:03:43 standalone object-expirer[129779]: Pass completed in 0s; 0 objects expired (txn: tx50c70b330786497bbaeb4-0068e3e85f)
Oct 6 16:03:50 standalone container-server[129704]: Begin container update sweep
Oct 6 16:03:50 standalone container-server[129704]: Container update sweep completed: 0.00s
Oct 6 16:05:34 standalone account-server[129677]: 172.20.0.100 - - [06/Oct/2025:16:05:34 +0000] "HEAD /d1/550/.expiring_objects" 404 - "HEAD http://localhost/v1/.expiring_objects?format=json" "tx5414d27b15c645f4937df-0068e3e8ce" "proxy-server 2" 0.0006 "-" 23 -
Oct 6 16:05:34 standalone object-expirer[129779]: Pass completed in 0s; 0 objects expired (txn: tx5414d27b15c645f4937df-0068e3e8ce)
Oct 6 16:07:08 standalone account-server[129647]: 172.20.0.100 - - [06/Oct/2025:16:07:08 +0000] "HEAD /d1/908/AUTH_5ec2f863d8f54b06a96618816ae879f8" 404 - "HEAD http://172.18.0.2:8080/v1/AUTH_5ec2f863d8f54b06a96618816ae879f8?format=json" "txd9656b0eb5bd452cb6f0c-0068e3e92c" "proxy-server 20" 0.0007 "-" 19 -
Oct 6 16:07:08 standalone proxy-server[132048]: - - 06/Oct/2025/16/07/08 HEAD /v1/AUTH_5ec2f863d8f54b06a96618816ae879f8%3Fformat%3Djson HTTP/1.0 200 - Swift - - - - txd9656b0eb5bd452cb6f0c-0068e3e92c - 0.0065 RL - 1759766828.912244320 1759766828.918730259 -
Oct 6 16:07:09 standalone object-server[129942]: 172.20.0.100 - - [06/Oct/2025:16:07:09 +0000] "GET /d1/470/AUTH_5ec2f863d8f54b06a96618816ae879f8/gnocchi.6e0da197-e1d6-4c01-8df2-0b8143004366/none_v3" 404 70 "GET http://172.18.0.2:8080/v1/AUTH_5ec2f863d8f54b06a96618816ae879f8/gnocchi.6e0da197-e1d6-4c01-8df2-0b8143004366/none_v3" "txd9656b0eb5bd452cb6f0c-0068e3e92c" "proxy-server 20" 0.0008 "-" 19 0
Oct 6 16:07:09 standalone proxy-server[132048]: 172.18.0.2 172.18.0.100 06/Oct/2025/16/07/09 GET /v1/AUTH_5ec2f863d8f54b06a96618816ae879f8/gnocchi.6e0da197-e1d6-4c01-8df2-0b8143004366/none_v3 HTTP/1.0 404 - python-swiftclient-3.11.1 gAAAAABo4-kstErZ... - 70 - txd9656b0eb5bd452cb6f0c-0068e3e92c - 0.3818 - - 1759766828.909658909 1759766829.291430473 0
Oct 6 16:07:09 standalone account-server[129659]: 172.20.0.100 - - [06/Oct/2025:16:07:09 +0000] "PUT /d1/908/AUTH_5ec2f863d8f54b06a96618816ae879f8" 201 - "-" "tx3df70ae675be49d59a960-0068e3e92d" "-" 0.0165 "-" 21 -
Oct 6 16:07:09 standalone proxy-server[132048]: autocreate account '/AUTH_5ec2f863d8f54b06a96618816ae879f8' (txn: tx3df70ae675be49d59a960-0068e3e92d)
Oct 6 16:07:09 standalone account-server[129677]: 172.20.0.100 - - [06/Oct/2025:16:07:09 +0000] "HEAD /d1/908/AUTH_5ec2f863d8f54b06a96618816ae879f8" 204 - "HEAD http://172.18.0.2:8080/v1/AUTH_5ec2f863d8f54b06a96618816ae879f8?format=json" "tx3df70ae675be49d59a960-0068e3e92d" "proxy-server 20" 0.0014 "-" 23 -
Oct 6 16:07:09 standalone account-server[129659]: 172.20.0.100 - - [06/Oct/2025:16:07:09 +0000] "PUT /d1/908/AUTH_5ec2f863d8f54b06a96618816ae879f8/gnocchi.6e0da197-e1d6-4c01-8df2-0b8143004366" 201 - "PUT http://172.20.0.100:6001/d1/487/AUTH_5ec2f863d8f54b06a96618816ae879f8/gnocchi.6e0da197-e1d6-4c01-8df2-0b8143004366" "tx3df70ae675be49d59a960-0068e3e92d" "container-server 22" 0.0009 "-" 21 0
Oct 6 16:07:09 standalone container-server[129709]: 172.20.0.100 - - [06/Oct/2025:16:07:09 +0000] "PUT /d1/487/AUTH_5ec2f863d8f54b06a96618816ae879f8/gnocchi.6e0da197-e1d6-4c01-8df2-0b8143004366" 201 - "PUT http://172.18.0.2:8080/v1/AUTH_5ec2f863d8f54b06a96618816ae879f8/gnocchi.6e0da197-e1d6-4c01-8df2-0b8143004366" "tx3df70ae675be49d59a960-0068e3e92d" "proxy-server 20" 0.0129 "-" 22 0
Oct 6 16:07:09 standalone proxy-server[132048]: 172.18.0.2 172.18.0.100 06/Oct/2025/16/07/09 PUT /v1/AUTH_5ec2f863d8f54b06a96618816ae879f8/gnocchi.6e0da197-e1d6-4c01-8df2-0b8143004366 HTTP/1.0 201 - python-swiftclient-3.11.1 gAAAAABo4-kstErZ... - - - tx3df70ae675be49d59a960-0068e3e92d - 0.0430 - - 1759766829.295488358 1759766829.338480234 0
Oct 6 16:07:09 standalone container-server[129709]: 172.20.0.100 - - [06/Oct/2025:16:07:09 +0000] "HEAD /d1/487/AUTH_5ec2f863d8f54b06a96618816ae879f8/gnocchi.6e0da197-e1d6-4c01-8df2-0b8143004366" 204 - "HEAD http://172.18.0.2:8080/v1/AUTH_5ec2f863d8f54b06a96618816ae879f8/gnocchi.6e0da197-e1d6-4c01-8df2-0b8143004366?format=json&states=listing" "tx83ec9c28d6d64f4088392-0068e3e92d" "proxy-server 20" 0.0018 "-" 22 0
Oct 6 16:07:09 standalone proxy-server[132048]: - - 06/Oct/2025/16/07/09 HEAD /v1/AUTH_5ec2f863d8f54b06a96618816ae879f8/gnocchi.6e0da197-e1d6-4c01-8df2-0b8143004366%3Fformat%3Djson%26states%3Dlisting HTTP/1.0 204 - Swift - - - - tx83ec9c28d6d64f4088392-0068e3e92d - 0.0050 RL - 1759766829.343882322 1759766829.348922253 0
Oct 6 16:07:09 standalone container-server[129700]: 172.20.0.100 - - [06/Oct/2025:16:07:09 +0000] "GET /d1/487/AUTH_5ec2f863d8f54b06a96618816ae879f8/gnocchi.6e0da197-e1d6-4c01-8df2-0b8143004366" 200 2 "GET http://172.18.0.2:8080/v1/AUTH_5ec2f863d8f54b06a96618816ae879f8/gnocchi.6e0da197-e1d6-4c01-8df2-0b8143004366?format=json&states=listing" "tx83ec9c28d6d64f4088392-0068e3e92d" "proxy-server 20" 0.0030 "-" 21 0
Oct 6 16:07:09 standalone proxy-server[132048]: 172.18.0.2 172.18.0.100 06/Oct/2025/16/07/09 GET /v1/AUTH_5ec2f863d8f54b06a96618816ae879f8/gnocchi.6e0da197-e1d6-4c01-8df2-0b8143004366%3Fformat%3Djson%26states%3Dlisting HTTP/1.0 200 - python-swiftclient-3.11.1 gAAAAABo4-kstErZ... - 2 - tx83ec9c28d6d64f4088392-0068e3e92d - 0.0154 - - 1759766829.342746019 1759766829.358174324 0
Oct 6 16:07:09 standalone object-server[129942]: 172.20.0.100 - - [06/Oct/2025:16:07:09 +0000] "GET /d1/60/AUTH_5ec2f863d8f54b06a96618816ae879f8/gnocchi.6e0da197-e1d6-4c01-8df2-0b8143004366/1759320000.0_mean_300.0_v3" 404 70 "GET http://172.18.0.2:8080/v1/AUTH_5ec2f863d8f54b06a96618816ae879f8/gnocchi.6e0da197-e1d6-4c01-8df2-0b8143004366/1759320000.0_mean_300.0_v3" "tx1e813fdbdbdd435d83fe9-0068e3e92d" "proxy-server 20" 0.0003 "-" 19 0
Oct 6 16:07:09 standalone proxy-server[132048]: 172.18.0.2 172.18.0.100 06/Oct/2025/16/07/09 GET /v1/AUTH_5ec2f863d8f54b06a96618816ae879f8/gnocchi.6e0da197-e1d6-4c01-8df2-0b8143004366/1759320000.0_mean_300.0_v3 HTTP/1.0 404 - python-swiftclient-3.11.1 gAAAAABo4-kstErZ... - 70 - tx1e813fdbdbdd435d83fe9-0068e3e92d - 0.0056 - - 1759766829.363105059 1759766829.368719578 0
Oct 6 16:07:09 standalone container-server[129694]: 172.20.0.100 - - [06/Oct/2025:16:07:09 +0000] "PUT /d1/487/AUTH_5ec2f863d8f54b06a96618816ae879f8/gnocchi.6e0da197-e1d6-4c01-8df2-0b8143004366/1759320000.0_mean_300.0_v3" 201 - "PUT http://172.18.0.2:8080/d1/60/AUTH_5ec2f863d8f54b06a96618816ae879f8/gnocchi.6e0da197-e1d6-4c01-8df2-0b8143004366/1759320000.0_mean_300.0_v3" "tx4c50cb0b9e734b47a7dc4-0068e3e92d" "object-server 20" 0.0010 "-" 20 0
Oct 6 16:07:09 standalone object-server[129943]: 172.20.0.100 - - [06/Oct/2025:16:07:09 +0000] "PUT /d1/60/AUTH_5ec2f863d8f54b06a96618816ae879f8/gnocchi.6e0da197-e1d6-4c01-8df2-0b8143004366/1759320000.0_mean_300.0_v3" 201 - "PUT http://172.18.0.2:8080/v1/AUTH_5ec2f863d8f54b06a96618816ae879f8/gnocchi.6e0da197-e1d6-4c01-8df2-0b8143004366/1759320000.0_mean_300.0_v3" "tx4c50cb0b9e734b47a7dc4-0068e3e92d" "proxy-server 20" 0.0409 "-" 20 0
Oct 6 16:07:09 standalone proxy-server[132048]: 172.18.0.2 172.18.0.100 06/Oct/2025/16/07/09 PUT /v1/AUTH_5ec2f863d8f54b06a96618816ae879f8/gnocchi.6e0da197-e1d6-4c01-8df2-0b8143004366/1759320000.0_mean_300.0_v3 HTTP/1.0 201 - python-swiftclient-3.11.1 gAAAAABo4-kstErZ... 16 - - tx4c50cb0b9e734b47a7dc4-0068e3e92d - 0.0462 - - 1759766829.371420145 1759766829.417646885 0
Oct 6 16:07:09 standalone container-server[129710]: 172.20.0.100 - - [06/Oct/2025:16:07:09 +0000] "PUT /d1/487/AUTH_5ec2f863d8f54b06a96618816ae879f8/gnocchi.6e0da197-e1d6-4c01-8df2-0b8143004366/none_v3" 201 - "PUT http://172.18.0.2:8080/d1/470/AUTH_5ec2f863d8f54b06a96618816ae879f8/gnocchi.6e0da197-e1d6-4c01-8df2-0b8143004366/none_v3" "tx59f6a6d3e26a4434bf283-0068e3e92d" "object-server 22" 0.0013 "-" 23 0
Oct 6 16:07:09 standalone object-server[129953]: 172.20.0.100 - - [06/Oct/2025:16:07:09 +0000] "PUT /d1/470/AUTH_5ec2f863d8f54b06a96618816ae879f8/gnocchi.6e0da197-e1d6-4c01-8df2-0b8143004366/none_v3" 201 - "PUT http://172.18.0.2:8080/v1/AUTH_5ec2f863d8f54b06a96618816ae879f8/gnocchi.6e0da197-e1d6-4c01-8df2-0b8143004366/none_v3" "tx59f6a6d3e26a4434bf283-0068e3e92d" "proxy-server 20" 0.0314 "-" 22 0
Oct 6 16:07:09 standalone proxy-server[132048]: 172.18.0.2 172.18.0.100 06/Oct/2025/16/07/09 PUT /v1/AUTH_5ec2f863d8f54b06a96618816ae879f8/gnocchi.6e0da197-e1d6-4c01-8df2-0b8143004366/none_v3 HTTP/1.0 201 - python-swiftclient-3.11.1 gAAAAABo4-kstErZ... 22 - - tx59f6a6d3e26a4434bf283-0068e3e92d - 0.0380 - - 1759766829.421401739 1759766829.459420443 0
Oct 6 16:07:33 standalone account-server[129647]: 172.20.0.100 - - [06/Oct/2025:16:07:33 +0000] "HEAD /d1/550/.expiring_objects" 404 - "HEAD http://localhost/v1/.expiring_objects?format=json" "txa962d2abca104e2eb79ab-0068e3e945" "proxy-server 2" 0.0008 "-" 19 -
Oct 6 16:07:33 standalone object-expirer[129779]: Pass completed in 0s; 0 objects expired (txn: txa962d2abca104e2eb79ab-0068e3e945)
Oct 6 16:07:38 standalone object-server[129943]: 172.20.0.100 - - [06/Oct/2025:16:07:38 +0000] "GET /d1/470/AUTH_5ec2f863d8f54b06a96618816ae879f8/gnocchi.6e0da197-e1d6-4c01-8df2-0b8143004366/none_v3" 200 22 "GET http://172.18.0.2:8080/v1/AUTH_5ec2f863d8f54b06a96618816ae879f8/gnocchi.6e0da197-e1d6-4c01-8df2-0b8143004366/none_v3" "txdbadd59265064276b9b54-0068e3e94a" "proxy-server 20" 0.0009 "-" 20 0
Oct 6 16:07:38 standalone proxy-server[132048]: 172.18.0.2 172.18.0.100 06/Oct/2025/16/07/38 GET /v1/AUTH_5ec2f863d8f54b06a96618816ae879f8/gnocchi.6e0da197-e1d6-4c01-8df2-0b8143004366/none_v3 HTTP/1.0 200 - python-swiftclient-3.11.1 gAAAAABo4-kstErZ... - 22 - txdbadd59265064276b9b54-0068e3e94a - 0.0082 - - 1759766858.700157404 1759766858.708368301 0
Oct 6 16:07:38 standalone container-server[129710]: 172.20.0.100 - - [06/Oct/2025:16:07:38 +0000] "GET /d1/487/AUTH_5ec2f863d8f54b06a96618816ae879f8/gnocchi.6e0da197-e1d6-4c01-8df2-0b8143004366" 200 357 "GET http://172.18.0.2:8080/v1/AUTH_5ec2f863d8f54b06a96618816ae879f8/gnocchi.6e0da197-e1d6-4c01-8df2-0b8143004366?format=json&states=listing" "txaac1ee1b2c894e818345d-0068e3e94a" "proxy-server 20" 0.0150 "-" 23 0
Oct 6 16:07:38 standalone proxy-server[132048]: 172.18.0.2 172.18.0.100 06/Oct/2025/16/07/38 GET /v1/AUTH_5ec2f863d8f54b06a96618816ae879f8/gnocchi.6e0da197-e1d6-4c01-8df2-0b8143004366%3Fformat%3Djson%26states%3Dlisting HTTP/1.0 200 - python-swiftclient-3.11.1 gAAAAABo4-kstErZ... - 357 - txaac1ee1b2c894e818345d-0068e3e94a - 0.0223 - - 1759766858.715736866 1759766858.738035440 0
Oct 6 16:07:38 standalone container-server[129700]: 172.20.0.100 - - [06/Oct/2025:16:07:38 +0000] "GET /d1/487/AUTH_5ec2f863d8f54b06a96618816ae879f8/gnocchi.6e0da197-e1d6-4c01-8df2-0b8143004366" 200 2 "GET http://172.18.0.2:8080/v1/AUTH_5ec2f863d8f54b06a96618816ae879f8/gnocchi.6e0da197-e1d6-4c01-8df2-0b8143004366?format=json&marker=none_v3&states=listing" "tx5fa1f03a377e4a1b97053-0068e3e94a" "proxy-server 20" 0.0020 "-" 21 0
Oct 6 16:07:38 standalone proxy-server[132048]: 172.18.0.2 172.18.0.100 06/Oct/2025/16/07/38 GET /v1/AUTH_5ec2f863d8f54b06a96618816ae879f8/gnocchi.6e0da197-e1d6-4c01-8df2-0b8143004366%3Fformat%3Djson%26marker%3Dnone_v3%26states%3Dlisting HTTP/1.0 200 - python-swiftclient-3.11.1 gAAAAABo4-kstErZ... - 2 - tx5fa1f03a377e4a1b97053-0068e3e94a - 0.0077 - - 1759766858.740352631 1759766858.748022556 0
Oct 6 16:07:38 standalone object-server[129942]: 172.20.0.100 - - [06/Oct/2025:16:07:38 +0000] "GET /d1/60/AUTH_5ec2f863d8f54b06a96618816ae879f8/gnocchi.6e0da197-e1d6-4c01-8df2-0b8143004366/1759320000.0_mean_300.0_v3" 200 16 "GET http://172.18.0.2:8080/v1/AUTH_5ec2f863d8f54b06a96618816ae879f8/gnocchi.6e0da197-e1d6-4c01-8df2-0b8143004366/1759320000.0_mean_300.0_v3" "tx6a1edae77e1b41bd845ee-0068e3e94a" "proxy-server 20" 0.0009 "-" 19 0
Oct 6 16:07:38 standalone proxy-server[132048]: 172.18.0.2 172.18.0.100 06/Oct/2025/16/07/38 GET /v1/AUTH_5ec2f863d8f54b06a96618816ae879f8/gnocchi.6e0da197-e1d6-4c01-8df2-0b8143004366/1759320000.0_mean_300.0_v3 HTTP/1.0 200 - python-swiftclient-3.11.1 gAAAAABo4-kstErZ... - 16 - tx6a1edae77e1b41bd845ee-0068e3e94a - 0.0105 - - 1759766858.751062632 1759766858.761546135 0
Oct 6 16:07:38 standalone container-server[129694]: 172.20.0.100 - - [06/Oct/2025:16:07:38 +0000] "PUT /d1/487/AUTH_5ec2f863d8f54b06a96618816ae879f8/gnocchi.6e0da197-e1d6-4c01-8df2-0b8143004366/1759320000.0_mean_300.0_v3" 201 - "PUT http://172.18.0.2:8080/d1/60/AUTH_5ec2f863d8f54b06a96618816ae879f8/gnocchi.6e0da197-e1d6-4c01-8df2-0b8143004366/1759320000.0_mean_300.0_v3" "tx8b13adc3504843ea922d7-0068e3e94a" "object-server 22" 0.0005 "-" 20 0
Oct 6 16:07:38 standalone object-server[129953]: 172.20.0.100 - - [06/Oct/2025:16:07:38 +0000] "PUT /d1/60/AUTH_5ec2f863d8f54b06a96618816ae879f8/gnocchi.6e0da197-e1d6-4c01-8df2-0b8143004366/1759320000.0_mean_300.0_v3" 201 - "PUT http://172.18.0.2:8080/v1/AUTH_5ec2f863d8f54b06a96618816ae879f8/gnocchi.6e0da197-e1d6-4c01-8df2-0b8143004366/1759320000.0_mean_300.0_v3" "tx8b13adc3504843ea922d7-0068e3e94a" "proxy-server 20" 0.0091 "-" 22 0
Oct 6 16:07:38 standalone proxy-server[132048]: 172.18.0.2 172.18.0.100 06/Oct/2025/16/07/38 PUT /v1/AUTH_5ec2f863d8f54b06a96618816ae879f8/gnocchi.6e0da197-e1d6-4c01-8df2-0b8143004366/1759320000.0_mean_300.0_v3 HTTP/1.0 201 - python-swiftclient-3.11.1 gAAAAABo4-kstErZ... 16 - - tx8b13adc3504843ea922d7-0068e3e94a - 0.0138 - - 1759766858.764173746 1759766858.777954578 0
Oct 6 16:07:38 standalone container-server[129710]: 172.20.0.100 - - [06/Oct/2025:16:07:38 +0000] "PUT /d1/487/AUTH_5ec2f863d8f54b06a96618816ae879f8/gnocchi.6e0da197-e1d6-4c01-8df2-0b8143004366/none_v3" 201 - "PUT http://172.18.0.2:8080/d1/470/AUTH_5ec2f863d8f54b06a96618816ae879f8/gnocchi.6e0da197-e1d6-4c01-8df2-0b8143004366/none_v3" "tx0dbf576b1f8a49af8a099-0068e3e94a" "object-server 19" 0.0005 "-" 23 0
Oct 6 16:07:38 standalone object-server[129942]: 172.20.0.100 - - [06/Oct/2025:16:07:38 +0000] "PUT /d1/470/AUTH_5ec2f863d8f54b06a96618816ae879f8/gnocchi.6e0da197-e1d6-4c01-8df2-0b8143004366/none_v3" 201 - "PUT http://172.18.0.2:8080/v1/AUTH_5ec2f863d8f54b06a96618816ae879f8/gnocchi.6e0da197-e1d6-4c01-8df2-0b8143004366/none_v3" "tx0dbf576b1f8a49af8a099-0068e3e94a" "proxy-server 20" 0.0190 "-" 19 0
Oct 6 16:07:38 standalone proxy-server[132048]: 172.18.0.2 172.18.0.100 06/Oct/2025/16/07/38 PUT /v1/AUTH_5ec2f863d8f54b06a96618816ae879f8/gnocchi.6e0da197-e1d6-4c01-8df2-0b8143004366/none_v3 HTTP/1.0 201 - python-swiftclient-3.11.1 gAAAAABo4-kstErZ... 32 - - tx0dbf576b1f8a49af8a099-0068e3e94a - 0.0239 - - 1759766858.782159805 1759766858.806028366 0
Oct 6 16:08:07 standalone object-server[129890]: Begin object update sweep
Oct 6 16:08:07 standalone object-server[229355]: Object update sweep starting on /srv/node/d1 (pid: 14)
Oct 6 16:08:07 standalone object-server[229355]: Object update sweep completed on /srv/node/d1 in 0.00s seconds:, 0 successes, 0 failures, 0 quarantines, 0 unlinks, 0 errors, 0 redirects (pid: 14)
Oct 6 16:08:07 standalone object-server[229355]: Object update sweep of d1 completed: 0.00s, 0 successes, 0 failures, 0 quarantines, 0 unlinks, 0 errors, 0 redirects
Oct 6 16:08:07 standalone object-server[129890]: Object update sweep completed: 0.06s
Oct 6 16:08:08 standalone account-server[129659]: 172.20.0.100 - - [06/Oct/2025:16:08:08 +0000] "HEAD /d1/908/AUTH_5ec2f863d8f54b06a96618816ae879f8" 204 - "HEAD http://172.18.0.2:8080/v1/AUTH_5ec2f863d8f54b06a96618816ae879f8?format=json" "tx26b72ad7a6b94cb6abc8b-0068e3e968" "proxy-server 20" 0.0154 "-" 21 -
Oct 6 16:08:08 standalone proxy-server[132048]: - - 06/Oct/2025/16/08/08 HEAD /v1/AUTH_5ec2f863d8f54b06a96618816ae879f8%3Fformat%3Djson HTTP/1.0 204 - Swift - - - - tx26b72ad7a6b94cb6abc8b-0068e3e968 - 0.0198 RL - 1759766888.736482620 1759766888.756253004 -
Oct 6 16:08:08 standalone container-server[129700]: 172.20.0.100 - - [06/Oct/2025:16:08:08 +0000] "HEAD /d1/365/AUTH_5ec2f863d8f54b06a96618816ae879f8/gnocchi.66d4d445-95c3-4987-bdef-acb6a4efb846" 404 - "HEAD http://172.18.0.2:8080/v1/AUTH_5ec2f863d8f54b06a96618816ae879f8/gnocchi.66d4d445-95c3-4987-bdef-acb6a4efb846?format=json&states=listing" "tx26b72ad7a6b94cb6abc8b-0068e3e968" "proxy-server 20" 0.0014 "-" 21 0
Oct 6 16:08:08 standalone object-server[129953]: 172.20.0.100 - - [06/Oct/2025:16:08:08 +0000] "GET /d1/999/AUTH_5ec2f863d8f54b06a96618816ae879f8/gnocchi.66d4d445-95c3-4987-bdef-acb6a4efb846/none_v3" 404 70 "GET http://172.18.0.2:8080/v1/AUTH_5ec2f863d8f54b06a96618816ae879f8/gnocchi.66d4d445-95c3-4987-bdef-acb6a4efb846/none_v3" "tx26b72ad7a6b94cb6abc8b-0068e3e968" "proxy-server 20" 0.0004 "-" 22 0
Oct 6 16:08:08 standalone proxy-server[132048]: 172.18.0.2 172.18.0.100 06/Oct/2025/16/08/08 GET /v1/AUTH_5ec2f863d8f54b06a96618816ae879f8/gnocchi.66d4d445-95c3-4987-bdef-acb6a4efb846/none_v3 HTTP/1.0 404 - python-swiftclient-3.11.1 gAAAAABo4-kstErZ... - 70 - tx26b72ad7a6b94cb6abc8b-0068e3e968 - 0.0379 - - 1759766888.735755205 1759766888.773683548 0
Oct 6 16:08:08 standalone account-server[129659]: 172.20.0.100 - - [06/Oct/2025:16:08:08 +0000] "PUT /d1/908/AUTH_5ec2f863d8f54b06a96618816ae879f8/gnocchi.66d4d445-95c3-4987-bdef-acb6a4efb846" 201 - "PUT http://172.20.0.100:6001/d1/365/AUTH_5ec2f863d8f54b06a96618816ae879f8/gnocchi.66d4d445-95c3-4987-bdef-acb6a4efb846" "tx2db39f854e53465b81667-0068e3e968" "container-server 20" 0.0012 "-" 21 0
Oct 6 16:08:08 standalone container-server[129694]: 172.20.0.100 - - [06/Oct/2025:16:08:08 +0000] "PUT /d1/365/AUTH_5ec2f863d8f54b06a96618816ae879f8/gnocchi.66d4d445-95c3-4987-bdef-acb6a4efb846" 201 - "PUT http://172.18.0.2:8080/v1/AUTH_5ec2f863d8f54b06a96618816ae879f8/gnocchi.66d4d445-95c3-4987-bdef-acb6a4efb846" "tx2db39f854e53465b81667-0068e3e968" "proxy-server 20" 0.0174 "-" 20 0
Oct 6 16:08:08 standalone proxy-server[132048]: 172.18.0.2 172.18.0.100 06/Oct/2025/16/08/08 PUT /v1/AUTH_5ec2f863d8f54b06a96618816ae879f8/gnocchi.66d4d445-95c3-4987-bdef-acb6a4efb846 HTTP/1.0 201 - python-swiftclient-3.11.1 gAAAAABo4-kstErZ... - - - tx2db39f854e53465b81667-0068e3e968 - 0.0228 - - 1759766888.776035547 1759766888.798817396 0
Oct 6 16:08:08 standalone container-server[129700]: 172.20.0.100 - - [06/Oct/2025:16:08:08 +0000] "HEAD /d1/365/AUTH_5ec2f863d8f54b06a96618816ae879f8/gnocchi.66d4d445-95c3-4987-bdef-acb6a4efb846" 204 - "HEAD http://172.18.0.2:8080/v1/AUTH_5ec2f863d8f54b06a96618816ae879f8/gnocchi.66d4d445-95c3-4987-bdef-acb6a4efb846?format=json&states=listing" "tx5c90f32b12064346a9b79-0068e3e968" "proxy-server 20" 0.0014 "-" 21 0
Oct 6 16:08:08 standalone proxy-server[132048]: - - 06/Oct/2025/16/08/08 HEAD /v1/AUTH_5ec2f863d8f54b06a96618816ae879f8/gnocchi.66d4d445-95c3-4987-bdef-acb6a4efb846%3Fformat%3Djson%26states%3Dlisting HTTP/1.0 204 - Swift - - - - tx5c90f32b12064346a9b79-0068e3e968 - 0.0055 RL - 1759766888.805918932 1759766888.811420202 0
Oct 6 16:08:08 standalone container-server[129710]: 172.20.0.100 - - [06/Oct/2025:16:08:08 +0000] "GET /d1/365/AUTH_5ec2f863d8f54b06a96618816ae879f8/gnocchi.66d4d445-95c3-4987-bdef-acb6a4efb846" 200 2 "GET http://172.18.0.2:8080/v1/AUTH_5ec2f863d8f54b06a96618816ae879f8/gnocchi.66d4d445-95c3-4987-bdef-acb6a4efb846?format=json&states=listing" "tx5c90f32b12064346a9b79-0068e3e968" "proxy-server 20" 0.0018 "-" 23 0
Oct 6 16:08:08 standalone proxy-server[132048]: 172.18.0.2 172.18.0.100 06/Oct/2025/16/08/08 GET /v1/AUTH_5ec2f863d8f54b06a96618816ae879f8/gnocchi.66d4d445-95c3-4987-bdef-acb6a4efb846%3Fformat%3Djson%26states%3Dlisting HTTP/1.0 200 - python-swiftclient-3.11.1 gAAAAABo4-kstErZ... - 2 - tx5c90f32b12064346a9b79-0068e3e968 - 0.0176 - - 1759766888.802872658 1759766888.820503473 0
Oct 6 16:08:08 standalone object-server[129943]: 172.20.0.100 - - [06/Oct/2025:16:08:08 +0000] "GET /d1/367/AUTH_5ec2f863d8f54b06a96618816ae879f8/gnocchi.66d4d445-95c3-4987-bdef-acb6a4efb846/1759320000.0_mean_300.0_v3" 404 70 "GET http://172.18.0.2:8080/v1/AUTH_5ec2f863d8f54b06a96618816ae879f8/gnocchi.66d4d445-95c3-4987-bdef-acb6a4efb846/1759320000.0_mean_300.0_v3" "tx0cc59d4ea78148e280180-0068e3e968" "proxy-server 20" 0.0003 "-" 20 0
Oct 6 16:08:08 standalone proxy-server[132048]: 172.18.0.2 172.18.0.100 06/Oct/2025/16/08/08 GET /v1/AUTH_5ec2f863d8f54b06a96618816ae879f8/gnocchi.66d4d445-95c3-4987-bdef-acb6a4efb846/1759320000.0_mean_300.0_v3 HTTP/1.0 404 - python-swiftclient-3.11.1 gAAAAABo4-kstErZ... - 70 - tx0cc59d4ea78148e280180-0068e3e968 - 0.0074 - - 1759766888.826704502 1759766888.834137440 0
Oct 6 16:08:08 standalone container-server[129700]: 172.20.0.100 - - [06/Oct/2025:16:08:08 +0000] "PUT /d1/365/AUTH_5ec2f863d8f54b06a96618816ae879f8/gnocchi.66d4d445-95c3-4987-bdef-acb6a4efb846/1759320000.0_mean_300.0_v3" 201 - "PUT http://172.18.0.2:8080/d1/367/AUTH_5ec2f863d8f54b06a96618816ae879f8/gnocchi.66d4d445-95c3-4987-bdef-acb6a4efb846/1759320000.0_mean_300.0_v3" "txadb6c02a7a0e422ea76b4-0068e3e968" "object-server 22" 0.0006 "-" 21 0
Oct 6 16:08:08 standalone object-server[129953]: 172.20.0.100 - - [06/Oct/2025:16:08:08 +0000] "PUT /d1/367/AUTH_5ec2f863d8f54b06a96618816ae879f8/gnocchi.66d4d445-95c3-4987-bdef-acb6a4efb846/1759320000.0_mean_300.0_v3" 201 - "PUT http://172.18.0.2:8080/v1/AUTH_5ec2f863d8f54b06a96618816ae879f8/gnocchi.66d4d445-95c3-4987-bdef-acb6a4efb846/1759320000.0_mean_300.0_v3" "txadb6c02a7a0e422ea76b4-0068e3e968" "proxy-server 20" 0.0216 "-" 22 0
Oct 6 16:08:08 standalone proxy-server[132048]: 172.18.0.2 172.18.0.100 06/Oct/2025/16/08/08 PUT /v1/AUTH_5ec2f863d8f54b06a96618816ae879f8/gnocchi.66d4d445-95c3-4987-bdef-acb6a4efb846/1759320000.0_mean_300.0_v3 HTTP/1.0 201 - python-swiftclient-3.11.1 gAAAAABo4-kstErZ... 16 - - txadb6c02a7a0e422ea76b4-0068e3e968 - 0.0286 - - 1759766888.837554216 1759766888.866135359 0
Oct 6 16:08:08 standalone container-server[129700]: 172.20.0.100 - - [06/Oct/2025:16:08:08 +0000] "PUT /d1/365/AUTH_5ec2f863d8f54b06a96618816ae879f8/gnocchi.66d4d445-95c3-4987-bdef-acb6a4efb846/none_v3" 201 - "PUT http://172.18.0.2:8080/d1/999/AUTH_5ec2f863d8f54b06a96618816ae879f8/gnocchi.66d4d445-95c3-4987-bdef-acb6a4efb846/none_v3" "tx9a15b36840d64fdba7448-0068e3e968" "object-server 22" 0.0004 "-" 21 0
Oct 6 16:08:08 standalone object-server[129953]: 172.20.0.100 - - [06/Oct/2025:16:08:08 +0000] "PUT /d1/999/AUTH_5ec2f863d8f54b06a96618816ae879f8/gnocchi.66d4d445-95c3-4987-bdef-acb6a4efb846/none_v3" 201 - "PUT http://172.18.0.2:8080/v1/AUTH_5ec2f863d8f54b06a96618816ae879f8/gnocchi.66d4d445-95c3-4987-bdef-acb6a4efb846/none_v3" "tx9a15b36840d64fdba7448-0068e3e968" "proxy-server 20" 0.0218 "-" 22 0
Oct 6 16:08:08 standalone proxy-server[132048]: 172.18.0.2 172.18.0.100 06/Oct/2025/16/08/08 PUT /v1/AUTH_5ec2f863d8f54b06a96618816ae879f8/gnocchi.66d4d445-95c3-4987-bdef-acb6a4efb846/none_v3 HTTP/1.0 201 - python-swiftclient-3.11.1 gAAAAABo4-kstErZ... 22 - - tx9a15b36840d64fdba7448-0068e3e968 - 0.0268 - - 1759766888.868735313 1759766888.895584345 0
Oct 6 16:08:09 standalone container-server[129710]: 172.20.0.100 - - [06/Oct/2025:16:08:09 +0000] "HEAD /d1/843/AUTH_5ec2f863d8f54b06a96618816ae879f8/gnocchi.0acc584b-2a9b-4d25-8ed2-22e0a898ab24" 404 - "HEAD http://172.18.0.2:8080/v1/AUTH_5ec2f863d8f54b06a96618816ae879f8/gnocchi.0acc584b-2a9b-4d25-8ed2-22e0a898ab24?format=json&states=listing" "tx7b2fe55ba5c84506b3097-0068e3e969" "proxy-server 20" 0.0004 "-" 23 0
Oct 6 16:08:09 standalone object-server[129943]: 172.20.0.100 - - [06/Oct/2025:16:08:09 +0000] "GET /d1/676/AUTH_5ec2f863d8f54b06a96618816ae879f8/gnocchi.0acc584b-2a9b-4d25-8ed2-22e0a898ab24/none_v3" 404 70 "GET http://172.18.0.2:8080/v1/AUTH_5ec2f863d8f54b06a96618816ae879f8/gnocchi.0acc584b-2a9b-4d25-8ed2-22e0a898ab24/none_v3" "tx7b2fe55ba5c84506b3097-0068e3e969" "proxy-server 20" 0.0003 "-" 20 0
Oct 6 16:08:09 standalone proxy-server[132048]: 172.18.0.2 172.18.0.100 06/Oct/2025/16/08/09 GET /v1/AUTH_5ec2f863d8f54b06a96618816ae879f8/gnocchi.0acc584b-2a9b-4d25-8ed2-22e0a898ab24/none_v3 HTTP/1.0 404 - python-swiftclient-3.11.1 gAAAAABo4-kstErZ... - 70 - tx7b2fe55ba5c84506b3097-0068e3e969 - 0.0145 - - 1759766889.026903152 1759766889.041373491 0
Oct 6 16:08:09 standalone account-server[129647]: 172.20.0.100 - - [06/Oct/2025:16:08:09 +0000] "PUT /d1/908/AUTH_5ec2f863d8f54b06a96618816ae879f8/gnocchi.0acc584b-2a9b-4d25-8ed2-22e0a898ab24" 201 - "PUT http://172.20.0.100:6001/d1/843/AUTH_5ec2f863d8f54b06a96618816ae879f8/gnocchi.0acc584b-2a9b-4d25-8ed2-22e0a898ab24" "tx29d1f3de7d634e6abcba9-0068e3e969" "container-server 20" 0.0047 "-" 19 0
Oct 6 16:08:09 standalone container-server[129694]: 172.20.0.100 - - [06/Oct/2025:16:08:09 +0000] "PUT /d1/843/AUTH_5ec2f863d8f54b06a96618816ae879f8/gnocchi.0acc584b-2a9b-4d25-8ed2-22e0a898ab24" 201 - "PUT http://172.18.0.2:8080/v1/AUTH_5ec2f863d8f54b06a96618816ae879f8/gnocchi.0acc584b-2a9b-4d25-8ed2-22e0a898ab24" "tx29d1f3de7d634e6abcba9-0068e3e969" "proxy-server 20" 0.0147 "-" 20 0
Oct 6 16:08:09 standalone proxy-server[132048]: 172.18.0.2 172.18.0.100 06/Oct/2025/16/08/09 PUT /v1/AUTH_5ec2f863d8f54b06a96618816ae879f8/gnocchi.0acc584b-2a9b-4d25-8ed2-22e0a898ab24 HTTP/1.0 201 - python-swiftclient-3.11.1 gAAAAABo4-kstErZ... - - - tx29d1f3de7d634e6abcba9-0068e3e969 - 0.0297 - - 1759766889.044039965 1759766889.073742628 0
Oct 6 16:08:09 standalone container-server[129709]: 172.20.0.100 - - [06/Oct/2025:16:08:09 +0000] "HEAD /d1/843/AUTH_5ec2f863d8f54b06a96618816ae879f8/gnocchi.0acc584b-2a9b-4d25-8ed2-22e0a898ab24" 204 - "HEAD http://172.18.0.2:8080/v1/AUTH_5ec2f863d8f54b06a96618816ae879f8/gnocchi.0acc584b-2a9b-4d25-8ed2-22e0a898ab24?format=json&states=listing" "tx12d2947c27a241249c5c1-0068e3e969" "proxy-server 20" 0.0014 "-" 22 0
Oct 6 16:08:09 standalone proxy-server[132048]: - - 06/Oct/2025/16/08/09 HEAD /v1/AUTH_5ec2f863d8f54b06a96618816ae879f8/gnocchi.0acc584b-2a9b-4d25-8ed2-22e0a898ab24%3Fformat%3Djson%26states%3Dlisting HTTP/1.0 204 - Swift - - - - tx12d2947c27a241249c5c1-0068e3e969 - 0.0041 RL - 1759766889.077253819 1759766889.081341028 0
Oct 6 16:08:09 standalone container-server[129694]: 172.20.0.100 - - [06/Oct/2025:16:08:09 +0000] "GET /d1/843/AUTH_5ec2f863d8f54b06a96618816ae879f8/gnocchi.0acc584b-2a9b-4d25-8ed2-22e0a898ab24" 200 2 "GET http://172.18.0.2:8080/v1/AUTH_5ec2f863d8f54b06a96618816ae879f8/gnocchi.0acc584b-2a9b-4d25-8ed2-22e0a898ab24?format=json&states=listing" "tx12d2947c27a241249c5c1-0068e3e969" "proxy-server 20" 0.0023 "-" 20 0
Oct 6 16:08:09 standalone proxy-server[132048]: 172.18.0.2 172.18.0.100 06/Oct/2025/16/08/09 GET /v1/AUTH_5ec2f863d8f54b06a96618816ae879f8/gnocchi.0acc584b-2a9b-4d25-8ed2-22e0a898ab24%3Fformat%3Djson%26states%3Dlisting HTTP/1.0 200 - python-swiftclient-3.11.1 gAAAAABo4-kstErZ... - 2 - tx12d2947c27a241249c5c1-0068e3e969 - 0.0123 - - 1759766889.076433897 1759766889.088700533 0
Oct 6 16:08:09 standalone object-server[129953]: 172.20.0.100 - - [06/Oct/2025:16:08:09 +0000] "GET /d1/438/AUTH_5ec2f863d8f54b06a96618816ae879f8/gnocchi.0acc584b-2a9b-4d25-8ed2-22e0a898ab24/1759320000.0_mean_300.0_v3" 404 70 "GET http://172.18.0.2:8080/v1/AUTH_5ec2f863d8f54b06a96618816ae879f8/gnocchi.0acc584b-2a9b-4d25-8ed2-22e0a898ab24/1759320000.0_mean_300.0_v3" "tx0aa4872b4e004a0e85022-0068e3e969" "proxy-server 20" 0.0005 "-" 22 0
Oct 6 16:08:09 standalone proxy-server[132048]: 172.18.0.2 172.18.0.100 06/Oct/2025/16/08/09 GET /v1/AUTH_5ec2f863d8f54b06a96618816ae879f8/gnocchi.0acc584b-2a9b-4d25-8ed2-22e0a898ab24/1759320000.0_mean_300.0_v3 HTTP/1.0 404 - python-swiftclient-3.11.1 gAAAAABo4-kstErZ... - 70 - tx0aa4872b4e004a0e85022-0068e3e969 - 0.0049 - - 1759766889.091048241 1759766889.095935583 0
Oct 6 16:08:09 standalone container-server[129709]: 172.20.0.100 - - [06/Oct/2025:16:08:09 +0000] "PUT /d1/843/AUTH_5ec2f863d8f54b06a96618816ae879f8/gnocchi.0acc584b-2a9b-4d25-8ed2-22e0a898ab24/1759320000.0_mean_300.0_v3" 201 - "PUT http://172.18.0.2:8080/d1/438/AUTH_5ec2f863d8f54b06a96618816ae879f8/gnocchi.0acc584b-2a9b-4d25-8ed2-22e0a898ab24/1759320000.0_mean_300.0_v3" "tx70ea9b877d6c43e88b005-0068e3e969" "object-server 20" 0.0005 "-" 22 0
Oct 6 16:08:09 standalone object-server[129943]: 172.20.0.100 - - [06/Oct/2025:16:08:09 +0000] "PUT /d1/438/AUTH_5ec2f863d8f54b06a96618816ae879f8/gnocchi.0acc584b-2a9b-4d25-8ed2-22e0a898ab24/1759320000.0_mean_300.0_v3" 201 - "PUT http://172.18.0.2:8080/v1/AUTH_5ec2f863d8f54b06a96618816ae879f8/gnocchi.0acc584b-2a9b-4d25-8ed2-22e0a898ab24/1759320000.0_mean_300.0_v3" "tx70ea9b877d6c43e88b005-0068e3e969" "proxy-server 20" 0.0120 "-" 20 0
Oct 6 16:08:09 standalone proxy-server[132048]: 172.18.0.2 172.18.0.100 06/Oct/2025/16/08/09 PUT /v1/AUTH_5ec2f863d8f54b06a96618816ae879f8/gnocchi.0acc584b-2a9b-4d25-8ed2-22e0a898ab24/1759320000.0_mean_300.0_v3 HTTP/1.0 201 - python-swiftclient-3.11.1 gAAAAABo4-kstErZ... 16 - - tx70ea9b877d6c43e88b005-0068e3e969 - 0.0201 - - 1759766889.097722769 1759766889.117844820 0
Oct 6 16:08:09 standalone container-server[129709]: 172.20.0.100 - - [06/Oct/2025:16:08:09 +0000] "PUT /d1/843/AUTH_5ec2f863d8f54b06a96618816ae879f8/gnocchi.0acc584b-2a9b-4d25-8ed2-22e0a898ab24/none_v3" 201 - "PUT http://172.18.0.2:8080/d1/676/AUTH_5ec2f863d8f54b06a96618816ae879f8/gnocchi.0acc584b-2a9b-4d25-8ed2-22e0a898ab24/none_v3" "txf8dc515fca2343369f2a1-0068e3e969" "object-server 20" 0.0005 "-" 22 0
Oct 6 16:08:09 standalone object-server[129943]: 172.20.0.100 - - [06/Oct/2025:16:08:09 +0000] "PUT /d1/676/AUTH_5ec2f863d8f54b06a96618816ae879f8/gnocchi.0acc584b-2a9b-4d25-8ed2-22e0a898ab24/none_v3" 201 - "PUT http://172.18.0.2:8080/v1/AUTH_5ec2f863d8f54b06a96618816ae879f8/gnocchi.0acc584b-2a9b-4d25-8ed2-22e0a898ab24/none_v3" "txf8dc515fca2343369f2a1-0068e3e969" "proxy-server 20" 0.0099 "-" 20 0
Oct 6 16:08:09 standalone proxy-server[132048]: 172.18.0.2 172.18.0.100 06/Oct/2025/16/08/09 PUT /v1/AUTH_5ec2f863d8f54b06a96618816ae879f8/gnocchi.0acc584b-2a9b-4d25-8ed2-22e0a898ab24/none_v3 HTTP/1.0 201 - python-swiftclient-3.11.1 gAAAAABo4-kstErZ... 22 - - txf8dc515fca2343369f2a1-0068e3e969 - 0.0208 - - 1759766889.119620323 1759766889.140423536 0
Oct 6 16:08:16 standalone container-server[129700]: 172.20.0.100 - - [06/Oct/2025:16:08:16 +0000] "HEAD /d1/1002/AUTH_5ec2f863d8f54b06a96618816ae879f8/gnocchi.d1f0000f-03f4-4b2f-b680-11113f7b0493" 404 - "HEAD http://172.18.0.2:8080/v1/AUTH_5ec2f863d8f54b06a96618816ae879f8/gnocchi.d1f0000f-03f4-4b2f-b680-11113f7b0493?format=json&states=listing" "txb82a395c40bf4d1b8bca6-0068e3e970" "proxy-server 20" 0.0016 "-" 21 0
Oct 6 16:08:16 standalone object-server[129943]: 172.20.0.100 - - [06/Oct/2025:16:08:16 +0000] "GET /d1/909/AUTH_5ec2f863d8f54b06a96618816ae879f8/gnocchi.d1f0000f-03f4-4b2f-b680-11113f7b0493/none_v3" 404 70 "GET http://172.18.0.2:8080/v1/AUTH_5ec2f863d8f54b06a96618816ae879f8/gnocchi.d1f0000f-03f4-4b2f-b680-11113f7b0493/none_v3" "txb82a395c40bf4d1b8bca6-0068e3e970" "proxy-server 20" 0.0011 "-" 20 0
Oct 6 16:08:16 standalone proxy-server[132048]: 172.18.0.2 172.18.0.100 06/Oct/2025/16/08/16 GET /v1/AUTH_5ec2f863d8f54b06a96618816ae879f8/gnocchi.d1f0000f-03f4-4b2f-b680-11113f7b0493/none_v3 HTTP/1.0 404 - python-swiftclient-3.11.1 gAAAAABo4-kstErZ... - 70 - txb82a395c40bf4d1b8bca6-0068e3e970 - 0.0183 - - 1759766896.829996824 1759766896.848248720 0
Oct 6 16:08:16 standalone account-server[129659]: 172.20.0.100 - - [06/Oct/2025:16:08:16 +0000] "PUT /d1/908/AUTH_5ec2f863d8f54b06a96618816ae879f8/gnocchi.d1f0000f-03f4-4b2f-b680-11113f7b0493" 201 - "PUT http://172.20.0.100:6001/d1/1002/AUTH_5ec2f863d8f54b06a96618816ae879f8/gnocchi.d1f0000f-03f4-4b2f-b680-11113f7b0493" "tx71ce52041bc548619e2de-0068e3e970" "container-server 21" 0.0067 "-" 21 0
Oct 6 16:08:16 standalone container-server[129700]: 172.20.0.100 - - [06/Oct/2025:16:08:16 +0000] "PUT /d1/1002/AUTH_5ec2f863d8f54b06a96618816ae879f8/gnocchi.d1f0000f-03f4-4b2f-b680-11113f7b0493" 201 - "PUT http://172.18.0.2:8080/v1/AUTH_5ec2f863d8f54b06a96618816ae879f8/gnocchi.d1f0000f-03f4-4b2f-b680-11113f7b0493" "tx71ce52041bc548619e2de-0068e3e970" "proxy-server 20" 0.0276 "-" 21 0
Oct 6 16:08:16 standalone proxy-server[132048]: 172.18.0.2 172.18.0.100 06/Oct/2025/16/08/16 PUT /v1/AUTH_5ec2f863d8f54b06a96618816ae879f8/gnocchi.d1f0000f-03f4-4b2f-b680-11113f7b0493 HTTP/1.0 201 - python-swiftclient-3.11.1 gAAAAABo4-kstErZ... - - - tx71ce52041bc548619e2de-0068e3e970 - 0.0366 - - 1759766896.852398872 1759766896.889040232 0
Oct 6 16:08:16 standalone container-server[129700]: 172.20.0.100 - - [06/Oct/2025:16:08:16 +0000] "HEAD /d1/1002/AUTH_5ec2f863d8f54b06a96618816ae879f8/gnocchi.d1f0000f-03f4-4b2f-b680-11113f7b0493" 204 - "HEAD http://172.18.0.2:8080/v1/AUTH_5ec2f863d8f54b06a96618816ae879f8/gnocchi.d1f0000f-03f4-4b2f-b680-11113f7b0493?format=json&states=listing" "tx7518be028ec04e9f99a97-0068e3e970" "proxy-server 20" 0.0026 "-" 21 0
Oct 6 16:08:16 standalone proxy-server[132048]: - - 06/Oct/2025/16/08/16 HEAD /v1/AUTH_5ec2f863d8f54b06a96618816ae879f8/gnocchi.d1f0000f-03f4-4b2f-b680-11113f7b0493%3Fformat%3Djson%26states%3Dlisting HTTP/1.0 204 - Swift - - - - tx7518be028ec04e9f99a97-0068e3e970 - 0.0092 RL - 1759766896.895143747 1759766896.904388666 0
Oct 6 16:08:16 standalone container-server[129700]: 172.20.0.100 - - [06/Oct/2025:16:08:16 +0000] "GET /d1/1002/AUTH_5ec2f863d8f54b06a96618816ae879f8/gnocchi.d1f0000f-03f4-4b2f-b680-11113f7b0493" 200 2 "GET http://172.18.0.2:8080/v1/AUTH_5ec2f863d8f54b06a96618816ae879f8/gnocchi.d1f0000f-03f4-4b2f-b680-11113f7b0493?format=json&states=listing" "tx7518be028ec04e9f99a97-0068e3e970" "proxy-server 20" 0.0067 "-" 21 0
Oct 6 16:08:16 standalone proxy-server[132048]: 172.18.0.2 172.18.0.100 06/Oct/2025/16/08/16 GET /v1/AUTH_5ec2f863d8f54b06a96618816ae879f8/gnocchi.d1f0000f-03f4-4b2f-b680-11113f7b0493%3Fformat%3Djson%26states%3Dlisting HTTP/1.0 200 - python-swiftclient-3.11.1 gAAAAABo4-kstErZ... - 2 - tx7518be028ec04e9f99a97-0068e3e970 - 0.0285 - - 1759766896.892875671 1759766896.921360970 0
Oct 6 16:08:16 standalone object-server[129943]: 172.20.0.100 - - [06/Oct/2025:16:08:16 +0000] "GET /d1/610/AUTH_5ec2f863d8f54b06a96618816ae879f8/gnocchi.d1f0000f-03f4-4b2f-b680-11113f7b0493/1759320000.0_mean_300.0_v3" 404 70 "GET http://172.18.0.2:8080/v1/AUTH_5ec2f863d8f54b06a96618816ae879f8/gnocchi.d1f0000f-03f4-4b2f-b680-11113f7b0493/1759320000.0_mean_300.0_v3" "tx2c4afd9dad334424a3f49-0068e3e970" "proxy-server 20" 0.0007 "-" 20 0
Oct 6 16:08:16 standalone proxy-server[132048]: 172.18.0.2 172.18.0.100 06/Oct/2025/16/08/16 GET /v1/AUTH_5ec2f863d8f54b06a96618816ae879f8/gnocchi.d1f0000f-03f4-4b2f-b680-11113f7b0493/1759320000.0_mean_300.0_v3 HTTP/1.0 404 - python-swiftclient-3.11.1 gAAAAABo4-kstErZ... - 70 - tx2c4afd9dad334424a3f49-0068e3e970 - 0.0102 - - 1759766896.925042868 1759766896.935259819 0
Oct 6 16:08:16 standalone container-server[129700]: 172.20.0.100 - - [06/Oct/2025:16:08:16 +0000] "PUT /d1/1002/AUTH_5ec2f863d8f54b06a96618816ae879f8/gnocchi.d1f0000f-03f4-4b2f-b680-11113f7b0493/1759320000.0_mean_300.0_v3" 201 - "PUT http://172.18.0.2:8080/d1/610/AUTH_5ec2f863d8f54b06a96618816ae879f8/gnocchi.d1f0000f-03f4-4b2f-b680-11113f7b0493/1759320000.0_mean_300.0_v3" "txf676927220294eb3b7935-0068e3e970" "object-server 20" 0.0014 "-" 21 0
Oct 6 16:08:16 standalone object-server[129943]: 172.20.0.100 - - [06/Oct/2025:16:08:16 +0000] "PUT /d1/610/AUTH_5ec2f863d8f54b06a96618816ae879f8/gnocchi.d1f0000f-03f4-4b2f-b680-11113f7b0493/1759320000.0_mean_300.0_v3" 201 - "PUT http://172.18.0.2:8080/v1/AUTH_5ec2f863d8f54b06a96618816ae879f8/gnocchi.d1f0000f-03f4-4b2f-b680-11113f7b0493/1759320000.0_mean_300.0_v3" "txf676927220294eb3b7935-0068e3e970" "proxy-server 20" 0.0159 "-" 20 0
Oct 6 16:08:16 standalone proxy-server[132048]: 172.18.0.2 172.18.0.100 06/Oct/2025/16/08/16 PUT /v1/AUTH_5ec2f863d8f54b06a96618816ae879f8/gnocchi.d1f0000f-03f4-4b2f-b680-11113f7b0493/1759320000.0_mean_300.0_v3 HTTP/1.0 201 - python-swiftclient-3.11.1 gAAAAABo4-kstErZ... 16 - - txf676927220294eb3b7935-0068e3e970 - 0.0283 - - 1759766896.940609694 1759766896.968949318 0
Oct 6 16:08:16 standalone container-server[129700]: 172.20.0.100 - - [06/Oct/2025:16:08:16 +0000] "PUT /d1/1002/AUTH_5ec2f863d8f54b06a96618816ae879f8/gnocchi.d1f0000f-03f4-4b2f-b680-11113f7b0493/none_v3" 201 - "PUT http://172.18.0.2:8080/d1/909/AUTH_5ec2f863d8f54b06a96618816ae879f8/gnocchi.d1f0000f-03f4-4b2f-b680-11113f7b0493/none_v3" "tx942c97bfb8ac4e7eb663d-0068e3e970" "object-server 19" 0.0006 "-" 21 0
Oct 6 16:08:16 standalone object-server[129942]: 172.20.0.100 - - [06/Oct/2025:16:08:16 +0000] "PUT /d1/909/AUTH_5ec2f863d8f54b06a96618816ae879f8/gnocchi.d1f0000f-03f4-4b2f-b680-11113f7b0493/none_v3" 201 - "PUT http://172.18.0.2:8080/v1/AUTH_5ec2f863d8f54b06a96618816ae879f8/gnocchi.d1f0000f-03f4-4b2f-b680-11113f7b0493/none_v3" "tx942c97bfb8ac4e7eb663d-0068e3e970" "proxy-server 20" 0.0141 "-" 19 0
Oct 6 16:08:16 standalone proxy-server[132048]: 172.18.0.2 172.18.0.100 06/Oct/2025/16/08/16 PUT /v1/AUTH_5ec2f863d8f54b06a96618816ae879f8/gnocchi.d1f0000f-03f4-4b2f-b680-11113f7b0493/none_v3 HTTP/1.0 201 - python-swiftclient-3.11.1 gAAAAABo4-kstErZ... 22 - - tx942c97bfb8ac4e7eb663d-0068e3e970 - 0.0225 - - 1759766896.971965075 1759766896.994424343 0
Oct 6 16:08:17 standalone container-server[129709]: 172.20.0.100 - - [06/Oct/2025:16:08:17 +0000] "HEAD /d1/538/AUTH_5ec2f863d8f54b06a96618816ae879f8/gnocchi.1b64b34a-0942-4a7e-a6f0-7f4d0b3ad01e" 404 - "HEAD http://172.18.0.2:8080/v1/AUTH_5ec2f863d8f54b06a96618816ae879f8/gnocchi.1b64b34a-0942-4a7e-a6f0-7f4d0b3ad01e?format=json&states=listing" "txae1af031f9ba44cd8712a-0068e3e971" "proxy-server 20" 0.0008 "-" 22 0
Oct 6 16:08:17 standalone object-server[129943]: 172.20.0.100 - - [06/Oct/2025:16:08:17 +0000] "GET /d1/517/AUTH_5ec2f863d8f54b06a96618816ae879f8/gnocchi.1b64b34a-0942-4a7e-a6f0-7f4d0b3ad01e/none_v3" 404 70 "GET http://172.18.0.2:8080/v1/AUTH_5ec2f863d8f54b06a96618816ae879f8/gnocchi.1b64b34a-0942-4a7e-a6f0-7f4d0b3ad01e/none_v3" "txae1af031f9ba44cd8712a-0068e3e971" "proxy-server 20" 0.0007 "-" 20 0
Oct 6 16:08:17 standalone proxy-server[132048]: 172.18.0.2 172.18.0.100 06/Oct/2025/16/08/17 GET /v1/AUTH_5ec2f863d8f54b06a96618816ae879f8/gnocchi.1b64b34a-0942-4a7e-a6f0-7f4d0b3ad01e/none_v3 HTTP/1.0 404 - python-swiftclient-3.11.1 gAAAAABo4-kstErZ... - 70 - txae1af031f9ba44cd8712a-0068e3e971 - 0.0153 - - 1759766897.016482353 1759766897.031782150 0
Oct 6 16:08:17 standalone account-server[129647]: 172.20.0.100 - - [06/Oct/2025:16:08:17 +0000] "PUT /d1/908/AUTH_5ec2f863d8f54b06a96618816ae879f8/gnocchi.1b64b34a-0942-4a7e-a6f0-7f4d0b3ad01e" 201 - "PUT http://172.20.0.100:6001/d1/538/AUTH_5ec2f863d8f54b06a96618816ae879f8/gnocchi.1b64b34a-0942-4a7e-a6f0-7f4d0b3ad01e" "tx3c12122de51a4cf3858f6-0068e3e971" "container-server 23" 0.0080 "-" 19 0
Oct 6 16:08:17 standalone container-server[129710]: 172.20.0.100 - - [06/Oct/2025:16:08:17 +0000] "PUT /d1/538/AUTH_5ec2f863d8f54b06a96618816ae879f8/gnocchi.1b64b34a-0942-4a7e-a6f0-7f4d0b3ad01e" 201 - "PUT http://172.18.0.2:8080/v1/AUTH_5ec2f863d8f54b06a96618816ae879f8/gnocchi.1b64b34a-0942-4a7e-a6f0-7f4d0b3ad01e" "tx3c12122de51a4cf3858f6-0068e3e971" "proxy-server 20" 0.0267 "-" 23 0
Oct 6 16:08:17 standalone proxy-server[132048]: 172.18.0.2 172.18.0.100 06/Oct/2025/16/08/17 PUT /v1/AUTH_5ec2f863d8f54b06a96618816ae879f8/gnocchi.1b64b34a-0942-4a7e-a6f0-7f4d0b3ad01e HTTP/1.0 201 - python-swiftclient-3.11.1 gAAAAABo4-kstErZ... - - - tx3c12122de51a4cf3858f6-0068e3e971 - 0.0385 - - 1759766897.036753178 1759766897.075242758 0
Oct 6 16:08:17 standalone container-server[129700]: 172.20.0.100 - - [06/Oct/2025:16:08:17 +0000] "HEAD /d1/538/AUTH_5ec2f863d8f54b06a96618816ae879f8/gnocchi.1b64b34a-0942-4a7e-a6f0-7f4d0b3ad01e" 204 - "HEAD http://172.18.0.2:8080/v1/AUTH_5ec2f863d8f54b06a96618816ae879f8/gnocchi.1b64b34a-0942-4a7e-a6f0-7f4d0b3ad01e?format=json&states=listing" "txf4134a9d49244939b613c-0068e3e971" "proxy-server 20" 0.0018 "-" 21 0
Oct 6 16:08:17 standalone proxy-server[132048]: - - 06/Oct/2025/16/08/17 HEAD /v1/AUTH_5ec2f863d8f54b06a96618816ae879f8/gnocchi.1b64b34a-0942-4a7e-a6f0-7f4d0b3ad01e%3Fformat%3Djson%26states%3Dlisting HTTP/1.0 204 - Swift - - - - txf4134a9d49244939b613c-0068e3e971 - 0.0073 RL - 1759766897.090855598 1759766897.098113298 0
Oct 6 16:08:17 standalone container-server[129710]: 172.20.0.100 - - [06/Oct/2025:16:08:17 +0000] "GET /d1/538/AUTH_5ec2f863d8f54b06a96618816ae879f8/gnocchi.1b64b34a-0942-4a7e-a6f0-7f4d0b3ad01e" 200 2 "GET http://172.18.0.2:8080/v1/AUTH_5ec2f863d8f54b06a96618816ae879f8/gnocchi.1b64b34a-0942-4a7e-a6f0-7f4d0b3ad01e?format=json&states=listing" "txf4134a9d49244939b613c-0068e3e971" "proxy-server 20" 0.0042 "-" 23 0
Oct 6 16:08:17 standalone proxy-server[132048]: 172.18.0.2 172.18.0.100 06/Oct/2025/16/08/17 GET /v1/AUTH_5ec2f863d8f54b06a96618816ae879f8/gnocchi.1b64b34a-0942-4a7e-a6f0-7f4d0b3ad01e%3Fformat%3Djson%26states%3Dlisting HTTP/1.0 200 - python-swiftclient-3.11.1 gAAAAABo4-kstErZ... - 2 - txf4134a9d49244939b613c-0068e3e971 - 0.0264 - - 1759766897.086381674 1759766897.112747192 0
Oct 6 16:08:17 standalone object-server[129943]: 172.20.0.100 - - [06/Oct/2025:16:08:17 +0000] "GET /d1/839/AUTH_5ec2f863d8f54b06a96618816ae879f8/gnocchi.1b64b34a-0942-4a7e-a6f0-7f4d0b3ad01e/1759320000.0_mean_300.0_v3" 404 70 "GET http://172.18.0.2:8080/v1/AUTH_5ec2f863d8f54b06a96618816ae879f8/gnocchi.1b64b34a-0942-4a7e-a6f0-7f4d0b3ad01e/1759320000.0_mean_300.0_v3" "tx6fe5e91777c74fd598c26-0068e3e971" "proxy-server 20" 0.0009 "-" 20 0
