Oct 6 16:09:59 standalone proxy-server[132048]: 172.18.0.2 172.18.0.100 06/Oct/2025/16/09/59 PUT /v1/AUTH_5ec2f863d8f54b06a96618816ae879f8/gnocchi.92c214ea-0034-4358-9b91-3baad1bbadd7/none_v3 HTTP/1.0 201 - python-swiftclient-3.11.1 gAAAAABo4-kstErZ... 22 - - txd76c8db8dcab42f9b280c-0068e3e9d7 - 0.0482 - - 1759766999.278280973 1759766999.326483727 0
Oct 6 16:09:59 standalone container-server[129694]: 172.20.0.100 - - [06/Oct/2025:16:09:59 +0000] "HEAD /d1/36/AUTH_5ec2f863d8f54b06a96618816ae879f8/gnocchi.c08c5966-dd59-4a62-8313-ea4935247a6b" 404 - "HEAD http://172.18.0.2:8080/v1/AUTH_5ec2f863d8f54b06a96618816ae879f8/gnocchi.c08c5966-dd59-4a62-8313-ea4935247a6b?format=json&states=listing" "tx5ed1e519559c43c685402-0068e3e9d7" "proxy-server 20" 0.0004 "-" 20 0
Oct 6 16:09:59 standalone object-server[129947]: 172.20.0.100 - - [06/Oct/2025:16:09:59 +0000] "GET /d1/93/AUTH_5ec2f863d8f54b06a96618816ae879f8/gnocchi.c08c5966-dd59-4a62-8313-ea4935247a6b/none_v3" 404 70 "GET http://172.18.0.2:8080/v1/AUTH_5ec2f863d8f54b06a96618816ae879f8/gnocchi.c08c5966-dd59-4a62-8313-ea4935247a6b/none_v3" "tx5ed1e519559c43c685402-0068e3e9d7" "proxy-server 20" 0.0004 "-" 21 0
Oct 6 16:09:59 standalone proxy-server[132048]: 172.18.0.2 172.18.0.100 06/Oct/2025/16/09/59 GET /v1/AUTH_5ec2f863d8f54b06a96618816ae879f8/gnocchi.c08c5966-dd59-4a62-8313-ea4935247a6b/none_v3 HTTP/1.0 404 - python-swiftclient-3.11.1 gAAAAABo4-kstErZ... - 70 - tx5ed1e519559c43c685402-0068e3e9d7 - 0.0138 - - 1759766999.349385977 1759766999.363196373 0
Oct 6 16:09:59 standalone account-server[129677]: 172.20.0.100 - - [06/Oct/2025:16:09:59 +0000] "PUT /d1/908/AUTH_5ec2f863d8f54b06a96618816ae879f8/gnocchi.c08c5966-dd59-4a62-8313-ea4935247a6b" 201 - "PUT http://172.20.0.100:6001/d1/36/AUTH_5ec2f863d8f54b06a96618816ae879f8/gnocchi.c08c5966-dd59-4a62-8313-ea4935247a6b" "tx755b4ad3c8ed400f992d8-0068e3e9d7" "container-server 20" 0.0048 "-" 23 0
Oct 6 16:09:59 standalone container-server[129694]: 172.20.0.100 - - [06/Oct/2025:16:09:59 +0000] "PUT /d1/36/AUTH_5ec2f863d8f54b06a96618816ae879f8/gnocchi.c08c5966-dd59-4a62-8313-ea4935247a6b" 201 - "PUT http://172.18.0.2:8080/v1/AUTH_5ec2f863d8f54b06a96618816ae879f8/gnocchi.c08c5966-dd59-4a62-8313-ea4935247a6b" "tx755b4ad3c8ed400f992d8-0068e3e9d7" "proxy-server 20" 0.0136 "-" 20 0
Oct 6 16:09:59 standalone proxy-server[132048]: 172.18.0.2 172.18.0.100 06/Oct/2025/16/09/59 PUT /v1/AUTH_5ec2f863d8f54b06a96618816ae879f8/gnocchi.c08c5966-dd59-4a62-8313-ea4935247a6b HTTP/1.0 201 - python-swiftclient-3.11.1 gAAAAABo4-kstErZ... - - - tx755b4ad3c8ed400f992d8-0068e3e9d7 - 0.0217 - - 1759766999.366347313 1759766999.388014317 0
Oct 6 16:09:59 standalone container-server[129700]: 172.20.0.100 - - [06/Oct/2025:16:09:59 +0000] "HEAD /d1/36/AUTH_5ec2f863d8f54b06a96618816ae879f8/gnocchi.c08c5966-dd59-4a62-8313-ea4935247a6b" 204 - "HEAD http://172.18.0.2:8080/v1/AUTH_5ec2f863d8f54b06a96618816ae879f8/gnocchi.c08c5966-dd59-4a62-8313-ea4935247a6b?format=json&states=listing" "tx9fa531d53f2740eab8d69-0068e3e9d7" "proxy-server 20" 0.0015 "-" 21 0
Oct 6 16:09:59 standalone proxy-server[132048]: - - 06/Oct/2025/16/09/59 HEAD /v1/AUTH_5ec2f863d8f54b06a96618816ae879f8/gnocchi.c08c5966-dd59-4a62-8313-ea4935247a6b%3Fformat%3Djson%26states%3Dlisting HTTP/1.0 204 - Swift - - - - tx9fa531d53f2740eab8d69-0068e3e9d7 - 0.0080 RL - 1759766999.393463612 1759766999.401417494 0
Oct 6 16:09:59 standalone container-server[129694]: 172.20.0.100 - - [06/Oct/2025:16:09:59 +0000] "GET /d1/36/AUTH_5ec2f863d8f54b06a96618816ae879f8/gnocchi.c08c5966-dd59-4a62-8313-ea4935247a6b" 200 2 "GET http://172.18.0.2:8080/v1/AUTH_5ec2f863d8f54b06a96618816ae879f8/gnocchi.c08c5966-dd59-4a62-8313-ea4935247a6b?format=json&states=listing" "tx9fa531d53f2740eab8d69-0068e3e9d7" "proxy-server 20" 0.0021 "-" 20 0
Oct 6 16:09:59 standalone proxy-server[132048]: 172.18.0.2 172.18.0.100 06/Oct/2025/16/09/59 GET /v1/AUTH_5ec2f863d8f54b06a96618816ae879f8/gnocchi.c08c5966-dd59-4a62-8313-ea4935247a6b%3Fformat%3Djson%26states%3Dlisting HTTP/1.0 200 - python-swiftclient-3.11.1 gAAAAABo4-kstErZ... - 2 - tx9fa531d53f2740eab8d69-0068e3e9d7 - 0.0216 - - 1759766999.391730070 1759766999.413345337 0
Oct 6 16:09:59 standalone object-server[129947]: 172.20.0.100 - - [06/Oct/2025:16:09:59 +0000] "GET /d1/352/AUTH_5ec2f863d8f54b06a96618816ae879f8/gnocchi.c08c5966-dd59-4a62-8313-ea4935247a6b/1759320000.0_mean_300.0_v3" 404 70 "GET http://172.18.0.2:8080/v1/AUTH_5ec2f863d8f54b06a96618816ae879f8/gnocchi.c08c5966-dd59-4a62-8313-ea4935247a6b/1759320000.0_mean_300.0_v3" "tx144bf0ffed574b31af062-0068e3e9d7" "proxy-server 20" 0.0007 "-" 21 0
Oct 6 16:09:59 standalone proxy-server[132048]: 172.18.0.2 172.18.0.100 06/Oct/2025/16/09/59 GET /v1/AUTH_5ec2f863d8f54b06a96618816ae879f8/gnocchi.c08c5966-dd59-4a62-8313-ea4935247a6b/1759320000.0_mean_300.0_v3 HTTP/1.0 404 - python-swiftclient-3.11.1 gAAAAABo4-kstErZ... - 70 - tx144bf0ffed574b31af062-0068e3e9d7 - 0.0085 - - 1759766999.417541265 1759766999.426083088 0
Oct 6 16:09:59 standalone container-server[129700]: 172.20.0.100 - - [06/Oct/2025:16:09:59 +0000] "PUT /d1/36/AUTH_5ec2f863d8f54b06a96618816ae879f8/gnocchi.c08c5966-dd59-4a62-8313-ea4935247a6b/1759320000.0_mean_300.0_v3" 201 - "PUT http://172.18.0.2:8080/d1/352/AUTH_5ec2f863d8f54b06a96618816ae879f8/gnocchi.c08c5966-dd59-4a62-8313-ea4935247a6b/1759320000.0_mean_300.0_v3" "tx02d90224aa0f4a2baf4db-0068e3e9d7" "object-server 20" 0.0008 "-" 21 0
Oct 6 16:09:59 standalone object-server[129943]: 172.20.0.100 - - [06/Oct/2025:16:09:59 +0000] "PUT /d1/352/AUTH_5ec2f863d8f54b06a96618816ae879f8/gnocchi.c08c5966-dd59-4a62-8313-ea4935247a6b/1759320000.0_mean_300.0_v3" 201 - "PUT http://172.18.0.2:8080/v1/AUTH_5ec2f863d8f54b06a96618816ae879f8/gnocchi.c08c5966-dd59-4a62-8313-ea4935247a6b/1759320000.0_mean_300.0_v3" "tx02d90224aa0f4a2baf4db-0068e3e9d7" "proxy-server 20" 0.0104 "-" 20 0
Oct 6 16:09:59 standalone proxy-server[132048]: 172.18.0.2 172.18.0.100 06/Oct/2025/16/09/59 PUT /v1/AUTH_5ec2f863d8f54b06a96618816ae879f8/gnocchi.c08c5966-dd59-4a62-8313-ea4935247a6b/1759320000.0_mean_300.0_v3 HTTP/1.0 201 - python-swiftclient-3.11.1 gAAAAABo4-kstErZ... 16 - - tx02d90224aa0f4a2baf4db-0068e3e9d7 - 0.0179 - - 1759766999.429776192 1759766999.447688341 0
Oct 6 16:09:59 standalone container-server[129694]: 172.20.0.100 - - [06/Oct/2025:16:09:59 +0000] "PUT /d1/36/AUTH_5ec2f863d8f54b06a96618816ae879f8/gnocchi.c08c5966-dd59-4a62-8313-ea4935247a6b/none_v3" 201 - "PUT http://172.18.0.2:8080/d1/93/AUTH_5ec2f863d8f54b06a96618816ae879f8/gnocchi.c08c5966-dd59-4a62-8313-ea4935247a6b/none_v3" "tx2b59f8c5fc294172ae46c-0068e3e9d7" "object-server 19" 0.0006 "-" 20 0
Oct 6 16:09:59 standalone object-server[129942]: 172.20.0.100 - - [06/Oct/2025:16:09:59 +0000] "PUT /d1/93/AUTH_5ec2f863d8f54b06a96618816ae879f8/gnocchi.c08c5966-dd59-4a62-8313-ea4935247a6b/none_v3" 201 - "PUT http://172.18.0.2:8080/v1/AUTH_5ec2f863d8f54b06a96618816ae879f8/gnocchi.c08c5966-dd59-4a62-8313-ea4935247a6b/none_v3" "tx2b59f8c5fc294172ae46c-0068e3e9d7" "proxy-server 20" 0.0094 "-" 19 0
Oct 6 16:09:59 standalone proxy-server[132048]: 172.18.0.2 172.18.0.100 06/Oct/2025/16/09/59 PUT /v1/AUTH_5ec2f863d8f54b06a96618816ae879f8/gnocchi.c08c5966-dd59-4a62-8313-ea4935247a6b/none_v3 HTTP/1.0 201 - python-swiftclient-3.11.1 gAAAAABo4-kstErZ... 22 - - tx2b59f8c5fc294172ae46c-0068e3e9d7 - 0.0169 - - 1759766999.451391459 1759766999.468258858 0
Oct 6 16:09:59 standalone container-server[129700]: 172.20.0.100 - - [06/Oct/2025:16:09:59 +0000] "HEAD /d1/69/AUTH_5ec2f863d8f54b06a96618816ae879f8/gnocchi.95889bc9-5c2c-4fee-abef-830967e6f8d2" 404 - "HEAD http://172.18.0.2:8080/v1/AUTH_5ec2f863d8f54b06a96618816ae879f8/gnocchi.95889bc9-5c2c-4fee-abef-830967e6f8d2?format=json&states=listing" "tx057268f49d1642f4af315-0068e3e9d7" "proxy-server 20" 0.0004 "-" 21 0
Oct 6 16:09:59 standalone object-server[129947]: 172.20.0.100 - - [06/Oct/2025:16:09:59 +0000] "GET /d1/145/AUTH_5ec2f863d8f54b06a96618816ae879f8/gnocchi.95889bc9-5c2c-4fee-abef-830967e6f8d2/none_v3" 404 70 "GET http://172.18.0.2:8080/v1/AUTH_5ec2f863d8f54b06a96618816ae879f8/gnocchi.95889bc9-5c2c-4fee-abef-830967e6f8d2/none_v3" "tx057268f49d1642f4af315-0068e3e9d7" "proxy-server 20" 0.0007 "-" 21 0
Oct 6 16:09:59 standalone proxy-server[132048]: 172.18.0.2 172.18.0.100 06/Oct/2025/16/09/59 GET /v1/AUTH_5ec2f863d8f54b06a96618816ae879f8/gnocchi.95889bc9-5c2c-4fee-abef-830967e6f8d2/none_v3 HTTP/1.0 404 - python-swiftclient-3.11.1 gAAAAABo4-kstErZ... - 70 - tx057268f49d1642f4af315-0068e3e9d7 - 0.0161 - - 1759766999.481729746 1759766999.497798681 0
Oct 6 16:09:59 standalone account-server[129677]: 172.20.0.100 - - [06/Oct/2025:16:09:59 +0000] "PUT /d1/908/AUTH_5ec2f863d8f54b06a96618816ae879f8/gnocchi.95889bc9-5c2c-4fee-abef-830967e6f8d2" 201 - "PUT http://172.20.0.100:6001/d1/69/AUTH_5ec2f863d8f54b06a96618816ae879f8/gnocchi.95889bc9-5c2c-4fee-abef-830967e6f8d2" "tx5913a90e045a41f8b9f88-0068e3e9d7" "container-server 20" 0.0048 "-" 23 0
Oct 6 16:09:59 standalone container-server[129694]: 172.20.0.100 - - [06/Oct/2025:16:09:59 +0000] "PUT /d1/69/AUTH_5ec2f863d8f54b06a96618816ae879f8/gnocchi.95889bc9-5c2c-4fee-abef-830967e6f8d2" 201 - "PUT http://172.18.0.2:8080/v1/AUTH_5ec2f863d8f54b06a96618816ae879f8/gnocchi.95889bc9-5c2c-4fee-abef-830967e6f8d2" "tx5913a90e045a41f8b9f88-0068e3e9d7" "proxy-server 20" 0.0193 "-" 20 0
Oct 6 16:09:59 standalone proxy-server[132048]: 172.18.0.2 172.18.0.100 06/Oct/2025/16/09/59 PUT /v1/AUTH_5ec2f863d8f54b06a96618816ae879f8/gnocchi.95889bc9-5c2c-4fee-abef-830967e6f8d2 HTTP/1.0 201 - python-swiftclient-3.11.1 gAAAAABo4-kstErZ... - - - tx5913a90e045a41f8b9f88-0068e3e9d7 - 0.0263 - - 1759766999.502454519 1759766999.528759241 0
Oct 6 16:09:59 standalone container-server[129710]: 172.20.0.100 - - [06/Oct/2025:16:09:59 +0000] "HEAD /d1/69/AUTH_5ec2f863d8f54b06a96618816ae879f8/gnocchi.95889bc9-5c2c-4fee-abef-830967e6f8d2" 204 - "HEAD http://172.18.0.2:8080/v1/AUTH_5ec2f863d8f54b06a96618816ae879f8/gnocchi.95889bc9-5c2c-4fee-abef-830967e6f8d2?format=json&states=listing" "tx9c07e25bbcab4ed89b6ff-0068e3e9d7" "proxy-server 20" 0.0031 "-" 23 0
Oct 6 16:09:59 standalone proxy-server[132048]: - - 06/Oct/2025/16/09/59 HEAD /v1/AUTH_5ec2f863d8f54b06a96618816ae879f8/gnocchi.95889bc9-5c2c-4fee-abef-830967e6f8d2%3Fformat%3Djson%26states%3Dlisting HTTP/1.0 204 - Swift - - - - tx9c07e25bbcab4ed89b6ff-0068e3e9d7 - 0.0080 RL - 1759766999.535507679 1759766999.543507338 0
Oct 6 16:09:59 standalone container-server[129694]: 172.20.0.100 - - [06/Oct/2025:16:09:59 +0000] "GET /d1/69/AUTH_5ec2f863d8f54b06a96618816ae879f8/gnocchi.95889bc9-5c2c-4fee-abef-830967e6f8d2" 200 2 "GET http://172.18.0.2:8080/v1/AUTH_5ec2f863d8f54b06a96618816ae879f8/gnocchi.95889bc9-5c2c-4fee-abef-830967e6f8d2?format=json&states=listing" "tx9c07e25bbcab4ed89b6ff-0068e3e9d7" "proxy-server 20" 0.0043 "-" 20 0
Oct 6 16:09:59 standalone proxy-server[132048]: 172.18.0.2 172.18.0.100 06/Oct/2025/16/09/59 GET /v1/AUTH_5ec2f863d8f54b06a96618816ae879f8/gnocchi.95889bc9-5c2c-4fee-abef-830967e6f8d2%3Fformat%3Djson%26states%3Dlisting HTTP/1.0 200 - python-swiftclient-3.11.1 gAAAAABo4-kstErZ... - 2 - tx9c07e25bbcab4ed89b6ff-0068e3e9d7 - 0.0250 - - 1759766999.533947229 1759766999.558900595 0
Oct 6 16:09:59 standalone object-server[129942]: 172.20.0.100 - - [06/Oct/2025:16:09:59 +0000] "GET /d1/454/AUTH_5ec2f863d8f54b06a96618816ae879f8/gnocchi.95889bc9-5c2c-4fee-abef-830967e6f8d2/1759320000.0_mean_300.0_v3" 404 70 "GET http://172.18.0.2:8080/v1/AUTH_5ec2f863d8f54b06a96618816ae879f8/gnocchi.95889bc9-5c2c-4fee-abef-830967e6f8d2/1759320000.0_mean_300.0_v3" "tx4b6f1f5215014717a6cf4-0068e3e9d7" "proxy-server 20" 0.0005 "-" 19 0
Oct 6 16:09:59 standalone proxy-server[132048]: 172.18.0.2 172.18.0.100 06/Oct/2025/16/09/59 GET /v1/AUTH_5ec2f863d8f54b06a96618816ae879f8/gnocchi.95889bc9-5c2c-4fee-abef-830967e6f8d2/1759320000.0_mean_300.0_v3 HTTP/1.0 404 - python-swiftclient-3.11.1 gAAAAABo4-kstErZ... - 70 - tx4b6f1f5215014717a6cf4-0068e3e9d7 - 0.0080 - - 1759766999.566483736 1759766999.574464083 0
Oct 6 16:09:59 standalone container-server[129710]: 172.20.0.100 - - [06/Oct/2025:16:09:59 +0000] "PUT /d1/69/AUTH_5ec2f863d8f54b06a96618816ae879f8/gnocchi.95889bc9-5c2c-4fee-abef-830967e6f8d2/1759320000.0_mean_300.0_v3" 201 - "PUT http://172.18.0.2:8080/d1/454/AUTH_5ec2f863d8f54b06a96618816ae879f8/gnocchi.95889bc9-5c2c-4fee-abef-830967e6f8d2/1759320000.0_mean_300.0_v3" "tx20f2d8efa24c409f8f46f-0068e3e9d7" "object-server 19" 0.0011 "-" 23 0
Oct 6 16:09:59 standalone object-server[129942]: 172.20.0.100 - - [06/Oct/2025:16:09:59 +0000] "PUT /d1/454/AUTH_5ec2f863d8f54b06a96618816ae879f8/gnocchi.95889bc9-5c2c-4fee-abef-830967e6f8d2/1759320000.0_mean_300.0_v3" 201 - "PUT http://172.18.0.2:8080/v1/AUTH_5ec2f863d8f54b06a96618816ae879f8/gnocchi.95889bc9-5c2c-4fee-abef-830967e6f8d2/1759320000.0_mean_300.0_v3" "tx20f2d8efa24c409f8f46f-0068e3e9d7" "proxy-server 20" 0.0148 "-" 19 0
Oct 6 16:09:59 standalone proxy-server[132048]: 172.18.0.2 172.18.0.100 06/Oct/2025/16/09/59 PUT /v1/AUTH_5ec2f863d8f54b06a96618816ae879f8/gnocchi.95889bc9-5c2c-4fee-abef-830967e6f8d2/1759320000.0_mean_300.0_v3 HTTP/1.0 201 - python-swiftclient-3.11.1 gAAAAABo4-kstErZ... 16 - - tx20f2d8efa24c409f8f46f-0068e3e9d7 - 0.0227 - - 1759766999.580251217 1759766999.602941751 0
Oct 6 16:09:59 standalone container-server[129710]: 172.20.0.100 - - [06/Oct/2025:16:09:59 +0000] "PUT /d1/69/AUTH_5ec2f863d8f54b06a96618816ae879f8/gnocchi.95889bc9-5c2c-4fee-abef-830967e6f8d2/none_v3" 201 - "PUT http://172.18.0.2:8080/d1/145/AUTH_5ec2f863d8f54b06a96618816ae879f8/gnocchi.95889bc9-5c2c-4fee-abef-830967e6f8d2/none_v3" "txc43ae132abef46d4aed98-0068e3e9d7" "object-server 21" 0.0007 "-" 23 0
Oct 6 16:09:59 standalone object-server[129947]: 172.20.0.100 - - [06/Oct/2025:16:09:59 +0000] "PUT /d1/145/AUTH_5ec2f863d8f54b06a96618816ae879f8/gnocchi.95889bc9-5c2c-4fee-abef-830967e6f8d2/none_v3" 201 - "PUT http://172.18.0.2:8080/v1/AUTH_5ec2f863d8f54b06a96618816ae879f8/gnocchi.95889bc9-5c2c-4fee-abef-830967e6f8d2/none_v3" "txc43ae132abef46d4aed98-0068e3e9d7" "proxy-server 20" 0.0115 "-" 21 0
Oct 6 16:09:59 standalone proxy-server[132048]: 172.18.0.2 172.18.0.100 06/Oct/2025/16/09/59 PUT /v1/AUTH_5ec2f863d8f54b06a96618816ae879f8/gnocchi.95889bc9-5c2c-4fee-abef-830967e6f8d2/none_v3 HTTP/1.0 201 - python-swiftclient-3.11.1 gAAAAABo4-kstErZ... 22 - - txc43ae132abef46d4aed98-0068e3e9d7 - 0.0240 - - 1759766999.611133099 1759766999.635135651 0
Oct 6 16:09:59 standalone container-server[129694]: 172.20.0.100 - - [06/Oct/2025:16:09:59 +0000] "HEAD /d1/787/AUTH_5ec2f863d8f54b06a96618816ae879f8/gnocchi.fdd88321-b353-4b78-9841-8562afde0215" 404 - "HEAD http://172.18.0.2:8080/v1/AUTH_5ec2f863d8f54b06a96618816ae879f8/gnocchi.fdd88321-b353-4b78-9841-8562afde0215?format=json&states=listing" "tx6a0b0dcc0a7a4957ac970-0068e3e9d7" "proxy-server 20" 0.0007 "-" 20 0
Oct 6 16:09:59 standalone object-server[129942]: 172.20.0.100 - - [06/Oct/2025:16:09:59 +0000] "GET /d1/758/AUTH_5ec2f863d8f54b06a96618816ae879f8/gnocchi.fdd88321-b353-4b78-9841-8562afde0215/none_v3" 404 70 "GET http://172.18.0.2:8080/v1/AUTH_5ec2f863d8f54b06a96618816ae879f8/gnocchi.fdd88321-b353-4b78-9841-8562afde0215/none_v3" "tx6a0b0dcc0a7a4957ac970-0068e3e9d7" "proxy-server 20" 0.0004 "-" 19 0
Oct 6 16:09:59 standalone proxy-server[132048]: 172.18.0.2 172.18.0.100 06/Oct/2025/16/09/59 GET /v1/AUTH_5ec2f863d8f54b06a96618816ae879f8/gnocchi.fdd88321-b353-4b78-9841-8562afde0215/none_v3 HTTP/1.0 404 - python-swiftclient-3.11.1 gAAAAABo4-kstErZ... - 70 - tx6a0b0dcc0a7a4957ac970-0068e3e9d7 - 0.0171 - - 1759766999.654762745 1759766999.671867609 0
Oct 6 16:09:59 standalone account-server[129636]: 172.20.0.100 - - [06/Oct/2025:16:09:59 +0000] "PUT /d1/908/AUTH_5ec2f863d8f54b06a96618816ae879f8/gnocchi.fdd88321-b353-4b78-9841-8562afde0215" 201 - "PUT http://172.20.0.100:6001/d1/787/AUTH_5ec2f863d8f54b06a96618816ae879f8/gnocchi.fdd88321-b353-4b78-9841-8562afde0215" "txe321f19e27ef4fe292f9f-0068e3e9d7" "container-server 20" 0.0069 "-" 17 0
Oct 6 16:09:59 standalone container-server[129694]: 172.20.0.100 - - [06/Oct/2025:16:09:59 +0000] "PUT /d1/787/AUTH_5ec2f863d8f54b06a96618816ae879f8/gnocchi.fdd88321-b353-4b78-9841-8562afde0215" 201 - "PUT http://172.18.0.2:8080/v1/AUTH_5ec2f863d8f54b06a96618816ae879f8/gnocchi.fdd88321-b353-4b78-9841-8562afde0215" "txe321f19e27ef4fe292f9f-0068e3e9d7" "proxy-server 20" 0.0240 "-" 20 0
Oct 6 16:09:59 standalone proxy-server[132048]: 172.18.0.2 172.18.0.100 06/Oct/2025/16/09/59 PUT /v1/AUTH_5ec2f863d8f54b06a96618816ae879f8/gnocchi.fdd88321-b353-4b78-9841-8562afde0215 HTTP/1.0 201 - python-swiftclient-3.11.1 gAAAAABo4-kstErZ... - - - txe321f19e27ef4fe292f9f-0068e3e9d7 - 0.0328 - - 1759766999.675852299 1759766999.708610058 0
Oct 6 16:09:59 standalone container-server[129694]: 172.20.0.100 - - [06/Oct/2025:16:09:59 +0000] "HEAD /d1/787/AUTH_5ec2f863d8f54b06a96618816ae879f8/gnocchi.fdd88321-b353-4b78-9841-8562afde0215" 204 - "HEAD http://172.18.0.2:8080/v1/AUTH_5ec2f863d8f54b06a96618816ae879f8/gnocchi.fdd88321-b353-4b78-9841-8562afde0215?format=json&states=listing" "tx02d5171327f24ec082fc4-0068e3e9d7" "proxy-server 20" 0.0026 "-" 20 0
Oct 6 16:09:59 standalone proxy-server[132048]: - - 06/Oct/2025/16/09/59 HEAD /v1/AUTH_5ec2f863d8f54b06a96618816ae879f8/gnocchi.fdd88321-b353-4b78-9841-8562afde0215%3Fformat%3Djson%26states%3Dlisting HTTP/1.0 204 - Swift - - - - tx02d5171327f24ec082fc4-0068e3e9d7 - 0.0101 RL - 1759766999.715180874 1759766999.725312710 0
Oct 6 16:09:59 standalone container-server[129700]: 172.20.0.100 - - [06/Oct/2025:16:09:59 +0000] "GET /d1/787/AUTH_5ec2f863d8f54b06a96618816ae879f8/gnocchi.fdd88321-b353-4b78-9841-8562afde0215" 200 2 "GET http://172.18.0.2:8080/v1/AUTH_5ec2f863d8f54b06a96618816ae879f8/gnocchi.fdd88321-b353-4b78-9841-8562afde0215?format=json&states=listing" "tx02d5171327f24ec082fc4-0068e3e9d7" "proxy-server 20" 0.0018 "-" 21 0
Oct 6 16:09:59 standalone proxy-server[132048]: 172.18.0.2 172.18.0.100 06/Oct/2025/16/09/59 GET /v1/AUTH_5ec2f863d8f54b06a96618816ae879f8/gnocchi.fdd88321-b353-4b78-9841-8562afde0215%3Fformat%3Djson%26states%3Dlisting HTTP/1.0 200 - python-swiftclient-3.11.1 gAAAAABo4-kstErZ... - 2 - tx02d5171327f24ec082fc4-0068e3e9d7 - 0.0230 - - 1759766999.713194847 1759766999.736229897 0
Oct 6 16:09:59 standalone object-server[129953]: 172.20.0.100 - - [06/Oct/2025:16:09:59 +0000] "GET /d1/955/AUTH_5ec2f863d8f54b06a96618816ae879f8/gnocchi.fdd88321-b353-4b78-9841-8562afde0215/1759320000.0_mean_300.0_v3" 404 70 "GET http://172.18.0.2:8080/v1/AUTH_5ec2f863d8f54b06a96618816ae879f8/gnocchi.fdd88321-b353-4b78-9841-8562afde0215/1759320000.0_mean_300.0_v3" "txeb62460140dc4c54b7267-0068e3e9d7" "proxy-server 20" 0.0003 "-" 22 0
Oct 6 16:09:59 standalone proxy-server[132048]: 172.18.0.2 172.18.0.100 06/Oct/2025/16/09/59 GET /v1/AUTH_5ec2f863d8f54b06a96618816ae879f8/gnocchi.fdd88321-b353-4b78-9841-8562afde0215/1759320000.0_mean_300.0_v3 HTTP/1.0 404 - python-swiftclient-3.11.1 gAAAAABo4-kstErZ... - 70 - txeb62460140dc4c54b7267-0068e3e9d7 - 0.0051 - - 1759766999.739738464 1759766999.744829893 0
Oct 6 16:09:59 standalone container-server[129709]: 172.20.0.100 - - [06/Oct/2025:16:09:59 +0000] "PUT /d1/787/AUTH_5ec2f863d8f54b06a96618816ae879f8/gnocchi.fdd88321-b353-4b78-9841-8562afde0215/1759320000.0_mean_300.0_v3" 201 - "PUT http://172.18.0.2:8080/d1/955/AUTH_5ec2f863d8f54b06a96618816ae879f8/gnocchi.fdd88321-b353-4b78-9841-8562afde0215/1759320000.0_mean_300.0_v3" "tx4c669366d7634e8aab4d6-0068e3e9d7" "object-server 22" 0.0012 "-" 22 0
Oct 6 16:09:59 standalone object-server[129953]: 172.20.0.100 - - [06/Oct/2025:16:09:59 +0000] "PUT /d1/955/AUTH_5ec2f863d8f54b06a96618816ae879f8/gnocchi.fdd88321-b353-4b78-9841-8562afde0215/1759320000.0_mean_300.0_v3" 201 - "PUT http://172.18.0.2:8080/v1/AUTH_5ec2f863d8f54b06a96618816ae879f8/gnocchi.fdd88321-b353-4b78-9841-8562afde0215/1759320000.0_mean_300.0_v3" "tx4c669366d7634e8aab4d6-0068e3e9d7" "proxy-server 20" 0.0088 "-" 22 0
Oct 6 16:09:59 standalone proxy-server[132048]: 172.18.0.2 172.18.0.100 06/Oct/2025/16/09/59 PUT /v1/AUTH_5ec2f863d8f54b06a96618816ae879f8/gnocchi.fdd88321-b353-4b78-9841-8562afde0215/1759320000.0_mean_300.0_v3 HTTP/1.0 201 - python-swiftclient-3.11.1 gAAAAABo4-kstErZ... 16 - - tx4c669366d7634e8aab4d6-0068e3e9d7 - 0.0136 - - 1759766999.747629881 1759766999.761204243 0
Oct 6 16:09:59 standalone container-server[129709]: 172.20.0.100 - - [06/Oct/2025:16:09:59 +0000] "PUT /d1/787/AUTH_5ec2f863d8f54b06a96618816ae879f8/gnocchi.fdd88321-b353-4b78-9841-8562afde0215/none_v3" 201 - "PUT http://172.18.0.2:8080/d1/758/AUTH_5ec2f863d8f54b06a96618816ae879f8/gnocchi.fdd88321-b353-4b78-9841-8562afde0215/none_v3" "txf2e9298d1cf3401db5e00-0068e3e9d7" "object-server 19" 0.0007 "-" 22 0
Oct 6 16:09:59 standalone object-server[129942]: 172.20.0.100 - - [06/Oct/2025:16:09:59 +0000] "PUT /d1/758/AUTH_5ec2f863d8f54b06a96618816ae879f8/gnocchi.fdd88321-b353-4b78-9841-8562afde0215/none_v3" 201 - "PUT http://172.18.0.2:8080/v1/AUTH_5ec2f863d8f54b06a96618816ae879f8/gnocchi.fdd88321-b353-4b78-9841-8562afde0215/none_v3" "txf2e9298d1cf3401db5e00-0068e3e9d7" "proxy-server 20" 0.0077 "-" 19 0
Oct 6 16:09:59 standalone proxy-server[132048]: 172.18.0.2 172.18.0.100 06/Oct/2025/16/09/59 PUT /v1/AUTH_5ec2f863d8f54b06a96618816ae879f8/gnocchi.fdd88321-b353-4b78-9841-8562afde0215/none_v3 HTTP/1.0 201 - python-swiftclient-3.11.1 gAAAAABo4-kstErZ... 22 - - txf2e9298d1cf3401db5e00-0068e3e9d7 - 0.0137 - - 1759766999.763758421 1759766999.777415752 0
Oct 6 16:09:59 standalone container-server[129694]: 172.20.0.100 - - [06/Oct/2025:16:09:59 +0000] "HEAD /d1/955/AUTH_5ec2f863d8f54b06a96618816ae879f8/gnocchi.36e42f96-45ce-490a-99de-74c8c63317e2" 404 - "HEAD http://172.18.0.2:8080/v1/AUTH_5ec2f863d8f54b06a96618816ae879f8/gnocchi.36e42f96-45ce-490a-99de-74c8c63317e2?format=json&states=listing" "tx73f8976cd95b414ab6e66-0068e3e9d7" "proxy-server 20" 0.0005 "-" 20 0
Oct 6 16:09:59 standalone object-server[129943]: 172.20.0.100 - - [06/Oct/2025:16:09:59 +0000] "GET /d1/80/AUTH_5ec2f863d8f54b06a96618816ae879f8/gnocchi.36e42f96-45ce-490a-99de-74c8c63317e2/none_v3" 404 70 "GET http://172.18.0.2:8080/v1/AUTH_5ec2f863d8f54b06a96618816ae879f8/gnocchi.36e42f96-45ce-490a-99de-74c8c63317e2/none_v3" "tx73f8976cd95b414ab6e66-0068e3e9d7" "proxy-server 20" 0.0004 "-" 20 0
Oct 6 16:09:59 standalone proxy-server[132048]: 172.18.0.2 172.18.0.100 06/Oct/2025/16/09/59 GET /v1/AUTH_5ec2f863d8f54b06a96618816ae879f8/gnocchi.36e42f96-45ce-490a-99de-74c8c63317e2/none_v3 HTTP/1.0 404 - python-swiftclient-3.11.1 gAAAAABo4-kstErZ... - 70 - tx73f8976cd95b414ab6e66-0068e3e9d7 - 0.0090 - - 1759766999.788635254 1759766999.797620535 0
Oct 6 16:09:59 standalone account-server[129636]: 172.20.0.100 - - [06/Oct/2025:16:09:59 +0000] "PUT /d1/908/AUTH_5ec2f863d8f54b06a96618816ae879f8/gnocchi.36e42f96-45ce-490a-99de-74c8c63317e2" 201 - "PUT http://172.20.0.100:6001/d1/955/AUTH_5ec2f863d8f54b06a96618816ae879f8/gnocchi.36e42f96-45ce-490a-99de-74c8c63317e2" "tx8bed6f22155f4d3688ac8-0068e3e9d7" "container-server 22" 0.0059 "-" 17 0
Oct 6 16:09:59 standalone container-server[129709]: 172.20.0.100 - - [06/Oct/2025:16:09:59 +0000] "PUT /d1/955/AUTH_5ec2f863d8f54b06a96618816ae879f8/gnocchi.36e42f96-45ce-490a-99de-74c8c63317e2" 201 - "PUT http://172.18.0.2:8080/v1/AUTH_5ec2f863d8f54b06a96618816ae879f8/gnocchi.36e42f96-45ce-490a-99de-74c8c63317e2" "tx8bed6f22155f4d3688ac8-0068e3e9d7" "proxy-server 20" 0.0179 "-" 22 0
Oct 6 16:09:59 standalone proxy-server[132048]: 172.18.0.2 172.18.0.100 06/Oct/2025/16/09/59 PUT /v1/AUTH_5ec2f863d8f54b06a96618816ae879f8/gnocchi.36e42f96-45ce-490a-99de-74c8c63317e2 HTTP/1.0 201 - python-swiftclient-3.11.1 gAAAAABo4-kstErZ... - - - tx8bed6f22155f4d3688ac8-0068e3e9d7 - 0.0222 - - 1759766999.799700022 1759766999.821944237 0
Oct 6 16:09:59 standalone container-server[129694]: 172.20.0.100 - - [06/Oct/2025:16:09:59 +0000] "HEAD /d1/955/AUTH_5ec2f863d8f54b06a96618816ae879f8/gnocchi.36e42f96-45ce-490a-99de-74c8c63317e2" 204 - "HEAD http://172.18.0.2:8080/v1/AUTH_5ec2f863d8f54b06a96618816ae879f8/gnocchi.36e42f96-45ce-490a-99de-74c8c63317e2?format=json&states=listing" "txc36ee5695d7e44c8acc58-0068e3e9d7" "proxy-server 20" 0.0017 "-" 20 0
Oct 6 16:09:59 standalone proxy-server[132048]: - - 06/Oct/2025/16/09/59 HEAD /v1/AUTH_5ec2f863d8f54b06a96618816ae879f8/gnocchi.36e42f96-45ce-490a-99de-74c8c63317e2%3Fformat%3Djson%26states%3Dlisting HTTP/1.0 204 - Swift - - - - txc36ee5695d7e44c8acc58-0068e3e9d7 - 0.0050 RL - 1759766999.830988407 1759766999.836018085 0
Oct 6 16:09:59 standalone container-server[129709]: 172.20.0.100 - - [06/Oct/2025:16:09:59 +0000] "GET /d1/955/AUTH_5ec2f863d8f54b06a96618816ae879f8/gnocchi.36e42f96-45ce-490a-99de-74c8c63317e2" 200 2 "GET http://172.18.0.2:8080/v1/AUTH_5ec2f863d8f54b06a96618816ae879f8/gnocchi.36e42f96-45ce-490a-99de-74c8c63317e2?format=json&states=listing" "txc36ee5695d7e44c8acc58-0068e3e9d7" "proxy-server 20" 0.0026 "-" 22 0
Oct 6 16:09:59 standalone proxy-server[132048]: 172.18.0.2 172.18.0.100 06/Oct/2025/16/09/59 GET /v1/AUTH_5ec2f863d8f54b06a96618816ae879f8/gnocchi.36e42f96-45ce-490a-99de-74c8c63317e2%3Fformat%3Djson%26states%3Dlisting HTTP/1.0 200 - python-swiftclient-3.11.1 gAAAAABo4-kstErZ... - 2 - txc36ee5695d7e44c8acc58-0068e3e9d7 - 0.0189 - - 1759766999.824867010 1759766999.843767643 0
Oct 6 16:09:59 standalone object-server[129942]: 172.20.0.100 - - [06/Oct/2025:16:09:59 +0000] "GET /d1/18/AUTH_5ec2f863d8f54b06a96618816ae879f8/gnocchi.36e42f96-45ce-490a-99de-74c8c63317e2/1759320000.0_mean_300.0_v3" 404 70 "GET http://172.18.0.2:8080/v1/AUTH_5ec2f863d8f54b06a96618816ae879f8/gnocchi.36e42f96-45ce-490a-99de-74c8c63317e2/1759320000.0_mean_300.0_v3" "tx630bb0c83c9f48a49f9f9-0068e3e9d7" "proxy-server 20" 0.0004 "-" 19 0
Oct 6 16:09:59 standalone proxy-server[132048]: 172.18.0.2 172.18.0.100 06/Oct/2025/16/09/59 GET /v1/AUTH_5ec2f863d8f54b06a96618816ae879f8/gnocchi.36e42f96-45ce-490a-99de-74c8c63317e2/1759320000.0_mean_300.0_v3 HTTP/1.0 404 - python-swiftclient-3.11.1 gAAAAABo4-kstErZ... - 70 - tx630bb0c83c9f48a49f9f9-0068e3e9d7 - 0.0052 - - 1759766999.846699238 1759766999.851912737 0
Oct 6 16:09:59 standalone container-server[129694]: 172.20.0.100 - - [06/Oct/2025:16:09:59 +0000] "PUT /d1/955/AUTH_5ec2f863d8f54b06a96618816ae879f8/gnocchi.36e42f96-45ce-490a-99de-74c8c63317e2/1759320000.0_mean_300.0_v3" 201 - "PUT http://172.18.0.2:8080/d1/18/AUTH_5ec2f863d8f54b06a96618816ae879f8/gnocchi.36e42f96-45ce-490a-99de-74c8c63317e2/1759320000.0_mean_300.0_v3" "tx6fb99d83b25d4126a2925-0068e3e9d7" "object-server 19" 0.0007 "-" 20 0
Oct 6 16:09:59 standalone object-server[129942]: 172.20.0.100 - - [06/Oct/2025:16:09:59 +0000] "PUT /d1/18/AUTH_5ec2f863d8f54b06a96618816ae879f8/gnocchi.36e42f96-45ce-490a-99de-74c8c63317e2/1759320000.0_mean_300.0_v3" 201 - "PUT http://172.18.0.2:8080/v1/AUTH_5ec2f863d8f54b06a96618816ae879f8/gnocchi.36e42f96-45ce-490a-99de-74c8c63317e2/1759320000.0_mean_300.0_v3" "tx6fb99d83b25d4126a2925-0068e3e9d7" "proxy-server 20" 0.0100 "-" 19 0
Oct 6 16:09:59 standalone proxy-server[132048]: 172.18.0.2 172.18.0.100 06/Oct/2025/16/09/59 PUT /v1/AUTH_5ec2f863d8f54b06a96618816ae879f8/gnocchi.36e42f96-45ce-490a-99de-74c8c63317e2/1759320000.0_mean_300.0_v3 HTTP/1.0 201 - python-swiftclient-3.11.1 gAAAAABo4-kstErZ... 16 - - tx6fb99d83b25d4126a2925-0068e3e9d7 - 0.0146 - - 1759766999.853982449 1759766999.868557930 0
Oct 6 16:09:59 standalone container-server[129700]: 172.20.0.100 - - [06/Oct/2025:16:09:59 +0000] "PUT /d1/955/AUTH_5ec2f863d8f54b06a96618816ae879f8/gnocchi.36e42f96-45ce-490a-99de-74c8c63317e2/none_v3" 201 - "PUT http://172.18.0.2:8080/d1/80/AUTH_5ec2f863d8f54b06a96618816ae879f8/gnocchi.36e42f96-45ce-490a-99de-74c8c63317e2/none_v3" "txca7da075d5cf4464b388b-0068e3e9d7" "object-server 22" 0.0008 "-" 21 0
Oct 6 16:09:59 standalone object-server[129953]: 172.20.0.100 - - [06/Oct/2025:16:09:59 +0000] "PUT /d1/80/AUTH_5ec2f863d8f54b06a96618816ae879f8/gnocchi.36e42f96-45ce-490a-99de-74c8c63317e2/none_v3" 201 - "PUT http://172.18.0.2:8080/v1/AUTH_5ec2f863d8f54b06a96618816ae879f8/gnocchi.36e42f96-45ce-490a-99de-74c8c63317e2/none_v3" "txca7da075d5cf4464b388b-0068e3e9d7" "proxy-server 20" 0.0076 "-" 22 0
Oct 6 16:09:59 standalone proxy-server[132048]: 172.18.0.2 172.18.0.100 06/Oct/2025/16/09/59 PUT /v1/AUTH_5ec2f863d8f54b06a96618816ae879f8/gnocchi.36e42f96-45ce-490a-99de-74c8c63317e2/none_v3 HTTP/1.0 201 - python-swiftclient-3.11.1 gAAAAABo4-kstErZ... 22 - - txca7da075d5cf4464b388b-0068e3e9d7 - 0.0124 - - 1759766999.870443583 1759766999.882859230 0
Oct 6 16:09:59 standalone container-server[129700]: 172.20.0.100 - - [06/Oct/2025:16:09:59 +0000] "HEAD /d1/679/AUTH_5ec2f863d8f54b06a96618816ae879f8/gnocchi.14522195-aa9b-4401-8cf3-f665e3eb5c05" 404 - "HEAD http://172.18.0.2:8080/v1/AUTH_5ec2f863d8f54b06a96618816ae879f8/gnocchi.14522195-aa9b-4401-8cf3-f665e3eb5c05?format=json&states=listing" "tx380352c1cfa54b1bb7127-0068e3e9d7" "proxy-server 20" 0.0004 "-" 21 0
Oct 6 16:09:59 standalone object-server[129943]: 172.20.0.100 - - [06/Oct/2025:16:09:59 +0000] "GET /d1/262/AUTH_5ec2f863d8f54b06a96618816ae879f8/gnocchi.14522195-aa9b-4401-8cf3-f665e3eb5c05/none_v3" 404 70 "GET http://172.18.0.2:8080/v1/AUTH_5ec2f863d8f54b06a96618816ae879f8/gnocchi.14522195-aa9b-4401-8cf3-f665e3eb5c05/none_v3" "tx380352c1cfa54b1bb7127-0068e3e9d7" "proxy-server 20" 0.0005 "-" 20 0
Oct 6 16:09:59 standalone proxy-server[132048]: 172.18.0.2 172.18.0.100 06/Oct/2025/16/09/59 GET /v1/AUTH_5ec2f863d8f54b06a96618816ae879f8/gnocchi.14522195-aa9b-4401-8cf3-f665e3eb5c05/none_v3 HTTP/1.0 404 - python-swiftclient-3.11.1 gAAAAABo4-kstErZ... - 70 - tx380352c1cfa54b1bb7127-0068e3e9d7 - 0.0091 - - 1759766999.895754576 1759766999.904849768 0
Oct 6 16:09:59 standalone account-server[129659]: 172.20.0.100 - - [06/Oct/2025:16:09:59 +0000] "PUT /d1/908/AUTH_5ec2f863d8f54b06a96618816ae879f8/gnocchi.14522195-aa9b-4401-8cf3-f665e3eb5c05" 201 - "PUT http://172.20.0.100:6001/d1/679/AUTH_5ec2f863d8f54b06a96618816ae879f8/gnocchi.14522195-aa9b-4401-8cf3-f665e3eb5c05" "txf5265395995c4b6296a57-0068e3e9d7" "container-server 22" 0.0042 "-" 21 0
Oct 6 16:09:59 standalone container-server[129709]: 172.20.0.100 - - [06/Oct/2025:16:09:59 +0000] "PUT /d1/679/AUTH_5ec2f863d8f54b06a96618816ae879f8/gnocchi.14522195-aa9b-4401-8cf3-f665e3eb5c05" 201 - "PUT http://172.18.0.2:8080/v1/AUTH_5ec2f863d8f54b06a96618816ae879f8/gnocchi.14522195-aa9b-4401-8cf3-f665e3eb5c05" "txf5265395995c4b6296a57-0068e3e9d7" "proxy-server 20" 0.0134 "-" 22 0
Oct 6 16:09:59 standalone proxy-server[132048]: 172.18.0.2 172.18.0.100 06/Oct/2025/16/09/59 PUT /v1/AUTH_5ec2f863d8f54b06a96618816ae879f8/gnocchi.14522195-aa9b-4401-8cf3-f665e3eb5c05 HTTP/1.0 201 - python-swiftclient-3.11.1 gAAAAABo4-kstErZ... - - - txf5265395995c4b6296a57-0068e3e9d7 - 0.0191 - - 1759766999.907581091 1759766999.926716089 0
Oct 6 16:09:59 standalone container-server[129700]: 172.20.0.100 - - [06/Oct/2025:16:09:59 +0000] "HEAD /d1/582/AUTH_5ec2f863d8f54b06a96618816ae879f8/gnocchi.351539dc-dc07-41d9-b037-1a2ba3895a05" 404 - "HEAD http://172.18.0.2:8080/v1/AUTH_5ec2f863d8f54b06a96618816ae879f8/gnocchi.351539dc-dc07-41d9-b037-1a2ba3895a05?format=json&states=listing" "txb6318c51ea004d029c9ea-0068e3e9d7" "proxy-server 20" 0.0005 "-" 21 0
Oct 6 16:09:59 standalone object-server[129943]: 172.20.0.100 - - [06/Oct/2025:16:09:59 +0000] "GET /d1/566/AUTH_5ec2f863d8f54b06a96618816ae879f8/gnocchi.351539dc-dc07-41d9-b037-1a2ba3895a05/none_v3" 404 70 "GET http://172.18.0.2:8080/v1/AUTH_5ec2f863d8f54b06a96618816ae879f8/gnocchi.351539dc-dc07-41d9-b037-1a2ba3895a05/none_v3" "txb6318c51ea004d029c9ea-0068e3e9d7" "proxy-server 20" 0.0004 "-" 20 0
Oct 6 16:09:59 standalone proxy-server[132048]: 172.18.0.2 172.18.0.100 06/Oct/2025/16/09/59 GET /v1/AUTH_5ec2f863d8f54b06a96618816ae879f8/gnocchi.351539dc-dc07-41d9-b037-1a2ba3895a05/none_v3 HTTP/1.0 404 - python-swiftclient-3.11.1 gAAAAABo4-kstErZ... - 70 - txb6318c51ea004d029c9ea-0068e3e9d7 - 0.0090 - - 1759766999.930428982 1759766999.939435005 0
Oct 6 16:09:59 standalone account-server[129677]: 172.20.0.100 - - [06/Oct/2025:16:09:59 +0000] "PUT /d1/908/AUTH_5ec2f863d8f54b06a96618816ae879f8/gnocchi.351539dc-dc07-41d9-b037-1a2ba3895a05" 201 - "PUT http://172.20.0.100:6001/d1/582/AUTH_5ec2f863d8f54b06a96618816ae879f8/gnocchi.351539dc-dc07-41d9-b037-1a2ba3895a05" "txb1e7cd288faa48828ea2c-0068e3e9d7" "container-server 23" 0.0043 "-" 23 0
Oct 6 16:09:59 standalone container-server[129710]: 172.20.0.100 - - [06/Oct/2025:16:09:59 +0000] "PUT /d1/582/AUTH_5ec2f863d8f54b06a96618816ae879f8/gnocchi.351539dc-dc07-41d9-b037-1a2ba3895a05" 201 - "PUT http://172.18.0.2:8080/v1/AUTH_5ec2f863d8f54b06a96618816ae879f8/gnocchi.351539dc-dc07-41d9-b037-1a2ba3895a05" "txb1e7cd288faa48828ea2c-0068e3e9d7" "proxy-server 20" 0.0135 "-" 23 0
Oct 6 16:09:59 standalone proxy-server[132048]: 172.18.0.2 172.18.0.100 06/Oct/2025/16/09/59 PUT /v1/AUTH_5ec2f863d8f54b06a96618816ae879f8/gnocchi.351539dc-dc07-41d9-b037-1a2ba3895a05 HTTP/1.0 201 - python-swiftclient-3.11.1 gAAAAABo4-kstErZ... - - - txb1e7cd288faa48828ea2c-0068e3e9d7 - 0.0182 - - 1759766999.944252729 1759766999.962496996 0
Oct 6 16:09:59 standalone container-server[129709]: 172.20.0.100 - - [06/Oct/2025:16:09:59 +0000] "HEAD /d1/115/AUTH_5ec2f863d8f54b06a96618816ae879f8/gnocchi.47da0d7b-9b7b-4d2f-a255-a7f289c40085" 404 - "HEAD http://172.18.0.2:8080/v1/AUTH_5ec2f863d8f54b06a96618816ae879f8/gnocchi.47da0d7b-9b7b-4d2f-a255-a7f289c40085?format=json&states=listing" "tx72e2101ce6ce4e0caa736-0068e3e9d7" "proxy-server 20" 0.0004 "-" 22 0
Oct 6 16:09:59 standalone object-server[129947]: 172.20.0.100 - - [06/Oct/2025:16:09:59 +0000] "GET /d1/772/AUTH_5ec2f863d8f54b06a96618816ae879f8/gnocchi.47da0d7b-9b7b-4d2f-a255-a7f289c40085/none_v3" 404 70 "GET http://172.18.0.2:8080/v1/AUTH_5ec2f863d8f54b06a96618816ae879f8/gnocchi.47da0d7b-9b7b-4d2f-a255-a7f289c40085/none_v3" "tx72e2101ce6ce4e0caa736-0068e3e9d7" "proxy-server 20" 0.0004 "-" 21 0
Oct 6 16:09:59 standalone proxy-server[132048]: 172.18.0.2 172.18.0.100 06/Oct/2025/16/09/59 GET /v1/AUTH_5ec2f863d8f54b06a96618816ae879f8/gnocchi.47da0d7b-9b7b-4d2f-a255-a7f289c40085/none_v3 HTTP/1.0 404 - python-swiftclient-3.11.1 gAAAAABo4-kstErZ... - 70 - tx72e2101ce6ce4e0caa736-0068e3e9d7 - 0.0089 - - 1759766999.967439175 1759766999.976376057 0
Oct 6 16:10:00 standalone account-server[129636]: 172.20.0.100 - - [06/Oct/2025:16:09:59 +0000] "PUT /d1/908/AUTH_5ec2f863d8f54b06a96618816ae879f8/gnocchi.47da0d7b-9b7b-4d2f-a255-a7f289c40085" 201 - "PUT http://172.20.0.100:6001/d1/115/AUTH_5ec2f863d8f54b06a96618816ae879f8/gnocchi.47da0d7b-9b7b-4d2f-a255-a7f289c40085" "tx6801e7008d3e437a9139e-0068e3e9d7" "container-server 20" 0.0052 "-" 17 0
Oct 6 16:10:00 standalone container-server[129694]: 172.20.0.100 - - [06/Oct/2025:16:10:00 +0000] "PUT /d1/115/AUTH_5ec2f863d8f54b06a96618816ae879f8/gnocchi.47da0d7b-9b7b-4d2f-a255-a7f289c40085" 201 - "PUT http://172.18.0.2:8080/v1/AUTH_5ec2f863d8f54b06a96618816ae879f8/gnocchi.47da0d7b-9b7b-4d2f-a255-a7f289c40085" "tx6801e7008d3e437a9139e-0068e3e9d7" "proxy-server 20" 0.0170 "-" 20 0
Oct 6 16:10:00 standalone proxy-server[132048]: 172.18.0.2 172.18.0.100 06/Oct/2025/16/10/00 PUT /v1/AUTH_5ec2f863d8f54b06a96618816ae879f8/gnocchi.47da0d7b-9b7b-4d2f-a255-a7f289c40085 HTTP/1.0 201 - python-swiftclient-3.11.1 gAAAAABo4-kstErZ... - - - tx6801e7008d3e437a9139e-0068e3e9d7 - 0.0218 - - 1759766999.980682611 1759767000.002491713 0
Oct 6 16:10:00 standalone container-server[129700]: 172.20.0.100 - - [06/Oct/2025:16:10:00 +0000] "HEAD /d1/679/AUTH_5ec2f863d8f54b06a96618816ae879f8/gnocchi.14522195-aa9b-4401-8cf3-f665e3eb5c05" 204 - "HEAD http://172.18.0.2:8080/v1/AUTH_5ec2f863d8f54b06a96618816ae879f8/gnocchi.14522195-aa9b-4401-8cf3-f665e3eb5c05?format=json&states=listing" "tx6f209f3ef9bd4b9591cee-0068e3e9d8" "proxy-server 20" 0.0016 "-" 21 0
Oct 6 16:10:00 standalone proxy-server[132048]: - - 06/Oct/2025/16/10/00 HEAD /v1/AUTH_5ec2f863d8f54b06a96618816ae879f8/gnocchi.14522195-aa9b-4401-8cf3-f665e3eb5c05%3Fformat%3Djson%26states%3Dlisting HTTP/1.0 204 - Swift - - - - tx6f209f3ef9bd4b9591cee-0068e3e9d8 - 0.0052 RL - 1759767000.007792950 1759767000.012944221 0
Oct 6 16:10:00 standalone container-server[129709]: 172.20.0.100 - - [06/Oct/2025:16:10:00 +0000] "GET /d1/679/AUTH_5ec2f863d8f54b06a96618816ae879f8/gnocchi.14522195-aa9b-4401-8cf3-f665e3eb5c05" 200 2 "GET http://172.18.0.2:8080/v1/AUTH_5ec2f863d8f54b06a96618816ae879f8/gnocchi.14522195-aa9b-4401-8cf3-f665e3eb5c05?format=json&states=listing" "tx6f209f3ef9bd4b9591cee-0068e3e9d8" "proxy-server 20" 0.0025 "-" 22 0
Oct 6 16:10:00 standalone proxy-server[132048]: 172.18.0.2 172.18.0.100 06/Oct/2025/16/10/00 GET /v1/AUTH_5ec2f863d8f54b06a96618816ae879f8/gnocchi.14522195-aa9b-4401-8cf3-f665e3eb5c05%3Fformat%3Djson%26states%3Dlisting HTTP/1.0 200 - python-swiftclient-3.11.1 gAAAAABo4-kstErZ... - 2 - tx6f209f3ef9bd4b9591cee-0068e3e9d8 - 0.0133 - - 1759767000.006863832 1759767000.020166397 0
Oct 6 16:10:00 standalone container-server[129694]: 172.20.0.100 - - [06/Oct/2025:16:10:00 +0000] "HEAD /d1/582/AUTH_5ec2f863d8f54b06a96618816ae879f8/gnocchi.351539dc-dc07-41d9-b037-1a2ba3895a05" 204 - "HEAD http://172.18.0.2:8080/v1/AUTH_5ec2f863d8f54b06a96618816ae879f8/gnocchi.351539dc-dc07-41d9-b037-1a2ba3895a05?format=json&states=listing" "tx12ecb6a0ddb742c7aa358-0068e3e9d8" "proxy-server 20" 0.0022 "-" 20 0
Oct 6 16:10:00 standalone proxy-server[132048]: - - 06/Oct/2025/16/10/00 HEAD /v1/AUTH_5ec2f863d8f54b06a96618816ae879f8/gnocchi.351539dc-dc07-41d9-b037-1a2ba3895a05%3Fformat%3Djson%26states%3Dlisting HTTP/1.0 204 - Swift - - - - tx12ecb6a0ddb742c7aa358-0068e3e9d8 - 0.0054 RL - 1759767000.026017904 1759767000.031433105 0
Oct 6 16:10:00 standalone container-server[129709]: 172.20.0.100 - - [06/Oct/2025:16:10:00 +0000] "GET /d1/582/AUTH_5ec2f863d8f54b06a96618816ae879f8/gnocchi.351539dc-dc07-41d9-b037-1a2ba3895a05" 200 2 "GET http://172.18.0.2:8080/v1/AUTH_5ec2f863d8f54b06a96618816ae879f8/gnocchi.351539dc-dc07-41d9-b037-1a2ba3895a05?format=json&states=listing" "tx12ecb6a0ddb742c7aa358-0068e3e9d8" "proxy-server 20" 0.0017 "-" 22 0
Oct 6 16:10:00 standalone proxy-server[132048]: 172.18.0.2 172.18.0.100 06/Oct/2025/16/10/00 GET /v1/AUTH_5ec2f863d8f54b06a96618816ae879f8/gnocchi.351539dc-dc07-41d9-b037-1a2ba3895a05%3Fformat%3Djson%26states%3Dlisting HTTP/1.0 200 - python-swiftclient-3.11.1 gAAAAABo4-kstErZ... - 2 - tx12ecb6a0ddb742c7aa358-0068e3e9d8 - 0.0128 - - 1759767000.025043726 1759767000.037874460 0
Oct 6 16:10:00 standalone container-server[129710]: 172.20.0.100 - - [06/Oct/2025:16:10:00 +0000] "HEAD /d1/115/AUTH_5ec2f863d8f54b06a96618816ae879f8/gnocchi.47da0d7b-9b7b-4d2f-a255-a7f289c40085" 204 - "HEAD http://172.18.0.2:8080/v1/AUTH_5ec2f863d8f54b06a96618816ae879f8/gnocchi.47da0d7b-9b7b-4d2f-a255-a7f289c40085?format=json&states=listing" "tx76b0cb2535f843f9ab111-0068e3e9d8" "proxy-server 20" 0.0016 "-" 23 0
Oct 6 16:10:00 standalone proxy-server[132048]: - - 06/Oct/2025/16/10/00 HEAD /v1/AUTH_5ec2f863d8f54b06a96618816ae879f8/gnocchi.47da0d7b-9b7b-4d2f-a255-a7f289c40085%3Fformat%3Djson%26states%3Dlisting HTTP/1.0 204 - Swift - - - - tx76b0cb2535f843f9ab111-0068e3e9d8 - 0.0047 RL - 1759767000.043677807 1759767000.048368931 0
Oct 6 16:10:00 standalone container-server[129694]: 172.20.0.100 - - [06/Oct/2025:16:10:00 +0000] "GET /d1/115/AUTH_5ec2f863d8f54b06a96618816ae879f8/gnocchi.47da0d7b-9b7b-4d2f-a255-a7f289c40085" 200 2 "GET http://172.18.0.2:8080/v1/AUTH_5ec2f863d8f54b06a96618816ae879f8/gnocchi.47da0d7b-9b7b-4d2f-a255-a7f289c40085?format=json&states=listing" "tx76b0cb2535f843f9ab111-0068e3e9d8" "proxy-server 20" 0.0017 "-" 20 0
Oct 6 16:10:00 standalone proxy-server[132048]: 172.18.0.2 172.18.0.100 06/Oct/2025/16/10/00 GET /v1/AUTH_5ec2f863d8f54b06a96618816ae879f8/gnocchi.47da0d7b-9b7b-4d2f-a255-a7f289c40085%3Fformat%3Djson%26states%3Dlisting HTTP/1.0 200 - python-swiftclient-3.11.1 gAAAAABo4-kstErZ... - 2 - tx76b0cb2535f843f9ab111-0068e3e9d8 - 0.0124 - - 1759767000.042676926 1759767000.055033445 0
Oct 6 16:10:00 standalone object-server[129953]: 172.20.0.100 - - [06/Oct/2025:16:10:00 +0000] "GET /d1/265/AUTH_5ec2f863d8f54b06a96618816ae879f8/gnocchi.14522195-aa9b-4401-8cf3-f665e3eb5c05/1759320000.0_mean_300.0_v3" 404 70 "GET http://172.18.0.2:8080/v1/AUTH_5ec2f863d8f54b06a96618816ae879f8/gnocchi.14522195-aa9b-4401-8cf3-f665e3eb5c05/1759320000.0_mean_300.0_v3" "txf9438875da0f4ced82da4-0068e3e9d8" "proxy-server 20" 0.0003 "-" 22 0
Oct 6 16:10:00 standalone proxy-server[132048]: 172.18.0.2 172.18.0.100 06/Oct/2025/16/10/00 GET /v1/AUTH_5ec2f863d8f54b06a96618816ae879f8/gnocchi.14522195-aa9b-4401-8cf3-f665e3eb5c05/1759320000.0_mean_300.0_v3 HTTP/1.0 404 - python-swiftclient-3.11.1 gAAAAABo4-kstErZ... - 70 - txf9438875da0f4ced82da4-0068e3e9d8 - 0.0046 - - 1759767000.059235334 1759767000.063879490 0
Oct 6 16:10:00 standalone object-server[129947]: 172.20.0.100 - - [06/Oct/2025:16:10:00 +0000] "GET /d1/921/AUTH_5ec2f863d8f54b06a96618816ae879f8/gnocchi.351539dc-dc07-41d9-b037-1a2ba3895a05/1759320000.0_mean_300.0_v3" 404 70 "GET http://172.18.0.2:8080/v1/AUTH_5ec2f863d8f54b06a96618816ae879f8/gnocchi.351539dc-dc07-41d9-b037-1a2ba3895a05/1759320000.0_mean_300.0_v3" "tx98f805497bbb4eeb90c49-0068e3e9d8" "proxy-server 20" 0.0003 "-" 21 0
Oct 6 16:10:00 standalone proxy-server[132048]: 172.18.0.2 172.18.0.100 06/Oct/2025/16/10/00 GET /v1/AUTH_5ec2f863d8f54b06a96618816ae879f8/gnocchi.351539dc-dc07-41d9-b037-1a2ba3895a05/1759320000.0_mean_300.0_v3 HTTP/1.0 404 - python-swiftclient-3.11.1 gAAAAABo4-kstErZ... - 70 - tx98f805497bbb4eeb90c49-0068e3e9d8 - 0.0049 - - 1759767000.067089081 1759767000.072013855 0
Oct 6 16:10:00 standalone object-server[129953]: 172.20.0.100 - - [06/Oct/2025:16:10:00 +0000] "GET /d1/76/AUTH_5ec2f863d8f54b06a96618816ae879f8/gnocchi.47da0d7b-9b7b-4d2f-a255-a7f289c40085/1759320000.0_mean_300.0_v3" 404 70 "GET http://172.18.0.2:8080/v1/AUTH_5ec2f863d8f54b06a96618816ae879f8/gnocchi.47da0d7b-9b7b-4d2f-a255-a7f289c40085/1759320000.0_mean_300.0_v3" "tx43f295457e024ac78869f-0068e3e9d8" "proxy-server 20" 0.0003 "-" 22 0
Oct 6 16:10:00 standalone proxy-server[132048]: 172.18.0.2 172.18.0.100 06/Oct/2025/16/10/00 GET /v1/AUTH_5ec2f863d8f54b06a96618816ae879f8/gnocchi.47da0d7b-9b7b-4d2f-a255-a7f289c40085/1759320000.0_mean_300.0_v3 HTTP/1.0 404 - python-swiftclient-3.11.1 gAAAAABo4-kstErZ... - 70 - tx43f295457e024ac78869f-0068e3e9d8 - 0.0042 - - 1759767000.074489832 1759767000.078675508 0
Oct 6 16:10:00 standalone container-server[129694]: 172.20.0.100 - - [06/Oct/2025:16:10:00 +0000] "PUT /d1/679/AUTH_5ec2f863d8f54b06a96618816ae879f8/gnocchi.14522195-aa9b-4401-8cf3-f665e3eb5c05/1759320000.0_mean_300.0_v3" 201 - "PUT http://172.18.0.2:8080/d1/265/AUTH_5ec2f863d8f54b06a96618816ae879f8/gnocchi.14522195-aa9b-4401-8cf3-f665e3eb5c05/1759320000.0_mean_300.0_v3" "txda338108ced54aa7a5e5d-0068e3e9d8" "object-server 20" 0.0006 "-" 20 0
Oct 6 16:10:00 standalone object-server[129943]: 172.20.0.100 - - [06/Oct/2025:16:10:00 +0000] "PUT /d1/265/AUTH_5ec2f863d8f54b06a96618816ae879f8/gnocchi.14522195-aa9b-4401-8cf3-f665e3eb5c05/1759320000.0_mean_300.0_v3" 201 - "PUT http://172.18.0.2:8080/v1/AUTH_5ec2f863d8f54b06a96618816ae879f8/gnocchi.14522195-aa9b-4401-8cf3-f665e3eb5c05/1759320000.0_mean_300.0_v3" "txda338108ced54aa7a5e5d-0068e3e9d8" "proxy-server 20" 0.0107 "-" 20 0
Oct 6 16:10:00 standalone proxy-server[132048]: 172.18.0.2 172.18.0.100 06/Oct/2025/16/10/00 PUT /v1/AUTH_5ec2f863d8f54b06a96618816ae879f8/gnocchi.14522195-aa9b-4401-8cf3-f665e3eb5c05/1759320000.0_mean_300.0_v3 HTTP/1.0 201 - python-swiftclient-3.11.1 gAAAAABo4-kstErZ... 16 - - txda338108ced54aa7a5e5d-0068e3e9d8 - 0.0167 - - 1759767000.082260847 1759767000.098930597 0
Oct 6 16:10:00 standalone container-server[129710]: 172.20.0.100 - - [06/Oct/2025:16:10:00 +0000] "PUT /d1/582/AUTH_5ec2f863d8f54b06a96618816ae879f8/gnocchi.351539dc-dc07-41d9-b037-1a2ba3895a05/1759320000.0_mean_300.0_v3" 201 - "PUT http://172.18.0.2:8080/d1/921/AUTH_5ec2f863d8f54b06a96618816ae879f8/gnocchi.351539dc-dc07-41d9-b037-1a2ba3895a05/1759320000.0_mean_300.0_v3" "tx63a8cf8102f2418e996f6-0068e3e9d8" "object-server 22" 0.0010 "-" 23 0
Oct 6 16:10:00 standalone object-server[129953]: 172.20.0.100 - - [06/Oct/2025:16:10:00 +0000] "PUT /d1/921/AUTH_5ec2f863d8f54b06a96618816ae879f8/gnocchi.351539dc-dc07-41d9-b037-1a2ba3895a05/1759320000.0_mean_300.0_v3" 201 - "PUT http://172.18.0.2:8080/v1/AUTH_5ec2f863d8f54b06a96618816ae879f8/gnocchi.351539dc-dc07-41d9-b037-1a2ba3895a05/1759320000.0_mean_300.0_v3" "tx63a8cf8102f2418e996f6-0068e3e9d8" "proxy-server 20" 0.0107 "-" 22 0
Oct 6 16:10:00 standalone proxy-server[132048]: 172.18.0.2 172.18.0.100 06/Oct/2025/16/10/00 PUT /v1/AUTH_5ec2f863d8f54b06a96618816ae879f8/gnocchi.351539dc-dc07-41d9-b037-1a2ba3895a05/1759320000.0_mean_300.0_v3 HTTP/1.0 201 - python-swiftclient-3.11.1 gAAAAABo4-kstErZ... 16 - - tx63a8cf8102f2418e996f6-0068e3e9d8 - 0.0171 - - 1759767000.102127552 1759767000.119212389 0
Oct 6 16:10:00 standalone container-server[129700]: 172.20.0.100 - - [06/Oct/2025:16:10:00 +0000] "PUT /d1/115/AUTH_5ec2f863d8f54b06a96618816ae879f8/gnocchi.47da0d7b-9b7b-4d2f-a255-a7f289c40085/1759320000.0_mean_300.0_v3" 201 - "PUT http://172.18.0.2:8080/d1/76/AUTH_5ec2f863d8f54b06a96618816ae879f8/gnocchi.47da0d7b-9b7b-4d2f-a255-a7f289c40085/1759320000.0_mean_300.0_v3" "txc245d6df4e6c4391aca5d-0068e3e9d8" "object-server 20" 0.0010 "-" 21 0
Oct 6 16:10:00 standalone object-server[129943]: 172.20.0.100 - - [06/Oct/2025:16:10:00 +0000] "PUT /d1/76/AUTH_5ec2f863d8f54b06a96618816ae879f8/gnocchi.47da0d7b-9b7b-4d2f-a255-a7f289c40085/1759320000.0_mean_300.0_v3" 201 - "PUT http://172.18.0.2:8080/v1/AUTH_5ec2f863d8f54b06a96618816ae879f8/gnocchi.47da0d7b-9b7b-4d2f-a255-a7f289c40085/1759320000.0_mean_300.0_v3" "txc245d6df4e6c4391aca5d-0068e3e9d8" "proxy-server 20" 0.0129 "-" 20 0
Oct 6 16:10:00 standalone proxy-server[132048]: 172.18.0.2 172.18.0.100 06/Oct/2025/16/10/00 PUT /v1/AUTH_5ec2f863d8f54b06a96618816ae879f8/gnocchi.47da0d7b-9b7b-4d2f-a255-a7f289c40085/1759320000.0_mean_300.0_v3 HTTP/1.0 201 - python-swiftclient-3.11.1 gAAAAABo4-kstErZ... 16 - - txc245d6df4e6c4391aca5d-0068e3e9d8 - 0.0204 - - 1759767000.122210503 1759767000.142611742 0
Oct 6 16:10:00 standalone container-server[129709]: 172.20.0.100 - - [06/Oct/2025:16:10:00 +0000] "PUT /d1/679/AUTH_5ec2f863d8f54b06a96618816ae879f8/gnocchi.14522195-aa9b-4401-8cf3-f665e3eb5c05/none_v3" 201 - "PUT http://172.18.0.2:8080/d1/262/AUTH_5ec2f863d8f54b06a96618816ae879f8/gnocchi.14522195-aa9b-4401-8cf3-f665e3eb5c05/none_v3" "txe0a0d514cc834cf8985ac-0068e3e9d8" "object-server 22" 0.0005 "-" 22 0
Oct 6 16:10:00 standalone object-server[129953]: 172.20.0.100 - - [06/Oct/2025:16:10:00 +0000] "PUT /d1/262/AUTH_5ec2f863d8f54b06a96618816ae879f8/gnocchi.14522195-aa9b-4401-8cf3-f665e3eb5c05/none_v3" 201 - "PUT http://172.18.0.2:8080/v1/AUTH_5ec2f863d8f54b06a96618816ae879f8/gnocchi.14522195-aa9b-4401-8cf3-f665e3eb5c05/none_v3" "txe0a0d514cc834cf8985ac-0068e3e9d8" "proxy-server 20" 0.0084 "-" 22 0
Oct 6 16:10:00 standalone proxy-server[132048]: 172.18.0.2 172.18.0.100 06/Oct/2025/16/10/00 PUT /v1/AUTH_5ec2f863d8f54b06a96618816ae879f8/gnocchi.14522195-aa9b-4401-8cf3-f665e3eb5c05/none_v3 HTTP/1.0 201 - python-swiftclient-3.11.1 gAAAAABo4-kstErZ... 22 - - txe0a0d514cc834cf8985ac-0068e3e9d8 - 0.0147 - - 1759767000.145540714 1759767000.160223961 0
Oct 6 16:10:00 standalone container-server[129700]: 172.20.0.100 - - [06/Oct/2025:16:10:00 +0000] "PUT /d1/582/AUTH_5ec2f863d8f54b06a96618816ae879f8/gnocchi.351539dc-dc07-41d9-b037-1a2ba3895a05/none_v3" 201 - "PUT http://172.18.0.2:8080/d1/566/AUTH_5ec2f863d8f54b06a96618816ae879f8/gnocchi.351539dc-dc07-41d9-b037-1a2ba3895a05/none_v3" "txc9f5abbe6d3a491594d32-0068e3e9d8" "object-server 22" 0.0007 "-" 21 0
Oct 6 16:10:00 standalone object-server[129953]: 172.20.0.100 - - [06/Oct/2025:16:10:00 +0000] "PUT /d1/566/AUTH_5ec2f863d8f54b06a96618816ae879f8/gnocchi.351539dc-dc07-41d9-b037-1a2ba3895a05/none_v3" 201 - "PUT http://172.18.0.2:8080/v1/AUTH_5ec2f863d8f54b06a96618816ae879f8/gnocchi.351539dc-dc07-41d9-b037-1a2ba3895a05/none_v3" "txc9f5abbe6d3a491594d32-0068e3e9d8" "proxy-server 20" 0.0085 "-" 22 0
Oct 6 16:10:00 standalone proxy-server[132048]: 172.18.0.2 172.18.0.100 06/Oct/2025/16/10/00 PUT /v1/AUTH_5ec2f863d8f54b06a96618816ae879f8/gnocchi.351539dc-dc07-41d9-b037-1a2ba3895a05/none_v3 HTTP/1.0 201 - python-swiftclient-3.11.1 gAAAAABo4-kstErZ... 22 - - txc9f5abbe6d3a491594d32-0068e3e9d8 - 0.0154 - - 1759767000.163161278 1759767000.178537846 0
Oct 6 16:10:00 standalone container-server[129694]: 172.20.0.100 - - [06/Oct/2025:16:10:00 +0000] "PUT /d1/115/AUTH_5ec2f863d8f54b06a96618816ae879f8/gnocchi.47da0d7b-9b7b-4d2f-a255-a7f289c40085/none_v3" 201 - "PUT http://172.18.0.2:8080/d1/772/AUTH_5ec2f863d8f54b06a96618816ae879f8/gnocchi.47da0d7b-9b7b-4d2f-a255-a7f289c40085/none_v3" "tx8adb075a9dbf453981664-0068e3e9d8" "object-server 19" 0.0007 "-" 20 0
Oct 6 16:10:00 standalone object-server[129942]: 172.20.0.100 - - [06/Oct/2025:16:10:00 +0000] "PUT /d1/772/AUTH_5ec2f863d8f54b06a96618816ae879f8/gnocchi.47da0d7b-9b7b-4d2f-a255-a7f289c40085/none_v3" 201 - "PUT http://172.18.0.2:8080/v1/AUTH_5ec2f863d8f54b06a96618816ae879f8/gnocchi.47da0d7b-9b7b-4d2f-a255-a7f289c40085/none_v3" "tx8adb075a9dbf453981664-0068e3e9d8" "proxy-server 20" 0.0079 "-" 19 0
Oct 6 16:10:00 standalone proxy-server[132048]: 172.18.0.2 172.18.0.100 06/Oct/2025/16/10/00 PUT /v1/AUTH_5ec2f863d8f54b06a96618816ae879f8/gnocchi.47da0d7b-9b7b-4d2f-a255-a7f289c40085/none_v3 HTTP/1.0 201 - python-swiftclient-3.11.1 gAAAAABo4-kstErZ... 22 - - tx8adb075a9dbf453981664-0068e3e9d8 - 0.0144 - - 1759767000.182406902 1759767000.196759701 0
Oct 6 16:10:26 standalone account-server[129659]: 172.20.0.100 - - [06/Oct/2025:16:10:26 +0000] "HEAD /d1/908/AUTH_5ec2f863d8f54b06a96618816ae879f8" 204 - "HEAD http://172.18.0.2:8080/v1/AUTH_5ec2f863d8f54b06a96618816ae879f8?format=json" "tx24ff6b37226f4cddb4cc5-0068e3e9f2" "proxy-server 20" 0.0055 "-" 21 -
