Oct 6 16:08:51 standalone account-server[129647]: 172.20.0.100 - - [06/Oct/2025:16:08:51 +0000] "PUT /d1/908/AUTH_5ec2f863d8f54b06a96618816ae879f8/gnocchi.1b64b34a-0942-4a7e-a6f0-7f4d0b3ad01e" 201 - "-" "-" "container-updater 2" 0.0007 "-" 19 0
Oct 6 16:08:51 standalone container-server[129704]: Container update sweep completed: 0.80s
Oct 6 16:08:58 standalone container-server[129700]: 172.20.0.100 - - [06/Oct/2025:16:08:58 +0000] "HEAD /d1/785/AUTH_5ec2f863d8f54b06a96618816ae879f8/gnocchi.029cf227-871b-4bdf-b52f-ccebb5d9f530" 404 - "HEAD http://172.18.0.2:8080/v1/AUTH_5ec2f863d8f54b06a96618816ae879f8/gnocchi.029cf227-871b-4bdf-b52f-ccebb5d9f530?format=json&states=listing" "tx633bfee423804017887cf-0068e3e99a" "proxy-server 20" 0.0005 "-" 21 0
Oct 6 16:08:58 standalone object-server[129943]: 172.20.0.100 - - [06/Oct/2025:16:08:58 +0000] "GET /d1/312/AUTH_5ec2f863d8f54b06a96618816ae879f8/gnocchi.029cf227-871b-4bdf-b52f-ccebb5d9f530/none_v3" 404 70 "GET http://172.18.0.2:8080/v1/AUTH_5ec2f863d8f54b06a96618816ae879f8/gnocchi.029cf227-871b-4bdf-b52f-ccebb5d9f530/none_v3" "tx633bfee423804017887cf-0068e3e99a" "proxy-server 20" 0.0008 "-" 20 0
Oct 6 16:08:58 standalone proxy-server[132048]: 172.18.0.2 172.18.0.100 06/Oct/2025/16/08/58 GET /v1/AUTH_5ec2f863d8f54b06a96618816ae879f8/gnocchi.029cf227-871b-4bdf-b52f-ccebb5d9f530/none_v3 HTTP/1.0 404 - python-swiftclient-3.11.1 gAAAAABo4-kstErZ... - 70 - tx633bfee423804017887cf-0068e3e99a - 0.0106 - - 1759766938.332451582 1759766938.343073845 0
Oct 6 16:08:58 standalone account-server[129647]: 172.20.0.100 - - [06/Oct/2025:16:08:58 +0000] "PUT /d1/908/AUTH_5ec2f863d8f54b06a96618816ae879f8/gnocchi.029cf227-871b-4bdf-b52f-ccebb5d9f530" 201 - "PUT http://172.20.0.100:6001/d1/785/AUTH_5ec2f863d8f54b06a96618816ae879f8/gnocchi.029cf227-871b-4bdf-b52f-ccebb5d9f530" "txa8fc3b87777e4c96a5b66-0068e3e99a" "container-server 22" 0.0050 "-" 19 0
Oct 6 16:08:58 standalone container-server[129709]: 172.20.0.100 - - [06/Oct/2025:16:08:58 +0000] "PUT /d1/785/AUTH_5ec2f863d8f54b06a96618816ae879f8/gnocchi.029cf227-871b-4bdf-b52f-ccebb5d9f530" 201 - "PUT http://172.18.0.2:8080/v1/AUTH_5ec2f863d8f54b06a96618816ae879f8/gnocchi.029cf227-871b-4bdf-b52f-ccebb5d9f530" "txa8fc3b87777e4c96a5b66-0068e3e99a" "proxy-server 20" 0.0142 "-" 22 0
Oct 6 16:08:58 standalone proxy-server[132048]: 172.18.0.2 172.18.0.100 06/Oct/2025/16/08/58 PUT /v1/AUTH_5ec2f863d8f54b06a96618816ae879f8/gnocchi.029cf227-871b-4bdf-b52f-ccebb5d9f530 HTTP/1.0 201 - python-swiftclient-3.11.1 gAAAAABo4-kstErZ... - - - txa8fc3b87777e4c96a5b66-0068e3e99a - 0.0175 - - 1759766938.345777035 1759766938.363236427 0
Oct 6 16:08:58 standalone container-server[129710]: 172.20.0.100 - - [06/Oct/2025:16:08:58 +0000] "HEAD /d1/785/AUTH_5ec2f863d8f54b06a96618816ae879f8/gnocchi.029cf227-871b-4bdf-b52f-ccebb5d9f530" 204 - "HEAD http://172.18.0.2:8080/v1/AUTH_5ec2f863d8f54b06a96618816ae879f8/gnocchi.029cf227-871b-4bdf-b52f-ccebb5d9f530?format=json&states=listing" "tx2466b23f85e3433f88971-0068e3e99a" "proxy-server 20" 0.0013 "-" 23 0
Oct 6 16:08:58 standalone proxy-server[132048]: - - 06/Oct/2025/16/08/58 HEAD /v1/AUTH_5ec2f863d8f54b06a96618816ae879f8/gnocchi.029cf227-871b-4bdf-b52f-ccebb5d9f530%3Fformat%3Djson%26states%3Dlisting HTTP/1.0 204 - Swift - - - - tx2466b23f85e3433f88971-0068e3e99a - 0.0038 RL - 1759766938.367010355 1759766938.370847225 0
Oct 6 16:08:58 standalone container-server[129700]: 172.20.0.100 - - [06/Oct/2025:16:08:58 +0000] "GET /d1/785/AUTH_5ec2f863d8f54b06a96618816ae879f8/gnocchi.029cf227-871b-4bdf-b52f-ccebb5d9f530" 200 2 "GET http://172.18.0.2:8080/v1/AUTH_5ec2f863d8f54b06a96618816ae879f8/gnocchi.029cf227-871b-4bdf-b52f-ccebb5d9f530?format=json&states=listing" "tx2466b23f85e3433f88971-0068e3e99a" "proxy-server 20" 0.0018 "-" 21 0
Oct 6 16:08:58 standalone proxy-server[132048]: 172.18.0.2 172.18.0.100 06/Oct/2025/16/08/58 GET /v1/AUTH_5ec2f863d8f54b06a96618816ae879f8/gnocchi.029cf227-871b-4bdf-b52f-ccebb5d9f530%3Fformat%3Djson%26states%3Dlisting HTTP/1.0 200 - python-swiftclient-3.11.1 gAAAAABo4-kstErZ... - 2 - tx2466b23f85e3433f88971-0068e3e99a - 0.0105 - - 1759766938.366335630 1759766938.376837969 0
Oct 6 16:08:58 standalone object-server[129953]: 172.20.0.100 - - [06/Oct/2025:16:08:58 +0000] "GET /d1/424/AUTH_5ec2f863d8f54b06a96618816ae879f8/gnocchi.029cf227-871b-4bdf-b52f-ccebb5d9f530/1759320000.0_mean_300.0_v3" 404 70 "GET http://172.18.0.2:8080/v1/AUTH_5ec2f863d8f54b06a96618816ae879f8/gnocchi.029cf227-871b-4bdf-b52f-ccebb5d9f530/1759320000.0_mean_300.0_v3" "tx2d07a6a0983f4012bfcf4-0068e3e99a" "proxy-server 20" 0.0003 "-" 22 0
Oct 6 16:08:58 standalone proxy-server[132048]: 172.18.0.2 172.18.0.100 06/Oct/2025/16/08/58 GET /v1/AUTH_5ec2f863d8f54b06a96618816ae879f8/gnocchi.029cf227-871b-4bdf-b52f-ccebb5d9f530/1759320000.0_mean_300.0_v3 HTTP/1.0 404 - python-swiftclient-3.11.1 gAAAAABo4-kstErZ... - 70 - tx2d07a6a0983f4012bfcf4-0068e3e99a - 0.0041 - - 1759766938.380239964 1759766938.384355307 0
Oct 6 16:08:58 standalone container-server[129709]: 172.20.0.100 - - [06/Oct/2025:16:08:58 +0000] "PUT /d1/785/AUTH_5ec2f863d8f54b06a96618816ae879f8/gnocchi.029cf227-871b-4bdf-b52f-ccebb5d9f530/1759320000.0_mean_300.0_v3" 201 - "PUT http://172.18.0.2:8080/d1/424/AUTH_5ec2f863d8f54b06a96618816ae879f8/gnocchi.029cf227-871b-4bdf-b52f-ccebb5d9f530/1759320000.0_mean_300.0_v3" "txf28065001d824df1bcb70-0068e3e99a" "object-server 20" 0.0006 "-" 22 0
Oct 6 16:08:58 standalone object-server[129943]: 172.20.0.100 - - [06/Oct/2025:16:08:58 +0000] "PUT /d1/424/AUTH_5ec2f863d8f54b06a96618816ae879f8/gnocchi.029cf227-871b-4bdf-b52f-ccebb5d9f530/1759320000.0_mean_300.0_v3" 201 - "PUT http://172.18.0.2:8080/v1/AUTH_5ec2f863d8f54b06a96618816ae879f8/gnocchi.029cf227-871b-4bdf-b52f-ccebb5d9f530/1759320000.0_mean_300.0_v3" "txf28065001d824df1bcb70-0068e3e99a" "proxy-server 20" 0.0125 "-" 20 0
Oct 6 16:08:58 standalone proxy-server[132048]: 172.18.0.2 172.18.0.100 06/Oct/2025/16/08/58 PUT /v1/AUTH_5ec2f863d8f54b06a96618816ae879f8/gnocchi.029cf227-871b-4bdf-b52f-ccebb5d9f530/1759320000.0_mean_300.0_v3 HTTP/1.0 201 - python-swiftclient-3.11.1 gAAAAABo4-kstErZ... 16 - - txf28065001d824df1bcb70-0068e3e99a - 0.0199 - - 1759766938.387248278 1759766938.407131195 0
Oct 6 16:08:58 standalone container-server[129694]: 172.20.0.100 - - [06/Oct/2025:16:08:58 +0000] "PUT /d1/785/AUTH_5ec2f863d8f54b06a96618816ae879f8/gnocchi.029cf227-871b-4bdf-b52f-ccebb5d9f530/none_v3" 201 - "PUT http://172.18.0.2:8080/d1/312/AUTH_5ec2f863d8f54b06a96618816ae879f8/gnocchi.029cf227-871b-4bdf-b52f-ccebb5d9f530/none_v3" "tx6fed48b2b1984ce98dc72-0068e3e99a" "object-server 21" 0.0005 "-" 20 0
Oct 6 16:08:58 standalone object-server[129947]: 172.20.0.100 - - [06/Oct/2025:16:08:58 +0000] "PUT /d1/312/AUTH_5ec2f863d8f54b06a96618816ae879f8/gnocchi.029cf227-871b-4bdf-b52f-ccebb5d9f530/none_v3" 201 - "PUT http://172.18.0.2:8080/v1/AUTH_5ec2f863d8f54b06a96618816ae879f8/gnocchi.029cf227-871b-4bdf-b52f-ccebb5d9f530/none_v3" "tx6fed48b2b1984ce98dc72-0068e3e99a" "proxy-server 20" 0.0089 "-" 21 0
Oct 6 16:08:58 standalone proxy-server[132048]: 172.18.0.2 172.18.0.100 06/Oct/2025/16/08/58 PUT /v1/AUTH_5ec2f863d8f54b06a96618816ae879f8/gnocchi.029cf227-871b-4bdf-b52f-ccebb5d9f530/none_v3 HTTP/1.0 201 - python-swiftclient-3.11.1 gAAAAABo4-kstErZ... 22 - - tx6fed48b2b1984ce98dc72-0068e3e99a - 0.0140 - - 1759766938.410368681 1759766938.424384117 0
Oct 6 16:08:58 standalone object-server[129942]: 172.20.0.100 - - [06/Oct/2025:16:08:58 +0000] "GET /d1/312/AUTH_5ec2f863d8f54b06a96618816ae879f8/gnocchi.029cf227-871b-4bdf-b52f-ccebb5d9f530/none_v3" 200 22 "GET http://172.18.0.2:8080/v1/AUTH_5ec2f863d8f54b06a96618816ae879f8/gnocchi.029cf227-871b-4bdf-b52f-ccebb5d9f530/none_v3" "txd413eb4eda6b4760b40b8-0068e3e99a" "proxy-server 20" 0.0007 "-" 19 0
Oct 6 16:08:58 standalone proxy-server[132048]: 172.18.0.2 172.18.0.100 06/Oct/2025/16/08/58 GET /v1/AUTH_5ec2f863d8f54b06a96618816ae879f8/gnocchi.029cf227-871b-4bdf-b52f-ccebb5d9f530/none_v3 HTTP/1.0 200 - python-swiftclient-3.11.1 gAAAAABo4-kstErZ... - 22 - txd413eb4eda6b4760b40b8-0068e3e99a - 0.0064 - - 1759766938.532448292 1759766938.538850784 0
Oct 6 16:08:58 standalone container-server[129709]: 172.20.0.100 - - [06/Oct/2025:16:08:58 +0000] "GET /d1/785/AUTH_5ec2f863d8f54b06a96618816ae879f8/gnocchi.029cf227-871b-4bdf-b52f-ccebb5d9f530" 200 357 "GET http://172.18.0.2:8080/v1/AUTH_5ec2f863d8f54b06a96618816ae879f8/gnocchi.029cf227-871b-4bdf-b52f-ccebb5d9f530?format=json&states=listing" "tx44928acb61ba43038834b-0068e3e99a" "proxy-server 20" 0.0074 "-" 22 0
Oct 6 16:08:58 standalone proxy-server[132048]: 172.18.0.2 172.18.0.100 06/Oct/2025/16/08/58 GET /v1/AUTH_5ec2f863d8f54b06a96618816ae879f8/gnocchi.029cf227-871b-4bdf-b52f-ccebb5d9f530%3Fformat%3Djson%26states%3Dlisting HTTP/1.0 200 - python-swiftclient-3.11.1 gAAAAABo4-kstErZ... - 357 - tx44928acb61ba43038834b-0068e3e99a - 0.0127 - - 1759766938.543146133 1759766938.555827141 0
Oct 6 16:08:58 standalone container-server[129710]: 172.20.0.100 - - [06/Oct/2025:16:08:58 +0000] "GET /d1/785/AUTH_5ec2f863d8f54b06a96618816ae879f8/gnocchi.029cf227-871b-4bdf-b52f-ccebb5d9f530" 200 2 "GET http://172.18.0.2:8080/v1/AUTH_5ec2f863d8f54b06a96618816ae879f8/gnocchi.029cf227-871b-4bdf-b52f-ccebb5d9f530?format=json&marker=none_v3&states=listing" "tx625757abf2a449faaf363-0068e3e99a" "proxy-server 20" 0.0025 "-" 23 0
Oct 6 16:08:58 standalone proxy-server[132048]: 172.18.0.2 172.18.0.100 06/Oct/2025/16/08/58 GET /v1/AUTH_5ec2f863d8f54b06a96618816ae879f8/gnocchi.029cf227-871b-4bdf-b52f-ccebb5d9f530%3Fformat%3Djson%26marker%3Dnone_v3%26states%3Dlisting HTTP/1.0 200 - python-swiftclient-3.11.1 gAAAAABo4-kstErZ... - 2 - tx625757abf2a449faaf363-0068e3e99a - 0.0088 - - 1759766938.559488535 1759766938.568320036 0
Oct 6 16:08:58 standalone object-server[129943]: 172.20.0.100 - - [06/Oct/2025:16:08:58 +0000] "GET /d1/424/AUTH_5ec2f863d8f54b06a96618816ae879f8/gnocchi.029cf227-871b-4bdf-b52f-ccebb5d9f530/1759320000.0_mean_300.0_v3" 200 16 "GET http://172.18.0.2:8080/v1/AUTH_5ec2f863d8f54b06a96618816ae879f8/gnocchi.029cf227-871b-4bdf-b52f-ccebb5d9f530/1759320000.0_mean_300.0_v3" "tx225d2997ae9f47768d2e4-0068e3e99a" "proxy-server 20" 0.0014 "-" 20 0
Oct 6 16:08:58 standalone proxy-server[132048]: 172.18.0.2 172.18.0.100 06/Oct/2025/16/08/58 GET /v1/AUTH_5ec2f863d8f54b06a96618816ae879f8/gnocchi.029cf227-871b-4bdf-b52f-ccebb5d9f530/1759320000.0_mean_300.0_v3 HTTP/1.0 200 - python-swiftclient-3.11.1 gAAAAABo4-kstErZ... - 16 - tx225d2997ae9f47768d2e4-0068e3e99a - 0.0085 - - 1759766938.572164536 1759766938.580707312 0
Oct 6 16:08:58 standalone container-server[129700]: 172.20.0.100 - - [06/Oct/2025:16:08:58 +0000] "PUT /d1/785/AUTH_5ec2f863d8f54b06a96618816ae879f8/gnocchi.029cf227-871b-4bdf-b52f-ccebb5d9f530/1759320000.0_mean_300.0_v3" 201 - "PUT http://172.18.0.2:8080/d1/424/AUTH_5ec2f863d8f54b06a96618816ae879f8/gnocchi.029cf227-871b-4bdf-b52f-ccebb5d9f530/1759320000.0_mean_300.0_v3" "tx019ecef53d1f4d3aa5d96-0068e3e99a" "object-server 22" 0.0006 "-" 21 0
Oct 6 16:08:58 standalone object-server[129953]: 172.20.0.100 - - [06/Oct/2025:16:08:58 +0000] "PUT /d1/424/AUTH_5ec2f863d8f54b06a96618816ae879f8/gnocchi.029cf227-871b-4bdf-b52f-ccebb5d9f530/1759320000.0_mean_300.0_v3" 201 - "PUT http://172.18.0.2:8080/v1/AUTH_5ec2f863d8f54b06a96618816ae879f8/gnocchi.029cf227-871b-4bdf-b52f-ccebb5d9f530/1759320000.0_mean_300.0_v3" "tx019ecef53d1f4d3aa5d96-0068e3e99a" "proxy-server 20" 0.0096 "-" 22 0
Oct 6 16:08:58 standalone proxy-server[132048]: 172.18.0.2 172.18.0.100 06/Oct/2025/16/08/58 PUT /v1/AUTH_5ec2f863d8f54b06a96618816ae879f8/gnocchi.029cf227-871b-4bdf-b52f-ccebb5d9f530/1759320000.0_mean_300.0_v3 HTTP/1.0 201 - python-swiftclient-3.11.1 gAAAAABo4-kstErZ... 16 - - tx019ecef53d1f4d3aa5d96-0068e3e99a - 0.0161 - - 1759766938.624147415 1759766938.640209198 0
Oct 6 16:08:58 standalone container-server[129710]: 172.20.0.100 - - [06/Oct/2025:16:08:58 +0000] "PUT /d1/785/AUTH_5ec2f863d8f54b06a96618816ae879f8/gnocchi.029cf227-871b-4bdf-b52f-ccebb5d9f530/none_v3" 201 - "PUT http://172.18.0.2:8080/d1/312/AUTH_5ec2f863d8f54b06a96618816ae879f8/gnocchi.029cf227-871b-4bdf-b52f-ccebb5d9f530/none_v3" "tx6381b8f2de0446dba0362-0068e3e99a" "object-server 20" 0.0006 "-" 23 0
Oct 6 16:08:58 standalone object-server[129943]: 172.20.0.100 - - [06/Oct/2025:16:08:58 +0000] "PUT /d1/312/AUTH_5ec2f863d8f54b06a96618816ae879f8/gnocchi.029cf227-871b-4bdf-b52f-ccebb5d9f530/none_v3" 201 - "PUT http://172.18.0.2:8080/v1/AUTH_5ec2f863d8f54b06a96618816ae879f8/gnocchi.029cf227-871b-4bdf-b52f-ccebb5d9f530/none_v3" "tx6381b8f2de0446dba0362-0068e3e99a" "proxy-server 20" 0.0087 "-" 20 0
Oct 6 16:08:58 standalone proxy-server[132048]: 172.18.0.2 172.18.0.100 06/Oct/2025/16/08/58 PUT /v1/AUTH_5ec2f863d8f54b06a96618816ae879f8/gnocchi.029cf227-871b-4bdf-b52f-ccebb5d9f530/none_v3 HTTP/1.0 201 - python-swiftclient-3.11.1 gAAAAABo4-kstErZ... 31 - - tx6381b8f2de0446dba0362-0068e3e99a - 0.0163 - - 1759766938.643393517 1759766938.659736633 0
Oct 6 16:09:07 standalone object-server[129947]: 172.20.0.100 - - [06/Oct/2025:16:09:07 +0000] "GET /d1/687/AUTH_5ec2f863d8f54b06a96618816ae879f8/gnocchi.aefcd250-f13f-4090-81bb-fbd566c08772/none_v3" 200 32 "GET http://172.18.0.2:8080/v1/AUTH_5ec2f863d8f54b06a96618816ae879f8/gnocchi.aefcd250-f13f-4090-81bb-fbd566c08772/none_v3" "tx7f17029663ad4a9f8878e-0068e3e9a3" "proxy-server 20" 0.0025 "-" 21 0
Oct 6 16:09:07 standalone proxy-server[132048]: 172.18.0.2 172.18.0.100 06/Oct/2025/16/09/07 GET /v1/AUTH_5ec2f863d8f54b06a96618816ae879f8/gnocchi.aefcd250-f13f-4090-81bb-fbd566c08772/none_v3 HTTP/1.0 200 - python-swiftclient-3.11.1 gAAAAABo4-kstErZ... - 32 - tx7f17029663ad4a9f8878e-0068e3e9a3 - 0.0106 - - 1759766947.807893991 1759766947.818460703 0
Oct 6 16:09:07 standalone container-server[129709]: 172.20.0.100 - - [06/Oct/2025:16:09:07 +0000] "GET /d1/206/AUTH_5ec2f863d8f54b06a96618816ae879f8/gnocchi.aefcd250-f13f-4090-81bb-fbd566c08772" 200 357 "GET http://172.18.0.2:8080/v1/AUTH_5ec2f863d8f54b06a96618816ae879f8/gnocchi.aefcd250-f13f-4090-81bb-fbd566c08772?format=json&states=listing" "txa4fdd083e6944b4ca53d8-0068e3e9a3" "proxy-server 20" 0.0036 "-" 22 0
Oct 6 16:09:07 standalone proxy-server[132048]: 172.18.0.2 172.18.0.100 06/Oct/2025/16/09/07 GET /v1/AUTH_5ec2f863d8f54b06a96618816ae879f8/gnocchi.aefcd250-f13f-4090-81bb-fbd566c08772%3Fformat%3Djson%26states%3Dlisting HTTP/1.0 200 - python-swiftclient-3.11.1 gAAAAABo4-kstErZ... - 357 - txa4fdd083e6944b4ca53d8-0068e3e9a3 - 0.0106 - - 1759766947.821878672 1759766947.832479000 0
Oct 6 16:09:07 standalone container-server[129710]: 172.20.0.100 - - [06/Oct/2025:16:09:07 +0000] "GET /d1/206/AUTH_5ec2f863d8f54b06a96618816ae879f8/gnocchi.aefcd250-f13f-4090-81bb-fbd566c08772" 200 2 "GET http://172.18.0.2:8080/v1/AUTH_5ec2f863d8f54b06a96618816ae879f8/gnocchi.aefcd250-f13f-4090-81bb-fbd566c08772?format=json&marker=none_v3&states=listing" "tx136960c20924499eb1d6e-0068e3e9a3" "proxy-server 20" 0.0020 "-" 23 0
Oct 6 16:09:07 standalone proxy-server[132048]: 172.18.0.2 172.18.0.100 06/Oct/2025/16/09/07 GET /v1/AUTH_5ec2f863d8f54b06a96618816ae879f8/gnocchi.aefcd250-f13f-4090-81bb-fbd566c08772%3Fformat%3Djson%26marker%3Dnone_v3%26states%3Dlisting HTTP/1.0 200 - python-swiftclient-3.11.1 gAAAAABo4-kstErZ... - 2 - tx136960c20924499eb1d6e-0068e3e9a3 - 0.0067 - - 1759766947.834687710 1759766947.841389418 0
Oct 6 16:09:07 standalone object-server[129943]: 172.20.0.100 - - [06/Oct/2025:16:09:07 +0000] "GET /d1/142/AUTH_5ec2f863d8f54b06a96618816ae879f8/gnocchi.aefcd250-f13f-4090-81bb-fbd566c08772/1759320000.0_mean_300.0_v3" 200 16 "GET http://172.18.0.2:8080/v1/AUTH_5ec2f863d8f54b06a96618816ae879f8/gnocchi.aefcd250-f13f-4090-81bb-fbd566c08772/1759320000.0_mean_300.0_v3" "txa811fb34ec124f1b86b02-0068e3e9a3" "proxy-server 20" 0.0008 "-" 20 0
Oct 6 16:09:07 standalone proxy-server[132048]: 172.18.0.2 172.18.0.100 06/Oct/2025/16/09/07 GET /v1/AUTH_5ec2f863d8f54b06a96618816ae879f8/gnocchi.aefcd250-f13f-4090-81bb-fbd566c08772/1759320000.0_mean_300.0_v3 HTTP/1.0 200 - python-swiftclient-3.11.1 gAAAAABo4-kstErZ... - 16 - txa811fb34ec124f1b86b02-0068e3e9a3 - 0.0063 - - 1759766947.844231129 1759766947.850572348 0
Oct 6 16:09:07 standalone container-server[129700]: 172.20.0.100 - - [06/Oct/2025:16:09:07 +0000] "PUT /d1/206/AUTH_5ec2f863d8f54b06a96618816ae879f8/gnocchi.aefcd250-f13f-4090-81bb-fbd566c08772/1759320000.0_mean_300.0_v3" 201 - "PUT http://172.18.0.2:8080/d1/142/AUTH_5ec2f863d8f54b06a96618816ae879f8/gnocchi.aefcd250-f13f-4090-81bb-fbd566c08772/1759320000.0_mean_300.0_v3" "tx2d92c61764c1490f9fa7c-0068e3e9a3" "object-server 19" 0.0009 "-" 21 0
Oct 6 16:09:07 standalone object-server[129942]: 172.20.0.100 - - [06/Oct/2025:16:09:07 +0000] "PUT /d1/142/AUTH_5ec2f863d8f54b06a96618816ae879f8/gnocchi.aefcd250-f13f-4090-81bb-fbd566c08772/1759320000.0_mean_300.0_v3" 201 - "PUT http://172.18.0.2:8080/v1/AUTH_5ec2f863d8f54b06a96618816ae879f8/gnocchi.aefcd250-f13f-4090-81bb-fbd566c08772/1759320000.0_mean_300.0_v3" "tx2d92c61764c1490f9fa7c-0068e3e9a3" "proxy-server 20" 0.0209 "-" 19 0
Oct 6 16:09:07 standalone proxy-server[132048]: 172.18.0.2 172.18.0.100 06/Oct/2025/16/09/07 PUT /v1/AUTH_5ec2f863d8f54b06a96618816ae879f8/gnocchi.aefcd250-f13f-4090-81bb-fbd566c08772/1759320000.0_mean_300.0_v3 HTTP/1.0 201 - python-swiftclient-3.11.1 gAAAAABo4-kstErZ... 16 - - tx2d92c61764c1490f9fa7c-0068e3e9a3 - 0.0255 - - 1759766947.852921247 1759766947.878464222 0
Oct 6 16:09:07 standalone account-server[129636]: 172.20.0.100 - - [06/Oct/2025:16:09:07 +0000] "HEAD /d1/908/AUTH_5ec2f863d8f54b06a96618816ae879f8" 204 - "HEAD http://172.18.0.2:8080/v1/AUTH_5ec2f863d8f54b06a96618816ae879f8?format=json" "tx905d5b46b980407ba5e1d-0068e3e9a3" "proxy-server 20" 0.0056 "-" 17 -
Oct 6 16:09:07 standalone proxy-server[132048]: - - 06/Oct/2025/16/09/07 HEAD /v1/AUTH_5ec2f863d8f54b06a96618816ae879f8%3Fformat%3Djson HTTP/1.0 204 - Swift - - - - tx905d5b46b980407ba5e1d-0068e3e9a3 - 0.0099 RL - 1759766947.881525278 1759766947.891425610 -
Oct 6 16:09:07 standalone container-server[129700]: 172.20.0.100 - - [06/Oct/2025:16:09:07 +0000] "PUT /d1/206/AUTH_5ec2f863d8f54b06a96618816ae879f8/gnocchi.aefcd250-f13f-4090-81bb-fbd566c08772/none_v3" 201 - "PUT http://172.18.0.2:8080/d1/687/AUTH_5ec2f863d8f54b06a96618816ae879f8/gnocchi.aefcd250-f13f-4090-81bb-fbd566c08772/none_v3" "tx905d5b46b980407ba5e1d-0068e3e9a3" "object-server 22" 0.0008 "-" 21 0
Oct 6 16:09:07 standalone object-server[129953]: 172.20.0.100 - - [06/Oct/2025:16:09:07 +0000] "PUT /d1/687/AUTH_5ec2f863d8f54b06a96618816ae879f8/gnocchi.aefcd250-f13f-4090-81bb-fbd566c08772/none_v3" 201 - "PUT http://172.18.0.2:8080/v1/AUTH_5ec2f863d8f54b06a96618816ae879f8/gnocchi.aefcd250-f13f-4090-81bb-fbd566c08772/none_v3" "tx905d5b46b980407ba5e1d-0068e3e9a3" "proxy-server 20" 0.0090 "-" 22 0
Oct 6 16:09:07 standalone proxy-server[132048]: 172.18.0.2 172.18.0.100 06/Oct/2025/16/09/07 PUT /v1/AUTH_5ec2f863d8f54b06a96618816ae879f8/gnocchi.aefcd250-f13f-4090-81bb-fbd566c08772/none_v3 HTTP/1.0 201 - python-swiftclient-3.11.1 gAAAAABo4-kstErZ... 46 - - tx905d5b46b980407ba5e1d-0068e3e9a3 - 0.0242 - - 1759766947.880815029 1759766947.905041933 0
Oct 6 16:09:08 standalone object-server[129947]: 172.20.0.100 - - [06/Oct/2025:16:09:08 +0000] "GET /d1/687/AUTH_5ec2f863d8f54b06a96618816ae879f8/gnocchi.aefcd250-f13f-4090-81bb-fbd566c08772/none_v3" 200 46 "GET http://172.18.0.2:8080/v1/AUTH_5ec2f863d8f54b06a96618816ae879f8/gnocchi.aefcd250-f13f-4090-81bb-fbd566c08772/none_v3" "tx346daca1366d4d83870c1-0068e3e9a4" "proxy-server 20" 0.0014 "-" 21 0
Oct 6 16:09:08 standalone proxy-server[132048]: 172.18.0.2 172.18.0.100 06/Oct/2025/16/09/08 GET /v1/AUTH_5ec2f863d8f54b06a96618816ae879f8/gnocchi.aefcd250-f13f-4090-81bb-fbd566c08772/none_v3 HTTP/1.0 200 - python-swiftclient-3.11.1 gAAAAABo4-kstErZ... - 46 - tx346daca1366d4d83870c1-0068e3e9a4 - 0.0109 - - 1759766948.789815664 1759766948.800729752 0
Oct 6 16:09:08 standalone container-server[129694]: 172.20.0.100 - - [06/Oct/2025:16:09:08 +0000] "GET /d1/206/AUTH_5ec2f863d8f54b06a96618816ae879f8/gnocchi.aefcd250-f13f-4090-81bb-fbd566c08772" 200 357 "GET http://172.18.0.2:8080/v1/AUTH_5ec2f863d8f54b06a96618816ae879f8/gnocchi.aefcd250-f13f-4090-81bb-fbd566c08772?format=json&states=listing" "txbdac1b074e3945eea0209-0068e3e9a4" "proxy-server 20" 0.0246 "-" 20 0
Oct 6 16:09:08 standalone proxy-server[132048]: 172.18.0.2 172.18.0.100 06/Oct/2025/16/09/08 GET /v1/AUTH_5ec2f863d8f54b06a96618816ae879f8/gnocchi.aefcd250-f13f-4090-81bb-fbd566c08772%3Fformat%3Djson%26states%3Dlisting HTTP/1.0 200 - python-swiftclient-3.11.1 gAAAAABo4-kstErZ... - 357 - txbdac1b074e3945eea0209-0068e3e9a4 - 0.0739 - - 1759766948.806237698 1759766948.880093813 0
Oct 6 16:09:08 standalone container-server[129694]: 172.20.0.100 - - [06/Oct/2025:16:09:08 +0000] "GET /d1/206/AUTH_5ec2f863d8f54b06a96618816ae879f8/gnocchi.aefcd250-f13f-4090-81bb-fbd566c08772" 200 2 "GET http://172.18.0.2:8080/v1/AUTH_5ec2f863d8f54b06a96618816ae879f8/gnocchi.aefcd250-f13f-4090-81bb-fbd566c08772?format=json&marker=none_v3&states=listing" "tx458934079b28447680712-0068e3e9a4" "proxy-server 20" 0.0043 "-" 20 0
Oct 6 16:09:08 standalone proxy-server[132048]: 172.18.0.2 172.18.0.100 06/Oct/2025/16/09/08 GET /v1/AUTH_5ec2f863d8f54b06a96618816ae879f8/gnocchi.aefcd250-f13f-4090-81bb-fbd566c08772%3Fformat%3Djson%26marker%3Dnone_v3%26states%3Dlisting HTTP/1.0 200 - python-swiftclient-3.11.1 gAAAAABo4-kstErZ... - 2 - tx458934079b28447680712-0068e3e9a4 - 0.0123 - - 1759766948.884635448 1759766948.896967173 0
Oct 6 16:09:08 standalone object-server[129943]: 172.20.0.100 - - [06/Oct/2025:16:09:08 +0000] "GET /d1/142/AUTH_5ec2f863d8f54b06a96618816ae879f8/gnocchi.aefcd250-f13f-4090-81bb-fbd566c08772/1759320000.0_mean_300.0_v3" 200 16 "GET http://172.18.0.2:8080/v1/AUTH_5ec2f863d8f54b06a96618816ae879f8/gnocchi.aefcd250-f13f-4090-81bb-fbd566c08772/1759320000.0_mean_300.0_v3" "txd0dd63996e8b4125a43e8-0068e3e9a4" "proxy-server 20" 0.0009 "-" 20 0
Oct 6 16:09:08 standalone proxy-server[132048]: 172.18.0.2 172.18.0.100 06/Oct/2025/16/09/08 GET /v1/AUTH_5ec2f863d8f54b06a96618816ae879f8/gnocchi.aefcd250-f13f-4090-81bb-fbd566c08772/1759320000.0_mean_300.0_v3 HTTP/1.0 200 - python-swiftclient-3.11.1 gAAAAABo4-kstErZ... - 16 - txd0dd63996e8b4125a43e8-0068e3e9a4 - 0.0073 - - 1759766948.902528286 1759766948.909840107 0
Oct 6 16:09:08 standalone container-server[129700]: 172.20.0.100 - - [06/Oct/2025:16:09:08 +0000] "PUT /d1/206/AUTH_5ec2f863d8f54b06a96618816ae879f8/gnocchi.aefcd250-f13f-4090-81bb-fbd566c08772/1759320000.0_mean_300.0_v3" 201 - "PUT http://172.18.0.2:8080/d1/142/AUTH_5ec2f863d8f54b06a96618816ae879f8/gnocchi.aefcd250-f13f-4090-81bb-fbd566c08772/1759320000.0_mean_300.0_v3" "tx8a558c3b00504b81a1ba4-0068e3e9a4" "object-server 22" 0.0008 "-" 21 0
Oct 6 16:09:08 standalone object-server[129953]: 172.20.0.100 - - [06/Oct/2025:16:09:08 +0000] "PUT /d1/142/AUTH_5ec2f863d8f54b06a96618816ae879f8/gnocchi.aefcd250-f13f-4090-81bb-fbd566c08772/1759320000.0_mean_300.0_v3" 201 - "PUT http://172.18.0.2:8080/v1/AUTH_5ec2f863d8f54b06a96618816ae879f8/gnocchi.aefcd250-f13f-4090-81bb-fbd566c08772/1759320000.0_mean_300.0_v3" "tx8a558c3b00504b81a1ba4-0068e3e9a4" "proxy-server 20" 0.0108 "-" 22 0
Oct 6 16:09:08 standalone proxy-server[132048]: 172.18.0.2 172.18.0.100 06/Oct/2025/16/09/08 PUT /v1/AUTH_5ec2f863d8f54b06a96618816ae879f8/gnocchi.aefcd250-f13f-4090-81bb-fbd566c08772/1759320000.0_mean_300.0_v3 HTTP/1.0 201 - python-swiftclient-3.11.1 gAAAAABo4-kstErZ... 16 - - tx8a558c3b00504b81a1ba4-0068e3e9a4 - 0.0164 - - 1759766948.913743019 1759766948.930141211 0
Oct 6 16:09:08 standalone container-server[129710]: 172.20.0.100 - - [06/Oct/2025:16:09:08 +0000] "PUT /d1/206/AUTH_5ec2f863d8f54b06a96618816ae879f8/gnocchi.aefcd250-f13f-4090-81bb-fbd566c08772/none_v3" 201 - "PUT http://172.18.0.2:8080/d1/687/AUTH_5ec2f863d8f54b06a96618816ae879f8/gnocchi.aefcd250-f13f-4090-81bb-fbd566c08772/none_v3" "txf8f18a8cd515418ab6583-0068e3e9a4" "object-server 20" 0.0009 "-" 23 0
Oct 6 16:09:08 standalone object-server[129943]: 172.20.0.100 - - [06/Oct/2025:16:09:08 +0000] "PUT /d1/687/AUTH_5ec2f863d8f54b06a96618816ae879f8/gnocchi.aefcd250-f13f-4090-81bb-fbd566c08772/none_v3" 201 - "PUT http://172.18.0.2:8080/v1/AUTH_5ec2f863d8f54b06a96618816ae879f8/gnocchi.aefcd250-f13f-4090-81bb-fbd566c08772/none_v3" "txf8f18a8cd515418ab6583-0068e3e9a4" "proxy-server 20" 0.0127 "-" 20 0
Oct 6 16:09:08 standalone proxy-server[132048]: 172.18.0.2 172.18.0.100 06/Oct/2025/16/09/08 PUT /v1/AUTH_5ec2f863d8f54b06a96618816ae879f8/gnocchi.aefcd250-f13f-4090-81bb-fbd566c08772/none_v3 HTTP/1.0 201 - python-swiftclient-3.11.1 gAAAAABo4-kstErZ... 51 - - txf8f18a8cd515418ab6583-0068e3e9a4 - 0.0195 - - 1759766948.934391260 1759766948.953896284 0
Oct 6 16:09:08 standalone object-server[129947]: 172.20.0.100 - - [06/Oct/2025:16:09:08 +0000] "GET /d1/909/AUTH_5ec2f863d8f54b06a96618816ae879f8/gnocchi.d1f0000f-03f4-4b2f-b680-11113f7b0493/none_v3" 200 22 "GET http://172.18.0.2:8080/v1/AUTH_5ec2f863d8f54b06a96618816ae879f8/gnocchi.d1f0000f-03f4-4b2f-b680-11113f7b0493/none_v3" "tx708bef6270be4d9ca25b4-0068e3e9a4" "proxy-server 20" 0.0011 "-" 21 0
Oct 6 16:09:08 standalone proxy-server[132048]: 172.18.0.2 172.18.0.100 06/Oct/2025/16/09/08 GET /v1/AUTH_5ec2f863d8f54b06a96618816ae879f8/gnocchi.d1f0000f-03f4-4b2f-b680-11113f7b0493/none_v3 HTTP/1.0 200 - python-swiftclient-3.11.1 gAAAAABo4-kstErZ... - 22 - tx708bef6270be4d9ca25b4-0068e3e9a4 - 0.0082 - - 1759766948.969055653 1759766948.977208138 0
Oct 6 16:09:08 standalone container-server[129694]: 172.20.0.100 - - [06/Oct/2025:16:09:08 +0000] "GET /d1/1002/AUTH_5ec2f863d8f54b06a96618816ae879f8/gnocchi.d1f0000f-03f4-4b2f-b680-11113f7b0493" 200 357 "GET http://172.18.0.2:8080/v1/AUTH_5ec2f863d8f54b06a96618816ae879f8/gnocchi.d1f0000f-03f4-4b2f-b680-11113f7b0493?format=json&states=listing" "txb4c62762bf934682ae076-0068e3e9a4" "proxy-server 20" 0.0038 "-" 20 0
Oct 6 16:09:08 standalone proxy-server[132048]: 172.18.0.2 172.18.0.100 06/Oct/2025/16/09/08 GET /v1/AUTH_5ec2f863d8f54b06a96618816ae879f8/gnocchi.d1f0000f-03f4-4b2f-b680-11113f7b0493%3Fformat%3Djson%26states%3Dlisting HTTP/1.0 200 - python-swiftclient-3.11.1 gAAAAABo4-kstErZ... - 357 - txb4c62762bf934682ae076-0068e3e9a4 - 0.0105 - - 1759766948.981383324 1759766948.991927862 0
Oct 6 16:09:09 standalone container-server[129710]: 172.20.0.100 - - [06/Oct/2025:16:09:09 +0000] "GET /d1/1002/AUTH_5ec2f863d8f54b06a96618816ae879f8/gnocchi.d1f0000f-03f4-4b2f-b680-11113f7b0493" 200 2 "GET http://172.18.0.2:8080/v1/AUTH_5ec2f863d8f54b06a96618816ae879f8/gnocchi.d1f0000f-03f4-4b2f-b680-11113f7b0493?format=json&marker=none_v3&states=listing" "tx58ad5d42cbc641b884435-0068e3e9a4" "proxy-server 20" 0.0024 "-" 23 0
Oct 6 16:09:09 standalone proxy-server[132048]: 172.18.0.2 172.18.0.100 06/Oct/2025/16/09/09 GET /v1/AUTH_5ec2f863d8f54b06a96618816ae879f8/gnocchi.d1f0000f-03f4-4b2f-b680-11113f7b0493%3Fformat%3Djson%26marker%3Dnone_v3%26states%3Dlisting HTTP/1.0 200 - python-swiftclient-3.11.1 gAAAAABo4-kstErZ... - 2 - tx58ad5d42cbc641b884435-0068e3e9a4 - 0.0085 - - 1759766948.995170355 1759766949.003690481 0
Oct 6 16:09:09 standalone object-server[129947]: 172.20.0.100 - - [06/Oct/2025:16:09:09 +0000] "GET /d1/610/AUTH_5ec2f863d8f54b06a96618816ae879f8/gnocchi.d1f0000f-03f4-4b2f-b680-11113f7b0493/1759320000.0_mean_300.0_v3" 200 16 "GET http://172.18.0.2:8080/v1/AUTH_5ec2f863d8f54b06a96618816ae879f8/gnocchi.d1f0000f-03f4-4b2f-b680-11113f7b0493/1759320000.0_mean_300.0_v3" "tx22500c2419cf4e6bb95c2-0068e3e9a5" "proxy-server 20" 0.0013 "-" 21 0
Oct 6 16:09:09 standalone proxy-server[132048]: 172.18.0.2 172.18.0.100 06/Oct/2025/16/09/09 GET /v1/AUTH_5ec2f863d8f54b06a96618816ae879f8/gnocchi.d1f0000f-03f4-4b2f-b680-11113f7b0493/1759320000.0_mean_300.0_v3 HTTP/1.0 200 - python-swiftclient-3.11.1 gAAAAABo4-kstErZ... - 16 - tx22500c2419cf4e6bb95c2-0068e3e9a5 - 0.0070 - - 1759766949.007847309 1759766949.014866590 0
Oct 6 16:09:09 standalone container-server[129694]: 172.20.0.100 - - [06/Oct/2025:16:09:09 +0000] "PUT /d1/1002/AUTH_5ec2f863d8f54b06a96618816ae879f8/gnocchi.d1f0000f-03f4-4b2f-b680-11113f7b0493/1759320000.0_mean_300.0_v3" 201 - "PUT http://172.18.0.2:8080/d1/610/AUTH_5ec2f863d8f54b06a96618816ae879f8/gnocchi.d1f0000f-03f4-4b2f-b680-11113f7b0493/1759320000.0_mean_300.0_v3" "txeb2d5e7b7a2f468280aac-0068e3e9a5" "object-server 19" 0.0006 "-" 20 0
Oct 6 16:09:09 standalone object-server[129942]: 172.20.0.100 - - [06/Oct/2025:16:09:09 +0000] "PUT /d1/610/AUTH_5ec2f863d8f54b06a96618816ae879f8/gnocchi.d1f0000f-03f4-4b2f-b680-11113f7b0493/1759320000.0_mean_300.0_v3" 201 - "PUT http://172.18.0.2:8080/v1/AUTH_5ec2f863d8f54b06a96618816ae879f8/gnocchi.d1f0000f-03f4-4b2f-b680-11113f7b0493/1759320000.0_mean_300.0_v3" "txeb2d5e7b7a2f468280aac-0068e3e9a5" "proxy-server 20" 0.0106 "-" 19 0
Oct 6 16:09:09 standalone proxy-server[132048]: 172.18.0.2 172.18.0.100 06/Oct/2025/16/09/09 PUT /v1/AUTH_5ec2f863d8f54b06a96618816ae879f8/gnocchi.d1f0000f-03f4-4b2f-b680-11113f7b0493/1759320000.0_mean_300.0_v3 HTTP/1.0 201 - python-swiftclient-3.11.1 gAAAAABo4-kstErZ... 16 - - txeb2d5e7b7a2f468280aac-0068e3e9a5 - 0.0160 - - 1759766949.018443823 1759766949.034435987 0
Oct 6 16:09:09 standalone container-server[129694]: 172.20.0.100 - - [06/Oct/2025:16:09:09 +0000] "PUT /d1/1002/AUTH_5ec2f863d8f54b06a96618816ae879f8/gnocchi.d1f0000f-03f4-4b2f-b680-11113f7b0493/none_v3" 201 - "PUT http://172.18.0.2:8080/d1/909/AUTH_5ec2f863d8f54b06a96618816ae879f8/gnocchi.d1f0000f-03f4-4b2f-b680-11113f7b0493/none_v3" "txafd041717fe448ab9c6e2-0068e3e9a5" "object-server 19" 0.0006 "-" 20 0
Oct 6 16:09:09 standalone object-server[129942]: 172.20.0.100 - - [06/Oct/2025:16:09:09 +0000] "PUT /d1/909/AUTH_5ec2f863d8f54b06a96618816ae879f8/gnocchi.d1f0000f-03f4-4b2f-b680-11113f7b0493/none_v3" 201 - "PUT http://172.18.0.2:8080/v1/AUTH_5ec2f863d8f54b06a96618816ae879f8/gnocchi.d1f0000f-03f4-4b2f-b680-11113f7b0493/none_v3" "txafd041717fe448ab9c6e2-0068e3e9a5" "proxy-server 20" 0.0104 "-" 19 0
Oct 6 16:09:09 standalone proxy-server[132048]: 172.18.0.2 172.18.0.100 06/Oct/2025/16/09/09 PUT /v1/AUTH_5ec2f863d8f54b06a96618816ae879f8/gnocchi.d1f0000f-03f4-4b2f-b680-11113f7b0493/none_v3 HTTP/1.0 201 - python-swiftclient-3.11.1 gAAAAABo4-kstErZ... 32 - - txafd041717fe448ab9c6e2-0068e3e9a5 - 0.0161 - - 1759766949.037893295 1759766949.054033041 0
Oct 6 16:09:09 standalone object-server[129947]: 172.20.0.100 - - [06/Oct/2025:16:09:09 +0000] "GET /d1/645/AUTH_5ec2f863d8f54b06a96618816ae879f8/gnocchi.c3ac4e18-f733-425a-b601-e804e84c6f98/none_v3" 200 22 "GET http://172.18.0.2:8080/v1/AUTH_5ec2f863d8f54b06a96618816ae879f8/gnocchi.c3ac4e18-f733-425a-b601-e804e84c6f98/none_v3" "tx294be5bb6adf445d99976-0068e3e9a5" "proxy-server 20" 0.0011 "-" 21 0
Oct 6 16:09:09 standalone proxy-server[132048]: 172.18.0.2 172.18.0.100 06/Oct/2025/16/09/09 GET /v1/AUTH_5ec2f863d8f54b06a96618816ae879f8/gnocchi.c3ac4e18-f733-425a-b601-e804e84c6f98/none_v3 HTTP/1.0 200 - python-swiftclient-3.11.1 gAAAAABo4-kstErZ... - 22 - tx294be5bb6adf445d99976-0068e3e9a5 - 0.0084 - - 1759766949.066847086 1759766949.075253725 0
Oct 6 16:09:09 standalone container-server[129700]: 172.20.0.100 - - [06/Oct/2025:16:09:09 +0000] "GET /d1/21/AUTH_5ec2f863d8f54b06a96618816ae879f8/gnocchi.c3ac4e18-f733-425a-b601-e804e84c6f98" 200 357 "GET http://172.18.0.2:8080/v1/AUTH_5ec2f863d8f54b06a96618816ae879f8/gnocchi.c3ac4e18-f733-425a-b601-e804e84c6f98?format=json&states=listing" "tx32b7c915be4341b39f51f-0068e3e9a5" "proxy-server 20" 0.0041 "-" 21 0
Oct 6 16:09:09 standalone proxy-server[132048]: 172.18.0.2 172.18.0.100 06/Oct/2025/16/09/09 GET /v1/AUTH_5ec2f863d8f54b06a96618816ae879f8/gnocchi.c3ac4e18-f733-425a-b601-e804e84c6f98%3Fformat%3Djson%26states%3Dlisting HTTP/1.0 200 - python-swiftclient-3.11.1 gAAAAABo4-kstErZ... - 357 - tx32b7c915be4341b39f51f-0068e3e9a5 - 0.0112 - - 1759766949.079593658 1759766949.090766430 0
Oct 6 16:09:09 standalone container-server[129710]: 172.20.0.100 - - [06/Oct/2025:16:09:09 +0000] "GET /d1/21/AUTH_5ec2f863d8f54b06a96618816ae879f8/gnocchi.c3ac4e18-f733-425a-b601-e804e84c6f98" 200 2 "GET http://172.18.0.2:8080/v1/AUTH_5ec2f863d8f54b06a96618816ae879f8/gnocchi.c3ac4e18-f733-425a-b601-e804e84c6f98?format=json&marker=none_v3&states=listing" "tx588f27b1e42549898a75f-0068e3e9a5" "proxy-server 20" 0.0020 "-" 23 0
Oct 6 16:09:09 standalone proxy-server[132048]: 172.18.0.2 172.18.0.100 06/Oct/2025/16/09/09 GET /v1/AUTH_5ec2f863d8f54b06a96618816ae879f8/gnocchi.c3ac4e18-f733-425a-b601-e804e84c6f98%3Fformat%3Djson%26marker%3Dnone_v3%26states%3Dlisting HTTP/1.0 200 - python-swiftclient-3.11.1 gAAAAABo4-kstErZ... - 2 - tx588f27b1e42549898a75f-0068e3e9a5 - 0.0080 - - 1759766949.093980074 1759766949.101984024 0
Oct 6 16:09:09 standalone object-server[129943]: 172.20.0.100 - - [06/Oct/2025:16:09:09 +0000] "GET /d1/390/AUTH_5ec2f863d8f54b06a96618816ae879f8/gnocchi.c3ac4e18-f733-425a-b601-e804e84c6f98/1759320000.0_mean_300.0_v3" 200 16 "GET http://172.18.0.2:8080/v1/AUTH_5ec2f863d8f54b06a96618816ae879f8/gnocchi.c3ac4e18-f733-425a-b601-e804e84c6f98/1759320000.0_mean_300.0_v3" "txd2bf6c7c60ee439b92443-0068e3e9a5" "proxy-server 20" 0.0011 "-" 20 0
Oct 6 16:09:09 standalone proxy-server[132048]: 172.18.0.2 172.18.0.100 06/Oct/2025/16/09/09 GET /v1/AUTH_5ec2f863d8f54b06a96618816ae879f8/gnocchi.c3ac4e18-f733-425a-b601-e804e84c6f98/1759320000.0_mean_300.0_v3 HTTP/1.0 200 - python-swiftclient-3.11.1 gAAAAABo4-kstErZ... - 16 - txd2bf6c7c60ee439b92443-0068e3e9a5 - 0.0087 - - 1759766949.106599569 1759766949.115252018 0
Oct 6 16:09:09 standalone container-server[129709]: 172.20.0.100 - - [06/Oct/2025:16:09:09 +0000] "PUT /d1/21/AUTH_5ec2f863d8f54b06a96618816ae879f8/gnocchi.c3ac4e18-f733-425a-b601-e804e84c6f98/1759320000.0_mean_300.0_v3" 201 - "PUT http://172.18.0.2:8080/d1/390/AUTH_5ec2f863d8f54b06a96618816ae879f8/gnocchi.c3ac4e18-f733-425a-b601-e804e84c6f98/1759320000.0_mean_300.0_v3" "tx4b4bf88e36114ee583815-0068e3e9a5" "object-server 22" 0.0008 "-" 22 0
Oct 6 16:09:09 standalone object-server[129953]: 172.20.0.100 - - [06/Oct/2025:16:09:09 +0000] "PUT /d1/390/AUTH_5ec2f863d8f54b06a96618816ae879f8/gnocchi.c3ac4e18-f733-425a-b601-e804e84c6f98/1759320000.0_mean_300.0_v3" 201 - "PUT http://172.18.0.2:8080/v1/AUTH_5ec2f863d8f54b06a96618816ae879f8/gnocchi.c3ac4e18-f733-425a-b601-e804e84c6f98/1759320000.0_mean_300.0_v3" "tx4b4bf88e36114ee583815-0068e3e9a5" "proxy-server 20" 0.0115 "-" 22 0
Oct 6 16:09:09 standalone proxy-server[132048]: 172.18.0.2 172.18.0.100 06/Oct/2025/16/09/09 PUT /v1/AUTH_5ec2f863d8f54b06a96618816ae879f8/gnocchi.c3ac4e18-f733-425a-b601-e804e84c6f98/1759320000.0_mean_300.0_v3 HTTP/1.0 201 - python-swiftclient-3.11.1 gAAAAABo4-kstErZ... 16 - - tx4b4bf88e36114ee583815-0068e3e9a5 - 0.0173 - - 1759766949.118900061 1759766949.136182547 0
Oct 6 16:09:09 standalone container-server[129700]: 172.20.0.100 - - [06/Oct/2025:16:09:09 +0000] "PUT /d1/21/AUTH_5ec2f863d8f54b06a96618816ae879f8/gnocchi.c3ac4e18-f733-425a-b601-e804e84c6f98/none_v3" 201 - "PUT http://172.18.0.2:8080/d1/645/AUTH_5ec2f863d8f54b06a96618816ae879f8/gnocchi.c3ac4e18-f733-425a-b601-e804e84c6f98/none_v3" "txd42c6258aee2405f858de-0068e3e9a5" "object-server 19" 0.0007 "-" 21 0
Oct 6 16:09:09 standalone object-server[129942]: 172.20.0.100 - - [06/Oct/2025:16:09:09 +0000] "PUT /d1/645/AUTH_5ec2f863d8f54b06a96618816ae879f8/gnocchi.c3ac4e18-f733-425a-b601-e804e84c6f98/none_v3" 201 - "PUT http://172.18.0.2:8080/v1/AUTH_5ec2f863d8f54b06a96618816ae879f8/gnocchi.c3ac4e18-f733-425a-b601-e804e84c6f98/none_v3" "txd42c6258aee2405f858de-0068e3e9a5" "proxy-server 20" 0.0090 "-" 19 0
Oct 6 16:09:09 standalone proxy-server[132048]: 172.18.0.2 172.18.0.100 06/Oct/2025/16/09/09 PUT /v1/AUTH_5ec2f863d8f54b06a96618816ae879f8/gnocchi.c3ac4e18-f733-425a-b601-e804e84c6f98/none_v3 HTTP/1.0 201 - python-swiftclient-3.11.1 gAAAAABo4-kstErZ... 32 - - txd42c6258aee2405f858de-0068e3e9a5 - 0.0142 - - 1759766949.139509678 1759766949.153731823 0
Oct 6 16:09:09 standalone object-server[129942]: 172.20.0.100 - - [06/Oct/2025:16:09:09 +0000] "GET /d1/862/AUTH_5ec2f863d8f54b06a96618816ae879f8/gnocchi.1565acf5-9b20-480b-a201-b94c98c85f8f/none_v3" 200 22 "GET http://172.18.0.2:8080/v1/AUTH_5ec2f863d8f54b06a96618816ae879f8/gnocchi.1565acf5-9b20-480b-a201-b94c98c85f8f/none_v3" "txb8df55c5d3cf40ceaef59-0068e3e9a5" "proxy-server 20" 0.0006 "-" 19 0
Oct 6 16:09:09 standalone proxy-server[132048]: 172.18.0.2 172.18.0.100 06/Oct/2025/16/09/09 GET /v1/AUTH_5ec2f863d8f54b06a96618816ae879f8/gnocchi.1565acf5-9b20-480b-a201-b94c98c85f8f/none_v3 HTTP/1.0 200 - python-swiftclient-3.11.1 gAAAAABo4-kstErZ... - 22 - txb8df55c5d3cf40ceaef59-0068e3e9a5 - 0.0064 - - 1759766949.167734623 1759766949.174114704 0
Oct 6 16:09:09 standalone container-server[129694]: 172.20.0.100 - - [06/Oct/2025:16:09:09 +0000] "GET /d1/495/AUTH_5ec2f863d8f54b06a96618816ae879f8/gnocchi.1565acf5-9b20-480b-a201-b94c98c85f8f" 200 357 "GET http://172.18.0.2:8080/v1/AUTH_5ec2f863d8f54b06a96618816ae879f8/gnocchi.1565acf5-9b20-480b-a201-b94c98c85f8f?format=json&states=listing" "txd0ef1426f7fe457c9ca4a-0068e3e9a5" "proxy-server 20" 0.0038 "-" 20 0
Oct 6 16:09:09 standalone proxy-server[132048]: 172.18.0.2 172.18.0.100 06/Oct/2025/16/09/09 GET /v1/AUTH_5ec2f863d8f54b06a96618816ae879f8/gnocchi.1565acf5-9b20-480b-a201-b94c98c85f8f%3Fformat%3Djson%26states%3Dlisting HTTP/1.0 200 - python-swiftclient-3.11.1 gAAAAABo4-kstErZ... - 357 - txd0ef1426f7fe457c9ca4a-0068e3e9a5 - 0.0125 - - 1759766949.178629398 1759766949.191108704 0
Oct 6 16:09:09 standalone container-server[129710]: 172.20.0.100 - - [06/Oct/2025:16:09:09 +0000] "GET /d1/495/AUTH_5ec2f863d8f54b06a96618816ae879f8/gnocchi.1565acf5-9b20-480b-a201-b94c98c85f8f" 200 2 "GET http://172.18.0.2:8080/v1/AUTH_5ec2f863d8f54b06a96618816ae879f8/gnocchi.1565acf5-9b20-480b-a201-b94c98c85f8f?format=json&marker=none_v3&states=listing" "tx97b269463b454400a74e3-0068e3e9a5" "proxy-server 20" 0.0020 "-" 23 0
Oct 6 16:09:09 standalone proxy-server[132048]: 172.18.0.2 172.18.0.100 06/Oct/2025/16/09/09 GET /v1/AUTH_5ec2f863d8f54b06a96618816ae879f8/gnocchi.1565acf5-9b20-480b-a201-b94c98c85f8f%3Fformat%3Djson%26marker%3Dnone_v3%26states%3Dlisting HTTP/1.0 200 - python-swiftclient-3.11.1 gAAAAABo4-kstErZ... - 2 - tx97b269463b454400a74e3-0068e3e9a5 - 0.0075 - - 1759766949.194970608 1759766949.202432394 0
Oct 6 16:09:09 standalone object-server[129953]: 172.20.0.100 - - [06/Oct/2025:16:09:09 +0000] "GET /d1/663/AUTH_5ec2f863d8f54b06a96618816ae879f8/gnocchi.1565acf5-9b20-480b-a201-b94c98c85f8f/1759320000.0_mean_300.0_v3" 200 16 "GET http://172.18.0.2:8080/v1/AUTH_5ec2f863d8f54b06a96618816ae879f8/gnocchi.1565acf5-9b20-480b-a201-b94c98c85f8f/1759320000.0_mean_300.0_v3" "tx1dfcbfae42ff486fb08e9-0068e3e9a5" "proxy-server 20" 0.0008 "-" 22 0
Oct 6 16:09:09 standalone proxy-server[132048]: 172.18.0.2 172.18.0.100 06/Oct/2025/16/09/09 GET /v1/AUTH_5ec2f863d8f54b06a96618816ae879f8/gnocchi.1565acf5-9b20-480b-a201-b94c98c85f8f/1759320000.0_mean_300.0_v3 HTTP/1.0 200 - python-swiftclient-3.11.1 gAAAAABo4-kstErZ... - 16 - tx1dfcbfae42ff486fb08e9-0068e3e9a5 - 0.0070 - - 1759766949.206604242 1759766949.213566542 0
Oct 6 16:09:09 standalone container-server[129694]: 172.20.0.100 - - [06/Oct/2025:16:09:09 +0000] "PUT /d1/495/AUTH_5ec2f863d8f54b06a96618816ae879f8/gnocchi.1565acf5-9b20-480b-a201-b94c98c85f8f/1759320000.0_mean_300.0_v3" 201 - "PUT http://172.18.0.2:8080/d1/663/AUTH_5ec2f863d8f54b06a96618816ae879f8/gnocchi.1565acf5-9b20-480b-a201-b94c98c85f8f/1759320000.0_mean_300.0_v3" "tx400653f3b45f4240a92e8-0068e3e9a5" "object-server 20" 0.0009 "-" 20 0
Oct 6 16:09:09 standalone object-server[129943]: 172.20.0.100 - - [06/Oct/2025:16:09:09 +0000] "PUT /d1/663/AUTH_5ec2f863d8f54b06a96618816ae879f8/gnocchi.1565acf5-9b20-480b-a201-b94c98c85f8f/1759320000.0_mean_300.0_v3" 201 - "PUT http://172.18.0.2:8080/v1/AUTH_5ec2f863d8f54b06a96618816ae879f8/gnocchi.1565acf5-9b20-480b-a201-b94c98c85f8f/1759320000.0_mean_300.0_v3" "tx400653f3b45f4240a92e8-0068e3e9a5" "proxy-server 20" 0.0104 "-" 20 0
Oct 6 16:09:09 standalone proxy-server[132048]: 172.18.0.2 172.18.0.100 06/Oct/2025/16/09/09 PUT /v1/AUTH_5ec2f863d8f54b06a96618816ae879f8/gnocchi.1565acf5-9b20-480b-a201-b94c98c85f8f/1759320000.0_mean_300.0_v3 HTTP/1.0 201 - python-swiftclient-3.11.1 gAAAAABo4-kstErZ... 16 - - tx400653f3b45f4240a92e8-0068e3e9a5 - 0.0159 - - 1759766949.216193676 1759766949.232122898 0
Oct 6 16:09:09 standalone container-server[129694]: 172.20.0.100 - - [06/Oct/2025:16:09:09 +0000] "PUT /d1/495/AUTH_5ec2f863d8f54b06a96618816ae879f8/gnocchi.1565acf5-9b20-480b-a201-b94c98c85f8f/none_v3" 201 - "PUT http://172.18.0.2:8080/d1/862/AUTH_5ec2f863d8f54b06a96618816ae879f8/gnocchi.1565acf5-9b20-480b-a201-b94c98c85f8f/none_v3" "tx427f8ef99c364f1cae80d-0068e3e9a5" "object-server 20" 0.0032 "-" 20 0
Oct 6 16:09:09 standalone object-server[129943]: 172.20.0.100 - - [06/Oct/2025:16:09:09 +0000] "PUT /d1/862/AUTH_5ec2f863d8f54b06a96618816ae879f8/gnocchi.1565acf5-9b20-480b-a201-b94c98c85f8f/none_v3" 201 - "PUT http://172.18.0.2:8080/v1/AUTH_5ec2f863d8f54b06a96618816ae879f8/gnocchi.1565acf5-9b20-480b-a201-b94c98c85f8f/none_v3" "tx427f8ef99c364f1cae80d-0068e3e9a5" "proxy-server 20" 0.0145 "-" 20 0
Oct 6 16:09:09 standalone proxy-server[132048]: 172.18.0.2 172.18.0.100 06/Oct/2025/16/09/09 PUT /v1/AUTH_5ec2f863d8f54b06a96618816ae879f8/gnocchi.1565acf5-9b20-480b-a201-b94c98c85f8f/none_v3 HTTP/1.0 201 - python-swiftclient-3.11.1 gAAAAABo4-kstErZ... 32 - - tx427f8ef99c364f1cae80d-0068e3e9a5 - 0.0200 - - 1759766949.234379292 1759766949.254371643 0
Oct 6 16:09:09 standalone object-server[129942]: 172.20.0.100 - - [06/Oct/2025:16:09:09 +0000] "GET /d1/141/AUTH_5ec2f863d8f54b06a96618816ae879f8/gnocchi.beb3cce2-0720-4cd8-afd7-37286da61fec/none_v3" 200 22 "GET http://172.18.0.2:8080/v1/AUTH_5ec2f863d8f54b06a96618816ae879f8/gnocchi.beb3cce2-0720-4cd8-afd7-37286da61fec/none_v3" "txd46816bbed68428e90db0-0068e3e9a5" "proxy-server 20" 0.0012 "-" 19 0
Oct 6 16:09:09 standalone proxy-server[132048]: 172.18.0.2 172.18.0.100 06/Oct/2025/16/09/09 GET /v1/AUTH_5ec2f863d8f54b06a96618816ae879f8/gnocchi.beb3cce2-0720-4cd8-afd7-37286da61fec/none_v3 HTTP/1.0 200 - python-swiftclient-3.11.1 gAAAAABo4-kstErZ... - 22 - txd46816bbed68428e90db0-0068e3e9a5 - 0.0093 - - 1759766949.262854815 1759766949.272200823 0
Oct 6 16:09:09 standalone container-server[129694]: 172.20.0.100 - - [06/Oct/2025:16:09:09 +0000] "GET /d1/58/AUTH_5ec2f863d8f54b06a96618816ae879f8/gnocchi.beb3cce2-0720-4cd8-afd7-37286da61fec" 200 357 "GET http://172.18.0.2:8080/v1/AUTH_5ec2f863d8f54b06a96618816ae879f8/gnocchi.beb3cce2-0720-4cd8-afd7-37286da61fec?format=json&states=listing" "txe9f44ea5bd7a4429b4bc3-0068e3e9a5" "proxy-server 20" 0.0039 "-" 20 0
Oct 6 16:09:09 standalone proxy-server[132048]: 172.18.0.2 172.18.0.100 06/Oct/2025/16/09/09 GET /v1/AUTH_5ec2f863d8f54b06a96618816ae879f8/gnocchi.beb3cce2-0720-4cd8-afd7-37286da61fec%3Fformat%3Djson%26states%3Dlisting HTTP/1.0 200 - python-swiftclient-3.11.1 gAAAAABo4-kstErZ... - 357 - txe9f44ea5bd7a4429b4bc3-0068e3e9a5 - 0.0125 - - 1759766949.275100470 1759766949.287594795 0
Oct 6 16:09:09 standalone container-server[129694]: 172.20.0.100 - - [06/Oct/2025:16:09:09 +0000] "GET /d1/58/AUTH_5ec2f863d8f54b06a96618816ae879f8/gnocchi.beb3cce2-0720-4cd8-afd7-37286da61fec" 200 2 "GET http://172.18.0.2:8080/v1/AUTH_5ec2f863d8f54b06a96618816ae879f8/gnocchi.beb3cce2-0720-4cd8-afd7-37286da61fec?format=json&marker=none_v3&states=listing" "tx544bf55377004d179eae9-0068e3e9a5" "proxy-server 20" 0.0035 "-" 20 0
Oct 6 16:09:09 standalone proxy-server[132048]: 172.18.0.2 172.18.0.100 06/Oct/2025/16/09/09 GET /v1/AUTH_5ec2f863d8f54b06a96618816ae879f8/gnocchi.beb3cce2-0720-4cd8-afd7-37286da61fec%3Fformat%3Djson%26marker%3Dnone_v3%26states%3Dlisting HTTP/1.0 200 - python-swiftclient-3.11.1 gAAAAABo4-kstErZ... - 2 - tx544bf55377004d179eae9-0068e3e9a5 - 0.0119 - - 1759766949.290421009 1759766949.302287817 0
Oct 6 16:09:09 standalone object-server[129953]: 172.20.0.100 - - [06/Oct/2025:16:09:09 +0000] "GET /d1/528/AUTH_5ec2f863d8f54b06a96618816ae879f8/gnocchi.beb3cce2-0720-4cd8-afd7-37286da61fec/1759320000.0_mean_300.0_v3" 200 16 "GET http://172.18.0.2:8080/v1/AUTH_5ec2f863d8f54b06a96618816ae879f8/gnocchi.beb3cce2-0720-4cd8-afd7-37286da61fec/1759320000.0_mean_300.0_v3" "txb1be1315c78d48e0b61ad-0068e3e9a5" "proxy-server 20" 0.0011 "-" 22 0
Oct 6 16:09:09 standalone proxy-server[132048]: 172.18.0.2 172.18.0.100 06/Oct/2025/16/09/09 GET /v1/AUTH_5ec2f863d8f54b06a96618816ae879f8/gnocchi.beb3cce2-0720-4cd8-afd7-37286da61fec/1759320000.0_mean_300.0_v3 HTTP/1.0 200 - python-swiftclient-3.11.1 gAAAAABo4-kstErZ... - 16 - txb1be1315c78d48e0b61ad-0068e3e9a5 - 0.0102 - - 1759766949.306304455 1759766949.316492319 0
Oct 6 16:09:09 standalone container-server[129709]: 172.20.0.100 - - [06/Oct/2025:16:09:09 +0000] "PUT /d1/58/AUTH_5ec2f863d8f54b06a96618816ae879f8/gnocchi.beb3cce2-0720-4cd8-afd7-37286da61fec/1759320000.0_mean_300.0_v3" 201 - "PUT http://172.18.0.2:8080/d1/528/AUTH_5ec2f863d8f54b06a96618816ae879f8/gnocchi.beb3cce2-0720-4cd8-afd7-37286da61fec/1759320000.0_mean_300.0_v3" "tx1565646c87ef473b880a7-0068e3e9a5" "object-server 21" 0.0008 "-" 22 0
Oct 6 16:09:09 standalone object-server[129947]: 172.20.0.100 - - [06/Oct/2025:16:09:09 +0000] "PUT /d1/528/AUTH_5ec2f863d8f54b06a96618816ae879f8/gnocchi.beb3cce2-0720-4cd8-afd7-37286da61fec/1759320000.0_mean_300.0_v3" 201 - "PUT http://172.18.0.2:8080/v1/AUTH_5ec2f863d8f54b06a96618816ae879f8/gnocchi.beb3cce2-0720-4cd8-afd7-37286da61fec/1759320000.0_mean_300.0_v3" "tx1565646c87ef473b880a7-0068e3e9a5" "proxy-server 20" 0.0127 "-" 21 0
Oct 6 16:09:09 standalone proxy-server[132048]: 172.18.0.2 172.18.0.100 06/Oct/2025/16/09/09 PUT /v1/AUTH_5ec2f863d8f54b06a96618816ae879f8/gnocchi.beb3cce2-0720-4cd8-afd7-37286da61fec/1759320000.0_mean_300.0_v3 HTTP/1.0 201 - python-swiftclient-3.11.1 gAAAAABo4-kstErZ... 16 - - tx1565646c87ef473b880a7-0068e3e9a5 - 0.0204 - - 1759766949.319123507 1759766949.339565754 0
Oct 6 16:09:09 standalone container-server[129709]: 172.20.0.100 - - [06/Oct/2025:16:09:09 +0000] "PUT /d1/58/AUTH_5ec2f863d8f54b06a96618816ae879f8/gnocchi.beb3cce2-0720-4cd8-afd7-37286da61fec/none_v3" 201 - "PUT http://172.18.0.2:8080/d1/141/AUTH_5ec2f863d8f54b06a96618816ae879f8/gnocchi.beb3cce2-0720-4cd8-afd7-37286da61fec/none_v3" "tx9e2e86f50b2f4f4cb93db-0068e3e9a5" "object-server 20" 0.0006 "-" 22 0
Oct 6 16:09:09 standalone object-server[129943]: 172.20.0.100 - - [06/Oct/2025:16:09:09 +0000] "PUT /d1/141/AUTH_5ec2f863d8f54b06a96618816ae879f8/gnocchi.beb3cce2-0720-4cd8-afd7-37286da61fec/none_v3" 201 - "PUT http://172.18.0.2:8080/v1/AUTH_5ec2f863d8f54b06a96618816ae879f8/gnocchi.beb3cce2-0720-4cd8-afd7-37286da61fec/none_v3" "tx9e2e86f50b2f4f4cb93db-0068e3e9a5" "proxy-server 20" 0.0157 "-" 20 0
Oct 6 16:09:09 standalone proxy-server[132048]: 172.18.0.2 172.18.0.100 06/Oct/2025/16/09/09 PUT /v1/AUTH_5ec2f863d8f54b06a96618816ae879f8/gnocchi.beb3cce2-0720-4cd8-afd7-37286da61fec/none_v3 HTTP/1.0 201 - python-swiftclient-3.11.1 gAAAAABo4-kstErZ... 32 - - tx9e2e86f50b2f4f4cb93db-0068e3e9a5 - 0.0232 - - 1759766949.341861010 1759766949.365080833 0
Oct 6 16:09:12 standalone container-server[129700]: 172.20.0.100 - - [06/Oct/2025:16:09:12 +0000] "HEAD /d1/64/AUTH_5ec2f863d8f54b06a96618816ae879f8/gnocchi.0b326073-cf44-46df-b955-7e9b82d0fbf1" 404 - "HEAD http://172.18.0.2:8080/v1/AUTH_5ec2f863d8f54b06a96618816ae879f8/gnocchi.0b326073-cf44-46df-b955-7e9b82d0fbf1?format=json&states=listing" "tx835036cc5e8a45d183fd0-0068e3e9a8" "proxy-server 20" 0.0011 "-" 21 0
Oct 6 16:09:12 standalone object-server[129943]: 172.20.0.100 - - [06/Oct/2025:16:09:12 +0000] "GET /d1/566/AUTH_5ec2f863d8f54b06a96618816ae879f8/gnocchi.0b326073-cf44-46df-b955-7e9b82d0fbf1/none_v3" 404 70 "GET http://172.18.0.2:8080/v1/AUTH_5ec2f863d8f54b06a96618816ae879f8/gnocchi.0b326073-cf44-46df-b955-7e9b82d0fbf1/none_v3" "tx835036cc5e8a45d183fd0-0068e3e9a8" "proxy-server 20" 0.0006 "-" 20 0
Oct 6 16:09:12 standalone proxy-server[132048]: 172.18.0.2 172.18.0.100 06/Oct/2025/16/09/12 GET /v1/AUTH_5ec2f863d8f54b06a96618816ae879f8/gnocchi.0b326073-cf44-46df-b955-7e9b82d0fbf1/none_v3 HTTP/1.0 404 - python-swiftclient-3.11.1 gAAAAABo4-kstErZ... - 70 - tx835036cc5e8a45d183fd0-0068e3e9a8 - 0.0216 - - 1759766952.868565083 1759766952.890151024 0
Oct 6 16:09:12 standalone account-server[129647]: 172.20.0.100 - - [06/Oct/2025:16:09:12 +0000] "PUT /d1/908/AUTH_5ec2f863d8f54b06a96618816ae879f8/gnocchi.0b326073-cf44-46df-b955-7e9b82d0fbf1" 201 - "PUT http://172.20.0.100:6001/d1/64/AUTH_5ec2f863d8f54b06a96618816ae879f8/gnocchi.0b326073-cf44-46df-b955-7e9b82d0fbf1" "tx574384e296ae41c39ccfd-0068e3e9a8" "container-server 22" 0.0028 "-" 19 0
Oct 6 16:09:12 standalone container-server[129709]: 172.20.0.100 - - [06/Oct/2025:16:09:12 +0000] "PUT /d1/64/AUTH_5ec2f863d8f54b06a96618816ae879f8/gnocchi.0b326073-cf44-46df-b955-7e9b82d0fbf1" 201 - "PUT http://172.18.0.2:8080/v1/AUTH_5ec2f863d8f54b06a96618816ae879f8/gnocchi.0b326073-cf44-46df-b955-7e9b82d0fbf1" "tx574384e296ae41c39ccfd-0068e3e9a8" "proxy-server 20" 0.0254 "-" 22 0
Oct 6 16:09:12 standalone proxy-server[132048]: 172.18.0.2 172.18.0.100 06/Oct/2025/16/09/12 PUT /v1/AUTH_5ec2f863d8f54b06a96618816ae879f8/gnocchi.0b326073-cf44-46df-b955-7e9b82d0fbf1 HTTP/1.0 201 - python-swiftclient-3.11.1 gAAAAABo4-kstErZ... - - - tx574384e296ae41c39ccfd-0068e3e9a8 - 0.0318 - - 1759766952.893707991 1759766952.925482750 0
Oct 6 16:09:12 standalone container-server[129700]: 172.20.0.100 - - [06/Oct/2025:16:09:12 +0000] "HEAD /d1/64/AUTH_5ec2f863d8f54b06a96618816ae879f8/gnocchi.0b326073-cf44-46df-b955-7e9b82d0fbf1" 204 - "HEAD http://172.18.0.2:8080/v1/AUTH_5ec2f863d8f54b06a96618816ae879f8/gnocchi.0b326073-cf44-46df-b955-7e9b82d0fbf1?format=json&states=listing" "tx9d6bbabe8eac4ce78d3e4-0068e3e9a8" "proxy-server 20" 0.0028 "-" 21 0
