Oct 6 16:09:58 standalone object-server[129943]: 172.20.0.100 - - [06/Oct/2025:16:09:58 +0000] "PUT /d1/900/AUTH_5ec2f863d8f54b06a96618816ae879f8/gnocchi.41b5bb78-a831-4eba-b012-af4ea2d02701/none_v3" 201 - "PUT http://172.18.0.2:8080/v1/AUTH_5ec2f863d8f54b06a96618816ae879f8/gnocchi.41b5bb78-a831-4eba-b012-af4ea2d02701/none_v3" "txe6b2bae892d24c7b83fae-0068e3e9d6" "proxy-server 20" 0.0125 "-" 20 0
Oct 6 16:09:58 standalone proxy-server[132048]: 172.18.0.2 172.18.0.100 06/Oct/2025/16/09/58 PUT /v1/AUTH_5ec2f863d8f54b06a96618816ae879f8/gnocchi.41b5bb78-a831-4eba-b012-af4ea2d02701/none_v3 HTTP/1.0 201 - python-swiftclient-3.11.1 gAAAAABo4-kstErZ... 22 - - txe6b2bae892d24c7b83fae-0068e3e9d6 - 0.0223 - - 1759766998.383479357 1759766998.405746460 0
Oct 6 16:09:58 standalone container-server[129694]: 172.20.0.100 - - [06/Oct/2025:16:09:58 +0000] "HEAD /d1/191/AUTH_5ec2f863d8f54b06a96618816ae879f8/gnocchi.578000fd-de68-43ad-836e-ce5aabd88c11" 404 - "HEAD http://172.18.0.2:8080/v1/AUTH_5ec2f863d8f54b06a96618816ae879f8/gnocchi.578000fd-de68-43ad-836e-ce5aabd88c11?format=json&states=listing" "txb5da9d589ebf499da7f79-0068e3e9d6" "proxy-server 20" 0.0007 "-" 20 0
Oct 6 16:09:58 standalone object-server[129943]: 172.20.0.100 - - [06/Oct/2025:16:09:58 +0000] "GET /d1/534/AUTH_5ec2f863d8f54b06a96618816ae879f8/gnocchi.578000fd-de68-43ad-836e-ce5aabd88c11/none_v3" 404 70 "GET http://172.18.0.2:8080/v1/AUTH_5ec2f863d8f54b06a96618816ae879f8/gnocchi.578000fd-de68-43ad-836e-ce5aabd88c11/none_v3" "txb5da9d589ebf499da7f79-0068e3e9d6" "proxy-server 20" 0.0003 "-" 20 0
Oct 6 16:09:58 standalone proxy-server[132048]: 172.18.0.2 172.18.0.100 06/Oct/2025/16/09/58 GET /v1/AUTH_5ec2f863d8f54b06a96618816ae879f8/gnocchi.578000fd-de68-43ad-836e-ce5aabd88c11/none_v3 HTTP/1.0 404 - python-swiftclient-3.11.1 gAAAAABo4-kstErZ... - 70 - txb5da9d589ebf499da7f79-0068e3e9d6 - 0.0116 - - 1759766998.421497822 1759766998.433124304 0
Oct 6 16:09:58 standalone account-server[129636]: 172.20.0.100 - - [06/Oct/2025:16:09:58 +0000] "PUT /d1/908/AUTH_5ec2f863d8f54b06a96618816ae879f8/gnocchi.578000fd-de68-43ad-836e-ce5aabd88c11" 201 - "PUT http://172.20.0.100:6001/d1/191/AUTH_5ec2f863d8f54b06a96618816ae879f8/gnocchi.578000fd-de68-43ad-836e-ce5aabd88c11" "tx585ab0fbee9445b587cdf-0068e3e9d6" "container-server 21" 0.0059 "-" 17 0
Oct 6 16:09:58 standalone container-server[129700]: 172.20.0.100 - - [06/Oct/2025:16:09:58 +0000] "PUT /d1/191/AUTH_5ec2f863d8f54b06a96618816ae879f8/gnocchi.578000fd-de68-43ad-836e-ce5aabd88c11" 201 - "PUT http://172.18.0.2:8080/v1/AUTH_5ec2f863d8f54b06a96618816ae879f8/gnocchi.578000fd-de68-43ad-836e-ce5aabd88c11" "tx585ab0fbee9445b587cdf-0068e3e9d6" "proxy-server 20" 0.0150 "-" 21 0
Oct 6 16:09:58 standalone proxy-server[132048]: 172.18.0.2 172.18.0.100 06/Oct/2025/16/09/58 PUT /v1/AUTH_5ec2f863d8f54b06a96618816ae879f8/gnocchi.578000fd-de68-43ad-836e-ce5aabd88c11 HTTP/1.0 201 - python-swiftclient-3.11.1 gAAAAABo4-kstErZ... - - - tx585ab0fbee9445b587cdf-0068e3e9d6 - 0.0208 - - 1759766998.436962128 1759766998.457731247 0
Oct 6 16:09:58 standalone container-server[129709]: 172.20.0.100 - - [06/Oct/2025:16:09:58 +0000] "HEAD /d1/191/AUTH_5ec2f863d8f54b06a96618816ae879f8/gnocchi.578000fd-de68-43ad-836e-ce5aabd88c11" 204 - "HEAD http://172.18.0.2:8080/v1/AUTH_5ec2f863d8f54b06a96618816ae879f8/gnocchi.578000fd-de68-43ad-836e-ce5aabd88c11?format=json&states=listing" "tx2f3464aa23f34124bdd2a-0068e3e9d6" "proxy-server 20" 0.0020 "-" 22 0
Oct 6 16:09:58 standalone proxy-server[132048]: - - 06/Oct/2025/16/09/58 HEAD /v1/AUTH_5ec2f863d8f54b06a96618816ae879f8/gnocchi.578000fd-de68-43ad-836e-ce5aabd88c11%3Fformat%3Djson%26states%3Dlisting HTTP/1.0 204 - Swift - - - - tx2f3464aa23f34124bdd2a-0068e3e9d6 - 0.0067 RL - 1759766998.463541985 1759766998.470207930 0
Oct 6 16:09:58 standalone container-server[129709]: 172.20.0.100 - - [06/Oct/2025:16:09:58 +0000] "GET /d1/191/AUTH_5ec2f863d8f54b06a96618816ae879f8/gnocchi.578000fd-de68-43ad-836e-ce5aabd88c11" 200 2 "GET http://172.18.0.2:8080/v1/AUTH_5ec2f863d8f54b06a96618816ae879f8/gnocchi.578000fd-de68-43ad-836e-ce5aabd88c11?format=json&states=listing" "tx2f3464aa23f34124bdd2a-0068e3e9d6" "proxy-server 20" 0.0025 "-" 22 0
Oct 6 16:09:58 standalone proxy-server[132048]: 172.18.0.2 172.18.0.100 06/Oct/2025/16/09/58 GET /v1/AUTH_5ec2f863d8f54b06a96618816ae879f8/gnocchi.578000fd-de68-43ad-836e-ce5aabd88c11%3Fformat%3Djson%26states%3Dlisting HTTP/1.0 200 - python-swiftclient-3.11.1 gAAAAABo4-kstErZ... - 2 - tx2f3464aa23f34124bdd2a-0068e3e9d6 - 0.0167 - - 1759766998.462261438 1759766998.478926659 0
Oct 6 16:09:58 standalone object-server[129943]: 172.20.0.100 - - [06/Oct/2025:16:09:58 +0000] "GET /d1/519/AUTH_5ec2f863d8f54b06a96618816ae879f8/gnocchi.578000fd-de68-43ad-836e-ce5aabd88c11/1759320000.0_mean_300.0_v3" 404 70 "GET http://172.18.0.2:8080/v1/AUTH_5ec2f863d8f54b06a96618816ae879f8/gnocchi.578000fd-de68-43ad-836e-ce5aabd88c11/1759320000.0_mean_300.0_v3" "txc8de0cbc30c54185b80f4-0068e3e9d6" "proxy-server 20" 0.0004 "-" 20 0
Oct 6 16:09:58 standalone proxy-server[132048]: 172.18.0.2 172.18.0.100 06/Oct/2025/16/09/58 GET /v1/AUTH_5ec2f863d8f54b06a96618816ae879f8/gnocchi.578000fd-de68-43ad-836e-ce5aabd88c11/1759320000.0_mean_300.0_v3 HTTP/1.0 404 - python-swiftclient-3.11.1 gAAAAABo4-kstErZ... - 70 - txc8de0cbc30c54185b80f4-0068e3e9d6 - 0.0066 - - 1759766998.485305786 1759766998.491863966 0
Oct 6 16:09:58 standalone container-server[129710]: 172.20.0.100 - - [06/Oct/2025:16:09:58 +0000] "PUT /d1/191/AUTH_5ec2f863d8f54b06a96618816ae879f8/gnocchi.578000fd-de68-43ad-836e-ce5aabd88c11/1759320000.0_mean_300.0_v3" 201 - "PUT http://172.18.0.2:8080/d1/519/AUTH_5ec2f863d8f54b06a96618816ae879f8/gnocchi.578000fd-de68-43ad-836e-ce5aabd88c11/1759320000.0_mean_300.0_v3" "tx8e7696cfb2f2458b9eeec-0068e3e9d6" "object-server 19" 0.0007 "-" 23 0
Oct 6 16:09:58 standalone object-server[129942]: 172.20.0.100 - - [06/Oct/2025:16:09:58 +0000] "PUT /d1/519/AUTH_5ec2f863d8f54b06a96618816ae879f8/gnocchi.578000fd-de68-43ad-836e-ce5aabd88c11/1759320000.0_mean_300.0_v3" 201 - "PUT http://172.18.0.2:8080/v1/AUTH_5ec2f863d8f54b06a96618816ae879f8/gnocchi.578000fd-de68-43ad-836e-ce5aabd88c11/1759320000.0_mean_300.0_v3" "tx8e7696cfb2f2458b9eeec-0068e3e9d6" "proxy-server 20" 0.0092 "-" 19 0
Oct 6 16:09:58 standalone proxy-server[132048]: 172.18.0.2 172.18.0.100 06/Oct/2025/16/09/58 PUT /v1/AUTH_5ec2f863d8f54b06a96618816ae879f8/gnocchi.578000fd-de68-43ad-836e-ce5aabd88c11/1759320000.0_mean_300.0_v3 HTTP/1.0 201 - python-swiftclient-3.11.1 gAAAAABo4-kstErZ... 16 - - tx8e7696cfb2f2458b9eeec-0068e3e9d6 - 0.0156 - - 1759766998.496667147 1759766998.512219906 0
Oct 6 16:09:58 standalone container-server[129709]: 172.20.0.100 - - [06/Oct/2025:16:09:58 +0000] "PUT /d1/191/AUTH_5ec2f863d8f54b06a96618816ae879f8/gnocchi.578000fd-de68-43ad-836e-ce5aabd88c11/none_v3" 201 - "PUT http://172.18.0.2:8080/d1/534/AUTH_5ec2f863d8f54b06a96618816ae879f8/gnocchi.578000fd-de68-43ad-836e-ce5aabd88c11/none_v3" "tx9b7dcef8033843c39aa66-0068e3e9d6" "object-server 20" 0.0013 "-" 22 0
Oct 6 16:09:58 standalone object-server[129943]: 172.20.0.100 - - [06/Oct/2025:16:09:58 +0000] "PUT /d1/534/AUTH_5ec2f863d8f54b06a96618816ae879f8/gnocchi.578000fd-de68-43ad-836e-ce5aabd88c11/none_v3" 201 - "PUT http://172.18.0.2:8080/v1/AUTH_5ec2f863d8f54b06a96618816ae879f8/gnocchi.578000fd-de68-43ad-836e-ce5aabd88c11/none_v3" "tx9b7dcef8033843c39aa66-0068e3e9d6" "proxy-server 20" 0.0124 "-" 20 0
Oct 6 16:09:58 standalone proxy-server[132048]: 172.18.0.2 172.18.0.100 06/Oct/2025/16/09/58 PUT /v1/AUTH_5ec2f863d8f54b06a96618816ae879f8/gnocchi.578000fd-de68-43ad-836e-ce5aabd88c11/none_v3 HTTP/1.0 201 - python-swiftclient-3.11.1 gAAAAABo4-kstErZ... 22 - - tx9b7dcef8033843c39aa66-0068e3e9d6 - 0.0209 - - 1759766998.516850710 1759766998.537704945 0
Oct 6 16:09:58 standalone container-server[129694]: 172.20.0.100 - - [06/Oct/2025:16:09:58 +0000] "HEAD /d1/983/AUTH_5ec2f863d8f54b06a96618816ae879f8/gnocchi.6fa08435-dedd-492c-9401-b5ddd013195f" 404 - "HEAD http://172.18.0.2:8080/v1/AUTH_5ec2f863d8f54b06a96618816ae879f8/gnocchi.6fa08435-dedd-492c-9401-b5ddd013195f?format=json&states=listing" "txa57cb077037f45f0a22f9-0068e3e9d6" "proxy-server 20" 0.0006 "-" 20 0
Oct 6 16:09:58 standalone object-server[129942]: 172.20.0.100 - - [06/Oct/2025:16:09:58 +0000] "GET /d1/457/AUTH_5ec2f863d8f54b06a96618816ae879f8/gnocchi.6fa08435-dedd-492c-9401-b5ddd013195f/none_v3" 404 70 "GET http://172.18.0.2:8080/v1/AUTH_5ec2f863d8f54b06a96618816ae879f8/gnocchi.6fa08435-dedd-492c-9401-b5ddd013195f/none_v3" "txa57cb077037f45f0a22f9-0068e3e9d6" "proxy-server 20" 0.0003 "-" 19 0
Oct 6 16:09:58 standalone proxy-server[132048]: 172.18.0.2 172.18.0.100 06/Oct/2025/16/09/58 GET /v1/AUTH_5ec2f863d8f54b06a96618816ae879f8/gnocchi.6fa08435-dedd-492c-9401-b5ddd013195f/none_v3 HTTP/1.0 404 - python-swiftclient-3.11.1 gAAAAABo4-kstErZ... - 70 - txa57cb077037f45f0a22f9-0068e3e9d6 - 0.0122 - - 1759766998.555475235 1759766998.567668915 0
Oct 6 16:09:58 standalone account-server[129636]: 172.20.0.100 - - [06/Oct/2025:16:09:58 +0000] "PUT /d1/908/AUTH_5ec2f863d8f54b06a96618816ae879f8/gnocchi.6fa08435-dedd-492c-9401-b5ddd013195f" 201 - "PUT http://172.20.0.100:6001/d1/983/AUTH_5ec2f863d8f54b06a96618816ae879f8/gnocchi.6fa08435-dedd-492c-9401-b5ddd013195f" "txe2f0fbdae6e044568f817-0068e3e9d6" "container-server 21" 0.0060 "-" 17 0
Oct 6 16:09:58 standalone container-server[129700]: 172.20.0.100 - - [06/Oct/2025:16:09:58 +0000] "PUT /d1/983/AUTH_5ec2f863d8f54b06a96618816ae879f8/gnocchi.6fa08435-dedd-492c-9401-b5ddd013195f" 201 - "PUT http://172.18.0.2:8080/v1/AUTH_5ec2f863d8f54b06a96618816ae879f8/gnocchi.6fa08435-dedd-492c-9401-b5ddd013195f" "txe2f0fbdae6e044568f817-0068e3e9d6" "proxy-server 20" 0.0160 "-" 21 0
Oct 6 16:09:58 standalone proxy-server[132048]: 172.18.0.2 172.18.0.100 06/Oct/2025/16/09/58 PUT /v1/AUTH_5ec2f863d8f54b06a96618816ae879f8/gnocchi.6fa08435-dedd-492c-9401-b5ddd013195f HTTP/1.0 201 - python-swiftclient-3.11.1 gAAAAABo4-kstErZ... - - - txe2f0fbdae6e044568f817-0068e3e9d6 - 0.0209 - - 1759766998.571265936 1759766998.592211246 0
Oct 6 16:09:58 standalone container-server[129710]: 172.20.0.100 - - [06/Oct/2025:16:09:58 +0000] "HEAD /d1/983/AUTH_5ec2f863d8f54b06a96618816ae879f8/gnocchi.6fa08435-dedd-492c-9401-b5ddd013195f" 204 - "HEAD http://172.18.0.2:8080/v1/AUTH_5ec2f863d8f54b06a96618816ae879f8/gnocchi.6fa08435-dedd-492c-9401-b5ddd013195f?format=json&states=listing" "txf7d17e9bfa6e465e96485-0068e3e9d6" "proxy-server 20" 0.0016 "-" 23 0
Oct 6 16:09:58 standalone proxy-server[132048]: - - 06/Oct/2025/16/09/58 HEAD /v1/AUTH_5ec2f863d8f54b06a96618816ae879f8/gnocchi.6fa08435-dedd-492c-9401-b5ddd013195f%3Fformat%3Djson%26states%3Dlisting HTTP/1.0 204 - Swift - - - - txf7d17e9bfa6e465e96485-0068e3e9d6 - 0.0058 RL - 1759766998.599637985 1759766998.605467558 0
Oct 6 16:09:58 standalone container-server[129709]: 172.20.0.100 - - [06/Oct/2025:16:09:58 +0000] "GET /d1/983/AUTH_5ec2f863d8f54b06a96618816ae879f8/gnocchi.6fa08435-dedd-492c-9401-b5ddd013195f" 200 2 "GET http://172.18.0.2:8080/v1/AUTH_5ec2f863d8f54b06a96618816ae879f8/gnocchi.6fa08435-dedd-492c-9401-b5ddd013195f?format=json&states=listing" "txf7d17e9bfa6e465e96485-0068e3e9d6" "proxy-server 20" 0.0025 "-" 22 0
Oct 6 16:09:58 standalone proxy-server[132048]: 172.18.0.2 172.18.0.100 06/Oct/2025/16/09/58 GET /v1/AUTH_5ec2f863d8f54b06a96618816ae879f8/gnocchi.6fa08435-dedd-492c-9401-b5ddd013195f%3Fformat%3Djson%26states%3Dlisting HTTP/1.0 200 - python-swiftclient-3.11.1 gAAAAABo4-kstErZ... - 2 - txf7d17e9bfa6e465e96485-0068e3e9d6 - 0.0161 - - 1759766998.598423958 1759766998.614517450 0
Oct 6 16:09:58 standalone object-server[129943]: 172.20.0.100 - - [06/Oct/2025:16:09:58 +0000] "GET /d1/518/AUTH_5ec2f863d8f54b06a96618816ae879f8/gnocchi.6fa08435-dedd-492c-9401-b5ddd013195f/1759320000.0_mean_300.0_v3" 404 70 "GET http://172.18.0.2:8080/v1/AUTH_5ec2f863d8f54b06a96618816ae879f8/gnocchi.6fa08435-dedd-492c-9401-b5ddd013195f/1759320000.0_mean_300.0_v3" "txff70515020414295b7042-0068e3e9d6" "proxy-server 20" 0.0003 "-" 20 0
Oct 6 16:09:58 standalone proxy-server[132048]: 172.18.0.2 172.18.0.100 06/Oct/2025/16/09/58 GET /v1/AUTH_5ec2f863d8f54b06a96618816ae879f8/gnocchi.6fa08435-dedd-492c-9401-b5ddd013195f/1759320000.0_mean_300.0_v3 HTTP/1.0 404 - python-swiftclient-3.11.1 gAAAAABo4-kstErZ... - 70 - txff70515020414295b7042-0068e3e9d6 - 0.0050 - - 1759766998.620617628 1759766998.625580788 0
Oct 6 16:09:58 standalone container-server[129709]: 172.20.0.100 - - [06/Oct/2025:16:09:58 +0000] "PUT /d1/983/AUTH_5ec2f863d8f54b06a96618816ae879f8/gnocchi.6fa08435-dedd-492c-9401-b5ddd013195f/1759320000.0_mean_300.0_v3" 201 - "PUT http://172.18.0.2:8080/d1/518/AUTH_5ec2f863d8f54b06a96618816ae879f8/gnocchi.6fa08435-dedd-492c-9401-b5ddd013195f/1759320000.0_mean_300.0_v3" "tx2f6cd6669aab44d188f6a-0068e3e9d6" "object-server 20" 0.0009 "-" 22 0
Oct 6 16:09:58 standalone object-server[129943]: 172.20.0.100 - - [06/Oct/2025:16:09:58 +0000] "PUT /d1/518/AUTH_5ec2f863d8f54b06a96618816ae879f8/gnocchi.6fa08435-dedd-492c-9401-b5ddd013195f/1759320000.0_mean_300.0_v3" 201 - "PUT http://172.18.0.2:8080/v1/AUTH_5ec2f863d8f54b06a96618816ae879f8/gnocchi.6fa08435-dedd-492c-9401-b5ddd013195f/1759320000.0_mean_300.0_v3" "tx2f6cd6669aab44d188f6a-0068e3e9d6" "proxy-server 20" 0.0086 "-" 20 0
Oct 6 16:09:58 standalone proxy-server[132048]: 172.18.0.2 172.18.0.100 06/Oct/2025/16/09/58 PUT /v1/AUTH_5ec2f863d8f54b06a96618816ae879f8/gnocchi.6fa08435-dedd-492c-9401-b5ddd013195f/1759320000.0_mean_300.0_v3 HTTP/1.0 201 - python-swiftclient-3.11.1 gAAAAABo4-kstErZ... 16 - - tx2f6cd6669aab44d188f6a-0068e3e9d6 - 0.0137 - - 1759766998.629417181 1759766998.643157959 0
Oct 6 16:09:58 standalone container-server[129710]: 172.20.0.100 - - [06/Oct/2025:16:09:58 +0000] "PUT /d1/983/AUTH_5ec2f863d8f54b06a96618816ae879f8/gnocchi.6fa08435-dedd-492c-9401-b5ddd013195f/none_v3" 201 - "PUT http://172.18.0.2:8080/d1/457/AUTH_5ec2f863d8f54b06a96618816ae879f8/gnocchi.6fa08435-dedd-492c-9401-b5ddd013195f/none_v3" "tx8ca3219e465e498d90331-0068e3e9d6" "object-server 19" 0.0007 "-" 23 0
Oct 6 16:09:58 standalone object-server[129942]: 172.20.0.100 - - [06/Oct/2025:16:09:58 +0000] "PUT /d1/457/AUTH_5ec2f863d8f54b06a96618816ae879f8/gnocchi.6fa08435-dedd-492c-9401-b5ddd013195f/none_v3" 201 - "PUT http://172.18.0.2:8080/v1/AUTH_5ec2f863d8f54b06a96618816ae879f8/gnocchi.6fa08435-dedd-492c-9401-b5ddd013195f/none_v3" "tx8ca3219e465e498d90331-0068e3e9d6" "proxy-server 20" 0.0106 "-" 19 0
Oct 6 16:09:58 standalone proxy-server[132048]: 172.18.0.2 172.18.0.100 06/Oct/2025/16/09/58 PUT /v1/AUTH_5ec2f863d8f54b06a96618816ae879f8/gnocchi.6fa08435-dedd-492c-9401-b5ddd013195f/none_v3 HTTP/1.0 201 - python-swiftclient-3.11.1 gAAAAABo4-kstErZ... 22 - - tx8ca3219e465e498d90331-0068e3e9d6 - 0.0175 - - 1759766998.647421360 1759766998.664962053 0
Oct 6 16:09:58 standalone container-server[129709]: 172.20.0.100 - - [06/Oct/2025:16:09:58 +0000] "HEAD /d1/683/AUTH_5ec2f863d8f54b06a96618816ae879f8/gnocchi.dca08ed5-8779-4acf-84e2-6035f8b7b0b3" 404 - "HEAD http://172.18.0.2:8080/v1/AUTH_5ec2f863d8f54b06a96618816ae879f8/gnocchi.dca08ed5-8779-4acf-84e2-6035f8b7b0b3?format=json&states=listing" "tx3c24db86a67740e8a3009-0068e3e9d6" "proxy-server 20" 0.0005 "-" 22 0
Oct 6 16:09:58 standalone object-server[129942]: 172.20.0.100 - - [06/Oct/2025:16:09:58 +0000] "GET /d1/754/AUTH_5ec2f863d8f54b06a96618816ae879f8/gnocchi.dca08ed5-8779-4acf-84e2-6035f8b7b0b3/none_v3" 404 70 "GET http://172.18.0.2:8080/v1/AUTH_5ec2f863d8f54b06a96618816ae879f8/gnocchi.dca08ed5-8779-4acf-84e2-6035f8b7b0b3/none_v3" "tx3c24db86a67740e8a3009-0068e3e9d6" "proxy-server 20" 0.0005 "-" 19 0
Oct 6 16:09:58 standalone proxy-server[132048]: 172.18.0.2 172.18.0.100 06/Oct/2025/16/09/58 GET /v1/AUTH_5ec2f863d8f54b06a96618816ae879f8/gnocchi.dca08ed5-8779-4acf-84e2-6035f8b7b0b3/none_v3 HTTP/1.0 404 - python-swiftclient-3.11.1 gAAAAABo4-kstErZ... - 70 - tx3c24db86a67740e8a3009-0068e3e9d6 - 0.0115 - - 1759766998.682177067 1759766998.693633080 0
Oct 6 16:09:58 standalone account-server[129659]: 172.20.0.100 - - [06/Oct/2025:16:09:58 +0000] "PUT /d1/908/AUTH_5ec2f863d8f54b06a96618816ae879f8/gnocchi.dca08ed5-8779-4acf-84e2-6035f8b7b0b3" 201 - "PUT http://172.20.0.100:6001/d1/683/AUTH_5ec2f863d8f54b06a96618816ae879f8/gnocchi.dca08ed5-8779-4acf-84e2-6035f8b7b0b3" "tx67114057df7f4f4e92d00-0068e3e9d6" "container-server 22" 0.0049 "-" 21 0
Oct 6 16:09:58 standalone container-server[129709]: 172.20.0.100 - - [06/Oct/2025:16:09:58 +0000] "PUT /d1/683/AUTH_5ec2f863d8f54b06a96618816ae879f8/gnocchi.dca08ed5-8779-4acf-84e2-6035f8b7b0b3" 201 - "PUT http://172.18.0.2:8080/v1/AUTH_5ec2f863d8f54b06a96618816ae879f8/gnocchi.dca08ed5-8779-4acf-84e2-6035f8b7b0b3" "tx67114057df7f4f4e92d00-0068e3e9d6" "proxy-server 20" 0.0162 "-" 22 0
Oct 6 16:09:58 standalone proxy-server[132048]: 172.18.0.2 172.18.0.100 06/Oct/2025/16/09/58 PUT /v1/AUTH_5ec2f863d8f54b06a96618816ae879f8/gnocchi.dca08ed5-8779-4acf-84e2-6035f8b7b0b3 HTTP/1.0 201 - python-swiftclient-3.11.1 gAAAAABo4-kstErZ... - - - tx67114057df7f4f4e92d00-0068e3e9d6 - 0.0211 - - 1759766998.697458029 1759766998.718534946 0
Oct 6 16:09:58 standalone container-server[129694]: 172.20.0.100 - - [06/Oct/2025:16:09:58 +0000] "HEAD /d1/683/AUTH_5ec2f863d8f54b06a96618816ae879f8/gnocchi.dca08ed5-8779-4acf-84e2-6035f8b7b0b3" 204 - "HEAD http://172.18.0.2:8080/v1/AUTH_5ec2f863d8f54b06a96618816ae879f8/gnocchi.dca08ed5-8779-4acf-84e2-6035f8b7b0b3?format=json&states=listing" "tx72c4a7d1579d4b9498a1a-0068e3e9d6" "proxy-server 20" 0.0013 "-" 20 0
Oct 6 16:09:58 standalone proxy-server[132048]: - - 06/Oct/2025/16/09/58 HEAD /v1/AUTH_5ec2f863d8f54b06a96618816ae879f8/gnocchi.dca08ed5-8779-4acf-84e2-6035f8b7b0b3%3Fformat%3Djson%26states%3Dlisting HTTP/1.0 204 - Swift - - - - tx72c4a7d1579d4b9498a1a-0068e3e9d6 - 0.0044 RL - 1759766998.724434614 1759766998.728883028 0
Oct 6 16:09:58 standalone container-server[129694]: 172.20.0.100 - - [06/Oct/2025:16:09:58 +0000] "GET /d1/683/AUTH_5ec2f863d8f54b06a96618816ae879f8/gnocchi.dca08ed5-8779-4acf-84e2-6035f8b7b0b3" 200 2 "GET http://172.18.0.2:8080/v1/AUTH_5ec2f863d8f54b06a96618816ae879f8/gnocchi.dca08ed5-8779-4acf-84e2-6035f8b7b0b3?format=json&states=listing" "tx72c4a7d1579d4b9498a1a-0068e3e9d6" "proxy-server 20" 0.0014 "-" 20 0
Oct 6 16:09:58 standalone proxy-server[132048]: 172.18.0.2 172.18.0.100 06/Oct/2025/16/09/58 GET /v1/AUTH_5ec2f863d8f54b06a96618816ae879f8/gnocchi.dca08ed5-8779-4acf-84e2-6035f8b7b0b3%3Fformat%3Djson%26states%3Dlisting HTTP/1.0 200 - python-swiftclient-3.11.1 gAAAAABo4-kstErZ... - 2 - tx72c4a7d1579d4b9498a1a-0068e3e9d6 - 0.0119 - - 1759766998.723395109 1759766998.735288620 0
Oct 6 16:09:58 standalone object-server[129953]: 172.20.0.100 - - [06/Oct/2025:16:09:58 +0000] "GET /d1/370/AUTH_5ec2f863d8f54b06a96618816ae879f8/gnocchi.dca08ed5-8779-4acf-84e2-6035f8b7b0b3/1759320000.0_mean_300.0_v3" 404 70 "GET http://172.18.0.2:8080/v1/AUTH_5ec2f863d8f54b06a96618816ae879f8/gnocchi.dca08ed5-8779-4acf-84e2-6035f8b7b0b3/1759320000.0_mean_300.0_v3" "txfe4146a38469478bbf895-0068e3e9d6" "proxy-server 20" 0.0005 "-" 22 0
Oct 6 16:09:58 standalone proxy-server[132048]: 172.18.0.2 172.18.0.100 06/Oct/2025/16/09/58 GET /v1/AUTH_5ec2f863d8f54b06a96618816ae879f8/gnocchi.dca08ed5-8779-4acf-84e2-6035f8b7b0b3/1759320000.0_mean_300.0_v3 HTTP/1.0 404 - python-swiftclient-3.11.1 gAAAAABo4-kstErZ... - 70 - txfe4146a38469478bbf895-0068e3e9d6 - 0.0073 - - 1759766998.740251541 1759766998.747558594 0
Oct 6 16:09:58 standalone container-server[129694]: 172.20.0.100 - - [06/Oct/2025:16:09:58 +0000] "PUT /d1/683/AUTH_5ec2f863d8f54b06a96618816ae879f8/gnocchi.dca08ed5-8779-4acf-84e2-6035f8b7b0b3/1759320000.0_mean_300.0_v3" 201 - "PUT http://172.18.0.2:8080/d1/370/AUTH_5ec2f863d8f54b06a96618816ae879f8/gnocchi.dca08ed5-8779-4acf-84e2-6035f8b7b0b3/1759320000.0_mean_300.0_v3" "txa9a7e1a64e814f0883a49-0068e3e9d6" "object-server 19" 0.0011 "-" 20 0
Oct 6 16:09:58 standalone object-server[129942]: 172.20.0.100 - - [06/Oct/2025:16:09:58 +0000] "PUT /d1/370/AUTH_5ec2f863d8f54b06a96618816ae879f8/gnocchi.dca08ed5-8779-4acf-84e2-6035f8b7b0b3/1759320000.0_mean_300.0_v3" 201 - "PUT http://172.18.0.2:8080/v1/AUTH_5ec2f863d8f54b06a96618816ae879f8/gnocchi.dca08ed5-8779-4acf-84e2-6035f8b7b0b3/1759320000.0_mean_300.0_v3" "txa9a7e1a64e814f0883a49-0068e3e9d6" "proxy-server 20" 0.0124 "-" 19 0
Oct 6 16:09:58 standalone proxy-server[132048]: 172.18.0.2 172.18.0.100 06/Oct/2025/16/09/58 PUT /v1/AUTH_5ec2f863d8f54b06a96618816ae879f8/gnocchi.dca08ed5-8779-4acf-84e2-6035f8b7b0b3/1759320000.0_mean_300.0_v3 HTTP/1.0 201 - python-swiftclient-3.11.1 gAAAAABo4-kstErZ... 16 - - txa9a7e1a64e814f0883a49-0068e3e9d6 - 0.0220 - - 1759766998.750347853 1759766998.772303104 0
Oct 6 16:09:58 standalone container-server[129694]: 172.20.0.100 - - [06/Oct/2025:16:09:58 +0000] "PUT /d1/683/AUTH_5ec2f863d8f54b06a96618816ae879f8/gnocchi.dca08ed5-8779-4acf-84e2-6035f8b7b0b3/none_v3" 201 - "PUT http://172.18.0.2:8080/d1/754/AUTH_5ec2f863d8f54b06a96618816ae879f8/gnocchi.dca08ed5-8779-4acf-84e2-6035f8b7b0b3/none_v3" "tx2dc07afb16674af5b8d26-0068e3e9d6" "object-server 22" 0.0009 "-" 20 0
Oct 6 16:09:58 standalone object-server[129953]: 172.20.0.100 - - [06/Oct/2025:16:09:58 +0000] "PUT /d1/754/AUTH_5ec2f863d8f54b06a96618816ae879f8/gnocchi.dca08ed5-8779-4acf-84e2-6035f8b7b0b3/none_v3" 201 - "PUT http://172.18.0.2:8080/v1/AUTH_5ec2f863d8f54b06a96618816ae879f8/gnocchi.dca08ed5-8779-4acf-84e2-6035f8b7b0b3/none_v3" "tx2dc07afb16674af5b8d26-0068e3e9d6" "proxy-server 20" 0.0121 "-" 22 0
Oct 6 16:09:58 standalone proxy-server[132048]: 172.18.0.2 172.18.0.100 06/Oct/2025/16/09/58 PUT /v1/AUTH_5ec2f863d8f54b06a96618816ae879f8/gnocchi.dca08ed5-8779-4acf-84e2-6035f8b7b0b3/none_v3 HTTP/1.0 201 - python-swiftclient-3.11.1 gAAAAABo4-kstErZ... 22 - - tx2dc07afb16674af5b8d26-0068e3e9d6 - 0.0186 - - 1759766998.775164366 1759766998.793728590 0
Oct 6 16:09:58 standalone container-server[129709]: 172.20.0.100 - - [06/Oct/2025:16:09:58 +0000] "HEAD /d1/860/AUTH_5ec2f863d8f54b06a96618816ae879f8/gnocchi.44c231c8-2ff5-49ac-a4a8-c1e6f76ab29a" 404 - "HEAD http://172.18.0.2:8080/v1/AUTH_5ec2f863d8f54b06a96618816ae879f8/gnocchi.44c231c8-2ff5-49ac-a4a8-c1e6f76ab29a?format=json&states=listing" "txebf468708aa1418a8b404-0068e3e9d6" "proxy-server 20" 0.0005 "-" 22 0
Oct 6 16:09:58 standalone object-server[129942]: 172.20.0.100 - - [06/Oct/2025:16:09:58 +0000] "GET /d1/425/AUTH_5ec2f863d8f54b06a96618816ae879f8/gnocchi.44c231c8-2ff5-49ac-a4a8-c1e6f76ab29a/none_v3" 404 70 "GET http://172.18.0.2:8080/v1/AUTH_5ec2f863d8f54b06a96618816ae879f8/gnocchi.44c231c8-2ff5-49ac-a4a8-c1e6f76ab29a/none_v3" "txebf468708aa1418a8b404-0068e3e9d6" "proxy-server 20" 0.0003 "-" 19 0
Oct 6 16:09:58 standalone proxy-server[132048]: 172.18.0.2 172.18.0.100 06/Oct/2025/16/09/58 GET /v1/AUTH_5ec2f863d8f54b06a96618816ae879f8/gnocchi.44c231c8-2ff5-49ac-a4a8-c1e6f76ab29a/none_v3 HTTP/1.0 404 - python-swiftclient-3.11.1 gAAAAABo4-kstErZ... - 70 - txebf468708aa1418a8b404-0068e3e9d6 - 0.0076 - - 1759766998.802551985 1759766998.810131788 0
Oct 6 16:09:58 standalone account-server[129659]: 172.20.0.100 - - [06/Oct/2025:16:09:58 +0000] "PUT /d1/908/AUTH_5ec2f863d8f54b06a96618816ae879f8/gnocchi.44c231c8-2ff5-49ac-a4a8-c1e6f76ab29a" 201 - "PUT http://172.20.0.100:6001/d1/860/AUTH_5ec2f863d8f54b06a96618816ae879f8/gnocchi.44c231c8-2ff5-49ac-a4a8-c1e6f76ab29a" "tx95f4d55ee36c4447bee08-0068e3e9d6" "container-server 20" 0.0045 "-" 21 0
Oct 6 16:09:58 standalone container-server[129694]: 172.20.0.100 - - [06/Oct/2025:16:09:58 +0000] "PUT /d1/860/AUTH_5ec2f863d8f54b06a96618816ae879f8/gnocchi.44c231c8-2ff5-49ac-a4a8-c1e6f76ab29a" 201 - "PUT http://172.18.0.2:8080/v1/AUTH_5ec2f863d8f54b06a96618816ae879f8/gnocchi.44c231c8-2ff5-49ac-a4a8-c1e6f76ab29a" "tx95f4d55ee36c4447bee08-0068e3e9d6" "proxy-server 20" 0.0158 "-" 20 0
Oct 6 16:09:58 standalone proxy-server[132048]: 172.18.0.2 172.18.0.100 06/Oct/2025/16/09/58 PUT /v1/AUTH_5ec2f863d8f54b06a96618816ae879f8/gnocchi.44c231c8-2ff5-49ac-a4a8-c1e6f76ab29a HTTP/1.0 201 - python-swiftclient-3.11.1 gAAAAABo4-kstErZ... - - - tx95f4d55ee36c4447bee08-0068e3e9d6 - 0.0218 - - 1759766998.812169313 1759766998.834006310 0
Oct 6 16:09:58 standalone container-server[129700]: 172.20.0.100 - - [06/Oct/2025:16:09:58 +0000] "HEAD /d1/860/AUTH_5ec2f863d8f54b06a96618816ae879f8/gnocchi.44c231c8-2ff5-49ac-a4a8-c1e6f76ab29a" 204 - "HEAD http://172.18.0.2:8080/v1/AUTH_5ec2f863d8f54b06a96618816ae879f8/gnocchi.44c231c8-2ff5-49ac-a4a8-c1e6f76ab29a?format=json&states=listing" "tx38a21a3ac95549d68c939-0068e3e9d6" "proxy-server 20" 0.0022 "-" 21 0
Oct 6 16:09:58 standalone proxy-server[132048]: - - 06/Oct/2025/16/09/58 HEAD /v1/AUTH_5ec2f863d8f54b06a96618816ae879f8/gnocchi.44c231c8-2ff5-49ac-a4a8-c1e6f76ab29a%3Fformat%3Djson%26states%3Dlisting HTTP/1.0 204 - Swift - - - - tx38a21a3ac95549d68c939-0068e3e9d6 - 0.0060 RL - 1759766998.841233969 1759766998.847277164 0
Oct 6 16:09:58 standalone container-server[129700]: 172.20.0.100 - - [06/Oct/2025:16:09:58 +0000] "GET /d1/860/AUTH_5ec2f863d8f54b06a96618816ae879f8/gnocchi.44c231c8-2ff5-49ac-a4a8-c1e6f76ab29a" 200 2 "GET http://172.18.0.2:8080/v1/AUTH_5ec2f863d8f54b06a96618816ae879f8/gnocchi.44c231c8-2ff5-49ac-a4a8-c1e6f76ab29a?format=json&states=listing" "tx38a21a3ac95549d68c939-0068e3e9d6" "proxy-server 20" 0.0038 "-" 21 0
Oct 6 16:09:58 standalone proxy-server[132048]: 172.18.0.2 172.18.0.100 06/Oct/2025/16/09/58 GET /v1/AUTH_5ec2f863d8f54b06a96618816ae879f8/gnocchi.44c231c8-2ff5-49ac-a4a8-c1e6f76ab29a%3Fformat%3Djson%26states%3Dlisting HTTP/1.0 200 - python-swiftclient-3.11.1 gAAAAABo4-kstErZ... - 2 - tx38a21a3ac95549d68c939-0068e3e9d6 - 0.0159 - - 1759766998.840234756 1759766998.856106997 0
Oct 6 16:09:58 standalone object-server[129942]: 172.20.0.100 - - [06/Oct/2025:16:09:58 +0000] "GET /d1/119/AUTH_5ec2f863d8f54b06a96618816ae879f8/gnocchi.44c231c8-2ff5-49ac-a4a8-c1e6f76ab29a/1759320000.0_mean_300.0_v3" 404 70 "GET http://172.18.0.2:8080/v1/AUTH_5ec2f863d8f54b06a96618816ae879f8/gnocchi.44c231c8-2ff5-49ac-a4a8-c1e6f76ab29a/1759320000.0_mean_300.0_v3" "txcffcf662579b4d8a9302d-0068e3e9d6" "proxy-server 20" 0.0003 "-" 19 0
Oct 6 16:09:58 standalone proxy-server[132048]: 172.18.0.2 172.18.0.100 06/Oct/2025/16/09/58 GET /v1/AUTH_5ec2f863d8f54b06a96618816ae879f8/gnocchi.44c231c8-2ff5-49ac-a4a8-c1e6f76ab29a/1759320000.0_mean_300.0_v3 HTTP/1.0 404 - python-swiftclient-3.11.1 gAAAAABo4-kstErZ... - 70 - txcffcf662579b4d8a9302d-0068e3e9d6 - 0.0042 - - 1759766998.860517979 1759766998.864670277 0
Oct 6 16:09:58 standalone container-server[129700]: 172.20.0.100 - - [06/Oct/2025:16:09:58 +0000] "PUT /d1/860/AUTH_5ec2f863d8f54b06a96618816ae879f8/gnocchi.44c231c8-2ff5-49ac-a4a8-c1e6f76ab29a/1759320000.0_mean_300.0_v3" 201 - "PUT http://172.18.0.2:8080/d1/119/AUTH_5ec2f863d8f54b06a96618816ae879f8/gnocchi.44c231c8-2ff5-49ac-a4a8-c1e6f76ab29a/1759320000.0_mean_300.0_v3" "txadc8bb06ae924e3c8632f-0068e3e9d6" "object-server 22" 0.0006 "-" 21 0
Oct 6 16:09:58 standalone object-server[129953]: 172.20.0.100 - - [06/Oct/2025:16:09:58 +0000] "PUT /d1/119/AUTH_5ec2f863d8f54b06a96618816ae879f8/gnocchi.44c231c8-2ff5-49ac-a4a8-c1e6f76ab29a/1759320000.0_mean_300.0_v3" 201 - "PUT http://172.18.0.2:8080/v1/AUTH_5ec2f863d8f54b06a96618816ae879f8/gnocchi.44c231c8-2ff5-49ac-a4a8-c1e6f76ab29a/1759320000.0_mean_300.0_v3" "txadc8bb06ae924e3c8632f-0068e3e9d6" "proxy-server 20" 0.0134 "-" 22 0
Oct 6 16:09:58 standalone proxy-server[132048]: 172.18.0.2 172.18.0.100 06/Oct/2025/16/09/58 PUT /v1/AUTH_5ec2f863d8f54b06a96618816ae879f8/gnocchi.44c231c8-2ff5-49ac-a4a8-c1e6f76ab29a/1759320000.0_mean_300.0_v3 HTTP/1.0 201 - python-swiftclient-3.11.1 gAAAAABo4-kstErZ... 16 - - txadc8bb06ae924e3c8632f-0068e3e9d6 - 0.0186 - - 1759766998.867780447 1759766998.886359215 0
Oct 6 16:09:58 standalone container-server[129709]: 172.20.0.100 - - [06/Oct/2025:16:09:58 +0000] "PUT /d1/860/AUTH_5ec2f863d8f54b06a96618816ae879f8/gnocchi.44c231c8-2ff5-49ac-a4a8-c1e6f76ab29a/none_v3" 201 - "PUT http://172.18.0.2:8080/d1/425/AUTH_5ec2f863d8f54b06a96618816ae879f8/gnocchi.44c231c8-2ff5-49ac-a4a8-c1e6f76ab29a/none_v3" "tx3a7c8787d6c34b299f71c-0068e3e9d6" "object-server 22" 0.0006 "-" 22 0
Oct 6 16:09:58 standalone object-server[129953]: 172.20.0.100 - - [06/Oct/2025:16:09:58 +0000] "PUT /d1/425/AUTH_5ec2f863d8f54b06a96618816ae879f8/gnocchi.44c231c8-2ff5-49ac-a4a8-c1e6f76ab29a/none_v3" 201 - "PUT http://172.18.0.2:8080/v1/AUTH_5ec2f863d8f54b06a96618816ae879f8/gnocchi.44c231c8-2ff5-49ac-a4a8-c1e6f76ab29a/none_v3" "tx3a7c8787d6c34b299f71c-0068e3e9d6" "proxy-server 20" 0.0090 "-" 22 0
Oct 6 16:09:58 standalone proxy-server[132048]: 172.18.0.2 172.18.0.100 06/Oct/2025/16/09/58 PUT /v1/AUTH_5ec2f863d8f54b06a96618816ae879f8/gnocchi.44c231c8-2ff5-49ac-a4a8-c1e6f76ab29a/none_v3 HTTP/1.0 201 - python-swiftclient-3.11.1 gAAAAABo4-kstErZ... 22 - - tx3a7c8787d6c34b299f71c-0068e3e9d6 - 0.0139 - - 1759766998.889313221 1759766998.903259993 0
Oct 6 16:09:58 standalone container-server[129710]: 172.20.0.100 - - [06/Oct/2025:16:09:58 +0000] "HEAD /d1/641/AUTH_5ec2f863d8f54b06a96618816ae879f8/gnocchi.19e3ea08-01c0-4503-a051-98ebfd809e57" 404 - "HEAD http://172.18.0.2:8080/v1/AUTH_5ec2f863d8f54b06a96618816ae879f8/gnocchi.19e3ea08-01c0-4503-a051-98ebfd809e57?format=json&states=listing" "tx2de7edfba5a14d6aa6193-0068e3e9d6" "proxy-server 20" 0.0004 "-" 23 0
Oct 6 16:09:58 standalone object-server[129943]: 172.20.0.100 - - [06/Oct/2025:16:09:58 +0000] "GET /d1/531/AUTH_5ec2f863d8f54b06a96618816ae879f8/gnocchi.19e3ea08-01c0-4503-a051-98ebfd809e57/none_v3" 404 70 "GET http://172.18.0.2:8080/v1/AUTH_5ec2f863d8f54b06a96618816ae879f8/gnocchi.19e3ea08-01c0-4503-a051-98ebfd809e57/none_v3" "tx2de7edfba5a14d6aa6193-0068e3e9d6" "proxy-server 20" 0.0005 "-" 20 0
Oct 6 16:09:58 standalone proxy-server[132048]: 172.18.0.2 172.18.0.100 06/Oct/2025/16/09/58 GET /v1/AUTH_5ec2f863d8f54b06a96618816ae879f8/gnocchi.19e3ea08-01c0-4503-a051-98ebfd809e57/none_v3 HTTP/1.0 404 - python-swiftclient-3.11.1 gAAAAABo4-kstErZ... - 70 - tx2de7edfba5a14d6aa6193-0068e3e9d6 - 0.0098 - - 1759766998.918710232 1759766998.928483486 0
Oct 6 16:09:58 standalone account-server[129647]: 172.20.0.100 - - [06/Oct/2025:16:09:58 +0000] "PUT /d1/908/AUTH_5ec2f863d8f54b06a96618816ae879f8/gnocchi.19e3ea08-01c0-4503-a051-98ebfd809e57" 201 - "PUT http://172.20.0.100:6001/d1/641/AUTH_5ec2f863d8f54b06a96618816ae879f8/gnocchi.19e3ea08-01c0-4503-a051-98ebfd809e57" "txb62fa6ed11614cb7b1d76-0068e3e9d6" "container-server 22" 0.0047 "-" 19 0
Oct 6 16:09:58 standalone container-server[129709]: 172.20.0.100 - - [06/Oct/2025:16:09:58 +0000] "PUT /d1/641/AUTH_5ec2f863d8f54b06a96618816ae879f8/gnocchi.19e3ea08-01c0-4503-a051-98ebfd809e57" 201 - "PUT http://172.18.0.2:8080/v1/AUTH_5ec2f863d8f54b06a96618816ae879f8/gnocchi.19e3ea08-01c0-4503-a051-98ebfd809e57" "txb62fa6ed11614cb7b1d76-0068e3e9d6" "proxy-server 20" 0.0154 "-" 22 0
Oct 6 16:09:58 standalone proxy-server[132048]: 172.18.0.2 172.18.0.100 06/Oct/2025/16/09/58 PUT /v1/AUTH_5ec2f863d8f54b06a96618816ae879f8/gnocchi.19e3ea08-01c0-4503-a051-98ebfd809e57 HTTP/1.0 201 - python-swiftclient-3.11.1 gAAAAABo4-kstErZ... - - - txb62fa6ed11614cb7b1d76-0068e3e9d6 - 0.0233 - - 1759766998.934094191 1759766998.957354307 0
Oct 6 16:09:58 standalone container-server[129709]: 172.20.0.100 - - [06/Oct/2025:16:09:58 +0000] "HEAD /d1/123/AUTH_5ec2f863d8f54b06a96618816ae879f8/gnocchi.63e8a133-8d64-4f33-92c1-6fed4a360957" 404 - "HEAD http://172.18.0.2:8080/v1/AUTH_5ec2f863d8f54b06a96618816ae879f8/gnocchi.63e8a133-8d64-4f33-92c1-6fed4a360957?format=json&states=listing" "tx0e5beea4a03047e9a5c19-0068e3e9d6" "proxy-server 20" 0.0005 "-" 22 0
Oct 6 16:09:58 standalone object-server[129953]: 172.20.0.100 - - [06/Oct/2025:16:09:58 +0000] "GET /d1/1003/AUTH_5ec2f863d8f54b06a96618816ae879f8/gnocchi.63e8a133-8d64-4f33-92c1-6fed4a360957/none_v3" 404 70 "GET http://172.18.0.2:8080/v1/AUTH_5ec2f863d8f54b06a96618816ae879f8/gnocchi.63e8a133-8d64-4f33-92c1-6fed4a360957/none_v3" "tx0e5beea4a03047e9a5c19-0068e3e9d6" "proxy-server 20" 0.0005 "-" 22 0
Oct 6 16:09:58 standalone proxy-server[132048]: 172.18.0.2 172.18.0.100 06/Oct/2025/16/09/58 GET /v1/AUTH_5ec2f863d8f54b06a96618816ae879f8/gnocchi.63e8a133-8d64-4f33-92c1-6fed4a360957/none_v3 HTTP/1.0 404 - python-swiftclient-3.11.1 gAAAAABo4-kstErZ... - 70 - tx0e5beea4a03047e9a5c19-0068e3e9d6 - 0.0131 - - 1759766998.961322069 1759766998.974407196 0
Oct 6 16:09:58 standalone account-server[129647]: 172.20.0.100 - - [06/Oct/2025:16:09:58 +0000] "PUT /d1/908/AUTH_5ec2f863d8f54b06a96618816ae879f8/gnocchi.63e8a133-8d64-4f33-92c1-6fed4a360957" 201 - "PUT http://172.20.0.100:6001/d1/123/AUTH_5ec2f863d8f54b06a96618816ae879f8/gnocchi.63e8a133-8d64-4f33-92c1-6fed4a360957" "txa0d62c77340b4ffaa807d-0068e3e9d6" "container-server 22" 0.0050 "-" 19 0
Oct 6 16:09:58 standalone container-server[129709]: 172.20.0.100 - - [06/Oct/2025:16:09:58 +0000] "PUT /d1/123/AUTH_5ec2f863d8f54b06a96618816ae879f8/gnocchi.63e8a133-8d64-4f33-92c1-6fed4a360957" 201 - "PUT http://172.18.0.2:8080/v1/AUTH_5ec2f863d8f54b06a96618816ae879f8/gnocchi.63e8a133-8d64-4f33-92c1-6fed4a360957" "txa0d62c77340b4ffaa807d-0068e3e9d6" "proxy-server 20" 0.0151 "-" 22 0
Oct 6 16:09:59 standalone proxy-server[132048]: 172.18.0.2 172.18.0.100 06/Oct/2025/16/09/59 PUT /v1/AUTH_5ec2f863d8f54b06a96618816ae879f8/gnocchi.63e8a133-8d64-4f33-92c1-6fed4a360957 HTTP/1.0 201 - python-swiftclient-3.11.1 gAAAAABo4-kstErZ... - - - txa0d62c77340b4ffaa807d-0068e3e9d6 - 0.0241 - - 1759766998.978415251 1759766999.002560854 0
Oct 6 16:09:59 standalone container-server[129700]: 172.20.0.100 - - [06/Oct/2025:16:09:59 +0000] "HEAD /d1/273/AUTH_5ec2f863d8f54b06a96618816ae879f8/gnocchi.92c214ea-0034-4358-9b91-3baad1bbadd7" 404 - "HEAD http://172.18.0.2:8080/v1/AUTH_5ec2f863d8f54b06a96618816ae879f8/gnocchi.92c214ea-0034-4358-9b91-3baad1bbadd7?format=json&states=listing" "tx3c639920d5c4445a88b24-0068e3e9d7" "proxy-server 20" 0.0004 "-" 21 0
Oct 6 16:09:59 standalone object-server[129947]: 172.20.0.100 - - [06/Oct/2025:16:09:59 +0000] "GET /d1/107/AUTH_5ec2f863d8f54b06a96618816ae879f8/gnocchi.92c214ea-0034-4358-9b91-3baad1bbadd7/none_v3" 404 70 "GET http://172.18.0.2:8080/v1/AUTH_5ec2f863d8f54b06a96618816ae879f8/gnocchi.92c214ea-0034-4358-9b91-3baad1bbadd7/none_v3" "tx3c639920d5c4445a88b24-0068e3e9d7" "proxy-server 20" 0.0003 "-" 21 0
Oct 6 16:09:59 standalone proxy-server[132048]: 172.18.0.2 172.18.0.100 06/Oct/2025/16/09/59 GET /v1/AUTH_5ec2f863d8f54b06a96618816ae879f8/gnocchi.92c214ea-0034-4358-9b91-3baad1bbadd7/none_v3 HTTP/1.0 404 - python-swiftclient-3.11.1 gAAAAABo4-kstErZ... - 70 - tx3c639920d5c4445a88b24-0068e3e9d7 - 0.0107 - - 1759766999.006127596 1759766999.016792297 0
Oct 6 16:09:59 standalone account-server[129647]: 172.20.0.100 - - [06/Oct/2025:16:09:59 +0000] "PUT /d1/908/AUTH_5ec2f863d8f54b06a96618816ae879f8/gnocchi.92c214ea-0034-4358-9b91-3baad1bbadd7" 201 - "PUT http://172.20.0.100:6001/d1/273/AUTH_5ec2f863d8f54b06a96618816ae879f8/gnocchi.92c214ea-0034-4358-9b91-3baad1bbadd7" "txa2b07ac8c8b941bdbe1d0-0068e3e9d7" "container-server 22" 0.0065 "-" 19 0
Oct 6 16:09:59 standalone container-server[129709]: 172.20.0.100 - - [06/Oct/2025:16:09:59 +0000] "PUT /d1/273/AUTH_5ec2f863d8f54b06a96618816ae879f8/gnocchi.92c214ea-0034-4358-9b91-3baad1bbadd7" 201 - "PUT http://172.18.0.2:8080/v1/AUTH_5ec2f863d8f54b06a96618816ae879f8/gnocchi.92c214ea-0034-4358-9b91-3baad1bbadd7" "txa2b07ac8c8b941bdbe1d0-0068e3e9d7" "proxy-server 20" 0.0196 "-" 22 0
Oct 6 16:09:59 standalone proxy-server[132048]: 172.18.0.2 172.18.0.100 06/Oct/2025/16/09/59 PUT /v1/AUTH_5ec2f863d8f54b06a96618816ae879f8/gnocchi.92c214ea-0034-4358-9b91-3baad1bbadd7 HTTP/1.0 201 - python-swiftclient-3.11.1 gAAAAABo4-kstErZ... - - - txa2b07ac8c8b941bdbe1d0-0068e3e9d7 - 0.0261 - - 1759766999.020714760 1759766999.046794176 0
Oct 6 16:09:59 standalone container-server[129694]: 172.20.0.100 - - [06/Oct/2025:16:09:59 +0000] "HEAD /d1/641/AUTH_5ec2f863d8f54b06a96618816ae879f8/gnocchi.19e3ea08-01c0-4503-a051-98ebfd809e57" 204 - "HEAD http://172.18.0.2:8080/v1/AUTH_5ec2f863d8f54b06a96618816ae879f8/gnocchi.19e3ea08-01c0-4503-a051-98ebfd809e57?format=json&states=listing" "tx368988d79f1e40d68e628-0068e3e9d7" "proxy-server 20" 0.0016 "-" 20 0
Oct 6 16:09:59 standalone proxy-server[132048]: - - 06/Oct/2025/16/09/59 HEAD /v1/AUTH_5ec2f863d8f54b06a96618816ae879f8/gnocchi.19e3ea08-01c0-4503-a051-98ebfd809e57%3Fformat%3Djson%26states%3Dlisting HTTP/1.0 204 - Swift - - - - tx368988d79f1e40d68e628-0068e3e9d7 - 0.0065 RL - 1759766999.052965403 1759766999.059440613 0
Oct 6 16:09:59 standalone container-server[129709]: 172.20.0.100 - - [06/Oct/2025:16:09:59 +0000] "GET /d1/641/AUTH_5ec2f863d8f54b06a96618816ae879f8/gnocchi.19e3ea08-01c0-4503-a051-98ebfd809e57" 200 2 "GET http://172.18.0.2:8080/v1/AUTH_5ec2f863d8f54b06a96618816ae879f8/gnocchi.19e3ea08-01c0-4503-a051-98ebfd809e57?format=json&states=listing" "tx368988d79f1e40d68e628-0068e3e9d7" "proxy-server 20" 0.0025 "-" 22 0
Oct 6 16:09:59 standalone proxy-server[132048]: 172.18.0.2 172.18.0.100 06/Oct/2025/16/09/59 GET /v1/AUTH_5ec2f863d8f54b06a96618816ae879f8/gnocchi.19e3ea08-01c0-4503-a051-98ebfd809e57%3Fformat%3Djson%26states%3Dlisting HTTP/1.0 200 - python-swiftclient-3.11.1 gAAAAABo4-kstErZ... - 2 - tx368988d79f1e40d68e628-0068e3e9d7 - 0.0197 - - 1759766999.051196098 1759766999.070907116 0
Oct 6 16:09:59 standalone container-server[129709]: 172.20.0.100 - - [06/Oct/2025:16:09:59 +0000] "HEAD /d1/123/AUTH_5ec2f863d8f54b06a96618816ae879f8/gnocchi.63e8a133-8d64-4f33-92c1-6fed4a360957" 204 - "HEAD http://172.18.0.2:8080/v1/AUTH_5ec2f863d8f54b06a96618816ae879f8/gnocchi.63e8a133-8d64-4f33-92c1-6fed4a360957?format=json&states=listing" "tx75d9015ddfa543e39ab4a-0068e3e9d7" "proxy-server 20" 0.0018 "-" 22 0
Oct 6 16:09:59 standalone proxy-server[132048]: - - 06/Oct/2025/16/09/59 HEAD /v1/AUTH_5ec2f863d8f54b06a96618816ae879f8/gnocchi.63e8a133-8d64-4f33-92c1-6fed4a360957%3Fformat%3Djson%26states%3Dlisting HTTP/1.0 204 - Swift - - - - tx75d9015ddfa543e39ab4a-0068e3e9d7 - 0.0106 RL - 1759766999.080283642 1759766999.090926409 0
Oct 6 16:09:59 standalone container-server[129709]: 172.20.0.100 - - [06/Oct/2025:16:09:59 +0000] "GET /d1/123/AUTH_5ec2f863d8f54b06a96618816ae879f8/gnocchi.63e8a133-8d64-4f33-92c1-6fed4a360957" 200 2 "GET http://172.18.0.2:8080/v1/AUTH_5ec2f863d8f54b06a96618816ae879f8/gnocchi.63e8a133-8d64-4f33-92c1-6fed4a360957?format=json&states=listing" "tx75d9015ddfa543e39ab4a-0068e3e9d7" "proxy-server 20" 0.0035 "-" 22 0
Oct 6 16:09:59 standalone proxy-server[132048]: 172.18.0.2 172.18.0.100 06/Oct/2025/16/09/59 GET /v1/AUTH_5ec2f863d8f54b06a96618816ae879f8/gnocchi.63e8a133-8d64-4f33-92c1-6fed4a360957%3Fformat%3Djson%26states%3Dlisting HTTP/1.0 200 - python-swiftclient-3.11.1 gAAAAABo4-kstErZ... - 2 - tx75d9015ddfa543e39ab4a-0068e3e9d7 - 0.0259 - - 1759766999.078629494 1759766999.104557514 0
Oct 6 16:09:59 standalone container-server[129710]: 172.20.0.100 - - [06/Oct/2025:16:09:59 +0000] "HEAD /d1/273/AUTH_5ec2f863d8f54b06a96618816ae879f8/gnocchi.92c214ea-0034-4358-9b91-3baad1bbadd7" 204 - "HEAD http://172.18.0.2:8080/v1/AUTH_5ec2f863d8f54b06a96618816ae879f8/gnocchi.92c214ea-0034-4358-9b91-3baad1bbadd7?format=json&states=listing" "txa0023395e5aa4324b2cf1-0068e3e9d7" "proxy-server 20" 0.0012 "-" 23 0
Oct 6 16:09:59 standalone proxy-server[132048]: - - 06/Oct/2025/16/09/59 HEAD /v1/AUTH_5ec2f863d8f54b06a96618816ae879f8/gnocchi.92c214ea-0034-4358-9b91-3baad1bbadd7%3Fformat%3Djson%26states%3Dlisting HTTP/1.0 204 - Swift - - - - txa0023395e5aa4324b2cf1-0068e3e9d7 - 0.0047 RL - 1759766999.113058805 1759766999.117748260 0
Oct 6 16:09:59 standalone container-server[129709]: 172.20.0.100 - - [06/Oct/2025:16:09:59 +0000] "GET /d1/273/AUTH_5ec2f863d8f54b06a96618816ae879f8/gnocchi.92c214ea-0034-4358-9b91-3baad1bbadd7" 200 2 "GET http://172.18.0.2:8080/v1/AUTH_5ec2f863d8f54b06a96618816ae879f8/gnocchi.92c214ea-0034-4358-9b91-3baad1bbadd7?format=json&states=listing" "txa0023395e5aa4324b2cf1-0068e3e9d7" "proxy-server 20" 0.0045 "-" 22 0
Oct 6 16:09:59 standalone proxy-server[132048]: 172.18.0.2 172.18.0.100 06/Oct/2025/16/09/59 GET /v1/AUTH_5ec2f863d8f54b06a96618816ae879f8/gnocchi.92c214ea-0034-4358-9b91-3baad1bbadd7%3Fformat%3Djson%26states%3Dlisting HTTP/1.0 200 - python-swiftclient-3.11.1 gAAAAABo4-kstErZ... - 2 - txa0023395e5aa4324b2cf1-0068e3e9d7 - 0.0183 - - 1759766999.110798597 1759766999.129101038 0
Oct 6 16:09:59 standalone object-server[129947]: 172.20.0.100 - - [06/Oct/2025:16:09:59 +0000] "GET /d1/488/AUTH_5ec2f863d8f54b06a96618816ae879f8/gnocchi.19e3ea08-01c0-4503-a051-98ebfd809e57/1759320000.0_mean_300.0_v3" 404 70 "GET http://172.18.0.2:8080/v1/AUTH_5ec2f863d8f54b06a96618816ae879f8/gnocchi.19e3ea08-01c0-4503-a051-98ebfd809e57/1759320000.0_mean_300.0_v3" "tx4f6a475e0d784d7ebf297-0068e3e9d7" "proxy-server 20" 0.0005 "-" 21 0
Oct 6 16:09:59 standalone proxy-server[132048]: 172.18.0.2 172.18.0.100 06/Oct/2025/16/09/59 GET /v1/AUTH_5ec2f863d8f54b06a96618816ae879f8/gnocchi.19e3ea08-01c0-4503-a051-98ebfd809e57/1759320000.0_mean_300.0_v3 HTTP/1.0 404 - python-swiftclient-3.11.1 gAAAAABo4-kstErZ... - 70 - tx4f6a475e0d784d7ebf297-0068e3e9d7 - 0.0077 - - 1759766999.133668661 1759766999.141392469 0
Oct 6 16:09:59 standalone object-server[129943]: 172.20.0.100 - - [06/Oct/2025:16:09:59 +0000] "GET /d1/574/AUTH_5ec2f863d8f54b06a96618816ae879f8/gnocchi.63e8a133-8d64-4f33-92c1-6fed4a360957/1759320000.0_mean_300.0_v3" 404 70 "GET http://172.18.0.2:8080/v1/AUTH_5ec2f863d8f54b06a96618816ae879f8/gnocchi.63e8a133-8d64-4f33-92c1-6fed4a360957/1759320000.0_mean_300.0_v3" "tx0f7f81dbd23d41c49909f-0068e3e9d7" "proxy-server 20" 0.0004 "-" 20 0
Oct 6 16:09:59 standalone proxy-server[132048]: 172.18.0.2 172.18.0.100 06/Oct/2025/16/09/59 GET /v1/AUTH_5ec2f863d8f54b06a96618816ae879f8/gnocchi.63e8a133-8d64-4f33-92c1-6fed4a360957/1759320000.0_mean_300.0_v3 HTTP/1.0 404 - python-swiftclient-3.11.1 gAAAAABo4-kstErZ... - 70 - tx0f7f81dbd23d41c49909f-0068e3e9d7 - 0.0058 - - 1759766999.144463062 1759766999.150300741 0
Oct 6 16:09:59 standalone object-server[129953]: 172.20.0.100 - - [06/Oct/2025:16:09:59 +0000] "GET /d1/25/AUTH_5ec2f863d8f54b06a96618816ae879f8/gnocchi.92c214ea-0034-4358-9b91-3baad1bbadd7/1759320000.0_mean_300.0_v3" 404 70 "GET http://172.18.0.2:8080/v1/AUTH_5ec2f863d8f54b06a96618816ae879f8/gnocchi.92c214ea-0034-4358-9b91-3baad1bbadd7/1759320000.0_mean_300.0_v3" "txe4210b2c4de44e43bf8db-0068e3e9d7" "proxy-server 20" 0.0005 "-" 22 0
Oct 6 16:09:59 standalone proxy-server[132048]: 172.18.0.2 172.18.0.100 06/Oct/2025/16/09/59 GET /v1/AUTH_5ec2f863d8f54b06a96618816ae879f8/gnocchi.92c214ea-0034-4358-9b91-3baad1bbadd7/1759320000.0_mean_300.0_v3 HTTP/1.0 404 - python-swiftclient-3.11.1 gAAAAABo4-kstErZ... - 70 - txe4210b2c4de44e43bf8db-0068e3e9d7 - 0.0066 - - 1759766999.152993202 1759766999.159577847 0
Oct 6 16:09:59 standalone container-server[129694]: 172.20.0.100 - - [06/Oct/2025:16:09:59 +0000] "PUT /d1/641/AUTH_5ec2f863d8f54b06a96618816ae879f8/gnocchi.19e3ea08-01c0-4503-a051-98ebfd809e57/1759320000.0_mean_300.0_v3" 201 - "PUT http://172.18.0.2:8080/d1/488/AUTH_5ec2f863d8f54b06a96618816ae879f8/gnocchi.19e3ea08-01c0-4503-a051-98ebfd809e57/1759320000.0_mean_300.0_v3" "tx799423955bb6423bbc986-0068e3e9d7" "object-server 22" 0.0007 "-" 20 0
Oct 6 16:09:59 standalone object-server[129953]: 172.20.0.100 - - [06/Oct/2025:16:09:59 +0000] "PUT /d1/488/AUTH_5ec2f863d8f54b06a96618816ae879f8/gnocchi.19e3ea08-01c0-4503-a051-98ebfd809e57/1759320000.0_mean_300.0_v3" 201 - "PUT http://172.18.0.2:8080/v1/AUTH_5ec2f863d8f54b06a96618816ae879f8/gnocchi.19e3ea08-01c0-4503-a051-98ebfd809e57/1759320000.0_mean_300.0_v3" "tx799423955bb6423bbc986-0068e3e9d7" "proxy-server 20" 0.0110 "-" 22 0
Oct 6 16:09:59 standalone proxy-server[132048]: 172.18.0.2 172.18.0.100 06/Oct/2025/16/09/59 PUT /v1/AUTH_5ec2f863d8f54b06a96618816ae879f8/gnocchi.19e3ea08-01c0-4503-a051-98ebfd809e57/1759320000.0_mean_300.0_v3 HTTP/1.0 201 - python-swiftclient-3.11.1 gAAAAABo4-kstErZ... 16 - - tx799423955bb6423bbc986-0068e3e9d7 - 0.0173 - - 1759766999.162836552 1759766999.180171728 0
Oct 6 16:09:59 standalone container-server[129709]: 172.20.0.100 - - [06/Oct/2025:16:09:59 +0000] "PUT /d1/123/AUTH_5ec2f863d8f54b06a96618816ae879f8/gnocchi.63e8a133-8d64-4f33-92c1-6fed4a360957/1759320000.0_mean_300.0_v3" 201 - "PUT http://172.18.0.2:8080/d1/574/AUTH_5ec2f863d8f54b06a96618816ae879f8/gnocchi.63e8a133-8d64-4f33-92c1-6fed4a360957/1759320000.0_mean_300.0_v3" "txcf16124a140a411289e67-0068e3e9d7" "object-server 21" 0.0008 "-" 22 0
Oct 6 16:09:59 standalone object-server[129947]: 172.20.0.100 - - [06/Oct/2025:16:09:59 +0000] "PUT /d1/574/AUTH_5ec2f863d8f54b06a96618816ae879f8/gnocchi.63e8a133-8d64-4f33-92c1-6fed4a360957/1759320000.0_mean_300.0_v3" 201 - "PUT http://172.18.0.2:8080/v1/AUTH_5ec2f863d8f54b06a96618816ae879f8/gnocchi.63e8a133-8d64-4f33-92c1-6fed4a360957/1759320000.0_mean_300.0_v3" "txcf16124a140a411289e67-0068e3e9d7" "proxy-server 20" 0.0105 "-" 21 0
Oct 6 16:09:59 standalone proxy-server[132048]: 172.18.0.2 172.18.0.100 06/Oct/2025/16/09/59 PUT /v1/AUTH_5ec2f863d8f54b06a96618816ae879f8/gnocchi.63e8a133-8d64-4f33-92c1-6fed4a360957/1759320000.0_mean_300.0_v3 HTTP/1.0 201 - python-swiftclient-3.11.1 gAAAAABo4-kstErZ... 16 - - txcf16124a140a411289e67-0068e3e9d7 - 0.0175 - - 1759766999.184030771 1759766999.201574802 0
Oct 6 16:09:59 standalone container-server[129700]: 172.20.0.100 - - [06/Oct/2025:16:09:59 +0000] "PUT /d1/273/AUTH_5ec2f863d8f54b06a96618816ae879f8/gnocchi.92c214ea-0034-4358-9b91-3baad1bbadd7/1759320000.0_mean_300.0_v3" 201 - "PUT http://172.18.0.2:8080/d1/25/AUTH_5ec2f863d8f54b06a96618816ae879f8/gnocchi.92c214ea-0034-4358-9b91-3baad1bbadd7/1759320000.0_mean_300.0_v3" "txd663061a1f9649b6ae364-0068e3e9d7" "object-server 21" 0.0012 "-" 21 0
Oct 6 16:09:59 standalone object-server[129947]: 172.20.0.100 - - [06/Oct/2025:16:09:59 +0000] "PUT /d1/25/AUTH_5ec2f863d8f54b06a96618816ae879f8/gnocchi.92c214ea-0034-4358-9b91-3baad1bbadd7/1759320000.0_mean_300.0_v3" 201 - "PUT http://172.18.0.2:8080/v1/AUTH_5ec2f863d8f54b06a96618816ae879f8/gnocchi.92c214ea-0034-4358-9b91-3baad1bbadd7/1759320000.0_mean_300.0_v3" "txd663061a1f9649b6ae364-0068e3e9d7" "proxy-server 20" 0.0115 "-" 21 0
Oct 6 16:09:59 standalone proxy-server[132048]: 172.18.0.2 172.18.0.100 06/Oct/2025/16/09/59 PUT /v1/AUTH_5ec2f863d8f54b06a96618816ae879f8/gnocchi.92c214ea-0034-4358-9b91-3baad1bbadd7/1759320000.0_mean_300.0_v3 HTTP/1.0 201 - python-swiftclient-3.11.1 gAAAAABo4-kstErZ... 16 - - txd663061a1f9649b6ae364-0068e3e9d7 - 0.0186 - - 1759766999.205309391 1759766999.223915815 0
Oct 6 16:09:59 standalone container-server[129710]: 172.20.0.100 - - [06/Oct/2025:16:09:59 +0000] "PUT /d1/641/AUTH_5ec2f863d8f54b06a96618816ae879f8/gnocchi.19e3ea08-01c0-4503-a051-98ebfd809e57/none_v3" 201 - "PUT http://172.18.0.2:8080/d1/531/AUTH_5ec2f863d8f54b06a96618816ae879f8/gnocchi.19e3ea08-01c0-4503-a051-98ebfd809e57/none_v3" "txf4c51ea09b174a83b26b1-0068e3e9d7" "object-server 19" 0.0010 "-" 23 0
Oct 6 16:09:59 standalone object-server[129942]: 172.20.0.100 - - [06/Oct/2025:16:09:59 +0000] "PUT /d1/531/AUTH_5ec2f863d8f54b06a96618816ae879f8/gnocchi.19e3ea08-01c0-4503-a051-98ebfd809e57/none_v3" 201 - "PUT http://172.18.0.2:8080/v1/AUTH_5ec2f863d8f54b06a96618816ae879f8/gnocchi.19e3ea08-01c0-4503-a051-98ebfd809e57/none_v3" "txf4c51ea09b174a83b26b1-0068e3e9d7" "proxy-server 20" 0.0146 "-" 19 0
Oct 6 16:09:59 standalone proxy-server[132048]: 172.18.0.2 172.18.0.100 06/Oct/2025/16/09/59 PUT /v1/AUTH_5ec2f863d8f54b06a96618816ae879f8/gnocchi.19e3ea08-01c0-4503-a051-98ebfd809e57/none_v3 HTTP/1.0 201 - python-swiftclient-3.11.1 gAAAAABo4-kstErZ... 22 - - txf4c51ea09b174a83b26b1-0068e3e9d7 - 0.0232 - - 1759766999.227750540 1759766999.250932693 0
Oct 6 16:09:59 standalone container-server[129710]: 172.20.0.100 - - [06/Oct/2025:16:09:59 +0000] "PUT /d1/123/AUTH_5ec2f863d8f54b06a96618816ae879f8/gnocchi.63e8a133-8d64-4f33-92c1-6fed4a360957/none_v3" 201 - "PUT http://172.18.0.2:8080/d1/1003/AUTH_5ec2f863d8f54b06a96618816ae879f8/gnocchi.63e8a133-8d64-4f33-92c1-6fed4a360957/none_v3" "tx9f5988d2bde54f99bd089-0068e3e9d7" "object-server 22" 0.0009 "-" 23 0
Oct 6 16:09:59 standalone object-server[129953]: 172.20.0.100 - - [06/Oct/2025:16:09:59 +0000] "PUT /d1/1003/AUTH_5ec2f863d8f54b06a96618816ae879f8/gnocchi.63e8a133-8d64-4f33-92c1-6fed4a360957/none_v3" 201 - "PUT http://172.18.0.2:8080/v1/AUTH_5ec2f863d8f54b06a96618816ae879f8/gnocchi.63e8a133-8d64-4f33-92c1-6fed4a360957/none_v3" "tx9f5988d2bde54f99bd089-0068e3e9d7" "proxy-server 20" 0.0125 "-" 22 0
Oct 6 16:09:59 standalone proxy-server[132048]: 172.18.0.2 172.18.0.100 06/Oct/2025/16/09/59 PUT /v1/AUTH_5ec2f863d8f54b06a96618816ae879f8/gnocchi.63e8a133-8d64-4f33-92c1-6fed4a360957/none_v3 HTTP/1.0 201 - python-swiftclient-3.11.1 gAAAAABo4-kstErZ... 22 - - tx9f5988d2bde54f99bd089-0068e3e9d7 - 0.0203 - - 1759766999.254382849 1759766999.274724960 0
Oct 6 16:09:59 standalone container-server[129694]: 172.20.0.100 - - [06/Oct/2025:16:09:59 +0000] "PUT /d1/273/AUTH_5ec2f863d8f54b06a96618816ae879f8/gnocchi.92c214ea-0034-4358-9b91-3baad1bbadd7/none_v3" 201 - "PUT http://172.18.0.2:8080/d1/107/AUTH_5ec2f863d8f54b06a96618816ae879f8/gnocchi.92c214ea-0034-4358-9b91-3baad1bbadd7/none_v3" "txd76c8db8dcab42f9b280c-0068e3e9d7" "object-server 22" 0.0011 "-" 20 0
Oct 6 16:09:59 standalone object-server[129953]: 172.20.0.100 - - [06/Oct/2025:16:09:59 +0000] "PUT /d1/107/AUTH_5ec2f863d8f54b06a96618816ae879f8/gnocchi.92c214ea-0034-4358-9b91-3baad1bbadd7/none_v3" 201 - "PUT http://172.18.0.2:8080/v1/AUTH_5ec2f863d8f54b06a96618816ae879f8/gnocchi.92c214ea-0034-4358-9b91-3baad1bbadd7/none_v3" "txd76c8db8dcab42f9b280c-0068e3e9d7" "proxy-server 20" 0.0139 "-" 22 0
