Nov 26 08:14:48 standalone proxy-server[130032]: 172.18.0.2 172.18.0.100 26/Nov/2025/08/14/48 GET /v1/AUTH_da08a65b703f4c80a14bf537805ad082/gnocchi.4aa350ae-b458-486d-9296-8e347a3cff4c%3Fformat%3Djson%26states%3Dlisting HTTP/1.0 200 - python-swiftclient-3.11.1 gAAAAABpJraJ59gu... - 2 - tx1621227110f34173874e0-006926b6f8 - 0.0280 - - 1764144888.582138777 1764144888.610143185 0
Nov 26 08:14:48 standalone object-server[128123]: 172.20.0.100 - - [26/Nov/2025:08:14:48 +0000] "GET /d1/563/AUTH_da08a65b703f4c80a14bf537805ad082/gnocchi.4aa350ae-b458-486d-9296-8e347a3cff4c/1763640000.0_mean_300.0_v3" 404 70 "GET http://172.18.0.2:8080/v1/AUTH_da08a65b703f4c80a14bf537805ad082/gnocchi.4aa350ae-b458-486d-9296-8e347a3cff4c/1763640000.0_mean_300.0_v3" "txf7254f99c37f41d392c6d-006926b6f8" "proxy-server 20" 0.0006 "-" 22 0
Nov 26 08:14:48 standalone proxy-server[130032]: 172.18.0.2 172.18.0.100 26/Nov/2025/08/14/48 GET /v1/AUTH_da08a65b703f4c80a14bf537805ad082/gnocchi.4aa350ae-b458-486d-9296-8e347a3cff4c/1763640000.0_mean_300.0_v3 HTTP/1.0 404 - python-swiftclient-3.11.1 gAAAAABpJraJ59gu... - 70 - txf7254f99c37f41d392c6d-006926b6f8 - 0.0073 - - 1764144888.615861654 1764144888.623201132 0
Nov 26 08:14:48 standalone container-server[127874]: 172.20.0.100 - - [26/Nov/2025:08:14:48 +0000] "PUT /d1/184/AUTH_da08a65b703f4c80a14bf537805ad082/gnocchi.4aa350ae-b458-486d-9296-8e347a3cff4c/1763640000.0_mean_300.0_v3" 201 - "PUT http://172.18.0.2:8080/d1/563/AUTH_da08a65b703f4c80a14bf537805ad082/gnocchi.4aa350ae-b458-486d-9296-8e347a3cff4c/1763640000.0_mean_300.0_v3" "tx8fd767ee83084894a9e56-006926b6f8" "object-server 23" 0.0006 "-" 23 0
Nov 26 08:14:48 standalone object-server[128128]: 172.20.0.100 - - [26/Nov/2025:08:14:48 +0000] "PUT /d1/563/AUTH_da08a65b703f4c80a14bf537805ad082/gnocchi.4aa350ae-b458-486d-9296-8e347a3cff4c/1763640000.0_mean_300.0_v3" 201 - "PUT http://172.18.0.2:8080/v1/AUTH_da08a65b703f4c80a14bf537805ad082/gnocchi.4aa350ae-b458-486d-9296-8e347a3cff4c/1763640000.0_mean_300.0_v3" "tx8fd767ee83084894a9e56-006926b6f8" "proxy-server 20" 0.0155 "-" 23 0
Nov 26 08:14:48 standalone proxy-server[130032]: 172.18.0.2 172.18.0.100 26/Nov/2025/08/14/48 PUT /v1/AUTH_da08a65b703f4c80a14bf537805ad082/gnocchi.4aa350ae-b458-486d-9296-8e347a3cff4c/1763640000.0_mean_300.0_v3 HTTP/1.0 201 - python-swiftclient-3.11.1 gAAAAABpJraJ59gu... 16 - - tx8fd767ee83084894a9e56-006926b6f8 - 0.0250 - - 1764144888.630265951 1764144888.655254126 0
Nov 26 08:14:48 standalone container-server[127854]: 172.20.0.100 - - [26/Nov/2025:08:14:48 +0000] "PUT /d1/184/AUTH_da08a65b703f4c80a14bf537805ad082/gnocchi.4aa350ae-b458-486d-9296-8e347a3cff4c/none_v3" 201 - "PUT http://172.18.0.2:8080/d1/57/AUTH_da08a65b703f4c80a14bf537805ad082/gnocchi.4aa350ae-b458-486d-9296-8e347a3cff4c/none_v3" "tx01b5d668e66c4e9a8be10-006926b6f8" "object-server 24" 0.0009 "-" 21 0
Nov 26 08:14:48 standalone object-server[128133]: 172.20.0.100 - - [26/Nov/2025:08:14:48 +0000] "PUT /d1/57/AUTH_da08a65b703f4c80a14bf537805ad082/gnocchi.4aa350ae-b458-486d-9296-8e347a3cff4c/none_v3" 201 - "PUT http://172.18.0.2:8080/v1/AUTH_da08a65b703f4c80a14bf537805ad082/gnocchi.4aa350ae-b458-486d-9296-8e347a3cff4c/none_v3" "tx01b5d668e66c4e9a8be10-006926b6f8" "proxy-server 20" 0.0114 "-" 24 0
Nov 26 08:14:48 standalone proxy-server[130032]: 172.18.0.2 172.18.0.100 26/Nov/2025/08/14/48 PUT /v1/AUTH_da08a65b703f4c80a14bf537805ad082/gnocchi.4aa350ae-b458-486d-9296-8e347a3cff4c/none_v3 HTTP/1.0 201 - python-swiftclient-3.11.1 gAAAAABpJraJ59gu... 22 - - tx01b5d668e66c4e9a8be10-006926b6f8 - 0.0187 - - 1764144888.659609556 1764144888.678283930 0
Nov 26 08:14:49 standalone object-server[128133]: 172.20.0.100 - - [26/Nov/2025:08:14:49 +0000] "GET /d1/57/AUTH_da08a65b703f4c80a14bf537805ad082/gnocchi.4aa350ae-b458-486d-9296-8e347a3cff4c/none_v3" 200 22 "GET http://172.18.0.2:8080/v1/AUTH_da08a65b703f4c80a14bf537805ad082/gnocchi.4aa350ae-b458-486d-9296-8e347a3cff4c/none_v3" "tx49fc7042de16451eb679d-006926b6f9" "proxy-server 20" 0.0009 "-" 24 0
Nov 26 08:14:49 standalone proxy-server[130032]: 172.18.0.2 172.18.0.100 26/Nov/2025/08/14/49 GET /v1/AUTH_da08a65b703f4c80a14bf537805ad082/gnocchi.4aa350ae-b458-486d-9296-8e347a3cff4c/none_v3 HTTP/1.0 200 - python-swiftclient-3.11.1 gAAAAABpJraJ59gu... - 22 - tx49fc7042de16451eb679d-006926b6f9 - 0.0082 - - 1764144889.358227253 1764144889.366389275 0
Nov 26 08:14:49 standalone container-server[127854]: 172.20.0.100 - - [26/Nov/2025:08:14:49 +0000] "GET /d1/184/AUTH_da08a65b703f4c80a14bf537805ad082/gnocchi.4aa350ae-b458-486d-9296-8e347a3cff4c" 200 357 "GET http://172.18.0.2:8080/v1/AUTH_da08a65b703f4c80a14bf537805ad082/gnocchi.4aa350ae-b458-486d-9296-8e347a3cff4c?format=json&states=listing" "tx8498998316584d5db1d0a-006926b6f9" "proxy-server 20" 0.0116 "-" 21 0
Nov 26 08:14:49 standalone proxy-server[130032]: 172.18.0.2 172.18.0.100 26/Nov/2025/08/14/49 GET /v1/AUTH_da08a65b703f4c80a14bf537805ad082/gnocchi.4aa350ae-b458-486d-9296-8e347a3cff4c%3Fformat%3Djson%26states%3Dlisting HTTP/1.0 200 - python-swiftclient-3.11.1 gAAAAABpJraJ59gu... - 357 - tx8498998316584d5db1d0a-006926b6f9 - 0.0183 - - 1764144889.372568130 1764144889.390888691 0
Nov 26 08:14:49 standalone container-server[127852]: 172.20.0.100 - - [26/Nov/2025:08:14:49 +0000] "GET /d1/184/AUTH_da08a65b703f4c80a14bf537805ad082/gnocchi.4aa350ae-b458-486d-9296-8e347a3cff4c" 200 2 "GET http://172.18.0.2:8080/v1/AUTH_da08a65b703f4c80a14bf537805ad082/gnocchi.4aa350ae-b458-486d-9296-8e347a3cff4c?format=json&marker=none_v3&states=listing" "tx71ed8ecdf97347108807f-006926b6f9" "proxy-server 20" 0.0045 "-" 20 0
Nov 26 08:14:49 standalone proxy-server[130032]: 172.18.0.2 172.18.0.100 26/Nov/2025/08/14/49 GET /v1/AUTH_da08a65b703f4c80a14bf537805ad082/gnocchi.4aa350ae-b458-486d-9296-8e347a3cff4c%3Fformat%3Djson%26marker%3Dnone_v3%26states%3Dlisting HTTP/1.0 200 - python-swiftclient-3.11.1 gAAAAABpJraJ59gu... - 2 - tx71ed8ecdf97347108807f-006926b6f9 - 0.0119 - - 1764144889.394891024 1764144889.406823397 0
Nov 26 08:14:49 standalone object-server[128128]: 172.20.0.100 - - [26/Nov/2025:08:14:49 +0000] "GET /d1/563/AUTH_da08a65b703f4c80a14bf537805ad082/gnocchi.4aa350ae-b458-486d-9296-8e347a3cff4c/1763640000.0_mean_300.0_v3" 200 16 "GET http://172.18.0.2:8080/v1/AUTH_da08a65b703f4c80a14bf537805ad082/gnocchi.4aa350ae-b458-486d-9296-8e347a3cff4c/1763640000.0_mean_300.0_v3" "tx6d8f1444b7d84e0c9b14c-006926b6f9" "proxy-server 20" 0.0013 "-" 23 0
Nov 26 08:14:49 standalone proxy-server[130032]: 172.18.0.2 172.18.0.100 26/Nov/2025/08/14/49 GET /v1/AUTH_da08a65b703f4c80a14bf537805ad082/gnocchi.4aa350ae-b458-486d-9296-8e347a3cff4c/1763640000.0_mean_300.0_v3 HTTP/1.0 200 - python-swiftclient-3.11.1 gAAAAABpJraJ59gu... - 16 - tx6d8f1444b7d84e0c9b14c-006926b6f9 - 0.0114 - - 1764144889.413169622 1764144889.424617290 0
Nov 26 08:14:49 standalone container-server[127852]: 172.20.0.100 - - [26/Nov/2025:08:14:49 +0000] "PUT /d1/184/AUTH_da08a65b703f4c80a14bf537805ad082/gnocchi.4aa350ae-b458-486d-9296-8e347a3cff4c/1763640000.0_mean_300.0_v3" 201 - "PUT http://172.18.0.2:8080/d1/563/AUTH_da08a65b703f4c80a14bf537805ad082/gnocchi.4aa350ae-b458-486d-9296-8e347a3cff4c/1763640000.0_mean_300.0_v3" "txd659ff68e8954d108229b-006926b6f9" "object-server 22" 0.0009 "-" 20 0
Nov 26 08:14:49 standalone object-server[128123]: 172.20.0.100 - - [26/Nov/2025:08:14:49 +0000] "PUT /d1/563/AUTH_da08a65b703f4c80a14bf537805ad082/gnocchi.4aa350ae-b458-486d-9296-8e347a3cff4c/1763640000.0_mean_300.0_v3" 201 - "PUT http://172.18.0.2:8080/v1/AUTH_da08a65b703f4c80a14bf537805ad082/gnocchi.4aa350ae-b458-486d-9296-8e347a3cff4c/1763640000.0_mean_300.0_v3" "txd659ff68e8954d108229b-006926b6f9" "proxy-server 20" 0.0129 "-" 22 0
Nov 26 08:14:49 standalone proxy-server[130032]: 172.18.0.2 172.18.0.100 26/Nov/2025/08/14/49 PUT /v1/AUTH_da08a65b703f4c80a14bf537805ad082/gnocchi.4aa350ae-b458-486d-9296-8e347a3cff4c/1763640000.0_mean_300.0_v3 HTTP/1.0 201 - python-swiftclient-3.11.1 gAAAAABpJraJ59gu... 16 - - txd659ff68e8954d108229b-006926b6f9 - 0.0197 - - 1764144889.432283878 1764144889.451994896 0
Nov 26 08:14:49 standalone container-server[127852]: 172.20.0.100 - - [26/Nov/2025:08:14:49 +0000] "PUT /d1/184/AUTH_da08a65b703f4c80a14bf537805ad082/gnocchi.4aa350ae-b458-486d-9296-8e347a3cff4c/none_v3" 201 - "PUT http://172.18.0.2:8080/d1/57/AUTH_da08a65b703f4c80a14bf537805ad082/gnocchi.4aa350ae-b458-486d-9296-8e347a3cff4c/none_v3" "txb7318f39594646f59269d-006926b6f9" "object-server 25" 0.0007 "-" 20 0
Nov 26 08:14:49 standalone object-server[128134]: 172.20.0.100 - - [26/Nov/2025:08:14:49 +0000] "PUT /d1/57/AUTH_da08a65b703f4c80a14bf537805ad082/gnocchi.4aa350ae-b458-486d-9296-8e347a3cff4c/none_v3" 201 - "PUT http://172.18.0.2:8080/v1/AUTH_da08a65b703f4c80a14bf537805ad082/gnocchi.4aa350ae-b458-486d-9296-8e347a3cff4c/none_v3" "txb7318f39594646f59269d-006926b6f9" "proxy-server 20" 0.0119 "-" 25 0
Nov 26 08:14:49 standalone proxy-server[130032]: 172.18.0.2 172.18.0.100 26/Nov/2025/08/14/49 PUT /v1/AUTH_da08a65b703f4c80a14bf537805ad082/gnocchi.4aa350ae-b458-486d-9296-8e347a3cff4c/none_v3 HTTP/1.0 201 - python-swiftclient-3.11.1 gAAAAABpJraJ59gu... 31 - - txb7318f39594646f59269d-006926b6f9 - 0.0192 - - 1764144889.455596209 1764144889.474767208 0
Nov 26 08:14:57 standalone object-server[128134]: 172.20.0.100 - - [26/Nov/2025:08:14:57 +0000] "GET /d1/771/AUTH_da08a65b703f4c80a14bf537805ad082/gnocchi.a2e5c383-115b-47cc-b4b7-48d2ab623ea6/none_v3" 200 32 "GET http://172.18.0.2:8080/v1/AUTH_da08a65b703f4c80a14bf537805ad082/gnocchi.a2e5c383-115b-47cc-b4b7-48d2ab623ea6/none_v3" "tx9bb27647de4c40f2a5227-006926b701" "proxy-server 20" 0.0011 "-" 25 0
Nov 26 08:14:57 standalone proxy-server[130032]: 172.18.0.2 172.18.0.100 26/Nov/2025/08/14/57 GET /v1/AUTH_da08a65b703f4c80a14bf537805ad082/gnocchi.a2e5c383-115b-47cc-b4b7-48d2ab623ea6/none_v3 HTTP/1.0 200 - python-swiftclient-3.11.1 gAAAAABpJraJ59gu... - 32 - tx9bb27647de4c40f2a5227-006926b701 - 0.0081 - - 1764144897.990091324 1764144897.998155117 0
Nov 26 08:14:58 standalone container-server[127874]: 172.20.0.100 - - [26/Nov/2025:08:14:58 +0000] "GET /d1/182/AUTH_da08a65b703f4c80a14bf537805ad082/gnocchi.a2e5c383-115b-47cc-b4b7-48d2ab623ea6" 200 357 "GET http://172.18.0.2:8080/v1/AUTH_da08a65b703f4c80a14bf537805ad082/gnocchi.a2e5c383-115b-47cc-b4b7-48d2ab623ea6?format=json&states=listing" "tx1b6a94a1311b42029d6c8-006926b702" "proxy-server 20" 0.0100 "-" 23 0
Nov 26 08:14:58 standalone proxy-server[130032]: 172.18.0.2 172.18.0.100 26/Nov/2025/08/14/58 GET /v1/AUTH_da08a65b703f4c80a14bf537805ad082/gnocchi.a2e5c383-115b-47cc-b4b7-48d2ab623ea6%3Fformat%3Djson%26states%3Dlisting HTTP/1.0 200 - python-swiftclient-3.11.1 gAAAAABpJraJ59gu... - 357 - tx1b6a94a1311b42029d6c8-006926b702 - 0.0170 - - 1764144898.001133204 1764144898.018110037 0
Nov 26 08:14:58 standalone container-server[127852]: 172.20.0.100 - - [26/Nov/2025:08:14:58 +0000] "GET /d1/182/AUTH_da08a65b703f4c80a14bf537805ad082/gnocchi.a2e5c383-115b-47cc-b4b7-48d2ab623ea6" 200 2 "GET http://172.18.0.2:8080/v1/AUTH_da08a65b703f4c80a14bf537805ad082/gnocchi.a2e5c383-115b-47cc-b4b7-48d2ab623ea6?format=json&marker=none_v3&states=listing" "tx613c675e04454f36998ab-006926b702" "proxy-server 20" 0.0034 "-" 20 0
Nov 26 08:14:58 standalone proxy-server[130032]: 172.18.0.2 172.18.0.100 26/Nov/2025/08/14/58 GET /v1/AUTH_da08a65b703f4c80a14bf537805ad082/gnocchi.a2e5c383-115b-47cc-b4b7-48d2ab623ea6%3Fformat%3Djson%26marker%3Dnone_v3%26states%3Dlisting HTTP/1.0 200 - python-swiftclient-3.11.1 gAAAAABpJraJ59gu... - 2 - tx613c675e04454f36998ab-006926b702 - 0.0103 - - 1764144898.020329952 1764144898.030602694 0
Nov 26 08:14:58 standalone object-server[128128]: 172.20.0.100 - - [26/Nov/2025:08:14:58 +0000] "GET /d1/871/AUTH_da08a65b703f4c80a14bf537805ad082/gnocchi.a2e5c383-115b-47cc-b4b7-48d2ab623ea6/1763640000.0_mean_300.0_v3" 200 16 "GET http://172.18.0.2:8080/v1/AUTH_da08a65b703f4c80a14bf537805ad082/gnocchi.a2e5c383-115b-47cc-b4b7-48d2ab623ea6/1763640000.0_mean_300.0_v3" "txc80c8879617b4760b0102-006926b702" "proxy-server 20" 0.0009 "-" 23 0
Nov 26 08:14:58 standalone proxy-server[130032]: 172.18.0.2 172.18.0.100 26/Nov/2025/08/14/58 GET /v1/AUTH_da08a65b703f4c80a14bf537805ad082/gnocchi.a2e5c383-115b-47cc-b4b7-48d2ab623ea6/1763640000.0_mean_300.0_v3 HTTP/1.0 200 - python-swiftclient-3.11.1 gAAAAABpJraJ59gu... - 16 - txc80c8879617b4760b0102-006926b702 - 0.0074 - - 1764144898.036115408 1764144898.043562174 0
Nov 26 08:14:58 standalone container-server[127854]: 172.20.0.100 - - [26/Nov/2025:08:14:58 +0000] "PUT /d1/182/AUTH_da08a65b703f4c80a14bf537805ad082/gnocchi.a2e5c383-115b-47cc-b4b7-48d2ab623ea6/1763640000.0_mean_300.0_v3" 201 - "PUT http://172.18.0.2:8080/d1/871/AUTH_da08a65b703f4c80a14bf537805ad082/gnocchi.a2e5c383-115b-47cc-b4b7-48d2ab623ea6/1763640000.0_mean_300.0_v3" "tx819dbd3563e54f9083ef6-006926b702" "object-server 22" 0.0004 "-" 21 0
Nov 26 08:14:58 standalone object-server[128123]: 172.20.0.100 - - [26/Nov/2025:08:14:58 +0000] "PUT /d1/871/AUTH_da08a65b703f4c80a14bf537805ad082/gnocchi.a2e5c383-115b-47cc-b4b7-48d2ab623ea6/1763640000.0_mean_300.0_v3" 201 - "PUT http://172.18.0.2:8080/v1/AUTH_da08a65b703f4c80a14bf537805ad082/gnocchi.a2e5c383-115b-47cc-b4b7-48d2ab623ea6/1763640000.0_mean_300.0_v3" "tx819dbd3563e54f9083ef6-006926b702" "proxy-server 20" 0.0106 "-" 22 0
Nov 26 08:14:58 standalone proxy-server[130032]: 172.18.0.2 172.18.0.100 26/Nov/2025/08/14/58 PUT /v1/AUTH_da08a65b703f4c80a14bf537805ad082/gnocchi.a2e5c383-115b-47cc-b4b7-48d2ab623ea6/1763640000.0_mean_300.0_v3 HTTP/1.0 201 - python-swiftclient-3.11.1 gAAAAABpJraJ59gu... 16 - - tx819dbd3563e54f9083ef6-006926b702 - 0.0161 - - 1764144898.047879457 1764144898.063993454 0
Nov 26 08:14:58 standalone container-server[127874]: 172.20.0.100 - - [26/Nov/2025:08:14:58 +0000] "PUT /d1/182/AUTH_da08a65b703f4c80a14bf537805ad082/gnocchi.a2e5c383-115b-47cc-b4b7-48d2ab623ea6/none_v3" 201 - "PUT http://172.18.0.2:8080/d1/771/AUTH_da08a65b703f4c80a14bf537805ad082/gnocchi.a2e5c383-115b-47cc-b4b7-48d2ab623ea6/none_v3" "tx46c2f56d61ce4aa2ad7bd-006926b702" "object-server 24" 0.0005 "-" 23 0
Nov 26 08:14:58 standalone object-server[128133]: 172.20.0.100 - - [26/Nov/2025:08:14:58 +0000] "PUT /d1/771/AUTH_da08a65b703f4c80a14bf537805ad082/gnocchi.a2e5c383-115b-47cc-b4b7-48d2ab623ea6/none_v3" 201 - "PUT http://172.18.0.2:8080/v1/AUTH_da08a65b703f4c80a14bf537805ad082/gnocchi.a2e5c383-115b-47cc-b4b7-48d2ab623ea6/none_v3" "tx46c2f56d61ce4aa2ad7bd-006926b702" "proxy-server 20" 0.0104 "-" 24 0
Nov 26 08:14:58 standalone proxy-server[130032]: 172.18.0.2 172.18.0.100 26/Nov/2025/08/14/58 PUT /v1/AUTH_da08a65b703f4c80a14bf537805ad082/gnocchi.a2e5c383-115b-47cc-b4b7-48d2ab623ea6/none_v3 HTTP/1.0 201 - python-swiftclient-3.11.1 gAAAAABpJraJ59gu... 46 - - tx46c2f56d61ce4aa2ad7bd-006926b702 - 0.0152 - - 1764144898.067911386 1764144898.083105803 0
Nov 26 08:14:58 standalone account-server[127855]: 172.20.0.100 - - [26/Nov/2025:08:14:58 +0000] "HEAD /d1/746/AUTH_da08a65b703f4c80a14bf537805ad082" 204 - "HEAD http://172.18.0.2:8080/v1/AUTH_da08a65b703f4c80a14bf537805ad082?format=json" "tx055bcd6c01ea41f5928c4-006926b702" "proxy-server 20" 0.0103 "-" 22 -
Nov 26 08:14:58 standalone proxy-server[130032]: - - 26/Nov/2025/08/14/58 HEAD /v1/AUTH_da08a65b703f4c80a14bf537805ad082%3Fformat%3Djson HTTP/1.0 204 - Swift - - - - tx055bcd6c01ea41f5928c4-006926b702 - 0.0159 RL - 1764144898.957228184 1764144898.973125219 -
Nov 26 08:14:58 standalone object-server[128128]: 172.20.0.100 - - [26/Nov/2025:08:14:58 +0000] "GET /d1/771/AUTH_da08a65b703f4c80a14bf537805ad082/gnocchi.a2e5c383-115b-47cc-b4b7-48d2ab623ea6/none_v3" 200 46 "GET http://172.18.0.2:8080/v1/AUTH_da08a65b703f4c80a14bf537805ad082/gnocchi.a2e5c383-115b-47cc-b4b7-48d2ab623ea6/none_v3" "tx055bcd6c01ea41f5928c4-006926b702" "proxy-server 20" 0.0018 "-" 23 0
Nov 26 08:14:58 standalone proxy-server[130032]: 172.18.0.2 172.18.0.100 26/Nov/2025/08/14/58 GET /v1/AUTH_da08a65b703f4c80a14bf537805ad082/gnocchi.a2e5c383-115b-47cc-b4b7-48d2ab623ea6/none_v3 HTTP/1.0 200 - python-swiftclient-3.11.1 gAAAAABpJraJ59gu... - 46 - tx055bcd6c01ea41f5928c4-006926b702 - 0.0280 - - 1764144898.955810070 1764144898.983820438 0
Nov 26 08:14:59 standalone container-server[127862]: 172.20.0.100 - - [26/Nov/2025:08:14:59 +0000] "GET /d1/182/AUTH_da08a65b703f4c80a14bf537805ad082/gnocchi.a2e5c383-115b-47cc-b4b7-48d2ab623ea6" 200 357 "GET http://172.18.0.2:8080/v1/AUTH_da08a65b703f4c80a14bf537805ad082/gnocchi.a2e5c383-115b-47cc-b4b7-48d2ab623ea6?format=json&states=listing" "txe1a423b6bd6f4ad98ac7b-006926b702" "proxy-server 20" 0.0203 "-" 22 0
Nov 26 08:14:59 standalone proxy-server[130032]: 172.18.0.2 172.18.0.100 26/Nov/2025/08/14/59 GET /v1/AUTH_da08a65b703f4c80a14bf537805ad082/gnocchi.a2e5c383-115b-47cc-b4b7-48d2ab623ea6%3Fformat%3Djson%26states%3Dlisting HTTP/1.0 200 - python-swiftclient-3.11.1 gAAAAABpJraJ59gu... - 357 - txe1a423b6bd6f4ad98ac7b-006926b702 - 0.0307 - - 1764144898.990180016 1764144899.020865679 0
Nov 26 08:14:59 standalone container-server[127862]: 172.20.0.100 - - [26/Nov/2025:08:14:59 +0000] "GET /d1/182/AUTH_da08a65b703f4c80a14bf537805ad082/gnocchi.a2e5c383-115b-47cc-b4b7-48d2ab623ea6" 200 2 "GET http://172.18.0.2:8080/v1/AUTH_da08a65b703f4c80a14bf537805ad082/gnocchi.a2e5c383-115b-47cc-b4b7-48d2ab623ea6?format=json&marker=none_v3&states=listing" "tx6b279d581e5542efbdaa1-006926b703" "proxy-server 20" 0.0036 "-" 22 0
Nov 26 08:14:59 standalone proxy-server[130032]: 172.18.0.2 172.18.0.100 26/Nov/2025/08/14/59 GET /v1/AUTH_da08a65b703f4c80a14bf537805ad082/gnocchi.a2e5c383-115b-47cc-b4b7-48d2ab623ea6%3Fformat%3Djson%26marker%3Dnone_v3%26states%3Dlisting HTTP/1.0 200 - python-swiftclient-3.11.1 gAAAAABpJraJ59gu... - 2 - tx6b279d581e5542efbdaa1-006926b703 - 0.0139 - - 1764144899.025544167 1764144899.039492130 0
Nov 26 08:14:59 standalone object-server[128128]: 172.20.0.100 - - [26/Nov/2025:08:14:59 +0000] "GET /d1/871/AUTH_da08a65b703f4c80a14bf537805ad082/gnocchi.a2e5c383-115b-47cc-b4b7-48d2ab623ea6/1763640000.0_mean_300.0_v3" 200 16 "GET http://172.18.0.2:8080/v1/AUTH_da08a65b703f4c80a14bf537805ad082/gnocchi.a2e5c383-115b-47cc-b4b7-48d2ab623ea6/1763640000.0_mean_300.0_v3" "tx90684b3a6e284a1fb2a08-006926b703" "proxy-server 20" 0.0007 "-" 23 0
Nov 26 08:14:59 standalone proxy-server[130032]: 172.18.0.2 172.18.0.100 26/Nov/2025/08/14/59 GET /v1/AUTH_da08a65b703f4c80a14bf537805ad082/gnocchi.a2e5c383-115b-47cc-b4b7-48d2ab623ea6/1763640000.0_mean_300.0_v3 HTTP/1.0 200 - python-swiftclient-3.11.1 gAAAAABpJraJ59gu... - 16 - tx90684b3a6e284a1fb2a08-006926b703 - 0.0065 - - 1764144899.043491125 1764144899.050009251 0
Nov 26 08:14:59 standalone container-server[127852]: 172.20.0.100 - - [26/Nov/2025:08:14:59 +0000] "PUT /d1/182/AUTH_da08a65b703f4c80a14bf537805ad082/gnocchi.a2e5c383-115b-47cc-b4b7-48d2ab623ea6/1763640000.0_mean_300.0_v3" 201 - "PUT http://172.18.0.2:8080/d1/871/AUTH_da08a65b703f4c80a14bf537805ad082/gnocchi.a2e5c383-115b-47cc-b4b7-48d2ab623ea6/1763640000.0_mean_300.0_v3" "tx8b6ee6ad66ea4cd1881c0-006926b703" "object-server 23" 0.0007 "-" 20 0
Nov 26 08:14:59 standalone object-server[128128]: 172.20.0.100 - - [26/Nov/2025:08:14:59 +0000] "PUT /d1/871/AUTH_da08a65b703f4c80a14bf537805ad082/gnocchi.a2e5c383-115b-47cc-b4b7-48d2ab623ea6/1763640000.0_mean_300.0_v3" 201 - "PUT http://172.18.0.2:8080/v1/AUTH_da08a65b703f4c80a14bf537805ad082/gnocchi.a2e5c383-115b-47cc-b4b7-48d2ab623ea6/1763640000.0_mean_300.0_v3" "tx8b6ee6ad66ea4cd1881c0-006926b703" "proxy-server 20" 0.0145 "-" 23 0
Nov 26 08:14:59 standalone proxy-server[130032]: 172.18.0.2 172.18.0.100 26/Nov/2025/08/14/59 PUT /v1/AUTH_da08a65b703f4c80a14bf537805ad082/gnocchi.a2e5c383-115b-47cc-b4b7-48d2ab623ea6/1763640000.0_mean_300.0_v3 HTTP/1.0 201 - python-swiftclient-3.11.1 gAAAAABpJraJ59gu... 16 - - tx8b6ee6ad66ea4cd1881c0-006926b703 - 0.0217 - - 1764144899.054190159 1764144899.075901270 0
Nov 26 08:14:59 standalone container-server[127852]: 172.20.0.100 - - [26/Nov/2025:08:14:59 +0000] "PUT /d1/182/AUTH_da08a65b703f4c80a14bf537805ad082/gnocchi.a2e5c383-115b-47cc-b4b7-48d2ab623ea6/none_v3" 201 - "PUT http://172.18.0.2:8080/d1/771/AUTH_da08a65b703f4c80a14bf537805ad082/gnocchi.a2e5c383-115b-47cc-b4b7-48d2ab623ea6/none_v3" "tx5bae6dffb8dd435e92a2d-006926b703" "object-server 22" 0.0004 "-" 20 0
Nov 26 08:14:59 standalone object-server[128123]: 172.20.0.100 - - [26/Nov/2025:08:14:59 +0000] "PUT /d1/771/AUTH_da08a65b703f4c80a14bf537805ad082/gnocchi.a2e5c383-115b-47cc-b4b7-48d2ab623ea6/none_v3" 201 - "PUT http://172.18.0.2:8080/v1/AUTH_da08a65b703f4c80a14bf537805ad082/gnocchi.a2e5c383-115b-47cc-b4b7-48d2ab623ea6/none_v3" "tx5bae6dffb8dd435e92a2d-006926b703" "proxy-server 20" 0.0189 "-" 22 0
Nov 26 08:14:59 standalone proxy-server[130032]: 172.18.0.2 172.18.0.100 26/Nov/2025/08/14/59 PUT /v1/AUTH_da08a65b703f4c80a14bf537805ad082/gnocchi.a2e5c383-115b-47cc-b4b7-48d2ab623ea6/none_v3 HTTP/1.0 201 - python-swiftclient-3.11.1 gAAAAABpJraJ59gu... 51 - - tx5bae6dffb8dd435e92a2d-006926b703 - 0.0240 - - 1764144899.079945564 1764144899.103990078 0
Nov 26 08:14:59 standalone object-server[128123]: 172.20.0.100 - - [26/Nov/2025:08:14:59 +0000] "GET /d1/619/AUTH_da08a65b703f4c80a14bf537805ad082/gnocchi.11022504-8542-4daf-8dcb-7c545738277d/none_v3" 200 22 "GET http://172.18.0.2:8080/v1/AUTH_da08a65b703f4c80a14bf537805ad082/gnocchi.11022504-8542-4daf-8dcb-7c545738277d/none_v3" "txfb6ab7b17089415b86197-006926b703" "proxy-server 20" 0.0008 "-" 22 0
Nov 26 08:14:59 standalone proxy-server[130032]: 172.18.0.2 172.18.0.100 26/Nov/2025/08/14/59 GET /v1/AUTH_da08a65b703f4c80a14bf537805ad082/gnocchi.11022504-8542-4daf-8dcb-7c545738277d/none_v3 HTTP/1.0 200 - python-swiftclient-3.11.1 gAAAAABpJraJ59gu... - 22 - txfb6ab7b17089415b86197-006926b703 - 0.0070 - - 1764144899.112038136 1764144899.119026661 0
Nov 26 08:14:59 standalone container-server[127854]: 172.20.0.100 - - [26/Nov/2025:08:14:59 +0000] "GET /d1/201/AUTH_da08a65b703f4c80a14bf537805ad082/gnocchi.11022504-8542-4daf-8dcb-7c545738277d" 200 357 "GET http://172.18.0.2:8080/v1/AUTH_da08a65b703f4c80a14bf537805ad082/gnocchi.11022504-8542-4daf-8dcb-7c545738277d?format=json&states=listing" "tx0a3040946a6e469b8c55a-006926b703" "proxy-server 20" 0.0086 "-" 21 0
Nov 26 08:14:59 standalone proxy-server[130032]: 172.18.0.2 172.18.0.100 26/Nov/2025/08/14/59 GET /v1/AUTH_da08a65b703f4c80a14bf537805ad082/gnocchi.11022504-8542-4daf-8dcb-7c545738277d%3Fformat%3Djson%26states%3Dlisting HTTP/1.0 200 - python-swiftclient-3.11.1 gAAAAABpJraJ59gu... - 357 - tx0a3040946a6e469b8c55a-006926b703 - 0.0159 - - 1764144899.123455286 1764144899.139308691 0
Nov 26 08:14:59 standalone container-server[127852]: 172.20.0.100 - - [26/Nov/2025:08:14:59 +0000] "GET /d1/201/AUTH_da08a65b703f4c80a14bf537805ad082/gnocchi.11022504-8542-4daf-8dcb-7c545738277d" 200 2 "GET http://172.18.0.2:8080/v1/AUTH_da08a65b703f4c80a14bf537805ad082/gnocchi.11022504-8542-4daf-8dcb-7c545738277d?format=json&marker=none_v3&states=listing" "tx3e49533f97d94543abfc5-006926b703" "proxy-server 20" 0.0024 "-" 20 0
Nov 26 08:14:59 standalone proxy-server[130032]: 172.18.0.2 172.18.0.100 26/Nov/2025/08/14/59 GET /v1/AUTH_da08a65b703f4c80a14bf537805ad082/gnocchi.11022504-8542-4daf-8dcb-7c545738277d%3Fformat%3Djson%26marker%3Dnone_v3%26states%3Dlisting HTTP/1.0 200 - python-swiftclient-3.11.1 gAAAAABpJraJ59gu... - 2 - tx3e49533f97d94543abfc5-006926b703 - 0.0080 - - 1764144899.141783714 1764144899.149805069 0
Nov 26 08:14:59 standalone object-server[128123]: 172.20.0.100 - - [26/Nov/2025:08:14:59 +0000] "GET /d1/733/AUTH_da08a65b703f4c80a14bf537805ad082/gnocchi.11022504-8542-4daf-8dcb-7c545738277d/1763640000.0_mean_300.0_v3" 200 16 "GET http://172.18.0.2:8080/v1/AUTH_da08a65b703f4c80a14bf537805ad082/gnocchi.11022504-8542-4daf-8dcb-7c545738277d/1763640000.0_mean_300.0_v3" "txfe19d7e320f04a0397fe4-006926b703" "proxy-server 20" 0.0009 "-" 22 0
Nov 26 08:14:59 standalone proxy-server[130032]: 172.18.0.2 172.18.0.100 26/Nov/2025/08/14/59 GET /v1/AUTH_da08a65b703f4c80a14bf537805ad082/gnocchi.11022504-8542-4daf-8dcb-7c545738277d/1763640000.0_mean_300.0_v3 HTTP/1.0 200 - python-swiftclient-3.11.1 gAAAAABpJraJ59gu... - 16 - txfe19d7e320f04a0397fe4-006926b703 - 0.0092 - - 1764144899.152370453 1764144899.161576748 0
Nov 26 08:14:59 standalone container-server[127874]: 172.20.0.100 - - [26/Nov/2025:08:14:59 +0000] "PUT /d1/201/AUTH_da08a65b703f4c80a14bf537805ad082/gnocchi.11022504-8542-4daf-8dcb-7c545738277d/1763640000.0_mean_300.0_v3" 201 - "PUT http://172.18.0.2:8080/d1/733/AUTH_da08a65b703f4c80a14bf537805ad082/gnocchi.11022504-8542-4daf-8dcb-7c545738277d/1763640000.0_mean_300.0_v3" "tx37ed500b49a6449a84f6a-006926b703" "object-server 23" 0.0010 "-" 23 0
Nov 26 08:14:59 standalone object-server[128128]: 172.20.0.100 - - [26/Nov/2025:08:14:59 +0000] "PUT /d1/733/AUTH_da08a65b703f4c80a14bf537805ad082/gnocchi.11022504-8542-4daf-8dcb-7c545738277d/1763640000.0_mean_300.0_v3" 201 - "PUT http://172.18.0.2:8080/v1/AUTH_da08a65b703f4c80a14bf537805ad082/gnocchi.11022504-8542-4daf-8dcb-7c545738277d/1763640000.0_mean_300.0_v3" "tx37ed500b49a6449a84f6a-006926b703" "proxy-server 20" 0.0099 "-" 23 0
Nov 26 08:14:59 standalone proxy-server[130032]: 172.18.0.2 172.18.0.100 26/Nov/2025/08/14/59 PUT /v1/AUTH_da08a65b703f4c80a14bf537805ad082/gnocchi.11022504-8542-4daf-8dcb-7c545738277d/1763640000.0_mean_300.0_v3 HTTP/1.0 201 - python-swiftclient-3.11.1 gAAAAABpJraJ59gu... 16 - - tx37ed500b49a6449a84f6a-006926b703 - 0.0147 - - 1764144899.163654804 1764144899.178358078 0
Nov 26 08:14:59 standalone container-server[127862]: 172.20.0.100 - - [26/Nov/2025:08:14:59 +0000] "PUT /d1/201/AUTH_da08a65b703f4c80a14bf537805ad082/gnocchi.11022504-8542-4daf-8dcb-7c545738277d/none_v3" 201 - "PUT http://172.18.0.2:8080/d1/619/AUTH_da08a65b703f4c80a14bf537805ad082/gnocchi.11022504-8542-4daf-8dcb-7c545738277d/none_v3" "txca546d53026c48ad9a12f-006926b703" "object-server 25" 0.0007 "-" 22 0
Nov 26 08:14:59 standalone object-server[128134]: 172.20.0.100 - - [26/Nov/2025:08:14:59 +0000] "PUT /d1/619/AUTH_da08a65b703f4c80a14bf537805ad082/gnocchi.11022504-8542-4daf-8dcb-7c545738277d/none_v3" 201 - "PUT http://172.18.0.2:8080/v1/AUTH_da08a65b703f4c80a14bf537805ad082/gnocchi.11022504-8542-4daf-8dcb-7c545738277d/none_v3" "txca546d53026c48ad9a12f-006926b703" "proxy-server 20" 0.0094 "-" 25 0
Nov 26 08:14:59 standalone proxy-server[130032]: 172.18.0.2 172.18.0.100 26/Nov/2025/08/14/59 PUT /v1/AUTH_da08a65b703f4c80a14bf537805ad082/gnocchi.11022504-8542-4daf-8dcb-7c545738277d/none_v3 HTTP/1.0 201 - python-swiftclient-3.11.1 gAAAAABpJraJ59gu... 32 - - txca546d53026c48ad9a12f-006926b703 - 0.0145 - - 1764144899.180420637 1764144899.194901466 0
Nov 26 08:14:59 standalone object-server[128133]: 172.20.0.100 - - [26/Nov/2025:08:14:59 +0000] "GET /d1/179/AUTH_da08a65b703f4c80a14bf537805ad082/gnocchi.ae33646f-df1f-47c3-b382-d518ff0c25a9/none_v3" 200 22 "GET http://172.18.0.2:8080/v1/AUTH_da08a65b703f4c80a14bf537805ad082/gnocchi.ae33646f-df1f-47c3-b382-d518ff0c25a9/none_v3" "tx80a94b4831f04e29a57da-006926b703" "proxy-server 20" 0.0007 "-" 24 0
Nov 26 08:14:59 standalone proxy-server[130032]: 172.18.0.2 172.18.0.100 26/Nov/2025/08/14/59 GET /v1/AUTH_da08a65b703f4c80a14bf537805ad082/gnocchi.ae33646f-df1f-47c3-b382-d518ff0c25a9/none_v3 HTTP/1.0 200 - python-swiftclient-3.11.1 gAAAAABpJraJ59gu... - 22 - tx80a94b4831f04e29a57da-006926b703 - 0.0061 - - 1764144899.201456785 1764144899.207582474 0
Nov 26 08:14:59 standalone container-server[127862]: 172.20.0.100 - - [26/Nov/2025:08:14:59 +0000] "GET /d1/109/AUTH_da08a65b703f4c80a14bf537805ad082/gnocchi.ae33646f-df1f-47c3-b382-d518ff0c25a9" 200 357 "GET http://172.18.0.2:8080/v1/AUTH_da08a65b703f4c80a14bf537805ad082/gnocchi.ae33646f-df1f-47c3-b382-d518ff0c25a9?format=json&states=listing" "tx0aab18522eda46cb96ae0-006926b703" "proxy-server 20" 0.0088 "-" 22 0
Nov 26 08:14:59 standalone proxy-server[130032]: 172.18.0.2 172.18.0.100 26/Nov/2025/08/14/59 GET /v1/AUTH_da08a65b703f4c80a14bf537805ad082/gnocchi.ae33646f-df1f-47c3-b382-d518ff0c25a9%3Fformat%3Djson%26states%3Dlisting HTTP/1.0 200 - python-swiftclient-3.11.1 gAAAAABpJraJ59gu... - 357 - tx0aab18522eda46cb96ae0-006926b703 - 0.0145 - - 1764144899.210086823 1764144899.224599600 0
Nov 26 08:14:59 standalone container-server[127854]: 172.20.0.100 - - [26/Nov/2025:08:14:59 +0000] "GET /d1/109/AUTH_da08a65b703f4c80a14bf537805ad082/gnocchi.ae33646f-df1f-47c3-b382-d518ff0c25a9" 200 2 "GET http://172.18.0.2:8080/v1/AUTH_da08a65b703f4c80a14bf537805ad082/gnocchi.ae33646f-df1f-47c3-b382-d518ff0c25a9?format=json&marker=none_v3&states=listing" "txb60ac86449104bc0a0bcf-006926b703" "proxy-server 20" 0.0025 "-" 21 0
Nov 26 08:14:59 standalone proxy-server[130032]: 172.18.0.2 172.18.0.100 26/Nov/2025/08/14/59 GET /v1/AUTH_da08a65b703f4c80a14bf537805ad082/gnocchi.ae33646f-df1f-47c3-b382-d518ff0c25a9%3Fformat%3Djson%26marker%3Dnone_v3%26states%3Dlisting HTTP/1.0 200 - python-swiftclient-3.11.1 gAAAAABpJraJ59gu... - 2 - txb60ac86449104bc0a0bcf-006926b703 - 0.0082 - - 1764144899.227763414 1764144899.236012697 0
Nov 26 08:14:59 standalone object-server[128123]: 172.20.0.100 - - [26/Nov/2025:08:14:59 +0000] "GET /d1/68/AUTH_da08a65b703f4c80a14bf537805ad082/gnocchi.ae33646f-df1f-47c3-b382-d518ff0c25a9/1763640000.0_mean_300.0_v3" 200 16 "GET http://172.18.0.2:8080/v1/AUTH_da08a65b703f4c80a14bf537805ad082/gnocchi.ae33646f-df1f-47c3-b382-d518ff0c25a9/1763640000.0_mean_300.0_v3" "txdec852c785ca428a927dd-006926b703" "proxy-server 20" 0.0007 "-" 22 0
Nov 26 08:14:59 standalone proxy-server[130032]: 172.18.0.2 172.18.0.100 26/Nov/2025/08/14/59 GET /v1/AUTH_da08a65b703f4c80a14bf537805ad082/gnocchi.ae33646f-df1f-47c3-b382-d518ff0c25a9/1763640000.0_mean_300.0_v3 HTTP/1.0 200 - python-swiftclient-3.11.1 gAAAAABpJraJ59gu... - 16 - txdec852c785ca428a927dd-006926b703 - 0.0061 - - 1764144899.240051031 1764144899.246113062 0
Nov 26 08:14:59 standalone container-server[127854]: 172.20.0.100 - - [26/Nov/2025:08:14:59 +0000] "PUT /d1/109/AUTH_da08a65b703f4c80a14bf537805ad082/gnocchi.ae33646f-df1f-47c3-b382-d518ff0c25a9/1763640000.0_mean_300.0_v3" 201 - "PUT http://172.18.0.2:8080/d1/68/AUTH_da08a65b703f4c80a14bf537805ad082/gnocchi.ae33646f-df1f-47c3-b382-d518ff0c25a9/1763640000.0_mean_300.0_v3" "txe876bc24825f4668a4b71-006926b703" "object-server 23" 0.0005 "-" 21 0
Nov 26 08:14:59 standalone object-server[128128]: 172.20.0.100 - - [26/Nov/2025:08:14:59 +0000] "PUT /d1/68/AUTH_da08a65b703f4c80a14bf537805ad082/gnocchi.ae33646f-df1f-47c3-b382-d518ff0c25a9/1763640000.0_mean_300.0_v3" 201 - "PUT http://172.18.0.2:8080/v1/AUTH_da08a65b703f4c80a14bf537805ad082/gnocchi.ae33646f-df1f-47c3-b382-d518ff0c25a9/1763640000.0_mean_300.0_v3" "txe876bc24825f4668a4b71-006926b703" "proxy-server 20" 0.0089 "-" 23 0
Nov 26 08:14:59 standalone proxy-server[130032]: 172.18.0.2 172.18.0.100 26/Nov/2025/08/14/59 PUT /v1/AUTH_da08a65b703f4c80a14bf537805ad082/gnocchi.ae33646f-df1f-47c3-b382-d518ff0c25a9/1763640000.0_mean_300.0_v3 HTTP/1.0 201 - python-swiftclient-3.11.1 gAAAAABpJraJ59gu... 16 - - txe876bc24825f4668a4b71-006926b703 - 0.0138 - - 1764144899.255358696 1764144899.269134521 0
Nov 26 08:14:59 standalone container-server[127852]: 172.20.0.100 - - [26/Nov/2025:08:14:59 +0000] "PUT /d1/109/AUTH_da08a65b703f4c80a14bf537805ad082/gnocchi.ae33646f-df1f-47c3-b382-d518ff0c25a9/none_v3" 201 - "PUT http://172.18.0.2:8080/d1/179/AUTH_da08a65b703f4c80a14bf537805ad082/gnocchi.ae33646f-df1f-47c3-b382-d518ff0c25a9/none_v3" "tx62cc3ff7b82e492cbc6ab-006926b703" "object-server 22" 0.0006 "-" 20 0
Nov 26 08:14:59 standalone object-server[128123]: 172.20.0.100 - - [26/Nov/2025:08:14:59 +0000] "PUT /d1/179/AUTH_da08a65b703f4c80a14bf537805ad082/gnocchi.ae33646f-df1f-47c3-b382-d518ff0c25a9/none_v3" 201 - "PUT http://172.18.0.2:8080/v1/AUTH_da08a65b703f4c80a14bf537805ad082/gnocchi.ae33646f-df1f-47c3-b382-d518ff0c25a9/none_v3" "tx62cc3ff7b82e492cbc6ab-006926b703" "proxy-server 20" 0.0088 "-" 22 0
Nov 26 08:14:59 standalone proxy-server[130032]: 172.18.0.2 172.18.0.100 26/Nov/2025/08/14/59 PUT /v1/AUTH_da08a65b703f4c80a14bf537805ad082/gnocchi.ae33646f-df1f-47c3-b382-d518ff0c25a9/none_v3 HTTP/1.0 201 - python-swiftclient-3.11.1 gAAAAABpJraJ59gu... 32 - - tx62cc3ff7b82e492cbc6ab-006926b703 - 0.0135 - - 1764144899.271890640 1764144899.285374641 0
Nov 26 08:14:59 standalone object-server[128123]: 172.20.0.100 - - [26/Nov/2025:08:14:59 +0000] "GET /d1/556/AUTH_da08a65b703f4c80a14bf537805ad082/gnocchi.ff02d8f9-cbee-4bab-9556-5c3c067f80ba/none_v3" 200 22 "GET http://172.18.0.2:8080/v1/AUTH_da08a65b703f4c80a14bf537805ad082/gnocchi.ff02d8f9-cbee-4bab-9556-5c3c067f80ba/none_v3" "txefbdb4f5e4e84ff79adc4-006926b703" "proxy-server 20" 0.0006 "-" 22 0
Nov 26 08:14:59 standalone proxy-server[130032]: 172.18.0.2 172.18.0.100 26/Nov/2025/08/14/59 GET /v1/AUTH_da08a65b703f4c80a14bf537805ad082/gnocchi.ff02d8f9-cbee-4bab-9556-5c3c067f80ba/none_v3 HTTP/1.0 200 - python-swiftclient-3.11.1 gAAAAABpJraJ59gu... - 22 - txefbdb4f5e4e84ff79adc4-006926b703 - 0.0070 - - 1764144899.294789076 1764144899.301798105 0
Nov 26 08:14:59 standalone container-server[127852]: 172.20.0.100 - - [26/Nov/2025:08:14:59 +0000] "GET /d1/170/AUTH_da08a65b703f4c80a14bf537805ad082/gnocchi.ff02d8f9-cbee-4bab-9556-5c3c067f80ba" 200 357 "GET http://172.18.0.2:8080/v1/AUTH_da08a65b703f4c80a14bf537805ad082/gnocchi.ff02d8f9-cbee-4bab-9556-5c3c067f80ba?format=json&states=listing" "tx56a13f4fa6fa4ae69f170-006926b703" "proxy-server 20" 0.0129 "-" 20 0
Nov 26 08:14:59 standalone proxy-server[130032]: 172.18.0.2 172.18.0.100 26/Nov/2025/08/14/59 GET /v1/AUTH_da08a65b703f4c80a14bf537805ad082/gnocchi.ff02d8f9-cbee-4bab-9556-5c3c067f80ba%3Fformat%3Djson%26states%3Dlisting HTTP/1.0 200 - python-swiftclient-3.11.1 gAAAAABpJraJ59gu... - 357 - tx56a13f4fa6fa4ae69f170-006926b703 - 0.0241 - - 1764144899.305693388 1764144899.329835176 0
Nov 26 08:14:59 standalone container-server[127854]: 172.20.0.100 - - [26/Nov/2025:08:14:59 +0000] "GET /d1/170/AUTH_da08a65b703f4c80a14bf537805ad082/gnocchi.ff02d8f9-cbee-4bab-9556-5c3c067f80ba" 200 2 "GET http://172.18.0.2:8080/v1/AUTH_da08a65b703f4c80a14bf537805ad082/gnocchi.ff02d8f9-cbee-4bab-9556-5c3c067f80ba?format=json&marker=none_v3&states=listing" "txc108084901aa4d5ba0832-006926b703" "proxy-server 20" 0.0022 "-" 21 0
Nov 26 08:14:59 standalone proxy-server[130032]: 172.18.0.2 172.18.0.100 26/Nov/2025/08/14/59 GET /v1/AUTH_da08a65b703f4c80a14bf537805ad082/gnocchi.ff02d8f9-cbee-4bab-9556-5c3c067f80ba%3Fformat%3Djson%26marker%3Dnone_v3%26states%3Dlisting HTTP/1.0 200 - python-swiftclient-3.11.1 gAAAAABpJraJ59gu... - 2 - txc108084901aa4d5ba0832-006926b703 - 0.0103 - - 1764144899.332957506 1764144899.343279123 0
Nov 26 08:14:59 standalone object-server[128134]: 172.20.0.100 - - [26/Nov/2025:08:14:59 +0000] "GET /d1/215/AUTH_da08a65b703f4c80a14bf537805ad082/gnocchi.ff02d8f9-cbee-4bab-9556-5c3c067f80ba/1763640000.0_mean_300.0_v3" 200 16 "GET http://172.18.0.2:8080/v1/AUTH_da08a65b703f4c80a14bf537805ad082/gnocchi.ff02d8f9-cbee-4bab-9556-5c3c067f80ba/1763640000.0_mean_300.0_v3" "tx6d4323c46df245478cda5-006926b703" "proxy-server 20" 0.0007 "-" 25 0
Nov 26 08:14:59 standalone proxy-server[130032]: 172.18.0.2 172.18.0.100 26/Nov/2025/08/14/59 GET /v1/AUTH_da08a65b703f4c80a14bf537805ad082/gnocchi.ff02d8f9-cbee-4bab-9556-5c3c067f80ba/1763640000.0_mean_300.0_v3 HTTP/1.0 200 - python-swiftclient-3.11.1 gAAAAABpJraJ59gu... - 16 - tx6d4323c46df245478cda5-006926b703 - 0.0071 - - 1764144899.348417044 1764144899.355561733 0
Nov 26 08:14:59 standalone container-server[127862]: 172.20.0.100 - - [26/Nov/2025:08:14:59 +0000] "PUT /d1/170/AUTH_da08a65b703f4c80a14bf537805ad082/gnocchi.ff02d8f9-cbee-4bab-9556-5c3c067f80ba/1763640000.0_mean_300.0_v3" 201 - "PUT http://172.18.0.2:8080/d1/215/AUTH_da08a65b703f4c80a14bf537805ad082/gnocchi.ff02d8f9-cbee-4bab-9556-5c3c067f80ba/1763640000.0_mean_300.0_v3" "txed25e587bfa84619bca85-006926b703" "object-server 22" 0.0006 "-" 22 0
Nov 26 08:14:59 standalone object-server[128123]: 172.20.0.100 - - [26/Nov/2025:08:14:59 +0000] "PUT /d1/215/AUTH_da08a65b703f4c80a14bf537805ad082/gnocchi.ff02d8f9-cbee-4bab-9556-5c3c067f80ba/1763640000.0_mean_300.0_v3" 201 - "PUT http://172.18.0.2:8080/v1/AUTH_da08a65b703f4c80a14bf537805ad082/gnocchi.ff02d8f9-cbee-4bab-9556-5c3c067f80ba/1763640000.0_mean_300.0_v3" "txed25e587bfa84619bca85-006926b703" "proxy-server 20" 0.0097 "-" 22 0
Nov 26 08:14:59 standalone proxy-server[130032]: 172.18.0.2 172.18.0.100 26/Nov/2025/08/14/59 PUT /v1/AUTH_da08a65b703f4c80a14bf537805ad082/gnocchi.ff02d8f9-cbee-4bab-9556-5c3c067f80ba/1763640000.0_mean_300.0_v3 HTTP/1.0 201 - python-swiftclient-3.11.1 gAAAAABpJraJ59gu... 16 - - txed25e587bfa84619bca85-006926b703 - 0.0156 - - 1764144899.359201193 1764144899.374834776 0
Nov 26 08:14:59 standalone container-server[127862]: 172.20.0.100 - - [26/Nov/2025:08:14:59 +0000] "PUT /d1/170/AUTH_da08a65b703f4c80a14bf537805ad082/gnocchi.ff02d8f9-cbee-4bab-9556-5c3c067f80ba/none_v3" 201 - "PUT http://172.18.0.2:8080/d1/556/AUTH_da08a65b703f4c80a14bf537805ad082/gnocchi.ff02d8f9-cbee-4bab-9556-5c3c067f80ba/none_v3" "tx50e1eee04d1942f1adc28-006926b703" "object-server 25" 0.0006 "-" 22 0
Nov 26 08:14:59 standalone object-server[128134]: 172.20.0.100 - - [26/Nov/2025:08:14:59 +0000] "PUT /d1/556/AUTH_da08a65b703f4c80a14bf537805ad082/gnocchi.ff02d8f9-cbee-4bab-9556-5c3c067f80ba/none_v3" 201 - "PUT http://172.18.0.2:8080/v1/AUTH_da08a65b703f4c80a14bf537805ad082/gnocchi.ff02d8f9-cbee-4bab-9556-5c3c067f80ba/none_v3" "tx50e1eee04d1942f1adc28-006926b703" "proxy-server 20" 0.0094 "-" 25 0
Nov 26 08:14:59 standalone proxy-server[130032]: 172.18.0.2 172.18.0.100 26/Nov/2025/08/14/59 PUT /v1/AUTH_da08a65b703f4c80a14bf537805ad082/gnocchi.ff02d8f9-cbee-4bab-9556-5c3c067f80ba/none_v3 HTTP/1.0 201 - python-swiftclient-3.11.1 gAAAAABpJraJ59gu... 32 - - tx50e1eee04d1942f1adc28-006926b703 - 0.0144 - - 1764144899.378595829 1764144899.392949820 0
Nov 26 08:14:59 standalone object-server[128134]: 172.20.0.100 - - [26/Nov/2025:08:14:59 +0000] "GET /d1/489/AUTH_da08a65b703f4c80a14bf537805ad082/gnocchi.16447a2c-26ea-4e79-b85a-f28f99c60299/none_v3" 200 22 "GET http://172.18.0.2:8080/v1/AUTH_da08a65b703f4c80a14bf537805ad082/gnocchi.16447a2c-26ea-4e79-b85a-f28f99c60299/none_v3" "txd98e7290bfee4857a2499-006926b703" "proxy-server 20" 0.0009 "-" 25 0
Nov 26 08:14:59 standalone proxy-server[130032]: 172.18.0.2 172.18.0.100 26/Nov/2025/08/14/59 GET /v1/AUTH_da08a65b703f4c80a14bf537805ad082/gnocchi.16447a2c-26ea-4e79-b85a-f28f99c60299/none_v3 HTTP/1.0 200 - python-swiftclient-3.11.1 gAAAAABpJraJ59gu... - 22 - txd98e7290bfee4857a2499-006926b703 - 0.0067 - - 1764144899.402587414 1764144899.409329653 0
Nov 26 08:14:59 standalone container-server[127852]: 172.20.0.100 - - [26/Nov/2025:08:14:59 +0000] "GET /d1/521/AUTH_da08a65b703f4c80a14bf537805ad082/gnocchi.16447a2c-26ea-4e79-b85a-f28f99c60299" 200 357 "GET http://172.18.0.2:8080/v1/AUTH_da08a65b703f4c80a14bf537805ad082/gnocchi.16447a2c-26ea-4e79-b85a-f28f99c60299?format=json&states=listing" "tx1d2c1149185e41cfae836-006926b703" "proxy-server 20" 0.0068 "-" 20 0
Nov 26 08:14:59 standalone proxy-server[130032]: 172.18.0.2 172.18.0.100 26/Nov/2025/08/14/59 GET /v1/AUTH_da08a65b703f4c80a14bf537805ad082/gnocchi.16447a2c-26ea-4e79-b85a-f28f99c60299%3Fformat%3Djson%26states%3Dlisting HTTP/1.0 200 - python-swiftclient-3.11.1 gAAAAABpJraJ59gu... - 357 - tx1d2c1149185e41cfae836-006926b703 - 0.0148 - - 1764144899.412734509 1764144899.427536726 0
Nov 26 08:14:59 standalone container-server[127862]: 172.20.0.100 - - [26/Nov/2025:08:14:59 +0000] "GET /d1/521/AUTH_da08a65b703f4c80a14bf537805ad082/gnocchi.16447a2c-26ea-4e79-b85a-f28f99c60299" 200 2 "GET http://172.18.0.2:8080/v1/AUTH_da08a65b703f4c80a14bf537805ad082/gnocchi.16447a2c-26ea-4e79-b85a-f28f99c60299?format=json&marker=none_v3&states=listing" "txc6f1d6fb63554aa6b9b84-006926b703" "proxy-server 20" 0.0018 "-" 22 0
Nov 26 08:14:59 standalone proxy-server[130032]: 172.18.0.2 172.18.0.100 26/Nov/2025/08/14/59 GET /v1/AUTH_da08a65b703f4c80a14bf537805ad082/gnocchi.16447a2c-26ea-4e79-b85a-f28f99c60299%3Fformat%3Djson%26marker%3Dnone_v3%26states%3Dlisting HTTP/1.0 200 - python-swiftclient-3.11.1 gAAAAABpJraJ59gu... - 2 - txc6f1d6fb63554aa6b9b84-006926b703 - 0.0167 - - 1764144899.432065487 1764144899.448793650 0
Nov 26 08:14:59 standalone object-server[128128]: 172.20.0.100 - - [26/Nov/2025:08:14:59 +0000] "GET /d1/846/AUTH_da08a65b703f4c80a14bf537805ad082/gnocchi.16447a2c-26ea-4e79-b85a-f28f99c60299/1763640000.0_mean_300.0_v3" 200 16 "GET http://172.18.0.2:8080/v1/AUTH_da08a65b703f4c80a14bf537805ad082/gnocchi.16447a2c-26ea-4e79-b85a-f28f99c60299/1763640000.0_mean_300.0_v3" "txad299676001d484d9f35b-006926b703" "proxy-server 20" 0.0009 "-" 23 0
Nov 26 08:14:59 standalone proxy-server[130032]: 172.18.0.2 172.18.0.100 26/Nov/2025/08/14/59 GET /v1/AUTH_da08a65b703f4c80a14bf537805ad082/gnocchi.16447a2c-26ea-4e79-b85a-f28f99c60299/1763640000.0_mean_300.0_v3 HTTP/1.0 200 - python-swiftclient-3.11.1 gAAAAABpJraJ59gu... - 16 - txad299676001d484d9f35b-006926b703 - 0.0097 - - 1764144899.454704046 1764144899.464412689 0
Nov 26 08:14:59 standalone container-server[127852]: 172.20.0.100 - - [26/Nov/2025:08:14:59 +0000] "PUT /d1/521/AUTH_da08a65b703f4c80a14bf537805ad082/gnocchi.16447a2c-26ea-4e79-b85a-f28f99c60299/1763640000.0_mean_300.0_v3" 201 - "PUT http://172.18.0.2:8080/d1/846/AUTH_da08a65b703f4c80a14bf537805ad082/gnocchi.16447a2c-26ea-4e79-b85a-f28f99c60299/1763640000.0_mean_300.0_v3" "tx6dbf20b0e93642b596d65-006926b703" "object-server 23" 0.0007 "-" 20 0
Nov 26 08:14:59 standalone object-server[128128]: 172.20.0.100 - - [26/Nov/2025:08:14:59 +0000] "PUT /d1/846/AUTH_da08a65b703f4c80a14bf537805ad082/gnocchi.16447a2c-26ea-4e79-b85a-f28f99c60299/1763640000.0_mean_300.0_v3" 201 - "PUT http://172.18.0.2:8080/v1/AUTH_da08a65b703f4c80a14bf537805ad082/gnocchi.16447a2c-26ea-4e79-b85a-f28f99c60299/1763640000.0_mean_300.0_v3" "tx6dbf20b0e93642b596d65-006926b703" "proxy-server 20" 0.0106 "-" 23 0
Nov 26 08:14:59 standalone proxy-server[130032]: 172.18.0.2 172.18.0.100 26/Nov/2025/08/14/59 PUT /v1/AUTH_da08a65b703f4c80a14bf537805ad082/gnocchi.16447a2c-26ea-4e79-b85a-f28f99c60299/1763640000.0_mean_300.0_v3 HTTP/1.0 201 - python-swiftclient-3.11.1 gAAAAABpJraJ59gu... 16 - - tx6dbf20b0e93642b596d65-006926b703 - 0.0181 - - 1764144899.469745398 1764144899.487814188 0
Nov 26 08:14:59 standalone container-server[127854]: 172.20.0.100 - - [26/Nov/2025:08:14:59 +0000] "PUT /d1/521/AUTH_da08a65b703f4c80a14bf537805ad082/gnocchi.16447a2c-26ea-4e79-b85a-f28f99c60299/none_v3" 201 - "PUT http://172.18.0.2:8080/d1/489/AUTH_da08a65b703f4c80a14bf537805ad082/gnocchi.16447a2c-26ea-4e79-b85a-f28f99c60299/none_v3" "tx8c6d5c7599934a6a9b1ae-006926b703" "object-server 22" 0.0005 "-" 21 0
Nov 26 08:14:59 standalone object-server[128123]: 172.20.0.100 - - [26/Nov/2025:08:14:59 +0000] "PUT /d1/489/AUTH_da08a65b703f4c80a14bf537805ad082/gnocchi.16447a2c-26ea-4e79-b85a-f28f99c60299/none_v3" 201 - "PUT http://172.18.0.2:8080/v1/AUTH_da08a65b703f4c80a14bf537805ad082/gnocchi.16447a2c-26ea-4e79-b85a-f28f99c60299/none_v3" "tx8c6d5c7599934a6a9b1ae-006926b703" "proxy-server 20" 0.0089 "-" 22 0
Nov 26 08:14:59 standalone proxy-server[130032]: 172.18.0.2 172.18.0.100 26/Nov/2025/08/14/59 PUT /v1/AUTH_da08a65b703f4c80a14bf537805ad082/gnocchi.16447a2c-26ea-4e79-b85a-f28f99c60299/none_v3 HTTP/1.0 201 - python-swiftclient-3.11.1 gAAAAABpJraJ59gu... 32 - - tx8c6d5c7599934a6a9b1ae-006926b703 - 0.0165 - - 1764144899.491899967 1764144899.508391619 0
Nov 26 08:15:02 standalone container-server[127874]: 172.20.0.100 - - [26/Nov/2025:08:15:02 +0000] "HEAD /d1/849/AUTH_da08a65b703f4c80a14bf537805ad082/gnocchi.9d126194-3edf-4442-bda9-bb91d8570f83" 404 - "HEAD http://172.18.0.2:8080/v1/AUTH_da08a65b703f4c80a14bf537805ad082/gnocchi.9d126194-3edf-4442-bda9-bb91d8570f83?format=json&states=listing" "txf73e6de795f34bd78e77c-006926b706" "proxy-server 20" 0.0006 "-" 23 0
Nov 26 08:15:02 standalone object-server[128123]: 172.20.0.100 - - [26/Nov/2025:08:15:02 +0000] "GET /d1/544/AUTH_da08a65b703f4c80a14bf537805ad082/gnocchi.9d126194-3edf-4442-bda9-bb91d8570f83/none_v3" 404 70 "GET http://172.18.0.2:8080/v1/AUTH_da08a65b703f4c80a14bf537805ad082/gnocchi.9d126194-3edf-4442-bda9-bb91d8570f83/none_v3" "txf73e6de795f34bd78e77c-006926b706" "proxy-server 20" 0.0008 "-" 22 0
Nov 26 08:15:02 standalone proxy-server[130032]: 172.18.0.2 172.18.0.100 26/Nov/2025/08/15/02 GET /v1/AUTH_da08a65b703f4c80a14bf537805ad082/gnocchi.9d126194-3edf-4442-bda9-bb91d8570f83/none_v3 HTTP/1.0 404 - python-swiftclient-3.11.1 gAAAAABpJraJ59gu... - 70 - txf73e6de795f34bd78e77c-006926b706 - 0.0127 - - 1764144902.795945168 1764144902.808605909 0
Nov 26 08:15:02 standalone account-server[127853]: 172.20.0.100 - - [26/Nov/2025:08:15:02 +0000] "PUT /d1/746/AUTH_da08a65b703f4c80a14bf537805ad082/gnocchi.9d126194-3edf-4442-bda9-bb91d8570f83" 201 - "PUT http://172.20.0.100:6001/d1/849/AUTH_da08a65b703f4c80a14bf537805ad082/gnocchi.9d126194-3edf-4442-bda9-bb91d8570f83" "tx3c192bec97484f95bd104-006926b706" "container-server 23" 0.0015 "-" 21 0
Nov 26 08:15:02 standalone container-server[127874]: 172.20.0.100 - - [26/Nov/2025:08:15:02 +0000] "PUT /d1/849/AUTH_da08a65b703f4c80a14bf537805ad082/gnocchi.9d126194-3edf-4442-bda9-bb91d8570f83" 201 - "PUT http://172.18.0.2:8080/v1/AUTH_da08a65b703f4c80a14bf537805ad082/gnocchi.9d126194-3edf-4442-bda9-bb91d8570f83" "tx3c192bec97484f95bd104-006926b706" "proxy-server 20" 0.0129 "-" 23 0
Nov 26 08:15:02 standalone proxy-server[130032]: 172.18.0.2 172.18.0.100 26/Nov/2025/08/15/02 PUT /v1/AUTH_da08a65b703f4c80a14bf537805ad082/gnocchi.9d126194-3edf-4442-bda9-bb91d8570f83 HTTP/1.0 201 - python-swiftclient-3.11.1 gAAAAABpJraJ59gu... - - - tx3c192bec97484f95bd104-006926b706 - 0.0181 - - 1764144902.811650038 1764144902.829751253 0
Nov 26 08:15:02 standalone container-server[127862]: 172.20.0.100 - - [26/Nov/2025:08:15:02 +0000] "HEAD /d1/849/AUTH_da08a65b703f4c80a14bf537805ad082/gnocchi.9d126194-3edf-4442-bda9-bb91d8570f83" 204 - "HEAD http://172.18.0.2:8080/v1/AUTH_da08a65b703f4c80a14bf537805ad082/gnocchi.9d126194-3edf-4442-bda9-bb91d8570f83?format=json&states=listing" "tx1e720007a6c448b8b429b-006926b706" "proxy-server 20" 0.0028 "-" 22 0
Nov 26 08:15:02 standalone proxy-server[130032]: - - 26/Nov/2025/08/15/02 HEAD /v1/AUTH_da08a65b703f4c80a14bf537805ad082/gnocchi.9d126194-3edf-4442-bda9-bb91d8570f83%3Fformat%3Djson%26states%3Dlisting HTTP/1.0 204 - Swift - - - - tx1e720007a6c448b8b429b-006926b706 - 0.0076 RL - 1764144902.839050055 1764144902.846616745 0
Nov 26 08:15:02 standalone container-server[127854]: 172.20.0.100 - - [26/Nov/2025:08:15:02 +0000] "GET /d1/849/AUTH_da08a65b703f4c80a14bf537805ad082/gnocchi.9d126194-3edf-4442-bda9-bb91d8570f83" 200 2 "GET http://172.18.0.2:8080/v1/AUTH_da08a65b703f4c80a14bf537805ad082/gnocchi.9d126194-3edf-4442-bda9-bb91d8570f83?format=json&states=listing" "tx1e720007a6c448b8b429b-006926b706" "proxy-server 20" 0.0022 "-" 21 0
Nov 26 08:15:02 standalone proxy-server[130032]: 172.18.0.2 172.18.0.100 26/Nov/2025/08/15/02 GET /v1/AUTH_da08a65b703f4c80a14bf537805ad082/gnocchi.9d126194-3edf-4442-bda9-bb91d8570f83%3Fformat%3Djson%26states%3Dlisting HTTP/1.0 200 - python-swiftclient-3.11.1 gAAAAABpJraJ59gu... - 2 - tx1e720007a6c448b8b429b-006926b706 - 0.0172 - - 1764144902.837816715 1764144902.855005980 0
Nov 26 08:15:02 standalone object-server[128133]: 172.20.0.100 - - [26/Nov/2025:08:15:02 +0000] "GET /d1/458/AUTH_da08a65b703f4c80a14bf537805ad082/gnocchi.9d126194-3edf-4442-bda9-bb91d8570f83/1763640000.0_mean_300.0_v3" 404 70 "GET http://172.18.0.2:8080/v1/AUTH_da08a65b703f4c80a14bf537805ad082/gnocchi.9d126194-3edf-4442-bda9-bb91d8570f83/1763640000.0_mean_300.0_v3" "tx74d29317c36b45ceb4075-006926b706" "proxy-server 20" 0.0014 "-" 24 0
Nov 26 08:15:02 standalone proxy-server[130032]: 172.18.0.2 172.18.0.100 26/Nov/2025/08/15/02 GET /v1/AUTH_da08a65b703f4c80a14bf537805ad082/gnocchi.9d126194-3edf-4442-bda9-bb91d8570f83/1763640000.0_mean_300.0_v3 HTTP/1.0 404 - python-swiftclient-3.11.1 gAAAAABpJraJ59gu... - 70 - tx74d29317c36b45ceb4075-006926b706 - 0.0097 - - 1764144902.864833117 1764144902.874492168 0
Nov 26 08:15:02 standalone container-server[127854]: 172.20.0.100 - - [26/Nov/2025:08:15:02 +0000] "PUT /d1/849/AUTH_da08a65b703f4c80a14bf537805ad082/gnocchi.9d126194-3edf-4442-bda9-bb91d8570f83/1763640000.0_mean_300.0_v3" 201 - "PUT http://172.18.0.2:8080/d1/458/AUTH_da08a65b703f4c80a14bf537805ad082/gnocchi.9d126194-3edf-4442-bda9-bb91d8570f83/1763640000.0_mean_300.0_v3" "tx4e5173f06e9a47c083fc8-006926b706" "object-server 23" 0.0009 "-" 21 0
Nov 26 08:15:02 standalone object-server[128128]: 172.20.0.100 - - [26/Nov/2025:08:15:02 +0000] "PUT /d1/458/AUTH_da08a65b703f4c80a14bf537805ad082/gnocchi.9d126194-3edf-4442-bda9-bb91d8570f83/1763640000.0_mean_300.0_v3" 201 - "PUT http://172.18.0.2:8080/v1/AUTH_da08a65b703f4c80a14bf537805ad082/gnocchi.9d126194-3edf-4442-bda9-bb91d8570f83/1763640000.0_mean_300.0_v3" "tx4e5173f06e9a47c083fc8-006926b706" "proxy-server 20" 0.0171 "-" 23 0
Nov 26 08:15:02 standalone proxy-server[130032]: 172.18.0.2 172.18.0.100 26/Nov/2025/08/15/02 PUT /v1/AUTH_da08a65b703f4c80a14bf537805ad082/gnocchi.9d126194-3edf-4442-bda9-bb91d8570f83/1763640000.0_mean_300.0_v3 HTTP/1.0 201 - python-swiftclient-3.11.1 gAAAAABpJraJ59gu... 16 - - tx4e5173f06e9a47c083fc8-006926b706 - 0.0240 - - 1764144902.879449129 1764144902.903498650 0
Nov 26 08:15:02 standalone container-server[127862]: 172.20.0.100 - - [26/Nov/2025:08:15:02 +0000] "PUT /d1/849/AUTH_da08a65b703f4c80a14bf537805ad082/gnocchi.9d126194-3edf-4442-bda9-bb91d8570f83/none_v3" 201 - "PUT http://172.18.0.2:8080/d1/544/AUTH_da08a65b703f4c80a14bf537805ad082/gnocchi.9d126194-3edf-4442-bda9-bb91d8570f83/none_v3" "tx1adac0a94a5545f1896d7-006926b706" "object-server 25" 0.0008 "-" 22 0
