Nov 26 08:14:07 standalone container-server[127852]: 172.20.0.100 - - [26/Nov/2025:08:14:07 +0000] "PUT /d1/521/AUTH_da08a65b703f4c80a14bf537805ad082/gnocchi.16447a2c-26ea-4e79-b85a-f28f99c60299/none_v3" 201 - "PUT http://172.18.0.2:8080/d1/489/AUTH_da08a65b703f4c80a14bf537805ad082/gnocchi.16447a2c-26ea-4e79-b85a-f28f99c60299/none_v3" "txed162328add24f708285b-006926b6cf" "object-server 22" 0.0007 "-" 20 0
Nov 26 08:14:07 standalone object-server[128123]: 172.20.0.100 - - [26/Nov/2025:08:14:07 +0000] "PUT /d1/489/AUTH_da08a65b703f4c80a14bf537805ad082/gnocchi.16447a2c-26ea-4e79-b85a-f28f99c60299/none_v3" 201 - "PUT http://172.18.0.2:8080/v1/AUTH_da08a65b703f4c80a14bf537805ad082/gnocchi.16447a2c-26ea-4e79-b85a-f28f99c60299/none_v3" "txed162328add24f708285b-006926b6cf" "proxy-server 20" 0.0129 "-" 22 0
Nov 26 08:14:07 standalone proxy-server[130032]: 172.18.0.2 172.18.0.100 26/Nov/2025/08/14/07 PUT /v1/AUTH_da08a65b703f4c80a14bf537805ad082/gnocchi.16447a2c-26ea-4e79-b85a-f28f99c60299/none_v3 HTTP/1.0 201 - python-swiftclient-3.11.1 gAAAAABpJraJ59gu... 22 - - txed162328add24f708285b-006926b6cf - 0.0221 - - 1764144847.210057497 1764144847.232198477 0
Nov 26 08:14:07 standalone container-server[127862]: 172.20.0.100 - - [26/Nov/2025:08:14:07 +0000] "HEAD /d1/201/AUTH_da08a65b703f4c80a14bf537805ad082/gnocchi.11022504-8542-4daf-8dcb-7c545738277d" 404 - "HEAD http://172.18.0.2:8080/v1/AUTH_da08a65b703f4c80a14bf537805ad082/gnocchi.11022504-8542-4daf-8dcb-7c545738277d?format=json&states=listing" "tx49db90820cad4b45acfd5-006926b6cf" "proxy-server 20" 0.0006 "-" 22 0
Nov 26 08:14:07 standalone object-server[128123]: 172.20.0.100 - - [26/Nov/2025:08:14:07 +0000] "GET /d1/619/AUTH_da08a65b703f4c80a14bf537805ad082/gnocchi.11022504-8542-4daf-8dcb-7c545738277d/none_v3" 404 70 "GET http://172.18.0.2:8080/v1/AUTH_da08a65b703f4c80a14bf537805ad082/gnocchi.11022504-8542-4daf-8dcb-7c545738277d/none_v3" "tx49db90820cad4b45acfd5-006926b6cf" "proxy-server 20" 0.0006 "-" 22 0
Nov 26 08:14:07 standalone proxy-server[130032]: 172.18.0.2 172.18.0.100 26/Nov/2025/08/14/07 GET /v1/AUTH_da08a65b703f4c80a14bf537805ad082/gnocchi.11022504-8542-4daf-8dcb-7c545738277d/none_v3 HTTP/1.0 404 - python-swiftclient-3.11.1 gAAAAABpJraJ59gu... - 70 - tx49db90820cad4b45acfd5-006926b6cf - 0.0139 - - 1764144847.240548372 1764144847.254449129 0
Nov 26 08:14:07 standalone account-server[127853]: 172.20.0.100 - - [26/Nov/2025:08:14:07 +0000] "PUT /d1/746/AUTH_da08a65b703f4c80a14bf537805ad082/gnocchi.11022504-8542-4daf-8dcb-7c545738277d" 201 - "PUT http://172.20.0.100:6001/d1/201/AUTH_da08a65b703f4c80a14bf537805ad082/gnocchi.11022504-8542-4daf-8dcb-7c545738277d" "tx8d6accd6f0d54668bb9b5-006926b6cf" "container-server 20" 0.0053 "-" 21 0
Nov 26 08:14:07 standalone container-server[127852]: 172.20.0.100 - - [26/Nov/2025:08:14:07 +0000] "PUT /d1/201/AUTH_da08a65b703f4c80a14bf537805ad082/gnocchi.11022504-8542-4daf-8dcb-7c545738277d" 201 - "PUT http://172.18.0.2:8080/v1/AUTH_da08a65b703f4c80a14bf537805ad082/gnocchi.11022504-8542-4daf-8dcb-7c545738277d" "tx8d6accd6f0d54668bb9b5-006926b6cf" "proxy-server 20" 0.0167 "-" 20 0
Nov 26 08:14:07 standalone proxy-server[130032]: 172.18.0.2 172.18.0.100 26/Nov/2025/08/14/07 PUT /v1/AUTH_da08a65b703f4c80a14bf537805ad082/gnocchi.11022504-8542-4daf-8dcb-7c545738277d HTTP/1.0 201 - python-swiftclient-3.11.1 gAAAAABpJraJ59gu... - - - tx8d6accd6f0d54668bb9b5-006926b6cf - 0.0230 - - 1764144847.257241488 1764144847.280239820 0
Nov 26 08:14:07 standalone container-server[127854]: 172.20.0.100 - - [26/Nov/2025:08:14:07 +0000] "HEAD /d1/201/AUTH_da08a65b703f4c80a14bf537805ad082/gnocchi.11022504-8542-4daf-8dcb-7c545738277d" 204 - "HEAD http://172.18.0.2:8080/v1/AUTH_da08a65b703f4c80a14bf537805ad082/gnocchi.11022504-8542-4daf-8dcb-7c545738277d?format=json&states=listing" "tx47959576e0344e0ba2759-006926b6cf" "proxy-server 20" 0.0034 "-" 21 0
Nov 26 08:14:07 standalone proxy-server[130032]: - - 26/Nov/2025/08/14/07 HEAD /v1/AUTH_da08a65b703f4c80a14bf537805ad082/gnocchi.11022504-8542-4daf-8dcb-7c545738277d%3Fformat%3Djson%26states%3Dlisting HTTP/1.0 204 - Swift - - - - tx47959576e0344e0ba2759-006926b6cf - 0.0092 RL - 1764144847.285466909 1764144847.294713497 0
Nov 26 08:14:07 standalone container-server[127862]: 172.20.0.100 - - [26/Nov/2025:08:14:07 +0000] "GET /d1/201/AUTH_da08a65b703f4c80a14bf537805ad082/gnocchi.11022504-8542-4daf-8dcb-7c545738277d" 200 2 "GET http://172.18.0.2:8080/v1/AUTH_da08a65b703f4c80a14bf537805ad082/gnocchi.11022504-8542-4daf-8dcb-7c545738277d?format=json&states=listing" "tx47959576e0344e0ba2759-006926b6cf" "proxy-server 20" 0.0050 "-" 22 0
Nov 26 08:14:07 standalone proxy-server[130032]: 172.18.0.2 172.18.0.100 26/Nov/2025/08/14/07 GET /v1/AUTH_da08a65b703f4c80a14bf537805ad082/gnocchi.11022504-8542-4daf-8dcb-7c545738277d%3Fformat%3Djson%26states%3Dlisting HTTP/1.0 200 - python-swiftclient-3.11.1 gAAAAABpJraJ59gu... - 2 - tx47959576e0344e0ba2759-006926b6cf - 0.0258 - - 1764144847.283902407 1764144847.309750557 0
Nov 26 08:14:07 standalone object-server[128134]: 172.20.0.100 - - [26/Nov/2025:08:14:07 +0000] "GET /d1/733/AUTH_da08a65b703f4c80a14bf537805ad082/gnocchi.11022504-8542-4daf-8dcb-7c545738277d/1763640000.0_mean_300.0_v3" 404 70 "GET http://172.18.0.2:8080/v1/AUTH_da08a65b703f4c80a14bf537805ad082/gnocchi.11022504-8542-4daf-8dcb-7c545738277d/1763640000.0_mean_300.0_v3" "txa53423d1ad154d97bfb5e-006926b6cf" "proxy-server 20" 0.0015 "-" 25 0
Nov 26 08:14:07 standalone proxy-server[130032]: 172.18.0.2 172.18.0.100 26/Nov/2025/08/14/07 GET /v1/AUTH_da08a65b703f4c80a14bf537805ad082/gnocchi.11022504-8542-4daf-8dcb-7c545738277d/1763640000.0_mean_300.0_v3 HTTP/1.0 404 - python-swiftclient-3.11.1 gAAAAABpJraJ59gu... - 70 - txa53423d1ad154d97bfb5e-006926b6cf - 0.0103 - - 1764144847.313436747 1764144847.323721409 0
Nov 26 08:14:07 standalone container-server[127852]: 172.20.0.100 - - [26/Nov/2025:08:14:07 +0000] "PUT /d1/201/AUTH_da08a65b703f4c80a14bf537805ad082/gnocchi.11022504-8542-4daf-8dcb-7c545738277d/1763640000.0_mean_300.0_v3" 201 - "PUT http://172.18.0.2:8080/d1/733/AUTH_da08a65b703f4c80a14bf537805ad082/gnocchi.11022504-8542-4daf-8dcb-7c545738277d/1763640000.0_mean_300.0_v3" "txfe3d83039d37476599d1a-006926b6cf" "object-server 22" 0.0009 "-" 20 0
Nov 26 08:14:07 standalone object-server[128123]: 172.20.0.100 - - [26/Nov/2025:08:14:07 +0000] "PUT /d1/733/AUTH_da08a65b703f4c80a14bf537805ad082/gnocchi.11022504-8542-4daf-8dcb-7c545738277d/1763640000.0_mean_300.0_v3" 201 - "PUT http://172.18.0.2:8080/v1/AUTH_da08a65b703f4c80a14bf537805ad082/gnocchi.11022504-8542-4daf-8dcb-7c545738277d/1763640000.0_mean_300.0_v3" "txfe3d83039d37476599d1a-006926b6cf" "proxy-server 20" 0.0133 "-" 22 0
Nov 26 08:14:07 standalone proxy-server[130032]: 172.18.0.2 172.18.0.100 26/Nov/2025/08/14/07 PUT /v1/AUTH_da08a65b703f4c80a14bf537805ad082/gnocchi.11022504-8542-4daf-8dcb-7c545738277d/1763640000.0_mean_300.0_v3 HTTP/1.0 201 - python-swiftclient-3.11.1 gAAAAABpJraJ59gu... 16 - - txfe3d83039d37476599d1a-006926b6cf - 0.0223 - - 1764144847.326531172 1764144847.348872900 0
Nov 26 08:14:07 standalone container-server[127852]: 172.20.0.100 - - [26/Nov/2025:08:14:07 +0000] "PUT /d1/201/AUTH_da08a65b703f4c80a14bf537805ad082/gnocchi.11022504-8542-4daf-8dcb-7c545738277d/none_v3" 201 - "PUT http://172.18.0.2:8080/d1/619/AUTH_da08a65b703f4c80a14bf537805ad082/gnocchi.11022504-8542-4daf-8dcb-7c545738277d/none_v3" "tx20386c2bf4694bd484210-006926b6cf" "object-server 22" 0.0007 "-" 20 0
Nov 26 08:14:07 standalone object-server[128123]: 172.20.0.100 - - [26/Nov/2025:08:14:07 +0000] "PUT /d1/619/AUTH_da08a65b703f4c80a14bf537805ad082/gnocchi.11022504-8542-4daf-8dcb-7c545738277d/none_v3" 201 - "PUT http://172.18.0.2:8080/v1/AUTH_da08a65b703f4c80a14bf537805ad082/gnocchi.11022504-8542-4daf-8dcb-7c545738277d/none_v3" "tx20386c2bf4694bd484210-006926b6cf" "proxy-server 20" 0.0185 "-" 22 0
Nov 26 08:14:07 standalone proxy-server[130032]: 172.18.0.2 172.18.0.100 26/Nov/2025/08/14/07 PUT /v1/AUTH_da08a65b703f4c80a14bf537805ad082/gnocchi.11022504-8542-4daf-8dcb-7c545738277d/none_v3 HTTP/1.0 201 - python-swiftclient-3.11.1 gAAAAABpJraJ59gu... 22 - - tx20386c2bf4694bd484210-006926b6cf - 0.0273 - - 1764144847.351831198 1764144847.379178286 0
Nov 26 08:14:07 standalone container-server[127854]: 172.20.0.100 - - [26/Nov/2025:08:14:07 +0000] "HEAD /d1/188/AUTH_da08a65b703f4c80a14bf537805ad082/gnocchi.b69efe62-e527-410f-8831-2e75baca875a" 404 - "HEAD http://172.18.0.2:8080/v1/AUTH_da08a65b703f4c80a14bf537805ad082/gnocchi.b69efe62-e527-410f-8831-2e75baca875a?format=json&states=listing" "txf804c4e7e2fc4f94abcce-006926b6cf" "proxy-server 20" 0.0012 "-" 21 0
Nov 26 08:14:07 standalone object-server[128134]: 172.20.0.100 - - [26/Nov/2025:08:14:07 +0000] "GET /d1/865/AUTH_da08a65b703f4c80a14bf537805ad082/gnocchi.b69efe62-e527-410f-8831-2e75baca875a/none_v3" 404 70 "GET http://172.18.0.2:8080/v1/AUTH_da08a65b703f4c80a14bf537805ad082/gnocchi.b69efe62-e527-410f-8831-2e75baca875a/none_v3" "txf804c4e7e2fc4f94abcce-006926b6cf" "proxy-server 20" 0.0012 "-" 25 0
Nov 26 08:14:07 standalone proxy-server[130032]: 172.18.0.2 172.18.0.100 26/Nov/2025/08/14/07 GET /v1/AUTH_da08a65b703f4c80a14bf537805ad082/gnocchi.b69efe62-e527-410f-8831-2e75baca875a/none_v3 HTTP/1.0 404 - python-swiftclient-3.11.1 gAAAAABpJraJ59gu... - 70 - txf804c4e7e2fc4f94abcce-006926b6cf - 0.0161 - - 1764144847.408947706 1764144847.425093174 0
Nov 26 08:14:07 standalone account-server[127857]: 172.20.0.100 - - [26/Nov/2025:08:14:07 +0000] "PUT /d1/746/AUTH_da08a65b703f4c80a14bf537805ad082/gnocchi.b69efe62-e527-410f-8831-2e75baca875a" 201 - "PUT http://172.20.0.100:6001/d1/188/AUTH_da08a65b703f4c80a14bf537805ad082/gnocchi.b69efe62-e527-410f-8831-2e75baca875a" "txd9a18ae963c04ab9bc145-006926b6cf" "container-server 21" 0.0104 "-" 23 0
Nov 26 08:14:07 standalone container-server[127854]: 172.20.0.100 - - [26/Nov/2025:08:14:07 +0000] "PUT /d1/188/AUTH_da08a65b703f4c80a14bf537805ad082/gnocchi.b69efe62-e527-410f-8831-2e75baca875a" 201 - "PUT http://172.18.0.2:8080/v1/AUTH_da08a65b703f4c80a14bf537805ad082/gnocchi.b69efe62-e527-410f-8831-2e75baca875a" "txd9a18ae963c04ab9bc145-006926b6cf" "proxy-server 20" 0.0267 "-" 21 0
Nov 26 08:14:07 standalone proxy-server[130032]: 172.18.0.2 172.18.0.100 26/Nov/2025/08/14/07 PUT /v1/AUTH_da08a65b703f4c80a14bf537805ad082/gnocchi.b69efe62-e527-410f-8831-2e75baca875a HTTP/1.0 201 - python-swiftclient-3.11.1 gAAAAABpJraJ59gu... - - - txd9a18ae963c04ab9bc145-006926b6cf - 0.0350 - - 1764144847.428315878 1764144847.463295460 0
Nov 26 08:14:07 standalone container-server[127862]: 172.20.0.100 - - [26/Nov/2025:08:14:07 +0000] "HEAD /d1/188/AUTH_da08a65b703f4c80a14bf537805ad082/gnocchi.b69efe62-e527-410f-8831-2e75baca875a" 204 - "HEAD http://172.18.0.2:8080/v1/AUTH_da08a65b703f4c80a14bf537805ad082/gnocchi.b69efe62-e527-410f-8831-2e75baca875a?format=json&states=listing" "txdbbc52f0023e427dadeca-006926b6cf" "proxy-server 20" 0.0016 "-" 22 0
Nov 26 08:14:07 standalone proxy-server[130032]: - - 26/Nov/2025/08/14/07 HEAD /v1/AUTH_da08a65b703f4c80a14bf537805ad082/gnocchi.b69efe62-e527-410f-8831-2e75baca875a%3Fformat%3Djson%26states%3Dlisting HTTP/1.0 204 - Swift - - - - txdbbc52f0023e427dadeca-006926b6cf - 0.0060 RL - 1764144847.469075203 1764144847.475082159 0
Nov 26 08:14:07 standalone container-server[127862]: 172.20.0.100 - - [26/Nov/2025:08:14:07 +0000] "GET /d1/188/AUTH_da08a65b703f4c80a14bf537805ad082/gnocchi.b69efe62-e527-410f-8831-2e75baca875a" 200 2 "GET http://172.18.0.2:8080/v1/AUTH_da08a65b703f4c80a14bf537805ad082/gnocchi.b69efe62-e527-410f-8831-2e75baca875a?format=json&states=listing" "txdbbc52f0023e427dadeca-006926b6cf" "proxy-server 20" 0.0033 "-" 22 0
Nov 26 08:14:07 standalone proxy-server[130032]: 172.18.0.2 172.18.0.100 26/Nov/2025/08/14/07 GET /v1/AUTH_da08a65b703f4c80a14bf537805ad082/gnocchi.b69efe62-e527-410f-8831-2e75baca875a%3Fformat%3Djson%26states%3Dlisting HTTP/1.0 200 - python-swiftclient-3.11.1 gAAAAABpJraJ59gu... - 2 - txdbbc52f0023e427dadeca-006926b6cf - 0.0195 - - 1764144847.467132330 1764144847.486600161 0
Nov 26 08:14:07 standalone object-server[128123]: 172.20.0.100 - - [26/Nov/2025:08:14:07 +0000] "GET /d1/519/AUTH_da08a65b703f4c80a14bf537805ad082/gnocchi.b69efe62-e527-410f-8831-2e75baca875a/1763640000.0_mean_300.0_v3" 404 70 "GET http://172.18.0.2:8080/v1/AUTH_da08a65b703f4c80a14bf537805ad082/gnocchi.b69efe62-e527-410f-8831-2e75baca875a/1763640000.0_mean_300.0_v3" "tx036249a3d6cc4419beb62-006926b6cf" "proxy-server 20" 0.0010 "-" 22 0
Nov 26 08:14:07 standalone proxy-server[130032]: 172.18.0.2 172.18.0.100 26/Nov/2025/08/14/07 GET /v1/AUTH_da08a65b703f4c80a14bf537805ad082/gnocchi.b69efe62-e527-410f-8831-2e75baca875a/1763640000.0_mean_300.0_v3 HTTP/1.0 404 - python-swiftclient-3.11.1 gAAAAABpJraJ59gu... - 70 - tx036249a3d6cc4419beb62-006926b6cf - 0.0104 - - 1764144847.490024567 1764144847.500398636 0
Nov 26 08:14:07 standalone container-server[127874]: 172.20.0.100 - - [26/Nov/2025:08:14:07 +0000] "PUT /d1/188/AUTH_da08a65b703f4c80a14bf537805ad082/gnocchi.b69efe62-e527-410f-8831-2e75baca875a/1763640000.0_mean_300.0_v3" 201 - "PUT http://172.18.0.2:8080/d1/519/AUTH_da08a65b703f4c80a14bf537805ad082/gnocchi.b69efe62-e527-410f-8831-2e75baca875a/1763640000.0_mean_300.0_v3" "txb12cd7919d6940a88f35b-006926b6cf" "object-server 23" 0.0005 "-" 23 0
Nov 26 08:14:07 standalone object-server[128128]: 172.20.0.100 - - [26/Nov/2025:08:14:07 +0000] "PUT /d1/519/AUTH_da08a65b703f4c80a14bf537805ad082/gnocchi.b69efe62-e527-410f-8831-2e75baca875a/1763640000.0_mean_300.0_v3" 201 - "PUT http://172.18.0.2:8080/v1/AUTH_da08a65b703f4c80a14bf537805ad082/gnocchi.b69efe62-e527-410f-8831-2e75baca875a/1763640000.0_mean_300.0_v3" "txb12cd7919d6940a88f35b-006926b6cf" "proxy-server 20" 0.0159 "-" 23 0
Nov 26 08:14:07 standalone proxy-server[130032]: 172.18.0.2 172.18.0.100 26/Nov/2025/08/14/07 PUT /v1/AUTH_da08a65b703f4c80a14bf537805ad082/gnocchi.b69efe62-e527-410f-8831-2e75baca875a/1763640000.0_mean_300.0_v3 HTTP/1.0 201 - python-swiftclient-3.11.1 gAAAAABpJraJ59gu... 16 - - txb12cd7919d6940a88f35b-006926b6cf - 0.0245 - - 1764144847.504139662 1764144847.528659821 0
Nov 26 08:14:07 standalone container-server[127874]: 172.20.0.100 - - [26/Nov/2025:08:14:07 +0000] "PUT /d1/188/AUTH_da08a65b703f4c80a14bf537805ad082/gnocchi.b69efe62-e527-410f-8831-2e75baca875a/none_v3" 201 - "PUT http://172.18.0.2:8080/d1/865/AUTH_da08a65b703f4c80a14bf537805ad082/gnocchi.b69efe62-e527-410f-8831-2e75baca875a/none_v3" "tx37f5b8e04229487eb890d-006926b6cf" "object-server 23" 0.0005 "-" 23 0
Nov 26 08:14:07 standalone object-server[128128]: 172.20.0.100 - - [26/Nov/2025:08:14:07 +0000] "PUT /d1/865/AUTH_da08a65b703f4c80a14bf537805ad082/gnocchi.b69efe62-e527-410f-8831-2e75baca875a/none_v3" 201 - "PUT http://172.18.0.2:8080/v1/AUTH_da08a65b703f4c80a14bf537805ad082/gnocchi.b69efe62-e527-410f-8831-2e75baca875a/none_v3" "tx37f5b8e04229487eb890d-006926b6cf" "proxy-server 20" 0.0145 "-" 23 0
Nov 26 08:14:07 standalone proxy-server[130032]: 172.18.0.2 172.18.0.100 26/Nov/2025/08/14/07 PUT /v1/AUTH_da08a65b703f4c80a14bf537805ad082/gnocchi.b69efe62-e527-410f-8831-2e75baca875a/none_v3 HTTP/1.0 201 - python-swiftclient-3.11.1 gAAAAABpJraJ59gu... 22 - - tx37f5b8e04229487eb890d-006926b6cf - 0.0248 - - 1764144847.532814264 1764144847.557604551 0
Nov 26 08:14:07 standalone container-server[127852]: 172.20.0.100 - - [26/Nov/2025:08:14:07 +0000] "HEAD /d1/170/AUTH_da08a65b703f4c80a14bf537805ad082/gnocchi.ff02d8f9-cbee-4bab-9556-5c3c067f80ba" 404 - "HEAD http://172.18.0.2:8080/v1/AUTH_da08a65b703f4c80a14bf537805ad082/gnocchi.ff02d8f9-cbee-4bab-9556-5c3c067f80ba?format=json&states=listing" "txb6f3d77e521847f099fe4-006926b6cf" "proxy-server 20" 0.0006 "-" 20 0
Nov 26 08:14:07 standalone object-server[128128]: 172.20.0.100 - - [26/Nov/2025:08:14:07 +0000] "GET /d1/556/AUTH_da08a65b703f4c80a14bf537805ad082/gnocchi.ff02d8f9-cbee-4bab-9556-5c3c067f80ba/none_v3" 404 70 "GET http://172.18.0.2:8080/v1/AUTH_da08a65b703f4c80a14bf537805ad082/gnocchi.ff02d8f9-cbee-4bab-9556-5c3c067f80ba/none_v3" "txb6f3d77e521847f099fe4-006926b6cf" "proxy-server 20" 0.0004 "-" 23 0
Nov 26 08:14:07 standalone proxy-server[130032]: 172.18.0.2 172.18.0.100 26/Nov/2025/08/14/07 GET /v1/AUTH_da08a65b703f4c80a14bf537805ad082/gnocchi.ff02d8f9-cbee-4bab-9556-5c3c067f80ba/none_v3 HTTP/1.0 404 - python-swiftclient-3.11.1 gAAAAABpJraJ59gu... - 70 - txb6f3d77e521847f099fe4-006926b6cf - 0.0461 - - 1764144847.568952560 1764144847.615039349 0
Nov 26 08:14:07 standalone account-server[127853]: 172.20.0.100 - - [26/Nov/2025:08:14:07 +0000] "PUT /d1/746/AUTH_da08a65b703f4c80a14bf537805ad082/gnocchi.ff02d8f9-cbee-4bab-9556-5c3c067f80ba" 201 - "PUT http://172.20.0.100:6001/d1/170/AUTH_da08a65b703f4c80a14bf537805ad082/gnocchi.ff02d8f9-cbee-4bab-9556-5c3c067f80ba" "tx4d2b6f190e11441aae4bc-006926b6cf" "container-server 23" 0.0114 "-" 21 0
Nov 26 08:14:07 standalone container-server[127874]: 172.20.0.100 - - [26/Nov/2025:08:14:07 +0000] "PUT /d1/170/AUTH_da08a65b703f4c80a14bf537805ad082/gnocchi.ff02d8f9-cbee-4bab-9556-5c3c067f80ba" 201 - "PUT http://172.18.0.2:8080/v1/AUTH_da08a65b703f4c80a14bf537805ad082/gnocchi.ff02d8f9-cbee-4bab-9556-5c3c067f80ba" "tx4d2b6f190e11441aae4bc-006926b6cf" "proxy-server 20" 0.0204 "-" 23 0
Nov 26 08:14:07 standalone proxy-server[130032]: 172.18.0.2 172.18.0.100 26/Nov/2025/08/14/07 PUT /v1/AUTH_da08a65b703f4c80a14bf537805ad082/gnocchi.ff02d8f9-cbee-4bab-9556-5c3c067f80ba HTTP/1.0 201 - python-swiftclient-3.11.1 gAAAAABpJraJ59gu... - - - tx4d2b6f190e11441aae4bc-006926b6cf - 0.0260 - - 1764144847.617565870 1764144847.643564939 0
Nov 26 08:14:07 standalone container-server[127852]: 172.20.0.100 - - [26/Nov/2025:08:14:07 +0000] "HEAD /d1/170/AUTH_da08a65b703f4c80a14bf537805ad082/gnocchi.ff02d8f9-cbee-4bab-9556-5c3c067f80ba" 204 - "HEAD http://172.18.0.2:8080/v1/AUTH_da08a65b703f4c80a14bf537805ad082/gnocchi.ff02d8f9-cbee-4bab-9556-5c3c067f80ba?format=json&states=listing" "txb1d786e4297e43a1b31c7-006926b6cf" "proxy-server 20" 0.0028 "-" 20 0
Nov 26 08:14:07 standalone proxy-server[130032]: - - 26/Nov/2025/08/14/07 HEAD /v1/AUTH_da08a65b703f4c80a14bf537805ad082/gnocchi.ff02d8f9-cbee-4bab-9556-5c3c067f80ba%3Fformat%3Djson%26states%3Dlisting HTTP/1.0 204 - Swift - - - - txb1d786e4297e43a1b31c7-006926b6cf - 0.0103 RL - 1764144847.649389744 1764144847.659690380 0
Nov 26 08:14:07 standalone container-server[127852]: 172.20.0.100 - - [26/Nov/2025:08:14:07 +0000] "GET /d1/170/AUTH_da08a65b703f4c80a14bf537805ad082/gnocchi.ff02d8f9-cbee-4bab-9556-5c3c067f80ba" 200 2 "GET http://172.18.0.2:8080/v1/AUTH_da08a65b703f4c80a14bf537805ad082/gnocchi.ff02d8f9-cbee-4bab-9556-5c3c067f80ba?format=json&states=listing" "txb1d786e4297e43a1b31c7-006926b6cf" "proxy-server 20" 0.0043 "-" 20 0
Nov 26 08:14:07 standalone proxy-server[130032]: 172.18.0.2 172.18.0.100 26/Nov/2025/08/14/07 GET /v1/AUTH_da08a65b703f4c80a14bf537805ad082/gnocchi.ff02d8f9-cbee-4bab-9556-5c3c067f80ba%3Fformat%3Djson%26states%3Dlisting HTTP/1.0 200 - python-swiftclient-3.11.1 gAAAAABpJraJ59gu... - 2 - txb1d786e4297e43a1b31c7-006926b6cf - 0.0285 - - 1764144847.647552013 1764144847.676022053 0
Nov 26 08:14:07 standalone object-server[128134]: 172.20.0.100 - - [26/Nov/2025:08:14:07 +0000] "GET /d1/215/AUTH_da08a65b703f4c80a14bf537805ad082/gnocchi.ff02d8f9-cbee-4bab-9556-5c3c067f80ba/1763640000.0_mean_300.0_v3" 404 70 "GET http://172.18.0.2:8080/v1/AUTH_da08a65b703f4c80a14bf537805ad082/gnocchi.ff02d8f9-cbee-4bab-9556-5c3c067f80ba/1763640000.0_mean_300.0_v3" "tx59e14d3feb194bf5b2839-006926b6cf" "proxy-server 20" 0.0005 "-" 25 0
Nov 26 08:14:07 standalone proxy-server[130032]: 172.18.0.2 172.18.0.100 26/Nov/2025/08/14/07 GET /v1/AUTH_da08a65b703f4c80a14bf537805ad082/gnocchi.ff02d8f9-cbee-4bab-9556-5c3c067f80ba/1763640000.0_mean_300.0_v3 HTTP/1.0 404 - python-swiftclient-3.11.1 gAAAAABpJraJ59gu... - 70 - tx59e14d3feb194bf5b2839-006926b6cf - 0.0115 - - 1764144847.681599140 1764144847.693124056 0
Nov 26 08:14:07 standalone container-server[127854]: 172.20.0.100 - - [26/Nov/2025:08:14:07 +0000] "PUT /d1/170/AUTH_da08a65b703f4c80a14bf537805ad082/gnocchi.ff02d8f9-cbee-4bab-9556-5c3c067f80ba/1763640000.0_mean_300.0_v3" 201 - "PUT http://172.18.0.2:8080/d1/215/AUTH_da08a65b703f4c80a14bf537805ad082/gnocchi.ff02d8f9-cbee-4bab-9556-5c3c067f80ba/1763640000.0_mean_300.0_v3" "txbb2fe94e29fc4f94b69f0-006926b6cf" "object-server 25" 0.0011 "-" 21 0
Nov 26 08:14:07 standalone object-server[128134]: 172.20.0.100 - - [26/Nov/2025:08:14:07 +0000] "PUT /d1/215/AUTH_da08a65b703f4c80a14bf537805ad082/gnocchi.ff02d8f9-cbee-4bab-9556-5c3c067f80ba/1763640000.0_mean_300.0_v3" 201 - "PUT http://172.18.0.2:8080/v1/AUTH_da08a65b703f4c80a14bf537805ad082/gnocchi.ff02d8f9-cbee-4bab-9556-5c3c067f80ba/1763640000.0_mean_300.0_v3" "txbb2fe94e29fc4f94b69f0-006926b6cf" "proxy-server 20" 0.0145 "-" 25 0
Nov 26 08:14:07 standalone proxy-server[130032]: 172.18.0.2 172.18.0.100 26/Nov/2025/08/14/07 PUT /v1/AUTH_da08a65b703f4c80a14bf537805ad082/gnocchi.ff02d8f9-cbee-4bab-9556-5c3c067f80ba/1763640000.0_mean_300.0_v3 HTTP/1.0 201 - python-swiftclient-3.11.1 gAAAAABpJraJ59gu... 16 - - txbb2fe94e29fc4f94b69f0-006926b6cf - 0.0235 - - 1764144847.698057890 1764144847.721575737 0
Nov 26 08:14:07 standalone container-server[127862]: 172.20.0.100 - - [26/Nov/2025:08:14:07 +0000] "PUT /d1/170/AUTH_da08a65b703f4c80a14bf537805ad082/gnocchi.ff02d8f9-cbee-4bab-9556-5c3c067f80ba/none_v3" 201 - "PUT http://172.18.0.2:8080/d1/556/AUTH_da08a65b703f4c80a14bf537805ad082/gnocchi.ff02d8f9-cbee-4bab-9556-5c3c067f80ba/none_v3" "tx71627c07d19c4e5bbec80-006926b6cf" "object-server 23" 0.0008 "-" 22 0
Nov 26 08:14:07 standalone object-server[128128]: 172.20.0.100 - - [26/Nov/2025:08:14:07 +0000] "PUT /d1/556/AUTH_da08a65b703f4c80a14bf537805ad082/gnocchi.ff02d8f9-cbee-4bab-9556-5c3c067f80ba/none_v3" 201 - "PUT http://172.18.0.2:8080/v1/AUTH_da08a65b703f4c80a14bf537805ad082/gnocchi.ff02d8f9-cbee-4bab-9556-5c3c067f80ba/none_v3" "tx71627c07d19c4e5bbec80-006926b6cf" "proxy-server 20" 0.0198 "-" 23 0
Nov 26 08:14:07 standalone proxy-server[130032]: 172.18.0.2 172.18.0.100 26/Nov/2025/08/14/07 PUT /v1/AUTH_da08a65b703f4c80a14bf537805ad082/gnocchi.ff02d8f9-cbee-4bab-9556-5c3c067f80ba/none_v3 HTTP/1.0 201 - python-swiftclient-3.11.1 gAAAAABpJraJ59gu... 22 - - tx71627c07d19c4e5bbec80-006926b6cf - 0.0285 - - 1764144847.725497007 1764144847.753949404 0
Nov 26 08:14:33 standalone container-server[127852]: 172.20.0.100 - - [26/Nov/2025:08:14:33 +0000] "HEAD /d1/182/AUTH_da08a65b703f4c80a14bf537805ad082/gnocchi.a2e5c383-115b-47cc-b4b7-48d2ab623ea6" 404 - "HEAD http://172.18.0.2:8080/v1/AUTH_da08a65b703f4c80a14bf537805ad082/gnocchi.a2e5c383-115b-47cc-b4b7-48d2ab623ea6?format=json&states=listing" "txe3da5bfe37c545c7a480f-006926b6e9" "proxy-server 20" 0.0007 "-" 20 0
Nov 26 08:14:33 standalone object-server[128123]: 172.20.0.100 - - [26/Nov/2025:08:14:33 +0000] "GET /d1/771/AUTH_da08a65b703f4c80a14bf537805ad082/gnocchi.a2e5c383-115b-47cc-b4b7-48d2ab623ea6/none_v3" 404 70 "GET http://172.18.0.2:8080/v1/AUTH_da08a65b703f4c80a14bf537805ad082/gnocchi.a2e5c383-115b-47cc-b4b7-48d2ab623ea6/none_v3" "txe3da5bfe37c545c7a480f-006926b6e9" "proxy-server 20" 0.0004 "-" 22 0
Nov 26 08:14:33 standalone proxy-server[130032]: 172.18.0.2 172.18.0.100 26/Nov/2025/08/14/33 GET /v1/AUTH_da08a65b703f4c80a14bf537805ad082/gnocchi.a2e5c383-115b-47cc-b4b7-48d2ab623ea6/none_v3 HTTP/1.0 404 - python-swiftclient-3.11.1 gAAAAABpJraJ59gu... - 70 - txe3da5bfe37c545c7a480f-006926b6e9 - 0.0107 - - 1764144873.703783512 1764144873.714490175 0
Nov 26 08:14:33 standalone account-server[127850]: 172.20.0.100 - - [26/Nov/2025:08:14:33 +0000] "PUT /d1/746/AUTH_da08a65b703f4c80a14bf537805ad082/gnocchi.a2e5c383-115b-47cc-b4b7-48d2ab623ea6" 201 - "PUT http://172.20.0.100:6001/d1/182/AUTH_da08a65b703f4c80a14bf537805ad082/gnocchi.a2e5c383-115b-47cc-b4b7-48d2ab623ea6" "tx59fc85e0d1f145f791d6b-006926b6e9" "container-server 22" 0.0049 "-" 20 0
Nov 26 08:14:33 standalone container-server[127862]: 172.20.0.100 - - [26/Nov/2025:08:14:33 +0000] "PUT /d1/182/AUTH_da08a65b703f4c80a14bf537805ad082/gnocchi.a2e5c383-115b-47cc-b4b7-48d2ab623ea6" 201 - "PUT http://172.18.0.2:8080/v1/AUTH_da08a65b703f4c80a14bf537805ad082/gnocchi.a2e5c383-115b-47cc-b4b7-48d2ab623ea6" "tx59fc85e0d1f145f791d6b-006926b6e9" "proxy-server 20" 0.0507 "-" 22 0
Nov 26 08:14:33 standalone proxy-server[130032]: 172.18.0.2 172.18.0.100 26/Nov/2025/08/14/33 PUT /v1/AUTH_da08a65b703f4c80a14bf537805ad082/gnocchi.a2e5c383-115b-47cc-b4b7-48d2ab623ea6 HTTP/1.0 201 - python-swiftclient-3.11.1 gAAAAABpJraJ59gu... - - - tx59fc85e0d1f145f791d6b-006926b6e9 - 0.0548 - - 1764144873.716881752 1764144873.771717072 0
Nov 26 08:14:33 standalone container-server[127852]: 172.20.0.100 - - [26/Nov/2025:08:14:33 +0000] "HEAD /d1/182/AUTH_da08a65b703f4c80a14bf537805ad082/gnocchi.a2e5c383-115b-47cc-b4b7-48d2ab623ea6" 204 - "HEAD http://172.18.0.2:8080/v1/AUTH_da08a65b703f4c80a14bf537805ad082/gnocchi.a2e5c383-115b-47cc-b4b7-48d2ab623ea6?format=json&states=listing" "tx5ca09902103c476694a85-006926b6e9" "proxy-server 20" 0.0012 "-" 20 0
Nov 26 08:14:33 standalone proxy-server[130032]: - - 26/Nov/2025/08/14/33 HEAD /v1/AUTH_da08a65b703f4c80a14bf537805ad082/gnocchi.a2e5c383-115b-47cc-b4b7-48d2ab623ea6%3Fformat%3Djson%26states%3Dlisting HTTP/1.0 204 - Swift - - - - tx5ca09902103c476694a85-006926b6e9 - 0.0103 RL - 1764144873.787173271 1764144873.797494411 0
Nov 26 08:14:33 standalone container-server[127862]: 172.20.0.100 - - [26/Nov/2025:08:14:33 +0000] "GET /d1/182/AUTH_da08a65b703f4c80a14bf537805ad082/gnocchi.a2e5c383-115b-47cc-b4b7-48d2ab623ea6" 200 2 "GET http://172.18.0.2:8080/v1/AUTH_da08a65b703f4c80a14bf537805ad082/gnocchi.a2e5c383-115b-47cc-b4b7-48d2ab623ea6?format=json&states=listing" "tx5ca09902103c476694a85-006926b6e9" "proxy-server 20" 0.0020 "-" 22 0
Nov 26 08:14:33 standalone proxy-server[130032]: 172.18.0.2 172.18.0.100 26/Nov/2025/08/14/33 GET /v1/AUTH_da08a65b703f4c80a14bf537805ad082/gnocchi.a2e5c383-115b-47cc-b4b7-48d2ab623ea6%3Fformat%3Djson%26states%3Dlisting HTTP/1.0 200 - python-swiftclient-3.11.1 gAAAAABpJraJ59gu... - 2 - tx5ca09902103c476694a85-006926b6e9 - 0.0344 - - 1764144873.776966572 1764144873.811409712 0
Nov 26 08:14:33 standalone object-server[128128]: 172.20.0.100 - - [26/Nov/2025:08:14:33 +0000] "GET /d1/871/AUTH_da08a65b703f4c80a14bf537805ad082/gnocchi.a2e5c383-115b-47cc-b4b7-48d2ab623ea6/1763640000.0_mean_300.0_v3" 404 70 "GET http://172.18.0.2:8080/v1/AUTH_da08a65b703f4c80a14bf537805ad082/gnocchi.a2e5c383-115b-47cc-b4b7-48d2ab623ea6/1763640000.0_mean_300.0_v3" "tx7f4f174c43764a098f7ba-006926b6e9" "proxy-server 20" 0.0003 "-" 23 0
Nov 26 08:14:33 standalone proxy-server[130032]: 172.18.0.2 172.18.0.100 26/Nov/2025/08/14/33 GET /v1/AUTH_da08a65b703f4c80a14bf537805ad082/gnocchi.a2e5c383-115b-47cc-b4b7-48d2ab623ea6/1763640000.0_mean_300.0_v3 HTTP/1.0 404 - python-swiftclient-3.11.1 gAAAAABpJraJ59gu... - 70 - tx7f4f174c43764a098f7ba-006926b6e9 - 0.0068 - - 1764144873.814479589 1764144873.821326494 0
Nov 26 08:14:33 standalone container-server[127862]: 172.20.0.100 - - [26/Nov/2025:08:14:33 +0000] "PUT /d1/182/AUTH_da08a65b703f4c80a14bf537805ad082/gnocchi.a2e5c383-115b-47cc-b4b7-48d2ab623ea6/1763640000.0_mean_300.0_v3" 201 - "PUT http://172.18.0.2:8080/d1/871/AUTH_da08a65b703f4c80a14bf537805ad082/gnocchi.a2e5c383-115b-47cc-b4b7-48d2ab623ea6/1763640000.0_mean_300.0_v3" "tx82c7ea44bd2740afae53a-006926b6e9" "object-server 22" 0.0036 "-" 22 0
Nov 26 08:14:33 standalone object-server[128123]: 172.20.0.100 - - [26/Nov/2025:08:14:33 +0000] "PUT /d1/871/AUTH_da08a65b703f4c80a14bf537805ad082/gnocchi.a2e5c383-115b-47cc-b4b7-48d2ab623ea6/1763640000.0_mean_300.0_v3" 201 - "PUT http://172.18.0.2:8080/v1/AUTH_da08a65b703f4c80a14bf537805ad082/gnocchi.a2e5c383-115b-47cc-b4b7-48d2ab623ea6/1763640000.0_mean_300.0_v3" "tx82c7ea44bd2740afae53a-006926b6e9" "proxy-server 20" 0.0134 "-" 22 0
Nov 26 08:14:33 standalone proxy-server[130032]: 172.18.0.2 172.18.0.100 26/Nov/2025/08/14/33 PUT /v1/AUTH_da08a65b703f4c80a14bf537805ad082/gnocchi.a2e5c383-115b-47cc-b4b7-48d2ab623ea6/1763640000.0_mean_300.0_v3 HTTP/1.0 201 - python-swiftclient-3.11.1 gAAAAABpJraJ59gu... 16 - - tx82c7ea44bd2740afae53a-006926b6e9 - 0.0201 - - 1764144873.824295759 1764144873.844379187 0
Nov 26 08:14:33 standalone container-server[127874]: 172.20.0.100 - - [26/Nov/2025:08:14:33 +0000] "PUT /d1/182/AUTH_da08a65b703f4c80a14bf537805ad082/gnocchi.a2e5c383-115b-47cc-b4b7-48d2ab623ea6/none_v3" 201 - "PUT http://172.18.0.2:8080/d1/771/AUTH_da08a65b703f4c80a14bf537805ad082/gnocchi.a2e5c383-115b-47cc-b4b7-48d2ab623ea6/none_v3" "txc86a8ffc727045239ed9f-006926b6e9" "object-server 23" 0.0004 "-" 23 0
Nov 26 08:14:33 standalone object-server[128128]: 172.20.0.100 - - [26/Nov/2025:08:14:33 +0000] "PUT /d1/771/AUTH_da08a65b703f4c80a14bf537805ad082/gnocchi.a2e5c383-115b-47cc-b4b7-48d2ab623ea6/none_v3" 201 - "PUT http://172.18.0.2:8080/v1/AUTH_da08a65b703f4c80a14bf537805ad082/gnocchi.a2e5c383-115b-47cc-b4b7-48d2ab623ea6/none_v3" "txc86a8ffc727045239ed9f-006926b6e9" "proxy-server 20" 0.0097 "-" 23 0
Nov 26 08:14:33 standalone proxy-server[130032]: 172.18.0.2 172.18.0.100 26/Nov/2025/08/14/33 PUT /v1/AUTH_da08a65b703f4c80a14bf537805ad082/gnocchi.a2e5c383-115b-47cc-b4b7-48d2ab623ea6/none_v3 HTTP/1.0 201 - python-swiftclient-3.11.1 gAAAAABpJraJ59gu... 22 - - txc86a8ffc727045239ed9f-006926b6e9 - 0.0143 - - 1764144873.847048044 1764144873.861310005 0
Nov 26 08:14:33 standalone object-server[128133]: 172.20.0.100 - - [26/Nov/2025:08:14:33 +0000] "GET /d1/107/AUTH_da08a65b703f4c80a14bf537805ad082/gnocchi.3348aed4-0db2-40ac-bb4f-878087ba6229/none_v3" 200 22 "GET http://172.18.0.2:8080/v1/AUTH_da08a65b703f4c80a14bf537805ad082/gnocchi.3348aed4-0db2-40ac-bb4f-878087ba6229/none_v3" "tx8d43fdb1ff7b404c85387-006926b6e9" "proxy-server 20" 0.0008 "-" 24 0
Nov 26 08:14:33 standalone proxy-server[130032]: 172.18.0.2 172.18.0.100 26/Nov/2025/08/14/33 GET /v1/AUTH_da08a65b703f4c80a14bf537805ad082/gnocchi.3348aed4-0db2-40ac-bb4f-878087ba6229/none_v3 HTTP/1.0 200 - python-swiftclient-3.11.1 gAAAAABpJraJ59gu... - 22 - tx8d43fdb1ff7b404c85387-006926b6e9 - 0.0064 - - 1764144873.874899864 1764144873.881257296 0
Nov 26 08:14:33 standalone container-server[127854]: 172.20.0.100 - - [26/Nov/2025:08:14:33 +0000] "GET /d1/897/AUTH_da08a65b703f4c80a14bf537805ad082/gnocchi.3348aed4-0db2-40ac-bb4f-878087ba6229" 200 357 "GET http://172.18.0.2:8080/v1/AUTH_da08a65b703f4c80a14bf537805ad082/gnocchi.3348aed4-0db2-40ac-bb4f-878087ba6229?format=json&states=listing" "tx92d75f2ff6214623a9646-006926b6e9" "proxy-server 20" 0.0070 "-" 21 0
Nov 26 08:14:33 standalone proxy-server[130032]: 172.18.0.2 172.18.0.100 26/Nov/2025/08/14/33 GET /v1/AUTH_da08a65b703f4c80a14bf537805ad082/gnocchi.3348aed4-0db2-40ac-bb4f-878087ba6229%3Fformat%3Djson%26states%3Dlisting HTTP/1.0 200 - python-swiftclient-3.11.1 gAAAAABpJraJ59gu... - 357 - tx92d75f2ff6214623a9646-006926b6e9 - 0.0123 - - 1764144873.884014130 1764144873.896309137 0
Nov 26 08:14:33 standalone container-server[127874]: 172.20.0.100 - - [26/Nov/2025:08:14:33 +0000] "GET /d1/897/AUTH_da08a65b703f4c80a14bf537805ad082/gnocchi.3348aed4-0db2-40ac-bb4f-878087ba6229" 200 2 "GET http://172.18.0.2:8080/v1/AUTH_da08a65b703f4c80a14bf537805ad082/gnocchi.3348aed4-0db2-40ac-bb4f-878087ba6229?format=json&marker=none_v3&states=listing" "txe76b67cce3f74e86868bc-006926b6e9" "proxy-server 20" 0.0023 "-" 23 0
Nov 26 08:14:33 standalone proxy-server[130032]: 172.18.0.2 172.18.0.100 26/Nov/2025/08/14/33 GET /v1/AUTH_da08a65b703f4c80a14bf537805ad082/gnocchi.3348aed4-0db2-40ac-bb4f-878087ba6229%3Fformat%3Djson%26marker%3Dnone_v3%26states%3Dlisting HTTP/1.0 200 - python-swiftclient-3.11.1 gAAAAABpJraJ59gu... - 2 - txe76b67cce3f74e86868bc-006926b6e9 - 0.0109 - - 1764144873.898622990 1764144873.909517288 0
Nov 26 08:14:33 standalone object-server[128133]: 172.20.0.100 - - [26/Nov/2025:08:14:33 +0000] "GET /d1/687/AUTH_da08a65b703f4c80a14bf537805ad082/gnocchi.3348aed4-0db2-40ac-bb4f-878087ba6229/1763640000.0_mean_300.0_v3" 200 16 "GET http://172.18.0.2:8080/v1/AUTH_da08a65b703f4c80a14bf537805ad082/gnocchi.3348aed4-0db2-40ac-bb4f-878087ba6229/1763640000.0_mean_300.0_v3" "txdb50611630d94afc9d810-006926b6e9" "proxy-server 20" 0.0006 "-" 24 0
Nov 26 08:14:33 standalone proxy-server[130032]: 172.18.0.2 172.18.0.100 26/Nov/2025/08/14/33 GET /v1/AUTH_da08a65b703f4c80a14bf537805ad082/gnocchi.3348aed4-0db2-40ac-bb4f-878087ba6229/1763640000.0_mean_300.0_v3 HTTP/1.0 200 - python-swiftclient-3.11.1 gAAAAABpJraJ59gu... - 16 - txdb50611630d94afc9d810-006926b6e9 - 0.0060 - - 1764144873.912608147 1764144873.918608189 0
Nov 26 08:14:33 standalone container-server[127874]: 172.20.0.100 - - [26/Nov/2025:08:14:33 +0000] "PUT /d1/897/AUTH_da08a65b703f4c80a14bf537805ad082/gnocchi.3348aed4-0db2-40ac-bb4f-878087ba6229/1763640000.0_mean_300.0_v3" 201 - "PUT http://172.18.0.2:8080/d1/687/AUTH_da08a65b703f4c80a14bf537805ad082/gnocchi.3348aed4-0db2-40ac-bb4f-878087ba6229/1763640000.0_mean_300.0_v3" "tx581873927c6540738fc49-006926b6e9" "object-server 23" 0.0004 "-" 23 0
Nov 26 08:14:33 standalone object-server[128128]: 172.20.0.100 - - [26/Nov/2025:08:14:33 +0000] "PUT /d1/687/AUTH_da08a65b703f4c80a14bf537805ad082/gnocchi.3348aed4-0db2-40ac-bb4f-878087ba6229/1763640000.0_mean_300.0_v3" 201 - "PUT http://172.18.0.2:8080/v1/AUTH_da08a65b703f4c80a14bf537805ad082/gnocchi.3348aed4-0db2-40ac-bb4f-878087ba6229/1763640000.0_mean_300.0_v3" "tx581873927c6540738fc49-006926b6e9" "proxy-server 20" 0.0067 "-" 23 0
Nov 26 08:14:33 standalone proxy-server[130032]: 172.18.0.2 172.18.0.100 26/Nov/2025/08/14/33 PUT /v1/AUTH_da08a65b703f4c80a14bf537805ad082/gnocchi.3348aed4-0db2-40ac-bb4f-878087ba6229/1763640000.0_mean_300.0_v3 HTTP/1.0 201 - python-swiftclient-3.11.1 gAAAAABpJraJ59gu... 16 - - tx581873927c6540738fc49-006926b6e9 - 0.0111 - - 1764144873.921000242 1764144873.932122469 0
Nov 26 08:14:33 standalone container-server[127874]: 172.20.0.100 - - [26/Nov/2025:08:14:33 +0000] "PUT /d1/897/AUTH_da08a65b703f4c80a14bf537805ad082/gnocchi.3348aed4-0db2-40ac-bb4f-878087ba6229/none_v3" 201 - "PUT http://172.18.0.2:8080/d1/107/AUTH_da08a65b703f4c80a14bf537805ad082/gnocchi.3348aed4-0db2-40ac-bb4f-878087ba6229/none_v3" "txd45f577c62cf4d10bea29-006926b6e9" "object-server 25" 0.0007 "-" 23 0
Nov 26 08:14:33 standalone object-server[128134]: 172.20.0.100 - - [26/Nov/2025:08:14:33 +0000] "PUT /d1/107/AUTH_da08a65b703f4c80a14bf537805ad082/gnocchi.3348aed4-0db2-40ac-bb4f-878087ba6229/none_v3" 201 - "PUT http://172.18.0.2:8080/v1/AUTH_da08a65b703f4c80a14bf537805ad082/gnocchi.3348aed4-0db2-40ac-bb4f-878087ba6229/none_v3" "txd45f577c62cf4d10bea29-006926b6e9" "proxy-server 20" 0.0110 "-" 25 0
Nov 26 08:14:33 standalone proxy-server[130032]: 172.18.0.2 172.18.0.100 26/Nov/2025/08/14/33 PUT /v1/AUTH_da08a65b703f4c80a14bf537805ad082/gnocchi.3348aed4-0db2-40ac-bb4f-878087ba6229/none_v3 HTTP/1.0 201 - python-swiftclient-3.11.1 gAAAAABpJraJ59gu... 33 - - txd45f577c62cf4d10bea29-006926b6e9 - 0.0169 - - 1764144873.934442759 1764144873.951392651 0
Nov 26 08:14:34 standalone object-server[128128]: 172.20.0.100 - - [26/Nov/2025:08:14:34 +0000] "GET /d1/263/AUTH_da08a65b703f4c80a14bf537805ad082/gnocchi.11fbfd89-cd7e-432d-a9e6-1cd1a4799e19/none_v3" 200 22 "GET http://172.18.0.2:8080/v1/AUTH_da08a65b703f4c80a14bf537805ad082/gnocchi.11fbfd89-cd7e-432d-a9e6-1cd1a4799e19/none_v3" "tx30578e51df0c437bb3c85-006926b6ea" "proxy-server 20" 0.0007 "-" 23 0
Nov 26 08:14:34 standalone proxy-server[130032]: 172.18.0.2 172.18.0.100 26/Nov/2025/08/14/34 GET /v1/AUTH_da08a65b703f4c80a14bf537805ad082/gnocchi.11fbfd89-cd7e-432d-a9e6-1cd1a4799e19/none_v3 HTTP/1.0 200 - python-swiftclient-3.11.1 gAAAAABpJraJ59gu... - 22 - tx30578e51df0c437bb3c85-006926b6ea - 0.0108 - - 1764144874.173641920 1764144874.184475899 0
Nov 26 08:14:34 standalone container-server[127852]: 172.20.0.100 - - [26/Nov/2025:08:14:34 +0000] "GET /d1/471/AUTH_da08a65b703f4c80a14bf537805ad082/gnocchi.11fbfd89-cd7e-432d-a9e6-1cd1a4799e19" 200 357 "GET http://172.18.0.2:8080/v1/AUTH_da08a65b703f4c80a14bf537805ad082/gnocchi.11fbfd89-cd7e-432d-a9e6-1cd1a4799e19?format=json&states=listing" "txee780f1cd4c7407cac094-006926b6ea" "proxy-server 20" 0.0103 "-" 20 0
Nov 26 08:14:34 standalone proxy-server[130032]: 172.18.0.2 172.18.0.100 26/Nov/2025/08/14/34 GET /v1/AUTH_da08a65b703f4c80a14bf537805ad082/gnocchi.11fbfd89-cd7e-432d-a9e6-1cd1a4799e19%3Fformat%3Djson%26states%3Dlisting HTTP/1.0 200 - python-swiftclient-3.11.1 gAAAAABpJraJ59gu... - 357 - txee780f1cd4c7407cac094-006926b6ea - 0.0198 - - 1764144874.188239336 1764144874.207998276 0
Nov 26 08:14:34 standalone container-server[127862]: 172.20.0.100 - - [26/Nov/2025:08:14:34 +0000] "GET /d1/471/AUTH_da08a65b703f4c80a14bf537805ad082/gnocchi.11fbfd89-cd7e-432d-a9e6-1cd1a4799e19" 200 2 "GET http://172.18.0.2:8080/v1/AUTH_da08a65b703f4c80a14bf537805ad082/gnocchi.11fbfd89-cd7e-432d-a9e6-1cd1a4799e19?format=json&marker=none_v3&states=listing" "txe98359ef7fb64e4cb1d90-006926b6ea" "proxy-server 20" 0.0103 "-" 22 0
Nov 26 08:14:34 standalone proxy-server[130032]: 172.18.0.2 172.18.0.100 26/Nov/2025/08/14/34 GET /v1/AUTH_da08a65b703f4c80a14bf537805ad082/gnocchi.11fbfd89-cd7e-432d-a9e6-1cd1a4799e19%3Fformat%3Djson%26marker%3Dnone_v3%26states%3Dlisting HTTP/1.0 200 - python-swiftclient-3.11.1 gAAAAABpJraJ59gu... - 2 - txe98359ef7fb64e4cb1d90-006926b6ea - 0.0269 - - 1764144874.210278749 1764144874.237129688 0
Nov 26 08:14:34 standalone object-server[128133]: 172.20.0.100 - - [26/Nov/2025:08:14:34 +0000] "GET /d1/426/AUTH_da08a65b703f4c80a14bf537805ad082/gnocchi.11fbfd89-cd7e-432d-a9e6-1cd1a4799e19/1763640000.0_mean_300.0_v3" 200 16 "GET http://172.18.0.2:8080/v1/AUTH_da08a65b703f4c80a14bf537805ad082/gnocchi.11fbfd89-cd7e-432d-a9e6-1cd1a4799e19/1763640000.0_mean_300.0_v3" "tx0646a8b135184779b0064-006926b6ea" "proxy-server 20" 0.0009 "-" 24 0
Nov 26 08:14:34 standalone proxy-server[130032]: 172.18.0.2 172.18.0.100 26/Nov/2025/08/14/34 GET /v1/AUTH_da08a65b703f4c80a14bf537805ad082/gnocchi.11fbfd89-cd7e-432d-a9e6-1cd1a4799e19/1763640000.0_mean_300.0_v3 HTTP/1.0 200 - python-swiftclient-3.11.1 gAAAAABpJraJ59gu... - 16 - tx0646a8b135184779b0064-006926b6ea - 0.0070 - - 1764144874.245095015 1764144874.252112389 0
Nov 26 08:14:34 standalone container-server[127862]: 172.20.0.100 - - [26/Nov/2025:08:14:34 +0000] "PUT /d1/471/AUTH_da08a65b703f4c80a14bf537805ad082/gnocchi.11fbfd89-cd7e-432d-a9e6-1cd1a4799e19/1763640000.0_mean_300.0_v3" 201 - "PUT http://172.18.0.2:8080/d1/426/AUTH_da08a65b703f4c80a14bf537805ad082/gnocchi.11fbfd89-cd7e-432d-a9e6-1cd1a4799e19/1763640000.0_mean_300.0_v3" "tx1cf2e1e41295455cb78db-006926b6ea" "object-server 25" 0.0005 "-" 22 0
Nov 26 08:14:34 standalone object-server[128134]: 172.20.0.100 - - [26/Nov/2025:08:14:34 +0000] "PUT /d1/426/AUTH_da08a65b703f4c80a14bf537805ad082/gnocchi.11fbfd89-cd7e-432d-a9e6-1cd1a4799e19/1763640000.0_mean_300.0_v3" 201 - "PUT http://172.18.0.2:8080/v1/AUTH_da08a65b703f4c80a14bf537805ad082/gnocchi.11fbfd89-cd7e-432d-a9e6-1cd1a4799e19/1763640000.0_mean_300.0_v3" "tx1cf2e1e41295455cb78db-006926b6ea" "proxy-server 20" 0.0099 "-" 25 0
Nov 26 08:14:34 standalone proxy-server[130032]: 172.18.0.2 172.18.0.100 26/Nov/2025/08/14/34 PUT /v1/AUTH_da08a65b703f4c80a14bf537805ad082/gnocchi.11fbfd89-cd7e-432d-a9e6-1cd1a4799e19/1763640000.0_mean_300.0_v3 HTTP/1.0 201 - python-swiftclient-3.11.1 gAAAAABpJraJ59gu... 16 - - tx1cf2e1e41295455cb78db-006926b6ea - 0.0147 - - 1764144874.255002260 1764144874.269738197 0
Nov 26 08:14:34 standalone container-server[127854]: 172.20.0.100 - - [26/Nov/2025:08:14:34 +0000] "PUT /d1/471/AUTH_da08a65b703f4c80a14bf537805ad082/gnocchi.11fbfd89-cd7e-432d-a9e6-1cd1a4799e19/none_v3" 201 - "PUT http://172.18.0.2:8080/d1/263/AUTH_da08a65b703f4c80a14bf537805ad082/gnocchi.11fbfd89-cd7e-432d-a9e6-1cd1a4799e19/none_v3" "txfbca45f84e3b4c02a5bf0-006926b6ea" "object-server 23" 0.0005 "-" 21 0
Nov 26 08:14:34 standalone object-server[128128]: 172.20.0.100 - - [26/Nov/2025:08:14:34 +0000] "PUT /d1/263/AUTH_da08a65b703f4c80a14bf537805ad082/gnocchi.11fbfd89-cd7e-432d-a9e6-1cd1a4799e19/none_v3" 201 - "PUT http://172.18.0.2:8080/v1/AUTH_da08a65b703f4c80a14bf537805ad082/gnocchi.11fbfd89-cd7e-432d-a9e6-1cd1a4799e19/none_v3" "txfbca45f84e3b4c02a5bf0-006926b6ea" "proxy-server 20" 0.0230 "-" 23 0
Nov 26 08:14:34 standalone proxy-server[130032]: 172.18.0.2 172.18.0.100 26/Nov/2025/08/14/34 PUT /v1/AUTH_da08a65b703f4c80a14bf537805ad082/gnocchi.11fbfd89-cd7e-432d-a9e6-1cd1a4799e19/none_v3 HTTP/1.0 201 - python-swiftclient-3.11.1 gAAAAABpJraJ59gu... 33 - - txfbca45f84e3b4c02a5bf0-006926b6ea - 0.0363 - - 1764144874.275488853 1764144874.311795712 0
Nov 26 08:14:37 standalone object-server[128134]: 172.20.0.100 - - [26/Nov/2025:08:14:37 +0000] "GET /d1/771/AUTH_da08a65b703f4c80a14bf537805ad082/gnocchi.a2e5c383-115b-47cc-b4b7-48d2ab623ea6/none_v3" 200 22 "GET http://172.18.0.2:8080/v1/AUTH_da08a65b703f4c80a14bf537805ad082/gnocchi.a2e5c383-115b-47cc-b4b7-48d2ab623ea6/none_v3" "tx58452d6d93d345c88e734-006926b6ed" "proxy-server 20" 0.0020 "-" 25 0
Nov 26 08:14:37 standalone proxy-server[130032]: 172.18.0.2 172.18.0.100 26/Nov/2025/08/14/37 GET /v1/AUTH_da08a65b703f4c80a14bf537805ad082/gnocchi.a2e5c383-115b-47cc-b4b7-48d2ab623ea6/none_v3 HTTP/1.0 200 - python-swiftclient-3.11.1 gAAAAABpJraJ59gu... - 22 - tx58452d6d93d345c88e734-006926b6ed - 0.0122 - - 1764144877.939728975 1764144877.951899767 0
Nov 26 08:14:37 standalone container-server[127874]: 172.20.0.100 - - [26/Nov/2025:08:14:37 +0000] "GET /d1/182/AUTH_da08a65b703f4c80a14bf537805ad082/gnocchi.a2e5c383-115b-47cc-b4b7-48d2ab623ea6" 200 357 "GET http://172.18.0.2:8080/v1/AUTH_da08a65b703f4c80a14bf537805ad082/gnocchi.a2e5c383-115b-47cc-b4b7-48d2ab623ea6?format=json&states=listing" "tx220b53ebf5f149479b5cd-006926b6ed" "proxy-server 20" 0.0179 "-" 23 0
Nov 26 08:14:37 standalone proxy-server[130032]: 172.18.0.2 172.18.0.100 26/Nov/2025/08/14/37 GET /v1/AUTH_da08a65b703f4c80a14bf537805ad082/gnocchi.a2e5c383-115b-47cc-b4b7-48d2ab623ea6%3Fformat%3Djson%26states%3Dlisting HTTP/1.0 200 - python-swiftclient-3.11.1 gAAAAABpJraJ59gu... - 357 - tx220b53ebf5f149479b5cd-006926b6ed - 0.0289 - - 1764144877.957881451 1764144877.986734152 0
Nov 26 08:14:38 standalone container-server[127854]: 172.20.0.100 - - [26/Nov/2025:08:14:38 +0000] "GET /d1/182/AUTH_da08a65b703f4c80a14bf537805ad082/gnocchi.a2e5c383-115b-47cc-b4b7-48d2ab623ea6" 200 2 "GET http://172.18.0.2:8080/v1/AUTH_da08a65b703f4c80a14bf537805ad082/gnocchi.a2e5c383-115b-47cc-b4b7-48d2ab623ea6?format=json&marker=none_v3&states=listing" "tx6104d08896d3477698d8b-006926b6ed" "proxy-server 20" 0.0028 "-" 21 0
Nov 26 08:14:38 standalone proxy-server[130032]: 172.18.0.2 172.18.0.100 26/Nov/2025/08/14/38 GET /v1/AUTH_da08a65b703f4c80a14bf537805ad082/gnocchi.a2e5c383-115b-47cc-b4b7-48d2ab623ea6%3Fformat%3Djson%26marker%3Dnone_v3%26states%3Dlisting HTTP/1.0 200 - python-swiftclient-3.11.1 gAAAAABpJraJ59gu... - 2 - tx6104d08896d3477698d8b-006926b6ed - 0.0127 - - 1764144877.992396355 1764144878.005067110 0
Nov 26 08:14:38 standalone object-server[128123]: 172.20.0.100 - - [26/Nov/2025:08:14:38 +0000] "GET /d1/871/AUTH_da08a65b703f4c80a14bf537805ad082/gnocchi.a2e5c383-115b-47cc-b4b7-48d2ab623ea6/1763640000.0_mean_300.0_v3" 200 16 "GET http://172.18.0.2:8080/v1/AUTH_da08a65b703f4c80a14bf537805ad082/gnocchi.a2e5c383-115b-47cc-b4b7-48d2ab623ea6/1763640000.0_mean_300.0_v3" "txa5dd1ac947c6410b997e6-006926b6ee" "proxy-server 20" 0.0011 "-" 22 0
Nov 26 08:14:38 standalone proxy-server[130032]: 172.18.0.2 172.18.0.100 26/Nov/2025/08/14/38 GET /v1/AUTH_da08a65b703f4c80a14bf537805ad082/gnocchi.a2e5c383-115b-47cc-b4b7-48d2ab623ea6/1763640000.0_mean_300.0_v3 HTTP/1.0 200 - python-swiftclient-3.11.1 gAAAAABpJraJ59gu... - 16 - txa5dd1ac947c6410b997e6-006926b6ee - 0.0085 - - 1764144878.010996342 1764144878.019531488 0
Nov 26 08:14:38 standalone container-server[127862]: 172.20.0.100 - - [26/Nov/2025:08:14:38 +0000] "PUT /d1/182/AUTH_da08a65b703f4c80a14bf537805ad082/gnocchi.a2e5c383-115b-47cc-b4b7-48d2ab623ea6/1763640000.0_mean_300.0_v3" 201 - "PUT http://172.18.0.2:8080/d1/871/AUTH_da08a65b703f4c80a14bf537805ad082/gnocchi.a2e5c383-115b-47cc-b4b7-48d2ab623ea6/1763640000.0_mean_300.0_v3" "tx8fe61611f2054a9fb6457-006926b6ee" "object-server 24" 0.0006 "-" 22 0
Nov 26 08:14:38 standalone object-server[128133]: 172.20.0.100 - - [26/Nov/2025:08:14:38 +0000] "PUT /d1/871/AUTH_da08a65b703f4c80a14bf537805ad082/gnocchi.a2e5c383-115b-47cc-b4b7-48d2ab623ea6/1763640000.0_mean_300.0_v3" 201 - "PUT http://172.18.0.2:8080/v1/AUTH_da08a65b703f4c80a14bf537805ad082/gnocchi.a2e5c383-115b-47cc-b4b7-48d2ab623ea6/1763640000.0_mean_300.0_v3" "tx8fe61611f2054a9fb6457-006926b6ee" "proxy-server 20" 0.0106 "-" 24 0
Nov 26 08:14:38 standalone proxy-server[130032]: 172.18.0.2 172.18.0.100 26/Nov/2025/08/14/38 PUT /v1/AUTH_da08a65b703f4c80a14bf537805ad082/gnocchi.a2e5c383-115b-47cc-b4b7-48d2ab623ea6/1763640000.0_mean_300.0_v3 HTTP/1.0 201 - python-swiftclient-3.11.1 gAAAAABpJraJ59gu... 16 - - tx8fe61611f2054a9fb6457-006926b6ee - 0.0172 - - 1764144878.023977995 1764144878.041207314 0
Nov 26 08:14:38 standalone container-server[127852]: 172.20.0.100 - - [26/Nov/2025:08:14:38 +0000] "PUT /d1/182/AUTH_da08a65b703f4c80a14bf537805ad082/gnocchi.a2e5c383-115b-47cc-b4b7-48d2ab623ea6/none_v3" 201 - "PUT http://172.18.0.2:8080/d1/771/AUTH_da08a65b703f4c80a14bf537805ad082/gnocchi.a2e5c383-115b-47cc-b4b7-48d2ab623ea6/none_v3" "txeaa43d0bc5994855b582a-006926b6ee" "object-server 22" 0.0006 "-" 20 0
Nov 26 08:14:38 standalone object-server[128123]: 172.20.0.100 - - [26/Nov/2025:08:14:38 +0000] "PUT /d1/771/AUTH_da08a65b703f4c80a14bf537805ad082/gnocchi.a2e5c383-115b-47cc-b4b7-48d2ab623ea6/none_v3" 201 - "PUT http://172.18.0.2:8080/v1/AUTH_da08a65b703f4c80a14bf537805ad082/gnocchi.a2e5c383-115b-47cc-b4b7-48d2ab623ea6/none_v3" "txeaa43d0bc5994855b582a-006926b6ee" "proxy-server 20" 0.0106 "-" 22 0
Nov 26 08:14:38 standalone proxy-server[130032]: 172.18.0.2 172.18.0.100 26/Nov/2025/08/14/38 PUT /v1/AUTH_da08a65b703f4c80a14bf537805ad082/gnocchi.a2e5c383-115b-47cc-b4b7-48d2ab623ea6/none_v3 HTTP/1.0 201 - python-swiftclient-3.11.1 gAAAAABpJraJ59gu... 32 - - txeaa43d0bc5994855b582a-006926b6ee - 0.0171 - - 1764144878.044930220 1764144878.062057257 0
Nov 26 08:14:48 standalone container-server[127874]: 172.20.0.100 - - [26/Nov/2025:08:14:48 +0000] "HEAD /d1/184/AUTH_da08a65b703f4c80a14bf537805ad082/gnocchi.4aa350ae-b458-486d-9296-8e347a3cff4c" 404 - "HEAD http://172.18.0.2:8080/v1/AUTH_da08a65b703f4c80a14bf537805ad082/gnocchi.4aa350ae-b458-486d-9296-8e347a3cff4c?format=json&states=listing" "tx21e384167da7418f833c1-006926b6f8" "proxy-server 20" 0.0006 "-" 23 0
Nov 26 08:14:48 standalone object-server[128134]: 172.20.0.100 - - [26/Nov/2025:08:14:48 +0000] "GET /d1/57/AUTH_da08a65b703f4c80a14bf537805ad082/gnocchi.4aa350ae-b458-486d-9296-8e347a3cff4c/none_v3" 404 70 "GET http://172.18.0.2:8080/v1/AUTH_da08a65b703f4c80a14bf537805ad082/gnocchi.4aa350ae-b458-486d-9296-8e347a3cff4c/none_v3" "tx21e384167da7418f833c1-006926b6f8" "proxy-server 20" 0.0005 "-" 25 0
Nov 26 08:14:48 standalone proxy-server[130032]: 172.18.0.2 172.18.0.100 26/Nov/2025/08/14/48 GET /v1/AUTH_da08a65b703f4c80a14bf537805ad082/gnocchi.4aa350ae-b458-486d-9296-8e347a3cff4c/none_v3 HTTP/1.0 404 - python-swiftclient-3.11.1 gAAAAABpJraJ59gu... - 70 - tx21e384167da7418f833c1-006926b6f8 - 0.0101 - - 1764144888.536106825 1764144888.546196461 0
Nov 26 08:14:48 standalone account-server[127857]: 172.20.0.100 - - [26/Nov/2025:08:14:48 +0000] "PUT /d1/746/AUTH_da08a65b703f4c80a14bf537805ad082/gnocchi.4aa350ae-b458-486d-9296-8e347a3cff4c" 201 - "PUT http://172.20.0.100:6001/d1/184/AUTH_da08a65b703f4c80a14bf537805ad082/gnocchi.4aa350ae-b458-486d-9296-8e347a3cff4c" "tx822c0e56596642e3af0a1-006926b6f8" "container-server 20" 0.0052 "-" 23 0
Nov 26 08:14:48 standalone container-server[127852]: 172.20.0.100 - - [26/Nov/2025:08:14:48 +0000] "PUT /d1/184/AUTH_da08a65b703f4c80a14bf537805ad082/gnocchi.4aa350ae-b458-486d-9296-8e347a3cff4c" 201 - "PUT http://172.18.0.2:8080/v1/AUTH_da08a65b703f4c80a14bf537805ad082/gnocchi.4aa350ae-b458-486d-9296-8e347a3cff4c" "tx822c0e56596642e3af0a1-006926b6f8" "proxy-server 20" 0.0207 "-" 20 0
Nov 26 08:14:48 standalone proxy-server[130032]: 172.18.0.2 172.18.0.100 26/Nov/2025/08/14/48 PUT /v1/AUTH_da08a65b703f4c80a14bf537805ad082/gnocchi.4aa350ae-b458-486d-9296-8e347a3cff4c HTTP/1.0 201 - python-swiftclient-3.11.1 gAAAAABpJraJ59gu... - - - tx822c0e56596642e3af0a1-006926b6f8 - 0.0267 - - 1764144888.549295664 1764144888.576030731 0
Nov 26 08:14:48 standalone container-server[127862]: 172.20.0.100 - - [26/Nov/2025:08:14:48 +0000] "HEAD /d1/184/AUTH_da08a65b703f4c80a14bf537805ad082/gnocchi.4aa350ae-b458-486d-9296-8e347a3cff4c" 204 - "HEAD http://172.18.0.2:8080/v1/AUTH_da08a65b703f4c80a14bf537805ad082/gnocchi.4aa350ae-b458-486d-9296-8e347a3cff4c?format=json&states=listing" "tx1621227110f34173874e0-006926b6f8" "proxy-server 20" 0.0022 "-" 22 0
Nov 26 08:14:48 standalone proxy-server[130032]: - - 26/Nov/2025/08/14/48 HEAD /v1/AUTH_da08a65b703f4c80a14bf537805ad082/gnocchi.4aa350ae-b458-486d-9296-8e347a3cff4c%3Fformat%3Djson%26states%3Dlisting HTTP/1.0 204 - Swift - - - - tx1621227110f34173874e0-006926b6f8 - 0.0066 RL - 1764144888.583238125 1764144888.589862347 0
Nov 26 08:14:48 standalone container-server[127852]: 172.20.0.100 - - [26/Nov/2025:08:14:48 +0000] "GET /d1/184/AUTH_da08a65b703f4c80a14bf537805ad082/gnocchi.4aa350ae-b458-486d-9296-8e347a3cff4c" 200 2 "GET http://172.18.0.2:8080/v1/AUTH_da08a65b703f4c80a14bf537805ad082/gnocchi.4aa350ae-b458-486d-9296-8e347a3cff4c?format=json&states=listing" "tx1621227110f34173874e0-006926b6f8" "proxy-server 20" 0.0101 "-" 20 0
