Nov 26 08:16:07 standalone container-server[127862]: 172.20.0.100 - - [26/Nov/2025:08:16:07 +0000] "PUT /d1/273/AUTH_da08a65b703f4c80a14bf537805ad082/gnocchi.2ab40ccb-ba9a-4dee-92a1-2f7ab5056638" 201 - "PUT http://172.18.0.2:8080/v1/AUTH_da08a65b703f4c80a14bf537805ad082/gnocchi.2ab40ccb-ba9a-4dee-92a1-2f7ab5056638" "txad7ff62794474acc8668c-006926b747" "proxy-server 20" 0.0150 "-" 22 0
Nov 26 08:16:07 standalone proxy-server[130032]: 172.18.0.2 172.18.0.100 26/Nov/2025/08/16/07 PUT /v1/AUTH_da08a65b703f4c80a14bf537805ad082/gnocchi.2ab40ccb-ba9a-4dee-92a1-2f7ab5056638 HTTP/1.0 201 - python-swiftclient-3.11.1 gAAAAABpJraJ59gu... - - - txad7ff62794474acc8668c-006926b747 - 0.0190 - - 1764144967.154241085 1764144967.173235178 0
Nov 26 08:16:07 standalone container-server[127862]: 172.20.0.100 - - [26/Nov/2025:08:16:07 +0000] "HEAD /d1/273/AUTH_da08a65b703f4c80a14bf537805ad082/gnocchi.2ab40ccb-ba9a-4dee-92a1-2f7ab5056638" 204 - "HEAD http://172.18.0.2:8080/v1/AUTH_da08a65b703f4c80a14bf537805ad082/gnocchi.2ab40ccb-ba9a-4dee-92a1-2f7ab5056638?format=json&states=listing" "txde99b2618e4b4b21897f8-006926b747" "proxy-server 20" 0.0013 "-" 22 0
Nov 26 08:16:07 standalone proxy-server[130032]: - - 26/Nov/2025/08/16/07 HEAD /v1/AUTH_da08a65b703f4c80a14bf537805ad082/gnocchi.2ab40ccb-ba9a-4dee-92a1-2f7ab5056638%3Fformat%3Djson%26states%3Dlisting HTTP/1.0 204 - Swift - - - - txde99b2618e4b4b21897f8-006926b747 - 0.0040 RL - 1764144967.177500725 1764144967.181522369 0
Nov 26 08:16:07 standalone container-server[127862]: 172.20.0.100 - - [26/Nov/2025:08:16:07 +0000] "GET /d1/273/AUTH_da08a65b703f4c80a14bf537805ad082/gnocchi.2ab40ccb-ba9a-4dee-92a1-2f7ab5056638" 200 2 "GET http://172.18.0.2:8080/v1/AUTH_da08a65b703f4c80a14bf537805ad082/gnocchi.2ab40ccb-ba9a-4dee-92a1-2f7ab5056638?format=json&states=listing" "txde99b2618e4b4b21897f8-006926b747" "proxy-server 20" 0.0018 "-" 22 0
Nov 26 08:16:07 standalone proxy-server[130032]: 172.18.0.2 172.18.0.100 26/Nov/2025/08/16/07 GET /v1/AUTH_da08a65b703f4c80a14bf537805ad082/gnocchi.2ab40ccb-ba9a-4dee-92a1-2f7ab5056638%3Fformat%3Djson%26states%3Dlisting HTTP/1.0 200 - python-swiftclient-3.11.1 gAAAAABpJraJ59gu... - 2 - txde99b2618e4b4b21897f8-006926b747 - 0.0113 - - 1764144967.176668167 1764144967.187971115 0
Nov 26 08:16:07 standalone object-server[128133]: 172.20.0.100 - - [26/Nov/2025:08:16:07 +0000] "GET /d1/789/AUTH_da08a65b703f4c80a14bf537805ad082/gnocchi.2ab40ccb-ba9a-4dee-92a1-2f7ab5056638/1763640000.0_mean_300.0_v3" 404 70 "GET http://172.18.0.2:8080/v1/AUTH_da08a65b703f4c80a14bf537805ad082/gnocchi.2ab40ccb-ba9a-4dee-92a1-2f7ab5056638/1763640000.0_mean_300.0_v3" "tx26a0f10eb902414783046-006926b747" "proxy-server 20" 0.0003 "-" 24 0
Nov 26 08:16:07 standalone proxy-server[130032]: 172.18.0.2 172.18.0.100 26/Nov/2025/08/16/07 GET /v1/AUTH_da08a65b703f4c80a14bf537805ad082/gnocchi.2ab40ccb-ba9a-4dee-92a1-2f7ab5056638/1763640000.0_mean_300.0_v3 HTTP/1.0 404 - python-swiftclient-3.11.1 gAAAAABpJraJ59gu... - 70 - tx26a0f10eb902414783046-006926b747 - 0.0042 - - 1764144967.190520287 1764144967.194728374 0
Nov 26 08:16:07 standalone container-server[127852]: 172.20.0.100 - - [26/Nov/2025:08:16:07 +0000] "PUT /d1/273/AUTH_da08a65b703f4c80a14bf537805ad082/gnocchi.2ab40ccb-ba9a-4dee-92a1-2f7ab5056638/1763640000.0_mean_300.0_v3" 201 - "PUT http://172.18.0.2:8080/d1/789/AUTH_da08a65b703f4c80a14bf537805ad082/gnocchi.2ab40ccb-ba9a-4dee-92a1-2f7ab5056638/1763640000.0_mean_300.0_v3" "tx8bc86127872a4fa882ae5-006926b747" "object-server 22" 0.0006 "-" 20 0
Nov 26 08:16:07 standalone object-server[128123]: 172.20.0.100 - - [26/Nov/2025:08:16:07 +0000] "PUT /d1/789/AUTH_da08a65b703f4c80a14bf537805ad082/gnocchi.2ab40ccb-ba9a-4dee-92a1-2f7ab5056638/1763640000.0_mean_300.0_v3" 201 - "PUT http://172.18.0.2:8080/v1/AUTH_da08a65b703f4c80a14bf537805ad082/gnocchi.2ab40ccb-ba9a-4dee-92a1-2f7ab5056638/1763640000.0_mean_300.0_v3" "tx8bc86127872a4fa882ae5-006926b747" "proxy-server 20" 0.0085 "-" 22 0
Nov 26 08:16:07 standalone proxy-server[130032]: 172.18.0.2 172.18.0.100 26/Nov/2025/08/16/07 PUT /v1/AUTH_da08a65b703f4c80a14bf537805ad082/gnocchi.2ab40ccb-ba9a-4dee-92a1-2f7ab5056638/1763640000.0_mean_300.0_v3 HTTP/1.0 201 - python-swiftclient-3.11.1 gAAAAABpJraJ59gu... 16 - - tx8bc86127872a4fa882ae5-006926b747 - 0.0212 - - 1764144967.196696758 1764144967.217934847 0
Nov 26 08:16:07 standalone container-server[127862]: 172.20.0.100 - - [26/Nov/2025:08:16:07 +0000] "PUT /d1/273/AUTH_da08a65b703f4c80a14bf537805ad082/gnocchi.2ab40ccb-ba9a-4dee-92a1-2f7ab5056638/none_v3" 201 - "PUT http://172.18.0.2:8080/d1/683/AUTH_da08a65b703f4c80a14bf537805ad082/gnocchi.2ab40ccb-ba9a-4dee-92a1-2f7ab5056638/none_v3" "txf4e7af20c1234eb0b969c-006926b747" "object-server 25" 0.0004 "-" 22 0
Nov 26 08:16:07 standalone object-server[128134]: 172.20.0.100 - - [26/Nov/2025:08:16:07 +0000] "PUT /d1/683/AUTH_da08a65b703f4c80a14bf537805ad082/gnocchi.2ab40ccb-ba9a-4dee-92a1-2f7ab5056638/none_v3" 201 - "PUT http://172.18.0.2:8080/v1/AUTH_da08a65b703f4c80a14bf537805ad082/gnocchi.2ab40ccb-ba9a-4dee-92a1-2f7ab5056638/none_v3" "txf4e7af20c1234eb0b969c-006926b747" "proxy-server 20" 0.0088 "-" 25 0
Nov 26 08:16:07 standalone proxy-server[130032]: 172.18.0.2 172.18.0.100 26/Nov/2025/08/16/07 PUT /v1/AUTH_da08a65b703f4c80a14bf537805ad082/gnocchi.2ab40ccb-ba9a-4dee-92a1-2f7ab5056638/none_v3 HTTP/1.0 201 - python-swiftclient-3.11.1 gAAAAABpJraJ59gu... 22 - - txf4e7af20c1234eb0b969c-006926b747 - 0.0146 - - 1764144967.220861197 1764144967.235432386 0
Nov 26 08:16:07 standalone container-server[127852]: 172.20.0.100 - - [26/Nov/2025:08:16:07 +0000] "HEAD /d1/484/AUTH_da08a65b703f4c80a14bf537805ad082/gnocchi.444f7790-ebf0-4fa2-8b40-60e607dc9684" 404 - "HEAD http://172.18.0.2:8080/v1/AUTH_da08a65b703f4c80a14bf537805ad082/gnocchi.444f7790-ebf0-4fa2-8b40-60e607dc9684?format=json&states=listing" "tx5bbe5887a9984ffc89918-006926b747" "proxy-server 20" 0.0003 "-" 20 0
Nov 26 08:16:07 standalone object-server[128133]: 172.20.0.100 - - [26/Nov/2025:08:16:07 +0000] "GET /d1/791/AUTH_da08a65b703f4c80a14bf537805ad082/gnocchi.444f7790-ebf0-4fa2-8b40-60e607dc9684/none_v3" 404 70 "GET http://172.18.0.2:8080/v1/AUTH_da08a65b703f4c80a14bf537805ad082/gnocchi.444f7790-ebf0-4fa2-8b40-60e607dc9684/none_v3" "tx5bbe5887a9984ffc89918-006926b747" "proxy-server 20" 0.0003 "-" 24 0
Nov 26 08:16:07 standalone proxy-server[130032]: 172.18.0.2 172.18.0.100 26/Nov/2025/08/16/07 GET /v1/AUTH_da08a65b703f4c80a14bf537805ad082/gnocchi.444f7790-ebf0-4fa2-8b40-60e607dc9684/none_v3 HTTP/1.0 404 - python-swiftclient-3.11.1 gAAAAABpJraJ59gu... - 70 - tx5bbe5887a9984ffc89918-006926b747 - 0.0173 - - 1764144967.243444681 1764144967.260786772 0
Nov 26 08:16:07 standalone account-server[127855]: 172.20.0.100 - - [26/Nov/2025:08:16:07 +0000] "PUT /d1/746/AUTH_da08a65b703f4c80a14bf537805ad082/gnocchi.444f7790-ebf0-4fa2-8b40-60e607dc9684" 201 - "PUT http://172.20.0.100:6001/d1/484/AUTH_da08a65b703f4c80a14bf537805ad082/gnocchi.444f7790-ebf0-4fa2-8b40-60e607dc9684" "txea9adecca9474c3781e2f-006926b747" "container-server 22" 0.0108 "-" 22 0
Nov 26 08:16:07 standalone container-server[127862]: 172.20.0.100 - - [26/Nov/2025:08:16:07 +0000] "PUT /d1/484/AUTH_da08a65b703f4c80a14bf537805ad082/gnocchi.444f7790-ebf0-4fa2-8b40-60e607dc9684" 201 - "PUT http://172.18.0.2:8080/v1/AUTH_da08a65b703f4c80a14bf537805ad082/gnocchi.444f7790-ebf0-4fa2-8b40-60e607dc9684" "txea9adecca9474c3781e2f-006926b747" "proxy-server 20" 0.0212 "-" 22 0
Nov 26 08:16:07 standalone proxy-server[130032]: 172.18.0.2 172.18.0.100 26/Nov/2025/08/16/07 PUT /v1/AUTH_da08a65b703f4c80a14bf537805ad082/gnocchi.444f7790-ebf0-4fa2-8b40-60e607dc9684 HTTP/1.0 201 - python-swiftclient-3.11.1 gAAAAABpJraJ59gu... - - - txea9adecca9474c3781e2f-006926b747 - 0.0257 - - 1764144967.262790680 1764144967.288477421 0
Nov 26 08:16:07 standalone container-server[127862]: 172.20.0.100 - - [26/Nov/2025:08:16:07 +0000] "HEAD /d1/484/AUTH_da08a65b703f4c80a14bf537805ad082/gnocchi.444f7790-ebf0-4fa2-8b40-60e607dc9684" 204 - "HEAD http://172.18.0.2:8080/v1/AUTH_da08a65b703f4c80a14bf537805ad082/gnocchi.444f7790-ebf0-4fa2-8b40-60e607dc9684?format=json&states=listing" "tx0efb5fc7b6b7464caa37e-006926b747" "proxy-server 20" 0.0013 "-" 22 0
Nov 26 08:16:07 standalone proxy-server[130032]: - - 26/Nov/2025/08/16/07 HEAD /v1/AUTH_da08a65b703f4c80a14bf537805ad082/gnocchi.444f7790-ebf0-4fa2-8b40-60e607dc9684%3Fformat%3Djson%26states%3Dlisting HTTP/1.0 204 - Swift - - - - tx0efb5fc7b6b7464caa37e-006926b747 - 0.0054 RL - 1764144967.292580128 1764144967.298026323 0
Nov 26 08:16:07 standalone container-server[127854]: 172.20.0.100 - - [26/Nov/2025:08:16:07 +0000] "GET /d1/484/AUTH_da08a65b703f4c80a14bf537805ad082/gnocchi.444f7790-ebf0-4fa2-8b40-60e607dc9684" 200 2 "GET http://172.18.0.2:8080/v1/AUTH_da08a65b703f4c80a14bf537805ad082/gnocchi.444f7790-ebf0-4fa2-8b40-60e607dc9684?format=json&states=listing" "tx0efb5fc7b6b7464caa37e-006926b747" "proxy-server 20" 0.0024 "-" 21 0
Nov 26 08:16:07 standalone proxy-server[130032]: 172.18.0.2 172.18.0.100 26/Nov/2025/08/16/07 GET /v1/AUTH_da08a65b703f4c80a14bf537805ad082/gnocchi.444f7790-ebf0-4fa2-8b40-60e607dc9684%3Fformat%3Djson%26states%3Dlisting HTTP/1.0 200 - python-swiftclient-3.11.1 gAAAAABpJraJ59gu... - 2 - tx0efb5fc7b6b7464caa37e-006926b747 - 0.0137 - - 1764144967.291768789 1764144967.305472851 0
Nov 26 08:16:07 standalone object-server[128134]: 172.20.0.100 - - [26/Nov/2025:08:16:07 +0000] "GET /d1/876/AUTH_da08a65b703f4c80a14bf537805ad082/gnocchi.444f7790-ebf0-4fa2-8b40-60e607dc9684/1763640000.0_mean_300.0_v3" 404 70 "GET http://172.18.0.2:8080/v1/AUTH_da08a65b703f4c80a14bf537805ad082/gnocchi.444f7790-ebf0-4fa2-8b40-60e607dc9684/1763640000.0_mean_300.0_v3" "tx84d1f1e2961f4ba9bf7bf-006926b747" "proxy-server 20" 0.0004 "-" 25 0
Nov 26 08:16:07 standalone proxy-server[130032]: 172.18.0.2 172.18.0.100 26/Nov/2025/08/16/07 GET /v1/AUTH_da08a65b703f4c80a14bf537805ad082/gnocchi.444f7790-ebf0-4fa2-8b40-60e607dc9684/1763640000.0_mean_300.0_v3 HTTP/1.0 404 - python-swiftclient-3.11.1 gAAAAABpJraJ59gu... - 70 - tx84d1f1e2961f4ba9bf7bf-006926b747 - 0.0077 - - 1764144967.308372259 1764144967.316053391 0
Nov 26 08:16:07 standalone container-server[127852]: 172.20.0.100 - - [26/Nov/2025:08:16:07 +0000] "PUT /d1/484/AUTH_da08a65b703f4c80a14bf537805ad082/gnocchi.444f7790-ebf0-4fa2-8b40-60e607dc9684/1763640000.0_mean_300.0_v3" 201 - "PUT http://172.18.0.2:8080/d1/876/AUTH_da08a65b703f4c80a14bf537805ad082/gnocchi.444f7790-ebf0-4fa2-8b40-60e607dc9684/1763640000.0_mean_300.0_v3" "tx5c2db471e3fa407d98e5a-006926b747" "object-server 22" 0.0006 "-" 20 0
Nov 26 08:16:07 standalone object-server[128123]: 172.20.0.100 - - [26/Nov/2025:08:16:07 +0000] "PUT /d1/876/AUTH_da08a65b703f4c80a14bf537805ad082/gnocchi.444f7790-ebf0-4fa2-8b40-60e607dc9684/1763640000.0_mean_300.0_v3" 201 - "PUT http://172.18.0.2:8080/v1/AUTH_da08a65b703f4c80a14bf537805ad082/gnocchi.444f7790-ebf0-4fa2-8b40-60e607dc9684/1763640000.0_mean_300.0_v3" "tx5c2db471e3fa407d98e5a-006926b747" "proxy-server 20" 0.0173 "-" 22 0
Nov 26 08:16:07 standalone proxy-server[130032]: 172.18.0.2 172.18.0.100 26/Nov/2025/08/16/07 PUT /v1/AUTH_da08a65b703f4c80a14bf537805ad082/gnocchi.444f7790-ebf0-4fa2-8b40-60e607dc9684/1763640000.0_mean_300.0_v3 HTTP/1.0 201 - python-swiftclient-3.11.1 gAAAAABpJraJ59gu... 16 - - tx5c2db471e3fa407d98e5a-006926b747 - 0.0273 - - 1764144967.318410397 1764144967.345665216 0
Nov 26 08:16:07 standalone container-server[127852]: 172.20.0.100 - - [26/Nov/2025:08:16:07 +0000] "PUT /d1/484/AUTH_da08a65b703f4c80a14bf537805ad082/gnocchi.444f7790-ebf0-4fa2-8b40-60e607dc9684/none_v3" 201 - "PUT http://172.18.0.2:8080/d1/791/AUTH_da08a65b703f4c80a14bf537805ad082/gnocchi.444f7790-ebf0-4fa2-8b40-60e607dc9684/none_v3" "txd4a79479f7224a9290026-006926b747" "object-server 23" 0.0005 "-" 20 0
Nov 26 08:16:07 standalone object-server[128128]: 172.20.0.100 - - [26/Nov/2025:08:16:07 +0000] "PUT /d1/791/AUTH_da08a65b703f4c80a14bf537805ad082/gnocchi.444f7790-ebf0-4fa2-8b40-60e607dc9684/none_v3" 201 - "PUT http://172.18.0.2:8080/v1/AUTH_da08a65b703f4c80a14bf537805ad082/gnocchi.444f7790-ebf0-4fa2-8b40-60e607dc9684/none_v3" "txd4a79479f7224a9290026-006926b747" "proxy-server 20" 0.0089 "-" 23 0
Nov 26 08:16:07 standalone proxy-server[130032]: 172.18.0.2 172.18.0.100 26/Nov/2025/08/16/07 PUT /v1/AUTH_da08a65b703f4c80a14bf537805ad082/gnocchi.444f7790-ebf0-4fa2-8b40-60e607dc9684/none_v3 HTTP/1.0 201 - python-swiftclient-3.11.1 gAAAAABpJraJ59gu... 22 - - txd4a79479f7224a9290026-006926b747 - 0.0175 - - 1764144967.350494146 1764144967.367982626 0
Nov 26 08:16:07 standalone container-server[127852]: 172.20.0.100 - - [26/Nov/2025:08:16:07 +0000] "HEAD /d1/203/AUTH_da08a65b703f4c80a14bf537805ad082/gnocchi.1f73599c-bdcb-4173-98a9-06c6bd6a5296" 404 - "HEAD http://172.18.0.2:8080/v1/AUTH_da08a65b703f4c80a14bf537805ad082/gnocchi.1f73599c-bdcb-4173-98a9-06c6bd6a5296?format=json&states=listing" "txdf9359fe74204feface2d-006926b747" "proxy-server 20" 0.0004 "-" 20 0
Nov 26 08:16:07 standalone object-server[128134]: 172.20.0.100 - - [26/Nov/2025:08:16:07 +0000] "GET /d1/303/AUTH_da08a65b703f4c80a14bf537805ad082/gnocchi.1f73599c-bdcb-4173-98a9-06c6bd6a5296/none_v3" 404 70 "GET http://172.18.0.2:8080/v1/AUTH_da08a65b703f4c80a14bf537805ad082/gnocchi.1f73599c-bdcb-4173-98a9-06c6bd6a5296/none_v3" "txdf9359fe74204feface2d-006926b747" "proxy-server 20" 0.0003 "-" 25 0
Nov 26 08:16:07 standalone proxy-server[130032]: 172.18.0.2 172.18.0.100 26/Nov/2025/08/16/07 GET /v1/AUTH_da08a65b703f4c80a14bf537805ad082/gnocchi.1f73599c-bdcb-4173-98a9-06c6bd6a5296/none_v3 HTTP/1.0 404 - python-swiftclient-3.11.1 gAAAAABpJraJ59gu... - 70 - txdf9359fe74204feface2d-006926b747 - 0.0135 - - 1764144967.376341581 1764144967.389825106 0
Nov 26 08:16:07 standalone account-server[127857]: 172.20.0.100 - - [26/Nov/2025:08:16:07 +0000] "PUT /d1/746/AUTH_da08a65b703f4c80a14bf537805ad082/gnocchi.1f73599c-bdcb-4173-98a9-06c6bd6a5296" 201 - "PUT http://172.20.0.100:6001/d1/203/AUTH_da08a65b703f4c80a14bf537805ad082/gnocchi.1f73599c-bdcb-4173-98a9-06c6bd6a5296" "tx6f2f760997c74fdea808b-006926b747" "container-server 21" 0.0038 "-" 23 0
Nov 26 08:16:07 standalone container-server[127854]: 172.20.0.100 - - [26/Nov/2025:08:16:07 +0000] "PUT /d1/203/AUTH_da08a65b703f4c80a14bf537805ad082/gnocchi.1f73599c-bdcb-4173-98a9-06c6bd6a5296" 201 - "PUT http://172.18.0.2:8080/v1/AUTH_da08a65b703f4c80a14bf537805ad082/gnocchi.1f73599c-bdcb-4173-98a9-06c6bd6a5296" "tx6f2f760997c74fdea808b-006926b747" "proxy-server 20" 0.0154 "-" 21 0
Nov 26 08:16:07 standalone proxy-server[130032]: 172.18.0.2 172.18.0.100 26/Nov/2025/08/16/07 PUT /v1/AUTH_da08a65b703f4c80a14bf537805ad082/gnocchi.1f73599c-bdcb-4173-98a9-06c6bd6a5296 HTTP/1.0 201 - python-swiftclient-3.11.1 gAAAAABpJraJ59gu... - - - tx6f2f760997c74fdea808b-006926b747 - 0.0205 - - 1764144967.393810034 1764144967.414289236 0
Nov 26 08:16:07 standalone container-server[127854]: 172.20.0.100 - - [26/Nov/2025:08:16:07 +0000] "HEAD /d1/203/AUTH_da08a65b703f4c80a14bf537805ad082/gnocchi.1f73599c-bdcb-4173-98a9-06c6bd6a5296" 204 - "HEAD http://172.18.0.2:8080/v1/AUTH_da08a65b703f4c80a14bf537805ad082/gnocchi.1f73599c-bdcb-4173-98a9-06c6bd6a5296?format=json&states=listing" "tx6b7cb7a613a34b1d86978-006926b747" "proxy-server 20" 0.0016 "-" 21 0
Nov 26 08:16:07 standalone proxy-server[130032]: - - 26/Nov/2025/08/16/07 HEAD /v1/AUTH_da08a65b703f4c80a14bf537805ad082/gnocchi.1f73599c-bdcb-4173-98a9-06c6bd6a5296%3Fformat%3Djson%26states%3Dlisting HTTP/1.0 204 - Swift - - - - tx6b7cb7a613a34b1d86978-006926b747 - 0.0051 RL - 1764144967.418597221 1764144967.423678875 0
Nov 26 08:16:07 standalone container-server[127862]: 172.20.0.100 - - [26/Nov/2025:08:16:07 +0000] "GET /d1/203/AUTH_da08a65b703f4c80a14bf537805ad082/gnocchi.1f73599c-bdcb-4173-98a9-06c6bd6a5296" 200 2 "GET http://172.18.0.2:8080/v1/AUTH_da08a65b703f4c80a14bf537805ad082/gnocchi.1f73599c-bdcb-4173-98a9-06c6bd6a5296?format=json&states=listing" "tx6b7cb7a613a34b1d86978-006926b747" "proxy-server 20" 0.0018 "-" 22 0
Nov 26 08:16:07 standalone proxy-server[130032]: 172.18.0.2 172.18.0.100 26/Nov/2025/08/16/07 GET /v1/AUTH_da08a65b703f4c80a14bf537805ad082/gnocchi.1f73599c-bdcb-4173-98a9-06c6bd6a5296%3Fformat%3Djson%26states%3Dlisting HTTP/1.0 200 - python-swiftclient-3.11.1 gAAAAABpJraJ59gu... - 2 - tx6b7cb7a613a34b1d86978-006926b747 - 0.0124 - - 1764144967.417632580 1764144967.430045366 0
Nov 26 08:16:07 standalone object-server[128134]: 172.20.0.100 - - [26/Nov/2025:08:16:07 +0000] "GET /d1/960/AUTH_da08a65b703f4c80a14bf537805ad082/gnocchi.1f73599c-bdcb-4173-98a9-06c6bd6a5296/1763640000.0_mean_300.0_v3" 404 70 "GET http://172.18.0.2:8080/v1/AUTH_da08a65b703f4c80a14bf537805ad082/gnocchi.1f73599c-bdcb-4173-98a9-06c6bd6a5296/1763640000.0_mean_300.0_v3" "txf1018ab277bc4eb0957d5-006926b747" "proxy-server 20" 0.0004 "-" 25 0
Nov 26 08:16:07 standalone proxy-server[130032]: 172.18.0.2 172.18.0.100 26/Nov/2025/08/16/07 GET /v1/AUTH_da08a65b703f4c80a14bf537805ad082/gnocchi.1f73599c-bdcb-4173-98a9-06c6bd6a5296/1763640000.0_mean_300.0_v3 HTTP/1.0 404 - python-swiftclient-3.11.1 gAAAAABpJraJ59gu... - 70 - txf1018ab277bc4eb0957d5-006926b747 - 0.0082 - - 1764144967.432573080 1764144967.440768003 0
Nov 26 08:16:07 standalone container-server[127874]: 172.20.0.100 - - [26/Nov/2025:08:16:07 +0000] "PUT /d1/203/AUTH_da08a65b703f4c80a14bf537805ad082/gnocchi.1f73599c-bdcb-4173-98a9-06c6bd6a5296/1763640000.0_mean_300.0_v3" 201 - "PUT http://172.18.0.2:8080/d1/960/AUTH_da08a65b703f4c80a14bf537805ad082/gnocchi.1f73599c-bdcb-4173-98a9-06c6bd6a5296/1763640000.0_mean_300.0_v3" "txbde9bc9745ed4adc8986a-006926b747" "object-server 25" 0.0006 "-" 23 0
Nov 26 08:16:07 standalone object-server[128134]: 172.20.0.100 - - [26/Nov/2025:08:16:07 +0000] "PUT /d1/960/AUTH_da08a65b703f4c80a14bf537805ad082/gnocchi.1f73599c-bdcb-4173-98a9-06c6bd6a5296/1763640000.0_mean_300.0_v3" 201 - "PUT http://172.18.0.2:8080/v1/AUTH_da08a65b703f4c80a14bf537805ad082/gnocchi.1f73599c-bdcb-4173-98a9-06c6bd6a5296/1763640000.0_mean_300.0_v3" "txbde9bc9745ed4adc8986a-006926b747" "proxy-server 20" 0.0393 "-" 25 0
Nov 26 08:16:07 standalone proxy-server[130032]: 172.18.0.2 172.18.0.100 26/Nov/2025/08/16/07 PUT /v1/AUTH_da08a65b703f4c80a14bf537805ad082/gnocchi.1f73599c-bdcb-4173-98a9-06c6bd6a5296/1763640000.0_mean_300.0_v3 HTTP/1.0 201 - python-swiftclient-3.11.1 gAAAAABpJraJ59gu... 16 - - txbde9bc9745ed4adc8986a-006926b747 - 0.0482 - - 1764144967.445405960 1764144967.493651867 0
Nov 26 08:16:07 standalone container-server[127852]: 172.20.0.100 - - [26/Nov/2025:08:16:07 +0000] "PUT /d1/203/AUTH_da08a65b703f4c80a14bf537805ad082/gnocchi.1f73599c-bdcb-4173-98a9-06c6bd6a5296/none_v3" 201 - "PUT http://172.18.0.2:8080/d1/303/AUTH_da08a65b703f4c80a14bf537805ad082/gnocchi.1f73599c-bdcb-4173-98a9-06c6bd6a5296/none_v3" "txfb6c531e9c8a47f1a0b8a-006926b747" "object-server 22" 0.0005 "-" 20 0
Nov 26 08:16:07 standalone object-server[128123]: 172.20.0.100 - - [26/Nov/2025:08:16:07 +0000] "PUT /d1/303/AUTH_da08a65b703f4c80a14bf537805ad082/gnocchi.1f73599c-bdcb-4173-98a9-06c6bd6a5296/none_v3" 201 - "PUT http://172.18.0.2:8080/v1/AUTH_da08a65b703f4c80a14bf537805ad082/gnocchi.1f73599c-bdcb-4173-98a9-06c6bd6a5296/none_v3" "txfb6c531e9c8a47f1a0b8a-006926b747" "proxy-server 20" 0.0103 "-" 22 0
Nov 26 08:16:07 standalone proxy-server[130032]: 172.18.0.2 172.18.0.100 26/Nov/2025/08/16/07 PUT /v1/AUTH_da08a65b703f4c80a14bf537805ad082/gnocchi.1f73599c-bdcb-4173-98a9-06c6bd6a5296/none_v3 HTTP/1.0 201 - python-swiftclient-3.11.1 gAAAAABpJraJ59gu... 22 - - txfb6c531e9c8a47f1a0b8a-006926b747 - 0.0202 - - 1764144967.496733427 1764144967.516936302 0
Nov 26 08:16:07 standalone container-server[127852]: 172.20.0.100 - - [26/Nov/2025:08:16:07 +0000] "HEAD /d1/958/AUTH_da08a65b703f4c80a14bf537805ad082/gnocchi.22c86e0c-5149-4916-b121-302130e4af5d" 404 - "HEAD http://172.18.0.2:8080/v1/AUTH_da08a65b703f4c80a14bf537805ad082/gnocchi.22c86e0c-5149-4916-b121-302130e4af5d?format=json&states=listing" "tx9072831a89c04d5d8d9a7-006926b747" "proxy-server 20" 0.0004 "-" 20 0
Nov 26 08:16:07 standalone object-server[128128]: 172.20.0.100 - - [26/Nov/2025:08:16:07 +0000] "GET /d1/308/AUTH_da08a65b703f4c80a14bf537805ad082/gnocchi.22c86e0c-5149-4916-b121-302130e4af5d/none_v3" 404 70 "GET http://172.18.0.2:8080/v1/AUTH_da08a65b703f4c80a14bf537805ad082/gnocchi.22c86e0c-5149-4916-b121-302130e4af5d/none_v3" "tx9072831a89c04d5d8d9a7-006926b747" "proxy-server 20" 0.0003 "-" 23 0
Nov 26 08:16:07 standalone proxy-server[130032]: 172.18.0.2 172.18.0.100 26/Nov/2025/08/16/07 GET /v1/AUTH_da08a65b703f4c80a14bf537805ad082/gnocchi.22c86e0c-5149-4916-b121-302130e4af5d/none_v3 HTTP/1.0 404 - python-swiftclient-3.11.1 gAAAAABpJraJ59gu... - 70 - tx9072831a89c04d5d8d9a7-006926b747 - 0.0101 - - 1764144967.533695459 1764144967.543767691 0
Nov 26 08:16:07 standalone account-server[127850]: 172.20.0.100 - - [26/Nov/2025:08:16:07 +0000] "PUT /d1/746/AUTH_da08a65b703f4c80a14bf537805ad082/gnocchi.22c86e0c-5149-4916-b121-302130e4af5d" 201 - "PUT http://172.20.0.100:6001/d1/958/AUTH_da08a65b703f4c80a14bf537805ad082/gnocchi.22c86e0c-5149-4916-b121-302130e4af5d" "txa22b2d33e3c34944a61f8-006926b747" "container-server 22" 0.0062 "-" 20 0
Nov 26 08:16:07 standalone container-server[127862]: 172.20.0.100 - - [26/Nov/2025:08:16:07 +0000] "PUT /d1/958/AUTH_da08a65b703f4c80a14bf537805ad082/gnocchi.22c86e0c-5149-4916-b121-302130e4af5d" 201 - "PUT http://172.18.0.2:8080/v1/AUTH_da08a65b703f4c80a14bf537805ad082/gnocchi.22c86e0c-5149-4916-b121-302130e4af5d" "txa22b2d33e3c34944a61f8-006926b747" "proxy-server 20" 0.0160 "-" 22 0
Nov 26 08:16:07 standalone proxy-server[130032]: 172.18.0.2 172.18.0.100 26/Nov/2025/08/16/07 PUT /v1/AUTH_da08a65b703f4c80a14bf537805ad082/gnocchi.22c86e0c-5149-4916-b121-302130e4af5d HTTP/1.0 201 - python-swiftclient-3.11.1 gAAAAABpJraJ59gu... - - - txa22b2d33e3c34944a61f8-006926b747 - 0.0217 - - 1764144967.546084404 1764144967.567795753 0
Nov 26 08:16:07 standalone container-server[127854]: 172.20.0.100 - - [26/Nov/2025:08:16:07 +0000] "HEAD /d1/878/AUTH_da08a65b703f4c80a14bf537805ad082/gnocchi.8c912baa-1e62-4fc0-910f-7a39c1330fdd" 404 - "HEAD http://172.18.0.2:8080/v1/AUTH_da08a65b703f4c80a14bf537805ad082/gnocchi.8c912baa-1e62-4fc0-910f-7a39c1330fdd?format=json&states=listing" "txf4c82a4bc90546109e2ab-006926b747" "proxy-server 20" 0.0006 "-" 21 0
Nov 26 08:16:07 standalone object-server[128128]: 172.20.0.100 - - [26/Nov/2025:08:16:07 +0000] "GET /d1/521/AUTH_da08a65b703f4c80a14bf537805ad082/gnocchi.8c912baa-1e62-4fc0-910f-7a39c1330fdd/none_v3" 404 70 "GET http://172.18.0.2:8080/v1/AUTH_da08a65b703f4c80a14bf537805ad082/gnocchi.8c912baa-1e62-4fc0-910f-7a39c1330fdd/none_v3" "txf4c82a4bc90546109e2ab-006926b747" "proxy-server 20" 0.0003 "-" 23 0
Nov 26 08:16:07 standalone proxy-server[130032]: 172.18.0.2 172.18.0.100 26/Nov/2025/08/16/07 GET /v1/AUTH_da08a65b703f4c80a14bf537805ad082/gnocchi.8c912baa-1e62-4fc0-910f-7a39c1330fdd/none_v3 HTTP/1.0 404 - python-swiftclient-3.11.1 gAAAAABpJraJ59gu... - 70 - txf4c82a4bc90546109e2ab-006926b747 - 0.0124 - - 1764144967.571024418 1764144967.583443642 0
Nov 26 08:16:07 standalone account-server[127853]: 172.20.0.100 - - [26/Nov/2025:08:16:07 +0000] "PUT /d1/746/AUTH_da08a65b703f4c80a14bf537805ad082/gnocchi.8c912baa-1e62-4fc0-910f-7a39c1330fdd" 201 - "PUT http://172.20.0.100:6001/d1/878/AUTH_da08a65b703f4c80a14bf537805ad082/gnocchi.8c912baa-1e62-4fc0-910f-7a39c1330fdd" "tx286df8229574487a9c3e5-006926b747" "container-server 20" 0.0047 "-" 21 0
Nov 26 08:16:07 standalone container-server[127852]: 172.20.0.100 - - [26/Nov/2025:08:16:07 +0000] "PUT /d1/878/AUTH_da08a65b703f4c80a14bf537805ad082/gnocchi.8c912baa-1e62-4fc0-910f-7a39c1330fdd" 201 - "PUT http://172.18.0.2:8080/v1/AUTH_da08a65b703f4c80a14bf537805ad082/gnocchi.8c912baa-1e62-4fc0-910f-7a39c1330fdd" "tx286df8229574487a9c3e5-006926b747" "proxy-server 20" 0.0151 "-" 20 0
Nov 26 08:16:07 standalone proxy-server[130032]: 172.18.0.2 172.18.0.100 26/Nov/2025/08/16/07 PUT /v1/AUTH_da08a65b703f4c80a14bf537805ad082/gnocchi.8c912baa-1e62-4fc0-910f-7a39c1330fdd HTTP/1.0 201 - python-swiftclient-3.11.1 gAAAAABpJraJ59gu... - - - tx286df8229574487a9c3e5-006926b747 - 0.0262 - - 1764144967.587456226 1764144967.613700628 0
Nov 26 08:16:07 standalone container-server[127862]: 172.20.0.100 - - [26/Nov/2025:08:16:07 +0000] "HEAD /d1/917/AUTH_da08a65b703f4c80a14bf537805ad082/gnocchi.def3c305-42f2-4d75-aa63-38fb8831abdd" 404 - "HEAD http://172.18.0.2:8080/v1/AUTH_da08a65b703f4c80a14bf537805ad082/gnocchi.def3c305-42f2-4d75-aa63-38fb8831abdd?format=json&states=listing" "txe8ac696129f04014bdc74-006926b747" "proxy-server 20" 0.0003 "-" 22 0
Nov 26 08:16:07 standalone object-server[128123]: 172.20.0.100 - - [26/Nov/2025:08:16:07 +0000] "GET /d1/410/AUTH_da08a65b703f4c80a14bf537805ad082/gnocchi.def3c305-42f2-4d75-aa63-38fb8831abdd/none_v3" 404 70 "GET http://172.18.0.2:8080/v1/AUTH_da08a65b703f4c80a14bf537805ad082/gnocchi.def3c305-42f2-4d75-aa63-38fb8831abdd/none_v3" "txe8ac696129f04014bdc74-006926b747" "proxy-server 20" 0.0004 "-" 22 0
Nov 26 08:16:07 standalone proxy-server[130032]: 172.18.0.2 172.18.0.100 26/Nov/2025/08/16/07 GET /v1/AUTH_da08a65b703f4c80a14bf537805ad082/gnocchi.def3c305-42f2-4d75-aa63-38fb8831abdd/none_v3 HTTP/1.0 404 - python-swiftclient-3.11.1 gAAAAABpJraJ59gu... - 70 - txe8ac696129f04014bdc74-006926b747 - 0.0122 - - 1764144967.618827820 1764144967.630984306 0
Nov 26 08:16:07 standalone account-server[127850]: 172.20.0.100 - - [26/Nov/2025:08:16:07 +0000] "PUT /d1/746/AUTH_da08a65b703f4c80a14bf537805ad082/gnocchi.def3c305-42f2-4d75-aa63-38fb8831abdd" 201 - "PUT http://172.20.0.100:6001/d1/917/AUTH_da08a65b703f4c80a14bf537805ad082/gnocchi.def3c305-42f2-4d75-aa63-38fb8831abdd" "txe1b3ff42c50c4794a06a3-006926b747" "container-server 20" 0.0111 "-" 20 0
Nov 26 08:16:07 standalone container-server[127852]: 172.20.0.100 - - [26/Nov/2025:08:16:07 +0000] "PUT /d1/917/AUTH_da08a65b703f4c80a14bf537805ad082/gnocchi.def3c305-42f2-4d75-aa63-38fb8831abdd" 201 - "PUT http://172.18.0.2:8080/v1/AUTH_da08a65b703f4c80a14bf537805ad082/gnocchi.def3c305-42f2-4d75-aa63-38fb8831abdd" "txe1b3ff42c50c4794a06a3-006926b747" "proxy-server 20" 0.0220 "-" 20 0
Nov 26 08:16:07 standalone proxy-server[130032]: 172.18.0.2 172.18.0.100 26/Nov/2025/08/16/07 PUT /v1/AUTH_da08a65b703f4c80a14bf537805ad082/gnocchi.def3c305-42f2-4d75-aa63-38fb8831abdd HTTP/1.0 201 - python-swiftclient-3.11.1 gAAAAABpJraJ59gu... - - - txe1b3ff42c50c4794a06a3-006926b747 - 0.0280 - - 1764144967.634808064 1764144967.662779093 0
Nov 26 08:16:07 standalone container-server[127852]: 172.20.0.100 - - [26/Nov/2025:08:16:07 +0000] "HEAD /d1/958/AUTH_da08a65b703f4c80a14bf537805ad082/gnocchi.22c86e0c-5149-4916-b121-302130e4af5d" 204 - "HEAD http://172.18.0.2:8080/v1/AUTH_da08a65b703f4c80a14bf537805ad082/gnocchi.22c86e0c-5149-4916-b121-302130e4af5d?format=json&states=listing" "tx5d55d659dc52475b841eb-006926b747" "proxy-server 20" 0.0010 "-" 20 0
Nov 26 08:16:07 standalone proxy-server[130032]: - - 26/Nov/2025/08/16/07 HEAD /v1/AUTH_da08a65b703f4c80a14bf537805ad082/gnocchi.22c86e0c-5149-4916-b121-302130e4af5d%3Fformat%3Djson%26states%3Dlisting HTTP/1.0 204 - Swift - - - - tx5d55d659dc52475b841eb-006926b747 - 0.0037 RL - 1764144967.669139147 1764144967.672842264 0
Nov 26 08:16:07 standalone container-server[127852]: 172.20.0.100 - - [26/Nov/2025:08:16:07 +0000] "GET /d1/958/AUTH_da08a65b703f4c80a14bf537805ad082/gnocchi.22c86e0c-5149-4916-b121-302130e4af5d" 200 2 "GET http://172.18.0.2:8080/v1/AUTH_da08a65b703f4c80a14bf537805ad082/gnocchi.22c86e0c-5149-4916-b121-302130e4af5d?format=json&states=listing" "tx5d55d659dc52475b841eb-006926b747" "proxy-server 20" 0.0017 "-" 20 0
Nov 26 08:16:07 standalone proxy-server[130032]: 172.18.0.2 172.18.0.100 26/Nov/2025/08/16/07 GET /v1/AUTH_da08a65b703f4c80a14bf537805ad082/gnocchi.22c86e0c-5149-4916-b121-302130e4af5d%3Fformat%3Djson%26states%3Dlisting HTTP/1.0 200 - python-swiftclient-3.11.1 gAAAAABpJraJ59gu... - 2 - tx5d55d659dc52475b841eb-006926b747 - 0.0139 - - 1764144967.668011665 1764144967.681895733 0
Nov 26 08:16:07 standalone container-server[127874]: 172.20.0.100 - - [26/Nov/2025:08:16:07 +0000] "HEAD /d1/878/AUTH_da08a65b703f4c80a14bf537805ad082/gnocchi.8c912baa-1e62-4fc0-910f-7a39c1330fdd" 204 - "HEAD http://172.18.0.2:8080/v1/AUTH_da08a65b703f4c80a14bf537805ad082/gnocchi.8c912baa-1e62-4fc0-910f-7a39c1330fdd?format=json&states=listing" "txa1bf7eac87e54761aa33e-006926b747" "proxy-server 20" 0.0015 "-" 23 0
Nov 26 08:16:07 standalone proxy-server[130032]: - - 26/Nov/2025/08/16/07 HEAD /v1/AUTH_da08a65b703f4c80a14bf537805ad082/gnocchi.8c912baa-1e62-4fc0-910f-7a39c1330fdd%3Fformat%3Djson%26states%3Dlisting HTTP/1.0 204 - Swift - - - - txa1bf7eac87e54761aa33e-006926b747 - 0.0056 RL - 1764144967.686637163 1764144967.692200661 0
Nov 26 08:16:07 standalone container-server[127852]: 172.20.0.100 - - [26/Nov/2025:08:16:07 +0000] "GET /d1/878/AUTH_da08a65b703f4c80a14bf537805ad082/gnocchi.8c912baa-1e62-4fc0-910f-7a39c1330fdd" 200 2 "GET http://172.18.0.2:8080/v1/AUTH_da08a65b703f4c80a14bf537805ad082/gnocchi.8c912baa-1e62-4fc0-910f-7a39c1330fdd?format=json&states=listing" "txa1bf7eac87e54761aa33e-006926b747" "proxy-server 20" 0.0015 "-" 20 0
Nov 26 08:16:07 standalone proxy-server[130032]: 172.18.0.2 172.18.0.100 26/Nov/2025/08/16/07 GET /v1/AUTH_da08a65b703f4c80a14bf537805ad082/gnocchi.8c912baa-1e62-4fc0-910f-7a39c1330fdd%3Fformat%3Djson%26states%3Dlisting HTTP/1.0 200 - python-swiftclient-3.11.1 gAAAAABpJraJ59gu... - 2 - txa1bf7eac87e54761aa33e-006926b747 - 0.0118 - - 1764144967.685936689 1764144967.697772026 0
Nov 26 08:16:07 standalone container-server[127862]: 172.20.0.100 - - [26/Nov/2025:08:16:07 +0000] "HEAD /d1/917/AUTH_da08a65b703f4c80a14bf537805ad082/gnocchi.def3c305-42f2-4d75-aa63-38fb8831abdd" 204 - "HEAD http://172.18.0.2:8080/v1/AUTH_da08a65b703f4c80a14bf537805ad082/gnocchi.def3c305-42f2-4d75-aa63-38fb8831abdd?format=json&states=listing" "tx3ce7b278137a40fea123c-006926b747" "proxy-server 20" 0.0014 "-" 22 0
Nov 26 08:16:07 standalone proxy-server[130032]: - - 26/Nov/2025/08/16/07 HEAD /v1/AUTH_da08a65b703f4c80a14bf537805ad082/gnocchi.def3c305-42f2-4d75-aa63-38fb8831abdd%3Fformat%3Djson%26states%3Dlisting HTTP/1.0 204 - Swift - - - - tx3ce7b278137a40fea123c-006926b747 - 0.0052 RL - 1764144967.702959061 1764144967.708172560 0
Nov 26 08:16:07 standalone container-server[127852]: 172.20.0.100 - - [26/Nov/2025:08:16:07 +0000] "GET /d1/917/AUTH_da08a65b703f4c80a14bf537805ad082/gnocchi.def3c305-42f2-4d75-aa63-38fb8831abdd" 200 2 "GET http://172.18.0.2:8080/v1/AUTH_da08a65b703f4c80a14bf537805ad082/gnocchi.def3c305-42f2-4d75-aa63-38fb8831abdd?format=json&states=listing" "tx3ce7b278137a40fea123c-006926b747" "proxy-server 20" 0.0027 "-" 20 0
Nov 26 08:16:07 standalone proxy-server[130032]: 172.18.0.2 172.18.0.100 26/Nov/2025/08/16/07 GET /v1/AUTH_da08a65b703f4c80a14bf537805ad082/gnocchi.def3c305-42f2-4d75-aa63-38fb8831abdd%3Fformat%3Djson%26states%3Dlisting HTTP/1.0 200 - python-swiftclient-3.11.1 gAAAAABpJraJ59gu... - 2 - tx3ce7b278137a40fea123c-006926b747 - 0.0163 - - 1764144967.701963186 1764144967.718305349 0
Nov 26 08:16:07 standalone object-server[128123]: 172.20.0.100 - - [26/Nov/2025:08:16:07 +0000] "GET /d1/456/AUTH_da08a65b703f4c80a14bf537805ad082/gnocchi.22c86e0c-5149-4916-b121-302130e4af5d/1763640000.0_mean_300.0_v3" 404 70 "GET http://172.18.0.2:8080/v1/AUTH_da08a65b703f4c80a14bf537805ad082/gnocchi.22c86e0c-5149-4916-b121-302130e4af5d/1763640000.0_mean_300.0_v3" "txf85960f9e9e146df83049-006926b747" "proxy-server 20" 0.0005 "-" 22 0
Nov 26 08:16:07 standalone proxy-server[130032]: 172.18.0.2 172.18.0.100 26/Nov/2025/08/16/07 GET /v1/AUTH_da08a65b703f4c80a14bf537805ad082/gnocchi.22c86e0c-5149-4916-b121-302130e4af5d/1763640000.0_mean_300.0_v3 HTTP/1.0 404 - python-swiftclient-3.11.1 gAAAAABpJraJ59gu... - 70 - txf85960f9e9e146df83049-006926b747 - 0.0140 - - 1764144967.723742247 1764144967.737770081 0
Nov 26 08:16:07 standalone object-server[128123]: 172.20.0.100 - - [26/Nov/2025:08:16:07 +0000] "GET /d1/73/AUTH_da08a65b703f4c80a14bf537805ad082/gnocchi.8c912baa-1e62-4fc0-910f-7a39c1330fdd/1763640000.0_mean_300.0_v3" 404 70 "GET http://172.18.0.2:8080/v1/AUTH_da08a65b703f4c80a14bf537805ad082/gnocchi.8c912baa-1e62-4fc0-910f-7a39c1330fdd/1763640000.0_mean_300.0_v3" "txbd592e91ca824804b7845-006926b747" "proxy-server 20" 0.0004 "-" 22 0
Nov 26 08:16:07 standalone proxy-server[130032]: 172.18.0.2 172.18.0.100 26/Nov/2025/08/16/07 GET /v1/AUTH_da08a65b703f4c80a14bf537805ad082/gnocchi.8c912baa-1e62-4fc0-910f-7a39c1330fdd/1763640000.0_mean_300.0_v3 HTTP/1.0 404 - python-swiftclient-3.11.1 gAAAAABpJraJ59gu... - 70 - txbd592e91ca824804b7845-006926b747 - 0.0107 - - 1764144967.745580435 1764144967.756326675 0
Nov 26 08:16:07 standalone object-server[128134]: 172.20.0.100 - - [26/Nov/2025:08:16:07 +0000] "GET /d1/488/AUTH_da08a65b703f4c80a14bf537805ad082/gnocchi.def3c305-42f2-4d75-aa63-38fb8831abdd/1763640000.0_mean_300.0_v3" 404 70 "GET http://172.18.0.2:8080/v1/AUTH_da08a65b703f4c80a14bf537805ad082/gnocchi.def3c305-42f2-4d75-aa63-38fb8831abdd/1763640000.0_mean_300.0_v3" "tx64ae3c93e9b74e9da2d13-006926b747" "proxy-server 20" 0.0004 "-" 25 0
Nov 26 08:16:07 standalone proxy-server[130032]: 172.18.0.2 172.18.0.100 26/Nov/2025/08/16/07 GET /v1/AUTH_da08a65b703f4c80a14bf537805ad082/gnocchi.def3c305-42f2-4d75-aa63-38fb8831abdd/1763640000.0_mean_300.0_v3 HTTP/1.0 404 - python-swiftclient-3.11.1 gAAAAABpJraJ59gu... - 70 - tx64ae3c93e9b74e9da2d13-006926b747 - 0.0091 - - 1764144967.759121180 1764144967.768191814 0
Nov 26 08:16:07 standalone container-server[127862]: 172.20.0.100 - - [26/Nov/2025:08:16:07 +0000] "PUT /d1/958/AUTH_da08a65b703f4c80a14bf537805ad082/gnocchi.22c86e0c-5149-4916-b121-302130e4af5d/1763640000.0_mean_300.0_v3" 201 - "PUT http://172.18.0.2:8080/d1/456/AUTH_da08a65b703f4c80a14bf537805ad082/gnocchi.22c86e0c-5149-4916-b121-302130e4af5d/1763640000.0_mean_300.0_v3" "tx454873306b2949f5a198e-006926b747" "object-server 23" 0.0008 "-" 22 0
Nov 26 08:16:07 standalone object-server[128128]: 172.20.0.100 - - [26/Nov/2025:08:16:07 +0000] "PUT /d1/456/AUTH_da08a65b703f4c80a14bf537805ad082/gnocchi.22c86e0c-5149-4916-b121-302130e4af5d/1763640000.0_mean_300.0_v3" 201 - "PUT http://172.18.0.2:8080/v1/AUTH_da08a65b703f4c80a14bf537805ad082/gnocchi.22c86e0c-5149-4916-b121-302130e4af5d/1763640000.0_mean_300.0_v3" "tx454873306b2949f5a198e-006926b747" "proxy-server 20" 0.0116 "-" 23 0
Nov 26 08:16:07 standalone proxy-server[130032]: 172.18.0.2 172.18.0.100 26/Nov/2025/08/16/07 PUT /v1/AUTH_da08a65b703f4c80a14bf537805ad082/gnocchi.22c86e0c-5149-4916-b121-302130e4af5d/1763640000.0_mean_300.0_v3 HTTP/1.0 201 - python-swiftclient-3.11.1 gAAAAABpJraJ59gu... 16 - - tx454873306b2949f5a198e-006926b747 - 0.0178 - - 1764144967.771449327 1764144967.789283514 0
Nov 26 08:16:07 standalone container-server[127862]: 172.20.0.100 - - [26/Nov/2025:08:16:07 +0000] "PUT /d1/878/AUTH_da08a65b703f4c80a14bf537805ad082/gnocchi.8c912baa-1e62-4fc0-910f-7a39c1330fdd/1763640000.0_mean_300.0_v3" 201 - "PUT http://172.18.0.2:8080/d1/73/AUTH_da08a65b703f4c80a14bf537805ad082/gnocchi.8c912baa-1e62-4fc0-910f-7a39c1330fdd/1763640000.0_mean_300.0_v3" "txa10ddf8c06e241a69e786-006926b747" "object-server 25" 0.0005 "-" 22 0
Nov 26 08:16:07 standalone object-server[128134]: 172.20.0.100 - - [26/Nov/2025:08:16:07 +0000] "PUT /d1/73/AUTH_da08a65b703f4c80a14bf537805ad082/gnocchi.8c912baa-1e62-4fc0-910f-7a39c1330fdd/1763640000.0_mean_300.0_v3" 201 - "PUT http://172.18.0.2:8080/v1/AUTH_da08a65b703f4c80a14bf537805ad082/gnocchi.8c912baa-1e62-4fc0-910f-7a39c1330fdd/1763640000.0_mean_300.0_v3" "txa10ddf8c06e241a69e786-006926b747" "proxy-server 20" 0.0110 "-" 25 0
Nov 26 08:16:07 standalone proxy-server[130032]: 172.18.0.2 172.18.0.100 26/Nov/2025/08/16/07 PUT /v1/AUTH_da08a65b703f4c80a14bf537805ad082/gnocchi.8c912baa-1e62-4fc0-910f-7a39c1330fdd/1763640000.0_mean_300.0_v3 HTTP/1.0 201 - python-swiftclient-3.11.1 gAAAAABpJraJ59gu... 16 - - txa10ddf8c06e241a69e786-006926b747 - 0.0220 - - 1764144967.794152021 1764144967.816176176 0
Nov 26 08:16:07 standalone container-server[127854]: 172.20.0.100 - - [26/Nov/2025:08:16:07 +0000] "PUT /d1/917/AUTH_da08a65b703f4c80a14bf537805ad082/gnocchi.def3c305-42f2-4d75-aa63-38fb8831abdd/1763640000.0_mean_300.0_v3" 201 - "PUT http://172.18.0.2:8080/d1/488/AUTH_da08a65b703f4c80a14bf537805ad082/gnocchi.def3c305-42f2-4d75-aa63-38fb8831abdd/1763640000.0_mean_300.0_v3" "tx1ed104db900f4ba6b46fa-006926b747" "object-server 22" 0.0009 "-" 21 0
Nov 26 08:16:07 standalone object-server[128123]: 172.20.0.100 - - [26/Nov/2025:08:16:07 +0000] "PUT /d1/488/AUTH_da08a65b703f4c80a14bf537805ad082/gnocchi.def3c305-42f2-4d75-aa63-38fb8831abdd/1763640000.0_mean_300.0_v3" 201 - "PUT http://172.18.0.2:8080/v1/AUTH_da08a65b703f4c80a14bf537805ad082/gnocchi.def3c305-42f2-4d75-aa63-38fb8831abdd/1763640000.0_mean_300.0_v3" "tx1ed104db900f4ba6b46fa-006926b747" "proxy-server 20" 0.0118 "-" 22 0
Nov 26 08:16:07 standalone proxy-server[130032]: 172.18.0.2 172.18.0.100 26/Nov/2025/08/16/07 PUT /v1/AUTH_da08a65b703f4c80a14bf537805ad082/gnocchi.def3c305-42f2-4d75-aa63-38fb8831abdd/1763640000.0_mean_300.0_v3 HTTP/1.0 201 - python-swiftclient-3.11.1 gAAAAABpJraJ59gu... 16 - - tx1ed104db900f4ba6b46fa-006926b747 - 0.0184 - - 1764144967.819446564 1764144967.837803841 0
Nov 26 08:16:07 standalone container-server[127862]: 172.20.0.100 - - [26/Nov/2025:08:16:07 +0000] "PUT /d1/958/AUTH_da08a65b703f4c80a14bf537805ad082/gnocchi.22c86e0c-5149-4916-b121-302130e4af5d/none_v3" 201 - "PUT http://172.18.0.2:8080/d1/308/AUTH_da08a65b703f4c80a14bf537805ad082/gnocchi.22c86e0c-5149-4916-b121-302130e4af5d/none_v3" "tx7cbbb0c216e2434cbd36f-006926b747" "object-server 23" 0.0007 "-" 22 0
Nov 26 08:16:07 standalone object-server[128128]: 172.20.0.100 - - [26/Nov/2025:08:16:07 +0000] "PUT /d1/308/AUTH_da08a65b703f4c80a14bf537805ad082/gnocchi.22c86e0c-5149-4916-b121-302130e4af5d/none_v3" 201 - "PUT http://172.18.0.2:8080/v1/AUTH_da08a65b703f4c80a14bf537805ad082/gnocchi.22c86e0c-5149-4916-b121-302130e4af5d/none_v3" "tx7cbbb0c216e2434cbd36f-006926b747" "proxy-server 20" 0.0125 "-" 23 0
Nov 26 08:16:07 standalone proxy-server[130032]: 172.18.0.2 172.18.0.100 26/Nov/2025/08/16/07 PUT /v1/AUTH_da08a65b703f4c80a14bf537805ad082/gnocchi.22c86e0c-5149-4916-b121-302130e4af5d/none_v3 HTTP/1.0 201 - python-swiftclient-3.11.1 gAAAAABpJraJ59gu... 22 - - tx7cbbb0c216e2434cbd36f-006926b747 - 0.0229 - - 1764144967.841753006 1764144967.864693642 0
Nov 26 08:16:07 standalone container-server[127852]: 172.20.0.100 - - [26/Nov/2025:08:16:07 +0000] "PUT /d1/878/AUTH_da08a65b703f4c80a14bf537805ad082/gnocchi.8c912baa-1e62-4fc0-910f-7a39c1330fdd/none_v3" 201 - "PUT http://172.18.0.2:8080/d1/521/AUTH_da08a65b703f4c80a14bf537805ad082/gnocchi.8c912baa-1e62-4fc0-910f-7a39c1330fdd/none_v3" "tx2fc67e8d081248c2b28b8-006926b747" "object-server 22" 0.0007 "-" 20 0
Nov 26 08:16:07 standalone object-server[128123]: 172.20.0.100 - - [26/Nov/2025:08:16:07 +0000] "PUT /d1/521/AUTH_da08a65b703f4c80a14bf537805ad082/gnocchi.8c912baa-1e62-4fc0-910f-7a39c1330fdd/none_v3" 201 - "PUT http://172.18.0.2:8080/v1/AUTH_da08a65b703f4c80a14bf537805ad082/gnocchi.8c912baa-1e62-4fc0-910f-7a39c1330fdd/none_v3" "tx2fc67e8d081248c2b28b8-006926b747" "proxy-server 20" 0.0112 "-" 22 0
Nov 26 08:16:07 standalone proxy-server[130032]: 172.18.0.2 172.18.0.100 26/Nov/2025/08/16/07 PUT /v1/AUTH_da08a65b703f4c80a14bf537805ad082/gnocchi.8c912baa-1e62-4fc0-910f-7a39c1330fdd/none_v3 HTTP/1.0 201 - python-swiftclient-3.11.1 gAAAAABpJraJ59gu... 22 - - tx2fc67e8d081248c2b28b8-006926b747 - 0.0212 - - 1764144967.869670153 1764144967.890887737 0
Nov 26 08:16:07 standalone container-server[127862]: 172.20.0.100 - - [26/Nov/2025:08:16:07 +0000] "PUT /d1/917/AUTH_da08a65b703f4c80a14bf537805ad082/gnocchi.def3c305-42f2-4d75-aa63-38fb8831abdd/none_v3" 201 - "PUT http://172.18.0.2:8080/d1/410/AUTH_da08a65b703f4c80a14bf537805ad082/gnocchi.def3c305-42f2-4d75-aa63-38fb8831abdd/none_v3" "tx8c4ebfabe4bd4029a039a-006926b747" "object-server 22" 0.0006 "-" 22 0
Nov 26 08:16:07 standalone object-server[128123]: 172.20.0.100 - - [26/Nov/2025:08:16:07 +0000] "PUT /d1/410/AUTH_da08a65b703f4c80a14bf537805ad082/gnocchi.def3c305-42f2-4d75-aa63-38fb8831abdd/none_v3" 201 - "PUT http://172.18.0.2:8080/v1/AUTH_da08a65b703f4c80a14bf537805ad082/gnocchi.def3c305-42f2-4d75-aa63-38fb8831abdd/none_v3" "tx8c4ebfabe4bd4029a039a-006926b747" "proxy-server 20" 0.0098 "-" 22 0
Nov 26 08:16:07 standalone proxy-server[130032]: 172.18.0.2 172.18.0.100 26/Nov/2025/08/16/07 PUT /v1/AUTH_da08a65b703f4c80a14bf537805ad082/gnocchi.def3c305-42f2-4d75-aa63-38fb8831abdd/none_v3 HTTP/1.0 201 - python-swiftclient-3.11.1 gAAAAABpJraJ59gu... 22 - - tx8c4ebfabe4bd4029a039a-006926b747 - 0.0179 - - 1764144967.893446922 1764144967.911384344 0
Nov 26 08:16:07 standalone container-server[127852]: 172.20.0.100 - - [26/Nov/2025:08:16:07 +0000] "HEAD /d1/1005/AUTH_da08a65b703f4c80a14bf537805ad082/gnocchi.c049d8d2-9af9-4187-816f-24cd38abcd85" 404 - "HEAD http://172.18.0.2:8080/v1/AUTH_da08a65b703f4c80a14bf537805ad082/gnocchi.c049d8d2-9af9-4187-816f-24cd38abcd85?format=json&states=listing" "tx244f6067192c47b1a364a-006926b747" "proxy-server 20" 0.0007 "-" 20 0
Nov 26 08:16:07 standalone object-server[128123]: 172.20.0.100 - - [26/Nov/2025:08:16:07 +0000] "GET /d1/85/AUTH_da08a65b703f4c80a14bf537805ad082/gnocchi.c049d8d2-9af9-4187-816f-24cd38abcd85/none_v3" 404 70 "GET http://172.18.0.2:8080/v1/AUTH_da08a65b703f4c80a14bf537805ad082/gnocchi.c049d8d2-9af9-4187-816f-24cd38abcd85/none_v3" "tx244f6067192c47b1a364a-006926b747" "proxy-server 20" 0.0004 "-" 22 0
Nov 26 08:16:07 standalone proxy-server[130032]: 172.18.0.2 172.18.0.100 26/Nov/2025/08/16/07 GET /v1/AUTH_da08a65b703f4c80a14bf537805ad082/gnocchi.c049d8d2-9af9-4187-816f-24cd38abcd85/none_v3 HTTP/1.0 404 - python-swiftclient-3.11.1 gAAAAABpJraJ59gu... - 70 - tx244f6067192c47b1a364a-006926b747 - 0.0117 - - 1764144967.920805931 1764144967.932480574 0
Nov 26 08:16:07 standalone account-server[127853]: 172.20.0.100 - - [26/Nov/2025:08:16:07 +0000] "PUT /d1/746/AUTH_da08a65b703f4c80a14bf537805ad082/gnocchi.c049d8d2-9af9-4187-816f-24cd38abcd85" 201 - "PUT http://172.20.0.100:6001/d1/1005/AUTH_da08a65b703f4c80a14bf537805ad082/gnocchi.c049d8d2-9af9-4187-816f-24cd38abcd85" "tx5896c583373945f384959-006926b747" "container-server 23" 0.0047 "-" 21 0
Nov 26 08:16:07 standalone container-server[127874]: 172.20.0.100 - - [26/Nov/2025:08:16:07 +0000] "PUT /d1/1005/AUTH_da08a65b703f4c80a14bf537805ad082/gnocchi.c049d8d2-9af9-4187-816f-24cd38abcd85" 201 - "PUT http://172.18.0.2:8080/v1/AUTH_da08a65b703f4c80a14bf537805ad082/gnocchi.c049d8d2-9af9-4187-816f-24cd38abcd85" "tx5896c583373945f384959-006926b747" "proxy-server 20" 0.0261 "-" 23 0
Nov 26 08:16:07 standalone proxy-server[130032]: 172.18.0.2 172.18.0.100 26/Nov/2025/08/16/07 PUT /v1/AUTH_da08a65b703f4c80a14bf537805ad082/gnocchi.c049d8d2-9af9-4187-816f-24cd38abcd85 HTTP/1.0 201 - python-swiftclient-3.11.1 gAAAAABpJraJ59gu... - - - tx5896c583373945f384959-006926b747 - 0.0330 - - 1764144967.935671806 1764144967.968653202 0
Nov 26 08:16:07 standalone container-server[127852]: 172.20.0.100 - - [26/Nov/2025:08:16:07 +0000] "HEAD /d1/1005/AUTH_da08a65b703f4c80a14bf537805ad082/gnocchi.c049d8d2-9af9-4187-816f-24cd38abcd85" 204 - "HEAD http://172.18.0.2:8080/v1/AUTH_da08a65b703f4c80a14bf537805ad082/gnocchi.c049d8d2-9af9-4187-816f-24cd38abcd85?format=json&states=listing" "tx7f23d273540d40e4aed69-006926b747" "proxy-server 20" 0.0015 "-" 20 0
Nov 26 08:16:07 standalone proxy-server[130032]: - - 26/Nov/2025/08/16/07 HEAD /v1/AUTH_da08a65b703f4c80a14bf537805ad082/gnocchi.c049d8d2-9af9-4187-816f-24cd38abcd85%3Fformat%3Djson%26states%3Dlisting HTTP/1.0 204 - Swift - - - - tx7f23d273540d40e4aed69-006926b747 - 0.0058 RL - 1764144967.975454092 1764144967.981294870 0
Nov 26 08:16:07 standalone container-server[127862]: 172.20.0.100 - - [26/Nov/2025:08:16:07 +0000] "GET /d1/1005/AUTH_da08a65b703f4c80a14bf537805ad082/gnocchi.c049d8d2-9af9-4187-816f-24cd38abcd85" 200 2 "GET http://172.18.0.2:8080/v1/AUTH_da08a65b703f4c80a14bf537805ad082/gnocchi.c049d8d2-9af9-4187-816f-24cd38abcd85?format=json&states=listing" "tx7f23d273540d40e4aed69-006926b747" "proxy-server 20" 0.0032 "-" 22 0
Nov 26 08:16:07 standalone proxy-server[130032]: 172.18.0.2 172.18.0.100 26/Nov/2025/08/16/07 GET /v1/AUTH_da08a65b703f4c80a14bf537805ad082/gnocchi.c049d8d2-9af9-4187-816f-24cd38abcd85%3Fformat%3Djson%26states%3Dlisting HTTP/1.0 200 - python-swiftclient-3.11.1 gAAAAABpJraJ59gu... - 2 - tx7f23d273540d40e4aed69-006926b747 - 0.0176 - - 1764144967.973571301 1764144967.991162539 0
Nov 26 08:16:08 standalone object-server[128134]: 172.20.0.100 - - [26/Nov/2025:08:16:08 +0000] "GET /d1/782/AUTH_da08a65b703f4c80a14bf537805ad082/gnocchi.c049d8d2-9af9-4187-816f-24cd38abcd85/1763640000.0_mean_300.0_v3" 404 70 "GET http://172.18.0.2:8080/v1/AUTH_da08a65b703f4c80a14bf537805ad082/gnocchi.c049d8d2-9af9-4187-816f-24cd38abcd85/1763640000.0_mean_300.0_v3" "txce46c7fd93574238b62d9-006926b747" "proxy-server 20" 0.0004 "-" 25 0
Nov 26 08:16:08 standalone proxy-server[130032]: 172.18.0.2 172.18.0.100 26/Nov/2025/08/16/08 GET /v1/AUTH_da08a65b703f4c80a14bf537805ad082/gnocchi.c049d8d2-9af9-4187-816f-24cd38abcd85/1763640000.0_mean_300.0_v3 HTTP/1.0 404 - python-swiftclient-3.11.1 gAAAAABpJraJ59gu... - 70 - txce46c7fd93574238b62d9-006926b747 - 0.0077 - - 1764144967.995651722 1764144968.003376961 0
Nov 26 08:16:08 standalone container-server[127874]: 172.20.0.100 - - [26/Nov/2025:08:16:08 +0000] "PUT /d1/1005/AUTH_da08a65b703f4c80a14bf537805ad082/gnocchi.c049d8d2-9af9-4187-816f-24cd38abcd85/1763640000.0_mean_300.0_v3" 201 - "PUT http://172.18.0.2:8080/d1/782/AUTH_da08a65b703f4c80a14bf537805ad082/gnocchi.c049d8d2-9af9-4187-816f-24cd38abcd85/1763640000.0_mean_300.0_v3" "tx8a2b317a241444e28ab73-006926b748" "object-server 24" 0.0009 "-" 23 0
Nov 26 08:16:08 standalone object-server[128133]: 172.20.0.100 - - [26/Nov/2025:08:16:08 +0000] "PUT /d1/782/AUTH_da08a65b703f4c80a14bf537805ad082/gnocchi.c049d8d2-9af9-4187-816f-24cd38abcd85/1763640000.0_mean_300.0_v3" 201 - "PUT http://172.18.0.2:8080/v1/AUTH_da08a65b703f4c80a14bf537805ad082/gnocchi.c049d8d2-9af9-4187-816f-24cd38abcd85/1763640000.0_mean_300.0_v3" "tx8a2b317a241444e28ab73-006926b748" "proxy-server 20" 0.0127 "-" 24 0
Nov 26 08:16:08 standalone proxy-server[130032]: 172.18.0.2 172.18.0.100 26/Nov/2025/08/16/08 PUT /v1/AUTH_da08a65b703f4c80a14bf537805ad082/gnocchi.c049d8d2-9af9-4187-816f-24cd38abcd85/1763640000.0_mean_300.0_v3 HTTP/1.0 201 - python-swiftclient-3.11.1 gAAAAABpJraJ59gu... 16 - - tx8a2b317a241444e28ab73-006926b748 - 0.0208 - - 1764144968.006646156 1764144968.027474642 0
Nov 26 08:16:08 standalone container-server[127854]: 172.20.0.100 - - [26/Nov/2025:08:16:08 +0000] "PUT /d1/1005/AUTH_da08a65b703f4c80a14bf537805ad082/gnocchi.c049d8d2-9af9-4187-816f-24cd38abcd85/none_v3" 201 - "PUT http://172.18.0.2:8080/d1/85/AUTH_da08a65b703f4c80a14bf537805ad082/gnocchi.c049d8d2-9af9-4187-816f-24cd38abcd85/none_v3" "txd5b4a64fc88f4776a2de4-006926b748" "object-server 22" 0.0008 "-" 21 0
Nov 26 08:16:08 standalone object-server[128123]: 172.20.0.100 - - [26/Nov/2025:08:16:08 +0000] "PUT /d1/85/AUTH_da08a65b703f4c80a14bf537805ad082/gnocchi.c049d8d2-9af9-4187-816f-24cd38abcd85/none_v3" 201 - "PUT http://172.18.0.2:8080/v1/AUTH_da08a65b703f4c80a14bf537805ad082/gnocchi.c049d8d2-9af9-4187-816f-24cd38abcd85/none_v3" "txd5b4a64fc88f4776a2de4-006926b748" "proxy-server 20" 0.0214 "-" 22 0
Nov 26 08:16:08 standalone proxy-server[130032]: 172.18.0.2 172.18.0.100 26/Nov/2025/08/16/08 PUT /v1/AUTH_da08a65b703f4c80a14bf537805ad082/gnocchi.c049d8d2-9af9-4187-816f-24cd38abcd85/none_v3 HTTP/1.0 201 - python-swiftclient-3.11.1 gAAAAABpJraJ59gu... 22 - - txd5b4a64fc88f4776a2de4-006926b748 - 0.0315 - - 1764144968.034862041 1764144968.066349745 0
Nov 26 08:16:08 standalone container-server[127854]: 172.20.0.100 - - [26/Nov/2025:08:16:08 +0000] "HEAD /d1/954/AUTH_da08a65b703f4c80a14bf537805ad082/gnocchi.d90411d8-d4f1-45e9-a60a-33f2ab431431" 404 - "HEAD http://172.18.0.2:8080/v1/AUTH_da08a65b703f4c80a14bf537805ad082/gnocchi.d90411d8-d4f1-45e9-a60a-33f2ab431431?format=json&states=listing" "txb492d951de6e4f6cad7b8-006926b748" "proxy-server 20" 0.0005 "-" 21 0
Nov 26 08:16:08 standalone object-server[128133]: 172.20.0.100 - - [26/Nov/2025:08:16:08 +0000] "GET /d1/1015/AUTH_da08a65b703f4c80a14bf537805ad082/gnocchi.d90411d8-d4f1-45e9-a60a-33f2ab431431/none_v3" 404 70 "GET http://172.18.0.2:8080/v1/AUTH_da08a65b703f4c80a14bf537805ad082/gnocchi.d90411d8-d4f1-45e9-a60a-33f2ab431431/none_v3" "txb492d951de6e4f6cad7b8-006926b748" "proxy-server 20" 0.0004 "-" 24 0
Nov 26 08:16:08 standalone proxy-server[130032]: 172.18.0.2 172.18.0.100 26/Nov/2025/08/16/08 GET /v1/AUTH_da08a65b703f4c80a14bf537805ad082/gnocchi.d90411d8-d4f1-45e9-a60a-33f2ab431431/none_v3 HTTP/1.0 404 - python-swiftclient-3.11.1 gAAAAABpJraJ59gu... - 70 - txb492d951de6e4f6cad7b8-006926b748 - 0.0140 - - 1764144968.077772856 1764144968.091750383 0
Nov 26 08:16:08 standalone account-server[127853]: 172.20.0.100 - - [26/Nov/2025:08:16:08 +0000] "PUT /d1/746/AUTH_da08a65b703f4c80a14bf537805ad082/gnocchi.d90411d8-d4f1-45e9-a60a-33f2ab431431" 201 - "PUT http://172.20.0.100:6001/d1/954/AUTH_da08a65b703f4c80a14bf537805ad082/gnocchi.d90411d8-d4f1-45e9-a60a-33f2ab431431" "tx9ce84de037e74b42b9402-006926b748" "container-server 20" 0.0070 "-" 21 0
Nov 26 08:16:08 standalone container-server[127852]: 172.20.0.100 - - [26/Nov/2025:08:16:08 +0000] "PUT /d1/954/AUTH_da08a65b703f4c80a14bf537805ad082/gnocchi.d90411d8-d4f1-45e9-a60a-33f2ab431431" 201 - "PUT http://172.18.0.2:8080/v1/AUTH_da08a65b703f4c80a14bf537805ad082/gnocchi.d90411d8-d4f1-45e9-a60a-33f2ab431431" "tx9ce84de037e74b42b9402-006926b748" "proxy-server 20" 0.0354 "-" 20 0
