Nov 26 08:15:17 standalone proxy-server[130032]: 172.18.0.2 172.18.0.100 26/Nov/2025/08/15/17 PUT /v1/AUTH_da08a65b703f4c80a14bf537805ad082/gnocchi.a8b918c8-8f95-4089-8891-73d86bcdb122/none_v3 HTTP/1.0 201 - python-swiftclient-3.11.1 gAAAAABpJraJ59gu... 22 - - tx02e615b528634db999020-006926b715 - 0.0276 - - 1764144917.492354155 1764144917.519941568 0
Nov 26 08:15:17 standalone container-server[127852]: 172.20.0.100 - - [26/Nov/2025:08:15:17 +0000] "HEAD /d1/128/AUTH_da08a65b703f4c80a14bf537805ad082/gnocchi.28c7c86c-271e-448c-bb93-1b941724079d" 404 - "HEAD http://172.18.0.2:8080/v1/AUTH_da08a65b703f4c80a14bf537805ad082/gnocchi.28c7c86c-271e-448c-bb93-1b941724079d?format=json&states=listing" "tx37e2988b0a0547cca6dfb-006926b715" "proxy-server 20" 0.0005 "-" 20 0
Nov 26 08:15:17 standalone object-server[128133]: 172.20.0.100 - - [26/Nov/2025:08:15:17 +0000] "GET /d1/367/AUTH_da08a65b703f4c80a14bf537805ad082/gnocchi.28c7c86c-271e-448c-bb93-1b941724079d/none_v3" 404 70 "GET http://172.18.0.2:8080/v1/AUTH_da08a65b703f4c80a14bf537805ad082/gnocchi.28c7c86c-271e-448c-bb93-1b941724079d/none_v3" "tx37e2988b0a0547cca6dfb-006926b715" "proxy-server 20" 0.0004 "-" 24 0
Nov 26 08:15:17 standalone proxy-server[130032]: 172.18.0.2 172.18.0.100 26/Nov/2025/08/15/17 GET /v1/AUTH_da08a65b703f4c80a14bf537805ad082/gnocchi.28c7c86c-271e-448c-bb93-1b941724079d/none_v3 HTTP/1.0 404 - python-swiftclient-3.11.1 gAAAAABpJraJ59gu... - 70 - tx37e2988b0a0547cca6dfb-006926b715 - 0.0106 - - 1764144917.533221722 1764144917.543817520 0
Nov 26 08:15:17 standalone account-server[127857]: 172.20.0.100 - - [26/Nov/2025:08:15:17 +0000] "PUT /d1/746/AUTH_da08a65b703f4c80a14bf537805ad082/gnocchi.28c7c86c-271e-448c-bb93-1b941724079d" 201 - "PUT http://172.20.0.100:6001/d1/128/AUTH_da08a65b703f4c80a14bf537805ad082/gnocchi.28c7c86c-271e-448c-bb93-1b941724079d" "tx9a4225db6dc54b10846aa-006926b715" "container-server 21" 0.0059 "-" 23 0
Nov 26 08:15:17 standalone container-server[127854]: 172.20.0.100 - - [26/Nov/2025:08:15:17 +0000] "PUT /d1/128/AUTH_da08a65b703f4c80a14bf537805ad082/gnocchi.28c7c86c-271e-448c-bb93-1b941724079d" 201 - "PUT http://172.18.0.2:8080/v1/AUTH_da08a65b703f4c80a14bf537805ad082/gnocchi.28c7c86c-271e-448c-bb93-1b941724079d" "tx9a4225db6dc54b10846aa-006926b715" "proxy-server 20" 0.0227 "-" 21 0
Nov 26 08:15:17 standalone proxy-server[130032]: 172.18.0.2 172.18.0.100 26/Nov/2025/08/15/17 PUT /v1/AUTH_da08a65b703f4c80a14bf537805ad082/gnocchi.28c7c86c-271e-448c-bb93-1b941724079d HTTP/1.0 201 - python-swiftclient-3.11.1 gAAAAABpJraJ59gu... - - - tx9a4225db6dc54b10846aa-006926b715 - 0.0288 - - 1764144917.547238111 1764144917.576083183 0
Nov 26 08:15:17 standalone container-server[127874]: 172.20.0.100 - - [26/Nov/2025:08:15:17 +0000] "HEAD /d1/128/AUTH_da08a65b703f4c80a14bf537805ad082/gnocchi.28c7c86c-271e-448c-bb93-1b941724079d" 204 - "HEAD http://172.18.0.2:8080/v1/AUTH_da08a65b703f4c80a14bf537805ad082/gnocchi.28c7c86c-271e-448c-bb93-1b941724079d?format=json&states=listing" "tx28151fdf9a334ad4a4136-006926b715" "proxy-server 20" 0.0019 "-" 23 0
Nov 26 08:15:17 standalone proxy-server[130032]: - - 26/Nov/2025/08/15/17 HEAD /v1/AUTH_da08a65b703f4c80a14bf537805ad082/gnocchi.28c7c86c-271e-448c-bb93-1b941724079d%3Fformat%3Djson%26states%3Dlisting HTTP/1.0 204 - Swift - - - - tx28151fdf9a334ad4a4136-006926b715 - 0.0068 RL - 1764144917.580745459 1764144917.587583780 0
Nov 26 08:15:17 standalone container-server[127874]: 172.20.0.100 - - [26/Nov/2025:08:15:17 +0000] "GET /d1/128/AUTH_da08a65b703f4c80a14bf537805ad082/gnocchi.28c7c86c-271e-448c-bb93-1b941724079d" 200 2 "GET http://172.18.0.2:8080/v1/AUTH_da08a65b703f4c80a14bf537805ad082/gnocchi.28c7c86c-271e-448c-bb93-1b941724079d?format=json&states=listing" "tx28151fdf9a334ad4a4136-006926b715" "proxy-server 20" 0.0027 "-" 23 0
Nov 26 08:15:17 standalone proxy-server[130032]: 172.18.0.2 172.18.0.100 26/Nov/2025/08/15/17 GET /v1/AUTH_da08a65b703f4c80a14bf537805ad082/gnocchi.28c7c86c-271e-448c-bb93-1b941724079d%3Fformat%3Djson%26states%3Dlisting HTTP/1.0 200 - python-swiftclient-3.11.1 gAAAAABpJraJ59gu... - 2 - tx28151fdf9a334ad4a4136-006926b715 - 0.0173 - - 1764144917.579647303 1764144917.596975088 0
Nov 26 08:15:17 standalone object-server[128128]: 172.20.0.100 - - [26/Nov/2025:08:15:17 +0000] "GET /d1/223/AUTH_da08a65b703f4c80a14bf537805ad082/gnocchi.28c7c86c-271e-448c-bb93-1b941724079d/1763640000.0_mean_300.0_v3" 404 70 "GET http://172.18.0.2:8080/v1/AUTH_da08a65b703f4c80a14bf537805ad082/gnocchi.28c7c86c-271e-448c-bb93-1b941724079d/1763640000.0_mean_300.0_v3" "tx4ef2e6f04c5145138e2ca-006926b715" "proxy-server 20" 0.0004 "-" 23 0
Nov 26 08:15:17 standalone proxy-server[130032]: 172.18.0.2 172.18.0.100 26/Nov/2025/08/15/17 GET /v1/AUTH_da08a65b703f4c80a14bf537805ad082/gnocchi.28c7c86c-271e-448c-bb93-1b941724079d/1763640000.0_mean_300.0_v3 HTTP/1.0 404 - python-swiftclient-3.11.1 gAAAAABpJraJ59gu... - 70 - tx4ef2e6f04c5145138e2ca-006926b715 - 0.0057 - - 1764144917.600796938 1764144917.606482744 0
Nov 26 08:15:17 standalone container-server[127854]: 172.20.0.100 - - [26/Nov/2025:08:15:17 +0000] "PUT /d1/128/AUTH_da08a65b703f4c80a14bf537805ad082/gnocchi.28c7c86c-271e-448c-bb93-1b941724079d/1763640000.0_mean_300.0_v3" 201 - "PUT http://172.18.0.2:8080/d1/223/AUTH_da08a65b703f4c80a14bf537805ad082/gnocchi.28c7c86c-271e-448c-bb93-1b941724079d/1763640000.0_mean_300.0_v3" "tx3d0c745fc6b942678637e-006926b715" "object-server 22" 0.0007 "-" 21 0
Nov 26 08:15:17 standalone object-server[128123]: 172.20.0.100 - - [26/Nov/2025:08:15:17 +0000] "PUT /d1/223/AUTH_da08a65b703f4c80a14bf537805ad082/gnocchi.28c7c86c-271e-448c-bb93-1b941724079d/1763640000.0_mean_300.0_v3" 201 - "PUT http://172.18.0.2:8080/v1/AUTH_da08a65b703f4c80a14bf537805ad082/gnocchi.28c7c86c-271e-448c-bb93-1b941724079d/1763640000.0_mean_300.0_v3" "tx3d0c745fc6b942678637e-006926b715" "proxy-server 20" 0.0093 "-" 22 0
Nov 26 08:15:17 standalone proxy-server[130032]: 172.18.0.2 172.18.0.100 26/Nov/2025/08/15/17 PUT /v1/AUTH_da08a65b703f4c80a14bf537805ad082/gnocchi.28c7c86c-271e-448c-bb93-1b941724079d/1763640000.0_mean_300.0_v3 HTTP/1.0 201 - python-swiftclient-3.11.1 gAAAAABpJraJ59gu... 16 - - tx3d0c745fc6b942678637e-006926b715 - 0.0145 - - 1764144917.609959841 1764144917.624444008 0
Nov 26 08:15:17 standalone container-server[127874]: 172.20.0.100 - - [26/Nov/2025:08:15:17 +0000] "PUT /d1/128/AUTH_da08a65b703f4c80a14bf537805ad082/gnocchi.28c7c86c-271e-448c-bb93-1b941724079d/none_v3" 201 - "PUT http://172.18.0.2:8080/d1/367/AUTH_da08a65b703f4c80a14bf537805ad082/gnocchi.28c7c86c-271e-448c-bb93-1b941724079d/none_v3" "tx512beb2f056d4cb58e686-006926b715" "object-server 22" 0.0006 "-" 23 0
Nov 26 08:15:17 standalone object-server[128123]: 172.20.0.100 - - [26/Nov/2025:08:15:17 +0000] "PUT /d1/367/AUTH_da08a65b703f4c80a14bf537805ad082/gnocchi.28c7c86c-271e-448c-bb93-1b941724079d/none_v3" 201 - "PUT http://172.18.0.2:8080/v1/AUTH_da08a65b703f4c80a14bf537805ad082/gnocchi.28c7c86c-271e-448c-bb93-1b941724079d/none_v3" "tx512beb2f056d4cb58e686-006926b715" "proxy-server 20" 0.0082 "-" 22 0
Nov 26 08:15:17 standalone proxy-server[130032]: 172.18.0.2 172.18.0.100 26/Nov/2025/08/15/17 PUT /v1/AUTH_da08a65b703f4c80a14bf537805ad082/gnocchi.28c7c86c-271e-448c-bb93-1b941724079d/none_v3 HTTP/1.0 201 - python-swiftclient-3.11.1 gAAAAABpJraJ59gu... 22 - - tx512beb2f056d4cb58e686-006926b715 - 0.0127 - - 1764144917.627819777 1764144917.640537262 0
Nov 26 08:15:17 standalone container-server[127854]: 172.20.0.100 - - [26/Nov/2025:08:15:17 +0000] "HEAD /d1/586/AUTH_da08a65b703f4c80a14bf537805ad082/gnocchi.3fef702e-ed56-489a-8051-8eb4a3a2fac9" 404 - "HEAD http://172.18.0.2:8080/v1/AUTH_da08a65b703f4c80a14bf537805ad082/gnocchi.3fef702e-ed56-489a-8051-8eb4a3a2fac9?format=json&states=listing" "tx6ff2cec14a4d4157b8ccd-006926b715" "proxy-server 20" 0.0004 "-" 21 0
Nov 26 08:15:17 standalone object-server[128134]: 172.20.0.100 - - [26/Nov/2025:08:15:17 +0000] "GET /d1/826/AUTH_da08a65b703f4c80a14bf537805ad082/gnocchi.3fef702e-ed56-489a-8051-8eb4a3a2fac9/none_v3" 404 70 "GET http://172.18.0.2:8080/v1/AUTH_da08a65b703f4c80a14bf537805ad082/gnocchi.3fef702e-ed56-489a-8051-8eb4a3a2fac9/none_v3" "tx6ff2cec14a4d4157b8ccd-006926b715" "proxy-server 20" 0.0003 "-" 25 0
Nov 26 08:15:17 standalone proxy-server[130032]: 172.18.0.2 172.18.0.100 26/Nov/2025/08/15/17 GET /v1/AUTH_da08a65b703f4c80a14bf537805ad082/gnocchi.3fef702e-ed56-489a-8051-8eb4a3a2fac9/none_v3 HTTP/1.0 404 - python-swiftclient-3.11.1 gAAAAABpJraJ59gu... - 70 - tx6ff2cec14a4d4157b8ccd-006926b715 - 0.0143 - - 1764144917.655738115 1764144917.669997931 0
Nov 26 08:15:17 standalone account-server[127853]: 172.20.0.100 - - [26/Nov/2025:08:15:17 +0000] "PUT /d1/746/AUTH_da08a65b703f4c80a14bf537805ad082/gnocchi.3fef702e-ed56-489a-8051-8eb4a3a2fac9" 201 - "PUT http://172.20.0.100:6001/d1/586/AUTH_da08a65b703f4c80a14bf537805ad082/gnocchi.3fef702e-ed56-489a-8051-8eb4a3a2fac9" "tx982ca6872cdc47beb0ec1-006926b715" "container-server 23" 0.0045 "-" 21 0
Nov 26 08:15:17 standalone container-server[127874]: 172.20.0.100 - - [26/Nov/2025:08:15:17 +0000] "PUT /d1/586/AUTH_da08a65b703f4c80a14bf537805ad082/gnocchi.3fef702e-ed56-489a-8051-8eb4a3a2fac9" 201 - "PUT http://172.18.0.2:8080/v1/AUTH_da08a65b703f4c80a14bf537805ad082/gnocchi.3fef702e-ed56-489a-8051-8eb4a3a2fac9" "tx982ca6872cdc47beb0ec1-006926b715" "proxy-server 20" 0.0191 "-" 23 0
Nov 26 08:15:17 standalone proxy-server[130032]: 172.18.0.2 172.18.0.100 26/Nov/2025/08/15/17 PUT /v1/AUTH_da08a65b703f4c80a14bf537805ad082/gnocchi.3fef702e-ed56-489a-8051-8eb4a3a2fac9 HTTP/1.0 201 - python-swiftclient-3.11.1 gAAAAABpJraJ59gu... - - - tx982ca6872cdc47beb0ec1-006926b715 - 0.0276 - - 1764144917.674723625 1764144917.702353001 0
Nov 26 08:15:17 standalone container-server[127874]: 172.20.0.100 - - [26/Nov/2025:08:15:17 +0000] "HEAD /d1/586/AUTH_da08a65b703f4c80a14bf537805ad082/gnocchi.3fef702e-ed56-489a-8051-8eb4a3a2fac9" 204 - "HEAD http://172.18.0.2:8080/v1/AUTH_da08a65b703f4c80a14bf537805ad082/gnocchi.3fef702e-ed56-489a-8051-8eb4a3a2fac9?format=json&states=listing" "tx4dbf6c2f5b194bc38693e-006926b715" "proxy-server 20" 0.0023 "-" 23 0
Nov 26 08:15:17 standalone proxy-server[130032]: - - 26/Nov/2025/08/15/17 HEAD /v1/AUTH_da08a65b703f4c80a14bf537805ad082/gnocchi.3fef702e-ed56-489a-8051-8eb4a3a2fac9%3Fformat%3Djson%26states%3Dlisting HTTP/1.0 204 - Swift - - - - tx4dbf6c2f5b194bc38693e-006926b715 - 0.0076 RL - 1764144917.724691153 1764144917.732273579 0
Nov 26 08:15:17 standalone container-server[127854]: 172.20.0.100 - - [26/Nov/2025:08:15:17 +0000] "GET /d1/586/AUTH_da08a65b703f4c80a14bf537805ad082/gnocchi.3fef702e-ed56-489a-8051-8eb4a3a2fac9" 200 2 "GET http://172.18.0.2:8080/v1/AUTH_da08a65b703f4c80a14bf537805ad082/gnocchi.3fef702e-ed56-489a-8051-8eb4a3a2fac9?format=json&states=listing" "tx4dbf6c2f5b194bc38693e-006926b715" "proxy-server 20" 0.0023 "-" 21 0
Nov 26 08:15:17 standalone proxy-server[130032]: 172.18.0.2 172.18.0.100 26/Nov/2025/08/15/17 GET /v1/AUTH_da08a65b703f4c80a14bf537805ad082/gnocchi.3fef702e-ed56-489a-8051-8eb4a3a2fac9%3Fformat%3Djson%26states%3Dlisting HTTP/1.0 200 - python-swiftclient-3.11.1 gAAAAABpJraJ59gu... - 2 - tx4dbf6c2f5b194bc38693e-006926b715 - 0.0375 - - 1764144917.709488630 1764144917.746995449 0
Nov 26 08:15:17 standalone object-server[128133]: 172.20.0.100 - - [26/Nov/2025:08:15:17 +0000] "GET /d1/571/AUTH_da08a65b703f4c80a14bf537805ad082/gnocchi.3fef702e-ed56-489a-8051-8eb4a3a2fac9/1763640000.0_mean_300.0_v3" 404 70 "GET http://172.18.0.2:8080/v1/AUTH_da08a65b703f4c80a14bf537805ad082/gnocchi.3fef702e-ed56-489a-8051-8eb4a3a2fac9/1763640000.0_mean_300.0_v3" "txa0f8da3bf7dc4a059f0b4-006926b715" "proxy-server 20" 0.0004 "-" 24 0
Nov 26 08:15:17 standalone proxy-server[130032]: 172.18.0.2 172.18.0.100 26/Nov/2025/08/15/17 GET /v1/AUTH_da08a65b703f4c80a14bf537805ad082/gnocchi.3fef702e-ed56-489a-8051-8eb4a3a2fac9/1763640000.0_mean_300.0_v3 HTTP/1.0 404 - python-swiftclient-3.11.1 gAAAAABpJraJ59gu... - 70 - txa0f8da3bf7dc4a059f0b4-006926b715 - 0.0142 - - 1764144917.753983259 1764144917.768209457 0
Nov 26 08:15:17 standalone container-server[127854]: 172.20.0.100 - - [26/Nov/2025:08:15:17 +0000] "PUT /d1/586/AUTH_da08a65b703f4c80a14bf537805ad082/gnocchi.3fef702e-ed56-489a-8051-8eb4a3a2fac9/1763640000.0_mean_300.0_v3" 201 - "PUT http://172.18.0.2:8080/d1/571/AUTH_da08a65b703f4c80a14bf537805ad082/gnocchi.3fef702e-ed56-489a-8051-8eb4a3a2fac9/1763640000.0_mean_300.0_v3" "txc3df077912184bfb82cfd-006926b715" "object-server 22" 0.0006 "-" 21 0
Nov 26 08:15:17 standalone object-server[128123]: 172.20.0.100 - - [26/Nov/2025:08:15:17 +0000] "PUT /d1/571/AUTH_da08a65b703f4c80a14bf537805ad082/gnocchi.3fef702e-ed56-489a-8051-8eb4a3a2fac9/1763640000.0_mean_300.0_v3" 201 - "PUT http://172.18.0.2:8080/v1/AUTH_da08a65b703f4c80a14bf537805ad082/gnocchi.3fef702e-ed56-489a-8051-8eb4a3a2fac9/1763640000.0_mean_300.0_v3" "txc3df077912184bfb82cfd-006926b715" "proxy-server 20" 0.0198 "-" 22 0
Nov 26 08:15:17 standalone proxy-server[130032]: 172.18.0.2 172.18.0.100 26/Nov/2025/08/15/17 PUT /v1/AUTH_da08a65b703f4c80a14bf537805ad082/gnocchi.3fef702e-ed56-489a-8051-8eb4a3a2fac9/1763640000.0_mean_300.0_v3 HTTP/1.0 201 - python-swiftclient-3.11.1 gAAAAABpJraJ59gu... 16 - - txc3df077912184bfb82cfd-006926b715 - 0.0246 - - 1764144917.771221399 1764144917.795778513 0
Nov 26 08:15:17 standalone container-server[127874]: 172.20.0.100 - - [26/Nov/2025:08:15:17 +0000] "PUT /d1/586/AUTH_da08a65b703f4c80a14bf537805ad082/gnocchi.3fef702e-ed56-489a-8051-8eb4a3a2fac9/none_v3" 201 - "PUT http://172.18.0.2:8080/d1/826/AUTH_da08a65b703f4c80a14bf537805ad082/gnocchi.3fef702e-ed56-489a-8051-8eb4a3a2fac9/none_v3" "tx0a0512bce99c43ed8fd15-006926b715" "object-server 25" 0.0006 "-" 23 0
Nov 26 08:15:17 standalone object-server[128134]: 172.20.0.100 - - [26/Nov/2025:08:15:17 +0000] "PUT /d1/826/AUTH_da08a65b703f4c80a14bf537805ad082/gnocchi.3fef702e-ed56-489a-8051-8eb4a3a2fac9/none_v3" 201 - "PUT http://172.18.0.2:8080/v1/AUTH_da08a65b703f4c80a14bf537805ad082/gnocchi.3fef702e-ed56-489a-8051-8eb4a3a2fac9/none_v3" "tx0a0512bce99c43ed8fd15-006926b715" "proxy-server 20" 0.0117 "-" 25 0
Nov 26 08:15:17 standalone proxy-server[130032]: 172.18.0.2 172.18.0.100 26/Nov/2025/08/15/17 PUT /v1/AUTH_da08a65b703f4c80a14bf537805ad082/gnocchi.3fef702e-ed56-489a-8051-8eb4a3a2fac9/none_v3 HTTP/1.0 201 - python-swiftclient-3.11.1 gAAAAABpJraJ59gu... 22 - - tx0a0512bce99c43ed8fd15-006926b715 - 0.0192 - - 1764144917.799119711 1764144917.818319798 0
Nov 26 08:15:23 standalone container-server[127854]: 172.20.0.100 - - [26/Nov/2025:08:15:23 +0000] "HEAD /d1/125/AUTH_da08a65b703f4c80a14bf537805ad082/gnocchi.ded344cb-c759-4d3a-931d-e5b1b515e376" 404 - "HEAD http://172.18.0.2:8080/v1/AUTH_da08a65b703f4c80a14bf537805ad082/gnocchi.ded344cb-c759-4d3a-931d-e5b1b515e376?format=json&states=listing" "tx2d4f7e6907964bb99b166-006926b71b" "proxy-server 20" 0.0006 "-" 21 0
Nov 26 08:15:23 standalone object-server[128123]: 172.20.0.100 - - [26/Nov/2025:08:15:23 +0000] "GET /d1/289/AUTH_da08a65b703f4c80a14bf537805ad082/gnocchi.ded344cb-c759-4d3a-931d-e5b1b515e376/none_v3" 404 70 "GET http://172.18.0.2:8080/v1/AUTH_da08a65b703f4c80a14bf537805ad082/gnocchi.ded344cb-c759-4d3a-931d-e5b1b515e376/none_v3" "tx2d4f7e6907964bb99b166-006926b71b" "proxy-server 20" 0.0008 "-" 22 0
Nov 26 08:15:23 standalone proxy-server[130032]: 172.18.0.2 172.18.0.100 26/Nov/2025/08/15/23 GET /v1/AUTH_da08a65b703f4c80a14bf537805ad082/gnocchi.ded344cb-c759-4d3a-931d-e5b1b515e376/none_v3 HTTP/1.0 404 - python-swiftclient-3.11.1 gAAAAABpJraJ59gu... - 70 - tx2d4f7e6907964bb99b166-006926b71b - 0.0324 - - 1764144923.394680500 1764144923.427103281 0
Nov 26 08:15:23 standalone account-server[127850]: 172.20.0.100 - - [26/Nov/2025:08:15:23 +0000] "PUT /d1/746/AUTH_da08a65b703f4c80a14bf537805ad082/gnocchi.ded344cb-c759-4d3a-931d-e5b1b515e376" 201 - "PUT http://172.20.0.100:6001/d1/125/AUTH_da08a65b703f4c80a14bf537805ad082/gnocchi.ded344cb-c759-4d3a-931d-e5b1b515e376" "tx0efa1698106242189650f-006926b71b" "container-server 22" 0.0052 "-" 20 0
Nov 26 08:15:23 standalone container-server[127862]: 172.20.0.100 - - [26/Nov/2025:08:15:23 +0000] "PUT /d1/125/AUTH_da08a65b703f4c80a14bf537805ad082/gnocchi.ded344cb-c759-4d3a-931d-e5b1b515e376" 201 - "PUT http://172.18.0.2:8080/v1/AUTH_da08a65b703f4c80a14bf537805ad082/gnocchi.ded344cb-c759-4d3a-931d-e5b1b515e376" "tx0efa1698106242189650f-006926b71b" "proxy-server 20" 0.0195 "-" 22 0
Nov 26 08:15:23 standalone proxy-server[130032]: 172.18.0.2 172.18.0.100 26/Nov/2025/08/15/23 PUT /v1/AUTH_da08a65b703f4c80a14bf537805ad082/gnocchi.ded344cb-c759-4d3a-931d-e5b1b515e376 HTTP/1.0 201 - python-swiftclient-3.11.1 gAAAAABpJraJ59gu... - - - tx0efa1698106242189650f-006926b71b - 0.0312 - - 1764144923.433475018 1764144923.464654922 0
Nov 26 08:15:23 standalone container-server[127862]: 172.20.0.100 - - [26/Nov/2025:08:15:23 +0000] "HEAD /d1/125/AUTH_da08a65b703f4c80a14bf537805ad082/gnocchi.ded344cb-c759-4d3a-931d-e5b1b515e376" 204 - "HEAD http://172.18.0.2:8080/v1/AUTH_da08a65b703f4c80a14bf537805ad082/gnocchi.ded344cb-c759-4d3a-931d-e5b1b515e376?format=json&states=listing" "txa00099304b834ae2b7bfb-006926b71b" "proxy-server 20" 0.0022 "-" 22 0
Nov 26 08:15:23 standalone proxy-server[130032]: - - 26/Nov/2025/08/15/23 HEAD /v1/AUTH_da08a65b703f4c80a14bf537805ad082/gnocchi.ded344cb-c759-4d3a-931d-e5b1b515e376%3Fformat%3Djson%26states%3Dlisting HTTP/1.0 204 - Swift - - - - txa00099304b834ae2b7bfb-006926b71b - 0.0069 RL - 1764144923.471035719 1764144923.477959871 0
Nov 26 08:15:23 standalone container-server[127874]: 172.20.0.100 - - [26/Nov/2025:08:15:23 +0000] "GET /d1/125/AUTH_da08a65b703f4c80a14bf537805ad082/gnocchi.ded344cb-c759-4d3a-931d-e5b1b515e376" 200 2 "GET http://172.18.0.2:8080/v1/AUTH_da08a65b703f4c80a14bf537805ad082/gnocchi.ded344cb-c759-4d3a-931d-e5b1b515e376?format=json&states=listing" "txa00099304b834ae2b7bfb-006926b71b" "proxy-server 20" 0.0028 "-" 23 0
Nov 26 08:15:23 standalone proxy-server[130032]: 172.18.0.2 172.18.0.100 26/Nov/2025/08/15/23 GET /v1/AUTH_da08a65b703f4c80a14bf537805ad082/gnocchi.ded344cb-c759-4d3a-931d-e5b1b515e376%3Fformat%3Djson%26states%3Dlisting HTTP/1.0 200 - python-swiftclient-3.11.1 gAAAAABpJraJ59gu... - 2 - txa00099304b834ae2b7bfb-006926b71b - 0.0191 - - 1764144923.469815969 1764144923.488954067 0
Nov 26 08:15:23 standalone object-server[128128]: 172.20.0.100 - - [26/Nov/2025:08:15:23 +0000] "GET /d1/642/AUTH_da08a65b703f4c80a14bf537805ad082/gnocchi.ded344cb-c759-4d3a-931d-e5b1b515e376/1763640000.0_mean_300.0_v3" 404 70 "GET http://172.18.0.2:8080/v1/AUTH_da08a65b703f4c80a14bf537805ad082/gnocchi.ded344cb-c759-4d3a-931d-e5b1b515e376/1763640000.0_mean_300.0_v3" "tx0ac9f14bc0324ee5b3806-006926b71b" "proxy-server 20" 0.0005 "-" 23 0
Nov 26 08:15:23 standalone proxy-server[130032]: 172.18.0.2 172.18.0.100 26/Nov/2025/08/15/23 GET /v1/AUTH_da08a65b703f4c80a14bf537805ad082/gnocchi.ded344cb-c759-4d3a-931d-e5b1b515e376/1763640000.0_mean_300.0_v3 HTTP/1.0 404 - python-swiftclient-3.11.1 gAAAAABpJraJ59gu... - 70 - tx0ac9f14bc0324ee5b3806-006926b71b - 0.0088 - - 1764144923.494487762 1764144923.503257275 0
Nov 26 08:15:23 standalone container-server[127854]: 172.20.0.100 - - [26/Nov/2025:08:15:23 +0000] "PUT /d1/125/AUTH_da08a65b703f4c80a14bf537805ad082/gnocchi.ded344cb-c759-4d3a-931d-e5b1b515e376/1763640000.0_mean_300.0_v3" 201 - "PUT http://172.18.0.2:8080/d1/642/AUTH_da08a65b703f4c80a14bf537805ad082/gnocchi.ded344cb-c759-4d3a-931d-e5b1b515e376/1763640000.0_mean_300.0_v3" "tx716746000f444e01bf6d7-006926b71b" "object-server 22" 0.0006 "-" 21 0
Nov 26 08:15:23 standalone object-server[128123]: 172.20.0.100 - - [26/Nov/2025:08:15:23 +0000] "PUT /d1/642/AUTH_da08a65b703f4c80a14bf537805ad082/gnocchi.ded344cb-c759-4d3a-931d-e5b1b515e376/1763640000.0_mean_300.0_v3" 201 - "PUT http://172.18.0.2:8080/v1/AUTH_da08a65b703f4c80a14bf537805ad082/gnocchi.ded344cb-c759-4d3a-931d-e5b1b515e376/1763640000.0_mean_300.0_v3" "tx716746000f444e01bf6d7-006926b71b" "proxy-server 20" 0.0146 "-" 22 0
Nov 26 08:15:23 standalone proxy-server[130032]: 172.18.0.2 172.18.0.100 26/Nov/2025/08/15/23 PUT /v1/AUTH_da08a65b703f4c80a14bf537805ad082/gnocchi.ded344cb-c759-4d3a-931d-e5b1b515e376/1763640000.0_mean_300.0_v3 HTTP/1.0 201 - python-swiftclient-3.11.1 gAAAAABpJraJ59gu... 16 - - tx716746000f444e01bf6d7-006926b71b - 0.0300 - - 1764144923.512043715 1764144923.542041302 0
Nov 26 08:15:23 standalone container-server[127854]: 172.20.0.100 - - [26/Nov/2025:08:15:23 +0000] "PUT /d1/125/AUTH_da08a65b703f4c80a14bf537805ad082/gnocchi.ded344cb-c759-4d3a-931d-e5b1b515e376/none_v3" 201 - "PUT http://172.18.0.2:8080/d1/289/AUTH_da08a65b703f4c80a14bf537805ad082/gnocchi.ded344cb-c759-4d3a-931d-e5b1b515e376/none_v3" "tx88513b3e31144896b8107-006926b71b" "object-server 22" 0.0003 "-" 21 0
Nov 26 08:15:23 standalone object-server[128123]: 172.20.0.100 - - [26/Nov/2025:08:15:23 +0000] "PUT /d1/289/AUTH_da08a65b703f4c80a14bf537805ad082/gnocchi.ded344cb-c759-4d3a-931d-e5b1b515e376/none_v3" 201 - "PUT http://172.18.0.2:8080/v1/AUTH_da08a65b703f4c80a14bf537805ad082/gnocchi.ded344cb-c759-4d3a-931d-e5b1b515e376/none_v3" "tx88513b3e31144896b8107-006926b71b" "proxy-server 20" 0.0120 "-" 22 0
Nov 26 08:15:23 standalone proxy-server[130032]: 172.18.0.2 172.18.0.100 26/Nov/2025/08/15/23 PUT /v1/AUTH_da08a65b703f4c80a14bf537805ad082/gnocchi.ded344cb-c759-4d3a-931d-e5b1b515e376/none_v3 HTTP/1.0 201 - python-swiftclient-3.11.1 gAAAAABpJraJ59gu... 22 - - tx88513b3e31144896b8107-006926b71b - 0.0246 - - 1764144923.548233032 1764144923.572817087 0
Nov 26 08:15:29 standalone object-server[128123]: 172.20.0.100 - - [26/Nov/2025:08:15:29 +0000] "GET /d1/289/AUTH_da08a65b703f4c80a14bf537805ad082/gnocchi.ded344cb-c759-4d3a-931d-e5b1b515e376/none_v3" 200 22 "GET http://172.18.0.2:8080/v1/AUTH_da08a65b703f4c80a14bf537805ad082/gnocchi.ded344cb-c759-4d3a-931d-e5b1b515e376/none_v3" "tx361ca2c6203b4fc9a227d-006926b721" "proxy-server 20" 0.0012 "-" 22 0
Nov 26 08:15:29 standalone proxy-server[130032]: 172.18.0.2 172.18.0.100 26/Nov/2025/08/15/29 GET /v1/AUTH_da08a65b703f4c80a14bf537805ad082/gnocchi.ded344cb-c759-4d3a-931d-e5b1b515e376/none_v3 HTTP/1.0 200 - python-swiftclient-3.11.1 gAAAAABpJraJ59gu... - 22 - tx361ca2c6203b4fc9a227d-006926b721 - 0.0087 - - 1764144929.630287409 1764144929.639001846 0
Nov 26 08:15:29 standalone container-server[127852]: 172.20.0.100 - - [26/Nov/2025:08:15:29 +0000] "GET /d1/125/AUTH_da08a65b703f4c80a14bf537805ad082/gnocchi.ded344cb-c759-4d3a-931d-e5b1b515e376" 200 357 "GET http://172.18.0.2:8080/v1/AUTH_da08a65b703f4c80a14bf537805ad082/gnocchi.ded344cb-c759-4d3a-931d-e5b1b515e376?format=json&states=listing" "tx7397211283304a27a2217-006926b721" "proxy-server 20" 0.0108 "-" 20 0
Nov 26 08:15:29 standalone proxy-server[130032]: 172.18.0.2 172.18.0.100 26/Nov/2025/08/15/29 GET /v1/AUTH_da08a65b703f4c80a14bf537805ad082/gnocchi.ded344cb-c759-4d3a-931d-e5b1b515e376%3Fformat%3Djson%26states%3Dlisting HTTP/1.0 200 - python-swiftclient-3.11.1 gAAAAABpJraJ59gu... - 357 - tx7397211283304a27a2217-006926b721 - 0.0198 - - 1764144929.642559052 1764144929.662350893 0
Nov 26 08:15:29 standalone container-server[127852]: 172.20.0.100 - - [26/Nov/2025:08:15:29 +0000] "GET /d1/125/AUTH_da08a65b703f4c80a14bf537805ad082/gnocchi.ded344cb-c759-4d3a-931d-e5b1b515e376" 200 2 "GET http://172.18.0.2:8080/v1/AUTH_da08a65b703f4c80a14bf537805ad082/gnocchi.ded344cb-c759-4d3a-931d-e5b1b515e376?format=json&marker=none_v3&states=listing" "tx3599c15e3bdc41ad8996d-006926b721" "proxy-server 20" 0.0034 "-" 20 0
Nov 26 08:15:29 standalone proxy-server[130032]: 172.18.0.2 172.18.0.100 26/Nov/2025/08/15/29 GET /v1/AUTH_da08a65b703f4c80a14bf537805ad082/gnocchi.ded344cb-c759-4d3a-931d-e5b1b515e376%3Fformat%3Djson%26marker%3Dnone_v3%26states%3Dlisting HTTP/1.0 200 - python-swiftclient-3.11.1 gAAAAABpJraJ59gu... - 2 - tx3599c15e3bdc41ad8996d-006926b721 - 0.0109 - - 1764144929.665691853 1764144929.676554680 0
Nov 26 08:15:29 standalone object-server[128123]: 172.20.0.100 - - [26/Nov/2025:08:15:29 +0000] "GET /d1/642/AUTH_da08a65b703f4c80a14bf537805ad082/gnocchi.ded344cb-c759-4d3a-931d-e5b1b515e376/1763640000.0_mean_300.0_v3" 200 16 "GET http://172.18.0.2:8080/v1/AUTH_da08a65b703f4c80a14bf537805ad082/gnocchi.ded344cb-c759-4d3a-931d-e5b1b515e376/1763640000.0_mean_300.0_v3" "tx33ab6a7237444bbf81088-006926b721" "proxy-server 20" 0.0009 "-" 22 0
Nov 26 08:15:29 standalone proxy-server[130032]: 172.18.0.2 172.18.0.100 26/Nov/2025/08/15/29 GET /v1/AUTH_da08a65b703f4c80a14bf537805ad082/gnocchi.ded344cb-c759-4d3a-931d-e5b1b515e376/1763640000.0_mean_300.0_v3 HTTP/1.0 200 - python-swiftclient-3.11.1 gAAAAABpJraJ59gu... - 16 - tx33ab6a7237444bbf81088-006926b721 - 0.0092 - - 1764144929.680026293 1764144929.689250708 0
Nov 26 08:15:29 standalone container-server[127852]: 172.20.0.100 - - [26/Nov/2025:08:15:29 +0000] "PUT /d1/125/AUTH_da08a65b703f4c80a14bf537805ad082/gnocchi.ded344cb-c759-4d3a-931d-e5b1b515e376/1763640000.0_mean_300.0_v3" 201 - "PUT http://172.18.0.2:8080/d1/642/AUTH_da08a65b703f4c80a14bf537805ad082/gnocchi.ded344cb-c759-4d3a-931d-e5b1b515e376/1763640000.0_mean_300.0_v3" "tx4dd47133d3d949c3bcf33-006926b721" "object-server 23" 0.0009 "-" 20 0
Nov 26 08:15:29 standalone object-server[128128]: 172.20.0.100 - - [26/Nov/2025:08:15:29 +0000] "PUT /d1/642/AUTH_da08a65b703f4c80a14bf537805ad082/gnocchi.ded344cb-c759-4d3a-931d-e5b1b515e376/1763640000.0_mean_300.0_v3" 201 - "PUT http://172.18.0.2:8080/v1/AUTH_da08a65b703f4c80a14bf537805ad082/gnocchi.ded344cb-c759-4d3a-931d-e5b1b515e376/1763640000.0_mean_300.0_v3" "tx4dd47133d3d949c3bcf33-006926b721" "proxy-server 20" 0.0115 "-" 23 0
Nov 26 08:15:29 standalone proxy-server[130032]: 172.18.0.2 172.18.0.100 26/Nov/2025/08/15/29 PUT /v1/AUTH_da08a65b703f4c80a14bf537805ad082/gnocchi.ded344cb-c759-4d3a-931d-e5b1b515e376/1763640000.0_mean_300.0_v3 HTTP/1.0 201 - python-swiftclient-3.11.1 gAAAAABpJraJ59gu... 16 - - tx4dd47133d3d949c3bcf33-006926b721 - 0.0204 - - 1764144929.692623854 1764144929.713068247 0
Nov 26 08:15:29 standalone container-server[127874]: 172.20.0.100 - - [26/Nov/2025:08:15:29 +0000] "PUT /d1/125/AUTH_da08a65b703f4c80a14bf537805ad082/gnocchi.ded344cb-c759-4d3a-931d-e5b1b515e376/none_v3" 201 - "PUT http://172.18.0.2:8080/d1/289/AUTH_da08a65b703f4c80a14bf537805ad082/gnocchi.ded344cb-c759-4d3a-931d-e5b1b515e376/none_v3" "tx5d06d27748ca483c86b5c-006926b721" "object-server 25" 0.0008 "-" 23 0
Nov 26 08:15:29 standalone object-server[128134]: 172.20.0.100 - - [26/Nov/2025:08:15:29 +0000] "PUT /d1/289/AUTH_da08a65b703f4c80a14bf537805ad082/gnocchi.ded344cb-c759-4d3a-931d-e5b1b515e376/none_v3" 201 - "PUT http://172.18.0.2:8080/v1/AUTH_da08a65b703f4c80a14bf537805ad082/gnocchi.ded344cb-c759-4d3a-931d-e5b1b515e376/none_v3" "tx5d06d27748ca483c86b5c-006926b721" "proxy-server 20" 0.0093 "-" 25 0
Nov 26 08:15:29 standalone proxy-server[130032]: 172.18.0.2 172.18.0.100 26/Nov/2025/08/15/29 PUT /v1/AUTH_da08a65b703f4c80a14bf537805ad082/gnocchi.ded344cb-c759-4d3a-931d-e5b1b515e376/none_v3 HTTP/1.0 201 - python-swiftclient-3.11.1 gAAAAABpJraJ59gu... 32 - - tx5d06d27748ca483c86b5c-006926b721 - 0.0165 - - 1764144929.716337919 1764144929.732860088 0
Nov 26 08:16:04 standalone account-server[127855]: 172.20.0.100 - - [26/Nov/2025:08:16:04 +0000] "HEAD /d1/746/AUTH_da08a65b703f4c80a14bf537805ad082" 204 - "HEAD http://172.18.0.2:8080/v1/AUTH_da08a65b703f4c80a14bf537805ad082?format=json" "txd07dce1aecda40259b390-006926b744" "proxy-server 20" 0.0088 "-" 22 -
Nov 26 08:16:04 standalone proxy-server[130032]: - - 26/Nov/2025/08/16/04 HEAD /v1/AUTH_da08a65b703f4c80a14bf537805ad082%3Fformat%3Djson HTTP/1.0 204 - Swift - - - - txd07dce1aecda40259b390-006926b744 - 0.0182 RL - 1764144964.614844561 1764144964.633077621 -
Nov 26 08:16:04 standalone container-server[127854]: 172.20.0.100 - - [26/Nov/2025:08:16:04 +0000] "HEAD /d1/169/AUTH_da08a65b703f4c80a14bf537805ad082/gnocchi.67d36189-0b65-4deb-a01a-2dfdf989323a" 404 - "HEAD http://172.18.0.2:8080/v1/AUTH_da08a65b703f4c80a14bf537805ad082/gnocchi.67d36189-0b65-4deb-a01a-2dfdf989323a?format=json&states=listing" "txd07dce1aecda40259b390-006926b744" "proxy-server 20" 0.0010 "-" 21 0
Nov 26 08:16:04 standalone object-server[128123]: 172.20.0.100 - - [26/Nov/2025:08:16:04 +0000] "GET /d1/788/AUTH_da08a65b703f4c80a14bf537805ad082/gnocchi.67d36189-0b65-4deb-a01a-2dfdf989323a/none_v3" 404 70 "GET http://172.18.0.2:8080/v1/AUTH_da08a65b703f4c80a14bf537805ad082/gnocchi.67d36189-0b65-4deb-a01a-2dfdf989323a/none_v3" "txd07dce1aecda40259b390-006926b744" "proxy-server 20" 0.0009 "-" 22 0
Nov 26 08:16:04 standalone proxy-server[130032]: 172.18.0.2 172.18.0.100 26/Nov/2025/08/16/04 GET /v1/AUTH_da08a65b703f4c80a14bf537805ad082/gnocchi.67d36189-0b65-4deb-a01a-2dfdf989323a/none_v3 HTTP/1.0 404 - python-swiftclient-3.11.1 gAAAAABpJraJ59gu... - 70 - txd07dce1aecda40259b390-006926b744 - 0.0397 - - 1764144964.613427162 1764144964.653102636 0
Nov 26 08:16:04 standalone account-server[127857]: 172.20.0.100 - - [26/Nov/2025:08:16:04 +0000] "PUT /d1/746/AUTH_da08a65b703f4c80a14bf537805ad082/gnocchi.67d36189-0b65-4deb-a01a-2dfdf989323a" 201 - "PUT http://172.20.0.100:6001/d1/169/AUTH_da08a65b703f4c80a14bf537805ad082/gnocchi.67d36189-0b65-4deb-a01a-2dfdf989323a" "tx203db48d36304201ae3a5-006926b744" "container-server 23" 0.0020 "-" 23 0
Nov 26 08:16:04 standalone container-server[127874]: 172.20.0.100 - - [26/Nov/2025:08:16:04 +0000] "PUT /d1/169/AUTH_da08a65b703f4c80a14bf537805ad082/gnocchi.67d36189-0b65-4deb-a01a-2dfdf989323a" 201 - "PUT http://172.18.0.2:8080/v1/AUTH_da08a65b703f4c80a14bf537805ad082/gnocchi.67d36189-0b65-4deb-a01a-2dfdf989323a" "tx203db48d36304201ae3a5-006926b744" "proxy-server 20" 0.0184 "-" 23 0
Nov 26 08:16:04 standalone proxy-server[130032]: 172.18.0.2 172.18.0.100 26/Nov/2025/08/16/04 PUT /v1/AUTH_da08a65b703f4c80a14bf537805ad082/gnocchi.67d36189-0b65-4deb-a01a-2dfdf989323a HTTP/1.0 201 - python-swiftclient-3.11.1 gAAAAABpJraJ59gu... - - - tx203db48d36304201ae3a5-006926b744 - 0.0286 - - 1764144964.661055565 1764144964.689688206 0
Nov 26 08:16:04 standalone container-server[127852]: 172.20.0.100 - - [26/Nov/2025:08:16:04 +0000] "HEAD /d1/169/AUTH_da08a65b703f4c80a14bf537805ad082/gnocchi.67d36189-0b65-4deb-a01a-2dfdf989323a" 204 - "HEAD http://172.18.0.2:8080/v1/AUTH_da08a65b703f4c80a14bf537805ad082/gnocchi.67d36189-0b65-4deb-a01a-2dfdf989323a?format=json&states=listing" "tx90c10b7c82204d20bf366-006926b744" "proxy-server 20" 0.0027 "-" 20 0
Nov 26 08:16:04 standalone proxy-server[130032]: - - 26/Nov/2025/08/16/04 HEAD /v1/AUTH_da08a65b703f4c80a14bf537805ad082/gnocchi.67d36189-0b65-4deb-a01a-2dfdf989323a%3Fformat%3Djson%26states%3Dlisting HTTP/1.0 204 - Swift - - - - tx90c10b7c82204d20bf366-006926b744 - 0.0091 RL - 1764144964.698225498 1764144964.707310915 0
Nov 26 08:16:04 standalone container-server[127852]: 172.20.0.100 - - [26/Nov/2025:08:16:04 +0000] "GET /d1/169/AUTH_da08a65b703f4c80a14bf537805ad082/gnocchi.67d36189-0b65-4deb-a01a-2dfdf989323a" 200 2 "GET http://172.18.0.2:8080/v1/AUTH_da08a65b703f4c80a14bf537805ad082/gnocchi.67d36189-0b65-4deb-a01a-2dfdf989323a?format=json&states=listing" "tx90c10b7c82204d20bf366-006926b744" "proxy-server 20" 0.0037 "-" 20 0
Nov 26 08:16:04 standalone proxy-server[130032]: 172.18.0.2 172.18.0.100 26/Nov/2025/08/16/04 GET /v1/AUTH_da08a65b703f4c80a14bf537805ad082/gnocchi.67d36189-0b65-4deb-a01a-2dfdf989323a%3Fformat%3Djson%26states%3Dlisting HTTP/1.0 200 - python-swiftclient-3.11.1 gAAAAABpJraJ59gu... - 2 - tx90c10b7c82204d20bf366-006926b744 - 0.0238 - - 1764144964.696200848 1764144964.720032930 0
Nov 26 08:16:04 standalone object-server[128133]: 172.20.0.100 - - [26/Nov/2025:08:16:04 +0000] "GET /d1/44/AUTH_da08a65b703f4c80a14bf537805ad082/gnocchi.67d36189-0b65-4deb-a01a-2dfdf989323a/1763640000.0_mean_300.0_v3" 404 70 "GET http://172.18.0.2:8080/v1/AUTH_da08a65b703f4c80a14bf537805ad082/gnocchi.67d36189-0b65-4deb-a01a-2dfdf989323a/1763640000.0_mean_300.0_v3" "txa1e3ca4252a9460f924d0-006926b744" "proxy-server 20" 0.0004 "-" 24 0
Nov 26 08:16:04 standalone proxy-server[130032]: 172.18.0.2 172.18.0.100 26/Nov/2025/08/16/04 GET /v1/AUTH_da08a65b703f4c80a14bf537805ad082/gnocchi.67d36189-0b65-4deb-a01a-2dfdf989323a/1763640000.0_mean_300.0_v3 HTTP/1.0 404 - python-swiftclient-3.11.1 gAAAAABpJraJ59gu... - 70 - txa1e3ca4252a9460f924d0-006926b744 - 0.0176 - - 1764144964.728583336 1764144964.746217251 0
Nov 26 08:16:04 standalone container-server[127852]: 172.20.0.100 - - [26/Nov/2025:08:16:04 +0000] "PUT /d1/169/AUTH_da08a65b703f4c80a14bf537805ad082/gnocchi.67d36189-0b65-4deb-a01a-2dfdf989323a/1763640000.0_mean_300.0_v3" 201 - "PUT http://172.18.0.2:8080/d1/44/AUTH_da08a65b703f4c80a14bf537805ad082/gnocchi.67d36189-0b65-4deb-a01a-2dfdf989323a/1763640000.0_mean_300.0_v3" "txe9ddf037a3744b559f256-006926b744" "object-server 23" 0.0012 "-" 20 0
Nov 26 08:16:04 standalone object-server[128128]: 172.20.0.100 - - [26/Nov/2025:08:16:04 +0000] "PUT /d1/44/AUTH_da08a65b703f4c80a14bf537805ad082/gnocchi.67d36189-0b65-4deb-a01a-2dfdf989323a/1763640000.0_mean_300.0_v3" 201 - "PUT http://172.18.0.2:8080/v1/AUTH_da08a65b703f4c80a14bf537805ad082/gnocchi.67d36189-0b65-4deb-a01a-2dfdf989323a/1763640000.0_mean_300.0_v3" "txe9ddf037a3744b559f256-006926b744" "proxy-server 20" 0.0123 "-" 23 0
Nov 26 08:16:04 standalone proxy-server[130032]: 172.18.0.2 172.18.0.100 26/Nov/2025/08/16/04 PUT /v1/AUTH_da08a65b703f4c80a14bf537805ad082/gnocchi.67d36189-0b65-4deb-a01a-2dfdf989323a/1763640000.0_mean_300.0_v3 HTTP/1.0 201 - python-swiftclient-3.11.1 gAAAAABpJraJ59gu... 16 - - txe9ddf037a3744b559f256-006926b744 - 0.0208 - - 1764144964.752885342 1764144964.773666859 0
Nov 26 08:16:04 standalone container-server[127874]: 172.20.0.100 - - [26/Nov/2025:08:16:04 +0000] "PUT /d1/169/AUTH_da08a65b703f4c80a14bf537805ad082/gnocchi.67d36189-0b65-4deb-a01a-2dfdf989323a/none_v3" 201 - "PUT http://172.18.0.2:8080/d1/788/AUTH_da08a65b703f4c80a14bf537805ad082/gnocchi.67d36189-0b65-4deb-a01a-2dfdf989323a/none_v3" "tx10bb7b9e3b854aab9eeb9-006926b744" "object-server 23" 0.0006 "-" 23 0
Nov 26 08:16:04 standalone object-server[128128]: 172.20.0.100 - - [26/Nov/2025:08:16:04 +0000] "PUT /d1/788/AUTH_da08a65b703f4c80a14bf537805ad082/gnocchi.67d36189-0b65-4deb-a01a-2dfdf989323a/none_v3" 201 - "PUT http://172.18.0.2:8080/v1/AUTH_da08a65b703f4c80a14bf537805ad082/gnocchi.67d36189-0b65-4deb-a01a-2dfdf989323a/none_v3" "tx10bb7b9e3b854aab9eeb9-006926b744" "proxy-server 20" 0.0128 "-" 23 0
Nov 26 08:16:04 standalone proxy-server[130032]: 172.18.0.2 172.18.0.100 26/Nov/2025/08/16/04 PUT /v1/AUTH_da08a65b703f4c80a14bf537805ad082/gnocchi.67d36189-0b65-4deb-a01a-2dfdf989323a/none_v3 HTTP/1.0 201 - python-swiftclient-3.11.1 gAAAAABpJraJ59gu... 22 - - tx10bb7b9e3b854aab9eeb9-006926b744 - 0.0235 - - 1764144964.778610229 1764144964.802118540 0
Nov 26 08:16:04 standalone container-server[127854]: 172.20.0.100 - - [26/Nov/2025:08:16:04 +0000] "HEAD /d1/73/AUTH_da08a65b703f4c80a14bf537805ad082/gnocchi.e54dac8e-da34-4e46-b0f1-b8092e5c9b6a" 404 - "HEAD http://172.18.0.2:8080/v1/AUTH_da08a65b703f4c80a14bf537805ad082/gnocchi.e54dac8e-da34-4e46-b0f1-b8092e5c9b6a?format=json&states=listing" "txd5dbb85f94b34706ae651-006926b744" "proxy-server 20" 0.0005 "-" 21 0
Nov 26 08:16:04 standalone object-server[128134]: 172.20.0.100 - - [26/Nov/2025:08:16:04 +0000] "GET /d1/450/AUTH_da08a65b703f4c80a14bf537805ad082/gnocchi.e54dac8e-da34-4e46-b0f1-b8092e5c9b6a/none_v3" 404 70 "GET http://172.18.0.2:8080/v1/AUTH_da08a65b703f4c80a14bf537805ad082/gnocchi.e54dac8e-da34-4e46-b0f1-b8092e5c9b6a/none_v3" "txd5dbb85f94b34706ae651-006926b744" "proxy-server 20" 0.0003 "-" 25 0
Nov 26 08:16:04 standalone proxy-server[130032]: 172.18.0.2 172.18.0.100 26/Nov/2025/08/16/04 GET /v1/AUTH_da08a65b703f4c80a14bf537805ad082/gnocchi.e54dac8e-da34-4e46-b0f1-b8092e5c9b6a/none_v3 HTTP/1.0 404 - python-swiftclient-3.11.1 gAAAAABpJraJ59gu... - 70 - txd5dbb85f94b34706ae651-006926b744 - 0.0170 - - 1764144964.815397024 1764144964.832422495 0
Nov 26 08:16:04 standalone account-server[127850]: 172.20.0.100 - - [26/Nov/2025:08:16:04 +0000] "PUT /d1/746/AUTH_da08a65b703f4c80a14bf537805ad082/gnocchi.e54dac8e-da34-4e46-b0f1-b8092e5c9b6a" 201 - "PUT http://172.20.0.100:6001/d1/73/AUTH_da08a65b703f4c80a14bf537805ad082/gnocchi.e54dac8e-da34-4e46-b0f1-b8092e5c9b6a" "tx41e07f57d4894931b54b6-006926b744" "container-server 22" 0.0064 "-" 20 0
Nov 26 08:16:04 standalone container-server[127862]: 172.20.0.100 - - [26/Nov/2025:08:16:04 +0000] "PUT /d1/73/AUTH_da08a65b703f4c80a14bf537805ad082/gnocchi.e54dac8e-da34-4e46-b0f1-b8092e5c9b6a" 201 - "PUT http://172.18.0.2:8080/v1/AUTH_da08a65b703f4c80a14bf537805ad082/gnocchi.e54dac8e-da34-4e46-b0f1-b8092e5c9b6a" "tx41e07f57d4894931b54b6-006926b744" "proxy-server 20" 0.0195 "-" 22 0
Nov 26 08:16:04 standalone proxy-server[130032]: 172.18.0.2 172.18.0.100 26/Nov/2025/08/16/04 PUT /v1/AUTH_da08a65b703f4c80a14bf537805ad082/gnocchi.e54dac8e-da34-4e46-b0f1-b8092e5c9b6a HTTP/1.0 201 - python-swiftclient-3.11.1 gAAAAABpJraJ59gu... - - - tx41e07f57d4894931b54b6-006926b744 - 0.0274 - - 1764144964.836771250 1764144964.864201546 0
Nov 26 08:16:04 standalone container-server[127862]: 172.20.0.100 - - [26/Nov/2025:08:16:04 +0000] "HEAD /d1/73/AUTH_da08a65b703f4c80a14bf537805ad082/gnocchi.e54dac8e-da34-4e46-b0f1-b8092e5c9b6a" 204 - "HEAD http://172.18.0.2:8080/v1/AUTH_da08a65b703f4c80a14bf537805ad082/gnocchi.e54dac8e-da34-4e46-b0f1-b8092e5c9b6a?format=json&states=listing" "tx401ea0581e264d9d9cfcd-006926b744" "proxy-server 20" 0.0013 "-" 22 0
Nov 26 08:16:04 standalone proxy-server[130032]: - - 26/Nov/2025/08/16/04 HEAD /v1/AUTH_da08a65b703f4c80a14bf537805ad082/gnocchi.e54dac8e-da34-4e46-b0f1-b8092e5c9b6a%3Fformat%3Djson%26states%3Dlisting HTTP/1.0 204 - Swift - - - - tx401ea0581e264d9d9cfcd-006926b744 - 0.0050 RL - 1764144964.870160818 1764144964.875120401 0
Nov 26 08:16:04 standalone container-server[127874]: 172.20.0.100 - - [26/Nov/2025:08:16:04 +0000] "GET /d1/73/AUTH_da08a65b703f4c80a14bf537805ad082/gnocchi.e54dac8e-da34-4e46-b0f1-b8092e5c9b6a" 200 2 "GET http://172.18.0.2:8080/v1/AUTH_da08a65b703f4c80a14bf537805ad082/gnocchi.e54dac8e-da34-4e46-b0f1-b8092e5c9b6a?format=json&states=listing" "tx401ea0581e264d9d9cfcd-006926b744" "proxy-server 20" 0.0017 "-" 23 0
Nov 26 08:16:04 standalone proxy-server[130032]: 172.18.0.2 172.18.0.100 26/Nov/2025/08/16/04 GET /v1/AUTH_da08a65b703f4c80a14bf537805ad082/gnocchi.e54dac8e-da34-4e46-b0f1-b8092e5c9b6a%3Fformat%3Djson%26states%3Dlisting HTTP/1.0 200 - python-swiftclient-3.11.1 gAAAAABpJraJ59gu... - 2 - tx401ea0581e264d9d9cfcd-006926b744 - 0.0147 - - 1764144964.868683815 1764144964.883388996 0
Nov 26 08:16:04 standalone object-server[128123]: 172.20.0.100 - - [26/Nov/2025:08:16:04 +0000] "GET /d1/735/AUTH_da08a65b703f4c80a14bf537805ad082/gnocchi.e54dac8e-da34-4e46-b0f1-b8092e5c9b6a/1763640000.0_mean_300.0_v3" 404 70 "GET http://172.18.0.2:8080/v1/AUTH_da08a65b703f4c80a14bf537805ad082/gnocchi.e54dac8e-da34-4e46-b0f1-b8092e5c9b6a/1763640000.0_mean_300.0_v3" "tx7027edbd13b34e6896979-006926b744" "proxy-server 20" 0.0003 "-" 22 0
Nov 26 08:16:04 standalone proxy-server[130032]: 172.18.0.2 172.18.0.100 26/Nov/2025/08/16/04 GET /v1/AUTH_da08a65b703f4c80a14bf537805ad082/gnocchi.e54dac8e-da34-4e46-b0f1-b8092e5c9b6a/1763640000.0_mean_300.0_v3 HTTP/1.0 404 - python-swiftclient-3.11.1 gAAAAABpJraJ59gu... - 70 - tx7027edbd13b34e6896979-006926b744 - 0.0057 - - 1764144964.887391567 1764144964.893088341 0
Nov 26 08:16:04 standalone container-server[127854]: 172.20.0.100 - - [26/Nov/2025:08:16:04 +0000] "PUT /d1/73/AUTH_da08a65b703f4c80a14bf537805ad082/gnocchi.e54dac8e-da34-4e46-b0f1-b8092e5c9b6a/1763640000.0_mean_300.0_v3" 201 - "PUT http://172.18.0.2:8080/d1/735/AUTH_da08a65b703f4c80a14bf537805ad082/gnocchi.e54dac8e-da34-4e46-b0f1-b8092e5c9b6a/1763640000.0_mean_300.0_v3" "txb2a987a403fb41da85b0e-006926b744" "object-server 23" 0.0006 "-" 21 0
Nov 26 08:16:04 standalone object-server[128128]: 172.20.0.100 - - [26/Nov/2025:08:16:04 +0000] "PUT /d1/735/AUTH_da08a65b703f4c80a14bf537805ad082/gnocchi.e54dac8e-da34-4e46-b0f1-b8092e5c9b6a/1763640000.0_mean_300.0_v3" 201 - "PUT http://172.18.0.2:8080/v1/AUTH_da08a65b703f4c80a14bf537805ad082/gnocchi.e54dac8e-da34-4e46-b0f1-b8092e5c9b6a/1763640000.0_mean_300.0_v3" "txb2a987a403fb41da85b0e-006926b744" "proxy-server 20" 0.0091 "-" 23 0
Nov 26 08:16:04 standalone proxy-server[130032]: 172.18.0.2 172.18.0.100 26/Nov/2025/08/16/04 PUT /v1/AUTH_da08a65b703f4c80a14bf537805ad082/gnocchi.e54dac8e-da34-4e46-b0f1-b8092e5c9b6a/1763640000.0_mean_300.0_v3 HTTP/1.0 201 - python-swiftclient-3.11.1 gAAAAABpJraJ59gu... 16 - - txb2a987a403fb41da85b0e-006926b744 - 0.0146 - - 1764144964.896118641 1764144964.910704136 0
Nov 26 08:16:04 standalone container-server[127852]: 172.20.0.100 - - [26/Nov/2025:08:16:04 +0000] "PUT /d1/73/AUTH_da08a65b703f4c80a14bf537805ad082/gnocchi.e54dac8e-da34-4e46-b0f1-b8092e5c9b6a/none_v3" 201 - "PUT http://172.18.0.2:8080/d1/450/AUTH_da08a65b703f4c80a14bf537805ad082/gnocchi.e54dac8e-da34-4e46-b0f1-b8092e5c9b6a/none_v3" "txa6fa076636d2460b81a1d-006926b744" "object-server 24" 0.0012 "-" 20 0
Nov 26 08:16:04 standalone object-server[128133]: 172.20.0.100 - - [26/Nov/2025:08:16:04 +0000] "PUT /d1/450/AUTH_da08a65b703f4c80a14bf537805ad082/gnocchi.e54dac8e-da34-4e46-b0f1-b8092e5c9b6a/none_v3" 201 - "PUT http://172.18.0.2:8080/v1/AUTH_da08a65b703f4c80a14bf537805ad082/gnocchi.e54dac8e-da34-4e46-b0f1-b8092e5c9b6a/none_v3" "txa6fa076636d2460b81a1d-006926b744" "proxy-server 20" 0.0112 "-" 24 0
Nov 26 08:16:04 standalone proxy-server[130032]: 172.18.0.2 172.18.0.100 26/Nov/2025/08/16/04 PUT /v1/AUTH_da08a65b703f4c80a14bf537805ad082/gnocchi.e54dac8e-da34-4e46-b0f1-b8092e5c9b6a/none_v3 HTTP/1.0 201 - python-swiftclient-3.11.1 gAAAAABpJraJ59gu... 22 - - txa6fa076636d2460b81a1d-006926b744 - 0.0172 - - 1764144964.913598537 1764144964.930842638 0
Nov 26 08:16:04 standalone container-server[127862]: 172.20.0.100 - - [26/Nov/2025:08:16:04 +0000] "HEAD /d1/1005/AUTH_da08a65b703f4c80a14bf537805ad082/gnocchi.a1e50eda-27ed-4e0e-88df-c47f563804e7" 404 - "HEAD http://172.18.0.2:8080/v1/AUTH_da08a65b703f4c80a14bf537805ad082/gnocchi.a1e50eda-27ed-4e0e-88df-c47f563804e7?format=json&states=listing" "tx6e9486c8a0554cf5a2aaa-006926b744" "proxy-server 20" 0.0004 "-" 22 0
Nov 26 08:16:04 standalone object-server[128133]: 172.20.0.100 - - [26/Nov/2025:08:16:04 +0000] "GET /d1/787/AUTH_da08a65b703f4c80a14bf537805ad082/gnocchi.a1e50eda-27ed-4e0e-88df-c47f563804e7/none_v3" 404 70 "GET http://172.18.0.2:8080/v1/AUTH_da08a65b703f4c80a14bf537805ad082/gnocchi.a1e50eda-27ed-4e0e-88df-c47f563804e7/none_v3" "tx6e9486c8a0554cf5a2aaa-006926b744" "proxy-server 20" 0.0007 "-" 24 0
Nov 26 08:16:04 standalone proxy-server[130032]: 172.18.0.2 172.18.0.100 26/Nov/2025/08/16/04 GET /v1/AUTH_da08a65b703f4c80a14bf537805ad082/gnocchi.a1e50eda-27ed-4e0e-88df-c47f563804e7/none_v3 HTTP/1.0 404 - python-swiftclient-3.11.1 gAAAAABpJraJ59gu... - 70 - tx6e9486c8a0554cf5a2aaa-006926b744 - 0.0099 - - 1764144964.942637682 1764144964.952524900 0
Nov 26 08:16:04 standalone account-server[127850]: 172.20.0.100 - - [26/Nov/2025:08:16:04 +0000] "PUT /d1/746/AUTH_da08a65b703f4c80a14bf537805ad082/gnocchi.a1e50eda-27ed-4e0e-88df-c47f563804e7" 201 - "PUT http://172.20.0.100:6001/d1/1005/AUTH_da08a65b703f4c80a14bf537805ad082/gnocchi.a1e50eda-27ed-4e0e-88df-c47f563804e7" "tx715d3676e8ec418bb7c8b-006926b744" "container-server 23" 0.0078 "-" 20 0
Nov 26 08:16:04 standalone container-server[127874]: 172.20.0.100 - - [26/Nov/2025:08:16:04 +0000] "PUT /d1/1005/AUTH_da08a65b703f4c80a14bf537805ad082/gnocchi.a1e50eda-27ed-4e0e-88df-c47f563804e7" 201 - "PUT http://172.18.0.2:8080/v1/AUTH_da08a65b703f4c80a14bf537805ad082/gnocchi.a1e50eda-27ed-4e0e-88df-c47f563804e7" "tx715d3676e8ec418bb7c8b-006926b744" "proxy-server 20" 0.0190 "-" 23 0
Nov 26 08:16:04 standalone proxy-server[130032]: 172.18.0.2 172.18.0.100 26/Nov/2025/08/16/04 PUT /v1/AUTH_da08a65b703f4c80a14bf537805ad082/gnocchi.a1e50eda-27ed-4e0e-88df-c47f563804e7 HTTP/1.0 201 - python-swiftclient-3.11.1 gAAAAABpJraJ59gu... - - - tx715d3676e8ec418bb7c8b-006926b744 - 0.0250 - - 1764144964.955205679 1764144964.980183601 0
Nov 26 08:16:04 standalone container-server[127854]: 172.20.0.100 - - [26/Nov/2025:08:16:04 +0000] "HEAD /d1/1005/AUTH_da08a65b703f4c80a14bf537805ad082/gnocchi.a1e50eda-27ed-4e0e-88df-c47f563804e7" 204 - "HEAD http://172.18.0.2:8080/v1/AUTH_da08a65b703f4c80a14bf537805ad082/gnocchi.a1e50eda-27ed-4e0e-88df-c47f563804e7?format=json&states=listing" "tx54b6908c71544fa8b3b85-006926b744" "proxy-server 20" 0.0015 "-" 21 0
Nov 26 08:16:04 standalone proxy-server[130032]: - - 26/Nov/2025/08/16/04 HEAD /v1/AUTH_da08a65b703f4c80a14bf537805ad082/gnocchi.a1e50eda-27ed-4e0e-88df-c47f563804e7%3Fformat%3Djson%26states%3Dlisting HTTP/1.0 204 - Swift - - - - tx54b6908c71544fa8b3b85-006926b744 - 0.0050 RL - 1764144964.984470606 1764144964.989454508 0
Nov 26 08:16:04 standalone container-server[127854]: 172.20.0.100 - - [26/Nov/2025:08:16:04 +0000] "GET /d1/1005/AUTH_da08a65b703f4c80a14bf537805ad082/gnocchi.a1e50eda-27ed-4e0e-88df-c47f563804e7" 200 2 "GET http://172.18.0.2:8080/v1/AUTH_da08a65b703f4c80a14bf537805ad082/gnocchi.a1e50eda-27ed-4e0e-88df-c47f563804e7?format=json&states=listing" "tx54b6908c71544fa8b3b85-006926b744" "proxy-server 20" 0.0022 "-" 21 0
Nov 26 08:16:04 standalone proxy-server[130032]: 172.18.0.2 172.18.0.100 26/Nov/2025/08/16/04 GET /v1/AUTH_da08a65b703f4c80a14bf537805ad082/gnocchi.a1e50eda-27ed-4e0e-88df-c47f563804e7%3Fformat%3Djson%26states%3Dlisting HTTP/1.0 200 - python-swiftclient-3.11.1 gAAAAABpJraJ59gu... - 2 - tx54b6908c71544fa8b3b85-006926b744 - 0.0133 - - 1764144964.983570576 1764144964.996834040 0
Nov 26 08:16:05 standalone object-server[128128]: 172.20.0.100 - - [26/Nov/2025:08:16:05 +0000] "GET /d1/110/AUTH_da08a65b703f4c80a14bf537805ad082/gnocchi.a1e50eda-27ed-4e0e-88df-c47f563804e7/1763640000.0_mean_300.0_v3" 404 70 "GET http://172.18.0.2:8080/v1/AUTH_da08a65b703f4c80a14bf537805ad082/gnocchi.a1e50eda-27ed-4e0e-88df-c47f563804e7/1763640000.0_mean_300.0_v3" "txccefdf9b31f34fc78e1bd-006926b745" "proxy-server 20" 0.0003 "-" 23 0
Nov 26 08:16:05 standalone proxy-server[130032]: 172.18.0.2 172.18.0.100 26/Nov/2025/08/16/05 GET /v1/AUTH_da08a65b703f4c80a14bf537805ad082/gnocchi.a1e50eda-27ed-4e0e-88df-c47f563804e7/1763640000.0_mean_300.0_v3 HTTP/1.0 404 - python-swiftclient-3.11.1 gAAAAABpJraJ59gu... - 70 - txccefdf9b31f34fc78e1bd-006926b745 - 0.0091 - - 1764144965.001207829 1764144965.010262966 0
Nov 26 08:16:05 standalone container-server[127862]: 172.20.0.100 - - [26/Nov/2025:08:16:05 +0000] "PUT /d1/1005/AUTH_da08a65b703f4c80a14bf537805ad082/gnocchi.a1e50eda-27ed-4e0e-88df-c47f563804e7/1763640000.0_mean_300.0_v3" 201 - "PUT http://172.18.0.2:8080/d1/110/AUTH_da08a65b703f4c80a14bf537805ad082/gnocchi.a1e50eda-27ed-4e0e-88df-c47f563804e7/1763640000.0_mean_300.0_v3" "tx2bf02e4da2364bdd982ee-006926b745" "object-server 25" 0.0006 "-" 22 0
Nov 26 08:16:05 standalone object-server[128134]: 172.20.0.100 - - [26/Nov/2025:08:16:05 +0000] "PUT /d1/110/AUTH_da08a65b703f4c80a14bf537805ad082/gnocchi.a1e50eda-27ed-4e0e-88df-c47f563804e7/1763640000.0_mean_300.0_v3" 201 - "PUT http://172.18.0.2:8080/v1/AUTH_da08a65b703f4c80a14bf537805ad082/gnocchi.a1e50eda-27ed-4e0e-88df-c47f563804e7/1763640000.0_mean_300.0_v3" "tx2bf02e4da2364bdd982ee-006926b745" "proxy-server 20" 0.0093 "-" 25 0
Nov 26 08:16:05 standalone proxy-server[130032]: 172.18.0.2 172.18.0.100 26/Nov/2025/08/16/05 PUT /v1/AUTH_da08a65b703f4c80a14bf537805ad082/gnocchi.a1e50eda-27ed-4e0e-88df-c47f563804e7/1763640000.0_mean_300.0_v3 HTTP/1.0 201 - python-swiftclient-3.11.1 gAAAAABpJraJ59gu... 16 - - tx2bf02e4da2364bdd982ee-006926b745 - 0.0152 - - 1764144965.013106585 1764144965.028277397 0
Nov 26 08:16:05 standalone container-server[127854]: 172.20.0.100 - - [26/Nov/2025:08:16:05 +0000] "PUT /d1/1005/AUTH_da08a65b703f4c80a14bf537805ad082/gnocchi.a1e50eda-27ed-4e0e-88df-c47f563804e7/none_v3" 201 - "PUT http://172.18.0.2:8080/d1/787/AUTH_da08a65b703f4c80a14bf537805ad082/gnocchi.a1e50eda-27ed-4e0e-88df-c47f563804e7/none_v3" "tx8c530e3cee604d638f774-006926b745" "object-server 23" 0.0005 "-" 21 0
Nov 26 08:16:05 standalone object-server[128128]: 172.20.0.100 - - [26/Nov/2025:08:16:05 +0000] "PUT /d1/787/AUTH_da08a65b703f4c80a14bf537805ad082/gnocchi.a1e50eda-27ed-4e0e-88df-c47f563804e7/none_v3" 201 - "PUT http://172.18.0.2:8080/v1/AUTH_da08a65b703f4c80a14bf537805ad082/gnocchi.a1e50eda-27ed-4e0e-88df-c47f563804e7/none_v3" "tx8c530e3cee604d638f774-006926b745" "proxy-server 20" 0.0092 "-" 23 0
Nov 26 08:16:05 standalone proxy-server[130032]: 172.18.0.2 172.18.0.100 26/Nov/2025/08/16/05 PUT /v1/AUTH_da08a65b703f4c80a14bf537805ad082/gnocchi.a1e50eda-27ed-4e0e-88df-c47f563804e7/none_v3 HTTP/1.0 201 - python-swiftclient-3.11.1 gAAAAABpJraJ59gu... 22 - - tx8c530e3cee604d638f774-006926b745 - 0.0139 - - 1764144965.030485868 1764144965.044380426 0
Nov 26 08:16:05 standalone container-server[127862]: 172.20.0.100 - - [26/Nov/2025:08:16:05 +0000] "HEAD /d1/443/AUTH_da08a65b703f4c80a14bf537805ad082/gnocchi.799176d1-9e24-45ed-8d72-fe13f48e52e3" 404 - "HEAD http://172.18.0.2:8080/v1/AUTH_da08a65b703f4c80a14bf537805ad082/gnocchi.799176d1-9e24-45ed-8d72-fe13f48e52e3?format=json&states=listing" "tx6dfca1012a244cfa94686-006926b745" "proxy-server 20" 0.0003 "-" 22 0
Nov 26 08:16:05 standalone object-server[128128]: 172.20.0.100 - - [26/Nov/2025:08:16:05 +0000] "GET /d1/123/AUTH_da08a65b703f4c80a14bf537805ad082/gnocchi.799176d1-9e24-45ed-8d72-fe13f48e52e3/none_v3" 404 70 "GET http://172.18.0.2:8080/v1/AUTH_da08a65b703f4c80a14bf537805ad082/gnocchi.799176d1-9e24-45ed-8d72-fe13f48e52e3/none_v3" "tx6dfca1012a244cfa94686-006926b745" "proxy-server 20" 0.0005 "-" 23 0
