Nov 26 08:16:08 standalone proxy-server[130032]: 172.18.0.2 172.18.0.100 26/Nov/2025/08/16/08 PUT /v1/AUTH_da08a65b703f4c80a14bf537805ad082/gnocchi.d90411d8-d4f1-45e9-a60a-33f2ab431431 HTTP/1.0 201 - python-swiftclient-3.11.1 gAAAAABpJraJ59gu... - - - tx9ce84de037e74b42b9402-006926b748 - 0.0409 - - 1764144968.095346928 1764144968.136230707 0
Nov 26 08:16:08 standalone container-server[127874]: 172.20.0.100 - - [26/Nov/2025:08:16:08 +0000] "HEAD /d1/954/AUTH_da08a65b703f4c80a14bf537805ad082/gnocchi.d90411d8-d4f1-45e9-a60a-33f2ab431431" 204 - "HEAD http://172.18.0.2:8080/v1/AUTH_da08a65b703f4c80a14bf537805ad082/gnocchi.d90411d8-d4f1-45e9-a60a-33f2ab431431?format=json&states=listing" "tx1041ef6b565c41a18e700-006926b748" "proxy-server 20" 0.0012 "-" 23 0
Nov 26 08:16:08 standalone proxy-server[130032]: - - 26/Nov/2025/08/16/08 HEAD /v1/AUTH_da08a65b703f4c80a14bf537805ad082/gnocchi.d90411d8-d4f1-45e9-a60a-33f2ab431431%3Fformat%3Djson%26states%3Dlisting HTTP/1.0 204 - Swift - - - - tx1041ef6b565c41a18e700-006926b748 - 0.0045 RL - 1764144968.141945124 1764144968.146430969 0
Nov 26 08:16:08 standalone container-server[127862]: 172.20.0.100 - - [26/Nov/2025:08:16:08 +0000] "GET /d1/954/AUTH_da08a65b703f4c80a14bf537805ad082/gnocchi.d90411d8-d4f1-45e9-a60a-33f2ab431431" 200 2 "GET http://172.18.0.2:8080/v1/AUTH_da08a65b703f4c80a14bf537805ad082/gnocchi.d90411d8-d4f1-45e9-a60a-33f2ab431431?format=json&states=listing" "tx1041ef6b565c41a18e700-006926b748" "proxy-server 20" 0.0016 "-" 22 0
Nov 26 08:16:08 standalone proxy-server[130032]: 172.18.0.2 172.18.0.100 26/Nov/2025/08/16/08 GET /v1/AUTH_da08a65b703f4c80a14bf537805ad082/gnocchi.d90411d8-d4f1-45e9-a60a-33f2ab431431%3Fformat%3Djson%26states%3Dlisting HTTP/1.0 200 - python-swiftclient-3.11.1 gAAAAABpJraJ59gu... - 2 - tx1041ef6b565c41a18e700-006926b748 - 0.0145 - - 1764144968.140022516 1764144968.154558659 0
Nov 26 08:16:08 standalone object-server[128133]: 172.20.0.100 - - [26/Nov/2025:08:16:08 +0000] "GET /d1/145/AUTH_da08a65b703f4c80a14bf537805ad082/gnocchi.d90411d8-d4f1-45e9-a60a-33f2ab431431/1763640000.0_mean_300.0_v3" 404 70 "GET http://172.18.0.2:8080/v1/AUTH_da08a65b703f4c80a14bf537805ad082/gnocchi.d90411d8-d4f1-45e9-a60a-33f2ab431431/1763640000.0_mean_300.0_v3" "tx222906b84a7f4af3a7638-006926b748" "proxy-server 20" 0.0005 "-" 24 0
Nov 26 08:16:08 standalone proxy-server[130032]: 172.18.0.2 172.18.0.100 26/Nov/2025/08/16/08 GET /v1/AUTH_da08a65b703f4c80a14bf537805ad082/gnocchi.d90411d8-d4f1-45e9-a60a-33f2ab431431/1763640000.0_mean_300.0_v3 HTTP/1.0 404 - python-swiftclient-3.11.1 gAAAAABpJraJ59gu... - 70 - tx222906b84a7f4af3a7638-006926b748 - 0.0066 - - 1764144968.157855988 1764144968.164491177 0
Nov 26 08:16:08 standalone container-server[127852]: 172.20.0.100 - - [26/Nov/2025:08:16:08 +0000] "PUT /d1/954/AUTH_da08a65b703f4c80a14bf537805ad082/gnocchi.d90411d8-d4f1-45e9-a60a-33f2ab431431/1763640000.0_mean_300.0_v3" 201 - "PUT http://172.18.0.2:8080/d1/145/AUTH_da08a65b703f4c80a14bf537805ad082/gnocchi.d90411d8-d4f1-45e9-a60a-33f2ab431431/1763640000.0_mean_300.0_v3" "txb7cf2e86d47743aa815cf-006926b748" "object-server 24" 0.0007 "-" 20 0
Nov 26 08:16:08 standalone object-server[128133]: 172.20.0.100 - - [26/Nov/2025:08:16:08 +0000] "PUT /d1/145/AUTH_da08a65b703f4c80a14bf537805ad082/gnocchi.d90411d8-d4f1-45e9-a60a-33f2ab431431/1763640000.0_mean_300.0_v3" 201 - "PUT http://172.18.0.2:8080/v1/AUTH_da08a65b703f4c80a14bf537805ad082/gnocchi.d90411d8-d4f1-45e9-a60a-33f2ab431431/1763640000.0_mean_300.0_v3" "txb7cf2e86d47743aa815cf-006926b748" "proxy-server 20" 0.0145 "-" 24 0
Nov 26 08:16:08 standalone proxy-server[130032]: 172.18.0.2 172.18.0.100 26/Nov/2025/08/16/08 PUT /v1/AUTH_da08a65b703f4c80a14bf537805ad082/gnocchi.d90411d8-d4f1-45e9-a60a-33f2ab431431/1763640000.0_mean_300.0_v3 HTTP/1.0 201 - python-swiftclient-3.11.1 gAAAAABpJraJ59gu... 16 - - txb7cf2e86d47743aa815cf-006926b748 - 0.0216 - - 1764144968.167447090 1764144968.189064980 0
Nov 26 08:16:08 standalone container-server[127862]: 172.20.0.100 - - [26/Nov/2025:08:16:08 +0000] "PUT /d1/954/AUTH_da08a65b703f4c80a14bf537805ad082/gnocchi.d90411d8-d4f1-45e9-a60a-33f2ab431431/none_v3" 201 - "PUT http://172.18.0.2:8080/d1/1015/AUTH_da08a65b703f4c80a14bf537805ad082/gnocchi.d90411d8-d4f1-45e9-a60a-33f2ab431431/none_v3" "txded0bf2e3e9f40b8aaf73-006926b748" "object-server 25" 0.0004 "-" 22 0
Nov 26 08:16:08 standalone object-server[128134]: 172.20.0.100 - - [26/Nov/2025:08:16:08 +0000] "PUT /d1/1015/AUTH_da08a65b703f4c80a14bf537805ad082/gnocchi.d90411d8-d4f1-45e9-a60a-33f2ab431431/none_v3" 201 - "PUT http://172.18.0.2:8080/v1/AUTH_da08a65b703f4c80a14bf537805ad082/gnocchi.d90411d8-d4f1-45e9-a60a-33f2ab431431/none_v3" "txded0bf2e3e9f40b8aaf73-006926b748" "proxy-server 20" 0.0146 "-" 25 0
Nov 26 08:16:08 standalone proxy-server[130032]: 172.18.0.2 172.18.0.100 26/Nov/2025/08/16/08 PUT /v1/AUTH_da08a65b703f4c80a14bf537805ad082/gnocchi.d90411d8-d4f1-45e9-a60a-33f2ab431431/none_v3 HTTP/1.0 201 - python-swiftclient-3.11.1 gAAAAABpJraJ59gu... 22 - - txded0bf2e3e9f40b8aaf73-006926b748 - 0.0195 - - 1764144968.192075253 1764144968.211549282 0
Nov 26 08:16:08 standalone container-server[127862]: 172.20.0.100 - - [26/Nov/2025:08:16:08 +0000] "HEAD /d1/531/AUTH_da08a65b703f4c80a14bf537805ad082/gnocchi.08a31043-6b63-4c6b-9c86-46536bd9370c" 404 - "HEAD http://172.18.0.2:8080/v1/AUTH_da08a65b703f4c80a14bf537805ad082/gnocchi.08a31043-6b63-4c6b-9c86-46536bd9370c?format=json&states=listing" "txf9b0585ac8364ff39ea07-006926b748" "proxy-server 20" 0.0008 "-" 22 0
Nov 26 08:16:08 standalone object-server[128134]: 172.20.0.100 - - [26/Nov/2025:08:16:08 +0000] "GET /d1/441/AUTH_da08a65b703f4c80a14bf537805ad082/gnocchi.08a31043-6b63-4c6b-9c86-46536bd9370c/none_v3" 404 70 "GET http://172.18.0.2:8080/v1/AUTH_da08a65b703f4c80a14bf537805ad082/gnocchi.08a31043-6b63-4c6b-9c86-46536bd9370c/none_v3" "txf9b0585ac8364ff39ea07-006926b748" "proxy-server 20" 0.0004 "-" 25 0
Nov 26 08:16:08 standalone proxy-server[130032]: 172.18.0.2 172.18.0.100 26/Nov/2025/08/16/08 GET /v1/AUTH_da08a65b703f4c80a14bf537805ad082/gnocchi.08a31043-6b63-4c6b-9c86-46536bd9370c/none_v3 HTTP/1.0 404 - python-swiftclient-3.11.1 gAAAAABpJraJ59gu... - 70 - txf9b0585ac8364ff39ea07-006926b748 - 0.0137 - - 1764144968.232097626 1764144968.245749950 0
Nov 26 08:16:08 standalone account-server[127853]: 172.20.0.100 - - [26/Nov/2025:08:16:08 +0000] "PUT /d1/746/AUTH_da08a65b703f4c80a14bf537805ad082/gnocchi.08a31043-6b63-4c6b-9c86-46536bd9370c" 201 - "PUT http://172.20.0.100:6001/d1/531/AUTH_da08a65b703f4c80a14bf537805ad082/gnocchi.08a31043-6b63-4c6b-9c86-46536bd9370c" "tx5ecff2180c8c4a2492b0e-006926b748" "container-server 23" 0.0096 "-" 21 0
Nov 26 08:16:08 standalone container-server[127874]: 172.20.0.100 - - [26/Nov/2025:08:16:08 +0000] "PUT /d1/531/AUTH_da08a65b703f4c80a14bf537805ad082/gnocchi.08a31043-6b63-4c6b-9c86-46536bd9370c" 201 - "PUT http://172.18.0.2:8080/v1/AUTH_da08a65b703f4c80a14bf537805ad082/gnocchi.08a31043-6b63-4c6b-9c86-46536bd9370c" "tx5ecff2180c8c4a2492b0e-006926b748" "proxy-server 20" 0.0281 "-" 23 0
Nov 26 08:16:08 standalone proxy-server[130032]: 172.18.0.2 172.18.0.100 26/Nov/2025/08/16/08 PUT /v1/AUTH_da08a65b703f4c80a14bf537805ad082/gnocchi.08a31043-6b63-4c6b-9c86-46536bd9370c HTTP/1.0 201 - python-swiftclient-3.11.1 gAAAAABpJraJ59gu... - - - tx5ecff2180c8c4a2492b0e-006926b748 - 0.0332 - - 1764144968.250178576 1764144968.283365965 0
Nov 26 08:16:08 standalone container-server[127874]: 172.20.0.100 - - [26/Nov/2025:08:16:08 +0000] "HEAD /d1/216/AUTH_da08a65b703f4c80a14bf537805ad082/gnocchi.3ff4ae01-a467-4179-be09-07ae9073780c" 404 - "HEAD http://172.18.0.2:8080/v1/AUTH_da08a65b703f4c80a14bf537805ad082/gnocchi.3ff4ae01-a467-4179-be09-07ae9073780c?format=json&states=listing" "tx0551ba5271b4459b9e58c-006926b748" "proxy-server 20" 0.0003 "-" 23 0
Nov 26 08:16:08 standalone object-server[128128]: 172.20.0.100 - - [26/Nov/2025:08:16:08 +0000] "GET /d1/65/AUTH_da08a65b703f4c80a14bf537805ad082/gnocchi.3ff4ae01-a467-4179-be09-07ae9073780c/none_v3" 404 70 "GET http://172.18.0.2:8080/v1/AUTH_da08a65b703f4c80a14bf537805ad082/gnocchi.3ff4ae01-a467-4179-be09-07ae9073780c/none_v3" "tx0551ba5271b4459b9e58c-006926b748" "proxy-server 20" 0.0003 "-" 23 0
Nov 26 08:16:08 standalone proxy-server[130032]: 172.18.0.2 172.18.0.100 26/Nov/2025/08/16/08 GET /v1/AUTH_da08a65b703f4c80a14bf537805ad082/gnocchi.3ff4ae01-a467-4179-be09-07ae9073780c/none_v3 HTTP/1.0 404 - python-swiftclient-3.11.1 gAAAAABpJraJ59gu... - 70 - tx0551ba5271b4459b9e58c-006926b748 - 0.0100 - - 1764144968.294247627 1764144968.304269791 0
Nov 26 08:16:08 standalone account-server[127855]: 172.20.0.100 - - [26/Nov/2025:08:16:08 +0000] "PUT /d1/746/AUTH_da08a65b703f4c80a14bf537805ad082/gnocchi.3ff4ae01-a467-4179-be09-07ae9073780c" 201 - "PUT http://172.20.0.100:6001/d1/216/AUTH_da08a65b703f4c80a14bf537805ad082/gnocchi.3ff4ae01-a467-4179-be09-07ae9073780c" "txbb77524fded843e1a742d-006926b748" "container-server 21" 0.0062 "-" 22 0
Nov 26 08:16:08 standalone container-server[127854]: 172.20.0.100 - - [26/Nov/2025:08:16:08 +0000] "PUT /d1/216/AUTH_da08a65b703f4c80a14bf537805ad082/gnocchi.3ff4ae01-a467-4179-be09-07ae9073780c" 201 - "PUT http://172.18.0.2:8080/v1/AUTH_da08a65b703f4c80a14bf537805ad082/gnocchi.3ff4ae01-a467-4179-be09-07ae9073780c" "txbb77524fded843e1a742d-006926b748" "proxy-server 20" 0.0174 "-" 21 0
Nov 26 08:16:08 standalone proxy-server[130032]: 172.18.0.2 172.18.0.100 26/Nov/2025/08/16/08 PUT /v1/AUTH_da08a65b703f4c80a14bf537805ad082/gnocchi.3ff4ae01-a467-4179-be09-07ae9073780c HTTP/1.0 201 - python-swiftclient-3.11.1 gAAAAABpJraJ59gu... - - - txbb77524fded843e1a742d-006926b748 - 0.0243 - - 1764144968.307492018 1764144968.331839085 0
Nov 26 08:16:08 standalone container-server[127874]: 172.20.0.100 - - [26/Nov/2025:08:16:08 +0000] "HEAD /d1/531/AUTH_da08a65b703f4c80a14bf537805ad082/gnocchi.08a31043-6b63-4c6b-9c86-46536bd9370c" 204 - "HEAD http://172.18.0.2:8080/v1/AUTH_da08a65b703f4c80a14bf537805ad082/gnocchi.08a31043-6b63-4c6b-9c86-46536bd9370c?format=json&states=listing" "tx5f674dd9661145ae94139-006926b748" "proxy-server 20" 0.0012 "-" 23 0
Nov 26 08:16:08 standalone proxy-server[130032]: - - 26/Nov/2025/08/16/08 HEAD /v1/AUTH_da08a65b703f4c80a14bf537805ad082/gnocchi.08a31043-6b63-4c6b-9c86-46536bd9370c%3Fformat%3Djson%26states%3Dlisting HTTP/1.0 204 - Swift - - - - tx5f674dd9661145ae94139-006926b748 - 0.0052 RL - 1764144968.337644577 1764144968.342822075 0
Nov 26 08:16:08 standalone container-server[127862]: 172.20.0.100 - - [26/Nov/2025:08:16:08 +0000] "GET /d1/531/AUTH_da08a65b703f4c80a14bf537805ad082/gnocchi.08a31043-6b63-4c6b-9c86-46536bd9370c" 200 2 "GET http://172.18.0.2:8080/v1/AUTH_da08a65b703f4c80a14bf537805ad082/gnocchi.08a31043-6b63-4c6b-9c86-46536bd9370c?format=json&states=listing" "tx5f674dd9661145ae94139-006926b748" "proxy-server 20" 0.0024 "-" 22 0
Nov 26 08:16:08 standalone proxy-server[130032]: 172.18.0.2 172.18.0.100 26/Nov/2025/08/16/08 GET /v1/AUTH_da08a65b703f4c80a14bf537805ad082/gnocchi.08a31043-6b63-4c6b-9c86-46536bd9370c%3Fformat%3Djson%26states%3Dlisting HTTP/1.0 200 - python-swiftclient-3.11.1 gAAAAABpJraJ59gu... - 2 - tx5f674dd9661145ae94139-006926b748 - 0.0166 - - 1764144968.336398602 1764144968.353047848 0
Nov 26 08:16:08 standalone container-server[127874]: 172.20.0.100 - - [26/Nov/2025:08:16:08 +0000] "HEAD /d1/216/AUTH_da08a65b703f4c80a14bf537805ad082/gnocchi.3ff4ae01-a467-4179-be09-07ae9073780c" 204 - "HEAD http://172.18.0.2:8080/v1/AUTH_da08a65b703f4c80a14bf537805ad082/gnocchi.3ff4ae01-a467-4179-be09-07ae9073780c?format=json&states=listing" "tx9b8c390f2d5b4317a473e-006926b748" "proxy-server 20" 0.0012 "-" 23 0
Nov 26 08:16:08 standalone proxy-server[130032]: - - 26/Nov/2025/08/16/08 HEAD /v1/AUTH_da08a65b703f4c80a14bf537805ad082/gnocchi.3ff4ae01-a467-4179-be09-07ae9073780c%3Fformat%3Djson%26states%3Dlisting HTTP/1.0 204 - Swift - - - - tx9b8c390f2d5b4317a473e-006926b748 - 0.0062 RL - 1764144968.358654499 1764144968.364841461 0
Nov 26 08:16:08 standalone container-server[127862]: 172.20.0.100 - - [26/Nov/2025:08:16:08 +0000] "GET /d1/216/AUTH_da08a65b703f4c80a14bf537805ad082/gnocchi.3ff4ae01-a467-4179-be09-07ae9073780c" 200 2 "GET http://172.18.0.2:8080/v1/AUTH_da08a65b703f4c80a14bf537805ad082/gnocchi.3ff4ae01-a467-4179-be09-07ae9073780c?format=json&states=listing" "tx9b8c390f2d5b4317a473e-006926b748" "proxy-server 20" 0.0106 "-" 22 0
Nov 26 08:16:08 standalone proxy-server[130032]: 172.18.0.2 172.18.0.100 26/Nov/2025/08/16/08 GET /v1/AUTH_da08a65b703f4c80a14bf537805ad082/gnocchi.3ff4ae01-a467-4179-be09-07ae9073780c%3Fformat%3Djson%26states%3Dlisting HTTP/1.0 200 - python-swiftclient-3.11.1 gAAAAABpJraJ59gu... - 2 - tx9b8c390f2d5b4317a473e-006926b748 - 0.0255 - - 1764144968.357568502 1764144968.383109808 0
Nov 26 08:16:08 standalone object-server[128133]: 172.20.0.100 - - [26/Nov/2025:08:16:08 +0000] "GET /d1/737/AUTH_da08a65b703f4c80a14bf537805ad082/gnocchi.08a31043-6b63-4c6b-9c86-46536bd9370c/1763640000.0_mean_300.0_v3" 404 70 "GET http://172.18.0.2:8080/v1/AUTH_da08a65b703f4c80a14bf537805ad082/gnocchi.08a31043-6b63-4c6b-9c86-46536bd9370c/1763640000.0_mean_300.0_v3" "tx4583b674b9d6486f8c5fc-006926b748" "proxy-server 20" 0.0003 "-" 24 0
Nov 26 08:16:08 standalone proxy-server[130032]: 172.18.0.2 172.18.0.100 26/Nov/2025/08/16/08 GET /v1/AUTH_da08a65b703f4c80a14bf537805ad082/gnocchi.08a31043-6b63-4c6b-9c86-46536bd9370c/1763640000.0_mean_300.0_v3 HTTP/1.0 404 - python-swiftclient-3.11.1 gAAAAABpJraJ59gu... - 70 - tx4583b674b9d6486f8c5fc-006926b748 - 0.0045 - - 1764144968.387048483 1764144968.391522884 0
Nov 26 08:16:08 standalone object-server[128128]: 172.20.0.100 - - [26/Nov/2025:08:16:08 +0000] "GET /d1/146/AUTH_da08a65b703f4c80a14bf537805ad082/gnocchi.3ff4ae01-a467-4179-be09-07ae9073780c/1763640000.0_mean_300.0_v3" 404 70 "GET http://172.18.0.2:8080/v1/AUTH_da08a65b703f4c80a14bf537805ad082/gnocchi.3ff4ae01-a467-4179-be09-07ae9073780c/1763640000.0_mean_300.0_v3" "tx4c2b1e7b49d94a28b86e3-006926b748" "proxy-server 20" 0.0003 "-" 23 0
Nov 26 08:16:08 standalone proxy-server[130032]: 172.18.0.2 172.18.0.100 26/Nov/2025/08/16/08 GET /v1/AUTH_da08a65b703f4c80a14bf537805ad082/gnocchi.3ff4ae01-a467-4179-be09-07ae9073780c/1763640000.0_mean_300.0_v3 HTTP/1.0 404 - python-swiftclient-3.11.1 gAAAAABpJraJ59gu... - 70 - tx4c2b1e7b49d94a28b86e3-006926b748 - 0.0073 - - 1764144968.396162748 1764144968.403447390 0
Nov 26 08:16:08 standalone container-server[127874]: 172.20.0.100 - - [26/Nov/2025:08:16:08 +0000] "PUT /d1/531/AUTH_da08a65b703f4c80a14bf537805ad082/gnocchi.08a31043-6b63-4c6b-9c86-46536bd9370c/1763640000.0_mean_300.0_v3" 201 - "PUT http://172.18.0.2:8080/d1/737/AUTH_da08a65b703f4c80a14bf537805ad082/gnocchi.08a31043-6b63-4c6b-9c86-46536bd9370c/1763640000.0_mean_300.0_v3" "txd53158b7ed6849b6b78e7-006926b748" "object-server 24" 0.0005 "-" 23 0
Nov 26 08:16:08 standalone object-server[128133]: 172.20.0.100 - - [26/Nov/2025:08:16:08 +0000] "PUT /d1/737/AUTH_da08a65b703f4c80a14bf537805ad082/gnocchi.08a31043-6b63-4c6b-9c86-46536bd9370c/1763640000.0_mean_300.0_v3" 201 - "PUT http://172.18.0.2:8080/v1/AUTH_da08a65b703f4c80a14bf537805ad082/gnocchi.08a31043-6b63-4c6b-9c86-46536bd9370c/1763640000.0_mean_300.0_v3" "txd53158b7ed6849b6b78e7-006926b748" "proxy-server 20" 0.0103 "-" 24 0
Nov 26 08:16:08 standalone proxy-server[130032]: 172.18.0.2 172.18.0.100 26/Nov/2025/08/16/08 PUT /v1/AUTH_da08a65b703f4c80a14bf537805ad082/gnocchi.08a31043-6b63-4c6b-9c86-46536bd9370c/1763640000.0_mean_300.0_v3 HTTP/1.0 201 - python-swiftclient-3.11.1 gAAAAABpJraJ59gu... 16 - - txd53158b7ed6849b6b78e7-006926b748 - 0.0176 - - 1764144968.408092737 1764144968.425672531 0
Nov 26 08:16:08 standalone container-server[127862]: 172.20.0.100 - - [26/Nov/2025:08:16:08 +0000] "PUT /d1/216/AUTH_da08a65b703f4c80a14bf537805ad082/gnocchi.3ff4ae01-a467-4179-be09-07ae9073780c/1763640000.0_mean_300.0_v3" 201 - "PUT http://172.18.0.2:8080/d1/146/AUTH_da08a65b703f4c80a14bf537805ad082/gnocchi.3ff4ae01-a467-4179-be09-07ae9073780c/1763640000.0_mean_300.0_v3" "txf4820001887d4c3285d0c-006926b748" "object-server 22" 0.0008 "-" 22 0
Nov 26 08:16:08 standalone object-server[128123]: 172.20.0.100 - - [26/Nov/2025:08:16:08 +0000] "PUT /d1/146/AUTH_da08a65b703f4c80a14bf537805ad082/gnocchi.3ff4ae01-a467-4179-be09-07ae9073780c/1763640000.0_mean_300.0_v3" 201 - "PUT http://172.18.0.2:8080/v1/AUTH_da08a65b703f4c80a14bf537805ad082/gnocchi.3ff4ae01-a467-4179-be09-07ae9073780c/1763640000.0_mean_300.0_v3" "txf4820001887d4c3285d0c-006926b748" "proxy-server 20" 0.0086 "-" 22 0
Nov 26 08:16:08 standalone proxy-server[130032]: 172.18.0.2 172.18.0.100 26/Nov/2025/08/16/08 PUT /v1/AUTH_da08a65b703f4c80a14bf537805ad082/gnocchi.3ff4ae01-a467-4179-be09-07ae9073780c/1763640000.0_mean_300.0_v3 HTTP/1.0 201 - python-swiftclient-3.11.1 gAAAAABpJraJ59gu... 16 - - txf4820001887d4c3285d0c-006926b748 - 0.0143 - - 1764144968.429696560 1764144968.444044590 0
Nov 26 08:16:08 standalone container-server[127854]: 172.20.0.100 - - [26/Nov/2025:08:16:08 +0000] "PUT /d1/531/AUTH_da08a65b703f4c80a14bf537805ad082/gnocchi.08a31043-6b63-4c6b-9c86-46536bd9370c/none_v3" 201 - "PUT http://172.18.0.2:8080/d1/441/AUTH_da08a65b703f4c80a14bf537805ad082/gnocchi.08a31043-6b63-4c6b-9c86-46536bd9370c/none_v3" "tx9d50e463365442ba944ca-006926b748" "object-server 23" 0.0004 "-" 21 0
Nov 26 08:16:08 standalone object-server[128128]: 172.20.0.100 - - [26/Nov/2025:08:16:08 +0000] "PUT /d1/441/AUTH_da08a65b703f4c80a14bf537805ad082/gnocchi.08a31043-6b63-4c6b-9c86-46536bd9370c/none_v3" 201 - "PUT http://172.18.0.2:8080/v1/AUTH_da08a65b703f4c80a14bf537805ad082/gnocchi.08a31043-6b63-4c6b-9c86-46536bd9370c/none_v3" "tx9d50e463365442ba944ca-006926b748" "proxy-server 20" 0.0163 "-" 23 0
Nov 26 08:16:08 standalone proxy-server[130032]: 172.18.0.2 172.18.0.100 26/Nov/2025/08/16/08 PUT /v1/AUTH_da08a65b703f4c80a14bf537805ad082/gnocchi.08a31043-6b63-4c6b-9c86-46536bd9370c/none_v3 HTTP/1.0 201 - python-swiftclient-3.11.1 gAAAAABpJraJ59gu... 22 - - tx9d50e463365442ba944ca-006926b748 - 0.0214 - - 1764144968.447884321 1764144968.469242573 0
Nov 26 08:16:08 standalone container-server[127862]: 172.20.0.100 - - [26/Nov/2025:08:16:08 +0000] "PUT /d1/216/AUTH_da08a65b703f4c80a14bf537805ad082/gnocchi.3ff4ae01-a467-4179-be09-07ae9073780c/none_v3" 201 - "PUT http://172.18.0.2:8080/d1/65/AUTH_da08a65b703f4c80a14bf537805ad082/gnocchi.3ff4ae01-a467-4179-be09-07ae9073780c/none_v3" "txe310f912dd2148fb8701f-006926b748" "object-server 23" 0.0008 "-" 22 0
Nov 26 08:16:08 standalone object-server[128128]: 172.20.0.100 - - [26/Nov/2025:08:16:08 +0000] "PUT /d1/65/AUTH_da08a65b703f4c80a14bf537805ad082/gnocchi.3ff4ae01-a467-4179-be09-07ae9073780c/none_v3" 201 - "PUT http://172.18.0.2:8080/v1/AUTH_da08a65b703f4c80a14bf537805ad082/gnocchi.3ff4ae01-a467-4179-be09-07ae9073780c/none_v3" "txe310f912dd2148fb8701f-006926b748" "proxy-server 20" 0.0110 "-" 23 0
Nov 26 08:16:08 standalone proxy-server[130032]: 172.18.0.2 172.18.0.100 26/Nov/2025/08/16/08 PUT /v1/AUTH_da08a65b703f4c80a14bf537805ad082/gnocchi.3ff4ae01-a467-4179-be09-07ae9073780c/none_v3 HTTP/1.0 201 - python-swiftclient-3.11.1 gAAAAABpJraJ59gu... 22 - - txe310f912dd2148fb8701f-006926b748 - 0.0197 - - 1764144968.472782612 1764144968.492529869 0
Nov 26 08:16:08 standalone container-server[127854]: 172.20.0.100 - - [26/Nov/2025:08:16:08 +0000] "HEAD /d1/434/AUTH_da08a65b703f4c80a14bf537805ad082/gnocchi.56ce6b06-be11-412f-9739-94e15641309c" 404 - "HEAD http://172.18.0.2:8080/v1/AUTH_da08a65b703f4c80a14bf537805ad082/gnocchi.56ce6b06-be11-412f-9739-94e15641309c?format=json&states=listing" "tx2a8ce481e8b6495b8d574-006926b748" "proxy-server 20" 0.0003 "-" 21 0
Nov 26 08:16:08 standalone object-server[128133]: 172.20.0.100 - - [26/Nov/2025:08:16:08 +0000] "GET /d1/758/AUTH_da08a65b703f4c80a14bf537805ad082/gnocchi.56ce6b06-be11-412f-9739-94e15641309c/none_v3" 404 70 "GET http://172.18.0.2:8080/v1/AUTH_da08a65b703f4c80a14bf537805ad082/gnocchi.56ce6b06-be11-412f-9739-94e15641309c/none_v3" "tx2a8ce481e8b6495b8d574-006926b748" "proxy-server 20" 0.0004 "-" 24 0
Nov 26 08:16:08 standalone proxy-server[130032]: 172.18.0.2 172.18.0.100 26/Nov/2025/08/16/08 GET /v1/AUTH_da08a65b703f4c80a14bf537805ad082/gnocchi.56ce6b06-be11-412f-9739-94e15641309c/none_v3 HTTP/1.0 404 - python-swiftclient-3.11.1 gAAAAABpJraJ59gu... - 70 - tx2a8ce481e8b6495b8d574-006926b748 - 0.0142 - - 1764144968.502240181 1764144968.516390324 0
Nov 26 08:16:08 standalone account-server[127853]: 172.20.0.100 - - [26/Nov/2025:08:16:08 +0000] "PUT /d1/746/AUTH_da08a65b703f4c80a14bf537805ad082/gnocchi.56ce6b06-be11-412f-9739-94e15641309c" 201 - "PUT http://172.20.0.100:6001/d1/434/AUTH_da08a65b703f4c80a14bf537805ad082/gnocchi.56ce6b06-be11-412f-9739-94e15641309c" "tx4758737482ef447ab982b-006926b748" "container-server 22" 0.0050 "-" 21 0
Nov 26 08:16:08 standalone container-server[127862]: 172.20.0.100 - - [26/Nov/2025:08:16:08 +0000] "PUT /d1/434/AUTH_da08a65b703f4c80a14bf537805ad082/gnocchi.56ce6b06-be11-412f-9739-94e15641309c" 201 - "PUT http://172.18.0.2:8080/v1/AUTH_da08a65b703f4c80a14bf537805ad082/gnocchi.56ce6b06-be11-412f-9739-94e15641309c" "tx4758737482ef447ab982b-006926b748" "proxy-server 20" 0.0162 "-" 22 0
Nov 26 08:16:08 standalone proxy-server[130032]: 172.18.0.2 172.18.0.100 26/Nov/2025/08/16/08 PUT /v1/AUTH_da08a65b703f4c80a14bf537805ad082/gnocchi.56ce6b06-be11-412f-9739-94e15641309c HTTP/1.0 201 - python-swiftclient-3.11.1 gAAAAABpJraJ59gu... - - - tx4758737482ef447ab982b-006926b748 - 0.0236 - - 1764144968.519476414 1764144968.543074846 0
Nov 26 08:16:08 standalone container-server[127852]: 172.20.0.100 - - [26/Nov/2025:08:16:08 +0000] "HEAD /d1/434/AUTH_da08a65b703f4c80a14bf537805ad082/gnocchi.56ce6b06-be11-412f-9739-94e15641309c" 204 - "HEAD http://172.18.0.2:8080/v1/AUTH_da08a65b703f4c80a14bf537805ad082/gnocchi.56ce6b06-be11-412f-9739-94e15641309c?format=json&states=listing" "tx218b546482be44a1a00a1-006926b748" "proxy-server 20" 0.0011 "-" 20 0
Nov 26 08:16:08 standalone proxy-server[130032]: - - 26/Nov/2025/08/16/08 HEAD /v1/AUTH_da08a65b703f4c80a14bf537805ad082/gnocchi.56ce6b06-be11-412f-9739-94e15641309c%3Fformat%3Djson%26states%3Dlisting HTTP/1.0 204 - Swift - - - - tx218b546482be44a1a00a1-006926b748 - 0.0036 RL - 1764144968.546969414 1764144968.550618887 0
Nov 26 08:16:08 standalone container-server[127854]: 172.20.0.100 - - [26/Nov/2025:08:16:08 +0000] "GET /d1/434/AUTH_da08a65b703f4c80a14bf537805ad082/gnocchi.56ce6b06-be11-412f-9739-94e15641309c" 200 2 "GET http://172.18.0.2:8080/v1/AUTH_da08a65b703f4c80a14bf537805ad082/gnocchi.56ce6b06-be11-412f-9739-94e15641309c?format=json&states=listing" "tx218b546482be44a1a00a1-006926b748" "proxy-server 20" 0.0026 "-" 21 0
Nov 26 08:16:08 standalone proxy-server[130032]: 172.18.0.2 172.18.0.100 26/Nov/2025/08/16/08 GET /v1/AUTH_da08a65b703f4c80a14bf537805ad082/gnocchi.56ce6b06-be11-412f-9739-94e15641309c%3Fformat%3Djson%26states%3Dlisting HTTP/1.0 200 - python-swiftclient-3.11.1 gAAAAABpJraJ59gu... - 2 - tx218b546482be44a1a00a1-006926b748 - 0.0153 - - 1764144968.546191216 1764144968.561449289 0
Nov 26 08:16:08 standalone object-server[128123]: 172.20.0.100 - - [26/Nov/2025:08:16:08 +0000] "GET /d1/301/AUTH_da08a65b703f4c80a14bf537805ad082/gnocchi.56ce6b06-be11-412f-9739-94e15641309c/1763640000.0_mean_300.0_v3" 404 70 "GET http://172.18.0.2:8080/v1/AUTH_da08a65b703f4c80a14bf537805ad082/gnocchi.56ce6b06-be11-412f-9739-94e15641309c/1763640000.0_mean_300.0_v3" "tx41d42e6c769c4350b4064-006926b748" "proxy-server 20" 0.0004 "-" 22 0
Nov 26 08:16:08 standalone proxy-server[130032]: 172.18.0.2 172.18.0.100 26/Nov/2025/08/16/08 GET /v1/AUTH_da08a65b703f4c80a14bf537805ad082/gnocchi.56ce6b06-be11-412f-9739-94e15641309c/1763640000.0_mean_300.0_v3 HTTP/1.0 404 - python-swiftclient-3.11.1 gAAAAABpJraJ59gu... - 70 - tx41d42e6c769c4350b4064-006926b748 - 0.0057 - - 1764144968.564498425 1764144968.570183277 0
Nov 26 08:16:08 standalone container-server[127854]: 172.20.0.100 - - [26/Nov/2025:08:16:08 +0000] "PUT /d1/434/AUTH_da08a65b703f4c80a14bf537805ad082/gnocchi.56ce6b06-be11-412f-9739-94e15641309c/1763640000.0_mean_300.0_v3" 201 - "PUT http://172.18.0.2:8080/d1/301/AUTH_da08a65b703f4c80a14bf537805ad082/gnocchi.56ce6b06-be11-412f-9739-94e15641309c/1763640000.0_mean_300.0_v3" "txb4f972a380d24f2fa1006-006926b748" "object-server 24" 0.0007 "-" 21 0
Nov 26 08:16:08 standalone object-server[128133]: 172.20.0.100 - - [26/Nov/2025:08:16:08 +0000] "PUT /d1/301/AUTH_da08a65b703f4c80a14bf537805ad082/gnocchi.56ce6b06-be11-412f-9739-94e15641309c/1763640000.0_mean_300.0_v3" 201 - "PUT http://172.18.0.2:8080/v1/AUTH_da08a65b703f4c80a14bf537805ad082/gnocchi.56ce6b06-be11-412f-9739-94e15641309c/1763640000.0_mean_300.0_v3" "txb4f972a380d24f2fa1006-006926b748" "proxy-server 20" 0.0120 "-" 24 0
Nov 26 08:16:08 standalone proxy-server[130032]: 172.18.0.2 172.18.0.100 26/Nov/2025/08/16/08 PUT /v1/AUTH_da08a65b703f4c80a14bf537805ad082/gnocchi.56ce6b06-be11-412f-9739-94e15641309c/1763640000.0_mean_300.0_v3 HTTP/1.0 201 - python-swiftclient-3.11.1 gAAAAABpJraJ59gu... 16 - - txb4f972a380d24f2fa1006-006926b748 - 0.0173 - - 1764144968.572345018 1764144968.589641571 0
Nov 26 08:16:08 standalone container-server[127852]: 172.20.0.100 - - [26/Nov/2025:08:16:08 +0000] "PUT /d1/434/AUTH_da08a65b703f4c80a14bf537805ad082/gnocchi.56ce6b06-be11-412f-9739-94e15641309c/none_v3" 201 - "PUT http://172.18.0.2:8080/d1/758/AUTH_da08a65b703f4c80a14bf537805ad082/gnocchi.56ce6b06-be11-412f-9739-94e15641309c/none_v3" "txc5880f953a1942138ef83-006926b748" "object-server 22" 0.0006 "-" 20 0
Nov 26 08:16:08 standalone object-server[128123]: 172.20.0.100 - - [26/Nov/2025:08:16:08 +0000] "PUT /d1/758/AUTH_da08a65b703f4c80a14bf537805ad082/gnocchi.56ce6b06-be11-412f-9739-94e15641309c/none_v3" 201 - "PUT http://172.18.0.2:8080/v1/AUTH_da08a65b703f4c80a14bf537805ad082/gnocchi.56ce6b06-be11-412f-9739-94e15641309c/none_v3" "txc5880f953a1942138ef83-006926b748" "proxy-server 20" 0.0082 "-" 22 0
Nov 26 08:16:08 standalone proxy-server[130032]: 172.18.0.2 172.18.0.100 26/Nov/2025/08/16/08 PUT /v1/AUTH_da08a65b703f4c80a14bf537805ad082/gnocchi.56ce6b06-be11-412f-9739-94e15641309c/none_v3 HTTP/1.0 201 - python-swiftclient-3.11.1 gAAAAABpJraJ59gu... 22 - - txc5880f953a1942138ef83-006926b748 - 0.0173 - - 1764144968.592667341 1764144968.609964132 0
Nov 26 08:16:08 standalone container-server[127854]: 172.20.0.100 - - [26/Nov/2025:08:16:08 +0000] "HEAD /d1/760/AUTH_da08a65b703f4c80a14bf537805ad082/gnocchi.9570fd7a-979c-4010-a4e0-6d05f976b9f0" 404 - "HEAD http://172.18.0.2:8080/v1/AUTH_da08a65b703f4c80a14bf537805ad082/gnocchi.9570fd7a-979c-4010-a4e0-6d05f976b9f0?format=json&states=listing" "txae0ae3fc144d4ae3ab6b7-006926b748" "proxy-server 20" 0.0007 "-" 21 0
Nov 26 08:16:08 standalone object-server[128133]: 172.20.0.100 - - [26/Nov/2025:08:16:08 +0000] "GET /d1/898/AUTH_da08a65b703f4c80a14bf537805ad082/gnocchi.9570fd7a-979c-4010-a4e0-6d05f976b9f0/none_v3" 404 70 "GET http://172.18.0.2:8080/v1/AUTH_da08a65b703f4c80a14bf537805ad082/gnocchi.9570fd7a-979c-4010-a4e0-6d05f976b9f0/none_v3" "txae0ae3fc144d4ae3ab6b7-006926b748" "proxy-server 20" 0.0003 "-" 24 0
Nov 26 08:16:08 standalone proxy-server[130032]: 172.18.0.2 172.18.0.100 26/Nov/2025/08/16/08 GET /v1/AUTH_da08a65b703f4c80a14bf537805ad082/gnocchi.9570fd7a-979c-4010-a4e0-6d05f976b9f0/none_v3 HTTP/1.0 404 - python-swiftclient-3.11.1 gAAAAABpJraJ59gu... - 70 - txae0ae3fc144d4ae3ab6b7-006926b748 - 0.0097 - - 1764144968.617228985 1764144968.626897812 0
Nov 26 08:16:08 standalone account-server[127850]: 172.20.0.100 - - [26/Nov/2025:08:16:08 +0000] "PUT /d1/746/AUTH_da08a65b703f4c80a14bf537805ad082/gnocchi.9570fd7a-979c-4010-a4e0-6d05f976b9f0" 201 - "PUT http://172.20.0.100:6001/d1/760/AUTH_da08a65b703f4c80a14bf537805ad082/gnocchi.9570fd7a-979c-4010-a4e0-6d05f976b9f0" "txf99979a505084f3bab9c6-006926b748" "container-server 23" 0.0049 "-" 20 0
Nov 26 08:16:08 standalone container-server[127874]: 172.20.0.100 - - [26/Nov/2025:08:16:08 +0000] "PUT /d1/760/AUTH_da08a65b703f4c80a14bf537805ad082/gnocchi.9570fd7a-979c-4010-a4e0-6d05f976b9f0" 201 - "PUT http://172.18.0.2:8080/v1/AUTH_da08a65b703f4c80a14bf537805ad082/gnocchi.9570fd7a-979c-4010-a4e0-6d05f976b9f0" "txf99979a505084f3bab9c6-006926b748" "proxy-server 20" 0.0172 "-" 23 0
Nov 26 08:16:08 standalone proxy-server[130032]: 172.18.0.2 172.18.0.100 26/Nov/2025/08/16/08 PUT /v1/AUTH_da08a65b703f4c80a14bf537805ad082/gnocchi.9570fd7a-979c-4010-a4e0-6d05f976b9f0 HTTP/1.0 201 - python-swiftclient-3.11.1 gAAAAABpJraJ59gu... - - - txf99979a505084f3bab9c6-006926b748 - 0.0221 - - 1764144968.628738403 1764144968.650810719 0
Nov 26 08:16:08 standalone container-server[127854]: 172.20.0.100 - - [26/Nov/2025:08:16:08 +0000] "HEAD /d1/760/AUTH_da08a65b703f4c80a14bf537805ad082/gnocchi.9570fd7a-979c-4010-a4e0-6d05f976b9f0" 204 - "HEAD http://172.18.0.2:8080/v1/AUTH_da08a65b703f4c80a14bf537805ad082/gnocchi.9570fd7a-979c-4010-a4e0-6d05f976b9f0?format=json&states=listing" "txe407174115d84f239dbdc-006926b748" "proxy-server 20" 0.0016 "-" 21 0
Nov 26 08:16:08 standalone proxy-server[130032]: - - 26/Nov/2025/08/16/08 HEAD /v1/AUTH_da08a65b703f4c80a14bf537805ad082/gnocchi.9570fd7a-979c-4010-a4e0-6d05f976b9f0%3Fformat%3Djson%26states%3Dlisting HTTP/1.0 204 - Swift - - - - txe407174115d84f239dbdc-006926b748 - 0.0047 RL - 1764144968.654540539 1764144968.659195662 0
Nov 26 08:16:08 standalone container-server[127874]: 172.20.0.100 - - [26/Nov/2025:08:16:08 +0000] "GET /d1/760/AUTH_da08a65b703f4c80a14bf537805ad082/gnocchi.9570fd7a-979c-4010-a4e0-6d05f976b9f0" 200 2 "GET http://172.18.0.2:8080/v1/AUTH_da08a65b703f4c80a14bf537805ad082/gnocchi.9570fd7a-979c-4010-a4e0-6d05f976b9f0?format=json&states=listing" "txe407174115d84f239dbdc-006926b748" "proxy-server 20" 0.0031 "-" 23 0
Nov 26 08:16:08 standalone proxy-server[130032]: 172.18.0.2 172.18.0.100 26/Nov/2025/08/16/08 GET /v1/AUTH_da08a65b703f4c80a14bf537805ad082/gnocchi.9570fd7a-979c-4010-a4e0-6d05f976b9f0%3Fformat%3Djson%26states%3Dlisting HTTP/1.0 200 - python-swiftclient-3.11.1 gAAAAABpJraJ59gu... - 2 - txe407174115d84f239dbdc-006926b748 - 0.0150 - - 1764144968.653512478 1764144968.668536901 0
Nov 26 08:16:08 standalone object-server[128123]: 172.20.0.100 - - [26/Nov/2025:08:16:08 +0000] "GET /d1/647/AUTH_da08a65b703f4c80a14bf537805ad082/gnocchi.9570fd7a-979c-4010-a4e0-6d05f976b9f0/1763640000.0_mean_300.0_v3" 404 70 "GET http://172.18.0.2:8080/v1/AUTH_da08a65b703f4c80a14bf537805ad082/gnocchi.9570fd7a-979c-4010-a4e0-6d05f976b9f0/1763640000.0_mean_300.0_v3" "tx8368c1dc57eb44fc8ad30-006926b748" "proxy-server 20" 0.0005 "-" 22 0
Nov 26 08:16:08 standalone proxy-server[130032]: 172.18.0.2 172.18.0.100 26/Nov/2025/08/16/08 GET /v1/AUTH_da08a65b703f4c80a14bf537805ad082/gnocchi.9570fd7a-979c-4010-a4e0-6d05f976b9f0/1763640000.0_mean_300.0_v3 HTTP/1.0 404 - python-swiftclient-3.11.1 gAAAAABpJraJ59gu... - 70 - tx8368c1dc57eb44fc8ad30-006926b748 - 0.0072 - - 1764144968.671045065 1764144968.678226709 0
Nov 26 08:16:08 standalone container-server[127874]: 172.20.0.100 - - [26/Nov/2025:08:16:08 +0000] "PUT /d1/760/AUTH_da08a65b703f4c80a14bf537805ad082/gnocchi.9570fd7a-979c-4010-a4e0-6d05f976b9f0/1763640000.0_mean_300.0_v3" 201 - "PUT http://172.18.0.2:8080/d1/647/AUTH_da08a65b703f4c80a14bf537805ad082/gnocchi.9570fd7a-979c-4010-a4e0-6d05f976b9f0/1763640000.0_mean_300.0_v3" "txa7cfb2ebe6b24a79a67b4-006926b748" "object-server 24" 0.0007 "-" 23 0
Nov 26 08:16:08 standalone object-server[128133]: 172.20.0.100 - - [26/Nov/2025:08:16:08 +0000] "PUT /d1/647/AUTH_da08a65b703f4c80a14bf537805ad082/gnocchi.9570fd7a-979c-4010-a4e0-6d05f976b9f0/1763640000.0_mean_300.0_v3" 201 - "PUT http://172.18.0.2:8080/v1/AUTH_da08a65b703f4c80a14bf537805ad082/gnocchi.9570fd7a-979c-4010-a4e0-6d05f976b9f0/1763640000.0_mean_300.0_v3" "txa7cfb2ebe6b24a79a67b4-006926b748" "proxy-server 20" 0.0092 "-" 24 0
Nov 26 08:16:08 standalone proxy-server[130032]: 172.18.0.2 172.18.0.100 26/Nov/2025/08/16/08 PUT /v1/AUTH_da08a65b703f4c80a14bf537805ad082/gnocchi.9570fd7a-979c-4010-a4e0-6d05f976b9f0/1763640000.0_mean_300.0_v3 HTTP/1.0 201 - python-swiftclient-3.11.1 gAAAAABpJraJ59gu... 16 - - txa7cfb2ebe6b24a79a67b4-006926b748 - 0.0144 - - 1764144968.680257797 1764144968.694609642 0
Nov 26 08:16:08 standalone container-server[127862]: 172.20.0.100 - - [26/Nov/2025:08:16:08 +0000] "PUT /d1/760/AUTH_da08a65b703f4c80a14bf537805ad082/gnocchi.9570fd7a-979c-4010-a4e0-6d05f976b9f0/none_v3" 201 - "PUT http://172.18.0.2:8080/d1/898/AUTH_da08a65b703f4c80a14bf537805ad082/gnocchi.9570fd7a-979c-4010-a4e0-6d05f976b9f0/none_v3" "txe08b326ab6854fe5a95ff-006926b748" "object-server 22" 0.0008 "-" 22 0
Nov 26 08:16:08 standalone object-server[128123]: 172.20.0.100 - - [26/Nov/2025:08:16:08 +0000] "PUT /d1/898/AUTH_da08a65b703f4c80a14bf537805ad082/gnocchi.9570fd7a-979c-4010-a4e0-6d05f976b9f0/none_v3" 201 - "PUT http://172.18.0.2:8080/v1/AUTH_da08a65b703f4c80a14bf537805ad082/gnocchi.9570fd7a-979c-4010-a4e0-6d05f976b9f0/none_v3" "txe08b326ab6854fe5a95ff-006926b748" "proxy-server 20" 0.0119 "-" 22 0
Nov 26 08:16:08 standalone proxy-server[130032]: 172.18.0.2 172.18.0.100 26/Nov/2025/08/16/08 PUT /v1/AUTH_da08a65b703f4c80a14bf537805ad082/gnocchi.9570fd7a-979c-4010-a4e0-6d05f976b9f0/none_v3 HTTP/1.0 201 - python-swiftclient-3.11.1 gAAAAABpJraJ59gu... 22 - - txe08b326ab6854fe5a95ff-006926b748 - 0.0214 - - 1764144968.696618080 1764144968.718030691 0
Nov 26 08:16:08 standalone container-server[127854]: 172.20.0.100 - - [26/Nov/2025:08:16:08 +0000] "HEAD /d1/918/AUTH_da08a65b703f4c80a14bf537805ad082/gnocchi.e1a5f556-d3ae-4152-8809-cc2802507a42" 404 - "HEAD http://172.18.0.2:8080/v1/AUTH_da08a65b703f4c80a14bf537805ad082/gnocchi.e1a5f556-d3ae-4152-8809-cc2802507a42?format=json&states=listing" "txb36e8c405afd4f2ca1ebc-006926b748" "proxy-server 20" 0.0007 "-" 21 0
Nov 26 08:16:08 standalone object-server[128123]: 172.20.0.100 - - [26/Nov/2025:08:16:08 +0000] "GET /d1/213/AUTH_da08a65b703f4c80a14bf537805ad082/gnocchi.e1a5f556-d3ae-4152-8809-cc2802507a42/none_v3" 404 70 "GET http://172.18.0.2:8080/v1/AUTH_da08a65b703f4c80a14bf537805ad082/gnocchi.e1a5f556-d3ae-4152-8809-cc2802507a42/none_v3" "txb36e8c405afd4f2ca1ebc-006926b748" "proxy-server 20" 0.0003 "-" 22 0
Nov 26 08:16:08 standalone proxy-server[130032]: 172.18.0.2 172.18.0.100 26/Nov/2025/08/16/08 GET /v1/AUTH_da08a65b703f4c80a14bf537805ad082/gnocchi.e1a5f556-d3ae-4152-8809-cc2802507a42/none_v3 HTTP/1.0 404 - python-swiftclient-3.11.1 gAAAAABpJraJ59gu... - 70 - txb36e8c405afd4f2ca1ebc-006926b748 - 0.0107 - - 1764144968.727853060 1764144968.738595724 0
Nov 26 08:16:08 standalone account-server[127857]: 172.20.0.100 - - [26/Nov/2025:08:16:08 +0000] "PUT /d1/746/AUTH_da08a65b703f4c80a14bf537805ad082/gnocchi.e1a5f556-d3ae-4152-8809-cc2802507a42" 201 - "PUT http://172.20.0.100:6001/d1/918/AUTH_da08a65b703f4c80a14bf537805ad082/gnocchi.e1a5f556-d3ae-4152-8809-cc2802507a42" "tx8583908d312d48d393b7a-006926b748" "container-server 23" 0.0048 "-" 23 0
Nov 26 08:16:08 standalone container-server[127874]: 172.20.0.100 - - [26/Nov/2025:08:16:08 +0000] "PUT /d1/918/AUTH_da08a65b703f4c80a14bf537805ad082/gnocchi.e1a5f556-d3ae-4152-8809-cc2802507a42" 201 - "PUT http://172.18.0.2:8080/v1/AUTH_da08a65b703f4c80a14bf537805ad082/gnocchi.e1a5f556-d3ae-4152-8809-cc2802507a42" "tx8583908d312d48d393b7a-006926b748" "proxy-server 20" 0.0157 "-" 23 0
Nov 26 08:16:08 standalone proxy-server[130032]: 172.18.0.2 172.18.0.100 26/Nov/2025/08/16/08 PUT /v1/AUTH_da08a65b703f4c80a14bf537805ad082/gnocchi.e1a5f556-d3ae-4152-8809-cc2802507a42 HTTP/1.0 201 - python-swiftclient-3.11.1 gAAAAABpJraJ59gu... - - - tx8583908d312d48d393b7a-006926b748 - 0.0212 - - 1764144968.740940094 1764144968.762169123 0
Nov 26 08:16:08 standalone container-server[127874]: 172.20.0.100 - - [26/Nov/2025:08:16:08 +0000] "HEAD /d1/918/AUTH_da08a65b703f4c80a14bf537805ad082/gnocchi.e1a5f556-d3ae-4152-8809-cc2802507a42" 204 - "HEAD http://172.18.0.2:8080/v1/AUTH_da08a65b703f4c80a14bf537805ad082/gnocchi.e1a5f556-d3ae-4152-8809-cc2802507a42?format=json&states=listing" "txc4a57db8747e433488dd4-006926b748" "proxy-server 20" 0.0016 "-" 23 0
Nov 26 08:16:08 standalone proxy-server[130032]: - - 26/Nov/2025/08/16/08 HEAD /v1/AUTH_da08a65b703f4c80a14bf537805ad082/gnocchi.e1a5f556-d3ae-4152-8809-cc2802507a42%3Fformat%3Djson%26states%3Dlisting HTTP/1.0 204 - Swift - - - - txc4a57db8747e433488dd4-006926b748 - 0.0064 RL - 1764144968.766995430 1764144968.773365736 0
Nov 26 08:16:08 standalone container-server[127852]: 172.20.0.100 - - [26/Nov/2025:08:16:08 +0000] "GET /d1/918/AUTH_da08a65b703f4c80a14bf537805ad082/gnocchi.e1a5f556-d3ae-4152-8809-cc2802507a42" 200 2 "GET http://172.18.0.2:8080/v1/AUTH_da08a65b703f4c80a14bf537805ad082/gnocchi.e1a5f556-d3ae-4152-8809-cc2802507a42?format=json&states=listing" "txc4a57db8747e433488dd4-006926b748" "proxy-server 20" 0.0017 "-" 20 0
Nov 26 08:16:08 standalone proxy-server[130032]: 172.18.0.2 172.18.0.100 26/Nov/2025/08/16/08 GET /v1/AUTH_da08a65b703f4c80a14bf537805ad082/gnocchi.e1a5f556-d3ae-4152-8809-cc2802507a42%3Fformat%3Djson%26states%3Dlisting HTTP/1.0 200 - python-swiftclient-3.11.1 gAAAAABpJraJ59gu... - 2 - txc4a57db8747e433488dd4-006926b748 - 0.0155 - - 1764144968.765893936 1764144968.781424999 0
Nov 26 08:16:08 standalone object-server[128123]: 172.20.0.100 - - [26/Nov/2025:08:16:08 +0000] "GET /d1/966/AUTH_da08a65b703f4c80a14bf537805ad082/gnocchi.e1a5f556-d3ae-4152-8809-cc2802507a42/1763640000.0_mean_300.0_v3" 404 70 "GET http://172.18.0.2:8080/v1/AUTH_da08a65b703f4c80a14bf537805ad082/gnocchi.e1a5f556-d3ae-4152-8809-cc2802507a42/1763640000.0_mean_300.0_v3" "tx3298733b35cf41c791e87-006926b748" "proxy-server 20" 0.0004 "-" 22 0
Nov 26 08:16:08 standalone proxy-server[130032]: 172.18.0.2 172.18.0.100 26/Nov/2025/08/16/08 GET /v1/AUTH_da08a65b703f4c80a14bf537805ad082/gnocchi.e1a5f556-d3ae-4152-8809-cc2802507a42/1763640000.0_mean_300.0_v3 HTTP/1.0 404 - python-swiftclient-3.11.1 gAAAAABpJraJ59gu... - 70 - tx3298733b35cf41c791e87-006926b748 - 0.0062 - - 1764144968.784887314 1764144968.791109085 0
Nov 26 08:16:08 standalone container-server[127874]: 172.20.0.100 - - [26/Nov/2025:08:16:08 +0000] "PUT /d1/918/AUTH_da08a65b703f4c80a14bf537805ad082/gnocchi.e1a5f556-d3ae-4152-8809-cc2802507a42/1763640000.0_mean_300.0_v3" 201 - "PUT http://172.18.0.2:8080/d1/966/AUTH_da08a65b703f4c80a14bf537805ad082/gnocchi.e1a5f556-d3ae-4152-8809-cc2802507a42/1763640000.0_mean_300.0_v3" "txe994aa4b2d494046a9bca-006926b748" "object-server 23" 0.0010 "-" 23 0
Nov 26 08:16:08 standalone object-server[128128]: 172.20.0.100 - - [26/Nov/2025:08:16:08 +0000] "PUT /d1/966/AUTH_da08a65b703f4c80a14bf537805ad082/gnocchi.e1a5f556-d3ae-4152-8809-cc2802507a42/1763640000.0_mean_300.0_v3" 201 - "PUT http://172.18.0.2:8080/v1/AUTH_da08a65b703f4c80a14bf537805ad082/gnocchi.e1a5f556-d3ae-4152-8809-cc2802507a42/1763640000.0_mean_300.0_v3" "txe994aa4b2d494046a9bca-006926b748" "proxy-server 20" 0.0133 "-" 23 0
Nov 26 08:16:08 standalone proxy-server[130032]: 172.18.0.2 172.18.0.100 26/Nov/2025/08/16/08 PUT /v1/AUTH_da08a65b703f4c80a14bf537805ad082/gnocchi.e1a5f556-d3ae-4152-8809-cc2802507a42/1763640000.0_mean_300.0_v3 HTTP/1.0 201 - python-swiftclient-3.11.1 gAAAAABpJraJ59gu... 16 - - txe994aa4b2d494046a9bca-006926b748 - 0.0202 - - 1764144968.794746876 1764144968.814996243 0
Nov 26 08:16:08 standalone container-server[127874]: 172.20.0.100 - - [26/Nov/2025:08:16:08 +0000] "PUT /d1/918/AUTH_da08a65b703f4c80a14bf537805ad082/gnocchi.e1a5f556-d3ae-4152-8809-cc2802507a42/none_v3" 201 - "PUT http://172.18.0.2:8080/d1/213/AUTH_da08a65b703f4c80a14bf537805ad082/gnocchi.e1a5f556-d3ae-4152-8809-cc2802507a42/none_v3" "txe7c677980f684454afc50-006926b748" "object-server 23" 0.0012 "-" 23 0
Nov 26 08:16:08 standalone object-server[128128]: 172.20.0.100 - - [26/Nov/2025:08:16:08 +0000] "PUT /d1/213/AUTH_da08a65b703f4c80a14bf537805ad082/gnocchi.e1a5f556-d3ae-4152-8809-cc2802507a42/none_v3" 201 - "PUT http://172.18.0.2:8080/v1/AUTH_da08a65b703f4c80a14bf537805ad082/gnocchi.e1a5f556-d3ae-4152-8809-cc2802507a42/none_v3" "txe7c677980f684454afc50-006926b748" "proxy-server 20" 0.0147 "-" 23 0
Nov 26 08:16:08 standalone proxy-server[130032]: 172.18.0.2 172.18.0.100 26/Nov/2025/08/16/08 PUT /v1/AUTH_da08a65b703f4c80a14bf537805ad082/gnocchi.e1a5f556-d3ae-4152-8809-cc2802507a42/none_v3 HTTP/1.0 201 - python-swiftclient-3.11.1 gAAAAABpJraJ59gu... 22 - - txe7c677980f684454afc50-006926b748 - 0.0207 - - 1764144968.818790197 1764144968.839498997 0
Nov 26 08:16:08 standalone container-server[127852]: 172.20.0.100 - - [26/Nov/2025:08:16:08 +0000] "HEAD /d1/822/AUTH_da08a65b703f4c80a14bf537805ad082/gnocchi.fcd266df-c2ee-4d5e-be31-448c552d3eb7" 404 - "HEAD http://172.18.0.2:8080/v1/AUTH_da08a65b703f4c80a14bf537805ad082/gnocchi.fcd266df-c2ee-4d5e-be31-448c552d3eb7?format=json&states=listing" "tx91f00d6bc83641e294688-006926b748" "proxy-server 20" 0.0004 "-" 20 0
Nov 26 08:16:08 standalone object-server[128133]: 172.20.0.100 - - [26/Nov/2025:08:16:08 +0000] "GET /d1/79/AUTH_da08a65b703f4c80a14bf537805ad082/gnocchi.fcd266df-c2ee-4d5e-be31-448c552d3eb7/none_v3" 404 70 "GET http://172.18.0.2:8080/v1/AUTH_da08a65b703f4c80a14bf537805ad082/gnocchi.fcd266df-c2ee-4d5e-be31-448c552d3eb7/none_v3" "tx91f00d6bc83641e294688-006926b748" "proxy-server 20" 0.0004 "-" 24 0
Nov 26 08:16:08 standalone proxy-server[130032]: 172.18.0.2 172.18.0.100 26/Nov/2025/08/16/08 GET /v1/AUTH_da08a65b703f4c80a14bf537805ad082/gnocchi.fcd266df-c2ee-4d5e-be31-448c552d3eb7/none_v3 HTTP/1.0 404 - python-swiftclient-3.11.1 gAAAAABpJraJ59gu... - 70 - tx91f00d6bc83641e294688-006926b748 - 0.0179 - - 1764144968.853332520 1764144968.871206760 0
Nov 26 08:16:08 standalone account-server[127855]: 172.20.0.100 - - [26/Nov/2025:08:16:08 +0000] "PUT /d1/746/AUTH_da08a65b703f4c80a14bf537805ad082/gnocchi.fcd266df-c2ee-4d5e-be31-448c552d3eb7" 201 - "PUT http://172.20.0.100:6001/d1/822/AUTH_da08a65b703f4c80a14bf537805ad082/gnocchi.fcd266df-c2ee-4d5e-be31-448c552d3eb7" "txb86bc3d94fab45d2a9bb0-006926b748" "container-server 22" 0.0048 "-" 22 0
Nov 26 08:16:08 standalone container-server[127862]: 172.20.0.100 - - [26/Nov/2025:08:16:08 +0000] "PUT /d1/822/AUTH_da08a65b703f4c80a14bf537805ad082/gnocchi.fcd266df-c2ee-4d5e-be31-448c552d3eb7" 201 - "PUT http://172.18.0.2:8080/v1/AUTH_da08a65b703f4c80a14bf537805ad082/gnocchi.fcd266df-c2ee-4d5e-be31-448c552d3eb7" "txb86bc3d94fab45d2a9bb0-006926b748" "proxy-server 20" 0.0144 "-" 22 0
Nov 26 08:16:08 standalone proxy-server[130032]: 172.18.0.2 172.18.0.100 26/Nov/2025/08/16/08 PUT /v1/AUTH_da08a65b703f4c80a14bf537805ad082/gnocchi.fcd266df-c2ee-4d5e-be31-448c552d3eb7 HTTP/1.0 201 - python-swiftclient-3.11.1 gAAAAABpJraJ59gu... - - - txb86bc3d94fab45d2a9bb0-006926b748 - 0.0197 - - 1764144968.875329971 1764144968.894984722 0
Nov 26 08:16:08 standalone container-server[127862]: 172.20.0.100 - - [26/Nov/2025:08:16:08 +0000] "HEAD /d1/822/AUTH_da08a65b703f4c80a14bf537805ad082/gnocchi.fcd266df-c2ee-4d5e-be31-448c552d3eb7" 204 - "HEAD http://172.18.0.2:8080/v1/AUTH_da08a65b703f4c80a14bf537805ad082/gnocchi.fcd266df-c2ee-4d5e-be31-448c552d3eb7?format=json&states=listing" "tx9f752265edfe4e3f8b4a4-006926b748" "proxy-server 20" 0.0011 "-" 22 0
Nov 26 08:16:08 standalone proxy-server[130032]: - - 26/Nov/2025/08/16/08 HEAD /v1/AUTH_da08a65b703f4c80a14bf537805ad082/gnocchi.fcd266df-c2ee-4d5e-be31-448c552d3eb7%3Fformat%3Djson%26states%3Dlisting HTTP/1.0 204 - Swift - - - - tx9f752265edfe4e3f8b4a4-006926b748 - 0.0040 RL - 1764144968.898879290 1764144968.902891159 0
Nov 26 08:16:08 standalone container-server[127874]: 172.20.0.100 - - [26/Nov/2025:08:16:08 +0000] "GET /d1/822/AUTH_da08a65b703f4c80a14bf537805ad082/gnocchi.fcd266df-c2ee-4d5e-be31-448c552d3eb7" 200 2 "GET http://172.18.0.2:8080/v1/AUTH_da08a65b703f4c80a14bf537805ad082/gnocchi.fcd266df-c2ee-4d5e-be31-448c552d3eb7?format=json&states=listing" "tx9f752265edfe4e3f8b4a4-006926b748" "proxy-server 20" 0.0024 "-" 23 0
Nov 26 08:16:08 standalone proxy-server[130032]: 172.18.0.2 172.18.0.100 26/Nov/2025/08/16/08 GET /v1/AUTH_da08a65b703f4c80a14bf537805ad082/gnocchi.fcd266df-c2ee-4d5e-be31-448c552d3eb7%3Fformat%3Djson%26states%3Dlisting HTTP/1.0 200 - python-swiftclient-3.11.1 gAAAAABpJraJ59gu... - 2 - tx9f752265edfe4e3f8b4a4-006926b748 - 0.0135 - - 1764144968.897938490 1764144968.911397457 0
Nov 26 08:16:08 standalone object-server[128128]: 172.20.0.100 - - [26/Nov/2025:08:16:08 +0000] "GET /d1/871/AUTH_da08a65b703f4c80a14bf537805ad082/gnocchi.fcd266df-c2ee-4d5e-be31-448c552d3eb7/1763640000.0_mean_300.0_v3" 404 70 "GET http://172.18.0.2:8080/v1/AUTH_da08a65b703f4c80a14bf537805ad082/gnocchi.fcd266df-c2ee-4d5e-be31-448c552d3eb7/1763640000.0_mean_300.0_v3" "tx291d5470f229435d804ab-006926b748" "proxy-server 20" 0.0006 "-" 23 0
Nov 26 08:16:08 standalone proxy-server[130032]: 172.18.0.2 172.18.0.100 26/Nov/2025/08/16/08 GET /v1/AUTH_da08a65b703f4c80a14bf537805ad082/gnocchi.fcd266df-c2ee-4d5e-be31-448c552d3eb7/1763640000.0_mean_300.0_v3 HTTP/1.0 404 - python-swiftclient-3.11.1 gAAAAABpJraJ59gu... - 70 - tx291d5470f229435d804ab-006926b748 - 0.0061 - - 1764144968.914910793 1764144968.921050310 0
Nov 26 08:16:08 standalone container-server[127862]: 172.20.0.100 - - [26/Nov/2025:08:16:08 +0000] "PUT /d1/822/AUTH_da08a65b703f4c80a14bf537805ad082/gnocchi.fcd266df-c2ee-4d5e-be31-448c552d3eb7/1763640000.0_mean_300.0_v3" 201 - "PUT http://172.18.0.2:8080/d1/871/AUTH_da08a65b703f4c80a14bf537805ad082/gnocchi.fcd266df-c2ee-4d5e-be31-448c552d3eb7/1763640000.0_mean_300.0_v3" "tx0458084fa3674fefb96ac-006926b748" "object-server 23" 0.0009 "-" 22 0
Nov 26 08:16:08 standalone object-server[128128]: 172.20.0.100 - - [26/Nov/2025:08:16:08 +0000] "PUT /d1/871/AUTH_da08a65b703f4c80a14bf537805ad082/gnocchi.fcd266df-c2ee-4d5e-be31-448c552d3eb7/1763640000.0_mean_300.0_v3" 201 - "PUT http://172.18.0.2:8080/v1/AUTH_da08a65b703f4c80a14bf537805ad082/gnocchi.fcd266df-c2ee-4d5e-be31-448c552d3eb7/1763640000.0_mean_300.0_v3" "tx0458084fa3674fefb96ac-006926b748" "proxy-server 20" 0.0134 "-" 23 0
Nov 26 08:16:08 standalone proxy-server[130032]: 172.18.0.2 172.18.0.100 26/Nov/2025/08/16/08 PUT /v1/AUTH_da08a65b703f4c80a14bf537805ad082/gnocchi.fcd266df-c2ee-4d5e-be31-448c552d3eb7/1763640000.0_mean_300.0_v3 HTTP/1.0 201 - python-swiftclient-3.11.1 gAAAAABpJraJ59gu... 16 - - tx0458084fa3674fefb96ac-006926b748 - 0.0185 - - 1764144968.923616409 1764144968.942139149 0
Nov 26 08:16:08 standalone container-server[127854]: 172.20.0.100 - - [26/Nov/2025:08:16:08 +0000] "PUT /d1/822/AUTH_da08a65b703f4c80a14bf537805ad082/gnocchi.fcd266df-c2ee-4d5e-be31-448c552d3eb7/none_v3" 201 - "PUT http://172.18.0.2:8080/d1/79/AUTH_da08a65b703f4c80a14bf537805ad082/gnocchi.fcd266df-c2ee-4d5e-be31-448c552d3eb7/none_v3" "txc0964964eb474ce1a8886-006926b748" "object-server 23" 0.0008 "-" 21 0
Nov 26 08:16:08 standalone object-server[128128]: 172.20.0.100 - - [26/Nov/2025:08:16:08 +0000] "PUT /d1/79/AUTH_da08a65b703f4c80a14bf537805ad082/gnocchi.fcd266df-c2ee-4d5e-be31-448c552d3eb7/none_v3" 201 - "PUT http://172.18.0.2:8080/v1/AUTH_da08a65b703f4c80a14bf537805ad082/gnocchi.fcd266df-c2ee-4d5e-be31-448c552d3eb7/none_v3" "txc0964964eb474ce1a8886-006926b748" "proxy-server 20" 0.0107 "-" 23 0
Nov 26 08:16:08 standalone proxy-server[130032]: 172.18.0.2 172.18.0.100 26/Nov/2025/08/16/08 PUT /v1/AUTH_da08a65b703f4c80a14bf537805ad082/gnocchi.fcd266df-c2ee-4d5e-be31-448c552d3eb7/none_v3 HTTP/1.0 201 - python-swiftclient-3.11.1 gAAAAABpJraJ59gu... 22 - - txc0964964eb474ce1a8886-006926b748 - 0.0176 - - 1764144968.944729805 1764144968.962305307 0
Nov 26 08:16:08 standalone container-server[127854]: 172.20.0.100 - - [26/Nov/2025:08:16:08 +0000] "HEAD /d1/378/AUTH_da08a65b703f4c80a14bf537805ad082/gnocchi.59accf8b-dd95-4d6f-bddd-952f1218757f" 404 - "HEAD http://172.18.0.2:8080/v1/AUTH_da08a65b703f4c80a14bf537805ad082/gnocchi.59accf8b-dd95-4d6f-bddd-952f1218757f?format=json&states=listing" "tx3bb8b231e00c4240b6c2d-006926b748" "proxy-server 20" 0.0004 "-" 21 0
Nov 26 08:16:08 standalone object-server[128133]: 172.20.0.100 - - [26/Nov/2025:08:16:08 +0000] "GET /d1/158/AUTH_da08a65b703f4c80a14bf537805ad082/gnocchi.59accf8b-dd95-4d6f-bddd-952f1218757f/none_v3" 404 70 "GET http://172.18.0.2:8080/v1/AUTH_da08a65b703f4c80a14bf537805ad082/gnocchi.59accf8b-dd95-4d6f-bddd-952f1218757f/none_v3" "tx3bb8b231e00c4240b6c2d-006926b748" "proxy-server 20" 0.0003 "-" 24 0
Nov 26 08:16:08 standalone proxy-server[130032]: 172.18.0.2 172.18.0.100 26/Nov/2025/08/16/08 GET /v1/AUTH_da08a65b703f4c80a14bf537805ad082/gnocchi.59accf8b-dd95-4d6f-bddd-952f1218757f/none_v3 HTTP/1.0 404 - python-swiftclient-3.11.1 gAAAAABpJraJ59gu... - 70 - tx3bb8b231e00c4240b6c2d-006926b748 - 0.0097 - - 1764144968.972329617 1764144968.982038021 0
Nov 26 08:16:09 standalone account-server[127855]: 172.20.0.100 - - [26/Nov/2025:08:16:09 +0000] "PUT /d1/746/AUTH_da08a65b703f4c80a14bf537805ad082/gnocchi.59accf8b-dd95-4d6f-bddd-952f1218757f" 201 - "PUT http://172.20.0.100:6001/d1/378/AUTH_da08a65b703f4c80a14bf537805ad082/gnocchi.59accf8b-dd95-4d6f-bddd-952f1218757f" "tx05722794815a45e09b95c-006926b748" "container-server 20" 0.0086 "-" 22 0
Nov 26 08:16:09 standalone container-server[127852]: 172.20.0.100 - - [26/Nov/2025:08:16:09 +0000] "PUT /d1/378/AUTH_da08a65b703f4c80a14bf537805ad082/gnocchi.59accf8b-dd95-4d6f-bddd-952f1218757f" 201 - "PUT http://172.18.0.2:8080/v1/AUTH_da08a65b703f4c80a14bf537805ad082/gnocchi.59accf8b-dd95-4d6f-bddd-952f1218757f" "tx05722794815a45e09b95c-006926b748" "proxy-server 20" 0.0210 "-" 20 0
Nov 26 08:16:09 standalone proxy-server[130032]: 172.18.0.2 172.18.0.100 26/Nov/2025/08/16/09 PUT /v1/AUTH_da08a65b703f4c80a14bf537805ad082/gnocchi.59accf8b-dd95-4d6f-bddd-952f1218757f HTTP/1.0 201 - python-swiftclient-3.11.1 gAAAAABpJraJ59gu... - - - tx05722794815a45e09b95c-006926b748 - 0.0259 - - 1764144968.984579563 1764144969.010464430 0
