Nov 26 08:01:06 standalone account-server[127519]: Starting 2
Nov 26 08:01:07 standalone container-server[127655]: Option allow_versions is deprecated. Configure the versioned_writes middleware in the proxy-server instead. This option will be ignored in a future release.
Nov 26 08:01:07 standalone account-server[127575]: Started child 20 from parent 2
Nov 26 08:01:07 standalone container-server[127852]: Option allow_versions is deprecated. Configure the versioned_writes middleware in the proxy-server instead. This option will be ignored in a future release.
Nov 26 08:01:07 standalone container-server[127655]: Started child 20 from parent 2
Nov 26 08:01:07 standalone account-server[127575]: Started child 21 from parent 2
Nov 26 08:01:07 standalone account-server[127575]: Started child 22 from parent 2
Nov 26 08:01:07 standalone account-server[127575]: Started child 23 from parent 2
Nov 26 08:01:07 standalone container-server[127854]: Option allow_versions is deprecated. Configure the versioned_writes middleware in the proxy-server instead. This option will be ignored in a future release.
Nov 26 08:01:07 standalone container-server[127655]: Started child 21 from parent 2
Nov 26 08:01:07 standalone container-server[127862]: Option allow_versions is deprecated. Configure the versioned_writes middleware in the proxy-server instead. This option will be ignored in a future release.
Nov 26 08:01:07 standalone container-server[127655]: Started child 22 from parent 2
Nov 26 08:01:07 standalone container-server[127874]: Option allow_versions is deprecated. Configure the versioned_writes middleware in the proxy-server instead. This option will be ignored in a future release.
Nov 26 08:01:07 standalone container-server[127655]: Started child 23 from parent 2
Nov 26 08:01:07 standalone container-server[127888]: Starting 2
Nov 26 08:01:07 standalone object-expirer[127916]: Starting 2
Nov 26 08:01:07 standalone object-expirer[127916]: Option auto_create_account_prefix is deprecated. Configure auto_create_account_prefix under the swift-constraints section of swift.conf. This option will be ignored in a future release.
Nov 26 08:01:08 standalone object-server[127914]: Started child 22 from parent 2
Nov 26 08:01:08 standalone object-server[127914]: Started child 23 from parent 2
Nov 26 08:01:08 standalone object-server[127914]: Started child 24 from parent 2
Nov 26 08:01:08 standalone object-server[127914]: Started child 25 from parent 2
Nov 26 08:01:08 standalone object-server[128115]: Starting 2
Nov 26 08:01:13 standalone proxy-server[129749]: Starting Keystone auth_token middleware
Nov 26 08:01:13 standalone proxy-server[129749]: AuthToken middleware is set with keystone_authtoken.service_token_roles_required set to False. This is backwards compatible but deprecated behaviour. Please set this to True.
Nov 26 08:01:13 standalone proxy-server[130032]: Starting Keystone auth_token middleware
Nov 26 08:01:13 standalone proxy-server[130032]: STDERR: The option "bind_port" is not known to keystonemiddleware
Nov 26 08:01:13 standalone proxy-server[130032]: STDERR: The option "workers" is not known to keystonemiddleware
Nov 26 08:01:13 standalone proxy-server[130032]: STDERR: The option "user" is not known to keystonemiddleware
Nov 26 08:01:13 standalone proxy-server[130032]: STDERR: The option "bind_ip" is not known to keystonemiddleware
Nov 26 08:01:13 standalone proxy-server[130032]: STDERR: The option "log_name" is not known to keystonemiddleware
Nov 26 08:01:13 standalone proxy-server[130032]: STDERR: The option "log_facility" is not known to keystonemiddleware
Nov 26 08:01:13 standalone proxy-server[130032]: STDERR: The option "log_level" is not known to keystonemiddleware
Nov 26 08:01:13 standalone proxy-server[130032]: STDERR: The option "log_headers" is not known to keystonemiddleware
Nov 26 08:01:13 standalone proxy-server[130032]: STDERR: The option "log_address" is not known to keystonemiddleware
Nov 26 08:01:13 standalone proxy-server[130032]: STDERR: The option "project_name" is not known to keystonemiddleware
Nov 26 08:01:13 standalone proxy-server[130032]: STDERR: The option "username" is not known to keystonemiddleware
Nov 26 08:01:13 standalone proxy-server[130032]: STDERR: The option "password" is not known to keystonemiddleware
Nov 26 08:01:13 standalone proxy-server[130032]: STDERR: The option "auth_url" is not known to keystonemiddleware
Nov 26 08:01:13 standalone proxy-server[130032]: STDERR: The option "signing_dir" is not known to keystonemiddleware
Nov 26 08:01:13 standalone proxy-server[130032]: STDERR: The option "project_domain_id" is not known to keystonemiddleware
Nov 26 08:01:13 standalone proxy-server[130032]: STDERR: The option "user_domain_id" is not known to keystonemiddleware
Nov 26 08:01:13 standalone proxy-server[130032]: STDERR: The option "__name__" is not known to keystonemiddleware
Nov 26 08:01:13 standalone proxy-server[130032]: AuthToken middleware is set with keystone_authtoken.service_token_roles_required set to False. This is backwards compatible but deprecated behaviour. Please set this to True.
Nov 26 08:01:14 standalone proxy-server[129749]: Started child 20 from parent 2
Nov 26 08:01:44 standalone container-server[127888]: Begin container update sweep
Nov 26 08:01:44 standalone container-server[127888]: Container update sweep completed: 0.00s
Nov 26 08:03:20 standalone object-server[128115]: Begin object update sweep
Nov 26 08:03:20 standalone object-server[144670]: Object update sweep starting on /srv/node/d1 (pid: 11)
Nov 26 08:03:20 standalone object-server[144670]: Object update sweep completed on /srv/node/d1 in 0.00s seconds:, 0 successes, 0 failures, 0 quarantines, 0 unlinks, 0 errors, 0 redirects (pid: 11)
Nov 26 08:03:20 standalone object-server[144670]: Object update sweep of d1 completed: 0.00s, 0 successes, 0 failures, 0 quarantines, 0 unlinks, 0 errors, 0 redirects
Nov 26 08:03:20 standalone object-server[128115]: Object update sweep completed: 0.09s
Nov 26 08:05:12 standalone account-server[127853]: 172.20.0.100 - - [26/Nov/2025:08:05:12 +0000] "HEAD /d1/259/.expiring_objects" 404 - "HEAD http://localhost/v1/.expiring_objects?format=json" "tx494b664177a74c2aa3bb3-006926b4b8" "proxy-server 2" 0.0016 "-" 21 -
Nov 26 08:05:12 standalone object-expirer[127916]: Pass completed in 0s; 0 objects expired (txn: tx494b664177a74c2aa3bb3-006926b4b8)
Nov 26 08:06:44 standalone container-server[127888]: Begin container update sweep
Nov 26 08:06:44 standalone container-server[127888]: Container update sweep completed: 0.00s
Nov 26 08:08:20 standalone object-server[128115]: Begin object update sweep
Nov 26 08:08:20 standalone object-server[182114]: Object update sweep starting on /srv/node/d1 (pid: 13)
Nov 26 08:08:20 standalone object-server[182114]: Object update sweep completed on /srv/node/d1 in 0.00s seconds:, 0 successes, 0 failures, 0 quarantines, 0 unlinks, 0 errors, 0 redirects (pid: 13)
Nov 26 08:08:20 standalone object-server[182114]: Object update sweep of d1 completed: 0.00s, 0 successes, 0 failures, 0 quarantines, 0 unlinks, 0 errors, 0 redirects
Nov 26 08:08:20 standalone object-server[128115]: Object update sweep completed: 0.07s
Nov 26 08:09:14 standalone account-server[127855]: 172.20.0.100 - - [26/Nov/2025:08:09:14 +0000] "HEAD /d1/259/.expiring_objects" 404 - "HEAD http://localhost/v1/.expiring_objects?format=json" "tx24b4f4ebda614ab8b26d0-006926b5aa" "proxy-server 2" 0.0010 "-" 22 -
Nov 26 08:09:14 standalone object-expirer[127916]: Pass completed in 0s; 0 objects expired (txn: tx24b4f4ebda614ab8b26d0-006926b5aa)
Nov 26 08:11:27 standalone account-server[127857]: 172.20.0.100 - - [26/Nov/2025:08:11:27 +0000] "HEAD /d1/259/.expiring_objects" 404 - "HEAD http://localhost/v1/.expiring_objects?format=json" "tx3030e52ac3e14a3998629-006926b62f" "proxy-server 2" 0.0023 "-" 23 -
Nov 26 08:11:27 standalone object-expirer[127916]: Pass completed in 0s; 0 objects expired (txn: tx3030e52ac3e14a3998629-006926b62f)
Nov 26 08:11:44 standalone container-server[127888]: Begin container update sweep
Nov 26 08:11:44 standalone container-server[127888]: Container update sweep completed: 0.00s
Nov 26 08:12:57 standalone account-server[127853]: 172.20.0.100 - - [26/Nov/2025:08:12:57 +0000] "HEAD /d1/746/AUTH_da08a65b703f4c80a14bf537805ad082" 404 - "HEAD http://172.18.0.2:8080/v1/AUTH_da08a65b703f4c80a14bf537805ad082?format=json" "tx4e0455c899f0411094c68-006926b689" "proxy-server 20" 0.0006 "-" 21 -
Nov 26 08:12:57 standalone proxy-server[130032]: - - 26/Nov/2025/08/12/57 HEAD /v1/AUTH_da08a65b703f4c80a14bf537805ad082%3Fformat%3Djson HTTP/1.0 200 - Swift - - - - tx4e0455c899f0411094c68-006926b689 - 0.0090 RL - 1764144777.199010372 1764144777.208008528 -
Nov 26 08:12:57 standalone object-server[128123]: 172.20.0.100 - - [26/Nov/2025:08:12:57 +0000] "GET /d1/526/AUTH_da08a65b703f4c80a14bf537805ad082/gnocchi.f5ca5634-2b10-4d89-97a4-11a44937719a/none_v3" 404 70 "GET http://172.18.0.2:8080/v1/AUTH_da08a65b703f4c80a14bf537805ad082/gnocchi.f5ca5634-2b10-4d89-97a4-11a44937719a/none_v3" "tx4e0455c899f0411094c68-006926b689" "proxy-server 20" 0.0010 "-" 22 0
Nov 26 08:12:57 standalone proxy-server[130032]: 172.18.0.2 172.18.0.100 26/Nov/2025/08/12/57 GET /v1/AUTH_da08a65b703f4c80a14bf537805ad082/gnocchi.f5ca5634-2b10-4d89-97a4-11a44937719a/none_v3 HTTP/1.0 404 - python-swiftclient-3.11.1 gAAAAABpJraJ59gu... - 70 - tx4e0455c899f0411094c68-006926b689 - 0.3860 - - 1764144777.195444584 1764144777.581402302 0
Nov 26 08:12:57 standalone account-server[127850]: 172.20.0.100 - - [26/Nov/2025:08:12:57 +0000] "PUT /d1/746/AUTH_da08a65b703f4c80a14bf537805ad082" 201 - "-" "txd3d43ecfad8441e19279b-006926b689" "-" 0.0290 "-" 20 -
Nov 26 08:12:57 standalone proxy-server[130032]: autocreate account '/AUTH_da08a65b703f4c80a14bf537805ad082' (txn: txd3d43ecfad8441e19279b-006926b689)
Nov 26 08:12:57 standalone account-server[127853]: 172.20.0.100 - - [26/Nov/2025:08:12:57 +0000] "HEAD /d1/746/AUTH_da08a65b703f4c80a14bf537805ad082" 204 - "HEAD http://172.18.0.2:8080/v1/AUTH_da08a65b703f4c80a14bf537805ad082?format=json" "txd3d43ecfad8441e19279b-006926b689" "proxy-server 20" 0.0026 "-" 21 -
Nov 26 08:12:57 standalone account-server[127853]: 172.20.0.100 - - [26/Nov/2025:08:12:57 +0000] "PUT /d1/746/AUTH_da08a65b703f4c80a14bf537805ad082/gnocchi.f5ca5634-2b10-4d89-97a4-11a44937719a" 201 - "PUT http://172.20.0.100:6001/d1/327/AUTH_da08a65b703f4c80a14bf537805ad082/gnocchi.f5ca5634-2b10-4d89-97a4-11a44937719a" "txd3d43ecfad8441e19279b-006926b689" "container-server 20" 0.0014 "-" 21 0
Nov 26 08:12:57 standalone container-server[127852]: 172.20.0.100 - - [26/Nov/2025:08:12:57 +0000] "PUT /d1/327/AUTH_da08a65b703f4c80a14bf537805ad082/gnocchi.f5ca5634-2b10-4d89-97a4-11a44937719a" 201 - "PUT http://172.18.0.2:8080/v1/AUTH_da08a65b703f4c80a14bf537805ad082/gnocchi.f5ca5634-2b10-4d89-97a4-11a44937719a" "txd3d43ecfad8441e19279b-006926b689" "proxy-server 20" 0.0182 "-" 20 0
Nov 26 08:12:57 standalone proxy-server[130032]: 172.18.0.2 172.18.0.100 26/Nov/2025/08/12/57 PUT /v1/AUTH_da08a65b703f4c80a14bf537805ad082/gnocchi.f5ca5634-2b10-4d89-97a4-11a44937719a HTTP/1.0 201 - python-swiftclient-3.11.1 gAAAAABpJraJ59gu... - - - txd3d43ecfad8441e19279b-006926b689 - 0.0618 - - 1764144777.585515976 1764144777.647284746 0
Nov 26 08:12:57 standalone container-server[127854]: 172.20.0.100 - - [26/Nov/2025:08:12:57 +0000] "HEAD /d1/327/AUTH_da08a65b703f4c80a14bf537805ad082/gnocchi.f5ca5634-2b10-4d89-97a4-11a44937719a" 204 - "HEAD http://172.18.0.2:8080/v1/AUTH_da08a65b703f4c80a14bf537805ad082/gnocchi.f5ca5634-2b10-4d89-97a4-11a44937719a?format=json&states=listing" "tx28024a544b5a4851890be-006926b689" "proxy-server 20" 0.0023 "-" 21 0
Nov 26 08:12:57 standalone proxy-server[130032]: - - 26/Nov/2025/08/12/57 HEAD /v1/AUTH_da08a65b703f4c80a14bf537805ad082/gnocchi.f5ca5634-2b10-4d89-97a4-11a44937719a%3Fformat%3Djson%26states%3Dlisting HTTP/1.0 204 - Swift - - - - tx28024a544b5a4851890be-006926b689 - 0.0050 RL - 1764144777.653447628 1764144777.658459187 0
Nov 26 08:12:57 standalone container-server[127862]: 172.20.0.100 - - [26/Nov/2025:08:12:57 +0000] "GET /d1/327/AUTH_da08a65b703f4c80a14bf537805ad082/gnocchi.f5ca5634-2b10-4d89-97a4-11a44937719a" 200 2 "GET http://172.18.0.2:8080/v1/AUTH_da08a65b703f4c80a14bf537805ad082/gnocchi.f5ca5634-2b10-4d89-97a4-11a44937719a?format=json&states=listing" "tx28024a544b5a4851890be-006926b689" "proxy-server 20" 0.0079 "-" 22 0
Nov 26 08:12:57 standalone proxy-server[130032]: 172.18.0.2 172.18.0.100 26/Nov/2025/08/12/57 GET /v1/AUTH_da08a65b703f4c80a14bf537805ad082/gnocchi.f5ca5634-2b10-4d89-97a4-11a44937719a%3Fformat%3Djson%26states%3Dlisting HTTP/1.0 200 - python-swiftclient-3.11.1 gAAAAABpJraJ59gu... - 2 - tx28024a544b5a4851890be-006926b689 - 0.0208 - - 1764144777.652579546 1764144777.673339128 0
Nov 26 08:12:57 standalone object-server[128123]: 172.20.0.100 - - [26/Nov/2025:08:12:57 +0000] "GET /d1/370/AUTH_da08a65b703f4c80a14bf537805ad082/gnocchi.f5ca5634-2b10-4d89-97a4-11a44937719a/1763640000.0_mean_300.0_v3" 404 70 "GET http://172.18.0.2:8080/v1/AUTH_da08a65b703f4c80a14bf537805ad082/gnocchi.f5ca5634-2b10-4d89-97a4-11a44937719a/1763640000.0_mean_300.0_v3" "txf8b2fb1750aa4e019acd0-006926b689" "proxy-server 20" 0.0003 "-" 22 0
Nov 26 08:12:57 standalone proxy-server[130032]: 172.18.0.2 172.18.0.100 26/Nov/2025/08/12/57 GET /v1/AUTH_da08a65b703f4c80a14bf537805ad082/gnocchi.f5ca5634-2b10-4d89-97a4-11a44937719a/1763640000.0_mean_300.0_v3 HTTP/1.0 404 - python-swiftclient-3.11.1 gAAAAABpJraJ59gu... - 70 - txf8b2fb1750aa4e019acd0-006926b689 - 0.0045 - - 1764144777.680326223 1764144777.684839249 0
Nov 26 08:12:57 standalone container-server[127854]: 172.20.0.100 - - [26/Nov/2025:08:12:57 +0000] "PUT /d1/327/AUTH_da08a65b703f4c80a14bf537805ad082/gnocchi.f5ca5634-2b10-4d89-97a4-11a44937719a/1763640000.0_mean_300.0_v3" 201 - "PUT http://172.18.0.2:8080/d1/370/AUTH_da08a65b703f4c80a14bf537805ad082/gnocchi.f5ca5634-2b10-4d89-97a4-11a44937719a/1763640000.0_mean_300.0_v3" "txe3833758ca654257a9c7e-006926b689" "object-server 24" 0.0008 "-" 21 0
Nov 26 08:12:57 standalone object-server[128133]: 172.20.0.100 - - [26/Nov/2025:08:12:57 +0000] "PUT /d1/370/AUTH_da08a65b703f4c80a14bf537805ad082/gnocchi.f5ca5634-2b10-4d89-97a4-11a44937719a/1763640000.0_mean_300.0_v3" 201 - "PUT http://172.18.0.2:8080/v1/AUTH_da08a65b703f4c80a14bf537805ad082/gnocchi.f5ca5634-2b10-4d89-97a4-11a44937719a/1763640000.0_mean_300.0_v3" "txe3833758ca654257a9c7e-006926b689" "proxy-server 20" 0.0262 "-" 24 0
Nov 26 08:12:57 standalone proxy-server[130032]: 172.18.0.2 172.18.0.100 26/Nov/2025/08/12/57 PUT /v1/AUTH_da08a65b703f4c80a14bf537805ad082/gnocchi.f5ca5634-2b10-4d89-97a4-11a44937719a/1763640000.0_mean_300.0_v3 HTTP/1.0 201 - python-swiftclient-3.11.1 gAAAAABpJraJ59gu... 16 - - txe3833758ca654257a9c7e-006926b689 - 0.0309 - - 1764144777.688343287 1764144777.719267607 0
Nov 26 08:12:57 standalone container-server[127874]: 172.20.0.100 - - [26/Nov/2025:08:12:57 +0000] "PUT /d1/327/AUTH_da08a65b703f4c80a14bf537805ad082/gnocchi.f5ca5634-2b10-4d89-97a4-11a44937719a/none_v3" 201 - "PUT http://172.18.0.2:8080/d1/526/AUTH_da08a65b703f4c80a14bf537805ad082/gnocchi.f5ca5634-2b10-4d89-97a4-11a44937719a/none_v3" "tx4500af7febea49a499845-006926b689" "object-server 24" 0.0015 "-" 23 0
Nov 26 08:12:57 standalone object-server[128133]: 172.20.0.100 - - [26/Nov/2025:08:12:57 +0000] "PUT /d1/526/AUTH_da08a65b703f4c80a14bf537805ad082/gnocchi.f5ca5634-2b10-4d89-97a4-11a44937719a/none_v3" 201 - "PUT http://172.18.0.2:8080/v1/AUTH_da08a65b703f4c80a14bf537805ad082/gnocchi.f5ca5634-2b10-4d89-97a4-11a44937719a/none_v3" "tx4500af7febea49a499845-006926b689" "proxy-server 20" 0.0137 "-" 24 0
Nov 26 08:12:57 standalone proxy-server[130032]: 172.18.0.2 172.18.0.100 26/Nov/2025/08/12/57 PUT /v1/AUTH_da08a65b703f4c80a14bf537805ad082/gnocchi.f5ca5634-2b10-4d89-97a4-11a44937719a/none_v3 HTTP/1.0 201 - python-swiftclient-3.11.1 gAAAAABpJraJ59gu... 22 - - tx4500af7febea49a499845-006926b689 - 0.0182 - - 1764144777.724003077 1764144777.742226601 0
Nov 26 08:13:20 standalone object-server[128115]: Begin object update sweep
Nov 26 08:13:20 standalone object-server[220911]: Object update sweep starting on /srv/node/d1 (pid: 14)
Nov 26 08:13:20 standalone object-server[220911]: Object update sweep completed on /srv/node/d1 in 0.00s seconds:, 0 successes, 0 failures, 0 quarantines, 0 unlinks, 0 errors, 0 redirects (pid: 14)
Nov 26 08:13:20 standalone object-server[220911]: Object update sweep of d1 completed: 0.00s, 0 successes, 0 failures, 0 quarantines, 0 unlinks, 0 errors, 0 redirects
Nov 26 08:13:20 standalone object-server[128115]: Object update sweep completed: 0.08s
Nov 26 08:13:26 standalone object-server[128123]: 172.20.0.100 - - [26/Nov/2025:08:13:26 +0000] "GET /d1/526/AUTH_da08a65b703f4c80a14bf537805ad082/gnocchi.f5ca5634-2b10-4d89-97a4-11a44937719a/none_v3" 200 22 "GET http://172.18.0.2:8080/v1/AUTH_da08a65b703f4c80a14bf537805ad082/gnocchi.f5ca5634-2b10-4d89-97a4-11a44937719a/none_v3" "tx721864f94d56429693840-006926b6a6" "proxy-server 20" 0.0009 "-" 22 0
Nov 26 08:13:26 standalone proxy-server[130032]: 172.18.0.2 172.18.0.100 26/Nov/2025/08/13/26 GET /v1/AUTH_da08a65b703f4c80a14bf537805ad082/gnocchi.f5ca5634-2b10-4d89-97a4-11a44937719a/none_v3 HTTP/1.0 200 - python-swiftclient-3.11.1 gAAAAABpJraJ59gu... - 22 - tx721864f94d56429693840-006926b6a6 - 0.0151 - - 1764144806.854128122 1764144806.869219542 0
Nov 26 08:13:26 standalone container-server[127854]: 172.20.0.100 - - [26/Nov/2025:08:13:26 +0000] "GET /d1/327/AUTH_da08a65b703f4c80a14bf537805ad082/gnocchi.f5ca5634-2b10-4d89-97a4-11a44937719a" 200 357 "GET http://172.18.0.2:8080/v1/AUTH_da08a65b703f4c80a14bf537805ad082/gnocchi.f5ca5634-2b10-4d89-97a4-11a44937719a?format=json&states=listing" "txbc724c18234d472b9accc-006926b6a6" "proxy-server 20" 0.0141 "-" 21 0
Nov 26 08:13:26 standalone proxy-server[130032]: 172.18.0.2 172.18.0.100 26/Nov/2025/08/13/26 GET /v1/AUTH_da08a65b703f4c80a14bf537805ad082/gnocchi.f5ca5634-2b10-4d89-97a4-11a44937719a%3Fformat%3Djson%26states%3Dlisting HTTP/1.0 200 - python-swiftclient-3.11.1 gAAAAABpJraJ59gu... - 357 - txbc724c18234d472b9accc-006926b6a6 - 0.0215 - - 1764144806.873657227 1764144806.895113945 0
Nov 26 08:13:26 standalone container-server[127874]: 172.20.0.100 - - [26/Nov/2025:08:13:26 +0000] "GET /d1/327/AUTH_da08a65b703f4c80a14bf537805ad082/gnocchi.f5ca5634-2b10-4d89-97a4-11a44937719a" 200 2 "GET http://172.18.0.2:8080/v1/AUTH_da08a65b703f4c80a14bf537805ad082/gnocchi.f5ca5634-2b10-4d89-97a4-11a44937719a?format=json&marker=none_v3&states=listing" "tx72700453dbee455b82f48-006926b6a6" "proxy-server 20" 0.0050 "-" 23 0
Nov 26 08:13:26 standalone proxy-server[130032]: 172.18.0.2 172.18.0.100 26/Nov/2025/08/13/26 GET /v1/AUTH_da08a65b703f4c80a14bf537805ad082/gnocchi.f5ca5634-2b10-4d89-97a4-11a44937719a%3Fformat%3Djson%26marker%3Dnone_v3%26states%3Dlisting HTTP/1.0 200 - python-swiftclient-3.11.1 gAAAAABpJraJ59gu... - 2 - tx72700453dbee455b82f48-006926b6a6 - 0.0115 - - 1764144806.898238420 1764144806.909708977 0
Nov 26 08:13:26 standalone object-server[128133]: 172.20.0.100 - - [26/Nov/2025:08:13:26 +0000] "GET /d1/370/AUTH_da08a65b703f4c80a14bf537805ad082/gnocchi.f5ca5634-2b10-4d89-97a4-11a44937719a/1763640000.0_mean_300.0_v3" 200 16 "GET http://172.18.0.2:8080/v1/AUTH_da08a65b703f4c80a14bf537805ad082/gnocchi.f5ca5634-2b10-4d89-97a4-11a44937719a/1763640000.0_mean_300.0_v3" "tx2a081f215bf249cbbe323-006926b6a6" "proxy-server 20" 0.0007 "-" 24 0
Nov 26 08:13:26 standalone proxy-server[130032]: 172.18.0.2 172.18.0.100 26/Nov/2025/08/13/26 GET /v1/AUTH_da08a65b703f4c80a14bf537805ad082/gnocchi.f5ca5634-2b10-4d89-97a4-11a44937719a/1763640000.0_mean_300.0_v3 HTTP/1.0 200 - python-swiftclient-3.11.1 gAAAAABpJraJ59gu... - 16 - tx2a081f215bf249cbbe323-006926b6a6 - 0.0074 - - 1764144806.912845135 1764144806.920243025 0
Nov 26 08:13:26 standalone container-server[127874]: 172.20.0.100 - - [26/Nov/2025:08:13:26 +0000] "PUT /d1/327/AUTH_da08a65b703f4c80a14bf537805ad082/gnocchi.f5ca5634-2b10-4d89-97a4-11a44937719a/1763640000.0_mean_300.0_v3" 201 - "PUT http://172.18.0.2:8080/d1/370/AUTH_da08a65b703f4c80a14bf537805ad082/gnocchi.f5ca5634-2b10-4d89-97a4-11a44937719a/1763640000.0_mean_300.0_v3" "txd3afb3912ae6411bb7340-006926b6a6" "object-server 22" 0.0006 "-" 23 0
Nov 26 08:13:26 standalone object-server[128123]: 172.20.0.100 - - [26/Nov/2025:08:13:26 +0000] "PUT /d1/370/AUTH_da08a65b703f4c80a14bf537805ad082/gnocchi.f5ca5634-2b10-4d89-97a4-11a44937719a/1763640000.0_mean_300.0_v3" 201 - "PUT http://172.18.0.2:8080/v1/AUTH_da08a65b703f4c80a14bf537805ad082/gnocchi.f5ca5634-2b10-4d89-97a4-11a44937719a/1763640000.0_mean_300.0_v3" "txd3afb3912ae6411bb7340-006926b6a6" "proxy-server 20" 0.0156 "-" 22 0
Nov 26 08:13:26 standalone proxy-server[130032]: 172.18.0.2 172.18.0.100 26/Nov/2025/08/13/26 PUT /v1/AUTH_da08a65b703f4c80a14bf537805ad082/gnocchi.f5ca5634-2b10-4d89-97a4-11a44937719a/1763640000.0_mean_300.0_v3 HTTP/1.0 201 - python-swiftclient-3.11.1 gAAAAABpJraJ59gu... 16 - - txd3afb3912ae6411bb7340-006926b6a6 - 0.0203 - - 1764144806.922843933 1764144806.943159819 0
Nov 26 08:13:26 standalone container-server[127854]: 172.20.0.100 - - [26/Nov/2025:08:13:26 +0000] "PUT /d1/327/AUTH_da08a65b703f4c80a14bf537805ad082/gnocchi.f5ca5634-2b10-4d89-97a4-11a44937719a/none_v3" 201 - "PUT http://172.18.0.2:8080/d1/526/AUTH_da08a65b703f4c80a14bf537805ad082/gnocchi.f5ca5634-2b10-4d89-97a4-11a44937719a/none_v3" "txd45d994efdb4462bb7fd2-006926b6a6" "object-server 24" 0.0004 "-" 21 0
Nov 26 08:13:26 standalone object-server[128133]: 172.20.0.100 - - [26/Nov/2025:08:13:26 +0000] "PUT /d1/526/AUTH_da08a65b703f4c80a14bf537805ad082/gnocchi.f5ca5634-2b10-4d89-97a4-11a44937719a/none_v3" 201 - "PUT http://172.18.0.2:8080/v1/AUTH_da08a65b703f4c80a14bf537805ad082/gnocchi.f5ca5634-2b10-4d89-97a4-11a44937719a/none_v3" "txd45d994efdb4462bb7fd2-006926b6a6" "proxy-server 20" 0.0110 "-" 24 0
Nov 26 08:13:26 standalone proxy-server[130032]: 172.18.0.2 172.18.0.100 26/Nov/2025/08/13/26 PUT /v1/AUTH_da08a65b703f4c80a14bf537805ad082/gnocchi.f5ca5634-2b10-4d89-97a4-11a44937719a/none_v3 HTTP/1.0 201 - python-swiftclient-3.11.1 gAAAAABpJraJ59gu... 32 - - txd45d994efdb4462bb7fd2-006926b6a6 - 0.0158 - - 1764144806.945744038 1764144806.961559057 0
Nov 26 08:13:59 standalone account-server[127853]: 172.20.0.100 - - [26/Nov/2025:08:13:59 +0000] "HEAD /d1/746/AUTH_da08a65b703f4c80a14bf537805ad082" 204 - "HEAD http://172.18.0.2:8080/v1/AUTH_da08a65b703f4c80a14bf537805ad082?format=json" "txb86e784bab28406ea8f71-006926b6c7" "proxy-server 20" 0.0059 "-" 21 -
Nov 26 08:13:59 standalone proxy-server[130032]: - - 26/Nov/2025/08/13/59 HEAD /v1/AUTH_da08a65b703f4c80a14bf537805ad082%3Fformat%3Djson HTTP/1.0 204 - Swift - - - - txb86e784bab28406ea8f71-006926b6c7 - 0.0109 RL - 1764144839.235296965 1764144839.246150255 -
Nov 26 08:13:59 standalone container-server[127862]: 172.20.0.100 - - [26/Nov/2025:08:13:59 +0000] "HEAD /d1/897/AUTH_da08a65b703f4c80a14bf537805ad082/gnocchi.3348aed4-0db2-40ac-bb4f-878087ba6229" 404 - "HEAD http://172.18.0.2:8080/v1/AUTH_da08a65b703f4c80a14bf537805ad082/gnocchi.3348aed4-0db2-40ac-bb4f-878087ba6229?format=json&states=listing" "txb86e784bab28406ea8f71-006926b6c7" "proxy-server 20" 0.0006 "-" 22 0
Nov 26 08:13:59 standalone object-server[128133]: 172.20.0.100 - - [26/Nov/2025:08:13:59 +0000] "GET /d1/107/AUTH_da08a65b703f4c80a14bf537805ad082/gnocchi.3348aed4-0db2-40ac-bb4f-878087ba6229/none_v3" 404 70 "GET http://172.18.0.2:8080/v1/AUTH_da08a65b703f4c80a14bf537805ad082/gnocchi.3348aed4-0db2-40ac-bb4f-878087ba6229/none_v3" "txb86e784bab28406ea8f71-006926b6c7" "proxy-server 20" 0.0005 "-" 24 0
Nov 26 08:13:59 standalone proxy-server[130032]: 172.18.0.2 172.18.0.100 26/Nov/2025/08/13/59 GET /v1/AUTH_da08a65b703f4c80a14bf537805ad082/gnocchi.3348aed4-0db2-40ac-bb4f-878087ba6229/none_v3 HTTP/1.0 404 - python-swiftclient-3.11.1 gAAAAABpJraJ59gu... - 70 - txb86e784bab28406ea8f71-006926b6c7 - 0.0227 - - 1764144839.234344721 1764144839.257008076 0
Nov 26 08:13:59 standalone account-server[127857]: 172.20.0.100 - - [26/Nov/2025:08:13:59 +0000] "PUT /d1/746/AUTH_da08a65b703f4c80a14bf537805ad082/gnocchi.3348aed4-0db2-40ac-bb4f-878087ba6229" 201 - "PUT http://172.20.0.100:6001/d1/897/AUTH_da08a65b703f4c80a14bf537805ad082/gnocchi.3348aed4-0db2-40ac-bb4f-878087ba6229" "tx92ff9004d3224a02ac296-006926b6c7" "container-server 20" 0.0020 "-" 23 0
Nov 26 08:13:59 standalone container-server[127852]: 172.20.0.100 - - [26/Nov/2025:08:13:59 +0000] "PUT /d1/897/AUTH_da08a65b703f4c80a14bf537805ad082/gnocchi.3348aed4-0db2-40ac-bb4f-878087ba6229" 201 - "PUT http://172.18.0.2:8080/v1/AUTH_da08a65b703f4c80a14bf537805ad082/gnocchi.3348aed4-0db2-40ac-bb4f-878087ba6229" "tx92ff9004d3224a02ac296-006926b6c7" "proxy-server 20" 0.0125 "-" 20 0
Nov 26 08:13:59 standalone proxy-server[130032]: 172.18.0.2 172.18.0.100 26/Nov/2025/08/13/59 PUT /v1/AUTH_da08a65b703f4c80a14bf537805ad082/gnocchi.3348aed4-0db2-40ac-bb4f-878087ba6229 HTTP/1.0 201 - python-swiftclient-3.11.1 gAAAAABpJraJ59gu... - - - tx92ff9004d3224a02ac296-006926b6c7 - 0.0183 - - 1764144839.261521101 1764144839.279777050 0
Nov 26 08:13:59 standalone container-server[127862]: 172.20.0.100 - - [26/Nov/2025:08:13:59 +0000] "HEAD /d1/897/AUTH_da08a65b703f4c80a14bf537805ad082/gnocchi.3348aed4-0db2-40ac-bb4f-878087ba6229" 204 - "HEAD http://172.18.0.2:8080/v1/AUTH_da08a65b703f4c80a14bf537805ad082/gnocchi.3348aed4-0db2-40ac-bb4f-878087ba6229?format=json&states=listing" "txd002abe9637a4dd6b1609-006926b6c7" "proxy-server 20" 0.0013 "-" 22 0
Nov 26 08:13:59 standalone proxy-server[130032]: - - 26/Nov/2025/08/13/59 HEAD /v1/AUTH_da08a65b703f4c80a14bf537805ad082/gnocchi.3348aed4-0db2-40ac-bb4f-878087ba6229%3Fformat%3Djson%26states%3Dlisting HTTP/1.0 204 - Swift - - - - txd002abe9637a4dd6b1609-006926b6c7 - 0.0045 RL - 1764144839.285613537 1764144839.290137529 0
Nov 26 08:13:59 standalone container-server[127852]: 172.20.0.100 - - [26/Nov/2025:08:13:59 +0000] "GET /d1/897/AUTH_da08a65b703f4c80a14bf537805ad082/gnocchi.3348aed4-0db2-40ac-bb4f-878087ba6229" 200 2 "GET http://172.18.0.2:8080/v1/AUTH_da08a65b703f4c80a14bf537805ad082/gnocchi.3348aed4-0db2-40ac-bb4f-878087ba6229?format=json&states=listing" "txd002abe9637a4dd6b1609-006926b6c7" "proxy-server 20" 0.0029 "-" 20 0
Nov 26 08:13:59 standalone proxy-server[130032]: 172.18.0.2 172.18.0.100 26/Nov/2025/08/13/59 GET /v1/AUTH_da08a65b703f4c80a14bf537805ad082/gnocchi.3348aed4-0db2-40ac-bb4f-878087ba6229%3Fformat%3Djson%26states%3Dlisting HTTP/1.0 200 - python-swiftclient-3.11.1 gAAAAABpJraJ59gu... - 2 - txd002abe9637a4dd6b1609-006926b6c7 - 0.0156 - - 1764144839.284281254 1764144839.299839497 0
Nov 26 08:13:59 standalone object-server[128134]: 172.20.0.100 - - [26/Nov/2025:08:13:59 +0000] "GET /d1/687/AUTH_da08a65b703f4c80a14bf537805ad082/gnocchi.3348aed4-0db2-40ac-bb4f-878087ba6229/1763640000.0_mean_300.0_v3" 404 70 "GET http://172.18.0.2:8080/v1/AUTH_da08a65b703f4c80a14bf537805ad082/gnocchi.3348aed4-0db2-40ac-bb4f-878087ba6229/1763640000.0_mean_300.0_v3" "txbf7bb2c981214acf8db5f-006926b6c7" "proxy-server 20" 0.0008 "-" 25 0
Nov 26 08:13:59 standalone proxy-server[130032]: 172.18.0.2 172.18.0.100 26/Nov/2025/08/13/59 GET /v1/AUTH_da08a65b703f4c80a14bf537805ad082/gnocchi.3348aed4-0db2-40ac-bb4f-878087ba6229/1763640000.0_mean_300.0_v3 HTTP/1.0 404 - python-swiftclient-3.11.1 gAAAAABpJraJ59gu... - 70 - txbf7bb2c981214acf8db5f-006926b6c7 - 0.0077 - - 1764144839.303466797 1764144839.311144114 0
Nov 26 08:13:59 standalone container-server[127854]: 172.20.0.100 - - [26/Nov/2025:08:13:59 +0000] "PUT /d1/897/AUTH_da08a65b703f4c80a14bf537805ad082/gnocchi.3348aed4-0db2-40ac-bb4f-878087ba6229/1763640000.0_mean_300.0_v3" 201 - "PUT http://172.18.0.2:8080/d1/687/AUTH_da08a65b703f4c80a14bf537805ad082/gnocchi.3348aed4-0db2-40ac-bb4f-878087ba6229/1763640000.0_mean_300.0_v3" "tx3d3632b94195429cb8196-006926b6c7" "object-server 24" 0.0006 "-" 21 0
Nov 26 08:13:59 standalone object-server[128133]: 172.20.0.100 - - [26/Nov/2025:08:13:59 +0000] "PUT /d1/687/AUTH_da08a65b703f4c80a14bf537805ad082/gnocchi.3348aed4-0db2-40ac-bb4f-878087ba6229/1763640000.0_mean_300.0_v3" 201 - "PUT http://172.18.0.2:8080/v1/AUTH_da08a65b703f4c80a14bf537805ad082/gnocchi.3348aed4-0db2-40ac-bb4f-878087ba6229/1763640000.0_mean_300.0_v3" "tx3d3632b94195429cb8196-006926b6c7" "proxy-server 20" 0.0102 "-" 24 0
Nov 26 08:13:59 standalone proxy-server[130032]: 172.18.0.2 172.18.0.100 26/Nov/2025/08/13/59 PUT /v1/AUTH_da08a65b703f4c80a14bf537805ad082/gnocchi.3348aed4-0db2-40ac-bb4f-878087ba6229/1763640000.0_mean_300.0_v3 HTTP/1.0 201 - python-swiftclient-3.11.1 gAAAAABpJraJ59gu... 16 - - tx3d3632b94195429cb8196-006926b6c7 - 0.0176 - - 1764144839.317186832 1764144839.334807634 0
Nov 26 08:13:59 standalone container-server[127852]: 172.20.0.100 - - [26/Nov/2025:08:13:59 +0000] "PUT /d1/897/AUTH_da08a65b703f4c80a14bf537805ad082/gnocchi.3348aed4-0db2-40ac-bb4f-878087ba6229/none_v3" 201 - "PUT http://172.18.0.2:8080/d1/107/AUTH_da08a65b703f4c80a14bf537805ad082/gnocchi.3348aed4-0db2-40ac-bb4f-878087ba6229/none_v3" "tx8c332859b8ea46d6bbf73-006926b6c7" "object-server 25" 0.0006 "-" 20 0
Nov 26 08:13:59 standalone object-server[128134]: 172.20.0.100 - - [26/Nov/2025:08:13:59 +0000] "PUT /d1/107/AUTH_da08a65b703f4c80a14bf537805ad082/gnocchi.3348aed4-0db2-40ac-bb4f-878087ba6229/none_v3" 201 - "PUT http://172.18.0.2:8080/v1/AUTH_da08a65b703f4c80a14bf537805ad082/gnocchi.3348aed4-0db2-40ac-bb4f-878087ba6229/none_v3" "tx8c332859b8ea46d6bbf73-006926b6c7" "proxy-server 20" 0.0357 "-" 25 0
Nov 26 08:13:59 standalone proxy-server[130032]: 172.18.0.2 172.18.0.100 26/Nov/2025/08/13/59 PUT /v1/AUTH_da08a65b703f4c80a14bf537805ad082/gnocchi.3348aed4-0db2-40ac-bb4f-878087ba6229/none_v3 HTTP/1.0 201 - python-swiftclient-3.11.1 gAAAAABpJraJ59gu... 22 - - tx8c332859b8ea46d6bbf73-006926b6c7 - 0.0430 - - 1764144839.337906122 1764144839.380949974 0
Nov 26 08:13:59 standalone container-server[127852]: 172.20.0.100 - - [26/Nov/2025:08:13:59 +0000] "HEAD /d1/471/AUTH_da08a65b703f4c80a14bf537805ad082/gnocchi.11fbfd89-cd7e-432d-a9e6-1cd1a4799e19" 404 - "HEAD http://172.18.0.2:8080/v1/AUTH_da08a65b703f4c80a14bf537805ad082/gnocchi.11fbfd89-cd7e-432d-a9e6-1cd1a4799e19?format=json&states=listing" "tx5aa90c9f00854001a2948-006926b6c7" "proxy-server 20" 0.0003 "-" 20 0
Nov 26 08:13:59 standalone object-server[128134]: 172.20.0.100 - - [26/Nov/2025:08:13:59 +0000] "GET /d1/263/AUTH_da08a65b703f4c80a14bf537805ad082/gnocchi.11fbfd89-cd7e-432d-a9e6-1cd1a4799e19/none_v3" 404 70 "GET http://172.18.0.2:8080/v1/AUTH_da08a65b703f4c80a14bf537805ad082/gnocchi.11fbfd89-cd7e-432d-a9e6-1cd1a4799e19/none_v3" "tx5aa90c9f00854001a2948-006926b6c7" "proxy-server 20" 0.0004 "-" 25 0
Nov 26 08:13:59 standalone proxy-server[130032]: 172.18.0.2 172.18.0.100 26/Nov/2025/08/13/59 GET /v1/AUTH_da08a65b703f4c80a14bf537805ad082/gnocchi.11fbfd89-cd7e-432d-a9e6-1cd1a4799e19/none_v3 HTTP/1.0 404 - python-swiftclient-3.11.1 gAAAAABpJraJ59gu... - 70 - tx5aa90c9f00854001a2948-006926b6c7 - 0.0114 - - 1764144839.391249418 1764144839.402604818 0
Nov 26 08:13:59 standalone account-server[127850]: 172.20.0.100 - - [26/Nov/2025:08:13:59 +0000] "PUT /d1/746/AUTH_da08a65b703f4c80a14bf537805ad082/gnocchi.11fbfd89-cd7e-432d-a9e6-1cd1a4799e19" 201 - "PUT http://172.20.0.100:6001/d1/471/AUTH_da08a65b703f4c80a14bf537805ad082/gnocchi.11fbfd89-cd7e-432d-a9e6-1cd1a4799e19" "tx955bcccaa0da411691751-006926b6c7" "container-server 21" 0.0097 "-" 20 0
Nov 26 08:13:59 standalone container-server[127854]: 172.20.0.100 - - [26/Nov/2025:08:13:59 +0000] "PUT /d1/471/AUTH_da08a65b703f4c80a14bf537805ad082/gnocchi.11fbfd89-cd7e-432d-a9e6-1cd1a4799e19" 201 - "PUT http://172.18.0.2:8080/v1/AUTH_da08a65b703f4c80a14bf537805ad082/gnocchi.11fbfd89-cd7e-432d-a9e6-1cd1a4799e19" "tx955bcccaa0da411691751-006926b6c7" "proxy-server 20" 0.0295 "-" 21 0
Nov 26 08:13:59 standalone proxy-server[130032]: 172.18.0.2 172.18.0.100 26/Nov/2025/08/13/59 PUT /v1/AUTH_da08a65b703f4c80a14bf537805ad082/gnocchi.11fbfd89-cd7e-432d-a9e6-1cd1a4799e19 HTTP/1.0 201 - python-swiftclient-3.11.1 gAAAAABpJraJ59gu... - - - tx955bcccaa0da411691751-006926b6c7 - 0.0371 - - 1764144839.405597687 1764144839.442734957 0
Nov 26 08:13:59 standalone container-server[127862]: 172.20.0.100 - - [26/Nov/2025:08:13:59 +0000] "HEAD /d1/471/AUTH_da08a65b703f4c80a14bf537805ad082/gnocchi.11fbfd89-cd7e-432d-a9e6-1cd1a4799e19" 204 - "HEAD http://172.18.0.2:8080/v1/AUTH_da08a65b703f4c80a14bf537805ad082/gnocchi.11fbfd89-cd7e-432d-a9e6-1cd1a4799e19?format=json&states=listing" "txa570c67d425f47a896095-006926b6c7" "proxy-server 20" 0.0021 "-" 22 0
Nov 26 08:13:59 standalone proxy-server[130032]: - - 26/Nov/2025/08/13/59 HEAD /v1/AUTH_da08a65b703f4c80a14bf537805ad082/gnocchi.11fbfd89-cd7e-432d-a9e6-1cd1a4799e19%3Fformat%3Djson%26states%3Dlisting HTTP/1.0 204 - Swift - - - - txa570c67d425f47a896095-006926b6c7 - 0.0133 RL - 1764144839.449425697 1764144839.462739706 0
Nov 26 08:13:59 standalone container-server[127854]: 172.20.0.100 - - [26/Nov/2025:08:13:59 +0000] "GET /d1/471/AUTH_da08a65b703f4c80a14bf537805ad082/gnocchi.11fbfd89-cd7e-432d-a9e6-1cd1a4799e19" 200 2 "GET http://172.18.0.2:8080/v1/AUTH_da08a65b703f4c80a14bf537805ad082/gnocchi.11fbfd89-cd7e-432d-a9e6-1cd1a4799e19?format=json&states=listing" "txa570c67d425f47a896095-006926b6c7" "proxy-server 20" 0.0018 "-" 21 0
Nov 26 08:13:59 standalone proxy-server[130032]: 172.18.0.2 172.18.0.100 26/Nov/2025/08/13/59 GET /v1/AUTH_da08a65b703f4c80a14bf537805ad082/gnocchi.11fbfd89-cd7e-432d-a9e6-1cd1a4799e19%3Fformat%3Djson%26states%3Dlisting HTTP/1.0 200 - python-swiftclient-3.11.1 gAAAAABpJraJ59gu... - 2 - txa570c67d425f47a896095-006926b6c7 - 0.0268 - - 1764144839.447887421 1764144839.474643230 0
Nov 26 08:13:59 standalone object-server[128134]: 172.20.0.100 - - [26/Nov/2025:08:13:59 +0000] "GET /d1/426/AUTH_da08a65b703f4c80a14bf537805ad082/gnocchi.11fbfd89-cd7e-432d-a9e6-1cd1a4799e19/1763640000.0_mean_300.0_v3" 404 70 "GET http://172.18.0.2:8080/v1/AUTH_da08a65b703f4c80a14bf537805ad082/gnocchi.11fbfd89-cd7e-432d-a9e6-1cd1a4799e19/1763640000.0_mean_300.0_v3" "tx4f870587de2f479dbbda8-006926b6c7" "proxy-server 20" 0.0003 "-" 25 0
Nov 26 08:13:59 standalone proxy-server[130032]: 172.18.0.2 172.18.0.100 26/Nov/2025/08/13/59 GET /v1/AUTH_da08a65b703f4c80a14bf537805ad082/gnocchi.11fbfd89-cd7e-432d-a9e6-1cd1a4799e19/1763640000.0_mean_300.0_v3 HTTP/1.0 404 - python-swiftclient-3.11.1 gAAAAABpJraJ59gu... - 70 - tx4f870587de2f479dbbda8-006926b6c7 - 0.0061 - - 1764144839.478193998 1764144839.484336853 0
Nov 26 08:13:59 standalone container-server[127874]: 172.20.0.100 - - [26/Nov/2025:08:13:59 +0000] "PUT /d1/471/AUTH_da08a65b703f4c80a14bf537805ad082/gnocchi.11fbfd89-cd7e-432d-a9e6-1cd1a4799e19/1763640000.0_mean_300.0_v3" 201 - "PUT http://172.18.0.2:8080/d1/426/AUTH_da08a65b703f4c80a14bf537805ad082/gnocchi.11fbfd89-cd7e-432d-a9e6-1cd1a4799e19/1763640000.0_mean_300.0_v3" "txcdb25b3022354eef86f5f-006926b6c7" "object-server 23" 0.0006 "-" 23 0
Nov 26 08:13:59 standalone object-server[128128]: 172.20.0.100 - - [26/Nov/2025:08:13:59 +0000] "PUT /d1/426/AUTH_da08a65b703f4c80a14bf537805ad082/gnocchi.11fbfd89-cd7e-432d-a9e6-1cd1a4799e19/1763640000.0_mean_300.0_v3" 201 - "PUT http://172.18.0.2:8080/v1/AUTH_da08a65b703f4c80a14bf537805ad082/gnocchi.11fbfd89-cd7e-432d-a9e6-1cd1a4799e19/1763640000.0_mean_300.0_v3" "txcdb25b3022354eef86f5f-006926b6c7" "proxy-server 20" 0.0466 "-" 23 0
Nov 26 08:13:59 standalone proxy-server[130032]: 172.18.0.2 172.18.0.100 26/Nov/2025/08/13/59 PUT /v1/AUTH_da08a65b703f4c80a14bf537805ad082/gnocchi.11fbfd89-cd7e-432d-a9e6-1cd1a4799e19/1763640000.0_mean_300.0_v3 HTTP/1.0 201 - python-swiftclient-3.11.1 gAAAAABpJraJ59gu... 16 - - txcdb25b3022354eef86f5f-006926b6c7 - 0.0553 - - 1764144839.487654209 1764144839.542978287 0
Nov 26 08:13:59 standalone container-server[127862]: 172.20.0.100 - - [26/Nov/2025:08:13:59 +0000] "PUT /d1/471/AUTH_da08a65b703f4c80a14bf537805ad082/gnocchi.11fbfd89-cd7e-432d-a9e6-1cd1a4799e19/none_v3" 201 - "PUT http://172.18.0.2:8080/d1/263/AUTH_da08a65b703f4c80a14bf537805ad082/gnocchi.11fbfd89-cd7e-432d-a9e6-1cd1a4799e19/none_v3" "tx81b161010dbf49b0943f7-006926b6c7" "object-server 23" 0.0008 "-" 22 0
Nov 26 08:13:59 standalone object-server[128128]: 172.20.0.100 - - [26/Nov/2025:08:13:59 +0000] "PUT /d1/263/AUTH_da08a65b703f4c80a14bf537805ad082/gnocchi.11fbfd89-cd7e-432d-a9e6-1cd1a4799e19/none_v3" 201 - "PUT http://172.18.0.2:8080/v1/AUTH_da08a65b703f4c80a14bf537805ad082/gnocchi.11fbfd89-cd7e-432d-a9e6-1cd1a4799e19/none_v3" "tx81b161010dbf49b0943f7-006926b6c7" "proxy-server 20" 0.0231 "-" 23 0
Nov 26 08:13:59 standalone proxy-server[130032]: 172.18.0.2 172.18.0.100 26/Nov/2025/08/13/59 PUT /v1/AUTH_da08a65b703f4c80a14bf537805ad082/gnocchi.11fbfd89-cd7e-432d-a9e6-1cd1a4799e19/none_v3 HTTP/1.0 201 - python-swiftclient-3.11.1 gAAAAABpJraJ59gu... 22 - - tx81b161010dbf49b0943f7-006926b6c7 - 0.0290 - - 1764144839.546242476 1764144839.575227737 0
Nov 26 08:14:06 standalone container-server[127852]: 172.20.0.100 - - [26/Nov/2025:08:14:06 +0000] "HEAD /d1/109/AUTH_da08a65b703f4c80a14bf537805ad082/gnocchi.ae33646f-df1f-47c3-b382-d518ff0c25a9" 404 - "HEAD http://172.18.0.2:8080/v1/AUTH_da08a65b703f4c80a14bf537805ad082/gnocchi.ae33646f-df1f-47c3-b382-d518ff0c25a9?format=json&states=listing" "tx4fa6959557c7446cab938-006926b6ce" "proxy-server 20" 0.0008 "-" 20 0
Nov 26 08:14:06 standalone object-server[128133]: 172.20.0.100 - - [26/Nov/2025:08:14:06 +0000] "GET /d1/179/AUTH_da08a65b703f4c80a14bf537805ad082/gnocchi.ae33646f-df1f-47c3-b382-d518ff0c25a9/none_v3" 404 70 "GET http://172.18.0.2:8080/v1/AUTH_da08a65b703f4c80a14bf537805ad082/gnocchi.ae33646f-df1f-47c3-b382-d518ff0c25a9/none_v3" "tx4fa6959557c7446cab938-006926b6ce" "proxy-server 20" 0.0005 "-" 24 0
Nov 26 08:14:06 standalone proxy-server[130032]: 172.18.0.2 172.18.0.100 26/Nov/2025/08/14/06 GET /v1/AUTH_da08a65b703f4c80a14bf537805ad082/gnocchi.ae33646f-df1f-47c3-b382-d518ff0c25a9/none_v3 HTTP/1.0 404 - python-swiftclient-3.11.1 gAAAAABpJraJ59gu... - 70 - tx4fa6959557c7446cab938-006926b6ce - 0.0150 - - 1764144846.882623672 1764144846.897640944 0
Nov 26 08:14:06 standalone account-server[127855]: 172.20.0.100 - - [26/Nov/2025:08:14:06 +0000] "PUT /d1/746/AUTH_da08a65b703f4c80a14bf537805ad082/gnocchi.ae33646f-df1f-47c3-b382-d518ff0c25a9" 201 - "PUT http://172.20.0.100:6001/d1/109/AUTH_da08a65b703f4c80a14bf537805ad082/gnocchi.ae33646f-df1f-47c3-b382-d518ff0c25a9" "txbdafaa5b496641dea96d0-006926b6ce" "container-server 23" 0.0074 "-" 22 0
Nov 26 08:14:06 standalone container-server[127874]: 172.20.0.100 - - [26/Nov/2025:08:14:06 +0000] "PUT /d1/109/AUTH_da08a65b703f4c80a14bf537805ad082/gnocchi.ae33646f-df1f-47c3-b382-d518ff0c25a9" 201 - "PUT http://172.18.0.2:8080/v1/AUTH_da08a65b703f4c80a14bf537805ad082/gnocchi.ae33646f-df1f-47c3-b382-d518ff0c25a9" "txbdafaa5b496641dea96d0-006926b6ce" "proxy-server 20" 0.0216 "-" 23 0
Nov 26 08:14:06 standalone proxy-server[130032]: 172.18.0.2 172.18.0.100 26/Nov/2025/08/14/06 PUT /v1/AUTH_da08a65b703f4c80a14bf537805ad082/gnocchi.ae33646f-df1f-47c3-b382-d518ff0c25a9 HTTP/1.0 201 - python-swiftclient-3.11.1 gAAAAABpJraJ59gu... - - - txbdafaa5b496641dea96d0-006926b6ce - 0.0282 - - 1764144846.901168346 1764144846.929352045 0
Nov 26 08:14:06 standalone container-server[127852]: 172.20.0.100 - - [26/Nov/2025:08:14:06 +0000] "HEAD /d1/109/AUTH_da08a65b703f4c80a14bf537805ad082/gnocchi.ae33646f-df1f-47c3-b382-d518ff0c25a9" 204 - "HEAD http://172.18.0.2:8080/v1/AUTH_da08a65b703f4c80a14bf537805ad082/gnocchi.ae33646f-df1f-47c3-b382-d518ff0c25a9?format=json&states=listing" "txd76be8e3ec4a4e2d8f64a-006926b6ce" "proxy-server 20" 0.0021 "-" 20 0
Nov 26 08:14:06 standalone proxy-server[130032]: - - 26/Nov/2025/08/14/06 HEAD /v1/AUTH_da08a65b703f4c80a14bf537805ad082/gnocchi.ae33646f-df1f-47c3-b382-d518ff0c25a9%3Fformat%3Djson%26states%3Dlisting HTTP/1.0 204 - Swift - - - - txd76be8e3ec4a4e2d8f64a-006926b6ce - 0.0072 RL - 1764144846.935348511 1764144846.942551851 0
Nov 26 08:14:06 standalone container-server[127852]: 172.20.0.100 - - [26/Nov/2025:08:14:06 +0000] "GET /d1/109/AUTH_da08a65b703f4c80a14bf537805ad082/gnocchi.ae33646f-df1f-47c3-b382-d518ff0c25a9" 200 2 "GET http://172.18.0.2:8080/v1/AUTH_da08a65b703f4c80a14bf537805ad082/gnocchi.ae33646f-df1f-47c3-b382-d518ff0c25a9?format=json&states=listing" "txd76be8e3ec4a4e2d8f64a-006926b6ce" "proxy-server 20" 0.0031 "-" 20 0
Nov 26 08:14:06 standalone proxy-server[130032]: 172.18.0.2 172.18.0.100 26/Nov/2025/08/14/06 GET /v1/AUTH_da08a65b703f4c80a14bf537805ad082/gnocchi.ae33646f-df1f-47c3-b382-d518ff0c25a9%3Fformat%3Djson%26states%3Dlisting HTTP/1.0 200 - python-swiftclient-3.11.1 gAAAAABpJraJ59gu... - 2 - txd76be8e3ec4a4e2d8f64a-006926b6ce - 0.0205 - - 1764144846.933863163 1764144846.954400778 0
Nov 26 08:14:06 standalone object-server[128123]: 172.20.0.100 - - [26/Nov/2025:08:14:06 +0000] "GET /d1/68/AUTH_da08a65b703f4c80a14bf537805ad082/gnocchi.ae33646f-df1f-47c3-b382-d518ff0c25a9/1763640000.0_mean_300.0_v3" 404 70 "GET http://172.18.0.2:8080/v1/AUTH_da08a65b703f4c80a14bf537805ad082/gnocchi.ae33646f-df1f-47c3-b382-d518ff0c25a9/1763640000.0_mean_300.0_v3" "tx8dbc99341f854692a77f5-006926b6ce" "proxy-server 20" 0.0005 "-" 22 0
Nov 26 08:14:06 standalone proxy-server[130032]: 172.18.0.2 172.18.0.100 26/Nov/2025/08/14/06 GET /v1/AUTH_da08a65b703f4c80a14bf537805ad082/gnocchi.ae33646f-df1f-47c3-b382-d518ff0c25a9/1763640000.0_mean_300.0_v3 HTTP/1.0 404 - python-swiftclient-3.11.1 gAAAAABpJraJ59gu... - 70 - tx8dbc99341f854692a77f5-006926b6ce - 0.0093 - - 1764144846.960890293 1764144846.970199585 0
Nov 26 08:14:06 standalone container-server[127862]: 172.20.0.100 - - [26/Nov/2025:08:14:06 +0000] "PUT /d1/109/AUTH_da08a65b703f4c80a14bf537805ad082/gnocchi.ae33646f-df1f-47c3-b382-d518ff0c25a9/1763640000.0_mean_300.0_v3" 201 - "PUT http://172.18.0.2:8080/d1/68/AUTH_da08a65b703f4c80a14bf537805ad082/gnocchi.ae33646f-df1f-47c3-b382-d518ff0c25a9/1763640000.0_mean_300.0_v3" "txed005414cc554b988c746-006926b6ce" "object-server 25" 0.0010 "-" 22 0
Nov 26 08:14:06 standalone object-server[128134]: 172.20.0.100 - - [26/Nov/2025:08:14:06 +0000] "PUT /d1/68/AUTH_da08a65b703f4c80a14bf537805ad082/gnocchi.ae33646f-df1f-47c3-b382-d518ff0c25a9/1763640000.0_mean_300.0_v3" 201 - "PUT http://172.18.0.2:8080/v1/AUTH_da08a65b703f4c80a14bf537805ad082/gnocchi.ae33646f-df1f-47c3-b382-d518ff0c25a9/1763640000.0_mean_300.0_v3" "txed005414cc554b988c746-006926b6ce" "proxy-server 20" 0.0138 "-" 25 0
Nov 26 08:14:06 standalone proxy-server[130032]: 172.18.0.2 172.18.0.100 26/Nov/2025/08/14/06 PUT /v1/AUTH_da08a65b703f4c80a14bf537805ad082/gnocchi.ae33646f-df1f-47c3-b382-d518ff0c25a9/1763640000.0_mean_300.0_v3 HTTP/1.0 201 - python-swiftclient-3.11.1 gAAAAABpJraJ59gu... 16 - - txed005414cc554b988c746-006926b6ce - 0.0212 - - 1764144846.974970341 1764144846.996155024 0
Nov 26 08:14:07 standalone container-server[127852]: 172.20.0.100 - - [26/Nov/2025:08:14:07 +0000] "PUT /d1/109/AUTH_da08a65b703f4c80a14bf537805ad082/gnocchi.ae33646f-df1f-47c3-b382-d518ff0c25a9/none_v3" 201 - "PUT http://172.18.0.2:8080/d1/179/AUTH_da08a65b703f4c80a14bf537805ad082/gnocchi.ae33646f-df1f-47c3-b382-d518ff0c25a9/none_v3" "tx6fc57306bf754cbe8afd8-006926b6cf" "object-server 22" 0.0008 "-" 20 0
Nov 26 08:14:07 standalone object-server[128123]: 172.20.0.100 - - [26/Nov/2025:08:14:07 +0000] "PUT /d1/179/AUTH_da08a65b703f4c80a14bf537805ad082/gnocchi.ae33646f-df1f-47c3-b382-d518ff0c25a9/none_v3" 201 - "PUT http://172.18.0.2:8080/v1/AUTH_da08a65b703f4c80a14bf537805ad082/gnocchi.ae33646f-df1f-47c3-b382-d518ff0c25a9/none_v3" "tx6fc57306bf754cbe8afd8-006926b6cf" "proxy-server 20" 0.0129 "-" 22 0
Nov 26 08:14:07 standalone proxy-server[130032]: 172.18.0.2 172.18.0.100 26/Nov/2025/08/14/07 PUT /v1/AUTH_da08a65b703f4c80a14bf537805ad082/gnocchi.ae33646f-df1f-47c3-b382-d518ff0c25a9/none_v3 HTTP/1.0 201 - python-swiftclient-3.11.1 gAAAAABpJraJ59gu... 22 - - tx6fc57306bf754cbe8afd8-006926b6cf - 0.0213 - - 1764144847.000245810 1764144847.021575451 0
Nov 26 08:14:07 standalone container-server[127862]: 172.20.0.100 - - [26/Nov/2025:08:14:07 +0000] "HEAD /d1/521/AUTH_da08a65b703f4c80a14bf537805ad082/gnocchi.16447a2c-26ea-4e79-b85a-f28f99c60299" 404 - "HEAD http://172.18.0.2:8080/v1/AUTH_da08a65b703f4c80a14bf537805ad082/gnocchi.16447a2c-26ea-4e79-b85a-f28f99c60299?format=json&states=listing" "tx374ffe52dddd4fba9334f-006926b6cf" "proxy-server 20" 0.0004 "-" 22 0
Nov 26 08:14:07 standalone object-server[128128]: 172.20.0.100 - - [26/Nov/2025:08:14:07 +0000] "GET /d1/489/AUTH_da08a65b703f4c80a14bf537805ad082/gnocchi.16447a2c-26ea-4e79-b85a-f28f99c60299/none_v3" 404 70 "GET http://172.18.0.2:8080/v1/AUTH_da08a65b703f4c80a14bf537805ad082/gnocchi.16447a2c-26ea-4e79-b85a-f28f99c60299/none_v3" "tx374ffe52dddd4fba9334f-006926b6cf" "proxy-server 20" 0.0004 "-" 23 0
Nov 26 08:14:07 standalone proxy-server[130032]: 172.18.0.2 172.18.0.100 26/Nov/2025/08/14/07 GET /v1/AUTH_da08a65b703f4c80a14bf537805ad082/gnocchi.16447a2c-26ea-4e79-b85a-f28f99c60299/none_v3 HTTP/1.0 404 - python-swiftclient-3.11.1 gAAAAABpJraJ59gu... - 70 - tx374ffe52dddd4fba9334f-006926b6cf - 0.0118 - - 1764144847.034537554 1764144847.046354771 0
Nov 26 08:14:07 standalone account-server[127853]: 172.20.0.100 - - [26/Nov/2025:08:14:07 +0000] "PUT /d1/746/AUTH_da08a65b703f4c80a14bf537805ad082/gnocchi.16447a2c-26ea-4e79-b85a-f28f99c60299" 201 - "PUT http://172.20.0.100:6001/d1/521/AUTH_da08a65b703f4c80a14bf537805ad082/gnocchi.16447a2c-26ea-4e79-b85a-f28f99c60299" "tx9124cc6c51194860b490a-006926b6cf" "container-server 20" 0.0270 "-" 21 0
Nov 26 08:14:07 standalone container-server[127852]: 172.20.0.100 - - [26/Nov/2025:08:14:07 +0000] "PUT /d1/521/AUTH_da08a65b703f4c80a14bf537805ad082/gnocchi.16447a2c-26ea-4e79-b85a-f28f99c60299" 201 - "PUT http://172.18.0.2:8080/v1/AUTH_da08a65b703f4c80a14bf537805ad082/gnocchi.16447a2c-26ea-4e79-b85a-f28f99c60299" "tx9124cc6c51194860b490a-006926b6cf" "proxy-server 20" 0.0430 "-" 20 0
Nov 26 08:14:07 standalone proxy-server[130032]: 172.18.0.2 172.18.0.100 26/Nov/2025/08/14/07 PUT /v1/AUTH_da08a65b703f4c80a14bf537805ad082/gnocchi.16447a2c-26ea-4e79-b85a-f28f99c60299 HTTP/1.0 201 - python-swiftclient-3.11.1 gAAAAABpJraJ59gu... - - - tx9124cc6c51194860b490a-006926b6cf - 0.0516 - - 1764144847.050700903 1764144847.102326870 0
Nov 26 08:14:07 standalone container-server[127854]: 172.20.0.100 - - [26/Nov/2025:08:14:07 +0000] "HEAD /d1/521/AUTH_da08a65b703f4c80a14bf537805ad082/gnocchi.16447a2c-26ea-4e79-b85a-f28f99c60299" 204 - "HEAD http://172.18.0.2:8080/v1/AUTH_da08a65b703f4c80a14bf537805ad082/gnocchi.16447a2c-26ea-4e79-b85a-f28f99c60299?format=json&states=listing" "txb97e935d46434c0eb1415-006926b6cf" "proxy-server 20" 0.0013 "-" 21 0
Nov 26 08:14:07 standalone proxy-server[130032]: - - 26/Nov/2025/08/14/07 HEAD /v1/AUTH_da08a65b703f4c80a14bf537805ad082/gnocchi.16447a2c-26ea-4e79-b85a-f28f99c60299%3Fformat%3Djson%26states%3Dlisting HTTP/1.0 204 - Swift - - - - txb97e935d46434c0eb1415-006926b6cf - 0.0047 RL - 1764144847.107193947 1764144847.111850262 0
Nov 26 08:14:07 standalone container-server[127862]: 172.20.0.100 - - [26/Nov/2025:08:14:07 +0000] "GET /d1/521/AUTH_da08a65b703f4c80a14bf537805ad082/gnocchi.16447a2c-26ea-4e79-b85a-f28f99c60299" 200 2 "GET http://172.18.0.2:8080/v1/AUTH_da08a65b703f4c80a14bf537805ad082/gnocchi.16447a2c-26ea-4e79-b85a-f28f99c60299?format=json&states=listing" "txb97e935d46434c0eb1415-006926b6cf" "proxy-server 20" 0.0017 "-" 22 0
Nov 26 08:14:07 standalone proxy-server[130032]: 172.18.0.2 172.18.0.100 26/Nov/2025/08/14/07 GET /v1/AUTH_da08a65b703f4c80a14bf537805ad082/gnocchi.16447a2c-26ea-4e79-b85a-f28f99c60299%3Fformat%3Djson%26states%3Dlisting HTTP/1.0 200 - python-swiftclient-3.11.1 gAAAAABpJraJ59gu... - 2 - txb97e935d46434c0eb1415-006926b6cf - 0.0136 - - 1764144847.106075048 1764144847.119709015 0
Nov 26 08:14:07 standalone object-server[128128]: 172.20.0.100 - - [26/Nov/2025:08:14:07 +0000] "GET /d1/846/AUTH_da08a65b703f4c80a14bf537805ad082/gnocchi.16447a2c-26ea-4e79-b85a-f28f99c60299/1763640000.0_mean_300.0_v3" 404 70 "GET http://172.18.0.2:8080/v1/AUTH_da08a65b703f4c80a14bf537805ad082/gnocchi.16447a2c-26ea-4e79-b85a-f28f99c60299/1763640000.0_mean_300.0_v3" "tx02617eed5e0f48dea1dd9-006926b6cf" "proxy-server 20" 0.0004 "-" 23 0
Nov 26 08:14:07 standalone proxy-server[130032]: 172.18.0.2 172.18.0.100 26/Nov/2025/08/14/07 GET /v1/AUTH_da08a65b703f4c80a14bf537805ad082/gnocchi.16447a2c-26ea-4e79-b85a-f28f99c60299/1763640000.0_mean_300.0_v3 HTTP/1.0 404 - python-swiftclient-3.11.1 gAAAAABpJraJ59gu... - 70 - tx02617eed5e0f48dea1dd9-006926b6cf - 0.0527 - - 1764144847.123649836 1764144847.176390409 0
Nov 26 08:14:07 standalone container-server[127852]: 172.20.0.100 - - [26/Nov/2025:08:14:07 +0000] "PUT /d1/521/AUTH_da08a65b703f4c80a14bf537805ad082/gnocchi.16447a2c-26ea-4e79-b85a-f28f99c60299/1763640000.0_mean_300.0_v3" 201 - "PUT http://172.18.0.2:8080/d1/846/AUTH_da08a65b703f4c80a14bf537805ad082/gnocchi.16447a2c-26ea-4e79-b85a-f28f99c60299/1763640000.0_mean_300.0_v3" "txc968c927a9ec44468138f-006926b6cf" "object-server 22" 0.0007 "-" 20 0
Nov 26 08:14:07 standalone object-server[128123]: 172.20.0.100 - - [26/Nov/2025:08:14:07 +0000] "PUT /d1/846/AUTH_da08a65b703f4c80a14bf537805ad082/gnocchi.16447a2c-26ea-4e79-b85a-f28f99c60299/1763640000.0_mean_300.0_v3" 201 - "PUT http://172.18.0.2:8080/v1/AUTH_da08a65b703f4c80a14bf537805ad082/gnocchi.16447a2c-26ea-4e79-b85a-f28f99c60299/1763640000.0_mean_300.0_v3" "txc968c927a9ec44468138f-006926b6cf" "proxy-server 20" 0.0183 "-" 22 0
Nov 26 08:14:07 standalone proxy-server[130032]: 172.18.0.2 172.18.0.100 26/Nov/2025/08/14/07 PUT /v1/AUTH_da08a65b703f4c80a14bf537805ad082/gnocchi.16447a2c-26ea-4e79-b85a-f28f99c60299/1763640000.0_mean_300.0_v3 HTTP/1.0 201 - python-swiftclient-3.11.1 gAAAAABpJraJ59gu... 16 - - txc968c927a9ec44468138f-006926b6cf - 0.0269 - - 1764144847.180024624 1764144847.206949711 0
