Jan 21 15:42:27 standalone account-server[122680]: Starting 2
Jan 21 15:42:28 standalone container-server[122759]: Option allow_versions is deprecated. Configure the versioned_writes middleware in the proxy-server instead. This option will be ignored in a future release.
Jan 21 15:42:28 standalone container-server[123026]: Option allow_versions is deprecated. Configure the versioned_writes middleware in the proxy-server instead. This option will be ignored in a future release.
Jan 21 15:42:28 standalone container-server[122759]: Started child 20 from parent 2
Jan 21 15:42:28 standalone container-server[123038]: Option allow_versions is deprecated. Configure the versioned_writes middleware in the proxy-server instead. This option will be ignored in a future release.
Jan 21 15:42:28 standalone container-server[122759]: Started child 21 from parent 2
Jan 21 15:42:28 standalone container-server[123044]: Option allow_versions is deprecated. Configure the versioned_writes middleware in the proxy-server instead. This option will be ignored in a future release.
Jan 21 15:42:28 standalone container-server[122759]: Started child 22 from parent 2
Jan 21 15:42:28 standalone container-server[123045]: Option allow_versions is deprecated. Configure the versioned_writes middleware in the proxy-server instead. This option will be ignored in a future release.
Jan 21 15:42:28 standalone container-server[122759]: Started child 23 from parent 2
Jan 21 15:42:28 standalone container-server[122915]: Starting 2
Jan 21 15:42:28 standalone account-server[122754]: Started child 20 from parent 2
Jan 21 15:42:28 standalone account-server[122754]: Started child 21 from parent 2
Jan 21 15:42:28 standalone account-server[122754]: Started child 22 from parent 2
Jan 21 15:42:28 standalone account-server[122754]: Started child 23 from parent 2
Jan 21 15:42:28 standalone object-expirer[123027]: Starting 2
Jan 21 15:42:28 standalone object-expirer[123027]: Option auto_create_account_prefix is deprecated. Configure auto_create_account_prefix under the swift-constraints section of swift.conf. This option will be ignored in a future release.
Jan 21 15:42:29 standalone object-server[123127]: Starting 2
Jan 21 15:42:29 standalone object-server[123117]: Started child 21 from parent 2
Jan 21 15:42:29 standalone object-server[123117]: Started child 22 from parent 2
Jan 21 15:42:29 standalone object-server[123117]: Started child 23 from parent 2
Jan 21 15:42:29 standalone object-server[123117]: Started child 25 from parent 2
Jan 21 15:42:32 standalone container-server[122915]: Begin container update sweep
Jan 21 15:42:32 standalone container-server[122915]: Container update sweep completed: 0.00s
Jan 21 15:42:35 standalone proxy-server[125086]: Starting Keystone auth_token middleware
Jan 21 15:42:35 standalone proxy-server[125086]: AuthToken middleware is set with keystone_authtoken.service_token_roles_required set to False. This is backwards compatible but deprecated behaviour. Please set this to True.
Jan 21 15:42:35 standalone proxy-server[125188]: Starting Keystone auth_token middleware
Jan 21 15:42:35 standalone proxy-server[125188]: STDERR: The option "bind_port" is not known to keystonemiddleware
Jan 21 15:42:35 standalone proxy-server[125188]: STDERR: The option "workers" is not known to keystonemiddleware
Jan 21 15:42:35 standalone proxy-server[125188]: STDERR: The option "user" is not known to keystonemiddleware
Jan 21 15:42:35 standalone proxy-server[125188]: STDERR: The option "bind_ip" is not known to keystonemiddleware
Jan 21 15:42:35 standalone proxy-server[125188]: STDERR: The option "log_name" is not known to keystonemiddleware
Jan 21 15:42:35 standalone proxy-server[125188]: STDERR: The option "log_facility" is not known to keystonemiddleware
Jan 21 15:42:35 standalone proxy-server[125188]: STDERR: The option "log_level" is not known to keystonemiddleware
Jan 21 15:42:35 standalone proxy-server[125188]: STDERR: The option "log_headers" is not known to keystonemiddleware
Jan 21 15:42:35 standalone proxy-server[125188]: STDERR: The option "log_address" is not known to keystonemiddleware
Jan 21 15:42:35 standalone proxy-server[125188]: STDERR: The option "project_name" is not known to keystonemiddleware
Jan 21 15:42:35 standalone proxy-server[125188]: STDERR: The option "username" is not known to keystonemiddleware
Jan 21 15:42:35 standalone proxy-server[125188]: STDERR: The option "password" is not known to keystonemiddleware
Jan 21 15:42:35 standalone proxy-server[125188]: STDERR: The option "auth_url" is not known to keystonemiddleware
Jan 21 15:42:35 standalone proxy-server[125188]: STDERR: The option "signing_dir" is not known to keystonemiddleware
Jan 21 15:42:35 standalone proxy-server[125188]: STDERR: The option "project_domain_id" is not known to keystonemiddleware
Jan 21 15:42:35 standalone proxy-server[125188]: STDERR: The option "user_domain_id" is not known to keystonemiddleware
Jan 21 15:42:35 standalone proxy-server[125188]: STDERR: The option "__name__" is not known to keystonemiddleware
Jan 21 15:42:35 standalone proxy-server[125188]: AuthToken middleware is set with keystone_authtoken.service_token_roles_required set to False. This is backwards compatible but deprecated behaviour. Please set this to True.
Jan 21 15:42:35 standalone proxy-server[125086]: Started child 21 from parent 2
Jan 21 15:43:32 standalone object-server[123127]: Begin object update sweep
Jan 21 15:43:32 standalone object-server[131713]: Object update sweep starting on /srv/node/d1 (pid: 11)
Jan 21 15:43:32 standalone object-server[131713]: Object update sweep completed on /srv/node/d1 in 0.00s seconds:, 0 successes, 0 failures, 0 quarantines, 0 unlinks, 0 errors, 0 redirects (pid: 11)
Jan 21 15:43:32 standalone object-server[131713]: Object update sweep of d1 completed: 0.00s, 0 successes, 0 failures, 0 quarantines, 0 unlinks, 0 errors, 0 redirects
Jan 21 15:43:32 standalone object-server[123127]: Object update sweep completed: 0.09s
Jan 21 15:44:44 standalone account-server[123107]: 172.20.0.100 - - [21/Jan/2026:15:44:44 +0000] "HEAD /d1/17/.expiring_objects" 404 - "HEAD http://localhost/v1/.expiring_objects?format=json" "tx063d70d9ef8f4163b22f0-006970f46c" "proxy-server 2" 0.0017 "-" 23 -
Jan 21 15:44:44 standalone object-expirer[123027]: Pass completed in 0s; 0 objects expired (txn: tx063d70d9ef8f4163b22f0-006970f46c)
Jan 21 15:47:32 standalone container-server[122915]: Begin container update sweep
Jan 21 15:47:32 standalone container-server[122915]: Container update sweep completed: 0.00s
Jan 21 15:48:32 standalone object-server[123127]: Begin object update sweep
Jan 21 15:48:32 standalone object-server[166683]: Object update sweep starting on /srv/node/d1 (pid: 13)
Jan 21 15:48:32 standalone object-server[166683]: Object update sweep completed on /srv/node/d1 in 0.00s seconds:, 0 successes, 0 failures, 0 quarantines, 0 unlinks, 0 errors, 0 redirects (pid: 13)
Jan 21 15:48:32 standalone object-server[166683]: Object update sweep of d1 completed: 0.00s, 0 successes, 0 failures, 0 quarantines, 0 unlinks, 0 errors, 0 redirects
Jan 21 15:48:33 standalone object-server[123127]: Object update sweep completed: 0.08s
Jan 21 15:49:05 standalone account-server[123106]: 172.20.0.100 - - [21/Jan/2026:15:49:05 +0000] "HEAD /d1/192/AUTH_7f305f5e72d84f90904cd16f69197ce6" 404 - "HEAD http://localhost:8080/v1/AUTH_7f305f5e72d84f90904cd16f69197ce6?format=json" "tx916f31231c3e4d2899afd-006970f571" "proxy-server 21" 0.0016 "-" 22 -
Jan 21 15:49:05 standalone proxy-server[125188]: - - 21/Jan/2026/15/49/05 HEAD /v1/AUTH_7f305f5e72d84f90904cd16f69197ce6%3Fformat%3Djson HTTP/1.0 200 - Swift - - - - tx916f31231c3e4d2899afd-006970f571 - 0.0065 RL - 1769010545.578514099 1769010545.584990501 -
Jan 21 15:49:06 standalone proxy-server[125188]: 172.18.0.2 ::1 21/Jan/2026/15/49/06 HEAD /v1/AUTH_7f305f5e72d84f90904cd16f69197ce6/glance%3Fformat%3Djson HTTP/1.0 404 - python-swiftclient-3.11.1 gAAAAABpcPVx2CCv... - - - tx916f31231c3e4d2899afd-006970f571 - 0.4901 - - 1769010545.573669672 1769010546.063793659 -
Jan 21 15:49:06 standalone account-server[123101]: 172.20.0.100 - - [21/Jan/2026:15:49:06 +0000] "PUT /d1/192/AUTH_7f305f5e72d84f90904cd16f69197ce6" 201 - "-" "tx4a9cf41a806845e2af374-006970f572" "-" 0.0141 "-" 20 -
Jan 21 15:49:06 standalone proxy-server[125188]: autocreate account '/AUTH_7f305f5e72d84f90904cd16f69197ce6' (txn: tx4a9cf41a806845e2af374-006970f572)
Jan 21 15:49:06 standalone account-server[123106]: 172.20.0.100 - - [21/Jan/2026:15:49:06 +0000] "HEAD /d1/192/AUTH_7f305f5e72d84f90904cd16f69197ce6" 204 - "HEAD http://localhost:8080/v1/AUTH_7f305f5e72d84f90904cd16f69197ce6?format=json" "tx4a9cf41a806845e2af374-006970f572" "proxy-server 21" 0.0017 "-" 22 -
Jan 21 15:49:06 standalone account-server[123102]: 172.20.0.100 - - [21/Jan/2026:15:49:06 +0000] "PUT /d1/192/AUTH_7f305f5e72d84f90904cd16f69197ce6/glance" 201 - "PUT http://172.20.0.100:6001/d1/634/AUTH_7f305f5e72d84f90904cd16f69197ce6/glance" "tx4a9cf41a806845e2af374-006970f572" "container-server 22" 0.0027 "-" 21 0
Jan 21 15:49:06 standalone container-server[123044]: 172.20.0.100 - - [21/Jan/2026:15:49:06 +0000] "PUT /d1/634/AUTH_7f305f5e72d84f90904cd16f69197ce6/glance" 201 - "PUT http://localhost:8080/v1/AUTH_7f305f5e72d84f90904cd16f69197ce6/glance" "tx4a9cf41a806845e2af374-006970f572" "proxy-server 21" 0.0259 "-" 22 0
Jan 21 15:49:06 standalone proxy-server[125188]: 172.18.0.2 ::1 21/Jan/2026/15/49/06 PUT /v1/AUTH_7f305f5e72d84f90904cd16f69197ce6/glance HTTP/1.0 201 - python-swiftclient-3.11.1 gAAAAABpcPVx2CCv... - - - tx4a9cf41a806845e2af374-006970f572 - 0.0680 - - 1769010546.071368217 1769010546.139350176 0
Jan 21 15:49:06 standalone container-server[123038]: 172.20.0.100 - - [21/Jan/2026:15:49:06 +0000] "HEAD /d1/634/AUTH_7f305f5e72d84f90904cd16f69197ce6/glance" 204 - "HEAD http://localhost:8080/v1/AUTH_7f305f5e72d84f90904cd16f69197ce6/glance?format=json&states=listing" "txe1725c9e315446a7b2f04-006970f572" "proxy-server 21" 0.0043 "-" 21 0
Jan 21 15:49:06 standalone proxy-server[125188]: - - 21/Jan/2026/15/49/06 HEAD /v1/AUTH_7f305f5e72d84f90904cd16f69197ce6/glance%3Fformat%3Djson%26states%3Dlisting HTTP/1.0 204 - Swift - - - - txe1725c9e315446a7b2f04-006970f572 - 0.0181 RL - 1769010546.150135040 1769010546.168277025 0
Jan 21 15:49:25 standalone container-server[123045]: 172.20.0.100 - - [21/Jan/2026:15:49:25 +0000] "PUT /d1/634/AUTH_7f305f5e72d84f90904cd16f69197ce6/glance/5f105053-074b-4d96-a300-a3148becebfa" 201 - "PUT http://localhost:8080/d1/507/AUTH_7f305f5e72d84f90904cd16f69197ce6/glance/5f105053-074b-4d96-a300-a3148becebfa" "txe1725c9e315446a7b2f04-006970f572" "object-server 22" 0.0015 "-" 23 0
Jan 21 15:49:25 standalone object-server[123219]: 172.20.0.100 - - [21/Jan/2026:15:49:25 +0000] "PUT /d1/507/AUTH_7f305f5e72d84f90904cd16f69197ce6/glance/5f105053-074b-4d96-a300-a3148becebfa" 201 - "PUT http://localhost:8080/v1/AUTH_7f305f5e72d84f90904cd16f69197ce6/glance/5f105053-074b-4d96-a300-a3148becebfa" "txe1725c9e315446a7b2f04-006970f572" "proxy-server 21" 19.7414 "-" 22 0
Jan 21 15:49:25 standalone proxy-server[125188]: 172.18.0.2 ::1 21/Jan/2026/15/49/25 PUT /v1/AUTH_7f305f5e72d84f90904cd16f69197ce6/glance/5f105053-074b-4d96-a300-a3148becebfa HTTP/1.0 201 - python-swiftclient-3.11.1 gAAAAABpcPVx2CCv... 1472724992 - - txe1725c9e315446a7b2f04-006970f572 - 19.7701 - - 1769010546.148331404 1769010565.918434858 0
Jan 21 15:49:29 standalone account-server[123106]: 172.20.0.100 - - [21/Jan/2026:15:49:29 +0000] "HEAD /d1/17/.expiring_objects" 404 - "HEAD http://localhost/v1/.expiring_objects?format=json" "tx5cd26b9238434f70861ff-006970f589" "proxy-server 2" 0.0005 "-" 22 -
Jan 21 15:49:29 standalone object-expirer[123027]: Pass completed in 0s; 0 objects expired (txn: tx5cd26b9238434f70861ff-006970f589)
Jan 21 15:49:50 standalone account-server[123107]: 172.20.0.100 - - [21/Jan/2026:15:49:50 +0000] "HEAD /d1/17/.expiring_objects" 404 - "HEAD http://localhost/v1/.expiring_objects?format=json" "txa298f12b5d8c48afa8c5f-006970f59e" "proxy-server 2" 0.0007 "-" 23 -
Jan 21 15:49:50 standalone object-expirer[123027]: Pass completed in 0s; 0 objects expired (txn: txa298f12b5d8c48afa8c5f-006970f59e)
Jan 21 15:52:06 standalone account-server[123101]: 172.20.0.100 - - [21/Jan/2026:15:52:06 +0000] "HEAD /d1/17/.expiring_objects" 404 - "HEAD http://localhost/v1/.expiring_objects?format=json" "tx274723d24f98484f8134f-006970f626" "proxy-server 2" 0.0011 "-" 20 -
Jan 21 15:52:06 standalone object-expirer[123027]: Pass completed in 0s; 0 objects expired (txn: tx274723d24f98484f8134f-006970f626)
Jan 21 15:52:32 standalone container-server[122915]: Begin container update sweep
Jan 21 15:52:32 standalone account-server[123102]: 172.20.0.100 - - [21/Jan/2026:15:52:32 +0000] "PUT /d1/192/AUTH_7f305f5e72d84f90904cd16f69197ce6/glance" 201 - "-" "-" "container-updater 2" 0.0010 "-" 21 0
Jan 21 15:52:32 standalone container-server[122915]: Container update sweep completed: 0.12s
Jan 21 15:53:33 standalone object-server[123127]: Begin object update sweep
Jan 21 15:53:33 standalone object-server[204465]: Object update sweep starting on /srv/node/d1 (pid: 14)
Jan 21 15:53:33 standalone object-server[204465]: Object update sweep completed on /srv/node/d1 in 0.00s seconds:, 0 successes, 0 failures, 0 quarantines, 0 unlinks, 0 errors, 0 redirects (pid: 14)
Jan 21 15:53:33 standalone object-server[204465]: Object update sweep of d1 completed: 0.00s, 0 successes, 0 failures, 0 quarantines, 0 unlinks, 0 errors, 0 redirects
Jan 21 15:53:33 standalone object-server[123127]: Object update sweep completed: 0.08s
Jan 21 15:54:15 standalone account-server[123102]: 172.20.0.100 - - [21/Jan/2026:15:54:15 +0000] "HEAD /d1/192/AUTH_7f305f5e72d84f90904cd16f69197ce6" 204 - "HEAD http://localhost:8080/v1/AUTH_7f305f5e72d84f90904cd16f69197ce6?format=json" "txf73b993f48bb4113a0e5a-006970f6a7" "proxy-server 21" 0.0063 "-" 21 -
Jan 21 15:54:15 standalone proxy-server[125188]: - - 21/Jan/2026/15/54/15 HEAD /v1/AUTH_7f305f5e72d84f90904cd16f69197ce6%3Fformat%3Djson HTTP/1.0 204 - Swift - - - - txf73b993f48bb4113a0e5a-006970f6a7 - 0.0101 RL - 1769010855.384159088 1769010855.394259930 -
Jan 21 15:54:15 standalone container-server[123038]: 172.20.0.100 - - [21/Jan/2026:15:54:15 +0000] "HEAD /d1/634/AUTH_7f305f5e72d84f90904cd16f69197ce6/glance" 204 - "HEAD http://localhost:8080/v1/AUTH_7f305f5e72d84f90904cd16f69197ce6/glance?format=json&states=listing" "txf73b993f48bb4113a0e5a-006970f6a7" "proxy-server 21" 0.0023 "-" 21 0
Jan 21 15:54:15 standalone proxy-server[125188]: 172.18.0.2 ::1 21/Jan/2026/15/54/15 HEAD /v1/AUTH_7f305f5e72d84f90904cd16f69197ce6/glance%3Fformat%3Djson%26states%3Dlisting HTTP/1.0 204 - python-swiftclient-3.11.1 gAAAAABpcPanFKD6... - - - txf73b993f48bb4113a0e5a-006970f6a7 - 0.0758 - - 1769010855.383326292 1769010855.459114075 0
Jan 21 15:54:18 standalone container-server[123044]: 172.20.0.100 - - [21/Jan/2026:15:54:18 +0000] "PUT /d1/634/AUTH_7f305f5e72d84f90904cd16f69197ce6/glance/b6581d7a-812f-443b-8682-43724506d86f-00001" 201 - "PUT http://localhost:8080/d1/205/AUTH_7f305f5e72d84f90904cd16f69197ce6/glance/b6581d7a-812f-443b-8682-43724506d86f-00001" "txfbdc42547c514350a47b6-006970f6a7" "object-server 23" 0.0022 "-" 22 0
Jan 21 15:54:18 standalone object-server[123220]: 172.20.0.100 - - [21/Jan/2026:15:54:18 +0000] "PUT /d1/205/AUTH_7f305f5e72d84f90904cd16f69197ce6/glance/b6581d7a-812f-443b-8682-43724506d86f-00001" 201 - "PUT http://localhost:8080/v1/AUTH_7f305f5e72d84f90904cd16f69197ce6/glance/b6581d7a-812f-443b-8682-43724506d86f-00001" "txfbdc42547c514350a47b6-006970f6a7" "proxy-server 21" 3.2841 "-" 23 0
Jan 21 15:54:18 standalone proxy-server[125188]: 172.18.0.2 ::1 21/Jan/2026/15/54/18 PUT /v1/AUTH_7f305f5e72d84f90904cd16f69197ce6/glance/b6581d7a-812f-443b-8682-43724506d86f-00001 HTTP/1.0 201 - python-swiftclient-3.11.1 gAAAAABpcPanFKD6... 21692416 - - txfbdc42547c514350a47b6-006970f6a7 - 3.3022 - - 1769010855.465651035 1769010858.767855883 0
Jan 21 15:54:18 standalone container-server[123038]: 172.20.0.100 - - [21/Jan/2026:15:54:18 +0000] "PUT /d1/634/AUTH_7f305f5e72d84f90904cd16f69197ce6/glance/b6581d7a-812f-443b-8682-43724506d86f" 201 - "PUT http://localhost:8080/d1/475/AUTH_7f305f5e72d84f90904cd16f69197ce6/glance/b6581d7a-812f-443b-8682-43724506d86f" "tx3dbcc7c794f649c78d2d6-006970f6aa" "object-server 22" 0.0008 "-" 21 0
Jan 21 15:54:18 standalone object-server[123219]: 172.20.0.100 - - [21/Jan/2026:15:54:18 +0000] "PUT /d1/475/AUTH_7f305f5e72d84f90904cd16f69197ce6/glance/b6581d7a-812f-443b-8682-43724506d86f" 201 - "PUT http://localhost:8080/v1/AUTH_7f305f5e72d84f90904cd16f69197ce6/glance/b6581d7a-812f-443b-8682-43724506d86f" "tx3dbcc7c794f649c78d2d6-006970f6aa" "proxy-server 21" 0.0102 "-" 22 0
Jan 21 15:54:18 standalone proxy-server[125188]: 172.18.0.2 ::1 21/Jan/2026/15/54/18 PUT /v1/AUTH_7f305f5e72d84f90904cd16f69197ce6/glance/b6581d7a-812f-443b-8682-43724506d86f HTTP/1.0 201 - python-swiftclient-3.11.1 gAAAAABpcPanFKD6... - - - tx3dbcc7c794f649c78d2d6-006970f6aa - 0.0159 - - 1769010858.774451733 1769010858.790323496 0
Jan 21 15:54:19 standalone container-server[123045]: 172.20.0.100 - - [21/Jan/2026:15:54:19 +0000] "HEAD /d1/10/AUTH_7f305f5e72d84f90904cd16f69197ce6/gnocchi.00af1ce8-8100-4f76-8fc8-d208d8db33e5" 404 - "HEAD http://localhost:8080/v1/AUTH_7f305f5e72d84f90904cd16f69197ce6/gnocchi.00af1ce8-8100-4f76-8fc8-d208d8db33e5?format=json&states=listing" "tx43ed69ec395140f9a082f-006970f6ab" "proxy-server 21" 0.0008 "-" 23 0
Jan 21 15:54:19 standalone object-server[123220]: 172.20.0.100 - - [21/Jan/2026:15:54:19 +0000] "GET /d1/246/AUTH_7f305f5e72d84f90904cd16f69197ce6/gnocchi.00af1ce8-8100-4f76-8fc8-d208d8db33e5/none_v3" 404 70 "GET http://localhost:8080/v1/AUTH_7f305f5e72d84f90904cd16f69197ce6/gnocchi.00af1ce8-8100-4f76-8fc8-d208d8db33e5/none_v3" "tx43ed69ec395140f9a082f-006970f6ab" "proxy-server 21" 0.0010 "-" 23 0
Jan 21 15:54:19 standalone proxy-server[125188]: 172.18.0.2 ::1 21/Jan/2026/15/54/19 GET /v1/AUTH_7f305f5e72d84f90904cd16f69197ce6/gnocchi.00af1ce8-8100-4f76-8fc8-d208d8db33e5/none_v3 HTTP/1.0 404 - python-swiftclient-3.11.1 gAAAAABpcPar4bVV... - 70 - tx43ed69ec395140f9a082f-006970f6ab - 0.0349 - - 1769010859.462750912 1769010859.497693539 0
Jan 21 15:54:19 standalone account-server[123107]: 172.20.0.100 - - [21/Jan/2026:15:54:19 +0000] "PUT /d1/192/AUTH_7f305f5e72d84f90904cd16f69197ce6/gnocchi.00af1ce8-8100-4f76-8fc8-d208d8db33e5" 201 - "PUT http://172.20.0.100:6001/d1/10/AUTH_7f305f5e72d84f90904cd16f69197ce6/gnocchi.00af1ce8-8100-4f76-8fc8-d208d8db33e5" "tx1766cc830e74471ca6093-006970f6ab" "container-server 20" 0.0035 "-" 23 0
Jan 21 15:54:19 standalone container-server[123026]: 172.20.0.100 - - [21/Jan/2026:15:54:19 +0000] "PUT /d1/10/AUTH_7f305f5e72d84f90904cd16f69197ce6/gnocchi.00af1ce8-8100-4f76-8fc8-d208d8db33e5" 201 - "PUT http://localhost:8080/v1/AUTH_7f305f5e72d84f90904cd16f69197ce6/gnocchi.00af1ce8-8100-4f76-8fc8-d208d8db33e5" "tx1766cc830e74471ca6093-006970f6ab" "proxy-server 21" 0.0156 "-" 20 0
Jan 21 15:54:19 standalone proxy-server[125188]: 172.18.0.2 ::1 21/Jan/2026/15/54/19 PUT /v1/AUTH_7f305f5e72d84f90904cd16f69197ce6/gnocchi.00af1ce8-8100-4f76-8fc8-d208d8db33e5 HTTP/1.0 201 - python-swiftclient-3.11.1 gAAAAABpcPar4bVV... - - - tx1766cc830e74471ca6093-006970f6ab - 0.0198 - - 1769010859.500979900 1769010859.520755768 0
Jan 21 15:54:19 standalone container-server[123026]: 172.20.0.100 - - [21/Jan/2026:15:54:19 +0000] "HEAD /d1/10/AUTH_7f305f5e72d84f90904cd16f69197ce6/gnocchi.00af1ce8-8100-4f76-8fc8-d208d8db33e5" 204 - "HEAD http://localhost:8080/v1/AUTH_7f305f5e72d84f90904cd16f69197ce6/gnocchi.00af1ce8-8100-4f76-8fc8-d208d8db33e5?format=json&states=listing" "tx41304bcd39894c0989807-006970f6ab" "proxy-server 21" 0.0015 "-" 20 0
Jan 21 15:54:19 standalone proxy-server[125188]: - - 21/Jan/2026/15/54/19 HEAD /v1/AUTH_7f305f5e72d84f90904cd16f69197ce6/gnocchi.00af1ce8-8100-4f76-8fc8-d208d8db33e5%3Fformat%3Djson%26states%3Dlisting HTTP/1.0 204 - Swift - - - - tx41304bcd39894c0989807-006970f6ab - 0.0048 RL - 1769010859.525799990 1769010859.530576229 0
Jan 21 15:54:19 standalone container-server[123026]: 172.20.0.100 - - [21/Jan/2026:15:54:19 +0000] "GET /d1/10/AUTH_7f305f5e72d84f90904cd16f69197ce6/gnocchi.00af1ce8-8100-4f76-8fc8-d208d8db33e5" 200 2 "GET http://localhost:8080/v1/AUTH_7f305f5e72d84f90904cd16f69197ce6/gnocchi.00af1ce8-8100-4f76-8fc8-d208d8db33e5?format=json&states=listing" "tx41304bcd39894c0989807-006970f6ab" "proxy-server 21" 0.0019 "-" 20 0
Jan 21 15:54:19 standalone proxy-server[125188]: 172.18.0.2 ::1 21/Jan/2026/15/54/19 GET /v1/AUTH_7f305f5e72d84f90904cd16f69197ce6/gnocchi.00af1ce8-8100-4f76-8fc8-d208d8db33e5%3Fformat%3Djson%26states%3Dlisting HTTP/1.0 200 - python-swiftclient-3.11.1 gAAAAABpcPar4bVV... - 2 - tx41304bcd39894c0989807-006970f6ab - 0.0135 - - 1769010859.524791241 1769010859.538324833 0
Jan 21 15:54:19 standalone object-server[123214]: 172.20.0.100 - - [21/Jan/2026:15:54:19 +0000] "GET /d1/82/AUTH_7f305f5e72d84f90904cd16f69197ce6/gnocchi.00af1ce8-8100-4f76-8fc8-d208d8db33e5/1767960000.0_mean_300.0_v3" 404 70 "GET http://localhost:8080/v1/AUTH_7f305f5e72d84f90904cd16f69197ce6/gnocchi.00af1ce8-8100-4f76-8fc8-d208d8db33e5/1767960000.0_mean_300.0_v3" "tx9c29917ed054460eb2dd0-006970f6ab" "proxy-server 21" 0.0010 "-" 21 0
Jan 21 15:54:19 standalone proxy-server[125188]: 172.18.0.2 ::1 21/Jan/2026/15/54/19 GET /v1/AUTH_7f305f5e72d84f90904cd16f69197ce6/gnocchi.00af1ce8-8100-4f76-8fc8-d208d8db33e5/1767960000.0_mean_300.0_v3 HTTP/1.0 404 - python-swiftclient-3.11.1 gAAAAABpcPar4bVV... - 70 - tx9c29917ed054460eb2dd0-006970f6ab - 0.0072 - - 1769010859.541518450 1769010859.548727751 0
Jan 21 15:54:19 standalone container-server[123038]: 172.20.0.100 - - [21/Jan/2026:15:54:19 +0000] "PUT /d1/10/AUTH_7f305f5e72d84f90904cd16f69197ce6/gnocchi.00af1ce8-8100-4f76-8fc8-d208d8db33e5/1767960000.0_mean_300.0_v3" 201 - "PUT http://localhost:8080/d1/82/AUTH_7f305f5e72d84f90904cd16f69197ce6/gnocchi.00af1ce8-8100-4f76-8fc8-d208d8db33e5/1767960000.0_mean_300.0_v3" "txfb4788be54d1423d84462-006970f6ab" "object-server 23" 0.0006 "-" 21 0
Jan 21 15:54:19 standalone object-server[123220]: 172.20.0.100 - - [21/Jan/2026:15:54:19 +0000] "PUT /d1/82/AUTH_7f305f5e72d84f90904cd16f69197ce6/gnocchi.00af1ce8-8100-4f76-8fc8-d208d8db33e5/1767960000.0_mean_300.0_v3" 201 - "PUT http://localhost:8080/v1/AUTH_7f305f5e72d84f90904cd16f69197ce6/gnocchi.00af1ce8-8100-4f76-8fc8-d208d8db33e5/1767960000.0_mean_300.0_v3" "txfb4788be54d1423d84462-006970f6ab" "proxy-server 21" 0.0190 "-" 23 0
Jan 21 15:54:19 standalone proxy-server[125188]: 172.18.0.2 ::1 21/Jan/2026/15/54/19 PUT /v1/AUTH_7f305f5e72d84f90904cd16f69197ce6/gnocchi.00af1ce8-8100-4f76-8fc8-d208d8db33e5/1767960000.0_mean_300.0_v3 HTTP/1.0 201 - python-swiftclient-3.11.1 gAAAAABpcPar4bVV... 16 - - txfb4788be54d1423d84462-006970f6ab - 0.0256 - - 1769010859.551484108 1769010859.577102423 0
Jan 21 15:54:19 standalone container-server[123026]: 172.20.0.100 - - [21/Jan/2026:15:54:19 +0000] "PUT /d1/10/AUTH_7f305f5e72d84f90904cd16f69197ce6/gnocchi.00af1ce8-8100-4f76-8fc8-d208d8db33e5/none_v3" 201 - "PUT http://localhost:8080/d1/246/AUTH_7f305f5e72d84f90904cd16f69197ce6/gnocchi.00af1ce8-8100-4f76-8fc8-d208d8db33e5/none_v3" "tx965035de744f4112a9342-006970f6ab" "object-server 21" 0.0005 "-" 20 0
Jan 21 15:54:19 standalone object-server[123214]: 172.20.0.100 - - [21/Jan/2026:15:54:19 +0000] "PUT /d1/246/AUTH_7f305f5e72d84f90904cd16f69197ce6/gnocchi.00af1ce8-8100-4f76-8fc8-d208d8db33e5/none_v3" 201 - "PUT http://localhost:8080/v1/AUTH_7f305f5e72d84f90904cd16f69197ce6/gnocchi.00af1ce8-8100-4f76-8fc8-d208d8db33e5/none_v3" "tx965035de744f4112a9342-006970f6ab" "proxy-server 21" 0.0272 "-" 21 0
Jan 21 15:54:19 standalone proxy-server[125188]: 172.18.0.2 ::1 21/Jan/2026/15/54/19 PUT /v1/AUTH_7f305f5e72d84f90904cd16f69197ce6/gnocchi.00af1ce8-8100-4f76-8fc8-d208d8db33e5/none_v3 HTTP/1.0 201 - python-swiftclient-3.11.1 gAAAAABpcPar4bVV... 22 - - tx965035de744f4112a9342-006970f6ab - 0.0329 - - 1769010859.579680204 1769010859.612587452 0
Jan 21 15:54:49 standalone object-server[123222]: 172.20.0.100 - - [21/Jan/2026:15:54:49 +0000] "GET /d1/246/AUTH_7f305f5e72d84f90904cd16f69197ce6/gnocchi.00af1ce8-8100-4f76-8fc8-d208d8db33e5/none_v3" 200 22 "GET http://localhost:8080/v1/AUTH_7f305f5e72d84f90904cd16f69197ce6/gnocchi.00af1ce8-8100-4f76-8fc8-d208d8db33e5/none_v3" "txf36007be0055470ea772f-006970f6c9" "proxy-server 21" 0.0024 "-" 25 0
Jan 21 15:54:49 standalone proxy-server[125188]: 172.18.0.2 ::1 21/Jan/2026/15/54/49 GET /v1/AUTH_7f305f5e72d84f90904cd16f69197ce6/gnocchi.00af1ce8-8100-4f76-8fc8-d208d8db33e5/none_v3 HTTP/1.0 200 - python-swiftclient-3.11.1 gAAAAABpcPar4bVV... - 22 - txf36007be0055470ea772f-006970f6c9 - 0.0200 - - 1769010889.236835480 1769010889.256825924 0
Jan 21 15:54:49 standalone container-server[123038]: 172.20.0.100 - - [21/Jan/2026:15:54:49 +0000] "GET /d1/10/AUTH_7f305f5e72d84f90904cd16f69197ce6/gnocchi.00af1ce8-8100-4f76-8fc8-d208d8db33e5" 200 357 "GET http://localhost:8080/v1/AUTH_7f305f5e72d84f90904cd16f69197ce6/gnocchi.00af1ce8-8100-4f76-8fc8-d208d8db33e5?format=json&states=listing" "txaf25f554e9a8433db6837-006970f6c9" "proxy-server 21" 0.0196 "-" 21 0
Jan 21 15:54:49 standalone proxy-server[125188]: 172.18.0.2 ::1 21/Jan/2026/15/54/49 GET /v1/AUTH_7f305f5e72d84f90904cd16f69197ce6/gnocchi.00af1ce8-8100-4f76-8fc8-d208d8db33e5%3Fformat%3Djson%26states%3Dlisting HTTP/1.0 200 - python-swiftclient-3.11.1 gAAAAABpcPar4bVV... - 357 - txaf25f554e9a8433db6837-006970f6c9 - 0.0290 - - 1769010889.262466192 1769010889.291477919 0
Jan 21 15:54:49 standalone container-server[123045]: 172.20.0.100 - - [21/Jan/2026:15:54:49 +0000] "GET /d1/10/AUTH_7f305f5e72d84f90904cd16f69197ce6/gnocchi.00af1ce8-8100-4f76-8fc8-d208d8db33e5" 200 2 "GET http://localhost:8080/v1/AUTH_7f305f5e72d84f90904cd16f69197ce6/gnocchi.00af1ce8-8100-4f76-8fc8-d208d8db33e5?format=json&marker=none_v3&states=listing" "txfe5e355bcb2e484582538-006970f6c9" "proxy-server 21" 0.0053 "-" 23 0
Jan 21 15:54:49 standalone proxy-server[125188]: 172.18.0.2 ::1 21/Jan/2026/15/54/49 GET /v1/AUTH_7f305f5e72d84f90904cd16f69197ce6/gnocchi.00af1ce8-8100-4f76-8fc8-d208d8db33e5%3Fformat%3Djson%26marker%3Dnone_v3%26states%3Dlisting HTTP/1.0 200 - python-swiftclient-3.11.1 gAAAAABpcPar4bVV... - 2 - txfe5e355bcb2e484582538-006970f6c9 - 0.0147 - - 1769010889.296531200 1769010889.311274290 0
Jan 21 15:54:49 standalone object-server[123222]: 172.20.0.100 - - [21/Jan/2026:15:54:49 +0000] "GET /d1/82/AUTH_7f305f5e72d84f90904cd16f69197ce6/gnocchi.00af1ce8-8100-4f76-8fc8-d208d8db33e5/1767960000.0_mean_300.0_v3" 200 16 "GET http://localhost:8080/v1/AUTH_7f305f5e72d84f90904cd16f69197ce6/gnocchi.00af1ce8-8100-4f76-8fc8-d208d8db33e5/1767960000.0_mean_300.0_v3" "tx537dc0c23079477ba79e6-006970f6c9" "proxy-server 21" 0.0015 "-" 25 0
Jan 21 15:54:49 standalone proxy-server[125188]: 172.18.0.2 ::1 21/Jan/2026/15/54/49 GET /v1/AUTH_7f305f5e72d84f90904cd16f69197ce6/gnocchi.00af1ce8-8100-4f76-8fc8-d208d8db33e5/1767960000.0_mean_300.0_v3 HTTP/1.0 200 - python-swiftclient-3.11.1 gAAAAABpcPar4bVV... - 16 - tx537dc0c23079477ba79e6-006970f6c9 - 0.0106 - - 1769010889.316926241 1769010889.327509642 0
Jan 21 15:54:49 standalone container-server[123045]: 172.20.0.100 - - [21/Jan/2026:15:54:49 +0000] "PUT /d1/10/AUTH_7f305f5e72d84f90904cd16f69197ce6/gnocchi.00af1ce8-8100-4f76-8fc8-d208d8db33e5/1767960000.0_mean_300.0_v3" 201 - "PUT http://localhost:8080/d1/82/AUTH_7f305f5e72d84f90904cd16f69197ce6/gnocchi.00af1ce8-8100-4f76-8fc8-d208d8db33e5/1767960000.0_mean_300.0_v3" "tx7d5ee30acb4f46cf8ec11-006970f6c9" "object-server 25" 0.0010 "-" 23 0
Jan 21 15:54:49 standalone object-server[123222]: 172.20.0.100 - - [21/Jan/2026:15:54:49 +0000] "PUT /d1/82/AUTH_7f305f5e72d84f90904cd16f69197ce6/gnocchi.00af1ce8-8100-4f76-8fc8-d208d8db33e5/1767960000.0_mean_300.0_v3" 201 - "PUT http://localhost:8080/v1/AUTH_7f305f5e72d84f90904cd16f69197ce6/gnocchi.00af1ce8-8100-4f76-8fc8-d208d8db33e5/1767960000.0_mean_300.0_v3" "tx7d5ee30acb4f46cf8ec11-006970f6c9" "proxy-server 21" 0.0295 "-" 25 0
Jan 21 15:54:49 standalone proxy-server[125188]: 172.18.0.2 ::1 21/Jan/2026/15/54/49 PUT /v1/AUTH_7f305f5e72d84f90904cd16f69197ce6/gnocchi.00af1ce8-8100-4f76-8fc8-d208d8db33e5/1767960000.0_mean_300.0_v3 HTTP/1.0 201 - python-swiftclient-3.11.1 gAAAAABpcPar4bVV... 16 - - tx7d5ee30acb4f46cf8ec11-006970f6c9 - 0.0371 - - 1769010889.332253218 1769010889.369360924 0
Jan 21 15:54:49 standalone container-server[123044]: 172.20.0.100 - - [21/Jan/2026:15:54:49 +0000] "PUT /d1/10/AUTH_7f305f5e72d84f90904cd16f69197ce6/gnocchi.00af1ce8-8100-4f76-8fc8-d208d8db33e5/none_v3" 201 - "PUT http://localhost:8080/d1/246/AUTH_7f305f5e72d84f90904cd16f69197ce6/gnocchi.00af1ce8-8100-4f76-8fc8-d208d8db33e5/none_v3" "tx482b8111e4974700a3aa4-006970f6c9" "object-server 23" 0.0008 "-" 22 0
Jan 21 15:54:49 standalone object-server[123220]: 172.20.0.100 - - [21/Jan/2026:15:54:49 +0000] "PUT /d1/246/AUTH_7f305f5e72d84f90904cd16f69197ce6/gnocchi.00af1ce8-8100-4f76-8fc8-d208d8db33e5/none_v3" 201 - "PUT http://localhost:8080/v1/AUTH_7f305f5e72d84f90904cd16f69197ce6/gnocchi.00af1ce8-8100-4f76-8fc8-d208d8db33e5/none_v3" "tx482b8111e4974700a3aa4-006970f6c9" "proxy-server 21" 0.0120 "-" 23 0
Jan 21 15:54:49 standalone proxy-server[125188]: 172.18.0.2 ::1 21/Jan/2026/15/54/49 PUT /v1/AUTH_7f305f5e72d84f90904cd16f69197ce6/gnocchi.00af1ce8-8100-4f76-8fc8-d208d8db33e5/none_v3 HTTP/1.0 201 - python-swiftclient-3.11.1 gAAAAABpcPar4bVV... 32 - - tx482b8111e4974700a3aa4-006970f6c9 - 0.0196 - - 1769010889.373630047 1769010889.393265724 0
Jan 21 15:55:26 standalone account-server[123106]: 172.20.0.100 - - [21/Jan/2026:15:55:26 +0000] "HEAD /d1/192/AUTH_7f305f5e72d84f90904cd16f69197ce6" 204 - "HEAD http://localhost:8080/v1/AUTH_7f305f5e72d84f90904cd16f69197ce6?format=json" "txb2830d0b8c7c4adc875b3-006970f6ee" "proxy-server 21" 0.0061 "-" 22 -
Jan 21 15:55:26 standalone proxy-server[125188]: - - 21/Jan/2026/15/55/26 HEAD /v1/AUTH_7f305f5e72d84f90904cd16f69197ce6%3Fformat%3Djson HTTP/1.0 204 - Swift - - - - txb2830d0b8c7c4adc875b3-006970f6ee - 0.0108 RL - 1769010926.756267786 1769010926.767105818 -
Jan 21 15:55:26 standalone container-server[123026]: 172.20.0.100 - - [21/Jan/2026:15:55:26 +0000] "HEAD /d1/634/AUTH_7f305f5e72d84f90904cd16f69197ce6/glance" 204 - "HEAD http://localhost:8080/v1/AUTH_7f305f5e72d84f90904cd16f69197ce6/glance?format=json&states=listing" "txb2830d0b8c7c4adc875b3-006970f6ee" "proxy-server 21" 0.0141 "-" 20 0
Jan 21 15:55:26 standalone object-server[123214]: 172.20.0.100 - - [21/Jan/2026:15:55:26 +0000] "GET /d1/475/AUTH_7f305f5e72d84f90904cd16f69197ce6/glance/b6581d7a-812f-443b-8682-43724506d86f" 200 - "GET http://localhost:8080/v1/AUTH_7f305f5e72d84f90904cd16f69197ce6/glance/b6581d7a-812f-443b-8682-43724506d86f" "txb2830d0b8c7c4adc875b3-006970f6ee" "proxy-server 21" 0.0020 "-" 21 0
Jan 21 15:55:26 standalone container-server[123038]: 172.20.0.100 - - [21/Jan/2026:15:55:26 +0000] "GET /d1/634/AUTH_7f305f5e72d84f90904cd16f69197ce6/glance" 200 210 "GET http://localhost:8080/v1/AUTH_7f305f5e72d84f90904cd16f69197ce6/glance?prefix=b6581d7a-812f-443b-8682-43724506d86f-&format=json&states=listing" "txb2830d0b8c7c4adc875b3-006970f6ee" "proxy-server 21" 0.0053 "-" 21 0
Jan 21 15:55:26 standalone proxy-server[125188]: - - 21/Jan/2026/15/55/26 GET /v1/AUTH_7f305f5e72d84f90904cd16f69197ce6/glance%3Fprefix%3Db6581d7a-812f-443b-8682-43724506d86f-%26format%3Djson%26states%3Dlisting HTTP/1.0 200 - python-swiftclient-3.11.1%20DLO%20MultipartGET gAAAAABpcPbuB1GF... - 210 - txb2830d0b8c7c4adc875b3-006970f6ee - 0.0113 DLO - 1769010926.892285585 1769010926.903625250 0
Jan 21 15:55:26 standalone object-server[123222]: 172.20.0.100 - - [21/Jan/2026:15:55:26 +0000] "GET /d1/205/AUTH_7f305f5e72d84f90904cd16f69197ce6/glance/b6581d7a-812f-443b-8682-43724506d86f-00001" 200 21692416 "GET http://localhost:8080/v1/AUTH_7f305f5e72d84f90904cd16f69197ce6/glance/b6581d7a-812f-443b-8682-43724506d86f-00001?multipart-manifest=get" "txb2830d0b8c7c4adc875b3-006970f6ee" "proxy-server 21" 0.0015 "-" 25 0
Jan 21 15:55:27 standalone proxy-server[125188]: - - 21/Jan/2026/15/55/27 GET /v1/AUTH_7f305f5e72d84f90904cd16f69197ce6/glance/b6581d7a-812f-443b-8682-43724506d86f-00001%3Fmultipart-manifest%3Dget HTTP/1.0 200 - python-swiftclient-3.11.1%20%20DLO%20MultipartGET gAAAAABpcPbuB1GF... - 21692416 - txb2830d0b8c7c4adc875b3-006970f6ee - 0.0989 DLO - 1769010926.904426813 1769010927.003281355 0
Jan 21 15:55:27 standalone proxy-server[125188]: 172.18.0.2 ::1 21/Jan/2026/15/55/27 GET /v1/AUTH_7f305f5e72d84f90904cd16f69197ce6/glance/b6581d7a-812f-443b-8682-43724506d86f HTTP/1.0 200 - python-swiftclient-3.11.1 gAAAAABpcPbuB1GF... - 21692416 - txb2830d0b8c7c4adc875b3-006970f6ee - 0.2487 - - 1769010926.755142450 1769010927.003816605 0
Jan 21 15:55:27 standalone container-server[123026]: 172.20.0.100 - - [21/Jan/2026:15:55:27 +0000] "HEAD /d1/793/AUTH_7f305f5e72d84f90904cd16f69197ce6/gnocchi.8e6b5d72-dd22-4010-8c14-215db4fc9daa" 404 - "HEAD http://localhost:8080/v1/AUTH_7f305f5e72d84f90904cd16f69197ce6/gnocchi.8e6b5d72-dd22-4010-8c14-215db4fc9daa?format=json&states=listing" "tx7420bc2d348f40829c2cf-006970f6ef" "proxy-server 21" 0.0003 "-" 20 0
Jan 21 15:55:27 standalone object-server[123214]: 172.20.0.100 - - [21/Jan/2026:15:55:27 +0000] "GET /d1/628/AUTH_7f305f5e72d84f90904cd16f69197ce6/gnocchi.8e6b5d72-dd22-4010-8c14-215db4fc9daa/none_v3" 404 70 "GET http://localhost:8080/v1/AUTH_7f305f5e72d84f90904cd16f69197ce6/gnocchi.8e6b5d72-dd22-4010-8c14-215db4fc9daa/none_v3" "tx7420bc2d348f40829c2cf-006970f6ef" "proxy-server 21" 0.0006 "-" 21 0
Jan 21 15:55:27 standalone proxy-server[125188]: 172.18.0.2 ::1 21/Jan/2026/15/55/27 GET /v1/AUTH_7f305f5e72d84f90904cd16f69197ce6/gnocchi.8e6b5d72-dd22-4010-8c14-215db4fc9daa/none_v3 HTTP/1.0 404 - python-swiftclient-3.11.1 gAAAAABpcPar4bVV... - 70 - tx7420bc2d348f40829c2cf-006970f6ef - 0.0129 - - 1769010927.478244305 1769010927.491155624 0
Jan 21 15:55:27 standalone account-server[123101]: 172.20.0.100 - - [21/Jan/2026:15:55:27 +0000] "PUT /d1/192/AUTH_7f305f5e72d84f90904cd16f69197ce6/gnocchi.8e6b5d72-dd22-4010-8c14-215db4fc9daa" 201 - "PUT http://172.20.0.100:6001/d1/793/AUTH_7f305f5e72d84f90904cd16f69197ce6/gnocchi.8e6b5d72-dd22-4010-8c14-215db4fc9daa" "tx7ad4cf79c86a48a586db1-006970f6ef" "container-server 20" 0.0015 "-" 20 0
Jan 21 15:55:27 standalone container-server[123026]: 172.20.0.100 - - [21/Jan/2026:15:55:27 +0000] "PUT /d1/793/AUTH_7f305f5e72d84f90904cd16f69197ce6/gnocchi.8e6b5d72-dd22-4010-8c14-215db4fc9daa" 201 - "PUT http://localhost:8080/v1/AUTH_7f305f5e72d84f90904cd16f69197ce6/gnocchi.8e6b5d72-dd22-4010-8c14-215db4fc9daa" "tx7ad4cf79c86a48a586db1-006970f6ef" "proxy-server 21" 0.0095 "-" 20 0
Jan 21 15:55:27 standalone proxy-server[125188]: 172.18.0.2 ::1 21/Jan/2026/15/55/27 PUT /v1/AUTH_7f305f5e72d84f90904cd16f69197ce6/gnocchi.8e6b5d72-dd22-4010-8c14-215db4fc9daa HTTP/1.0 201 - python-swiftclient-3.11.1 gAAAAABpcPar4bVV... - - - tx7ad4cf79c86a48a586db1-006970f6ef - 0.0155 - - 1769010927.495975256 1769010927.511449575 0
Jan 21 15:55:27 standalone container-server[123026]: 172.20.0.100 - - [21/Jan/2026:15:55:27 +0000] "HEAD /d1/793/AUTH_7f305f5e72d84f90904cd16f69197ce6/gnocchi.8e6b5d72-dd22-4010-8c14-215db4fc9daa" 204 - "HEAD http://localhost:8080/v1/AUTH_7f305f5e72d84f90904cd16f69197ce6/gnocchi.8e6b5d72-dd22-4010-8c14-215db4fc9daa?format=json&states=listing" "tx81175606d9604eae8a710-006970f6ef" "proxy-server 21" 0.0016 "-" 20 0
Jan 21 15:55:27 standalone proxy-server[125188]: - - 21/Jan/2026/15/55/27 HEAD /v1/AUTH_7f305f5e72d84f90904cd16f69197ce6/gnocchi.8e6b5d72-dd22-4010-8c14-215db4fc9daa%3Fformat%3Djson%26states%3Dlisting HTTP/1.0 204 - Swift - - - - tx81175606d9604eae8a710-006970f6ef - 0.0086 RL - 1769010927.518118382 1769010927.526708364 0
Jan 21 15:55:27 standalone container-server[123026]: 172.20.0.100 - - [21/Jan/2026:15:55:27 +0000] "GET /d1/793/AUTH_7f305f5e72d84f90904cd16f69197ce6/gnocchi.8e6b5d72-dd22-4010-8c14-215db4fc9daa" 200 2 "GET http://localhost:8080/v1/AUTH_7f305f5e72d84f90904cd16f69197ce6/gnocchi.8e6b5d72-dd22-4010-8c14-215db4fc9daa?format=json&states=listing" "tx81175606d9604eae8a710-006970f6ef" "proxy-server 21" 0.0021 "-" 20 0
Jan 21 15:55:27 standalone proxy-server[125188]: 172.18.0.2 ::1 21/Jan/2026/15/55/27 GET /v1/AUTH_7f305f5e72d84f90904cd16f69197ce6/gnocchi.8e6b5d72-dd22-4010-8c14-215db4fc9daa%3Fformat%3Djson%26states%3Dlisting HTTP/1.0 200 - python-swiftclient-3.11.1 gAAAAABpcPar4bVV... - 2 - tx81175606d9604eae8a710-006970f6ef - 0.0180 - - 1769010927.516902924 1769010927.534944057 0
Jan 21 15:55:27 standalone object-server[123214]: 172.20.0.100 - - [21/Jan/2026:15:55:27 +0000] "GET /d1/109/AUTH_7f305f5e72d84f90904cd16f69197ce6/gnocchi.8e6b5d72-dd22-4010-8c14-215db4fc9daa/1767960000.0_mean_300.0_v3" 404 70 "GET http://localhost:8080/v1/AUTH_7f305f5e72d84f90904cd16f69197ce6/gnocchi.8e6b5d72-dd22-4010-8c14-215db4fc9daa/1767960000.0_mean_300.0_v3" "tx537bb990794e478baed3b-006970f6ef" "proxy-server 21" 0.0005 "-" 21 0
Jan 21 15:55:27 standalone proxy-server[125188]: 172.18.0.2 ::1 21/Jan/2026/15/55/27 GET /v1/AUTH_7f305f5e72d84f90904cd16f69197ce6/gnocchi.8e6b5d72-dd22-4010-8c14-215db4fc9daa/1767960000.0_mean_300.0_v3 HTTP/1.0 404 - python-swiftclient-3.11.1 gAAAAABpcPar4bVV... - 70 - tx537bb990794e478baed3b-006970f6ef - 0.0073 - - 1769010927.540390491 1769010927.547672272 0
Jan 21 15:55:27 standalone container-server[123038]: 172.20.0.100 - - [21/Jan/2026:15:55:27 +0000] "PUT /d1/793/AUTH_7f305f5e72d84f90904cd16f69197ce6/gnocchi.8e6b5d72-dd22-4010-8c14-215db4fc9daa/1767960000.0_mean_300.0_v3" 201 - "PUT http://localhost:8080/d1/109/AUTH_7f305f5e72d84f90904cd16f69197ce6/gnocchi.8e6b5d72-dd22-4010-8c14-215db4fc9daa/1767960000.0_mean_300.0_v3" "txfe00bbc7ed9d4f1991544-006970f6ef" "object-server 22" 0.0012 "-" 21 0
Jan 21 15:55:27 standalone object-server[123219]: 172.20.0.100 - - [21/Jan/2026:15:55:27 +0000] "PUT /d1/109/AUTH_7f305f5e72d84f90904cd16f69197ce6/gnocchi.8e6b5d72-dd22-4010-8c14-215db4fc9daa/1767960000.0_mean_300.0_v3" 201 - "PUT http://localhost:8080/v1/AUTH_7f305f5e72d84f90904cd16f69197ce6/gnocchi.8e6b5d72-dd22-4010-8c14-215db4fc9daa/1767960000.0_mean_300.0_v3" "txfe00bbc7ed9d4f1991544-006970f6ef" "proxy-server 21" 0.0136 "-" 22 0
Jan 21 15:55:27 standalone proxy-server[125188]: 172.18.0.2 ::1 21/Jan/2026/15/55/27 PUT /v1/AUTH_7f305f5e72d84f90904cd16f69197ce6/gnocchi.8e6b5d72-dd22-4010-8c14-215db4fc9daa/1767960000.0_mean_300.0_v3 HTTP/1.0 201 - python-swiftclient-3.11.1 gAAAAABpcPar4bVV... 16 - - txfe00bbc7ed9d4f1991544-006970f6ef - 0.0199 - - 1769010927.551950932 1769010927.571895599 0
Jan 21 15:55:27 standalone container-server[123045]: 172.20.0.100 - - [21/Jan/2026:15:55:27 +0000] "PUT /d1/793/AUTH_7f305f5e72d84f90904cd16f69197ce6/gnocchi.8e6b5d72-dd22-4010-8c14-215db4fc9daa/none_v3" 201 - "PUT http://localhost:8080/d1/628/AUTH_7f305f5e72d84f90904cd16f69197ce6/gnocchi.8e6b5d72-dd22-4010-8c14-215db4fc9daa/none_v3" "txff83c317f33d4265ae20e-006970f6ef" "object-server 22" 0.0008 "-" 23 0
Jan 21 15:55:27 standalone object-server[123219]: 172.20.0.100 - - [21/Jan/2026:15:55:27 +0000] "PUT /d1/628/AUTH_7f305f5e72d84f90904cd16f69197ce6/gnocchi.8e6b5d72-dd22-4010-8c14-215db4fc9daa/none_v3" 201 - "PUT http://localhost:8080/v1/AUTH_7f305f5e72d84f90904cd16f69197ce6/gnocchi.8e6b5d72-dd22-4010-8c14-215db4fc9daa/none_v3" "txff83c317f33d4265ae20e-006970f6ef" "proxy-server 21" 0.0107 "-" 22 0
Jan 21 15:55:27 standalone proxy-server[125188]: 172.18.0.2 ::1 21/Jan/2026/15/55/27 PUT /v1/AUTH_7f305f5e72d84f90904cd16f69197ce6/gnocchi.8e6b5d72-dd22-4010-8c14-215db4fc9daa/none_v3 HTTP/1.0 201 - python-swiftclient-3.11.1 gAAAAABpcPar4bVV... 22 - - txff83c317f33d4265ae20e-006970f6ef - 0.0165 - - 1769010927.575859785 1769010927.592379093 0
Jan 21 15:55:27 standalone container-server[123038]: 172.20.0.100 - - [21/Jan/2026:15:55:27 +0000] "HEAD /d1/154/AUTH_7f305f5e72d84f90904cd16f69197ce6/gnocchi.57f03d31-bcc3-42ce-ba58-2f31f84f5edc" 404 - "HEAD http://localhost:8080/v1/AUTH_7f305f5e72d84f90904cd16f69197ce6/gnocchi.57f03d31-bcc3-42ce-ba58-2f31f84f5edc?format=json&states=listing" "tx61a42cbaca6048d194f57-006970f6ef" "proxy-server 21" 0.0007 "-" 21 0
Jan 21 15:55:27 standalone object-server[123222]: 172.20.0.100 - - [21/Jan/2026:15:55:27 +0000] "GET /d1/953/AUTH_7f305f5e72d84f90904cd16f69197ce6/gnocchi.57f03d31-bcc3-42ce-ba58-2f31f84f5edc/none_v3" 404 70 "GET http://localhost:8080/v1/AUTH_7f305f5e72d84f90904cd16f69197ce6/gnocchi.57f03d31-bcc3-42ce-ba58-2f31f84f5edc/none_v3" "tx61a42cbaca6048d194f57-006970f6ef" "proxy-server 21" 0.0005 "-" 25 0
Jan 21 15:55:27 standalone proxy-server[125188]: 172.18.0.2 ::1 21/Jan/2026/15/55/27 GET /v1/AUTH_7f305f5e72d84f90904cd16f69197ce6/gnocchi.57f03d31-bcc3-42ce-ba58-2f31f84f5edc/none_v3 HTTP/1.0 404 - python-swiftclient-3.11.1 gAAAAABpcPar4bVV... - 70 - tx61a42cbaca6048d194f57-006970f6ef - 0.0184 - - 1769010927.614711523 1769010927.633154392 0
Jan 21 15:55:27 standalone account-server[123106]: 172.20.0.100 - - [21/Jan/2026:15:55:27 +0000] "PUT /d1/192/AUTH_7f305f5e72d84f90904cd16f69197ce6/gnocchi.57f03d31-bcc3-42ce-ba58-2f31f84f5edc" 201 - "PUT http://172.20.0.100:6001/d1/154/AUTH_7f305f5e72d84f90904cd16f69197ce6/gnocchi.57f03d31-bcc3-42ce-ba58-2f31f84f5edc" "txda5450d439ed42d98d83b-006970f6ef" "container-server 21" 0.0048 "-" 22 0
Jan 21 15:55:27 standalone container-server[123038]: 172.20.0.100 - - [21/Jan/2026:15:55:27 +0000] "PUT /d1/154/AUTH_7f305f5e72d84f90904cd16f69197ce6/gnocchi.57f03d31-bcc3-42ce-ba58-2f31f84f5edc" 201 - "PUT http://localhost:8080/v1/AUTH_7f305f5e72d84f90904cd16f69197ce6/gnocchi.57f03d31-bcc3-42ce-ba58-2f31f84f5edc" "txda5450d439ed42d98d83b-006970f6ef" "proxy-server 21" 0.0209 "-" 21 0
Jan 21 15:55:27 standalone proxy-server[125188]: 172.18.0.2 ::1 21/Jan/2026/15/55/27 PUT /v1/AUTH_7f305f5e72d84f90904cd16f69197ce6/gnocchi.57f03d31-bcc3-42ce-ba58-2f31f84f5edc HTTP/1.0 201 - python-swiftclient-3.11.1 gAAAAABpcPar4bVV... - - - txda5450d439ed42d98d83b-006970f6ef - 0.0319 - - 1769010927.637762547 1769010927.669649839 0
Jan 21 15:55:27 standalone container-server[123045]: 172.20.0.100 - - [21/Jan/2026:15:55:27 +0000] "HEAD /d1/154/AUTH_7f305f5e72d84f90904cd16f69197ce6/gnocchi.57f03d31-bcc3-42ce-ba58-2f31f84f5edc" 204 - "HEAD http://localhost:8080/v1/AUTH_7f305f5e72d84f90904cd16f69197ce6/gnocchi.57f03d31-bcc3-42ce-ba58-2f31f84f5edc?format=json&states=listing" "tx06a3aae055d54ca3be525-006970f6ef" "proxy-server 21" 0.0021 "-" 23 0
Jan 21 15:55:27 standalone proxy-server[125188]: - - 21/Jan/2026/15/55/27 HEAD /v1/AUTH_7f305f5e72d84f90904cd16f69197ce6/gnocchi.57f03d31-bcc3-42ce-ba58-2f31f84f5edc%3Fformat%3Djson%26states%3Dlisting HTTP/1.0 204 - Swift - - - - tx06a3aae055d54ca3be525-006970f6ef - 0.0087 RL - 1769010927.677832603 1769010927.686558247 0
Jan 21 15:55:27 standalone container-server[123045]: 172.20.0.100 - - [21/Jan/2026:15:55:27 +0000] "GET /d1/154/AUTH_7f305f5e72d84f90904cd16f69197ce6/gnocchi.57f03d31-bcc3-42ce-ba58-2f31f84f5edc" 200 2 "GET http://localhost:8080/v1/AUTH_7f305f5e72d84f90904cd16f69197ce6/gnocchi.57f03d31-bcc3-42ce-ba58-2f31f84f5edc?format=json&states=listing" "tx06a3aae055d54ca3be525-006970f6ef" "proxy-server 21" 0.0026 "-" 23 0
Jan 21 15:55:27 standalone proxy-server[125188]: 172.18.0.2 ::1 21/Jan/2026/15/55/27 GET /v1/AUTH_7f305f5e72d84f90904cd16f69197ce6/gnocchi.57f03d31-bcc3-42ce-ba58-2f31f84f5edc%3Fformat%3Djson%26states%3Dlisting HTTP/1.0 200 - python-swiftclient-3.11.1 gAAAAABpcPar4bVV... - 2 - tx06a3aae055d54ca3be525-006970f6ef - 0.0221 - - 1769010927.674657583 1769010927.696746349 0
Jan 21 15:55:27 standalone object-server[123220]: 172.20.0.100 - - [21/Jan/2026:15:55:27 +0000] "GET /d1/882/AUTH_7f305f5e72d84f90904cd16f69197ce6/gnocchi.57f03d31-bcc3-42ce-ba58-2f31f84f5edc/1767960000.0_mean_300.0_v3" 404 70 "GET http://localhost:8080/v1/AUTH_7f305f5e72d84f90904cd16f69197ce6/gnocchi.57f03d31-bcc3-42ce-ba58-2f31f84f5edc/1767960000.0_mean_300.0_v3" "tx25ecaf01f903428da5df3-006970f6ef" "proxy-server 21" 0.0004 "-" 23 0
Jan 21 15:55:27 standalone proxy-server[125188]: 172.18.0.2 ::1 21/Jan/2026/15/55/27 GET /v1/AUTH_7f305f5e72d84f90904cd16f69197ce6/gnocchi.57f03d31-bcc3-42ce-ba58-2f31f84f5edc/1767960000.0_mean_300.0_v3 HTTP/1.0 404 - python-swiftclient-3.11.1 gAAAAABpcPar4bVV... - 70 - tx25ecaf01f903428da5df3-006970f6ef - 0.0073 - - 1769010927.702008247 1769010927.709307194 0
Jan 21 15:55:27 standalone container-server[123045]: 172.20.0.100 - - [21/Jan/2026:15:55:27 +0000] "PUT /d1/154/AUTH_7f305f5e72d84f90904cd16f69197ce6/gnocchi.57f03d31-bcc3-42ce-ba58-2f31f84f5edc/1767960000.0_mean_300.0_v3" 201 - "PUT http://localhost:8080/d1/882/AUTH_7f305f5e72d84f90904cd16f69197ce6/gnocchi.57f03d31-bcc3-42ce-ba58-2f31f84f5edc/1767960000.0_mean_300.0_v3" "tx486a3240231541e1aaf97-006970f6ef" "object-server 25" 0.0007 "-" 23 0
Jan 21 15:55:27 standalone object-server[123222]: 172.20.0.100 - - [21/Jan/2026:15:55:27 +0000] "PUT /d1/882/AUTH_7f305f5e72d84f90904cd16f69197ce6/gnocchi.57f03d31-bcc3-42ce-ba58-2f31f84f5edc/1767960000.0_mean_300.0_v3" 201 - "PUT http://localhost:8080/v1/AUTH_7f305f5e72d84f90904cd16f69197ce6/gnocchi.57f03d31-bcc3-42ce-ba58-2f31f84f5edc/1767960000.0_mean_300.0_v3" "tx486a3240231541e1aaf97-006970f6ef" "proxy-server 21" 0.0103 "-" 25 0
Jan 21 15:55:27 standalone proxy-server[125188]: 172.18.0.2 ::1 21/Jan/2026/15/55/27 PUT /v1/AUTH_7f305f5e72d84f90904cd16f69197ce6/gnocchi.57f03d31-bcc3-42ce-ba58-2f31f84f5edc/1767960000.0_mean_300.0_v3 HTTP/1.0 201 - python-swiftclient-3.11.1 gAAAAABpcPar4bVV... 16 - - tx486a3240231541e1aaf97-006970f6ef - 0.0165 - - 1769010927.713180780 1769010927.729727030 0
Jan 21 15:55:27 standalone container-server[123044]: 172.20.0.100 - - [21/Jan/2026:15:55:27 +0000] "PUT /d1/154/AUTH_7f305f5e72d84f90904cd16f69197ce6/gnocchi.57f03d31-bcc3-42ce-ba58-2f31f84f5edc/none_v3" 201 - "PUT http://localhost:8080/d1/953/AUTH_7f305f5e72d84f90904cd16f69197ce6/gnocchi.57f03d31-bcc3-42ce-ba58-2f31f84f5edc/none_v3" "tx95e1289d149844e590e3a-006970f6ef" "object-server 22" 0.0007 "-" 22 0
Jan 21 15:55:27 standalone object-server[123219]: 172.20.0.100 - - [21/Jan/2026:15:55:27 +0000] "PUT /d1/953/AUTH_7f305f5e72d84f90904cd16f69197ce6/gnocchi.57f03d31-bcc3-42ce-ba58-2f31f84f5edc/none_v3" 201 - "PUT http://localhost:8080/v1/AUTH_7f305f5e72d84f90904cd16f69197ce6/gnocchi.57f03d31-bcc3-42ce-ba58-2f31f84f5edc/none_v3" "tx95e1289d149844e590e3a-006970f6ef" "proxy-server 21" 0.0097 "-" 22 0
Jan 21 15:55:27 standalone proxy-server[125188]: 172.18.0.2 ::1 21/Jan/2026/15/55/27 PUT /v1/AUTH_7f305f5e72d84f90904cd16f69197ce6/gnocchi.57f03d31-bcc3-42ce-ba58-2f31f84f5edc/none_v3 HTTP/1.0 201 - python-swiftclient-3.11.1 gAAAAABpcPar4bVV... 22 - - tx95e1289d149844e590e3a-006970f6ef - 0.0152 - - 1769010927.733208895 1769010927.748453856 0
Jan 21 15:55:32 standalone container-server[123038]: 172.20.0.100 - - [21/Jan/2026:15:55:32 +0000] "HEAD /d1/275/AUTH_7f305f5e72d84f90904cd16f69197ce6/gnocchi.5b4af954-cf05-4cd0-93f8-51fb137abf66" 404 - "HEAD http://localhost:8080/v1/AUTH_7f305f5e72d84f90904cd16f69197ce6/gnocchi.5b4af954-cf05-4cd0-93f8-51fb137abf66?format=json&states=listing" "txe301493bf1d84f71bf4fc-006970f6f4" "proxy-server 21" 0.0015 "-" 21 0
Jan 21 15:55:32 standalone object-server[123214]: 172.20.0.100 - - [21/Jan/2026:15:55:32 +0000] "GET /d1/810/AUTH_7f305f5e72d84f90904cd16f69197ce6/gnocchi.5b4af954-cf05-4cd0-93f8-51fb137abf66/none_v3" 404 70 "GET http://localhost:8080/v1/AUTH_7f305f5e72d84f90904cd16f69197ce6/gnocchi.5b4af954-cf05-4cd0-93f8-51fb137abf66/none_v3" "txe301493bf1d84f71bf4fc-006970f6f4" "proxy-server 21" 0.0007 "-" 21 0
Jan 21 15:55:32 standalone proxy-server[125188]: 172.18.0.2 ::1 21/Jan/2026/15/55/32 GET /v1/AUTH_7f305f5e72d84f90904cd16f69197ce6/gnocchi.5b4af954-cf05-4cd0-93f8-51fb137abf66/none_v3 HTTP/1.0 404 - python-swiftclient-3.11.1 gAAAAABpcPar4bVV... - 70 - txe301493bf1d84f71bf4fc-006970f6f4 - 0.0121 - - 1769010932.181528330 1769010932.193634748 0
Jan 21 15:55:32 standalone account-server[123107]: 172.20.0.100 - - [21/Jan/2026:15:55:32 +0000] "PUT /d1/192/AUTH_7f305f5e72d84f90904cd16f69197ce6/gnocchi.5b4af954-cf05-4cd0-93f8-51fb137abf66" 201 - "PUT http://172.20.0.100:6001/d1/275/AUTH_7f305f5e72d84f90904cd16f69197ce6/gnocchi.5b4af954-cf05-4cd0-93f8-51fb137abf66" "tx1bb60000f92745b4b4abe-006970f6f4" "container-server 23" 0.0071 "-" 23 0
Jan 21 15:55:32 standalone container-server[123045]: 172.20.0.100 - - [21/Jan/2026:15:55:32 +0000] "PUT /d1/275/AUTH_7f305f5e72d84f90904cd16f69197ce6/gnocchi.5b4af954-cf05-4cd0-93f8-51fb137abf66" 201 - "PUT http://localhost:8080/v1/AUTH_7f305f5e72d84f90904cd16f69197ce6/gnocchi.5b4af954-cf05-4cd0-93f8-51fb137abf66" "tx1bb60000f92745b4b4abe-006970f6f4" "proxy-server 21" 0.0202 "-" 23 0
Jan 21 15:55:32 standalone proxy-server[125188]: 172.18.0.2 ::1 21/Jan/2026/15/55/32 PUT /v1/AUTH_7f305f5e72d84f90904cd16f69197ce6/gnocchi.5b4af954-cf05-4cd0-93f8-51fb137abf66 HTTP/1.0 201 - python-swiftclient-3.11.1 gAAAAABpcPar4bVV... - - - tx1bb60000f92745b4b4abe-006970f6f4 - 0.0256 - - 1769010932.197506666 1769010932.223139763 0
Jan 21 15:55:32 standalone container-server[123038]: 172.20.0.100 - - [21/Jan/2026:15:55:32 +0000] "HEAD /d1/275/AUTH_7f305f5e72d84f90904cd16f69197ce6/gnocchi.5b4af954-cf05-4cd0-93f8-51fb137abf66" 204 - "HEAD http://localhost:8080/v1/AUTH_7f305f5e72d84f90904cd16f69197ce6/gnocchi.5b4af954-cf05-4cd0-93f8-51fb137abf66?format=json&states=listing" "tx25ca076af1854a5cb6702-006970f6f4" "proxy-server 21" 0.0023 "-" 21 0
Jan 21 15:55:32 standalone proxy-server[125188]: - - 21/Jan/2026/15/55/32 HEAD /v1/AUTH_7f305f5e72d84f90904cd16f69197ce6/gnocchi.5b4af954-cf05-4cd0-93f8-51fb137abf66%3Fformat%3Djson%26states%3Dlisting HTTP/1.0 204 - Swift - - - - tx25ca076af1854a5cb6702-006970f6f4 - 0.0067 RL - 1769010932.229232788 1769010932.235956430 0
