Jan 21 15:55:32 standalone container-server[123026]: 172.20.0.100 - - [21/Jan/2026:15:55:32 +0000] "GET /d1/275/AUTH_7f305f5e72d84f90904cd16f69197ce6/gnocchi.5b4af954-cf05-4cd0-93f8-51fb137abf66" 200 2 "GET http://localhost:8080/v1/AUTH_7f305f5e72d84f90904cd16f69197ce6/gnocchi.5b4af954-cf05-4cd0-93f8-51fb137abf66?format=json&states=listing" "tx25ca076af1854a5cb6702-006970f6f4" "proxy-server 21" 0.0041 "-" 20 0
Jan 21 15:55:32 standalone proxy-server[125188]: 172.18.0.2 ::1 21/Jan/2026/15/55/32 GET /v1/AUTH_7f305f5e72d84f90904cd16f69197ce6/gnocchi.5b4af954-cf05-4cd0-93f8-51fb137abf66%3Fformat%3Djson%26states%3Dlisting HTTP/1.0 200 - python-swiftclient-3.11.1 gAAAAABpcPar4bVV... - 2 - tx25ca076af1854a5cb6702-006970f6f4 - 0.0218 - - 1769010932.227747917 1769010932.249518156 0
Jan 21 15:55:32 standalone object-server[123219]: 172.20.0.100 - - [21/Jan/2026:15:55:32 +0000] "GET /d1/454/AUTH_7f305f5e72d84f90904cd16f69197ce6/gnocchi.5b4af954-cf05-4cd0-93f8-51fb137abf66/1767960000.0_mean_300.0_v3" 404 70 "GET http://localhost:8080/v1/AUTH_7f305f5e72d84f90904cd16f69197ce6/gnocchi.5b4af954-cf05-4cd0-93f8-51fb137abf66/1767960000.0_mean_300.0_v3" "tx79a42ba84af7460680fc4-006970f6f4" "proxy-server 21" 0.0003 "-" 22 0
Jan 21 15:55:32 standalone proxy-server[125188]: 172.18.0.2 ::1 21/Jan/2026/15/55/32 GET /v1/AUTH_7f305f5e72d84f90904cd16f69197ce6/gnocchi.5b4af954-cf05-4cd0-93f8-51fb137abf66/1767960000.0_mean_300.0_v3 HTTP/1.0 404 - python-swiftclient-3.11.1 gAAAAABpcPar4bVV... - 70 - tx79a42ba84af7460680fc4-006970f6f4 - 0.0048 - - 1769010932.254344940 1769010932.259109259 0
Jan 21 15:55:32 standalone container-server[123045]: 172.20.0.100 - - [21/Jan/2026:15:55:32 +0000] "PUT /d1/275/AUTH_7f305f5e72d84f90904cd16f69197ce6/gnocchi.5b4af954-cf05-4cd0-93f8-51fb137abf66/1767960000.0_mean_300.0_v3" 201 - "PUT http://localhost:8080/d1/454/AUTH_7f305f5e72d84f90904cd16f69197ce6/gnocchi.5b4af954-cf05-4cd0-93f8-51fb137abf66/1767960000.0_mean_300.0_v3" "tx672165aa9aa740e89d8f1-006970f6f4" "object-server 25" 0.0022 "-" 23 0
Jan 21 15:55:32 standalone object-server[123222]: 172.20.0.100 - - [21/Jan/2026:15:55:32 +0000] "PUT /d1/454/AUTH_7f305f5e72d84f90904cd16f69197ce6/gnocchi.5b4af954-cf05-4cd0-93f8-51fb137abf66/1767960000.0_mean_300.0_v3" 201 - "PUT http://localhost:8080/v1/AUTH_7f305f5e72d84f90904cd16f69197ce6/gnocchi.5b4af954-cf05-4cd0-93f8-51fb137abf66/1767960000.0_mean_300.0_v3" "tx672165aa9aa740e89d8f1-006970f6f4" "proxy-server 21" 0.0150 "-" 25 0
Jan 21 15:55:32 standalone proxy-server[125188]: 172.18.0.2 ::1 21/Jan/2026/15/55/32 PUT /v1/AUTH_7f305f5e72d84f90904cd16f69197ce6/gnocchi.5b4af954-cf05-4cd0-93f8-51fb137abf66/1767960000.0_mean_300.0_v3 HTTP/1.0 201 - python-swiftclient-3.11.1 gAAAAABpcPar4bVV... 16 - - tx672165aa9aa740e89d8f1-006970f6f4 - 0.0203 - - 1769010932.263130426 1769010932.283420324 0
Jan 21 15:55:32 standalone container-server[123026]: 172.20.0.100 - - [21/Jan/2026:15:55:32 +0000] "PUT /d1/275/AUTH_7f305f5e72d84f90904cd16f69197ce6/gnocchi.5b4af954-cf05-4cd0-93f8-51fb137abf66/none_v3" 201 - "PUT http://localhost:8080/d1/810/AUTH_7f305f5e72d84f90904cd16f69197ce6/gnocchi.5b4af954-cf05-4cd0-93f8-51fb137abf66/none_v3" "tx87b2019008114ef785263-006970f6f4" "object-server 21" 0.0007 "-" 20 0
Jan 21 15:55:32 standalone object-server[123214]: 172.20.0.100 - - [21/Jan/2026:15:55:32 +0000] "PUT /d1/810/AUTH_7f305f5e72d84f90904cd16f69197ce6/gnocchi.5b4af954-cf05-4cd0-93f8-51fb137abf66/none_v3" 201 - "PUT http://localhost:8080/v1/AUTH_7f305f5e72d84f90904cd16f69197ce6/gnocchi.5b4af954-cf05-4cd0-93f8-51fb137abf66/none_v3" "tx87b2019008114ef785263-006970f6f4" "proxy-server 21" 0.0114 "-" 21 0
Jan 21 15:55:32 standalone proxy-server[125188]: 172.18.0.2 ::1 21/Jan/2026/15/55/32 PUT /v1/AUTH_7f305f5e72d84f90904cd16f69197ce6/gnocchi.5b4af954-cf05-4cd0-93f8-51fb137abf66/none_v3 HTTP/1.0 201 - python-swiftclient-3.11.1 gAAAAABpcPar4bVV... 22 - - tx87b2019008114ef785263-006970f6f4 - 0.0170 - - 1769010932.287666321 1769010932.304705143 0
Jan 21 15:55:32 standalone container-server[123044]: 172.20.0.100 - - [21/Jan/2026:15:55:32 +0000] "HEAD /d1/927/AUTH_7f305f5e72d84f90904cd16f69197ce6/gnocchi.74b0c203-2d5e-471d-9475-aafd232582f8" 404 - "HEAD http://localhost:8080/v1/AUTH_7f305f5e72d84f90904cd16f69197ce6/gnocchi.74b0c203-2d5e-471d-9475-aafd232582f8?format=json&states=listing" "txb56cd959b1fa402e9f60d-006970f6f4" "proxy-server 21" 0.0022 "-" 22 0
Jan 21 15:55:32 standalone object-server[123219]: 172.20.0.100 - - [21/Jan/2026:15:55:32 +0000] "GET /d1/23/AUTH_7f305f5e72d84f90904cd16f69197ce6/gnocchi.74b0c203-2d5e-471d-9475-aafd232582f8/none_v3" 404 70 "GET http://localhost:8080/v1/AUTH_7f305f5e72d84f90904cd16f69197ce6/gnocchi.74b0c203-2d5e-471d-9475-aafd232582f8/none_v3" "txb56cd959b1fa402e9f60d-006970f6f4" "proxy-server 21" 0.0004 "-" 22 0
Jan 21 15:55:32 standalone proxy-server[125188]: 172.18.0.2 ::1 21/Jan/2026/15/55/32 GET /v1/AUTH_7f305f5e72d84f90904cd16f69197ce6/gnocchi.74b0c203-2d5e-471d-9475-aafd232582f8/none_v3 HTTP/1.0 404 - python-swiftclient-3.11.1 gAAAAABpcPar4bVV... - 70 - txb56cd959b1fa402e9f60d-006970f6f4 - 0.0146 - - 1769010932.319900274 1769010932.334527731 0
Jan 21 15:55:32 standalone account-server[123101]: 172.20.0.100 - - [21/Jan/2026:15:55:32 +0000] "PUT /d1/192/AUTH_7f305f5e72d84f90904cd16f69197ce6/gnocchi.74b0c203-2d5e-471d-9475-aafd232582f8" 201 - "PUT http://172.20.0.100:6001/d1/927/AUTH_7f305f5e72d84f90904cd16f69197ce6/gnocchi.74b0c203-2d5e-471d-9475-aafd232582f8" "txbdc1cb4942dd48409b399-006970f6f4" "container-server 22" 0.0072 "-" 20 0
Jan 21 15:55:32 standalone container-server[123044]: 172.20.0.100 - - [21/Jan/2026:15:55:32 +0000] "PUT /d1/927/AUTH_7f305f5e72d84f90904cd16f69197ce6/gnocchi.74b0c203-2d5e-471d-9475-aafd232582f8" 201 - "PUT http://localhost:8080/v1/AUTH_7f305f5e72d84f90904cd16f69197ce6/gnocchi.74b0c203-2d5e-471d-9475-aafd232582f8" "txbdc1cb4942dd48409b399-006970f6f4" "proxy-server 21" 0.0537 "-" 22 0
Jan 21 15:55:32 standalone proxy-server[125188]: 172.18.0.2 ::1 21/Jan/2026/15/55/32 PUT /v1/AUTH_7f305f5e72d84f90904cd16f69197ce6/gnocchi.74b0c203-2d5e-471d-9475-aafd232582f8 HTTP/1.0 201 - python-swiftclient-3.11.1 gAAAAABpcPar4bVV... - - - txbdc1cb4942dd48409b399-006970f6f4 - 0.0625 - - 1769010932.338299274 1769010932.400765896 0
Jan 21 15:55:32 standalone container-server[123044]: 172.20.0.100 - - [21/Jan/2026:15:55:32 +0000] "HEAD /d1/927/AUTH_7f305f5e72d84f90904cd16f69197ce6/gnocchi.74b0c203-2d5e-471d-9475-aafd232582f8" 204 - "HEAD http://localhost:8080/v1/AUTH_7f305f5e72d84f90904cd16f69197ce6/gnocchi.74b0c203-2d5e-471d-9475-aafd232582f8?format=json&states=listing" "tx0ca5b74c17cf4324b5377-006970f6f4" "proxy-server 21" 0.0040 "-" 22 0
Jan 21 15:55:32 standalone proxy-server[125188]: - - 21/Jan/2026/15/55/32 HEAD /v1/AUTH_7f305f5e72d84f90904cd16f69197ce6/gnocchi.74b0c203-2d5e-471d-9475-aafd232582f8%3Fformat%3Djson%26states%3Dlisting HTTP/1.0 204 - Swift - - - - tx0ca5b74c17cf4324b5377-006970f6f4 - 0.0085 RL - 1769010932.407155037 1769010932.415684462 0
Jan 21 15:55:32 standalone container-server[123038]: 172.20.0.100 - - [21/Jan/2026:15:55:32 +0000] "GET /d1/927/AUTH_7f305f5e72d84f90904cd16f69197ce6/gnocchi.74b0c203-2d5e-471d-9475-aafd232582f8" 200 2 "GET http://localhost:8080/v1/AUTH_7f305f5e72d84f90904cd16f69197ce6/gnocchi.74b0c203-2d5e-471d-9475-aafd232582f8?format=json&states=listing" "tx0ca5b74c17cf4324b5377-006970f6f4" "proxy-server 21" 0.0214 "-" 21 0
Jan 21 15:55:32 standalone proxy-server[125188]: 172.18.0.2 ::1 21/Jan/2026/15/55/32 GET /v1/AUTH_7f305f5e72d84f90904cd16f69197ce6/gnocchi.74b0c203-2d5e-471d-9475-aafd232582f8%3Fformat%3Djson%26states%3Dlisting HTTP/1.0 200 - python-swiftclient-3.11.1 gAAAAABpcPar4bVV... - 2 - tx0ca5b74c17cf4324b5377-006970f6f4 - 0.0418 - - 1769010932.406020880 1769010932.447788954 0
Jan 21 15:55:32 standalone object-server[123219]: 172.20.0.100 - - [21/Jan/2026:15:55:32 +0000] "GET /d1/313/AUTH_7f305f5e72d84f90904cd16f69197ce6/gnocchi.74b0c203-2d5e-471d-9475-aafd232582f8/1767960000.0_mean_300.0_v3" 404 70 "GET http://localhost:8080/v1/AUTH_7f305f5e72d84f90904cd16f69197ce6/gnocchi.74b0c203-2d5e-471d-9475-aafd232582f8/1767960000.0_mean_300.0_v3" "tx0f7b4fd1cd164e16a9eac-006970f6f4" "proxy-server 21" 0.0004 "-" 22 0
Jan 21 15:55:32 standalone proxy-server[125188]: 172.18.0.2 ::1 21/Jan/2026/15/55/32 GET /v1/AUTH_7f305f5e72d84f90904cd16f69197ce6/gnocchi.74b0c203-2d5e-471d-9475-aafd232582f8/1767960000.0_mean_300.0_v3 HTTP/1.0 404 - python-swiftclient-3.11.1 gAAAAABpcPar4bVV... - 70 - tx0f7b4fd1cd164e16a9eac-006970f6f4 - 0.0117 - - 1769010932.465379953 1769010932.477035999 0
Jan 21 15:55:32 standalone container-server[123038]: 172.20.0.100 - - [21/Jan/2026:15:55:32 +0000] "PUT /d1/927/AUTH_7f305f5e72d84f90904cd16f69197ce6/gnocchi.74b0c203-2d5e-471d-9475-aafd232582f8/1767960000.0_mean_300.0_v3" 201 - "PUT http://localhost:8080/d1/313/AUTH_7f305f5e72d84f90904cd16f69197ce6/gnocchi.74b0c203-2d5e-471d-9475-aafd232582f8/1767960000.0_mean_300.0_v3" "tx46cb12884f9b4e6d9e584-006970f6f4" "object-server 21" 0.0009 "-" 21 0
Jan 21 15:55:32 standalone object-server[123214]: 172.20.0.100 - - [21/Jan/2026:15:55:32 +0000] "PUT /d1/313/AUTH_7f305f5e72d84f90904cd16f69197ce6/gnocchi.74b0c203-2d5e-471d-9475-aafd232582f8/1767960000.0_mean_300.0_v3" 201 - "PUT http://localhost:8080/v1/AUTH_7f305f5e72d84f90904cd16f69197ce6/gnocchi.74b0c203-2d5e-471d-9475-aafd232582f8/1767960000.0_mean_300.0_v3" "tx46cb12884f9b4e6d9e584-006970f6f4" "proxy-server 21" 0.0604 "-" 21 0
Jan 21 15:55:32 standalone proxy-server[125188]: 172.18.0.2 ::1 21/Jan/2026/15/55/32 PUT /v1/AUTH_7f305f5e72d84f90904cd16f69197ce6/gnocchi.74b0c203-2d5e-471d-9475-aafd232582f8/1767960000.0_mean_300.0_v3 HTTP/1.0 201 - python-swiftclient-3.11.1 gAAAAABpcPar4bVV... 16 - - tx46cb12884f9b4e6d9e584-006970f6f4 - 0.0713 - - 1769010932.482591152 1769010932.553909540 0
Jan 21 15:55:32 standalone container-server[123026]: 172.20.0.100 - - [21/Jan/2026:15:55:32 +0000] "PUT /d1/927/AUTH_7f305f5e72d84f90904cd16f69197ce6/gnocchi.74b0c203-2d5e-471d-9475-aafd232582f8/none_v3" 201 - "PUT http://localhost:8080/d1/23/AUTH_7f305f5e72d84f90904cd16f69197ce6/gnocchi.74b0c203-2d5e-471d-9475-aafd232582f8/none_v3" "txff8a59cca04a47a6a21fb-006970f6f4" "object-server 22" 0.0008 "-" 20 0
Jan 21 15:55:32 standalone object-server[123219]: 172.20.0.100 - - [21/Jan/2026:15:55:32 +0000] "PUT /d1/23/AUTH_7f305f5e72d84f90904cd16f69197ce6/gnocchi.74b0c203-2d5e-471d-9475-aafd232582f8/none_v3" 201 - "PUT http://localhost:8080/v1/AUTH_7f305f5e72d84f90904cd16f69197ce6/gnocchi.74b0c203-2d5e-471d-9475-aafd232582f8/none_v3" "txff8a59cca04a47a6a21fb-006970f6f4" "proxy-server 21" 0.0190 "-" 22 0
Jan 21 15:55:32 standalone proxy-server[125188]: 172.18.0.2 ::1 21/Jan/2026/15/55/32 PUT /v1/AUTH_7f305f5e72d84f90904cd16f69197ce6/gnocchi.74b0c203-2d5e-471d-9475-aafd232582f8/none_v3 HTTP/1.0 201 - python-swiftclient-3.11.1 gAAAAABpcPar4bVV... 22 - - txff8a59cca04a47a6a21fb-006970f6f4 - 0.0290 - - 1769010932.559743643 1769010932.588746309 0
Jan 21 15:55:32 standalone container-server[123044]: 172.20.0.100 - - [21/Jan/2026:15:55:32 +0000] "HEAD /d1/533/AUTH_7f305f5e72d84f90904cd16f69197ce6/gnocchi.99e3d42a-7605-44a7-b947-d8cb466bf132" 404 - "HEAD http://localhost:8080/v1/AUTH_7f305f5e72d84f90904cd16f69197ce6/gnocchi.99e3d42a-7605-44a7-b947-d8cb466bf132?format=json&states=listing" "tx7070d7fb051d44859f0af-006970f6f4" "proxy-server 21" 0.0004 "-" 22 0
Jan 21 15:55:32 standalone object-server[123219]: 172.20.0.100 - - [21/Jan/2026:15:55:32 +0000] "GET /d1/393/AUTH_7f305f5e72d84f90904cd16f69197ce6/gnocchi.99e3d42a-7605-44a7-b947-d8cb466bf132/none_v3" 404 70 "GET http://localhost:8080/v1/AUTH_7f305f5e72d84f90904cd16f69197ce6/gnocchi.99e3d42a-7605-44a7-b947-d8cb466bf132/none_v3" "tx7070d7fb051d44859f0af-006970f6f4" "proxy-server 21" 0.0005 "-" 22 0
Jan 21 15:55:32 standalone proxy-server[125188]: 172.18.0.2 ::1 21/Jan/2026/15/55/32 GET /v1/AUTH_7f305f5e72d84f90904cd16f69197ce6/gnocchi.99e3d42a-7605-44a7-b947-d8cb466bf132/none_v3 HTTP/1.0 404 - python-swiftclient-3.11.1 gAAAAABpcPar4bVV... - 70 - tx7070d7fb051d44859f0af-006970f6f4 - 0.0167 - - 1769010932.634367943 1769010932.651022434 0
Jan 21 15:55:32 standalone account-server[123106]: 172.20.0.100 - - [21/Jan/2026:15:55:32 +0000] "PUT /d1/192/AUTH_7f305f5e72d84f90904cd16f69197ce6/gnocchi.99e3d42a-7605-44a7-b947-d8cb466bf132" 201 - "PUT http://172.20.0.100:6001/d1/533/AUTH_7f305f5e72d84f90904cd16f69197ce6/gnocchi.99e3d42a-7605-44a7-b947-d8cb466bf132" "tx5a01cf4be7524a21a54d1-006970f6f4" "container-server 22" 0.0164 "-" 22 0
Jan 21 15:55:32 standalone container-server[123044]: 172.20.0.100 - - [21/Jan/2026:15:55:32 +0000] "PUT /d1/533/AUTH_7f305f5e72d84f90904cd16f69197ce6/gnocchi.99e3d42a-7605-44a7-b947-d8cb466bf132" 201 - "PUT http://localhost:8080/v1/AUTH_7f305f5e72d84f90904cd16f69197ce6/gnocchi.99e3d42a-7605-44a7-b947-d8cb466bf132" "tx5a01cf4be7524a21a54d1-006970f6f4" "proxy-server 21" 0.0569 "-" 22 0
Jan 21 15:55:32 standalone proxy-server[125188]: 172.18.0.2 ::1 21/Jan/2026/15/55/32 PUT /v1/AUTH_7f305f5e72d84f90904cd16f69197ce6/gnocchi.99e3d42a-7605-44a7-b947-d8cb466bf132 HTTP/1.0 201 - python-swiftclient-3.11.1 gAAAAABpcPar4bVV... - - - tx5a01cf4be7524a21a54d1-006970f6f4 - 0.0669 - - 1769010932.658145905 1769010932.725069761 0
Jan 21 15:55:32 standalone container-server[123045]: 172.20.0.100 - - [21/Jan/2026:15:55:32 +0000] "HEAD /d1/533/AUTH_7f305f5e72d84f90904cd16f69197ce6/gnocchi.99e3d42a-7605-44a7-b947-d8cb466bf132" 204 - "HEAD http://localhost:8080/v1/AUTH_7f305f5e72d84f90904cd16f69197ce6/gnocchi.99e3d42a-7605-44a7-b947-d8cb466bf132?format=json&states=listing" "txa941693aa9e145aca39cf-006970f6f4" "proxy-server 21" 0.0015 "-" 23 0
Jan 21 15:55:32 standalone proxy-server[125188]: - - 21/Jan/2026/15/55/32 HEAD /v1/AUTH_7f305f5e72d84f90904cd16f69197ce6/gnocchi.99e3d42a-7605-44a7-b947-d8cb466bf132%3Fformat%3Djson%26states%3Dlisting HTTP/1.0 204 - Swift - - - - txa941693aa9e145aca39cf-006970f6f4 - 0.0095 RL - 1769010932.741179228 1769010932.750723362 0
Jan 21 15:55:32 standalone container-server[123038]: 172.20.0.100 - - [21/Jan/2026:15:55:32 +0000] "GET /d1/533/AUTH_7f305f5e72d84f90904cd16f69197ce6/gnocchi.99e3d42a-7605-44a7-b947-d8cb466bf132" 200 2 "GET http://localhost:8080/v1/AUTH_7f305f5e72d84f90904cd16f69197ce6/gnocchi.99e3d42a-7605-44a7-b947-d8cb466bf132?format=json&states=listing" "txa941693aa9e145aca39cf-006970f6f4" "proxy-server 21" 0.0021 "-" 21 0
Jan 21 15:55:32 standalone proxy-server[125188]: 172.18.0.2 ::1 21/Jan/2026/15/55/32 GET /v1/AUTH_7f305f5e72d84f90904cd16f69197ce6/gnocchi.99e3d42a-7605-44a7-b947-d8cb466bf132%3Fformat%3Djson%26states%3Dlisting HTTP/1.0 200 - python-swiftclient-3.11.1 gAAAAABpcPar4bVV... - 2 - txa941693aa9e145aca39cf-006970f6f4 - 0.0236 - - 1769010932.737855196 1769010932.761456728 0
Jan 21 15:55:32 standalone object-server[123219]: 172.20.0.100 - - [21/Jan/2026:15:55:32 +0000] "GET /d1/20/AUTH_7f305f5e72d84f90904cd16f69197ce6/gnocchi.99e3d42a-7605-44a7-b947-d8cb466bf132/1767960000.0_mean_300.0_v3" 404 70 "GET http://localhost:8080/v1/AUTH_7f305f5e72d84f90904cd16f69197ce6/gnocchi.99e3d42a-7605-44a7-b947-d8cb466bf132/1767960000.0_mean_300.0_v3" "txdc30ce6b767a45b894485-006970f6f4" "proxy-server 21" 0.0004 "-" 22 0
Jan 21 15:55:32 standalone proxy-server[125188]: 172.18.0.2 ::1 21/Jan/2026/15/55/32 GET /v1/AUTH_7f305f5e72d84f90904cd16f69197ce6/gnocchi.99e3d42a-7605-44a7-b947-d8cb466bf132/1767960000.0_mean_300.0_v3 HTTP/1.0 404 - python-swiftclient-3.11.1 gAAAAABpcPar4bVV... - 70 - txdc30ce6b767a45b894485-006970f6f4 - 0.0063 - - 1769010932.765932560 1769010932.772186518 0
Jan 21 15:55:32 standalone container-server[123038]: 172.20.0.100 - - [21/Jan/2026:15:55:32 +0000] "PUT /d1/533/AUTH_7f305f5e72d84f90904cd16f69197ce6/gnocchi.99e3d42a-7605-44a7-b947-d8cb466bf132/1767960000.0_mean_300.0_v3" 201 - "PUT http://localhost:8080/d1/20/AUTH_7f305f5e72d84f90904cd16f69197ce6/gnocchi.99e3d42a-7605-44a7-b947-d8cb466bf132/1767960000.0_mean_300.0_v3" "tx330dc93e88ab4305b7998-006970f6f4" "object-server 22" 0.0007 "-" 21 0
Jan 21 15:55:32 standalone object-server[123219]: 172.20.0.100 - - [21/Jan/2026:15:55:32 +0000] "PUT /d1/20/AUTH_7f305f5e72d84f90904cd16f69197ce6/gnocchi.99e3d42a-7605-44a7-b947-d8cb466bf132/1767960000.0_mean_300.0_v3" 201 - "PUT http://localhost:8080/v1/AUTH_7f305f5e72d84f90904cd16f69197ce6/gnocchi.99e3d42a-7605-44a7-b947-d8cb466bf132/1767960000.0_mean_300.0_v3" "tx330dc93e88ab4305b7998-006970f6f4" "proxy-server 21" 0.0228 "-" 22 0
Jan 21 15:55:32 standalone proxy-server[125188]: 172.18.0.2 ::1 21/Jan/2026/15/55/32 PUT /v1/AUTH_7f305f5e72d84f90904cd16f69197ce6/gnocchi.99e3d42a-7605-44a7-b947-d8cb466bf132/1767960000.0_mean_300.0_v3 HTTP/1.0 201 - python-swiftclient-3.11.1 gAAAAABpcPar4bVV... 16 - - tx330dc93e88ab4305b7998-006970f6f4 - 0.0308 - - 1769010932.785355806 1769010932.816132069 0
Jan 21 15:55:32 standalone container-server[123038]: 172.20.0.100 - - [21/Jan/2026:15:55:32 +0000] "PUT /d1/533/AUTH_7f305f5e72d84f90904cd16f69197ce6/gnocchi.99e3d42a-7605-44a7-b947-d8cb466bf132/none_v3" 201 - "PUT http://localhost:8080/d1/393/AUTH_7f305f5e72d84f90904cd16f69197ce6/gnocchi.99e3d42a-7605-44a7-b947-d8cb466bf132/none_v3" "txd4e87ffbcbec4b948b8e9-006970f6f4" "object-server 22" 0.0006 "-" 21 0
Jan 21 15:55:32 standalone object-server[123219]: 172.20.0.100 - - [21/Jan/2026:15:55:32 +0000] "PUT /d1/393/AUTH_7f305f5e72d84f90904cd16f69197ce6/gnocchi.99e3d42a-7605-44a7-b947-d8cb466bf132/none_v3" 201 - "PUT http://localhost:8080/v1/AUTH_7f305f5e72d84f90904cd16f69197ce6/gnocchi.99e3d42a-7605-44a7-b947-d8cb466bf132/none_v3" "txd4e87ffbcbec4b948b8e9-006970f6f4" "proxy-server 21" 0.0168 "-" 22 0
Jan 21 15:55:32 standalone proxy-server[125188]: 172.18.0.2 ::1 21/Jan/2026/15/55/32 PUT /v1/AUTH_7f305f5e72d84f90904cd16f69197ce6/gnocchi.99e3d42a-7605-44a7-b947-d8cb466bf132/none_v3 HTTP/1.0 201 - python-swiftclient-3.11.1 gAAAAABpcPar4bVV... 22 - - txd4e87ffbcbec4b948b8e9-006970f6f4 - 0.0239 - - 1769010932.824492455 1769010932.848403692 0
Jan 21 15:55:32 standalone container-server[123026]: 172.20.0.100 - - [21/Jan/2026:15:55:32 +0000] "HEAD /d1/113/AUTH_7f305f5e72d84f90904cd16f69197ce6/gnocchi.fe9e89a0-38dc-41cf-ae8b-e6bc0501ba96" 404 - "HEAD http://localhost:8080/v1/AUTH_7f305f5e72d84f90904cd16f69197ce6/gnocchi.fe9e89a0-38dc-41cf-ae8b-e6bc0501ba96?format=json&states=listing" "txb0424ca02aba4d108bacb-006970f6f4" "proxy-server 21" 0.0007 "-" 20 0
Jan 21 15:55:32 standalone object-server[123219]: 172.20.0.100 - - [21/Jan/2026:15:55:32 +0000] "GET /d1/987/AUTH_7f305f5e72d84f90904cd16f69197ce6/gnocchi.fe9e89a0-38dc-41cf-ae8b-e6bc0501ba96/none_v3" 404 70 "GET http://localhost:8080/v1/AUTH_7f305f5e72d84f90904cd16f69197ce6/gnocchi.fe9e89a0-38dc-41cf-ae8b-e6bc0501ba96/none_v3" "txb0424ca02aba4d108bacb-006970f6f4" "proxy-server 21" 0.0005 "-" 22 0
Jan 21 15:55:32 standalone proxy-server[125188]: 172.18.0.2 ::1 21/Jan/2026/15/55/32 GET /v1/AUTH_7f305f5e72d84f90904cd16f69197ce6/gnocchi.fe9e89a0-38dc-41cf-ae8b-e6bc0501ba96/none_v3 HTTP/1.0 404 - python-swiftclient-3.11.1 gAAAAABpcPar4bVV... - 70 - txb0424ca02aba4d108bacb-006970f6f4 - 0.0131 - - 1769010932.863262415 1769010932.876384497 0
Jan 21 15:55:32 standalone account-server[123102]: 172.20.0.100 - - [21/Jan/2026:15:55:32 +0000] "PUT /d1/192/AUTH_7f305f5e72d84f90904cd16f69197ce6/gnocchi.fe9e89a0-38dc-41cf-ae8b-e6bc0501ba96" 201 - "PUT http://172.20.0.100:6001/d1/113/AUTH_7f305f5e72d84f90904cd16f69197ce6/gnocchi.fe9e89a0-38dc-41cf-ae8b-e6bc0501ba96" "txec4a4cdceb834948a5e5a-006970f6f4" "container-server 23" 0.0050 "-" 21 0
Jan 21 15:55:32 standalone container-server[123045]: 172.20.0.100 - - [21/Jan/2026:15:55:32 +0000] "PUT /d1/113/AUTH_7f305f5e72d84f90904cd16f69197ce6/gnocchi.fe9e89a0-38dc-41cf-ae8b-e6bc0501ba96" 201 - "PUT http://localhost:8080/v1/AUTH_7f305f5e72d84f90904cd16f69197ce6/gnocchi.fe9e89a0-38dc-41cf-ae8b-e6bc0501ba96" "txec4a4cdceb834948a5e5a-006970f6f4" "proxy-server 21" 0.0151 "-" 23 0
Jan 21 15:55:32 standalone proxy-server[125188]: 172.18.0.2 ::1 21/Jan/2026/15/55/32 PUT /v1/AUTH_7f305f5e72d84f90904cd16f69197ce6/gnocchi.fe9e89a0-38dc-41cf-ae8b-e6bc0501ba96 HTTP/1.0 201 - python-swiftclient-3.11.1 gAAAAABpcPar4bVV... - - - txec4a4cdceb834948a5e5a-006970f6f4 - 0.0240 - - 1769010932.880716562 1769010932.904754639 0
Jan 21 15:55:32 standalone container-server[123044]: 172.20.0.100 - - [21/Jan/2026:15:55:32 +0000] "HEAD /d1/113/AUTH_7f305f5e72d84f90904cd16f69197ce6/gnocchi.fe9e89a0-38dc-41cf-ae8b-e6bc0501ba96" 204 - "HEAD http://localhost:8080/v1/AUTH_7f305f5e72d84f90904cd16f69197ce6/gnocchi.fe9e89a0-38dc-41cf-ae8b-e6bc0501ba96?format=json&states=listing" "txe787c088c8644dd9ae477-006970f6f4" "proxy-server 21" 0.0016 "-" 22 0
Jan 21 15:55:32 standalone proxy-server[125188]: - - 21/Jan/2026/15/55/32 HEAD /v1/AUTH_7f305f5e72d84f90904cd16f69197ce6/gnocchi.fe9e89a0-38dc-41cf-ae8b-e6bc0501ba96%3Fformat%3Djson%26states%3Dlisting HTTP/1.0 204 - Swift - - - - txe787c088c8644dd9ae477-006970f6f4 - 0.0064 RL - 1769010932.912073612 1769010932.918430090 0
Jan 21 15:55:32 standalone container-server[123038]: 172.20.0.100 - - [21/Jan/2026:15:55:32 +0000] "GET /d1/113/AUTH_7f305f5e72d84f90904cd16f69197ce6/gnocchi.fe9e89a0-38dc-41cf-ae8b-e6bc0501ba96" 200 2 "GET http://localhost:8080/v1/AUTH_7f305f5e72d84f90904cd16f69197ce6/gnocchi.fe9e89a0-38dc-41cf-ae8b-e6bc0501ba96?format=json&states=listing" "txe787c088c8644dd9ae477-006970f6f4" "proxy-server 21" 0.0026 "-" 21 0
Jan 21 15:55:32 standalone proxy-server[125188]: 172.18.0.2 ::1 21/Jan/2026/15/55/32 GET /v1/AUTH_7f305f5e72d84f90904cd16f69197ce6/gnocchi.fe9e89a0-38dc-41cf-ae8b-e6bc0501ba96%3Fformat%3Djson%26states%3Dlisting HTTP/1.0 200 - python-swiftclient-3.11.1 gAAAAABpcPar4bVV... - 2 - txe787c088c8644dd9ae477-006970f6f4 - 0.0218 - - 1769010932.910822153 1769010932.932666063 0
Jan 21 15:55:32 standalone object-server[123220]: 172.20.0.100 - - [21/Jan/2026:15:55:32 +0000] "GET /d1/687/AUTH_7f305f5e72d84f90904cd16f69197ce6/gnocchi.fe9e89a0-38dc-41cf-ae8b-e6bc0501ba96/1767960000.0_mean_300.0_v3" 404 70 "GET http://localhost:8080/v1/AUTH_7f305f5e72d84f90904cd16f69197ce6/gnocchi.fe9e89a0-38dc-41cf-ae8b-e6bc0501ba96/1767960000.0_mean_300.0_v3" "tx08884f084f23482a8fce9-006970f6f4" "proxy-server 21" 0.0004 "-" 23 0
Jan 21 15:55:32 standalone proxy-server[125188]: 172.18.0.2 ::1 21/Jan/2026/15/55/32 GET /v1/AUTH_7f305f5e72d84f90904cd16f69197ce6/gnocchi.fe9e89a0-38dc-41cf-ae8b-e6bc0501ba96/1767960000.0_mean_300.0_v3 HTTP/1.0 404 - python-swiftclient-3.11.1 gAAAAABpcPar4bVV... - 70 - tx08884f084f23482a8fce9-006970f6f4 - 0.0100 - - 1769010932.948364258 1769010932.958336353 0
Jan 21 15:55:32 standalone container-server[123038]: 172.20.0.100 - - [21/Jan/2026:15:55:32 +0000] "PUT /d1/113/AUTH_7f305f5e72d84f90904cd16f69197ce6/gnocchi.fe9e89a0-38dc-41cf-ae8b-e6bc0501ba96/1767960000.0_mean_300.0_v3" 201 - "PUT http://localhost:8080/d1/687/AUTH_7f305f5e72d84f90904cd16f69197ce6/gnocchi.fe9e89a0-38dc-41cf-ae8b-e6bc0501ba96/1767960000.0_mean_300.0_v3" "tx4dba3fc78a424644bae0e-006970f6f4" "object-server 21" 0.0008 "-" 21 0
Jan 21 15:55:32 standalone object-server[123214]: 172.20.0.100 - - [21/Jan/2026:15:55:32 +0000] "PUT /d1/687/AUTH_7f305f5e72d84f90904cd16f69197ce6/gnocchi.fe9e89a0-38dc-41cf-ae8b-e6bc0501ba96/1767960000.0_mean_300.0_v3" 201 - "PUT http://localhost:8080/v1/AUTH_7f305f5e72d84f90904cd16f69197ce6/gnocchi.fe9e89a0-38dc-41cf-ae8b-e6bc0501ba96/1767960000.0_mean_300.0_v3" "tx4dba3fc78a424644bae0e-006970f6f4" "proxy-server 21" 0.0173 "-" 21 0
Jan 21 15:55:32 standalone proxy-server[125188]: 172.18.0.2 ::1 21/Jan/2026/15/55/32 PUT /v1/AUTH_7f305f5e72d84f90904cd16f69197ce6/gnocchi.fe9e89a0-38dc-41cf-ae8b-e6bc0501ba96/1767960000.0_mean_300.0_v3 HTTP/1.0 201 - python-swiftclient-3.11.1 gAAAAABpcPar4bVV... 16 - - tx4dba3fc78a424644bae0e-006970f6f4 - 0.0244 - - 1769010932.965941668 1769010932.990355730 0
Jan 21 15:55:33 standalone container-server[123038]: 172.20.0.100 - - [21/Jan/2026:15:55:33 +0000] "PUT /d1/113/AUTH_7f305f5e72d84f90904cd16f69197ce6/gnocchi.fe9e89a0-38dc-41cf-ae8b-e6bc0501ba96/none_v3" 201 - "PUT http://localhost:8080/d1/987/AUTH_7f305f5e72d84f90904cd16f69197ce6/gnocchi.fe9e89a0-38dc-41cf-ae8b-e6bc0501ba96/none_v3" "tx23a7e5e3dead4d2d8a3ff-006970f6f4" "object-server 21" 0.0009 "-" 21 0
Jan 21 15:55:33 standalone object-server[123214]: 172.20.0.100 - - [21/Jan/2026:15:55:33 +0000] "PUT /d1/987/AUTH_7f305f5e72d84f90904cd16f69197ce6/gnocchi.fe9e89a0-38dc-41cf-ae8b-e6bc0501ba96/none_v3" 201 - "PUT http://localhost:8080/v1/AUTH_7f305f5e72d84f90904cd16f69197ce6/gnocchi.fe9e89a0-38dc-41cf-ae8b-e6bc0501ba96/none_v3" "tx23a7e5e3dead4d2d8a3ff-006970f6f4" "proxy-server 21" 0.0119 "-" 21 0
Jan 21 15:55:33 standalone proxy-server[125188]: 172.18.0.2 ::1 21/Jan/2026/15/55/33 PUT /v1/AUTH_7f305f5e72d84f90904cd16f69197ce6/gnocchi.fe9e89a0-38dc-41cf-ae8b-e6bc0501ba96/none_v3 HTTP/1.0 201 - python-swiftclient-3.11.1 gAAAAABpcPar4bVV... 22 - - tx23a7e5e3dead4d2d8a3ff-006970f6f4 - 0.0209 - - 1769010932.997362137 1769010933.018246412 0
Jan 21 15:55:33 standalone container-server[123026]: 172.20.0.100 - - [21/Jan/2026:15:55:33 +0000] "HEAD /d1/551/AUTH_7f305f5e72d84f90904cd16f69197ce6/gnocchi.fb724b12-c39d-47a5-b3ae-a70286ec8977" 404 - "HEAD http://localhost:8080/v1/AUTH_7f305f5e72d84f90904cd16f69197ce6/gnocchi.fb724b12-c39d-47a5-b3ae-a70286ec8977?format=json&states=listing" "tx60f7419821fe417298210-006970f6f5" "proxy-server 21" 0.0004 "-" 20 0
Jan 21 15:55:33 standalone object-server[123214]: 172.20.0.100 - - [21/Jan/2026:15:55:33 +0000] "GET /d1/877/AUTH_7f305f5e72d84f90904cd16f69197ce6/gnocchi.fb724b12-c39d-47a5-b3ae-a70286ec8977/none_v3" 404 70 "GET http://localhost:8080/v1/AUTH_7f305f5e72d84f90904cd16f69197ce6/gnocchi.fb724b12-c39d-47a5-b3ae-a70286ec8977/none_v3" "tx60f7419821fe417298210-006970f6f5" "proxy-server 21" 0.0004 "-" 21 0
Jan 21 15:55:33 standalone proxy-server[125188]: 172.18.0.2 ::1 21/Jan/2026/15/55/33 GET /v1/AUTH_7f305f5e72d84f90904cd16f69197ce6/gnocchi.fb724b12-c39d-47a5-b3ae-a70286ec8977/none_v3 HTTP/1.0 404 - python-swiftclient-3.11.1 gAAAAABpcPar4bVV... - 70 - tx60f7419821fe417298210-006970f6f5 - 0.0139 - - 1769010933.039042234 1769010933.052990913 0
Jan 21 15:55:33 standalone account-server[123101]: 172.20.0.100 - - [21/Jan/2026:15:55:33 +0000] "PUT /d1/192/AUTH_7f305f5e72d84f90904cd16f69197ce6/gnocchi.fb724b12-c39d-47a5-b3ae-a70286ec8977" 201 - "PUT http://172.20.0.100:6001/d1/551/AUTH_7f305f5e72d84f90904cd16f69197ce6/gnocchi.fb724b12-c39d-47a5-b3ae-a70286ec8977" "tx0123765ac8a742e3a0f67-006970f6f5" "container-server 22" 0.0050 "-" 20 0
Jan 21 15:55:33 standalone container-server[123044]: 172.20.0.100 - - [21/Jan/2026:15:55:33 +0000] "PUT /d1/551/AUTH_7f305f5e72d84f90904cd16f69197ce6/gnocchi.fb724b12-c39d-47a5-b3ae-a70286ec8977" 201 - "PUT http://localhost:8080/v1/AUTH_7f305f5e72d84f90904cd16f69197ce6/gnocchi.fb724b12-c39d-47a5-b3ae-a70286ec8977" "tx0123765ac8a742e3a0f67-006970f6f5" "proxy-server 21" 0.0164 "-" 22 0
Jan 21 15:55:33 standalone proxy-server[125188]: 172.18.0.2 ::1 21/Jan/2026/15/55/33 PUT /v1/AUTH_7f305f5e72d84f90904cd16f69197ce6/gnocchi.fb724b12-c39d-47a5-b3ae-a70286ec8977 HTTP/1.0 201 - python-swiftclient-3.11.1 gAAAAABpcPar4bVV... - - - tx0123765ac8a742e3a0f67-006970f6f5 - 0.0255 - - 1769010933.058882475 1769010933.084367990 0
Jan 21 15:55:33 standalone container-server[123044]: 172.20.0.100 - - [21/Jan/2026:15:55:33 +0000] "HEAD /d1/551/AUTH_7f305f5e72d84f90904cd16f69197ce6/gnocchi.fb724b12-c39d-47a5-b3ae-a70286ec8977" 204 - "HEAD http://localhost:8080/v1/AUTH_7f305f5e72d84f90904cd16f69197ce6/gnocchi.fb724b12-c39d-47a5-b3ae-a70286ec8977?format=json&states=listing" "txa4bf8afa8adc4f058079f-006970f6f5" "proxy-server 21" 0.0021 "-" 22 0
Jan 21 15:55:33 standalone proxy-server[125188]: - - 21/Jan/2026/15/55/33 HEAD /v1/AUTH_7f305f5e72d84f90904cd16f69197ce6/gnocchi.fb724b12-c39d-47a5-b3ae-a70286ec8977%3Fformat%3Djson%26states%3Dlisting HTTP/1.0 204 - Swift - - - - txa4bf8afa8adc4f058079f-006970f6f5 - 0.0116 RL - 1769010933.094877005 1769010933.106513977 0
Jan 21 15:55:33 standalone container-server[123026]: 172.20.0.100 - - [21/Jan/2026:15:55:33 +0000] "GET /d1/551/AUTH_7f305f5e72d84f90904cd16f69197ce6/gnocchi.fb724b12-c39d-47a5-b3ae-a70286ec8977" 200 2 "GET http://localhost:8080/v1/AUTH_7f305f5e72d84f90904cd16f69197ce6/gnocchi.fb724b12-c39d-47a5-b3ae-a70286ec8977?format=json&states=listing" "txa4bf8afa8adc4f058079f-006970f6f5" "proxy-server 21" 0.0023 "-" 20 0
Jan 21 15:55:33 standalone proxy-server[125188]: 172.18.0.2 ::1 21/Jan/2026/15/55/33 GET /v1/AUTH_7f305f5e72d84f90904cd16f69197ce6/gnocchi.fb724b12-c39d-47a5-b3ae-a70286ec8977%3Fformat%3Djson%26states%3Dlisting HTTP/1.0 200 - python-swiftclient-3.11.1 gAAAAABpcPar4bVV... - 2 - txa4bf8afa8adc4f058079f-006970f6f5 - 0.0242 - - 1769010933.093533516 1769010933.117684841 0
Jan 21 15:55:33 standalone object-server[123219]: 172.20.0.100 - - [21/Jan/2026:15:55:33 +0000] "GET /d1/265/AUTH_7f305f5e72d84f90904cd16f69197ce6/gnocchi.fb724b12-c39d-47a5-b3ae-a70286ec8977/1767960000.0_mean_300.0_v3" 404 70 "GET http://localhost:8080/v1/AUTH_7f305f5e72d84f90904cd16f69197ce6/gnocchi.fb724b12-c39d-47a5-b3ae-a70286ec8977/1767960000.0_mean_300.0_v3" "txf90f4bbabdc649e0a487c-006970f6f5" "proxy-server 21" 0.0011 "-" 22 0
Jan 21 15:55:33 standalone proxy-server[125188]: 172.18.0.2 ::1 21/Jan/2026/15/55/33 GET /v1/AUTH_7f305f5e72d84f90904cd16f69197ce6/gnocchi.fb724b12-c39d-47a5-b3ae-a70286ec8977/1767960000.0_mean_300.0_v3 HTTP/1.0 404 - python-swiftclient-3.11.1 gAAAAABpcPar4bVV... - 70 - txf90f4bbabdc649e0a487c-006970f6f5 - 0.0072 - - 1769010933.124902487 1769010933.132124662 0
Jan 21 15:55:33 standalone container-server[123026]: 172.20.0.100 - - [21/Jan/2026:15:55:33 +0000] "PUT /d1/551/AUTH_7f305f5e72d84f90904cd16f69197ce6/gnocchi.fb724b12-c39d-47a5-b3ae-a70286ec8977/1767960000.0_mean_300.0_v3" 201 - "PUT http://localhost:8080/d1/265/AUTH_7f305f5e72d84f90904cd16f69197ce6/gnocchi.fb724b12-c39d-47a5-b3ae-a70286ec8977/1767960000.0_mean_300.0_v3" "txfb3f4ed8b6524c6badc01-006970f6f5" "object-server 22" 0.0020 "-" 20 0
Jan 21 15:55:33 standalone object-server[123219]: 172.20.0.100 - - [21/Jan/2026:15:55:33 +0000] "PUT /d1/265/AUTH_7f305f5e72d84f90904cd16f69197ce6/gnocchi.fb724b12-c39d-47a5-b3ae-a70286ec8977/1767960000.0_mean_300.0_v3" 201 - "PUT http://localhost:8080/v1/AUTH_7f305f5e72d84f90904cd16f69197ce6/gnocchi.fb724b12-c39d-47a5-b3ae-a70286ec8977/1767960000.0_mean_300.0_v3" "txfb3f4ed8b6524c6badc01-006970f6f5" "proxy-server 21" 0.0148 "-" 22 0
Jan 21 15:55:33 standalone proxy-server[125188]: 172.18.0.2 ::1 21/Jan/2026/15/55/33 PUT /v1/AUTH_7f305f5e72d84f90904cd16f69197ce6/gnocchi.fb724b12-c39d-47a5-b3ae-a70286ec8977/1767960000.0_mean_300.0_v3 HTTP/1.0 201 - python-swiftclient-3.11.1 gAAAAABpcPar4bVV... 16 - - txfb3f4ed8b6524c6badc01-006970f6f5 - 0.0221 - - 1769010933.138794184 1769010933.160860777 0
Jan 21 15:55:33 standalone container-server[123045]: 172.20.0.100 - - [21/Jan/2026:15:55:33 +0000] "PUT /d1/551/AUTH_7f305f5e72d84f90904cd16f69197ce6/gnocchi.fb724b12-c39d-47a5-b3ae-a70286ec8977/none_v3" 201 - "PUT http://localhost:8080/d1/877/AUTH_7f305f5e72d84f90904cd16f69197ce6/gnocchi.fb724b12-c39d-47a5-b3ae-a70286ec8977/none_v3" "txf69d6736c6844e7fa8ab4-006970f6f5" "object-server 21" 0.0009 "-" 23 0
Jan 21 15:55:33 standalone object-server[123214]: 172.20.0.100 - - [21/Jan/2026:15:55:33 +0000] "PUT /d1/877/AUTH_7f305f5e72d84f90904cd16f69197ce6/gnocchi.fb724b12-c39d-47a5-b3ae-a70286ec8977/none_v3" 201 - "PUT http://localhost:8080/v1/AUTH_7f305f5e72d84f90904cd16f69197ce6/gnocchi.fb724b12-c39d-47a5-b3ae-a70286ec8977/none_v3" "txf69d6736c6844e7fa8ab4-006970f6f5" "proxy-server 21" 0.0107 "-" 21 0
Jan 21 15:55:33 standalone proxy-server[125188]: 172.18.0.2 ::1 21/Jan/2026/15/55/33 PUT /v1/AUTH_7f305f5e72d84f90904cd16f69197ce6/gnocchi.fb724b12-c39d-47a5-b3ae-a70286ec8977/none_v3 HTTP/1.0 201 - python-swiftclient-3.11.1 gAAAAABpcPar4bVV... 22 - - txf69d6736c6844e7fa8ab4-006970f6f5 - 0.0238 - - 1769010933.165981293 1769010933.189823151 0
Jan 21 15:56:10 standalone account-server[123102]: 172.20.0.100 - - [21/Jan/2026:15:56:10 +0000] "HEAD /d1/17/.expiring_objects" 404 - "HEAD http://localhost/v1/.expiring_objects?format=json" "tx7a5557f6a484442183c0c-006970f71a" "proxy-server 2" 0.0013 "-" 21 -
Jan 21 15:56:10 standalone object-expirer[123027]: Pass completed in 0s; 0 objects expired (txn: tx7a5557f6a484442183c0c-006970f71a)
Jan 21 15:57:26 standalone account-server[123107]: 172.20.0.100 - - [21/Jan/2026:15:57:26 +0000] "HEAD /d1/192/AUTH_7f305f5e72d84f90904cd16f69197ce6" 204 - "HEAD http://localhost:8080/v1/AUTH_7f305f5e72d84f90904cd16f69197ce6?format=json" "txac0ea02fce774a91b3172-006970f766" "proxy-server 21" 0.0335 "-" 23 -
Jan 21 15:57:26 standalone proxy-server[125188]: - - 21/Jan/2026/15/57/26 HEAD /v1/AUTH_7f305f5e72d84f90904cd16f69197ce6%3Fformat%3Djson HTTP/1.0 204 - Swift - - - - txac0ea02fce774a91b3172-006970f766 - 0.0382 RL - 1769011046.083897352 1769011046.122106791 -
Jan 21 15:57:26 standalone container-server[123026]: 172.20.0.100 - - [21/Jan/2026:15:57:26 +0000] "HEAD /d1/607/AUTH_7f305f5e72d84f90904cd16f69197ce6/gnocchi.d8fc4865-41d5-4eee-b73a-f58a94be1629" 404 - "HEAD http://localhost:8080/v1/AUTH_7f305f5e72d84f90904cd16f69197ce6/gnocchi.d8fc4865-41d5-4eee-b73a-f58a94be1629?format=json&states=listing" "txac0ea02fce774a91b3172-006970f766" "proxy-server 21" 0.0006 "-" 20 0
Jan 21 15:57:26 standalone object-server[123219]: 172.20.0.100 - - [21/Jan/2026:15:57:26 +0000] "GET /d1/768/AUTH_7f305f5e72d84f90904cd16f69197ce6/gnocchi.d8fc4865-41d5-4eee-b73a-f58a94be1629/none_v3" 404 70 "GET http://localhost:8080/v1/AUTH_7f305f5e72d84f90904cd16f69197ce6/gnocchi.d8fc4865-41d5-4eee-b73a-f58a94be1629/none_v3" "txac0ea02fce774a91b3172-006970f766" "proxy-server 21" 0.0005 "-" 22 0
Jan 21 15:57:26 standalone proxy-server[125188]: 172.18.0.2 ::1 21/Jan/2026/15/57/26 GET /v1/AUTH_7f305f5e72d84f90904cd16f69197ce6/gnocchi.d8fc4865-41d5-4eee-b73a-f58a94be1629/none_v3 HTTP/1.0 404 - python-swiftclient-3.11.1 gAAAAABpcPar4bVV... - 70 - txac0ea02fce774a91b3172-006970f766 - 0.0493 - - 1769011046.083049536 1769011046.132331848 0
Jan 21 15:57:26 standalone account-server[123101]: 172.20.0.100 - - [21/Jan/2026:15:57:26 +0000] "PUT /d1/192/AUTH_7f305f5e72d84f90904cd16f69197ce6/gnocchi.d8fc4865-41d5-4eee-b73a-f58a94be1629" 201 - "PUT http://172.20.0.100:6001/d1/607/AUTH_7f305f5e72d84f90904cd16f69197ce6/gnocchi.d8fc4865-41d5-4eee-b73a-f58a94be1629" "txa92ec2656796471fa31b5-006970f766" "container-server 23" 0.0010 "-" 20 0
Jan 21 15:57:26 standalone container-server[123045]: 172.20.0.100 - - [21/Jan/2026:15:57:26 +0000] "PUT /d1/607/AUTH_7f305f5e72d84f90904cd16f69197ce6/gnocchi.d8fc4865-41d5-4eee-b73a-f58a94be1629" 201 - "PUT http://localhost:8080/v1/AUTH_7f305f5e72d84f90904cd16f69197ce6/gnocchi.d8fc4865-41d5-4eee-b73a-f58a94be1629" "txa92ec2656796471fa31b5-006970f766" "proxy-server 21" 0.0093 "-" 23 0
Jan 21 15:57:26 standalone proxy-server[125188]: 172.18.0.2 ::1 21/Jan/2026/15/57/26 PUT /v1/AUTH_7f305f5e72d84f90904cd16f69197ce6/gnocchi.d8fc4865-41d5-4eee-b73a-f58a94be1629 HTTP/1.0 201 - python-swiftclient-3.11.1 gAAAAABpcPar4bVV... - - - txa92ec2656796471fa31b5-006970f766 - 0.0138 - - 1769011046.137471437 1769011046.151288986 0
Jan 21 15:57:26 standalone container-server[123026]: 172.20.0.100 - - [21/Jan/2026:15:57:26 +0000] "HEAD /d1/607/AUTH_7f305f5e72d84f90904cd16f69197ce6/gnocchi.d8fc4865-41d5-4eee-b73a-f58a94be1629" 204 - "HEAD http://localhost:8080/v1/AUTH_7f305f5e72d84f90904cd16f69197ce6/gnocchi.d8fc4865-41d5-4eee-b73a-f58a94be1629?format=json&states=listing" "tx05232ef96bfc469893e97-006970f766" "proxy-server 21" 0.0011 "-" 20 0
Jan 21 15:57:26 standalone proxy-server[125188]: - - 21/Jan/2026/15/57/26 HEAD /v1/AUTH_7f305f5e72d84f90904cd16f69197ce6/gnocchi.d8fc4865-41d5-4eee-b73a-f58a94be1629%3Fformat%3Djson%26states%3Dlisting HTTP/1.0 204 - Swift - - - - tx05232ef96bfc469893e97-006970f766 - 0.0038 RL - 1769011046.156225443 1769011046.159978390 0
Jan 21 15:57:26 standalone container-server[123044]: 172.20.0.100 - - [21/Jan/2026:15:57:26 +0000] "GET /d1/607/AUTH_7f305f5e72d84f90904cd16f69197ce6/gnocchi.d8fc4865-41d5-4eee-b73a-f58a94be1629" 200 2 "GET http://localhost:8080/v1/AUTH_7f305f5e72d84f90904cd16f69197ce6/gnocchi.d8fc4865-41d5-4eee-b73a-f58a94be1629?format=json&states=listing" "tx05232ef96bfc469893e97-006970f766" "proxy-server 21" 0.0024 "-" 22 0
Jan 21 15:57:26 standalone proxy-server[125188]: 172.18.0.2 ::1 21/Jan/2026/15/57/26 GET /v1/AUTH_7f305f5e72d84f90904cd16f69197ce6/gnocchi.d8fc4865-41d5-4eee-b73a-f58a94be1629%3Fformat%3Djson%26states%3Dlisting HTTP/1.0 200 - python-swiftclient-3.11.1 gAAAAABpcPar4bVV... - 2 - tx05232ef96bfc469893e97-006970f766 - 0.0139 - - 1769011046.155143976 1769011046.169016123 0
Jan 21 15:57:26 standalone object-server[123214]: 172.20.0.100 - - [21/Jan/2026:15:57:26 +0000] "GET /d1/990/AUTH_7f305f5e72d84f90904cd16f69197ce6/gnocchi.d8fc4865-41d5-4eee-b73a-f58a94be1629/1767960000.0_mean_300.0_v3" 404 70 "GET http://localhost:8080/v1/AUTH_7f305f5e72d84f90904cd16f69197ce6/gnocchi.d8fc4865-41d5-4eee-b73a-f58a94be1629/1767960000.0_mean_300.0_v3" "tx49364f1c6b9841a6a3ead-006970f766" "proxy-server 21" 0.0005 "-" 21 0
Jan 21 15:57:26 standalone proxy-server[125188]: 172.18.0.2 ::1 21/Jan/2026/15/57/26 GET /v1/AUTH_7f305f5e72d84f90904cd16f69197ce6/gnocchi.d8fc4865-41d5-4eee-b73a-f58a94be1629/1767960000.0_mean_300.0_v3 HTTP/1.0 404 - python-swiftclient-3.11.1 gAAAAABpcPar4bVV... - 70 - tx49364f1c6b9841a6a3ead-006970f766 - 0.0076 - - 1769011046.173498154 1769011046.181068182 0
Jan 21 15:57:26 standalone container-server[123045]: 172.20.0.100 - - [21/Jan/2026:15:57:26 +0000] "PUT /d1/607/AUTH_7f305f5e72d84f90904cd16f69197ce6/gnocchi.d8fc4865-41d5-4eee-b73a-f58a94be1629/1767960000.0_mean_300.0_v3" 201 - "PUT http://localhost:8080/d1/990/AUTH_7f305f5e72d84f90904cd16f69197ce6/gnocchi.d8fc4865-41d5-4eee-b73a-f58a94be1629/1767960000.0_mean_300.0_v3" "txdd2333668d7d420ab9798-006970f766" "object-server 22" 0.0006 "-" 23 0
Jan 21 15:57:26 standalone object-server[123219]: 172.20.0.100 - - [21/Jan/2026:15:57:26 +0000] "PUT /d1/990/AUTH_7f305f5e72d84f90904cd16f69197ce6/gnocchi.d8fc4865-41d5-4eee-b73a-f58a94be1629/1767960000.0_mean_300.0_v3" 201 - "PUT http://localhost:8080/v1/AUTH_7f305f5e72d84f90904cd16f69197ce6/gnocchi.d8fc4865-41d5-4eee-b73a-f58a94be1629/1767960000.0_mean_300.0_v3" "txdd2333668d7d420ab9798-006970f766" "proxy-server 21" 0.0095 "-" 22 0
Jan 21 15:57:26 standalone proxy-server[125188]: 172.18.0.2 ::1 21/Jan/2026/15/57/26 PUT /v1/AUTH_7f305f5e72d84f90904cd16f69197ce6/gnocchi.d8fc4865-41d5-4eee-b73a-f58a94be1629/1767960000.0_mean_300.0_v3 HTTP/1.0 201 - python-swiftclient-3.11.1 gAAAAABpcPar4bVV... 16 - - txdd2333668d7d420ab9798-006970f766 - 0.0162 - - 1769011046.184660673 1769011046.200838327 0
Jan 21 15:57:26 standalone container-server[123045]: 172.20.0.100 - - [21/Jan/2026:15:57:26 +0000] "PUT /d1/607/AUTH_7f305f5e72d84f90904cd16f69197ce6/gnocchi.d8fc4865-41d5-4eee-b73a-f58a94be1629/none_v3" 201 - "PUT http://localhost:8080/d1/768/AUTH_7f305f5e72d84f90904cd16f69197ce6/gnocchi.d8fc4865-41d5-4eee-b73a-f58a94be1629/none_v3" "tx36b7678cbd484ca3b1da4-006970f766" "object-server 23" 0.0004 "-" 23 0
Jan 21 15:57:26 standalone object-server[123220]: 172.20.0.100 - - [21/Jan/2026:15:57:26 +0000] "PUT /d1/768/AUTH_7f305f5e72d84f90904cd16f69197ce6/gnocchi.d8fc4865-41d5-4eee-b73a-f58a94be1629/none_v3" 201 - "PUT http://localhost:8080/v1/AUTH_7f305f5e72d84f90904cd16f69197ce6/gnocchi.d8fc4865-41d5-4eee-b73a-f58a94be1629/none_v3" "tx36b7678cbd484ca3b1da4-006970f766" "proxy-server 21" 0.0085 "-" 23 0
Jan 21 15:57:26 standalone proxy-server[125188]: 172.18.0.2 ::1 21/Jan/2026/15/57/26 PUT /v1/AUTH_7f305f5e72d84f90904cd16f69197ce6/gnocchi.d8fc4865-41d5-4eee-b73a-f58a94be1629/none_v3 HTTP/1.0 201 - python-swiftclient-3.11.1 gAAAAABpcPar4bVV... 22 - - tx36b7678cbd484ca3b1da4-006970f766 - 0.0133 - - 1769011046.204775095 1769011046.218057394 0
Jan 21 15:57:26 standalone container-server[123044]: 172.20.0.100 - - [21/Jan/2026:15:57:26 +0000] "HEAD /d1/1005/AUTH_7f305f5e72d84f90904cd16f69197ce6/gnocchi.484c585f-06bb-4a3e-9d39-2d14f801fcb8" 404 - "HEAD http://localhost:8080/v1/AUTH_7f305f5e72d84f90904cd16f69197ce6/gnocchi.484c585f-06bb-4a3e-9d39-2d14f801fcb8?format=json&states=listing" "tx236d2803e9b6459ba8127-006970f766" "proxy-server 21" 0.0005 "-" 22 0
Jan 21 15:57:26 standalone object-server[123220]: 172.20.0.100 - - [21/Jan/2026:15:57:26 +0000] "GET /d1/831/AUTH_7f305f5e72d84f90904cd16f69197ce6/gnocchi.484c585f-06bb-4a3e-9d39-2d14f801fcb8/none_v3" 404 70 "GET http://localhost:8080/v1/AUTH_7f305f5e72d84f90904cd16f69197ce6/gnocchi.484c585f-06bb-4a3e-9d39-2d14f801fcb8/none_v3" "tx236d2803e9b6459ba8127-006970f766" "proxy-server 21" 0.0002 "-" 23 0
Jan 21 15:57:26 standalone proxy-server[125188]: 172.18.0.2 ::1 21/Jan/2026/15/57/26 GET /v1/AUTH_7f305f5e72d84f90904cd16f69197ce6/gnocchi.484c585f-06bb-4a3e-9d39-2d14f801fcb8/none_v3 HTTP/1.0 404 - python-swiftclient-3.11.1 gAAAAABpcPar4bVV... - 70 - tx236d2803e9b6459ba8127-006970f766 - 0.0087 - - 1769011046.228401423 1769011046.237127542 0
Jan 21 15:57:26 standalone account-server[123106]: 172.20.0.100 - - [21/Jan/2026:15:57:26 +0000] "PUT /d1/192/AUTH_7f305f5e72d84f90904cd16f69197ce6/gnocchi.484c585f-06bb-4a3e-9d39-2d14f801fcb8" 201 - "PUT http://172.20.0.100:6001/d1/1005/AUTH_7f305f5e72d84f90904cd16f69197ce6/gnocchi.484c585f-06bb-4a3e-9d39-2d14f801fcb8" "tx83a77fc2627a459fb2fb9-006970f766" "container-server 22" 0.0044 "-" 22 0
Jan 21 15:57:26 standalone container-server[123044]: 172.20.0.100 - - [21/Jan/2026:15:57:26 +0000] "PUT /d1/1005/AUTH_7f305f5e72d84f90904cd16f69197ce6/gnocchi.484c585f-06bb-4a3e-9d39-2d14f801fcb8" 201 - "PUT http://localhost:8080/v1/AUTH_7f305f5e72d84f90904cd16f69197ce6/gnocchi.484c585f-06bb-4a3e-9d39-2d14f801fcb8" "tx83a77fc2627a459fb2fb9-006970f766" "proxy-server 21" 0.0149 "-" 22 0
Jan 21 15:57:26 standalone proxy-server[125188]: 172.18.0.2 ::1 21/Jan/2026/15/57/26 PUT /v1/AUTH_7f305f5e72d84f90904cd16f69197ce6/gnocchi.484c585f-06bb-4a3e-9d39-2d14f801fcb8 HTTP/1.0 201 - python-swiftclient-3.11.1 gAAAAABpcPar4bVV... - - - tx83a77fc2627a459fb2fb9-006970f766 - 0.0184 - - 1769011046.239187717 1769011046.257567883 0
Jan 21 15:57:26 standalone container-server[123044]: 172.20.0.100 - - [21/Jan/2026:15:57:26 +0000] "HEAD /d1/1005/AUTH_7f305f5e72d84f90904cd16f69197ce6/gnocchi.484c585f-06bb-4a3e-9d39-2d14f801fcb8" 204 - "HEAD http://localhost:8080/v1/AUTH_7f305f5e72d84f90904cd16f69197ce6/gnocchi.484c585f-06bb-4a3e-9d39-2d14f801fcb8?format=json&states=listing" "tx4f29d02da49541be91ac9-006970f766" "proxy-server 21" 0.0010 "-" 22 0
Jan 21 15:57:26 standalone proxy-server[125188]: - - 21/Jan/2026/15/57/26 HEAD /v1/AUTH_7f305f5e72d84f90904cd16f69197ce6/gnocchi.484c585f-06bb-4a3e-9d39-2d14f801fcb8%3Fformat%3Djson%26states%3Dlisting HTTP/1.0 204 - Swift - - - - tx4f29d02da49541be91ac9-006970f766 - 0.0033 RL - 1769011046.261620998 1769011046.264954567 0
Jan 21 15:57:26 standalone container-server[123045]: 172.20.0.100 - - [21/Jan/2026:15:57:26 +0000] "GET /d1/1005/AUTH_7f305f5e72d84f90904cd16f69197ce6/gnocchi.484c585f-06bb-4a3e-9d39-2d14f801fcb8" 200 2 "GET http://localhost:8080/v1/AUTH_7f305f5e72d84f90904cd16f69197ce6/gnocchi.484c585f-06bb-4a3e-9d39-2d14f801fcb8?format=json&states=listing" "tx4f29d02da49541be91ac9-006970f766" "proxy-server 21" 0.0018 "-" 23 0
Jan 21 15:57:26 standalone proxy-server[125188]: 172.18.0.2 ::1 21/Jan/2026/15/57/26 GET /v1/AUTH_7f305f5e72d84f90904cd16f69197ce6/gnocchi.484c585f-06bb-4a3e-9d39-2d14f801fcb8%3Fformat%3Djson%26states%3Dlisting HTTP/1.0 200 - python-swiftclient-3.11.1 gAAAAABpcPar4bVV... - 2 - tx4f29d02da49541be91ac9-006970f766 - 0.0116 - - 1769011046.260719299 1769011046.272306681 0
Jan 21 15:57:26 standalone object-server[123219]: 172.20.0.100 - - [21/Jan/2026:15:57:26 +0000] "GET /d1/842/AUTH_7f305f5e72d84f90904cd16f69197ce6/gnocchi.484c585f-06bb-4a3e-9d39-2d14f801fcb8/1767960000.0_mean_300.0_v3" 404 70 "GET http://localhost:8080/v1/AUTH_7f305f5e72d84f90904cd16f69197ce6/gnocchi.484c585f-06bb-4a3e-9d39-2d14f801fcb8/1767960000.0_mean_300.0_v3" "tx5f945ab8e4c04e3db6715-006970f766" "proxy-server 21" 0.0004 "-" 22 0
Jan 21 15:57:26 standalone proxy-server[125188]: 172.18.0.2 ::1 21/Jan/2026/15/57/26 GET /v1/AUTH_7f305f5e72d84f90904cd16f69197ce6/gnocchi.484c585f-06bb-4a3e-9d39-2d14f801fcb8/1767960000.0_mean_300.0_v3 HTTP/1.0 404 - python-swiftclient-3.11.1 gAAAAABpcPar4bVV... - 70 - tx5f945ab8e4c04e3db6715-006970f766 - 0.0046 - - 1769011046.277317047 1769011046.281905413 0
Jan 21 15:57:26 standalone container-server[123026]: 172.20.0.100 - - [21/Jan/2026:15:57:26 +0000] "PUT /d1/1005/AUTH_7f305f5e72d84f90904cd16f69197ce6/gnocchi.484c585f-06bb-4a3e-9d39-2d14f801fcb8/1767960000.0_mean_300.0_v3" 201 - "PUT http://localhost:8080/d1/842/AUTH_7f305f5e72d84f90904cd16f69197ce6/gnocchi.484c585f-06bb-4a3e-9d39-2d14f801fcb8/1767960000.0_mean_300.0_v3" "txe0d9c82dbef8413c999a9-006970f766" "object-server 23" 0.0009 "-" 20 0
Jan 21 15:57:26 standalone object-server[123220]: 172.20.0.100 - - [21/Jan/2026:15:57:26 +0000] "PUT /d1/842/AUTH_7f305f5e72d84f90904cd16f69197ce6/gnocchi.484c585f-06bb-4a3e-9d39-2d14f801fcb8/1767960000.0_mean_300.0_v3" 201 - "PUT http://localhost:8080/v1/AUTH_7f305f5e72d84f90904cd16f69197ce6/gnocchi.484c585f-06bb-4a3e-9d39-2d14f801fcb8/1767960000.0_mean_300.0_v3" "txe0d9c82dbef8413c999a9-006970f766" "proxy-server 21" 0.0102 "-" 23 0
Jan 21 15:57:26 standalone proxy-server[125188]: 172.18.0.2 ::1 21/Jan/2026/15/57/26 PUT /v1/AUTH_7f305f5e72d84f90904cd16f69197ce6/gnocchi.484c585f-06bb-4a3e-9d39-2d14f801fcb8/1767960000.0_mean_300.0_v3 HTTP/1.0 201 - python-swiftclient-3.11.1 gAAAAABpcPar4bVV... 16 - - txe0d9c82dbef8413c999a9-006970f766 - 0.0148 - - 1769011046.285295725 1769011046.300089836 0
Jan 21 15:57:26 standalone container-server[123044]: 172.20.0.100 - - [21/Jan/2026:15:57:26 +0000] "PUT /d1/1005/AUTH_7f305f5e72d84f90904cd16f69197ce6/gnocchi.484c585f-06bb-4a3e-9d39-2d14f801fcb8/none_v3" 201 - "PUT http://localhost:8080/d1/831/AUTH_7f305f5e72d84f90904cd16f69197ce6/gnocchi.484c585f-06bb-4a3e-9d39-2d14f801fcb8/none_v3" "tx9bd8e9ddec54433c93515-006970f766" "object-server 25" 0.0007 "-" 22 0
Jan 21 15:57:26 standalone object-server[123222]: 172.20.0.100 - - [21/Jan/2026:15:57:26 +0000] "PUT /d1/831/AUTH_7f305f5e72d84f90904cd16f69197ce6/gnocchi.484c585f-06bb-4a3e-9d39-2d14f801fcb8/none_v3" 201 - "PUT http://localhost:8080/v1/AUTH_7f305f5e72d84f90904cd16f69197ce6/gnocchi.484c585f-06bb-4a3e-9d39-2d14f801fcb8/none_v3" "tx9bd8e9ddec54433c93515-006970f766" "proxy-server 21" 0.0092 "-" 25 0
Jan 21 15:57:26 standalone proxy-server[125188]: 172.18.0.2 ::1 21/Jan/2026/15/57/26 PUT /v1/AUTH_7f305f5e72d84f90904cd16f69197ce6/gnocchi.484c585f-06bb-4a3e-9d39-2d14f801fcb8/none_v3 HTTP/1.0 201 - python-swiftclient-3.11.1 gAAAAABpcPar4bVV... 22 - - tx9bd8e9ddec54433c93515-006970f766 - 0.0146 - - 1769011046.303739309 1769011046.318335056 0
Jan 21 15:57:26 standalone container-server[123044]: 172.20.0.100 - - [21/Jan/2026:15:57:26 +0000] "HEAD /d1/90/AUTH_7f305f5e72d84f90904cd16f69197ce6/gnocchi.46331e9b-6eee-4457-afca-3b1918e6de1e" 404 - "HEAD http://localhost:8080/v1/AUTH_7f305f5e72d84f90904cd16f69197ce6/gnocchi.46331e9b-6eee-4457-afca-3b1918e6de1e?format=json&states=listing" "tx0a6ea713ce0c43989ea0d-006970f766" "proxy-server 21" 0.0005 "-" 22 0
Jan 21 15:57:26 standalone object-server[123219]: 172.20.0.100 - - [21/Jan/2026:15:57:26 +0000] "GET /d1/235/AUTH_7f305f5e72d84f90904cd16f69197ce6/gnocchi.46331e9b-6eee-4457-afca-3b1918e6de1e/none_v3" 404 70 "GET http://localhost:8080/v1/AUTH_7f305f5e72d84f90904cd16f69197ce6/gnocchi.46331e9b-6eee-4457-afca-3b1918e6de1e/none_v3" "tx0a6ea713ce0c43989ea0d-006970f766" "proxy-server 21" 0.0006 "-" 22 0
Jan 21 15:57:26 standalone proxy-server[125188]: 172.18.0.2 ::1 21/Jan/2026/15/57/26 GET /v1/AUTH_7f305f5e72d84f90904cd16f69197ce6/gnocchi.46331e9b-6eee-4457-afca-3b1918e6de1e/none_v3 HTTP/1.0 404 - python-swiftclient-3.11.1 gAAAAABpcPar4bVV... - 70 - tx0a6ea713ce0c43989ea0d-006970f766 - 0.0145 - - 1769011046.387932301 1769011046.402448416 0
Jan 21 15:57:26 standalone account-server[123101]: 172.20.0.100 - - [21/Jan/2026:15:57:26 +0000] "PUT /d1/192/AUTH_7f305f5e72d84f90904cd16f69197ce6/gnocchi.46331e9b-6eee-4457-afca-3b1918e6de1e" 201 - "PUT http://172.20.0.100:6001/d1/90/AUTH_7f305f5e72d84f90904cd16f69197ce6/gnocchi.46331e9b-6eee-4457-afca-3b1918e6de1e" "txf13df436847e4a29a5f2d-006970f766" "container-server 22" 0.0058 "-" 20 0
Jan 21 15:57:26 standalone container-server[123044]: 172.20.0.100 - - [21/Jan/2026:15:57:26 +0000] "PUT /d1/90/AUTH_7f305f5e72d84f90904cd16f69197ce6/gnocchi.46331e9b-6eee-4457-afca-3b1918e6de1e" 201 - "PUT http://localhost:8080/v1/AUTH_7f305f5e72d84f90904cd16f69197ce6/gnocchi.46331e9b-6eee-4457-afca-3b1918e6de1e" "txf13df436847e4a29a5f2d-006970f766" "proxy-server 21" 0.0190 "-" 22 0
Jan 21 15:57:26 standalone proxy-server[125188]: 172.18.0.2 ::1 21/Jan/2026/15/57/26 PUT /v1/AUTH_7f305f5e72d84f90904cd16f69197ce6/gnocchi.46331e9b-6eee-4457-afca-3b1918e6de1e HTTP/1.0 201 - python-swiftclient-3.11.1 gAAAAABpcPar4bVV... - - - txf13df436847e4a29a5f2d-006970f766 - 0.0247 - - 1769011046.407122612 1769011046.431783199 0
Jan 21 15:57:26 standalone container-server[123045]: 172.20.0.100 - - [21/Jan/2026:15:57:26 +0000] "HEAD /d1/90/AUTH_7f305f5e72d84f90904cd16f69197ce6/gnocchi.46331e9b-6eee-4457-afca-3b1918e6de1e" 204 - "HEAD http://localhost:8080/v1/AUTH_7f305f5e72d84f90904cd16f69197ce6/gnocchi.46331e9b-6eee-4457-afca-3b1918e6de1e?format=json&states=listing" "tx01462287d6d44c5682e92-006970f766" "proxy-server 21" 0.0027 "-" 23 0
Jan 21 15:57:26 standalone proxy-server[125188]: - - 21/Jan/2026/15/57/26 HEAD /v1/AUTH_7f305f5e72d84f90904cd16f69197ce6/gnocchi.46331e9b-6eee-4457-afca-3b1918e6de1e%3Fformat%3Djson%26states%3Dlisting HTTP/1.0 204 - Swift - - - - tx01462287d6d44c5682e92-006970f766 - 0.0073 RL - 1769011046.438816071 1769011046.446146965 0
