Jan 21 15:57:27 standalone object-server[123219]: 172.20.0.100 - - [21/Jan/2026:15:57:27 +0000] "GET /d1/18/AUTH_7f305f5e72d84f90904cd16f69197ce6/gnocchi.158e6813-06c1-4a08-a1a8-73e408ff090e/1767960000.0_mean_300.0_v3" 404 70 "GET http://localhost:8080/v1/AUTH_7f305f5e72d84f90904cd16f69197ce6/gnocchi.158e6813-06c1-4a08-a1a8-73e408ff090e/1767960000.0_mean_300.0_v3" "txaa1808e1e2e44f44bb155-006970f767" "proxy-server 21" 0.0007 "-" 22 0
Jan 21 15:57:27 standalone proxy-server[125188]: 172.18.0.2 ::1 21/Jan/2026/15/57/27 GET /v1/AUTH_7f305f5e72d84f90904cd16f69197ce6/gnocchi.158e6813-06c1-4a08-a1a8-73e408ff090e/1767960000.0_mean_300.0_v3 HTTP/1.0 404 - python-swiftclient-3.11.1 gAAAAABpcPar4bVV... - 70 - txaa1808e1e2e44f44bb155-006970f767 - 0.0087 - - 1769011047.642323256 1769011047.651015282 0
Jan 21 15:57:27 standalone container-server[123045]: 172.20.0.100 - - [21/Jan/2026:15:57:27 +0000] "PUT /d1/340/AUTH_7f305f5e72d84f90904cd16f69197ce6/gnocchi.158e6813-06c1-4a08-a1a8-73e408ff090e/1767960000.0_mean_300.0_v3" 201 - "PUT http://localhost:8080/d1/18/AUTH_7f305f5e72d84f90904cd16f69197ce6/gnocchi.158e6813-06c1-4a08-a1a8-73e408ff090e/1767960000.0_mean_300.0_v3" "tx9e0a02a01fc043f794fb7-006970f767" "object-server 22" 0.0006 "-" 23 0
Jan 21 15:57:27 standalone object-server[123219]: 172.20.0.100 - - [21/Jan/2026:15:57:27 +0000] "PUT /d1/18/AUTH_7f305f5e72d84f90904cd16f69197ce6/gnocchi.158e6813-06c1-4a08-a1a8-73e408ff090e/1767960000.0_mean_300.0_v3" 201 - "PUT http://localhost:8080/v1/AUTH_7f305f5e72d84f90904cd16f69197ce6/gnocchi.158e6813-06c1-4a08-a1a8-73e408ff090e/1767960000.0_mean_300.0_v3" "tx9e0a02a01fc043f794fb7-006970f767" "proxy-server 21" 0.0149 "-" 22 0
Jan 21 15:57:27 standalone proxy-server[125188]: 172.18.0.2 ::1 21/Jan/2026/15/57/27 PUT /v1/AUTH_7f305f5e72d84f90904cd16f69197ce6/gnocchi.158e6813-06c1-4a08-a1a8-73e408ff090e/1767960000.0_mean_300.0_v3 HTTP/1.0 201 - python-swiftclient-3.11.1 gAAAAABpcPar4bVV... 16 - - tx9e0a02a01fc043f794fb7-006970f767 - 0.0224 - - 1769011047.655731440 1769011047.678113461 0
Jan 21 15:57:27 standalone container-server[123026]: 172.20.0.100 - - [21/Jan/2026:15:57:27 +0000] "PUT /d1/340/AUTH_7f305f5e72d84f90904cd16f69197ce6/gnocchi.158e6813-06c1-4a08-a1a8-73e408ff090e/none_v3" 201 - "PUT http://localhost:8080/d1/192/AUTH_7f305f5e72d84f90904cd16f69197ce6/gnocchi.158e6813-06c1-4a08-a1a8-73e408ff090e/none_v3" "tx9a27d622ca654f2ba1b17-006970f767" "object-server 22" 0.0007 "-" 20 0
Jan 21 15:57:27 standalone object-server[123219]: 172.20.0.100 - - [21/Jan/2026:15:57:27 +0000] "PUT /d1/192/AUTH_7f305f5e72d84f90904cd16f69197ce6/gnocchi.158e6813-06c1-4a08-a1a8-73e408ff090e/none_v3" 201 - "PUT http://localhost:8080/v1/AUTH_7f305f5e72d84f90904cd16f69197ce6/gnocchi.158e6813-06c1-4a08-a1a8-73e408ff090e/none_v3" "tx9a27d622ca654f2ba1b17-006970f767" "proxy-server 21" 0.0128 "-" 22 0
Jan 21 15:57:27 standalone proxy-server[125188]: 172.18.0.2 ::1 21/Jan/2026/15/57/27 PUT /v1/AUTH_7f305f5e72d84f90904cd16f69197ce6/gnocchi.158e6813-06c1-4a08-a1a8-73e408ff090e/none_v3 HTTP/1.0 201 - python-swiftclient-3.11.1 gAAAAABpcPar4bVV... 22 - - tx9a27d622ca654f2ba1b17-006970f767 - 0.0209 - - 1769011047.682717085 1769011047.703655958 0
Jan 21 15:57:27 standalone container-server[123045]: 172.20.0.100 - - [21/Jan/2026:15:57:27 +0000] "HEAD /d1/304/AUTH_7f305f5e72d84f90904cd16f69197ce6/gnocchi.9498c800-bacc-497c-9e88-a4cecd073f6c" 404 - "HEAD http://localhost:8080/v1/AUTH_7f305f5e72d84f90904cd16f69197ce6/gnocchi.9498c800-bacc-497c-9e88-a4cecd073f6c?format=json&states=listing" "tx2d6af515b7f64bdb842cd-006970f767" "proxy-server 21" 0.0009 "-" 23 0
Jan 21 15:57:27 standalone object-server[123222]: 172.20.0.100 - - [21/Jan/2026:15:57:27 +0000] "GET /d1/5/AUTH_7f305f5e72d84f90904cd16f69197ce6/gnocchi.9498c800-bacc-497c-9e88-a4cecd073f6c/none_v3" 404 70 "GET http://localhost:8080/v1/AUTH_7f305f5e72d84f90904cd16f69197ce6/gnocchi.9498c800-bacc-497c-9e88-a4cecd073f6c/none_v3" "tx2d6af515b7f64bdb842cd-006970f767" "proxy-server 21" 0.0005 "-" 25 0
Jan 21 15:57:27 standalone proxy-server[125188]: 172.18.0.2 ::1 21/Jan/2026/15/57/27 GET /v1/AUTH_7f305f5e72d84f90904cd16f69197ce6/gnocchi.9498c800-bacc-497c-9e88-a4cecd073f6c/none_v3 HTTP/1.0 404 - python-swiftclient-3.11.1 gAAAAABpcPar4bVV... - 70 - tx2d6af515b7f64bdb842cd-006970f767 - 0.0122 - - 1769011047.723983765 1769011047.736168623 0
Jan 21 15:57:27 standalone account-server[123107]: 172.20.0.100 - - [21/Jan/2026:15:57:27 +0000] "PUT /d1/192/AUTH_7f305f5e72d84f90904cd16f69197ce6/gnocchi.9498c800-bacc-497c-9e88-a4cecd073f6c" 201 - "PUT http://172.20.0.100:6001/d1/304/AUTH_7f305f5e72d84f90904cd16f69197ce6/gnocchi.9498c800-bacc-497c-9e88-a4cecd073f6c" "tx71d27e31b63c44909a85e-006970f767" "container-server 21" 0.0045 "-" 23 0
Jan 21 15:57:27 standalone container-server[123038]: 172.20.0.100 - - [21/Jan/2026:15:57:27 +0000] "PUT /d1/304/AUTH_7f305f5e72d84f90904cd16f69197ce6/gnocchi.9498c800-bacc-497c-9e88-a4cecd073f6c" 201 - "PUT http://localhost:8080/v1/AUTH_7f305f5e72d84f90904cd16f69197ce6/gnocchi.9498c800-bacc-497c-9e88-a4cecd073f6c" "tx71d27e31b63c44909a85e-006970f767" "proxy-server 21" 0.0210 "-" 21 0
Jan 21 15:57:27 standalone proxy-server[125188]: 172.18.0.2 ::1 21/Jan/2026/15/57/27 PUT /v1/AUTH_7f305f5e72d84f90904cd16f69197ce6/gnocchi.9498c800-bacc-497c-9e88-a4cecd073f6c HTTP/1.0 201 - python-swiftclient-3.11.1 gAAAAABpcPar4bVV... - - - tx71d27e31b63c44909a85e-006970f767 - 0.0281 - - 1769011047.740775347 1769011047.768850327 0
Jan 21 15:57:27 standalone container-server[123044]: 172.20.0.100 - - [21/Jan/2026:15:57:27 +0000] "HEAD /d1/304/AUTH_7f305f5e72d84f90904cd16f69197ce6/gnocchi.9498c800-bacc-497c-9e88-a4cecd073f6c" 204 - "HEAD http://localhost:8080/v1/AUTH_7f305f5e72d84f90904cd16f69197ce6/gnocchi.9498c800-bacc-497c-9e88-a4cecd073f6c?format=json&states=listing" "txcc1a6e05815248b695f21-006970f767" "proxy-server 21" 0.0045 "-" 22 0
Jan 21 15:57:27 standalone proxy-server[125188]: - - 21/Jan/2026/15/57/27 HEAD /v1/AUTH_7f305f5e72d84f90904cd16f69197ce6/gnocchi.9498c800-bacc-497c-9e88-a4cecd073f6c%3Fformat%3Djson%26states%3Dlisting HTTP/1.0 204 - Swift - - - - txcc1a6e05815248b695f21-006970f767 - 0.0096 RL - 1769011047.777730703 1769011047.787346840 0
Jan 21 15:57:27 standalone container-server[123026]: 172.20.0.100 - - [21/Jan/2026:15:57:27 +0000] "GET /d1/304/AUTH_7f305f5e72d84f90904cd16f69197ce6/gnocchi.9498c800-bacc-497c-9e88-a4cecd073f6c" 200 2 "GET http://localhost:8080/v1/AUTH_7f305f5e72d84f90904cd16f69197ce6/gnocchi.9498c800-bacc-497c-9e88-a4cecd073f6c?format=json&states=listing" "txcc1a6e05815248b695f21-006970f767" "proxy-server 21" 0.0018 "-" 20 0
Jan 21 15:57:27 standalone proxy-server[125188]: 172.18.0.2 ::1 21/Jan/2026/15/57/27 GET /v1/AUTH_7f305f5e72d84f90904cd16f69197ce6/gnocchi.9498c800-bacc-497c-9e88-a4cecd073f6c%3Fformat%3Djson%26states%3Dlisting HTTP/1.0 200 - python-swiftclient-3.11.1 gAAAAABpcPar4bVV... - 2 - txcc1a6e05815248b695f21-006970f767 - 0.0192 - - 1769011047.776277065 1769011047.795526028 0
Jan 21 15:57:27 standalone object-server[123220]: 172.20.0.100 - - [21/Jan/2026:15:57:27 +0000] "GET /d1/580/AUTH_7f305f5e72d84f90904cd16f69197ce6/gnocchi.9498c800-bacc-497c-9e88-a4cecd073f6c/1767960000.0_mean_300.0_v3" 404 70 "GET http://localhost:8080/v1/AUTH_7f305f5e72d84f90904cd16f69197ce6/gnocchi.9498c800-bacc-497c-9e88-a4cecd073f6c/1767960000.0_mean_300.0_v3" "tx63770a6648304726848ca-006970f767" "proxy-server 21" 0.0004 "-" 23 0
Jan 21 15:57:27 standalone proxy-server[125188]: 172.18.0.2 ::1 21/Jan/2026/15/57/27 GET /v1/AUTH_7f305f5e72d84f90904cd16f69197ce6/gnocchi.9498c800-bacc-497c-9e88-a4cecd073f6c/1767960000.0_mean_300.0_v3 HTTP/1.0 404 - python-swiftclient-3.11.1 gAAAAABpcPar4bVV... - 70 - tx63770a6648304726848ca-006970f767 - 0.0093 - - 1769011047.803872347 1769011047.813150406 0
Jan 21 15:57:27 standalone container-server[123038]: 172.20.0.100 - - [21/Jan/2026:15:57:27 +0000] "PUT /d1/304/AUTH_7f305f5e72d84f90904cd16f69197ce6/gnocchi.9498c800-bacc-497c-9e88-a4cecd073f6c/1767960000.0_mean_300.0_v3" 201 - "PUT http://localhost:8080/d1/580/AUTH_7f305f5e72d84f90904cd16f69197ce6/gnocchi.9498c800-bacc-497c-9e88-a4cecd073f6c/1767960000.0_mean_300.0_v3" "tx8de54795c7fe411588075-006970f767" "object-server 22" 0.0020 "-" 21 0
Jan 21 15:57:27 standalone object-server[123219]: 172.20.0.100 - - [21/Jan/2026:15:57:27 +0000] "PUT /d1/580/AUTH_7f305f5e72d84f90904cd16f69197ce6/gnocchi.9498c800-bacc-497c-9e88-a4cecd073f6c/1767960000.0_mean_300.0_v3" 201 - "PUT http://localhost:8080/v1/AUTH_7f305f5e72d84f90904cd16f69197ce6/gnocchi.9498c800-bacc-497c-9e88-a4cecd073f6c/1767960000.0_mean_300.0_v3" "tx8de54795c7fe411588075-006970f767" "proxy-server 21" 0.0180 "-" 22 0
Jan 21 15:57:27 standalone proxy-server[125188]: 172.18.0.2 ::1 21/Jan/2026/15/57/27 PUT /v1/AUTH_7f305f5e72d84f90904cd16f69197ce6/gnocchi.9498c800-bacc-497c-9e88-a4cecd073f6c/1767960000.0_mean_300.0_v3 HTTP/1.0 201 - python-swiftclient-3.11.1 gAAAAABpcPar4bVV... 16 - - tx8de54795c7fe411588075-006970f767 - 0.0279 - - 1769011047.820123672 1769011047.848034382 0
Jan 21 15:57:27 standalone container-server[123045]: 172.20.0.100 - - [21/Jan/2026:15:57:27 +0000] "PUT /d1/304/AUTH_7f305f5e72d84f90904cd16f69197ce6/gnocchi.9498c800-bacc-497c-9e88-a4cecd073f6c/none_v3" 201 - "PUT http://localhost:8080/d1/5/AUTH_7f305f5e72d84f90904cd16f69197ce6/gnocchi.9498c800-bacc-497c-9e88-a4cecd073f6c/none_v3" "tx5b4f791744064b35b8907-006970f767" "object-server 21" 0.0010 "-" 23 0
Jan 21 15:57:27 standalone object-server[123214]: 172.20.0.100 - - [21/Jan/2026:15:57:27 +0000] "PUT /d1/5/AUTH_7f305f5e72d84f90904cd16f69197ce6/gnocchi.9498c800-bacc-497c-9e88-a4cecd073f6c/none_v3" 201 - "PUT http://localhost:8080/v1/AUTH_7f305f5e72d84f90904cd16f69197ce6/gnocchi.9498c800-bacc-497c-9e88-a4cecd073f6c/none_v3" "tx5b4f791744064b35b8907-006970f767" "proxy-server 21" 0.0134 "-" 21 0
Jan 21 15:57:27 standalone proxy-server[125188]: 172.18.0.2 ::1 21/Jan/2026/15/57/27 PUT /v1/AUTH_7f305f5e72d84f90904cd16f69197ce6/gnocchi.9498c800-bacc-497c-9e88-a4cecd073f6c/none_v3 HTTP/1.0 201 - python-swiftclient-3.11.1 gAAAAABpcPar4bVV... 22 - - tx5b4f791744064b35b8907-006970f767 - 0.0236 - - 1769011047.853417873 1769011047.876984835 0
Jan 21 15:57:27 standalone container-server[123044]: 172.20.0.100 - - [21/Jan/2026:15:57:27 +0000] "HEAD /d1/191/AUTH_7f305f5e72d84f90904cd16f69197ce6/gnocchi.9d0e19a6-4e96-42c4-bb9c-205a3efb3beb" 404 - "HEAD http://localhost:8080/v1/AUTH_7f305f5e72d84f90904cd16f69197ce6/gnocchi.9d0e19a6-4e96-42c4-bb9c-205a3efb3beb?format=json&states=listing" "tx3bbf2091f7cc49768203f-006970f767" "proxy-server 21" 0.0007 "-" 22 0
Jan 21 15:57:27 standalone object-server[123219]: 172.20.0.100 - - [21/Jan/2026:15:57:27 +0000] "GET /d1/315/AUTH_7f305f5e72d84f90904cd16f69197ce6/gnocchi.9d0e19a6-4e96-42c4-bb9c-205a3efb3beb/none_v3" 404 70 "GET http://localhost:8080/v1/AUTH_7f305f5e72d84f90904cd16f69197ce6/gnocchi.9d0e19a6-4e96-42c4-bb9c-205a3efb3beb/none_v3" "tx3bbf2091f7cc49768203f-006970f767" "proxy-server 21" 0.0007 "-" 22 0
Jan 21 15:57:27 standalone proxy-server[125188]: 172.18.0.2 ::1 21/Jan/2026/15/57/27 GET /v1/AUTH_7f305f5e72d84f90904cd16f69197ce6/gnocchi.9d0e19a6-4e96-42c4-bb9c-205a3efb3beb/none_v3 HTTP/1.0 404 - python-swiftclient-3.11.1 gAAAAABpcPar4bVV... - 70 - tx3bbf2091f7cc49768203f-006970f767 - 0.0170 - - 1769011047.892473936 1769011047.909498215 0
Jan 21 15:57:27 standalone account-server[123107]: 172.20.0.100 - - [21/Jan/2026:15:57:27 +0000] "PUT /d1/192/AUTH_7f305f5e72d84f90904cd16f69197ce6/gnocchi.9d0e19a6-4e96-42c4-bb9c-205a3efb3beb" 201 - "PUT http://172.20.0.100:6001/d1/191/AUTH_7f305f5e72d84f90904cd16f69197ce6/gnocchi.9d0e19a6-4e96-42c4-bb9c-205a3efb3beb" "tx2f5876f2d8d044509cdd0-006970f767" "container-server 20" 0.0064 "-" 23 0
Jan 21 15:57:27 standalone container-server[123026]: 172.20.0.100 - - [21/Jan/2026:15:57:27 +0000] "PUT /d1/191/AUTH_7f305f5e72d84f90904cd16f69197ce6/gnocchi.9d0e19a6-4e96-42c4-bb9c-205a3efb3beb" 201 - "PUT http://localhost:8080/v1/AUTH_7f305f5e72d84f90904cd16f69197ce6/gnocchi.9d0e19a6-4e96-42c4-bb9c-205a3efb3beb" "tx2f5876f2d8d044509cdd0-006970f767" "proxy-server 21" 0.0227 "-" 20 0
Jan 21 15:57:27 standalone proxy-server[125188]: 172.18.0.2 ::1 21/Jan/2026/15/57/27 PUT /v1/AUTH_7f305f5e72d84f90904cd16f69197ce6/gnocchi.9d0e19a6-4e96-42c4-bb9c-205a3efb3beb HTTP/1.0 201 - python-swiftclient-3.11.1 gAAAAABpcPar4bVV... - - - tx2f5876f2d8d044509cdd0-006970f767 - 0.0319 - - 1769011047.914403915 1769011047.946284771 0
Jan 21 15:57:27 standalone container-server[123038]: 172.20.0.100 - - [21/Jan/2026:15:57:27 +0000] "HEAD /d1/191/AUTH_7f305f5e72d84f90904cd16f69197ce6/gnocchi.9d0e19a6-4e96-42c4-bb9c-205a3efb3beb" 204 - "HEAD http://localhost:8080/v1/AUTH_7f305f5e72d84f90904cd16f69197ce6/gnocchi.9d0e19a6-4e96-42c4-bb9c-205a3efb3beb?format=json&states=listing" "txb7aee19ab07e4b29bd44b-006970f767" "proxy-server 21" 0.0027 "-" 21 0
Jan 21 15:57:27 standalone proxy-server[125188]: - - 21/Jan/2026/15/57/27 HEAD /v1/AUTH_7f305f5e72d84f90904cd16f69197ce6/gnocchi.9d0e19a6-4e96-42c4-bb9c-205a3efb3beb%3Fformat%3Djson%26states%3Dlisting HTTP/1.0 204 - Swift - - - - txb7aee19ab07e4b29bd44b-006970f767 - 0.0075 RL - 1769011047.954521894 1769011047.961995125 0
Jan 21 15:57:27 standalone container-server[123045]: 172.20.0.100 - - [21/Jan/2026:15:57:27 +0000] "GET /d1/191/AUTH_7f305f5e72d84f90904cd16f69197ce6/gnocchi.9d0e19a6-4e96-42c4-bb9c-205a3efb3beb" 200 2 "GET http://localhost:8080/v1/AUTH_7f305f5e72d84f90904cd16f69197ce6/gnocchi.9d0e19a6-4e96-42c4-bb9c-205a3efb3beb?format=json&states=listing" "txb7aee19ab07e4b29bd44b-006970f767" "proxy-server 21" 0.0021 "-" 23 0
Jan 21 15:57:27 standalone proxy-server[125188]: 172.18.0.2 ::1 21/Jan/2026/15/57/27 GET /v1/AUTH_7f305f5e72d84f90904cd16f69197ce6/gnocchi.9d0e19a6-4e96-42c4-bb9c-205a3efb3beb%3Fformat%3Djson%26states%3Dlisting HTTP/1.0 200 - python-swiftclient-3.11.1 gAAAAABpcPar4bVV... - 2 - txb7aee19ab07e4b29bd44b-006970f767 - 0.0178 - - 1769011047.952954769 1769011047.970731735 0
Jan 21 15:57:27 standalone object-server[123219]: 172.20.0.100 - - [21/Jan/2026:15:57:27 +0000] "GET /d1/84/AUTH_7f305f5e72d84f90904cd16f69197ce6/gnocchi.9d0e19a6-4e96-42c4-bb9c-205a3efb3beb/1767960000.0_mean_300.0_v3" 404 70 "GET http://localhost:8080/v1/AUTH_7f305f5e72d84f90904cd16f69197ce6/gnocchi.9d0e19a6-4e96-42c4-bb9c-205a3efb3beb/1767960000.0_mean_300.0_v3" "txde5827f89f8249f7a20e1-006970f767" "proxy-server 21" 0.0006 "-" 22 0
Jan 21 15:57:27 standalone proxy-server[125188]: 172.18.0.2 ::1 21/Jan/2026/15/57/27 GET /v1/AUTH_7f305f5e72d84f90904cd16f69197ce6/gnocchi.9d0e19a6-4e96-42c4-bb9c-205a3efb3beb/1767960000.0_mean_300.0_v3 HTTP/1.0 404 - python-swiftclient-3.11.1 gAAAAABpcPar4bVV... - 70 - txde5827f89f8249f7a20e1-006970f767 - 0.0085 - - 1769011047.975763083 1769011047.984293699 0
Jan 21 15:57:28 standalone container-server[123045]: 172.20.0.100 - - [21/Jan/2026:15:57:28 +0000] "PUT /d1/191/AUTH_7f305f5e72d84f90904cd16f69197ce6/gnocchi.9d0e19a6-4e96-42c4-bb9c-205a3efb3beb/1767960000.0_mean_300.0_v3" 201 - "PUT http://localhost:8080/d1/84/AUTH_7f305f5e72d84f90904cd16f69197ce6/gnocchi.9d0e19a6-4e96-42c4-bb9c-205a3efb3beb/1767960000.0_mean_300.0_v3" "txf7043dfc5b5a49e2bb2e6-006970f767" "object-server 22" 0.0007 "-" 23 0
Jan 21 15:57:28 standalone object-server[123219]: 172.20.0.100 - - [21/Jan/2026:15:57:28 +0000] "PUT /d1/84/AUTH_7f305f5e72d84f90904cd16f69197ce6/gnocchi.9d0e19a6-4e96-42c4-bb9c-205a3efb3beb/1767960000.0_mean_300.0_v3" 201 - "PUT http://localhost:8080/v1/AUTH_7f305f5e72d84f90904cd16f69197ce6/gnocchi.9d0e19a6-4e96-42c4-bb9c-205a3efb3beb/1767960000.0_mean_300.0_v3" "txf7043dfc5b5a49e2bb2e6-006970f767" "proxy-server 21" 0.0097 "-" 22 0
Jan 21 15:57:28 standalone proxy-server[125188]: 172.18.0.2 ::1 21/Jan/2026/15/57/28 PUT /v1/AUTH_7f305f5e72d84f90904cd16f69197ce6/gnocchi.9d0e19a6-4e96-42c4-bb9c-205a3efb3beb/1767960000.0_mean_300.0_v3 HTTP/1.0 201 - python-swiftclient-3.11.1 gAAAAABpcPar4bVV... 16 - - txf7043dfc5b5a49e2bb2e6-006970f767 - 0.0162 - - 1769011047.990357876 1769011048.006571054 0
Jan 21 15:57:28 standalone container-server[123038]: 172.20.0.100 - - [21/Jan/2026:15:57:28 +0000] "PUT /d1/191/AUTH_7f305f5e72d84f90904cd16f69197ce6/gnocchi.9d0e19a6-4e96-42c4-bb9c-205a3efb3beb/none_v3" 201 - "PUT http://localhost:8080/d1/315/AUTH_7f305f5e72d84f90904cd16f69197ce6/gnocchi.9d0e19a6-4e96-42c4-bb9c-205a3efb3beb/none_v3" "tx99c83a567b8b44578b23e-006970f768" "object-server 22" 0.0008 "-" 21 0
Jan 21 15:57:28 standalone object-server[123219]: 172.20.0.100 - - [21/Jan/2026:15:57:28 +0000] "PUT /d1/315/AUTH_7f305f5e72d84f90904cd16f69197ce6/gnocchi.9d0e19a6-4e96-42c4-bb9c-205a3efb3beb/none_v3" 201 - "PUT http://localhost:8080/v1/AUTH_7f305f5e72d84f90904cd16f69197ce6/gnocchi.9d0e19a6-4e96-42c4-bb9c-205a3efb3beb/none_v3" "tx99c83a567b8b44578b23e-006970f768" "proxy-server 21" 0.0098 "-" 22 0
Jan 21 15:57:28 standalone proxy-server[125188]: 172.18.0.2 ::1 21/Jan/2026/15/57/28 PUT /v1/AUTH_7f305f5e72d84f90904cd16f69197ce6/gnocchi.9d0e19a6-4e96-42c4-bb9c-205a3efb3beb/none_v3 HTTP/1.0 201 - python-swiftclient-3.11.1 gAAAAABpcPar4bVV... 22 - - tx99c83a567b8b44578b23e-006970f768 - 0.0177 - - 1769011048.010802031 1769011048.028461218 0
Jan 21 15:57:28 standalone container-server[123026]: 172.20.0.100 - - [21/Jan/2026:15:57:28 +0000] "HEAD /d1/604/AUTH_7f305f5e72d84f90904cd16f69197ce6/gnocchi.8b0c1b93-527f-42ba-9227-03d9b18e7d20" 404 - "HEAD http://localhost:8080/v1/AUTH_7f305f5e72d84f90904cd16f69197ce6/gnocchi.8b0c1b93-527f-42ba-9227-03d9b18e7d20?format=json&states=listing" "tx71d7a94c52b649dcb6cd7-006970f768" "proxy-server 21" 0.0007 "-" 20 0
Jan 21 15:57:28 standalone object-server[123214]: 172.20.0.100 - - [21/Jan/2026:15:57:28 +0000] "GET /d1/411/AUTH_7f305f5e72d84f90904cd16f69197ce6/gnocchi.8b0c1b93-527f-42ba-9227-03d9b18e7d20/none_v3" 404 70 "GET http://localhost:8080/v1/AUTH_7f305f5e72d84f90904cd16f69197ce6/gnocchi.8b0c1b93-527f-42ba-9227-03d9b18e7d20/none_v3" "tx71d7a94c52b649dcb6cd7-006970f768" "proxy-server 21" 0.0007 "-" 21 0
Jan 21 15:57:28 standalone proxy-server[125188]: 172.18.0.2 ::1 21/Jan/2026/15/57/28 GET /v1/AUTH_7f305f5e72d84f90904cd16f69197ce6/gnocchi.8b0c1b93-527f-42ba-9227-03d9b18e7d20/none_v3 HTTP/1.0 404 - python-swiftclient-3.11.1 gAAAAABpcPar4bVV... - 70 - tx71d7a94c52b649dcb6cd7-006970f768 - 0.0136 - - 1769011048.041733980 1769011048.055320263 0
Jan 21 15:57:28 standalone account-server[123107]: 172.20.0.100 - - [21/Jan/2026:15:57:28 +0000] "PUT /d1/192/AUTH_7f305f5e72d84f90904cd16f69197ce6/gnocchi.8b0c1b93-527f-42ba-9227-03d9b18e7d20" 201 - "PUT http://172.20.0.100:6001/d1/604/AUTH_7f305f5e72d84f90904cd16f69197ce6/gnocchi.8b0c1b93-527f-42ba-9227-03d9b18e7d20" "tx5119afc55c2c4d7ebf200-006970f768" "container-server 22" 0.0049 "-" 23 0
Jan 21 15:57:28 standalone container-server[123044]: 172.20.0.100 - - [21/Jan/2026:15:57:28 +0000] "PUT /d1/604/AUTH_7f305f5e72d84f90904cd16f69197ce6/gnocchi.8b0c1b93-527f-42ba-9227-03d9b18e7d20" 201 - "PUT http://localhost:8080/v1/AUTH_7f305f5e72d84f90904cd16f69197ce6/gnocchi.8b0c1b93-527f-42ba-9227-03d9b18e7d20" "tx5119afc55c2c4d7ebf200-006970f768" "proxy-server 21" 0.0669 "-" 22 0
Jan 21 15:57:28 standalone proxy-server[125188]: 172.18.0.2 ::1 21/Jan/2026/15/57/28 PUT /v1/AUTH_7f305f5e72d84f90904cd16f69197ce6/gnocchi.8b0c1b93-527f-42ba-9227-03d9b18e7d20 HTTP/1.0 201 - python-swiftclient-3.11.1 gAAAAABpcPar4bVV... - - - tx5119afc55c2c4d7ebf200-006970f768 - 0.0732 - - 1769011048.059196711 1769011048.132443905 0
Jan 21 15:57:28 standalone container-server[123026]: 172.20.0.100 - - [21/Jan/2026:15:57:28 +0000] "HEAD /d1/604/AUTH_7f305f5e72d84f90904cd16f69197ce6/gnocchi.8b0c1b93-527f-42ba-9227-03d9b18e7d20" 204 - "HEAD http://localhost:8080/v1/AUTH_7f305f5e72d84f90904cd16f69197ce6/gnocchi.8b0c1b93-527f-42ba-9227-03d9b18e7d20?format=json&states=listing" "tx4a03264049f049788c84e-006970f768" "proxy-server 21" 0.0014 "-" 20 0
Jan 21 15:57:28 standalone proxy-server[125188]: - - 21/Jan/2026/15/57/28 HEAD /v1/AUTH_7f305f5e72d84f90904cd16f69197ce6/gnocchi.8b0c1b93-527f-42ba-9227-03d9b18e7d20%3Fformat%3Djson%26states%3Dlisting HTTP/1.0 204 - Swift - - - - tx4a03264049f049788c84e-006970f768 - 0.0052 RL - 1769011048.138892651 1769011048.144119501 0
Jan 21 15:57:28 standalone container-server[123044]: 172.20.0.100 - - [21/Jan/2026:15:57:28 +0000] "GET /d1/604/AUTH_7f305f5e72d84f90904cd16f69197ce6/gnocchi.8b0c1b93-527f-42ba-9227-03d9b18e7d20" 200 2 "GET http://localhost:8080/v1/AUTH_7f305f5e72d84f90904cd16f69197ce6/gnocchi.8b0c1b93-527f-42ba-9227-03d9b18e7d20?format=json&states=listing" "tx4a03264049f049788c84e-006970f768" "proxy-server 21" 0.0020 "-" 22 0
Jan 21 15:57:28 standalone proxy-server[125188]: 172.18.0.2 ::1 21/Jan/2026/15/57/28 GET /v1/AUTH_7f305f5e72d84f90904cd16f69197ce6/gnocchi.8b0c1b93-527f-42ba-9227-03d9b18e7d20%3Fformat%3Djson%26states%3Dlisting HTTP/1.0 200 - python-swiftclient-3.11.1 gAAAAABpcPar4bVV... - 2 - tx4a03264049f049788c84e-006970f768 - 0.0134 - - 1769011048.137835979 1769011048.151269674 0
Jan 21 15:57:28 standalone object-server[123219]: 172.20.0.100 - - [21/Jan/2026:15:57:28 +0000] "GET /d1/278/AUTH_7f305f5e72d84f90904cd16f69197ce6/gnocchi.8b0c1b93-527f-42ba-9227-03d9b18e7d20/1767960000.0_mean_300.0_v3" 404 70 "GET http://localhost:8080/v1/AUTH_7f305f5e72d84f90904cd16f69197ce6/gnocchi.8b0c1b93-527f-42ba-9227-03d9b18e7d20/1767960000.0_mean_300.0_v3" "tx4bac3a7c46dd4c4db9838-006970f768" "proxy-server 21" 0.0003 "-" 22 0
Jan 21 15:57:28 standalone proxy-server[125188]: 172.18.0.2 ::1 21/Jan/2026/15/57/28 GET /v1/AUTH_7f305f5e72d84f90904cd16f69197ce6/gnocchi.8b0c1b93-527f-42ba-9227-03d9b18e7d20/1767960000.0_mean_300.0_v3 HTTP/1.0 404 - python-swiftclient-3.11.1 gAAAAABpcPar4bVV... - 70 - tx4bac3a7c46dd4c4db9838-006970f768 - 0.0041 - - 1769011048.154097319 1769011048.158207417 0
Jan 21 15:57:28 standalone container-server[123044]: 172.20.0.100 - - [21/Jan/2026:15:57:28 +0000] "PUT /d1/604/AUTH_7f305f5e72d84f90904cd16f69197ce6/gnocchi.8b0c1b93-527f-42ba-9227-03d9b18e7d20/1767960000.0_mean_300.0_v3" 201 - "PUT http://localhost:8080/d1/278/AUTH_7f305f5e72d84f90904cd16f69197ce6/gnocchi.8b0c1b93-527f-42ba-9227-03d9b18e7d20/1767960000.0_mean_300.0_v3" "tx93d2cdda7fb04ae08174a-006970f768" "object-server 23" 0.0007 "-" 22 0
Jan 21 15:57:28 standalone object-server[123220]: 172.20.0.100 - - [21/Jan/2026:15:57:28 +0000] "PUT /d1/278/AUTH_7f305f5e72d84f90904cd16f69197ce6/gnocchi.8b0c1b93-527f-42ba-9227-03d9b18e7d20/1767960000.0_mean_300.0_v3" 201 - "PUT http://localhost:8080/v1/AUTH_7f305f5e72d84f90904cd16f69197ce6/gnocchi.8b0c1b93-527f-42ba-9227-03d9b18e7d20/1767960000.0_mean_300.0_v3" "tx93d2cdda7fb04ae08174a-006970f768" "proxy-server 21" 0.0090 "-" 23 0
Jan 21 15:57:28 standalone proxy-server[125188]: 172.18.0.2 ::1 21/Jan/2026/15/57/28 PUT /v1/AUTH_7f305f5e72d84f90904cd16f69197ce6/gnocchi.8b0c1b93-527f-42ba-9227-03d9b18e7d20/1767960000.0_mean_300.0_v3 HTTP/1.0 201 - python-swiftclient-3.11.1 gAAAAABpcPar4bVV... 16 - - tx93d2cdda7fb04ae08174a-006970f768 - 0.0135 - - 1769011048.160677433 1769011048.174164057 0
Jan 21 15:57:28 standalone container-server[123038]: 172.20.0.100 - - [21/Jan/2026:15:57:28 +0000] "PUT /d1/604/AUTH_7f305f5e72d84f90904cd16f69197ce6/gnocchi.8b0c1b93-527f-42ba-9227-03d9b18e7d20/none_v3" 201 - "PUT http://localhost:8080/d1/411/AUTH_7f305f5e72d84f90904cd16f69197ce6/gnocchi.8b0c1b93-527f-42ba-9227-03d9b18e7d20/none_v3" "txd40fbcfcfed541deb47a8-006970f768" "object-server 25" 0.0006 "-" 21 0
Jan 21 15:57:28 standalone object-server[123222]: 172.20.0.100 - - [21/Jan/2026:15:57:28 +0000] "PUT /d1/411/AUTH_7f305f5e72d84f90904cd16f69197ce6/gnocchi.8b0c1b93-527f-42ba-9227-03d9b18e7d20/none_v3" 201 - "PUT http://localhost:8080/v1/AUTH_7f305f5e72d84f90904cd16f69197ce6/gnocchi.8b0c1b93-527f-42ba-9227-03d9b18e7d20/none_v3" "txd40fbcfcfed541deb47a8-006970f768" "proxy-server 21" 0.0083 "-" 25 0
Jan 21 15:57:28 standalone proxy-server[125188]: 172.18.0.2 ::1 21/Jan/2026/15/57/28 PUT /v1/AUTH_7f305f5e72d84f90904cd16f69197ce6/gnocchi.8b0c1b93-527f-42ba-9227-03d9b18e7d20/none_v3 HTTP/1.0 201 - python-swiftclient-3.11.1 gAAAAABpcPar4bVV... 22 - - txd40fbcfcfed541deb47a8-006970f768 - 0.0131 - - 1769011048.176549673 1769011048.189663172 0
Jan 21 15:57:28 standalone container-server[123044]: 172.20.0.100 - - [21/Jan/2026:15:57:28 +0000] "HEAD /d1/246/AUTH_7f305f5e72d84f90904cd16f69197ce6/gnocchi.2c7c6a09-8772-4655-819a-5d81b5d70b57" 404 - "HEAD http://localhost:8080/v1/AUTH_7f305f5e72d84f90904cd16f69197ce6/gnocchi.2c7c6a09-8772-4655-819a-5d81b5d70b57?format=json&states=listing" "txd0172db2128148b0a1ac6-006970f768" "proxy-server 21" 0.0005 "-" 22 0
Jan 21 15:57:28 standalone object-server[123219]: 172.20.0.100 - - [21/Jan/2026:15:57:28 +0000] "GET /d1/784/AUTH_7f305f5e72d84f90904cd16f69197ce6/gnocchi.2c7c6a09-8772-4655-819a-5d81b5d70b57/none_v3" 404 70 "GET http://localhost:8080/v1/AUTH_7f305f5e72d84f90904cd16f69197ce6/gnocchi.2c7c6a09-8772-4655-819a-5d81b5d70b57/none_v3" "txd0172db2128148b0a1ac6-006970f768" "proxy-server 21" 0.0007 "-" 22 0
Jan 21 15:57:28 standalone proxy-server[125188]: 172.18.0.2 ::1 21/Jan/2026/15/57/28 GET /v1/AUTH_7f305f5e72d84f90904cd16f69197ce6/gnocchi.2c7c6a09-8772-4655-819a-5d81b5d70b57/none_v3 HTTP/1.0 404 - python-swiftclient-3.11.1 gAAAAABpcPar4bVV... - 70 - txd0172db2128148b0a1ac6-006970f768 - 0.0095 - - 1769011048.198812246 1769011048.208283663 0
Jan 21 15:57:28 standalone account-server[123102]: 172.20.0.100 - - [21/Jan/2026:15:57:28 +0000] "PUT /d1/192/AUTH_7f305f5e72d84f90904cd16f69197ce6/gnocchi.2c7c6a09-8772-4655-819a-5d81b5d70b57" 201 - "PUT http://172.20.0.100:6001/d1/246/AUTH_7f305f5e72d84f90904cd16f69197ce6/gnocchi.2c7c6a09-8772-4655-819a-5d81b5d70b57" "txce067121d3b54e3a956d7-006970f768" "container-server 22" 0.0047 "-" 21 0
Jan 21 15:57:28 standalone container-server[123044]: 172.20.0.100 - - [21/Jan/2026:15:57:28 +0000] "PUT /d1/246/AUTH_7f305f5e72d84f90904cd16f69197ce6/gnocchi.2c7c6a09-8772-4655-819a-5d81b5d70b57" 201 - "PUT http://localhost:8080/v1/AUTH_7f305f5e72d84f90904cd16f69197ce6/gnocchi.2c7c6a09-8772-4655-819a-5d81b5d70b57" "txce067121d3b54e3a956d7-006970f768" "proxy-server 21" 0.0136 "-" 22 0
Jan 21 15:57:28 standalone proxy-server[125188]: 172.18.0.2 ::1 21/Jan/2026/15/57/28 PUT /v1/AUTH_7f305f5e72d84f90904cd16f69197ce6/gnocchi.2c7c6a09-8772-4655-819a-5d81b5d70b57 HTTP/1.0 201 - python-swiftclient-3.11.1 gAAAAABpcPar4bVV... - - - txce067121d3b54e3a956d7-006970f768 - 0.0172 - - 1769011048.210813522 1769011048.228054047 0
Jan 21 15:57:28 standalone container-server[123038]: 172.20.0.100 - - [21/Jan/2026:15:57:28 +0000] "HEAD /d1/246/AUTH_7f305f5e72d84f90904cd16f69197ce6/gnocchi.2c7c6a09-8772-4655-819a-5d81b5d70b57" 204 - "HEAD http://localhost:8080/v1/AUTH_7f305f5e72d84f90904cd16f69197ce6/gnocchi.2c7c6a09-8772-4655-819a-5d81b5d70b57?format=json&states=listing" "txa51d5f429fd946d5b262d-006970f768" "proxy-server 21" 0.0012 "-" 21 0
Jan 21 15:57:28 standalone proxy-server[125188]: - - 21/Jan/2026/15/57/28 HEAD /v1/AUTH_7f305f5e72d84f90904cd16f69197ce6/gnocchi.2c7c6a09-8772-4655-819a-5d81b5d70b57%3Fformat%3Djson%26states%3Dlisting HTTP/1.0 204 - Swift - - - - txa51d5f429fd946d5b262d-006970f768 - 0.0039 RL - 1769011048.231813908 1769011048.235711336 0
Jan 21 15:57:28 standalone container-server[123026]: 172.20.0.100 - - [21/Jan/2026:15:57:28 +0000] "GET /d1/246/AUTH_7f305f5e72d84f90904cd16f69197ce6/gnocchi.2c7c6a09-8772-4655-819a-5d81b5d70b57" 200 2 "GET http://localhost:8080/v1/AUTH_7f305f5e72d84f90904cd16f69197ce6/gnocchi.2c7c6a09-8772-4655-819a-5d81b5d70b57?format=json&states=listing" "txa51d5f429fd946d5b262d-006970f768" "proxy-server 21" 0.0033 "-" 20 0
Jan 21 15:57:28 standalone proxy-server[125188]: 172.18.0.2 ::1 21/Jan/2026/15/57/28 GET /v1/AUTH_7f305f5e72d84f90904cd16f69197ce6/gnocchi.2c7c6a09-8772-4655-819a-5d81b5d70b57%3Fformat%3Djson%26states%3Dlisting HTTP/1.0 200 - python-swiftclient-3.11.1 gAAAAABpcPar4bVV... - 2 - txa51d5f429fd946d5b262d-006970f768 - 0.0147 - - 1769011048.230864286 1769011048.245517731 0
Jan 21 15:57:28 standalone object-server[123220]: 172.20.0.100 - - [21/Jan/2026:15:57:28 +0000] "GET /d1/103/AUTH_7f305f5e72d84f90904cd16f69197ce6/gnocchi.2c7c6a09-8772-4655-819a-5d81b5d70b57/1767960000.0_mean_300.0_v3" 404 70 "GET http://localhost:8080/v1/AUTH_7f305f5e72d84f90904cd16f69197ce6/gnocchi.2c7c6a09-8772-4655-819a-5d81b5d70b57/1767960000.0_mean_300.0_v3" "txcf8b00f95f6d44cebccb1-006970f768" "proxy-server 21" 0.0005 "-" 23 0
Jan 21 15:57:28 standalone proxy-server[125188]: 172.18.0.2 ::1 21/Jan/2026/15/57/28 GET /v1/AUTH_7f305f5e72d84f90904cd16f69197ce6/gnocchi.2c7c6a09-8772-4655-819a-5d81b5d70b57/1767960000.0_mean_300.0_v3 HTTP/1.0 404 - python-swiftclient-3.11.1 gAAAAABpcPar4bVV... - 70 - txcf8b00f95f6d44cebccb1-006970f768 - 0.0073 - - 1769011048.250242233 1769011048.257508516 0
Jan 21 15:57:28 standalone container-server[123038]: 172.20.0.100 - - [21/Jan/2026:15:57:28 +0000] "PUT /d1/246/AUTH_7f305f5e72d84f90904cd16f69197ce6/gnocchi.2c7c6a09-8772-4655-819a-5d81b5d70b57/1767960000.0_mean_300.0_v3" 201 - "PUT http://localhost:8080/d1/103/AUTH_7f305f5e72d84f90904cd16f69197ce6/gnocchi.2c7c6a09-8772-4655-819a-5d81b5d70b57/1767960000.0_mean_300.0_v3" "tx93b6cef35f0243ce86a47-006970f768" "object-server 21" 0.0009 "-" 21 0
Jan 21 15:57:28 standalone object-server[123214]: 172.20.0.100 - - [21/Jan/2026:15:57:28 +0000] "PUT /d1/103/AUTH_7f305f5e72d84f90904cd16f69197ce6/gnocchi.2c7c6a09-8772-4655-819a-5d81b5d70b57/1767960000.0_mean_300.0_v3" 201 - "PUT http://localhost:8080/v1/AUTH_7f305f5e72d84f90904cd16f69197ce6/gnocchi.2c7c6a09-8772-4655-819a-5d81b5d70b57/1767960000.0_mean_300.0_v3" "tx93b6cef35f0243ce86a47-006970f768" "proxy-server 21" 0.0117 "-" 21 0
Jan 21 15:57:28 standalone proxy-server[125188]: 172.18.0.2 ::1 21/Jan/2026/15/57/28 PUT /v1/AUTH_7f305f5e72d84f90904cd16f69197ce6/gnocchi.2c7c6a09-8772-4655-819a-5d81b5d70b57/1767960000.0_mean_300.0_v3 HTTP/1.0 201 - python-swiftclient-3.11.1 gAAAAABpcPar4bVV... 16 - - tx93b6cef35f0243ce86a47-006970f768 - 0.0197 - - 1769011048.262354612 1769011048.282021046 0
Jan 21 15:57:28 standalone container-server[123044]: 172.20.0.100 - - [21/Jan/2026:15:57:28 +0000] "PUT /d1/246/AUTH_7f305f5e72d84f90904cd16f69197ce6/gnocchi.2c7c6a09-8772-4655-819a-5d81b5d70b57/none_v3" 201 - "PUT http://localhost:8080/d1/784/AUTH_7f305f5e72d84f90904cd16f69197ce6/gnocchi.2c7c6a09-8772-4655-819a-5d81b5d70b57/none_v3" "tx1353b506783d4d87a88be-006970f768" "object-server 23" 0.0012 "-" 22 0
Jan 21 15:57:28 standalone object-server[123220]: 172.20.0.100 - - [21/Jan/2026:15:57:28 +0000] "PUT /d1/784/AUTH_7f305f5e72d84f90904cd16f69197ce6/gnocchi.2c7c6a09-8772-4655-819a-5d81b5d70b57/none_v3" 201 - "PUT http://localhost:8080/v1/AUTH_7f305f5e72d84f90904cd16f69197ce6/gnocchi.2c7c6a09-8772-4655-819a-5d81b5d70b57/none_v3" "tx1353b506783d4d87a88be-006970f768" "proxy-server 21" 0.0155 "-" 23 0
Jan 21 15:57:28 standalone proxy-server[125188]: 172.18.0.2 ::1 21/Jan/2026/15/57/28 PUT /v1/AUTH_7f305f5e72d84f90904cd16f69197ce6/gnocchi.2c7c6a09-8772-4655-819a-5d81b5d70b57/none_v3 HTTP/1.0 201 - python-swiftclient-3.11.1 gAAAAABpcPar4bVV... 22 - - tx1353b506783d4d87a88be-006970f768 - 0.0251 - - 1769011048.287823200 1769011048.312955618 0
Jan 21 15:57:32 standalone container-server[122915]: Begin container update sweep
Jan 21 15:57:32 standalone account-server[123101]: 172.20.0.100 - - [21/Jan/2026:15:57:32 +0000] "PUT /d1/192/AUTH_7f305f5e72d84f90904cd16f69197ce6/gnocchi.57f03d31-bcc3-42ce-ba58-2f31f84f5edc" 201 - "-" "-" "container-updater 2" 0.0016 "-" 20 0
Jan 21 15:57:33 standalone account-server[123106]: 172.20.0.100 - - [21/Jan/2026:15:57:33 +0000] "PUT /d1/192/AUTH_7f305f5e72d84f90904cd16f69197ce6/gnocchi.2c7c6a09-8772-4655-819a-5d81b5d70b57" 201 - "-" "-" "container-updater 2" 0.0006 "-" 22 0
Jan 21 15:57:33 standalone account-server[123107]: 172.20.0.100 - - [21/Jan/2026:15:57:33 +0000] "PUT /d1/192/AUTH_7f305f5e72d84f90904cd16f69197ce6/gnocchi.74b0c203-2d5e-471d-9475-aafd232582f8" 201 - "-" "-" "container-updater 2" 0.0008 "-" 23 0
Jan 21 15:57:33 standalone account-server[123106]: 172.20.0.100 - - [21/Jan/2026:15:57:33 +0000] "PUT /d1/192/AUTH_7f305f5e72d84f90904cd16f69197ce6/gnocchi.f8255693-8f63-43d3-8ed5-115f9d15b4b7" 201 - "-" "-" "container-updater 2" 0.0008 "-" 22 0
Jan 21 15:57:33 standalone account-server[123106]: 172.20.0.100 - - [21/Jan/2026:15:57:33 +0000] "PUT /d1/192/AUTH_7f305f5e72d84f90904cd16f69197ce6/gnocchi.fe9e89a0-38dc-41cf-ae8b-e6bc0501ba96" 201 - "-" "-" "container-updater 2" 0.0007 "-" 22 0
Jan 21 15:57:33 standalone account-server[123101]: 172.20.0.100 - - [21/Jan/2026:15:57:33 +0000] "PUT /d1/192/AUTH_7f305f5e72d84f90904cd16f69197ce6/gnocchi.158e6813-06c1-4a08-a1a8-73e408ff090e" 201 - "-" "-" "container-updater 2" 0.0006 "-" 20 0
Jan 21 15:57:33 standalone account-server[123102]: 172.20.0.100 - - [21/Jan/2026:15:57:33 +0000] "PUT /d1/192/AUTH_7f305f5e72d84f90904cd16f69197ce6/gnocchi.fb724b12-c39d-47a5-b3ae-a70286ec8977" 201 - "-" "-" "container-updater 2" 0.0004 "-" 21 0
Jan 21 15:57:33 standalone account-server[123106]: 172.20.0.100 - - [21/Jan/2026:15:57:33 +0000] "PUT /d1/192/AUTH_7f305f5e72d84f90904cd16f69197ce6/gnocchi.9774d3e1-7cc4-4127-b3bc-98359905d23e" 201 - "-" "-" "container-updater 2" 0.0008 "-" 22 0
Jan 21 15:57:33 standalone account-server[123101]: 172.20.0.100 - - [21/Jan/2026:15:57:33 +0000] "PUT /d1/192/AUTH_7f305f5e72d84f90904cd16f69197ce6/gnocchi.484c585f-06bb-4a3e-9d39-2d14f801fcb8" 201 - "-" "-" "container-updater 2" 0.0008 "-" 20 0
Jan 21 15:57:34 standalone account-server[123102]: 172.20.0.100 - - [21/Jan/2026:15:57:34 +0000] "PUT /d1/192/AUTH_7f305f5e72d84f90904cd16f69197ce6/gnocchi.00af1ce8-8100-4f76-8fc8-d208d8db33e5" 201 - "-" "-" "container-updater 2" 0.0008 "-" 21 0
Jan 21 15:57:34 standalone account-server[123101]: 172.20.0.100 - - [21/Jan/2026:15:57:34 +0000] "PUT /d1/192/AUTH_7f305f5e72d84f90904cd16f69197ce6/gnocchi.46331e9b-6eee-4457-afca-3b1918e6de1e" 201 - "-" "-" "container-updater 2" 0.0011 "-" 20 0
Jan 21 15:57:34 standalone account-server[123106]: 172.20.0.100 - - [21/Jan/2026:15:57:34 +0000] "PUT /d1/192/AUTH_7f305f5e72d84f90904cd16f69197ce6/gnocchi.8b0c1b93-527f-42ba-9227-03d9b18e7d20" 201 - "-" "-" "container-updater 2" 0.0006 "-" 22 0
Jan 21 15:57:34 standalone account-server[123102]: 172.20.0.100 - - [21/Jan/2026:15:57:34 +0000] "PUT /d1/192/AUTH_7f305f5e72d84f90904cd16f69197ce6/gnocchi.01f80b85-a47f-48df-836c-f71874d758fd" 201 - "-" "-" "container-updater 2" 0.0007 "-" 21 0
Jan 21 15:57:34 standalone account-server[123101]: 172.20.0.100 - - [21/Jan/2026:15:57:34 +0000] "PUT /d1/192/AUTH_7f305f5e72d84f90904cd16f69197ce6/gnocchi.5b4af954-cf05-4cd0-93f8-51fb137abf66" 201 - "-" "-" "container-updater 2" 0.0008 "-" 20 0
Jan 21 15:57:34 standalone account-server[123101]: 172.20.0.100 - - [21/Jan/2026:15:57:34 +0000] "PUT /d1/192/AUTH_7f305f5e72d84f90904cd16f69197ce6/glance" 201 - "-" "-" "container-updater 2" 0.0006 "-" 20 0
Jan 21 15:57:34 standalone account-server[123106]: 172.20.0.100 - - [21/Jan/2026:15:57:34 +0000] "PUT /d1/192/AUTH_7f305f5e72d84f90904cd16f69197ce6/gnocchi.720fb403-b004-4b17-9776-5f92d405f1f8" 201 - "-" "-" "container-updater 2" 0.0005 "-" 22 0
Jan 21 15:57:34 standalone account-server[123102]: 172.20.0.100 - - [21/Jan/2026:15:57:34 +0000] "PUT /d1/192/AUTH_7f305f5e72d84f90904cd16f69197ce6/gnocchi.9498c800-bacc-497c-9e88-a4cecd073f6c" 201 - "-" "-" "container-updater 2" 0.0006 "-" 21 0
Jan 21 15:57:35 standalone account-server[123102]: 172.20.0.100 - - [21/Jan/2026:15:57:35 +0000] "PUT /d1/192/AUTH_7f305f5e72d84f90904cd16f69197ce6/gnocchi.df55190e-29c8-4df1-8c9d-5d9483e7c780" 201 - "-" "-" "container-updater 2" 0.0007 "-" 21 0
Jan 21 15:57:35 standalone account-server[123101]: 172.20.0.100 - - [21/Jan/2026:15:57:35 +0000] "PUT /d1/192/AUTH_7f305f5e72d84f90904cd16f69197ce6/gnocchi.8e6b5d72-dd22-4010-8c14-215db4fc9daa" 201 - "-" "-" "container-updater 2" 0.0011 "-" 20 0
Jan 21 15:57:35 standalone account-server[123102]: 172.20.0.100 - - [21/Jan/2026:15:57:35 +0000] "PUT /d1/192/AUTH_7f305f5e72d84f90904cd16f69197ce6/gnocchi.2442092b-68b5-4054-ab0e-711adc11ab48" 201 - "-" "-" "container-updater 2" 0.0005 "-" 21 0
Jan 21 15:57:35 standalone account-server[123106]: 172.20.0.100 - - [21/Jan/2026:15:57:35 +0000] "PUT /d1/192/AUTH_7f305f5e72d84f90904cd16f69197ce6/gnocchi.d8fc4865-41d5-4eee-b73a-f58a94be1629" 201 - "-" "-" "container-updater 2" 0.0008 "-" 22 0
Jan 21 15:57:35 standalone account-server[123101]: 172.20.0.100 - - [21/Jan/2026:15:57:35 +0000] "PUT /d1/192/AUTH_7f305f5e72d84f90904cd16f69197ce6/gnocchi.99e3d42a-7605-44a7-b947-d8cb466bf132" 201 - "-" "-" "container-updater 2" 0.0008 "-" 20 0
Jan 21 15:57:35 standalone account-server[123102]: 172.20.0.100 - - [21/Jan/2026:15:57:35 +0000] "PUT /d1/192/AUTH_7f305f5e72d84f90904cd16f69197ce6/gnocchi.9d0e19a6-4e96-42c4-bb9c-205a3efb3beb" 201 - "-" "-" "container-updater 2" 0.0006 "-" 21 0
Jan 21 15:57:35 standalone container-server[122915]: Container update sweep completed: 2.89s
Jan 21 15:58:33 standalone object-server[123127]: Begin object update sweep
Jan 21 15:58:33 standalone object-server[235345]: Object update sweep starting on /srv/node/d1 (pid: 15)
Jan 21 15:58:33 standalone object-server[235345]: Object update sweep completed on /srv/node/d1 in 0.00s seconds:, 0 successes, 0 failures, 0 quarantines, 0 unlinks, 0 errors, 0 redirects (pid: 15)
Jan 21 15:58:33 standalone object-server[235345]: Object update sweep of d1 completed: 0.00s, 0 successes, 0 failures, 0 quarantines, 0 unlinks, 0 errors, 0 redirects
Jan 21 15:58:33 standalone object-server[123127]: Object update sweep completed: 0.08s
Jan 21 15:59:15 standalone account-server[123107]: 172.20.0.100 - - [21/Jan/2026:15:59:15 +0000] "HEAD /d1/17/.expiring_objects" 404 - "HEAD http://localhost/v1/.expiring_objects?format=json" "tx1ef949df1a1f4e919d768-006970f7d3" "proxy-server 2" 0.0008 "-" 23 -
Jan 21 15:59:15 standalone object-expirer[123027]: Pass completed in 0s; 0 objects expired (txn: tx1ef949df1a1f4e919d768-006970f7d3)
Jan 21 15:59:50 standalone account-server[123106]: 172.20.0.100 - - [21/Jan/2026:15:59:50 +0000] "HEAD /d1/17/.expiring_objects" 404 - "HEAD http://localhost/v1/.expiring_objects?format=json" "txdaddc3051c55456e8a6f3-006970f7f6" "proxy-server 2" 0.0004 "-" 22 -
Jan 21 15:59:50 standalone object-expirer[123027]: Pass completed in 0s; 0 objects expired (txn: txdaddc3051c55456e8a6f3-006970f7f6)
Jan 21 16:02:32 standalone container-server[122915]: Begin container update sweep
Jan 21 16:02:34 standalone container-server[122915]: Container update sweep completed: 1.68s
Jan 21 16:03:33 standalone object-server[123127]: Begin object update sweep
Jan 21 16:03:33 standalone object-server[264293]: Object update sweep starting on /srv/node/d1 (pid: 16)
Jan 21 16:03:33 standalone object-server[264293]: Object update sweep completed on /srv/node/d1 in 0.00s seconds:, 0 successes, 0 failures, 0 quarantines, 0 unlinks, 0 errors, 0 redirects (pid: 16)
Jan 21 16:03:33 standalone object-server[264293]: Object update sweep of d1 completed: 0.00s, 0 successes, 0 failures, 0 quarantines, 0 unlinks, 0 errors, 0 redirects
Jan 21 16:03:33 standalone object-server[123127]: Object update sweep completed: 0.12s
Jan 21 16:04:45 standalone account-server[123102]: 172.20.0.100 - - [21/Jan/2026:16:04:45 +0000] "HEAD /d1/17/.expiring_objects" 404 - "HEAD http://localhost/v1/.expiring_objects?format=json" "tx87e0aca37a154c9183597-006970f91d" "proxy-server 2" 0.0019 "-" 21 -
Jan 21 16:04:45 standalone object-expirer[123027]: Pass completed in 0s; 0 objects expired (txn: tx87e0aca37a154c9183597-006970f91d)
Jan 21 16:05:27 standalone account-server[123106]: 172.20.0.100 - - [21/Jan/2026:16:05:27 +0000] "HEAD /d1/17/.expiring_objects" 404 - "HEAD http://localhost/v1/.expiring_objects?format=json" "tx335a120f337f4ebe94b0c-006970f947" "proxy-server 2" 0.0005 "-" 22 -
Jan 21 16:05:27 standalone object-expirer[123027]: Pass completed in 0s; 0 objects expired (txn: tx335a120f337f4ebe94b0c-006970f947)
Jan 21 16:06:50 standalone account-server[123106]: 172.20.0.100 - - [21/Jan/2026:16:06:50 +0000] "HEAD /d1/17/.expiring_objects" 404 - "HEAD http://localhost/v1/.expiring_objects?format=json" "txdf0db9108f034e81afdf0-006970f99a" "proxy-server 2" 0.0008 "-" 22 -
Jan 21 16:06:50 standalone object-expirer[123027]: Pass completed in 0s; 0 objects expired (txn: txdf0db9108f034e81afdf0-006970f99a)
Jan 21 16:07:12 standalone account-server[123107]: 172.20.0.100 - - [21/Jan/2026:16:07:12 +0000] "HEAD /d1/17/.expiring_objects" 404 - "HEAD http://localhost/v1/.expiring_objects?format=json" "txd04684325a3c4f9b9fd4c-006970f9b0" "proxy-server 2" 0.0005 "-" 23 -
Jan 21 16:07:12 standalone object-expirer[123027]: Pass completed in 0s; 0 objects expired (txn: txd04684325a3c4f9b9fd4c-006970f9b0)
Jan 21 16:07:33 standalone container-server[122915]: Begin container update sweep
Jan 21 16:07:34 standalone container-server[122915]: Container update sweep completed: 1.43s
Jan 21 16:07:59 standalone account-server[123101]: 172.20.0.31 - - [21/Jan/2026:16:07:59 +0000] "HEAD /d1/681/AUTH_af53e5e13f1d43bdbd0dd281acc13d76" 404 - "HEAD http://swift-public-openstack.apps-crc.testing/v1/AUTH_af53e5e13f1d43bdbd0dd281acc13d76?format=json" "txd817e0bc7f5642b1b169a-006970f9df" "proxy-server 14" 0.0009 "-" 20 -
Jan 21 16:07:59 standalone account-server[123107]: 172.20.0.31 - - [21/Jan/2026:16:07:59 +0000] "GET /d1/681/AUTH_af53e5e13f1d43bdbd0dd281acc13d76" 404 - "GET http://swift-public-openstack.apps-crc.testing/v1/AUTH_af53e5e13f1d43bdbd0dd281acc13d76?format=json" "txd817e0bc7f5642b1b169a-006970f9df" "proxy-server 14" 0.0005 "-" 23 -
Jan 21 16:08:33 standalone object-server[123127]: Begin object update sweep
Jan 21 16:08:33 standalone object-server[284908]: Object update sweep starting on /srv/node/d1 (pid: 17)
Jan 21 16:08:33 standalone object-server[284908]: Object update sweep completed on /srv/node/d1 in 0.00s seconds:, 0 successes, 0 failures, 0 quarantines, 0 unlinks, 0 errors, 0 redirects (pid: 17)
Jan 21 16:08:33 standalone object-server[284908]: Object update sweep of d1 completed: 0.00s, 0 successes, 0 failures, 0 quarantines, 0 unlinks, 0 errors, 0 redirects
Jan 21 16:08:33 standalone object-server[123127]: Object update sweep completed: 0.09s
Jan 21 16:08:47 standalone account-server[123107]: 172.20.0.100 - - [21/Jan/2026:16:08:47 +0000] "HEAD /d1/17/.expiring_objects" 404 - "HEAD http://localhost/v1/.expiring_objects?format=json" "tx97135eb1cb0040a2b0140-006970fa0f" "proxy-server 2" 0.0008 "-" 23 -
Jan 21 16:08:47 standalone object-expirer[123027]: Pass completed in 0s; 0 objects expired (txn: tx97135eb1cb0040a2b0140-006970fa0f)
Jan 21 16:09:21 standalone account-server[123107]: 172.20.0.100 - - [21/Jan/2026:16:09:21 +0000] "HEAD /d1/17/.expiring_objects" 404 - "HEAD http://localhost/v1/.expiring_objects?format=json" "txe69f62bf49ea47b9a9446-006970fa31" "proxy-server 2" 0.0006 "-" 23 -
Jan 21 16:09:21 standalone object-expirer[123027]: Pass completed in 0s; 0 objects expired (txn: txe69f62bf49ea47b9a9446-006970fa31)
Jan 21 16:12:33 standalone container-server[122915]: Begin container update sweep
Jan 21 16:12:34 standalone container-server[122915]: Container update sweep completed: 1.70s
Jan 21 16:13:30 standalone account-server[123101]: 172.20.0.100 - - [21/Jan/2026:16:13:30 +0000] "HEAD /d1/17/.expiring_objects" 404 - "HEAD http://localhost/v1/.expiring_objects?format=json" "txba7ba6f108a84c15a5d89-006970fb2a" "proxy-server 2" 0.0010 "-" 20 -
Jan 21 16:13:30 standalone object-expirer[123027]: Pass completed in 0s; 0 objects expired (txn: txba7ba6f108a84c15a5d89-006970fb2a)
Jan 21 16:13:33 standalone object-server[123127]: Begin object update sweep
Jan 21 16:13:33 standalone object-server[305554]: Object update sweep starting on /srv/node/d1 (pid: 18)
Jan 21 16:13:33 standalone object-server[305554]: Object update sweep completed on /srv/node/d1 in 0.00s seconds:, 0 successes, 0 failures, 0 quarantines, 0 unlinks, 0 errors, 0 redirects (pid: 18)
Jan 21 16:13:33 standalone object-server[305554]: Object update sweep of d1 completed: 0.00s, 0 successes, 0 failures, 0 quarantines, 0 unlinks, 0 errors, 0 redirects
Jan 21 16:13:33 standalone object-server[123127]: Object update sweep completed: 0.09s
Jan 21 16:14:29 standalone account-server[123102]: 172.20.0.100 - - [21/Jan/2026:16:14:29 +0000] "HEAD /d1/17/.expiring_objects" 404 - "HEAD http://localhost/v1/.expiring_objects?format=json" "tx64dfb3db2f094c619a758-006970fb65" "proxy-server 2" 0.0005 "-" 21 -
Jan 21 16:14:29 standalone object-expirer[123027]: Pass completed in 0s; 0 objects expired (txn: tx64dfb3db2f094c619a758-006970fb65)
Jan 21 16:14:59 standalone account-server[123106]: 172.20.0.31 - - [21/Jan/2026:16:14:59 +0000] "HEAD /d1/192/AUTH_7f305f5e72d84f90904cd16f69197ce6" 204 - "HEAD http://swift-internal.openstack.svc:8080/v1/AUTH_7f305f5e72d84f90904cd16f69197ce6?format=json" "tx6f600786709b4d7f9756e-006970fb83" "proxy-server 16" 0.0377 "-" 22 -
Jan 21 16:15:01 standalone container-server[123044]: 172.20.0.31 - - [21/Jan/2026:16:15:01 +0000] "HEAD /d1/634/AUTH_7f305f5e72d84f90904cd16f69197ce6/glance" 204 - "HEAD http://swift-internal.openstack.svc:8080/v1/AUTH_7f305f5e72d84f90904cd16f69197ce6/glance?format=json&states=listing" "tx6f600786709b4d7f9756e-006970fb83" "proxy-server 16" 0.0038 "-" 22 0
Jan 21 16:15:04 standalone container-server[123026]: 172.20.0.100 - - [21/Jan/2026:16:15:04 +0000] "PUT /d1/634/AUTH_7f305f5e72d84f90904cd16f69197ce6/glance/b21008be-eca8-484a-a72a-7651a0bb8f77-00001" 201 - "PUT http://swift-internal.openstack.svc:8080/d1/683/AUTH_7f305f5e72d84f90904cd16f69197ce6/glance/b21008be-eca8-484a-a72a-7651a0bb8f77-00001" "txc1bed19df0834554880d5-006970fb85" "object-server 22" 0.0006 "-" 20 0
Jan 21 16:15:04 standalone object-server[123219]: 172.20.0.31 - - [21/Jan/2026:16:15:04 +0000] "PUT /d1/683/AUTH_7f305f5e72d84f90904cd16f69197ce6/glance/b21008be-eca8-484a-a72a-7651a0bb8f77-00001" 201 - "PUT http://swift-internal.openstack.svc:8080/v1/AUTH_7f305f5e72d84f90904cd16f69197ce6/glance/b21008be-eca8-484a-a72a-7651a0bb8f77-00001" "txc1bed19df0834554880d5-006970fb85" "proxy-server 16" 3.5091 "-" 22 0
Jan 21 16:15:04 standalone account-server[123102]: 172.20.0.100 - - [21/Jan/2026:16:15:04 +0000] "HEAD /d1/17/.expiring_objects" 404 - "HEAD http://localhost/v1/.expiring_objects?format=json" "txfde9d7454c8b453bab4cf-006970fb88" "proxy-server 2" 0.0006 "-" 21 -
Jan 21 16:15:04 standalone object-expirer[123027]: Pass completed in 0s; 0 objects expired (txn: txfde9d7454c8b453bab4cf-006970fb88)
Jan 21 16:15:07 standalone container-server[123038]: 172.20.0.100 - - [21/Jan/2026:16:15:07 +0000] "PUT /d1/634/AUTH_7f305f5e72d84f90904cd16f69197ce6/glance/b21008be-eca8-484a-a72a-7651a0bb8f77-00002" 201 - "PUT http://swift-internal.openstack.svc:8080/d1/660/AUTH_7f305f5e72d84f90904cd16f69197ce6/glance/b21008be-eca8-484a-a72a-7651a0bb8f77-00002" "tx6476f04d4fa645b29b51e-006970fb88" "object-server 25" 0.0013 "-" 21 0
Jan 21 16:15:07 standalone object-server[123222]: 172.20.0.31 - - [21/Jan/2026:16:15:07 +0000] "PUT /d1/660/AUTH_7f305f5e72d84f90904cd16f69197ce6/glance/b21008be-eca8-484a-a72a-7651a0bb8f77-00002" 201 - "PUT http://swift-internal.openstack.svc:8080/v1/AUTH_7f305f5e72d84f90904cd16f69197ce6/glance/b21008be-eca8-484a-a72a-7651a0bb8f77-00002" "tx6476f04d4fa645b29b51e-006970fb88" "proxy-server 16" 3.2292 "-" 25 0
Jan 21 16:15:09 standalone container-server[123045]: 172.20.0.100 - - [21/Jan/2026:16:15:09 +0000] "PUT /d1/634/AUTH_7f305f5e72d84f90904cd16f69197ce6/glance/b21008be-eca8-484a-a72a-7651a0bb8f77-00003" 201 - "PUT http://swift-internal.openstack.svc:8080/d1/743/AUTH_7f305f5e72d84f90904cd16f69197ce6/glance/b21008be-eca8-484a-a72a-7651a0bb8f77-00003" "tx0db2742a2b0849328b366-006970fb8b" "object-server 23" 0.0011 "-" 23 0
Jan 21 16:15:09 standalone object-server[123220]: 172.20.0.31 - - [21/Jan/2026:16:15:09 +0000] "PUT /d1/743/AUTH_7f305f5e72d84f90904cd16f69197ce6/glance/b21008be-eca8-484a-a72a-7651a0bb8f77-00003" 201 - "PUT http://swift-internal.openstack.svc:8080/v1/AUTH_7f305f5e72d84f90904cd16f69197ce6/glance/b21008be-eca8-484a-a72a-7651a0bb8f77-00003" "tx0db2742a2b0849328b366-006970fb8b" "proxy-server 16" 1.8087 "-" 23 0
Jan 21 16:15:09 standalone container-server[123044]: 172.20.0.100 - - [21/Jan/2026:16:15:09 +0000] "PUT /d1/634/AUTH_7f305f5e72d84f90904cd16f69197ce6/glance/b21008be-eca8-484a-a72a-7651a0bb8f77" 201 - "PUT http://swift-internal.openstack.svc:8080/d1/897/AUTH_7f305f5e72d84f90904cd16f69197ce6/glance/b21008be-eca8-484a-a72a-7651a0bb8f77" "tx84fa535143ed4aee96460-006970fb8d" "object-server 22" 0.0008 "-" 22 0
Jan 21 16:15:09 standalone object-server[123219]: 172.20.0.31 - - [21/Jan/2026:16:15:09 +0000] "PUT /d1/897/AUTH_7f305f5e72d84f90904cd16f69197ce6/glance/b21008be-eca8-484a-a72a-7651a0bb8f77" 201 - "PUT http://swift-internal.openstack.svc:8080/v1/AUTH_7f305f5e72d84f90904cd16f69197ce6/glance/b21008be-eca8-484a-a72a-7651a0bb8f77" "tx84fa535143ed4aee96460-006970fb8d" "proxy-server 16" 0.0558 "-" 22 0
Jan 21 16:16:05 standalone account-server[123102]: 172.20.0.100 - - [21/Jan/2026:16:16:05 +0000] "HEAD /d1/17/.expiring_objects" 404 - "HEAD http://localhost/v1/.expiring_objects?format=json" "tx7aa1eeb5594c4ecdaad61-006970fbc5" "proxy-server 2" 0.0006 "-" 21 -
Jan 21 16:16:05 standalone object-expirer[123027]: Pass completed in 0s; 0 objects expired (txn: tx7aa1eeb5594c4ecdaad61-006970fbc5)
Jan 21 16:17:13 standalone account-server[123107]: 172.20.0.100 - - [21/Jan/2026:16:17:13 +0000] "HEAD /d1/17/.expiring_objects" 404 - "HEAD http://localhost/v1/.expiring_objects?format=json" "txfea27e5c086049e18c072-006970fc09" "proxy-server 2" 0.0011 "-" 23 -
Jan 21 16:17:13 standalone object-expirer[123027]: Pass completed in 0s; 0 objects expired (txn: txfea27e5c086049e18c072-006970fc09)
Jan 21 16:17:33 standalone container-server[122915]: Begin container update sweep
