Jan 21 15:57:26 standalone container-server[123038]: 172.20.0.100 - - [21/Jan/2026:15:57:26 +0000] "GET /d1/90/AUTH_7f305f5e72d84f90904cd16f69197ce6/gnocchi.46331e9b-6eee-4457-afca-3b1918e6de1e" 200 2 "GET http://localhost:8080/v1/AUTH_7f305f5e72d84f90904cd16f69197ce6/gnocchi.46331e9b-6eee-4457-afca-3b1918e6de1e?format=json&states=listing" "tx01462287d6d44c5682e92-006970f766" "proxy-server 21" 0.0039 "-" 21 0
Jan 21 15:57:26 standalone proxy-server[125188]: 172.18.0.2 ::1 21/Jan/2026/15/57/26 GET /v1/AUTH_7f305f5e72d84f90904cd16f69197ce6/gnocchi.46331e9b-6eee-4457-afca-3b1918e6de1e%3Fformat%3Djson%26states%3Dlisting HTTP/1.0 200 - python-swiftclient-3.11.1 gAAAAABpcPar4bVV... - 2 - tx01462287d6d44c5682e92-006970f766 - 0.0194 - - 1769011046.437526703 1769011046.456949949 0
Jan 21 15:57:26 standalone object-server[123220]: 172.20.0.100 - - [21/Jan/2026:15:57:26 +0000] "GET /d1/271/AUTH_7f305f5e72d84f90904cd16f69197ce6/gnocchi.46331e9b-6eee-4457-afca-3b1918e6de1e/1767960000.0_mean_300.0_v3" 404 70 "GET http://localhost:8080/v1/AUTH_7f305f5e72d84f90904cd16f69197ce6/gnocchi.46331e9b-6eee-4457-afca-3b1918e6de1e/1767960000.0_mean_300.0_v3" "txf4545dd86aa54199a7726-006970f766" "proxy-server 21" 0.0005 "-" 23 0
Jan 21 15:57:26 standalone proxy-server[125188]: 172.18.0.2 ::1 21/Jan/2026/15/57/26 GET /v1/AUTH_7f305f5e72d84f90904cd16f69197ce6/gnocchi.46331e9b-6eee-4457-afca-3b1918e6de1e/1767960000.0_mean_300.0_v3 HTTP/1.0 404 - python-swiftclient-3.11.1 gAAAAABpcPar4bVV... - 70 - txf4545dd86aa54199a7726-006970f766 - 0.0063 - - 1769011046.463157654 1769011046.469444513 0
Jan 21 15:57:26 standalone container-server[123045]: 172.20.0.100 - - [21/Jan/2026:15:57:26 +0000] "PUT /d1/90/AUTH_7f305f5e72d84f90904cd16f69197ce6/gnocchi.46331e9b-6eee-4457-afca-3b1918e6de1e/1767960000.0_mean_300.0_v3" 201 - "PUT http://localhost:8080/d1/271/AUTH_7f305f5e72d84f90904cd16f69197ce6/gnocchi.46331e9b-6eee-4457-afca-3b1918e6de1e/1767960000.0_mean_300.0_v3" "txbfa79d7ecab14b1789ad3-006970f766" "object-server 25" 0.0011 "-" 23 0
Jan 21 15:57:26 standalone object-server[123222]: 172.20.0.100 - - [21/Jan/2026:15:57:26 +0000] "PUT /d1/271/AUTH_7f305f5e72d84f90904cd16f69197ce6/gnocchi.46331e9b-6eee-4457-afca-3b1918e6de1e/1767960000.0_mean_300.0_v3" 201 - "PUT http://localhost:8080/v1/AUTH_7f305f5e72d84f90904cd16f69197ce6/gnocchi.46331e9b-6eee-4457-afca-3b1918e6de1e/1767960000.0_mean_300.0_v3" "txbfa79d7ecab14b1789ad3-006970f766" "proxy-server 21" 0.0126 "-" 25 0
Jan 21 15:57:26 standalone proxy-server[125188]: 172.18.0.2 ::1 21/Jan/2026/15/57/26 PUT /v1/AUTH_7f305f5e72d84f90904cd16f69197ce6/gnocchi.46331e9b-6eee-4457-afca-3b1918e6de1e/1767960000.0_mean_300.0_v3 HTTP/1.0 201 - python-swiftclient-3.11.1 gAAAAABpcPar4bVV... 16 - - txbfa79d7ecab14b1789ad3-006970f766 - 0.0191 - - 1769011046.473939896 1769011046.493065119 0
Jan 21 15:57:26 standalone container-server[123045]: 172.20.0.100 - - [21/Jan/2026:15:57:26 +0000] "PUT /d1/90/AUTH_7f305f5e72d84f90904cd16f69197ce6/gnocchi.46331e9b-6eee-4457-afca-3b1918e6de1e/none_v3" 201 - "PUT http://localhost:8080/d1/235/AUTH_7f305f5e72d84f90904cd16f69197ce6/gnocchi.46331e9b-6eee-4457-afca-3b1918e6de1e/none_v3" "tx619721bf144846caa06d9-006970f766" "object-server 23" 0.0011 "-" 23 0
Jan 21 15:57:26 standalone object-server[123220]: 172.20.0.100 - - [21/Jan/2026:15:57:26 +0000] "PUT /d1/235/AUTH_7f305f5e72d84f90904cd16f69197ce6/gnocchi.46331e9b-6eee-4457-afca-3b1918e6de1e/none_v3" 201 - "PUT http://localhost:8080/v1/AUTH_7f305f5e72d84f90904cd16f69197ce6/gnocchi.46331e9b-6eee-4457-afca-3b1918e6de1e/none_v3" "tx619721bf144846caa06d9-006970f766" "proxy-server 21" 0.0123 "-" 23 0
Jan 21 15:57:26 standalone proxy-server[125188]: 172.18.0.2 ::1 21/Jan/2026/15/57/26 PUT /v1/AUTH_7f305f5e72d84f90904cd16f69197ce6/gnocchi.46331e9b-6eee-4457-afca-3b1918e6de1e/none_v3 HTTP/1.0 201 - python-swiftclient-3.11.1 gAAAAABpcPar4bVV... 22 - - tx619721bf144846caa06d9-006970f766 - 0.0189 - - 1769011046.496969700 1769011046.515886784 0
Jan 21 15:57:26 standalone container-server[123045]: 172.20.0.100 - - [21/Jan/2026:15:57:26 +0000] "HEAD /d1/189/AUTH_7f305f5e72d84f90904cd16f69197ce6/gnocchi.df55190e-29c8-4df1-8c9d-5d9483e7c780" 404 - "HEAD http://localhost:8080/v1/AUTH_7f305f5e72d84f90904cd16f69197ce6/gnocchi.df55190e-29c8-4df1-8c9d-5d9483e7c780?format=json&states=listing" "tx7a86a0c9fa254f88843a2-006970f766" "proxy-server 21" 0.0006 "-" 23 0
Jan 21 15:57:26 standalone object-server[123214]: 172.20.0.100 - - [21/Jan/2026:15:57:26 +0000] "GET /d1/240/AUTH_7f305f5e72d84f90904cd16f69197ce6/gnocchi.df55190e-29c8-4df1-8c9d-5d9483e7c780/none_v3" 404 70 "GET http://localhost:8080/v1/AUTH_7f305f5e72d84f90904cd16f69197ce6/gnocchi.df55190e-29c8-4df1-8c9d-5d9483e7c780/none_v3" "tx7a86a0c9fa254f88843a2-006970f766" "proxy-server 21" 0.0004 "-" 21 0
Jan 21 15:57:26 standalone proxy-server[125188]: 172.18.0.2 ::1 21/Jan/2026/15/57/26 GET /v1/AUTH_7f305f5e72d84f90904cd16f69197ce6/gnocchi.df55190e-29c8-4df1-8c9d-5d9483e7c780/none_v3 HTTP/1.0 404 - python-swiftclient-3.11.1 gAAAAABpcPar4bVV... - 70 - tx7a86a0c9fa254f88843a2-006970f766 - 0.0123 - - 1769011046.534003019 1769011046.546341896 0
Jan 21 15:57:26 standalone account-server[123106]: 172.20.0.100 - - [21/Jan/2026:15:57:26 +0000] "PUT /d1/192/AUTH_7f305f5e72d84f90904cd16f69197ce6/gnocchi.df55190e-29c8-4df1-8c9d-5d9483e7c780" 201 - "PUT http://172.20.0.100:6001/d1/189/AUTH_7f305f5e72d84f90904cd16f69197ce6/gnocchi.df55190e-29c8-4df1-8c9d-5d9483e7c780" "txb6e105cdf108465498e04-006970f766" "container-server 23" 0.0056 "-" 22 0
Jan 21 15:57:26 standalone container-server[123045]: 172.20.0.100 - - [21/Jan/2026:15:57:26 +0000] "PUT /d1/189/AUTH_7f305f5e72d84f90904cd16f69197ce6/gnocchi.df55190e-29c8-4df1-8c9d-5d9483e7c780" 201 - "PUT http://localhost:8080/v1/AUTH_7f305f5e72d84f90904cd16f69197ce6/gnocchi.df55190e-29c8-4df1-8c9d-5d9483e7c780" "txb6e105cdf108465498e04-006970f766" "proxy-server 21" 0.0206 "-" 23 0
Jan 21 15:57:26 standalone proxy-server[125188]: 172.18.0.2 ::1 21/Jan/2026/15/57/26 PUT /v1/AUTH_7f305f5e72d84f90904cd16f69197ce6/gnocchi.df55190e-29c8-4df1-8c9d-5d9483e7c780 HTTP/1.0 201 - python-swiftclient-3.11.1 gAAAAABpcPar4bVV... - - - txb6e105cdf108465498e04-006970f766 - 0.0287 - - 1769011046.551496506 1769011046.580218792 0
Jan 21 15:57:26 standalone container-server[123044]: 172.20.0.100 - - [21/Jan/2026:15:57:26 +0000] "HEAD /d1/189/AUTH_7f305f5e72d84f90904cd16f69197ce6/gnocchi.df55190e-29c8-4df1-8c9d-5d9483e7c780" 204 - "HEAD http://localhost:8080/v1/AUTH_7f305f5e72d84f90904cd16f69197ce6/gnocchi.df55190e-29c8-4df1-8c9d-5d9483e7c780?format=json&states=listing" "tx9463126a39d44474861c3-006970f766" "proxy-server 21" 0.0028 "-" 22 0
Jan 21 15:57:26 standalone proxy-server[125188]: - - 21/Jan/2026/15/57/26 HEAD /v1/AUTH_7f305f5e72d84f90904cd16f69197ce6/gnocchi.df55190e-29c8-4df1-8c9d-5d9483e7c780%3Fformat%3Djson%26states%3Dlisting HTTP/1.0 204 - Swift - - - - tx9463126a39d44474861c3-006970f766 - 0.0084 RL - 1769011046.587952614 1769011046.596363544 0
Jan 21 15:57:26 standalone container-server[123045]: 172.20.0.100 - - [21/Jan/2026:15:57:26 +0000] "GET /d1/189/AUTH_7f305f5e72d84f90904cd16f69197ce6/gnocchi.df55190e-29c8-4df1-8c9d-5d9483e7c780" 200 2 "GET http://localhost:8080/v1/AUTH_7f305f5e72d84f90904cd16f69197ce6/gnocchi.df55190e-29c8-4df1-8c9d-5d9483e7c780?format=json&states=listing" "tx9463126a39d44474861c3-006970f766" "proxy-server 21" 0.0040 "-" 23 0
Jan 21 15:57:26 standalone proxy-server[125188]: 172.18.0.2 ::1 21/Jan/2026/15/57/26 GET /v1/AUTH_7f305f5e72d84f90904cd16f69197ce6/gnocchi.df55190e-29c8-4df1-8c9d-5d9483e7c780%3Fformat%3Djson%26states%3Dlisting HTTP/1.0 200 - python-swiftclient-3.11.1 gAAAAABpcPar4bVV... - 2 - tx9463126a39d44474861c3-006970f766 - 0.0236 - - 1769011046.586054564 1769011046.609682798 0
Jan 21 15:57:26 standalone object-server[123219]: 172.20.0.100 - - [21/Jan/2026:15:57:26 +0000] "GET /d1/819/AUTH_7f305f5e72d84f90904cd16f69197ce6/gnocchi.df55190e-29c8-4df1-8c9d-5d9483e7c780/1767960000.0_mean_300.0_v3" 404 70 "GET http://localhost:8080/v1/AUTH_7f305f5e72d84f90904cd16f69197ce6/gnocchi.df55190e-29c8-4df1-8c9d-5d9483e7c780/1767960000.0_mean_300.0_v3" "tx973842d0dbf44c2b803c3-006970f766" "proxy-server 21" 0.0006 "-" 22 0
Jan 21 15:57:26 standalone proxy-server[125188]: 172.18.0.2 ::1 21/Jan/2026/15/57/26 GET /v1/AUTH_7f305f5e72d84f90904cd16f69197ce6/gnocchi.df55190e-29c8-4df1-8c9d-5d9483e7c780/1767960000.0_mean_300.0_v3 HTTP/1.0 404 - python-swiftclient-3.11.1 gAAAAABpcPar4bVV... - 70 - tx973842d0dbf44c2b803c3-006970f766 - 0.0125 - - 1769011046.617896080 1769011046.630390882 0
Jan 21 15:57:26 standalone container-server[123038]: 172.20.0.100 - - [21/Jan/2026:15:57:26 +0000] "PUT /d1/189/AUTH_7f305f5e72d84f90904cd16f69197ce6/gnocchi.df55190e-29c8-4df1-8c9d-5d9483e7c780/1767960000.0_mean_300.0_v3" 201 - "PUT http://localhost:8080/d1/819/AUTH_7f305f5e72d84f90904cd16f69197ce6/gnocchi.df55190e-29c8-4df1-8c9d-5d9483e7c780/1767960000.0_mean_300.0_v3" "tx09fc4e1188254cf8bf0f8-006970f766" "object-server 22" 0.0011 "-" 21 0
Jan 21 15:57:26 standalone object-server[123219]: 172.20.0.100 - - [21/Jan/2026:15:57:26 +0000] "PUT /d1/819/AUTH_7f305f5e72d84f90904cd16f69197ce6/gnocchi.df55190e-29c8-4df1-8c9d-5d9483e7c780/1767960000.0_mean_300.0_v3" 201 - "PUT http://localhost:8080/v1/AUTH_7f305f5e72d84f90904cd16f69197ce6/gnocchi.df55190e-29c8-4df1-8c9d-5d9483e7c780/1767960000.0_mean_300.0_v3" "tx09fc4e1188254cf8bf0f8-006970f766" "proxy-server 21" 0.0147 "-" 22 0
Jan 21 15:57:26 standalone proxy-server[125188]: 172.18.0.2 ::1 21/Jan/2026/15/57/26 PUT /v1/AUTH_7f305f5e72d84f90904cd16f69197ce6/gnocchi.df55190e-29c8-4df1-8c9d-5d9483e7c780/1767960000.0_mean_300.0_v3 HTTP/1.0 201 - python-swiftclient-3.11.1 gAAAAABpcPar4bVV... 16 - - tx09fc4e1188254cf8bf0f8-006970f766 - 0.0250 - - 1769011046.638197660 1769011046.663237810 0
Jan 21 15:57:26 standalone container-server[123026]: 172.20.0.100 - - [21/Jan/2026:15:57:26 +0000] "PUT /d1/189/AUTH_7f305f5e72d84f90904cd16f69197ce6/gnocchi.df55190e-29c8-4df1-8c9d-5d9483e7c780/none_v3" 201 - "PUT http://localhost:8080/d1/240/AUTH_7f305f5e72d84f90904cd16f69197ce6/gnocchi.df55190e-29c8-4df1-8c9d-5d9483e7c780/none_v3" "tx606225391536460f98c06-006970f766" "object-server 23" 0.0010 "-" 20 0
Jan 21 15:57:26 standalone object-server[123220]: 172.20.0.100 - - [21/Jan/2026:15:57:26 +0000] "PUT /d1/240/AUTH_7f305f5e72d84f90904cd16f69197ce6/gnocchi.df55190e-29c8-4df1-8c9d-5d9483e7c780/none_v3" 201 - "PUT http://localhost:8080/v1/AUTH_7f305f5e72d84f90904cd16f69197ce6/gnocchi.df55190e-29c8-4df1-8c9d-5d9483e7c780/none_v3" "tx606225391536460f98c06-006970f766" "proxy-server 21" 0.0141 "-" 23 0
Jan 21 15:57:26 standalone proxy-server[125188]: 172.18.0.2 ::1 21/Jan/2026/15/57/26 PUT /v1/AUTH_7f305f5e72d84f90904cd16f69197ce6/gnocchi.df55190e-29c8-4df1-8c9d-5d9483e7c780/none_v3 HTTP/1.0 201 - python-swiftclient-3.11.1 gAAAAABpcPar4bVV... 22 - - tx606225391536460f98c06-006970f766 - 0.0274 - - 1769011046.669857979 1769011046.697272539 0
Jan 21 15:57:26 standalone container-server[123044]: 172.20.0.100 - - [21/Jan/2026:15:57:26 +0000] "HEAD /d1/885/AUTH_7f305f5e72d84f90904cd16f69197ce6/gnocchi.720fb403-b004-4b17-9776-5f92d405f1f8" 404 - "HEAD http://localhost:8080/v1/AUTH_7f305f5e72d84f90904cd16f69197ce6/gnocchi.720fb403-b004-4b17-9776-5f92d405f1f8?format=json&states=listing" "tx7246281b3a4347fc83e24-006970f766" "proxy-server 21" 0.0007 "-" 22 0
Jan 21 15:57:26 standalone object-server[123220]: 172.20.0.100 - - [21/Jan/2026:15:57:26 +0000] "GET /d1/49/AUTH_7f305f5e72d84f90904cd16f69197ce6/gnocchi.720fb403-b004-4b17-9776-5f92d405f1f8/none_v3" 404 70 "GET http://localhost:8080/v1/AUTH_7f305f5e72d84f90904cd16f69197ce6/gnocchi.720fb403-b004-4b17-9776-5f92d405f1f8/none_v3" "tx7246281b3a4347fc83e24-006970f766" "proxy-server 21" 0.0006 "-" 23 0
Jan 21 15:57:26 standalone proxy-server[125188]: 172.18.0.2 ::1 21/Jan/2026/15/57/26 GET /v1/AUTH_7f305f5e72d84f90904cd16f69197ce6/gnocchi.720fb403-b004-4b17-9776-5f92d405f1f8/none_v3 HTTP/1.0 404 - python-swiftclient-3.11.1 gAAAAABpcPar4bVV... - 70 - tx7246281b3a4347fc83e24-006970f766 - 0.0177 - - 1769011046.716509342 1769011046.734159946 0
Jan 21 15:57:26 standalone account-server[123107]: 172.20.0.100 - - [21/Jan/2026:15:57:26 +0000] "PUT /d1/192/AUTH_7f305f5e72d84f90904cd16f69197ce6/gnocchi.720fb403-b004-4b17-9776-5f92d405f1f8" 201 - "PUT http://172.20.0.100:6001/d1/885/AUTH_7f305f5e72d84f90904cd16f69197ce6/gnocchi.720fb403-b004-4b17-9776-5f92d405f1f8" "txc939f68d9bb14f6a9d83c-006970f766" "container-server 21" 0.0091 "-" 23 0
Jan 21 15:57:26 standalone container-server[123038]: 172.20.0.100 - - [21/Jan/2026:15:57:26 +0000] "PUT /d1/885/AUTH_7f305f5e72d84f90904cd16f69197ce6/gnocchi.720fb403-b004-4b17-9776-5f92d405f1f8" 201 - "PUT http://localhost:8080/v1/AUTH_7f305f5e72d84f90904cd16f69197ce6/gnocchi.720fb403-b004-4b17-9776-5f92d405f1f8" "txc939f68d9bb14f6a9d83c-006970f766" "proxy-server 21" 0.0231 "-" 21 0
Jan 21 15:57:26 standalone proxy-server[125188]: 172.18.0.2 ::1 21/Jan/2026/15/57/26 PUT /v1/AUTH_7f305f5e72d84f90904cd16f69197ce6/gnocchi.720fb403-b004-4b17-9776-5f92d405f1f8 HTTP/1.0 201 - python-swiftclient-3.11.1 gAAAAABpcPar4bVV... - - - txc939f68d9bb14f6a9d83c-006970f766 - 0.0353 - - 1769011046.740701199 1769011046.775955915 0
Jan 21 15:57:26 standalone container-server[123026]: 172.20.0.100 - - [21/Jan/2026:15:57:26 +0000] "HEAD /d1/885/AUTH_7f305f5e72d84f90904cd16f69197ce6/gnocchi.720fb403-b004-4b17-9776-5f92d405f1f8" 204 - "HEAD http://localhost:8080/v1/AUTH_7f305f5e72d84f90904cd16f69197ce6/gnocchi.720fb403-b004-4b17-9776-5f92d405f1f8?format=json&states=listing" "txebf9c6ed57784712878cf-006970f766" "proxy-server 21" 0.0023 "-" 20 0
Jan 21 15:57:26 standalone proxy-server[125188]: - - 21/Jan/2026/15/57/26 HEAD /v1/AUTH_7f305f5e72d84f90904cd16f69197ce6/gnocchi.720fb403-b004-4b17-9776-5f92d405f1f8%3Fformat%3Djson%26states%3Dlisting HTTP/1.0 204 - Swift - - - - txebf9c6ed57784712878cf-006970f766 - 0.0095 RL - 1769011046.788120747 1769011046.797581196 0
Jan 21 15:57:26 standalone container-server[123038]: 172.20.0.100 - - [21/Jan/2026:15:57:26 +0000] "GET /d1/885/AUTH_7f305f5e72d84f90904cd16f69197ce6/gnocchi.720fb403-b004-4b17-9776-5f92d405f1f8" 200 2 "GET http://localhost:8080/v1/AUTH_7f305f5e72d84f90904cd16f69197ce6/gnocchi.720fb403-b004-4b17-9776-5f92d405f1f8?format=json&states=listing" "txebf9c6ed57784712878cf-006970f766" "proxy-server 21" 0.0063 "-" 21 0
Jan 21 15:57:26 standalone proxy-server[125188]: 172.18.0.2 ::1 21/Jan/2026/15/57/26 GET /v1/AUTH_7f305f5e72d84f90904cd16f69197ce6/gnocchi.720fb403-b004-4b17-9776-5f92d405f1f8%3Fformat%3Djson%26states%3Dlisting HTTP/1.0 200 - python-swiftclient-3.11.1 gAAAAABpcPar4bVV... - 2 - txebf9c6ed57784712878cf-006970f766 - 0.0376 - - 1769011046.784444332 1769011046.822036982 0
Jan 21 15:57:26 standalone object-server[123214]: 172.20.0.100 - - [21/Jan/2026:15:57:26 +0000] "GET /d1/523/AUTH_7f305f5e72d84f90904cd16f69197ce6/gnocchi.720fb403-b004-4b17-9776-5f92d405f1f8/1767960000.0_mean_300.0_v3" 404 70 "GET http://localhost:8080/v1/AUTH_7f305f5e72d84f90904cd16f69197ce6/gnocchi.720fb403-b004-4b17-9776-5f92d405f1f8/1767960000.0_mean_300.0_v3" "txb0dc826480d0422db1531-006970f766" "proxy-server 21" 0.0005 "-" 21 0
Jan 21 15:57:26 standalone proxy-server[125188]: 172.18.0.2 ::1 21/Jan/2026/15/57/26 GET /v1/AUTH_7f305f5e72d84f90904cd16f69197ce6/gnocchi.720fb403-b004-4b17-9776-5f92d405f1f8/1767960000.0_mean_300.0_v3 HTTP/1.0 404 - python-swiftclient-3.11.1 gAAAAABpcPar4bVV... - 70 - txb0dc826480d0422db1531-006970f766 - 0.0093 - - 1769011046.830162525 1769011046.839423418 0
Jan 21 15:57:26 standalone container-server[123026]: 172.20.0.100 - - [21/Jan/2026:15:57:26 +0000] "PUT /d1/885/AUTH_7f305f5e72d84f90904cd16f69197ce6/gnocchi.720fb403-b004-4b17-9776-5f92d405f1f8/1767960000.0_mean_300.0_v3" 201 - "PUT http://localhost:8080/d1/523/AUTH_7f305f5e72d84f90904cd16f69197ce6/gnocchi.720fb403-b004-4b17-9776-5f92d405f1f8/1767960000.0_mean_300.0_v3" "tx490c7119fd9446b189b35-006970f766" "object-server 22" 0.0011 "-" 20 0
Jan 21 15:57:26 standalone object-server[123219]: 172.20.0.100 - - [21/Jan/2026:15:57:26 +0000] "PUT /d1/523/AUTH_7f305f5e72d84f90904cd16f69197ce6/gnocchi.720fb403-b004-4b17-9776-5f92d405f1f8/1767960000.0_mean_300.0_v3" 201 - "PUT http://localhost:8080/v1/AUTH_7f305f5e72d84f90904cd16f69197ce6/gnocchi.720fb403-b004-4b17-9776-5f92d405f1f8/1767960000.0_mean_300.0_v3" "tx490c7119fd9446b189b35-006970f766" "proxy-server 21" 0.0222 "-" 22 0
Jan 21 15:57:26 standalone proxy-server[125188]: 172.18.0.2 ::1 21/Jan/2026/15/57/26 PUT /v1/AUTH_7f305f5e72d84f90904cd16f69197ce6/gnocchi.720fb403-b004-4b17-9776-5f92d405f1f8/1767960000.0_mean_300.0_v3 HTTP/1.0 201 - python-swiftclient-3.11.1 gAAAAABpcPar4bVV... 16 - - tx490c7119fd9446b189b35-006970f766 - 0.0316 - - 1769011046.844433308 1769011046.876077175 0
Jan 21 15:57:26 standalone container-server[123038]: 172.20.0.100 - - [21/Jan/2026:15:57:26 +0000] "PUT /d1/885/AUTH_7f305f5e72d84f90904cd16f69197ce6/gnocchi.720fb403-b004-4b17-9776-5f92d405f1f8/none_v3" 201 - "PUT http://localhost:8080/d1/49/AUTH_7f305f5e72d84f90904cd16f69197ce6/gnocchi.720fb403-b004-4b17-9776-5f92d405f1f8/none_v3" "tx7b8068250242448497e1b-006970f766" "object-server 21" 0.0007 "-" 21 0
Jan 21 15:57:26 standalone object-server[123214]: 172.20.0.100 - - [21/Jan/2026:15:57:26 +0000] "PUT /d1/49/AUTH_7f305f5e72d84f90904cd16f69197ce6/gnocchi.720fb403-b004-4b17-9776-5f92d405f1f8/none_v3" 201 - "PUT http://localhost:8080/v1/AUTH_7f305f5e72d84f90904cd16f69197ce6/gnocchi.720fb403-b004-4b17-9776-5f92d405f1f8/none_v3" "tx7b8068250242448497e1b-006970f766" "proxy-server 21" 0.0111 "-" 21 0
Jan 21 15:57:26 standalone proxy-server[125188]: 172.18.0.2 ::1 21/Jan/2026/15/57/26 PUT /v1/AUTH_7f305f5e72d84f90904cd16f69197ce6/gnocchi.720fb403-b004-4b17-9776-5f92d405f1f8/none_v3 HTTP/1.0 201 - python-swiftclient-3.11.1 gAAAAABpcPar4bVV... 22 - - tx7b8068250242448497e1b-006970f766 - 0.0180 - - 1769011046.880390406 1769011046.898398638 0
Jan 21 15:57:26 standalone container-server[123038]: 172.20.0.100 - - [21/Jan/2026:15:57:26 +0000] "HEAD /d1/174/AUTH_7f305f5e72d84f90904cd16f69197ce6/gnocchi.2442092b-68b5-4054-ab0e-711adc11ab48" 404 - "HEAD http://localhost:8080/v1/AUTH_7f305f5e72d84f90904cd16f69197ce6/gnocchi.2442092b-68b5-4054-ab0e-711adc11ab48?format=json&states=listing" "tx67b9bd0a8bbd4bb6be524-006970f766" "proxy-server 21" 0.0005 "-" 21 0
Jan 21 15:57:26 standalone object-server[123214]: 172.20.0.100 - - [21/Jan/2026:15:57:26 +0000] "GET /d1/101/AUTH_7f305f5e72d84f90904cd16f69197ce6/gnocchi.2442092b-68b5-4054-ab0e-711adc11ab48/none_v3" 404 70 "GET http://localhost:8080/v1/AUTH_7f305f5e72d84f90904cd16f69197ce6/gnocchi.2442092b-68b5-4054-ab0e-711adc11ab48/none_v3" "tx67b9bd0a8bbd4bb6be524-006970f766" "proxy-server 21" 0.0005 "-" 21 0
Jan 21 15:57:26 standalone proxy-server[125188]: 172.18.0.2 ::1 21/Jan/2026/15/57/26 GET /v1/AUTH_7f305f5e72d84f90904cd16f69197ce6/gnocchi.2442092b-68b5-4054-ab0e-711adc11ab48/none_v3 HTTP/1.0 404 - python-swiftclient-3.11.1 gAAAAABpcPar4bVV... - 70 - tx67b9bd0a8bbd4bb6be524-006970f766 - 0.0138 - - 1769011046.946464062 1769011046.960261583 0
Jan 21 15:57:26 standalone account-server[123107]: 172.20.0.100 - - [21/Jan/2026:15:57:26 +0000] "PUT /d1/192/AUTH_7f305f5e72d84f90904cd16f69197ce6/gnocchi.2442092b-68b5-4054-ab0e-711adc11ab48" 201 - "PUT http://172.20.0.100:6001/d1/174/AUTH_7f305f5e72d84f90904cd16f69197ce6/gnocchi.2442092b-68b5-4054-ab0e-711adc11ab48" "tx2f94491f1ecb4891a23d0-006970f766" "container-server 22" 0.0071 "-" 23 0
Jan 21 15:57:26 standalone container-server[123044]: 172.20.0.100 - - [21/Jan/2026:15:57:26 +0000] "PUT /d1/174/AUTH_7f305f5e72d84f90904cd16f69197ce6/gnocchi.2442092b-68b5-4054-ab0e-711adc11ab48" 201 - "PUT http://localhost:8080/v1/AUTH_7f305f5e72d84f90904cd16f69197ce6/gnocchi.2442092b-68b5-4054-ab0e-711adc11ab48" "tx2f94491f1ecb4891a23d0-006970f766" "proxy-server 21" 0.0199 "-" 22 0
Jan 21 15:57:26 standalone proxy-server[125188]: 172.18.0.2 ::1 21/Jan/2026/15/57/26 PUT /v1/AUTH_7f305f5e72d84f90904cd16f69197ce6/gnocchi.2442092b-68b5-4054-ab0e-711adc11ab48 HTTP/1.0 201 - python-swiftclient-3.11.1 gAAAAABpcPar4bVV... - - - tx2f94491f1ecb4891a23d0-006970f766 - 0.0269 - - 1769011046.964154005 1769011046.991102695 0
Jan 21 15:57:27 standalone container-server[123045]: 172.20.0.100 - - [21/Jan/2026:15:57:27 +0000] "HEAD /d1/174/AUTH_7f305f5e72d84f90904cd16f69197ce6/gnocchi.2442092b-68b5-4054-ab0e-711adc11ab48" 204 - "HEAD http://localhost:8080/v1/AUTH_7f305f5e72d84f90904cd16f69197ce6/gnocchi.2442092b-68b5-4054-ab0e-711adc11ab48?format=json&states=listing" "txbf290e5ce4bc4f69bcd5b-006970f766" "proxy-server 21" 0.0024 "-" 23 0
Jan 21 15:57:27 standalone proxy-server[125188]: - - 21/Jan/2026/15/57/27 HEAD /v1/AUTH_7f305f5e72d84f90904cd16f69197ce6/gnocchi.2442092b-68b5-4054-ab0e-711adc11ab48%3Fformat%3Djson%26states%3Dlisting HTTP/1.0 204 - Swift - - - - txbf290e5ce4bc4f69bcd5b-006970f766 - 0.0122 RL - 1769011046.997342825 1769011047.009509563 0
Jan 21 15:57:27 standalone container-server[123038]: 172.20.0.100 - - [21/Jan/2026:15:57:27 +0000] "GET /d1/174/AUTH_7f305f5e72d84f90904cd16f69197ce6/gnocchi.2442092b-68b5-4054-ab0e-711adc11ab48" 200 2 "GET http://localhost:8080/v1/AUTH_7f305f5e72d84f90904cd16f69197ce6/gnocchi.2442092b-68b5-4054-ab0e-711adc11ab48?format=json&states=listing" "txbf290e5ce4bc4f69bcd5b-006970f766" "proxy-server 21" 0.0034 "-" 21 0
Jan 21 15:57:27 standalone proxy-server[125188]: 172.18.0.2 ::1 21/Jan/2026/15/57/27 GET /v1/AUTH_7f305f5e72d84f90904cd16f69197ce6/gnocchi.2442092b-68b5-4054-ab0e-711adc11ab48%3Fformat%3Djson%26states%3Dlisting HTTP/1.0 200 - python-swiftclient-3.11.1 gAAAAABpcPar4bVV... - 2 - txbf290e5ce4bc4f69bcd5b-006970f766 - 0.0265 - - 1769011046.995687723 1769011047.022182226 0
Jan 21 15:57:27 standalone object-server[123214]: 172.20.0.100 - - [21/Jan/2026:15:57:27 +0000] "GET /d1/264/AUTH_7f305f5e72d84f90904cd16f69197ce6/gnocchi.2442092b-68b5-4054-ab0e-711adc11ab48/1767960000.0_mean_300.0_v3" 404 70 "GET http://localhost:8080/v1/AUTH_7f305f5e72d84f90904cd16f69197ce6/gnocchi.2442092b-68b5-4054-ab0e-711adc11ab48/1767960000.0_mean_300.0_v3" "tx356d84f6b7c24dc8825f2-006970f767" "proxy-server 21" 0.0003 "-" 21 0
Jan 21 15:57:27 standalone proxy-server[125188]: 172.18.0.2 ::1 21/Jan/2026/15/57/27 GET /v1/AUTH_7f305f5e72d84f90904cd16f69197ce6/gnocchi.2442092b-68b5-4054-ab0e-711adc11ab48/1767960000.0_mean_300.0_v3 HTTP/1.0 404 - python-swiftclient-3.11.1 gAAAAABpcPar4bVV... - 70 - tx356d84f6b7c24dc8825f2-006970f767 - 0.0053 - - 1769011047.028351307 1769011047.033661604 0
Jan 21 15:57:27 standalone container-server[123045]: 172.20.0.100 - - [21/Jan/2026:15:57:27 +0000] "PUT /d1/174/AUTH_7f305f5e72d84f90904cd16f69197ce6/gnocchi.2442092b-68b5-4054-ab0e-711adc11ab48/1767960000.0_mean_300.0_v3" 201 - "PUT http://localhost:8080/d1/264/AUTH_7f305f5e72d84f90904cd16f69197ce6/gnocchi.2442092b-68b5-4054-ab0e-711adc11ab48/1767960000.0_mean_300.0_v3" "tx15f0f777642e4490b5ed5-006970f767" "object-server 25" 0.0008 "-" 23 0
Jan 21 15:57:27 standalone object-server[123222]: 172.20.0.100 - - [21/Jan/2026:15:57:27 +0000] "PUT /d1/264/AUTH_7f305f5e72d84f90904cd16f69197ce6/gnocchi.2442092b-68b5-4054-ab0e-711adc11ab48/1767960000.0_mean_300.0_v3" 201 - "PUT http://localhost:8080/v1/AUTH_7f305f5e72d84f90904cd16f69197ce6/gnocchi.2442092b-68b5-4054-ab0e-711adc11ab48/1767960000.0_mean_300.0_v3" "tx15f0f777642e4490b5ed5-006970f767" "proxy-server 21" 0.0117 "-" 25 0
Jan 21 15:57:27 standalone proxy-server[125188]: 172.18.0.2 ::1 21/Jan/2026/15/57/27 PUT /v1/AUTH_7f305f5e72d84f90904cd16f69197ce6/gnocchi.2442092b-68b5-4054-ab0e-711adc11ab48/1767960000.0_mean_300.0_v3 HTTP/1.0 201 - python-swiftclient-3.11.1 gAAAAABpcPar4bVV... 16 - - tx15f0f777642e4490b5ed5-006970f767 - 0.0200 - - 1769011047.037226200 1769011047.057186127 0
Jan 21 15:57:27 standalone container-server[123026]: 172.20.0.100 - - [21/Jan/2026:15:57:27 +0000] "PUT /d1/174/AUTH_7f305f5e72d84f90904cd16f69197ce6/gnocchi.2442092b-68b5-4054-ab0e-711adc11ab48/none_v3" 201 - "PUT http://localhost:8080/d1/101/AUTH_7f305f5e72d84f90904cd16f69197ce6/gnocchi.2442092b-68b5-4054-ab0e-711adc11ab48/none_v3" "tx3c55757132ad41b685ae4-006970f767" "object-server 23" 0.0005 "-" 20 0
Jan 21 15:57:27 standalone object-server[123220]: 172.20.0.100 - - [21/Jan/2026:15:57:27 +0000] "PUT /d1/101/AUTH_7f305f5e72d84f90904cd16f69197ce6/gnocchi.2442092b-68b5-4054-ab0e-711adc11ab48/none_v3" 201 - "PUT http://localhost:8080/v1/AUTH_7f305f5e72d84f90904cd16f69197ce6/gnocchi.2442092b-68b5-4054-ab0e-711adc11ab48/none_v3" "tx3c55757132ad41b685ae4-006970f767" "proxy-server 21" 0.0105 "-" 23 0
Jan 21 15:57:27 standalone proxy-server[125188]: 172.18.0.2 ::1 21/Jan/2026/15/57/27 PUT /v1/AUTH_7f305f5e72d84f90904cd16f69197ce6/gnocchi.2442092b-68b5-4054-ab0e-711adc11ab48/none_v3 HTTP/1.0 201 - python-swiftclient-3.11.1 gAAAAABpcPar4bVV... 22 - - tx3c55757132ad41b685ae4-006970f767 - 0.0169 - - 1769011047.061021328 1769011047.077889204 0
Jan 21 15:57:27 standalone container-server[123026]: 172.20.0.100 - - [21/Jan/2026:15:57:27 +0000] "HEAD /d1/785/AUTH_7f305f5e72d84f90904cd16f69197ce6/gnocchi.f8255693-8f63-43d3-8ed5-115f9d15b4b7" 404 - "HEAD http://localhost:8080/v1/AUTH_7f305f5e72d84f90904cd16f69197ce6/gnocchi.f8255693-8f63-43d3-8ed5-115f9d15b4b7?format=json&states=listing" "tx7a287cbdaf124d428c0ab-006970f767" "proxy-server 21" 0.0003 "-" 20 0
Jan 21 15:57:27 standalone object-server[123222]: 172.20.0.100 - - [21/Jan/2026:15:57:27 +0000] "GET /d1/671/AUTH_7f305f5e72d84f90904cd16f69197ce6/gnocchi.f8255693-8f63-43d3-8ed5-115f9d15b4b7/none_v3" 404 70 "GET http://localhost:8080/v1/AUTH_7f305f5e72d84f90904cd16f69197ce6/gnocchi.f8255693-8f63-43d3-8ed5-115f9d15b4b7/none_v3" "tx7a287cbdaf124d428c0ab-006970f767" "proxy-server 21" 0.0004 "-" 25 0
Jan 21 15:57:27 standalone proxy-server[125188]: 172.18.0.2 ::1 21/Jan/2026/15/57/27 GET /v1/AUTH_7f305f5e72d84f90904cd16f69197ce6/gnocchi.f8255693-8f63-43d3-8ed5-115f9d15b4b7/none_v3 HTTP/1.0 404 - python-swiftclient-3.11.1 gAAAAABpcPar4bVV... - 70 - tx7a287cbdaf124d428c0ab-006970f767 - 0.0104 - - 1769011047.097299814 1769011047.107677221 0
Jan 21 15:57:27 standalone account-server[123101]: 172.20.0.100 - - [21/Jan/2026:15:57:27 +0000] "PUT /d1/192/AUTH_7f305f5e72d84f90904cd16f69197ce6/gnocchi.f8255693-8f63-43d3-8ed5-115f9d15b4b7" 201 - "PUT http://172.20.0.100:6001/d1/785/AUTH_7f305f5e72d84f90904cd16f69197ce6/gnocchi.f8255693-8f63-43d3-8ed5-115f9d15b4b7" "txb4461afd922949cdbcbc1-006970f767" "container-server 23" 0.0041 "-" 20 0
Jan 21 15:57:27 standalone container-server[123045]: 172.20.0.100 - - [21/Jan/2026:15:57:27 +0000] "PUT /d1/785/AUTH_7f305f5e72d84f90904cd16f69197ce6/gnocchi.f8255693-8f63-43d3-8ed5-115f9d15b4b7" 201 - "PUT http://localhost:8080/v1/AUTH_7f305f5e72d84f90904cd16f69197ce6/gnocchi.f8255693-8f63-43d3-8ed5-115f9d15b4b7" "txb4461afd922949cdbcbc1-006970f767" "proxy-server 21" 0.0165 "-" 23 0
Jan 21 15:57:27 standalone proxy-server[125188]: 172.18.0.2 ::1 21/Jan/2026/15/57/27 PUT /v1/AUTH_7f305f5e72d84f90904cd16f69197ce6/gnocchi.f8255693-8f63-43d3-8ed5-115f9d15b4b7 HTTP/1.0 201 - python-swiftclient-3.11.1 gAAAAABpcPar4bVV... - - - txb4461afd922949cdbcbc1-006970f767 - 0.0224 - - 1769011047.111218929 1769011047.133580446 0
Jan 21 15:57:27 standalone container-server[123045]: 172.20.0.100 - - [21/Jan/2026:15:57:27 +0000] "HEAD /d1/785/AUTH_7f305f5e72d84f90904cd16f69197ce6/gnocchi.f8255693-8f63-43d3-8ed5-115f9d15b4b7" 204 - "HEAD http://localhost:8080/v1/AUTH_7f305f5e72d84f90904cd16f69197ce6/gnocchi.f8255693-8f63-43d3-8ed5-115f9d15b4b7?format=json&states=listing" "tx450c65840a1142dcbb98d-006970f767" "proxy-server 21" 0.0028 "-" 23 0
Jan 21 15:57:27 standalone proxy-server[125188]: - - 21/Jan/2026/15/57/27 HEAD /v1/AUTH_7f305f5e72d84f90904cd16f69197ce6/gnocchi.f8255693-8f63-43d3-8ed5-115f9d15b4b7%3Fformat%3Djson%26states%3Dlisting HTTP/1.0 204 - Swift - - - - tx450c65840a1142dcbb98d-006970f767 - 0.0071 RL - 1769011047.141011477 1769011047.148124695 0
Jan 21 15:57:27 standalone container-server[123044]: 172.20.0.100 - - [21/Jan/2026:15:57:27 +0000] "GET /d1/785/AUTH_7f305f5e72d84f90904cd16f69197ce6/gnocchi.f8255693-8f63-43d3-8ed5-115f9d15b4b7" 200 2 "GET http://localhost:8080/v1/AUTH_7f305f5e72d84f90904cd16f69197ce6/gnocchi.f8255693-8f63-43d3-8ed5-115f9d15b4b7?format=json&states=listing" "tx450c65840a1142dcbb98d-006970f767" "proxy-server 21" 0.0067 "-" 22 0
Jan 21 15:57:27 standalone proxy-server[125188]: 172.18.0.2 ::1 21/Jan/2026/15/57/27 GET /v1/AUTH_7f305f5e72d84f90904cd16f69197ce6/gnocchi.f8255693-8f63-43d3-8ed5-115f9d15b4b7%3Fformat%3Djson%26states%3Dlisting HTTP/1.0 200 - python-swiftclient-3.11.1 gAAAAABpcPar4bVV... - 2 - tx450c65840a1142dcbb98d-006970f767 - 0.0222 - - 1769011047.139802694 1769011047.161980152 0
Jan 21 15:57:27 standalone object-server[123214]: 172.20.0.100 - - [21/Jan/2026:15:57:27 +0000] "GET /d1/52/AUTH_7f305f5e72d84f90904cd16f69197ce6/gnocchi.f8255693-8f63-43d3-8ed5-115f9d15b4b7/1767960000.0_mean_300.0_v3" 404 70 "GET http://localhost:8080/v1/AUTH_7f305f5e72d84f90904cd16f69197ce6/gnocchi.f8255693-8f63-43d3-8ed5-115f9d15b4b7/1767960000.0_mean_300.0_v3" "txfc33d3af27e94663a1908-006970f767" "proxy-server 21" 0.0004 "-" 21 0
Jan 21 15:57:27 standalone proxy-server[125188]: 172.18.0.2 ::1 21/Jan/2026/15/57/27 GET /v1/AUTH_7f305f5e72d84f90904cd16f69197ce6/gnocchi.f8255693-8f63-43d3-8ed5-115f9d15b4b7/1767960000.0_mean_300.0_v3 HTTP/1.0 404 - python-swiftclient-3.11.1 gAAAAABpcPar4bVV... - 70 - txfc33d3af27e94663a1908-006970f767 - 0.0053 - - 1769011047.168375492 1769011047.173671246 0
Jan 21 15:57:27 standalone container-server[123045]: 172.20.0.100 - - [21/Jan/2026:15:57:27 +0000] "PUT /d1/785/AUTH_7f305f5e72d84f90904cd16f69197ce6/gnocchi.f8255693-8f63-43d3-8ed5-115f9d15b4b7/1767960000.0_mean_300.0_v3" 201 - "PUT http://localhost:8080/d1/52/AUTH_7f305f5e72d84f90904cd16f69197ce6/gnocchi.f8255693-8f63-43d3-8ed5-115f9d15b4b7/1767960000.0_mean_300.0_v3" "tx7601270415074a81826a1-006970f767" "object-server 22" 0.0008 "-" 23 0
Jan 21 15:57:27 standalone object-server[123219]: 172.20.0.100 - - [21/Jan/2026:15:57:27 +0000] "PUT /d1/52/AUTH_7f305f5e72d84f90904cd16f69197ce6/gnocchi.f8255693-8f63-43d3-8ed5-115f9d15b4b7/1767960000.0_mean_300.0_v3" 201 - "PUT http://localhost:8080/v1/AUTH_7f305f5e72d84f90904cd16f69197ce6/gnocchi.f8255693-8f63-43d3-8ed5-115f9d15b4b7/1767960000.0_mean_300.0_v3" "tx7601270415074a81826a1-006970f767" "proxy-server 21" 0.0103 "-" 22 0
Jan 21 15:57:27 standalone proxy-server[125188]: 172.18.0.2 ::1 21/Jan/2026/15/57/27 PUT /v1/AUTH_7f305f5e72d84f90904cd16f69197ce6/gnocchi.f8255693-8f63-43d3-8ed5-115f9d15b4b7/1767960000.0_mean_300.0_v3 HTTP/1.0 201 - python-swiftclient-3.11.1 gAAAAABpcPar4bVV... 16 - - tx7601270415074a81826a1-006970f767 - 0.0156 - - 1769011047.178755760 1769011047.194309711 0
Jan 21 15:57:27 standalone container-server[123045]: 172.20.0.100 - - [21/Jan/2026:15:57:27 +0000] "PUT /d1/785/AUTH_7f305f5e72d84f90904cd16f69197ce6/gnocchi.f8255693-8f63-43d3-8ed5-115f9d15b4b7/none_v3" 201 - "PUT http://localhost:8080/d1/671/AUTH_7f305f5e72d84f90904cd16f69197ce6/gnocchi.f8255693-8f63-43d3-8ed5-115f9d15b4b7/none_v3" "txf7f332feea23448f80905-006970f767" "object-server 22" 0.0011 "-" 23 0
Jan 21 15:57:27 standalone object-server[123219]: 172.20.0.100 - - [21/Jan/2026:15:57:27 +0000] "PUT /d1/671/AUTH_7f305f5e72d84f90904cd16f69197ce6/gnocchi.f8255693-8f63-43d3-8ed5-115f9d15b4b7/none_v3" 201 - "PUT http://localhost:8080/v1/AUTH_7f305f5e72d84f90904cd16f69197ce6/gnocchi.f8255693-8f63-43d3-8ed5-115f9d15b4b7/none_v3" "txf7f332feea23448f80905-006970f767" "proxy-server 21" 0.0100 "-" 22 0
Jan 21 15:57:27 standalone proxy-server[125188]: 172.18.0.2 ::1 21/Jan/2026/15/57/27 PUT /v1/AUTH_7f305f5e72d84f90904cd16f69197ce6/gnocchi.f8255693-8f63-43d3-8ed5-115f9d15b4b7/none_v3 HTTP/1.0 201 - python-swiftclient-3.11.1 gAAAAABpcPar4bVV... 22 - - txf7f332feea23448f80905-006970f767 - 0.0150 - - 1769011047.200246811 1769011047.215240955 0
Jan 21 15:57:27 standalone container-server[123038]: 172.20.0.100 - - [21/Jan/2026:15:57:27 +0000] "HEAD /d1/806/AUTH_7f305f5e72d84f90904cd16f69197ce6/gnocchi.9774d3e1-7cc4-4127-b3bc-98359905d23e" 404 - "HEAD http://localhost:8080/v1/AUTH_7f305f5e72d84f90904cd16f69197ce6/gnocchi.9774d3e1-7cc4-4127-b3bc-98359905d23e?format=json&states=listing" "tx605d5248e67b47089354a-006970f767" "proxy-server 21" 0.0005 "-" 21 0
Jan 21 15:57:27 standalone object-server[123214]: 172.20.0.100 - - [21/Jan/2026:15:57:27 +0000] "GET /d1/734/AUTH_7f305f5e72d84f90904cd16f69197ce6/gnocchi.9774d3e1-7cc4-4127-b3bc-98359905d23e/none_v3" 404 70 "GET http://localhost:8080/v1/AUTH_7f305f5e72d84f90904cd16f69197ce6/gnocchi.9774d3e1-7cc4-4127-b3bc-98359905d23e/none_v3" "tx605d5248e67b47089354a-006970f767" "proxy-server 21" 0.0005 "-" 21 0
Jan 21 15:57:27 standalone proxy-server[125188]: 172.18.0.2 ::1 21/Jan/2026/15/57/27 GET /v1/AUTH_7f305f5e72d84f90904cd16f69197ce6/gnocchi.9774d3e1-7cc4-4127-b3bc-98359905d23e/none_v3 HTTP/1.0 404 - python-swiftclient-3.11.1 gAAAAABpcPar4bVV... - 70 - tx605d5248e67b47089354a-006970f767 - 0.0097 - - 1769011047.227438688 1769011047.237135172 0
Jan 21 15:57:27 standalone account-server[123101]: 172.20.0.100 - - [21/Jan/2026:15:57:27 +0000] "PUT /d1/192/AUTH_7f305f5e72d84f90904cd16f69197ce6/gnocchi.9774d3e1-7cc4-4127-b3bc-98359905d23e" 201 - "PUT http://172.20.0.100:6001/d1/806/AUTH_7f305f5e72d84f90904cd16f69197ce6/gnocchi.9774d3e1-7cc4-4127-b3bc-98359905d23e" "txfc9a0a8cdd9748878d3ae-006970f767" "container-server 21" 0.0056 "-" 20 0
Jan 21 15:57:27 standalone container-server[123038]: 172.20.0.100 - - [21/Jan/2026:15:57:27 +0000] "PUT /d1/806/AUTH_7f305f5e72d84f90904cd16f69197ce6/gnocchi.9774d3e1-7cc4-4127-b3bc-98359905d23e" 201 - "PUT http://localhost:8080/v1/AUTH_7f305f5e72d84f90904cd16f69197ce6/gnocchi.9774d3e1-7cc4-4127-b3bc-98359905d23e" "txfc9a0a8cdd9748878d3ae-006970f767" "proxy-server 21" 0.0212 "-" 21 0
Jan 21 15:57:27 standalone proxy-server[125188]: 172.18.0.2 ::1 21/Jan/2026/15/57/27 PUT /v1/AUTH_7f305f5e72d84f90904cd16f69197ce6/gnocchi.9774d3e1-7cc4-4127-b3bc-98359905d23e HTTP/1.0 201 - python-swiftclient-3.11.1 gAAAAABpcPar4bVV... - - - txfc9a0a8cdd9748878d3ae-006970f767 - 0.0264 - - 1769011047.240717173 1769011047.267150402 0
Jan 21 15:57:27 standalone container-server[123026]: 172.20.0.100 - - [21/Jan/2026:15:57:27 +0000] "HEAD /d1/806/AUTH_7f305f5e72d84f90904cd16f69197ce6/gnocchi.9774d3e1-7cc4-4127-b3bc-98359905d23e" 204 - "HEAD http://localhost:8080/v1/AUTH_7f305f5e72d84f90904cd16f69197ce6/gnocchi.9774d3e1-7cc4-4127-b3bc-98359905d23e?format=json&states=listing" "tx95a3e59e54e14f7bb5039-006970f767" "proxy-server 21" 0.0023 "-" 20 0
Jan 21 15:57:27 standalone proxy-server[125188]: - - 21/Jan/2026/15/57/27 HEAD /v1/AUTH_7f305f5e72d84f90904cd16f69197ce6/gnocchi.9774d3e1-7cc4-4127-b3bc-98359905d23e%3Fformat%3Djson%26states%3Dlisting HTTP/1.0 204 - Swift - - - - tx95a3e59e54e14f7bb5039-006970f767 - 0.0062 RL - 1769011047.272634029 1769011047.278830767 0
Jan 21 15:57:27 standalone container-server[123044]: 172.20.0.100 - - [21/Jan/2026:15:57:27 +0000] "GET /d1/806/AUTH_7f305f5e72d84f90904cd16f69197ce6/gnocchi.9774d3e1-7cc4-4127-b3bc-98359905d23e" 200 2 "GET http://localhost:8080/v1/AUTH_7f305f5e72d84f90904cd16f69197ce6/gnocchi.9774d3e1-7cc4-4127-b3bc-98359905d23e?format=json&states=listing" "tx95a3e59e54e14f7bb5039-006970f767" "proxy-server 21" 0.0040 "-" 22 0
Jan 21 15:57:27 standalone proxy-server[125188]: 172.18.0.2 ::1 21/Jan/2026/15/57/27 GET /v1/AUTH_7f305f5e72d84f90904cd16f69197ce6/gnocchi.9774d3e1-7cc4-4127-b3bc-98359905d23e%3Fformat%3Djson%26states%3Dlisting HTTP/1.0 200 - python-swiftclient-3.11.1 gAAAAABpcPar4bVV... - 2 - tx95a3e59e54e14f7bb5039-006970f767 - 0.0186 - - 1769011047.271500111 1769011047.290125608 0
Jan 21 15:57:27 standalone object-server[123214]: 172.20.0.100 - - [21/Jan/2026:15:57:27 +0000] "GET /d1/231/AUTH_7f305f5e72d84f90904cd16f69197ce6/gnocchi.9774d3e1-7cc4-4127-b3bc-98359905d23e/1767960000.0_mean_300.0_v3" 404 70 "GET http://localhost:8080/v1/AUTH_7f305f5e72d84f90904cd16f69197ce6/gnocchi.9774d3e1-7cc4-4127-b3bc-98359905d23e/1767960000.0_mean_300.0_v3" "tx2bc6a0417195463b8ac37-006970f767" "proxy-server 21" 0.0010 "-" 21 0
Jan 21 15:57:27 standalone proxy-server[125188]: 172.18.0.2 ::1 21/Jan/2026/15/57/27 GET /v1/AUTH_7f305f5e72d84f90904cd16f69197ce6/gnocchi.9774d3e1-7cc4-4127-b3bc-98359905d23e/1767960000.0_mean_300.0_v3 HTTP/1.0 404 - python-swiftclient-3.11.1 gAAAAABpcPar4bVV... - 70 - tx2bc6a0417195463b8ac37-006970f767 - 0.0078 - - 1769011047.297795057 1769011047.305597544 0
Jan 21 15:57:27 standalone container-server[123026]: 172.20.0.100 - - [21/Jan/2026:15:57:27 +0000] "PUT /d1/806/AUTH_7f305f5e72d84f90904cd16f69197ce6/gnocchi.9774d3e1-7cc4-4127-b3bc-98359905d23e/1767960000.0_mean_300.0_v3" 201 - "PUT http://localhost:8080/d1/231/AUTH_7f305f5e72d84f90904cd16f69197ce6/gnocchi.9774d3e1-7cc4-4127-b3bc-98359905d23e/1767960000.0_mean_300.0_v3" "tx3469bcb5bf0440df98433-006970f767" "object-server 21" 0.0009 "-" 20 0
Jan 21 15:57:27 standalone object-server[123214]: 172.20.0.100 - - [21/Jan/2026:15:57:27 +0000] "PUT /d1/231/AUTH_7f305f5e72d84f90904cd16f69197ce6/gnocchi.9774d3e1-7cc4-4127-b3bc-98359905d23e/1767960000.0_mean_300.0_v3" 201 - "PUT http://localhost:8080/v1/AUTH_7f305f5e72d84f90904cd16f69197ce6/gnocchi.9774d3e1-7cc4-4127-b3bc-98359905d23e/1767960000.0_mean_300.0_v3" "tx3469bcb5bf0440df98433-006970f767" "proxy-server 21" 0.0159 "-" 21 0
Jan 21 15:57:27 standalone proxy-server[125188]: 172.18.0.2 ::1 21/Jan/2026/15/57/27 PUT /v1/AUTH_7f305f5e72d84f90904cd16f69197ce6/gnocchi.9774d3e1-7cc4-4127-b3bc-98359905d23e/1767960000.0_mean_300.0_v3 HTTP/1.0 201 - python-swiftclient-3.11.1 gAAAAABpcPar4bVV... 16 - - tx3469bcb5bf0440df98433-006970f767 - 0.0268 - - 1769011047.311975956 1769011047.338756800 0
Jan 21 15:57:27 standalone container-server[123045]: 172.20.0.100 - - [21/Jan/2026:15:57:27 +0000] "PUT /d1/806/AUTH_7f305f5e72d84f90904cd16f69197ce6/gnocchi.9774d3e1-7cc4-4127-b3bc-98359905d23e/none_v3" 201 - "PUT http://localhost:8080/d1/734/AUTH_7f305f5e72d84f90904cd16f69197ce6/gnocchi.9774d3e1-7cc4-4127-b3bc-98359905d23e/none_v3" "txa21a3d0cd0164b6395e06-006970f767" "object-server 23" 0.0006 "-" 23 0
Jan 21 15:57:27 standalone object-server[123220]: 172.20.0.100 - - [21/Jan/2026:15:57:27 +0000] "PUT /d1/734/AUTH_7f305f5e72d84f90904cd16f69197ce6/gnocchi.9774d3e1-7cc4-4127-b3bc-98359905d23e/none_v3" 201 - "PUT http://localhost:8080/v1/AUTH_7f305f5e72d84f90904cd16f69197ce6/gnocchi.9774d3e1-7cc4-4127-b3bc-98359905d23e/none_v3" "txa21a3d0cd0164b6395e06-006970f767" "proxy-server 21" 0.0136 "-" 23 0
Jan 21 15:57:27 standalone proxy-server[125188]: 172.18.0.2 ::1 21/Jan/2026/15/57/27 PUT /v1/AUTH_7f305f5e72d84f90904cd16f69197ce6/gnocchi.9774d3e1-7cc4-4127-b3bc-98359905d23e/none_v3 HTTP/1.0 201 - python-swiftclient-3.11.1 gAAAAABpcPar4bVV... 22 - - txa21a3d0cd0164b6395e06-006970f767 - 0.0232 - - 1769011047.346453905 1769011047.369633675 0
Jan 21 15:57:27 standalone container-server[123045]: 172.20.0.100 - - [21/Jan/2026:15:57:27 +0000] "HEAD /d1/724/AUTH_7f305f5e72d84f90904cd16f69197ce6/gnocchi.01f80b85-a47f-48df-836c-f71874d758fd" 404 - "HEAD http://localhost:8080/v1/AUTH_7f305f5e72d84f90904cd16f69197ce6/gnocchi.01f80b85-a47f-48df-836c-f71874d758fd?format=json&states=listing" "txdfb524577d044f5483ecd-006970f767" "proxy-server 21" 0.0004 "-" 23 0
Jan 21 15:57:27 standalone object-server[123222]: 172.20.0.100 - - [21/Jan/2026:15:57:27 +0000] "GET /d1/420/AUTH_7f305f5e72d84f90904cd16f69197ce6/gnocchi.01f80b85-a47f-48df-836c-f71874d758fd/none_v3" 404 70 "GET http://localhost:8080/v1/AUTH_7f305f5e72d84f90904cd16f69197ce6/gnocchi.01f80b85-a47f-48df-836c-f71874d758fd/none_v3" "txdfb524577d044f5483ecd-006970f767" "proxy-server 21" 0.0006 "-" 25 0
Jan 21 15:57:27 standalone proxy-server[125188]: 172.18.0.2 ::1 21/Jan/2026/15/57/27 GET /v1/AUTH_7f305f5e72d84f90904cd16f69197ce6/gnocchi.01f80b85-a47f-48df-836c-f71874d758fd/none_v3 HTTP/1.0 404 - python-swiftclient-3.11.1 gAAAAABpcPar4bVV... - 70 - txdfb524577d044f5483ecd-006970f767 - 0.0151 - - 1769011047.389802933 1769011047.404935360 0
Jan 21 15:57:27 standalone account-server[123107]: 172.20.0.100 - - [21/Jan/2026:15:57:27 +0000] "PUT /d1/192/AUTH_7f305f5e72d84f90904cd16f69197ce6/gnocchi.01f80b85-a47f-48df-836c-f71874d758fd" 201 - "PUT http://172.20.0.100:6001/d1/724/AUTH_7f305f5e72d84f90904cd16f69197ce6/gnocchi.01f80b85-a47f-48df-836c-f71874d758fd" "txed767725d8414b75ab126-006970f767" "container-server 23" 0.0081 "-" 23 0
Jan 21 15:57:27 standalone container-server[123045]: 172.20.0.100 - - [21/Jan/2026:15:57:27 +0000] "PUT /d1/724/AUTH_7f305f5e72d84f90904cd16f69197ce6/gnocchi.01f80b85-a47f-48df-836c-f71874d758fd" 201 - "PUT http://localhost:8080/v1/AUTH_7f305f5e72d84f90904cd16f69197ce6/gnocchi.01f80b85-a47f-48df-836c-f71874d758fd" "txed767725d8414b75ab126-006970f767" "proxy-server 21" 0.0203 "-" 23 0
Jan 21 15:57:27 standalone proxy-server[125188]: 172.18.0.2 ::1 21/Jan/2026/15/57/27 PUT /v1/AUTH_7f305f5e72d84f90904cd16f69197ce6/gnocchi.01f80b85-a47f-48df-836c-f71874d758fd HTTP/1.0 201 - python-swiftclient-3.11.1 gAAAAABpcPar4bVV... - - - txed767725d8414b75ab126-006970f767 - 0.0279 - - 1769011047.411019087 1769011047.438915491 0
Jan 21 15:57:27 standalone container-server[123044]: 172.20.0.100 - - [21/Jan/2026:15:57:27 +0000] "HEAD /d1/724/AUTH_7f305f5e72d84f90904cd16f69197ce6/gnocchi.01f80b85-a47f-48df-836c-f71874d758fd" 204 - "HEAD http://localhost:8080/v1/AUTH_7f305f5e72d84f90904cd16f69197ce6/gnocchi.01f80b85-a47f-48df-836c-f71874d758fd?format=json&states=listing" "tx326e049bcb844cb0817bf-006970f767" "proxy-server 21" 0.0025 "-" 22 0
Jan 21 15:57:27 standalone proxy-server[125188]: - - 21/Jan/2026/15/57/27 HEAD /v1/AUTH_7f305f5e72d84f90904cd16f69197ce6/gnocchi.01f80b85-a47f-48df-836c-f71874d758fd%3Fformat%3Djson%26states%3Dlisting HTTP/1.0 204 - Swift - - - - tx326e049bcb844cb0817bf-006970f767 - 0.0103 RL - 1769011047.447799206 1769011047.458105326 0
Jan 21 15:57:27 standalone container-server[123044]: 172.20.0.100 - - [21/Jan/2026:15:57:27 +0000] "GET /d1/724/AUTH_7f305f5e72d84f90904cd16f69197ce6/gnocchi.01f80b85-a47f-48df-836c-f71874d758fd" 200 2 "GET http://localhost:8080/v1/AUTH_7f305f5e72d84f90904cd16f69197ce6/gnocchi.01f80b85-a47f-48df-836c-f71874d758fd?format=json&states=listing" "tx326e049bcb844cb0817bf-006970f767" "proxy-server 21" 0.0030 "-" 22 0
Jan 21 15:57:27 standalone proxy-server[125188]: 172.18.0.2 ::1 21/Jan/2026/15/57/27 GET /v1/AUTH_7f305f5e72d84f90904cd16f69197ce6/gnocchi.01f80b85-a47f-48df-836c-f71874d758fd%3Fformat%3Djson%26states%3Dlisting HTTP/1.0 200 - python-swiftclient-3.11.1 gAAAAABpcPar4bVV... - 2 - tx326e049bcb844cb0817bf-006970f767 - 0.0254 - - 1769011047.445821285 1769011047.471241713 0
Jan 21 15:57:27 standalone object-server[123222]: 172.20.0.100 - - [21/Jan/2026:15:57:27 +0000] "GET /d1/256/AUTH_7f305f5e72d84f90904cd16f69197ce6/gnocchi.01f80b85-a47f-48df-836c-f71874d758fd/1767960000.0_mean_300.0_v3" 404 70 "GET http://localhost:8080/v1/AUTH_7f305f5e72d84f90904cd16f69197ce6/gnocchi.01f80b85-a47f-48df-836c-f71874d758fd/1767960000.0_mean_300.0_v3" "txe569d0910a3a4a1594cbe-006970f767" "proxy-server 21" 0.0004 "-" 25 0
Jan 21 15:57:27 standalone proxy-server[125188]: 172.18.0.2 ::1 21/Jan/2026/15/57/27 GET /v1/AUTH_7f305f5e72d84f90904cd16f69197ce6/gnocchi.01f80b85-a47f-48df-836c-f71874d758fd/1767960000.0_mean_300.0_v3 HTTP/1.0 404 - python-swiftclient-3.11.1 gAAAAABpcPar4bVV... - 70 - txe569d0910a3a4a1594cbe-006970f767 - 0.0116 - - 1769011047.479590416 1769011047.491217613 0
Jan 21 15:57:27 standalone container-server[123045]: 172.20.0.100 - - [21/Jan/2026:15:57:27 +0000] "PUT /d1/724/AUTH_7f305f5e72d84f90904cd16f69197ce6/gnocchi.01f80b85-a47f-48df-836c-f71874d758fd/1767960000.0_mean_300.0_v3" 201 - "PUT http://localhost:8080/d1/256/AUTH_7f305f5e72d84f90904cd16f69197ce6/gnocchi.01f80b85-a47f-48df-836c-f71874d758fd/1767960000.0_mean_300.0_v3" "txa24abb9731bd4b5e89de2-006970f767" "object-server 23" 0.0006 "-" 23 0
Jan 21 15:57:27 standalone object-server[123220]: 172.20.0.100 - - [21/Jan/2026:15:57:27 +0000] "PUT /d1/256/AUTH_7f305f5e72d84f90904cd16f69197ce6/gnocchi.01f80b85-a47f-48df-836c-f71874d758fd/1767960000.0_mean_300.0_v3" 201 - "PUT http://localhost:8080/v1/AUTH_7f305f5e72d84f90904cd16f69197ce6/gnocchi.01f80b85-a47f-48df-836c-f71874d758fd/1767960000.0_mean_300.0_v3" "txa24abb9731bd4b5e89de2-006970f767" "proxy-server 21" 0.0117 "-" 23 0
Jan 21 15:57:27 standalone proxy-server[125188]: 172.18.0.2 ::1 21/Jan/2026/15/57/27 PUT /v1/AUTH_7f305f5e72d84f90904cd16f69197ce6/gnocchi.01f80b85-a47f-48df-836c-f71874d758fd/1767960000.0_mean_300.0_v3 HTTP/1.0 201 - python-swiftclient-3.11.1 gAAAAABpcPar4bVV... 16 - - txa24abb9731bd4b5e89de2-006970f767 - 0.0233 - - 1769011047.498857737 1769011047.522112370 0
Jan 21 15:57:27 standalone container-server[123044]: 172.20.0.100 - - [21/Jan/2026:15:57:27 +0000] "PUT /d1/724/AUTH_7f305f5e72d84f90904cd16f69197ce6/gnocchi.01f80b85-a47f-48df-836c-f71874d758fd/none_v3" 201 - "PUT http://localhost:8080/d1/420/AUTH_7f305f5e72d84f90904cd16f69197ce6/gnocchi.01f80b85-a47f-48df-836c-f71874d758fd/none_v3" "tx54bd9a7902704f30b99d1-006970f767" "object-server 21" 0.0008 "-" 22 0
Jan 21 15:57:27 standalone object-server[123214]: 172.20.0.100 - - [21/Jan/2026:15:57:27 +0000] "PUT /d1/420/AUTH_7f305f5e72d84f90904cd16f69197ce6/gnocchi.01f80b85-a47f-48df-836c-f71874d758fd/none_v3" 201 - "PUT http://localhost:8080/v1/AUTH_7f305f5e72d84f90904cd16f69197ce6/gnocchi.01f80b85-a47f-48df-836c-f71874d758fd/none_v3" "tx54bd9a7902704f30b99d1-006970f767" "proxy-server 21" 0.0134 "-" 21 0
Jan 21 15:57:27 standalone proxy-server[125188]: 172.18.0.2 ::1 21/Jan/2026/15/57/27 PUT /v1/AUTH_7f305f5e72d84f90904cd16f69197ce6/gnocchi.01f80b85-a47f-48df-836c-f71874d758fd/none_v3 HTTP/1.0 201 - python-swiftclient-3.11.1 gAAAAABpcPar4bVV... 22 - - tx54bd9a7902704f30b99d1-006970f767 - 0.0255 - - 1769011047.527975082 1769011047.553515196 0
Jan 21 15:57:27 standalone container-server[123026]: 172.20.0.100 - - [21/Jan/2026:15:57:27 +0000] "HEAD /d1/340/AUTH_7f305f5e72d84f90904cd16f69197ce6/gnocchi.158e6813-06c1-4a08-a1a8-73e408ff090e" 404 - "HEAD http://localhost:8080/v1/AUTH_7f305f5e72d84f90904cd16f69197ce6/gnocchi.158e6813-06c1-4a08-a1a8-73e408ff090e?format=json&states=listing" "tx2c72c313d1a744d6b9e7e-006970f767" "proxy-server 21" 0.0007 "-" 20 0
Jan 21 15:57:27 standalone object-server[123222]: 172.20.0.100 - - [21/Jan/2026:15:57:27 +0000] "GET /d1/192/AUTH_7f305f5e72d84f90904cd16f69197ce6/gnocchi.158e6813-06c1-4a08-a1a8-73e408ff090e/none_v3" 404 70 "GET http://localhost:8080/v1/AUTH_7f305f5e72d84f90904cd16f69197ce6/gnocchi.158e6813-06c1-4a08-a1a8-73e408ff090e/none_v3" "tx2c72c313d1a744d6b9e7e-006970f767" "proxy-server 21" 0.0004 "-" 25 0
Jan 21 15:57:27 standalone proxy-server[125188]: 172.18.0.2 ::1 21/Jan/2026/15/57/27 GET /v1/AUTH_7f305f5e72d84f90904cd16f69197ce6/gnocchi.158e6813-06c1-4a08-a1a8-73e408ff090e/none_v3 HTTP/1.0 404 - python-swiftclient-3.11.1 gAAAAABpcPar4bVV... - 70 - tx2c72c313d1a744d6b9e7e-006970f767 - 0.0103 - - 1769011047.571596384 1769011047.581854820 0
Jan 21 15:57:27 standalone account-server[123101]: 172.20.0.100 - - [21/Jan/2026:15:57:27 +0000] "PUT /d1/192/AUTH_7f305f5e72d84f90904cd16f69197ce6/gnocchi.158e6813-06c1-4a08-a1a8-73e408ff090e" 201 - "PUT http://172.20.0.100:6001/d1/340/AUTH_7f305f5e72d84f90904cd16f69197ce6/gnocchi.158e6813-06c1-4a08-a1a8-73e408ff090e" "tx641d3078c0604cedb66db-006970f767" "container-server 23" 0.0079 "-" 20 0
Jan 21 15:57:27 standalone container-server[123045]: 172.20.0.100 - - [21/Jan/2026:15:57:27 +0000] "PUT /d1/340/AUTH_7f305f5e72d84f90904cd16f69197ce6/gnocchi.158e6813-06c1-4a08-a1a8-73e408ff090e" 201 - "PUT http://localhost:8080/v1/AUTH_7f305f5e72d84f90904cd16f69197ce6/gnocchi.158e6813-06c1-4a08-a1a8-73e408ff090e" "tx641d3078c0604cedb66db-006970f767" "proxy-server 21" 0.0195 "-" 23 0
Jan 21 15:57:27 standalone proxy-server[125188]: 172.18.0.2 ::1 21/Jan/2026/15/57/27 PUT /v1/AUTH_7f305f5e72d84f90904cd16f69197ce6/gnocchi.158e6813-06c1-4a08-a1a8-73e408ff090e HTTP/1.0 201 - python-swiftclient-3.11.1 gAAAAABpcPar4bVV... - - - tx641d3078c0604cedb66db-006970f767 - 0.0247 - - 1769011047.586239576 1769011047.610891342 0
Jan 21 15:57:27 standalone container-server[123044]: 172.20.0.100 - - [21/Jan/2026:15:57:27 +0000] "HEAD /d1/340/AUTH_7f305f5e72d84f90904cd16f69197ce6/gnocchi.158e6813-06c1-4a08-a1a8-73e408ff090e" 204 - "HEAD http://localhost:8080/v1/AUTH_7f305f5e72d84f90904cd16f69197ce6/gnocchi.158e6813-06c1-4a08-a1a8-73e408ff090e?format=json&states=listing" "txb435dc1fad784a29ac9ce-006970f767" "proxy-server 21" 0.0022 "-" 22 0
Jan 21 15:57:27 standalone proxy-server[125188]: - - 21/Jan/2026/15/57/27 HEAD /v1/AUTH_7f305f5e72d84f90904cd16f69197ce6/gnocchi.158e6813-06c1-4a08-a1a8-73e408ff090e%3Fformat%3Djson%26states%3Dlisting HTTP/1.0 204 - Swift - - - - txb435dc1fad784a29ac9ce-006970f767 - 0.0061 RL - 1769011047.620300293 1769011047.626355410 0
Jan 21 15:57:27 standalone container-server[123045]: 172.20.0.100 - - [21/Jan/2026:15:57:27 +0000] "GET /d1/340/AUTH_7f305f5e72d84f90904cd16f69197ce6/gnocchi.158e6813-06c1-4a08-a1a8-73e408ff090e" 200 2 "GET http://localhost:8080/v1/AUTH_7f305f5e72d84f90904cd16f69197ce6/gnocchi.158e6813-06c1-4a08-a1a8-73e408ff090e?format=json&states=listing" "txb435dc1fad784a29ac9ce-006970f767" "proxy-server 21" 0.0018 "-" 23 0
Jan 21 15:57:27 standalone proxy-server[125188]: 172.18.0.2 ::1 21/Jan/2026/15/57/27 GET /v1/AUTH_7f305f5e72d84f90904cd16f69197ce6/gnocchi.158e6813-06c1-4a08-a1a8-73e408ff090e%3Fformat%3Djson%26states%3Dlisting HTTP/1.0 200 - python-swiftclient-3.11.1 gAAAAABpcPar4bVV... - 2 - txb435dc1fad784a29ac9ce-006970f767 - 0.0158 - - 1769011047.618904591 1769011047.634733200 0
