Dec 05 22:42:23 np0005548602.novalocal object-server[96250]: ::1 - - [06/Dec/2025:03:42:23 +0000] "PUT /1/177755/AUTH_d8741d1891ef40e5a7a8c7bee0ab6eed/gnocchi.17e473af-eef2-4f69-b547-6909398a6d6b/none_v3" 201 - "PUT https://[::1]:8080/v1/AUTH_d8741d1891ef40e5a7a8c7bee0ab6eed/gnocchi.17e473af-eef2-4f69-b547-6909398a6d6b/none_v3" "txfc30d3192a9f4620b1873-006933a61f" "proxy-server 97198" 0.0179 "-" 96250 0
Dec 05 22:42:23 np0005548602.novalocal proxy-server[97198]: ::1 ::1 06/Dec/2025/03/42/23 PUT /v1/AUTH_d8741d1891ef40e5a7a8c7bee0ab6eed/gnocchi.17e473af-eef2-4f69-b547-6909398a6d6b/none_v3 HTTP/1.0 201 - python-swiftclient-4.8.0 gAAAAABpM6XeP7WC... 52 - - txfc30d3192a9f4620b1873-006933a61f - 0.0294 - - 1764992543.186738253 1764992543.216140985 0 1229ee3e1d964977b2a5589f27ad366e
Dec 05 22:42:23 np0005548602.novalocal dnsmasq-dhcp[103202]: DHCPRELEASE(tap7868ed97-17) 10.100.0.13 fa:16:3e:19:fb:50
Dec 05 22:42:23 np0005548602.novalocal dnsmasq-dhcp[103202]: DHCPRELEASE(tap7868ed97-17) 10.100.0.13 fa:16:3e:19:fb:50 unknown lease
Dec 05 22:42:24 np0005548602.novalocal dnsmasq[103202]: read /var/lib/neutron/dhcp/980dc363-bd6a-42f8-91d2-13309a4d0704/addn_hosts - 1 addresses
Dec 05 22:42:24 np0005548602.novalocal dnsmasq-dhcp[103202]: read /var/lib/neutron/dhcp/980dc363-bd6a-42f8-91d2-13309a4d0704/host
Dec 05 22:42:24 np0005548602.novalocal dnsmasq-dhcp[103202]: read /var/lib/neutron/dhcp/980dc363-bd6a-42f8-91d2-13309a4d0704/opts
Dec 05 22:42:26 np0005548602.novalocal object-replicator[96313]: Starting object replication pass.
Dec 05 22:42:27 np0005548602.novalocal object-server[96249]: ::1 - - [06/Dec/2025:03:42:27 +0000] "GET /1/259738/AUTH_d8741d1891ef40e5a7a8c7bee0ab6eed/gnocchi.892a954a-dbd1-4e05-9b7d-d2f87c60ffa1/none_v3" 200 45 "GET https://[::1]:8080/v1/AUTH_d8741d1891ef40e5a7a8c7bee0ab6eed/gnocchi.892a954a-dbd1-4e05-9b7d-d2f87c60ffa1/none_v3" "txeefba324a864437da259a-006933a623" "proxy-server 97198" 0.0010 "-" 96249 0
Dec 05 22:42:27 np0005548602.novalocal proxy-server[97198]: ::1 ::1 06/Dec/2025/03/42/27 GET /v1/AUTH_d8741d1891ef40e5a7a8c7bee0ab6eed/gnocchi.892a954a-dbd1-4e05-9b7d-d2f87c60ffa1/none_v3 HTTP/1.0 200 - python-swiftclient-4.8.0 gAAAAABpM6XeP7WC... - 45 - txeefba324a864437da259a-006933a623 - 0.0100 - - 1764992547.473596811 1764992547.483603001 0 1229ee3e1d964977b2a5589f27ad366e
Dec 05 22:42:27 np0005548602.novalocal container-server[95917]: ::1 - - [06/Dec/2025:03:42:27 +0000] "GET /2/175611/AUTH_d8741d1891ef40e5a7a8c7bee0ab6eed/gnocchi.892a954a-dbd1-4e05-9b7d-d2f87c60ffa1" 200 357 "GET https://[::1]:8080/v1/AUTH_d8741d1891ef40e5a7a8c7bee0ab6eed/gnocchi.892a954a-dbd1-4e05-9b7d-d2f87c60ffa1?format=json&states=listing" "txb48fcf446e9a4b088943e-006933a623" "proxy-server 97198" 0.0081 "-" 95917 0
Dec 05 22:42:27 np0005548602.novalocal proxy-server[97198]: ::1 ::1 06/Dec/2025/03/42/27 GET /v1/AUTH_d8741d1891ef40e5a7a8c7bee0ab6eed/gnocchi.892a954a-dbd1-4e05-9b7d-d2f87c60ffa1%3Fformat%3Djson%26states%3Dlisting HTTP/1.0 200 - python-swiftclient-4.8.0 gAAAAABpM6XeP7WC... - 357 - txb48fcf446e9a4b088943e-006933a623 - 0.0192 - - 1764992547.487385273 1764992547.506573200 0 1229ee3e1d964977b2a5589f27ad366e
Dec 05 22:42:27 np0005548602.novalocal container-server[95916]: ::1 - - [06/Dec/2025:03:42:27 +0000] "GET /3/175611/AUTH_d8741d1891ef40e5a7a8c7bee0ab6eed/gnocchi.892a954a-dbd1-4e05-9b7d-d2f87c60ffa1" 200 2 "GET https://[::1]:8080/v1/AUTH_d8741d1891ef40e5a7a8c7bee0ab6eed/gnocchi.892a954a-dbd1-4e05-9b7d-d2f87c60ffa1?format=json&marker=none_v3&states=listing" "tx3b89f2aff469412c899de-006933a623" "proxy-server 97198" 0.0084 "-" 95916 0
Dec 05 22:42:27 np0005548602.novalocal proxy-server[97198]: ::1 ::1 06/Dec/2025/03/42/27 GET /v1/AUTH_d8741d1891ef40e5a7a8c7bee0ab6eed/gnocchi.892a954a-dbd1-4e05-9b7d-d2f87c60ffa1%3Fformat%3Djson%26marker%3Dnone_v3%26states%3Dlisting HTTP/1.0 200 - python-swiftclient-4.8.0 gAAAAABpM6XeP7WC... - 2 - tx3b89f2aff469412c899de-006933a623 - 0.0196 - - 1764992547.510216951 1764992547.529790878 0 1229ee3e1d964977b2a5589f27ad366e
Dec 05 22:42:27 np0005548602.novalocal object-server[96249]: ::1 - - [06/Dec/2025:03:42:27 +0000] "GET /3/227928/AUTH_d8741d1891ef40e5a7a8c7bee0ab6eed/gnocchi.892a954a-dbd1-4e05-9b7d-d2f87c60ffa1/1764720000.0_mean_300.0_v3" 200 16 "GET https://[::1]:8080/v1/AUTH_d8741d1891ef40e5a7a8c7bee0ab6eed/gnocchi.892a954a-dbd1-4e05-9b7d-d2f87c60ffa1/1764720000.0_mean_300.0_v3" "tx64d3023ac5b64a049d520-006933a623" "proxy-server 97198" 0.0007 "-" 96249 0
Dec 05 22:42:27 np0005548602.novalocal proxy-server[97198]: ::1 ::1 06/Dec/2025/03/42/27 GET /v1/AUTH_d8741d1891ef40e5a7a8c7bee0ab6eed/gnocchi.892a954a-dbd1-4e05-9b7d-d2f87c60ffa1/1764720000.0_mean_300.0_v3 HTTP/1.0 200 - python-swiftclient-4.8.0 gAAAAABpM6XeP7WC... - 16 - tx64d3023ac5b64a049d520-006933a623 - 0.0085 - - 1764992547.534167767 1764992547.542643309 0 1229ee3e1d964977b2a5589f27ad366e
Dec 05 22:42:27 np0005548602.novalocal container-server[95917]: ::1 - - [06/Dec/2025:03:42:27 +0000] "PUT /1/175611/AUTH_d8741d1891ef40e5a7a8c7bee0ab6eed/gnocchi.892a954a-dbd1-4e05-9b7d-d2f87c60ffa1/1764720000.0_mean_300.0_v3" 201 - "PUT http://[::1]:8080/1/227928/AUTH_d8741d1891ef40e5a7a8c7bee0ab6eed/gnocchi.892a954a-dbd1-4e05-9b7d-d2f87c60ffa1/1764720000.0_mean_300.0_v3" "tx9e509ea059304d5cad2d3-006933a623" "object-server 96249" 0.0006 "-" 95917 0
Dec 05 22:42:27 np0005548602.novalocal object-server[96249]: ::1 - - [06/Dec/2025:03:42:27 +0000] "PUT /1/227928/AUTH_d8741d1891ef40e5a7a8c7bee0ab6eed/gnocchi.892a954a-dbd1-4e05-9b7d-d2f87c60ffa1/1764720000.0_mean_300.0_v3" 201 - "PUT https://[::1]:8080/v1/AUTH_d8741d1891ef40e5a7a8c7bee0ab6eed/gnocchi.892a954a-dbd1-4e05-9b7d-d2f87c60ffa1/1764720000.0_mean_300.0_v3" "tx9e509ea059304d5cad2d3-006933a623" "proxy-server 97198" 0.0149 "-" 96249 0
Dec 05 22:42:27 np0005548602.novalocal container-server[95917]: ::1 - - [06/Dec/2025:03:42:27 +0000] "PUT /3/175611/AUTH_d8741d1891ef40e5a7a8c7bee0ab6eed/gnocchi.892a954a-dbd1-4e05-9b7d-d2f87c60ffa1/1764720000.0_mean_300.0_v3" 201 - "PUT http://[::1]:8080/2/227928/AUTH_d8741d1891ef40e5a7a8c7bee0ab6eed/gnocchi.892a954a-dbd1-4e05-9b7d-d2f87c60ffa1/1764720000.0_mean_300.0_v3" "tx9e509ea059304d5cad2d3-006933a623" "object-server 96249" 0.0004 "-" 95917 0
Dec 05 22:42:27 np0005548602.novalocal container-server[95916]: ::1 - - [06/Dec/2025:03:42:27 +0000] "PUT /2/175611/AUTH_d8741d1891ef40e5a7a8c7bee0ab6eed/gnocchi.892a954a-dbd1-4e05-9b7d-d2f87c60ffa1/1764720000.0_mean_300.0_v3" 201 - "PUT http://[::1]:8080/3/227928/AUTH_d8741d1891ef40e5a7a8c7bee0ab6eed/gnocchi.892a954a-dbd1-4e05-9b7d-d2f87c60ffa1/1764720000.0_mean_300.0_v3" "tx9e509ea059304d5cad2d3-006933a623" "object-server 96249" 0.0008 "-" 95916 0
Dec 05 22:42:27 np0005548602.novalocal object-server[96249]: ::1 - - [06/Dec/2025:03:42:27 +0000] "PUT /2/227928/AUTH_d8741d1891ef40e5a7a8c7bee0ab6eed/gnocchi.892a954a-dbd1-4e05-9b7d-d2f87c60ffa1/1764720000.0_mean_300.0_v3" 201 - "PUT https://[::1]:8080/v1/AUTH_d8741d1891ef40e5a7a8c7bee0ab6eed/gnocchi.892a954a-dbd1-4e05-9b7d-d2f87c60ffa1/1764720000.0_mean_300.0_v3" "tx9e509ea059304d5cad2d3-006933a623" "proxy-server 97198" 0.0173 "-" 96249 0
Dec 05 22:42:27 np0005548602.novalocal object-server[96249]: ::1 - - [06/Dec/2025:03:42:27 +0000] "PUT /3/227928/AUTH_d8741d1891ef40e5a7a8c7bee0ab6eed/gnocchi.892a954a-dbd1-4e05-9b7d-d2f87c60ffa1/1764720000.0_mean_300.0_v3" 201 - "PUT https://[::1]:8080/v1/AUTH_d8741d1891ef40e5a7a8c7bee0ab6eed/gnocchi.892a954a-dbd1-4e05-9b7d-d2f87c60ffa1/1764720000.0_mean_300.0_v3" "tx9e509ea059304d5cad2d3-006933a623" "proxy-server 97198" 0.0231 "-" 96249 0
Dec 05 22:42:27 np0005548602.novalocal proxy-server[97198]: ::1 ::1 06/Dec/2025/03/42/27 PUT /v1/AUTH_d8741d1891ef40e5a7a8c7bee0ab6eed/gnocchi.892a954a-dbd1-4e05-9b7d-d2f87c60ffa1/1764720000.0_mean_300.0_v3 HTTP/1.0 201 - python-swiftclient-4.8.0 gAAAAABpM6XeP7WC... 16 - - tx9e509ea059304d5cad2d3-006933a623 - 0.0337 - - 1764992547.546087742 1764992547.579742670 0 1229ee3e1d964977b2a5589f27ad366e
Dec 05 22:42:27 np0005548602.novalocal container-server[95916]: ::1 - - [06/Dec/2025:03:42:27 +0000] "PUT /3/175611/AUTH_d8741d1891ef40e5a7a8c7bee0ab6eed/gnocchi.892a954a-dbd1-4e05-9b7d-d2f87c60ffa1/none_v3" 201 - "PUT http://[::1]:8080/1/259738/AUTH_d8741d1891ef40e5a7a8c7bee0ab6eed/gnocchi.892a954a-dbd1-4e05-9b7d-d2f87c60ffa1/none_v3" "txd93737bf22ca469e8a10c-006933a623" "object-server 96249" 0.0007 "-" 95916 0
Dec 05 22:42:27 np0005548602.novalocal container-server[95916]: ::1 - - [06/Dec/2025:03:42:27 +0000] "PUT /1/175611/AUTH_d8741d1891ef40e5a7a8c7bee0ab6eed/gnocchi.892a954a-dbd1-4e05-9b7d-d2f87c60ffa1/none_v3" 201 - "PUT http://[::1]:8080/2/259738/AUTH_d8741d1891ef40e5a7a8c7bee0ab6eed/gnocchi.892a954a-dbd1-4e05-9b7d-d2f87c60ffa1/none_v3" "txd93737bf22ca469e8a10c-006933a623" "object-server 96249" 0.0004 "-" 95916 0
Dec 05 22:42:27 np0005548602.novalocal object-server[96249]: ::1 - - [06/Dec/2025:03:42:27 +0000] "PUT /1/259738/AUTH_d8741d1891ef40e5a7a8c7bee0ab6eed/gnocchi.892a954a-dbd1-4e05-9b7d-d2f87c60ffa1/none_v3" 201 - "PUT https://[::1]:8080/v1/AUTH_d8741d1891ef40e5a7a8c7bee0ab6eed/gnocchi.892a954a-dbd1-4e05-9b7d-d2f87c60ffa1/none_v3" "txd93737bf22ca469e8a10c-006933a623" "proxy-server 97198" 0.0240 "-" 96249 0
Dec 05 22:42:27 np0005548602.novalocal object-server[96249]: ::1 - - [06/Dec/2025:03:42:27 +0000] "PUT /2/259738/AUTH_d8741d1891ef40e5a7a8c7bee0ab6eed/gnocchi.892a954a-dbd1-4e05-9b7d-d2f87c60ffa1/none_v3" 201 - "PUT https://[::1]:8080/v1/AUTH_d8741d1891ef40e5a7a8c7bee0ab6eed/gnocchi.892a954a-dbd1-4e05-9b7d-d2f87c60ffa1/none_v3" "txd93737bf22ca469e8a10c-006933a623" "proxy-server 97198" 0.0272 "-" 96249 0
Dec 05 22:42:27 np0005548602.novalocal container-server[95917]: ::1 - - [06/Dec/2025:03:42:27 +0000] "PUT /2/175611/AUTH_d8741d1891ef40e5a7a8c7bee0ab6eed/gnocchi.892a954a-dbd1-4e05-9b7d-d2f87c60ffa1/none_v3" 201 - "PUT http://[::1]:8080/3/259738/AUTH_d8741d1891ef40e5a7a8c7bee0ab6eed/gnocchi.892a954a-dbd1-4e05-9b7d-d2f87c60ffa1/none_v3" "txd93737bf22ca469e8a10c-006933a623" "object-server 96249" 0.0005 "-" 95917 0
Dec 05 22:42:27 np0005548602.novalocal object-server[96249]: ::1 - - [06/Dec/2025:03:42:27 +0000] "PUT /3/259738/AUTH_d8741d1891ef40e5a7a8c7bee0ab6eed/gnocchi.892a954a-dbd1-4e05-9b7d-d2f87c60ffa1/none_v3" 201 - "PUT https://[::1]:8080/v1/AUTH_d8741d1891ef40e5a7a8c7bee0ab6eed/gnocchi.892a954a-dbd1-4e05-9b7d-d2f87c60ffa1/none_v3" "txd93737bf22ca469e8a10c-006933a623" "proxy-server 97198" 0.0288 "-" 96249 0
Dec 05 22:42:27 np0005548602.novalocal proxy-server[97198]: ::1 ::1 06/Dec/2025/03/42/27 PUT /v1/AUTH_d8741d1891ef40e5a7a8c7bee0ab6eed/gnocchi.892a954a-dbd1-4e05-9b7d-d2f87c60ffa1/none_v3 HTTP/1.0 201 - python-swiftclient-4.8.0 gAAAAABpM6XeP7WC... 52 - - txd93737bf22ca469e8a10c-006933a623 - 0.0519 - - 1764992547.585286379 1764992547.637174368 0 1229ee3e1d964977b2a5589f27ad366e
Dec 05 22:42:27 np0005548602.novalocal object-server[96249]: ::1 - - [06/Dec/2025:03:42:27 +0000] "GET /1/93989/AUTH_d8741d1891ef40e5a7a8c7bee0ab6eed/gnocchi.3d7662f7-761d-44ca-aefd-365cd59829a3/none_v3" 200 52 "GET https://[::1]:8080/v1/AUTH_d8741d1891ef40e5a7a8c7bee0ab6eed/gnocchi.3d7662f7-761d-44ca-aefd-365cd59829a3/none_v3" "txc7b3f6397a8a4a29879e5-006933a623" "proxy-server 97198" 0.0011 "-" 96249 0
Dec 05 22:42:27 np0005548602.novalocal proxy-server[97198]: ::1 ::1 06/Dec/2025/03/42/27 GET /v1/AUTH_d8741d1891ef40e5a7a8c7bee0ab6eed/gnocchi.3d7662f7-761d-44ca-aefd-365cd59829a3/none_v3 HTTP/1.0 200 - python-swiftclient-4.8.0 gAAAAABpM6XeP7WC... - 52 - txc7b3f6397a8a4a29879e5-006933a623 - 0.0100 - - 1764992547.647664785 1764992547.657683849 0 1229ee3e1d964977b2a5589f27ad366e
Dec 05 22:42:27 np0005548602.novalocal container-server[95917]: ::1 - - [06/Dec/2025:03:42:27 +0000] "GET /2/64588/AUTH_d8741d1891ef40e5a7a8c7bee0ab6eed/gnocchi.3d7662f7-761d-44ca-aefd-365cd59829a3" 200 357 "GET https://[::1]:8080/v1/AUTH_d8741d1891ef40e5a7a8c7bee0ab6eed/gnocchi.3d7662f7-761d-44ca-aefd-365cd59829a3?format=json&states=listing" "tx0d051766e7624763a4a61-006933a623" "proxy-server 97198" 0.0076 "-" 95917 0
Dec 05 22:42:27 np0005548602.novalocal proxy-server[97198]: ::1 ::1 06/Dec/2025/03/42/27 GET /v1/AUTH_d8741d1891ef40e5a7a8c7bee0ab6eed/gnocchi.3d7662f7-761d-44ca-aefd-365cd59829a3%3Fformat%3Djson%26states%3Dlisting HTTP/1.0 200 - python-swiftclient-4.8.0 gAAAAABpM6XeP7WC... - 357 - tx0d051766e7624763a4a61-006933a623 - 0.0165 - - 1764992547.661164522 1764992547.677693367 0 1229ee3e1d964977b2a5589f27ad366e
Dec 05 22:42:27 np0005548602.novalocal container-server[95916]: ::1 - - [06/Dec/2025:03:42:27 +0000] "GET /2/64588/AUTH_d8741d1891ef40e5a7a8c7bee0ab6eed/gnocchi.3d7662f7-761d-44ca-aefd-365cd59829a3" 200 2 "GET https://[::1]:8080/v1/AUTH_d8741d1891ef40e5a7a8c7bee0ab6eed/gnocchi.3d7662f7-761d-44ca-aefd-365cd59829a3?format=json&marker=none_v3&states=listing" "tx1bf204706b35426e96381-006933a623" "proxy-server 97198" 0.0025 "-" 95916 0
Dec 05 22:42:27 np0005548602.novalocal proxy-server[97198]: ::1 ::1 06/Dec/2025/03/42/27 GET /v1/AUTH_d8741d1891ef40e5a7a8c7bee0ab6eed/gnocchi.3d7662f7-761d-44ca-aefd-365cd59829a3%3Fformat%3Djson%26marker%3Dnone_v3%26states%3Dlisting HTTP/1.0 200 - python-swiftclient-4.8.0 gAAAAABpM6XeP7WC... - 2 - tx1bf204706b35426e96381-006933a623 - 0.0113 - - 1764992547.680827618 1764992547.692086935 0 1229ee3e1d964977b2a5589f27ad366e
Dec 05 22:42:27 np0005548602.novalocal object-server[96249]: ::1 - - [06/Dec/2025:03:42:27 +0000] "GET /2/9200/AUTH_d8741d1891ef40e5a7a8c7bee0ab6eed/gnocchi.3d7662f7-761d-44ca-aefd-365cd59829a3/1764720000.0_mean_300.0_v3" 200 16 "GET https://[::1]:8080/v1/AUTH_d8741d1891ef40e5a7a8c7bee0ab6eed/gnocchi.3d7662f7-761d-44ca-aefd-365cd59829a3/1764720000.0_mean_300.0_v3" "tx7fb6f34cddac4238b3ee9-006933a623" "proxy-server 97198" 0.0010 "-" 96249 0
Dec 05 22:42:27 np0005548602.novalocal proxy-server[97198]: ::1 ::1 06/Dec/2025/03/42/27 GET /v1/AUTH_d8741d1891ef40e5a7a8c7bee0ab6eed/gnocchi.3d7662f7-761d-44ca-aefd-365cd59829a3/1764720000.0_mean_300.0_v3 HTTP/1.0 200 - python-swiftclient-4.8.0 gAAAAABpM6XeP7WC... - 16 - tx7fb6f34cddac4238b3ee9-006933a623 - 0.0106 - - 1764992547.698559999 1764992547.709162951 0 1229ee3e1d964977b2a5589f27ad366e
Dec 05 22:42:27 np0005548602.novalocal container-server[95916]: ::1 - - [06/Dec/2025:03:42:27 +0000] "PUT /1/64588/AUTH_d8741d1891ef40e5a7a8c7bee0ab6eed/gnocchi.3d7662f7-761d-44ca-aefd-365cd59829a3/1764720000.0_mean_300.0_v3" 201 - "PUT http://[::1]:8080/1/9200/AUTH_d8741d1891ef40e5a7a8c7bee0ab6eed/gnocchi.3d7662f7-761d-44ca-aefd-365cd59829a3/1764720000.0_mean_300.0_v3" "tx775a2d3d2a3442a7bbadf-006933a623" "object-server 96250" 0.0006 "-" 95916 0
Dec 05 22:42:27 np0005548602.novalocal object-server[96250]: ::1 - - [06/Dec/2025:03:42:27 +0000] "PUT /1/9200/AUTH_d8741d1891ef40e5a7a8c7bee0ab6eed/gnocchi.3d7662f7-761d-44ca-aefd-365cd59829a3/1764720000.0_mean_300.0_v3" 201 - "PUT https://[::1]:8080/v1/AUTH_d8741d1891ef40e5a7a8c7bee0ab6eed/gnocchi.3d7662f7-761d-44ca-aefd-365cd59829a3/1764720000.0_mean_300.0_v3" "tx775a2d3d2a3442a7bbadf-006933a623" "proxy-server 97198" 0.0105 "-" 96250 0
Dec 05 22:42:27 np0005548602.novalocal container-server[95916]: ::1 - - [06/Dec/2025:03:42:27 +0000] "PUT /3/64588/AUTH_d8741d1891ef40e5a7a8c7bee0ab6eed/gnocchi.3d7662f7-761d-44ca-aefd-365cd59829a3/1764720000.0_mean_300.0_v3" 201 - "PUT http://[::1]:8080/2/9200/AUTH_d8741d1891ef40e5a7a8c7bee0ab6eed/gnocchi.3d7662f7-761d-44ca-aefd-365cd59829a3/1764720000.0_mean_300.0_v3" "tx775a2d3d2a3442a7bbadf-006933a623" "object-server 96250" 0.0004 "-" 95916 0
Dec 05 22:42:27 np0005548602.novalocal container-server[95917]: ::1 - - [06/Dec/2025:03:42:27 +0000] "PUT /2/64588/AUTH_d8741d1891ef40e5a7a8c7bee0ab6eed/gnocchi.3d7662f7-761d-44ca-aefd-365cd59829a3/1764720000.0_mean_300.0_v3" 201 - "PUT http://[::1]:8080/3/9200/AUTH_d8741d1891ef40e5a7a8c7bee0ab6eed/gnocchi.3d7662f7-761d-44ca-aefd-365cd59829a3/1764720000.0_mean_300.0_v3" "tx775a2d3d2a3442a7bbadf-006933a623" "object-server 96249" 0.0005 "-" 95917 0
Dec 05 22:42:27 np0005548602.novalocal object-server[96250]: ::1 - - [06/Dec/2025:03:42:27 +0000] "PUT /2/9200/AUTH_d8741d1891ef40e5a7a8c7bee0ab6eed/gnocchi.3d7662f7-761d-44ca-aefd-365cd59829a3/1764720000.0_mean_300.0_v3" 201 - "PUT https://[::1]:8080/v1/AUTH_d8741d1891ef40e5a7a8c7bee0ab6eed/gnocchi.3d7662f7-761d-44ca-aefd-365cd59829a3/1764720000.0_mean_300.0_v3" "tx775a2d3d2a3442a7bbadf-006933a623" "proxy-server 97198" 0.0141 "-" 96250 0
Dec 05 22:42:27 np0005548602.novalocal object-server[96249]: ::1 - - [06/Dec/2025:03:42:27 +0000] "PUT /3/9200/AUTH_d8741d1891ef40e5a7a8c7bee0ab6eed/gnocchi.3d7662f7-761d-44ca-aefd-365cd59829a3/1764720000.0_mean_300.0_v3" 201 - "PUT https://[::1]:8080/v1/AUTH_d8741d1891ef40e5a7a8c7bee0ab6eed/gnocchi.3d7662f7-761d-44ca-aefd-365cd59829a3/1764720000.0_mean_300.0_v3" "tx775a2d3d2a3442a7bbadf-006933a623" "proxy-server 97198" 0.0148 "-" 96249 0
Dec 05 22:42:27 np0005548602.novalocal proxy-server[97198]: ::1 ::1 06/Dec/2025/03/42/27 PUT /v1/AUTH_d8741d1891ef40e5a7a8c7bee0ab6eed/gnocchi.3d7662f7-761d-44ca-aefd-365cd59829a3/1764720000.0_mean_300.0_v3 HTTP/1.0 201 - python-swiftclient-4.8.0 gAAAAABpM6XeP7WC... 16 - - tx775a2d3d2a3442a7bbadf-006933a623 - 0.0273 - - 1764992547.713989735 1764992547.741328239 0 1229ee3e1d964977b2a5589f27ad366e
Dec 05 22:42:27 np0005548602.novalocal container-server[95916]: ::1 - - [06/Dec/2025:03:42:27 +0000] "PUT /3/64588/AUTH_d8741d1891ef40e5a7a8c7bee0ab6eed/gnocchi.3d7662f7-761d-44ca-aefd-365cd59829a3/none_v3" 201 - "PUT http://[::1]:8080/3/93989/AUTH_d8741d1891ef40e5a7a8c7bee0ab6eed/gnocchi.3d7662f7-761d-44ca-aefd-365cd59829a3/none_v3" "tx517766cd846a4706b137c-006933a623" "object-server 96250" 0.0005 "-" 95916 0
Dec 05 22:42:27 np0005548602.novalocal container-server[95916]: ::1 - - [06/Dec/2025:03:42:27 +0000] "PUT /2/64588/AUTH_d8741d1891ef40e5a7a8c7bee0ab6eed/gnocchi.3d7662f7-761d-44ca-aefd-365cd59829a3/none_v3" 201 - "PUT http://[::1]:8080/2/93989/AUTH_d8741d1891ef40e5a7a8c7bee0ab6eed/gnocchi.3d7662f7-761d-44ca-aefd-365cd59829a3/none_v3" "tx517766cd846a4706b137c-006933a623" "object-server 96250" 0.0004 "-" 95916 0
Dec 05 22:42:27 np0005548602.novalocal object-server[96250]: ::1 - - [06/Dec/2025:03:42:27 +0000] "PUT /3/93989/AUTH_d8741d1891ef40e5a7a8c7bee0ab6eed/gnocchi.3d7662f7-761d-44ca-aefd-365cd59829a3/none_v3" 201 - "PUT https://[::1]:8080/v1/AUTH_d8741d1891ef40e5a7a8c7bee0ab6eed/gnocchi.3d7662f7-761d-44ca-aefd-365cd59829a3/none_v3" "tx517766cd846a4706b137c-006933a623" "proxy-server 97198" 0.0253 "-" 96250 0
Dec 05 22:42:27 np0005548602.novalocal object-server[96250]: ::1 - - [06/Dec/2025:03:42:27 +0000] "PUT /2/93989/AUTH_d8741d1891ef40e5a7a8c7bee0ab6eed/gnocchi.3d7662f7-761d-44ca-aefd-365cd59829a3/none_v3" 201 - "PUT https://[::1]:8080/v1/AUTH_d8741d1891ef40e5a7a8c7bee0ab6eed/gnocchi.3d7662f7-761d-44ca-aefd-365cd59829a3/none_v3" "tx517766cd846a4706b137c-006933a623" "proxy-server 97198" 0.0241 "-" 96250 0
Dec 05 22:42:27 np0005548602.novalocal container-server[95916]: ::1 - - [06/Dec/2025:03:42:27 +0000] "PUT /1/64588/AUTH_d8741d1891ef40e5a7a8c7bee0ab6eed/gnocchi.3d7662f7-761d-44ca-aefd-365cd59829a3/none_v3" 201 - "PUT http://[::1]:8080/1/93989/AUTH_d8741d1891ef40e5a7a8c7bee0ab6eed/gnocchi.3d7662f7-761d-44ca-aefd-365cd59829a3/none_v3" "tx517766cd846a4706b137c-006933a623" "object-server 96250" 0.0004 "-" 95916 0
Dec 05 22:42:27 np0005548602.novalocal object-server[96250]: ::1 - - [06/Dec/2025:03:42:27 +0000] "PUT /1/93989/AUTH_d8741d1891ef40e5a7a8c7bee0ab6eed/gnocchi.3d7662f7-761d-44ca-aefd-365cd59829a3/none_v3" 201 - "PUT https://[::1]:8080/v1/AUTH_d8741d1891ef40e5a7a8c7bee0ab6eed/gnocchi.3d7662f7-761d-44ca-aefd-365cd59829a3/none_v3" "tx517766cd846a4706b137c-006933a623" "proxy-server 97198" 0.0306 "-" 96250 0
Dec 05 22:42:27 np0005548602.novalocal proxy-server[97198]: ::1 ::1 06/Dec/2025/03/42/27 PUT /v1/AUTH_d8741d1891ef40e5a7a8c7bee0ab6eed/gnocchi.3d7662f7-761d-44ca-aefd-365cd59829a3/none_v3 HTTP/1.0 201 - python-swiftclient-4.8.0 gAAAAABpM6XeP7WC... 60 - - tx517766cd846a4706b137c-006933a623 - 0.0442 - - 1764992547.746447802 1764992547.790609837 0 1229ee3e1d964977b2a5589f27ad366e
Dec 05 22:42:27 np0005548602.novalocal object-server[96250]: ::1 - - [06/Dec/2025:03:42:27 +0000] "GET /3/178674/AUTH_d8741d1891ef40e5a7a8c7bee0ab6eed/gnocchi.8045bc93-2d37-4cfb-9789-94242db85a2a/none_v3" 200 51 "GET https://[::1]:8080/v1/AUTH_d8741d1891ef40e5a7a8c7bee0ab6eed/gnocchi.8045bc93-2d37-4cfb-9789-94242db85a2a/none_v3" "txd2d9397c6cd34ed9b8448-006933a623" "proxy-server 97198" 0.0011 "-" 96250 0
Dec 05 22:42:27 np0005548602.novalocal proxy-server[97198]: ::1 ::1 06/Dec/2025/03/42/27 GET /v1/AUTH_d8741d1891ef40e5a7a8c7bee0ab6eed/gnocchi.8045bc93-2d37-4cfb-9789-94242db85a2a/none_v3 HTTP/1.0 200 - python-swiftclient-4.8.0 gAAAAABpM6XeP7WC... - 51 - txd2d9397c6cd34ed9b8448-006933a623 - 0.0078 - - 1764992547.817385435 1764992547.825231791 0 1229ee3e1d964977b2a5589f27ad366e
Dec 05 22:42:27 np0005548602.novalocal container-server[95917]: ::1 - - [06/Dec/2025:03:42:27 +0000] "GET /1/118228/AUTH_d8741d1891ef40e5a7a8c7bee0ab6eed/gnocchi.8045bc93-2d37-4cfb-9789-94242db85a2a" 200 357 "GET https://[::1]:8080/v1/AUTH_d8741d1891ef40e5a7a8c7bee0ab6eed/gnocchi.8045bc93-2d37-4cfb-9789-94242db85a2a?format=json&states=listing" "tx91ce864d44c24fd19f262-006933a623" "proxy-server 97198" 0.0097 "-" 95917 0
Dec 05 22:42:27 np0005548602.novalocal proxy-server[97198]: ::1 ::1 06/Dec/2025/03/42/27 GET /v1/AUTH_d8741d1891ef40e5a7a8c7bee0ab6eed/gnocchi.8045bc93-2d37-4cfb-9789-94242db85a2a%3Fformat%3Djson%26states%3Dlisting HTTP/1.0 200 - python-swiftclient-4.8.0 gAAAAABpM6XeP7WC... - 357 - tx91ce864d44c24fd19f262-006933a623 - 0.0186 - - 1764992547.829329967 1764992547.847966671 0 1229ee3e1d964977b2a5589f27ad366e
Dec 05 22:42:27 np0005548602.novalocal container-server[95916]: ::1 - - [06/Dec/2025:03:42:27 +0000] "GET /1/118228/AUTH_d8741d1891ef40e5a7a8c7bee0ab6eed/gnocchi.8045bc93-2d37-4cfb-9789-94242db85a2a" 200 2 "GET https://[::1]:8080/v1/AUTH_d8741d1891ef40e5a7a8c7bee0ab6eed/gnocchi.8045bc93-2d37-4cfb-9789-94242db85a2a?format=json&marker=none_v3&states=listing" "tx49bdf34f301643a28c844-006933a623" "proxy-server 97198" 0.0021 "-" 95916 0
Dec 05 22:42:27 np0005548602.novalocal proxy-server[97198]: ::1 ::1 06/Dec/2025/03/42/27 GET /v1/AUTH_d8741d1891ef40e5a7a8c7bee0ab6eed/gnocchi.8045bc93-2d37-4cfb-9789-94242db85a2a%3Fformat%3Djson%26marker%3Dnone_v3%26states%3Dlisting HTTP/1.0 200 - python-swiftclient-4.8.0 gAAAAABpM6XeP7WC... - 2 - tx49bdf34f301643a28c844-006933a623 - 0.0093 - - 1764992547.854645491 1764992547.863934278 0 1229ee3e1d964977b2a5589f27ad366e
Dec 05 22:42:27 np0005548602.novalocal object-server[96250]: ::1 - - [06/Dec/2025:03:42:27 +0000] "GET /3/130776/AUTH_d8741d1891ef40e5a7a8c7bee0ab6eed/gnocchi.8045bc93-2d37-4cfb-9789-94242db85a2a/1764720000.0_mean_300.0_v3" 200 16 "GET https://[::1]:8080/v1/AUTH_d8741d1891ef40e5a7a8c7bee0ab6eed/gnocchi.8045bc93-2d37-4cfb-9789-94242db85a2a/1764720000.0_mean_300.0_v3" "tx429c4a5f8a334d468ae77-006933a623" "proxy-server 97198" 0.0016 "-" 96250 0
Dec 05 22:42:27 np0005548602.novalocal proxy-server[97198]: ::1 ::1 06/Dec/2025/03/42/27 GET /v1/AUTH_d8741d1891ef40e5a7a8c7bee0ab6eed/gnocchi.8045bc93-2d37-4cfb-9789-94242db85a2a/1764720000.0_mean_300.0_v3 HTTP/1.0 200 - python-swiftclient-4.8.0 gAAAAABpM6XeP7WC... - 16 - tx429c4a5f8a334d468ae77-006933a623 - 0.0121 - - 1764992547.867289782 1764992547.879349947 0 1229ee3e1d964977b2a5589f27ad366e
Dec 05 22:42:27 np0005548602.novalocal container-server[95916]: ::1 - - [06/Dec/2025:03:42:27 +0000] "PUT /2/118228/AUTH_d8741d1891ef40e5a7a8c7bee0ab6eed/gnocchi.8045bc93-2d37-4cfb-9789-94242db85a2a/1764720000.0_mean_300.0_v3" 201 - "PUT http://[::1]:8080/3/130776/AUTH_d8741d1891ef40e5a7a8c7bee0ab6eed/gnocchi.8045bc93-2d37-4cfb-9789-94242db85a2a/1764720000.0_mean_300.0_v3" "tx84631c7d23594d5787e78-006933a623" "object-server 96249" 0.0005 "-" 95916 0
Dec 05 22:42:27 np0005548602.novalocal container-server[95916]: ::1 - - [06/Dec/2025:03:42:27 +0000] "PUT /1/118228/AUTH_d8741d1891ef40e5a7a8c7bee0ab6eed/gnocchi.8045bc93-2d37-4cfb-9789-94242db85a2a/1764720000.0_mean_300.0_v3" 201 - "PUT http://[::1]:8080/1/130776/AUTH_d8741d1891ef40e5a7a8c7bee0ab6eed/gnocchi.8045bc93-2d37-4cfb-9789-94242db85a2a/1764720000.0_mean_300.0_v3" "tx84631c7d23594d5787e78-006933a623" "object-server 96249" 0.0004 "-" 95916 0
Dec 05 22:42:27 np0005548602.novalocal container-server[95917]: ::1 - - [06/Dec/2025:03:42:27 +0000] "PUT /3/118228/AUTH_d8741d1891ef40e5a7a8c7bee0ab6eed/gnocchi.8045bc93-2d37-4cfb-9789-94242db85a2a/1764720000.0_mean_300.0_v3" 201 - "PUT http://[::1]:8080/2/130776/AUTH_d8741d1891ef40e5a7a8c7bee0ab6eed/gnocchi.8045bc93-2d37-4cfb-9789-94242db85a2a/1764720000.0_mean_300.0_v3" "tx84631c7d23594d5787e78-006933a623" "object-server 96250" 0.0008 "-" 95917 0
Dec 05 22:42:27 np0005548602.novalocal object-server[96249]: ::1 - - [06/Dec/2025:03:42:27 +0000] "PUT /3/130776/AUTH_d8741d1891ef40e5a7a8c7bee0ab6eed/gnocchi.8045bc93-2d37-4cfb-9789-94242db85a2a/1764720000.0_mean_300.0_v3" 201 - "PUT https://[::1]:8080/v1/AUTH_d8741d1891ef40e5a7a8c7bee0ab6eed/gnocchi.8045bc93-2d37-4cfb-9789-94242db85a2a/1764720000.0_mean_300.0_v3" "tx84631c7d23594d5787e78-006933a623" "proxy-server 97198" 0.0127 "-" 96249 0
Dec 05 22:42:27 np0005548602.novalocal object-server[96250]: ::1 - - [06/Dec/2025:03:42:27 +0000] "PUT /2/130776/AUTH_d8741d1891ef40e5a7a8c7bee0ab6eed/gnocchi.8045bc93-2d37-4cfb-9789-94242db85a2a/1764720000.0_mean_300.0_v3" 201 - "PUT https://[::1]:8080/v1/AUTH_d8741d1891ef40e5a7a8c7bee0ab6eed/gnocchi.8045bc93-2d37-4cfb-9789-94242db85a2a/1764720000.0_mean_300.0_v3" "tx84631c7d23594d5787e78-006933a623" "proxy-server 97198" 0.0131 "-" 96250 0
Dec 05 22:42:27 np0005548602.novalocal object-server[96249]: ::1 - - [06/Dec/2025:03:42:27 +0000] "PUT /1/130776/AUTH_d8741d1891ef40e5a7a8c7bee0ab6eed/gnocchi.8045bc93-2d37-4cfb-9789-94242db85a2a/1764720000.0_mean_300.0_v3" 201 - "PUT https://[::1]:8080/v1/AUTH_d8741d1891ef40e5a7a8c7bee0ab6eed/gnocchi.8045bc93-2d37-4cfb-9789-94242db85a2a/1764720000.0_mean_300.0_v3" "tx84631c7d23594d5787e78-006933a623" "proxy-server 97198" 0.0165 "-" 96249 0
Dec 05 22:42:27 np0005548602.novalocal proxy-server[97198]: ::1 ::1 06/Dec/2025/03/42/27 PUT /v1/AUTH_d8741d1891ef40e5a7a8c7bee0ab6eed/gnocchi.8045bc93-2d37-4cfb-9789-94242db85a2a/1764720000.0_mean_300.0_v3 HTTP/1.0 201 - python-swiftclient-4.8.0 gAAAAABpM6XeP7WC... 16 - - tx84631c7d23594d5787e78-006933a623 - 0.0280 - - 1764992547.882483006 1764992547.910443783 0 1229ee3e1d964977b2a5589f27ad366e
Dec 05 22:42:27 np0005548602.novalocal object-replicator[96313]: 180/180 (100.00%) partitions replicated in 1.66s (108.51/sec, 0s remaining)
Dec 05 22:42:27 np0005548602.novalocal object-replicator[96313]: 360 successes, 0 failures
Dec 05 22:42:27 np0005548602.novalocal object-replicator[96313]: 180 suffixes checked - 9.44% hashed, 0.00% synced
Dec 05 22:42:27 np0005548602.novalocal object-replicator[96313]: Partition times: max 0.0387s, min 0.0045s, med 0.0065s
Dec 05 22:42:27 np0005548602.novalocal object-replicator[96313]: Object replication complete. (0.03 minutes)
Dec 05 22:42:27 np0005548602.novalocal container-server[95917]: ::1 - - [06/Dec/2025:03:42:27 +0000] "PUT /3/118228/AUTH_d8741d1891ef40e5a7a8c7bee0ab6eed/gnocchi.8045bc93-2d37-4cfb-9789-94242db85a2a/none_v3" 201 - "PUT http://[::1]:8080/3/178674/AUTH_d8741d1891ef40e5a7a8c7bee0ab6eed/gnocchi.8045bc93-2d37-4cfb-9789-94242db85a2a/none_v3" "txf4d9499e631841d38ad43-006933a623" "object-server 96249" 0.0006 "-" 95917 0
Dec 05 22:42:27 np0005548602.novalocal object-server[96249]: ::1 - - [06/Dec/2025:03:42:27 +0000] "PUT /3/178674/AUTH_d8741d1891ef40e5a7a8c7bee0ab6eed/gnocchi.8045bc93-2d37-4cfb-9789-94242db85a2a/none_v3" 201 - "PUT https://[::1]:8080/v1/AUTH_d8741d1891ef40e5a7a8c7bee0ab6eed/gnocchi.8045bc93-2d37-4cfb-9789-94242db85a2a/none_v3" "txf4d9499e631841d38ad43-006933a623" "proxy-server 97198" 0.0133 "-" 96249 0
Dec 05 22:42:27 np0005548602.novalocal container-server[95916]: ::1 - - [06/Dec/2025:03:42:27 +0000] "PUT /1/118228/AUTH_d8741d1891ef40e5a7a8c7bee0ab6eed/gnocchi.8045bc93-2d37-4cfb-9789-94242db85a2a/none_v3" 201 - "PUT http://[::1]:8080/1/178674/AUTH_d8741d1891ef40e5a7a8c7bee0ab6eed/gnocchi.8045bc93-2d37-4cfb-9789-94242db85a2a/none_v3" "txf4d9499e631841d38ad43-006933a623" "object-server 96250" 0.0004 "-" 95916 0
Dec 05 22:42:27 np0005548602.novalocal container-server[95917]: ::1 - - [06/Dec/2025:03:42:27 +0000] "PUT /2/118228/AUTH_d8741d1891ef40e5a7a8c7bee0ab6eed/gnocchi.8045bc93-2d37-4cfb-9789-94242db85a2a/none_v3" 201 - "PUT http://[::1]:8080/2/178674/AUTH_d8741d1891ef40e5a7a8c7bee0ab6eed/gnocchi.8045bc93-2d37-4cfb-9789-94242db85a2a/none_v3" "txf4d9499e631841d38ad43-006933a623" "object-server 96250" 0.0006 "-" 95917 0
Dec 05 22:42:27 np0005548602.novalocal object-server[96250]: ::1 - - [06/Dec/2025:03:42:27 +0000] "PUT /1/178674/AUTH_d8741d1891ef40e5a7a8c7bee0ab6eed/gnocchi.8045bc93-2d37-4cfb-9789-94242db85a2a/none_v3" 201 - "PUT https://[::1]:8080/v1/AUTH_d8741d1891ef40e5a7a8c7bee0ab6eed/gnocchi.8045bc93-2d37-4cfb-9789-94242db85a2a/none_v3" "txf4d9499e631841d38ad43-006933a623" "proxy-server 97198" 0.0150 "-" 96250 0
Dec 05 22:42:27 np0005548602.novalocal object-server[96250]: ::1 - - [06/Dec/2025:03:42:27 +0000] "PUT /2/178674/AUTH_d8741d1891ef40e5a7a8c7bee0ab6eed/gnocchi.8045bc93-2d37-4cfb-9789-94242db85a2a/none_v3" 201 - "PUT https://[::1]:8080/v1/AUTH_d8741d1891ef40e5a7a8c7bee0ab6eed/gnocchi.8045bc93-2d37-4cfb-9789-94242db85a2a/none_v3" "txf4d9499e631841d38ad43-006933a623" "proxy-server 97198" 0.0124 "-" 96250 0
Dec 05 22:42:27 np0005548602.novalocal proxy-server[97198]: ::1 ::1 06/Dec/2025/03/42/27 PUT /v1/AUTH_d8741d1891ef40e5a7a8c7bee0ab6eed/gnocchi.8045bc93-2d37-4cfb-9789-94242db85a2a/none_v3 HTTP/1.0 201 - python-swiftclient-4.8.0 gAAAAABpM6XeP7WC... 59 - - txf4d9499e631841d38ad43-006933a623 - 0.0251 - - 1764992547.913204908 1764992547.938351393 0 1229ee3e1d964977b2a5589f27ad366e
Dec 05 22:42:27 np0005548602.novalocal container-server[95917]: ::1 - - [06/Dec/2025:03:42:27 +0000] "HEAD /3/110437/AUTH_d8741d1891ef40e5a7a8c7bee0ab6eed/gnocchi.1a225275-70e2-430f-8a1a-1cf996a625ca" 404 - "HEAD http://[::1]:8080/v1/AUTH_d8741d1891ef40e5a7a8c7bee0ab6eed/gnocchi.1a225275-70e2-430f-8a1a-1cf996a625ca" "tx7dc2b58e501245ca901ca-006933a623" "proxy-server 97198" 0.0003 "-" 95917 0
Dec 05 22:42:27 np0005548602.novalocal container-server[95917]: ::1 - - [06/Dec/2025:03:42:27 +0000] "HEAD /2/110437/AUTH_d8741d1891ef40e5a7a8c7bee0ab6eed/gnocchi.1a225275-70e2-430f-8a1a-1cf996a625ca" 404 - "HEAD http://[::1]:8080/v1/AUTH_d8741d1891ef40e5a7a8c7bee0ab6eed/gnocchi.1a225275-70e2-430f-8a1a-1cf996a625ca" "tx7dc2b58e501245ca901ca-006933a623" "proxy-server 97198" 0.0002 "-" 95917 0
Dec 05 22:42:27 np0005548602.novalocal container-server[95916]: ::1 - - [06/Dec/2025:03:42:27 +0000] "HEAD /1/110437/AUTH_d8741d1891ef40e5a7a8c7bee0ab6eed/gnocchi.1a225275-70e2-430f-8a1a-1cf996a625ca" 404 - "HEAD http://[::1]:8080/v1/AUTH_d8741d1891ef40e5a7a8c7bee0ab6eed/gnocchi.1a225275-70e2-430f-8a1a-1cf996a625ca" "tx7dc2b58e501245ca901ca-006933a623" "proxy-server 97198" 0.0002 "-" 95916 0
Dec 05 22:42:27 np0005548602.novalocal proxy-server[97198]: - - 06/Dec/2025/03/42/27 HEAD /v1/AUTH_d8741d1891ef40e5a7a8c7bee0ab6eed/gnocchi.1a225275-70e2-430f-8a1a-1cf996a625ca HTTP/1.0 404 - Swift - - - - tx7dc2b58e501245ca901ca-006933a623 - 0.0087 CS - 1764992547.970479012 1764992547.979204416 0 -
Dec 05 22:42:27 np0005548602.novalocal object-server[96250]: ::1 - - [06/Dec/2025:03:42:27 +0000] "GET /3/146632/AUTH_d8741d1891ef40e5a7a8c7bee0ab6eed/gnocchi.1a225275-70e2-430f-8a1a-1cf996a625ca/none_v3" 404 70 "GET https://[::1]:8080/v1/AUTH_d8741d1891ef40e5a7a8c7bee0ab6eed/gnocchi.1a225275-70e2-430f-8a1a-1cf996a625ca/none_v3" "tx7dc2b58e501245ca901ca-006933a623" "proxy-server 97198" 0.0003 "-" 96250 0
Dec 05 22:42:27 np0005548602.novalocal object-server[96249]: ::1 - - [06/Dec/2025:03:42:27 +0000] "GET /2/146632/AUTH_d8741d1891ef40e5a7a8c7bee0ab6eed/gnocchi.1a225275-70e2-430f-8a1a-1cf996a625ca/none_v3" 404 70 "GET https://[::1]:8080/v1/AUTH_d8741d1891ef40e5a7a8c7bee0ab6eed/gnocchi.1a225275-70e2-430f-8a1a-1cf996a625ca/none_v3" "tx7dc2b58e501245ca901ca-006933a623" "proxy-server 97198" 0.0005 "-" 96249 0
Dec 05 22:42:27 np0005548602.novalocal object-server[96250]: ::1 - - [06/Dec/2025:03:42:27 +0000] "GET /1/146632/AUTH_d8741d1891ef40e5a7a8c7bee0ab6eed/gnocchi.1a225275-70e2-430f-8a1a-1cf996a625ca/none_v3" 404 70 "GET https://[::1]:8080/v1/AUTH_d8741d1891ef40e5a7a8c7bee0ab6eed/gnocchi.1a225275-70e2-430f-8a1a-1cf996a625ca/none_v3" "tx7dc2b58e501245ca901ca-006933a623" "proxy-server 97198" 0.0002 "-" 96250 0
Dec 05 22:42:27 np0005548602.novalocal proxy-server[97198]: ::1 ::1 06/Dec/2025/03/42/27 GET /v1/AUTH_d8741d1891ef40e5a7a8c7bee0ab6eed/gnocchi.1a225275-70e2-430f-8a1a-1cf996a625ca/none_v3 HTTP/1.0 404 - python-swiftclient-4.8.0 gAAAAABpM6XeP7WC... - 70 - tx7dc2b58e501245ca901ca-006933a623 - 0.0206 - - 1764992547.969573975 1764992547.990202665 0 1229ee3e1d964977b2a5589f27ad366e
Dec 05 22:42:28 np0005548602.novalocal account-server[95623]: ::1 - - [06/Dec/2025:03:42:28 +0000] "PUT /2/76100/AUTH_d8741d1891ef40e5a7a8c7bee0ab6eed/gnocchi.1a225275-70e2-430f-8a1a-1cf996a625ca" 201 - "PUT http://[::1]:6001/1/110437/AUTH_d8741d1891ef40e5a7a8c7bee0ab6eed/gnocchi.1a225275-70e2-430f-8a1a-1cf996a625ca" "tx11d6f924b204491a970e9-006933a623" "container-server 95916" 0.0016 "-" 95623 0
Dec 05 22:42:28 np0005548602.novalocal account-server[95623]: ::1 - - [06/Dec/2025:03:42:28 +0000] "PUT /1/76100/AUTH_d8741d1891ef40e5a7a8c7bee0ab6eed/gnocchi.1a225275-70e2-430f-8a1a-1cf996a625ca" 201 - "PUT http://[::1]:6001/3/110437/AUTH_d8741d1891ef40e5a7a8c7bee0ab6eed/gnocchi.1a225275-70e2-430f-8a1a-1cf996a625ca" "tx11d6f924b204491a970e9-006933a623" "container-server 95917" 0.0011 "-" 95623 0
Dec 05 22:42:28 np0005548602.novalocal container-server[95917]: ::1 - - [06/Dec/2025:03:42:28 +0000] "PUT /3/110437/AUTH_d8741d1891ef40e5a7a8c7bee0ab6eed/gnocchi.1a225275-70e2-430f-8a1a-1cf996a625ca" 201 - "PUT https://[::1]:8080/v1/AUTH_d8741d1891ef40e5a7a8c7bee0ab6eed/gnocchi.1a225275-70e2-430f-8a1a-1cf996a625ca" "tx11d6f924b204491a970e9-006933a623" "proxy-server 97198" 0.0153 "-" 95917 0
Dec 05 22:42:28 np0005548602.novalocal account-server[95624]: ::1 - - [06/Dec/2025:03:42:28 +0000] "PUT /3/76100/AUTH_d8741d1891ef40e5a7a8c7bee0ab6eed/gnocchi.1a225275-70e2-430f-8a1a-1cf996a625ca" 201 - "PUT http://[::1]:6001/2/110437/AUTH_d8741d1891ef40e5a7a8c7bee0ab6eed/gnocchi.1a225275-70e2-430f-8a1a-1cf996a625ca" "tx11d6f924b204491a970e9-006933a623" "container-server 95916" 0.0009 "-" 95624 0
Dec 05 22:42:28 np0005548602.novalocal container-server[95916]: ::1 - - [06/Dec/2025:03:42:28 +0000] "PUT /2/110437/AUTH_d8741d1891ef40e5a7a8c7bee0ab6eed/gnocchi.1a225275-70e2-430f-8a1a-1cf996a625ca" 201 - "PUT https://[::1]:8080/v1/AUTH_d8741d1891ef40e5a7a8c7bee0ab6eed/gnocchi.1a225275-70e2-430f-8a1a-1cf996a625ca" "tx11d6f924b204491a970e9-006933a623" "proxy-server 97198" 0.0116 "-" 95916 0
Dec 05 22:42:28 np0005548602.novalocal container-server[95916]: ::1 - - [06/Dec/2025:03:42:28 +0000] "PUT /1/110437/AUTH_d8741d1891ef40e5a7a8c7bee0ab6eed/gnocchi.1a225275-70e2-430f-8a1a-1cf996a625ca" 201 - "PUT https://[::1]:8080/v1/AUTH_d8741d1891ef40e5a7a8c7bee0ab6eed/gnocchi.1a225275-70e2-430f-8a1a-1cf996a625ca" "tx11d6f924b204491a970e9-006933a623" "proxy-server 97198" 0.0226 "-" 95916 0
Dec 05 22:42:28 np0005548602.novalocal proxy-server[97198]: ::1 ::1 06/Dec/2025/03/42/28 PUT /v1/AUTH_d8741d1891ef40e5a7a8c7bee0ab6eed/gnocchi.1a225275-70e2-430f-8a1a-1cf996a625ca HTTP/1.0 201 - python-swiftclient-4.8.0 gAAAAABpM6XeP7WC... - - - tx11d6f924b204491a970e9-006933a623 - 0.0290 - - 1764992547.992172480 1764992548.021180868 0 1229ee3e1d964977b2a5589f27ad366e
Dec 05 22:42:28 np0005548602.novalocal container-server[95916]: ::1 - - [06/Dec/2025:03:42:28 +0000] "HEAD /3/110437/AUTH_d8741d1891ef40e5a7a8c7bee0ab6eed/gnocchi.1a225275-70e2-430f-8a1a-1cf996a625ca" 204 - "HEAD http://[::1]:8080/v1/AUTH_d8741d1891ef40e5a7a8c7bee0ab6eed/gnocchi.1a225275-70e2-430f-8a1a-1cf996a625ca" "tx8afa89f0da6e4965b713d-006933a624" "proxy-server 97198" 0.0009 "-" 95916 0
Dec 05 22:42:28 np0005548602.novalocal proxy-server[97198]: - - 06/Dec/2025/03/42/28 HEAD /v1/AUTH_d8741d1891ef40e5a7a8c7bee0ab6eed/gnocchi.1a225275-70e2-430f-8a1a-1cf996a625ca HTTP/1.0 204 - Swift - - - - tx8afa89f0da6e4965b713d-006933a624 - 0.0036 CS - 1764992548.024967909 1764992548.028525114 0 -
Dec 05 22:42:28 np0005548602.novalocal container-server[95917]: ::1 - - [06/Dec/2025:03:42:28 +0000] "GET /3/110437/AUTH_d8741d1891ef40e5a7a8c7bee0ab6eed/gnocchi.1a225275-70e2-430f-8a1a-1cf996a625ca" 200 2 "GET https://[::1]:8080/v1/AUTH_d8741d1891ef40e5a7a8c7bee0ab6eed/gnocchi.1a225275-70e2-430f-8a1a-1cf996a625ca?format=json&states=listing" "tx8afa89f0da6e4965b713d-006933a624" "proxy-server 97198" 0.0028 "-" 95917 0
Dec 05 22:42:28 np0005548602.novalocal proxy-server[97198]: ::1 ::1 06/Dec/2025/03/42/28 GET /v1/AUTH_d8741d1891ef40e5a7a8c7bee0ab6eed/gnocchi.1a225275-70e2-430f-8a1a-1cf996a625ca%3Fformat%3Djson%26states%3Dlisting HTTP/1.0 200 - python-swiftclient-4.8.0 gAAAAABpM6XeP7WC... - 2 - tx8afa89f0da6e4965b713d-006933a624 - 0.0136 - - 1764992548.024276495 1764992548.037834167 0 1229ee3e1d964977b2a5589f27ad366e
Dec 05 22:42:28 np0005548602.novalocal object-server[96250]: ::1 - - [06/Dec/2025:03:42:28 +0000] "GET /1/173131/AUTH_d8741d1891ef40e5a7a8c7bee0ab6eed/gnocchi.1a225275-70e2-430f-8a1a-1cf996a625ca/1764720000.0_mean_300.0_v3" 404 70 "GET https://[::1]:8080/v1/AUTH_d8741d1891ef40e5a7a8c7bee0ab6eed/gnocchi.1a225275-70e2-430f-8a1a-1cf996a625ca/1764720000.0_mean_300.0_v3" "tx8a08e586f6b345df8abb3-006933a624" "proxy-server 97198" 0.0003 "-" 96250 0
Dec 05 22:42:28 np0005548602.novalocal object-server[96250]: ::1 - - [06/Dec/2025:03:42:28 +0000] "GET /3/173131/AUTH_d8741d1891ef40e5a7a8c7bee0ab6eed/gnocchi.1a225275-70e2-430f-8a1a-1cf996a625ca/1764720000.0_mean_300.0_v3" 404 70 "GET https://[::1]:8080/v1/AUTH_d8741d1891ef40e5a7a8c7bee0ab6eed/gnocchi.1a225275-70e2-430f-8a1a-1cf996a625ca/1764720000.0_mean_300.0_v3" "tx8a08e586f6b345df8abb3-006933a624" "proxy-server 97198" 0.0004 "-" 96250 0
Dec 05 22:42:28 np0005548602.novalocal object-server[96250]: ::1 - - [06/Dec/2025:03:42:28 +0000] "GET /2/173131/AUTH_d8741d1891ef40e5a7a8c7bee0ab6eed/gnocchi.1a225275-70e2-430f-8a1a-1cf996a625ca/1764720000.0_mean_300.0_v3" 404 70 "GET https://[::1]:8080/v1/AUTH_d8741d1891ef40e5a7a8c7bee0ab6eed/gnocchi.1a225275-70e2-430f-8a1a-1cf996a625ca/1764720000.0_mean_300.0_v3" "tx8a08e586f6b345df8abb3-006933a624" "proxy-server 97198" 0.0003 "-" 96250 0
Dec 05 22:42:28 np0005548602.novalocal proxy-server[97198]: ::1 ::1 06/Dec/2025/03/42/28 GET /v1/AUTH_d8741d1891ef40e5a7a8c7bee0ab6eed/gnocchi.1a225275-70e2-430f-8a1a-1cf996a625ca/1764720000.0_mean_300.0_v3 HTTP/1.0 404 - python-swiftclient-4.8.0 gAAAAABpM6XeP7WC... - 70 - tx8a08e586f6b345df8abb3-006933a624 - 0.0116 - - 1764992548.040339947 1764992548.051955462 0 1229ee3e1d964977b2a5589f27ad366e
Dec 05 22:42:28 np0005548602.novalocal container-server[95916]: ::1 - - [06/Dec/2025:03:42:28 +0000] "PUT /2/110437/AUTH_d8741d1891ef40e5a7a8c7bee0ab6eed/gnocchi.1a225275-70e2-430f-8a1a-1cf996a625ca/1764720000.0_mean_300.0_v3" 201 - "PUT http://[::1]:8080/3/173131/AUTH_d8741d1891ef40e5a7a8c7bee0ab6eed/gnocchi.1a225275-70e2-430f-8a1a-1cf996a625ca/1764720000.0_mean_300.0_v3" "txed77a140904843d9b052e-006933a624" "object-server 96250" 0.0006 "-" 95916 0
Dec 05 22:42:28 np0005548602.novalocal container-server[95917]: ::1 - - [06/Dec/2025:03:42:28 +0000] "PUT /1/110437/AUTH_d8741d1891ef40e5a7a8c7bee0ab6eed/gnocchi.1a225275-70e2-430f-8a1a-1cf996a625ca/1764720000.0_mean_300.0_v3" 201 - "PUT http://[::1]:8080/2/173131/AUTH_d8741d1891ef40e5a7a8c7bee0ab6eed/gnocchi.1a225275-70e2-430f-8a1a-1cf996a625ca/1764720000.0_mean_300.0_v3" "txed77a140904843d9b052e-006933a624" "object-server 96249" 0.0008 "-" 95917 0
Dec 05 22:42:28 np0005548602.novalocal container-server[95916]: ::1 - - [06/Dec/2025:03:42:28 +0000] "PUT /3/110437/AUTH_d8741d1891ef40e5a7a8c7bee0ab6eed/gnocchi.1a225275-70e2-430f-8a1a-1cf996a625ca/1764720000.0_mean_300.0_v3" 201 - "PUT http://[::1]:8080/1/173131/AUTH_d8741d1891ef40e5a7a8c7bee0ab6eed/gnocchi.1a225275-70e2-430f-8a1a-1cf996a625ca/1764720000.0_mean_300.0_v3" "txed77a140904843d9b052e-006933a624" "object-server 96250" 0.0003 "-" 95916 0
Dec 05 22:42:28 np0005548602.novalocal object-server[96250]: ::1 - - [06/Dec/2025:03:42:28 +0000] "PUT /3/173131/AUTH_d8741d1891ef40e5a7a8c7bee0ab6eed/gnocchi.1a225275-70e2-430f-8a1a-1cf996a625ca/1764720000.0_mean_300.0_v3" 201 - "PUT https://[::1]:8080/v1/AUTH_d8741d1891ef40e5a7a8c7bee0ab6eed/gnocchi.1a225275-70e2-430f-8a1a-1cf996a625ca/1764720000.0_mean_300.0_v3" "txed77a140904843d9b052e-006933a624" "proxy-server 97198" 0.0108 "-" 96250 0
Dec 05 22:42:28 np0005548602.novalocal object-server[96249]: ::1 - - [06/Dec/2025:03:42:28 +0000] "PUT /2/173131/AUTH_d8741d1891ef40e5a7a8c7bee0ab6eed/gnocchi.1a225275-70e2-430f-8a1a-1cf996a625ca/1764720000.0_mean_300.0_v3" 201 - "PUT https://[::1]:8080/v1/AUTH_d8741d1891ef40e5a7a8c7bee0ab6eed/gnocchi.1a225275-70e2-430f-8a1a-1cf996a625ca/1764720000.0_mean_300.0_v3" "txed77a140904843d9b052e-006933a624" "proxy-server 97198" 0.0131 "-" 96249 0
Dec 05 22:42:28 np0005548602.novalocal object-server[96250]: ::1 - - [06/Dec/2025:03:42:28 +0000] "PUT /1/173131/AUTH_d8741d1891ef40e5a7a8c7bee0ab6eed/gnocchi.1a225275-70e2-430f-8a1a-1cf996a625ca/1764720000.0_mean_300.0_v3" 201 - "PUT https://[::1]:8080/v1/AUTH_d8741d1891ef40e5a7a8c7bee0ab6eed/gnocchi.1a225275-70e2-430f-8a1a-1cf996a625ca/1764720000.0_mean_300.0_v3" "txed77a140904843d9b052e-006933a624" "proxy-server 97198" 0.0140 "-" 96250 0
Dec 05 22:42:28 np0005548602.novalocal proxy-server[97198]: ::1 ::1 06/Dec/2025/03/42/28 PUT /v1/AUTH_d8741d1891ef40e5a7a8c7bee0ab6eed/gnocchi.1a225275-70e2-430f-8a1a-1cf996a625ca/1764720000.0_mean_300.0_v3 HTTP/1.0 201 - python-swiftclient-4.8.0 gAAAAABpM6XeP7WC... 16 - - txed77a140904843d9b052e-006933a624 - 0.0218 - - 1764992548.054157734 1764992548.075932741 0 1229ee3e1d964977b2a5589f27ad366e
Dec 05 22:42:28 np0005548602.novalocal container-server[95916]: ::1 - - [06/Dec/2025:03:42:28 +0000] "PUT /1/110437/AUTH_d8741d1891ef40e5a7a8c7bee0ab6eed/gnocchi.1a225275-70e2-430f-8a1a-1cf996a625ca/none_v3" 201 - "PUT http://[::1]:8080/3/146632/AUTH_d8741d1891ef40e5a7a8c7bee0ab6eed/gnocchi.1a225275-70e2-430f-8a1a-1cf996a625ca/none_v3" "tx86c80396b1ce42a499669-006933a624" "object-server 96249" 0.0004 "-" 95916 0
Dec 05 22:42:28 np0005548602.novalocal object-server[96249]: ::1 - - [06/Dec/2025:03:42:28 +0000] "PUT /3/146632/AUTH_d8741d1891ef40e5a7a8c7bee0ab6eed/gnocchi.1a225275-70e2-430f-8a1a-1cf996a625ca/none_v3" 201 - "PUT https://[::1]:8080/v1/AUTH_d8741d1891ef40e5a7a8c7bee0ab6eed/gnocchi.1a225275-70e2-430f-8a1a-1cf996a625ca/none_v3" "tx86c80396b1ce42a499669-006933a624" "proxy-server 97198" 0.0132 "-" 96249 0
Dec 05 22:42:28 np0005548602.novalocal container-server[95916]: ::1 - - [06/Dec/2025:03:42:28 +0000] "PUT /2/110437/AUTH_d8741d1891ef40e5a7a8c7bee0ab6eed/gnocchi.1a225275-70e2-430f-8a1a-1cf996a625ca/none_v3" 201 - "PUT http://[::1]:8080/2/146632/AUTH_d8741d1891ef40e5a7a8c7bee0ab6eed/gnocchi.1a225275-70e2-430f-8a1a-1cf996a625ca/none_v3" "tx86c80396b1ce42a499669-006933a624" "object-server 96249" 0.0003 "-" 95916 0
Dec 05 22:42:28 np0005548602.novalocal container-server[95917]: ::1 - - [06/Dec/2025:03:42:28 +0000] "PUT /3/110437/AUTH_d8741d1891ef40e5a7a8c7bee0ab6eed/gnocchi.1a225275-70e2-430f-8a1a-1cf996a625ca/none_v3" 201 - "PUT http://[::1]:8080/1/146632/AUTH_d8741d1891ef40e5a7a8c7bee0ab6eed/gnocchi.1a225275-70e2-430f-8a1a-1cf996a625ca/none_v3" "tx86c80396b1ce42a499669-006933a624" "object-server 96249" 0.0006 "-" 95917 0
Dec 05 22:42:28 np0005548602.novalocal object-server[96249]: ::1 - - [06/Dec/2025:03:42:28 +0000] "PUT /2/146632/AUTH_d8741d1891ef40e5a7a8c7bee0ab6eed/gnocchi.1a225275-70e2-430f-8a1a-1cf996a625ca/none_v3" 201 - "PUT https://[::1]:8080/v1/AUTH_d8741d1891ef40e5a7a8c7bee0ab6eed/gnocchi.1a225275-70e2-430f-8a1a-1cf996a625ca/none_v3" "tx86c80396b1ce42a499669-006933a624" "proxy-server 97198" 0.0136 "-" 96249 0
Dec 05 22:42:28 np0005548602.novalocal object-server[96249]: ::1 - - [06/Dec/2025:03:42:28 +0000] "PUT /1/146632/AUTH_d8741d1891ef40e5a7a8c7bee0ab6eed/gnocchi.1a225275-70e2-430f-8a1a-1cf996a625ca/none_v3" 201 - "PUT https://[::1]:8080/v1/AUTH_d8741d1891ef40e5a7a8c7bee0ab6eed/gnocchi.1a225275-70e2-430f-8a1a-1cf996a625ca/none_v3" "tx86c80396b1ce42a499669-006933a624" "proxy-server 97198" 0.0133 "-" 96249 0
Dec 05 22:42:28 np0005548602.novalocal proxy-server[97198]: ::1 ::1 06/Dec/2025/03/42/28 PUT /v1/AUTH_d8741d1891ef40e5a7a8c7bee0ab6eed/gnocchi.1a225275-70e2-430f-8a1a-1cf996a625ca/none_v3 HTTP/1.0 201 - python-swiftclient-4.8.0 gAAAAABpM6XeP7WC... 22 - - tx86c80396b1ce42a499669-006933a624 - 0.0243 - - 1764992548.078373909 1764992548.102653265 0 1229ee3e1d964977b2a5589f27ad366e
Dec 05 22:42:28 np0005548602.novalocal container-server[95916]: ::1 - - [06/Dec/2025:03:42:28 +0000] "HEAD /3/173051/AUTH_d8741d1891ef40e5a7a8c7bee0ab6eed/gnocchi.1747dd11-426c-4994-a8ee-3ee0178415d1" 404 - "HEAD http://[::1]:8080/v1/AUTH_d8741d1891ef40e5a7a8c7bee0ab6eed/gnocchi.1747dd11-426c-4994-a8ee-3ee0178415d1" "txecd432fa1ebd45419fbd6-006933a624" "proxy-server 97198" 0.0002 "-" 95916 0
Dec 05 22:42:28 np0005548602.novalocal container-server[95916]: ::1 - - [06/Dec/2025:03:42:28 +0000] "HEAD /1/173051/AUTH_d8741d1891ef40e5a7a8c7bee0ab6eed/gnocchi.1747dd11-426c-4994-a8ee-3ee0178415d1" 404 - "HEAD http://[::1]:8080/v1/AUTH_d8741d1891ef40e5a7a8c7bee0ab6eed/gnocchi.1747dd11-426c-4994-a8ee-3ee0178415d1" "txecd432fa1ebd45419fbd6-006933a624" "proxy-server 97198" 0.0001 "-" 95916 0
Dec 05 22:42:28 np0005548602.novalocal container-server[95916]: ::1 - - [06/Dec/2025:03:42:28 +0000] "HEAD /2/173051/AUTH_d8741d1891ef40e5a7a8c7bee0ab6eed/gnocchi.1747dd11-426c-4994-a8ee-3ee0178415d1" 404 - "HEAD http://[::1]:8080/v1/AUTH_d8741d1891ef40e5a7a8c7bee0ab6eed/gnocchi.1747dd11-426c-4994-a8ee-3ee0178415d1" "txecd432fa1ebd45419fbd6-006933a624" "proxy-server 97198" 0.0002 "-" 95916 0
Dec 05 22:42:28 np0005548602.novalocal proxy-server[97198]: - - 06/Dec/2025/03/42/28 HEAD /v1/AUTH_d8741d1891ef40e5a7a8c7bee0ab6eed/gnocchi.1747dd11-426c-4994-a8ee-3ee0178415d1 HTTP/1.0 404 - Swift - - - - txecd432fa1ebd45419fbd6-006933a624 - 0.0067 CS - 1764992548.115158319 1764992548.121898890 0 -
Dec 05 22:42:28 np0005548602.novalocal object-server[96250]: ::1 - - [06/Dec/2025:03:42:28 +0000] "GET /1/24693/AUTH_d8741d1891ef40e5a7a8c7bee0ab6eed/gnocchi.1747dd11-426c-4994-a8ee-3ee0178415d1/none_v3" 404 70 "GET https://[::1]:8080/v1/AUTH_d8741d1891ef40e5a7a8c7bee0ab6eed/gnocchi.1747dd11-426c-4994-a8ee-3ee0178415d1/none_v3" "txecd432fa1ebd45419fbd6-006933a624" "proxy-server 97198" 0.0004 "-" 96250 0
Dec 05 22:42:28 np0005548602.novalocal object-server[96249]: ::1 - - [06/Dec/2025:03:42:28 +0000] "GET /3/24693/AUTH_d8741d1891ef40e5a7a8c7bee0ab6eed/gnocchi.1747dd11-426c-4994-a8ee-3ee0178415d1/none_v3" 404 70 "GET https://[::1]:8080/v1/AUTH_d8741d1891ef40e5a7a8c7bee0ab6eed/gnocchi.1747dd11-426c-4994-a8ee-3ee0178415d1/none_v3" "txecd432fa1ebd45419fbd6-006933a624" "proxy-server 97198" 0.0004 "-" 96249 0
Dec 05 22:42:28 np0005548602.novalocal object-server[96249]: ::1 - - [06/Dec/2025:03:42:28 +0000] "GET /2/24693/AUTH_d8741d1891ef40e5a7a8c7bee0ab6eed/gnocchi.1747dd11-426c-4994-a8ee-3ee0178415d1/none_v3" 404 70 "GET https://[::1]:8080/v1/AUTH_d8741d1891ef40e5a7a8c7bee0ab6eed/gnocchi.1747dd11-426c-4994-a8ee-3ee0178415d1/none_v3" "txecd432fa1ebd45419fbd6-006933a624" "proxy-server 97198" 0.0002 "-" 96249 0
Dec 05 22:42:28 np0005548602.novalocal proxy-server[97198]: ::1 ::1 06/Dec/2025/03/42/28 GET /v1/AUTH_d8741d1891ef40e5a7a8c7bee0ab6eed/gnocchi.1747dd11-426c-4994-a8ee-3ee0178415d1/none_v3 HTTP/1.0 404 - python-swiftclient-4.8.0 gAAAAABpM6XeP7WC... - 70 - txecd432fa1ebd45419fbd6-006933a624 - 0.0193 - - 1764992548.114278078 1764992548.133561850 0 1229ee3e1d964977b2a5589f27ad366e
Dec 05 22:42:28 np0005548602.novalocal account-server[95624]: ::1 - - [06/Dec/2025:03:42:28 +0000] "PUT /1/76100/AUTH_d8741d1891ef40e5a7a8c7bee0ab6eed/gnocchi.1747dd11-426c-4994-a8ee-3ee0178415d1" 201 - "PUT http://[::1]:6001/2/173051/AUTH_d8741d1891ef40e5a7a8c7bee0ab6eed/gnocchi.1747dd11-426c-4994-a8ee-3ee0178415d1" "tx04192523eede4c0ca2f88-006933a624" "container-server 95916" 0.0042 "-" 95624 0
Dec 05 22:42:28 np0005548602.novalocal container-server[95916]: ::1 - - [06/Dec/2025:03:42:28 +0000] "PUT /2/173051/AUTH_d8741d1891ef40e5a7a8c7bee0ab6eed/gnocchi.1747dd11-426c-4994-a8ee-3ee0178415d1" 201 - "PUT https://[::1]:8080/v1/AUTH_d8741d1891ef40e5a7a8c7bee0ab6eed/gnocchi.1747dd11-426c-4994-a8ee-3ee0178415d1" "tx04192523eede4c0ca2f88-006933a624" "proxy-server 97198" 0.0239 "-" 95916 0
Dec 05 22:42:28 np0005548602.novalocal account-server[95623]: ::1 - - [06/Dec/2025:03:42:28 +0000] "PUT /2/76100/AUTH_d8741d1891ef40e5a7a8c7bee0ab6eed/gnocchi.1747dd11-426c-4994-a8ee-3ee0178415d1" 201 - "PUT http://[::1]:6001/1/173051/AUTH_d8741d1891ef40e5a7a8c7bee0ab6eed/gnocchi.1747dd11-426c-4994-a8ee-3ee0178415d1" "tx04192523eede4c0ca2f88-006933a624" "container-server 95916" 0.0050 "-" 95623 0
Dec 05 22:42:28 np0005548602.novalocal container-server[95916]: ::1 - - [06/Dec/2025:03:42:28 +0000] "PUT /1/173051/AUTH_d8741d1891ef40e5a7a8c7bee0ab6eed/gnocchi.1747dd11-426c-4994-a8ee-3ee0178415d1" 201 - "PUT https://[::1]:8080/v1/AUTH_d8741d1891ef40e5a7a8c7bee0ab6eed/gnocchi.1747dd11-426c-4994-a8ee-3ee0178415d1" "tx04192523eede4c0ca2f88-006933a624" "proxy-server 97198" 0.0145 "-" 95916 0
