Dec 05 22:40:46 np0005548602.novalocal container-server[95917]: ::1 - - [06/Dec/2025:03:40:46 +0000] "PUT /2/194383/AUTH_d8741d1891ef40e5a7a8c7bee0ab6eed/gnocchi.e3ac9ad0-7ac0-48c7-b1d3-612e98dfb0cf/1764720000.0_mean_300.0_v3" 201 - "PUT http://[::1]:8080/1/207092/AUTH_d8741d1891ef40e5a7a8c7bee0ab6eed/gnocchi.e3ac9ad0-7ac0-48c7-b1d3-612e98dfb0cf/1764720000.0_mean_300.0_v3" "tx384f63ca8b3e4430ba79b-006933a5be" "object-server 96250" 0.0009 "-" 95917 0
Dec 05 22:40:46 np0005548602.novalocal container-server[95917]: ::1 - - [06/Dec/2025:03:40:46 +0000] "PUT /3/194383/AUTH_d8741d1891ef40e5a7a8c7bee0ab6eed/gnocchi.e3ac9ad0-7ac0-48c7-b1d3-612e98dfb0cf/1764720000.0_mean_300.0_v3" 201 - "PUT http://[::1]:8080/3/207092/AUTH_d8741d1891ef40e5a7a8c7bee0ab6eed/gnocchi.e3ac9ad0-7ac0-48c7-b1d3-612e98dfb0cf/1764720000.0_mean_300.0_v3" "tx384f63ca8b3e4430ba79b-006933a5be" "object-server 96250" 0.0004 "-" 95917 0
Dec 05 22:40:46 np0005548602.novalocal object-server[96250]: ::1 - - [06/Dec/2025:03:40:46 +0000] "PUT /1/207092/AUTH_d8741d1891ef40e5a7a8c7bee0ab6eed/gnocchi.e3ac9ad0-7ac0-48c7-b1d3-612e98dfb0cf/1764720000.0_mean_300.0_v3" 201 - "PUT https://[::1]:8080/v1/AUTH_d8741d1891ef40e5a7a8c7bee0ab6eed/gnocchi.e3ac9ad0-7ac0-48c7-b1d3-612e98dfb0cf/1764720000.0_mean_300.0_v3" "tx384f63ca8b3e4430ba79b-006933a5be" "proxy-server 97198" 0.0139 "-" 96250 0
Dec 05 22:40:46 np0005548602.novalocal object-server[96250]: ::1 - - [06/Dec/2025:03:40:46 +0000] "PUT /3/207092/AUTH_d8741d1891ef40e5a7a8c7bee0ab6eed/gnocchi.e3ac9ad0-7ac0-48c7-b1d3-612e98dfb0cf/1764720000.0_mean_300.0_v3" 201 - "PUT https://[::1]:8080/v1/AUTH_d8741d1891ef40e5a7a8c7bee0ab6eed/gnocchi.e3ac9ad0-7ac0-48c7-b1d3-612e98dfb0cf/1764720000.0_mean_300.0_v3" "tx384f63ca8b3e4430ba79b-006933a5be" "proxy-server 97198" 0.0168 "-" 96250 0
Dec 05 22:40:46 np0005548602.novalocal proxy-server[97198]: ::1 ::1 06/Dec/2025/03/40/46 PUT /v1/AUTH_d8741d1891ef40e5a7a8c7bee0ab6eed/gnocchi.e3ac9ad0-7ac0-48c7-b1d3-612e98dfb0cf/1764720000.0_mean_300.0_v3 HTTP/1.0 201 - python-swiftclient-4.8.0 gAAAAABpM6W9MtUs... 16 - - tx384f63ca8b3e4430ba79b-006933a5be - 0.0255 - - 1764992446.544574976 1764992446.570031166 0 1229ee3e1d964977b2a5589f27ad366e
Dec 05 22:40:46 np0005548602.novalocal container-server[95916]: ::1 - - [06/Dec/2025:03:40:46 +0000] "PUT /2/194383/AUTH_d8741d1891ef40e5a7a8c7bee0ab6eed/gnocchi.e3ac9ad0-7ac0-48c7-b1d3-612e98dfb0cf/none_v3" 201 - "PUT http://[::1]:8080/1/92720/AUTH_d8741d1891ef40e5a7a8c7bee0ab6eed/gnocchi.e3ac9ad0-7ac0-48c7-b1d3-612e98dfb0cf/none_v3" "tx75fef2a3c0cd42128c454-006933a5be" "object-server 96249" 0.0005 "-" 95916 0
Dec 05 22:40:46 np0005548602.novalocal container-server[95917]: ::1 - - [06/Dec/2025:03:40:46 +0000] "PUT /3/194383/AUTH_d8741d1891ef40e5a7a8c7bee0ab6eed/gnocchi.e3ac9ad0-7ac0-48c7-b1d3-612e98dfb0cf/none_v3" 201 - "PUT http://[::1]:8080/2/92720/AUTH_d8741d1891ef40e5a7a8c7bee0ab6eed/gnocchi.e3ac9ad0-7ac0-48c7-b1d3-612e98dfb0cf/none_v3" "tx75fef2a3c0cd42128c454-006933a5be" "object-server 96250" 0.0008 "-" 95917 0
Dec 05 22:40:46 np0005548602.novalocal object-server[96249]: ::1 - - [06/Dec/2025:03:40:46 +0000] "PUT /1/92720/AUTH_d8741d1891ef40e5a7a8c7bee0ab6eed/gnocchi.e3ac9ad0-7ac0-48c7-b1d3-612e98dfb0cf/none_v3" 201 - "PUT https://[::1]:8080/v1/AUTH_d8741d1891ef40e5a7a8c7bee0ab6eed/gnocchi.e3ac9ad0-7ac0-48c7-b1d3-612e98dfb0cf/none_v3" "tx75fef2a3c0cd42128c454-006933a5be" "proxy-server 97198" 0.0112 "-" 96249 0
Dec 05 22:40:46 np0005548602.novalocal container-server[95916]: ::1 - - [06/Dec/2025:03:40:46 +0000] "PUT /1/194383/AUTH_d8741d1891ef40e5a7a8c7bee0ab6eed/gnocchi.e3ac9ad0-7ac0-48c7-b1d3-612e98dfb0cf/none_v3" 201 - "PUT http://[::1]:8080/3/92720/AUTH_d8741d1891ef40e5a7a8c7bee0ab6eed/gnocchi.e3ac9ad0-7ac0-48c7-b1d3-612e98dfb0cf/none_v3" "tx75fef2a3c0cd42128c454-006933a5be" "object-server 96249" 0.0003 "-" 95916 0
Dec 05 22:40:46 np0005548602.novalocal object-server[96250]: ::1 - - [06/Dec/2025:03:40:46 +0000] "PUT /2/92720/AUTH_d8741d1891ef40e5a7a8c7bee0ab6eed/gnocchi.e3ac9ad0-7ac0-48c7-b1d3-612e98dfb0cf/none_v3" 201 - "PUT https://[::1]:8080/v1/AUTH_d8741d1891ef40e5a7a8c7bee0ab6eed/gnocchi.e3ac9ad0-7ac0-48c7-b1d3-612e98dfb0cf/none_v3" "tx75fef2a3c0cd42128c454-006933a5be" "proxy-server 97198" 0.0178 "-" 96250 0
Dec 05 22:40:46 np0005548602.novalocal object-server[96249]: ::1 - - [06/Dec/2025:03:40:46 +0000] "PUT /3/92720/AUTH_d8741d1891ef40e5a7a8c7bee0ab6eed/gnocchi.e3ac9ad0-7ac0-48c7-b1d3-612e98dfb0cf/none_v3" 201 - "PUT https://[::1]:8080/v1/AUTH_d8741d1891ef40e5a7a8c7bee0ab6eed/gnocchi.e3ac9ad0-7ac0-48c7-b1d3-612e98dfb0cf/none_v3" "tx75fef2a3c0cd42128c454-006933a5be" "proxy-server 97198" 0.0104 "-" 96249 0
Dec 05 22:40:46 np0005548602.novalocal proxy-server[97198]: ::1 ::1 06/Dec/2025/03/40/46 PUT /v1/AUTH_d8741d1891ef40e5a7a8c7bee0ab6eed/gnocchi.e3ac9ad0-7ac0-48c7-b1d3-612e98dfb0cf/none_v3 HTTP/1.0 201 - python-swiftclient-4.8.0 gAAAAABpM6W9MtUs... 22 - - tx75fef2a3c0cd42128c454-006933a5be - 0.0253 - - 1764992446.572580338 1764992446.597855330 0 1229ee3e1d964977b2a5589f27ad366e
Dec 05 22:40:46 np0005548602.novalocal systemd[1]: run-netns-qrouter\x2dacadebd6\x2d4a52\x2d4021\x2db8d4\x2d975c02be19fd.mount: Deactivated successfully.
Dec 05 22:40:46 np0005548602.novalocal container-server[95917]: ::1 - - [06/Dec/2025:03:40:46 +0000] "HEAD /1/116615/AUTH_d8741d1891ef40e5a7a8c7bee0ab6eed/gnocchi.348b27bb-2c83-4735-9929-37b6bf6a00e8" 404 - "HEAD http://[::1]:8080/v1/AUTH_d8741d1891ef40e5a7a8c7bee0ab6eed/gnocchi.348b27bb-2c83-4735-9929-37b6bf6a00e8" "tx51a1212a9edd47d3bb9ef-006933a5be" "proxy-server 97198" 0.0005 "-" 95917 0
Dec 05 22:40:46 np0005548602.novalocal container-server[95916]: ::1 - - [06/Dec/2025:03:40:46 +0000] "HEAD /3/116615/AUTH_d8741d1891ef40e5a7a8c7bee0ab6eed/gnocchi.348b27bb-2c83-4735-9929-37b6bf6a00e8" 404 - "HEAD http://[::1]:8080/v1/AUTH_d8741d1891ef40e5a7a8c7bee0ab6eed/gnocchi.348b27bb-2c83-4735-9929-37b6bf6a00e8" "tx51a1212a9edd47d3bb9ef-006933a5be" "proxy-server 97198" 0.0002 "-" 95916 0
Dec 05 22:40:46 np0005548602.novalocal container-server[95917]: ::1 - - [06/Dec/2025:03:40:46 +0000] "HEAD /2/116615/AUTH_d8741d1891ef40e5a7a8c7bee0ab6eed/gnocchi.348b27bb-2c83-4735-9929-37b6bf6a00e8" 404 - "HEAD http://[::1]:8080/v1/AUTH_d8741d1891ef40e5a7a8c7bee0ab6eed/gnocchi.348b27bb-2c83-4735-9929-37b6bf6a00e8" "tx51a1212a9edd47d3bb9ef-006933a5be" "proxy-server 97198" 0.0002 "-" 95917 0
Dec 05 22:40:46 np0005548602.novalocal proxy-server[97198]: - - 06/Dec/2025/03/40/46 HEAD /v1/AUTH_d8741d1891ef40e5a7a8c7bee0ab6eed/gnocchi.348b27bb-2c83-4735-9929-37b6bf6a00e8 HTTP/1.0 404 - Swift - - - - tx51a1212a9edd47d3bb9ef-006933a5be - 0.0079 CS - 1764992446.622912169 1764992446.630770683 0 -
Dec 05 22:40:46 np0005548602.novalocal object-server[96250]: ::1 - - [06/Dec/2025:03:40:46 +0000] "GET /3/42905/AUTH_d8741d1891ef40e5a7a8c7bee0ab6eed/gnocchi.348b27bb-2c83-4735-9929-37b6bf6a00e8/none_v3" 404 70 "GET https://[::1]:8080/v1/AUTH_d8741d1891ef40e5a7a8c7bee0ab6eed/gnocchi.348b27bb-2c83-4735-9929-37b6bf6a00e8/none_v3" "tx51a1212a9edd47d3bb9ef-006933a5be" "proxy-server 97198" 0.0010 "-" 96250 0
Dec 05 22:40:46 np0005548602.novalocal object-server[96249]: ::1 - - [06/Dec/2025:03:40:46 +0000] "GET /2/42905/AUTH_d8741d1891ef40e5a7a8c7bee0ab6eed/gnocchi.348b27bb-2c83-4735-9929-37b6bf6a00e8/none_v3" 404 70 "GET https://[::1]:8080/v1/AUTH_d8741d1891ef40e5a7a8c7bee0ab6eed/gnocchi.348b27bb-2c83-4735-9929-37b6bf6a00e8/none_v3" "tx51a1212a9edd47d3bb9ef-006933a5be" "proxy-server 97198" 0.0005 "-" 96249 0
Dec 05 22:40:46 np0005548602.novalocal object-server[96250]: ::1 - - [06/Dec/2025:03:40:46 +0000] "GET /1/42905/AUTH_d8741d1891ef40e5a7a8c7bee0ab6eed/gnocchi.348b27bb-2c83-4735-9929-37b6bf6a00e8/none_v3" 404 70 "GET https://[::1]:8080/v1/AUTH_d8741d1891ef40e5a7a8c7bee0ab6eed/gnocchi.348b27bb-2c83-4735-9929-37b6bf6a00e8/none_v3" "tx51a1212a9edd47d3bb9ef-006933a5be" "proxy-server 97198" 0.0003 "-" 96250 0
Dec 05 22:40:46 np0005548602.novalocal proxy-server[97198]: ::1 ::1 06/Dec/2025/03/40/46 GET /v1/AUTH_d8741d1891ef40e5a7a8c7bee0ab6eed/gnocchi.348b27bb-2c83-4735-9929-37b6bf6a00e8/none_v3 HTTP/1.0 404 - python-swiftclient-4.8.0 gAAAAABpM6W9MtUs... - 70 - tx51a1212a9edd47d3bb9ef-006933a5be - 0.0280 - - 1764992446.622168303 1764992446.650183439 0 1229ee3e1d964977b2a5589f27ad366e
Dec 05 22:40:46 np0005548602.novalocal account-server[95624]: ::1 - - [06/Dec/2025:03:40:46 +0000] "PUT /1/76100/AUTH_d8741d1891ef40e5a7a8c7bee0ab6eed/gnocchi.348b27bb-2c83-4735-9929-37b6bf6a00e8" 201 - "PUT http://[::1]:6001/1/116615/AUTH_d8741d1891ef40e5a7a8c7bee0ab6eed/gnocchi.348b27bb-2c83-4735-9929-37b6bf6a00e8" "txc79b7b4802754b6d874de-006933a5be" "container-server 95916" 0.0054 "-" 95624 0
Dec 05 22:40:46 np0005548602.novalocal container-server[95916]: ::1 - - [06/Dec/2025:03:40:46 +0000] "PUT /1/116615/AUTH_d8741d1891ef40e5a7a8c7bee0ab6eed/gnocchi.348b27bb-2c83-4735-9929-37b6bf6a00e8" 201 - "PUT https://[::1]:8080/v1/AUTH_d8741d1891ef40e5a7a8c7bee0ab6eed/gnocchi.348b27bb-2c83-4735-9929-37b6bf6a00e8" "txc79b7b4802754b6d874de-006933a5be" "proxy-server 97198" 0.0190 "-" 95916 0
Dec 05 22:40:46 np0005548602.novalocal account-server[95623]: ::1 - - [06/Dec/2025:03:40:46 +0000] "PUT /3/76100/AUTH_d8741d1891ef40e5a7a8c7bee0ab6eed/gnocchi.348b27bb-2c83-4735-9929-37b6bf6a00e8" 201 - "PUT http://[::1]:6001/2/116615/AUTH_d8741d1891ef40e5a7a8c7bee0ab6eed/gnocchi.348b27bb-2c83-4735-9929-37b6bf6a00e8" "txc79b7b4802754b6d874de-006933a5be" "container-server 95917" 0.0081 "-" 95623 0
Dec 05 22:40:46 np0005548602.novalocal container-server[95917]: ::1 - - [06/Dec/2025:03:40:46 +0000] "PUT /2/116615/AUTH_d8741d1891ef40e5a7a8c7bee0ab6eed/gnocchi.348b27bb-2c83-4735-9929-37b6bf6a00e8" 201 - "PUT https://[::1]:8080/v1/AUTH_d8741d1891ef40e5a7a8c7bee0ab6eed/gnocchi.348b27bb-2c83-4735-9929-37b6bf6a00e8" "txc79b7b4802754b6d874de-006933a5be" "proxy-server 97198" 0.0264 "-" 95917 0
Dec 05 22:40:46 np0005548602.novalocal account-server[95624]: ::1 - - [06/Dec/2025:03:40:46 +0000] "PUT /2/76100/AUTH_d8741d1891ef40e5a7a8c7bee0ab6eed/gnocchi.348b27bb-2c83-4735-9929-37b6bf6a00e8" 201 - "PUT http://[::1]:6001/3/116615/AUTH_d8741d1891ef40e5a7a8c7bee0ab6eed/gnocchi.348b27bb-2c83-4735-9929-37b6bf6a00e8" "txc79b7b4802754b6d874de-006933a5be" "container-server 95917" 0.0043 "-" 95624 0
Dec 05 22:40:46 np0005548602.novalocal container-server[95917]: ::1 - - [06/Dec/2025:03:40:46 +0000] "PUT /3/116615/AUTH_d8741d1891ef40e5a7a8c7bee0ab6eed/gnocchi.348b27bb-2c83-4735-9929-37b6bf6a00e8" 201 - "PUT https://[::1]:8080/v1/AUTH_d8741d1891ef40e5a7a8c7bee0ab6eed/gnocchi.348b27bb-2c83-4735-9929-37b6bf6a00e8" "txc79b7b4802754b6d874de-006933a5be" "proxy-server 97198" 0.0173 "-" 95917 0
Dec 05 22:40:46 np0005548602.novalocal proxy-server[97198]: ::1 ::1 06/Dec/2025/03/40/46 PUT /v1/AUTH_d8741d1891ef40e5a7a8c7bee0ab6eed/gnocchi.348b27bb-2c83-4735-9929-37b6bf6a00e8 HTTP/1.0 201 - python-swiftclient-4.8.0 gAAAAABpM6W9MtUs... - - - txc79b7b4802754b6d874de-006933a5be - 0.0345 - - 1764992446.652092457 1764992446.686602831 0 1229ee3e1d964977b2a5589f27ad366e
Dec 05 22:40:46 np0005548602.novalocal container-server[95916]: ::1 - - [06/Dec/2025:03:40:46 +0000] "HEAD /2/116615/AUTH_d8741d1891ef40e5a7a8c7bee0ab6eed/gnocchi.348b27bb-2c83-4735-9929-37b6bf6a00e8" 204 - "HEAD http://[::1]:8080/v1/AUTH_d8741d1891ef40e5a7a8c7bee0ab6eed/gnocchi.348b27bb-2c83-4735-9929-37b6bf6a00e8" "txf63947fc3f9c4b4fa9c71-006933a5be" "proxy-server 97198" 0.0009 "-" 95916 0
Dec 05 22:40:46 np0005548602.novalocal proxy-server[97198]: - - 06/Dec/2025/03/40/46 HEAD /v1/AUTH_d8741d1891ef40e5a7a8c7bee0ab6eed/gnocchi.348b27bb-2c83-4735-9929-37b6bf6a00e8 HTTP/1.0 204 - Swift - - - - txf63947fc3f9c4b4fa9c71-006933a5be - 0.0055 CS - 1764992446.691166639 1764992446.696689844 0 -
Dec 05 22:40:46 np0005548602.novalocal container-server[95916]: ::1 - - [06/Dec/2025:03:40:46 +0000] "GET /1/116615/AUTH_d8741d1891ef40e5a7a8c7bee0ab6eed/gnocchi.348b27bb-2c83-4735-9929-37b6bf6a00e8" 200 2 "GET https://[::1]:8080/v1/AUTH_d8741d1891ef40e5a7a8c7bee0ab6eed/gnocchi.348b27bb-2c83-4735-9929-37b6bf6a00e8?format=json&states=listing" "txf63947fc3f9c4b4fa9c71-006933a5be" "proxy-server 97198" 0.0014 "-" 95916 0
Dec 05 22:40:46 np0005548602.novalocal proxy-server[97198]: ::1 ::1 06/Dec/2025/03/40/46 GET /v1/AUTH_d8741d1891ef40e5a7a8c7bee0ab6eed/gnocchi.348b27bb-2c83-4735-9929-37b6bf6a00e8%3Fformat%3Djson%26states%3Dlisting HTTP/1.0 200 - python-swiftclient-4.8.0 gAAAAABpM6W9MtUs... - 2 - txf63947fc3f9c4b4fa9c71-006933a5be - 0.0176 - - 1764992446.690158606 1764992446.707743406 0 1229ee3e1d964977b2a5589f27ad366e
Dec 05 22:40:46 np0005548602.novalocal object-server[96249]: ::1 - - [06/Dec/2025:03:40:46 +0000] "GET /3/220425/AUTH_d8741d1891ef40e5a7a8c7bee0ab6eed/gnocchi.348b27bb-2c83-4735-9929-37b6bf6a00e8/1764720000.0_mean_300.0_v3" 404 70 "GET https://[::1]:8080/v1/AUTH_d8741d1891ef40e5a7a8c7bee0ab6eed/gnocchi.348b27bb-2c83-4735-9929-37b6bf6a00e8/1764720000.0_mean_300.0_v3" "txd442434e8a444dc4995cf-006933a5be" "proxy-server 97198" 0.0006 "-" 96249 0
Dec 05 22:40:46 np0005548602.novalocal object-server[96249]: ::1 - - [06/Dec/2025:03:40:46 +0000] "GET /1/220425/AUTH_d8741d1891ef40e5a7a8c7bee0ab6eed/gnocchi.348b27bb-2c83-4735-9929-37b6bf6a00e8/1764720000.0_mean_300.0_v3" 404 70 "GET https://[::1]:8080/v1/AUTH_d8741d1891ef40e5a7a8c7bee0ab6eed/gnocchi.348b27bb-2c83-4735-9929-37b6bf6a00e8/1764720000.0_mean_300.0_v3" "txd442434e8a444dc4995cf-006933a5be" "proxy-server 97198" 0.0004 "-" 96249 0
Dec 05 22:40:46 np0005548602.novalocal object-server[96250]: ::1 - - [06/Dec/2025:03:40:46 +0000] "GET /2/220425/AUTH_d8741d1891ef40e5a7a8c7bee0ab6eed/gnocchi.348b27bb-2c83-4735-9929-37b6bf6a00e8/1764720000.0_mean_300.0_v3" 404 70 "GET https://[::1]:8080/v1/AUTH_d8741d1891ef40e5a7a8c7bee0ab6eed/gnocchi.348b27bb-2c83-4735-9929-37b6bf6a00e8/1764720000.0_mean_300.0_v3" "txd442434e8a444dc4995cf-006933a5be" "proxy-server 97198" 0.0005 "-" 96250 0
Dec 05 22:40:46 np0005548602.novalocal proxy-server[97198]: ::1 ::1 06/Dec/2025/03/40/46 GET /v1/AUTH_d8741d1891ef40e5a7a8c7bee0ab6eed/gnocchi.348b27bb-2c83-4735-9929-37b6bf6a00e8/1764720000.0_mean_300.0_v3 HTTP/1.0 404 - python-swiftclient-4.8.0 gAAAAABpM6W9MtUs... - 70 - txd442434e8a444dc4995cf-006933a5be - 0.0180 - - 1764992446.710912943 1764992446.728891850 0 1229ee3e1d964977b2a5589f27ad366e
Dec 05 22:40:46 np0005548602.novalocal container-server[95917]: ::1 - - [06/Dec/2025:03:40:46 +0000] "PUT /1/116615/AUTH_d8741d1891ef40e5a7a8c7bee0ab6eed/gnocchi.348b27bb-2c83-4735-9929-37b6bf6a00e8/1764720000.0_mean_300.0_v3" 201 - "PUT http://[::1]:8080/1/220425/AUTH_d8741d1891ef40e5a7a8c7bee0ab6eed/gnocchi.348b27bb-2c83-4735-9929-37b6bf6a00e8/1764720000.0_mean_300.0_v3" "tx252e6f609fca4201adab8-006933a5be" "object-server 96249" 0.0007 "-" 95917 0
Dec 05 22:40:46 np0005548602.novalocal container-server[95916]: ::1 - - [06/Dec/2025:03:40:46 +0000] "PUT /3/116615/AUTH_d8741d1891ef40e5a7a8c7bee0ab6eed/gnocchi.348b27bb-2c83-4735-9929-37b6bf6a00e8/1764720000.0_mean_300.0_v3" 201 - "PUT http://[::1]:8080/3/220425/AUTH_d8741d1891ef40e5a7a8c7bee0ab6eed/gnocchi.348b27bb-2c83-4735-9929-37b6bf6a00e8/1764720000.0_mean_300.0_v3" "tx252e6f609fca4201adab8-006933a5be" "object-server 96249" 0.0004 "-" 95916 0
Dec 05 22:40:46 np0005548602.novalocal object-server[96249]: ::1 - - [06/Dec/2025:03:40:46 +0000] "PUT /1/220425/AUTH_d8741d1891ef40e5a7a8c7bee0ab6eed/gnocchi.348b27bb-2c83-4735-9929-37b6bf6a00e8/1764720000.0_mean_300.0_v3" 201 - "PUT https://[::1]:8080/v1/AUTH_d8741d1891ef40e5a7a8c7bee0ab6eed/gnocchi.348b27bb-2c83-4735-9929-37b6bf6a00e8/1764720000.0_mean_300.0_v3" "tx252e6f609fca4201adab8-006933a5be" "proxy-server 97198" 0.0147 "-" 96249 0
Dec 05 22:40:46 np0005548602.novalocal container-server[95916]: ::1 - - [06/Dec/2025:03:40:46 +0000] "PUT /2/116615/AUTH_d8741d1891ef40e5a7a8c7bee0ab6eed/gnocchi.348b27bb-2c83-4735-9929-37b6bf6a00e8/1764720000.0_mean_300.0_v3" 201 - "PUT http://[::1]:8080/2/220425/AUTH_d8741d1891ef40e5a7a8c7bee0ab6eed/gnocchi.348b27bb-2c83-4735-9929-37b6bf6a00e8/1764720000.0_mean_300.0_v3" "tx252e6f609fca4201adab8-006933a5be" "object-server 96250" 0.0003 "-" 95916 0
Dec 05 22:40:46 np0005548602.novalocal object-server[96249]: ::1 - - [06/Dec/2025:03:40:46 +0000] "PUT /3/220425/AUTH_d8741d1891ef40e5a7a8c7bee0ab6eed/gnocchi.348b27bb-2c83-4735-9929-37b6bf6a00e8/1764720000.0_mean_300.0_v3" 201 - "PUT https://[::1]:8080/v1/AUTH_d8741d1891ef40e5a7a8c7bee0ab6eed/gnocchi.348b27bb-2c83-4735-9929-37b6bf6a00e8/1764720000.0_mean_300.0_v3" "tx252e6f609fca4201adab8-006933a5be" "proxy-server 97198" 0.0135 "-" 96249 0
Dec 05 22:40:46 np0005548602.novalocal object-server[96250]: ::1 - - [06/Dec/2025:03:40:46 +0000] "PUT /2/220425/AUTH_d8741d1891ef40e5a7a8c7bee0ab6eed/gnocchi.348b27bb-2c83-4735-9929-37b6bf6a00e8/1764720000.0_mean_300.0_v3" 201 - "PUT https://[::1]:8080/v1/AUTH_d8741d1891ef40e5a7a8c7bee0ab6eed/gnocchi.348b27bb-2c83-4735-9929-37b6bf6a00e8/1764720000.0_mean_300.0_v3" "tx252e6f609fca4201adab8-006933a5be" "proxy-server 97198" 0.0174 "-" 96250 0
Dec 05 22:40:46 np0005548602.novalocal proxy-server[97198]: ::1 ::1 06/Dec/2025/03/40/46 PUT /v1/AUTH_d8741d1891ef40e5a7a8c7bee0ab6eed/gnocchi.348b27bb-2c83-4735-9929-37b6bf6a00e8/1764720000.0_mean_300.0_v3 HTTP/1.0 201 - python-swiftclient-4.8.0 gAAAAABpM6W9MtUs... 16 - - tx252e6f609fca4201adab8-006933a5be - 0.0233 - - 1764992446.731248856 1764992446.754586697 0 1229ee3e1d964977b2a5589f27ad366e
Dec 05 22:40:46 np0005548602.novalocal container-server[95917]: ::1 - - [06/Dec/2025:03:40:46 +0000] "PUT /3/116615/AUTH_d8741d1891ef40e5a7a8c7bee0ab6eed/gnocchi.348b27bb-2c83-4735-9929-37b6bf6a00e8/none_v3" 201 - "PUT http://[::1]:8080/1/42905/AUTH_d8741d1891ef40e5a7a8c7bee0ab6eed/gnocchi.348b27bb-2c83-4735-9929-37b6bf6a00e8/none_v3" "txc5291df897b640f5aa902-006933a5be" "object-server 96249" 0.0003 "-" 95917 0
Dec 05 22:40:46 np0005548602.novalocal object-server[96249]: ::1 - - [06/Dec/2025:03:40:46 +0000] "PUT /1/42905/AUTH_d8741d1891ef40e5a7a8c7bee0ab6eed/gnocchi.348b27bb-2c83-4735-9929-37b6bf6a00e8/none_v3" 201 - "PUT https://[::1]:8080/v1/AUTH_d8741d1891ef40e5a7a8c7bee0ab6eed/gnocchi.348b27bb-2c83-4735-9929-37b6bf6a00e8/none_v3" "txc5291df897b640f5aa902-006933a5be" "proxy-server 97198" 0.0175 "-" 96249 0
Dec 05 22:40:46 np0005548602.novalocal container-server[95917]: ::1 - - [06/Dec/2025:03:40:46 +0000] "PUT /1/116615/AUTH_d8741d1891ef40e5a7a8c7bee0ab6eed/gnocchi.348b27bb-2c83-4735-9929-37b6bf6a00e8/none_v3" 201 - "PUT http://[::1]:8080/2/42905/AUTH_d8741d1891ef40e5a7a8c7bee0ab6eed/gnocchi.348b27bb-2c83-4735-9929-37b6bf6a00e8/none_v3" "txc5291df897b640f5aa902-006933a5be" "object-server 96249" 0.0003 "-" 95917 0
Dec 05 22:40:46 np0005548602.novalocal object-server[96249]: ::1 - - [06/Dec/2025:03:40:46 +0000] "PUT /2/42905/AUTH_d8741d1891ef40e5a7a8c7bee0ab6eed/gnocchi.348b27bb-2c83-4735-9929-37b6bf6a00e8/none_v3" 201 - "PUT https://[::1]:8080/v1/AUTH_d8741d1891ef40e5a7a8c7bee0ab6eed/gnocchi.348b27bb-2c83-4735-9929-37b6bf6a00e8/none_v3" "txc5291df897b640f5aa902-006933a5be" "proxy-server 97198" 0.0194 "-" 96249 0
Dec 05 22:40:46 np0005548602.novalocal container-server[95916]: ::1 - - [06/Dec/2025:03:40:46 +0000] "PUT /2/116615/AUTH_d8741d1891ef40e5a7a8c7bee0ab6eed/gnocchi.348b27bb-2c83-4735-9929-37b6bf6a00e8/none_v3" 201 - "PUT http://[::1]:8080/3/42905/AUTH_d8741d1891ef40e5a7a8c7bee0ab6eed/gnocchi.348b27bb-2c83-4735-9929-37b6bf6a00e8/none_v3" "txc5291df897b640f5aa902-006933a5be" "object-server 96250" 0.0003 "-" 95916 0
Dec 05 22:40:46 np0005548602.novalocal object-server[96250]: ::1 - - [06/Dec/2025:03:40:46 +0000] "PUT /3/42905/AUTH_d8741d1891ef40e5a7a8c7bee0ab6eed/gnocchi.348b27bb-2c83-4735-9929-37b6bf6a00e8/none_v3" 201 - "PUT https://[::1]:8080/v1/AUTH_d8741d1891ef40e5a7a8c7bee0ab6eed/gnocchi.348b27bb-2c83-4735-9929-37b6bf6a00e8/none_v3" "txc5291df897b640f5aa902-006933a5be" "proxy-server 97198" 0.0169 "-" 96250 0
Dec 05 22:40:46 np0005548602.novalocal proxy-server[97198]: ::1 ::1 06/Dec/2025/03/40/46 PUT /v1/AUTH_d8741d1891ef40e5a7a8c7bee0ab6eed/gnocchi.348b27bb-2c83-4735-9929-37b6bf6a00e8/none_v3 HTTP/1.0 201 - python-swiftclient-4.8.0 gAAAAABpM6W9MtUs... 22 - - txc5291df897b640f5aa902-006933a5be - 0.0309 - - 1764992446.756674290 1764992446.787570000 0 1229ee3e1d964977b2a5589f27ad366e
Dec 05 22:40:46 np0005548602.novalocal sudo[102894]: pam_unix(sudo:session): session closed for user root
Dec 05 22:40:46 np0005548602.novalocal systemd[1]: session-c97.scope: Deactivated successfully.
Dec 05 22:40:46 np0005548602.novalocal sudo[102921]: cinder : PWD=/ ; USER=root ; COMMAND=/usr/bin/cinder-rootwrap /etc/cinder/rootwrap.conf env LC_ALL=C qemu-img info -f qcow2 --output=json /var/lib/cinder/conversion/image_fetch_e1581eb1-a0a5-4170-987d-043e7dff6ddb_w5q2a20anp0005548602.novalocal@BACKEND_1
Dec 05 22:40:46 np0005548602.novalocal systemd[1]: Started Session c98 of User root.
Dec 05 22:40:46 np0005548602.novalocal sudo[102921]: pam_unix(sudo:session): session opened for user root(uid=0) by (uid=165)
Dec 05 22:40:47 np0005548602.novalocal sudo[102921]: pam_unix(sudo:session): session closed for user root
Dec 05 22:40:47 np0005548602.novalocal systemd[1]: session-c98.scope: Deactivated successfully.
Dec 05 22:40:47 np0005548602.novalocal dnsmasq[102937]: started, version 2.85 cachesize 150
Dec 05 22:40:47 np0005548602.novalocal dnsmasq[102937]: DNS service limited to local subnets
Dec 05 22:40:47 np0005548602.novalocal dnsmasq[102937]: compile time options: IPv6 GNU-getopt DBus no-UBus no-i18n IDN2 DHCP DHCPv6 no-Lua TFTP no-conntrack ipset auth cryptohash DNSSEC loop-detect inotify dumpfile
Dec 05 22:40:47 np0005548602.novalocal dnsmasq[102937]: warning: no upstream servers configured
Dec 05 22:40:47 np0005548602.novalocal dnsmasq-dhcp[102937]: DHCP, static leases only on 10.100.0.0, lease time 1d
Dec 05 22:40:47 np0005548602.novalocal dnsmasq[102937]: read /var/lib/neutron/dhcp/4ee7aaa8-8837-4538-a0c2-53037e1a3780/addn_hosts - 1 addresses
Dec 05 22:40:47 np0005548602.novalocal dnsmasq-dhcp[102937]: read /var/lib/neutron/dhcp/4ee7aaa8-8837-4538-a0c2-53037e1a3780/host
Dec 05 22:40:47 np0005548602.novalocal dnsmasq-dhcp[102937]: read /var/lib/neutron/dhcp/4ee7aaa8-8837-4538-a0c2-53037e1a3780/opts
Dec 05 22:40:47 np0005548602.novalocal sudo[102935]: cinder : PWD=/ ; USER=root ; COMMAND=/usr/bin/cinder-rootwrap /etc/cinder/rootwrap.conf dd count=0 if=/var/lib/cinder/conversion/image_fetch_e1581eb1-a0a5-4170-987d-043e7dff6ddb_w5q2a20anp0005548602.novalocal@BACKEND_1 of=/dev/mapper/cinder--volumes-volume--eeb77485--ee97--4ef6--8b73--5081399c2064 oflag=direct
Dec 05 22:40:47 np0005548602.novalocal dnsmasq[102422]: exiting on receipt of SIGTERM
Dec 05 22:40:47 np0005548602.novalocal systemd[1]: Started Session c99 of User root.
Dec 05 22:40:47 np0005548602.novalocal sudo[102935]: pam_unix(sudo:session): session opened for user root(uid=0) by (uid=165)
Dec 05 22:40:47 np0005548602.novalocal kernel: tap0d9a5b9f-e5: left promiscuous mode
Dec 05 22:40:47 np0005548602.novalocal sudo[102935]: pam_unix(sudo:session): session closed for user root
Dec 05 22:40:47 np0005548602.novalocal systemd[1]: session-c99.scope: Deactivated successfully.
Dec 05 22:40:47 np0005548602.novalocal sudo[102948]: cinder : PWD=/ ; USER=root ; COMMAND=/usr/bin/cinder-rootwrap /etc/cinder/rootwrap.conf qemu-img convert -O raw -t none -f qcow2 /var/lib/cinder/conversion/image_fetch_e1581eb1-a0a5-4170-987d-043e7dff6ddb_w5q2a20anp0005548602.novalocal@BACKEND_1 /dev/mapper/cinder--volumes-volume--eeb77485--ee97--4ef6--8b73--5081399c2064
Dec 05 22:40:47 np0005548602.novalocal systemd[1]: Started Session c100 of User root.
Dec 05 22:40:47 np0005548602.novalocal sudo[102948]: pam_unix(sudo:session): session opened for user root(uid=0) by (uid=165)
Dec 05 22:40:47 np0005548602.novalocal systemd[1]: run-netns-qdhcp\x2d0d4e49bf\x2d5042\x2d4595\x2dad12\x2d7b52317026c9.mount: Deactivated successfully.
Dec 05 22:40:48 np0005548602.novalocal sudo[102948]: pam_unix(sudo:session): session closed for user root
Dec 05 22:40:48 np0005548602.novalocal systemd[1]: session-c100.scope: Deactivated successfully.
Dec 05 22:40:49 np0005548602.novalocal dnsmasq[102734]: read /var/lib/neutron/dhcp/c41b9dc3-3fc2-42b7-9ded-11b245b345d8/addn_hosts - 1 addresses
Dec 05 22:40:49 np0005548602.novalocal dnsmasq-dhcp[102734]: read /var/lib/neutron/dhcp/c41b9dc3-3fc2-42b7-9ded-11b245b345d8/host
Dec 05 22:40:49 np0005548602.novalocal dnsmasq-dhcp[102734]: read /var/lib/neutron/dhcp/c41b9dc3-3fc2-42b7-9ded-11b245b345d8/opts
Dec 05 22:40:49 np0005548602.novalocal dnsmasq[102937]: exiting on receipt of SIGTERM
Dec 05 22:40:49 np0005548602.novalocal kernel: tap50a565fa-97: left promiscuous mode
Dec 05 22:40:49 np0005548602.novalocal systemd[1]: dbus-:1.1-org.fedoraproject.SetroubleshootPrivileged@8.service: Deactivated successfully.
Dec 05 22:40:49 np0005548602.novalocal systemd[1]: dbus-:1.1-org.fedoraproject.SetroubleshootPrivileged@8.service: Consumed 1.214s CPU time.
Dec 05 22:40:49 np0005548602.novalocal object-server[96250]: ::1 - - [06/Dec/2025:03:40:49 +0000] "GET /2/42905/AUTH_d8741d1891ef40e5a7a8c7bee0ab6eed/gnocchi.348b27bb-2c83-4735-9929-37b6bf6a00e8/none_v3" 200 22 "GET https://[::1]:8080/v1/AUTH_d8741d1891ef40e5a7a8c7bee0ab6eed/gnocchi.348b27bb-2c83-4735-9929-37b6bf6a00e8/none_v3" "tx599537e5dc9142f58f251-006933a5c1" "proxy-server 97198" 0.0036 "-" 96250 0
Dec 05 22:40:49 np0005548602.novalocal proxy-server[97198]: ::1 ::1 06/Dec/2025/03/40/49 GET /v1/AUTH_d8741d1891ef40e5a7a8c7bee0ab6eed/gnocchi.348b27bb-2c83-4735-9929-37b6bf6a00e8/none_v3 HTTP/1.0 200 - python-swiftclient-4.8.0 gAAAAABpM6W9MtUs... - 22 - tx599537e5dc9142f58f251-006933a5c1 - 0.0104 - - 1764992449.722404003 1764992449.732823849 0 1229ee3e1d964977b2a5589f27ad366e
Dec 05 22:40:49 np0005548602.novalocal systemd[1]: setroubleshootd.service: Deactivated successfully.
Dec 05 22:40:49 np0005548602.novalocal systemd[1]: setroubleshootd.service: Consumed 1.465s CPU time.
Dec 05 22:40:49 np0005548602.novalocal container-server[95917]: ::1 - - [06/Dec/2025:03:40:49 +0000] "GET /2/116615/AUTH_d8741d1891ef40e5a7a8c7bee0ab6eed/gnocchi.348b27bb-2c83-4735-9929-37b6bf6a00e8" 200 357 "GET https://[::1]:8080/v1/AUTH_d8741d1891ef40e5a7a8c7bee0ab6eed/gnocchi.348b27bb-2c83-4735-9929-37b6bf6a00e8?format=json&states=listing" "txa929ba72938040e2b73a0-006933a5c1" "proxy-server 97198" 0.0170 "-" 95917 0
Dec 05 22:40:49 np0005548602.novalocal proxy-server[97198]: ::1 ::1 06/Dec/2025/03/40/49 GET /v1/AUTH_d8741d1891ef40e5a7a8c7bee0ab6eed/gnocchi.348b27bb-2c83-4735-9929-37b6bf6a00e8%3Fformat%3Djson%26states%3Dlisting HTTP/1.0 200 - python-swiftclient-4.8.0 gAAAAABpM6W9MtUs... - 357 - txa929ba72938040e2b73a0-006933a5c1 - 0.0228 - - 1764992449.739078283 1764992449.761872530 0 1229ee3e1d964977b2a5589f27ad366e
Dec 05 22:40:49 np0005548602.novalocal container-server[95916]: ::1 - - [06/Dec/2025:03:40:49 +0000] "GET /3/116615/AUTH_d8741d1891ef40e5a7a8c7bee0ab6eed/gnocchi.348b27bb-2c83-4735-9929-37b6bf6a00e8" 200 2 "GET https://[::1]:8080/v1/AUTH_d8741d1891ef40e5a7a8c7bee0ab6eed/gnocchi.348b27bb-2c83-4735-9929-37b6bf6a00e8?format=json&marker=none_v3&states=listing" "tx7928a9a490364373aba9a-006933a5c1" "proxy-server 97198" 0.0111 "-" 95916 0
Dec 05 22:40:49 np0005548602.novalocal proxy-server[97198]: ::1 ::1 06/Dec/2025/03/40/49 GET /v1/AUTH_d8741d1891ef40e5a7a8c7bee0ab6eed/gnocchi.348b27bb-2c83-4735-9929-37b6bf6a00e8%3Fformat%3Djson%26marker%3Dnone_v3%26states%3Dlisting HTTP/1.0 200 - python-swiftclient-4.8.0 gAAAAABpM6W9MtUs... - 2 - tx7928a9a490364373aba9a-006933a5c1 - 0.0182 - - 1764992449.765491724 1764992449.783668995 0 1229ee3e1d964977b2a5589f27ad366e
Dec 05 22:40:49 np0005548602.novalocal object-server[96249]: ::1 - - [06/Dec/2025:03:40:49 +0000] "GET /3/220425/AUTH_d8741d1891ef40e5a7a8c7bee0ab6eed/gnocchi.348b27bb-2c83-4735-9929-37b6bf6a00e8/1764720000.0_mean_300.0_v3" 200 16 "GET https://[::1]:8080/v1/AUTH_d8741d1891ef40e5a7a8c7bee0ab6eed/gnocchi.348b27bb-2c83-4735-9929-37b6bf6a00e8/1764720000.0_mean_300.0_v3" "tx08c07c360c9a4c7a84db4-006933a5c1" "proxy-server 97198" 0.0012 "-" 96249 0
Dec 05 22:40:49 np0005548602.novalocal proxy-server[97198]: ::1 ::1 06/Dec/2025/03/40/49 GET /v1/AUTH_d8741d1891ef40e5a7a8c7bee0ab6eed/gnocchi.348b27bb-2c83-4735-9929-37b6bf6a00e8/1764720000.0_mean_300.0_v3 HTTP/1.0 200 - python-swiftclient-4.8.0 gAAAAABpM6W9MtUs... - 16 - tx08c07c360c9a4c7a84db4-006933a5c1 - 0.0069 - - 1764992449.790598869 1764992449.797533274 0 1229ee3e1d964977b2a5589f27ad366e
Dec 05 22:40:49 np0005548602.novalocal container-server[95917]: ::1 - - [06/Dec/2025:03:40:49 +0000] "PUT /2/116615/AUTH_d8741d1891ef40e5a7a8c7bee0ab6eed/gnocchi.348b27bb-2c83-4735-9929-37b6bf6a00e8/1764720000.0_mean_300.0_v3" 201 - "PUT http://[::1]:8080/2/220425/AUTH_d8741d1891ef40e5a7a8c7bee0ab6eed/gnocchi.348b27bb-2c83-4735-9929-37b6bf6a00e8/1764720000.0_mean_300.0_v3" "txbc84fd03442d470abe79a-006933a5c1" "object-server 96250" 0.0009 "-" 95917 0
Dec 05 22:40:49 np0005548602.novalocal object-server[96250]: ::1 - - [06/Dec/2025:03:40:49 +0000] "PUT /2/220425/AUTH_d8741d1891ef40e5a7a8c7bee0ab6eed/gnocchi.348b27bb-2c83-4735-9929-37b6bf6a00e8/1764720000.0_mean_300.0_v3" 201 - "PUT https://[::1]:8080/v1/AUTH_d8741d1891ef40e5a7a8c7bee0ab6eed/gnocchi.348b27bb-2c83-4735-9929-37b6bf6a00e8/1764720000.0_mean_300.0_v3" "txbc84fd03442d470abe79a-006933a5c1" "proxy-server 97198" 0.0146 "-" 96250 0
Dec 05 22:40:49 np0005548602.novalocal container-server[95916]: ::1 - - [06/Dec/2025:03:40:49 +0000] "PUT /1/116615/AUTH_d8741d1891ef40e5a7a8c7bee0ab6eed/gnocchi.348b27bb-2c83-4735-9929-37b6bf6a00e8/1764720000.0_mean_300.0_v3" 201 - "PUT http://[::1]:8080/3/220425/AUTH_d8741d1891ef40e5a7a8c7bee0ab6eed/gnocchi.348b27bb-2c83-4735-9929-37b6bf6a00e8/1764720000.0_mean_300.0_v3" "txbc84fd03442d470abe79a-006933a5c1" "object-server 96249" 0.0009 "-" 95916 0
Dec 05 22:40:49 np0005548602.novalocal object-server[96249]: ::1 - - [06/Dec/2025:03:40:49 +0000] "PUT /3/220425/AUTH_d8741d1891ef40e5a7a8c7bee0ab6eed/gnocchi.348b27bb-2c83-4735-9929-37b6bf6a00e8/1764720000.0_mean_300.0_v3" 201 - "PUT https://[::1]:8080/v1/AUTH_d8741d1891ef40e5a7a8c7bee0ab6eed/gnocchi.348b27bb-2c83-4735-9929-37b6bf6a00e8/1764720000.0_mean_300.0_v3" "txbc84fd03442d470abe79a-006933a5c1" "proxy-server 97198" 0.0164 "-" 96249 0
Dec 05 22:40:49 np0005548602.novalocal container-server[95916]: ::1 - - [06/Dec/2025:03:40:49 +0000] "PUT /3/116615/AUTH_d8741d1891ef40e5a7a8c7bee0ab6eed/gnocchi.348b27bb-2c83-4735-9929-37b6bf6a00e8/1764720000.0_mean_300.0_v3" 201 - "PUT http://[::1]:8080/1/220425/AUTH_d8741d1891ef40e5a7a8c7bee0ab6eed/gnocchi.348b27bb-2c83-4735-9929-37b6bf6a00e8/1764720000.0_mean_300.0_v3" "txbc84fd03442d470abe79a-006933a5c1" "object-server 96249" 0.0006 "-" 95916 0
Dec 05 22:40:49 np0005548602.novalocal object-server[96249]: ::1 - - [06/Dec/2025:03:40:49 +0000] "PUT /1/220425/AUTH_d8741d1891ef40e5a7a8c7bee0ab6eed/gnocchi.348b27bb-2c83-4735-9929-37b6bf6a00e8/1764720000.0_mean_300.0_v3" 201 - "PUT https://[::1]:8080/v1/AUTH_d8741d1891ef40e5a7a8c7bee0ab6eed/gnocchi.348b27bb-2c83-4735-9929-37b6bf6a00e8/1764720000.0_mean_300.0_v3" "txbc84fd03442d470abe79a-006933a5c1" "proxy-server 97198" 0.0159 "-" 96249 0
Dec 05 22:40:49 np0005548602.novalocal proxy-server[97198]: ::1 ::1 06/Dec/2025/03/40/49 PUT /v1/AUTH_d8741d1891ef40e5a7a8c7bee0ab6eed/gnocchi.348b27bb-2c83-4735-9929-37b6bf6a00e8/1764720000.0_mean_300.0_v3 HTTP/1.0 201 - python-swiftclient-4.8.0 gAAAAABpM6W9MtUs... 16 - - txbc84fd03442d470abe79a-006933a5c1 - 0.0253 - - 1764992449.801348925 1764992449.826601267 0 1229ee3e1d964977b2a5589f27ad366e
Dec 05 22:40:49 np0005548602.novalocal container-server[95917]: ::1 - - [06/Dec/2025:03:40:49 +0000] "PUT /1/116615/AUTH_d8741d1891ef40e5a7a8c7bee0ab6eed/gnocchi.348b27bb-2c83-4735-9929-37b6bf6a00e8/none_v3" 201 - "PUT http://[::1]:8080/3/42905/AUTH_d8741d1891ef40e5a7a8c7bee0ab6eed/gnocchi.348b27bb-2c83-4735-9929-37b6bf6a00e8/none_v3" "tx177db225042f49398d93d-006933a5c1" "object-server 96250" 0.0009 "-" 95917 0
Dec 05 22:40:49 np0005548602.novalocal container-server[95916]: ::1 - - [06/Dec/2025:03:40:49 +0000] "PUT /2/116615/AUTH_d8741d1891ef40e5a7a8c7bee0ab6eed/gnocchi.348b27bb-2c83-4735-9929-37b6bf6a00e8/none_v3" 201 - "PUT http://[::1]:8080/2/42905/AUTH_d8741d1891ef40e5a7a8c7bee0ab6eed/gnocchi.348b27bb-2c83-4735-9929-37b6bf6a00e8/none_v3" "tx177db225042f49398d93d-006933a5c1" "object-server 96249" 0.0006 "-" 95916 0
Dec 05 22:40:49 np0005548602.novalocal object-server[96250]: ::1 - - [06/Dec/2025:03:40:49 +0000] "PUT /3/42905/AUTH_d8741d1891ef40e5a7a8c7bee0ab6eed/gnocchi.348b27bb-2c83-4735-9929-37b6bf6a00e8/none_v3" 201 - "PUT https://[::1]:8080/v1/AUTH_d8741d1891ef40e5a7a8c7bee0ab6eed/gnocchi.348b27bb-2c83-4735-9929-37b6bf6a00e8/none_v3" "tx177db225042f49398d93d-006933a5c1" "proxy-server 97198" 0.0145 "-" 96250 0
Dec 05 22:40:49 np0005548602.novalocal object-server[96249]: ::1 - - [06/Dec/2025:03:40:49 +0000] "PUT /2/42905/AUTH_d8741d1891ef40e5a7a8c7bee0ab6eed/gnocchi.348b27bb-2c83-4735-9929-37b6bf6a00e8/none_v3" 201 - "PUT https://[::1]:8080/v1/AUTH_d8741d1891ef40e5a7a8c7bee0ab6eed/gnocchi.348b27bb-2c83-4735-9929-37b6bf6a00e8/none_v3" "tx177db225042f49398d93d-006933a5c1" "proxy-server 97198" 0.0125 "-" 96249 0
Dec 05 22:40:49 np0005548602.novalocal container-server[95917]: ::1 - - [06/Dec/2025:03:40:49 +0000] "PUT /3/116615/AUTH_d8741d1891ef40e5a7a8c7bee0ab6eed/gnocchi.348b27bb-2c83-4735-9929-37b6bf6a00e8/none_v3" 201 - "PUT http://[::1]:8080/1/42905/AUTH_d8741d1891ef40e5a7a8c7bee0ab6eed/gnocchi.348b27bb-2c83-4735-9929-37b6bf6a00e8/none_v3" "tx177db225042f49398d93d-006933a5c1" "object-server 96249" 0.0006 "-" 95917 0
Dec 05 22:40:49 np0005548602.novalocal object-server[96249]: ::1 - - [06/Dec/2025:03:40:49 +0000] "PUT /1/42905/AUTH_d8741d1891ef40e5a7a8c7bee0ab6eed/gnocchi.348b27bb-2c83-4735-9929-37b6bf6a00e8/none_v3" 201 - "PUT https://[::1]:8080/v1/AUTH_d8741d1891ef40e5a7a8c7bee0ab6eed/gnocchi.348b27bb-2c83-4735-9929-37b6bf6a00e8/none_v3" "tx177db225042f49398d93d-006933a5c1" "proxy-server 97198" 0.0159 "-" 96249 0
Dec 05 22:40:49 np0005548602.novalocal proxy-server[97198]: ::1 ::1 06/Dec/2025/03/40/49 PUT /v1/AUTH_d8741d1891ef40e5a7a8c7bee0ab6eed/gnocchi.348b27bb-2c83-4735-9929-37b6bf6a00e8/none_v3 HTTP/1.0 201 - python-swiftclient-4.8.0 gAAAAABpM6W9MtUs... 32 - - tx177db225042f49398d93d-006933a5c1 - 0.0305 - - 1764992449.831057549 1764992449.861591101 0 1229ee3e1d964977b2a5589f27ad366e
Dec 05 22:40:50 np0005548602.novalocal systemd[1]: run-netns-qdhcp\x2d4ee7aaa8\x2d8837\x2d4538\x2da0c2\x2d53037e1a3780.mount: Deactivated successfully.
Dec 05 22:40:50 np0005548602.novalocal NetworkManager[858]: [1764992450.9326] manager: (qg-144fc314-36): 'openvswitch' plugin not available; creating generic device
Dec 05 22:40:50 np0005548602.novalocal kernel: qg-144fc314-36: entered promiscuous mode
Dec 05 22:40:50 np0005548602.novalocal NetworkManager[858]: [1764992450.9340] manager: (qg-144fc314-36): new Generic device (/org/freedesktop/NetworkManager/Devices/19)
Dec 05 22:40:50 np0005548602.novalocal systemd-udevd[102969]: Network interface NamePolicy= disabled on kernel command line.
Dec 05 22:40:51 np0005548602.novalocal object-replicator[96313]: Starting object replication pass.
Dec 05 22:40:52 np0005548602.novalocal object-replicator[96313]: 42/42 (100.00%) partitions replicated in 0.57s (73.70/sec, 0s remaining)
Dec 05 22:40:52 np0005548602.novalocal object-replicator[96313]: 84 successes, 0 failures
Dec 05 22:40:52 np0005548602.novalocal object-replicator[96313]: 42 suffixes checked - 28.57% hashed, 0.00% synced
Dec 05 22:40:52 np0005548602.novalocal object-replicator[96313]: Partition times: max 0.0455s, min 0.0040s, med 0.0078s
Dec 05 22:40:52 np0005548602.novalocal object-replicator[96313]: Object replication complete. (0.01 minutes)
Dec 05 22:40:52 np0005548602.novalocal kernel: tap7868ed97-17: entered promiscuous mode
Dec 05 22:40:52 np0005548602.novalocal NetworkManager[858]: [1764992452.4686] manager: (tap7868ed97-17): 'openvswitch' plugin not available; creating generic device
Dec 05 22:40:52 np0005548602.novalocal NetworkManager[858]: [1764992452.4699] manager: (tap7868ed97-17): new Generic device (/org/freedesktop/NetworkManager/Devices/20)
Dec 05 22:40:53 np0005548602.novalocal kernel: qr-f3dc0d63-7e: entered promiscuous mode
Dec 05 22:40:53 np0005548602.novalocal NetworkManager[858]: [1764992453.3398] manager: (qr-f3dc0d63-7e): 'openvswitch' plugin not available; creating generic device
Dec 05 22:40:53 np0005548602.novalocal NetworkManager[858]: [1764992453.3418] manager: (qr-f3dc0d63-7e): new Generic device (/org/freedesktop/NetworkManager/Devices/21)
Dec 05 22:40:53 np0005548602.novalocal systemd-udevd[103132]: Network interface NamePolicy= disabled on kernel command line.
Dec 05 22:40:53 np0005548602.novalocal virtnodedevd[99072]: ethtool ioctl error on qr-f3dc0d63-7e: No such device
Dec 05 22:40:53 np0005548602.novalocal virtnodedevd[99072]: ethtool ioctl error on qr-f3dc0d63-7e: No such device
Dec 05 22:40:53 np0005548602.novalocal virtnodedevd[99072]: ethtool ioctl error on qr-f3dc0d63-7e: No such device
Dec 05 22:40:53 np0005548602.novalocal virtnodedevd[99072]: ethtool ioctl error on qr-f3dc0d63-7e: No such device
Dec 05 22:40:53 np0005548602.novalocal virtnodedevd[99072]: ethtool ioctl error on qr-f3dc0d63-7e: No such device
Dec 05 22:40:53 np0005548602.novalocal virtnodedevd[99072]: ethtool ioctl error on qr-f3dc0d63-7e: No such device
Dec 05 22:40:53 np0005548602.novalocal virtnodedevd[99072]: ethtool ioctl error on qr-f3dc0d63-7e: No such device
Dec 05 22:40:53 np0005548602.novalocal virtnodedevd[99072]: ethtool ioctl error on qr-f3dc0d63-7e: No such device
Dec 05 22:40:53 np0005548602.novalocal dnsmasq[103202]: started, version 2.85 cachesize 150
Dec 05 22:40:53 np0005548602.novalocal dnsmasq[103202]: DNS service limited to local subnets
Dec 05 22:40:53 np0005548602.novalocal dnsmasq[103202]: compile time options: IPv6 GNU-getopt DBus no-UBus no-i18n IDN2 DHCP DHCPv6 no-Lua TFTP no-conntrack ipset auth cryptohash DNSSEC loop-detect inotify dumpfile
Dec 05 22:40:53 np0005548602.novalocal dnsmasq[103202]: warning: no upstream servers configured
Dec 05 22:40:53 np0005548602.novalocal dnsmasq-dhcp[103202]: DHCP, static leases only on 10.100.0.0, lease time 1d
Dec 05 22:40:53 np0005548602.novalocal dnsmasq[103202]: read /var/lib/neutron/dhcp/980dc363-bd6a-42f8-91d2-13309a4d0704/addn_hosts - 1 addresses
Dec 05 22:40:53 np0005548602.novalocal dnsmasq-dhcp[103202]: read /var/lib/neutron/dhcp/980dc363-bd6a-42f8-91d2-13309a4d0704/host
Dec 05 22:40:53 np0005548602.novalocal dnsmasq-dhcp[103202]: read /var/lib/neutron/dhcp/980dc363-bd6a-42f8-91d2-13309a4d0704/opts
Dec 05 22:40:54 np0005548602.novalocal dnsmasq[102734]: read /var/lib/neutron/dhcp/c41b9dc3-3fc2-42b7-9ded-11b245b345d8/addn_hosts - 1 addresses
Dec 05 22:40:54 np0005548602.novalocal dnsmasq-dhcp[102734]: read /var/lib/neutron/dhcp/c41b9dc3-3fc2-42b7-9ded-11b245b345d8/host
Dec 05 22:40:54 np0005548602.novalocal dnsmasq-dhcp[102734]: read /var/lib/neutron/dhcp/c41b9dc3-3fc2-42b7-9ded-11b245b345d8/opts
Dec 05 22:40:56 np0005548602.novalocal dnsmasq[103202]: read /var/lib/neutron/dhcp/980dc363-bd6a-42f8-91d2-13309a4d0704/addn_hosts - 1 addresses
Dec 05 22:40:56 np0005548602.novalocal dnsmasq-dhcp[103202]: read /var/lib/neutron/dhcp/980dc363-bd6a-42f8-91d2-13309a4d0704/host
Dec 05 22:40:56 np0005548602.novalocal dnsmasq-dhcp[103202]: read /var/lib/neutron/dhcp/980dc363-bd6a-42f8-91d2-13309a4d0704/opts
Dec 05 22:40:57 np0005548602.novalocal dnsmasq[102734]: read /var/lib/neutron/dhcp/c41b9dc3-3fc2-42b7-9ded-11b245b345d8/addn_hosts - 1 addresses
Dec 05 22:40:57 np0005548602.novalocal dnsmasq-dhcp[102734]: read /var/lib/neutron/dhcp/c41b9dc3-3fc2-42b7-9ded-11b245b345d8/host
Dec 05 22:40:57 np0005548602.novalocal dnsmasq-dhcp[102734]: read /var/lib/neutron/dhcp/c41b9dc3-3fc2-42b7-9ded-11b245b345d8/opts
Dec 05 22:40:57 np0005548602.novalocal sudo[103259]: nova : PWD=/ ; USER=root ; COMMAND=/usr/bin/nova-rootwrap /etc/nova/rootwrap.conf privsep-helper --config-file /etc/nova/nova.conf --config-file /etc/nova/nova-compute.conf --privsep_context os_brick.privileged.default --privsep_sock_path /tmp/tmp2gaztzmt/privsep.sock
Dec 05 22:40:57 np0005548602.novalocal systemd[1]: Started Session c101 of User root.
Dec 05 22:40:57 np0005548602.novalocal sudo[103259]: pam_unix(sudo:session): session opened for user root(uid=0) by (uid=162)
Dec 05 22:40:58 np0005548602.novalocal sudo[103259]: pam_unix(sudo:session): session closed for user root
Dec 05 22:40:58 np0005548602.novalocal object-auditor[103283]: Begin object audit "forever" mode (ZBF)
Dec 05 22:40:58 np0005548602.novalocal object-auditor[103284]: Begin object audit "forever" mode (ALL)
Dec 05 22:40:58 np0005548602.novalocal object-auditor[103283]: Object audit (ZBF). Since Sat Dec 6 03:40:58 2025: Locally: 1 passed, 0 quarantined, 0 errors, files/sec: 266.22, bytes/sec: 0.00, Total time: 0.00, Auditing time: 0.00, Rate: 0.00
Dec 05 22:40:58 np0005548602.novalocal dnsmasq[103202]: read /var/lib/neutron/dhcp/980dc363-bd6a-42f8-91d2-13309a4d0704/addn_hosts - 1 addresses
Dec 05 22:40:58 np0005548602.novalocal dnsmasq-dhcp[103202]: read /var/lib/neutron/dhcp/980dc363-bd6a-42f8-91d2-13309a4d0704/host
Dec 05 22:40:58 np0005548602.novalocal dnsmasq-dhcp[103202]: read /var/lib/neutron/dhcp/980dc363-bd6a-42f8-91d2-13309a4d0704/opts
Dec 05 22:40:58 np0005548602.novalocal sudo[103292]: cinder : PWD=/ ; USER=root ; COMMAND=/usr/bin/cinder-rootwrap /etc/cinder/rootwrap.conf lvchange -a y --yes -K cinder-volumes/volume-eeb77485-ee97-4ef6-8b73-5081399c2064
Dec 05 22:40:58 np0005548602.novalocal systemd[1]: Started Session c102 of User root.
Dec 05 22:40:58 np0005548602.novalocal sudo[103292]: pam_unix(sudo:session): session opened for user root(uid=0) by (uid=165)
Dec 05 22:40:59 np0005548602.novalocal sudo[103292]: pam_unix(sudo:session): session closed for user root
Dec 05 22:40:59 np0005548602.novalocal systemd[1]: session-c102.scope: Deactivated successfully.
Dec 05 22:40:59 np0005548602.novalocal account-server[95623]: ::1 - - [06/Dec/2025:03:40:59 +0000] "HEAD /1/249817/.misplaced_objects" 404 - "HEAD http://localhost/v1/.misplaced_objects?format=json" "txee435974325547aeac039-006933a5cb" "Swift Container Reconciler" 0.0004 "-" 95623 -
Dec 05 22:40:59 np0005548602.novalocal account-server[95624]: ::1 - - [06/Dec/2025:03:40:59 +0000] "HEAD /2/249817/.misplaced_objects" 404 - "HEAD http://localhost/v1/.misplaced_objects?format=json" "txee435974325547aeac039-006933a5cb" "Swift Container Reconciler" 0.0004 "-" 95624 -
Dec 05 22:40:59 np0005548602.novalocal account-server[95624]: ::1 - - [06/Dec/2025:03:40:59 +0000] "HEAD /3/249817/.misplaced_objects" 404 - "HEAD http://localhost/v1/.misplaced_objects?format=json" "txee435974325547aeac039-006933a5cb" "Swift Container Reconciler" 0.0004 "-" 95624 -
Dec 05 22:40:59 np0005548602.novalocal container-reconciler-ic[91656]: - - 06/Dec/2025/03/40/59 HEAD /v1/.misplaced_objects%3Fformat%3Djson HTTP/1.0 404 - Swift - - - - txee435974325547aeac039-006933a5cb - 0.0122 GET_ACCOUNT_INFO - 1764992459.064338684 1764992459.076568842 - -
Dec 05 22:40:59 np0005548602.novalocal container-server[95917]: ::1 - - [06/Dec/2025:03:40:59 +0000] "GET /3/13763/.misplaced_objects/1764990000" 404 - "GET http://localhost/v1/.misplaced_objects/1764990000?format=json&marker=&end_marker=&prefix=&states=listing" "txee435974325547aeac039-006933a5cb" "Swift Container Reconciler" 0.0007 "-" 95917 0
Dec 05 22:40:59 np0005548602.novalocal container-server[95916]: ::1 - - [06/Dec/2025:03:40:59 +0000] "GET /2/13763/.misplaced_objects/1764990000" 404 - "GET http://localhost/v1/.misplaced_objects/1764990000?format=json&marker=&end_marker=&prefix=&states=listing" "txee435974325547aeac039-006933a5cb" "Swift Container Reconciler" 0.0006 "-" 95916 0
Dec 05 22:40:59 np0005548602.novalocal container-server[95917]: ::1 - - [06/Dec/2025:03:40:59 +0000] "GET /1/13763/.misplaced_objects/1764990000" 404 - "GET http://localhost/v1/.misplaced_objects/1764990000?format=json&marker=&end_marker=&prefix=&states=listing" "txee435974325547aeac039-006933a5cb" "Swift Container Reconciler" 0.0005 "-" 95917 0
Dec 05 22:40:59 np0005548602.novalocal container-reconciler-ic[91656]: - - 06/Dec/2025/03/40/59 GET /v1/.misplaced_objects/1764990000%3Fformat%3Djson%26marker%3D%26end_marker%3D%26prefix%3D%26states%3Dlisting HTTP/1.0 404 - Swift%20Container%20Reconciler - - 70 - txee435974325547aeac039-006933a5cb - 0.0271 - - 1764992459.063078165 1764992459.090167522 0 -
Dec 05 22:40:59 np0005548602.novalocal account-server[95623]: ::1 - - [06/Dec/2025:03:40:59 +0000] "GET /1/249817/.misplaced_objects" 404 - "GET http://localhost/v1/.misplaced_objects?format=json&marker=&end_marker=&prefix=" "tx463b1aa21eed4ec383369-006933a5cb" "Swift Container Reconciler" 0.0003 "-" 95623 -
Dec 05 22:40:59 np0005548602.novalocal account-server[95623]: ::1 - - [06/Dec/2025:03:40:59 +0000] "GET /2/249817/.misplaced_objects" 404 - "GET http://localhost/v1/.misplaced_objects?format=json&marker=&end_marker=&prefix=" "tx463b1aa21eed4ec383369-006933a5cb" "Swift Container Reconciler" 0.0003 "-" 95623 -
Dec 05 22:40:59 np0005548602.novalocal account-server[95623]: ::1 - - [06/Dec/2025:03:40:59 +0000] "GET /3/249817/.misplaced_objects" 404 - "GET http://localhost/v1/.misplaced_objects?format=json&marker=&end_marker=&prefix=" "tx463b1aa21eed4ec383369-006933a5cb" "Swift Container Reconciler" 0.0003 "-" 95623 -
Dec 05 22:40:59 np0005548602.novalocal container-reconciler-ic[91656]: - - 06/Dec/2025/03/40/59 GET /v1/.misplaced_objects%3Fformat%3Djson%26marker%3D%26end_marker%3D%26prefix%3D HTTP/1.0 404 - Swift%20Container%20Reconciler - - - - tx463b1aa21eed4ec383369-006933a5cb - 0.0103 - - 1764992459.091002464 1764992459.101340055 - -
Dec 05 22:40:59 np0005548602.novalocal container-reconciler[91656]: Reconciler Stats: {}
Dec 05 22:40:59 np0005548602.novalocal container-reconciler[91656]: sleeping between intervals (30.0s)
Dec 05 22:40:59 np0005548602.novalocal sudo[103304]: cinder : PWD=/ ; USER=root ; COMMAND=/usr/bin/cinder-rootwrap /etc/cinder/rootwrap.conf cinder-rtstool create /dev/cinder-volumes/volume-eeb77485-ee97-4ef6-8b73-5081399c2064 iqn.2010-10.org.openstack:volume-eeb77485-ee97-4ef6-8b73-5081399c2064 QYHRG3HggVxD8H89M7Hx UrzLV225T4PtHB66 False -p3260 -a::1
Dec 05 22:40:59 np0005548602.novalocal systemd[1]: Started Session c103 of User root.
Dec 05 22:40:59 np0005548602.novalocal sudo[103304]: pam_unix(sudo:session): session opened for user root(uid=0) by (uid=165)
Dec 05 22:40:59 np0005548602.novalocal object-auditor[103283]: Object audit (ZBF) "forever" mode completed: 0.82s. Total quarantined: 0, Total errors: 0, Total files/sec: 50.95, Total bytes/sec: 0.00, Auditing time: 0.81, Rate: 0.98
Dec 05 22:40:59 np0005548602.novalocal dnsmasq[102734]: read /var/lib/neutron/dhcp/c41b9dc3-3fc2-42b7-9ded-11b245b345d8/addn_hosts - 2 addresses
Dec 05 22:40:59 np0005548602.novalocal dnsmasq-dhcp[102734]: read /var/lib/neutron/dhcp/c41b9dc3-3fc2-42b7-9ded-11b245b345d8/host
Dec 05 22:40:59 np0005548602.novalocal dnsmasq-dhcp[102734]: read /var/lib/neutron/dhcp/c41b9dc3-3fc2-42b7-9ded-11b245b345d8/opts
Dec 05 22:40:59 np0005548602.novalocal object-server[96249]: ::1 - - [06/Dec/2025:03:40:59 +0000] "GET /1/42905/AUTH_d8741d1891ef40e5a7a8c7bee0ab6eed/gnocchi.348b27bb-2c83-4735-9929-37b6bf6a00e8/none_v3" 200 32 "GET https://[::1]:8080/v1/AUTH_d8741d1891ef40e5a7a8c7bee0ab6eed/gnocchi.348b27bb-2c83-4735-9929-37b6bf6a00e8/none_v3" "tx92f08701ed374c88be623-006933a5cb" "proxy-server 97198" 0.0011 "-" 96249 0
Dec 05 22:40:59 np0005548602.novalocal proxy-server[97198]: ::1 ::1 06/Dec/2025/03/40/59 GET /v1/AUTH_d8741d1891ef40e5a7a8c7bee0ab6eed/gnocchi.348b27bb-2c83-4735-9929-37b6bf6a00e8/none_v3 HTTP/1.0 200 - python-swiftclient-4.8.0 gAAAAABpM6W9MtUs... - 32 - tx92f08701ed374c88be623-006933a5cb - 0.0076 - - 1764992459.701725483 1764992459.709306955 0 1229ee3e1d964977b2a5589f27ad366e
Dec 05 22:40:59 np0005548602.novalocal container-server[95916]: ::1 - - [06/Dec/2025:03:40:59 +0000] "GET /1/116615/AUTH_d8741d1891ef40e5a7a8c7bee0ab6eed/gnocchi.348b27bb-2c83-4735-9929-37b6bf6a00e8" 200 357 "GET https://[::1]:8080/v1/AUTH_d8741d1891ef40e5a7a8c7bee0ab6eed/gnocchi.348b27bb-2c83-4735-9929-37b6bf6a00e8?format=json&states=listing" "tx6388d5d6857745ca9cc4f-006933a5cb" "proxy-server 97198" 0.0127 "-" 95916 0
Dec 05 22:40:59 np0005548602.novalocal proxy-server[97198]: ::1 ::1 06/Dec/2025/03/40/59 GET /v1/AUTH_d8741d1891ef40e5a7a8c7bee0ab6eed/gnocchi.348b27bb-2c83-4735-9929-37b6bf6a00e8%3Fformat%3Djson%26states%3Dlisting HTTP/1.0 200 - python-swiftclient-4.8.0 gAAAAABpM6W9MtUs... - 357 - tx6388d5d6857745ca9cc4f-006933a5cb - 0.0197 - - 1764992459.716094971 1764992459.735791683 0 1229ee3e1d964977b2a5589f27ad366e
Dec 05 22:40:59 np0005548602.novalocal container-server[95917]: ::1 - - [06/Dec/2025:03:40:59 +0000] "GET /1/116615/AUTH_d8741d1891ef40e5a7a8c7bee0ab6eed/gnocchi.348b27bb-2c83-4735-9929-37b6bf6a00e8" 200 2 "GET https://[::1]:8080/v1/AUTH_d8741d1891ef40e5a7a8c7bee0ab6eed/gnocchi.348b27bb-2c83-4735-9929-37b6bf6a00e8?format=json&marker=none_v3&states=listing" "txd5e93f852142470d96682-006933a5cb" "proxy-server 97198" 0.0047 "-" 95917 0
Dec 05 22:40:59 np0005548602.novalocal proxy-server[97198]: ::1 ::1 06/Dec/2025/03/40/59 GET /v1/AUTH_d8741d1891ef40e5a7a8c7bee0ab6eed/gnocchi.348b27bb-2c83-4735-9929-37b6bf6a00e8%3Fformat%3Djson%26marker%3Dnone_v3%26states%3Dlisting HTTP/1.0 200 - python-swiftclient-4.8.0 gAAAAABpM6W9MtUs... - 2 - txd5e93f852142470d96682-006933a5cb - 0.0115 - - 1764992459.739433527 1764992459.750884771 0 1229ee3e1d964977b2a5589f27ad366e
