Dec 05 22:42:05 np0005548602.novalocal proxy-server[97198]: ::1 ::1 06/Dec/2025/03/42/05 GET /v1/AUTH_d8741d1891ef40e5a7a8c7bee0ab6eed/gnocchi.17e473af-eef2-4f69-b547-6909398a6d6b/none_v3 HTTP/1.0 200 - python-swiftclient-4.8.0 gAAAAABpM6W9MtUs... - 22 - tx882e704d13204fefa0a0c-006933a60d - 0.0098 - - 1764992525.144314528 1764992525.154141188 0 1229ee3e1d964977b2a5589f27ad366e
Dec 05 22:42:05 np0005548602.novalocal container-server[95916]: ::1 - - [06/Dec/2025:03:42:05 +0000] "GET /3/11249/AUTH_d8741d1891ef40e5a7a8c7bee0ab6eed/gnocchi.17e473af-eef2-4f69-b547-6909398a6d6b" 200 357 "GET https://[::1]:8080/v1/AUTH_d8741d1891ef40e5a7a8c7bee0ab6eed/gnocchi.17e473af-eef2-4f69-b547-6909398a6d6b?format=json&states=listing" "tx744a5f133e7b44bea58a1-006933a60d" "proxy-server 97198" 0.0092 "-" 95916 0
Dec 05 22:42:05 np0005548602.novalocal proxy-server[97198]: ::1 ::1 06/Dec/2025/03/42/05 GET /v1/AUTH_d8741d1891ef40e5a7a8c7bee0ab6eed/gnocchi.17e473af-eef2-4f69-b547-6909398a6d6b%3Fformat%3Djson%26states%3Dlisting HTTP/1.0 200 - python-swiftclient-4.8.0 gAAAAABpM6W9MtUs... - 357 - tx744a5f133e7b44bea58a1-006933a60d - 0.0210 - - 1764992525.157315254 1764992525.178354740 0 1229ee3e1d964977b2a5589f27ad366e
Dec 05 22:42:05 np0005548602.novalocal container-server[95917]: ::1 - - [06/Dec/2025:03:42:05 +0000] "GET /1/11249/AUTH_d8741d1891ef40e5a7a8c7bee0ab6eed/gnocchi.17e473af-eef2-4f69-b547-6909398a6d6b" 200 2 "GET https://[::1]:8080/v1/AUTH_d8741d1891ef40e5a7a8c7bee0ab6eed/gnocchi.17e473af-eef2-4f69-b547-6909398a6d6b?format=json&marker=none_v3&states=listing" "txa17d86d41e794dcc86c7f-006933a60d" "proxy-server 97198" 0.0079 "-" 95917 0
Dec 05 22:42:05 np0005548602.novalocal proxy-server[97198]: ::1 ::1 06/Dec/2025/03/42/05 GET /v1/AUTH_d8741d1891ef40e5a7a8c7bee0ab6eed/gnocchi.17e473af-eef2-4f69-b547-6909398a6d6b%3Fformat%3Djson%26marker%3Dnone_v3%26states%3Dlisting HTTP/1.0 200 - python-swiftclient-4.8.0 gAAAAABpM6W9MtUs... - 2 - txa17d86d41e794dcc86c7f-006933a60d - 0.0188 - - 1764992525.181200743 1764992525.199969292 0 1229ee3e1d964977b2a5589f27ad366e
Dec 05 22:42:05 np0005548602.novalocal object-server[96249]: ::1 - - [06/Dec/2025:03:42:05 +0000] "GET /2/114674/AUTH_d8741d1891ef40e5a7a8c7bee0ab6eed/gnocchi.17e473af-eef2-4f69-b547-6909398a6d6b/1764720000.0_mean_300.0_v3" 200 16 "GET https://[::1]:8080/v1/AUTH_d8741d1891ef40e5a7a8c7bee0ab6eed/gnocchi.17e473af-eef2-4f69-b547-6909398a6d6b/1764720000.0_mean_300.0_v3" "tx75cf5e94db5d4ff38fed7-006933a60d" "proxy-server 97198" 0.0012 "-" 96249 0
Dec 05 22:42:05 np0005548602.novalocal proxy-server[97198]: ::1 ::1 06/Dec/2025/03/42/05 GET /v1/AUTH_d8741d1891ef40e5a7a8c7bee0ab6eed/gnocchi.17e473af-eef2-4f69-b547-6909398a6d6b/1764720000.0_mean_300.0_v3 HTTP/1.0 200 - python-swiftclient-4.8.0 gAAAAABpM6W9MtUs... - 16 - tx75cf5e94db5d4ff38fed7-006933a60d - 0.0142 - - 1764992525.203146458 1764992525.217329502 0 1229ee3e1d964977b2a5589f27ad366e
Dec 05 22:42:05 np0005548602.novalocal container-server[95917]: ::1 - - [06/Dec/2025:03:42:05 +0000] "PUT /2/11249/AUTH_d8741d1891ef40e5a7a8c7bee0ab6eed/gnocchi.17e473af-eef2-4f69-b547-6909398a6d6b/1764720000.0_mean_300.0_v3" 201 - "PUT http://[::1]:8080/2/114674/AUTH_d8741d1891ef40e5a7a8c7bee0ab6eed/gnocchi.17e473af-eef2-4f69-b547-6909398a6d6b/1764720000.0_mean_300.0_v3" "tx9a22d6a1ecd84fd2a2490-006933a60d" "object-server 96249" 0.0007 "-" 95917 0
Dec 05 22:42:05 np0005548602.novalocal container-server[95916]: ::1 - - [06/Dec/2025:03:42:05 +0000] "PUT /1/11249/AUTH_d8741d1891ef40e5a7a8c7bee0ab6eed/gnocchi.17e473af-eef2-4f69-b547-6909398a6d6b/1764720000.0_mean_300.0_v3" 201 - "PUT http://[::1]:8080/3/114674/AUTH_d8741d1891ef40e5a7a8c7bee0ab6eed/gnocchi.17e473af-eef2-4f69-b547-6909398a6d6b/1764720000.0_mean_300.0_v3" "tx9a22d6a1ecd84fd2a2490-006933a60d" "object-server 96250" 0.0008 "-" 95916 0
Dec 05 22:42:05 np0005548602.novalocal object-server[96250]: ::1 - - [06/Dec/2025:03:42:05 +0000] "PUT /3/114674/AUTH_d8741d1891ef40e5a7a8c7bee0ab6eed/gnocchi.17e473af-eef2-4f69-b547-6909398a6d6b/1764720000.0_mean_300.0_v3" 201 - "PUT https://[::1]:8080/v1/AUTH_d8741d1891ef40e5a7a8c7bee0ab6eed/gnocchi.17e473af-eef2-4f69-b547-6909398a6d6b/1764720000.0_mean_300.0_v3" "tx9a22d6a1ecd84fd2a2490-006933a60d" "proxy-server 97198" 0.0126 "-" 96250 0
Dec 05 22:42:05 np0005548602.novalocal object-server[96249]: ::1 - - [06/Dec/2025:03:42:05 +0000] "PUT /2/114674/AUTH_d8741d1891ef40e5a7a8c7bee0ab6eed/gnocchi.17e473af-eef2-4f69-b547-6909398a6d6b/1764720000.0_mean_300.0_v3" 201 - "PUT https://[::1]:8080/v1/AUTH_d8741d1891ef40e5a7a8c7bee0ab6eed/gnocchi.17e473af-eef2-4f69-b547-6909398a6d6b/1764720000.0_mean_300.0_v3" "tx9a22d6a1ecd84fd2a2490-006933a60d" "proxy-server 97198" 0.0107 "-" 96249 0
Dec 05 22:42:05 np0005548602.novalocal container-server[95916]: ::1 - - [06/Dec/2025:03:42:05 +0000] "PUT /3/11249/AUTH_d8741d1891ef40e5a7a8c7bee0ab6eed/gnocchi.17e473af-eef2-4f69-b547-6909398a6d6b/1764720000.0_mean_300.0_v3" 201 - "PUT http://[::1]:8080/1/114674/AUTH_d8741d1891ef40e5a7a8c7bee0ab6eed/gnocchi.17e473af-eef2-4f69-b547-6909398a6d6b/1764720000.0_mean_300.0_v3" "tx9a22d6a1ecd84fd2a2490-006933a60d" "object-server 96249" 0.0007 "-" 95916 0
Dec 05 22:42:05 np0005548602.novalocal object-server[96249]: ::1 - - [06/Dec/2025:03:42:05 +0000] "PUT /1/114674/AUTH_d8741d1891ef40e5a7a8c7bee0ab6eed/gnocchi.17e473af-eef2-4f69-b547-6909398a6d6b/1764720000.0_mean_300.0_v3" 201 - "PUT https://[::1]:8080/v1/AUTH_d8741d1891ef40e5a7a8c7bee0ab6eed/gnocchi.17e473af-eef2-4f69-b547-6909398a6d6b/1764720000.0_mean_300.0_v3" "tx9a22d6a1ecd84fd2a2490-006933a60d" "proxy-server 97198" 0.0151 "-" 96249 0
Dec 05 22:42:05 np0005548602.novalocal proxy-server[97198]: ::1 ::1 06/Dec/2025/03/42/05 PUT /v1/AUTH_d8741d1891ef40e5a7a8c7bee0ab6eed/gnocchi.17e473af-eef2-4f69-b547-6909398a6d6b/1764720000.0_mean_300.0_v3 HTTP/1.0 201 - python-swiftclient-4.8.0 gAAAAABpM6W9MtUs... 16 - - tx9a22d6a1ecd84fd2a2490-006933a60d - 0.0259 - - 1764992525.219895840 1764992525.245763779 0 1229ee3e1d964977b2a5589f27ad366e
Dec 05 22:42:05 np0005548602.novalocal container-server[95917]: ::1 - - [06/Dec/2025:03:42:05 +0000] "PUT /1/11249/AUTH_d8741d1891ef40e5a7a8c7bee0ab6eed/gnocchi.17e473af-eef2-4f69-b547-6909398a6d6b/none_v3" 201 - "PUT http://[::1]:8080/2/177755/AUTH_d8741d1891ef40e5a7a8c7bee0ab6eed/gnocchi.17e473af-eef2-4f69-b547-6909398a6d6b/none_v3" "txcc80727b11024bda9938e-006933a60d" "object-server 96249" 0.0009 "-" 95917 0
Dec 05 22:42:05 np0005548602.novalocal container-server[95916]: ::1 - - [06/Dec/2025:03:42:05 +0000] "PUT /2/11249/AUTH_d8741d1891ef40e5a7a8c7bee0ab6eed/gnocchi.17e473af-eef2-4f69-b547-6909398a6d6b/none_v3" 201 - "PUT http://[::1]:8080/1/177755/AUTH_d8741d1891ef40e5a7a8c7bee0ab6eed/gnocchi.17e473af-eef2-4f69-b547-6909398a6d6b/none_v3" "txcc80727b11024bda9938e-006933a60d" "object-server 96249" 0.0008 "-" 95916 0
Dec 05 22:42:05 np0005548602.novalocal object-server[96249]: ::1 - - [06/Dec/2025:03:42:05 +0000] "PUT /2/177755/AUTH_d8741d1891ef40e5a7a8c7bee0ab6eed/gnocchi.17e473af-eef2-4f69-b547-6909398a6d6b/none_v3" 201 - "PUT https://[::1]:8080/v1/AUTH_d8741d1891ef40e5a7a8c7bee0ab6eed/gnocchi.17e473af-eef2-4f69-b547-6909398a6d6b/none_v3" "txcc80727b11024bda9938e-006933a60d" "proxy-server 97198" 0.0146 "-" 96249 0
Dec 05 22:42:05 np0005548602.novalocal object-server[96249]: ::1 - - [06/Dec/2025:03:42:05 +0000] "PUT /1/177755/AUTH_d8741d1891ef40e5a7a8c7bee0ab6eed/gnocchi.17e473af-eef2-4f69-b547-6909398a6d6b/none_v3" 201 - "PUT https://[::1]:8080/v1/AUTH_d8741d1891ef40e5a7a8c7bee0ab6eed/gnocchi.17e473af-eef2-4f69-b547-6909398a6d6b/none_v3" "txcc80727b11024bda9938e-006933a60d" "proxy-server 97198" 0.0201 "-" 96249 0
Dec 05 22:42:05 np0005548602.novalocal container-server[95916]: ::1 - - [06/Dec/2025:03:42:05 +0000] "PUT /3/11249/AUTH_d8741d1891ef40e5a7a8c7bee0ab6eed/gnocchi.17e473af-eef2-4f69-b547-6909398a6d6b/none_v3" 201 - "PUT http://[::1]:8080/3/177755/AUTH_d8741d1891ef40e5a7a8c7bee0ab6eed/gnocchi.17e473af-eef2-4f69-b547-6909398a6d6b/none_v3" "txcc80727b11024bda9938e-006933a60d" "object-server 96249" 0.0006 "-" 95916 0
Dec 05 22:42:05 np0005548602.novalocal object-server[96249]: ::1 - - [06/Dec/2025:03:42:05 +0000] "PUT /3/177755/AUTH_d8741d1891ef40e5a7a8c7bee0ab6eed/gnocchi.17e473af-eef2-4f69-b547-6909398a6d6b/none_v3" 201 - "PUT https://[::1]:8080/v1/AUTH_d8741d1891ef40e5a7a8c7bee0ab6eed/gnocchi.17e473af-eef2-4f69-b547-6909398a6d6b/none_v3" "txcc80727b11024bda9938e-006933a60d" "proxy-server 97198" 0.0217 "-" 96249 0
Dec 05 22:42:05 np0005548602.novalocal proxy-server[97198]: ::1 ::1 06/Dec/2025/03/42/05 PUT /v1/AUTH_d8741d1891ef40e5a7a8c7bee0ab6eed/gnocchi.17e473af-eef2-4f69-b547-6909398a6d6b/none_v3 HTTP/1.0 201 - python-swiftclient-4.8.0 gAAAAABpM6W9MtUs... 31 - - txcc80727b11024bda9938e-006933a60d - 0.0353 - - 1764992525.249487400 1764992525.284775496 0 1229ee3e1d964977b2a5589f27ad366e
Dec 05 22:42:05 np0005548602.novalocal dnsmasq[104137]: read /var/lib/neutron/dhcp/2677add8-3947-4f2d-a246-0a403011394d/addn_hosts - 0 addresses
Dec 05 22:42:05 np0005548602.novalocal dnsmasq-dhcp[104137]: read /var/lib/neutron/dhcp/2677add8-3947-4f2d-a246-0a403011394d/host
Dec 05 22:42:05 np0005548602.novalocal dnsmasq-dhcp[104137]: read /var/lib/neutron/dhcp/2677add8-3947-4f2d-a246-0a403011394d/opts
Dec 05 22:42:05 np0005548602.novalocal systemd[1]: NetworkManager-dispatcher.service: Deactivated successfully.
Dec 05 22:42:05 np0005548602.novalocal kernel: qr-fa9936d6-e6: left promiscuous mode
Dec 05 22:42:05 np0005548602.novalocal kernel: qg-fead9351-18: left promiscuous mode
Dec 05 22:42:06 np0005548602.novalocal dnsmasq[104137]: exiting on receipt of SIGTERM
Dec 05 22:42:06 np0005548602.novalocal kernel: tap1c744710-e3: left promiscuous mode
Dec 05 22:42:06 np0005548602.novalocal systemd[1]: run-netns-qrouter\x2d8f008148\x2d9fb6\x2d4512\x2dbb2d\x2d2de2009186be.mount: Deactivated successfully.
Dec 05 22:42:06 np0005548602.novalocal account-replicator[95687]: Beginning replication run
Dec 05 22:42:06 np0005548602.novalocal account-replicator[95687]: Replication run OVER
Dec 05 22:42:06 np0005548602.novalocal account-replicator[95687]: Attempted to replicate 3 dbs in 0.06261 seconds (47.91876/s)
Dec 05 22:42:06 np0005548602.novalocal account-replicator[95687]: Removed 0 dbs
Dec 05 22:42:06 np0005548602.novalocal account-replicator[95687]: 6 successes, 0 failures
Dec 05 22:42:06 np0005548602.novalocal account-replicator[95687]: diff:0 diff_capped:0 empty:0 hashmatch:0 no_change:6 remote_merge:0 rsync:0 ts_repl:0
Dec 05 22:42:06 np0005548602.novalocal systemd[1]: run-netns-qdhcp\x2d2677add8\x2d3947\x2d4f2d\x2da246\x2d0a403011394d.mount: Deactivated successfully.
Dec 05 22:42:10 np0005548602.novalocal kernel: tap5dec7bf2-0b: entered promiscuous mode
Dec 05 22:42:10 np0005548602.novalocal NetworkManager[858]: [1764992530.5133] manager: (tap5dec7bf2-0b): 'openvswitch' plugin not available; creating generic device
Dec 05 22:42:10 np0005548602.novalocal NetworkManager[858]: [1764992530.5149] manager: (tap5dec7bf2-0b): new Generic device (/org/freedesktop/NetworkManager/Devices/37)
Dec 05 22:42:11 np0005548602.novalocal kernel: qg-e9936f80-46: entered promiscuous mode
Dec 05 22:42:11 np0005548602.novalocal NetworkManager[858]: [1764992531.2120] manager: (qg-e9936f80-46): 'openvswitch' plugin not available; creating generic device
Dec 05 22:42:11 np0005548602.novalocal NetworkManager[858]: [1764992531.2133] manager: (qg-e9936f80-46): new Generic device (/org/freedesktop/NetworkManager/Devices/38)
Dec 05 22:42:11 np0005548602.novalocal systemd-udevd[104658]: Network interface NamePolicy= disabled on kernel command line.
Dec 05 22:42:11 np0005548602.novalocal virtnodedevd[99072]: ethtool ioctl error on qg-e9936f80-46: No such device
Dec 05 22:42:11 np0005548602.novalocal virtnodedevd[99072]: ethtool ioctl error on qg-e9936f80-46: No such device
Dec 05 22:42:11 np0005548602.novalocal virtnodedevd[99072]: ethtool ioctl error on qg-e9936f80-46: No such device
Dec 05 22:42:11 np0005548602.novalocal virtnodedevd[99072]: ethtool ioctl error on qg-e9936f80-46: No such device
Dec 05 22:42:11 np0005548602.novalocal virtnodedevd[99072]: ethtool ioctl error on qg-e9936f80-46: No such device
Dec 05 22:42:11 np0005548602.novalocal virtnodedevd[99072]: ethtool ioctl error on qg-e9936f80-46: No such device
Dec 05 22:42:11 np0005548602.novalocal virtnodedevd[99072]: ethtool ioctl error on qg-e9936f80-46: No such device
Dec 05 22:42:11 np0005548602.novalocal virtnodedevd[99072]: ethtool ioctl error on qg-e9936f80-46: No such device
Dec 05 22:42:11 np0005548602.novalocal dnsmasq[104737]: started, version 2.85 cachesize 150
Dec 05 22:42:11 np0005548602.novalocal dnsmasq[104737]: DNS service limited to local subnets
Dec 05 22:42:11 np0005548602.novalocal dnsmasq[104737]: compile time options: IPv6 GNU-getopt DBus no-UBus no-i18n IDN2 DHCP DHCPv6 no-Lua TFTP no-conntrack ipset auth cryptohash DNSSEC loop-detect inotify dumpfile
Dec 05 22:42:11 np0005548602.novalocal dnsmasq[104737]: warning: no upstream servers configured
Dec 05 22:42:11 np0005548602.novalocal dnsmasq-dhcp[104737]: DHCP, static leases only on 10.100.0.0, lease time 1d
Dec 05 22:42:11 np0005548602.novalocal dnsmasq[104737]: read /var/lib/neutron/dhcp/706f0c3c-5a4d-47b0-884b-9bf18f298f86/addn_hosts - 0 addresses
Dec 05 22:42:11 np0005548602.novalocal dnsmasq-dhcp[104737]: read /var/lib/neutron/dhcp/706f0c3c-5a4d-47b0-884b-9bf18f298f86/host
Dec 05 22:42:11 np0005548602.novalocal dnsmasq-dhcp[104737]: read /var/lib/neutron/dhcp/706f0c3c-5a4d-47b0-884b-9bf18f298f86/opts
Dec 05 22:42:12 np0005548602.novalocal object-server[96249]: ::1 - - [06/Dec/2025:03:42:12 +0000] "GET /2/259738/AUTH_d8741d1891ef40e5a7a8c7bee0ab6eed/gnocchi.892a954a-dbd1-4e05-9b7d-d2f87c60ffa1/none_v3" 200 26 "GET https://[::1]:8080/v1/AUTH_d8741d1891ef40e5a7a8c7bee0ab6eed/gnocchi.892a954a-dbd1-4e05-9b7d-d2f87c60ffa1/none_v3" "txd737778227064087a2373-006933a614" "proxy-server 97198" 0.0011 "-" 96249 0
Dec 05 22:42:12 np0005548602.novalocal proxy-server[97198]: ::1 ::1 06/Dec/2025/03/42/12 GET /v1/AUTH_d8741d1891ef40e5a7a8c7bee0ab6eed/gnocchi.892a954a-dbd1-4e05-9b7d-d2f87c60ffa1/none_v3 HTTP/1.0 200 - python-swiftclient-4.8.0 gAAAAABpM6XeP7WC... - 26 - txd737778227064087a2373-006933a614 - 0.0082 - - 1764992532.467549801 1764992532.475703955 0 1229ee3e1d964977b2a5589f27ad366e
Dec 05 22:42:12 np0005548602.novalocal container-server[95917]: ::1 - - [06/Dec/2025:03:42:12 +0000] "GET /2/175611/AUTH_d8741d1891ef40e5a7a8c7bee0ab6eed/gnocchi.892a954a-dbd1-4e05-9b7d-d2f87c60ffa1" 200 357 "GET https://[::1]:8080/v1/AUTH_d8741d1891ef40e5a7a8c7bee0ab6eed/gnocchi.892a954a-dbd1-4e05-9b7d-d2f87c60ffa1?format=json&states=listing" "tx7f3f1ca2429844b49d61b-006933a614" "proxy-server 97198" 0.0072 "-" 95917 0
Dec 05 22:42:12 np0005548602.novalocal proxy-server[97198]: ::1 ::1 06/Dec/2025/03/42/12 GET /v1/AUTH_d8741d1891ef40e5a7a8c7bee0ab6eed/gnocchi.892a954a-dbd1-4e05-9b7d-d2f87c60ffa1%3Fformat%3Djson%26states%3Dlisting HTTP/1.0 200 - python-swiftclient-4.8.0 gAAAAABpM6XeP7WC... - 357 - tx7f3f1ca2429844b49d61b-006933a614 - 0.0152 - - 1764992532.479489565 1764992532.494640827 0 1229ee3e1d964977b2a5589f27ad366e
Dec 05 22:42:12 np0005548602.novalocal container-server[95916]: ::1 - - [06/Dec/2025:03:42:12 +0000] "GET /1/175611/AUTH_d8741d1891ef40e5a7a8c7bee0ab6eed/gnocchi.892a954a-dbd1-4e05-9b7d-d2f87c60ffa1" 200 2 "GET https://[::1]:8080/v1/AUTH_d8741d1891ef40e5a7a8c7bee0ab6eed/gnocchi.892a954a-dbd1-4e05-9b7d-d2f87c60ffa1?format=json&marker=none_v3&states=listing" "tx691d4d671cd34dc8a1e8a-006933a614" "proxy-server 97198" 0.0100 "-" 95916 0
Dec 05 22:42:12 np0005548602.novalocal proxy-server[97198]: ::1 ::1 06/Dec/2025/03/42/12 GET /v1/AUTH_d8741d1891ef40e5a7a8c7bee0ab6eed/gnocchi.892a954a-dbd1-4e05-9b7d-d2f87c60ffa1%3Fformat%3Djson%26marker%3Dnone_v3%26states%3Dlisting HTTP/1.0 200 - python-swiftclient-4.8.0 gAAAAABpM6XeP7WC... - 2 - tx691d4d671cd34dc8a1e8a-006933a614 - 0.0224 - - 1764992532.498959064 1764992532.521387577 0 1229ee3e1d964977b2a5589f27ad366e
Dec 05 22:42:12 np0005548602.novalocal object-server[96250]: ::1 - - [06/Dec/2025:03:42:12 +0000] "GET /2/227928/AUTH_d8741d1891ef40e5a7a8c7bee0ab6eed/gnocchi.892a954a-dbd1-4e05-9b7d-d2f87c60ffa1/1764720000.0_mean_300.0_v3" 200 16 "GET https://[::1]:8080/v1/AUTH_d8741d1891ef40e5a7a8c7bee0ab6eed/gnocchi.892a954a-dbd1-4e05-9b7d-d2f87c60ffa1/1764720000.0_mean_300.0_v3" "tx4cbb74745e00458cbfac4-006933a614" "proxy-server 97198" 0.0015 "-" 96250 0
Dec 05 22:42:12 np0005548602.novalocal proxy-server[97198]: ::1 ::1 06/Dec/2025/03/42/12 GET /v1/AUTH_d8741d1891ef40e5a7a8c7bee0ab6eed/gnocchi.892a954a-dbd1-4e05-9b7d-d2f87c60ffa1/1764720000.0_mean_300.0_v3 HTTP/1.0 200 - python-swiftclient-4.8.0 gAAAAABpM6XeP7WC... - 16 - tx4cbb74745e00458cbfac4-006933a614 - 0.0097 - - 1764992532.526654482 1764992532.536363602 0 1229ee3e1d964977b2a5589f27ad366e
Dec 05 22:42:12 np0005548602.novalocal container-server[95917]: ::1 - - [06/Dec/2025:03:42:12 +0000] "PUT /3/175611/AUTH_d8741d1891ef40e5a7a8c7bee0ab6eed/gnocchi.892a954a-dbd1-4e05-9b7d-d2f87c60ffa1/1764720000.0_mean_300.0_v3" 201 - "PUT http://[::1]:8080/2/227928/AUTH_d8741d1891ef40e5a7a8c7bee0ab6eed/gnocchi.892a954a-dbd1-4e05-9b7d-d2f87c60ffa1/1764720000.0_mean_300.0_v3" "txc4aba74af6134bbcb2173-006933a614" "object-server 96249" 0.0008 "-" 95917 0
Dec 05 22:42:12 np0005548602.novalocal object-server[96249]: ::1 - - [06/Dec/2025:03:42:12 +0000] "PUT /2/227928/AUTH_d8741d1891ef40e5a7a8c7bee0ab6eed/gnocchi.892a954a-dbd1-4e05-9b7d-d2f87c60ffa1/1764720000.0_mean_300.0_v3" 201 - "PUT https://[::1]:8080/v1/AUTH_d8741d1891ef40e5a7a8c7bee0ab6eed/gnocchi.892a954a-dbd1-4e05-9b7d-d2f87c60ffa1/1764720000.0_mean_300.0_v3" "txc4aba74af6134bbcb2173-006933a614" "proxy-server 97198" 0.0136 "-" 96249 0
Dec 05 22:42:12 np0005548602.novalocal container-server[95916]: ::1 - - [06/Dec/2025:03:42:12 +0000] "PUT /1/175611/AUTH_d8741d1891ef40e5a7a8c7bee0ab6eed/gnocchi.892a954a-dbd1-4e05-9b7d-d2f87c60ffa1/1764720000.0_mean_300.0_v3" 201 - "PUT http://[::1]:8080/3/227928/AUTH_d8741d1891ef40e5a7a8c7bee0ab6eed/gnocchi.892a954a-dbd1-4e05-9b7d-d2f87c60ffa1/1764720000.0_mean_300.0_v3" "txc4aba74af6134bbcb2173-006933a614" "object-server 96250" 0.0008 "-" 95916 0
Dec 05 22:42:12 np0005548602.novalocal object-server[96250]: ::1 - - [06/Dec/2025:03:42:12 +0000] "PUT /3/227928/AUTH_d8741d1891ef40e5a7a8c7bee0ab6eed/gnocchi.892a954a-dbd1-4e05-9b7d-d2f87c60ffa1/1764720000.0_mean_300.0_v3" 201 - "PUT https://[::1]:8080/v1/AUTH_d8741d1891ef40e5a7a8c7bee0ab6eed/gnocchi.892a954a-dbd1-4e05-9b7d-d2f87c60ffa1/1764720000.0_mean_300.0_v3" "txc4aba74af6134bbcb2173-006933a614" "proxy-server 97198" 0.0163 "-" 96250 0
Dec 05 22:42:12 np0005548602.novalocal container-server[95916]: ::1 - - [06/Dec/2025:03:42:12 +0000] "PUT /2/175611/AUTH_d8741d1891ef40e5a7a8c7bee0ab6eed/gnocchi.892a954a-dbd1-4e05-9b7d-d2f87c60ffa1/1764720000.0_mean_300.0_v3" 201 - "PUT http://[::1]:8080/1/227928/AUTH_d8741d1891ef40e5a7a8c7bee0ab6eed/gnocchi.892a954a-dbd1-4e05-9b7d-d2f87c60ffa1/1764720000.0_mean_300.0_v3" "txc4aba74af6134bbcb2173-006933a614" "object-server 96250" 0.0006 "-" 95916 0
Dec 05 22:42:12 np0005548602.novalocal object-server[96250]: ::1 - - [06/Dec/2025:03:42:12 +0000] "PUT /1/227928/AUTH_d8741d1891ef40e5a7a8c7bee0ab6eed/gnocchi.892a954a-dbd1-4e05-9b7d-d2f87c60ffa1/1764720000.0_mean_300.0_v3" 201 - "PUT https://[::1]:8080/v1/AUTH_d8741d1891ef40e5a7a8c7bee0ab6eed/gnocchi.892a954a-dbd1-4e05-9b7d-d2f87c60ffa1/1764720000.0_mean_300.0_v3" "txc4aba74af6134bbcb2173-006933a614" "proxy-server 97198" 0.0161 "-" 96250 0
Dec 05 22:42:12 np0005548602.novalocal proxy-server[97198]: ::1 ::1 06/Dec/2025/03/42/12 PUT /v1/AUTH_d8741d1891ef40e5a7a8c7bee0ab6eed/gnocchi.892a954a-dbd1-4e05-9b7d-d2f87c60ffa1/1764720000.0_mean_300.0_v3 HTTP/1.0 201 - python-swiftclient-4.8.0 gAAAAABpM6XeP7WC... 16 - - txc4aba74af6134bbcb2173-006933a614 - 0.0269 - - 1764992532.539668798 1764992532.566580534 0 1229ee3e1d964977b2a5589f27ad366e
Dec 05 22:42:12 np0005548602.novalocal container-server[95916]: ::1 - - [06/Dec/2025:03:42:12 +0000] "PUT /2/175611/AUTH_d8741d1891ef40e5a7a8c7bee0ab6eed/gnocchi.892a954a-dbd1-4e05-9b7d-d2f87c60ffa1/none_v3" 201 - "PUT http://[::1]:8080/2/259738/AUTH_d8741d1891ef40e5a7a8c7bee0ab6eed/gnocchi.892a954a-dbd1-4e05-9b7d-d2f87c60ffa1/none_v3" "tx4b0cfe8bf1c14d7599f27-006933a614" "object-server 96249" 0.0006 "-" 95916 0
Dec 05 22:42:12 np0005548602.novalocal container-server[95917]: ::1 - - [06/Dec/2025:03:42:12 +0000] "PUT /1/175611/AUTH_d8741d1891ef40e5a7a8c7bee0ab6eed/gnocchi.892a954a-dbd1-4e05-9b7d-d2f87c60ffa1/none_v3" 201 - "PUT http://[::1]:8080/3/259738/AUTH_d8741d1891ef40e5a7a8c7bee0ab6eed/gnocchi.892a954a-dbd1-4e05-9b7d-d2f87c60ffa1/none_v3" "tx4b0cfe8bf1c14d7599f27-006933a614" "object-server 96249" 0.0007 "-" 95917 0
Dec 05 22:42:12 np0005548602.novalocal container-server[95916]: ::1 - - [06/Dec/2025:03:42:12 +0000] "PUT /3/175611/AUTH_d8741d1891ef40e5a7a8c7bee0ab6eed/gnocchi.892a954a-dbd1-4e05-9b7d-d2f87c60ffa1/none_v3" 201 - "PUT http://[::1]:8080/1/259738/AUTH_d8741d1891ef40e5a7a8c7bee0ab6eed/gnocchi.892a954a-dbd1-4e05-9b7d-d2f87c60ffa1/none_v3" "tx4b0cfe8bf1c14d7599f27-006933a614" "object-server 96249" 0.0006 "-" 95916 0
Dec 05 22:42:12 np0005548602.novalocal object-server[96249]: ::1 - - [06/Dec/2025:03:42:12 +0000] "PUT /2/259738/AUTH_d8741d1891ef40e5a7a8c7bee0ab6eed/gnocchi.892a954a-dbd1-4e05-9b7d-d2f87c60ffa1/none_v3" 201 - "PUT https://[::1]:8080/v1/AUTH_d8741d1891ef40e5a7a8c7bee0ab6eed/gnocchi.892a954a-dbd1-4e05-9b7d-d2f87c60ffa1/none_v3" "tx4b0cfe8bf1c14d7599f27-006933a614" "proxy-server 97198" 0.0180 "-" 96249 0
Dec 05 22:42:12 np0005548602.novalocal object-server[96249]: ::1 - - [06/Dec/2025:03:42:12 +0000] "PUT /3/259738/AUTH_d8741d1891ef40e5a7a8c7bee0ab6eed/gnocchi.892a954a-dbd1-4e05-9b7d-d2f87c60ffa1/none_v3" 201 - "PUT https://[::1]:8080/v1/AUTH_d8741d1891ef40e5a7a8c7bee0ab6eed/gnocchi.892a954a-dbd1-4e05-9b7d-d2f87c60ffa1/none_v3" "tx4b0cfe8bf1c14d7599f27-006933a614" "proxy-server 97198" 0.0156 "-" 96249 0
Dec 05 22:42:12 np0005548602.novalocal object-server[96249]: ::1 - - [06/Dec/2025:03:42:12 +0000] "PUT /1/259738/AUTH_d8741d1891ef40e5a7a8c7bee0ab6eed/gnocchi.892a954a-dbd1-4e05-9b7d-d2f87c60ffa1/none_v3" 201 - "PUT https://[::1]:8080/v1/AUTH_d8741d1891ef40e5a7a8c7bee0ab6eed/gnocchi.892a954a-dbd1-4e05-9b7d-d2f87c60ffa1/none_v3" "tx4b0cfe8bf1c14d7599f27-006933a614" "proxy-server 97198" 0.0183 "-" 96249 0
Dec 05 22:42:12 np0005548602.novalocal proxy-server[97198]: ::1 ::1 06/Dec/2025/03/42/12 PUT /v1/AUTH_d8741d1891ef40e5a7a8c7bee0ab6eed/gnocchi.892a954a-dbd1-4e05-9b7d-d2f87c60ffa1/none_v3 HTTP/1.0 201 - python-swiftclient-4.8.0 gAAAAABpM6XeP7WC... 37 - - tx4b0cfe8bf1c14d7599f27-006933a614 - 0.0285 - - 1764992532.570233345 1764992532.598755360 0 1229ee3e1d964977b2a5589f27ad366e
Dec 05 22:42:12 np0005548602.novalocal object-server[96249]: ::1 - - [06/Dec/2025:03:42:12 +0000] "GET /3/93989/AUTH_d8741d1891ef40e5a7a8c7bee0ab6eed/gnocchi.3d7662f7-761d-44ca-aefd-365cd59829a3/none_v3" 200 31 "GET https://[::1]:8080/v1/AUTH_d8741d1891ef40e5a7a8c7bee0ab6eed/gnocchi.3d7662f7-761d-44ca-aefd-365cd59829a3/none_v3" "tx62b688d18100446099243-006933a614" "proxy-server 97198" 0.0011 "-" 96249 0
Dec 05 22:42:12 np0005548602.novalocal proxy-server[97198]: ::1 ::1 06/Dec/2025/03/42/12 GET /v1/AUTH_d8741d1891ef40e5a7a8c7bee0ab6eed/gnocchi.3d7662f7-761d-44ca-aefd-365cd59829a3/none_v3 HTTP/1.0 200 - python-swiftclient-4.8.0 gAAAAABpM6XeP7WC... - 31 - tx62b688d18100446099243-006933a614 - 0.0084 - - 1764992532.610382795 1764992532.618791342 0 1229ee3e1d964977b2a5589f27ad366e
Dec 05 22:42:12 np0005548602.novalocal container-server[95917]: ::1 - - [06/Dec/2025:03:42:12 +0000] "GET /3/64588/AUTH_d8741d1891ef40e5a7a8c7bee0ab6eed/gnocchi.3d7662f7-761d-44ca-aefd-365cd59829a3" 200 357 "GET https://[::1]:8080/v1/AUTH_d8741d1891ef40e5a7a8c7bee0ab6eed/gnocchi.3d7662f7-761d-44ca-aefd-365cd59829a3?format=json&states=listing" "tx6c042170a6b34b6cb3e33-006933a614" "proxy-server 97198" 0.0097 "-" 95917 0
Dec 05 22:42:12 np0005548602.novalocal proxy-server[97198]: ::1 ::1 06/Dec/2025/03/42/12 GET /v1/AUTH_d8741d1891ef40e5a7a8c7bee0ab6eed/gnocchi.3d7662f7-761d-44ca-aefd-365cd59829a3%3Fformat%3Djson%26states%3Dlisting HTTP/1.0 200 - python-swiftclient-4.8.0 gAAAAABpM6XeP7WC... - 357 - tx6c042170a6b34b6cb3e33-006933a614 - 0.0163 - - 1764992532.624652863 1764992532.640903950 0 1229ee3e1d964977b2a5589f27ad366e
Dec 05 22:42:12 np0005548602.novalocal container-server[95916]: ::1 - - [06/Dec/2025:03:42:12 +0000] "GET /3/64588/AUTH_d8741d1891ef40e5a7a8c7bee0ab6eed/gnocchi.3d7662f7-761d-44ca-aefd-365cd59829a3" 200 2 "GET https://[::1]:8080/v1/AUTH_d8741d1891ef40e5a7a8c7bee0ab6eed/gnocchi.3d7662f7-761d-44ca-aefd-365cd59829a3?format=json&marker=none_v3&states=listing" "txa9b170d19bb54c6694cbf-006933a614" "proxy-server 97198" 0.0038 "-" 95916 0
Dec 05 22:42:12 np0005548602.novalocal proxy-server[97198]: ::1 ::1 06/Dec/2025/03/42/12 GET /v1/AUTH_d8741d1891ef40e5a7a8c7bee0ab6eed/gnocchi.3d7662f7-761d-44ca-aefd-365cd59829a3%3Fformat%3Djson%26marker%3Dnone_v3%26states%3Dlisting HTTP/1.0 200 - python-swiftclient-4.8.0 gAAAAABpM6XeP7WC... - 2 - txa9b170d19bb54c6694cbf-006933a614 - 0.0104 - - 1764992532.645072699 1764992532.655456781 0 1229ee3e1d964977b2a5589f27ad366e
Dec 05 22:42:12 np0005548602.novalocal object-server[96249]: ::1 - - [06/Dec/2025:03:42:12 +0000] "GET /1/9200/AUTH_d8741d1891ef40e5a7a8c7bee0ab6eed/gnocchi.3d7662f7-761d-44ca-aefd-365cd59829a3/1764720000.0_mean_300.0_v3" 200 16 "GET https://[::1]:8080/v1/AUTH_d8741d1891ef40e5a7a8c7bee0ab6eed/gnocchi.3d7662f7-761d-44ca-aefd-365cd59829a3/1764720000.0_mean_300.0_v3" "tx26282d90bcb648bbbd8d0-006933a614" "proxy-server 97198" 0.0017 "-" 96249 0
Dec 05 22:42:12 np0005548602.novalocal proxy-server[97198]: ::1 ::1 06/Dec/2025/03/42/12 GET /v1/AUTH_d8741d1891ef40e5a7a8c7bee0ab6eed/gnocchi.3d7662f7-761d-44ca-aefd-365cd59829a3/1764720000.0_mean_300.0_v3 HTTP/1.0 200 - python-swiftclient-4.8.0 gAAAAABpM6XeP7WC... - 16 - tx26282d90bcb648bbbd8d0-006933a614 - 0.0111 - - 1764992532.660270929 1764992532.671355963 0 1229ee3e1d964977b2a5589f27ad366e
Dec 05 22:42:12 np0005548602.novalocal container-server[95916]: ::1 - - [06/Dec/2025:03:42:12 +0000] "PUT /1/64588/AUTH_d8741d1891ef40e5a7a8c7bee0ab6eed/gnocchi.3d7662f7-761d-44ca-aefd-365cd59829a3/1764720000.0_mean_300.0_v3" 201 - "PUT http://[::1]:8080/2/9200/AUTH_d8741d1891ef40e5a7a8c7bee0ab6eed/gnocchi.3d7662f7-761d-44ca-aefd-365cd59829a3/1764720000.0_mean_300.0_v3" "txb8a8d9bdc0244ba997ba6-006933a614" "object-server 96249" 0.0010 "-" 95916 0
Dec 05 22:42:12 np0005548602.novalocal object-server[96249]: ::1 - - [06/Dec/2025:03:42:12 +0000] "PUT /2/9200/AUTH_d8741d1891ef40e5a7a8c7bee0ab6eed/gnocchi.3d7662f7-761d-44ca-aefd-365cd59829a3/1764720000.0_mean_300.0_v3" 201 - "PUT https://[::1]:8080/v1/AUTH_d8741d1891ef40e5a7a8c7bee0ab6eed/gnocchi.3d7662f7-761d-44ca-aefd-365cd59829a3/1764720000.0_mean_300.0_v3" "txb8a8d9bdc0244ba997ba6-006933a614" "proxy-server 97198" 0.0178 "-" 96249 0
Dec 05 22:42:12 np0005548602.novalocal container-server[95916]: ::1 - - [06/Dec/2025:03:42:12 +0000] "PUT /3/64588/AUTH_d8741d1891ef40e5a7a8c7bee0ab6eed/gnocchi.3d7662f7-761d-44ca-aefd-365cd59829a3/1764720000.0_mean_300.0_v3" 201 - "PUT http://[::1]:8080/1/9200/AUTH_d8741d1891ef40e5a7a8c7bee0ab6eed/gnocchi.3d7662f7-761d-44ca-aefd-365cd59829a3/1764720000.0_mean_300.0_v3" "txb8a8d9bdc0244ba997ba6-006933a614" "object-server 96249" 0.0011 "-" 95916 0
Dec 05 22:42:12 np0005548602.novalocal object-server[96249]: ::1 - - [06/Dec/2025:03:42:12 +0000] "PUT /1/9200/AUTH_d8741d1891ef40e5a7a8c7bee0ab6eed/gnocchi.3d7662f7-761d-44ca-aefd-365cd59829a3/1764720000.0_mean_300.0_v3" 201 - "PUT https://[::1]:8080/v1/AUTH_d8741d1891ef40e5a7a8c7bee0ab6eed/gnocchi.3d7662f7-761d-44ca-aefd-365cd59829a3/1764720000.0_mean_300.0_v3" "txb8a8d9bdc0244ba997ba6-006933a614" "proxy-server 97198" 0.0239 "-" 96249 0
Dec 05 22:42:12 np0005548602.novalocal container-server[95916]: ::1 - - [06/Dec/2025:03:42:12 +0000] "PUT /2/64588/AUTH_d8741d1891ef40e5a7a8c7bee0ab6eed/gnocchi.3d7662f7-761d-44ca-aefd-365cd59829a3/1764720000.0_mean_300.0_v3" 201 - "PUT http://[::1]:8080/3/9200/AUTH_d8741d1891ef40e5a7a8c7bee0ab6eed/gnocchi.3d7662f7-761d-44ca-aefd-365cd59829a3/1764720000.0_mean_300.0_v3" "txb8a8d9bdc0244ba997ba6-006933a614" "object-server 96249" 0.0008 "-" 95916 0
Dec 05 22:42:12 np0005548602.novalocal object-server[96249]: ::1 - - [06/Dec/2025:03:42:12 +0000] "PUT /3/9200/AUTH_d8741d1891ef40e5a7a8c7bee0ab6eed/gnocchi.3d7662f7-761d-44ca-aefd-365cd59829a3/1764720000.0_mean_300.0_v3" 201 - "PUT https://[::1]:8080/v1/AUTH_d8741d1891ef40e5a7a8c7bee0ab6eed/gnocchi.3d7662f7-761d-44ca-aefd-365cd59829a3/1764720000.0_mean_300.0_v3" "txb8a8d9bdc0244ba997ba6-006933a614" "proxy-server 97198" 0.0207 "-" 96249 0
Dec 05 22:42:12 np0005548602.novalocal proxy-server[97198]: ::1 ::1 06/Dec/2025/03/42/12 PUT /v1/AUTH_d8741d1891ef40e5a7a8c7bee0ab6eed/gnocchi.3d7662f7-761d-44ca-aefd-365cd59829a3/1764720000.0_mean_300.0_v3 HTTP/1.0 201 - python-swiftclient-4.8.0 gAAAAABpM6XeP7WC... 16 - - txb8a8d9bdc0244ba997ba6-006933a614 - 0.0339 - - 1764992532.677270889 1764992532.711170912 0 1229ee3e1d964977b2a5589f27ad366e
Dec 05 22:42:12 np0005548602.novalocal container-server[95916]: ::1 - - [06/Dec/2025:03:42:12 +0000] "PUT /2/64588/AUTH_d8741d1891ef40e5a7a8c7bee0ab6eed/gnocchi.3d7662f7-761d-44ca-aefd-365cd59829a3/none_v3" 201 - "PUT http://[::1]:8080/3/93989/AUTH_d8741d1891ef40e5a7a8c7bee0ab6eed/gnocchi.3d7662f7-761d-44ca-aefd-365cd59829a3/none_v3" "tx0a7553f9cc9f499f8e352-006933a614" "object-server 96250" 0.0007 "-" 95916 0
Dec 05 22:42:12 np0005548602.novalocal container-server[95917]: ::1 - - [06/Dec/2025:03:42:12 +0000] "PUT /1/64588/AUTH_d8741d1891ef40e5a7a8c7bee0ab6eed/gnocchi.3d7662f7-761d-44ca-aefd-365cd59829a3/none_v3" 201 - "PUT http://[::1]:8080/2/93989/AUTH_d8741d1891ef40e5a7a8c7bee0ab6eed/gnocchi.3d7662f7-761d-44ca-aefd-365cd59829a3/none_v3" "tx0a7553f9cc9f499f8e352-006933a614" "object-server 96250" 0.0010 "-" 95917 0
Dec 05 22:42:12 np0005548602.novalocal object-server[96250]: ::1 - - [06/Dec/2025:03:42:12 +0000] "PUT /2/93989/AUTH_d8741d1891ef40e5a7a8c7bee0ab6eed/gnocchi.3d7662f7-761d-44ca-aefd-365cd59829a3/none_v3" 201 - "PUT https://[::1]:8080/v1/AUTH_d8741d1891ef40e5a7a8c7bee0ab6eed/gnocchi.3d7662f7-761d-44ca-aefd-365cd59829a3/none_v3" "tx0a7553f9cc9f499f8e352-006933a614" "proxy-server 97198" 0.0219 "-" 96250 0
Dec 05 22:42:12 np0005548602.novalocal dnsmasq[103202]: read /var/lib/neutron/dhcp/980dc363-bd6a-42f8-91d2-13309a4d0704/addn_hosts - 2 addresses
Dec 05 22:42:12 np0005548602.novalocal dnsmasq-dhcp[103202]: read /var/lib/neutron/dhcp/980dc363-bd6a-42f8-91d2-13309a4d0704/host
Dec 05 22:42:12 np0005548602.novalocal dnsmasq-dhcp[103202]: read /var/lib/neutron/dhcp/980dc363-bd6a-42f8-91d2-13309a4d0704/opts
Dec 05 22:42:12 np0005548602.novalocal object-server[96250]: ::1 - - [06/Dec/2025:03:42:12 +0000] "PUT /3/93989/AUTH_d8741d1891ef40e5a7a8c7bee0ab6eed/gnocchi.3d7662f7-761d-44ca-aefd-365cd59829a3/none_v3" 201 - "PUT https://[::1]:8080/v1/AUTH_d8741d1891ef40e5a7a8c7bee0ab6eed/gnocchi.3d7662f7-761d-44ca-aefd-365cd59829a3/none_v3" "tx0a7553f9cc9f499f8e352-006933a614" "proxy-server 97198" 0.0222 "-" 96250 0
Dec 05 22:42:12 np0005548602.novalocal container-server[95917]: ::1 - - [06/Dec/2025:03:42:12 +0000] "PUT /3/64588/AUTH_d8741d1891ef40e5a7a8c7bee0ab6eed/gnocchi.3d7662f7-761d-44ca-aefd-365cd59829a3/none_v3" 201 - "PUT http://[::1]:8080/1/93989/AUTH_d8741d1891ef40e5a7a8c7bee0ab6eed/gnocchi.3d7662f7-761d-44ca-aefd-365cd59829a3/none_v3" "tx0a7553f9cc9f499f8e352-006933a614" "object-server 96250" 0.0007 "-" 95917 0
Dec 05 22:42:12 np0005548602.novalocal object-server[96250]: ::1 - - [06/Dec/2025:03:42:12 +0000] "PUT /1/93989/AUTH_d8741d1891ef40e5a7a8c7bee0ab6eed/gnocchi.3d7662f7-761d-44ca-aefd-365cd59829a3/none_v3" 201 - "PUT https://[::1]:8080/v1/AUTH_d8741d1891ef40e5a7a8c7bee0ab6eed/gnocchi.3d7662f7-761d-44ca-aefd-365cd59829a3/none_v3" "tx0a7553f9cc9f499f8e352-006933a614" "proxy-server 97198" 0.0321 "-" 96250 0
Dec 05 22:42:12 np0005548602.novalocal proxy-server[97198]: ::1 ::1 06/Dec/2025/03/42/12 PUT /v1/AUTH_d8741d1891ef40e5a7a8c7bee0ab6eed/gnocchi.3d7662f7-761d-44ca-aefd-365cd59829a3/none_v3 HTTP/1.0 201 - python-swiftclient-4.8.0 gAAAAABpM6XeP7WC... 46 - - tx0a7553f9cc9f499f8e352-006933a614 - 0.0427 - - 1764992532.714731932 1764992532.757439375 0 1229ee3e1d964977b2a5589f27ad366e
Dec 05 22:42:12 np0005548602.novalocal object-server[96250]: ::1 - - [06/Dec/2025:03:42:12 +0000] "GET /1/178674/AUTH_d8741d1891ef40e5a7a8c7bee0ab6eed/gnocchi.8045bc93-2d37-4cfb-9789-94242db85a2a/none_v3" 200 30 "GET https://[::1]:8080/v1/AUTH_d8741d1891ef40e5a7a8c7bee0ab6eed/gnocchi.8045bc93-2d37-4cfb-9789-94242db85a2a/none_v3" "tx7b79916a47674d06babf5-006933a614" "proxy-server 97198" 0.0013 "-" 96250 0
Dec 05 22:42:12 np0005548602.novalocal proxy-server[97198]: ::1 ::1 06/Dec/2025/03/42/12 GET /v1/AUTH_d8741d1891ef40e5a7a8c7bee0ab6eed/gnocchi.8045bc93-2d37-4cfb-9789-94242db85a2a/none_v3 HTTP/1.0 200 - python-swiftclient-4.8.0 gAAAAABpM6XeP7WC... - 30 - tx7b79916a47674d06babf5-006933a614 - 0.0143 - - 1764992532.798341751 1764992532.812673807 0 1229ee3e1d964977b2a5589f27ad366e
Dec 05 22:42:12 np0005548602.novalocal container-server[95916]: ::1 - - [06/Dec/2025:03:42:12 +0000] "GET /3/118228/AUTH_d8741d1891ef40e5a7a8c7bee0ab6eed/gnocchi.8045bc93-2d37-4cfb-9789-94242db85a2a" 200 357 "GET https://[::1]:8080/v1/AUTH_d8741d1891ef40e5a7a8c7bee0ab6eed/gnocchi.8045bc93-2d37-4cfb-9789-94242db85a2a?format=json&states=listing" "tx56066aaf187548e4a9d82-006933a614" "proxy-server 97198" 0.0206 "-" 95916 0
Dec 05 22:42:12 np0005548602.novalocal proxy-server[97198]: ::1 ::1 06/Dec/2025/03/42/12 GET /v1/AUTH_d8741d1891ef40e5a7a8c7bee0ab6eed/gnocchi.8045bc93-2d37-4cfb-9789-94242db85a2a%3Fformat%3Djson%26states%3Dlisting HTTP/1.0 200 - python-swiftclient-4.8.0 gAAAAABpM6XeP7WC... - 357 - tx56066aaf187548e4a9d82-006933a614 - 0.0376 - - 1764992532.818607330 1764992532.856194973 0 1229ee3e1d964977b2a5589f27ad366e
Dec 05 22:42:12 np0005548602.novalocal container-server[95917]: ::1 - - [06/Dec/2025:03:42:12 +0000] "GET /1/118228/AUTH_d8741d1891ef40e5a7a8c7bee0ab6eed/gnocchi.8045bc93-2d37-4cfb-9789-94242db85a2a" 200 2 "GET https://[::1]:8080/v1/AUTH_d8741d1891ef40e5a7a8c7bee0ab6eed/gnocchi.8045bc93-2d37-4cfb-9789-94242db85a2a?format=json&marker=none_v3&states=listing" "tx895a69e38c734931b8fa3-006933a614" "proxy-server 97198" 0.0083 "-" 95917 0
Dec 05 22:42:12 np0005548602.novalocal proxy-server[97198]: ::1 ::1 06/Dec/2025/03/42/12 GET /v1/AUTH_d8741d1891ef40e5a7a8c7bee0ab6eed/gnocchi.8045bc93-2d37-4cfb-9789-94242db85a2a%3Fformat%3Djson%26marker%3Dnone_v3%26states%3Dlisting HTTP/1.0 200 - python-swiftclient-4.8.0 gAAAAABpM6XeP7WC... - 2 - tx895a69e38c734931b8fa3-006933a614 - 0.0140 - - 1764992532.858804941 1764992532.872781992 0 1229ee3e1d964977b2a5589f27ad366e
Dec 05 22:42:12 np0005548602.novalocal object-server[96250]: ::1 - - [06/Dec/2025:03:42:12 +0000] "GET /1/130776/AUTH_d8741d1891ef40e5a7a8c7bee0ab6eed/gnocchi.8045bc93-2d37-4cfb-9789-94242db85a2a/1764720000.0_mean_300.0_v3" 200 16 "GET https://[::1]:8080/v1/AUTH_d8741d1891ef40e5a7a8c7bee0ab6eed/gnocchi.8045bc93-2d37-4cfb-9789-94242db85a2a/1764720000.0_mean_300.0_v3" "txf21d21180c324cdaad9ea-006933a614" "proxy-server 97198" 0.0011 "-" 96250 0
Dec 05 22:42:12 np0005548602.novalocal proxy-server[97198]: ::1 ::1 06/Dec/2025/03/42/12 GET /v1/AUTH_d8741d1891ef40e5a7a8c7bee0ab6eed/gnocchi.8045bc93-2d37-4cfb-9789-94242db85a2a/1764720000.0_mean_300.0_v3 HTTP/1.0 200 - python-swiftclient-4.8.0 gAAAAABpM6XeP7WC... - 16 - txf21d21180c324cdaad9ea-006933a614 - 0.0075 - - 1764992532.876590014 1764992532.884109020 0 1229ee3e1d964977b2a5589f27ad366e
Dec 05 22:42:12 np0005548602.novalocal container-server[95917]: ::1 - - [06/Dec/2025:03:42:12 +0000] "PUT /3/118228/AUTH_d8741d1891ef40e5a7a8c7bee0ab6eed/gnocchi.8045bc93-2d37-4cfb-9789-94242db85a2a/1764720000.0_mean_300.0_v3" 201 - "PUT http://[::1]:8080/2/130776/AUTH_d8741d1891ef40e5a7a8c7bee0ab6eed/gnocchi.8045bc93-2d37-4cfb-9789-94242db85a2a/1764720000.0_mean_300.0_v3" "tx73be7a29f8c746019ec28-006933a614" "object-server 96250" 0.0008 "-" 95917 0
Dec 05 22:42:12 np0005548602.novalocal container-server[95916]: ::1 - - [06/Dec/2025:03:42:12 +0000] "PUT /1/118228/AUTH_d8741d1891ef40e5a7a8c7bee0ab6eed/gnocchi.8045bc93-2d37-4cfb-9789-94242db85a2a/1764720000.0_mean_300.0_v3" 201 - "PUT http://[::1]:8080/1/130776/AUTH_d8741d1891ef40e5a7a8c7bee0ab6eed/gnocchi.8045bc93-2d37-4cfb-9789-94242db85a2a/1764720000.0_mean_300.0_v3" "tx73be7a29f8c746019ec28-006933a614" "object-server 96249" 0.0011 "-" 95916 0
Dec 05 22:42:12 np0005548602.novalocal object-server[96250]: ::1 - - [06/Dec/2025:03:42:12 +0000] "PUT /2/130776/AUTH_d8741d1891ef40e5a7a8c7bee0ab6eed/gnocchi.8045bc93-2d37-4cfb-9789-94242db85a2a/1764720000.0_mean_300.0_v3" 201 - "PUT https://[::1]:8080/v1/AUTH_d8741d1891ef40e5a7a8c7bee0ab6eed/gnocchi.8045bc93-2d37-4cfb-9789-94242db85a2a/1764720000.0_mean_300.0_v3" "tx73be7a29f8c746019ec28-006933a614" "proxy-server 97198" 0.0101 "-" 96250 0
Dec 05 22:42:12 np0005548602.novalocal object-server[96249]: ::1 - - [06/Dec/2025:03:42:12 +0000] "PUT /1/130776/AUTH_d8741d1891ef40e5a7a8c7bee0ab6eed/gnocchi.8045bc93-2d37-4cfb-9789-94242db85a2a/1764720000.0_mean_300.0_v3" 201 - "PUT https://[::1]:8080/v1/AUTH_d8741d1891ef40e5a7a8c7bee0ab6eed/gnocchi.8045bc93-2d37-4cfb-9789-94242db85a2a/1764720000.0_mean_300.0_v3" "tx73be7a29f8c746019ec28-006933a614" "proxy-server 97198" 0.0124 "-" 96249 0
Dec 05 22:42:12 np0005548602.novalocal container-server[95916]: ::1 - - [06/Dec/2025:03:42:12 +0000] "PUT /2/118228/AUTH_d8741d1891ef40e5a7a8c7bee0ab6eed/gnocchi.8045bc93-2d37-4cfb-9789-94242db85a2a/1764720000.0_mean_300.0_v3" 201 - "PUT http://[::1]:8080/3/130776/AUTH_d8741d1891ef40e5a7a8c7bee0ab6eed/gnocchi.8045bc93-2d37-4cfb-9789-94242db85a2a/1764720000.0_mean_300.0_v3" "tx73be7a29f8c746019ec28-006933a614" "object-server 96249" 0.0011 "-" 95916 0
Dec 05 22:42:12 np0005548602.novalocal object-server[96249]: ::1 - - [06/Dec/2025:03:42:12 +0000] "PUT /3/130776/AUTH_d8741d1891ef40e5a7a8c7bee0ab6eed/gnocchi.8045bc93-2d37-4cfb-9789-94242db85a2a/1764720000.0_mean_300.0_v3" 201 - "PUT https://[::1]:8080/v1/AUTH_d8741d1891ef40e5a7a8c7bee0ab6eed/gnocchi.8045bc93-2d37-4cfb-9789-94242db85a2a/1764720000.0_mean_300.0_v3" "tx73be7a29f8c746019ec28-006933a614" "proxy-server 97198" 0.0153 "-" 96249 0
Dec 05 22:42:12 np0005548602.novalocal proxy-server[97198]: ::1 ::1 06/Dec/2025/03/42/12 PUT /v1/AUTH_d8741d1891ef40e5a7a8c7bee0ab6eed/gnocchi.8045bc93-2d37-4cfb-9789-94242db85a2a/1764720000.0_mean_300.0_v3 HTTP/1.0 201 - python-swiftclient-4.8.0 gAAAAABpM6XeP7WC... 16 - - tx73be7a29f8c746019ec28-006933a614 - 0.0227 - - 1764992532.888027430 1764992532.910718918 0 1229ee3e1d964977b2a5589f27ad366e
Dec 05 22:42:12 np0005548602.novalocal container-server[95916]: ::1 - - [06/Dec/2025:03:42:12 +0000] "PUT /1/118228/AUTH_d8741d1891ef40e5a7a8c7bee0ab6eed/gnocchi.8045bc93-2d37-4cfb-9789-94242db85a2a/none_v3" 201 - "PUT http://[::1]:8080/1/178674/AUTH_d8741d1891ef40e5a7a8c7bee0ab6eed/gnocchi.8045bc93-2d37-4cfb-9789-94242db85a2a/none_v3" "tx8b4a08a65877484b83c4b-006933a614" "object-server 96249" 0.0016 "-" 95916 0
Dec 05 22:42:12 np0005548602.novalocal object-server[96249]: ::1 - - [06/Dec/2025:03:42:12 +0000] "PUT /1/178674/AUTH_d8741d1891ef40e5a7a8c7bee0ab6eed/gnocchi.8045bc93-2d37-4cfb-9789-94242db85a2a/none_v3" 201 - "PUT https://[::1]:8080/v1/AUTH_d8741d1891ef40e5a7a8c7bee0ab6eed/gnocchi.8045bc93-2d37-4cfb-9789-94242db85a2a/none_v3" "tx8b4a08a65877484b83c4b-006933a614" "proxy-server 97198" 0.0149 "-" 96249 0
Dec 05 22:42:12 np0005548602.novalocal container-server[95916]: ::1 - - [06/Dec/2025:03:42:12 +0000] "PUT /3/118228/AUTH_d8741d1891ef40e5a7a8c7bee0ab6eed/gnocchi.8045bc93-2d37-4cfb-9789-94242db85a2a/none_v3" 201 - "PUT http://[::1]:8080/3/178674/AUTH_d8741d1891ef40e5a7a8c7bee0ab6eed/gnocchi.8045bc93-2d37-4cfb-9789-94242db85a2a/none_v3" "tx8b4a08a65877484b83c4b-006933a614" "object-server 96250" 0.0003 "-" 95916 0
Dec 05 22:42:12 np0005548602.novalocal container-server[95916]: ::1 - - [06/Dec/2025:03:42:12 +0000] "PUT /2/118228/AUTH_d8741d1891ef40e5a7a8c7bee0ab6eed/gnocchi.8045bc93-2d37-4cfb-9789-94242db85a2a/none_v3" 201 - "PUT http://[::1]:8080/2/178674/AUTH_d8741d1891ef40e5a7a8c7bee0ab6eed/gnocchi.8045bc93-2d37-4cfb-9789-94242db85a2a/none_v3" "tx8b4a08a65877484b83c4b-006933a614" "object-server 96249" 0.0003 "-" 95916 0
Dec 05 22:42:12 np0005548602.novalocal object-server[96249]: ::1 - - [06/Dec/2025:03:42:12 +0000] "PUT /2/178674/AUTH_d8741d1891ef40e5a7a8c7bee0ab6eed/gnocchi.8045bc93-2d37-4cfb-9789-94242db85a2a/none_v3" 201 - "PUT https://[::1]:8080/v1/AUTH_d8741d1891ef40e5a7a8c7bee0ab6eed/gnocchi.8045bc93-2d37-4cfb-9789-94242db85a2a/none_v3" "tx8b4a08a65877484b83c4b-006933a614" "proxy-server 97198" 0.0181 "-" 96249 0
Dec 05 22:42:12 np0005548602.novalocal object-server[96250]: ::1 - - [06/Dec/2025:03:42:12 +0000] "PUT /3/178674/AUTH_d8741d1891ef40e5a7a8c7bee0ab6eed/gnocchi.8045bc93-2d37-4cfb-9789-94242db85a2a/none_v3" 201 - "PUT https://[::1]:8080/v1/AUTH_d8741d1891ef40e5a7a8c7bee0ab6eed/gnocchi.8045bc93-2d37-4cfb-9789-94242db85a2a/none_v3" "tx8b4a08a65877484b83c4b-006933a614" "proxy-server 97198" 0.0170 "-" 96250 0
Dec 05 22:42:12 np0005548602.novalocal proxy-server[97198]: ::1 ::1 06/Dec/2025/03/42/12 PUT /v1/AUTH_d8741d1891ef40e5a7a8c7bee0ab6eed/gnocchi.8045bc93-2d37-4cfb-9789-94242db85a2a/none_v3 HTTP/1.0 201 - python-swiftclient-4.8.0 gAAAAABpM6XeP7WC... 44 - - tx8b4a08a65877484b83c4b-006933a614 - 0.0295 - - 1764992532.913517237 1764992532.943001270 0 1229ee3e1d964977b2a5589f27ad366e
Dec 05 22:42:13 np0005548602.novalocal object-server[96250]: ::1 - - [06/Dec/2025:03:42:13 +0000] "GET /3/177755/AUTH_d8741d1891ef40e5a7a8c7bee0ab6eed/gnocchi.17e473af-eef2-4f69-b547-6909398a6d6b/none_v3" 200 31 "GET https://[::1]:8080/v1/AUTH_d8741d1891ef40e5a7a8c7bee0ab6eed/gnocchi.17e473af-eef2-4f69-b547-6909398a6d6b/none_v3" "txd42637b3402940b6a8005-006933a615" "proxy-server 97198" 0.0011 "-" 96250 0
Dec 05 22:42:13 np0005548602.novalocal proxy-server[97198]: ::1 ::1 06/Dec/2025/03/42/13 GET /v1/AUTH_d8741d1891ef40e5a7a8c7bee0ab6eed/gnocchi.17e473af-eef2-4f69-b547-6909398a6d6b/none_v3 HTTP/1.0 200 - python-swiftclient-4.8.0 gAAAAABpM6XeP7WC... - 31 - txd42637b3402940b6a8005-006933a615 - 0.0100 - - 1764992533.021654844 1764992533.031677008 0 1229ee3e1d964977b2a5589f27ad366e
Dec 05 22:42:13 np0005548602.novalocal container-server[95916]: ::1 - - [06/Dec/2025:03:42:13 +0000] "GET /2/11249/AUTH_d8741d1891ef40e5a7a8c7bee0ab6eed/gnocchi.17e473af-eef2-4f69-b547-6909398a6d6b" 200 357 "GET https://[::1]:8080/v1/AUTH_d8741d1891ef40e5a7a8c7bee0ab6eed/gnocchi.17e473af-eef2-4f69-b547-6909398a6d6b?format=json&states=listing" "tx31042da18eb744b180ad2-006933a615" "proxy-server 97198" 0.0071 "-" 95916 0
Dec 05 22:42:13 np0005548602.novalocal proxy-server[97198]: ::1 ::1 06/Dec/2025/03/42/13 GET /v1/AUTH_d8741d1891ef40e5a7a8c7bee0ab6eed/gnocchi.17e473af-eef2-4f69-b547-6909398a6d6b%3Fformat%3Djson%26states%3Dlisting HTTP/1.0 200 - python-swiftclient-4.8.0 gAAAAABpM6XeP7WC... - 357 - tx31042da18eb744b180ad2-006933a615 - 0.0143 - - 1764992533.034513474 1764992533.048807144 0 1229ee3e1d964977b2a5589f27ad366e
Dec 05 22:42:13 np0005548602.novalocal container-server[95916]: ::1 - - [06/Dec/2025:03:42:13 +0000] "GET /3/11249/AUTH_d8741d1891ef40e5a7a8c7bee0ab6eed/gnocchi.17e473af-eef2-4f69-b547-6909398a6d6b" 200 2 "GET https://[::1]:8080/v1/AUTH_d8741d1891ef40e5a7a8c7bee0ab6eed/gnocchi.17e473af-eef2-4f69-b547-6909398a6d6b?format=json&marker=none_v3&states=listing" "tx46c0cc399264404f818db-006933a615" "proxy-server 97198" 0.0059 "-" 95916 0
Dec 05 22:42:13 np0005548602.novalocal proxy-server[97198]: ::1 ::1 06/Dec/2025/03/42/13 GET /v1/AUTH_d8741d1891ef40e5a7a8c7bee0ab6eed/gnocchi.17e473af-eef2-4f69-b547-6909398a6d6b%3Fformat%3Djson%26marker%3Dnone_v3%26states%3Dlisting HTTP/1.0 200 - python-swiftclient-4.8.0 gAAAAABpM6XeP7WC... - 2 - tx46c0cc399264404f818db-006933a615 - 0.0125 - - 1764992533.050893307 1764992533.063411713 0 1229ee3e1d964977b2a5589f27ad366e
Dec 05 22:42:13 np0005548602.novalocal object-server[96250]: ::1 - - [06/Dec/2025:03:42:13 +0000] "GET /3/114674/AUTH_d8741d1891ef40e5a7a8c7bee0ab6eed/gnocchi.17e473af-eef2-4f69-b547-6909398a6d6b/1764720000.0_mean_300.0_v3" 200 16 "GET https://[::1]:8080/v1/AUTH_d8741d1891ef40e5a7a8c7bee0ab6eed/gnocchi.17e473af-eef2-4f69-b547-6909398a6d6b/1764720000.0_mean_300.0_v3" "txded183d5ff9a414baf571-006933a615" "proxy-server 97198" 0.0008 "-" 96250 0
Dec 05 22:42:13 np0005548602.novalocal proxy-server[97198]: ::1 ::1 06/Dec/2025/03/42/13 GET /v1/AUTH_d8741d1891ef40e5a7a8c7bee0ab6eed/gnocchi.17e473af-eef2-4f69-b547-6909398a6d6b/1764720000.0_mean_300.0_v3 HTTP/1.0 200 - python-swiftclient-4.8.0 gAAAAABpM6XeP7WC... - 16 - txded183d5ff9a414baf571-006933a615 - 0.0069 - - 1764992533.065886497 1764992533.072772026 0 1229ee3e1d964977b2a5589f27ad366e
Dec 05 22:42:13 np0005548602.novalocal container-server[95916]: ::1 - - [06/Dec/2025:03:42:13 +0000] "PUT /3/11249/AUTH_d8741d1891ef40e5a7a8c7bee0ab6eed/gnocchi.17e473af-eef2-4f69-b547-6909398a6d6b/1764720000.0_mean_300.0_v3" 201 - "PUT http://[::1]:8080/3/114674/AUTH_d8741d1891ef40e5a7a8c7bee0ab6eed/gnocchi.17e473af-eef2-4f69-b547-6909398a6d6b/1764720000.0_mean_300.0_v3" "tx8f0096d5ac2344ee9484d-006933a615" "object-server 96249" 0.0007 "-" 95916 0
Dec 05 22:42:13 np0005548602.novalocal container-server[95917]: ::1 - - [06/Dec/2025:03:42:13 +0000] "PUT /1/11249/AUTH_d8741d1891ef40e5a7a8c7bee0ab6eed/gnocchi.17e473af-eef2-4f69-b547-6909398a6d6b/1764720000.0_mean_300.0_v3" 201 - "PUT http://[::1]:8080/2/114674/AUTH_d8741d1891ef40e5a7a8c7bee0ab6eed/gnocchi.17e473af-eef2-4f69-b547-6909398a6d6b/1764720000.0_mean_300.0_v3" "tx8f0096d5ac2344ee9484d-006933a615" "object-server 96250" 0.0005 "-" 95917 0
Dec 05 22:42:13 np0005548602.novalocal object-server[96249]: ::1 - - [06/Dec/2025:03:42:13 +0000] "PUT /3/114674/AUTH_d8741d1891ef40e5a7a8c7bee0ab6eed/gnocchi.17e473af-eef2-4f69-b547-6909398a6d6b/1764720000.0_mean_300.0_v3" 201 - "PUT https://[::1]:8080/v1/AUTH_d8741d1891ef40e5a7a8c7bee0ab6eed/gnocchi.17e473af-eef2-4f69-b547-6909398a6d6b/1764720000.0_mean_300.0_v3" "tx8f0096d5ac2344ee9484d-006933a615" "proxy-server 97198" 0.0109 "-" 96249 0
Dec 05 22:42:13 np0005548602.novalocal object-server[96250]: ::1 - - [06/Dec/2025:03:42:13 +0000] "PUT /2/114674/AUTH_d8741d1891ef40e5a7a8c7bee0ab6eed/gnocchi.17e473af-eef2-4f69-b547-6909398a6d6b/1764720000.0_mean_300.0_v3" 201 - "PUT https://[::1]:8080/v1/AUTH_d8741d1891ef40e5a7a8c7bee0ab6eed/gnocchi.17e473af-eef2-4f69-b547-6909398a6d6b/1764720000.0_mean_300.0_v3" "tx8f0096d5ac2344ee9484d-006933a615" "proxy-server 97198" 0.0096 "-" 96250 0
Dec 05 22:42:13 np0005548602.novalocal container-server[95916]: ::1 - - [06/Dec/2025:03:42:13 +0000] "PUT /2/11249/AUTH_d8741d1891ef40e5a7a8c7bee0ab6eed/gnocchi.17e473af-eef2-4f69-b547-6909398a6d6b/1764720000.0_mean_300.0_v3" 201 - "PUT http://[::1]:8080/1/114674/AUTH_d8741d1891ef40e5a7a8c7bee0ab6eed/gnocchi.17e473af-eef2-4f69-b547-6909398a6d6b/1764720000.0_mean_300.0_v3" "tx8f0096d5ac2344ee9484d-006933a615" "object-server 96250" 0.0006 "-" 95916 0
Dec 05 22:42:13 np0005548602.novalocal object-server[96250]: ::1 - - [06/Dec/2025:03:42:13 +0000] "PUT /1/114674/AUTH_d8741d1891ef40e5a7a8c7bee0ab6eed/gnocchi.17e473af-eef2-4f69-b547-6909398a6d6b/1764720000.0_mean_300.0_v3" 201 - "PUT https://[::1]:8080/v1/AUTH_d8741d1891ef40e5a7a8c7bee0ab6eed/gnocchi.17e473af-eef2-4f69-b547-6909398a6d6b/1764720000.0_mean_300.0_v3" "tx8f0096d5ac2344ee9484d-006933a615" "proxy-server 97198" 0.0134 "-" 96250 0
Dec 05 22:42:13 np0005548602.novalocal proxy-server[97198]: ::1 ::1 06/Dec/2025/03/42/13 PUT /v1/AUTH_d8741d1891ef40e5a7a8c7bee0ab6eed/gnocchi.17e473af-eef2-4f69-b547-6909398a6d6b/1764720000.0_mean_300.0_v3 HTTP/1.0 201 - python-swiftclient-4.8.0 gAAAAABpM6XeP7WC... 16 - - tx8f0096d5ac2344ee9484d-006933a615 - 0.0201 - - 1764992533.074854374 1764992533.094982624 0 1229ee3e1d964977b2a5589f27ad366e
Dec 05 22:42:13 np0005548602.novalocal container-server[95917]: ::1 - - [06/Dec/2025:03:42:13 +0000] "PUT /3/11249/AUTH_d8741d1891ef40e5a7a8c7bee0ab6eed/gnocchi.17e473af-eef2-4f69-b547-6909398a6d6b/none_v3" 201 - "PUT http://[::1]:8080/2/177755/AUTH_d8741d1891ef40e5a7a8c7bee0ab6eed/gnocchi.17e473af-eef2-4f69-b547-6909398a6d6b/none_v3" "txabc37f44d0a2448b9e52a-006933a615" "object-server 96249" 0.0003 "-" 95917 0
Dec 05 22:42:13 np0005548602.novalocal object-server[96249]: ::1 - - [06/Dec/2025:03:42:13 +0000] "PUT /2/177755/AUTH_d8741d1891ef40e5a7a8c7bee0ab6eed/gnocchi.17e473af-eef2-4f69-b547-6909398a6d6b/none_v3" 201 - "PUT https://[::1]:8080/v1/AUTH_d8741d1891ef40e5a7a8c7bee0ab6eed/gnocchi.17e473af-eef2-4f69-b547-6909398a6d6b/none_v3" "txabc37f44d0a2448b9e52a-006933a615" "proxy-server 97198" 0.0105 "-" 96249 0
Dec 05 22:42:13 np0005548602.novalocal container-server[95917]: ::1 - - [06/Dec/2025:03:42:13 +0000] "PUT /1/11249/AUTH_d8741d1891ef40e5a7a8c7bee0ab6eed/gnocchi.17e473af-eef2-4f69-b547-6909398a6d6b/none_v3" 201 - "PUT http://[::1]:8080/3/177755/AUTH_d8741d1891ef40e5a7a8c7bee0ab6eed/gnocchi.17e473af-eef2-4f69-b547-6909398a6d6b/none_v3" "txabc37f44d0a2448b9e52a-006933a615" "object-server 96250" 0.0002 "-" 95917 0
Dec 05 22:42:13 np0005548602.novalocal container-server[95916]: ::1 - - [06/Dec/2025:03:42:13 +0000] "PUT /2/11249/AUTH_d8741d1891ef40e5a7a8c7bee0ab6eed/gnocchi.17e473af-eef2-4f69-b547-6909398a6d6b/none_v3" 201 - "PUT http://[::1]:8080/1/177755/AUTH_d8741d1891ef40e5a7a8c7bee0ab6eed/gnocchi.17e473af-eef2-4f69-b547-6909398a6d6b/none_v3" "txabc37f44d0a2448b9e52a-006933a615" "object-server 96250" 0.0006 "-" 95916 0
