Dec 05 22:42:29 np0005548602.novalocal account-server[95623]: ::1 - - [06/Dec/2025:03:42:29 +0000] "HEAD /2/249817/.misplaced_objects" 404 - "HEAD http://localhost/v1/.misplaced_objects?format=json" "tx4b283627f85a44da96b6b-006933a625" "Swift Container Reconciler" 0.0003 "-" 95623 -
Dec 05 22:42:29 np0005548602.novalocal account-server[95623]: ::1 - - [06/Dec/2025:03:42:29 +0000] "HEAD /3/249817/.misplaced_objects" 404 - "HEAD http://localhost/v1/.misplaced_objects?format=json" "tx4b283627f85a44da96b6b-006933a625" "Swift Container Reconciler" 0.0003 "-" 95623 -
Dec 05 22:42:29 np0005548602.novalocal container-reconciler-ic[91656]: - - 06/Dec/2025/03/42/29 HEAD /v1/.misplaced_objects%3Fformat%3Djson HTTP/1.0 404 - Swift - - - - tx4b283627f85a44da96b6b-006933a625 - 0.0094 GET_ACCOUNT_INFO - 1764992549.243174553 1764992549.252539873 - -
Dec 05 22:42:29 np0005548602.novalocal container-server[95916]: ::1 - - [06/Dec/2025:03:42:29 +0000] "GET /3/13763/.misplaced_objects/1764990000" 404 - "GET http://localhost/v1/.misplaced_objects/1764990000?format=json&marker=&end_marker=&prefix=&states=listing" "tx4b283627f85a44da96b6b-006933a625" "Swift Container Reconciler" 0.0006 "-" 95916 0
Dec 05 22:42:29 np0005548602.novalocal container-server[95917]: ::1 - - [06/Dec/2025:03:42:29 +0000] "GET /2/13763/.misplaced_objects/1764990000" 404 - "GET http://localhost/v1/.misplaced_objects/1764990000?format=json&marker=&end_marker=&prefix=&states=listing" "tx4b283627f85a44da96b6b-006933a625" "Swift Container Reconciler" 0.0006 "-" 95917 0
Dec 05 22:42:29 np0005548602.novalocal container-server[95916]: ::1 - - [06/Dec/2025:03:42:29 +0000] "GET /1/13763/.misplaced_objects/1764990000" 404 - "GET http://localhost/v1/.misplaced_objects/1764990000?format=json&marker=&end_marker=&prefix=&states=listing" "tx4b283627f85a44da96b6b-006933a625" "Swift Container Reconciler" 0.0005 "-" 95916 0
Dec 05 22:42:29 np0005548602.novalocal container-reconciler-ic[91656]: - - 06/Dec/2025/03/42/29 GET /v1/.misplaced_objects/1764990000%3Fformat%3Djson%26marker%3D%26end_marker%3D%26prefix%3D%26states%3Dlisting HTTP/1.0 404 - Swift%20Container%20Reconciler - - 70 - tx4b283627f85a44da96b6b-006933a625 - 0.0221 - - 1764992549.242097855 1764992549.264207363 0 -
Dec 05 22:42:29 np0005548602.novalocal account-server[95623]: ::1 - - [06/Dec/2025:03:42:29 +0000] "GET /1/249817/.misplaced_objects" 404 - "GET http://localhost/v1/.misplaced_objects?format=json&marker=&end_marker=&prefix=" "tx614ac399eca543a09a622-006933a625" "Swift Container Reconciler" 0.0003 "-" 95623 -
Dec 05 22:42:29 np0005548602.novalocal account-server[95623]: ::1 - - [06/Dec/2025:03:42:29 +0000] "GET /2/249817/.misplaced_objects" 404 - "GET http://localhost/v1/.misplaced_objects?format=json&marker=&end_marker=&prefix=" "tx614ac399eca543a09a622-006933a625" "Swift Container Reconciler" 0.0003 "-" 95623 -
Dec 05 22:42:29 np0005548602.novalocal account-server[95623]: ::1 - - [06/Dec/2025:03:42:29 +0000] "GET /3/249817/.misplaced_objects" 404 - "GET http://localhost/v1/.misplaced_objects?format=json&marker=&end_marker=&prefix=" "tx614ac399eca543a09a622-006933a625" "Swift Container Reconciler" 0.0002 "-" 95623 -
Dec 05 22:42:29 np0005548602.novalocal container-reconciler-ic[91656]: - - 06/Dec/2025/03/42/29 GET /v1/.misplaced_objects%3Fformat%3Djson%26marker%3D%26end_marker%3D%26prefix%3D HTTP/1.0 404 - Swift%20Container%20Reconciler - - - - tx614ac399eca543a09a622-006933a625 - 0.0082 - - 1764992549.264890194 1764992549.273109674 - -
Dec 05 22:42:29 np0005548602.novalocal container-reconciler[91656]: Reconciler Stats: {}
Dec 05 22:42:29 np0005548602.novalocal container-reconciler[91656]: sleeping between intervals (30.0s)
Dec 05 22:42:29 np0005548602.novalocal container-server[95917]: ::1 - - [06/Dec/2025:03:42:29 +0000] "HEAD /1/136664/AUTH_d8741d1891ef40e5a7a8c7bee0ab6eed/gnocchi.2e4939f3-a31a-4ca8-81a3-c4d7ab2ff002" 404 - "HEAD http://[::1]:8080/v1/AUTH_d8741d1891ef40e5a7a8c7bee0ab6eed/gnocchi.2e4939f3-a31a-4ca8-81a3-c4d7ab2ff002" "txb82f3815ba9446d290f27-006933a625" "proxy-server 97198" 0.0007 "-" 95917 0
Dec 05 22:42:29 np0005548602.novalocal container-server[95917]: ::1 - - [06/Dec/2025:03:42:29 +0000] "HEAD /3/136664/AUTH_d8741d1891ef40e5a7a8c7bee0ab6eed/gnocchi.2e4939f3-a31a-4ca8-81a3-c4d7ab2ff002" 404 - "HEAD http://[::1]:8080/v1/AUTH_d8741d1891ef40e5a7a8c7bee0ab6eed/gnocchi.2e4939f3-a31a-4ca8-81a3-c4d7ab2ff002" "txb82f3815ba9446d290f27-006933a625" "proxy-server 97198" 0.0004 "-" 95917 0
Dec 05 22:42:29 np0005548602.novalocal container-server[95916]: ::1 - - [06/Dec/2025:03:42:29 +0000] "HEAD /2/136664/AUTH_d8741d1891ef40e5a7a8c7bee0ab6eed/gnocchi.2e4939f3-a31a-4ca8-81a3-c4d7ab2ff002" 404 - "HEAD http://[::1]:8080/v1/AUTH_d8741d1891ef40e5a7a8c7bee0ab6eed/gnocchi.2e4939f3-a31a-4ca8-81a3-c4d7ab2ff002" "txb82f3815ba9446d290f27-006933a625" "proxy-server 97198" 0.0005 "-" 95916 0
Dec 05 22:42:29 np0005548602.novalocal proxy-server[97198]: - - 06/Dec/2025/03/42/29 HEAD /v1/AUTH_d8741d1891ef40e5a7a8c7bee0ab6eed/gnocchi.2e4939f3-a31a-4ca8-81a3-c4d7ab2ff002 HTTP/1.0 404 - Swift - - - - txb82f3815ba9446d290f27-006933a625 - 0.0146 CS - 1764992549.577248096 1764992549.591883183 0 -
Dec 05 22:42:29 np0005548602.novalocal object-server[96250]: ::1 - - [06/Dec/2025:03:42:29 +0000] "GET /3/10648/AUTH_d8741d1891ef40e5a7a8c7bee0ab6eed/gnocchi.2e4939f3-a31a-4ca8-81a3-c4d7ab2ff002/none_v3" 404 70 "GET https://[::1]:8080/v1/AUTH_d8741d1891ef40e5a7a8c7bee0ab6eed/gnocchi.2e4939f3-a31a-4ca8-81a3-c4d7ab2ff002/none_v3" "txb82f3815ba9446d290f27-006933a625" "proxy-server 97198" 0.0006 "-" 96250 0
Dec 05 22:42:29 np0005548602.novalocal object-server[96250]: ::1 - - [06/Dec/2025:03:42:29 +0000] "GET /2/10648/AUTH_d8741d1891ef40e5a7a8c7bee0ab6eed/gnocchi.2e4939f3-a31a-4ca8-81a3-c4d7ab2ff002/none_v3" 404 70 "GET https://[::1]:8080/v1/AUTH_d8741d1891ef40e5a7a8c7bee0ab6eed/gnocchi.2e4939f3-a31a-4ca8-81a3-c4d7ab2ff002/none_v3" "txb82f3815ba9446d290f27-006933a625" "proxy-server 97198" 0.0004 "-" 96250 0
Dec 05 22:42:29 np0005548602.novalocal object-server[96249]: ::1 - - [06/Dec/2025:03:42:29 +0000] "GET /1/10648/AUTH_d8741d1891ef40e5a7a8c7bee0ab6eed/gnocchi.2e4939f3-a31a-4ca8-81a3-c4d7ab2ff002/none_v3" 404 70 "GET https://[::1]:8080/v1/AUTH_d8741d1891ef40e5a7a8c7bee0ab6eed/gnocchi.2e4939f3-a31a-4ca8-81a3-c4d7ab2ff002/none_v3" "txb82f3815ba9446d290f27-006933a625" "proxy-server 97198" 0.0004 "-" 96249 0
Dec 05 22:42:29 np0005548602.novalocal proxy-server[97198]: ::1 ::1 06/Dec/2025/03/42/29 GET /v1/AUTH_d8741d1891ef40e5a7a8c7bee0ab6eed/gnocchi.2e4939f3-a31a-4ca8-81a3-c4d7ab2ff002/none_v3 HTTP/1.0 404 - python-swiftclient-4.8.0 gAAAAABpM6W9MtUs... - 70 - txb82f3815ba9446d290f27-006933a625 - 0.0351 - - 1764992549.576125622 1764992549.611243486 0 1229ee3e1d964977b2a5589f27ad366e
Dec 05 22:42:29 np0005548602.novalocal account-server[95623]: ::1 - - [06/Dec/2025:03:42:29 +0000] "PUT /1/76100/AUTH_d8741d1891ef40e5a7a8c7bee0ab6eed/gnocchi.2e4939f3-a31a-4ca8-81a3-c4d7ab2ff002" 201 - "PUT http://[::1]:6001/1/136664/AUTH_d8741d1891ef40e5a7a8c7bee0ab6eed/gnocchi.2e4939f3-a31a-4ca8-81a3-c4d7ab2ff002" "tx9f9a08d80b9745928e749-006933a625" "container-server 95916" 0.0072 "-" 95623 0
Dec 05 22:42:29 np0005548602.novalocal container-server[95916]: ::1 - - [06/Dec/2025:03:42:29 +0000] "PUT /1/136664/AUTH_d8741d1891ef40e5a7a8c7bee0ab6eed/gnocchi.2e4939f3-a31a-4ca8-81a3-c4d7ab2ff002" 201 - "PUT https://[::1]:8080/v1/AUTH_d8741d1891ef40e5a7a8c7bee0ab6eed/gnocchi.2e4939f3-a31a-4ca8-81a3-c4d7ab2ff002" "tx9f9a08d80b9745928e749-006933a625" "proxy-server 97198" 0.0241 "-" 95916 0
Dec 05 22:42:29 np0005548602.novalocal account-server[95624]: ::1 - - [06/Dec/2025:03:42:29 +0000] "PUT /3/76100/AUTH_d8741d1891ef40e5a7a8c7bee0ab6eed/gnocchi.2e4939f3-a31a-4ca8-81a3-c4d7ab2ff002" 201 - "PUT http://[::1]:6001/2/136664/AUTH_d8741d1891ef40e5a7a8c7bee0ab6eed/gnocchi.2e4939f3-a31a-4ca8-81a3-c4d7ab2ff002" "tx9f9a08d80b9745928e749-006933a625" "container-server 95917" 0.0053 "-" 95624 0
Dec 05 22:42:29 np0005548602.novalocal container-server[95917]: ::1 - - [06/Dec/2025:03:42:29 +0000] "PUT /2/136664/AUTH_d8741d1891ef40e5a7a8c7bee0ab6eed/gnocchi.2e4939f3-a31a-4ca8-81a3-c4d7ab2ff002" 201 - "PUT https://[::1]:8080/v1/AUTH_d8741d1891ef40e5a7a8c7bee0ab6eed/gnocchi.2e4939f3-a31a-4ca8-81a3-c4d7ab2ff002" "tx9f9a08d80b9745928e749-006933a625" "proxy-server 97198" 0.0348 "-" 95917 0
Dec 05 22:42:29 np0005548602.novalocal account-server[95624]: ::1 - - [06/Dec/2025:03:42:29 +0000] "PUT /2/76100/AUTH_d8741d1891ef40e5a7a8c7bee0ab6eed/gnocchi.2e4939f3-a31a-4ca8-81a3-c4d7ab2ff002" 201 - "PUT http://[::1]:6001/3/136664/AUTH_d8741d1891ef40e5a7a8c7bee0ab6eed/gnocchi.2e4939f3-a31a-4ca8-81a3-c4d7ab2ff002" "tx9f9a08d80b9745928e749-006933a625" "container-server 95917" 0.0053 "-" 95624 0
Dec 05 22:42:29 np0005548602.novalocal container-server[95917]: ::1 - - [06/Dec/2025:03:42:29 +0000] "PUT /3/136664/AUTH_d8741d1891ef40e5a7a8c7bee0ab6eed/gnocchi.2e4939f3-a31a-4ca8-81a3-c4d7ab2ff002" 201 - "PUT https://[::1]:8080/v1/AUTH_d8741d1891ef40e5a7a8c7bee0ab6eed/gnocchi.2e4939f3-a31a-4ca8-81a3-c4d7ab2ff002" "tx9f9a08d80b9745928e749-006933a625" "proxy-server 97198" 0.0250 "-" 95917 0
Dec 05 22:42:29 np0005548602.novalocal proxy-server[97198]: ::1 ::1 06/Dec/2025/03/42/29 PUT /v1/AUTH_d8741d1891ef40e5a7a8c7bee0ab6eed/gnocchi.2e4939f3-a31a-4ca8-81a3-c4d7ab2ff002 HTTP/1.0 201 - python-swiftclient-4.8.0 gAAAAABpM6W9MtUs... - - - tx9f9a08d80b9745928e749-006933a625 - 0.0536 - - 1764992549.616102934 1764992549.669744015 0 1229ee3e1d964977b2a5589f27ad366e
Dec 05 22:42:29 np0005548602.novalocal container-server[95916]: ::1 - - [06/Dec/2025:03:42:29 +0000] "HEAD /2/136664/AUTH_d8741d1891ef40e5a7a8c7bee0ab6eed/gnocchi.2e4939f3-a31a-4ca8-81a3-c4d7ab2ff002" 204 - "HEAD http://[::1]:8080/v1/AUTH_d8741d1891ef40e5a7a8c7bee0ab6eed/gnocchi.2e4939f3-a31a-4ca8-81a3-c4d7ab2ff002" "tx24e4b2450fe94a8d88242-006933a625" "proxy-server 97198" 0.0020 "-" 95916 0
Dec 05 22:42:29 np0005548602.novalocal proxy-server[97198]: - - 06/Dec/2025/03/42/29 HEAD /v1/AUTH_d8741d1891ef40e5a7a8c7bee0ab6eed/gnocchi.2e4939f3-a31a-4ca8-81a3-c4d7ab2ff002 HTTP/1.0 204 - Swift - - - - tx24e4b2450fe94a8d88242-006933a625 - 0.0078 CS - 1764992549.674621582 1764992549.682390451 0 -
Dec 05 22:42:29 np0005548602.novalocal container-server[95917]: ::1 - - [06/Dec/2025:03:42:29 +0000] "GET /1/136664/AUTH_d8741d1891ef40e5a7a8c7bee0ab6eed/gnocchi.2e4939f3-a31a-4ca8-81a3-c4d7ab2ff002" 200 2 "GET https://[::1]:8080/v1/AUTH_d8741d1891ef40e5a7a8c7bee0ab6eed/gnocchi.2e4939f3-a31a-4ca8-81a3-c4d7ab2ff002?format=json&states=listing" "tx24e4b2450fe94a8d88242-006933a625" "proxy-server 97198" 0.0037 "-" 95917 0
Dec 05 22:42:29 np0005548602.novalocal proxy-server[97198]: ::1 ::1 06/Dec/2025/03/42/29 GET /v1/AUTH_d8741d1891ef40e5a7a8c7bee0ab6eed/gnocchi.2e4939f3-a31a-4ca8-81a3-c4d7ab2ff002%3Fformat%3Djson%26states%3Dlisting HTTP/1.0 200 - python-swiftclient-4.8.0 gAAAAABpM6W9MtUs... - 2 - tx24e4b2450fe94a8d88242-006933a625 - 0.0241 - - 1764992549.673700333 1764992549.697769403 0 1229ee3e1d964977b2a5589f27ad366e
Dec 05 22:42:29 np0005548602.novalocal object-server[96249]: ::1 - - [06/Dec/2025:03:42:29 +0000] "GET /1/116237/AUTH_d8741d1891ef40e5a7a8c7bee0ab6eed/gnocchi.2e4939f3-a31a-4ca8-81a3-c4d7ab2ff002/1764720000.0_mean_300.0_v3" 404 70 "GET https://[::1]:8080/v1/AUTH_d8741d1891ef40e5a7a8c7bee0ab6eed/gnocchi.2e4939f3-a31a-4ca8-81a3-c4d7ab2ff002/1764720000.0_mean_300.0_v3" "tx133b0745d5ae48ee96194-006933a625" "proxy-server 97198" 0.0003 "-" 96249 0
Dec 05 22:42:29 np0005548602.novalocal object-server[96249]: ::1 - - [06/Dec/2025:03:42:29 +0000] "GET /3/116237/AUTH_d8741d1891ef40e5a7a8c7bee0ab6eed/gnocchi.2e4939f3-a31a-4ca8-81a3-c4d7ab2ff002/1764720000.0_mean_300.0_v3" 404 70 "GET https://[::1]:8080/v1/AUTH_d8741d1891ef40e5a7a8c7bee0ab6eed/gnocchi.2e4939f3-a31a-4ca8-81a3-c4d7ab2ff002/1764720000.0_mean_300.0_v3" "tx133b0745d5ae48ee96194-006933a625" "proxy-server 97198" 0.0005 "-" 96249 0
Dec 05 22:42:29 np0005548602.novalocal object-server[96249]: ::1 - - [06/Dec/2025:03:42:29 +0000] "GET /2/116237/AUTH_d8741d1891ef40e5a7a8c7bee0ab6eed/gnocchi.2e4939f3-a31a-4ca8-81a3-c4d7ab2ff002/1764720000.0_mean_300.0_v3" 404 70 "GET https://[::1]:8080/v1/AUTH_d8741d1891ef40e5a7a8c7bee0ab6eed/gnocchi.2e4939f3-a31a-4ca8-81a3-c4d7ab2ff002/1764720000.0_mean_300.0_v3" "tx133b0745d5ae48ee96194-006933a625" "proxy-server 97198" 0.0006 "-" 96249 0
Dec 05 22:42:29 np0005548602.novalocal proxy-server[97198]: ::1 ::1 06/Dec/2025/03/42/29 GET /v1/AUTH_d8741d1891ef40e5a7a8c7bee0ab6eed/gnocchi.2e4939f3-a31a-4ca8-81a3-c4d7ab2ff002/1764720000.0_mean_300.0_v3 HTTP/1.0 404 - python-swiftclient-4.8.0 gAAAAABpM6W9MtUs... - 70 - tx133b0745d5ae48ee96194-006933a625 - 0.0178 - - 1764992549.701714993 1764992549.719555855 0 1229ee3e1d964977b2a5589f27ad366e
Dec 05 22:42:29 np0005548602.novalocal container-server[95916]: ::1 - - [06/Dec/2025:03:42:29 +0000] "PUT /3/136664/AUTH_d8741d1891ef40e5a7a8c7bee0ab6eed/gnocchi.2e4939f3-a31a-4ca8-81a3-c4d7ab2ff002/1764720000.0_mean_300.0_v3" 201 - "PUT http://[::1]:8080/3/116237/AUTH_d8741d1891ef40e5a7a8c7bee0ab6eed/gnocchi.2e4939f3-a31a-4ca8-81a3-c4d7ab2ff002/1764720000.0_mean_300.0_v3" "tx387d2f29ef704e07b1d36-006933a625" "object-server 96249" 0.0009 "-" 95916 0
Dec 05 22:42:29 np0005548602.novalocal container-server[95917]: ::1 - - [06/Dec/2025:03:42:29 +0000] "PUT /2/136664/AUTH_d8741d1891ef40e5a7a8c7bee0ab6eed/gnocchi.2e4939f3-a31a-4ca8-81a3-c4d7ab2ff002/1764720000.0_mean_300.0_v3" 201 - "PUT http://[::1]:8080/1/116237/AUTH_d8741d1891ef40e5a7a8c7bee0ab6eed/gnocchi.2e4939f3-a31a-4ca8-81a3-c4d7ab2ff002/1764720000.0_mean_300.0_v3" "tx387d2f29ef704e07b1d36-006933a625" "object-server 96250" 0.0009 "-" 95917 0
Dec 05 22:42:29 np0005548602.novalocal object-server[96250]: ::1 - - [06/Dec/2025:03:42:29 +0000] "PUT /1/116237/AUTH_d8741d1891ef40e5a7a8c7bee0ab6eed/gnocchi.2e4939f3-a31a-4ca8-81a3-c4d7ab2ff002/1764720000.0_mean_300.0_v3" 201 - "PUT https://[::1]:8080/v1/AUTH_d8741d1891ef40e5a7a8c7bee0ab6eed/gnocchi.2e4939f3-a31a-4ca8-81a3-c4d7ab2ff002/1764720000.0_mean_300.0_v3" "tx387d2f29ef704e07b1d36-006933a625" "proxy-server 97198" 0.0182 "-" 96250 0
Dec 05 22:42:29 np0005548602.novalocal container-server[95917]: ::1 - - [06/Dec/2025:03:42:29 +0000] "PUT /1/136664/AUTH_d8741d1891ef40e5a7a8c7bee0ab6eed/gnocchi.2e4939f3-a31a-4ca8-81a3-c4d7ab2ff002/1764720000.0_mean_300.0_v3" 201 - "PUT http://[::1]:8080/2/116237/AUTH_d8741d1891ef40e5a7a8c7bee0ab6eed/gnocchi.2e4939f3-a31a-4ca8-81a3-c4d7ab2ff002/1764720000.0_mean_300.0_v3" "tx387d2f29ef704e07b1d36-006933a625" "object-server 96250" 0.0009 "-" 95917 0
Dec 05 22:42:29 np0005548602.novalocal object-server[96250]: ::1 - - [06/Dec/2025:03:42:29 +0000] "PUT /2/116237/AUTH_d8741d1891ef40e5a7a8c7bee0ab6eed/gnocchi.2e4939f3-a31a-4ca8-81a3-c4d7ab2ff002/1764720000.0_mean_300.0_v3" 201 - "PUT https://[::1]:8080/v1/AUTH_d8741d1891ef40e5a7a8c7bee0ab6eed/gnocchi.2e4939f3-a31a-4ca8-81a3-c4d7ab2ff002/1764720000.0_mean_300.0_v3" "tx387d2f29ef704e07b1d36-006933a625" "proxy-server 97198" 0.0177 "-" 96250 0
Dec 05 22:42:29 np0005548602.novalocal object-server[96249]: ::1 - - [06/Dec/2025:03:42:29 +0000] "PUT /3/116237/AUTH_d8741d1891ef40e5a7a8c7bee0ab6eed/gnocchi.2e4939f3-a31a-4ca8-81a3-c4d7ab2ff002/1764720000.0_mean_300.0_v3" 201 - "PUT https://[::1]:8080/v1/AUTH_d8741d1891ef40e5a7a8c7bee0ab6eed/gnocchi.2e4939f3-a31a-4ca8-81a3-c4d7ab2ff002/1764720000.0_mean_300.0_v3" "tx387d2f29ef704e07b1d36-006933a625" "proxy-server 97198" 0.0189 "-" 96249 0
Dec 05 22:42:29 np0005548602.novalocal proxy-server[97198]: ::1 ::1 06/Dec/2025/03/42/29 PUT /v1/AUTH_d8741d1891ef40e5a7a8c7bee0ab6eed/gnocchi.2e4939f3-a31a-4ca8-81a3-c4d7ab2ff002/1764720000.0_mean_300.0_v3 HTTP/1.0 201 - python-swiftclient-4.8.0 gAAAAABpM6W9MtUs... 16 - - tx387d2f29ef704e07b1d36-006933a625 - 0.0334 - - 1764992549.722851276 1764992549.756278038 0 1229ee3e1d964977b2a5589f27ad366e
Dec 05 22:42:29 np0005548602.novalocal container-server[95916]: ::1 - - [06/Dec/2025:03:42:29 +0000] "PUT /1/136664/AUTH_d8741d1891ef40e5a7a8c7bee0ab6eed/gnocchi.2e4939f3-a31a-4ca8-81a3-c4d7ab2ff002/none_v3" 201 - "PUT http://[::1]:8080/1/10648/AUTH_d8741d1891ef40e5a7a8c7bee0ab6eed/gnocchi.2e4939f3-a31a-4ca8-81a3-c4d7ab2ff002/none_v3" "tx475a5cf2534b49c387f71-006933a625" "object-server 96250" 0.0007 "-" 95916 0
Dec 05 22:42:29 np0005548602.novalocal object-server[96250]: ::1 - - [06/Dec/2025:03:42:29 +0000] "PUT /1/10648/AUTH_d8741d1891ef40e5a7a8c7bee0ab6eed/gnocchi.2e4939f3-a31a-4ca8-81a3-c4d7ab2ff002/none_v3" 201 - "PUT https://[::1]:8080/v1/AUTH_d8741d1891ef40e5a7a8c7bee0ab6eed/gnocchi.2e4939f3-a31a-4ca8-81a3-c4d7ab2ff002/none_v3" "tx475a5cf2534b49c387f71-006933a625" "proxy-server 97198" 0.0112 "-" 96250 0
Dec 05 22:42:29 np0005548602.novalocal container-server[95916]: ::1 - - [06/Dec/2025:03:42:29 +0000] "PUT /2/136664/AUTH_d8741d1891ef40e5a7a8c7bee0ab6eed/gnocchi.2e4939f3-a31a-4ca8-81a3-c4d7ab2ff002/none_v3" 201 - "PUT http://[::1]:8080/3/10648/AUTH_d8741d1891ef40e5a7a8c7bee0ab6eed/gnocchi.2e4939f3-a31a-4ca8-81a3-c4d7ab2ff002/none_v3" "tx475a5cf2534b49c387f71-006933a625" "object-server 96250" 0.0005 "-" 95916 0
Dec 05 22:42:29 np0005548602.novalocal container-server[95917]: ::1 - - [06/Dec/2025:03:42:29 +0000] "PUT /3/136664/AUTH_d8741d1891ef40e5a7a8c7bee0ab6eed/gnocchi.2e4939f3-a31a-4ca8-81a3-c4d7ab2ff002/none_v3" 201 - "PUT http://[::1]:8080/2/10648/AUTH_d8741d1891ef40e5a7a8c7bee0ab6eed/gnocchi.2e4939f3-a31a-4ca8-81a3-c4d7ab2ff002/none_v3" "tx475a5cf2534b49c387f71-006933a625" "object-server 96249" 0.0012 "-" 95917 0
Dec 05 22:42:29 np0005548602.novalocal object-server[96250]: ::1 - - [06/Dec/2025:03:42:29 +0000] "PUT /3/10648/AUTH_d8741d1891ef40e5a7a8c7bee0ab6eed/gnocchi.2e4939f3-a31a-4ca8-81a3-c4d7ab2ff002/none_v3" 201 - "PUT https://[::1]:8080/v1/AUTH_d8741d1891ef40e5a7a8c7bee0ab6eed/gnocchi.2e4939f3-a31a-4ca8-81a3-c4d7ab2ff002/none_v3" "tx475a5cf2534b49c387f71-006933a625" "proxy-server 97198" 0.0160 "-" 96250 0
Dec 05 22:42:29 np0005548602.novalocal object-server[96249]: ::1 - - [06/Dec/2025:03:42:29 +0000] "PUT /2/10648/AUTH_d8741d1891ef40e5a7a8c7bee0ab6eed/gnocchi.2e4939f3-a31a-4ca8-81a3-c4d7ab2ff002/none_v3" 201 - "PUT https://[::1]:8080/v1/AUTH_d8741d1891ef40e5a7a8c7bee0ab6eed/gnocchi.2e4939f3-a31a-4ca8-81a3-c4d7ab2ff002/none_v3" "tx475a5cf2534b49c387f71-006933a625" "proxy-server 97198" 0.0162 "-" 96249 0
Dec 05 22:42:29 np0005548602.novalocal proxy-server[97198]: ::1 ::1 06/Dec/2025/03/42/29 PUT /v1/AUTH_d8741d1891ef40e5a7a8c7bee0ab6eed/gnocchi.2e4939f3-a31a-4ca8-81a3-c4d7ab2ff002/none_v3 HTTP/1.0 201 - python-swiftclient-4.8.0 gAAAAABpM6W9MtUs... 22 - - tx475a5cf2534b49c387f71-006933a625 - 0.0304 - - 1764992549.759726524 1764992549.790169239 0 1229ee3e1d964977b2a5589f27ad366e
Dec 05 22:42:29 np0005548602.novalocal container-server[95917]: ::1 - - [06/Dec/2025:03:42:29 +0000] "HEAD /2/11312/AUTH_d8741d1891ef40e5a7a8c7bee0ab6eed/gnocchi.d1187a55-686f-4819-8354-ccd7163ccb9a" 404 - "HEAD http://[::1]:8080/v1/AUTH_d8741d1891ef40e5a7a8c7bee0ab6eed/gnocchi.d1187a55-686f-4819-8354-ccd7163ccb9a" "txde19fb8d6b9843e09b28b-006933a625" "proxy-server 97198" 0.0006 "-" 95917 0
Dec 05 22:42:29 np0005548602.novalocal container-server[95917]: ::1 - - [06/Dec/2025:03:42:29 +0000] "HEAD /1/11312/AUTH_d8741d1891ef40e5a7a8c7bee0ab6eed/gnocchi.d1187a55-686f-4819-8354-ccd7163ccb9a" 404 - "HEAD http://[::1]:8080/v1/AUTH_d8741d1891ef40e5a7a8c7bee0ab6eed/gnocchi.d1187a55-686f-4819-8354-ccd7163ccb9a" "txde19fb8d6b9843e09b28b-006933a625" "proxy-server 97198" 0.0004 "-" 95917 0
Dec 05 22:42:29 np0005548602.novalocal container-server[95917]: ::1 - - [06/Dec/2025:03:42:29 +0000] "HEAD /3/11312/AUTH_d8741d1891ef40e5a7a8c7bee0ab6eed/gnocchi.d1187a55-686f-4819-8354-ccd7163ccb9a" 404 - "HEAD http://[::1]:8080/v1/AUTH_d8741d1891ef40e5a7a8c7bee0ab6eed/gnocchi.d1187a55-686f-4819-8354-ccd7163ccb9a" "txde19fb8d6b9843e09b28b-006933a625" "proxy-server 97198" 0.0003 "-" 95917 0
Dec 05 22:42:29 np0005548602.novalocal proxy-server[97198]: - - 06/Dec/2025/03/42/29 HEAD /v1/AUTH_d8741d1891ef40e5a7a8c7bee0ab6eed/gnocchi.d1187a55-686f-4819-8354-ccd7163ccb9a HTTP/1.0 404 - Swift - - - - txde19fb8d6b9843e09b28b-006933a625 - 0.0094 CS - 1764992549.835658312 1764992549.845049381 0 -
Dec 05 22:42:29 np0005548602.novalocal object-server[96250]: ::1 - - [06/Dec/2025:03:42:29 +0000] "GET /2/24401/AUTH_d8741d1891ef40e5a7a8c7bee0ab6eed/gnocchi.d1187a55-686f-4819-8354-ccd7163ccb9a/none_v3" 404 70 "GET https://[::1]:8080/v1/AUTH_d8741d1891ef40e5a7a8c7bee0ab6eed/gnocchi.d1187a55-686f-4819-8354-ccd7163ccb9a/none_v3" "txde19fb8d6b9843e09b28b-006933a625" "proxy-server 97198" 0.0004 "-" 96250 0
Dec 05 22:42:29 np0005548602.novalocal object-server[96250]: ::1 - - [06/Dec/2025:03:42:29 +0000] "GET /1/24401/AUTH_d8741d1891ef40e5a7a8c7bee0ab6eed/gnocchi.d1187a55-686f-4819-8354-ccd7163ccb9a/none_v3" 404 70 "GET https://[::1]:8080/v1/AUTH_d8741d1891ef40e5a7a8c7bee0ab6eed/gnocchi.d1187a55-686f-4819-8354-ccd7163ccb9a/none_v3" "txde19fb8d6b9843e09b28b-006933a625" "proxy-server 97198" 0.0002 "-" 96250 0
Dec 05 22:42:29 np0005548602.novalocal object-server[96250]: ::1 - - [06/Dec/2025:03:42:29 +0000] "GET /3/24401/AUTH_d8741d1891ef40e5a7a8c7bee0ab6eed/gnocchi.d1187a55-686f-4819-8354-ccd7163ccb9a/none_v3" 404 70 "GET https://[::1]:8080/v1/AUTH_d8741d1891ef40e5a7a8c7bee0ab6eed/gnocchi.d1187a55-686f-4819-8354-ccd7163ccb9a/none_v3" "txde19fb8d6b9843e09b28b-006933a625" "proxy-server 97198" 0.0003 "-" 96250 0
Dec 05 22:42:29 np0005548602.novalocal proxy-server[97198]: ::1 ::1 06/Dec/2025/03/42/29 GET /v1/AUTH_d8741d1891ef40e5a7a8c7bee0ab6eed/gnocchi.d1187a55-686f-4819-8354-ccd7163ccb9a/none_v3 HTTP/1.0 404 - python-swiftclient-4.8.0 gAAAAABpM6W9MtUs... - 70 - txde19fb8d6b9843e09b28b-006933a625 - 0.0213 - - 1764992549.835090876 1764992549.856437683 0 1229ee3e1d964977b2a5589f27ad366e
Dec 05 22:42:29 np0005548602.novalocal account-server[95623]: ::1 - - [06/Dec/2025:03:42:29 +0000] "PUT /2/76100/AUTH_d8741d1891ef40e5a7a8c7bee0ab6eed/gnocchi.d1187a55-686f-4819-8354-ccd7163ccb9a" 201 - "PUT http://[::1]:6001/3/11312/AUTH_d8741d1891ef40e5a7a8c7bee0ab6eed/gnocchi.d1187a55-686f-4819-8354-ccd7163ccb9a" "tx1f6794f992e84187b4f58-006933a625" "container-server 95916" 0.0065 "-" 95623 0
Dec 05 22:42:29 np0005548602.novalocal container-server[95916]: ::1 - - [06/Dec/2025:03:42:29 +0000] "PUT /3/11312/AUTH_d8741d1891ef40e5a7a8c7bee0ab6eed/gnocchi.d1187a55-686f-4819-8354-ccd7163ccb9a" 201 - "PUT https://[::1]:8080/v1/AUTH_d8741d1891ef40e5a7a8c7bee0ab6eed/gnocchi.d1187a55-686f-4819-8354-ccd7163ccb9a" "tx1f6794f992e84187b4f58-006933a625" "proxy-server 97198" 0.0242 "-" 95916 0
Dec 05 22:42:29 np0005548602.novalocal account-server[95623]: ::1 - - [06/Dec/2025:03:42:29 +0000] "PUT /3/76100/AUTH_d8741d1891ef40e5a7a8c7bee0ab6eed/gnocchi.d1187a55-686f-4819-8354-ccd7163ccb9a" 201 - "PUT http://[::1]:6001/1/11312/AUTH_d8741d1891ef40e5a7a8c7bee0ab6eed/gnocchi.d1187a55-686f-4819-8354-ccd7163ccb9a" "tx1f6794f992e84187b4f58-006933a625" "container-server 95917" 0.0057 "-" 95623 0
Dec 05 22:42:29 np0005548602.novalocal container-server[95917]: ::1 - - [06/Dec/2025:03:42:29 +0000] "PUT /1/11312/AUTH_d8741d1891ef40e5a7a8c7bee0ab6eed/gnocchi.d1187a55-686f-4819-8354-ccd7163ccb9a" 201 - "PUT https://[::1]:8080/v1/AUTH_d8741d1891ef40e5a7a8c7bee0ab6eed/gnocchi.d1187a55-686f-4819-8354-ccd7163ccb9a" "tx1f6794f992e84187b4f58-006933a625" "proxy-server 97198" 0.0286 "-" 95917 0
Dec 05 22:42:29 np0005548602.novalocal account-server[95624]: ::1 - - [06/Dec/2025:03:42:29 +0000] "PUT /1/76100/AUTH_d8741d1891ef40e5a7a8c7bee0ab6eed/gnocchi.d1187a55-686f-4819-8354-ccd7163ccb9a" 201 - "PUT http://[::1]:6001/2/11312/AUTH_d8741d1891ef40e5a7a8c7bee0ab6eed/gnocchi.d1187a55-686f-4819-8354-ccd7163ccb9a" "tx1f6794f992e84187b4f58-006933a625" "container-server 95916" 0.0058 "-" 95624 0
Dec 05 22:42:29 np0005548602.novalocal container-server[95916]: ::1 - - [06/Dec/2025:03:42:29 +0000] "PUT /2/11312/AUTH_d8741d1891ef40e5a7a8c7bee0ab6eed/gnocchi.d1187a55-686f-4819-8354-ccd7163ccb9a" 201 - "PUT https://[::1]:8080/v1/AUTH_d8741d1891ef40e5a7a8c7bee0ab6eed/gnocchi.d1187a55-686f-4819-8354-ccd7163ccb9a" "tx1f6794f992e84187b4f58-006933a625" "proxy-server 97198" 0.0206 "-" 95916 0
Dec 05 22:42:29 np0005548602.novalocal proxy-server[97198]: ::1 ::1 06/Dec/2025/03/42/29 PUT /v1/AUTH_d8741d1891ef40e5a7a8c7bee0ab6eed/gnocchi.d1187a55-686f-4819-8354-ccd7163ccb9a HTTP/1.0 201 - python-swiftclient-4.8.0 gAAAAABpM6W9MtUs... - - - tx1f6794f992e84187b4f58-006933a625 - 0.0399 - - 1764992549.859407902 1764992549.899266720 0 1229ee3e1d964977b2a5589f27ad366e
Dec 05 22:42:29 np0005548602.novalocal container-server[95916]: ::1 - - [06/Dec/2025:03:42:29 +0000] "HEAD /3/11312/AUTH_d8741d1891ef40e5a7a8c7bee0ab6eed/gnocchi.d1187a55-686f-4819-8354-ccd7163ccb9a" 204 - "HEAD http://[::1]:8080/v1/AUTH_d8741d1891ef40e5a7a8c7bee0ab6eed/gnocchi.d1187a55-686f-4819-8354-ccd7163ccb9a" "tx759d0406e8724ba397572-006933a625" "proxy-server 97198" 0.0020 "-" 95916 0
Dec 05 22:42:29 np0005548602.novalocal proxy-server[97198]: - - 06/Dec/2025/03/42/29 HEAD /v1/AUTH_d8741d1891ef40e5a7a8c7bee0ab6eed/gnocchi.d1187a55-686f-4819-8354-ccd7163ccb9a HTTP/1.0 204 - Swift - - - - tx759d0406e8724ba397572-006933a625 - 0.0064 CS - 1764992549.904241323 1764992549.910621643 0 -
Dec 05 22:42:29 np0005548602.novalocal container-server[95917]: ::1 - - [06/Dec/2025:03:42:29 +0000] "GET /3/11312/AUTH_d8741d1891ef40e5a7a8c7bee0ab6eed/gnocchi.d1187a55-686f-4819-8354-ccd7163ccb9a" 200 2 "GET https://[::1]:8080/v1/AUTH_d8741d1891ef40e5a7a8c7bee0ab6eed/gnocchi.d1187a55-686f-4819-8354-ccd7163ccb9a?format=json&states=listing" "tx759d0406e8724ba397572-006933a625" "proxy-server 97198" 0.0042 "-" 95917 0
Dec 05 22:42:29 np0005548602.novalocal proxy-server[97198]: ::1 ::1 06/Dec/2025/03/42/29 GET /v1/AUTH_d8741d1891ef40e5a7a8c7bee0ab6eed/gnocchi.d1187a55-686f-4819-8354-ccd7163ccb9a%3Fformat%3Djson%26states%3Dlisting HTTP/1.0 200 - python-swiftclient-4.8.0 gAAAAABpM6W9MtUs... - 2 - tx759d0406e8724ba397572-006933a625 - 0.0189 - - 1764992549.903573513 1764992549.922461271 0 1229ee3e1d964977b2a5589f27ad366e
Dec 05 22:42:29 np0005548602.novalocal object-server[96249]: ::1 - - [06/Dec/2025:03:42:29 +0000] "GET /3/75502/AUTH_d8741d1891ef40e5a7a8c7bee0ab6eed/gnocchi.d1187a55-686f-4819-8354-ccd7163ccb9a/1764720000.0_mean_300.0_v3" 404 70 "GET https://[::1]:8080/v1/AUTH_d8741d1891ef40e5a7a8c7bee0ab6eed/gnocchi.d1187a55-686f-4819-8354-ccd7163ccb9a/1764720000.0_mean_300.0_v3" "txa64f0afe7c0846d7aafdd-006933a625" "proxy-server 97198" 0.0005 "-" 96249 0
Dec 05 22:42:29 np0005548602.novalocal object-server[96250]: ::1 - - [06/Dec/2025:03:42:29 +0000] "GET /2/75502/AUTH_d8741d1891ef40e5a7a8c7bee0ab6eed/gnocchi.d1187a55-686f-4819-8354-ccd7163ccb9a/1764720000.0_mean_300.0_v3" 404 70 "GET https://[::1]:8080/v1/AUTH_d8741d1891ef40e5a7a8c7bee0ab6eed/gnocchi.d1187a55-686f-4819-8354-ccd7163ccb9a/1764720000.0_mean_300.0_v3" "txa64f0afe7c0846d7aafdd-006933a625" "proxy-server 97198" 0.0004 "-" 96250 0
Dec 05 22:42:29 np0005548602.novalocal object-server[96250]: ::1 - - [06/Dec/2025:03:42:29 +0000] "GET /1/75502/AUTH_d8741d1891ef40e5a7a8c7bee0ab6eed/gnocchi.d1187a55-686f-4819-8354-ccd7163ccb9a/1764720000.0_mean_300.0_v3" 404 70 "GET https://[::1]:8080/v1/AUTH_d8741d1891ef40e5a7a8c7bee0ab6eed/gnocchi.d1187a55-686f-4819-8354-ccd7163ccb9a/1764720000.0_mean_300.0_v3" "txa64f0afe7c0846d7aafdd-006933a625" "proxy-server 97198" 0.0003 "-" 96250 0
Dec 05 22:42:29 np0005548602.novalocal proxy-server[97198]: ::1 ::1 06/Dec/2025/03/42/29 GET /v1/AUTH_d8741d1891ef40e5a7a8c7bee0ab6eed/gnocchi.d1187a55-686f-4819-8354-ccd7163ccb9a/1764720000.0_mean_300.0_v3 HTTP/1.0 404 - python-swiftclient-4.8.0 gAAAAABpM6W9MtUs... - 70 - txa64f0afe7c0846d7aafdd-006933a625 - 0.0147 - - 1764992549.926228762 1764992549.940905571 0 1229ee3e1d964977b2a5589f27ad366e
Dec 05 22:42:29 np0005548602.novalocal container-server[95917]: ::1 - - [06/Dec/2025:03:42:29 +0000] "PUT /3/11312/AUTH_d8741d1891ef40e5a7a8c7bee0ab6eed/gnocchi.d1187a55-686f-4819-8354-ccd7163ccb9a/1764720000.0_mean_300.0_v3" 201 - "PUT http://[::1]:8080/3/75502/AUTH_d8741d1891ef40e5a7a8c7bee0ab6eed/gnocchi.d1187a55-686f-4819-8354-ccd7163ccb9a/1764720000.0_mean_300.0_v3" "txf2a834110e2f424a980f6-006933a625" "object-server 96249" 0.0010 "-" 95917 0
Dec 05 22:42:29 np0005548602.novalocal object-server[96249]: ::1 - - [06/Dec/2025:03:42:29 +0000] "PUT /3/75502/AUTH_d8741d1891ef40e5a7a8c7bee0ab6eed/gnocchi.d1187a55-686f-4819-8354-ccd7163ccb9a/1764720000.0_mean_300.0_v3" 201 - "PUT https://[::1]:8080/v1/AUTH_d8741d1891ef40e5a7a8c7bee0ab6eed/gnocchi.d1187a55-686f-4819-8354-ccd7163ccb9a/1764720000.0_mean_300.0_v3" "txf2a834110e2f424a980f6-006933a625" "proxy-server 97198" 0.0152 "-" 96249 0
Dec 05 22:42:29 np0005548602.novalocal container-server[95917]: ::1 - - [06/Dec/2025:03:42:29 +0000] "PUT /2/11312/AUTH_d8741d1891ef40e5a7a8c7bee0ab6eed/gnocchi.d1187a55-686f-4819-8354-ccd7163ccb9a/1764720000.0_mean_300.0_v3" 201 - "PUT http://[::1]:8080/2/75502/AUTH_d8741d1891ef40e5a7a8c7bee0ab6eed/gnocchi.d1187a55-686f-4819-8354-ccd7163ccb9a/1764720000.0_mean_300.0_v3" "txf2a834110e2f424a980f6-006933a625" "object-server 96250" 0.0019 "-" 95917 0
Dec 05 22:42:29 np0005548602.novalocal object-server[96250]: ::1 - - [06/Dec/2025:03:42:29 +0000] "PUT /2/75502/AUTH_d8741d1891ef40e5a7a8c7bee0ab6eed/gnocchi.d1187a55-686f-4819-8354-ccd7163ccb9a/1764720000.0_mean_300.0_v3" 201 - "PUT https://[::1]:8080/v1/AUTH_d8741d1891ef40e5a7a8c7bee0ab6eed/gnocchi.d1187a55-686f-4819-8354-ccd7163ccb9a/1764720000.0_mean_300.0_v3" "txf2a834110e2f424a980f6-006933a625" "proxy-server 97198" 0.0195 "-" 96250 0
Dec 05 22:42:29 np0005548602.novalocal container-server[95917]: ::1 - - [06/Dec/2025:03:42:29 +0000] "PUT /1/11312/AUTH_d8741d1891ef40e5a7a8c7bee0ab6eed/gnocchi.d1187a55-686f-4819-8354-ccd7163ccb9a/1764720000.0_mean_300.0_v3" 201 - "PUT http://[::1]:8080/1/75502/AUTH_d8741d1891ef40e5a7a8c7bee0ab6eed/gnocchi.d1187a55-686f-4819-8354-ccd7163ccb9a/1764720000.0_mean_300.0_v3" "txf2a834110e2f424a980f6-006933a625" "object-server 96250" 0.0008 "-" 95917 0
Dec 05 22:42:29 np0005548602.novalocal object-server[96250]: ::1 - - [06/Dec/2025:03:42:29 +0000] "PUT /1/75502/AUTH_d8741d1891ef40e5a7a8c7bee0ab6eed/gnocchi.d1187a55-686f-4819-8354-ccd7163ccb9a/1764720000.0_mean_300.0_v3" 201 - "PUT https://[::1]:8080/v1/AUTH_d8741d1891ef40e5a7a8c7bee0ab6eed/gnocchi.d1187a55-686f-4819-8354-ccd7163ccb9a/1764720000.0_mean_300.0_v3" "txf2a834110e2f424a980f6-006933a625" "proxy-server 97198" 0.0196 "-" 96250 0
Dec 05 22:42:29 np0005548602.novalocal proxy-server[97198]: ::1 ::1 06/Dec/2025/03/42/29 PUT /v1/AUTH_d8741d1891ef40e5a7a8c7bee0ab6eed/gnocchi.d1187a55-686f-4819-8354-ccd7163ccb9a/1764720000.0_mean_300.0_v3 HTTP/1.0 201 - python-swiftclient-4.8.0 gAAAAABpM6W9MtUs... 16 - - txf2a834110e2f424a980f6-006933a625 - 0.0298 - - 1764992549.944496632 1764992549.974321127 0 1229ee3e1d964977b2a5589f27ad366e
Dec 05 22:42:29 np0005548602.novalocal container-server[95917]: ::1 - - [06/Dec/2025:03:42:29 +0000] "PUT /2/11312/AUTH_d8741d1891ef40e5a7a8c7bee0ab6eed/gnocchi.d1187a55-686f-4819-8354-ccd7163ccb9a/none_v3" 201 - "PUT http://[::1]:8080/1/24401/AUTH_d8741d1891ef40e5a7a8c7bee0ab6eed/gnocchi.d1187a55-686f-4819-8354-ccd7163ccb9a/none_v3" "txce0318736edf4d57bbd38-006933a625" "object-server 96250" 0.0008 "-" 95917 0
Dec 05 22:42:29 np0005548602.novalocal object-server[96250]: ::1 - - [06/Dec/2025:03:42:29 +0000] "PUT /1/24401/AUTH_d8741d1891ef40e5a7a8c7bee0ab6eed/gnocchi.d1187a55-686f-4819-8354-ccd7163ccb9a/none_v3" 201 - "PUT https://[::1]:8080/v1/AUTH_d8741d1891ef40e5a7a8c7bee0ab6eed/gnocchi.d1187a55-686f-4819-8354-ccd7163ccb9a/none_v3" "txce0318736edf4d57bbd38-006933a625" "proxy-server 97198" 0.0128 "-" 96250 0
Dec 05 22:42:29 np0005548602.novalocal container-server[95916]: ::1 - - [06/Dec/2025:03:42:29 +0000] "PUT /1/11312/AUTH_d8741d1891ef40e5a7a8c7bee0ab6eed/gnocchi.d1187a55-686f-4819-8354-ccd7163ccb9a/none_v3" 201 - "PUT http://[::1]:8080/2/24401/AUTH_d8741d1891ef40e5a7a8c7bee0ab6eed/gnocchi.d1187a55-686f-4819-8354-ccd7163ccb9a/none_v3" "txce0318736edf4d57bbd38-006933a625" "object-server 96249" 0.0008 "-" 95916 0
Dec 05 22:42:30 np0005548602.novalocal object-server[96249]: ::1 - - [06/Dec/2025:03:42:30 +0000] "PUT /2/24401/AUTH_d8741d1891ef40e5a7a8c7bee0ab6eed/gnocchi.d1187a55-686f-4819-8354-ccd7163ccb9a/none_v3" 201 - "PUT https://[::1]:8080/v1/AUTH_d8741d1891ef40e5a7a8c7bee0ab6eed/gnocchi.d1187a55-686f-4819-8354-ccd7163ccb9a/none_v3" "txce0318736edf4d57bbd38-006933a625" "proxy-server 97198" 0.0138 "-" 96249 0
Dec 05 22:42:30 np0005548602.novalocal container-server[95917]: ::1 - - [06/Dec/2025:03:42:30 +0000] "PUT /3/11312/AUTH_d8741d1891ef40e5a7a8c7bee0ab6eed/gnocchi.d1187a55-686f-4819-8354-ccd7163ccb9a/none_v3" 201 - "PUT http://[::1]:8080/3/24401/AUTH_d8741d1891ef40e5a7a8c7bee0ab6eed/gnocchi.d1187a55-686f-4819-8354-ccd7163ccb9a/none_v3" "txce0318736edf4d57bbd38-006933a625" "object-server 96249" 0.0008 "-" 95917 0
Dec 05 22:42:30 np0005548602.novalocal object-server[96249]: ::1 - - [06/Dec/2025:03:42:30 +0000] "PUT /3/24401/AUTH_d8741d1891ef40e5a7a8c7bee0ab6eed/gnocchi.d1187a55-686f-4819-8354-ccd7163ccb9a/none_v3" 201 - "PUT https://[::1]:8080/v1/AUTH_d8741d1891ef40e5a7a8c7bee0ab6eed/gnocchi.d1187a55-686f-4819-8354-ccd7163ccb9a/none_v3" "txce0318736edf4d57bbd38-006933a625" "proxy-server 97198" 0.0178 "-" 96249 0
Dec 05 22:42:30 np0005548602.novalocal proxy-server[97198]: ::1 ::1 06/Dec/2025/03/42/30 PUT /v1/AUTH_d8741d1891ef40e5a7a8c7bee0ab6eed/gnocchi.d1187a55-686f-4819-8354-ccd7163ccb9a/none_v3 HTTP/1.0 201 - python-swiftclient-4.8.0 gAAAAABpM6W9MtUs... 22 - - txce0318736edf4d57bbd38-006933a625 - 0.0272 - - 1764992549.977345943 1764992550.004533768 0 1229ee3e1d964977b2a5589f27ad366e
Dec 05 22:42:30 np0005548602.novalocal container-server[95917]: ::1 - - [06/Dec/2025:03:42:30 +0000] "HEAD /1/90798/AUTH_d8741d1891ef40e5a7a8c7bee0ab6eed/gnocchi.beb18cb9-2b4e-4026-b1d8-d37334b62120" 404 - "HEAD http://[::1]:8080/v1/AUTH_d8741d1891ef40e5a7a8c7bee0ab6eed/gnocchi.beb18cb9-2b4e-4026-b1d8-d37334b62120" "tx56b6909a13ab4ee9bbba9-006933a626" "proxy-server 97198" 0.0004 "-" 95917 0
Dec 05 22:42:30 np0005548602.novalocal container-server[95916]: ::1 - - [06/Dec/2025:03:42:30 +0000] "HEAD /3/90798/AUTH_d8741d1891ef40e5a7a8c7bee0ab6eed/gnocchi.beb18cb9-2b4e-4026-b1d8-d37334b62120" 404 - "HEAD http://[::1]:8080/v1/AUTH_d8741d1891ef40e5a7a8c7bee0ab6eed/gnocchi.beb18cb9-2b4e-4026-b1d8-d37334b62120" "tx56b6909a13ab4ee9bbba9-006933a626" "proxy-server 97198" 0.0004 "-" 95916 0
Dec 05 22:42:30 np0005548602.novalocal container-server[95917]: ::1 - - [06/Dec/2025:03:42:30 +0000] "HEAD /2/90798/AUTH_d8741d1891ef40e5a7a8c7bee0ab6eed/gnocchi.beb18cb9-2b4e-4026-b1d8-d37334b62120" 404 - "HEAD http://[::1]:8080/v1/AUTH_d8741d1891ef40e5a7a8c7bee0ab6eed/gnocchi.beb18cb9-2b4e-4026-b1d8-d37334b62120" "tx56b6909a13ab4ee9bbba9-006933a626" "proxy-server 97198" 0.0003 "-" 95917 0
Dec 05 22:42:30 np0005548602.novalocal proxy-server[97198]: - - 06/Dec/2025/03/42/30 HEAD /v1/AUTH_d8741d1891ef40e5a7a8c7bee0ab6eed/gnocchi.beb18cb9-2b4e-4026-b1d8-d37334b62120 HTTP/1.0 404 - Swift - - - - tx56b6909a13ab4ee9bbba9-006933a626 - 0.0122 CS - 1764992550.023468971 1764992550.035660982 0 -
Dec 05 22:42:30 np0005548602.novalocal object-server[96250]: ::1 - - [06/Dec/2025:03:42:30 +0000] "GET /2/92806/AUTH_d8741d1891ef40e5a7a8c7bee0ab6eed/gnocchi.beb18cb9-2b4e-4026-b1d8-d37334b62120/none_v3" 404 70 "GET https://[::1]:8080/v1/AUTH_d8741d1891ef40e5a7a8c7bee0ab6eed/gnocchi.beb18cb9-2b4e-4026-b1d8-d37334b62120/none_v3" "tx56b6909a13ab4ee9bbba9-006933a626" "proxy-server 97198" 0.0004 "-" 96250 0
Dec 05 22:42:30 np0005548602.novalocal object-server[96249]: ::1 - - [06/Dec/2025:03:42:30 +0000] "GET /1/92806/AUTH_d8741d1891ef40e5a7a8c7bee0ab6eed/gnocchi.beb18cb9-2b4e-4026-b1d8-d37334b62120/none_v3" 404 70 "GET https://[::1]:8080/v1/AUTH_d8741d1891ef40e5a7a8c7bee0ab6eed/gnocchi.beb18cb9-2b4e-4026-b1d8-d37334b62120/none_v3" "tx56b6909a13ab4ee9bbba9-006933a626" "proxy-server 97198" 0.0004 "-" 96249 0
Dec 05 22:42:30 np0005548602.novalocal object-server[96249]: ::1 - - [06/Dec/2025:03:42:30 +0000] "GET /3/92806/AUTH_d8741d1891ef40e5a7a8c7bee0ab6eed/gnocchi.beb18cb9-2b4e-4026-b1d8-d37334b62120/none_v3" 404 70 "GET https://[::1]:8080/v1/AUTH_d8741d1891ef40e5a7a8c7bee0ab6eed/gnocchi.beb18cb9-2b4e-4026-b1d8-d37334b62120/none_v3" "tx56b6909a13ab4ee9bbba9-006933a626" "proxy-server 97198" 0.0002 "-" 96249 0
Dec 05 22:42:30 np0005548602.novalocal proxy-server[97198]: ::1 ::1 06/Dec/2025/03/42/30 GET /v1/AUTH_d8741d1891ef40e5a7a8c7bee0ab6eed/gnocchi.beb18cb9-2b4e-4026-b1d8-d37334b62120/none_v3 HTTP/1.0 404 - python-swiftclient-4.8.0 gAAAAABpM6W9MtUs... - 70 - tx56b6909a13ab4ee9bbba9-006933a626 - 0.0279 - - 1764992550.022551537 1764992550.050464153 0 1229ee3e1d964977b2a5589f27ad366e
Dec 05 22:42:30 np0005548602.novalocal account-server[95623]: ::1 - - [06/Dec/2025:03:42:30 +0000] "PUT /1/76100/AUTH_d8741d1891ef40e5a7a8c7bee0ab6eed/gnocchi.beb18cb9-2b4e-4026-b1d8-d37334b62120" 201 - "PUT http://[::1]:6001/3/90798/AUTH_d8741d1891ef40e5a7a8c7bee0ab6eed/gnocchi.beb18cb9-2b4e-4026-b1d8-d37334b62120" "tx1e0153f185b04d709f7d1-006933a626" "container-server 95916" 0.0081 "-" 95623 0
Dec 05 22:42:30 np0005548602.novalocal container-server[95916]: ::1 - - [06/Dec/2025:03:42:30 +0000] "PUT /3/90798/AUTH_d8741d1891ef40e5a7a8c7bee0ab6eed/gnocchi.beb18cb9-2b4e-4026-b1d8-d37334b62120" 201 - "PUT https://[::1]:8080/v1/AUTH_d8741d1891ef40e5a7a8c7bee0ab6eed/gnocchi.beb18cb9-2b4e-4026-b1d8-d37334b62120" "tx1e0153f185b04d709f7d1-006933a626" "proxy-server 97198" 0.0242 "-" 95916 0
Dec 05 22:42:30 np0005548602.novalocal account-server[95623]: ::1 - - [06/Dec/2025:03:42:30 +0000] "PUT /3/76100/AUTH_d8741d1891ef40e5a7a8c7bee0ab6eed/gnocchi.beb18cb9-2b4e-4026-b1d8-d37334b62120" 201 - "PUT http://[::1]:6001/1/90798/AUTH_d8741d1891ef40e5a7a8c7bee0ab6eed/gnocchi.beb18cb9-2b4e-4026-b1d8-d37334b62120" "tx1e0153f185b04d709f7d1-006933a626" "container-server 95917" 0.0059 "-" 95623 0
Dec 05 22:42:30 np0005548602.novalocal container-server[95917]: ::1 - - [06/Dec/2025:03:42:30 +0000] "PUT /1/90798/AUTH_d8741d1891ef40e5a7a8c7bee0ab6eed/gnocchi.beb18cb9-2b4e-4026-b1d8-d37334b62120" 201 - "PUT https://[::1]:8080/v1/AUTH_d8741d1891ef40e5a7a8c7bee0ab6eed/gnocchi.beb18cb9-2b4e-4026-b1d8-d37334b62120" "tx1e0153f185b04d709f7d1-006933a626" "proxy-server 97198" 0.0388 "-" 95917 0
Dec 05 22:42:30 np0005548602.novalocal account-server[95623]: ::1 - - [06/Dec/2025:03:42:30 +0000] "PUT /2/76100/AUTH_d8741d1891ef40e5a7a8c7bee0ab6eed/gnocchi.beb18cb9-2b4e-4026-b1d8-d37334b62120" 201 - "PUT http://[::1]:6001/2/90798/AUTH_d8741d1891ef40e5a7a8c7bee0ab6eed/gnocchi.beb18cb9-2b4e-4026-b1d8-d37334b62120" "tx1e0153f185b04d709f7d1-006933a626" "container-server 95917" 0.0065 "-" 95623 0
Dec 05 22:42:30 np0005548602.novalocal container-server[95917]: ::1 - - [06/Dec/2025:03:42:30 +0000] "PUT /2/90798/AUTH_d8741d1891ef40e5a7a8c7bee0ab6eed/gnocchi.beb18cb9-2b4e-4026-b1d8-d37334b62120" 201 - "PUT https://[::1]:8080/v1/AUTH_d8741d1891ef40e5a7a8c7bee0ab6eed/gnocchi.beb18cb9-2b4e-4026-b1d8-d37334b62120" "tx1e0153f185b04d709f7d1-006933a626" "proxy-server 97198" 0.0289 "-" 95917 0
Dec 05 22:42:30 np0005548602.novalocal proxy-server[97198]: ::1 ::1 06/Dec/2025/03/42/30 PUT /v1/AUTH_d8741d1891ef40e5a7a8c7bee0ab6eed/gnocchi.beb18cb9-2b4e-4026-b1d8-d37334b62120 HTTP/1.0 201 - python-swiftclient-4.8.0 gAAAAABpM6W9MtUs... - - - tx1e0153f185b04d709f7d1-006933a626 - 0.0537 - - 1764992550.053833723 1764992550.107532740 0 1229ee3e1d964977b2a5589f27ad366e
Dec 05 22:42:30 np0005548602.novalocal container-server[95917]: ::1 - - [06/Dec/2025:03:42:30 +0000] "HEAD /2/90798/AUTH_d8741d1891ef40e5a7a8c7bee0ab6eed/gnocchi.beb18cb9-2b4e-4026-b1d8-d37334b62120" 204 - "HEAD http://[::1]:8080/v1/AUTH_d8741d1891ef40e5a7a8c7bee0ab6eed/gnocchi.beb18cb9-2b4e-4026-b1d8-d37334b62120" "tx369c7ab16f40496891cf6-006933a626" "proxy-server 97198" 0.0021 "-" 95917 0
Dec 05 22:42:30 np0005548602.novalocal proxy-server[97198]: - - 06/Dec/2025/03/42/30 HEAD /v1/AUTH_d8741d1891ef40e5a7a8c7bee0ab6eed/gnocchi.beb18cb9-2b4e-4026-b1d8-d37334b62120 HTTP/1.0 204 - Swift - - - - tx369c7ab16f40496891cf6-006933a626 - 0.0078 CS - 1764992550.114318371 1764992550.122114420 0 -
Dec 05 22:42:30 np0005548602.novalocal container-server[95917]: ::1 - - [06/Dec/2025:03:42:30 +0000] "GET /3/90798/AUTH_d8741d1891ef40e5a7a8c7bee0ab6eed/gnocchi.beb18cb9-2b4e-4026-b1d8-d37334b62120" 200 2 "GET https://[::1]:8080/v1/AUTH_d8741d1891ef40e5a7a8c7bee0ab6eed/gnocchi.beb18cb9-2b4e-4026-b1d8-d37334b62120?format=json&states=listing" "tx369c7ab16f40496891cf6-006933a626" "proxy-server 97198" 0.0038 "-" 95917 0
Dec 05 22:42:30 np0005548602.novalocal proxy-server[97198]: ::1 ::1 06/Dec/2025/03/42/30 GET /v1/AUTH_d8741d1891ef40e5a7a8c7bee0ab6eed/gnocchi.beb18cb9-2b4e-4026-b1d8-d37334b62120%3Fformat%3Djson%26states%3Dlisting HTTP/1.0 200 - python-swiftclient-4.8.0 gAAAAABpM6W9MtUs... - 2 - tx369c7ab16f40496891cf6-006933a626 - 0.0232 - - 1764992550.113364697 1764992550.136599541 0 1229ee3e1d964977b2a5589f27ad366e
Dec 05 22:42:30 np0005548602.novalocal object-server[96250]: ::1 - - [06/Dec/2025:03:42:30 +0000] "GET /2/99432/AUTH_d8741d1891ef40e5a7a8c7bee0ab6eed/gnocchi.beb18cb9-2b4e-4026-b1d8-d37334b62120/1764720000.0_mean_300.0_v3" 404 70 "GET https://[::1]:8080/v1/AUTH_d8741d1891ef40e5a7a8c7bee0ab6eed/gnocchi.beb18cb9-2b4e-4026-b1d8-d37334b62120/1764720000.0_mean_300.0_v3" "txfb48f1bc9e5e4b0ca8e19-006933a626" "proxy-server 97198" 0.0004 "-" 96250 0
Dec 05 22:42:30 np0005548602.novalocal object-server[96249]: ::1 - - [06/Dec/2025:03:42:30 +0000] "GET /3/99432/AUTH_d8741d1891ef40e5a7a8c7bee0ab6eed/gnocchi.beb18cb9-2b4e-4026-b1d8-d37334b62120/1764720000.0_mean_300.0_v3" 404 70 "GET https://[::1]:8080/v1/AUTH_d8741d1891ef40e5a7a8c7bee0ab6eed/gnocchi.beb18cb9-2b4e-4026-b1d8-d37334b62120/1764720000.0_mean_300.0_v3" "txfb48f1bc9e5e4b0ca8e19-006933a626" "proxy-server 97198" 0.0003 "-" 96249 0
Dec 05 22:42:30 np0005548602.novalocal object-server[96249]: ::1 - - [06/Dec/2025:03:42:30 +0000] "GET /1/99432/AUTH_d8741d1891ef40e5a7a8c7bee0ab6eed/gnocchi.beb18cb9-2b4e-4026-b1d8-d37334b62120/1764720000.0_mean_300.0_v3" 404 70 "GET https://[::1]:8080/v1/AUTH_d8741d1891ef40e5a7a8c7bee0ab6eed/gnocchi.beb18cb9-2b4e-4026-b1d8-d37334b62120/1764720000.0_mean_300.0_v3" "txfb48f1bc9e5e4b0ca8e19-006933a626" "proxy-server 97198" 0.0002 "-" 96249 0
Dec 05 22:42:30 np0005548602.novalocal proxy-server[97198]: ::1 ::1 06/Dec/2025/03/42/30 GET /v1/AUTH_d8741d1891ef40e5a7a8c7bee0ab6eed/gnocchi.beb18cb9-2b4e-4026-b1d8-d37334b62120/1764720000.0_mean_300.0_v3 HTTP/1.0 404 - python-swiftclient-4.8.0 gAAAAABpM6W9MtUs... - 70 - txfb48f1bc9e5e4b0ca8e19-006933a626 - 0.0163 - - 1764992550.141274214 1764992550.157526016 0 1229ee3e1d964977b2a5589f27ad366e
Dec 05 22:42:30 np0005548602.novalocal container-server[95916]: ::1 - - [06/Dec/2025:03:42:30 +0000] "PUT /2/90798/AUTH_d8741d1891ef40e5a7a8c7bee0ab6eed/gnocchi.beb18cb9-2b4e-4026-b1d8-d37334b62120/1764720000.0_mean_300.0_v3" 201 - "PUT http://[::1]:8080/2/99432/AUTH_d8741d1891ef40e5a7a8c7bee0ab6eed/gnocchi.beb18cb9-2b4e-4026-b1d8-d37334b62120/1764720000.0_mean_300.0_v3" "tx67023e66335645fdae320-006933a626" "object-server 96249" 0.0008 "-" 95916 0
Dec 05 22:42:30 np0005548602.novalocal object-server[96249]: ::1 - - [06/Dec/2025:03:42:30 +0000] "PUT /2/99432/AUTH_d8741d1891ef40e5a7a8c7bee0ab6eed/gnocchi.beb18cb9-2b4e-4026-b1d8-d37334b62120/1764720000.0_mean_300.0_v3" 201 - "PUT https://[::1]:8080/v1/AUTH_d8741d1891ef40e5a7a8c7bee0ab6eed/gnocchi.beb18cb9-2b4e-4026-b1d8-d37334b62120/1764720000.0_mean_300.0_v3" "tx67023e66335645fdae320-006933a626" "proxy-server 97198" 0.0125 "-" 96249 0
Dec 05 22:42:30 np0005548602.novalocal container-server[95916]: ::1 - - [06/Dec/2025:03:42:30 +0000] "PUT /3/90798/AUTH_d8741d1891ef40e5a7a8c7bee0ab6eed/gnocchi.beb18cb9-2b4e-4026-b1d8-d37334b62120/1764720000.0_mean_300.0_v3" 201 - "PUT http://[::1]:8080/1/99432/AUTH_d8741d1891ef40e5a7a8c7bee0ab6eed/gnocchi.beb18cb9-2b4e-4026-b1d8-d37334b62120/1764720000.0_mean_300.0_v3" "tx67023e66335645fdae320-006933a626" "object-server 96249" 0.0007 "-" 95916 0
Dec 05 22:42:30 np0005548602.novalocal object-server[96249]: ::1 - - [06/Dec/2025:03:42:30 +0000] "PUT /1/99432/AUTH_d8741d1891ef40e5a7a8c7bee0ab6eed/gnocchi.beb18cb9-2b4e-4026-b1d8-d37334b62120/1764720000.0_mean_300.0_v3" 201 - "PUT https://[::1]:8080/v1/AUTH_d8741d1891ef40e5a7a8c7bee0ab6eed/gnocchi.beb18cb9-2b4e-4026-b1d8-d37334b62120/1764720000.0_mean_300.0_v3" "tx67023e66335645fdae320-006933a626" "proxy-server 97198" 0.0155 "-" 96249 0
Dec 05 22:42:30 np0005548602.novalocal container-server[95916]: ::1 - - [06/Dec/2025:03:42:30 +0000] "PUT /1/90798/AUTH_d8741d1891ef40e5a7a8c7bee0ab6eed/gnocchi.beb18cb9-2b4e-4026-b1d8-d37334b62120/1764720000.0_mean_300.0_v3" 201 - "PUT http://[::1]:8080/3/99432/AUTH_d8741d1891ef40e5a7a8c7bee0ab6eed/gnocchi.beb18cb9-2b4e-4026-b1d8-d37334b62120/1764720000.0_mean_300.0_v3" "tx67023e66335645fdae320-006933a626" "object-server 96249" 0.0007 "-" 95916 0
Dec 05 22:42:30 np0005548602.novalocal object-server[96249]: ::1 - - [06/Dec/2025:03:42:30 +0000] "PUT /3/99432/AUTH_d8741d1891ef40e5a7a8c7bee0ab6eed/gnocchi.beb18cb9-2b4e-4026-b1d8-d37334b62120/1764720000.0_mean_300.0_v3" 201 - "PUT https://[::1]:8080/v1/AUTH_d8741d1891ef40e5a7a8c7bee0ab6eed/gnocchi.beb18cb9-2b4e-4026-b1d8-d37334b62120/1764720000.0_mean_300.0_v3" "tx67023e66335645fdae320-006933a626" "proxy-server 97198" 0.0197 "-" 96249 0
Dec 05 22:42:30 np0005548602.novalocal proxy-server[97198]: ::1 ::1 06/Dec/2025/03/42/30 PUT /v1/AUTH_d8741d1891ef40e5a7a8c7bee0ab6eed/gnocchi.beb18cb9-2b4e-4026-b1d8-d37334b62120/1764720000.0_mean_300.0_v3 HTTP/1.0 201 - python-swiftclient-4.8.0 gAAAAABpM6W9MtUs... 16 - - tx67023e66335645fdae320-006933a626 - 0.0301 - - 1764992550.162234068 1764992550.192294121 0 1229ee3e1d964977b2a5589f27ad366e
Dec 05 22:42:30 np0005548602.novalocal container-server[95916]: ::1 - - [06/Dec/2025:03:42:30 +0000] "PUT /1/90798/AUTH_d8741d1891ef40e5a7a8c7bee0ab6eed/gnocchi.beb18cb9-2b4e-4026-b1d8-d37334b62120/none_v3" 201 - "PUT http://[::1]:8080/3/92806/AUTH_d8741d1891ef40e5a7a8c7bee0ab6eed/gnocchi.beb18cb9-2b4e-4026-b1d8-d37334b62120/none_v3" "txd0a1ef92356a47ba84538-006933a626" "object-server 96249" 0.0006 "-" 95916 0
Dec 05 22:42:30 np0005548602.novalocal object-server[96249]: ::1 - - [06/Dec/2025:03:42:30 +0000] "PUT /3/92806/AUTH_d8741d1891ef40e5a7a8c7bee0ab6eed/gnocchi.beb18cb9-2b4e-4026-b1d8-d37334b62120/none_v3" 201 - "PUT https://[::1]:8080/v1/AUTH_d8741d1891ef40e5a7a8c7bee0ab6eed/gnocchi.beb18cb9-2b4e-4026-b1d8-d37334b62120/none_v3" "txd0a1ef92356a47ba84538-006933a626" "proxy-server 97198" 0.0119 "-" 96249 0
Dec 05 22:42:30 np0005548602.novalocal container-server[95917]: ::1 - - [06/Dec/2025:03:42:30 +0000] "PUT /2/90798/AUTH_d8741d1891ef40e5a7a8c7bee0ab6eed/gnocchi.beb18cb9-2b4e-4026-b1d8-d37334b62120/none_v3" 201 - "PUT http://[::1]:8080/1/92806/AUTH_d8741d1891ef40e5a7a8c7bee0ab6eed/gnocchi.beb18cb9-2b4e-4026-b1d8-d37334b62120/none_v3" "txd0a1ef92356a47ba84538-006933a626" "object-server 96250" 0.0008 "-" 95917 0
Dec 05 22:42:30 np0005548602.novalocal object-server[96250]: ::1 - - [06/Dec/2025:03:42:30 +0000] "PUT /1/92806/AUTH_d8741d1891ef40e5a7a8c7bee0ab6eed/gnocchi.beb18cb9-2b4e-4026-b1d8-d37334b62120/none_v3" 201 - "PUT https://[::1]:8080/v1/AUTH_d8741d1891ef40e5a7a8c7bee0ab6eed/gnocchi.beb18cb9-2b4e-4026-b1d8-d37334b62120/none_v3" "txd0a1ef92356a47ba84538-006933a626" "proxy-server 97198" 0.0147 "-" 96250 0
Dec 05 22:42:30 np0005548602.novalocal container-server[95916]: ::1 - - [06/Dec/2025:03:42:30 +0000] "PUT /3/90798/AUTH_d8741d1891ef40e5a7a8c7bee0ab6eed/gnocchi.beb18cb9-2b4e-4026-b1d8-d37334b62120/none_v3" 201 - "PUT http://[::1]:8080/2/92806/AUTH_d8741d1891ef40e5a7a8c7bee0ab6eed/gnocchi.beb18cb9-2b4e-4026-b1d8-d37334b62120/none_v3" "txd0a1ef92356a47ba84538-006933a626" "object-server 96250" 0.0006 "-" 95916 0
Dec 05 22:42:30 np0005548602.novalocal object-server[96250]: ::1 - - [06/Dec/2025:03:42:30 +0000] "PUT /2/92806/AUTH_d8741d1891ef40e5a7a8c7bee0ab6eed/gnocchi.beb18cb9-2b4e-4026-b1d8-d37334b62120/none_v3" 201 - "PUT https://[::1]:8080/v1/AUTH_d8741d1891ef40e5a7a8c7bee0ab6eed/gnocchi.beb18cb9-2b4e-4026-b1d8-d37334b62120/none_v3" "txd0a1ef92356a47ba84538-006933a626" "proxy-server 97198" 0.0150 "-" 96250 0
Dec 05 22:42:30 np0005548602.novalocal proxy-server[97198]: ::1 ::1 06/Dec/2025/03/42/30 PUT /v1/AUTH_d8741d1891ef40e5a7a8c7bee0ab6eed/gnocchi.beb18cb9-2b4e-4026-b1d8-d37334b62120/none_v3 HTTP/1.0 201 - python-swiftclient-4.8.0 gAAAAABpM6W9MtUs... 22 - - txd0a1ef92356a47ba84538-006933a626 - 0.0282 - - 1764992550.196175814 1764992550.224336863 0 1229ee3e1d964977b2a5589f27ad366e
Dec 05 22:42:30 np0005548602.novalocal container-server[95916]: ::1 - - [06/Dec/2025:03:42:30 +0000] "HEAD /1/109876/AUTH_d8741d1891ef40e5a7a8c7bee0ab6eed/gnocchi.8b41e566-876e-4329-a05f-1899dfca6e29" 404 - "HEAD http://[::1]:8080/v1/AUTH_d8741d1891ef40e5a7a8c7bee0ab6eed/gnocchi.8b41e566-876e-4329-a05f-1899dfca6e29" "tx135c5023959e44649d24c-006933a626" "proxy-server 97198" 0.0004 "-" 95916 0
Dec 05 22:42:30 np0005548602.novalocal container-server[95916]: ::1 - - [06/Dec/2025:03:42:30 +0000] "HEAD /3/109876/AUTH_d8741d1891ef40e5a7a8c7bee0ab6eed/gnocchi.8b41e566-876e-4329-a05f-1899dfca6e29" 404 - "HEAD http://[::1]:8080/v1/AUTH_d8741d1891ef40e5a7a8c7bee0ab6eed/gnocchi.8b41e566-876e-4329-a05f-1899dfca6e29" "tx135c5023959e44649d24c-006933a626" "proxy-server 97198" 0.0004 "-" 95916 0
Dec 05 22:42:30 np0005548602.novalocal container-server[95917]: ::1 - - [06/Dec/2025:03:42:30 +0000] "HEAD /2/109876/AUTH_d8741d1891ef40e5a7a8c7bee0ab6eed/gnocchi.8b41e566-876e-4329-a05f-1899dfca6e29" 404 - "HEAD http://[::1]:8080/v1/AUTH_d8741d1891ef40e5a7a8c7bee0ab6eed/gnocchi.8b41e566-876e-4329-a05f-1899dfca6e29" "tx135c5023959e44649d24c-006933a626" "proxy-server 97198" 0.0005 "-" 95917 0
