Dec 05 22:42:03 np0005548602.novalocal object-server[96249]: ::1 - - [06/Dec/2025:03:42:03 +0000] "PUT /1/130776/AUTH_d8741d1891ef40e5a7a8c7bee0ab6eed/gnocchi.8045bc93-2d37-4cfb-9789-94242db85a2a/1764720000.0_mean_300.0_v3" 201 - "PUT https://[::1]:8080/v1/AUTH_d8741d1891ef40e5a7a8c7bee0ab6eed/gnocchi.8045bc93-2d37-4cfb-9789-94242db85a2a/1764720000.0_mean_300.0_v3" "tx598dfb3918e949f3a26d6-006933a60b" "proxy-server 97198" 0.0196 "-" 96249 0
Dec 05 22:42:03 np0005548602.novalocal object-server[96249]: ::1 - - [06/Dec/2025:03:42:03 +0000] "PUT /3/130776/AUTH_d8741d1891ef40e5a7a8c7bee0ab6eed/gnocchi.8045bc93-2d37-4cfb-9789-94242db85a2a/1764720000.0_mean_300.0_v3" 201 - "PUT https://[::1]:8080/v1/AUTH_d8741d1891ef40e5a7a8c7bee0ab6eed/gnocchi.8045bc93-2d37-4cfb-9789-94242db85a2a/1764720000.0_mean_300.0_v3" "tx598dfb3918e949f3a26d6-006933a60b" "proxy-server 97198" 0.0186 "-" 96249 0
Dec 05 22:42:03 np0005548602.novalocal proxy-server[97198]: ::1 ::1 06/Dec/2025/03/42/03 PUT /v1/AUTH_d8741d1891ef40e5a7a8c7bee0ab6eed/gnocchi.8045bc93-2d37-4cfb-9789-94242db85a2a/1764720000.0_mean_300.0_v3 HTTP/1.0 201 - python-swiftclient-4.8.0 gAAAAABpM6XeP7WC... 16 - - tx598dfb3918e949f3a26d6-006933a60b - 0.0338 - - 1764992523.050597906 1764992523.084412575 0 1229ee3e1d964977b2a5589f27ad366e
Dec 05 22:42:03 np0005548602.novalocal container-server[95917]: ::1 - - [06/Dec/2025:03:42:03 +0000] "PUT /2/118228/AUTH_d8741d1891ef40e5a7a8c7bee0ab6eed/gnocchi.8045bc93-2d37-4cfb-9789-94242db85a2a/none_v3" 201 - "PUT http://[::1]:8080/1/178674/AUTH_d8741d1891ef40e5a7a8c7bee0ab6eed/gnocchi.8045bc93-2d37-4cfb-9789-94242db85a2a/none_v3" "tx6d438c25c7654b0597ba9-006933a60b" "object-server 96249" 0.0006 "-" 95917 0
Dec 05 22:42:03 np0005548602.novalocal container-server[95916]: ::1 - - [06/Dec/2025:03:42:03 +0000] "PUT /1/118228/AUTH_d8741d1891ef40e5a7a8c7bee0ab6eed/gnocchi.8045bc93-2d37-4cfb-9789-94242db85a2a/none_v3" 201 - "PUT http://[::1]:8080/2/178674/AUTH_d8741d1891ef40e5a7a8c7bee0ab6eed/gnocchi.8045bc93-2d37-4cfb-9789-94242db85a2a/none_v3" "tx6d438c25c7654b0597ba9-006933a60b" "object-server 96250" 0.0007 "-" 95916 0
Dec 05 22:42:03 np0005548602.novalocal object-server[96249]: ::1 - - [06/Dec/2025:03:42:03 +0000] "PUT /1/178674/AUTH_d8741d1891ef40e5a7a8c7bee0ab6eed/gnocchi.8045bc93-2d37-4cfb-9789-94242db85a2a/none_v3" 201 - "PUT https://[::1]:8080/v1/AUTH_d8741d1891ef40e5a7a8c7bee0ab6eed/gnocchi.8045bc93-2d37-4cfb-9789-94242db85a2a/none_v3" "tx6d438c25c7654b0597ba9-006933a60b" "proxy-server 97198" 0.0162 "-" 96249 0
Dec 05 22:42:03 np0005548602.novalocal object-server[96250]: ::1 - - [06/Dec/2025:03:42:03 +0000] "PUT /2/178674/AUTH_d8741d1891ef40e5a7a8c7bee0ab6eed/gnocchi.8045bc93-2d37-4cfb-9789-94242db85a2a/none_v3" 201 - "PUT https://[::1]:8080/v1/AUTH_d8741d1891ef40e5a7a8c7bee0ab6eed/gnocchi.8045bc93-2d37-4cfb-9789-94242db85a2a/none_v3" "tx6d438c25c7654b0597ba9-006933a60b" "proxy-server 97198" 0.0143 "-" 96250 0
Dec 05 22:42:03 np0005548602.novalocal container-server[95916]: ::1 - - [06/Dec/2025:03:42:03 +0000] "PUT /3/118228/AUTH_d8741d1891ef40e5a7a8c7bee0ab6eed/gnocchi.8045bc93-2d37-4cfb-9789-94242db85a2a/none_v3" 201 - "PUT http://[::1]:8080/3/178674/AUTH_d8741d1891ef40e5a7a8c7bee0ab6eed/gnocchi.8045bc93-2d37-4cfb-9789-94242db85a2a/none_v3" "tx6d438c25c7654b0597ba9-006933a60b" "object-server 96250" 0.0008 "-" 95916 0
Dec 05 22:42:03 np0005548602.novalocal object-server[96250]: ::1 - - [06/Dec/2025:03:42:03 +0000] "PUT /3/178674/AUTH_d8741d1891ef40e5a7a8c7bee0ab6eed/gnocchi.8045bc93-2d37-4cfb-9789-94242db85a2a/none_v3" 201 - "PUT https://[::1]:8080/v1/AUTH_d8741d1891ef40e5a7a8c7bee0ab6eed/gnocchi.8045bc93-2d37-4cfb-9789-94242db85a2a/none_v3" "tx6d438c25c7654b0597ba9-006933a60b" "proxy-server 97198" 0.0191 "-" 96250 0
Dec 05 22:42:03 np0005548602.novalocal proxy-server[97198]: ::1 ::1 06/Dec/2025/03/42/03 PUT /v1/AUTH_d8741d1891ef40e5a7a8c7bee0ab6eed/gnocchi.8045bc93-2d37-4cfb-9789-94242db85a2a/none_v3 HTTP/1.0 201 - python-swiftclient-4.8.0 gAAAAABpM6XeP7WC... 22 - - tx6d438c25c7654b0597ba9-006933a60b - 0.0332 - - 1764992523.088125229 1764992523.121366262 0 1229ee3e1d964977b2a5589f27ad366e
Dec 05 22:42:03 np0005548602.novalocal container-server[95916]: ::1 - - [06/Dec/2025:03:42:03 +0000] "HEAD /1/11249/AUTH_d8741d1891ef40e5a7a8c7bee0ab6eed/gnocchi.17e473af-eef2-4f69-b547-6909398a6d6b" 404 - "HEAD http://[::1]:8080/v1/AUTH_d8741d1891ef40e5a7a8c7bee0ab6eed/gnocchi.17e473af-eef2-4f69-b547-6909398a6d6b" "txa599804ab3a24e94a5614-006933a60b" "proxy-server 97198" 0.0005 "-" 95916 0
Dec 05 22:42:03 np0005548602.novalocal container-server[95917]: ::1 - - [06/Dec/2025:03:42:03 +0000] "HEAD /2/11249/AUTH_d8741d1891ef40e5a7a8c7bee0ab6eed/gnocchi.17e473af-eef2-4f69-b547-6909398a6d6b" 404 - "HEAD http://[::1]:8080/v1/AUTH_d8741d1891ef40e5a7a8c7bee0ab6eed/gnocchi.17e473af-eef2-4f69-b547-6909398a6d6b" "txa599804ab3a24e94a5614-006933a60b" "proxy-server 97198" 0.0006 "-" 95917 0
Dec 05 22:42:03 np0005548602.novalocal container-server[95916]: ::1 - - [06/Dec/2025:03:42:03 +0000] "HEAD /3/11249/AUTH_d8741d1891ef40e5a7a8c7bee0ab6eed/gnocchi.17e473af-eef2-4f69-b547-6909398a6d6b" 404 - "HEAD http://[::1]:8080/v1/AUTH_d8741d1891ef40e5a7a8c7bee0ab6eed/gnocchi.17e473af-eef2-4f69-b547-6909398a6d6b" "txa599804ab3a24e94a5614-006933a60b" "proxy-server 97198" 0.0003 "-" 95916 0
Dec 05 22:42:03 np0005548602.novalocal proxy-server[97198]: - - 06/Dec/2025/03/42/03 HEAD /v1/AUTH_d8741d1891ef40e5a7a8c7bee0ab6eed/gnocchi.17e473af-eef2-4f69-b547-6909398a6d6b HTTP/1.0 404 - Swift - - - - txa599804ab3a24e94a5614-006933a60b - 0.0149 CS - 1764992523.255374670 1764992523.270323277 0 -
Dec 05 22:42:03 np0005548602.novalocal object-server[96250]: ::1 - - [06/Dec/2025:03:42:03 +0000] "GET /3/177755/AUTH_d8741d1891ef40e5a7a8c7bee0ab6eed/gnocchi.17e473af-eef2-4f69-b547-6909398a6d6b/none_v3" 404 70 "GET https://[::1]:8080/v1/AUTH_d8741d1891ef40e5a7a8c7bee0ab6eed/gnocchi.17e473af-eef2-4f69-b547-6909398a6d6b/none_v3" "txa599804ab3a24e94a5614-006933a60b" "proxy-server 97198" 0.0009 "-" 96250 0
Dec 05 22:42:03 np0005548602.novalocal object-server[96249]: ::1 - - [06/Dec/2025:03:42:03 +0000] "GET /1/177755/AUTH_d8741d1891ef40e5a7a8c7bee0ab6eed/gnocchi.17e473af-eef2-4f69-b547-6909398a6d6b/none_v3" 404 70 "GET https://[::1]:8080/v1/AUTH_d8741d1891ef40e5a7a8c7bee0ab6eed/gnocchi.17e473af-eef2-4f69-b547-6909398a6d6b/none_v3" "txa599804ab3a24e94a5614-006933a60b" "proxy-server 97198" 0.0005 "-" 96249 0
Dec 05 22:42:03 np0005548602.novalocal object-server[96250]: ::1 - - [06/Dec/2025:03:42:03 +0000] "GET /2/177755/AUTH_d8741d1891ef40e5a7a8c7bee0ab6eed/gnocchi.17e473af-eef2-4f69-b547-6909398a6d6b/none_v3" 404 70 "GET https://[::1]:8080/v1/AUTH_d8741d1891ef40e5a7a8c7bee0ab6eed/gnocchi.17e473af-eef2-4f69-b547-6909398a6d6b/none_v3" "txa599804ab3a24e94a5614-006933a60b" "proxy-server 97198" 0.0003 "-" 96250 0
Dec 05 22:42:03 np0005548602.novalocal proxy-server[97198]: ::1 ::1 06/Dec/2025/03/42/03 GET /v1/AUTH_d8741d1891ef40e5a7a8c7bee0ab6eed/gnocchi.17e473af-eef2-4f69-b547-6909398a6d6b/none_v3 HTTP/1.0 404 - python-swiftclient-4.8.0 gAAAAABpM6XeP7WC... - 70 - txa599804ab3a24e94a5614-006933a60b - 0.0359 - - 1764992523.254364967 1764992523.290266037 0 1229ee3e1d964977b2a5589f27ad366e
Dec 05 22:42:03 np0005548602.novalocal account-server[95624]: ::1 - - [06/Dec/2025:03:42:03 +0000] "PUT /2/76100/AUTH_d8741d1891ef40e5a7a8c7bee0ab6eed/gnocchi.17e473af-eef2-4f69-b547-6909398a6d6b" 201 - "PUT http://[::1]:6001/3/11249/AUTH_d8741d1891ef40e5a7a8c7bee0ab6eed/gnocchi.17e473af-eef2-4f69-b547-6909398a6d6b" "txe86ea8acd8f54013aa65c-006933a60b" "container-server 95917" 0.0070 "-" 95624 0
Dec 05 22:42:03 np0005548602.novalocal container-server[95917]: ::1 - - [06/Dec/2025:03:42:03 +0000] "PUT /3/11249/AUTH_d8741d1891ef40e5a7a8c7bee0ab6eed/gnocchi.17e473af-eef2-4f69-b547-6909398a6d6b" 201 - "PUT https://[::1]:8080/v1/AUTH_d8741d1891ef40e5a7a8c7bee0ab6eed/gnocchi.17e473af-eef2-4f69-b547-6909398a6d6b" "txe86ea8acd8f54013aa65c-006933a60b" "proxy-server 97198" 0.0245 "-" 95917 0
Dec 05 22:42:03 np0005548602.novalocal account-server[95623]: ::1 - - [06/Dec/2025:03:42:03 +0000] "PUT /1/76100/AUTH_d8741d1891ef40e5a7a8c7bee0ab6eed/gnocchi.17e473af-eef2-4f69-b547-6909398a6d6b" 201 - "PUT http://[::1]:6001/1/11249/AUTH_d8741d1891ef40e5a7a8c7bee0ab6eed/gnocchi.17e473af-eef2-4f69-b547-6909398a6d6b" "txe86ea8acd8f54013aa65c-006933a60b" "container-server 95916" 0.0072 "-" 95623 0
Dec 05 22:42:03 np0005548602.novalocal container-server[95916]: ::1 - - [06/Dec/2025:03:42:03 +0000] "PUT /1/11249/AUTH_d8741d1891ef40e5a7a8c7bee0ab6eed/gnocchi.17e473af-eef2-4f69-b547-6909398a6d6b" 201 - "PUT https://[::1]:8080/v1/AUTH_d8741d1891ef40e5a7a8c7bee0ab6eed/gnocchi.17e473af-eef2-4f69-b547-6909398a6d6b" "txe86ea8acd8f54013aa65c-006933a60b" "proxy-server 97198" 0.0214 "-" 95916 0
Dec 05 22:42:03 np0005548602.novalocal account-server[95623]: ::1 - - [06/Dec/2025:03:42:03 +0000] "PUT /3/76100/AUTH_d8741d1891ef40e5a7a8c7bee0ab6eed/gnocchi.17e473af-eef2-4f69-b547-6909398a6d6b" 201 - "PUT http://[::1]:6001/2/11249/AUTH_d8741d1891ef40e5a7a8c7bee0ab6eed/gnocchi.17e473af-eef2-4f69-b547-6909398a6d6b" "txe86ea8acd8f54013aa65c-006933a60b" "container-server 95916" 0.0040 "-" 95623 0
Dec 05 22:42:03 np0005548602.novalocal container-server[95916]: ::1 - - [06/Dec/2025:03:42:03 +0000] "PUT /2/11249/AUTH_d8741d1891ef40e5a7a8c7bee0ab6eed/gnocchi.17e473af-eef2-4f69-b547-6909398a6d6b" 201 - "PUT https://[::1]:8080/v1/AUTH_d8741d1891ef40e5a7a8c7bee0ab6eed/gnocchi.17e473af-eef2-4f69-b547-6909398a6d6b" "txe86ea8acd8f54013aa65c-006933a60b" "proxy-server 97198" 0.0415 "-" 95916 0
Dec 05 22:42:03 np0005548602.novalocal proxy-server[97198]: ::1 ::1 06/Dec/2025/03/42/03 PUT /v1/AUTH_d8741d1891ef40e5a7a8c7bee0ab6eed/gnocchi.17e473af-eef2-4f69-b547-6909398a6d6b HTTP/1.0 201 - python-swiftclient-4.8.0 gAAAAABpM6XeP7WC... - - - txe86ea8acd8f54013aa65c-006933a60b - 0.0553 - - 1764992523.294458866 1764992523.349718571 0 1229ee3e1d964977b2a5589f27ad366e
Dec 05 22:42:03 np0005548602.novalocal object-auditor[104579]: Object audit (ALL). Since Sat Dec 6 03:42:01 2025: Locally: 1 passed, 0 quarantined, 0 errors, files/sec: 0.47, bytes/sec: 10010345.62, Total time: 2.14, Auditing time: 0.00, Rate: 0.00
Dec 05 22:42:03 np0005548602.novalocal container-server[95916]: ::1 - - [06/Dec/2025:03:42:03 +0000] "HEAD /2/11249/AUTH_d8741d1891ef40e5a7a8c7bee0ab6eed/gnocchi.17e473af-eef2-4f69-b547-6909398a6d6b" 204 - "HEAD http://[::1]:8080/v1/AUTH_d8741d1891ef40e5a7a8c7bee0ab6eed/gnocchi.17e473af-eef2-4f69-b547-6909398a6d6b" "txa74e35f2fef045e680a0c-006933a60b" "proxy-server 97198" 0.0020 "-" 95916 0
Dec 05 22:42:03 np0005548602.novalocal proxy-server[97198]: - - 06/Dec/2025/03/42/03 HEAD /v1/AUTH_d8741d1891ef40e5a7a8c7bee0ab6eed/gnocchi.17e473af-eef2-4f69-b547-6909398a6d6b HTTP/1.0 204 - Swift - - - - txa74e35f2fef045e680a0c-006933a60b - 0.0068 CS - 1764992523.356223583 1764992523.362975121 0 -
Dec 05 22:42:03 np0005548602.novalocal container-server[95916]: ::1 - - [06/Dec/2025:03:42:03 +0000] "GET /1/11249/AUTH_d8741d1891ef40e5a7a8c7bee0ab6eed/gnocchi.17e473af-eef2-4f69-b547-6909398a6d6b" 200 2 "GET https://[::1]:8080/v1/AUTH_d8741d1891ef40e5a7a8c7bee0ab6eed/gnocchi.17e473af-eef2-4f69-b547-6909398a6d6b?format=json&states=listing" "txa74e35f2fef045e680a0c-006933a60b" "proxy-server 97198" 0.0033 "-" 95916 0
Dec 05 22:42:03 np0005548602.novalocal proxy-server[97198]: ::1 ::1 06/Dec/2025/03/42/03 GET /v1/AUTH_d8741d1891ef40e5a7a8c7bee0ab6eed/gnocchi.17e473af-eef2-4f69-b547-6909398a6d6b%3Fformat%3Djson%26states%3Dlisting HTTP/1.0 200 - python-swiftclient-4.8.0 gAAAAABpM6XeP7WC... - 2 - txa74e35f2fef045e680a0c-006933a60b - 0.0209 - - 1764992523.355083704 1764992523.375964165 0 1229ee3e1d964977b2a5589f27ad366e
Dec 05 22:42:03 np0005548602.novalocal object-server[96250]: ::1 - - [06/Dec/2025:03:42:03 +0000] "GET /1/114674/AUTH_d8741d1891ef40e5a7a8c7bee0ab6eed/gnocchi.17e473af-eef2-4f69-b547-6909398a6d6b/1764720000.0_mean_300.0_v3" 404 70 "GET https://[::1]:8080/v1/AUTH_d8741d1891ef40e5a7a8c7bee0ab6eed/gnocchi.17e473af-eef2-4f69-b547-6909398a6d6b/1764720000.0_mean_300.0_v3" "txd3b49627fa2f4ed996c35-006933a60b" "proxy-server 97198" 0.0006 "-" 96250 0
Dec 05 22:42:03 np0005548602.novalocal object-server[96249]: ::1 - - [06/Dec/2025:03:42:03 +0000] "GET /3/114674/AUTH_d8741d1891ef40e5a7a8c7bee0ab6eed/gnocchi.17e473af-eef2-4f69-b547-6909398a6d6b/1764720000.0_mean_300.0_v3" 404 70 "GET https://[::1]:8080/v1/AUTH_d8741d1891ef40e5a7a8c7bee0ab6eed/gnocchi.17e473af-eef2-4f69-b547-6909398a6d6b/1764720000.0_mean_300.0_v3" "txd3b49627fa2f4ed996c35-006933a60b" "proxy-server 97198" 0.0004 "-" 96249 0
Dec 05 22:42:03 np0005548602.novalocal object-server[96250]: ::1 - - [06/Dec/2025:03:42:03 +0000] "GET /2/114674/AUTH_d8741d1891ef40e5a7a8c7bee0ab6eed/gnocchi.17e473af-eef2-4f69-b547-6909398a6d6b/1764720000.0_mean_300.0_v3" 404 70 "GET https://[::1]:8080/v1/AUTH_d8741d1891ef40e5a7a8c7bee0ab6eed/gnocchi.17e473af-eef2-4f69-b547-6909398a6d6b/1764720000.0_mean_300.0_v3" "txd3b49627fa2f4ed996c35-006933a60b" "proxy-server 97198" 0.0003 "-" 96250 0
Dec 05 22:42:03 np0005548602.novalocal proxy-server[97198]: ::1 ::1 06/Dec/2025/03/42/03 GET /v1/AUTH_d8741d1891ef40e5a7a8c7bee0ab6eed/gnocchi.17e473af-eef2-4f69-b547-6909398a6d6b/1764720000.0_mean_300.0_v3 HTTP/1.0 404 - python-swiftclient-4.8.0 gAAAAABpM6XeP7WC... - 70 - txd3b49627fa2f4ed996c35-006933a60b - 0.0160 - - 1764992523.380568266 1764992523.396616936 0 1229ee3e1d964977b2a5589f27ad366e
Dec 05 22:42:03 np0005548602.novalocal container-server[95917]: ::1 - - [06/Dec/2025:03:42:03 +0000] "PUT /1/11249/AUTH_d8741d1891ef40e5a7a8c7bee0ab6eed/gnocchi.17e473af-eef2-4f69-b547-6909398a6d6b/1764720000.0_mean_300.0_v3" 201 - "PUT http://[::1]:8080/2/114674/AUTH_d8741d1891ef40e5a7a8c7bee0ab6eed/gnocchi.17e473af-eef2-4f69-b547-6909398a6d6b/1764720000.0_mean_300.0_v3" "txb18271d3fb3844eb80495-006933a60b" "object-server 96250" 0.0005 "-" 95917 0
Dec 05 22:42:03 np0005548602.novalocal container-server[95916]: ::1 - - [06/Dec/2025:03:42:03 +0000] "PUT /2/11249/AUTH_d8741d1891ef40e5a7a8c7bee0ab6eed/gnocchi.17e473af-eef2-4f69-b547-6909398a6d6b/1764720000.0_mean_300.0_v3" 201 - "PUT http://[::1]:8080/3/114674/AUTH_d8741d1891ef40e5a7a8c7bee0ab6eed/gnocchi.17e473af-eef2-4f69-b547-6909398a6d6b/1764720000.0_mean_300.0_v3" "txb18271d3fb3844eb80495-006933a60b" "object-server 96250" 0.0009 "-" 95916 0
Dec 05 22:42:03 np0005548602.novalocal object-server[96250]: ::1 - - [06/Dec/2025:03:42:03 +0000] "PUT /2/114674/AUTH_d8741d1891ef40e5a7a8c7bee0ab6eed/gnocchi.17e473af-eef2-4f69-b547-6909398a6d6b/1764720000.0_mean_300.0_v3" 201 - "PUT https://[::1]:8080/v1/AUTH_d8741d1891ef40e5a7a8c7bee0ab6eed/gnocchi.17e473af-eef2-4f69-b547-6909398a6d6b/1764720000.0_mean_300.0_v3" "txb18271d3fb3844eb80495-006933a60b" "proxy-server 97198" 0.0181 "-" 96250 0
Dec 05 22:42:03 np0005548602.novalocal object-server[96250]: ::1 - - [06/Dec/2025:03:42:03 +0000] "PUT /3/114674/AUTH_d8741d1891ef40e5a7a8c7bee0ab6eed/gnocchi.17e473af-eef2-4f69-b547-6909398a6d6b/1764720000.0_mean_300.0_v3" 201 - "PUT https://[::1]:8080/v1/AUTH_d8741d1891ef40e5a7a8c7bee0ab6eed/gnocchi.17e473af-eef2-4f69-b547-6909398a6d6b/1764720000.0_mean_300.0_v3" "txb18271d3fb3844eb80495-006933a60b" "proxy-server 97198" 0.0180 "-" 96250 0
Dec 05 22:42:03 np0005548602.novalocal container-server[95916]: ::1 - - [06/Dec/2025:03:42:03 +0000] "PUT /3/11249/AUTH_d8741d1891ef40e5a7a8c7bee0ab6eed/gnocchi.17e473af-eef2-4f69-b547-6909398a6d6b/1764720000.0_mean_300.0_v3" 201 - "PUT http://[::1]:8080/1/114674/AUTH_d8741d1891ef40e5a7a8c7bee0ab6eed/gnocchi.17e473af-eef2-4f69-b547-6909398a6d6b/1764720000.0_mean_300.0_v3" "txb18271d3fb3844eb80495-006933a60b" "object-server 96250" 0.0006 "-" 95916 0
Dec 05 22:42:03 np0005548602.novalocal object-server[96250]: ::1 - - [06/Dec/2025:03:42:03 +0000] "PUT /1/114674/AUTH_d8741d1891ef40e5a7a8c7bee0ab6eed/gnocchi.17e473af-eef2-4f69-b547-6909398a6d6b/1764720000.0_mean_300.0_v3" 201 - "PUT https://[::1]:8080/v1/AUTH_d8741d1891ef40e5a7a8c7bee0ab6eed/gnocchi.17e473af-eef2-4f69-b547-6909398a6d6b/1764720000.0_mean_300.0_v3" "txb18271d3fb3844eb80495-006933a60b" "proxy-server 97198" 0.0240 "-" 96250 0
Dec 05 22:42:03 np0005548602.novalocal proxy-server[97198]: ::1 ::1 06/Dec/2025/03/42/03 PUT /v1/AUTH_d8741d1891ef40e5a7a8c7bee0ab6eed/gnocchi.17e473af-eef2-4f69-b547-6909398a6d6b/1764720000.0_mean_300.0_v3 HTTP/1.0 201 - python-swiftclient-4.8.0 gAAAAABpM6XeP7WC... 16 - - txb18271d3fb3844eb80495-006933a60b - 0.0304 - - 1764992523.399735212 1764992523.430122137 0 1229ee3e1d964977b2a5589f27ad366e
Dec 05 22:42:03 np0005548602.novalocal container-server[95916]: ::1 - - [06/Dec/2025:03:42:03 +0000] "PUT /3/11249/AUTH_d8741d1891ef40e5a7a8c7bee0ab6eed/gnocchi.17e473af-eef2-4f69-b547-6909398a6d6b/none_v3" 201 - "PUT http://[::1]:8080/1/177755/AUTH_d8741d1891ef40e5a7a8c7bee0ab6eed/gnocchi.17e473af-eef2-4f69-b547-6909398a6d6b/none_v3" "tx0029acee3af244198c4f4-006933a60b" "object-server 96250" 0.0005 "-" 95916 0
Dec 05 22:42:03 np0005548602.novalocal container-server[95917]: ::1 - - [06/Dec/2025:03:42:03 +0000] "PUT /1/11249/AUTH_d8741d1891ef40e5a7a8c7bee0ab6eed/gnocchi.17e473af-eef2-4f69-b547-6909398a6d6b/none_v3" 201 - "PUT http://[::1]:8080/3/177755/AUTH_d8741d1891ef40e5a7a8c7bee0ab6eed/gnocchi.17e473af-eef2-4f69-b547-6909398a6d6b/none_v3" "tx0029acee3af244198c4f4-006933a60b" "object-server 96249" 0.0005 "-" 95917 0
Dec 05 22:42:03 np0005548602.novalocal container-server[95916]: ::1 - - [06/Dec/2025:03:42:03 +0000] "PUT /2/11249/AUTH_d8741d1891ef40e5a7a8c7bee0ab6eed/gnocchi.17e473af-eef2-4f69-b547-6909398a6d6b/none_v3" 201 - "PUT http://[::1]:8080/2/177755/AUTH_d8741d1891ef40e5a7a8c7bee0ab6eed/gnocchi.17e473af-eef2-4f69-b547-6909398a6d6b/none_v3" "tx0029acee3af244198c4f4-006933a60b" "object-server 96249" 0.0004 "-" 95916 0
Dec 05 22:42:03 np0005548602.novalocal object-server[96249]: ::1 - - [06/Dec/2025:03:42:03 +0000] "PUT /3/177755/AUTH_d8741d1891ef40e5a7a8c7bee0ab6eed/gnocchi.17e473af-eef2-4f69-b547-6909398a6d6b/none_v3" 201 - "PUT https://[::1]:8080/v1/AUTH_d8741d1891ef40e5a7a8c7bee0ab6eed/gnocchi.17e473af-eef2-4f69-b547-6909398a6d6b/none_v3" "tx0029acee3af244198c4f4-006933a60b" "proxy-server 97198" 0.0144 "-" 96249 0
Dec 05 22:42:03 np0005548602.novalocal object-server[96250]: ::1 - - [06/Dec/2025:03:42:03 +0000] "PUT /1/177755/AUTH_d8741d1891ef40e5a7a8c7bee0ab6eed/gnocchi.17e473af-eef2-4f69-b547-6909398a6d6b/none_v3" 201 - "PUT https://[::1]:8080/v1/AUTH_d8741d1891ef40e5a7a8c7bee0ab6eed/gnocchi.17e473af-eef2-4f69-b547-6909398a6d6b/none_v3" "tx0029acee3af244198c4f4-006933a60b" "proxy-server 97198" 0.0146 "-" 96250 0
Dec 05 22:42:03 np0005548602.novalocal object-server[96249]: ::1 - - [06/Dec/2025:03:42:03 +0000] "PUT /2/177755/AUTH_d8741d1891ef40e5a7a8c7bee0ab6eed/gnocchi.17e473af-eef2-4f69-b547-6909398a6d6b/none_v3" 201 - "PUT https://[::1]:8080/v1/AUTH_d8741d1891ef40e5a7a8c7bee0ab6eed/gnocchi.17e473af-eef2-4f69-b547-6909398a6d6b/none_v3" "tx0029acee3af244198c4f4-006933a60b" "proxy-server 97198" 0.0179 "-" 96249 0
Dec 05 22:42:03 np0005548602.novalocal proxy-server[97198]: ::1 ::1 06/Dec/2025/03/42/03 PUT /v1/AUTH_d8741d1891ef40e5a7a8c7bee0ab6eed/gnocchi.17e473af-eef2-4f69-b547-6909398a6d6b/none_v3 HTTP/1.0 201 - python-swiftclient-4.8.0 gAAAAABpM6XeP7WC... 22 - - tx0029acee3af244198c4f4-006933a60b - 0.0245 - - 1764992523.434153318 1764992523.458626747 0 1229ee3e1d964977b2a5589f27ad366e
Dec 05 22:42:03 np0005548602.novalocal container-sharder[95280]: Since Sat Dec 6 03:42:02 2025 visited - attempted:0 success:0 failure:0 skipped:78 completed:0
Dec 05 22:42:03 np0005548602.novalocal container-sharder[95280]: Since Sat Dec 6 03:42:02 2025 scanned - attempted:0 success:0 failure:0 found:0 min_time:0 max_time:0
Dec 05 22:42:03 np0005548602.novalocal container-sharder[95280]: Since Sat Dec 6 03:42:02 2025 created - attempted:0 success:0 failure:0
Dec 05 22:42:03 np0005548602.novalocal container-sharder[95280]: Since Sat Dec 6 03:42:02 2025 cleaved - attempted:0 success:0 failure:0 min_time:0 max_time:0
Dec 05 22:42:03 np0005548602.novalocal container-sharder[95280]: Since Sat Dec 6 03:42:02 2025 misplaced - attempted:0 success:0 failure:0 found:0 placed:0 unplaced:0
Dec 05 22:42:03 np0005548602.novalocal container-sharder[95280]: Since Sat Dec 6 03:42:02 2025 audit_root - attempted:0 success:0 failure:0 has_overlap:0 num_overlap:0
Dec 05 22:42:03 np0005548602.novalocal container-sharder[95280]: Since Sat Dec 6 03:42:02 2025 audit_shard - attempted:0 success:0 failure:0
Dec 05 22:42:03 np0005548602.novalocal container-sharder[95280]: Container sharder cycle completed: 1.55s
Dec 05 22:42:04 np0005548602.novalocal systemd[1]: Starting system activity accounting tool...
Dec 05 22:42:04 np0005548602.novalocal systemd[1]: sysstat-collect.service: Deactivated successfully.
Dec 05 22:42:04 np0005548602.novalocal systemd[1]: Finished system activity accounting tool.
Dec 05 22:42:04 np0005548602.novalocal object-auditor[104578]: Object audit (ZBF) "forever" mode completed: 3.22s. Total quarantined: 0, Total errors: 0, Total files/sec: 50.26, Total bytes/sec: 0.00, Auditing time: 3.18, Rate: 0.99
Dec 05 22:42:04 np0005548602.novalocal object-server[96249]: ::1 - - [06/Dec/2025:03:42:04 +0000] "GET /2/259738/AUTH_d8741d1891ef40e5a7a8c7bee0ab6eed/gnocchi.892a954a-dbd1-4e05-9b7d-d2f87c60ffa1/none_v3" 200 22 "GET https://[::1]:8080/v1/AUTH_d8741d1891ef40e5a7a8c7bee0ab6eed/gnocchi.892a954a-dbd1-4e05-9b7d-d2f87c60ffa1/none_v3" "tx2b3e8a606074433e931cb-006933a60c" "proxy-server 97198" 0.0008 "-" 96249 0
Dec 05 22:42:04 np0005548602.novalocal proxy-server[97198]: ::1 ::1 06/Dec/2025/03/42/04 GET /v1/AUTH_d8741d1891ef40e5a7a8c7bee0ab6eed/gnocchi.892a954a-dbd1-4e05-9b7d-d2f87c60ffa1/none_v3 HTTP/1.0 200 - python-swiftclient-4.8.0 gAAAAABpM6W9MtUs... - 22 - tx2b3e8a606074433e931cb-006933a60c - 0.0105 - - 1764992524.637951851 1764992524.648468733 0 1229ee3e1d964977b2a5589f27ad366e
Dec 05 22:42:04 np0005548602.novalocal container-server[95916]: ::1 - - [06/Dec/2025:03:42:04 +0000] "GET /2/175611/AUTH_d8741d1891ef40e5a7a8c7bee0ab6eed/gnocchi.892a954a-dbd1-4e05-9b7d-d2f87c60ffa1" 200 357 "GET https://[::1]:8080/v1/AUTH_d8741d1891ef40e5a7a8c7bee0ab6eed/gnocchi.892a954a-dbd1-4e05-9b7d-d2f87c60ffa1?format=json&states=listing" "tx1308060809c5468cb2854-006933a60c" "proxy-server 97198" 0.0105 "-" 95916 0
Dec 05 22:42:04 np0005548602.novalocal proxy-server[97198]: ::1 ::1 06/Dec/2025/03/42/04 GET /v1/AUTH_d8741d1891ef40e5a7a8c7bee0ab6eed/gnocchi.892a954a-dbd1-4e05-9b7d-d2f87c60ffa1%3Fformat%3Djson%26states%3Dlisting HTTP/1.0 200 - python-swiftclient-4.8.0 gAAAAABpM6W9MtUs... - 357 - tx1308060809c5468cb2854-006933a60c - 0.0209 - - 1764992524.652222157 1764992524.673147678 0 1229ee3e1d964977b2a5589f27ad366e
Dec 05 22:42:04 np0005548602.novalocal object-reconstructor[95477]: Starting object reconstruction pass.
Dec 05 22:42:04 np0005548602.novalocal object-reconstructor[95477]: Nothing reconstructed for 0.00046515464782714844 seconds.
Dec 05 22:42:04 np0005548602.novalocal object-reconstructor[95477]: Object reconstruction complete. (0.00 minutes)
Dec 05 22:42:04 np0005548602.novalocal container-server[95917]: ::1 - - [06/Dec/2025:03:42:04 +0000] "GET /1/175611/AUTH_d8741d1891ef40e5a7a8c7bee0ab6eed/gnocchi.892a954a-dbd1-4e05-9b7d-d2f87c60ffa1" 200 2 "GET https://[::1]:8080/v1/AUTH_d8741d1891ef40e5a7a8c7bee0ab6eed/gnocchi.892a954a-dbd1-4e05-9b7d-d2f87c60ffa1?format=json&marker=none_v3&states=listing" "tx20f387c99e1d4be89a699-006933a60c" "proxy-server 97198" 0.0083 "-" 95917 0
Dec 05 22:42:04 np0005548602.novalocal proxy-server[97198]: ::1 ::1 06/Dec/2025/03/42/04 GET /v1/AUTH_d8741d1891ef40e5a7a8c7bee0ab6eed/gnocchi.892a954a-dbd1-4e05-9b7d-d2f87c60ffa1%3Fformat%3Djson%26marker%3Dnone_v3%26states%3Dlisting HTTP/1.0 200 - python-swiftclient-4.8.0 gAAAAABpM6W9MtUs... - 2 - tx20f387c99e1d4be89a699-006933a60c - 0.0195 - - 1764992524.676352739 1764992524.695829868 0 1229ee3e1d964977b2a5589f27ad366e
Dec 05 22:42:04 np0005548602.novalocal object-server[96250]: ::1 - - [06/Dec/2025:03:42:04 +0000] "GET /3/227928/AUTH_d8741d1891ef40e5a7a8c7bee0ab6eed/gnocchi.892a954a-dbd1-4e05-9b7d-d2f87c60ffa1/1764720000.0_mean_300.0_v3" 200 16 "GET https://[::1]:8080/v1/AUTH_d8741d1891ef40e5a7a8c7bee0ab6eed/gnocchi.892a954a-dbd1-4e05-9b7d-d2f87c60ffa1/1764720000.0_mean_300.0_v3" "tx5be80770947742b5949fb-006933a60c" "proxy-server 97198" 0.0012 "-" 96250 0
Dec 05 22:42:04 np0005548602.novalocal proxy-server[97198]: ::1 ::1 06/Dec/2025/03/42/04 GET /v1/AUTH_d8741d1891ef40e5a7a8c7bee0ab6eed/gnocchi.892a954a-dbd1-4e05-9b7d-d2f87c60ffa1/1764720000.0_mean_300.0_v3 HTTP/1.0 200 - python-swiftclient-4.8.0 gAAAAABpM6W9MtUs... - 16 - tx5be80770947742b5949fb-006933a60c - 0.0127 - - 1764992524.700243473 1764992524.712951183 0 1229ee3e1d964977b2a5589f27ad366e
Dec 05 22:42:04 np0005548602.novalocal container-server[95916]: ::1 - - [06/Dec/2025:03:42:04 +0000] "PUT /2/175611/AUTH_d8741d1891ef40e5a7a8c7bee0ab6eed/gnocchi.892a954a-dbd1-4e05-9b7d-d2f87c60ffa1/1764720000.0_mean_300.0_v3" 201 - "PUT http://[::1]:8080/2/227928/AUTH_d8741d1891ef40e5a7a8c7bee0ab6eed/gnocchi.892a954a-dbd1-4e05-9b7d-d2f87c60ffa1/1764720000.0_mean_300.0_v3" "tx013ea77c09094110b2de5-006933a60c" "object-server 96249" 0.0006 "-" 95916 0
Dec 05 22:42:04 np0005548602.novalocal object-server[96249]: ::1 - - [06/Dec/2025:03:42:04 +0000] "PUT /2/227928/AUTH_d8741d1891ef40e5a7a8c7bee0ab6eed/gnocchi.892a954a-dbd1-4e05-9b7d-d2f87c60ffa1/1764720000.0_mean_300.0_v3" 201 - "PUT https://[::1]:8080/v1/AUTH_d8741d1891ef40e5a7a8c7bee0ab6eed/gnocchi.892a954a-dbd1-4e05-9b7d-d2f87c60ffa1/1764720000.0_mean_300.0_v3" "tx013ea77c09094110b2de5-006933a60c" "proxy-server 97198" 0.0127 "-" 96249 0
Dec 05 22:42:04 np0005548602.novalocal container-server[95916]: ::1 - - [06/Dec/2025:03:42:04 +0000] "PUT /3/175611/AUTH_d8741d1891ef40e5a7a8c7bee0ab6eed/gnocchi.892a954a-dbd1-4e05-9b7d-d2f87c60ffa1/1764720000.0_mean_300.0_v3" 201 - "PUT http://[::1]:8080/1/227928/AUTH_d8741d1891ef40e5a7a8c7bee0ab6eed/gnocchi.892a954a-dbd1-4e05-9b7d-d2f87c60ffa1/1764720000.0_mean_300.0_v3" "tx013ea77c09094110b2de5-006933a60c" "object-server 96249" 0.0004 "-" 95916 0
Dec 05 22:42:04 np0005548602.novalocal container-server[95916]: ::1 - - [06/Dec/2025:03:42:04 +0000] "PUT /1/175611/AUTH_d8741d1891ef40e5a7a8c7bee0ab6eed/gnocchi.892a954a-dbd1-4e05-9b7d-d2f87c60ffa1/1764720000.0_mean_300.0_v3" 201 - "PUT http://[::1]:8080/3/227928/AUTH_d8741d1891ef40e5a7a8c7bee0ab6eed/gnocchi.892a954a-dbd1-4e05-9b7d-d2f87c60ffa1/1764720000.0_mean_300.0_v3" "tx013ea77c09094110b2de5-006933a60c" "object-server 96249" 0.0004 "-" 95916 0
Dec 05 22:42:04 np0005548602.novalocal object-server[96249]: ::1 - - [06/Dec/2025:03:42:04 +0000] "PUT /1/227928/AUTH_d8741d1891ef40e5a7a8c7bee0ab6eed/gnocchi.892a954a-dbd1-4e05-9b7d-d2f87c60ffa1/1764720000.0_mean_300.0_v3" 201 - "PUT https://[::1]:8080/v1/AUTH_d8741d1891ef40e5a7a8c7bee0ab6eed/gnocchi.892a954a-dbd1-4e05-9b7d-d2f87c60ffa1/1764720000.0_mean_300.0_v3" "tx013ea77c09094110b2de5-006933a60c" "proxy-server 97198" 0.0163 "-" 96249 0
Dec 05 22:42:04 np0005548602.novalocal object-server[96249]: ::1 - - [06/Dec/2025:03:42:04 +0000] "PUT /3/227928/AUTH_d8741d1891ef40e5a7a8c7bee0ab6eed/gnocchi.892a954a-dbd1-4e05-9b7d-d2f87c60ffa1/1764720000.0_mean_300.0_v3" 201 - "PUT https://[::1]:8080/v1/AUTH_d8741d1891ef40e5a7a8c7bee0ab6eed/gnocchi.892a954a-dbd1-4e05-9b7d-d2f87c60ffa1/1764720000.0_mean_300.0_v3" "tx013ea77c09094110b2de5-006933a60c" "proxy-server 97198" 0.0206 "-" 96249 0
Dec 05 22:42:04 np0005548602.novalocal proxy-server[97198]: ::1 ::1 06/Dec/2025/03/42/04 PUT /v1/AUTH_d8741d1891ef40e5a7a8c7bee0ab6eed/gnocchi.892a954a-dbd1-4e05-9b7d-d2f87c60ffa1/1764720000.0_mean_300.0_v3 HTTP/1.0 201 - python-swiftclient-4.8.0 gAAAAABpM6W9MtUs... 16 - - tx013ea77c09094110b2de5-006933a60c - 0.0320 - - 1764992524.716167450 1764992524.748138189 0 1229ee3e1d964977b2a5589f27ad366e
Dec 05 22:42:04 np0005548602.novalocal container-server[95916]: ::1 - - [06/Dec/2025:03:42:04 +0000] "PUT /2/175611/AUTH_d8741d1891ef40e5a7a8c7bee0ab6eed/gnocchi.892a954a-dbd1-4e05-9b7d-d2f87c60ffa1/none_v3" 201 - "PUT http://[::1]:8080/2/259738/AUTH_d8741d1891ef40e5a7a8c7bee0ab6eed/gnocchi.892a954a-dbd1-4e05-9b7d-d2f87c60ffa1/none_v3" "txd3973925ff214c5eb55f7-006933a60c" "object-server 96249" 0.0004 "-" 95916 0
Dec 05 22:42:04 np0005548602.novalocal object-server[96249]: ::1 - - [06/Dec/2025:03:42:04 +0000] "PUT /2/259738/AUTH_d8741d1891ef40e5a7a8c7bee0ab6eed/gnocchi.892a954a-dbd1-4e05-9b7d-d2f87c60ffa1/none_v3" 201 - "PUT https://[::1]:8080/v1/AUTH_d8741d1891ef40e5a7a8c7bee0ab6eed/gnocchi.892a954a-dbd1-4e05-9b7d-d2f87c60ffa1/none_v3" "txd3973925ff214c5eb55f7-006933a60c" "proxy-server 97198" 0.0117 "-" 96249 0
Dec 05 22:42:04 np0005548602.novalocal container-server[95917]: ::1 - - [06/Dec/2025:03:42:04 +0000] "PUT /1/175611/AUTH_d8741d1891ef40e5a7a8c7bee0ab6eed/gnocchi.892a954a-dbd1-4e05-9b7d-d2f87c60ffa1/none_v3" 201 - "PUT http://[::1]:8080/1/259738/AUTH_d8741d1891ef40e5a7a8c7bee0ab6eed/gnocchi.892a954a-dbd1-4e05-9b7d-d2f87c60ffa1/none_v3" "txd3973925ff214c5eb55f7-006933a60c" "object-server 96250" 0.0008 "-" 95917 0
Dec 05 22:42:04 np0005548602.novalocal object-server[96250]: ::1 - - [06/Dec/2025:03:42:04 +0000] "PUT /1/259738/AUTH_d8741d1891ef40e5a7a8c7bee0ab6eed/gnocchi.892a954a-dbd1-4e05-9b7d-d2f87c60ffa1/none_v3" 201 - "PUT https://[::1]:8080/v1/AUTH_d8741d1891ef40e5a7a8c7bee0ab6eed/gnocchi.892a954a-dbd1-4e05-9b7d-d2f87c60ffa1/none_v3" "txd3973925ff214c5eb55f7-006933a60c" "proxy-server 97198" 0.0148 "-" 96250 0
Dec 05 22:42:04 np0005548602.novalocal container-server[95917]: ::1 - - [06/Dec/2025:03:42:04 +0000] "PUT /3/175611/AUTH_d8741d1891ef40e5a7a8c7bee0ab6eed/gnocchi.892a954a-dbd1-4e05-9b7d-d2f87c60ffa1/none_v3" 201 - "PUT http://[::1]:8080/3/259738/AUTH_d8741d1891ef40e5a7a8c7bee0ab6eed/gnocchi.892a954a-dbd1-4e05-9b7d-d2f87c60ffa1/none_v3" "txd3973925ff214c5eb55f7-006933a60c" "object-server 96249" 0.0006 "-" 95917 0
Dec 05 22:42:04 np0005548602.novalocal object-server[96249]: ::1 - - [06/Dec/2025:03:42:04 +0000] "PUT /3/259738/AUTH_d8741d1891ef40e5a7a8c7bee0ab6eed/gnocchi.892a954a-dbd1-4e05-9b7d-d2f87c60ffa1/none_v3" 201 - "PUT https://[::1]:8080/v1/AUTH_d8741d1891ef40e5a7a8c7bee0ab6eed/gnocchi.892a954a-dbd1-4e05-9b7d-d2f87c60ffa1/none_v3" "txd3973925ff214c5eb55f7-006933a60c" "proxy-server 97198" 0.0180 "-" 96249 0
Dec 05 22:42:04 np0005548602.novalocal proxy-server[97198]: ::1 ::1 06/Dec/2025/03/42/04 PUT /v1/AUTH_d8741d1891ef40e5a7a8c7bee0ab6eed/gnocchi.892a954a-dbd1-4e05-9b7d-d2f87c60ffa1/none_v3 HTTP/1.0 201 - python-swiftclient-4.8.0 gAAAAABpM6W9MtUs... 26 - - txd3973925ff214c5eb55f7-006933a60c - 0.0287 - - 1764992524.751417637 1764992524.780117273 0 1229ee3e1d964977b2a5589f27ad366e
Dec 05 22:42:04 np0005548602.novalocal object-server[96249]: ::1 - - [06/Dec/2025:03:42:04 +0000] "GET /1/93989/AUTH_d8741d1891ef40e5a7a8c7bee0ab6eed/gnocchi.3d7662f7-761d-44ca-aefd-365cd59829a3/none_v3" 200 22 "GET https://[::1]:8080/v1/AUTH_d8741d1891ef40e5a7a8c7bee0ab6eed/gnocchi.3d7662f7-761d-44ca-aefd-365cd59829a3/none_v3" "tx5104b787186447b791f2e-006933a60c" "proxy-server 97198" 0.0012 "-" 96249 0
Dec 05 22:42:04 np0005548602.novalocal proxy-server[97198]: ::1 ::1 06/Dec/2025/03/42/04 GET /v1/AUTH_d8741d1891ef40e5a7a8c7bee0ab6eed/gnocchi.3d7662f7-761d-44ca-aefd-365cd59829a3/none_v3 HTTP/1.0 200 - python-swiftclient-4.8.0 gAAAAABpM6W9MtUs... - 22 - tx5104b787186447b791f2e-006933a60c - 0.0110 - - 1764992524.789859295 1764992524.800853014 0 1229ee3e1d964977b2a5589f27ad366e
Dec 05 22:42:04 np0005548602.novalocal container-server[95916]: ::1 - - [06/Dec/2025:03:42:04 +0000] "GET /2/64588/AUTH_d8741d1891ef40e5a7a8c7bee0ab6eed/gnocchi.3d7662f7-761d-44ca-aefd-365cd59829a3" 200 357 "GET https://[::1]:8080/v1/AUTH_d8741d1891ef40e5a7a8c7bee0ab6eed/gnocchi.3d7662f7-761d-44ca-aefd-365cd59829a3?format=json&states=listing" "txc0ba911f2df4499ea54c9-006933a60c" "proxy-server 97198" 0.0080 "-" 95916 0
Dec 05 22:42:04 np0005548602.novalocal proxy-server[97198]: ::1 ::1 06/Dec/2025/03/42/04 GET /v1/AUTH_d8741d1891ef40e5a7a8c7bee0ab6eed/gnocchi.3d7662f7-761d-44ca-aefd-365cd59829a3%3Fformat%3Djson%26states%3Dlisting HTTP/1.0 200 - python-swiftclient-4.8.0 gAAAAABpM6W9MtUs... - 357 - txc0ba911f2df4499ea54c9-006933a60c - 0.0163 - - 1764992524.805172682 1764992524.821511745 0 1229ee3e1d964977b2a5589f27ad366e
Dec 05 22:42:04 np0005548602.novalocal container-server[95917]: ::1 - - [06/Dec/2025:03:42:04 +0000] "GET /1/64588/AUTH_d8741d1891ef40e5a7a8c7bee0ab6eed/gnocchi.3d7662f7-761d-44ca-aefd-365cd59829a3" 200 2 "GET https://[::1]:8080/v1/AUTH_d8741d1891ef40e5a7a8c7bee0ab6eed/gnocchi.3d7662f7-761d-44ca-aefd-365cd59829a3?format=json&marker=none_v3&states=listing" "tx521ed6abb70746588e8c4-006933a60c" "proxy-server 97198" 0.0104 "-" 95917 0
Dec 05 22:42:04 np0005548602.novalocal proxy-server[97198]: ::1 ::1 06/Dec/2025/03/42/04 GET /v1/AUTH_d8741d1891ef40e5a7a8c7bee0ab6eed/gnocchi.3d7662f7-761d-44ca-aefd-365cd59829a3%3Fformat%3Djson%26marker%3Dnone_v3%26states%3Dlisting HTTP/1.0 200 - python-swiftclient-4.8.0 gAAAAABpM6W9MtUs... - 2 - tx521ed6abb70746588e8c4-006933a60c - 0.0195 - - 1764992524.824740410 1764992524.844229937 0 1229ee3e1d964977b2a5589f27ad366e
Dec 05 22:42:04 np0005548602.novalocal object-server[96249]: ::1 - - [06/Dec/2025:03:42:04 +0000] "GET /3/9200/AUTH_d8741d1891ef40e5a7a8c7bee0ab6eed/gnocchi.3d7662f7-761d-44ca-aefd-365cd59829a3/1764720000.0_mean_300.0_v3" 200 16 "GET https://[::1]:8080/v1/AUTH_d8741d1891ef40e5a7a8c7bee0ab6eed/gnocchi.3d7662f7-761d-44ca-aefd-365cd59829a3/1764720000.0_mean_300.0_v3" "txebd84f21079d4e33adbef-006933a60c" "proxy-server 97198" 0.0012 "-" 96249 0
Dec 05 22:42:04 np0005548602.novalocal proxy-server[97198]: ::1 ::1 06/Dec/2025/03/42/04 GET /v1/AUTH_d8741d1891ef40e5a7a8c7bee0ab6eed/gnocchi.3d7662f7-761d-44ca-aefd-365cd59829a3/1764720000.0_mean_300.0_v3 HTTP/1.0 200 - python-swiftclient-4.8.0 gAAAAABpM6W9MtUs... - 16 - txebd84f21079d4e33adbef-006933a60c - 0.0096 - - 1764992524.848453045 1764992524.858053207 0 1229ee3e1d964977b2a5589f27ad366e
Dec 05 22:42:04 np0005548602.novalocal container-server[95917]: ::1 - - [06/Dec/2025:03:42:04 +0000] "PUT /2/64588/AUTH_d8741d1891ef40e5a7a8c7bee0ab6eed/gnocchi.3d7662f7-761d-44ca-aefd-365cd59829a3/1764720000.0_mean_300.0_v3" 201 - "PUT http://[::1]:8080/2/9200/AUTH_d8741d1891ef40e5a7a8c7bee0ab6eed/gnocchi.3d7662f7-761d-44ca-aefd-365cd59829a3/1764720000.0_mean_300.0_v3" "tx8a930cdf5d5d4d2a8a919-006933a60c" "object-server 96249" 0.0011 "-" 95917 0
Dec 05 22:42:04 np0005548602.novalocal object-server[96249]: ::1 - - [06/Dec/2025:03:42:04 +0000] "PUT /2/9200/AUTH_d8741d1891ef40e5a7a8c7bee0ab6eed/gnocchi.3d7662f7-761d-44ca-aefd-365cd59829a3/1764720000.0_mean_300.0_v3" 201 - "PUT https://[::1]:8080/v1/AUTH_d8741d1891ef40e5a7a8c7bee0ab6eed/gnocchi.3d7662f7-761d-44ca-aefd-365cd59829a3/1764720000.0_mean_300.0_v3" "tx8a930cdf5d5d4d2a8a919-006933a60c" "proxy-server 97198" 0.0124 "-" 96249 0
Dec 05 22:42:04 np0005548602.novalocal container-server[95917]: ::1 - - [06/Dec/2025:03:42:04 +0000] "PUT /3/64588/AUTH_d8741d1891ef40e5a7a8c7bee0ab6eed/gnocchi.3d7662f7-761d-44ca-aefd-365cd59829a3/1764720000.0_mean_300.0_v3" 201 - "PUT http://[::1]:8080/1/9200/AUTH_d8741d1891ef40e5a7a8c7bee0ab6eed/gnocchi.3d7662f7-761d-44ca-aefd-365cd59829a3/1764720000.0_mean_300.0_v3" "tx8a930cdf5d5d4d2a8a919-006933a60c" "object-server 96250" 0.0004 "-" 95917 0
Dec 05 22:42:04 np0005548602.novalocal object-server[96250]: ::1 - - [06/Dec/2025:03:42:04 +0000] "PUT /1/9200/AUTH_d8741d1891ef40e5a7a8c7bee0ab6eed/gnocchi.3d7662f7-761d-44ca-aefd-365cd59829a3/1764720000.0_mean_300.0_v3" 201 - "PUT https://[::1]:8080/v1/AUTH_d8741d1891ef40e5a7a8c7bee0ab6eed/gnocchi.3d7662f7-761d-44ca-aefd-365cd59829a3/1764720000.0_mean_300.0_v3" "tx8a930cdf5d5d4d2a8a919-006933a60c" "proxy-server 97198" 0.0145 "-" 96250 0
Dec 05 22:42:04 np0005548602.novalocal container-server[95917]: ::1 - - [06/Dec/2025:03:42:04 +0000] "PUT /1/64588/AUTH_d8741d1891ef40e5a7a8c7bee0ab6eed/gnocchi.3d7662f7-761d-44ca-aefd-365cd59829a3/1764720000.0_mean_300.0_v3" 201 - "PUT http://[::1]:8080/3/9200/AUTH_d8741d1891ef40e5a7a8c7bee0ab6eed/gnocchi.3d7662f7-761d-44ca-aefd-365cd59829a3/1764720000.0_mean_300.0_v3" "tx8a930cdf5d5d4d2a8a919-006933a60c" "object-server 96250" 0.0005 "-" 95917 0
Dec 05 22:42:04 np0005548602.novalocal object-server[96250]: ::1 - - [06/Dec/2025:03:42:04 +0000] "PUT /3/9200/AUTH_d8741d1891ef40e5a7a8c7bee0ab6eed/gnocchi.3d7662f7-761d-44ca-aefd-365cd59829a3/1764720000.0_mean_300.0_v3" 201 - "PUT https://[::1]:8080/v1/AUTH_d8741d1891ef40e5a7a8c7bee0ab6eed/gnocchi.3d7662f7-761d-44ca-aefd-365cd59829a3/1764720000.0_mean_300.0_v3" "tx8a930cdf5d5d4d2a8a919-006933a60c" "proxy-server 97198" 0.0144 "-" 96250 0
Dec 05 22:42:04 np0005548602.novalocal proxy-server[97198]: ::1 ::1 06/Dec/2025/03/42/04 PUT /v1/AUTH_d8741d1891ef40e5a7a8c7bee0ab6eed/gnocchi.3d7662f7-761d-44ca-aefd-365cd59829a3/1764720000.0_mean_300.0_v3 HTTP/1.0 201 - python-swiftclient-4.8.0 gAAAAABpM6W9MtUs... 16 - - tx8a930cdf5d5d4d2a8a919-006933a60c - 0.0256 - - 1764992524.861265659 1764992524.886900902 0 1229ee3e1d964977b2a5589f27ad366e
Dec 05 22:42:04 np0005548602.novalocal container-server[95917]: ::1 - - [06/Dec/2025:03:42:04 +0000] "PUT /3/64588/AUTH_d8741d1891ef40e5a7a8c7bee0ab6eed/gnocchi.3d7662f7-761d-44ca-aefd-365cd59829a3/none_v3" 201 - "PUT http://[::1]:8080/1/93989/AUTH_d8741d1891ef40e5a7a8c7bee0ab6eed/gnocchi.3d7662f7-761d-44ca-aefd-365cd59829a3/none_v3" "txeece05ae5d654e9490584-006933a60c" "object-server 96250" 0.0004 "-" 95917 0
Dec 05 22:42:04 np0005548602.novalocal object-server[96250]: ::1 - - [06/Dec/2025:03:42:04 +0000] "PUT /1/93989/AUTH_d8741d1891ef40e5a7a8c7bee0ab6eed/gnocchi.3d7662f7-761d-44ca-aefd-365cd59829a3/none_v3" 201 - "PUT https://[::1]:8080/v1/AUTH_d8741d1891ef40e5a7a8c7bee0ab6eed/gnocchi.3d7662f7-761d-44ca-aefd-365cd59829a3/none_v3" "txeece05ae5d654e9490584-006933a60c" "proxy-server 97198" 0.0117 "-" 96250 0
Dec 05 22:42:04 np0005548602.novalocal container-server[95916]: ::1 - - [06/Dec/2025:03:42:04 +0000] "PUT /2/64588/AUTH_d8741d1891ef40e5a7a8c7bee0ab6eed/gnocchi.3d7662f7-761d-44ca-aefd-365cd59829a3/none_v3" 201 - "PUT http://[::1]:8080/3/93989/AUTH_d8741d1891ef40e5a7a8c7bee0ab6eed/gnocchi.3d7662f7-761d-44ca-aefd-365cd59829a3/none_v3" "txeece05ae5d654e9490584-006933a60c" "object-server 96249" 0.0007 "-" 95916 0
Dec 05 22:42:04 np0005548602.novalocal object-server[96249]: ::1 - - [06/Dec/2025:03:42:04 +0000] "PUT /3/93989/AUTH_d8741d1891ef40e5a7a8c7bee0ab6eed/gnocchi.3d7662f7-761d-44ca-aefd-365cd59829a3/none_v3" 201 - "PUT https://[::1]:8080/v1/AUTH_d8741d1891ef40e5a7a8c7bee0ab6eed/gnocchi.3d7662f7-761d-44ca-aefd-365cd59829a3/none_v3" "txeece05ae5d654e9490584-006933a60c" "proxy-server 97198" 0.0111 "-" 96249 0
Dec 05 22:42:04 np0005548602.novalocal container-server[95916]: ::1 - - [06/Dec/2025:03:42:04 +0000] "PUT /1/64588/AUTH_d8741d1891ef40e5a7a8c7bee0ab6eed/gnocchi.3d7662f7-761d-44ca-aefd-365cd59829a3/none_v3" 201 - "PUT http://[::1]:8080/2/93989/AUTH_d8741d1891ef40e5a7a8c7bee0ab6eed/gnocchi.3d7662f7-761d-44ca-aefd-365cd59829a3/none_v3" "txeece05ae5d654e9490584-006933a60c" "object-server 96249" 0.0014 "-" 95916 0
Dec 05 22:42:04 np0005548602.novalocal object-server[96249]: ::1 - - [06/Dec/2025:03:42:04 +0000] "PUT /2/93989/AUTH_d8741d1891ef40e5a7a8c7bee0ab6eed/gnocchi.3d7662f7-761d-44ca-aefd-365cd59829a3/none_v3" 201 - "PUT https://[::1]:8080/v1/AUTH_d8741d1891ef40e5a7a8c7bee0ab6eed/gnocchi.3d7662f7-761d-44ca-aefd-365cd59829a3/none_v3" "txeece05ae5d654e9490584-006933a60c" "proxy-server 97198" 0.0166 "-" 96249 0
Dec 05 22:42:04 np0005548602.novalocal proxy-server[97198]: ::1 ::1 06/Dec/2025/03/42/04 PUT /v1/AUTH_d8741d1891ef40e5a7a8c7bee0ab6eed/gnocchi.3d7662f7-761d-44ca-aefd-365cd59829a3/none_v3 HTTP/1.0 201 - python-swiftclient-4.8.0 gAAAAABpM6W9MtUs... 31 - - txeece05ae5d654e9490584-006933a60c - 0.0259 - - 1764992524.890059948 1764992524.915922880 0 1229ee3e1d964977b2a5589f27ad366e
Dec 05 22:42:04 np0005548602.novalocal object-server[96250]: ::1 - - [06/Dec/2025:03:42:04 +0000] "GET /2/178674/AUTH_d8741d1891ef40e5a7a8c7bee0ab6eed/gnocchi.8045bc93-2d37-4cfb-9789-94242db85a2a/none_v3" 200 22 "GET https://[::1]:8080/v1/AUTH_d8741d1891ef40e5a7a8c7bee0ab6eed/gnocchi.8045bc93-2d37-4cfb-9789-94242db85a2a/none_v3" "tx118d9eacc21e4b37ae109-006933a60c" "proxy-server 97198" 0.0006 "-" 96250 0
Dec 05 22:42:04 np0005548602.novalocal proxy-server[97198]: ::1 ::1 06/Dec/2025/03/42/04 GET /v1/AUTH_d8741d1891ef40e5a7a8c7bee0ab6eed/gnocchi.8045bc93-2d37-4cfb-9789-94242db85a2a/none_v3 HTTP/1.0 200 - python-swiftclient-4.8.0 gAAAAABpM6W9MtUs... - 22 - tx118d9eacc21e4b37ae109-006933a60c - 0.0077 - - 1764992524.930991888 1764992524.938736439 0 1229ee3e1d964977b2a5589f27ad366e
Dec 05 22:42:04 np0005548602.novalocal container-server[95916]: ::1 - - [06/Dec/2025:03:42:04 +0000] "GET /1/118228/AUTH_d8741d1891ef40e5a7a8c7bee0ab6eed/gnocchi.8045bc93-2d37-4cfb-9789-94242db85a2a" 200 357 "GET https://[::1]:8080/v1/AUTH_d8741d1891ef40e5a7a8c7bee0ab6eed/gnocchi.8045bc93-2d37-4cfb-9789-94242db85a2a?format=json&states=listing" "tx5bb8775913a9462499643-006933a60c" "proxy-server 97198" 0.0099 "-" 95916 0
Dec 05 22:42:04 np0005548602.novalocal proxy-server[97198]: ::1 ::1 06/Dec/2025/03/42/04 GET /v1/AUTH_d8741d1891ef40e5a7a8c7bee0ab6eed/gnocchi.8045bc93-2d37-4cfb-9789-94242db85a2a%3Fformat%3Djson%26states%3Dlisting HTTP/1.0 200 - python-swiftclient-4.8.0 gAAAAABpM6W9MtUs... - 357 - tx5bb8775913a9462499643-006933a60c - 0.0191 - - 1764992524.942161560 1764992524.961245298 0 1229ee3e1d964977b2a5589f27ad366e
Dec 05 22:42:04 np0005548602.novalocal container-server[95916]: ::1 - - [06/Dec/2025:03:42:04 +0000] "GET /2/118228/AUTH_d8741d1891ef40e5a7a8c7bee0ab6eed/gnocchi.8045bc93-2d37-4cfb-9789-94242db85a2a" 200 2 "GET https://[::1]:8080/v1/AUTH_d8741d1891ef40e5a7a8c7bee0ab6eed/gnocchi.8045bc93-2d37-4cfb-9789-94242db85a2a?format=json&marker=none_v3&states=listing" "tx80f28efa50574400bc6fa-006933a60c" "proxy-server 97198" 0.0085 "-" 95916 0
Dec 05 22:42:04 np0005548602.novalocal proxy-server[97198]: ::1 ::1 06/Dec/2025/03/42/04 GET /v1/AUTH_d8741d1891ef40e5a7a8c7bee0ab6eed/gnocchi.8045bc93-2d37-4cfb-9789-94242db85a2a%3Fformat%3Djson%26marker%3Dnone_v3%26states%3Dlisting HTTP/1.0 200 - python-swiftclient-4.8.0 gAAAAABpM6W9MtUs... - 2 - tx80f28efa50574400bc6fa-006933a60c - 0.0181 - - 1764992524.964428425 1764992524.982527256 0 1229ee3e1d964977b2a5589f27ad366e
Dec 05 22:42:04 np0005548602.novalocal object-server[96250]: ::1 - - [06/Dec/2025:03:42:04 +0000] "GET /1/130776/AUTH_d8741d1891ef40e5a7a8c7bee0ab6eed/gnocchi.8045bc93-2d37-4cfb-9789-94242db85a2a/1764720000.0_mean_300.0_v3" 200 16 "GET https://[::1]:8080/v1/AUTH_d8741d1891ef40e5a7a8c7bee0ab6eed/gnocchi.8045bc93-2d37-4cfb-9789-94242db85a2a/1764720000.0_mean_300.0_v3" "tx70f8c22c69b24d65a84d7-006933a60c" "proxy-server 97198" 0.0009 "-" 96250 0
Dec 05 22:42:04 np0005548602.novalocal proxy-server[97198]: ::1 ::1 06/Dec/2025/03/42/04 GET /v1/AUTH_d8741d1891ef40e5a7a8c7bee0ab6eed/gnocchi.8045bc93-2d37-4cfb-9789-94242db85a2a/1764720000.0_mean_300.0_v3 HTTP/1.0 200 - python-swiftclient-4.8.0 gAAAAABpM6W9MtUs... - 16 - tx70f8c22c69b24d65a84d7-006933a60c - 0.0091 - - 1764992524.986418247 1764992524.995524406 0 1229ee3e1d964977b2a5589f27ad366e
Dec 05 22:42:05 np0005548602.novalocal container-server[95916]: ::1 - - [06/Dec/2025:03:42:05 +0000] "PUT /2/118228/AUTH_d8741d1891ef40e5a7a8c7bee0ab6eed/gnocchi.8045bc93-2d37-4cfb-9789-94242db85a2a/1764720000.0_mean_300.0_v3" 201 - "PUT http://[::1]:8080/1/130776/AUTH_d8741d1891ef40e5a7a8c7bee0ab6eed/gnocchi.8045bc93-2d37-4cfb-9789-94242db85a2a/1764720000.0_mean_300.0_v3" "tx9119c167cd3249d6bc6d8-006933a60c" "object-server 96249" 0.0008 "-" 95916 0
Dec 05 22:42:05 np0005548602.novalocal object-server[96249]: ::1 - - [06/Dec/2025:03:42:05 +0000] "PUT /1/130776/AUTH_d8741d1891ef40e5a7a8c7bee0ab6eed/gnocchi.8045bc93-2d37-4cfb-9789-94242db85a2a/1764720000.0_mean_300.0_v3" 201 - "PUT https://[::1]:8080/v1/AUTH_d8741d1891ef40e5a7a8c7bee0ab6eed/gnocchi.8045bc93-2d37-4cfb-9789-94242db85a2a/1764720000.0_mean_300.0_v3" "tx9119c167cd3249d6bc6d8-006933a60c" "proxy-server 97198" 0.0117 "-" 96249 0
Dec 05 22:42:05 np0005548602.novalocal container-server[95916]: ::1 - - [06/Dec/2025:03:42:05 +0000] "PUT /1/118228/AUTH_d8741d1891ef40e5a7a8c7bee0ab6eed/gnocchi.8045bc93-2d37-4cfb-9789-94242db85a2a/1764720000.0_mean_300.0_v3" 201 - "PUT http://[::1]:8080/3/130776/AUTH_d8741d1891ef40e5a7a8c7bee0ab6eed/gnocchi.8045bc93-2d37-4cfb-9789-94242db85a2a/1764720000.0_mean_300.0_v3" "tx9119c167cd3249d6bc6d8-006933a60c" "object-server 96250" 0.0006 "-" 95916 0
Dec 05 22:42:05 np0005548602.novalocal object-server[96250]: ::1 - - [06/Dec/2025:03:42:05 +0000] "PUT /3/130776/AUTH_d8741d1891ef40e5a7a8c7bee0ab6eed/gnocchi.8045bc93-2d37-4cfb-9789-94242db85a2a/1764720000.0_mean_300.0_v3" 201 - "PUT https://[::1]:8080/v1/AUTH_d8741d1891ef40e5a7a8c7bee0ab6eed/gnocchi.8045bc93-2d37-4cfb-9789-94242db85a2a/1764720000.0_mean_300.0_v3" "tx9119c167cd3249d6bc6d8-006933a60c" "proxy-server 97198" 0.0143 "-" 96250 0
Dec 05 22:42:05 np0005548602.novalocal container-server[95916]: ::1 - - [06/Dec/2025:03:42:05 +0000] "PUT /3/118228/AUTH_d8741d1891ef40e5a7a8c7bee0ab6eed/gnocchi.8045bc93-2d37-4cfb-9789-94242db85a2a/1764720000.0_mean_300.0_v3" 201 - "PUT http://[::1]:8080/2/130776/AUTH_d8741d1891ef40e5a7a8c7bee0ab6eed/gnocchi.8045bc93-2d37-4cfb-9789-94242db85a2a/1764720000.0_mean_300.0_v3" "tx9119c167cd3249d6bc6d8-006933a60c" "object-server 96250" 0.0012 "-" 95916 0
Dec 05 22:42:05 np0005548602.novalocal object-server[96250]: ::1 - - [06/Dec/2025:03:42:05 +0000] "PUT /2/130776/AUTH_d8741d1891ef40e5a7a8c7bee0ab6eed/gnocchi.8045bc93-2d37-4cfb-9789-94242db85a2a/1764720000.0_mean_300.0_v3" 201 - "PUT https://[::1]:8080/v1/AUTH_d8741d1891ef40e5a7a8c7bee0ab6eed/gnocchi.8045bc93-2d37-4cfb-9789-94242db85a2a/1764720000.0_mean_300.0_v3" "tx9119c167cd3249d6bc6d8-006933a60c" "proxy-server 97198" 0.0148 "-" 96250 0
Dec 05 22:42:05 np0005548602.novalocal proxy-server[97198]: ::1 ::1 06/Dec/2025/03/42/05 PUT /v1/AUTH_d8741d1891ef40e5a7a8c7bee0ab6eed/gnocchi.8045bc93-2d37-4cfb-9789-94242db85a2a/1764720000.0_mean_300.0_v3 HTTP/1.0 201 - python-swiftclient-4.8.0 gAAAAABpM6W9MtUs... 16 - - tx9119c167cd3249d6bc6d8-006933a60c - 0.0310 - - 1764992524.998292208 1764992525.029286623 0 1229ee3e1d964977b2a5589f27ad366e
Dec 05 22:42:05 np0005548602.novalocal container-server[95917]: ::1 - - [06/Dec/2025:03:42:05 +0000] "PUT /2/118228/AUTH_d8741d1891ef40e5a7a8c7bee0ab6eed/gnocchi.8045bc93-2d37-4cfb-9789-94242db85a2a/none_v3" 201 - "PUT http://[::1]:8080/1/178674/AUTH_d8741d1891ef40e5a7a8c7bee0ab6eed/gnocchi.8045bc93-2d37-4cfb-9789-94242db85a2a/none_v3" "tx8bb605e880cf420794889-006933a60d" "object-server 96249" 0.0011 "-" 95917 0
Dec 05 22:42:05 np0005548602.novalocal container-server[95916]: ::1 - - [06/Dec/2025:03:42:05 +0000] "PUT /3/118228/AUTH_d8741d1891ef40e5a7a8c7bee0ab6eed/gnocchi.8045bc93-2d37-4cfb-9789-94242db85a2a/none_v3" 201 - "PUT http://[::1]:8080/2/178674/AUTH_d8741d1891ef40e5a7a8c7bee0ab6eed/gnocchi.8045bc93-2d37-4cfb-9789-94242db85a2a/none_v3" "tx8bb605e880cf420794889-006933a60d" "object-server 96250" 0.0008 "-" 95916 0
Dec 05 22:42:05 np0005548602.novalocal object-server[96250]: ::1 - - [06/Dec/2025:03:42:05 +0000] "PUT /2/178674/AUTH_d8741d1891ef40e5a7a8c7bee0ab6eed/gnocchi.8045bc93-2d37-4cfb-9789-94242db85a2a/none_v3" 201 - "PUT https://[::1]:8080/v1/AUTH_d8741d1891ef40e5a7a8c7bee0ab6eed/gnocchi.8045bc93-2d37-4cfb-9789-94242db85a2a/none_v3" "tx8bb605e880cf420794889-006933a60d" "proxy-server 97198" 0.0169 "-" 96250 0
Dec 05 22:42:05 np0005548602.novalocal object-server[96249]: ::1 - - [06/Dec/2025:03:42:05 +0000] "PUT /1/178674/AUTH_d8741d1891ef40e5a7a8c7bee0ab6eed/gnocchi.8045bc93-2d37-4cfb-9789-94242db85a2a/none_v3" 201 - "PUT https://[::1]:8080/v1/AUTH_d8741d1891ef40e5a7a8c7bee0ab6eed/gnocchi.8045bc93-2d37-4cfb-9789-94242db85a2a/none_v3" "tx8bb605e880cf420794889-006933a60d" "proxy-server 97198" 0.0155 "-" 96249 0
Dec 05 22:42:05 np0005548602.novalocal container-server[95916]: ::1 - - [06/Dec/2025:03:42:05 +0000] "PUT /1/118228/AUTH_d8741d1891ef40e5a7a8c7bee0ab6eed/gnocchi.8045bc93-2d37-4cfb-9789-94242db85a2a/none_v3" 201 - "PUT http://[::1]:8080/3/178674/AUTH_d8741d1891ef40e5a7a8c7bee0ab6eed/gnocchi.8045bc93-2d37-4cfb-9789-94242db85a2a/none_v3" "tx8bb605e880cf420794889-006933a60d" "object-server 96250" 0.0006 "-" 95916 0
Dec 05 22:42:05 np0005548602.novalocal object-server[96250]: ::1 - - [06/Dec/2025:03:42:05 +0000] "PUT /3/178674/AUTH_d8741d1891ef40e5a7a8c7bee0ab6eed/gnocchi.8045bc93-2d37-4cfb-9789-94242db85a2a/none_v3" 201 - "PUT https://[::1]:8080/v1/AUTH_d8741d1891ef40e5a7a8c7bee0ab6eed/gnocchi.8045bc93-2d37-4cfb-9789-94242db85a2a/none_v3" "tx8bb605e880cf420794889-006933a60d" "proxy-server 97198" 0.0155 "-" 96250 0
Dec 05 22:42:05 np0005548602.novalocal proxy-server[97198]: ::1 ::1 06/Dec/2025/03/42/05 PUT /v1/AUTH_d8741d1891ef40e5a7a8c7bee0ab6eed/gnocchi.8045bc93-2d37-4cfb-9789-94242db85a2a/none_v3 HTTP/1.0 201 - python-swiftclient-4.8.0 gAAAAABpM6W9MtUs... 30 - - tx8bb605e880cf420794889-006933a60d - 0.0425 - - 1764992525.032780647 1764992525.075237036 0 1229ee3e1d964977b2a5589f27ad366e
Dec 05 22:42:05 np0005548602.novalocal object-server[96250]: ::1 - - [06/Dec/2025:03:42:05 +0000] "GET /3/177755/AUTH_d8741d1891ef40e5a7a8c7bee0ab6eed/gnocchi.17e473af-eef2-4f69-b547-6909398a6d6b/none_v3" 200 22 "GET https://[::1]:8080/v1/AUTH_d8741d1891ef40e5a7a8c7bee0ab6eed/gnocchi.17e473af-eef2-4f69-b547-6909398a6d6b/none_v3" "tx882e704d13204fefa0a0c-006933a60d" "proxy-server 97198" 0.0007 "-" 96250 0
