Dec 05 22:42:28 np0005548602.novalocal account-server[95623]: ::1 - - [06/Dec/2025:03:42:28 +0000] "PUT /3/76100/AUTH_d8741d1891ef40e5a7a8c7bee0ab6eed/gnocchi.1747dd11-426c-4994-a8ee-3ee0178415d1" 201 - "PUT http://[::1]:6001/3/173051/AUTH_d8741d1891ef40e5a7a8c7bee0ab6eed/gnocchi.1747dd11-426c-4994-a8ee-3ee0178415d1" "tx04192523eede4c0ca2f88-006933a624" "container-server 95916" 0.0043 "-" 95623 0
Dec 05 22:42:28 np0005548602.novalocal container-server[95916]: ::1 - - [06/Dec/2025:03:42:28 +0000] "PUT /3/173051/AUTH_d8741d1891ef40e5a7a8c7bee0ab6eed/gnocchi.1747dd11-426c-4994-a8ee-3ee0178415d1" 201 - "PUT https://[::1]:8080/v1/AUTH_d8741d1891ef40e5a7a8c7bee0ab6eed/gnocchi.1747dd11-426c-4994-a8ee-3ee0178415d1" "tx04192523eede4c0ca2f88-006933a624" "proxy-server 97198" 0.0276 "-" 95916 0
Dec 05 22:42:28 np0005548602.novalocal proxy-server[97198]: ::1 ::1 06/Dec/2025/03/42/28 PUT /v1/AUTH_d8741d1891ef40e5a7a8c7bee0ab6eed/gnocchi.1747dd11-426c-4994-a8ee-3ee0178415d1 HTTP/1.0 201 - python-swiftclient-4.8.0 gAAAAABpM6XeP7WC... - - - tx04192523eede4c0ca2f88-006933a624 - 0.0422 - - 1764992548.135726929 1764992548.177917719 0 1229ee3e1d964977b2a5589f27ad366e
Dec 05 22:42:28 np0005548602.novalocal container-server[95917]: ::1 - - [06/Dec/2025:03:42:28 +0000] "HEAD /3/99404/AUTH_d8741d1891ef40e5a7a8c7bee0ab6eed/gnocchi.7eb7af9c-09a1-4f49-b2e6-6faa72b1fdd1" 404 - "HEAD http://[::1]:8080/v1/AUTH_d8741d1891ef40e5a7a8c7bee0ab6eed/gnocchi.7eb7af9c-09a1-4f49-b2e6-6faa72b1fdd1" "tx7740f78bb13f4c04b4060-006933a624" "proxy-server 97198" 0.0003 "-" 95917 0
Dec 05 22:42:28 np0005548602.novalocal container-server[95917]: ::1 - - [06/Dec/2025:03:42:28 +0000] "HEAD /2/99404/AUTH_d8741d1891ef40e5a7a8c7bee0ab6eed/gnocchi.7eb7af9c-09a1-4f49-b2e6-6faa72b1fdd1" 404 - "HEAD http://[::1]:8080/v1/AUTH_d8741d1891ef40e5a7a8c7bee0ab6eed/gnocchi.7eb7af9c-09a1-4f49-b2e6-6faa72b1fdd1" "tx7740f78bb13f4c04b4060-006933a624" "proxy-server 97198" 0.0002 "-" 95917 0
Dec 05 22:42:28 np0005548602.novalocal container-server[95916]: ::1 - - [06/Dec/2025:03:42:28 +0000] "HEAD /1/99404/AUTH_d8741d1891ef40e5a7a8c7bee0ab6eed/gnocchi.7eb7af9c-09a1-4f49-b2e6-6faa72b1fdd1" 404 - "HEAD http://[::1]:8080/v1/AUTH_d8741d1891ef40e5a7a8c7bee0ab6eed/gnocchi.7eb7af9c-09a1-4f49-b2e6-6faa72b1fdd1" "tx7740f78bb13f4c04b4060-006933a624" "proxy-server 97198" 0.0004 "-" 95916 0
Dec 05 22:42:28 np0005548602.novalocal proxy-server[97198]: - - 06/Dec/2025/03/42/28 HEAD /v1/AUTH_d8741d1891ef40e5a7a8c7bee0ab6eed/gnocchi.7eb7af9c-09a1-4f49-b2e6-6faa72b1fdd1 HTTP/1.0 404 - Swift - - - - tx7740f78bb13f4c04b4060-006933a624 - 0.0093 CS - 1764992548.181115627 1764992548.190394402 0 -
Dec 05 22:42:28 np0005548602.novalocal object-server[96250]: ::1 - - [06/Dec/2025:03:42:28 +0000] "GET /2/160485/AUTH_d8741d1891ef40e5a7a8c7bee0ab6eed/gnocchi.7eb7af9c-09a1-4f49-b2e6-6faa72b1fdd1/none_v3" 404 70 "GET https://[::1]:8080/v1/AUTH_d8741d1891ef40e5a7a8c7bee0ab6eed/gnocchi.7eb7af9c-09a1-4f49-b2e6-6faa72b1fdd1/none_v3" "tx7740f78bb13f4c04b4060-006933a624" "proxy-server 97198" 0.0004 "-" 96250 0
Dec 05 22:42:28 np0005548602.novalocal object-server[96249]: ::1 - - [06/Dec/2025:03:42:28 +0000] "GET /1/160485/AUTH_d8741d1891ef40e5a7a8c7bee0ab6eed/gnocchi.7eb7af9c-09a1-4f49-b2e6-6faa72b1fdd1/none_v3" 404 70 "GET https://[::1]:8080/v1/AUTH_d8741d1891ef40e5a7a8c7bee0ab6eed/gnocchi.7eb7af9c-09a1-4f49-b2e6-6faa72b1fdd1/none_v3" "tx7740f78bb13f4c04b4060-006933a624" "proxy-server 97198" 0.0004 "-" 96249 0
Dec 05 22:42:28 np0005548602.novalocal object-server[96249]: ::1 - - [06/Dec/2025:03:42:28 +0000] "GET /3/160485/AUTH_d8741d1891ef40e5a7a8c7bee0ab6eed/gnocchi.7eb7af9c-09a1-4f49-b2e6-6faa72b1fdd1/none_v3" 404 70 "GET https://[::1]:8080/v1/AUTH_d8741d1891ef40e5a7a8c7bee0ab6eed/gnocchi.7eb7af9c-09a1-4f49-b2e6-6faa72b1fdd1/none_v3" "tx7740f78bb13f4c04b4060-006933a624" "proxy-server 97198" 0.0002 "-" 96249 0
Dec 05 22:42:28 np0005548602.novalocal proxy-server[97198]: ::1 ::1 06/Dec/2025/03/42/28 GET /v1/AUTH_d8741d1891ef40e5a7a8c7bee0ab6eed/gnocchi.7eb7af9c-09a1-4f49-b2e6-6faa72b1fdd1/none_v3 HTTP/1.0 404 - python-swiftclient-4.8.0 gAAAAABpM6XeP7WC... - 70 - tx7740f78bb13f4c04b4060-006933a624 - 0.0212 - - 1764992548.180470943 1764992548.201642513 0 1229ee3e1d964977b2a5589f27ad366e
Dec 05 22:42:28 np0005548602.novalocal account-server[95624]: ::1 - - [06/Dec/2025:03:42:28 +0000] "PUT /2/76100/AUTH_d8741d1891ef40e5a7a8c7bee0ab6eed/gnocchi.7eb7af9c-09a1-4f49-b2e6-6faa72b1fdd1" 201 - "PUT http://[::1]:6001/1/99404/AUTH_d8741d1891ef40e5a7a8c7bee0ab6eed/gnocchi.7eb7af9c-09a1-4f49-b2e6-6faa72b1fdd1" "tx72e0b9f3d7294e3a9a64d-006933a624" "container-server 95917" 0.0089 "-" 95624 0
Dec 05 22:42:28 np0005548602.novalocal container-server[95917]: ::1 - - [06/Dec/2025:03:42:28 +0000] "PUT /1/99404/AUTH_d8741d1891ef40e5a7a8c7bee0ab6eed/gnocchi.7eb7af9c-09a1-4f49-b2e6-6faa72b1fdd1" 201 - "PUT https://[::1]:8080/v1/AUTH_d8741d1891ef40e5a7a8c7bee0ab6eed/gnocchi.7eb7af9c-09a1-4f49-b2e6-6faa72b1fdd1" "tx72e0b9f3d7294e3a9a64d-006933a624" "proxy-server 97198" 0.0205 "-" 95917 0
Dec 05 22:42:28 np0005548602.novalocal account-server[95624]: ::1 - - [06/Dec/2025:03:42:28 +0000] "PUT /3/76100/AUTH_d8741d1891ef40e5a7a8c7bee0ab6eed/gnocchi.7eb7af9c-09a1-4f49-b2e6-6faa72b1fdd1" 201 - "PUT http://[::1]:6001/3/99404/AUTH_d8741d1891ef40e5a7a8c7bee0ab6eed/gnocchi.7eb7af9c-09a1-4f49-b2e6-6faa72b1fdd1" "tx72e0b9f3d7294e3a9a64d-006933a624" "container-server 95916" 0.0096 "-" 95624 0
Dec 05 22:42:28 np0005548602.novalocal container-server[95916]: ::1 - - [06/Dec/2025:03:42:28 +0000] "PUT /3/99404/AUTH_d8741d1891ef40e5a7a8c7bee0ab6eed/gnocchi.7eb7af9c-09a1-4f49-b2e6-6faa72b1fdd1" 201 - "PUT https://[::1]:8080/v1/AUTH_d8741d1891ef40e5a7a8c7bee0ab6eed/gnocchi.7eb7af9c-09a1-4f49-b2e6-6faa72b1fdd1" "tx72e0b9f3d7294e3a9a64d-006933a624" "proxy-server 97198" 0.0430 "-" 95916 0
Dec 05 22:42:28 np0005548602.novalocal account-server[95623]: ::1 - - [06/Dec/2025:03:42:28 +0000] "PUT /1/76100/AUTH_d8741d1891ef40e5a7a8c7bee0ab6eed/gnocchi.7eb7af9c-09a1-4f49-b2e6-6faa72b1fdd1" 201 - "PUT http://[::1]:6001/2/99404/AUTH_d8741d1891ef40e5a7a8c7bee0ab6eed/gnocchi.7eb7af9c-09a1-4f49-b2e6-6faa72b1fdd1" "tx72e0b9f3d7294e3a9a64d-006933a624" "container-server 95916" 0.0099 "-" 95623 0
Dec 05 22:42:28 np0005548602.novalocal container-server[95916]: ::1 - - [06/Dec/2025:03:42:28 +0000] "PUT /2/99404/AUTH_d8741d1891ef40e5a7a8c7bee0ab6eed/gnocchi.7eb7af9c-09a1-4f49-b2e6-6faa72b1fdd1" 201 - "PUT https://[::1]:8080/v1/AUTH_d8741d1891ef40e5a7a8c7bee0ab6eed/gnocchi.7eb7af9c-09a1-4f49-b2e6-6faa72b1fdd1" "tx72e0b9f3d7294e3a9a64d-006933a624" "proxy-server 97198" 0.0282 "-" 95916 0
Dec 05 22:42:28 np0005548602.novalocal proxy-server[97198]: ::1 ::1 06/Dec/2025/03/42/28 PUT /v1/AUTH_d8741d1891ef40e5a7a8c7bee0ab6eed/gnocchi.7eb7af9c-09a1-4f49-b2e6-6faa72b1fdd1 HTTP/1.0 201 - python-swiftclient-4.8.0 gAAAAABpM6XeP7WC... - - - tx72e0b9f3d7294e3a9a64d-006933a624 - 0.0591 - - 1764992548.205222845 1764992548.264299631 0 1229ee3e1d964977b2a5589f27ad366e
Dec 05 22:42:28 np0005548602.novalocal container-server[95916]: ::1 - - [06/Dec/2025:03:42:28 +0000] "HEAD /3/173051/AUTH_d8741d1891ef40e5a7a8c7bee0ab6eed/gnocchi.1747dd11-426c-4994-a8ee-3ee0178415d1" 204 - "HEAD http://[::1]:8080/v1/AUTH_d8741d1891ef40e5a7a8c7bee0ab6eed/gnocchi.1747dd11-426c-4994-a8ee-3ee0178415d1" "tx9309b67f017447ada3852-006933a624" "proxy-server 97198" 0.0014 "-" 95916 0
Dec 05 22:42:28 np0005548602.novalocal proxy-server[97198]: - - 06/Dec/2025/03/42/28 HEAD /v1/AUTH_d8741d1891ef40e5a7a8c7bee0ab6eed/gnocchi.1747dd11-426c-4994-a8ee-3ee0178415d1 HTTP/1.0 204 - Swift - - - - tx9309b67f017447ada3852-006933a624 - 0.0050 CS - 1764992548.268859148 1764992548.273831129 0 -
Dec 05 22:42:28 np0005548602.novalocal container-server[95917]: ::1 - - [06/Dec/2025:03:42:28 +0000] "GET /1/173051/AUTH_d8741d1891ef40e5a7a8c7bee0ab6eed/gnocchi.1747dd11-426c-4994-a8ee-3ee0178415d1" 200 2 "GET https://[::1]:8080/v1/AUTH_d8741d1891ef40e5a7a8c7bee0ab6eed/gnocchi.1747dd11-426c-4994-a8ee-3ee0178415d1?format=json&states=listing" "tx9309b67f017447ada3852-006933a624" "proxy-server 97198" 0.0029 "-" 95917 0
Dec 05 22:42:28 np0005548602.novalocal proxy-server[97198]: ::1 ::1 06/Dec/2025/03/42/28 GET /v1/AUTH_d8741d1891ef40e5a7a8c7bee0ab6eed/gnocchi.1747dd11-426c-4994-a8ee-3ee0178415d1%3Fformat%3Djson%26states%3Dlisting HTTP/1.0 200 - python-swiftclient-4.8.0 gAAAAABpM6XeP7WC... - 2 - tx9309b67f017447ada3852-006933a624 - 0.0165 - - 1764992548.268057585 1764992548.284511805 0 1229ee3e1d964977b2a5589f27ad366e
Dec 05 22:42:28 np0005548602.novalocal container-server[95916]: ::1 - - [06/Dec/2025:03:42:28 +0000] "HEAD /1/99404/AUTH_d8741d1891ef40e5a7a8c7bee0ab6eed/gnocchi.7eb7af9c-09a1-4f49-b2e6-6faa72b1fdd1" 204 - "HEAD http://[::1]:8080/v1/AUTH_d8741d1891ef40e5a7a8c7bee0ab6eed/gnocchi.7eb7af9c-09a1-4f49-b2e6-6faa72b1fdd1" "txca48321b4bee4cef97f8e-006933a624" "proxy-server 97198" 0.0014 "-" 95916 0
Dec 05 22:42:28 np0005548602.novalocal proxy-server[97198]: - - 06/Dec/2025/03/42/28 HEAD /v1/AUTH_d8741d1891ef40e5a7a8c7bee0ab6eed/gnocchi.7eb7af9c-09a1-4f49-b2e6-6faa72b1fdd1 HTTP/1.0 204 - Swift - - - - txca48321b4bee4cef97f8e-006933a624 - 0.0044 CS - 1764992548.288480282 1764992548.292912722 0 -
Dec 05 22:42:28 np0005548602.novalocal container-server[95916]: ::1 - - [06/Dec/2025:03:42:28 +0000] "GET /2/99404/AUTH_d8741d1891ef40e5a7a8c7bee0ab6eed/gnocchi.7eb7af9c-09a1-4f49-b2e6-6faa72b1fdd1" 200 2 "GET https://[::1]:8080/v1/AUTH_d8741d1891ef40e5a7a8c7bee0ab6eed/gnocchi.7eb7af9c-09a1-4f49-b2e6-6faa72b1fdd1?format=json&states=listing" "txca48321b4bee4cef97f8e-006933a624" "proxy-server 97198" 0.0021 "-" 95916 0
Dec 05 22:42:28 np0005548602.novalocal proxy-server[97198]: ::1 ::1 06/Dec/2025/03/42/28 GET /v1/AUTH_d8741d1891ef40e5a7a8c7bee0ab6eed/gnocchi.7eb7af9c-09a1-4f49-b2e6-6faa72b1fdd1%3Fformat%3Djson%26states%3Dlisting HTTP/1.0 200 - python-swiftclient-4.8.0 gAAAAABpM6XeP7WC... - 2 - txca48321b4bee4cef97f8e-006933a624 - 0.0134 - - 1764992548.287966251 1764992548.301375389 0 1229ee3e1d964977b2a5589f27ad366e
Dec 05 22:42:28 np0005548602.novalocal object-server[96250]: ::1 - - [06/Dec/2025:03:42:28 +0000] "GET /3/222308/AUTH_d8741d1891ef40e5a7a8c7bee0ab6eed/gnocchi.1747dd11-426c-4994-a8ee-3ee0178415d1/1764720000.0_mean_300.0_v3" 404 70 "GET https://[::1]:8080/v1/AUTH_d8741d1891ef40e5a7a8c7bee0ab6eed/gnocchi.1747dd11-426c-4994-a8ee-3ee0178415d1/1764720000.0_mean_300.0_v3" "tx55b1d192acae45f496f9f-006933a624" "proxy-server 97198" 0.0005 "-" 96250 0
Dec 05 22:42:28 np0005548602.novalocal object-server[96249]: ::1 - - [06/Dec/2025:03:42:28 +0000] "GET /1/222308/AUTH_d8741d1891ef40e5a7a8c7bee0ab6eed/gnocchi.1747dd11-426c-4994-a8ee-3ee0178415d1/1764720000.0_mean_300.0_v3" 404 70 "GET https://[::1]:8080/v1/AUTH_d8741d1891ef40e5a7a8c7bee0ab6eed/gnocchi.1747dd11-426c-4994-a8ee-3ee0178415d1/1764720000.0_mean_300.0_v3" "tx55b1d192acae45f496f9f-006933a624" "proxy-server 97198" 0.0008 "-" 96249 0
Dec 05 22:42:28 np0005548602.novalocal object-server[96249]: ::1 - - [06/Dec/2025:03:42:28 +0000] "GET /2/222308/AUTH_d8741d1891ef40e5a7a8c7bee0ab6eed/gnocchi.1747dd11-426c-4994-a8ee-3ee0178415d1/1764720000.0_mean_300.0_v3" 404 70 "GET https://[::1]:8080/v1/AUTH_d8741d1891ef40e5a7a8c7bee0ab6eed/gnocchi.1747dd11-426c-4994-a8ee-3ee0178415d1/1764720000.0_mean_300.0_v3" "tx55b1d192acae45f496f9f-006933a624" "proxy-server 97198" 0.0004 "-" 96249 0
Dec 05 22:42:28 np0005548602.novalocal proxy-server[97198]: ::1 ::1 06/Dec/2025/03/42/28 GET /v1/AUTH_d8741d1891ef40e5a7a8c7bee0ab6eed/gnocchi.1747dd11-426c-4994-a8ee-3ee0178415d1/1764720000.0_mean_300.0_v3 HTTP/1.0 404 - python-swiftclient-4.8.0 gAAAAABpM6XeP7WC... - 70 - tx55b1d192acae45f496f9f-006933a624 - 0.0156 - - 1764992548.304872990 1764992548.320508718 0 1229ee3e1d964977b2a5589f27ad366e
Dec 05 22:42:28 np0005548602.novalocal object-server[96249]: ::1 - - [06/Dec/2025:03:42:28 +0000] "GET /2/247784/AUTH_d8741d1891ef40e5a7a8c7bee0ab6eed/gnocchi.7eb7af9c-09a1-4f49-b2e6-6faa72b1fdd1/1764720000.0_mean_300.0_v3" 404 70 "GET https://[::1]:8080/v1/AUTH_d8741d1891ef40e5a7a8c7bee0ab6eed/gnocchi.7eb7af9c-09a1-4f49-b2e6-6faa72b1fdd1/1764720000.0_mean_300.0_v3" "tx1c2733da692549b9af926-006933a624" "proxy-server 97198" 0.0003 "-" 96249 0
Dec 05 22:42:28 np0005548602.novalocal object-server[96249]: ::1 - - [06/Dec/2025:03:42:28 +0000] "GET /3/247784/AUTH_d8741d1891ef40e5a7a8c7bee0ab6eed/gnocchi.7eb7af9c-09a1-4f49-b2e6-6faa72b1fdd1/1764720000.0_mean_300.0_v3" 404 70 "GET https://[::1]:8080/v1/AUTH_d8741d1891ef40e5a7a8c7bee0ab6eed/gnocchi.7eb7af9c-09a1-4f49-b2e6-6faa72b1fdd1/1764720000.0_mean_300.0_v3" "tx1c2733da692549b9af926-006933a624" "proxy-server 97198" 0.0004 "-" 96249 0
Dec 05 22:42:28 np0005548602.novalocal object-server[96250]: ::1 - - [06/Dec/2025:03:42:28 +0000] "GET /1/247784/AUTH_d8741d1891ef40e5a7a8c7bee0ab6eed/gnocchi.7eb7af9c-09a1-4f49-b2e6-6faa72b1fdd1/1764720000.0_mean_300.0_v3" 404 70 "GET https://[::1]:8080/v1/AUTH_d8741d1891ef40e5a7a8c7bee0ab6eed/gnocchi.7eb7af9c-09a1-4f49-b2e6-6faa72b1fdd1/1764720000.0_mean_300.0_v3" "tx1c2733da692549b9af926-006933a624" "proxy-server 97198" 0.0006 "-" 96250 0
Dec 05 22:42:28 np0005548602.novalocal proxy-server[97198]: ::1 ::1 06/Dec/2025/03/42/28 GET /v1/AUTH_d8741d1891ef40e5a7a8c7bee0ab6eed/gnocchi.7eb7af9c-09a1-4f49-b2e6-6faa72b1fdd1/1764720000.0_mean_300.0_v3 HTTP/1.0 404 - python-swiftclient-4.8.0 gAAAAABpM6XeP7WC... - 70 - tx1c2733da692549b9af926-006933a624 - 0.0157 - - 1764992548.324199915 1764992548.339850187 0 1229ee3e1d964977b2a5589f27ad366e
Dec 05 22:42:28 np0005548602.novalocal container-server[95917]: ::1 - - [06/Dec/2025:03:42:28 +0000] "PUT /2/173051/AUTH_d8741d1891ef40e5a7a8c7bee0ab6eed/gnocchi.1747dd11-426c-4994-a8ee-3ee0178415d1/1764720000.0_mean_300.0_v3" 201 - "PUT http://[::1]:8080/2/222308/AUTH_d8741d1891ef40e5a7a8c7bee0ab6eed/gnocchi.1747dd11-426c-4994-a8ee-3ee0178415d1/1764720000.0_mean_300.0_v3" "tx110147142173487aa96d8-006933a624" "object-server 96249" 0.0009 "-" 95917 0
Dec 05 22:42:28 np0005548602.novalocal object-server[96249]: ::1 - - [06/Dec/2025:03:42:28 +0000] "PUT /2/222308/AUTH_d8741d1891ef40e5a7a8c7bee0ab6eed/gnocchi.1747dd11-426c-4994-a8ee-3ee0178415d1/1764720000.0_mean_300.0_v3" 201 - "PUT https://[::1]:8080/v1/AUTH_d8741d1891ef40e5a7a8c7bee0ab6eed/gnocchi.1747dd11-426c-4994-a8ee-3ee0178415d1/1764720000.0_mean_300.0_v3" "tx110147142173487aa96d8-006933a624" "proxy-server 97198" 0.0147 "-" 96249 0
Dec 05 22:42:28 np0005548602.novalocal container-server[95917]: ::1 - - [06/Dec/2025:03:42:28 +0000] "PUT /1/173051/AUTH_d8741d1891ef40e5a7a8c7bee0ab6eed/gnocchi.1747dd11-426c-4994-a8ee-3ee0178415d1/1764720000.0_mean_300.0_v3" 201 - "PUT http://[::1]:8080/1/222308/AUTH_d8741d1891ef40e5a7a8c7bee0ab6eed/gnocchi.1747dd11-426c-4994-a8ee-3ee0178415d1/1764720000.0_mean_300.0_v3" "tx110147142173487aa96d8-006933a624" "object-server 96250" 0.0008 "-" 95917 0
Dec 05 22:42:28 np0005548602.novalocal container-server[95917]: ::1 - - [06/Dec/2025:03:42:28 +0000] "PUT /3/173051/AUTH_d8741d1891ef40e5a7a8c7bee0ab6eed/gnocchi.1747dd11-426c-4994-a8ee-3ee0178415d1/1764720000.0_mean_300.0_v3" 201 - "PUT http://[::1]:8080/3/222308/AUTH_d8741d1891ef40e5a7a8c7bee0ab6eed/gnocchi.1747dd11-426c-4994-a8ee-3ee0178415d1/1764720000.0_mean_300.0_v3" "tx110147142173487aa96d8-006933a624" "object-server 96250" 0.0006 "-" 95917 0
Dec 05 22:42:28 np0005548602.novalocal object-server[96250]: ::1 - - [06/Dec/2025:03:42:28 +0000] "PUT /1/222308/AUTH_d8741d1891ef40e5a7a8c7bee0ab6eed/gnocchi.1747dd11-426c-4994-a8ee-3ee0178415d1/1764720000.0_mean_300.0_v3" 201 - "PUT https://[::1]:8080/v1/AUTH_d8741d1891ef40e5a7a8c7bee0ab6eed/gnocchi.1747dd11-426c-4994-a8ee-3ee0178415d1/1764720000.0_mean_300.0_v3" "tx110147142173487aa96d8-006933a624" "proxy-server 97198" 0.0139 "-" 96250 0
Dec 05 22:42:28 np0005548602.novalocal object-server[96250]: ::1 - - [06/Dec/2025:03:42:28 +0000] "PUT /3/222308/AUTH_d8741d1891ef40e5a7a8c7bee0ab6eed/gnocchi.1747dd11-426c-4994-a8ee-3ee0178415d1/1764720000.0_mean_300.0_v3" 201 - "PUT https://[::1]:8080/v1/AUTH_d8741d1891ef40e5a7a8c7bee0ab6eed/gnocchi.1747dd11-426c-4994-a8ee-3ee0178415d1/1764720000.0_mean_300.0_v3" "tx110147142173487aa96d8-006933a624" "proxy-server 97198" 0.0180 "-" 96250 0
Dec 05 22:42:28 np0005548602.novalocal proxy-server[97198]: ::1 ::1 06/Dec/2025/03/42/28 PUT /v1/AUTH_d8741d1891ef40e5a7a8c7bee0ab6eed/gnocchi.1747dd11-426c-4994-a8ee-3ee0178415d1/1764720000.0_mean_300.0_v3 HTTP/1.0 201 - python-swiftclient-4.8.0 gAAAAABpM6XeP7WC... 16 - - tx110147142173487aa96d8-006933a624 - 0.0262 - - 1764992548.343553543 1764992548.369765520 0 1229ee3e1d964977b2a5589f27ad366e
Dec 05 22:42:28 np0005548602.novalocal container-server[95916]: ::1 - - [06/Dec/2025:03:42:28 +0000] "PUT /2/99404/AUTH_d8741d1891ef40e5a7a8c7bee0ab6eed/gnocchi.7eb7af9c-09a1-4f49-b2e6-6faa72b1fdd1/1764720000.0_mean_300.0_v3" 201 - "PUT http://[::1]:8080/1/247784/AUTH_d8741d1891ef40e5a7a8c7bee0ab6eed/gnocchi.7eb7af9c-09a1-4f49-b2e6-6faa72b1fdd1/1764720000.0_mean_300.0_v3" "tx30f010aa24d64b1b9ee63-006933a624" "object-server 96250" 0.0007 "-" 95916 0
Dec 05 22:42:28 np0005548602.novalocal container-server[95916]: ::1 - - [06/Dec/2025:03:42:28 +0000] "PUT /3/99404/AUTH_d8741d1891ef40e5a7a8c7bee0ab6eed/gnocchi.7eb7af9c-09a1-4f49-b2e6-6faa72b1fdd1/1764720000.0_mean_300.0_v3" 201 - "PUT http://[::1]:8080/3/247784/AUTH_d8741d1891ef40e5a7a8c7bee0ab6eed/gnocchi.7eb7af9c-09a1-4f49-b2e6-6faa72b1fdd1/1764720000.0_mean_300.0_v3" "tx30f010aa24d64b1b9ee63-006933a624" "object-server 96249" 0.0004 "-" 95916 0
Dec 05 22:42:28 np0005548602.novalocal object-server[96250]: ::1 - - [06/Dec/2025:03:42:28 +0000] "PUT /1/247784/AUTH_d8741d1891ef40e5a7a8c7bee0ab6eed/gnocchi.7eb7af9c-09a1-4f49-b2e6-6faa72b1fdd1/1764720000.0_mean_300.0_v3" 201 - "PUT https://[::1]:8080/v1/AUTH_d8741d1891ef40e5a7a8c7bee0ab6eed/gnocchi.7eb7af9c-09a1-4f49-b2e6-6faa72b1fdd1/1764720000.0_mean_300.0_v3" "tx30f010aa24d64b1b9ee63-006933a624" "proxy-server 97198" 0.0132 "-" 96250 0
Dec 05 22:42:28 np0005548602.novalocal container-server[95917]: ::1 - - [06/Dec/2025:03:42:28 +0000] "PUT /1/99404/AUTH_d8741d1891ef40e5a7a8c7bee0ab6eed/gnocchi.7eb7af9c-09a1-4f49-b2e6-6faa72b1fdd1/1764720000.0_mean_300.0_v3" 201 - "PUT http://[::1]:8080/2/247784/AUTH_d8741d1891ef40e5a7a8c7bee0ab6eed/gnocchi.7eb7af9c-09a1-4f49-b2e6-6faa72b1fdd1/1764720000.0_mean_300.0_v3" "tx30f010aa24d64b1b9ee63-006933a624" "object-server 96250" 0.0006 "-" 95917 0
Dec 05 22:42:28 np0005548602.novalocal object-server[96249]: ::1 - - [06/Dec/2025:03:42:28 +0000] "PUT /3/247784/AUTH_d8741d1891ef40e5a7a8c7bee0ab6eed/gnocchi.7eb7af9c-09a1-4f49-b2e6-6faa72b1fdd1/1764720000.0_mean_300.0_v3" 201 - "PUT https://[::1]:8080/v1/AUTH_d8741d1891ef40e5a7a8c7bee0ab6eed/gnocchi.7eb7af9c-09a1-4f49-b2e6-6faa72b1fdd1/1764720000.0_mean_300.0_v3" "tx30f010aa24d64b1b9ee63-006933a624" "proxy-server 97198" 0.0140 "-" 96249 0
Dec 05 22:42:28 np0005548602.novalocal object-server[96250]: ::1 - - [06/Dec/2025:03:42:28 +0000] "PUT /2/247784/AUTH_d8741d1891ef40e5a7a8c7bee0ab6eed/gnocchi.7eb7af9c-09a1-4f49-b2e6-6faa72b1fdd1/1764720000.0_mean_300.0_v3" 201 - "PUT https://[::1]:8080/v1/AUTH_d8741d1891ef40e5a7a8c7bee0ab6eed/gnocchi.7eb7af9c-09a1-4f49-b2e6-6faa72b1fdd1/1764720000.0_mean_300.0_v3" "tx30f010aa24d64b1b9ee63-006933a624" "proxy-server 97198" 0.0127 "-" 96250 0
Dec 05 22:42:28 np0005548602.novalocal proxy-server[97198]: ::1 ::1 06/Dec/2025/03/42/28 PUT /v1/AUTH_d8741d1891ef40e5a7a8c7bee0ab6eed/gnocchi.7eb7af9c-09a1-4f49-b2e6-6faa72b1fdd1/1764720000.0_mean_300.0_v3 HTTP/1.0 201 - python-swiftclient-4.8.0 gAAAAABpM6XeP7WC... 16 - - tx30f010aa24d64b1b9ee63-006933a624 - 0.0215 - - 1764992548.372787952 1764992548.394258022 0 1229ee3e1d964977b2a5589f27ad366e
Dec 05 22:42:28 np0005548602.novalocal container-server[95917]: ::1 - - [06/Dec/2025:03:42:28 +0000] "PUT /2/173051/AUTH_d8741d1891ef40e5a7a8c7bee0ab6eed/gnocchi.1747dd11-426c-4994-a8ee-3ee0178415d1/none_v3" 201 - "PUT http://[::1]:8080/2/24693/AUTH_d8741d1891ef40e5a7a8c7bee0ab6eed/gnocchi.1747dd11-426c-4994-a8ee-3ee0178415d1/none_v3" "tx1c1e2e081b224a369fd85-006933a624" "object-server 96249" 0.0008 "-" 95917 0
Dec 05 22:42:28 np0005548602.novalocal container-server[95917]: ::1 - - [06/Dec/2025:03:42:28 +0000] "PUT /3/173051/AUTH_d8741d1891ef40e5a7a8c7bee0ab6eed/gnocchi.1747dd11-426c-4994-a8ee-3ee0178415d1/none_v3" 201 - "PUT http://[::1]:8080/1/24693/AUTH_d8741d1891ef40e5a7a8c7bee0ab6eed/gnocchi.1747dd11-426c-4994-a8ee-3ee0178415d1/none_v3" "tx1c1e2e081b224a369fd85-006933a624" "object-server 96249" 0.0003 "-" 95917 0
Dec 05 22:42:28 np0005548602.novalocal object-server[96249]: ::1 - - [06/Dec/2025:03:42:28 +0000] "PUT /2/24693/AUTH_d8741d1891ef40e5a7a8c7bee0ab6eed/gnocchi.1747dd11-426c-4994-a8ee-3ee0178415d1/none_v3" 201 - "PUT https://[::1]:8080/v1/AUTH_d8741d1891ef40e5a7a8c7bee0ab6eed/gnocchi.1747dd11-426c-4994-a8ee-3ee0178415d1/none_v3" "tx1c1e2e081b224a369fd85-006933a624" "proxy-server 97198" 0.0139 "-" 96249 0
Dec 05 22:42:28 np0005548602.novalocal container-server[95916]: ::1 - - [06/Dec/2025:03:42:28 +0000] "PUT /1/173051/AUTH_d8741d1891ef40e5a7a8c7bee0ab6eed/gnocchi.1747dd11-426c-4994-a8ee-3ee0178415d1/none_v3" 201 - "PUT http://[::1]:8080/3/24693/AUTH_d8741d1891ef40e5a7a8c7bee0ab6eed/gnocchi.1747dd11-426c-4994-a8ee-3ee0178415d1/none_v3" "tx1c1e2e081b224a369fd85-006933a624" "object-server 96249" 0.0004 "-" 95916 0
Dec 05 22:42:28 np0005548602.novalocal object-server[96249]: ::1 - - [06/Dec/2025:03:42:28 +0000] "PUT /1/24693/AUTH_d8741d1891ef40e5a7a8c7bee0ab6eed/gnocchi.1747dd11-426c-4994-a8ee-3ee0178415d1/none_v3" 201 - "PUT https://[::1]:8080/v1/AUTH_d8741d1891ef40e5a7a8c7bee0ab6eed/gnocchi.1747dd11-426c-4994-a8ee-3ee0178415d1/none_v3" "tx1c1e2e081b224a369fd85-006933a624" "proxy-server 97198" 0.0201 "-" 96249 0
Dec 05 22:42:28 np0005548602.novalocal object-server[96249]: ::1 - - [06/Dec/2025:03:42:28 +0000] "PUT /3/24693/AUTH_d8741d1891ef40e5a7a8c7bee0ab6eed/gnocchi.1747dd11-426c-4994-a8ee-3ee0178415d1/none_v3" 201 - "PUT https://[::1]:8080/v1/AUTH_d8741d1891ef40e5a7a8c7bee0ab6eed/gnocchi.1747dd11-426c-4994-a8ee-3ee0178415d1/none_v3" "tx1c1e2e081b224a369fd85-006933a624" "proxy-server 97198" 0.0190 "-" 96249 0
Dec 05 22:42:28 np0005548602.novalocal proxy-server[97198]: ::1 ::1 06/Dec/2025/03/42/28 PUT /v1/AUTH_d8741d1891ef40e5a7a8c7bee0ab6eed/gnocchi.1747dd11-426c-4994-a8ee-3ee0178415d1/none_v3 HTTP/1.0 201 - python-swiftclient-4.8.0 gAAAAABpM6XeP7WC... 22 - - tx1c1e2e081b224a369fd85-006933a624 - 0.0273 - - 1764992548.396583080 1764992548.423923731 0 1229ee3e1d964977b2a5589f27ad366e
Dec 05 22:42:28 np0005548602.novalocal container-server[95916]: ::1 - - [06/Dec/2025:03:42:28 +0000] "PUT /2/99404/AUTH_d8741d1891ef40e5a7a8c7bee0ab6eed/gnocchi.7eb7af9c-09a1-4f49-b2e6-6faa72b1fdd1/none_v3" 201 - "PUT http://[::1]:8080/3/160485/AUTH_d8741d1891ef40e5a7a8c7bee0ab6eed/gnocchi.7eb7af9c-09a1-4f49-b2e6-6faa72b1fdd1/none_v3" "tx81bcd154a92948e7ac7c3-006933a624" "object-server 96249" 0.0005 "-" 95916 0
Dec 05 22:42:28 np0005548602.novalocal container-server[95917]: ::1 - - [06/Dec/2025:03:42:28 +0000] "PUT /1/99404/AUTH_d8741d1891ef40e5a7a8c7bee0ab6eed/gnocchi.7eb7af9c-09a1-4f49-b2e6-6faa72b1fdd1/none_v3" 201 - "PUT http://[::1]:8080/2/160485/AUTH_d8741d1891ef40e5a7a8c7bee0ab6eed/gnocchi.7eb7af9c-09a1-4f49-b2e6-6faa72b1fdd1/none_v3" "tx81bcd154a92948e7ac7c3-006933a624" "object-server 96250" 0.0011 "-" 95917 0
Dec 05 22:42:28 np0005548602.novalocal object-server[96249]: ::1 - - [06/Dec/2025:03:42:28 +0000] "PUT /3/160485/AUTH_d8741d1891ef40e5a7a8c7bee0ab6eed/gnocchi.7eb7af9c-09a1-4f49-b2e6-6faa72b1fdd1/none_v3" 201 - "PUT https://[::1]:8080/v1/AUTH_d8741d1891ef40e5a7a8c7bee0ab6eed/gnocchi.7eb7af9c-09a1-4f49-b2e6-6faa72b1fdd1/none_v3" "tx81bcd154a92948e7ac7c3-006933a624" "proxy-server 97198" 0.0111 "-" 96249 0
Dec 05 22:42:28 np0005548602.novalocal object-server[96250]: ::1 - - [06/Dec/2025:03:42:28 +0000] "PUT /2/160485/AUTH_d8741d1891ef40e5a7a8c7bee0ab6eed/gnocchi.7eb7af9c-09a1-4f49-b2e6-6faa72b1fdd1/none_v3" 201 - "PUT https://[::1]:8080/v1/AUTH_d8741d1891ef40e5a7a8c7bee0ab6eed/gnocchi.7eb7af9c-09a1-4f49-b2e6-6faa72b1fdd1/none_v3" "tx81bcd154a92948e7ac7c3-006933a624" "proxy-server 97198" 0.0138 "-" 96250 0
Dec 05 22:42:28 np0005548602.novalocal container-server[95916]: ::1 - - [06/Dec/2025:03:42:28 +0000] "PUT /3/99404/AUTH_d8741d1891ef40e5a7a8c7bee0ab6eed/gnocchi.7eb7af9c-09a1-4f49-b2e6-6faa72b1fdd1/none_v3" 201 - "PUT http://[::1]:8080/1/160485/AUTH_d8741d1891ef40e5a7a8c7bee0ab6eed/gnocchi.7eb7af9c-09a1-4f49-b2e6-6faa72b1fdd1/none_v3" "tx81bcd154a92948e7ac7c3-006933a624" "object-server 96249" 0.0004 "-" 95916 0
Dec 05 22:42:28 np0005548602.novalocal object-server[96249]: ::1 - - [06/Dec/2025:03:42:28 +0000] "PUT /1/160485/AUTH_d8741d1891ef40e5a7a8c7bee0ab6eed/gnocchi.7eb7af9c-09a1-4f49-b2e6-6faa72b1fdd1/none_v3" 201 - "PUT https://[::1]:8080/v1/AUTH_d8741d1891ef40e5a7a8c7bee0ab6eed/gnocchi.7eb7af9c-09a1-4f49-b2e6-6faa72b1fdd1/none_v3" "tx81bcd154a92948e7ac7c3-006933a624" "proxy-server 97198" 0.0168 "-" 96249 0
Dec 05 22:42:28 np0005548602.novalocal proxy-server[97198]: ::1 ::1 06/Dec/2025/03/42/28 PUT /v1/AUTH_d8741d1891ef40e5a7a8c7bee0ab6eed/gnocchi.7eb7af9c-09a1-4f49-b2e6-6faa72b1fdd1/none_v3 HTTP/1.0 201 - python-swiftclient-4.8.0 gAAAAABpM6XeP7WC... 22 - - tx81bcd154a92948e7ac7c3-006933a624 - 0.0244 - - 1764992548.426373720 1764992548.450736523 0 1229ee3e1d964977b2a5589f27ad366e
Dec 05 22:42:28 np0005548602.novalocal container-server[95917]: ::1 - - [06/Dec/2025:03:42:28 +0000] "HEAD /2/40849/AUTH_d8741d1891ef40e5a7a8c7bee0ab6eed/gnocchi.c7f93b4b-7493-4d98-a2e5-2db73819c0d6" 404 - "HEAD http://[::1]:8080/v1/AUTH_d8741d1891ef40e5a7a8c7bee0ab6eed/gnocchi.c7f93b4b-7493-4d98-a2e5-2db73819c0d6" "tx36f36a7bc7854b6089c66-006933a624" "proxy-server 97198" 0.0004 "-" 95917 0
Dec 05 22:42:28 np0005548602.novalocal container-server[95917]: ::1 - - [06/Dec/2025:03:42:28 +0000] "HEAD /1/40849/AUTH_d8741d1891ef40e5a7a8c7bee0ab6eed/gnocchi.c7f93b4b-7493-4d98-a2e5-2db73819c0d6" 404 - "HEAD http://[::1]:8080/v1/AUTH_d8741d1891ef40e5a7a8c7bee0ab6eed/gnocchi.c7f93b4b-7493-4d98-a2e5-2db73819c0d6" "tx36f36a7bc7854b6089c66-006933a624" "proxy-server 97198" 0.0002 "-" 95917 0
Dec 05 22:42:28 np0005548602.novalocal container-server[95917]: ::1 - - [06/Dec/2025:03:42:28 +0000] "HEAD /3/40849/AUTH_d8741d1891ef40e5a7a8c7bee0ab6eed/gnocchi.c7f93b4b-7493-4d98-a2e5-2db73819c0d6" 404 - "HEAD http://[::1]:8080/v1/AUTH_d8741d1891ef40e5a7a8c7bee0ab6eed/gnocchi.c7f93b4b-7493-4d98-a2e5-2db73819c0d6" "tx36f36a7bc7854b6089c66-006933a624" "proxy-server 97198" 0.0002 "-" 95917 0
Dec 05 22:42:28 np0005548602.novalocal proxy-server[97198]: - - 06/Dec/2025/03/42/28 HEAD /v1/AUTH_d8741d1891ef40e5a7a8c7bee0ab6eed/gnocchi.c7f93b4b-7493-4d98-a2e5-2db73819c0d6 HTTP/1.0 404 - Swift - - - - tx36f36a7bc7854b6089c66-006933a624 - 0.0080 CS - 1764992548.464342594 1764992548.472369671 0 -
Dec 05 22:42:28 np0005548602.novalocal object-server[96249]: ::1 - - [06/Dec/2025:03:42:28 +0000] "GET /2/239841/AUTH_d8741d1891ef40e5a7a8c7bee0ab6eed/gnocchi.c7f93b4b-7493-4d98-a2e5-2db73819c0d6/none_v3" 404 70 "GET https://[::1]:8080/v1/AUTH_d8741d1891ef40e5a7a8c7bee0ab6eed/gnocchi.c7f93b4b-7493-4d98-a2e5-2db73819c0d6/none_v3" "tx36f36a7bc7854b6089c66-006933a624" "proxy-server 97198" 0.0004 "-" 96249 0
Dec 05 22:42:28 np0005548602.novalocal object-server[96250]: ::1 - - [06/Dec/2025:03:42:28 +0000] "GET /3/239841/AUTH_d8741d1891ef40e5a7a8c7bee0ab6eed/gnocchi.c7f93b4b-7493-4d98-a2e5-2db73819c0d6/none_v3" 404 70 "GET https://[::1]:8080/v1/AUTH_d8741d1891ef40e5a7a8c7bee0ab6eed/gnocchi.c7f93b4b-7493-4d98-a2e5-2db73819c0d6/none_v3" "tx36f36a7bc7854b6089c66-006933a624" "proxy-server 97198" 0.0005 "-" 96250 0
Dec 05 22:42:28 np0005548602.novalocal object-server[96250]: ::1 - - [06/Dec/2025:03:42:28 +0000] "GET /1/239841/AUTH_d8741d1891ef40e5a7a8c7bee0ab6eed/gnocchi.c7f93b4b-7493-4d98-a2e5-2db73819c0d6/none_v3" 404 70 "GET https://[::1]:8080/v1/AUTH_d8741d1891ef40e5a7a8c7bee0ab6eed/gnocchi.c7f93b4b-7493-4d98-a2e5-2db73819c0d6/none_v3" "tx36f36a7bc7854b6089c66-006933a624" "proxy-server 97198" 0.0002 "-" 96250 0
Dec 05 22:42:28 np0005548602.novalocal proxy-server[97198]: ::1 ::1 06/Dec/2025/03/42/28 GET /v1/AUTH_d8741d1891ef40e5a7a8c7bee0ab6eed/gnocchi.c7f93b4b-7493-4d98-a2e5-2db73819c0d6/none_v3 HTTP/1.0 404 - python-swiftclient-4.8.0 gAAAAABpM6XeP7WC... - 70 - tx36f36a7bc7854b6089c66-006933a624 - 0.0203 - - 1764992548.463452816 1764992548.483764172 0 1229ee3e1d964977b2a5589f27ad366e
Dec 05 22:42:28 np0005548602.novalocal account-server[95624]: ::1 - - [06/Dec/2025:03:42:28 +0000] "PUT /1/76100/AUTH_d8741d1891ef40e5a7a8c7bee0ab6eed/gnocchi.c7f93b4b-7493-4d98-a2e5-2db73819c0d6" 201 - "PUT http://[::1]:6001/3/40849/AUTH_d8741d1891ef40e5a7a8c7bee0ab6eed/gnocchi.c7f93b4b-7493-4d98-a2e5-2db73819c0d6" "txa94ff9ef548a4014b703c-006933a624" "container-server 95916" 0.0052 "-" 95624 0
Dec 05 22:42:28 np0005548602.novalocal container-server[95916]: ::1 - - [06/Dec/2025:03:42:28 +0000] "PUT /3/40849/AUTH_d8741d1891ef40e5a7a8c7bee0ab6eed/gnocchi.c7f93b4b-7493-4d98-a2e5-2db73819c0d6" 201 - "PUT https://[::1]:8080/v1/AUTH_d8741d1891ef40e5a7a8c7bee0ab6eed/gnocchi.c7f93b4b-7493-4d98-a2e5-2db73819c0d6" "txa94ff9ef548a4014b703c-006933a624" "proxy-server 97198" 0.0326 "-" 95916 0
Dec 05 22:42:28 np0005548602.novalocal account-server[95624]: ::1 - - [06/Dec/2025:03:42:28 +0000] "PUT /2/76100/AUTH_d8741d1891ef40e5a7a8c7bee0ab6eed/gnocchi.c7f93b4b-7493-4d98-a2e5-2db73819c0d6" 201 - "PUT http://[::1]:6001/2/40849/AUTH_d8741d1891ef40e5a7a8c7bee0ab6eed/gnocchi.c7f93b4b-7493-4d98-a2e5-2db73819c0d6" "txa94ff9ef548a4014b703c-006933a624" "container-server 95916" 0.0071 "-" 95624 0
Dec 05 22:42:28 np0005548602.novalocal account-server[95623]: ::1 - - [06/Dec/2025:03:42:28 +0000] "PUT /3/76100/AUTH_d8741d1891ef40e5a7a8c7bee0ab6eed/gnocchi.c7f93b4b-7493-4d98-a2e5-2db73819c0d6" 201 - "PUT http://[::1]:6001/1/40849/AUTH_d8741d1891ef40e5a7a8c7bee0ab6eed/gnocchi.c7f93b4b-7493-4d98-a2e5-2db73819c0d6" "txa94ff9ef548a4014b703c-006933a624" "container-server 95916" 0.0105 "-" 95623 0
Dec 05 22:42:28 np0005548602.novalocal container-server[95916]: ::1 - - [06/Dec/2025:03:42:28 +0000] "PUT /1/40849/AUTH_d8741d1891ef40e5a7a8c7bee0ab6eed/gnocchi.c7f93b4b-7493-4d98-a2e5-2db73819c0d6" 201 - "PUT https://[::1]:8080/v1/AUTH_d8741d1891ef40e5a7a8c7bee0ab6eed/gnocchi.c7f93b4b-7493-4d98-a2e5-2db73819c0d6" "txa94ff9ef548a4014b703c-006933a624" "proxy-server 97198" 0.0309 "-" 95916 0
Dec 05 22:42:28 np0005548602.novalocal container-server[95916]: ::1 - - [06/Dec/2025:03:42:28 +0000] "PUT /2/40849/AUTH_d8741d1891ef40e5a7a8c7bee0ab6eed/gnocchi.c7f93b4b-7493-4d98-a2e5-2db73819c0d6" 201 - "PUT https://[::1]:8080/v1/AUTH_d8741d1891ef40e5a7a8c7bee0ab6eed/gnocchi.c7f93b4b-7493-4d98-a2e5-2db73819c0d6" "txa94ff9ef548a4014b703c-006933a624" "proxy-server 97198" 0.0231 "-" 95916 0
Dec 05 22:42:28 np0005548602.novalocal proxy-server[97198]: ::1 ::1 06/Dec/2025/03/42/28 PUT /v1/AUTH_d8741d1891ef40e5a7a8c7bee0ab6eed/gnocchi.c7f93b4b-7493-4d98-a2e5-2db73819c0d6 HTTP/1.0 201 - python-swiftclient-4.8.0 gAAAAABpM6XeP7WC... - - - txa94ff9ef548a4014b703c-006933a624 - 0.0459 - - 1764992548.485855818 1764992548.531764507 0 1229ee3e1d964977b2a5589f27ad366e
Dec 05 22:42:28 np0005548602.novalocal container-server[95916]: ::1 - - [06/Dec/2025:03:42:28 +0000] "HEAD /3/40849/AUTH_d8741d1891ef40e5a7a8c7bee0ab6eed/gnocchi.c7f93b4b-7493-4d98-a2e5-2db73819c0d6" 204 - "HEAD http://[::1]:8080/v1/AUTH_d8741d1891ef40e5a7a8c7bee0ab6eed/gnocchi.c7f93b4b-7493-4d98-a2e5-2db73819c0d6" "txd1615bcf849342a7944b4-006933a624" "proxy-server 97198" 0.0014 "-" 95916 0
Dec 05 22:42:28 np0005548602.novalocal proxy-server[97198]: - - 06/Dec/2025/03/42/28 HEAD /v1/AUTH_d8741d1891ef40e5a7a8c7bee0ab6eed/gnocchi.c7f93b4b-7493-4d98-a2e5-2db73819c0d6 HTTP/1.0 204 - Swift - - - - txd1615bcf849342a7944b4-006933a624 - 0.0048 CS - 1764992548.536130667 1764992548.540931225 0 -
Dec 05 22:42:28 np0005548602.novalocal container-server[95917]: ::1 - - [06/Dec/2025:03:42:28 +0000] "GET /1/40849/AUTH_d8741d1891ef40e5a7a8c7bee0ab6eed/gnocchi.c7f93b4b-7493-4d98-a2e5-2db73819c0d6" 200 2 "GET https://[::1]:8080/v1/AUTH_d8741d1891ef40e5a7a8c7bee0ab6eed/gnocchi.c7f93b4b-7493-4d98-a2e5-2db73819c0d6?format=json&states=listing" "txd1615bcf849342a7944b4-006933a624" "proxy-server 97198" 0.0022 "-" 95917 0
Dec 05 22:42:28 np0005548602.novalocal proxy-server[97198]: ::1 ::1 06/Dec/2025/03/42/28 GET /v1/AUTH_d8741d1891ef40e5a7a8c7bee0ab6eed/gnocchi.c7f93b4b-7493-4d98-a2e5-2db73819c0d6%3Fformat%3Djson%26states%3Dlisting HTTP/1.0 200 - python-swiftclient-4.8.0 gAAAAABpM6XeP7WC... - 2 - txd1615bcf849342a7944b4-006933a624 - 0.0150 - - 1764992548.535253048 1764992548.550227165 0 1229ee3e1d964977b2a5589f27ad366e
Dec 05 22:42:28 np0005548602.novalocal object-server[96250]: ::1 - - [06/Dec/2025:03:42:28 +0000] "GET /1/156076/AUTH_d8741d1891ef40e5a7a8c7bee0ab6eed/gnocchi.c7f93b4b-7493-4d98-a2e5-2db73819c0d6/1764720000.0_mean_300.0_v3" 404 70 "GET https://[::1]:8080/v1/AUTH_d8741d1891ef40e5a7a8c7bee0ab6eed/gnocchi.c7f93b4b-7493-4d98-a2e5-2db73819c0d6/1764720000.0_mean_300.0_v3" "txd9964e8e872241fd9fe70-006933a624" "proxy-server 97198" 0.0005 "-" 96250 0
Dec 05 22:42:28 np0005548602.novalocal object-server[96249]: ::1 - - [06/Dec/2025:03:42:28 +0000] "GET /2/156076/AUTH_d8741d1891ef40e5a7a8c7bee0ab6eed/gnocchi.c7f93b4b-7493-4d98-a2e5-2db73819c0d6/1764720000.0_mean_300.0_v3" 404 70 "GET https://[::1]:8080/v1/AUTH_d8741d1891ef40e5a7a8c7bee0ab6eed/gnocchi.c7f93b4b-7493-4d98-a2e5-2db73819c0d6/1764720000.0_mean_300.0_v3" "txd9964e8e872241fd9fe70-006933a624" "proxy-server 97198" 0.0005 "-" 96249 0
Dec 05 22:42:28 np0005548602.novalocal object-server[96249]: ::1 - - [06/Dec/2025:03:42:28 +0000] "GET /3/156076/AUTH_d8741d1891ef40e5a7a8c7bee0ab6eed/gnocchi.c7f93b4b-7493-4d98-a2e5-2db73819c0d6/1764720000.0_mean_300.0_v3" 404 70 "GET https://[::1]:8080/v1/AUTH_d8741d1891ef40e5a7a8c7bee0ab6eed/gnocchi.c7f93b4b-7493-4d98-a2e5-2db73819c0d6/1764720000.0_mean_300.0_v3" "txd9964e8e872241fd9fe70-006933a624" "proxy-server 97198" 0.0002 "-" 96249 0
Dec 05 22:42:28 np0005548602.novalocal proxy-server[97198]: ::1 ::1 06/Dec/2025/03/42/28 GET /v1/AUTH_d8741d1891ef40e5a7a8c7bee0ab6eed/gnocchi.c7f93b4b-7493-4d98-a2e5-2db73819c0d6/1764720000.0_mean_300.0_v3 HTTP/1.0 404 - python-swiftclient-4.8.0 gAAAAABpM6XeP7WC... - 70 - txd9964e8e872241fd9fe70-006933a624 - 0.0160 - - 1764992548.554076433 1764992548.570052624 0 1229ee3e1d964977b2a5589f27ad366e
Dec 05 22:42:28 np0005548602.novalocal container-server[95917]: ::1 - - [06/Dec/2025:03:42:28 +0000] "PUT /1/40849/AUTH_d8741d1891ef40e5a7a8c7bee0ab6eed/gnocchi.c7f93b4b-7493-4d98-a2e5-2db73819c0d6/1764720000.0_mean_300.0_v3" 201 - "PUT http://[::1]:8080/2/156076/AUTH_d8741d1891ef40e5a7a8c7bee0ab6eed/gnocchi.c7f93b4b-7493-4d98-a2e5-2db73819c0d6/1764720000.0_mean_300.0_v3" "tx68bb89f764f546fe81131-006933a624" "object-server 96250" 0.0005 "-" 95917 0
Dec 05 22:42:28 np0005548602.novalocal container-server[95917]: ::1 - - [06/Dec/2025:03:42:28 +0000] "PUT /2/40849/AUTH_d8741d1891ef40e5a7a8c7bee0ab6eed/gnocchi.c7f93b4b-7493-4d98-a2e5-2db73819c0d6/1764720000.0_mean_300.0_v3" 201 - "PUT http://[::1]:8080/3/156076/AUTH_d8741d1891ef40e5a7a8c7bee0ab6eed/gnocchi.c7f93b4b-7493-4d98-a2e5-2db73819c0d6/1764720000.0_mean_300.0_v3" "tx68bb89f764f546fe81131-006933a624" "object-server 96250" 0.0003 "-" 95917 0
Dec 05 22:42:28 np0005548602.novalocal object-server[96250]: ::1 - - [06/Dec/2025:03:42:28 +0000] "PUT /2/156076/AUTH_d8741d1891ef40e5a7a8c7bee0ab6eed/gnocchi.c7f93b4b-7493-4d98-a2e5-2db73819c0d6/1764720000.0_mean_300.0_v3" 201 - "PUT https://[::1]:8080/v1/AUTH_d8741d1891ef40e5a7a8c7bee0ab6eed/gnocchi.c7f93b4b-7493-4d98-a2e5-2db73819c0d6/1764720000.0_mean_300.0_v3" "tx68bb89f764f546fe81131-006933a624" "proxy-server 97198" 0.0179 "-" 96250 0
Dec 05 22:42:28 np0005548602.novalocal container-server[95916]: ::1 - - [06/Dec/2025:03:42:28 +0000] "PUT /3/40849/AUTH_d8741d1891ef40e5a7a8c7bee0ab6eed/gnocchi.c7f93b4b-7493-4d98-a2e5-2db73819c0d6/1764720000.0_mean_300.0_v3" 201 - "PUT http://[::1]:8080/1/156076/AUTH_d8741d1891ef40e5a7a8c7bee0ab6eed/gnocchi.c7f93b4b-7493-4d98-a2e5-2db73819c0d6/1764720000.0_mean_300.0_v3" "tx68bb89f764f546fe81131-006933a624" "object-server 96250" 0.0006 "-" 95916 0
Dec 05 22:42:28 np0005548602.novalocal object-server[96250]: ::1 - - [06/Dec/2025:03:42:28 +0000] "PUT /3/156076/AUTH_d8741d1891ef40e5a7a8c7bee0ab6eed/gnocchi.c7f93b4b-7493-4d98-a2e5-2db73819c0d6/1764720000.0_mean_300.0_v3" 201 - "PUT https://[::1]:8080/v1/AUTH_d8741d1891ef40e5a7a8c7bee0ab6eed/gnocchi.c7f93b4b-7493-4d98-a2e5-2db73819c0d6/1764720000.0_mean_300.0_v3" "tx68bb89f764f546fe81131-006933a624" "proxy-server 97198" 0.0173 "-" 96250 0
Dec 05 22:42:28 np0005548602.novalocal object-server[96250]: ::1 - - [06/Dec/2025:03:42:28 +0000] "PUT /1/156076/AUTH_d8741d1891ef40e5a7a8c7bee0ab6eed/gnocchi.c7f93b4b-7493-4d98-a2e5-2db73819c0d6/1764720000.0_mean_300.0_v3" 201 - "PUT https://[::1]:8080/v1/AUTH_d8741d1891ef40e5a7a8c7bee0ab6eed/gnocchi.c7f93b4b-7493-4d98-a2e5-2db73819c0d6/1764720000.0_mean_300.0_v3" "tx68bb89f764f546fe81131-006933a624" "proxy-server 97198" 0.0166 "-" 96250 0
Dec 05 22:42:28 np0005548602.novalocal proxy-server[97198]: ::1 ::1 06/Dec/2025/03/42/28 PUT /v1/AUTH_d8741d1891ef40e5a7a8c7bee0ab6eed/gnocchi.c7f93b4b-7493-4d98-a2e5-2db73819c0d6/1764720000.0_mean_300.0_v3 HTTP/1.0 201 - python-swiftclient-4.8.0 gAAAAABpM6XeP7WC... 16 - - tx68bb89f764f546fe81131-006933a624 - 0.0305 - - 1764992548.572849512 1764992548.603341579 0 1229ee3e1d964977b2a5589f27ad366e
Dec 05 22:42:28 np0005548602.novalocal container-server[95917]: ::1 - - [06/Dec/2025:03:42:28 +0000] "PUT /2/40849/AUTH_d8741d1891ef40e5a7a8c7bee0ab6eed/gnocchi.c7f93b4b-7493-4d98-a2e5-2db73819c0d6/none_v3" 201 - "PUT http://[::1]:8080/3/239841/AUTH_d8741d1891ef40e5a7a8c7bee0ab6eed/gnocchi.c7f93b4b-7493-4d98-a2e5-2db73819c0d6/none_v3" "tx47cf689970a248ed8d7e4-006933a624" "object-server 96250" 0.0006 "-" 95917 0
Dec 05 22:42:28 np0005548602.novalocal object-server[96250]: ::1 - - [06/Dec/2025:03:42:28 +0000] "PUT /3/239841/AUTH_d8741d1891ef40e5a7a8c7bee0ab6eed/gnocchi.c7f93b4b-7493-4d98-a2e5-2db73819c0d6/none_v3" 201 - "PUT https://[::1]:8080/v1/AUTH_d8741d1891ef40e5a7a8c7bee0ab6eed/gnocchi.c7f93b4b-7493-4d98-a2e5-2db73819c0d6/none_v3" "tx47cf689970a248ed8d7e4-006933a624" "proxy-server 97198" 0.0106 "-" 96250 0
Dec 05 22:42:28 np0005548602.novalocal container-server[95917]: ::1 - - [06/Dec/2025:03:42:28 +0000] "PUT /1/40849/AUTH_d8741d1891ef40e5a7a8c7bee0ab6eed/gnocchi.c7f93b4b-7493-4d98-a2e5-2db73819c0d6/none_v3" 201 - "PUT http://[::1]:8080/1/239841/AUTH_d8741d1891ef40e5a7a8c7bee0ab6eed/gnocchi.c7f93b4b-7493-4d98-a2e5-2db73819c0d6/none_v3" "tx47cf689970a248ed8d7e4-006933a624" "object-server 96249" 0.0008 "-" 95917 0
Dec 05 22:42:28 np0005548602.novalocal container-server[95917]: ::1 - - [06/Dec/2025:03:42:28 +0000] "PUT /3/40849/AUTH_d8741d1891ef40e5a7a8c7bee0ab6eed/gnocchi.c7f93b4b-7493-4d98-a2e5-2db73819c0d6/none_v3" 201 - "PUT http://[::1]:8080/2/239841/AUTH_d8741d1891ef40e5a7a8c7bee0ab6eed/gnocchi.c7f93b4b-7493-4d98-a2e5-2db73819c0d6/none_v3" "tx47cf689970a248ed8d7e4-006933a624" "object-server 96249" 0.0003 "-" 95917 0
Dec 05 22:42:28 np0005548602.novalocal object-server[96249]: ::1 - - [06/Dec/2025:03:42:28 +0000] "PUT /1/239841/AUTH_d8741d1891ef40e5a7a8c7bee0ab6eed/gnocchi.c7f93b4b-7493-4d98-a2e5-2db73819c0d6/none_v3" 201 - "PUT https://[::1]:8080/v1/AUTH_d8741d1891ef40e5a7a8c7bee0ab6eed/gnocchi.c7f93b4b-7493-4d98-a2e5-2db73819c0d6/none_v3" "tx47cf689970a248ed8d7e4-006933a624" "proxy-server 97198" 0.0130 "-" 96249 0
Dec 05 22:42:28 np0005548602.novalocal object-server[96249]: ::1 - - [06/Dec/2025:03:42:28 +0000] "PUT /2/239841/AUTH_d8741d1891ef40e5a7a8c7bee0ab6eed/gnocchi.c7f93b4b-7493-4d98-a2e5-2db73819c0d6/none_v3" 201 - "PUT https://[::1]:8080/v1/AUTH_d8741d1891ef40e5a7a8c7bee0ab6eed/gnocchi.c7f93b4b-7493-4d98-a2e5-2db73819c0d6/none_v3" "tx47cf689970a248ed8d7e4-006933a624" "proxy-server 97198" 0.0130 "-" 96249 0
Dec 05 22:42:28 np0005548602.novalocal proxy-server[97198]: ::1 ::1 06/Dec/2025/03/42/28 PUT /v1/AUTH_d8741d1891ef40e5a7a8c7bee0ab6eed/gnocchi.c7f93b4b-7493-4d98-a2e5-2db73819c0d6/none_v3 HTTP/1.0 201 - python-swiftclient-4.8.0 gAAAAABpM6XeP7WC... 22 - - tx47cf689970a248ed8d7e4-006933a624 - 0.0241 - - 1764992548.606108189 1764992548.630246401 0 1229ee3e1d964977b2a5589f27ad366e
Dec 05 22:42:28 np0005548602.novalocal object-server[96249]: ::1 - - [06/Dec/2025:03:42:28 +0000] "GET /1/177755/AUTH_d8741d1891ef40e5a7a8c7bee0ab6eed/gnocchi.17e473af-eef2-4f69-b547-6909398a6d6b/none_v3" 200 52 "GET https://[::1]:8080/v1/AUTH_d8741d1891ef40e5a7a8c7bee0ab6eed/gnocchi.17e473af-eef2-4f69-b547-6909398a6d6b/none_v3" "txed9ed7949cdf4a32b8fc9-006933a624" "proxy-server 97198" 0.0011 "-" 96249 0
Dec 05 22:42:28 np0005548602.novalocal proxy-server[97198]: ::1 ::1 06/Dec/2025/03/42/28 GET /v1/AUTH_d8741d1891ef40e5a7a8c7bee0ab6eed/gnocchi.17e473af-eef2-4f69-b547-6909398a6d6b/none_v3 HTTP/1.0 200 - python-swiftclient-4.8.0 gAAAAABpM6XeP7WC... - 52 - txed9ed7949cdf4a32b8fc9-006933a624 - 0.0101 - - 1764992548.659766674 1764992548.669832945 0 1229ee3e1d964977b2a5589f27ad366e
Dec 05 22:42:28 np0005548602.novalocal container-server[95916]: ::1 - - [06/Dec/2025:03:42:28 +0000] "GET /2/11249/AUTH_d8741d1891ef40e5a7a8c7bee0ab6eed/gnocchi.17e473af-eef2-4f69-b547-6909398a6d6b" 200 357 "GET https://[::1]:8080/v1/AUTH_d8741d1891ef40e5a7a8c7bee0ab6eed/gnocchi.17e473af-eef2-4f69-b547-6909398a6d6b?format=json&states=listing" "tx2934e9d181ec4f9ab3ee3-006933a624" "proxy-server 97198" 0.0088 "-" 95916 0
Dec 05 22:42:28 np0005548602.novalocal proxy-server[97198]: ::1 ::1 06/Dec/2025/03/42/28 GET /v1/AUTH_d8741d1891ef40e5a7a8c7bee0ab6eed/gnocchi.17e473af-eef2-4f69-b547-6909398a6d6b%3Fformat%3Djson%26states%3Dlisting HTTP/1.0 200 - python-swiftclient-4.8.0 gAAAAABpM6XeP7WC... - 357 - tx2934e9d181ec4f9ab3ee3-006933a624 - 0.0196 - - 1764992548.673318386 1764992548.692893505 0 1229ee3e1d964977b2a5589f27ad366e
Dec 05 22:42:28 np0005548602.novalocal container-server[95917]: ::1 - - [06/Dec/2025:03:42:28 +0000] "GET /3/11249/AUTH_d8741d1891ef40e5a7a8c7bee0ab6eed/gnocchi.17e473af-eef2-4f69-b547-6909398a6d6b" 200 2 "GET https://[::1]:8080/v1/AUTH_d8741d1891ef40e5a7a8c7bee0ab6eed/gnocchi.17e473af-eef2-4f69-b547-6909398a6d6b?format=json&marker=none_v3&states=listing" "txddd864d30f37463b9044e-006933a624" "proxy-server 97198" 0.0080 "-" 95917 0
Dec 05 22:42:28 np0005548602.novalocal proxy-server[97198]: ::1 ::1 06/Dec/2025/03/42/28 GET /v1/AUTH_d8741d1891ef40e5a7a8c7bee0ab6eed/gnocchi.17e473af-eef2-4f69-b547-6909398a6d6b%3Fformat%3Djson%26marker%3Dnone_v3%26states%3Dlisting HTTP/1.0 200 - python-swiftclient-4.8.0 gAAAAABpM6XeP7WC... - 2 - txddd864d30f37463b9044e-006933a624 - 0.0171 - - 1764992548.695811510 1764992548.712935925 0 1229ee3e1d964977b2a5589f27ad366e
Dec 05 22:42:28 np0005548602.novalocal object-server[96249]: ::1 - - [06/Dec/2025:03:42:28 +0000] "GET /1/114674/AUTH_d8741d1891ef40e5a7a8c7bee0ab6eed/gnocchi.17e473af-eef2-4f69-b547-6909398a6d6b/1764720000.0_mean_300.0_v3" 200 16 "GET https://[::1]:8080/v1/AUTH_d8741d1891ef40e5a7a8c7bee0ab6eed/gnocchi.17e473af-eef2-4f69-b547-6909398a6d6b/1764720000.0_mean_300.0_v3" "tx6a9dccf2880e482997a6f-006933a624" "proxy-server 97198" 0.0012 "-" 96249 0
Dec 05 22:42:28 np0005548602.novalocal proxy-server[97198]: ::1 ::1 06/Dec/2025/03/42/28 GET /v1/AUTH_d8741d1891ef40e5a7a8c7bee0ab6eed/gnocchi.17e473af-eef2-4f69-b547-6909398a6d6b/1764720000.0_mean_300.0_v3 HTTP/1.0 200 - python-swiftclient-4.8.0 gAAAAABpM6XeP7WC... - 16 - tx6a9dccf2880e482997a6f-006933a624 - 0.0110 - - 1764992548.716335058 1764992548.727294445 0 1229ee3e1d964977b2a5589f27ad366e
Dec 05 22:42:28 np0005548602.novalocal container-server[95916]: ::1 - - [06/Dec/2025:03:42:28 +0000] "PUT /2/11249/AUTH_d8741d1891ef40e5a7a8c7bee0ab6eed/gnocchi.17e473af-eef2-4f69-b547-6909398a6d6b/1764720000.0_mean_300.0_v3" 201 - "PUT http://[::1]:8080/1/114674/AUTH_d8741d1891ef40e5a7a8c7bee0ab6eed/gnocchi.17e473af-eef2-4f69-b547-6909398a6d6b/1764720000.0_mean_300.0_v3" "txd2720008afc74b2290768-006933a624" "object-server 96250" 0.0005 "-" 95916 0
Dec 05 22:42:28 np0005548602.novalocal object-server[96250]: ::1 - - [06/Dec/2025:03:42:28 +0000] "PUT /1/114674/AUTH_d8741d1891ef40e5a7a8c7bee0ab6eed/gnocchi.17e473af-eef2-4f69-b547-6909398a6d6b/1764720000.0_mean_300.0_v3" 201 - "PUT https://[::1]:8080/v1/AUTH_d8741d1891ef40e5a7a8c7bee0ab6eed/gnocchi.17e473af-eef2-4f69-b547-6909398a6d6b/1764720000.0_mean_300.0_v3" "txd2720008afc74b2290768-006933a624" "proxy-server 97198" 0.0150 "-" 96250 0
Dec 05 22:42:28 np0005548602.novalocal container-server[95917]: ::1 - - [06/Dec/2025:03:42:28 +0000] "PUT /1/11249/AUTH_d8741d1891ef40e5a7a8c7bee0ab6eed/gnocchi.17e473af-eef2-4f69-b547-6909398a6d6b/1764720000.0_mean_300.0_v3" 201 - "PUT http://[::1]:8080/2/114674/AUTH_d8741d1891ef40e5a7a8c7bee0ab6eed/gnocchi.17e473af-eef2-4f69-b547-6909398a6d6b/1764720000.0_mean_300.0_v3" "txd2720008afc74b2290768-006933a624" "object-server 96249" 0.0013 "-" 95917 0
Dec 05 22:42:28 np0005548602.novalocal object-server[96249]: ::1 - - [06/Dec/2025:03:42:28 +0000] "PUT /2/114674/AUTH_d8741d1891ef40e5a7a8c7bee0ab6eed/gnocchi.17e473af-eef2-4f69-b547-6909398a6d6b/1764720000.0_mean_300.0_v3" 201 - "PUT https://[::1]:8080/v1/AUTH_d8741d1891ef40e5a7a8c7bee0ab6eed/gnocchi.17e473af-eef2-4f69-b547-6909398a6d6b/1764720000.0_mean_300.0_v3" "txd2720008afc74b2290768-006933a624" "proxy-server 97198" 0.0191 "-" 96249 0
Dec 05 22:42:28 np0005548602.novalocal container-server[95917]: ::1 - - [06/Dec/2025:03:42:28 +0000] "PUT /3/11249/AUTH_d8741d1891ef40e5a7a8c7bee0ab6eed/gnocchi.17e473af-eef2-4f69-b547-6909398a6d6b/1764720000.0_mean_300.0_v3" 201 - "PUT http://[::1]:8080/3/114674/AUTH_d8741d1891ef40e5a7a8c7bee0ab6eed/gnocchi.17e473af-eef2-4f69-b547-6909398a6d6b/1764720000.0_mean_300.0_v3" "txd2720008afc74b2290768-006933a624" "object-server 96250" 0.0011 "-" 95917 0
Dec 05 22:42:28 np0005548602.novalocal object-server[96250]: ::1 - - [06/Dec/2025:03:42:28 +0000] "PUT /3/114674/AUTH_d8741d1891ef40e5a7a8c7bee0ab6eed/gnocchi.17e473af-eef2-4f69-b547-6909398a6d6b/1764720000.0_mean_300.0_v3" 201 - "PUT https://[::1]:8080/v1/AUTH_d8741d1891ef40e5a7a8c7bee0ab6eed/gnocchi.17e473af-eef2-4f69-b547-6909398a6d6b/1764720000.0_mean_300.0_v3" "txd2720008afc74b2290768-006933a624" "proxy-server 97198" 0.0214 "-" 96250 0
Dec 05 22:42:28 np0005548602.novalocal proxy-server[97198]: ::1 ::1 06/Dec/2025/03/42/28 PUT /v1/AUTH_d8741d1891ef40e5a7a8c7bee0ab6eed/gnocchi.17e473af-eef2-4f69-b547-6909398a6d6b/1764720000.0_mean_300.0_v3 HTTP/1.0 201 - python-swiftclient-4.8.0 gAAAAABpM6XeP7WC... 16 - - txd2720008afc74b2290768-006933a624 - 0.0372 - - 1764992548.730350018 1764992548.767562151 0 1229ee3e1d964977b2a5589f27ad366e
Dec 05 22:42:28 np0005548602.novalocal container-server[95916]: ::1 - - [06/Dec/2025:03:42:28 +0000] "PUT /1/11249/AUTH_d8741d1891ef40e5a7a8c7bee0ab6eed/gnocchi.17e473af-eef2-4f69-b547-6909398a6d6b/none_v3" 201 - "PUT http://[::1]:8080/2/177755/AUTH_d8741d1891ef40e5a7a8c7bee0ab6eed/gnocchi.17e473af-eef2-4f69-b547-6909398a6d6b/none_v3" "txb8321ced3a804501a51d7-006933a624" "object-server 96249" 0.0005 "-" 95916 0
Dec 05 22:42:28 np0005548602.novalocal object-server[96249]: ::1 - - [06/Dec/2025:03:42:28 +0000] "PUT /2/177755/AUTH_d8741d1891ef40e5a7a8c7bee0ab6eed/gnocchi.17e473af-eef2-4f69-b547-6909398a6d6b/none_v3" 201 - "PUT https://[::1]:8080/v1/AUTH_d8741d1891ef40e5a7a8c7bee0ab6eed/gnocchi.17e473af-eef2-4f69-b547-6909398a6d6b/none_v3" "txb8321ced3a804501a51d7-006933a624" "proxy-server 97198" 0.0125 "-" 96249 0
Dec 05 22:42:28 np0005548602.novalocal container-server[95917]: ::1 - - [06/Dec/2025:03:42:28 +0000] "PUT /2/11249/AUTH_d8741d1891ef40e5a7a8c7bee0ab6eed/gnocchi.17e473af-eef2-4f69-b547-6909398a6d6b/none_v3" 201 - "PUT http://[::1]:8080/1/177755/AUTH_d8741d1891ef40e5a7a8c7bee0ab6eed/gnocchi.17e473af-eef2-4f69-b547-6909398a6d6b/none_v3" "txb8321ced3a804501a51d7-006933a624" "object-server 96250" 0.0006 "-" 95917 0
Dec 05 22:42:28 np0005548602.novalocal container-server[95917]: ::1 - - [06/Dec/2025:03:42:28 +0000] "PUT /3/11249/AUTH_d8741d1891ef40e5a7a8c7bee0ab6eed/gnocchi.17e473af-eef2-4f69-b547-6909398a6d6b/none_v3" 201 - "PUT http://[::1]:8080/3/177755/AUTH_d8741d1891ef40e5a7a8c7bee0ab6eed/gnocchi.17e473af-eef2-4f69-b547-6909398a6d6b/none_v3" "txb8321ced3a804501a51d7-006933a624" "object-server 96250" 0.0004 "-" 95917 0
Dec 05 22:42:28 np0005548602.novalocal object-server[96250]: ::1 - - [06/Dec/2025:03:42:28 +0000] "PUT /1/177755/AUTH_d8741d1891ef40e5a7a8c7bee0ab6eed/gnocchi.17e473af-eef2-4f69-b547-6909398a6d6b/none_v3" 201 - "PUT https://[::1]:8080/v1/AUTH_d8741d1891ef40e5a7a8c7bee0ab6eed/gnocchi.17e473af-eef2-4f69-b547-6909398a6d6b/none_v3" "txb8321ced3a804501a51d7-006933a624" "proxy-server 97198" 0.0151 "-" 96250 0
Dec 05 22:42:28 np0005548602.novalocal object-server[96250]: ::1 - - [06/Dec/2025:03:42:28 +0000] "PUT /3/177755/AUTH_d8741d1891ef40e5a7a8c7bee0ab6eed/gnocchi.17e473af-eef2-4f69-b547-6909398a6d6b/none_v3" 201 - "PUT https://[::1]:8080/v1/AUTH_d8741d1891ef40e5a7a8c7bee0ab6eed/gnocchi.17e473af-eef2-4f69-b547-6909398a6d6b/none_v3" "txb8321ced3a804501a51d7-006933a624" "proxy-server 97198" 0.0141 "-" 96250 0
Dec 05 22:42:28 np0005548602.novalocal proxy-server[97198]: ::1 ::1 06/Dec/2025/03/42/28 PUT /v1/AUTH_d8741d1891ef40e5a7a8c7bee0ab6eed/gnocchi.17e473af-eef2-4f69-b547-6909398a6d6b/none_v3 HTTP/1.0 201 - python-swiftclient-4.8.0 gAAAAABpM6XeP7WC... 60 - - txb8321ced3a804501a51d7-006933a624 - 0.0270 - - 1764992548.771235228 1764992548.798267126 0 1229ee3e1d964977b2a5589f27ad366e
Dec 05 22:42:29 np0005548602.novalocal account-server[95624]: ::1 - - [06/Dec/2025:03:42:29 +0000] "HEAD /1/249817/.misplaced_objects" 404 - "HEAD http://localhost/v1/.misplaced_objects?format=json" "tx4b283627f85a44da96b6b-006933a625" "Swift Container Reconciler" 0.0005 "-" 95624 -
