Dec 05 22:41:22 np0005548602.novalocal container-server[95916]: ::1 - - [06/Dec/2025:03:41:22 +0000] "PUT /1/236178/AUTH_d8741d1891ef40e5a7a8c7bee0ab6eed/gnocchi.c2560acf-0016-4832-9496-854a2b7e03c4/1764720000.0_mean_300.0_v3" 201 - "PUT http://[::1]:8080/3/92387/AUTH_d8741d1891ef40e5a7a8c7bee0ab6eed/gnocchi.c2560acf-0016-4832-9496-854a2b7e03c4/1764720000.0_mean_300.0_v3" "tx79dbe211f636428492fcd-006933a5e2" "object-server 96250" 0.0003 "-" 95916 0
Dec 05 22:41:22 np0005548602.novalocal object-server[96250]: ::1 - - [06/Dec/2025:03:41:22 +0000] "PUT /3/92387/AUTH_d8741d1891ef40e5a7a8c7bee0ab6eed/gnocchi.c2560acf-0016-4832-9496-854a2b7e03c4/1764720000.0_mean_300.0_v3" 201 - "PUT https://[::1]:8080/v1/AUTH_d8741d1891ef40e5a7a8c7bee0ab6eed/gnocchi.c2560acf-0016-4832-9496-854a2b7e03c4/1764720000.0_mean_300.0_v3" "tx79dbe211f636428492fcd-006933a5e2" "proxy-server 97198" 0.0142 "-" 96250 0
Dec 05 22:41:22 np0005548602.novalocal proxy-server[97198]: ::1 ::1 06/Dec/2025/03/41/22 PUT /v1/AUTH_d8741d1891ef40e5a7a8c7bee0ab6eed/gnocchi.c2560acf-0016-4832-9496-854a2b7e03c4/1764720000.0_mean_300.0_v3 HTTP/1.0 201 - python-swiftclient-4.8.0 gAAAAABpM6XeP7WC... 16 - - tx79dbe211f636428492fcd-006933a5e2 - 0.0218 - - 1764992482.875761747 1764992482.897512674 0 1229ee3e1d964977b2a5589f27ad366e
Dec 05 22:41:22 np0005548602.novalocal container-server[95917]: ::1 - - [06/Dec/2025:03:41:22 +0000] "PUT /1/236178/AUTH_d8741d1891ef40e5a7a8c7bee0ab6eed/gnocchi.c2560acf-0016-4832-9496-854a2b7e03c4/none_v3" 201 - "PUT http://[::1]:8080/2/117976/AUTH_d8741d1891ef40e5a7a8c7bee0ab6eed/gnocchi.c2560acf-0016-4832-9496-854a2b7e03c4/none_v3" "txd8bd169d8ba4487090fbd-006933a5e2" "object-server 96250" 0.0005 "-" 95917 0
Dec 05 22:41:22 np0005548602.novalocal object-server[96250]: ::1 - - [06/Dec/2025:03:41:22 +0000] "PUT /2/117976/AUTH_d8741d1891ef40e5a7a8c7bee0ab6eed/gnocchi.c2560acf-0016-4832-9496-854a2b7e03c4/none_v3" 201 - "PUT https://[::1]:8080/v1/AUTH_d8741d1891ef40e5a7a8c7bee0ab6eed/gnocchi.c2560acf-0016-4832-9496-854a2b7e03c4/none_v3" "txd8bd169d8ba4487090fbd-006933a5e2" "proxy-server 97198" 0.0113 "-" 96250 0
Dec 05 22:41:22 np0005548602.novalocal container-server[95916]: ::1 - - [06/Dec/2025:03:41:22 +0000] "PUT /3/236178/AUTH_d8741d1891ef40e5a7a8c7bee0ab6eed/gnocchi.c2560acf-0016-4832-9496-854a2b7e03c4/none_v3" 201 - "PUT http://[::1]:8080/3/117976/AUTH_d8741d1891ef40e5a7a8c7bee0ab6eed/gnocchi.c2560acf-0016-4832-9496-854a2b7e03c4/none_v3" "txd8bd169d8ba4487090fbd-006933a5e2" "object-server 96249" 0.0013 "-" 95916 0
Dec 05 22:41:22 np0005548602.novalocal object-server[96249]: ::1 - - [06/Dec/2025:03:41:22 +0000] "PUT /3/117976/AUTH_d8741d1891ef40e5a7a8c7bee0ab6eed/gnocchi.c2560acf-0016-4832-9496-854a2b7e03c4/none_v3" 201 - "PUT https://[::1]:8080/v1/AUTH_d8741d1891ef40e5a7a8c7bee0ab6eed/gnocchi.c2560acf-0016-4832-9496-854a2b7e03c4/none_v3" "txd8bd169d8ba4487090fbd-006933a5e2" "proxy-server 97198" 0.0140 "-" 96249 0
Dec 05 22:41:22 np0005548602.novalocal container-server[95917]: ::1 - - [06/Dec/2025:03:41:22 +0000] "PUT /2/236178/AUTH_d8741d1891ef40e5a7a8c7bee0ab6eed/gnocchi.c2560acf-0016-4832-9496-854a2b7e03c4/none_v3" 201 - "PUT http://[::1]:8080/1/117976/AUTH_d8741d1891ef40e5a7a8c7bee0ab6eed/gnocchi.c2560acf-0016-4832-9496-854a2b7e03c4/none_v3" "txd8bd169d8ba4487090fbd-006933a5e2" "object-server 96249" 0.0012 "-" 95917 0
Dec 05 22:41:22 np0005548602.novalocal object-server[96249]: ::1 - - [06/Dec/2025:03:41:22 +0000] "PUT /1/117976/AUTH_d8741d1891ef40e5a7a8c7bee0ab6eed/gnocchi.c2560acf-0016-4832-9496-854a2b7e03c4/none_v3" 201 - "PUT https://[::1]:8080/v1/AUTH_d8741d1891ef40e5a7a8c7bee0ab6eed/gnocchi.c2560acf-0016-4832-9496-854a2b7e03c4/none_v3" "txd8bd169d8ba4487090fbd-006933a5e2" "proxy-server 97198" 0.0160 "-" 96249 0
Dec 05 22:41:22 np0005548602.novalocal proxy-server[97198]: ::1 ::1 06/Dec/2025/03/41/22 PUT /v1/AUTH_d8741d1891ef40e5a7a8c7bee0ab6eed/gnocchi.c2560acf-0016-4832-9496-854a2b7e03c4/none_v3 HTTP/1.0 201 - python-swiftclient-4.8.0 gAAAAABpM6XeP7WC... 38 - - txd8bd169d8ba4487090fbd-006933a5e2 - 0.0248 - - 1764992482.899249315 1764992482.924043894 0 1229ee3e1d964977b2a5589f27ad366e
Dec 05 22:41:22 np0005548602.novalocal object-server[96250]: ::1 - - [06/Dec/2025:03:41:22 +0000] "GET /1/170541/AUTH_d8741d1891ef40e5a7a8c7bee0ab6eed/gnocchi.0d6f2bba-59cd-4426-8eda-3049d75754dd/none_v3" 200 29 "GET https://[::1]:8080/v1/AUTH_d8741d1891ef40e5a7a8c7bee0ab6eed/gnocchi.0d6f2bba-59cd-4426-8eda-3049d75754dd/none_v3" "tx7ae8d764fb3e42918a3c4-006933a5e2" "proxy-server 97198" 0.0008 "-" 96250 0
Dec 05 22:41:22 np0005548602.novalocal proxy-server[97198]: ::1 ::1 06/Dec/2025/03/41/22 GET /v1/AUTH_d8741d1891ef40e5a7a8c7bee0ab6eed/gnocchi.0d6f2bba-59cd-4426-8eda-3049d75754dd/none_v3 HTTP/1.0 200 - python-swiftclient-4.8.0 gAAAAABpM6XeP7WC... - 29 - tx7ae8d764fb3e42918a3c4-006933a5e2 - 0.0076 - - 1764992482.956243277 1764992482.963858604 0 1229ee3e1d964977b2a5589f27ad366e
Dec 05 22:41:22 np0005548602.novalocal container-server[95916]: ::1 - - [06/Dec/2025:03:41:22 +0000] "GET /3/118845/AUTH_d8741d1891ef40e5a7a8c7bee0ab6eed/gnocchi.0d6f2bba-59cd-4426-8eda-3049d75754dd" 200 357 "GET https://[::1]:8080/v1/AUTH_d8741d1891ef40e5a7a8c7bee0ab6eed/gnocchi.0d6f2bba-59cd-4426-8eda-3049d75754dd?format=json&states=listing" "txb3477022b4bc4565aa8b1-006933a5e2" "proxy-server 97198" 0.0074 "-" 95916 0
Dec 05 22:41:22 np0005548602.novalocal proxy-server[97198]: ::1 ::1 06/Dec/2025/03/41/22 GET /v1/AUTH_d8741d1891ef40e5a7a8c7bee0ab6eed/gnocchi.0d6f2bba-59cd-4426-8eda-3049d75754dd%3Fformat%3Djson%26states%3Dlisting HTTP/1.0 200 - python-swiftclient-4.8.0 gAAAAABpM6XeP7WC... - 357 - txb3477022b4bc4565aa8b1-006933a5e2 - 0.0143 - - 1764992482.966561317 1764992482.980909109 0 1229ee3e1d964977b2a5589f27ad366e
Dec 05 22:41:22 np0005548602.novalocal container-server[95916]: ::1 - - [06/Dec/2025:03:41:22 +0000] "GET /2/118845/AUTH_d8741d1891ef40e5a7a8c7bee0ab6eed/gnocchi.0d6f2bba-59cd-4426-8eda-3049d75754dd" 200 2 "GET https://[::1]:8080/v1/AUTH_d8741d1891ef40e5a7a8c7bee0ab6eed/gnocchi.0d6f2bba-59cd-4426-8eda-3049d75754dd?format=json&marker=none_v3&states=listing" "txc4c7ac1b5c504aa2addfd-006933a5e2" "proxy-server 97198" 0.0067 "-" 95916 0
Dec 05 22:41:22 np0005548602.novalocal proxy-server[97198]: ::1 ::1 06/Dec/2025/03/41/22 GET /v1/AUTH_d8741d1891ef40e5a7a8c7bee0ab6eed/gnocchi.0d6f2bba-59cd-4426-8eda-3049d75754dd%3Fformat%3Djson%26marker%3Dnone_v3%26states%3Dlisting HTTP/1.0 200 - python-swiftclient-4.8.0 gAAAAABpM6XeP7WC... - 2 - txc4c7ac1b5c504aa2addfd-006933a5e2 - 0.0144 - - 1764992482.983783245 1764992482.998192549 0 1229ee3e1d964977b2a5589f27ad366e
Dec 05 22:41:23 np0005548602.novalocal object-server[96250]: ::1 - - [06/Dec/2025:03:41:23 +0000] "GET /2/171299/AUTH_d8741d1891ef40e5a7a8c7bee0ab6eed/gnocchi.0d6f2bba-59cd-4426-8eda-3049d75754dd/1764720000.0_mean_300.0_v3" 200 16 "GET https://[::1]:8080/v1/AUTH_d8741d1891ef40e5a7a8c7bee0ab6eed/gnocchi.0d6f2bba-59cd-4426-8eda-3049d75754dd/1764720000.0_mean_300.0_v3" "tx690ae43c2f724d10b9c9d-006933a5e3" "proxy-server 97198" 0.0008 "-" 96250 0
Dec 05 22:41:23 np0005548602.novalocal proxy-server[97198]: ::1 ::1 06/Dec/2025/03/41/23 GET /v1/AUTH_d8741d1891ef40e5a7a8c7bee0ab6eed/gnocchi.0d6f2bba-59cd-4426-8eda-3049d75754dd/1764720000.0_mean_300.0_v3 HTTP/1.0 200 - python-swiftclient-4.8.0 gAAAAABpM6XeP7WC... - 16 - tx690ae43c2f724d10b9c9d-006933a5e3 - 0.0091 - - 1764992483.003162384 1764992483.012283564 0 1229ee3e1d964977b2a5589f27ad366e
Dec 05 22:41:23 np0005548602.novalocal sudo[103896]: cinder : PWD=/ ; USER=root ; COMMAND=/usr/bin/cinder-rootwrap /etc/cinder/rootwrap.conf env LC_ALL=C vgs --noheadings --unit=g -o name,size,free,lv_count,uuid --separator : --nosuffix cinder-volumes
Dec 05 22:41:23 np0005548602.novalocal systemd[1]: Started Session c119 of User root.
Dec 05 22:41:23 np0005548602.novalocal sudo[103896]: pam_unix(sudo:session): session opened for user root(uid=0) by (uid=165)
Dec 05 22:41:23 np0005548602.novalocal container-server[95916]: ::1 - - [06/Dec/2025:03:41:23 +0000] "PUT /1/118845/AUTH_d8741d1891ef40e5a7a8c7bee0ab6eed/gnocchi.0d6f2bba-59cd-4426-8eda-3049d75754dd/1764720000.0_mean_300.0_v3" 201 - "PUT http://[::1]:8080/2/171299/AUTH_d8741d1891ef40e5a7a8c7bee0ab6eed/gnocchi.0d6f2bba-59cd-4426-8eda-3049d75754dd/1764720000.0_mean_300.0_v3" "txfffc38ff45854a0e82126-006933a5e3" "object-server 96249" 0.0005 "-" 95916 0
Dec 05 22:41:23 np0005548602.novalocal container-server[95917]: ::1 - - [06/Dec/2025:03:41:23 +0000] "PUT /3/118845/AUTH_d8741d1891ef40e5a7a8c7bee0ab6eed/gnocchi.0d6f2bba-59cd-4426-8eda-3049d75754dd/1764720000.0_mean_300.0_v3" 201 - "PUT http://[::1]:8080/1/171299/AUTH_d8741d1891ef40e5a7a8c7bee0ab6eed/gnocchi.0d6f2bba-59cd-4426-8eda-3049d75754dd/1764720000.0_mean_300.0_v3" "txfffc38ff45854a0e82126-006933a5e3" "object-server 96250" 0.0010 "-" 95917 0
Dec 05 22:41:23 np0005548602.novalocal container-server[95917]: ::1 - - [06/Dec/2025:03:41:23 +0000] "PUT /2/118845/AUTH_d8741d1891ef40e5a7a8c7bee0ab6eed/gnocchi.0d6f2bba-59cd-4426-8eda-3049d75754dd/1764720000.0_mean_300.0_v3" 201 - "PUT http://[::1]:8080/3/171299/AUTH_d8741d1891ef40e5a7a8c7bee0ab6eed/gnocchi.0d6f2bba-59cd-4426-8eda-3049d75754dd/1764720000.0_mean_300.0_v3" "txfffc38ff45854a0e82126-006933a5e3" "object-server 96249" 0.0004 "-" 95917 0
Dec 05 22:41:23 np0005548602.novalocal object-server[96249]: ::1 - - [06/Dec/2025:03:41:23 +0000] "PUT /2/171299/AUTH_d8741d1891ef40e5a7a8c7bee0ab6eed/gnocchi.0d6f2bba-59cd-4426-8eda-3049d75754dd/1764720000.0_mean_300.0_v3" 201 - "PUT https://[::1]:8080/v1/AUTH_d8741d1891ef40e5a7a8c7bee0ab6eed/gnocchi.0d6f2bba-59cd-4426-8eda-3049d75754dd/1764720000.0_mean_300.0_v3" "txfffc38ff45854a0e82126-006933a5e3" "proxy-server 97198" 0.0174 "-" 96249 0
Dec 05 22:41:23 np0005548602.novalocal object-server[96249]: ::1 - - [06/Dec/2025:03:41:23 +0000] "PUT /3/171299/AUTH_d8741d1891ef40e5a7a8c7bee0ab6eed/gnocchi.0d6f2bba-59cd-4426-8eda-3049d75754dd/1764720000.0_mean_300.0_v3" 201 - "PUT https://[::1]:8080/v1/AUTH_d8741d1891ef40e5a7a8c7bee0ab6eed/gnocchi.0d6f2bba-59cd-4426-8eda-3049d75754dd/1764720000.0_mean_300.0_v3" "txfffc38ff45854a0e82126-006933a5e3" "proxy-server 97198" 0.0233 "-" 96249 0
Dec 05 22:41:23 np0005548602.novalocal object-server[96250]: ::1 - - [06/Dec/2025:03:41:23 +0000] "PUT /1/171299/AUTH_d8741d1891ef40e5a7a8c7bee0ab6eed/gnocchi.0d6f2bba-59cd-4426-8eda-3049d75754dd/1764720000.0_mean_300.0_v3" 201 - "PUT https://[::1]:8080/v1/AUTH_d8741d1891ef40e5a7a8c7bee0ab6eed/gnocchi.0d6f2bba-59cd-4426-8eda-3049d75754dd/1764720000.0_mean_300.0_v3" "txfffc38ff45854a0e82126-006933a5e3" "proxy-server 97198" 0.0310 "-" 96250 0
Dec 05 22:41:23 np0005548602.novalocal proxy-server[97198]: ::1 ::1 06/Dec/2025/03/41/23 PUT /v1/AUTH_d8741d1891ef40e5a7a8c7bee0ab6eed/gnocchi.0d6f2bba-59cd-4426-8eda-3049d75754dd/1764720000.0_mean_300.0_v3 HTTP/1.0 201 - python-swiftclient-4.8.0 gAAAAABpM6XeP7WC... 16 - - txfffc38ff45854a0e82126-006933a5e3 - 0.0439 - - 1764992483.014991760 1764992483.058878183 0 1229ee3e1d964977b2a5589f27ad366e
Dec 05 22:41:23 np0005548602.novalocal container-server[95916]: ::1 - - [06/Dec/2025:03:41:23 +0000] "PUT /3/118845/AUTH_d8741d1891ef40e5a7a8c7bee0ab6eed/gnocchi.0d6f2bba-59cd-4426-8eda-3049d75754dd/none_v3" 201 - "PUT http://[::1]:8080/2/170541/AUTH_d8741d1891ef40e5a7a8c7bee0ab6eed/gnocchi.0d6f2bba-59cd-4426-8eda-3049d75754dd/none_v3" "tx26f01efee119441e95393-006933a5e3" "object-server 96249" 0.0005 "-" 95916 0
Dec 05 22:41:23 np0005548602.novalocal object-server[96249]: ::1 - - [06/Dec/2025:03:41:23 +0000] "PUT /2/170541/AUTH_d8741d1891ef40e5a7a8c7bee0ab6eed/gnocchi.0d6f2bba-59cd-4426-8eda-3049d75754dd/none_v3" 201 - "PUT https://[::1]:8080/v1/AUTH_d8741d1891ef40e5a7a8c7bee0ab6eed/gnocchi.0d6f2bba-59cd-4426-8eda-3049d75754dd/none_v3" "tx26f01efee119441e95393-006933a5e3" "proxy-server 97198" 0.0106 "-" 96249 0
Dec 05 22:41:23 np0005548602.novalocal container-server[95916]: ::1 - - [06/Dec/2025:03:41:23 +0000] "PUT /1/118845/AUTH_d8741d1891ef40e5a7a8c7bee0ab6eed/gnocchi.0d6f2bba-59cd-4426-8eda-3049d75754dd/none_v3" 201 - "PUT http://[::1]:8080/1/170541/AUTH_d8741d1891ef40e5a7a8c7bee0ab6eed/gnocchi.0d6f2bba-59cd-4426-8eda-3049d75754dd/none_v3" "tx26f01efee119441e95393-006933a5e3" "object-server 96250" 0.0003 "-" 95916 0
Dec 05 22:41:23 np0005548602.novalocal object-server[96250]: ::1 - - [06/Dec/2025:03:41:23 +0000] "PUT /1/170541/AUTH_d8741d1891ef40e5a7a8c7bee0ab6eed/gnocchi.0d6f2bba-59cd-4426-8eda-3049d75754dd/none_v3" 201 - "PUT https://[::1]:8080/v1/AUTH_d8741d1891ef40e5a7a8c7bee0ab6eed/gnocchi.0d6f2bba-59cd-4426-8eda-3049d75754dd/none_v3" "tx26f01efee119441e95393-006933a5e3" "proxy-server 97198" 0.0203 "-" 96250 0
Dec 05 22:41:23 np0005548602.novalocal container-server[95917]: ::1 - - [06/Dec/2025:03:41:23 +0000] "PUT /2/118845/AUTH_d8741d1891ef40e5a7a8c7bee0ab6eed/gnocchi.0d6f2bba-59cd-4426-8eda-3049d75754dd/none_v3" 201 - "PUT http://[::1]:8080/3/170541/AUTH_d8741d1891ef40e5a7a8c7bee0ab6eed/gnocchi.0d6f2bba-59cd-4426-8eda-3049d75754dd/none_v3" "tx26f01efee119441e95393-006933a5e3" "object-server 96250" 0.0007 "-" 95917 0
Dec 05 22:41:23 np0005548602.novalocal object-server[96250]: ::1 - - [06/Dec/2025:03:41:23 +0000] "PUT /3/170541/AUTH_d8741d1891ef40e5a7a8c7bee0ab6eed/gnocchi.0d6f2bba-59cd-4426-8eda-3049d75754dd/none_v3" 201 - "PUT https://[::1]:8080/v1/AUTH_d8741d1891ef40e5a7a8c7bee0ab6eed/gnocchi.0d6f2bba-59cd-4426-8eda-3049d75754dd/none_v3" "tx26f01efee119441e95393-006933a5e3" "proxy-server 97198" 0.0200 "-" 96250 0
Dec 05 22:41:23 np0005548602.novalocal proxy-server[97198]: ::1 ::1 06/Dec/2025/03/41/23 PUT /v1/AUTH_d8741d1891ef40e5a7a8c7bee0ab6eed/gnocchi.0d6f2bba-59cd-4426-8eda-3049d75754dd/none_v3 HTTP/1.0 201 - python-swiftclient-4.8.0 gAAAAABpM6XeP7WC... 48 - - tx26f01efee119441e95393-006933a5e3 - 0.0335 - - 1764992483.062819242 1764992483.096363783 0 1229ee3e1d964977b2a5589f27ad366e
Dec 05 22:41:23 np0005548602.novalocal object-server[96250]: ::1 - - [06/Dec/2025:03:41:23 +0000] "GET /3/42905/AUTH_d8741d1891ef40e5a7a8c7bee0ab6eed/gnocchi.348b27bb-2c83-4735-9929-37b6bf6a00e8/none_v3" 200 61 "GET https://[::1]:8080/v1/AUTH_d8741d1891ef40e5a7a8c7bee0ab6eed/gnocchi.348b27bb-2c83-4735-9929-37b6bf6a00e8/none_v3" "tx15cc517c4abd4941a7119-006933a5e3" "proxy-server 97198" 0.0011 "-" 96250 0
Dec 05 22:41:23 np0005548602.novalocal proxy-server[97198]: ::1 ::1 06/Dec/2025/03/41/23 GET /v1/AUTH_d8741d1891ef40e5a7a8c7bee0ab6eed/gnocchi.348b27bb-2c83-4735-9929-37b6bf6a00e8/none_v3 HTTP/1.0 200 - python-swiftclient-4.8.0 gAAAAABpM6XeP7WC... - 61 - tx15cc517c4abd4941a7119-006933a5e3 - 0.0075 - - 1764992483.113878489 1764992483.121358395 0 1229ee3e1d964977b2a5589f27ad366e
Dec 05 22:41:23 np0005548602.novalocal container-server[95917]: ::1 - - [06/Dec/2025:03:41:23 +0000] "GET /2/116615/AUTH_d8741d1891ef40e5a7a8c7bee0ab6eed/gnocchi.348b27bb-2c83-4735-9929-37b6bf6a00e8" 200 357 "GET https://[::1]:8080/v1/AUTH_d8741d1891ef40e5a7a8c7bee0ab6eed/gnocchi.348b27bb-2c83-4735-9929-37b6bf6a00e8?format=json&states=listing" "tx6812cce71a6c4ad0ba64c-006933a5e3" "proxy-server 97198" 0.0150 "-" 95917 0
Dec 05 22:41:23 np0005548602.novalocal proxy-server[97198]: ::1 ::1 06/Dec/2025/03/41/23 GET /v1/AUTH_d8741d1891ef40e5a7a8c7bee0ab6eed/gnocchi.348b27bb-2c83-4735-9929-37b6bf6a00e8%3Fformat%3Djson%26states%3Dlisting HTTP/1.0 200 - python-swiftclient-4.8.0 gAAAAABpM6XeP7WC... - 357 - tx6812cce71a6c4ad0ba64c-006933a5e3 - 0.0230 - - 1764992483.123988152 1764992483.146981716 0 1229ee3e1d964977b2a5589f27ad366e
Dec 05 22:41:23 np0005548602.novalocal container-server[95916]: ::1 - - [06/Dec/2025:03:41:23 +0000] "GET /1/116615/AUTH_d8741d1891ef40e5a7a8c7bee0ab6eed/gnocchi.348b27bb-2c83-4735-9929-37b6bf6a00e8" 200 2 "GET https://[::1]:8080/v1/AUTH_d8741d1891ef40e5a7a8c7bee0ab6eed/gnocchi.348b27bb-2c83-4735-9929-37b6bf6a00e8?format=json&marker=none_v3&states=listing" "tx0ba8c951e07e46a7bf929-006933a5e3" "proxy-server 97198" 0.0062 "-" 95916 0
Dec 05 22:41:23 np0005548602.novalocal proxy-server[97198]: ::1 ::1 06/Dec/2025/03/41/23 GET /v1/AUTH_d8741d1891ef40e5a7a8c7bee0ab6eed/gnocchi.348b27bb-2c83-4735-9929-37b6bf6a00e8%3Fformat%3Djson%26marker%3Dnone_v3%26states%3Dlisting HTTP/1.0 200 - python-swiftclient-4.8.0 gAAAAABpM6XeP7WC... - 2 - tx0ba8c951e07e46a7bf929-006933a5e3 - 0.0127 - - 1764992483.149492264 1764992483.162177086 0 1229ee3e1d964977b2a5589f27ad366e
Dec 05 22:41:23 np0005548602.novalocal object-server[96249]: ::1 - - [06/Dec/2025:03:41:23 +0000] "GET /1/220425/AUTH_d8741d1891ef40e5a7a8c7bee0ab6eed/gnocchi.348b27bb-2c83-4735-9929-37b6bf6a00e8/1764720000.0_mean_300.0_v3" 200 16 "GET https://[::1]:8080/v1/AUTH_d8741d1891ef40e5a7a8c7bee0ab6eed/gnocchi.348b27bb-2c83-4735-9929-37b6bf6a00e8/1764720000.0_mean_300.0_v3" "txfd9f7850f9384fb99c923-006933a5e3" "proxy-server 97198" 0.0009 "-" 96249 0
Dec 05 22:41:23 np0005548602.novalocal proxy-server[97198]: ::1 ::1 06/Dec/2025/03/41/23 GET /v1/AUTH_d8741d1891ef40e5a7a8c7bee0ab6eed/gnocchi.348b27bb-2c83-4735-9929-37b6bf6a00e8/1764720000.0_mean_300.0_v3 HTTP/1.0 200 - python-swiftclient-4.8.0 gAAAAABpM6XeP7WC... - 16 - txfd9f7850f9384fb99c923-006933a5e3 - 0.0057 - - 1764992483.165114164 1764992483.170838594 0 1229ee3e1d964977b2a5589f27ad366e
Dec 05 22:41:23 np0005548602.novalocal container-server[95917]: ::1 - - [06/Dec/2025:03:41:23 +0000] "PUT /2/116615/AUTH_d8741d1891ef40e5a7a8c7bee0ab6eed/gnocchi.348b27bb-2c83-4735-9929-37b6bf6a00e8/1764720000.0_mean_300.0_v3" 201 - "PUT http://[::1]:8080/2/220425/AUTH_d8741d1891ef40e5a7a8c7bee0ab6eed/gnocchi.348b27bb-2c83-4735-9929-37b6bf6a00e8/1764720000.0_mean_300.0_v3" "txd3a022fe25ba4c2da09f4-006933a5e3" "object-server 96249" 0.0013 "-" 95917 0
Dec 05 22:41:23 np0005548602.novalocal object-server[96249]: ::1 - - [06/Dec/2025:03:41:23 +0000] "PUT /2/220425/AUTH_d8741d1891ef40e5a7a8c7bee0ab6eed/gnocchi.348b27bb-2c83-4735-9929-37b6bf6a00e8/1764720000.0_mean_300.0_v3" 201 - "PUT https://[::1]:8080/v1/AUTH_d8741d1891ef40e5a7a8c7bee0ab6eed/gnocchi.348b27bb-2c83-4735-9929-37b6bf6a00e8/1764720000.0_mean_300.0_v3" "txd3a022fe25ba4c2da09f4-006933a5e3" "proxy-server 97198" 0.0137 "-" 96249 0
Dec 05 22:41:23 np0005548602.novalocal container-server[95916]: ::1 - - [06/Dec/2025:03:41:23 +0000] "PUT /3/116615/AUTH_d8741d1891ef40e5a7a8c7bee0ab6eed/gnocchi.348b27bb-2c83-4735-9929-37b6bf6a00e8/1764720000.0_mean_300.0_v3" 201 - "PUT http://[::1]:8080/3/220425/AUTH_d8741d1891ef40e5a7a8c7bee0ab6eed/gnocchi.348b27bb-2c83-4735-9929-37b6bf6a00e8/1764720000.0_mean_300.0_v3" "txd3a022fe25ba4c2da09f4-006933a5e3" "object-server 96250" 0.0006 "-" 95916 0
Dec 05 22:41:23 np0005548602.novalocal container-server[95917]: ::1 - - [06/Dec/2025:03:41:23 +0000] "PUT /1/116615/AUTH_d8741d1891ef40e5a7a8c7bee0ab6eed/gnocchi.348b27bb-2c83-4735-9929-37b6bf6a00e8/1764720000.0_mean_300.0_v3" 201 - "PUT http://[::1]:8080/1/220425/AUTH_d8741d1891ef40e5a7a8c7bee0ab6eed/gnocchi.348b27bb-2c83-4735-9929-37b6bf6a00e8/1764720000.0_mean_300.0_v3" "txd3a022fe25ba4c2da09f4-006933a5e3" "object-server 96250" 0.0007 "-" 95917 0
Dec 05 22:41:23 np0005548602.novalocal object-server[96250]: ::1 - - [06/Dec/2025:03:41:23 +0000] "PUT /3/220425/AUTH_d8741d1891ef40e5a7a8c7bee0ab6eed/gnocchi.348b27bb-2c83-4735-9929-37b6bf6a00e8/1764720000.0_mean_300.0_v3" 201 - "PUT https://[::1]:8080/v1/AUTH_d8741d1891ef40e5a7a8c7bee0ab6eed/gnocchi.348b27bb-2c83-4735-9929-37b6bf6a00e8/1764720000.0_mean_300.0_v3" "txd3a022fe25ba4c2da09f4-006933a5e3" "proxy-server 97198" 0.0254 "-" 96250 0
Dec 05 22:41:23 np0005548602.novalocal object-server[96250]: ::1 - - [06/Dec/2025:03:41:23 +0000] "PUT /1/220425/AUTH_d8741d1891ef40e5a7a8c7bee0ab6eed/gnocchi.348b27bb-2c83-4735-9929-37b6bf6a00e8/1764720000.0_mean_300.0_v3" 201 - "PUT https://[::1]:8080/v1/AUTH_d8741d1891ef40e5a7a8c7bee0ab6eed/gnocchi.348b27bb-2c83-4735-9929-37b6bf6a00e8/1764720000.0_mean_300.0_v3" "txd3a022fe25ba4c2da09f4-006933a5e3" "proxy-server 97198" 0.0255 "-" 96250 0
Dec 05 22:41:23 np0005548602.novalocal proxy-server[97198]: ::1 ::1 06/Dec/2025/03/41/23 PUT /v1/AUTH_d8741d1891ef40e5a7a8c7bee0ab6eed/gnocchi.348b27bb-2c83-4735-9929-37b6bf6a00e8/1764720000.0_mean_300.0_v3 HTTP/1.0 201 - python-swiftclient-4.8.0 gAAAAABpM6XeP7WC... 16 - - txd3a022fe25ba4c2da09f4-006933a5e3 - 0.0322 - - 1764992483.172702551 1764992483.204891443 0 1229ee3e1d964977b2a5589f27ad366e
Dec 05 22:41:23 np0005548602.novalocal container-server[95916]: ::1 - - [06/Dec/2025:03:41:23 +0000] "PUT /2/116615/AUTH_d8741d1891ef40e5a7a8c7bee0ab6eed/gnocchi.348b27bb-2c83-4735-9929-37b6bf6a00e8/none_v3" 201 - "PUT http://[::1]:8080/2/42905/AUTH_d8741d1891ef40e5a7a8c7bee0ab6eed/gnocchi.348b27bb-2c83-4735-9929-37b6bf6a00e8/none_v3" "txb07107175e78482887349-006933a5e3" "object-server 96250" 0.0004 "-" 95916 0
Dec 05 22:41:23 np0005548602.novalocal object-server[96250]: ::1 - - [06/Dec/2025:03:41:23 +0000] "PUT /2/42905/AUTH_d8741d1891ef40e5a7a8c7bee0ab6eed/gnocchi.348b27bb-2c83-4735-9929-37b6bf6a00e8/none_v3" 201 - "PUT https://[::1]:8080/v1/AUTH_d8741d1891ef40e5a7a8c7bee0ab6eed/gnocchi.348b27bb-2c83-4735-9929-37b6bf6a00e8/none_v3" "txb07107175e78482887349-006933a5e3" "proxy-server 97198" 0.0092 "-" 96250 0
Dec 05 22:41:23 np0005548602.novalocal container-server[95916]: ::1 - - [06/Dec/2025:03:41:23 +0000] "PUT /1/116615/AUTH_d8741d1891ef40e5a7a8c7bee0ab6eed/gnocchi.348b27bb-2c83-4735-9929-37b6bf6a00e8/none_v3" 201 - "PUT http://[::1]:8080/3/42905/AUTH_d8741d1891ef40e5a7a8c7bee0ab6eed/gnocchi.348b27bb-2c83-4735-9929-37b6bf6a00e8/none_v3" "txb07107175e78482887349-006933a5e3" "object-server 96249" 0.0003 "-" 95916 0
Dec 05 22:41:23 np0005548602.novalocal object-server[96249]: ::1 - - [06/Dec/2025:03:41:23 +0000] "PUT /3/42905/AUTH_d8741d1891ef40e5a7a8c7bee0ab6eed/gnocchi.348b27bb-2c83-4735-9929-37b6bf6a00e8/none_v3" 201 - "PUT https://[::1]:8080/v1/AUTH_d8741d1891ef40e5a7a8c7bee0ab6eed/gnocchi.348b27bb-2c83-4735-9929-37b6bf6a00e8/none_v3" "txb07107175e78482887349-006933a5e3" "proxy-server 97198" 0.0130 "-" 96249 0
Dec 05 22:41:23 np0005548602.novalocal container-server[95917]: ::1 - - [06/Dec/2025:03:41:23 +0000] "PUT /3/116615/AUTH_d8741d1891ef40e5a7a8c7bee0ab6eed/gnocchi.348b27bb-2c83-4735-9929-37b6bf6a00e8/none_v3" 201 - "PUT http://[::1]:8080/1/42905/AUTH_d8741d1891ef40e5a7a8c7bee0ab6eed/gnocchi.348b27bb-2c83-4735-9929-37b6bf6a00e8/none_v3" "txb07107175e78482887349-006933a5e3" "object-server 96249" 0.0008 "-" 95917 0
Dec 05 22:41:23 np0005548602.novalocal object-server[96249]: ::1 - - [06/Dec/2025:03:41:23 +0000] "PUT /1/42905/AUTH_d8741d1891ef40e5a7a8c7bee0ab6eed/gnocchi.348b27bb-2c83-4735-9929-37b6bf6a00e8/none_v3" 201 - "PUT https://[::1]:8080/v1/AUTH_d8741d1891ef40e5a7a8c7bee0ab6eed/gnocchi.348b27bb-2c83-4735-9929-37b6bf6a00e8/none_v3" "txb07107175e78482887349-006933a5e3" "proxy-server 97198" 0.0180 "-" 96249 0
Dec 05 22:41:23 np0005548602.novalocal proxy-server[97198]: ::1 ::1 06/Dec/2025/03/41/23 PUT /v1/AUTH_d8741d1891ef40e5a7a8c7bee0ab6eed/gnocchi.348b27bb-2c83-4735-9929-37b6bf6a00e8/none_v3 HTTP/1.0 201 - python-swiftclient-4.8.0 gAAAAABpM6XeP7WC... 76 - - txb07107175e78482887349-006933a5e3 - 0.0249 - - 1764992483.206989288 1764992483.231891155 0 1229ee3e1d964977b2a5589f27ad366e
Dec 05 22:41:23 np0005548602.novalocal object-replicator[96313]: 66/66 (100.00%) partitions replicated in 1.01s (65.57/sec, 0s remaining)
Dec 05 22:41:23 np0005548602.novalocal object-replicator[96313]: 132 successes, 0 failures
Dec 05 22:41:23 np0005548602.novalocal object-replicator[96313]: 66 suffixes checked - 24.24% hashed, 0.00% synced
Dec 05 22:41:23 np0005548602.novalocal object-replicator[96313]: Partition times: max 0.0590s, min 0.0045s, med 0.0095s
Dec 05 22:41:23 np0005548602.novalocal object-replicator[96313]: Object replication complete. (0.02 minutes)
Dec 05 22:41:23 np0005548602.novalocal sudo[103896]: pam_unix(sudo:session): session closed for user root
Dec 05 22:41:23 np0005548602.novalocal systemd[1]: session-c119.scope: Deactivated successfully.
Dec 05 22:41:23 np0005548602.novalocal sudo[103903]: cinder : PWD=/ ; USER=root ; COMMAND=/usr/bin/cinder-rootwrap /etc/cinder/rootwrap.conf env LC_ALL=C lvs --noheadings --unit=g -o vg_name,name,size --nosuffix --readonly cinder-volumes
Dec 05 22:41:23 np0005548602.novalocal systemd[1]: Started Session c120 of User root.
Dec 05 22:41:23 np0005548602.novalocal sudo[103903]: pam_unix(sudo:session): session opened for user root(uid=0) by (uid=165)
Dec 05 22:41:23 np0005548602.novalocal sudo[103903]: pam_unix(sudo:session): session closed for user root
Dec 05 22:41:23 np0005548602.novalocal systemd[1]: session-c120.scope: Deactivated successfully.
Dec 05 22:41:23 np0005548602.novalocal sudo[103909]: cinder : PWD=/ ; USER=root ; COMMAND=/usr/bin/cinder-rootwrap /etc/cinder/rootwrap.conf env LC_ALL=C lvs --noheadings --unit=g -o size,data_percent --separator : --nosuffix /dev/cinder-volumes/cinder-volumes-pool
Dec 05 22:41:23 np0005548602.novalocal systemd[1]: Started Session c121 of User root.
Dec 05 22:41:23 np0005548602.novalocal sudo[103909]: pam_unix(sudo:session): session opened for user root(uid=0) by (uid=165)
Dec 05 22:41:24 np0005548602.novalocal sudo[103913]: neutron : PWD=/ ; USER=root ; COMMAND=/usr/bin/neutron-rootwrap /etc/neutron/rootwrap.conf privsep-helper --config-file /usr/share/neutron/neutron-dist.conf --config-file /etc/neutron/neutron.conf --config-file /etc/neutron/dhcp_agent.ini --config-dir /etc/neutron/conf.d/neutron-dhcp-agent --privsep_context neutron.privileged.dhcp_release_cmd --privsep_sock_path /tmp/tmpp91bsv4g/privsep.sock
Dec 05 22:41:24 np0005548602.novalocal sudo[103909]: pam_unix(sudo:session): session closed for user root
Dec 05 22:41:24 np0005548602.novalocal systemd[1]: Started Session c122 of User root.
Dec 05 22:41:24 np0005548602.novalocal systemd[1]: session-c121.scope: Deactivated successfully.
Dec 05 22:41:24 np0005548602.novalocal sudo[103913]: pam_unix(sudo:session): session opened for user root(uid=0) by (uid=981)
Dec 05 22:41:24 np0005548602.novalocal sudo[103915]: cinder : PWD=/ ; USER=root ; COMMAND=/usr/bin/cinder-rootwrap /etc/cinder/rootwrap.conf env LC_ALL=C lvs --noheadings --unit=g -o vg_name,name,size --nosuffix --readonly cinder-volumes
Dec 05 22:41:24 np0005548602.novalocal systemd[1]: Started Session c123 of User root.
Dec 05 22:41:24 np0005548602.novalocal sudo[103915]: pam_unix(sudo:session): session opened for user root(uid=0) by (uid=165)
Dec 05 22:41:24 np0005548602.novalocal object-server[96249]: ::1 - - [06/Dec/2025:03:41:24 +0000] "GET /1/123104/AUTH_d8741d1891ef40e5a7a8c7bee0ab6eed/gnocchi.28a088b1-51b2-48c7-8750-e364fdcd4013/none_v3" 200 44 "GET https://[::1]:8080/v1/AUTH_d8741d1891ef40e5a7a8c7bee0ab6eed/gnocchi.28a088b1-51b2-48c7-8750-e364fdcd4013/none_v3" "txcd33429d9e80499197555-006933a5e4" "proxy-server 97198" 0.0008 "-" 96249 0
Dec 05 22:41:24 np0005548602.novalocal proxy-server[97198]: ::1 ::1 06/Dec/2025/03/41/24 GET /v1/AUTH_d8741d1891ef40e5a7a8c7bee0ab6eed/gnocchi.28a088b1-51b2-48c7-8750-e364fdcd4013/none_v3 HTTP/1.0 200 - python-swiftclient-4.8.0 gAAAAABpM6W9MtUs... - 44 - txcd33429d9e80499197555-006933a5e4 - 0.0075 - - 1764992484.591500282 1764992484.598953485 0 1229ee3e1d964977b2a5589f27ad366e
Dec 05 22:41:24 np0005548602.novalocal sudo[103915]: pam_unix(sudo:session): session closed for user root
Dec 05 22:41:24 np0005548602.novalocal systemd[1]: session-c123.scope: Deactivated successfully.
Dec 05 22:41:24 np0005548602.novalocal container-server[95916]: ::1 - - [06/Dec/2025:03:41:24 +0000] "GET /3/254306/AUTH_d8741d1891ef40e5a7a8c7bee0ab6eed/gnocchi.28a088b1-51b2-48c7-8750-e364fdcd4013" 200 357 "GET https://[::1]:8080/v1/AUTH_d8741d1891ef40e5a7a8c7bee0ab6eed/gnocchi.28a088b1-51b2-48c7-8750-e364fdcd4013?format=json&states=listing" "txbfc00e18ad3d494a844ee-006933a5e4" "proxy-server 97198" 0.0195 "-" 95916 0
Dec 05 22:41:24 np0005548602.novalocal proxy-server[97198]: ::1 ::1 06/Dec/2025/03/41/24 GET /v1/AUTH_d8741d1891ef40e5a7a8c7bee0ab6eed/gnocchi.28a088b1-51b2-48c7-8750-e364fdcd4013%3Fformat%3Djson%26states%3Dlisting HTTP/1.0 200 - python-swiftclient-4.8.0 gAAAAABpM6W9MtUs... - 357 - txbfc00e18ad3d494a844ee-006933a5e4 - 0.0263 - - 1764992484.602043152 1764992484.628373861 0 1229ee3e1d964977b2a5589f27ad366e
Dec 05 22:41:24 np0005548602.novalocal container-server[95916]: ::1 - - [06/Dec/2025:03:41:24 +0000] "GET /3/254306/AUTH_d8741d1891ef40e5a7a8c7bee0ab6eed/gnocchi.28a088b1-51b2-48c7-8750-e364fdcd4013" 200 2 "GET https://[::1]:8080/v1/AUTH_d8741d1891ef40e5a7a8c7bee0ab6eed/gnocchi.28a088b1-51b2-48c7-8750-e364fdcd4013?format=json&marker=none_v3&states=listing" "tx46456ba4856e49baa2f20-006933a5e4" "proxy-server 97198" 0.0026 "-" 95916 0
Dec 05 22:41:24 np0005548602.novalocal proxy-server[97198]: ::1 ::1 06/Dec/2025/03/41/24 GET /v1/AUTH_d8741d1891ef40e5a7a8c7bee0ab6eed/gnocchi.28a088b1-51b2-48c7-8750-e364fdcd4013%3Fformat%3Djson%26marker%3Dnone_v3%26states%3Dlisting HTTP/1.0 200 - python-swiftclient-4.8.0 gAAAAABpM6W9MtUs... - 2 - tx46456ba4856e49baa2f20-006933a5e4 - 0.0086 - - 1764992484.630948544 1764992484.639585257 0 1229ee3e1d964977b2a5589f27ad366e
Dec 05 22:41:24 np0005548602.novalocal object-server[96249]: ::1 - - [06/Dec/2025:03:41:24 +0000] "GET /1/74547/AUTH_d8741d1891ef40e5a7a8c7bee0ab6eed/gnocchi.28a088b1-51b2-48c7-8750-e364fdcd4013/1764720000.0_mean_300.0_v3" 200 16 "GET https://[::1]:8080/v1/AUTH_d8741d1891ef40e5a7a8c7bee0ab6eed/gnocchi.28a088b1-51b2-48c7-8750-e364fdcd4013/1764720000.0_mean_300.0_v3" "txa96ed999b8514e10b25bf-006933a5e4" "proxy-server 97198" 0.0006 "-" 96249 0
Dec 05 22:41:24 np0005548602.novalocal proxy-server[97198]: ::1 ::1 06/Dec/2025/03/41/24 GET /v1/AUTH_d8741d1891ef40e5a7a8c7bee0ab6eed/gnocchi.28a088b1-51b2-48c7-8750-e364fdcd4013/1764720000.0_mean_300.0_v3 HTTP/1.0 200 - python-swiftclient-4.8.0 gAAAAABpM6W9MtUs... - 16 - txa96ed999b8514e10b25bf-006933a5e4 - 0.0084 - - 1764992484.642588377 1764992484.650952339 0 1229ee3e1d964977b2a5589f27ad366e
Dec 05 22:41:24 np0005548602.novalocal container-server[95916]: ::1 - - [06/Dec/2025:03:41:24 +0000] "PUT /2/254306/AUTH_d8741d1891ef40e5a7a8c7bee0ab6eed/gnocchi.28a088b1-51b2-48c7-8750-e364fdcd4013/1764720000.0_mean_300.0_v3" 201 - "PUT http://[::1]:8080/1/74547/AUTH_d8741d1891ef40e5a7a8c7bee0ab6eed/gnocchi.28a088b1-51b2-48c7-8750-e364fdcd4013/1764720000.0_mean_300.0_v3" "txe1e59e4e5d3f4bf7900cb-006933a5e4" "object-server 96249" 0.0007 "-" 95916 0
Dec 05 22:41:24 np0005548602.novalocal container-server[95917]: ::1 - - [06/Dec/2025:03:41:24 +0000] "PUT /1/254306/AUTH_d8741d1891ef40e5a7a8c7bee0ab6eed/gnocchi.28a088b1-51b2-48c7-8750-e364fdcd4013/1764720000.0_mean_300.0_v3" 201 - "PUT http://[::1]:8080/2/74547/AUTH_d8741d1891ef40e5a7a8c7bee0ab6eed/gnocchi.28a088b1-51b2-48c7-8750-e364fdcd4013/1764720000.0_mean_300.0_v3" "txe1e59e4e5d3f4bf7900cb-006933a5e4" "object-server 96250" 0.0005 "-" 95917 0
Dec 05 22:41:24 np0005548602.novalocal object-server[96250]: ::1 - - [06/Dec/2025:03:41:24 +0000] "PUT /2/74547/AUTH_d8741d1891ef40e5a7a8c7bee0ab6eed/gnocchi.28a088b1-51b2-48c7-8750-e364fdcd4013/1764720000.0_mean_300.0_v3" 201 - "PUT https://[::1]:8080/v1/AUTH_d8741d1891ef40e5a7a8c7bee0ab6eed/gnocchi.28a088b1-51b2-48c7-8750-e364fdcd4013/1764720000.0_mean_300.0_v3" "txe1e59e4e5d3f4bf7900cb-006933a5e4" "proxy-server 97198" 0.0123 "-" 96250 0
Dec 05 22:41:24 np0005548602.novalocal container-server[95917]: ::1 - - [06/Dec/2025:03:41:24 +0000] "PUT /3/254306/AUTH_d8741d1891ef40e5a7a8c7bee0ab6eed/gnocchi.28a088b1-51b2-48c7-8750-e364fdcd4013/1764720000.0_mean_300.0_v3" 201 - "PUT http://[::1]:8080/3/74547/AUTH_d8741d1891ef40e5a7a8c7bee0ab6eed/gnocchi.28a088b1-51b2-48c7-8750-e364fdcd4013/1764720000.0_mean_300.0_v3" "txe1e59e4e5d3f4bf7900cb-006933a5e4" "object-server 96250" 0.0003 "-" 95917 0
Dec 05 22:41:24 np0005548602.novalocal object-server[96250]: ::1 - - [06/Dec/2025:03:41:24 +0000] "PUT /3/74547/AUTH_d8741d1891ef40e5a7a8c7bee0ab6eed/gnocchi.28a088b1-51b2-48c7-8750-e364fdcd4013/1764720000.0_mean_300.0_v3" 201 - "PUT https://[::1]:8080/v1/AUTH_d8741d1891ef40e5a7a8c7bee0ab6eed/gnocchi.28a088b1-51b2-48c7-8750-e364fdcd4013/1764720000.0_mean_300.0_v3" "txe1e59e4e5d3f4bf7900cb-006933a5e4" "proxy-server 97198" 0.0112 "-" 96250 0
Dec 05 22:41:24 np0005548602.novalocal object-server[96249]: ::1 - - [06/Dec/2025:03:41:24 +0000] "PUT /1/74547/AUTH_d8741d1891ef40e5a7a8c7bee0ab6eed/gnocchi.28a088b1-51b2-48c7-8750-e364fdcd4013/1764720000.0_mean_300.0_v3" 201 - "PUT https://[::1]:8080/v1/AUTH_d8741d1891ef40e5a7a8c7bee0ab6eed/gnocchi.28a088b1-51b2-48c7-8750-e364fdcd4013/1764720000.0_mean_300.0_v3" "txe1e59e4e5d3f4bf7900cb-006933a5e4" "proxy-server 97198" 0.0140 "-" 96249 0
Dec 05 22:41:24 np0005548602.novalocal proxy-server[97198]: ::1 ::1 06/Dec/2025/03/41/24 PUT /v1/AUTH_d8741d1891ef40e5a7a8c7bee0ab6eed/gnocchi.28a088b1-51b2-48c7-8750-e364fdcd4013/1764720000.0_mean_300.0_v3 HTTP/1.0 201 - python-swiftclient-4.8.0 gAAAAABpM6W9MtUs... 16 - - txe1e59e4e5d3f4bf7900cb-006933a5e4 - 0.0220 - - 1764992484.656213522 1764992484.678183317 0 1229ee3e1d964977b2a5589f27ad366e
Dec 05 22:41:24 np0005548602.novalocal container-server[95916]: ::1 - - [06/Dec/2025:03:41:24 +0000] "PUT /3/254306/AUTH_d8741d1891ef40e5a7a8c7bee0ab6eed/gnocchi.28a088b1-51b2-48c7-8750-e364fdcd4013/none_v3" 201 - "PUT http://[::1]:8080/2/123104/AUTH_d8741d1891ef40e5a7a8c7bee0ab6eed/gnocchi.28a088b1-51b2-48c7-8750-e364fdcd4013/none_v3" "txfbc1a3feef7c4a798659e-006933a5e4" "object-server 96250" 0.0007 "-" 95916 0
Dec 05 22:41:24 np0005548602.novalocal container-server[95917]: ::1 - - [06/Dec/2025:03:41:24 +0000] "PUT /2/254306/AUTH_d8741d1891ef40e5a7a8c7bee0ab6eed/gnocchi.28a088b1-51b2-48c7-8750-e364fdcd4013/none_v3" 201 - "PUT http://[::1]:8080/3/123104/AUTH_d8741d1891ef40e5a7a8c7bee0ab6eed/gnocchi.28a088b1-51b2-48c7-8750-e364fdcd4013/none_v3" "txfbc1a3feef7c4a798659e-006933a5e4" "object-server 96249" 0.0004 "-" 95917 0
Dec 05 22:41:24 np0005548602.novalocal object-server[96250]: ::1 - - [06/Dec/2025:03:41:24 +0000] "PUT /2/123104/AUTH_d8741d1891ef40e5a7a8c7bee0ab6eed/gnocchi.28a088b1-51b2-48c7-8750-e364fdcd4013/none_v3" 201 - "PUT https://[::1]:8080/v1/AUTH_d8741d1891ef40e5a7a8c7bee0ab6eed/gnocchi.28a088b1-51b2-48c7-8750-e364fdcd4013/none_v3" "txfbc1a3feef7c4a798659e-006933a5e4" "proxy-server 97198" 0.0091 "-" 96250 0
Dec 05 22:41:24 np0005548602.novalocal object-server[96249]: ::1 - - [06/Dec/2025:03:41:24 +0000] "PUT /3/123104/AUTH_d8741d1891ef40e5a7a8c7bee0ab6eed/gnocchi.28a088b1-51b2-48c7-8750-e364fdcd4013/none_v3" 201 - "PUT https://[::1]:8080/v1/AUTH_d8741d1891ef40e5a7a8c7bee0ab6eed/gnocchi.28a088b1-51b2-48c7-8750-e364fdcd4013/none_v3" "txfbc1a3feef7c4a798659e-006933a5e4" "proxy-server 97198" 0.0102 "-" 96249 0
Dec 05 22:41:24 np0005548602.novalocal container-server[95917]: ::1 - - [06/Dec/2025:03:41:24 +0000] "PUT /1/254306/AUTH_d8741d1891ef40e5a7a8c7bee0ab6eed/gnocchi.28a088b1-51b2-48c7-8750-e364fdcd4013/none_v3" 201 - "PUT http://[::1]:8080/1/123104/AUTH_d8741d1891ef40e5a7a8c7bee0ab6eed/gnocchi.28a088b1-51b2-48c7-8750-e364fdcd4013/none_v3" "txfbc1a3feef7c4a798659e-006933a5e4" "object-server 96249" 0.0003 "-" 95917 0
Dec 05 22:41:24 np0005548602.novalocal object-server[96249]: ::1 - - [06/Dec/2025:03:41:24 +0000] "PUT /1/123104/AUTH_d8741d1891ef40e5a7a8c7bee0ab6eed/gnocchi.28a088b1-51b2-48c7-8750-e364fdcd4013/none_v3" 201 - "PUT https://[::1]:8080/v1/AUTH_d8741d1891ef40e5a7a8c7bee0ab6eed/gnocchi.28a088b1-51b2-48c7-8750-e364fdcd4013/none_v3" "txfbc1a3feef7c4a798659e-006933a5e4" "proxy-server 97198" 0.0117 "-" 96249 0
Dec 05 22:41:24 np0005548602.novalocal proxy-server[97198]: ::1 ::1 06/Dec/2025/03/41/24 PUT /v1/AUTH_d8741d1891ef40e5a7a8c7bee0ab6eed/gnocchi.28a088b1-51b2-48c7-8750-e364fdcd4013/none_v3 HTTP/1.0 201 - python-swiftclient-4.8.0 gAAAAABpM6W9MtUs... 53 - - txfbc1a3feef7c4a798659e-006933a5e4 - 0.0193 - - 1764992484.680943012 1764992484.700235844 0 1229ee3e1d964977b2a5589f27ad366e
Dec 05 22:41:24 np0005548602.novalocal object-server[96250]: ::1 - - [06/Dec/2025:03:41:24 +0000] "GET /2/50/AUTH_d8741d1891ef40e5a7a8c7bee0ab6eed/gnocchi.e5a71682-48aa-45bb-bea9-f8b2a5b1f6a5/none_v3" 200 44 "GET https://[::1]:8080/v1/AUTH_d8741d1891ef40e5a7a8c7bee0ab6eed/gnocchi.e5a71682-48aa-45bb-bea9-f8b2a5b1f6a5/none_v3" "tx991f353b6de54785b35fa-006933a5e4" "proxy-server 97198" 0.0007 "-" 96250 0
Dec 05 22:41:24 np0005548602.novalocal proxy-server[97198]: ::1 ::1 06/Dec/2025/03/41/24 GET /v1/AUTH_d8741d1891ef40e5a7a8c7bee0ab6eed/gnocchi.e5a71682-48aa-45bb-bea9-f8b2a5b1f6a5/none_v3 HTTP/1.0 200 - python-swiftclient-4.8.0 gAAAAABpM6W9MtUs... - 44 - tx991f353b6de54785b35fa-006933a5e4 - 0.0069 - - 1764992484.730698586 1764992484.737607002 0 1229ee3e1d964977b2a5589f27ad366e
Dec 05 22:41:24 np0005548602.novalocal object-server[96250]: ::1 - - [06/Dec/2025:03:41:24 +0000] "GET /3/41463/AUTH_d8741d1891ef40e5a7a8c7bee0ab6eed/gnocchi.fb8ed20a-a3e4-49b5-b799-fa9b9217c1a5/none_v3" 200 22 "GET https://[::1]:8080/v1/AUTH_d8741d1891ef40e5a7a8c7bee0ab6eed/gnocchi.fb8ed20a-a3e4-49b5-b799-fa9b9217c1a5/none_v3" "txb416cd69878e4d4f916d5-006933a5e4" "proxy-server 97198" 0.0006 "-" 96250 0
Dec 05 22:41:24 np0005548602.novalocal proxy-server[97198]: ::1 ::1 06/Dec/2025/03/41/24 GET /v1/AUTH_d8741d1891ef40e5a7a8c7bee0ab6eed/gnocchi.fb8ed20a-a3e4-49b5-b799-fa9b9217c1a5/none_v3 HTTP/1.0 200 - python-swiftclient-4.8.0 gAAAAABpM6W9MtUs... - 22 - txb416cd69878e4d4f916d5-006933a5e4 - 0.0056 - - 1764992484.739537477 1764992484.745094061 0 1229ee3e1d964977b2a5589f27ad366e
Dec 05 22:41:24 np0005548602.novalocal container-server[95916]: ::1 - - [06/Dec/2025:03:41:24 +0000] "GET /1/88797/AUTH_d8741d1891ef40e5a7a8c7bee0ab6eed/gnocchi.e5a71682-48aa-45bb-bea9-f8b2a5b1f6a5" 200 357 "GET https://[::1]:8080/v1/AUTH_d8741d1891ef40e5a7a8c7bee0ab6eed/gnocchi.e5a71682-48aa-45bb-bea9-f8b2a5b1f6a5?format=json&states=listing" "txb1add438154145248f9e0-006933a5e4" "proxy-server 97198" 0.0109 "-" 95916 0
Dec 05 22:41:24 np0005548602.novalocal proxy-server[97198]: ::1 ::1 06/Dec/2025/03/41/24 GET /v1/AUTH_d8741d1891ef40e5a7a8c7bee0ab6eed/gnocchi.e5a71682-48aa-45bb-bea9-f8b2a5b1f6a5%3Fformat%3Djson%26states%3Dlisting HTTP/1.0 200 - python-swiftclient-4.8.0 gAAAAABpM6W9MtUs... - 357 - txb1add438154145248f9e0-006933a5e4 - 0.0184 - - 1764992484.749161482 1764992484.767558575 0 1229ee3e1d964977b2a5589f27ad366e
Dec 05 22:41:24 np0005548602.novalocal container-server[95916]: ::1 - - [06/Dec/2025:03:41:24 +0000] "GET /1/88797/AUTH_d8741d1891ef40e5a7a8c7bee0ab6eed/gnocchi.e5a71682-48aa-45bb-bea9-f8b2a5b1f6a5" 200 2 "GET https://[::1]:8080/v1/AUTH_d8741d1891ef40e5a7a8c7bee0ab6eed/gnocchi.e5a71682-48aa-45bb-bea9-f8b2a5b1f6a5?format=json&marker=none_v3&states=listing" "tx2810ba33b2344d46add3f-006933a5e4" "proxy-server 97198" 0.0045 "-" 95916 0
Dec 05 22:41:24 np0005548602.novalocal proxy-server[97198]: ::1 ::1 06/Dec/2025/03/41/24 GET /v1/AUTH_d8741d1891ef40e5a7a8c7bee0ab6eed/gnocchi.e5a71682-48aa-45bb-bea9-f8b2a5b1f6a5%3Fformat%3Djson%26marker%3Dnone_v3%26states%3Dlisting HTTP/1.0 200 - python-swiftclient-4.8.0 gAAAAABpM6W9MtUs... - 2 - tx2810ba33b2344d46add3f-006933a5e4 - 0.0112 - - 1764992484.769370556 1764992484.780538082 0 1229ee3e1d964977b2a5589f27ad366e
Dec 05 22:41:24 np0005548602.novalocal container-server[95916]: ::1 - - [06/Dec/2025:03:41:24 +0000] "GET /1/234199/AUTH_d8741d1891ef40e5a7a8c7bee0ab6eed/gnocchi.fb8ed20a-a3e4-49b5-b799-fa9b9217c1a5" 200 357 "GET https://[::1]:8080/v1/AUTH_d8741d1891ef40e5a7a8c7bee0ab6eed/gnocchi.fb8ed20a-a3e4-49b5-b799-fa9b9217c1a5?format=json&states=listing" "tx3509a0515fb44f699b687-006933a5e4" "proxy-server 97198" 0.0064 "-" 95916 0
Dec 05 22:41:24 np0005548602.novalocal proxy-server[97198]: ::1 ::1 06/Dec/2025/03/41/24 GET /v1/AUTH_d8741d1891ef40e5a7a8c7bee0ab6eed/gnocchi.fb8ed20a-a3e4-49b5-b799-fa9b9217c1a5%3Fformat%3Djson%26states%3Dlisting HTTP/1.0 200 - python-swiftclient-4.8.0 gAAAAABpM6W9MtUs... - 357 - tx3509a0515fb44f699b687-006933a5e4 - 0.0154 - - 1764992484.783100605 1764992484.798517704 0 1229ee3e1d964977b2a5589f27ad366e
Dec 05 22:41:24 np0005548602.novalocal container-server[95916]: ::1 - - [06/Dec/2025:03:41:24 +0000] "GET /1/234199/AUTH_d8741d1891ef40e5a7a8c7bee0ab6eed/gnocchi.fb8ed20a-a3e4-49b5-b799-fa9b9217c1a5" 200 2 "GET https://[::1]:8080/v1/AUTH_d8741d1891ef40e5a7a8c7bee0ab6eed/gnocchi.fb8ed20a-a3e4-49b5-b799-fa9b9217c1a5?format=json&marker=none_v3&states=listing" "tx4c0212c32f5647cab87b4-006933a5e4" "proxy-server 97198" 0.0147 "-" 95916 0
Dec 05 22:41:24 np0005548602.novalocal proxy-server[97198]: ::1 ::1 06/Dec/2025/03/41/24 GET /v1/AUTH_d8741d1891ef40e5a7a8c7bee0ab6eed/gnocchi.fb8ed20a-a3e4-49b5-b799-fa9b9217c1a5%3Fformat%3Djson%26marker%3Dnone_v3%26states%3Dlisting HTTP/1.0 200 - python-swiftclient-4.8.0 gAAAAABpM6W9MtUs... - 2 - tx4c0212c32f5647cab87b4-006933a5e4 - 0.0230 - - 1764992484.800465345 1764992484.823505402 0 1229ee3e1d964977b2a5589f27ad366e
Dec 05 22:41:24 np0005548602.novalocal object-server[96250]: ::1 - - [06/Dec/2025:03:41:24 +0000] "GET /2/123881/AUTH_d8741d1891ef40e5a7a8c7bee0ab6eed/gnocchi.e5a71682-48aa-45bb-bea9-f8b2a5b1f6a5/1764720000.0_mean_300.0_v3" 200 16 "GET https://[::1]:8080/v1/AUTH_d8741d1891ef40e5a7a8c7bee0ab6eed/gnocchi.e5a71682-48aa-45bb-bea9-f8b2a5b1f6a5/1764720000.0_mean_300.0_v3" "tx506753162c124156a970a-006933a5e4" "proxy-server 97198" 0.0011 "-" 96250 0
Dec 05 22:41:24 np0005548602.novalocal proxy-server[97198]: ::1 ::1 06/Dec/2025/03/41/24 GET /v1/AUTH_d8741d1891ef40e5a7a8c7bee0ab6eed/gnocchi.e5a71682-48aa-45bb-bea9-f8b2a5b1f6a5/1764720000.0_mean_300.0_v3 HTTP/1.0 200 - python-swiftclient-4.8.0 gAAAAABpM6W9MtUs... - 16 - tx506753162c124156a970a-006933a5e4 - 0.0155 - - 1764992484.827375412 1764992484.842905998 0 1229ee3e1d964977b2a5589f27ad366e
Dec 05 22:41:24 np0005548602.novalocal object-server[96249]: ::1 - - [06/Dec/2025:03:41:24 +0000] "GET /3/65512/AUTH_d8741d1891ef40e5a7a8c7bee0ab6eed/gnocchi.fb8ed20a-a3e4-49b5-b799-fa9b9217c1a5/1764720000.0_mean_300.0_v3" 200 16 "GET https://[::1]:8080/v1/AUTH_d8741d1891ef40e5a7a8c7bee0ab6eed/gnocchi.fb8ed20a-a3e4-49b5-b799-fa9b9217c1a5/1764720000.0_mean_300.0_v3" "txbe8a61e3ad444b649c1d0-006933a5e4" "proxy-server 97198" 0.0009 "-" 96249 0
Dec 05 22:41:24 np0005548602.novalocal proxy-server[97198]: ::1 ::1 06/Dec/2025/03/41/24 GET /v1/AUTH_d8741d1891ef40e5a7a8c7bee0ab6eed/gnocchi.fb8ed20a-a3e4-49b5-b799-fa9b9217c1a5/1764720000.0_mean_300.0_v3 HTTP/1.0 200 - python-swiftclient-4.8.0 gAAAAABpM6W9MtUs... - 16 - txbe8a61e3ad444b649c1d0-006933a5e4 - 0.0092 - - 1764992484.848687887 1764992484.857848406 0 1229ee3e1d964977b2a5589f27ad366e
Dec 05 22:41:24 np0005548602.novalocal kernel: qr-f61aefec-8d: left promiscuous mode
Dec 05 22:41:24 np0005548602.novalocal sudo[103913]: pam_unix(sudo:session): session closed for user root
Dec 05 22:41:24 np0005548602.novalocal systemd[1]: NetworkManager-dispatcher.service: Deactivated successfully.
Dec 05 22:41:24 np0005548602.novalocal container-server[95916]: ::1 - - [06/Dec/2025:03:41:24 +0000] "PUT /2/88797/AUTH_d8741d1891ef40e5a7a8c7bee0ab6eed/gnocchi.e5a71682-48aa-45bb-bea9-f8b2a5b1f6a5/1764720000.0_mean_300.0_v3" 201 - "PUT http://[::1]:8080/1/123881/AUTH_d8741d1891ef40e5a7a8c7bee0ab6eed/gnocchi.e5a71682-48aa-45bb-bea9-f8b2a5b1f6a5/1764720000.0_mean_300.0_v3" "txb0019fba84d24e7eac2e8-006933a5e4" "object-server 96249" 0.0010 "-" 95916 0
Dec 05 22:41:24 np0005548602.novalocal container-server[95917]: ::1 - - [06/Dec/2025:03:41:24 +0000] "PUT /1/88797/AUTH_d8741d1891ef40e5a7a8c7bee0ab6eed/gnocchi.e5a71682-48aa-45bb-bea9-f8b2a5b1f6a5/1764720000.0_mean_300.0_v3" 201 - "PUT http://[::1]:8080/3/123881/AUTH_d8741d1891ef40e5a7a8c7bee0ab6eed/gnocchi.e5a71682-48aa-45bb-bea9-f8b2a5b1f6a5/1764720000.0_mean_300.0_v3" "txb0019fba84d24e7eac2e8-006933a5e4" "object-server 96249" 0.0007 "-" 95917 0
Dec 05 22:41:24 np0005548602.novalocal object-server[96249]: ::1 - - [06/Dec/2025:03:41:24 +0000] "PUT /3/123881/AUTH_d8741d1891ef40e5a7a8c7bee0ab6eed/gnocchi.e5a71682-48aa-45bb-bea9-f8b2a5b1f6a5/1764720000.0_mean_300.0_v3" 201 - "PUT https://[::1]:8080/v1/AUTH_d8741d1891ef40e5a7a8c7bee0ab6eed/gnocchi.e5a71682-48aa-45bb-bea9-f8b2a5b1f6a5/1764720000.0_mean_300.0_v3" "txb0019fba84d24e7eac2e8-006933a5e4" "proxy-server 97198" 0.1115 "-" 96249 0
Dec 05 22:41:24 np0005548602.novalocal object-server[96249]: ::1 - - [06/Dec/2025:03:41:24 +0000] "PUT /1/123881/AUTH_d8741d1891ef40e5a7a8c7bee0ab6eed/gnocchi.e5a71682-48aa-45bb-bea9-f8b2a5b1f6a5/1764720000.0_mean_300.0_v3" 201 - "PUT https://[::1]:8080/v1/AUTH_d8741d1891ef40e5a7a8c7bee0ab6eed/gnocchi.e5a71682-48aa-45bb-bea9-f8b2a5b1f6a5/1764720000.0_mean_300.0_v3" "txb0019fba84d24e7eac2e8-006933a5e4" "proxy-server 97198" 0.1135 "-" 96249 0
Dec 05 22:41:24 np0005548602.novalocal container-server[95916]: ::1 - - [06/Dec/2025:03:41:24 +0000] "PUT /3/88797/AUTH_d8741d1891ef40e5a7a8c7bee0ab6eed/gnocchi.e5a71682-48aa-45bb-bea9-f8b2a5b1f6a5/1764720000.0_mean_300.0_v3" 201 - "PUT http://[::1]:8080/2/123881/AUTH_d8741d1891ef40e5a7a8c7bee0ab6eed/gnocchi.e5a71682-48aa-45bb-bea9-f8b2a5b1f6a5/1764720000.0_mean_300.0_v3" "txb0019fba84d24e7eac2e8-006933a5e4" "object-server 96249" 0.0015 "-" 95916 0
Dec 05 22:41:24 np0005548602.novalocal object-server[96249]: ::1 - - [06/Dec/2025:03:41:24 +0000] "PUT /2/123881/AUTH_d8741d1891ef40e5a7a8c7bee0ab6eed/gnocchi.e5a71682-48aa-45bb-bea9-f8b2a5b1f6a5/1764720000.0_mean_300.0_v3" 201 - "PUT https://[::1]:8080/v1/AUTH_d8741d1891ef40e5a7a8c7bee0ab6eed/gnocchi.e5a71682-48aa-45bb-bea9-f8b2a5b1f6a5/1764720000.0_mean_300.0_v3" "txb0019fba84d24e7eac2e8-006933a5e4" "proxy-server 97198" 0.1176 "-" 96249 0
Dec 05 22:41:24 np0005548602.novalocal proxy-server[97198]: ::1 ::1 06/Dec/2025/03/41/24 PUT /v1/AUTH_d8741d1891ef40e5a7a8c7bee0ab6eed/gnocchi.e5a71682-48aa-45bb-bea9-f8b2a5b1f6a5/1764720000.0_mean_300.0_v3 HTTP/1.0 201 - python-swiftclient-4.8.0 gAAAAABpM6W9MtUs... 16 - - txb0019fba84d24e7eac2e8-006933a5e4 - 0.1273 - - 1764992484.861301422 1764992484.988566637 0 1229ee3e1d964977b2a5589f27ad366e
Dec 05 22:41:25 np0005548602.novalocal kernel: qg-fd38115f-7e: left promiscuous mode
Dec 05 22:41:25 np0005548602.novalocal dnsmasq-dhcp[102734]: DHCPRELEASE(tap1dfcf223-34) 10.100.0.1 fa:16:3e:49:62:1f
Dec 05 22:41:25 np0005548602.novalocal systemd[1]: run-netns-qrouter\x2d9dfd51cd\x2db86b\x2d4109\x2dadfa\x2da67243866db8.mount: Deactivated successfully.
Dec 05 22:41:25 np0005548602.novalocal container-server[95917]: ::1 - - [06/Dec/2025:03:41:25 +0000] "PUT /1/234199/AUTH_d8741d1891ef40e5a7a8c7bee0ab6eed/gnocchi.fb8ed20a-a3e4-49b5-b799-fa9b9217c1a5/1764720000.0_mean_300.0_v3" 201 - "PUT http://[::1]:8080/2/65512/AUTH_d8741d1891ef40e5a7a8c7bee0ab6eed/gnocchi.fb8ed20a-a3e4-49b5-b799-fa9b9217c1a5/1764720000.0_mean_300.0_v3" "txf1058cdfdb1a4cd782cfb-006933a5e4" "object-server 96249" 0.0009 "-" 95917 0
Dec 05 22:41:25 np0005548602.novalocal object-server[96249]: ::1 - - [06/Dec/2025:03:41:25 +0000] "PUT /2/65512/AUTH_d8741d1891ef40e5a7a8c7bee0ab6eed/gnocchi.fb8ed20a-a3e4-49b5-b799-fa9b9217c1a5/1764720000.0_mean_300.0_v3" 201 - "PUT https://[::1]:8080/v1/AUTH_d8741d1891ef40e5a7a8c7bee0ab6eed/gnocchi.fb8ed20a-a3e4-49b5-b799-fa9b9217c1a5/1764720000.0_mean_300.0_v3" "txf1058cdfdb1a4cd782cfb-006933a5e4" "proxy-server 97198" 0.7476 "-" 96249 0
Dec 05 22:41:25 np0005548602.novalocal container-server[95916]: ::1 - - [06/Dec/2025:03:41:25 +0000] "PUT /2/234199/AUTH_d8741d1891ef40e5a7a8c7bee0ab6eed/gnocchi.fb8ed20a-a3e4-49b5-b799-fa9b9217c1a5/1764720000.0_mean_300.0_v3" 201 - "PUT http://[::1]:8080/1/65512/AUTH_d8741d1891ef40e5a7a8c7bee0ab6eed/gnocchi.fb8ed20a-a3e4-49b5-b799-fa9b9217c1a5/1764720000.0_mean_300.0_v3" "txf1058cdfdb1a4cd782cfb-006933a5e4" "object-server 96249" 0.0006 "-" 95916 0
Dec 05 22:41:25 np0005548602.novalocal container-server[95917]: ::1 - - [06/Dec/2025:03:41:25 +0000] "PUT /3/234199/AUTH_d8741d1891ef40e5a7a8c7bee0ab6eed/gnocchi.fb8ed20a-a3e4-49b5-b799-fa9b9217c1a5/1764720000.0_mean_300.0_v3" 201 - "PUT http://[::1]:8080/3/65512/AUTH_d8741d1891ef40e5a7a8c7bee0ab6eed/gnocchi.fb8ed20a-a3e4-49b5-b799-fa9b9217c1a5/1764720000.0_mean_300.0_v3" "txf1058cdfdb1a4cd782cfb-006933a5e4" "object-server 96250" 0.0008 "-" 95917 0
Dec 05 22:41:25 np0005548602.novalocal object-server[96249]: ::1 - - [06/Dec/2025:03:41:25 +0000] "PUT /1/65512/AUTH_d8741d1891ef40e5a7a8c7bee0ab6eed/gnocchi.fb8ed20a-a3e4-49b5-b799-fa9b9217c1a5/1764720000.0_mean_300.0_v3" 201 - "PUT https://[::1]:8080/v1/AUTH_d8741d1891ef40e5a7a8c7bee0ab6eed/gnocchi.fb8ed20a-a3e4-49b5-b799-fa9b9217c1a5/1764720000.0_mean_300.0_v3" "txf1058cdfdb1a4cd782cfb-006933a5e4" "proxy-server 97198" 0.7520 "-" 96249 0
Dec 05 22:41:25 np0005548602.novalocal object-server[96250]: ::1 - - [06/Dec/2025:03:41:25 +0000] "PUT /3/65512/AUTH_d8741d1891ef40e5a7a8c7bee0ab6eed/gnocchi.fb8ed20a-a3e4-49b5-b799-fa9b9217c1a5/1764720000.0_mean_300.0_v3" 201 - "PUT https://[::1]:8080/v1/AUTH_d8741d1891ef40e5a7a8c7bee0ab6eed/gnocchi.fb8ed20a-a3e4-49b5-b799-fa9b9217c1a5/1764720000.0_mean_300.0_v3" "txf1058cdfdb1a4cd782cfb-006933a5e4" "proxy-server 97198" 0.7533 "-" 96250 0
Dec 05 22:41:25 np0005548602.novalocal proxy-server[97198]: ::1 ::1 06/Dec/2025/03/41/25 PUT /v1/AUTH_d8741d1891ef40e5a7a8c7bee0ab6eed/gnocchi.fb8ed20a-a3e4-49b5-b799-fa9b9217c1a5/1764720000.0_mean_300.0_v3 HTTP/1.0 201 - python-swiftclient-4.8.0 gAAAAABpM6W9MtUs... 16 - - txf1058cdfdb1a4cd782cfb-006933a5e4 - 0.7665 - - 1764992484.995756626 1764992485.762259960 0 1229ee3e1d964977b2a5589f27ad366e
Dec 05 22:41:25 np0005548602.novalocal container-server[95917]: ::1 - - [06/Dec/2025:03:41:25 +0000] "PUT /1/88797/AUTH_d8741d1891ef40e5a7a8c7bee0ab6eed/gnocchi.e5a71682-48aa-45bb-bea9-f8b2a5b1f6a5/none_v3" 201 - "PUT http://[::1]:8080/2/50/AUTH_d8741d1891ef40e5a7a8c7bee0ab6eed/gnocchi.e5a71682-48aa-45bb-bea9-f8b2a5b1f6a5/none_v3" "tx2ec1d31525ec4bc1afe0c-006933a5e5" "object-server 96249" 0.0007 "-" 95917 0
