Dec 05 22:41:44 np0005548602.novalocal proxy-server[97198]: ::1 ::1 06/Dec/2025/03/41/44 GET /v1/AUTH_d8741d1891ef40e5a7a8c7bee0ab6eed/gnocchi.5de52ca5-0e7d-44fb-a2e7-b4d88ca781d7/none_v3 HTTP/1.0 404 - python-swiftclient-4.8.0 gAAAAABpM6W9MtUs... - 70 - tx5bcd0c4f0122446c97949-006933a5f8 - 0.0319 - - 1764992504.690834522 1764992504.722783804 0 1229ee3e1d964977b2a5589f27ad366e
Dec 05 22:41:44 np0005548602.novalocal account-server[95623]: ::1 - - [06/Dec/2025:03:41:44 +0000] "PUT /2/76100/AUTH_d8741d1891ef40e5a7a8c7bee0ab6eed/gnocchi.5de52ca5-0e7d-44fb-a2e7-b4d88ca781d7" 201 - "PUT http://[::1]:6001/1/239283/AUTH_d8741d1891ef40e5a7a8c7bee0ab6eed/gnocchi.5de52ca5-0e7d-44fb-a2e7-b4d88ca781d7" "tx14dddd636b1f4a8e92c4f-006933a5f8" "container-server 95917" 0.0015 "-" 95623 0
Dec 05 22:41:44 np0005548602.novalocal container-server[95917]: ::1 - - [06/Dec/2025:03:41:44 +0000] "PUT /1/239283/AUTH_d8741d1891ef40e5a7a8c7bee0ab6eed/gnocchi.5de52ca5-0e7d-44fb-a2e7-b4d88ca781d7" 201 - "PUT https://[::1]:8080/v1/AUTH_d8741d1891ef40e5a7a8c7bee0ab6eed/gnocchi.5de52ca5-0e7d-44fb-a2e7-b4d88ca781d7" "tx14dddd636b1f4a8e92c4f-006933a5f8" "proxy-server 97198" 0.0214 "-" 95917 0
Dec 05 22:41:44 np0005548602.novalocal account-server[95623]: ::1 - - [06/Dec/2025:03:41:44 +0000] "PUT /3/76100/AUTH_d8741d1891ef40e5a7a8c7bee0ab6eed/gnocchi.5de52ca5-0e7d-44fb-a2e7-b4d88ca781d7" 201 - "PUT http://[::1]:6001/3/239283/AUTH_d8741d1891ef40e5a7a8c7bee0ab6eed/gnocchi.5de52ca5-0e7d-44fb-a2e7-b4d88ca781d7" "tx14dddd636b1f4a8e92c4f-006933a5f8" "container-server 95917" 0.0010 "-" 95623 0
Dec 05 22:41:44 np0005548602.novalocal container-server[95917]: ::1 - - [06/Dec/2025:03:41:44 +0000] "PUT /3/239283/AUTH_d8741d1891ef40e5a7a8c7bee0ab6eed/gnocchi.5de52ca5-0e7d-44fb-a2e7-b4d88ca781d7" 201 - "PUT https://[::1]:8080/v1/AUTH_d8741d1891ef40e5a7a8c7bee0ab6eed/gnocchi.5de52ca5-0e7d-44fb-a2e7-b4d88ca781d7" "tx14dddd636b1f4a8e92c4f-006933a5f8" "proxy-server 97198" 0.0103 "-" 95917 0
Dec 05 22:41:44 np0005548602.novalocal account-server[95623]: ::1 - - [06/Dec/2025:03:41:44 +0000] "PUT /1/76100/AUTH_d8741d1891ef40e5a7a8c7bee0ab6eed/gnocchi.5de52ca5-0e7d-44fb-a2e7-b4d88ca781d7" 201 - "PUT http://[::1]:6001/2/239283/AUTH_d8741d1891ef40e5a7a8c7bee0ab6eed/gnocchi.5de52ca5-0e7d-44fb-a2e7-b4d88ca781d7" "tx14dddd636b1f4a8e92c4f-006933a5f8" "container-server 95917" 0.0013 "-" 95623 0
Dec 05 22:41:44 np0005548602.novalocal container-server[95917]: ::1 - - [06/Dec/2025:03:41:44 +0000] "PUT /2/239283/AUTH_d8741d1891ef40e5a7a8c7bee0ab6eed/gnocchi.5de52ca5-0e7d-44fb-a2e7-b4d88ca781d7" 201 - "PUT https://[::1]:8080/v1/AUTH_d8741d1891ef40e5a7a8c7bee0ab6eed/gnocchi.5de52ca5-0e7d-44fb-a2e7-b4d88ca781d7" "tx14dddd636b1f4a8e92c4f-006933a5f8" "proxy-server 97198" 0.0186 "-" 95917 0
Dec 05 22:41:44 np0005548602.novalocal proxy-server[97198]: ::1 ::1 06/Dec/2025/03/41/44 PUT /v1/AUTH_d8741d1891ef40e5a7a8c7bee0ab6eed/gnocchi.5de52ca5-0e7d-44fb-a2e7-b4d88ca781d7 HTTP/1.0 201 - python-swiftclient-4.8.0 gAAAAABpM6W9MtUs... - - - tx14dddd636b1f4a8e92c4f-006933a5f8 - 0.0330 - - 1764992504.724902868 1764992504.757916689 0 1229ee3e1d964977b2a5589f27ad366e
Dec 05 22:41:44 np0005548602.novalocal container-server[95916]: ::1 - - [06/Dec/2025:03:41:44 +0000] "HEAD /1/239283/AUTH_d8741d1891ef40e5a7a8c7bee0ab6eed/gnocchi.5de52ca5-0e7d-44fb-a2e7-b4d88ca781d7" 204 - "HEAD http://[::1]:8080/v1/AUTH_d8741d1891ef40e5a7a8c7bee0ab6eed/gnocchi.5de52ca5-0e7d-44fb-a2e7-b4d88ca781d7" "txdc6b62321e73447796d56-006933a5f8" "proxy-server 97198" 0.0024 "-" 95916 0
Dec 05 22:41:44 np0005548602.novalocal proxy-server[97198]: - - 06/Dec/2025/03/41/44 HEAD /v1/AUTH_d8741d1891ef40e5a7a8c7bee0ab6eed/gnocchi.5de52ca5-0e7d-44fb-a2e7-b4d88ca781d7 HTTP/1.0 204 - Swift - - - - txdc6b62321e73447796d56-006933a5f8 - 0.0083 CS - 1764992504.761352539 1764992504.769604206 0 -
Dec 05 22:41:44 np0005548602.novalocal container-server[95916]: ::1 - - [06/Dec/2025:03:41:44 +0000] "GET /3/239283/AUTH_d8741d1891ef40e5a7a8c7bee0ab6eed/gnocchi.5de52ca5-0e7d-44fb-a2e7-b4d88ca781d7" 200 2 "GET https://[::1]:8080/v1/AUTH_d8741d1891ef40e5a7a8c7bee0ab6eed/gnocchi.5de52ca5-0e7d-44fb-a2e7-b4d88ca781d7?format=json&states=listing" "txdc6b62321e73447796d56-006933a5f8" "proxy-server 97198" 0.0059 "-" 95916 0
Dec 05 22:41:44 np0005548602.novalocal proxy-server[97198]: ::1 ::1 06/Dec/2025/03/41/44 GET /v1/AUTH_d8741d1891ef40e5a7a8c7bee0ab6eed/gnocchi.5de52ca5-0e7d-44fb-a2e7-b4d88ca781d7%3Fformat%3Djson%26states%3Dlisting HTTP/1.0 200 - python-swiftclient-4.8.0 gAAAAABpM6W9MtUs... - 2 - txdc6b62321e73447796d56-006933a5f8 - 0.0225 - - 1764992504.760632753 1764992504.783148766 0 1229ee3e1d964977b2a5589f27ad366e
Dec 05 22:41:44 np0005548602.novalocal object-server[96249]: ::1 - - [06/Dec/2025:03:41:44 +0000] "GET /1/100611/AUTH_d8741d1891ef40e5a7a8c7bee0ab6eed/gnocchi.5de52ca5-0e7d-44fb-a2e7-b4d88ca781d7/1764720000.0_mean_300.0_v3" 404 70 "GET https://[::1]:8080/v1/AUTH_d8741d1891ef40e5a7a8c7bee0ab6eed/gnocchi.5de52ca5-0e7d-44fb-a2e7-b4d88ca781d7/1764720000.0_mean_300.0_v3" "tx1ac718f3ec394f308e3e3-006933a5f8" "proxy-server 97198" 0.0003 "-" 96249 0
Dec 05 22:41:44 np0005548602.novalocal object-server[96249]: ::1 - - [06/Dec/2025:03:41:44 +0000] "GET /3/100611/AUTH_d8741d1891ef40e5a7a8c7bee0ab6eed/gnocchi.5de52ca5-0e7d-44fb-a2e7-b4d88ca781d7/1764720000.0_mean_300.0_v3" 404 70 "GET https://[::1]:8080/v1/AUTH_d8741d1891ef40e5a7a8c7bee0ab6eed/gnocchi.5de52ca5-0e7d-44fb-a2e7-b4d88ca781d7/1764720000.0_mean_300.0_v3" "tx1ac718f3ec394f308e3e3-006933a5f8" "proxy-server 97198" 0.0002 "-" 96249 0
Dec 05 22:41:44 np0005548602.novalocal object-server[96250]: ::1 - - [06/Dec/2025:03:41:44 +0000] "GET /2/100611/AUTH_d8741d1891ef40e5a7a8c7bee0ab6eed/gnocchi.5de52ca5-0e7d-44fb-a2e7-b4d88ca781d7/1764720000.0_mean_300.0_v3" 404 70 "GET https://[::1]:8080/v1/AUTH_d8741d1891ef40e5a7a8c7bee0ab6eed/gnocchi.5de52ca5-0e7d-44fb-a2e7-b4d88ca781d7/1764720000.0_mean_300.0_v3" "tx1ac718f3ec394f308e3e3-006933a5f8" "proxy-server 97198" 0.0004 "-" 96250 0
Dec 05 22:41:44 np0005548602.novalocal proxy-server[97198]: ::1 ::1 06/Dec/2025/03/41/44 GET /v1/AUTH_d8741d1891ef40e5a7a8c7bee0ab6eed/gnocchi.5de52ca5-0e7d-44fb-a2e7-b4d88ca781d7/1764720000.0_mean_300.0_v3 HTTP/1.0 404 - python-swiftclient-4.8.0 gAAAAABpM6W9MtUs... - 70 - tx1ac718f3ec394f308e3e3-006933a5f8 - 0.0112 - - 1764992504.785586119 1764992504.796736717 0 1229ee3e1d964977b2a5589f27ad366e
Dec 05 22:41:44 np0005548602.novalocal container-server[95917]: ::1 - - [06/Dec/2025:03:41:44 +0000] "PUT /3/239283/AUTH_d8741d1891ef40e5a7a8c7bee0ab6eed/gnocchi.5de52ca5-0e7d-44fb-a2e7-b4d88ca781d7/1764720000.0_mean_300.0_v3" 201 - "PUT http://[::1]:8080/3/100611/AUTH_d8741d1891ef40e5a7a8c7bee0ab6eed/gnocchi.5de52ca5-0e7d-44fb-a2e7-b4d88ca781d7/1764720000.0_mean_300.0_v3" "txe87f1579fd6a4ba08dc67-006933a5f8" "object-server 96250" 0.0010 "-" 95917 0
Dec 05 22:41:44 np0005548602.novalocal container-server[95916]: ::1 - - [06/Dec/2025:03:41:44 +0000] "PUT /2/239283/AUTH_d8741d1891ef40e5a7a8c7bee0ab6eed/gnocchi.5de52ca5-0e7d-44fb-a2e7-b4d88ca781d7/1764720000.0_mean_300.0_v3" 201 - "PUT http://[::1]:8080/1/100611/AUTH_d8741d1891ef40e5a7a8c7bee0ab6eed/gnocchi.5de52ca5-0e7d-44fb-a2e7-b4d88ca781d7/1764720000.0_mean_300.0_v3" "txe87f1579fd6a4ba08dc67-006933a5f8" "object-server 96249" 0.0012 "-" 95916 0
Dec 05 22:41:44 np0005548602.novalocal object-server[96250]: ::1 - - [06/Dec/2025:03:41:44 +0000] "PUT /3/100611/AUTH_d8741d1891ef40e5a7a8c7bee0ab6eed/gnocchi.5de52ca5-0e7d-44fb-a2e7-b4d88ca781d7/1764720000.0_mean_300.0_v3" 201 - "PUT https://[::1]:8080/v1/AUTH_d8741d1891ef40e5a7a8c7bee0ab6eed/gnocchi.5de52ca5-0e7d-44fb-a2e7-b4d88ca781d7/1764720000.0_mean_300.0_v3" "txe87f1579fd6a4ba08dc67-006933a5f8" "proxy-server 97198" 0.0156 "-" 96250 0
Dec 05 22:41:44 np0005548602.novalocal object-server[96249]: ::1 - - [06/Dec/2025:03:41:44 +0000] "PUT /1/100611/AUTH_d8741d1891ef40e5a7a8c7bee0ab6eed/gnocchi.5de52ca5-0e7d-44fb-a2e7-b4d88ca781d7/1764720000.0_mean_300.0_v3" 201 - "PUT https://[::1]:8080/v1/AUTH_d8741d1891ef40e5a7a8c7bee0ab6eed/gnocchi.5de52ca5-0e7d-44fb-a2e7-b4d88ca781d7/1764720000.0_mean_300.0_v3" "txe87f1579fd6a4ba08dc67-006933a5f8" "proxy-server 97198" 0.0165 "-" 96249 0
Dec 05 22:41:44 np0005548602.novalocal container-server[95917]: ::1 - - [06/Dec/2025:03:41:44 +0000] "PUT /1/239283/AUTH_d8741d1891ef40e5a7a8c7bee0ab6eed/gnocchi.5de52ca5-0e7d-44fb-a2e7-b4d88ca781d7/1764720000.0_mean_300.0_v3" 201 - "PUT http://[::1]:8080/2/100611/AUTH_d8741d1891ef40e5a7a8c7bee0ab6eed/gnocchi.5de52ca5-0e7d-44fb-a2e7-b4d88ca781d7/1764720000.0_mean_300.0_v3" "txe87f1579fd6a4ba08dc67-006933a5f8" "object-server 96249" 0.0008 "-" 95917 0
Dec 05 22:41:44 np0005548602.novalocal object-server[96249]: ::1 - - [06/Dec/2025:03:41:44 +0000] "PUT /2/100611/AUTH_d8741d1891ef40e5a7a8c7bee0ab6eed/gnocchi.5de52ca5-0e7d-44fb-a2e7-b4d88ca781d7/1764720000.0_mean_300.0_v3" 201 - "PUT https://[::1]:8080/v1/AUTH_d8741d1891ef40e5a7a8c7bee0ab6eed/gnocchi.5de52ca5-0e7d-44fb-a2e7-b4d88ca781d7/1764720000.0_mean_300.0_v3" "txe87f1579fd6a4ba08dc67-006933a5f8" "proxy-server 97198" 0.0191 "-" 96249 0
Dec 05 22:41:44 np0005548602.novalocal proxy-server[97198]: ::1 ::1 06/Dec/2025/03/41/44 PUT /v1/AUTH_d8741d1891ef40e5a7a8c7bee0ab6eed/gnocchi.5de52ca5-0e7d-44fb-a2e7-b4d88ca781d7/1764720000.0_mean_300.0_v3 HTTP/1.0 201 - python-swiftclient-4.8.0 gAAAAABpM6W9MtUs... 16 - - txe87f1579fd6a4ba08dc67-006933a5f8 - 0.0272 - - 1764992504.798780441 1764992504.825997591 0 1229ee3e1d964977b2a5589f27ad366e
Dec 05 22:41:44 np0005548602.novalocal container-server[95916]: ::1 - - [06/Dec/2025:03:41:44 +0000] "PUT /2/239283/AUTH_d8741d1891ef40e5a7a8c7bee0ab6eed/gnocchi.5de52ca5-0e7d-44fb-a2e7-b4d88ca781d7/none_v3" 201 - "PUT http://[::1]:8080/3/242451/AUTH_d8741d1891ef40e5a7a8c7bee0ab6eed/gnocchi.5de52ca5-0e7d-44fb-a2e7-b4d88ca781d7/none_v3" "tx81923e1e774a4b2688f49-006933a5f8" "object-server 96250" 0.0006 "-" 95916 0
Dec 05 22:41:44 np0005548602.novalocal object-server[96250]: ::1 - - [06/Dec/2025:03:41:44 +0000] "PUT /3/242451/AUTH_d8741d1891ef40e5a7a8c7bee0ab6eed/gnocchi.5de52ca5-0e7d-44fb-a2e7-b4d88ca781d7/none_v3" 201 - "PUT https://[::1]:8080/v1/AUTH_d8741d1891ef40e5a7a8c7bee0ab6eed/gnocchi.5de52ca5-0e7d-44fb-a2e7-b4d88ca781d7/none_v3" "tx81923e1e774a4b2688f49-006933a5f8" "proxy-server 97198" 0.0112 "-" 96250 0
Dec 05 22:41:44 np0005548602.novalocal container-server[95916]: ::1 - - [06/Dec/2025:03:41:44 +0000] "PUT /1/239283/AUTH_d8741d1891ef40e5a7a8c7bee0ab6eed/gnocchi.5de52ca5-0e7d-44fb-a2e7-b4d88ca781d7/none_v3" 201 - "PUT http://[::1]:8080/2/242451/AUTH_d8741d1891ef40e5a7a8c7bee0ab6eed/gnocchi.5de52ca5-0e7d-44fb-a2e7-b4d88ca781d7/none_v3" "tx81923e1e774a4b2688f49-006933a5f8" "object-server 96249" 0.0005 "-" 95916 0
Dec 05 22:41:44 np0005548602.novalocal container-server[95917]: ::1 - - [06/Dec/2025:03:41:44 +0000] "PUT /3/239283/AUTH_d8741d1891ef40e5a7a8c7bee0ab6eed/gnocchi.5de52ca5-0e7d-44fb-a2e7-b4d88ca781d7/none_v3" 201 - "PUT http://[::1]:8080/1/242451/AUTH_d8741d1891ef40e5a7a8c7bee0ab6eed/gnocchi.5de52ca5-0e7d-44fb-a2e7-b4d88ca781d7/none_v3" "tx81923e1e774a4b2688f49-006933a5f8" "object-server 96249" 0.0006 "-" 95917 0
Dec 05 22:41:44 np0005548602.novalocal object-server[96249]: ::1 - - [06/Dec/2025:03:41:44 +0000] "PUT /1/242451/AUTH_d8741d1891ef40e5a7a8c7bee0ab6eed/gnocchi.5de52ca5-0e7d-44fb-a2e7-b4d88ca781d7/none_v3" 201 - "PUT https://[::1]:8080/v1/AUTH_d8741d1891ef40e5a7a8c7bee0ab6eed/gnocchi.5de52ca5-0e7d-44fb-a2e7-b4d88ca781d7/none_v3" "tx81923e1e774a4b2688f49-006933a5f8" "proxy-server 97198" 0.0140 "-" 96249 0
Dec 05 22:41:44 np0005548602.novalocal object-server[96249]: ::1 - - [06/Dec/2025:03:41:44 +0000] "PUT /2/242451/AUTH_d8741d1891ef40e5a7a8c7bee0ab6eed/gnocchi.5de52ca5-0e7d-44fb-a2e7-b4d88ca781d7/none_v3" 201 - "PUT https://[::1]:8080/v1/AUTH_d8741d1891ef40e5a7a8c7bee0ab6eed/gnocchi.5de52ca5-0e7d-44fb-a2e7-b4d88ca781d7/none_v3" "tx81923e1e774a4b2688f49-006933a5f8" "proxy-server 97198" 0.0130 "-" 96249 0
Dec 05 22:41:44 np0005548602.novalocal proxy-server[97198]: ::1 ::1 06/Dec/2025/03/41/44 PUT /v1/AUTH_d8741d1891ef40e5a7a8c7bee0ab6eed/gnocchi.5de52ca5-0e7d-44fb-a2e7-b4d88ca781d7/none_v3 HTTP/1.0 201 - python-swiftclient-4.8.0 gAAAAABpM6W9MtUs... 22 - - tx81923e1e774a4b2688f49-006933a5f8 - 0.0217 - - 1764992504.828506708 1764992504.850249529 0 1229ee3e1d964977b2a5589f27ad366e
Dec 05 22:41:44 np0005548602.novalocal container-server[95916]: ::1 - - [06/Dec/2025:03:41:44 +0000] "HEAD /3/47568/AUTH_d8741d1891ef40e5a7a8c7bee0ab6eed/gnocchi.d75e2bc1-2976-450f-be4d-1b9f0ee9745c" 404 - "HEAD http://[::1]:8080/v1/AUTH_d8741d1891ef40e5a7a8c7bee0ab6eed/gnocchi.d75e2bc1-2976-450f-be4d-1b9f0ee9745c" "tx51fc3134ddb4413793780-006933a5f8" "proxy-server 97198" 0.0002 "-" 95916 0
Dec 05 22:41:44 np0005548602.novalocal container-server[95917]: ::1 - - [06/Dec/2025:03:41:44 +0000] "HEAD /1/47568/AUTH_d8741d1891ef40e5a7a8c7bee0ab6eed/gnocchi.d75e2bc1-2976-450f-be4d-1b9f0ee9745c" 404 - "HEAD http://[::1]:8080/v1/AUTH_d8741d1891ef40e5a7a8c7bee0ab6eed/gnocchi.d75e2bc1-2976-450f-be4d-1b9f0ee9745c" "tx51fc3134ddb4413793780-006933a5f8" "proxy-server 97198" 0.0003 "-" 95917 0
Dec 05 22:41:44 np0005548602.novalocal container-server[95916]: ::1 - - [06/Dec/2025:03:41:44 +0000] "HEAD /2/47568/AUTH_d8741d1891ef40e5a7a8c7bee0ab6eed/gnocchi.d75e2bc1-2976-450f-be4d-1b9f0ee9745c" 404 - "HEAD http://[::1]:8080/v1/AUTH_d8741d1891ef40e5a7a8c7bee0ab6eed/gnocchi.d75e2bc1-2976-450f-be4d-1b9f0ee9745c" "tx51fc3134ddb4413793780-006933a5f8" "proxy-server 97198" 0.0002 "-" 95916 0
Dec 05 22:41:44 np0005548602.novalocal proxy-server[97198]: - - 06/Dec/2025/03/41/44 HEAD /v1/AUTH_d8741d1891ef40e5a7a8c7bee0ab6eed/gnocchi.d75e2bc1-2976-450f-be4d-1b9f0ee9745c HTTP/1.0 404 - Swift - - - - tx51fc3134ddb4413793780-006933a5f8 - 0.0099 CS - 1764992504.865709305 1764992504.875647545 0 -
Dec 05 22:41:44 np0005548602.novalocal object-server[96250]: ::1 - - [06/Dec/2025:03:41:44 +0000] "GET /2/35767/AUTH_d8741d1891ef40e5a7a8c7bee0ab6eed/gnocchi.d75e2bc1-2976-450f-be4d-1b9f0ee9745c/none_v3" 404 70 "GET https://[::1]:8080/v1/AUTH_d8741d1891ef40e5a7a8c7bee0ab6eed/gnocchi.d75e2bc1-2976-450f-be4d-1b9f0ee9745c/none_v3" "tx51fc3134ddb4413793780-006933a5f8" "proxy-server 97198" 0.0003 "-" 96250 0
Dec 05 22:41:44 np0005548602.novalocal object-server[96249]: ::1 - - [06/Dec/2025:03:41:44 +0000] "GET /3/35767/AUTH_d8741d1891ef40e5a7a8c7bee0ab6eed/gnocchi.d75e2bc1-2976-450f-be4d-1b9f0ee9745c/none_v3" 404 70 "GET https://[::1]:8080/v1/AUTH_d8741d1891ef40e5a7a8c7bee0ab6eed/gnocchi.d75e2bc1-2976-450f-be4d-1b9f0ee9745c/none_v3" "tx51fc3134ddb4413793780-006933a5f8" "proxy-server 97198" 0.0006 "-" 96249 0
Dec 05 22:41:44 np0005548602.novalocal object-server[96249]: ::1 - - [06/Dec/2025:03:41:44 +0000] "GET /1/35767/AUTH_d8741d1891ef40e5a7a8c7bee0ab6eed/gnocchi.d75e2bc1-2976-450f-be4d-1b9f0ee9745c/none_v3" 404 70 "GET https://[::1]:8080/v1/AUTH_d8741d1891ef40e5a7a8c7bee0ab6eed/gnocchi.d75e2bc1-2976-450f-be4d-1b9f0ee9745c/none_v3" "tx51fc3134ddb4413793780-006933a5f8" "proxy-server 97198" 0.0002 "-" 96249 0
Dec 05 22:41:44 np0005548602.novalocal proxy-server[97198]: ::1 ::1 06/Dec/2025/03/41/44 GET /v1/AUTH_d8741d1891ef40e5a7a8c7bee0ab6eed/gnocchi.d75e2bc1-2976-450f-be4d-1b9f0ee9745c/none_v3 HTTP/1.0 404 - python-swiftclient-4.8.0 gAAAAABpM6W9MtUs... - 70 - tx51fc3134ddb4413793780-006933a5f8 - 0.0241 - - 1764992504.865140915 1764992504.889201403 0 1229ee3e1d964977b2a5589f27ad366e
Dec 05 22:41:44 np0005548602.novalocal account-server[95623]: ::1 - - [06/Dec/2025:03:41:44 +0000] "PUT /2/76100/AUTH_d8741d1891ef40e5a7a8c7bee0ab6eed/gnocchi.d75e2bc1-2976-450f-be4d-1b9f0ee9745c" 201 - "PUT http://[::1]:6001/2/47568/AUTH_d8741d1891ef40e5a7a8c7bee0ab6eed/gnocchi.d75e2bc1-2976-450f-be4d-1b9f0ee9745c" "tx0e4675ed22734a119287b-006933a5f8" "container-server 95917" 0.0079 "-" 95623 0
Dec 05 22:41:44 np0005548602.novalocal container-server[95917]: ::1 - - [06/Dec/2025:03:41:44 +0000] "PUT /2/47568/AUTH_d8741d1891ef40e5a7a8c7bee0ab6eed/gnocchi.d75e2bc1-2976-450f-be4d-1b9f0ee9745c" 201 - "PUT https://[::1]:8080/v1/AUTH_d8741d1891ef40e5a7a8c7bee0ab6eed/gnocchi.d75e2bc1-2976-450f-be4d-1b9f0ee9745c" "tx0e4675ed22734a119287b-006933a5f8" "proxy-server 97198" 0.0279 "-" 95917 0
Dec 05 22:41:44 np0005548602.novalocal account-server[95624]: ::1 - - [06/Dec/2025:03:41:44 +0000] "PUT /1/76100/AUTH_d8741d1891ef40e5a7a8c7bee0ab6eed/gnocchi.d75e2bc1-2976-450f-be4d-1b9f0ee9745c" 201 - "PUT http://[::1]:6001/1/47568/AUTH_d8741d1891ef40e5a7a8c7bee0ab6eed/gnocchi.d75e2bc1-2976-450f-be4d-1b9f0ee9745c" "tx0e4675ed22734a119287b-006933a5f8" "container-server 95917" 0.0059 "-" 95624 0
Dec 05 22:41:44 np0005548602.novalocal container-server[95917]: ::1 - - [06/Dec/2025:03:41:44 +0000] "PUT /1/47568/AUTH_d8741d1891ef40e5a7a8c7bee0ab6eed/gnocchi.d75e2bc1-2976-450f-be4d-1b9f0ee9745c" 201 - "PUT https://[::1]:8080/v1/AUTH_d8741d1891ef40e5a7a8c7bee0ab6eed/gnocchi.d75e2bc1-2976-450f-be4d-1b9f0ee9745c" "tx0e4675ed22734a119287b-006933a5f8" "proxy-server 97198" 0.0144 "-" 95917 0
Dec 05 22:41:44 np0005548602.novalocal account-server[95623]: ::1 - - [06/Dec/2025:03:41:44 +0000] "PUT /3/76100/AUTH_d8741d1891ef40e5a7a8c7bee0ab6eed/gnocchi.d75e2bc1-2976-450f-be4d-1b9f0ee9745c" 201 - "PUT http://[::1]:6001/3/47568/AUTH_d8741d1891ef40e5a7a8c7bee0ab6eed/gnocchi.d75e2bc1-2976-450f-be4d-1b9f0ee9745c" "tx0e4675ed22734a119287b-006933a5f8" "container-server 95917" 0.0076 "-" 95623 0
Dec 05 22:41:44 np0005548602.novalocal container-server[95917]: ::1 - - [06/Dec/2025:03:41:44 +0000] "PUT /3/47568/AUTH_d8741d1891ef40e5a7a8c7bee0ab6eed/gnocchi.d75e2bc1-2976-450f-be4d-1b9f0ee9745c" 201 - "PUT https://[::1]:8080/v1/AUTH_d8741d1891ef40e5a7a8c7bee0ab6eed/gnocchi.d75e2bc1-2976-450f-be4d-1b9f0ee9745c" "tx0e4675ed22734a119287b-006933a5f8" "proxy-server 97198" 0.0264 "-" 95917 0
Dec 05 22:41:44 np0005548602.novalocal proxy-server[97198]: ::1 ::1 06/Dec/2025/03/41/44 PUT /v1/AUTH_d8741d1891ef40e5a7a8c7bee0ab6eed/gnocchi.d75e2bc1-2976-450f-be4d-1b9f0ee9745c HTTP/1.0 201 - python-swiftclient-4.8.0 gAAAAABpM6W9MtUs... - - - tx0e4675ed22734a119287b-006933a5f8 - 0.0462 - - 1764992504.891989470 1764992504.938162088 0 1229ee3e1d964977b2a5589f27ad366e
Dec 05 22:41:44 np0005548602.novalocal container-server[95917]: ::1 - - [06/Dec/2025:03:41:44 +0000] "HEAD /1/47568/AUTH_d8741d1891ef40e5a7a8c7bee0ab6eed/gnocchi.d75e2bc1-2976-450f-be4d-1b9f0ee9745c" 204 - "HEAD http://[::1]:8080/v1/AUTH_d8741d1891ef40e5a7a8c7bee0ab6eed/gnocchi.d75e2bc1-2976-450f-be4d-1b9f0ee9745c" "tx199039b6465d4683847e6-006933a5f8" "proxy-server 97198" 0.0014 "-" 95917 0
Dec 05 22:41:44 np0005548602.novalocal proxy-server[97198]: - - 06/Dec/2025/03/41/44 HEAD /v1/AUTH_d8741d1891ef40e5a7a8c7bee0ab6eed/gnocchi.d75e2bc1-2976-450f-be4d-1b9f0ee9745c HTTP/1.0 204 - Swift - - - - tx199039b6465d4683847e6-006933a5f8 - 0.0053 CS - 1764992504.942757130 1764992504.948094368 0 -
Dec 05 22:41:44 np0005548602.novalocal container-server[95917]: ::1 - - [06/Dec/2025:03:41:44 +0000] "GET /1/47568/AUTH_d8741d1891ef40e5a7a8c7bee0ab6eed/gnocchi.d75e2bc1-2976-450f-be4d-1b9f0ee9745c" 200 2 "GET https://[::1]:8080/v1/AUTH_d8741d1891ef40e5a7a8c7bee0ab6eed/gnocchi.d75e2bc1-2976-450f-be4d-1b9f0ee9745c?format=json&states=listing" "tx199039b6465d4683847e6-006933a5f8" "proxy-server 97198" 0.0021 "-" 95917 0
Dec 05 22:41:44 np0005548602.novalocal proxy-server[97198]: ::1 ::1 06/Dec/2025/03/41/44 GET /v1/AUTH_d8741d1891ef40e5a7a8c7bee0ab6eed/gnocchi.d75e2bc1-2976-450f-be4d-1b9f0ee9745c%3Fformat%3Djson%26states%3Dlisting HTTP/1.0 200 - python-swiftclient-4.8.0 gAAAAABpM6W9MtUs... - 2 - tx199039b6465d4683847e6-006933a5f8 - 0.0165 - - 1764992504.941890955 1764992504.958400249 0 1229ee3e1d964977b2a5589f27ad366e
Dec 05 22:41:44 np0005548602.novalocal object-server[96249]: ::1 - - [06/Dec/2025:03:41:44 +0000] "GET /1/182683/AUTH_d8741d1891ef40e5a7a8c7bee0ab6eed/gnocchi.d75e2bc1-2976-450f-be4d-1b9f0ee9745c/1764720000.0_mean_300.0_v3" 404 70 "GET https://[::1]:8080/v1/AUTH_d8741d1891ef40e5a7a8c7bee0ab6eed/gnocchi.d75e2bc1-2976-450f-be4d-1b9f0ee9745c/1764720000.0_mean_300.0_v3" "tx31459e6ae48441859142b-006933a5f8" "proxy-server 97198" 0.0003 "-" 96249 0
Dec 05 22:41:44 np0005548602.novalocal object-server[96250]: ::1 - - [06/Dec/2025:03:41:44 +0000] "GET /3/182683/AUTH_d8741d1891ef40e5a7a8c7bee0ab6eed/gnocchi.d75e2bc1-2976-450f-be4d-1b9f0ee9745c/1764720000.0_mean_300.0_v3" 404 70 "GET https://[::1]:8080/v1/AUTH_d8741d1891ef40e5a7a8c7bee0ab6eed/gnocchi.d75e2bc1-2976-450f-be4d-1b9f0ee9745c/1764720000.0_mean_300.0_v3" "tx31459e6ae48441859142b-006933a5f8" "proxy-server 97198" 0.0003 "-" 96250 0
Dec 05 22:41:44 np0005548602.novalocal object-server[96249]: ::1 - - [06/Dec/2025:03:41:44 +0000] "GET /2/182683/AUTH_d8741d1891ef40e5a7a8c7bee0ab6eed/gnocchi.d75e2bc1-2976-450f-be4d-1b9f0ee9745c/1764720000.0_mean_300.0_v3" 404 70 "GET https://[::1]:8080/v1/AUTH_d8741d1891ef40e5a7a8c7bee0ab6eed/gnocchi.d75e2bc1-2976-450f-be4d-1b9f0ee9745c/1764720000.0_mean_300.0_v3" "tx31459e6ae48441859142b-006933a5f8" "proxy-server 97198" 0.0002 "-" 96249 0
Dec 05 22:41:44 np0005548602.novalocal proxy-server[97198]: ::1 ::1 06/Dec/2025/03/41/44 GET /v1/AUTH_d8741d1891ef40e5a7a8c7bee0ab6eed/gnocchi.d75e2bc1-2976-450f-be4d-1b9f0ee9745c/1764720000.0_mean_300.0_v3 HTTP/1.0 404 - python-swiftclient-4.8.0 gAAAAABpM6W9MtUs... - 70 - tx31459e6ae48441859142b-006933a5f8 - 0.0128 - - 1764992504.961958170 1764992504.974758387 0 1229ee3e1d964977b2a5589f27ad366e
Dec 05 22:41:45 np0005548602.novalocal container-server[95916]: ::1 - - [06/Dec/2025:03:41:45 +0000] "PUT /3/47568/AUTH_d8741d1891ef40e5a7a8c7bee0ab6eed/gnocchi.d75e2bc1-2976-450f-be4d-1b9f0ee9745c/1764720000.0_mean_300.0_v3" 201 - "PUT http://[::1]:8080/1/182683/AUTH_d8741d1891ef40e5a7a8c7bee0ab6eed/gnocchi.d75e2bc1-2976-450f-be4d-1b9f0ee9745c/1764720000.0_mean_300.0_v3" "tx23d79f8f760048568939e-006933a5f8" "object-server 96250" 0.0009 "-" 95916 0
Dec 05 22:41:45 np0005548602.novalocal object-server[96250]: ::1 - - [06/Dec/2025:03:41:45 +0000] "PUT /1/182683/AUTH_d8741d1891ef40e5a7a8c7bee0ab6eed/gnocchi.d75e2bc1-2976-450f-be4d-1b9f0ee9745c/1764720000.0_mean_300.0_v3" 201 - "PUT https://[::1]:8080/v1/AUTH_d8741d1891ef40e5a7a8c7bee0ab6eed/gnocchi.d75e2bc1-2976-450f-be4d-1b9f0ee9745c/1764720000.0_mean_300.0_v3" "tx23d79f8f760048568939e-006933a5f8" "proxy-server 97198" 0.0437 "-" 96250 0
Dec 05 22:41:45 np0005548602.novalocal container-server[95917]: ::1 - - [06/Dec/2025:03:41:45 +0000] "PUT /1/47568/AUTH_d8741d1891ef40e5a7a8c7bee0ab6eed/gnocchi.d75e2bc1-2976-450f-be4d-1b9f0ee9745c/1764720000.0_mean_300.0_v3" 201 - "PUT http://[::1]:8080/2/182683/AUTH_d8741d1891ef40e5a7a8c7bee0ab6eed/gnocchi.d75e2bc1-2976-450f-be4d-1b9f0ee9745c/1764720000.0_mean_300.0_v3" "tx23d79f8f760048568939e-006933a5f8" "object-server 96249" 0.0006 "-" 95917 0
Dec 05 22:41:45 np0005548602.novalocal object-server[96249]: ::1 - - [06/Dec/2025:03:41:45 +0000] "PUT /2/182683/AUTH_d8741d1891ef40e5a7a8c7bee0ab6eed/gnocchi.d75e2bc1-2976-450f-be4d-1b9f0ee9745c/1764720000.0_mean_300.0_v3" 201 - "PUT https://[::1]:8080/v1/AUTH_d8741d1891ef40e5a7a8c7bee0ab6eed/gnocchi.d75e2bc1-2976-450f-be4d-1b9f0ee9745c/1764720000.0_mean_300.0_v3" "tx23d79f8f760048568939e-006933a5f8" "proxy-server 97198" 0.0446 "-" 96249 0
Dec 05 22:41:45 np0005548602.novalocal container-server[95917]: ::1 - - [06/Dec/2025:03:41:45 +0000] "PUT /2/47568/AUTH_d8741d1891ef40e5a7a8c7bee0ab6eed/gnocchi.d75e2bc1-2976-450f-be4d-1b9f0ee9745c/1764720000.0_mean_300.0_v3" 201 - "PUT http://[::1]:8080/3/182683/AUTH_d8741d1891ef40e5a7a8c7bee0ab6eed/gnocchi.d75e2bc1-2976-450f-be4d-1b9f0ee9745c/1764720000.0_mean_300.0_v3" "tx23d79f8f760048568939e-006933a5f8" "object-server 96249" 0.0006 "-" 95917 0
Dec 05 22:41:45 np0005548602.novalocal object-server[96249]: ::1 - - [06/Dec/2025:03:41:45 +0000] "PUT /3/182683/AUTH_d8741d1891ef40e5a7a8c7bee0ab6eed/gnocchi.d75e2bc1-2976-450f-be4d-1b9f0ee9745c/1764720000.0_mean_300.0_v3" 201 - "PUT https://[::1]:8080/v1/AUTH_d8741d1891ef40e5a7a8c7bee0ab6eed/gnocchi.d75e2bc1-2976-450f-be4d-1b9f0ee9745c/1764720000.0_mean_300.0_v3" "tx23d79f8f760048568939e-006933a5f8" "proxy-server 97198" 0.0489 "-" 96249 0
Dec 05 22:41:45 np0005548602.novalocal proxy-server[97198]: ::1 ::1 06/Dec/2025/03/41/45 PUT /v1/AUTH_d8741d1891ef40e5a7a8c7bee0ab6eed/gnocchi.d75e2bc1-2976-450f-be4d-1b9f0ee9745c/1764720000.0_mean_300.0_v3 HTTP/1.0 201 - python-swiftclient-4.8.0 gAAAAABpM6W9MtUs... 16 - - tx23d79f8f760048568939e-006933a5f8 - 0.0578 - - 1764992504.977662802 1764992505.035435200 0 1229ee3e1d964977b2a5589f27ad366e
Dec 05 22:41:45 np0005548602.novalocal container-server[95916]: ::1 - - [06/Dec/2025:03:41:45 +0000] "PUT /3/47568/AUTH_d8741d1891ef40e5a7a8c7bee0ab6eed/gnocchi.d75e2bc1-2976-450f-be4d-1b9f0ee9745c/none_v3" 201 - "PUT http://[::1]:8080/3/35767/AUTH_d8741d1891ef40e5a7a8c7bee0ab6eed/gnocchi.d75e2bc1-2976-450f-be4d-1b9f0ee9745c/none_v3" "tx59e9acc6671d4c94ac3cf-006933a5f9" "object-server 96250" 0.0009 "-" 95916 0
Dec 05 22:41:45 np0005548602.novalocal container-server[95917]: ::1 - - [06/Dec/2025:03:41:45 +0000] "PUT /1/47568/AUTH_d8741d1891ef40e5a7a8c7bee0ab6eed/gnocchi.d75e2bc1-2976-450f-be4d-1b9f0ee9745c/none_v3" 201 - "PUT http://[::1]:8080/1/35767/AUTH_d8741d1891ef40e5a7a8c7bee0ab6eed/gnocchi.d75e2bc1-2976-450f-be4d-1b9f0ee9745c/none_v3" "tx59e9acc6671d4c94ac3cf-006933a5f9" "object-server 96249" 0.0005 "-" 95917 0
Dec 05 22:41:45 np0005548602.novalocal object-server[96250]: ::1 - - [06/Dec/2025:03:41:45 +0000] "PUT /3/35767/AUTH_d8741d1891ef40e5a7a8c7bee0ab6eed/gnocchi.d75e2bc1-2976-450f-be4d-1b9f0ee9745c/none_v3" 201 - "PUT https://[::1]:8080/v1/AUTH_d8741d1891ef40e5a7a8c7bee0ab6eed/gnocchi.d75e2bc1-2976-450f-be4d-1b9f0ee9745c/none_v3" "tx59e9acc6671d4c94ac3cf-006933a5f9" "proxy-server 97198" 0.0124 "-" 96250 0
Dec 05 22:41:45 np0005548602.novalocal object-server[96249]: ::1 - - [06/Dec/2025:03:41:45 +0000] "PUT /1/35767/AUTH_d8741d1891ef40e5a7a8c7bee0ab6eed/gnocchi.d75e2bc1-2976-450f-be4d-1b9f0ee9745c/none_v3" 201 - "PUT https://[::1]:8080/v1/AUTH_d8741d1891ef40e5a7a8c7bee0ab6eed/gnocchi.d75e2bc1-2976-450f-be4d-1b9f0ee9745c/none_v3" "tx59e9acc6671d4c94ac3cf-006933a5f9" "proxy-server 97198" 0.0113 "-" 96249 0
Dec 05 22:41:45 np0005548602.novalocal container-server[95916]: ::1 - - [06/Dec/2025:03:41:45 +0000] "PUT /2/47568/AUTH_d8741d1891ef40e5a7a8c7bee0ab6eed/gnocchi.d75e2bc1-2976-450f-be4d-1b9f0ee9745c/none_v3" 201 - "PUT http://[::1]:8080/2/35767/AUTH_d8741d1891ef40e5a7a8c7bee0ab6eed/gnocchi.d75e2bc1-2976-450f-be4d-1b9f0ee9745c/none_v3" "tx59e9acc6671d4c94ac3cf-006933a5f9" "object-server 96249" 0.0006 "-" 95916 0
Dec 05 22:41:45 np0005548602.novalocal object-server[96249]: ::1 - - [06/Dec/2025:03:41:45 +0000] "PUT /2/35767/AUTH_d8741d1891ef40e5a7a8c7bee0ab6eed/gnocchi.d75e2bc1-2976-450f-be4d-1b9f0ee9745c/none_v3" 201 - "PUT https://[::1]:8080/v1/AUTH_d8741d1891ef40e5a7a8c7bee0ab6eed/gnocchi.d75e2bc1-2976-450f-be4d-1b9f0ee9745c/none_v3" "tx59e9acc6671d4c94ac3cf-006933a5f9" "proxy-server 97198" 0.0151 "-" 96249 0
Dec 05 22:41:45 np0005548602.novalocal proxy-server[97198]: ::1 ::1 06/Dec/2025/03/41/45 PUT /v1/AUTH_d8741d1891ef40e5a7a8c7bee0ab6eed/gnocchi.d75e2bc1-2976-450f-be4d-1b9f0ee9745c/none_v3 HTTP/1.0 201 - python-swiftclient-4.8.0 gAAAAABpM6W9MtUs... 22 - - tx59e9acc6671d4c94ac3cf-006933a5f9 - 0.0247 - - 1764992505.038475513 1764992505.063131332 0 1229ee3e1d964977b2a5589f27ad366e
Dec 05 22:41:45 np0005548602.novalocal container-server[95917]: ::1 - - [06/Dec/2025:03:41:45 +0000] "HEAD /3/241536/AUTH_d8741d1891ef40e5a7a8c7bee0ab6eed/gnocchi.785d5aec-80a9-406c-9d7f-16d56cbd11e6" 404 - "HEAD http://[::1]:8080/v1/AUTH_d8741d1891ef40e5a7a8c7bee0ab6eed/gnocchi.785d5aec-80a9-406c-9d7f-16d56cbd11e6" "txbec032be1ffa4f1f98321-006933a5f9" "proxy-server 97198" 0.0003 "-" 95917 0
Dec 05 22:41:45 np0005548602.novalocal container-server[95916]: ::1 - - [06/Dec/2025:03:41:45 +0000] "HEAD /1/241536/AUTH_d8741d1891ef40e5a7a8c7bee0ab6eed/gnocchi.785d5aec-80a9-406c-9d7f-16d56cbd11e6" 404 - "HEAD http://[::1]:8080/v1/AUTH_d8741d1891ef40e5a7a8c7bee0ab6eed/gnocchi.785d5aec-80a9-406c-9d7f-16d56cbd11e6" "txbec032be1ffa4f1f98321-006933a5f9" "proxy-server 97198" 0.0006 "-" 95916 0
Dec 05 22:41:45 np0005548602.novalocal container-server[95916]: ::1 - - [06/Dec/2025:03:41:45 +0000] "HEAD /2/241536/AUTH_d8741d1891ef40e5a7a8c7bee0ab6eed/gnocchi.785d5aec-80a9-406c-9d7f-16d56cbd11e6" 404 - "HEAD http://[::1]:8080/v1/AUTH_d8741d1891ef40e5a7a8c7bee0ab6eed/gnocchi.785d5aec-80a9-406c-9d7f-16d56cbd11e6" "txbec032be1ffa4f1f98321-006933a5f9" "proxy-server 97198" 0.0004 "-" 95916 0
Dec 05 22:41:45 np0005548602.novalocal proxy-server[97198]: - - 06/Dec/2025/03/41/45 HEAD /v1/AUTH_d8741d1891ef40e5a7a8c7bee0ab6eed/gnocchi.785d5aec-80a9-406c-9d7f-16d56cbd11e6 HTTP/1.0 404 - Swift - - - - txbec032be1ffa4f1f98321-006933a5f9 - 0.0126 CS - 1764992505.089698553 1764992505.102274418 0 -
Dec 05 22:41:45 np0005548602.novalocal object-server[96250]: ::1 - - [06/Dec/2025:03:41:45 +0000] "GET /3/223019/AUTH_d8741d1891ef40e5a7a8c7bee0ab6eed/gnocchi.785d5aec-80a9-406c-9d7f-16d56cbd11e6/none_v3" 404 70 "GET https://[::1]:8080/v1/AUTH_d8741d1891ef40e5a7a8c7bee0ab6eed/gnocchi.785d5aec-80a9-406c-9d7f-16d56cbd11e6/none_v3" "txbec032be1ffa4f1f98321-006933a5f9" "proxy-server 97198" 0.0003 "-" 96250 0
Dec 05 22:41:45 np0005548602.novalocal object-server[96250]: ::1 - - [06/Dec/2025:03:41:45 +0000] "GET /2/223019/AUTH_d8741d1891ef40e5a7a8c7bee0ab6eed/gnocchi.785d5aec-80a9-406c-9d7f-16d56cbd11e6/none_v3" 404 70 "GET https://[::1]:8080/v1/AUTH_d8741d1891ef40e5a7a8c7bee0ab6eed/gnocchi.785d5aec-80a9-406c-9d7f-16d56cbd11e6/none_v3" "txbec032be1ffa4f1f98321-006933a5f9" "proxy-server 97198" 0.0002 "-" 96250 0
Dec 05 22:41:45 np0005548602.novalocal object-server[96250]: ::1 - - [06/Dec/2025:03:41:45 +0000] "GET /1/223019/AUTH_d8741d1891ef40e5a7a8c7bee0ab6eed/gnocchi.785d5aec-80a9-406c-9d7f-16d56cbd11e6/none_v3" 404 70 "GET https://[::1]:8080/v1/AUTH_d8741d1891ef40e5a7a8c7bee0ab6eed/gnocchi.785d5aec-80a9-406c-9d7f-16d56cbd11e6/none_v3" "txbec032be1ffa4f1f98321-006933a5f9" "proxy-server 97198" 0.0002 "-" 96250 0
Dec 05 22:41:45 np0005548602.novalocal proxy-server[97198]: ::1 ::1 06/Dec/2025/03/41/45 GET /v1/AUTH_d8741d1891ef40e5a7a8c7bee0ab6eed/gnocchi.785d5aec-80a9-406c-9d7f-16d56cbd11e6/none_v3 HTTP/1.0 404 - python-swiftclient-4.8.0 gAAAAABpM6W9MtUs... - 70 - txbec032be1ffa4f1f98321-006933a5f9 - 0.0294 - - 1764992505.084836721 1764992505.114260674 0 1229ee3e1d964977b2a5589f27ad366e
Dec 05 22:41:45 np0005548602.novalocal account-server[95624]: ::1 - - [06/Dec/2025:03:41:45 +0000] "PUT /1/76100/AUTH_d8741d1891ef40e5a7a8c7bee0ab6eed/gnocchi.785d5aec-80a9-406c-9d7f-16d56cbd11e6" 201 - "PUT http://[::1]:6001/3/241536/AUTH_d8741d1891ef40e5a7a8c7bee0ab6eed/gnocchi.785d5aec-80a9-406c-9d7f-16d56cbd11e6" "tx54c97c9564ab4ebea579a-006933a5f9" "container-server 95916" 0.0048 "-" 95624 0
Dec 05 22:41:45 np0005548602.novalocal container-server[95916]: ::1 - - [06/Dec/2025:03:41:45 +0000] "PUT /3/241536/AUTH_d8741d1891ef40e5a7a8c7bee0ab6eed/gnocchi.785d5aec-80a9-406c-9d7f-16d56cbd11e6" 201 - "PUT https://[::1]:8080/v1/AUTH_d8741d1891ef40e5a7a8c7bee0ab6eed/gnocchi.785d5aec-80a9-406c-9d7f-16d56cbd11e6" "tx54c97c9564ab4ebea579a-006933a5f9" "proxy-server 97198" 0.0535 "-" 95916 0
Dec 05 22:41:45 np0005548602.novalocal account-server[95624]: ::1 - - [06/Dec/2025:03:41:45 +0000] "PUT /2/76100/AUTH_d8741d1891ef40e5a7a8c7bee0ab6eed/gnocchi.785d5aec-80a9-406c-9d7f-16d56cbd11e6" 201 - "PUT http://[::1]:6001/2/241536/AUTH_d8741d1891ef40e5a7a8c7bee0ab6eed/gnocchi.785d5aec-80a9-406c-9d7f-16d56cbd11e6" "tx54c97c9564ab4ebea579a-006933a5f9" "container-server 95917" 0.0042 "-" 95624 0
Dec 05 22:41:45 np0005548602.novalocal container-server[95917]: ::1 - - [06/Dec/2025:03:41:45 +0000] "PUT /2/241536/AUTH_d8741d1891ef40e5a7a8c7bee0ab6eed/gnocchi.785d5aec-80a9-406c-9d7f-16d56cbd11e6" 201 - "PUT https://[::1]:8080/v1/AUTH_d8741d1891ef40e5a7a8c7bee0ab6eed/gnocchi.785d5aec-80a9-406c-9d7f-16d56cbd11e6" "tx54c97c9564ab4ebea579a-006933a5f9" "proxy-server 97198" 0.0602 "-" 95917 0
Dec 05 22:41:45 np0005548602.novalocal account-server[95624]: ::1 - - [06/Dec/2025:03:41:45 +0000] "PUT /3/76100/AUTH_d8741d1891ef40e5a7a8c7bee0ab6eed/gnocchi.785d5aec-80a9-406c-9d7f-16d56cbd11e6" 201 - "PUT http://[::1]:6001/1/241536/AUTH_d8741d1891ef40e5a7a8c7bee0ab6eed/gnocchi.785d5aec-80a9-406c-9d7f-16d56cbd11e6" "tx54c97c9564ab4ebea579a-006933a5f9" "container-server 95917" 0.0047 "-" 95624 0
Dec 05 22:41:45 np0005548602.novalocal container-server[95917]: ::1 - - [06/Dec/2025:03:41:45 +0000] "PUT /1/241536/AUTH_d8741d1891ef40e5a7a8c7bee0ab6eed/gnocchi.785d5aec-80a9-406c-9d7f-16d56cbd11e6" 201 - "PUT https://[::1]:8080/v1/AUTH_d8741d1891ef40e5a7a8c7bee0ab6eed/gnocchi.785d5aec-80a9-406c-9d7f-16d56cbd11e6" "tx54c97c9564ab4ebea579a-006933a5f9" "proxy-server 97198" 0.0201 "-" 95917 0
Dec 05 22:41:45 np0005548602.novalocal proxy-server[97198]: ::1 ::1 06/Dec/2025/03/41/45 PUT /v1/AUTH_d8741d1891ef40e5a7a8c7bee0ab6eed/gnocchi.785d5aec-80a9-406c-9d7f-16d56cbd11e6 HTTP/1.0 201 - python-swiftclient-4.8.0 gAAAAABpM6W9MtUs... - - - tx54c97c9564ab4ebea579a-006933a5f9 - 0.0743 - - 1764992505.118074894 1764992505.192419529 0 1229ee3e1d964977b2a5589f27ad366e
Dec 05 22:41:45 np0005548602.novalocal container-server[95916]: ::1 - - [06/Dec/2025:03:41:45 +0000] "HEAD /1/241536/AUTH_d8741d1891ef40e5a7a8c7bee0ab6eed/gnocchi.785d5aec-80a9-406c-9d7f-16d56cbd11e6" 204 - "HEAD http://[::1]:8080/v1/AUTH_d8741d1891ef40e5a7a8c7bee0ab6eed/gnocchi.785d5aec-80a9-406c-9d7f-16d56cbd11e6" "tx7dfb930edb984d10b015e-006933a5f9" "proxy-server 97198" 0.0024 "-" 95916 0
Dec 05 22:41:45 np0005548602.novalocal proxy-server[97198]: - - 06/Dec/2025/03/41/45 HEAD /v1/AUTH_d8741d1891ef40e5a7a8c7bee0ab6eed/gnocchi.785d5aec-80a9-406c-9d7f-16d56cbd11e6 HTTP/1.0 204 - Swift - - - - tx7dfb930edb984d10b015e-006933a5f9 - 0.0064 CS - 1764992505.196614742 1764992505.202981234 0 -
Dec 05 22:41:45 np0005548602.novalocal container-server[95916]: ::1 - - [06/Dec/2025:03:41:45 +0000] "GET /3/241536/AUTH_d8741d1891ef40e5a7a8c7bee0ab6eed/gnocchi.785d5aec-80a9-406c-9d7f-16d56cbd11e6" 200 2 "GET https://[::1]:8080/v1/AUTH_d8741d1891ef40e5a7a8c7bee0ab6eed/gnocchi.785d5aec-80a9-406c-9d7f-16d56cbd11e6?format=json&states=listing" "tx7dfb930edb984d10b015e-006933a5f9" "proxy-server 97198" 0.0046 "-" 95916 0
Dec 05 22:41:45 np0005548602.novalocal proxy-server[97198]: ::1 ::1 06/Dec/2025/03/41/45 GET /v1/AUTH_d8741d1891ef40e5a7a8c7bee0ab6eed/gnocchi.785d5aec-80a9-406c-9d7f-16d56cbd11e6%3Fformat%3Djson%26states%3Dlisting HTTP/1.0 200 - python-swiftclient-4.8.0 gAAAAABpM6W9MtUs... - 2 - tx7dfb930edb984d10b015e-006933a5f9 - 0.0196 - - 1764992505.195953131 1764992505.215517044 0 1229ee3e1d964977b2a5589f27ad366e
Dec 05 22:41:45 np0005548602.novalocal object-server[96250]: ::1 - - [06/Dec/2025:03:41:45 +0000] "GET /2/36440/AUTH_d8741d1891ef40e5a7a8c7bee0ab6eed/gnocchi.785d5aec-80a9-406c-9d7f-16d56cbd11e6/1764720000.0_mean_300.0_v3" 404 70 "GET https://[::1]:8080/v1/AUTH_d8741d1891ef40e5a7a8c7bee0ab6eed/gnocchi.785d5aec-80a9-406c-9d7f-16d56cbd11e6/1764720000.0_mean_300.0_v3" "tx3c95b7272c484665aa8db-006933a5f9" "proxy-server 97198" 0.0003 "-" 96250 0
Dec 05 22:41:45 np0005548602.novalocal object-server[96250]: ::1 - - [06/Dec/2025:03:41:45 +0000] "GET /3/36440/AUTH_d8741d1891ef40e5a7a8c7bee0ab6eed/gnocchi.785d5aec-80a9-406c-9d7f-16d56cbd11e6/1764720000.0_mean_300.0_v3" 404 70 "GET https://[::1]:8080/v1/AUTH_d8741d1891ef40e5a7a8c7bee0ab6eed/gnocchi.785d5aec-80a9-406c-9d7f-16d56cbd11e6/1764720000.0_mean_300.0_v3" "tx3c95b7272c484665aa8db-006933a5f9" "proxy-server 97198" 0.0002 "-" 96250 0
Dec 05 22:41:45 np0005548602.novalocal object-server[96249]: ::1 - - [06/Dec/2025:03:41:45 +0000] "GET /1/36440/AUTH_d8741d1891ef40e5a7a8c7bee0ab6eed/gnocchi.785d5aec-80a9-406c-9d7f-16d56cbd11e6/1764720000.0_mean_300.0_v3" 404 70 "GET https://[::1]:8080/v1/AUTH_d8741d1891ef40e5a7a8c7bee0ab6eed/gnocchi.785d5aec-80a9-406c-9d7f-16d56cbd11e6/1764720000.0_mean_300.0_v3" "tx3c95b7272c484665aa8db-006933a5f9" "proxy-server 97198" 0.0009 "-" 96249 0
Dec 05 22:41:45 np0005548602.novalocal proxy-server[97198]: ::1 ::1 06/Dec/2025/03/41/45 GET /v1/AUTH_d8741d1891ef40e5a7a8c7bee0ab6eed/gnocchi.785d5aec-80a9-406c-9d7f-16d56cbd11e6/1764720000.0_mean_300.0_v3 HTTP/1.0 404 - python-swiftclient-4.8.0 gAAAAABpM6W9MtUs... - 70 - tx3c95b7272c484665aa8db-006933a5f9 - 0.0133 - - 1764992505.218750954 1764992505.232087851 0 1229ee3e1d964977b2a5589f27ad366e
Dec 05 22:41:45 np0005548602.novalocal container-server[95916]: ::1 - - [06/Dec/2025:03:41:45 +0000] "PUT /3/241536/AUTH_d8741d1891ef40e5a7a8c7bee0ab6eed/gnocchi.785d5aec-80a9-406c-9d7f-16d56cbd11e6/1764720000.0_mean_300.0_v3" 201 - "PUT http://[::1]:8080/2/36440/AUTH_d8741d1891ef40e5a7a8c7bee0ab6eed/gnocchi.785d5aec-80a9-406c-9d7f-16d56cbd11e6/1764720000.0_mean_300.0_v3" "tx1adc3257c4154dbdb3153-006933a5f9" "object-server 96249" 0.0005 "-" 95916 0
Dec 05 22:41:45 np0005548602.novalocal container-server[95917]: ::1 - - [06/Dec/2025:03:41:45 +0000] "PUT /1/241536/AUTH_d8741d1891ef40e5a7a8c7bee0ab6eed/gnocchi.785d5aec-80a9-406c-9d7f-16d56cbd11e6/1764720000.0_mean_300.0_v3" 201 - "PUT http://[::1]:8080/1/36440/AUTH_d8741d1891ef40e5a7a8c7bee0ab6eed/gnocchi.785d5aec-80a9-406c-9d7f-16d56cbd11e6/1764720000.0_mean_300.0_v3" "tx1adc3257c4154dbdb3153-006933a5f9" "object-server 96250" 0.0008 "-" 95917 0
Dec 05 22:41:45 np0005548602.novalocal object-server[96250]: ::1 - - [06/Dec/2025:03:41:45 +0000] "PUT /1/36440/AUTH_d8741d1891ef40e5a7a8c7bee0ab6eed/gnocchi.785d5aec-80a9-406c-9d7f-16d56cbd11e6/1764720000.0_mean_300.0_v3" 201 - "PUT https://[::1]:8080/v1/AUTH_d8741d1891ef40e5a7a8c7bee0ab6eed/gnocchi.785d5aec-80a9-406c-9d7f-16d56cbd11e6/1764720000.0_mean_300.0_v3" "tx1adc3257c4154dbdb3153-006933a5f9" "proxy-server 97198" 0.0725 "-" 96250 0
Dec 05 22:41:45 np0005548602.novalocal container-server[95917]: ::1 - - [06/Dec/2025:03:41:45 +0000] "PUT /2/241536/AUTH_d8741d1891ef40e5a7a8c7bee0ab6eed/gnocchi.785d5aec-80a9-406c-9d7f-16d56cbd11e6/1764720000.0_mean_300.0_v3" 201 - "PUT http://[::1]:8080/3/36440/AUTH_d8741d1891ef40e5a7a8c7bee0ab6eed/gnocchi.785d5aec-80a9-406c-9d7f-16d56cbd11e6/1764720000.0_mean_300.0_v3" "tx1adc3257c4154dbdb3153-006933a5f9" "object-server 96250" 0.0004 "-" 95917 0
Dec 05 22:41:45 np0005548602.novalocal object-server[96250]: ::1 - - [06/Dec/2025:03:41:45 +0000] "PUT /3/36440/AUTH_d8741d1891ef40e5a7a8c7bee0ab6eed/gnocchi.785d5aec-80a9-406c-9d7f-16d56cbd11e6/1764720000.0_mean_300.0_v3" 201 - "PUT https://[::1]:8080/v1/AUTH_d8741d1891ef40e5a7a8c7bee0ab6eed/gnocchi.785d5aec-80a9-406c-9d7f-16d56cbd11e6/1764720000.0_mean_300.0_v3" "tx1adc3257c4154dbdb3153-006933a5f9" "proxy-server 97198" 0.0753 "-" 96250 0
Dec 05 22:41:45 np0005548602.novalocal object-server[96249]: ::1 - - [06/Dec/2025:03:41:45 +0000] "PUT /2/36440/AUTH_d8741d1891ef40e5a7a8c7bee0ab6eed/gnocchi.785d5aec-80a9-406c-9d7f-16d56cbd11e6/1764720000.0_mean_300.0_v3" 201 - "PUT https://[::1]:8080/v1/AUTH_d8741d1891ef40e5a7a8c7bee0ab6eed/gnocchi.785d5aec-80a9-406c-9d7f-16d56cbd11e6/1764720000.0_mean_300.0_v3" "tx1adc3257c4154dbdb3153-006933a5f9" "proxy-server 97198" 0.0770 "-" 96249 0
Dec 05 22:41:45 np0005548602.novalocal proxy-server[97198]: ::1 ::1 06/Dec/2025/03/41/45 PUT /v1/AUTH_d8741d1891ef40e5a7a8c7bee0ab6eed/gnocchi.785d5aec-80a9-406c-9d7f-16d56cbd11e6/1764720000.0_mean_300.0_v3 HTTP/1.0 201 - python-swiftclient-4.8.0 gAAAAABpM6W9MtUs... 16 - - tx1adc3257c4154dbdb3153-006933a5f9 - 0.0855 - - 1764992505.235654831 1764992505.321107149 0 1229ee3e1d964977b2a5589f27ad366e
Dec 05 22:41:45 np0005548602.novalocal container-server[95916]: ::1 - - [06/Dec/2025:03:41:45 +0000] "PUT /1/241536/AUTH_d8741d1891ef40e5a7a8c7bee0ab6eed/gnocchi.785d5aec-80a9-406c-9d7f-16d56cbd11e6/none_v3" 201 - "PUT http://[::1]:8080/1/223019/AUTH_d8741d1891ef40e5a7a8c7bee0ab6eed/gnocchi.785d5aec-80a9-406c-9d7f-16d56cbd11e6/none_v3" "tx0b9fbb50d8c543f6bfe24-006933a5f9" "object-server 96249" 0.0008 "-" 95916 0
Dec 05 22:41:45 np0005548602.novalocal object-server[96249]: ::1 - - [06/Dec/2025:03:41:45 +0000] "PUT /1/223019/AUTH_d8741d1891ef40e5a7a8c7bee0ab6eed/gnocchi.785d5aec-80a9-406c-9d7f-16d56cbd11e6/none_v3" 201 - "PUT https://[::1]:8080/v1/AUTH_d8741d1891ef40e5a7a8c7bee0ab6eed/gnocchi.785d5aec-80a9-406c-9d7f-16d56cbd11e6/none_v3" "tx0b9fbb50d8c543f6bfe24-006933a5f9" "proxy-server 97198" 0.0129 "-" 96249 0
Dec 05 22:41:45 np0005548602.novalocal container-server[95916]: ::1 - - [06/Dec/2025:03:41:45 +0000] "PUT /3/241536/AUTH_d8741d1891ef40e5a7a8c7bee0ab6eed/gnocchi.785d5aec-80a9-406c-9d7f-16d56cbd11e6/none_v3" 201 - "PUT http://[::1]:8080/3/223019/AUTH_d8741d1891ef40e5a7a8c7bee0ab6eed/gnocchi.785d5aec-80a9-406c-9d7f-16d56cbd11e6/none_v3" "tx0b9fbb50d8c543f6bfe24-006933a5f9" "object-server 96249" 0.0007 "-" 95916 0
Dec 05 22:41:45 np0005548602.novalocal container-server[95917]: ::1 - - [06/Dec/2025:03:41:45 +0000] "PUT /2/241536/AUTH_d8741d1891ef40e5a7a8c7bee0ab6eed/gnocchi.785d5aec-80a9-406c-9d7f-16d56cbd11e6/none_v3" 201 - "PUT http://[::1]:8080/2/223019/AUTH_d8741d1891ef40e5a7a8c7bee0ab6eed/gnocchi.785d5aec-80a9-406c-9d7f-16d56cbd11e6/none_v3" "tx0b9fbb50d8c543f6bfe24-006933a5f9" "object-server 96249" 0.0007 "-" 95917 0
Dec 05 22:41:45 np0005548602.novalocal object-server[96249]: ::1 - - [06/Dec/2025:03:41:45 +0000] "PUT /3/223019/AUTH_d8741d1891ef40e5a7a8c7bee0ab6eed/gnocchi.785d5aec-80a9-406c-9d7f-16d56cbd11e6/none_v3" 201 - "PUT https://[::1]:8080/v1/AUTH_d8741d1891ef40e5a7a8c7bee0ab6eed/gnocchi.785d5aec-80a9-406c-9d7f-16d56cbd11e6/none_v3" "tx0b9fbb50d8c543f6bfe24-006933a5f9" "proxy-server 97198" 0.0169 "-" 96249 0
Dec 05 22:41:45 np0005548602.novalocal object-server[96249]: ::1 - - [06/Dec/2025:03:41:45 +0000] "PUT /2/223019/AUTH_d8741d1891ef40e5a7a8c7bee0ab6eed/gnocchi.785d5aec-80a9-406c-9d7f-16d56cbd11e6/none_v3" 201 - "PUT https://[::1]:8080/v1/AUTH_d8741d1891ef40e5a7a8c7bee0ab6eed/gnocchi.785d5aec-80a9-406c-9d7f-16d56cbd11e6/none_v3" "tx0b9fbb50d8c543f6bfe24-006933a5f9" "proxy-server 97198" 0.0206 "-" 96249 0
Dec 05 22:41:45 np0005548602.novalocal proxy-server[97198]: ::1 ::1 06/Dec/2025/03/41/45 PUT /v1/AUTH_d8741d1891ef40e5a7a8c7bee0ab6eed/gnocchi.785d5aec-80a9-406c-9d7f-16d56cbd11e6/none_v3 HTTP/1.0 201 - python-swiftclient-4.8.0 gAAAAABpM6W9MtUs... 22 - - tx0b9fbb50d8c543f6bfe24-006933a5f9 - 0.0272 - - 1764992505.323913097 1764992505.351086378 0 1229ee3e1d964977b2a5589f27ad366e
Dec 05 22:41:45 np0005548602.novalocal container-server[95916]: ::1 - - [06/Dec/2025:03:41:45 +0000] "HEAD /2/43651/AUTH_d8741d1891ef40e5a7a8c7bee0ab6eed/gnocchi.fb5943f1-50a0-41cf-a8b2-4b9caa44427b" 404 - "HEAD http://[::1]:8080/v1/AUTH_d8741d1891ef40e5a7a8c7bee0ab6eed/gnocchi.fb5943f1-50a0-41cf-a8b2-4b9caa44427b" "txcad8cdbea964492db797d-006933a5f9" "proxy-server 97198" 0.0004 "-" 95916 0
Dec 05 22:41:45 np0005548602.novalocal container-server[95917]: ::1 - - [06/Dec/2025:03:41:45 +0000] "HEAD /3/43651/AUTH_d8741d1891ef40e5a7a8c7bee0ab6eed/gnocchi.fb5943f1-50a0-41cf-a8b2-4b9caa44427b" 404 - "HEAD http://[::1]:8080/v1/AUTH_d8741d1891ef40e5a7a8c7bee0ab6eed/gnocchi.fb5943f1-50a0-41cf-a8b2-4b9caa44427b" "txcad8cdbea964492db797d-006933a5f9" "proxy-server 97198" 0.0003 "-" 95917 0
Dec 05 22:41:45 np0005548602.novalocal container-server[95917]: ::1 - - [06/Dec/2025:03:41:45 +0000] "HEAD /1/43651/AUTH_d8741d1891ef40e5a7a8c7bee0ab6eed/gnocchi.fb5943f1-50a0-41cf-a8b2-4b9caa44427b" 404 - "HEAD http://[::1]:8080/v1/AUTH_d8741d1891ef40e5a7a8c7bee0ab6eed/gnocchi.fb5943f1-50a0-41cf-a8b2-4b9caa44427b" "txcad8cdbea964492db797d-006933a5f9" "proxy-server 97198" 0.0002 "-" 95917 0
Dec 05 22:41:45 np0005548602.novalocal proxy-server[97198]: - - 06/Dec/2025/03/41/45 HEAD /v1/AUTH_d8741d1891ef40e5a7a8c7bee0ab6eed/gnocchi.fb5943f1-50a0-41cf-a8b2-4b9caa44427b HTTP/1.0 404 - Swift - - - - txcad8cdbea964492db797d-006933a5f9 - 0.0081 CS - 1764992505.381350517 1764992505.389450073 0 -
Dec 05 22:41:45 np0005548602.novalocal object-server[96249]: ::1 - - [06/Dec/2025:03:41:45 +0000] "GET /3/49115/AUTH_d8741d1891ef40e5a7a8c7bee0ab6eed/gnocchi.fb5943f1-50a0-41cf-a8b2-4b9caa44427b/none_v3" 404 70 "GET https://[::1]:8080/v1/AUTH_d8741d1891ef40e5a7a8c7bee0ab6eed/gnocchi.fb5943f1-50a0-41cf-a8b2-4b9caa44427b/none_v3" "txcad8cdbea964492db797d-006933a5f9" "proxy-server 97198" 0.0003 "-" 96249 0
Dec 05 22:41:45 np0005548602.novalocal object-server[96250]: ::1 - - [06/Dec/2025:03:41:45 +0000] "GET /2/49115/AUTH_d8741d1891ef40e5a7a8c7bee0ab6eed/gnocchi.fb5943f1-50a0-41cf-a8b2-4b9caa44427b/none_v3" 404 70 "GET https://[::1]:8080/v1/AUTH_d8741d1891ef40e5a7a8c7bee0ab6eed/gnocchi.fb5943f1-50a0-41cf-a8b2-4b9caa44427b/none_v3" "txcad8cdbea964492db797d-006933a5f9" "proxy-server 97198" 0.0004 "-" 96250 0
Dec 05 22:41:45 np0005548602.novalocal object-server[96250]: ::1 - - [06/Dec/2025:03:41:45 +0000] "GET /1/49115/AUTH_d8741d1891ef40e5a7a8c7bee0ab6eed/gnocchi.fb5943f1-50a0-41cf-a8b2-4b9caa44427b/none_v3" 404 70 "GET https://[::1]:8080/v1/AUTH_d8741d1891ef40e5a7a8c7bee0ab6eed/gnocchi.fb5943f1-50a0-41cf-a8b2-4b9caa44427b/none_v3" "txcad8cdbea964492db797d-006933a5f9" "proxy-server 97198" 0.0002 "-" 96250 0
Dec 05 22:41:45 np0005548602.novalocal proxy-server[97198]: ::1 ::1 06/Dec/2025/03/41/45 GET /v1/AUTH_d8741d1891ef40e5a7a8c7bee0ab6eed/gnocchi.fb5943f1-50a0-41cf-a8b2-4b9caa44427b/none_v3 HTTP/1.0 404 - python-swiftclient-4.8.0 gAAAAABpM6W9MtUs... - 70 - txcad8cdbea964492db797d-006933a5f9 - 0.0189 - - 1764992505.380718708 1764992505.399654388 0 1229ee3e1d964977b2a5589f27ad366e
Dec 05 22:41:45 np0005548602.novalocal account-server[95623]: ::1 - - [06/Dec/2025:03:41:45 +0000] "PUT /2/76100/AUTH_d8741d1891ef40e5a7a8c7bee0ab6eed/gnocchi.fb5943f1-50a0-41cf-a8b2-4b9caa44427b" 201 - "PUT http://[::1]:6001/3/43651/AUTH_d8741d1891ef40e5a7a8c7bee0ab6eed/gnocchi.fb5943f1-50a0-41cf-a8b2-4b9caa44427b" "txd2241523254340619f1da-006933a5f9" "container-server 95917" 0.0040 "-" 95623 0
Dec 05 22:41:45 np0005548602.novalocal container-server[95917]: ::1 - - [06/Dec/2025:03:41:45 +0000] "PUT /3/43651/AUTH_d8741d1891ef40e5a7a8c7bee0ab6eed/gnocchi.fb5943f1-50a0-41cf-a8b2-4b9caa44427b" 201 - "PUT https://[::1]:8080/v1/AUTH_d8741d1891ef40e5a7a8c7bee0ab6eed/gnocchi.fb5943f1-50a0-41cf-a8b2-4b9caa44427b" "txd2241523254340619f1da-006933a5f9" "proxy-server 97198" 0.0183 "-" 95917 0
Dec 05 22:41:45 np0005548602.novalocal account-server[95623]: ::1 - - [06/Dec/2025:03:41:45 +0000] "PUT /3/76100/AUTH_d8741d1891ef40e5a7a8c7bee0ab6eed/gnocchi.fb5943f1-50a0-41cf-a8b2-4b9caa44427b" 201 - "PUT http://[::1]:6001/2/43651/AUTH_d8741d1891ef40e5a7a8c7bee0ab6eed/gnocchi.fb5943f1-50a0-41cf-a8b2-4b9caa44427b" "txd2241523254340619f1da-006933a5f9" "container-server 95917" 0.0044 "-" 95623 0
Dec 05 22:41:45 np0005548602.novalocal container-server[95917]: ::1 - - [06/Dec/2025:03:41:45 +0000] "PUT /2/43651/AUTH_d8741d1891ef40e5a7a8c7bee0ab6eed/gnocchi.fb5943f1-50a0-41cf-a8b2-4b9caa44427b" 201 - "PUT https://[::1]:8080/v1/AUTH_d8741d1891ef40e5a7a8c7bee0ab6eed/gnocchi.fb5943f1-50a0-41cf-a8b2-4b9caa44427b" "txd2241523254340619f1da-006933a5f9" "proxy-server 97198" 0.0130 "-" 95917 0
Dec 05 22:41:45 np0005548602.novalocal account-server[95624]: ::1 - - [06/Dec/2025:03:41:45 +0000] "PUT /1/76100/AUTH_d8741d1891ef40e5a7a8c7bee0ab6eed/gnocchi.fb5943f1-50a0-41cf-a8b2-4b9caa44427b" 201 - "PUT http://[::1]:6001/1/43651/AUTH_d8741d1891ef40e5a7a8c7bee0ab6eed/gnocchi.fb5943f1-50a0-41cf-a8b2-4b9caa44427b" "txd2241523254340619f1da-006933a5f9" "container-server 95917" 0.0090 "-" 95624 0
Dec 05 22:41:45 np0005548602.novalocal container-server[95917]: ::1 - - [06/Dec/2025:03:41:45 +0000] "PUT /1/43651/AUTH_d8741d1891ef40e5a7a8c7bee0ab6eed/gnocchi.fb5943f1-50a0-41cf-a8b2-4b9caa44427b" 201 - "PUT https://[::1]:8080/v1/AUTH_d8741d1891ef40e5a7a8c7bee0ab6eed/gnocchi.fb5943f1-50a0-41cf-a8b2-4b9caa44427b" "txd2241523254340619f1da-006933a5f9" "proxy-server 97198" 0.0383 "-" 95917 0
Dec 05 22:41:45 np0005548602.novalocal proxy-server[97198]: ::1 ::1 06/Dec/2025/03/41/45 PUT /v1/AUTH_d8741d1891ef40e5a7a8c7bee0ab6eed/gnocchi.fb5943f1-50a0-41cf-a8b2-4b9caa44427b HTTP/1.0 201 - python-swiftclient-4.8.0 gAAAAABpM6W9MtUs... - - - txd2241523254340619f1da-006933a5f9 - 0.0480 - - 1764992505.401802301 1764992505.449808121 0 1229ee3e1d964977b2a5589f27ad366e
Dec 05 22:41:45 np0005548602.novalocal container-server[95917]: ::1 - - [06/Dec/2025:03:41:45 +0000] "HEAD /2/43651/AUTH_d8741d1891ef40e5a7a8c7bee0ab6eed/gnocchi.fb5943f1-50a0-41cf-a8b2-4b9caa44427b" 204 - "HEAD http://[::1]:8080/v1/AUTH_d8741d1891ef40e5a7a8c7bee0ab6eed/gnocchi.fb5943f1-50a0-41cf-a8b2-4b9caa44427b" "txce2c16fa89084a828a8af-006933a5f9" "proxy-server 97198" 0.0014 "-" 95917 0
Dec 05 22:41:45 np0005548602.novalocal proxy-server[97198]: - - 06/Dec/2025/03/41/45 HEAD /v1/AUTH_d8741d1891ef40e5a7a8c7bee0ab6eed/gnocchi.fb5943f1-50a0-41cf-a8b2-4b9caa44427b HTTP/1.0 204 - Swift - - - - txce2c16fa89084a828a8af-006933a5f9 - 0.0047 CS - 1764992505.453943014 1764992505.458603621 0 -
Dec 05 22:41:45 np0005548602.novalocal container-server[95916]: ::1 - - [06/Dec/2025:03:41:45 +0000] "GET /2/43651/AUTH_d8741d1891ef40e5a7a8c7bee0ab6eed/gnocchi.fb5943f1-50a0-41cf-a8b2-4b9caa44427b" 200 2 "GET https://[::1]:8080/v1/AUTH_d8741d1891ef40e5a7a8c7bee0ab6eed/gnocchi.fb5943f1-50a0-41cf-a8b2-4b9caa44427b?format=json&states=listing" "txce2c16fa89084a828a8af-006933a5f9" "proxy-server 97198" 0.0025 "-" 95916 0
Dec 05 22:41:45 np0005548602.novalocal proxy-server[97198]: ::1 ::1 06/Dec/2025/03/41/45 GET /v1/AUTH_d8741d1891ef40e5a7a8c7bee0ab6eed/gnocchi.fb5943f1-50a0-41cf-a8b2-4b9caa44427b%3Fformat%3Djson%26states%3Dlisting HTTP/1.0 200 - python-swiftclient-4.8.0 gAAAAABpM6W9MtUs... - 2 - txce2c16fa89084a828a8af-006933a5f9 - 0.0161 - - 1764992505.453247547 1764992505.469314575 0 1229ee3e1d964977b2a5589f27ad366e
