Dec 05 22:42:13 np0005548602.novalocal object-server[96250]: ::1 - - [06/Dec/2025:03:42:13 +0000] "PUT /3/177755/AUTH_d8741d1891ef40e5a7a8c7bee0ab6eed/gnocchi.17e473af-eef2-4f69-b547-6909398a6d6b/none_v3" 201 - "PUT https://[::1]:8080/v1/AUTH_d8741d1891ef40e5a7a8c7bee0ab6eed/gnocchi.17e473af-eef2-4f69-b547-6909398a6d6b/none_v3" "txabc37f44d0a2448b9e52a-006933a615" "proxy-server 97198" 0.0133 "-" 96250 0
Dec 05 22:42:13 np0005548602.novalocal object-server[96250]: ::1 - - [06/Dec/2025:03:42:13 +0000] "PUT /1/177755/AUTH_d8741d1891ef40e5a7a8c7bee0ab6eed/gnocchi.17e473af-eef2-4f69-b547-6909398a6d6b/none_v3" 201 - "PUT https://[::1]:8080/v1/AUTH_d8741d1891ef40e5a7a8c7bee0ab6eed/gnocchi.17e473af-eef2-4f69-b547-6909398a6d6b/none_v3" "txabc37f44d0a2448b9e52a-006933a615" "proxy-server 97198" 0.0127 "-" 96250 0
Dec 05 22:42:13 np0005548602.novalocal proxy-server[97198]: ::1 ::1 06/Dec/2025/03/42/13 PUT /v1/AUTH_d8741d1891ef40e5a7a8c7bee0ab6eed/gnocchi.17e473af-eef2-4f69-b547-6909398a6d6b/none_v3 HTTP/1.0 201 - python-swiftclient-4.8.0 gAAAAABpM6XeP7WC... 46 - - txabc37f44d0a2448b9e52a-006933a615 - 0.0236 - - 1764992533.097947598 1764992533.121511221 0 1229ee3e1d964977b2a5589f27ad366e
Dec 05 22:42:13 np0005548602.novalocal kernel: qr-48e12886-bd: entered promiscuous mode
Dec 05 22:42:13 np0005548602.novalocal NetworkManager[858]: [1764992533.5263] manager: (qr-48e12886-bd): 'openvswitch' plugin not available; creating generic device
Dec 05 22:42:13 np0005548602.novalocal NetworkManager[858]: [1764992533.5342] manager: (qr-48e12886-bd): new Generic device (/org/freedesktop/NetworkManager/Devices/39)
Dec 05 22:42:14 np0005548602.novalocal dnsmasq[104737]: read /var/lib/neutron/dhcp/706f0c3c-5a4d-47b0-884b-9bf18f298f86/addn_hosts - 1 addresses
Dec 05 22:42:14 np0005548602.novalocal dnsmasq-dhcp[104737]: read /var/lib/neutron/dhcp/706f0c3c-5a4d-47b0-884b-9bf18f298f86/host
Dec 05 22:42:14 np0005548602.novalocal dnsmasq-dhcp[104737]: read /var/lib/neutron/dhcp/706f0c3c-5a4d-47b0-884b-9bf18f298f86/opts
Dec 05 22:42:15 np0005548602.novalocal dnsmasq[104737]: read /var/lib/neutron/dhcp/706f0c3c-5a4d-47b0-884b-9bf18f298f86/addn_hosts - 1 addresses
Dec 05 22:42:15 np0005548602.novalocal dnsmasq-dhcp[104737]: read /var/lib/neutron/dhcp/706f0c3c-5a4d-47b0-884b-9bf18f298f86/host
Dec 05 22:42:15 np0005548602.novalocal dnsmasq-dhcp[104737]: read /var/lib/neutron/dhcp/706f0c3c-5a4d-47b0-884b-9bf18f298f86/opts
Dec 05 22:42:16 np0005548602.novalocal dnsmasq[104737]: read /var/lib/neutron/dhcp/706f0c3c-5a4d-47b0-884b-9bf18f298f86/addn_hosts - 1 addresses
Dec 05 22:42:16 np0005548602.novalocal dnsmasq-dhcp[104737]: read /var/lib/neutron/dhcp/706f0c3c-5a4d-47b0-884b-9bf18f298f86/host
Dec 05 22:42:16 np0005548602.novalocal dnsmasq-dhcp[104737]: read /var/lib/neutron/dhcp/706f0c3c-5a4d-47b0-884b-9bf18f298f86/opts
Dec 05 22:42:16 np0005548602.novalocal object-auditor[104579]: Object audit (ALL) "forever" mode completed: 15.76s. Total quarantined: 0, Total errors: 0, Total files/sec: 10.92, Total bytes/sec: 8160608.54, Auditing time: 15.72, Rate: 1.00
Dec 05 22:42:17 np0005548602.novalocal dnsmasq[104737]: read /var/lib/neutron/dhcp/706f0c3c-5a4d-47b0-884b-9bf18f298f86/addn_hosts - 2 addresses
Dec 05 22:42:17 np0005548602.novalocal dnsmasq-dhcp[104737]: read /var/lib/neutron/dhcp/706f0c3c-5a4d-47b0-884b-9bf18f298f86/host
Dec 05 22:42:17 np0005548602.novalocal dnsmasq-dhcp[104737]: read /var/lib/neutron/dhcp/706f0c3c-5a4d-47b0-884b-9bf18f298f86/opts
Dec 05 22:42:20 np0005548602.novalocal NetworkManager[858]: [1764992540.4786] manager: (qbr333c8406-80): new Bridge device (/org/freedesktop/NetworkManager/Devices/40)
Dec 05 22:42:20 np0005548602.novalocal NetworkManager[858]: [1764992540.4908] manager: (qvo333c8406-80): new Veth device (/org/freedesktop/NetworkManager/Devices/41)
Dec 05 22:42:20 np0005548602.novalocal NetworkManager[858]: [1764992540.4929] manager: (qvb333c8406-80): new Veth device (/org/freedesktop/NetworkManager/Devices/42)
Dec 05 22:42:20 np0005548602.novalocal NetworkManager[858]: [1764992540.4998] device (qvo333c8406-80): carrier: link connected
Dec 05 22:42:20 np0005548602.novalocal NetworkManager[858]: [1764992540.5007] device (qvb333c8406-80): carrier: link connected
Dec 05 22:42:20 np0005548602.novalocal kernel: qbr333c8406-80: port 1(qvb333c8406-80) entered blocking state
Dec 05 22:42:20 np0005548602.novalocal kernel: qbr333c8406-80: port 1(qvb333c8406-80) entered disabled state
Dec 05 22:42:20 np0005548602.novalocal kernel: qvb333c8406-80: entered allmulticast mode
Dec 05 22:42:20 np0005548602.novalocal kernel: qvb333c8406-80: entered promiscuous mode
Dec 05 22:42:20 np0005548602.novalocal kernel: qbr333c8406-80: port 1(qvb333c8406-80) entered blocking state
Dec 05 22:42:20 np0005548602.novalocal kernel: qbr333c8406-80: port 1(qvb333c8406-80) entered forwarding state
Dec 05 22:42:20 np0005548602.novalocal NetworkManager[858]: [1764992540.5104] device (qbr333c8406-80): carrier: link connected
Dec 05 22:42:20 np0005548602.novalocal kernel: qvo333c8406-80: entered promiscuous mode
Dec 05 22:42:20 np0005548602.novalocal systemd-udevd[104930]: Network interface NamePolicy= disabled on kernel command line.
Dec 05 22:42:20 np0005548602.novalocal systemd-udevd[104929]: Network interface NamePolicy= disabled on kernel command line.
Dec 05 22:42:20 np0005548602.novalocal systemd-udevd[104931]: Network interface NamePolicy= disabled on kernel command line.
Dec 05 22:42:20 np0005548602.novalocal NetworkManager[858]: [1764992540.5749] device (qbr333c8406-80): state change: unmanaged -> unavailable (reason 'connection-assumed', managed-type: 'external')
Dec 05 22:42:20 np0005548602.novalocal NetworkManager[858]: [1764992540.5769] device (qbr333c8406-80): state change: unavailable -> disconnected (reason 'connection-assumed', managed-type: 'external')
Dec 05 22:42:20 np0005548602.novalocal NetworkManager[858]: [1764992540.5789] device (qbr333c8406-80): Activation: starting connection 'qbr333c8406-80' (468fe8f3-51e8-4af7-821b-3309448e2985)
Dec 05 22:42:20 np0005548602.novalocal NetworkManager[858]: [1764992540.5798] device (qbr333c8406-80): state change: disconnected -> prepare (reason 'none', managed-type: 'external')
Dec 05 22:42:20 np0005548602.novalocal NetworkManager[858]: [1764992540.5804] device (qbr333c8406-80): state change: prepare -> config (reason 'none', managed-type: 'external')
Dec 05 22:42:20 np0005548602.novalocal NetworkManager[858]: [1764992540.5809] device (qbr333c8406-80): state change: config -> ip-config (reason 'none', managed-type: 'external')
Dec 05 22:42:20 np0005548602.novalocal NetworkManager[858]: [1764992540.5821] device (qbr333c8406-80): state change: ip-config -> ip-check (reason 'none', managed-type: 'external')
Dec 05 22:42:20 np0005548602.novalocal systemd[1]: Starting Network Manager Script Dispatcher Service...
Dec 05 22:42:20 np0005548602.novalocal systemd[1]: Started Network Manager Script Dispatcher Service.
Dec 05 22:42:20 np0005548602.novalocal NetworkManager[858]: [1764992540.6215] device (qbr333c8406-80): state change: ip-check -> secondaries (reason 'none', managed-type: 'external')
Dec 05 22:42:20 np0005548602.novalocal NetworkManager[858]: [1764992540.6221] device (qbr333c8406-80): state change: secondaries -> activated (reason 'none', managed-type: 'external')
Dec 05 22:42:20 np0005548602.novalocal NetworkManager[858]: [1764992540.6231] device (qbr333c8406-80): Activation: successful, device activated.
Dec 05 22:42:20 np0005548602.novalocal systemd[1]: iscsi.service: Unit cannot be reloaded because it is inactive.
Dec 05 22:42:21 np0005548602.novalocal kernel: qbr504e0eff-68: port 2(tap504e0eff-68) entered disabled state
Dec 05 22:42:21 np0005548602.novalocal kernel: tap504e0eff-68 (unregistering): left allmulticast mode
Dec 05 22:42:21 np0005548602.novalocal kernel: tap504e0eff-68 (unregistering): left promiscuous mode
Dec 05 22:42:21 np0005548602.novalocal kernel: qbr504e0eff-68: port 2(tap504e0eff-68) entered disabled state
Dec 05 22:42:21 np0005548602.novalocal NetworkManager[858]: [1764992541.9718] device (tap504e0eff-68): state change: activated -> unmanaged (reason 'unmanaged', managed-type: 'removed')
Dec 05 22:42:21 np0005548602.novalocal NetworkManager[858]: [1764992541.9725] device (tap504e0eff-68): released from controller device qbr504e0eff-68
Dec 05 22:42:21 np0005548602.novalocal systemd[1]: machine-qemu\x2d1\x2dinstance\x2d00000002.scope: Deactivated successfully.
Dec 05 22:42:21 np0005548602.novalocal systemd[1]: machine-qemu\x2d1\x2dinstance\x2d00000002.scope: Consumed 20.979s CPU time.
Dec 05 22:42:21 np0005548602.novalocal systemd-machined[92818]: Machine qemu-1-instance-00000002 terminated.
Dec 05 22:42:22 np0005548602.novalocal kernel: qbr333c8406-80: port 2(tap333c8406-80) entered blocking state
Dec 05 22:42:22 np0005548602.novalocal kernel: qbr333c8406-80: port 2(tap333c8406-80) entered disabled state
Dec 05 22:42:22 np0005548602.novalocal kernel: tap333c8406-80: entered allmulticast mode
Dec 05 22:42:22 np0005548602.novalocal kernel: tap333c8406-80: entered promiscuous mode
Dec 05 22:42:22 np0005548602.novalocal kernel: qbr333c8406-80: port 2(tap333c8406-80) entered blocking state
Dec 05 22:42:22 np0005548602.novalocal kernel: qbr333c8406-80: port 2(tap333c8406-80) entered forwarding state
Dec 05 22:42:22 np0005548602.novalocal NetworkManager[858]: [1764992542.1539] manager: (tap333c8406-80): new Tun device (/org/freedesktop/NetworkManager/Devices/43)
Dec 05 22:42:22 np0005548602.novalocal virtqemud[98592]: Domain id=4 name='instance-00000004' uuid=94718de2-e842-49ff-8bb8-a9a02cf8562a is tainted: deprecated-config (machine type 'pc-i440fx-rhel7.6.0')
Dec 05 22:42:22 np0005548602.novalocal virtqemud[98592]: Domain id=4 name='instance-00000004' uuid=94718de2-e842-49ff-8bb8-a9a02cf8562a is tainted: deprecated-config (CPU model 'qemu64')
Dec 05 22:42:22 np0005548602.novalocal NetworkManager[858]: [1764992542.1799] device (tap333c8406-80): state change: unmanaged -> unavailable (reason 'connection-assumed', managed-type: 'external')
Dec 05 22:42:22 np0005548602.novalocal NetworkManager[858]: [1764992542.1811] device (tap333c8406-80): state change: unavailable -> disconnected (reason 'connection-assumed', managed-type: 'external')
Dec 05 22:42:22 np0005548602.novalocal NetworkManager[858]: [1764992542.1822] device (tap333c8406-80): Activation: starting connection 'tap333c8406-80' (91016e8e-4aa9-4677-8469-f361df2ee13b)
Dec 05 22:42:22 np0005548602.novalocal NetworkManager[858]: [1764992542.1824] device (tap333c8406-80): state change: disconnected -> prepare (reason 'none', managed-type: 'external')
Dec 05 22:42:22 np0005548602.novalocal NetworkManager[858]: [1764992542.1828] device (tap333c8406-80): state change: prepare -> config (reason 'none', managed-type: 'external')
Dec 05 22:42:22 np0005548602.novalocal NetworkManager[858]: [1764992542.1831] device (tap333c8406-80): state change: config -> ip-config (reason 'none', managed-type: 'external')
Dec 05 22:42:22 np0005548602.novalocal NetworkManager[858]: [1764992542.1833] device (qbr333c8406-80): bridge port tap333c8406-80 was attached
Dec 05 22:42:22 np0005548602.novalocal NetworkManager[858]: [1764992542.1833] device (tap333c8406-80): Activation: connection 'tap333c8406-80' attached as port, continuing activation
Dec 05 22:42:22 np0005548602.novalocal NetworkManager[858]: [1764992542.1837] device (tap333c8406-80): state change: ip-config -> ip-check (reason 'none', managed-type: 'external')
Dec 05 22:42:22 np0005548602.novalocal NetworkManager[858]: [1764992542.1864] device (tap333c8406-80): state change: ip-check -> secondaries (reason 'none', managed-type: 'external')
Dec 05 22:42:22 np0005548602.novalocal NetworkManager[858]: [1764992542.1867] device (tap333c8406-80): state change: secondaries -> activated (reason 'none', managed-type: 'external')
Dec 05 22:42:22 np0005548602.novalocal NetworkManager[858]: [1764992542.1881] device (tap333c8406-80): Activation: successful, device activated.
Dec 05 22:42:22 np0005548602.novalocal systemd[1]: iscsi.service: Unit cannot be reloaded because it is inactive.
Dec 05 22:42:22 np0005548602.novalocal systemd-machined[92818]: New machine qemu-4-instance-00000004.
Dec 05 22:42:22 np0005548602.novalocal systemd[1]: Started Virtual Machine qemu-4-instance-00000004.
Dec 05 22:42:22 np0005548602.novalocal object-server[96249]: ::1 - - [06/Dec/2025:03:42:22 +0000] "GET /3/259738/AUTH_d8741d1891ef40e5a7a8c7bee0ab6eed/gnocchi.892a954a-dbd1-4e05-9b7d-d2f87c60ffa1/none_v3" 200 37 "GET https://[::1]:8080/v1/AUTH_d8741d1891ef40e5a7a8c7bee0ab6eed/gnocchi.892a954a-dbd1-4e05-9b7d-d2f87c60ffa1/none_v3" "tx8ab8bf480c82443482025-006933a61e" "proxy-server 97198" 0.0013 "-" 96249 0
Dec 05 22:42:22 np0005548602.novalocal proxy-server[97198]: ::1 ::1 06/Dec/2025/03/42/22 GET /v1/AUTH_d8741d1891ef40e5a7a8c7bee0ab6eed/gnocchi.892a954a-dbd1-4e05-9b7d-d2f87c60ffa1/none_v3 HTTP/1.0 200 - python-swiftclient-4.8.0 gAAAAABpM6XeP7WC... - 37 - tx8ab8bf480c82443482025-006933a61e - 0.0115 - - 1764992542.480674505 1764992542.492158651 0 1229ee3e1d964977b2a5589f27ad366e
Dec 05 22:42:22 np0005548602.novalocal container-server[95917]: ::1 - - [06/Dec/2025:03:42:22 +0000] "GET /3/175611/AUTH_d8741d1891ef40e5a7a8c7bee0ab6eed/gnocchi.892a954a-dbd1-4e05-9b7d-d2f87c60ffa1" 200 357 "GET https://[::1]:8080/v1/AUTH_d8741d1891ef40e5a7a8c7bee0ab6eed/gnocchi.892a954a-dbd1-4e05-9b7d-d2f87c60ffa1?format=json&states=listing" "txeda3a0135d56441bb521c-006933a61e" "proxy-server 97198" 0.0096 "-" 95917 0
Dec 05 22:42:22 np0005548602.novalocal proxy-server[97198]: ::1 ::1 06/Dec/2025/03/42/22 GET /v1/AUTH_d8741d1891ef40e5a7a8c7bee0ab6eed/gnocchi.892a954a-dbd1-4e05-9b7d-d2f87c60ffa1%3Fformat%3Djson%26states%3Dlisting HTTP/1.0 200 - python-swiftclient-4.8.0 gAAAAABpM6XeP7WC... - 357 - txeda3a0135d56441bb521c-006933a61e - 0.0202 - - 1764992542.497362614 1764992542.517515182 0 1229ee3e1d964977b2a5589f27ad366e
Dec 05 22:42:22 np0005548602.novalocal container-server[95917]: ::1 - - [06/Dec/2025:03:42:22 +0000] "GET /2/175611/AUTH_d8741d1891ef40e5a7a8c7bee0ab6eed/gnocchi.892a954a-dbd1-4e05-9b7d-d2f87c60ffa1" 200 2 "GET https://[::1]:8080/v1/AUTH_d8741d1891ef40e5a7a8c7bee0ab6eed/gnocchi.892a954a-dbd1-4e05-9b7d-d2f87c60ffa1?format=json&marker=none_v3&states=listing" "txe6cafed5083f440e8a70b-006933a61e" "proxy-server 97198" 0.0087 "-" 95917 0
Dec 05 22:42:22 np0005548602.novalocal proxy-server[97198]: ::1 ::1 06/Dec/2025/03/42/22 GET /v1/AUTH_d8741d1891ef40e5a7a8c7bee0ab6eed/gnocchi.892a954a-dbd1-4e05-9b7d-d2f87c60ffa1%3Fformat%3Djson%26marker%3Dnone_v3%26states%3Dlisting HTTP/1.0 200 - python-swiftclient-4.8.0 gAAAAABpM6XeP7WC... - 2 - txe6cafed5083f440e8a70b-006933a61e - 0.0185 - - 1764992542.521495819 1764992542.539996624 0 1229ee3e1d964977b2a5589f27ad366e
Dec 05 22:42:22 np0005548602.novalocal object-server[96250]: ::1 - - [06/Dec/2025:03:42:22 +0000] "GET /2/227928/AUTH_d8741d1891ef40e5a7a8c7bee0ab6eed/gnocchi.892a954a-dbd1-4e05-9b7d-d2f87c60ffa1/1764720000.0_mean_300.0_v3" 200 16 "GET https://[::1]:8080/v1/AUTH_d8741d1891ef40e5a7a8c7bee0ab6eed/gnocchi.892a954a-dbd1-4e05-9b7d-d2f87c60ffa1/1764720000.0_mean_300.0_v3" "txb855a0a04d3e409780e3d-006933a61e" "proxy-server 97198" 0.0012 "-" 96250 0
Dec 05 22:42:22 np0005548602.novalocal proxy-server[97198]: ::1 ::1 06/Dec/2025/03/42/22 GET /v1/AUTH_d8741d1891ef40e5a7a8c7bee0ab6eed/gnocchi.892a954a-dbd1-4e05-9b7d-d2f87c60ffa1/1764720000.0_mean_300.0_v3 HTTP/1.0 200 - python-swiftclient-4.8.0 gAAAAABpM6XeP7WC... - 16 - txb855a0a04d3e409780e3d-006933a61e - 0.0102 - - 1764992542.544882774 1764992542.555042267 0 1229ee3e1d964977b2a5589f27ad366e
Dec 05 22:42:22 np0005548602.novalocal container-server[95917]: ::1 - - [06/Dec/2025:03:42:22 +0000] "PUT /2/175611/AUTH_d8741d1891ef40e5a7a8c7bee0ab6eed/gnocchi.892a954a-dbd1-4e05-9b7d-d2f87c60ffa1/1764720000.0_mean_300.0_v3" 201 - "PUT http://[::1]:8080/2/227928/AUTH_d8741d1891ef40e5a7a8c7bee0ab6eed/gnocchi.892a954a-dbd1-4e05-9b7d-d2f87c60ffa1/1764720000.0_mean_300.0_v3" "tx951f383265524ceabe2b5-006933a61e" "object-server 96249" 0.0010 "-" 95917 0
Dec 05 22:42:22 np0005548602.novalocal container-server[95916]: ::1 - - [06/Dec/2025:03:42:22 +0000] "PUT /3/175611/AUTH_d8741d1891ef40e5a7a8c7bee0ab6eed/gnocchi.892a954a-dbd1-4e05-9b7d-d2f87c60ffa1/1764720000.0_mean_300.0_v3" 201 - "PUT http://[::1]:8080/1/227928/AUTH_d8741d1891ef40e5a7a8c7bee0ab6eed/gnocchi.892a954a-dbd1-4e05-9b7d-d2f87c60ffa1/1764720000.0_mean_300.0_v3" "tx951f383265524ceabe2b5-006933a61e" "object-server 96250" 0.0007 "-" 95916 0
Dec 05 22:42:22 np0005548602.novalocal object-server[96249]: ::1 - - [06/Dec/2025:03:42:22 +0000] "PUT /2/227928/AUTH_d8741d1891ef40e5a7a8c7bee0ab6eed/gnocchi.892a954a-dbd1-4e05-9b7d-d2f87c60ffa1/1764720000.0_mean_300.0_v3" 201 - "PUT https://[::1]:8080/v1/AUTH_d8741d1891ef40e5a7a8c7bee0ab6eed/gnocchi.892a954a-dbd1-4e05-9b7d-d2f87c60ffa1/1764720000.0_mean_300.0_v3" "tx951f383265524ceabe2b5-006933a61e" "proxy-server 97198" 0.0150 "-" 96249 0
Dec 05 22:42:22 np0005548602.novalocal object-server[96250]: ::1 - - [06/Dec/2025:03:42:22 +0000] "PUT /1/227928/AUTH_d8741d1891ef40e5a7a8c7bee0ab6eed/gnocchi.892a954a-dbd1-4e05-9b7d-d2f87c60ffa1/1764720000.0_mean_300.0_v3" 201 - "PUT https://[::1]:8080/v1/AUTH_d8741d1891ef40e5a7a8c7bee0ab6eed/gnocchi.892a954a-dbd1-4e05-9b7d-d2f87c60ffa1/1764720000.0_mean_300.0_v3" "tx951f383265524ceabe2b5-006933a61e" "proxy-server 97198" 0.0146 "-" 96250 0
Dec 05 22:42:22 np0005548602.novalocal container-server[95916]: ::1 - - [06/Dec/2025:03:42:22 +0000] "PUT /1/175611/AUTH_d8741d1891ef40e5a7a8c7bee0ab6eed/gnocchi.892a954a-dbd1-4e05-9b7d-d2f87c60ffa1/1764720000.0_mean_300.0_v3" 201 - "PUT http://[::1]:8080/3/227928/AUTH_d8741d1891ef40e5a7a8c7bee0ab6eed/gnocchi.892a954a-dbd1-4e05-9b7d-d2f87c60ffa1/1764720000.0_mean_300.0_v3" "tx951f383265524ceabe2b5-006933a61e" "object-server 96250" 0.0006 "-" 95916 0
Dec 05 22:42:22 np0005548602.novalocal object-server[96250]: ::1 - - [06/Dec/2025:03:42:22 +0000] "PUT /3/227928/AUTH_d8741d1891ef40e5a7a8c7bee0ab6eed/gnocchi.892a954a-dbd1-4e05-9b7d-d2f87c60ffa1/1764720000.0_mean_300.0_v3" 201 - "PUT https://[::1]:8080/v1/AUTH_d8741d1891ef40e5a7a8c7bee0ab6eed/gnocchi.892a954a-dbd1-4e05-9b7d-d2f87c60ffa1/1764720000.0_mean_300.0_v3" "tx951f383265524ceabe2b5-006933a61e" "proxy-server 97198" 0.0187 "-" 96250 0
Dec 05 22:42:22 np0005548602.novalocal proxy-server[97198]: ::1 ::1 06/Dec/2025/03/42/22 PUT /v1/AUTH_d8741d1891ef40e5a7a8c7bee0ab6eed/gnocchi.892a954a-dbd1-4e05-9b7d-d2f87c60ffa1/1764720000.0_mean_300.0_v3 HTTP/1.0 201 - python-swiftclient-4.8.0 gAAAAABpM6XeP7WC... 16 - - tx951f383265524ceabe2b5-006933a61e - 0.0295 - - 1764992542.559390068 1764992542.588895798 0 1229ee3e1d964977b2a5589f27ad366e
Dec 05 22:42:22 np0005548602.novalocal container-server[95917]: ::1 - - [06/Dec/2025:03:42:22 +0000] "PUT /3/175611/AUTH_d8741d1891ef40e5a7a8c7bee0ab6eed/gnocchi.892a954a-dbd1-4e05-9b7d-d2f87c60ffa1/none_v3" 201 - "PUT http://[::1]:8080/2/259738/AUTH_d8741d1891ef40e5a7a8c7bee0ab6eed/gnocchi.892a954a-dbd1-4e05-9b7d-d2f87c60ffa1/none_v3" "tx5a846b12fa0043288e2e2-006933a61e" "object-server 96249" 0.0006 "-" 95917 0
Dec 05 22:42:22 np0005548602.novalocal object-server[96249]: ::1 - - [06/Dec/2025:03:42:22 +0000] "PUT /2/259738/AUTH_d8741d1891ef40e5a7a8c7bee0ab6eed/gnocchi.892a954a-dbd1-4e05-9b7d-d2f87c60ffa1/none_v3" 201 - "PUT https://[::1]:8080/v1/AUTH_d8741d1891ef40e5a7a8c7bee0ab6eed/gnocchi.892a954a-dbd1-4e05-9b7d-d2f87c60ffa1/none_v3" "tx5a846b12fa0043288e2e2-006933a61e" "proxy-server 97198" 0.0121 "-" 96249 0
Dec 05 22:42:22 np0005548602.novalocal container-server[95917]: ::1 - - [06/Dec/2025:03:42:22 +0000] "PUT /2/175611/AUTH_d8741d1891ef40e5a7a8c7bee0ab6eed/gnocchi.892a954a-dbd1-4e05-9b7d-d2f87c60ffa1/none_v3" 201 - "PUT http://[::1]:8080/3/259738/AUTH_d8741d1891ef40e5a7a8c7bee0ab6eed/gnocchi.892a954a-dbd1-4e05-9b7d-d2f87c60ffa1/none_v3" "tx5a846b12fa0043288e2e2-006933a61e" "object-server 96250" 0.0008 "-" 95917 0
Dec 05 22:42:22 np0005548602.novalocal container-server[95916]: ::1 - - [06/Dec/2025:03:42:22 +0000] "PUT /1/175611/AUTH_d8741d1891ef40e5a7a8c7bee0ab6eed/gnocchi.892a954a-dbd1-4e05-9b7d-d2f87c60ffa1/none_v3" 201 - "PUT http://[::1]:8080/1/259738/AUTH_d8741d1891ef40e5a7a8c7bee0ab6eed/gnocchi.892a954a-dbd1-4e05-9b7d-d2f87c60ffa1/none_v3" "tx5a846b12fa0043288e2e2-006933a61e" "object-server 96250" 0.0007 "-" 95916 0
Dec 05 22:42:22 np0005548602.novalocal object-server[96250]: ::1 - - [06/Dec/2025:03:42:22 +0000] "PUT /1/259738/AUTH_d8741d1891ef40e5a7a8c7bee0ab6eed/gnocchi.892a954a-dbd1-4e05-9b7d-d2f87c60ffa1/none_v3" 201 - "PUT https://[::1]:8080/v1/AUTH_d8741d1891ef40e5a7a8c7bee0ab6eed/gnocchi.892a954a-dbd1-4e05-9b7d-d2f87c60ffa1/none_v3" "tx5a846b12fa0043288e2e2-006933a61e" "proxy-server 97198" 0.0129 "-" 96250 0
Dec 05 22:42:22 np0005548602.novalocal object-server[96250]: ::1 - - [06/Dec/2025:03:42:22 +0000] "PUT /3/259738/AUTH_d8741d1891ef40e5a7a8c7bee0ab6eed/gnocchi.892a954a-dbd1-4e05-9b7d-d2f87c60ffa1/none_v3" 201 - "PUT https://[::1]:8080/v1/AUTH_d8741d1891ef40e5a7a8c7bee0ab6eed/gnocchi.892a954a-dbd1-4e05-9b7d-d2f87c60ffa1/none_v3" "tx5a846b12fa0043288e2e2-006933a61e" "proxy-server 97198" 0.0167 "-" 96250 0
Dec 05 22:42:22 np0005548602.novalocal proxy-server[97198]: ::1 ::1 06/Dec/2025/03/42/22 PUT /v1/AUTH_d8741d1891ef40e5a7a8c7bee0ab6eed/gnocchi.892a954a-dbd1-4e05-9b7d-d2f87c60ffa1/none_v3 HTTP/1.0 201 - python-swiftclient-4.8.0 gAAAAABpM6XeP7WC... 45 - - tx5a846b12fa0043288e2e2-006933a61e - 0.0286 - - 1764992542.592978954 1764992542.621579409 0 1229ee3e1d964977b2a5589f27ad366e
Dec 05 22:42:22 np0005548602.novalocal object-server[96250]: ::1 - - [06/Dec/2025:03:42:22 +0000] "GET /2/93989/AUTH_d8741d1891ef40e5a7a8c7bee0ab6eed/gnocchi.3d7662f7-761d-44ca-aefd-365cd59829a3/none_v3" 200 46 "GET https://[::1]:8080/v1/AUTH_d8741d1891ef40e5a7a8c7bee0ab6eed/gnocchi.3d7662f7-761d-44ca-aefd-365cd59829a3/none_v3" "tx4d5a3d72dad943aba4940-006933a61e" "proxy-server 97198" 0.0013 "-" 96250 0
Dec 05 22:42:22 np0005548602.novalocal proxy-server[97198]: ::1 ::1 06/Dec/2025/03/42/22 GET /v1/AUTH_d8741d1891ef40e5a7a8c7bee0ab6eed/gnocchi.3d7662f7-761d-44ca-aefd-365cd59829a3/none_v3 HTTP/1.0 200 - python-swiftclient-4.8.0 gAAAAABpM6XeP7WC... - 46 - tx4d5a3d72dad943aba4940-006933a61e - 0.0105 - - 1764992542.636887789 1764992542.647431850 0 1229ee3e1d964977b2a5589f27ad366e
Dec 05 22:42:22 np0005548602.novalocal kernel: Warning: Deprecated Driver is detected: ip_set will not be maintained in a future major release and may be disabled
Dec 05 22:42:22 np0005548602.novalocal kernel: Warning: Deprecated Driver is detected: ip_set_init will not be maintained in a future major release and may be disabled
Dec 05 22:42:22 np0005548602.novalocal container-server[95917]: ::1 - - [06/Dec/2025:03:42:22 +0000] "GET /1/64588/AUTH_d8741d1891ef40e5a7a8c7bee0ab6eed/gnocchi.3d7662f7-761d-44ca-aefd-365cd59829a3" 200 357 "GET https://[::1]:8080/v1/AUTH_d8741d1891ef40e5a7a8c7bee0ab6eed/gnocchi.3d7662f7-761d-44ca-aefd-365cd59829a3?format=json&states=listing" "txf6a2d823e4a64a8497426-006933a61e" "proxy-server 97198" 0.0126 "-" 95917 0
Dec 05 22:42:22 np0005548602.novalocal proxy-server[97198]: ::1 ::1 06/Dec/2025/03/42/22 GET /v1/AUTH_d8741d1891ef40e5a7a8c7bee0ab6eed/gnocchi.3d7662f7-761d-44ca-aefd-365cd59829a3%3Fformat%3Djson%26states%3Dlisting HTTP/1.0 200 - python-swiftclient-4.8.0 gAAAAABpM6XeP7WC... - 357 - txf6a2d823e4a64a8497426-006933a61e - 0.0232 - - 1764992542.652604818 1764992542.675791025 0 1229ee3e1d964977b2a5589f27ad366e
Dec 05 22:42:22 np0005548602.novalocal container-server[95916]: ::1 - - [06/Dec/2025:03:42:22 +0000] "GET /1/64588/AUTH_d8741d1891ef40e5a7a8c7bee0ab6eed/gnocchi.3d7662f7-761d-44ca-aefd-365cd59829a3" 200 2 "GET https://[::1]:8080/v1/AUTH_d8741d1891ef40e5a7a8c7bee0ab6eed/gnocchi.3d7662f7-761d-44ca-aefd-365cd59829a3?format=json&marker=none_v3&states=listing" "tx99cad04667bc4f3fbdef4-006933a61e" "proxy-server 97198" 0.0038 "-" 95916 0
Dec 05 22:42:22 np0005548602.novalocal proxy-server[97198]: ::1 ::1 06/Dec/2025/03/42/22 GET /v1/AUTH_d8741d1891ef40e5a7a8c7bee0ab6eed/gnocchi.3d7662f7-761d-44ca-aefd-365cd59829a3%3Fformat%3Djson%26marker%3Dnone_v3%26states%3Dlisting HTTP/1.0 200 - python-swiftclient-4.8.0 gAAAAABpM6XeP7WC... - 2 - tx99cad04667bc4f3fbdef4-006933a61e - 0.0161 - - 1764992542.680130720 1764992542.696191549 0 1229ee3e1d964977b2a5589f27ad366e
Dec 05 22:42:22 np0005548602.novalocal object-server[96249]: ::1 - - [06/Dec/2025:03:42:22 +0000] "GET /3/9200/AUTH_d8741d1891ef40e5a7a8c7bee0ab6eed/gnocchi.3d7662f7-761d-44ca-aefd-365cd59829a3/1764720000.0_mean_300.0_v3" 200 16 "GET https://[::1]:8080/v1/AUTH_d8741d1891ef40e5a7a8c7bee0ab6eed/gnocchi.3d7662f7-761d-44ca-aefd-365cd59829a3/1764720000.0_mean_300.0_v3" "tx7f16ff3e5cf24d948783d-006933a61e" "proxy-server 97198" 0.0006 "-" 96249 0
Dec 05 22:42:22 np0005548602.novalocal proxy-server[97198]: ::1 ::1 06/Dec/2025/03/42/22 GET /v1/AUTH_d8741d1891ef40e5a7a8c7bee0ab6eed/gnocchi.3d7662f7-761d-44ca-aefd-365cd59829a3/1764720000.0_mean_300.0_v3 HTTP/1.0 200 - python-swiftclient-4.8.0 gAAAAABpM6XeP7WC... - 16 - tx7f16ff3e5cf24d948783d-006933a61e - 0.0093 - - 1764992542.701719046 1764992542.711002827 0 1229ee3e1d964977b2a5589f27ad366e
Dec 05 22:42:22 np0005548602.novalocal kernel: qvb504e0eff-68: left allmulticast mode
Dec 05 22:42:22 np0005548602.novalocal kernel: qvb504e0eff-68: left promiscuous mode
Dec 05 22:42:22 np0005548602.novalocal kernel: qbr504e0eff-68: port 1(qvb504e0eff-68) entered disabled state
Dec 05 22:42:22 np0005548602.novalocal NetworkManager[858]: [1764992542.7398] device (qbr504e0eff-68): bridge port qvb504e0eff-68 was detached
Dec 05 22:42:22 np0005548602.novalocal NetworkManager[858]: [1764992542.7407] device (qbr504e0eff-68): state change: activated -> unmanaged (reason 'unmanaged', managed-type: 'removed')
Dec 05 22:42:22 np0005548602.novalocal container-server[95917]: ::1 - - [06/Dec/2025:03:42:22 +0000] "PUT /1/64588/AUTH_d8741d1891ef40e5a7a8c7bee0ab6eed/gnocchi.3d7662f7-761d-44ca-aefd-365cd59829a3/1764720000.0_mean_300.0_v3" 201 - "PUT http://[::1]:8080/2/9200/AUTH_d8741d1891ef40e5a7a8c7bee0ab6eed/gnocchi.3d7662f7-761d-44ca-aefd-365cd59829a3/1764720000.0_mean_300.0_v3" "tx07d9b2a4f6a04da4bcd93-006933a61e" "object-server 96249" 0.0008 "-" 95917 0
Dec 05 22:42:22 np0005548602.novalocal container-server[95916]: ::1 - - [06/Dec/2025:03:42:22 +0000] "PUT /2/64588/AUTH_d8741d1891ef40e5a7a8c7bee0ab6eed/gnocchi.3d7662f7-761d-44ca-aefd-365cd59829a3/1764720000.0_mean_300.0_v3" 201 - "PUT http://[::1]:8080/1/9200/AUTH_d8741d1891ef40e5a7a8c7bee0ab6eed/gnocchi.3d7662f7-761d-44ca-aefd-365cd59829a3/1764720000.0_mean_300.0_v3" "tx07d9b2a4f6a04da4bcd93-006933a61e" "object-server 96250" 0.0009 "-" 95916 0
Dec 05 22:42:22 np0005548602.novalocal object-server[96249]: ::1 - - [06/Dec/2025:03:42:22 +0000] "PUT /2/9200/AUTH_d8741d1891ef40e5a7a8c7bee0ab6eed/gnocchi.3d7662f7-761d-44ca-aefd-365cd59829a3/1764720000.0_mean_300.0_v3" 201 - "PUT https://[::1]:8080/v1/AUTH_d8741d1891ef40e5a7a8c7bee0ab6eed/gnocchi.3d7662f7-761d-44ca-aefd-365cd59829a3/1764720000.0_mean_300.0_v3" "tx07d9b2a4f6a04da4bcd93-006933a61e" "proxy-server 97198" 0.0171 "-" 96249 0
Dec 05 22:42:22 np0005548602.novalocal object-server[96250]: ::1 - - [06/Dec/2025:03:42:22 +0000] "PUT /1/9200/AUTH_d8741d1891ef40e5a7a8c7bee0ab6eed/gnocchi.3d7662f7-761d-44ca-aefd-365cd59829a3/1764720000.0_mean_300.0_v3" 201 - "PUT https://[::1]:8080/v1/AUTH_d8741d1891ef40e5a7a8c7bee0ab6eed/gnocchi.3d7662f7-761d-44ca-aefd-365cd59829a3/1764720000.0_mean_300.0_v3" "tx07d9b2a4f6a04da4bcd93-006933a61e" "proxy-server 97198" 0.0206 "-" 96250 0
Dec 05 22:42:22 np0005548602.novalocal container-server[95916]: ::1 - - [06/Dec/2025:03:42:22 +0000] "PUT /3/64588/AUTH_d8741d1891ef40e5a7a8c7bee0ab6eed/gnocchi.3d7662f7-761d-44ca-aefd-365cd59829a3/1764720000.0_mean_300.0_v3" 201 - "PUT http://[::1]:8080/3/9200/AUTH_d8741d1891ef40e5a7a8c7bee0ab6eed/gnocchi.3d7662f7-761d-44ca-aefd-365cd59829a3/1764720000.0_mean_300.0_v3" "tx07d9b2a4f6a04da4bcd93-006933a61e" "object-server 96250" 0.0006 "-" 95916 0
Dec 05 22:42:22 np0005548602.novalocal object-server[96250]: ::1 - - [06/Dec/2025:03:42:22 +0000] "PUT /3/9200/AUTH_d8741d1891ef40e5a7a8c7bee0ab6eed/gnocchi.3d7662f7-761d-44ca-aefd-365cd59829a3/1764720000.0_mean_300.0_v3" 201 - "PUT https://[::1]:8080/v1/AUTH_d8741d1891ef40e5a7a8c7bee0ab6eed/gnocchi.3d7662f7-761d-44ca-aefd-365cd59829a3/1764720000.0_mean_300.0_v3" "tx07d9b2a4f6a04da4bcd93-006933a61e" "proxy-server 97198" 0.0267 "-" 96250 0
Dec 05 22:42:22 np0005548602.novalocal proxy-server[97198]: ::1 ::1 06/Dec/2025/03/42/22 PUT /v1/AUTH_d8741d1891ef40e5a7a8c7bee0ab6eed/gnocchi.3d7662f7-761d-44ca-aefd-365cd59829a3/1764720000.0_mean_300.0_v3 HTTP/1.0 201 - python-swiftclient-4.8.0 gAAAAABpM6XeP7WC... 16 - - tx07d9b2a4f6a04da4bcd93-006933a61e - 0.0401 - - 1764992542.717268705 1764992542.757367611 0 1229ee3e1d964977b2a5589f27ad366e
Dec 05 22:42:22 np0005548602.novalocal kernel: qvo504e0eff-68: left promiscuous mode
Dec 05 22:42:22 np0005548602.novalocal container-server[95916]: ::1 - - [06/Dec/2025:03:42:22 +0000] "PUT /2/64588/AUTH_d8741d1891ef40e5a7a8c7bee0ab6eed/gnocchi.3d7662f7-761d-44ca-aefd-365cd59829a3/none_v3" 201 - "PUT http://[::1]:8080/3/93989/AUTH_d8741d1891ef40e5a7a8c7bee0ab6eed/gnocchi.3d7662f7-761d-44ca-aefd-365cd59829a3/none_v3" "tx0a23a838a99e4acfbc7d7-006933a61e" "object-server 96249" 0.0008 "-" 95916 0
Dec 05 22:42:22 np0005548602.novalocal container-server[95917]: ::1 - - [06/Dec/2025:03:42:22 +0000] "PUT /3/64588/AUTH_d8741d1891ef40e5a7a8c7bee0ab6eed/gnocchi.3d7662f7-761d-44ca-aefd-365cd59829a3/none_v3" 201 - "PUT http://[::1]:8080/2/93989/AUTH_d8741d1891ef40e5a7a8c7bee0ab6eed/gnocchi.3d7662f7-761d-44ca-aefd-365cd59829a3/none_v3" "tx0a23a838a99e4acfbc7d7-006933a61e" "object-server 96250" 0.0011 "-" 95917 0
Dec 05 22:42:22 np0005548602.novalocal object-server[96249]: ::1 - - [06/Dec/2025:03:42:22 +0000] "PUT /3/93989/AUTH_d8741d1891ef40e5a7a8c7bee0ab6eed/gnocchi.3d7662f7-761d-44ca-aefd-365cd59829a3/none_v3" 201 - "PUT https://[::1]:8080/v1/AUTH_d8741d1891ef40e5a7a8c7bee0ab6eed/gnocchi.3d7662f7-761d-44ca-aefd-365cd59829a3/none_v3" "tx0a23a838a99e4acfbc7d7-006933a61e" "proxy-server 97198" 0.0226 "-" 96249 0
Dec 05 22:42:22 np0005548602.novalocal object-server[96250]: ::1 - - [06/Dec/2025:03:42:22 +0000] "PUT /2/93989/AUTH_d8741d1891ef40e5a7a8c7bee0ab6eed/gnocchi.3d7662f7-761d-44ca-aefd-365cd59829a3/none_v3" 201 - "PUT https://[::1]:8080/v1/AUTH_d8741d1891ef40e5a7a8c7bee0ab6eed/gnocchi.3d7662f7-761d-44ca-aefd-365cd59829a3/none_v3" "tx0a23a838a99e4acfbc7d7-006933a61e" "proxy-server 97198" 0.0221 "-" 96250 0
Dec 05 22:42:22 np0005548602.novalocal container-server[95917]: ::1 - - [06/Dec/2025:03:42:22 +0000] "PUT /1/64588/AUTH_d8741d1891ef40e5a7a8c7bee0ab6eed/gnocchi.3d7662f7-761d-44ca-aefd-365cd59829a3/none_v3" 201 - "PUT http://[::1]:8080/1/93989/AUTH_d8741d1891ef40e5a7a8c7bee0ab6eed/gnocchi.3d7662f7-761d-44ca-aefd-365cd59829a3/none_v3" "tx0a23a838a99e4acfbc7d7-006933a61e" "object-server 96249" 0.0013 "-" 95917 0
Dec 05 22:42:22 np0005548602.novalocal object-server[96249]: ::1 - - [06/Dec/2025:03:42:22 +0000] "PUT /1/93989/AUTH_d8741d1891ef40e5a7a8c7bee0ab6eed/gnocchi.3d7662f7-761d-44ca-aefd-365cd59829a3/none_v3" 201 - "PUT https://[::1]:8080/v1/AUTH_d8741d1891ef40e5a7a8c7bee0ab6eed/gnocchi.3d7662f7-761d-44ca-aefd-365cd59829a3/none_v3" "tx0a23a838a99e4acfbc7d7-006933a61e" "proxy-server 97198" 0.0230 "-" 96249 0
Dec 05 22:42:22 np0005548602.novalocal proxy-server[97198]: ::1 ::1 06/Dec/2025/03/42/22 PUT /v1/AUTH_d8741d1891ef40e5a7a8c7bee0ab6eed/gnocchi.3d7662f7-761d-44ca-aefd-365cd59829a3/none_v3 HTTP/1.0 201 - python-swiftclient-4.8.0 gAAAAABpM6XeP7WC... 52 - - tx0a23a838a99e4acfbc7d7-006933a61e - 0.0455 - - 1764992542.763177156 1764992542.808713675 0 1229ee3e1d964977b2a5589f27ad366e
Dec 05 22:42:22 np0005548602.novalocal object-server[96250]: ::1 - - [06/Dec/2025:03:42:22 +0000] "GET /3/178674/AUTH_d8741d1891ef40e5a7a8c7bee0ab6eed/gnocchi.8045bc93-2d37-4cfb-9789-94242db85a2a/none_v3" 200 44 "GET https://[::1]:8080/v1/AUTH_d8741d1891ef40e5a7a8c7bee0ab6eed/gnocchi.8045bc93-2d37-4cfb-9789-94242db85a2a/none_v3" "tx7b8732430a8042049f5ca-006933a61e" "proxy-server 97198" 0.0011 "-" 96250 0
Dec 05 22:42:22 np0005548602.novalocal proxy-server[97198]: ::1 ::1 06/Dec/2025/03/42/22 GET /v1/AUTH_d8741d1891ef40e5a7a8c7bee0ab6eed/gnocchi.8045bc93-2d37-4cfb-9789-94242db85a2a/none_v3 HTTP/1.0 200 - python-swiftclient-4.8.0 gAAAAABpM6XeP7WC... - 44 - tx7b8732430a8042049f5ca-006933a61e - 0.0097 - - 1764992542.832382441 1764992542.842090607 0 1229ee3e1d964977b2a5589f27ad366e
Dec 05 22:42:22 np0005548602.novalocal container-server[95916]: ::1 - - [06/Dec/2025:03:42:22 +0000] "GET /2/118228/AUTH_d8741d1891ef40e5a7a8c7bee0ab6eed/gnocchi.8045bc93-2d37-4cfb-9789-94242db85a2a" 200 357 "GET https://[::1]:8080/v1/AUTH_d8741d1891ef40e5a7a8c7bee0ab6eed/gnocchi.8045bc93-2d37-4cfb-9789-94242db85a2a?format=json&states=listing" "tx4d610052b99d49b691ce4-006933a61e" "proxy-server 97198" 0.0106 "-" 95916 0
Dec 05 22:42:22 np0005548602.novalocal proxy-server[97198]: ::1 ::1 06/Dec/2025/03/42/22 GET /v1/AUTH_d8741d1891ef40e5a7a8c7bee0ab6eed/gnocchi.8045bc93-2d37-4cfb-9789-94242db85a2a%3Fformat%3Djson%26states%3Dlisting HTTP/1.0 200 - python-swiftclient-4.8.0 gAAAAABpM6XeP7WC... - 357 - tx4d610052b99d49b691ce4-006933a61e - 0.0192 - - 1764992542.845617294 1764992542.864785910 0 1229ee3e1d964977b2a5589f27ad366e
Dec 05 22:42:22 np0005548602.novalocal container-server[95917]: ::1 - - [06/Dec/2025:03:42:22 +0000] "GET /2/118228/AUTH_d8741d1891ef40e5a7a8c7bee0ab6eed/gnocchi.8045bc93-2d37-4cfb-9789-94242db85a2a" 200 2 "GET https://[::1]:8080/v1/AUTH_d8741d1891ef40e5a7a8c7bee0ab6eed/gnocchi.8045bc93-2d37-4cfb-9789-94242db85a2a?format=json&marker=none_v3&states=listing" "tx2c5207c279754afbb24b0-006933a61e" "proxy-server 97198" 0.0033 "-" 95917 0
Dec 05 22:42:22 np0005548602.novalocal proxy-server[97198]: ::1 ::1 06/Dec/2025/03/42/22 GET /v1/AUTH_d8741d1891ef40e5a7a8c7bee0ab6eed/gnocchi.8045bc93-2d37-4cfb-9789-94242db85a2a%3Fformat%3Djson%26marker%3Dnone_v3%26states%3Dlisting HTTP/1.0 200 - python-swiftclient-4.8.0 gAAAAABpM6XeP7WC... - 2 - tx2c5207c279754afbb24b0-006933a61e - 0.0145 - - 1764992542.869704008 1764992542.884216070 0 1229ee3e1d964977b2a5589f27ad366e
Dec 05 22:42:22 np0005548602.novalocal object-server[96249]: ::1 - - [06/Dec/2025:03:42:22 +0000] "GET /3/130776/AUTH_d8741d1891ef40e5a7a8c7bee0ab6eed/gnocchi.8045bc93-2d37-4cfb-9789-94242db85a2a/1764720000.0_mean_300.0_v3" 200 16 "GET https://[::1]:8080/v1/AUTH_d8741d1891ef40e5a7a8c7bee0ab6eed/gnocchi.8045bc93-2d37-4cfb-9789-94242db85a2a/1764720000.0_mean_300.0_v3" "txd1695c877b34467ba85aa-006933a61e" "proxy-server 97198" 0.0011 "-" 96249 0
Dec 05 22:42:22 np0005548602.novalocal proxy-server[97198]: ::1 ::1 06/Dec/2025/03/42/22 GET /v1/AUTH_d8741d1891ef40e5a7a8c7bee0ab6eed/gnocchi.8045bc93-2d37-4cfb-9789-94242db85a2a/1764720000.0_mean_300.0_v3 HTTP/1.0 200 - python-swiftclient-4.8.0 gAAAAABpM6XeP7WC... - 16 - txd1695c877b34467ba85aa-006933a61e - 0.0117 - - 1764992542.889442921 1764992542.901188612 0 1229ee3e1d964977b2a5589f27ad366e
Dec 05 22:42:22 np0005548602.novalocal container-server[95917]: ::1 - - [06/Dec/2025:03:42:22 +0000] "PUT /3/118228/AUTH_d8741d1891ef40e5a7a8c7bee0ab6eed/gnocchi.8045bc93-2d37-4cfb-9789-94242db85a2a/1764720000.0_mean_300.0_v3" 201 - "PUT http://[::1]:8080/2/130776/AUTH_d8741d1891ef40e5a7a8c7bee0ab6eed/gnocchi.8045bc93-2d37-4cfb-9789-94242db85a2a/1764720000.0_mean_300.0_v3" "txff93b8bc8b8e46ab9ab04-006933a61e" "object-server 96249" 0.0008 "-" 95917 0
Dec 05 22:42:22 np0005548602.novalocal container-server[95916]: ::1 - - [06/Dec/2025:03:42:22 +0000] "PUT /2/118228/AUTH_d8741d1891ef40e5a7a8c7bee0ab6eed/gnocchi.8045bc93-2d37-4cfb-9789-94242db85a2a/1764720000.0_mean_300.0_v3" 201 - "PUT http://[::1]:8080/3/130776/AUTH_d8741d1891ef40e5a7a8c7bee0ab6eed/gnocchi.8045bc93-2d37-4cfb-9789-94242db85a2a/1764720000.0_mean_300.0_v3" "txff93b8bc8b8e46ab9ab04-006933a61e" "object-server 96249" 0.0009 "-" 95916 0
Dec 05 22:42:22 np0005548602.novalocal object-server[96249]: ::1 - - [06/Dec/2025:03:42:22 +0000] "PUT /2/130776/AUTH_d8741d1891ef40e5a7a8c7bee0ab6eed/gnocchi.8045bc93-2d37-4cfb-9789-94242db85a2a/1764720000.0_mean_300.0_v3" 201 - "PUT https://[::1]:8080/v1/AUTH_d8741d1891ef40e5a7a8c7bee0ab6eed/gnocchi.8045bc93-2d37-4cfb-9789-94242db85a2a/1764720000.0_mean_300.0_v3" "txff93b8bc8b8e46ab9ab04-006933a61e" "proxy-server 97198" 0.0271 "-" 96249 0
Dec 05 22:42:22 np0005548602.novalocal container-server[95917]: ::1 - - [06/Dec/2025:03:42:22 +0000] "PUT /1/118228/AUTH_d8741d1891ef40e5a7a8c7bee0ab6eed/gnocchi.8045bc93-2d37-4cfb-9789-94242db85a2a/1764720000.0_mean_300.0_v3" 201 - "PUT http://[::1]:8080/1/130776/AUTH_d8741d1891ef40e5a7a8c7bee0ab6eed/gnocchi.8045bc93-2d37-4cfb-9789-94242db85a2a/1764720000.0_mean_300.0_v3" "txff93b8bc8b8e46ab9ab04-006933a61e" "object-server 96249" 0.0011 "-" 95917 0
Dec 05 22:42:22 np0005548602.novalocal object-server[96249]: ::1 - - [06/Dec/2025:03:42:22 +0000] "PUT /3/130776/AUTH_d8741d1891ef40e5a7a8c7bee0ab6eed/gnocchi.8045bc93-2d37-4cfb-9789-94242db85a2a/1764720000.0_mean_300.0_v3" 201 - "PUT https://[::1]:8080/v1/AUTH_d8741d1891ef40e5a7a8c7bee0ab6eed/gnocchi.8045bc93-2d37-4cfb-9789-94242db85a2a/1764720000.0_mean_300.0_v3" "txff93b8bc8b8e46ab9ab04-006933a61e" "proxy-server 97198" 0.0261 "-" 96249 0
Dec 05 22:42:22 np0005548602.novalocal object-server[96249]: ::1 - - [06/Dec/2025:03:42:22 +0000] "PUT /1/130776/AUTH_d8741d1891ef40e5a7a8c7bee0ab6eed/gnocchi.8045bc93-2d37-4cfb-9789-94242db85a2a/1764720000.0_mean_300.0_v3" 201 - "PUT https://[::1]:8080/v1/AUTH_d8741d1891ef40e5a7a8c7bee0ab6eed/gnocchi.8045bc93-2d37-4cfb-9789-94242db85a2a/1764720000.0_mean_300.0_v3" "txff93b8bc8b8e46ab9ab04-006933a61e" "proxy-server 97198" 0.0252 "-" 96249 0
Dec 05 22:42:22 np0005548602.novalocal proxy-server[97198]: ::1 ::1 06/Dec/2025/03/42/22 PUT /v1/AUTH_d8741d1891ef40e5a7a8c7bee0ab6eed/gnocchi.8045bc93-2d37-4cfb-9789-94242db85a2a/1764720000.0_mean_300.0_v3 HTTP/1.0 201 - python-swiftclient-4.8.0 gAAAAABpM6XeP7WC... 16 - - txff93b8bc8b8e46ab9ab04-006933a61e - 0.0432 - - 1764992542.905221701 1764992542.948402882 0 1229ee3e1d964977b2a5589f27ad366e
Dec 05 22:42:22 np0005548602.novalocal container-server[95916]: ::1 - - [06/Dec/2025:03:42:22 +0000] "PUT /2/118228/AUTH_d8741d1891ef40e5a7a8c7bee0ab6eed/gnocchi.8045bc93-2d37-4cfb-9789-94242db85a2a/none_v3" 201 - "PUT http://[::1]:8080/1/178674/AUTH_d8741d1891ef40e5a7a8c7bee0ab6eed/gnocchi.8045bc93-2d37-4cfb-9789-94242db85a2a/none_v3" "tx2b15528ccc344a59b3f86-006933a61e" "object-server 96250" 0.0007 "-" 95916 0
Dec 05 22:42:22 np0005548602.novalocal object-server[96250]: ::1 - - [06/Dec/2025:03:42:22 +0000] "PUT /1/178674/AUTH_d8741d1891ef40e5a7a8c7bee0ab6eed/gnocchi.8045bc93-2d37-4cfb-9789-94242db85a2a/none_v3" 201 - "PUT https://[::1]:8080/v1/AUTH_d8741d1891ef40e5a7a8c7bee0ab6eed/gnocchi.8045bc93-2d37-4cfb-9789-94242db85a2a/none_v3" "tx2b15528ccc344a59b3f86-006933a61e" "proxy-server 97198" 0.0130 "-" 96250 0
Dec 05 22:42:22 np0005548602.novalocal container-server[95916]: ::1 - - [06/Dec/2025:03:42:22 +0000] "PUT /1/118228/AUTH_d8741d1891ef40e5a7a8c7bee0ab6eed/gnocchi.8045bc93-2d37-4cfb-9789-94242db85a2a/none_v3" 201 - "PUT http://[::1]:8080/3/178674/AUTH_d8741d1891ef40e5a7a8c7bee0ab6eed/gnocchi.8045bc93-2d37-4cfb-9789-94242db85a2a/none_v3" "tx2b15528ccc344a59b3f86-006933a61e" "object-server 96249" 0.0006 "-" 95916 0
Dec 05 22:42:22 np0005548602.novalocal container-server[95917]: ::1 - - [06/Dec/2025:03:42:22 +0000] "PUT /3/118228/AUTH_d8741d1891ef40e5a7a8c7bee0ab6eed/gnocchi.8045bc93-2d37-4cfb-9789-94242db85a2a/none_v3" 201 - "PUT http://[::1]:8080/2/178674/AUTH_d8741d1891ef40e5a7a8c7bee0ab6eed/gnocchi.8045bc93-2d37-4cfb-9789-94242db85a2a/none_v3" "tx2b15528ccc344a59b3f86-006933a61e" "object-server 96249" 0.0008 "-" 95917 0
Dec 05 22:42:22 np0005548602.novalocal object-server[96249]: ::1 - - [06/Dec/2025:03:42:22 +0000] "PUT /3/178674/AUTH_d8741d1891ef40e5a7a8c7bee0ab6eed/gnocchi.8045bc93-2d37-4cfb-9789-94242db85a2a/none_v3" 201 - "PUT https://[::1]:8080/v1/AUTH_d8741d1891ef40e5a7a8c7bee0ab6eed/gnocchi.8045bc93-2d37-4cfb-9789-94242db85a2a/none_v3" "tx2b15528ccc344a59b3f86-006933a61e" "proxy-server 97198" 0.0157 "-" 96249 0
Dec 05 22:42:22 np0005548602.novalocal object-server[96249]: ::1 - - [06/Dec/2025:03:42:22 +0000] "PUT /2/178674/AUTH_d8741d1891ef40e5a7a8c7bee0ab6eed/gnocchi.8045bc93-2d37-4cfb-9789-94242db85a2a/none_v3" 201 - "PUT https://[::1]:8080/v1/AUTH_d8741d1891ef40e5a7a8c7bee0ab6eed/gnocchi.8045bc93-2d37-4cfb-9789-94242db85a2a/none_v3" "tx2b15528ccc344a59b3f86-006933a61e" "proxy-server 97198" 0.0169 "-" 96249 0
Dec 05 22:42:22 np0005548602.novalocal proxy-server[97198]: ::1 ::1 06/Dec/2025/03/42/22 PUT /v1/AUTH_d8741d1891ef40e5a7a8c7bee0ab6eed/gnocchi.8045bc93-2d37-4cfb-9789-94242db85a2a/none_v3 HTTP/1.0 201 - python-swiftclient-4.8.0 gAAAAABpM6XeP7WC... 51 - - tx2b15528ccc344a59b3f86-006933a61e - 0.0312 - - 1764992542.952322960 1764992542.983511209 0 1229ee3e1d964977b2a5589f27ad366e
Dec 05 22:42:23 np0005548602.novalocal object-server[96250]: ::1 - - [06/Dec/2025:03:42:23 +0000] "GET /3/177755/AUTH_d8741d1891ef40e5a7a8c7bee0ab6eed/gnocchi.17e473af-eef2-4f69-b547-6909398a6d6b/none_v3" 200 46 "GET https://[::1]:8080/v1/AUTH_d8741d1891ef40e5a7a8c7bee0ab6eed/gnocchi.17e473af-eef2-4f69-b547-6909398a6d6b/none_v3" "txa4113b16fb354dfda634c-006933a61f" "proxy-server 97198" 0.0014 "-" 96250 0
Dec 05 22:42:23 np0005548602.novalocal proxy-server[97198]: ::1 ::1 06/Dec/2025/03/42/23 GET /v1/AUTH_d8741d1891ef40e5a7a8c7bee0ab6eed/gnocchi.17e473af-eef2-4f69-b547-6909398a6d6b/none_v3 HTTP/1.0 200 - python-swiftclient-4.8.0 gAAAAABpM6XeP7WC... - 46 - txa4113b16fb354dfda634c-006933a61f - 0.0117 - - 1764992543.083590746 1764992543.095280409 0 1229ee3e1d964977b2a5589f27ad366e
Dec 05 22:42:23 np0005548602.novalocal container-server[95916]: ::1 - - [06/Dec/2025:03:42:23 +0000] "GET /3/11249/AUTH_d8741d1891ef40e5a7a8c7bee0ab6eed/gnocchi.17e473af-eef2-4f69-b547-6909398a6d6b" 200 357 "GET https://[::1]:8080/v1/AUTH_d8741d1891ef40e5a7a8c7bee0ab6eed/gnocchi.17e473af-eef2-4f69-b547-6909398a6d6b?format=json&states=listing" "txddc7b6f58bb944f89e500-006933a61f" "proxy-server 97198" 0.0111 "-" 95916 0
Dec 05 22:42:23 np0005548602.novalocal proxy-server[97198]: ::1 ::1 06/Dec/2025/03/42/23 GET /v1/AUTH_d8741d1891ef40e5a7a8c7bee0ab6eed/gnocchi.17e473af-eef2-4f69-b547-6909398a6d6b%3Fformat%3Djson%26states%3Dlisting HTTP/1.0 200 - python-swiftclient-4.8.0 gAAAAABpM6XeP7WC... - 357 - txddc7b6f58bb944f89e500-006933a61f - 0.0206 - - 1764992543.098851919 1764992543.119463682 0 1229ee3e1d964977b2a5589f27ad366e
Dec 05 22:42:23 np0005548602.novalocal container-server[95917]: ::1 - - [06/Dec/2025:03:42:23 +0000] "GET /3/11249/AUTH_d8741d1891ef40e5a7a8c7bee0ab6eed/gnocchi.17e473af-eef2-4f69-b547-6909398a6d6b" 200 2 "GET https://[::1]:8080/v1/AUTH_d8741d1891ef40e5a7a8c7bee0ab6eed/gnocchi.17e473af-eef2-4f69-b547-6909398a6d6b?format=json&marker=none_v3&states=listing" "tx7a80b5320cc54c9d943c3-006933a61f" "proxy-server 97198" 0.0027 "-" 95917 0
Dec 05 22:42:23 np0005548602.novalocal proxy-server[97198]: ::1 ::1 06/Dec/2025/03/42/23 GET /v1/AUTH_d8741d1891ef40e5a7a8c7bee0ab6eed/gnocchi.17e473af-eef2-4f69-b547-6909398a6d6b%3Fformat%3Djson%26marker%3Dnone_v3%26states%3Dlisting HTTP/1.0 200 - python-swiftclient-4.8.0 gAAAAABpM6XeP7WC... - 2 - tx7a80b5320cc54c9d943c3-006933a61f - 0.0117 - - 1764992543.122056961 1764992543.133776188 0 1229ee3e1d964977b2a5589f27ad366e
Dec 05 22:42:23 np0005548602.novalocal object-server[96249]: ::1 - - [06/Dec/2025:03:42:23 +0000] "GET /3/114674/AUTH_d8741d1891ef40e5a7a8c7bee0ab6eed/gnocchi.17e473af-eef2-4f69-b547-6909398a6d6b/1764720000.0_mean_300.0_v3" 200 16 "GET https://[::1]:8080/v1/AUTH_d8741d1891ef40e5a7a8c7bee0ab6eed/gnocchi.17e473af-eef2-4f69-b547-6909398a6d6b/1764720000.0_mean_300.0_v3" "txe2af5717a3d643ff8a3f3-006933a61f" "proxy-server 97198" 0.0013 "-" 96249 0
Dec 05 22:42:23 np0005548602.novalocal proxy-server[97198]: ::1 ::1 06/Dec/2025/03/42/23 GET /v1/AUTH_d8741d1891ef40e5a7a8c7bee0ab6eed/gnocchi.17e473af-eef2-4f69-b547-6909398a6d6b/1764720000.0_mean_300.0_v3 HTTP/1.0 200 - python-swiftclient-4.8.0 gAAAAABpM6XeP7WC... - 16 - txe2af5717a3d643ff8a3f3-006933a61f - 0.0105 - - 1764992543.138222933 1764992543.148677826 0 1229ee3e1d964977b2a5589f27ad366e
Dec 05 22:42:23 np0005548602.novalocal container-server[95917]: ::1 - - [06/Dec/2025:03:42:23 +0000] "PUT /2/11249/AUTH_d8741d1891ef40e5a7a8c7bee0ab6eed/gnocchi.17e473af-eef2-4f69-b547-6909398a6d6b/1764720000.0_mean_300.0_v3" 201 - "PUT http://[::1]:8080/2/114674/AUTH_d8741d1891ef40e5a7a8c7bee0ab6eed/gnocchi.17e473af-eef2-4f69-b547-6909398a6d6b/1764720000.0_mean_300.0_v3" "tx81b1c6b0fe6340a8b9a57-006933a61f" "object-server 96250" 0.0009 "-" 95917 0
Dec 05 22:42:23 np0005548602.novalocal object-server[96250]: ::1 - - [06/Dec/2025:03:42:23 +0000] "PUT /2/114674/AUTH_d8741d1891ef40e5a7a8c7bee0ab6eed/gnocchi.17e473af-eef2-4f69-b547-6909398a6d6b/1764720000.0_mean_300.0_v3" 201 - "PUT https://[::1]:8080/v1/AUTH_d8741d1891ef40e5a7a8c7bee0ab6eed/gnocchi.17e473af-eef2-4f69-b547-6909398a6d6b/1764720000.0_mean_300.0_v3" "tx81b1c6b0fe6340a8b9a57-006933a61f" "proxy-server 97198" 0.0137 "-" 96250 0
Dec 05 22:42:23 np0005548602.novalocal container-server[95916]: ::1 - - [06/Dec/2025:03:42:23 +0000] "PUT /1/11249/AUTH_d8741d1891ef40e5a7a8c7bee0ab6eed/gnocchi.17e473af-eef2-4f69-b547-6909398a6d6b/1764720000.0_mean_300.0_v3" 201 - "PUT http://[::1]:8080/3/114674/AUTH_d8741d1891ef40e5a7a8c7bee0ab6eed/gnocchi.17e473af-eef2-4f69-b547-6909398a6d6b/1764720000.0_mean_300.0_v3" "tx81b1c6b0fe6340a8b9a57-006933a61f" "object-server 96249" 0.0008 "-" 95916 0
Dec 05 22:42:23 np0005548602.novalocal container-server[95917]: ::1 - - [06/Dec/2025:03:42:23 +0000] "PUT /3/11249/AUTH_d8741d1891ef40e5a7a8c7bee0ab6eed/gnocchi.17e473af-eef2-4f69-b547-6909398a6d6b/1764720000.0_mean_300.0_v3" 201 - "PUT http://[::1]:8080/1/114674/AUTH_d8741d1891ef40e5a7a8c7bee0ab6eed/gnocchi.17e473af-eef2-4f69-b547-6909398a6d6b/1764720000.0_mean_300.0_v3" "tx81b1c6b0fe6340a8b9a57-006933a61f" "object-server 96249" 0.0006 "-" 95917 0
Dec 05 22:42:23 np0005548602.novalocal object-server[96249]: ::1 - - [06/Dec/2025:03:42:23 +0000] "PUT /3/114674/AUTH_d8741d1891ef40e5a7a8c7bee0ab6eed/gnocchi.17e473af-eef2-4f69-b547-6909398a6d6b/1764720000.0_mean_300.0_v3" 201 - "PUT https://[::1]:8080/v1/AUTH_d8741d1891ef40e5a7a8c7bee0ab6eed/gnocchi.17e473af-eef2-4f69-b547-6909398a6d6b/1764720000.0_mean_300.0_v3" "tx81b1c6b0fe6340a8b9a57-006933a61f" "proxy-server 97198" 0.0156 "-" 96249 0
Dec 05 22:42:23 np0005548602.novalocal object-server[96249]: ::1 - - [06/Dec/2025:03:42:23 +0000] "PUT /1/114674/AUTH_d8741d1891ef40e5a7a8c7bee0ab6eed/gnocchi.17e473af-eef2-4f69-b547-6909398a6d6b/1764720000.0_mean_300.0_v3" 201 - "PUT https://[::1]:8080/v1/AUTH_d8741d1891ef40e5a7a8c7bee0ab6eed/gnocchi.17e473af-eef2-4f69-b547-6909398a6d6b/1764720000.0_mean_300.0_v3" "tx81b1c6b0fe6340a8b9a57-006933a61f" "proxy-server 97198" 0.0144 "-" 96249 0
Dec 05 22:42:23 np0005548602.novalocal proxy-server[97198]: ::1 ::1 06/Dec/2025/03/42/23 PUT /v1/AUTH_d8741d1891ef40e5a7a8c7bee0ab6eed/gnocchi.17e473af-eef2-4f69-b547-6909398a6d6b/1764720000.0_mean_300.0_v3 HTTP/1.0 201 - python-swiftclient-4.8.0 gAAAAABpM6XeP7WC... 16 - - tx81b1c6b0fe6340a8b9a57-006933a61f - 0.0291 - - 1764992543.153598785 1764992543.182652712 0 1229ee3e1d964977b2a5589f27ad366e
Dec 05 22:42:23 np0005548602.novalocal container-server[95917]: ::1 - - [06/Dec/2025:03:42:23 +0000] "PUT /2/11249/AUTH_d8741d1891ef40e5a7a8c7bee0ab6eed/gnocchi.17e473af-eef2-4f69-b547-6909398a6d6b/none_v3" 201 - "PUT http://[::1]:8080/2/177755/AUTH_d8741d1891ef40e5a7a8c7bee0ab6eed/gnocchi.17e473af-eef2-4f69-b547-6909398a6d6b/none_v3" "txfc30d3192a9f4620b1873-006933a61f" "object-server 96249" 0.0009 "-" 95917 0
Dec 05 22:42:23 np0005548602.novalocal object-server[96249]: ::1 - - [06/Dec/2025:03:42:23 +0000] "PUT /2/177755/AUTH_d8741d1891ef40e5a7a8c7bee0ab6eed/gnocchi.17e473af-eef2-4f69-b547-6909398a6d6b/none_v3" 201 - "PUT https://[::1]:8080/v1/AUTH_d8741d1891ef40e5a7a8c7bee0ab6eed/gnocchi.17e473af-eef2-4f69-b547-6909398a6d6b/none_v3" "txfc30d3192a9f4620b1873-006933a61f" "proxy-server 97198" 0.0116 "-" 96249 0
Dec 05 22:42:23 np0005548602.novalocal container-server[95917]: ::1 - - [06/Dec/2025:03:42:23 +0000] "PUT /1/11249/AUTH_d8741d1891ef40e5a7a8c7bee0ab6eed/gnocchi.17e473af-eef2-4f69-b547-6909398a6d6b/none_v3" 201 - "PUT http://[::1]:8080/3/177755/AUTH_d8741d1891ef40e5a7a8c7bee0ab6eed/gnocchi.17e473af-eef2-4f69-b547-6909398a6d6b/none_v3" "txfc30d3192a9f4620b1873-006933a61f" "object-server 96249" 0.0006 "-" 95917 0
Dec 05 22:42:23 np0005548602.novalocal object-server[96249]: ::1 - - [06/Dec/2025:03:42:23 +0000] "PUT /3/177755/AUTH_d8741d1891ef40e5a7a8c7bee0ab6eed/gnocchi.17e473af-eef2-4f69-b547-6909398a6d6b/none_v3" 201 - "PUT https://[::1]:8080/v1/AUTH_d8741d1891ef40e5a7a8c7bee0ab6eed/gnocchi.17e473af-eef2-4f69-b547-6909398a6d6b/none_v3" "txfc30d3192a9f4620b1873-006933a61f" "proxy-server 97198" 0.0153 "-" 96249 0
Dec 05 22:42:23 np0005548602.novalocal container-server[95917]: ::1 - - [06/Dec/2025:03:42:23 +0000] "PUT /3/11249/AUTH_d8741d1891ef40e5a7a8c7bee0ab6eed/gnocchi.17e473af-eef2-4f69-b547-6909398a6d6b/none_v3" 201 - "PUT http://[::1]:8080/1/177755/AUTH_d8741d1891ef40e5a7a8c7bee0ab6eed/gnocchi.17e473af-eef2-4f69-b547-6909398a6d6b/none_v3" "txfc30d3192a9f4620b1873-006933a61f" "object-server 96250" 0.0007 "-" 95917 0
