Dec 05 22:41:15 np0005548602.novalocal container-server[95917]: ::1 - - [06/Dec/2025:03:41:15 +0000] "PUT /1/118845/AUTH_d8741d1891ef40e5a7a8c7bee0ab6eed/gnocchi.0d6f2bba-59cd-4426-8eda-3049d75754dd" 201 - "PUT https://[::1]:8080/v1/AUTH_d8741d1891ef40e5a7a8c7bee0ab6eed/gnocchi.0d6f2bba-59cd-4426-8eda-3049d75754dd" "tx2884673f732c47dcb7fe4-006933a5db" "proxy-server 97198" 0.0349 "-" 95917 0
Dec 05 22:41:15 np0005548602.novalocal proxy-server[97198]: ::1 ::1 06/Dec/2025/03/41/15 PUT /v1/AUTH_d8741d1891ef40e5a7a8c7bee0ab6eed/gnocchi.0d6f2bba-59cd-4426-8eda-3049d75754dd HTTP/1.0 201 - python-swiftclient-4.8.0 gAAAAABpM6W9MtUs... - - - tx2884673f732c47dcb7fe4-006933a5db - 0.0479 - - 1764992475.422505617 1764992475.470434189 0 1229ee3e1d964977b2a5589f27ad366e
Dec 05 22:41:15 np0005548602.novalocal container-server[95917]: ::1 - - [06/Dec/2025:03:41:15 +0000] "HEAD /2/118845/AUTH_d8741d1891ef40e5a7a8c7bee0ab6eed/gnocchi.0d6f2bba-59cd-4426-8eda-3049d75754dd" 204 - "HEAD http://[::1]:8080/v1/AUTH_d8741d1891ef40e5a7a8c7bee0ab6eed/gnocchi.0d6f2bba-59cd-4426-8eda-3049d75754dd" "txf9c97cdd88424327ab5ac-006933a5db" "proxy-server 97198" 0.0010 "-" 95917 0
Dec 05 22:41:15 np0005548602.novalocal proxy-server[97198]: - - 06/Dec/2025/03/41/15 HEAD /v1/AUTH_d8741d1891ef40e5a7a8c7bee0ab6eed/gnocchi.0d6f2bba-59cd-4426-8eda-3049d75754dd HTTP/1.0 204 - Swift - - - - txf9c97cdd88424327ab5ac-006933a5db - 0.0036 CS - 1764992475.473981380 1764992475.477548361 0 -
Dec 05 22:41:15 np0005548602.novalocal container-server[95916]: ::1 - - [06/Dec/2025:03:41:15 +0000] "GET /2/118845/AUTH_d8741d1891ef40e5a7a8c7bee0ab6eed/gnocchi.0d6f2bba-59cd-4426-8eda-3049d75754dd" 200 2 "GET https://[::1]:8080/v1/AUTH_d8741d1891ef40e5a7a8c7bee0ab6eed/gnocchi.0d6f2bba-59cd-4426-8eda-3049d75754dd?format=json&states=listing" "txf9c97cdd88424327ab5ac-006933a5db" "proxy-server 97198" 0.0018 "-" 95916 0
Dec 05 22:41:15 np0005548602.novalocal proxy-server[97198]: ::1 ::1 06/Dec/2025/03/41/15 GET /v1/AUTH_d8741d1891ef40e5a7a8c7bee0ab6eed/gnocchi.0d6f2bba-59cd-4426-8eda-3049d75754dd%3Fformat%3Djson%26states%3Dlisting HTTP/1.0 200 - python-swiftclient-4.8.0 gAAAAABpM6W9MtUs... - 2 - txf9c97cdd88424327ab5ac-006933a5db - 0.0105 - - 1764992475.473525524 1764992475.484062195 0 1229ee3e1d964977b2a5589f27ad366e
Dec 05 22:41:15 np0005548602.novalocal object-server[96249]: ::1 - - [06/Dec/2025:03:41:15 +0000] "GET /2/171299/AUTH_d8741d1891ef40e5a7a8c7bee0ab6eed/gnocchi.0d6f2bba-59cd-4426-8eda-3049d75754dd/1764720000.0_mean_300.0_v3" 404 70 "GET https://[::1]:8080/v1/AUTH_d8741d1891ef40e5a7a8c7bee0ab6eed/gnocchi.0d6f2bba-59cd-4426-8eda-3049d75754dd/1764720000.0_mean_300.0_v3" "tx7a3f1bf9e9b84a4992f4a-006933a5db" "proxy-server 97198" 0.0003 "-" 96249 0
Dec 05 22:41:15 np0005548602.novalocal object-server[96250]: ::1 - - [06/Dec/2025:03:41:15 +0000] "GET /1/171299/AUTH_d8741d1891ef40e5a7a8c7bee0ab6eed/gnocchi.0d6f2bba-59cd-4426-8eda-3049d75754dd/1764720000.0_mean_300.0_v3" 404 70 "GET https://[::1]:8080/v1/AUTH_d8741d1891ef40e5a7a8c7bee0ab6eed/gnocchi.0d6f2bba-59cd-4426-8eda-3049d75754dd/1764720000.0_mean_300.0_v3" "tx7a3f1bf9e9b84a4992f4a-006933a5db" "proxy-server 97198" 0.0006 "-" 96250 0
Dec 05 22:41:15 np0005548602.novalocal object-server[96249]: ::1 - - [06/Dec/2025:03:41:15 +0000] "GET /3/171299/AUTH_d8741d1891ef40e5a7a8c7bee0ab6eed/gnocchi.0d6f2bba-59cd-4426-8eda-3049d75754dd/1764720000.0_mean_300.0_v3" 404 70 "GET https://[::1]:8080/v1/AUTH_d8741d1891ef40e5a7a8c7bee0ab6eed/gnocchi.0d6f2bba-59cd-4426-8eda-3049d75754dd/1764720000.0_mean_300.0_v3" "tx7a3f1bf9e9b84a4992f4a-006933a5db" "proxy-server 97198" 0.0002 "-" 96249 0
Dec 05 22:41:15 np0005548602.novalocal proxy-server[97198]: ::1 ::1 06/Dec/2025/03/41/15 GET /v1/AUTH_d8741d1891ef40e5a7a8c7bee0ab6eed/gnocchi.0d6f2bba-59cd-4426-8eda-3049d75754dd/1764720000.0_mean_300.0_v3 HTTP/1.0 404 - python-swiftclient-4.8.0 gAAAAABpM6W9MtUs... - 70 - tx7a3f1bf9e9b84a4992f4a-006933a5db - 0.0082 - - 1764992475.486619949 1764992475.494840145 0 1229ee3e1d964977b2a5589f27ad366e
Dec 05 22:41:15 np0005548602.novalocal container-server[95917]: ::1 - - [06/Dec/2025:03:41:15 +0000] "PUT /3/118845/AUTH_d8741d1891ef40e5a7a8c7bee0ab6eed/gnocchi.0d6f2bba-59cd-4426-8eda-3049d75754dd/1764720000.0_mean_300.0_v3" 201 - "PUT http://[::1]:8080/3/171299/AUTH_d8741d1891ef40e5a7a8c7bee0ab6eed/gnocchi.0d6f2bba-59cd-4426-8eda-3049d75754dd/1764720000.0_mean_300.0_v3" "txfa6893241777498bba415-006933a5db" "object-server 96250" 0.0004 "-" 95917 0
Dec 05 22:41:15 np0005548602.novalocal object-server[96250]: ::1 - - [06/Dec/2025:03:41:15 +0000] "PUT /3/171299/AUTH_d8741d1891ef40e5a7a8c7bee0ab6eed/gnocchi.0d6f2bba-59cd-4426-8eda-3049d75754dd/1764720000.0_mean_300.0_v3" 201 - "PUT https://[::1]:8080/v1/AUTH_d8741d1891ef40e5a7a8c7bee0ab6eed/gnocchi.0d6f2bba-59cd-4426-8eda-3049d75754dd/1764720000.0_mean_300.0_v3" "txfa6893241777498bba415-006933a5db" "proxy-server 97198" 0.0295 "-" 96250 0
Dec 05 22:41:15 np0005548602.novalocal container-server[95917]: ::1 - - [06/Dec/2025:03:41:15 +0000] "PUT /2/118845/AUTH_d8741d1891ef40e5a7a8c7bee0ab6eed/gnocchi.0d6f2bba-59cd-4426-8eda-3049d75754dd/1764720000.0_mean_300.0_v3" 201 - "PUT http://[::1]:8080/2/171299/AUTH_d8741d1891ef40e5a7a8c7bee0ab6eed/gnocchi.0d6f2bba-59cd-4426-8eda-3049d75754dd/1764720000.0_mean_300.0_v3" "txfa6893241777498bba415-006933a5db" "object-server 96249" 0.0003 "-" 95917 0
Dec 05 22:41:15 np0005548602.novalocal container-server[95917]: ::1 - - [06/Dec/2025:03:41:15 +0000] "PUT /1/118845/AUTH_d8741d1891ef40e5a7a8c7bee0ab6eed/gnocchi.0d6f2bba-59cd-4426-8eda-3049d75754dd/1764720000.0_mean_300.0_v3" 201 - "PUT http://[::1]:8080/1/171299/AUTH_d8741d1891ef40e5a7a8c7bee0ab6eed/gnocchi.0d6f2bba-59cd-4426-8eda-3049d75754dd/1764720000.0_mean_300.0_v3" "txfa6893241777498bba415-006933a5db" "object-server 96249" 0.0003 "-" 95917 0
Dec 05 22:41:15 np0005548602.novalocal object-server[96249]: ::1 - - [06/Dec/2025:03:41:15 +0000] "PUT /2/171299/AUTH_d8741d1891ef40e5a7a8c7bee0ab6eed/gnocchi.0d6f2bba-59cd-4426-8eda-3049d75754dd/1764720000.0_mean_300.0_v3" 201 - "PUT https://[::1]:8080/v1/AUTH_d8741d1891ef40e5a7a8c7bee0ab6eed/gnocchi.0d6f2bba-59cd-4426-8eda-3049d75754dd/1764720000.0_mean_300.0_v3" "txfa6893241777498bba415-006933a5db" "proxy-server 97198" 0.0343 "-" 96249 0
Dec 05 22:41:15 np0005548602.novalocal object-server[96249]: ::1 - - [06/Dec/2025:03:41:15 +0000] "PUT /1/171299/AUTH_d8741d1891ef40e5a7a8c7bee0ab6eed/gnocchi.0d6f2bba-59cd-4426-8eda-3049d75754dd/1764720000.0_mean_300.0_v3" 201 - "PUT https://[::1]:8080/v1/AUTH_d8741d1891ef40e5a7a8c7bee0ab6eed/gnocchi.0d6f2bba-59cd-4426-8eda-3049d75754dd/1764720000.0_mean_300.0_v3" "txfa6893241777498bba415-006933a5db" "proxy-server 97198" 0.0345 "-" 96249 0
Dec 05 22:41:15 np0005548602.novalocal proxy-server[97198]: ::1 ::1 06/Dec/2025/03/41/15 PUT /v1/AUTH_d8741d1891ef40e5a7a8c7bee0ab6eed/gnocchi.0d6f2bba-59cd-4426-8eda-3049d75754dd/1764720000.0_mean_300.0_v3 HTTP/1.0 201 - python-swiftclient-4.8.0 gAAAAABpM6W9MtUs... 16 - - txfa6893241777498bba415-006933a5db - 0.0405 - - 1764992475.497094154 1764992475.537636757 0 1229ee3e1d964977b2a5589f27ad366e
Dec 05 22:41:15 np0005548602.novalocal container-server[95917]: ::1 - - [06/Dec/2025:03:41:15 +0000] "PUT /1/118845/AUTH_d8741d1891ef40e5a7a8c7bee0ab6eed/gnocchi.0d6f2bba-59cd-4426-8eda-3049d75754dd/none_v3" 201 - "PUT http://[::1]:8080/3/170541/AUTH_d8741d1891ef40e5a7a8c7bee0ab6eed/gnocchi.0d6f2bba-59cd-4426-8eda-3049d75754dd/none_v3" "txb8792c99d8fa4dbbbddbb-006933a5db" "object-server 96249" 0.0004 "-" 95917 0
Dec 05 22:41:15 np0005548602.novalocal object-server[96249]: ::1 - - [06/Dec/2025:03:41:15 +0000] "PUT /3/170541/AUTH_d8741d1891ef40e5a7a8c7bee0ab6eed/gnocchi.0d6f2bba-59cd-4426-8eda-3049d75754dd/none_v3" 201 - "PUT https://[::1]:8080/v1/AUTH_d8741d1891ef40e5a7a8c7bee0ab6eed/gnocchi.0d6f2bba-59cd-4426-8eda-3049d75754dd/none_v3" "txb8792c99d8fa4dbbbddbb-006933a5db" "proxy-server 97198" 0.0086 "-" 96249 0
Dec 05 22:41:15 np0005548602.novalocal container-server[95917]: ::1 - - [06/Dec/2025:03:41:15 +0000] "PUT /3/118845/AUTH_d8741d1891ef40e5a7a8c7bee0ab6eed/gnocchi.0d6f2bba-59cd-4426-8eda-3049d75754dd/none_v3" 201 - "PUT http://[::1]:8080/1/170541/AUTH_d8741d1891ef40e5a7a8c7bee0ab6eed/gnocchi.0d6f2bba-59cd-4426-8eda-3049d75754dd/none_v3" "txb8792c99d8fa4dbbbddbb-006933a5db" "object-server 96249" 0.0004 "-" 95917 0
Dec 05 22:41:15 np0005548602.novalocal object-server[96249]: ::1 - - [06/Dec/2025:03:41:15 +0000] "PUT /1/170541/AUTH_d8741d1891ef40e5a7a8c7bee0ab6eed/gnocchi.0d6f2bba-59cd-4426-8eda-3049d75754dd/none_v3" 201 - "PUT https://[::1]:8080/v1/AUTH_d8741d1891ef40e5a7a8c7bee0ab6eed/gnocchi.0d6f2bba-59cd-4426-8eda-3049d75754dd/none_v3" "txb8792c99d8fa4dbbbddbb-006933a5db" "proxy-server 97198" 0.0250 "-" 96249 0
Dec 05 22:41:15 np0005548602.novalocal container-server[95917]: ::1 - - [06/Dec/2025:03:41:15 +0000] "PUT /2/118845/AUTH_d8741d1891ef40e5a7a8c7bee0ab6eed/gnocchi.0d6f2bba-59cd-4426-8eda-3049d75754dd/none_v3" 201 - "PUT http://[::1]:8080/2/170541/AUTH_d8741d1891ef40e5a7a8c7bee0ab6eed/gnocchi.0d6f2bba-59cd-4426-8eda-3049d75754dd/none_v3" "txb8792c99d8fa4dbbbddbb-006933a5db" "object-server 96249" 0.0004 "-" 95917 0
Dec 05 22:41:15 np0005548602.novalocal object-server[96249]: ::1 - - [06/Dec/2025:03:41:15 +0000] "PUT /2/170541/AUTH_d8741d1891ef40e5a7a8c7bee0ab6eed/gnocchi.0d6f2bba-59cd-4426-8eda-3049d75754dd/none_v3" 201 - "PUT https://[::1]:8080/v1/AUTH_d8741d1891ef40e5a7a8c7bee0ab6eed/gnocchi.0d6f2bba-59cd-4426-8eda-3049d75754dd/none_v3" "txb8792c99d8fa4dbbbddbb-006933a5db" "proxy-server 97198" 0.0274 "-" 96249 0
Dec 05 22:41:15 np0005548602.novalocal proxy-server[97198]: ::1 ::1 06/Dec/2025/03/41/15 PUT /v1/AUTH_d8741d1891ef40e5a7a8c7bee0ab6eed/gnocchi.0d6f2bba-59cd-4426-8eda-3049d75754dd/none_v3 HTTP/1.0 201 - python-swiftclient-4.8.0 gAAAAABpM6W9MtUs... 29 - - txb8792c99d8fa4dbbbddbb-006933a5db - 0.0340 - - 1764992475.540446281 1764992475.574487209 0 1229ee3e1d964977b2a5589f27ad366e
Dec 05 22:41:16 np0005548602.novalocal dnsmasq[102734]: read /var/lib/neutron/dhcp/c41b9dc3-3fc2-42b7-9ded-11b245b345d8/addn_hosts - 1 addresses
Dec 05 22:41:16 np0005548602.novalocal dnsmasq-dhcp[102734]: read /var/lib/neutron/dhcp/c41b9dc3-3fc2-42b7-9ded-11b245b345d8/host
Dec 05 22:41:16 np0005548602.novalocal dnsmasq-dhcp[102734]: read /var/lib/neutron/dhcp/c41b9dc3-3fc2-42b7-9ded-11b245b345d8/opts
Dec 05 22:41:17 np0005548602.novalocal sudo[103817]: cinder : PWD=/ ; USER=root ; COMMAND=/usr/bin/cinder-rootwrap /etc/cinder/rootwrap.conf cinder-rtstool delete-initiator iqn.2010-10.org.openstack:volume-eeb77485-ee97-4ef6-8b73-5081399c2064 iqn.1994-05.com.redhat:e881403baa85
Dec 05 22:41:17 np0005548602.novalocal systemd[1]: Started Session c110 of User root.
Dec 05 22:41:17 np0005548602.novalocal sudo[103817]: pam_unix(sudo:session): session opened for user root(uid=0) by (uid=165)
Dec 05 22:41:17 np0005548602.novalocal sudo[103817]: pam_unix(sudo:session): session closed for user root
Dec 05 22:41:17 np0005548602.novalocal systemd[1]: session-c110.scope: Deactivated successfully.
Dec 05 22:41:17 np0005548602.novalocal sudo[103841]: cinder : PWD=/ ; USER=root ; COMMAND=/usr/bin/cinder-rootwrap /etc/cinder/rootwrap.conf cinder-rtstool save
Dec 05 22:41:17 np0005548602.novalocal systemd[1]: Started Session c111 of User root.
Dec 05 22:41:17 np0005548602.novalocal sudo[103841]: pam_unix(sudo:session): session opened for user root(uid=0) by (uid=165)
Dec 05 22:41:18 np0005548602.novalocal sudo[103841]: pam_unix(sudo:session): session closed for user root
Dec 05 22:41:18 np0005548602.novalocal systemd[1]: session-c111.scope: Deactivated successfully.
Dec 05 22:41:18 np0005548602.novalocal sudo[103848]: cinder : PWD=/ ; USER=root ; COMMAND=/usr/bin/cinder-rootwrap /etc/cinder/rootwrap.conf cinder-rtstool get-targets
Dec 05 22:41:18 np0005548602.novalocal systemd[1]: Started Session c112 of User root.
Dec 05 22:41:18 np0005548602.novalocal sudo[103848]: pam_unix(sudo:session): session opened for user root(uid=0) by (uid=165)
Dec 05 22:41:18 np0005548602.novalocal object-server[96249]: ::1 - - [06/Dec/2025:03:41:18 +0000] "GET /2/42905/AUTH_d8741d1891ef40e5a7a8c7bee0ab6eed/gnocchi.348b27bb-2c83-4735-9929-37b6bf6a00e8/none_v3" 200 52 "GET https://[::1]:8080/v1/AUTH_d8741d1891ef40e5a7a8c7bee0ab6eed/gnocchi.348b27bb-2c83-4735-9929-37b6bf6a00e8/none_v3" "tx160b0a7976e042a5939ef-006933a5de" "proxy-server 97198" 0.0013 "-" 96249 0
Dec 05 22:41:18 np0005548602.novalocal proxy-server[97198]: ::1 ::1 06/Dec/2025/03/41/18 GET /v1/AUTH_d8741d1891ef40e5a7a8c7bee0ab6eed/gnocchi.348b27bb-2c83-4735-9929-37b6bf6a00e8/none_v3 HTTP/1.0 200 - python-swiftclient-4.8.0 gAAAAABpM6XeP7WC... - 52 - tx160b0a7976e042a5939ef-006933a5de - 0.0685 - - 1764992478.391219854 1764992478.459685087 0 1229ee3e1d964977b2a5589f27ad366e
Dec 05 22:41:18 np0005548602.novalocal container-server[95917]: ::1 - - [06/Dec/2025:03:41:18 +0000] "GET /3/116615/AUTH_d8741d1891ef40e5a7a8c7bee0ab6eed/gnocchi.348b27bb-2c83-4735-9929-37b6bf6a00e8" 200 357 "GET https://[::1]:8080/v1/AUTH_d8741d1891ef40e5a7a8c7bee0ab6eed/gnocchi.348b27bb-2c83-4735-9929-37b6bf6a00e8?format=json&states=listing" "txc889440c305c4176b88cc-006933a5de" "proxy-server 97198" 0.0105 "-" 95917 0
Dec 05 22:41:18 np0005548602.novalocal proxy-server[97198]: ::1 ::1 06/Dec/2025/03/41/18 GET /v1/AUTH_d8741d1891ef40e5a7a8c7bee0ab6eed/gnocchi.348b27bb-2c83-4735-9929-37b6bf6a00e8%3Fformat%3Djson%26states%3Dlisting HTTP/1.0 200 - python-swiftclient-4.8.0 gAAAAABpM6XeP7WC... - 357 - txc889440c305c4176b88cc-006933a5de - 0.0250 - - 1764992478.486779690 1764992478.511800528 0 1229ee3e1d964977b2a5589f27ad366e
Dec 05 22:41:18 np0005548602.novalocal container-server[95917]: ::1 - - [06/Dec/2025:03:41:18 +0000] "GET /3/116615/AUTH_d8741d1891ef40e5a7a8c7bee0ab6eed/gnocchi.348b27bb-2c83-4735-9929-37b6bf6a00e8" 200 2 "GET https://[::1]:8080/v1/AUTH_d8741d1891ef40e5a7a8c7bee0ab6eed/gnocchi.348b27bb-2c83-4735-9929-37b6bf6a00e8?format=json&marker=none_v3&states=listing" "txd3f6450c8a8243fc8c4c1-006933a5de" "proxy-server 97198" 0.0024 "-" 95917 0
Dec 05 22:41:18 np0005548602.novalocal proxy-server[97198]: ::1 ::1 06/Dec/2025/03/41/18 GET /v1/AUTH_d8741d1891ef40e5a7a8c7bee0ab6eed/gnocchi.348b27bb-2c83-4735-9929-37b6bf6a00e8%3Fformat%3Djson%26marker%3Dnone_v3%26states%3Dlisting HTTP/1.0 200 - python-swiftclient-4.8.0 gAAAAABpM6XeP7WC... - 2 - txd3f6450c8a8243fc8c4c1-006933a5de - 0.0144 - - 1764992478.518158197 1764992478.532603741 0 1229ee3e1d964977b2a5589f27ad366e
Dec 05 22:41:18 np0005548602.novalocal object-server[96249]: ::1 - - [06/Dec/2025:03:41:18 +0000] "GET /3/220425/AUTH_d8741d1891ef40e5a7a8c7bee0ab6eed/gnocchi.348b27bb-2c83-4735-9929-37b6bf6a00e8/1764720000.0_mean_300.0_v3" 200 16 "GET https://[::1]:8080/v1/AUTH_d8741d1891ef40e5a7a8c7bee0ab6eed/gnocchi.348b27bb-2c83-4735-9929-37b6bf6a00e8/1764720000.0_mean_300.0_v3" "tx40f6ee0f4f444f209873e-006933a5de" "proxy-server 97198" 0.0014 "-" 96249 0
Dec 05 22:41:18 np0005548602.novalocal proxy-server[97198]: ::1 ::1 06/Dec/2025/03/41/18 GET /v1/AUTH_d8741d1891ef40e5a7a8c7bee0ab6eed/gnocchi.348b27bb-2c83-4735-9929-37b6bf6a00e8/1764720000.0_mean_300.0_v3 HTTP/1.0 200 - python-swiftclient-4.8.0 gAAAAABpM6XeP7WC... - 16 - tx40f6ee0f4f444f209873e-006933a5de - 0.0150 - - 1764992478.545322418 1764992478.560326815 0 1229ee3e1d964977b2a5589f27ad366e
Dec 05 22:41:18 np0005548602.novalocal container-server[95917]: ::1 - - [06/Dec/2025:03:41:18 +0000] "PUT /1/116615/AUTH_d8741d1891ef40e5a7a8c7bee0ab6eed/gnocchi.348b27bb-2c83-4735-9929-37b6bf6a00e8/1764720000.0_mean_300.0_v3" 201 - "PUT http://[::1]:8080/3/220425/AUTH_d8741d1891ef40e5a7a8c7bee0ab6eed/gnocchi.348b27bb-2c83-4735-9929-37b6bf6a00e8/1764720000.0_mean_300.0_v3" "txeba2d341b1be4924bca93-006933a5de" "object-server 96250" 0.0008 "-" 95917 0
Dec 05 22:41:18 np0005548602.novalocal object-server[96250]: ::1 - - [06/Dec/2025:03:41:18 +0000] "PUT /3/220425/AUTH_d8741d1891ef40e5a7a8c7bee0ab6eed/gnocchi.348b27bb-2c83-4735-9929-37b6bf6a00e8/1764720000.0_mean_300.0_v3" 201 - "PUT https://[::1]:8080/v1/AUTH_d8741d1891ef40e5a7a8c7bee0ab6eed/gnocchi.348b27bb-2c83-4735-9929-37b6bf6a00e8/1764720000.0_mean_300.0_v3" "txeba2d341b1be4924bca93-006933a5de" "proxy-server 97198" 0.0141 "-" 96250 0
Dec 05 22:41:18 np0005548602.novalocal container-server[95917]: ::1 - - [06/Dec/2025:03:41:18 +0000] "PUT /2/116615/AUTH_d8741d1891ef40e5a7a8c7bee0ab6eed/gnocchi.348b27bb-2c83-4735-9929-37b6bf6a00e8/1764720000.0_mean_300.0_v3" 201 - "PUT http://[::1]:8080/2/220425/AUTH_d8741d1891ef40e5a7a8c7bee0ab6eed/gnocchi.348b27bb-2c83-4735-9929-37b6bf6a00e8/1764720000.0_mean_300.0_v3" "txeba2d341b1be4924bca93-006933a5de" "object-server 96249" 0.0005 "-" 95917 0
Dec 05 22:41:18 np0005548602.novalocal container-server[95917]: ::1 - - [06/Dec/2025:03:41:18 +0000] "PUT /3/116615/AUTH_d8741d1891ef40e5a7a8c7bee0ab6eed/gnocchi.348b27bb-2c83-4735-9929-37b6bf6a00e8/1764720000.0_mean_300.0_v3" 201 - "PUT http://[::1]:8080/1/220425/AUTH_d8741d1891ef40e5a7a8c7bee0ab6eed/gnocchi.348b27bb-2c83-4735-9929-37b6bf6a00e8/1764720000.0_mean_300.0_v3" "txeba2d341b1be4924bca93-006933a5de" "object-server 96249" 0.0003 "-" 95917 0
Dec 05 22:41:18 np0005548602.novalocal object-server[96249]: ::1 - - [06/Dec/2025:03:41:18 +0000] "PUT /2/220425/AUTH_d8741d1891ef40e5a7a8c7bee0ab6eed/gnocchi.348b27bb-2c83-4735-9929-37b6bf6a00e8/1764720000.0_mean_300.0_v3" 201 - "PUT https://[::1]:8080/v1/AUTH_d8741d1891ef40e5a7a8c7bee0ab6eed/gnocchi.348b27bb-2c83-4735-9929-37b6bf6a00e8/1764720000.0_mean_300.0_v3" "txeba2d341b1be4924bca93-006933a5de" "proxy-server 97198" 0.0156 "-" 96249 0
Dec 05 22:41:18 np0005548602.novalocal object-server[96249]: ::1 - - [06/Dec/2025:03:41:18 +0000] "PUT /1/220425/AUTH_d8741d1891ef40e5a7a8c7bee0ab6eed/gnocchi.348b27bb-2c83-4735-9929-37b6bf6a00e8/1764720000.0_mean_300.0_v3" 201 - "PUT https://[::1]:8080/v1/AUTH_d8741d1891ef40e5a7a8c7bee0ab6eed/gnocchi.348b27bb-2c83-4735-9929-37b6bf6a00e8/1764720000.0_mean_300.0_v3" "txeba2d341b1be4924bca93-006933a5de" "proxy-server 97198" 0.0143 "-" 96249 0
Dec 05 22:41:18 np0005548602.novalocal proxy-server[97198]: ::1 ::1 06/Dec/2025/03/41/18 PUT /v1/AUTH_d8741d1891ef40e5a7a8c7bee0ab6eed/gnocchi.348b27bb-2c83-4735-9929-37b6bf6a00e8/1764720000.0_mean_300.0_v3 HTTP/1.0 201 - python-swiftclient-4.8.0 gAAAAABpM6XeP7WC... 16 - - txeba2d341b1be4924bca93-006933a5de - 0.0313 - - 1764992478.567386150 1764992478.598693848 0 1229ee3e1d964977b2a5589f27ad366e
Dec 05 22:41:18 np0005548602.novalocal container-server[95917]: ::1 - - [06/Dec/2025:03:41:18 +0000] "PUT /1/116615/AUTH_d8741d1891ef40e5a7a8c7bee0ab6eed/gnocchi.348b27bb-2c83-4735-9929-37b6bf6a00e8/none_v3" 201 - "PUT http://[::1]:8080/2/42905/AUTH_d8741d1891ef40e5a7a8c7bee0ab6eed/gnocchi.348b27bb-2c83-4735-9929-37b6bf6a00e8/none_v3" "tx4ced6a5e53bd49b387da4-006933a5de" "object-server 96249" 0.0007 "-" 95917 0
Dec 05 22:41:18 np0005548602.novalocal object-server[96249]: ::1 - - [06/Dec/2025:03:41:18 +0000] "PUT /2/42905/AUTH_d8741d1891ef40e5a7a8c7bee0ab6eed/gnocchi.348b27bb-2c83-4735-9929-37b6bf6a00e8/none_v3" 201 - "PUT https://[::1]:8080/v1/AUTH_d8741d1891ef40e5a7a8c7bee0ab6eed/gnocchi.348b27bb-2c83-4735-9929-37b6bf6a00e8/none_v3" "tx4ced6a5e53bd49b387da4-006933a5de" "proxy-server 97198" 0.0137 "-" 96249 0
Dec 05 22:41:18 np0005548602.novalocal container-server[95917]: ::1 - - [06/Dec/2025:03:41:18 +0000] "PUT /2/116615/AUTH_d8741d1891ef40e5a7a8c7bee0ab6eed/gnocchi.348b27bb-2c83-4735-9929-37b6bf6a00e8/none_v3" 201 - "PUT http://[::1]:8080/3/42905/AUTH_d8741d1891ef40e5a7a8c7bee0ab6eed/gnocchi.348b27bb-2c83-4735-9929-37b6bf6a00e8/none_v3" "tx4ced6a5e53bd49b387da4-006933a5de" "object-server 96250" 0.0012 "-" 95917 0
Dec 05 22:41:18 np0005548602.novalocal object-server[96250]: ::1 - - [06/Dec/2025:03:41:18 +0000] "PUT /3/42905/AUTH_d8741d1891ef40e5a7a8c7bee0ab6eed/gnocchi.348b27bb-2c83-4735-9929-37b6bf6a00e8/none_v3" 201 - "PUT https://[::1]:8080/v1/AUTH_d8741d1891ef40e5a7a8c7bee0ab6eed/gnocchi.348b27bb-2c83-4735-9929-37b6bf6a00e8/none_v3" "tx4ced6a5e53bd49b387da4-006933a5de" "proxy-server 97198" 0.0193 "-" 96250 0
Dec 05 22:41:18 np0005548602.novalocal container-server[95916]: ::1 - - [06/Dec/2025:03:41:18 +0000] "PUT /3/116615/AUTH_d8741d1891ef40e5a7a8c7bee0ab6eed/gnocchi.348b27bb-2c83-4735-9929-37b6bf6a00e8/none_v3" 201 - "PUT http://[::1]:8080/1/42905/AUTH_d8741d1891ef40e5a7a8c7bee0ab6eed/gnocchi.348b27bb-2c83-4735-9929-37b6bf6a00e8/none_v3" "tx4ced6a5e53bd49b387da4-006933a5de" "object-server 96249" 0.0011 "-" 95916 0
Dec 05 22:41:18 np0005548602.novalocal object-server[96249]: ::1 - - [06/Dec/2025:03:41:18 +0000] "PUT /1/42905/AUTH_d8741d1891ef40e5a7a8c7bee0ab6eed/gnocchi.348b27bb-2c83-4735-9929-37b6bf6a00e8/none_v3" 201 - "PUT https://[::1]:8080/v1/AUTH_d8741d1891ef40e5a7a8c7bee0ab6eed/gnocchi.348b27bb-2c83-4735-9929-37b6bf6a00e8/none_v3" "tx4ced6a5e53bd49b387da4-006933a5de" "proxy-server 97198" 0.0210 "-" 96249 0
Dec 05 22:41:18 np0005548602.novalocal proxy-server[97198]: ::1 ::1 06/Dec/2025/03/41/18 PUT /v1/AUTH_d8741d1891ef40e5a7a8c7bee0ab6eed/gnocchi.348b27bb-2c83-4735-9929-37b6bf6a00e8/none_v3 HTTP/1.0 201 - python-swiftclient-4.8.0 gAAAAABpM6XeP7WC... 61 - - tx4ced6a5e53bd49b387da4-006933a5de - 0.0355 - - 1764992478.604283571 1764992478.639764786 0 1229ee3e1d964977b2a5589f27ad366e
Dec 05 22:41:18 np0005548602.novalocal sudo[103848]: pam_unix(sudo:session): session closed for user root
Dec 05 22:41:18 np0005548602.novalocal systemd[1]: session-c112.scope: Deactivated successfully.
Dec 05 22:41:18 np0005548602.novalocal sudo[103853]: cinder : PWD=/ ; USER=root ; COMMAND=/usr/bin/cinder-rootwrap /etc/cinder/rootwrap.conf cinder-rtstool delete iqn.2010-10.org.openstack:volume-eeb77485-ee97-4ef6-8b73-5081399c2064
Dec 05 22:41:18 np0005548602.novalocal systemd[1]: Started Session c113 of User root.
Dec 05 22:41:18 np0005548602.novalocal sudo[103853]: pam_unix(sudo:session): session opened for user root(uid=0) by (uid=165)
Dec 05 22:41:19 np0005548602.novalocal dnsmasq-dhcp[103202]: DHCPDISCOVER(tap7868ed97-17) fa:16:3e:19:fb:50
Dec 05 22:41:19 np0005548602.novalocal dnsmasq-dhcp[103202]: DHCPOFFER(tap7868ed97-17) 10.100.0.13 fa:16:3e:19:fb:50
Dec 05 22:41:19 np0005548602.novalocal dnsmasq-dhcp[103202]: DHCPREQUEST(tap7868ed97-17) 10.100.0.13 fa:16:3e:19:fb:50
Dec 05 22:41:19 np0005548602.novalocal dnsmasq-dhcp[103202]: DHCPACK(tap7868ed97-17) 10.100.0.13 fa:16:3e:19:fb:50 host-10-100-0-13
Dec 05 22:41:19 np0005548602.novalocal sudo[103853]: pam_unix(sudo:session): session closed for user root
Dec 05 22:41:19 np0005548602.novalocal systemd[1]: session-c113.scope: Deactivated successfully.
Dec 05 22:41:19 np0005548602.novalocal sudo[103862]: cinder : PWD=/ ; USER=root ; COMMAND=/usr/bin/cinder-rootwrap /etc/cinder/rootwrap.conf cinder-rtstool save
Dec 05 22:41:19 np0005548602.novalocal systemd[1]: Started Session c114 of User root.
Dec 05 22:41:19 np0005548602.novalocal sudo[103862]: pam_unix(sudo:session): session opened for user root(uid=0) by (uid=165)
Dec 05 22:41:20 np0005548602.novalocal sudo[103862]: pam_unix(sudo:session): session closed for user root
Dec 05 22:41:20 np0005548602.novalocal systemd[1]: session-c114.scope: Deactivated successfully.
Dec 05 22:41:20 np0005548602.novalocal sudo[103869]: cinder : PWD=/ ; USER=root ; COMMAND=/usr/bin/cinder-rootwrap /etc/cinder/rootwrap.conf cinder-rtstool get-targets
Dec 05 22:41:20 np0005548602.novalocal systemd[1]: Started Session c115 of User root.
Dec 05 22:41:20 np0005548602.novalocal sudo[103869]: pam_unix(sudo:session): session opened for user root(uid=0) by (uid=165)
Dec 05 22:41:21 np0005548602.novalocal sudo[103869]: pam_unix(sudo:session): session closed for user root
Dec 05 22:41:21 np0005548602.novalocal systemd[1]: session-c115.scope: Deactivated successfully.
Dec 05 22:41:21 np0005548602.novalocal sudo[103875]: cinder : PWD=/ ; USER=root ; COMMAND=/usr/bin/cinder-rootwrap /etc/cinder/rootwrap.conf env LC_ALL=C lvs --noheadings --unit=g -o vg_name,name,size --nosuffix --readonly cinder-volumes/volume-eeb77485-ee97-4ef6-8b73-5081399c2064
Dec 05 22:41:21 np0005548602.novalocal systemd[1]: Started Session c116 of User root.
Dec 05 22:41:21 np0005548602.novalocal sudo[103875]: pam_unix(sudo:session): session opened for user root(uid=0) by (uid=165)
Dec 05 22:41:21 np0005548602.novalocal sudo[103875]: pam_unix(sudo:session): session closed for user root
Dec 05 22:41:21 np0005548602.novalocal systemd[1]: session-c116.scope: Deactivated successfully.
Dec 05 22:41:21 np0005548602.novalocal sudo[103882]: cinder : PWD=/ ; USER=root ; COMMAND=/usr/bin/cinder-rootwrap /etc/cinder/rootwrap.conf env LC_ALL=C lvdisplay --noheading -C -o Attr --readonly cinder-volumes/volume-eeb77485-ee97-4ef6-8b73-5081399c2064
Dec 05 22:41:21 np0005548602.novalocal systemd[1]: Started Session c117 of User root.
Dec 05 22:41:21 np0005548602.novalocal sudo[103882]: pam_unix(sudo:session): session opened for user root(uid=0) by (uid=165)
Dec 05 22:41:22 np0005548602.novalocal sudo[103882]: pam_unix(sudo:session): session closed for user root
Dec 05 22:41:22 np0005548602.novalocal systemd[1]: session-c117.scope: Deactivated successfully.
Dec 05 22:41:22 np0005548602.novalocal object-replicator[96313]: Starting object replication pass.
Dec 05 22:41:22 np0005548602.novalocal sudo[103886]: cinder : PWD=/ ; USER=root ; COMMAND=/usr/bin/cinder-rootwrap /etc/cinder/rootwrap.conf lvremove --config 'activation { retry_deactivation = 1} ' -f cinder-volumes/volume-eeb77485-ee97-4ef6-8b73-5081399c2064
Dec 05 22:41:22 np0005548602.novalocal systemd[1]: Started Session c118 of User root.
Dec 05 22:41:22 np0005548602.novalocal sudo[103886]: pam_unix(sudo:session): session opened for user root(uid=0) by (uid=165)
Dec 05 22:41:22 np0005548602.novalocal object-server[96249]: ::1 - - [06/Dec/2025:03:41:22 +0000] "GET /3/123104/AUTH_d8741d1891ef40e5a7a8c7bee0ab6eed/gnocchi.28a088b1-51b2-48c7-8750-e364fdcd4013/none_v3" 200 30 "GET https://[::1]:8080/v1/AUTH_d8741d1891ef40e5a7a8c7bee0ab6eed/gnocchi.28a088b1-51b2-48c7-8750-e364fdcd4013/none_v3" "tx95f564473ca241f895519-006933a5e2" "proxy-server 97198" 0.0016 "-" 96249 0
Dec 05 22:41:22 np0005548602.novalocal proxy-server[97198]: ::1 ::1 06/Dec/2025/03/41/22 GET /v1/AUTH_d8741d1891ef40e5a7a8c7bee0ab6eed/gnocchi.28a088b1-51b2-48c7-8750-e364fdcd4013/none_v3 HTTP/1.0 200 - python-swiftclient-4.8.0 gAAAAABpM6XeP7WC... - 30 - tx95f564473ca241f895519-006933a5e2 - 0.0129 - - 1764992482.460275888 1764992482.473186970 0 1229ee3e1d964977b2a5589f27ad366e
Dec 05 22:41:22 np0005548602.novalocal container-server[95917]: ::1 - - [06/Dec/2025:03:41:22 +0000] "GET /3/254306/AUTH_d8741d1891ef40e5a7a8c7bee0ab6eed/gnocchi.28a088b1-51b2-48c7-8750-e364fdcd4013" 200 357 "GET https://[::1]:8080/v1/AUTH_d8741d1891ef40e5a7a8c7bee0ab6eed/gnocchi.28a088b1-51b2-48c7-8750-e364fdcd4013?format=json&states=listing" "tx24eedde815b44a759d887-006933a5e2" "proxy-server 97198" 0.0072 "-" 95917 0
Dec 05 22:41:22 np0005548602.novalocal proxy-server[97198]: ::1 ::1 06/Dec/2025/03/41/22 GET /v1/AUTH_d8741d1891ef40e5a7a8c7bee0ab6eed/gnocchi.28a088b1-51b2-48c7-8750-e364fdcd4013%3Fformat%3Djson%26states%3Dlisting HTTP/1.0 200 - python-swiftclient-4.8.0 gAAAAABpM6XeP7WC... - 357 - tx24eedde815b44a759d887-006933a5e2 - 0.0161 - - 1764992482.479001045 1764992482.495069504 0 1229ee3e1d964977b2a5589f27ad366e
Dec 05 22:41:22 np0005548602.novalocal container-server[95917]: ::1 - - [06/Dec/2025:03:41:22 +0000] "GET /3/254306/AUTH_d8741d1891ef40e5a7a8c7bee0ab6eed/gnocchi.28a088b1-51b2-48c7-8750-e364fdcd4013" 200 2 "GET https://[::1]:8080/v1/AUTH_d8741d1891ef40e5a7a8c7bee0ab6eed/gnocchi.28a088b1-51b2-48c7-8750-e364fdcd4013?format=json&marker=none_v3&states=listing" "tx0da2faed1718404286248-006933a5e2" "proxy-server 97198" 0.0017 "-" 95917 0
Dec 05 22:41:22 np0005548602.novalocal proxy-server[97198]: ::1 ::1 06/Dec/2025/03/41/22 GET /v1/AUTH_d8741d1891ef40e5a7a8c7bee0ab6eed/gnocchi.28a088b1-51b2-48c7-8750-e364fdcd4013%3Fformat%3Djson%26marker%3Dnone_v3%26states%3Dlisting HTTP/1.0 200 - python-swiftclient-4.8.0 gAAAAABpM6XeP7WC... - 2 - tx0da2faed1718404286248-006933a5e2 - 0.0179 - - 1764992482.498754978 1764992482.516627312 0 1229ee3e1d964977b2a5589f27ad366e
Dec 05 22:41:22 np0005548602.novalocal object-server[96249]: ::1 - - [06/Dec/2025:03:41:22 +0000] "GET /2/74547/AUTH_d8741d1891ef40e5a7a8c7bee0ab6eed/gnocchi.28a088b1-51b2-48c7-8750-e364fdcd4013/1764720000.0_mean_300.0_v3" 200 16 "GET https://[::1]:8080/v1/AUTH_d8741d1891ef40e5a7a8c7bee0ab6eed/gnocchi.28a088b1-51b2-48c7-8750-e364fdcd4013/1764720000.0_mean_300.0_v3" "tx2d7cc205ea2941bfb8127-006933a5e2" "proxy-server 97198" 0.0021 "-" 96249 0
Dec 05 22:41:22 np0005548602.novalocal proxy-server[97198]: ::1 ::1 06/Dec/2025/03/41/22 GET /v1/AUTH_d8741d1891ef40e5a7a8c7bee0ab6eed/gnocchi.28a088b1-51b2-48c7-8750-e364fdcd4013/1764720000.0_mean_300.0_v3 HTTP/1.0 200 - python-swiftclient-4.8.0 gAAAAABpM6XeP7WC... - 16 - tx2d7cc205ea2941bfb8127-006933a5e2 - 0.0099 - - 1764992482.526392937 1764992482.536252737 0 1229ee3e1d964977b2a5589f27ad366e
Dec 05 22:41:22 np0005548602.novalocal container-server[95916]: ::1 - - [06/Dec/2025:03:41:22 +0000] "PUT /1/254306/AUTH_d8741d1891ef40e5a7a8c7bee0ab6eed/gnocchi.28a088b1-51b2-48c7-8750-e364fdcd4013/1764720000.0_mean_300.0_v3" 201 - "PUT http://[::1]:8080/1/74547/AUTH_d8741d1891ef40e5a7a8c7bee0ab6eed/gnocchi.28a088b1-51b2-48c7-8750-e364fdcd4013/1764720000.0_mean_300.0_v3" "tx9c27233e17004a8e9d74d-006933a5e2" "object-server 96249" 0.0006 "-" 95916 0
Dec 05 22:41:22 np0005548602.novalocal container-server[95917]: ::1 - - [06/Dec/2025:03:41:22 +0000] "PUT /3/254306/AUTH_d8741d1891ef40e5a7a8c7bee0ab6eed/gnocchi.28a088b1-51b2-48c7-8750-e364fdcd4013/1764720000.0_mean_300.0_v3" 201 - "PUT http://[::1]:8080/2/74547/AUTH_d8741d1891ef40e5a7a8c7bee0ab6eed/gnocchi.28a088b1-51b2-48c7-8750-e364fdcd4013/1764720000.0_mean_300.0_v3" "tx9c27233e17004a8e9d74d-006933a5e2" "object-server 96249" 0.0005 "-" 95917 0
Dec 05 22:41:22 np0005548602.novalocal container-server[95917]: ::1 - - [06/Dec/2025:03:41:22 +0000] "PUT /2/254306/AUTH_d8741d1891ef40e5a7a8c7bee0ab6eed/gnocchi.28a088b1-51b2-48c7-8750-e364fdcd4013/1764720000.0_mean_300.0_v3" 201 - "PUT http://[::1]:8080/3/74547/AUTH_d8741d1891ef40e5a7a8c7bee0ab6eed/gnocchi.28a088b1-51b2-48c7-8750-e364fdcd4013/1764720000.0_mean_300.0_v3" "tx9c27233e17004a8e9d74d-006933a5e2" "object-server 96249" 0.0003 "-" 95917 0
Dec 05 22:41:22 np0005548602.novalocal object-server[96249]: ::1 - - [06/Dec/2025:03:41:22 +0000] "PUT /1/74547/AUTH_d8741d1891ef40e5a7a8c7bee0ab6eed/gnocchi.28a088b1-51b2-48c7-8750-e364fdcd4013/1764720000.0_mean_300.0_v3" 201 - "PUT https://[::1]:8080/v1/AUTH_d8741d1891ef40e5a7a8c7bee0ab6eed/gnocchi.28a088b1-51b2-48c7-8750-e364fdcd4013/1764720000.0_mean_300.0_v3" "tx9c27233e17004a8e9d74d-006933a5e2" "proxy-server 97198" 0.0198 "-" 96249 0
Dec 05 22:41:22 np0005548602.novalocal object-server[96249]: ::1 - - [06/Dec/2025:03:41:22 +0000] "PUT /2/74547/AUTH_d8741d1891ef40e5a7a8c7bee0ab6eed/gnocchi.28a088b1-51b2-48c7-8750-e364fdcd4013/1764720000.0_mean_300.0_v3" 201 - "PUT https://[::1]:8080/v1/AUTH_d8741d1891ef40e5a7a8c7bee0ab6eed/gnocchi.28a088b1-51b2-48c7-8750-e364fdcd4013/1764720000.0_mean_300.0_v3" "tx9c27233e17004a8e9d74d-006933a5e2" "proxy-server 97198" 0.0236 "-" 96249 0
Dec 05 22:41:22 np0005548602.novalocal object-server[96249]: ::1 - - [06/Dec/2025:03:41:22 +0000] "PUT /3/74547/AUTH_d8741d1891ef40e5a7a8c7bee0ab6eed/gnocchi.28a088b1-51b2-48c7-8750-e364fdcd4013/1764720000.0_mean_300.0_v3" 201 - "PUT https://[::1]:8080/v1/AUTH_d8741d1891ef40e5a7a8c7bee0ab6eed/gnocchi.28a088b1-51b2-48c7-8750-e364fdcd4013/1764720000.0_mean_300.0_v3" "tx9c27233e17004a8e9d74d-006933a5e2" "proxy-server 97198" 0.0190 "-" 96249 0
Dec 05 22:41:22 np0005548602.novalocal proxy-server[97198]: ::1 ::1 06/Dec/2025/03/41/22 PUT /v1/AUTH_d8741d1891ef40e5a7a8c7bee0ab6eed/gnocchi.28a088b1-51b2-48c7-8750-e364fdcd4013/1764720000.0_mean_300.0_v3 HTTP/1.0 201 - python-swiftclient-4.8.0 gAAAAABpM6XeP7WC... 16 - - tx9c27233e17004a8e9d74d-006933a5e2 - 0.0300 - - 1764992482.541821718 1764992482.571868896 0 1229ee3e1d964977b2a5589f27ad366e
Dec 05 22:41:22 np0005548602.novalocal container-server[95917]: ::1 - - [06/Dec/2025:03:41:22 +0000] "PUT /2/254306/AUTH_d8741d1891ef40e5a7a8c7bee0ab6eed/gnocchi.28a088b1-51b2-48c7-8750-e364fdcd4013/none_v3" 201 - "PUT http://[::1]:8080/1/123104/AUTH_d8741d1891ef40e5a7a8c7bee0ab6eed/gnocchi.28a088b1-51b2-48c7-8750-e364fdcd4013/none_v3" "txaa4e4ddd709746abb8a32-006933a5e2" "object-server 96250" 0.0003 "-" 95917 0
Dec 05 22:41:22 np0005548602.novalocal object-server[96250]: ::1 - - [06/Dec/2025:03:41:22 +0000] "PUT /1/123104/AUTH_d8741d1891ef40e5a7a8c7bee0ab6eed/gnocchi.28a088b1-51b2-48c7-8750-e364fdcd4013/none_v3" 201 - "PUT https://[::1]:8080/v1/AUTH_d8741d1891ef40e5a7a8c7bee0ab6eed/gnocchi.28a088b1-51b2-48c7-8750-e364fdcd4013/none_v3" "txaa4e4ddd709746abb8a32-006933a5e2" "proxy-server 97198" 0.0161 "-" 96250 0
Dec 05 22:41:22 np0005548602.novalocal container-server[95917]: ::1 - - [06/Dec/2025:03:41:22 +0000] "PUT /1/254306/AUTH_d8741d1891ef40e5a7a8c7bee0ab6eed/gnocchi.28a088b1-51b2-48c7-8750-e364fdcd4013/none_v3" 201 - "PUT http://[::1]:8080/3/123104/AUTH_d8741d1891ef40e5a7a8c7bee0ab6eed/gnocchi.28a088b1-51b2-48c7-8750-e364fdcd4013/none_v3" "txaa4e4ddd709746abb8a32-006933a5e2" "object-server 96250" 0.0003 "-" 95917 0
Dec 05 22:41:22 np0005548602.novalocal container-server[95917]: ::1 - - [06/Dec/2025:03:41:22 +0000] "PUT /3/254306/AUTH_d8741d1891ef40e5a7a8c7bee0ab6eed/gnocchi.28a088b1-51b2-48c7-8750-e364fdcd4013/none_v3" 201 - "PUT http://[::1]:8080/2/123104/AUTH_d8741d1891ef40e5a7a8c7bee0ab6eed/gnocchi.28a088b1-51b2-48c7-8750-e364fdcd4013/none_v3" "txaa4e4ddd709746abb8a32-006933a5e2" "object-server 96250" 0.0003 "-" 95917 0
Dec 05 22:41:22 np0005548602.novalocal object-server[96250]: ::1 - - [06/Dec/2025:03:41:22 +0000] "PUT /3/123104/AUTH_d8741d1891ef40e5a7a8c7bee0ab6eed/gnocchi.28a088b1-51b2-48c7-8750-e364fdcd4013/none_v3" 201 - "PUT https://[::1]:8080/v1/AUTH_d8741d1891ef40e5a7a8c7bee0ab6eed/gnocchi.28a088b1-51b2-48c7-8750-e364fdcd4013/none_v3" "txaa4e4ddd709746abb8a32-006933a5e2" "proxy-server 97198" 0.0163 "-" 96250 0
Dec 05 22:41:22 np0005548602.novalocal object-server[96250]: ::1 - - [06/Dec/2025:03:41:22 +0000] "PUT /2/123104/AUTH_d8741d1891ef40e5a7a8c7bee0ab6eed/gnocchi.28a088b1-51b2-48c7-8750-e364fdcd4013/none_v3" 201 - "PUT https://[::1]:8080/v1/AUTH_d8741d1891ef40e5a7a8c7bee0ab6eed/gnocchi.28a088b1-51b2-48c7-8750-e364fdcd4013/none_v3" "txaa4e4ddd709746abb8a32-006933a5e2" "proxy-server 97198" 0.0237 "-" 96250 0
Dec 05 22:41:22 np0005548602.novalocal proxy-server[97198]: ::1 ::1 06/Dec/2025/03/41/22 PUT /v1/AUTH_d8741d1891ef40e5a7a8c7bee0ab6eed/gnocchi.28a088b1-51b2-48c7-8750-e364fdcd4013/none_v3 HTTP/1.0 201 - python-swiftclient-4.8.0 gAAAAABpM6XeP7WC... 44 - - txaa4e4ddd709746abb8a32-006933a5e2 - 0.0314 - - 1764992482.575141191 1764992482.606549025 0 1229ee3e1d964977b2a5589f27ad366e
Dec 05 22:41:22 np0005548602.novalocal object-server[96249]: ::1 - - [06/Dec/2025:03:41:22 +0000] "GET /2/50/AUTH_d8741d1891ef40e5a7a8c7bee0ab6eed/gnocchi.e5a71682-48aa-45bb-bea9-f8b2a5b1f6a5/none_v3" 200 30 "GET https://[::1]:8080/v1/AUTH_d8741d1891ef40e5a7a8c7bee0ab6eed/gnocchi.e5a71682-48aa-45bb-bea9-f8b2a5b1f6a5/none_v3" "tx32ff3fc8a61243cd94d43-006933a5e2" "proxy-server 97198" 0.0006 "-" 96249 0
Dec 05 22:41:22 np0005548602.novalocal proxy-server[97198]: ::1 ::1 06/Dec/2025/03/41/22 GET /v1/AUTH_d8741d1891ef40e5a7a8c7bee0ab6eed/gnocchi.e5a71682-48aa-45bb-bea9-f8b2a5b1f6a5/none_v3 HTTP/1.0 200 - python-swiftclient-4.8.0 gAAAAABpM6XeP7WC... - 30 - tx32ff3fc8a61243cd94d43-006933a5e2 - 0.0087 - - 1764992482.634516001 1764992482.643228769 0 1229ee3e1d964977b2a5589f27ad366e
Dec 05 22:41:22 np0005548602.novalocal container-server[95917]: ::1 - - [06/Dec/2025:03:41:22 +0000] "GET /2/88797/AUTH_d8741d1891ef40e5a7a8c7bee0ab6eed/gnocchi.e5a71682-48aa-45bb-bea9-f8b2a5b1f6a5" 200 357 "GET https://[::1]:8080/v1/AUTH_d8741d1891ef40e5a7a8c7bee0ab6eed/gnocchi.e5a71682-48aa-45bb-bea9-f8b2a5b1f6a5?format=json&states=listing" "tx926e90d92ecd436999fb2-006933a5e2" "proxy-server 97198" 0.0054 "-" 95917 0
Dec 05 22:41:22 np0005548602.novalocal proxy-server[97198]: ::1 ::1 06/Dec/2025/03/41/22 GET /v1/AUTH_d8741d1891ef40e5a7a8c7bee0ab6eed/gnocchi.e5a71682-48aa-45bb-bea9-f8b2a5b1f6a5%3Fformat%3Djson%26states%3Dlisting HTTP/1.0 200 - python-swiftclient-4.8.0 gAAAAABpM6XeP7WC... - 357 - tx926e90d92ecd436999fb2-006933a5e2 - 0.0169 - - 1764992482.646368027 1764992482.663246155 0 1229ee3e1d964977b2a5589f27ad366e
Dec 05 22:41:22 np0005548602.novalocal container-server[95917]: ::1 - - [06/Dec/2025:03:41:22 +0000] "GET /3/88797/AUTH_d8741d1891ef40e5a7a8c7bee0ab6eed/gnocchi.e5a71682-48aa-45bb-bea9-f8b2a5b1f6a5" 200 2 "GET https://[::1]:8080/v1/AUTH_d8741d1891ef40e5a7a8c7bee0ab6eed/gnocchi.e5a71682-48aa-45bb-bea9-f8b2a5b1f6a5?format=json&marker=none_v3&states=listing" "tx3d8b598d02f64d2299a5c-006933a5e2" "proxy-server 97198" 0.0074 "-" 95917 0
Dec 05 22:41:22 np0005548602.novalocal proxy-server[97198]: ::1 ::1 06/Dec/2025/03/41/22 GET /v1/AUTH_d8741d1891ef40e5a7a8c7bee0ab6eed/gnocchi.e5a71682-48aa-45bb-bea9-f8b2a5b1f6a5%3Fformat%3Djson%26marker%3Dnone_v3%26states%3Dlisting HTTP/1.0 200 - python-swiftclient-4.8.0 gAAAAABpM6XeP7WC... - 2 - tx3d8b598d02f64d2299a5c-006933a5e2 - 0.0157 - - 1764992482.666624308 1764992482.682359457 0 1229ee3e1d964977b2a5589f27ad366e
Dec 05 22:41:22 np0005548602.novalocal object-server[96250]: ::1 - - [06/Dec/2025:03:41:22 +0000] "GET /1/123881/AUTH_d8741d1891ef40e5a7a8c7bee0ab6eed/gnocchi.e5a71682-48aa-45bb-bea9-f8b2a5b1f6a5/1764720000.0_mean_300.0_v3" 200 16 "GET https://[::1]:8080/v1/AUTH_d8741d1891ef40e5a7a8c7bee0ab6eed/gnocchi.e5a71682-48aa-45bb-bea9-f8b2a5b1f6a5/1764720000.0_mean_300.0_v3" "tx87a25264904c4df1b85c7-006933a5e2" "proxy-server 97198" 0.0015 "-" 96250 0
Dec 05 22:41:22 np0005548602.novalocal proxy-server[97198]: ::1 ::1 06/Dec/2025/03/41/22 GET /v1/AUTH_d8741d1891ef40e5a7a8c7bee0ab6eed/gnocchi.e5a71682-48aa-45bb-bea9-f8b2a5b1f6a5/1764720000.0_mean_300.0_v3 HTTP/1.0 200 - python-swiftclient-4.8.0 gAAAAABpM6XeP7WC... - 16 - tx87a25264904c4df1b85c7-006933a5e2 - 0.0133 - - 1764992482.686131716 1764992482.699439049 0 1229ee3e1d964977b2a5589f27ad366e
Dec 05 22:41:22 np0005548602.novalocal lvm[103893]: PV /dev/loop2 online, VG cinder-volumes is complete.
Dec 05 22:41:22 np0005548602.novalocal lvm[103893]: VG cinder-volumes finished
Dec 05 22:41:22 np0005548602.novalocal container-server[95916]: ::1 - - [06/Dec/2025:03:41:22 +0000] "PUT /2/88797/AUTH_d8741d1891ef40e5a7a8c7bee0ab6eed/gnocchi.e5a71682-48aa-45bb-bea9-f8b2a5b1f6a5/1764720000.0_mean_300.0_v3" 201 - "PUT http://[::1]:8080/1/123881/AUTH_d8741d1891ef40e5a7a8c7bee0ab6eed/gnocchi.e5a71682-48aa-45bb-bea9-f8b2a5b1f6a5/1764720000.0_mean_300.0_v3" "tx624fdf4a92a841e4be65a-006933a5e2" "object-server 96249" 0.0006 "-" 95916 0
Dec 05 22:41:22 np0005548602.novalocal container-server[95916]: ::1 - - [06/Dec/2025:03:41:22 +0000] "PUT /3/88797/AUTH_d8741d1891ef40e5a7a8c7bee0ab6eed/gnocchi.e5a71682-48aa-45bb-bea9-f8b2a5b1f6a5/1764720000.0_mean_300.0_v3" 201 - "PUT http://[::1]:8080/2/123881/AUTH_d8741d1891ef40e5a7a8c7bee0ab6eed/gnocchi.e5a71682-48aa-45bb-bea9-f8b2a5b1f6a5/1764720000.0_mean_300.0_v3" "tx624fdf4a92a841e4be65a-006933a5e2" "object-server 96249" 0.0003 "-" 95916 0
Dec 05 22:41:22 np0005548602.novalocal object-server[96249]: ::1 - - [06/Dec/2025:03:41:22 +0000] "PUT /1/123881/AUTH_d8741d1891ef40e5a7a8c7bee0ab6eed/gnocchi.e5a71682-48aa-45bb-bea9-f8b2a5b1f6a5/1764720000.0_mean_300.0_v3" 201 - "PUT https://[::1]:8080/v1/AUTH_d8741d1891ef40e5a7a8c7bee0ab6eed/gnocchi.e5a71682-48aa-45bb-bea9-f8b2a5b1f6a5/1764720000.0_mean_300.0_v3" "tx624fdf4a92a841e4be65a-006933a5e2" "proxy-server 97198" 0.0156 "-" 96249 0
Dec 05 22:41:22 np0005548602.novalocal object-server[96249]: ::1 - - [06/Dec/2025:03:41:22 +0000] "PUT /2/123881/AUTH_d8741d1891ef40e5a7a8c7bee0ab6eed/gnocchi.e5a71682-48aa-45bb-bea9-f8b2a5b1f6a5/1764720000.0_mean_300.0_v3" 201 - "PUT https://[::1]:8080/v1/AUTH_d8741d1891ef40e5a7a8c7bee0ab6eed/gnocchi.e5a71682-48aa-45bb-bea9-f8b2a5b1f6a5/1764720000.0_mean_300.0_v3" "tx624fdf4a92a841e4be65a-006933a5e2" "proxy-server 97198" 0.0204 "-" 96249 0
Dec 05 22:41:22 np0005548602.novalocal container-server[95916]: ::1 - - [06/Dec/2025:03:41:22 +0000] "PUT /1/88797/AUTH_d8741d1891ef40e5a7a8c7bee0ab6eed/gnocchi.e5a71682-48aa-45bb-bea9-f8b2a5b1f6a5/1764720000.0_mean_300.0_v3" 201 - "PUT http://[::1]:8080/3/123881/AUTH_d8741d1891ef40e5a7a8c7bee0ab6eed/gnocchi.e5a71682-48aa-45bb-bea9-f8b2a5b1f6a5/1764720000.0_mean_300.0_v3" "tx624fdf4a92a841e4be65a-006933a5e2" "object-server 96249" 0.0003 "-" 95916 0
Dec 05 22:41:22 np0005548602.novalocal object-server[96249]: ::1 - - [06/Dec/2025:03:41:22 +0000] "PUT /3/123881/AUTH_d8741d1891ef40e5a7a8c7bee0ab6eed/gnocchi.e5a71682-48aa-45bb-bea9-f8b2a5b1f6a5/1764720000.0_mean_300.0_v3" 201 - "PUT https://[::1]:8080/v1/AUTH_d8741d1891ef40e5a7a8c7bee0ab6eed/gnocchi.e5a71682-48aa-45bb-bea9-f8b2a5b1f6a5/1764720000.0_mean_300.0_v3" "tx624fdf4a92a841e4be65a-006933a5e2" "proxy-server 97198" 0.0193 "-" 96249 0
Dec 05 22:41:22 np0005548602.novalocal proxy-server[97198]: ::1 ::1 06/Dec/2025/03/41/22 PUT /v1/AUTH_d8741d1891ef40e5a7a8c7bee0ab6eed/gnocchi.e5a71682-48aa-45bb-bea9-f8b2a5b1f6a5/1764720000.0_mean_300.0_v3 HTTP/1.0 201 - python-swiftclient-4.8.0 gAAAAABpM6XeP7WC... 16 - - tx624fdf4a92a841e4be65a-006933a5e2 - 0.0390 - - 1764992482.702484846 1764992482.741513968 0 1229ee3e1d964977b2a5589f27ad366e
Dec 05 22:41:22 np0005548602.novalocal sudo[103886]: pam_unix(sudo:session): session closed for user root
Dec 05 22:41:22 np0005548602.novalocal systemd[1]: session-c118.scope: Deactivated successfully.
Dec 05 22:41:22 np0005548602.novalocal container-server[95917]: ::1 - - [06/Dec/2025:03:41:22 +0000] "PUT /3/88797/AUTH_d8741d1891ef40e5a7a8c7bee0ab6eed/gnocchi.e5a71682-48aa-45bb-bea9-f8b2a5b1f6a5/none_v3" 201 - "PUT http://[::1]:8080/2/50/AUTH_d8741d1891ef40e5a7a8c7bee0ab6eed/gnocchi.e5a71682-48aa-45bb-bea9-f8b2a5b1f6a5/none_v3" "tx48b38dfa004e49789798b-006933a5e2" "object-server 96250" 0.0005 "-" 95917 0
Dec 05 22:41:22 np0005548602.novalocal object-server[96250]: ::1 - - [06/Dec/2025:03:41:22 +0000] "PUT /2/50/AUTH_d8741d1891ef40e5a7a8c7bee0ab6eed/gnocchi.e5a71682-48aa-45bb-bea9-f8b2a5b1f6a5/none_v3" 201 - "PUT https://[::1]:8080/v1/AUTH_d8741d1891ef40e5a7a8c7bee0ab6eed/gnocchi.e5a71682-48aa-45bb-bea9-f8b2a5b1f6a5/none_v3" "tx48b38dfa004e49789798b-006933a5e2" "proxy-server 97198" 0.0142 "-" 96250 0
Dec 05 22:41:22 np0005548602.novalocal container-server[95917]: ::1 - - [06/Dec/2025:03:41:22 +0000] "PUT /2/88797/AUTH_d8741d1891ef40e5a7a8c7bee0ab6eed/gnocchi.e5a71682-48aa-45bb-bea9-f8b2a5b1f6a5/none_v3" 201 - "PUT http://[::1]:8080/3/50/AUTH_d8741d1891ef40e5a7a8c7bee0ab6eed/gnocchi.e5a71682-48aa-45bb-bea9-f8b2a5b1f6a5/none_v3" "tx48b38dfa004e49789798b-006933a5e2" "object-server 96249" 0.0003 "-" 95917 0
Dec 05 22:41:22 np0005548602.novalocal object-server[96249]: ::1 - - [06/Dec/2025:03:41:22 +0000] "PUT /3/50/AUTH_d8741d1891ef40e5a7a8c7bee0ab6eed/gnocchi.e5a71682-48aa-45bb-bea9-f8b2a5b1f6a5/none_v3" 201 - "PUT https://[::1]:8080/v1/AUTH_d8741d1891ef40e5a7a8c7bee0ab6eed/gnocchi.e5a71682-48aa-45bb-bea9-f8b2a5b1f6a5/none_v3" "tx48b38dfa004e49789798b-006933a5e2" "proxy-server 97198" 0.0144 "-" 96249 0
Dec 05 22:41:22 np0005548602.novalocal container-server[95917]: ::1 - - [06/Dec/2025:03:41:22 +0000] "PUT /1/88797/AUTH_d8741d1891ef40e5a7a8c7bee0ab6eed/gnocchi.e5a71682-48aa-45bb-bea9-f8b2a5b1f6a5/none_v3" 201 - "PUT http://[::1]:8080/1/50/AUTH_d8741d1891ef40e5a7a8c7bee0ab6eed/gnocchi.e5a71682-48aa-45bb-bea9-f8b2a5b1f6a5/none_v3" "tx48b38dfa004e49789798b-006933a5e2" "object-server 96249" 0.0003 "-" 95917 0
Dec 05 22:41:22 np0005548602.novalocal object-server[96249]: ::1 - - [06/Dec/2025:03:41:22 +0000] "PUT /1/50/AUTH_d8741d1891ef40e5a7a8c7bee0ab6eed/gnocchi.e5a71682-48aa-45bb-bea9-f8b2a5b1f6a5/none_v3" 201 - "PUT https://[::1]:8080/v1/AUTH_d8741d1891ef40e5a7a8c7bee0ab6eed/gnocchi.e5a71682-48aa-45bb-bea9-f8b2a5b1f6a5/none_v3" "tx48b38dfa004e49789798b-006933a5e2" "proxy-server 97198" 0.0188 "-" 96249 0
Dec 05 22:41:22 np0005548602.novalocal proxy-server[97198]: ::1 ::1 06/Dec/2025/03/41/22 PUT /v1/AUTH_d8741d1891ef40e5a7a8c7bee0ab6eed/gnocchi.e5a71682-48aa-45bb-bea9-f8b2a5b1f6a5/none_v3 HTTP/1.0 201 - python-swiftclient-4.8.0 gAAAAABpM6XeP7WC... 44 - - tx48b38dfa004e49789798b-006933a5e2 - 0.0325 - - 1764992482.745746374 1764992482.778196812 0 1229ee3e1d964977b2a5589f27ad366e
Dec 05 22:41:22 np0005548602.novalocal object-server[96249]: ::1 - - [06/Dec/2025:03:41:22 +0000] "GET /2/117976/AUTH_d8741d1891ef40e5a7a8c7bee0ab6eed/gnocchi.c2560acf-0016-4832-9496-854a2b7e03c4/none_v3" 200 25 "GET https://[::1]:8080/v1/AUTH_d8741d1891ef40e5a7a8c7bee0ab6eed/gnocchi.c2560acf-0016-4832-9496-854a2b7e03c4/none_v3" "tx12bb662367414eac918d9-006933a5e2" "proxy-server 97198" 0.0009 "-" 96249 0
Dec 05 22:41:22 np0005548602.novalocal proxy-server[97198]: ::1 ::1 06/Dec/2025/03/41/22 GET /v1/AUTH_d8741d1891ef40e5a7a8c7bee0ab6eed/gnocchi.c2560acf-0016-4832-9496-854a2b7e03c4/none_v3 HTTP/1.0 200 - python-swiftclient-4.8.0 gAAAAABpM6XeP7WC... - 25 - tx12bb662367414eac918d9-006933a5e2 - 0.0068 - - 1764992482.825927019 1764992482.832764626 0 1229ee3e1d964977b2a5589f27ad366e
Dec 05 22:41:22 np0005548602.novalocal container-server[95916]: ::1 - - [06/Dec/2025:03:41:22 +0000] "GET /2/236178/AUTH_d8741d1891ef40e5a7a8c7bee0ab6eed/gnocchi.c2560acf-0016-4832-9496-854a2b7e03c4" 200 357 "GET https://[::1]:8080/v1/AUTH_d8741d1891ef40e5a7a8c7bee0ab6eed/gnocchi.c2560acf-0016-4832-9496-854a2b7e03c4?format=json&states=listing" "tx4d8be0d53efb4c0d9d822-006933a5e2" "proxy-server 97198" 0.0074 "-" 95916 0
Dec 05 22:41:22 np0005548602.novalocal proxy-server[97198]: ::1 ::1 06/Dec/2025/03/41/22 GET /v1/AUTH_d8741d1891ef40e5a7a8c7bee0ab6eed/gnocchi.c2560acf-0016-4832-9496-854a2b7e03c4%3Fformat%3Djson%26states%3Dlisting HTTP/1.0 200 - python-swiftclient-4.8.0 gAAAAABpM6XeP7WC... - 357 - tx4d8be0d53efb4c0d9d822-006933a5e2 - 0.0134 - - 1764992482.835222483 1764992482.848628044 0 1229ee3e1d964977b2a5589f27ad366e
Dec 05 22:41:22 np0005548602.novalocal container-server[95917]: ::1 - - [06/Dec/2025:03:41:22 +0000] "GET /3/236178/AUTH_d8741d1891ef40e5a7a8c7bee0ab6eed/gnocchi.c2560acf-0016-4832-9496-854a2b7e03c4" 200 2 "GET https://[::1]:8080/v1/AUTH_d8741d1891ef40e5a7a8c7bee0ab6eed/gnocchi.c2560acf-0016-4832-9496-854a2b7e03c4?format=json&marker=none_v3&states=listing" "tx9f9a1cf6a430480686f3e-006933a5e2" "proxy-server 97198" 0.0053 "-" 95917 0
Dec 05 22:41:22 np0005548602.novalocal proxy-server[97198]: ::1 ::1 06/Dec/2025/03/41/22 GET /v1/AUTH_d8741d1891ef40e5a7a8c7bee0ab6eed/gnocchi.c2560acf-0016-4832-9496-854a2b7e03c4%3Fformat%3Djson%26marker%3Dnone_v3%26states%3Dlisting HTTP/1.0 200 - python-swiftclient-4.8.0 gAAAAABpM6XeP7WC... - 2 - tx9f9a1cf6a430480686f3e-006933a5e2 - 0.0110 - - 1764992482.851228237 1764992482.862237453 0 1229ee3e1d964977b2a5589f27ad366e
Dec 05 22:41:22 np0005548602.novalocal object-server[96249]: ::1 - - [06/Dec/2025:03:41:22 +0000] "GET /1/92387/AUTH_d8741d1891ef40e5a7a8c7bee0ab6eed/gnocchi.c2560acf-0016-4832-9496-854a2b7e03c4/1764720000.0_mean_300.0_v3" 200 16 "GET https://[::1]:8080/v1/AUTH_d8741d1891ef40e5a7a8c7bee0ab6eed/gnocchi.c2560acf-0016-4832-9496-854a2b7e03c4/1764720000.0_mean_300.0_v3" "txd5b3c8a74ccc4690bc658-006933a5e2" "proxy-server 97198" 0.0010 "-" 96249 0
Dec 05 22:41:22 np0005548602.novalocal proxy-server[97198]: ::1 ::1 06/Dec/2025/03/41/22 GET /v1/AUTH_d8741d1891ef40e5a7a8c7bee0ab6eed/gnocchi.c2560acf-0016-4832-9496-854a2b7e03c4/1764720000.0_mean_300.0_v3 HTTP/1.0 200 - python-swiftclient-4.8.0 gAAAAABpM6XeP7WC... - 16 - txd5b3c8a74ccc4690bc658-006933a5e2 - 0.0074 - - 1764992482.866097927 1764992482.873528242 0 1229ee3e1d964977b2a5589f27ad366e
Dec 05 22:41:22 np0005548602.novalocal container-server[95916]: ::1 - - [06/Dec/2025:03:41:22 +0000] "PUT /2/236178/AUTH_d8741d1891ef40e5a7a8c7bee0ab6eed/gnocchi.c2560acf-0016-4832-9496-854a2b7e03c4/1764720000.0_mean_300.0_v3" 201 - "PUT http://[::1]:8080/1/92387/AUTH_d8741d1891ef40e5a7a8c7bee0ab6eed/gnocchi.c2560acf-0016-4832-9496-854a2b7e03c4/1764720000.0_mean_300.0_v3" "tx79dbe211f636428492fcd-006933a5e2" "object-server 96249" 0.0006 "-" 95916 0
Dec 05 22:41:22 np0005548602.novalocal container-server[95916]: ::1 - - [06/Dec/2025:03:41:22 +0000] "PUT /3/236178/AUTH_d8741d1891ef40e5a7a8c7bee0ab6eed/gnocchi.c2560acf-0016-4832-9496-854a2b7e03c4/1764720000.0_mean_300.0_v3" 201 - "PUT http://[::1]:8080/2/92387/AUTH_d8741d1891ef40e5a7a8c7bee0ab6eed/gnocchi.c2560acf-0016-4832-9496-854a2b7e03c4/1764720000.0_mean_300.0_v3" "tx79dbe211f636428492fcd-006933a5e2" "object-server 96249" 0.0003 "-" 95916 0
Dec 05 22:41:22 np0005548602.novalocal object-server[96249]: ::1 - - [06/Dec/2025:03:41:22 +0000] "PUT /1/92387/AUTH_d8741d1891ef40e5a7a8c7bee0ab6eed/gnocchi.c2560acf-0016-4832-9496-854a2b7e03c4/1764720000.0_mean_300.0_v3" 201 - "PUT https://[::1]:8080/v1/AUTH_d8741d1891ef40e5a7a8c7bee0ab6eed/gnocchi.c2560acf-0016-4832-9496-854a2b7e03c4/1764720000.0_mean_300.0_v3" "tx79dbe211f636428492fcd-006933a5e2" "proxy-server 97198" 0.0115 "-" 96249 0
Dec 05 22:41:22 np0005548602.novalocal object-server[96249]: ::1 - - [06/Dec/2025:03:41:22 +0000] "PUT /2/92387/AUTH_d8741d1891ef40e5a7a8c7bee0ab6eed/gnocchi.c2560acf-0016-4832-9496-854a2b7e03c4/1764720000.0_mean_300.0_v3" 201 - "PUT https://[::1]:8080/v1/AUTH_d8741d1891ef40e5a7a8c7bee0ab6eed/gnocchi.c2560acf-0016-4832-9496-854a2b7e03c4/1764720000.0_mean_300.0_v3" "tx79dbe211f636428492fcd-006933a5e2" "proxy-server 97198" 0.0146 "-" 96249 0
