Dec 05 22:41:45 np0005548602.novalocal object-server[96250]: ::1 - - [06/Dec/2025:03:41:45 +0000] "GET /2/82137/AUTH_d8741d1891ef40e5a7a8c7bee0ab6eed/gnocchi.fb5943f1-50a0-41cf-a8b2-4b9caa44427b/1764720000.0_mean_300.0_v3" 404 70 "GET https://[::1]:8080/v1/AUTH_d8741d1891ef40e5a7a8c7bee0ab6eed/gnocchi.fb5943f1-50a0-41cf-a8b2-4b9caa44427b/1764720000.0_mean_300.0_v3" "tx4624634cb9fd447b8c6dc-006933a5f9" "proxy-server 97198" 0.0005 "-" 96250 0
Dec 05 22:41:45 np0005548602.novalocal object-server[96250]: ::1 - - [06/Dec/2025:03:41:45 +0000] "GET /1/82137/AUTH_d8741d1891ef40e5a7a8c7bee0ab6eed/gnocchi.fb5943f1-50a0-41cf-a8b2-4b9caa44427b/1764720000.0_mean_300.0_v3" 404 70 "GET https://[::1]:8080/v1/AUTH_d8741d1891ef40e5a7a8c7bee0ab6eed/gnocchi.fb5943f1-50a0-41cf-a8b2-4b9caa44427b/1764720000.0_mean_300.0_v3" "tx4624634cb9fd447b8c6dc-006933a5f9" "proxy-server 97198" 0.0002 "-" 96250 0
Dec 05 22:41:45 np0005548602.novalocal object-server[96249]: ::1 - - [06/Dec/2025:03:41:45 +0000] "GET /3/82137/AUTH_d8741d1891ef40e5a7a8c7bee0ab6eed/gnocchi.fb5943f1-50a0-41cf-a8b2-4b9caa44427b/1764720000.0_mean_300.0_v3" 404 70 "GET https://[::1]:8080/v1/AUTH_d8741d1891ef40e5a7a8c7bee0ab6eed/gnocchi.fb5943f1-50a0-41cf-a8b2-4b9caa44427b/1764720000.0_mean_300.0_v3" "tx4624634cb9fd447b8c6dc-006933a5f9" "proxy-server 97198" 0.0005 "-" 96249 0
Dec 05 22:41:45 np0005548602.novalocal proxy-server[97198]: ::1 ::1 06/Dec/2025/03/41/45 GET /v1/AUTH_d8741d1891ef40e5a7a8c7bee0ab6eed/gnocchi.fb5943f1-50a0-41cf-a8b2-4b9caa44427b/1764720000.0_mean_300.0_v3 HTTP/1.0 404 - python-swiftclient-4.8.0 gAAAAABpM6W9MtUs... - 70 - tx4624634cb9fd447b8c6dc-006933a5f9 - 0.0129 - - 1764992505.472567081 1764992505.485488176 0 1229ee3e1d964977b2a5589f27ad366e
Dec 05 22:41:45 np0005548602.novalocal container-server[95916]: ::1 - - [06/Dec/2025:03:41:45 +0000] "PUT /3/43651/AUTH_d8741d1891ef40e5a7a8c7bee0ab6eed/gnocchi.fb5943f1-50a0-41cf-a8b2-4b9caa44427b/1764720000.0_mean_300.0_v3" 201 - "PUT http://[::1]:8080/3/82137/AUTH_d8741d1891ef40e5a7a8c7bee0ab6eed/gnocchi.fb5943f1-50a0-41cf-a8b2-4b9caa44427b/1764720000.0_mean_300.0_v3" "txca3b785862204406bcde5-006933a5f9" "object-server 96250" 0.0007 "-" 95916 0
Dec 05 22:41:45 np0005548602.novalocal object-server[96250]: ::1 - - [06/Dec/2025:03:41:45 +0000] "PUT /3/82137/AUTH_d8741d1891ef40e5a7a8c7bee0ab6eed/gnocchi.fb5943f1-50a0-41cf-a8b2-4b9caa44427b/1764720000.0_mean_300.0_v3" 201 - "PUT https://[::1]:8080/v1/AUTH_d8741d1891ef40e5a7a8c7bee0ab6eed/gnocchi.fb5943f1-50a0-41cf-a8b2-4b9caa44427b/1764720000.0_mean_300.0_v3" "txca3b785862204406bcde5-006933a5f9" "proxy-server 97198" 0.0118 "-" 96250 0
Dec 05 22:41:45 np0005548602.novalocal container-server[95916]: ::1 - - [06/Dec/2025:03:41:45 +0000] "PUT /1/43651/AUTH_d8741d1891ef40e5a7a8c7bee0ab6eed/gnocchi.fb5943f1-50a0-41cf-a8b2-4b9caa44427b/1764720000.0_mean_300.0_v3" 201 - "PUT http://[::1]:8080/1/82137/AUTH_d8741d1891ef40e5a7a8c7bee0ab6eed/gnocchi.fb5943f1-50a0-41cf-a8b2-4b9caa44427b/1764720000.0_mean_300.0_v3" "txca3b785862204406bcde5-006933a5f9" "object-server 96249" 0.0005 "-" 95916 0
Dec 05 22:41:45 np0005548602.novalocal object-server[96249]: ::1 - - [06/Dec/2025:03:41:45 +0000] "PUT /1/82137/AUTH_d8741d1891ef40e5a7a8c7bee0ab6eed/gnocchi.fb5943f1-50a0-41cf-a8b2-4b9caa44427b/1764720000.0_mean_300.0_v3" 201 - "PUT https://[::1]:8080/v1/AUTH_d8741d1891ef40e5a7a8c7bee0ab6eed/gnocchi.fb5943f1-50a0-41cf-a8b2-4b9caa44427b/1764720000.0_mean_300.0_v3" "txca3b785862204406bcde5-006933a5f9" "proxy-server 97198" 0.0134 "-" 96249 0
Dec 05 22:41:45 np0005548602.novalocal container-server[95916]: ::1 - - [06/Dec/2025:03:41:45 +0000] "PUT /2/43651/AUTH_d8741d1891ef40e5a7a8c7bee0ab6eed/gnocchi.fb5943f1-50a0-41cf-a8b2-4b9caa44427b/1764720000.0_mean_300.0_v3" 201 - "PUT http://[::1]:8080/2/82137/AUTH_d8741d1891ef40e5a7a8c7bee0ab6eed/gnocchi.fb5943f1-50a0-41cf-a8b2-4b9caa44427b/1764720000.0_mean_300.0_v3" "txca3b785862204406bcde5-006933a5f9" "object-server 96249" 0.0009 "-" 95916 0
Dec 05 22:41:45 np0005548602.novalocal object-server[96249]: ::1 - - [06/Dec/2025:03:41:45 +0000] "PUT /2/82137/AUTH_d8741d1891ef40e5a7a8c7bee0ab6eed/gnocchi.fb5943f1-50a0-41cf-a8b2-4b9caa44427b/1764720000.0_mean_300.0_v3" 201 - "PUT https://[::1]:8080/v1/AUTH_d8741d1891ef40e5a7a8c7bee0ab6eed/gnocchi.fb5943f1-50a0-41cf-a8b2-4b9caa44427b/1764720000.0_mean_300.0_v3" "txca3b785862204406bcde5-006933a5f9" "proxy-server 97198" 0.0136 "-" 96249 0
Dec 05 22:41:45 np0005548602.novalocal proxy-server[97198]: ::1 ::1 06/Dec/2025/03/41/45 PUT /v1/AUTH_d8741d1891ef40e5a7a8c7bee0ab6eed/gnocchi.fb5943f1-50a0-41cf-a8b2-4b9caa44427b/1764720000.0_mean_300.0_v3 HTTP/1.0 201 - python-swiftclient-4.8.0 gAAAAABpM6W9MtUs... 16 - - txca3b785862204406bcde5-006933a5f9 - 0.0230 - - 1764992505.488205194 1764992505.511235237 0 1229ee3e1d964977b2a5589f27ad366e
Dec 05 22:41:45 np0005548602.novalocal container-server[95916]: ::1 - - [06/Dec/2025:03:41:45 +0000] "PUT /2/43651/AUTH_d8741d1891ef40e5a7a8c7bee0ab6eed/gnocchi.fb5943f1-50a0-41cf-a8b2-4b9caa44427b/none_v3" 201 - "PUT http://[::1]:8080/1/49115/AUTH_d8741d1891ef40e5a7a8c7bee0ab6eed/gnocchi.fb5943f1-50a0-41cf-a8b2-4b9caa44427b/none_v3" "tx4933a661bf794ff88d801-006933a5f9" "object-server 96249" 0.0006 "-" 95916 0
Dec 05 22:41:45 np0005548602.novalocal container-server[95916]: ::1 - - [06/Dec/2025:03:41:45 +0000] "PUT /3/43651/AUTH_d8741d1891ef40e5a7a8c7bee0ab6eed/gnocchi.fb5943f1-50a0-41cf-a8b2-4b9caa44427b/none_v3" 201 - "PUT http://[::1]:8080/3/49115/AUTH_d8741d1891ef40e5a7a8c7bee0ab6eed/gnocchi.fb5943f1-50a0-41cf-a8b2-4b9caa44427b/none_v3" "tx4933a661bf794ff88d801-006933a5f9" "object-server 96249" 0.0004 "-" 95916 0
Dec 05 22:41:45 np0005548602.novalocal container-server[95917]: ::1 - - [06/Dec/2025:03:41:45 +0000] "PUT /1/43651/AUTH_d8741d1891ef40e5a7a8c7bee0ab6eed/gnocchi.fb5943f1-50a0-41cf-a8b2-4b9caa44427b/none_v3" 201 - "PUT http://[::1]:8080/2/49115/AUTH_d8741d1891ef40e5a7a8c7bee0ab6eed/gnocchi.fb5943f1-50a0-41cf-a8b2-4b9caa44427b/none_v3" "tx4933a661bf794ff88d801-006933a5f9" "object-server 96249" 0.0006 "-" 95917 0
Dec 05 22:41:45 np0005548602.novalocal object-server[96249]: ::1 - - [06/Dec/2025:03:41:45 +0000] "PUT /1/49115/AUTH_d8741d1891ef40e5a7a8c7bee0ab6eed/gnocchi.fb5943f1-50a0-41cf-a8b2-4b9caa44427b/none_v3" 201 - "PUT https://[::1]:8080/v1/AUTH_d8741d1891ef40e5a7a8c7bee0ab6eed/gnocchi.fb5943f1-50a0-41cf-a8b2-4b9caa44427b/none_v3" "tx4933a661bf794ff88d801-006933a5f9" "proxy-server 97198" 0.0131 "-" 96249 0
Dec 05 22:41:45 np0005548602.novalocal object-server[96249]: ::1 - - [06/Dec/2025:03:41:45 +0000] "PUT /2/49115/AUTH_d8741d1891ef40e5a7a8c7bee0ab6eed/gnocchi.fb5943f1-50a0-41cf-a8b2-4b9caa44427b/none_v3" 201 - "PUT https://[::1]:8080/v1/AUTH_d8741d1891ef40e5a7a8c7bee0ab6eed/gnocchi.fb5943f1-50a0-41cf-a8b2-4b9caa44427b/none_v3" "tx4933a661bf794ff88d801-006933a5f9" "proxy-server 97198" 0.0170 "-" 96249 0
Dec 05 22:41:45 np0005548602.novalocal object-server[96249]: ::1 - - [06/Dec/2025:03:41:45 +0000] "PUT /3/49115/AUTH_d8741d1891ef40e5a7a8c7bee0ab6eed/gnocchi.fb5943f1-50a0-41cf-a8b2-4b9caa44427b/none_v3" 201 - "PUT https://[::1]:8080/v1/AUTH_d8741d1891ef40e5a7a8c7bee0ab6eed/gnocchi.fb5943f1-50a0-41cf-a8b2-4b9caa44427b/none_v3" "tx4933a661bf794ff88d801-006933a5f9" "proxy-server 97198" 0.0201 "-" 96249 0
Dec 05 22:41:45 np0005548602.novalocal proxy-server[97198]: ::1 ::1 06/Dec/2025/03/41/45 PUT /v1/AUTH_d8741d1891ef40e5a7a8c7bee0ab6eed/gnocchi.fb5943f1-50a0-41cf-a8b2-4b9caa44427b/none_v3 HTTP/1.0 201 - python-swiftclient-4.8.0 gAAAAABpM6W9MtUs... 22 - - tx4933a661bf794ff88d801-006933a5f9 - 0.0276 - - 1764992505.514296293 1764992505.541932821 0 1229ee3e1d964977b2a5589f27ad366e
Dec 05 22:41:45 np0005548602.novalocal haproxy-metadata-proxy-cf792248-f1b4-40a1-afff-8245d4413186[103107]: ::ffff:10.100.0.13:39774 [05/Dec/2025:22:41:43.623] listener listener/metadata 0/0/0/2045/2045 200 94 - - ---- 1/1/0/0/0 0/0 "GET /2009-04-04/meta-data/block-device-mapping HTTP/1.1"
Dec 05 22:41:46 np0005548602.novalocal haproxy-metadata-proxy-cf792248-f1b4-40a1-afff-8245d4413186[103107]: ::ffff:10.100.0.13:39782 [05/Dec/2025:22:41:45.730] listener listener/metadata 0/0/0/1025/1025 200 89 - - ---- 1/1/0/0/0 0/0 "GET /2009-04-04/meta-data/block-device-mapping/ami HTTP/1.1"
Dec 05 22:41:47 np0005548602.novalocal container-server[95916]: ::1 - - [06/Dec/2025:03:41:47 +0000] "HEAD /3/30704/AUTH_d8741d1891ef40e5a7a8c7bee0ab6eed/gnocchi.f7c3a08e-f0d2-454b-a58c-f0b9564a1640" 404 - "HEAD http://[::1]:8080/v1/AUTH_d8741d1891ef40e5a7a8c7bee0ab6eed/gnocchi.f7c3a08e-f0d2-454b-a58c-f0b9564a1640" "tx9b87dcf1104249a297af3-006933a5fb" "proxy-server 97198" 0.0006 "-" 95916 0
Dec 05 22:41:47 np0005548602.novalocal container-server[95917]: ::1 - - [06/Dec/2025:03:41:47 +0000] "HEAD /1/30704/AUTH_d8741d1891ef40e5a7a8c7bee0ab6eed/gnocchi.f7c3a08e-f0d2-454b-a58c-f0b9564a1640" 404 - "HEAD http://[::1]:8080/v1/AUTH_d8741d1891ef40e5a7a8c7bee0ab6eed/gnocchi.f7c3a08e-f0d2-454b-a58c-f0b9564a1640" "tx9b87dcf1104249a297af3-006933a5fb" "proxy-server 97198" 0.0007 "-" 95917 0
Dec 05 22:41:47 np0005548602.novalocal container-server[95916]: ::1 - - [06/Dec/2025:03:41:47 +0000] "HEAD /2/30704/AUTH_d8741d1891ef40e5a7a8c7bee0ab6eed/gnocchi.f7c3a08e-f0d2-454b-a58c-f0b9564a1640" 404 - "HEAD http://[::1]:8080/v1/AUTH_d8741d1891ef40e5a7a8c7bee0ab6eed/gnocchi.f7c3a08e-f0d2-454b-a58c-f0b9564a1640" "tx9b87dcf1104249a297af3-006933a5fb" "proxy-server 97198" 0.0004 "-" 95916 0
Dec 05 22:41:47 np0005548602.novalocal proxy-server[97198]: - - 06/Dec/2025/03/41/47 HEAD /v1/AUTH_d8741d1891ef40e5a7a8c7bee0ab6eed/gnocchi.f7c3a08e-f0d2-454b-a58c-f0b9564a1640 HTTP/1.0 404 - Swift - - - - tx9b87dcf1104249a297af3-006933a5fb - 0.0158 CS - 1764992507.520573378 1764992507.536363363 0 -
Dec 05 22:41:47 np0005548602.novalocal object-server[96249]: ::1 - - [06/Dec/2025:03:41:47 +0000] "GET /2/11631/AUTH_d8741d1891ef40e5a7a8c7bee0ab6eed/gnocchi.f7c3a08e-f0d2-454b-a58c-f0b9564a1640/none_v3" 404 70 "GET https://[::1]:8080/v1/AUTH_d8741d1891ef40e5a7a8c7bee0ab6eed/gnocchi.f7c3a08e-f0d2-454b-a58c-f0b9564a1640/none_v3" "tx9b87dcf1104249a297af3-006933a5fb" "proxy-server 97198" 0.0007 "-" 96249 0
Dec 05 22:41:47 np0005548602.novalocal object-server[96249]: ::1 - - [06/Dec/2025:03:41:47 +0000] "GET /3/11631/AUTH_d8741d1891ef40e5a7a8c7bee0ab6eed/gnocchi.f7c3a08e-f0d2-454b-a58c-f0b9564a1640/none_v3" 404 70 "GET https://[::1]:8080/v1/AUTH_d8741d1891ef40e5a7a8c7bee0ab6eed/gnocchi.f7c3a08e-f0d2-454b-a58c-f0b9564a1640/none_v3" "tx9b87dcf1104249a297af3-006933a5fb" "proxy-server 97198" 0.0004 "-" 96249 0
Dec 05 22:41:47 np0005548602.novalocal object-server[96249]: ::1 - - [06/Dec/2025:03:41:47 +0000] "GET /1/11631/AUTH_d8741d1891ef40e5a7a8c7bee0ab6eed/gnocchi.f7c3a08e-f0d2-454b-a58c-f0b9564a1640/none_v3" 404 70 "GET https://[::1]:8080/v1/AUTH_d8741d1891ef40e5a7a8c7bee0ab6eed/gnocchi.f7c3a08e-f0d2-454b-a58c-f0b9564a1640/none_v3" "tx9b87dcf1104249a297af3-006933a5fb" "proxy-server 97198" 0.0006 "-" 96249 0
Dec 05 22:41:47 np0005548602.novalocal proxy-server[97198]: ::1 ::1 06/Dec/2025/03/41/47 GET /v1/AUTH_d8741d1891ef40e5a7a8c7bee0ab6eed/gnocchi.f7c3a08e-f0d2-454b-a58c-f0b9564a1640/none_v3 HTTP/1.0 404 - python-swiftclient-4.8.0 gAAAAABpM6XeP7WC... - 70 - tx9b87dcf1104249a297af3-006933a5fb - 0.0388 - - 1764992507.519565821 1764992507.558373690 0 1229ee3e1d964977b2a5589f27ad366e
Dec 05 22:41:47 np0005548602.novalocal account-server[95624]: ::1 - - [06/Dec/2025:03:41:47 +0000] "PUT /2/76100/AUTH_d8741d1891ef40e5a7a8c7bee0ab6eed/gnocchi.f7c3a08e-f0d2-454b-a58c-f0b9564a1640" 201 - "PUT http://[::1]:6001/3/30704/AUTH_d8741d1891ef40e5a7a8c7bee0ab6eed/gnocchi.f7c3a08e-f0d2-454b-a58c-f0b9564a1640" "txf7af195868e34003b819c-006933a5fb" "container-server 95917" 0.0093 "-" 95624 0
Dec 05 22:41:47 np0005548602.novalocal container-server[95917]: ::1 - - [06/Dec/2025:03:41:47 +0000] "PUT /3/30704/AUTH_d8741d1891ef40e5a7a8c7bee0ab6eed/gnocchi.f7c3a08e-f0d2-454b-a58c-f0b9564a1640" 201 - "PUT https://[::1]:8080/v1/AUTH_d8741d1891ef40e5a7a8c7bee0ab6eed/gnocchi.f7c3a08e-f0d2-454b-a58c-f0b9564a1640" "txf7af195868e34003b819c-006933a5fb" "proxy-server 97198" 0.0275 "-" 95917 0
Dec 05 22:41:47 np0005548602.novalocal account-server[95624]: ::1 - - [06/Dec/2025:03:41:47 +0000] "PUT /3/76100/AUTH_d8741d1891ef40e5a7a8c7bee0ab6eed/gnocchi.f7c3a08e-f0d2-454b-a58c-f0b9564a1640" 201 - "PUT http://[::1]:6001/2/30704/AUTH_d8741d1891ef40e5a7a8c7bee0ab6eed/gnocchi.f7c3a08e-f0d2-454b-a58c-f0b9564a1640" "txf7af195868e34003b819c-006933a5fb" "container-server 95917" 0.0053 "-" 95624 0
Dec 05 22:41:47 np0005548602.novalocal container-server[95917]: ::1 - - [06/Dec/2025:03:41:47 +0000] "PUT /2/30704/AUTH_d8741d1891ef40e5a7a8c7bee0ab6eed/gnocchi.f7c3a08e-f0d2-454b-a58c-f0b9564a1640" 201 - "PUT https://[::1]:8080/v1/AUTH_d8741d1891ef40e5a7a8c7bee0ab6eed/gnocchi.f7c3a08e-f0d2-454b-a58c-f0b9564a1640" "txf7af195868e34003b819c-006933a5fb" "proxy-server 97198" 0.0214 "-" 95917 0
Dec 05 22:41:47 np0005548602.novalocal account-server[95624]: ::1 - - [06/Dec/2025:03:41:47 +0000] "PUT /1/76100/AUTH_d8741d1891ef40e5a7a8c7bee0ab6eed/gnocchi.f7c3a08e-f0d2-454b-a58c-f0b9564a1640" 201 - "PUT http://[::1]:6001/1/30704/AUTH_d8741d1891ef40e5a7a8c7bee0ab6eed/gnocchi.f7c3a08e-f0d2-454b-a58c-f0b9564a1640" "txf7af195868e34003b819c-006933a5fb" "container-server 95916" 0.0057 "-" 95624 0
Dec 05 22:41:47 np0005548602.novalocal container-server[95916]: ::1 - - [06/Dec/2025:03:41:47 +0000] "PUT /1/30704/AUTH_d8741d1891ef40e5a7a8c7bee0ab6eed/gnocchi.f7c3a08e-f0d2-454b-a58c-f0b9564a1640" 201 - "PUT https://[::1]:8080/v1/AUTH_d8741d1891ef40e5a7a8c7bee0ab6eed/gnocchi.f7c3a08e-f0d2-454b-a58c-f0b9564a1640" "txf7af195868e34003b819c-006933a5fb" "proxy-server 97198" 0.0431 "-" 95916 0
Dec 05 22:41:47 np0005548602.novalocal proxy-server[97198]: ::1 ::1 06/Dec/2025/03/41/47 PUT /v1/AUTH_d8741d1891ef40e5a7a8c7bee0ab6eed/gnocchi.f7c3a08e-f0d2-454b-a58c-f0b9564a1640 HTTP/1.0 201 - python-swiftclient-4.8.0 gAAAAABpM6XeP7WC... - - - txf7af195868e34003b819c-006933a5fb - 0.0553 - - 1764992507.563040972 1764992507.618333340 0 1229ee3e1d964977b2a5589f27ad366e
Dec 05 22:41:47 np0005548602.novalocal container-server[95917]: ::1 - - [06/Dec/2025:03:41:47 +0000] "HEAD /3/30704/AUTH_d8741d1891ef40e5a7a8c7bee0ab6eed/gnocchi.f7c3a08e-f0d2-454b-a58c-f0b9564a1640" 204 - "HEAD http://[::1]:8080/v1/AUTH_d8741d1891ef40e5a7a8c7bee0ab6eed/gnocchi.f7c3a08e-f0d2-454b-a58c-f0b9564a1640" "txdfcb383bb83e4992a029a-006933a5fb" "proxy-server 97198" 0.0013 "-" 95917 0
Dec 05 22:41:47 np0005548602.novalocal proxy-server[97198]: - - 06/Dec/2025/03/41/47 HEAD /v1/AUTH_d8741d1891ef40e5a7a8c7bee0ab6eed/gnocchi.f7c3a08e-f0d2-454b-a58c-f0b9564a1640 HTTP/1.0 204 - Swift - - - - txdfcb383bb83e4992a029a-006933a5fb - 0.0045 CS - 1764992507.621959448 1764992507.626413107 0 -
Dec 05 22:41:47 np0005548602.novalocal container-server[95917]: ::1 - - [06/Dec/2025:03:41:47 +0000] "GET /2/30704/AUTH_d8741d1891ef40e5a7a8c7bee0ab6eed/gnocchi.f7c3a08e-f0d2-454b-a58c-f0b9564a1640" 200 2 "GET https://[::1]:8080/v1/AUTH_d8741d1891ef40e5a7a8c7bee0ab6eed/gnocchi.f7c3a08e-f0d2-454b-a58c-f0b9564a1640?format=json&states=listing" "txdfcb383bb83e4992a029a-006933a5fb" "proxy-server 97198" 0.0016 "-" 95917 0
Dec 05 22:41:47 np0005548602.novalocal proxy-server[97198]: ::1 ::1 06/Dec/2025/03/41/47 GET /v1/AUTH_d8741d1891ef40e5a7a8c7bee0ab6eed/gnocchi.f7c3a08e-f0d2-454b-a58c-f0b9564a1640%3Fformat%3Djson%26states%3Dlisting HTTP/1.0 200 - python-swiftclient-4.8.0 gAAAAABpM6XeP7WC... - 2 - txdfcb383bb83e4992a029a-006933a5fb - 0.0112 - - 1764992507.621511698 1764992507.632666588 0 1229ee3e1d964977b2a5589f27ad366e
Dec 05 22:41:47 np0005548602.novalocal object-server[96249]: ::1 - - [06/Dec/2025:03:41:47 +0000] "GET /1/7969/AUTH_d8741d1891ef40e5a7a8c7bee0ab6eed/gnocchi.f7c3a08e-f0d2-454b-a58c-f0b9564a1640/1764720000.0_mean_300.0_v3" 404 70 "GET https://[::1]:8080/v1/AUTH_d8741d1891ef40e5a7a8c7bee0ab6eed/gnocchi.f7c3a08e-f0d2-454b-a58c-f0b9564a1640/1764720000.0_mean_300.0_v3" "tx894c53f00d8b46228c410-006933a5fb" "proxy-server 97198" 0.0005 "-" 96249 0
Dec 05 22:41:47 np0005548602.novalocal object-server[96249]: ::1 - - [06/Dec/2025:03:41:47 +0000] "GET /2/7969/AUTH_d8741d1891ef40e5a7a8c7bee0ab6eed/gnocchi.f7c3a08e-f0d2-454b-a58c-f0b9564a1640/1764720000.0_mean_300.0_v3" 404 70 "GET https://[::1]:8080/v1/AUTH_d8741d1891ef40e5a7a8c7bee0ab6eed/gnocchi.f7c3a08e-f0d2-454b-a58c-f0b9564a1640/1764720000.0_mean_300.0_v3" "tx894c53f00d8b46228c410-006933a5fb" "proxy-server 97198" 0.0004 "-" 96249 0
Dec 05 22:41:47 np0005548602.novalocal object-server[96250]: ::1 - - [06/Dec/2025:03:41:47 +0000] "GET /3/7969/AUTH_d8741d1891ef40e5a7a8c7bee0ab6eed/gnocchi.f7c3a08e-f0d2-454b-a58c-f0b9564a1640/1764720000.0_mean_300.0_v3" 404 70 "GET https://[::1]:8080/v1/AUTH_d8741d1891ef40e5a7a8c7bee0ab6eed/gnocchi.f7c3a08e-f0d2-454b-a58c-f0b9564a1640/1764720000.0_mean_300.0_v3" "tx894c53f00d8b46228c410-006933a5fb" "proxy-server 97198" 0.0004 "-" 96250 0
Dec 05 22:41:47 np0005548602.novalocal proxy-server[97198]: ::1 ::1 06/Dec/2025/03/41/47 GET /v1/AUTH_d8741d1891ef40e5a7a8c7bee0ab6eed/gnocchi.f7c3a08e-f0d2-454b-a58c-f0b9564a1640/1764720000.0_mean_300.0_v3 HTTP/1.0 404 - python-swiftclient-4.8.0 gAAAAABpM6XeP7WC... - 70 - tx894c53f00d8b46228c410-006933a5fb - 0.0124 - - 1764992507.636006117 1764992507.648423910 0 1229ee3e1d964977b2a5589f27ad366e
Dec 05 22:41:47 np0005548602.novalocal container-server[95917]: ::1 - - [06/Dec/2025:03:41:47 +0000] "PUT /1/30704/AUTH_d8741d1891ef40e5a7a8c7bee0ab6eed/gnocchi.f7c3a08e-f0d2-454b-a58c-f0b9564a1640/1764720000.0_mean_300.0_v3" 201 - "PUT http://[::1]:8080/1/7969/AUTH_d8741d1891ef40e5a7a8c7bee0ab6eed/gnocchi.f7c3a08e-f0d2-454b-a58c-f0b9564a1640/1764720000.0_mean_300.0_v3" "tx4fc80b83714a4b09b1b97-006933a5fb" "object-server 96249" 0.0006 "-" 95917 0
Dec 05 22:41:47 np0005548602.novalocal object-server[96249]: ::1 - - [06/Dec/2025:03:41:47 +0000] "PUT /1/7969/AUTH_d8741d1891ef40e5a7a8c7bee0ab6eed/gnocchi.f7c3a08e-f0d2-454b-a58c-f0b9564a1640/1764720000.0_mean_300.0_v3" 201 - "PUT https://[::1]:8080/v1/AUTH_d8741d1891ef40e5a7a8c7bee0ab6eed/gnocchi.f7c3a08e-f0d2-454b-a58c-f0b9564a1640/1764720000.0_mean_300.0_v3" "tx4fc80b83714a4b09b1b97-006933a5fb" "proxy-server 97198" 0.0180 "-" 96249 0
Dec 05 22:41:47 np0005548602.novalocal container-server[95916]: ::1 - - [06/Dec/2025:03:41:47 +0000] "PUT /3/30704/AUTH_d8741d1891ef40e5a7a8c7bee0ab6eed/gnocchi.f7c3a08e-f0d2-454b-a58c-f0b9564a1640/1764720000.0_mean_300.0_v3" 201 - "PUT http://[::1]:8080/2/7969/AUTH_d8741d1891ef40e5a7a8c7bee0ab6eed/gnocchi.f7c3a08e-f0d2-454b-a58c-f0b9564a1640/1764720000.0_mean_300.0_v3" "tx4fc80b83714a4b09b1b97-006933a5fb" "object-server 96249" 0.0010 "-" 95916 0
Dec 05 22:41:47 np0005548602.novalocal container-server[95917]: ::1 - - [06/Dec/2025:03:41:47 +0000] "PUT /2/30704/AUTH_d8741d1891ef40e5a7a8c7bee0ab6eed/gnocchi.f7c3a08e-f0d2-454b-a58c-f0b9564a1640/1764720000.0_mean_300.0_v3" 201 - "PUT http://[::1]:8080/3/7969/AUTH_d8741d1891ef40e5a7a8c7bee0ab6eed/gnocchi.f7c3a08e-f0d2-454b-a58c-f0b9564a1640/1764720000.0_mean_300.0_v3" "tx4fc80b83714a4b09b1b97-006933a5fb" "object-server 96249" 0.0004 "-" 95917 0
Dec 05 22:41:47 np0005548602.novalocal object-server[96249]: ::1 - - [06/Dec/2025:03:41:47 +0000] "PUT /2/7969/AUTH_d8741d1891ef40e5a7a8c7bee0ab6eed/gnocchi.f7c3a08e-f0d2-454b-a58c-f0b9564a1640/1764720000.0_mean_300.0_v3" 201 - "PUT https://[::1]:8080/v1/AUTH_d8741d1891ef40e5a7a8c7bee0ab6eed/gnocchi.f7c3a08e-f0d2-454b-a58c-f0b9564a1640/1764720000.0_mean_300.0_v3" "tx4fc80b83714a4b09b1b97-006933a5fb" "proxy-server 97198" 0.0184 "-" 96249 0
Dec 05 22:41:47 np0005548602.novalocal object-server[96249]: ::1 - - [06/Dec/2025:03:41:47 +0000] "PUT /3/7969/AUTH_d8741d1891ef40e5a7a8c7bee0ab6eed/gnocchi.f7c3a08e-f0d2-454b-a58c-f0b9564a1640/1764720000.0_mean_300.0_v3" 201 - "PUT https://[::1]:8080/v1/AUTH_d8741d1891ef40e5a7a8c7bee0ab6eed/gnocchi.f7c3a08e-f0d2-454b-a58c-f0b9564a1640/1764720000.0_mean_300.0_v3" "tx4fc80b83714a4b09b1b97-006933a5fb" "proxy-server 97198" 0.0173 "-" 96249 0
Dec 05 22:41:47 np0005548602.novalocal proxy-server[97198]: ::1 ::1 06/Dec/2025/03/41/47 PUT /v1/AUTH_d8741d1891ef40e5a7a8c7bee0ab6eed/gnocchi.f7c3a08e-f0d2-454b-a58c-f0b9564a1640/1764720000.0_mean_300.0_v3 HTTP/1.0 201 - python-swiftclient-4.8.0 gAAAAABpM6XeP7WC... 16 - - tx4fc80b83714a4b09b1b97-006933a5fb - 0.0280 - - 1764992507.650927544 1764992507.678955078 0 1229ee3e1d964977b2a5589f27ad366e
Dec 05 22:41:47 np0005548602.novalocal container-server[95916]: ::1 - - [06/Dec/2025:03:41:47 +0000] "PUT /1/30704/AUTH_d8741d1891ef40e5a7a8c7bee0ab6eed/gnocchi.f7c3a08e-f0d2-454b-a58c-f0b9564a1640/none_v3" 201 - "PUT http://[::1]:8080/3/11631/AUTH_d8741d1891ef40e5a7a8c7bee0ab6eed/gnocchi.f7c3a08e-f0d2-454b-a58c-f0b9564a1640/none_v3" "tx75843f23db474c0ca51e1-006933a5fb" "object-server 96249" 0.0006 "-" 95916 0
Dec 05 22:41:47 np0005548602.novalocal container-server[95917]: ::1 - - [06/Dec/2025:03:41:47 +0000] "PUT /2/30704/AUTH_d8741d1891ef40e5a7a8c7bee0ab6eed/gnocchi.f7c3a08e-f0d2-454b-a58c-f0b9564a1640/none_v3" 201 - "PUT http://[::1]:8080/1/11631/AUTH_d8741d1891ef40e5a7a8c7bee0ab6eed/gnocchi.f7c3a08e-f0d2-454b-a58c-f0b9564a1640/none_v3" "tx75843f23db474c0ca51e1-006933a5fb" "object-server 96249" 0.0005 "-" 95917 0
Dec 05 22:41:47 np0005548602.novalocal object-server[96249]: ::1 - - [06/Dec/2025:03:41:47 +0000] "PUT /3/11631/AUTH_d8741d1891ef40e5a7a8c7bee0ab6eed/gnocchi.f7c3a08e-f0d2-454b-a58c-f0b9564a1640/none_v3" 201 - "PUT https://[::1]:8080/v1/AUTH_d8741d1891ef40e5a7a8c7bee0ab6eed/gnocchi.f7c3a08e-f0d2-454b-a58c-f0b9564a1640/none_v3" "tx75843f23db474c0ca51e1-006933a5fb" "proxy-server 97198" 0.0140 "-" 96249 0
Dec 05 22:41:47 np0005548602.novalocal container-server[95917]: ::1 - - [06/Dec/2025:03:41:47 +0000] "PUT /3/30704/AUTH_d8741d1891ef40e5a7a8c7bee0ab6eed/gnocchi.f7c3a08e-f0d2-454b-a58c-f0b9564a1640/none_v3" 201 - "PUT http://[::1]:8080/2/11631/AUTH_d8741d1891ef40e5a7a8c7bee0ab6eed/gnocchi.f7c3a08e-f0d2-454b-a58c-f0b9564a1640/none_v3" "tx75843f23db474c0ca51e1-006933a5fb" "object-server 96249" 0.0003 "-" 95917 0
Dec 05 22:41:47 np0005548602.novalocal object-server[96249]: ::1 - - [06/Dec/2025:03:41:47 +0000] "PUT /1/11631/AUTH_d8741d1891ef40e5a7a8c7bee0ab6eed/gnocchi.f7c3a08e-f0d2-454b-a58c-f0b9564a1640/none_v3" 201 - "PUT https://[::1]:8080/v1/AUTH_d8741d1891ef40e5a7a8c7bee0ab6eed/gnocchi.f7c3a08e-f0d2-454b-a58c-f0b9564a1640/none_v3" "tx75843f23db474c0ca51e1-006933a5fb" "proxy-server 97198" 0.0179 "-" 96249 0
Dec 05 22:41:47 np0005548602.novalocal object-server[96249]: ::1 - - [06/Dec/2025:03:41:47 +0000] "PUT /2/11631/AUTH_d8741d1891ef40e5a7a8c7bee0ab6eed/gnocchi.f7c3a08e-f0d2-454b-a58c-f0b9564a1640/none_v3" 201 - "PUT https://[::1]:8080/v1/AUTH_d8741d1891ef40e5a7a8c7bee0ab6eed/gnocchi.f7c3a08e-f0d2-454b-a58c-f0b9564a1640/none_v3" "tx75843f23db474c0ca51e1-006933a5fb" "proxy-server 97198" 0.0215 "-" 96249 0
Dec 05 22:41:47 np0005548602.novalocal proxy-server[97198]: ::1 ::1 06/Dec/2025/03/41/47 PUT /v1/AUTH_d8741d1891ef40e5a7a8c7bee0ab6eed/gnocchi.f7c3a08e-f0d2-454b-a58c-f0b9564a1640/none_v3 HTTP/1.0 201 - python-swiftclient-4.8.0 gAAAAABpM6XeP7WC... 22 - - tx75843f23db474c0ca51e1-006933a5fb - 0.0276 - - 1764992507.682064533 1764992507.709671974 0 1229ee3e1d964977b2a5589f27ad366e
Dec 05 22:41:47 np0005548602.novalocal haproxy-metadata-proxy-cf792248-f1b4-40a1-afff-8245d4413186[103107]: ::ffff:10.100.0.13:39796 [05/Dec/2025:22:41:46.812] listener listener/metadata 0/0/0/1026/1026 200 94 - - ---- 1/1/0/0/0 0/0 "GET /2009-04-04/meta-data/block-device-mapping/root HTTP/1.1"
Dec 05 22:41:48 np0005548602.novalocal haproxy-metadata-proxy-cf792248-f1b4-40a1-afff-8245d4413186[103107]: ::ffff:10.100.0.13:39812 [05/Dec/2025:22:41:47.911] listener listener/metadata 0/0/0/1024/1024 200 152 - - ---- 1/1/0/0/0 0/0 "GET /2009-04-04/meta-data/public-hostname HTTP/1.1"
Dec 05 22:41:50 np0005548602.novalocal haproxy-metadata-proxy-cf792248-f1b4-40a1-afff-8245d4413186[103107]: ::ffff:10.100.0.13:39814 [05/Dec/2025:22:41:49.018] listener listener/metadata 0/0/0/1026/1026 200 90 - - ---- 1/1/0/0/0 0/0 "GET /2009-04-04/meta-data/placement/availability-zone HTTP/1.1"
Dec 05 22:41:52 np0005548602.novalocal systemd[1]: NetworkManager-dispatcher.service: Deactivated successfully.
Dec 05 22:41:53 np0005548602.novalocal object-replicator[96313]: Starting object replication pass.
Dec 05 22:41:54 np0005548602.novalocal kernel: qbr16598f45-8f: port 2(tap16598f45-8f) entered disabled state
Dec 05 22:41:54 np0005548602.novalocal kernel: tap16598f45-8f (unregistering): left allmulticast mode
Dec 05 22:41:54 np0005548602.novalocal kernel: tap16598f45-8f (unregistering): left promiscuous mode
Dec 05 22:41:54 np0005548602.novalocal kernel: qbr16598f45-8f: port 2(tap16598f45-8f) entered disabled state
Dec 05 22:41:54 np0005548602.novalocal NetworkManager[858]: [1764992514.7537] device (tap16598f45-8f): state change: activated -> unmanaged (reason 'unmanaged', managed-type: 'removed')
Dec 05 22:41:54 np0005548602.novalocal NetworkManager[858]: [1764992514.7563] device (tap16598f45-8f): released from controller device qbr16598f45-8f
Dec 05 22:41:54 np0005548602.novalocal object-server[96249]: ::1 - - [06/Dec/2025:03:41:54 +0000] "GET /1/11631/AUTH_d8741d1891ef40e5a7a8c7bee0ab6eed/gnocchi.f7c3a08e-f0d2-454b-a58c-f0b9564a1640/none_v3" 200 22 "GET https://[::1]:8080/v1/AUTH_d8741d1891ef40e5a7a8c7bee0ab6eed/gnocchi.f7c3a08e-f0d2-454b-a58c-f0b9564a1640/none_v3" "txe7b885bda18140238b710-006933a602" "proxy-server 97198" 0.0010 "-" 96249 0
Dec 05 22:41:54 np0005548602.novalocal proxy-server[97198]: ::1 ::1 06/Dec/2025/03/41/54 GET /v1/AUTH_d8741d1891ef40e5a7a8c7bee0ab6eed/gnocchi.f7c3a08e-f0d2-454b-a58c-f0b9564a1640/none_v3 HTTP/1.0 200 - python-swiftclient-4.8.0 gAAAAABpM6W9MtUs... - 22 - txe7b885bda18140238b710-006933a602 - 0.0216 - - 1764992514.748544455 1764992514.770145893 0 1229ee3e1d964977b2a5589f27ad366e
Dec 05 22:41:54 np0005548602.novalocal systemd[1]: Starting Network Manager Script Dispatcher Service...
Dec 05 22:41:54 np0005548602.novalocal systemd[1]: machine-qemu\x2d3\x2dinstance\x2d00000003.scope: Deactivated successfully.
Dec 05 22:41:54 np0005548602.novalocal systemd[1]: machine-qemu\x2d3\x2dinstance\x2d00000003.scope: Consumed 11.439s CPU time.
Dec 05 22:41:54 np0005548602.novalocal systemd-machined[92818]: Machine qemu-3-instance-00000003 terminated.
Dec 05 22:41:54 np0005548602.novalocal container-server[95917]: ::1 - - [06/Dec/2025:03:41:54 +0000] "GET /3/30704/AUTH_d8741d1891ef40e5a7a8c7bee0ab6eed/gnocchi.f7c3a08e-f0d2-454b-a58c-f0b9564a1640" 200 357 "GET https://[::1]:8080/v1/AUTH_d8741d1891ef40e5a7a8c7bee0ab6eed/gnocchi.f7c3a08e-f0d2-454b-a58c-f0b9564a1640?format=json&states=listing" "tx058b9ec42c384f12b4a3a-006933a602" "proxy-server 97198" 0.0128 "-" 95917 0
Dec 05 22:41:54 np0005548602.novalocal proxy-server[97198]: ::1 ::1 06/Dec/2025/03/41/54 GET /v1/AUTH_d8741d1891ef40e5a7a8c7bee0ab6eed/gnocchi.f7c3a08e-f0d2-454b-a58c-f0b9564a1640%3Fformat%3Djson%26states%3Dlisting HTTP/1.0 200 - python-swiftclient-4.8.0 gAAAAABpM6W9MtUs... - 357 - tx058b9ec42c384f12b4a3a-006933a602 - 0.0214 - - 1764992514.775595665 1764992514.797031641 0 1229ee3e1d964977b2a5589f27ad366e
Dec 05 22:41:54 np0005548602.novalocal systemd[1]: Started Network Manager Script Dispatcher Service.
Dec 05 22:41:54 np0005548602.novalocal container-server[95917]: ::1 - - [06/Dec/2025:03:41:54 +0000] "GET /1/30704/AUTH_d8741d1891ef40e5a7a8c7bee0ab6eed/gnocchi.f7c3a08e-f0d2-454b-a58c-f0b9564a1640" 200 2 "GET https://[::1]:8080/v1/AUTH_d8741d1891ef40e5a7a8c7bee0ab6eed/gnocchi.f7c3a08e-f0d2-454b-a58c-f0b9564a1640?format=json&marker=none_v3&states=listing" "tx6d8d3509111747df8c803-006933a602" "proxy-server 97198" 0.0097 "-" 95917 0
Dec 05 22:41:54 np0005548602.novalocal proxy-server[97198]: ::1 ::1 06/Dec/2025/03/41/54 GET /v1/AUTH_d8741d1891ef40e5a7a8c7bee0ab6eed/gnocchi.f7c3a08e-f0d2-454b-a58c-f0b9564a1640%3Fformat%3Djson%26marker%3Dnone_v3%26states%3Dlisting HTTP/1.0 200 - python-swiftclient-4.8.0 gAAAAABpM6W9MtUs... - 2 - tx6d8d3509111747df8c803-006933a602 - 0.0196 - - 1764992514.801126242 1764992514.820752382 0 1229ee3e1d964977b2a5589f27ad366e
Dec 05 22:41:54 np0005548602.novalocal object-server[96250]: ::1 - - [06/Dec/2025:03:41:54 +0000] "GET /1/7969/AUTH_d8741d1891ef40e5a7a8c7bee0ab6eed/gnocchi.f7c3a08e-f0d2-454b-a58c-f0b9564a1640/1764720000.0_mean_300.0_v3" 200 16 "GET https://[::1]:8080/v1/AUTH_d8741d1891ef40e5a7a8c7bee0ab6eed/gnocchi.f7c3a08e-f0d2-454b-a58c-f0b9564a1640/1764720000.0_mean_300.0_v3" "tx806320eb26854606b5369-006933a602" "proxy-server 97198" 0.0009 "-" 96250 0
Dec 05 22:41:54 np0005548602.novalocal proxy-server[97198]: ::1 ::1 06/Dec/2025/03/41/54 GET /v1/AUTH_d8741d1891ef40e5a7a8c7bee0ab6eed/gnocchi.f7c3a08e-f0d2-454b-a58c-f0b9564a1640/1764720000.0_mean_300.0_v3 HTTP/1.0 200 - python-swiftclient-4.8.0 gAAAAABpM6W9MtUs... - 16 - tx806320eb26854606b5369-006933a602 - 0.0071 - - 1764992514.824935198 1764992514.832052946 0 1229ee3e1d964977b2a5589f27ad366e
Dec 05 22:41:54 np0005548602.novalocal container-server[95917]: ::1 - - [06/Dec/2025:03:41:54 +0000] "PUT /1/30704/AUTH_d8741d1891ef40e5a7a8c7bee0ab6eed/gnocchi.f7c3a08e-f0d2-454b-a58c-f0b9564a1640/1764720000.0_mean_300.0_v3" 201 - "PUT http://[::1]:8080/1/7969/AUTH_d8741d1891ef40e5a7a8c7bee0ab6eed/gnocchi.f7c3a08e-f0d2-454b-a58c-f0b9564a1640/1764720000.0_mean_300.0_v3" "tx6835a5112e4744a1bec97-006933a602" "object-server 96249" 0.0010 "-" 95917 0
Dec 05 22:41:54 np0005548602.novalocal object-server[96249]: ::1 - - [06/Dec/2025:03:41:54 +0000] "PUT /1/7969/AUTH_d8741d1891ef40e5a7a8c7bee0ab6eed/gnocchi.f7c3a08e-f0d2-454b-a58c-f0b9564a1640/1764720000.0_mean_300.0_v3" 201 - "PUT https://[::1]:8080/v1/AUTH_d8741d1891ef40e5a7a8c7bee0ab6eed/gnocchi.f7c3a08e-f0d2-454b-a58c-f0b9564a1640/1764720000.0_mean_300.0_v3" "tx6835a5112e4744a1bec97-006933a602" "proxy-server 97198" 0.0196 "-" 96249 0
Dec 05 22:41:54 np0005548602.novalocal container-server[95917]: ::1 - - [06/Dec/2025:03:41:54 +0000] "PUT /2/30704/AUTH_d8741d1891ef40e5a7a8c7bee0ab6eed/gnocchi.f7c3a08e-f0d2-454b-a58c-f0b9564a1640/1764720000.0_mean_300.0_v3" 201 - "PUT http://[::1]:8080/3/7969/AUTH_d8741d1891ef40e5a7a8c7bee0ab6eed/gnocchi.f7c3a08e-f0d2-454b-a58c-f0b9564a1640/1764720000.0_mean_300.0_v3" "tx6835a5112e4744a1bec97-006933a602" "object-server 96249" 0.0008 "-" 95917 0
Dec 05 22:41:54 np0005548602.novalocal object-server[96249]: ::1 - - [06/Dec/2025:03:41:54 +0000] "PUT /3/7969/AUTH_d8741d1891ef40e5a7a8c7bee0ab6eed/gnocchi.f7c3a08e-f0d2-454b-a58c-f0b9564a1640/1764720000.0_mean_300.0_v3" 201 - "PUT https://[::1]:8080/v1/AUTH_d8741d1891ef40e5a7a8c7bee0ab6eed/gnocchi.f7c3a08e-f0d2-454b-a58c-f0b9564a1640/1764720000.0_mean_300.0_v3" "tx6835a5112e4744a1bec97-006933a602" "proxy-server 97198" 0.0207 "-" 96249 0
Dec 05 22:41:54 np0005548602.novalocal container-server[95916]: ::1 - - [06/Dec/2025:03:41:54 +0000] "PUT /3/30704/AUTH_d8741d1891ef40e5a7a8c7bee0ab6eed/gnocchi.f7c3a08e-f0d2-454b-a58c-f0b9564a1640/1764720000.0_mean_300.0_v3" 201 - "PUT http://[::1]:8080/2/7969/AUTH_d8741d1891ef40e5a7a8c7bee0ab6eed/gnocchi.f7c3a08e-f0d2-454b-a58c-f0b9564a1640/1764720000.0_mean_300.0_v3" "tx6835a5112e4744a1bec97-006933a602" "object-server 96249" 0.0006 "-" 95916 0
Dec 05 22:41:54 np0005548602.novalocal object-server[96249]: ::1 - - [06/Dec/2025:03:41:54 +0000] "PUT /2/7969/AUTH_d8741d1891ef40e5a7a8c7bee0ab6eed/gnocchi.f7c3a08e-f0d2-454b-a58c-f0b9564a1640/1764720000.0_mean_300.0_v3" 201 - "PUT https://[::1]:8080/v1/AUTH_d8741d1891ef40e5a7a8c7bee0ab6eed/gnocchi.f7c3a08e-f0d2-454b-a58c-f0b9564a1640/1764720000.0_mean_300.0_v3" "tx6835a5112e4744a1bec97-006933a602" "proxy-server 97198" 0.0259 "-" 96249 0
Dec 05 22:41:54 np0005548602.novalocal proxy-server[97198]: ::1 ::1 06/Dec/2025/03/41/54 PUT /v1/AUTH_d8741d1891ef40e5a7a8c7bee0ab6eed/gnocchi.f7c3a08e-f0d2-454b-a58c-f0b9564a1640/1764720000.0_mean_300.0_v3 HTTP/1.0 201 - python-swiftclient-4.8.0 gAAAAABpM6W9MtUs... 16 - - tx6835a5112e4744a1bec97-006933a602 - 0.0413 - - 1764992514.836851358 1764992514.878176451 0 1229ee3e1d964977b2a5589f27ad366e
Dec 05 22:41:54 np0005548602.novalocal container-server[95916]: ::1 - - [06/Dec/2025:03:41:54 +0000] "PUT /3/30704/AUTH_d8741d1891ef40e5a7a8c7bee0ab6eed/gnocchi.f7c3a08e-f0d2-454b-a58c-f0b9564a1640/none_v3" 201 - "PUT http://[::1]:8080/1/11631/AUTH_d8741d1891ef40e5a7a8c7bee0ab6eed/gnocchi.f7c3a08e-f0d2-454b-a58c-f0b9564a1640/none_v3" "txfe34540599e34c8fb10c7-006933a602" "object-server 96250" 0.0012 "-" 95916 0
Dec 05 22:41:54 np0005548602.novalocal object-server[96250]: ::1 - - [06/Dec/2025:03:41:54 +0000] "PUT /1/11631/AUTH_d8741d1891ef40e5a7a8c7bee0ab6eed/gnocchi.f7c3a08e-f0d2-454b-a58c-f0b9564a1640/none_v3" 201 - "PUT https://[::1]:8080/v1/AUTH_d8741d1891ef40e5a7a8c7bee0ab6eed/gnocchi.f7c3a08e-f0d2-454b-a58c-f0b9564a1640/none_v3" "txfe34540599e34c8fb10c7-006933a602" "proxy-server 97198" 0.0151 "-" 96250 0
Dec 05 22:41:54 np0005548602.novalocal container-server[95916]: ::1 - - [06/Dec/2025:03:41:54 +0000] "PUT /1/30704/AUTH_d8741d1891ef40e5a7a8c7bee0ab6eed/gnocchi.f7c3a08e-f0d2-454b-a58c-f0b9564a1640/none_v3" 201 - "PUT http://[::1]:8080/3/11631/AUTH_d8741d1891ef40e5a7a8c7bee0ab6eed/gnocchi.f7c3a08e-f0d2-454b-a58c-f0b9564a1640/none_v3" "txfe34540599e34c8fb10c7-006933a602" "object-server 96249" 0.0004 "-" 95916 0
Dec 05 22:41:54 np0005548602.novalocal object-server[96249]: ::1 - - [06/Dec/2025:03:41:54 +0000] "PUT /3/11631/AUTH_d8741d1891ef40e5a7a8c7bee0ab6eed/gnocchi.f7c3a08e-f0d2-454b-a58c-f0b9564a1640/none_v3" 201 - "PUT https://[::1]:8080/v1/AUTH_d8741d1891ef40e5a7a8c7bee0ab6eed/gnocchi.f7c3a08e-f0d2-454b-a58c-f0b9564a1640/none_v3" "txfe34540599e34c8fb10c7-006933a602" "proxy-server 97198" 0.0158 "-" 96249 0
Dec 05 22:41:54 np0005548602.novalocal container-server[95917]: ::1 - - [06/Dec/2025:03:41:54 +0000] "PUT /2/30704/AUTH_d8741d1891ef40e5a7a8c7bee0ab6eed/gnocchi.f7c3a08e-f0d2-454b-a58c-f0b9564a1640/none_v3" 201 - "PUT http://[::1]:8080/2/11631/AUTH_d8741d1891ef40e5a7a8c7bee0ab6eed/gnocchi.f7c3a08e-f0d2-454b-a58c-f0b9564a1640/none_v3" "txfe34540599e34c8fb10c7-006933a602" "object-server 96249" 0.0016 "-" 95917 0
Dec 05 22:41:54 np0005548602.novalocal object-server[96249]: ::1 - - [06/Dec/2025:03:41:54 +0000] "PUT /2/11631/AUTH_d8741d1891ef40e5a7a8c7bee0ab6eed/gnocchi.f7c3a08e-f0d2-454b-a58c-f0b9564a1640/none_v3" 201 - "PUT https://[::1]:8080/v1/AUTH_d8741d1891ef40e5a7a8c7bee0ab6eed/gnocchi.f7c3a08e-f0d2-454b-a58c-f0b9564a1640/none_v3" "txfe34540599e34c8fb10c7-006933a602" "proxy-server 97198" 0.0208 "-" 96249 0
Dec 05 22:41:54 np0005548602.novalocal proxy-server[97198]: ::1 ::1 06/Dec/2025/03/41/54 PUT /v1/AUTH_d8741d1891ef40e5a7a8c7bee0ab6eed/gnocchi.f7c3a08e-f0d2-454b-a58c-f0b9564a1640/none_v3 HTTP/1.0 201 - python-swiftclient-4.8.0 gAAAAABpM6W9MtUs... 31 - - txfe34540599e34c8fb10c7-006933a602 - 0.0302 - - 1764992514.882463694 1764992514.912636518 0 1229ee3e1d964977b2a5589f27ad366e
Dec 05 22:41:54 np0005548602.novalocal object-server[96250]: ::1 - - [06/Dec/2025:03:41:54 +0000] "GET /3/35767/AUTH_d8741d1891ef40e5a7a8c7bee0ab6eed/gnocchi.d75e2bc1-2976-450f-be4d-1b9f0ee9745c/none_v3" 200 22 "GET https://[::1]:8080/v1/AUTH_d8741d1891ef40e5a7a8c7bee0ab6eed/gnocchi.d75e2bc1-2976-450f-be4d-1b9f0ee9745c/none_v3" "tx67203d58c41a453686a46-006933a602" "proxy-server 97198" 0.0018 "-" 96250 0
Dec 05 22:41:54 np0005548602.novalocal proxy-server[97198]: ::1 ::1 06/Dec/2025/03/41/54 GET /v1/AUTH_d8741d1891ef40e5a7a8c7bee0ab6eed/gnocchi.d75e2bc1-2976-450f-be4d-1b9f0ee9745c/none_v3 HTTP/1.0 200 - python-swiftclient-4.8.0 gAAAAABpM6W9MtUs... - 22 - tx67203d58c41a453686a46-006933a602 - 0.0116 - - 1764992514.952937841 1764992514.964545250 0 1229ee3e1d964977b2a5589f27ad366e
Dec 05 22:41:54 np0005548602.novalocal container-server[95916]: ::1 - - [06/Dec/2025:03:41:54 +0000] "GET /1/47568/AUTH_d8741d1891ef40e5a7a8c7bee0ab6eed/gnocchi.d75e2bc1-2976-450f-be4d-1b9f0ee9745c" 200 357 "GET https://[::1]:8080/v1/AUTH_d8741d1891ef40e5a7a8c7bee0ab6eed/gnocchi.d75e2bc1-2976-450f-be4d-1b9f0ee9745c?format=json&states=listing" "txec82b4a5d16d49b789e85-006933a602" "proxy-server 97198" 0.0076 "-" 95916 0
Dec 05 22:41:54 np0005548602.novalocal proxy-server[97198]: ::1 ::1 06/Dec/2025/03/41/54 GET /v1/AUTH_d8741d1891ef40e5a7a8c7bee0ab6eed/gnocchi.d75e2bc1-2976-450f-be4d-1b9f0ee9745c%3Fformat%3Djson%26states%3Dlisting HTTP/1.0 200 - python-swiftclient-4.8.0 gAAAAABpM6W9MtUs... - 357 - txec82b4a5d16d49b789e85-006933a602 - 0.0188 - - 1764992514.968558073 1764992514.987392426 0 1229ee3e1d964977b2a5589f27ad366e
Dec 05 22:41:55 np0005548602.novalocal container-server[95916]: ::1 - - [06/Dec/2025:03:41:55 +0000] "GET /2/47568/AUTH_d8741d1891ef40e5a7a8c7bee0ab6eed/gnocchi.d75e2bc1-2976-450f-be4d-1b9f0ee9745c" 200 2 "GET https://[::1]:8080/v1/AUTH_d8741d1891ef40e5a7a8c7bee0ab6eed/gnocchi.d75e2bc1-2976-450f-be4d-1b9f0ee9745c?format=json&marker=none_v3&states=listing" "tx0ed4528643744ff392813-006933a602" "proxy-server 97198" 0.0081 "-" 95916 0
Dec 05 22:41:55 np0005548602.novalocal proxy-server[97198]: ::1 ::1 06/Dec/2025/03/41/55 GET /v1/AUTH_d8741d1891ef40e5a7a8c7bee0ab6eed/gnocchi.d75e2bc1-2976-450f-be4d-1b9f0ee9745c%3Fformat%3Djson%26marker%3Dnone_v3%26states%3Dlisting HTTP/1.0 200 - python-swiftclient-4.8.0 gAAAAABpM6W9MtUs... - 2 - tx0ed4528643744ff392813-006933a602 - 0.0193 - - 1764992514.991936207 1764992515.011217833 0 1229ee3e1d964977b2a5589f27ad366e
Dec 05 22:41:55 np0005548602.novalocal object-server[96250]: ::1 - - [06/Dec/2025:03:41:55 +0000] "GET /3/182683/AUTH_d8741d1891ef40e5a7a8c7bee0ab6eed/gnocchi.d75e2bc1-2976-450f-be4d-1b9f0ee9745c/1764720000.0_mean_300.0_v3" 200 16 "GET https://[::1]:8080/v1/AUTH_d8741d1891ef40e5a7a8c7bee0ab6eed/gnocchi.d75e2bc1-2976-450f-be4d-1b9f0ee9745c/1764720000.0_mean_300.0_v3" "txd642a26043b94d3597f83-006933a603" "proxy-server 97198" 0.0010 "-" 96250 0
Dec 05 22:41:55 np0005548602.novalocal proxy-server[97198]: ::1 ::1 06/Dec/2025/03/41/55 GET /v1/AUTH_d8741d1891ef40e5a7a8c7bee0ab6eed/gnocchi.d75e2bc1-2976-450f-be4d-1b9f0ee9745c/1764720000.0_mean_300.0_v3 HTTP/1.0 200 - python-swiftclient-4.8.0 gAAAAABpM6W9MtUs... - 16 - txd642a26043b94d3597f83-006933a603 - 0.0112 - - 1764992515.015599966 1764992515.026811838 0 1229ee3e1d964977b2a5589f27ad366e
Dec 05 22:41:55 np0005548602.novalocal container-server[95916]: ::1 - - [06/Dec/2025:03:41:55 +0000] "PUT /3/47568/AUTH_d8741d1891ef40e5a7a8c7bee0ab6eed/gnocchi.d75e2bc1-2976-450f-be4d-1b9f0ee9745c/1764720000.0_mean_300.0_v3" 201 - "PUT http://[::1]:8080/3/182683/AUTH_d8741d1891ef40e5a7a8c7bee0ab6eed/gnocchi.d75e2bc1-2976-450f-be4d-1b9f0ee9745c/1764720000.0_mean_300.0_v3" "tx5ae136bbab7c443dbe857-006933a603" "object-server 96249" 0.0011 "-" 95916 0
Dec 05 22:41:55 np0005548602.novalocal object-server[96249]: ::1 - - [06/Dec/2025:03:41:55 +0000] "PUT /3/182683/AUTH_d8741d1891ef40e5a7a8c7bee0ab6eed/gnocchi.d75e2bc1-2976-450f-be4d-1b9f0ee9745c/1764720000.0_mean_300.0_v3" 201 - "PUT https://[::1]:8080/v1/AUTH_d8741d1891ef40e5a7a8c7bee0ab6eed/gnocchi.d75e2bc1-2976-450f-be4d-1b9f0ee9745c/1764720000.0_mean_300.0_v3" "tx5ae136bbab7c443dbe857-006933a603" "proxy-server 97198" 0.0134 "-" 96249 0
Dec 05 22:41:55 np0005548602.novalocal container-server[95917]: ::1 - - [06/Dec/2025:03:41:55 +0000] "PUT /1/47568/AUTH_d8741d1891ef40e5a7a8c7bee0ab6eed/gnocchi.d75e2bc1-2976-450f-be4d-1b9f0ee9745c/1764720000.0_mean_300.0_v3" 201 - "PUT http://[::1]:8080/1/182683/AUTH_d8741d1891ef40e5a7a8c7bee0ab6eed/gnocchi.d75e2bc1-2976-450f-be4d-1b9f0ee9745c/1764720000.0_mean_300.0_v3" "tx5ae136bbab7c443dbe857-006933a603" "object-server 96250" 0.0008 "-" 95917 0
Dec 05 22:41:55 np0005548602.novalocal container-server[95917]: ::1 - - [06/Dec/2025:03:41:55 +0000] "PUT /2/47568/AUTH_d8741d1891ef40e5a7a8c7bee0ab6eed/gnocchi.d75e2bc1-2976-450f-be4d-1b9f0ee9745c/1764720000.0_mean_300.0_v3" 201 - "PUT http://[::1]:8080/2/182683/AUTH_d8741d1891ef40e5a7a8c7bee0ab6eed/gnocchi.d75e2bc1-2976-450f-be4d-1b9f0ee9745c/1764720000.0_mean_300.0_v3" "tx5ae136bbab7c443dbe857-006933a603" "object-server 96250" 0.0006 "-" 95917 0
Dec 05 22:41:55 np0005548602.novalocal object-server[96250]: ::1 - - [06/Dec/2025:03:41:55 +0000] "PUT /1/182683/AUTH_d8741d1891ef40e5a7a8c7bee0ab6eed/gnocchi.d75e2bc1-2976-450f-be4d-1b9f0ee9745c/1764720000.0_mean_300.0_v3" 201 - "PUT https://[::1]:8080/v1/AUTH_d8741d1891ef40e5a7a8c7bee0ab6eed/gnocchi.d75e2bc1-2976-450f-be4d-1b9f0ee9745c/1764720000.0_mean_300.0_v3" "tx5ae136bbab7c443dbe857-006933a603" "proxy-server 97198" 0.0165 "-" 96250 0
Dec 05 22:41:55 np0005548602.novalocal object-server[96250]: ::1 - - [06/Dec/2025:03:41:55 +0000] "PUT /2/182683/AUTH_d8741d1891ef40e5a7a8c7bee0ab6eed/gnocchi.d75e2bc1-2976-450f-be4d-1b9f0ee9745c/1764720000.0_mean_300.0_v3" 201 - "PUT https://[::1]:8080/v1/AUTH_d8741d1891ef40e5a7a8c7bee0ab6eed/gnocchi.d75e2bc1-2976-450f-be4d-1b9f0ee9745c/1764720000.0_mean_300.0_v3" "tx5ae136bbab7c443dbe857-006933a603" "proxy-server 97198" 0.0217 "-" 96250 0
Dec 05 22:41:55 np0005548602.novalocal proxy-server[97198]: ::1 ::1 06/Dec/2025/03/41/55 PUT /v1/AUTH_d8741d1891ef40e5a7a8c7bee0ab6eed/gnocchi.d75e2bc1-2976-450f-be4d-1b9f0ee9745c/1764720000.0_mean_300.0_v3 HTTP/1.0 201 - python-swiftclient-4.8.0 gAAAAABpM6W9MtUs... 16 - - tx5ae136bbab7c443dbe857-006933a603 - 0.0340 - - 1764992515.029878378 1764992515.063902378 0 1229ee3e1d964977b2a5589f27ad366e
Dec 05 22:41:55 np0005548602.novalocal container-server[95917]: ::1 - - [06/Dec/2025:03:41:55 +0000] "PUT /2/47568/AUTH_d8741d1891ef40e5a7a8c7bee0ab6eed/gnocchi.d75e2bc1-2976-450f-be4d-1b9f0ee9745c/none_v3" 201 - "PUT http://[::1]:8080/1/35767/AUTH_d8741d1891ef40e5a7a8c7bee0ab6eed/gnocchi.d75e2bc1-2976-450f-be4d-1b9f0ee9745c/none_v3" "txacdb9d2e32bd409eaea7d-006933a603" "object-server 96249" 0.0005 "-" 95917 0
Dec 05 22:41:55 np0005548602.novalocal object-server[96249]: ::1 - - [06/Dec/2025:03:41:55 +0000] "PUT /1/35767/AUTH_d8741d1891ef40e5a7a8c7bee0ab6eed/gnocchi.d75e2bc1-2976-450f-be4d-1b9f0ee9745c/none_v3" 201 - "PUT https://[::1]:8080/v1/AUTH_d8741d1891ef40e5a7a8c7bee0ab6eed/gnocchi.d75e2bc1-2976-450f-be4d-1b9f0ee9745c/none_v3" "txacdb9d2e32bd409eaea7d-006933a603" "proxy-server 97198" 0.0103 "-" 96249 0
Dec 05 22:41:55 np0005548602.novalocal container-server[95916]: ::1 - - [06/Dec/2025:03:41:55 +0000] "PUT /3/47568/AUTH_d8741d1891ef40e5a7a8c7bee0ab6eed/gnocchi.d75e2bc1-2976-450f-be4d-1b9f0ee9745c/none_v3" 201 - "PUT http://[::1]:8080/3/35767/AUTH_d8741d1891ef40e5a7a8c7bee0ab6eed/gnocchi.d75e2bc1-2976-450f-be4d-1b9f0ee9745c/none_v3" "txacdb9d2e32bd409eaea7d-006933a603" "object-server 96250" 0.0005 "-" 95916 0
Dec 05 22:41:55 np0005548602.novalocal container-server[95917]: ::1 - - [06/Dec/2025:03:41:55 +0000] "PUT /1/47568/AUTH_d8741d1891ef40e5a7a8c7bee0ab6eed/gnocchi.d75e2bc1-2976-450f-be4d-1b9f0ee9745c/none_v3" 201 - "PUT http://[::1]:8080/2/35767/AUTH_d8741d1891ef40e5a7a8c7bee0ab6eed/gnocchi.d75e2bc1-2976-450f-be4d-1b9f0ee9745c/none_v3" "txacdb9d2e32bd409eaea7d-006933a603" "object-server 96250" 0.0003 "-" 95917 0
Dec 05 22:41:55 np0005548602.novalocal object-server[96250]: ::1 - - [06/Dec/2025:03:41:55 +0000] "PUT /3/35767/AUTH_d8741d1891ef40e5a7a8c7bee0ab6eed/gnocchi.d75e2bc1-2976-450f-be4d-1b9f0ee9745c/none_v3" 201 - "PUT https://[::1]:8080/v1/AUTH_d8741d1891ef40e5a7a8c7bee0ab6eed/gnocchi.d75e2bc1-2976-450f-be4d-1b9f0ee9745c/none_v3" "txacdb9d2e32bd409eaea7d-006933a603" "proxy-server 97198" 0.0108 "-" 96250 0
Dec 05 22:41:55 np0005548602.novalocal object-server[96250]: ::1 - - [06/Dec/2025:03:41:55 +0000] "PUT /2/35767/AUTH_d8741d1891ef40e5a7a8c7bee0ab6eed/gnocchi.d75e2bc1-2976-450f-be4d-1b9f0ee9745c/none_v3" 201 - "PUT https://[::1]:8080/v1/AUTH_d8741d1891ef40e5a7a8c7bee0ab6eed/gnocchi.d75e2bc1-2976-450f-be4d-1b9f0ee9745c/none_v3" "txacdb9d2e32bd409eaea7d-006933a603" "proxy-server 97198" 0.0140 "-" 96250 0
Dec 05 22:41:55 np0005548602.novalocal proxy-server[97198]: ::1 ::1 06/Dec/2025/03/41/55 PUT /v1/AUTH_d8741d1891ef40e5a7a8c7bee0ab6eed/gnocchi.d75e2bc1-2976-450f-be4d-1b9f0ee9745c/none_v3 HTTP/1.0 201 - python-swiftclient-4.8.0 gAAAAABpM6W9MtUs... 32 - - txacdb9d2e32bd409eaea7d-006933a603 - 0.0244 - - 1764992515.069276333 1764992515.093655109 0 1229ee3e1d964977b2a5589f27ad366e
Dec 05 22:41:55 np0005548602.novalocal object-server[96250]: ::1 - - [06/Dec/2025:03:41:55 +0000] "GET /2/223019/AUTH_d8741d1891ef40e5a7a8c7bee0ab6eed/gnocchi.785d5aec-80a9-406c-9d7f-16d56cbd11e6/none_v3" 200 22 "GET https://[::1]:8080/v1/AUTH_d8741d1891ef40e5a7a8c7bee0ab6eed/gnocchi.785d5aec-80a9-406c-9d7f-16d56cbd11e6/none_v3" "tx0a3b27e36d404ca19e5cc-006933a603" "proxy-server 97198" 0.0014 "-" 96250 0
Dec 05 22:41:55 np0005548602.novalocal proxy-server[97198]: ::1 ::1 06/Dec/2025/03/41/55 GET /v1/AUTH_d8741d1891ef40e5a7a8c7bee0ab6eed/gnocchi.785d5aec-80a9-406c-9d7f-16d56cbd11e6/none_v3 HTTP/1.0 200 - python-swiftclient-4.8.0 gAAAAABpM6W9MtUs... - 22 - tx0a3b27e36d404ca19e5cc-006933a603 - 0.0145 - - 1764992515.109421015 1764992515.123903275 0 1229ee3e1d964977b2a5589f27ad366e
Dec 05 22:41:55 np0005548602.novalocal container-server[95916]: ::1 - - [06/Dec/2025:03:41:55 +0000] "GET /2/241536/AUTH_d8741d1891ef40e5a7a8c7bee0ab6eed/gnocchi.785d5aec-80a9-406c-9d7f-16d56cbd11e6" 200 357 "GET https://[::1]:8080/v1/AUTH_d8741d1891ef40e5a7a8c7bee0ab6eed/gnocchi.785d5aec-80a9-406c-9d7f-16d56cbd11e6?format=json&states=listing" "tx9172e31665c74b2eb47ed-006933a603" "proxy-server 97198" 0.0093 "-" 95916 0
Dec 05 22:41:55 np0005548602.novalocal proxy-server[97198]: ::1 ::1 06/Dec/2025/03/41/55 GET /v1/AUTH_d8741d1891ef40e5a7a8c7bee0ab6eed/gnocchi.785d5aec-80a9-406c-9d7f-16d56cbd11e6%3Fformat%3Djson%26states%3Dlisting HTTP/1.0 200 - python-swiftclient-4.8.0 gAAAAABpM6W9MtUs... - 357 - tx9172e31665c74b2eb47ed-006933a603 - 0.0171 - - 1764992515.127350569 1764992515.144419432 0 1229ee3e1d964977b2a5589f27ad366e
Dec 05 22:41:55 np0005548602.novalocal container-server[95917]: ::1 - - [06/Dec/2025:03:41:55 +0000] "GET /3/241536/AUTH_d8741d1891ef40e5a7a8c7bee0ab6eed/gnocchi.785d5aec-80a9-406c-9d7f-16d56cbd11e6" 200 2 "GET https://[::1]:8080/v1/AUTH_d8741d1891ef40e5a7a8c7bee0ab6eed/gnocchi.785d5aec-80a9-406c-9d7f-16d56cbd11e6?format=json&marker=none_v3&states=listing" "tx398dc263f20846028e4bc-006933a603" "proxy-server 97198" 0.0081 "-" 95917 0
Dec 05 22:41:55 np0005548602.novalocal proxy-server[97198]: ::1 ::1 06/Dec/2025/03/41/55 GET /v1/AUTH_d8741d1891ef40e5a7a8c7bee0ab6eed/gnocchi.785d5aec-80a9-406c-9d7f-16d56cbd11e6%3Fformat%3Djson%26marker%3Dnone_v3%26states%3Dlisting HTTP/1.0 200 - python-swiftclient-4.8.0 gAAAAABpM6W9MtUs... - 2 - tx398dc263f20846028e4bc-006933a603 - 0.0147 - - 1764992515.146520615 1764992515.161215067 0 1229ee3e1d964977b2a5589f27ad366e
Dec 05 22:41:55 np0005548602.novalocal object-server[96250]: ::1 - - [06/Dec/2025:03:41:55 +0000] "GET /1/36440/AUTH_d8741d1891ef40e5a7a8c7bee0ab6eed/gnocchi.785d5aec-80a9-406c-9d7f-16d56cbd11e6/1764720000.0_mean_300.0_v3" 200 16 "GET https://[::1]:8080/v1/AUTH_d8741d1891ef40e5a7a8c7bee0ab6eed/gnocchi.785d5aec-80a9-406c-9d7f-16d56cbd11e6/1764720000.0_mean_300.0_v3" "tx5b3612d11fe240349f449-006933a603" "proxy-server 97198" 0.0013 "-" 96250 0
Dec 05 22:41:55 np0005548602.novalocal proxy-server[97198]: ::1 ::1 06/Dec/2025/03/41/55 GET /v1/AUTH_d8741d1891ef40e5a7a8c7bee0ab6eed/gnocchi.785d5aec-80a9-406c-9d7f-16d56cbd11e6/1764720000.0_mean_300.0_v3 HTTP/1.0 200 - python-swiftclient-4.8.0 gAAAAABpM6W9MtUs... - 16 - tx5b3612d11fe240349f449-006933a603 - 0.0096 - - 1764992515.164311886 1764992515.173921824 0 1229ee3e1d964977b2a5589f27ad366e
Dec 05 22:41:55 np0005548602.novalocal container-server[95916]: ::1 - - [06/Dec/2025:03:41:55 +0000] "PUT /1/241536/AUTH_d8741d1891ef40e5a7a8c7bee0ab6eed/gnocchi.785d5aec-80a9-406c-9d7f-16d56cbd11e6/1764720000.0_mean_300.0_v3" 201 - "PUT http://[::1]:8080/3/36440/AUTH_d8741d1891ef40e5a7a8c7bee0ab6eed/gnocchi.785d5aec-80a9-406c-9d7f-16d56cbd11e6/1764720000.0_mean_300.0_v3" "tx0c5d5a0d0ced443aa4226-006933a603" "object-server 96249" 0.0009 "-" 95916 0
Dec 05 22:41:55 np0005548602.novalocal container-server[95916]: ::1 - - [06/Dec/2025:03:41:55 +0000] "PUT /3/241536/AUTH_d8741d1891ef40e5a7a8c7bee0ab6eed/gnocchi.785d5aec-80a9-406c-9d7f-16d56cbd11e6/1764720000.0_mean_300.0_v3" 201 - "PUT http://[::1]:8080/2/36440/AUTH_d8741d1891ef40e5a7a8c7bee0ab6eed/gnocchi.785d5aec-80a9-406c-9d7f-16d56cbd11e6/1764720000.0_mean_300.0_v3" "tx0c5d5a0d0ced443aa4226-006933a603" "object-server 96250" 0.0005 "-" 95916 0
Dec 05 22:41:55 np0005548602.novalocal object-server[96249]: ::1 - - [06/Dec/2025:03:41:55 +0000] "PUT /3/36440/AUTH_d8741d1891ef40e5a7a8c7bee0ab6eed/gnocchi.785d5aec-80a9-406c-9d7f-16d56cbd11e6/1764720000.0_mean_300.0_v3" 201 - "PUT https://[::1]:8080/v1/AUTH_d8741d1891ef40e5a7a8c7bee0ab6eed/gnocchi.785d5aec-80a9-406c-9d7f-16d56cbd11e6/1764720000.0_mean_300.0_v3" "tx0c5d5a0d0ced443aa4226-006933a603" "proxy-server 97198" 0.0139 "-" 96249 0
Dec 05 22:41:55 np0005548602.novalocal object-server[96250]: ::1 - - [06/Dec/2025:03:41:55 +0000] "PUT /2/36440/AUTH_d8741d1891ef40e5a7a8c7bee0ab6eed/gnocchi.785d5aec-80a9-406c-9d7f-16d56cbd11e6/1764720000.0_mean_300.0_v3" 201 - "PUT https://[::1]:8080/v1/AUTH_d8741d1891ef40e5a7a8c7bee0ab6eed/gnocchi.785d5aec-80a9-406c-9d7f-16d56cbd11e6/1764720000.0_mean_300.0_v3" "tx0c5d5a0d0ced443aa4226-006933a603" "proxy-server 97198" 0.0160 "-" 96250 0
Dec 05 22:41:55 np0005548602.novalocal container-server[95916]: ::1 - - [06/Dec/2025:03:41:55 +0000] "PUT /2/241536/AUTH_d8741d1891ef40e5a7a8c7bee0ab6eed/gnocchi.785d5aec-80a9-406c-9d7f-16d56cbd11e6/1764720000.0_mean_300.0_v3" 201 - "PUT http://[::1]:8080/1/36440/AUTH_d8741d1891ef40e5a7a8c7bee0ab6eed/gnocchi.785d5aec-80a9-406c-9d7f-16d56cbd11e6/1764720000.0_mean_300.0_v3" "tx0c5d5a0d0ced443aa4226-006933a603" "object-server 96250" 0.0010 "-" 95916 0
