Dec 05 22:40:45 np0005548602.novalocal object-server[96250]: ::1 - - [06/Dec/2025:03:40:45 +0000] "GET /3/115828/AUTH_d8741d1891ef40e5a7a8c7bee0ab6eed/gnocchi.58979c43-17f3-4e40-b647-8ceb155491b4/1764720000.0_mean_300.0_v3" 404 70 "GET https://[::1]:8080/v1/AUTH_d8741d1891ef40e5a7a8c7bee0ab6eed/gnocchi.58979c43-17f3-4e40-b647-8ceb155491b4/1764720000.0_mean_300.0_v3" "txe0568f7d8378483f9d0dc-006933a5bd" "proxy-server 97198" 0.0004 "-" 96250 0
Dec 05 22:40:45 np0005548602.novalocal object-server[96250]: ::1 - - [06/Dec/2025:03:40:45 +0000] "GET /2/115828/AUTH_d8741d1891ef40e5a7a8c7bee0ab6eed/gnocchi.58979c43-17f3-4e40-b647-8ceb155491b4/1764720000.0_mean_300.0_v3" 404 70 "GET https://[::1]:8080/v1/AUTH_d8741d1891ef40e5a7a8c7bee0ab6eed/gnocchi.58979c43-17f3-4e40-b647-8ceb155491b4/1764720000.0_mean_300.0_v3" "txe0568f7d8378483f9d0dc-006933a5bd" "proxy-server 97198" 0.0003 "-" 96250 0
Dec 05 22:40:45 np0005548602.novalocal object-server[96250]: ::1 - - [06/Dec/2025:03:40:45 +0000] "GET /1/115828/AUTH_d8741d1891ef40e5a7a8c7bee0ab6eed/gnocchi.58979c43-17f3-4e40-b647-8ceb155491b4/1764720000.0_mean_300.0_v3" 404 70 "GET https://[::1]:8080/v1/AUTH_d8741d1891ef40e5a7a8c7bee0ab6eed/gnocchi.58979c43-17f3-4e40-b647-8ceb155491b4/1764720000.0_mean_300.0_v3" "txe0568f7d8378483f9d0dc-006933a5bd" "proxy-server 97198" 0.0002 "-" 96250 0
Dec 05 22:40:45 np0005548602.novalocal proxy-server[97198]: ::1 ::1 06/Dec/2025/03/40/45 GET /v1/AUTH_d8741d1891ef40e5a7a8c7bee0ab6eed/gnocchi.58979c43-17f3-4e40-b647-8ceb155491b4/1764720000.0_mean_300.0_v3 HTTP/1.0 404 - python-swiftclient-4.8.0 gAAAAABpM6W9MtUs... - 70 - txe0568f7d8378483f9d0dc-006933a5bd - 0.0100 - - 1764992445.924789906 1764992445.934793711 0 1229ee3e1d964977b2a5589f27ad366e
Dec 05 22:40:45 np0005548602.novalocal sudo[102703]: pam_unix(sudo:session): session closed for user root
Dec 05 22:40:45 np0005548602.novalocal container-server[95916]: ::1 - - [06/Dec/2025:03:40:45 +0000] "PUT /2/131848/AUTH_d8741d1891ef40e5a7a8c7bee0ab6eed/gnocchi.58979c43-17f3-4e40-b647-8ceb155491b4/1764720000.0_mean_300.0_v3" 201 - "PUT http://[::1]:8080/3/115828/AUTH_d8741d1891ef40e5a7a8c7bee0ab6eed/gnocchi.58979c43-17f3-4e40-b647-8ceb155491b4/1764720000.0_mean_300.0_v3" "tx54bf0e27d90e46aebc232-006933a5bd" "object-server 96250" 0.0005 "-" 95916 0
Dec 05 22:40:45 np0005548602.novalocal object-server[96250]: ::1 - - [06/Dec/2025:03:40:45 +0000] "PUT /3/115828/AUTH_d8741d1891ef40e5a7a8c7bee0ab6eed/gnocchi.58979c43-17f3-4e40-b647-8ceb155491b4/1764720000.0_mean_300.0_v3" 201 - "PUT https://[::1]:8080/v1/AUTH_d8741d1891ef40e5a7a8c7bee0ab6eed/gnocchi.58979c43-17f3-4e40-b647-8ceb155491b4/1764720000.0_mean_300.0_v3" "tx54bf0e27d90e46aebc232-006933a5bd" "proxy-server 97198" 0.0112 "-" 96250 0
Dec 05 22:40:45 np0005548602.novalocal container-server[95916]: ::1 - - [06/Dec/2025:03:40:45 +0000] "PUT /1/131848/AUTH_d8741d1891ef40e5a7a8c7bee0ab6eed/gnocchi.58979c43-17f3-4e40-b647-8ceb155491b4/1764720000.0_mean_300.0_v3" 201 - "PUT http://[::1]:8080/1/115828/AUTH_d8741d1891ef40e5a7a8c7bee0ab6eed/gnocchi.58979c43-17f3-4e40-b647-8ceb155491b4/1764720000.0_mean_300.0_v3" "tx54bf0e27d90e46aebc232-006933a5bd" "object-server 96250" 0.0003 "-" 95916 0
Dec 05 22:40:45 np0005548602.novalocal container-server[95917]: ::1 - - [06/Dec/2025:03:40:45 +0000] "PUT /3/131848/AUTH_d8741d1891ef40e5a7a8c7bee0ab6eed/gnocchi.58979c43-17f3-4e40-b647-8ceb155491b4/1764720000.0_mean_300.0_v3" 201 - "PUT http://[::1]:8080/2/115828/AUTH_d8741d1891ef40e5a7a8c7bee0ab6eed/gnocchi.58979c43-17f3-4e40-b647-8ceb155491b4/1764720000.0_mean_300.0_v3" "tx54bf0e27d90e46aebc232-006933a5bd" "object-server 96249" 0.0008 "-" 95917 0
Dec 05 22:40:45 np0005548602.novalocal object-server[96250]: ::1 - - [06/Dec/2025:03:40:45 +0000] "PUT /1/115828/AUTH_d8741d1891ef40e5a7a8c7bee0ab6eed/gnocchi.58979c43-17f3-4e40-b647-8ceb155491b4/1764720000.0_mean_300.0_v3" 201 - "PUT https://[::1]:8080/v1/AUTH_d8741d1891ef40e5a7a8c7bee0ab6eed/gnocchi.58979c43-17f3-4e40-b647-8ceb155491b4/1764720000.0_mean_300.0_v3" "tx54bf0e27d90e46aebc232-006933a5bd" "proxy-server 97198" 0.0103 "-" 96250 0
Dec 05 22:40:45 np0005548602.novalocal object-server[96249]: ::1 - - [06/Dec/2025:03:40:45 +0000] "PUT /2/115828/AUTH_d8741d1891ef40e5a7a8c7bee0ab6eed/gnocchi.58979c43-17f3-4e40-b647-8ceb155491b4/1764720000.0_mean_300.0_v3" 201 - "PUT https://[::1]:8080/v1/AUTH_d8741d1891ef40e5a7a8c7bee0ab6eed/gnocchi.58979c43-17f3-4e40-b647-8ceb155491b4/1764720000.0_mean_300.0_v3" "tx54bf0e27d90e46aebc232-006933a5bd" "proxy-server 97198" 0.0129 "-" 96249 0
Dec 05 22:40:45 np0005548602.novalocal proxy-server[97198]: ::1 ::1 06/Dec/2025/03/40/45 PUT /v1/AUTH_d8741d1891ef40e5a7a8c7bee0ab6eed/gnocchi.58979c43-17f3-4e40-b647-8ceb155491b4/1764720000.0_mean_300.0_v3 HTTP/1.0 201 - python-swiftclient-4.8.0 gAAAAABpM6W9MtUs... 16 - - tx54bf0e27d90e46aebc232-006933a5bd - 0.0183 - - 1764992445.936768293 1764992445.955099106 0 1229ee3e1d964977b2a5589f27ad366e
Dec 05 22:40:45 np0005548602.novalocal systemd[1]: session-c95.scope: Deactivated successfully.
Dec 05 22:40:45 np0005548602.novalocal container-server[95916]: ::1 - - [06/Dec/2025:03:40:45 +0000] "PUT /3/131848/AUTH_d8741d1891ef40e5a7a8c7bee0ab6eed/gnocchi.58979c43-17f3-4e40-b647-8ceb155491b4/none_v3" 201 - "PUT http://[::1]:8080/3/159796/AUTH_d8741d1891ef40e5a7a8c7bee0ab6eed/gnocchi.58979c43-17f3-4e40-b647-8ceb155491b4/none_v3" "txaa1dc0efd64e493ab36e5-006933a5bd" "object-server 96249" 0.0004 "-" 95916 0
Dec 05 22:40:45 np0005548602.novalocal container-server[95917]: ::1 - - [06/Dec/2025:03:40:45 +0000] "PUT /1/131848/AUTH_d8741d1891ef40e5a7a8c7bee0ab6eed/gnocchi.58979c43-17f3-4e40-b647-8ceb155491b4/none_v3" 201 - "PUT http://[::1]:8080/1/159796/AUTH_d8741d1891ef40e5a7a8c7bee0ab6eed/gnocchi.58979c43-17f3-4e40-b647-8ceb155491b4/none_v3" "txaa1dc0efd64e493ab36e5-006933a5bd" "object-server 96249" 0.0006 "-" 95917 0
Dec 05 22:40:45 np0005548602.novalocal object-server[96249]: ::1 - - [06/Dec/2025:03:40:45 +0000] "PUT /3/159796/AUTH_d8741d1891ef40e5a7a8c7bee0ab6eed/gnocchi.58979c43-17f3-4e40-b647-8ceb155491b4/none_v3" 201 - "PUT https://[::1]:8080/v1/AUTH_d8741d1891ef40e5a7a8c7bee0ab6eed/gnocchi.58979c43-17f3-4e40-b647-8ceb155491b4/none_v3" "txaa1dc0efd64e493ab36e5-006933a5bd" "proxy-server 97198" 0.0116 "-" 96249 0
Dec 05 22:40:45 np0005548602.novalocal object-server[96249]: ::1 - - [06/Dec/2025:03:40:45 +0000] "PUT /1/159796/AUTH_d8741d1891ef40e5a7a8c7bee0ab6eed/gnocchi.58979c43-17f3-4e40-b647-8ceb155491b4/none_v3" 201 - "PUT https://[::1]:8080/v1/AUTH_d8741d1891ef40e5a7a8c7bee0ab6eed/gnocchi.58979c43-17f3-4e40-b647-8ceb155491b4/none_v3" "txaa1dc0efd64e493ab36e5-006933a5bd" "proxy-server 97198" 0.0112 "-" 96249 0
Dec 05 22:40:45 np0005548602.novalocal container-server[95917]: ::1 - - [06/Dec/2025:03:40:45 +0000] "PUT /2/131848/AUTH_d8741d1891ef40e5a7a8c7bee0ab6eed/gnocchi.58979c43-17f3-4e40-b647-8ceb155491b4/none_v3" 201 - "PUT http://[::1]:8080/2/159796/AUTH_d8741d1891ef40e5a7a8c7bee0ab6eed/gnocchi.58979c43-17f3-4e40-b647-8ceb155491b4/none_v3" "txaa1dc0efd64e493ab36e5-006933a5bd" "object-server 96250" 0.0132 "-" 95917 0
Dec 05 22:40:45 np0005548602.novalocal object-server[96250]: ::1 - - [06/Dec/2025:03:40:45 +0000] "PUT /2/159796/AUTH_d8741d1891ef40e5a7a8c7bee0ab6eed/gnocchi.58979c43-17f3-4e40-b647-8ceb155491b4/none_v3" 201 - "PUT https://[::1]:8080/v1/AUTH_d8741d1891ef40e5a7a8c7bee0ab6eed/gnocchi.58979c43-17f3-4e40-b647-8ceb155491b4/none_v3" "txaa1dc0efd64e493ab36e5-006933a5bd" "proxy-server 97198" 0.0248 "-" 96250 0
Dec 05 22:40:45 np0005548602.novalocal proxy-server[97198]: ::1 ::1 06/Dec/2025/03/40/45 PUT /v1/AUTH_d8741d1891ef40e5a7a8c7bee0ab6eed/gnocchi.58979c43-17f3-4e40-b647-8ceb155491b4/none_v3 HTTP/1.0 201 - python-swiftclient-4.8.0 gAAAAABpM6W9MtUs... 22 - - txaa1dc0efd64e493ab36e5-006933a5bd - 0.0349 - - 1764992445.958362103 1764992445.993244886 0 1229ee3e1d964977b2a5589f27ad366e
Dec 05 22:40:46 np0005548602.novalocal kernel: tap50a565fa-97: entered promiscuous mode
Dec 05 22:40:46 np0005548602.novalocal systemd-udevd[102827]: Network interface NamePolicy= disabled on kernel command line.
Dec 05 22:40:46 np0005548602.novalocal NetworkManager[858]: [1764992446.0061] manager: (tap50a565fa-97): 'openvswitch' plugin not available; creating generic device
Dec 05 22:40:46 np0005548602.novalocal NetworkManager[858]: [1764992446.0083] manager: (tap50a565fa-97): new Generic device (/org/freedesktop/NetworkManager/Devices/18)
Dec 05 22:40:46 np0005548602.novalocal container-server[95917]: ::1 - - [06/Dec/2025:03:40:46 +0000] "HEAD /1/215125/AUTH_d8741d1891ef40e5a7a8c7bee0ab6eed/gnocchi.8ffb3087-7b30-48ce-89b2-111fd4240a37" 404 - "HEAD http://[::1]:8080/v1/AUTH_d8741d1891ef40e5a7a8c7bee0ab6eed/gnocchi.8ffb3087-7b30-48ce-89b2-111fd4240a37" "tx3c7b25b9998542bfa2812-006933a5be" "proxy-server 97198" 0.0005 "-" 95917 0
Dec 05 22:40:46 np0005548602.novalocal container-server[95917]: ::1 - - [06/Dec/2025:03:40:46 +0000] "HEAD /3/215125/AUTH_d8741d1891ef40e5a7a8c7bee0ab6eed/gnocchi.8ffb3087-7b30-48ce-89b2-111fd4240a37" 404 - "HEAD http://[::1]:8080/v1/AUTH_d8741d1891ef40e5a7a8c7bee0ab6eed/gnocchi.8ffb3087-7b30-48ce-89b2-111fd4240a37" "tx3c7b25b9998542bfa2812-006933a5be" "proxy-server 97198" 0.0002 "-" 95917 0
Dec 05 22:40:46 np0005548602.novalocal container-server[95917]: ::1 - - [06/Dec/2025:03:40:46 +0000] "HEAD /2/215125/AUTH_d8741d1891ef40e5a7a8c7bee0ab6eed/gnocchi.8ffb3087-7b30-48ce-89b2-111fd4240a37" 404 - "HEAD http://[::1]:8080/v1/AUTH_d8741d1891ef40e5a7a8c7bee0ab6eed/gnocchi.8ffb3087-7b30-48ce-89b2-111fd4240a37" "tx3c7b25b9998542bfa2812-006933a5be" "proxy-server 97198" 0.0003 "-" 95917 0
Dec 05 22:40:46 np0005548602.novalocal proxy-server[97198]: - - 06/Dec/2025/03/40/46 HEAD /v1/AUTH_d8741d1891ef40e5a7a8c7bee0ab6eed/gnocchi.8ffb3087-7b30-48ce-89b2-111fd4240a37 HTTP/1.0 404 - Swift - - - - tx3c7b25b9998542bfa2812-006933a5be - 0.0113 CS - 1764992446.014039993 1764992446.025358915 0 -
Dec 05 22:40:46 np0005548602.novalocal object-server[96249]: ::1 - - [06/Dec/2025:03:40:46 +0000] "GET /3/12262/AUTH_d8741d1891ef40e5a7a8c7bee0ab6eed/gnocchi.8ffb3087-7b30-48ce-89b2-111fd4240a37/none_v3" 404 70 "GET https://[::1]:8080/v1/AUTH_d8741d1891ef40e5a7a8c7bee0ab6eed/gnocchi.8ffb3087-7b30-48ce-89b2-111fd4240a37/none_v3" "tx3c7b25b9998542bfa2812-006933a5be" "proxy-server 97198" 0.0004 "-" 96249 0
Dec 05 22:40:46 np0005548602.novalocal object-server[96250]: ::1 - - [06/Dec/2025:03:40:46 +0000] "GET /2/12262/AUTH_d8741d1891ef40e5a7a8c7bee0ab6eed/gnocchi.8ffb3087-7b30-48ce-89b2-111fd4240a37/none_v3" 404 70 "GET https://[::1]:8080/v1/AUTH_d8741d1891ef40e5a7a8c7bee0ab6eed/gnocchi.8ffb3087-7b30-48ce-89b2-111fd4240a37/none_v3" "tx3c7b25b9998542bfa2812-006933a5be" "proxy-server 97198" 0.0004 "-" 96250 0
Dec 05 22:40:46 np0005548602.novalocal object-server[96250]: ::1 - - [06/Dec/2025:03:40:46 +0000] "GET /1/12262/AUTH_d8741d1891ef40e5a7a8c7bee0ab6eed/gnocchi.8ffb3087-7b30-48ce-89b2-111fd4240a37/none_v3" 404 70 "GET https://[::1]:8080/v1/AUTH_d8741d1891ef40e5a7a8c7bee0ab6eed/gnocchi.8ffb3087-7b30-48ce-89b2-111fd4240a37/none_v3" "tx3c7b25b9998542bfa2812-006933a5be" "proxy-server 97198" 0.0002 "-" 96250 0
Dec 05 22:40:46 np0005548602.novalocal proxy-server[97198]: ::1 ::1 06/Dec/2025/03/40/46 GET /v1/AUTH_d8741d1891ef40e5a7a8c7bee0ab6eed/gnocchi.8ffb3087-7b30-48ce-89b2-111fd4240a37/none_v3 HTTP/1.0 404 - python-swiftclient-4.8.0 gAAAAABpM6W9MtUs... - 70 - tx3c7b25b9998542bfa2812-006933a5be - 0.0253 - - 1764992446.013100386 1764992446.038362980 0 1229ee3e1d964977b2a5589f27ad366e
Dec 05 22:40:46 np0005548602.novalocal kernel: qr-4987d0fb-24: left promiscuous mode
Dec 05 22:40:46 np0005548602.novalocal sudo[102854]: cinder : PWD=/ ; USER=root ; COMMAND=/usr/bin/cinder-rootwrap /etc/cinder/rootwrap.conf env LC_ALL=C qemu-img info -f raw --output=json /var/lib/cinder/conversion/image_download_e1581eb1-a0a5-4170-987d-043e7dff6ddb_u34nu7p6
Dec 05 22:40:46 np0005548602.novalocal account-server[95623]: ::1 - - [06/Dec/2025:03:40:46 +0000] "PUT /2/76100/AUTH_d8741d1891ef40e5a7a8c7bee0ab6eed/gnocchi.8ffb3087-7b30-48ce-89b2-111fd4240a37" 201 - "PUT http://[::1]:6001/1/215125/AUTH_d8741d1891ef40e5a7a8c7bee0ab6eed/gnocchi.8ffb3087-7b30-48ce-89b2-111fd4240a37" "tx2c3b32899c1e452fbeb7e-006933a5be" "container-server 95917" 0.0062 "-" 95623 0
Dec 05 22:40:46 np0005548602.novalocal account-server[95624]: ::1 - - [06/Dec/2025:03:40:46 +0000] "PUT /3/76100/AUTH_d8741d1891ef40e5a7a8c7bee0ab6eed/gnocchi.8ffb3087-7b30-48ce-89b2-111fd4240a37" 201 - "PUT http://[::1]:6001/3/215125/AUTH_d8741d1891ef40e5a7a8c7bee0ab6eed/gnocchi.8ffb3087-7b30-48ce-89b2-111fd4240a37" "tx2c3b32899c1e452fbeb7e-006933a5be" "container-server 95916" 0.0168 "-" 95624 0
Dec 05 22:40:46 np0005548602.novalocal container-server[95916]: ::1 - - [06/Dec/2025:03:40:46 +0000] "PUT /3/215125/AUTH_d8741d1891ef40e5a7a8c7bee0ab6eed/gnocchi.8ffb3087-7b30-48ce-89b2-111fd4240a37" 201 - "PUT https://[::1]:8080/v1/AUTH_d8741d1891ef40e5a7a8c7bee0ab6eed/gnocchi.8ffb3087-7b30-48ce-89b2-111fd4240a37" "tx2c3b32899c1e452fbeb7e-006933a5be" "proxy-server 97198" 0.0341 "-" 95916 0
Dec 05 22:40:46 np0005548602.novalocal container-server[95917]: ::1 - - [06/Dec/2025:03:40:46 +0000] "PUT /1/215125/AUTH_d8741d1891ef40e5a7a8c7bee0ab6eed/gnocchi.8ffb3087-7b30-48ce-89b2-111fd4240a37" 201 - "PUT https://[::1]:8080/v1/AUTH_d8741d1891ef40e5a7a8c7bee0ab6eed/gnocchi.8ffb3087-7b30-48ce-89b2-111fd4240a37" "tx2c3b32899c1e452fbeb7e-006933a5be" "proxy-server 97198" 0.0316 "-" 95917 0
Dec 05 22:40:46 np0005548602.novalocal account-server[95624]: ::1 - - [06/Dec/2025:03:40:46 +0000] "PUT /1/76100/AUTH_d8741d1891ef40e5a7a8c7bee0ab6eed/gnocchi.8ffb3087-7b30-48ce-89b2-111fd4240a37" 201 - "PUT http://[::1]:6001/2/215125/AUTH_d8741d1891ef40e5a7a8c7bee0ab6eed/gnocchi.8ffb3087-7b30-48ce-89b2-111fd4240a37" "tx2c3b32899c1e452fbeb7e-006933a5be" "container-server 95917" 0.0054 "-" 95624 0
Dec 05 22:40:46 np0005548602.novalocal container-server[95917]: ::1 - - [06/Dec/2025:03:40:46 +0000] "PUT /2/215125/AUTH_d8741d1891ef40e5a7a8c7bee0ab6eed/gnocchi.8ffb3087-7b30-48ce-89b2-111fd4240a37" 201 - "PUT https://[::1]:8080/v1/AUTH_d8741d1891ef40e5a7a8c7bee0ab6eed/gnocchi.8ffb3087-7b30-48ce-89b2-111fd4240a37" "tx2c3b32899c1e452fbeb7e-006933a5be" "proxy-server 97198" 0.0257 "-" 95917 0
Dec 05 22:40:46 np0005548602.novalocal proxy-server[97198]: ::1 ::1 06/Dec/2025/03/40/46 PUT /v1/AUTH_d8741d1891ef40e5a7a8c7bee0ab6eed/gnocchi.8ffb3087-7b30-48ce-89b2-111fd4240a37 HTTP/1.0 201 - python-swiftclient-4.8.0 gAAAAABpM6W9MtUs... - - - tx2c3b32899c1e452fbeb7e-006933a5be - 0.0517 - - 1764992446.045788050 1764992446.097535133 0 1229ee3e1d964977b2a5589f27ad366e
Dec 05 22:40:46 np0005548602.novalocal container-server[95917]: ::1 - - [06/Dec/2025:03:40:46 +0000] "HEAD /1/215125/AUTH_d8741d1891ef40e5a7a8c7bee0ab6eed/gnocchi.8ffb3087-7b30-48ce-89b2-111fd4240a37" 204 - "HEAD http://[::1]:8080/v1/AUTH_d8741d1891ef40e5a7a8c7bee0ab6eed/gnocchi.8ffb3087-7b30-48ce-89b2-111fd4240a37" "tx0d70d91b64524bf89486a-006933a5be" "proxy-server 97198" 0.0016 "-" 95917 0
Dec 05 22:40:46 np0005548602.novalocal proxy-server[97198]: - - 06/Dec/2025/03/40/46 HEAD /v1/AUTH_d8741d1891ef40e5a7a8c7bee0ab6eed/gnocchi.8ffb3087-7b30-48ce-89b2-111fd4240a37 HTTP/1.0 204 - Swift - - - - tx0d70d91b64524bf89486a-006933a5be - 0.0049 CS - 1764992446.102747679 1764992446.107643366 0 -
Dec 05 22:40:46 np0005548602.novalocal systemd[1]: Started Session c96 of User root.
Dec 05 22:40:46 np0005548602.novalocal container-server[95917]: ::1 - - [06/Dec/2025:03:40:46 +0000] "GET /1/215125/AUTH_d8741d1891ef40e5a7a8c7bee0ab6eed/gnocchi.8ffb3087-7b30-48ce-89b2-111fd4240a37" 200 2 "GET https://[::1]:8080/v1/AUTH_d8741d1891ef40e5a7a8c7bee0ab6eed/gnocchi.8ffb3087-7b30-48ce-89b2-111fd4240a37?format=json&states=listing" "tx0d70d91b64524bf89486a-006933a5be" "proxy-server 97198" 0.0039 "-" 95917 0
Dec 05 22:40:46 np0005548602.novalocal proxy-server[97198]: ::1 ::1 06/Dec/2025/03/40/46 GET /v1/AUTH_d8741d1891ef40e5a7a8c7bee0ab6eed/gnocchi.8ffb3087-7b30-48ce-89b2-111fd4240a37%3Fformat%3Djson%26states%3Dlisting HTTP/1.0 200 - python-swiftclient-4.8.0 gAAAAABpM6W9MtUs... - 2 - tx0d70d91b64524bf89486a-006933a5be - 0.0154 - - 1764992446.102232695 1764992446.117679119 0 1229ee3e1d964977b2a5589f27ad366e
Dec 05 22:40:46 np0005548602.novalocal sudo[102854]: pam_unix(sudo:session): session opened for user root(uid=0) by (uid=165)
Dec 05 22:40:46 np0005548602.novalocal object-server[96250]: ::1 - - [06/Dec/2025:03:40:46 +0000] "GET /1/200497/AUTH_d8741d1891ef40e5a7a8c7bee0ab6eed/gnocchi.8ffb3087-7b30-48ce-89b2-111fd4240a37/1764720000.0_mean_300.0_v3" 404 70 "GET https://[::1]:8080/v1/AUTH_d8741d1891ef40e5a7a8c7bee0ab6eed/gnocchi.8ffb3087-7b30-48ce-89b2-111fd4240a37/1764720000.0_mean_300.0_v3" "txaa373d523da1452789a0d-006933a5be" "proxy-server 97198" 0.0004 "-" 96250 0
Dec 05 22:40:46 np0005548602.novalocal object-server[96249]: ::1 - - [06/Dec/2025:03:40:46 +0000] "GET /2/200497/AUTH_d8741d1891ef40e5a7a8c7bee0ab6eed/gnocchi.8ffb3087-7b30-48ce-89b2-111fd4240a37/1764720000.0_mean_300.0_v3" 404 70 "GET https://[::1]:8080/v1/AUTH_d8741d1891ef40e5a7a8c7bee0ab6eed/gnocchi.8ffb3087-7b30-48ce-89b2-111fd4240a37/1764720000.0_mean_300.0_v3" "txaa373d523da1452789a0d-006933a5be" "proxy-server 97198" 0.0004 "-" 96249 0
Dec 05 22:40:46 np0005548602.novalocal object-server[96250]: ::1 - - [06/Dec/2025:03:40:46 +0000] "GET /3/200497/AUTH_d8741d1891ef40e5a7a8c7bee0ab6eed/gnocchi.8ffb3087-7b30-48ce-89b2-111fd4240a37/1764720000.0_mean_300.0_v3" 404 70 "GET https://[::1]:8080/v1/AUTH_d8741d1891ef40e5a7a8c7bee0ab6eed/gnocchi.8ffb3087-7b30-48ce-89b2-111fd4240a37/1764720000.0_mean_300.0_v3" "txaa373d523da1452789a0d-006933a5be" "proxy-server 97198" 0.0003 "-" 96250 0
Dec 05 22:40:46 np0005548602.novalocal proxy-server[97198]: ::1 ::1 06/Dec/2025/03/40/46 GET /v1/AUTH_d8741d1891ef40e5a7a8c7bee0ab6eed/gnocchi.8ffb3087-7b30-48ce-89b2-111fd4240a37/1764720000.0_mean_300.0_v3 HTTP/1.0 404 - python-swiftclient-4.8.0 gAAAAABpM6W9MtUs... - 70 - txaa373d523da1452789a0d-006933a5be - 0.0091 - - 1764992446.122093678 1764992446.131194115 0 1229ee3e1d964977b2a5589f27ad366e
Dec 05 22:40:46 np0005548602.novalocal kernel: qg-545787bb-c8: left promiscuous mode
Dec 05 22:40:46 np0005548602.novalocal container-server[95916]: ::1 - - [06/Dec/2025:03:40:46 +0000] "PUT /2/215125/AUTH_d8741d1891ef40e5a7a8c7bee0ab6eed/gnocchi.8ffb3087-7b30-48ce-89b2-111fd4240a37/1764720000.0_mean_300.0_v3" 201 - "PUT http://[::1]:8080/2/200497/AUTH_d8741d1891ef40e5a7a8c7bee0ab6eed/gnocchi.8ffb3087-7b30-48ce-89b2-111fd4240a37/1764720000.0_mean_300.0_v3" "tx8a166eb7b5b44dc8ba0f3-006933a5be" "object-server 96250" 0.0009 "-" 95916 0
Dec 05 22:40:46 np0005548602.novalocal container-server[95917]: ::1 - - [06/Dec/2025:03:40:46 +0000] "PUT /3/215125/AUTH_d8741d1891ef40e5a7a8c7bee0ab6eed/gnocchi.8ffb3087-7b30-48ce-89b2-111fd4240a37/1764720000.0_mean_300.0_v3" 201 - "PUT http://[::1]:8080/3/200497/AUTH_d8741d1891ef40e5a7a8c7bee0ab6eed/gnocchi.8ffb3087-7b30-48ce-89b2-111fd4240a37/1764720000.0_mean_300.0_v3" "tx8a166eb7b5b44dc8ba0f3-006933a5be" "object-server 96249" 0.0013 "-" 95917 0
Dec 05 22:40:46 np0005548602.novalocal object-server[96250]: ::1 - - [06/Dec/2025:03:40:46 +0000] "PUT /2/200497/AUTH_d8741d1891ef40e5a7a8c7bee0ab6eed/gnocchi.8ffb3087-7b30-48ce-89b2-111fd4240a37/1764720000.0_mean_300.0_v3" 201 - "PUT https://[::1]:8080/v1/AUTH_d8741d1891ef40e5a7a8c7bee0ab6eed/gnocchi.8ffb3087-7b30-48ce-89b2-111fd4240a37/1764720000.0_mean_300.0_v3" "tx8a166eb7b5b44dc8ba0f3-006933a5be" "proxy-server 97198" 0.0824 "-" 96250 0
Dec 05 22:40:46 np0005548602.novalocal container-server[95916]: ::1 - - [06/Dec/2025:03:40:46 +0000] "PUT /1/215125/AUTH_d8741d1891ef40e5a7a8c7bee0ab6eed/gnocchi.8ffb3087-7b30-48ce-89b2-111fd4240a37/1764720000.0_mean_300.0_v3" 201 - "PUT http://[::1]:8080/1/200497/AUTH_d8741d1891ef40e5a7a8c7bee0ab6eed/gnocchi.8ffb3087-7b30-48ce-89b2-111fd4240a37/1764720000.0_mean_300.0_v3" "tx8a166eb7b5b44dc8ba0f3-006933a5be" "object-server 96249" 0.0005 "-" 95916 0
Dec 05 22:40:46 np0005548602.novalocal object-server[96249]: ::1 - - [06/Dec/2025:03:40:46 +0000] "PUT /1/200497/AUTH_d8741d1891ef40e5a7a8c7bee0ab6eed/gnocchi.8ffb3087-7b30-48ce-89b2-111fd4240a37/1764720000.0_mean_300.0_v3" 201 - "PUT https://[::1]:8080/v1/AUTH_d8741d1891ef40e5a7a8c7bee0ab6eed/gnocchi.8ffb3087-7b30-48ce-89b2-111fd4240a37/1764720000.0_mean_300.0_v3" "tx8a166eb7b5b44dc8ba0f3-006933a5be" "proxy-server 97198" 0.0827 "-" 96249 0
Dec 05 22:40:46 np0005548602.novalocal object-server[96249]: ::1 - - [06/Dec/2025:03:40:46 +0000] "PUT /3/200497/AUTH_d8741d1891ef40e5a7a8c7bee0ab6eed/gnocchi.8ffb3087-7b30-48ce-89b2-111fd4240a37/1764720000.0_mean_300.0_v3" 201 - "PUT https://[::1]:8080/v1/AUTH_d8741d1891ef40e5a7a8c7bee0ab6eed/gnocchi.8ffb3087-7b30-48ce-89b2-111fd4240a37/1764720000.0_mean_300.0_v3" "tx8a166eb7b5b44dc8ba0f3-006933a5be" "proxy-server 97198" 0.0854 "-" 96249 0
Dec 05 22:40:46 np0005548602.novalocal proxy-server[97198]: ::1 ::1 06/Dec/2025/03/40/46 PUT /v1/AUTH_d8741d1891ef40e5a7a8c7bee0ab6eed/gnocchi.8ffb3087-7b30-48ce-89b2-111fd4240a37/1764720000.0_mean_300.0_v3 HTTP/1.0 201 - python-swiftclient-4.8.0 gAAAAABpM6W9MtUs... 16 - - tx8a166eb7b5b44dc8ba0f3-006933a5be - 0.0910 - - 1764992446.136129856 1764992446.227139235 0 1229ee3e1d964977b2a5589f27ad366e
Dec 05 22:40:46 np0005548602.novalocal container-server[95916]: ::1 - - [06/Dec/2025:03:40:46 +0000] "PUT /2/215125/AUTH_d8741d1891ef40e5a7a8c7bee0ab6eed/gnocchi.8ffb3087-7b30-48ce-89b2-111fd4240a37/none_v3" 201 - "PUT http://[::1]:8080/2/12262/AUTH_d8741d1891ef40e5a7a8c7bee0ab6eed/gnocchi.8ffb3087-7b30-48ce-89b2-111fd4240a37/none_v3" "tx2b92862d2210457e96898-006933a5be" "object-server 96249" 0.0007 "-" 95916 0
Dec 05 22:40:46 np0005548602.novalocal container-server[95916]: ::1 - - [06/Dec/2025:03:40:46 +0000] "PUT /3/215125/AUTH_d8741d1891ef40e5a7a8c7bee0ab6eed/gnocchi.8ffb3087-7b30-48ce-89b2-111fd4240a37/none_v3" 201 - "PUT http://[::1]:8080/1/12262/AUTH_d8741d1891ef40e5a7a8c7bee0ab6eed/gnocchi.8ffb3087-7b30-48ce-89b2-111fd4240a37/none_v3" "tx2b92862d2210457e96898-006933a5be" "object-server 96250" 0.0004 "-" 95916 0
Dec 05 22:40:46 np0005548602.novalocal container-server[95917]: ::1 - - [06/Dec/2025:03:40:46 +0000] "PUT /1/215125/AUTH_d8741d1891ef40e5a7a8c7bee0ab6eed/gnocchi.8ffb3087-7b30-48ce-89b2-111fd4240a37/none_v3" 201 - "PUT http://[::1]:8080/3/12262/AUTH_d8741d1891ef40e5a7a8c7bee0ab6eed/gnocchi.8ffb3087-7b30-48ce-89b2-111fd4240a37/none_v3" "tx2b92862d2210457e96898-006933a5be" "object-server 96249" 0.0009 "-" 95917 0
Dec 05 22:40:46 np0005548602.novalocal object-server[96250]: ::1 - - [06/Dec/2025:03:40:46 +0000] "PUT /1/12262/AUTH_d8741d1891ef40e5a7a8c7bee0ab6eed/gnocchi.8ffb3087-7b30-48ce-89b2-111fd4240a37/none_v3" 201 - "PUT https://[::1]:8080/v1/AUTH_d8741d1891ef40e5a7a8c7bee0ab6eed/gnocchi.8ffb3087-7b30-48ce-89b2-111fd4240a37/none_v3" "tx2b92862d2210457e96898-006933a5be" "proxy-server 97198" 0.0204 "-" 96250 0
Dec 05 22:40:46 np0005548602.novalocal object-server[96249]: ::1 - - [06/Dec/2025:03:40:46 +0000] "PUT /3/12262/AUTH_d8741d1891ef40e5a7a8c7bee0ab6eed/gnocchi.8ffb3087-7b30-48ce-89b2-111fd4240a37/none_v3" 201 - "PUT https://[::1]:8080/v1/AUTH_d8741d1891ef40e5a7a8c7bee0ab6eed/gnocchi.8ffb3087-7b30-48ce-89b2-111fd4240a37/none_v3" "tx2b92862d2210457e96898-006933a5be" "proxy-server 97198" 0.0239 "-" 96249 0
Dec 05 22:40:46 np0005548602.novalocal object-server[96249]: ::1 - - [06/Dec/2025:03:40:46 +0000] "PUT /2/12262/AUTH_d8741d1891ef40e5a7a8c7bee0ab6eed/gnocchi.8ffb3087-7b30-48ce-89b2-111fd4240a37/none_v3" 201 - "PUT https://[::1]:8080/v1/AUTH_d8741d1891ef40e5a7a8c7bee0ab6eed/gnocchi.8ffb3087-7b30-48ce-89b2-111fd4240a37/none_v3" "tx2b92862d2210457e96898-006933a5be" "proxy-server 97198" 0.0188 "-" 96249 0
Dec 05 22:40:46 np0005548602.novalocal proxy-server[97198]: ::1 ::1 06/Dec/2025/03/40/46 PUT /v1/AUTH_d8741d1891ef40e5a7a8c7bee0ab6eed/gnocchi.8ffb3087-7b30-48ce-89b2-111fd4240a37/none_v3 HTTP/1.0 201 - python-swiftclient-4.8.0 gAAAAABpM6W9MtUs... 22 - - tx2b92862d2210457e96898-006933a5be - 0.0310 - - 1764992446.230377436 1764992446.261332750 0 1229ee3e1d964977b2a5589f27ad366e
Dec 05 22:40:46 np0005548602.novalocal container-server[95916]: ::1 - - [06/Dec/2025:03:40:46 +0000] "HEAD /3/68275/AUTH_d8741d1891ef40e5a7a8c7bee0ab6eed/gnocchi.94d0537f-780b-4f36-ad9f-a539afe39149" 404 - "HEAD http://[::1]:8080/v1/AUTH_d8741d1891ef40e5a7a8c7bee0ab6eed/gnocchi.94d0537f-780b-4f36-ad9f-a539afe39149" "txe5d18a6b2cdb4346beb21-006933a5be" "proxy-server 97198" 0.0005 "-" 95916 0
Dec 05 22:40:46 np0005548602.novalocal container-server[95916]: ::1 - - [06/Dec/2025:03:40:46 +0000] "HEAD /1/68275/AUTH_d8741d1891ef40e5a7a8c7bee0ab6eed/gnocchi.94d0537f-780b-4f36-ad9f-a539afe39149" 404 - "HEAD http://[::1]:8080/v1/AUTH_d8741d1891ef40e5a7a8c7bee0ab6eed/gnocchi.94d0537f-780b-4f36-ad9f-a539afe39149" "txe5d18a6b2cdb4346beb21-006933a5be" "proxy-server 97198" 0.0002 "-" 95916 0
Dec 05 22:40:46 np0005548602.novalocal container-server[95917]: ::1 - - [06/Dec/2025:03:40:46 +0000] "HEAD /2/68275/AUTH_d8741d1891ef40e5a7a8c7bee0ab6eed/gnocchi.94d0537f-780b-4f36-ad9f-a539afe39149" 404 - "HEAD http://[::1]:8080/v1/AUTH_d8741d1891ef40e5a7a8c7bee0ab6eed/gnocchi.94d0537f-780b-4f36-ad9f-a539afe39149" "txe5d18a6b2cdb4346beb21-006933a5be" "proxy-server 97198" 0.0005 "-" 95917 0
Dec 05 22:40:46 np0005548602.novalocal proxy-server[97198]: - - 06/Dec/2025/03/40/46 HEAD /v1/AUTH_d8741d1891ef40e5a7a8c7bee0ab6eed/gnocchi.94d0537f-780b-4f36-ad9f-a539afe39149 HTTP/1.0 404 - Swift - - - - txe5d18a6b2cdb4346beb21-006933a5be - 0.0152 CS - 1764992446.295517683 1764992446.310678482 0 -
Dec 05 22:40:46 np0005548602.novalocal object-server[96250]: ::1 - - [06/Dec/2025:03:40:46 +0000] "GET /1/5603/AUTH_d8741d1891ef40e5a7a8c7bee0ab6eed/gnocchi.94d0537f-780b-4f36-ad9f-a539afe39149/none_v3" 404 70 "GET https://[::1]:8080/v1/AUTH_d8741d1891ef40e5a7a8c7bee0ab6eed/gnocchi.94d0537f-780b-4f36-ad9f-a539afe39149/none_v3" "txe5d18a6b2cdb4346beb21-006933a5be" "proxy-server 97198" 0.0004 "-" 96250 0
Dec 05 22:40:46 np0005548602.novalocal object-server[96249]: ::1 - - [06/Dec/2025:03:40:46 +0000] "GET /3/5603/AUTH_d8741d1891ef40e5a7a8c7bee0ab6eed/gnocchi.94d0537f-780b-4f36-ad9f-a539afe39149/none_v3" 404 70 "GET https://[::1]:8080/v1/AUTH_d8741d1891ef40e5a7a8c7bee0ab6eed/gnocchi.94d0537f-780b-4f36-ad9f-a539afe39149/none_v3" "txe5d18a6b2cdb4346beb21-006933a5be" "proxy-server 97198" 0.0006 "-" 96249 0
Dec 05 22:40:46 np0005548602.novalocal object-server[96249]: ::1 - - [06/Dec/2025:03:40:46 +0000] "GET /2/5603/AUTH_d8741d1891ef40e5a7a8c7bee0ab6eed/gnocchi.94d0537f-780b-4f36-ad9f-a539afe39149/none_v3" 404 70 "GET https://[::1]:8080/v1/AUTH_d8741d1891ef40e5a7a8c7bee0ab6eed/gnocchi.94d0537f-780b-4f36-ad9f-a539afe39149/none_v3" "txe5d18a6b2cdb4346beb21-006933a5be" "proxy-server 97198" 0.0004 "-" 96249 0
Dec 05 22:40:46 np0005548602.novalocal proxy-server[97198]: ::1 ::1 06/Dec/2025/03/40/46 GET /v1/AUTH_d8741d1891ef40e5a7a8c7bee0ab6eed/gnocchi.94d0537f-780b-4f36-ad9f-a539afe39149/none_v3 HTTP/1.0 404 - python-swiftclient-4.8.0 gAAAAABpM6W9MtUs... - 70 - txe5d18a6b2cdb4346beb21-006933a5be - 0.0267 - - 1764992446.295049906 1764992446.321710587 0 1229ee3e1d964977b2a5589f27ad366e
Dec 05 22:40:46 np0005548602.novalocal account-server[95624]: ::1 - - [06/Dec/2025:03:40:46 +0000] "PUT /1/76100/AUTH_d8741d1891ef40e5a7a8c7bee0ab6eed/gnocchi.94d0537f-780b-4f36-ad9f-a539afe39149" 201 - "PUT http://[::1]:6001/2/68275/AUTH_d8741d1891ef40e5a7a8c7bee0ab6eed/gnocchi.94d0537f-780b-4f36-ad9f-a539afe39149" "tx09d212b69d614904bd54e-006933a5be" "container-server 95917" 0.0035 "-" 95624 0
Dec 05 22:40:46 np0005548602.novalocal container-server[95917]: ::1 - - [06/Dec/2025:03:40:46 +0000] "PUT /2/68275/AUTH_d8741d1891ef40e5a7a8c7bee0ab6eed/gnocchi.94d0537f-780b-4f36-ad9f-a539afe39149" 201 - "PUT https://[::1]:8080/v1/AUTH_d8741d1891ef40e5a7a8c7bee0ab6eed/gnocchi.94d0537f-780b-4f36-ad9f-a539afe39149" "tx09d212b69d614904bd54e-006933a5be" "proxy-server 97198" 0.0182 "-" 95917 0
Dec 05 22:40:46 np0005548602.novalocal account-server[95623]: ::1 - - [06/Dec/2025:03:40:46 +0000] "PUT /2/76100/AUTH_d8741d1891ef40e5a7a8c7bee0ab6eed/gnocchi.94d0537f-780b-4f36-ad9f-a539afe39149" 201 - "PUT http://[::1]:6001/1/68275/AUTH_d8741d1891ef40e5a7a8c7bee0ab6eed/gnocchi.94d0537f-780b-4f36-ad9f-a539afe39149" "tx09d212b69d614904bd54e-006933a5be" "container-server 95916" 0.0091 "-" 95623 0
Dec 05 22:40:46 np0005548602.novalocal account-server[95624]: ::1 - - [06/Dec/2025:03:40:46 +0000] "PUT /3/76100/AUTH_d8741d1891ef40e5a7a8c7bee0ab6eed/gnocchi.94d0537f-780b-4f36-ad9f-a539afe39149" 201 - "PUT http://[::1]:6001/3/68275/AUTH_d8741d1891ef40e5a7a8c7bee0ab6eed/gnocchi.94d0537f-780b-4f36-ad9f-a539afe39149" "tx09d212b69d614904bd54e-006933a5be" "container-server 95917" 0.0028 "-" 95624 0
Dec 05 22:40:46 np0005548602.novalocal container-server[95916]: ::1 - - [06/Dec/2025:03:40:46 +0000] "PUT /1/68275/AUTH_d8741d1891ef40e5a7a8c7bee0ab6eed/gnocchi.94d0537f-780b-4f36-ad9f-a539afe39149" 201 - "PUT https://[::1]:8080/v1/AUTH_d8741d1891ef40e5a7a8c7bee0ab6eed/gnocchi.94d0537f-780b-4f36-ad9f-a539afe39149" "tx09d212b69d614904bd54e-006933a5be" "proxy-server 97198" 0.0203 "-" 95916 0
Dec 05 22:40:46 np0005548602.novalocal container-server[95917]: ::1 - - [06/Dec/2025:03:40:46 +0000] "PUT /3/68275/AUTH_d8741d1891ef40e5a7a8c7bee0ab6eed/gnocchi.94d0537f-780b-4f36-ad9f-a539afe39149" 201 - "PUT https://[::1]:8080/v1/AUTH_d8741d1891ef40e5a7a8c7bee0ab6eed/gnocchi.94d0537f-780b-4f36-ad9f-a539afe39149" "tx09d212b69d614904bd54e-006933a5be" "proxy-server 97198" 0.0128 "-" 95917 0
Dec 05 22:40:46 np0005548602.novalocal proxy-server[97198]: ::1 ::1 06/Dec/2025/03/40/46 PUT /v1/AUTH_d8741d1891ef40e5a7a8c7bee0ab6eed/gnocchi.94d0537f-780b-4f36-ad9f-a539afe39149 HTTP/1.0 201 - python-swiftclient-4.8.0 gAAAAABpM6W9MtUs... - - - tx09d212b69d614904bd54e-006933a5be - 0.0278 - - 1764992446.324562788 1764992446.352330446 0 1229ee3e1d964977b2a5589f27ad366e
Dec 05 22:40:46 np0005548602.novalocal container-server[95917]: ::1 - - [06/Dec/2025:03:40:46 +0000] "HEAD /2/68275/AUTH_d8741d1891ef40e5a7a8c7bee0ab6eed/gnocchi.94d0537f-780b-4f36-ad9f-a539afe39149" 204 - "HEAD http://[::1]:8080/v1/AUTH_d8741d1891ef40e5a7a8c7bee0ab6eed/gnocchi.94d0537f-780b-4f36-ad9f-a539afe39149" "tx78dce7aa37994e61ad8a4-006933a5be" "proxy-server 97198" 0.0013 "-" 95917 0
Dec 05 22:40:46 np0005548602.novalocal proxy-server[97198]: - - 06/Dec/2025/03/40/46 HEAD /v1/AUTH_d8741d1891ef40e5a7a8c7bee0ab6eed/gnocchi.94d0537f-780b-4f36-ad9f-a539afe39149 HTTP/1.0 204 - Swift - - - - tx78dce7aa37994e61ad8a4-006933a5be - 0.0081 CS - 1764992446.356599569 1764992446.364652395 0 -
Dec 05 22:40:46 np0005548602.novalocal container-server[95917]: ::1 - - [06/Dec/2025:03:40:46 +0000] "GET /3/68275/AUTH_d8741d1891ef40e5a7a8c7bee0ab6eed/gnocchi.94d0537f-780b-4f36-ad9f-a539afe39149" 200 2 "GET https://[::1]:8080/v1/AUTH_d8741d1891ef40e5a7a8c7bee0ab6eed/gnocchi.94d0537f-780b-4f36-ad9f-a539afe39149?format=json&states=listing" "tx78dce7aa37994e61ad8a4-006933a5be" "proxy-server 97198" 0.0015 "-" 95917 0
Dec 05 22:40:46 np0005548602.novalocal proxy-server[97198]: ::1 ::1 06/Dec/2025/03/40/46 GET /v1/AUTH_d8741d1891ef40e5a7a8c7bee0ab6eed/gnocchi.94d0537f-780b-4f36-ad9f-a539afe39149%3Fformat%3Djson%26states%3Dlisting HTTP/1.0 200 - python-swiftclient-4.8.0 gAAAAABpM6W9MtUs... - 2 - tx78dce7aa37994e61ad8a4-006933a5be - 0.0143 - - 1764992446.356148005 1764992446.370404720 0 1229ee3e1d964977b2a5589f27ad366e
Dec 05 22:40:46 np0005548602.novalocal object-server[96250]: ::1 - - [06/Dec/2025:03:40:46 +0000] "GET /3/13260/AUTH_d8741d1891ef40e5a7a8c7bee0ab6eed/gnocchi.94d0537f-780b-4f36-ad9f-a539afe39149/1764720000.0_mean_300.0_v3" 404 70 "GET https://[::1]:8080/v1/AUTH_d8741d1891ef40e5a7a8c7bee0ab6eed/gnocchi.94d0537f-780b-4f36-ad9f-a539afe39149/1764720000.0_mean_300.0_v3" "tx6cb0dc4aa7c04b7789a04-006933a5be" "proxy-server 97198" 0.0003 "-" 96250 0
Dec 05 22:40:46 np0005548602.novalocal object-server[96249]: ::1 - - [06/Dec/2025:03:40:46 +0000] "GET /1/13260/AUTH_d8741d1891ef40e5a7a8c7bee0ab6eed/gnocchi.94d0537f-780b-4f36-ad9f-a539afe39149/1764720000.0_mean_300.0_v3" 404 70 "GET https://[::1]:8080/v1/AUTH_d8741d1891ef40e5a7a8c7bee0ab6eed/gnocchi.94d0537f-780b-4f36-ad9f-a539afe39149/1764720000.0_mean_300.0_v3" "tx6cb0dc4aa7c04b7789a04-006933a5be" "proxy-server 97198" 0.0004 "-" 96249 0
Dec 05 22:40:46 np0005548602.novalocal object-server[96249]: ::1 - - [06/Dec/2025:03:40:46 +0000] "GET /2/13260/AUTH_d8741d1891ef40e5a7a8c7bee0ab6eed/gnocchi.94d0537f-780b-4f36-ad9f-a539afe39149/1764720000.0_mean_300.0_v3" 404 70 "GET https://[::1]:8080/v1/AUTH_d8741d1891ef40e5a7a8c7bee0ab6eed/gnocchi.94d0537f-780b-4f36-ad9f-a539afe39149/1764720000.0_mean_300.0_v3" "tx6cb0dc4aa7c04b7789a04-006933a5be" "proxy-server 97198" 0.0002 "-" 96249 0
Dec 05 22:40:46 np0005548602.novalocal proxy-server[97198]: ::1 ::1 06/Dec/2025/03/40/46 GET /v1/AUTH_d8741d1891ef40e5a7a8c7bee0ab6eed/gnocchi.94d0537f-780b-4f36-ad9f-a539afe39149/1764720000.0_mean_300.0_v3 HTTP/1.0 404 - python-swiftclient-4.8.0 gAAAAABpM6W9MtUs... - 70 - tx6cb0dc4aa7c04b7789a04-006933a5be - 0.0083 - - 1764992446.373701096 1764992446.381988525 0 1229ee3e1d964977b2a5589f27ad366e
Dec 05 22:40:46 np0005548602.novalocal sudo[102854]: pam_unix(sudo:session): session closed for user root
Dec 05 22:40:46 np0005548602.novalocal systemd[1]: session-c96.scope: Deactivated successfully.
Dec 05 22:40:46 np0005548602.novalocal container-server[95917]: ::1 - - [06/Dec/2025:03:40:46 +0000] "PUT /3/68275/AUTH_d8741d1891ef40e5a7a8c7bee0ab6eed/gnocchi.94d0537f-780b-4f36-ad9f-a539afe39149/1764720000.0_mean_300.0_v3" 201 - "PUT http://[::1]:8080/3/13260/AUTH_d8741d1891ef40e5a7a8c7bee0ab6eed/gnocchi.94d0537f-780b-4f36-ad9f-a539afe39149/1764720000.0_mean_300.0_v3" "tx8197b05ebbc04c89b424f-006933a5be" "object-server 96250" 0.0005 "-" 95917 0
Dec 05 22:40:46 np0005548602.novalocal object-server[96250]: ::1 - - [06/Dec/2025:03:40:46 +0000] "PUT /3/13260/AUTH_d8741d1891ef40e5a7a8c7bee0ab6eed/gnocchi.94d0537f-780b-4f36-ad9f-a539afe39149/1764720000.0_mean_300.0_v3" 201 - "PUT https://[::1]:8080/v1/AUTH_d8741d1891ef40e5a7a8c7bee0ab6eed/gnocchi.94d0537f-780b-4f36-ad9f-a539afe39149/1764720000.0_mean_300.0_v3" "tx8197b05ebbc04c89b424f-006933a5be" "proxy-server 97198" 0.0111 "-" 96250 0
Dec 05 22:40:46 np0005548602.novalocal container-server[95916]: ::1 - - [06/Dec/2025:03:40:46 +0000] "PUT /1/68275/AUTH_d8741d1891ef40e5a7a8c7bee0ab6eed/gnocchi.94d0537f-780b-4f36-ad9f-a539afe39149/1764720000.0_mean_300.0_v3" 201 - "PUT http://[::1]:8080/1/13260/AUTH_d8741d1891ef40e5a7a8c7bee0ab6eed/gnocchi.94d0537f-780b-4f36-ad9f-a539afe39149/1764720000.0_mean_300.0_v3" "tx8197b05ebbc04c89b424f-006933a5be" "object-server 96250" 0.0009 "-" 95916 0
Dec 05 22:40:46 np0005548602.novalocal object-server[96250]: ::1 - - [06/Dec/2025:03:40:46 +0000] "PUT /1/13260/AUTH_d8741d1891ef40e5a7a8c7bee0ab6eed/gnocchi.94d0537f-780b-4f36-ad9f-a539afe39149/1764720000.0_mean_300.0_v3" 201 - "PUT https://[::1]:8080/v1/AUTH_d8741d1891ef40e5a7a8c7bee0ab6eed/gnocchi.94d0537f-780b-4f36-ad9f-a539afe39149/1764720000.0_mean_300.0_v3" "tx8197b05ebbc04c89b424f-006933a5be" "proxy-server 97198" 0.0127 "-" 96250 0
Dec 05 22:40:46 np0005548602.novalocal container-server[95916]: ::1 - - [06/Dec/2025:03:40:46 +0000] "PUT /2/68275/AUTH_d8741d1891ef40e5a7a8c7bee0ab6eed/gnocchi.94d0537f-780b-4f36-ad9f-a539afe39149/1764720000.0_mean_300.0_v3" 201 - "PUT http://[::1]:8080/2/13260/AUTH_d8741d1891ef40e5a7a8c7bee0ab6eed/gnocchi.94d0537f-780b-4f36-ad9f-a539afe39149/1764720000.0_mean_300.0_v3" "tx8197b05ebbc04c89b424f-006933a5be" "object-server 96249" 0.0004 "-" 95916 0
Dec 05 22:40:46 np0005548602.novalocal object-server[96249]: ::1 - - [06/Dec/2025:03:40:46 +0000] "PUT /2/13260/AUTH_d8741d1891ef40e5a7a8c7bee0ab6eed/gnocchi.94d0537f-780b-4f36-ad9f-a539afe39149/1764720000.0_mean_300.0_v3" 201 - "PUT https://[::1]:8080/v1/AUTH_d8741d1891ef40e5a7a8c7bee0ab6eed/gnocchi.94d0537f-780b-4f36-ad9f-a539afe39149/1764720000.0_mean_300.0_v3" "tx8197b05ebbc04c89b424f-006933a5be" "proxy-server 97198" 0.0140 "-" 96249 0
Dec 05 22:40:46 np0005548602.novalocal proxy-server[97198]: ::1 ::1 06/Dec/2025/03/40/46 PUT /v1/AUTH_d8741d1891ef40e5a7a8c7bee0ab6eed/gnocchi.94d0537f-780b-4f36-ad9f-a539afe39149/1764720000.0_mean_300.0_v3 HTTP/1.0 201 - python-swiftclient-4.8.0 gAAAAABpM6W9MtUs... 16 - - tx8197b05ebbc04c89b424f-006933a5be - 0.0204 - - 1764992446.387200356 1764992446.407584906 0 1229ee3e1d964977b2a5589f27ad366e
Dec 05 22:40:46 np0005548602.novalocal container-server[95917]: ::1 - - [06/Dec/2025:03:40:46 +0000] "PUT /2/68275/AUTH_d8741d1891ef40e5a7a8c7bee0ab6eed/gnocchi.94d0537f-780b-4f36-ad9f-a539afe39149/none_v3" 201 - "PUT http://[::1]:8080/3/5603/AUTH_d8741d1891ef40e5a7a8c7bee0ab6eed/gnocchi.94d0537f-780b-4f36-ad9f-a539afe39149/none_v3" "txb19bf1a476b942babc305-006933a5be" "object-server 96249" 0.0004 "-" 95917 0
Dec 05 22:40:46 np0005548602.novalocal object-server[96249]: ::1 - - [06/Dec/2025:03:40:46 +0000] "PUT /3/5603/AUTH_d8741d1891ef40e5a7a8c7bee0ab6eed/gnocchi.94d0537f-780b-4f36-ad9f-a539afe39149/none_v3" 201 - "PUT https://[::1]:8080/v1/AUTH_d8741d1891ef40e5a7a8c7bee0ab6eed/gnocchi.94d0537f-780b-4f36-ad9f-a539afe39149/none_v3" "txb19bf1a476b942babc305-006933a5be" "proxy-server 97198" 0.0098 "-" 96249 0
Dec 05 22:40:46 np0005548602.novalocal container-server[95916]: ::1 - - [06/Dec/2025:03:40:46 +0000] "PUT /1/68275/AUTH_d8741d1891ef40e5a7a8c7bee0ab6eed/gnocchi.94d0537f-780b-4f36-ad9f-a539afe39149/none_v3" 201 - "PUT http://[::1]:8080/2/5603/AUTH_d8741d1891ef40e5a7a8c7bee0ab6eed/gnocchi.94d0537f-780b-4f36-ad9f-a539afe39149/none_v3" "txb19bf1a476b942babc305-006933a5be" "object-server 96249" 0.0005 "-" 95916 0
Dec 05 22:40:46 np0005548602.novalocal container-server[95916]: ::1 - - [06/Dec/2025:03:40:46 +0000] "PUT /3/68275/AUTH_d8741d1891ef40e5a7a8c7bee0ab6eed/gnocchi.94d0537f-780b-4f36-ad9f-a539afe39149/none_v3" 201 - "PUT http://[::1]:8080/1/5603/AUTH_d8741d1891ef40e5a7a8c7bee0ab6eed/gnocchi.94d0537f-780b-4f36-ad9f-a539afe39149/none_v3" "txb19bf1a476b942babc305-006933a5be" "object-server 96249" 0.0004 "-" 95916 0
Dec 05 22:40:46 np0005548602.novalocal object-server[96249]: ::1 - - [06/Dec/2025:03:40:46 +0000] "PUT /2/5603/AUTH_d8741d1891ef40e5a7a8c7bee0ab6eed/gnocchi.94d0537f-780b-4f36-ad9f-a539afe39149/none_v3" 201 - "PUT https://[::1]:8080/v1/AUTH_d8741d1891ef40e5a7a8c7bee0ab6eed/gnocchi.94d0537f-780b-4f36-ad9f-a539afe39149/none_v3" "txb19bf1a476b942babc305-006933a5be" "proxy-server 97198" 0.0109 "-" 96249 0
Dec 05 22:40:46 np0005548602.novalocal object-server[96249]: ::1 - - [06/Dec/2025:03:40:46 +0000] "PUT /1/5603/AUTH_d8741d1891ef40e5a7a8c7bee0ab6eed/gnocchi.94d0537f-780b-4f36-ad9f-a539afe39149/none_v3" 201 - "PUT https://[::1]:8080/v1/AUTH_d8741d1891ef40e5a7a8c7bee0ab6eed/gnocchi.94d0537f-780b-4f36-ad9f-a539afe39149/none_v3" "txb19bf1a476b942babc305-006933a5be" "proxy-server 97198" 0.0148 "-" 96249 0
Dec 05 22:40:46 np0005548602.novalocal proxy-server[97198]: ::1 ::1 06/Dec/2025/03/40/46 PUT /v1/AUTH_d8741d1891ef40e5a7a8c7bee0ab6eed/gnocchi.94d0537f-780b-4f36-ad9f-a539afe39149/none_v3 HTTP/1.0 201 - python-swiftclient-4.8.0 gAAAAABpM6W9MtUs... 22 - - txb19bf1a476b942babc305-006933a5be - 0.0212 - - 1764992446.410672665 1764992446.431883574 0 1229ee3e1d964977b2a5589f27ad366e
Dec 05 22:40:46 np0005548602.novalocal container-server[95916]: ::1 - - [06/Dec/2025:03:40:46 +0000] "HEAD /3/194383/AUTH_d8741d1891ef40e5a7a8c7bee0ab6eed/gnocchi.e3ac9ad0-7ac0-48c7-b1d3-612e98dfb0cf" 404 - "HEAD http://[::1]:8080/v1/AUTH_d8741d1891ef40e5a7a8c7bee0ab6eed/gnocchi.e3ac9ad0-7ac0-48c7-b1d3-612e98dfb0cf" "txb6b6af89f8b542f5b3573-006933a5be" "proxy-server 97198" 0.0004 "-" 95916 0
Dec 05 22:40:46 np0005548602.novalocal container-server[95917]: ::1 - - [06/Dec/2025:03:40:46 +0000] "HEAD /2/194383/AUTH_d8741d1891ef40e5a7a8c7bee0ab6eed/gnocchi.e3ac9ad0-7ac0-48c7-b1d3-612e98dfb0cf" 404 - "HEAD http://[::1]:8080/v1/AUTH_d8741d1891ef40e5a7a8c7bee0ab6eed/gnocchi.e3ac9ad0-7ac0-48c7-b1d3-612e98dfb0cf" "txb6b6af89f8b542f5b3573-006933a5be" "proxy-server 97198" 0.0002 "-" 95917 0
Dec 05 22:40:46 np0005548602.novalocal container-server[95916]: ::1 - - [06/Dec/2025:03:40:46 +0000] "HEAD /1/194383/AUTH_d8741d1891ef40e5a7a8c7bee0ab6eed/gnocchi.e3ac9ad0-7ac0-48c7-b1d3-612e98dfb0cf" 404 - "HEAD http://[::1]:8080/v1/AUTH_d8741d1891ef40e5a7a8c7bee0ab6eed/gnocchi.e3ac9ad0-7ac0-48c7-b1d3-612e98dfb0cf" "txb6b6af89f8b542f5b3573-006933a5be" "proxy-server 97198" 0.0001 "-" 95916 0
Dec 05 22:40:46 np0005548602.novalocal proxy-server[97198]: - - 06/Dec/2025/03/40/46 HEAD /v1/AUTH_d8741d1891ef40e5a7a8c7bee0ab6eed/gnocchi.e3ac9ad0-7ac0-48c7-b1d3-612e98dfb0cf HTTP/1.0 404 - Swift - - - - txb6b6af89f8b542f5b3573-006933a5be - 0.0076 CS - 1764992446.446907759 1764992446.454535007 0 -
Dec 05 22:40:46 np0005548602.novalocal object-server[96250]: ::1 - - [06/Dec/2025:03:40:46 +0000] "GET /1/92720/AUTH_d8741d1891ef40e5a7a8c7bee0ab6eed/gnocchi.e3ac9ad0-7ac0-48c7-b1d3-612e98dfb0cf/none_v3" 404 70 "GET https://[::1]:8080/v1/AUTH_d8741d1891ef40e5a7a8c7bee0ab6eed/gnocchi.e3ac9ad0-7ac0-48c7-b1d3-612e98dfb0cf/none_v3" "txb6b6af89f8b542f5b3573-006933a5be" "proxy-server 97198" 0.0004 "-" 96250 0
Dec 05 22:40:46 np0005548602.novalocal object-server[96250]: ::1 - - [06/Dec/2025:03:40:46 +0000] "GET /2/92720/AUTH_d8741d1891ef40e5a7a8c7bee0ab6eed/gnocchi.e3ac9ad0-7ac0-48c7-b1d3-612e98dfb0cf/none_v3" 404 70 "GET https://[::1]:8080/v1/AUTH_d8741d1891ef40e5a7a8c7bee0ab6eed/gnocchi.e3ac9ad0-7ac0-48c7-b1d3-612e98dfb0cf/none_v3" "txb6b6af89f8b542f5b3573-006933a5be" "proxy-server 97198" 0.0002 "-" 96250 0
Dec 05 22:40:46 np0005548602.novalocal object-server[96249]: ::1 - - [06/Dec/2025:03:40:46 +0000] "GET /3/92720/AUTH_d8741d1891ef40e5a7a8c7bee0ab6eed/gnocchi.e3ac9ad0-7ac0-48c7-b1d3-612e98dfb0cf/none_v3" 404 70 "GET https://[::1]:8080/v1/AUTH_d8741d1891ef40e5a7a8c7bee0ab6eed/gnocchi.e3ac9ad0-7ac0-48c7-b1d3-612e98dfb0cf/none_v3" "txb6b6af89f8b542f5b3573-006933a5be" "proxy-server 97198" 0.0004 "-" 96249 0
Dec 05 22:40:46 np0005548602.novalocal proxy-server[97198]: ::1 ::1 06/Dec/2025/03/40/46 GET /v1/AUTH_d8741d1891ef40e5a7a8c7bee0ab6eed/gnocchi.e3ac9ad0-7ac0-48c7-b1d3-612e98dfb0cf/none_v3 HTTP/1.0 404 - python-swiftclient-4.8.0 gAAAAABpM6W9MtUs... - 70 - txb6b6af89f8b542f5b3573-006933a5be - 0.0187 - - 1764992446.446284294 1764992446.464987755 0 1229ee3e1d964977b2a5589f27ad366e
Dec 05 22:40:46 np0005548602.novalocal sudo[102894]: cinder : PWD=/ ; USER=root ; COMMAND=/usr/bin/cinder-rootwrap /etc/cinder/rootwrap.conf env LC_ALL=C qemu-img info -f luks --output=json /var/lib/cinder/conversion/image_download_e1581eb1-a0a5-4170-987d-043e7dff6ddb_u34nu7p6
Dec 05 22:40:46 np0005548602.novalocal account-server[95623]: ::1 - - [06/Dec/2025:03:40:46 +0000] "PUT /2/76100/AUTH_d8741d1891ef40e5a7a8c7bee0ab6eed/gnocchi.e3ac9ad0-7ac0-48c7-b1d3-612e98dfb0cf" 201 - "PUT http://[::1]:6001/3/194383/AUTH_d8741d1891ef40e5a7a8c7bee0ab6eed/gnocchi.e3ac9ad0-7ac0-48c7-b1d3-612e98dfb0cf" "txce9962f48e994fe78b5c5-006933a5be" "container-server 95917" 0.0050 "-" 95623 0
Dec 05 22:40:46 np0005548602.novalocal container-server[95917]: ::1 - - [06/Dec/2025:03:40:46 +0000] "PUT /3/194383/AUTH_d8741d1891ef40e5a7a8c7bee0ab6eed/gnocchi.e3ac9ad0-7ac0-48c7-b1d3-612e98dfb0cf" 201 - "PUT https://[::1]:8080/v1/AUTH_d8741d1891ef40e5a7a8c7bee0ab6eed/gnocchi.e3ac9ad0-7ac0-48c7-b1d3-612e98dfb0cf" "txce9962f48e994fe78b5c5-006933a5be" "proxy-server 97198" 0.0304 "-" 95917 0
Dec 05 22:40:46 np0005548602.novalocal account-server[95624]: ::1 - - [06/Dec/2025:03:40:46 +0000] "PUT /1/76100/AUTH_d8741d1891ef40e5a7a8c7bee0ab6eed/gnocchi.e3ac9ad0-7ac0-48c7-b1d3-612e98dfb0cf" 201 - "PUT http://[::1]:6001/2/194383/AUTH_d8741d1891ef40e5a7a8c7bee0ab6eed/gnocchi.e3ac9ad0-7ac0-48c7-b1d3-612e98dfb0cf" "txce9962f48e994fe78b5c5-006933a5be" "container-server 95917" 0.0069 "-" 95624 0
Dec 05 22:40:46 np0005548602.novalocal container-server[95917]: ::1 - - [06/Dec/2025:03:40:46 +0000] "PUT /2/194383/AUTH_d8741d1891ef40e5a7a8c7bee0ab6eed/gnocchi.e3ac9ad0-7ac0-48c7-b1d3-612e98dfb0cf" 201 - "PUT https://[::1]:8080/v1/AUTH_d8741d1891ef40e5a7a8c7bee0ab6eed/gnocchi.e3ac9ad0-7ac0-48c7-b1d3-612e98dfb0cf" "txce9962f48e994fe78b5c5-006933a5be" "proxy-server 97198" 0.0231 "-" 95917 0
Dec 05 22:40:46 np0005548602.novalocal account-server[95623]: ::1 - - [06/Dec/2025:03:40:46 +0000] "PUT /3/76100/AUTH_d8741d1891ef40e5a7a8c7bee0ab6eed/gnocchi.e3ac9ad0-7ac0-48c7-b1d3-612e98dfb0cf" 201 - "PUT http://[::1]:6001/1/194383/AUTH_d8741d1891ef40e5a7a8c7bee0ab6eed/gnocchi.e3ac9ad0-7ac0-48c7-b1d3-612e98dfb0cf" "txce9962f48e994fe78b5c5-006933a5be" "container-server 95917" 0.0038 "-" 95623 0
Dec 05 22:40:46 np0005548602.novalocal container-server[95917]: ::1 - - [06/Dec/2025:03:40:46 +0000] "PUT /1/194383/AUTH_d8741d1891ef40e5a7a8c7bee0ab6eed/gnocchi.e3ac9ad0-7ac0-48c7-b1d3-612e98dfb0cf" 201 - "PUT https://[::1]:8080/v1/AUTH_d8741d1891ef40e5a7a8c7bee0ab6eed/gnocchi.e3ac9ad0-7ac0-48c7-b1d3-612e98dfb0cf" "txce9962f48e994fe78b5c5-006933a5be" "proxy-server 97198" 0.0189 "-" 95917 0
Dec 05 22:40:46 np0005548602.novalocal proxy-server[97198]: ::1 ::1 06/Dec/2025/03/40/46 PUT /v1/AUTH_d8741d1891ef40e5a7a8c7bee0ab6eed/gnocchi.e3ac9ad0-7ac0-48c7-b1d3-612e98dfb0cf HTTP/1.0 201 - python-swiftclient-4.8.0 gAAAAABpM6W9MtUs... - - - txce9962f48e994fe78b5c5-006933a5be - 0.0425 - - 1764992446.467422485 1764992446.509922266 0 1229ee3e1d964977b2a5589f27ad366e
Dec 05 22:40:46 np0005548602.novalocal container-server[95917]: ::1 - - [06/Dec/2025:03:40:46 +0000] "HEAD /2/194383/AUTH_d8741d1891ef40e5a7a8c7bee0ab6eed/gnocchi.e3ac9ad0-7ac0-48c7-b1d3-612e98dfb0cf" 204 - "HEAD http://[::1]:8080/v1/AUTH_d8741d1891ef40e5a7a8c7bee0ab6eed/gnocchi.e3ac9ad0-7ac0-48c7-b1d3-612e98dfb0cf" "tx42531742f30d4e3db7b52-006933a5be" "proxy-server 97198" 0.0014 "-" 95917 0
Dec 05 22:40:46 np0005548602.novalocal proxy-server[97198]: - - 06/Dec/2025/03/40/46 HEAD /v1/AUTH_d8741d1891ef40e5a7a8c7bee0ab6eed/gnocchi.e3ac9ad0-7ac0-48c7-b1d3-612e98dfb0cf HTTP/1.0 204 - Swift - - - - tx42531742f30d4e3db7b52-006933a5be - 0.0052 CS - 1764992446.514367580 1764992446.519593239 0 -
Dec 05 22:40:46 np0005548602.novalocal systemd[1]: Started Session c97 of User root.
Dec 05 22:40:46 np0005548602.novalocal container-server[95916]: ::1 - - [06/Dec/2025:03:40:46 +0000] "GET /2/194383/AUTH_d8741d1891ef40e5a7a8c7bee0ab6eed/gnocchi.e3ac9ad0-7ac0-48c7-b1d3-612e98dfb0cf" 200 2 "GET https://[::1]:8080/v1/AUTH_d8741d1891ef40e5a7a8c7bee0ab6eed/gnocchi.e3ac9ad0-7ac0-48c7-b1d3-612e98dfb0cf?format=json&states=listing" "tx42531742f30d4e3db7b52-006933a5be" "proxy-server 97198" 0.0019 "-" 95916 0
Dec 05 22:40:46 np0005548602.novalocal sudo[102894]: pam_unix(sudo:session): session opened for user root(uid=0) by (uid=165)
Dec 05 22:40:46 np0005548602.novalocal proxy-server[97198]: ::1 ::1 06/Dec/2025/03/40/46 GET /v1/AUTH_d8741d1891ef40e5a7a8c7bee0ab6eed/gnocchi.e3ac9ad0-7ac0-48c7-b1d3-612e98dfb0cf%3Fformat%3Djson%26states%3Dlisting HTTP/1.0 200 - python-swiftclient-4.8.0 gAAAAABpM6W9MtUs... - 2 - tx42531742f30d4e3db7b52-006933a5be - 0.0143 - - 1764992446.513446569 1764992446.527704000 0 1229ee3e1d964977b2a5589f27ad366e
Dec 05 22:40:46 np0005548602.novalocal object-server[96250]: ::1 - - [06/Dec/2025:03:40:46 +0000] "GET /2/207092/AUTH_d8741d1891ef40e5a7a8c7bee0ab6eed/gnocchi.e3ac9ad0-7ac0-48c7-b1d3-612e98dfb0cf/1764720000.0_mean_300.0_v3" 404 70 "GET https://[::1]:8080/v1/AUTH_d8741d1891ef40e5a7a8c7bee0ab6eed/gnocchi.e3ac9ad0-7ac0-48c7-b1d3-612e98dfb0cf/1764720000.0_mean_300.0_v3" "tx0038c46897724b6fa6599-006933a5be" "proxy-server 97198" 0.0004 "-" 96250 0
Dec 05 22:40:46 np0005548602.novalocal object-server[96249]: ::1 - - [06/Dec/2025:03:40:46 +0000] "GET /1/207092/AUTH_d8741d1891ef40e5a7a8c7bee0ab6eed/gnocchi.e3ac9ad0-7ac0-48c7-b1d3-612e98dfb0cf/1764720000.0_mean_300.0_v3" 404 70 "GET https://[::1]:8080/v1/AUTH_d8741d1891ef40e5a7a8c7bee0ab6eed/gnocchi.e3ac9ad0-7ac0-48c7-b1d3-612e98dfb0cf/1764720000.0_mean_300.0_v3" "tx0038c46897724b6fa6599-006933a5be" "proxy-server 97198" 0.0003 "-" 96249 0
Dec 05 22:40:46 np0005548602.novalocal object-server[96250]: ::1 - - [06/Dec/2025:03:40:46 +0000] "GET /3/207092/AUTH_d8741d1891ef40e5a7a8c7bee0ab6eed/gnocchi.e3ac9ad0-7ac0-48c7-b1d3-612e98dfb0cf/1764720000.0_mean_300.0_v3" 404 70 "GET https://[::1]:8080/v1/AUTH_d8741d1891ef40e5a7a8c7bee0ab6eed/gnocchi.e3ac9ad0-7ac0-48c7-b1d3-612e98dfb0cf/1764720000.0_mean_300.0_v3" "tx0038c46897724b6fa6599-006933a5be" "proxy-server 97198" 0.0006 "-" 96250 0
Dec 05 22:40:46 np0005548602.novalocal proxy-server[97198]: ::1 ::1 06/Dec/2025/03/40/46 GET /v1/AUTH_d8741d1891ef40e5a7a8c7bee0ab6eed/gnocchi.e3ac9ad0-7ac0-48c7-b1d3-612e98dfb0cf/1764720000.0_mean_300.0_v3 HTTP/1.0 404 - python-swiftclient-4.8.0 gAAAAABpM6W9MtUs... - 70 - tx0038c46897724b6fa6599-006933a5be - 0.0111 - - 1764992446.531063080 1764992446.542116165 0 1229ee3e1d964977b2a5589f27ad366e
Dec 05 22:40:46 np0005548602.novalocal container-server[95916]: ::1 - - [06/Dec/2025:03:40:46 +0000] "PUT /1/194383/AUTH_d8741d1891ef40e5a7a8c7bee0ab6eed/gnocchi.e3ac9ad0-7ac0-48c7-b1d3-612e98dfb0cf/1764720000.0_mean_300.0_v3" 201 - "PUT http://[::1]:8080/2/207092/AUTH_d8741d1891ef40e5a7a8c7bee0ab6eed/gnocchi.e3ac9ad0-7ac0-48c7-b1d3-612e98dfb0cf/1764720000.0_mean_300.0_v3" "tx384f63ca8b3e4430ba79b-006933a5be" "object-server 96249" 0.0007 "-" 95916 0
Dec 05 22:40:46 np0005548602.novalocal object-server[96249]: ::1 - - [06/Dec/2025:03:40:46 +0000] "PUT /2/207092/AUTH_d8741d1891ef40e5a7a8c7bee0ab6eed/gnocchi.e3ac9ad0-7ac0-48c7-b1d3-612e98dfb0cf/1764720000.0_mean_300.0_v3" 201 - "PUT https://[::1]:8080/v1/AUTH_d8741d1891ef40e5a7a8c7bee0ab6eed/gnocchi.e3ac9ad0-7ac0-48c7-b1d3-612e98dfb0cf/1764720000.0_mean_300.0_v3" "tx384f63ca8b3e4430ba79b-006933a5be" "proxy-server 97198" 0.0108 "-" 96249 0
