Dec 05 22:41:14 np0005548602.novalocal object-server[96249]: ::1 - - [06/Dec/2025:03:41:14 +0000] "GET /3/123104/AUTH_d8741d1891ef40e5a7a8c7bee0ab6eed/gnocchi.28a088b1-51b2-48c7-8750-e364fdcd4013/none_v3" 404 70 "GET https://[::1]:8080/v1/AUTH_d8741d1891ef40e5a7a8c7bee0ab6eed/gnocchi.28a088b1-51b2-48c7-8750-e364fdcd4013/none_v3" "tx524854a7b9aa42d286b92-006933a5da" "proxy-server 97198" 0.0004 "-" 96249 0
Dec 05 22:41:14 np0005548602.novalocal object-server[96249]: ::1 - - [06/Dec/2025:03:41:14 +0000] "GET /2/123104/AUTH_d8741d1891ef40e5a7a8c7bee0ab6eed/gnocchi.28a088b1-51b2-48c7-8750-e364fdcd4013/none_v3" 404 70 "GET https://[::1]:8080/v1/AUTH_d8741d1891ef40e5a7a8c7bee0ab6eed/gnocchi.28a088b1-51b2-48c7-8750-e364fdcd4013/none_v3" "tx524854a7b9aa42d286b92-006933a5da" "proxy-server 97198" 0.0002 "-" 96249 0
Dec 05 22:41:14 np0005548602.novalocal object-server[96249]: ::1 - - [06/Dec/2025:03:41:14 +0000] "GET /1/123104/AUTH_d8741d1891ef40e5a7a8c7bee0ab6eed/gnocchi.28a088b1-51b2-48c7-8750-e364fdcd4013/none_v3" 404 70 "GET https://[::1]:8080/v1/AUTH_d8741d1891ef40e5a7a8c7bee0ab6eed/gnocchi.28a088b1-51b2-48c7-8750-e364fdcd4013/none_v3" "tx524854a7b9aa42d286b92-006933a5da" "proxy-server 97198" 0.0004 "-" 96249 0
Dec 05 22:41:14 np0005548602.novalocal proxy-server[97198]: ::1 ::1 06/Dec/2025/03/41/14 GET /v1/AUTH_d8741d1891ef40e5a7a8c7bee0ab6eed/gnocchi.28a088b1-51b2-48c7-8750-e364fdcd4013/none_v3 HTTP/1.0 404 - python-swiftclient-4.8.0 gAAAAABpM6W9MtUs... - 70 - tx524854a7b9aa42d286b92-006933a5da - 0.0297 - - 1764992474.632087946 1764992474.661827803 0 1229ee3e1d964977b2a5589f27ad366e
Dec 05 22:41:14 np0005548602.novalocal account-server[95624]: ::1 - - [06/Dec/2025:03:41:14 +0000] "PUT /2/76100/AUTH_d8741d1891ef40e5a7a8c7bee0ab6eed/gnocchi.28a088b1-51b2-48c7-8750-e364fdcd4013" 201 - "PUT http://[::1]:6001/3/254306/AUTH_d8741d1891ef40e5a7a8c7bee0ab6eed/gnocchi.28a088b1-51b2-48c7-8750-e364fdcd4013" "tx9670c251c620495e9fdea-006933a5da" "container-server 95916" 0.0021 "-" 95624 0
Dec 05 22:41:14 np0005548602.novalocal container-server[95916]: ::1 - - [06/Dec/2025:03:41:14 +0000] "PUT /3/254306/AUTH_d8741d1891ef40e5a7a8c7bee0ab6eed/gnocchi.28a088b1-51b2-48c7-8750-e364fdcd4013" 201 - "PUT https://[::1]:8080/v1/AUTH_d8741d1891ef40e5a7a8c7bee0ab6eed/gnocchi.28a088b1-51b2-48c7-8750-e364fdcd4013" "tx9670c251c620495e9fdea-006933a5da" "proxy-server 97198" 0.0494 "-" 95916 0
Dec 05 22:41:14 np0005548602.novalocal account-server[95623]: ::1 - - [06/Dec/2025:03:41:14 +0000] "PUT /3/76100/AUTH_d8741d1891ef40e5a7a8c7bee0ab6eed/gnocchi.28a088b1-51b2-48c7-8750-e364fdcd4013" 201 - "PUT http://[::1]:6001/2/254306/AUTH_d8741d1891ef40e5a7a8c7bee0ab6eed/gnocchi.28a088b1-51b2-48c7-8750-e364fdcd4013" "tx9670c251c620495e9fdea-006933a5da" "container-server 95916" 0.0015 "-" 95623 0
Dec 05 22:41:14 np0005548602.novalocal container-server[95916]: ::1 - - [06/Dec/2025:03:41:14 +0000] "PUT /2/254306/AUTH_d8741d1891ef40e5a7a8c7bee0ab6eed/gnocchi.28a088b1-51b2-48c7-8750-e364fdcd4013" 201 - "PUT https://[::1]:8080/v1/AUTH_d8741d1891ef40e5a7a8c7bee0ab6eed/gnocchi.28a088b1-51b2-48c7-8750-e364fdcd4013" "tx9670c251c620495e9fdea-006933a5da" "proxy-server 97198" 0.0345 "-" 95916 0
Dec 05 22:41:14 np0005548602.novalocal account-server[95624]: ::1 - - [06/Dec/2025:03:41:14 +0000] "PUT /1/76100/AUTH_d8741d1891ef40e5a7a8c7bee0ab6eed/gnocchi.28a088b1-51b2-48c7-8750-e364fdcd4013" 201 - "PUT http://[::1]:6001/1/254306/AUTH_d8741d1891ef40e5a7a8c7bee0ab6eed/gnocchi.28a088b1-51b2-48c7-8750-e364fdcd4013" "tx9670c251c620495e9fdea-006933a5da" "container-server 95916" 0.0019 "-" 95624 0
Dec 05 22:41:14 np0005548602.novalocal container-server[95916]: ::1 - - [06/Dec/2025:03:41:14 +0000] "PUT /1/254306/AUTH_d8741d1891ef40e5a7a8c7bee0ab6eed/gnocchi.28a088b1-51b2-48c7-8750-e364fdcd4013" 201 - "PUT https://[::1]:8080/v1/AUTH_d8741d1891ef40e5a7a8c7bee0ab6eed/gnocchi.28a088b1-51b2-48c7-8750-e364fdcd4013" "tx9670c251c620495e9fdea-006933a5da" "proxy-server 97198" 0.0162 "-" 95916 0
Dec 05 22:41:14 np0005548602.novalocal proxy-server[97198]: ::1 ::1 06/Dec/2025/03/41/14 PUT /v1/AUTH_d8741d1891ef40e5a7a8c7bee0ab6eed/gnocchi.28a088b1-51b2-48c7-8750-e364fdcd4013 HTTP/1.0 201 - python-swiftclient-4.8.0 gAAAAABpM6W9MtUs... - - - tx9670c251c620495e9fdea-006933a5da - 0.0745 - - 1764992474.665326118 1764992474.739861250 0 1229ee3e1d964977b2a5589f27ad366e
Dec 05 22:41:14 np0005548602.novalocal container-server[95916]: ::1 - - [06/Dec/2025:03:41:14 +0000] "HEAD /3/254306/AUTH_d8741d1891ef40e5a7a8c7bee0ab6eed/gnocchi.28a088b1-51b2-48c7-8750-e364fdcd4013" 204 - "HEAD http://[::1]:8080/v1/AUTH_d8741d1891ef40e5a7a8c7bee0ab6eed/gnocchi.28a088b1-51b2-48c7-8750-e364fdcd4013" "tx68d44eb0e52740a5922f6-006933a5da" "proxy-server 97198" 0.0014 "-" 95916 0
Dec 05 22:41:14 np0005548602.novalocal proxy-server[97198]: - - 06/Dec/2025/03/41/14 HEAD /v1/AUTH_d8741d1891ef40e5a7a8c7bee0ab6eed/gnocchi.28a088b1-51b2-48c7-8750-e364fdcd4013 HTTP/1.0 204 - Swift - - - - tx68d44eb0e52740a5922f6-006933a5da - 0.0056 CS - 1764992474.746737242 1764992474.752305508 0 -
Dec 05 22:41:14 np0005548602.novalocal container-server[95917]: ::1 - - [06/Dec/2025:03:41:14 +0000] "GET /3/254306/AUTH_d8741d1891ef40e5a7a8c7bee0ab6eed/gnocchi.28a088b1-51b2-48c7-8750-e364fdcd4013" 200 2 "GET https://[::1]:8080/v1/AUTH_d8741d1891ef40e5a7a8c7bee0ab6eed/gnocchi.28a088b1-51b2-48c7-8750-e364fdcd4013?format=json&states=listing" "tx68d44eb0e52740a5922f6-006933a5da" "proxy-server 97198" 0.0027 "-" 95917 0
Dec 05 22:41:14 np0005548602.novalocal proxy-server[97198]: ::1 ::1 06/Dec/2025/03/41/14 GET /v1/AUTH_d8741d1891ef40e5a7a8c7bee0ab6eed/gnocchi.28a088b1-51b2-48c7-8750-e364fdcd4013%3Fformat%3Djson%26states%3Dlisting HTTP/1.0 200 - python-swiftclient-4.8.0 gAAAAABpM6W9MtUs... - 2 - tx68d44eb0e52740a5922f6-006933a5da - 0.0170 - - 1764992474.745908976 1764992474.762954235 0 1229ee3e1d964977b2a5589f27ad366e
Dec 05 22:41:14 np0005548602.novalocal object-server[96250]: ::1 - - [06/Dec/2025:03:41:14 +0000] "GET /1/74547/AUTH_d8741d1891ef40e5a7a8c7bee0ab6eed/gnocchi.28a088b1-51b2-48c7-8750-e364fdcd4013/1764720000.0_mean_300.0_v3" 404 70 "GET https://[::1]:8080/v1/AUTH_d8741d1891ef40e5a7a8c7bee0ab6eed/gnocchi.28a088b1-51b2-48c7-8750-e364fdcd4013/1764720000.0_mean_300.0_v3" "tx2bae675d6b024405b91eb-006933a5da" "proxy-server 97198" 0.0008 "-" 96250 0
Dec 05 22:41:14 np0005548602.novalocal object-server[96249]: ::1 - - [06/Dec/2025:03:41:14 +0000] "GET /2/74547/AUTH_d8741d1891ef40e5a7a8c7bee0ab6eed/gnocchi.28a088b1-51b2-48c7-8750-e364fdcd4013/1764720000.0_mean_300.0_v3" 404 70 "GET https://[::1]:8080/v1/AUTH_d8741d1891ef40e5a7a8c7bee0ab6eed/gnocchi.28a088b1-51b2-48c7-8750-e364fdcd4013/1764720000.0_mean_300.0_v3" "tx2bae675d6b024405b91eb-006933a5da" "proxy-server 97198" 0.0002 "-" 96249 0
Dec 05 22:41:14 np0005548602.novalocal object-server[96250]: ::1 - - [06/Dec/2025:03:41:14 +0000] "GET /3/74547/AUTH_d8741d1891ef40e5a7a8c7bee0ab6eed/gnocchi.28a088b1-51b2-48c7-8750-e364fdcd4013/1764720000.0_mean_300.0_v3" 404 70 "GET https://[::1]:8080/v1/AUTH_d8741d1891ef40e5a7a8c7bee0ab6eed/gnocchi.28a088b1-51b2-48c7-8750-e364fdcd4013/1764720000.0_mean_300.0_v3" "tx2bae675d6b024405b91eb-006933a5da" "proxy-server 97198" 0.0003 "-" 96250 0
Dec 05 22:41:14 np0005548602.novalocal proxy-server[97198]: ::1 ::1 06/Dec/2025/03/41/14 GET /v1/AUTH_d8741d1891ef40e5a7a8c7bee0ab6eed/gnocchi.28a088b1-51b2-48c7-8750-e364fdcd4013/1764720000.0_mean_300.0_v3 HTTP/1.0 404 - python-swiftclient-4.8.0 gAAAAABpM6W9MtUs... - 70 - tx2bae675d6b024405b91eb-006933a5da - 0.0152 - - 1764992474.767343760 1764992474.782587051 0 1229ee3e1d964977b2a5589f27ad366e
Dec 05 22:41:14 np0005548602.novalocal container-server[95917]: ::1 - - [06/Dec/2025:03:41:14 +0000] "PUT /3/254306/AUTH_d8741d1891ef40e5a7a8c7bee0ab6eed/gnocchi.28a088b1-51b2-48c7-8750-e364fdcd4013/1764720000.0_mean_300.0_v3" 201 - "PUT http://[::1]:8080/1/74547/AUTH_d8741d1891ef40e5a7a8c7bee0ab6eed/gnocchi.28a088b1-51b2-48c7-8750-e364fdcd4013/1764720000.0_mean_300.0_v3" "tx6b520af35dee491e8b63a-006933a5da" "object-server 96250" 0.0018 "-" 95917 0
Dec 05 22:41:14 np0005548602.novalocal object-server[96250]: ::1 - - [06/Dec/2025:03:41:14 +0000] "PUT /1/74547/AUTH_d8741d1891ef40e5a7a8c7bee0ab6eed/gnocchi.28a088b1-51b2-48c7-8750-e364fdcd4013/1764720000.0_mean_300.0_v3" 201 - "PUT https://[::1]:8080/v1/AUTH_d8741d1891ef40e5a7a8c7bee0ab6eed/gnocchi.28a088b1-51b2-48c7-8750-e364fdcd4013/1764720000.0_mean_300.0_v3" "tx6b520af35dee491e8b63a-006933a5da" "proxy-server 97198" 0.0196 "-" 96250 0
Dec 05 22:41:14 np0005548602.novalocal container-server[95916]: ::1 - - [06/Dec/2025:03:41:14 +0000] "PUT /2/254306/AUTH_d8741d1891ef40e5a7a8c7bee0ab6eed/gnocchi.28a088b1-51b2-48c7-8750-e364fdcd4013/1764720000.0_mean_300.0_v3" 201 - "PUT http://[::1]:8080/3/74547/AUTH_d8741d1891ef40e5a7a8c7bee0ab6eed/gnocchi.28a088b1-51b2-48c7-8750-e364fdcd4013/1764720000.0_mean_300.0_v3" "tx6b520af35dee491e8b63a-006933a5da" "object-server 96250" 0.0010 "-" 95916 0
Dec 05 22:41:14 np0005548602.novalocal object-server[96250]: ::1 - - [06/Dec/2025:03:41:14 +0000] "PUT /3/74547/AUTH_d8741d1891ef40e5a7a8c7bee0ab6eed/gnocchi.28a088b1-51b2-48c7-8750-e364fdcd4013/1764720000.0_mean_300.0_v3" 201 - "PUT https://[::1]:8080/v1/AUTH_d8741d1891ef40e5a7a8c7bee0ab6eed/gnocchi.28a088b1-51b2-48c7-8750-e364fdcd4013/1764720000.0_mean_300.0_v3" "tx6b520af35dee491e8b63a-006933a5da" "proxy-server 97198" 0.0247 "-" 96250 0
Dec 05 22:41:14 np0005548602.novalocal container-server[95916]: ::1 - - [06/Dec/2025:03:41:14 +0000] "PUT /1/254306/AUTH_d8741d1891ef40e5a7a8c7bee0ab6eed/gnocchi.28a088b1-51b2-48c7-8750-e364fdcd4013/1764720000.0_mean_300.0_v3" 201 - "PUT http://[::1]:8080/2/74547/AUTH_d8741d1891ef40e5a7a8c7bee0ab6eed/gnocchi.28a088b1-51b2-48c7-8750-e364fdcd4013/1764720000.0_mean_300.0_v3" "tx6b520af35dee491e8b63a-006933a5da" "object-server 96250" 0.0007 "-" 95916 0
Dec 05 22:41:14 np0005548602.novalocal object-server[96250]: ::1 - - [06/Dec/2025:03:41:14 +0000] "PUT /2/74547/AUTH_d8741d1891ef40e5a7a8c7bee0ab6eed/gnocchi.28a088b1-51b2-48c7-8750-e364fdcd4013/1764720000.0_mean_300.0_v3" 201 - "PUT https://[::1]:8080/v1/AUTH_d8741d1891ef40e5a7a8c7bee0ab6eed/gnocchi.28a088b1-51b2-48c7-8750-e364fdcd4013/1764720000.0_mean_300.0_v3" "tx6b520af35dee491e8b63a-006933a5da" "proxy-server 97198" 0.0221 "-" 96250 0
Dec 05 22:41:14 np0005548602.novalocal proxy-server[97198]: ::1 ::1 06/Dec/2025/03/41/14 PUT /v1/AUTH_d8741d1891ef40e5a7a8c7bee0ab6eed/gnocchi.28a088b1-51b2-48c7-8750-e364fdcd4013/1764720000.0_mean_300.0_v3 HTTP/1.0 201 - python-swiftclient-4.8.0 gAAAAABpM6W9MtUs... 16 - - tx6b520af35dee491e8b63a-006933a5da - 0.0366 - - 1764992474.785784721 1764992474.822431803 0 1229ee3e1d964977b2a5589f27ad366e
Dec 05 22:41:14 np0005548602.novalocal container-server[95917]: ::1 - - [06/Dec/2025:03:41:14 +0000] "PUT /2/254306/AUTH_d8741d1891ef40e5a7a8c7bee0ab6eed/gnocchi.28a088b1-51b2-48c7-8750-e364fdcd4013/none_v3" 201 - "PUT http://[::1]:8080/2/123104/AUTH_d8741d1891ef40e5a7a8c7bee0ab6eed/gnocchi.28a088b1-51b2-48c7-8750-e364fdcd4013/none_v3" "tx11abce5272c145aba5530-006933a5da" "object-server 96249" 0.0007 "-" 95917 0
Dec 05 22:41:14 np0005548602.novalocal object-server[96249]: ::1 - - [06/Dec/2025:03:41:14 +0000] "PUT /2/123104/AUTH_d8741d1891ef40e5a7a8c7bee0ab6eed/gnocchi.28a088b1-51b2-48c7-8750-e364fdcd4013/none_v3" 201 - "PUT https://[::1]:8080/v1/AUTH_d8741d1891ef40e5a7a8c7bee0ab6eed/gnocchi.28a088b1-51b2-48c7-8750-e364fdcd4013/none_v3" "tx11abce5272c145aba5530-006933a5da" "proxy-server 97198" 0.0112 "-" 96249 0
Dec 05 22:41:14 np0005548602.novalocal container-server[95917]: ::1 - - [06/Dec/2025:03:41:14 +0000] "PUT /1/254306/AUTH_d8741d1891ef40e5a7a8c7bee0ab6eed/gnocchi.28a088b1-51b2-48c7-8750-e364fdcd4013/none_v3" 201 - "PUT http://[::1]:8080/3/123104/AUTH_d8741d1891ef40e5a7a8c7bee0ab6eed/gnocchi.28a088b1-51b2-48c7-8750-e364fdcd4013/none_v3" "tx11abce5272c145aba5530-006933a5da" "object-server 96250" 0.0007 "-" 95917 0
Dec 05 22:41:14 np0005548602.novalocal object-server[96250]: ::1 - - [06/Dec/2025:03:41:14 +0000] "PUT /3/123104/AUTH_d8741d1891ef40e5a7a8c7bee0ab6eed/gnocchi.28a088b1-51b2-48c7-8750-e364fdcd4013/none_v3" 201 - "PUT https://[::1]:8080/v1/AUTH_d8741d1891ef40e5a7a8c7bee0ab6eed/gnocchi.28a088b1-51b2-48c7-8750-e364fdcd4013/none_v3" "tx11abce5272c145aba5530-006933a5da" "proxy-server 97198" 0.0149 "-" 96250 0
Dec 05 22:41:14 np0005548602.novalocal container-server[95916]: ::1 - - [06/Dec/2025:03:41:14 +0000] "PUT /3/254306/AUTH_d8741d1891ef40e5a7a8c7bee0ab6eed/gnocchi.28a088b1-51b2-48c7-8750-e364fdcd4013/none_v3" 201 - "PUT http://[::1]:8080/1/123104/AUTH_d8741d1891ef40e5a7a8c7bee0ab6eed/gnocchi.28a088b1-51b2-48c7-8750-e364fdcd4013/none_v3" "tx11abce5272c145aba5530-006933a5da" "object-server 96249" 0.0057 "-" 95916 0
Dec 05 22:41:14 np0005548602.novalocal object-server[96249]: ::1 - - [06/Dec/2025:03:41:14 +0000] "PUT /1/123104/AUTH_d8741d1891ef40e5a7a8c7bee0ab6eed/gnocchi.28a088b1-51b2-48c7-8750-e364fdcd4013/none_v3" 201 - "PUT https://[::1]:8080/v1/AUTH_d8741d1891ef40e5a7a8c7bee0ab6eed/gnocchi.28a088b1-51b2-48c7-8750-e364fdcd4013/none_v3" "tx11abce5272c145aba5530-006933a5da" "proxy-server 97198" 0.0165 "-" 96249 0
Dec 05 22:41:14 np0005548602.novalocal proxy-server[97198]: ::1 ::1 06/Dec/2025/03/41/14 PUT /v1/AUTH_d8741d1891ef40e5a7a8c7bee0ab6eed/gnocchi.28a088b1-51b2-48c7-8750-e364fdcd4013/none_v3 HTTP/1.0 201 - python-swiftclient-4.8.0 gAAAAABpM6W9MtUs... 30 - - tx11abce5272c145aba5530-006933a5da - 0.0249 - - 1764992474.825461864 1764992474.850386620 0 1229ee3e1d964977b2a5589f27ad366e
Dec 05 22:41:14 np0005548602.novalocal kernel: qvb347605cb-fd: left allmulticast mode
Dec 05 22:41:14 np0005548602.novalocal kernel: qvb347605cb-fd: left promiscuous mode
Dec 05 22:41:14 np0005548602.novalocal kernel: qbr347605cb-fd: port 1(qvb347605cb-fd) entered disabled state
Dec 05 22:41:14 np0005548602.novalocal container-server[95917]: ::1 - - [06/Dec/2025:03:41:14 +0000] "HEAD /3/88797/AUTH_d8741d1891ef40e5a7a8c7bee0ab6eed/gnocchi.e5a71682-48aa-45bb-bea9-f8b2a5b1f6a5" 404 - "HEAD http://[::1]:8080/v1/AUTH_d8741d1891ef40e5a7a8c7bee0ab6eed/gnocchi.e5a71682-48aa-45bb-bea9-f8b2a5b1f6a5" "tx8f32a38d80344aa092ac1-006933a5da" "proxy-server 97198" 0.0005 "-" 95917 0
Dec 05 22:41:14 np0005548602.novalocal NetworkManager[858]: [1764992474.8862] device (qbr347605cb-fd): bridge port qvb347605cb-fd was detached
Dec 05 22:41:14 np0005548602.novalocal NetworkManager[858]: [1764992474.8869] device (qbr347605cb-fd): state change: activated -> unmanaged (reason 'unmanaged', managed-type: 'removed')
Dec 05 22:41:14 np0005548602.novalocal container-server[95916]: ::1 - - [06/Dec/2025:03:41:14 +0000] "HEAD /1/88797/AUTH_d8741d1891ef40e5a7a8c7bee0ab6eed/gnocchi.e5a71682-48aa-45bb-bea9-f8b2a5b1f6a5" 404 - "HEAD http://[::1]:8080/v1/AUTH_d8741d1891ef40e5a7a8c7bee0ab6eed/gnocchi.e5a71682-48aa-45bb-bea9-f8b2a5b1f6a5" "tx8f32a38d80344aa092ac1-006933a5da" "proxy-server 97198" 0.0006 "-" 95916 0
Dec 05 22:41:14 np0005548602.novalocal container-server[95916]: ::1 - - [06/Dec/2025:03:41:14 +0000] "HEAD /2/88797/AUTH_d8741d1891ef40e5a7a8c7bee0ab6eed/gnocchi.e5a71682-48aa-45bb-bea9-f8b2a5b1f6a5" 404 - "HEAD http://[::1]:8080/v1/AUTH_d8741d1891ef40e5a7a8c7bee0ab6eed/gnocchi.e5a71682-48aa-45bb-bea9-f8b2a5b1f6a5" "tx8f32a38d80344aa092ac1-006933a5da" "proxy-server 97198" 0.0004 "-" 95916 0
Dec 05 22:41:14 np0005548602.novalocal kernel: qvo347605cb-fd: left promiscuous mode
Dec 05 22:41:14 np0005548602.novalocal proxy-server[97198]: - - 06/Dec/2025/03/41/14 HEAD /v1/AUTH_d8741d1891ef40e5a7a8c7bee0ab6eed/gnocchi.e5a71682-48aa-45bb-bea9-f8b2a5b1f6a5 HTTP/1.0 404 - Swift - - - - tx8f32a38d80344aa092ac1-006933a5da - 0.0330 CS - 1764992474.878921509 1764992474.911889076 0 -
Dec 05 22:41:14 np0005548602.novalocal object-server[96249]: ::1 - - [06/Dec/2025:03:41:14 +0000] "GET /1/50/AUTH_d8741d1891ef40e5a7a8c7bee0ab6eed/gnocchi.e5a71682-48aa-45bb-bea9-f8b2a5b1f6a5/none_v3" 404 70 "GET https://[::1]:8080/v1/AUTH_d8741d1891ef40e5a7a8c7bee0ab6eed/gnocchi.e5a71682-48aa-45bb-bea9-f8b2a5b1f6a5/none_v3" "tx8f32a38d80344aa092ac1-006933a5da" "proxy-server 97198" 0.0006 "-" 96249 0
Dec 05 22:41:14 np0005548602.novalocal object-server[96249]: ::1 - - [06/Dec/2025:03:41:14 +0000] "GET /2/50/AUTH_d8741d1891ef40e5a7a8c7bee0ab6eed/gnocchi.e5a71682-48aa-45bb-bea9-f8b2a5b1f6a5/none_v3" 404 70 "GET https://[::1]:8080/v1/AUTH_d8741d1891ef40e5a7a8c7bee0ab6eed/gnocchi.e5a71682-48aa-45bb-bea9-f8b2a5b1f6a5/none_v3" "tx8f32a38d80344aa092ac1-006933a5da" "proxy-server 97198" 0.0002 "-" 96249 0
Dec 05 22:41:14 np0005548602.novalocal object-server[96250]: ::1 - - [06/Dec/2025:03:41:14 +0000] "GET /3/50/AUTH_d8741d1891ef40e5a7a8c7bee0ab6eed/gnocchi.e5a71682-48aa-45bb-bea9-f8b2a5b1f6a5/none_v3" 404 70 "GET https://[::1]:8080/v1/AUTH_d8741d1891ef40e5a7a8c7bee0ab6eed/gnocchi.e5a71682-48aa-45bb-bea9-f8b2a5b1f6a5/none_v3" "tx8f32a38d80344aa092ac1-006933a5da" "proxy-server 97198" 0.0007 "-" 96250 0
Dec 05 22:41:14 np0005548602.novalocal proxy-server[97198]: ::1 ::1 06/Dec/2025/03/41/14 GET /v1/AUTH_d8741d1891ef40e5a7a8c7bee0ab6eed/gnocchi.e5a71682-48aa-45bb-bea9-f8b2a5b1f6a5/none_v3 HTTP/1.0 404 - python-swiftclient-4.8.0 gAAAAABpM6W9MtUs... - 70 - tx8f32a38d80344aa092ac1-006933a5da - 0.0517 - - 1764992474.877803564 1764992474.929504156 0 1229ee3e1d964977b2a5589f27ad366e
Dec 05 22:41:14 np0005548602.novalocal account-server[95623]: ::1 - - [06/Dec/2025:03:41:14 +0000] "PUT /2/76100/AUTH_d8741d1891ef40e5a7a8c7bee0ab6eed/gnocchi.e5a71682-48aa-45bb-bea9-f8b2a5b1f6a5" 201 - "PUT http://[::1]:6001/3/88797/AUTH_d8741d1891ef40e5a7a8c7bee0ab6eed/gnocchi.e5a71682-48aa-45bb-bea9-f8b2a5b1f6a5" "tx4730656f876741e2838e2-006933a5da" "container-server 95916" 0.0072 "-" 95623 0
Dec 05 22:41:14 np0005548602.novalocal container-server[95916]: ::1 - - [06/Dec/2025:03:41:14 +0000] "PUT /3/88797/AUTH_d8741d1891ef40e5a7a8c7bee0ab6eed/gnocchi.e5a71682-48aa-45bb-bea9-f8b2a5b1f6a5" 201 - "PUT https://[::1]:8080/v1/AUTH_d8741d1891ef40e5a7a8c7bee0ab6eed/gnocchi.e5a71682-48aa-45bb-bea9-f8b2a5b1f6a5" "tx4730656f876741e2838e2-006933a5da" "proxy-server 97198" 0.0238 "-" 95916 0
Dec 05 22:41:14 np0005548602.novalocal account-server[95624]: ::1 - - [06/Dec/2025:03:41:14 +0000] "PUT /1/76100/AUTH_d8741d1891ef40e5a7a8c7bee0ab6eed/gnocchi.e5a71682-48aa-45bb-bea9-f8b2a5b1f6a5" 201 - "PUT http://[::1]:6001/2/88797/AUTH_d8741d1891ef40e5a7a8c7bee0ab6eed/gnocchi.e5a71682-48aa-45bb-bea9-f8b2a5b1f6a5" "tx4730656f876741e2838e2-006933a5da" "container-server 95917" 0.0060 "-" 95624 0
Dec 05 22:41:14 np0005548602.novalocal account-server[95623]: ::1 - - [06/Dec/2025:03:41:14 +0000] "PUT /3/76100/AUTH_d8741d1891ef40e5a7a8c7bee0ab6eed/gnocchi.e5a71682-48aa-45bb-bea9-f8b2a5b1f6a5" 201 - "PUT http://[::1]:6001/1/88797/AUTH_d8741d1891ef40e5a7a8c7bee0ab6eed/gnocchi.e5a71682-48aa-45bb-bea9-f8b2a5b1f6a5" "tx4730656f876741e2838e2-006933a5da" "container-server 95917" 0.0067 "-" 95623 0
Dec 05 22:41:14 np0005548602.novalocal container-server[95917]: ::1 - - [06/Dec/2025:03:41:14 +0000] "PUT /2/88797/AUTH_d8741d1891ef40e5a7a8c7bee0ab6eed/gnocchi.e5a71682-48aa-45bb-bea9-f8b2a5b1f6a5" 201 - "PUT https://[::1]:8080/v1/AUTH_d8741d1891ef40e5a7a8c7bee0ab6eed/gnocchi.e5a71682-48aa-45bb-bea9-f8b2a5b1f6a5" "tx4730656f876741e2838e2-006933a5da" "proxy-server 97198" 0.0510 "-" 95917 0
Dec 05 22:41:14 np0005548602.novalocal container-server[95917]: ::1 - - [06/Dec/2025:03:41:14 +0000] "PUT /1/88797/AUTH_d8741d1891ef40e5a7a8c7bee0ab6eed/gnocchi.e5a71682-48aa-45bb-bea9-f8b2a5b1f6a5" 201 - "PUT https://[::1]:8080/v1/AUTH_d8741d1891ef40e5a7a8c7bee0ab6eed/gnocchi.e5a71682-48aa-45bb-bea9-f8b2a5b1f6a5" "tx4730656f876741e2838e2-006933a5da" "proxy-server 97198" 0.0273 "-" 95917 0
Dec 05 22:41:15 np0005548602.novalocal proxy-server[97198]: ::1 ::1 06/Dec/2025/03/41/15 PUT /v1/AUTH_d8741d1891ef40e5a7a8c7bee0ab6eed/gnocchi.e5a71682-48aa-45bb-bea9-f8b2a5b1f6a5 HTTP/1.0 201 - python-swiftclient-4.8.0 gAAAAABpM6W9MtUs... - - - tx4730656f876741e2838e2-006933a5da - 0.0713 - - 1764992474.933908463 1764992475.005255461 0 1229ee3e1d964977b2a5589f27ad366e
Dec 05 22:41:15 np0005548602.novalocal container-server[95917]: ::1 - - [06/Dec/2025:03:41:15 +0000] "HEAD /2/88797/AUTH_d8741d1891ef40e5a7a8c7bee0ab6eed/gnocchi.e5a71682-48aa-45bb-bea9-f8b2a5b1f6a5" 204 - "HEAD http://[::1]:8080/v1/AUTH_d8741d1891ef40e5a7a8c7bee0ab6eed/gnocchi.e5a71682-48aa-45bb-bea9-f8b2a5b1f6a5" "tx0cfa69cd0cff416aaff1e-006933a5db" "proxy-server 97198" 0.0050 "-" 95917 0
Dec 05 22:41:15 np0005548602.novalocal proxy-server[97198]: - - 06/Dec/2025/03/41/15 HEAD /v1/AUTH_d8741d1891ef40e5a7a8c7bee0ab6eed/gnocchi.e5a71682-48aa-45bb-bea9-f8b2a5b1f6a5 HTTP/1.0 204 - Swift - - - - tx0cfa69cd0cff416aaff1e-006933a5db - 0.0113 CS - 1764992475.017107010 1764992475.028377295 0 -
Dec 05 22:41:15 np0005548602.novalocal container-server[95916]: ::1 - - [06/Dec/2025:03:41:15 +0000] "GET /1/88797/AUTH_d8741d1891ef40e5a7a8c7bee0ab6eed/gnocchi.e5a71682-48aa-45bb-bea9-f8b2a5b1f6a5" 200 2 "GET https://[::1]:8080/v1/AUTH_d8741d1891ef40e5a7a8c7bee0ab6eed/gnocchi.e5a71682-48aa-45bb-bea9-f8b2a5b1f6a5?format=json&states=listing" "tx0cfa69cd0cff416aaff1e-006933a5db" "proxy-server 97198" 0.0028 "-" 95916 0
Dec 05 22:41:15 np0005548602.novalocal kernel: sd 2:0:0:0: [sda] Synchronizing SCSI cache
Dec 05 22:41:15 np0005548602.novalocal proxy-server[97198]: ::1 ::1 06/Dec/2025/03/41/15 GET /v1/AUTH_d8741d1891ef40e5a7a8c7bee0ab6eed/gnocchi.e5a71682-48aa-45bb-bea9-f8b2a5b1f6a5%3Fformat%3Djson%26states%3Dlisting HTTP/1.0 200 - python-swiftclient-4.8.0 gAAAAABpM6W9MtUs... - 2 - tx0cfa69cd0cff416aaff1e-006933a5db - 0.0374 - - 1764992475.012794971 1764992475.050226688 0 1229ee3e1d964977b2a5589f27ad366e
Dec 05 22:41:15 np0005548602.novalocal kernel: scsi 2:0:0:0: alua: Detached
Dec 05 22:41:15 np0005548602.novalocal object-server[96250]: ::1 - - [06/Dec/2025:03:41:15 +0000] "GET /1/123881/AUTH_d8741d1891ef40e5a7a8c7bee0ab6eed/gnocchi.e5a71682-48aa-45bb-bea9-f8b2a5b1f6a5/1764720000.0_mean_300.0_v3" 404 70 "GET https://[::1]:8080/v1/AUTH_d8741d1891ef40e5a7a8c7bee0ab6eed/gnocchi.e5a71682-48aa-45bb-bea9-f8b2a5b1f6a5/1764720000.0_mean_300.0_v3" "txedf160f974ee494ca6c41-006933a5db" "proxy-server 97198" 0.0007 "-" 96250 0
Dec 05 22:41:15 np0005548602.novalocal object-server[96249]: ::1 - - [06/Dec/2025:03:41:15 +0000] "GET /2/123881/AUTH_d8741d1891ef40e5a7a8c7bee0ab6eed/gnocchi.e5a71682-48aa-45bb-bea9-f8b2a5b1f6a5/1764720000.0_mean_300.0_v3" 404 70 "GET https://[::1]:8080/v1/AUTH_d8741d1891ef40e5a7a8c7bee0ab6eed/gnocchi.e5a71682-48aa-45bb-bea9-f8b2a5b1f6a5/1764720000.0_mean_300.0_v3" "txedf160f974ee494ca6c41-006933a5db" "proxy-server 97198" 0.0004 "-" 96249 0
Dec 05 22:41:15 np0005548602.novalocal object-server[96250]: ::1 - - [06/Dec/2025:03:41:15 +0000] "GET /3/123881/AUTH_d8741d1891ef40e5a7a8c7bee0ab6eed/gnocchi.e5a71682-48aa-45bb-bea9-f8b2a5b1f6a5/1764720000.0_mean_300.0_v3" 404 70 "GET https://[::1]:8080/v1/AUTH_d8741d1891ef40e5a7a8c7bee0ab6eed/gnocchi.e5a71682-48aa-45bb-bea9-f8b2a5b1f6a5/1764720000.0_mean_300.0_v3" "txedf160f974ee494ca6c41-006933a5db" "proxy-server 97198" 0.0004 "-" 96250 0
Dec 05 22:41:15 np0005548602.novalocal proxy-server[97198]: ::1 ::1 06/Dec/2025/03/41/15 GET /v1/AUTH_d8741d1891ef40e5a7a8c7bee0ab6eed/gnocchi.e5a71682-48aa-45bb-bea9-f8b2a5b1f6a5/1764720000.0_mean_300.0_v3 HTTP/1.0 404 - python-swiftclient-4.8.0 gAAAAABpM6W9MtUs... - 70 - txedf160f974ee494ca6c41-006933a5db - 0.0156 - - 1764992475.058239698 1764992475.073820591 0 1229ee3e1d964977b2a5589f27ad366e
Dec 05 22:41:15 np0005548602.novalocal container-server[95917]: ::1 - - [06/Dec/2025:03:41:15 +0000] "PUT /2/88797/AUTH_d8741d1891ef40e5a7a8c7bee0ab6eed/gnocchi.e5a71682-48aa-45bb-bea9-f8b2a5b1f6a5/1764720000.0_mean_300.0_v3" 201 - "PUT http://[::1]:8080/1/123881/AUTH_d8741d1891ef40e5a7a8c7bee0ab6eed/gnocchi.e5a71682-48aa-45bb-bea9-f8b2a5b1f6a5/1764720000.0_mean_300.0_v3" "tx6d755476e0b942e3800b7-006933a5db" "object-server 96250" 0.0011 "-" 95917 0
Dec 05 22:41:15 np0005548602.novalocal container-server[95916]: ::1 - - [06/Dec/2025:03:41:15 +0000] "PUT /3/88797/AUTH_d8741d1891ef40e5a7a8c7bee0ab6eed/gnocchi.e5a71682-48aa-45bb-bea9-f8b2a5b1f6a5/1764720000.0_mean_300.0_v3" 201 - "PUT http://[::1]:8080/3/123881/AUTH_d8741d1891ef40e5a7a8c7bee0ab6eed/gnocchi.e5a71682-48aa-45bb-bea9-f8b2a5b1f6a5/1764720000.0_mean_300.0_v3" "tx6d755476e0b942e3800b7-006933a5db" "object-server 96250" 0.0015 "-" 95916 0
Dec 05 22:41:15 np0005548602.novalocal object-server[96250]: ::1 - - [06/Dec/2025:03:41:15 +0000] "PUT /1/123881/AUTH_d8741d1891ef40e5a7a8c7bee0ab6eed/gnocchi.e5a71682-48aa-45bb-bea9-f8b2a5b1f6a5/1764720000.0_mean_300.0_v3" 201 - "PUT https://[::1]:8080/v1/AUTH_d8741d1891ef40e5a7a8c7bee0ab6eed/gnocchi.e5a71682-48aa-45bb-bea9-f8b2a5b1f6a5/1764720000.0_mean_300.0_v3" "tx6d755476e0b942e3800b7-006933a5db" "proxy-server 97198" 0.0167 "-" 96250 0
Dec 05 22:41:15 np0005548602.novalocal container-server[95917]: ::1 - - [06/Dec/2025:03:41:15 +0000] "PUT /1/88797/AUTH_d8741d1891ef40e5a7a8c7bee0ab6eed/gnocchi.e5a71682-48aa-45bb-bea9-f8b2a5b1f6a5/1764720000.0_mean_300.0_v3" 201 - "PUT http://[::1]:8080/2/123881/AUTH_d8741d1891ef40e5a7a8c7bee0ab6eed/gnocchi.e5a71682-48aa-45bb-bea9-f8b2a5b1f6a5/1764720000.0_mean_300.0_v3" "tx6d755476e0b942e3800b7-006933a5db" "object-server 96249" 0.0007 "-" 95917 0
Dec 05 22:41:15 np0005548602.novalocal object-server[96250]: ::1 - - [06/Dec/2025:03:41:15 +0000] "PUT /3/123881/AUTH_d8741d1891ef40e5a7a8c7bee0ab6eed/gnocchi.e5a71682-48aa-45bb-bea9-f8b2a5b1f6a5/1764720000.0_mean_300.0_v3" 201 - "PUT https://[::1]:8080/v1/AUTH_d8741d1891ef40e5a7a8c7bee0ab6eed/gnocchi.e5a71682-48aa-45bb-bea9-f8b2a5b1f6a5/1764720000.0_mean_300.0_v3" "tx6d755476e0b942e3800b7-006933a5db" "proxy-server 97198" 0.0160 "-" 96250 0
Dec 05 22:41:15 np0005548602.novalocal object-server[96249]: ::1 - - [06/Dec/2025:03:41:15 +0000] "PUT /2/123881/AUTH_d8741d1891ef40e5a7a8c7bee0ab6eed/gnocchi.e5a71682-48aa-45bb-bea9-f8b2a5b1f6a5/1764720000.0_mean_300.0_v3" 201 - "PUT https://[::1]:8080/v1/AUTH_d8741d1891ef40e5a7a8c7bee0ab6eed/gnocchi.e5a71682-48aa-45bb-bea9-f8b2a5b1f6a5/1764720000.0_mean_300.0_v3" "tx6d755476e0b942e3800b7-006933a5db" "proxy-server 97198" 0.0220 "-" 96249 0
Dec 05 22:41:15 np0005548602.novalocal proxy-server[97198]: ::1 ::1 06/Dec/2025/03/41/15 PUT /v1/AUTH_d8741d1891ef40e5a7a8c7bee0ab6eed/gnocchi.e5a71682-48aa-45bb-bea9-f8b2a5b1f6a5/1764720000.0_mean_300.0_v3 HTTP/1.0 201 - python-swiftclient-4.8.0 gAAAAABpM6W9MtUs... 16 - - tx6d755476e0b942e3800b7-006933a5db - 0.0292 - - 1764992475.077311993 1764992475.106545210 0 1229ee3e1d964977b2a5589f27ad366e
Dec 05 22:41:15 np0005548602.novalocal iscsid[78566]: iscsid: Connection1:0 to [target: iqn.2010-10.org.openstack:volume-eeb77485-ee97-4ef6-8b73-5081399c2064, portal: ::1,3260] through [iface: default] is shutdown.
Dec 05 22:41:15 np0005548602.novalocal container-server[95916]: ::1 - - [06/Dec/2025:03:41:15 +0000] "PUT /3/88797/AUTH_d8741d1891ef40e5a7a8c7bee0ab6eed/gnocchi.e5a71682-48aa-45bb-bea9-f8b2a5b1f6a5/none_v3" 201 - "PUT http://[::1]:8080/2/50/AUTH_d8741d1891ef40e5a7a8c7bee0ab6eed/gnocchi.e5a71682-48aa-45bb-bea9-f8b2a5b1f6a5/none_v3" "tx4e57067b90374b7ead008-006933a5db" "object-server 96249" 0.0007 "-" 95916 0
Dec 05 22:41:15 np0005548602.novalocal object-server[96249]: ::1 - - [06/Dec/2025:03:41:15 +0000] "PUT /2/50/AUTH_d8741d1891ef40e5a7a8c7bee0ab6eed/gnocchi.e5a71682-48aa-45bb-bea9-f8b2a5b1f6a5/none_v3" 201 - "PUT https://[::1]:8080/v1/AUTH_d8741d1891ef40e5a7a8c7bee0ab6eed/gnocchi.e5a71682-48aa-45bb-bea9-f8b2a5b1f6a5/none_v3" "tx4e57067b90374b7ead008-006933a5db" "proxy-server 97198" 0.0123 "-" 96249 0
Dec 05 22:41:15 np0005548602.novalocal container-server[95916]: ::1 - - [06/Dec/2025:03:41:15 +0000] "PUT /1/88797/AUTH_d8741d1891ef40e5a7a8c7bee0ab6eed/gnocchi.e5a71682-48aa-45bb-bea9-f8b2a5b1f6a5/none_v3" 201 - "PUT http://[::1]:8080/1/50/AUTH_d8741d1891ef40e5a7a8c7bee0ab6eed/gnocchi.e5a71682-48aa-45bb-bea9-f8b2a5b1f6a5/none_v3" "tx4e57067b90374b7ead008-006933a5db" "object-server 96249" 0.0005 "-" 95916 0
Dec 05 22:41:15 np0005548602.novalocal object-server[96249]: ::1 - - [06/Dec/2025:03:41:15 +0000] "PUT /1/50/AUTH_d8741d1891ef40e5a7a8c7bee0ab6eed/gnocchi.e5a71682-48aa-45bb-bea9-f8b2a5b1f6a5/none_v3" 201 - "PUT https://[::1]:8080/v1/AUTH_d8741d1891ef40e5a7a8c7bee0ab6eed/gnocchi.e5a71682-48aa-45bb-bea9-f8b2a5b1f6a5/none_v3" "tx4e57067b90374b7ead008-006933a5db" "proxy-server 97198" 0.0152 "-" 96249 0
Dec 05 22:41:15 np0005548602.novalocal container-server[95916]: ::1 - - [06/Dec/2025:03:41:15 +0000] "PUT /2/88797/AUTH_d8741d1891ef40e5a7a8c7bee0ab6eed/gnocchi.e5a71682-48aa-45bb-bea9-f8b2a5b1f6a5/none_v3" 201 - "PUT http://[::1]:8080/3/50/AUTH_d8741d1891ef40e5a7a8c7bee0ab6eed/gnocchi.e5a71682-48aa-45bb-bea9-f8b2a5b1f6a5/none_v3" "tx4e57067b90374b7ead008-006933a5db" "object-server 96250" 0.0007 "-" 95916 0
Dec 05 22:41:15 np0005548602.novalocal object-server[96250]: ::1 - - [06/Dec/2025:03:41:15 +0000] "PUT /3/50/AUTH_d8741d1891ef40e5a7a8c7bee0ab6eed/gnocchi.e5a71682-48aa-45bb-bea9-f8b2a5b1f6a5/none_v3" 201 - "PUT https://[::1]:8080/v1/AUTH_d8741d1891ef40e5a7a8c7bee0ab6eed/gnocchi.e5a71682-48aa-45bb-bea9-f8b2a5b1f6a5/none_v3" "tx4e57067b90374b7ead008-006933a5db" "proxy-server 97198" 0.0166 "-" 96250 0
Dec 05 22:41:15 np0005548602.novalocal proxy-server[97198]: ::1 ::1 06/Dec/2025/03/41/15 PUT /v1/AUTH_d8741d1891ef40e5a7a8c7bee0ab6eed/gnocchi.e5a71682-48aa-45bb-bea9-f8b2a5b1f6a5/none_v3 HTTP/1.0 201 - python-swiftclient-4.8.0 gAAAAABpM6W9MtUs... 30 - - tx4e57067b90374b7ead008-006933a5db - 0.0267 - - 1764992475.110228062 1764992475.136908770 0 1229ee3e1d964977b2a5589f27ad366e
Dec 05 22:41:15 np0005548602.novalocal container-server[95916]: ::1 - - [06/Dec/2025:03:41:15 +0000] "HEAD /1/236178/AUTH_d8741d1891ef40e5a7a8c7bee0ab6eed/gnocchi.c2560acf-0016-4832-9496-854a2b7e03c4" 404 - "HEAD http://[::1]:8080/v1/AUTH_d8741d1891ef40e5a7a8c7bee0ab6eed/gnocchi.c2560acf-0016-4832-9496-854a2b7e03c4" "tx1042cdd9c3d74dac959a6-006933a5db" "proxy-server 97198" 0.0004 "-" 95916 0
Dec 05 22:41:15 np0005548602.novalocal container-server[95917]: ::1 - - [06/Dec/2025:03:41:15 +0000] "HEAD /3/236178/AUTH_d8741d1891ef40e5a7a8c7bee0ab6eed/gnocchi.c2560acf-0016-4832-9496-854a2b7e03c4" 404 - "HEAD http://[::1]:8080/v1/AUTH_d8741d1891ef40e5a7a8c7bee0ab6eed/gnocchi.c2560acf-0016-4832-9496-854a2b7e03c4" "tx1042cdd9c3d74dac959a6-006933a5db" "proxy-server 97198" 0.0008 "-" 95917 0
Dec 05 22:41:15 np0005548602.novalocal container-server[95916]: ::1 - - [06/Dec/2025:03:41:15 +0000] "HEAD /2/236178/AUTH_d8741d1891ef40e5a7a8c7bee0ab6eed/gnocchi.c2560acf-0016-4832-9496-854a2b7e03c4" 404 - "HEAD http://[::1]:8080/v1/AUTH_d8741d1891ef40e5a7a8c7bee0ab6eed/gnocchi.c2560acf-0016-4832-9496-854a2b7e03c4" "tx1042cdd9c3d74dac959a6-006933a5db" "proxy-server 97198" 0.0002 "-" 95916 0
Dec 05 22:41:15 np0005548602.novalocal proxy-server[97198]: - - 06/Dec/2025/03/41/15 HEAD /v1/AUTH_d8741d1891ef40e5a7a8c7bee0ab6eed/gnocchi.c2560acf-0016-4832-9496-854a2b7e03c4 HTTP/1.0 404 - Swift - - - - tx1042cdd9c3d74dac959a6-006933a5db - 0.0118 CS - 1764992475.188209295 1764992475.199982405 0 -
Dec 05 22:41:15 np0005548602.novalocal object-server[96249]: ::1 - - [06/Dec/2025:03:41:15 +0000] "GET /1/117976/AUTH_d8741d1891ef40e5a7a8c7bee0ab6eed/gnocchi.c2560acf-0016-4832-9496-854a2b7e03c4/none_v3" 404 70 "GET https://[::1]:8080/v1/AUTH_d8741d1891ef40e5a7a8c7bee0ab6eed/gnocchi.c2560acf-0016-4832-9496-854a2b7e03c4/none_v3" "tx1042cdd9c3d74dac959a6-006933a5db" "proxy-server 97198" 0.0003 "-" 96249 0
Dec 05 22:41:15 np0005548602.novalocal object-server[96249]: ::1 - - [06/Dec/2025:03:41:15 +0000] "GET /3/117976/AUTH_d8741d1891ef40e5a7a8c7bee0ab6eed/gnocchi.c2560acf-0016-4832-9496-854a2b7e03c4/none_v3" 404 70 "GET https://[::1]:8080/v1/AUTH_d8741d1891ef40e5a7a8c7bee0ab6eed/gnocchi.c2560acf-0016-4832-9496-854a2b7e03c4/none_v3" "tx1042cdd9c3d74dac959a6-006933a5db" "proxy-server 97198" 0.0002 "-" 96249 0
Dec 05 22:41:15 np0005548602.novalocal object-server[96249]: ::1 - - [06/Dec/2025:03:41:15 +0000] "GET /2/117976/AUTH_d8741d1891ef40e5a7a8c7bee0ab6eed/gnocchi.c2560acf-0016-4832-9496-854a2b7e03c4/none_v3" 404 70 "GET https://[::1]:8080/v1/AUTH_d8741d1891ef40e5a7a8c7bee0ab6eed/gnocchi.c2560acf-0016-4832-9496-854a2b7e03c4/none_v3" "tx1042cdd9c3d74dac959a6-006933a5db" "proxy-server 97198" 0.0002 "-" 96249 0
Dec 05 22:41:15 np0005548602.novalocal proxy-server[97198]: ::1 ::1 06/Dec/2025/03/41/15 GET /v1/AUTH_d8741d1891ef40e5a7a8c7bee0ab6eed/gnocchi.c2560acf-0016-4832-9496-854a2b7e03c4/none_v3 HTTP/1.0 404 - python-swiftclient-4.8.0 gAAAAABpM6W9MtUs... - 70 - tx1042cdd9c3d74dac959a6-006933a5db - 0.0227 - - 1764992475.187150240 1764992475.209817410 0 1229ee3e1d964977b2a5589f27ad366e
Dec 05 22:41:15 np0005548602.novalocal account-server[95623]: ::1 - - [06/Dec/2025:03:41:15 +0000] "PUT /3/76100/AUTH_d8741d1891ef40e5a7a8c7bee0ab6eed/gnocchi.c2560acf-0016-4832-9496-854a2b7e03c4" 201 - "PUT http://[::1]:6001/3/236178/AUTH_d8741d1891ef40e5a7a8c7bee0ab6eed/gnocchi.c2560acf-0016-4832-9496-854a2b7e03c4" "tx88abf97a06b04c7da7f6b-006933a5db" "container-server 95916" 0.0060 "-" 95623 0
Dec 05 22:41:15 np0005548602.novalocal container-server[95916]: ::1 - - [06/Dec/2025:03:41:15 +0000] "PUT /3/236178/AUTH_d8741d1891ef40e5a7a8c7bee0ab6eed/gnocchi.c2560acf-0016-4832-9496-854a2b7e03c4" 201 - "PUT https://[::1]:8080/v1/AUTH_d8741d1891ef40e5a7a8c7bee0ab6eed/gnocchi.c2560acf-0016-4832-9496-854a2b7e03c4" "tx88abf97a06b04c7da7f6b-006933a5db" "proxy-server 97198" 0.0218 "-" 95916 0
Dec 05 22:41:15 np0005548602.novalocal account-server[95624]: ::1 - - [06/Dec/2025:03:41:15 +0000] "PUT /2/76100/AUTH_d8741d1891ef40e5a7a8c7bee0ab6eed/gnocchi.c2560acf-0016-4832-9496-854a2b7e03c4" 201 - "PUT http://[::1]:6001/1/236178/AUTH_d8741d1891ef40e5a7a8c7bee0ab6eed/gnocchi.c2560acf-0016-4832-9496-854a2b7e03c4" "tx88abf97a06b04c7da7f6b-006933a5db" "container-server 95916" 0.0055 "-" 95624 0
Dec 05 22:41:15 np0005548602.novalocal container-server[95916]: ::1 - - [06/Dec/2025:03:41:15 +0000] "PUT /1/236178/AUTH_d8741d1891ef40e5a7a8c7bee0ab6eed/gnocchi.c2560acf-0016-4832-9496-854a2b7e03c4" 201 - "PUT https://[::1]:8080/v1/AUTH_d8741d1891ef40e5a7a8c7bee0ab6eed/gnocchi.c2560acf-0016-4832-9496-854a2b7e03c4" "tx88abf97a06b04c7da7f6b-006933a5db" "proxy-server 97198" 0.0163 "-" 95916 0
Dec 05 22:41:15 np0005548602.novalocal account-server[95623]: ::1 - - [06/Dec/2025:03:41:15 +0000] "PUT /1/76100/AUTH_d8741d1891ef40e5a7a8c7bee0ab6eed/gnocchi.c2560acf-0016-4832-9496-854a2b7e03c4" 201 - "PUT http://[::1]:6001/2/236178/AUTH_d8741d1891ef40e5a7a8c7bee0ab6eed/gnocchi.c2560acf-0016-4832-9496-854a2b7e03c4" "tx88abf97a06b04c7da7f6b-006933a5db" "container-server 95917" 0.0066 "-" 95623 0
Dec 05 22:41:15 np0005548602.novalocal container-server[95917]: ::1 - - [06/Dec/2025:03:41:15 +0000] "PUT /2/236178/AUTH_d8741d1891ef40e5a7a8c7bee0ab6eed/gnocchi.c2560acf-0016-4832-9496-854a2b7e03c4" 201 - "PUT https://[::1]:8080/v1/AUTH_d8741d1891ef40e5a7a8c7bee0ab6eed/gnocchi.c2560acf-0016-4832-9496-854a2b7e03c4" "tx88abf97a06b04c7da7f6b-006933a5db" "proxy-server 97198" 0.0285 "-" 95917 0
Dec 05 22:41:15 np0005548602.novalocal proxy-server[97198]: ::1 ::1 06/Dec/2025/03/41/15 PUT /v1/AUTH_d8741d1891ef40e5a7a8c7bee0ab6eed/gnocchi.c2560acf-0016-4832-9496-854a2b7e03c4 HTTP/1.0 201 - python-swiftclient-4.8.0 gAAAAABpM6W9MtUs... - - - tx88abf97a06b04c7da7f6b-006933a5db - 0.0393 - - 1764992475.212587595 1764992475.251875401 0 1229ee3e1d964977b2a5589f27ad366e
Dec 05 22:41:15 np0005548602.novalocal container-server[95916]: ::1 - - [06/Dec/2025:03:41:15 +0000] "HEAD /1/236178/AUTH_d8741d1891ef40e5a7a8c7bee0ab6eed/gnocchi.c2560acf-0016-4832-9496-854a2b7e03c4" 204 - "HEAD http://[::1]:8080/v1/AUTH_d8741d1891ef40e5a7a8c7bee0ab6eed/gnocchi.c2560acf-0016-4832-9496-854a2b7e03c4" "txfff32de9a5a049cfa6ddc-006933a5db" "proxy-server 97198" 0.0016 "-" 95916 0
Dec 05 22:41:15 np0005548602.novalocal proxy-server[97198]: - - 06/Dec/2025/03/41/15 HEAD /v1/AUTH_d8741d1891ef40e5a7a8c7bee0ab6eed/gnocchi.c2560acf-0016-4832-9496-854a2b7e03c4 HTTP/1.0 204 - Swift - - - - txfff32de9a5a049cfa6ddc-006933a5db - 0.0068 CS - 1764992475.257169724 1764992475.263925791 0 -
Dec 05 22:41:15 np0005548602.novalocal container-server[95916]: ::1 - - [06/Dec/2025:03:41:15 +0000] "GET /1/236178/AUTH_d8741d1891ef40e5a7a8c7bee0ab6eed/gnocchi.c2560acf-0016-4832-9496-854a2b7e03c4" 200 2 "GET https://[::1]:8080/v1/AUTH_d8741d1891ef40e5a7a8c7bee0ab6eed/gnocchi.c2560acf-0016-4832-9496-854a2b7e03c4?format=json&states=listing" "txfff32de9a5a049cfa6ddc-006933a5db" "proxy-server 97198" 0.0026 "-" 95916 0
Dec 05 22:41:15 np0005548602.novalocal proxy-server[97198]: ::1 ::1 06/Dec/2025/03/41/15 GET /v1/AUTH_d8741d1891ef40e5a7a8c7bee0ab6eed/gnocchi.c2560acf-0016-4832-9496-854a2b7e03c4%3Fformat%3Djson%26states%3Dlisting HTTP/1.0 200 - python-swiftclient-4.8.0 gAAAAABpM6W9MtUs... - 2 - txfff32de9a5a049cfa6ddc-006933a5db - 0.0183 - - 1764992475.256239176 1764992475.274524450 0 1229ee3e1d964977b2a5589f27ad366e
Dec 05 22:41:15 np0005548602.novalocal object-server[96250]: ::1 - - [06/Dec/2025:03:41:15 +0000] "GET /1/92387/AUTH_d8741d1891ef40e5a7a8c7bee0ab6eed/gnocchi.c2560acf-0016-4832-9496-854a2b7e03c4/1764720000.0_mean_300.0_v3" 404 70 "GET https://[::1]:8080/v1/AUTH_d8741d1891ef40e5a7a8c7bee0ab6eed/gnocchi.c2560acf-0016-4832-9496-854a2b7e03c4/1764720000.0_mean_300.0_v3" "txbfe9d53b1654491490b5e-006933a5db" "proxy-server 97198" 0.0005 "-" 96250 0
Dec 05 22:41:15 np0005548602.novalocal object-server[96250]: ::1 - - [06/Dec/2025:03:41:15 +0000] "GET /2/92387/AUTH_d8741d1891ef40e5a7a8c7bee0ab6eed/gnocchi.c2560acf-0016-4832-9496-854a2b7e03c4/1764720000.0_mean_300.0_v3" 404 70 "GET https://[::1]:8080/v1/AUTH_d8741d1891ef40e5a7a8c7bee0ab6eed/gnocchi.c2560acf-0016-4832-9496-854a2b7e03c4/1764720000.0_mean_300.0_v3" "txbfe9d53b1654491490b5e-006933a5db" "proxy-server 97198" 0.0002 "-" 96250 0
Dec 05 22:41:15 np0005548602.novalocal object-server[96249]: ::1 - - [06/Dec/2025:03:41:15 +0000] "GET /3/92387/AUTH_d8741d1891ef40e5a7a8c7bee0ab6eed/gnocchi.c2560acf-0016-4832-9496-854a2b7e03c4/1764720000.0_mean_300.0_v3" 404 70 "GET https://[::1]:8080/v1/AUTH_d8741d1891ef40e5a7a8c7bee0ab6eed/gnocchi.c2560acf-0016-4832-9496-854a2b7e03c4/1764720000.0_mean_300.0_v3" "txbfe9d53b1654491490b5e-006933a5db" "proxy-server 97198" 0.0005 "-" 96249 0
Dec 05 22:41:15 np0005548602.novalocal proxy-server[97198]: ::1 ::1 06/Dec/2025/03/41/15 GET /v1/AUTH_d8741d1891ef40e5a7a8c7bee0ab6eed/gnocchi.c2560acf-0016-4832-9496-854a2b7e03c4/1764720000.0_mean_300.0_v3 HTTP/1.0 404 - python-swiftclient-4.8.0 gAAAAABpM6W9MtUs... - 70 - txbfe9d53b1654491490b5e-006933a5db - 0.0214 - - 1764992475.278436661 1764992475.299847364 0 1229ee3e1d964977b2a5589f27ad366e
Dec 05 22:41:15 np0005548602.novalocal container-server[95916]: ::1 - - [06/Dec/2025:03:41:15 +0000] "PUT /1/236178/AUTH_d8741d1891ef40e5a7a8c7bee0ab6eed/gnocchi.c2560acf-0016-4832-9496-854a2b7e03c4/1764720000.0_mean_300.0_v3" 201 - "PUT http://[::1]:8080/1/92387/AUTH_d8741d1891ef40e5a7a8c7bee0ab6eed/gnocchi.c2560acf-0016-4832-9496-854a2b7e03c4/1764720000.0_mean_300.0_v3" "tx26cd26cf29f742ad8b0eb-006933a5db" "object-server 96249" 0.0006 "-" 95916 0
Dec 05 22:41:15 np0005548602.novalocal container-server[95917]: ::1 - - [06/Dec/2025:03:41:15 +0000] "PUT /3/236178/AUTH_d8741d1891ef40e5a7a8c7bee0ab6eed/gnocchi.c2560acf-0016-4832-9496-854a2b7e03c4/1764720000.0_mean_300.0_v3" 201 - "PUT http://[::1]:8080/3/92387/AUTH_d8741d1891ef40e5a7a8c7bee0ab6eed/gnocchi.c2560acf-0016-4832-9496-854a2b7e03c4/1764720000.0_mean_300.0_v3" "tx26cd26cf29f742ad8b0eb-006933a5db" "object-server 96250" 0.0006 "-" 95917 0
Dec 05 22:41:15 np0005548602.novalocal object-server[96249]: ::1 - - [06/Dec/2025:03:41:15 +0000] "PUT /1/92387/AUTH_d8741d1891ef40e5a7a8c7bee0ab6eed/gnocchi.c2560acf-0016-4832-9496-854a2b7e03c4/1764720000.0_mean_300.0_v3" 201 - "PUT https://[::1]:8080/v1/AUTH_d8741d1891ef40e5a7a8c7bee0ab6eed/gnocchi.c2560acf-0016-4832-9496-854a2b7e03c4/1764720000.0_mean_300.0_v3" "tx26cd26cf29f742ad8b0eb-006933a5db" "proxy-server 97198" 0.0108 "-" 96249 0
Dec 05 22:41:15 np0005548602.novalocal object-server[96250]: ::1 - - [06/Dec/2025:03:41:15 +0000] "PUT /3/92387/AUTH_d8741d1891ef40e5a7a8c7bee0ab6eed/gnocchi.c2560acf-0016-4832-9496-854a2b7e03c4/1764720000.0_mean_300.0_v3" 201 - "PUT https://[::1]:8080/v1/AUTH_d8741d1891ef40e5a7a8c7bee0ab6eed/gnocchi.c2560acf-0016-4832-9496-854a2b7e03c4/1764720000.0_mean_300.0_v3" "tx26cd26cf29f742ad8b0eb-006933a5db" "proxy-server 97198" 0.0127 "-" 96250 0
Dec 05 22:41:15 np0005548602.novalocal container-server[95917]: ::1 - - [06/Dec/2025:03:41:15 +0000] "PUT /2/236178/AUTH_d8741d1891ef40e5a7a8c7bee0ab6eed/gnocchi.c2560acf-0016-4832-9496-854a2b7e03c4/1764720000.0_mean_300.0_v3" 201 - "PUT http://[::1]:8080/2/92387/AUTH_d8741d1891ef40e5a7a8c7bee0ab6eed/gnocchi.c2560acf-0016-4832-9496-854a2b7e03c4/1764720000.0_mean_300.0_v3" "tx26cd26cf29f742ad8b0eb-006933a5db" "object-server 96250" 0.0003 "-" 95917 0
Dec 05 22:41:15 np0005548602.novalocal object-server[96250]: ::1 - - [06/Dec/2025:03:41:15 +0000] "PUT /2/92387/AUTH_d8741d1891ef40e5a7a8c7bee0ab6eed/gnocchi.c2560acf-0016-4832-9496-854a2b7e03c4/1764720000.0_mean_300.0_v3" 201 - "PUT https://[::1]:8080/v1/AUTH_d8741d1891ef40e5a7a8c7bee0ab6eed/gnocchi.c2560acf-0016-4832-9496-854a2b7e03c4/1764720000.0_mean_300.0_v3" "tx26cd26cf29f742ad8b0eb-006933a5db" "proxy-server 97198" 0.0120 "-" 96250 0
Dec 05 22:41:15 np0005548602.novalocal proxy-server[97198]: ::1 ::1 06/Dec/2025/03/41/15 PUT /v1/AUTH_d8741d1891ef40e5a7a8c7bee0ab6eed/gnocchi.c2560acf-0016-4832-9496-854a2b7e03c4/1764720000.0_mean_300.0_v3 HTTP/1.0 201 - python-swiftclient-4.8.0 gAAAAABpM6W9MtUs... 16 - - tx26cd26cf29f742ad8b0eb-006933a5db - 0.0214 - - 1764992475.303672552 1764992475.325115204 0 1229ee3e1d964977b2a5589f27ad366e
Dec 05 22:41:15 np0005548602.novalocal container-server[95917]: ::1 - - [06/Dec/2025:03:41:15 +0000] "PUT /2/236178/AUTH_d8741d1891ef40e5a7a8c7bee0ab6eed/gnocchi.c2560acf-0016-4832-9496-854a2b7e03c4/none_v3" 201 - "PUT http://[::1]:8080/3/117976/AUTH_d8741d1891ef40e5a7a8c7bee0ab6eed/gnocchi.c2560acf-0016-4832-9496-854a2b7e03c4/none_v3" "txd3acf3708974476182739-006933a5db" "object-server 96250" 0.0003 "-" 95917 0
Dec 05 22:41:15 np0005548602.novalocal object-server[96250]: ::1 - - [06/Dec/2025:03:41:15 +0000] "PUT /3/117976/AUTH_d8741d1891ef40e5a7a8c7bee0ab6eed/gnocchi.c2560acf-0016-4832-9496-854a2b7e03c4/none_v3" 201 - "PUT https://[::1]:8080/v1/AUTH_d8741d1891ef40e5a7a8c7bee0ab6eed/gnocchi.c2560acf-0016-4832-9496-854a2b7e03c4/none_v3" "txd3acf3708974476182739-006933a5db" "proxy-server 97198" 0.0093 "-" 96250 0
Dec 05 22:41:15 np0005548602.novalocal container-server[95917]: ::1 - - [06/Dec/2025:03:41:15 +0000] "PUT /1/236178/AUTH_d8741d1891ef40e5a7a8c7bee0ab6eed/gnocchi.c2560acf-0016-4832-9496-854a2b7e03c4/none_v3" 201 - "PUT http://[::1]:8080/2/117976/AUTH_d8741d1891ef40e5a7a8c7bee0ab6eed/gnocchi.c2560acf-0016-4832-9496-854a2b7e03c4/none_v3" "txd3acf3708974476182739-006933a5db" "object-server 96249" 0.0003 "-" 95917 0
Dec 05 22:41:15 np0005548602.novalocal container-server[95916]: ::1 - - [06/Dec/2025:03:41:15 +0000] "PUT /3/236178/AUTH_d8741d1891ef40e5a7a8c7bee0ab6eed/gnocchi.c2560acf-0016-4832-9496-854a2b7e03c4/none_v3" 201 - "PUT http://[::1]:8080/1/117976/AUTH_d8741d1891ef40e5a7a8c7bee0ab6eed/gnocchi.c2560acf-0016-4832-9496-854a2b7e03c4/none_v3" "txd3acf3708974476182739-006933a5db" "object-server 96249" 0.0005 "-" 95916 0
Dec 05 22:41:15 np0005548602.novalocal object-server[96249]: ::1 - - [06/Dec/2025:03:41:15 +0000] "PUT /2/117976/AUTH_d8741d1891ef40e5a7a8c7bee0ab6eed/gnocchi.c2560acf-0016-4832-9496-854a2b7e03c4/none_v3" 201 - "PUT https://[::1]:8080/v1/AUTH_d8741d1891ef40e5a7a8c7bee0ab6eed/gnocchi.c2560acf-0016-4832-9496-854a2b7e03c4/none_v3" "txd3acf3708974476182739-006933a5db" "proxy-server 97198" 0.0089 "-" 96249 0
Dec 05 22:41:15 np0005548602.novalocal object-server[96249]: ::1 - - [06/Dec/2025:03:41:15 +0000] "PUT /1/117976/AUTH_d8741d1891ef40e5a7a8c7bee0ab6eed/gnocchi.c2560acf-0016-4832-9496-854a2b7e03c4/none_v3" 201 - "PUT https://[::1]:8080/v1/AUTH_d8741d1891ef40e5a7a8c7bee0ab6eed/gnocchi.c2560acf-0016-4832-9496-854a2b7e03c4/none_v3" "txd3acf3708974476182739-006933a5db" "proxy-server 97198" 0.0117 "-" 96249 0
Dec 05 22:41:15 np0005548602.novalocal proxy-server[97198]: ::1 ::1 06/Dec/2025/03/41/15 PUT /v1/AUTH_d8741d1891ef40e5a7a8c7bee0ab6eed/gnocchi.c2560acf-0016-4832-9496-854a2b7e03c4/none_v3 HTTP/1.0 201 - python-swiftclient-4.8.0 gAAAAABpM6W9MtUs... 25 - - txd3acf3708974476182739-006933a5db - 0.0175 - - 1764992475.328270674 1764992475.345733404 0 1229ee3e1d964977b2a5589f27ad366e
Dec 05 22:41:15 np0005548602.novalocal container-server[95916]: ::1 - - [06/Dec/2025:03:41:15 +0000] "HEAD /2/118845/AUTH_d8741d1891ef40e5a7a8c7bee0ab6eed/gnocchi.0d6f2bba-59cd-4426-8eda-3049d75754dd" 404 - "HEAD http://[::1]:8080/v1/AUTH_d8741d1891ef40e5a7a8c7bee0ab6eed/gnocchi.0d6f2bba-59cd-4426-8eda-3049d75754dd" "tx14732de0dcbd4d30a55d7-006933a5db" "proxy-server 97198" 0.0003 "-" 95916 0
Dec 05 22:41:15 np0005548602.novalocal container-server[95917]: ::1 - - [06/Dec/2025:03:41:15 +0000] "HEAD /1/118845/AUTH_d8741d1891ef40e5a7a8c7bee0ab6eed/gnocchi.0d6f2bba-59cd-4426-8eda-3049d75754dd" 404 - "HEAD http://[::1]:8080/v1/AUTH_d8741d1891ef40e5a7a8c7bee0ab6eed/gnocchi.0d6f2bba-59cd-4426-8eda-3049d75754dd" "tx14732de0dcbd4d30a55d7-006933a5db" "proxy-server 97198" 0.0003 "-" 95917 0
Dec 05 22:41:15 np0005548602.novalocal container-server[95917]: ::1 - - [06/Dec/2025:03:41:15 +0000] "HEAD /3/118845/AUTH_d8741d1891ef40e5a7a8c7bee0ab6eed/gnocchi.0d6f2bba-59cd-4426-8eda-3049d75754dd" 404 - "HEAD http://[::1]:8080/v1/AUTH_d8741d1891ef40e5a7a8c7bee0ab6eed/gnocchi.0d6f2bba-59cd-4426-8eda-3049d75754dd" "tx14732de0dcbd4d30a55d7-006933a5db" "proxy-server 97198" 0.0001 "-" 95917 0
Dec 05 22:41:15 np0005548602.novalocal proxy-server[97198]: - - 06/Dec/2025/03/41/15 HEAD /v1/AUTH_d8741d1891ef40e5a7a8c7bee0ab6eed/gnocchi.0d6f2bba-59cd-4426-8eda-3049d75754dd HTTP/1.0 404 - Swift - - - - tx14732de0dcbd4d30a55d7-006933a5db - 0.0068 CS - 1764992475.401864290 1764992475.408624172 0 -
Dec 05 22:41:15 np0005548602.novalocal object-server[96249]: ::1 - - [06/Dec/2025:03:41:15 +0000] "GET /2/170541/AUTH_d8741d1891ef40e5a7a8c7bee0ab6eed/gnocchi.0d6f2bba-59cd-4426-8eda-3049d75754dd/none_v3" 404 70 "GET https://[::1]:8080/v1/AUTH_d8741d1891ef40e5a7a8c7bee0ab6eed/gnocchi.0d6f2bba-59cd-4426-8eda-3049d75754dd/none_v3" "tx14732de0dcbd4d30a55d7-006933a5db" "proxy-server 97198" 0.0004 "-" 96249 0
Dec 05 22:41:15 np0005548602.novalocal object-server[96250]: ::1 - - [06/Dec/2025:03:41:15 +0000] "GET /1/170541/AUTH_d8741d1891ef40e5a7a8c7bee0ab6eed/gnocchi.0d6f2bba-59cd-4426-8eda-3049d75754dd/none_v3" 404 70 "GET https://[::1]:8080/v1/AUTH_d8741d1891ef40e5a7a8c7bee0ab6eed/gnocchi.0d6f2bba-59cd-4426-8eda-3049d75754dd/none_v3" "tx14732de0dcbd4d30a55d7-006933a5db" "proxy-server 97198" 0.0006 "-" 96250 0
Dec 05 22:41:15 np0005548602.novalocal object-server[96249]: ::1 - - [06/Dec/2025:03:41:15 +0000] "GET /3/170541/AUTH_d8741d1891ef40e5a7a8c7bee0ab6eed/gnocchi.0d6f2bba-59cd-4426-8eda-3049d75754dd/none_v3" 404 70 "GET https://[::1]:8080/v1/AUTH_d8741d1891ef40e5a7a8c7bee0ab6eed/gnocchi.0d6f2bba-59cd-4426-8eda-3049d75754dd/none_v3" "tx14732de0dcbd4d30a55d7-006933a5db" "proxy-server 97198" 0.0002 "-" 96249 0
Dec 05 22:41:15 np0005548602.novalocal proxy-server[97198]: ::1 ::1 06/Dec/2025/03/41/15 GET /v1/AUTH_d8741d1891ef40e5a7a8c7bee0ab6eed/gnocchi.0d6f2bba-59cd-4426-8eda-3049d75754dd/none_v3 HTTP/1.0 404 - python-swiftclient-4.8.0 gAAAAABpM6W9MtUs... - 70 - tx14732de0dcbd4d30a55d7-006933a5db - 0.0197 - - 1764992475.400351524 1764992475.420008898 0 1229ee3e1d964977b2a5589f27ad366e
Dec 05 22:41:15 np0005548602.novalocal account-server[95623]: ::1 - - [06/Dec/2025:03:41:15 +0000] "PUT /2/76100/AUTH_d8741d1891ef40e5a7a8c7bee0ab6eed/gnocchi.0d6f2bba-59cd-4426-8eda-3049d75754dd" 201 - "PUT http://[::1]:6001/3/118845/AUTH_d8741d1891ef40e5a7a8c7bee0ab6eed/gnocchi.0d6f2bba-59cd-4426-8eda-3049d75754dd" "tx2884673f732c47dcb7fe4-006933a5db" "container-server 95917" 0.0060 "-" 95623 0
Dec 05 22:41:15 np0005548602.novalocal container-server[95917]: ::1 - - [06/Dec/2025:03:41:15 +0000] "PUT /3/118845/AUTH_d8741d1891ef40e5a7a8c7bee0ab6eed/gnocchi.0d6f2bba-59cd-4426-8eda-3049d75754dd" 201 - "PUT https://[::1]:8080/v1/AUTH_d8741d1891ef40e5a7a8c7bee0ab6eed/gnocchi.0d6f2bba-59cd-4426-8eda-3049d75754dd" "tx2884673f732c47dcb7fe4-006933a5db" "proxy-server 97198" 0.0170 "-" 95917 0
Dec 05 22:41:15 np0005548602.novalocal account-server[95624]: ::1 - - [06/Dec/2025:03:41:15 +0000] "PUT /1/76100/AUTH_d8741d1891ef40e5a7a8c7bee0ab6eed/gnocchi.0d6f2bba-59cd-4426-8eda-3049d75754dd" 201 - "PUT http://[::1]:6001/2/118845/AUTH_d8741d1891ef40e5a7a8c7bee0ab6eed/gnocchi.0d6f2bba-59cd-4426-8eda-3049d75754dd" "tx2884673f732c47dcb7fe4-006933a5db" "container-server 95916" 0.0113 "-" 95624 0
Dec 05 22:41:15 np0005548602.novalocal container-server[95916]: ::1 - - [06/Dec/2025:03:41:15 +0000] "PUT /2/118845/AUTH_d8741d1891ef40e5a7a8c7bee0ab6eed/gnocchi.0d6f2bba-59cd-4426-8eda-3049d75754dd" 201 - "PUT https://[::1]:8080/v1/AUTH_d8741d1891ef40e5a7a8c7bee0ab6eed/gnocchi.0d6f2bba-59cd-4426-8eda-3049d75754dd" "tx2884673f732c47dcb7fe4-006933a5db" "proxy-server 97198" 0.0241 "-" 95916 0
Dec 05 22:41:15 np0005548602.novalocal account-server[95624]: ::1 - - [06/Dec/2025:03:41:15 +0000] "PUT /3/76100/AUTH_d8741d1891ef40e5a7a8c7bee0ab6eed/gnocchi.0d6f2bba-59cd-4426-8eda-3049d75754dd" 201 - "PUT http://[::1]:6001/1/118845/AUTH_d8741d1891ef40e5a7a8c7bee0ab6eed/gnocchi.0d6f2bba-59cd-4426-8eda-3049d75754dd" "tx2884673f732c47dcb7fe4-006933a5db" "container-server 95917" 0.0135 "-" 95624 0
