Dec 05 22:41:26 np0005548602.novalocal object-server[96250]: ::1 - - [06/Dec/2025:03:41:26 +0000] "PUT /1/92720/AUTH_d8741d1891ef40e5a7a8c7bee0ab6eed/gnocchi.e3ac9ad0-7ac0-48c7-b1d3-612e98dfb0cf/none_v3" 201 - "PUT https://[::1]:8080/v1/AUTH_d8741d1891ef40e5a7a8c7bee0ab6eed/gnocchi.e3ac9ad0-7ac0-48c7-b1d3-612e98dfb0cf/none_v3" "tx306dd23102b2424e899ee-006933a5e6" "proxy-server 97198" 0.0148 "-" 96250 0
Dec 05 22:41:26 np0005548602.novalocal container-server[95916]: ::1 - - [06/Dec/2025:03:41:26 +0000] "PUT /3/194383/AUTH_d8741d1891ef40e5a7a8c7bee0ab6eed/gnocchi.e3ac9ad0-7ac0-48c7-b1d3-612e98dfb0cf/none_v3" 201 - "PUT http://[::1]:8080/3/92720/AUTH_d8741d1891ef40e5a7a8c7bee0ab6eed/gnocchi.e3ac9ad0-7ac0-48c7-b1d3-612e98dfb0cf/none_v3" "tx306dd23102b2424e899ee-006933a5e6" "object-server 96249" 0.0008 "-" 95916 0
Dec 05 22:41:26 np0005548602.novalocal container-server[95917]: ::1 - - [06/Dec/2025:03:41:26 +0000] "PUT /2/194383/AUTH_d8741d1891ef40e5a7a8c7bee0ab6eed/gnocchi.e3ac9ad0-7ac0-48c7-b1d3-612e98dfb0cf/none_v3" 201 - "PUT http://[::1]:8080/2/92720/AUTH_d8741d1891ef40e5a7a8c7bee0ab6eed/gnocchi.e3ac9ad0-7ac0-48c7-b1d3-612e98dfb0cf/none_v3" "tx306dd23102b2424e899ee-006933a5e6" "object-server 96249" 0.0007 "-" 95917 0
Dec 05 22:41:26 np0005548602.novalocal object-server[96249]: ::1 - - [06/Dec/2025:03:41:26 +0000] "PUT /3/92720/AUTH_d8741d1891ef40e5a7a8c7bee0ab6eed/gnocchi.e3ac9ad0-7ac0-48c7-b1d3-612e98dfb0cf/none_v3" 201 - "PUT https://[::1]:8080/v1/AUTH_d8741d1891ef40e5a7a8c7bee0ab6eed/gnocchi.e3ac9ad0-7ac0-48c7-b1d3-612e98dfb0cf/none_v3" "tx306dd23102b2424e899ee-006933a5e6" "proxy-server 97198" 0.0221 "-" 96249 0
Dec 05 22:41:26 np0005548602.novalocal object-server[96249]: ::1 - - [06/Dec/2025:03:41:26 +0000] "PUT /2/92720/AUTH_d8741d1891ef40e5a7a8c7bee0ab6eed/gnocchi.e3ac9ad0-7ac0-48c7-b1d3-612e98dfb0cf/none_v3" 201 - "PUT https://[::1]:8080/v1/AUTH_d8741d1891ef40e5a7a8c7bee0ab6eed/gnocchi.e3ac9ad0-7ac0-48c7-b1d3-612e98dfb0cf/none_v3" "tx306dd23102b2424e899ee-006933a5e6" "proxy-server 97198" 0.0209 "-" 96249 0
Dec 05 22:41:26 np0005548602.novalocal proxy-server[97198]: ::1 ::1 06/Dec/2025/03/41/26 PUT /v1/AUTH_d8741d1891ef40e5a7a8c7bee0ab6eed/gnocchi.e3ac9ad0-7ac0-48c7-b1d3-612e98dfb0cf/none_v3 HTTP/1.0 201 - python-swiftclient-4.8.0 gAAAAABpM6W9MtUs... 33 - - tx306dd23102b2424e899ee-006933a5e6 - 0.0334 - - 1764992486.666434526 1764992486.699827433 0 1229ee3e1d964977b2a5589f27ad366e
Dec 05 22:41:26 np0005548602.novalocal object-server[96249]: ::1 - - [06/Dec/2025:03:41:26 +0000] "GET /2/170541/AUTH_d8741d1891ef40e5a7a8c7bee0ab6eed/gnocchi.0d6f2bba-59cd-4426-8eda-3049d75754dd/none_v3" 200 48 "GET https://[::1]:8080/v1/AUTH_d8741d1891ef40e5a7a8c7bee0ab6eed/gnocchi.0d6f2bba-59cd-4426-8eda-3049d75754dd/none_v3" "txb17aad8104cf40bb83f5a-006933a5e6" "proxy-server 97198" 0.0011 "-" 96249 0
Dec 05 22:41:26 np0005548602.novalocal proxy-server[97198]: ::1 ::1 06/Dec/2025/03/41/26 GET /v1/AUTH_d8741d1891ef40e5a7a8c7bee0ab6eed/gnocchi.0d6f2bba-59cd-4426-8eda-3049d75754dd/none_v3 HTTP/1.0 200 - python-swiftclient-4.8.0 gAAAAABpM6W9MtUs... - 48 - txb17aad8104cf40bb83f5a-006933a5e6 - 0.0082 - - 1764992486.720670223 1764992486.728836060 0 1229ee3e1d964977b2a5589f27ad366e
Dec 05 22:41:26 np0005548602.novalocal container-server[95917]: ::1 - - [06/Dec/2025:03:41:26 +0000] "GET /2/118845/AUTH_d8741d1891ef40e5a7a8c7bee0ab6eed/gnocchi.0d6f2bba-59cd-4426-8eda-3049d75754dd" 200 357 "GET https://[::1]:8080/v1/AUTH_d8741d1891ef40e5a7a8c7bee0ab6eed/gnocchi.0d6f2bba-59cd-4426-8eda-3049d75754dd?format=json&states=listing" "txee1625620d51429585691-006933a5e6" "proxy-server 97198" 0.0106 "-" 95917 0
Dec 05 22:41:26 np0005548602.novalocal proxy-server[97198]: ::1 ::1 06/Dec/2025/03/41/26 GET /v1/AUTH_d8741d1891ef40e5a7a8c7bee0ab6eed/gnocchi.0d6f2bba-59cd-4426-8eda-3049d75754dd%3Fformat%3Djson%26states%3Dlisting HTTP/1.0 200 - python-swiftclient-4.8.0 gAAAAABpM6W9MtUs... - 357 - txee1625620d51429585691-006933a5e6 - 0.0186 - - 1764992486.732077599 1764992486.750715733 0 1229ee3e1d964977b2a5589f27ad366e
Dec 05 22:41:26 np0005548602.novalocal container-server[95917]: ::1 - - [06/Dec/2025:03:41:26 +0000] "GET /2/118845/AUTH_d8741d1891ef40e5a7a8c7bee0ab6eed/gnocchi.0d6f2bba-59cd-4426-8eda-3049d75754dd" 200 2 "GET https://[::1]:8080/v1/AUTH_d8741d1891ef40e5a7a8c7bee0ab6eed/gnocchi.0d6f2bba-59cd-4426-8eda-3049d75754dd?format=json&marker=none_v3&states=listing" "txeb9cb0b4fde24c83a78d1-006933a5e6" "proxy-server 97198" 0.0032 "-" 95917 0
Dec 05 22:41:26 np0005548602.novalocal proxy-server[97198]: ::1 ::1 06/Dec/2025/03/41/26 GET /v1/AUTH_d8741d1891ef40e5a7a8c7bee0ab6eed/gnocchi.0d6f2bba-59cd-4426-8eda-3049d75754dd%3Fformat%3Djson%26marker%3Dnone_v3%26states%3Dlisting HTTP/1.0 200 - python-swiftclient-4.8.0 gAAAAABpM6W9MtUs... - 2 - txeb9cb0b4fde24c83a78d1-006933a5e6 - 0.0108 - - 1764992486.753497839 1764992486.764250517 0 1229ee3e1d964977b2a5589f27ad366e
Dec 05 22:41:26 np0005548602.novalocal object-server[96250]: ::1 - - [06/Dec/2025:03:41:26 +0000] "GET /1/171299/AUTH_d8741d1891ef40e5a7a8c7bee0ab6eed/gnocchi.0d6f2bba-59cd-4426-8eda-3049d75754dd/1764720000.0_mean_300.0_v3" 200 16 "GET https://[::1]:8080/v1/AUTH_d8741d1891ef40e5a7a8c7bee0ab6eed/gnocchi.0d6f2bba-59cd-4426-8eda-3049d75754dd/1764720000.0_mean_300.0_v3" "tx9f99b8ace72d42b49159e-006933a5e6" "proxy-server 97198" 0.0011 "-" 96250 0
Dec 05 22:41:26 np0005548602.novalocal proxy-server[97198]: ::1 ::1 06/Dec/2025/03/41/26 GET /v1/AUTH_d8741d1891ef40e5a7a8c7bee0ab6eed/gnocchi.0d6f2bba-59cd-4426-8eda-3049d75754dd/1764720000.0_mean_300.0_v3 HTTP/1.0 200 - python-swiftclient-4.8.0 gAAAAABpM6W9MtUs... - 16 - tx9f99b8ace72d42b49159e-006933a5e6 - 0.0078 - - 1764992486.766959906 1764992486.774765253 0 1229ee3e1d964977b2a5589f27ad366e
Dec 05 22:41:26 np0005548602.novalocal container-server[95916]: ::1 - - [06/Dec/2025:03:41:26 +0000] "PUT /2/118845/AUTH_d8741d1891ef40e5a7a8c7bee0ab6eed/gnocchi.0d6f2bba-59cd-4426-8eda-3049d75754dd/1764720000.0_mean_300.0_v3" 201 - "PUT http://[::1]:8080/1/171299/AUTH_d8741d1891ef40e5a7a8c7bee0ab6eed/gnocchi.0d6f2bba-59cd-4426-8eda-3049d75754dd/1764720000.0_mean_300.0_v3" "tx53c57c6d890043169d230-006933a5e6" "object-server 96250" 0.0007 "-" 95916 0
Dec 05 22:41:26 np0005548602.novalocal object-server[96250]: ::1 - - [06/Dec/2025:03:41:26 +0000] "PUT /1/171299/AUTH_d8741d1891ef40e5a7a8c7bee0ab6eed/gnocchi.0d6f2bba-59cd-4426-8eda-3049d75754dd/1764720000.0_mean_300.0_v3" 201 - "PUT https://[::1]:8080/v1/AUTH_d8741d1891ef40e5a7a8c7bee0ab6eed/gnocchi.0d6f2bba-59cd-4426-8eda-3049d75754dd/1764720000.0_mean_300.0_v3" "tx53c57c6d890043169d230-006933a5e6" "proxy-server 97198" 0.0123 "-" 96250 0
Dec 05 22:41:26 np0005548602.novalocal container-server[95916]: ::1 - - [06/Dec/2025:03:41:26 +0000] "PUT /1/118845/AUTH_d8741d1891ef40e5a7a8c7bee0ab6eed/gnocchi.0d6f2bba-59cd-4426-8eda-3049d75754dd/1764720000.0_mean_300.0_v3" 201 - "PUT http://[::1]:8080/3/171299/AUTH_d8741d1891ef40e5a7a8c7bee0ab6eed/gnocchi.0d6f2bba-59cd-4426-8eda-3049d75754dd/1764720000.0_mean_300.0_v3" "tx53c57c6d890043169d230-006933a5e6" "object-server 96249" 0.0006 "-" 95916 0
Dec 05 22:41:26 np0005548602.novalocal object-server[96249]: ::1 - - [06/Dec/2025:03:41:26 +0000] "PUT /3/171299/AUTH_d8741d1891ef40e5a7a8c7bee0ab6eed/gnocchi.0d6f2bba-59cd-4426-8eda-3049d75754dd/1764720000.0_mean_300.0_v3" 201 - "PUT https://[::1]:8080/v1/AUTH_d8741d1891ef40e5a7a8c7bee0ab6eed/gnocchi.0d6f2bba-59cd-4426-8eda-3049d75754dd/1764720000.0_mean_300.0_v3" "tx53c57c6d890043169d230-006933a5e6" "proxy-server 97198" 0.0143 "-" 96249 0
Dec 05 22:41:26 np0005548602.novalocal container-server[95916]: ::1 - - [06/Dec/2025:03:41:26 +0000] "PUT /3/118845/AUTH_d8741d1891ef40e5a7a8c7bee0ab6eed/gnocchi.0d6f2bba-59cd-4426-8eda-3049d75754dd/1764720000.0_mean_300.0_v3" 201 - "PUT http://[::1]:8080/2/171299/AUTH_d8741d1891ef40e5a7a8c7bee0ab6eed/gnocchi.0d6f2bba-59cd-4426-8eda-3049d75754dd/1764720000.0_mean_300.0_v3" "tx53c57c6d890043169d230-006933a5e6" "object-server 96249" 0.0006 "-" 95916 0
Dec 05 22:41:26 np0005548602.novalocal object-server[96249]: ::1 - - [06/Dec/2025:03:41:26 +0000] "PUT /2/171299/AUTH_d8741d1891ef40e5a7a8c7bee0ab6eed/gnocchi.0d6f2bba-59cd-4426-8eda-3049d75754dd/1764720000.0_mean_300.0_v3" 201 - "PUT https://[::1]:8080/v1/AUTH_d8741d1891ef40e5a7a8c7bee0ab6eed/gnocchi.0d6f2bba-59cd-4426-8eda-3049d75754dd/1764720000.0_mean_300.0_v3" "tx53c57c6d890043169d230-006933a5e6" "proxy-server 97198" 0.0214 "-" 96249 0
Dec 05 22:41:26 np0005548602.novalocal proxy-server[97198]: ::1 ::1 06/Dec/2025/03/41/26 PUT /v1/AUTH_d8741d1891ef40e5a7a8c7bee0ab6eed/gnocchi.0d6f2bba-59cd-4426-8eda-3049d75754dd/1764720000.0_mean_300.0_v3 HTTP/1.0 201 - python-swiftclient-4.8.0 gAAAAABpM6W9MtUs... 16 - - tx53c57c6d890043169d230-006933a5e6 - 0.0306 - - 1764992486.778053999 1764992486.808622122 0 1229ee3e1d964977b2a5589f27ad366e
Dec 05 22:41:26 np0005548602.novalocal container-server[95916]: ::1 - - [06/Dec/2025:03:41:26 +0000] "PUT /1/118845/AUTH_d8741d1891ef40e5a7a8c7bee0ab6eed/gnocchi.0d6f2bba-59cd-4426-8eda-3049d75754dd/none_v3" 201 - "PUT http://[::1]:8080/1/170541/AUTH_d8741d1891ef40e5a7a8c7bee0ab6eed/gnocchi.0d6f2bba-59cd-4426-8eda-3049d75754dd/none_v3" "txc7d40dffec5d41fcb1ffb-006933a5e6" "object-server 96250" 0.0010 "-" 95916 0
Dec 05 22:41:26 np0005548602.novalocal container-server[95917]: ::1 - - [06/Dec/2025:03:41:26 +0000] "PUT /3/118845/AUTH_d8741d1891ef40e5a7a8c7bee0ab6eed/gnocchi.0d6f2bba-59cd-4426-8eda-3049d75754dd/none_v3" 201 - "PUT http://[::1]:8080/3/170541/AUTH_d8741d1891ef40e5a7a8c7bee0ab6eed/gnocchi.0d6f2bba-59cd-4426-8eda-3049d75754dd/none_v3" "txc7d40dffec5d41fcb1ffb-006933a5e6" "object-server 96250" 0.0007 "-" 95917 0
Dec 05 22:41:26 np0005548602.novalocal object-server[96250]: ::1 - - [06/Dec/2025:03:41:26 +0000] "PUT /3/170541/AUTH_d8741d1891ef40e5a7a8c7bee0ab6eed/gnocchi.0d6f2bba-59cd-4426-8eda-3049d75754dd/none_v3" 201 - "PUT https://[::1]:8080/v1/AUTH_d8741d1891ef40e5a7a8c7bee0ab6eed/gnocchi.0d6f2bba-59cd-4426-8eda-3049d75754dd/none_v3" "txc7d40dffec5d41fcb1ffb-006933a5e6" "proxy-server 97198" 0.0160 "-" 96250 0
Dec 05 22:41:26 np0005548602.novalocal object-server[96250]: ::1 - - [06/Dec/2025:03:41:26 +0000] "PUT /1/170541/AUTH_d8741d1891ef40e5a7a8c7bee0ab6eed/gnocchi.0d6f2bba-59cd-4426-8eda-3049d75754dd/none_v3" 201 - "PUT https://[::1]:8080/v1/AUTH_d8741d1891ef40e5a7a8c7bee0ab6eed/gnocchi.0d6f2bba-59cd-4426-8eda-3049d75754dd/none_v3" "txc7d40dffec5d41fcb1ffb-006933a5e6" "proxy-server 97198" 0.0152 "-" 96250 0
Dec 05 22:41:26 np0005548602.novalocal container-server[95916]: ::1 - - [06/Dec/2025:03:41:26 +0000] "PUT /2/118845/AUTH_d8741d1891ef40e5a7a8c7bee0ab6eed/gnocchi.0d6f2bba-59cd-4426-8eda-3049d75754dd/none_v3" 201 - "PUT http://[::1]:8080/2/170541/AUTH_d8741d1891ef40e5a7a8c7bee0ab6eed/gnocchi.0d6f2bba-59cd-4426-8eda-3049d75754dd/none_v3" "txc7d40dffec5d41fcb1ffb-006933a5e6" "object-server 96250" 0.0006 "-" 95916 0
Dec 05 22:41:26 np0005548602.novalocal object-server[96250]: ::1 - - [06/Dec/2025:03:41:26 +0000] "PUT /2/170541/AUTH_d8741d1891ef40e5a7a8c7bee0ab6eed/gnocchi.0d6f2bba-59cd-4426-8eda-3049d75754dd/none_v3" 201 - "PUT https://[::1]:8080/v1/AUTH_d8741d1891ef40e5a7a8c7bee0ab6eed/gnocchi.0d6f2bba-59cd-4426-8eda-3049d75754dd/none_v3" "txc7d40dffec5d41fcb1ffb-006933a5e6" "proxy-server 97198" 0.0213 "-" 96250 0
Dec 05 22:41:26 np0005548602.novalocal proxy-server[97198]: ::1 ::1 06/Dec/2025/03/41/26 PUT /v1/AUTH_d8741d1891ef40e5a7a8c7bee0ab6eed/gnocchi.0d6f2bba-59cd-4426-8eda-3049d75754dd/none_v3 HTTP/1.0 201 - python-swiftclient-4.8.0 gAAAAABpM6W9MtUs... 52 - - txc7d40dffec5d41fcb1ffb-006933a5e6 - 0.0313 - - 1764992486.810802460 1764992486.842119932 0 1229ee3e1d964977b2a5589f27ad366e
Dec 05 22:41:26 np0005548602.novalocal systemd[1]: Starting SETroubleshoot daemon for processing new SELinux denial logs...
Dec 05 22:41:26 np0005548602.novalocal systemd[1]: run-netns-qdhcp\x2dc41b9dc3\x2d3fc2\x2d42b7\x2d9ded\x2d11b245b345d8.mount: Deactivated successfully.
Dec 05 22:41:27 np0005548602.novalocal systemd[1]: Started SETroubleshoot daemon for processing new SELinux denial logs.
Dec 05 22:41:28 np0005548602.novalocal systemd[1]: Started dbus-:1.1-org.fedoraproject.SetroubleshootPrivileged@9.service.
Dec 05 22:41:29 np0005548602.novalocal account-server[95624]: ::1 - - [06/Dec/2025:03:41:29 +0000] "HEAD /2/249817/.misplaced_objects" 404 - "HEAD http://localhost/v1/.misplaced_objects?format=json" "txbec346e740f04192aaaa6-006933a5e9" "Swift Container Reconciler" 0.0004 "-" 95624 -
Dec 05 22:41:29 np0005548602.novalocal account-server[95624]: ::1 - - [06/Dec/2025:03:41:29 +0000] "HEAD /1/249817/.misplaced_objects" 404 - "HEAD http://localhost/v1/.misplaced_objects?format=json" "txbec346e740f04192aaaa6-006933a5e9" "Swift Container Reconciler" 0.0002 "-" 95624 -
Dec 05 22:41:29 np0005548602.novalocal account-server[95623]: ::1 - - [06/Dec/2025:03:41:29 +0000] "HEAD /3/249817/.misplaced_objects" 404 - "HEAD http://localhost/v1/.misplaced_objects?format=json" "txbec346e740f04192aaaa6-006933a5e9" "Swift Container Reconciler" 0.0003 "-" 95623 -
Dec 05 22:41:29 np0005548602.novalocal container-reconciler-ic[91656]: - - 06/Dec/2025/03/41/29 HEAD /v1/.misplaced_objects%3Fformat%3Djson HTTP/1.0 404 - Swift - - - - txbec346e740f04192aaaa6-006933a5e9 - 0.0063 GET_ACCOUNT_INFO - 1764992489.133052349 1764992489.139397860 - -
Dec 05 22:41:29 np0005548602.novalocal container-server[95917]: ::1 - - [06/Dec/2025:03:41:29 +0000] "GET /3/13763/.misplaced_objects/1764990000" 404 - "GET http://localhost/v1/.misplaced_objects/1764990000?format=json&marker=&end_marker=&prefix=&states=listing" "txbec346e740f04192aaaa6-006933a5e9" "Swift Container Reconciler" 0.0003 "-" 95917 0
Dec 05 22:41:29 np0005548602.novalocal container-server[95916]: ::1 - - [06/Dec/2025:03:41:29 +0000] "GET /2/13763/.misplaced_objects/1764990000" 404 - "GET http://localhost/v1/.misplaced_objects/1764990000?format=json&marker=&end_marker=&prefix=&states=listing" "txbec346e740f04192aaaa6-006933a5e9" "Swift Container Reconciler" 0.0003 "-" 95916 0
Dec 05 22:41:29 np0005548602.novalocal container-server[95917]: ::1 - - [06/Dec/2025:03:41:29 +0000] "GET /1/13763/.misplaced_objects/1764990000" 404 - "GET http://localhost/v1/.misplaced_objects/1764990000?format=json&marker=&end_marker=&prefix=&states=listing" "txbec346e740f04192aaaa6-006933a5e9" "Swift Container Reconciler" 0.0002 "-" 95917 0
Dec 05 22:41:29 np0005548602.novalocal container-reconciler-ic[91656]: - - 06/Dec/2025/03/41/29 GET /v1/.misplaced_objects/1764990000%3Fformat%3Djson%26marker%3D%26end_marker%3D%26prefix%3D%26states%3Dlisting HTTP/1.0 404 - Swift%20Container%20Reconciler - - 70 - txbec346e740f04192aaaa6-006933a5e9 - 0.0129 - - 1764992489.132409811 1764992489.145302534 0 -
Dec 05 22:41:29 np0005548602.novalocal account-server[95623]: ::1 - - [06/Dec/2025:03:41:29 +0000] "GET /1/249817/.misplaced_objects" 404 - "GET http://localhost/v1/.misplaced_objects?format=json&marker=&end_marker=&prefix=" "txbad5efbfe72b46a18a0e7-006933a5e9" "Swift Container Reconciler" 0.0002 "-" 95623 -
Dec 05 22:41:29 np0005548602.novalocal account-server[95624]: ::1 - - [06/Dec/2025:03:41:29 +0000] "GET /2/249817/.misplaced_objects" 404 - "GET http://localhost/v1/.misplaced_objects?format=json&marker=&end_marker=&prefix=" "txbad5efbfe72b46a18a0e7-006933a5e9" "Swift Container Reconciler" 0.0005 "-" 95624 -
Dec 05 22:41:29 np0005548602.novalocal account-server[95623]: ::1 - - [06/Dec/2025:03:41:29 +0000] "GET /3/249817/.misplaced_objects" 404 - "GET http://localhost/v1/.misplaced_objects?format=json&marker=&end_marker=&prefix=" "txbad5efbfe72b46a18a0e7-006933a5e9" "Swift Container Reconciler" 0.0001 "-" 95623 -
Dec 05 22:41:29 np0005548602.novalocal container-reconciler-ic[91656]: - - 06/Dec/2025/03/41/29 GET /v1/.misplaced_objects%3Fformat%3Djson%26marker%3D%26end_marker%3D%26prefix%3D HTTP/1.0 404 - Swift%20Container%20Reconciler - - - - txbad5efbfe72b46a18a0e7-006933a5e9 - 0.0049 - - 1764992489.145672798 1764992489.150560141 - -
Dec 05 22:41:29 np0005548602.novalocal container-reconciler[91656]: Reconciler Stats: {}
Dec 05 22:41:29 np0005548602.novalocal container-reconciler[91656]: sleeping between intervals (30.0s)
Dec 05 22:41:29 np0005548602.novalocal setroubleshoot[103981]: SELinux is preventing /usr/sbin/httpd from read access on the file bc2ea3f2bd5efb05f436d311c2d8f1859a468fd3f7a871515d767569b2639993. For complete SELinux messages run: sealert -l ee2eaec4-a31a-4ced-a7da-23a28238be12
Dec 05 22:41:29 np0005548602.novalocal setroubleshoot[103981]: SELinux is preventing /usr/sbin/httpd from read access on the file bc2ea3f2bd5efb05f436d311c2d8f1859a468fd3f7a871515d767569b2639993. ***** Plugin catchall (100. confidence) suggests ************************** If you believe that httpd should be allowed read access on the bc2ea3f2bd5efb05f436d311c2d8f1859a468fd3f7a871515d767569b2639993 file by default. Then you should report this as a bug. You can generate a local policy module to allow this access. Do allow this access for now by executing: # ausearch -c 'httpd' --raw | audit2allow -M my-httpd # semodule -X 300 -i my-httpd.pp
Dec 05 22:41:29 np0005548602.novalocal haproxy-metadata-proxy-cf792248-f1b4-40a1-afff-8245d4413186[103107]: ::ffff:10.100.0.13:58602 [05/Dec/2025:22:41:24.340] listener listener/metadata 0/0/0/5063/5063 200 97 - - ---- 1/1/0/0/0 0/0 "GET /2009-04-04/meta-data/instance-id HTTP/1.1"
Dec 05 22:41:29 np0005548602.novalocal object-auditor[103318]: Begin object audit "forever" mode (ZBF)
Dec 05 22:41:29 np0005548602.novalocal object-auditor[103318]: Object audit (ZBF). Since Sat Dec 6 03:41:29 2025: Locally: 1 passed, 0 quarantined, 0 errors, files/sec: 222.97, bytes/sec: 0.00, Total time: 0.00, Auditing time: 0.00, Rate: 0.00
Dec 05 22:41:29 np0005548602.novalocal setroubleshoot[103981]: failed to retrieve rpm info for path '/var/lib/nova/.cache/python-entrypoints/bc2ea3f2bd5efb05f436d311c2d8f1859a468fd3f7a871515d767569b2639993':
Dec 05 22:41:29 np0005548602.novalocal setroubleshoot[103981]: SELinux is preventing /usr/sbin/httpd from open access on the file /var/lib/nova/.cache/python-entrypoints/bc2ea3f2bd5efb05f436d311c2d8f1859a468fd3f7a871515d767569b2639993. For complete SELinux messages run: sealert -l 342d5525-5730-4c4d-a006-7353a22f6dbf
Dec 05 22:41:29 np0005548602.novalocal setroubleshoot[103981]: SELinux is preventing /usr/sbin/httpd from open access on the file /var/lib/nova/.cache/python-entrypoints/bc2ea3f2bd5efb05f436d311c2d8f1859a468fd3f7a871515d767569b2639993. ***** Plugin catchall (100. confidence) suggests ************************** If you believe that httpd should be allowed open access on the bc2ea3f2bd5efb05f436d311c2d8f1859a468fd3f7a871515d767569b2639993 file by default. Then you should report this as a bug. You can generate a local policy module to allow this access. Do allow this access for now by executing: # ausearch -c 'httpd' --raw | audit2allow -M my-httpd # semodule -X 300 -i my-httpd.pp
Dec 05 22:41:29 np0005548602.novalocal setroubleshoot[103981]: SELinux is preventing /usr/sbin/httpd from getattr access on the file /var/lib/nova/.cache/python-entrypoints/bc2ea3f2bd5efb05f436d311c2d8f1859a468fd3f7a871515d767569b2639993. For complete SELinux messages run: sealert -l 80b69f01-d6ab-41a8-b799-63c8f80a898e
Dec 05 22:41:29 np0005548602.novalocal container-server[95916]: ::1 - - [06/Dec/2025:03:41:29 +0000] "HEAD /2/20960/AUTH_d8741d1891ef40e5a7a8c7bee0ab6eed/gnocchi.c4ee6b54-d310-490b-8884-b3ae969a800a" 404 - "HEAD http://[::1]:8080/v1/AUTH_d8741d1891ef40e5a7a8c7bee0ab6eed/gnocchi.c4ee6b54-d310-490b-8884-b3ae969a800a" "txa98e4b00728a497e9846b-006933a5e9" "proxy-server 97198" 0.0003 "-" 95916 0
Dec 05 22:41:29 np0005548602.novalocal container-server[95916]: ::1 - - [06/Dec/2025:03:41:29 +0000] "HEAD /1/20960/AUTH_d8741d1891ef40e5a7a8c7bee0ab6eed/gnocchi.c4ee6b54-d310-490b-8884-b3ae969a800a" 404 - "HEAD http://[::1]:8080/v1/AUTH_d8741d1891ef40e5a7a8c7bee0ab6eed/gnocchi.c4ee6b54-d310-490b-8884-b3ae969a800a" "txa98e4b00728a497e9846b-006933a5e9" "proxy-server 97198" 0.0002 "-" 95916 0
Dec 05 22:41:29 np0005548602.novalocal container-server[95916]: ::1 - - [06/Dec/2025:03:41:29 +0000] "HEAD /3/20960/AUTH_d8741d1891ef40e5a7a8c7bee0ab6eed/gnocchi.c4ee6b54-d310-490b-8884-b3ae969a800a" 404 - "HEAD http://[::1]:8080/v1/AUTH_d8741d1891ef40e5a7a8c7bee0ab6eed/gnocchi.c4ee6b54-d310-490b-8884-b3ae969a800a" "txa98e4b00728a497e9846b-006933a5e9" "proxy-server 97198" 0.0002 "-" 95916 0
Dec 05 22:41:29 np0005548602.novalocal proxy-server[97198]: - - 06/Dec/2025/03/41/29 HEAD /v1/AUTH_d8741d1891ef40e5a7a8c7bee0ab6eed/gnocchi.c4ee6b54-d310-490b-8884-b3ae969a800a HTTP/1.0 404 - Swift - - - - txa98e4b00728a497e9846b-006933a5e9 - 0.0074 CS - 1764992489.579093695 1764992489.586462259 0 -
Dec 05 22:41:29 np0005548602.novalocal setroubleshoot[103981]: SELinux is preventing /usr/sbin/httpd from getattr access on the file /var/lib/nova/.cache/python-entrypoints/bc2ea3f2bd5efb05f436d311c2d8f1859a468fd3f7a871515d767569b2639993. ***** Plugin catchall (100. confidence) suggests ************************** If you believe that httpd should be allowed getattr access on the bc2ea3f2bd5efb05f436d311c2d8f1859a468fd3f7a871515d767569b2639993 file by default. Then you should report this as a bug. You can generate a local policy module to allow this access. Do allow this access for now by executing: # ausearch -c 'httpd' --raw | audit2allow -M my-httpd # semodule -X 300 -i my-httpd.pp
Dec 05 22:41:29 np0005548602.novalocal object-server[96249]: ::1 - - [06/Dec/2025:03:41:29 +0000] "GET /1/87129/AUTH_d8741d1891ef40e5a7a8c7bee0ab6eed/gnocchi.c4ee6b54-d310-490b-8884-b3ae969a800a/none_v3" 404 70 "GET https://[::1]:8080/v1/AUTH_d8741d1891ef40e5a7a8c7bee0ab6eed/gnocchi.c4ee6b54-d310-490b-8884-b3ae969a800a/none_v3" "txa98e4b00728a497e9846b-006933a5e9" "proxy-server 97198" 0.0007 "-" 96249 0
Dec 05 22:41:29 np0005548602.novalocal setroubleshoot[103981]: SELinux is preventing /usr/sbin/httpd from ioctl access on the file /var/lib/nova/.cache/python-entrypoints/bc2ea3f2bd5efb05f436d311c2d8f1859a468fd3f7a871515d767569b2639993. For complete SELinux messages run: sealert -l 8d5febe6-b8e0-40d6-915e-226b7457c43f
Dec 05 22:41:29 np0005548602.novalocal object-server[96249]: ::1 - - [06/Dec/2025:03:41:29 +0000] "GET /3/87129/AUTH_d8741d1891ef40e5a7a8c7bee0ab6eed/gnocchi.c4ee6b54-d310-490b-8884-b3ae969a800a/none_v3" 404 70 "GET https://[::1]:8080/v1/AUTH_d8741d1891ef40e5a7a8c7bee0ab6eed/gnocchi.c4ee6b54-d310-490b-8884-b3ae969a800a/none_v3" "txa98e4b00728a497e9846b-006933a5e9" "proxy-server 97198" 0.0003 "-" 96249 0
Dec 05 22:41:29 np0005548602.novalocal object-server[96250]: ::1 - - [06/Dec/2025:03:41:29 +0000] "GET /2/87129/AUTH_d8741d1891ef40e5a7a8c7bee0ab6eed/gnocchi.c4ee6b54-d310-490b-8884-b3ae969a800a/none_v3" 404 70 "GET https://[::1]:8080/v1/AUTH_d8741d1891ef40e5a7a8c7bee0ab6eed/gnocchi.c4ee6b54-d310-490b-8884-b3ae969a800a/none_v3" "txa98e4b00728a497e9846b-006933a5e9" "proxy-server 97198" 0.0008 "-" 96250 0
Dec 05 22:41:29 np0005548602.novalocal proxy-server[97198]: ::1 ::1 06/Dec/2025/03/41/29 GET /v1/AUTH_d8741d1891ef40e5a7a8c7bee0ab6eed/gnocchi.c4ee6b54-d310-490b-8884-b3ae969a800a/none_v3 HTTP/1.0 404 - python-swiftclient-4.8.0 gAAAAABpM6W9MtUs... - 70 - txa98e4b00728a497e9846b-006933a5e9 - 0.0226 - - 1764992489.577922583 1764992489.600481033 0 1229ee3e1d964977b2a5589f27ad366e
Dec 05 22:41:29 np0005548602.novalocal setroubleshoot[103981]: SELinux is preventing /usr/sbin/httpd from ioctl access on the file /var/lib/nova/.cache/python-entrypoints/bc2ea3f2bd5efb05f436d311c2d8f1859a468fd3f7a871515d767569b2639993. ***** Plugin catchall (100. confidence) suggests ************************** If you believe that httpd should be allowed ioctl access on the bc2ea3f2bd5efb05f436d311c2d8f1859a468fd3f7a871515d767569b2639993 file by default. Then you should report this as a bug. You can generate a local policy module to allow this access. Do allow this access for now by executing: # ausearch -c 'httpd' --raw | audit2allow -M my-httpd # semodule -X 300 -i my-httpd.pp
Dec 05 22:41:29 np0005548602.novalocal account-server[95624]: ::1 - - [06/Dec/2025:03:41:29 +0000] "PUT /3/76100/AUTH_d8741d1891ef40e5a7a8c7bee0ab6eed/gnocchi.c4ee6b54-d310-490b-8884-b3ae969a800a" 201 - "PUT http://[::1]:6001/1/20960/AUTH_d8741d1891ef40e5a7a8c7bee0ab6eed/gnocchi.c4ee6b54-d310-490b-8884-b3ae969a800a" "tx899f912e20aa4d679441a-006933a5e9" "container-server 95917" 0.0035 "-" 95624 0
Dec 05 22:41:29 np0005548602.novalocal container-server[95917]: ::1 - - [06/Dec/2025:03:41:29 +0000] "PUT /1/20960/AUTH_d8741d1891ef40e5a7a8c7bee0ab6eed/gnocchi.c4ee6b54-d310-490b-8884-b3ae969a800a" 201 - "PUT https://[::1]:8080/v1/AUTH_d8741d1891ef40e5a7a8c7bee0ab6eed/gnocchi.c4ee6b54-d310-490b-8884-b3ae969a800a" "tx899f912e20aa4d679441a-006933a5e9" "proxy-server 97198" 0.0236 "-" 95917 0
Dec 05 22:41:29 np0005548602.novalocal account-server[95624]: ::1 - - [06/Dec/2025:03:41:29 +0000] "PUT /2/76100/AUTH_d8741d1891ef40e5a7a8c7bee0ab6eed/gnocchi.c4ee6b54-d310-490b-8884-b3ae969a800a" 201 - "PUT http://[::1]:6001/3/20960/AUTH_d8741d1891ef40e5a7a8c7bee0ab6eed/gnocchi.c4ee6b54-d310-490b-8884-b3ae969a800a" "tx899f912e20aa4d679441a-006933a5e9" "container-server 95917" 0.0034 "-" 95624 0
Dec 05 22:41:29 np0005548602.novalocal container-server[95917]: ::1 - - [06/Dec/2025:03:41:29 +0000] "PUT /3/20960/AUTH_d8741d1891ef40e5a7a8c7bee0ab6eed/gnocchi.c4ee6b54-d310-490b-8884-b3ae969a800a" 201 - "PUT https://[::1]:8080/v1/AUTH_d8741d1891ef40e5a7a8c7bee0ab6eed/gnocchi.c4ee6b54-d310-490b-8884-b3ae969a800a" "tx899f912e20aa4d679441a-006933a5e9" "proxy-server 97198" 0.0111 "-" 95917 0
Dec 05 22:41:29 np0005548602.novalocal account-server[95623]: ::1 - - [06/Dec/2025:03:41:29 +0000] "PUT /1/76100/AUTH_d8741d1891ef40e5a7a8c7bee0ab6eed/gnocchi.c4ee6b54-d310-490b-8884-b3ae969a800a" 201 - "PUT http://[::1]:6001/2/20960/AUTH_d8741d1891ef40e5a7a8c7bee0ab6eed/gnocchi.c4ee6b54-d310-490b-8884-b3ae969a800a" "tx899f912e20aa4d679441a-006933a5e9" "container-server 95917" 0.0064 "-" 95623 0
Dec 05 22:41:29 np0005548602.novalocal container-server[95917]: ::1 - - [06/Dec/2025:03:41:29 +0000] "PUT /2/20960/AUTH_d8741d1891ef40e5a7a8c7bee0ab6eed/gnocchi.c4ee6b54-d310-490b-8884-b3ae969a800a" 201 - "PUT https://[::1]:8080/v1/AUTH_d8741d1891ef40e5a7a8c7bee0ab6eed/gnocchi.c4ee6b54-d310-490b-8884-b3ae969a800a" "tx899f912e20aa4d679441a-006933a5e9" "proxy-server 97198" 0.0232 "-" 95917 0
Dec 05 22:41:29 np0005548602.novalocal proxy-server[97198]: ::1 ::1 06/Dec/2025/03/41/29 PUT /v1/AUTH_d8741d1891ef40e5a7a8c7bee0ab6eed/gnocchi.c4ee6b54-d310-490b-8884-b3ae969a800a HTTP/1.0 201 - python-swiftclient-4.8.0 gAAAAABpM6W9MtUs... - - - tx899f912e20aa4d679441a-006933a5e9 - 0.0392 - - 1764992489.602370739 1764992489.641587019 0 1229ee3e1d964977b2a5589f27ad366e
Dec 05 22:41:29 np0005548602.novalocal container-server[95917]: ::1 - - [06/Dec/2025:03:41:29 +0000] "HEAD /1/20960/AUTH_d8741d1891ef40e5a7a8c7bee0ab6eed/gnocchi.c4ee6b54-d310-490b-8884-b3ae969a800a" 204 - "HEAD http://[::1]:8080/v1/AUTH_d8741d1891ef40e5a7a8c7bee0ab6eed/gnocchi.c4ee6b54-d310-490b-8884-b3ae969a800a" "txb7be572ab1c5444eb8669-006933a5e9" "proxy-server 97198" 0.0013 "-" 95917 0
Dec 05 22:41:29 np0005548602.novalocal proxy-server[97198]: - - 06/Dec/2025/03/41/29 HEAD /v1/AUTH_d8741d1891ef40e5a7a8c7bee0ab6eed/gnocchi.c4ee6b54-d310-490b-8884-b3ae969a800a HTTP/1.0 204 - Swift - - - - txb7be572ab1c5444eb8669-006933a5e9 - 0.0044 CS - 1764992489.647096157 1764992489.651480675 0 -
Dec 05 22:41:29 np0005548602.novalocal container-server[95917]: ::1 - - [06/Dec/2025:03:41:29 +0000] "GET /3/20960/AUTH_d8741d1891ef40e5a7a8c7bee0ab6eed/gnocchi.c4ee6b54-d310-490b-8884-b3ae969a800a" 200 2 "GET https://[::1]:8080/v1/AUTH_d8741d1891ef40e5a7a8c7bee0ab6eed/gnocchi.c4ee6b54-d310-490b-8884-b3ae969a800a?format=json&states=listing" "txb7be572ab1c5444eb8669-006933a5e9" "proxy-server 97198" 0.0021 "-" 95917 0
Dec 05 22:41:29 np0005548602.novalocal proxy-server[97198]: ::1 ::1 06/Dec/2025/03/41/29 GET /v1/AUTH_d8741d1891ef40e5a7a8c7bee0ab6eed/gnocchi.c4ee6b54-d310-490b-8884-b3ae969a800a%3Fformat%3Djson%26states%3Dlisting HTTP/1.0 200 - python-swiftclient-4.8.0 gAAAAABpM6W9MtUs... - 2 - txb7be572ab1c5444eb8669-006933a5e9 - 0.0141 - - 1764992489.646462440 1764992489.660603046 0 1229ee3e1d964977b2a5589f27ad366e
Dec 05 22:41:29 np0005548602.novalocal object-server[96249]: ::1 - - [06/Dec/2025:03:41:29 +0000] "GET /3/134015/AUTH_d8741d1891ef40e5a7a8c7bee0ab6eed/gnocchi.c4ee6b54-d310-490b-8884-b3ae969a800a/1764720000.0_mean_300.0_v3" 404 70 "GET https://[::1]:8080/v1/AUTH_d8741d1891ef40e5a7a8c7bee0ab6eed/gnocchi.c4ee6b54-d310-490b-8884-b3ae969a800a/1764720000.0_mean_300.0_v3" "tx1b3f504371184c2c9f9e1-006933a5e9" "proxy-server 97198" 0.0003 "-" 96249 0
Dec 05 22:41:29 np0005548602.novalocal object-server[96249]: ::1 - - [06/Dec/2025:03:41:29 +0000] "GET /1/134015/AUTH_d8741d1891ef40e5a7a8c7bee0ab6eed/gnocchi.c4ee6b54-d310-490b-8884-b3ae969a800a/1764720000.0_mean_300.0_v3" 404 70 "GET https://[::1]:8080/v1/AUTH_d8741d1891ef40e5a7a8c7bee0ab6eed/gnocchi.c4ee6b54-d310-490b-8884-b3ae969a800a/1764720000.0_mean_300.0_v3" "tx1b3f504371184c2c9f9e1-006933a5e9" "proxy-server 97198" 0.0005 "-" 96249 0
Dec 05 22:41:29 np0005548602.novalocal object-server[96249]: ::1 - - [06/Dec/2025:03:41:29 +0000] "GET /2/134015/AUTH_d8741d1891ef40e5a7a8c7bee0ab6eed/gnocchi.c4ee6b54-d310-490b-8884-b3ae969a800a/1764720000.0_mean_300.0_v3" 404 70 "GET https://[::1]:8080/v1/AUTH_d8741d1891ef40e5a7a8c7bee0ab6eed/gnocchi.c4ee6b54-d310-490b-8884-b3ae969a800a/1764720000.0_mean_300.0_v3" "tx1b3f504371184c2c9f9e1-006933a5e9" "proxy-server 97198" 0.0003 "-" 96249 0
Dec 05 22:41:29 np0005548602.novalocal proxy-server[97198]: ::1 ::1 06/Dec/2025/03/41/29 GET /v1/AUTH_d8741d1891ef40e5a7a8c7bee0ab6eed/gnocchi.c4ee6b54-d310-490b-8884-b3ae969a800a/1764720000.0_mean_300.0_v3 HTTP/1.0 404 - python-swiftclient-4.8.0 gAAAAABpM6W9MtUs... - 70 - tx1b3f504371184c2c9f9e1-006933a5e9 - 0.0153 - - 1764992489.664315939 1764992489.679612160 0 1229ee3e1d964977b2a5589f27ad366e
Dec 05 22:41:29 np0005548602.novalocal container-server[95916]: ::1 - - [06/Dec/2025:03:41:29 +0000] "PUT /1/20960/AUTH_d8741d1891ef40e5a7a8c7bee0ab6eed/gnocchi.c4ee6b54-d310-490b-8884-b3ae969a800a/1764720000.0_mean_300.0_v3" 201 - "PUT http://[::1]:8080/1/134015/AUTH_d8741d1891ef40e5a7a8c7bee0ab6eed/gnocchi.c4ee6b54-d310-490b-8884-b3ae969a800a/1764720000.0_mean_300.0_v3" "txb7130041615b41aba465c-006933a5e9" "object-server 96250" 0.0006 "-" 95916 0
Dec 05 22:41:29 np0005548602.novalocal object-server[96250]: ::1 - - [06/Dec/2025:03:41:29 +0000] "PUT /1/134015/AUTH_d8741d1891ef40e5a7a8c7bee0ab6eed/gnocchi.c4ee6b54-d310-490b-8884-b3ae969a800a/1764720000.0_mean_300.0_v3" 201 - "PUT https://[::1]:8080/v1/AUTH_d8741d1891ef40e5a7a8c7bee0ab6eed/gnocchi.c4ee6b54-d310-490b-8884-b3ae969a800a/1764720000.0_mean_300.0_v3" "txb7130041615b41aba465c-006933a5e9" "proxy-server 97198" 0.0224 "-" 96250 0
Dec 05 22:41:29 np0005548602.novalocal container-server[95916]: ::1 - - [06/Dec/2025:03:41:29 +0000] "PUT /2/20960/AUTH_d8741d1891ef40e5a7a8c7bee0ab6eed/gnocchi.c4ee6b54-d310-490b-8884-b3ae969a800a/1764720000.0_mean_300.0_v3" 201 - "PUT http://[::1]:8080/3/134015/AUTH_d8741d1891ef40e5a7a8c7bee0ab6eed/gnocchi.c4ee6b54-d310-490b-8884-b3ae969a800a/1764720000.0_mean_300.0_v3" "txb7130041615b41aba465c-006933a5e9" "object-server 96250" 0.0004 "-" 95916 0
Dec 05 22:41:29 np0005548602.novalocal container-server[95917]: ::1 - - [06/Dec/2025:03:41:29 +0000] "PUT /3/20960/AUTH_d8741d1891ef40e5a7a8c7bee0ab6eed/gnocchi.c4ee6b54-d310-490b-8884-b3ae969a800a/1764720000.0_mean_300.0_v3" 201 - "PUT http://[::1]:8080/2/134015/AUTH_d8741d1891ef40e5a7a8c7bee0ab6eed/gnocchi.c4ee6b54-d310-490b-8884-b3ae969a800a/1764720000.0_mean_300.0_v3" "txb7130041615b41aba465c-006933a5e9" "object-server 96250" 0.0016 "-" 95917 0
Dec 05 22:41:29 np0005548602.novalocal object-server[96250]: ::1 - - [06/Dec/2025:03:41:29 +0000] "PUT /3/134015/AUTH_d8741d1891ef40e5a7a8c7bee0ab6eed/gnocchi.c4ee6b54-d310-490b-8884-b3ae969a800a/1764720000.0_mean_300.0_v3" 201 - "PUT https://[::1]:8080/v1/AUTH_d8741d1891ef40e5a7a8c7bee0ab6eed/gnocchi.c4ee6b54-d310-490b-8884-b3ae969a800a/1764720000.0_mean_300.0_v3" "txb7130041615b41aba465c-006933a5e9" "proxy-server 97198" 0.0211 "-" 96250 0
Dec 05 22:41:29 np0005548602.novalocal object-server[96250]: ::1 - - [06/Dec/2025:03:41:29 +0000] "PUT /2/134015/AUTH_d8741d1891ef40e5a7a8c7bee0ab6eed/gnocchi.c4ee6b54-d310-490b-8884-b3ae969a800a/1764720000.0_mean_300.0_v3" 201 - "PUT https://[::1]:8080/v1/AUTH_d8741d1891ef40e5a7a8c7bee0ab6eed/gnocchi.c4ee6b54-d310-490b-8884-b3ae969a800a/1764720000.0_mean_300.0_v3" "txb7130041615b41aba465c-006933a5e9" "proxy-server 97198" 0.0199 "-" 96250 0
Dec 05 22:41:29 np0005548602.novalocal proxy-server[97198]: ::1 ::1 06/Dec/2025/03/41/29 PUT /v1/AUTH_d8741d1891ef40e5a7a8c7bee0ab6eed/gnocchi.c4ee6b54-d310-490b-8884-b3ae969a800a/1764720000.0_mean_300.0_v3 HTTP/1.0 201 - python-swiftclient-4.8.0 gAAAAABpM6W9MtUs... 16 - - txb7130041615b41aba465c-006933a5e9 - 0.0416 - - 1764992489.682222843 1764992489.723854065 0 1229ee3e1d964977b2a5589f27ad366e
Dec 05 22:41:29 np0005548602.novalocal container-server[95916]: ::1 - - [06/Dec/2025:03:41:29 +0000] "PUT /2/20960/AUTH_d8741d1891ef40e5a7a8c7bee0ab6eed/gnocchi.c4ee6b54-d310-490b-8884-b3ae969a800a/none_v3" 201 - "PUT http://[::1]:8080/1/87129/AUTH_d8741d1891ef40e5a7a8c7bee0ab6eed/gnocchi.c4ee6b54-d310-490b-8884-b3ae969a800a/none_v3" "txe3a2f2c41e7f4a9db1c25-006933a5e9" "object-server 96250" 0.0006 "-" 95916 0
Dec 05 22:41:29 np0005548602.novalocal container-server[95916]: ::1 - - [06/Dec/2025:03:41:29 +0000] "PUT /3/20960/AUTH_d8741d1891ef40e5a7a8c7bee0ab6eed/gnocchi.c4ee6b54-d310-490b-8884-b3ae969a800a/none_v3" 201 - "PUT http://[::1]:8080/2/87129/AUTH_d8741d1891ef40e5a7a8c7bee0ab6eed/gnocchi.c4ee6b54-d310-490b-8884-b3ae969a800a/none_v3" "txe3a2f2c41e7f4a9db1c25-006933a5e9" "object-server 96249" 0.0004 "-" 95916 0
Dec 05 22:41:29 np0005548602.novalocal object-server[96250]: ::1 - - [06/Dec/2025:03:41:29 +0000] "PUT /1/87129/AUTH_d8741d1891ef40e5a7a8c7bee0ab6eed/gnocchi.c4ee6b54-d310-490b-8884-b3ae969a800a/none_v3" 201 - "PUT https://[::1]:8080/v1/AUTH_d8741d1891ef40e5a7a8c7bee0ab6eed/gnocchi.c4ee6b54-d310-490b-8884-b3ae969a800a/none_v3" "txe3a2f2c41e7f4a9db1c25-006933a5e9" "proxy-server 97198" 0.0122 "-" 96250 0
Dec 05 22:41:29 np0005548602.novalocal container-server[95917]: ::1 - - [06/Dec/2025:03:41:29 +0000] "PUT /1/20960/AUTH_d8741d1891ef40e5a7a8c7bee0ab6eed/gnocchi.c4ee6b54-d310-490b-8884-b3ae969a800a/none_v3" 201 - "PUT http://[::1]:8080/3/87129/AUTH_d8741d1891ef40e5a7a8c7bee0ab6eed/gnocchi.c4ee6b54-d310-490b-8884-b3ae969a800a/none_v3" "txe3a2f2c41e7f4a9db1c25-006933a5e9" "object-server 96249" 0.0007 "-" 95917 0
Dec 05 22:41:29 np0005548602.novalocal object-server[96249]: ::1 - - [06/Dec/2025:03:41:29 +0000] "PUT /2/87129/AUTH_d8741d1891ef40e5a7a8c7bee0ab6eed/gnocchi.c4ee6b54-d310-490b-8884-b3ae969a800a/none_v3" 201 - "PUT https://[::1]:8080/v1/AUTH_d8741d1891ef40e5a7a8c7bee0ab6eed/gnocchi.c4ee6b54-d310-490b-8884-b3ae969a800a/none_v3" "txe3a2f2c41e7f4a9db1c25-006933a5e9" "proxy-server 97198" 0.0117 "-" 96249 0
Dec 05 22:41:29 np0005548602.novalocal object-server[96249]: ::1 - - [06/Dec/2025:03:41:29 +0000] "PUT /3/87129/AUTH_d8741d1891ef40e5a7a8c7bee0ab6eed/gnocchi.c4ee6b54-d310-490b-8884-b3ae969a800a/none_v3" 201 - "PUT https://[::1]:8080/v1/AUTH_d8741d1891ef40e5a7a8c7bee0ab6eed/gnocchi.c4ee6b54-d310-490b-8884-b3ae969a800a/none_v3" "txe3a2f2c41e7f4a9db1c25-006933a5e9" "proxy-server 97198" 0.0140 "-" 96249 0
Dec 05 22:41:29 np0005548602.novalocal proxy-server[97198]: ::1 ::1 06/Dec/2025/03/41/29 PUT /v1/AUTH_d8741d1891ef40e5a7a8c7bee0ab6eed/gnocchi.c4ee6b54-d310-490b-8884-b3ae969a800a/none_v3 HTTP/1.0 201 - python-swiftclient-4.8.0 gAAAAABpM6W9MtUs... 22 - - txe3a2f2c41e7f4a9db1c25-006933a5e9 - 0.0281 - - 1764992489.728155851 1764992489.756284714 0 1229ee3e1d964977b2a5589f27ad366e
Dec 05 22:41:29 np0005548602.novalocal container-server[95916]: ::1 - - [06/Dec/2025:03:41:29 +0000] "HEAD /3/149573/AUTH_d8741d1891ef40e5a7a8c7bee0ab6eed/gnocchi.ba29cc5c-420e-4520-b59b-e674dd1c860e" 404 - "HEAD http://[::1]:8080/v1/AUTH_d8741d1891ef40e5a7a8c7bee0ab6eed/gnocchi.ba29cc5c-420e-4520-b59b-e674dd1c860e" "tx4194e99750a7467089b3b-006933a5e9" "proxy-server 97198" 0.0004 "-" 95916 0
Dec 05 22:41:29 np0005548602.novalocal container-server[95917]: ::1 - - [06/Dec/2025:03:41:29 +0000] "HEAD /2/149573/AUTH_d8741d1891ef40e5a7a8c7bee0ab6eed/gnocchi.ba29cc5c-420e-4520-b59b-e674dd1c860e" 404 - "HEAD http://[::1]:8080/v1/AUTH_d8741d1891ef40e5a7a8c7bee0ab6eed/gnocchi.ba29cc5c-420e-4520-b59b-e674dd1c860e" "tx4194e99750a7467089b3b-006933a5e9" "proxy-server 97198" 0.0009 "-" 95917 0
Dec 05 22:41:29 np0005548602.novalocal container-server[95917]: ::1 - - [06/Dec/2025:03:41:29 +0000] "HEAD /1/149573/AUTH_d8741d1891ef40e5a7a8c7bee0ab6eed/gnocchi.ba29cc5c-420e-4520-b59b-e674dd1c860e" 404 - "HEAD http://[::1]:8080/v1/AUTH_d8741d1891ef40e5a7a8c7bee0ab6eed/gnocchi.ba29cc5c-420e-4520-b59b-e674dd1c860e" "tx4194e99750a7467089b3b-006933a5e9" "proxy-server 97198" 0.0003 "-" 95917 0
Dec 05 22:41:29 np0005548602.novalocal proxy-server[97198]: - - 06/Dec/2025/03/41/29 HEAD /v1/AUTH_d8741d1891ef40e5a7a8c7bee0ab6eed/gnocchi.ba29cc5c-420e-4520-b59b-e674dd1c860e HTTP/1.0 404 - Swift - - - - tx4194e99750a7467089b3b-006933a5e9 - 0.0114 CS - 1764992489.783485413 1764992489.794883728 0 -
Dec 05 22:41:29 np0005548602.novalocal object-server[96249]: ::1 - - [06/Dec/2025:03:41:29 +0000] "GET /3/233550/AUTH_d8741d1891ef40e5a7a8c7bee0ab6eed/gnocchi.ba29cc5c-420e-4520-b59b-e674dd1c860e/none_v3" 404 70 "GET https://[::1]:8080/v1/AUTH_d8741d1891ef40e5a7a8c7bee0ab6eed/gnocchi.ba29cc5c-420e-4520-b59b-e674dd1c860e/none_v3" "tx4194e99750a7467089b3b-006933a5e9" "proxy-server 97198" 0.0002 "-" 96249 0
Dec 05 22:41:29 np0005548602.novalocal object-server[96250]: ::1 - - [06/Dec/2025:03:41:29 +0000] "GET /1/233550/AUTH_d8741d1891ef40e5a7a8c7bee0ab6eed/gnocchi.ba29cc5c-420e-4520-b59b-e674dd1c860e/none_v3" 404 70 "GET https://[::1]:8080/v1/AUTH_d8741d1891ef40e5a7a8c7bee0ab6eed/gnocchi.ba29cc5c-420e-4520-b59b-e674dd1c860e/none_v3" "tx4194e99750a7467089b3b-006933a5e9" "proxy-server 97198" 0.0004 "-" 96250 0
Dec 05 22:41:29 np0005548602.novalocal object-server[96250]: ::1 - - [06/Dec/2025:03:41:29 +0000] "GET /2/233550/AUTH_d8741d1891ef40e5a7a8c7bee0ab6eed/gnocchi.ba29cc5c-420e-4520-b59b-e674dd1c860e/none_v3" 404 70 "GET https://[::1]:8080/v1/AUTH_d8741d1891ef40e5a7a8c7bee0ab6eed/gnocchi.ba29cc5c-420e-4520-b59b-e674dd1c860e/none_v3" "tx4194e99750a7467089b3b-006933a5e9" "proxy-server 97198" 0.0002 "-" 96250 0
Dec 05 22:41:29 np0005548602.novalocal proxy-server[97198]: ::1 ::1 06/Dec/2025/03/41/29 GET /v1/AUTH_d8741d1891ef40e5a7a8c7bee0ab6eed/gnocchi.ba29cc5c-420e-4520-b59b-e674dd1c860e/none_v3 HTTP/1.0 404 - python-swiftclient-4.8.0 gAAAAABpM6W9MtUs... - 70 - tx4194e99750a7467089b3b-006933a5e9 - 0.0296 - - 1764992489.777913809 1764992489.807531357 0 1229ee3e1d964977b2a5589f27ad366e
Dec 05 22:41:29 np0005548602.novalocal account-server[95623]: ::1 - - [06/Dec/2025:03:41:29 +0000] "PUT /3/76100/AUTH_d8741d1891ef40e5a7a8c7bee0ab6eed/gnocchi.ba29cc5c-420e-4520-b59b-e674dd1c860e" 201 - "PUT http://[::1]:6001/3/149573/AUTH_d8741d1891ef40e5a7a8c7bee0ab6eed/gnocchi.ba29cc5c-420e-4520-b59b-e674dd1c860e" "tx2c18a7e6379b48f282193-006933a5e9" "container-server 95916" 0.0035 "-" 95623 0
Dec 05 22:41:29 np0005548602.novalocal container-server[95916]: ::1 - - [06/Dec/2025:03:41:29 +0000] "PUT /3/149573/AUTH_d8741d1891ef40e5a7a8c7bee0ab6eed/gnocchi.ba29cc5c-420e-4520-b59b-e674dd1c860e" 201 - "PUT https://[::1]:8080/v1/AUTH_d8741d1891ef40e5a7a8c7bee0ab6eed/gnocchi.ba29cc5c-420e-4520-b59b-e674dd1c860e" "tx2c18a7e6379b48f282193-006933a5e9" "proxy-server 97198" 0.0587 "-" 95916 0
Dec 05 22:41:29 np0005548602.novalocal account-server[95623]: ::1 - - [06/Dec/2025:03:41:29 +0000] "PUT /1/76100/AUTH_d8741d1891ef40e5a7a8c7bee0ab6eed/gnocchi.ba29cc5c-420e-4520-b59b-e674dd1c860e" 201 - "PUT http://[::1]:6001/2/149573/AUTH_d8741d1891ef40e5a7a8c7bee0ab6eed/gnocchi.ba29cc5c-420e-4520-b59b-e674dd1c860e" "tx2c18a7e6379b48f282193-006933a5e9" "container-server 95917" 0.0108 "-" 95623 0
Dec 05 22:41:29 np0005548602.novalocal container-server[95917]: ::1 - - [06/Dec/2025:03:41:29 +0000] "PUT /2/149573/AUTH_d8741d1891ef40e5a7a8c7bee0ab6eed/gnocchi.ba29cc5c-420e-4520-b59b-e674dd1c860e" 201 - "PUT https://[::1]:8080/v1/AUTH_d8741d1891ef40e5a7a8c7bee0ab6eed/gnocchi.ba29cc5c-420e-4520-b59b-e674dd1c860e" "tx2c18a7e6379b48f282193-006933a5e9" "proxy-server 97198" 0.0633 "-" 95917 0
Dec 05 22:41:29 np0005548602.novalocal account-server[95623]: ::1 - - [06/Dec/2025:03:41:29 +0000] "PUT /2/76100/AUTH_d8741d1891ef40e5a7a8c7bee0ab6eed/gnocchi.ba29cc5c-420e-4520-b59b-e674dd1c860e" 201 - "PUT http://[::1]:6001/1/149573/AUTH_d8741d1891ef40e5a7a8c7bee0ab6eed/gnocchi.ba29cc5c-420e-4520-b59b-e674dd1c860e" "tx2c18a7e6379b48f282193-006933a5e9" "container-server 95916" 0.0044 "-" 95623 0
Dec 05 22:41:29 np0005548602.novalocal container-server[95916]: ::1 - - [06/Dec/2025:03:41:29 +0000] "PUT /1/149573/AUTH_d8741d1891ef40e5a7a8c7bee0ab6eed/gnocchi.ba29cc5c-420e-4520-b59b-e674dd1c860e" 201 - "PUT https://[::1]:8080/v1/AUTH_d8741d1891ef40e5a7a8c7bee0ab6eed/gnocchi.ba29cc5c-420e-4520-b59b-e674dd1c860e" "tx2c18a7e6379b48f282193-006933a5e9" "proxy-server 97198" 0.0210 "-" 95916 0
Dec 05 22:41:29 np0005548602.novalocal proxy-server[97198]: ::1 ::1 06/Dec/2025/03/41/29 PUT /v1/AUTH_d8741d1891ef40e5a7a8c7bee0ab6eed/gnocchi.ba29cc5c-420e-4520-b59b-e674dd1c860e HTTP/1.0 201 - python-swiftclient-4.8.0 gAAAAABpM6W9MtUs... - - - tx2c18a7e6379b48f282193-006933a5e9 - 0.0773 - - 1764992489.810381889 1764992489.887646437 0 1229ee3e1d964977b2a5589f27ad366e
Dec 05 22:41:29 np0005548602.novalocal container-server[95916]: ::1 - - [06/Dec/2025:03:41:29 +0000] "HEAD /2/149573/AUTH_d8741d1891ef40e5a7a8c7bee0ab6eed/gnocchi.ba29cc5c-420e-4520-b59b-e674dd1c860e" 204 - "HEAD http://[::1]:8080/v1/AUTH_d8741d1891ef40e5a7a8c7bee0ab6eed/gnocchi.ba29cc5c-420e-4520-b59b-e674dd1c860e" "tx7ba00183b88a42b6952cf-006933a5e9" "proxy-server 97198" 0.0015 "-" 95916 0
Dec 05 22:41:29 np0005548602.novalocal proxy-server[97198]: - - 06/Dec/2025/03/41/29 HEAD /v1/AUTH_d8741d1891ef40e5a7a8c7bee0ab6eed/gnocchi.ba29cc5c-420e-4520-b59b-e674dd1c860e HTTP/1.0 204 - Swift - - - - tx7ba00183b88a42b6952cf-006933a5e9 - 0.0063 CS - 1764992489.896660328 1764992489.902956963 0 -
Dec 05 22:41:29 np0005548602.novalocal container-server[95917]: ::1 - - [06/Dec/2025:03:41:29 +0000] "GET /1/149573/AUTH_d8741d1891ef40e5a7a8c7bee0ab6eed/gnocchi.ba29cc5c-420e-4520-b59b-e674dd1c860e" 200 2 "GET https://[::1]:8080/v1/AUTH_d8741d1891ef40e5a7a8c7bee0ab6eed/gnocchi.ba29cc5c-420e-4520-b59b-e674dd1c860e?format=json&states=listing" "tx7ba00183b88a42b6952cf-006933a5e9" "proxy-server 97198" 0.0022 "-" 95917 0
Dec 05 22:41:29 np0005548602.novalocal proxy-server[97198]: ::1 ::1 06/Dec/2025/03/41/29 GET /v1/AUTH_d8741d1891ef40e5a7a8c7bee0ab6eed/gnocchi.ba29cc5c-420e-4520-b59b-e674dd1c860e%3Fformat%3Djson%26states%3Dlisting HTTP/1.0 200 - python-swiftclient-4.8.0 gAAAAABpM6W9MtUs... - 2 - tx7ba00183b88a42b6952cf-006933a5e9 - 0.0165 - - 1764992489.895984650 1764992489.912462473 0 1229ee3e1d964977b2a5589f27ad366e
Dec 05 22:41:29 np0005548602.novalocal object-server[96249]: ::1 - - [06/Dec/2025:03:41:29 +0000] "GET /3/159591/AUTH_d8741d1891ef40e5a7a8c7bee0ab6eed/gnocchi.ba29cc5c-420e-4520-b59b-e674dd1c860e/1764720000.0_mean_300.0_v3" 404 70 "GET https://[::1]:8080/v1/AUTH_d8741d1891ef40e5a7a8c7bee0ab6eed/gnocchi.ba29cc5c-420e-4520-b59b-e674dd1c860e/1764720000.0_mean_300.0_v3" "txfba84f192f5643e6845df-006933a5e9" "proxy-server 97198" 0.0003 "-" 96249 0
Dec 05 22:41:29 np0005548602.novalocal object-server[96249]: ::1 - - [06/Dec/2025:03:41:29 +0000] "GET /2/159591/AUTH_d8741d1891ef40e5a7a8c7bee0ab6eed/gnocchi.ba29cc5c-420e-4520-b59b-e674dd1c860e/1764720000.0_mean_300.0_v3" 404 70 "GET https://[::1]:8080/v1/AUTH_d8741d1891ef40e5a7a8c7bee0ab6eed/gnocchi.ba29cc5c-420e-4520-b59b-e674dd1c860e/1764720000.0_mean_300.0_v3" "txfba84f192f5643e6845df-006933a5e9" "proxy-server 97198" 0.0002 "-" 96249 0
Dec 05 22:41:29 np0005548602.novalocal object-server[96250]: ::1 - - [06/Dec/2025:03:41:29 +0000] "GET /1/159591/AUTH_d8741d1891ef40e5a7a8c7bee0ab6eed/gnocchi.ba29cc5c-420e-4520-b59b-e674dd1c860e/1764720000.0_mean_300.0_v3" 404 70 "GET https://[::1]:8080/v1/AUTH_d8741d1891ef40e5a7a8c7bee0ab6eed/gnocchi.ba29cc5c-420e-4520-b59b-e674dd1c860e/1764720000.0_mean_300.0_v3" "txfba84f192f5643e6845df-006933a5e9" "proxy-server 97198" 0.0004 "-" 96250 0
Dec 05 22:41:29 np0005548602.novalocal proxy-server[97198]: ::1 ::1 06/Dec/2025/03/41/29 GET /v1/AUTH_d8741d1891ef40e5a7a8c7bee0ab6eed/gnocchi.ba29cc5c-420e-4520-b59b-e674dd1c860e/1764720000.0_mean_300.0_v3 HTTP/1.0 404 - python-swiftclient-4.8.0 gAAAAABpM6W9MtUs... - 70 - txfba84f192f5643e6845df-006933a5e9 - 0.0092 - - 1764992489.917057514 1764992489.926291466 0 1229ee3e1d964977b2a5589f27ad366e
Dec 05 22:41:29 np0005548602.novalocal kernel: qg-fead9351-18: entered promiscuous mode
Dec 05 22:41:29 np0005548602.novalocal NetworkManager[858]: [1764992489.9318] manager: (qg-fead9351-18): 'openvswitch' plugin not available; creating generic device
Dec 05 22:41:29 np0005548602.novalocal NetworkManager[858]: [1764992489.9336] manager: (qg-fead9351-18): new Generic device (/org/freedesktop/NetworkManager/Devices/30)
Dec 05 22:41:29 np0005548602.novalocal NetworkManager[858]: [1764992489.9373] manager: (tap1c744710-e3): 'openvswitch' plugin not available; creating generic device
Dec 05 22:41:29 np0005548602.novalocal kernel: tap1c744710-e3: entered promiscuous mode
Dec 05 22:41:29 np0005548602.novalocal NetworkManager[858]: [1764992489.9382] manager: (tap1c744710-e3): new Generic device (/org/freedesktop/NetworkManager/Devices/31)
Dec 05 22:41:29 np0005548602.novalocal container-server[95916]: ::1 - - [06/Dec/2025:03:41:29 +0000] "PUT /2/149573/AUTH_d8741d1891ef40e5a7a8c7bee0ab6eed/gnocchi.ba29cc5c-420e-4520-b59b-e674dd1c860e/1764720000.0_mean_300.0_v3" 201 - "PUT http://[::1]:8080/2/159591/AUTH_d8741d1891ef40e5a7a8c7bee0ab6eed/gnocchi.ba29cc5c-420e-4520-b59b-e674dd1c860e/1764720000.0_mean_300.0_v3" "txb42203db5f5249248c41e-006933a5e9" "object-server 96249" 0.0007 "-" 95916 0
Dec 05 22:41:29 np0005548602.novalocal object-server[96249]: ::1 - - [06/Dec/2025:03:41:29 +0000] "PUT /2/159591/AUTH_d8741d1891ef40e5a7a8c7bee0ab6eed/gnocchi.ba29cc5c-420e-4520-b59b-e674dd1c860e/1764720000.0_mean_300.0_v3" 201 - "PUT https://[::1]:8080/v1/AUTH_d8741d1891ef40e5a7a8c7bee0ab6eed/gnocchi.ba29cc5c-420e-4520-b59b-e674dd1c860e/1764720000.0_mean_300.0_v3" "txb42203db5f5249248c41e-006933a5e9" "proxy-server 97198" 0.0109 "-" 96249 0
Dec 05 22:41:29 np0005548602.novalocal container-server[95916]: ::1 - - [06/Dec/2025:03:41:29 +0000] "PUT /1/149573/AUTH_d8741d1891ef40e5a7a8c7bee0ab6eed/gnocchi.ba29cc5c-420e-4520-b59b-e674dd1c860e/1764720000.0_mean_300.0_v3" 201 - "PUT http://[::1]:8080/1/159591/AUTH_d8741d1891ef40e5a7a8c7bee0ab6eed/gnocchi.ba29cc5c-420e-4520-b59b-e674dd1c860e/1764720000.0_mean_300.0_v3" "txb42203db5f5249248c41e-006933a5e9" "object-server 96249" 0.0008 "-" 95916 0
Dec 05 22:41:29 np0005548602.novalocal object-server[96249]: ::1 - - [06/Dec/2025:03:41:29 +0000] "PUT /1/159591/AUTH_d8741d1891ef40e5a7a8c7bee0ab6eed/gnocchi.ba29cc5c-420e-4520-b59b-e674dd1c860e/1764720000.0_mean_300.0_v3" 201 - "PUT https://[::1]:8080/v1/AUTH_d8741d1891ef40e5a7a8c7bee0ab6eed/gnocchi.ba29cc5c-420e-4520-b59b-e674dd1c860e/1764720000.0_mean_300.0_v3" "txb42203db5f5249248c41e-006933a5e9" "proxy-server 97198" 0.0136 "-" 96249 0
Dec 05 22:41:29 np0005548602.novalocal container-server[95917]: ::1 - - [06/Dec/2025:03:41:29 +0000] "PUT /3/149573/AUTH_d8741d1891ef40e5a7a8c7bee0ab6eed/gnocchi.ba29cc5c-420e-4520-b59b-e674dd1c860e/1764720000.0_mean_300.0_v3" 201 - "PUT http://[::1]:8080/3/159591/AUTH_d8741d1891ef40e5a7a8c7bee0ab6eed/gnocchi.ba29cc5c-420e-4520-b59b-e674dd1c860e/1764720000.0_mean_300.0_v3" "txb42203db5f5249248c41e-006933a5e9" "object-server 96249" 0.0009 "-" 95917 0
Dec 05 22:41:29 np0005548602.novalocal object-server[96249]: ::1 - - [06/Dec/2025:03:41:29 +0000] "PUT /3/159591/AUTH_d8741d1891ef40e5a7a8c7bee0ab6eed/gnocchi.ba29cc5c-420e-4520-b59b-e674dd1c860e/1764720000.0_mean_300.0_v3" 201 - "PUT https://[::1]:8080/v1/AUTH_d8741d1891ef40e5a7a8c7bee0ab6eed/gnocchi.ba29cc5c-420e-4520-b59b-e674dd1c860e/1764720000.0_mean_300.0_v3" "txb42203db5f5249248c41e-006933a5e9" "proxy-server 97198" 0.0176 "-" 96249 0
Dec 05 22:41:29 np0005548602.novalocal proxy-server[97198]: ::1 ::1 06/Dec/2025/03/41/29 PUT /v1/AUTH_d8741d1891ef40e5a7a8c7bee0ab6eed/gnocchi.ba29cc5c-420e-4520-b59b-e674dd1c860e/1764720000.0_mean_300.0_v3 HTTP/1.0 201 - python-swiftclient-4.8.0 gAAAAABpM6W9MtUs... 16 - - txb42203db5f5249248c41e-006933a5e9 - 0.0242 - - 1764992489.929196835 1764992489.953362942 0 1229ee3e1d964977b2a5589f27ad366e
Dec 05 22:41:29 np0005548602.novalocal container-server[95916]: ::1 - - [06/Dec/2025:03:41:29 +0000] "PUT /3/149573/AUTH_d8741d1891ef40e5a7a8c7bee0ab6eed/gnocchi.ba29cc5c-420e-4520-b59b-e674dd1c860e/none_v3" 201 - "PUT http://[::1]:8080/1/233550/AUTH_d8741d1891ef40e5a7a8c7bee0ab6eed/gnocchi.ba29cc5c-420e-4520-b59b-e674dd1c860e/none_v3" "tx49499352e7c04c3f86396-006933a5e9" "object-server 96249" 0.0005 "-" 95916 0
Dec 05 22:41:29 np0005548602.novalocal container-server[95917]: ::1 - - [06/Dec/2025:03:41:29 +0000] "PUT /2/149573/AUTH_d8741d1891ef40e5a7a8c7bee0ab6eed/gnocchi.ba29cc5c-420e-4520-b59b-e674dd1c860e/none_v3" 201 - "PUT http://[::1]:8080/3/233550/AUTH_d8741d1891ef40e5a7a8c7bee0ab6eed/gnocchi.ba29cc5c-420e-4520-b59b-e674dd1c860e/none_v3" "tx49499352e7c04c3f86396-006933a5e9" "object-server 96250" 0.0006 "-" 95917 0
