Dec 05 22:42:00 np0005548602.novalocal proxy-server[97198]: ::1 ::1 06/Dec/2025/03/42/00 GET /v1/AUTH_d8741d1891ef40e5a7a8c7bee0ab6eed/gnocchi.fb5943f1-50a0-41cf-a8b2-4b9caa44427b%3Fformat%3Djson%26marker%3Dnone_v3%26states%3Dlisting HTTP/1.0 200 - python-swiftclient-4.8.0 gAAAAABpM6W9MtUs... - 2 - tx2c01528dc6714725ac6b4-006933a608 - 0.0164 - - 1764992520.156186104 1764992520.172539711 0 1229ee3e1d964977b2a5589f27ad366e
Dec 05 22:42:00 np0005548602.novalocal object-server[96250]: ::1 - - [06/Dec/2025:03:42:00 +0000] "GET /3/82137/AUTH_d8741d1891ef40e5a7a8c7bee0ab6eed/gnocchi.fb5943f1-50a0-41cf-a8b2-4b9caa44427b/1764720000.0_mean_300.0_v3" 200 16 "GET https://[::1]:8080/v1/AUTH_d8741d1891ef40e5a7a8c7bee0ab6eed/gnocchi.fb5943f1-50a0-41cf-a8b2-4b9caa44427b/1764720000.0_mean_300.0_v3" "tx6bd0db68f780491289381-006933a608" "proxy-server 97198" 0.0009 "-" 96250 0
Dec 05 22:42:00 np0005548602.novalocal proxy-server[97198]: ::1 ::1 06/Dec/2025/03/42/00 GET /v1/AUTH_d8741d1891ef40e5a7a8c7bee0ab6eed/gnocchi.fb5943f1-50a0-41cf-a8b2-4b9caa44427b/1764720000.0_mean_300.0_v3 HTTP/1.0 200 - python-swiftclient-4.8.0 gAAAAABpM6W9MtUs... - 16 - tx6bd0db68f780491289381-006933a608 - 0.0083 - - 1764992520.177208900 1764992520.185486555 0 1229ee3e1d964977b2a5589f27ad366e
Dec 05 22:42:00 np0005548602.novalocal container-server[95916]: ::1 - - [06/Dec/2025:03:42:00 +0000] "PUT /3/43651/AUTH_d8741d1891ef40e5a7a8c7bee0ab6eed/gnocchi.fb5943f1-50a0-41cf-a8b2-4b9caa44427b/1764720000.0_mean_300.0_v3" 201 - "PUT http://[::1]:8080/1/82137/AUTH_d8741d1891ef40e5a7a8c7bee0ab6eed/gnocchi.fb5943f1-50a0-41cf-a8b2-4b9caa44427b/1764720000.0_mean_300.0_v3" "tx228da960a1dd4e2381460-006933a608" "object-server 96250" 0.0006 "-" 95916 0
Dec 05 22:42:00 np0005548602.novalocal object-server[96250]: ::1 - - [06/Dec/2025:03:42:00 +0000] "PUT /1/82137/AUTH_d8741d1891ef40e5a7a8c7bee0ab6eed/gnocchi.fb5943f1-50a0-41cf-a8b2-4b9caa44427b/1764720000.0_mean_300.0_v3" 201 - "PUT https://[::1]:8080/v1/AUTH_d8741d1891ef40e5a7a8c7bee0ab6eed/gnocchi.fb5943f1-50a0-41cf-a8b2-4b9caa44427b/1764720000.0_mean_300.0_v3" "tx228da960a1dd4e2381460-006933a608" "proxy-server 97198" 0.0124 "-" 96250 0
Dec 05 22:42:00 np0005548602.novalocal container-server[95916]: ::1 - - [06/Dec/2025:03:42:00 +0000] "PUT /2/43651/AUTH_d8741d1891ef40e5a7a8c7bee0ab6eed/gnocchi.fb5943f1-50a0-41cf-a8b2-4b9caa44427b/1764720000.0_mean_300.0_v3" 201 - "PUT http://[::1]:8080/2/82137/AUTH_d8741d1891ef40e5a7a8c7bee0ab6eed/gnocchi.fb5943f1-50a0-41cf-a8b2-4b9caa44427b/1764720000.0_mean_300.0_v3" "tx228da960a1dd4e2381460-006933a608" "object-server 96249" 0.0004 "-" 95916 0
Dec 05 22:42:00 np0005548602.novalocal container-server[95917]: ::1 - - [06/Dec/2025:03:42:00 +0000] "PUT /1/43651/AUTH_d8741d1891ef40e5a7a8c7bee0ab6eed/gnocchi.fb5943f1-50a0-41cf-a8b2-4b9caa44427b/1764720000.0_mean_300.0_v3" 201 - "PUT http://[::1]:8080/3/82137/AUTH_d8741d1891ef40e5a7a8c7bee0ab6eed/gnocchi.fb5943f1-50a0-41cf-a8b2-4b9caa44427b/1764720000.0_mean_300.0_v3" "tx228da960a1dd4e2381460-006933a608" "object-server 96249" 0.0007 "-" 95917 0
Dec 05 22:42:00 np0005548602.novalocal object-server[96249]: ::1 - - [06/Dec/2025:03:42:00 +0000] "PUT /2/82137/AUTH_d8741d1891ef40e5a7a8c7bee0ab6eed/gnocchi.fb5943f1-50a0-41cf-a8b2-4b9caa44427b/1764720000.0_mean_300.0_v3" 201 - "PUT https://[::1]:8080/v1/AUTH_d8741d1891ef40e5a7a8c7bee0ab6eed/gnocchi.fb5943f1-50a0-41cf-a8b2-4b9caa44427b/1764720000.0_mean_300.0_v3" "tx228da960a1dd4e2381460-006933a608" "proxy-server 97198" 0.0114 "-" 96249 0
Dec 05 22:42:00 np0005548602.novalocal object-server[96249]: ::1 - - [06/Dec/2025:03:42:00 +0000] "PUT /3/82137/AUTH_d8741d1891ef40e5a7a8c7bee0ab6eed/gnocchi.fb5943f1-50a0-41cf-a8b2-4b9caa44427b/1764720000.0_mean_300.0_v3" 201 - "PUT https://[::1]:8080/v1/AUTH_d8741d1891ef40e5a7a8c7bee0ab6eed/gnocchi.fb5943f1-50a0-41cf-a8b2-4b9caa44427b/1764720000.0_mean_300.0_v3" "tx228da960a1dd4e2381460-006933a608" "proxy-server 97198" 0.0145 "-" 96249 0
Dec 05 22:42:00 np0005548602.novalocal proxy-server[97198]: ::1 ::1 06/Dec/2025/03/42/00 PUT /v1/AUTH_d8741d1891ef40e5a7a8c7bee0ab6eed/gnocchi.fb5943f1-50a0-41cf-a8b2-4b9caa44427b/1764720000.0_mean_300.0_v3 HTTP/1.0 201 - python-swiftclient-4.8.0 gAAAAABpM6W9MtUs... 16 - - tx228da960a1dd4e2381460-006933a608 - 0.0283 - - 1764992520.191352606 1764992520.219645500 0 1229ee3e1d964977b2a5589f27ad366e
Dec 05 22:42:00 np0005548602.novalocal container-server[95916]: ::1 - - [06/Dec/2025:03:42:00 +0000] "PUT /2/43651/AUTH_d8741d1891ef40e5a7a8c7bee0ab6eed/gnocchi.fb5943f1-50a0-41cf-a8b2-4b9caa44427b/none_v3" 201 - "PUT http://[::1]:8080/3/49115/AUTH_d8741d1891ef40e5a7a8c7bee0ab6eed/gnocchi.fb5943f1-50a0-41cf-a8b2-4b9caa44427b/none_v3" "txc39f2fedbb5c425ebe8fe-006933a608" "object-server 96249" 0.0007 "-" 95916 0
Dec 05 22:42:00 np0005548602.novalocal object-server[96249]: ::1 - - [06/Dec/2025:03:42:00 +0000] "PUT /3/49115/AUTH_d8741d1891ef40e5a7a8c7bee0ab6eed/gnocchi.fb5943f1-50a0-41cf-a8b2-4b9caa44427b/none_v3" 201 - "PUT https://[::1]:8080/v1/AUTH_d8741d1891ef40e5a7a8c7bee0ab6eed/gnocchi.fb5943f1-50a0-41cf-a8b2-4b9caa44427b/none_v3" "txc39f2fedbb5c425ebe8fe-006933a608" "proxy-server 97198" 0.0133 "-" 96249 0
Dec 05 22:42:00 np0005548602.novalocal container-server[95916]: ::1 - - [06/Dec/2025:03:42:00 +0000] "PUT /3/43651/AUTH_d8741d1891ef40e5a7a8c7bee0ab6eed/gnocchi.fb5943f1-50a0-41cf-a8b2-4b9caa44427b/none_v3" 201 - "PUT http://[::1]:8080/2/49115/AUTH_d8741d1891ef40e5a7a8c7bee0ab6eed/gnocchi.fb5943f1-50a0-41cf-a8b2-4b9caa44427b/none_v3" "txc39f2fedbb5c425ebe8fe-006933a608" "object-server 96250" 0.0005 "-" 95916 0
Dec 05 22:42:00 np0005548602.novalocal object-server[96250]: ::1 - - [06/Dec/2025:03:42:00 +0000] "PUT /2/49115/AUTH_d8741d1891ef40e5a7a8c7bee0ab6eed/gnocchi.fb5943f1-50a0-41cf-a8b2-4b9caa44427b/none_v3" 201 - "PUT https://[::1]:8080/v1/AUTH_d8741d1891ef40e5a7a8c7bee0ab6eed/gnocchi.fb5943f1-50a0-41cf-a8b2-4b9caa44427b/none_v3" "txc39f2fedbb5c425ebe8fe-006933a608" "proxy-server 97198" 0.0123 "-" 96250 0
Dec 05 22:42:00 np0005548602.novalocal container-server[95916]: ::1 - - [06/Dec/2025:03:42:00 +0000] "PUT /1/43651/AUTH_d8741d1891ef40e5a7a8c7bee0ab6eed/gnocchi.fb5943f1-50a0-41cf-a8b2-4b9caa44427b/none_v3" 201 - "PUT http://[::1]:8080/1/49115/AUTH_d8741d1891ef40e5a7a8c7bee0ab6eed/gnocchi.fb5943f1-50a0-41cf-a8b2-4b9caa44427b/none_v3" "txc39f2fedbb5c425ebe8fe-006933a608" "object-server 96250" 0.0006 "-" 95916 0
Dec 05 22:42:00 np0005548602.novalocal object-server[96250]: ::1 - - [06/Dec/2025:03:42:00 +0000] "PUT /1/49115/AUTH_d8741d1891ef40e5a7a8c7bee0ab6eed/gnocchi.fb5943f1-50a0-41cf-a8b2-4b9caa44427b/none_v3" 201 - "PUT https://[::1]:8080/v1/AUTH_d8741d1891ef40e5a7a8c7bee0ab6eed/gnocchi.fb5943f1-50a0-41cf-a8b2-4b9caa44427b/none_v3" "txc39f2fedbb5c425ebe8fe-006933a608" "proxy-server 97198" 0.0162 "-" 96250 0
Dec 05 22:42:00 np0005548602.novalocal proxy-server[97198]: ::1 ::1 06/Dec/2025/03/42/00 PUT /v1/AUTH_d8741d1891ef40e5a7a8c7bee0ab6eed/gnocchi.fb5943f1-50a0-41cf-a8b2-4b9caa44427b/none_v3 HTTP/1.0 201 - python-swiftclient-4.8.0 gAAAAABpM6W9MtUs... 36 - - txc39f2fedbb5c425ebe8fe-006933a608 - 0.0273 - - 1764992520.223525047 1764992520.250844955 0 1229ee3e1d964977b2a5589f27ad366e
Dec 05 22:42:01 np0005548602.novalocal container-replicator[95980]: Beginning replication run
Dec 05 22:42:01 np0005548602.novalocal object-auditor[104578]: Begin object audit "forever" mode (ZBF)
Dec 05 22:42:01 np0005548602.novalocal object-auditor[104579]: Begin object audit "forever" mode (ALL)
Dec 05 22:42:01 np0005548602.novalocal object-auditor[104578]: Object audit (ZBF). Since Sat Dec 6 03:42:01 2025: Locally: 1 passed, 0 quarantined, 0 errors, files/sec: 377.76, bytes/sec: 0.00, Total time: 0.00, Auditing time: 0.00, Rate: 0.00
Dec 05 22:42:01 np0005548602.novalocal dnsmasq[103202]: read /var/lib/neutron/dhcp/980dc363-bd6a-42f8-91d2-13309a4d0704/addn_hosts - 3 addresses
Dec 05 22:42:01 np0005548602.novalocal dnsmasq-dhcp[103202]: read /var/lib/neutron/dhcp/980dc363-bd6a-42f8-91d2-13309a4d0704/host
Dec 05 22:42:01 np0005548602.novalocal dnsmasq-dhcp[103202]: read /var/lib/neutron/dhcp/980dc363-bd6a-42f8-91d2-13309a4d0704/opts
Dec 05 22:42:02 np0005548602.novalocal container-sharder[95280]: Container sharder cycle starting, auto-sharding False
Dec 05 22:42:02 np0005548602.novalocal container-server[95917]: ::1 - - [06/Dec/2025:03:42:02 +0000] "HEAD /2/175611/AUTH_d8741d1891ef40e5a7a8c7bee0ab6eed/gnocchi.892a954a-dbd1-4e05-9b7d-d2f87c60ffa1" 404 - "HEAD http://[::1]:8080/v1/AUTH_d8741d1891ef40e5a7a8c7bee0ab6eed/gnocchi.892a954a-dbd1-4e05-9b7d-d2f87c60ffa1" "tx5a19c772a8204d53a6500-006933a60a" "proxy-server 97198" 0.0004 "-" 95917 0
Dec 05 22:42:02 np0005548602.novalocal container-server[95917]: ::1 - - [06/Dec/2025:03:42:02 +0000] "HEAD /3/175611/AUTH_d8741d1891ef40e5a7a8c7bee0ab6eed/gnocchi.892a954a-dbd1-4e05-9b7d-d2f87c60ffa1" 404 - "HEAD http://[::1]:8080/v1/AUTH_d8741d1891ef40e5a7a8c7bee0ab6eed/gnocchi.892a954a-dbd1-4e05-9b7d-d2f87c60ffa1" "tx5a19c772a8204d53a6500-006933a60a" "proxy-server 97198" 0.0003 "-" 95917 0
Dec 05 22:42:02 np0005548602.novalocal container-server[95917]: ::1 - - [06/Dec/2025:03:42:02 +0000] "HEAD /1/175611/AUTH_d8741d1891ef40e5a7a8c7bee0ab6eed/gnocchi.892a954a-dbd1-4e05-9b7d-d2f87c60ffa1" 404 - "HEAD http://[::1]:8080/v1/AUTH_d8741d1891ef40e5a7a8c7bee0ab6eed/gnocchi.892a954a-dbd1-4e05-9b7d-d2f87c60ffa1" "tx5a19c772a8204d53a6500-006933a60a" "proxy-server 97198" 0.0003 "-" 95917 0
Dec 05 22:42:02 np0005548602.novalocal proxy-server[97198]: - - 06/Dec/2025/03/42/02 HEAD /v1/AUTH_d8741d1891ef40e5a7a8c7bee0ab6eed/gnocchi.892a954a-dbd1-4e05-9b7d-d2f87c60ffa1 HTTP/1.0 404 - Swift - - - - tx5a19c772a8204d53a6500-006933a60a - 0.0102 CS - 1764992522.455269814 1764992522.465509176 0 -
Dec 05 22:42:02 np0005548602.novalocal object-server[96249]: ::1 - - [06/Dec/2025:03:42:02 +0000] "GET /3/259738/AUTH_d8741d1891ef40e5a7a8c7bee0ab6eed/gnocchi.892a954a-dbd1-4e05-9b7d-d2f87c60ffa1/none_v3" 404 70 "GET https://[::1]:8080/v1/AUTH_d8741d1891ef40e5a7a8c7bee0ab6eed/gnocchi.892a954a-dbd1-4e05-9b7d-d2f87c60ffa1/none_v3" "tx5a19c772a8204d53a6500-006933a60a" "proxy-server 97198" 0.0005 "-" 96249 0
Dec 05 22:42:02 np0005548602.novalocal object-server[96250]: ::1 - - [06/Dec/2025:03:42:02 +0000] "GET /1/259738/AUTH_d8741d1891ef40e5a7a8c7bee0ab6eed/gnocchi.892a954a-dbd1-4e05-9b7d-d2f87c60ffa1/none_v3" 404 70 "GET https://[::1]:8080/v1/AUTH_d8741d1891ef40e5a7a8c7bee0ab6eed/gnocchi.892a954a-dbd1-4e05-9b7d-d2f87c60ffa1/none_v3" "tx5a19c772a8204d53a6500-006933a60a" "proxy-server 97198" 0.0006 "-" 96250 0
Dec 05 22:42:02 np0005548602.novalocal object-server[96250]: ::1 - - [06/Dec/2025:03:42:02 +0000] "GET /2/259738/AUTH_d8741d1891ef40e5a7a8c7bee0ab6eed/gnocchi.892a954a-dbd1-4e05-9b7d-d2f87c60ffa1/none_v3" 404 70 "GET https://[::1]:8080/v1/AUTH_d8741d1891ef40e5a7a8c7bee0ab6eed/gnocchi.892a954a-dbd1-4e05-9b7d-d2f87c60ffa1/none_v3" "tx5a19c772a8204d53a6500-006933a60a" "proxy-server 97198" 0.0005 "-" 96250 0
Dec 05 22:42:02 np0005548602.novalocal proxy-server[97198]: ::1 ::1 06/Dec/2025/03/42/02 GET /v1/AUTH_d8741d1891ef40e5a7a8c7bee0ab6eed/gnocchi.892a954a-dbd1-4e05-9b7d-d2f87c60ffa1/none_v3 HTTP/1.0 404 - python-swiftclient-4.8.0 gAAAAABpM6XeP7WC... - 70 - tx5a19c772a8204d53a6500-006933a60a - 0.0247 - - 1764992522.454190016 1764992522.478922606 0 1229ee3e1d964977b2a5589f27ad366e
Dec 05 22:42:02 np0005548602.novalocal account-server[95623]: ::1 - - [06/Dec/2025:03:42:02 +0000] "PUT /3/76100/AUTH_d8741d1891ef40e5a7a8c7bee0ab6eed/gnocchi.892a954a-dbd1-4e05-9b7d-d2f87c60ffa1" 201 - "PUT http://[::1]:6001/3/175611/AUTH_d8741d1891ef40e5a7a8c7bee0ab6eed/gnocchi.892a954a-dbd1-4e05-9b7d-d2f87c60ffa1" "txb874ed1aac2248168e2f3-006933a60a" "container-server 95917" 0.0063 "-" 95623 0
Dec 05 22:42:02 np0005548602.novalocal account-server[95624]: ::1 - - [06/Dec/2025:03:42:02 +0000] "PUT /1/76100/AUTH_d8741d1891ef40e5a7a8c7bee0ab6eed/gnocchi.892a954a-dbd1-4e05-9b7d-d2f87c60ffa1" 201 - "PUT http://[::1]:6001/1/175611/AUTH_d8741d1891ef40e5a7a8c7bee0ab6eed/gnocchi.892a954a-dbd1-4e05-9b7d-d2f87c60ffa1" "txb874ed1aac2248168e2f3-006933a60a" "container-server 95916" 0.0061 "-" 95624 0
Dec 05 22:42:02 np0005548602.novalocal container-server[95917]: ::1 - - [06/Dec/2025:03:42:02 +0000] "PUT /3/175611/AUTH_d8741d1891ef40e5a7a8c7bee0ab6eed/gnocchi.892a954a-dbd1-4e05-9b7d-d2f87c60ffa1" 201 - "PUT https://[::1]:8080/v1/AUTH_d8741d1891ef40e5a7a8c7bee0ab6eed/gnocchi.892a954a-dbd1-4e05-9b7d-d2f87c60ffa1" "txb874ed1aac2248168e2f3-006933a60a" "proxy-server 97198" 0.0203 "-" 95917 0
Dec 05 22:42:02 np0005548602.novalocal container-server[95916]: ::1 - - [06/Dec/2025:03:42:02 +0000] "PUT /1/175611/AUTH_d8741d1891ef40e5a7a8c7bee0ab6eed/gnocchi.892a954a-dbd1-4e05-9b7d-d2f87c60ffa1" 201 - "PUT https://[::1]:8080/v1/AUTH_d8741d1891ef40e5a7a8c7bee0ab6eed/gnocchi.892a954a-dbd1-4e05-9b7d-d2f87c60ffa1" "txb874ed1aac2248168e2f3-006933a60a" "proxy-server 97198" 0.0326 "-" 95916 0
Dec 05 22:42:02 np0005548602.novalocal account-server[95624]: ::1 - - [06/Dec/2025:03:42:02 +0000] "PUT /2/76100/AUTH_d8741d1891ef40e5a7a8c7bee0ab6eed/gnocchi.892a954a-dbd1-4e05-9b7d-d2f87c60ffa1" 201 - "PUT http://[::1]:6001/2/175611/AUTH_d8741d1891ef40e5a7a8c7bee0ab6eed/gnocchi.892a954a-dbd1-4e05-9b7d-d2f87c60ffa1" "txb874ed1aac2248168e2f3-006933a60a" "container-server 95916" 0.0057 "-" 95624 0
Dec 05 22:42:02 np0005548602.novalocal container-server[95916]: ::1 - - [06/Dec/2025:03:42:02 +0000] "PUT /2/175611/AUTH_d8741d1891ef40e5a7a8c7bee0ab6eed/gnocchi.892a954a-dbd1-4e05-9b7d-d2f87c60ffa1" 201 - "PUT https://[::1]:8080/v1/AUTH_d8741d1891ef40e5a7a8c7bee0ab6eed/gnocchi.892a954a-dbd1-4e05-9b7d-d2f87c60ffa1" "txb874ed1aac2248168e2f3-006933a60a" "proxy-server 97198" 0.0274 "-" 95916 0
Dec 05 22:42:02 np0005548602.novalocal proxy-server[97198]: ::1 ::1 06/Dec/2025/03/42/02 PUT /v1/AUTH_d8741d1891ef40e5a7a8c7bee0ab6eed/gnocchi.892a954a-dbd1-4e05-9b7d-d2f87c60ffa1 HTTP/1.0 201 - python-swiftclient-4.8.0 gAAAAABpM6XeP7WC... - - - txb874ed1aac2248168e2f3-006933a60a - 0.0527 - - 1764992522.482069731 1764992522.534764051 0 1229ee3e1d964977b2a5589f27ad366e
Dec 05 22:42:02 np0005548602.novalocal container-server[95917]: ::1 - - [06/Dec/2025:03:42:02 +0000] "HEAD /1/175611/AUTH_d8741d1891ef40e5a7a8c7bee0ab6eed/gnocchi.892a954a-dbd1-4e05-9b7d-d2f87c60ffa1" 204 - "HEAD http://[::1]:8080/v1/AUTH_d8741d1891ef40e5a7a8c7bee0ab6eed/gnocchi.892a954a-dbd1-4e05-9b7d-d2f87c60ffa1" "tx5b5ba5dd44b54012947cf-006933a60a" "proxy-server 97198" 0.0019 "-" 95917 0
Dec 05 22:42:02 np0005548602.novalocal proxy-server[97198]: - - 06/Dec/2025/03/42/02 HEAD /v1/AUTH_d8741d1891ef40e5a7a8c7bee0ab6eed/gnocchi.892a954a-dbd1-4e05-9b7d-d2f87c60ffa1 HTTP/1.0 204 - Swift - - - - tx5b5ba5dd44b54012947cf-006933a60a - 0.0067 CS - 1764992522.538860321 1764992522.545532227 0 -
Dec 05 22:42:02 np0005548602.novalocal container-server[95917]: ::1 - - [06/Dec/2025:03:42:02 +0000] "GET /3/175611/AUTH_d8741d1891ef40e5a7a8c7bee0ab6eed/gnocchi.892a954a-dbd1-4e05-9b7d-d2f87c60ffa1" 200 2 "GET https://[::1]:8080/v1/AUTH_d8741d1891ef40e5a7a8c7bee0ab6eed/gnocchi.892a954a-dbd1-4e05-9b7d-d2f87c60ffa1?format=json&states=listing" "tx5b5ba5dd44b54012947cf-006933a60a" "proxy-server 97198" 0.0039 "-" 95917 0
Dec 05 22:42:02 np0005548602.novalocal proxy-server[97198]: ::1 ::1 06/Dec/2025/03/42/02 GET /v1/AUTH_d8741d1891ef40e5a7a8c7bee0ab6eed/gnocchi.892a954a-dbd1-4e05-9b7d-d2f87c60ffa1%3Fformat%3Djson%26states%3Dlisting HTTP/1.0 200 - python-swiftclient-4.8.0 gAAAAABpM6XeP7WC... - 2 - tx5b5ba5dd44b54012947cf-006933a60a - 0.0212 - - 1764992522.537966967 1764992522.559124470 0 1229ee3e1d964977b2a5589f27ad366e
Dec 05 22:42:02 np0005548602.novalocal object-server[96249]: ::1 - - [06/Dec/2025:03:42:02 +0000] "GET /1/227928/AUTH_d8741d1891ef40e5a7a8c7bee0ab6eed/gnocchi.892a954a-dbd1-4e05-9b7d-d2f87c60ffa1/1764720000.0_mean_300.0_v3" 404 70 "GET https://[::1]:8080/v1/AUTH_d8741d1891ef40e5a7a8c7bee0ab6eed/gnocchi.892a954a-dbd1-4e05-9b7d-d2f87c60ffa1/1764720000.0_mean_300.0_v3" "txc0cd613003a44c61a0f26-006933a60a" "proxy-server 97198" 0.0005 "-" 96249 0
Dec 05 22:42:02 np0005548602.novalocal object-server[96249]: ::1 - - [06/Dec/2025:03:42:02 +0000] "GET /3/227928/AUTH_d8741d1891ef40e5a7a8c7bee0ab6eed/gnocchi.892a954a-dbd1-4e05-9b7d-d2f87c60ffa1/1764720000.0_mean_300.0_v3" 404 70 "GET https://[::1]:8080/v1/AUTH_d8741d1891ef40e5a7a8c7bee0ab6eed/gnocchi.892a954a-dbd1-4e05-9b7d-d2f87c60ffa1/1764720000.0_mean_300.0_v3" "txc0cd613003a44c61a0f26-006933a60a" "proxy-server 97198" 0.0004 "-" 96249 0
Dec 05 22:42:02 np0005548602.novalocal object-server[96249]: ::1 - - [06/Dec/2025:03:42:02 +0000] "GET /2/227928/AUTH_d8741d1891ef40e5a7a8c7bee0ab6eed/gnocchi.892a954a-dbd1-4e05-9b7d-d2f87c60ffa1/1764720000.0_mean_300.0_v3" 404 70 "GET https://[::1]:8080/v1/AUTH_d8741d1891ef40e5a7a8c7bee0ab6eed/gnocchi.892a954a-dbd1-4e05-9b7d-d2f87c60ffa1/1764720000.0_mean_300.0_v3" "txc0cd613003a44c61a0f26-006933a60a" "proxy-server 97198" 0.0004 "-" 96249 0
Dec 05 22:42:02 np0005548602.novalocal proxy-server[97198]: ::1 ::1 06/Dec/2025/03/42/02 GET /v1/AUTH_d8741d1891ef40e5a7a8c7bee0ab6eed/gnocchi.892a954a-dbd1-4e05-9b7d-d2f87c60ffa1/1764720000.0_mean_300.0_v3 HTTP/1.0 404 - python-swiftclient-4.8.0 gAAAAABpM6XeP7WC... - 70 - txc0cd613003a44c61a0f26-006933a60a - 0.0176 - - 1764992522.562556267 1764992522.580196381 0 1229ee3e1d964977b2a5589f27ad366e
Dec 05 22:42:02 np0005548602.novalocal container-server[95916]: ::1 - - [06/Dec/2025:03:42:02 +0000] "PUT /1/175611/AUTH_d8741d1891ef40e5a7a8c7bee0ab6eed/gnocchi.892a954a-dbd1-4e05-9b7d-d2f87c60ffa1/1764720000.0_mean_300.0_v3" 201 - "PUT http://[::1]:8080/3/227928/AUTH_d8741d1891ef40e5a7a8c7bee0ab6eed/gnocchi.892a954a-dbd1-4e05-9b7d-d2f87c60ffa1/1764720000.0_mean_300.0_v3" "tx735a9606752d4e0a91cc0-006933a60a" "object-server 96249" 0.0010 "-" 95916 0
Dec 05 22:42:02 np0005548602.novalocal object-server[96249]: ::1 - - [06/Dec/2025:03:42:02 +0000] "PUT /3/227928/AUTH_d8741d1891ef40e5a7a8c7bee0ab6eed/gnocchi.892a954a-dbd1-4e05-9b7d-d2f87c60ffa1/1764720000.0_mean_300.0_v3" 201 - "PUT https://[::1]:8080/v1/AUTH_d8741d1891ef40e5a7a8c7bee0ab6eed/gnocchi.892a954a-dbd1-4e05-9b7d-d2f87c60ffa1/1764720000.0_mean_300.0_v3" "tx735a9606752d4e0a91cc0-006933a60a" "proxy-server 97198" 0.0175 "-" 96249 0
Dec 05 22:42:02 np0005548602.novalocal container-server[95917]: ::1 - - [06/Dec/2025:03:42:02 +0000] "PUT /3/175611/AUTH_d8741d1891ef40e5a7a8c7bee0ab6eed/gnocchi.892a954a-dbd1-4e05-9b7d-d2f87c60ffa1/1764720000.0_mean_300.0_v3" 201 - "PUT http://[::1]:8080/1/227928/AUTH_d8741d1891ef40e5a7a8c7bee0ab6eed/gnocchi.892a954a-dbd1-4e05-9b7d-d2f87c60ffa1/1764720000.0_mean_300.0_v3" "tx735a9606752d4e0a91cc0-006933a60a" "object-server 96249" 0.0013 "-" 95917 0
Dec 05 22:42:02 np0005548602.novalocal object-server[96249]: ::1 - - [06/Dec/2025:03:42:02 +0000] "PUT /1/227928/AUTH_d8741d1891ef40e5a7a8c7bee0ab6eed/gnocchi.892a954a-dbd1-4e05-9b7d-d2f87c60ffa1/1764720000.0_mean_300.0_v3" 201 - "PUT https://[::1]:8080/v1/AUTH_d8741d1891ef40e5a7a8c7bee0ab6eed/gnocchi.892a954a-dbd1-4e05-9b7d-d2f87c60ffa1/1764720000.0_mean_300.0_v3" "tx735a9606752d4e0a91cc0-006933a60a" "proxy-server 97198" 0.0212 "-" 96249 0
Dec 05 22:42:02 np0005548602.novalocal container-server[95917]: ::1 - - [06/Dec/2025:03:42:02 +0000] "PUT /2/175611/AUTH_d8741d1891ef40e5a7a8c7bee0ab6eed/gnocchi.892a954a-dbd1-4e05-9b7d-d2f87c60ffa1/1764720000.0_mean_300.0_v3" 201 - "PUT http://[::1]:8080/2/227928/AUTH_d8741d1891ef40e5a7a8c7bee0ab6eed/gnocchi.892a954a-dbd1-4e05-9b7d-d2f87c60ffa1/1764720000.0_mean_300.0_v3" "tx735a9606752d4e0a91cc0-006933a60a" "object-server 96249" 0.0009 "-" 95917 0
Dec 05 22:42:02 np0005548602.novalocal object-server[96249]: ::1 - - [06/Dec/2025:03:42:02 +0000] "PUT /2/227928/AUTH_d8741d1891ef40e5a7a8c7bee0ab6eed/gnocchi.892a954a-dbd1-4e05-9b7d-d2f87c60ffa1/1764720000.0_mean_300.0_v3" 201 - "PUT https://[::1]:8080/v1/AUTH_d8741d1891ef40e5a7a8c7bee0ab6eed/gnocchi.892a954a-dbd1-4e05-9b7d-d2f87c60ffa1/1764720000.0_mean_300.0_v3" "tx735a9606752d4e0a91cc0-006933a60a" "proxy-server 97198" 0.0194 "-" 96249 0
Dec 05 22:42:02 np0005548602.novalocal proxy-server[97198]: ::1 ::1 06/Dec/2025/03/42/02 PUT /v1/AUTH_d8741d1891ef40e5a7a8c7bee0ab6eed/gnocchi.892a954a-dbd1-4e05-9b7d-d2f87c60ffa1/1764720000.0_mean_300.0_v3 HTTP/1.0 201 - python-swiftclient-4.8.0 gAAAAABpM6XeP7WC... 16 - - tx735a9606752d4e0a91cc0-006933a60a - 0.0352 - - 1764992522.583515167 1764992522.618731976 0 1229ee3e1d964977b2a5589f27ad366e
Dec 05 22:42:02 np0005548602.novalocal container-server[95917]: ::1 - - [06/Dec/2025:03:42:02 +0000] "PUT /2/175611/AUTH_d8741d1891ef40e5a7a8c7bee0ab6eed/gnocchi.892a954a-dbd1-4e05-9b7d-d2f87c60ffa1/none_v3" 201 - "PUT http://[::1]:8080/3/259738/AUTH_d8741d1891ef40e5a7a8c7bee0ab6eed/gnocchi.892a954a-dbd1-4e05-9b7d-d2f87c60ffa1/none_v3" "txe6829f1c1c68417080db4-006933a60a" "object-server 96250" 0.0008 "-" 95917 0
Dec 05 22:42:02 np0005548602.novalocal container-server[95916]: ::1 - - [06/Dec/2025:03:42:02 +0000] "PUT /1/175611/AUTH_d8741d1891ef40e5a7a8c7bee0ab6eed/gnocchi.892a954a-dbd1-4e05-9b7d-d2f87c60ffa1/none_v3" 201 - "PUT http://[::1]:8080/1/259738/AUTH_d8741d1891ef40e5a7a8c7bee0ab6eed/gnocchi.892a954a-dbd1-4e05-9b7d-d2f87c60ffa1/none_v3" "txe6829f1c1c68417080db4-006933a60a" "object-server 96249" 0.0007 "-" 95916 0
Dec 05 22:42:02 np0005548602.novalocal object-server[96250]: ::1 - - [06/Dec/2025:03:42:02 +0000] "PUT /3/259738/AUTH_d8741d1891ef40e5a7a8c7bee0ab6eed/gnocchi.892a954a-dbd1-4e05-9b7d-d2f87c60ffa1/none_v3" 201 - "PUT https://[::1]:8080/v1/AUTH_d8741d1891ef40e5a7a8c7bee0ab6eed/gnocchi.892a954a-dbd1-4e05-9b7d-d2f87c60ffa1/none_v3" "txe6829f1c1c68417080db4-006933a60a" "proxy-server 97198" 0.0145 "-" 96250 0
Dec 05 22:42:02 np0005548602.novalocal object-server[96249]: ::1 - - [06/Dec/2025:03:42:02 +0000] "PUT /1/259738/AUTH_d8741d1891ef40e5a7a8c7bee0ab6eed/gnocchi.892a954a-dbd1-4e05-9b7d-d2f87c60ffa1/none_v3" 201 - "PUT https://[::1]:8080/v1/AUTH_d8741d1891ef40e5a7a8c7bee0ab6eed/gnocchi.892a954a-dbd1-4e05-9b7d-d2f87c60ffa1/none_v3" "txe6829f1c1c68417080db4-006933a60a" "proxy-server 97198" 0.0152 "-" 96249 0
Dec 05 22:42:02 np0005548602.novalocal container-server[95916]: ::1 - - [06/Dec/2025:03:42:02 +0000] "PUT /3/175611/AUTH_d8741d1891ef40e5a7a8c7bee0ab6eed/gnocchi.892a954a-dbd1-4e05-9b7d-d2f87c60ffa1/none_v3" 201 - "PUT http://[::1]:8080/2/259738/AUTH_d8741d1891ef40e5a7a8c7bee0ab6eed/gnocchi.892a954a-dbd1-4e05-9b7d-d2f87c60ffa1/none_v3" "txe6829f1c1c68417080db4-006933a60a" "object-server 96249" 0.0009 "-" 95916 0
Dec 05 22:42:02 np0005548602.novalocal object-server[96249]: ::1 - - [06/Dec/2025:03:42:02 +0000] "PUT /2/259738/AUTH_d8741d1891ef40e5a7a8c7bee0ab6eed/gnocchi.892a954a-dbd1-4e05-9b7d-d2f87c60ffa1/none_v3" 201 - "PUT https://[::1]:8080/v1/AUTH_d8741d1891ef40e5a7a8c7bee0ab6eed/gnocchi.892a954a-dbd1-4e05-9b7d-d2f87c60ffa1/none_v3" "txe6829f1c1c68417080db4-006933a60a" "proxy-server 97198" 0.0149 "-" 96249 0
Dec 05 22:42:02 np0005548602.novalocal proxy-server[97198]: ::1 ::1 06/Dec/2025/03/42/02 PUT /v1/AUTH_d8741d1891ef40e5a7a8c7bee0ab6eed/gnocchi.892a954a-dbd1-4e05-9b7d-d2f87c60ffa1/none_v3 HTTP/1.0 201 - python-swiftclient-4.8.0 gAAAAABpM6XeP7WC... 22 - - txe6829f1c1c68417080db4-006933a60a - 0.0296 - - 1764992522.621665478 1764992522.651267529 0 1229ee3e1d964977b2a5589f27ad366e
Dec 05 22:42:02 np0005548602.novalocal container-replicator[95980]: Replication run OVER
Dec 05 22:42:02 np0005548602.novalocal container-replicator[95980]: Attempted to replicate 78 dbs in 1.64257 seconds (47.48666/s)
Dec 05 22:42:02 np0005548602.novalocal container-replicator[95980]: Removed 0 dbs
Dec 05 22:42:02 np0005548602.novalocal container-replicator[95980]: 156 successes, 0 failures
Dec 05 22:42:02 np0005548602.novalocal container-replicator[95980]: diff:0 diff_capped:0 empty:0 hashmatch:0 no_change:156 remote_merge:0 rsync:0 ts_repl:0
Dec 05 22:42:02 np0005548602.novalocal container-server[95917]: ::1 - - [06/Dec/2025:03:42:02 +0000] "HEAD /3/64588/AUTH_d8741d1891ef40e5a7a8c7bee0ab6eed/gnocchi.3d7662f7-761d-44ca-aefd-365cd59829a3" 404 - "HEAD http://[::1]:8080/v1/AUTH_d8741d1891ef40e5a7a8c7bee0ab6eed/gnocchi.3d7662f7-761d-44ca-aefd-365cd59829a3" "tx1d8929b597c14fc68342b-006933a60a" "proxy-server 97198" 0.0005 "-" 95917 0
Dec 05 22:42:02 np0005548602.novalocal container-server[95917]: ::1 - - [06/Dec/2025:03:42:02 +0000] "HEAD /1/64588/AUTH_d8741d1891ef40e5a7a8c7bee0ab6eed/gnocchi.3d7662f7-761d-44ca-aefd-365cd59829a3" 404 - "HEAD http://[::1]:8080/v1/AUTH_d8741d1891ef40e5a7a8c7bee0ab6eed/gnocchi.3d7662f7-761d-44ca-aefd-365cd59829a3" "tx1d8929b597c14fc68342b-006933a60a" "proxy-server 97198" 0.0004 "-" 95917 0
Dec 05 22:42:02 np0005548602.novalocal container-server[95917]: ::1 - - [06/Dec/2025:03:42:02 +0000] "HEAD /2/64588/AUTH_d8741d1891ef40e5a7a8c7bee0ab6eed/gnocchi.3d7662f7-761d-44ca-aefd-365cd59829a3" 404 - "HEAD http://[::1]:8080/v1/AUTH_d8741d1891ef40e5a7a8c7bee0ab6eed/gnocchi.3d7662f7-761d-44ca-aefd-365cd59829a3" "tx1d8929b597c14fc68342b-006933a60a" "proxy-server 97198" 0.0003 "-" 95917 0
Dec 05 22:42:02 np0005548602.novalocal proxy-server[97198]: - - 06/Dec/2025/03/42/02 HEAD /v1/AUTH_d8741d1891ef40e5a7a8c7bee0ab6eed/gnocchi.3d7662f7-761d-44ca-aefd-365cd59829a3 HTTP/1.0 404 - Swift - - - - tx1d8929b597c14fc68342b-006933a60a - 0.0125 CS - 1764992522.662635326 1764992522.675181627 0 -
Dec 05 22:42:02 np0005548602.novalocal object-server[96249]: ::1 - - [06/Dec/2025:03:42:02 +0000] "GET /3/93989/AUTH_d8741d1891ef40e5a7a8c7bee0ab6eed/gnocchi.3d7662f7-761d-44ca-aefd-365cd59829a3/none_v3" 404 70 "GET https://[::1]:8080/v1/AUTH_d8741d1891ef40e5a7a8c7bee0ab6eed/gnocchi.3d7662f7-761d-44ca-aefd-365cd59829a3/none_v3" "tx1d8929b597c14fc68342b-006933a60a" "proxy-server 97198" 0.0004 "-" 96249 0
Dec 05 22:42:02 np0005548602.novalocal object-server[96250]: ::1 - - [06/Dec/2025:03:42:02 +0000] "GET /1/93989/AUTH_d8741d1891ef40e5a7a8c7bee0ab6eed/gnocchi.3d7662f7-761d-44ca-aefd-365cd59829a3/none_v3" 404 70 "GET https://[::1]:8080/v1/AUTH_d8741d1891ef40e5a7a8c7bee0ab6eed/gnocchi.3d7662f7-761d-44ca-aefd-365cd59829a3/none_v3" "tx1d8929b597c14fc68342b-006933a60a" "proxy-server 97198" 0.0005 "-" 96250 0
Dec 05 22:42:02 np0005548602.novalocal object-server[96249]: ::1 - - [06/Dec/2025:03:42:02 +0000] "GET /2/93989/AUTH_d8741d1891ef40e5a7a8c7bee0ab6eed/gnocchi.3d7662f7-761d-44ca-aefd-365cd59829a3/none_v3" 404 70 "GET https://[::1]:8080/v1/AUTH_d8741d1891ef40e5a7a8c7bee0ab6eed/gnocchi.3d7662f7-761d-44ca-aefd-365cd59829a3/none_v3" "tx1d8929b597c14fc68342b-006933a60a" "proxy-server 97198" 0.0003 "-" 96249 0
Dec 05 22:42:02 np0005548602.novalocal proxy-server[97198]: ::1 ::1 06/Dec/2025/03/42/02 GET /v1/AUTH_d8741d1891ef40e5a7a8c7bee0ab6eed/gnocchi.3d7662f7-761d-44ca-aefd-365cd59829a3/none_v3 HTTP/1.0 404 - python-swiftclient-4.8.0 gAAAAABpM6XeP7WC... - 70 - tx1d8929b597c14fc68342b-006933a60a - 0.0318 - - 1764992522.661271095 1764992522.693113327 0 1229ee3e1d964977b2a5589f27ad366e
Dec 05 22:42:02 np0005548602.novalocal account-server[95623]: ::1 - - [06/Dec/2025:03:42:02 +0000] "PUT /2/76100/AUTH_d8741d1891ef40e5a7a8c7bee0ab6eed/gnocchi.3d7662f7-761d-44ca-aefd-365cd59829a3" 201 - "PUT http://[::1]:6001/2/64588/AUTH_d8741d1891ef40e5a7a8c7bee0ab6eed/gnocchi.3d7662f7-761d-44ca-aefd-365cd59829a3" "txd5520bf2225f4228b9c8e-006933a60a" "container-server 95917" 0.0056 "-" 95623 0
Dec 05 22:42:02 np0005548602.novalocal container-server[95917]: ::1 - - [06/Dec/2025:03:42:02 +0000] "PUT /2/64588/AUTH_d8741d1891ef40e5a7a8c7bee0ab6eed/gnocchi.3d7662f7-761d-44ca-aefd-365cd59829a3" 201 - "PUT https://[::1]:8080/v1/AUTH_d8741d1891ef40e5a7a8c7bee0ab6eed/gnocchi.3d7662f7-761d-44ca-aefd-365cd59829a3" "txd5520bf2225f4228b9c8e-006933a60a" "proxy-server 97198" 0.0232 "-" 95917 0
Dec 05 22:42:02 np0005548602.novalocal account-server[95624]: ::1 - - [06/Dec/2025:03:42:02 +0000] "PUT /1/76100/AUTH_d8741d1891ef40e5a7a8c7bee0ab6eed/gnocchi.3d7662f7-761d-44ca-aefd-365cd59829a3" 201 - "PUT http://[::1]:6001/3/64588/AUTH_d8741d1891ef40e5a7a8c7bee0ab6eed/gnocchi.3d7662f7-761d-44ca-aefd-365cd59829a3" "txd5520bf2225f4228b9c8e-006933a60a" "container-server 95916" 0.0060 "-" 95624 0
Dec 05 22:42:02 np0005548602.novalocal account-server[95623]: ::1 - - [06/Dec/2025:03:42:02 +0000] "PUT /3/76100/AUTH_d8741d1891ef40e5a7a8c7bee0ab6eed/gnocchi.3d7662f7-761d-44ca-aefd-365cd59829a3" 201 - "PUT http://[::1]:6001/1/64588/AUTH_d8741d1891ef40e5a7a8c7bee0ab6eed/gnocchi.3d7662f7-761d-44ca-aefd-365cd59829a3" "txd5520bf2225f4228b9c8e-006933a60a" "container-server 95916" 0.0067 "-" 95623 0
Dec 05 22:42:02 np0005548602.novalocal container-server[95916]: ::1 - - [06/Dec/2025:03:42:02 +0000] "PUT /3/64588/AUTH_d8741d1891ef40e5a7a8c7bee0ab6eed/gnocchi.3d7662f7-761d-44ca-aefd-365cd59829a3" 201 - "PUT https://[::1]:8080/v1/AUTH_d8741d1891ef40e5a7a8c7bee0ab6eed/gnocchi.3d7662f7-761d-44ca-aefd-365cd59829a3" "txd5520bf2225f4228b9c8e-006933a60a" "proxy-server 97198" 0.0197 "-" 95916 0
Dec 05 22:42:02 np0005548602.novalocal container-server[95916]: ::1 - - [06/Dec/2025:03:42:02 +0000] "PUT /1/64588/AUTH_d8741d1891ef40e5a7a8c7bee0ab6eed/gnocchi.3d7662f7-761d-44ca-aefd-365cd59829a3" 201 - "PUT https://[::1]:8080/v1/AUTH_d8741d1891ef40e5a7a8c7bee0ab6eed/gnocchi.3d7662f7-761d-44ca-aefd-365cd59829a3" "txd5520bf2225f4228b9c8e-006933a60a" "proxy-server 97198" 0.0359 "-" 95916 0
Dec 05 22:42:02 np0005548602.novalocal proxy-server[97198]: ::1 ::1 06/Dec/2025/03/42/02 PUT /v1/AUTH_d8741d1891ef40e5a7a8c7bee0ab6eed/gnocchi.3d7662f7-761d-44ca-aefd-365cd59829a3 HTTP/1.0 201 - python-swiftclient-4.8.0 gAAAAABpM6XeP7WC... - - - txd5520bf2225f4228b9c8e-006933a60a - 0.0474 - - 1764992522.696619034 1764992522.743985653 0 1229ee3e1d964977b2a5589f27ad366e
Dec 05 22:42:02 np0005548602.novalocal container-server[95916]: ::1 - - [06/Dec/2025:03:42:02 +0000] "HEAD /2/64588/AUTH_d8741d1891ef40e5a7a8c7bee0ab6eed/gnocchi.3d7662f7-761d-44ca-aefd-365cd59829a3" 204 - "HEAD http://[::1]:8080/v1/AUTH_d8741d1891ef40e5a7a8c7bee0ab6eed/gnocchi.3d7662f7-761d-44ca-aefd-365cd59829a3" "tx259a346042e342d38452f-006933a60a" "proxy-server 97198" 0.0022 "-" 95916 0
Dec 05 22:42:02 np0005548602.novalocal proxy-server[97198]: - - 06/Dec/2025/03/42/02 HEAD /v1/AUTH_d8741d1891ef40e5a7a8c7bee0ab6eed/gnocchi.3d7662f7-761d-44ca-aefd-365cd59829a3 HTTP/1.0 204 - Swift - - - - tx259a346042e342d38452f-006933a60a - 0.0080 CS - 1764992522.749303818 1764992522.757276535 0 -
Dec 05 22:42:02 np0005548602.novalocal container-server[95917]: ::1 - - [06/Dec/2025:03:42:02 +0000] "GET /2/64588/AUTH_d8741d1891ef40e5a7a8c7bee0ab6eed/gnocchi.3d7662f7-761d-44ca-aefd-365cd59829a3" 200 2 "GET https://[::1]:8080/v1/AUTH_d8741d1891ef40e5a7a8c7bee0ab6eed/gnocchi.3d7662f7-761d-44ca-aefd-365cd59829a3?format=json&states=listing" "tx259a346042e342d38452f-006933a60a" "proxy-server 97198" 0.0039 "-" 95917 0
Dec 05 22:42:02 np0005548602.novalocal proxy-server[97198]: ::1 ::1 06/Dec/2025/03/42/02 GET /v1/AUTH_d8741d1891ef40e5a7a8c7bee0ab6eed/gnocchi.3d7662f7-761d-44ca-aefd-365cd59829a3%3Fformat%3Djson%26states%3Dlisting HTTP/1.0 200 - python-swiftclient-4.8.0 gAAAAABpM6XeP7WC... - 2 - tx259a346042e342d38452f-006933a60a - 0.0234 - - 1764992522.747957468 1764992522.771355391 0 1229ee3e1d964977b2a5589f27ad366e
Dec 05 22:42:02 np0005548602.novalocal object-server[96250]: ::1 - - [06/Dec/2025:03:42:02 +0000] "GET /1/9200/AUTH_d8741d1891ef40e5a7a8c7bee0ab6eed/gnocchi.3d7662f7-761d-44ca-aefd-365cd59829a3/1764720000.0_mean_300.0_v3" 404 70 "GET https://[::1]:8080/v1/AUTH_d8741d1891ef40e5a7a8c7bee0ab6eed/gnocchi.3d7662f7-761d-44ca-aefd-365cd59829a3/1764720000.0_mean_300.0_v3" "tx2a50ffc0452540d1800da-006933a60a" "proxy-server 97198" 0.0008 "-" 96250 0
Dec 05 22:42:02 np0005548602.novalocal object-server[96250]: ::1 - - [06/Dec/2025:03:42:02 +0000] "GET /3/9200/AUTH_d8741d1891ef40e5a7a8c7bee0ab6eed/gnocchi.3d7662f7-761d-44ca-aefd-365cd59829a3/1764720000.0_mean_300.0_v3" 404 70 "GET https://[::1]:8080/v1/AUTH_d8741d1891ef40e5a7a8c7bee0ab6eed/gnocchi.3d7662f7-761d-44ca-aefd-365cd59829a3/1764720000.0_mean_300.0_v3" "tx2a50ffc0452540d1800da-006933a60a" "proxy-server 97198" 0.0004 "-" 96250 0
Dec 05 22:42:02 np0005548602.novalocal object-server[96249]: ::1 - - [06/Dec/2025:03:42:02 +0000] "GET /2/9200/AUTH_d8741d1891ef40e5a7a8c7bee0ab6eed/gnocchi.3d7662f7-761d-44ca-aefd-365cd59829a3/1764720000.0_mean_300.0_v3" 404 70 "GET https://[::1]:8080/v1/AUTH_d8741d1891ef40e5a7a8c7bee0ab6eed/gnocchi.3d7662f7-761d-44ca-aefd-365cd59829a3/1764720000.0_mean_300.0_v3" "tx2a50ffc0452540d1800da-006933a60a" "proxy-server 97198" 0.0004 "-" 96249 0
Dec 05 22:42:02 np0005548602.novalocal proxy-server[97198]: ::1 ::1 06/Dec/2025/03/42/02 GET /v1/AUTH_d8741d1891ef40e5a7a8c7bee0ab6eed/gnocchi.3d7662f7-761d-44ca-aefd-365cd59829a3/1764720000.0_mean_300.0_v3 HTTP/1.0 404 - python-swiftclient-4.8.0 gAAAAABpM6XeP7WC... - 70 - tx2a50ffc0452540d1800da-006933a60a - 0.0175 - - 1764992522.774812460 1764992522.792309046 0 1229ee3e1d964977b2a5589f27ad366e
Dec 05 22:42:02 np0005548602.novalocal container-server[95917]: ::1 - - [06/Dec/2025:03:42:02 +0000] "PUT /2/64588/AUTH_d8741d1891ef40e5a7a8c7bee0ab6eed/gnocchi.3d7662f7-761d-44ca-aefd-365cd59829a3/1764720000.0_mean_300.0_v3" 201 - "PUT http://[::1]:8080/2/9200/AUTH_d8741d1891ef40e5a7a8c7bee0ab6eed/gnocchi.3d7662f7-761d-44ca-aefd-365cd59829a3/1764720000.0_mean_300.0_v3" "txa92b7d6588074dfba7903-006933a60a" "object-server 96249" 0.0012 "-" 95917 0
Dec 05 22:42:02 np0005548602.novalocal container-server[95916]: ::1 - - [06/Dec/2025:03:42:02 +0000] "PUT /1/64588/AUTH_d8741d1891ef40e5a7a8c7bee0ab6eed/gnocchi.3d7662f7-761d-44ca-aefd-365cd59829a3/1764720000.0_mean_300.0_v3" 201 - "PUT http://[::1]:8080/3/9200/AUTH_d8741d1891ef40e5a7a8c7bee0ab6eed/gnocchi.3d7662f7-761d-44ca-aefd-365cd59829a3/1764720000.0_mean_300.0_v3" "txa92b7d6588074dfba7903-006933a60a" "object-server 96249" 0.0009 "-" 95916 0
Dec 05 22:42:02 np0005548602.novalocal object-server[96249]: ::1 - - [06/Dec/2025:03:42:02 +0000] "PUT /2/9200/AUTH_d8741d1891ef40e5a7a8c7bee0ab6eed/gnocchi.3d7662f7-761d-44ca-aefd-365cd59829a3/1764720000.0_mean_300.0_v3" 201 - "PUT https://[::1]:8080/v1/AUTH_d8741d1891ef40e5a7a8c7bee0ab6eed/gnocchi.3d7662f7-761d-44ca-aefd-365cd59829a3/1764720000.0_mean_300.0_v3" "txa92b7d6588074dfba7903-006933a60a" "proxy-server 97198" 0.0141 "-" 96249 0
Dec 05 22:42:02 np0005548602.novalocal object-server[96249]: ::1 - - [06/Dec/2025:03:42:02 +0000] "PUT /3/9200/AUTH_d8741d1891ef40e5a7a8c7bee0ab6eed/gnocchi.3d7662f7-761d-44ca-aefd-365cd59829a3/1764720000.0_mean_300.0_v3" 201 - "PUT https://[::1]:8080/v1/AUTH_d8741d1891ef40e5a7a8c7bee0ab6eed/gnocchi.3d7662f7-761d-44ca-aefd-365cd59829a3/1764720000.0_mean_300.0_v3" "txa92b7d6588074dfba7903-006933a60a" "proxy-server 97198" 0.0165 "-" 96249 0
Dec 05 22:42:02 np0005548602.novalocal container-server[95916]: ::1 - - [06/Dec/2025:03:42:02 +0000] "PUT /3/64588/AUTH_d8741d1891ef40e5a7a8c7bee0ab6eed/gnocchi.3d7662f7-761d-44ca-aefd-365cd59829a3/1764720000.0_mean_300.0_v3" 201 - "PUT http://[::1]:8080/1/9200/AUTH_d8741d1891ef40e5a7a8c7bee0ab6eed/gnocchi.3d7662f7-761d-44ca-aefd-365cd59829a3/1764720000.0_mean_300.0_v3" "txa92b7d6588074dfba7903-006933a60a" "object-server 96249" 0.0006 "-" 95916 0
Dec 05 22:42:02 np0005548602.novalocal object-server[96249]: ::1 - - [06/Dec/2025:03:42:02 +0000] "PUT /1/9200/AUTH_d8741d1891ef40e5a7a8c7bee0ab6eed/gnocchi.3d7662f7-761d-44ca-aefd-365cd59829a3/1764720000.0_mean_300.0_v3" 201 - "PUT https://[::1]:8080/v1/AUTH_d8741d1891ef40e5a7a8c7bee0ab6eed/gnocchi.3d7662f7-761d-44ca-aefd-365cd59829a3/1764720000.0_mean_300.0_v3" "txa92b7d6588074dfba7903-006933a60a" "proxy-server 97198" 0.0153 "-" 96249 0
Dec 05 22:42:02 np0005548602.novalocal proxy-server[97198]: ::1 ::1 06/Dec/2025/03/42/02 PUT /v1/AUTH_d8741d1891ef40e5a7a8c7bee0ab6eed/gnocchi.3d7662f7-761d-44ca-aefd-365cd59829a3/1764720000.0_mean_300.0_v3 HTTP/1.0 201 - python-swiftclient-4.8.0 gAAAAABpM6XeP7WC... 16 - - txa92b7d6588074dfba7903-006933a60a - 0.0283 - - 1764992522.795932770 1764992522.824278355 0 1229ee3e1d964977b2a5589f27ad366e
Dec 05 22:42:02 np0005548602.novalocal container-server[95916]: ::1 - - [06/Dec/2025:03:42:02 +0000] "PUT /2/64588/AUTH_d8741d1891ef40e5a7a8c7bee0ab6eed/gnocchi.3d7662f7-761d-44ca-aefd-365cd59829a3/none_v3" 201 - "PUT http://[::1]:8080/2/93989/AUTH_d8741d1891ef40e5a7a8c7bee0ab6eed/gnocchi.3d7662f7-761d-44ca-aefd-365cd59829a3/none_v3" "tx8e32dace2eaf4154a19f8-006933a60a" "object-server 96249" 0.0006 "-" 95916 0
Dec 05 22:42:02 np0005548602.novalocal object-server[96249]: ::1 - - [06/Dec/2025:03:42:02 +0000] "PUT /2/93989/AUTH_d8741d1891ef40e5a7a8c7bee0ab6eed/gnocchi.3d7662f7-761d-44ca-aefd-365cd59829a3/none_v3" 201 - "PUT https://[::1]:8080/v1/AUTH_d8741d1891ef40e5a7a8c7bee0ab6eed/gnocchi.3d7662f7-761d-44ca-aefd-365cd59829a3/none_v3" "tx8e32dace2eaf4154a19f8-006933a60a" "proxy-server 97198" 0.0114 "-" 96249 0
Dec 05 22:42:02 np0005548602.novalocal container-server[95916]: ::1 - - [06/Dec/2025:03:42:02 +0000] "PUT /3/64588/AUTH_d8741d1891ef40e5a7a8c7bee0ab6eed/gnocchi.3d7662f7-761d-44ca-aefd-365cd59829a3/none_v3" 201 - "PUT http://[::1]:8080/1/93989/AUTH_d8741d1891ef40e5a7a8c7bee0ab6eed/gnocchi.3d7662f7-761d-44ca-aefd-365cd59829a3/none_v3" "tx8e32dace2eaf4154a19f8-006933a60a" "object-server 96250" 0.0005 "-" 95916 0
Dec 05 22:42:02 np0005548602.novalocal container-server[95917]: ::1 - - [06/Dec/2025:03:42:02 +0000] "PUT /1/64588/AUTH_d8741d1891ef40e5a7a8c7bee0ab6eed/gnocchi.3d7662f7-761d-44ca-aefd-365cd59829a3/none_v3" 201 - "PUT http://[::1]:8080/3/93989/AUTH_d8741d1891ef40e5a7a8c7bee0ab6eed/gnocchi.3d7662f7-761d-44ca-aefd-365cd59829a3/none_v3" "tx8e32dace2eaf4154a19f8-006933a60a" "object-server 96249" 0.0017 "-" 95917 0
Dec 05 22:42:02 np0005548602.novalocal object-server[96250]: ::1 - - [06/Dec/2025:03:42:02 +0000] "PUT /1/93989/AUTH_d8741d1891ef40e5a7a8c7bee0ab6eed/gnocchi.3d7662f7-761d-44ca-aefd-365cd59829a3/none_v3" 201 - "PUT https://[::1]:8080/v1/AUTH_d8741d1891ef40e5a7a8c7bee0ab6eed/gnocchi.3d7662f7-761d-44ca-aefd-365cd59829a3/none_v3" "tx8e32dace2eaf4154a19f8-006933a60a" "proxy-server 97198" 0.0153 "-" 96250 0
Dec 05 22:42:02 np0005548602.novalocal object-server[96249]: ::1 - - [06/Dec/2025:03:42:02 +0000] "PUT /3/93989/AUTH_d8741d1891ef40e5a7a8c7bee0ab6eed/gnocchi.3d7662f7-761d-44ca-aefd-365cd59829a3/none_v3" 201 - "PUT https://[::1]:8080/v1/AUTH_d8741d1891ef40e5a7a8c7bee0ab6eed/gnocchi.3d7662f7-761d-44ca-aefd-365cd59829a3/none_v3" "tx8e32dace2eaf4154a19f8-006933a60a" "proxy-server 97198" 0.0161 "-" 96249 0
Dec 05 22:42:02 np0005548602.novalocal proxy-server[97198]: ::1 ::1 06/Dec/2025/03/42/02 PUT /v1/AUTH_d8741d1891ef40e5a7a8c7bee0ab6eed/gnocchi.3d7662f7-761d-44ca-aefd-365cd59829a3/none_v3 HTTP/1.0 201 - python-swiftclient-4.8.0 gAAAAABpM6XeP7WC... 22 - - tx8e32dace2eaf4154a19f8-006933a60a - 0.0312 - - 1764992522.827518940 1764992522.858761787 0 1229ee3e1d964977b2a5589f27ad366e
Dec 05 22:42:02 np0005548602.novalocal container-server[95917]: ::1 - - [06/Dec/2025:03:42:02 +0000] "HEAD /1/118228/AUTH_d8741d1891ef40e5a7a8c7bee0ab6eed/gnocchi.8045bc93-2d37-4cfb-9789-94242db85a2a" 404 - "HEAD http://[::1]:8080/v1/AUTH_d8741d1891ef40e5a7a8c7bee0ab6eed/gnocchi.8045bc93-2d37-4cfb-9789-94242db85a2a" "txb7e4108b11da4ccf94803-006933a60a" "proxy-server 97198" 0.0006 "-" 95917 0
Dec 05 22:42:02 np0005548602.novalocal container-server[95917]: ::1 - - [06/Dec/2025:03:42:02 +0000] "HEAD /2/118228/AUTH_d8741d1891ef40e5a7a8c7bee0ab6eed/gnocchi.8045bc93-2d37-4cfb-9789-94242db85a2a" 404 - "HEAD http://[::1]:8080/v1/AUTH_d8741d1891ef40e5a7a8c7bee0ab6eed/gnocchi.8045bc93-2d37-4cfb-9789-94242db85a2a" "txb7e4108b11da4ccf94803-006933a60a" "proxy-server 97198" 0.0006 "-" 95917 0
Dec 05 22:42:02 np0005548602.novalocal container-server[95916]: ::1 - - [06/Dec/2025:03:42:02 +0000] "HEAD /3/118228/AUTH_d8741d1891ef40e5a7a8c7bee0ab6eed/gnocchi.8045bc93-2d37-4cfb-9789-94242db85a2a" 404 - "HEAD http://[::1]:8080/v1/AUTH_d8741d1891ef40e5a7a8c7bee0ab6eed/gnocchi.8045bc93-2d37-4cfb-9789-94242db85a2a" "txb7e4108b11da4ccf94803-006933a60a" "proxy-server 97198" 0.0006 "-" 95916 0
Dec 05 22:42:02 np0005548602.novalocal proxy-server[97198]: - - 06/Dec/2025/03/42/02 HEAD /v1/AUTH_d8741d1891ef40e5a7a8c7bee0ab6eed/gnocchi.8045bc93-2d37-4cfb-9789-94242db85a2a HTTP/1.0 404 - Swift - - - - txb7e4108b11da4ccf94803-006933a60a - 0.0143 CS - 1764992522.880973101 1764992522.895238400 0 -
Dec 05 22:42:02 np0005548602.novalocal object-server[96249]: ::1 - - [06/Dec/2025:03:42:02 +0000] "GET /2/178674/AUTH_d8741d1891ef40e5a7a8c7bee0ab6eed/gnocchi.8045bc93-2d37-4cfb-9789-94242db85a2a/none_v3" 404 70 "GET https://[::1]:8080/v1/AUTH_d8741d1891ef40e5a7a8c7bee0ab6eed/gnocchi.8045bc93-2d37-4cfb-9789-94242db85a2a/none_v3" "txb7e4108b11da4ccf94803-006933a60a" "proxy-server 97198" 0.0008 "-" 96249 0
Dec 05 22:42:02 np0005548602.novalocal object-server[96250]: ::1 - - [06/Dec/2025:03:42:02 +0000] "GET /3/178674/AUTH_d8741d1891ef40e5a7a8c7bee0ab6eed/gnocchi.8045bc93-2d37-4cfb-9789-94242db85a2a/none_v3" 404 70 "GET https://[::1]:8080/v1/AUTH_d8741d1891ef40e5a7a8c7bee0ab6eed/gnocchi.8045bc93-2d37-4cfb-9789-94242db85a2a/none_v3" "txb7e4108b11da4ccf94803-006933a60a" "proxy-server 97198" 0.0005 "-" 96250 0
Dec 05 22:42:02 np0005548602.novalocal object-server[96250]: ::1 - - [06/Dec/2025:03:42:02 +0000] "GET /1/178674/AUTH_d8741d1891ef40e5a7a8c7bee0ab6eed/gnocchi.8045bc93-2d37-4cfb-9789-94242db85a2a/none_v3" 404 70 "GET https://[::1]:8080/v1/AUTH_d8741d1891ef40e5a7a8c7bee0ab6eed/gnocchi.8045bc93-2d37-4cfb-9789-94242db85a2a/none_v3" "txb7e4108b11da4ccf94803-006933a60a" "proxy-server 97198" 0.0006 "-" 96250 0
Dec 05 22:42:02 np0005548602.novalocal proxy-server[97198]: ::1 ::1 06/Dec/2025/03/42/02 GET /v1/AUTH_d8741d1891ef40e5a7a8c7bee0ab6eed/gnocchi.8045bc93-2d37-4cfb-9789-94242db85a2a/none_v3 HTTP/1.0 404 - python-swiftclient-4.8.0 gAAAAABpM6XeP7WC... - 70 - txb7e4108b11da4ccf94803-006933a60a - 0.0477 - - 1764992522.879945755 1764992522.927614689 0 1229ee3e1d964977b2a5589f27ad366e
Dec 05 22:42:02 np0005548602.novalocal account-server[95623]: ::1 - - [06/Dec/2025:03:42:02 +0000] "PUT /2/76100/AUTH_d8741d1891ef40e5a7a8c7bee0ab6eed/gnocchi.8045bc93-2d37-4cfb-9789-94242db85a2a" 201 - "PUT http://[::1]:6001/1/118228/AUTH_d8741d1891ef40e5a7a8c7bee0ab6eed/gnocchi.8045bc93-2d37-4cfb-9789-94242db85a2a" "tx7da5a72ad02e47128e607-006933a60a" "container-server 95917" 0.0068 "-" 95623 0
Dec 05 22:42:02 np0005548602.novalocal container-server[95917]: ::1 - - [06/Dec/2025:03:42:02 +0000] "PUT /1/118228/AUTH_d8741d1891ef40e5a7a8c7bee0ab6eed/gnocchi.8045bc93-2d37-4cfb-9789-94242db85a2a" 201 - "PUT https://[::1]:8080/v1/AUTH_d8741d1891ef40e5a7a8c7bee0ab6eed/gnocchi.8045bc93-2d37-4cfb-9789-94242db85a2a" "tx7da5a72ad02e47128e607-006933a60a" "proxy-server 97198" 0.0359 "-" 95917 0
Dec 05 22:42:02 np0005548602.novalocal account-server[95624]: ::1 - - [06/Dec/2025:03:42:02 +0000] "PUT /3/76100/AUTH_d8741d1891ef40e5a7a8c7bee0ab6eed/gnocchi.8045bc93-2d37-4cfb-9789-94242db85a2a" 201 - "PUT http://[::1]:6001/2/118228/AUTH_d8741d1891ef40e5a7a8c7bee0ab6eed/gnocchi.8045bc93-2d37-4cfb-9789-94242db85a2a" "tx7da5a72ad02e47128e607-006933a60a" "container-server 95917" 0.0056 "-" 95624 0
Dec 05 22:42:02 np0005548602.novalocal container-server[95917]: ::1 - - [06/Dec/2025:03:42:02 +0000] "PUT /2/118228/AUTH_d8741d1891ef40e5a7a8c7bee0ab6eed/gnocchi.8045bc93-2d37-4cfb-9789-94242db85a2a" 201 - "PUT https://[::1]:8080/v1/AUTH_d8741d1891ef40e5a7a8c7bee0ab6eed/gnocchi.8045bc93-2d37-4cfb-9789-94242db85a2a" "tx7da5a72ad02e47128e607-006933a60a" "proxy-server 97198" 0.0245 "-" 95917 0
Dec 05 22:42:02 np0005548602.novalocal account-server[95624]: ::1 - - [06/Dec/2025:03:42:02 +0000] "PUT /1/76100/AUTH_d8741d1891ef40e5a7a8c7bee0ab6eed/gnocchi.8045bc93-2d37-4cfb-9789-94242db85a2a" 201 - "PUT http://[::1]:6001/3/118228/AUTH_d8741d1891ef40e5a7a8c7bee0ab6eed/gnocchi.8045bc93-2d37-4cfb-9789-94242db85a2a" "tx7da5a72ad02e47128e607-006933a60a" "container-server 95917" 0.0065 "-" 95624 0
Dec 05 22:42:02 np0005548602.novalocal container-server[95917]: ::1 - - [06/Dec/2025:03:42:02 +0000] "PUT /3/118228/AUTH_d8741d1891ef40e5a7a8c7bee0ab6eed/gnocchi.8045bc93-2d37-4cfb-9789-94242db85a2a" 201 - "PUT https://[::1]:8080/v1/AUTH_d8741d1891ef40e5a7a8c7bee0ab6eed/gnocchi.8045bc93-2d37-4cfb-9789-94242db85a2a" "tx7da5a72ad02e47128e607-006933a60a" "proxy-server 97198" 0.0376 "-" 95917 0
Dec 05 22:42:02 np0005548602.novalocal proxy-server[97198]: ::1 ::1 06/Dec/2025/03/42/02 PUT /v1/AUTH_d8741d1891ef40e5a7a8c7bee0ab6eed/gnocchi.8045bc93-2d37-4cfb-9789-94242db85a2a HTTP/1.0 201 - python-swiftclient-4.8.0 gAAAAABpM6XeP7WC... - - - tx7da5a72ad02e47128e607-006933a60a - 0.0611 - - 1764992522.931837559 1764992522.992936134 0 1229ee3e1d964977b2a5589f27ad366e
Dec 05 22:42:03 np0005548602.novalocal container-server[95917]: ::1 - - [06/Dec/2025:03:42:03 +0000] "HEAD /2/118228/AUTH_d8741d1891ef40e5a7a8c7bee0ab6eed/gnocchi.8045bc93-2d37-4cfb-9789-94242db85a2a" 204 - "HEAD http://[::1]:8080/v1/AUTH_d8741d1891ef40e5a7a8c7bee0ab6eed/gnocchi.8045bc93-2d37-4cfb-9789-94242db85a2a" "tx6c12cc759b4b4408a22cc-006933a60a" "proxy-server 97198" 0.0020 "-" 95917 0
Dec 05 22:42:03 np0005548602.novalocal proxy-server[97198]: - - 06/Dec/2025/03/42/03 HEAD /v1/AUTH_d8741d1891ef40e5a7a8c7bee0ab6eed/gnocchi.8045bc93-2d37-4cfb-9789-94242db85a2a HTTP/1.0 204 - Swift - - - - tx6c12cc759b4b4408a22cc-006933a60a - 0.0087 CS - 1764992522.998440981 1764992523.007127047 0 -
Dec 05 22:42:03 np0005548602.novalocal container-server[95916]: ::1 - - [06/Dec/2025:03:42:03 +0000] "GET /1/118228/AUTH_d8741d1891ef40e5a7a8c7bee0ab6eed/gnocchi.8045bc93-2d37-4cfb-9789-94242db85a2a" 200 2 "GET https://[::1]:8080/v1/AUTH_d8741d1891ef40e5a7a8c7bee0ab6eed/gnocchi.8045bc93-2d37-4cfb-9789-94242db85a2a?format=json&states=listing" "tx6c12cc759b4b4408a22cc-006933a60a" "proxy-server 97198" 0.0040 "-" 95916 0
Dec 05 22:42:03 np0005548602.novalocal proxy-server[97198]: ::1 ::1 06/Dec/2025/03/42/03 GET /v1/AUTH_d8741d1891ef40e5a7a8c7bee0ab6eed/gnocchi.8045bc93-2d37-4cfb-9789-94242db85a2a%3Fformat%3Djson%26states%3Dlisting HTTP/1.0 200 - python-swiftclient-4.8.0 gAAAAABpM6XeP7WC... - 2 - tx6c12cc759b4b4408a22cc-006933a60a - 0.0261 - - 1764992522.997518063 1764992523.023626804 0 1229ee3e1d964977b2a5589f27ad366e
Dec 05 22:42:03 np0005548602.novalocal object-server[96250]: ::1 - - [06/Dec/2025:03:42:03 +0000] "GET /3/130776/AUTH_d8741d1891ef40e5a7a8c7bee0ab6eed/gnocchi.8045bc93-2d37-4cfb-9789-94242db85a2a/1764720000.0_mean_300.0_v3" 404 70 "GET https://[::1]:8080/v1/AUTH_d8741d1891ef40e5a7a8c7bee0ab6eed/gnocchi.8045bc93-2d37-4cfb-9789-94242db85a2a/1764720000.0_mean_300.0_v3" "txceb6de971a0947e0af6b3-006933a60b" "proxy-server 97198" 0.0006 "-" 96250 0
Dec 05 22:42:03 np0005548602.novalocal object-server[96250]: ::1 - - [06/Dec/2025:03:42:03 +0000] "GET /2/130776/AUTH_d8741d1891ef40e5a7a8c7bee0ab6eed/gnocchi.8045bc93-2d37-4cfb-9789-94242db85a2a/1764720000.0_mean_300.0_v3" 404 70 "GET https://[::1]:8080/v1/AUTH_d8741d1891ef40e5a7a8c7bee0ab6eed/gnocchi.8045bc93-2d37-4cfb-9789-94242db85a2a/1764720000.0_mean_300.0_v3" "txceb6de971a0947e0af6b3-006933a60b" "proxy-server 97198" 0.0003 "-" 96250 0
Dec 05 22:42:03 np0005548602.novalocal object-server[96249]: ::1 - - [06/Dec/2025:03:42:03 +0000] "GET /1/130776/AUTH_d8741d1891ef40e5a7a8c7bee0ab6eed/gnocchi.8045bc93-2d37-4cfb-9789-94242db85a2a/1764720000.0_mean_300.0_v3" 404 70 "GET https://[::1]:8080/v1/AUTH_d8741d1891ef40e5a7a8c7bee0ab6eed/gnocchi.8045bc93-2d37-4cfb-9789-94242db85a2a/1764720000.0_mean_300.0_v3" "txceb6de971a0947e0af6b3-006933a60b" "proxy-server 97198" 0.0005 "-" 96249 0
Dec 05 22:42:03 np0005548602.novalocal proxy-server[97198]: ::1 ::1 06/Dec/2025/03/42/03 GET /v1/AUTH_d8741d1891ef40e5a7a8c7bee0ab6eed/gnocchi.8045bc93-2d37-4cfb-9789-94242db85a2a/1764720000.0_mean_300.0_v3 HTTP/1.0 404 - python-swiftclient-4.8.0 gAAAAABpM6XeP7WC... - 70 - txceb6de971a0947e0af6b3-006933a60b - 0.0175 - - 1764992523.028571844 1764992523.046095848 0 1229ee3e1d964977b2a5589f27ad366e
Dec 05 22:42:03 np0005548602.novalocal container-server[95916]: ::1 - - [06/Dec/2025:03:42:03 +0000] "PUT /2/118228/AUTH_d8741d1891ef40e5a7a8c7bee0ab6eed/gnocchi.8045bc93-2d37-4cfb-9789-94242db85a2a/1764720000.0_mean_300.0_v3" 201 - "PUT http://[::1]:8080/2/130776/AUTH_d8741d1891ef40e5a7a8c7bee0ab6eed/gnocchi.8045bc93-2d37-4cfb-9789-94242db85a2a/1764720000.0_mean_300.0_v3" "tx598dfb3918e949f3a26d6-006933a60b" "object-server 96250" 0.0006 "-" 95916 0
Dec 05 22:42:03 np0005548602.novalocal object-server[96250]: ::1 - - [06/Dec/2025:03:42:03 +0000] "PUT /2/130776/AUTH_d8741d1891ef40e5a7a8c7bee0ab6eed/gnocchi.8045bc93-2d37-4cfb-9789-94242db85a2a/1764720000.0_mean_300.0_v3" 201 - "PUT https://[::1]:8080/v1/AUTH_d8741d1891ef40e5a7a8c7bee0ab6eed/gnocchi.8045bc93-2d37-4cfb-9789-94242db85a2a/1764720000.0_mean_300.0_v3" "tx598dfb3918e949f3a26d6-006933a60b" "proxy-server 97198" 0.0173 "-" 96250 0
Dec 05 22:42:03 np0005548602.novalocal container-server[95917]: ::1 - - [06/Dec/2025:03:42:03 +0000] "PUT /3/118228/AUTH_d8741d1891ef40e5a7a8c7bee0ab6eed/gnocchi.8045bc93-2d37-4cfb-9789-94242db85a2a/1764720000.0_mean_300.0_v3" 201 - "PUT http://[::1]:8080/1/130776/AUTH_d8741d1891ef40e5a7a8c7bee0ab6eed/gnocchi.8045bc93-2d37-4cfb-9789-94242db85a2a/1764720000.0_mean_300.0_v3" "tx598dfb3918e949f3a26d6-006933a60b" "object-server 96249" 0.0011 "-" 95917 0
Dec 05 22:42:03 np0005548602.novalocal container-server[95916]: ::1 - - [06/Dec/2025:03:42:03 +0000] "PUT /1/118228/AUTH_d8741d1891ef40e5a7a8c7bee0ab6eed/gnocchi.8045bc93-2d37-4cfb-9789-94242db85a2a/1764720000.0_mean_300.0_v3" 201 - "PUT http://[::1]:8080/3/130776/AUTH_d8741d1891ef40e5a7a8c7bee0ab6eed/gnocchi.8045bc93-2d37-4cfb-9789-94242db85a2a/1764720000.0_mean_300.0_v3" "tx598dfb3918e949f3a26d6-006933a60b" "object-server 96249" 0.0005 "-" 95916 0
