Dec 05 22:41:25 np0005548602.novalocal container-server[95916]: ::1 - - [06/Dec/2025:03:41:25 +0000] "PUT /2/88797/AUTH_d8741d1891ef40e5a7a8c7bee0ab6eed/gnocchi.e5a71682-48aa-45bb-bea9-f8b2a5b1f6a5/none_v3" 201 - "PUT http://[::1]:8080/1/50/AUTH_d8741d1891ef40e5a7a8c7bee0ab6eed/gnocchi.e5a71682-48aa-45bb-bea9-f8b2a5b1f6a5/none_v3" "tx2ec1d31525ec4bc1afe0c-006933a5e5" "object-server 96250" 0.0007 "-" 95916 0
Dec 05 22:41:25 np0005548602.novalocal object-server[96249]: ::1 - - [06/Dec/2025:03:41:25 +0000] "PUT /2/50/AUTH_d8741d1891ef40e5a7a8c7bee0ab6eed/gnocchi.e5a71682-48aa-45bb-bea9-f8b2a5b1f6a5/none_v3" 201 - "PUT https://[::1]:8080/v1/AUTH_d8741d1891ef40e5a7a8c7bee0ab6eed/gnocchi.e5a71682-48aa-45bb-bea9-f8b2a5b1f6a5/none_v3" "tx2ec1d31525ec4bc1afe0c-006933a5e5" "proxy-server 97198" 0.0126 "-" 96249 0
Dec 05 22:41:25 np0005548602.novalocal object-server[96250]: ::1 - - [06/Dec/2025:03:41:25 +0000] "PUT /1/50/AUTH_d8741d1891ef40e5a7a8c7bee0ab6eed/gnocchi.e5a71682-48aa-45bb-bea9-f8b2a5b1f6a5/none_v3" 201 - "PUT https://[::1]:8080/v1/AUTH_d8741d1891ef40e5a7a8c7bee0ab6eed/gnocchi.e5a71682-48aa-45bb-bea9-f8b2a5b1f6a5/none_v3" "tx2ec1d31525ec4bc1afe0c-006933a5e5" "proxy-server 97198" 0.0184 "-" 96250 0
Dec 05 22:41:25 np0005548602.novalocal container-server[95917]: ::1 - - [06/Dec/2025:03:41:25 +0000] "PUT /3/88797/AUTH_d8741d1891ef40e5a7a8c7bee0ab6eed/gnocchi.e5a71682-48aa-45bb-bea9-f8b2a5b1f6a5/none_v3" 201 - "PUT http://[::1]:8080/3/50/AUTH_d8741d1891ef40e5a7a8c7bee0ab6eed/gnocchi.e5a71682-48aa-45bb-bea9-f8b2a5b1f6a5/none_v3" "tx2ec1d31525ec4bc1afe0c-006933a5e5" "object-server 96249" 0.0010 "-" 95917 0
Dec 05 22:41:25 np0005548602.novalocal object-server[96249]: ::1 - - [06/Dec/2025:03:41:25 +0000] "PUT /3/50/AUTH_d8741d1891ef40e5a7a8c7bee0ab6eed/gnocchi.e5a71682-48aa-45bb-bea9-f8b2a5b1f6a5/none_v3" 201 - "PUT https://[::1]:8080/v1/AUTH_d8741d1891ef40e5a7a8c7bee0ab6eed/gnocchi.e5a71682-48aa-45bb-bea9-f8b2a5b1f6a5/none_v3" "tx2ec1d31525ec4bc1afe0c-006933a5e5" "proxy-server 97198" 0.0245 "-" 96249 0
Dec 05 22:41:25 np0005548602.novalocal proxy-server[97198]: ::1 ::1 06/Dec/2025/03/41/25 PUT /v1/AUTH_d8741d1891ef40e5a7a8c7bee0ab6eed/gnocchi.e5a71682-48aa-45bb-bea9-f8b2a5b1f6a5/none_v3 HTTP/1.0 201 - python-swiftclient-4.8.0 gAAAAABpM6W9MtUs... 53 - - tx2ec1d31525ec4bc1afe0c-006933a5e5 - 0.0379 - - 1764992485.765920162 1764992485.803785563 0 1229ee3e1d964977b2a5589f27ad366e
Dec 05 22:41:25 np0005548602.novalocal container-server[95917]: ::1 - - [06/Dec/2025:03:41:25 +0000] "PUT /3/234199/AUTH_d8741d1891ef40e5a7a8c7bee0ab6eed/gnocchi.fb8ed20a-a3e4-49b5-b799-fa9b9217c1a5/none_v3" 201 - "PUT http://[::1]:8080/2/41463/AUTH_d8741d1891ef40e5a7a8c7bee0ab6eed/gnocchi.fb8ed20a-a3e4-49b5-b799-fa9b9217c1a5/none_v3" "tx0bd0aefa09c2400b9ca8c-006933a5e5" "object-server 96249" 0.0010 "-" 95917 0
Dec 05 22:41:25 np0005548602.novalocal container-server[95916]: ::1 - - [06/Dec/2025:03:41:25 +0000] "PUT /2/234199/AUTH_d8741d1891ef40e5a7a8c7bee0ab6eed/gnocchi.fb8ed20a-a3e4-49b5-b799-fa9b9217c1a5/none_v3" 201 - "PUT http://[::1]:8080/1/41463/AUTH_d8741d1891ef40e5a7a8c7bee0ab6eed/gnocchi.fb8ed20a-a3e4-49b5-b799-fa9b9217c1a5/none_v3" "tx0bd0aefa09c2400b9ca8c-006933a5e5" "object-server 96250" 0.0008 "-" 95916 0
Dec 05 22:41:25 np0005548602.novalocal object-server[96250]: ::1 - - [06/Dec/2025:03:41:25 +0000] "PUT /1/41463/AUTH_d8741d1891ef40e5a7a8c7bee0ab6eed/gnocchi.fb8ed20a-a3e4-49b5-b799-fa9b9217c1a5/none_v3" 201 - "PUT https://[::1]:8080/v1/AUTH_d8741d1891ef40e5a7a8c7bee0ab6eed/gnocchi.fb8ed20a-a3e4-49b5-b799-fa9b9217c1a5/none_v3" "tx0bd0aefa09c2400b9ca8c-006933a5e5" "proxy-server 97198" 0.0206 "-" 96250 0
Dec 05 22:41:25 np0005548602.novalocal container-server[95917]: ::1 - - [06/Dec/2025:03:41:25 +0000] "PUT /1/234199/AUTH_d8741d1891ef40e5a7a8c7bee0ab6eed/gnocchi.fb8ed20a-a3e4-49b5-b799-fa9b9217c1a5/none_v3" 201 - "PUT http://[::1]:8080/3/41463/AUTH_d8741d1891ef40e5a7a8c7bee0ab6eed/gnocchi.fb8ed20a-a3e4-49b5-b799-fa9b9217c1a5/none_v3" "tx0bd0aefa09c2400b9ca8c-006933a5e5" "object-server 96250" 0.0007 "-" 95917 0
Dec 05 22:41:25 np0005548602.novalocal object-server[96250]: ::1 - - [06/Dec/2025:03:41:25 +0000] "PUT /3/41463/AUTH_d8741d1891ef40e5a7a8c7bee0ab6eed/gnocchi.fb8ed20a-a3e4-49b5-b799-fa9b9217c1a5/none_v3" 201 - "PUT https://[::1]:8080/v1/AUTH_d8741d1891ef40e5a7a8c7bee0ab6eed/gnocchi.fb8ed20a-a3e4-49b5-b799-fa9b9217c1a5/none_v3" "tx0bd0aefa09c2400b9ca8c-006933a5e5" "proxy-server 97198" 0.0181 "-" 96250 0
Dec 05 22:41:25 np0005548602.novalocal object-server[96249]: ::1 - - [06/Dec/2025:03:41:25 +0000] "PUT /2/41463/AUTH_d8741d1891ef40e5a7a8c7bee0ab6eed/gnocchi.fb8ed20a-a3e4-49b5-b799-fa9b9217c1a5/none_v3" 201 - "PUT https://[::1]:8080/v1/AUTH_d8741d1891ef40e5a7a8c7bee0ab6eed/gnocchi.fb8ed20a-a3e4-49b5-b799-fa9b9217c1a5/none_v3" "tx0bd0aefa09c2400b9ca8c-006933a5e5" "proxy-server 97198" 0.0203 "-" 96249 0
Dec 05 22:41:25 np0005548602.novalocal proxy-server[97198]: ::1 ::1 06/Dec/2025/03/41/25 PUT /v1/AUTH_d8741d1891ef40e5a7a8c7bee0ab6eed/gnocchi.fb8ed20a-a3e4-49b5-b799-fa9b9217c1a5/none_v3 HTTP/1.0 201 - python-swiftclient-4.8.0 gAAAAABpM6W9MtUs... 33 - - tx0bd0aefa09c2400b9ca8c-006933a5e5 - 0.0359 - - 1764992485.807710886 1764992485.843642950 0 1229ee3e1d964977b2a5589f27ad366e
Dec 05 22:41:25 np0005548602.novalocal object-server[96250]: ::1 - - [06/Dec/2025:03:41:25 +0000] "GET /2/159796/AUTH_d8741d1891ef40e5a7a8c7bee0ab6eed/gnocchi.58979c43-17f3-4e40-b647-8ceb155491b4/none_v3" 200 22 "GET https://[::1]:8080/v1/AUTH_d8741d1891ef40e5a7a8c7bee0ab6eed/gnocchi.58979c43-17f3-4e40-b647-8ceb155491b4/none_v3" "tx1717fbb376ca4d4d980da-006933a5e5" "proxy-server 97198" 0.0014 "-" 96250 0
Dec 05 22:41:25 np0005548602.novalocal proxy-server[97198]: ::1 ::1 06/Dec/2025/03/41/25 GET /v1/AUTH_d8741d1891ef40e5a7a8c7bee0ab6eed/gnocchi.58979c43-17f3-4e40-b647-8ceb155491b4/none_v3 HTTP/1.0 200 - python-swiftclient-4.8.0 gAAAAABpM6W9MtUs... - 22 - tx1717fbb376ca4d4d980da-006933a5e5 - 0.0123 - - 1764992485.885418415 1764992485.897707462 0 1229ee3e1d964977b2a5589f27ad366e
Dec 05 22:41:25 np0005548602.novalocal container-server[95916]: ::1 - - [06/Dec/2025:03:41:25 +0000] "GET /2/131848/AUTH_d8741d1891ef40e5a7a8c7bee0ab6eed/gnocchi.58979c43-17f3-4e40-b647-8ceb155491b4" 200 357 "GET https://[::1]:8080/v1/AUTH_d8741d1891ef40e5a7a8c7bee0ab6eed/gnocchi.58979c43-17f3-4e40-b647-8ceb155491b4?format=json&states=listing" "tx087d6150c58d4369821b4-006933a5e5" "proxy-server 97198" 0.0045 "-" 95916 0
Dec 05 22:41:25 np0005548602.novalocal proxy-server[97198]: ::1 ::1 06/Dec/2025/03/41/25 GET /v1/AUTH_d8741d1891ef40e5a7a8c7bee0ab6eed/gnocchi.58979c43-17f3-4e40-b647-8ceb155491b4%3Fformat%3Djson%26states%3Dlisting HTTP/1.0 200 - python-swiftclient-4.8.0 gAAAAABpM6W9MtUs... - 357 - tx087d6150c58d4369821b4-006933a5e5 - 0.0169 - - 1764992485.902250767 1764992485.919132710 0 1229ee3e1d964977b2a5589f27ad366e
Dec 05 22:41:25 np0005548602.novalocal container-server[95916]: ::1 - - [06/Dec/2025:03:41:25 +0000] "GET /1/131848/AUTH_d8741d1891ef40e5a7a8c7bee0ab6eed/gnocchi.58979c43-17f3-4e40-b647-8ceb155491b4" 200 2 "GET https://[::1]:8080/v1/AUTH_d8741d1891ef40e5a7a8c7bee0ab6eed/gnocchi.58979c43-17f3-4e40-b647-8ceb155491b4?format=json&marker=none_v3&states=listing" "txae94fa45809e4739956cf-006933a5e5" "proxy-server 97198" 0.0040 "-" 95916 0
Dec 05 22:41:25 np0005548602.novalocal proxy-server[97198]: ::1 ::1 06/Dec/2025/03/41/25 GET /v1/AUTH_d8741d1891ef40e5a7a8c7bee0ab6eed/gnocchi.58979c43-17f3-4e40-b647-8ceb155491b4%3Fformat%3Djson%26marker%3Dnone_v3%26states%3Dlisting HTTP/1.0 200 - python-swiftclient-4.8.0 gAAAAABpM6W9MtUs... - 2 - txae94fa45809e4739956cf-006933a5e5 - 0.0131 - - 1764992485.923235178 1764992485.936374903 0 1229ee3e1d964977b2a5589f27ad366e
Dec 05 22:41:25 np0005548602.novalocal object-server[96249]: ::1 - - [06/Dec/2025:03:41:25 +0000] "GET /3/115828/AUTH_d8741d1891ef40e5a7a8c7bee0ab6eed/gnocchi.58979c43-17f3-4e40-b647-8ceb155491b4/1764720000.0_mean_300.0_v3" 200 16 "GET https://[::1]:8080/v1/AUTH_d8741d1891ef40e5a7a8c7bee0ab6eed/gnocchi.58979c43-17f3-4e40-b647-8ceb155491b4/1764720000.0_mean_300.0_v3" "txcc309c86a7a74119af573-006933a5e5" "proxy-server 97198" 0.0015 "-" 96249 0
Dec 05 22:41:25 np0005548602.novalocal proxy-server[97198]: ::1 ::1 06/Dec/2025/03/41/25 GET /v1/AUTH_d8741d1891ef40e5a7a8c7bee0ab6eed/gnocchi.58979c43-17f3-4e40-b647-8ceb155491b4/1764720000.0_mean_300.0_v3 HTTP/1.0 200 - python-swiftclient-4.8.0 gAAAAABpM6W9MtUs... - 16 - txcc309c86a7a74119af573-006933a5e5 - 0.0128 - - 1764992485.940966129 1764992485.953721762 0 1229ee3e1d964977b2a5589f27ad366e
Dec 05 22:41:25 np0005548602.novalocal container-server[95916]: ::1 - - [06/Dec/2025:03:41:25 +0000] "PUT /3/131848/AUTH_d8741d1891ef40e5a7a8c7bee0ab6eed/gnocchi.58979c43-17f3-4e40-b647-8ceb155491b4/1764720000.0_mean_300.0_v3" 201 - "PUT http://[::1]:8080/3/115828/AUTH_d8741d1891ef40e5a7a8c7bee0ab6eed/gnocchi.58979c43-17f3-4e40-b647-8ceb155491b4/1764720000.0_mean_300.0_v3" "tx60e5e575aba44c01ab296-006933a5e5" "object-server 96250" 0.0007 "-" 95916 0
Dec 05 22:41:25 np0005548602.novalocal object-server[96250]: ::1 - - [06/Dec/2025:03:41:25 +0000] "PUT /3/115828/AUTH_d8741d1891ef40e5a7a8c7bee0ab6eed/gnocchi.58979c43-17f3-4e40-b647-8ceb155491b4/1764720000.0_mean_300.0_v3" 201 - "PUT https://[::1]:8080/v1/AUTH_d8741d1891ef40e5a7a8c7bee0ab6eed/gnocchi.58979c43-17f3-4e40-b647-8ceb155491b4/1764720000.0_mean_300.0_v3" "tx60e5e575aba44c01ab296-006933a5e5" "proxy-server 97198" 0.0134 "-" 96250 0
Dec 05 22:41:25 np0005548602.novalocal container-server[95916]: ::1 - - [06/Dec/2025:03:41:25 +0000] "PUT /2/131848/AUTH_d8741d1891ef40e5a7a8c7bee0ab6eed/gnocchi.58979c43-17f3-4e40-b647-8ceb155491b4/1764720000.0_mean_300.0_v3" 201 - "PUT http://[::1]:8080/1/115828/AUTH_d8741d1891ef40e5a7a8c7bee0ab6eed/gnocchi.58979c43-17f3-4e40-b647-8ceb155491b4/1764720000.0_mean_300.0_v3" "tx60e5e575aba44c01ab296-006933a5e5" "object-server 96249" 0.0007 "-" 95916 0
Dec 05 22:41:25 np0005548602.novalocal container-server[95917]: ::1 - - [06/Dec/2025:03:41:25 +0000] "PUT /1/131848/AUTH_d8741d1891ef40e5a7a8c7bee0ab6eed/gnocchi.58979c43-17f3-4e40-b647-8ceb155491b4/1764720000.0_mean_300.0_v3" 201 - "PUT http://[::1]:8080/2/115828/AUTH_d8741d1891ef40e5a7a8c7bee0ab6eed/gnocchi.58979c43-17f3-4e40-b647-8ceb155491b4/1764720000.0_mean_300.0_v3" "tx60e5e575aba44c01ab296-006933a5e5" "object-server 96249" 0.0009 "-" 95917 0
Dec 05 22:41:25 np0005548602.novalocal object-server[96249]: ::1 - - [06/Dec/2025:03:41:25 +0000] "PUT /1/115828/AUTH_d8741d1891ef40e5a7a8c7bee0ab6eed/gnocchi.58979c43-17f3-4e40-b647-8ceb155491b4/1764720000.0_mean_300.0_v3" 201 - "PUT https://[::1]:8080/v1/AUTH_d8741d1891ef40e5a7a8c7bee0ab6eed/gnocchi.58979c43-17f3-4e40-b647-8ceb155491b4/1764720000.0_mean_300.0_v3" "tx60e5e575aba44c01ab296-006933a5e5" "proxy-server 97198" 0.0135 "-" 96249 0
Dec 05 22:41:25 np0005548602.novalocal object-server[96249]: ::1 - - [06/Dec/2025:03:41:25 +0000] "PUT /2/115828/AUTH_d8741d1891ef40e5a7a8c7bee0ab6eed/gnocchi.58979c43-17f3-4e40-b647-8ceb155491b4/1764720000.0_mean_300.0_v3" 201 - "PUT https://[::1]:8080/v1/AUTH_d8741d1891ef40e5a7a8c7bee0ab6eed/gnocchi.58979c43-17f3-4e40-b647-8ceb155491b4/1764720000.0_mean_300.0_v3" "tx60e5e575aba44c01ab296-006933a5e5" "proxy-server 97198" 0.0177 "-" 96249 0
Dec 05 22:41:25 np0005548602.novalocal proxy-server[97198]: ::1 ::1 06/Dec/2025/03/41/25 PUT /v1/AUTH_d8741d1891ef40e5a7a8c7bee0ab6eed/gnocchi.58979c43-17f3-4e40-b647-8ceb155491b4/1764720000.0_mean_300.0_v3 HTTP/1.0 201 - python-swiftclient-4.8.0 gAAAAABpM6W9MtUs... 16 - - tx60e5e575aba44c01ab296-006933a5e5 - 0.0301 - - 1764992485.957762241 1764992485.987844944 0 1229ee3e1d964977b2a5589f27ad366e
Dec 05 22:41:26 np0005548602.novalocal container-server[95916]: ::1 - - [06/Dec/2025:03:41:26 +0000] "PUT /3/131848/AUTH_d8741d1891ef40e5a7a8c7bee0ab6eed/gnocchi.58979c43-17f3-4e40-b647-8ceb155491b4/none_v3" 201 - "PUT http://[::1]:8080/2/159796/AUTH_d8741d1891ef40e5a7a8c7bee0ab6eed/gnocchi.58979c43-17f3-4e40-b647-8ceb155491b4/none_v3" "tx946caca709584785bb2c4-006933a5e5" "object-server 96250" 0.0007 "-" 95916 0
Dec 05 22:41:26 np0005548602.novalocal object-server[96250]: ::1 - - [06/Dec/2025:03:41:26 +0000] "PUT /2/159796/AUTH_d8741d1891ef40e5a7a8c7bee0ab6eed/gnocchi.58979c43-17f3-4e40-b647-8ceb155491b4/none_v3" 201 - "PUT https://[::1]:8080/v1/AUTH_d8741d1891ef40e5a7a8c7bee0ab6eed/gnocchi.58979c43-17f3-4e40-b647-8ceb155491b4/none_v3" "tx946caca709584785bb2c4-006933a5e5" "proxy-server 97198" 0.0161 "-" 96250 0
Dec 05 22:41:26 np0005548602.novalocal container-server[95916]: ::1 - - [06/Dec/2025:03:41:26 +0000] "PUT /2/131848/AUTH_d8741d1891ef40e5a7a8c7bee0ab6eed/gnocchi.58979c43-17f3-4e40-b647-8ceb155491b4/none_v3" 201 - "PUT http://[::1]:8080/1/159796/AUTH_d8741d1891ef40e5a7a8c7bee0ab6eed/gnocchi.58979c43-17f3-4e40-b647-8ceb155491b4/none_v3" "tx946caca709584785bb2c4-006933a5e5" "object-server 96249" 0.0006 "-" 95916 0
Dec 05 22:41:26 np0005548602.novalocal container-server[95917]: ::1 - - [06/Dec/2025:03:41:26 +0000] "PUT /1/131848/AUTH_d8741d1891ef40e5a7a8c7bee0ab6eed/gnocchi.58979c43-17f3-4e40-b647-8ceb155491b4/none_v3" 201 - "PUT http://[::1]:8080/3/159796/AUTH_d8741d1891ef40e5a7a8c7bee0ab6eed/gnocchi.58979c43-17f3-4e40-b647-8ceb155491b4/none_v3" "tx946caca709584785bb2c4-006933a5e5" "object-server 96249" 0.0008 "-" 95917 0
Dec 05 22:41:26 np0005548602.novalocal object-server[96249]: ::1 - - [06/Dec/2025:03:41:26 +0000] "PUT /1/159796/AUTH_d8741d1891ef40e5a7a8c7bee0ab6eed/gnocchi.58979c43-17f3-4e40-b647-8ceb155491b4/none_v3" 201 - "PUT https://[::1]:8080/v1/AUTH_d8741d1891ef40e5a7a8c7bee0ab6eed/gnocchi.58979c43-17f3-4e40-b647-8ceb155491b4/none_v3" "tx946caca709584785bb2c4-006933a5e5" "proxy-server 97198" 0.0148 "-" 96249 0
Dec 05 22:41:26 np0005548602.novalocal object-server[96249]: ::1 - - [06/Dec/2025:03:41:26 +0000] "PUT /3/159796/AUTH_d8741d1891ef40e5a7a8c7bee0ab6eed/gnocchi.58979c43-17f3-4e40-b647-8ceb155491b4/none_v3" 201 - "PUT https://[::1]:8080/v1/AUTH_d8741d1891ef40e5a7a8c7bee0ab6eed/gnocchi.58979c43-17f3-4e40-b647-8ceb155491b4/none_v3" "tx946caca709584785bb2c4-006933a5e5" "proxy-server 97198" 0.0223 "-" 96249 0
Dec 05 22:41:26 np0005548602.novalocal proxy-server[97198]: ::1 ::1 06/Dec/2025/03/41/26 PUT /v1/AUTH_d8741d1891ef40e5a7a8c7bee0ab6eed/gnocchi.58979c43-17f3-4e40-b647-8ceb155491b4/none_v3 HTTP/1.0 201 - python-swiftclient-4.8.0 gAAAAABpM6W9MtUs... 27 - - tx946caca709584785bb2c4-006933a5e5 - 0.0704 - - 1764992485.991848946 1764992486.062203884 0 1229ee3e1d964977b2a5589f27ad366e
Dec 05 22:41:26 np0005548602.novalocal dnsmasq[102734]: read /var/lib/neutron/dhcp/c41b9dc3-3fc2-42b7-9ded-11b245b345d8/addn_hosts - 0 addresses
Dec 05 22:41:26 np0005548602.novalocal dnsmasq-dhcp[102734]: read /var/lib/neutron/dhcp/c41b9dc3-3fc2-42b7-9ded-11b245b345d8/host
Dec 05 22:41:26 np0005548602.novalocal dnsmasq-dhcp[102734]: read /var/lib/neutron/dhcp/c41b9dc3-3fc2-42b7-9ded-11b245b345d8/opts
Dec 05 22:41:26 np0005548602.novalocal object-server[96249]: ::1 - - [06/Dec/2025:03:41:26 +0000] "GET /1/12262/AUTH_d8741d1891ef40e5a7a8c7bee0ab6eed/gnocchi.8ffb3087-7b30-48ce-89b2-111fd4240a37/none_v3" 200 22 "GET https://[::1]:8080/v1/AUTH_d8741d1891ef40e5a7a8c7bee0ab6eed/gnocchi.8ffb3087-7b30-48ce-89b2-111fd4240a37/none_v3" "txd5eb798bd7414a5fa7da1-006933a5e6" "proxy-server 97198" 0.0012 "-" 96249 0
Dec 05 22:41:26 np0005548602.novalocal proxy-server[97198]: ::1 ::1 06/Dec/2025/03/41/26 GET /v1/AUTH_d8741d1891ef40e5a7a8c7bee0ab6eed/gnocchi.8ffb3087-7b30-48ce-89b2-111fd4240a37/none_v3 HTTP/1.0 200 - python-swiftclient-4.8.0 gAAAAABpM6W9MtUs... - 22 - txd5eb798bd7414a5fa7da1-006933a5e6 - 0.0098 - - 1764992486.076143265 1764992486.085936546 0 1229ee3e1d964977b2a5589f27ad366e
Dec 05 22:41:26 np0005548602.novalocal container-server[95916]: ::1 - - [06/Dec/2025:03:41:26 +0000] "GET /1/215125/AUTH_d8741d1891ef40e5a7a8c7bee0ab6eed/gnocchi.8ffb3087-7b30-48ce-89b2-111fd4240a37" 200 357 "GET https://[::1]:8080/v1/AUTH_d8741d1891ef40e5a7a8c7bee0ab6eed/gnocchi.8ffb3087-7b30-48ce-89b2-111fd4240a37?format=json&states=listing" "txda90b0e1059c4c38b2fff-006933a5e6" "proxy-server 97198" 0.0076 "-" 95916 0
Dec 05 22:41:26 np0005548602.novalocal proxy-server[97198]: ::1 ::1 06/Dec/2025/03/41/26 GET /v1/AUTH_d8741d1891ef40e5a7a8c7bee0ab6eed/gnocchi.8ffb3087-7b30-48ce-89b2-111fd4240a37%3Fformat%3Djson%26states%3Dlisting HTTP/1.0 200 - python-swiftclient-4.8.0 gAAAAABpM6W9MtUs... - 357 - txda90b0e1059c4c38b2fff-006933a5e6 - 0.0143 - - 1764992486.090149403 1764992486.104473114 0 1229ee3e1d964977b2a5589f27ad366e
Dec 05 22:41:26 np0005548602.novalocal container-server[95917]: ::1 - - [06/Dec/2025:03:41:26 +0000] "GET /3/215125/AUTH_d8741d1891ef40e5a7a8c7bee0ab6eed/gnocchi.8ffb3087-7b30-48ce-89b2-111fd4240a37" 200 2 "GET https://[::1]:8080/v1/AUTH_d8741d1891ef40e5a7a8c7bee0ab6eed/gnocchi.8ffb3087-7b30-48ce-89b2-111fd4240a37?format=json&marker=none_v3&states=listing" "txadbd57707fa54c4b9dbab-006933a5e6" "proxy-server 97198" 0.0044 "-" 95917 0
Dec 05 22:41:26 np0005548602.novalocal proxy-server[97198]: ::1 ::1 06/Dec/2025/03/41/26 GET /v1/AUTH_d8741d1891ef40e5a7a8c7bee0ab6eed/gnocchi.8ffb3087-7b30-48ce-89b2-111fd4240a37%3Fformat%3Djson%26marker%3Dnone_v3%26states%3Dlisting HTTP/1.0 200 - python-swiftclient-4.8.0 gAAAAABpM6W9MtUs... - 2 - txadbd57707fa54c4b9dbab-006933a5e6 - 0.0133 - - 1764992486.108182669 1764992486.121447086 0 1229ee3e1d964977b2a5589f27ad366e
Dec 05 22:41:26 np0005548602.novalocal object-server[96250]: ::1 - - [06/Dec/2025:03:41:26 +0000] "GET /3/200497/AUTH_d8741d1891ef40e5a7a8c7bee0ab6eed/gnocchi.8ffb3087-7b30-48ce-89b2-111fd4240a37/1764720000.0_mean_300.0_v3" 200 16 "GET https://[::1]:8080/v1/AUTH_d8741d1891ef40e5a7a8c7bee0ab6eed/gnocchi.8ffb3087-7b30-48ce-89b2-111fd4240a37/1764720000.0_mean_300.0_v3" "txb3351e06e52c438083873-006933a5e6" "proxy-server 97198" 0.0011 "-" 96250 0
Dec 05 22:41:26 np0005548602.novalocal proxy-server[97198]: ::1 ::1 06/Dec/2025/03/41/26 GET /v1/AUTH_d8741d1891ef40e5a7a8c7bee0ab6eed/gnocchi.8ffb3087-7b30-48ce-89b2-111fd4240a37/1764720000.0_mean_300.0_v3 HTTP/1.0 200 - python-swiftclient-4.8.0 gAAAAABpM6W9MtUs... - 16 - txb3351e06e52c438083873-006933a5e6 - 0.0096 - - 1764992486.126995802 1764992486.136620045 0 1229ee3e1d964977b2a5589f27ad366e
Dec 05 22:41:26 np0005548602.novalocal container-server[95916]: ::1 - - [06/Dec/2025:03:41:26 +0000] "PUT /1/215125/AUTH_d8741d1891ef40e5a7a8c7bee0ab6eed/gnocchi.8ffb3087-7b30-48ce-89b2-111fd4240a37/1764720000.0_mean_300.0_v3" 201 - "PUT http://[::1]:8080/3/200497/AUTH_d8741d1891ef40e5a7a8c7bee0ab6eed/gnocchi.8ffb3087-7b30-48ce-89b2-111fd4240a37/1764720000.0_mean_300.0_v3" "tx705d2e60cd6149d880c77-006933a5e6" "object-server 96249" 0.0008 "-" 95916 0
Dec 05 22:41:26 np0005548602.novalocal object-server[96249]: ::1 - - [06/Dec/2025:03:41:26 +0000] "PUT /3/200497/AUTH_d8741d1891ef40e5a7a8c7bee0ab6eed/gnocchi.8ffb3087-7b30-48ce-89b2-111fd4240a37/1764720000.0_mean_300.0_v3" 201 - "PUT https://[::1]:8080/v1/AUTH_d8741d1891ef40e5a7a8c7bee0ab6eed/gnocchi.8ffb3087-7b30-48ce-89b2-111fd4240a37/1764720000.0_mean_300.0_v3" "tx705d2e60cd6149d880c77-006933a5e6" "proxy-server 97198" 0.0156 "-" 96249 0
Dec 05 22:41:26 np0005548602.novalocal container-server[95916]: ::1 - - [06/Dec/2025:03:41:26 +0000] "PUT /2/215125/AUTH_d8741d1891ef40e5a7a8c7bee0ab6eed/gnocchi.8ffb3087-7b30-48ce-89b2-111fd4240a37/1764720000.0_mean_300.0_v3" 201 - "PUT http://[::1]:8080/2/200497/AUTH_d8741d1891ef40e5a7a8c7bee0ab6eed/gnocchi.8ffb3087-7b30-48ce-89b2-111fd4240a37/1764720000.0_mean_300.0_v3" "tx705d2e60cd6149d880c77-006933a5e6" "object-server 96250" 0.0007 "-" 95916 0
Dec 05 22:41:26 np0005548602.novalocal object-server[96250]: ::1 - - [06/Dec/2025:03:41:26 +0000] "PUT /2/200497/AUTH_d8741d1891ef40e5a7a8c7bee0ab6eed/gnocchi.8ffb3087-7b30-48ce-89b2-111fd4240a37/1764720000.0_mean_300.0_v3" 201 - "PUT https://[::1]:8080/v1/AUTH_d8741d1891ef40e5a7a8c7bee0ab6eed/gnocchi.8ffb3087-7b30-48ce-89b2-111fd4240a37/1764720000.0_mean_300.0_v3" "tx705d2e60cd6149d880c77-006933a5e6" "proxy-server 97198" 0.0176 "-" 96250 0
Dec 05 22:41:26 np0005548602.novalocal container-server[95916]: ::1 - - [06/Dec/2025:03:41:26 +0000] "PUT /3/215125/AUTH_d8741d1891ef40e5a7a8c7bee0ab6eed/gnocchi.8ffb3087-7b30-48ce-89b2-111fd4240a37/1764720000.0_mean_300.0_v3" 201 - "PUT http://[::1]:8080/1/200497/AUTH_d8741d1891ef40e5a7a8c7bee0ab6eed/gnocchi.8ffb3087-7b30-48ce-89b2-111fd4240a37/1764720000.0_mean_300.0_v3" "tx705d2e60cd6149d880c77-006933a5e6" "object-server 96250" 0.0008 "-" 95916 0
Dec 05 22:41:26 np0005548602.novalocal object-server[96250]: ::1 - - [06/Dec/2025:03:41:26 +0000] "PUT /1/200497/AUTH_d8741d1891ef40e5a7a8c7bee0ab6eed/gnocchi.8ffb3087-7b30-48ce-89b2-111fd4240a37/1764720000.0_mean_300.0_v3" 201 - "PUT https://[::1]:8080/v1/AUTH_d8741d1891ef40e5a7a8c7bee0ab6eed/gnocchi.8ffb3087-7b30-48ce-89b2-111fd4240a37/1764720000.0_mean_300.0_v3" "tx705d2e60cd6149d880c77-006933a5e6" "proxy-server 97198" 0.0219 "-" 96250 0
Dec 05 22:41:26 np0005548602.novalocal proxy-server[97198]: ::1 ::1 06/Dec/2025/03/41/26 PUT /v1/AUTH_d8741d1891ef40e5a7a8c7bee0ab6eed/gnocchi.8ffb3087-7b30-48ce-89b2-111fd4240a37/1764720000.0_mean_300.0_v3 HTTP/1.0 201 - python-swiftclient-4.8.0 gAAAAABpM6W9MtUs... 16 - - tx705d2e60cd6149d880c77-006933a5e6 - 0.0313 - - 1764992486.140138388 1764992486.171391726 0 1229ee3e1d964977b2a5589f27ad366e
Dec 05 22:41:26 np0005548602.novalocal container-server[95917]: ::1 - - [06/Dec/2025:03:41:26 +0000] "PUT /1/215125/AUTH_d8741d1891ef40e5a7a8c7bee0ab6eed/gnocchi.8ffb3087-7b30-48ce-89b2-111fd4240a37/none_v3" 201 - "PUT http://[::1]:8080/3/12262/AUTH_d8741d1891ef40e5a7a8c7bee0ab6eed/gnocchi.8ffb3087-7b30-48ce-89b2-111fd4240a37/none_v3" "tx13bb9298edd8494096166-006933a5e6" "object-server 96249" 0.0008 "-" 95917 0
Dec 05 22:41:26 np0005548602.novalocal object-server[96249]: ::1 - - [06/Dec/2025:03:41:26 +0000] "PUT /3/12262/AUTH_d8741d1891ef40e5a7a8c7bee0ab6eed/gnocchi.8ffb3087-7b30-48ce-89b2-111fd4240a37/none_v3" 201 - "PUT https://[::1]:8080/v1/AUTH_d8741d1891ef40e5a7a8c7bee0ab6eed/gnocchi.8ffb3087-7b30-48ce-89b2-111fd4240a37/none_v3" "tx13bb9298edd8494096166-006933a5e6" "proxy-server 97198" 0.0135 "-" 96249 0
Dec 05 22:41:26 np0005548602.novalocal container-server[95916]: ::1 - - [06/Dec/2025:03:41:26 +0000] "PUT /2/215125/AUTH_d8741d1891ef40e5a7a8c7bee0ab6eed/gnocchi.8ffb3087-7b30-48ce-89b2-111fd4240a37/none_v3" 201 - "PUT http://[::1]:8080/2/12262/AUTH_d8741d1891ef40e5a7a8c7bee0ab6eed/gnocchi.8ffb3087-7b30-48ce-89b2-111fd4240a37/none_v3" "tx13bb9298edd8494096166-006933a5e6" "object-server 96249" 0.0008 "-" 95916 0
Dec 05 22:41:26 np0005548602.novalocal object-server[96249]: ::1 - - [06/Dec/2025:03:41:26 +0000] "PUT /2/12262/AUTH_d8741d1891ef40e5a7a8c7bee0ab6eed/gnocchi.8ffb3087-7b30-48ce-89b2-111fd4240a37/none_v3" 201 - "PUT https://[::1]:8080/v1/AUTH_d8741d1891ef40e5a7a8c7bee0ab6eed/gnocchi.8ffb3087-7b30-48ce-89b2-111fd4240a37/none_v3" "tx13bb9298edd8494096166-006933a5e6" "proxy-server 97198" 0.0146 "-" 96249 0
Dec 05 22:41:26 np0005548602.novalocal container-server[95916]: ::1 - - [06/Dec/2025:03:41:26 +0000] "PUT /3/215125/AUTH_d8741d1891ef40e5a7a8c7bee0ab6eed/gnocchi.8ffb3087-7b30-48ce-89b2-111fd4240a37/none_v3" 201 - "PUT http://[::1]:8080/1/12262/AUTH_d8741d1891ef40e5a7a8c7bee0ab6eed/gnocchi.8ffb3087-7b30-48ce-89b2-111fd4240a37/none_v3" "tx13bb9298edd8494096166-006933a5e6" "object-server 96250" 0.0012 "-" 95916 0
Dec 05 22:41:26 np0005548602.novalocal object-server[96250]: ::1 - - [06/Dec/2025:03:41:26 +0000] "PUT /1/12262/AUTH_d8741d1891ef40e5a7a8c7bee0ab6eed/gnocchi.8ffb3087-7b30-48ce-89b2-111fd4240a37/none_v3" 201 - "PUT https://[::1]:8080/v1/AUTH_d8741d1891ef40e5a7a8c7bee0ab6eed/gnocchi.8ffb3087-7b30-48ce-89b2-111fd4240a37/none_v3" "tx13bb9298edd8494096166-006933a5e6" "proxy-server 97198" 0.0183 "-" 96250 0
Dec 05 22:41:26 np0005548602.novalocal proxy-server[97198]: ::1 ::1 06/Dec/2025/03/41/26 PUT /v1/AUTH_d8741d1891ef40e5a7a8c7bee0ab6eed/gnocchi.8ffb3087-7b30-48ce-89b2-111fd4240a37/none_v3 HTTP/1.0 201 - python-swiftclient-4.8.0 gAAAAABpM6W9MtUs... 33 - - tx13bb9298edd8494096166-006933a5e6 - 0.0309 - - 1764992486.174645185 1764992486.205521822 0 1229ee3e1d964977b2a5589f27ad366e
Dec 05 22:41:26 np0005548602.novalocal object-server[96249]: ::1 - - [06/Dec/2025:03:41:26 +0000] "GET /2/117976/AUTH_d8741d1891ef40e5a7a8c7bee0ab6eed/gnocchi.c2560acf-0016-4832-9496-854a2b7e03c4/none_v3" 200 38 "GET https://[::1]:8080/v1/AUTH_d8741d1891ef40e5a7a8c7bee0ab6eed/gnocchi.c2560acf-0016-4832-9496-854a2b7e03c4/none_v3" "tx3561e1459d8c4053b29f7-006933a5e6" "proxy-server 97198" 0.0015 "-" 96249 0
Dec 05 22:41:26 np0005548602.novalocal proxy-server[97198]: ::1 ::1 06/Dec/2025/03/41/26 GET /v1/AUTH_d8741d1891ef40e5a7a8c7bee0ab6eed/gnocchi.c2560acf-0016-4832-9496-854a2b7e03c4/none_v3 HTTP/1.0 200 - python-swiftclient-4.8.0 gAAAAABpM6W9MtUs... - 38 - tx3561e1459d8c4053b29f7-006933a5e6 - 0.0100 - - 1764992486.235828876 1764992486.245845556 0 1229ee3e1d964977b2a5589f27ad366e
Dec 05 22:41:26 np0005548602.novalocal container-server[95916]: ::1 - - [06/Dec/2025:03:41:26 +0000] "GET /2/236178/AUTH_d8741d1891ef40e5a7a8c7bee0ab6eed/gnocchi.c2560acf-0016-4832-9496-854a2b7e03c4" 200 357 "GET https://[::1]:8080/v1/AUTH_d8741d1891ef40e5a7a8c7bee0ab6eed/gnocchi.c2560acf-0016-4832-9496-854a2b7e03c4?format=json&states=listing" "tx5d47ac8066ed4f7a844b0-006933a5e6" "proxy-server 97198" 0.0094 "-" 95916 0
Dec 05 22:41:26 np0005548602.novalocal proxy-server[97198]: ::1 ::1 06/Dec/2025/03/41/26 GET /v1/AUTH_d8741d1891ef40e5a7a8c7bee0ab6eed/gnocchi.c2560acf-0016-4832-9496-854a2b7e03c4%3Fformat%3Djson%26states%3Dlisting HTTP/1.0 200 - python-swiftclient-4.8.0 gAAAAABpM6W9MtUs... - 357 - tx5d47ac8066ed4f7a844b0-006933a5e6 - 0.0182 - - 1764992486.250883579 1764992486.269067049 0 1229ee3e1d964977b2a5589f27ad366e
Dec 05 22:41:26 np0005548602.novalocal container-server[95916]: ::1 - - [06/Dec/2025:03:41:26 +0000] "GET /3/236178/AUTH_d8741d1891ef40e5a7a8c7bee0ab6eed/gnocchi.c2560acf-0016-4832-9496-854a2b7e03c4" 200 2 "GET https://[::1]:8080/v1/AUTH_d8741d1891ef40e5a7a8c7bee0ab6eed/gnocchi.c2560acf-0016-4832-9496-854a2b7e03c4?format=json&marker=none_v3&states=listing" "tx35b97e06748c46619c39d-006933a5e6" "proxy-server 97198" 0.0126 "-" 95916 0
Dec 05 22:41:26 np0005548602.novalocal proxy-server[97198]: ::1 ::1 06/Dec/2025/03/41/26 GET /v1/AUTH_d8741d1891ef40e5a7a8c7bee0ab6eed/gnocchi.c2560acf-0016-4832-9496-854a2b7e03c4%3Fformat%3Djson%26marker%3Dnone_v3%26states%3Dlisting HTTP/1.0 200 - python-swiftclient-4.8.0 gAAAAABpM6W9MtUs... - 2 - tx35b97e06748c46619c39d-006933a5e6 - 0.0206 - - 1764992486.275604486 1764992486.296167374 0 1229ee3e1d964977b2a5589f27ad366e
Dec 05 22:41:26 np0005548602.novalocal dnsmasq[102734]: exiting on receipt of SIGTERM
Dec 05 22:41:26 np0005548602.novalocal object-server[96249]: ::1 - - [06/Dec/2025:03:41:26 +0000] "GET /2/92387/AUTH_d8741d1891ef40e5a7a8c7bee0ab6eed/gnocchi.c2560acf-0016-4832-9496-854a2b7e03c4/1764720000.0_mean_300.0_v3" 200 16 "GET https://[::1]:8080/v1/AUTH_d8741d1891ef40e5a7a8c7bee0ab6eed/gnocchi.c2560acf-0016-4832-9496-854a2b7e03c4/1764720000.0_mean_300.0_v3" "tx1740f20f85a341a0b5948-006933a5e6" "proxy-server 97198" 0.0014 "-" 96249 0
Dec 05 22:41:26 np0005548602.novalocal proxy-server[97198]: ::1 ::1 06/Dec/2025/03/41/26 GET /v1/AUTH_d8741d1891ef40e5a7a8c7bee0ab6eed/gnocchi.c2560acf-0016-4832-9496-854a2b7e03c4/1764720000.0_mean_300.0_v3 HTTP/1.0 200 - python-swiftclient-4.8.0 gAAAAABpM6W9MtUs... - 16 - tx1740f20f85a341a0b5948-006933a5e6 - 0.0105 - - 1764992486.298834801 1764992486.309316635 0 1229ee3e1d964977b2a5589f27ad366e
Dec 05 22:41:26 np0005548602.novalocal kernel: tap1dfcf223-34: left promiscuous mode
Dec 05 22:41:26 np0005548602.novalocal container-server[95916]: ::1 - - [06/Dec/2025:03:41:26 +0000] "PUT /2/236178/AUTH_d8741d1891ef40e5a7a8c7bee0ab6eed/gnocchi.c2560acf-0016-4832-9496-854a2b7e03c4/1764720000.0_mean_300.0_v3" 201 - "PUT http://[::1]:8080/3/92387/AUTH_d8741d1891ef40e5a7a8c7bee0ab6eed/gnocchi.c2560acf-0016-4832-9496-854a2b7e03c4/1764720000.0_mean_300.0_v3" "tx33366fdfe9104990a2d6f-006933a5e6" "object-server 96250" 0.0008 "-" 95916 0
Dec 05 22:41:26 np0005548602.novalocal object-server[96250]: ::1 - - [06/Dec/2025:03:41:26 +0000] "PUT /3/92387/AUTH_d8741d1891ef40e5a7a8c7bee0ab6eed/gnocchi.c2560acf-0016-4832-9496-854a2b7e03c4/1764720000.0_mean_300.0_v3" 201 - "PUT https://[::1]:8080/v1/AUTH_d8741d1891ef40e5a7a8c7bee0ab6eed/gnocchi.c2560acf-0016-4832-9496-854a2b7e03c4/1764720000.0_mean_300.0_v3" "tx33366fdfe9104990a2d6f-006933a5e6" "proxy-server 97198" 0.0143 "-" 96250 0
Dec 05 22:41:26 np0005548602.novalocal container-server[95917]: ::1 - - [06/Dec/2025:03:41:26 +0000] "PUT /3/236178/AUTH_d8741d1891ef40e5a7a8c7bee0ab6eed/gnocchi.c2560acf-0016-4832-9496-854a2b7e03c4/1764720000.0_mean_300.0_v3" 201 - "PUT http://[::1]:8080/2/92387/AUTH_d8741d1891ef40e5a7a8c7bee0ab6eed/gnocchi.c2560acf-0016-4832-9496-854a2b7e03c4/1764720000.0_mean_300.0_v3" "tx33366fdfe9104990a2d6f-006933a5e6" "object-server 96249" 0.0008 "-" 95917 0
Dec 05 22:41:26 np0005548602.novalocal object-server[96249]: ::1 - - [06/Dec/2025:03:41:26 +0000] "PUT /2/92387/AUTH_d8741d1891ef40e5a7a8c7bee0ab6eed/gnocchi.c2560acf-0016-4832-9496-854a2b7e03c4/1764720000.0_mean_300.0_v3" 201 - "PUT https://[::1]:8080/v1/AUTH_d8741d1891ef40e5a7a8c7bee0ab6eed/gnocchi.c2560acf-0016-4832-9496-854a2b7e03c4/1764720000.0_mean_300.0_v3" "tx33366fdfe9104990a2d6f-006933a5e6" "proxy-server 97198" 0.0155 "-" 96249 0
Dec 05 22:41:26 np0005548602.novalocal container-server[95917]: ::1 - - [06/Dec/2025:03:41:26 +0000] "PUT /1/236178/AUTH_d8741d1891ef40e5a7a8c7bee0ab6eed/gnocchi.c2560acf-0016-4832-9496-854a2b7e03c4/1764720000.0_mean_300.0_v3" 201 - "PUT http://[::1]:8080/1/92387/AUTH_d8741d1891ef40e5a7a8c7bee0ab6eed/gnocchi.c2560acf-0016-4832-9496-854a2b7e03c4/1764720000.0_mean_300.0_v3" "tx33366fdfe9104990a2d6f-006933a5e6" "object-server 96249" 0.0006 "-" 95917 0
Dec 05 22:41:26 np0005548602.novalocal object-server[96249]: ::1 - - [06/Dec/2025:03:41:26 +0000] "PUT /1/92387/AUTH_d8741d1891ef40e5a7a8c7bee0ab6eed/gnocchi.c2560acf-0016-4832-9496-854a2b7e03c4/1764720000.0_mean_300.0_v3" 201 - "PUT https://[::1]:8080/v1/AUTH_d8741d1891ef40e5a7a8c7bee0ab6eed/gnocchi.c2560acf-0016-4832-9496-854a2b7e03c4/1764720000.0_mean_300.0_v3" "tx33366fdfe9104990a2d6f-006933a5e6" "proxy-server 97198" 0.0201 "-" 96249 0
Dec 05 22:41:26 np0005548602.novalocal proxy-server[97198]: ::1 ::1 06/Dec/2025/03/41/26 PUT /v1/AUTH_d8741d1891ef40e5a7a8c7bee0ab6eed/gnocchi.c2560acf-0016-4832-9496-854a2b7e03c4/1764720000.0_mean_300.0_v3 HTTP/1.0 201 - python-swiftclient-4.8.0 gAAAAABpM6W9MtUs... 16 - - tx33366fdfe9104990a2d6f-006933a5e6 - 0.0315 - - 1764992486.311449051 1764992486.342899084 0 1229ee3e1d964977b2a5589f27ad366e
Dec 05 22:41:26 np0005548602.novalocal container-server[95917]: ::1 - - [06/Dec/2025:03:41:26 +0000] "PUT /3/236178/AUTH_d8741d1891ef40e5a7a8c7bee0ab6eed/gnocchi.c2560acf-0016-4832-9496-854a2b7e03c4/none_v3" 201 - "PUT http://[::1]:8080/1/117976/AUTH_d8741d1891ef40e5a7a8c7bee0ab6eed/gnocchi.c2560acf-0016-4832-9496-854a2b7e03c4/none_v3" "tx4cbf0877f1aa41578c094-006933a5e6" "object-server 96249" 0.0007 "-" 95917 0
Dec 05 22:41:26 np0005548602.novalocal object-server[96249]: ::1 - - [06/Dec/2025:03:41:26 +0000] "PUT /1/117976/AUTH_d8741d1891ef40e5a7a8c7bee0ab6eed/gnocchi.c2560acf-0016-4832-9496-854a2b7e03c4/none_v3" 201 - "PUT https://[::1]:8080/v1/AUTH_d8741d1891ef40e5a7a8c7bee0ab6eed/gnocchi.c2560acf-0016-4832-9496-854a2b7e03c4/none_v3" "tx4cbf0877f1aa41578c094-006933a5e6" "proxy-server 97198" 0.0133 "-" 96249 0
Dec 05 22:41:26 np0005548602.novalocal container-server[95917]: ::1 - - [06/Dec/2025:03:41:26 +0000] "PUT /2/236178/AUTH_d8741d1891ef40e5a7a8c7bee0ab6eed/gnocchi.c2560acf-0016-4832-9496-854a2b7e03c4/none_v3" 201 - "PUT http://[::1]:8080/2/117976/AUTH_d8741d1891ef40e5a7a8c7bee0ab6eed/gnocchi.c2560acf-0016-4832-9496-854a2b7e03c4/none_v3" "tx4cbf0877f1aa41578c094-006933a5e6" "object-server 96249" 0.0005 "-" 95917 0
Dec 05 22:41:26 np0005548602.novalocal object-server[96249]: ::1 - - [06/Dec/2025:03:41:26 +0000] "PUT /2/117976/AUTH_d8741d1891ef40e5a7a8c7bee0ab6eed/gnocchi.c2560acf-0016-4832-9496-854a2b7e03c4/none_v3" 201 - "PUT https://[::1]:8080/v1/AUTH_d8741d1891ef40e5a7a8c7bee0ab6eed/gnocchi.c2560acf-0016-4832-9496-854a2b7e03c4/none_v3" "tx4cbf0877f1aa41578c094-006933a5e6" "proxy-server 97198" 0.0230 "-" 96249 0
Dec 05 22:41:26 np0005548602.novalocal container-server[95916]: ::1 - - [06/Dec/2025:03:41:26 +0000] "PUT /1/236178/AUTH_d8741d1891ef40e5a7a8c7bee0ab6eed/gnocchi.c2560acf-0016-4832-9496-854a2b7e03c4/none_v3" 201 - "PUT http://[::1]:8080/3/117976/AUTH_d8741d1891ef40e5a7a8c7bee0ab6eed/gnocchi.c2560acf-0016-4832-9496-854a2b7e03c4/none_v3" "tx4cbf0877f1aa41578c094-006933a5e6" "object-server 96249" 0.0005 "-" 95916 0
Dec 05 22:41:26 np0005548602.novalocal object-server[96249]: ::1 - - [06/Dec/2025:03:41:26 +0000] "PUT /3/117976/AUTH_d8741d1891ef40e5a7a8c7bee0ab6eed/gnocchi.c2560acf-0016-4832-9496-854a2b7e03c4/none_v3" 201 - "PUT https://[::1]:8080/v1/AUTH_d8741d1891ef40e5a7a8c7bee0ab6eed/gnocchi.c2560acf-0016-4832-9496-854a2b7e03c4/none_v3" "tx4cbf0877f1aa41578c094-006933a5e6" "proxy-server 97198" 0.0242 "-" 96249 0
Dec 05 22:41:26 np0005548602.novalocal proxy-server[97198]: ::1 ::1 06/Dec/2025/03/41/26 PUT /v1/AUTH_d8741d1891ef40e5a7a8c7bee0ab6eed/gnocchi.c2560acf-0016-4832-9496-854a2b7e03c4/none_v3 HTTP/1.0 201 - python-swiftclient-4.8.0 gAAAAABpM6W9MtUs... 46 - - tx4cbf0877f1aa41578c094-006933a5e6 - 0.0382 - - 1764992486.345135689 1764992486.383315563 0 1229ee3e1d964977b2a5589f27ad366e
Dec 05 22:41:26 np0005548602.novalocal object-server[96249]: ::1 - - [06/Dec/2025:03:41:26 +0000] "GET /2/5603/AUTH_d8741d1891ef40e5a7a8c7bee0ab6eed/gnocchi.94d0537f-780b-4f36-ad9f-a539afe39149/none_v3" 200 22 "GET https://[::1]:8080/v1/AUTH_d8741d1891ef40e5a7a8c7bee0ab6eed/gnocchi.94d0537f-780b-4f36-ad9f-a539afe39149/none_v3" "tx8087d09caa994b40ac11c-006933a5e6" "proxy-server 97198" 0.0013 "-" 96249 0
Dec 05 22:41:26 np0005548602.novalocal proxy-server[97198]: ::1 ::1 06/Dec/2025/03/41/26 GET /v1/AUTH_d8741d1891ef40e5a7a8c7bee0ab6eed/gnocchi.94d0537f-780b-4f36-ad9f-a539afe39149/none_v3 HTTP/1.0 200 - python-swiftclient-4.8.0 gAAAAABpM6W9MtUs... - 22 - tx8087d09caa994b40ac11c-006933a5e6 - 0.0093 - - 1764992486.397144318 1764992486.406396866 0 1229ee3e1d964977b2a5589f27ad366e
Dec 05 22:41:26 np0005548602.novalocal container-server[95917]: ::1 - - [06/Dec/2025:03:41:26 +0000] "GET /3/68275/AUTH_d8741d1891ef40e5a7a8c7bee0ab6eed/gnocchi.94d0537f-780b-4f36-ad9f-a539afe39149" 200 357 "GET https://[::1]:8080/v1/AUTH_d8741d1891ef40e5a7a8c7bee0ab6eed/gnocchi.94d0537f-780b-4f36-ad9f-a539afe39149?format=json&states=listing" "tx98a166c536d94ded98b97-006933a5e6" "proxy-server 97198" 0.0036 "-" 95917 0
Dec 05 22:41:26 np0005548602.novalocal proxy-server[97198]: ::1 ::1 06/Dec/2025/03/41/26 GET /v1/AUTH_d8741d1891ef40e5a7a8c7bee0ab6eed/gnocchi.94d0537f-780b-4f36-ad9f-a539afe39149%3Fformat%3Djson%26states%3Dlisting HTTP/1.0 200 - python-swiftclient-4.8.0 gAAAAABpM6W9MtUs... - 357 - tx98a166c536d94ded98b97-006933a5e6 - 0.0113 - - 1764992486.412465572 1764992486.423801184 0 1229ee3e1d964977b2a5589f27ad366e
Dec 05 22:41:26 np0005548602.novalocal container-server[95916]: ::1 - - [06/Dec/2025:03:41:26 +0000] "GET /3/68275/AUTH_d8741d1891ef40e5a7a8c7bee0ab6eed/gnocchi.94d0537f-780b-4f36-ad9f-a539afe39149" 200 2 "GET https://[::1]:8080/v1/AUTH_d8741d1891ef40e5a7a8c7bee0ab6eed/gnocchi.94d0537f-780b-4f36-ad9f-a539afe39149?format=json&marker=none_v3&states=listing" "txb98a924d20704c6f9d987-006933a5e6" "proxy-server 97198" 0.0033 "-" 95916 0
Dec 05 22:41:26 np0005548602.novalocal proxy-server[97198]: ::1 ::1 06/Dec/2025/03/41/26 GET /v1/AUTH_d8741d1891ef40e5a7a8c7bee0ab6eed/gnocchi.94d0537f-780b-4f36-ad9f-a539afe39149%3Fformat%3Djson%26marker%3Dnone_v3%26states%3Dlisting HTTP/1.0 200 - python-swiftclient-4.8.0 gAAAAABpM6W9MtUs... - 2 - txb98a924d20704c6f9d987-006933a5e6 - 0.0124 - - 1764992486.427686930 1764992486.440117836 0 1229ee3e1d964977b2a5589f27ad366e
Dec 05 22:41:26 np0005548602.novalocal object-server[96249]: ::1 - - [06/Dec/2025:03:41:26 +0000] "GET /2/13260/AUTH_d8741d1891ef40e5a7a8c7bee0ab6eed/gnocchi.94d0537f-780b-4f36-ad9f-a539afe39149/1764720000.0_mean_300.0_v3" 200 16 "GET https://[::1]:8080/v1/AUTH_d8741d1891ef40e5a7a8c7bee0ab6eed/gnocchi.94d0537f-780b-4f36-ad9f-a539afe39149/1764720000.0_mean_300.0_v3" "txc31acd6cfaa94688b7b15-006933a5e6" "proxy-server 97198" 0.0014 "-" 96249 0
Dec 05 22:41:26 np0005548602.novalocal proxy-server[97198]: ::1 ::1 06/Dec/2025/03/41/26 GET /v1/AUTH_d8741d1891ef40e5a7a8c7bee0ab6eed/gnocchi.94d0537f-780b-4f36-ad9f-a539afe39149/1764720000.0_mean_300.0_v3 HTTP/1.0 200 - python-swiftclient-4.8.0 gAAAAABpM6W9MtUs... - 16 - txc31acd6cfaa94688b7b15-006933a5e6 - 0.0092 - - 1764992486.445096254 1764992486.454289913 0 1229ee3e1d964977b2a5589f27ad366e
Dec 05 22:41:26 np0005548602.novalocal container-server[95917]: ::1 - - [06/Dec/2025:03:41:26 +0000] "PUT /1/68275/AUTH_d8741d1891ef40e5a7a8c7bee0ab6eed/gnocchi.94d0537f-780b-4f36-ad9f-a539afe39149/1764720000.0_mean_300.0_v3" 201 - "PUT http://[::1]:8080/1/13260/AUTH_d8741d1891ef40e5a7a8c7bee0ab6eed/gnocchi.94d0537f-780b-4f36-ad9f-a539afe39149/1764720000.0_mean_300.0_v3" "tx5458009f7031455d8a18a-006933a5e6" "object-server 96250" 0.0008 "-" 95917 0
Dec 05 22:41:26 np0005548602.novalocal object-server[96250]: ::1 - - [06/Dec/2025:03:41:26 +0000] "PUT /1/13260/AUTH_d8741d1891ef40e5a7a8c7bee0ab6eed/gnocchi.94d0537f-780b-4f36-ad9f-a539afe39149/1764720000.0_mean_300.0_v3" 201 - "PUT https://[::1]:8080/v1/AUTH_d8741d1891ef40e5a7a8c7bee0ab6eed/gnocchi.94d0537f-780b-4f36-ad9f-a539afe39149/1764720000.0_mean_300.0_v3" "tx5458009f7031455d8a18a-006933a5e6" "proxy-server 97198" 0.0129 "-" 96250 0
Dec 05 22:41:26 np0005548602.novalocal container-server[95917]: ::1 - - [06/Dec/2025:03:41:26 +0000] "PUT /2/68275/AUTH_d8741d1891ef40e5a7a8c7bee0ab6eed/gnocchi.94d0537f-780b-4f36-ad9f-a539afe39149/1764720000.0_mean_300.0_v3" 201 - "PUT http://[::1]:8080/3/13260/AUTH_d8741d1891ef40e5a7a8c7bee0ab6eed/gnocchi.94d0537f-780b-4f36-ad9f-a539afe39149/1764720000.0_mean_300.0_v3" "tx5458009f7031455d8a18a-006933a5e6" "object-server 96249" 0.0007 "-" 95917 0
Dec 05 22:41:26 np0005548602.novalocal object-server[96249]: ::1 - - [06/Dec/2025:03:41:26 +0000] "PUT /3/13260/AUTH_d8741d1891ef40e5a7a8c7bee0ab6eed/gnocchi.94d0537f-780b-4f36-ad9f-a539afe39149/1764720000.0_mean_300.0_v3" 201 - "PUT https://[::1]:8080/v1/AUTH_d8741d1891ef40e5a7a8c7bee0ab6eed/gnocchi.94d0537f-780b-4f36-ad9f-a539afe39149/1764720000.0_mean_300.0_v3" "tx5458009f7031455d8a18a-006933a5e6" "proxy-server 97198" 0.0180 "-" 96249 0
Dec 05 22:41:26 np0005548602.novalocal container-server[95917]: ::1 - - [06/Dec/2025:03:41:26 +0000] "PUT /3/68275/AUTH_d8741d1891ef40e5a7a8c7bee0ab6eed/gnocchi.94d0537f-780b-4f36-ad9f-a539afe39149/1764720000.0_mean_300.0_v3" 201 - "PUT http://[::1]:8080/2/13260/AUTH_d8741d1891ef40e5a7a8c7bee0ab6eed/gnocchi.94d0537f-780b-4f36-ad9f-a539afe39149/1764720000.0_mean_300.0_v3" "tx5458009f7031455d8a18a-006933a5e6" "object-server 96249" 0.0007 "-" 95917 0
Dec 05 22:41:26 np0005548602.novalocal object-server[96249]: ::1 - - [06/Dec/2025:03:41:26 +0000] "PUT /2/13260/AUTH_d8741d1891ef40e5a7a8c7bee0ab6eed/gnocchi.94d0537f-780b-4f36-ad9f-a539afe39149/1764720000.0_mean_300.0_v3" 201 - "PUT https://[::1]:8080/v1/AUTH_d8741d1891ef40e5a7a8c7bee0ab6eed/gnocchi.94d0537f-780b-4f36-ad9f-a539afe39149/1764720000.0_mean_300.0_v3" "tx5458009f7031455d8a18a-006933a5e6" "proxy-server 97198" 0.0202 "-" 96249 0
Dec 05 22:41:26 np0005548602.novalocal proxy-server[97198]: ::1 ::1 06/Dec/2025/03/41/26 PUT /v1/AUTH_d8741d1891ef40e5a7a8c7bee0ab6eed/gnocchi.94d0537f-780b-4f36-ad9f-a539afe39149/1764720000.0_mean_300.0_v3 HTTP/1.0 201 - python-swiftclient-4.8.0 gAAAAABpM6W9MtUs... 16 - - tx5458009f7031455d8a18a-006933a5e6 - 0.0325 - - 1764992486.457717180 1764992486.490226269 0 1229ee3e1d964977b2a5589f27ad366e
Dec 05 22:41:26 np0005548602.novalocal container-server[95916]: ::1 - - [06/Dec/2025:03:41:26 +0000] "PUT /2/68275/AUTH_d8741d1891ef40e5a7a8c7bee0ab6eed/gnocchi.94d0537f-780b-4f36-ad9f-a539afe39149/none_v3" 201 - "PUT http://[::1]:8080/2/5603/AUTH_d8741d1891ef40e5a7a8c7bee0ab6eed/gnocchi.94d0537f-780b-4f36-ad9f-a539afe39149/none_v3" "tx03a81372347a4b1e8cfd5-006933a5e6" "object-server 96249" 0.0008 "-" 95916 0
Dec 05 22:41:26 np0005548602.novalocal container-server[95917]: ::1 - - [06/Dec/2025:03:41:26 +0000] "PUT /1/68275/AUTH_d8741d1891ef40e5a7a8c7bee0ab6eed/gnocchi.94d0537f-780b-4f36-ad9f-a539afe39149/none_v3" 201 - "PUT http://[::1]:8080/3/5603/AUTH_d8741d1891ef40e5a7a8c7bee0ab6eed/gnocchi.94d0537f-780b-4f36-ad9f-a539afe39149/none_v3" "tx03a81372347a4b1e8cfd5-006933a5e6" "object-server 96250" 0.0007 "-" 95917 0
Dec 05 22:41:26 np0005548602.novalocal container-server[95917]: ::1 - - [06/Dec/2025:03:41:26 +0000] "PUT /3/68275/AUTH_d8741d1891ef40e5a7a8c7bee0ab6eed/gnocchi.94d0537f-780b-4f36-ad9f-a539afe39149/none_v3" 201 - "PUT http://[::1]:8080/1/5603/AUTH_d8741d1891ef40e5a7a8c7bee0ab6eed/gnocchi.94d0537f-780b-4f36-ad9f-a539afe39149/none_v3" "tx03a81372347a4b1e8cfd5-006933a5e6" "object-server 96250" 0.0006 "-" 95917 0
Dec 05 22:41:26 np0005548602.novalocal object-server[96250]: ::1 - - [06/Dec/2025:03:41:26 +0000] "PUT /3/5603/AUTH_d8741d1891ef40e5a7a8c7bee0ab6eed/gnocchi.94d0537f-780b-4f36-ad9f-a539afe39149/none_v3" 201 - "PUT https://[::1]:8080/v1/AUTH_d8741d1891ef40e5a7a8c7bee0ab6eed/gnocchi.94d0537f-780b-4f36-ad9f-a539afe39149/none_v3" "tx03a81372347a4b1e8cfd5-006933a5e6" "proxy-server 97198" 0.0188 "-" 96250 0
Dec 05 22:41:26 np0005548602.novalocal object-server[96250]: ::1 - - [06/Dec/2025:03:41:26 +0000] "PUT /1/5603/AUTH_d8741d1891ef40e5a7a8c7bee0ab6eed/gnocchi.94d0537f-780b-4f36-ad9f-a539afe39149/none_v3" 201 - "PUT https://[::1]:8080/v1/AUTH_d8741d1891ef40e5a7a8c7bee0ab6eed/gnocchi.94d0537f-780b-4f36-ad9f-a539afe39149/none_v3" "tx03a81372347a4b1e8cfd5-006933a5e6" "proxy-server 97198" 0.0166 "-" 96250 0
Dec 05 22:41:26 np0005548602.novalocal object-server[96249]: ::1 - - [06/Dec/2025:03:41:26 +0000] "PUT /2/5603/AUTH_d8741d1891ef40e5a7a8c7bee0ab6eed/gnocchi.94d0537f-780b-4f36-ad9f-a539afe39149/none_v3" 201 - "PUT https://[::1]:8080/v1/AUTH_d8741d1891ef40e5a7a8c7bee0ab6eed/gnocchi.94d0537f-780b-4f36-ad9f-a539afe39149/none_v3" "tx03a81372347a4b1e8cfd5-006933a5e6" "proxy-server 97198" 0.0178 "-" 96249 0
Dec 05 22:41:26 np0005548602.novalocal proxy-server[97198]: ::1 ::1 06/Dec/2025/03/41/26 PUT /v1/AUTH_d8741d1891ef40e5a7a8c7bee0ab6eed/gnocchi.94d0537f-780b-4f36-ad9f-a539afe39149/none_v3 HTTP/1.0 201 - python-swiftclient-4.8.0 gAAAAABpM6W9MtUs... 32 - - tx03a81372347a4b1e8cfd5-006933a5e6 - 0.0360 - - 1764992486.493368149 1764992486.529392481 0 1229ee3e1d964977b2a5589f27ad366e
Dec 05 22:41:26 np0005548602.novalocal object-server[96250]: ::1 - - [06/Dec/2025:03:41:26 +0000] "GET /3/92720/AUTH_d8741d1891ef40e5a7a8c7bee0ab6eed/gnocchi.e3ac9ad0-7ac0-48c7-b1d3-612e98dfb0cf/none_v3" 200 22 "GET https://[::1]:8080/v1/AUTH_d8741d1891ef40e5a7a8c7bee0ab6eed/gnocchi.e3ac9ad0-7ac0-48c7-b1d3-612e98dfb0cf/none_v3" "txc225f77ee16b4f0096c8b-006933a5e6" "proxy-server 97198" 0.0014 "-" 96250 0
Dec 05 22:41:26 np0005548602.novalocal proxy-server[97198]: ::1 ::1 06/Dec/2025/03/41/26 GET /v1/AUTH_d8741d1891ef40e5a7a8c7bee0ab6eed/gnocchi.e3ac9ad0-7ac0-48c7-b1d3-612e98dfb0cf/none_v3 HTTP/1.0 200 - python-swiftclient-4.8.0 gAAAAABpM6W9MtUs... - 22 - txc225f77ee16b4f0096c8b-006933a5e6 - 0.0102 - - 1764992486.561895847 1764992486.572083235 0 1229ee3e1d964977b2a5589f27ad366e
Dec 05 22:41:26 np0005548602.novalocal container-server[95917]: ::1 - - [06/Dec/2025:03:41:26 +0000] "GET /2/194383/AUTH_d8741d1891ef40e5a7a8c7bee0ab6eed/gnocchi.e3ac9ad0-7ac0-48c7-b1d3-612e98dfb0cf" 200 357 "GET https://[::1]:8080/v1/AUTH_d8741d1891ef40e5a7a8c7bee0ab6eed/gnocchi.e3ac9ad0-7ac0-48c7-b1d3-612e98dfb0cf?format=json&states=listing" "tx6cfb23a7f8944b1f9169b-006933a5e6" "proxy-server 97198" 0.0051 "-" 95917 0
Dec 05 22:41:26 np0005548602.novalocal proxy-server[97198]: ::1 ::1 06/Dec/2025/03/41/26 GET /v1/AUTH_d8741d1891ef40e5a7a8c7bee0ab6eed/gnocchi.e3ac9ad0-7ac0-48c7-b1d3-612e98dfb0cf%3Fformat%3Djson%26states%3Dlisting HTTP/1.0 200 - python-swiftclient-4.8.0 gAAAAABpM6W9MtUs... - 357 - tx6cfb23a7f8944b1f9169b-006933a5e6 - 0.0132 - - 1764992486.583490133 1764992486.596674204 0 1229ee3e1d964977b2a5589f27ad366e
Dec 05 22:41:26 np0005548602.novalocal container-server[95917]: ::1 - - [06/Dec/2025:03:41:26 +0000] "GET /3/194383/AUTH_d8741d1891ef40e5a7a8c7bee0ab6eed/gnocchi.e3ac9ad0-7ac0-48c7-b1d3-612e98dfb0cf" 200 2 "GET https://[::1]:8080/v1/AUTH_d8741d1891ef40e5a7a8c7bee0ab6eed/gnocchi.e3ac9ad0-7ac0-48c7-b1d3-612e98dfb0cf?format=json&marker=none_v3&states=listing" "txb55357d69a1349ab89444-006933a5e6" "proxy-server 97198" 0.0035 "-" 95917 0
Dec 05 22:41:26 np0005548602.novalocal proxy-server[97198]: ::1 ::1 06/Dec/2025/03/41/26 GET /v1/AUTH_d8741d1891ef40e5a7a8c7bee0ab6eed/gnocchi.e3ac9ad0-7ac0-48c7-b1d3-612e98dfb0cf%3Fformat%3Djson%26marker%3Dnone_v3%26states%3Dlisting HTTP/1.0 200 - python-swiftclient-4.8.0 gAAAAABpM6W9MtUs... - 2 - txb55357d69a1349ab89444-006933a5e6 - 0.0112 - - 1764992486.599182844 1764992486.610417843 0 1229ee3e1d964977b2a5589f27ad366e
Dec 05 22:41:26 np0005548602.novalocal object-server[96249]: ::1 - - [06/Dec/2025:03:41:26 +0000] "GET /2/207092/AUTH_d8741d1891ef40e5a7a8c7bee0ab6eed/gnocchi.e3ac9ad0-7ac0-48c7-b1d3-612e98dfb0cf/1764720000.0_mean_300.0_v3" 200 16 "GET https://[::1]:8080/v1/AUTH_d8741d1891ef40e5a7a8c7bee0ab6eed/gnocchi.e3ac9ad0-7ac0-48c7-b1d3-612e98dfb0cf/1764720000.0_mean_300.0_v3" "txa14e6845654f46a594902-006933a5e6" "proxy-server 97198" 0.0013 "-" 96249 0
Dec 05 22:41:26 np0005548602.novalocal proxy-server[97198]: ::1 ::1 06/Dec/2025/03/41/26 GET /v1/AUTH_d8741d1891ef40e5a7a8c7bee0ab6eed/gnocchi.e3ac9ad0-7ac0-48c7-b1d3-612e98dfb0cf/1764720000.0_mean_300.0_v3 HTTP/1.0 200 - python-swiftclient-4.8.0 gAAAAABpM6W9MtUs... - 16 - txa14e6845654f46a594902-006933a5e6 - 0.0087 - - 1764992486.614307642 1764992486.623037338 0 1229ee3e1d964977b2a5589f27ad366e
Dec 05 22:41:26 np0005548602.novalocal container-server[95916]: ::1 - - [06/Dec/2025:03:41:26 +0000] "PUT /3/194383/AUTH_d8741d1891ef40e5a7a8c7bee0ab6eed/gnocchi.e3ac9ad0-7ac0-48c7-b1d3-612e98dfb0cf/1764720000.0_mean_300.0_v3" 201 - "PUT http://[::1]:8080/1/207092/AUTH_d8741d1891ef40e5a7a8c7bee0ab6eed/gnocchi.e3ac9ad0-7ac0-48c7-b1d3-612e98dfb0cf/1764720000.0_mean_300.0_v3" "tx4e3441ce6d654ac1b054f-006933a5e6" "object-server 96250" 0.0009 "-" 95916 0
Dec 05 22:41:26 np0005548602.novalocal object-server[96250]: ::1 - - [06/Dec/2025:03:41:26 +0000] "PUT /1/207092/AUTH_d8741d1891ef40e5a7a8c7bee0ab6eed/gnocchi.e3ac9ad0-7ac0-48c7-b1d3-612e98dfb0cf/1764720000.0_mean_300.0_v3" 201 - "PUT https://[::1]:8080/v1/AUTH_d8741d1891ef40e5a7a8c7bee0ab6eed/gnocchi.e3ac9ad0-7ac0-48c7-b1d3-612e98dfb0cf/1764720000.0_mean_300.0_v3" "tx4e3441ce6d654ac1b054f-006933a5e6" "proxy-server 97198" 0.0164 "-" 96250 0
Dec 05 22:41:26 np0005548602.novalocal container-server[95916]: ::1 - - [06/Dec/2025:03:41:26 +0000] "PUT /2/194383/AUTH_d8741d1891ef40e5a7a8c7bee0ab6eed/gnocchi.e3ac9ad0-7ac0-48c7-b1d3-612e98dfb0cf/1764720000.0_mean_300.0_v3" 201 - "PUT http://[::1]:8080/2/207092/AUTH_d8741d1891ef40e5a7a8c7bee0ab6eed/gnocchi.e3ac9ad0-7ac0-48c7-b1d3-612e98dfb0cf/1764720000.0_mean_300.0_v3" "tx4e3441ce6d654ac1b054f-006933a5e6" "object-server 96249" 0.0007 "-" 95916 0
Dec 05 22:41:26 np0005548602.novalocal object-server[96249]: ::1 - - [06/Dec/2025:03:41:26 +0000] "PUT /2/207092/AUTH_d8741d1891ef40e5a7a8c7bee0ab6eed/gnocchi.e3ac9ad0-7ac0-48c7-b1d3-612e98dfb0cf/1764720000.0_mean_300.0_v3" 201 - "PUT https://[::1]:8080/v1/AUTH_d8741d1891ef40e5a7a8c7bee0ab6eed/gnocchi.e3ac9ad0-7ac0-48c7-b1d3-612e98dfb0cf/1764720000.0_mean_300.0_v3" "tx4e3441ce6d654ac1b054f-006933a5e6" "proxy-server 97198" 0.0190 "-" 96249 0
Dec 05 22:41:26 np0005548602.novalocal container-server[95917]: ::1 - - [06/Dec/2025:03:41:26 +0000] "PUT /1/194383/AUTH_d8741d1891ef40e5a7a8c7bee0ab6eed/gnocchi.e3ac9ad0-7ac0-48c7-b1d3-612e98dfb0cf/1764720000.0_mean_300.0_v3" 201 - "PUT http://[::1]:8080/3/207092/AUTH_d8741d1891ef40e5a7a8c7bee0ab6eed/gnocchi.e3ac9ad0-7ac0-48c7-b1d3-612e98dfb0cf/1764720000.0_mean_300.0_v3" "tx4e3441ce6d654ac1b054f-006933a5e6" "object-server 96249" 0.0008 "-" 95917 0
Dec 05 22:41:26 np0005548602.novalocal object-server[96249]: ::1 - - [06/Dec/2025:03:41:26 +0000] "PUT /3/207092/AUTH_d8741d1891ef40e5a7a8c7bee0ab6eed/gnocchi.e3ac9ad0-7ac0-48c7-b1d3-612e98dfb0cf/1764720000.0_mean_300.0_v3" 201 - "PUT https://[::1]:8080/v1/AUTH_d8741d1891ef40e5a7a8c7bee0ab6eed/gnocchi.e3ac9ad0-7ac0-48c7-b1d3-612e98dfb0cf/1764720000.0_mean_300.0_v3" "tx4e3441ce6d654ac1b054f-006933a5e6" "proxy-server 97198" 0.0267 "-" 96249 0
Dec 05 22:41:26 np0005548602.novalocal proxy-server[97198]: ::1 ::1 06/Dec/2025/03/41/26 PUT /v1/AUTH_d8741d1891ef40e5a7a8c7bee0ab6eed/gnocchi.e3ac9ad0-7ac0-48c7-b1d3-612e98dfb0cf/1764720000.0_mean_300.0_v3 HTTP/1.0 201 - python-swiftclient-4.8.0 gAAAAABpM6W9MtUs... 16 - - tx4e3441ce6d654ac1b054f-006933a5e6 - 0.0355 - - 1764992486.626695633 1764992486.662209988 0 1229ee3e1d964977b2a5589f27ad366e
Dec 05 22:41:26 np0005548602.novalocal container-server[95917]: ::1 - - [06/Dec/2025:03:41:26 +0000] "PUT /1/194383/AUTH_d8741d1891ef40e5a7a8c7bee0ab6eed/gnocchi.e3ac9ad0-7ac0-48c7-b1d3-612e98dfb0cf/none_v3" 201 - "PUT http://[::1]:8080/1/92720/AUTH_d8741d1891ef40e5a7a8c7bee0ab6eed/gnocchi.e3ac9ad0-7ac0-48c7-b1d3-612e98dfb0cf/none_v3" "tx306dd23102b2424e899ee-006933a5e6" "object-server 96250" 0.0008 "-" 95917 0
