Dec 05 22:41:30 np0005548602.novalocal proxy-server[97198]: ::1 ::1 06/Dec/2025/03/41/30 GET /v1/AUTH_d8741d1891ef40e5a7a8c7bee0ab6eed/gnocchi.c0ebd2cf-d4eb-4d39-b98f-9c394a9a6ba7/none_v3 HTTP/1.0 404 - python-swiftclient-4.8.0 gAAAAABpM6W9MtUs... - 70 - tx4c0e7b1cdf0f45d69cb27-006933a5ea - 0.0198 - - 1764992490.539502859 1764992490.559323072 0 1229ee3e1d964977b2a5589f27ad366e
Dec 05 22:41:30 np0005548602.novalocal account-server[95623]: ::1 - - [06/Dec/2025:03:41:30 +0000] "PUT /3/76100/AUTH_d8741d1891ef40e5a7a8c7bee0ab6eed/gnocchi.c0ebd2cf-d4eb-4d39-b98f-9c394a9a6ba7" 201 - "PUT http://[::1]:6001/2/114169/AUTH_d8741d1891ef40e5a7a8c7bee0ab6eed/gnocchi.c0ebd2cf-d4eb-4d39-b98f-9c394a9a6ba7" "tx97ad9455c531470796d36-006933a5ea" "container-server 95917" 0.0045 "-" 95623 0
Dec 05 22:41:30 np0005548602.novalocal container-server[95917]: ::1 - - [06/Dec/2025:03:41:30 +0000] "PUT /2/114169/AUTH_d8741d1891ef40e5a7a8c7bee0ab6eed/gnocchi.c0ebd2cf-d4eb-4d39-b98f-9c394a9a6ba7" 201 - "PUT https://[::1]:8080/v1/AUTH_d8741d1891ef40e5a7a8c7bee0ab6eed/gnocchi.c0ebd2cf-d4eb-4d39-b98f-9c394a9a6ba7" "tx97ad9455c531470796d36-006933a5ea" "proxy-server 97198" 0.0195 "-" 95917 0
Dec 05 22:41:30 np0005548602.novalocal account-server[95623]: ::1 - - [06/Dec/2025:03:41:30 +0000] "PUT /1/76100/AUTH_d8741d1891ef40e5a7a8c7bee0ab6eed/gnocchi.c0ebd2cf-d4eb-4d39-b98f-9c394a9a6ba7" 201 - "PUT http://[::1]:6001/3/114169/AUTH_d8741d1891ef40e5a7a8c7bee0ab6eed/gnocchi.c0ebd2cf-d4eb-4d39-b98f-9c394a9a6ba7" "tx97ad9455c531470796d36-006933a5ea" "container-server 95916" 0.0040 "-" 95623 0
Dec 05 22:41:30 np0005548602.novalocal container-server[95916]: ::1 - - [06/Dec/2025:03:41:30 +0000] "PUT /3/114169/AUTH_d8741d1891ef40e5a7a8c7bee0ab6eed/gnocchi.c0ebd2cf-d4eb-4d39-b98f-9c394a9a6ba7" 201 - "PUT https://[::1]:8080/v1/AUTH_d8741d1891ef40e5a7a8c7bee0ab6eed/gnocchi.c0ebd2cf-d4eb-4d39-b98f-9c394a9a6ba7" "tx97ad9455c531470796d36-006933a5ea" "proxy-server 97198" 0.0235 "-" 95916 0
Dec 05 22:41:30 np0005548602.novalocal account-server[95623]: ::1 - - [06/Dec/2025:03:41:30 +0000] "PUT /2/76100/AUTH_d8741d1891ef40e5a7a8c7bee0ab6eed/gnocchi.c0ebd2cf-d4eb-4d39-b98f-9c394a9a6ba7" 201 - "PUT http://[::1]:6001/1/114169/AUTH_d8741d1891ef40e5a7a8c7bee0ab6eed/gnocchi.c0ebd2cf-d4eb-4d39-b98f-9c394a9a6ba7" "tx97ad9455c531470796d36-006933a5ea" "container-server 95916" 0.0038 "-" 95623 0
Dec 05 22:41:30 np0005548602.novalocal container-server[95916]: ::1 - - [06/Dec/2025:03:41:30 +0000] "PUT /1/114169/AUTH_d8741d1891ef40e5a7a8c7bee0ab6eed/gnocchi.c0ebd2cf-d4eb-4d39-b98f-9c394a9a6ba7" 201 - "PUT https://[::1]:8080/v1/AUTH_d8741d1891ef40e5a7a8c7bee0ab6eed/gnocchi.c0ebd2cf-d4eb-4d39-b98f-9c394a9a6ba7" "tx97ad9455c531470796d36-006933a5ea" "proxy-server 97198" 0.0190 "-" 95916 0
Dec 05 22:41:30 np0005548602.novalocal proxy-server[97198]: ::1 ::1 06/Dec/2025/03/41/30 PUT /v1/AUTH_d8741d1891ef40e5a7a8c7bee0ab6eed/gnocchi.c0ebd2cf-d4eb-4d39-b98f-9c394a9a6ba7 HTTP/1.0 201 - python-swiftclient-4.8.0 gAAAAABpM6W9MtUs... - - - tx97ad9455c531470796d36-006933a5ea - 0.0359 - - 1764992490.562151670 1764992490.598081827 0 1229ee3e1d964977b2a5589f27ad366e
Dec 05 22:41:30 np0005548602.novalocal container-server[95917]: ::1 - - [06/Dec/2025:03:41:30 +0000] "HEAD /1/114169/AUTH_d8741d1891ef40e5a7a8c7bee0ab6eed/gnocchi.c0ebd2cf-d4eb-4d39-b98f-9c394a9a6ba7" 204 - "HEAD http://[::1]:8080/v1/AUTH_d8741d1891ef40e5a7a8c7bee0ab6eed/gnocchi.c0ebd2cf-d4eb-4d39-b98f-9c394a9a6ba7" "tx6975676a1e3f4f8d92d0c-006933a5ea" "proxy-server 97198" 0.0015 "-" 95917 0
Dec 05 22:41:30 np0005548602.novalocal proxy-server[97198]: - - 06/Dec/2025/03/41/30 HEAD /v1/AUTH_d8741d1891ef40e5a7a8c7bee0ab6eed/gnocchi.c0ebd2cf-d4eb-4d39-b98f-9c394a9a6ba7 HTTP/1.0 204 - Swift - - - - tx6975676a1e3f4f8d92d0c-006933a5ea - 0.0062 CS - 1764992490.603278160 1764992490.609495640 0 -
Dec 05 22:41:30 np0005548602.novalocal container-server[95916]: ::1 - - [06/Dec/2025:03:41:30 +0000] "GET /2/114169/AUTH_d8741d1891ef40e5a7a8c7bee0ab6eed/gnocchi.c0ebd2cf-d4eb-4d39-b98f-9c394a9a6ba7" 200 2 "GET https://[::1]:8080/v1/AUTH_d8741d1891ef40e5a7a8c7bee0ab6eed/gnocchi.c0ebd2cf-d4eb-4d39-b98f-9c394a9a6ba7?format=json&states=listing" "tx6975676a1e3f4f8d92d0c-006933a5ea" "proxy-server 97198" 0.0034 "-" 95916 0
Dec 05 22:41:30 np0005548602.novalocal proxy-server[97198]: ::1 ::1 06/Dec/2025/03/41/30 GET /v1/AUTH_d8741d1891ef40e5a7a8c7bee0ab6eed/gnocchi.c0ebd2cf-d4eb-4d39-b98f-9c394a9a6ba7%3Fformat%3Djson%26states%3Dlisting HTTP/1.0 200 - python-swiftclient-4.8.0 gAAAAABpM6W9MtUs... - 2 - tx6975676a1e3f4f8d92d0c-006933a5ea - 0.0188 - - 1764992490.602620125 1764992490.621466398 0 1229ee3e1d964977b2a5589f27ad366e
Dec 05 22:41:30 np0005548602.novalocal object-server[96250]: ::1 - - [06/Dec/2025:03:41:30 +0000] "GET /2/13414/AUTH_d8741d1891ef40e5a7a8c7bee0ab6eed/gnocchi.c0ebd2cf-d4eb-4d39-b98f-9c394a9a6ba7/1764720000.0_mean_300.0_v3" 404 70 "GET https://[::1]:8080/v1/AUTH_d8741d1891ef40e5a7a8c7bee0ab6eed/gnocchi.c0ebd2cf-d4eb-4d39-b98f-9c394a9a6ba7/1764720000.0_mean_300.0_v3" "tx92001d5c4e384eb7a6e91-006933a5ea" "proxy-server 97198" 0.0005 "-" 96250 0
Dec 05 22:41:30 np0005548602.novalocal object-server[96250]: ::1 - - [06/Dec/2025:03:41:30 +0000] "GET /1/13414/AUTH_d8741d1891ef40e5a7a8c7bee0ab6eed/gnocchi.c0ebd2cf-d4eb-4d39-b98f-9c394a9a6ba7/1764720000.0_mean_300.0_v3" 404 70 "GET https://[::1]:8080/v1/AUTH_d8741d1891ef40e5a7a8c7bee0ab6eed/gnocchi.c0ebd2cf-d4eb-4d39-b98f-9c394a9a6ba7/1764720000.0_mean_300.0_v3" "tx92001d5c4e384eb7a6e91-006933a5ea" "proxy-server 97198" 0.0002 "-" 96250 0
Dec 05 22:41:30 np0005548602.novalocal object-server[96250]: ::1 - - [06/Dec/2025:03:41:30 +0000] "GET /3/13414/AUTH_d8741d1891ef40e5a7a8c7bee0ab6eed/gnocchi.c0ebd2cf-d4eb-4d39-b98f-9c394a9a6ba7/1764720000.0_mean_300.0_v3" 404 70 "GET https://[::1]:8080/v1/AUTH_d8741d1891ef40e5a7a8c7bee0ab6eed/gnocchi.c0ebd2cf-d4eb-4d39-b98f-9c394a9a6ba7/1764720000.0_mean_300.0_v3" "tx92001d5c4e384eb7a6e91-006933a5ea" "proxy-server 97198" 0.0002 "-" 96250 0
Dec 05 22:41:30 np0005548602.novalocal proxy-server[97198]: ::1 ::1 06/Dec/2025/03/41/30 GET /v1/AUTH_d8741d1891ef40e5a7a8c7bee0ab6eed/gnocchi.c0ebd2cf-d4eb-4d39-b98f-9c394a9a6ba7/1764720000.0_mean_300.0_v3 HTTP/1.0 404 - python-swiftclient-4.8.0 gAAAAABpM6W9MtUs... - 70 - tx92001d5c4e384eb7a6e91-006933a5ea - 0.0136 - - 1764992490.628792048 1764992490.642342329 0 1229ee3e1d964977b2a5589f27ad366e
Dec 05 22:41:30 np0005548602.novalocal container-server[95917]: ::1 - - [06/Dec/2025:03:41:30 +0000] "PUT /1/114169/AUTH_d8741d1891ef40e5a7a8c7bee0ab6eed/gnocchi.c0ebd2cf-d4eb-4d39-b98f-9c394a9a6ba7/1764720000.0_mean_300.0_v3" 201 - "PUT http://[::1]:8080/1/13414/AUTH_d8741d1891ef40e5a7a8c7bee0ab6eed/gnocchi.c0ebd2cf-d4eb-4d39-b98f-9c394a9a6ba7/1764720000.0_mean_300.0_v3" "tx032fbddd195f48bf899b0-006933a5ea" "object-server 96249" 0.0006 "-" 95917 0
Dec 05 22:41:30 np0005548602.novalocal object-server[96249]: ::1 - - [06/Dec/2025:03:41:30 +0000] "PUT /1/13414/AUTH_d8741d1891ef40e5a7a8c7bee0ab6eed/gnocchi.c0ebd2cf-d4eb-4d39-b98f-9c394a9a6ba7/1764720000.0_mean_300.0_v3" 201 - "PUT https://[::1]:8080/v1/AUTH_d8741d1891ef40e5a7a8c7bee0ab6eed/gnocchi.c0ebd2cf-d4eb-4d39-b98f-9c394a9a6ba7/1764720000.0_mean_300.0_v3" "tx032fbddd195f48bf899b0-006933a5ea" "proxy-server 97198" 0.0140 "-" 96249 0
Dec 05 22:41:30 np0005548602.novalocal container-server[95916]: ::1 - - [06/Dec/2025:03:41:30 +0000] "PUT /3/114169/AUTH_d8741d1891ef40e5a7a8c7bee0ab6eed/gnocchi.c0ebd2cf-d4eb-4d39-b98f-9c394a9a6ba7/1764720000.0_mean_300.0_v3" 201 - "PUT http://[::1]:8080/2/13414/AUTH_d8741d1891ef40e5a7a8c7bee0ab6eed/gnocchi.c0ebd2cf-d4eb-4d39-b98f-9c394a9a6ba7/1764720000.0_mean_300.0_v3" "tx032fbddd195f48bf899b0-006933a5ea" "object-server 96250" 0.0018 "-" 95916 0
Dec 05 22:41:30 np0005548602.novalocal object-server[96250]: ::1 - - [06/Dec/2025:03:41:30 +0000] "PUT /2/13414/AUTH_d8741d1891ef40e5a7a8c7bee0ab6eed/gnocchi.c0ebd2cf-d4eb-4d39-b98f-9c394a9a6ba7/1764720000.0_mean_300.0_v3" 201 - "PUT https://[::1]:8080/v1/AUTH_d8741d1891ef40e5a7a8c7bee0ab6eed/gnocchi.c0ebd2cf-d4eb-4d39-b98f-9c394a9a6ba7/1764720000.0_mean_300.0_v3" "tx032fbddd195f48bf899b0-006933a5ea" "proxy-server 97198" 0.0150 "-" 96250 0
Dec 05 22:41:30 np0005548602.novalocal container-server[95916]: ::1 - - [06/Dec/2025:03:41:30 +0000] "PUT /2/114169/AUTH_d8741d1891ef40e5a7a8c7bee0ab6eed/gnocchi.c0ebd2cf-d4eb-4d39-b98f-9c394a9a6ba7/1764720000.0_mean_300.0_v3" 201 - "PUT http://[::1]:8080/3/13414/AUTH_d8741d1891ef40e5a7a8c7bee0ab6eed/gnocchi.c0ebd2cf-d4eb-4d39-b98f-9c394a9a6ba7/1764720000.0_mean_300.0_v3" "tx032fbddd195f48bf899b0-006933a5ea" "object-server 96250" 0.0007 "-" 95916 0
Dec 05 22:41:30 np0005548602.novalocal object-server[96250]: ::1 - - [06/Dec/2025:03:41:30 +0000] "PUT /3/13414/AUTH_d8741d1891ef40e5a7a8c7bee0ab6eed/gnocchi.c0ebd2cf-d4eb-4d39-b98f-9c394a9a6ba7/1764720000.0_mean_300.0_v3" 201 - "PUT https://[::1]:8080/v1/AUTH_d8741d1891ef40e5a7a8c7bee0ab6eed/gnocchi.c0ebd2cf-d4eb-4d39-b98f-9c394a9a6ba7/1764720000.0_mean_300.0_v3" "tx032fbddd195f48bf899b0-006933a5ea" "proxy-server 97198" 0.0182 "-" 96250 0
Dec 05 22:41:30 np0005548602.novalocal proxy-server[97198]: ::1 ::1 06/Dec/2025/03/41/30 PUT /v1/AUTH_d8741d1891ef40e5a7a8c7bee0ab6eed/gnocchi.c0ebd2cf-d4eb-4d39-b98f-9c394a9a6ba7/1764720000.0_mean_300.0_v3 HTTP/1.0 201 - python-swiftclient-4.8.0 gAAAAABpM6W9MtUs... 16 - - tx032fbddd195f48bf899b0-006933a5ea - 0.0286 - - 1764992490.646732092 1764992490.675367594 0 1229ee3e1d964977b2a5589f27ad366e
Dec 05 22:41:30 np0005548602.novalocal container-server[95916]: ::1 - - [06/Dec/2025:03:41:30 +0000] "PUT /3/114169/AUTH_d8741d1891ef40e5a7a8c7bee0ab6eed/gnocchi.c0ebd2cf-d4eb-4d39-b98f-9c394a9a6ba7/none_v3" 201 - "PUT http://[::1]:8080/1/136670/AUTH_d8741d1891ef40e5a7a8c7bee0ab6eed/gnocchi.c0ebd2cf-d4eb-4d39-b98f-9c394a9a6ba7/none_v3" "tx354d36f2461d4bc1ad87c-006933a5ea" "object-server 96250" 0.0008 "-" 95916 0
Dec 05 22:41:30 np0005548602.novalocal object-server[96250]: ::1 - - [06/Dec/2025:03:41:30 +0000] "PUT /1/136670/AUTH_d8741d1891ef40e5a7a8c7bee0ab6eed/gnocchi.c0ebd2cf-d4eb-4d39-b98f-9c394a9a6ba7/none_v3" 201 - "PUT https://[::1]:8080/v1/AUTH_d8741d1891ef40e5a7a8c7bee0ab6eed/gnocchi.c0ebd2cf-d4eb-4d39-b98f-9c394a9a6ba7/none_v3" "tx354d36f2461d4bc1ad87c-006933a5ea" "proxy-server 97198" 0.0084 "-" 96250 0
Dec 05 22:41:30 np0005548602.novalocal container-server[95916]: ::1 - - [06/Dec/2025:03:41:30 +0000] "PUT /1/114169/AUTH_d8741d1891ef40e5a7a8c7bee0ab6eed/gnocchi.c0ebd2cf-d4eb-4d39-b98f-9c394a9a6ba7/none_v3" 201 - "PUT http://[::1]:8080/3/136670/AUTH_d8741d1891ef40e5a7a8c7bee0ab6eed/gnocchi.c0ebd2cf-d4eb-4d39-b98f-9c394a9a6ba7/none_v3" "tx354d36f2461d4bc1ad87c-006933a5ea" "object-server 96249" 0.0003 "-" 95916 0
Dec 05 22:41:30 np0005548602.novalocal container-server[95916]: ::1 - - [06/Dec/2025:03:41:30 +0000] "PUT /2/114169/AUTH_d8741d1891ef40e5a7a8c7bee0ab6eed/gnocchi.c0ebd2cf-d4eb-4d39-b98f-9c394a9a6ba7/none_v3" 201 - "PUT http://[::1]:8080/2/136670/AUTH_d8741d1891ef40e5a7a8c7bee0ab6eed/gnocchi.c0ebd2cf-d4eb-4d39-b98f-9c394a9a6ba7/none_v3" "tx354d36f2461d4bc1ad87c-006933a5ea" "object-server 96250" 0.0002 "-" 95916 0
Dec 05 22:41:30 np0005548602.novalocal object-server[96249]: ::1 - - [06/Dec/2025:03:41:30 +0000] "PUT /3/136670/AUTH_d8741d1891ef40e5a7a8c7bee0ab6eed/gnocchi.c0ebd2cf-d4eb-4d39-b98f-9c394a9a6ba7/none_v3" 201 - "PUT https://[::1]:8080/v1/AUTH_d8741d1891ef40e5a7a8c7bee0ab6eed/gnocchi.c0ebd2cf-d4eb-4d39-b98f-9c394a9a6ba7/none_v3" "tx354d36f2461d4bc1ad87c-006933a5ea" "proxy-server 97198" 0.0104 "-" 96249 0
Dec 05 22:41:30 np0005548602.novalocal object-server[96250]: ::1 - - [06/Dec/2025:03:41:30 +0000] "PUT /2/136670/AUTH_d8741d1891ef40e5a7a8c7bee0ab6eed/gnocchi.c0ebd2cf-d4eb-4d39-b98f-9c394a9a6ba7/none_v3" 201 - "PUT https://[::1]:8080/v1/AUTH_d8741d1891ef40e5a7a8c7bee0ab6eed/gnocchi.c0ebd2cf-d4eb-4d39-b98f-9c394a9a6ba7/none_v3" "tx354d36f2461d4bc1ad87c-006933a5ea" "proxy-server 97198" 0.0115 "-" 96250 0
Dec 05 22:41:30 np0005548602.novalocal proxy-server[97198]: ::1 ::1 06/Dec/2025/03/41/30 PUT /v1/AUTH_d8741d1891ef40e5a7a8c7bee0ab6eed/gnocchi.c0ebd2cf-d4eb-4d39-b98f-9c394a9a6ba7/none_v3 HTTP/1.0 201 - python-swiftclient-4.8.0 gAAAAABpM6W9MtUs... 22 - - tx354d36f2461d4bc1ad87c-006933a5ea - 0.0211 - - 1764992490.678304672 1764992490.699404478 0 1229ee3e1d964977b2a5589f27ad366e
Dec 05 22:41:30 np0005548602.novalocal container-server[95917]: ::1 - - [06/Dec/2025:03:41:30 +0000] "HEAD /2/212572/AUTH_d8741d1891ef40e5a7a8c7bee0ab6eed/gnocchi.2c0dda09-0c9e-4367-81c9-06e765667329" 404 - "HEAD http://[::1]:8080/v1/AUTH_d8741d1891ef40e5a7a8c7bee0ab6eed/gnocchi.2c0dda09-0c9e-4367-81c9-06e765667329" "tx195492a3493a4aa1b62d2-006933a5ea" "proxy-server 97198" 0.0002 "-" 95917 0
Dec 05 22:41:30 np0005548602.novalocal container-server[95917]: ::1 - - [06/Dec/2025:03:41:30 +0000] "HEAD /3/212572/AUTH_d8741d1891ef40e5a7a8c7bee0ab6eed/gnocchi.2c0dda09-0c9e-4367-81c9-06e765667329" 404 - "HEAD http://[::1]:8080/v1/AUTH_d8741d1891ef40e5a7a8c7bee0ab6eed/gnocchi.2c0dda09-0c9e-4367-81c9-06e765667329" "tx195492a3493a4aa1b62d2-006933a5ea" "proxy-server 97198" 0.0002 "-" 95917 0
Dec 05 22:41:30 np0005548602.novalocal container-server[95916]: ::1 - - [06/Dec/2025:03:41:30 +0000] "HEAD /1/212572/AUTH_d8741d1891ef40e5a7a8c7bee0ab6eed/gnocchi.2c0dda09-0c9e-4367-81c9-06e765667329" 404 - "HEAD http://[::1]:8080/v1/AUTH_d8741d1891ef40e5a7a8c7bee0ab6eed/gnocchi.2c0dda09-0c9e-4367-81c9-06e765667329" "tx195492a3493a4aa1b62d2-006933a5ea" "proxy-server 97198" 0.0004 "-" 95916 0
Dec 05 22:41:30 np0005548602.novalocal proxy-server[97198]: - - 06/Dec/2025/03/41/30 HEAD /v1/AUTH_d8741d1891ef40e5a7a8c7bee0ab6eed/gnocchi.2c0dda09-0c9e-4367-81c9-06e765667329 HTTP/1.0 404 - Swift - - - - tx195492a3493a4aa1b62d2-006933a5ea - 0.0096 CS - 1764992490.721478224 1764992490.731093407 0 -
Dec 05 22:41:30 np0005548602.novalocal object-server[96250]: ::1 - - [06/Dec/2025:03:41:30 +0000] "GET /3/6253/AUTH_d8741d1891ef40e5a7a8c7bee0ab6eed/gnocchi.2c0dda09-0c9e-4367-81c9-06e765667329/none_v3" 404 70 "GET https://[::1]:8080/v1/AUTH_d8741d1891ef40e5a7a8c7bee0ab6eed/gnocchi.2c0dda09-0c9e-4367-81c9-06e765667329/none_v3" "tx195492a3493a4aa1b62d2-006933a5ea" "proxy-server 97198" 0.0003 "-" 96250 0
Dec 05 22:41:30 np0005548602.novalocal object-server[96249]: ::1 - - [06/Dec/2025:03:41:30 +0000] "GET /1/6253/AUTH_d8741d1891ef40e5a7a8c7bee0ab6eed/gnocchi.2c0dda09-0c9e-4367-81c9-06e765667329/none_v3" 404 70 "GET https://[::1]:8080/v1/AUTH_d8741d1891ef40e5a7a8c7bee0ab6eed/gnocchi.2c0dda09-0c9e-4367-81c9-06e765667329/none_v3" "tx195492a3493a4aa1b62d2-006933a5ea" "proxy-server 97198" 0.0005 "-" 96249 0
Dec 05 22:41:30 np0005548602.novalocal object-server[96249]: ::1 - - [06/Dec/2025:03:41:30 +0000] "GET /2/6253/AUTH_d8741d1891ef40e5a7a8c7bee0ab6eed/gnocchi.2c0dda09-0c9e-4367-81c9-06e765667329/none_v3" 404 70 "GET https://[::1]:8080/v1/AUTH_d8741d1891ef40e5a7a8c7bee0ab6eed/gnocchi.2c0dda09-0c9e-4367-81c9-06e765667329/none_v3" "tx195492a3493a4aa1b62d2-006933a5ea" "proxy-server 97198" 0.0002 "-" 96249 0
Dec 05 22:41:30 np0005548602.novalocal proxy-server[97198]: ::1 ::1 06/Dec/2025/03/41/30 GET /v1/AUTH_d8741d1891ef40e5a7a8c7bee0ab6eed/gnocchi.2c0dda09-0c9e-4367-81c9-06e765667329/none_v3 HTTP/1.0 404 - python-swiftclient-4.8.0 gAAAAABpM6W9MtUs... - 70 - tx195492a3493a4aa1b62d2-006933a5ea - 0.0282 - - 1764992490.720214605 1764992490.748388529 0 1229ee3e1d964977b2a5589f27ad366e
Dec 05 22:41:30 np0005548602.novalocal account-server[95624]: ::1 - - [06/Dec/2025:03:41:30 +0000] "PUT /1/76100/AUTH_d8741d1891ef40e5a7a8c7bee0ab6eed/gnocchi.2c0dda09-0c9e-4367-81c9-06e765667329" 201 - "PUT http://[::1]:6001/3/212572/AUTH_d8741d1891ef40e5a7a8c7bee0ab6eed/gnocchi.2c0dda09-0c9e-4367-81c9-06e765667329" "tx98553930d2744f5e98a4a-006933a5ea" "container-server 95916" 0.0062 "-" 95624 0
Dec 05 22:41:30 np0005548602.novalocal container-server[95916]: ::1 - - [06/Dec/2025:03:41:30 +0000] "PUT /3/212572/AUTH_d8741d1891ef40e5a7a8c7bee0ab6eed/gnocchi.2c0dda09-0c9e-4367-81c9-06e765667329" 201 - "PUT https://[::1]:8080/v1/AUTH_d8741d1891ef40e5a7a8c7bee0ab6eed/gnocchi.2c0dda09-0c9e-4367-81c9-06e765667329" "tx98553930d2744f5e98a4a-006933a5ea" "proxy-server 97198" 0.0169 "-" 95916 0
Dec 05 22:41:30 np0005548602.novalocal account-server[95624]: ::1 - - [06/Dec/2025:03:41:30 +0000] "PUT /2/76100/AUTH_d8741d1891ef40e5a7a8c7bee0ab6eed/gnocchi.2c0dda09-0c9e-4367-81c9-06e765667329" 201 - "PUT http://[::1]:6001/1/212572/AUTH_d8741d1891ef40e5a7a8c7bee0ab6eed/gnocchi.2c0dda09-0c9e-4367-81c9-06e765667329" "tx98553930d2744f5e98a4a-006933a5ea" "container-server 95917" 0.0058 "-" 95624 0
Dec 05 22:41:30 np0005548602.novalocal container-server[95917]: ::1 - - [06/Dec/2025:03:41:30 +0000] "PUT /1/212572/AUTH_d8741d1891ef40e5a7a8c7bee0ab6eed/gnocchi.2c0dda09-0c9e-4367-81c9-06e765667329" 201 - "PUT https://[::1]:8080/v1/AUTH_d8741d1891ef40e5a7a8c7bee0ab6eed/gnocchi.2c0dda09-0c9e-4367-81c9-06e765667329" "tx98553930d2744f5e98a4a-006933a5ea" "proxy-server 97198" 0.0237 "-" 95917 0
Dec 05 22:41:30 np0005548602.novalocal account-server[95623]: ::1 - - [06/Dec/2025:03:41:30 +0000] "PUT /3/76100/AUTH_d8741d1891ef40e5a7a8c7bee0ab6eed/gnocchi.2c0dda09-0c9e-4367-81c9-06e765667329" 201 - "PUT http://[::1]:6001/2/212572/AUTH_d8741d1891ef40e5a7a8c7bee0ab6eed/gnocchi.2c0dda09-0c9e-4367-81c9-06e765667329" "tx98553930d2744f5e98a4a-006933a5ea" "container-server 95917" 0.0042 "-" 95623 0
Dec 05 22:41:30 np0005548602.novalocal container-server[95917]: ::1 - - [06/Dec/2025:03:41:30 +0000] "PUT /2/212572/AUTH_d8741d1891ef40e5a7a8c7bee0ab6eed/gnocchi.2c0dda09-0c9e-4367-81c9-06e765667329" 201 - "PUT https://[::1]:8080/v1/AUTH_d8741d1891ef40e5a7a8c7bee0ab6eed/gnocchi.2c0dda09-0c9e-4367-81c9-06e765667329" "tx98553930d2744f5e98a4a-006933a5ea" "proxy-server 97198" 0.0146 "-" 95917 0
Dec 05 22:41:30 np0005548602.novalocal proxy-server[97198]: ::1 ::1 06/Dec/2025/03/41/30 PUT /v1/AUTH_d8741d1891ef40e5a7a8c7bee0ab6eed/gnocchi.2c0dda09-0c9e-4367-81c9-06e765667329 HTTP/1.0 201 - python-swiftclient-4.8.0 gAAAAABpM6W9MtUs... - - - tx98553930d2744f5e98a4a-006933a5ea - 0.0375 - - 1764992490.752734661 1764992490.790202379 0 1229ee3e1d964977b2a5589f27ad366e
Dec 05 22:41:30 np0005548602.novalocal container-server[95917]: ::1 - - [06/Dec/2025:03:41:30 +0000] "HEAD /1/212572/AUTH_d8741d1891ef40e5a7a8c7bee0ab6eed/gnocchi.2c0dda09-0c9e-4367-81c9-06e765667329" 204 - "HEAD http://[::1]:8080/v1/AUTH_d8741d1891ef40e5a7a8c7bee0ab6eed/gnocchi.2c0dda09-0c9e-4367-81c9-06e765667329" "txe86bfc29f73544e19b983-006933a5ea" "proxy-server 97198" 0.0013 "-" 95917 0
Dec 05 22:41:30 np0005548602.novalocal proxy-server[97198]: - - 06/Dec/2025/03/41/30 HEAD /v1/AUTH_d8741d1891ef40e5a7a8c7bee0ab6eed/gnocchi.2c0dda09-0c9e-4367-81c9-06e765667329 HTTP/1.0 204 - Swift - - - - txe86bfc29f73544e19b983-006933a5ea - 0.0047 CS - 1764992490.797957897 1764992490.802675962 0 -
Dec 05 22:41:30 np0005548602.novalocal container-server[95917]: ::1 - - [06/Dec/2025:03:41:30 +0000] "GET /3/212572/AUTH_d8741d1891ef40e5a7a8c7bee0ab6eed/gnocchi.2c0dda09-0c9e-4367-81c9-06e765667329" 200 2 "GET https://[::1]:8080/v1/AUTH_d8741d1891ef40e5a7a8c7bee0ab6eed/gnocchi.2c0dda09-0c9e-4367-81c9-06e765667329?format=json&states=listing" "txe86bfc29f73544e19b983-006933a5ea" "proxy-server 97198" 0.0025 "-" 95917 0
Dec 05 22:41:30 np0005548602.novalocal proxy-server[97198]: ::1 ::1 06/Dec/2025/03/41/30 GET /v1/AUTH_d8741d1891ef40e5a7a8c7bee0ab6eed/gnocchi.2c0dda09-0c9e-4367-81c9-06e765667329%3Fformat%3Djson%26states%3Dlisting HTTP/1.0 200 - python-swiftclient-4.8.0 gAAAAABpM6W9MtUs... - 2 - txe86bfc29f73544e19b983-006933a5ea - 0.0190 - - 1764992490.794103861 1764992490.813066721 0 1229ee3e1d964977b2a5589f27ad366e
Dec 05 22:41:30 np0005548602.novalocal object-server[96250]: ::1 - - [06/Dec/2025:03:41:30 +0000] "GET /3/169769/AUTH_d8741d1891ef40e5a7a8c7bee0ab6eed/gnocchi.2c0dda09-0c9e-4367-81c9-06e765667329/1764720000.0_mean_300.0_v3" 404 70 "GET https://[::1]:8080/v1/AUTH_d8741d1891ef40e5a7a8c7bee0ab6eed/gnocchi.2c0dda09-0c9e-4367-81c9-06e765667329/1764720000.0_mean_300.0_v3" "txe89b70e09d3f4f1783d25-006933a5ea" "proxy-server 97198" 0.0004 "-" 96250 0
Dec 05 22:41:30 np0005548602.novalocal object-server[96249]: ::1 - - [06/Dec/2025:03:41:30 +0000] "GET /1/169769/AUTH_d8741d1891ef40e5a7a8c7bee0ab6eed/gnocchi.2c0dda09-0c9e-4367-81c9-06e765667329/1764720000.0_mean_300.0_v3" 404 70 "GET https://[::1]:8080/v1/AUTH_d8741d1891ef40e5a7a8c7bee0ab6eed/gnocchi.2c0dda09-0c9e-4367-81c9-06e765667329/1764720000.0_mean_300.0_v3" "txe89b70e09d3f4f1783d25-006933a5ea" "proxy-server 97198" 0.0007 "-" 96249 0
Dec 05 22:41:30 np0005548602.novalocal object-server[96250]: ::1 - - [06/Dec/2025:03:41:30 +0000] "GET /2/169769/AUTH_d8741d1891ef40e5a7a8c7bee0ab6eed/gnocchi.2c0dda09-0c9e-4367-81c9-06e765667329/1764720000.0_mean_300.0_v3" 404 70 "GET https://[::1]:8080/v1/AUTH_d8741d1891ef40e5a7a8c7bee0ab6eed/gnocchi.2c0dda09-0c9e-4367-81c9-06e765667329/1764720000.0_mean_300.0_v3" "txe89b70e09d3f4f1783d25-006933a5ea" "proxy-server 97198" 0.0002 "-" 96250 0
Dec 05 22:41:30 np0005548602.novalocal proxy-server[97198]: ::1 ::1 06/Dec/2025/03/41/30 GET /v1/AUTH_d8741d1891ef40e5a7a8c7bee0ab6eed/gnocchi.2c0dda09-0c9e-4367-81c9-06e765667329/1764720000.0_mean_300.0_v3 HTTP/1.0 404 - python-swiftclient-4.8.0 gAAAAABpM6W9MtUs... - 70 - txe89b70e09d3f4f1783d25-006933a5ea - 0.0124 - - 1764992490.816222191 1764992490.828598261 0 1229ee3e1d964977b2a5589f27ad366e
Dec 05 22:41:30 np0005548602.novalocal container-server[95916]: ::1 - - [06/Dec/2025:03:41:30 +0000] "PUT /1/212572/AUTH_d8741d1891ef40e5a7a8c7bee0ab6eed/gnocchi.2c0dda09-0c9e-4367-81c9-06e765667329/1764720000.0_mean_300.0_v3" 201 - "PUT http://[::1]:8080/1/169769/AUTH_d8741d1891ef40e5a7a8c7bee0ab6eed/gnocchi.2c0dda09-0c9e-4367-81c9-06e765667329/1764720000.0_mean_300.0_v3" "txdf0fee08027042c197ac5-006933a5ea" "object-server 96249" 0.0009 "-" 95916 0
Dec 05 22:41:30 np0005548602.novalocal container-server[95917]: ::1 - - [06/Dec/2025:03:41:30 +0000] "PUT /2/212572/AUTH_d8741d1891ef40e5a7a8c7bee0ab6eed/gnocchi.2c0dda09-0c9e-4367-81c9-06e765667329/1764720000.0_mean_300.0_v3" 201 - "PUT http://[::1]:8080/2/169769/AUTH_d8741d1891ef40e5a7a8c7bee0ab6eed/gnocchi.2c0dda09-0c9e-4367-81c9-06e765667329/1764720000.0_mean_300.0_v3" "txdf0fee08027042c197ac5-006933a5ea" "object-server 96249" 0.0005 "-" 95917 0
Dec 05 22:41:30 np0005548602.novalocal object-server[96249]: ::1 - - [06/Dec/2025:03:41:30 +0000] "PUT /1/169769/AUTH_d8741d1891ef40e5a7a8c7bee0ab6eed/gnocchi.2c0dda09-0c9e-4367-81c9-06e765667329/1764720000.0_mean_300.0_v3" 201 - "PUT https://[::1]:8080/v1/AUTH_d8741d1891ef40e5a7a8c7bee0ab6eed/gnocchi.2c0dda09-0c9e-4367-81c9-06e765667329/1764720000.0_mean_300.0_v3" "txdf0fee08027042c197ac5-006933a5ea" "proxy-server 97198" 0.0141 "-" 96249 0
Dec 05 22:41:30 np0005548602.novalocal object-server[96249]: ::1 - - [06/Dec/2025:03:41:30 +0000] "PUT /2/169769/AUTH_d8741d1891ef40e5a7a8c7bee0ab6eed/gnocchi.2c0dda09-0c9e-4367-81c9-06e765667329/1764720000.0_mean_300.0_v3" 201 - "PUT https://[::1]:8080/v1/AUTH_d8741d1891ef40e5a7a8c7bee0ab6eed/gnocchi.2c0dda09-0c9e-4367-81c9-06e765667329/1764720000.0_mean_300.0_v3" "txdf0fee08027042c197ac5-006933a5ea" "proxy-server 97198" 0.0125 "-" 96249 0
Dec 05 22:41:30 np0005548602.novalocal container-server[95916]: ::1 - - [06/Dec/2025:03:41:30 +0000] "PUT /3/212572/AUTH_d8741d1891ef40e5a7a8c7bee0ab6eed/gnocchi.2c0dda09-0c9e-4367-81c9-06e765667329/1764720000.0_mean_300.0_v3" 201 - "PUT http://[::1]:8080/3/169769/AUTH_d8741d1891ef40e5a7a8c7bee0ab6eed/gnocchi.2c0dda09-0c9e-4367-81c9-06e765667329/1764720000.0_mean_300.0_v3" "txdf0fee08027042c197ac5-006933a5ea" "object-server 96249" 0.0004 "-" 95916 0
Dec 05 22:41:30 np0005548602.novalocal object-server[96249]: ::1 - - [06/Dec/2025:03:41:30 +0000] "PUT /3/169769/AUTH_d8741d1891ef40e5a7a8c7bee0ab6eed/gnocchi.2c0dda09-0c9e-4367-81c9-06e765667329/1764720000.0_mean_300.0_v3" 201 - "PUT https://[::1]:8080/v1/AUTH_d8741d1891ef40e5a7a8c7bee0ab6eed/gnocchi.2c0dda09-0c9e-4367-81c9-06e765667329/1764720000.0_mean_300.0_v3" "txdf0fee08027042c197ac5-006933a5ea" "proxy-server 97198" 0.0142 "-" 96249 0
Dec 05 22:41:30 np0005548602.novalocal proxy-server[97198]: ::1 ::1 06/Dec/2025/03/41/30 PUT /v1/AUTH_d8741d1891ef40e5a7a8c7bee0ab6eed/gnocchi.2c0dda09-0c9e-4367-81c9-06e765667329/1764720000.0_mean_300.0_v3 HTTP/1.0 201 - python-swiftclient-4.8.0 gAAAAABpM6W9MtUs... 16 - - txdf0fee08027042c197ac5-006933a5ea - 0.0226 - - 1764992490.830780506 1764992490.853340149 0 1229ee3e1d964977b2a5589f27ad366e
Dec 05 22:41:30 np0005548602.novalocal container-server[95917]: ::1 - - [06/Dec/2025:03:41:30 +0000] "PUT /2/212572/AUTH_d8741d1891ef40e5a7a8c7bee0ab6eed/gnocchi.2c0dda09-0c9e-4367-81c9-06e765667329/none_v3" 201 - "PUT http://[::1]:8080/1/6253/AUTH_d8741d1891ef40e5a7a8c7bee0ab6eed/gnocchi.2c0dda09-0c9e-4367-81c9-06e765667329/none_v3" "tx8176145926dd4c8a95034-006933a5ea" "object-server 96249" 0.0005 "-" 95917 0
Dec 05 22:41:30 np0005548602.novalocal container-server[95916]: ::1 - - [06/Dec/2025:03:41:30 +0000] "PUT /3/212572/AUTH_d8741d1891ef40e5a7a8c7bee0ab6eed/gnocchi.2c0dda09-0c9e-4367-81c9-06e765667329/none_v3" 201 - "PUT http://[::1]:8080/2/6253/AUTH_d8741d1891ef40e5a7a8c7bee0ab6eed/gnocchi.2c0dda09-0c9e-4367-81c9-06e765667329/none_v3" "tx8176145926dd4c8a95034-006933a5ea" "object-server 96250" 0.0013 "-" 95916 0
Dec 05 22:41:30 np0005548602.novalocal container-server[95916]: ::1 - - [06/Dec/2025:03:41:30 +0000] "PUT /1/212572/AUTH_d8741d1891ef40e5a7a8c7bee0ab6eed/gnocchi.2c0dda09-0c9e-4367-81c9-06e765667329/none_v3" 201 - "PUT http://[::1]:8080/3/6253/AUTH_d8741d1891ef40e5a7a8c7bee0ab6eed/gnocchi.2c0dda09-0c9e-4367-81c9-06e765667329/none_v3" "tx8176145926dd4c8a95034-006933a5ea" "object-server 96250" 0.0004 "-" 95916 0
Dec 05 22:41:30 np0005548602.novalocal object-server[96250]: ::1 - - [06/Dec/2025:03:41:30 +0000] "PUT /2/6253/AUTH_d8741d1891ef40e5a7a8c7bee0ab6eed/gnocchi.2c0dda09-0c9e-4367-81c9-06e765667329/none_v3" 201 - "PUT https://[::1]:8080/v1/AUTH_d8741d1891ef40e5a7a8c7bee0ab6eed/gnocchi.2c0dda09-0c9e-4367-81c9-06e765667329/none_v3" "tx8176145926dd4c8a95034-006933a5ea" "proxy-server 97198" 0.0338 "-" 96250 0
Dec 05 22:41:30 np0005548602.novalocal object-server[96249]: ::1 - - [06/Dec/2025:03:41:30 +0000] "PUT /1/6253/AUTH_d8741d1891ef40e5a7a8c7bee0ab6eed/gnocchi.2c0dda09-0c9e-4367-81c9-06e765667329/none_v3" 201 - "PUT https://[::1]:8080/v1/AUTH_d8741d1891ef40e5a7a8c7bee0ab6eed/gnocchi.2c0dda09-0c9e-4367-81c9-06e765667329/none_v3" "tx8176145926dd4c8a95034-006933a5ea" "proxy-server 97198" 0.0238 "-" 96249 0
Dec 05 22:41:30 np0005548602.novalocal object-server[96250]: ::1 - - [06/Dec/2025:03:41:30 +0000] "PUT /3/6253/AUTH_d8741d1891ef40e5a7a8c7bee0ab6eed/gnocchi.2c0dda09-0c9e-4367-81c9-06e765667329/none_v3" 201 - "PUT https://[::1]:8080/v1/AUTH_d8741d1891ef40e5a7a8c7bee0ab6eed/gnocchi.2c0dda09-0c9e-4367-81c9-06e765667329/none_v3" "tx8176145926dd4c8a95034-006933a5ea" "proxy-server 97198" 0.0334 "-" 96250 0
Dec 05 22:41:30 np0005548602.novalocal proxy-server[97198]: ::1 ::1 06/Dec/2025/03/41/30 PUT /v1/AUTH_d8741d1891ef40e5a7a8c7bee0ab6eed/gnocchi.2c0dda09-0c9e-4367-81c9-06e765667329/none_v3 HTTP/1.0 201 - python-swiftclient-4.8.0 gAAAAABpM6W9MtUs... 22 - - tx8176145926dd4c8a95034-006933a5ea - 0.0436 - - 1764992490.855967760 1764992490.899563551 0 1229ee3e1d964977b2a5589f27ad366e
Dec 05 22:41:30 np0005548602.novalocal container-server[95917]: ::1 - - [06/Dec/2025:03:41:30 +0000] "HEAD /2/25426/AUTH_d8741d1891ef40e5a7a8c7bee0ab6eed/gnocchi.f86a4e71-9324-4fb6-bc69-366f1089e7e9" 404 - "HEAD http://[::1]:8080/v1/AUTH_d8741d1891ef40e5a7a8c7bee0ab6eed/gnocchi.f86a4e71-9324-4fb6-bc69-366f1089e7e9" "tx402a8b257063440180ffc-006933a5ea" "proxy-server 97198" 0.0003 "-" 95917 0
Dec 05 22:41:30 np0005548602.novalocal container-server[95917]: ::1 - - [06/Dec/2025:03:41:30 +0000] "HEAD /3/25426/AUTH_d8741d1891ef40e5a7a8c7bee0ab6eed/gnocchi.f86a4e71-9324-4fb6-bc69-366f1089e7e9" 404 - "HEAD http://[::1]:8080/v1/AUTH_d8741d1891ef40e5a7a8c7bee0ab6eed/gnocchi.f86a4e71-9324-4fb6-bc69-366f1089e7e9" "tx402a8b257063440180ffc-006933a5ea" "proxy-server 97198" 0.0002 "-" 95917 0
Dec 05 22:41:30 np0005548602.novalocal container-server[95917]: ::1 - - [06/Dec/2025:03:41:30 +0000] "HEAD /1/25426/AUTH_d8741d1891ef40e5a7a8c7bee0ab6eed/gnocchi.f86a4e71-9324-4fb6-bc69-366f1089e7e9" 404 - "HEAD http://[::1]:8080/v1/AUTH_d8741d1891ef40e5a7a8c7bee0ab6eed/gnocchi.f86a4e71-9324-4fb6-bc69-366f1089e7e9" "tx402a8b257063440180ffc-006933a5ea" "proxy-server 97198" 0.0001 "-" 95917 0
Dec 05 22:41:30 np0005548602.novalocal proxy-server[97198]: - - 06/Dec/2025/03/41/30 HEAD /v1/AUTH_d8741d1891ef40e5a7a8c7bee0ab6eed/gnocchi.f86a4e71-9324-4fb6-bc69-366f1089e7e9 HTTP/1.0 404 - Swift - - - - tx402a8b257063440180ffc-006933a5ea - 0.0100 CS - 1764992490.972686529 1764992490.982648849 0 -
Dec 05 22:41:30 np0005548602.novalocal object-server[96249]: ::1 - - [06/Dec/2025:03:41:30 +0000] "GET /2/119492/AUTH_d8741d1891ef40e5a7a8c7bee0ab6eed/gnocchi.f86a4e71-9324-4fb6-bc69-366f1089e7e9/none_v3" 404 70 "GET https://[::1]:8080/v1/AUTH_d8741d1891ef40e5a7a8c7bee0ab6eed/gnocchi.f86a4e71-9324-4fb6-bc69-366f1089e7e9/none_v3" "tx402a8b257063440180ffc-006933a5ea" "proxy-server 97198" 0.0005 "-" 96249 0
Dec 05 22:41:30 np0005548602.novalocal object-server[96250]: ::1 - - [06/Dec/2025:03:41:30 +0000] "GET /3/119492/AUTH_d8741d1891ef40e5a7a8c7bee0ab6eed/gnocchi.f86a4e71-9324-4fb6-bc69-366f1089e7e9/none_v3" 404 70 "GET https://[::1]:8080/v1/AUTH_d8741d1891ef40e5a7a8c7bee0ab6eed/gnocchi.f86a4e71-9324-4fb6-bc69-366f1089e7e9/none_v3" "tx402a8b257063440180ffc-006933a5ea" "proxy-server 97198" 0.0005 "-" 96250 0
Dec 05 22:41:30 np0005548602.novalocal object-auditor[103318]: Object audit (ZBF) "forever" mode completed: 1.51s. Total quarantined: 0, Total errors: 0, Total files/sec: 50.50, Total bytes/sec: 0.00, Auditing time: 1.49, Rate: 0.99
Dec 05 22:41:30 np0005548602.novalocal object-server[96249]: ::1 - - [06/Dec/2025:03:41:30 +0000] "GET /1/119492/AUTH_d8741d1891ef40e5a7a8c7bee0ab6eed/gnocchi.f86a4e71-9324-4fb6-bc69-366f1089e7e9/none_v3" 404 70 "GET https://[::1]:8080/v1/AUTH_d8741d1891ef40e5a7a8c7bee0ab6eed/gnocchi.f86a4e71-9324-4fb6-bc69-366f1089e7e9/none_v3" "tx402a8b257063440180ffc-006933a5ea" "proxy-server 97198" 0.0002 "-" 96249 0
Dec 05 22:41:30 np0005548602.novalocal proxy-server[97198]: ::1 ::1 06/Dec/2025/03/41/30 GET /v1/AUTH_d8741d1891ef40e5a7a8c7bee0ab6eed/gnocchi.f86a4e71-9324-4fb6-bc69-366f1089e7e9/none_v3 HTTP/1.0 404 - python-swiftclient-4.8.0 gAAAAABpM6W9MtUs... - 70 - tx402a8b257063440180ffc-006933a5ea - 0.0252 - - 1764992490.971796989 1764992490.997045279 0 1229ee3e1d964977b2a5589f27ad366e
Dec 05 22:41:31 np0005548602.novalocal container-replicator[95980]: Beginning replication run
Dec 05 22:41:31 np0005548602.novalocal account-server[95623]: ::1 - - [06/Dec/2025:03:41:31 +0000] "PUT /2/76100/AUTH_d8741d1891ef40e5a7a8c7bee0ab6eed/gnocchi.f86a4e71-9324-4fb6-bc69-366f1089e7e9" 201 - "PUT http://[::1]:6001/3/25426/AUTH_d8741d1891ef40e5a7a8c7bee0ab6eed/gnocchi.f86a4e71-9324-4fb6-bc69-366f1089e7e9" "tx7ac3bc9540b847969f9eb-006933a5ea" "container-server 95916" 0.0104 "-" 95623 0
Dec 05 22:41:31 np0005548602.novalocal account-server[95624]: ::1 - - [06/Dec/2025:03:41:31 +0000] "PUT /1/76100/AUTH_d8741d1891ef40e5a7a8c7bee0ab6eed/gnocchi.f86a4e71-9324-4fb6-bc69-366f1089e7e9" 201 - "PUT http://[::1]:6001/2/25426/AUTH_d8741d1891ef40e5a7a8c7bee0ab6eed/gnocchi.f86a4e71-9324-4fb6-bc69-366f1089e7e9" "tx7ac3bc9540b847969f9eb-006933a5ea" "container-server 95917" 0.0088 "-" 95624 0
Dec 05 22:41:31 np0005548602.novalocal container-server[95917]: ::1 - - [06/Dec/2025:03:41:31 +0000] "PUT /2/25426/AUTH_d8741d1891ef40e5a7a8c7bee0ab6eed/gnocchi.f86a4e71-9324-4fb6-bc69-366f1089e7e9" 201 - "PUT https://[::1]:8080/v1/AUTH_d8741d1891ef40e5a7a8c7bee0ab6eed/gnocchi.f86a4e71-9324-4fb6-bc69-366f1089e7e9" "tx7ac3bc9540b847969f9eb-006933a5ea" "proxy-server 97198" 0.0268 "-" 95917 0
Dec 05 22:41:31 np0005548602.novalocal container-server[95916]: ::1 - - [06/Dec/2025:03:41:31 +0000] "PUT /3/25426/AUTH_d8741d1891ef40e5a7a8c7bee0ab6eed/gnocchi.f86a4e71-9324-4fb6-bc69-366f1089e7e9" 201 - "PUT https://[::1]:8080/v1/AUTH_d8741d1891ef40e5a7a8c7bee0ab6eed/gnocchi.f86a4e71-9324-4fb6-bc69-366f1089e7e9" "tx7ac3bc9540b847969f9eb-006933a5ea" "proxy-server 97198" 0.0259 "-" 95916 0
Dec 05 22:41:31 np0005548602.novalocal account-server[95623]: ::1 - - [06/Dec/2025:03:41:31 +0000] "PUT /3/76100/AUTH_d8741d1891ef40e5a7a8c7bee0ab6eed/gnocchi.f86a4e71-9324-4fb6-bc69-366f1089e7e9" 201 - "PUT http://[::1]:6001/1/25426/AUTH_d8741d1891ef40e5a7a8c7bee0ab6eed/gnocchi.f86a4e71-9324-4fb6-bc69-366f1089e7e9" "tx7ac3bc9540b847969f9eb-006933a5ea" "container-server 95917" 0.0073 "-" 95623 0
Dec 05 22:41:31 np0005548602.novalocal container-server[95917]: ::1 - - [06/Dec/2025:03:41:31 +0000] "PUT /1/25426/AUTH_d8741d1891ef40e5a7a8c7bee0ab6eed/gnocchi.f86a4e71-9324-4fb6-bc69-366f1089e7e9" 201 - "PUT https://[::1]:8080/v1/AUTH_d8741d1891ef40e5a7a8c7bee0ab6eed/gnocchi.f86a4e71-9324-4fb6-bc69-366f1089e7e9" "tx7ac3bc9540b847969f9eb-006933a5ea" "proxy-server 97198" 0.0287 "-" 95917 0
Dec 05 22:41:31 np0005548602.novalocal proxy-server[97198]: ::1 ::1 06/Dec/2025/03/41/31 PUT /v1/AUTH_d8741d1891ef40e5a7a8c7bee0ab6eed/gnocchi.f86a4e71-9324-4fb6-bc69-366f1089e7e9 HTTP/1.0 201 - python-swiftclient-4.8.0 gAAAAABpM6W9MtUs... - - - tx7ac3bc9540b847969f9eb-006933a5ea - 0.0499 - - 1764992490.999347687 1764992491.049198627 0 1229ee3e1d964977b2a5589f27ad366e
Dec 05 22:41:31 np0005548602.novalocal container-server[95916]: ::1 - - [06/Dec/2025:03:41:31 +0000] "HEAD /3/25426/AUTH_d8741d1891ef40e5a7a8c7bee0ab6eed/gnocchi.f86a4e71-9324-4fb6-bc69-366f1089e7e9" 204 - "HEAD http://[::1]:8080/v1/AUTH_d8741d1891ef40e5a7a8c7bee0ab6eed/gnocchi.f86a4e71-9324-4fb6-bc69-366f1089e7e9" "txf27bbd0f2bf94f53845ec-006933a5eb" "proxy-server 97198" 0.0013 "-" 95916 0
Dec 05 22:41:31 np0005548602.novalocal proxy-server[97198]: - - 06/Dec/2025/03/41/31 HEAD /v1/AUTH_d8741d1891ef40e5a7a8c7bee0ab6eed/gnocchi.f86a4e71-9324-4fb6-bc69-366f1089e7e9 HTTP/1.0 204 - Swift - - - - txf27bbd0f2bf94f53845ec-006933a5eb - 0.0094 CS - 1764992491.054286480 1764992491.063650131 0 -
Dec 05 22:41:31 np0005548602.novalocal container-server[95917]: ::1 - - [06/Dec/2025:03:41:31 +0000] "GET /1/25426/AUTH_d8741d1891ef40e5a7a8c7bee0ab6eed/gnocchi.f86a4e71-9324-4fb6-bc69-366f1089e7e9" 200 2 "GET https://[::1]:8080/v1/AUTH_d8741d1891ef40e5a7a8c7bee0ab6eed/gnocchi.f86a4e71-9324-4fb6-bc69-366f1089e7e9?format=json&states=listing" "txf27bbd0f2bf94f53845ec-006933a5eb" "proxy-server 97198" 0.0018 "-" 95917 0
Dec 05 22:41:31 np0005548602.novalocal proxy-server[97198]: ::1 ::1 06/Dec/2025/03/41/31 GET /v1/AUTH_d8741d1891ef40e5a7a8c7bee0ab6eed/gnocchi.f86a4e71-9324-4fb6-bc69-366f1089e7e9%3Fformat%3Djson%26states%3Dlisting HTTP/1.0 200 - python-swiftclient-4.8.0 gAAAAABpM6W9MtUs... - 2 - txf27bbd0f2bf94f53845ec-006933a5eb - 0.0211 - - 1764992491.053650379 1764992491.074787140 0 1229ee3e1d964977b2a5589f27ad366e
Dec 05 22:41:31 np0005548602.novalocal object-server[96249]: ::1 - - [06/Dec/2025:03:41:31 +0000] "GET /1/103492/AUTH_d8741d1891ef40e5a7a8c7bee0ab6eed/gnocchi.f86a4e71-9324-4fb6-bc69-366f1089e7e9/1764720000.0_mean_300.0_v3" 404 70 "GET https://[::1]:8080/v1/AUTH_d8741d1891ef40e5a7a8c7bee0ab6eed/gnocchi.f86a4e71-9324-4fb6-bc69-366f1089e7e9/1764720000.0_mean_300.0_v3" "tx9a2720607b314eefbff03-006933a5eb" "proxy-server 97198" 0.0004 "-" 96249 0
Dec 05 22:41:31 np0005548602.novalocal object-server[96250]: ::1 - - [06/Dec/2025:03:41:31 +0000] "GET /2/103492/AUTH_d8741d1891ef40e5a7a8c7bee0ab6eed/gnocchi.f86a4e71-9324-4fb6-bc69-366f1089e7e9/1764720000.0_mean_300.0_v3" 404 70 "GET https://[::1]:8080/v1/AUTH_d8741d1891ef40e5a7a8c7bee0ab6eed/gnocchi.f86a4e71-9324-4fb6-bc69-366f1089e7e9/1764720000.0_mean_300.0_v3" "tx9a2720607b314eefbff03-006933a5eb" "proxy-server 97198" 0.0004 "-" 96250 0
Dec 05 22:41:31 np0005548602.novalocal object-server[96249]: ::1 - - [06/Dec/2025:03:41:31 +0000] "GET /3/103492/AUTH_d8741d1891ef40e5a7a8c7bee0ab6eed/gnocchi.f86a4e71-9324-4fb6-bc69-366f1089e7e9/1764720000.0_mean_300.0_v3" 404 70 "GET https://[::1]:8080/v1/AUTH_d8741d1891ef40e5a7a8c7bee0ab6eed/gnocchi.f86a4e71-9324-4fb6-bc69-366f1089e7e9/1764720000.0_mean_300.0_v3" "tx9a2720607b314eefbff03-006933a5eb" "proxy-server 97198" 0.0002 "-" 96249 0
Dec 05 22:41:31 np0005548602.novalocal proxy-server[97198]: ::1 ::1 06/Dec/2025/03/41/31 GET /v1/AUTH_d8741d1891ef40e5a7a8c7bee0ab6eed/gnocchi.f86a4e71-9324-4fb6-bc69-366f1089e7e9/1764720000.0_mean_300.0_v3 HTTP/1.0 404 - python-swiftclient-4.8.0 gAAAAABpM6W9MtUs... - 70 - tx9a2720607b314eefbff03-006933a5eb - 0.0120 - - 1764992491.077300787 1764992491.089319706 0 1229ee3e1d964977b2a5589f27ad366e
Dec 05 22:41:31 np0005548602.novalocal container-server[95917]: ::1 - - [06/Dec/2025:03:41:31 +0000] "PUT /1/25426/AUTH_d8741d1891ef40e5a7a8c7bee0ab6eed/gnocchi.f86a4e71-9324-4fb6-bc69-366f1089e7e9/1764720000.0_mean_300.0_v3" 201 - "PUT http://[::1]:8080/2/103492/AUTH_d8741d1891ef40e5a7a8c7bee0ab6eed/gnocchi.f86a4e71-9324-4fb6-bc69-366f1089e7e9/1764720000.0_mean_300.0_v3" "tx432537ba9d4746c488471-006933a5eb" "object-server 96249" 0.0009 "-" 95917 0
Dec 05 22:41:31 np0005548602.novalocal object-server[96249]: ::1 - - [06/Dec/2025:03:41:31 +0000] "PUT /2/103492/AUTH_d8741d1891ef40e5a7a8c7bee0ab6eed/gnocchi.f86a4e71-9324-4fb6-bc69-366f1089e7e9/1764720000.0_mean_300.0_v3" 201 - "PUT https://[::1]:8080/v1/AUTH_d8741d1891ef40e5a7a8c7bee0ab6eed/gnocchi.f86a4e71-9324-4fb6-bc69-366f1089e7e9/1764720000.0_mean_300.0_v3" "tx432537ba9d4746c488471-006933a5eb" "proxy-server 97198" 0.0134 "-" 96249 0
Dec 05 22:41:31 np0005548602.novalocal container-server[95916]: ::1 - - [06/Dec/2025:03:41:31 +0000] "PUT /3/25426/AUTH_d8741d1891ef40e5a7a8c7bee0ab6eed/gnocchi.f86a4e71-9324-4fb6-bc69-366f1089e7e9/1764720000.0_mean_300.0_v3" 201 - "PUT http://[::1]:8080/1/103492/AUTH_d8741d1891ef40e5a7a8c7bee0ab6eed/gnocchi.f86a4e71-9324-4fb6-bc69-366f1089e7e9/1764720000.0_mean_300.0_v3" "tx432537ba9d4746c488471-006933a5eb" "object-server 96249" 0.0008 "-" 95916 0
Dec 05 22:41:31 np0005548602.novalocal object-server[96249]: ::1 - - [06/Dec/2025:03:41:31 +0000] "PUT /1/103492/AUTH_d8741d1891ef40e5a7a8c7bee0ab6eed/gnocchi.f86a4e71-9324-4fb6-bc69-366f1089e7e9/1764720000.0_mean_300.0_v3" 201 - "PUT https://[::1]:8080/v1/AUTH_d8741d1891ef40e5a7a8c7bee0ab6eed/gnocchi.f86a4e71-9324-4fb6-bc69-366f1089e7e9/1764720000.0_mean_300.0_v3" "tx432537ba9d4746c488471-006933a5eb" "proxy-server 97198" 0.0197 "-" 96249 0
Dec 05 22:41:31 np0005548602.novalocal container-server[95916]: ::1 - - [06/Dec/2025:03:41:31 +0000] "PUT /2/25426/AUTH_d8741d1891ef40e5a7a8c7bee0ab6eed/gnocchi.f86a4e71-9324-4fb6-bc69-366f1089e7e9/1764720000.0_mean_300.0_v3" 201 - "PUT http://[::1]:8080/3/103492/AUTH_d8741d1891ef40e5a7a8c7bee0ab6eed/gnocchi.f86a4e71-9324-4fb6-bc69-366f1089e7e9/1764720000.0_mean_300.0_v3" "tx432537ba9d4746c488471-006933a5eb" "object-server 96249" 0.0003 "-" 95916 0
Dec 05 22:41:31 np0005548602.novalocal object-server[96249]: ::1 - - [06/Dec/2025:03:41:31 +0000] "PUT /3/103492/AUTH_d8741d1891ef40e5a7a8c7bee0ab6eed/gnocchi.f86a4e71-9324-4fb6-bc69-366f1089e7e9/1764720000.0_mean_300.0_v3" 201 - "PUT https://[::1]:8080/v1/AUTH_d8741d1891ef40e5a7a8c7bee0ab6eed/gnocchi.f86a4e71-9324-4fb6-bc69-366f1089e7e9/1764720000.0_mean_300.0_v3" "tx432537ba9d4746c488471-006933a5eb" "proxy-server 97198" 0.0197 "-" 96249 0
Dec 05 22:41:31 np0005548602.novalocal dnsmasq[104137]: started, version 2.85 cachesize 150
Dec 05 22:41:31 np0005548602.novalocal dnsmasq[104137]: DNS service limited to local subnets
Dec 05 22:41:31 np0005548602.novalocal dnsmasq[104137]: compile time options: IPv6 GNU-getopt DBus no-UBus no-i18n IDN2 DHCP DHCPv6 no-Lua TFTP no-conntrack ipset auth cryptohash DNSSEC loop-detect inotify dumpfile
Dec 05 22:41:31 np0005548602.novalocal dnsmasq[104137]: warning: no upstream servers configured
Dec 05 22:41:31 np0005548602.novalocal dnsmasq-dhcp[104137]: DHCP, static leases only on 10.100.0.0, lease time 1d
Dec 05 22:41:31 np0005548602.novalocal dnsmasq[104137]: read /var/lib/neutron/dhcp/2677add8-3947-4f2d-a246-0a403011394d/addn_hosts - 0 addresses
Dec 05 22:41:31 np0005548602.novalocal dnsmasq-dhcp[104137]: read /var/lib/neutron/dhcp/2677add8-3947-4f2d-a246-0a403011394d/host
Dec 05 22:41:31 np0005548602.novalocal dnsmasq-dhcp[104137]: read /var/lib/neutron/dhcp/2677add8-3947-4f2d-a246-0a403011394d/opts
Dec 05 22:41:31 np0005548602.novalocal proxy-server[97198]: ::1 ::1 06/Dec/2025/03/41/31 PUT /v1/AUTH_d8741d1891ef40e5a7a8c7bee0ab6eed/gnocchi.f86a4e71-9324-4fb6-bc69-366f1089e7e9/1764720000.0_mean_300.0_v3 HTTP/1.0 201 - python-swiftclient-4.8.0 gAAAAABpM6W9MtUs... 16 - - tx432537ba9d4746c488471-006933a5eb - 0.0329 - - 1764992491.092156410 1764992491.125030041 0 1229ee3e1d964977b2a5589f27ad366e
Dec 05 22:41:31 np0005548602.novalocal container-server[95917]: ::1 - - [06/Dec/2025:03:41:31 +0000] "PUT /2/25426/AUTH_d8741d1891ef40e5a7a8c7bee0ab6eed/gnocchi.f86a4e71-9324-4fb6-bc69-366f1089e7e9/none_v3" 201 - "PUT http://[::1]:8080/3/119492/AUTH_d8741d1891ef40e5a7a8c7bee0ab6eed/gnocchi.f86a4e71-9324-4fb6-bc69-366f1089e7e9/none_v3" "tx0a629bc86b794968bd66a-006933a5eb" "object-server 96250" 0.0005 "-" 95917 0
Dec 05 22:41:31 np0005548602.novalocal object-server[96250]: ::1 - - [06/Dec/2025:03:41:31 +0000] "PUT /3/119492/AUTH_d8741d1891ef40e5a7a8c7bee0ab6eed/gnocchi.f86a4e71-9324-4fb6-bc69-366f1089e7e9/none_v3" 201 - "PUT https://[::1]:8080/v1/AUTH_d8741d1891ef40e5a7a8c7bee0ab6eed/gnocchi.f86a4e71-9324-4fb6-bc69-366f1089e7e9/none_v3" "tx0a629bc86b794968bd66a-006933a5eb" "proxy-server 97198" 0.0208 "-" 96250 0
Dec 05 22:41:31 np0005548602.novalocal container-server[95916]: ::1 - - [06/Dec/2025:03:41:31 +0000] "PUT /3/25426/AUTH_d8741d1891ef40e5a7a8c7bee0ab6eed/gnocchi.f86a4e71-9324-4fb6-bc69-366f1089e7e9/none_v3" 201 - "PUT http://[::1]:8080/1/119492/AUTH_d8741d1891ef40e5a7a8c7bee0ab6eed/gnocchi.f86a4e71-9324-4fb6-bc69-366f1089e7e9/none_v3" "tx0a629bc86b794968bd66a-006933a5eb" "object-server 96250" 0.0008 "-" 95916 0
Dec 05 22:41:31 np0005548602.novalocal object-server[96250]: ::1 - - [06/Dec/2025:03:41:31 +0000] "PUT /1/119492/AUTH_d8741d1891ef40e5a7a8c7bee0ab6eed/gnocchi.f86a4e71-9324-4fb6-bc69-366f1089e7e9/none_v3" 201 - "PUT https://[::1]:8080/v1/AUTH_d8741d1891ef40e5a7a8c7bee0ab6eed/gnocchi.f86a4e71-9324-4fb6-bc69-366f1089e7e9/none_v3" "tx0a629bc86b794968bd66a-006933a5eb" "proxy-server 97198" 0.0304 "-" 96250 0
Dec 05 22:41:31 np0005548602.novalocal container-server[95916]: ::1 - - [06/Dec/2025:03:41:31 +0000] "PUT /1/25426/AUTH_d8741d1891ef40e5a7a8c7bee0ab6eed/gnocchi.f86a4e71-9324-4fb6-bc69-366f1089e7e9/none_v3" 201 - "PUT http://[::1]:8080/2/119492/AUTH_d8741d1891ef40e5a7a8c7bee0ab6eed/gnocchi.f86a4e71-9324-4fb6-bc69-366f1089e7e9/none_v3" "tx0a629bc86b794968bd66a-006933a5eb" "object-server 96250" 0.0003 "-" 95916 0
Dec 05 22:41:31 np0005548602.novalocal object-server[96250]: ::1 - - [06/Dec/2025:03:41:31 +0000] "PUT /2/119492/AUTH_d8741d1891ef40e5a7a8c7bee0ab6eed/gnocchi.f86a4e71-9324-4fb6-bc69-366f1089e7e9/none_v3" 201 - "PUT https://[::1]:8080/v1/AUTH_d8741d1891ef40e5a7a8c7bee0ab6eed/gnocchi.f86a4e71-9324-4fb6-bc69-366f1089e7e9/none_v3" "tx0a629bc86b794968bd66a-006933a5eb" "proxy-server 97198" 0.0344 "-" 96250 0
Dec 05 22:41:31 np0005548602.novalocal proxy-server[97198]: ::1 ::1 06/Dec/2025/03/41/31 PUT /v1/AUTH_d8741d1891ef40e5a7a8c7bee0ab6eed/gnocchi.f86a4e71-9324-4fb6-bc69-366f1089e7e9/none_v3 HTTP/1.0 201 - python-swiftclient-4.8.0 gAAAAABpM6W9MtUs... 22 - - tx0a629bc86b794968bd66a-006933a5eb - 0.0464 - - 1764992491.129599571 1764992491.175987482 0 1229ee3e1d964977b2a5589f27ad366e
Dec 05 22:41:31 np0005548602.novalocal container-server[95917]: ::1 - - [06/Dec/2025:03:41:31 +0000] "HEAD /3/248249/AUTH_d8741d1891ef40e5a7a8c7bee0ab6eed/gnocchi.58d5d8f4-51cd-4d56-85e9-792b067f766e" 404 - "HEAD http://[::1]:8080/v1/AUTH_d8741d1891ef40e5a7a8c7bee0ab6eed/gnocchi.58d5d8f4-51cd-4d56-85e9-792b067f766e" "txa07a5d03852447ff978da-006933a5eb" "proxy-server 97198" 0.0002 "-" 95917 0
Dec 05 22:41:31 np0005548602.novalocal container-server[95916]: ::1 - - [06/Dec/2025:03:41:31 +0000] "HEAD /2/248249/AUTH_d8741d1891ef40e5a7a8c7bee0ab6eed/gnocchi.58d5d8f4-51cd-4d56-85e9-792b067f766e" 404 - "HEAD http://[::1]:8080/v1/AUTH_d8741d1891ef40e5a7a8c7bee0ab6eed/gnocchi.58d5d8f4-51cd-4d56-85e9-792b067f766e" "txa07a5d03852447ff978da-006933a5eb" "proxy-server 97198" 0.0004 "-" 95916 0
Dec 05 22:41:31 np0005548602.novalocal container-server[95917]: ::1 - - [06/Dec/2025:03:41:31 +0000] "HEAD /1/248249/AUTH_d8741d1891ef40e5a7a8c7bee0ab6eed/gnocchi.58d5d8f4-51cd-4d56-85e9-792b067f766e" 404 - "HEAD http://[::1]:8080/v1/AUTH_d8741d1891ef40e5a7a8c7bee0ab6eed/gnocchi.58d5d8f4-51cd-4d56-85e9-792b067f766e" "txa07a5d03852447ff978da-006933a5eb" "proxy-server 97198" 0.0002 "-" 95917 0
Dec 05 22:41:31 np0005548602.novalocal proxy-server[97198]: - - 06/Dec/2025/03/41/31 HEAD /v1/AUTH_d8741d1891ef40e5a7a8c7bee0ab6eed/gnocchi.58d5d8f4-51cd-4d56-85e9-792b067f766e HTTP/1.0 404 - Swift - - - - txa07a5d03852447ff978da-006933a5eb - 0.0277 CS - 1764992491.188964844 1764992491.216632366 0 -
Dec 05 22:41:31 np0005548602.novalocal object-server[96249]: ::1 - - [06/Dec/2025:03:41:31 +0000] "GET /2/192732/AUTH_d8741d1891ef40e5a7a8c7bee0ab6eed/gnocchi.58d5d8f4-51cd-4d56-85e9-792b067f766e/none_v3" 404 70 "GET https://[::1]:8080/v1/AUTH_d8741d1891ef40e5a7a8c7bee0ab6eed/gnocchi.58d5d8f4-51cd-4d56-85e9-792b067f766e/none_v3" "txa07a5d03852447ff978da-006933a5eb" "proxy-server 97198" 0.0004 "-" 96249 0
Dec 05 22:41:31 np0005548602.novalocal object-server[96249]: ::1 - - [06/Dec/2025:03:41:31 +0000] "GET /3/192732/AUTH_d8741d1891ef40e5a7a8c7bee0ab6eed/gnocchi.58d5d8f4-51cd-4d56-85e9-792b067f766e/none_v3" 404 70 "GET https://[::1]:8080/v1/AUTH_d8741d1891ef40e5a7a8c7bee0ab6eed/gnocchi.58d5d8f4-51cd-4d56-85e9-792b067f766e/none_v3" "txa07a5d03852447ff978da-006933a5eb" "proxy-server 97198" 0.0002 "-" 96249 0
Dec 05 22:41:31 np0005548602.novalocal object-server[96249]: ::1 - - [06/Dec/2025:03:41:31 +0000] "GET /1/192732/AUTH_d8741d1891ef40e5a7a8c7bee0ab6eed/gnocchi.58d5d8f4-51cd-4d56-85e9-792b067f766e/none_v3" 404 70 "GET https://[::1]:8080/v1/AUTH_d8741d1891ef40e5a7a8c7bee0ab6eed/gnocchi.58d5d8f4-51cd-4d56-85e9-792b067f766e/none_v3" "txa07a5d03852447ff978da-006933a5eb" "proxy-server 97198" 0.0002 "-" 96249 0
Dec 05 22:41:31 np0005548602.novalocal proxy-server[97198]: ::1 ::1 06/Dec/2025/03/41/31 GET /v1/AUTH_d8741d1891ef40e5a7a8c7bee0ab6eed/gnocchi.58d5d8f4-51cd-4d56-85e9-792b067f766e/none_v3 HTTP/1.0 404 - python-swiftclient-4.8.0 gAAAAABpM6W9MtUs... - 70 - txa07a5d03852447ff978da-006933a5eb - 0.0404 - - 1764992491.185930252 1764992491.226287127 0 1229ee3e1d964977b2a5589f27ad366e
Dec 05 22:41:31 np0005548602.novalocal account-server[95624]: ::1 - - [06/Dec/2025:03:41:31 +0000] "PUT /1/76100/AUTH_d8741d1891ef40e5a7a8c7bee0ab6eed/gnocchi.58d5d8f4-51cd-4d56-85e9-792b067f766e" 201 - "PUT http://[::1]:6001/1/248249/AUTH_d8741d1891ef40e5a7a8c7bee0ab6eed/gnocchi.58d5d8f4-51cd-4d56-85e9-792b067f766e" "tx364cf684c49944418de0f-006933a5eb" "container-server 95917" 0.0050 "-" 95624 0
Dec 05 22:41:31 np0005548602.novalocal account-server[95623]: ::1 - - [06/Dec/2025:03:41:31 +0000] "PUT /3/76100/AUTH_d8741d1891ef40e5a7a8c7bee0ab6eed/gnocchi.58d5d8f4-51cd-4d56-85e9-792b067f766e" 201 - "PUT http://[::1]:6001/3/248249/AUTH_d8741d1891ef40e5a7a8c7bee0ab6eed/gnocchi.58d5d8f4-51cd-4d56-85e9-792b067f766e" "tx364cf684c49944418de0f-006933a5eb" "container-server 95916" 0.0045 "-" 95623 0
Dec 05 22:41:31 np0005548602.novalocal container-server[95917]: ::1 - - [06/Dec/2025:03:41:31 +0000] "PUT /1/248249/AUTH_d8741d1891ef40e5a7a8c7bee0ab6eed/gnocchi.58d5d8f4-51cd-4d56-85e9-792b067f766e" 201 - "PUT https://[::1]:8080/v1/AUTH_d8741d1891ef40e5a7a8c7bee0ab6eed/gnocchi.58d5d8f4-51cd-4d56-85e9-792b067f766e" "tx364cf684c49944418de0f-006933a5eb" "proxy-server 97198" 0.0151 "-" 95917 0
Dec 05 22:41:31 np0005548602.novalocal container-server[95916]: ::1 - - [06/Dec/2025:03:41:31 +0000] "PUT /3/248249/AUTH_d8741d1891ef40e5a7a8c7bee0ab6eed/gnocchi.58d5d8f4-51cd-4d56-85e9-792b067f766e" 201 - "PUT https://[::1]:8080/v1/AUTH_d8741d1891ef40e5a7a8c7bee0ab6eed/gnocchi.58d5d8f4-51cd-4d56-85e9-792b067f766e" "tx364cf684c49944418de0f-006933a5eb" "proxy-server 97198" 0.0230 "-" 95916 0
Dec 05 22:41:31 np0005548602.novalocal account-server[95624]: ::1 - - [06/Dec/2025:03:41:31 +0000] "PUT /2/76100/AUTH_d8741d1891ef40e5a7a8c7bee0ab6eed/gnocchi.58d5d8f4-51cd-4d56-85e9-792b067f766e" 201 - "PUT http://[::1]:6001/2/248249/AUTH_d8741d1891ef40e5a7a8c7bee0ab6eed/gnocchi.58d5d8f4-51cd-4d56-85e9-792b067f766e" "tx364cf684c49944418de0f-006933a5eb" "container-server 95916" 0.0042 "-" 95624 0
Dec 05 22:41:31 np0005548602.novalocal container-server[95916]: ::1 - - [06/Dec/2025:03:41:31 +0000] "PUT /2/248249/AUTH_d8741d1891ef40e5a7a8c7bee0ab6eed/gnocchi.58d5d8f4-51cd-4d56-85e9-792b067f766e" 201 - "PUT https://[::1]:8080/v1/AUTH_d8741d1891ef40e5a7a8c7bee0ab6eed/gnocchi.58d5d8f4-51cd-4d56-85e9-792b067f766e" "tx364cf684c49944418de0f-006933a5eb" "proxy-server 97198" 0.0235 "-" 95916 0
Dec 05 22:41:31 np0005548602.novalocal proxy-server[97198]: ::1 ::1 06/Dec/2025/03/41/31 PUT /v1/AUTH_d8741d1891ef40e5a7a8c7bee0ab6eed/gnocchi.58d5d8f4-51cd-4d56-85e9-792b067f766e HTTP/1.0 201 - python-swiftclient-4.8.0 gAAAAABpM6W9MtUs... - - - tx364cf684c49944418de0f-006933a5eb - 0.0358 - - 1764992491.228787899 1764992491.264571667 0 1229ee3e1d964977b2a5589f27ad366e
Dec 05 22:41:31 np0005548602.novalocal container-server[95917]: ::1 - - [06/Dec/2025:03:41:31 +0000] "HEAD /2/248249/AUTH_d8741d1891ef40e5a7a8c7bee0ab6eed/gnocchi.58d5d8f4-51cd-4d56-85e9-792b067f766e" 204 - "HEAD http://[::1]:8080/v1/AUTH_d8741d1891ef40e5a7a8c7bee0ab6eed/gnocchi.58d5d8f4-51cd-4d56-85e9-792b067f766e" "tx115fc9ca0e6e46b2b085b-006933a5eb" "proxy-server 97198" 0.0015 "-" 95917 0
