Dec 05 22:41:55 np0005548602.novalocal object-server[96250]: ::1 - - [06/Dec/2025:03:41:55 +0000] "PUT /1/36440/AUTH_d8741d1891ef40e5a7a8c7bee0ab6eed/gnocchi.785d5aec-80a9-406c-9d7f-16d56cbd11e6/1764720000.0_mean_300.0_v3" 201 - "PUT https://[::1]:8080/v1/AUTH_d8741d1891ef40e5a7a8c7bee0ab6eed/gnocchi.785d5aec-80a9-406c-9d7f-16d56cbd11e6/1764720000.0_mean_300.0_v3" "tx0c5d5a0d0ced443aa4226-006933a603" "proxy-server 97198" 0.0163 "-" 96250 0
Dec 05 22:41:55 np0005548602.novalocal proxy-server[97198]: ::1 ::1 06/Dec/2025/03/41/55 PUT /v1/AUTH_d8741d1891ef40e5a7a8c7bee0ab6eed/gnocchi.785d5aec-80a9-406c-9d7f-16d56cbd11e6/1764720000.0_mean_300.0_v3 HTTP/1.0 201 - python-swiftclient-4.8.0 gAAAAABpM6W9MtUs... 16 - - tx0c5d5a0d0ced443aa4226-006933a603 - 0.0268 - - 1764992515.176687717 1764992515.203500271 0 1229ee3e1d964977b2a5589f27ad366e
Dec 05 22:41:55 np0005548602.novalocal container-server[95916]: ::1 - - [06/Dec/2025:03:41:55 +0000] "PUT /1/241536/AUTH_d8741d1891ef40e5a7a8c7bee0ab6eed/gnocchi.785d5aec-80a9-406c-9d7f-16d56cbd11e6/none_v3" 201 - "PUT http://[::1]:8080/2/223019/AUTH_d8741d1891ef40e5a7a8c7bee0ab6eed/gnocchi.785d5aec-80a9-406c-9d7f-16d56cbd11e6/none_v3" "tx359d169b57df4cb581983-006933a603" "object-server 96250" 0.0007 "-" 95916 0
Dec 05 22:41:55 np0005548602.novalocal object-server[96250]: ::1 - - [06/Dec/2025:03:41:55 +0000] "PUT /2/223019/AUTH_d8741d1891ef40e5a7a8c7bee0ab6eed/gnocchi.785d5aec-80a9-406c-9d7f-16d56cbd11e6/none_v3" 201 - "PUT https://[::1]:8080/v1/AUTH_d8741d1891ef40e5a7a8c7bee0ab6eed/gnocchi.785d5aec-80a9-406c-9d7f-16d56cbd11e6/none_v3" "tx359d169b57df4cb581983-006933a603" "proxy-server 97198" 0.0121 "-" 96250 0
Dec 05 22:41:55 np0005548602.novalocal container-server[95916]: ::1 - - [06/Dec/2025:03:41:55 +0000] "PUT /3/241536/AUTH_d8741d1891ef40e5a7a8c7bee0ab6eed/gnocchi.785d5aec-80a9-406c-9d7f-16d56cbd11e6/none_v3" 201 - "PUT http://[::1]:8080/3/223019/AUTH_d8741d1891ef40e5a7a8c7bee0ab6eed/gnocchi.785d5aec-80a9-406c-9d7f-16d56cbd11e6/none_v3" "tx359d169b57df4cb581983-006933a603" "object-server 96249" 0.0006 "-" 95916 0
Dec 05 22:41:55 np0005548602.novalocal object-server[96249]: ::1 - - [06/Dec/2025:03:41:55 +0000] "PUT /3/223019/AUTH_d8741d1891ef40e5a7a8c7bee0ab6eed/gnocchi.785d5aec-80a9-406c-9d7f-16d56cbd11e6/none_v3" 201 - "PUT https://[::1]:8080/v1/AUTH_d8741d1891ef40e5a7a8c7bee0ab6eed/gnocchi.785d5aec-80a9-406c-9d7f-16d56cbd11e6/none_v3" "tx359d169b57df4cb581983-006933a603" "proxy-server 97198" 0.0144 "-" 96249 0
Dec 05 22:41:55 np0005548602.novalocal container-server[95917]: ::1 - - [06/Dec/2025:03:41:55 +0000] "PUT /2/241536/AUTH_d8741d1891ef40e5a7a8c7bee0ab6eed/gnocchi.785d5aec-80a9-406c-9d7f-16d56cbd11e6/none_v3" 201 - "PUT http://[::1]:8080/1/223019/AUTH_d8741d1891ef40e5a7a8c7bee0ab6eed/gnocchi.785d5aec-80a9-406c-9d7f-16d56cbd11e6/none_v3" "tx359d169b57df4cb581983-006933a603" "object-server 96249" 0.0006 "-" 95917 0
Dec 05 22:41:55 np0005548602.novalocal object-server[96249]: ::1 - - [06/Dec/2025:03:41:55 +0000] "PUT /1/223019/AUTH_d8741d1891ef40e5a7a8c7bee0ab6eed/gnocchi.785d5aec-80a9-406c-9d7f-16d56cbd11e6/none_v3" 201 - "PUT https://[::1]:8080/v1/AUTH_d8741d1891ef40e5a7a8c7bee0ab6eed/gnocchi.785d5aec-80a9-406c-9d7f-16d56cbd11e6/none_v3" "tx359d169b57df4cb581983-006933a603" "proxy-server 97198" 0.0133 "-" 96249 0
Dec 05 22:41:55 np0005548602.novalocal proxy-server[97198]: ::1 ::1 06/Dec/2025/03/41/55 PUT /v1/AUTH_d8741d1891ef40e5a7a8c7bee0ab6eed/gnocchi.785d5aec-80a9-406c-9d7f-16d56cbd11e6/none_v3 HTTP/1.0 201 - python-swiftclient-4.8.0 gAAAAABpM6W9MtUs... 32 - - tx359d169b57df4cb581983-006933a603 - 0.0229 - - 1764992515.206655741 1764992515.229588747 0 1229ee3e1d964977b2a5589f27ad366e
Dec 05 22:41:55 np0005548602.novalocal object-server[96250]: ::1 - - [06/Dec/2025:03:41:55 +0000] "GET /1/49115/AUTH_d8741d1891ef40e5a7a8c7bee0ab6eed/gnocchi.fb5943f1-50a0-41cf-a8b2-4b9caa44427b/none_v3" 200 22 "GET https://[::1]:8080/v1/AUTH_d8741d1891ef40e5a7a8c7bee0ab6eed/gnocchi.fb5943f1-50a0-41cf-a8b2-4b9caa44427b/none_v3" "tx7b7d6f254272411f8b6d2-006933a603" "proxy-server 97198" 0.0008 "-" 96250 0
Dec 05 22:41:55 np0005548602.novalocal proxy-server[97198]: ::1 ::1 06/Dec/2025/03/41/55 GET /v1/AUTH_d8741d1891ef40e5a7a8c7bee0ab6eed/gnocchi.fb5943f1-50a0-41cf-a8b2-4b9caa44427b/none_v3 HTTP/1.0 200 - python-swiftclient-4.8.0 gAAAAABpM6W9MtUs... - 22 - tx7b7d6f254272411f8b6d2-006933a603 - 0.0107 - - 1764992515.267223120 1764992515.277885437 0 1229ee3e1d964977b2a5589f27ad366e
Dec 05 22:41:55 np0005548602.novalocal container-server[95917]: ::1 - - [06/Dec/2025:03:41:55 +0000] "GET /3/43651/AUTH_d8741d1891ef40e5a7a8c7bee0ab6eed/gnocchi.fb5943f1-50a0-41cf-a8b2-4b9caa44427b" 200 357 "GET https://[::1]:8080/v1/AUTH_d8741d1891ef40e5a7a8c7bee0ab6eed/gnocchi.fb5943f1-50a0-41cf-a8b2-4b9caa44427b?format=json&states=listing" "txed4b2f370acd491694b7f-006933a603" "proxy-server 97198" 0.0082 "-" 95917 0
Dec 05 22:41:55 np0005548602.novalocal proxy-server[97198]: ::1 ::1 06/Dec/2025/03/41/55 GET /v1/AUTH_d8741d1891ef40e5a7a8c7bee0ab6eed/gnocchi.fb5943f1-50a0-41cf-a8b2-4b9caa44427b%3Fformat%3Djson%26states%3Dlisting HTTP/1.0 200 - python-swiftclient-4.8.0 gAAAAABpM6W9MtUs... - 357 - txed4b2f370acd491694b7f-006933a603 - 0.0183 - - 1764992515.283329725 1764992515.301606417 0 1229ee3e1d964977b2a5589f27ad366e
Dec 05 22:41:55 np0005548602.novalocal container-server[95916]: ::1 - - [06/Dec/2025:03:41:55 +0000] "GET /2/43651/AUTH_d8741d1891ef40e5a7a8c7bee0ab6eed/gnocchi.fb5943f1-50a0-41cf-a8b2-4b9caa44427b" 200 2 "GET https://[::1]:8080/v1/AUTH_d8741d1891ef40e5a7a8c7bee0ab6eed/gnocchi.fb5943f1-50a0-41cf-a8b2-4b9caa44427b?format=json&marker=none_v3&states=listing" "tx98a704b2f3bc48dc8923d-006933a603" "proxy-server 97198" 0.0095 "-" 95916 0
Dec 05 22:41:55 np0005548602.novalocal proxy-server[97198]: ::1 ::1 06/Dec/2025/03/41/55 GET /v1/AUTH_d8741d1891ef40e5a7a8c7bee0ab6eed/gnocchi.fb5943f1-50a0-41cf-a8b2-4b9caa44427b%3Fformat%3Djson%26marker%3Dnone_v3%26states%3Dlisting HTTP/1.0 200 - python-swiftclient-4.8.0 gAAAAABpM6W9MtUs... - 2 - tx98a704b2f3bc48dc8923d-006933a603 - 0.0237 - - 1764992515.307056189 1764992515.330710411 0 1229ee3e1d964977b2a5589f27ad366e
Dec 05 22:41:55 np0005548602.novalocal object-server[96250]: ::1 - - [06/Dec/2025:03:41:55 +0000] "GET /1/82137/AUTH_d8741d1891ef40e5a7a8c7bee0ab6eed/gnocchi.fb5943f1-50a0-41cf-a8b2-4b9caa44427b/1764720000.0_mean_300.0_v3" 200 16 "GET https://[::1]:8080/v1/AUTH_d8741d1891ef40e5a7a8c7bee0ab6eed/gnocchi.fb5943f1-50a0-41cf-a8b2-4b9caa44427b/1764720000.0_mean_300.0_v3" "txdcd52dc0d87e42eabeb2b-006933a603" "proxy-server 97198" 0.0009 "-" 96250 0
Dec 05 22:41:55 np0005548602.novalocal proxy-server[97198]: ::1 ::1 06/Dec/2025/03/41/55 GET /v1/AUTH_d8741d1891ef40e5a7a8c7bee0ab6eed/gnocchi.fb5943f1-50a0-41cf-a8b2-4b9caa44427b/1764720000.0_mean_300.0_v3 HTTP/1.0 200 - python-swiftclient-4.8.0 gAAAAABpM6W9MtUs... - 16 - txdcd52dc0d87e42eabeb2b-006933a603 - 0.0102 - - 1764992515.335142136 1764992515.345296383 0 1229ee3e1d964977b2a5589f27ad366e
Dec 05 22:41:55 np0005548602.novalocal container-server[95916]: ::1 - - [06/Dec/2025:03:41:55 +0000] "PUT /1/43651/AUTH_d8741d1891ef40e5a7a8c7bee0ab6eed/gnocchi.fb5943f1-50a0-41cf-a8b2-4b9caa44427b/1764720000.0_mean_300.0_v3" 201 - "PUT http://[::1]:8080/2/82137/AUTH_d8741d1891ef40e5a7a8c7bee0ab6eed/gnocchi.fb5943f1-50a0-41cf-a8b2-4b9caa44427b/1764720000.0_mean_300.0_v3" "txb80d57d3a07746c9bfbb8-006933a603" "object-server 96250" 0.0010 "-" 95916 0
Dec 05 22:41:55 np0005548602.novalocal container-server[95917]: ::1 - - [06/Dec/2025:03:41:55 +0000] "PUT /2/43651/AUTH_d8741d1891ef40e5a7a8c7bee0ab6eed/gnocchi.fb5943f1-50a0-41cf-a8b2-4b9caa44427b/1764720000.0_mean_300.0_v3" 201 - "PUT http://[::1]:8080/3/82137/AUTH_d8741d1891ef40e5a7a8c7bee0ab6eed/gnocchi.fb5943f1-50a0-41cf-a8b2-4b9caa44427b/1764720000.0_mean_300.0_v3" "txb80d57d3a07746c9bfbb8-006933a603" "object-server 96250" 0.0006 "-" 95917 0
Dec 05 22:41:55 np0005548602.novalocal object-server[96250]: ::1 - - [06/Dec/2025:03:41:55 +0000] "PUT /2/82137/AUTH_d8741d1891ef40e5a7a8c7bee0ab6eed/gnocchi.fb5943f1-50a0-41cf-a8b2-4b9caa44427b/1764720000.0_mean_300.0_v3" 201 - "PUT https://[::1]:8080/v1/AUTH_d8741d1891ef40e5a7a8c7bee0ab6eed/gnocchi.fb5943f1-50a0-41cf-a8b2-4b9caa44427b/1764720000.0_mean_300.0_v3" "txb80d57d3a07746c9bfbb8-006933a603" "proxy-server 97198" 0.0125 "-" 96250 0
Dec 05 22:41:55 np0005548602.novalocal object-server[96250]: ::1 - - [06/Dec/2025:03:41:55 +0000] "PUT /3/82137/AUTH_d8741d1891ef40e5a7a8c7bee0ab6eed/gnocchi.fb5943f1-50a0-41cf-a8b2-4b9caa44427b/1764720000.0_mean_300.0_v3" 201 - "PUT https://[::1]:8080/v1/AUTH_d8741d1891ef40e5a7a8c7bee0ab6eed/gnocchi.fb5943f1-50a0-41cf-a8b2-4b9caa44427b/1764720000.0_mean_300.0_v3" "txb80d57d3a07746c9bfbb8-006933a603" "proxy-server 97198" 0.0114 "-" 96250 0
Dec 05 22:41:55 np0005548602.novalocal container-server[95917]: ::1 - - [06/Dec/2025:03:41:55 +0000] "PUT /3/43651/AUTH_d8741d1891ef40e5a7a8c7bee0ab6eed/gnocchi.fb5943f1-50a0-41cf-a8b2-4b9caa44427b/1764720000.0_mean_300.0_v3" 201 - "PUT http://[::1]:8080/1/82137/AUTH_d8741d1891ef40e5a7a8c7bee0ab6eed/gnocchi.fb5943f1-50a0-41cf-a8b2-4b9caa44427b/1764720000.0_mean_300.0_v3" "txb80d57d3a07746c9bfbb8-006933a603" "object-server 96249" 0.0005 "-" 95917 0
Dec 05 22:41:55 np0005548602.novalocal object-server[96249]: ::1 - - [06/Dec/2025:03:41:55 +0000] "PUT /1/82137/AUTH_d8741d1891ef40e5a7a8c7bee0ab6eed/gnocchi.fb5943f1-50a0-41cf-a8b2-4b9caa44427b/1764720000.0_mean_300.0_v3" 201 - "PUT https://[::1]:8080/v1/AUTH_d8741d1891ef40e5a7a8c7bee0ab6eed/gnocchi.fb5943f1-50a0-41cf-a8b2-4b9caa44427b/1764720000.0_mean_300.0_v3" "txb80d57d3a07746c9bfbb8-006933a603" "proxy-server 97198" 0.0145 "-" 96249 0
Dec 05 22:41:55 np0005548602.novalocal proxy-server[97198]: ::1 ::1 06/Dec/2025/03/41/55 PUT /v1/AUTH_d8741d1891ef40e5a7a8c7bee0ab6eed/gnocchi.fb5943f1-50a0-41cf-a8b2-4b9caa44427b/1764720000.0_mean_300.0_v3 HTTP/1.0 201 - python-swiftclient-4.8.0 gAAAAABpM6W9MtUs... 16 - - txb80d57d3a07746c9bfbb8-006933a603 - 0.0252 - - 1764992515.348473072 1764992515.373718500 0 1229ee3e1d964977b2a5589f27ad366e
Dec 05 22:41:55 np0005548602.novalocal container-server[95917]: ::1 - - [06/Dec/2025:03:41:55 +0000] "PUT /3/43651/AUTH_d8741d1891ef40e5a7a8c7bee0ab6eed/gnocchi.fb5943f1-50a0-41cf-a8b2-4b9caa44427b/none_v3" 201 - "PUT http://[::1]:8080/1/49115/AUTH_d8741d1891ef40e5a7a8c7bee0ab6eed/gnocchi.fb5943f1-50a0-41cf-a8b2-4b9caa44427b/none_v3" "txa8cd363d47534b4d9daa2-006933a603" "object-server 96250" 0.0005 "-" 95917 0
Dec 05 22:41:55 np0005548602.novalocal object-server[96250]: ::1 - - [06/Dec/2025:03:41:55 +0000] "PUT /1/49115/AUTH_d8741d1891ef40e5a7a8c7bee0ab6eed/gnocchi.fb5943f1-50a0-41cf-a8b2-4b9caa44427b/none_v3" 201 - "PUT https://[::1]:8080/v1/AUTH_d8741d1891ef40e5a7a8c7bee0ab6eed/gnocchi.fb5943f1-50a0-41cf-a8b2-4b9caa44427b/none_v3" "txa8cd363d47534b4d9daa2-006933a603" "proxy-server 97198" 0.0123 "-" 96250 0
Dec 05 22:41:55 np0005548602.novalocal container-server[95916]: ::1 - - [06/Dec/2025:03:41:55 +0000] "PUT /2/43651/AUTH_d8741d1891ef40e5a7a8c7bee0ab6eed/gnocchi.fb5943f1-50a0-41cf-a8b2-4b9caa44427b/none_v3" 201 - "PUT http://[::1]:8080/2/49115/AUTH_d8741d1891ef40e5a7a8c7bee0ab6eed/gnocchi.fb5943f1-50a0-41cf-a8b2-4b9caa44427b/none_v3" "txa8cd363d47534b4d9daa2-006933a603" "object-server 96249" 0.0009 "-" 95916 0
Dec 05 22:41:55 np0005548602.novalocal object-server[96249]: ::1 - - [06/Dec/2025:03:41:55 +0000] "PUT /2/49115/AUTH_d8741d1891ef40e5a7a8c7bee0ab6eed/gnocchi.fb5943f1-50a0-41cf-a8b2-4b9caa44427b/none_v3" 201 - "PUT https://[::1]:8080/v1/AUTH_d8741d1891ef40e5a7a8c7bee0ab6eed/gnocchi.fb5943f1-50a0-41cf-a8b2-4b9caa44427b/none_v3" "txa8cd363d47534b4d9daa2-006933a603" "proxy-server 97198" 0.0119 "-" 96249 0
Dec 05 22:41:55 np0005548602.novalocal container-server[95917]: ::1 - - [06/Dec/2025:03:41:55 +0000] "PUT /1/43651/AUTH_d8741d1891ef40e5a7a8c7bee0ab6eed/gnocchi.fb5943f1-50a0-41cf-a8b2-4b9caa44427b/none_v3" 201 - "PUT http://[::1]:8080/3/49115/AUTH_d8741d1891ef40e5a7a8c7bee0ab6eed/gnocchi.fb5943f1-50a0-41cf-a8b2-4b9caa44427b/none_v3" "txa8cd363d47534b4d9daa2-006933a603" "object-server 96249" 0.0004 "-" 95917 0
Dec 05 22:41:55 np0005548602.novalocal object-server[96249]: ::1 - - [06/Dec/2025:03:41:55 +0000] "PUT /3/49115/AUTH_d8741d1891ef40e5a7a8c7bee0ab6eed/gnocchi.fb5943f1-50a0-41cf-a8b2-4b9caa44427b/none_v3" 201 - "PUT https://[::1]:8080/v1/AUTH_d8741d1891ef40e5a7a8c7bee0ab6eed/gnocchi.fb5943f1-50a0-41cf-a8b2-4b9caa44427b/none_v3" "txa8cd363d47534b4d9daa2-006933a603" "proxy-server 97198" 0.0158 "-" 96249 0
Dec 05 22:41:55 np0005548602.novalocal proxy-server[97198]: ::1 ::1 06/Dec/2025/03/41/55 PUT /v1/AUTH_d8741d1891ef40e5a7a8c7bee0ab6eed/gnocchi.fb5943f1-50a0-41cf-a8b2-4b9caa44427b/none_v3 HTTP/1.0 201 - python-swiftclient-4.8.0 gAAAAABpM6W9MtUs... 27 - - txa8cd363d47534b4d9daa2-006933a603 - 0.0267 - - 1764992515.376982450 1764992515.403688431 0 1229ee3e1d964977b2a5589f27ad366e
Dec 05 22:41:55 np0005548602.novalocal kernel: qvb16598f45-8f: left allmulticast mode
Dec 05 22:41:55 np0005548602.novalocal kernel: qvb16598f45-8f: left promiscuous mode
Dec 05 22:41:55 np0005548602.novalocal kernel: qbr16598f45-8f: port 1(qvb16598f45-8f) entered disabled state
Dec 05 22:41:55 np0005548602.novalocal NetworkManager[858]: [1764992515.5237] device (qbr16598f45-8f): bridge port qvb16598f45-8f was detached
Dec 05 22:41:55 np0005548602.novalocal NetworkManager[858]: [1764992515.5244] device (qbr16598f45-8f): state change: activated -> unmanaged (reason 'unmanaged', managed-type: 'removed')
Dec 05 22:41:55 np0005548602.novalocal kernel: qvo16598f45-8f: left promiscuous mode
Dec 05 22:41:55 np0005548602.novalocal account-server[95623]: ::1 - - [06/Dec/2025:03:41:55 +0000] "HEAD /1/259413/.expiring_objects" 404 - "HEAD http://localhost/v1/.expiring_objects?format=json" "tx67b0819888c14343b1d43-006933a603" "Swift Object Expirer" 0.0004 "-" 95623 -
Dec 05 22:41:55 np0005548602.novalocal account-server[95624]: ::1 - - [06/Dec/2025:03:41:55 +0000] "HEAD /3/259413/.expiring_objects" 404 - "HEAD http://localhost/v1/.expiring_objects?format=json" "tx67b0819888c14343b1d43-006933a603" "Swift Object Expirer" 0.0004 "-" 95624 -
Dec 05 22:41:55 np0005548602.novalocal account-server[95624]: ::1 - - [06/Dec/2025:03:41:55 +0000] "HEAD /2/259413/.expiring_objects" 404 - "HEAD http://localhost/v1/.expiring_objects?format=json" "tx67b0819888c14343b1d43-006933a603" "Swift Object Expirer" 0.0002 "-" 95624 -
Dec 05 22:41:55 np0005548602.novalocal object-expirer-ic[91557]: - - 06/Dec/2025/03/41/55 HEAD /v1/.expiring_objects%3Fformat%3Djson HTTP/1.0 404 - Swift%20Object%20Expirer - - - - tx67b0819888c14343b1d43-006933a603 - 0.0117 - - 1764992515.620543957 1764992515.632208109 - -
Dec 05 22:41:55 np0005548602.novalocal object-expirer[91557]: Pass completed in 0s; 0 objects expired
Dec 05 22:41:56 np0005548602.novalocal object-replicator[96313]: 156/156 (100.00%) partitions replicated in 2.98s (52.36/sec, 0s remaining)
Dec 05 22:41:56 np0005548602.novalocal object-replicator[96313]: 312 successes, 0 failures
Dec 05 22:41:56 np0005548602.novalocal object-replicator[96313]: 156 suffixes checked - 34.62% hashed, 0.00% synced
Dec 05 22:41:56 np0005548602.novalocal object-replicator[96313]: Partition times: max 0.4104s, min 0.0039s, med 0.0080s
Dec 05 22:41:56 np0005548602.novalocal object-replicator[96313]: Object replication complete. (0.05 minutes)
Dec 05 22:41:57 np0005548602.novalocal dnsmasq[104137]: read /var/lib/neutron/dhcp/2677add8-3947-4f2d-a246-0a403011394d/addn_hosts - 1 addresses
Dec 05 22:41:57 np0005548602.novalocal dnsmasq-dhcp[104137]: read /var/lib/neutron/dhcp/2677add8-3947-4f2d-a246-0a403011394d/host
Dec 05 22:41:57 np0005548602.novalocal dnsmasq-dhcp[104137]: read /var/lib/neutron/dhcp/2677add8-3947-4f2d-a246-0a403011394d/opts
Dec 05 22:41:59 np0005548602.novalocal account-server[95623]: ::1 - - [06/Dec/2025:03:41:59 +0000] "HEAD /3/249817/.misplaced_objects" 404 - "HEAD http://localhost/v1/.misplaced_objects?format=json" "tx0b99d20b236c430b9d413-006933a607" "Swift Container Reconciler" 0.0004 "-" 95623 -
Dec 05 22:41:59 np0005548602.novalocal account-server[95623]: ::1 - - [06/Dec/2025:03:41:59 +0000] "HEAD /2/249817/.misplaced_objects" 404 - "HEAD http://localhost/v1/.misplaced_objects?format=json" "tx0b99d20b236c430b9d413-006933a607" "Swift Container Reconciler" 0.0003 "-" 95623 -
Dec 05 22:41:59 np0005548602.novalocal account-server[95624]: ::1 - - [06/Dec/2025:03:41:59 +0000] "HEAD /1/249817/.misplaced_objects" 404 - "HEAD http://localhost/v1/.misplaced_objects?format=json" "tx0b99d20b236c430b9d413-006933a607" "Swift Container Reconciler" 0.0004 "-" 95624 -
Dec 05 22:41:59 np0005548602.novalocal container-reconciler-ic[91656]: - - 06/Dec/2025/03/41/59 HEAD /v1/.misplaced_objects%3Fformat%3Djson HTTP/1.0 404 - Swift - - - - tx0b99d20b236c430b9d413-006933a607 - 0.0110 GET_ACCOUNT_INFO - 1764992519.182748556 1764992519.193704605 - -
Dec 05 22:41:59 np0005548602.novalocal container-server[95917]: ::1 - - [06/Dec/2025:03:41:59 +0000] "GET /1/13763/.misplaced_objects/1764990000" 404 - "GET http://localhost/v1/.misplaced_objects/1764990000?format=json&marker=&end_marker=&prefix=&states=listing" "tx0b99d20b236c430b9d413-006933a607" "Swift Container Reconciler" 0.0007 "-" 95917 0
Dec 05 22:41:59 np0005548602.novalocal container-server[95916]: ::1 - - [06/Dec/2025:03:41:59 +0000] "GET /2/13763/.misplaced_objects/1764990000" 404 - "GET http://localhost/v1/.misplaced_objects/1764990000?format=json&marker=&end_marker=&prefix=&states=listing" "tx0b99d20b236c430b9d413-006933a607" "Swift Container Reconciler" 0.0006 "-" 95916 0
Dec 05 22:41:59 np0005548602.novalocal container-server[95917]: ::1 - - [06/Dec/2025:03:41:59 +0000] "GET /3/13763/.misplaced_objects/1764990000" 404 - "GET http://localhost/v1/.misplaced_objects/1764990000?format=json&marker=&end_marker=&prefix=&states=listing" "tx0b99d20b236c430b9d413-006933a607" "Swift Container Reconciler" 0.0005 "-" 95917 0
Dec 05 22:41:59 np0005548602.novalocal container-reconciler-ic[91656]: - - 06/Dec/2025/03/41/59 GET /v1/.misplaced_objects/1764990000%3Fformat%3Djson%26marker%3D%26end_marker%3D%26prefix%3D%26states%3Dlisting HTTP/1.0 404 - Swift%20Container%20Reconciler - - 70 - tx0b99d20b236c430b9d413-006933a607 - 0.0254 - - 1764992519.181602240 1764992519.207000017 0 -
Dec 05 22:41:59 np0005548602.novalocal account-server[95623]: ::1 - - [06/Dec/2025:03:41:59 +0000] "GET /1/249817/.misplaced_objects" 404 - "GET http://localhost/v1/.misplaced_objects?format=json&marker=&end_marker=&prefix=" "tx1b721a9ae9844a8e94daf-006933a607" "Swift Container Reconciler" 0.0003 "-" 95623 -
Dec 05 22:41:59 np0005548602.novalocal account-server[95624]: ::1 - - [06/Dec/2025:03:41:59 +0000] "GET /3/249817/.misplaced_objects" 404 - "GET http://localhost/v1/.misplaced_objects?format=json&marker=&end_marker=&prefix=" "tx1b721a9ae9844a8e94daf-006933a607" "Swift Container Reconciler" 0.0004 "-" 95624 -
Dec 05 22:41:59 np0005548602.novalocal account-server[95624]: ::1 - - [06/Dec/2025:03:41:59 +0000] "GET /2/249817/.misplaced_objects" 404 - "GET http://localhost/v1/.misplaced_objects?format=json&marker=&end_marker=&prefix=" "tx1b721a9ae9844a8e94daf-006933a607" "Swift Container Reconciler" 0.0003 "-" 95624 -
Dec 05 22:41:59 np0005548602.novalocal container-reconciler-ic[91656]: - - 06/Dec/2025/03/41/59 GET /v1/.misplaced_objects%3Fformat%3Djson%26marker%3D%26end_marker%3D%26prefix%3D HTTP/1.0 404 - Swift%20Container%20Reconciler - - - - tx1b721a9ae9844a8e94daf-006933a607 - 0.0092 - - 1764992519.207885027 1764992519.217104197 - -
Dec 05 22:41:59 np0005548602.novalocal container-reconciler[91656]: Reconciler Stats: {}
Dec 05 22:41:59 np0005548602.novalocal container-reconciler[91656]: sleeping between intervals (30.0s)
Dec 05 22:41:59 np0005548602.novalocal object-server[96249]: ::1 - - [06/Dec/2025:03:41:59 +0000] "GET /3/11631/AUTH_d8741d1891ef40e5a7a8c7bee0ab6eed/gnocchi.f7c3a08e-f0d2-454b-a58c-f0b9564a1640/none_v3" 200 31 "GET https://[::1]:8080/v1/AUTH_d8741d1891ef40e5a7a8c7bee0ab6eed/gnocchi.f7c3a08e-f0d2-454b-a58c-f0b9564a1640/none_v3" "txad7ba2f1d1df48e8aacf1-006933a607" "proxy-server 97198" 0.0011 "-" 96249 0
Dec 05 22:41:59 np0005548602.novalocal proxy-server[97198]: ::1 ::1 06/Dec/2025/03/41/59 GET /v1/AUTH_d8741d1891ef40e5a7a8c7bee0ab6eed/gnocchi.f7c3a08e-f0d2-454b-a58c-f0b9564a1640/none_v3 HTTP/1.0 200 - python-swiftclient-4.8.0 gAAAAABpM6W9MtUs... - 31 - txad7ba2f1d1df48e8aacf1-006933a607 - 0.0117 - - 1764992519.624883890 1764992519.636600256 0 1229ee3e1d964977b2a5589f27ad366e
Dec 05 22:41:59 np0005548602.novalocal container-server[95916]: ::1 - - [06/Dec/2025:03:41:59 +0000] "GET /2/30704/AUTH_d8741d1891ef40e5a7a8c7bee0ab6eed/gnocchi.f7c3a08e-f0d2-454b-a58c-f0b9564a1640" 200 357 "GET https://[::1]:8080/v1/AUTH_d8741d1891ef40e5a7a8c7bee0ab6eed/gnocchi.f7c3a08e-f0d2-454b-a58c-f0b9564a1640?format=json&states=listing" "tx6201edb9555d46c1ab7e1-006933a607" "proxy-server 97198" 0.0082 "-" 95916 0
Dec 05 22:41:59 np0005548602.novalocal proxy-server[97198]: ::1 ::1 06/Dec/2025/03/41/59 GET /v1/AUTH_d8741d1891ef40e5a7a8c7bee0ab6eed/gnocchi.f7c3a08e-f0d2-454b-a58c-f0b9564a1640%3Fformat%3Djson%26states%3Dlisting HTTP/1.0 200 - python-swiftclient-4.8.0 gAAAAABpM6W9MtUs... - 357 - tx6201edb9555d46c1ab7e1-006933a607 - 0.0159 - - 1764992519.639832020 1764992519.655702114 0 1229ee3e1d964977b2a5589f27ad366e
Dec 05 22:41:59 np0005548602.novalocal container-server[95916]: ::1 - - [06/Dec/2025:03:41:59 +0000] "GET /3/30704/AUTH_d8741d1891ef40e5a7a8c7bee0ab6eed/gnocchi.f7c3a08e-f0d2-454b-a58c-f0b9564a1640" 200 2 "GET https://[::1]:8080/v1/AUTH_d8741d1891ef40e5a7a8c7bee0ab6eed/gnocchi.f7c3a08e-f0d2-454b-a58c-f0b9564a1640?format=json&marker=none_v3&states=listing" "tx1024020396ef4a5d84e0a-006933a607" "proxy-server 97198" 0.0072 "-" 95916 0
Dec 05 22:41:59 np0005548602.novalocal proxy-server[97198]: ::1 ::1 06/Dec/2025/03/41/59 GET /v1/AUTH_d8741d1891ef40e5a7a8c7bee0ab6eed/gnocchi.f7c3a08e-f0d2-454b-a58c-f0b9564a1640%3Fformat%3Djson%26marker%3Dnone_v3%26states%3Dlisting HTTP/1.0 200 - python-swiftclient-4.8.0 gAAAAABpM6W9MtUs... - 2 - tx1024020396ef4a5d84e0a-006933a607 - 0.0155 - - 1764992519.658264637 1764992519.673741341 0 1229ee3e1d964977b2a5589f27ad366e
Dec 05 22:41:59 np0005548602.novalocal object-server[96249]: ::1 - - [06/Dec/2025:03:41:59 +0000] "GET /1/7969/AUTH_d8741d1891ef40e5a7a8c7bee0ab6eed/gnocchi.f7c3a08e-f0d2-454b-a58c-f0b9564a1640/1764720000.0_mean_300.0_v3" 200 16 "GET https://[::1]:8080/v1/AUTH_d8741d1891ef40e5a7a8c7bee0ab6eed/gnocchi.f7c3a08e-f0d2-454b-a58c-f0b9564a1640/1764720000.0_mean_300.0_v3" "tx16d1b10b11ba4168bc66f-006933a607" "proxy-server 97198" 0.0010 "-" 96249 0
Dec 05 22:41:59 np0005548602.novalocal proxy-server[97198]: ::1 ::1 06/Dec/2025/03/41/59 GET /v1/AUTH_d8741d1891ef40e5a7a8c7bee0ab6eed/gnocchi.f7c3a08e-f0d2-454b-a58c-f0b9564a1640/1764720000.0_mean_300.0_v3 HTTP/1.0 200 - python-swiftclient-4.8.0 gAAAAABpM6W9MtUs... - 16 - tx16d1b10b11ba4168bc66f-006933a607 - 0.0092 - - 1764992519.676756382 1764992519.685941219 0 1229ee3e1d964977b2a5589f27ad366e
Dec 05 22:41:59 np0005548602.novalocal container-server[95917]: ::1 - - [06/Dec/2025:03:41:59 +0000] "PUT /2/30704/AUTH_d8741d1891ef40e5a7a8c7bee0ab6eed/gnocchi.f7c3a08e-f0d2-454b-a58c-f0b9564a1640/1764720000.0_mean_300.0_v3" 201 - "PUT http://[::1]:8080/2/7969/AUTH_d8741d1891ef40e5a7a8c7bee0ab6eed/gnocchi.f7c3a08e-f0d2-454b-a58c-f0b9564a1640/1764720000.0_mean_300.0_v3" "txf963f2cd740c46769f1ae-006933a607" "object-server 96250" 0.0009 "-" 95917 0
Dec 05 22:41:59 np0005548602.novalocal object-server[96250]: ::1 - - [06/Dec/2025:03:41:59 +0000] "PUT /2/7969/AUTH_d8741d1891ef40e5a7a8c7bee0ab6eed/gnocchi.f7c3a08e-f0d2-454b-a58c-f0b9564a1640/1764720000.0_mean_300.0_v3" 201 - "PUT https://[::1]:8080/v1/AUTH_d8741d1891ef40e5a7a8c7bee0ab6eed/gnocchi.f7c3a08e-f0d2-454b-a58c-f0b9564a1640/1764720000.0_mean_300.0_v3" "txf963f2cd740c46769f1ae-006933a607" "proxy-server 97198" 0.0161 "-" 96250 0
Dec 05 22:41:59 np0005548602.novalocal container-server[95917]: ::1 - - [06/Dec/2025:03:41:59 +0000] "PUT /3/30704/AUTH_d8741d1891ef40e5a7a8c7bee0ab6eed/gnocchi.f7c3a08e-f0d2-454b-a58c-f0b9564a1640/1764720000.0_mean_300.0_v3" 201 - "PUT http://[::1]:8080/1/7969/AUTH_d8741d1891ef40e5a7a8c7bee0ab6eed/gnocchi.f7c3a08e-f0d2-454b-a58c-f0b9564a1640/1764720000.0_mean_300.0_v3" "txf963f2cd740c46769f1ae-006933a607" "object-server 96250" 0.0007 "-" 95917 0
Dec 05 22:41:59 np0005548602.novalocal object-server[96250]: ::1 - - [06/Dec/2025:03:41:59 +0000] "PUT /1/7969/AUTH_d8741d1891ef40e5a7a8c7bee0ab6eed/gnocchi.f7c3a08e-f0d2-454b-a58c-f0b9564a1640/1764720000.0_mean_300.0_v3" 201 - "PUT https://[::1]:8080/v1/AUTH_d8741d1891ef40e5a7a8c7bee0ab6eed/gnocchi.f7c3a08e-f0d2-454b-a58c-f0b9564a1640/1764720000.0_mean_300.0_v3" "txf963f2cd740c46769f1ae-006933a607" "proxy-server 97198" 0.0156 "-" 96250 0
Dec 05 22:41:59 np0005548602.novalocal container-server[95916]: ::1 - - [06/Dec/2025:03:41:59 +0000] "PUT /1/30704/AUTH_d8741d1891ef40e5a7a8c7bee0ab6eed/gnocchi.f7c3a08e-f0d2-454b-a58c-f0b9564a1640/1764720000.0_mean_300.0_v3" 201 - "PUT http://[::1]:8080/3/7969/AUTH_d8741d1891ef40e5a7a8c7bee0ab6eed/gnocchi.f7c3a08e-f0d2-454b-a58c-f0b9564a1640/1764720000.0_mean_300.0_v3" "txf963f2cd740c46769f1ae-006933a607" "object-server 96249" 0.0062 "-" 95916 0
Dec 05 22:41:59 np0005548602.novalocal object-server[96249]: ::1 - - [06/Dec/2025:03:41:59 +0000] "PUT /3/7969/AUTH_d8741d1891ef40e5a7a8c7bee0ab6eed/gnocchi.f7c3a08e-f0d2-454b-a58c-f0b9564a1640/1764720000.0_mean_300.0_v3" 201 - "PUT https://[::1]:8080/v1/AUTH_d8741d1891ef40e5a7a8c7bee0ab6eed/gnocchi.f7c3a08e-f0d2-454b-a58c-f0b9564a1640/1764720000.0_mean_300.0_v3" "txf963f2cd740c46769f1ae-006933a607" "proxy-server 97198" 0.0189 "-" 96249 0
Dec 05 22:41:59 np0005548602.novalocal proxy-server[97198]: ::1 ::1 06/Dec/2025/03/41/59 PUT /v1/AUTH_d8741d1891ef40e5a7a8c7bee0ab6eed/gnocchi.f7c3a08e-f0d2-454b-a58c-f0b9564a1640/1764720000.0_mean_300.0_v3 HTTP/1.0 201 - python-swiftclient-4.8.0 gAAAAABpM6W9MtUs... 16 - - txf963f2cd740c46769f1ae-006933a607 - 0.0293 - - 1764992519.688264608 1764992519.717517376 0 1229ee3e1d964977b2a5589f27ad366e
Dec 05 22:41:59 np0005548602.novalocal container-server[95917]: ::1 - - [06/Dec/2025:03:41:59 +0000] "PUT /3/30704/AUTH_d8741d1891ef40e5a7a8c7bee0ab6eed/gnocchi.f7c3a08e-f0d2-454b-a58c-f0b9564a1640/none_v3" 201 - "PUT http://[::1]:8080/2/11631/AUTH_d8741d1891ef40e5a7a8c7bee0ab6eed/gnocchi.f7c3a08e-f0d2-454b-a58c-f0b9564a1640/none_v3" "tx45f34c8af6634baa9bc9b-006933a607" "object-server 96250" 0.0008 "-" 95917 0
Dec 05 22:41:59 np0005548602.novalocal object-server[96250]: ::1 - - [06/Dec/2025:03:41:59 +0000] "PUT /2/11631/AUTH_d8741d1891ef40e5a7a8c7bee0ab6eed/gnocchi.f7c3a08e-f0d2-454b-a58c-f0b9564a1640/none_v3" 201 - "PUT https://[::1]:8080/v1/AUTH_d8741d1891ef40e5a7a8c7bee0ab6eed/gnocchi.f7c3a08e-f0d2-454b-a58c-f0b9564a1640/none_v3" "tx45f34c8af6634baa9bc9b-006933a607" "proxy-server 97198" 0.0110 "-" 96250 0
Dec 05 22:41:59 np0005548602.novalocal container-server[95916]: ::1 - - [06/Dec/2025:03:41:59 +0000] "PUT /2/30704/AUTH_d8741d1891ef40e5a7a8c7bee0ab6eed/gnocchi.f7c3a08e-f0d2-454b-a58c-f0b9564a1640/none_v3" 201 - "PUT http://[::1]:8080/3/11631/AUTH_d8741d1891ef40e5a7a8c7bee0ab6eed/gnocchi.f7c3a08e-f0d2-454b-a58c-f0b9564a1640/none_v3" "tx45f34c8af6634baa9bc9b-006933a607" "object-server 96249" 0.0024 "-" 95916 0
Dec 05 22:41:59 np0005548602.novalocal object-server[96249]: ::1 - - [06/Dec/2025:03:41:59 +0000] "PUT /3/11631/AUTH_d8741d1891ef40e5a7a8c7bee0ab6eed/gnocchi.f7c3a08e-f0d2-454b-a58c-f0b9564a1640/none_v3" 201 - "PUT https://[::1]:8080/v1/AUTH_d8741d1891ef40e5a7a8c7bee0ab6eed/gnocchi.f7c3a08e-f0d2-454b-a58c-f0b9564a1640/none_v3" "tx45f34c8af6634baa9bc9b-006933a607" "proxy-server 97198" 0.0150 "-" 96249 0
Dec 05 22:41:59 np0005548602.novalocal container-server[95916]: ::1 - - [06/Dec/2025:03:41:59 +0000] "PUT /1/30704/AUTH_d8741d1891ef40e5a7a8c7bee0ab6eed/gnocchi.f7c3a08e-f0d2-454b-a58c-f0b9564a1640/none_v3" 201 - "PUT http://[::1]:8080/1/11631/AUTH_d8741d1891ef40e5a7a8c7bee0ab6eed/gnocchi.f7c3a08e-f0d2-454b-a58c-f0b9564a1640/none_v3" "tx45f34c8af6634baa9bc9b-006933a607" "object-server 96250" 0.0008 "-" 95916 0
Dec 05 22:41:59 np0005548602.novalocal object-server[96250]: ::1 - - [06/Dec/2025:03:41:59 +0000] "PUT /1/11631/AUTH_d8741d1891ef40e5a7a8c7bee0ab6eed/gnocchi.f7c3a08e-f0d2-454b-a58c-f0b9564a1640/none_v3" 201 - "PUT https://[::1]:8080/v1/AUTH_d8741d1891ef40e5a7a8c7bee0ab6eed/gnocchi.f7c3a08e-f0d2-454b-a58c-f0b9564a1640/none_v3" "tx45f34c8af6634baa9bc9b-006933a607" "proxy-server 97198" 0.0173 "-" 96250 0
Dec 05 22:41:59 np0005548602.novalocal proxy-server[97198]: ::1 ::1 06/Dec/2025/03/41/59 PUT /v1/AUTH_d8741d1891ef40e5a7a8c7bee0ab6eed/gnocchi.f7c3a08e-f0d2-454b-a58c-f0b9564a1640/none_v3 HTTP/1.0 201 - python-swiftclient-4.8.0 gAAAAABpM6W9MtUs... 43 - - tx45f34c8af6634baa9bc9b-006933a607 - 0.0271 - - 1764992519.721189022 1764992519.748314381 0 1229ee3e1d964977b2a5589f27ad366e
Dec 05 22:41:59 np0005548602.novalocal object-server[96249]: ::1 - - [06/Dec/2025:03:41:59 +0000] "GET /1/35767/AUTH_d8741d1891ef40e5a7a8c7bee0ab6eed/gnocchi.d75e2bc1-2976-450f-be4d-1b9f0ee9745c/none_v3" 200 32 "GET https://[::1]:8080/v1/AUTH_d8741d1891ef40e5a7a8c7bee0ab6eed/gnocchi.d75e2bc1-2976-450f-be4d-1b9f0ee9745c/none_v3" "tx4264df8c3d494356b710d-006933a607" "proxy-server 97198" 0.0011 "-" 96249 0
Dec 05 22:41:59 np0005548602.novalocal proxy-server[97198]: ::1 ::1 06/Dec/2025/03/41/59 GET /v1/AUTH_d8741d1891ef40e5a7a8c7bee0ab6eed/gnocchi.d75e2bc1-2976-450f-be4d-1b9f0ee9745c/none_v3 HTTP/1.0 200 - python-swiftclient-4.8.0 gAAAAABpM6W9MtUs... - 32 - tx4264df8c3d494356b710d-006933a607 - 0.0092 - - 1764992519.798318624 1764992519.807494879 0 1229ee3e1d964977b2a5589f27ad366e
Dec 05 22:41:59 np0005548602.novalocal container-server[95917]: ::1 - - [06/Dec/2025:03:41:59 +0000] "GET /1/47568/AUTH_d8741d1891ef40e5a7a8c7bee0ab6eed/gnocchi.d75e2bc1-2976-450f-be4d-1b9f0ee9745c" 200 357 "GET https://[::1]:8080/v1/AUTH_d8741d1891ef40e5a7a8c7bee0ab6eed/gnocchi.d75e2bc1-2976-450f-be4d-1b9f0ee9745c?format=json&states=listing" "tx97bc0a6062fc455da21d8-006933a607" "proxy-server 97198" 0.0092 "-" 95917 0
Dec 05 22:41:59 np0005548602.novalocal proxy-server[97198]: ::1 ::1 06/Dec/2025/03/41/59 GET /v1/AUTH_d8741d1891ef40e5a7a8c7bee0ab6eed/gnocchi.d75e2bc1-2976-450f-be4d-1b9f0ee9745c%3Fformat%3Djson%26states%3Dlisting HTTP/1.0 200 - python-swiftclient-4.8.0 gAAAAABpM6W9MtUs... - 357 - tx97bc0a6062fc455da21d8-006933a607 - 0.0183 - - 1764992519.811841965 1764992519.830109358 0 1229ee3e1d964977b2a5589f27ad366e
Dec 05 22:41:59 np0005548602.novalocal container-server[95916]: ::1 - - [06/Dec/2025:03:41:59 +0000] "GET /3/47568/AUTH_d8741d1891ef40e5a7a8c7bee0ab6eed/gnocchi.d75e2bc1-2976-450f-be4d-1b9f0ee9745c" 200 2 "GET https://[::1]:8080/v1/AUTH_d8741d1891ef40e5a7a8c7bee0ab6eed/gnocchi.d75e2bc1-2976-450f-be4d-1b9f0ee9745c?format=json&marker=none_v3&states=listing" "tx2c91392a8fc043bf9171d-006933a607" "proxy-server 97198" 0.0125 "-" 95916 0
Dec 05 22:41:59 np0005548602.novalocal proxy-server[97198]: ::1 ::1 06/Dec/2025/03/41/59 GET /v1/AUTH_d8741d1891ef40e5a7a8c7bee0ab6eed/gnocchi.d75e2bc1-2976-450f-be4d-1b9f0ee9745c%3Fformat%3Djson%26marker%3Dnone_v3%26states%3Dlisting HTTP/1.0 200 - python-swiftclient-4.8.0 gAAAAABpM6W9MtUs... - 2 - tx2c91392a8fc043bf9171d-006933a607 - 0.0241 - - 1764992519.834277391 1764992519.858358622 0 1229ee3e1d964977b2a5589f27ad366e
Dec 05 22:41:59 np0005548602.novalocal object-server[96249]: ::1 - - [06/Dec/2025:03:41:59 +0000] "GET /1/182683/AUTH_d8741d1891ef40e5a7a8c7bee0ab6eed/gnocchi.d75e2bc1-2976-450f-be4d-1b9f0ee9745c/1764720000.0_mean_300.0_v3" 200 16 "GET https://[::1]:8080/v1/AUTH_d8741d1891ef40e5a7a8c7bee0ab6eed/gnocchi.d75e2bc1-2976-450f-be4d-1b9f0ee9745c/1764720000.0_mean_300.0_v3" "tx69ae20899f764366b2cfd-006933a607" "proxy-server 97198" 0.0011 "-" 96249 0
Dec 05 22:41:59 np0005548602.novalocal proxy-server[97198]: ::1 ::1 06/Dec/2025/03/41/59 GET /v1/AUTH_d8741d1891ef40e5a7a8c7bee0ab6eed/gnocchi.d75e2bc1-2976-450f-be4d-1b9f0ee9745c/1764720000.0_mean_300.0_v3 HTTP/1.0 200 - python-swiftclient-4.8.0 gAAAAABpM6W9MtUs... - 16 - tx69ae20899f764366b2cfd-006933a607 - 0.0124 - - 1764992519.864503860 1764992519.876920223 0 1229ee3e1d964977b2a5589f27ad366e
Dec 05 22:41:59 np0005548602.novalocal container-server[95917]: ::1 - - [06/Dec/2025:03:41:59 +0000] "PUT /1/47568/AUTH_d8741d1891ef40e5a7a8c7bee0ab6eed/gnocchi.d75e2bc1-2976-450f-be4d-1b9f0ee9745c/1764720000.0_mean_300.0_v3" 201 - "PUT http://[::1]:8080/3/182683/AUTH_d8741d1891ef40e5a7a8c7bee0ab6eed/gnocchi.d75e2bc1-2976-450f-be4d-1b9f0ee9745c/1764720000.0_mean_300.0_v3" "txe5ca6d6e76ce43d8be5a3-006933a607" "object-server 96249" 0.0008 "-" 95917 0
Dec 05 22:41:59 np0005548602.novalocal object-server[96249]: ::1 - - [06/Dec/2025:03:41:59 +0000] "PUT /3/182683/AUTH_d8741d1891ef40e5a7a8c7bee0ab6eed/gnocchi.d75e2bc1-2976-450f-be4d-1b9f0ee9745c/1764720000.0_mean_300.0_v3" 201 - "PUT https://[::1]:8080/v1/AUTH_d8741d1891ef40e5a7a8c7bee0ab6eed/gnocchi.d75e2bc1-2976-450f-be4d-1b9f0ee9745c/1764720000.0_mean_300.0_v3" "txe5ca6d6e76ce43d8be5a3-006933a607" "proxy-server 97198" 0.0254 "-" 96249 0
Dec 05 22:41:59 np0005548602.novalocal container-server[95917]: ::1 - - [06/Dec/2025:03:41:59 +0000] "PUT /3/47568/AUTH_d8741d1891ef40e5a7a8c7bee0ab6eed/gnocchi.d75e2bc1-2976-450f-be4d-1b9f0ee9745c/1764720000.0_mean_300.0_v3" 201 - "PUT http://[::1]:8080/1/182683/AUTH_d8741d1891ef40e5a7a8c7bee0ab6eed/gnocchi.d75e2bc1-2976-450f-be4d-1b9f0ee9745c/1764720000.0_mean_300.0_v3" "txe5ca6d6e76ce43d8be5a3-006933a607" "object-server 96249" 0.0007 "-" 95917 0
Dec 05 22:41:59 np0005548602.novalocal container-server[95916]: ::1 - - [06/Dec/2025:03:41:59 +0000] "PUT /2/47568/AUTH_d8741d1891ef40e5a7a8c7bee0ab6eed/gnocchi.d75e2bc1-2976-450f-be4d-1b9f0ee9745c/1764720000.0_mean_300.0_v3" 201 - "PUT http://[::1]:8080/2/182683/AUTH_d8741d1891ef40e5a7a8c7bee0ab6eed/gnocchi.d75e2bc1-2976-450f-be4d-1b9f0ee9745c/1764720000.0_mean_300.0_v3" "txe5ca6d6e76ce43d8be5a3-006933a607" "object-server 96249" 0.0011 "-" 95916 0
Dec 05 22:41:59 np0005548602.novalocal object-server[96249]: ::1 - - [06/Dec/2025:03:41:59 +0000] "PUT /1/182683/AUTH_d8741d1891ef40e5a7a8c7bee0ab6eed/gnocchi.d75e2bc1-2976-450f-be4d-1b9f0ee9745c/1764720000.0_mean_300.0_v3" 201 - "PUT https://[::1]:8080/v1/AUTH_d8741d1891ef40e5a7a8c7bee0ab6eed/gnocchi.d75e2bc1-2976-450f-be4d-1b9f0ee9745c/1764720000.0_mean_300.0_v3" "txe5ca6d6e76ce43d8be5a3-006933a607" "proxy-server 97198" 0.0254 "-" 96249 0
Dec 05 22:41:59 np0005548602.novalocal object-server[96249]: ::1 - - [06/Dec/2025:03:41:59 +0000] "PUT /2/182683/AUTH_d8741d1891ef40e5a7a8c7bee0ab6eed/gnocchi.d75e2bc1-2976-450f-be4d-1b9f0ee9745c/1764720000.0_mean_300.0_v3" 201 - "PUT https://[::1]:8080/v1/AUTH_d8741d1891ef40e5a7a8c7bee0ab6eed/gnocchi.d75e2bc1-2976-450f-be4d-1b9f0ee9745c/1764720000.0_mean_300.0_v3" "txe5ca6d6e76ce43d8be5a3-006933a607" "proxy-server 97198" 0.0298 "-" 96249 0
Dec 05 22:41:59 np0005548602.novalocal proxy-server[97198]: ::1 ::1 06/Dec/2025/03/41/59 PUT /v1/AUTH_d8741d1891ef40e5a7a8c7bee0ab6eed/gnocchi.d75e2bc1-2976-450f-be4d-1b9f0ee9745c/1764720000.0_mean_300.0_v3 HTTP/1.0 201 - python-swiftclient-4.8.0 gAAAAABpM6W9MtUs... 16 - - txe5ca6d6e76ce43d8be5a3-006933a607 - 0.0450 - - 1764992519.881047487 1764992519.926055193 0 1229ee3e1d964977b2a5589f27ad366e
Dec 05 22:41:59 np0005548602.novalocal container-server[95916]: ::1 - - [06/Dec/2025:03:41:59 +0000] "PUT /3/47568/AUTH_d8741d1891ef40e5a7a8c7bee0ab6eed/gnocchi.d75e2bc1-2976-450f-be4d-1b9f0ee9745c/none_v3" 201 - "PUT http://[::1]:8080/3/35767/AUTH_d8741d1891ef40e5a7a8c7bee0ab6eed/gnocchi.d75e2bc1-2976-450f-be4d-1b9f0ee9745c/none_v3" "txb74f3fc54a1b44fd97bea-006933a607" "object-server 96250" 0.0007 "-" 95916 0
Dec 05 22:41:59 np0005548602.novalocal object-server[96250]: ::1 - - [06/Dec/2025:03:41:59 +0000] "PUT /3/35767/AUTH_d8741d1891ef40e5a7a8c7bee0ab6eed/gnocchi.d75e2bc1-2976-450f-be4d-1b9f0ee9745c/none_v3" 201 - "PUT https://[::1]:8080/v1/AUTH_d8741d1891ef40e5a7a8c7bee0ab6eed/gnocchi.d75e2bc1-2976-450f-be4d-1b9f0ee9745c/none_v3" "txb74f3fc54a1b44fd97bea-006933a607" "proxy-server 97198" 0.0131 "-" 96250 0
Dec 05 22:41:59 np0005548602.novalocal container-server[95917]: ::1 - - [06/Dec/2025:03:41:59 +0000] "PUT /1/47568/AUTH_d8741d1891ef40e5a7a8c7bee0ab6eed/gnocchi.d75e2bc1-2976-450f-be4d-1b9f0ee9745c/none_v3" 201 - "PUT http://[::1]:8080/1/35767/AUTH_d8741d1891ef40e5a7a8c7bee0ab6eed/gnocchi.d75e2bc1-2976-450f-be4d-1b9f0ee9745c/none_v3" "txb74f3fc54a1b44fd97bea-006933a607" "object-server 96249" 0.0008 "-" 95917 0
Dec 05 22:41:59 np0005548602.novalocal object-server[96249]: ::1 - - [06/Dec/2025:03:41:59 +0000] "PUT /1/35767/AUTH_d8741d1891ef40e5a7a8c7bee0ab6eed/gnocchi.d75e2bc1-2976-450f-be4d-1b9f0ee9745c/none_v3" 201 - "PUT https://[::1]:8080/v1/AUTH_d8741d1891ef40e5a7a8c7bee0ab6eed/gnocchi.d75e2bc1-2976-450f-be4d-1b9f0ee9745c/none_v3" "txb74f3fc54a1b44fd97bea-006933a607" "proxy-server 97198" 0.0133 "-" 96249 0
Dec 05 22:41:59 np0005548602.novalocal container-server[95916]: ::1 - - [06/Dec/2025:03:41:59 +0000] "PUT /2/47568/AUTH_d8741d1891ef40e5a7a8c7bee0ab6eed/gnocchi.d75e2bc1-2976-450f-be4d-1b9f0ee9745c/none_v3" 201 - "PUT http://[::1]:8080/2/35767/AUTH_d8741d1891ef40e5a7a8c7bee0ab6eed/gnocchi.d75e2bc1-2976-450f-be4d-1b9f0ee9745c/none_v3" "txb74f3fc54a1b44fd97bea-006933a607" "object-server 96249" 0.0007 "-" 95916 0
Dec 05 22:41:59 np0005548602.novalocal object-server[96249]: ::1 - - [06/Dec/2025:03:41:59 +0000] "PUT /2/35767/AUTH_d8741d1891ef40e5a7a8c7bee0ab6eed/gnocchi.d75e2bc1-2976-450f-be4d-1b9f0ee9745c/none_v3" 201 - "PUT https://[::1]:8080/v1/AUTH_d8741d1891ef40e5a7a8c7bee0ab6eed/gnocchi.d75e2bc1-2976-450f-be4d-1b9f0ee9745c/none_v3" "txb74f3fc54a1b44fd97bea-006933a607" "proxy-server 97198" 0.0176 "-" 96249 0
Dec 05 22:41:59 np0005548602.novalocal proxy-server[97198]: ::1 ::1 06/Dec/2025/03/41/59 PUT /v1/AUTH_d8741d1891ef40e5a7a8c7bee0ab6eed/gnocchi.d75e2bc1-2976-450f-be4d-1b9f0ee9745c/none_v3 HTTP/1.0 201 - python-swiftclient-4.8.0 gAAAAABpM6W9MtUs... 45 - - txb74f3fc54a1b44fd97bea-006933a607 - 0.0279 - - 1764992519.929630280 1764992519.957564354 0 1229ee3e1d964977b2a5589f27ad366e
Dec 05 22:41:59 np0005548602.novalocal object-server[96250]: ::1 - - [06/Dec/2025:03:41:59 +0000] "GET /1/223019/AUTH_d8741d1891ef40e5a7a8c7bee0ab6eed/gnocchi.785d5aec-80a9-406c-9d7f-16d56cbd11e6/none_v3" 200 32 "GET https://[::1]:8080/v1/AUTH_d8741d1891ef40e5a7a8c7bee0ab6eed/gnocchi.785d5aec-80a9-406c-9d7f-16d56cbd11e6/none_v3" "tx3a3738ca49a4436db7881-006933a607" "proxy-server 97198" 0.0011 "-" 96250 0
Dec 05 22:41:59 np0005548602.novalocal proxy-server[97198]: ::1 ::1 06/Dec/2025/03/41/59 GET /v1/AUTH_d8741d1891ef40e5a7a8c7bee0ab6eed/gnocchi.785d5aec-80a9-406c-9d7f-16d56cbd11e6/none_v3 HTTP/1.0 200 - python-swiftclient-4.8.0 gAAAAABpM6W9MtUs... - 32 - tx3a3738ca49a4436db7881-006933a607 - 0.0072 - - 1764992519.976750612 1764992519.983919621 0 1229ee3e1d964977b2a5589f27ad366e
Dec 05 22:42:00 np0005548602.novalocal container-server[95917]: ::1 - - [06/Dec/2025:03:42:00 +0000] "GET /3/241536/AUTH_d8741d1891ef40e5a7a8c7bee0ab6eed/gnocchi.785d5aec-80a9-406c-9d7f-16d56cbd11e6" 200 357 "GET https://[::1]:8080/v1/AUTH_d8741d1891ef40e5a7a8c7bee0ab6eed/gnocchi.785d5aec-80a9-406c-9d7f-16d56cbd11e6?format=json&states=listing" "tx456eab70a4eb44f68aea7-006933a607" "proxy-server 97198" 0.0099 "-" 95917 0
Dec 05 22:42:00 np0005548602.novalocal proxy-server[97198]: ::1 ::1 06/Dec/2025/03/42/00 GET /v1/AUTH_d8741d1891ef40e5a7a8c7bee0ab6eed/gnocchi.785d5aec-80a9-406c-9d7f-16d56cbd11e6%3Fformat%3Djson%26states%3Dlisting HTTP/1.0 200 - python-swiftclient-4.8.0 gAAAAABpM6W9MtUs... - 357 - tx456eab70a4eb44f68aea7-006933a607 - 0.0163 - - 1764992519.986344099 1764992520.002624273 0 1229ee3e1d964977b2a5589f27ad366e
Dec 05 22:42:00 np0005548602.novalocal container-server[95916]: ::1 - - [06/Dec/2025:03:42:00 +0000] "GET /1/241536/AUTH_d8741d1891ef40e5a7a8c7bee0ab6eed/gnocchi.785d5aec-80a9-406c-9d7f-16d56cbd11e6" 200 2 "GET https://[::1]:8080/v1/AUTH_d8741d1891ef40e5a7a8c7bee0ab6eed/gnocchi.785d5aec-80a9-406c-9d7f-16d56cbd11e6?format=json&marker=none_v3&states=listing" "tx6f2a01b8cb204973914be-006933a608" "proxy-server 97198" 0.0092 "-" 95916 0
Dec 05 22:42:00 np0005548602.novalocal proxy-server[97198]: ::1 ::1 06/Dec/2025/03/42/00 GET /v1/AUTH_d8741d1891ef40e5a7a8c7bee0ab6eed/gnocchi.785d5aec-80a9-406c-9d7f-16d56cbd11e6%3Fformat%3Djson%26marker%3Dnone_v3%26states%3Dlisting HTTP/1.0 200 - python-swiftclient-4.8.0 gAAAAABpM6W9MtUs... - 2 - tx6f2a01b8cb204973914be-006933a608 - 0.0152 - - 1764992520.004826546 1764992520.019979954 0 1229ee3e1d964977b2a5589f27ad366e
Dec 05 22:42:00 np0005548602.novalocal object-server[96250]: ::1 - - [06/Dec/2025:03:42:00 +0000] "GET /2/36440/AUTH_d8741d1891ef40e5a7a8c7bee0ab6eed/gnocchi.785d5aec-80a9-406c-9d7f-16d56cbd11e6/1764720000.0_mean_300.0_v3" 200 16 "GET https://[::1]:8080/v1/AUTH_d8741d1891ef40e5a7a8c7bee0ab6eed/gnocchi.785d5aec-80a9-406c-9d7f-16d56cbd11e6/1764720000.0_mean_300.0_v3" "txf543348ac08947cbbc465-006933a608" "proxy-server 97198" 0.0011 "-" 96250 0
Dec 05 22:42:00 np0005548602.novalocal proxy-server[97198]: ::1 ::1 06/Dec/2025/03/42/00 GET /v1/AUTH_d8741d1891ef40e5a7a8c7bee0ab6eed/gnocchi.785d5aec-80a9-406c-9d7f-16d56cbd11e6/1764720000.0_mean_300.0_v3 HTTP/1.0 200 - python-swiftclient-4.8.0 gAAAAABpM6W9MtUs... - 16 - txf543348ac08947cbbc465-006933a608 - 0.0068 - - 1764992520.023913383 1764992520.030717850 0 1229ee3e1d964977b2a5589f27ad366e
Dec 05 22:42:00 np0005548602.novalocal container-server[95916]: ::1 - - [06/Dec/2025:03:42:00 +0000] "PUT /3/241536/AUTH_d8741d1891ef40e5a7a8c7bee0ab6eed/gnocchi.785d5aec-80a9-406c-9d7f-16d56cbd11e6/1764720000.0_mean_300.0_v3" 201 - "PUT http://[::1]:8080/2/36440/AUTH_d8741d1891ef40e5a7a8c7bee0ab6eed/gnocchi.785d5aec-80a9-406c-9d7f-16d56cbd11e6/1764720000.0_mean_300.0_v3" "txadc77697cc584c8187b71-006933a608" "object-server 96249" 0.0007 "-" 95916 0
Dec 05 22:42:00 np0005548602.novalocal container-server[95917]: ::1 - - [06/Dec/2025:03:42:00 +0000] "PUT /2/241536/AUTH_d8741d1891ef40e5a7a8c7bee0ab6eed/gnocchi.785d5aec-80a9-406c-9d7f-16d56cbd11e6/1764720000.0_mean_300.0_v3" 201 - "PUT http://[::1]:8080/1/36440/AUTH_d8741d1891ef40e5a7a8c7bee0ab6eed/gnocchi.785d5aec-80a9-406c-9d7f-16d56cbd11e6/1764720000.0_mean_300.0_v3" "txadc77697cc584c8187b71-006933a608" "object-server 96250" 0.0008 "-" 95917 0
Dec 05 22:42:00 np0005548602.novalocal object-server[96249]: ::1 - - [06/Dec/2025:03:42:00 +0000] "PUT /2/36440/AUTH_d8741d1891ef40e5a7a8c7bee0ab6eed/gnocchi.785d5aec-80a9-406c-9d7f-16d56cbd11e6/1764720000.0_mean_300.0_v3" 201 - "PUT https://[::1]:8080/v1/AUTH_d8741d1891ef40e5a7a8c7bee0ab6eed/gnocchi.785d5aec-80a9-406c-9d7f-16d56cbd11e6/1764720000.0_mean_300.0_v3" "txadc77697cc584c8187b71-006933a608" "proxy-server 97198" 0.0122 "-" 96249 0
Dec 05 22:42:00 np0005548602.novalocal container-server[95916]: ::1 - - [06/Dec/2025:03:42:00 +0000] "PUT /1/241536/AUTH_d8741d1891ef40e5a7a8c7bee0ab6eed/gnocchi.785d5aec-80a9-406c-9d7f-16d56cbd11e6/1764720000.0_mean_300.0_v3" 201 - "PUT http://[::1]:8080/3/36440/AUTH_d8741d1891ef40e5a7a8c7bee0ab6eed/gnocchi.785d5aec-80a9-406c-9d7f-16d56cbd11e6/1764720000.0_mean_300.0_v3" "txadc77697cc584c8187b71-006933a608" "object-server 96250" 0.0007 "-" 95916 0
Dec 05 22:42:00 np0005548602.novalocal object-server[96250]: ::1 - - [06/Dec/2025:03:42:00 +0000] "PUT /1/36440/AUTH_d8741d1891ef40e5a7a8c7bee0ab6eed/gnocchi.785d5aec-80a9-406c-9d7f-16d56cbd11e6/1764720000.0_mean_300.0_v3" 201 - "PUT https://[::1]:8080/v1/AUTH_d8741d1891ef40e5a7a8c7bee0ab6eed/gnocchi.785d5aec-80a9-406c-9d7f-16d56cbd11e6/1764720000.0_mean_300.0_v3" "txadc77697cc584c8187b71-006933a608" "proxy-server 97198" 0.0118 "-" 96250 0
Dec 05 22:42:00 np0005548602.novalocal object-server[96250]: ::1 - - [06/Dec/2025:03:42:00 +0000] "PUT /3/36440/AUTH_d8741d1891ef40e5a7a8c7bee0ab6eed/gnocchi.785d5aec-80a9-406c-9d7f-16d56cbd11e6/1764720000.0_mean_300.0_v3" 201 - "PUT https://[::1]:8080/v1/AUTH_d8741d1891ef40e5a7a8c7bee0ab6eed/gnocchi.785d5aec-80a9-406c-9d7f-16d56cbd11e6/1764720000.0_mean_300.0_v3" "txadc77697cc584c8187b71-006933a608" "proxy-server 97198" 0.0152 "-" 96250 0
Dec 05 22:42:00 np0005548602.novalocal proxy-server[97198]: ::1 ::1 06/Dec/2025/03/42/00 PUT /v1/AUTH_d8741d1891ef40e5a7a8c7bee0ab6eed/gnocchi.785d5aec-80a9-406c-9d7f-16d56cbd11e6/1764720000.0_mean_300.0_v3 HTTP/1.0 201 - python-swiftclient-4.8.0 gAAAAABpM6W9MtUs... 16 - - txadc77697cc584c8187b71-006933a608 - 0.0208 - - 1764992520.033562899 1764992520.054379940 0 1229ee3e1d964977b2a5589f27ad366e
Dec 05 22:42:00 np0005548602.novalocal container-server[95916]: ::1 - - [06/Dec/2025:03:42:00 +0000] "PUT /2/241536/AUTH_d8741d1891ef40e5a7a8c7bee0ab6eed/gnocchi.785d5aec-80a9-406c-9d7f-16d56cbd11e6/none_v3" 201 - "PUT http://[::1]:8080/3/223019/AUTH_d8741d1891ef40e5a7a8c7bee0ab6eed/gnocchi.785d5aec-80a9-406c-9d7f-16d56cbd11e6/none_v3" "txab87fae4ed2c44bd995dc-006933a608" "object-server 96250" 0.0014 "-" 95916 0
Dec 05 22:42:00 np0005548602.novalocal object-server[96250]: ::1 - - [06/Dec/2025:03:42:00 +0000] "PUT /3/223019/AUTH_d8741d1891ef40e5a7a8c7bee0ab6eed/gnocchi.785d5aec-80a9-406c-9d7f-16d56cbd11e6/none_v3" 201 - "PUT https://[::1]:8080/v1/AUTH_d8741d1891ef40e5a7a8c7bee0ab6eed/gnocchi.785d5aec-80a9-406c-9d7f-16d56cbd11e6/none_v3" "txab87fae4ed2c44bd995dc-006933a608" "proxy-server 97198" 0.0125 "-" 96250 0
Dec 05 22:42:00 np0005548602.novalocal container-server[95916]: ::1 - - [06/Dec/2025:03:42:00 +0000] "PUT /3/241536/AUTH_d8741d1891ef40e5a7a8c7bee0ab6eed/gnocchi.785d5aec-80a9-406c-9d7f-16d56cbd11e6/none_v3" 201 - "PUT http://[::1]:8080/1/223019/AUTH_d8741d1891ef40e5a7a8c7bee0ab6eed/gnocchi.785d5aec-80a9-406c-9d7f-16d56cbd11e6/none_v3" "txab87fae4ed2c44bd995dc-006933a608" "object-server 96250" 0.0010 "-" 95916 0
Dec 05 22:42:00 np0005548602.novalocal object-server[96250]: ::1 - - [06/Dec/2025:03:42:00 +0000] "PUT /1/223019/AUTH_d8741d1891ef40e5a7a8c7bee0ab6eed/gnocchi.785d5aec-80a9-406c-9d7f-16d56cbd11e6/none_v3" 201 - "PUT https://[::1]:8080/v1/AUTH_d8741d1891ef40e5a7a8c7bee0ab6eed/gnocchi.785d5aec-80a9-406c-9d7f-16d56cbd11e6/none_v3" "txab87fae4ed2c44bd995dc-006933a608" "proxy-server 97198" 0.0174 "-" 96250 0
Dec 05 22:42:00 np0005548602.novalocal container-server[95916]: ::1 - - [06/Dec/2025:03:42:00 +0000] "PUT /1/241536/AUTH_d8741d1891ef40e5a7a8c7bee0ab6eed/gnocchi.785d5aec-80a9-406c-9d7f-16d56cbd11e6/none_v3" 201 - "PUT http://[::1]:8080/2/223019/AUTH_d8741d1891ef40e5a7a8c7bee0ab6eed/gnocchi.785d5aec-80a9-406c-9d7f-16d56cbd11e6/none_v3" "txab87fae4ed2c44bd995dc-006933a608" "object-server 96249" 0.0008 "-" 95916 0
Dec 05 22:42:00 np0005548602.novalocal object-server[96249]: ::1 - - [06/Dec/2025:03:42:00 +0000] "PUT /2/223019/AUTH_d8741d1891ef40e5a7a8c7bee0ab6eed/gnocchi.785d5aec-80a9-406c-9d7f-16d56cbd11e6/none_v3" 201 - "PUT https://[::1]:8080/v1/AUTH_d8741d1891ef40e5a7a8c7bee0ab6eed/gnocchi.785d5aec-80a9-406c-9d7f-16d56cbd11e6/none_v3" "txab87fae4ed2c44bd995dc-006933a608" "proxy-server 97198" 0.0228 "-" 96249 0
Dec 05 22:42:00 np0005548602.novalocal proxy-server[97198]: ::1 ::1 06/Dec/2025/03/42/00 PUT /v1/AUTH_d8741d1891ef40e5a7a8c7bee0ab6eed/gnocchi.785d5aec-80a9-406c-9d7f-16d56cbd11e6/none_v3 HTTP/1.0 201 - python-swiftclient-4.8.0 gAAAAABpM6W9MtUs... 45 - - txab87fae4ed2c44bd995dc-006933a608 - 0.0290 - - 1764992520.057730913 1764992520.086696148 0 1229ee3e1d964977b2a5589f27ad366e
Dec 05 22:42:00 np0005548602.novalocal object-server[96250]: ::1 - - [06/Dec/2025:03:42:00 +0000] "GET /2/49115/AUTH_d8741d1891ef40e5a7a8c7bee0ab6eed/gnocchi.fb5943f1-50a0-41cf-a8b2-4b9caa44427b/none_v3" 200 27 "GET https://[::1]:8080/v1/AUTH_d8741d1891ef40e5a7a8c7bee0ab6eed/gnocchi.fb5943f1-50a0-41cf-a8b2-4b9caa44427b/none_v3" "txe3542481728e4e0da8ae3-006933a608" "proxy-server 97198" 0.0010 "-" 96250 0
Dec 05 22:42:00 np0005548602.novalocal proxy-server[97198]: ::1 ::1 06/Dec/2025/03/42/00 GET /v1/AUTH_d8741d1891ef40e5a7a8c7bee0ab6eed/gnocchi.fb5943f1-50a0-41cf-a8b2-4b9caa44427b/none_v3 HTTP/1.0 200 - python-swiftclient-4.8.0 gAAAAABpM6W9MtUs... - 27 - txe3542481728e4e0da8ae3-006933a608 - 0.0097 - - 1764992520.122211933 1764992520.131903172 0 1229ee3e1d964977b2a5589f27ad366e
Dec 05 22:42:00 np0005548602.novalocal container-server[95917]: ::1 - - [06/Dec/2025:03:42:00 +0000] "GET /2/43651/AUTH_d8741d1891ef40e5a7a8c7bee0ab6eed/gnocchi.fb5943f1-50a0-41cf-a8b2-4b9caa44427b" 200 357 "GET https://[::1]:8080/v1/AUTH_d8741d1891ef40e5a7a8c7bee0ab6eed/gnocchi.fb5943f1-50a0-41cf-a8b2-4b9caa44427b?format=json&states=listing" "tx810fa8e9792b4750afc57-006933a608" "proxy-server 97198" 0.0076 "-" 95917 0
Dec 05 22:42:00 np0005548602.novalocal proxy-server[97198]: ::1 ::1 06/Dec/2025/03/42/00 GET /v1/AUTH_d8741d1891ef40e5a7a8c7bee0ab6eed/gnocchi.fb5943f1-50a0-41cf-a8b2-4b9caa44427b%3Fformat%3Djson%26states%3Dlisting HTTP/1.0 200 - python-swiftclient-4.8.0 gAAAAABpM6W9MtUs... - 357 - tx810fa8e9792b4750afc57-006933a608 - 0.0159 - - 1764992520.136589766 1764992520.152525425 0 1229ee3e1d964977b2a5589f27ad366e
Dec 05 22:42:00 np0005548602.novalocal container-server[95916]: ::1 - - [06/Dec/2025:03:42:00 +0000] "GET /1/43651/AUTH_d8741d1891ef40e5a7a8c7bee0ab6eed/gnocchi.fb5943f1-50a0-41cf-a8b2-4b9caa44427b" 200 2 "GET https://[::1]:8080/v1/AUTH_d8741d1891ef40e5a7a8c7bee0ab6eed/gnocchi.fb5943f1-50a0-41cf-a8b2-4b9caa44427b?format=json&marker=none_v3&states=listing" "tx2c01528dc6714725ac6b4-006933a608" "proxy-server 97198" 0.0083 "-" 95916 0
