Dec 05 22:41:29 np0005548602.novalocal container-server[95916]: ::1 - - [06/Dec/2025:03:41:29 +0000] "PUT /1/149573/AUTH_d8741d1891ef40e5a7a8c7bee0ab6eed/gnocchi.ba29cc5c-420e-4520-b59b-e674dd1c860e/none_v3" 201 - "PUT http://[::1]:8080/2/233550/AUTH_d8741d1891ef40e5a7a8c7bee0ab6eed/gnocchi.ba29cc5c-420e-4520-b59b-e674dd1c860e/none_v3" "tx49499352e7c04c3f86396-006933a5e9" "object-server 96249" 0.0003 "-" 95916 0
Dec 05 22:41:29 np0005548602.novalocal object-server[96250]: ::1 - - [06/Dec/2025:03:41:29 +0000] "PUT /3/233550/AUTH_d8741d1891ef40e5a7a8c7bee0ab6eed/gnocchi.ba29cc5c-420e-4520-b59b-e674dd1c860e/none_v3" 201 - "PUT https://[::1]:8080/v1/AUTH_d8741d1891ef40e5a7a8c7bee0ab6eed/gnocchi.ba29cc5c-420e-4520-b59b-e674dd1c860e/none_v3" "tx49499352e7c04c3f86396-006933a5e9" "proxy-server 97198" 0.0171 "-" 96250 0
Dec 05 22:41:29 np0005548602.novalocal object-server[96249]: ::1 - - [06/Dec/2025:03:41:29 +0000] "PUT /1/233550/AUTH_d8741d1891ef40e5a7a8c7bee0ab6eed/gnocchi.ba29cc5c-420e-4520-b59b-e674dd1c860e/none_v3" 201 - "PUT https://[::1]:8080/v1/AUTH_d8741d1891ef40e5a7a8c7bee0ab6eed/gnocchi.ba29cc5c-420e-4520-b59b-e674dd1c860e/none_v3" "tx49499352e7c04c3f86396-006933a5e9" "proxy-server 97198" 0.0131 "-" 96249 0
Dec 05 22:41:29 np0005548602.novalocal object-server[96249]: ::1 - - [06/Dec/2025:03:41:29 +0000] "PUT /2/233550/AUTH_d8741d1891ef40e5a7a8c7bee0ab6eed/gnocchi.ba29cc5c-420e-4520-b59b-e674dd1c860e/none_v3" 201 - "PUT https://[::1]:8080/v1/AUTH_d8741d1891ef40e5a7a8c7bee0ab6eed/gnocchi.ba29cc5c-420e-4520-b59b-e674dd1c860e/none_v3" "tx49499352e7c04c3f86396-006933a5e9" "proxy-server 97198" 0.0162 "-" 96249 0
Dec 05 22:41:29 np0005548602.novalocal proxy-server[97198]: ::1 ::1 06/Dec/2025/03/41/29 PUT /v1/AUTH_d8741d1891ef40e5a7a8c7bee0ab6eed/gnocchi.ba29cc5c-420e-4520-b59b-e674dd1c860e/none_v3 HTTP/1.0 201 - python-swiftclient-4.8.0 gAAAAABpM6W9MtUs... 22 - - tx49499352e7c04c3f86396-006933a5e9 - 0.0261 - - 1764992489.957230806 1764992489.983364105 0 1229ee3e1d964977b2a5589f27ad366e
Dec 05 22:41:30 np0005548602.novalocal container-server[95916]: ::1 - - [06/Dec/2025:03:41:29 +0000] "HEAD /1/16720/AUTH_d8741d1891ef40e5a7a8c7bee0ab6eed/gnocchi.f47a7cfe-c98f-464b-a26e-861689e7470f" 404 - "HEAD http://[::1]:8080/v1/AUTH_d8741d1891ef40e5a7a8c7bee0ab6eed/gnocchi.f47a7cfe-c98f-464b-a26e-861689e7470f" "txfed0890961b34d3697da0-006933a5e9" "proxy-server 97198" 0.0007 "-" 95916 0
Dec 05 22:41:30 np0005548602.novalocal container-server[95917]: ::1 - - [06/Dec/2025:03:41:30 +0000] "HEAD /2/16720/AUTH_d8741d1891ef40e5a7a8c7bee0ab6eed/gnocchi.f47a7cfe-c98f-464b-a26e-861689e7470f" 404 - "HEAD http://[::1]:8080/v1/AUTH_d8741d1891ef40e5a7a8c7bee0ab6eed/gnocchi.f47a7cfe-c98f-464b-a26e-861689e7470f" "txfed0890961b34d3697da0-006933a5e9" "proxy-server 97198" 0.0004 "-" 95917 0
Dec 05 22:41:30 np0005548602.novalocal container-server[95917]: ::1 - - [06/Dec/2025:03:41:30 +0000] "HEAD /3/16720/AUTH_d8741d1891ef40e5a7a8c7bee0ab6eed/gnocchi.f47a7cfe-c98f-464b-a26e-861689e7470f" 404 - "HEAD http://[::1]:8080/v1/AUTH_d8741d1891ef40e5a7a8c7bee0ab6eed/gnocchi.f47a7cfe-c98f-464b-a26e-861689e7470f" "txfed0890961b34d3697da0-006933a5e9" "proxy-server 97198" 0.0006 "-" 95917 0
Dec 05 22:41:30 np0005548602.novalocal proxy-server[97198]: - - 06/Dec/2025/03/41/30 HEAD /v1/AUTH_d8741d1891ef40e5a7a8c7bee0ab6eed/gnocchi.f47a7cfe-c98f-464b-a26e-861689e7470f HTTP/1.0 404 - Swift - - - - txfed0890961b34d3697da0-006933a5e9 - 0.0227 CS - 1764992489.994366884 1764992490.017038107 0 -
Dec 05 22:41:30 np0005548602.novalocal object-server[96250]: ::1 - - [06/Dec/2025:03:41:30 +0000] "GET /3/21250/AUTH_d8741d1891ef40e5a7a8c7bee0ab6eed/gnocchi.f47a7cfe-c98f-464b-a26e-861689e7470f/none_v3" 404 70 "GET https://[::1]:8080/v1/AUTH_d8741d1891ef40e5a7a8c7bee0ab6eed/gnocchi.f47a7cfe-c98f-464b-a26e-861689e7470f/none_v3" "txfed0890961b34d3697da0-006933a5e9" "proxy-server 97198" 0.0003 "-" 96250 0
Dec 05 22:41:30 np0005548602.novalocal object-server[96249]: ::1 - - [06/Dec/2025:03:41:30 +0000] "GET /2/21250/AUTH_d8741d1891ef40e5a7a8c7bee0ab6eed/gnocchi.f47a7cfe-c98f-464b-a26e-861689e7470f/none_v3" 404 70 "GET https://[::1]:8080/v1/AUTH_d8741d1891ef40e5a7a8c7bee0ab6eed/gnocchi.f47a7cfe-c98f-464b-a26e-861689e7470f/none_v3" "txfed0890961b34d3697da0-006933a5e9" "proxy-server 97198" 0.0005 "-" 96249 0
Dec 05 22:41:30 np0005548602.novalocal object-server[96249]: ::1 - - [06/Dec/2025:03:41:30 +0000] "GET /1/21250/AUTH_d8741d1891ef40e5a7a8c7bee0ab6eed/gnocchi.f47a7cfe-c98f-464b-a26e-861689e7470f/none_v3" 404 70 "GET https://[::1]:8080/v1/AUTH_d8741d1891ef40e5a7a8c7bee0ab6eed/gnocchi.f47a7cfe-c98f-464b-a26e-861689e7470f/none_v3" "txfed0890961b34d3697da0-006933a5e9" "proxy-server 97198" 0.0003 "-" 96249 0
Dec 05 22:41:30 np0005548602.novalocal proxy-server[97198]: ::1 ::1 06/Dec/2025/03/41/30 GET /v1/AUTH_d8741d1891ef40e5a7a8c7bee0ab6eed/gnocchi.f47a7cfe-c98f-464b-a26e-861689e7470f/none_v3 HTTP/1.0 404 - python-swiftclient-4.8.0 gAAAAABpM6W9MtUs... - 70 - txfed0890961b34d3697da0-006933a5e9 - 0.0381 - - 1764992489.993457317 1764992490.031588078 0 1229ee3e1d964977b2a5589f27ad366e
Dec 05 22:41:30 np0005548602.novalocal account-server[95623]: ::1 - - [06/Dec/2025:03:41:30 +0000] "PUT /2/76100/AUTH_d8741d1891ef40e5a7a8c7bee0ab6eed/gnocchi.f47a7cfe-c98f-464b-a26e-861689e7470f" 201 - "PUT http://[::1]:6001/3/16720/AUTH_d8741d1891ef40e5a7a8c7bee0ab6eed/gnocchi.f47a7cfe-c98f-464b-a26e-861689e7470f" "tx446a37b3bb714424845e7-006933a5ea" "container-server 95917" 0.0112 "-" 95623 0
Dec 05 22:41:30 np0005548602.novalocal account-server[95624]: ::1 - - [06/Dec/2025:03:41:30 +0000] "PUT /3/76100/AUTH_d8741d1891ef40e5a7a8c7bee0ab6eed/gnocchi.f47a7cfe-c98f-464b-a26e-861689e7470f" 201 - "PUT http://[::1]:6001/2/16720/AUTH_d8741d1891ef40e5a7a8c7bee0ab6eed/gnocchi.f47a7cfe-c98f-464b-a26e-861689e7470f" "tx446a37b3bb714424845e7-006933a5ea" "container-server 95916" 0.0036 "-" 95624 0
Dec 05 22:41:30 np0005548602.novalocal container-server[95916]: ::1 - - [06/Dec/2025:03:41:30 +0000] "PUT /2/16720/AUTH_d8741d1891ef40e5a7a8c7bee0ab6eed/gnocchi.f47a7cfe-c98f-464b-a26e-861689e7470f" 201 - "PUT https://[::1]:8080/v1/AUTH_d8741d1891ef40e5a7a8c7bee0ab6eed/gnocchi.f47a7cfe-c98f-464b-a26e-861689e7470f" "tx446a37b3bb714424845e7-006933a5ea" "proxy-server 97198" 0.0109 "-" 95916 0
Dec 05 22:41:30 np0005548602.novalocal container-server[95917]: ::1 - - [06/Dec/2025:03:41:30 +0000] "PUT /3/16720/AUTH_d8741d1891ef40e5a7a8c7bee0ab6eed/gnocchi.f47a7cfe-c98f-464b-a26e-861689e7470f" 201 - "PUT https://[::1]:8080/v1/AUTH_d8741d1891ef40e5a7a8c7bee0ab6eed/gnocchi.f47a7cfe-c98f-464b-a26e-861689e7470f" "tx446a37b3bb714424845e7-006933a5ea" "proxy-server 97198" 0.0259 "-" 95917 0
Dec 05 22:41:30 np0005548602.novalocal account-server[95624]: ::1 - - [06/Dec/2025:03:41:30 +0000] "PUT /1/76100/AUTH_d8741d1891ef40e5a7a8c7bee0ab6eed/gnocchi.f47a7cfe-c98f-464b-a26e-861689e7470f" 201 - "PUT http://[::1]:6001/1/16720/AUTH_d8741d1891ef40e5a7a8c7bee0ab6eed/gnocchi.f47a7cfe-c98f-464b-a26e-861689e7470f" "tx446a37b3bb714424845e7-006933a5ea" "container-server 95916" 0.0040 "-" 95624 0
Dec 05 22:41:30 np0005548602.novalocal container-server[95916]: ::1 - - [06/Dec/2025:03:41:30 +0000] "PUT /1/16720/AUTH_d8741d1891ef40e5a7a8c7bee0ab6eed/gnocchi.f47a7cfe-c98f-464b-a26e-861689e7470f" 201 - "PUT https://[::1]:8080/v1/AUTH_d8741d1891ef40e5a7a8c7bee0ab6eed/gnocchi.f47a7cfe-c98f-464b-a26e-861689e7470f" "tx446a37b3bb714424845e7-006933a5ea" "proxy-server 97198" 0.0285 "-" 95916 0
Dec 05 22:41:30 np0005548602.novalocal proxy-server[97198]: ::1 ::1 06/Dec/2025/03/41/30 PUT /v1/AUTH_d8741d1891ef40e5a7a8c7bee0ab6eed/gnocchi.f47a7cfe-c98f-464b-a26e-861689e7470f HTTP/1.0 201 - python-swiftclient-4.8.0 gAAAAABpM6W9MtUs... - - - tx446a37b3bb714424845e7-006933a5ea - 0.0414 - - 1764992490.034964800 1764992490.076343060 0 1229ee3e1d964977b2a5589f27ad366e
Dec 05 22:41:30 np0005548602.novalocal container-server[95916]: ::1 - - [06/Dec/2025:03:41:30 +0000] "HEAD /2/16720/AUTH_d8741d1891ef40e5a7a8c7bee0ab6eed/gnocchi.f47a7cfe-c98f-464b-a26e-861689e7470f" 204 - "HEAD http://[::1]:8080/v1/AUTH_d8741d1891ef40e5a7a8c7bee0ab6eed/gnocchi.f47a7cfe-c98f-464b-a26e-861689e7470f" "tx5d6bf8244013426f87c3e-006933a5ea" "proxy-server 97198" 0.0014 "-" 95916 0
Dec 05 22:41:30 np0005548602.novalocal proxy-server[97198]: - - 06/Dec/2025/03/41/30 HEAD /v1/AUTH_d8741d1891ef40e5a7a8c7bee0ab6eed/gnocchi.f47a7cfe-c98f-464b-a26e-861689e7470f HTTP/1.0 204 - Swift - - - - tx5d6bf8244013426f87c3e-006933a5ea - 0.0058 CS - 1764992490.079546213 1764992490.085381031 0 -
Dec 05 22:41:30 np0005548602.novalocal container-server[95917]: ::1 - - [06/Dec/2025:03:41:30 +0000] "GET /2/16720/AUTH_d8741d1891ef40e5a7a8c7bee0ab6eed/gnocchi.f47a7cfe-c98f-464b-a26e-861689e7470f" 200 2 "GET https://[::1]:8080/v1/AUTH_d8741d1891ef40e5a7a8c7bee0ab6eed/gnocchi.f47a7cfe-c98f-464b-a26e-861689e7470f?format=json&states=listing" "tx5d6bf8244013426f87c3e-006933a5ea" "proxy-server 97198" 0.0022 "-" 95917 0
Dec 05 22:41:30 np0005548602.novalocal proxy-server[97198]: ::1 ::1 06/Dec/2025/03/41/30 GET /v1/AUTH_d8741d1891ef40e5a7a8c7bee0ab6eed/gnocchi.f47a7cfe-c98f-464b-a26e-861689e7470f%3Fformat%3Djson%26states%3Dlisting HTTP/1.0 200 - python-swiftclient-4.8.0 gAAAAABpM6W9MtUs... - 2 - tx5d6bf8244013426f87c3e-006933a5ea - 0.0197 - - 1764992490.079072714 1764992490.098731518 0 1229ee3e1d964977b2a5589f27ad366e
Dec 05 22:41:30 np0005548602.novalocal object-server[96249]: ::1 - - [06/Dec/2025:03:41:30 +0000] "GET /1/131337/AUTH_d8741d1891ef40e5a7a8c7bee0ab6eed/gnocchi.f47a7cfe-c98f-464b-a26e-861689e7470f/1764720000.0_mean_300.0_v3" 404 70 "GET https://[::1]:8080/v1/AUTH_d8741d1891ef40e5a7a8c7bee0ab6eed/gnocchi.f47a7cfe-c98f-464b-a26e-861689e7470f/1764720000.0_mean_300.0_v3" "tx9bc72be3ea5f4559a4aaa-006933a5ea" "proxy-server 97198" 0.0003 "-" 96249 0
Dec 05 22:41:30 np0005548602.novalocal object-server[96249]: ::1 - - [06/Dec/2025:03:41:30 +0000] "GET /2/131337/AUTH_d8741d1891ef40e5a7a8c7bee0ab6eed/gnocchi.f47a7cfe-c98f-464b-a26e-861689e7470f/1764720000.0_mean_300.0_v3" 404 70 "GET https://[::1]:8080/v1/AUTH_d8741d1891ef40e5a7a8c7bee0ab6eed/gnocchi.f47a7cfe-c98f-464b-a26e-861689e7470f/1764720000.0_mean_300.0_v3" "tx9bc72be3ea5f4559a4aaa-006933a5ea" "proxy-server 97198" 0.0002 "-" 96249 0
Dec 05 22:41:30 np0005548602.novalocal object-server[96249]: ::1 - - [06/Dec/2025:03:41:30 +0000] "GET /3/131337/AUTH_d8741d1891ef40e5a7a8c7bee0ab6eed/gnocchi.f47a7cfe-c98f-464b-a26e-861689e7470f/1764720000.0_mean_300.0_v3" 404 70 "GET https://[::1]:8080/v1/AUTH_d8741d1891ef40e5a7a8c7bee0ab6eed/gnocchi.f47a7cfe-c98f-464b-a26e-861689e7470f/1764720000.0_mean_300.0_v3" "tx9bc72be3ea5f4559a4aaa-006933a5ea" "proxy-server 97198" 0.0002 "-" 96249 0
Dec 05 22:41:30 np0005548602.novalocal proxy-server[97198]: ::1 ::1 06/Dec/2025/03/41/30 GET /v1/AUTH_d8741d1891ef40e5a7a8c7bee0ab6eed/gnocchi.f47a7cfe-c98f-464b-a26e-861689e7470f/1764720000.0_mean_300.0_v3 HTTP/1.0 404 - python-swiftclient-4.8.0 gAAAAABpM6W9MtUs... - 70 - tx9bc72be3ea5f4559a4aaa-006933a5ea - 0.0099 - - 1764992490.101883411 1764992490.111797810 0 1229ee3e1d964977b2a5589f27ad366e
Dec 05 22:41:30 np0005548602.novalocal container-server[95916]: ::1 - - [06/Dec/2025:03:41:30 +0000] "PUT /1/16720/AUTH_d8741d1891ef40e5a7a8c7bee0ab6eed/gnocchi.f47a7cfe-c98f-464b-a26e-861689e7470f/1764720000.0_mean_300.0_v3" 201 - "PUT http://[::1]:8080/2/131337/AUTH_d8741d1891ef40e5a7a8c7bee0ab6eed/gnocchi.f47a7cfe-c98f-464b-a26e-861689e7470f/1764720000.0_mean_300.0_v3" "tx12da702d26d340d1ba58f-006933a5ea" "object-server 96250" 0.0008 "-" 95916 0
Dec 05 22:41:30 np0005548602.novalocal object-server[96250]: ::1 - - [06/Dec/2025:03:41:30 +0000] "PUT /2/131337/AUTH_d8741d1891ef40e5a7a8c7bee0ab6eed/gnocchi.f47a7cfe-c98f-464b-a26e-861689e7470f/1764720000.0_mean_300.0_v3" 201 - "PUT https://[::1]:8080/v1/AUTH_d8741d1891ef40e5a7a8c7bee0ab6eed/gnocchi.f47a7cfe-c98f-464b-a26e-861689e7470f/1764720000.0_mean_300.0_v3" "tx12da702d26d340d1ba58f-006933a5ea" "proxy-server 97198" 0.0142 "-" 96250 0
Dec 05 22:41:30 np0005548602.novalocal container-server[95917]: ::1 - - [06/Dec/2025:03:41:30 +0000] "PUT /3/16720/AUTH_d8741d1891ef40e5a7a8c7bee0ab6eed/gnocchi.f47a7cfe-c98f-464b-a26e-861689e7470f/1764720000.0_mean_300.0_v3" 201 - "PUT http://[::1]:8080/1/131337/AUTH_d8741d1891ef40e5a7a8c7bee0ab6eed/gnocchi.f47a7cfe-c98f-464b-a26e-861689e7470f/1764720000.0_mean_300.0_v3" "tx12da702d26d340d1ba58f-006933a5ea" "object-server 96250" 0.0019 "-" 95917 0
Dec 05 22:41:30 np0005548602.novalocal container-server[95917]: ::1 - - [06/Dec/2025:03:41:30 +0000] "PUT /2/16720/AUTH_d8741d1891ef40e5a7a8c7bee0ab6eed/gnocchi.f47a7cfe-c98f-464b-a26e-861689e7470f/1764720000.0_mean_300.0_v3" 201 - "PUT http://[::1]:8080/3/131337/AUTH_d8741d1891ef40e5a7a8c7bee0ab6eed/gnocchi.f47a7cfe-c98f-464b-a26e-861689e7470f/1764720000.0_mean_300.0_v3" "tx12da702d26d340d1ba58f-006933a5ea" "object-server 96249" 0.0003 "-" 95917 0
Dec 05 22:41:30 np0005548602.novalocal object-server[96250]: ::1 - - [06/Dec/2025:03:41:30 +0000] "PUT /1/131337/AUTH_d8741d1891ef40e5a7a8c7bee0ab6eed/gnocchi.f47a7cfe-c98f-464b-a26e-861689e7470f/1764720000.0_mean_300.0_v3" 201 - "PUT https://[::1]:8080/v1/AUTH_d8741d1891ef40e5a7a8c7bee0ab6eed/gnocchi.f47a7cfe-c98f-464b-a26e-861689e7470f/1764720000.0_mean_300.0_v3" "tx12da702d26d340d1ba58f-006933a5ea" "proxy-server 97198" 0.0192 "-" 96250 0
Dec 05 22:41:30 np0005548602.novalocal object-server[96249]: ::1 - - [06/Dec/2025:03:41:30 +0000] "PUT /3/131337/AUTH_d8741d1891ef40e5a7a8c7bee0ab6eed/gnocchi.f47a7cfe-c98f-464b-a26e-861689e7470f/1764720000.0_mean_300.0_v3" 201 - "PUT https://[::1]:8080/v1/AUTH_d8741d1891ef40e5a7a8c7bee0ab6eed/gnocchi.f47a7cfe-c98f-464b-a26e-861689e7470f/1764720000.0_mean_300.0_v3" "tx12da702d26d340d1ba58f-006933a5ea" "proxy-server 97198" 0.0203 "-" 96249 0
Dec 05 22:41:30 np0005548602.novalocal proxy-server[97198]: ::1 ::1 06/Dec/2025/03/41/30 PUT /v1/AUTH_d8741d1891ef40e5a7a8c7bee0ab6eed/gnocchi.f47a7cfe-c98f-464b-a26e-861689e7470f/1764720000.0_mean_300.0_v3 HTTP/1.0 201 - python-swiftclient-4.8.0 gAAAAABpM6W9MtUs... 16 - - tx12da702d26d340d1ba58f-006933a5ea - 0.0261 - - 1764992490.113841772 1764992490.139952421 0 1229ee3e1d964977b2a5589f27ad366e
Dec 05 22:41:30 np0005548602.novalocal container-server[95917]: ::1 - - [06/Dec/2025:03:41:30 +0000] "PUT /2/16720/AUTH_d8741d1891ef40e5a7a8c7bee0ab6eed/gnocchi.f47a7cfe-c98f-464b-a26e-861689e7470f/none_v3" 201 - "PUT http://[::1]:8080/1/21250/AUTH_d8741d1891ef40e5a7a8c7bee0ab6eed/gnocchi.f47a7cfe-c98f-464b-a26e-861689e7470f/none_v3" "tx3752de5e709146ea916d2-006933a5ea" "object-server 96249" 0.0003 "-" 95917 0
Dec 05 22:41:30 np0005548602.novalocal object-server[96249]: ::1 - - [06/Dec/2025:03:41:30 +0000] "PUT /1/21250/AUTH_d8741d1891ef40e5a7a8c7bee0ab6eed/gnocchi.f47a7cfe-c98f-464b-a26e-861689e7470f/none_v3" 201 - "PUT https://[::1]:8080/v1/AUTH_d8741d1891ef40e5a7a8c7bee0ab6eed/gnocchi.f47a7cfe-c98f-464b-a26e-861689e7470f/none_v3" "tx3752de5e709146ea916d2-006933a5ea" "proxy-server 97198" 0.0101 "-" 96249 0
Dec 05 22:41:30 np0005548602.novalocal container-server[95917]: ::1 - - [06/Dec/2025:03:41:30 +0000] "PUT /3/16720/AUTH_d8741d1891ef40e5a7a8c7bee0ab6eed/gnocchi.f47a7cfe-c98f-464b-a26e-861689e7470f/none_v3" 201 - "PUT http://[::1]:8080/2/21250/AUTH_d8741d1891ef40e5a7a8c7bee0ab6eed/gnocchi.f47a7cfe-c98f-464b-a26e-861689e7470f/none_v3" "tx3752de5e709146ea916d2-006933a5ea" "object-server 96249" 0.0003 "-" 95917 0
Dec 05 22:41:30 np0005548602.novalocal container-server[95916]: ::1 - - [06/Dec/2025:03:41:30 +0000] "PUT /1/16720/AUTH_d8741d1891ef40e5a7a8c7bee0ab6eed/gnocchi.f47a7cfe-c98f-464b-a26e-861689e7470f/none_v3" 201 - "PUT http://[::1]:8080/3/21250/AUTH_d8741d1891ef40e5a7a8c7bee0ab6eed/gnocchi.f47a7cfe-c98f-464b-a26e-861689e7470f/none_v3" "tx3752de5e709146ea916d2-006933a5ea" "object-server 96249" 0.0008 "-" 95916 0
Dec 05 22:41:30 np0005548602.novalocal object-server[96249]: ::1 - - [06/Dec/2025:03:41:30 +0000] "PUT /2/21250/AUTH_d8741d1891ef40e5a7a8c7bee0ab6eed/gnocchi.f47a7cfe-c98f-464b-a26e-861689e7470f/none_v3" 201 - "PUT https://[::1]:8080/v1/AUTH_d8741d1891ef40e5a7a8c7bee0ab6eed/gnocchi.f47a7cfe-c98f-464b-a26e-861689e7470f/none_v3" "tx3752de5e709146ea916d2-006933a5ea" "proxy-server 97198" 0.0160 "-" 96249 0
Dec 05 22:41:30 np0005548602.novalocal object-server[96249]: ::1 - - [06/Dec/2025:03:41:30 +0000] "PUT /3/21250/AUTH_d8741d1891ef40e5a7a8c7bee0ab6eed/gnocchi.f47a7cfe-c98f-464b-a26e-861689e7470f/none_v3" 201 - "PUT https://[::1]:8080/v1/AUTH_d8741d1891ef40e5a7a8c7bee0ab6eed/gnocchi.f47a7cfe-c98f-464b-a26e-861689e7470f/none_v3" "tx3752de5e709146ea916d2-006933a5ea" "proxy-server 97198" 0.0163 "-" 96249 0
Dec 05 22:41:30 np0005548602.novalocal proxy-server[97198]: ::1 ::1 06/Dec/2025/03/41/30 PUT /v1/AUTH_d8741d1891ef40e5a7a8c7bee0ab6eed/gnocchi.f47a7cfe-c98f-464b-a26e-861689e7470f/none_v3 HTTP/1.0 201 - python-swiftclient-4.8.0 gAAAAABpM6W9MtUs... 22 - - tx3752de5e709146ea916d2-006933a5ea - 0.0252 - - 1764992490.144091606 1764992490.169245720 0 1229ee3e1d964977b2a5589f27ad366e
Dec 05 22:41:30 np0005548602.novalocal container-server[95916]: ::1 - - [06/Dec/2025:03:41:30 +0000] "HEAD /3/174214/AUTH_d8741d1891ef40e5a7a8c7bee0ab6eed/gnocchi.5084d24d-08cd-47de-9f46-3bcb6ffff419" 404 - "HEAD http://[::1]:8080/v1/AUTH_d8741d1891ef40e5a7a8c7bee0ab6eed/gnocchi.5084d24d-08cd-47de-9f46-3bcb6ffff419" "tx48fab17f9e2148f593e88-006933a5ea" "proxy-server 97198" 0.0003 "-" 95916 0
Dec 05 22:41:30 np0005548602.novalocal container-server[95917]: ::1 - - [06/Dec/2025:03:41:30 +0000] "HEAD /2/174214/AUTH_d8741d1891ef40e5a7a8c7bee0ab6eed/gnocchi.5084d24d-08cd-47de-9f46-3bcb6ffff419" 404 - "HEAD http://[::1]:8080/v1/AUTH_d8741d1891ef40e5a7a8c7bee0ab6eed/gnocchi.5084d24d-08cd-47de-9f46-3bcb6ffff419" "tx48fab17f9e2148f593e88-006933a5ea" "proxy-server 97198" 0.0002 "-" 95917 0
Dec 05 22:41:30 np0005548602.novalocal container-server[95917]: ::1 - - [06/Dec/2025:03:41:30 +0000] "HEAD /1/174214/AUTH_d8741d1891ef40e5a7a8c7bee0ab6eed/gnocchi.5084d24d-08cd-47de-9f46-3bcb6ffff419" 404 - "HEAD http://[::1]:8080/v1/AUTH_d8741d1891ef40e5a7a8c7bee0ab6eed/gnocchi.5084d24d-08cd-47de-9f46-3bcb6ffff419" "tx48fab17f9e2148f593e88-006933a5ea" "proxy-server 97198" 0.0002 "-" 95917 0
Dec 05 22:41:30 np0005548602.novalocal proxy-server[97198]: - - 06/Dec/2025/03/41/30 HEAD /v1/AUTH_d8741d1891ef40e5a7a8c7bee0ab6eed/gnocchi.5084d24d-08cd-47de-9f46-3bcb6ffff419 HTTP/1.0 404 - Swift - - - - tx48fab17f9e2148f593e88-006933a5ea - 0.0072 CS - 1764992490.199720621 1764992490.206970215 0 -
Dec 05 22:41:30 np0005548602.novalocal object-server[96249]: ::1 - - [06/Dec/2025:03:41:30 +0000] "GET /3/153549/AUTH_d8741d1891ef40e5a7a8c7bee0ab6eed/gnocchi.5084d24d-08cd-47de-9f46-3bcb6ffff419/none_v3" 404 70 "GET https://[::1]:8080/v1/AUTH_d8741d1891ef40e5a7a8c7bee0ab6eed/gnocchi.5084d24d-08cd-47de-9f46-3bcb6ffff419/none_v3" "tx48fab17f9e2148f593e88-006933a5ea" "proxy-server 97198" 0.0004 "-" 96249 0
Dec 05 22:41:30 np0005548602.novalocal object-server[96250]: ::1 - - [06/Dec/2025:03:41:30 +0000] "GET /1/153549/AUTH_d8741d1891ef40e5a7a8c7bee0ab6eed/gnocchi.5084d24d-08cd-47de-9f46-3bcb6ffff419/none_v3" 404 70 "GET https://[::1]:8080/v1/AUTH_d8741d1891ef40e5a7a8c7bee0ab6eed/gnocchi.5084d24d-08cd-47de-9f46-3bcb6ffff419/none_v3" "tx48fab17f9e2148f593e88-006933a5ea" "proxy-server 97198" 0.0004 "-" 96250 0
Dec 05 22:41:30 np0005548602.novalocal object-server[96249]: ::1 - - [06/Dec/2025:03:41:30 +0000] "GET /2/153549/AUTH_d8741d1891ef40e5a7a8c7bee0ab6eed/gnocchi.5084d24d-08cd-47de-9f46-3bcb6ffff419/none_v3" 404 70 "GET https://[::1]:8080/v1/AUTH_d8741d1891ef40e5a7a8c7bee0ab6eed/gnocchi.5084d24d-08cd-47de-9f46-3bcb6ffff419/none_v3" "tx48fab17f9e2148f593e88-006933a5ea" "proxy-server 97198" 0.0003 "-" 96249 0
Dec 05 22:41:30 np0005548602.novalocal proxy-server[97198]: ::1 ::1 06/Dec/2025/03/41/30 GET /v1/AUTH_d8741d1891ef40e5a7a8c7bee0ab6eed/gnocchi.5084d24d-08cd-47de-9f46-3bcb6ffff419/none_v3 HTTP/1.0 404 - python-swiftclient-4.8.0 gAAAAABpM6W9MtUs... - 70 - tx48fab17f9e2148f593e88-006933a5ea - 0.0175 - - 1764992490.198952913 1764992490.216425419 0 1229ee3e1d964977b2a5589f27ad366e
Dec 05 22:41:30 np0005548602.novalocal account-server[95624]: ::1 - - [06/Dec/2025:03:41:30 +0000] "PUT /3/76100/AUTH_d8741d1891ef40e5a7a8c7bee0ab6eed/gnocchi.5084d24d-08cd-47de-9f46-3bcb6ffff419" 201 - "PUT http://[::1]:6001/2/174214/AUTH_d8741d1891ef40e5a7a8c7bee0ab6eed/gnocchi.5084d24d-08cd-47de-9f46-3bcb6ffff419" "tx36da3f4f522f4c4d9a726-006933a5ea" "container-server 95916" 0.0055 "-" 95624 0
Dec 05 22:41:30 np0005548602.novalocal container-server[95916]: ::1 - - [06/Dec/2025:03:41:30 +0000] "PUT /2/174214/AUTH_d8741d1891ef40e5a7a8c7bee0ab6eed/gnocchi.5084d24d-08cd-47de-9f46-3bcb6ffff419" 201 - "PUT https://[::1]:8080/v1/AUTH_d8741d1891ef40e5a7a8c7bee0ab6eed/gnocchi.5084d24d-08cd-47de-9f46-3bcb6ffff419" "tx36da3f4f522f4c4d9a726-006933a5ea" "proxy-server 97198" 0.0260 "-" 95916 0
Dec 05 22:41:30 np0005548602.novalocal account-server[95624]: ::1 - - [06/Dec/2025:03:41:30 +0000] "PUT /1/76100/AUTH_d8741d1891ef40e5a7a8c7bee0ab6eed/gnocchi.5084d24d-08cd-47de-9f46-3bcb6ffff419" 201 - "PUT http://[::1]:6001/1/174214/AUTH_d8741d1891ef40e5a7a8c7bee0ab6eed/gnocchi.5084d24d-08cd-47de-9f46-3bcb6ffff419" "tx36da3f4f522f4c4d9a726-006933a5ea" "container-server 95916" 0.0043 "-" 95624 0
Dec 05 22:41:30 np0005548602.novalocal container-server[95916]: ::1 - - [06/Dec/2025:03:41:30 +0000] "PUT /1/174214/AUTH_d8741d1891ef40e5a7a8c7bee0ab6eed/gnocchi.5084d24d-08cd-47de-9f46-3bcb6ffff419" 201 - "PUT https://[::1]:8080/v1/AUTH_d8741d1891ef40e5a7a8c7bee0ab6eed/gnocchi.5084d24d-08cd-47de-9f46-3bcb6ffff419" "tx36da3f4f522f4c4d9a726-006933a5ea" "proxy-server 97198" 0.0245 "-" 95916 0
Dec 05 22:41:30 np0005548602.novalocal account-server[95624]: ::1 - - [06/Dec/2025:03:41:30 +0000] "PUT /2/76100/AUTH_d8741d1891ef40e5a7a8c7bee0ab6eed/gnocchi.5084d24d-08cd-47de-9f46-3bcb6ffff419" 201 - "PUT http://[::1]:6001/3/174214/AUTH_d8741d1891ef40e5a7a8c7bee0ab6eed/gnocchi.5084d24d-08cd-47de-9f46-3bcb6ffff419" "tx36da3f4f522f4c4d9a726-006933a5ea" "container-server 95916" 0.0030 "-" 95624 0
Dec 05 22:41:30 np0005548602.novalocal container-server[95916]: ::1 - - [06/Dec/2025:03:41:30 +0000] "PUT /3/174214/AUTH_d8741d1891ef40e5a7a8c7bee0ab6eed/gnocchi.5084d24d-08cd-47de-9f46-3bcb6ffff419" 201 - "PUT https://[::1]:8080/v1/AUTH_d8741d1891ef40e5a7a8c7bee0ab6eed/gnocchi.5084d24d-08cd-47de-9f46-3bcb6ffff419" "tx36da3f4f522f4c4d9a726-006933a5ea" "proxy-server 97198" 0.0221 "-" 95916 0
Dec 05 22:41:30 np0005548602.novalocal proxy-server[97198]: ::1 ::1 06/Dec/2025/03/41/30 PUT /v1/AUTH_d8741d1891ef40e5a7a8c7bee0ab6eed/gnocchi.5084d24d-08cd-47de-9f46-3bcb6ffff419 HTTP/1.0 201 - python-swiftclient-4.8.0 gAAAAABpM6W9MtUs... - - - tx36da3f4f522f4c4d9a726-006933a5ea - 0.0418 - - 1764992490.218735218 1764992490.260544538 0 1229ee3e1d964977b2a5589f27ad366e
Dec 05 22:41:30 np0005548602.novalocal container-server[95916]: ::1 - - [06/Dec/2025:03:41:30 +0000] "HEAD /3/174214/AUTH_d8741d1891ef40e5a7a8c7bee0ab6eed/gnocchi.5084d24d-08cd-47de-9f46-3bcb6ffff419" 204 - "HEAD http://[::1]:8080/v1/AUTH_d8741d1891ef40e5a7a8c7bee0ab6eed/gnocchi.5084d24d-08cd-47de-9f46-3bcb6ffff419" "tx5e31a6cd26244068aad74-006933a5ea" "proxy-server 97198" 0.0018 "-" 95916 0
Dec 05 22:41:30 np0005548602.novalocal proxy-server[97198]: - - 06/Dec/2025/03/41/30 HEAD /v1/AUTH_d8741d1891ef40e5a7a8c7bee0ab6eed/gnocchi.5084d24d-08cd-47de-9f46-3bcb6ffff419 HTTP/1.0 204 - Swift - - - - tx5e31a6cd26244068aad74-006933a5ea - 0.0048 CS - 1764992490.265786409 1764992490.270603895 0 -
Dec 05 22:41:30 np0005548602.novalocal container-server[95916]: ::1 - - [06/Dec/2025:03:41:30 +0000] "GET /3/174214/AUTH_d8741d1891ef40e5a7a8c7bee0ab6eed/gnocchi.5084d24d-08cd-47de-9f46-3bcb6ffff419" 200 2 "GET https://[::1]:8080/v1/AUTH_d8741d1891ef40e5a7a8c7bee0ab6eed/gnocchi.5084d24d-08cd-47de-9f46-3bcb6ffff419?format=json&states=listing" "tx5e31a6cd26244068aad74-006933a5ea" "proxy-server 97198" 0.0024 "-" 95916 0
Dec 05 22:41:30 np0005548602.novalocal proxy-server[97198]: ::1 ::1 06/Dec/2025/03/41/30 GET /v1/AUTH_d8741d1891ef40e5a7a8c7bee0ab6eed/gnocchi.5084d24d-08cd-47de-9f46-3bcb6ffff419%3Fformat%3Djson%26states%3Dlisting HTTP/1.0 200 - python-swiftclient-4.8.0 gAAAAABpM6W9MtUs... - 2 - tx5e31a6cd26244068aad74-006933a5ea - 0.0164 - - 1764992490.265168428 1764992490.281538486 0 1229ee3e1d964977b2a5589f27ad366e
Dec 05 22:41:30 np0005548602.novalocal object-server[96249]: ::1 - - [06/Dec/2025:03:41:30 +0000] "GET /2/188532/AUTH_d8741d1891ef40e5a7a8c7bee0ab6eed/gnocchi.5084d24d-08cd-47de-9f46-3bcb6ffff419/1764720000.0_mean_300.0_v3" 404 70 "GET https://[::1]:8080/v1/AUTH_d8741d1891ef40e5a7a8c7bee0ab6eed/gnocchi.5084d24d-08cd-47de-9f46-3bcb6ffff419/1764720000.0_mean_300.0_v3" "tx7cf00c90dbf344bea43c2-006933a5ea" "proxy-server 97198" 0.0004 "-" 96249 0
Dec 05 22:41:30 np0005548602.novalocal object-server[96249]: ::1 - - [06/Dec/2025:03:41:30 +0000] "GET /3/188532/AUTH_d8741d1891ef40e5a7a8c7bee0ab6eed/gnocchi.5084d24d-08cd-47de-9f46-3bcb6ffff419/1764720000.0_mean_300.0_v3" 404 70 "GET https://[::1]:8080/v1/AUTH_d8741d1891ef40e5a7a8c7bee0ab6eed/gnocchi.5084d24d-08cd-47de-9f46-3bcb6ffff419/1764720000.0_mean_300.0_v3" "tx7cf00c90dbf344bea43c2-006933a5ea" "proxy-server 97198" 0.0002 "-" 96249 0
Dec 05 22:41:30 np0005548602.novalocal object-server[96249]: ::1 - - [06/Dec/2025:03:41:30 +0000] "GET /1/188532/AUTH_d8741d1891ef40e5a7a8c7bee0ab6eed/gnocchi.5084d24d-08cd-47de-9f46-3bcb6ffff419/1764720000.0_mean_300.0_v3" 404 70 "GET https://[::1]:8080/v1/AUTH_d8741d1891ef40e5a7a8c7bee0ab6eed/gnocchi.5084d24d-08cd-47de-9f46-3bcb6ffff419/1764720000.0_mean_300.0_v3" "tx7cf00c90dbf344bea43c2-006933a5ea" "proxy-server 97198" 0.0002 "-" 96249 0
Dec 05 22:41:30 np0005548602.novalocal proxy-server[97198]: ::1 ::1 06/Dec/2025/03/41/30 GET /v1/AUTH_d8741d1891ef40e5a7a8c7bee0ab6eed/gnocchi.5084d24d-08cd-47de-9f46-3bcb6ffff419/1764720000.0_mean_300.0_v3 HTTP/1.0 404 - python-swiftclient-4.8.0 gAAAAABpM6W9MtUs... - 70 - tx7cf00c90dbf344bea43c2-006933a5ea - 0.0119 - - 1764992490.292964935 1764992490.304904699 0 1229ee3e1d964977b2a5589f27ad366e
Dec 05 22:41:30 np0005548602.novalocal container-server[95917]: ::1 - - [06/Dec/2025:03:41:30 +0000] "PUT /1/174214/AUTH_d8741d1891ef40e5a7a8c7bee0ab6eed/gnocchi.5084d24d-08cd-47de-9f46-3bcb6ffff419/1764720000.0_mean_300.0_v3" 201 - "PUT http://[::1]:8080/1/188532/AUTH_d8741d1891ef40e5a7a8c7bee0ab6eed/gnocchi.5084d24d-08cd-47de-9f46-3bcb6ffff419/1764720000.0_mean_300.0_v3" "tx98c8641ddeaa42b9b8182-006933a5ea" "object-server 96249" 0.0006 "-" 95917 0
Dec 05 22:41:30 np0005548602.novalocal object-server[96249]: ::1 - - [06/Dec/2025:03:41:30 +0000] "PUT /1/188532/AUTH_d8741d1891ef40e5a7a8c7bee0ab6eed/gnocchi.5084d24d-08cd-47de-9f46-3bcb6ffff419/1764720000.0_mean_300.0_v3" 201 - "PUT https://[::1]:8080/v1/AUTH_d8741d1891ef40e5a7a8c7bee0ab6eed/gnocchi.5084d24d-08cd-47de-9f46-3bcb6ffff419/1764720000.0_mean_300.0_v3" "tx98c8641ddeaa42b9b8182-006933a5ea" "proxy-server 97198" 0.0092 "-" 96249 0
Dec 05 22:41:30 np0005548602.novalocal container-server[95917]: ::1 - - [06/Dec/2025:03:41:30 +0000] "PUT /3/174214/AUTH_d8741d1891ef40e5a7a8c7bee0ab6eed/gnocchi.5084d24d-08cd-47de-9f46-3bcb6ffff419/1764720000.0_mean_300.0_v3" 201 - "PUT http://[::1]:8080/3/188532/AUTH_d8741d1891ef40e5a7a8c7bee0ab6eed/gnocchi.5084d24d-08cd-47de-9f46-3bcb6ffff419/1764720000.0_mean_300.0_v3" "tx98c8641ddeaa42b9b8182-006933a5ea" "object-server 96250" 0.0003 "-" 95917 0
Dec 05 22:41:30 np0005548602.novalocal container-server[95916]: ::1 - - [06/Dec/2025:03:41:30 +0000] "PUT /2/174214/AUTH_d8741d1891ef40e5a7a8c7bee0ab6eed/gnocchi.5084d24d-08cd-47de-9f46-3bcb6ffff419/1764720000.0_mean_300.0_v3" 201 - "PUT http://[::1]:8080/2/188532/AUTH_d8741d1891ef40e5a7a8c7bee0ab6eed/gnocchi.5084d24d-08cd-47de-9f46-3bcb6ffff419/1764720000.0_mean_300.0_v3" "tx98c8641ddeaa42b9b8182-006933a5ea" "object-server 96250" 0.0009 "-" 95916 0
Dec 05 22:41:30 np0005548602.novalocal object-server[96250]: ::1 - - [06/Dec/2025:03:41:30 +0000] "PUT /3/188532/AUTH_d8741d1891ef40e5a7a8c7bee0ab6eed/gnocchi.5084d24d-08cd-47de-9f46-3bcb6ffff419/1764720000.0_mean_300.0_v3" 201 - "PUT https://[::1]:8080/v1/AUTH_d8741d1891ef40e5a7a8c7bee0ab6eed/gnocchi.5084d24d-08cd-47de-9f46-3bcb6ffff419/1764720000.0_mean_300.0_v3" "tx98c8641ddeaa42b9b8182-006933a5ea" "proxy-server 97198" 0.0088 "-" 96250 0
Dec 05 22:41:30 np0005548602.novalocal object-server[96250]: ::1 - - [06/Dec/2025:03:41:30 +0000] "PUT /2/188532/AUTH_d8741d1891ef40e5a7a8c7bee0ab6eed/gnocchi.5084d24d-08cd-47de-9f46-3bcb6ffff419/1764720000.0_mean_300.0_v3" 201 - "PUT https://[::1]:8080/v1/AUTH_d8741d1891ef40e5a7a8c7bee0ab6eed/gnocchi.5084d24d-08cd-47de-9f46-3bcb6ffff419/1764720000.0_mean_300.0_v3" "tx98c8641ddeaa42b9b8182-006933a5ea" "proxy-server 97198" 0.0107 "-" 96250 0
Dec 05 22:41:30 np0005548602.novalocal proxy-server[97198]: ::1 ::1 06/Dec/2025/03/41/30 PUT /v1/AUTH_d8741d1891ef40e5a7a8c7bee0ab6eed/gnocchi.5084d24d-08cd-47de-9f46-3bcb6ffff419/1764720000.0_mean_300.0_v3 HTTP/1.0 201 - python-swiftclient-4.8.0 gAAAAABpM6W9MtUs... 16 - - tx98c8641ddeaa42b9b8182-006933a5ea - 0.0224 - - 1764992490.307702303 1764992490.330066919 0 1229ee3e1d964977b2a5589f27ad366e
Dec 05 22:41:30 np0005548602.novalocal container-server[95917]: ::1 - - [06/Dec/2025:03:41:30 +0000] "PUT /3/174214/AUTH_d8741d1891ef40e5a7a8c7bee0ab6eed/gnocchi.5084d24d-08cd-47de-9f46-3bcb6ffff419/none_v3" 201 - "PUT http://[::1]:8080/2/153549/AUTH_d8741d1891ef40e5a7a8c7bee0ab6eed/gnocchi.5084d24d-08cd-47de-9f46-3bcb6ffff419/none_v3" "txa9ac48b4ff6e4af4a00a2-006933a5ea" "object-server 96250" 0.0003 "-" 95917 0
Dec 05 22:41:30 np0005548602.novalocal object-server[96250]: ::1 - - [06/Dec/2025:03:41:30 +0000] "PUT /2/153549/AUTH_d8741d1891ef40e5a7a8c7bee0ab6eed/gnocchi.5084d24d-08cd-47de-9f46-3bcb6ffff419/none_v3" 201 - "PUT https://[::1]:8080/v1/AUTH_d8741d1891ef40e5a7a8c7bee0ab6eed/gnocchi.5084d24d-08cd-47de-9f46-3bcb6ffff419/none_v3" "txa9ac48b4ff6e4af4a00a2-006933a5ea" "proxy-server 97198" 0.0095 "-" 96250 0
Dec 05 22:41:30 np0005548602.novalocal container-server[95916]: ::1 - - [06/Dec/2025:03:41:30 +0000] "PUT /2/174214/AUTH_d8741d1891ef40e5a7a8c7bee0ab6eed/gnocchi.5084d24d-08cd-47de-9f46-3bcb6ffff419/none_v3" 201 - "PUT http://[::1]:8080/1/153549/AUTH_d8741d1891ef40e5a7a8c7bee0ab6eed/gnocchi.5084d24d-08cd-47de-9f46-3bcb6ffff419/none_v3" "txa9ac48b4ff6e4af4a00a2-006933a5ea" "object-server 96249" 0.0008 "-" 95916 0
Dec 05 22:41:30 np0005548602.novalocal object-server[96249]: ::1 - - [06/Dec/2025:03:41:30 +0000] "PUT /1/153549/AUTH_d8741d1891ef40e5a7a8c7bee0ab6eed/gnocchi.5084d24d-08cd-47de-9f46-3bcb6ffff419/none_v3" 201 - "PUT https://[::1]:8080/v1/AUTH_d8741d1891ef40e5a7a8c7bee0ab6eed/gnocchi.5084d24d-08cd-47de-9f46-3bcb6ffff419/none_v3" "txa9ac48b4ff6e4af4a00a2-006933a5ea" "proxy-server 97198" 0.0165 "-" 96249 0
Dec 05 22:41:30 np0005548602.novalocal container-server[95916]: ::1 - - [06/Dec/2025:03:41:30 +0000] "PUT /1/174214/AUTH_d8741d1891ef40e5a7a8c7bee0ab6eed/gnocchi.5084d24d-08cd-47de-9f46-3bcb6ffff419/none_v3" 201 - "PUT http://[::1]:8080/3/153549/AUTH_d8741d1891ef40e5a7a8c7bee0ab6eed/gnocchi.5084d24d-08cd-47de-9f46-3bcb6ffff419/none_v3" "txa9ac48b4ff6e4af4a00a2-006933a5ea" "object-server 96249" 0.0007 "-" 95916 0
Dec 05 22:41:30 np0005548602.novalocal object-server[96249]: ::1 - - [06/Dec/2025:03:41:30 +0000] "PUT /3/153549/AUTH_d8741d1891ef40e5a7a8c7bee0ab6eed/gnocchi.5084d24d-08cd-47de-9f46-3bcb6ffff419/none_v3" 201 - "PUT https://[::1]:8080/v1/AUTH_d8741d1891ef40e5a7a8c7bee0ab6eed/gnocchi.5084d24d-08cd-47de-9f46-3bcb6ffff419/none_v3" "txa9ac48b4ff6e4af4a00a2-006933a5ea" "proxy-server 97198" 0.0169 "-" 96249 0
Dec 05 22:41:30 np0005548602.novalocal proxy-server[97198]: ::1 ::1 06/Dec/2025/03/41/30 PUT /v1/AUTH_d8741d1891ef40e5a7a8c7bee0ab6eed/gnocchi.5084d24d-08cd-47de-9f46-3bcb6ffff419/none_v3 HTTP/1.0 201 - python-swiftclient-4.8.0 gAAAAABpM6W9MtUs... 22 - - txa9ac48b4ff6e4af4a00a2-006933a5ea - 0.0252 - - 1764992490.331954479 1764992490.357176542 0 1229ee3e1d964977b2a5589f27ad366e
Dec 05 22:41:30 np0005548602.novalocal container-server[95916]: ::1 - - [06/Dec/2025:03:41:30 +0000] "HEAD /3/189299/AUTH_d8741d1891ef40e5a7a8c7bee0ab6eed/gnocchi.29469c1f-8cf8-4c4e-b8de-671b74960923" 404 - "HEAD http://[::1]:8080/v1/AUTH_d8741d1891ef40e5a7a8c7bee0ab6eed/gnocchi.29469c1f-8cf8-4c4e-b8de-671b74960923" "tx69fe3f528a234813ade2e-006933a5ea" "proxy-server 97198" 0.0005 "-" 95916 0
Dec 05 22:41:30 np0005548602.novalocal container-server[95917]: ::1 - - [06/Dec/2025:03:41:30 +0000] "HEAD /2/189299/AUTH_d8741d1891ef40e5a7a8c7bee0ab6eed/gnocchi.29469c1f-8cf8-4c4e-b8de-671b74960923" 404 - "HEAD http://[::1]:8080/v1/AUTH_d8741d1891ef40e5a7a8c7bee0ab6eed/gnocchi.29469c1f-8cf8-4c4e-b8de-671b74960923" "tx69fe3f528a234813ade2e-006933a5ea" "proxy-server 97198" 0.0002 "-" 95917 0
Dec 05 22:41:30 np0005548602.novalocal container-server[95917]: ::1 - - [06/Dec/2025:03:41:30 +0000] "HEAD /1/189299/AUTH_d8741d1891ef40e5a7a8c7bee0ab6eed/gnocchi.29469c1f-8cf8-4c4e-b8de-671b74960923" 404 - "HEAD http://[::1]:8080/v1/AUTH_d8741d1891ef40e5a7a8c7bee0ab6eed/gnocchi.29469c1f-8cf8-4c4e-b8de-671b74960923" "tx69fe3f528a234813ade2e-006933a5ea" "proxy-server 97198" 0.0001 "-" 95917 0
Dec 05 22:41:30 np0005548602.novalocal proxy-server[97198]: - - 06/Dec/2025/03/41/30 HEAD /v1/AUTH_d8741d1891ef40e5a7a8c7bee0ab6eed/gnocchi.29469c1f-8cf8-4c4e-b8de-671b74960923 HTTP/1.0 404 - Swift - - - - tx69fe3f528a234813ade2e-006933a5ea - 0.0075 CS - 1764992490.376209736 1764992490.383739710 0 -
Dec 05 22:41:30 np0005548602.novalocal object-server[96250]: ::1 - - [06/Dec/2025:03:41:30 +0000] "GET /3/260734/AUTH_d8741d1891ef40e5a7a8c7bee0ab6eed/gnocchi.29469c1f-8cf8-4c4e-b8de-671b74960923/none_v3" 404 70 "GET https://[::1]:8080/v1/AUTH_d8741d1891ef40e5a7a8c7bee0ab6eed/gnocchi.29469c1f-8cf8-4c4e-b8de-671b74960923/none_v3" "tx69fe3f528a234813ade2e-006933a5ea" "proxy-server 97198" 0.0004 "-" 96250 0
Dec 05 22:41:30 np0005548602.novalocal object-server[96250]: ::1 - - [06/Dec/2025:03:41:30 +0000] "GET /1/260734/AUTH_d8741d1891ef40e5a7a8c7bee0ab6eed/gnocchi.29469c1f-8cf8-4c4e-b8de-671b74960923/none_v3" 404 70 "GET https://[::1]:8080/v1/AUTH_d8741d1891ef40e5a7a8c7bee0ab6eed/gnocchi.29469c1f-8cf8-4c4e-b8de-671b74960923/none_v3" "tx69fe3f528a234813ade2e-006933a5ea" "proxy-server 97198" 0.0002 "-" 96250 0
Dec 05 22:41:30 np0005548602.novalocal object-server[96249]: ::1 - - [06/Dec/2025:03:41:30 +0000] "GET /2/260734/AUTH_d8741d1891ef40e5a7a8c7bee0ab6eed/gnocchi.29469c1f-8cf8-4c4e-b8de-671b74960923/none_v3" 404 70 "GET https://[::1]:8080/v1/AUTH_d8741d1891ef40e5a7a8c7bee0ab6eed/gnocchi.29469c1f-8cf8-4c4e-b8de-671b74960923/none_v3" "tx69fe3f528a234813ade2e-006933a5ea" "proxy-server 97198" 0.0003 "-" 96249 0
Dec 05 22:41:30 np0005548602.novalocal proxy-server[97198]: ::1 ::1 06/Dec/2025/03/41/30 GET /v1/AUTH_d8741d1891ef40e5a7a8c7bee0ab6eed/gnocchi.29469c1f-8cf8-4c4e-b8de-671b74960923/none_v3 HTTP/1.0 404 - python-swiftclient-4.8.0 gAAAAABpM6W9MtUs... - 70 - tx69fe3f528a234813ade2e-006933a5ea - 0.0156 - - 1764992490.375649452 1764992490.391205072 0 1229ee3e1d964977b2a5589f27ad366e
Dec 05 22:41:30 np0005548602.novalocal account-server[95624]: ::1 - - [06/Dec/2025:03:41:30 +0000] "PUT /3/76100/AUTH_d8741d1891ef40e5a7a8c7bee0ab6eed/gnocchi.29469c1f-8cf8-4c4e-b8de-671b74960923" 201 - "PUT http://[::1]:6001/3/189299/AUTH_d8741d1891ef40e5a7a8c7bee0ab6eed/gnocchi.29469c1f-8cf8-4c4e-b8de-671b74960923" "txdbb289a69c054022a9253-006933a5ea" "container-server 95917" 0.0050 "-" 95624 0
Dec 05 22:41:30 np0005548602.novalocal container-server[95917]: ::1 - - [06/Dec/2025:03:41:30 +0000] "PUT /3/189299/AUTH_d8741d1891ef40e5a7a8c7bee0ab6eed/gnocchi.29469c1f-8cf8-4c4e-b8de-671b74960923" 201 - "PUT https://[::1]:8080/v1/AUTH_d8741d1891ef40e5a7a8c7bee0ab6eed/gnocchi.29469c1f-8cf8-4c4e-b8de-671b74960923" "txdbb289a69c054022a9253-006933a5ea" "proxy-server 97198" 0.0153 "-" 95917 0
Dec 05 22:41:30 np0005548602.novalocal account-server[95623]: ::1 - - [06/Dec/2025:03:41:30 +0000] "PUT /2/76100/AUTH_d8741d1891ef40e5a7a8c7bee0ab6eed/gnocchi.29469c1f-8cf8-4c4e-b8de-671b74960923" 201 - "PUT http://[::1]:6001/1/189299/AUTH_d8741d1891ef40e5a7a8c7bee0ab6eed/gnocchi.29469c1f-8cf8-4c4e-b8de-671b74960923" "txdbb289a69c054022a9253-006933a5ea" "container-server 95916" 0.0047 "-" 95623 0
Dec 05 22:41:30 np0005548602.novalocal container-server[95916]: ::1 - - [06/Dec/2025:03:41:30 +0000] "PUT /1/189299/AUTH_d8741d1891ef40e5a7a8c7bee0ab6eed/gnocchi.29469c1f-8cf8-4c4e-b8de-671b74960923" 201 - "PUT https://[::1]:8080/v1/AUTH_d8741d1891ef40e5a7a8c7bee0ab6eed/gnocchi.29469c1f-8cf8-4c4e-b8de-671b74960923" "txdbb289a69c054022a9253-006933a5ea" "proxy-server 97198" 0.0240 "-" 95916 0
Dec 05 22:41:30 np0005548602.novalocal account-server[95623]: ::1 - - [06/Dec/2025:03:41:30 +0000] "PUT /1/76100/AUTH_d8741d1891ef40e5a7a8c7bee0ab6eed/gnocchi.29469c1f-8cf8-4c4e-b8de-671b74960923" 201 - "PUT http://[::1]:6001/2/189299/AUTH_d8741d1891ef40e5a7a8c7bee0ab6eed/gnocchi.29469c1f-8cf8-4c4e-b8de-671b74960923" "txdbb289a69c054022a9253-006933a5ea" "container-server 95916" 0.0072 "-" 95623 0
Dec 05 22:41:30 np0005548602.novalocal container-server[95916]: ::1 - - [06/Dec/2025:03:41:30 +0000] "PUT /2/189299/AUTH_d8741d1891ef40e5a7a8c7bee0ab6eed/gnocchi.29469c1f-8cf8-4c4e-b8de-671b74960923" 201 - "PUT https://[::1]:8080/v1/AUTH_d8741d1891ef40e5a7a8c7bee0ab6eed/gnocchi.29469c1f-8cf8-4c4e-b8de-671b74960923" "txdbb289a69c054022a9253-006933a5ea" "proxy-server 97198" 0.0208 "-" 95916 0
Dec 05 22:41:30 np0005548602.novalocal proxy-server[97198]: ::1 ::1 06/Dec/2025/03/41/30 PUT /v1/AUTH_d8741d1891ef40e5a7a8c7bee0ab6eed/gnocchi.29469c1f-8cf8-4c4e-b8de-671b74960923 HTTP/1.0 201 - python-swiftclient-4.8.0 gAAAAABpM6W9MtUs... - - - txdbb289a69c054022a9253-006933a5ea - 0.0456 - - 1764992490.393303871 1764992490.438905954 0 1229ee3e1d964977b2a5589f27ad366e
Dec 05 22:41:30 np0005548602.novalocal container-server[95916]: ::1 - - [06/Dec/2025:03:41:30 +0000] "HEAD /1/189299/AUTH_d8741d1891ef40e5a7a8c7bee0ab6eed/gnocchi.29469c1f-8cf8-4c4e-b8de-671b74960923" 204 - "HEAD http://[::1]:8080/v1/AUTH_d8741d1891ef40e5a7a8c7bee0ab6eed/gnocchi.29469c1f-8cf8-4c4e-b8de-671b74960923" "tx7df0b3b910bb4b038c184-006933a5ea" "proxy-server 97198" 0.0026 "-" 95916 0
Dec 05 22:41:30 np0005548602.novalocal proxy-server[97198]: - - 06/Dec/2025/03/41/30 HEAD /v1/AUTH_d8741d1891ef40e5a7a8c7bee0ab6eed/gnocchi.29469c1f-8cf8-4c4e-b8de-671b74960923 HTTP/1.0 204 - Swift - - - - tx7df0b3b910bb4b038c184-006933a5ea - 0.0063 CS - 1764992490.443485737 1764992490.449749470 0 -
Dec 05 22:41:30 np0005548602.novalocal container-server[95917]: ::1 - - [06/Dec/2025:03:41:30 +0000] "GET /1/189299/AUTH_d8741d1891ef40e5a7a8c7bee0ab6eed/gnocchi.29469c1f-8cf8-4c4e-b8de-671b74960923" 200 2 "GET https://[::1]:8080/v1/AUTH_d8741d1891ef40e5a7a8c7bee0ab6eed/gnocchi.29469c1f-8cf8-4c4e-b8de-671b74960923?format=json&states=listing" "tx7df0b3b910bb4b038c184-006933a5ea" "proxy-server 97198" 0.0027 "-" 95917 0
Dec 05 22:41:30 np0005548602.novalocal proxy-server[97198]: ::1 ::1 06/Dec/2025/03/41/30 GET /v1/AUTH_d8741d1891ef40e5a7a8c7bee0ab6eed/gnocchi.29469c1f-8cf8-4c4e-b8de-671b74960923%3Fformat%3Djson%26states%3Dlisting HTTP/1.0 200 - python-swiftclient-4.8.0 gAAAAABpM6W9MtUs... - 2 - tx7df0b3b910bb4b038c184-006933a5ea - 0.0150 - - 1764992490.442796469 1764992490.457766771 0 1229ee3e1d964977b2a5589f27ad366e
Dec 05 22:41:30 np0005548602.novalocal object-server[96249]: ::1 - - [06/Dec/2025:03:41:30 +0000] "GET /2/56889/AUTH_d8741d1891ef40e5a7a8c7bee0ab6eed/gnocchi.29469c1f-8cf8-4c4e-b8de-671b74960923/1764720000.0_mean_300.0_v3" 404 70 "GET https://[::1]:8080/v1/AUTH_d8741d1891ef40e5a7a8c7bee0ab6eed/gnocchi.29469c1f-8cf8-4c4e-b8de-671b74960923/1764720000.0_mean_300.0_v3" "tx07d9d74b3d91476389aa4-006933a5ea" "proxy-server 97198" 0.0005 "-" 96249 0
Dec 05 22:41:30 np0005548602.novalocal object-server[96250]: ::1 - - [06/Dec/2025:03:41:30 +0000] "GET /3/56889/AUTH_d8741d1891ef40e5a7a8c7bee0ab6eed/gnocchi.29469c1f-8cf8-4c4e-b8de-671b74960923/1764720000.0_mean_300.0_v3" 404 70 "GET https://[::1]:8080/v1/AUTH_d8741d1891ef40e5a7a8c7bee0ab6eed/gnocchi.29469c1f-8cf8-4c4e-b8de-671b74960923/1764720000.0_mean_300.0_v3" "tx07d9d74b3d91476389aa4-006933a5ea" "proxy-server 97198" 0.0004 "-" 96250 0
Dec 05 22:41:30 np0005548602.novalocal object-server[96249]: ::1 - - [06/Dec/2025:03:41:30 +0000] "GET /1/56889/AUTH_d8741d1891ef40e5a7a8c7bee0ab6eed/gnocchi.29469c1f-8cf8-4c4e-b8de-671b74960923/1764720000.0_mean_300.0_v3" 404 70 "GET https://[::1]:8080/v1/AUTH_d8741d1891ef40e5a7a8c7bee0ab6eed/gnocchi.29469c1f-8cf8-4c4e-b8de-671b74960923/1764720000.0_mean_300.0_v3" "tx07d9d74b3d91476389aa4-006933a5ea" "proxy-server 97198" 0.0002 "-" 96249 0
Dec 05 22:41:30 np0005548602.novalocal proxy-server[97198]: ::1 ::1 06/Dec/2025/03/41/30 GET /v1/AUTH_d8741d1891ef40e5a7a8c7bee0ab6eed/gnocchi.29469c1f-8cf8-4c4e-b8de-671b74960923/1764720000.0_mean_300.0_v3 HTTP/1.0 404 - python-swiftclient-4.8.0 gAAAAABpM6W9MtUs... - 70 - tx07d9d74b3d91476389aa4-006933a5ea - 0.0113 - - 1764992490.460124493 1764992490.471408606 0 1229ee3e1d964977b2a5589f27ad366e
Dec 05 22:41:30 np0005548602.novalocal container-server[95917]: ::1 - - [06/Dec/2025:03:41:30 +0000] "PUT /2/189299/AUTH_d8741d1891ef40e5a7a8c7bee0ab6eed/gnocchi.29469c1f-8cf8-4c4e-b8de-671b74960923/1764720000.0_mean_300.0_v3" 201 - "PUT http://[::1]:8080/3/56889/AUTH_d8741d1891ef40e5a7a8c7bee0ab6eed/gnocchi.29469c1f-8cf8-4c4e-b8de-671b74960923/1764720000.0_mean_300.0_v3" "tx6a020cfacee642ee8a100-006933a5ea" "object-server 96249" 0.0009 "-" 95917 0
Dec 05 22:41:30 np0005548602.novalocal object-server[96249]: ::1 - - [06/Dec/2025:03:41:30 +0000] "PUT /3/56889/AUTH_d8741d1891ef40e5a7a8c7bee0ab6eed/gnocchi.29469c1f-8cf8-4c4e-b8de-671b74960923/1764720000.0_mean_300.0_v3" 201 - "PUT https://[::1]:8080/v1/AUTH_d8741d1891ef40e5a7a8c7bee0ab6eed/gnocchi.29469c1f-8cf8-4c4e-b8de-671b74960923/1764720000.0_mean_300.0_v3" "tx6a020cfacee642ee8a100-006933a5ea" "proxy-server 97198" 0.0139 "-" 96249 0
Dec 05 22:41:30 np0005548602.novalocal container-server[95917]: ::1 - - [06/Dec/2025:03:41:30 +0000] "PUT /3/189299/AUTH_d8741d1891ef40e5a7a8c7bee0ab6eed/gnocchi.29469c1f-8cf8-4c4e-b8de-671b74960923/1764720000.0_mean_300.0_v3" 201 - "PUT http://[::1]:8080/1/56889/AUTH_d8741d1891ef40e5a7a8c7bee0ab6eed/gnocchi.29469c1f-8cf8-4c4e-b8de-671b74960923/1764720000.0_mean_300.0_v3" "tx6a020cfacee642ee8a100-006933a5ea" "object-server 96249" 0.0006 "-" 95917 0
Dec 05 22:41:30 np0005548602.novalocal container-server[95916]: ::1 - - [06/Dec/2025:03:41:30 +0000] "PUT /1/189299/AUTH_d8741d1891ef40e5a7a8c7bee0ab6eed/gnocchi.29469c1f-8cf8-4c4e-b8de-671b74960923/1764720000.0_mean_300.0_v3" 201 - "PUT http://[::1]:8080/2/56889/AUTH_d8741d1891ef40e5a7a8c7bee0ab6eed/gnocchi.29469c1f-8cf8-4c4e-b8de-671b74960923/1764720000.0_mean_300.0_v3" "tx6a020cfacee642ee8a100-006933a5ea" "object-server 96249" 0.0008 "-" 95916 0
Dec 05 22:41:30 np0005548602.novalocal object-server[96249]: ::1 - - [06/Dec/2025:03:41:30 +0000] "PUT /1/56889/AUTH_d8741d1891ef40e5a7a8c7bee0ab6eed/gnocchi.29469c1f-8cf8-4c4e-b8de-671b74960923/1764720000.0_mean_300.0_v3" 201 - "PUT https://[::1]:8080/v1/AUTH_d8741d1891ef40e5a7a8c7bee0ab6eed/gnocchi.29469c1f-8cf8-4c4e-b8de-671b74960923/1764720000.0_mean_300.0_v3" "tx6a020cfacee642ee8a100-006933a5ea" "proxy-server 97198" 0.0125 "-" 96249 0
Dec 05 22:41:30 np0005548602.novalocal object-server[96249]: ::1 - - [06/Dec/2025:03:41:30 +0000] "PUT /2/56889/AUTH_d8741d1891ef40e5a7a8c7bee0ab6eed/gnocchi.29469c1f-8cf8-4c4e-b8de-671b74960923/1764720000.0_mean_300.0_v3" 201 - "PUT https://[::1]:8080/v1/AUTH_d8741d1891ef40e5a7a8c7bee0ab6eed/gnocchi.29469c1f-8cf8-4c4e-b8de-671b74960923/1764720000.0_mean_300.0_v3" "tx6a020cfacee642ee8a100-006933a5ea" "proxy-server 97198" 0.0140 "-" 96249 0
Dec 05 22:41:30 np0005548602.novalocal proxy-server[97198]: ::1 ::1 06/Dec/2025/03/41/30 PUT /v1/AUTH_d8741d1891ef40e5a7a8c7bee0ab6eed/gnocchi.29469c1f-8cf8-4c4e-b8de-671b74960923/1764720000.0_mean_300.0_v3 HTTP/1.0 201 - python-swiftclient-4.8.0 gAAAAABpM6W9MtUs... 16 - - tx6a020cfacee642ee8a100-006933a5ea - 0.0244 - - 1764992490.473578691 1764992490.497929811 0 1229ee3e1d964977b2a5589f27ad366e
Dec 05 22:41:30 np0005548602.novalocal container-server[95917]: ::1 - - [06/Dec/2025:03:41:30 +0000] "PUT /3/189299/AUTH_d8741d1891ef40e5a7a8c7bee0ab6eed/gnocchi.29469c1f-8cf8-4c4e-b8de-671b74960923/none_v3" 201 - "PUT http://[::1]:8080/1/260734/AUTH_d8741d1891ef40e5a7a8c7bee0ab6eed/gnocchi.29469c1f-8cf8-4c4e-b8de-671b74960923/none_v3" "tx22f86b985b7846f3aa235-006933a5ea" "object-server 96250" 0.0005 "-" 95917 0
Dec 05 22:41:30 np0005548602.novalocal object-server[96250]: ::1 - - [06/Dec/2025:03:41:30 +0000] "PUT /1/260734/AUTH_d8741d1891ef40e5a7a8c7bee0ab6eed/gnocchi.29469c1f-8cf8-4c4e-b8de-671b74960923/none_v3" 201 - "PUT https://[::1]:8080/v1/AUTH_d8741d1891ef40e5a7a8c7bee0ab6eed/gnocchi.29469c1f-8cf8-4c4e-b8de-671b74960923/none_v3" "tx22f86b985b7846f3aa235-006933a5ea" "proxy-server 97198" 0.0114 "-" 96250 0
Dec 05 22:41:30 np0005548602.novalocal container-server[95916]: ::1 - - [06/Dec/2025:03:41:30 +0000] "PUT /1/189299/AUTH_d8741d1891ef40e5a7a8c7bee0ab6eed/gnocchi.29469c1f-8cf8-4c4e-b8de-671b74960923/none_v3" 201 - "PUT http://[::1]:8080/3/260734/AUTH_d8741d1891ef40e5a7a8c7bee0ab6eed/gnocchi.29469c1f-8cf8-4c4e-b8de-671b74960923/none_v3" "tx22f86b985b7846f3aa235-006933a5ea" "object-server 96250" 0.0007 "-" 95916 0
Dec 05 22:41:30 np0005548602.novalocal container-server[95916]: ::1 - - [06/Dec/2025:03:41:30 +0000] "PUT /2/189299/AUTH_d8741d1891ef40e5a7a8c7bee0ab6eed/gnocchi.29469c1f-8cf8-4c4e-b8de-671b74960923/none_v3" 201 - "PUT http://[::1]:8080/2/260734/AUTH_d8741d1891ef40e5a7a8c7bee0ab6eed/gnocchi.29469c1f-8cf8-4c4e-b8de-671b74960923/none_v3" "tx22f86b985b7846f3aa235-006933a5ea" "object-server 96249" 0.0004 "-" 95916 0
Dec 05 22:41:30 np0005548602.novalocal object-server[96250]: ::1 - - [06/Dec/2025:03:41:30 +0000] "PUT /3/260734/AUTH_d8741d1891ef40e5a7a8c7bee0ab6eed/gnocchi.29469c1f-8cf8-4c4e-b8de-671b74960923/none_v3" 201 - "PUT https://[::1]:8080/v1/AUTH_d8741d1891ef40e5a7a8c7bee0ab6eed/gnocchi.29469c1f-8cf8-4c4e-b8de-671b74960923/none_v3" "tx22f86b985b7846f3aa235-006933a5ea" "proxy-server 97198" 0.0123 "-" 96250 0
Dec 05 22:41:30 np0005548602.novalocal object-server[96249]: ::1 - - [06/Dec/2025:03:41:30 +0000] "PUT /2/260734/AUTH_d8741d1891ef40e5a7a8c7bee0ab6eed/gnocchi.29469c1f-8cf8-4c4e-b8de-671b74960923/none_v3" 201 - "PUT https://[::1]:8080/v1/AUTH_d8741d1891ef40e5a7a8c7bee0ab6eed/gnocchi.29469c1f-8cf8-4c4e-b8de-671b74960923/none_v3" "tx22f86b985b7846f3aa235-006933a5ea" "proxy-server 97198" 0.0128 "-" 96249 0
Dec 05 22:41:30 np0005548602.novalocal proxy-server[97198]: ::1 ::1 06/Dec/2025/03/41/30 PUT /v1/AUTH_d8741d1891ef40e5a7a8c7bee0ab6eed/gnocchi.29469c1f-8cf8-4c4e-b8de-671b74960923/none_v3 HTTP/1.0 201 - python-swiftclient-4.8.0 gAAAAABpM6W9MtUs... 22 - - tx22f86b985b7846f3aa235-006933a5ea - 0.0233 - - 1764992490.499744415 1764992490.523044109 0 1229ee3e1d964977b2a5589f27ad366e
Dec 05 22:41:30 np0005548602.novalocal container-server[95917]: ::1 - - [06/Dec/2025:03:41:30 +0000] "HEAD /1/114169/AUTH_d8741d1891ef40e5a7a8c7bee0ab6eed/gnocchi.c0ebd2cf-d4eb-4d39-b98f-9c394a9a6ba7" 404 - "HEAD http://[::1]:8080/v1/AUTH_d8741d1891ef40e5a7a8c7bee0ab6eed/gnocchi.c0ebd2cf-d4eb-4d39-b98f-9c394a9a6ba7" "tx4c0e7b1cdf0f45d69cb27-006933a5ea" "proxy-server 97198" 0.0004 "-" 95917 0
Dec 05 22:41:30 np0005548602.novalocal container-server[95916]: ::1 - - [06/Dec/2025:03:41:30 +0000] "HEAD /2/114169/AUTH_d8741d1891ef40e5a7a8c7bee0ab6eed/gnocchi.c0ebd2cf-d4eb-4d39-b98f-9c394a9a6ba7" 404 - "HEAD http://[::1]:8080/v1/AUTH_d8741d1891ef40e5a7a8c7bee0ab6eed/gnocchi.c0ebd2cf-d4eb-4d39-b98f-9c394a9a6ba7" "tx4c0e7b1cdf0f45d69cb27-006933a5ea" "proxy-server 97198" 0.0002 "-" 95916 0
Dec 05 22:41:30 np0005548602.novalocal container-server[95917]: ::1 - - [06/Dec/2025:03:41:30 +0000] "HEAD /3/114169/AUTH_d8741d1891ef40e5a7a8c7bee0ab6eed/gnocchi.c0ebd2cf-d4eb-4d39-b98f-9c394a9a6ba7" 404 - "HEAD http://[::1]:8080/v1/AUTH_d8741d1891ef40e5a7a8c7bee0ab6eed/gnocchi.c0ebd2cf-d4eb-4d39-b98f-9c394a9a6ba7" "tx4c0e7b1cdf0f45d69cb27-006933a5ea" "proxy-server 97198" 0.0001 "-" 95917 0
Dec 05 22:41:30 np0005548602.novalocal proxy-server[97198]: - - 06/Dec/2025/03/41/30 HEAD /v1/AUTH_d8741d1891ef40e5a7a8c7bee0ab6eed/gnocchi.c0ebd2cf-d4eb-4d39-b98f-9c394a9a6ba7 HTTP/1.0 404 - Swift - - - - tx4c0e7b1cdf0f45d69cb27-006933a5ea - 0.0075 CS - 1764992490.540234089 1764992490.547687531 0 -
Dec 05 22:41:30 np0005548602.novalocal object-server[96250]: ::1 - - [06/Dec/2025:03:41:30 +0000] "GET /2/136670/AUTH_d8741d1891ef40e5a7a8c7bee0ab6eed/gnocchi.c0ebd2cf-d4eb-4d39-b98f-9c394a9a6ba7/none_v3" 404 70 "GET https://[::1]:8080/v1/AUTH_d8741d1891ef40e5a7a8c7bee0ab6eed/gnocchi.c0ebd2cf-d4eb-4d39-b98f-9c394a9a6ba7/none_v3" "tx4c0e7b1cdf0f45d69cb27-006933a5ea" "proxy-server 97198" 0.0005 "-" 96250 0
Dec 05 22:41:30 np0005548602.novalocal object-server[96250]: ::1 - - [06/Dec/2025:03:41:30 +0000] "GET /1/136670/AUTH_d8741d1891ef40e5a7a8c7bee0ab6eed/gnocchi.c0ebd2cf-d4eb-4d39-b98f-9c394a9a6ba7/none_v3" 404 70 "GET https://[::1]:8080/v1/AUTH_d8741d1891ef40e5a7a8c7bee0ab6eed/gnocchi.c0ebd2cf-d4eb-4d39-b98f-9c394a9a6ba7/none_v3" "tx4c0e7b1cdf0f45d69cb27-006933a5ea" "proxy-server 97198" 0.0002 "-" 96250 0
Dec 05 22:41:30 np0005548602.novalocal object-server[96250]: ::1 - - [06/Dec/2025:03:41:30 +0000] "GET /3/136670/AUTH_d8741d1891ef40e5a7a8c7bee0ab6eed/gnocchi.c0ebd2cf-d4eb-4d39-b98f-9c394a9a6ba7/none_v3" 404 70 "GET https://[::1]:8080/v1/AUTH_d8741d1891ef40e5a7a8c7bee0ab6eed/gnocchi.c0ebd2cf-d4eb-4d39-b98f-9c394a9a6ba7/none_v3" "tx4c0e7b1cdf0f45d69cb27-006933a5ea" "proxy-server 97198" 0.0002 "-" 96250 0
