2025-10-11 10:58:40.731 10 INFO nova.api.openstack.requestlog [None req-09a3dea5-da80-4ee7-b045-ad9571d4e955 - - - - - -] 10.129.0.2 "GET /" status: 200 len: 375 microversion: - time: 0.001594
2025-10-11 10:58:40.731 11 DEBUG nova.api.openstack.wsgi [None req-eda4b114-2955-4caf-b50a-1cab68ac5dfc - - - - - -] Calling method '>' _process_stack /usr/lib/python3.9/site-packages/nova/api/openstack/wsgi.py:513
2025-10-11 10:58:40.733 11 INFO nova.api.openstack.requestlog [None req-eda4b114-2955-4caf-b50a-1cab68ac5dfc - - - - - -] 10.129.0.2 "GET /" status: 200 len: 375 microversion: - time: 0.001704
2025-10-11 10:58:40.744 10 DEBUG nova.api.openstack.wsgi [None req-09a3dea5-da80-4ee7-b045-ad9571d4e955 - - - - - -] Calling method '>' _process_stack /usr/lib/python3.9/site-packages/nova/api/openstack/wsgi.py:513
2025-10-11 10:58:40.746 10 INFO nova.api.openstack.requestlog [None req-09a3dea5-da80-4ee7-b045-ad9571d4e955 - - - - - -] 10.129.0.2 "GET /" status: 200 len: 375 microversion: - time: 0.002204
2025-10-11 10:58:40.933 11 DEBUG nova.api.openstack.wsgi [None req-eda4b114-2955-4caf-b50a-1cab68ac5dfc - - - - - -] Calling method '>' _process_stack /usr/lib/python3.9/site-packages/nova/api/openstack/wsgi.py:513
2025-10-11 10:58:40.934 11 INFO nova.api.openstack.requestlog [None req-eda4b114-2955-4caf-b50a-1cab68ac5dfc - - - - - -] 10.129.0.2 "GET /" status: 200 len: 375 microversion: - time: 0.001555
2025-10-11 10:58:50.734 10 DEBUG nova.api.openstack.wsgi [None req-09a3dea5-da80-4ee7-b045-ad9571d4e955 - - - - - -] Calling method '>' _process_stack /usr/lib/python3.9/site-packages/nova/api/openstack/wsgi.py:513
2025-10-11 10:58:50.736 10 INFO nova.api.openstack.requestlog [None req-09a3dea5-da80-4ee7-b045-ad9571d4e955 - - - - - -] 10.129.0.2 "GET /" status: 200 len: 375 microversion: - time: 0.001852
2025-10-11 10:58:50.737 11 DEBUG nova.api.openstack.wsgi [None req-eda4b114-2955-4caf-b50a-1cab68ac5dfc - - - - - -] Calling method '>' _process_stack /usr/lib/python3.9/site-packages/nova/api/openstack/wsgi.py:513
2025-10-11 10:58:50.738 10 DEBUG nova.api.openstack.wsgi [None req-09a3dea5-da80-4ee7-b045-ad9571d4e955 - - - - - -] Calling method '>' _process_stack /usr/lib/python3.9/site-packages/nova/api/openstack/wsgi.py:513
2025-10-11 10:58:50.739 11 INFO nova.api.openstack.requestlog [None req-eda4b114-2955-4caf-b50a-1cab68ac5dfc - - - - - -] 10.129.0.2 "GET /" status: 200 len: 375 microversion: - time: 0.004464
2025-10-11 10:58:50.739 10 INFO nova.api.openstack.requestlog [None req-09a3dea5-da80-4ee7-b045-ad9571d4e955 - - - - - -] 10.129.0.2 "GET /" status: 200 len: 375 microversion: - time: 0.001058
2025-10-11 10:58:50.741 11 DEBUG nova.api.openstack.wsgi [None req-eda4b114-2955-4caf-b50a-1cab68ac5dfc - - - - - -] Calling method '>' _process_stack /usr/lib/python3.9/site-packages/nova/api/openstack/wsgi.py:513
2025-10-11 10:58:50.742 11 INFO nova.api.openstack.requestlog [None req-eda4b114-2955-4caf-b50a-1cab68ac5dfc - - - - - -] 10.129.0.2 "GET /" status: 200 len: 375 microversion: - time: 0.001320
2025-10-11 10:59:20.728 10 DEBUG nova.api.openstack.wsgi [None req-09a3dea5-da80-4ee7-b045-ad9571d4e955 - - - - - -] Calling method '>' _process_stack /usr/lib/python3.9/site-packages/nova/api/openstack/wsgi.py:513
2025-10-11 10:59:20.729 10 INFO nova.api.openstack.requestlog [None req-09a3dea5-da80-4ee7-b045-ad9571d4e955 - - - - - -] 10.129.0.2 "GET /" status: 200 len: 375 microversion: - time: 0.001170
2025-10-11 10:59:20.729 11 DEBUG nova.api.openstack.wsgi [None req-eda4b114-2955-4caf-b50a-1cab68ac5dfc - - - - - -] Calling method '>' _process_stack /usr/lib/python3.9/site-packages/nova/api/openstack/wsgi.py:513
2025-10-11 10:59:20.730 10 DEBUG nova.api.openstack.wsgi [None req-09a3dea5-da80-4ee7-b045-ad9571d4e955 - - - - - -] Calling method '>' _process_stack /usr/lib/python3.9/site-packages/nova/api/openstack/wsgi.py:513
2025-10-11 10:59:20.731 10 INFO nova.api.openstack.requestlog [None req-09a3dea5-da80-4ee7-b045-ad9571d4e955 - - - - - -] 10.129.0.2 "GET /" status: 200 len: 375 microversion: - time: 0.000572
2025-10-11 10:59:20.732 10 DEBUG nova.api.openstack.wsgi [None req-09a3dea5-da80-4ee7-b045-ad9571d4e955 - - - - - -] Calling method '>' _process_stack /usr/lib/python3.9/site-packages/nova/api/openstack/wsgi.py:513
2025-10-11 10:59:20.731 11 INFO nova.api.openstack.requestlog [None req-eda4b114-2955-4caf-b50a-1cab68ac5dfc - - - - - -] 10.129.0.2 "GET /" status: 200 len: 375 microversion: - time: 0.002318
2025-10-11 10:59:20.733 10 INFO nova.api.openstack.requestlog [None req-09a3dea5-da80-4ee7-b045-ad9571d4e955 - - - - - -] 10.129.0.2 "GET /" status: 200 len: 375 microversion: - time: 0.001348
2025-10-11 10:59:50.730 11 DEBUG nova.api.openstack.wsgi [None req-eda4b114-2955-4caf-b50a-1cab68ac5dfc - - - - - -] Calling method '>' _process_stack /usr/lib/python3.9/site-packages/nova/api/openstack/wsgi.py:513
2025-10-11 10:59:50.732 10 DEBUG nova.api.openstack.wsgi [None req-09a3dea5-da80-4ee7-b045-ad9571d4e955 - - - - - -] Calling method '>' _process_stack /usr/lib/python3.9/site-packages/nova/api/openstack/wsgi.py:513
2025-10-11 10:59:50.732 11 INFO nova.api.openstack.requestlog [None req-eda4b114-2955-4caf-b50a-1cab68ac5dfc - - - - - -] 10.129.0.2 "GET /" status: 200 len: 375 microversion: - time: 0.002001
2025-10-11 10:59:50.733 10 INFO nova.api.openstack.requestlog [None req-09a3dea5-da80-4ee7-b045-ad9571d4e955 - - - - - -] 10.129.0.2 "GET /" status: 200 len: 375 microversion: - time: 0.001417
2025-10-11 10:59:50.734 11 DEBUG nova.api.openstack.wsgi [None req-eda4b114-2955-4caf-b50a-1cab68ac5dfc - - - - - -] Calling method '>' _process_stack /usr/lib/python3.9/site-packages/nova/api/openstack/wsgi.py:513
2025-10-11 10:59:50.735 10 DEBUG nova.api.openstack.wsgi [None req-09a3dea5-da80-4ee7-b045-ad9571d4e955 - - - - - -] Calling method '>' _process_stack /usr/lib/python3.9/site-packages/nova/api/openstack/wsgi.py:513
2025-10-11 10:59:50.736 10 INFO nova.api.openstack.requestlog [None req-09a3dea5-da80-4ee7-b045-ad9571d4e955 - - - - - -] 10.129.0.2 "GET /" status: 200 len: 375 microversion: - time: 0.000503
2025-10-11 10:59:50.736 11 INFO nova.api.openstack.requestlog [None req-eda4b114-2955-4caf-b50a-1cab68ac5dfc - - - - - -] 10.129.0.2 "GET /" status: 200 len: 375 microversion: - time: 0.001382
2025-10-11 11:00:20.733 10 DEBUG nova.api.openstack.wsgi [None req-09a3dea5-da80-4ee7-b045-ad9571d4e955 - - - - - -] Calling method '>' _process_stack /usr/lib/python3.9/site-packages/nova/api/openstack/wsgi.py:513
2025-10-11 11:00:20.734 10 INFO nova.api.openstack.requestlog [None req-09a3dea5-da80-4ee7-b045-ad9571d4e955 - - - - - -] 10.129.0.2 "GET /" status: 200 len: 375 microversion: - time: 0.001233
2025-10-11 11:00:20.735 10 DEBUG nova.api.openstack.wsgi [None req-09a3dea5-da80-4ee7-b045-ad9571d4e955 - - - - - -] Calling method '>' _process_stack /usr/lib/python3.9/site-packages/nova/api/openstack/wsgi.py:513
2025-10-11 11:00:20.735 11 DEBUG nova.api.openstack.wsgi [None req-eda4b114-2955-4caf-b50a-1cab68ac5dfc - - - - - -] Calling method '>' _process_stack /usr/lib/python3.9/site-packages/nova/api/openstack/wsgi.py:513
2025-10-11 11:00:20.736 10 INFO nova.api.openstack.requestlog [None req-09a3dea5-da80-4ee7-b045-ad9571d4e955 - - - - - -] 10.129.0.2 "GET /" status: 200 len: 375 microversion: - time: 0.000670
2025-10-11 11:00:20.737 10 DEBUG nova.api.openstack.wsgi [None req-09a3dea5-da80-4ee7-b045-ad9571d4e955 - - - - - -] Calling method '>' _process_stack /usr/lib/python3.9/site-packages/nova/api/openstack/wsgi.py:513
2025-10-11 11:00:20.737 11 INFO nova.api.openstack.requestlog [None req-eda4b114-2955-4caf-b50a-1cab68ac5dfc - - - - - -] 10.129.0.2 "GET /" status: 200 len: 375 microversion: - time: 0.001746
2025-10-11 11:00:20.737 10 INFO nova.api.openstack.requestlog [None req-09a3dea5-da80-4ee7-b045-ad9571d4e955 - - - - - -] 10.129.0.2 "GET /" status: 200 len: 375 microversion: - time: 0.001022
2025-10-11 11:00:50.735 11 DEBUG nova.api.openstack.wsgi [None req-eda4b114-2955-4caf-b50a-1cab68ac5dfc - - - - - -] Calling method '>' _process_stack /usr/lib/python3.9/site-packages/nova/api/openstack/wsgi.py:513
2025-10-11 11:00:50.736 10 DEBUG nova.api.openstack.wsgi [None req-09a3dea5-da80-4ee7-b045-ad9571d4e955 - - - - - -] Calling method '>' _process_stack /usr/lib/python3.9/site-packages/nova/api/openstack/wsgi.py:513
2025-10-11 11:00:50.737 10 INFO nova.api.openstack.requestlog [None req-09a3dea5-da80-4ee7-b045-ad9571d4e955 - - - - - -] 10.129.0.2 "GET /" status: 200 len: 375 microversion: - time: 0.001998
2025-10-11 11:00:50.737 11 INFO nova.api.openstack.requestlog [None req-eda4b114-2955-4caf-b50a-1cab68ac5dfc - - - - - -] 10.129.0.2 "GET /" status: 200 len: 375 microversion: - time: 0.002144
2025-10-11 11:00:50.741 10 DEBUG nova.api.openstack.wsgi [None req-09a3dea5-da80-4ee7-b045-ad9571d4e955 - - - - - -] Calling method '>' _process_stack /usr/lib/python3.9/site-packages/nova/api/openstack/wsgi.py:513
2025-10-11 11:00:50.743 10 INFO nova.api.openstack.requestlog [None req-09a3dea5-da80-4ee7-b045-ad9571d4e955 - - - - - -] 10.129.0.2 "GET /" status: 200 len: 375 microversion: - time: 0.002201
2025-10-11 11:00:50.745 11 DEBUG nova.api.openstack.wsgi [None req-eda4b114-2955-4caf-b50a-1cab68ac5dfc - - - - - -] Calling method '>' _process_stack /usr/lib/python3.9/site-packages/nova/api/openstack/wsgi.py:513
2025-10-11 11:00:50.746 11 INFO nova.api.openstack.requestlog [None req-eda4b114-2955-4caf-b50a-1cab68ac5dfc - - - - - -] 10.129.0.2 "GET /" status: 200 len: 375 microversion: - time: 0.002021
2025-10-11 11:01:20.731 10 DEBUG nova.api.openstack.wsgi [None req-09a3dea5-da80-4ee7-b045-ad9571d4e955 - - - - - -] Calling method '>' _process_stack /usr/lib/python3.9/site-packages/nova/api/openstack/wsgi.py:513
2025-10-11 11:01:20.732 10 INFO nova.api.openstack.requestlog [None req-09a3dea5-da80-4ee7-b045-ad9571d4e955 - - - - - -] 10.129.0.2 "GET /" status: 200 len: 375 microversion: - time: 0.001811
2025-10-11 11:01:20.735 10 DEBUG nova.api.openstack.wsgi [None req-09a3dea5-da80-4ee7-b045-ad9571d4e955 - - - - - -] Calling method '>' _process_stack /usr/lib/python3.9/site-packages/nova/api/openstack/wsgi.py:513
2025-10-11 11:01:20.736 10 INFO nova.api.openstack.requestlog [None req-09a3dea5-da80-4ee7-b045-ad9571d4e955 - - - - - -] 10.129.0.2 "GET /" status: 200 len: 375 microversion: - time: 0.002280
2025-10-11 11:01:20.737 11 DEBUG nova.api.openstack.wsgi [None req-eda4b114-2955-4caf-b50a-1cab68ac5dfc - - - - - -] Calling method '>' _process_stack /usr/lib/python3.9/site-packages/nova/api/openstack/wsgi.py:513
2025-10-11 11:01:20.738 10 DEBUG nova.api.openstack.wsgi [None req-09a3dea5-da80-4ee7-b045-ad9571d4e955 - - - - - -] Calling method '>' _process_stack /usr/lib/python3.9/site-packages/nova/api/openstack/wsgi.py:513
2025-10-11 11:01:20.739 10 INFO nova.api.openstack.requestlog [None req-09a3dea5-da80-4ee7-b045-ad9571d4e955 - - - - - -] 10.129.0.2 "GET /" status: 200 len: 375 microversion: - time: 0.001091
2025-10-11 11:01:20.741 11 INFO nova.api.openstack.requestlog [None req-eda4b114-2955-4caf-b50a-1cab68ac5dfc - - - - - -] 10.129.0.2 "GET /" status: 200 len: 375 microversion: - time: 0.004345
2025-10-11 11:01:50.734 11 DEBUG nova.api.openstack.wsgi [None req-eda4b114-2955-4caf-b50a-1cab68ac5dfc - - - - - -] Calling method '>' _process_stack /usr/lib/python3.9/site-packages/nova/api/openstack/wsgi.py:513
2025-10-11 11:01:50.733 10 DEBUG nova.api.openstack.wsgi [None req-09a3dea5-da80-4ee7-b045-ad9571d4e955 - - - - - -] Calling method '>' _process_stack /usr/lib/python3.9/site-packages/nova/api/openstack/wsgi.py:513
2025-10-11 11:01:50.736 11 INFO nova.api.openstack.requestlog [None req-eda4b114-2955-4caf-b50a-1cab68ac5dfc - - - - - -] 10.129.0.2 "GET /" status: 200 len: 375 microversion: - time: 0.001665
2025-10-11 11:01:50.736 10 INFO nova.api.openstack.requestlog [None req-09a3dea5-da80-4ee7-b045-ad9571d4e955 - - - - - -] 10.129.0.2 "GET /" status: 200 len: 375 microversion: - time: 0.003171
2025-10-11 11:01:50.736 11 DEBUG nova.api.openstack.wsgi [None req-eda4b114-2955-4caf-b50a-1cab68ac5dfc - - - - - -] Calling method '>' _process_stack /usr/lib/python3.9/site-packages/nova/api/openstack/wsgi.py:513
2025-10-11 11:01:50.737 11 INFO nova.api.openstack.requestlog [None req-eda4b114-2955-4caf-b50a-1cab68ac5dfc - - - - - -] 10.129.0.2 "GET /" status: 200 len: 375 microversion: - time: 0.000464
2025-10-11 11:01:50.738 10 DEBUG nova.api.openstack.wsgi [None req-09a3dea5-da80-4ee7-b045-ad9571d4e955 - - - - - -] Calling method '>' _process_stack /usr/lib/python3.9/site-packages/nova/api/openstack/wsgi.py:513
2025-10-11 11:01:50.739 10 INFO nova.api.openstack.requestlog [None req-09a3dea5-da80-4ee7-b045-ad9571d4e955 - - - - - -] 10.129.0.2 "GET /" status: 200 len: 375 microversion: - time: 0.001376
2025-10-11 11:02:12.633 11 DEBUG nova.api.openstack.wsgi [None req-6db7e0d5-f9f7-4332-8d6a-5c93dab81889 c745a185e90a4811b30d6496a18097ff 2332d0b478da4463a529bc6a41906a80 - - default default] Calling method '.version_select at 0x7f1ae3b69af0>' _process_stack /usr/lib/python3.9/site-packages/nova/api/openstack/wsgi.py:513
2025-10-11 11:02:12.720 11 INFO nova.api.openstack.requestlog [None req-6db7e0d5-f9f7-4332-8d6a-5c93dab81889 c745a185e90a4811b30d6496a18097ff 2332d0b478da4463a529bc6a41906a80 - - default default] 10.129.0.97 "GET /v2.1/os-quota-sets/18af13ddd95e45ae9810b2bdd9367db8" status: 200 len: 280 microversion: 2.55 time: 0.857034
2025-10-11 11:02:16.650 10 DEBUG nova.api.openstack.wsgi [None req-1f2bdb1c-9802-4d50-8976-807d3e374b75 c745a185e90a4811b30d6496a18097ff 2332d0b478da4463a529bc6a41906a80 - - default default] Calling method '.version_select at 0x7f1ae3a1f280>' _process_stack /usr/lib/python3.9/site-packages/nova/api/openstack/wsgi.py:513
2025-10-11 11:02:16.717 10 INFO nova.api.openstack.requestlog [None req-1f2bdb1c-9802-4d50-8976-807d3e374b75 c745a185e90a4811b30d6496a18097ff 2332d0b478da4463a529bc6a41906a80 - - default default] 10.129.0.97 "GET /v2.1/os-quota-sets/18af13ddd95e45ae9810b2bdd9367db8" status: 200 len: 280 microversion: 2.55 time: 0.738472
2025-10-11 11:02:20.731 10 DEBUG nova.api.openstack.wsgi [None req-1f2bdb1c-9802-4d50-8976-807d3e374b75 c745a185e90a4811b30d6496a18097ff 2332d0b478da4463a529bc6a41906a80 - - default default] Calling method '>' _process_stack /usr/lib/python3.9/site-packages/nova/api/openstack/wsgi.py:513
2025-10-11 11:02:20.732 11 DEBUG nova.api.openstack.wsgi [None req-6db7e0d5-f9f7-4332-8d6a-5c93dab81889 c745a185e90a4811b30d6496a18097ff 2332d0b478da4463a529bc6a41906a80 - - default default] Calling method '>' _process_stack /usr/lib/python3.9/site-packages/nova/api/openstack/wsgi.py:513
2025-10-11 11:02:20.733 10 INFO nova.api.openstack.requestlog [None req-1f2bdb1c-9802-4d50-8976-807d3e374b75 c745a185e90a4811b30d6496a18097ff 2332d0b478da4463a529bc6a41906a80 - - default default] 10.129.0.2 "GET /" status: 200 len: 375 microversion: - time: 0.002174
2025-10-11 11:02:20.734 11 INFO nova.api.openstack.requestlog [None req-6db7e0d5-f9f7-4332-8d6a-5c93dab81889 c745a185e90a4811b30d6496a18097ff 2332d0b478da4463a529bc6a41906a80 - - default default] 10.129.0.2 "GET /" status: 200 len: 375 microversion: - time: 0.002013
2025-10-11 11:02:20.739 10 DEBUG nova.api.openstack.wsgi [None req-1f2bdb1c-9802-4d50-8976-807d3e374b75 c745a185e90a4811b30d6496a18097ff 2332d0b478da4463a529bc6a41906a80 - - default default] Calling method '>' _process_stack /usr/lib/python3.9/site-packages/nova/api/openstack/wsgi.py:513
2025-10-11 11:02:20.740 10 INFO nova.api.openstack.requestlog [None req-1f2bdb1c-9802-4d50-8976-807d3e374b75 c745a185e90a4811b30d6496a18097ff 2332d0b478da4463a529bc6a41906a80 - - default default] 10.129.0.2 "GET /" status: 200 len: 375 microversion: - time: 0.001555
2025-10-11 11:02:20.740 11 DEBUG nova.api.openstack.wsgi [None req-6db7e0d5-f9f7-4332-8d6a-5c93dab81889 c745a185e90a4811b30d6496a18097ff 2332d0b478da4463a529bc6a41906a80 - - default default] Calling method '>' _process_stack /usr/lib/python3.9/site-packages/nova/api/openstack/wsgi.py:513
2025-10-11 11:02:20.742 11 INFO nova.api.openstack.requestlog [None req-6db7e0d5-f9f7-4332-8d6a-5c93dab81889 c745a185e90a4811b30d6496a18097ff 2332d0b478da4463a529bc6a41906a80 - - default default] 10.129.0.2 "GET /" status: 200 len: 375 microversion: - time: 0.004310
2025-10-11 11:02:27.953 10 DEBUG nova.api.openstack.wsgi [None req-cc708005-5a5a-49a7-a7bc-e75fb3da7a20 c745a185e90a4811b30d6496a18097ff 2332d0b478da4463a529bc6a41906a80 - - default default] Calling method '.version_select at 0x7f1ae3442b80>' _process_stack /usr/lib/python3.9/site-packages/nova/api/openstack/wsgi.py:513
2025-10-11 11:02:28.054 10 INFO nova.api.openstack.requestlog [None req-cc708005-5a5a-49a7-a7bc-e75fb3da7a20 c745a185e90a4811b30d6496a18097ff 2332d0b478da4463a529bc6a41906a80 - - default default] 10.129.0.97 "GET /v2.1/os-quota-sets/18af13ddd95e45ae9810b2bdd9367db8" status: 200 len: 280 microversion: 2.55 time: 0.206767
2025-10-11 11:02:34.785 11 DEBUG nova.api.openstack.wsgi [None req-9da8ab95-1bb8-4899-b6b5-c8368e244fa4 c745a185e90a4811b30d6496a18097ff 2332d0b478da4463a529bc6a41906a80 - - default default] Calling method '.version_select at 0x7f1ae3390b80>' _process_stack /usr/lib/python3.9/site-packages/nova/api/openstack/wsgi.py:513
2025-10-11 11:02:34.867 11 INFO nova.api.openstack.requestlog [None req-9da8ab95-1bb8-4899-b6b5-c8368e244fa4 c745a185e90a4811b30d6496a18097ff 2332d0b478da4463a529bc6a41906a80 - - default default] 10.129.0.97 "GET /v2.1/os-quota-sets/18af13ddd95e45ae9810b2bdd9367db8" status: 200 len: 280 microversion: 2.55 time: 0.186192
2025-10-11 11:02:41.141 10 DEBUG nova.api.openstack.wsgi [None req-9d55ffd3-f8dc-4c79-ad1f-77579adfdcc4 c745a185e90a4811b30d6496a18097ff 2332d0b478da4463a529bc6a41906a80 - - default default] Calling method '.version_select at 0x7f1ae34bb820>' _process_stack /usr/lib/python3.9/site-packages/nova/api/openstack/wsgi.py:513
2025-10-11 11:02:41.253 10 INFO nova.api.openstack.requestlog [None req-9d55ffd3-f8dc-4c79-ad1f-77579adfdcc4 c745a185e90a4811b30d6496a18097ff 2332d0b478da4463a529bc6a41906a80 - - default default] 10.129.0.97 "GET /v2.1/os-quota-sets/18af13ddd95e45ae9810b2bdd9367db8" status: 200 len: 280 microversion: 2.55 time: 0.213212
2025-10-11 11:02:50.731 11 DEBUG nova.api.openstack.wsgi [None req-9da8ab95-1bb8-4899-b6b5-c8368e244fa4 c745a185e90a4811b30d6496a18097ff 2332d0b478da4463a529bc6a41906a80 - - default default] Calling method '>' _process_stack /usr/lib/python3.9/site-packages/nova/api/openstack/wsgi.py:513
2025-10-11 11:02:50.731 10 DEBUG nova.api.openstack.wsgi [None req-9d55ffd3-f8dc-4c79-ad1f-77579adfdcc4 c745a185e90a4811b30d6496a18097ff 2332d0b478da4463a529bc6a41906a80 - - default default] Calling method '>' _process_stack /usr/lib/python3.9/site-packages/nova/api/openstack/wsgi.py:513
2025-10-11 11:02:50.732 11 INFO nova.api.openstack.requestlog [None req-9da8ab95-1bb8-4899-b6b5-c8368e244fa4 c745a185e90a4811b30d6496a18097ff 2332d0b478da4463a529bc6a41906a80 - - default default] 10.129.0.2 "GET /" status: 200 len: 375 microversion: - time: 0.001403
2025-10-11 11:02:50.732 10 INFO nova.api.openstack.requestlog [None req-9d55ffd3-f8dc-4c79-ad1f-77579adfdcc4 c745a185e90a4811b30d6496a18097ff 2332d0b478da4463a529bc6a41906a80 - - default default] 10.129.0.2 "GET /" status: 200 len: 375 microversion: - time: 0.001366
2025-10-11 11:02:50.733 11 DEBUG nova.api.openstack.wsgi [None req-9da8ab95-1bb8-4899-b6b5-c8368e244fa4 c745a185e90a4811b30d6496a18097ff 2332d0b478da4463a529bc6a41906a80 - - default default] Calling method '>' _process_stack /usr/lib/python3.9/site-packages/nova/api/openstack/wsgi.py:513
2025-10-11 11:02:50.734 10 DEBUG nova.api.openstack.wsgi [None req-9d55ffd3-f8dc-4c79-ad1f-77579adfdcc4 c745a185e90a4811b30d6496a18097ff 2332d0b478da4463a529bc6a41906a80 - - default default] Calling method '>' _process_stack /usr/lib/python3.9/site-packages/nova/api/openstack/wsgi.py:513
2025-10-11 11:02:50.734 11 INFO nova.api.openstack.requestlog [None req-9da8ab95-1bb8-4899-b6b5-c8368e244fa4 c745a185e90a4811b30d6496a18097ff 2332d0b478da4463a529bc6a41906a80 - - default default] 10.129.0.2 "GET /" status: 200 len: 375 microversion: - time: 0.000739
2025-10-11 11:02:50.734 10 INFO nova.api.openstack.requestlog [None req-9d55ffd3-f8dc-4c79-ad1f-77579adfdcc4 c745a185e90a4811b30d6496a18097ff 2332d0b478da4463a529bc6a41906a80 - - default default] 10.129.0.2 "GET /" status: 200 len: 375 microversion: - time: 0.000743
2025-10-11 11:03:04.184 11 DEBUG nova.api.openstack.wsgi [None req-f80a85af-1058-4472-8f05-a76a6914f2ef c745a185e90a4811b30d6496a18097ff 2332d0b478da4463a529bc6a41906a80 - - default default] Calling method '.version_select at 0x7f1ae34458b0>' _process_stack /usr/lib/python3.9/site-packages/nova/api/openstack/wsgi.py:513
2025-10-11 11:03:04.197 11 INFO nova.api.openstack.wsgi [None req-f80a85af-1058-4472-8f05-a76a6914f2ef c745a185e90a4811b30d6496a18097ff 2332d0b478da4463a529bc6a41906a80 - - default default] HTTP exception thrown: Keypair octavia-ssh-keypair not found for user f5938d7a3bf24d15a137231cc5df25b9
2025-10-11 11:03:04.199 11 DEBUG nova.api.openstack.wsgi [None req-f80a85af-1058-4472-8f05-a76a6914f2ef c745a185e90a4811b30d6496a18097ff 2332d0b478da4463a529bc6a41906a80 - - default default] Returning 404 to user: Keypair octavia-ssh-keypair not found for user f5938d7a3bf24d15a137231cc5df25b9 __call__ /usr/lib/python3.9/site-packages/nova/api/openstack/wsgi.py:936
2025-10-11 11:03:04.199 11 INFO nova.api.openstack.requestlog [None req-f80a85af-1058-4472-8f05-a76a6914f2ef c745a185e90a4811b30d6496a18097ff 2332d0b478da4463a529bc6a41906a80 - - default default] 10.129.0.97 "GET /v2.1/os-keypairs/octavia-ssh-keypair?user_id=f5938d7a3bf24d15a137231cc5df25b9" status: 404 len: 125 microversion: 2.55 time: 0.166459
2025-10-11 11:03:04.289 10 DEBUG nova.api.openstack.wsgi [None req-af01065a-951f-41bc-b4ca-a4968a31f176 c745a185e90a4811b30d6496a18097ff 2332d0b478da4463a529bc6a41906a80 - - default default] Action: 'create', calling method: .version_select at 0x7f1ae33845e0>, body: {"keypair":{"name":"octavia-ssh-keypair","public_key":"ecdsa-sha2-nistp521 AAAAE2VjZHNhLXNoYTItbmlzdHA1MjEAAAAIbmlzdHA1MjEAAACFBADyBtZ5Zv/sxfzUHzxrj2puoAIBvfYbFn32xF2Gi7AFhrDVCJ+29gLmo9k35Iv+0DnKsgb6UViayrlVqZU6HxPsuwAM+4otq9svGyWM67/kwoa4+B9lLWrCeiNE4vIOjdKO+N3oVDbjzZ9lgcWt0ux+zeJCJaW9whZ/FbRA+Jf1fxhLcg==\n","type":"ssh","user_id":"f5938d7a3bf24d15a137231cc5df25b9"}} _process_stack /usr/lib/python3.9/site-packages/nova/api/openstack/wsgi.py:511
2025-10-11 11:03:04.332 10 DEBUG nova.quota [None req-af01065a-951f-41bc-b4ca-a4968a31f176 c745a185e90a4811b30d6496a18097ff 2332d0b478da4463a529bc6a41906a80 - - default default] Getting quotas for project 2332d0b478da4463a529bc6a41906a80. Resources: {'key_pairs'} _get_quotas /usr/lib/python3.9/site-packages/nova/quota.py:393
2025-10-11 11:03:04.338 10 DEBUG nova.quota [None req-af01065a-951f-41bc-b4ca-a4968a31f176 c745a185e90a4811b30d6496a18097ff 2332d0b478da4463a529bc6a41906a80 - - default default] Getting quotas for user c745a185e90a4811b30d6496a18097ff and project 2332d0b478da4463a529bc6a41906a80. Resources: {'key_pairs'} _get_quotas /usr/lib/python3.9/site-packages/nova/quota.py:383
2025-10-11 11:03:04.364 10 INFO nova.api.openstack.requestlog [None req-af01065a-951f-41bc-b4ca-a4968a31f176 c745a185e90a4811b30d6496a18097ff 2332d0b478da4463a529bc6a41906a80 - - default default] 10.129.0.97 "POST /v2.1/os-keypairs" status: 201 len: 444 microversion: 2.55 time: 0.159909
2025-10-11 11:03:04.845 11 DEBUG nova.api.openstack.wsgi [None req-428a538e-4d6c-484d-a838-4f38dd04c2cb c745a185e90a4811b30d6496a18097ff 2332d0b478da4463a529bc6a41906a80 - - default default] Calling method '>' _process_stack /usr/lib/python3.9/site-packages/nova/api/openstack/wsgi.py:513
2025-10-11 11:03:04.861 11 INFO nova.api.openstack.requestlog [None req-428a538e-4d6c-484d-a838-4f38dd04c2cb c745a185e90a4811b30d6496a18097ff 2332d0b478da4463a529bc6a41906a80 - - default default] 10.129.0.97 "GET /v2.1/flavors/detail?is_public=None" status: 200 len: 1197 microversion: 2.55 time: 0.084345
2025-10-11 11:03:20.731 10 DEBUG nova.api.openstack.wsgi [None req-af01065a-951f-41bc-b4ca-a4968a31f176 c745a185e90a4811b30d6496a18097ff 2332d0b478da4463a529bc6a41906a80 - - default default] Calling method '>' _process_stack /usr/lib/python3.9/site-packages/nova/api/openstack/wsgi.py:513
2025-10-11 11:03:20.732 10 INFO nova.api.openstack.requestlog [None req-af01065a-951f-41bc-b4ca-a4968a31f176 c745a185e90a4811b30d6496a18097ff 2332d0b478da4463a529bc6a41906a80 - - default default] 10.129.0.2 "GET /" status: 200 len: 375 microversion: - time: 0.001281
2025-10-11 11:03:20.733 10 DEBUG nova.api.openstack.wsgi [None req-af01065a-951f-41bc-b4ca-a4968a31f176 c745a185e90a4811b30d6496a18097ff 2332d0b478da4463a529bc6a41906a80 - - default default] Calling method '>' _process_stack /usr/lib/python3.9/site-packages/nova/api/openstack/wsgi.py:513
2025-10-11 11:03:20.734 10 INFO nova.api.openstack.requestlog [None req-af01065a-951f-41bc-b4ca-a4968a31f176 c745a185e90a4811b30d6496a18097ff 2332d0b478da4463a529bc6a41906a80 - - default default] 10.129.0.2 "GET /" status: 200 len: 375 microversion: - time: 0.000977
2025-10-11 11:03:20.733 11 DEBUG nova.api.openstack.wsgi [None req-428a538e-4d6c-484d-a838-4f38dd04c2cb c745a185e90a4811b30d6496a18097ff 2332d0b478da4463a529bc6a41906a80 - - default default] Calling method '>' _process_stack /usr/lib/python3.9/site-packages/nova/api/openstack/wsgi.py:513
2025-10-11 11:03:20.742 10 DEBUG nova.api.openstack.wsgi [None req-af01065a-951f-41bc-b4ca-a4968a31f176 c745a185e90a4811b30d6496a18097ff 2332d0b478da4463a529bc6a41906a80 - - default default] Calling method '>' _process_stack /usr/lib/python3.9/site-packages/nova/api/openstack/wsgi.py:513
2025-10-11 11:03:20.742 11 INFO nova.api.openstack.requestlog [None req-428a538e-4d6c-484d-a838-4f38dd04c2cb c745a185e90a4811b30d6496a18097ff 2332d0b478da4463a529bc6a41906a80 - - default default] 10.129.0.2 "GET /" status: 200 len: 375 microversion: - time: 0.008862
2025-10-11 11:03:20.743 10 INFO nova.api.openstack.requestlog [None req-af01065a-951f-41bc-b4ca-a4968a31f176 c745a185e90a4811b30d6496a18097ff 2332d0b478da4463a529bc6a41906a80 - - default default] 10.129.0.2 "GET /" status: 200 len: 375 microversion: - time: 0.001284
2025-10-11 11:03:27.710 11 DEBUG nova.api.openstack.wsgi [None req-75d02b8d-ab3e-4241-9dbb-d2ec385f954a c745a185e90a4811b30d6496a18097ff 2332d0b478da4463a529bc6a41906a80 - - default default] Calling method '.version_select at 0x7f1ae335d0d0>' _process_stack /usr/lib/python3.9/site-packages/nova/api/openstack/wsgi.py:513
2025-10-11 11:03:27.717 11 INFO nova.api.openstack.requestlog [None req-75d02b8d-ab3e-4241-9dbb-d2ec385f954a c745a185e90a4811b30d6496a18097ff 2332d0b478da4463a529bc6a41906a80 - - default default] 10.129.0.97 "GET /v2.1/os-keypairs/octavia-ssh-keypair?user_id=f5938d7a3bf24d15a137231cc5df25b9" status: 200 len: 555 microversion: 2.55 time: 0.131020
2025-10-11 11:03:34.374 10 DEBUG nova.api.openstack.wsgi [None req-f99649b0-54f9-4584-bf44-72d43518ae14 c745a185e90a4811b30d6496a18097ff 2332d0b478da4463a529bc6a41906a80 - - default default] Calling method '.version_select at 0x7f1ae33a84c0>' _process_stack /usr/lib/python3.9/site-packages/nova/api/openstack/wsgi.py:513
2025-10-11 11:03:34.382 10 INFO nova.api.openstack.requestlog [None req-f99649b0-54f9-4584-bf44-72d43518ae14 c745a185e90a4811b30d6496a18097ff 2332d0b478da4463a529bc6a41906a80 - - default default] 10.129.0.97 "GET /v2.1/os-keypairs/octavia-ssh-keypair?user_id=f5938d7a3bf24d15a137231cc5df25b9" status: 200 len: 555 microversion: 2.55 time: 0.085765
2025-10-11 11:03:35.980 11 DEBUG nova.api.openstack.wsgi [None req-05015ed9-a191-4478-836e-58b20876eb48 c745a185e90a4811b30d6496a18097ff 2332d0b478da4463a529bc6a41906a80 - - default default] Calling method '.version_select at 0x7f1ae335db80>' _process_stack /usr/lib/python3.9/site-packages/nova/api/openstack/wsgi.py:513
2025-10-11 11:03:36.140 11 INFO nova.api.openstack.requestlog [None req-05015ed9-a191-4478-836e-58b20876eb48 c745a185e90a4811b30d6496a18097ff 2332d0b478da4463a529bc6a41906a80 - - default default] 10.129.0.97 "GET /v2.1/os-quota-sets/18af13ddd95e45ae9810b2bdd9367db8" status: 200 len: 280 microversion: 2.55 time: 0.231413
2025-10-11 11:03:48.010 10 DEBUG nova.api.openstack.wsgi [None req-23d91f23-2251-48d4-b54d-38b1b1b50e24 c745a185e90a4811b30d6496a18097ff 2332d0b478da4463a529bc6a41906a80 - - default default] Calling method '.version_select at 0x7f1ae33a8dc0>' _process_stack /usr/lib/python3.9/site-packages/nova/api/openstack/wsgi.py:513
2025-10-11 11:03:48.081 10 INFO nova.api.openstack.requestlog [None req-23d91f23-2251-48d4-b54d-38b1b1b50e24 c745a185e90a4811b30d6496a18097ff 2332d0b478da4463a529bc6a41906a80 - - default default] 10.129.0.97 "GET /v2.1/os-quota-sets/18af13ddd95e45ae9810b2bdd9367db8" status: 200 len: 280 microversion: 2.55 time: 0.188641
2025-10-11 11:03:50.733 11 DEBUG nova.api.openstack.wsgi [None req-05015ed9-a191-4478-836e-58b20876eb48 c745a185e90a4811b30d6496a18097ff 2332d0b478da4463a529bc6a41906a80 - - default default] Calling method '>' _process_stack /usr/lib/python3.9/site-packages/nova/api/openstack/wsgi.py:513
2025-10-11 11:03:50.734 10 DEBUG nova.api.openstack.wsgi [None req-23d91f23-2251-48d4-b54d-38b1b1b50e24 c745a185e90a4811b30d6496a18097ff 2332d0b478da4463a529bc6a41906a80 - - default default] Calling method '>' _process_stack /usr/lib/python3.9/site-packages/nova/api/openstack/wsgi.py:513
2025-10-11 11:03:50.734 11 INFO nova.api.openstack.requestlog [None req-05015ed9-a191-4478-836e-58b20876eb48 c745a185e90a4811b30d6496a18097ff 2332d0b478da4463a529bc6a41906a80 - - default default] 10.129.0.2 "GET /" status: 200 len: 375 microversion: - time: 0.001222
2025-10-11 11:03:50.735 10 INFO nova.api.openstack.requestlog [None req-23d91f23-2251-48d4-b54d-38b1b1b50e24 c745a185e90a4811b30d6496a18097ff 2332d0b478da4463a529bc6a41906a80 - - default default] 10.129.0.2 "GET /" status: 200 len: 375 microversion: - time: 0.001801
2025-10-11 11:03:50.736 10 DEBUG nova.api.openstack.wsgi [None req-23d91f23-2251-48d4-b54d-38b1b1b50e24 c745a185e90a4811b30d6496a18097ff 2332d0b478da4463a529bc6a41906a80 - - default default] Calling method '>' _process_stack /usr/lib/python3.9/site-packages/nova/api/openstack/wsgi.py:513
2025-10-11 11:03:50.737 10 INFO nova.api.openstack.requestlog [None req-23d91f23-2251-48d4-b54d-38b1b1b50e24 c745a185e90a4811b30d6496a18097ff 2332d0b478da4463a529bc6a41906a80 - - default default] 10.129.0.2 "GET /" status: 200 len: 375 microversion: - time: 0.000699
2025-10-11 11:03:50.739 11 DEBUG nova.api.openstack.wsgi [None req-05015ed9-a191-4478-836e-58b20876eb48 c745a185e90a4811b30d6496a18097ff 2332d0b478da4463a529bc6a41906a80 - - default default] Calling method '>' _process_stack /usr/lib/python3.9/site-packages/nova/api/openstack/wsgi.py:513
2025-10-11 11:03:50.740 11 INFO nova.api.openstack.requestlog [None req-05015ed9-a191-4478-836e-58b20876eb48 c745a185e90a4811b30d6496a18097ff 2332d0b478da4463a529bc6a41906a80 - - default default] 10.129.0.2 "GET /" status: 200 len: 375 microversion: - time: 0.005166
2025-10-11 11:03:52.961 10 DEBUG nova.api.openstack.wsgi [None req-ee9029fc-1c4c-4d76-8b1f-2c665ce7c44b c745a185e90a4811b30d6496a18097ff 2332d0b478da4463a529bc6a41906a80 - - default default] Calling method '.version_select at 0x7f1ae3352940>' _process_stack /usr/lib/python3.9/site-packages/nova/api/openstack/wsgi.py:513
2025-10-11 11:03:52.971 10 INFO nova.api.openstack.requestlog [None req-ee9029fc-1c4c-4d76-8b1f-2c665ce7c44b c745a185e90a4811b30d6496a18097ff 2332d0b478da4463a529bc6a41906a80 - - default default] 10.129.0.97 "GET /v2.1/os-keypairs/octavia-ssh-keypair?user_id=f5938d7a3bf24d15a137231cc5df25b9" status: 200 len: 555 microversion: 2.55 time: 0.092775
2025-10-11 11:04:06.872 11 DEBUG nova.api.openstack.wsgi [None req-da4534cf-d706-448c-82c4-2dfe65ef737b f5938d7a3bf24d15a137231cc5df25b9 18af13ddd95e45ae9810b2bdd9367db8 - - default default] Calling method '>' _process_stack /usr/lib/python3.9/site-packages/nova/api/openstack/wsgi.py:513
2025-10-11 11:04:06.892 11 INFO nova.api.openstack.requestlog [None req-da4534cf-d706-448c-82c4-2dfe65ef737b f5938d7a3bf24d15a137231cc5df25b9 18af13ddd95e45ae9810b2bdd9367db8 - - default default] 10.129.0.189 "GET /v2.1/flavors/8173912f-4acf-41f7-88a9-d708a0393125" status: 200 len: 505 microversion: 2.15 time: 0.128813
2025-10-11 11:04:08.182 10 DEBUG nova.api.openstack.wsgi [None req-8d616812-e85c-495d-a91c-380c21b76028 f5938d7a3bf24d15a137231cc5df25b9 18af13ddd95e45ae9810b2bdd9367db8 - - default default] Calling method '>' _process_stack /usr/lib/python3.9/site-packages/nova/api/openstack/wsgi.py:513
2025-10-11 11:04:08.197 10 INFO nova.api.openstack.requestlog [None req-8d616812-e85c-495d-a91c-380c21b76028 f5938d7a3bf24d15a137231cc5df25b9 18af13ddd95e45ae9810b2bdd9367db8 - - default default] 10.129.0.189 "GET /v2.1/flavors/56f42c72-86a6-4994-afe4-6f05cc0c978e" status: 200 len: 512 microversion: 2.15 time: 0.101495
2025-10-11 11:04:11.433 11 DEBUG nova.api.openstack.wsgi [None req-0aa47f1e-3e74-44ff-a8f9-489515ca916f c745a185e90a4811b30d6496a18097ff 2332d0b478da4463a529bc6a41906a80 - - default default] Calling method '>' _process_stack /usr/lib/python3.9/site-packages/nova/api/openstack/wsgi.py:513
2025-10-11 11:04:11.444 11 INFO nova.api.openstack.requestlog [None req-0aa47f1e-3e74-44ff-a8f9-489515ca916f c745a185e90a4811b30d6496a18097ff 2332d0b478da4463a529bc6a41906a80 - - default default] 10.129.0.97 "GET /v2.1/flavors/detail?is_public=None" status: 200 len: 1197 microversion: 2.55 time: 0.082246
2025-10-11 11:04:11.791 10 DEBUG nova.api.openstack.wsgi [None req-20b17adc-a51a-4130-b255-c4f04be70c5e f5938d7a3bf24d15a137231cc5df25b9 18af13ddd95e45ae9810b2bdd9367db8 - - default default] Calling method '>' _process_stack /usr/lib/python3.9/site-packages/nova/api/openstack/wsgi.py:513
2025-10-11 11:04:11.801 10 INFO nova.api.openstack.requestlog [None req-20b17adc-a51a-4130-b255-c4f04be70c5e f5938d7a3bf24d15a137231cc5df25b9 18af13ddd95e45ae9810b2bdd9367db8 - - default default] 10.129.0.189 "GET /v2.1/flavors/56f42c72-86a6-4994-afe4-6f05cc0c978e" status: 200 len: 512 microversion: 2.15 time: 0.078782
2025-10-11 11:04:14.175 11 DEBUG nova.api.openstack.wsgi [None req-481e1fe6-ee19-42e6-8b93-ae0f0e30dad1 f5938d7a3bf24d15a137231cc5df25b9 18af13ddd95e45ae9810b2bdd9367db8 - - default default] Calling method '>' _process_stack /usr/lib/python3.9/site-packages/nova/api/openstack/wsgi.py:513
2025-10-11 11:04:14.183 11 INFO nova.api.openstack.requestlog [None req-481e1fe6-ee19-42e6-8b93-ae0f0e30dad1 f5938d7a3bf24d15a137231cc5df25b9 18af13ddd95e45ae9810b2bdd9367db8 - - default default] 10.129.0.189 "GET /v2.1/flavors/56f42c72-86a6-4994-afe4-6f05cc0c978e" status: 200 len: 512 microversion: 2.15 time: 0.074403
2025-10-11 11:04:15.121 10 DEBUG nova.api.openstack.wsgi [None req-c2155349-3bc3-430e-b76d-c931fbeb1ace c745a185e90a4811b30d6496a18097ff 2332d0b478da4463a529bc6a41906a80 - - default default] Calling method '>' _process_stack /usr/lib/python3.9/site-packages/nova/api/openstack/wsgi.py:513
2025-10-11 11:04:15.133 10 INFO nova.api.openstack.requestlog [None req-c2155349-3bc3-430e-b76d-c931fbeb1ace c745a185e90a4811b30d6496a18097ff 2332d0b478da4463a529bc6a41906a80 - - default default] 10.129.0.97 "GET /v2.1/flavors/detail?is_public=None" status: 200 len: 1197 microversion: 2.55 time: 0.080218
2025-10-11 11:04:16.098 11 DEBUG nova.api.openstack.wsgi [None req-78903eb9-aede-4699-af7c-56caa2089b67 c745a185e90a4811b30d6496a18097ff 2332d0b478da4463a529bc6a41906a80 - - default default] Calling method '>' _process_stack /usr/lib/python3.9/site-packages/nova/api/openstack/wsgi.py:513
2025-10-11 11:04:16.108 11 INFO nova.api.openstack.requestlog [None req-78903eb9-aede-4699-af7c-56caa2089b67 c745a185e90a4811b30d6496a18097ff 2332d0b478da4463a529bc6a41906a80 - - default default] 10.129.0.97 "GET /v2.1/flavors/detail?is_public=None" status: 200 len: 1197 microversion: 2.55 time: 0.073090
2025-10-11 11:04:18.167 10 DEBUG nova.api.openstack.wsgi [None req-4ffb13a5-491c-4302-88e0-f7ca920604fd f5938d7a3bf24d15a137231cc5df25b9 18af13ddd95e45ae9810b2bdd9367db8 - - default default] Calling method '>' _process_stack /usr/lib/python3.9/site-packages/nova/api/openstack/wsgi.py:513
2025-10-11 11:04:18.176 10 INFO nova.api.openstack.requestlog [None req-4ffb13a5-491c-4302-88e0-f7ca920604fd f5938d7a3bf24d15a137231cc5df25b9 18af13ddd95e45ae9810b2bdd9367db8 - - default default] 10.129.0.189 "GET /v2.1/flavors/56f42c72-86a6-4994-afe4-6f05cc0c978e" status: 200 len: 512 microversion: 2.15 time: 0.062161
2025-10-11 11:04:18.806 11 DEBUG nova.api.openstack.wsgi [None req-8491ae49-d839-4ddc-abae-07d28da8892e c745a185e90a4811b30d6496a18097ff 2332d0b478da4463a529bc6a41906a80 - - default default] Calling method '>' _process_stack /usr/lib/python3.9/site-packages/nova/api/openstack/wsgi.py:513
2025-10-11 11:04:18.818 11 INFO nova.api.openstack.requestlog [None req-8491ae49-d839-4ddc-abae-07d28da8892e c745a185e90a4811b30d6496a18097ff 2332d0b478da4463a529bc6a41906a80 - - default default] 10.129.0.97 "GET /v2.1/flavors/detail?is_public=None" status: 200 len: 1197 microversion: 2.55 time: 0.110845
2025-10-11 11:04:19.852 10 DEBUG nova.api.openstack.wsgi [None req-3a4e7924-822b-4eca-960c-916a513e99a8 c745a185e90a4811b30d6496a18097ff 2332d0b478da4463a529bc6a41906a80 - - default default] Calling method '>' _process_stack /usr/lib/python3.9/site-packages/nova/api/openstack/wsgi.py:513
2025-10-11 11:04:19.863 10 INFO nova.api.openstack.requestlog [None req-3a4e7924-822b-4eca-960c-916a513e99a8 c745a185e90a4811b30d6496a18097ff 2332d0b478da4463a529bc6a41906a80 - - default default] 10.129.0.97 "GET /v2.1/flavors/detail?is_public=None" status: 200 len: 1197 microversion: 2.55 time: 0.075156
2025-10-11 11:04:20.735 10 DEBUG nova.api.openstack.wsgi [None req-3a4e7924-822b-4eca-960c-916a513e99a8 c745a185e90a4811b30d6496a18097ff 2332d0b478da4463a529bc6a41906a80 - - default default] Calling method '>' _process_stack /usr/lib/python3.9/site-packages/nova/api/openstack/wsgi.py:513
2025-10-11 11:04:20.735 11 DEBUG nova.api.openstack.wsgi [None req-8491ae49-d839-4ddc-abae-07d28da8892e c745a185e90a4811b30d6496a18097ff 2332d0b478da4463a529bc6a41906a80 - - default default] Calling method '>' _process_stack /usr/lib/python3.9/site-packages/nova/api/openstack/wsgi.py:513
2025-10-11 11:04:20.736 10 INFO nova.api.openstack.requestlog [None req-3a4e7924-822b-4eca-960c-916a513e99a8 c745a185e90a4811b30d6496a18097ff 2332d0b478da4463a529bc6a41906a80 - - default default] 10.129.0.2 "GET /" status: 200 len: 375 microversion: - time: 0.001128
2025-10-11 11:04:20.737 10 DEBUG nova.api.openstack.wsgi [None req-3a4e7924-822b-4eca-960c-916a513e99a8 c745a185e90a4811b30d6496a18097ff 2332d0b478da4463a529bc6a41906a80 - - default default] Calling method '>' _process_stack /usr/lib/python3.9/site-packages/nova/api/openstack/wsgi.py:513
2025-10-11 11:04:20.737 10 INFO nova.api.openstack.requestlog [None req-3a4e7924-822b-4eca-960c-916a513e99a8 c745a185e90a4811b30d6496a18097ff 2332d0b478da4463a529bc6a41906a80 - - default default] 10.129.0.2 "GET /" status: 200 len: 375 microversion: - time: 0.000740
2025-10-11 11:04:20.736 11 INFO nova.api.openstack.requestlog [None req-8491ae49-d839-4ddc-abae-07d28da8892e c745a185e90a4811b30d6496a18097ff 2332d0b478da4463a529bc6a41906a80 - - default default] 10.129.0.2 "GET /" status: 200 len: 375 microversion: - time: 0.001342
2025-10-11 11:04:20.738 10 DEBUG nova.api.openstack.wsgi [None req-3a4e7924-822b-4eca-960c-916a513e99a8 c745a185e90a4811b30d6496a18097ff 2332d0b478da4463a529bc6a41906a80 - - default default] Calling method '>' _process_stack /usr/lib/python3.9/site-packages/nova/api/openstack/wsgi.py:513
2025-10-11 11:04:20.739 10 INFO nova.api.openstack.requestlog [None req-3a4e7924-822b-4eca-960c-916a513e99a8 c745a185e90a4811b30d6496a18097ff 2332d0b478da4463a529bc6a41906a80 - - default default] 10.129.0.2 "GET /" status: 200 len: 375 microversion: - time: 0.000559
2025-10-11 11:04:21.228 11 DEBUG nova.api.openstack.wsgi [None req-96adadc4-9f08-4318-b458-f4e09875cf0c f5938d7a3bf24d15a137231cc5df25b9 18af13ddd95e45ae9810b2bdd9367db8 - - default default] Calling method '>' _process_stack /usr/lib/python3.9/site-packages/nova/api/openstack/wsgi.py:513
2025-10-11 11:04:21.241 11 INFO nova.api.openstack.requestlog [None req-96adadc4-9f08-4318-b458-f4e09875cf0c f5938d7a3bf24d15a137231cc5df25b9 18af13ddd95e45ae9810b2bdd9367db8 - - default default] 10.129.0.189 "GET /v2.1/flavors/56f42c72-86a6-4994-afe4-6f05cc0c978e" status: 200 len: 512 microversion: 2.15 time: 0.095759
2025-10-11 11:04:24.651 10 DEBUG nova.api.openstack.wsgi [None req-e13900a0-c5b6-46dc-ae7a-cc1f30e2f5dd c745a185e90a4811b30d6496a18097ff 2332d0b478da4463a529bc6a41906a80 - - default default] Calling method '>' _process_stack /usr/lib/python3.9/site-packages/nova/api/openstack/wsgi.py:513
2025-10-11 11:04:24.666 10 INFO nova.api.openstack.requestlog [None req-e13900a0-c5b6-46dc-ae7a-cc1f30e2f5dd c745a185e90a4811b30d6496a18097ff 2332d0b478da4463a529bc6a41906a80 - - default default] 10.129.0.97 "GET /v2.1/flavors/detail?is_public=None" status: 200 len: 1197 microversion: 2.55 time: 0.081009
2025-10-11 11:04:25.028 11 DEBUG nova.api.openstack.wsgi [None req-5034c58e-ee56-4ff8-a210-00aec51a045c f5938d7a3bf24d15a137231cc5df25b9 18af13ddd95e45ae9810b2bdd9367db8 - - default default] Calling method '>' _process_stack /usr/lib/python3.9/site-packages/nova/api/openstack/wsgi.py:513
2025-10-11 11:04:25.035 11 INFO nova.api.openstack.requestlog [None req-5034c58e-ee56-4ff8-a210-00aec51a045c f5938d7a3bf24d15a137231cc5df25b9 18af13ddd95e45ae9810b2bdd9367db8 - - default default] 10.129.0.189 "GET /v2.1/flavors/56f42c72-86a6-4994-afe4-6f05cc0c978e" status: 200 len: 512 microversion: 2.15 time: 0.086990
2025-10-11 11:04:26.021 10 DEBUG nova.api.openstack.wsgi [None req-80080c6b-8321-4b30-8951-4b53301b2b34 f5938d7a3bf24d15a137231cc5df25b9 18af13ddd95e45ae9810b2bdd9367db8 - - default default] Calling method '>' _process_stack /usr/lib/python3.9/site-packages/nova/api/openstack/wsgi.py:513
2025-10-11 11:04:26.030 10 INFO nova.api.openstack.requestlog [None req-80080c6b-8321-4b30-8951-4b53301b2b34 f5938d7a3bf24d15a137231cc5df25b9 18af13ddd95e45ae9810b2bdd9367db8 - - default default] 10.129.0.189 "GET /v2.1/flavors/56f42c72-86a6-4994-afe4-6f05cc0c978e" status: 200 len: 512 microversion: 2.15 time: 0.056780
2025-10-11 11:04:28.991 11 DEBUG nova.api.openstack.wsgi [None req-751a7f6a-3577-43fa-b767-4f857fa10c90 c745a185e90a4811b30d6496a18097ff 2332d0b478da4463a529bc6a41906a80 - - default default] Calling method '>' _process_stack /usr/lib/python3.9/site-packages/nova/api/openstack/wsgi.py:513
2025-10-11 11:04:29.005 11 INFO nova.api.openstack.requestlog [None req-751a7f6a-3577-43fa-b767-4f857fa10c90 c745a185e90a4811b30d6496a18097ff 2332d0b478da4463a529bc6a41906a80 - - default default] 10.129.0.97 "GET /v2.1/flavors/detail?is_public=None" status: 200 len: 1197 microversion: 2.55 time: 0.087607
2025-10-11 11:04:30.612 10 DEBUG nova.api.openstack.wsgi [None req-07f6f853-1622-4446-ae6a-11e65d819020 f5938d7a3bf24d15a137231cc5df25b9 18af13ddd95e45ae9810b2bdd9367db8 - - default default] Calling method '>' _process_stack /usr/lib/python3.9/site-packages/nova/api/openstack/wsgi.py:513
2025-10-11 11:04:30.622 10 INFO nova.api.openstack.requestlog [None req-07f6f853-1622-4446-ae6a-11e65d819020 f5938d7a3bf24d15a137231cc5df25b9 18af13ddd95e45ae9810b2bdd9367db8 - - default default] 10.129.0.189 "GET /v2.1/flavors/56f42c72-86a6-4994-afe4-6f05cc0c978e" status: 200 len: 512 microversion: 2.15 time: 0.077709
2025-10-11 11:04:32.188 11 DEBUG nova.api.openstack.wsgi [None req-d869d1e9-c9fe-416f-be65-c3123a3d65bf c745a185e90a4811b30d6496a18097ff 2332d0b478da4463a529bc6a41906a80 - - default default] Calling method '.version_select at 0x7f1ae3318f70>' _process_stack /usr/lib/python3.9/site-packages/nova/api/openstack/wsgi.py:513
2025-10-11 11:04:32.288 11 INFO nova.api.openstack.requestlog [None req-d869d1e9-c9fe-416f-be65-c3123a3d65bf c745a185e90a4811b30d6496a18097ff 2332d0b478da4463a529bc6a41906a80 - - default default] 10.129.0.97 "GET /v2.1/os-quota-sets/18af13ddd95e45ae9810b2bdd9367db8" status: 200 len: 280 microversion: 2.55 time: 0.189968
2025-10-11 11:04:48.905 10 DEBUG nova.api.openstack.wsgi [None req-06bb5bbb-661a-4fd5-b7c5-baa306fb321a c745a185e90a4811b30d6496a18097ff 2332d0b478da4463a529bc6a41906a80 - - default default] Calling method '.version_select at 0x7f1ae3352280>' _process_stack /usr/lib/python3.9/site-packages/nova/api/openstack/wsgi.py:513
2025-10-11 11:04:48.915 10 INFO nova.api.openstack.requestlog [None req-06bb5bbb-661a-4fd5-b7c5-baa306fb321a c745a185e90a4811b30d6496a18097ff 2332d0b478da4463a529bc6a41906a80 - - default default] 10.129.0.97 "GET /v2.1/os-keypairs/octavia-ssh-keypair?user_id=f5938d7a3bf24d15a137231cc5df25b9" status: 200 len: 555 microversion: 2.55 time: 0.106552
2025-10-11 11:04:50.731 11 DEBUG nova.api.openstack.wsgi [None req-d869d1e9-c9fe-416f-be65-c3123a3d65bf c745a185e90a4811b30d6496a18097ff 2332d0b478da4463a529bc6a41906a80 - - default default] Calling method '>' _process_stack /usr/lib/python3.9/site-packages/nova/api/openstack/wsgi.py:513
2025-10-11 11:04:50.732 10 DEBUG nova.api.openstack.wsgi [None req-06bb5bbb-661a-4fd5-b7c5-baa306fb321a c745a185e90a4811b30d6496a18097ff 2332d0b478da4463a529bc6a41906a80 - - default default] Calling method '>' _process_stack /usr/lib/python3.9/site-packages/nova/api/openstack/wsgi.py:513
2025-10-11 11:04:50.733 10 INFO nova.api.openstack.requestlog [None req-06bb5bbb-661a-4fd5-b7c5-baa306fb321a c745a185e90a4811b30d6496a18097ff 2332d0b478da4463a529bc6a41906a80 - - default default] 10.129.0.2 "GET /" status: 200 len: 375 microversion: - time: 0.001744
2025-10-11 11:04:50.733 11 INFO nova.api.openstack.requestlog [None req-d869d1e9-c9fe-416f-be65-c3123a3d65bf c745a185e90a4811b30d6496a18097ff 2332d0b478da4463a529bc6a41906a80 - - default default] 10.129.0.2 "GET /" status: 200 len: 375 microversion: - time: 0.002192
2025-10-11 11:04:50.734 10 DEBUG nova.api.openstack.wsgi [None req-06bb5bbb-661a-4fd5-b7c5-baa306fb321a c745a185e90a4811b30d6496a18097ff 2332d0b478da4463a529bc6a41906a80 - - default default] Calling method '>' _process_stack /usr/lib/python3.9/site-packages/nova/api/openstack/wsgi.py:513
2025-10-11 11:04:50.735 10 INFO nova.api.openstack.requestlog [None req-06bb5bbb-661a-4fd5-b7c5-baa306fb321a c745a185e90a4811b30d6496a18097ff 2332d0b478da4463a529bc6a41906a80 - - default default] 10.129.0.2 "GET /" status: 200 len: 375 microversion: - time: 0.000967
2025-10-11 11:04:50.737 11 DEBUG nova.api.openstack.wsgi [None req-d869d1e9-c9fe-416f-be65-c3123a3d65bf c745a185e90a4811b30d6496a18097ff 2332d0b478da4463a529bc6a41906a80 - - default default] Calling method '>' _process_stack /usr/lib/python3.9/site-packages/nova/api/openstack/wsgi.py:513
2025-10-11 11:04:50.738 11 INFO nova.api.openstack.requestlog [None req-d869d1e9-c9fe-416f-be65-c3123a3d65bf c745a185e90a4811b30d6496a18097ff 2332d0b478da4463a529bc6a41906a80 - - default default] 10.129.0.2 "GET /" status: 200 len: 375 microversion: - time: 0.001457
2025-10-11 11:05:20.733 10 DEBUG nova.api.openstack.wsgi [None req-06bb5bbb-661a-4fd5-b7c5-baa306fb321a c745a185e90a4811b30d6496a18097ff 2332d0b478da4463a529bc6a41906a80 - - default default] Calling method '>' _process_stack /usr/lib/python3.9/site-packages/nova/api/openstack/wsgi.py:513
2025-10-11 11:05:20.734 11 DEBUG nova.api.openstack.wsgi [None req-d869d1e9-c9fe-416f-be65-c3123a3d65bf c745a185e90a4811b30d6496a18097ff 2332d0b478da4463a529bc6a41906a80 - - default default] Calling method '>' _process_stack /usr/lib/python3.9/site-packages/nova/api/openstack/wsgi.py:513
2025-10-11 11:05:20.735 11 INFO nova.api.openstack.requestlog [None req-d869d1e9-c9fe-416f-be65-c3123a3d65bf c745a185e90a4811b30d6496a18097ff 2332d0b478da4463a529bc6a41906a80 - - default default] 10.129.0.2 "GET /" status: 200 len: 375 microversion: - time: 0.001428
2025-10-11 11:05:20.734 10 INFO nova.api.openstack.requestlog [None req-06bb5bbb-661a-4fd5-b7c5-baa306fb321a c745a185e90a4811b30d6496a18097ff 2332d0b478da4463a529bc6a41906a80 - - default default] 10.129.0.2 "GET /" status: 200 len: 375 microversion: - time: 0.002076
2025-10-11 11:05:20.737 10 DEBUG nova.api.openstack.wsgi [None req-06bb5bbb-661a-4fd5-b7c5-baa306fb321a c745a185e90a4811b30d6496a18097ff 2332d0b478da4463a529bc6a41906a80 - - default default] Calling method '>' _process_stack /usr/lib/python3.9/site-packages/nova/api/openstack/wsgi.py:513
2025-10-11 11:05:20.738 11 DEBUG nova.api.openstack.wsgi [None req-d869d1e9-c9fe-416f-be65-c3123a3d65bf c745a185e90a4811b30d6496a18097ff 2332d0b478da4463a529bc6a41906a80 - - default default] Calling method '>' _process_stack /usr/lib/python3.9/site-packages/nova/api/openstack/wsgi.py:513
2025-10-11 11:05:20.739 11 INFO nova.api.openstack.requestlog [None req-d869d1e9-c9fe-416f-be65-c3123a3d65bf c745a185e90a4811b30d6496a18097ff 2332d0b478da4463a529bc6a41906a80 - - default default] 10.129.0.2 "GET /" status: 200 len: 375 microversion: - time: 0.002980
2025-10-11 11:05:20.739 10 INFO nova.api.openstack.requestlog [None req-06bb5bbb-661a-4fd5-b7c5-baa306fb321a c745a185e90a4811b30d6496a18097ff 2332d0b478da4463a529bc6a41906a80 - - default default] 10.129.0.2 "GET /" status: 200 len: 375 microversion: - time: 0.001477
2025-10-11 11:05:50.734 11 DEBUG nova.api.openstack.wsgi [None req-d869d1e9-c9fe-416f-be65-c3123a3d65bf c745a185e90a4811b30d6496a18097ff 2332d0b478da4463a529bc6a41906a80 - - default default] Calling method '>' _process_stack /usr/lib/python3.9/site-packages/nova/api/openstack/wsgi.py:513
