2025-10-11 11:04:36.163 13 INFO neutron.wsgi [None req-7b06254a-c627-4ada-9541-93df30b52f5b c745a185e90a4811b30d6496a18097ff 2332d0b478da4463a529bc6a41906a80 - - default default] 10.129.0.97,::1 "GET /v2.0/networks?name=octavia-provider-net&tenant_id=2332d0b478da4463a529bc6a41906a80 HTTP/1.1" status: 200 len: 1028 time: 0.1663713
2025-10-11 11:04:36.326 13 DEBUG neutron.pecan_wsgi.hooks.policy_enforcement [None req-53e4c29d-2336-4a78-8c3d-4b559edbbff4 c745a185e90a4811b30d6496a18097ff 2332d0b478da4463a529bc6a41906a80 - - default default] Attributes excluded by policy engine: ['standard_attr_id'] _exclude_attributes_by_policy /usr/lib/python3.9/site-packages/neutron/pecan_wsgi/hooks/policy_enforcement.py:259
2025-10-11 11:04:36.327 13 INFO neutron.wsgi [None req-53e4c29d-2336-4a78-8c3d-4b559edbbff4 c745a185e90a4811b30d6496a18097ff 2332d0b478da4463a529bc6a41906a80 - - default default] 10.129.0.97,::1 "GET /v2.0/networks?name=octavia-provider-net&router%3Aexternal=true&tenant_id=2332d0b478da4463a529bc6a41906a80 HTTP/1.1" status: 200 len: 1028 time: 0.1615777
2025-10-11 11:04:36.411 13 INFO neutron.wsgi [None req-68c5a655-e4e1-4497-8637-c46544534d9f c745a185e90a4811b30d6496a18097ff 2332d0b478da4463a529bc6a41906a80 - - default default] 10.129.0.97,::1 "GET /v2.0/rbac-policies?object_id=b03dc91c-17b4-4520-9c49-1d31f16b55df&target_tenant=%2A&tenant_id=2332d0b478da4463a529bc6a41906a80 HTTP/1.1" status: 200 len: 219 time: 0.0802171
2025-10-11 11:04:36.520 13 DEBUG neutron.pecan_wsgi.hooks.policy_enforcement [None req-ecdfa09c-8fdb-447a-a1b1-940ba058da58 c745a185e90a4811b30d6496a18097ff 2332d0b478da4463a529bc6a41906a80 - - default default] Attributes excluded by policy engine: ['standard_attr_id', 'shared'] _exclude_attributes_by_policy /usr/lib/python3.9/site-packages/neutron/pecan_wsgi/hooks/policy_enforcement.py:259
2025-10-11 11:04:36.522 13 INFO neutron.wsgi [None req-ecdfa09c-8fdb-447a-a1b1-940ba058da58 c745a185e90a4811b30d6496a18097ff 2332d0b478da4463a529bc6a41906a80 - - default default] 10.129.0.97,::1 "GET /v2.0/subnets?ip_version=4&name=octavia-provider-subnet&network_id=b03dc91c-17b4-4520-9c49-1d31f16b55df&tenant_id=2332d0b478da4463a529bc6a41906a80 HTTP/1.1" status: 200 len: 870 time: 0.1093674
2025-10-11 11:04:36.638 13 INFO neutron.wsgi [None req-1f58b18a-6e9b-41cc-bdc9-9f6f2d6338c3 c745a185e90a4811b30d6496a18097ff 2332d0b478da4463a529bc6a41906a80 - - default default] 10.129.0.97,::1 "GET /v2.0/routers?name=octavia-link-router HTTP/1.1" status: 200 len: 862 time: 0.1131587
2025-10-11 11:04:41.218 13 INFO neutron.wsgi [None req-1f58b18a-6e9b-41cc-bdc9-9f6f2d6338c3 c745a185e90a4811b30d6496a18097ff 2332d0b478da4463a529bc6a41906a80 - - default default] 10.129.0.2,::1 "GET / HTTP/1.1" status: 200 len: 255 time: 0.0028791
2025-10-11 11:04:41.218 12 INFO neutron.wsgi [-] 10.129.0.2,::1 "GET / HTTP/1.1" status: 200 len: 255 time: 0.0025268
2025-10-11 11:04:41.221 13 INFO neutron.wsgi [None req-13bb9bc1-e643-4446-83aa-79b614c9efbc c745a185e90a4811b30d6496a18097ff 2332d0b478da4463a529bc6a41906a80 - - default default] 10.129.0.2,::1 "GET / HTTP/1.1" status: 200 len: 255 time: 0.0021877
2025-10-11 11:04:59.331 12 DEBUG futurist.periodics [-] Submitting periodic callback 'neutron.plugins.ml2.drivers.ovn.mech_driver.ovsdb.maintenance.HashRingHealthCheckPeriodics.touch_hash_ring_nodes' _process_scheduled /usr/lib/python3.9/site-packages/futurist/periodics.py:638
2025-10-11 11:05:11.216 13 INFO neutron.wsgi [None req-13bb9bc1-e643-4446-83aa-79b614c9efbc c745a185e90a4811b30d6496a18097ff 2332d0b478da4463a529bc6a41906a80 - - default default] 10.129.0.2,::1 "GET / HTTP/1.1" status: 200 len: 255 time: 0.0025656
2025-10-11 11:05:11.219 13 INFO neutron.wsgi [None req-0b2d99d2-75e4-4f1c-a164-db97287b2181 c745a185e90a4811b30d6496a18097ff 2332d0b478da4463a529bc6a41906a80 - - default default] 10.129.0.2,::1 "GET / HTTP/1.1" status: 200 len: 255 time: 0.0019867
2025-10-11 11:05:11.223 13 INFO neutron.wsgi [None req-1f58b18a-6e9b-41cc-bdc9-9f6f2d6338c3 c745a185e90a4811b30d6496a18097ff 2332d0b478da4463a529bc6a41906a80 - - default default] 10.129.0.2,::1 "GET / HTTP/1.1" status: 200 len: 255 time: 0.0026977
2025-10-11 11:05:29.202 17 DEBUG futurist.periodics [None req-69bb3ab8-3e77-44de-9d7e-55d1152c8ce4 - - - - - -] Submitting periodic callback 'neutron.plugins.ml2.drivers.ovn.mech_driver.ovsdb.maintenance.DBInconsistenciesPeriodics.check_router_mac_binding_options' _process_scheduled /usr/lib/python3.9/site-packages/futurist/periodics.py:638
2025-10-11 11:05:29.203 17 DEBUG futurist.periodics [None req-69bb3ab8-3e77-44de-9d7e-55d1152c8ce4 - - - - - -] Periodic callback 'neutron.plugins.ml2.drivers.ovn.mech_driver.ovsdb.maintenance.DBInconsistenciesPeriodics.check_router_mac_binding_options' raised 'NeverAgain' exception, stopping any further execution of it. _on_done /usr/lib/python3.9/site-packages/futurist/periodics.py:710
2025-10-11 11:05:29.204 17 DEBUG futurist.periodics [None req-69bb3ab8-3e77-44de-9d7e-55d1152c8ce4 - - - - - -] Submitting periodic callback 'neutron.plugins.ml2.drivers.ovn.mech_driver.ovsdb.maintenance.DBInconsistenciesPeriodics.update_port_qos_with_external_ids_reference' _process_scheduled /usr/lib/python3.9/site-packages/futurist/periodics.py:638
2025-10-11 11:05:29.205 17 DEBUG futurist.periodics [None req-69bb3ab8-3e77-44de-9d7e-55d1152c8ce4 - - - - - -] Periodic callback 'neutron.plugins.ml2.drivers.ovn.mech_driver.ovsdb.maintenance.DBInconsistenciesPeriodics.update_port_qos_with_external_ids_reference' raised 'NeverAgain' exception, stopping any further execution of it. _on_done /usr/lib/python3.9/site-packages/futurist/periodics.py:710
2025-10-11 11:05:29.206 17 DEBUG futurist.periodics [None req-69bb3ab8-3e77-44de-9d7e-55d1152c8ce4 - - - - - -] Submitting periodic callback 'neutron.plugins.ml2.drivers.ovn.mech_driver.ovsdb.maintenance.DBInconsistenciesPeriodics.update_port_virtual_type' _process_scheduled /usr/lib/python3.9/site-packages/futurist/periodics.py:638
2025-10-11 11:05:29.207 17 DEBUG futurist.periodics [None req-69bb3ab8-3e77-44de-9d7e-55d1152c8ce4 - - - - - -] Periodic callback 'neutron.plugins.ml2.drivers.ovn.mech_driver.ovsdb.maintenance.DBInconsistenciesPeriodics.update_port_virtual_type' raised 'NeverAgain' exception, stopping any further execution of it. _on_done /usr/lib/python3.9/site-packages/futurist/periodics.py:710
2025-10-11 11:05:29.207 17 DEBUG futurist.periodics [None req-69bb3ab8-3e77-44de-9d7e-55d1152c8ce4 - - - - - -] Submitting periodic callback 'neutron.plugins.ml2.drivers.ovn.mech_driver.ovsdb.maintenance.DBInconsistenciesPeriodics.check_for_inconsistencies' _process_scheduled /usr/lib/python3.9/site-packages/futurist/periodics.py:638
2025-10-11 11:05:29.229 17 DEBUG neutron.plugins.ml2.drivers.ovn.mech_driver.ovsdb.maintenance [None req-69bb3ab8-3e77-44de-9d7e-55d1152c8ce4 - - - - - -] Maintenance task: Synchronizing Neutron and OVN databases check_for_inconsistencies /usr/lib/python3.9/site-packages/neutron/plugins/ml2/drivers/ovn/mech_driver/ovsdb/maintenance.py:392
2025-10-11 11:05:29.231 17 DEBUG neutron.plugins.ml2.drivers.ovn.mech_driver.ovsdb.maintenance [None req-69bb3ab8-3e77-44de-9d7e-55d1152c8ce4 - - - - - -] Maintenance task: Number of inconsistencies found at create/update: networks=2, security_groups=4, routers=1 _log /usr/lib/python3.9/site-packages/neutron/plugins/ml2/drivers/ovn/mech_driver/ovsdb/maintenance.py:373
2025-10-11 11:05:29.231 17 DEBUG neutron.plugins.ml2.drivers.ovn.mech_driver.ovsdb.maintenance [None req-69bb3ab8-3e77-44de-9d7e-55d1152c8ce4 - - - - - -] Maintenance task: Fixing resource b03dc91c-17b4-4520-9c49-1d31f16b55df (type: networks) at create/update check_for_inconsistencies /usr/lib/python3.9/site-packages/neutron/plugins/ml2/drivers/ovn/mech_driver/ovsdb/maintenance.py:402
2025-10-11 11:05:29.331 17 DEBUG ovsdbapp.backend.ovs_idl.transaction [-] Running txn n=1 command(idx=0): CheckRevisionNumberCommand(_result=None, name=neutron-b03dc91c-17b4-4520-9c49-1d31f16b55df, resource={'id': 'b03dc91c-17b4-4520-9c49-1d31f16b55df', 'name': 'octavia-provider-net', 'tenant_id': '2332d0b478da4463a529bc6a41906a80', 'admin_state_up': True, 'mtu': 1500, 'status': 'ACTIVE', 'subnets': ['c692fbe0-0615-425c-b881-73b3c879f7db'], 'standard_attr_id': 142, 'shared': False, 'availability_zone_hints': ['zone-1'], 'availability_zones': ['zone-1'], 'ipv4_address_scope': None, 'ipv6_address_scope': None, 'router:external': True, 'vlan_transparent': False, 'description': 'LBaaS Management Provider Network', 'qos_policy_id': None, 'port_security_enabled': True, 'dns_domain': '', 'l2_adjacency': True, 'is_default': False, 'tags': [], 'created_at': '2025-10-11T11:02:57Z', 'updated_at': '2025-10-11T11:02:58Z', 'revision_number': 3, 'project_id': '2332d0b478da4463a529bc6a41906a80', 'provider:network_type': 'flat', 'provider:physical_network': 'octavia', 'provider:segmentation_id': None}, resource_type=networks, if_exists=True) do_commit /usr/lib/python3.9/site-packages/ovsdbapp/backend/ovs_idl/transaction.py:89
2025-10-11 11:05:29.331 17 DEBUG ovsdbapp.backend.ovs_idl.transaction [-] Running txn n=1 command(idx=1): DbSetCommand(_result=None, table=Logical_Switch, record=neutron-b03dc91c-17b4-4520-9c49-1d31f16b55df, col_values=(('external_ids', {'neutron:network_name': 'octavia-provider-net', 'neutron:mtu': '1500', 'neutron:revision_number': '3', 'neutron:availability_zone_hints': 'zone-1'}), ('other_config', {'mcast_snoop': 'true', 'mcast_flood_unregistered': 'false', 'vlan-passthru': 'false'})), if_exists=True) do_commit /usr/lib/python3.9/site-packages/ovsdbapp/backend/ovs_idl/transaction.py:89
2025-10-11 11:05:29.332 17 DEBUG ovsdbapp.backend.ovs_idl.transaction [-] Running txn n=1 command(idx=2): SetLSwitchPortCommand(_result=None, lport=provnet-e99792ec-a888-4072-8dad-269412d8e4e8, external_ids_update=None, columns={'tag': []}, if_exists=True) do_commit /usr/lib/python3.9/site-packages/ovsdbapp/backend/ovs_idl/transaction.py:89
2025-10-11 11:05:29.332 12 DEBUG futurist.periodics [-] Submitting periodic callback 'neutron.plugins.ml2.drivers.ovn.mech_driver.ovsdb.maintenance.HashRingHealthCheckPeriodics.touch_hash_ring_nodes' _process_scheduled /usr/lib/python3.9/site-packages/futurist/periodics.py:638
2025-10-11 11:05:29.360 13 DEBUG neutron.common.ovn.hash_ring_manager [None req-47ed2ca4-35fe-44f1-b7fd-819b0d9a3e01 - - - - - -] Hash Ring loaded. 6 active nodes. 0 offline nodes _load_hash_ring /usr/lib/python3.9/site-packages/neutron/common/ovn/hash_ring_manager.py:99
2025-10-11 11:05:29.363 15 DEBUG neutron.common.ovn.hash_ring_manager [-] Hash Ring loaded. 6 active nodes. 0 offline nodes _load_hash_ring /usr/lib/python3.9/site-packages/neutron/common/ovn/hash_ring_manager.py:99
2025-10-11 11:05:29.365 13 DEBUG neutron.plugins.ml2.drivers.ovn.mech_driver.ovsdb.ovsdb_monitor [None req-47ed2ca4-35fe-44f1-b7fd-819b0d9a3e01 - - - - - -] Hash Ring: Node 2590793f-54ee-4c59-a253-248f05d89aeb (host: neutron-748bbfcf89-vpkvr) handling event "update" for row 91b28dfb-a8f9-4d4c-92ef-4bcb86c959f0 (table: Database) notify /usr/lib/python3.9/site-packages/neutron/plugins/ml2/drivers/ovn/mech_driver/ovsdb/ovsdb_monitor.py:777
2025-10-11 11:05:29.372 12 DEBUG neutron.common.ovn.hash_ring_manager [None req-9fe5d454-422c-483d-b11c-281b10f1ba9d - - - - - -] Hash Ring loaded. 6 active nodes. 0 offline nodes _load_hash_ring /usr/lib/python3.9/site-packages/neutron/common/ovn/hash_ring_manager.py:99
2025-10-11 11:05:29.390 17 INFO neutron.db.ovn_revision_numbers_db [None req-69bb3ab8-3e77-44de-9d7e-55d1152c8ce4 - - - - - -] Successfully bumped revision number for resource b03dc91c-17b4-4520-9c49-1d31f16b55df (type: networks) to 3
2025-10-11 11:05:29.391 17 DEBUG neutron.plugins.ml2.drivers.ovn.mech_driver.ovsdb.maintenance [None req-69bb3ab8-3e77-44de-9d7e-55d1152c8ce4 - - - - - -] Maintenance task: Fixing resource 70c1e570-e30e-4bb3-bdd8-49a7b2685b2e (type: networks) at create/update check_for_inconsistencies /usr/lib/python3.9/site-packages/neutron/plugins/ml2/drivers/ovn/mech_driver/ovsdb/maintenance.py:402
2025-10-11 11:05:29.441 17 DEBUG ovsdbapp.backend.ovs_idl.transaction [-] Running txn n=1 command(idx=0): CheckRevisionNumberCommand(_result=None, name=neutron-70c1e570-e30e-4bb3-bdd8-49a7b2685b2e, resource={'id': '70c1e570-e30e-4bb3-bdd8-49a7b2685b2e', 'name': 'lb-mgmt-net', 'tenant_id': '18af13ddd95e45ae9810b2bdd9367db8', 'admin_state_up': True, 'mtu': 1442, 'status': 'ACTIVE', 'subnets': ['21db9152-ca21-4418-91be-6f852e2101a0'], 'standard_attr_id': 64, 'shared': False, 'availability_zone_hints': ['zone-1'], 'availability_zones': ['zone-1'], 'ipv4_address_scope': None, 'ipv6_address_scope': None, 'router:external': False, 'vlan_transparent': False, 'description': 'LBaaS Management Network', 'qos_policy_id': None, 'port_security_enabled': True, 'dns_domain': '', 'l2_adjacency': True, 'tags': [], 'created_at': '2025-10-11T11:02:51Z', 'updated_at': '2025-10-11T11:02:51Z', 'revision_number': 2, 'project_id': '18af13ddd95e45ae9810b2bdd9367db8', 'provider:network_type': 'geneve', 'provider:physical_network': None, 'provider:segmentation_id': 19559}, resource_type=networks, if_exists=True) do_commit /usr/lib/python3.9/site-packages/ovsdbapp/backend/ovs_idl/transaction.py:89
2025-10-11 11:05:29.442 17 DEBUG ovsdbapp.backend.ovs_idl.transaction [-] Running txn n=1 command(idx=1): DbSetCommand(_result=None, table=Logical_Switch, record=neutron-70c1e570-e30e-4bb3-bdd8-49a7b2685b2e, col_values=(('external_ids', {'neutron:network_name': 'lb-mgmt-net', 'neutron:mtu': '1442', 'neutron:revision_number': '2', 'neutron:availability_zone_hints': 'zone-1'}), ('other_config', {'mcast_snoop': 'true', 'mcast_flood_unregistered': 'false', 'vlan-passthru': 'false'})), if_exists=True) do_commit /usr/lib/python3.9/site-packages/ovsdbapp/backend/ovs_idl/transaction.py:89
2025-10-11 11:05:29.442 17 DEBUG ovsdbapp.backend.ovs_idl.transaction [-] Running txn n=1 command(idx=2): SetLSwitchPortCommand(_result=None, lport=provnet-ed56550a-9db1-41dc-9ef1-a35f6e0416ae, external_ids_update=None, columns={'tag': 19559}, if_exists=True) do_commit /usr/lib/python3.9/site-packages/ovsdbapp/backend/ovs_idl/transaction.py:89
2025-10-11 11:05:29.454 13 DEBUG neutron.plugins.ml2.drivers.ovn.mech_driver.ovsdb.ovsdb_monitor [None req-47ed2ca4-35fe-44f1-b7fd-819b0d9a3e01 - - - - - -] Hash Ring: Node 2590793f-54ee-4c59-a253-248f05d89aeb (host: neutron-748bbfcf89-vpkvr) handling event "update" for row 91b28dfb-a8f9-4d4c-92ef-4bcb86c959f0 (table: Database) notify /usr/lib/python3.9/site-packages/neutron/plugins/ml2/drivers/ovn/mech_driver/ovsdb/ovsdb_monitor.py:777
2025-10-11 11:05:29.492 17 INFO neutron.db.ovn_revision_numbers_db [None req-69bb3ab8-3e77-44de-9d7e-55d1152c8ce4 - - - - - -] Successfully bumped revision number for resource 70c1e570-e30e-4bb3-bdd8-49a7b2685b2e (type: networks) to 2
2025-10-11 11:05:29.493 17 DEBUG neutron.plugins.ml2.drivers.ovn.mech_driver.ovsdb.maintenance [None req-69bb3ab8-3e77-44de-9d7e-55d1152c8ce4 - - - - - -] Maintenance task: Fixing resource 2cd72813-905f-47ff-999d-eba7332b77dc (type: security_groups) at create/update check_for_inconsistencies /usr/lib/python3.9/site-packages/neutron/plugins/ml2/drivers/ovn/mech_driver/ovsdb/maintenance.py:402
2025-10-11 11:05:29.549 17 INFO neutron.db.ovn_revision_numbers_db [None req-69bb3ab8-3e77-44de-9d7e-55d1152c8ce4 - - - - - -] Successfully bumped revision number for resource 2cd72813-905f-47ff-999d-eba7332b77dc (type: security_groups) to 5
2025-10-11 11:05:29.549 17 DEBUG neutron.plugins.ml2.drivers.ovn.mech_driver.ovsdb.maintenance [None req-69bb3ab8-3e77-44de-9d7e-55d1152c8ce4 - - - - - -] Maintenance task: Fixing resource 86aaa3ed-6afa-44bf-bd78-6548c25c0581 (type: security_groups) at create/update check_for_inconsistencies /usr/lib/python3.9/site-packages/neutron/plugins/ml2/drivers/ovn/mech_driver/ovsdb/maintenance.py:402
2025-10-11 11:05:29.591 17 INFO neutron.db.ovn_revision_numbers_db [None req-69bb3ab8-3e77-44de-9d7e-55d1152c8ce4 - - - - - -] Successfully bumped revision number for resource 86aaa3ed-6afa-44bf-bd78-6548c25c0581 (type: security_groups) to 7
2025-10-11 11:05:29.592 17 DEBUG neutron.plugins.ml2.drivers.ovn.mech_driver.ovsdb.maintenance [None req-69bb3ab8-3e77-44de-9d7e-55d1152c8ce4 - - - - - -] Maintenance task: Fixing resource 6a3ee6e5-44e7-4aa9-a1b2-604425ebe5d2 (type: security_groups) at create/update check_for_inconsistencies /usr/lib/python3.9/site-packages/neutron/plugins/ml2/drivers/ovn/mech_driver/ovsdb/maintenance.py:402
2025-10-11 11:05:29.701 17 INFO neutron.db.ovn_revision_numbers_db [None req-69bb3ab8-3e77-44de-9d7e-55d1152c8ce4 - - - - - -] Successfully bumped revision number for resource 6a3ee6e5-44e7-4aa9-a1b2-604425ebe5d2 (type: security_groups) to 7
2025-10-11 11:05:29.702 17 DEBUG neutron.plugins.ml2.drivers.ovn.mech_driver.ovsdb.maintenance [None req-69bb3ab8-3e77-44de-9d7e-55d1152c8ce4 - - - - - -] Maintenance task: Fixing resource 9e11e486-cbaf-4aed-9db8-26d1607f47f0 (type: security_groups) at create/update check_for_inconsistencies /usr/lib/python3.9/site-packages/neutron/plugins/ml2/drivers/ovn/mech_driver/ovsdb/maintenance.py:402
2025-10-11 11:05:29.760 17 INFO neutron.db.ovn_revision_numbers_db [None req-69bb3ab8-3e77-44de-9d7e-55d1152c8ce4 - - - - - -] Successfully bumped revision number for resource 9e11e486-cbaf-4aed-9db8-26d1607f47f0 (type: security_groups) to 5
2025-10-11 11:05:29.760 17 DEBUG neutron.plugins.ml2.drivers.ovn.mech_driver.ovsdb.maintenance [None req-69bb3ab8-3e77-44de-9d7e-55d1152c8ce4 - - - - - -] Maintenance task: Fixing resource 03899f46-47c9-4f76-9d67-1f764ead13d0 (type: routers) at create/update check_for_inconsistencies /usr/lib/python3.9/site-packages/neutron/plugins/ml2/drivers/ovn/mech_driver/ovsdb/maintenance.py:402
2025-10-11 11:05:30.366 17 DEBUG neutron.plugins.ml2.drivers.ovn.mech_driver.ovsdb.ovn_client [None req-69bb3ab8-3e77-44de-9d7e-55d1152c8ce4 - - - - - -] Filtering Chassis candidates by availability zone hints: zone-1 get_candidates_for_scheduling /usr/lib/python3.9/site-packages/neutron/plugins/ml2/drivers/ovn/mech_driver/ovsdb/ovn_client.py:1561
2025-10-11 11:05:30.367 17 DEBUG neutron.plugins.ml2.drivers.ovn.mech_driver.ovsdb.ovn_client [None req-69bb3ab8-3e77-44de-9d7e-55d1152c8ce4 - - - - - -] Chassis candidates for scheduling gateway router ports for "octavia" physical network: ['29da4ae7-52ec-4ea5-84dd-dc7519e19ed7', '25fe5290-69b4-4f56-8bfa-13039831ce25', 'd4d601ec-81e2-46ad-bf18-5713577ede4a'] get_candidates_for_scheduling /usr/lib/python3.9/site-packages/neutron/plugins/ml2/drivers/ovn/mech_driver/ovsdb/ovn_client.py:1568
2025-10-11 11:05:30.367 17 DEBUG neutron.scheduler.l3_ovn_scheduler [None req-69bb3ab8-3e77-44de-9d7e-55d1152c8ce4 - - - - - -] Gateway lrp-ad400525-3d63-408d-8e40-334d1d016ddc scheduled on chassis ['29da4ae7-52ec-4ea5-84dd-dc7519e19ed7', 'd4d601ec-81e2-46ad-bf18-5713577ede4a', '25fe5290-69b4-4f56-8bfa-13039831ce25'] _schedule_gateway /usr/lib/python3.9/site-packages/neutron/scheduler/l3_ovn_scheduler.py:85
2025-10-11 11:05:30.368 17 DEBUG ovsdbapp.backend.ovs_idl.transaction [-] Running txn n=1 command(idx=0): CheckRevisionNumberCommand(_result=None, name=neutron-03899f46-47c9-4f76-9d67-1f764ead13d0, resource={'id': '03899f46-47c9-4f76-9d67-1f764ead13d0', 'name': 'octavia-link-router', 'tenant_id': '2332d0b478da4463a529bc6a41906a80', 'admin_state_up': True, 'status': 'ACTIVE', 'external_gateway_info': {'network_id': 'b03dc91c-17b4-4520-9c49-1d31f16b55df', 'external_fixed_ips': [{'subnet_id': 'c692fbe0-0615-425c-b881-73b3c879f7db', 'ip_address': '172.23.0.150'}], 'enable_snat': False}, 'gw_port_id': 'ad400525-3d63-408d-8e40-334d1d016ddc', 'description': '', 'availability_zones': ['zone-1'], 'distributed': True, 'ha': False, 'ha_vr_id': 0, 'availability_zone_hints': ['zone-1'], 'routes': [], 'tags': [], 'created_at': '2025-10-11T11:02:59Z', 'updated_at': '2025-10-11T11:03:00Z', 'revision_number': 4, 'project_id': '2332d0b478da4463a529bc6a41906a80'}, resource_type=routers, if_exists=True) do_commit /usr/lib/python3.9/site-packages/ovsdbapp/backend/ovs_idl/transaction.py:89
2025-10-11 11:05:30.368 17 DEBUG ovsdbapp.backend.ovs_idl.transaction [-] Running txn n=1 command(idx=1): AddLRouterPortCommand(_result=None, name=lrp-ad400525-3d63-408d-8e40-334d1d016ddc, lrouter=neutron-03899f46-47c9-4f76-9d67-1f764ead13d0, may_exist=True, columns={'mac': 'fa:16:3e:ab:95:70', 'networks': ['172.23.0.150/24'], 'external_ids': {'neutron:revision_number': '7', 'neutron:subnet_ids': 'c692fbe0-0615-425c-b881-73b3c879f7db', 'neutron:network_name': 'neutron-b03dc91c-17b4-4520-9c49-1d31f16b55df', 'neutron:is_ext_gw': 'True', 'neutron:router_name': '03899f46-47c9-4f76-9d67-1f764ead13d0'}, 'options': {}, 'gateway_chassis': ['29da4ae7-52ec-4ea5-84dd-dc7519e19ed7', 'd4d601ec-81e2-46ad-bf18-5713577ede4a', '25fe5290-69b4-4f56-8bfa-13039831ce25']}) do_commit /usr/lib/python3.9/site-packages/ovsdbapp/backend/ovs_idl/transaction.py:89
2025-10-11 11:05:30.368 17 DEBUG ovsdbapp.backend.ovs_idl.transaction [-] Running txn n=1 command(idx=2): SetLRouterPortInLSwitchPortCommand(_result=None, lswitch_port=ad400525-3d63-408d-8e40-334d1d016ddc, lrouter_port=lrp-ad400525-3d63-408d-8e40-334d1d016ddc, is_gw_port=True, if_exists=True, lsp_address=router) do_commit /usr/lib/python3.9/site-packages/ovsdbapp/backend/ovs_idl/transaction.py:89
2025-10-11 11:05:30.369 17 DEBUG ovsdbapp.backend.ovs_idl.transaction [-] Running txn n=1 command(idx=3): UpdateLRouterCommand(_result=None, name=neutron-03899f46-47c9-4f76-9d67-1f764ead13d0, columns={'external_ids': {'neutron:router_name': 'octavia-link-router', 'neutron:gw_port_id': 'ad400525-3d63-408d-8e40-334d1d016ddc', 'neutron:revision_number': '4', 'neutron:availability_zone_hints': 'zone-1', 'neutron:gw_network_id': 'b03dc91c-17b4-4520-9c49-1d31f16b55df'}, 'enabled': True}, if_exists=True) do_commit /usr/lib/python3.9/site-packages/ovsdbapp/backend/ovs_idl/transaction.py:89
2025-10-11 11:05:30.369 17 DEBUG ovsdbapp.backend.ovs_idl.transaction [-] Running txn n=1 command(idx=4): QoSDelCommand(_result=None, switch=neutron-b03dc91c-17b4-4520-9c49-1d31f16b55df, conditions=[('direction', '=', 'from-lport'), ('priority', '=', 2002), ('match', '=', 'inport == "ad400525-3d63-408d-8e40-334d1d016ddc"')], if_exists=True) do_commit /usr/lib/python3.9/site-packages/ovsdbapp/backend/ovs_idl/transaction.py:89
2025-10-11 11:05:30.369 17 DEBUG ovsdbapp.backend.ovs_idl.transaction [-] Running txn n=1 command(idx=5): QoSDelCommand(_result=None, switch=neutron-b03dc91c-17b4-4520-9c49-1d31f16b55df, conditions=[('direction', '=', 'to-lport'), ('priority', '=', 2002), ('match', '=', 'outport == "ad400525-3d63-408d-8e40-334d1d016ddc"')], if_exists=True) do_commit /usr/lib/python3.9/site-packages/ovsdbapp/backend/ovs_idl/transaction.py:89
2025-10-11 11:05:30.391 13 DEBUG neutron.plugins.ml2.drivers.ovn.mech_driver.ovsdb.ovsdb_monitor [None req-47ed2ca4-35fe-44f1-b7fd-819b0d9a3e01 - - - - - -] Hash Ring: Node 2590793f-54ee-4c59-a253-248f05d89aeb (host: neutron-748bbfcf89-vpkvr) handling event "update" for row 91b28dfb-a8f9-4d4c-92ef-4bcb86c959f0 (table: Database) notify /usr/lib/python3.9/site-packages/neutron/plugins/ml2/drivers/ovn/mech_driver/ovsdb/ovsdb_monitor.py:777
2025-10-11 11:05:30.448 17 INFO neutron.db.ovn_revision_numbers_db [None req-69bb3ab8-3e77-44de-9d7e-55d1152c8ce4 - - - - - -] Successfully bumped revision number for resource 03899f46-47c9-4f76-9d67-1f764ead13d0 (type: routers) to 4
2025-10-11 11:05:30.511 17 INFO neutron.db.ovn_revision_numbers_db [None req-69bb3ab8-3e77-44de-9d7e-55d1152c8ce4 - - - - - -] Successfully bumped revision number for resource ad400525-3d63-408d-8e40-334d1d016ddc (type: router_ports) to 7
2025-10-11 11:05:30.512 17 INFO neutron.plugins.ml2.drivers.ovn.mech_driver.ovsdb.maintenance [None req-69bb3ab8-3e77-44de-9d7e-55d1152c8ce4 - - - - - -] Maintenance task: Synchronization finished (took 1.28 seconds)
2025-10-11 11:05:30.513 17 DEBUG futurist.periodics [None req-69bb3ab8-3e77-44de-9d7e-55d1152c8ce4 - - - - - -] Submitting periodic callback 'neutron.plugins.ml2.drivers.ovn.mech_driver.ovsdb.maintenance.DBInconsistenciesPeriodics.remove_duplicated_chassis_registers' _process_scheduled /usr/lib/python3.9/site-packages/futurist/periodics.py:638
2025-10-11 11:05:41.217 13 INFO neutron.wsgi [-] 10.129.0.2,::1 "GET / HTTP/1.1" status: 200 len: 255 time: 0.0029237
2025-10-11 11:05:41.220 13 INFO neutron.wsgi [None req-13bb9bc1-e643-4446-83aa-79b614c9efbc c745a185e90a4811b30d6496a18097ff 2332d0b478da4463a529bc6a41906a80 - - default default] 10.129.0.2,::1 "GET / HTTP/1.1" status: 200 len: 255 time: 0.0019004
2025-10-11 11:05:41.223 13 INFO neutron.wsgi [None req-98800af7-cb46-4b2b-89c0-0e897ad858c8 c745a185e90a4811b30d6496a18097ff 2332d0b478da4463a529bc6a41906a80 - - default default] 10.129.0.2,::1 "GET / HTTP/1.1" status: 200 len: 255 time: 0.0024927
2025-10-11 11:05:59.364 12 DEBUG futurist.periodics [-] Submitting periodic callback 'neutron.plugins.ml2.drivers.ovn.mech_driver.ovsdb.maintenance.HashRingHealthCheckPeriodics.touch_hash_ring_nodes' _process_scheduled /usr/lib/python3.9/site-packages/futurist/periodics.py:638
2025-10-11 11:06:11.226 13 INFO neutron.wsgi [None req-98800af7-cb46-4b2b-89c0-0e897ad858c8 c745a185e90a4811b30d6496a18097ff 2332d0b478da4463a529bc6a41906a80 - - default default] 10.129.0.2,::1 "GET / HTTP/1.1" status: 200 len: 255 time: 0.0075865
2025-10-11 11:06:11.229 13 INFO neutron.wsgi [None req-13bb9bc1-e643-4446-83aa-79b614c9efbc c745a185e90a4811b30d6496a18097ff 2332d0b478da4463a529bc6a41906a80 - - default default] 10.129.0.2,::1 "GET / HTTP/1.1" status: 200 len: 255 time: 0.0020456
2025-10-11 11:06:11.232 13 INFO neutron.wsgi [None req-1f58b18a-6e9b-41cc-bdc9-9f6f2d6338c3 c745a185e90a4811b30d6496a18097ff 2332d0b478da4463a529bc6a41906a80 - - default default] 10.129.0.2,::1 "GET / HTTP/1.1" status: 200 len: 255 time: 0.0019877
2025-10-11 11:06:29.365 12 DEBUG futurist.periodics [-] Submitting periodic callback 'neutron.plugins.ml2.drivers.ovn.mech_driver.ovsdb.maintenance.HashRingHealthCheckPeriodics.touch_hash_ring_nodes' _process_scheduled /usr/lib/python3.9/site-packages/futurist/periodics.py:638
2025-10-11 11:06:41.217 13 INFO neutron.wsgi [None req-0b2d99d2-75e4-4f1c-a164-db97287b2181 c745a185e90a4811b30d6496a18097ff 2332d0b478da4463a529bc6a41906a80 - - default default] 10.129.0.2,::1 "GET / HTTP/1.1" status: 200 len: 255 time: 0.0024707
2025-10-11 11:06:41.222 13 INFO neutron.wsgi [None req-1f58b18a-6e9b-41cc-bdc9-9f6f2d6338c3 c745a185e90a4811b30d6496a18097ff 2332d0b478da4463a529bc6a41906a80 - - default default] 10.129.0.2,::1 "GET / HTTP/1.1" status: 200 len: 255 time: 0.0031011
2025-10-11 11:06:41.225 13 INFO neutron.wsgi [None req-13bb9bc1-e643-4446-83aa-79b614c9efbc c745a185e90a4811b30d6496a18097ff 2332d0b478da4463a529bc6a41906a80 - - default default] 10.129.0.2,::1 "GET / HTTP/1.1" status: 200 len: 255 time: 0.0020349
2025-10-11 11:06:59.395 12 DEBUG futurist.periodics [-] Submitting periodic callback 'neutron.plugins.ml2.drivers.ovn.mech_driver.ovsdb.maintenance.HashRingHealthCheckPeriodics.touch_hash_ring_nodes' _process_scheduled /usr/lib/python3.9/site-packages/futurist/periodics.py:638
2025-10-11 11:07:11.216 13 INFO neutron.wsgi [None req-13bb9bc1-e643-4446-83aa-79b614c9efbc c745a185e90a4811b30d6496a18097ff 2332d0b478da4463a529bc6a41906a80 - - default default] 10.129.0.2,::1 "GET / HTTP/1.1" status: 200 len: 255 time: 0.0025930
2025-10-11 11:07:11.218 13 INFO neutron.wsgi [None req-3d833a9c-ac00-4a90-a0b9-2dc219503040 c745a185e90a4811b30d6496a18097ff 2332d0b478da4463a529bc6a41906a80 - - default default] 10.129.0.2,::1 "GET / HTTP/1.1" status: 200 len: 255 time: 0.0018163
2025-10-11 11:07:11.222 13 INFO neutron.wsgi [None req-98800af7-cb46-4b2b-89c0-0e897ad858c8 c745a185e90a4811b30d6496a18097ff 2332d0b478da4463a529bc6a41906a80 - - default default] 10.129.0.2,::1 "GET / HTTP/1.1" status: 200 len: 255 time: 0.0024476
2025-10-11 11:07:29.401 12 DEBUG futurist.periodics [-] Submitting periodic callback 'neutron.plugins.ml2.drivers.ovn.mech_driver.ovsdb.maintenance.HashRingHealthCheckPeriodics.touch_hash_ring_nodes' _process_scheduled /usr/lib/python3.9/site-packages/futurist/periodics.py:638
2025-10-11 11:07:41.219 13 INFO neutron.wsgi [None req-98800af7-cb46-4b2b-89c0-0e897ad858c8 c745a185e90a4811b30d6496a18097ff 2332d0b478da4463a529bc6a41906a80 - - default default] 10.129.0.2,::1 "GET / HTTP/1.1" status: 200 len: 255 time: 0.0035574
2025-10-11 11:07:41.223 13 INFO neutron.wsgi [None req-0b2d99d2-75e4-4f1c-a164-db97287b2181 c745a185e90a4811b30d6496a18097ff 2332d0b478da4463a529bc6a41906a80 - - default default] 10.129.0.2,::1 "GET / HTTP/1.1" status: 200 len: 255 time: 0.0025570
2025-10-11 11:07:41.226 13 INFO neutron.wsgi [-] 10.129.0.2,::1 "GET / HTTP/1.1" status: 200 len: 255 time: 0.0026009
2025-10-11 11:07:59.432 12 DEBUG futurist.periodics [-] Submitting periodic callback 'neutron.plugins.ml2.drivers.ovn.mech_driver.ovsdb.maintenance.HashRingHealthCheckPeriodics.touch_hash_ring_nodes' _process_scheduled /usr/lib/python3.9/site-packages/futurist/periodics.py:638
2025-10-11 11:08:00.234 18 DEBUG neutron.db.agents_db [None req-0a412fa8-7530-4594-8fde-2d49ad835eab - - - - - -] Agent healthcheck: found 0 active agents agent_health_check /usr/lib/python3.9/site-packages/neutron/db/agents_db.py:317
2025-10-11 11:08:04.499 12 DEBUG neutron.common.ovn.hash_ring_manager [None req-2de8ec75-1afd-444d-916e-ea510f75d4cc - - - - - -] Hash Ring loaded. 6 active nodes. 0 offline nodes _load_hash_ring /usr/lib/python3.9/site-packages/neutron/common/ovn/hash_ring_manager.py:99
2025-10-11 11:08:04.501 13 DEBUG neutron.common.ovn.hash_ring_manager [-] Hash Ring loaded. 6 active nodes. 0 offline nodes _load_hash_ring /usr/lib/python3.9/site-packages/neutron/common/ovn/hash_ring_manager.py:99
2025-10-11 11:08:04.503 15 DEBUG neutron.common.ovn.hash_ring_manager [-] Hash Ring loaded. 6 active nodes. 0 offline nodes _load_hash_ring /usr/lib/python3.9/site-packages/neutron/common/ovn/hash_ring_manager.py:99
2025-10-11 11:08:11.219 13 INFO neutron.wsgi [None req-3d833a9c-ac00-4a90-a0b9-2dc219503040 c745a185e90a4811b30d6496a18097ff 2332d0b478da4463a529bc6a41906a80 - - default default] 10.129.0.2,::1 "GET / HTTP/1.1" status: 200 len: 255 time: 0.0046198
2025-10-11 11:08:11.222 13 INFO neutron.wsgi [None req-98800af7-cb46-4b2b-89c0-0e897ad858c8 c745a185e90a4811b30d6496a18097ff 2332d0b478da4463a529bc6a41906a80 - - default default] 10.129.0.2,::1 "GET / HTTP/1.1" status: 200 len: 255 time: 0.0019729
2025-10-11 11:08:11.225 13 INFO neutron.wsgi [-] 10.129.0.2,::1 "GET / HTTP/1.1" status: 200 len: 255 time: 0.0020387
2025-10-11 11:08:29.434 12 DEBUG futurist.periodics [-] Submitting periodic callback 'neutron.plugins.ml2.drivers.ovn.mech_driver.ovsdb.maintenance.HashRingHealthCheckPeriodics.touch_hash_ring_nodes' _process_scheduled /usr/lib/python3.9/site-packages/futurist/periodics.py:638
2025-10-11 11:08:41.217 13 INFO neutron.wsgi [None req-0b2d99d2-75e4-4f1c-a164-db97287b2181 c745a185e90a4811b30d6496a18097ff 2332d0b478da4463a529bc6a41906a80 - - default default] 10.129.0.2,::1 "GET / HTTP/1.1" status: 200 len: 255 time: 0.0022798
2025-10-11 11:08:41.219 13 INFO neutron.wsgi [None req-3d833a9c-ac00-4a90-a0b9-2dc219503040 c745a185e90a4811b30d6496a18097ff 2332d0b478da4463a529bc6a41906a80 - - default default] 10.129.0.2,::1 "GET / HTTP/1.1" status: 200 len: 255 time: 0.0011935
2025-10-11 11:08:41.221 13 INFO neutron.wsgi [None req-13bb9bc1-e643-4446-83aa-79b614c9efbc c745a185e90a4811b30d6496a18097ff 2332d0b478da4463a529bc6a41906a80 - - default default] 10.129.0.2,::1 "GET / HTTP/1.1" status: 200 len: 255 time: 0.0012517
2025-10-11 11:08:59.452 12 DEBUG futurist.periodics [-] Submitting periodic callback 'neutron.plugins.ml2.drivers.ovn.mech_driver.ovsdb.maintenance.HashRingHealthCheckPeriodics.touch_hash_ring_nodes' _process_scheduled /usr/lib/python3.9/site-packages/futurist/periodics.py:638
2025-10-11 11:09:09.505 13 DEBUG neutron.common.ovn.hash_ring_manager [-] Hash Ring loaded. 6 active nodes. 0 offline nodes _load_hash_ring /usr/lib/python3.9/site-packages/neutron/common/ovn/hash_ring_manager.py:99
2025-10-11 11:09:09.506 15 DEBUG neutron.common.ovn.hash_ring_manager [-] Hash Ring loaded. 6 active nodes. 0 offline nodes _load_hash_ring /usr/lib/python3.9/site-packages/neutron/common/ovn/hash_ring_manager.py:99
2025-10-11 11:09:09.512 12 DEBUG neutron.common.ovn.hash_ring_manager [None req-2de8ec75-1afd-444d-916e-ea510f75d4cc - - - - - -] Hash Ring loaded. 6 active nodes. 0 offline nodes _load_hash_ring /usr/lib/python3.9/site-packages/neutron/common/ovn/hash_ring_manager.py:99
2025-10-11 11:09:11.217 13 INFO neutron.wsgi [None req-0b2d99d2-75e4-4f1c-a164-db97287b2181 c745a185e90a4811b30d6496a18097ff 2332d0b478da4463a529bc6a41906a80 - - default default] 10.129.0.2,::1 "GET / HTTP/1.1" status: 200 len: 255 time: 0.0031931
2025-10-11 11:09:11.221 13 INFO neutron.wsgi [None req-1f58b18a-6e9b-41cc-bdc9-9f6f2d6338c3 c745a185e90a4811b30d6496a18097ff 2332d0b478da4463a529bc6a41906a80 - - default default] 10.129.0.2,::1 "GET / HTTP/1.1" status: 200 len: 255 time: 0.0025661
2025-10-11 11:09:11.224 13 INFO neutron.wsgi [-] 10.129.0.2,::1 "GET / HTTP/1.1" status: 200 len: 255 time: 0.0018890
2025-10-11 11:09:29.454 12 DEBUG futurist.periodics [-] Submitting periodic callback 'neutron.plugins.ml2.drivers.ovn.mech_driver.ovsdb.maintenance.HashRingHealthCheckPeriodics.touch_hash_ring_nodes' _process_scheduled /usr/lib/python3.9/site-packages/futurist/periodics.py:638
2025-10-11 11:09:41.215 13 INFO neutron.wsgi [-] 10.129.0.2,::1 "GET / HTTP/1.1" status: 200 len: 255 time: 0.0019512
2025-10-11 11:09:41.216 13 INFO neutron.wsgi [None req-0b2d99d2-75e4-4f1c-a164-db97287b2181 c745a185e90a4811b30d6496a18097ff 2332d0b478da4463a529bc6a41906a80 - - default default] 10.129.0.2,::1 "GET / HTTP/1.1" status: 200 len: 255 time: 0.0009012
2025-10-11 11:09:41.218 13 INFO neutron.wsgi [None req-98800af7-cb46-4b2b-89c0-0e897ad858c8 c745a185e90a4811b30d6496a18097ff 2332d0b478da4463a529bc6a41906a80 - - default default] 10.129.0.2,::1 "GET / HTTP/1.1" status: 200 len: 255 time: 0.0016930
2025-10-11 11:09:59.467 12 DEBUG futurist.periodics [-] Submitting periodic callback 'neutron.plugins.ml2.drivers.ovn.mech_driver.ovsdb.maintenance.HashRingHealthCheckPeriodics.touch_hash_ring_nodes' _process_scheduled /usr/lib/python3.9/site-packages/futurist/periodics.py:638
2025-10-11 11:10:11.215 13 INFO neutron.wsgi [None req-0b2d99d2-75e4-4f1c-a164-db97287b2181 c745a185e90a4811b30d6496a18097ff 2332d0b478da4463a529bc6a41906a80 - - default default] 10.129.0.2,::1 "GET / HTTP/1.1" status: 200 len: 255 time: 0.0015607
2025-10-11 11:10:11.217 13 INFO neutron.wsgi [None req-98800af7-cb46-4b2b-89c0-0e897ad858c8 c745a185e90a4811b30d6496a18097ff 2332d0b478da4463a529bc6a41906a80 - - default default] 10.129.0.2,::1 "GET / HTTP/1.1" status: 200 len: 255 time: 0.0016506
2025-10-11 11:10:11.231 13 INFO neutron.wsgi [None req-0b2d99d2-75e4-4f1c-a164-db97287b2181 c745a185e90a4811b30d6496a18097ff 2332d0b478da4463a529bc6a41906a80 - - default default] 10.129.0.2,::1 "GET / HTTP/1.1" status: 200 len: 255 time: 0.0009108
2025-10-11 11:10:29.220 17 DEBUG futurist.periodics [None req-69bb3ab8-3e77-44de-9d7e-55d1152c8ce4 - - - - - -] Submitting periodic callback 'neutron.plugins.ml2.drivers.ovn.mech_driver.ovsdb.maintenance.DBInconsistenciesPeriodics.check_for_inconsistencies' _process_scheduled /usr/lib/python3.9/site-packages/futurist/periodics.py:638
2025-10-11 11:10:29.237 17 DEBUG neutron.plugins.ml2.drivers.ovn.mech_driver.ovsdb.maintenance [None req-69bb3ab8-3e77-44de-9d7e-55d1152c8ce4 - - - - - -] Maintenance task: No inconsistencies found. Skipping check_for_inconsistencies /usr/lib/python3.9/site-packages/neutron/plugins/ml2/drivers/ovn/mech_driver/ovsdb/maintenance.py:389
2025-10-11 11:10:29.468 12 DEBUG futurist.periodics [-] Submitting periodic callback 'neutron.plugins.ml2.drivers.ovn.mech_driver.ovsdb.maintenance.HashRingHealthCheckPeriodics.touch_hash_ring_nodes' _process_scheduled /usr/lib/python3.9/site-packages/futurist/periodics.py:638
2025-10-11 11:10:30.514 17 DEBUG futurist.periodics [None req-69bb3ab8-3e77-44de-9d7e-55d1152c8ce4 - - - - - -] Submitting periodic callback 'neutron.plugins.ml2.drivers.ovn.mech_driver.ovsdb.maintenance.DBInconsistenciesPeriodics.remove_duplicated_chassis_registers' _process_scheduled /usr/lib/python3.9/site-packages/futurist/periodics.py:638
2025-10-11 11:10:41.219 13 INFO neutron.wsgi [None req-1f58b18a-6e9b-41cc-bdc9-9f6f2d6338c3 c745a185e90a4811b30d6496a18097ff 2332d0b478da4463a529bc6a41906a80 - - default default] 10.129.0.2,::1 "GET / HTTP/1.1" status: 200 len: 255 time: 0.0044491
2025-10-11 11:10:41.221 13 INFO neutron.wsgi [None req-98800af7-cb46-4b2b-89c0-0e897ad858c8 c745a185e90a4811b30d6496a18097ff 2332d0b478da4463a529bc6a41906a80 - - default default] 10.129.0.2,::1 "GET / HTTP/1.1" status: 200 len: 255 time: 0.0015354
2025-10-11 11:10:41.223 13 INFO neutron.wsgi [None req-13bb9bc1-e643-4446-83aa-79b614c9efbc c745a185e90a4811b30d6496a18097ff 2332d0b478da4463a529bc6a41906a80 - - default default] 10.129.0.2,::1 "GET / HTTP/1.1" status: 200 len: 255 time: 0.0013363
2025-10-11 11:10:59.477 12 DEBUG futurist.periodics [-] Submitting periodic callback 'neutron.plugins.ml2.drivers.ovn.mech_driver.ovsdb.maintenance.HashRingHealthCheckPeriodics.touch_hash_ring_nodes' _process_scheduled /usr/lib/python3.9/site-packages/futurist/periodics.py:638
2025-10-11 11:11:11.219 13 INFO neutron.wsgi [None req-3d833a9c-ac00-4a90-a0b9-2dc219503040 c745a185e90a4811b30d6496a18097ff 2332d0b478da4463a529bc6a41906a80 - - default default] 10.129.0.2,::1 "GET / HTTP/1.1" status: 200 len: 255 time: 0.0037532
2025-10-11 11:11:11.221 12 INFO neutron.wsgi [-] 10.129.0.2,::1 "GET / HTTP/1.1" status: 200 len: 255 time: 0.0026762
2025-10-11 11:11:11.226 13 INFO neutron.wsgi [None req-13bb9bc1-e643-4446-83aa-79b614c9efbc c745a185e90a4811b30d6496a18097ff 2332d0b478da4463a529bc6a41906a80 - - default default] 10.129.0.2,::1 "GET / HTTP/1.1" status: 200 len: 255 time: 0.0044801
2025-10-11 11:11:29.478 12 DEBUG futurist.periodics [-] Submitting periodic callback 'neutron.plugins.ml2.drivers.ovn.mech_driver.ovsdb.maintenance.HashRingHealthCheckPeriodics.touch_hash_ring_nodes' _process_scheduled /usr/lib/python3.9/site-packages/futurist/periodics.py:638
2025-10-11 11:11:41.216 13 INFO neutron.wsgi [None req-1f58b18a-6e9b-41cc-bdc9-9f6f2d6338c3 c745a185e90a4811b30d6496a18097ff 2332d0b478da4463a529bc6a41906a80 - - default default] 10.129.0.2,::1 "GET / HTTP/1.1" status: 200 len: 255 time: 0.0021555
2025-10-11 11:11:41.219 13 INFO neutron.wsgi [None req-98800af7-cb46-4b2b-89c0-0e897ad858c8 c745a185e90a4811b30d6496a18097ff 2332d0b478da4463a529bc6a41906a80 - - default default] 10.129.0.2,::1 "GET / HTTP/1.1" status: 200 len: 255 time: 0.0016861
2025-10-11 11:11:41.221 13 INFO neutron.wsgi [None req-1f58b18a-6e9b-41cc-bdc9-9f6f2d6338c3 c745a185e90a4811b30d6496a18097ff 2332d0b478da4463a529bc6a41906a80 - - default default] 10.129.0.2,::1 "GET / HTTP/1.1" status: 200 len: 255 time: 0.0014114
2025-10-11 11:11:59.494 12 DEBUG futurist.periodics [-] Submitting periodic callback 'neutron.plugins.ml2.drivers.ovn.mech_driver.ovsdb.maintenance.HashRingHealthCheckPeriodics.touch_hash_ring_nodes' _process_scheduled /usr/lib/python3.9/site-packages/futurist/periodics.py:638
2025-10-11 11:12:11.218 13 INFO neutron.wsgi [None req-1f58b18a-6e9b-41cc-bdc9-9f6f2d6338c3 c745a185e90a4811b30d6496a18097ff 2332d0b478da4463a529bc6a41906a80 - - default default] 10.129.0.2,::1 "GET / HTTP/1.1" status: 200 len: 255 time: 0.0050182
2025-10-11 11:12:11.222 13 INFO neutron.wsgi [None req-98800af7-cb46-4b2b-89c0-0e897ad858c8 c745a185e90a4811b30d6496a18097ff 2332d0b478da4463a529bc6a41906a80 - - default default] 10.129.0.2,::1 "GET / HTTP/1.1" status: 200 len: 255 time: 0.0027161
2025-10-11 11:12:11.226 13 INFO neutron.wsgi [-] 10.129.0.2,::1 "GET / HTTP/1.1" status: 200 len: 255 time: 0.0025971
2025-10-11 11:12:29.496 12 DEBUG futurist.periodics [-] Submitting periodic callback 'neutron.plugins.ml2.drivers.ovn.mech_driver.ovsdb.maintenance.HashRingHealthCheckPeriodics.touch_hash_ring_nodes' _process_scheduled /usr/lib/python3.9/site-packages/futurist/periodics.py:638
2025-10-11 11:12:41.218 13 INFO neutron.wsgi [None req-1f58b18a-6e9b-41cc-bdc9-9f6f2d6338c3 c745a185e90a4811b30d6496a18097ff 2332d0b478da4463a529bc6a41906a80 - - default default] 10.129.0.2,::1 "GET / HTTP/1.1" status: 200 len: 255 time: 0.0038795
2025-10-11 11:12:41.221 12 INFO neutron.wsgi [None req-4be8d69c-c4ef-49c0-b1e6-aa4986bd982f c745a185e90a4811b30d6496a18097ff 2332d0b478da4463a529bc6a41906a80 - - default default] 10.129.0.2,::1 "GET / HTTP/1.1" status: 200 len: 255 time: 0.0020485
2025-10-11 11:12:41.223 13 INFO neutron.wsgi [None req-0b2d99d2-75e4-4f1c-a164-db97287b2181 c745a185e90a4811b30d6496a18097ff 2332d0b478da4463a529bc6a41906a80 - - default default] 10.129.0.2,::1 "GET / HTTP/1.1" status: 200 len: 255 time: 0.0037007
2025-10-11 11:12:59.515 12 DEBUG futurist.periodics [-] Submitting periodic callback 'neutron.plugins.ml2.drivers.ovn.mech_driver.ovsdb.maintenance.HashRingHealthCheckPeriodics.touch_hash_ring_nodes' _process_scheduled /usr/lib/python3.9/site-packages/futurist/periodics.py:638
2025-10-11 11:13:00.326 18 DEBUG neutron.db.agents_db [None req-0a412fa8-7530-4594-8fde-2d49ad835eab - - - - - -] Agent healthcheck: found 0 active agents agent_health_check /usr/lib/python3.9/site-packages/neutron/db/agents_db.py:317
2025-10-11 11:13:11.214 13 INFO neutron.wsgi [None req-13bb9bc1-e643-4446-83aa-79b614c9efbc c745a185e90a4811b30d6496a18097ff 2332d0b478da4463a529bc6a41906a80 - - default default] 10.129.0.2,::1 "GET / HTTP/1.1" status: 200 len: 255 time: 0.0016215
2025-10-11 11:13:11.217 13 INFO neutron.wsgi [None req-0b2d99d2-75e4-4f1c-a164-db97287b2181 c745a185e90a4811b30d6496a18097ff 2332d0b478da4463a529bc6a41906a80 - - default default] 10.129.0.2,::1 "GET / HTTP/1.1" status: 200 len: 255 time: 0.0016713
2025-10-11 11:13:11.221 12 INFO neutron.wsgi [None req-4be8d69c-c4ef-49c0-b1e6-aa4986bd982f c745a185e90a4811b30d6496a18097ff 2332d0b478da4463a529bc6a41906a80 - - default default] 10.129.0.2,::1 "GET / HTTP/1.1" status: 200 len: 255 time: 0.0048747
2025-10-11 11:13:22.839 13 INFO neutron.wsgi [None req-6043b048-df1f-492b-ae37-525173bdeb72 c745a185e90a4811b30d6496a18097ff 2332d0b478da4463a529bc6a41906a80 - - default default] 10.129.0.97,::1 "GET /v2.0/security-groups?tenant_id=18af13ddd95e45ae9810b2bdd9367db8 HTTP/1.1" status: 200 len: 12138 time: 0.2080753
2025-10-11 11:13:22.939 13 INFO neutron.wsgi [None req-673644cc-0f53-4b4a-9eee-5e2454ff12fd c745a185e90a4811b30d6496a18097ff 2332d0b478da4463a529bc6a41906a80 - - default default] 10.129.0.97,::1 "GET /v2.0/security-group-rules?direction=ingressðertype=IPv4&port_range_max=22&port_range_min=22&protocol=tcp&security_group_id=2cd72813-905f-47ff-999d-eba7332b77dc&tenant_id=18af13ddd95e45ae9810b2bdd9367db8 HTTP/1.1" status: 200 len: 785 time: 0.0949001
2025-10-11 11:13:23.038 13 INFO neutron.wsgi [None req-27a16376-4bd3-4a5b-b4fc-5da9df4ef693 c745a185e90a4811b30d6496a18097ff 2332d0b478da4463a529bc6a41906a80 - - default default] 10.129.0.97,::1 "GET /v2.0/security-group-rules?direction=ingressðertype=IPv6&port_range_max=22&port_range_min=22&protocol=tcp&security_group_id=2cd72813-905f-47ff-999d-eba7332b77dc&tenant_id=18af13ddd95e45ae9810b2bdd9367db8 HTTP/1.1" status: 200 len: 785 time: 0.0973597
2025-10-11 11:13:23.222 13 INFO neutron.wsgi [None req-af30ae21-dc21-4a75-9823-abab58f472f5 c745a185e90a4811b30d6496a18097ff 2332d0b478da4463a529bc6a41906a80 - - default default] 10.129.0.97,::1 "GET /v2.0/security-group-rules?direction=ingressðertype=IPv4&port_range_max=9443&port_range_min=9443&protocol=tcp&security_group_id=2cd72813-905f-47ff-999d-eba7332b77dc&tenant_id=18af13ddd95e45ae9810b2bdd9367db8 HTTP/1.1" status: 200 len: 799 time: 0.1814473
2025-10-11 11:13:23.402 13 INFO neutron.wsgi [None req-23baf9fb-67e7-43c9-8539-9f422f981c9b c745a185e90a4811b30d6496a18097ff 2332d0b478da4463a529bc6a41906a80 - - default default] 10.129.0.97,::1 "GET /v2.0/security-group-rules?direction=ingressðertype=IPv6&port_range_max=9443&port_range_min=9443&protocol=tcp&security_group_id=2cd72813-905f-47ff-999d-eba7332b77dc&tenant_id=18af13ddd95e45ae9810b2bdd9367db8 HTTP/1.1" status: 200 len: 799 time: 0.1774890
2025-10-11 11:13:23.606 13 INFO neutron.wsgi [None req-83859dd4-0cc1-4af2-946f-1a51d8d98c56 c745a185e90a4811b30d6496a18097ff 2332d0b478da4463a529bc6a41906a80 - - default default] 10.129.0.97,::1 "GET /v2.0/security-groups?tenant_id=18af13ddd95e45ae9810b2bdd9367db8 HTTP/1.1" status: 200 len: 12138 time: 0.2016466
2025-10-11 11:13:23.699 13 INFO neutron.wsgi [None req-b52fa425-5d16-4243-aa53-50f1577100ef c745a185e90a4811b30d6496a18097ff 2332d0b478da4463a529bc6a41906a80 - - default default] 10.129.0.97,::1 "GET /v2.0/security-group-rules?direction=ingressðertype=IPv4&port_range_max=5555&port_range_min=5555&protocol=udp&security_group_id=86aaa3ed-6afa-44bf-bd78-6548c25c0581&tenant_id=18af13ddd95e45ae9810b2bdd9367db8 HTTP/1.1" status: 200 len: 807 time: 0.0878513
2025-10-11 11:13:23.819 13 INFO neutron.wsgi [None req-1e42a623-f182-49e7-8249-fd223a8c2181 c745a185e90a4811b30d6496a18097ff 2332d0b478da4463a529bc6a41906a80 - - default default] 10.129.0.97,::1 "GET /v2.0/security-group-rules?direction=ingressðertype=IPv6&port_range_max=5555&port_range_min=5555&protocol=udp&security_group_id=86aaa3ed-6afa-44bf-bd78-6548c25c0581&tenant_id=18af13ddd95e45ae9810b2bdd9367db8 HTTP/1.1" status: 200 len: 807 time: 0.1179473
2025-10-11 11:13:23.932 13 INFO neutron.wsgi [None req-8860ff1f-1a37-446f-967c-96201dfd179b c745a185e90a4811b30d6496a18097ff 2332d0b478da4463a529bc6a41906a80 - - default default] 10.129.0.97,::1 "GET /v2.0/security-group-rules?direction=ingressðertype=IPv4&port_range_max=514&port_range_min=514&protocol=udp&security_group_id=86aaa3ed-6afa-44bf-bd78-6548c25c0581&tenant_id=18af13ddd95e45ae9810b2bdd9367db8 HTTP/1.1" status: 200 len: 797 time: 0.1111915
2025-10-11 11:13:24.024 13 INFO neutron.wsgi [None req-7dc3c12d-c771-484c-840b-0584700742d9 c745a185e90a4811b30d6496a18097ff 2332d0b478da4463a529bc6a41906a80 - - default default] 10.129.0.97,::1 "GET /v2.0/security-group-rules?direction=ingressðertype=IPv6&port_range_max=514&port_range_min=514&protocol=udp&security_group_id=86aaa3ed-6afa-44bf-bd78-6548c25c0581&tenant_id=18af13ddd95e45ae9810b2bdd9367db8 HTTP/1.1" status: 200 len: 797 time: 0.0888753
2025-10-11 11:13:24.130 13 INFO neutron.wsgi [None req-2e89b728-9cbe-47b3-b929-ad802adfe8ac c745a185e90a4811b30d6496a18097ff 2332d0b478da4463a529bc6a41906a80 - - default default] 10.129.0.97,::1 "GET /v2.0/security-group-rules?direction=ingressðertype=IPv4&port_range_max=514&port_range_min=514&protocol=tcp&security_group_id=86aaa3ed-6afa-44bf-bd78-6548c25c0581&tenant_id=18af13ddd95e45ae9810b2bdd9367db8 HTTP/1.1" status: 200 len: 797 time: 0.1041608
2025-10-11 11:13:24.252 13 INFO neutron.wsgi [None req-b74ad837-898b-4776-a6be-1198f14fbe73 c745a185e90a4811b30d6496a18097ff 2332d0b478da4463a529bc6a41906a80 - - default default] 10.129.0.97,::1 "GET /v2.0/security-group-rules?direction=ingressðertype=IPv6&port_range_max=514&port_range_min=514&protocol=tcp&security_group_id=86aaa3ed-6afa-44bf-bd78-6548c25c0581&tenant_id=18af13ddd95e45ae9810b2bdd9367db8 HTTP/1.1" status: 200 len: 797 time: 0.1136656
2025-10-11 11:13:24.403 13 DEBUG neutron.pecan_wsgi.hooks.policy_enforcement [None req-8f725040-99a9-4090-86d7-8e975c50c9dc c745a185e90a4811b30d6496a18097ff 2332d0b478da4463a529bc6a41906a80 - - default default] Attributes excluded by policy engine: ['standard_attr_id'] _exclude_attributes_by_policy /usr/lib/python3.9/site-packages/neutron/pecan_wsgi/hooks/policy_enforcement.py:259
2025-10-11 11:13:24.405 13 INFO neutron.wsgi [None req-8f725040-99a9-4090-86d7-8e975c50c9dc c745a185e90a4811b30d6496a18097ff 2332d0b478da4463a529bc6a41906a80 - - default default] 10.129.0.97,::1 "GET /v2.0/networks?name=lb-mgmt-net&tenant_id=18af13ddd95e45ae9810b2bdd9367db8 HTTP/1.1" status: 200 len: 990 time: 0.1509275
2025-10-11 11:13:24.568 13 DEBUG neutron.pecan_wsgi.hooks.policy_enforcement [None req-1f206ebd-5d3f-44af-9f19-2bc1dc731d8b c745a185e90a4811b30d6496a18097ff 2332d0b478da4463a529bc6a41906a80 - - default default] Attributes excluded by policy engine: ['standard_attr_id'] _exclude_attributes_by_policy /usr/lib/python3.9/site-packages/neutron/pecan_wsgi/hooks/policy_enforcement.py:259
2025-10-11 11:13:24.571 13 INFO neutron.wsgi [None req-1f206ebd-5d3f-44af-9f19-2bc1dc731d8b c745a185e90a4811b30d6496a18097ff 2332d0b478da4463a529bc6a41906a80 - - default default] 10.129.0.97,::1 "GET /v2.0/networks?name=lb-mgmt-net&tenant_id=18af13ddd95e45ae9810b2bdd9367db8 HTTP/1.1" status: 200 len: 990 time: 0.1630776
2025-10-11 11:13:24.705 13 DEBUG neutron.pecan_wsgi.hooks.policy_enforcement [None req-4dba536c-c598-4aa7-8100-fa4b232cbf7b c745a185e90a4811b30d6496a18097ff 2332d0b478da4463a529bc6a41906a80 - - default default] Attributes excluded by policy engine: ['standard_attr_id', 'shared'] _exclude_attributes_by_policy /usr/lib/python3.9/site-packages/neutron/pecan_wsgi/hooks/policy_enforcement.py:259
2025-10-11 11:13:24.707 13 INFO neutron.wsgi [None req-4dba536c-c598-4aa7-8100-fa4b232cbf7b c745a185e90a4811b30d6496a18097ff 2332d0b478da4463a529bc6a41906a80 - - default default] 10.129.0.97,::1 "GET /v2.0/subnets?ip_version=4&name=lb-mgmt-subnet&network_id=70c1e570-e30e-4bb3-bdd8-49a7b2685b2e&tenant_id=18af13ddd95e45ae9810b2bdd9367db8 HTTP/1.1" status: 200 len: 910 time: 0.1336200
