2025-10-11 10:55:28.945 1 DEBUG neutron.api.extensions [None req-8fd1406f-4ab7-4936-8e2c-b2f554281e5d - - - - - -] Extended resource: auto-allocated-topology __init__ /usr/lib/python3.9/site-packages/neutron/api/extensions.py:157
2025-10-11 10:55:28.945 1 DEBUG neutron.api.extensions [None req-8fd1406f-4ab7-4936-8e2c-b2f554281e5d - - - - - -] Extended resource: availability_zones __init__ /usr/lib/python3.9/site-packages/neutron/api/extensions.py:157
2025-10-11 10:55:28.946 1 DEBUG neutron.api.extensions [None req-8fd1406f-4ab7-4936-8e2c-b2f554281e5d - - - - - -] Extended resource: dhcp-networks __init__ /usr/lib/python3.9/site-packages/neutron/api/extensions.py:157
2025-10-11 10:55:28.946 1 DEBUG neutron.api.extensions [None req-8fd1406f-4ab7-4936-8e2c-b2f554281e5d - - - - - -] Extended resource: dhcp-agents __init__ /usr/lib/python3.9/site-packages/neutron/api/extensions.py:157
2025-10-11 10:55:28.947 1 DEBUG neutron.api.extensions [None req-8fd1406f-4ab7-4936-8e2c-b2f554281e5d - - - - - -] Extended resource: flavors __init__ /usr/lib/python3.9/site-packages/neutron/api/extensions.py:157
2025-10-11 10:55:28.947 1 DEBUG neutron.api.extensions [None req-8fd1406f-4ab7-4936-8e2c-b2f554281e5d - - - - - -] Extended resource: service_profiles __init__ /usr/lib/python3.9/site-packages/neutron/api/extensions.py:157
2025-10-11 10:55:28.948 1 DEBUG neutron.api.extensions [None req-8fd1406f-4ab7-4936-8e2c-b2f554281e5d - - - - - -] Extended resource: next_providers __init__ /usr/lib/python3.9/site-packages/neutron/api/extensions.py:157
2025-10-11 10:55:28.949 1 DEBUG neutron.api.extensions [None req-8fd1406f-4ab7-4936-8e2c-b2f554281e5d - - - - - -] Extended resource: service_profiles __init__ /usr/lib/python3.9/site-packages/neutron/api/extensions.py:157
2025-10-11 10:55:28.951 1 DEBUG neutron.api.extensions [None req-8fd1406f-4ab7-4936-8e2c-b2f554281e5d - - - - - -] Extended resource: port_forwardings __init__ /usr/lib/python3.9/site-packages/neutron/api/extensions.py:157
2025-10-11 10:55:28.952 1 DEBUG neutron.api.extensions [None req-8fd1406f-4ab7-4936-8e2c-b2f554281e5d - - - - - -] Extended resource: floatingip-pools __init__ /usr/lib/python3.9/site-packages/neutron/api/extensions.py:157
2025-10-11 10:55:28.952 1 DEBUG neutron.api.extensions [None req-8fd1406f-4ab7-4936-8e2c-b2f554281e5d - - - - - -] Extended resource: routers __init__ /usr/lib/python3.9/site-packages/neutron/api/extensions.py:157
2025-10-11 10:55:28.953 1 DEBUG neutron.api.extensions [None req-8fd1406f-4ab7-4936-8e2c-b2f554281e5d - - - - - -] Extended resource: floatingips __init__ /usr/lib/python3.9/site-packages/neutron/api/extensions.py:157
2025-10-11 10:55:28.954 1 DEBUG neutron.api.extensions [None req-8fd1406f-4ab7-4936-8e2c-b2f554281e5d - - - - - -] Extended resource: logs __init__ /usr/lib/python3.9/site-packages/neutron/api/extensions.py:157
2025-10-11 10:55:28.954 1 DEBUG neutron.api.extensions [None req-8fd1406f-4ab7-4936-8e2c-b2f554281e5d - - - - - -] Extended resource: loggable-resources __init__ /usr/lib/python3.9/site-packages/neutron/api/extensions.py:157
2025-10-11 10:55:28.955 1 DEBUG neutron.api.extensions [None req-8fd1406f-4ab7-4936-8e2c-b2f554281e5d - - - - - -] Extended resource: network-ip-availabilities __init__ /usr/lib/python3.9/site-packages/neutron/api/extensions.py:157
2025-10-11 10:55:28.955 1 DEBUG neutron.api.extensions [None req-8fd1406f-4ab7-4936-8e2c-b2f554281e5d - - - - - -] Extended resource: bindings __init__ /usr/lib/python3.9/site-packages/neutron/api/extensions.py:157
2025-10-11 10:55:28.956 1 DEBUG neutron.api.extensions [None req-8fd1406f-4ab7-4936-8e2c-b2f554281e5d - - - - - -] Extended resource: policies __init__ /usr/lib/python3.9/site-packages/neutron/api/extensions.py:157
2025-10-11 10:55:28.956 1 DEBUG neutron.api.extensions [None req-8fd1406f-4ab7-4936-8e2c-b2f554281e5d - - - - - -] Extended resource: rule-types __init__ /usr/lib/python3.9/site-packages/neutron/api/extensions.py:157
2025-10-11 10:55:28.957 1 DEBUG neutron.api.extensions [None req-8fd1406f-4ab7-4936-8e2c-b2f554281e5d - - - - - -] Extended resource: ports __init__ /usr/lib/python3.9/site-packages/neutron/api/extensions.py:157
2025-10-11 10:55:28.958 1 DEBUG neutron.api.extensions [None req-8fd1406f-4ab7-4936-8e2c-b2f554281e5d - - - - - -] Extended resource: networks __init__ /usr/lib/python3.9/site-packages/neutron/api/extensions.py:157
2025-10-11 10:55:28.958 1 DEBUG neutron.api.extensions [None req-8fd1406f-4ab7-4936-8e2c-b2f554281e5d - - - - - -] Extended resource: bandwidth_limit_rules __init__ /usr/lib/python3.9/site-packages/neutron/api/extensions.py:157
2025-10-11 10:55:28.959 1 DEBUG neutron.api.extensions [None req-8fd1406f-4ab7-4936-8e2c-b2f554281e5d - - - - - -] Extended resource: dscp_marking_rules __init__ /usr/lib/python3.9/site-packages/neutron/api/extensions.py:157
2025-10-11 10:55:28.960 1 DEBUG neutron.api.extensions [None req-8fd1406f-4ab7-4936-8e2c-b2f554281e5d - - - - - -] Extended resource: minimum_bandwidth_rules __init__ /usr/lib/python3.9/site-packages/neutron/api/extensions.py:157
2025-10-11 10:55:28.960 1 DEBUG neutron.api.extensions [None req-8fd1406f-4ab7-4936-8e2c-b2f554281e5d - - - - - -] Extended resource: minimum-packet-rate-rules __init__ /usr/lib/python3.9/site-packages/neutron/api/extensions.py:157
2025-10-11 10:55:28.961 1 DEBUG neutron.api.extensions [None req-8fd1406f-4ab7-4936-8e2c-b2f554281e5d - - - - - -] Extended resource: alias-minimum-packet-rate-rules __init__ /usr/lib/python3.9/site-packages/neutron/api/extensions.py:157
2025-10-11 10:55:28.962 1 DEBUG neutron.api.extensions [None req-8fd1406f-4ab7-4936-8e2c-b2f554281e5d - - - - - -] Extended resource: packet_rate_limit_rules __init__ /usr/lib/python3.9/site-packages/neutron/api/extensions.py:157
2025-10-11 10:55:28.962 1 DEBUG neutron.api.extensions [None req-8fd1406f-4ab7-4936-8e2c-b2f554281e5d - - - - - -] Extended resource: alias-bandwidth-limit-rules __init__ /usr/lib/python3.9/site-packages/neutron/api/extensions.py:157
2025-10-11 10:55:28.963 1 DEBUG neutron.api.extensions [None req-8fd1406f-4ab7-4936-8e2c-b2f554281e5d - - - - - -] Extended resource: alias-dscp-marking-rules __init__ /usr/lib/python3.9/site-packages/neutron/api/extensions.py:157
2025-10-11 10:55:28.964 1 DEBUG neutron.api.extensions [None req-8fd1406f-4ab7-4936-8e2c-b2f554281e5d - - - - - -] Extended resource: alias-minimum-bandwidth-rules __init__ /usr/lib/python3.9/site-packages/neutron/api/extensions.py:157
2025-10-11 10:55:28.964 1 DEBUG neutron.api.extensions [None req-8fd1406f-4ab7-4936-8e2c-b2f554281e5d - - - - - -] Extended resource: quotas __init__ /usr/lib/python3.9/site-packages/neutron/api/extensions.py:157
2025-10-11 10:55:28.965 1 DEBUG neutron.api.extensions [None req-8fd1406f-4ab7-4936-8e2c-b2f554281e5d - - - - - -] Extended resource: quotas __init__ /usr/lib/python3.9/site-packages/neutron/api/extensions.py:157
2025-10-11 10:55:28.966 1 DEBUG neutron.api.extensions [None req-8fd1406f-4ab7-4936-8e2c-b2f554281e5d - - - - - -] Extended resource: rbac-policies __init__ /usr/lib/python3.9/site-packages/neutron/api/extensions.py:157
2025-10-11 10:55:28.967 1 DEBUG neutron.api.extensions [None req-8fd1406f-4ab7-4936-8e2c-b2f554281e5d - - - - - -] Extended resource: security-groups __init__ /usr/lib/python3.9/site-packages/neutron/api/extensions.py:157
2025-10-11 10:55:28.968 1 DEBUG neutron.api.extensions [None req-8fd1406f-4ab7-4936-8e2c-b2f554281e5d - - - - - -] Extended resource: security-group-rules __init__ /usr/lib/python3.9/site-packages/neutron/api/extensions.py:157
2025-10-11 10:55:28.968 1 DEBUG neutron.api.extensions [None req-8fd1406f-4ab7-4936-8e2c-b2f554281e5d - - - - - -] Extended resource: segments __init__ /usr/lib/python3.9/site-packages/neutron/api/extensions.py:157
2025-10-11 10:55:28.969 1 DEBUG neutron.api.extensions [None req-8fd1406f-4ab7-4936-8e2c-b2f554281e5d - - - - - -] Extended resource: service-providers __init__ /usr/lib/python3.9/site-packages/neutron/api/extensions.py:157
2025-10-11 10:55:28.970 1 DEBUG neutron.api.extensions [None req-8fd1406f-4ab7-4936-8e2c-b2f554281e5d - - - - - -] Extended resource: subnetpools __init__ /usr/lib/python3.9/site-packages/neutron/api/extensions.py:157
2025-10-11 10:55:28.970 1 DEBUG neutron.api.extensions [None req-8fd1406f-4ab7-4936-8e2c-b2f554281e5d - - - - - -] Extended resource: tags __init__ /usr/lib/python3.9/site-packages/neutron/api/extensions.py:157
2025-10-11 10:55:28.971 1 DEBUG neutron.api.extensions [None req-8fd1406f-4ab7-4936-8e2c-b2f554281e5d - - - - - -] Extended resource: tags __init__ /usr/lib/python3.9/site-packages/neutron/api/extensions.py:157
2025-10-11 10:55:28.972 1 DEBUG neutron.api.extensions [None req-8fd1406f-4ab7-4936-8e2c-b2f554281e5d - - - - - -] Extended resource: tags __init__ /usr/lib/python3.9/site-packages/neutron/api/extensions.py:157
2025-10-11 10:55:28.973 1 DEBUG neutron.api.extensions [None req-8fd1406f-4ab7-4936-8e2c-b2f554281e5d - - - - - -] Extended resource: tags __init__ /usr/lib/python3.9/site-packages/neutron/api/extensions.py:157
2025-10-11 10:55:28.974 1 DEBUG neutron.api.extensions [None req-8fd1406f-4ab7-4936-8e2c-b2f554281e5d - - - - - -] Extended resource: tags __init__ /usr/lib/python3.9/site-packages/neutron/api/extensions.py:157
2025-10-11 10:55:28.975 1 DEBUG neutron.api.extensions [None req-8fd1406f-4ab7-4936-8e2c-b2f554281e5d - - - - - -] Extended resource: tags __init__ /usr/lib/python3.9/site-packages/neutron/api/extensions.py:157
2025-10-11 10:55:28.976 1 DEBUG neutron.api.extensions [None req-8fd1406f-4ab7-4936-8e2c-b2f554281e5d - - - - - -] Extended resource: tags __init__ /usr/lib/python3.9/site-packages/neutron/api/extensions.py:157
2025-10-11 10:55:28.977 1 DEBUG neutron.api.extensions [None req-8fd1406f-4ab7-4936-8e2c-b2f554281e5d - - - - - -] Extended resource: tags __init__ /usr/lib/python3.9/site-packages/neutron/api/extensions.py:157
2025-10-11 10:55:28.978 1 DEBUG neutron.api.extensions [None req-8fd1406f-4ab7-4936-8e2c-b2f554281e5d - - - - - -] Extended resource: tags __init__ /usr/lib/python3.9/site-packages/neutron/api/extensions.py:157
2025-10-11 10:55:28.979 1 DEBUG neutron.api.extensions [None req-8fd1406f-4ab7-4936-8e2c-b2f554281e5d - - - - - -] Extended resource: tags __init__ /usr/lib/python3.9/site-packages/neutron/api/extensions.py:157
2025-10-11 10:55:28.980 1 DEBUG neutron.api.extensions [None req-8fd1406f-4ab7-4936-8e2c-b2f554281e5d - - - - - -] Extended resource: trunks __init__ /usr/lib/python3.9/site-packages/neutron/api/extensions.py:157
2025-10-11 10:55:28.984 1 WARNING keystonemiddleware.auth_token [None req-8fd1406f-4ab7-4936-8e2c-b2f554281e5d - - - - - -] AuthToken middleware is set with keystone_authtoken.service_token_roles_required set to False. This is backwards compatible but deprecated behaviour. Please set this to True.
2025-10-11 10:55:28.997 1 DEBUG oslo_concurrency.lockutils [None req-8fd1406f-4ab7-4936-8e2c-b2f554281e5d - - - - - -] Acquiring lock "singleton_lock" lock /usr/lib/python3.9/site-packages/oslo_concurrency/lockutils.py:312
2025-10-11 10:55:28.998 1 DEBUG oslo_concurrency.lockutils [None req-8fd1406f-4ab7-4936-8e2c-b2f554281e5d - - - - - -] Acquired lock "singleton_lock" lock /usr/lib/python3.9/site-packages/oslo_concurrency/lockutils.py:315
2025-10-11 10:55:28.998 1 DEBUG oslo_concurrency.lockutils [None req-8fd1406f-4ab7-4936-8e2c-b2f554281e5d - - - - - -] Releasing lock "singleton_lock" lock /usr/lib/python3.9/site-packages/oslo_concurrency/lockutils.py:333
2025-10-11 10:55:28.998 1 INFO oslo_service.service [None req-8fd1406f-4ab7-4936-8e2c-b2f554281e5d - - - - - -] Starting 2 workers
2025-10-11 10:55:29.004 1 DEBUG oslo_service.service [None req-8fd1406f-4ab7-4936-8e2c-b2f554281e5d - - - - - -] Started child 12 _start_child /usr/lib/python3.9/site-packages/oslo_service/service.py:575
2025-10-11 10:55:29.008 12 DEBUG neutron_lib.callbacks.manager [-] Publish callbacks ['neutron.plugins.ml2.drivers.ovn.mech_driver.mech_driver.OVNMechanismDriver.post_fork_initialize-66672835'] for process (None), after_init _notify_loop /usr/lib/python3.9/site-packages/neutron_lib/callbacks/manager.py:184
2025-10-11 10:55:29.009 1 DEBUG oslo_service.service [None req-8fd1406f-4ab7-4936-8e2c-b2f554281e5d - - - - - -] Started child 13 _start_child /usr/lib/python3.9/site-packages/oslo_service/service.py:575
2025-10-11 10:55:29.009 12 DEBUG oslo_concurrency.lockutils [-] Acquiring lock "hash_ring_probe_lock" by "neutron.plugins.ml2.drivers.ovn.mech_driver.mech_driver.OVNMechanismDriver._setup_hash_ring" inner /usr/lib/python3.9/site-packages/oslo_concurrency/lockutils.py:404
2025-10-11 10:55:29.012 1 INFO neutron.service [None req-8fd1406f-4ab7-4936-8e2c-b2f554281e5d - - - - - -] Neutron service started, listening on localhost:9697
2025-10-11 10:55:29.012 1 DEBUG neutron_lib.callbacks.manager [None req-8fd1406f-4ab7-4936-8e2c-b2f554281e5d - - - - - -] Publish callbacks ['neutron.plugins.ml2.drivers.ovn.mech_driver.mech_driver.OVNMechanismDriver.pre_fork_initialize-66673193'] for process (None), before_spawn _notify_loop /usr/lib/python3.9/site-packages/neutron_lib/callbacks/manager.py:184
2025-10-11 10:55:29.013 12 DEBUG oslo_concurrency.lockutils [-] Lock "hash_ring_probe_lock" acquired by "neutron.plugins.ml2.drivers.ovn.mech_driver.mech_driver.OVNMechanismDriver._setup_hash_ring" :: waited 0.004s inner /usr/lib/python3.9/site-packages/oslo_concurrency/lockutils.py:409
2025-10-11 10:55:29.013 12 DEBUG oslo_concurrency.lockutils [-] Acquiring lock "singleton_lock" lock /usr/lib/python3.9/site-packages/oslo_concurrency/lockutils.py:312
2025-10-11 10:55:29.013 12 DEBUG oslo_concurrency.lockutils [-] Acquired lock "singleton_lock" lock /usr/lib/python3.9/site-packages/oslo_concurrency/lockutils.py:315
2025-10-11 10:55:29.013 12 DEBUG oslo_concurrency.lockutils [-] Releasing lock "singleton_lock" lock /usr/lib/python3.9/site-packages/oslo_concurrency/lockutils.py:333
2025-10-11 10:55:29.014 1 DEBUG oslo_concurrency.processutils [None req-8fd1406f-4ab7-4936-8e2c-b2f554281e5d - - - - - -] Running cmd (subprocess): ovsdb-client transact ssl:ovsdbserver-nb-0.openstack.svc.cluster.local:6641,ssl:ovsdbserver-nb-1.openstack.svc.cluster.local:6641,ssl:ovsdbserver-nb-2.openstack.svc.cluster.local:6641 --timeout 180 -p /etc/pki/tls/private/ovndb.key -c /etc/pki/tls/certs/ovndb.crt -C /etc/pki/tls/certs/ovndbca.crt ["OVN_Northbound", {"op": "wait", "timeout": 0, "table": "Port_Group", "where": [["name", "==", "neutron_pg_drop"]], "until": "==", "rows": []}, {"op": "insert", "table": "ACL", "row": {"action": "drop", "direction": "to-lport", "match": "outport == @neutron_pg_drop && ip", "priority": 1001}, "uuid-name": "droptoport"}, {"op": "insert", "table": "ACL", "row": {"action": "drop", "direction": "from-lport", "match": "inport == @neutron_pg_drop && ip", "priority": 1001}, "uuid-name": "dropfromport"}, {"op": "insert", "table": "Port_Group", "row": {"name": "neutron_pg_drop", "acls": ["set", [["named-uuid", "droptoport"], ["named-uuid", "dropfromport"]]]}}] execute /usr/lib/python3.9/site-packages/oslo_concurrency/processutils.py:384
2025-10-11 10:55:29.016 13 DEBUG neutron_lib.callbacks.manager [-] Publish callbacks ['neutron.plugins.ml2.drivers.ovn.mech_driver.mech_driver.OVNMechanismDriver.post_fork_initialize-66672835'] for process (None), after_init _notify_loop /usr/lib/python3.9/site-packages/neutron_lib/callbacks/manager.py:184
2025-10-11 10:55:29.018 13 DEBUG oslo_concurrency.lockutils [-] Acquiring lock "hash_ring_probe_lock" by "neutron.plugins.ml2.drivers.ovn.mech_driver.mech_driver.OVNMechanismDriver._setup_hash_ring" inner /usr/lib/python3.9/site-packages/oslo_concurrency/lockutils.py:404
2025-10-11 10:55:29.064 1 DEBUG oslo_concurrency.processutils [None req-8fd1406f-4ab7-4936-8e2c-b2f554281e5d - - - - - -] CMD "ovsdb-client transact ssl:ovsdbserver-nb-0.openstack.svc.cluster.local:6641,ssl:ovsdbserver-nb-1.openstack.svc.cluster.local:6641,ssl:ovsdbserver-nb-2.openstack.svc.cluster.local:6641 --timeout 180 -p /etc/pki/tls/private/ovndb.key -c /etc/pki/tls/certs/ovndb.crt -C /etc/pki/tls/certs/ovndbca.crt ["OVN_Northbound", {"op": "wait", "timeout": 0, "table": "Port_Group", "where": [["name", "==", "neutron_pg_drop"]], "until": "==", "rows": []}, {"op": "insert", "table": "ACL", "row": {"action": "drop", "direction": "to-lport", "match": "outport == @neutron_pg_drop && ip", "priority": 1001}, "uuid-name": "droptoport"}, {"op": "insert", "table": "ACL", "row": {"action": "drop", "direction": "from-lport", "match": "inport == @neutron_pg_drop && ip", "priority": 1001}, "uuid-name": "dropfromport"}, {"op": "insert", "table": "Port_Group", "row": {"name": "neutron_pg_drop", "acls": ["set", [["named-uuid", "droptoport"], ["named-uuid", "dropfromport"]]]}}]" returned: 0 in 0.051s execute /usr/lib/python3.9/site-packages/oslo_concurrency/processutils.py:422
2025-10-11 10:55:29.067 12 INFO neutron.db.ovn_hash_ring_db [None req-60312932-c274-400c-aab8-db0d3aa58fac - - - - - -] Nodes from host "neutron-748bbfcf89-vpkvr" and group "mechanism_driver" removed from the Hash Ring
2025-10-11 10:55:29.067 1 INFO oslo_service.service [None req-8fd1406f-4ab7-4936-8e2c-b2f554281e5d - - - - - -] Starting 1 workers
2025-10-11 10:55:29.077 12 INFO neutron.db.ovn_hash_ring_db [None req-60312932-c274-400c-aab8-db0d3aa58fac - - - - - -] Node 0b106d4c-8c21-4cd6-b73e-ac7951a6ce89 from host "neutron-748bbfcf89-vpkvr" and group "mechanism_driver" added to the Hash Ring
2025-10-11 10:55:29.075 1 DEBUG oslo_service.service [None req-8fd1406f-4ab7-4936-8e2c-b2f554281e5d - - - - - -] Started child 15 _start_child /usr/lib/python3.9/site-packages/oslo_service/service.py:575
2025-10-11 10:55:29.077 12 DEBUG neutron.plugins.ml2.drivers.ovn.mech_driver.ovsdb.maintenance [None req-60312932-c274-400c-aab8-db0d3aa58fac - - - - - -] Periodic task found: HashRingHealthCheckPeriodics.touch_hash_ring_nodes add_periodics /usr/lib/python3.9/site-packages/neutron/plugins/ml2/drivers/ovn/mech_driver/ovsdb/maintenance.py:95
2025-10-11 10:55:29.078 15 DEBUG neutron.service [None req-8fd1406f-4ab7-4936-8e2c-b2f554281e5d - - - - - -] calling RpcWorker wait() _wait /usr/lib/python3.9/site-packages/neutron/service.py:128
2025-10-11 10:55:29.080 12 INFO neutron.plugins.ml2.drivers.ovn.mech_driver.mech_driver [None req-60312932-c274-400c-aab8-db0d3aa58fac - - - - - -] Hash Ring probing thread has started
2025-10-11 10:55:29.079 15 DEBUG neutron_lib.callbacks.manager [-] Publish callbacks ['neutron.plugins.ml2.drivers.ovn.mech_driver.mech_driver.OVNMechanismDriver.post_fork_initialize-66672835'] for process (None), after_init _notify_loop /usr/lib/python3.9/site-packages/neutron_lib/callbacks/manager.py:184
2025-10-11 10:55:29.080 12 DEBUG oslo_concurrency.lockutils [None req-60312932-c274-400c-aab8-db0d3aa58fac - - - - - -] Lock "hash_ring_probe_lock" "released" by "neutron.plugins.ml2.drivers.ovn.mech_driver.mech_driver.OVNMechanismDriver._setup_hash_ring" :: held 0.067s inner /usr/lib/python3.9/site-packages/oslo_concurrency/lockutils.py:423
2025-10-11 10:55:29.079 1 INFO oslo_service.service [None req-8fd1406f-4ab7-4936-8e2c-b2f554281e5d - - - - - -] Starting 1 workers
2025-10-11 10:55:29.081 12 INFO neutron.plugins.ml2.drivers.ovn.mech_driver.ovsdb.impl_idl_ovn [None req-60312932-c274-400c-aab8-db0d3aa58fac - - - - - -] Getting OvsdbNbOvnIdl for WorkerService with retry
2025-10-11 10:55:29.082 15 INFO neutron.plugins.ml2.drivers.ovn.mech_driver.ovsdb.impl_idl_ovn [-] Getting OvsdbNbOvnIdl for RpcWorker with retry
2025-10-11 10:55:29.082 13 DEBUG oslo_concurrency.lockutils [-] Lock "hash_ring_probe_lock" acquired by "neutron.plugins.ml2.drivers.ovn.mech_driver.mech_driver.OVNMechanismDriver._setup_hash_ring" :: waited 0.064s inner /usr/lib/python3.9/site-packages/oslo_concurrency/lockutils.py:409
2025-10-11 10:55:29.083 13 DEBUG oslo_concurrency.lockutils [-] Acquiring lock "singleton_lock" lock /usr/lib/python3.9/site-packages/oslo_concurrency/lockutils.py:312
2025-10-11 10:55:29.083 13 DEBUG oslo_concurrency.lockutils [-] Acquired lock "singleton_lock" lock /usr/lib/python3.9/site-packages/oslo_concurrency/lockutils.py:315
2025-10-11 10:55:29.083 13 DEBUG oslo_concurrency.lockutils [-] Releasing lock "singleton_lock" lock /usr/lib/python3.9/site-packages/oslo_concurrency/lockutils.py:333
2025-10-11 10:55:29.080 15 DEBUG neutron.service [None req-8fd1406f-4ab7-4936-8e2c-b2f554281e5d - - - - - -] returning from RpcWorker wait() _wait /usr/lib/python3.9/site-packages/neutron/service.py:135
2025-10-11 10:55:29.086 1 DEBUG oslo_service.service [None req-8fd1406f-4ab7-4936-8e2c-b2f554281e5d - - - - - -] Started child 16 _start_child /usr/lib/python3.9/site-packages/oslo_service/service.py:575
2025-10-11 10:55:29.092 1 INFO oslo_service.service [None req-8fd1406f-4ab7-4936-8e2c-b2f554281e5d - - - - - -] Starting 1 workers
2025-10-11 10:55:29.094 16 DEBUG neutron.service [None req-8fd1406f-4ab7-4936-8e2c-b2f554281e5d - - - - - -] calling RpcWorker wait() _wait /usr/lib/python3.9/site-packages/neutron/service.py:128
2025-10-11 10:55:29.095 16 DEBUG neutron.service [None req-8fd1406f-4ab7-4936-8e2c-b2f554281e5d - - - - - -] returning from RpcWorker wait() _wait /usr/lib/python3.9/site-packages/neutron/service.py:135
2025-10-11 10:55:29.097 16 DEBUG neutron_lib.callbacks.manager [-] Publish callbacks ['neutron.plugins.ml2.drivers.ovn.mech_driver.mech_driver.OVNMechanismDriver.post_fork_initialize-66672835'] for process (None), after_init _notify_loop /usr/lib/python3.9/site-packages/neutron_lib/callbacks/manager.py:184
2025-10-11 10:55:29.099 1 DEBUG oslo_service.service [None req-8fd1406f-4ab7-4936-8e2c-b2f554281e5d - - - - - -] Started child 17 _start_child /usr/lib/python3.9/site-packages/oslo_service/service.py:575
2025-10-11 10:55:29.101 1 INFO oslo_service.service [None req-8fd1406f-4ab7-4936-8e2c-b2f554281e5d - - - - - -] Starting 1 workers
2025-10-11 10:55:29.103 17 DEBUG neutron_lib.callbacks.manager [-] Publish callbacks ['neutron.plugins.ml2.drivers.ovn.mech_driver.mech_driver.OVNMechanismDriver.post_fork_initialize-66672835'] for process (None), after_init _notify_loop /usr/lib/python3.9/site-packages/neutron_lib/callbacks/manager.py:184
2025-10-11 10:55:29.106 17 INFO neutron.plugins.ml2.drivers.ovn.mech_driver.ovsdb.impl_idl_ovn [-] Getting OvsdbNbOvnIdl for MaintenanceWorker with retry
2025-10-11 10:55:29.111 1 DEBUG oslo_service.service [None req-8fd1406f-4ab7-4936-8e2c-b2f554281e5d - - - - - -] Started child 18 _start_child /usr/lib/python3.9/site-packages/oslo_service/service.py:575
2025-10-11 10:55:29.115 1 DEBUG neutron_lib.callbacks.manager [None req-8fd1406f-4ab7-4936-8e2c-b2f554281e5d - - - - - -] Publish callbacks [] for process (None), after_spawn _notify_loop /usr/lib/python3.9/site-packages/neutron_lib/callbacks/manager.py:184
2025-10-11 10:55:29.116 18 DEBUG neutron_lib.callbacks.manager [-] Publish callbacks ['neutron.plugins.ml2.drivers.ovn.mech_driver.mech_driver.OVNMechanismDriver.post_fork_initialize-66672835'] for process (None), after_init _notify_loop /usr/lib/python3.9/site-packages/neutron_lib/callbacks/manager.py:184
2025-10-11 10:55:29.116 12 DEBUG ovsdbapp.backend.ovs_idl [None req-60312932-c274-400c-aab8-db0d3aa58fac - - - - - -] Created lookup_table index Logical_Switch.name autocreate_indices /usr/lib/python3.9/site-packages/ovsdbapp/backend/ovs_idl/__init__.py:87
2025-10-11 10:55:29.117 12 DEBUG ovsdbapp.backend.ovs_idl [None req-60312932-c274-400c-aab8-db0d3aa58fac - - - - - -] Created lookup_table index Logical_Router.name autocreate_indices /usr/lib/python3.9/site-packages/ovsdbapp/backend/ovs_idl/__init__.py:87
2025-10-11 10:55:29.117 12 DEBUG ovsdbapp.backend.ovs_idl [None req-60312932-c274-400c-aab8-db0d3aa58fac - - - - - -] Created lookup_table index Load_Balancer.name autocreate_indices /usr/lib/python3.9/site-packages/ovsdbapp/backend/ovs_idl/__init__.py:87
2025-10-11 10:55:29.117 12 DEBUG ovsdbapp.backend.ovs_idl [None req-60312932-c274-400c-aab8-db0d3aa58fac - - - - - -] Created schema index Meter.name autocreate_indices /usr/lib/python3.9/site-packages/ovsdbapp/backend/ovs_idl/__init__.py:106
2025-10-11 10:55:29.117 12 DEBUG ovsdbapp.backend.ovs_idl [None req-60312932-c274-400c-aab8-db0d3aa58fac - - - - - -] Created schema index Copp.name autocreate_indices /usr/lib/python3.9/site-packages/ovsdbapp/backend/ovs_idl/__init__.py:106
2025-10-11 10:55:29.118 12 DEBUG ovsdbapp.backend.ovs_idl [None req-60312932-c274-400c-aab8-db0d3aa58fac - - - - - -] Created schema index Logical_Switch_Port.name autocreate_indices /usr/lib/python3.9/site-packages/ovsdbapp/backend/ovs_idl/__init__.py:106
2025-10-11 10:55:29.118 12 DEBUG ovsdbapp.backend.ovs_idl [None req-60312932-c274-400c-aab8-db0d3aa58fac - - - - - -] Created schema index Chassis_Template_Var.chassis autocreate_indices /usr/lib/python3.9/site-packages/ovsdbapp/backend/ovs_idl/__init__.py:106
2025-10-11 10:55:29.118 12 DEBUG ovsdbapp.backend.ovs_idl [None req-60312932-c274-400c-aab8-db0d3aa58fac - - - - - -] Created schema index Gateway_Chassis.name autocreate_indices /usr/lib/python3.9/site-packages/ovsdbapp/backend/ovs_idl/__init__.py:106
2025-10-11 10:55:29.119 12 DEBUG ovsdbapp.backend.ovs_idl [None req-60312932-c274-400c-aab8-db0d3aa58fac - - - - - -] Created schema index Connection.target autocreate_indices /usr/lib/python3.9/site-packages/ovsdbapp/backend/ovs_idl/__init__.py:106
2025-10-11 10:55:29.119 12 DEBUG ovsdbapp.backend.ovs_idl [None req-60312932-c274-400c-aab8-db0d3aa58fac - - - - - -] Created schema index Port_Group.name autocreate_indices /usr/lib/python3.9/site-packages/ovsdbapp/backend/ovs_idl/__init__.py:106
2025-10-11 10:55:29.119 12 DEBUG ovsdbapp.backend.ovs_idl [None req-60312932-c274-400c-aab8-db0d3aa58fac - - - - - -] Created schema index Logical_Router_Port.name autocreate_indices /usr/lib/python3.9/site-packages/ovsdbapp/backend/ovs_idl/__init__.py:106
2025-10-11 10:55:29.117 1 DEBUG oslo_service.service [-] Full set of CONF: wait /usr/lib/python3.9/site-packages/oslo_service/service.py:649
2025-10-11 10:55:29.119 12 DEBUG ovsdbapp.backend.ovs_idl [None req-60312932-c274-400c-aab8-db0d3aa58fac - - - - - -] Created schema index HA_Chassis_Group.name autocreate_indices /usr/lib/python3.9/site-packages/ovsdbapp/backend/ovs_idl/__init__.py:106
2025-10-11 10:55:29.120 12 DEBUG ovsdbapp.backend.ovs_idl [None req-60312932-c274-400c-aab8-db0d3aa58fac - - - - - -] Created schema index Mirror.name autocreate_indices /usr/lib/python3.9/site-packages/ovsdbapp/backend/ovs_idl/__init__.py:106
2025-10-11 10:55:29.120 12 DEBUG ovsdbapp.backend.ovs_idl [None req-60312932-c274-400c-aab8-db0d3aa58fac - - - - - -] Created schema index Address_Set.name autocreate_indices /usr/lib/python3.9/site-packages/ovsdbapp/backend/ovs_idl/__init__.py:106
2025-10-11 10:55:29.120 12 DEBUG ovsdbapp.backend.ovs_idl [None req-60312932-c274-400c-aab8-db0d3aa58fac - - - - - -] Created schema index Load_Balancer_Group.name autocreate_indices /usr/lib/python3.9/site-packages/ovsdbapp/backend/ovs_idl/__init__.py:106
2025-10-11 10:55:29.121 15 DEBUG ovsdbapp.backend.ovs_idl [None req-ac22a24c-ce77-41fb-8828-cd31cc33243a - - - - - -] Created lookup_table index Logical_Switch.name autocreate_indices /usr/lib/python3.9/site-packages/ovsdbapp/backend/ovs_idl/__init__.py:87
2025-10-11 10:55:29.121 15 DEBUG ovsdbapp.backend.ovs_idl [None req-ac22a24c-ce77-41fb-8828-cd31cc33243a - - - - - -] Created lookup_table index Logical_Router.name autocreate_indices /usr/lib/python3.9/site-packages/ovsdbapp/backend/ovs_idl/__init__.py:87
2025-10-11 10:55:29.121 15 DEBUG ovsdbapp.backend.ovs_idl [None req-ac22a24c-ce77-41fb-8828-cd31cc33243a - - - - - -] Created lookup_table index Load_Balancer.name autocreate_indices /usr/lib/python3.9/site-packages/ovsdbapp/backend/ovs_idl/__init__.py:87
2025-10-11 10:55:29.122 15 DEBUG ovsdbapp.backend.ovs_idl [None req-ac22a24c-ce77-41fb-8828-cd31cc33243a - - - - - -] Created schema index Meter.name autocreate_indices /usr/lib/python3.9/site-packages/ovsdbapp/backend/ovs_idl/__init__.py:106
2025-10-11 10:55:29.122 15 DEBUG ovsdbapp.backend.ovs_idl [None req-ac22a24c-ce77-41fb-8828-cd31cc33243a - - - - - -] Created schema index Copp.name autocreate_indices /usr/lib/python3.9/site-packages/ovsdbapp/backend/ovs_idl/__init__.py:106
2025-10-11 10:55:29.123 15 DEBUG ovsdbapp.backend.ovs_idl [None req-ac22a24c-ce77-41fb-8828-cd31cc33243a - - - - - -] Created schema index Logical_Switch_Port.name autocreate_indices /usr/lib/python3.9/site-packages/ovsdbapp/backend/ovs_idl/__init__.py:106
2025-10-11 10:55:29.123 15 DEBUG ovsdbapp.backend.ovs_idl [None req-ac22a24c-ce77-41fb-8828-cd31cc33243a - - - - - -] Created schema index Chassis_Template_Var.chassis autocreate_indices /usr/lib/python3.9/site-packages/ovsdbapp/backend/ovs_idl/__init__.py:106
2025-10-11 10:55:29.123 15 DEBUG ovsdbapp.backend.ovs_idl [None req-ac22a24c-ce77-41fb-8828-cd31cc33243a - - - - - -] Created schema index Gateway_Chassis.name autocreate_indices /usr/lib/python3.9/site-packages/ovsdbapp/backend/ovs_idl/__init__.py:106
2025-10-11 10:55:29.123 15 DEBUG ovsdbapp.backend.ovs_idl [None req-ac22a24c-ce77-41fb-8828-cd31cc33243a - - - - - -] Created schema index Connection.target autocreate_indices /usr/lib/python3.9/site-packages/ovsdbapp/backend/ovs_idl/__init__.py:106
2025-10-11 10:55:29.123 15 DEBUG ovsdbapp.backend.ovs_idl [None req-ac22a24c-ce77-41fb-8828-cd31cc33243a - - - - - -] Created schema index Port_Group.name autocreate_indices /usr/lib/python3.9/site-packages/ovsdbapp/backend/ovs_idl/__init__.py:106
2025-10-11 10:55:29.124 15 DEBUG ovsdbapp.backend.ovs_idl [None req-ac22a24c-ce77-41fb-8828-cd31cc33243a - - - - - -] Created schema index Logical_Router_Port.name autocreate_indices /usr/lib/python3.9/site-packages/ovsdbapp/backend/ovs_idl/__init__.py:106
2025-10-11 10:55:29.124 15 DEBUG ovsdbapp.backend.ovs_idl [None req-ac22a24c-ce77-41fb-8828-cd31cc33243a - - - - - -] Created schema index HA_Chassis_Group.name autocreate_indices /usr/lib/python3.9/site-packages/ovsdbapp/backend/ovs_idl/__init__.py:106
2025-10-11 10:55:29.125 15 DEBUG ovsdbapp.backend.ovs_idl [None req-ac22a24c-ce77-41fb-8828-cd31cc33243a - - - - - -] Created schema index Mirror.name autocreate_indices /usr/lib/python3.9/site-packages/ovsdbapp/backend/ovs_idl/__init__.py:106
2025-10-11 10:55:29.125 15 DEBUG ovsdbapp.backend.ovs_idl [None req-ac22a24c-ce77-41fb-8828-cd31cc33243a - - - - - -] Created schema index Address_Set.name autocreate_indices /usr/lib/python3.9/site-packages/ovsdbapp/backend/ovs_idl/__init__.py:106
2025-10-11 10:55:29.125 15 DEBUG ovsdbapp.backend.ovs_idl [None req-ac22a24c-ce77-41fb-8828-cd31cc33243a - - - - - -] Created schema index Load_Balancer_Group.name autocreate_indices /usr/lib/python3.9/site-packages/ovsdbapp/backend/ovs_idl/__init__.py:106
2025-10-11 10:55:29.127 12 INFO ovsdbapp.backend.ovs_idl.vlog [None req-60312932-c274-400c-aab8-db0d3aa58fac - - - - - -] ssl:ovsdbserver-nb-1.openstack.svc.cluster.local:6641: connecting...
2025-10-11 10:55:29.120 1 DEBUG oslo_service.service [-] ******************************************************************************** log_opt_values /usr/lib/python3.9/site-packages/oslo_config/cfg.py:2589
2025-10-11 10:55:29.128 1 DEBUG oslo_service.service [-] Configuration options gathered from: log_opt_values /usr/lib/python3.9/site-packages/oslo_config/cfg.py:2590
2025-10-11 10:55:29.128 1 DEBUG oslo_service.service [-] command line args: ['--config-file', '/usr/share/neutron/neutron-dist.conf', '--config-file', '/etc/neutron/neutron.conf', '--config-dir', '/etc/neutron/neutron.conf.d'] log_opt_values /usr/lib/python3.9/site-packages/oslo_config/cfg.py:2591
2025-10-11 10:55:29.128 1 DEBUG oslo_service.service [-] config files: ['/usr/share/neutron/neutron-dist.conf', '/etc/neutron/neutron.conf'] log_opt_values /usr/lib/python3.9/site-packages/oslo_config/cfg.py:2592
2025-10-11 10:55:29.129 1 DEBUG oslo_service.service [-] ================================================================================ log_opt_values /usr/lib/python3.9/site-packages/oslo_config/cfg.py:2594
2025-10-11 10:55:29.129 1 DEBUG oslo_service.service [-] agent_down_time = 600 log_opt_values /usr/lib/python3.9/site-packages/oslo_config/cfg.py:2602
2025-10-11 10:55:29.129 1 DEBUG oslo_service.service [-] allow_automatic_dhcp_failover = True log_opt_values /usr/lib/python3.9/site-packages/oslo_config/cfg.py:2602
2025-10-11 10:55:29.129 1 DEBUG oslo_service.service [-] allow_bulk = True log_opt_values /usr/lib/python3.9/site-packages/oslo_config/cfg.py:2602
2025-10-11 10:55:29.130 15 INFO ovsdbapp.backend.ovs_idl.vlog [None req-ac22a24c-ce77-41fb-8828-cd31cc33243a - - - - - -] ssl:ovsdbserver-nb-2.openstack.svc.cluster.local:6641: connecting...
2025-10-11 10:55:29.130 1 DEBUG oslo_service.service [-] allowed_conntrack_helpers = [{'amanda': 'tcp'}, {'ftp': 'tcp'}, {'h323': 'udp'}, {'h323': 'tcp'}, {'irc': 'tcp'}, {'netbios-ns': 'udp'}, {'pptp': 'tcp'}, {'sane': 'tcp'}, {'sip': 'udp'}, {'sip': 'tcp'}, {'snmp': 'udp'}, {'tftp': 'udp'}] log_opt_values /usr/lib/python3.9/site-packages/oslo_config/cfg.py:2602
2025-10-11 10:55:29.130 1 DEBUG oslo_service.service [-] api_extensions_path = log_opt_values /usr/lib/python3.9/site-packages/oslo_config/cfg.py:2602
2025-10-11 10:55:29.131 1 DEBUG oslo_service.service [-] api_paste_config = /etc/neutron/api-paste.ini log_opt_values /usr/lib/python3.9/site-packages/oslo_config/cfg.py:2602
2025-10-11 10:55:29.131 1 DEBUG oslo_service.service [-] api_workers = 2 log_opt_values /usr/lib/python3.9/site-packages/oslo_config/cfg.py:2602
2025-10-11 10:55:29.131 1 DEBUG oslo_service.service [-] auth_strategy = keystone log_opt_values /usr/lib/python3.9/site-packages/oslo_config/cfg.py:2602
2025-10-11 10:55:29.131 1 DEBUG oslo_service.service [-] backdoor_port = None log_opt_values /usr/lib/python3.9/site-packages/oslo_config/cfg.py:2602
2025-10-11 10:55:29.131 1 DEBUG oslo_service.service [-] backdoor_socket = None log_opt_values /usr/lib/python3.9/site-packages/oslo_config/cfg.py:2602
2025-10-11 10:55:29.131 1 DEBUG oslo_service.service [-] backlog = 4096 log_opt_values /usr/lib/python3.9/site-packages/oslo_config/cfg.py:2602
2025-10-11 10:55:29.132 1 DEBUG oslo_service.service [-] base_mac = fa:16:3e:00:00:00 log_opt_values /usr/lib/python3.9/site-packages/oslo_config/cfg.py:2602
2025-10-11 10:55:29.132 1 DEBUG oslo_service.service [-] bind_host = localhost log_opt_values /usr/lib/python3.9/site-packages/oslo_config/cfg.py:2602
2025-10-11 10:55:29.132 1 DEBUG oslo_service.service [-] bind_port = 9697 log_opt_values /usr/lib/python3.9/site-packages/oslo_config/cfg.py:2602
2025-10-11 10:55:29.132 1 DEBUG oslo_service.service [-] client_socket_timeout = 900 log_opt_values /usr/lib/python3.9/site-packages/oslo_config/cfg.py:2602
2025-10-11 10:55:29.132 1 DEBUG oslo_service.service [-] config_dir = ['/etc/neutron/neutron.conf.d'] log_opt_values /usr/lib/python3.9/site-packages/oslo_config/cfg.py:2602
2025-10-11 10:55:29.133 1 DEBUG oslo_service.service [-] config_file = ['/usr/share/neutron/neutron-dist.conf', '/etc/neutron/neutron.conf'] log_opt_values /usr/lib/python3.9/site-packages/oslo_config/cfg.py:2602
2025-10-11 10:55:29.133 1 DEBUG oslo_service.service [-] config_source = [] log_opt_values /usr/lib/python3.9/site-packages/oslo_config/cfg.py:2602
2025-10-11 10:55:29.133 1 DEBUG oslo_service.service [-] control_exchange = neutron log_opt_values /usr/lib/python3.9/site-packages/oslo_config/cfg.py:2602
2025-10-11 10:55:29.133 1 DEBUG oslo_service.service [-] core_plugin = ml2 log_opt_values /usr/lib/python3.9/site-packages/oslo_config/cfg.py:2602
2025-10-11 10:55:29.133 1 DEBUG oslo_service.service [-] debug = True log_opt_values /usr/lib/python3.9/site-packages/oslo_config/cfg.py:2602
2025-10-11 10:55:29.133 1 DEBUG oslo_service.service [-] default_availability_zones = ['zone-1', 'zone-2'] log_opt_values /usr/lib/python3.9/site-packages/oslo_config/cfg.py:2602
2025-10-11 10:55:29.135 15 INFO ovsdbapp.backend.ovs_idl.vlog [None req-ac22a24c-ce77-41fb-8828-cd31cc33243a - - - - - -] ssl:ovsdbserver-nb-2.openstack.svc.cluster.local:6641: connected
2025-10-11 10:55:29.138 1 DEBUG oslo_service.service [-] default_log_levels = ['amqp=WARN', 'amqplib=WARN', 'boto=WARN', 'qpid=WARN', 'sqlalchemy=WARN', 'suds=INFO', 'oslo.messaging=INFO', 'oslo_messaging=INFO', 'iso8601=WARN', 'requests.packages.urllib3.connectionpool=WARN', 'urllib3.connectionpool=WARN', 'websocket=WARN', 'requests.packages.urllib3.util.retry=WARN', 'urllib3.util.retry=WARN', 'keystonemiddleware=WARN', 'routes.middleware=WARN', 'stevedore=WARN', 'taskflow=WARN', 'keystoneauth=WARN', 'oslo.cache=INFO', 'oslo_policy=INFO', 'dogpile.core.dogpile=INFO', 'OFPHandler=INFO', 'OfctlService=INFO', 'os_ken.base.app_manager=INFO', 'os_ken.controller.controller=INFO'] log_opt_values /usr/lib/python3.9/site-packages/oslo_config/cfg.py:2602
2025-10-11 10:55:29.138 1 DEBUG oslo_service.service [-] dhcp_agent_notification = False log_opt_values /usr/lib/python3.9/site-packages/oslo_config/cfg.py:2602
2025-10-11 10:55:29.138 1 DEBUG oslo_service.service [-] dhcp_agents_per_network = 1 log_opt_values /usr/lib/python3.9/site-packages/oslo_config/cfg.py:2602
2025-10-11 10:55:29.138 1 DEBUG oslo_service.service [-] dhcp_lease_duration = 86400 log_opt_values /usr/lib/python3.9/site-packages/oslo_config/cfg.py:2602
2025-10-11 10:55:29.139 17 DEBUG ovsdbapp.backend.ovs_idl [-] Created lookup_table index Logical_Switch.name autocreate_indices /usr/lib/python3.9/site-packages/ovsdbapp/backend/ovs_idl/__init__.py:87
2025-10-11 10:55:29.139 17 DEBUG ovsdbapp.backend.ovs_idl [-] Created lookup_table index Logical_Router.name autocreate_indices /usr/lib/python3.9/site-packages/ovsdbapp/backend/ovs_idl/__init__.py:87
2025-10-11 10:55:29.139 17 DEBUG ovsdbapp.backend.ovs_idl [-] Created lookup_table index Load_Balancer.name autocreate_indices /usr/lib/python3.9/site-packages/ovsdbapp/backend/ovs_idl/__init__.py:87
2025-10-11 10:55:29.139 17 DEBUG ovsdbapp.backend.ovs_idl [-] Created schema index Meter.name autocreate_indices /usr/lib/python3.9/site-packages/ovsdbapp/backend/ovs_idl/__init__.py:106
2025-10-11 10:55:29.139 17 DEBUG ovsdbapp.backend.ovs_idl [-] Created schema index Copp.name autocreate_indices /usr/lib/python3.9/site-packages/ovsdbapp/backend/ovs_idl/__init__.py:106
2025-10-11 10:55:29.139 17 DEBUG ovsdbapp.backend.ovs_idl [-] Created schema index Logical_Switch_Port.name autocreate_indices /usr/lib/python3.9/site-packages/ovsdbapp/backend/ovs_idl/__init__.py:106
2025-10-11 10:55:29.139 17 DEBUG ovsdbapp.backend.ovs_idl [-] Created schema index Chassis_Template_Var.chassis autocreate_indices /usr/lib/python3.9/site-packages/ovsdbapp/backend/ovs_idl/__init__.py:106
2025-10-11 10:55:29.140 17 DEBUG ovsdbapp.backend.ovs_idl [-] Created schema index Gateway_Chassis.name autocreate_indices /usr/lib/python3.9/site-packages/ovsdbapp/backend/ovs_idl/__init__.py:106
2025-10-11 10:55:29.140 17 DEBUG ovsdbapp.backend.ovs_idl [-] Created schema index Connection.target autocreate_indices /usr/lib/python3.9/site-packages/ovsdbapp/backend/ovs_idl/__init__.py:106
2025-10-11 10:55:29.117 1 DEBUG oslo_service.service [-] Full set of CONF: wait /usr/lib/python3.9/site-packages/oslo_service/service.py:649
2025-10-11 10:55:29.140 1 DEBUG oslo_service.service [-] ******************************************************************************** log_opt_values /usr/lib/python3.9/site-packages/oslo_config/cfg.py:2589
2025-10-11 10:55:29.140 1 DEBUG oslo_service.service [-] Configuration options gathered from: log_opt_values /usr/lib/python3.9/site-packages/oslo_config/cfg.py:2590
2025-10-11 10:55:29.140 17 DEBUG ovsdbapp.backend.ovs_idl [-] Created schema index Port_Group.name autocreate_indices /usr/lib/python3.9/site-packages/ovsdbapp/backend/ovs_idl/__init__.py:106
2025-10-11 10:55:29.140 17 DEBUG ovsdbapp.backend.ovs_idl [-] Created schema index Logical_Router_Port.name autocreate_indices /usr/lib/python3.9/site-packages/ovsdbapp/backend/ovs_idl/__init__.py:106
2025-10-11 10:55:29.139 1 DEBUG oslo_service.service [-] dhcp_load_type = networks log_opt_values /usr/lib/python3.9/site-packages/oslo_config/cfg.py:2602
2025-10-11 10:55:29.141 17 DEBUG ovsdbapp.backend.ovs_idl [-] Created schema index HA_Chassis_Group.name autocreate_indices /usr/lib/python3.9/site-packages/ovsdbapp/backend/ovs_idl/__init__.py:106
2025-10-11 10:55:29.141 1 DEBUG oslo_service.service [-] dns_domain = openstackgate.local log_opt_values /usr/lib/python3.9/site-packages/oslo_config/cfg.py:2602
2025-10-11 10:55:29.141 17 DEBUG ovsdbapp.backend.ovs_idl [-] Created schema index Mirror.name autocreate_indices /usr/lib/python3.9/site-packages/ovsdbapp/backend/ovs_idl/__init__.py:106
2025-10-11 10:55:29.141 17 DEBUG ovsdbapp.backend.ovs_idl [-] Created schema index Address_Set.name autocreate_indices /usr/lib/python3.9/site-packages/ovsdbapp/backend/ovs_idl/__init__.py:106
2025-10-11 10:55:29.141 1 DEBUG oslo_service.service [-] dvr_base_mac = fa:16:3f:00:00:00 log_opt_values /usr/lib/python3.9/site-packages/oslo_config/cfg.py:2602
2025-10-11 10:55:29.141 17 DEBUG ovsdbapp.backend.ovs_idl [-] Created schema index Load_Balancer_Group.name autocreate_indices /usr/lib/python3.9/site-packages/ovsdbapp/backend/ovs_idl/__init__.py:106
2025-10-11 10:55:29.140 1 DEBUG oslo_service.service [-] command line args: ['--config-file', '/usr/share/neutron/neutron-dist.conf', '--config-file', '/etc/neutron/neutron.conf', '--config-dir', '/etc/neutron/neutron.conf.d'] log_opt_values /usr/lib/python3.9/site-packages/oslo_config/cfg.py:2591
2025-10-11 10:55:29.141 1 DEBUG oslo_service.service [-] config files: ['/usr/share/neutron/neutron-dist.conf', '/etc/neutron/neutron.conf'] log_opt_values /usr/lib/python3.9/site-packages/oslo_config/cfg.py:2592
2025-10-11 10:55:29.141 1 DEBUG oslo_service.service [-] ================================================================================ log_opt_values /usr/lib/python3.9/site-packages/oslo_config/cfg.py:2594
2025-10-11 10:55:29.141 1 DEBUG oslo_service.service [-] agent_down_time = 600 log_opt_values /usr/lib/python3.9/site-packages/oslo_config/cfg.py:2602
2025-10-11 10:55:29.141 1 DEBUG oslo_service.service [-] allow_automatic_dhcp_failover = True log_opt_values /usr/lib/python3.9/site-packages/oslo_config/cfg.py:2602
2025-10-11 10:55:29.141 1 DEBUG oslo_service.service [-] allow_bulk = True log_opt_values /usr/lib/python3.9/site-packages/oslo_config/cfg.py:2602
2025-10-11 10:55:29.141 1 DEBUG oslo_service.service [-] allowed_conntrack_helpers = [{'amanda': 'tcp'}, {'ftp': 'tcp'}, {'h323': 'udp'}, {'h323': 'tcp'}, {'irc': 'tcp'}, {'netbios-ns': 'udp'}, {'pptp': 'tcp'}, {'sane': 'tcp'}, {'sip': 'udp'}, {'sip': 'tcp'}, {'snmp': 'udp'}, {'tftp': 'udp'}] log_opt_values /usr/lib/python3.9/site-packages/oslo_config/cfg.py:2602
2025-10-11 10:55:29.142 1 DEBUG oslo_service.service [-] api_extensions_path = log_opt_values /usr/lib/python3.9/site-packages/oslo_config/cfg.py:2602
2025-10-11 10:55:29.142 1 DEBUG oslo_service.service [-] api_paste_config = /etc/neutron/api-paste.ini log_opt_values /usr/lib/python3.9/site-packages/oslo_config/cfg.py:2602
2025-10-11 10:55:29.142 1 DEBUG oslo_service.service [-] api_workers = 2 log_opt_values /usr/lib/python3.9/site-packages/oslo_config/cfg.py:2602
2025-10-11 10:55:29.142 1 DEBUG oslo_service.service [-] auth_strategy = keystone log_opt_values /usr/lib/python3.9/site-packages/oslo_config/cfg.py:2602
2025-10-11 10:55:29.142 1 DEBUG oslo_service.service [-] backdoor_port = None log_opt_values /usr/lib/python3.9/site-packages/oslo_config/cfg.py:2602
2025-10-11 10:55:29.142 1 DEBUG oslo_service.service [-] backdoor_socket = None log_opt_values /usr/lib/python3.9/site-packages/oslo_config/cfg.py:2602
2025-10-11 10:55:29.142 1 DEBUG oslo_service.service [-] backlog = 4096 log_opt_values /usr/lib/python3.9/site-packages/oslo_config/cfg.py:2602
2025-10-11 10:55:29.142 1 DEBUG oslo_service.service [-] base_mac = fa:16:3e:00:00:00 log_opt_values /usr/lib/python3.9/site-packages/oslo_config/cfg.py:2602
2025-10-11 10:55:29.142 1 DEBUG oslo_service.service [-] bind_host = localhost log_opt_values /usr/lib/python3.9/site-packages/oslo_config/cfg.py:2602
2025-10-11 10:55:29.143 1 DEBUG oslo_service.service [-] bind_port = 9697 log_opt_values /usr/lib/python3.9/site-packages/oslo_config/cfg.py:2602
2025-10-11 10:55:29.143 1 DEBUG oslo_service.service [-] client_socket_timeout = 900 log_opt_values /usr/lib/python3.9/site-packages/oslo_config/cfg.py:2602
2025-10-11 10:55:29.143 1 DEBUG oslo_service.service [-] config_dir = ['/etc/neutron/neutron.conf.d'] log_opt_values /usr/lib/python3.9/site-packages/oslo_config/cfg.py:2602
2025-10-11 10:55:29.143 1 DEBUG oslo_service.service [-] config_file = ['/usr/share/neutron/neutron-dist.conf', '/etc/neutron/neutron.conf'] log_opt_values /usr/lib/python3.9/site-packages/oslo_config/cfg.py:2602
2025-10-11 10:55:29.143 1 DEBUG oslo_service.service [-] config_source = [] log_opt_values /usr/lib/python3.9/site-packages/oslo_config/cfg.py:2602
2025-10-11 10:55:29.143 1 DEBUG oslo_service.service [-] control_exchange = neutron log_opt_values /usr/lib/python3.9/site-packages/oslo_config/cfg.py:2602
2025-10-11 10:55:29.143 1 DEBUG oslo_service.service [-] core_plugin = ml2 log_opt_values /usr/lib/python3.9/site-packages/oslo_config/cfg.py:2602
2025-10-11 10:55:29.143 1 DEBUG oslo_service.service [-] debug = True log_opt_values /usr/lib/python3.9/site-packages/oslo_config/cfg.py:2602
2025-10-11 10:55:29.143 1 DEBUG oslo_service.service [-] default_availability_zones = ['zone-1', 'zone-2'] log_opt_values /usr/lib/python3.9/site-packages/oslo_config/cfg.py:2602
2025-10-11 10:55:29.143 1 DEBUG oslo_service.service [-] default_log_levels = ['amqp=WARN', 'amqplib=WARN', 'boto=WARN', 'qpid=WARN', 'sqlalchemy=WARN', 'suds=INFO', 'oslo.messaging=INFO', 'oslo_messaging=INFO', 'iso8601=WARN', 'requests.packages.urllib3.connectionpool=WARN', 'urllib3.connectionpool=WARN', 'websocket=WARN', 'requests.packages.urllib3.util.retry=WARN', 'urllib3.util.retry=WARN', 'keystonemiddleware=WARN', 'routes.middleware=WARN', 'stevedore=WARN', 'taskflow=WARN', 'keystoneauth=WARN', 'oslo.cache=INFO', 'oslo_policy=INFO', 'dogpile.core.dogpile=INFO', 'OFPHandler=INFO', 'OfctlService=INFO', 'os_ken.base.app_manager=INFO', 'os_ken.controller.controller=INFO'] log_opt_values /usr/lib/python3.9/site-packages/oslo_config/cfg.py:2602
2025-10-11 10:55:29.144 1 DEBUG oslo_service.service [-] dhcp_agent_notification = False log_opt_values /usr/lib/python3.9/site-packages/oslo_config/cfg.py:2602
2025-10-11 10:55:29.144 17 INFO ovsdbapp.backend.ovs_idl.vlog [-] ssl:ovsdbserver-nb-0.openstack.svc.cluster.local:6641: connecting...
2025-10-11 10:55:29.141 1 DEBUG oslo_service.service [-] enable_dvr = True log_opt_values /usr/lib/python3.9/site-packages/oslo_config/cfg.py:2602
2025-10-11 10:55:29.144 1 DEBUG oslo_service.service [-] enable_new_agents = True log_opt_values /usr/lib/python3.9/site-packages/oslo_config/cfg.py:2602
2025-10-11 10:55:29.144 1 DEBUG oslo_service.service [-] enable_services_on_agents_with_admin_state_down = False log_opt_values /usr/lib/python3.9/site-packages/oslo_config/cfg.py:2602
2025-10-11 10:55:29.144 1 DEBUG oslo_service.service [-] enable_snat_by_default = True log_opt_values /usr/lib/python3.9/site-packages/oslo_config/cfg.py:2602
2025-10-11 10:55:29.140 12 INFO ovsdbapp.backend.ovs_idl.vlog [None req-60312932-c274-400c-aab8-db0d3aa58fac - - - - - -] ssl:ovsdbserver-nb-1.openstack.svc.cluster.local:6641: connected
2025-10-11 10:55:29.148 17 INFO ovsdbapp.backend.ovs_idl.vlog [-] ssl:ovsdbserver-nb-0.openstack.svc.cluster.local:6641: connected
2025-10-11 10:55:29.152 1 DEBUG oslo_service.service [-] enable_traditional_dhcp = True log_opt_values /usr/lib/python3.9/site-packages/oslo_config/cfg.py:2602
2025-10-11 10:55:29.153 1 DEBUG oslo_service.service [-] external_dns_driver = None log_opt_values /usr/lib/python3.9/site-packages/oslo_config/cfg.py:2602
2025-10-11 10:55:29.153 1 DEBUG oslo_service.service [-] filter_validation = True log_opt_values /usr/lib/python3.9/site-packages/oslo_config/cfg.py:2602
2025-10-11 10:55:29.153 1 DEBUG oslo_service.service [-] global_physnet_mtu = 1500 log_opt_values /usr/lib/python3.9/site-packages/oslo_config/cfg.py:2602
2025-10-11 10:55:29.153 1 DEBUG oslo_service.service [-] graceful_shutdown_timeout = 60 log_opt_values /usr/lib/python3.9/site-packages/oslo_config/cfg.py:2602
2025-10-11 10:55:29.155 1 DEBUG oslo_service.service [-] host = neutron-748bbfcf89-vpkvr log_opt_values /usr/lib/python3.9/site-packages/oslo_config/cfg.py:2602
2025-10-11 10:55:29.155 1 DEBUG oslo_service.service [-] host_dvr_for_dhcp = True log_opt_values /usr/lib/python3.9/site-packages/oslo_config/cfg.py:2602
2025-10-11 10:55:29.156 1 DEBUG oslo_service.service [-] http_retries = 3 log_opt_values /usr/lib/python3.9/site-packages/oslo_config/cfg.py:2602
2025-10-11 10:55:29.156 1 DEBUG oslo_service.service [-] instance_format = [instance: %(uuid)s] log_opt_values /usr/lib/python3.9/site-packages/oslo_config/cfg.py:2602
2025-10-11 10:55:29.156 1 DEBUG oslo_service.service [-] instance_uuid_format = [instance: %(uuid)s] log_opt_values /usr/lib/python3.9/site-packages/oslo_config/cfg.py:2602
2025-10-11 10:55:29.156 1 DEBUG oslo_service.service [-] ipam_driver = internal log_opt_values /usr/lib/python3.9/site-packages/oslo_config/cfg.py:2602
2025-10-11 10:55:29.156 1 DEBUG oslo_service.service [-] ipv6_pd_enabled = False log_opt_values /usr/lib/python3.9/site-packages/oslo_config/cfg.py:2602
2025-10-11 10:55:29.156 17 INFO neutron.plugins.ml2.drivers.ovn.mech_driver.ovsdb.impl_idl_ovn [-] Getting OvsdbSbOvnIdl for MaintenanceWorker with retry
