2025-10-11 11:13:24.838 13 DEBUG neutron.pecan_wsgi.hooks.policy_enforcement [None req-43c3c084-1644-41d3-9ae4-bcd572ff5b50 c745a185e90a4811b30d6496a18097ff 2332d0b478da4463a529bc6a41906a80 - - default default] Attributes excluded by policy engine: ['standard_attr_id'] _exclude_attributes_by_policy /usr/lib/python3.9/site-packages/neutron/pecan_wsgi/hooks/policy_enforcement.py:259
2025-10-11 11:13:24.844 13 DEBUG neutron.pecan_wsgi.hooks.policy_enforcement [None req-43c3c084-1644-41d3-9ae4-bcd572ff5b50 c745a185e90a4811b30d6496a18097ff 2332d0b478da4463a529bc6a41906a80 - - default default] Attributes excluded by policy engine: ['standard_attr_id'] _exclude_attributes_by_policy /usr/lib/python3.9/site-packages/neutron/pecan_wsgi/hooks/policy_enforcement.py:259
2025-10-11 11:13:24.846 13 INFO neutron.wsgi [None req-43c3c084-1644-41d3-9ae4-bcd572ff5b50 c745a185e90a4811b30d6496a18097ff 2332d0b478da4463a529bc6a41906a80 - - default default] 10.129.0.97,::1 "GET /v2.0/ports?network_id=70c1e570-e30e-4bb3-bdd8-49a7b2685b2e HTTP/1.1" status: 200 len: 2430 time: 0.1343226
2025-10-11 11:13:25.026 13 INFO neutron.wsgi [None req-5286b4bb-0bbe-4c33-a127-ab16f90ac4f5 c745a185e90a4811b30d6496a18097ff 2332d0b478da4463a529bc6a41906a80 - - default default] 10.129.0.97,::1 "GET /v2.0/security-groups?tenant_id=2332d0b478da4463a529bc6a41906a80 HTTP/1.1" status: 200 len: 12154 time: 0.1381769
2025-10-11 11:13:25.166 13 INFO neutron.wsgi [None req-5a56e1de-bfb2-41da-80b8-b8ad7780a979 c745a185e90a4811b30d6496a18097ff 2332d0b478da4463a529bc6a41906a80 - - default default] 10.129.0.97,::1 "GET /v2.0/security-group-rules?direction=ingressðertype=IPv4&port_range_max=22&port_range_min=22&protocol=tcp&security_group_id=9e11e486-cbaf-4aed-9db8-26d1607f47f0&tenant_id=2332d0b478da4463a529bc6a41906a80 HTTP/1.1" status: 200 len: 785 time: 0.1326041
2025-10-11 11:13:25.321 13 INFO neutron.wsgi [None req-98bd33a8-990b-4598-90c8-a06a57be3ed1 c745a185e90a4811b30d6496a18097ff 2332d0b478da4463a529bc6a41906a80 - - default default] 10.129.0.97,::1 "GET /v2.0/security-group-rules?direction=ingressðertype=IPv6&port_range_max=22&port_range_min=22&protocol=tcp&security_group_id=9e11e486-cbaf-4aed-9db8-26d1607f47f0&tenant_id=2332d0b478da4463a529bc6a41906a80 HTTP/1.1" status: 200 len: 785 time: 0.1532946
2025-10-11 11:13:25.425 13 INFO neutron.wsgi [None req-7bbdfbf3-4e58-4f35-be25-3c9fc3c6d4ce c745a185e90a4811b30d6496a18097ff 2332d0b478da4463a529bc6a41906a80 - - default default] 10.129.0.97,::1 "GET /v2.0/security-group-rules?direction=ingressðertype=IPv4&port_range_max=9443&port_range_min=9443&protocol=tcp&security_group_id=9e11e486-cbaf-4aed-9db8-26d1607f47f0&tenant_id=2332d0b478da4463a529bc6a41906a80 HTTP/1.1" status: 200 len: 799 time: 0.1025517
2025-10-11 11:13:25.514 13 INFO neutron.wsgi [None req-2ee809ae-7df1-4004-a54d-343edbb67cd1 c745a185e90a4811b30d6496a18097ff 2332d0b478da4463a529bc6a41906a80 - - default default] 10.129.0.97,::1 "GET /v2.0/security-group-rules?direction=ingressðertype=IPv6&port_range_max=9443&port_range_min=9443&protocol=tcp&security_group_id=9e11e486-cbaf-4aed-9db8-26d1607f47f0&tenant_id=2332d0b478da4463a529bc6a41906a80 HTTP/1.1" status: 200 len: 799 time: 0.0860980
2025-10-11 11:13:25.628 13 INFO neutron.wsgi [None req-a5c29953-cf37-4982-9514-f9c7273385ba c745a185e90a4811b30d6496a18097ff 2332d0b478da4463a529bc6a41906a80 - - default default] 10.129.0.97,::1 "GET /v2.0/security-groups?tenant_id=2332d0b478da4463a529bc6a41906a80 HTTP/1.1" status: 200 len: 12154 time: 0.1122696
2025-10-11 11:13:25.713 13 INFO neutron.wsgi [None req-a4efc719-8203-41e8-b341-3e7d537d2291 c745a185e90a4811b30d6496a18097ff 2332d0b478da4463a529bc6a41906a80 - - default default] 10.129.0.97,::1 "GET /v2.0/security-group-rules?direction=ingressðertype=IPv4&port_range_max=5555&port_range_min=5555&protocol=udp&security_group_id=6a3ee6e5-44e7-4aa9-a1b2-604425ebe5d2&tenant_id=2332d0b478da4463a529bc6a41906a80 HTTP/1.1" status: 200 len: 807 time: 0.0798945
2025-10-11 11:13:25.805 13 INFO neutron.wsgi [None req-35d0f7f5-fda2-4aea-83cf-1b90c1ba69f4 c745a185e90a4811b30d6496a18097ff 2332d0b478da4463a529bc6a41906a80 - - default default] 10.129.0.97,::1 "GET /v2.0/security-group-rules?direction=ingressðertype=IPv6&port_range_max=5555&port_range_min=5555&protocol=udp&security_group_id=6a3ee6e5-44e7-4aa9-a1b2-604425ebe5d2&tenant_id=2332d0b478da4463a529bc6a41906a80 HTTP/1.1" status: 200 len: 807 time: 0.0899370
2025-10-11 11:13:25.899 13 INFO neutron.wsgi [None req-1f22ca99-bcd5-479c-947f-f2157372647c c745a185e90a4811b30d6496a18097ff 2332d0b478da4463a529bc6a41906a80 - - default default] 10.129.0.97,::1 "GET /v2.0/security-group-rules?direction=ingressðertype=IPv4&port_range_max=514&port_range_min=514&protocol=udp&security_group_id=6a3ee6e5-44e7-4aa9-a1b2-604425ebe5d2&tenant_id=2332d0b478da4463a529bc6a41906a80 HTTP/1.1" status: 200 len: 797 time: 0.0920966
2025-10-11 11:13:26.028 13 INFO neutron.wsgi [None req-edbecc80-e5f9-4f0f-b3ee-d75c80507378 c745a185e90a4811b30d6496a18097ff 2332d0b478da4463a529bc6a41906a80 - - default default] 10.129.0.97,::1 "GET /v2.0/security-group-rules?direction=ingressðertype=IPv6&port_range_max=514&port_range_min=514&protocol=udp&security_group_id=6a3ee6e5-44e7-4aa9-a1b2-604425ebe5d2&tenant_id=2332d0b478da4463a529bc6a41906a80 HTTP/1.1" status: 200 len: 797 time: 0.1276762
2025-10-11 11:13:26.116 13 INFO neutron.wsgi [None req-c5d88ea4-0832-417d-a197-29e08e9b26b0 c745a185e90a4811b30d6496a18097ff 2332d0b478da4463a529bc6a41906a80 - - default default] 10.129.0.97,::1 "GET /v2.0/security-group-rules?direction=ingressðertype=IPv4&port_range_max=514&port_range_min=514&protocol=tcp&security_group_id=6a3ee6e5-44e7-4aa9-a1b2-604425ebe5d2&tenant_id=2332d0b478da4463a529bc6a41906a80 HTTP/1.1" status: 200 len: 797 time: 0.0860488
2025-10-11 11:13:26.195 13 INFO neutron.wsgi [None req-8355c6e8-c2da-4839-acf3-db243ca9d125 c745a185e90a4811b30d6496a18097ff 2332d0b478da4463a529bc6a41906a80 - - default default] 10.129.0.97,::1 "GET /v2.0/security-group-rules?direction=ingressðertype=IPv6&port_range_max=514&port_range_min=514&protocol=tcp&security_group_id=6a3ee6e5-44e7-4aa9-a1b2-604425ebe5d2&tenant_id=2332d0b478da4463a529bc6a41906a80 HTTP/1.1" status: 200 len: 797 time: 0.0776017
2025-10-11 11:13:26.329 13 DEBUG neutron.pecan_wsgi.hooks.policy_enforcement [None req-2f200a23-513b-42c5-8862-0ef9e64fb376 c745a185e90a4811b30d6496a18097ff 2332d0b478da4463a529bc6a41906a80 - - default default] Attributes excluded by policy engine: ['standard_attr_id'] _exclude_attributes_by_policy /usr/lib/python3.9/site-packages/neutron/pecan_wsgi/hooks/policy_enforcement.py:259
2025-10-11 11:13:26.330 13 INFO neutron.wsgi [None req-2f200a23-513b-42c5-8862-0ef9e64fb376 c745a185e90a4811b30d6496a18097ff 2332d0b478da4463a529bc6a41906a80 - - default default] 10.129.0.97,::1 "GET /v2.0/networks?name=octavia-provider-net&tenant_id=2332d0b478da4463a529bc6a41906a80 HTTP/1.1" status: 200 len: 1028 time: 0.1328237
2025-10-11 11:13:26.466 13 DEBUG neutron.pecan_wsgi.hooks.policy_enforcement [None req-2fc65a78-9110-4538-9875-b786a60383cd c745a185e90a4811b30d6496a18097ff 2332d0b478da4463a529bc6a41906a80 - - default default] Attributes excluded by policy engine: ['standard_attr_id'] _exclude_attributes_by_policy /usr/lib/python3.9/site-packages/neutron/pecan_wsgi/hooks/policy_enforcement.py:259
2025-10-11 11:13:26.468 13 INFO neutron.wsgi [None req-2fc65a78-9110-4538-9875-b786a60383cd c745a185e90a4811b30d6496a18097ff 2332d0b478da4463a529bc6a41906a80 - - default default] 10.129.0.97,::1 "GET /v2.0/networks?name=octavia-provider-net&router%3Aexternal=true&tenant_id=2332d0b478da4463a529bc6a41906a80 HTTP/1.1" status: 200 len: 1028 time: 0.1353514
2025-10-11 11:13:26.576 13 INFO neutron.wsgi [None req-745c3918-ec87-4252-8e59-d39bbb7eda27 c745a185e90a4811b30d6496a18097ff 2332d0b478da4463a529bc6a41906a80 - - default default] 10.129.0.97,::1 "GET /v2.0/rbac-policies?object_id=b03dc91c-17b4-4520-9c49-1d31f16b55df&target_tenant=%2A&tenant_id=2332d0b478da4463a529bc6a41906a80 HTTP/1.1" status: 200 len: 219 time: 0.1053634
2025-10-11 11:13:26.689 13 DEBUG neutron.pecan_wsgi.hooks.policy_enforcement [None req-d6896723-4e6d-4918-87fc-4fab0c3e8515 c745a185e90a4811b30d6496a18097ff 2332d0b478da4463a529bc6a41906a80 - - default default] Attributes excluded by policy engine: ['standard_attr_id', 'shared'] _exclude_attributes_by_policy /usr/lib/python3.9/site-packages/neutron/pecan_wsgi/hooks/policy_enforcement.py:259
2025-10-11 11:13:26.691 13 INFO neutron.wsgi [None req-d6896723-4e6d-4918-87fc-4fab0c3e8515 c745a185e90a4811b30d6496a18097ff 2332d0b478da4463a529bc6a41906a80 - - default default] 10.129.0.97,::1 "GET /v2.0/subnets?ip_version=4&name=octavia-provider-subnet&network_id=b03dc91c-17b4-4520-9c49-1d31f16b55df&tenant_id=2332d0b478da4463a529bc6a41906a80 HTTP/1.1" status: 200 len: 870 time: 0.1132009
2025-10-11 11:13:26.855 13 INFO neutron.wsgi [None req-5023ac6a-30f1-4e93-8c9e-4f77821efe9f c745a185e90a4811b30d6496a18097ff 2332d0b478da4463a529bc6a41906a80 - - default default] 10.129.0.97,::1 "GET /v2.0/routers?name=octavia-link-router HTTP/1.1" status: 200 len: 862 time: 0.1620085
2025-10-11 11:13:29.517 12 DEBUG futurist.periodics [-] Submitting periodic callback 'neutron.plugins.ml2.drivers.ovn.mech_driver.ovsdb.maintenance.HashRingHealthCheckPeriodics.touch_hash_ring_nodes' _process_scheduled /usr/lib/python3.9/site-packages/futurist/periodics.py:638
2025-10-11 11:13:41.216 13 INFO neutron.wsgi [None req-1f58b18a-6e9b-41cc-bdc9-9f6f2d6338c3 c745a185e90a4811b30d6496a18097ff 2332d0b478da4463a529bc6a41906a80 - - default default] 10.129.0.2,::1 "GET / HTTP/1.1" status: 200 len: 255 time: 0.0017090
2025-10-11 11:13:41.220 12 INFO neutron.wsgi [-] 10.129.0.2,::1 "GET / HTTP/1.1" status: 200 len: 255 time: 0.0024588
2025-10-11 11:13:41.223 12 INFO neutron.wsgi [None req-4be8d69c-c4ef-49c0-b1e6-aa4986bd982f c745a185e90a4811b30d6496a18097ff 2332d0b478da4463a529bc6a41906a80 - - default default] 10.129.0.2,::1 "GET / HTTP/1.1" status: 200 len: 255 time: 0.0017452
2025-10-11 11:13:59.534 12 DEBUG futurist.periodics [-] Submitting periodic callback 'neutron.plugins.ml2.drivers.ovn.mech_driver.ovsdb.maintenance.HashRingHealthCheckPeriodics.touch_hash_ring_nodes' _process_scheduled /usr/lib/python3.9/site-packages/futurist/periodics.py:638
2025-10-11 11:14:11.216 12 INFO neutron.wsgi [None req-4be8d69c-c4ef-49c0-b1e6-aa4986bd982f c745a185e90a4811b30d6496a18097ff 2332d0b478da4463a529bc6a41906a80 - - default default] 10.129.0.2,::1 "GET / HTTP/1.1" status: 200 len: 255 time: 0.0023463
2025-10-11 11:14:11.219 13 INFO neutron.wsgi [None req-0b2d99d2-75e4-4f1c-a164-db97287b2181 c745a185e90a4811b30d6496a18097ff 2332d0b478da4463a529bc6a41906a80 - - default default] 10.129.0.2,::1 "GET / HTTP/1.1" status: 200 len: 255 time: 0.0025485
2025-10-11 11:14:11.216 13 INFO neutron.wsgi [None req-5023ac6a-30f1-4e93-8c9e-4f77821efe9f c745a185e90a4811b30d6496a18097ff 2332d0b478da4463a529bc6a41906a80 - - default default] 10.129.0.2,::1 "GET / HTTP/1.1" status: 200 len: 255 time: 0.0026932
2025-10-11 11:14:29.536 12 DEBUG futurist.periodics [-] Submitting periodic callback 'neutron.plugins.ml2.drivers.ovn.mech_driver.ovsdb.maintenance.HashRingHealthCheckPeriodics.touch_hash_ring_nodes' _process_scheduled /usr/lib/python3.9/site-packages/futurist/periodics.py:638
2025-10-11 11:14:41.217 12 INFO neutron.wsgi [None req-4be8d69c-c4ef-49c0-b1e6-aa4986bd982f c745a185e90a4811b30d6496a18097ff 2332d0b478da4463a529bc6a41906a80 - - default default] 10.129.0.2,::1 "GET / HTTP/1.1" status: 200 len: 255 time: 0.0028689
2025-10-11 11:14:41.218 12 DEBUG neutron.wsgi [-] (12) timed out ('::1', 58560, 0, 0) process_request /usr/lib/python3.9/site-packages/eventlet/wsgi.py:842
2025-10-11 11:14:41.221 13 INFO neutron.wsgi [None req-0b2d99d2-75e4-4f1c-a164-db97287b2181 c745a185e90a4811b30d6496a18097ff 2332d0b478da4463a529bc6a41906a80 - - default default] 10.129.0.2,::1 "GET / HTTP/1.1" status: 200 len: 255 time: 0.0048971
2025-10-11 11:14:41.224 13 INFO neutron.wsgi [None req-5023ac6a-30f1-4e93-8c9e-4f77821efe9f c745a185e90a4811b30d6496a18097ff 2332d0b478da4463a529bc6a41906a80 - - default default] 10.129.0.2,::1 "GET / HTTP/1.1" status: 200 len: 255 time: 0.0019672
2025-10-11 11:14:59.538 12 DEBUG futurist.periodics [-] Submitting periodic callback 'neutron.plugins.ml2.drivers.ovn.mech_driver.ovsdb.maintenance.HashRingHealthCheckPeriodics.touch_hash_ring_nodes' _process_scheduled /usr/lib/python3.9/site-packages/futurist/periodics.py:638
2025-10-11 11:15:11.217 12 INFO neutron.wsgi [-] 10.129.0.2,::1 "GET / HTTP/1.1" status: 200 len: 255 time: 0.0023549
2025-10-11 11:15:11.218 13 INFO neutron.wsgi [None req-13bb9bc1-e643-4446-83aa-79b614c9efbc c745a185e90a4811b30d6496a18097ff 2332d0b478da4463a529bc6a41906a80 - - default default] 10.129.0.2,::1 "GET / HTTP/1.1" status: 200 len: 255 time: 0.0033810
2025-10-11 11:15:11.222 13 INFO neutron.wsgi [None req-3d833a9c-ac00-4a90-a0b9-2dc219503040 c745a185e90a4811b30d6496a18097ff 2332d0b478da4463a529bc6a41906a80 - - default default] 10.129.0.2,::1 "GET / HTTP/1.1" status: 200 len: 255 time: 0.0021470
2025-10-11 11:15:29.250 17 DEBUG futurist.periodics [None req-69bb3ab8-3e77-44de-9d7e-55d1152c8ce4 - - - - - -] Submitting periodic callback 'neutron.plugins.ml2.drivers.ovn.mech_driver.ovsdb.maintenance.DBInconsistenciesPeriodics.check_for_inconsistencies' _process_scheduled /usr/lib/python3.9/site-packages/futurist/periodics.py:638
2025-10-11 11:15:29.261 17 DEBUG neutron.plugins.ml2.drivers.ovn.mech_driver.ovsdb.maintenance [None req-69bb3ab8-3e77-44de-9d7e-55d1152c8ce4 - - - - - -] Maintenance task: No inconsistencies found. Skipping check_for_inconsistencies /usr/lib/python3.9/site-packages/neutron/plugins/ml2/drivers/ovn/mech_driver/ovsdb/maintenance.py:389
2025-10-11 11:15:29.540 12 DEBUG futurist.periodics [-] Submitting periodic callback 'neutron.plugins.ml2.drivers.ovn.mech_driver.ovsdb.maintenance.HashRingHealthCheckPeriodics.touch_hash_ring_nodes' _process_scheduled /usr/lib/python3.9/site-packages/futurist/periodics.py:638
2025-10-11 11:15:30.516 17 DEBUG futurist.periodics [None req-69bb3ab8-3e77-44de-9d7e-55d1152c8ce4 - - - - - -] Submitting periodic callback 'neutron.plugins.ml2.drivers.ovn.mech_driver.ovsdb.maintenance.DBInconsistenciesPeriodics.remove_duplicated_chassis_registers' _process_scheduled /usr/lib/python3.9/site-packages/futurist/periodics.py:638
2025-10-11 11:15:41.216 12 INFO neutron.wsgi [-] 10.129.0.2,::1 "GET / HTTP/1.1" status: 200 len: 255 time: 0.0025413
2025-10-11 11:15:41.219 13 INFO neutron.wsgi [None req-1f58b18a-6e9b-41cc-bdc9-9f6f2d6338c3 c745a185e90a4811b30d6496a18097ff 2332d0b478da4463a529bc6a41906a80 - - default default] 10.129.0.2,::1 "GET / HTTP/1.1" status: 200 len: 255 time: 0.0053012
2025-10-11 11:15:41.221 13 INFO neutron.wsgi [None req-5023ac6a-30f1-4e93-8c9e-4f77821efe9f c745a185e90a4811b30d6496a18097ff 2332d0b478da4463a529bc6a41906a80 - - default default] 10.129.0.2,::1 "GET / HTTP/1.1" status: 200 len: 255 time: 0.0013525
2025-10-11 11:15:59.558 12 DEBUG futurist.periodics [-] Submitting periodic callback 'neutron.plugins.ml2.drivers.ovn.mech_driver.ovsdb.maintenance.HashRingHealthCheckPeriodics.touch_hash_ring_nodes' _process_scheduled /usr/lib/python3.9/site-packages/futurist/periodics.py:638
2025-10-11 11:16:11.216 13 INFO neutron.wsgi [None req-5023ac6a-30f1-4e93-8c9e-4f77821efe9f c745a185e90a4811b30d6496a18097ff 2332d0b478da4463a529bc6a41906a80 - - default default] 10.129.0.2,::1 "GET / HTTP/1.1" status: 200 len: 255 time: 0.0023241
2025-10-11 11:16:11.218 13 INFO neutron.wsgi [None req-3d833a9c-ac00-4a90-a0b9-2dc219503040 c745a185e90a4811b30d6496a18097ff 2332d0b478da4463a529bc6a41906a80 - - default default] 10.129.0.2,::1 "GET / HTTP/1.1" status: 200 len: 255 time: 0.0016043
2025-10-11 11:16:11.221 13 INFO neutron.wsgi [None req-98800af7-cb46-4b2b-89c0-0e897ad858c8 c745a185e90a4811b30d6496a18097ff 2332d0b478da4463a529bc6a41906a80 - - default default] 10.129.0.2,::1 "GET / HTTP/1.1" status: 200 len: 255 time: 0.0020461
2025-10-11 11:16:29.559 12 DEBUG futurist.periodics [-] Submitting periodic callback 'neutron.plugins.ml2.drivers.ovn.mech_driver.ovsdb.maintenance.HashRingHealthCheckPeriodics.touch_hash_ring_nodes' _process_scheduled /usr/lib/python3.9/site-packages/futurist/periodics.py:638
2025-10-11 11:16:41.217 13 INFO neutron.wsgi [None req-1f58b18a-6e9b-41cc-bdc9-9f6f2d6338c3 c745a185e90a4811b30d6496a18097ff 2332d0b478da4463a529bc6a41906a80 - - default default] 10.129.0.2,::1 "GET / HTTP/1.1" status: 200 len: 255 time: 0.0025253
2025-10-11 11:16:41.220 13 INFO neutron.wsgi [None req-3d833a9c-ac00-4a90-a0b9-2dc219503040 c745a185e90a4811b30d6496a18097ff 2332d0b478da4463a529bc6a41906a80 - - default default] 10.129.0.2,::1 "GET / HTTP/1.1" status: 200 len: 255 time: 0.0018914
2025-10-11 11:16:41.223 13 INFO neutron.wsgi [None req-0b2d99d2-75e4-4f1c-a164-db97287b2181 c745a185e90a4811b30d6496a18097ff 2332d0b478da4463a529bc6a41906a80 - - default default] 10.129.0.2,::1 "GET / HTTP/1.1" status: 200 len: 255 time: 0.0020726
2025-10-11 11:16:59.580 12 DEBUG futurist.periodics [-] Submitting periodic callback 'neutron.plugins.ml2.drivers.ovn.mech_driver.ovsdb.maintenance.HashRingHealthCheckPeriodics.touch_hash_ring_nodes' _process_scheduled /usr/lib/python3.9/site-packages/futurist/periodics.py:638
2025-10-11 11:17:11.226 13 INFO neutron.wsgi [None req-0b2d99d2-75e4-4f1c-a164-db97287b2181 c745a185e90a4811b30d6496a18097ff 2332d0b478da4463a529bc6a41906a80 - - default default] 10.129.0.2,::1 "GET / HTTP/1.1" status: 200 len: 255 time: 0.0020049
2025-10-11 11:17:11.228 13 INFO neutron.wsgi [None req-3d833a9c-ac00-4a90-a0b9-2dc219503040 c745a185e90a4811b30d6496a18097ff 2332d0b478da4463a529bc6a41906a80 - - default default] 10.129.0.2,::1 "GET / HTTP/1.1" status: 200 len: 255 time: 0.0011666
2025-10-11 11:17:11.230 13 INFO neutron.wsgi [None req-13bb9bc1-e643-4446-83aa-79b614c9efbc c745a185e90a4811b30d6496a18097ff 2332d0b478da4463a529bc6a41906a80 - - default default] 10.129.0.2,::1 "GET / HTTP/1.1" status: 200 len: 255 time: 0.0011520
2025-10-11 11:17:29.581 12 DEBUG futurist.periodics [-] Submitting periodic callback 'neutron.plugins.ml2.drivers.ovn.mech_driver.ovsdb.maintenance.HashRingHealthCheckPeriodics.touch_hash_ring_nodes' _process_scheduled /usr/lib/python3.9/site-packages/futurist/periodics.py:638
2025-10-11 11:17:41.214 13 INFO neutron.wsgi [None req-0b2d99d2-75e4-4f1c-a164-db97287b2181 c745a185e90a4811b30d6496a18097ff 2332d0b478da4463a529bc6a41906a80 - - default default] 10.129.0.2,::1 "GET / HTTP/1.1" status: 200 len: 255 time: 0.0015283
2025-10-11 11:17:41.217 13 INFO neutron.wsgi [None req-0b2d99d2-75e4-4f1c-a164-db97287b2181 c745a185e90a4811b30d6496a18097ff 2332d0b478da4463a529bc6a41906a80 - - default default] 10.129.0.2,::1 "GET / HTTP/1.1" status: 200 len: 255 time: 0.0012167
2025-10-11 11:17:41.218 13 INFO neutron.wsgi [None req-13bb9bc1-e643-4446-83aa-79b614c9efbc c745a185e90a4811b30d6496a18097ff 2332d0b478da4463a529bc6a41906a80 - - default default] 10.129.0.2,::1 "GET / HTTP/1.1" status: 200 len: 255 time: 0.0008187
2025-10-11 11:17:59.601 12 DEBUG futurist.periodics [-] Submitting periodic callback 'neutron.plugins.ml2.drivers.ovn.mech_driver.ovsdb.maintenance.HashRingHealthCheckPeriodics.touch_hash_ring_nodes' _process_scheduled /usr/lib/python3.9/site-packages/futurist/periodics.py:638
2025-10-11 11:18:00.329 18 DEBUG neutron.db.agents_db [None req-0a412fa8-7530-4594-8fde-2d49ad835eab - - - - - -] Agent healthcheck: found 0 active agents agent_health_check /usr/lib/python3.9/site-packages/neutron/db/agents_db.py:317
2025-10-11 11:18:11.214 13 INFO neutron.wsgi [None req-98800af7-cb46-4b2b-89c0-0e897ad858c8 c745a185e90a4811b30d6496a18097ff 2332d0b478da4463a529bc6a41906a80 - - default default] 10.129.0.2,::1 "GET / HTTP/1.1" status: 200 len: 255 time: 0.0013719
2025-10-11 11:18:11.216 13 INFO neutron.wsgi [None req-5023ac6a-30f1-4e93-8c9e-4f77821efe9f c745a185e90a4811b30d6496a18097ff 2332d0b478da4463a529bc6a41906a80 - - default default] 10.129.0.2,::1 "GET / HTTP/1.1" status: 200 len: 255 time: 0.0009959
2025-10-11 11:18:11.218 13 INFO neutron.wsgi [None req-13bb9bc1-e643-4446-83aa-79b614c9efbc c745a185e90a4811b30d6496a18097ff 2332d0b478da4463a529bc6a41906a80 - - default default] 10.129.0.2,::1 "GET / HTTP/1.1" status: 200 len: 255 time: 0.0011706
2025-10-11 11:18:26.191 13 DEBUG neutron.common.ovn.hash_ring_manager [-] Hash Ring loaded. 6 active nodes. 0 offline nodes _load_hash_ring /usr/lib/python3.9/site-packages/neutron/common/ovn/hash_ring_manager.py:99
2025-10-11 11:18:26.197 13 DEBUG neutron.plugins.ml2.drivers.ovn.mech_driver.ovsdb.ovsdb_monitor [-] ChassisAgentWriteEvent : Matched Chassis_Private, create, None None matches /usr/lib/python3.9/site-packages/neutron/plugins/ml2/drivers/ovn/mech_driver/ovsdb/ovsdb_monitor.py:63
2025-10-11 11:18:26.201 15 DEBUG neutron.common.ovn.hash_ring_manager [-] Hash Ring loaded. 6 active nodes. 0 offline nodes _load_hash_ring /usr/lib/python3.9/site-packages/neutron/common/ovn/hash_ring_manager.py:99
2025-10-11 11:18:26.203 13 DEBUG neutron.common.ovn.hash_ring_manager [None req-47ed2ca4-35fe-44f1-b7fd-819b0d9a3e01 - - - - - -] Hash Ring loaded. 6 active nodes. 0 offline nodes _load_hash_ring /usr/lib/python3.9/site-packages/neutron/common/ovn/hash_ring_manager.py:99
2025-10-11 11:18:26.206 12 DEBUG neutron.common.ovn.hash_ring_manager [None req-9fe5d454-422c-483d-b11c-281b10f1ba9d - - - - - -] Hash Ring loaded. 6 active nodes. 0 offline nodes _load_hash_ring /usr/lib/python3.9/site-packages/neutron/common/ovn/hash_ring_manager.py:99
2025-10-11 11:18:26.207 15 DEBUG neutron.plugins.ml2.drivers.ovn.mech_driver.ovsdb.ovsdb_monitor [-] ChassisAgentWriteEvent : Matched Chassis_Private, create, None None matches /usr/lib/python3.9/site-packages/neutron/plugins/ml2/drivers/ovn/mech_driver/ovsdb/ovsdb_monitor.py:63
2025-10-11 11:18:26.209 12 DEBUG neutron.common.ovn.hash_ring_manager [None req-2de8ec75-1afd-444d-916e-ea510f75d4cc - - - - - -] Hash Ring loaded. 6 active nodes. 0 offline nodes _load_hash_ring /usr/lib/python3.9/site-packages/neutron/common/ovn/hash_ring_manager.py:99
2025-10-11 11:18:26.211 15 DEBUG neutron.common.ovn.hash_ring_manager [-] Hash Ring loaded. 6 active nodes. 0 offline nodes _load_hash_ring /usr/lib/python3.9/site-packages/neutron/common/ovn/hash_ring_manager.py:99
2025-10-11 11:18:26.212 12 DEBUG neutron.plugins.ml2.drivers.ovn.mech_driver.ovsdb.ovsdb_monitor [None req-2de8ec75-1afd-444d-916e-ea510f75d4cc - - - - - -] ChassisAgentWriteEvent : Matched Chassis_Private, create, None None matches /usr/lib/python3.9/site-packages/neutron/plugins/ml2/drivers/ovn/mech_driver/ovsdb/ovsdb_monitor.py:63
2025-10-11 11:18:26.223 13 DEBUG neutron.plugins.ml2.drivers.ovn.mech_driver.ovsdb.ovsdb_monitor [None req-47ed2ca4-35fe-44f1-b7fd-819b0d9a3e01 - - - - - -] Hash Ring: Node 2590793f-54ee-4c59-a253-248f05d89aeb (host: neutron-748bbfcf89-vpkvr) handling event "update" for row 91b28dfb-a8f9-4d4c-92ef-4bcb86c959f0 (table: Database) notify /usr/lib/python3.9/site-packages/neutron/plugins/ml2/drivers/ovn/mech_driver/ovsdb/ovsdb_monitor.py:777
2025-10-11 11:18:26.591 13 DEBUG neutron.plugins.ml2.drivers.ovn.mech_driver.ovsdb.ovsdb_monitor [-] ChassisAgentWriteEvent : Matched Chassis_Private, create, None None matches /usr/lib/python3.9/site-packages/neutron/plugins/ml2/drivers/ovn/mech_driver/ovsdb/ovsdb_monitor.py:63
2025-10-11 11:18:26.591 15 DEBUG neutron.plugins.ml2.drivers.ovn.mech_driver.ovsdb.ovsdb_monitor [-] ChassisAgentWriteEvent : Matched Chassis_Private, create, None None matches /usr/lib/python3.9/site-packages/neutron/plugins/ml2/drivers/ovn/mech_driver/ovsdb/ovsdb_monitor.py:63
2025-10-11 11:18:26.594 12 DEBUG neutron.plugins.ml2.drivers.ovn.mech_driver.ovsdb.ovsdb_monitor [None req-2de8ec75-1afd-444d-916e-ea510f75d4cc - - - - - -] ChassisAgentWriteEvent : Matched Chassis_Private, create, None None matches /usr/lib/python3.9/site-packages/neutron/plugins/ml2/drivers/ovn/mech_driver/ovsdb/ovsdb_monitor.py:63
2025-10-11 11:18:29.603 12 DEBUG futurist.periodics [-] Submitting periodic callback 'neutron.plugins.ml2.drivers.ovn.mech_driver.ovsdb.maintenance.HashRingHealthCheckPeriodics.touch_hash_ring_nodes' _process_scheduled /usr/lib/python3.9/site-packages/futurist/periodics.py:638
2025-10-11 11:18:34.185 15 DEBUG neutron.plugins.ml2.drivers.ovn.mech_driver.ovsdb.ovsdb_monitor [-] ChassisAgentWriteEvent : Matched Chassis_Private, update, None None matches /usr/lib/python3.9/site-packages/neutron/plugins/ml2/drivers/ovn/mech_driver/ovsdb/ovsdb_monitor.py:63
2025-10-11 11:18:34.186 13 DEBUG neutron.plugins.ml2.drivers.ovn.mech_driver.ovsdb.ovsdb_monitor [-] ChassisAgentWriteEvent : Matched Chassis_Private, update, None None matches /usr/lib/python3.9/site-packages/neutron/plugins/ml2/drivers/ovn/mech_driver/ovsdb/ovsdb_monitor.py:63
2025-10-11 11:18:34.187 12 DEBUG neutron.plugins.ml2.drivers.ovn.mech_driver.ovsdb.ovsdb_monitor [None req-2de8ec75-1afd-444d-916e-ea510f75d4cc - - - - - -] ChassisAgentWriteEvent : Matched Chassis_Private, update, None None matches /usr/lib/python3.9/site-packages/neutron/plugins/ml2/drivers/ovn/mech_driver/ovsdb/ovsdb_monitor.py:63
2025-10-11 11:18:34.597 15 DEBUG neutron.plugins.ml2.drivers.ovn.mech_driver.ovsdb.ovsdb_monitor [-] ChassisAgentWriteEvent : Matched Chassis_Private, update, None None matches /usr/lib/python3.9/site-packages/neutron/plugins/ml2/drivers/ovn/mech_driver/ovsdb/ovsdb_monitor.py:63
2025-10-11 11:18:34.597 12 DEBUG neutron.plugins.ml2.drivers.ovn.mech_driver.ovsdb.ovsdb_monitor [None req-2de8ec75-1afd-444d-916e-ea510f75d4cc - - - - - -] ChassisAgentWriteEvent : Matched Chassis_Private, update, None None matches /usr/lib/python3.9/site-packages/neutron/plugins/ml2/drivers/ovn/mech_driver/ovsdb/ovsdb_monitor.py:63
2025-10-11 11:18:34.597 13 DEBUG neutron.plugins.ml2.drivers.ovn.mech_driver.ovsdb.ovsdb_monitor [-] ChassisAgentWriteEvent : Matched Chassis_Private, update, None None matches /usr/lib/python3.9/site-packages/neutron/plugins/ml2/drivers/ovn/mech_driver/ovsdb/ovsdb_monitor.py:63
2025-10-11 11:18:34.605 13 DEBUG neutron.plugins.ml2.drivers.ovn.mech_driver.ovsdb.ovsdb_monitor [None req-47ed2ca4-35fe-44f1-b7fd-819b0d9a3e01 - - - - - -] Hash Ring: Node 2590793f-54ee-4c59-a253-248f05d89aeb (host: neutron-748bbfcf89-vpkvr) handling event "update" for row 91b28dfb-a8f9-4d4c-92ef-4bcb86c959f0 (table: Database) notify /usr/lib/python3.9/site-packages/neutron/plugins/ml2/drivers/ovn/mech_driver/ovsdb/ovsdb_monitor.py:777
2025-10-11 11:18:41.217 13 INFO neutron.wsgi [None req-13bb9bc1-e643-4446-83aa-79b614c9efbc c745a185e90a4811b30d6496a18097ff 2332d0b478da4463a529bc6a41906a80 - - default default] 10.129.0.2,::1 "GET / HTTP/1.1" status: 200 len: 255 time: 0.0025818
2025-10-11 11:18:41.219 13 INFO neutron.wsgi [None req-3d833a9c-ac00-4a90-a0b9-2dc219503040 c745a185e90a4811b30d6496a18097ff 2332d0b478da4463a529bc6a41906a80 - - default default] 10.129.0.2,::1 "GET / HTTP/1.1" status: 200 len: 255 time: 0.0013149
2025-10-11 11:18:41.220 12 INFO neutron.wsgi [-] 10.129.0.2,::1 "GET / HTTP/1.1" status: 200 len: 255 time: 0.0027113
2025-10-11 11:18:41.221 12 DEBUG neutron.wsgi [None req-b23e47b9-c5fb-4a94-a880-270eb1b5f56c f5938d7a3bf24d15a137231cc5df25b9 18af13ddd95e45ae9810b2bdd9367db8 - - default default] (12) timed out ('::1', 57350, 0, 0) process_request /usr/lib/python3.9/site-packages/eventlet/wsgi.py:842
2025-10-11 11:18:51.025 15 DEBUG neutron.plugins.ml2.drivers.ovn.mech_driver.ovsdb.ovsdb_monitor [-] ChassisAgentWriteEvent : Matched Chassis_Private, create, None None matches /usr/lib/python3.9/site-packages/neutron/plugins/ml2/drivers/ovn/mech_driver/ovsdb/ovsdb_monitor.py:63
2025-10-11 11:18:51.025 12 DEBUG neutron.plugins.ml2.drivers.ovn.mech_driver.ovsdb.ovsdb_monitor [None req-2de8ec75-1afd-444d-916e-ea510f75d4cc - - - - - -] ChassisAgentWriteEvent : Matched Chassis_Private, create, None None matches /usr/lib/python3.9/site-packages/neutron/plugins/ml2/drivers/ovn/mech_driver/ovsdb/ovsdb_monitor.py:63
2025-10-11 11:18:51.028 13 DEBUG neutron.plugins.ml2.drivers.ovn.mech_driver.ovsdb.ovsdb_monitor [None req-47ed2ca4-35fe-44f1-b7fd-819b0d9a3e01 - - - - - -] Hash Ring: Node 2590793f-54ee-4c59-a253-248f05d89aeb (host: neutron-748bbfcf89-vpkvr) handling event "update" for row 91b28dfb-a8f9-4d4c-92ef-4bcb86c959f0 (table: Database) notify /usr/lib/python3.9/site-packages/neutron/plugins/ml2/drivers/ovn/mech_driver/ovsdb/ovsdb_monitor.py:777
2025-10-11 11:18:51.040 13 DEBUG neutron.plugins.ml2.drivers.ovn.mech_driver.ovsdb.ovsdb_monitor [None req-9e463744-b01c-4752-aa97-129b4830f863 - - - - - -] Hash Ring: Node 2590793f-54ee-4c59-a253-248f05d89aeb (host: neutron-748bbfcf89-vpkvr) handling event "create" for row 0e07bb76-702a-4bbd-baf3-37ed48378548 (table: Chassis) notify /usr/lib/python3.9/site-packages/neutron/plugins/ml2/drivers/ovn/mech_driver/ovsdb/ovsdb_monitor.py:777
2025-10-11 11:18:51.041 13 DEBUG ovsdbapp.backend.ovs_idl.event [None req-9e463744-b01c-4752-aa97-129b4830f863 - - - - - -] Matched CREATE: ChassisEvent(events=('create', 'update', 'delete'), table='Chassis', conditions=None, old_conditions=None), priority=20 to row=Chassis(external_ids={}, nb_cfg=0, other_config={'ct-commit-nat-v2': 'true', 'ct-commit-to-zone': 'true', 'ct-next-zone': 'true', 'ct-no-masked-label': 'true', 'ct-state-save': 'true', 'datapath-type': 'system', 'fdb-timestamp': 'true', 'iface-types': 'bareudp,erspan,geneve,gre,gtpu,internal,ip6erspan,ip6gre,lisp,patch,srv6,stt,system,tap,vxlan', 'is-interconn': 'false', 'ls-dpg-column': 'true', 'mac-binding-timestamp': 'true', 'ovn-bridge-mappings': 'datacentre:br-ex', 'ovn-chassis-mac-mappings': 'datacentre:0e:0a:3a:58:0f:92', 'ovn-cms-options': 'enable-chassis-as-gw,availability-zones=zone-2', 'ovn-ct-lb-related': 'true', 'ovn-enable-lflow-cache': 'true', 'ovn-limit-lflow-cache': '', 'ovn-memlimit-lflow-cache-kb': '', 'ovn-monitor-all': 'True', 'ovn-trim-limit-lflow-cache': '', 'ovn-trim-timeout-ms': '', 'ovn-trim-wmark-perc-lflow-cache': '', 'port-up-notif': 'true'}, encaps=[], vtep_logical_switches=[], hostname=edpm-networker-1.ctlplane.openstack.lab, name=5a455a4a-7567-487f-b215-cec0e8108d7d, transport_zones=[]) old= matches /usr/lib/python3.9/site-packages/ovsdbapp/backend/ovs_idl/event.py:43
2025-10-11 11:18:51.043 13 DEBUG neutron.plugins.ml2.drivers.ovn.mech_driver.ovsdb.ovsdb_monitor [None req-9e463744-b01c-4752-aa97-129b4830f863 - - - - - -] ChassisAgentWriteEvent : Matched Chassis_Private, create, None None matches /usr/lib/python3.9/site-packages/neutron/plugins/ml2/drivers/ovn/mech_driver/ovsdb/ovsdb_monitor.py:63
2025-10-11 11:18:51.056 13 DEBUG oslo_concurrency.lockutils [None req-25ee149a-7652-44bf-aa7f-a2ced29e11ab - - - - - -] Acquiring lock "update_segment_host_mapping" by "neutron.services.segments.db.update_segment_host_mapping" inner /usr/lib/python3.9/site-packages/oslo_concurrency/lockutils.py:404
2025-10-11 11:18:51.057 13 DEBUG oslo_concurrency.lockutils [None req-25ee149a-7652-44bf-aa7f-a2ced29e11ab - - - - - -] Lock "update_segment_host_mapping" acquired by "neutron.services.segments.db.update_segment_host_mapping" :: waited 0.001s inner /usr/lib/python3.9/site-packages/oslo_concurrency/lockutils.py:409
2025-10-11 11:18:51.062 13 DEBUG neutron.services.segments.db [None req-25ee149a-7652-44bf-aa7f-a2ced29e11ab - - - - - -] Segments set() mapped to the host edpm-networker-1.ctlplane.openstack.lab update_segment_host_mapping /usr/lib/python3.9/site-packages/neutron/services/segments/db.py:238
2025-10-11 11:18:51.064 13 DEBUG oslo_concurrency.lockutils [None req-25ee149a-7652-44bf-aa7f-a2ced29e11ab - - - - - -] Lock "update_segment_host_mapping" "released" by "neutron.services.segments.db.update_segment_host_mapping" :: held 0.007s inner /usr/lib/python3.9/site-packages/oslo_concurrency/lockutils.py:423
2025-10-11 11:18:51.270 15 DEBUG neutron.plugins.ml2.drivers.ovn.mech_driver.ovsdb.ovsdb_monitor [-] ChassisAgentWriteEvent : Matched Chassis_Private, create, None None matches /usr/lib/python3.9/site-packages/neutron/plugins/ml2/drivers/ovn/mech_driver/ovsdb/ovsdb_monitor.py:63
2025-10-11 11:18:51.272 12 DEBUG neutron.plugins.ml2.drivers.ovn.mech_driver.ovsdb.ovsdb_monitor [None req-2de8ec75-1afd-444d-916e-ea510f75d4cc - - - - - -] ChassisAgentWriteEvent : Matched Chassis_Private, create, None None matches /usr/lib/python3.9/site-packages/neutron/plugins/ml2/drivers/ovn/mech_driver/ovsdb/ovsdb_monitor.py:63
2025-10-11 11:18:51.275 15 DEBUG neutron.plugins.ml2.drivers.ovn.mech_driver.ovsdb.ovsdb_monitor [-] ChassisAgentWriteEvent : Matched Chassis_Private, create, None None matches /usr/lib/python3.9/site-packages/neutron/plugins/ml2/drivers/ovn/mech_driver/ovsdb/ovsdb_monitor.py:63
2025-10-11 11:18:51.289 12 DEBUG neutron.plugins.ml2.drivers.ovn.mech_driver.ovsdb.ovsdb_monitor [None req-2de8ec75-1afd-444d-916e-ea510f75d4cc - - - - - -] Hash Ring: Node 0b106d4c-8c21-4cd6-b73e-ac7951a6ce89 (host: neutron-748bbfcf89-vpkvr) handling event "create" for row 7c355fbd-046f-49e6-bfd7-0b3cecee75a9 (table: Encap) notify /usr/lib/python3.9/site-packages/neutron/plugins/ml2/drivers/ovn/mech_driver/ovsdb/ovsdb_monitor.py:777
2025-10-11 11:18:51.292 12 DEBUG neutron.plugins.ml2.drivers.ovn.mech_driver.ovsdb.ovsdb_monitor [None req-2de8ec75-1afd-444d-916e-ea510f75d4cc - - - - - -] ChassisAgentWriteEvent : Matched Chassis_Private, create, None None matches /usr/lib/python3.9/site-packages/neutron/plugins/ml2/drivers/ovn/mech_driver/ovsdb/ovsdb_monitor.py:63
2025-10-11 11:18:51.300 13 DEBUG neutron.plugins.ml2.drivers.ovn.mech_driver.ovsdb.ovsdb_monitor [None req-9e463744-b01c-4752-aa97-129b4830f863 - - - - - -] Hash Ring: Node 2590793f-54ee-4c59-a253-248f05d89aeb (host: neutron-748bbfcf89-vpkvr) handling event "create" for row 4d2f3a69-e486-433f-ace4-99aa4c8f5f55 (table: Chassis) notify /usr/lib/python3.9/site-packages/neutron/plugins/ml2/drivers/ovn/mech_driver/ovsdb/ovsdb_monitor.py:777
2025-10-11 11:18:51.301 13 DEBUG ovsdbapp.backend.ovs_idl.event [None req-9e463744-b01c-4752-aa97-129b4830f863 - - - - - -] Matched CREATE: ChassisEvent(events=('create', 'update', 'delete'), table='Chassis', conditions=None, old_conditions=None), priority=20 to row=Chassis(external_ids={}, nb_cfg=0, other_config={'ct-commit-nat-v2': 'true', 'ct-commit-to-zone': 'true', 'ct-next-zone': 'true', 'ct-no-masked-label': 'true', 'ct-state-save': 'true', 'datapath-type': 'system', 'fdb-timestamp': 'true', 'iface-types': 'bareudp,erspan,geneve,gre,gtpu,internal,ip6erspan,ip6gre,lisp,patch,srv6,stt,system,tap,vxlan', 'is-interconn': 'false', 'ls-dpg-column': 'true', 'mac-binding-timestamp': 'true', 'ovn-bridge-mappings': 'datacentre:br-ex', 'ovn-chassis-mac-mappings': 'datacentre:0e:0a:85:83:71:06', 'ovn-cms-options': 'enable-chassis-as-gw,availability-zones=zone-2', 'ovn-ct-lb-related': 'true', 'ovn-enable-lflow-cache': 'true', 'ovn-limit-lflow-cache': '', 'ovn-memlimit-lflow-cache-kb': '', 'ovn-monitor-all': 'True', 'ovn-trim-limit-lflow-cache': '', 'ovn-trim-timeout-ms': '', 'ovn-trim-wmark-perc-lflow-cache': '', 'port-up-notif': 'true'}, encaps=[], vtep_logical_switches=[], hostname=edpm-networker-0.ctlplane.openstack.lab, name=a13c9236-0439-42b5-9eda-34c6d70e3dd3, transport_zones=[]) old= matches /usr/lib/python3.9/site-packages/ovsdbapp/backend/ovs_idl/event.py:43
2025-10-11 11:18:51.301 13 DEBUG neutron.plugins.ml2.drivers.ovn.mech_driver.ovsdb.ovsdb_monitor [None req-9e463744-b01c-4752-aa97-129b4830f863 - - - - - -] ChassisAgentWriteEvent : Matched Chassis_Private, create, None None matches /usr/lib/python3.9/site-packages/neutron/plugins/ml2/drivers/ovn/mech_driver/ovsdb/ovsdb_monitor.py:63
2025-10-11 11:18:51.301 13 DEBUG neutron.plugins.ml2.drivers.ovn.mech_driver.ovsdb.ovsdb_monitor [None req-9e463744-b01c-4752-aa97-129b4830f863 - - - - - -] Hash Ring: Node 2590793f-54ee-4c59-a253-248f05d89aeb (host: neutron-748bbfcf89-vpkvr) handling event "create" for row ed42902c-405b-45be-9f8e-45fa5ec4b256 (table: Chassis_Private) notify /usr/lib/python3.9/site-packages/neutron/plugins/ml2/drivers/ovn/mech_driver/ovsdb/ovsdb_monitor.py:777
2025-10-11 11:18:51.303 13 DEBUG neutron.plugins.ml2.drivers.ovn.mech_driver.ovsdb.ovsdb_monitor [None req-9e463744-b01c-4752-aa97-129b4830f863 - - - - - -] ChassisAgentWriteEvent : Matched Chassis_Private, create, None None matches /usr/lib/python3.9/site-packages/neutron/plugins/ml2/drivers/ovn/mech_driver/ovsdb/ovsdb_monitor.py:63
2025-10-11 11:18:51.308 13 DEBUG ovsdbapp.backend.ovs_idl.transaction [None req-47ed2ca4-35fe-44f1-b7fd-819b0d9a3e01 - - - - - -] There are no commands to commit do_commit /usr/lib/python3.9/site-packages/ovsdbapp/backend/ovs_idl/transaction.py:78
2025-10-11 11:18:51.315 13 DEBUG oslo_concurrency.lockutils [None req-25ee149a-7652-44bf-aa7f-a2ced29e11ab - - - - - -] Acquiring lock "update_segment_host_mapping" by "neutron.services.segments.db.update_segment_host_mapping" inner /usr/lib/python3.9/site-packages/oslo_concurrency/lockutils.py:404
2025-10-11 11:18:51.316 13 DEBUG oslo_concurrency.lockutils [None req-25ee149a-7652-44bf-aa7f-a2ced29e11ab - - - - - -] Lock "update_segment_host_mapping" acquired by "neutron.services.segments.db.update_segment_host_mapping" :: waited 0.001s inner /usr/lib/python3.9/site-packages/oslo_concurrency/lockutils.py:409
2025-10-11 11:18:51.320 13 DEBUG neutron.services.segments.db [None req-25ee149a-7652-44bf-aa7f-a2ced29e11ab - - - - - -] Segments set() mapped to the host edpm-networker-0.ctlplane.openstack.lab update_segment_host_mapping /usr/lib/python3.9/site-packages/neutron/services/segments/db.py:238
2025-10-11 11:18:51.323 13 DEBUG oslo_concurrency.lockutils [None req-25ee149a-7652-44bf-aa7f-a2ced29e11ab - - - - - -] Lock "update_segment_host_mapping" "released" by "neutron.services.segments.db.update_segment_host_mapping" :: held 0.007s inner /usr/lib/python3.9/site-packages/oslo_concurrency/lockutils.py:423
2025-10-11 11:18:51.390 13 DEBUG ovsdbapp.backend.ovs_idl.transaction [None req-47ed2ca4-35fe-44f1-b7fd-819b0d9a3e01 - - - - - -] There are no commands to commit do_commit /usr/lib/python3.9/site-packages/ovsdbapp/backend/ovs_idl/transaction.py:78
2025-10-11 11:18:59.042 15 DEBUG neutron.common.ovn.hash_ring_manager [-] Hash Ring loaded. 6 active nodes. 0 offline nodes _load_hash_ring /usr/lib/python3.9/site-packages/neutron/common/ovn/hash_ring_manager.py:99
2025-10-11 11:18:59.044 15 DEBUG neutron.plugins.ml2.drivers.ovn.mech_driver.ovsdb.ovsdb_monitor [-] ChassisAgentWriteEvent : Matched Chassis_Private, update, None None matches /usr/lib/python3.9/site-packages/neutron/plugins/ml2/drivers/ovn/mech_driver/ovsdb/ovsdb_monitor.py:63
2025-10-11 11:18:59.045 12 DEBUG neutron.common.ovn.hash_ring_manager [None req-2de8ec75-1afd-444d-916e-ea510f75d4cc - - - - - -] Hash Ring loaded. 6 active nodes. 0 offline nodes _load_hash_ring /usr/lib/python3.9/site-packages/neutron/common/ovn/hash_ring_manager.py:99
2025-10-11 11:18:59.047 12 DEBUG neutron.plugins.ml2.drivers.ovn.mech_driver.ovsdb.ovsdb_monitor [None req-2de8ec75-1afd-444d-916e-ea510f75d4cc - - - - - -] ChassisAgentWriteEvent : Matched Chassis_Private, update, None None matches /usr/lib/python3.9/site-packages/neutron/plugins/ml2/drivers/ovn/mech_driver/ovsdb/ovsdb_monitor.py:63
2025-10-11 11:18:59.049 13 DEBUG neutron.common.ovn.hash_ring_manager [None req-9e463744-b01c-4752-aa97-129b4830f863 - - - - - -] Hash Ring loaded. 6 active nodes. 0 offline nodes _load_hash_ring /usr/lib/python3.9/site-packages/neutron/common/ovn/hash_ring_manager.py:99
2025-10-11 11:18:59.051 13 DEBUG neutron.plugins.ml2.drivers.ovn.mech_driver.ovsdb.ovsdb_monitor [None req-9e463744-b01c-4752-aa97-129b4830f863 - - - - - -] ChassisAgentWriteEvent : Matched Chassis_Private, update, None None matches /usr/lib/python3.9/site-packages/neutron/plugins/ml2/drivers/ovn/mech_driver/ovsdb/ovsdb_monitor.py:63
2025-10-11 11:18:59.268 15 DEBUG neutron.plugins.ml2.drivers.ovn.mech_driver.ovsdb.ovsdb_monitor [-] ChassisAgentWriteEvent : Matched Chassis_Private, update, None None matches /usr/lib/python3.9/site-packages/neutron/plugins/ml2/drivers/ovn/mech_driver/ovsdb/ovsdb_monitor.py:63
2025-10-11 11:18:59.269 12 DEBUG neutron.plugins.ml2.drivers.ovn.mech_driver.ovsdb.ovsdb_monitor [None req-2de8ec75-1afd-444d-916e-ea510f75d4cc - - - - - -] ChassisAgentWriteEvent : Matched Chassis_Private, update, None None matches /usr/lib/python3.9/site-packages/neutron/plugins/ml2/drivers/ovn/mech_driver/ovsdb/ovsdb_monitor.py:63
2025-10-11 11:18:59.270 13 DEBUG neutron.plugins.ml2.drivers.ovn.mech_driver.ovsdb.ovsdb_monitor [None req-9e463744-b01c-4752-aa97-129b4830f863 - - - - - -] ChassisAgentWriteEvent : Matched Chassis_Private, update, None None matches /usr/lib/python3.9/site-packages/neutron/plugins/ml2/drivers/ovn/mech_driver/ovsdb/ovsdb_monitor.py:63
2025-10-11 11:18:59.274 15 DEBUG neutron.plugins.ml2.drivers.ovn.mech_driver.ovsdb.ovsdb_monitor [-] ChassisAgentWriteEvent : Matched Chassis_Private, update, None None matches /usr/lib/python3.9/site-packages/neutron/plugins/ml2/drivers/ovn/mech_driver/ovsdb/ovsdb_monitor.py:63
2025-10-11 11:18:59.275 12 DEBUG neutron.plugins.ml2.drivers.ovn.mech_driver.ovsdb.ovsdb_monitor [None req-2de8ec75-1afd-444d-916e-ea510f75d4cc - - - - - -] ChassisAgentWriteEvent : Matched Chassis_Private, update, None None matches /usr/lib/python3.9/site-packages/neutron/plugins/ml2/drivers/ovn/mech_driver/ovsdb/ovsdb_monitor.py:63
2025-10-11 11:18:59.276 13 DEBUG neutron.plugins.ml2.drivers.ovn.mech_driver.ovsdb.ovsdb_monitor [None req-9e463744-b01c-4752-aa97-129b4830f863 - - - - - -] ChassisAgentWriteEvent : Matched Chassis_Private, update, None None matches /usr/lib/python3.9/site-packages/neutron/plugins/ml2/drivers/ovn/mech_driver/ovsdb/ovsdb_monitor.py:63
2025-10-11 11:18:59.277 13 DEBUG neutron.plugins.ml2.drivers.ovn.mech_driver.ovsdb.ovsdb_monitor [None req-9e463744-b01c-4752-aa97-129b4830f863 - - - - - -] Hash Ring: Node 2590793f-54ee-4c59-a253-248f05d89aeb (host: neutron-748bbfcf89-vpkvr) handling event "update" for row ed42902c-405b-45be-9f8e-45fa5ec4b256 (table: Chassis_Private) notify /usr/lib/python3.9/site-packages/neutron/plugins/ml2/drivers/ovn/mech_driver/ovsdb/ovsdb_monitor.py:777
2025-10-11 11:18:59.299 15 DEBUG neutron.common.ovn.hash_ring_manager [-] Hash Ring loaded. 6 active nodes. 0 offline nodes _load_hash_ring /usr/lib/python3.9/site-packages/neutron/common/ovn/hash_ring_manager.py:99
2025-10-11 11:18:59.302 12 DEBUG neutron.common.ovn.hash_ring_manager [None req-9fe5d454-422c-483d-b11c-281b10f1ba9d - - - - - -] Hash Ring loaded. 6 active nodes. 0 offline nodes _load_hash_ring /usr/lib/python3.9/site-packages/neutron/common/ovn/hash_ring_manager.py:99
2025-10-11 11:18:59.308 13 DEBUG neutron.common.ovn.hash_ring_manager [None req-47ed2ca4-35fe-44f1-b7fd-819b0d9a3e01 - - - - - -] Hash Ring loaded. 6 active nodes. 0 offline nodes _load_hash_ring /usr/lib/python3.9/site-packages/neutron/common/ovn/hash_ring_manager.py:99
2025-10-11 11:18:59.318 13 DEBUG neutron.plugins.ml2.drivers.ovn.mech_driver.ovsdb.ovsdb_monitor [None req-47ed2ca4-35fe-44f1-b7fd-819b0d9a3e01 - - - - - -] Hash Ring: Node 2590793f-54ee-4c59-a253-248f05d89aeb (host: neutron-748bbfcf89-vpkvr) handling event "update" for row 91b28dfb-a8f9-4d4c-92ef-4bcb86c959f0 (table: Database) notify /usr/lib/python3.9/site-packages/neutron/plugins/ml2/drivers/ovn/mech_driver/ovsdb/ovsdb_monitor.py:777
2025-10-11 11:18:59.605 12 DEBUG futurist.periodics [-] Submitting periodic callback 'neutron.plugins.ml2.drivers.ovn.mech_driver.ovsdb.maintenance.HashRingHealthCheckPeriodics.touch_hash_ring_nodes' _process_scheduled /usr/lib/python3.9/site-packages/futurist/periodics.py:638
2025-10-11 11:19:11.220 12 INFO neutron.wsgi [-] 10.129.0.2,::1 "GET / HTTP/1.1" status: 200 len: 255 time: 0.0016935
2025-10-11 11:19:11.221 13 INFO neutron.wsgi [None req-5023ac6a-30f1-4e93-8c9e-4f77821efe9f c745a185e90a4811b30d6496a18097ff 2332d0b478da4463a529bc6a41906a80 - - default default] 10.129.0.2,::1 "GET / HTTP/1.1" status: 200 len: 255 time: 0.0050993
2025-10-11 11:19:11.227 13 INFO neutron.wsgi [None req-3d833a9c-ac00-4a90-a0b9-2dc219503040 c745a185e90a4811b30d6496a18097ff 2332d0b478da4463a529bc6a41906a80 - - default default] 10.129.0.2,::1 "GET / HTTP/1.1" status: 200 len: 255 time: 0.0036783
2025-10-11 11:19:29.607 12 DEBUG futurist.periodics [-] Submitting periodic callback 'neutron.plugins.ml2.drivers.ovn.mech_driver.ovsdb.maintenance.HashRingHealthCheckPeriodics.touch_hash_ring_nodes' _process_scheduled /usr/lib/python3.9/site-packages/futurist/periodics.py:638
2025-10-11 11:19:38.258 15 DEBUG neutron.common.ovn.hash_ring_manager [-] Hash Ring loaded. 6 active nodes. 0 offline nodes _load_hash_ring /usr/lib/python3.9/site-packages/neutron/common/ovn/hash_ring_manager.py:99
2025-10-11 11:19:38.259 13 DEBUG neutron.common.ovn.hash_ring_manager [None req-9e463744-b01c-4752-aa97-129b4830f863 - - - - - -] Hash Ring loaded. 6 active nodes. 0 offline nodes _load_hash_ring /usr/lib/python3.9/site-packages/neutron/common/ovn/hash_ring_manager.py:99
2025-10-11 11:19:38.264 12 DEBUG neutron.common.ovn.hash_ring_manager [None req-2de8ec75-1afd-444d-916e-ea510f75d4cc - - - - - -] Hash Ring loaded. 6 active nodes. 0 offline nodes _load_hash_ring /usr/lib/python3.9/site-packages/neutron/common/ovn/hash_ring_manager.py:99
2025-10-11 11:19:41.217 12 DEBUG neutron.wsgi [-] (12) accepted ('::1', 48034, 0, 0) server /usr/lib/python3.9/site-packages/eventlet/wsgi.py:1004
2025-10-11 11:19:41.221 13 INFO neutron.wsgi [None req-98800af7-cb46-4b2b-89c0-0e897ad858c8 c745a185e90a4811b30d6496a18097ff 2332d0b478da4463a529bc6a41906a80 - - default default] 10.129.0.2,::1 "GET / HTTP/1.1" status: 200 len: 255 time: 0.0026844
2025-10-11 11:19:41.217 13 INFO neutron.wsgi [None req-5023ac6a-30f1-4e93-8c9e-4f77821efe9f c745a185e90a4811b30d6496a18097ff 2332d0b478da4463a529bc6a41906a80 - - default default] 10.129.0.2,::1 "GET / HTTP/1.1" status: 200 len: 255 time: 0.0029991
2025-10-11 11:19:41.222 12 INFO neutron.wsgi [-] 10.129.0.2,::1 "GET / HTTP/1.1" status: 200 len: 255 time: 0.0034568
2025-10-11 11:19:59.610 12 DEBUG futurist.periodics [-] Submitting periodic callback 'neutron.plugins.ml2.drivers.ovn.mech_driver.ovsdb.maintenance.HashRingHealthCheckPeriodics.touch_hash_ring_nodes' _process_scheduled /usr/lib/python3.9/site-packages/futurist/periodics.py:638
2025-10-11 11:20:11.218 13 INFO neutron.wsgi [None req-0b2d99d2-75e4-4f1c-a164-db97287b2181 c745a185e90a4811b30d6496a18097ff 2332d0b478da4463a529bc6a41906a80 - - default default] 10.129.0.2,::1 "GET / HTTP/1.1" status: 200 len: 255 time: 0.0052004
2025-10-11 11:20:11.221 12 INFO neutron.wsgi [-] 10.129.0.2,::1 "GET / HTTP/1.1" status: 200 len: 255 time: 0.0019903
2025-10-11 11:20:11.223 12 INFO neutron.wsgi [None req-4be8d69c-c4ef-49c0-b1e6-aa4986bd982f c745a185e90a4811b30d6496a18097ff 2332d0b478da4463a529bc6a41906a80 - - default default] 10.129.0.2,::1 "GET / HTTP/1.1" status: 200 len: 255 time: 0.0009601
2025-10-11 11:20:15.150 12 DEBUG neutron.common.ovn.hash_ring_manager [None req-2de8ec75-1afd-444d-916e-ea510f75d4cc - - - - - -] Hash Ring loaded. 6 active nodes. 0 offline nodes _load_hash_ring /usr/lib/python3.9/site-packages/neutron/common/ovn/hash_ring_manager.py:99
2025-10-11 11:20:15.150 13 DEBUG neutron.common.ovn.hash_ring_manager [None req-9e463744-b01c-4752-aa97-129b4830f863 - - - - - -] Hash Ring loaded. 6 active nodes. 0 offline nodes _load_hash_ring /usr/lib/python3.9/site-packages/neutron/common/ovn/hash_ring_manager.py:99
2025-10-11 11:20:15.157 15 DEBUG neutron.common.ovn.hash_ring_manager [-] Hash Ring loaded. 6 active nodes. 0 offline nodes _load_hash_ring /usr/lib/python3.9/site-packages/neutron/common/ovn/hash_ring_manager.py:99
2025-10-11 11:20:15.503 13 DEBUG neutron.plugins.ml2.drivers.ovn.mech_driver.ovsdb.ovsdb_monitor [None req-9e463744-b01c-4752-aa97-129b4830f863 - - - - - -] Hash Ring: Node 2590793f-54ee-4c59-a253-248f05d89aeb (host: neutron-748bbfcf89-vpkvr) handling event "update" for row ed42902c-405b-45be-9f8e-45fa5ec4b256 (table: Chassis_Private) notify /usr/lib/python3.9/site-packages/neutron/plugins/ml2/drivers/ovn/mech_driver/ovsdb/ovsdb_monitor.py:777
2025-10-11 11:20:15.504 13 DEBUG neutron.plugins.ml2.drivers.ovn.mech_driver.ovsdb.ovsdb_monitor [None req-9e463744-b01c-4752-aa97-129b4830f863 - - - - - -] Hash Ring: Node 2590793f-54ee-4c59-a253-248f05d89aeb (host: neutron-748bbfcf89-vpkvr) handling event "update" for row ed42902c-405b-45be-9f8e-45fa5ec4b256 (table: Chassis_Private) notify /usr/lib/python3.9/site-packages/neutron/plugins/ml2/drivers/ovn/mech_driver/ovsdb/ovsdb_monitor.py:777
2025-10-11 11:20:29.265 17 DEBUG futurist.periodics [None req-69bb3ab8-3e77-44de-9d7e-55d1152c8ce4 - - - - - -] Submitting periodic callback 'neutron.plugins.ml2.drivers.ovn.mech_driver.ovsdb.maintenance.DBInconsistenciesPeriodics.check_for_inconsistencies' _process_scheduled /usr/lib/python3.9/site-packages/futurist/periodics.py:638
2025-10-11 11:20:29.284 17 DEBUG neutron.plugins.ml2.drivers.ovn.mech_driver.ovsdb.maintenance [None req-69bb3ab8-3e77-44de-9d7e-55d1152c8ce4 - - - - - -] Maintenance task: No inconsistencies found. Skipping check_for_inconsistencies /usr/lib/python3.9/site-packages/neutron/plugins/ml2/drivers/ovn/mech_driver/ovsdb/maintenance.py:389
2025-10-11 11:20:29.612 12 DEBUG futurist.periodics [-] Submitting periodic callback 'neutron.plugins.ml2.drivers.ovn.mech_driver.ovsdb.maintenance.HashRingHealthCheckPeriodics.touch_hash_ring_nodes' _process_scheduled /usr/lib/python3.9/site-packages/futurist/periodics.py:638
