2025-10-11 10:55:48.333 17 DEBUG futurist.periodics [-] Submitting immediate callback 'neutron.plugins.ml2.drivers.ovn.mech_driver.ovsdb.maintenance.DBInconsistenciesPeriodics.update_port_qos_with_external_ids_reference' _process_immediates /usr/lib/python3.9/site-packages/futurist/periodics.py:673
2025-10-11 10:55:48.333 13 DEBUG oslo_concurrency.lockutils [-] Lock "hash_ring_probe_lock" acquired by "neutron.plugins.ml2.drivers.ovn.mech_driver.mech_driver.OVNMechanismDriver._setup_hash_ring" :: waited 0.215s inner /usr/lib/python3.9/site-packages/oslo_concurrency/lockutils.py:409
2025-10-11 10:55:48.333 17 INFO neutron.plugins.ml2.drivers.ovn.mech_driver.mech_driver [-] Maintenance task thread has started
2025-10-11 10:55:48.333 17 INFO neutron.plugins.ml2.drivers.ovn.mech_driver.mech_driver [-] MaintenanceWorker process has finished the post initialization
2025-10-11 10:55:48.333 17 DEBUG futurist.periodics [-] Submitting immediate callback 'neutron.plugins.ml2.drivers.ovn.mech_driver.ovsdb.maintenance.DBInconsistenciesPeriodics.update_port_virtual_type' _process_immediates /usr/lib/python3.9/site-packages/futurist/periodics.py:673
2025-10-11 10:55:48.333 13 DEBUG oslo_concurrency.lockutils [-] Acquiring lock "singleton_lock" lock /usr/lib/python3.9/site-packages/oslo_concurrency/lockutils.py:312
2025-10-11 10:55:48.334 13 DEBUG oslo_concurrency.lockutils [-] Acquired lock "singleton_lock" lock /usr/lib/python3.9/site-packages/oslo_concurrency/lockutils.py:315
2025-10-11 10:55:48.334 13 DEBUG oslo_concurrency.lockutils [-] Releasing lock "singleton_lock" lock /usr/lib/python3.9/site-packages/oslo_concurrency/lockutils.py:333
2025-10-11 10:55:48.349 15 DEBUG neutron.common.ovn.hash_ring_manager [None req-c4a7fba7-9b5d-4171-83bb-c16f984717ba - - - - - -] Disallow caching, nodes 1<2 _wait_startup_before_caching /usr/lib/python3.9/site-packages/neutron/common/ovn/hash_ring_manager.py:71
2025-10-11 10:55:48.359 12 DEBUG ovsdbapp.backend.ovs_idl [None req-947cb4aa-4492-4586-bf21-d412a19dec38 - - - - - -] Created lookup_table index Logical_Switch.name autocreate_indices /usr/lib/python3.9/site-packages/ovsdbapp/backend/ovs_idl/__init__.py:87
2025-10-11 10:55:48.359 12 DEBUG ovsdbapp.backend.ovs_idl [None req-947cb4aa-4492-4586-bf21-d412a19dec38 - - - - - -] Created lookup_table index Logical_Router.name autocreate_indices /usr/lib/python3.9/site-packages/ovsdbapp/backend/ovs_idl/__init__.py:87
2025-10-11 10:55:48.359 12 DEBUG ovsdbapp.backend.ovs_idl [None req-947cb4aa-4492-4586-bf21-d412a19dec38 - - - - - -] Created lookup_table index Load_Balancer.name autocreate_indices /usr/lib/python3.9/site-packages/ovsdbapp/backend/ovs_idl/__init__.py:87
2025-10-11 10:55:48.360 12 DEBUG ovsdbapp.backend.ovs_idl [None req-947cb4aa-4492-4586-bf21-d412a19dec38 - - - - - -] Created schema index Meter.name autocreate_indices /usr/lib/python3.9/site-packages/ovsdbapp/backend/ovs_idl/__init__.py:106
2025-10-11 10:55:48.360 12 DEBUG ovsdbapp.backend.ovs_idl [None req-947cb4aa-4492-4586-bf21-d412a19dec38 - - - - - -] Created schema index Copp.name autocreate_indices /usr/lib/python3.9/site-packages/ovsdbapp/backend/ovs_idl/__init__.py:106
2025-10-11 10:55:48.364 12 DEBUG ovsdbapp.backend.ovs_idl [None req-947cb4aa-4492-4586-bf21-d412a19dec38 - - - - - -] Created schema index Logical_Switch_Port.name autocreate_indices /usr/lib/python3.9/site-packages/ovsdbapp/backend/ovs_idl/__init__.py:106
2025-10-11 10:55:48.364 12 DEBUG ovsdbapp.backend.ovs_idl [None req-947cb4aa-4492-4586-bf21-d412a19dec38 - - - - - -] Created schema index Chassis_Template_Var.chassis autocreate_indices /usr/lib/python3.9/site-packages/ovsdbapp/backend/ovs_idl/__init__.py:106
2025-10-11 10:55:48.365 12 DEBUG ovsdbapp.backend.ovs_idl [None req-947cb4aa-4492-4586-bf21-d412a19dec38 - - - - - -] Created schema index Gateway_Chassis.name autocreate_indices /usr/lib/python3.9/site-packages/ovsdbapp/backend/ovs_idl/__init__.py:106
2025-10-11 10:55:48.365 12 DEBUG ovsdbapp.backend.ovs_idl [None req-947cb4aa-4492-4586-bf21-d412a19dec38 - - - - - -] Created schema index Connection.target autocreate_indices /usr/lib/python3.9/site-packages/ovsdbapp/backend/ovs_idl/__init__.py:106
2025-10-11 10:55:48.365 12 DEBUG ovsdbapp.backend.ovs_idl [None req-947cb4aa-4492-4586-bf21-d412a19dec38 - - - - - -] Created schema index Port_Group.name autocreate_indices /usr/lib/python3.9/site-packages/ovsdbapp/backend/ovs_idl/__init__.py:106
2025-10-11 10:55:48.365 12 DEBUG ovsdbapp.backend.ovs_idl [None req-947cb4aa-4492-4586-bf21-d412a19dec38 - - - - - -] Created schema index Logical_Router_Port.name autocreate_indices /usr/lib/python3.9/site-packages/ovsdbapp/backend/ovs_idl/__init__.py:106
2025-10-11 10:55:48.366 12 DEBUG ovsdbapp.backend.ovs_idl [None req-947cb4aa-4492-4586-bf21-d412a19dec38 - - - - - -] Created schema index HA_Chassis_Group.name autocreate_indices /usr/lib/python3.9/site-packages/ovsdbapp/backend/ovs_idl/__init__.py:106
2025-10-11 10:55:48.366 12 DEBUG ovsdbapp.backend.ovs_idl [None req-947cb4aa-4492-4586-bf21-d412a19dec38 - - - - - -] Created schema index Mirror.name autocreate_indices /usr/lib/python3.9/site-packages/ovsdbapp/backend/ovs_idl/__init__.py:106
2025-10-11 10:55:48.367 12 DEBUG ovsdbapp.backend.ovs_idl [None req-947cb4aa-4492-4586-bf21-d412a19dec38 - - - - - -] Created schema index Address_Set.name autocreate_indices /usr/lib/python3.9/site-packages/ovsdbapp/backend/ovs_idl/__init__.py:106
2025-10-11 10:55:48.367 12 DEBUG ovsdbapp.backend.ovs_idl [None req-947cb4aa-4492-4586-bf21-d412a19dec38 - - - - - -] Created schema index Load_Balancer_Group.name autocreate_indices /usr/lib/python3.9/site-packages/ovsdbapp/backend/ovs_idl/__init__.py:106
2025-10-11 10:55:48.375 12 INFO ovsdbapp.backend.ovs_idl.vlog [None req-947cb4aa-4492-4586-bf21-d412a19dec38 - - - - - -] ssl:ovsdbserver-nb-0.openstack.svc.cluster.local:6641: connecting...
2025-10-11 10:55:48.384 12 INFO ovsdbapp.backend.ovs_idl.vlog [None req-947cb4aa-4492-4586-bf21-d412a19dec38 - - - - - -] ssl:ovsdbserver-nb-0.openstack.svc.cluster.local:6641: connected
2025-10-11 10:55:48.398 13 INFO neutron.db.ovn_hash_ring_db [None req-dcba1ee1-d577-4ce9-aa4d-cce517a9610e - - - - - -] Node d490e483-3d26-444f-a9a7-b2a0dc64ad26 from host "neutron-748bbfcf89-tr8n2" and group "mechanism_driver" added to the Hash Ring
2025-10-11 10:55:48.398 13 DEBUG oslo_concurrency.lockutils [None req-dcba1ee1-d577-4ce9-aa4d-cce517a9610e - - - - - -] Lock "hash_ring_probe_lock" "released" by "neutron.plugins.ml2.drivers.ovn.mech_driver.mech_driver.OVNMechanismDriver._setup_hash_ring" :: held 0.065s inner /usr/lib/python3.9/site-packages/oslo_concurrency/lockutils.py:423
2025-10-11 10:55:48.399 13 INFO neutron.plugins.ml2.drivers.ovn.mech_driver.ovsdb.impl_idl_ovn [None req-dcba1ee1-d577-4ce9-aa4d-cce517a9610e - - - - - -] Getting OvsdbNbOvnIdl for WorkerService with retry
2025-10-11 10:55:48.413 15 DEBUG neutron.common.ovn.hash_ring_manager [None req-c4a7fba7-9b5d-4171-83bb-c16f984717ba - - - - - -] Hash Ring loaded. 7 active nodes. 0 offline nodes _load_hash_ring /usr/lib/python3.9/site-packages/neutron/common/ovn/hash_ring_manager.py:99
2025-10-11 10:55:48.413 12 DEBUG neutron.common.ovn.hash_ring_manager [None req-947cb4aa-4492-4586-bf21-d412a19dec38 - - - - - -] Allow caching, nodes 2>=2 _wait_startup_before_caching /usr/lib/python3.9/site-packages/neutron/common/ovn/hash_ring_manager.py:64
2025-10-11 10:55:48.418 15 DEBUG neutron.common.ovn.hash_ring_manager [None req-c4a7fba7-9b5d-4171-83bb-c16f984717ba - - - - - -] Allow caching, nodes 2>=2 _wait_startup_before_caching /usr/lib/python3.9/site-packages/neutron/common/ovn/hash_ring_manager.py:64
2025-10-11 10:55:48.423 15 INFO neutron.plugins.ml2.drivers.ovn.mech_driver.ovsdb.impl_idl_ovn [None req-c4a7fba7-9b5d-4171-83bb-c16f984717ba - - - - - -] Getting OvsdbSbOvnIdl for RpcWorker with retry
2025-10-11 10:55:48.429 15 DEBUG ovsdbapp.backend.ovs_idl [None req-c4a7fba7-9b5d-4171-83bb-c16f984717ba - - - - - -] Created lookup_table index Chassis.name autocreate_indices /usr/lib/python3.9/site-packages/ovsdbapp/backend/ovs_idl/__init__.py:87
2025-10-11 10:55:48.429 15 DEBUG ovsdbapp.backend.ovs_idl [None req-c4a7fba7-9b5d-4171-83bb-c16f984717ba - - - - - -] Created schema index Chassis_Private.name autocreate_indices /usr/lib/python3.9/site-packages/ovsdbapp/backend/ovs_idl/__init__.py:106
2025-10-11 10:55:48.429 15 DEBUG ovsdbapp.backend.ovs_idl [None req-c4a7fba7-9b5d-4171-83bb-c16f984717ba - - - - - -] Created schema index Datapath_Binding.tunnel_key autocreate_indices /usr/lib/python3.9/site-packages/ovsdbapp/backend/ovs_idl/__init__.py:106
2025-10-11 10:55:48.430 13 DEBUG ovsdbapp.backend.ovs_idl [None req-dcba1ee1-d577-4ce9-aa4d-cce517a9610e - - - - - -] Created lookup_table index Logical_Switch.name autocreate_indices /usr/lib/python3.9/site-packages/ovsdbapp/backend/ovs_idl/__init__.py:87
2025-10-11 10:55:48.430 13 DEBUG ovsdbapp.backend.ovs_idl [None req-dcba1ee1-d577-4ce9-aa4d-cce517a9610e - - - - - -] Created lookup_table index Logical_Router.name autocreate_indices /usr/lib/python3.9/site-packages/ovsdbapp/backend/ovs_idl/__init__.py:87
2025-10-11 10:55:48.430 13 DEBUG ovsdbapp.backend.ovs_idl [None req-dcba1ee1-d577-4ce9-aa4d-cce517a9610e - - - - - -] Created lookup_table index Load_Balancer.name autocreate_indices /usr/lib/python3.9/site-packages/ovsdbapp/backend/ovs_idl/__init__.py:87
2025-10-11 10:55:48.431 13 DEBUG ovsdbapp.backend.ovs_idl [None req-dcba1ee1-d577-4ce9-aa4d-cce517a9610e - - - - - -] Created schema index Meter.name autocreate_indices /usr/lib/python3.9/site-packages/ovsdbapp/backend/ovs_idl/__init__.py:106
2025-10-11 10:55:48.431 13 DEBUG ovsdbapp.backend.ovs_idl [None req-dcba1ee1-d577-4ce9-aa4d-cce517a9610e - - - - - -] Created schema index Copp.name autocreate_indices /usr/lib/python3.9/site-packages/ovsdbapp/backend/ovs_idl/__init__.py:106
2025-10-11 10:55:48.431 13 DEBUG ovsdbapp.backend.ovs_idl [None req-dcba1ee1-d577-4ce9-aa4d-cce517a9610e - - - - - -] Created schema index Logical_Switch_Port.name autocreate_indices /usr/lib/python3.9/site-packages/ovsdbapp/backend/ovs_idl/__init__.py:106
2025-10-11 10:55:48.431 13 DEBUG ovsdbapp.backend.ovs_idl [None req-dcba1ee1-d577-4ce9-aa4d-cce517a9610e - - - - - -] Created schema index Chassis_Template_Var.chassis autocreate_indices /usr/lib/python3.9/site-packages/ovsdbapp/backend/ovs_idl/__init__.py:106
2025-10-11 10:55:48.431 12 DEBUG neutron.common.ovn.hash_ring_manager [None req-947cb4aa-4492-4586-bf21-d412a19dec38 - - - - - -] Hash Ring loaded. 8 active nodes. 0 offline nodes _load_hash_ring /usr/lib/python3.9/site-packages/neutron/common/ovn/hash_ring_manager.py:99
2025-10-11 10:55:48.431 13 DEBUG ovsdbapp.backend.ovs_idl [None req-dcba1ee1-d577-4ce9-aa4d-cce517a9610e - - - - - -] Created schema index Gateway_Chassis.name autocreate_indices /usr/lib/python3.9/site-packages/ovsdbapp/backend/ovs_idl/__init__.py:106
2025-10-11 10:55:48.432 13 DEBUG ovsdbapp.backend.ovs_idl [None req-dcba1ee1-d577-4ce9-aa4d-cce517a9610e - - - - - -] Created schema index Connection.target autocreate_indices /usr/lib/python3.9/site-packages/ovsdbapp/backend/ovs_idl/__init__.py:106
2025-10-11 10:55:48.433 15 INFO ovsdbapp.backend.ovs_idl.vlog [None req-c4a7fba7-9b5d-4171-83bb-c16f984717ba - - - - - -] ssl:ovsdbserver-sb-1.openstack.svc.cluster.local:6642: connecting...
2025-10-11 10:55:48.433 13 DEBUG ovsdbapp.backend.ovs_idl [None req-dcba1ee1-d577-4ce9-aa4d-cce517a9610e - - - - - -] Created schema index Port_Group.name autocreate_indices /usr/lib/python3.9/site-packages/ovsdbapp/backend/ovs_idl/__init__.py:106
2025-10-11 10:55:48.434 13 DEBUG ovsdbapp.backend.ovs_idl [None req-dcba1ee1-d577-4ce9-aa4d-cce517a9610e - - - - - -] Created schema index Logical_Router_Port.name autocreate_indices /usr/lib/python3.9/site-packages/ovsdbapp/backend/ovs_idl/__init__.py:106
2025-10-11 10:55:48.434 13 DEBUG ovsdbapp.backend.ovs_idl [None req-dcba1ee1-d577-4ce9-aa4d-cce517a9610e - - - - - -] Created schema index HA_Chassis_Group.name autocreate_indices /usr/lib/python3.9/site-packages/ovsdbapp/backend/ovs_idl/__init__.py:106
2025-10-11 10:55:48.434 13 DEBUG ovsdbapp.backend.ovs_idl [None req-dcba1ee1-d577-4ce9-aa4d-cce517a9610e - - - - - -] Created schema index Mirror.name autocreate_indices /usr/lib/python3.9/site-packages/ovsdbapp/backend/ovs_idl/__init__.py:106
2025-10-11 10:55:48.434 13 DEBUG ovsdbapp.backend.ovs_idl [None req-dcba1ee1-d577-4ce9-aa4d-cce517a9610e - - - - - -] Created schema index Address_Set.name autocreate_indices /usr/lib/python3.9/site-packages/ovsdbapp/backend/ovs_idl/__init__.py:106
2025-10-11 10:55:48.434 13 DEBUG ovsdbapp.backend.ovs_idl [None req-dcba1ee1-d577-4ce9-aa4d-cce517a9610e - - - - - -] Created schema index Load_Balancer_Group.name autocreate_indices /usr/lib/python3.9/site-packages/ovsdbapp/backend/ovs_idl/__init__.py:106
2025-10-11 10:55:48.438 13 INFO ovsdbapp.backend.ovs_idl.vlog [None req-dcba1ee1-d577-4ce9-aa4d-cce517a9610e - - - - - -] ssl:ovsdbserver-nb-1.openstack.svc.cluster.local:6641: connecting...
2025-10-11 10:55:48.439 15 INFO ovsdbapp.backend.ovs_idl.vlog [None req-c4a7fba7-9b5d-4171-83bb-c16f984717ba - - - - - -] ssl:ovsdbserver-sb-1.openstack.svc.cluster.local:6642: connected
2025-10-11 10:55:48.444 13 INFO ovsdbapp.backend.ovs_idl.vlog [None req-dcba1ee1-d577-4ce9-aa4d-cce517a9610e - - - - - -] ssl:ovsdbserver-nb-1.openstack.svc.cluster.local:6641: connected
2025-10-11 10:55:48.450 12 DEBUG neutron.plugins.ml2.drivers.ovn.mech_driver.ovsdb.ovsdb_monitor [None req-947cb4aa-4492-4586-bf21-d412a19dec38 - - - - - -] Hash Ring: Node a33e18a9-a01d-4f3e-89a3-0dd72b67e5a7 (host: neutron-748bbfcf89-tr8n2) handling event "create" for row 7afd6c26-e446-46b8-8048-1b412c4b5139 (table: Port_Group) notify /usr/lib/python3.9/site-packages/neutron/plugins/ml2/drivers/ovn/mech_driver/ovsdb/ovsdb_monitor.py:777
2025-10-11 10:55:48.451 12 DEBUG neutron.plugins.ml2.drivers.ovn.mech_driver.ovsdb.ovsdb_monitor [None req-947cb4aa-4492-4586-bf21-d412a19dec38 - - - - - -] Hash Ring: Node a33e18a9-a01d-4f3e-89a3-0dd72b67e5a7 (host: neutron-748bbfcf89-tr8n2) handling event "create" for row 73c884a9-1f96-434e-86bd-93774cc6796f (table: ACL) notify /usr/lib/python3.9/site-packages/neutron/plugins/ml2/drivers/ovn/mech_driver/ovsdb/ovsdb_monitor.py:777
2025-10-11 10:55:48.452 12 INFO neutron.plugins.ml2.drivers.ovn.mech_driver.ovsdb.impl_idl_ovn [None req-947cb4aa-4492-4586-bf21-d412a19dec38 - - - - - -] Getting OvsdbSbOvnIdl for WorkerService with retry
2025-10-11 10:55:48.456 13 DEBUG neutron.common.ovn.hash_ring_manager [None req-dcba1ee1-d577-4ce9-aa4d-cce517a9610e - - - - - -] Allow caching, nodes 2>=2 _wait_startup_before_caching /usr/lib/python3.9/site-packages/neutron/common/ovn/hash_ring_manager.py:64
2025-10-11 10:55:48.459 15 DEBUG neutron.common.ovn.hash_ring_manager [None req-c4a7fba7-9b5d-4171-83bb-c16f984717ba - - - - - -] Allow caching, nodes 2>=2 _wait_startup_before_caching /usr/lib/python3.9/site-packages/neutron/common/ovn/hash_ring_manager.py:64
2025-10-11 10:55:48.462 12 DEBUG ovsdbapp.backend.ovs_idl [None req-947cb4aa-4492-4586-bf21-d412a19dec38 - - - - - -] Created lookup_table index Chassis.name autocreate_indices /usr/lib/python3.9/site-packages/ovsdbapp/backend/ovs_idl/__init__.py:87
2025-10-11 10:55:48.462 12 DEBUG ovsdbapp.backend.ovs_idl [None req-947cb4aa-4492-4586-bf21-d412a19dec38 - - - - - -] Created schema index Chassis_Private.name autocreate_indices /usr/lib/python3.9/site-packages/ovsdbapp/backend/ovs_idl/__init__.py:106
2025-10-11 10:55:48.462 12 DEBUG ovsdbapp.backend.ovs_idl [None req-947cb4aa-4492-4586-bf21-d412a19dec38 - - - - - -] Created schema index Datapath_Binding.tunnel_key autocreate_indices /usr/lib/python3.9/site-packages/ovsdbapp/backend/ovs_idl/__init__.py:106
2025-10-11 10:55:48.464 12 INFO ovsdbapp.backend.ovs_idl.vlog [None req-947cb4aa-4492-4586-bf21-d412a19dec38 - - - - - -] ssl:ovsdbserver-sb-0.openstack.svc.cluster.local:6642: connecting...
2025-10-11 10:55:48.469 12 INFO ovsdbapp.backend.ovs_idl.vlog [None req-947cb4aa-4492-4586-bf21-d412a19dec38 - - - - - -] ssl:ovsdbserver-sb-0.openstack.svc.cluster.local:6642: connected
2025-10-11 10:55:48.491 15 DEBUG neutron.common.ovn.hash_ring_manager [None req-c4a7fba7-9b5d-4171-83bb-c16f984717ba - - - - - -] Hash Ring loaded. 8 active nodes. 0 offline nodes _load_hash_ring /usr/lib/python3.9/site-packages/neutron/common/ovn/hash_ring_manager.py:99
2025-10-11 10:55:48.492 12 DEBUG neutron.common.ovn.hash_ring_manager [None req-947cb4aa-4492-4586-bf21-d412a19dec38 - - - - - -] Allow caching, nodes 2>=2 _wait_startup_before_caching /usr/lib/python3.9/site-packages/neutron/common/ovn/hash_ring_manager.py:64
2025-10-11 10:55:48.493 13 DEBUG neutron.common.ovn.hash_ring_manager [None req-dcba1ee1-d577-4ce9-aa4d-cce517a9610e - - - - - -] Hash Ring loaded. 8 active nodes. 0 offline nodes _load_hash_ring /usr/lib/python3.9/site-packages/neutron/common/ovn/hash_ring_manager.py:99
2025-10-11 10:55:48.495 15 DEBUG neutron.plugins.ml2.drivers.ovn.mech_driver.ovsdb.ovsdb_monitor [None req-c4a7fba7-9b5d-4171-83bb-c16f984717ba - - - - - -] ChassisAgentWriteEvent : Matched Chassis_Private, create, None None matches /usr/lib/python3.9/site-packages/neutron/plugins/ml2/drivers/ovn/mech_driver/ovsdb/ovsdb_monitor.py:63
2025-10-11 10:55:48.496 15 DEBUG neutron.plugins.ml2.drivers.ovn.mech_driver.ovsdb.ovsdb_monitor [None req-c4a7fba7-9b5d-4171-83bb-c16f984717ba - - - - - -] ChassisAgentWriteEvent : Matched Chassis_Private, create, None None matches /usr/lib/python3.9/site-packages/neutron/plugins/ml2/drivers/ovn/mech_driver/ovsdb/ovsdb_monitor.py:63
2025-10-11 10:55:48.496 15 DEBUG neutron.plugins.ml2.drivers.ovn.mech_driver.ovsdb.ovsdb_monitor [None req-c4a7fba7-9b5d-4171-83bb-c16f984717ba - - - - - -] ChassisAgentWriteEvent : Matched Chassis_Private, create, None None matches /usr/lib/python3.9/site-packages/neutron/plugins/ml2/drivers/ovn/mech_driver/ovsdb/ovsdb_monitor.py:63
2025-10-11 10:55:48.498 15 INFO neutron.plugins.ml2.drivers.ovn.mech_driver.mech_driver [None req-c4a7fba7-9b5d-4171-83bb-c16f984717ba - - - - - -] RpcWorker process has finished the post initialization
2025-10-11 10:55:48.499 15 DEBUG neutron.plugins.ml2.plugin [None req-c4a7fba7-9b5d-4171-83bb-c16f984717ba - - - - - -] neutron.plugins.ml2.plugin.Ml2Plugin method start_rpc_listeners called with arguments () {} wrapper /usr/lib/python3.9/site-packages/oslo_log/helpers.py:65
2025-10-11 10:55:48.499 12 DEBUG neutron.common.ovn.hash_ring_manager [None req-947cb4aa-4492-4586-bf21-d412a19dec38 - - - - - -] Hash Ring loaded. 8 active nodes. 0 offline nodes _load_hash_ring /usr/lib/python3.9/site-packages/neutron/common/ovn/hash_ring_manager.py:99
2025-10-11 10:55:48.499 13 DEBUG neutron.plugins.ml2.drivers.ovn.mech_driver.ovsdb.ovsdb_monitor [None req-dcba1ee1-d577-4ce9-aa4d-cce517a9610e - - - - - -] Hash Ring: Node d490e483-3d26-444f-a9a7-b2a0dc64ad26 (host: neutron-748bbfcf89-tr8n2) handling event "create" for row bfa8c7dd-1c85-4ee3-b3e5-20b446e7f998 (table: Database) notify /usr/lib/python3.9/site-packages/neutron/plugins/ml2/drivers/ovn/mech_driver/ovsdb/ovsdb_monitor.py:777
2025-10-11 10:55:48.500 13 INFO ovsdbapp.backend.ovs_idl.vlog [None req-dcba1ee1-d577-4ce9-aa4d-cce517a9610e - - - - - -] ssl:ovsdbserver-nb-1.openstack.svc.cluster.local:6641: clustered database server is not cluster leader; trying another server
2025-10-11 10:55:48.501 13 INFO ovsdbapp.backend.ovs_idl.vlog [None req-dcba1ee1-d577-4ce9-aa4d-cce517a9610e - - - - - -] ssl:ovsdbserver-nb-1.openstack.svc.cluster.local:6641: connection closed by client
2025-10-11 10:55:48.508 13 INFO ovsdbapp.backend.ovs_idl.vlog [None req-dcba1ee1-d577-4ce9-aa4d-cce517a9610e - - - - - -] ssl:ovsdbserver-nb-0.openstack.svc.cluster.local:6641: connecting...
2025-10-11 10:55:48.510 12 DEBUG neutron.plugins.ml2.drivers.ovn.mech_driver.ovsdb.ovsdb_monitor [None req-947cb4aa-4492-4586-bf21-d412a19dec38 - - - - - -] Hash Ring: Node a33e18a9-a01d-4f3e-89a3-0dd72b67e5a7 (host: neutron-748bbfcf89-tr8n2) handling event "create" for row 5f312c00-4747-4085-9f35-d4567078e6f1 (table: Chassis) notify /usr/lib/python3.9/site-packages/neutron/plugins/ml2/drivers/ovn/mech_driver/ovsdb/ovsdb_monitor.py:777
2025-10-11 10:55:48.510 12 DEBUG neutron.plugins.ml2.drivers.ovn.mech_driver.ovsdb.ovsdb_monitor [None req-947cb4aa-4492-4586-bf21-d412a19dec38 - - - - - -] ChassisAgentWriteEvent : Matched Chassis_Private, create, None None matches /usr/lib/python3.9/site-packages/neutron/plugins/ml2/drivers/ovn/mech_driver/ovsdb/ovsdb_monitor.py:63
2025-10-11 10:55:48.511 12 DEBUG neutron.plugins.ml2.drivers.ovn.mech_driver.ovsdb.ovsdb_monitor [None req-947cb4aa-4492-4586-bf21-d412a19dec38 - - - - - -] ChassisAgentWriteEvent : Matched Chassis_Private, create, None None matches /usr/lib/python3.9/site-packages/neutron/plugins/ml2/drivers/ovn/mech_driver/ovsdb/ovsdb_monitor.py:63
2025-10-11 10:55:48.511 12 DEBUG neutron.plugins.ml2.drivers.ovn.mech_driver.ovsdb.ovsdb_monitor [None req-947cb4aa-4492-4586-bf21-d412a19dec38 - - - - - -] ChassisAgentWriteEvent : Matched Chassis_Private, create, None None matches /usr/lib/python3.9/site-packages/neutron/plugins/ml2/drivers/ovn/mech_driver/ovsdb/ovsdb_monitor.py:63
2025-10-11 10:55:48.512 12 DEBUG neutron.plugins.ml2.drivers.ovn.mech_driver.ovsdb.ovsdb_monitor [None req-947cb4aa-4492-4586-bf21-d412a19dec38 - - - - - -] Hash Ring: Node a33e18a9-a01d-4f3e-89a3-0dd72b67e5a7 (host: neutron-748bbfcf89-tr8n2) handling event "create" for row 65fac3d7-943d-4eab-9430-cd579b2ce9ae (table: Chassis_Private) notify /usr/lib/python3.9/site-packages/neutron/plugins/ml2/drivers/ovn/mech_driver/ovsdb/ovsdb_monitor.py:777
2025-10-11 10:55:48.513 13 INFO ovsdbapp.backend.ovs_idl.vlog [None req-dcba1ee1-d577-4ce9-aa4d-cce517a9610e - - - - - -] ssl:ovsdbserver-nb-0.openstack.svc.cluster.local:6641: connected
2025-10-11 10:55:48.515 12 INFO neutron.plugins.ml2.drivers.ovn.mech_driver.mech_driver [None req-947cb4aa-4492-4586-bf21-d412a19dec38 - - - - - -] WorkerService process has finished the post initialization
2025-10-11 10:55:48.516 12 INFO neutron.wsgi [-] (12) wsgi starting up on http://[::1]:9697
2025-10-11 10:55:48.521 13 DEBUG neutron.plugins.ml2.drivers.ovn.mech_driver.ovsdb.ovsdb_monitor [None req-dcba1ee1-d577-4ce9-aa4d-cce517a9610e - - - - - -] Hash Ring: Node d490e483-3d26-444f-a9a7-b2a0dc64ad26 (host: neutron-748bbfcf89-tr8n2) handling event "create" for row 772f76d4-dfcf-4c5b-8e86-b359ce87a3b9 (table: NB_Global) notify /usr/lib/python3.9/site-packages/neutron/plugins/ml2/drivers/ovn/mech_driver/ovsdb/ovsdb_monitor.py:777
2025-10-11 10:55:48.522 13 INFO neutron.plugins.ml2.drivers.ovn.mech_driver.ovsdb.impl_idl_ovn [None req-dcba1ee1-d577-4ce9-aa4d-cce517a9610e - - - - - -] Getting OvsdbSbOvnIdl for WorkerService with retry
2025-10-11 10:55:48.532 13 DEBUG ovsdbapp.backend.ovs_idl [None req-dcba1ee1-d577-4ce9-aa4d-cce517a9610e - - - - - -] Created lookup_table index Chassis.name autocreate_indices /usr/lib/python3.9/site-packages/ovsdbapp/backend/ovs_idl/__init__.py:87
2025-10-11 10:55:48.533 13 DEBUG ovsdbapp.backend.ovs_idl [None req-dcba1ee1-d577-4ce9-aa4d-cce517a9610e - - - - - -] Created schema index Chassis_Private.name autocreate_indices /usr/lib/python3.9/site-packages/ovsdbapp/backend/ovs_idl/__init__.py:106
2025-10-11 10:55:48.533 13 DEBUG ovsdbapp.backend.ovs_idl [None req-dcba1ee1-d577-4ce9-aa4d-cce517a9610e - - - - - -] Created schema index Datapath_Binding.tunnel_key autocreate_indices /usr/lib/python3.9/site-packages/ovsdbapp/backend/ovs_idl/__init__.py:106
2025-10-11 10:55:48.537 13 INFO ovsdbapp.backend.ovs_idl.vlog [None req-dcba1ee1-d577-4ce9-aa4d-cce517a9610e - - - - - -] ssl:ovsdbserver-sb-2.openstack.svc.cluster.local:6642: connecting...
2025-10-11 10:55:48.544 13 INFO ovsdbapp.backend.ovs_idl.vlog [None req-dcba1ee1-d577-4ce9-aa4d-cce517a9610e - - - - - -] ssl:ovsdbserver-sb-2.openstack.svc.cluster.local:6642: connected
2025-10-11 10:55:48.558 13 DEBUG neutron.common.ovn.hash_ring_manager [None req-dcba1ee1-d577-4ce9-aa4d-cce517a9610e - - - - - -] Allow caching, nodes 2>=2 _wait_startup_before_caching /usr/lib/python3.9/site-packages/neutron/common/ovn/hash_ring_manager.py:64
2025-10-11 10:55:48.564 13 DEBUG neutron.common.ovn.hash_ring_manager [None req-dcba1ee1-d577-4ce9-aa4d-cce517a9610e - - - - - -] Hash Ring loaded. 8 active nodes. 0 offline nodes _load_hash_ring /usr/lib/python3.9/site-packages/neutron/common/ovn/hash_ring_manager.py:99
2025-10-11 10:55:48.568 13 DEBUG neutron.plugins.ml2.drivers.ovn.mech_driver.ovsdb.ovsdb_monitor [None req-dcba1ee1-d577-4ce9-aa4d-cce517a9610e - - - - - -] ChassisAgentWriteEvent : Matched Chassis_Private, create, None None matches /usr/lib/python3.9/site-packages/neutron/plugins/ml2/drivers/ovn/mech_driver/ovsdb/ovsdb_monitor.py:63
2025-10-11 10:55:48.573 13 DEBUG neutron.plugins.ml2.drivers.ovn.mech_driver.ovsdb.ovsdb_monitor [None req-dcba1ee1-d577-4ce9-aa4d-cce517a9610e - - - - - -] Hash Ring: Node d490e483-3d26-444f-a9a7-b2a0dc64ad26 (host: neutron-748bbfcf89-tr8n2) handling event "create" for row d4753e8c-e2af-49da-b9ed-292c59de8aaa (table: Chassis_Private) notify /usr/lib/python3.9/site-packages/neutron/plugins/ml2/drivers/ovn/mech_driver/ovsdb/ovsdb_monitor.py:777
2025-10-11 10:55:48.573 13 DEBUG neutron.plugins.ml2.drivers.ovn.mech_driver.ovsdb.ovsdb_monitor [None req-dcba1ee1-d577-4ce9-aa4d-cce517a9610e - - - - - -] ChassisAgentWriteEvent : Matched Chassis_Private, create, None None matches /usr/lib/python3.9/site-packages/neutron/plugins/ml2/drivers/ovn/mech_driver/ovsdb/ovsdb_monitor.py:63
2025-10-11 10:55:48.573 13 DEBUG neutron.plugins.ml2.drivers.ovn.mech_driver.ovsdb.ovsdb_monitor [None req-dcba1ee1-d577-4ce9-aa4d-cce517a9610e - - - - - -] ChassisAgentWriteEvent : Matched Chassis_Private, create, None None matches /usr/lib/python3.9/site-packages/neutron/plugins/ml2/drivers/ovn/mech_driver/ovsdb/ovsdb_monitor.py:63
2025-10-11 10:55:48.574 13 DEBUG neutron.plugins.ml2.drivers.ovn.mech_driver.ovsdb.ovsdb_monitor [None req-dcba1ee1-d577-4ce9-aa4d-cce517a9610e - - - - - -] Hash Ring: Node d490e483-3d26-444f-a9a7-b2a0dc64ad26 (host: neutron-748bbfcf89-tr8n2) handling event "create" for row 11e67fef-a325-405f-baf2-28f02fcb328e (table: Encap) notify /usr/lib/python3.9/site-packages/neutron/plugins/ml2/drivers/ovn/mech_driver/ovsdb/ovsdb_monitor.py:777
2025-10-11 10:55:48.576 13 INFO neutron.plugins.ml2.drivers.ovn.mech_driver.mech_driver [None req-dcba1ee1-d577-4ce9-aa4d-cce517a9610e - - - - - -] WorkerService process has finished the post initialization
2025-10-11 10:55:48.577 13 INFO neutron.wsgi [-] (13) wsgi starting up on http://[::1]:9697
2025-10-11 10:55:53.333 17 DEBUG futurist.periodics [-] Submitting periodic callback 'neutron.plugins.ml2.drivers.ovn.mech_driver.ovsdb.maintenance.DBInconsistenciesPeriodics.add_gw_port_info_to_logical_router_port' _process_scheduled /usr/lib/python3.9/site-packages/futurist/periodics.py:638
2025-10-11 10:55:53.333 17 DEBUG futurist.periodics [-] Submitting periodic callback 'neutron.plugins.ml2.drivers.ovn.mech_driver.ovsdb.maintenance.DBInconsistenciesPeriodics.add_vnic_type_and_pb_capabilities_to_lsp' _process_scheduled /usr/lib/python3.9/site-packages/futurist/periodics.py:638
2025-10-11 10:55:53.334 17 DEBUG futurist.periodics [-] Submitting periodic callback 'neutron.plugins.ml2.drivers.ovn.mech_driver.ovsdb.maintenance.DBInconsistenciesPeriodics.check_baremetal_ports_dhcp_options' _process_scheduled /usr/lib/python3.9/site-packages/futurist/periodics.py:638
2025-10-11 10:55:53.335 17 DEBUG futurist.periodics [-] Submitting periodic callback 'neutron.plugins.ml2.drivers.ovn.mech_driver.ovsdb.maintenance.DBInconsistenciesPeriodics.check_fair_meter_consistency' _process_scheduled /usr/lib/python3.9/site-packages/futurist/periodics.py:638
2025-10-11 10:55:53.335 17 DEBUG futurist.periodics [-] Submitting periodic callback 'neutron.plugins.ml2.drivers.ovn.mech_driver.ovsdb.maintenance.DBInconsistenciesPeriodics.check_for_ha_chassis_group' _process_scheduled /usr/lib/python3.9/site-packages/futurist/periodics.py:638
2025-10-11 10:55:53.335 17 DEBUG futurist.periodics [-] Submitting periodic callback 'neutron.plugins.ml2.drivers.ovn.mech_driver.ovsdb.maintenance.DBInconsistenciesPeriodics.check_for_igmp_snoop_support' _process_scheduled /usr/lib/python3.9/site-packages/futurist/periodics.py:638
2025-10-11 10:55:53.335 17 DEBUG futurist.periodics [-] Submitting periodic callback 'neutron.plugins.ml2.drivers.ovn.mech_driver.ovsdb.maintenance.DBInconsistenciesPeriodics.check_for_mcast_flood_reports' _process_scheduled /usr/lib/python3.9/site-packages/futurist/periodics.py:638
2025-10-11 10:55:53.336 17 DEBUG futurist.periodics [-] Submitting periodic callback 'neutron.plugins.ml2.drivers.ovn.mech_driver.ovsdb.maintenance.DBInconsistenciesPeriodics.check_global_dhcp_opts' _process_scheduled /usr/lib/python3.9/site-packages/futurist/periodics.py:638
2025-10-11 10:55:53.336 17 DEBUG futurist.periodics [-] Submitting periodic callback 'neutron.plugins.ml2.drivers.ovn.mech_driver.ovsdb.maintenance.DBInconsistenciesPeriodics.check_port_has_address_scope' _process_scheduled /usr/lib/python3.9/site-packages/futurist/periodics.py:638
2025-10-11 10:55:53.336 17 DEBUG futurist.periodics [-] Submitting periodic callback 'neutron.plugins.ml2.drivers.ovn.mech_driver.ovsdb.maintenance.DBInconsistenciesPeriodics.check_redirect_type_router_gateway_ports' _process_scheduled /usr/lib/python3.9/site-packages/futurist/periodics.py:638
2025-10-11 10:55:53.336 17 DEBUG futurist.periodics [-] Submitting periodic callback 'neutron.plugins.ml2.drivers.ovn.mech_driver.ovsdb.maintenance.DBInconsistenciesPeriodics.check_router_default_route_empty_dst_ip' _process_scheduled /usr/lib/python3.9/site-packages/futurist/periodics.py:638
2025-10-11 10:55:53.337 17 DEBUG futurist.periodics [-] Submitting periodic callback 'neutron.plugins.ml2.drivers.ovn.mech_driver.ovsdb.maintenance.DBInconsistenciesPeriodics.check_vlan_distributed_ports' _process_scheduled /usr/lib/python3.9/site-packages/futurist/periodics.py:638
2025-10-11 10:55:53.337 17 DEBUG futurist.periodics [-] Submitting periodic callback 'neutron.plugins.ml2.drivers.ovn.mech_driver.ovsdb.maintenance.DBInconsistenciesPeriodics.create_router_extra_attributes_registers' _process_scheduled /usr/lib/python3.9/site-packages/futurist/periodics.py:638
2025-10-11 10:55:53.337 17 DEBUG futurist.periodics [-] Submitting periodic callback 'neutron.plugins.ml2.drivers.ovn.mech_driver.ovsdb.maintenance.DBInconsistenciesPeriodics.update_logical_router_with_gateway_network_id' _process_scheduled /usr/lib/python3.9/site-packages/futurist/periodics.py:638
2025-10-11 10:55:53.337 17 DEBUG futurist.periodics [-] Submitting periodic callback 'neutron.plugins.ml2.drivers.ovn.mech_driver.ovsdb.maintenance.DBInconsistenciesPeriodics.update_nat_floating_ip_with_gateway_port_reference' _process_scheduled /usr/lib/python3.9/site-packages/futurist/periodics.py:638
2025-10-11 10:55:58.324 17 DEBUG neutron.plugins.ml2.drivers.ovn.mech_driver.ovsdb.ovn_db_sync [-] Starting OVN-Northbound DB sync process do_sync /usr/lib/python3.9/site-packages/neutron/plugins/ml2/drivers/ovn/mech_driver/ovsdb/ovn_db_sync.py:101
2025-10-11 10:55:58.348 17 DEBUG neutron.plugins.ml2.drivers.ovn.mech_driver.ovsdb.ovn_db_sync [-] Starting OVN-Southbound DB sync process do_sync /usr/lib/python3.9/site-packages/neutron/plugins/ml2/drivers/ovn/mech_driver/ovsdb/ovn_db_sync.py:1352
2025-10-11 10:55:58.350 17 DEBUG neutron.plugins.ml2.drivers.ovn.mech_driver.ovsdb.ovn_db_sync [None req-7d2b0c3e-d73c-45d8-901f-5c997534b40d - - - - - -] OVN-SB Sync hostname and physical networks started sync_hostname_and_physical_networks /usr/lib/python3.9/site-packages/neutron/plugins/ml2/drivers/ovn/mech_driver/ovsdb/ovn_db_sync.py:1363
2025-10-11 10:55:58.377 17 DEBUG futurist.periodics [-] Submitting periodic callback 'neutron.plugins.ml2.drivers.ovn.mech_driver.ovsdb.maintenance.DBInconsistenciesPeriodics.migrate_to_port_groups' _process_scheduled /usr/lib/python3.9/site-packages/futurist/periodics.py:638
2025-10-11 10:55:58.378 17 DEBUG futurist.periodics [-] Submitting periodic callback 'neutron.plugins.ml2.drivers.ovn.mech_driver.ovsdb.maintenance.DBInconsistenciesPeriodics.migrate_to_stateful_fips' _process_scheduled /usr/lib/python3.9/site-packages/futurist/periodics.py:638
2025-10-11 10:55:58.378 17 DEBUG futurist.periodics [-] Submitting periodic callback 'neutron.plugins.ml2.drivers.ovn.mech_driver.ovsdb.maintenance.DBInconsistenciesPeriodics.add_gw_port_info_to_logical_router_port' _process_scheduled /usr/lib/python3.9/site-packages/futurist/periodics.py:638
2025-10-11 10:55:58.378 17 DEBUG futurist.periodics [-] Submitting periodic callback 'neutron.plugins.ml2.drivers.ovn.mech_driver.ovsdb.maintenance.DBInconsistenciesPeriodics.add_vnic_type_and_pb_capabilities_to_lsp' _process_scheduled /usr/lib/python3.9/site-packages/futurist/periodics.py:638
2025-10-11 10:55:58.379 17 DEBUG futurist.periodics [-] Submitting periodic callback 'neutron.plugins.ml2.drivers.ovn.mech_driver.ovsdb.maintenance.DBInconsistenciesPeriodics.check_baremetal_ports_dhcp_options' _process_scheduled /usr/lib/python3.9/site-packages/futurist/periodics.py:638
2025-10-11 10:55:58.379 17 DEBUG futurist.periodics [-] Submitting periodic callback 'neutron.plugins.ml2.drivers.ovn.mech_driver.ovsdb.maintenance.DBInconsistenciesPeriodics.check_fair_meter_consistency' _process_scheduled /usr/lib/python3.9/site-packages/futurist/periodics.py:638
2025-10-11 10:55:58.379 17 DEBUG futurist.periodics [-] Submitting periodic callback 'neutron.plugins.ml2.drivers.ovn.mech_driver.ovsdb.maintenance.DBInconsistenciesPeriodics.check_for_ha_chassis_group' _process_scheduled /usr/lib/python3.9/site-packages/futurist/periodics.py:638
2025-10-11 10:55:58.380 17 DEBUG futurist.periodics [-] Submitting periodic callback 'neutron.plugins.ml2.drivers.ovn.mech_driver.ovsdb.maintenance.DBInconsistenciesPeriodics.check_for_igmp_snoop_support' _process_scheduled /usr/lib/python3.9/site-packages/futurist/periodics.py:638
2025-10-11 10:55:58.380 17 DEBUG futurist.periodics [-] Submitting periodic callback 'neutron.plugins.ml2.drivers.ovn.mech_driver.ovsdb.maintenance.DBInconsistenciesPeriodics.check_for_mcast_flood_reports' _process_scheduled /usr/lib/python3.9/site-packages/futurist/periodics.py:638
2025-10-11 10:55:58.380 17 DEBUG futurist.periodics [-] Submitting periodic callback 'neutron.plugins.ml2.drivers.ovn.mech_driver.ovsdb.maintenance.DBInconsistenciesPeriodics.check_global_dhcp_opts' _process_scheduled /usr/lib/python3.9/site-packages/futurist/periodics.py:638
2025-10-11 10:55:58.380 17 DEBUG futurist.periodics [-] Submitting periodic callback 'neutron.plugins.ml2.drivers.ovn.mech_driver.ovsdb.maintenance.DBInconsistenciesPeriodics.check_port_has_address_scope' _process_scheduled /usr/lib/python3.9/site-packages/futurist/periodics.py:638
2025-10-11 10:55:58.380 17 DEBUG futurist.periodics [-] Submitting periodic callback 'neutron.plugins.ml2.drivers.ovn.mech_driver.ovsdb.maintenance.DBInconsistenciesPeriodics.check_redirect_type_router_gateway_ports' _process_scheduled /usr/lib/python3.9/site-packages/futurist/periodics.py:638
2025-10-11 10:55:58.380 17 DEBUG futurist.periodics [-] Submitting periodic callback 'neutron.plugins.ml2.drivers.ovn.mech_driver.ovsdb.maintenance.DBInconsistenciesPeriodics.check_router_default_route_empty_dst_ip' _process_scheduled /usr/lib/python3.9/site-packages/futurist/periodics.py:638
2025-10-11 10:55:58.381 17 DEBUG futurist.periodics [-] Submitting periodic callback 'neutron.plugins.ml2.drivers.ovn.mech_driver.ovsdb.maintenance.DBInconsistenciesPeriodics.check_vlan_distributed_ports' _process_scheduled /usr/lib/python3.9/site-packages/futurist/periodics.py:638
2025-10-11 10:55:58.381 17 DEBUG futurist.periodics [-] Submitting periodic callback 'neutron.plugins.ml2.drivers.ovn.mech_driver.ovsdb.maintenance.DBInconsistenciesPeriodics.create_router_extra_attributes_registers' _process_scheduled /usr/lib/python3.9/site-packages/futurist/periodics.py:638
2025-10-11 10:55:58.381 17 DEBUG futurist.periodics [-] Submitting periodic callback 'neutron.plugins.ml2.drivers.ovn.mech_driver.ovsdb.maintenance.DBInconsistenciesPeriodics.update_logical_router_with_gateway_network_id' _process_scheduled /usr/lib/python3.9/site-packages/futurist/periodics.py:638
2025-10-11 10:55:58.381 17 DEBUG futurist.periodics [-] Submitting periodic callback 'neutron.plugins.ml2.drivers.ovn.mech_driver.ovsdb.maintenance.DBInconsistenciesPeriodics.update_nat_floating_ip_with_gateway_port_reference' _process_scheduled /usr/lib/python3.9/site-packages/futurist/periodics.py:638
2025-10-11 10:55:58.415 17 DEBUG neutron.plugins.ml2.drivers.ovn.mech_driver.ovsdb.ovn_db_sync [None req-3cdb687c-74e7-4d69-973d-e12848b29f16 - - - - - -] Port Groups added 0, removed 0 sync_port_groups /usr/lib/python3.9/site-packages/neutron/plugins/ml2/drivers/ovn/mech_driver/ovsdb/ovn_db_sync.py:189
2025-10-11 10:55:58.415 17 DEBUG neutron.plugins.ml2.drivers.ovn.mech_driver.ovsdb.ovn_db_sync [None req-3cdb687c-74e7-4d69-973d-e12848b29f16 - - - - - -] OVN-NB Sync networks, ports and DHCP options started sync_networks_ports_and_dhcp_opts /usr/lib/python3.9/site-packages/neutron/plugins/ml2/drivers/ovn/mech_driver/ovsdb/ovn_db_sync.py:1035
2025-10-11 10:55:58.416 17 DEBUG neutron.plugins.ml2.drivers.ovn.mech_driver.ovsdb.ovn_db_sync [None req-7d2b0c3e-d73c-45d8-901f-5c997534b40d - - - - - -] New host master-0 found in OVN SB DB, but not in Neutron. Add its SegmentHostMapping in Neutron sync_hostname_and_physical_networks /usr/lib/python3.9/site-packages/neutron/plugins/ml2/drivers/ovn/mech_driver/ovsdb/ovn_db_sync.py:1377
2025-10-11 10:55:58.438 17 DEBUG oslo_concurrency.lockutils [None req-7d2b0c3e-d73c-45d8-901f-5c997534b40d - - - - - -] Acquiring lock "update_segment_host_mapping" by "neutron.services.segments.db.update_segment_host_mapping" inner /usr/lib/python3.9/site-packages/oslo_concurrency/lockutils.py:404
2025-10-11 10:55:58.438 17 DEBUG oslo_concurrency.lockutils [None req-7d2b0c3e-d73c-45d8-901f-5c997534b40d - - - - - -] Lock "update_segment_host_mapping" acquired by "neutron.services.segments.db.update_segment_host_mapping" :: waited 0.000s inner /usr/lib/python3.9/site-packages/oslo_concurrency/lockutils.py:409
2025-10-11 10:55:58.474 17 DEBUG neutron.services.segments.db [None req-7d2b0c3e-d73c-45d8-901f-5c997534b40d - - - - - -] Segments set() mapped to the host master-0 update_segment_host_mapping /usr/lib/python3.9/site-packages/neutron/services/segments/db.py:238
2025-10-11 10:55:58.476 17 DEBUG neutron.plugins.ml2.drivers.ovn.mech_driver.ovsdb.ovn_db_sync [None req-3cdb687c-74e7-4d69-973d-e12848b29f16 - - - - - -] OVN sync metadata ports started _sync_metadata_ports /usr/lib/python3.9/site-packages/neutron/plugins/ml2/drivers/ovn/mech_driver/ovsdb/ovn_db_sync.py:980
2025-10-11 10:55:58.477 17 DEBUG oslo_concurrency.lockutils [None req-7d2b0c3e-d73c-45d8-901f-5c997534b40d - - - - - -] Lock "update_segment_host_mapping" "released" by "neutron.services.segments.db.update_segment_host_mapping" :: held 0.039s inner /usr/lib/python3.9/site-packages/oslo_concurrency/lockutils.py:423
2025-10-11 10:55:58.477 17 DEBUG neutron.plugins.ml2.drivers.ovn.mech_driver.ovsdb.ovn_db_sync [None req-7d2b0c3e-d73c-45d8-901f-5c997534b40d - - - - - -] New host master-2 found in OVN SB DB, but not in Neutron. Add its SegmentHostMapping in Neutron sync_hostname_and_physical_networks /usr/lib/python3.9/site-packages/neutron/plugins/ml2/drivers/ovn/mech_driver/ovsdb/ovn_db_sync.py:1377
2025-10-11 10:55:58.484 17 DEBUG neutron.plugins.ml2.drivers.ovn.mech_driver.ovsdb.ovn_db_sync [None req-3cdb687c-74e7-4d69-973d-e12848b29f16 - - - - - -] OVN sync metadata ports finished _sync_metadata_ports /usr/lib/python3.9/site-packages/neutron/plugins/ml2/drivers/ovn/mech_driver/ovsdb/ovn_db_sync.py:1032
2025-10-11 10:55:58.484 17 DEBUG neutron.plugins.ml2.drivers.ovn.mech_driver.ovsdb.ovn_db_sync [None req-3cdb687c-74e7-4d69-973d-e12848b29f16 - - - - - -] OVN-NB Sync DHCP options for Neutron subnets started _sync_subnet_dhcp_options /usr/lib/python3.9/site-packages/neutron/plugins/ml2/drivers/ovn/mech_driver/ovsdb/ovn_db_sync.py:833
2025-10-11 10:55:58.486 17 DEBUG oslo_concurrency.lockutils [None req-7d2b0c3e-d73c-45d8-901f-5c997534b40d - - - - - -] Acquiring lock "update_segment_host_mapping" by "neutron.services.segments.db.update_segment_host_mapping" inner /usr/lib/python3.9/site-packages/oslo_concurrency/lockutils.py:404
2025-10-11 10:55:58.486 17 DEBUG oslo_concurrency.lockutils [None req-7d2b0c3e-d73c-45d8-901f-5c997534b40d - - - - - -] Lock "update_segment_host_mapping" acquired by "neutron.services.segments.db.update_segment_host_mapping" :: waited 0.000s inner /usr/lib/python3.9/site-packages/oslo_concurrency/lockutils.py:409
2025-10-11 10:55:58.502 17 DEBUG neutron.services.segments.db [None req-7d2b0c3e-d73c-45d8-901f-5c997534b40d - - - - - -] Segments set() mapped to the host master-2 update_segment_host_mapping /usr/lib/python3.9/site-packages/neutron/services/segments/db.py:238
2025-10-11 10:55:58.503 17 DEBUG neutron.plugins.ml2.drivers.ovn.mech_driver.ovsdb.ovn_db_sync [None req-3cdb687c-74e7-4d69-973d-e12848b29f16 - - - - - -] OVN-NB Sync DHCP options for Neutron subnets finished _sync_subnet_dhcp_options /usr/lib/python3.9/site-packages/neutron/plugins/ml2/drivers/ovn/mech_driver/ovsdb/ovn_db_sync.py:906
2025-10-11 10:55:58.504 17 DEBUG ovsdbapp.backend.ovs_idl.transaction [-] There are no commands to commit do_commit /usr/lib/python3.9/site-packages/ovsdbapp/backend/ovs_idl/transaction.py:78
2025-10-11 10:55:58.504 17 DEBUG neutron.plugins.ml2.drivers.ovn.mech_driver.ovsdb.ovn_db_sync [None req-3cdb687c-74e7-4d69-973d-e12848b29f16 - - - - - -] OVN-NB Sync DHCP options for Neutron ports with extra dhcp options assigned started _sync_port_dhcp_options /usr/lib/python3.9/site-packages/neutron/plugins/ml2/drivers/ovn/mech_driver/ovsdb/ovn_db_sync.py:910
2025-10-11 10:55:58.504 17 DEBUG neutron.plugins.ml2.drivers.ovn.mech_driver.ovsdb.ovn_db_sync [None req-3cdb687c-74e7-4d69-973d-e12848b29f16 - - - - - -] OVN-NB Sync DHCP options for Neutron ports with extra dhcp options assigned finished _sync_port_dhcp_options /usr/lib/python3.9/site-packages/neutron/plugins/ml2/drivers/ovn/mech_driver/ovsdb/ovn_db_sync.py:969
2025-10-11 10:55:58.504 17 DEBUG neutron.plugins.ml2.drivers.ovn.mech_driver.ovsdb.ovn_db_sync [None req-3cdb687c-74e7-4d69-973d-e12848b29f16 - - - - - -] OVN-NB Sync networks, ports and DHCP options finished sync_networks_ports_and_dhcp_opts /usr/lib/python3.9/site-packages/neutron/plugins/ml2/drivers/ovn/mech_driver/ovsdb/ovn_db_sync.py:1201
2025-10-11 10:55:58.504 17 DEBUG neutron.plugins.ml2.drivers.ovn.mech_driver.ovsdb.ovn_db_sync [None req-3cdb687c-74e7-4d69-973d-e12848b29f16 - - - - - -] ACL-SYNC: started @
2025-10-11 10:55:58.504726 sync_acls /usr/lib/python3.9/site-packages/neutron/plugins/ml2/drivers/ovn/mech_driver/ovsdb/ovn_db_sync.py:251
2025-10-11 10:55:58.506 17 DEBUG oslo_concurrency.lockutils [None req-7d2b0c3e-d73c-45d8-901f-5c997534b40d - - - - - -] Lock "update_segment_host_mapping" "released" by "neutron.services.segments.db.update_segment_host_mapping" :: held 0.020s inner /usr/lib/python3.9/site-packages/oslo_concurrency/lockutils.py:423
2025-10-11 10:55:58.506 17 DEBUG neutron.plugins.ml2.drivers.ovn.mech_driver.ovsdb.ovn_db_sync [None req-7d2b0c3e-d73c-45d8-901f-5c997534b40d - - - - - -] New host master-1 found in OVN SB DB, but not in Neutron. Add its SegmentHostMapping in Neutron sync_hostname_and_physical_networks /usr/lib/python3.9/site-packages/neutron/plugins/ml2/drivers/ovn/mech_driver/ovsdb/ovn_db_sync.py:1377
2025-10-11 10:55:58.512 17 DEBUG neutron.plugins.ml2.drivers.ovn.mech_driver.ovsdb.ovn_db_sync [None req-3cdb687c-74e7-4d69-973d-e12848b29f16 - - - - - -] ACL-SYNC: finished @
2025-10-11 10:55:58.512129 sync_acls /usr/lib/python3.9/site-packages/neutron/plugins/ml2/drivers/ovn/mech_driver/ovsdb/ovn_db_sync.py:346
2025-10-11 10:55:58.512 17 DEBUG neutron.plugins.ml2.drivers.ovn.mech_driver.ovsdb.ovn_db_sync [None req-3cdb687c-74e7-4d69-973d-e12848b29f16 - - - - - -] OVN-NB Sync Routers and Router ports started @
2025-10-11 10:55:58.512295 sync_routers_and_rports /usr/lib/python3.9/site-packages/neutron/plugins/ml2/drivers/ovn/mech_driver/ovsdb/ovn_db_sync.py:509
2025-10-11 10:55:58.544 17 DEBUG oslo_concurrency.lockutils [None req-7d2b0c3e-d73c-45d8-901f-5c997534b40d - - - - - -] Acquiring lock "update_segment_host_mapping" by "neutron.services.segments.db.update_segment_host_mapping" inner /usr/lib/python3.9/site-packages/oslo_concurrency/lockutils.py:404
2025-10-11 10:55:58.544 17 DEBUG oslo_concurrency.lockutils [None req-7d2b0c3e-d73c-45d8-901f-5c997534b40d - - - - - -] Lock "update_segment_host_mapping" acquired by "neutron.services.segments.db.update_segment_host_mapping" :: waited 0.000s inner /usr/lib/python3.9/site-packages/oslo_concurrency/lockutils.py:409
2025-10-11 10:55:58.566 17 DEBUG neutron.services.segments.db [None req-7d2b0c3e-d73c-45d8-901f-5c997534b40d - - - - - -] Segments set() mapped to the host master-1 update_segment_host_mapping /usr/lib/python3.9/site-packages/neutron/services/segments/db.py:238
2025-10-11 10:55:58.567 17 DEBUG ovsdbapp.backend.ovs_idl.transaction [-] There are no commands to commit do_commit /usr/lib/python3.9/site-packages/ovsdbapp/backend/ovs_idl/transaction.py:78
2025-10-11 10:55:58.567 17 DEBUG neutron.plugins.ml2.drivers.ovn.mech_driver.ovsdb.ovn_db_sync [None req-3cdb687c-74e7-4d69-973d-e12848b29f16 - - - - - -] OVN-NB Sync routers and router ports finished
2025-10-11 10:55:58.567312 sync_routers_and_rports /usr/lib/python3.9/site-packages/neutron/plugins/ml2/drivers/ovn/mech_driver/ovsdb/ovn_db_sync.py:828
2025-10-11 10:55:58.567 17 DEBUG ovsdbapp.backend.ovs_idl.transaction [-] There are no commands to commit do_commit /usr/lib/python3.9/site-packages/ovsdbapp/backend/ovs_idl/transaction.py:78
2025-10-11 10:55:58.567 17 DEBUG neutron.plugins.ml2.drivers.ovn.mech_driver.ovsdb.ovn_db_sync [None req-3cdb687c-74e7-4d69-973d-e12848b29f16 - - - - - -] Port QoS policies migration task started sync_port_qos_policies /usr/lib/python3.9/site-packages/neutron/plugins/ml2/drivers/ovn/mech_driver/ovsdb/ovn_db_sync.py:1312
2025-10-11 10:55:58.567 17 INFO neutron.plugins.ml2.drivers.ovn.mech_driver.ovsdb.extensions.qos [None req-3cdb687c-74e7-4d69-973d-e12848b29f16 - - - - - -] Starting OVNClientQosExtension
2025-10-11 10:55:58.569 17 DEBUG oslo_concurrency.lockutils [None req-7d2b0c3e-d73c-45d8-901f-5c997534b40d - - - - - -] Lock "update_segment_host_mapping" "released" by "neutron.services.segments.db.update_segment_host_mapping" :: held 0.025s inner /usr/lib/python3.9/site-packages/oslo_concurrency/lockutils.py:423
2025-10-11 10:55:58.569 17 DEBUG neutron.plugins.ml2.drivers.ovn.mech_driver.ovsdb.ovn_db_sync [None req-7d2b0c3e-d73c-45d8-901f-5c997534b40d - - - - - -] OVN-SB Sync hostname and physical networks finished sync_hostname_and_physical_networks /usr/lib/python3.9/site-packages/neutron/plugins/ml2/drivers/ovn/mech_driver/ovsdb/ovn_db_sync.py:1390
2025-10-11 10:55:58.578 17 DEBUG ovsdbapp.backend.ovs_idl.transaction [-] There are no commands to commit do_commit /usr/lib/python3.9/site-packages/ovsdbapp/backend/ovs_idl/transaction.py:78
2025-10-11 10:55:58.590 17 DEBUG neutron.plugins.ml2.drivers.ovn.mech_driver.ovsdb.ovn_db_sync [None req-3cdb687c-74e7-4d69-973d-e12848b29f16 - - - - - -] Port QoS policies migration task finished sync_port_qos_policies /usr/lib/python3.9/site-packages/neutron/plugins/ml2/drivers/ovn/mech_driver/ovsdb/ovn_db_sync.py:1321
2025-10-11 10:55:58.590 17 DEBUG neutron.plugins.ml2.drivers.ovn.mech_driver.ovsdb.ovn_db_sync [None req-3cdb687c-74e7-4d69-973d-e12848b29f16 - - - - - -] Floating IP QoS policies migration task started sync_fip_qos_policies /usr/lib/python3.9/site-packages/neutron/plugins/ml2/drivers/ovn/mech_driver/ovsdb/ovn_db_sync.py:1325
2025-10-11 10:55:58.590 17 INFO neutron.plugins.ml2.drivers.ovn.mech_driver.ovsdb.extensions.qos [None req-3cdb687c-74e7-4d69-973d-e12848b29f16 - - - - - -] Starting OVNClientQosExtension
2025-10-11 10:55:58.631 17 DEBUG ovsdbapp.backend.ovs_idl.transaction [-] There are no commands to commit do_commit /usr/lib/python3.9/site-packages/ovsdbapp/backend/ovs_idl/transaction.py:78
2025-10-11 10:55:58.634 17 DEBUG neutron.plugins.ml2.drivers.ovn.mech_driver.ovsdb.ovn_db_sync [None req-3cdb687c-74e7-4d69-973d-e12848b29f16 - - - - - -] Floating IP QoS policies migration task finished sync_fip_qos_policies /usr/lib/python3.9/site-packages/neutron/plugins/ml2/drivers/ovn/mech_driver/ovsdb/ovn_db_sync.py:1334
2025-10-11 10:56:03.382 17 DEBUG futurist.periodics [-] Submitting periodic callback 'neutron.plugins.ml2.drivers.ovn.mech_driver.ovsdb.maintenance.DBInconsistenciesPeriodics.add_gw_port_info_to_logical_router_port' _process_scheduled /usr/lib/python3.9/site-packages/futurist/periodics.py:638
2025-10-11 10:56:03.383 17 DEBUG futurist.periodics [-] Submitting periodic callback 'neutron.plugins.ml2.drivers.ovn.mech_driver.ovsdb.maintenance.DBInconsistenciesPeriodics.add_vnic_type_and_pb_capabilities_to_lsp' _process_scheduled /usr/lib/python3.9/site-packages/futurist/periodics.py:638
2025-10-11 10:56:03.383 17 DEBUG futurist.periodics [-] Submitting periodic callback 'neutron.plugins.ml2.drivers.ovn.mech_driver.ovsdb.maintenance.DBInconsistenciesPeriodics.check_baremetal_ports_dhcp_options' _process_scheduled /usr/lib/python3.9/site-packages/futurist/periodics.py:638
