+ sudo -E kolla_set_configs sudo: unable to send audit message: Operation not permitted INFO:__main__:Loading config file at /var/lib/kolla/config_files/config.json INFO:__main__:Validating config file INFO:__main__:Kolla config strategy set to: COPY_ALWAYS INFO:__main__:Copying service configuration files INFO:__main__:Deleting /etc/httpd/conf/httpd.conf INFO:__main__:Copying /var/lib/config-data/default/heat-cfnapi-httpd.conf to /etc/httpd/conf/httpd.conf INFO:__main__:Deleting /etc/httpd/conf.d/ssl.conf INFO:__main__:Copying /var/lib/config-data/default/ssl.conf to /etc/httpd/conf.d/ssl.conf INFO:__main__:Setting permission for /etc/httpd/conf.d/ssl.conf INFO:__main__:Copying /var/lib/config-data/tls/certs/internal.crt to /etc/pki/tls/certs/internal.crt INFO:__main__:Setting permission for /etc/pki/tls/certs/internal.crt INFO:__main__:Copying /var/lib/config-data/tls/certs/public.crt to /etc/pki/tls/certs/public.crt INFO:__main__:Setting permission for /etc/pki/tls/certs/public.crt INFO:__main__:Copying /var/lib/config-data/tls/private/internal.key to /etc/pki/tls/private/internal.key INFO:__main__:Setting permission for /etc/pki/tls/private/internal.key INFO:__main__:Copying /var/lib/config-data/tls/private/public.key to /etc/pki/tls/private/public.key INFO:__main__:Setting permission for /etc/pki/tls/private/public.key INFO:__main__:Writing out command to execute INFO:__main__:Setting permission for /etc/httpd/ INFO:__main__:Setting permission for /etc/httpd/conf INFO:__main__:Setting permission for /etc/httpd/conf.d INFO:__main__:Setting permission for /etc/httpd/conf.modules.d INFO:__main__:Setting permission for /etc/httpd/logs INFO:__main__:Setting permission for /etc/httpd/modules INFO:__main__:Setting permission for /etc/httpd/run INFO:__main__:Setting permission for /etc/httpd/state INFO:__main__:Setting permission for /etc/httpd/conf/httpd.conf INFO:__main__:Setting permission for /etc/httpd/conf/magic INFO:__main__:Setting permission for /etc/httpd/conf.d/README INFO:__main__:Setting permission for /etc/httpd/conf.d/autoindex.conf INFO:__main__:Setting permission for /etc/httpd/conf.d/ssl.conf INFO:__main__:Setting permission for /etc/httpd/conf.d/userdir.conf INFO:__main__:Setting permission for /etc/httpd/conf.d/welcome.conf INFO:__main__:Setting permission for /etc/httpd/conf.modules.d/00-base.conf INFO:__main__:Setting permission for /etc/httpd/conf.modules.d/00-brotli.conf INFO:__main__:Setting permission for /etc/httpd/conf.modules.d/00-dav.conf INFO:__main__:Setting permission for /etc/httpd/conf.modules.d/00-mpm.conf INFO:__main__:Setting permission for /etc/httpd/conf.modules.d/00-optional.conf INFO:__main__:Setting permission for /etc/httpd/conf.modules.d/00-proxy.conf INFO:__main__:Setting permission for /etc/httpd/conf.modules.d/00-ssl.conf INFO:__main__:Setting permission for /etc/httpd/conf.modules.d/00-systemd.conf INFO:__main__:Setting permission for /etc/httpd/conf.modules.d/01-cgi.conf INFO:__main__:Setting permission for /etc/httpd/conf.modules.d/10-wsgi-python3.conf INFO:__main__:Setting permission for /etc/httpd/conf.modules.d/README INFO:__main__:Setting permission for /etc/httpd/run INFO:__main__:Setting permission for /etc/httpd/run/htcacheclean ++ cat /run_command + CMD='/usr/sbin/httpd -DFOREGROUND' + ARGS= + sudo kolla_copy_cacerts sudo: unable to send audit message: Operation not permitted + [[ ! -n '' ]] + . kolla_extend_start + echo 'Running command: '\''/usr/sbin/httpd -DFOREGROUND'\''' Running command: '/usr/sbin/httpd -DFOREGROUND' + umask 0022 + exec /usr/sbin/httpd -DFOREGROUND
[Sat Oct 11 10:55:37.115780 2025] [ssl:info] [pid 1:tid 1] AH01914: Configuring server heat-cfnapi-public.openstack.svc:443 for SSL protocol
[Sat Oct 11 10:55:37.116873 2025] [ssl:debug] [pid 1:tid 1] ssl_engine_init.c(536): AH01893: Configuring TLS extension handling
[Sat Oct 11 10:55:37.117744 2025] [ssl:debug] [pid 1:tid 1] ssl_util_ssl.c(451): AH02412: [heat-cfnapi-public.openstack.svc:443] Cert matches for name 'heat-cfnapi-public.openstack.svc' [subject: -empty- / issuer: CN=rootca-public / serial: 92C5C5D0C47AFAFAE159956FB30572E7 / notbefore: Oct 11 10:55:22 2025 GMT / notafter: Oct 10 10:55:22 2030 GMT]
[Sat Oct 11 10:55:37.117760 2025] [ssl:info] [pid 1:tid 1] AH02568: Certificate and private key heat-cfnapi-public.openstack.svc:443:0 configured from /etc/pki/tls/certs/public.crt and /etc/pki/tls/private/public.key
[Sat Oct 11 10:55:37.117990 2025] [ssl:info] [pid 1:tid 1] AH01914: Configuring server heat-cfnapi-internal.openstack.svc:443 for SSL protocol
[Sat Oct 11 10:55:37.118348 2025] [ssl:debug] [pid 1:tid 1] ssl_engine_init.c(536): AH01893: Configuring TLS extension handling
[Sat Oct 11 10:55:37.118547 2025] [ssl:debug] [pid 1:tid 1] ssl_util_ssl.c(451): AH02412: [heat-cfnapi-internal.openstack.svc:443] Cert matches for name 'heat-cfnapi-internal.openstack.svc' [subject: -empty- / issuer: CN=rootca-internal / serial: 17438819B97E507D5800CFB1A8BFE92F / notbefore: Oct 11 10:55:21 2025 GMT / notafter: Oct 10 10:55:21 2030 GMT]
[Sat Oct 11 10:55:37.118558 2025] [ssl:info] [pid 1:tid 1] AH02568: Certificate and private key heat-cfnapi-internal.openstack.svc:443:0 configured from /etc/pki/tls/certs/internal.crt and /etc/pki/tls/private/internal.key
[Sat Oct 11 10:55:37.134600 2025] [ssl:warn] [pid 1:tid 1] AH01873: Init: Session Cache is not configured [hint: SSLSessionCache]
[Sat Oct 11 10:55:37.134612 2025] [ssl:info] [pid 1:tid 1] AH01914: Configuring server heat-cfnapi-public.openstack.svc:443 for SSL protocol
[Sat Oct 11 10:55:37.135283 2025] [ssl:debug] [pid 1:tid 1] ssl_engine_init.c(536): AH01893: Configuring TLS extension handling
[Sat Oct 11 10:55:37.135561 2025] [ssl:debug] [pid 1:tid 1] ssl_util_ssl.c(451): AH02412: [heat-cfnapi-public.openstack.svc:443] Cert matches for name 'heat-cfnapi-public.openstack.svc' [subject: -empty- / issuer: CN=rootca-public / serial: 92C5C5D0C47AFAFAE159956FB30572E7 / notbefore: Oct 11 10:55:22 2025 GMT / notafter: Oct 10 10:55:22 2030 GMT]
[Sat Oct 11 10:55:37.135565 2025] [ssl:info] [pid 1:tid 1] AH02568: Certificate and private key heat-cfnapi-public.openstack.svc:443:0 configured from /etc/pki/tls/certs/public.crt and /etc/pki/tls/private/public.key
[Sat Oct 11 10:55:37.135655 2025] [ssl:info] [pid 1:tid 1] AH01914: Configuring server heat-cfnapi-internal.openstack.svc:443 for SSL protocol
[Sat Oct 11 10:55:37.135985 2025] [ssl:debug] [pid 1:tid 1] ssl_engine_init.c(536): AH01893: Configuring TLS extension handling
[Sat Oct 11 10:55:37.136155 2025] [ssl:debug] [pid 1:tid 1] ssl_util_ssl.c(451): AH02412: [heat-cfnapi-internal.openstack.svc:443] Cert matches for name 'heat-cfnapi-internal.openstack.svc' [subject: -empty- / issuer: CN=rootca-internal / serial: 17438819B97E507D5800CFB1A8BFE92F / notbefore: Oct 11 10:55:21 2025 GMT / notafter: Oct 10 10:55:21 2030 GMT]
[Sat Oct 11 10:55:37.136160 2025] [ssl:info] [pid 1:tid 1] AH02568: Certificate and private key heat-cfnapi-internal.openstack.svc:443:0 configured from /etc/pki/tls/certs/internal.crt and /etc/pki/tls/private/internal.key
[Sat Oct 11 10:55:37.136315 2025] [lbmethod_heartbeat:notice] [pid 1:tid 1] AH02282: No slotmem from mod_heartmonitor
[Sat Oct 11 10:55:37.171824 2025] [mpm_event:notice] [pid 1:tid 1] AH00489: Apache/2.4.62 (CentOS Stream) OpenSSL/3.5.1 mod_wsgi/4.7.1 Python/3.9 configured -- resuming normal operations
[Sat Oct 11 10:55:37.171847 2025] [core:notice] [pid 1:tid 1] AH00094: Command line: '/usr/sbin/httpd -D FOREGROUND'
[Sat Oct 11 10:55:37.183859 2025] [wsgi:info] [pid 27:tid 27] mod_wsgi (pid=27): Attach interpreter ''.
[Sat Oct 11 10:55:37.186805 2025] [wsgi:info] [pid 13:tid 13] mod_wsgi (pid=13): Attach interpreter ''.
[Sat Oct 11 10:55:37.187033 2025] [wsgi:info] [pid 23:tid 23] mod_wsgi (pid=23): Attach interpreter ''.
[Sat Oct 11 10:55:37.187805 2025] [wsgi:info] [pid 15:tid 15] mod_wsgi (pid=15): Attach interpreter ''.
[Sat Oct 11 10:55:37.188680 2025] [wsgi:info] [pid 27:tid 27] mod_wsgi (pid=27): Imported 'mod_wsgi'.
[Sat Oct 11 10:55:37.191664 2025] [wsgi:info] [pid 15:tid 15] mod_wsgi (pid=15): Imported 'mod_wsgi'.
[Sat Oct 11 10:55:37.191991 2025] [wsgi:debug] [pid 15:tid 55] src/server/mod_wsgi.c(9142): mod_wsgi (pid=15): Started thread 0 in daemon process 'internal'.
[Sat Oct 11 10:55:37.192864 2025] [wsgi:info] [pid 13:tid 13] mod_wsgi (pid=13): Imported 'mod_wsgi'.
[Sat Oct 11 10:55:37.193044 2025] [wsgi:info] [pid 23:tid 23] mod_wsgi (pid=23): Imported 'mod_wsgi'.
[Sat Oct 11 10:55:37.193173 2025] [wsgi:debug] [pid 13:tid 58] src/server/mod_wsgi.c(9142): mod_wsgi (pid=13): Started thread 0 in daemon process 'internal'.
[Sat Oct 11 10:55:37.196570 2025] [wsgi:info] [pid 14:tid 14] mod_wsgi (pid=14): Attach interpreter ''.
[Sat Oct 11 10:55:37.199394 2025] [wsgi:debug] [pid 23:tid 61] src/server/mod_wsgi.c(9142): mod_wsgi (pid=23): Started thread 0 in daemon process 'public'.
[Sat Oct 11 10:55:37.199725 2025] [wsgi:info] [pid 14:tid 14] mod_wsgi (pid=14): Imported 'mod_wsgi'.
[Sat Oct 11 10:55:37.199978 2025] [wsgi:debug] [pid 14:tid 64] src/server/mod_wsgi.c(9142): mod_wsgi (pid=14): Started thread 0 in daemon process 'internal'.
[Sat Oct 11 10:55:37.214466 2025] [wsgi:info] [pid 20:tid 20] mod_wsgi (pid=20): Attach interpreter ''.
[Sat Oct 11 10:55:37.222003 2025] [wsgi:info] [pid 19:tid 19] mod_wsgi (pid=19): Attach interpreter ''.
[Sat Oct 11 10:55:37.225710 2025] [wsgi:info] [pid 17:tid 17] mod_wsgi (pid=17): Attach interpreter ''.
[Sat Oct 11 10:55:37.227803 2025] [wsgi:info] [pid 19:tid 19] mod_wsgi (pid=19): Imported 'mod_wsgi'.
[Sat Oct 11 10:55:37.228007 2025] [wsgi:info] [pid 20:tid 20] mod_wsgi (pid=20): Imported 'mod_wsgi'.
[Sat Oct 11 10:55:37.228078 2025] [wsgi:debug] [pid 19:tid 67] src/server/mod_wsgi.c(9142): mod_wsgi (pid=19): Started thread 0 in daemon process 'internal'.
[Sat Oct 11 10:55:37.228226 2025] [wsgi:debug] [pid 20:tid 70] src/server/mod_wsgi.c(9142): mod_wsgi (pid=20): Started thread 0 in daemon process 'public'.
[Sat Oct 11 10:55:37.228952 2025] [wsgi:info] [pid 17:tid 17] mod_wsgi (pid=17): Imported 'mod_wsgi'.
[Sat Oct 11 10:55:37.229276 2025] [wsgi:debug] [pid 17:tid 73] src/server/mod_wsgi.c(9142): mod_wsgi (pid=17): Started thread 0 in daemon process 'internal'.
[Sat Oct 11 10:55:37.231517 2025] [wsgi:info] [pid 16:tid 16] mod_wsgi (pid=16): Attach interpreter ''.
[Sat Oct 11 10:55:37.232408 2025] [wsgi:debug] [pid 27:tid 52] src/server/mod_wsgi.c(9142): mod_wsgi (pid=27): Started thread 0 in daemon process 'public'.
[Sat Oct 11 10:55:37.237016 2025] [wsgi:info] [pid 16:tid 16] mod_wsgi (pid=16): Imported 'mod_wsgi'.
[Sat Oct 11 10:55:37.237277 2025] [wsgi:debug] [pid 16:tid 129] src/server/mod_wsgi.c(9142): mod_wsgi (pid=16): Started thread 0 in daemon process 'internal'.
[Sat Oct 11 10:55:37.274640 2025] [wsgi:info] [pid 12:tid 12] mod_wsgi (pid=12): Attach interpreter ''.
[Sat Oct 11 10:55:37.274842 2025] [wsgi:info] [pid 21:tid 21] mod_wsgi (pid=21): Attach interpreter ''.
[Sat Oct 11 10:55:37.277766 2025] [wsgi:info] [pid 21:tid 21] mod_wsgi (pid=21): Imported 'mod_wsgi'.
[Sat Oct 11 10:55:37.278087 2025] [wsgi:debug] [pid 21:tid 160] src/server/mod_wsgi.c(9142): mod_wsgi (pid=21): Started thread 0 in daemon process 'public'.
[Sat Oct 11 10:55:37.278267 2025] [wsgi:info] [pid 12:tid 12] mod_wsgi (pid=12): Imported 'mod_wsgi'.
[Sat Oct 11 10:55:37.278583 2025] [wsgi:debug] [pid 12:tid 163] src/server/mod_wsgi.c(9142): mod_wsgi (pid=12): Started thread 0 in daemon process 'internal'.
[Sat Oct 11 10:55:37.284994 2025] [wsgi:info] [pid 22:tid 22] mod_wsgi (pid=22): Attach interpreter ''.
[Sat Oct 11 10:55:37.287829 2025] [wsgi:info] [pid 22:tid 22] mod_wsgi (pid=22): Imported 'mod_wsgi'.
[Sat Oct 11 10:55:37.288147 2025] [wsgi:debug] [pid 22:tid 166] src/server/mod_wsgi.c(9142): mod_wsgi (pid=22): Started thread 0 in daemon process 'public'.
[Sat Oct 11 10:55:37.290708 2025] [wsgi:info] [pid 25:tid 25] mod_wsgi (pid=25): Attach interpreter ''.
[Sat Oct 11 10:55:37.291579 2025] [wsgi:info] [pid 18:tid 18] mod_wsgi (pid=18): Attach interpreter ''.
[Sat Oct 11 10:55:37.294513 2025] [wsgi:info] [pid 25:tid 25] mod_wsgi (pid=25): Imported 'mod_wsgi'.
[Sat Oct 11 10:55:37.294813 2025] [wsgi:debug] [pid 25:tid 169] src/server/mod_wsgi.c(9142): mod_wsgi (pid=25): Started thread 0 in daemon process 'public'.
[Sat Oct 11 10:55:37.295755 2025] [wsgi:info] [pid 26:tid 26] mod_wsgi (pid=26): Attach interpreter ''.
[Sat Oct 11 10:55:37.301448 2025] [wsgi:info] [pid 24:tid 24] mod_wsgi (pid=24): Attach interpreter ''.
[Sat Oct 11 10:55:37.304334 2025] [wsgi:info] [pid 26:tid 26] mod_wsgi (pid=26): Imported 'mod_wsgi'.
[Sat Oct 11 10:55:37.304646 2025] [wsgi:debug] [pid 26:tid 172] src/server/mod_wsgi.c(9142): mod_wsgi (pid=26): Started thread 0 in daemon process 'public'.
[Sat Oct 11 10:55:37.306469 2025] [wsgi:info] [pid 24:tid 24] mod_wsgi (pid=24): Imported 'mod_wsgi'.
[Sat Oct 11 10:55:37.306699 2025] [wsgi:debug] [pid 24:tid 175] src/server/mod_wsgi.c(9142): mod_wsgi (pid=24): Started thread 0 in daemon process 'public'.
[Sat Oct 11 10:55:37.319300 2025] [wsgi:info] [pid 18:tid 18] mod_wsgi (pid=18): Imported 'mod_wsgi'.
[Sat Oct 11 10:55:37.319669 2025] [wsgi:debug] [pid 18:tid 178] src/server/mod_wsgi.c(9142): mod_wsgi (pid=18): Started thread 0 in daemon process 'internal'.
[Sat Oct 11 10:55:42.510510 2025] [ssl:info] [pid 28:tid 133] [client 10.129.0.2:53762] AH01964: Connection to child 1 established (server heat-cfnapi-internal.openstack.svc:443)
[Sat Oct 11 10:55:42.510911 2025] [ssl:debug] [pid 28:tid 133] ssl_engine_kernel.c(2337): [client 10.129.0.2:53762] AH02645: Server name not provided via TLS extension (using default/first virtual host)
[Sat Oct 11 10:55:42.510982 2025] [core:debug] [pid 28:tid 133] protocol.c(2460): [client 10.129.0.2:53762] AH03155: select protocol from , choices=h2,http/1.1 for server heat-cfnapi-internal.openstack.svc
[Sat Oct 11 10:55:42.511857 2025] [ssl:info] [pid 28:tid 132] [client 10.129.0.2:53758] AH01964: Connection to child 0 established (server heat-cfnapi-internal.openstack.svc:443)
[Sat Oct 11 10:55:42.512207 2025] [ssl:debug] [pid 28:tid 132] ssl_engine_kernel.c(2337): [client 10.129.0.2:53758] AH02645: Server name not provided via TLS extension (using default/first virtual host)
[Sat Oct 11 10:55:42.512489 2025] [core:debug] [pid 28:tid 132] protocol.c(2460): [client 10.129.0.2:53758] AH03155: select protocol from , choices=h2,http/1.1 for server heat-cfnapi-internal.openstack.svc
[Sat Oct 11 10:55:42.516522 2025] [ssl:debug] [pid 28:tid 133] ssl_engine_kernel.c(2167): [client 10.129.0.2:53762] AH02041: Protocol: TLSv1.3, Cipher: TLS_AES_128_GCM_SHA256 (128/128 bits)
[Sat Oct 11 10:55:42.517456 2025] [ssl:debug] [pid 28:tid 133] ssl_engine_kernel.c(341): [client 10.129.0.2:53762] AH02034: Initial (No.1) HTTPS request received for child 1 (server heat-cfnapi-internal.openstack.svc:443)
[Sat Oct 11 10:55:42.519953 2025] [ssl:debug] [pid 28:tid 132] ssl_engine_kernel.c(2167): [client 10.129.0.2:53758] AH02041: Protocol: TLSv1.3, Cipher: TLS_AES_128_GCM_SHA256 (128/128 bits)
[Sat Oct 11 10:55:42.519093 2025] [authz_core:debug] [pid 28:tid 133] mod_authz_core.c(843): [client 10.129.0.2:53762] AH01628: authorization result: granted (no directives)
[Sat Oct 11 10:55:42.521548 2025] [ssl:debug] [pid 28:tid 132] ssl_engine_kernel.c(341): [client 10.129.0.2:53758] AH02034: Initial (No.1) HTTPS request received for child 0 (server heat-cfnapi-internal.openstack.svc:443)
[Sat Oct 11 10:55:42.521824 2025] [authz_core:debug] [pid 28:tid 132] mod_authz_core.c(843): [client 10.129.0.2:53758] AH01628: authorization result: granted (no directives)
[Sat Oct 11 10:55:42.523059 2025] [wsgi:info] [pid 15:tid 55] [remote 10.129.0.2:53758] mod_wsgi (pid=15, process='internal', application=''): Loading Python script file '/usr/bin/heat-wsgi-api-cfn'.
[Sat Oct 11 10:55:42.524731 2025] [wsgi:info] [pid 13:tid 58] [remote 10.129.0.2:53762] mod_wsgi (pid=13, process='internal', application=''): Loading Python script file '/usr/bin/heat-wsgi-api-cfn'.
[Sat Oct 11 10:55:43.892835 2025] [wsgi:error] [pid 15:tid 55] 2025-10-11 10:55:43.892 15 INFO heat-api-cfn [-] Starting Heat API on 0.0.0.0:8000\x1b[00m
[Sat Oct 11 10:55:43.928076 2025] [wsgi:error] [pid 13:tid 58] 2025-10-11 10:55:43.927 13 INFO heat-api-cfn [-] Starting Heat API on 0.0.0.0:8000\x1b[00m
[Sat Oct 11 10:55:43.954341 2025] [wsgi:error] [pid 15:tid 55] 2025-10-11 10:55:43.954 15 WARNING keystonemiddleware.auth_token [-] AuthToken middleware is set with keystone_authtoken.service_token_roles_required set to False. This is backwards compatible but deprecated behaviour. Please set this to True.\x1b[00m
[Sat Oct 11 10:55:43.988929 2025] [wsgi:error] [pid 13:tid 58] 2025-10-11 10:55:43.988 13 WARNING keystonemiddleware.auth_token [-] AuthToken middleware is set with keystone_authtoken.service_token_roles_required set to False. This is backwards compatible but deprecated behaviour. Please set this to True.\x1b[00m 10.129.0.2 - - [11/Oct/2025:10:55:42 +0000] "GET /healthcheck HTTP/1.1" 200 - "-" "kube-probe/1.31"
[Sat Oct 11 10:55:44.005825 2025] [ssl:debug] [pid 28:tid 132] ssl_engine_io.c(1150): [client 10.129.0.2:53758] AH02001: Connection closed to child 0 with standard shutdown (server heat-cfnapi-internal.openstack.svc:443) 10.129.0.2 - - [11/Oct/2025:10:55:42 +0000] "GET /healthcheck HTTP/1.1" 200 - "-" "kube-probe/1.31"
[Sat Oct 11 10:55:44.040828 2025] [ssl:debug] [pid 28:tid 133] ssl_engine_io.c(1150): [client 10.129.0.2:53762] AH02001: Connection closed to child 1 with standard shutdown (server heat-cfnapi-internal.openstack.svc:443)
[Sat Oct 11 10:55:47.504985 2025] [ssl:info] [pid 34:tid 75] [client 10.129.0.2:53776] AH01964: Connection to child 128 established (server heat-cfnapi-internal.openstack.svc:443)
[Sat Oct 11 10:55:47.505464 2025] [ssl:info] [pid 34:tid 76] [client 10.129.0.2:53784] AH01964: Connection to child 129 established (server heat-cfnapi-internal.openstack.svc:443)
[Sat Oct 11 10:55:47.505607 2025] [ssl:debug] [pid 34:tid 75] ssl_engine_kernel.c(2337): [client 10.129.0.2:53776] AH02645: Server name not provided via TLS extension (using default/first virtual host)
[Sat Oct 11 10:55:47.505648 2025] [ssl:debug] [pid 34:tid 76] ssl_engine_kernel.c(2337): [client 10.129.0.2:53784] AH02645: Server name not provided via TLS extension (using default/first virtual host)
[Sat Oct 11 10:55:47.505732 2025] [core:debug] [pid 34:tid 76] protocol.c(2460): [client 10.129.0.2:53784] AH03155: select protocol from , choices=h2,http/1.1 for server heat-cfnapi-internal.openstack.svc
[Sat Oct 11 10:55:47.505731 2025] [core:debug] [pid 34:tid 75] protocol.c(2460): [client 10.129.0.2:53776] AH03155: select protocol from , choices=h2,http/1.1 for server heat-cfnapi-internal.openstack.svc
[Sat Oct 11 10:55:47.512848 2025] [ssl:debug] [pid 34:tid 75] ssl_engine_kernel.c(2167): [client 10.129.0.2:53776] AH02041: Protocol: TLSv1.3, Cipher: TLS_AES_128_GCM_SHA256 (128/128 bits)
[Sat Oct 11 10:55:47.513076 2025] [ssl:debug] [pid 34:tid 76] ssl_engine_kernel.c(2167): [client 10.129.0.2:53784] AH02041: Protocol: TLSv1.3, Cipher: TLS_AES_128_GCM_SHA256 (128/128 bits)
[Sat Oct 11 10:55:47.513340 2025] [ssl:debug] [pid 34:tid 75] ssl_engine_kernel.c(341): [client 10.129.0.2:53776] AH02034: Initial (No.1) HTTPS request received for child 128 (server heat-cfnapi-internal.openstack.svc:443)
[Sat Oct 11 10:55:47.513418 2025] [ssl:debug] [pid 34:tid 76] ssl_engine_kernel.c(341): [client 10.129.0.2:53784] AH02034: Initial (No.1) HTTPS request received for child 129 (server heat-cfnapi-internal.openstack.svc:443)
[Sat Oct 11 10:55:47.513835 2025] [authz_core:debug] [pid 34:tid 76] mod_authz_core.c(843): [client 10.129.0.2:53784] AH01628: authorization result: granted (no directives)
[Sat Oct 11 10:55:47.513835 2025] [authz_core:debug] [pid 34:tid 75] mod_authz_core.c(843): [client 10.129.0.2:53776] AH01628: authorization result: granted (no directives)
[Sat Oct 11 10:55:47.514460 2025] [wsgi:info] [pid 14:tid 64] [remote 10.129.0.2:53784] mod_wsgi (pid=14, process='internal', application=''): Loading Python script file '/usr/bin/heat-wsgi-api-cfn'.
[Sat Oct 11 10:55:47.514522 2025] [wsgi:info] [pid 19:tid 67] [remote 10.129.0.2:53776] mod_wsgi (pid=19, process='internal', application=''): Loading Python script file '/usr/bin/heat-wsgi-api-cfn'.
[Sat Oct 11 10:55:48.655632 2025] [wsgi:error] [pid 19:tid 67] 2025-10-11 10:55:48.655 19 INFO heat-api-cfn [-] Starting Heat API on 0.0.0.0:8000\x1b[00m
[Sat Oct 11 10:55:48.710168 2025] [wsgi:error] [pid 19:tid 67] 2025-10-11 10:55:48.709 19 WARNING keystonemiddleware.auth_token [-] AuthToken middleware is set with keystone_authtoken.service_token_roles_required set to False. This is backwards compatible but deprecated behaviour. Please set this to True.\x1b[00m
[Sat Oct 11 10:55:48.738950 2025] [wsgi:error] [pid 14:tid 64] 2025-10-11 10:55:48.738 14 INFO heat-api-cfn [-] Starting Heat API on 0.0.0.0:8000\x1b[00m 10.129.0.2 - - [11/Oct/2025:10:55:47 +0000] "GET /healthcheck HTTP/1.1" 200 - "-" "kube-probe/1.31"
[Sat Oct 11 10:55:48.757978 2025] [ssl:debug] [pid 34:tid 75] ssl_engine_io.c(1150): [client 10.129.0.2:53776] AH02001: Connection closed to child 128 with standard shutdown (server heat-cfnapi-internal.openstack.svc:443)
[Sat Oct 11 10:55:48.803276 2025] [wsgi:error] [pid 14:tid 64] 2025-10-11 10:55:48.803 14 WARNING keystonemiddleware.auth_token [-] AuthToken middleware is set with keystone_authtoken.service_token_roles_required set to False. This is backwards compatible but deprecated behaviour. Please set this to True.\x1b[00m 10.129.0.2 - - [11/Oct/2025:10:55:47 +0000] "GET /healthcheck HTTP/1.1" 200 - "-" "kube-probe/1.31"
[Sat Oct 11 10:55:48.853408 2025] [ssl:debug] [pid 34:tid 76] ssl_engine_io.c(1150): [client 10.129.0.2:53784] AH02001: Connection closed to child 129 with standard shutdown (server heat-cfnapi-internal.openstack.svc:443)
[Sat Oct 11 10:55:52.508199 2025] [ssl:info] [pid 30:tid 79] [client 10.129.0.2:41804] AH01964: Connection to child 64 established (server heat-cfnapi-internal.openstack.svc:443)
[Sat Oct 11 10:55:52.508215 2025] [ssl:info] [pid 28:tid 135] [client 10.129.0.2:41802] AH01964: Connection to child 3 established (server heat-cfnapi-internal.openstack.svc:443)
[Sat Oct 11 10:55:52.508419 2025] [ssl:debug] [pid 28:tid 135] ssl_engine_kernel.c(2337): [client 10.129.0.2:41802] AH02645: Server name not provided via TLS extension (using default/first virtual host)
[Sat Oct 11 10:55:52.508478 2025] [core:debug] [pid 28:tid 135] protocol.c(2460): [client 10.129.0.2:41802] AH03155: select protocol from , choices=h2,http/1.1 for server heat-cfnapi-internal.openstack.svc
[Sat Oct 11 10:55:52.508598 2025] [ssl:debug] [pid 30:tid 79] ssl_engine_kernel.c(2337): [client 10.129.0.2:41804] AH02645: Server name not provided via TLS extension (using default/first virtual host)
[Sat Oct 11 10:55:52.508678 2025] [core:debug] [pid 30:tid 79] protocol.c(2460): [client 10.129.0.2:41804] AH03155: select protocol from , choices=h2,http/1.1 for server heat-cfnapi-internal.openstack.svc
[Sat Oct 11 10:55:52.511056 2025] [ssl:debug] [pid 28:tid 135] ssl_engine_kernel.c(2167): [client 10.129.0.2:41802] AH02041: Protocol: TLSv1.3, Cipher: TLS_AES_128_GCM_SHA256 (128/128 bits)
[Sat Oct 11 10:55:52.511122 2025] [ssl:debug] [pid 30:tid 79] ssl_engine_kernel.c(2167): [client 10.129.0.2:41804] AH02041: Protocol: TLSv1.3, Cipher: TLS_AES_128_GCM_SHA256 (128/128 bits)
[Sat Oct 11 10:55:52.511345 2025] [ssl:debug] [pid 30:tid 79] ssl_engine_kernel.c(341): [client 10.129.0.2:41804] AH02034: Initial (No.1) HTTPS request received for child 64 (server heat-cfnapi-internal.openstack.svc:443)
[Sat Oct 11 10:55:52.511487 2025] [authz_core:debug] [pid 30:tid 79] mod_authz_core.c(843): [client 10.129.0.2:41804] AH01628: authorization result: granted (no directives)
[Sat Oct 11 10:55:52.511545 2025] [ssl:debug] [pid 28:tid 135] ssl_engine_kernel.c(341): [client 10.129.0.2:41802] AH02034: Initial (No.1) HTTPS request received for child 3 (server heat-cfnapi-internal.openstack.svc:443)
[Sat Oct 11 10:55:52.511668 2025] [authz_core:debug] [pid 28:tid 135] mod_authz_core.c(843): [client 10.129.0.2:41802] AH01628: authorization result: granted (no directives)
[Sat Oct 11 10:55:52.511911 2025] [wsgi:info] [pid 17:tid 73] [remote 10.129.0.2:41804] mod_wsgi (pid=17, process='internal', application=''): Loading Python script file '/usr/bin/heat-wsgi-api-cfn'.
[Sat Oct 11 10:55:52.512103 2025] [wsgi:info] [pid 16:tid 129] [remote 10.129.0.2:41802] mod_wsgi (pid=16, process='internal', application=''): Loading Python script file '/usr/bin/heat-wsgi-api-cfn'.
[Sat Oct 11 10:55:53.699470 2025] [wsgi:error] [pid 17:tid 73] 2025-10-11 10:55:53.699 17 INFO heat-api-cfn [-] Starting Heat API on 0.0.0.0:8000\x1b[00m
[Sat Oct 11 10:55:53.752825 2025] [wsgi:error] [pid 17:tid 73] 2025-10-11 10:55:53.752 17 WARNING keystonemiddleware.auth_token [-] AuthToken middleware is set with keystone_authtoken.service_token_roles_required set to False. This is backwards compatible but deprecated behaviour. Please set this to True.\x1b[00m
[Sat Oct 11 10:55:53.791930 2025] [wsgi:error] [pid 16:tid 129] 2025-10-11 10:55:53.791 16 INFO heat-api-cfn [-] Starting Heat API on 0.0.0.0:8000\x1b[00m 10.129.0.2 - - [11/Oct/2025:10:55:52 +0000] "GET /healthcheck HTTP/1.1" 200 - "-" "kube-probe/1.31"
[Sat Oct 11 10:55:53.803713 2025] [ssl:debug] [pid 30:tid 79] ssl_engine_io.c(1150): [client 10.129.0.2:41804] AH02001: Connection closed to child 64 with standard shutdown (server heat-cfnapi-internal.openstack.svc:443)
[Sat Oct 11 10:55:53.855702 2025] [wsgi:error] [pid 16:tid 129] 2025-10-11 10:55:53.855 16 WARNING keystonemiddleware.auth_token [-] AuthToken middleware is set with keystone_authtoken.service_token_roles_required set to False. This is backwards compatible but deprecated behaviour. Please set this to True.\x1b[00m 10.129.0.2 - - [11/Oct/2025:10:55:52 +0000] "GET /healthcheck HTTP/1.1" 200 - "-" "kube-probe/1.31"
[Sat Oct 11 10:55:53.908338 2025] [ssl:debug] [pid 28:tid 135] ssl_engine_io.c(1150): [client 10.129.0.2:41802] AH02001: Connection closed to child 3 with standard shutdown (server heat-cfnapi-internal.openstack.svc:443)
[Sat Oct 11 10:55:57.506752 2025] [ssl:info] [pid 28:tid 136] [client 10.129.0.2:41810] AH01964: Connection to child 4 established (server heat-cfnapi-internal.openstack.svc:443)
[Sat Oct 11 10:55:57.506938 2025] [ssl:debug] [pid 28:tid 136] ssl_engine_kernel.c(2337): [client 10.129.0.2:41810] AH02645: Server name not provided via TLS extension (using default/first virtual host)
[Sat Oct 11 10:55:57.506992 2025] [core:debug] [pid 28:tid 136] protocol.c(2460): [client 10.129.0.2:41810] AH03155: select protocol from , choices=h2,http/1.1 for server heat-cfnapi-internal.openstack.svc
[Sat Oct 11 10:55:57.507068 2025] [ssl:info] [pid 34:tid 83] [client 10.129.0.2:41816] AH01964: Connection to child 132 established (server heat-cfnapi-internal.openstack.svc:443)
[Sat Oct 11 10:55:57.507192 2025] [ssl:debug] [pid 34:tid 83] ssl_engine_kernel.c(2337): [client 10.129.0.2:41816] AH02645: Server name not provided via TLS extension (using default/first virtual host)
[Sat Oct 11 10:55:57.507229 2025] [core:debug] [pid 34:tid 83] protocol.c(2460): [client 10.129.0.2:41816] AH03155: select protocol from , choices=h2,http/1.1 for server heat-cfnapi-internal.openstack.svc
[Sat Oct 11 10:55:57.508932 2025] [ssl:debug] [pid 34:tid 83] ssl_engine_kernel.c(2167): [client 10.129.0.2:41816] AH02041: Protocol: TLSv1.3, Cipher: TLS_AES_128_GCM_SHA256 (128/128 bits)
[Sat Oct 11 10:55:57.509172 2025] [ssl:debug] [pid 34:tid 83] ssl_engine_kernel.c(341): [client 10.129.0.2:41816] AH02034: Initial (No.1) HTTPS request received for child 132 (server heat-cfnapi-internal.openstack.svc:443)
[Sat Oct 11 10:55:57.509323 2025] [authz_core:debug] [pid 34:tid 83] mod_authz_core.c(843): [client 10.129.0.2:41816] AH01628: authorization result: granted (no directives)
[Sat Oct 11 10:55:57.509602 2025] [ssl:debug] [pid 28:tid 136] ssl_engine_kernel.c(2167): [client 10.129.0.2:41810] AH02041: Protocol: TLSv1.3, Cipher: TLS_AES_128_GCM_SHA256 (128/128 bits)
[Sat Oct 11 10:55:57.509735 2025] [wsgi:info] [pid 12:tid 163] [remote 10.129.0.2:41816] mod_wsgi (pid=12, process='internal', application=''): Loading Python script file '/usr/bin/heat-wsgi-api-cfn'.
[Sat Oct 11 10:55:57.509783 2025] [ssl:debug] [pid 28:tid 136] ssl_engine_kernel.c(341): [client 10.129.0.2:41810] AH02034: Initial (No.1) HTTPS request received for child 4 (server heat-cfnapi-internal.openstack.svc:443)
[Sat Oct 11 10:55:57.509854 2025] [authz_core:debug] [pid 28:tid 136] mod_authz_core.c(843): [client 10.129.0.2:41810] AH01628: authorization result: granted (no directives)
[Sat Oct 11 10:55:57.510288 2025] [wsgi:info] [pid 18:tid 178] [remote 10.129.0.2:41810] mod_wsgi (pid=18, process='internal', application=''): Loading Python script file '/usr/bin/heat-wsgi-api-cfn'.
[Sat Oct 11 10:55:58.715174 2025] [wsgi:error] [pid 18:tid 178] 2025-10-11 10:55:58.714 18 INFO heat-api-cfn [-] Starting Heat API on 0.0.0.0:8000\x1b[00m
[Sat Oct 11 10:55:58.775596 2025] [wsgi:error] [pid 18:tid 178] 2025-10-11 10:55:58.775 18 WARNING keystonemiddleware.auth_token [-] AuthToken middleware is set with keystone_authtoken.service_token_roles_required set to False. This is backwards compatible but deprecated behaviour. Please set this to True.\x1b[00m
[Sat Oct 11 10:55:58.810953 2025] [wsgi:error] [pid 12:tid 163] 2025-10-11 10:55:58.810 12 INFO heat-api-cfn [-] Starting Heat API on 0.0.0.0:8000\x1b[00m 10.129.0.2 - - [11/Oct/2025:10:55:57 +0000] "GET /healthcheck HTTP/1.1" 200 - "-" "kube-probe/1.31"
[Sat Oct 11 10:55:58.832282 2025] [ssl:debug] [pid 28:tid 136] ssl_engine_io.c(1150): [client 10.129.0.2:41810] AH02001: Connection closed to child 4 with standard shutdown (server heat-cfnapi-internal.openstack.svc:443)
[Sat Oct 11 10:55:58.878668 2025] [wsgi:error] [pid 12:tid 163] 2025-10-11 10:55:58.878 12 WARNING keystonemiddleware.auth_token [-] AuthToken middleware is set with keystone_authtoken.service_token_roles_required set to False. This is backwards compatible but deprecated behaviour. Please set this to True.\x1b[00m 10.129.0.2 - - [11/Oct/2025:10:55:57 +0000] "GET /healthcheck HTTP/1.1" 200 - "-" "kube-probe/1.31"
[Sat Oct 11 10:55:58.943373 2025] [ssl:debug] [pid 34:tid 83] ssl_engine_io.c(1150): [client 10.129.0.2:41816] AH02001: Connection closed to child 132 with standard shutdown (server heat-cfnapi-internal.openstack.svc:443)
[Sat Oct 11 10:56:02.505067 2025] [ssl:info] [pid 28:tid 139] [client 10.129.0.2:48670] AH01964: Connection to child 7 established (server heat-cfnapi-internal.openstack.svc:443)
[Sat Oct 11 10:56:02.505105 2025] [ssl:info] [pid 28:tid 140] [client 10.129.0.2:48672] AH01964: Connection to child 8 established (server heat-cfnapi-internal.openstack.svc:443)
[Sat Oct 11 10:56:02.505270 2025] [ssl:debug] [pid 28:tid 140] ssl_engine_kernel.c(2337): [client 10.129.0.2:48672] AH02645: Server name not provided via TLS extension (using default/first virtual host)
[Sat Oct 11 10:56:02.505323 2025] [core:debug] [pid 28:tid 140] protocol.c(2460): [client 10.129.0.2:48672] AH03155: select protocol from , choices=h2,http/1.1 for server heat-cfnapi-internal.openstack.svc
[Sat Oct 11 10:56:02.505935 2025] [ssl:debug] [pid 28:tid 139] ssl_engine_kernel.c(2337): [client 10.129.0.2:48670] AH02645: Server name not provided via TLS extension (using default/first virtual host)
[Sat Oct 11 10:56:02.506026 2025] [core:debug] [pid 28:tid 139] protocol.c(2460): [client 10.129.0.2:48670] AH03155: select protocol from , choices=h2,http/1.1 for server heat-cfnapi-internal.openstack.svc
[Sat Oct 11 10:56:02.506871 2025] [ssl:debug] [pid 28:tid 140] ssl_engine_kernel.c(2167): [client 10.129.0.2:48672] AH02041: Protocol: TLSv1.3, Cipher: TLS_AES_128_GCM_SHA256 (128/128 bits)
[Sat Oct 11 10:56:02.507051 2025] [ssl:debug] [pid 28:tid 140] ssl_engine_kernel.c(341): [client 10.129.0.2:48672] AH02034: Initial (No.1) HTTPS request received for child 8 (server heat-cfnapi-internal.openstack.svc:443)
[Sat Oct 11 10:56:02.507147 2025] [authz_core:debug] [pid 28:tid 140] mod_authz_core.c(843): [client 10.129.0.2:48672] AH01628: authorization result: granted (no directives)
[Sat Oct 11 10:56:02.507649 2025] [ssl:debug] [pid 28:tid 139] ssl_engine_kernel.c(2167): [client 10.129.0.2:48670] AH02041: Protocol: TLSv1.3, Cipher: TLS_AES_128_GCM_SHA256 (128/128 bits)
[Sat Oct 11 10:56:02.507865 2025] [ssl:debug] [pid 28:tid 139] ssl_engine_kernel.c(341): [client 10.129.0.2:48670] AH02034: Initial (No.1) HTTPS request received for child 7 (server heat-cfnapi-internal.openstack.svc:443)
[Sat Oct 11 10:56:02.507969 2025] [authz_core:debug] [pid 28:tid 139] mod_authz_core.c(843): [client 10.129.0.2:48670] AH01628: authorization result: granted (no directives) 10.129.0.2 - - [11/Oct/2025:10:56:02 +0000] "GET /healthcheck HTTP/1.1" 200 - "-" "kube-probe/1.31"
[Sat Oct 11 10:56:02.511228 2025] [ssl:debug] [pid 28:tid 139] ssl_engine_io.c(1150): [client 10.129.0.2:48670] AH02001: Connection closed to child 7 with standard shutdown (server heat-cfnapi-internal.openstack.svc:443) 10.129.0.2 - - [11/Oct/2025:10:56:02 +0000] "GET /healthcheck HTTP/1.1" 200 - "-" "kube-probe/1.31"
[Sat Oct 11 10:56:02.512947 2025] [ssl:debug] [pid 28:tid 140] ssl_engine_io.c(1150): [client 10.129.0.2:48672] AH02001: Connection closed to child 8 with standard shutdown (server heat-cfnapi-internal.openstack.svc:443)
[Sat Oct 11 10:56:07.504724 2025] [ssl:info] [pid 179:tid 182] [client 10.129.0.2:48686] AH01964: Connection to child 192 established (server heat-cfnapi-internal.openstack.svc:443)
[Sat Oct 11 10:56:07.505104 2025] [ssl:debug] [pid 179:tid 182] ssl_engine_kernel.c(2337): [client 10.129.0.2:48686] AH02645: Server name not provided via TLS extension (using default/first virtual host)
[Sat Oct 11 10:56:07.505194 2025] [core:debug] [pid 179:tid 182] protocol.c(2460): [client 10.129.0.2:48686] AH03155: select protocol from , choices=h2,http/1.1 for server heat-cfnapi-internal.openstack.svc
[Sat Oct 11 10:56:07.505457 2025] [ssl:info] [pid 30:tid 81] [client 10.129.0.2:48694] AH01964: Connection to child 66 established (server heat-cfnapi-internal.openstack.svc:443)
[Sat Oct 11 10:56:07.505628 2025] [ssl:debug] [pid 30:tid 81] ssl_engine_kernel.c(2337): [client 10.129.0.2:48694] AH02645: Server name not provided via TLS extension (using default/first virtual host)
[Sat Oct 11 10:56:07.505683 2025] [core:debug] [pid 30:tid 81] protocol.c(2460): [client 10.129.0.2:48694] AH03155: select protocol from , choices=h2,http/1.1 for server heat-cfnapi-internal.openstack.svc
[Sat Oct 11 10:56:07.507936 2025] [ssl:debug] [pid 179:tid 182] ssl_engine_kernel.c(2167): [client 10.129.0.2:48686] AH02041: Protocol: TLSv1.3, Cipher: TLS_AES_128_GCM_SHA256 (128/128 bits)
[Sat Oct 11 10:56:07.508190 2025] [ssl:debug] [pid 179:tid 182] ssl_engine_kernel.c(341): [client 10.129.0.2:48686] AH02034: Initial (No.1) HTTPS request received for child 192 (server heat-cfnapi-internal.openstack.svc:443)
[Sat Oct 11 10:56:07.508367 2025] [authz_core:debug] [pid 179:tid 182] mod_authz_core.c(843): [client 10.129.0.2:48686] AH01628: authorization result: granted (no directives)
[Sat Oct 11 10:56:07.512219 2025] [ssl:debug] [pid 30:tid 81] ssl_engine_kernel.c(2167): [client 10.129.0.2:48694] AH02041: Protocol: TLSv1.3, Cipher: TLS_AES_128_GCM_SHA256 (128/128 bits) 10.129.0.2 - - [11/Oct/2025:10:56:07 +0000] "GET /healthcheck HTTP/1.1" 200 - "-" "kube-probe/1.31"
[Sat Oct 11 10:56:07.512420 2025] [ssl:debug] [pid 30:tid 81] ssl_engine_kernel.c(341): [client 10.129.0.2:48694] AH02034: Initial (No.1) HTTPS request received for child 66 (server heat-cfnapi-internal.openstack.svc:443)
[Sat Oct 11 10:56:07.512497 2025] [authz_core:debug] [pid 30:tid 81] mod_authz_core.c(843): [client 10.129.0.2:48694] AH01628: authorization result: granted (no directives)
[Sat Oct 11 10:56:07.512549 2025] [ssl:debug] [pid 179:tid 182] ssl_engine_io.c(1150): [client 10.129.0.2:48686] AH02001: Connection closed to child 192 with standard shutdown (server heat-cfnapi-internal.openstack.svc:443) 10.129.0.2 - - [11/Oct/2025:10:56:07 +0000] "GET /healthcheck HTTP/1.1" 200 - "-" "kube-probe/1.31"
[Sat Oct 11 10:56:07.516169 2025] [ssl:debug] [pid 30:tid 81] ssl_engine_io.c(1150): [client 10.129.0.2:48694] AH02001: Connection closed to child 66 with standard shutdown (server heat-cfnapi-internal.openstack.svc:443)
[Sat Oct 11 10:56:12.504414 2025] [ssl:info] [pid 28:tid 138] [client 10.129.0.2:59784] AH01964: Connection to child 6 established (server heat-cfnapi-internal.openstack.svc:443)
[Sat Oct 11 10:56:12.504572 2025] [ssl:debug] [pid 28:tid 138] ssl_engine_kernel.c(2337): [client 10.129.0.2:59784] AH02645: Server name not provided via TLS extension (using default/first virtual host)
[Sat Oct 11 10:56:12.504619 2025] [core:debug] [pid 28:tid 138] protocol.c(2460): [client 10.129.0.2:59784] AH03155: select protocol from , choices=h2,http/1.1 for server heat-cfnapi-internal.openstack.svc
[Sat Oct 11 10:56:12.504944 2025] [ssl:info] [pid 30:tid 90] [client 10.129.0.2:59798] AH01964: Connection to child 68 established (server heat-cfnapi-internal.openstack.svc:443)
[Sat Oct 11 10:56:12.505071 2025] [ssl:debug] [pid 30:tid 90] ssl_engine_kernel.c(2337): [client 10.129.0.2:59798] AH02645: Server name not provided via TLS extension (using default/first virtual host)
[Sat Oct 11 10:56:12.505126 2025] [core:debug] [pid 30:tid 90] protocol.c(2460): [client 10.129.0.2:59798] AH03155: select protocol from , choices=h2,http/1.1 for server heat-cfnapi-internal.openstack.svc
[Sat Oct 11 10:56:12.506634 2025] [ssl:debug] [pid 28:tid 138] ssl_engine_kernel.c(2167): [client 10.129.0.2:59784] AH02041: Protocol: TLSv1.3, Cipher: TLS_AES_128_GCM_SHA256 (128/128 bits)
[Sat Oct 11 10:56:12.506828 2025] [ssl:debug] [pid 28:tid 138] ssl_engine_kernel.c(341): [client 10.129.0.2:59784] AH02034: Initial (No.1) HTTPS request received for child 6 (server heat-cfnapi-internal.openstack.svc:443)
[Sat Oct 11 10:56:12.506924 2025] [authz_core:debug] [pid 28:tid 138] mod_authz_core.c(843): [client 10.129.0.2:59784] AH01628: authorization result: granted (no directives)
[Sat Oct 11 10:56:12.506988 2025] [ssl:debug] [pid 30:tid 90] ssl_engine_kernel.c(2167): [client 10.129.0.2:59798] AH02041: Protocol: TLSv1.3, Cipher: TLS_AES_128_GCM_SHA256 (128/128 bits)
[Sat Oct 11 10:56:12.507208 2025] [ssl:debug] [pid 30:tid 90] ssl_engine_kernel.c(341): [client 10.129.0.2:59798] AH02034: Initial (No.1) HTTPS request received for child 68 (server heat-cfnapi-internal.openstack.svc:443)
[Sat Oct 11 10:56:12.507271 2025] [authz_core:debug] [pid 30:tid 90] mod_authz_core.c(843): [client 10.129.0.2:59798] AH01628: authorization result: granted (no directives) 10.129.0.2 - - [11/Oct/2025:10:56:12 +0000] "GET /healthcheck HTTP/1.1" 200 - "-" "kube-probe/1.31"
[Sat Oct 11 10:56:12.510282 2025] [ssl:debug] [pid 30:tid 90] ssl_engine_io.c(1150): [client 10.129.0.2:59798] AH02001: Connection closed to child 68 with standard shutdown (server heat-cfnapi-internal.openstack.svc:443) 10.129.0.2 - - [11/Oct/2025:10:56:12 +0000] "GET /healthcheck HTTP/1.1" 200 - "-" "kube-probe/1.31"
[Sat Oct 11 10:56:12.510395 2025] [ssl:debug] [pid 28:tid 138] ssl_engine_io.c(1150): [client 10.129.0.2:59784] AH02001: Connection closed to child 6 with standard shutdown (server heat-cfnapi-internal.openstack.svc:443)
[Sat Oct 11 10:56:17.506021 2025] [ssl:info] [pid 179:tid 183] [client 10.129.0.2:59814] AH01964: Connection to child 193 established (server heat-cfnapi-internal.openstack.svc:443)
[Sat Oct 11 10:56:17.506229 2025] [ssl:debug] [pid 179:tid 183] ssl_engine_kernel.c(2337): [client 10.129.0.2:59814] AH02645: Server name not provided via TLS extension (using default/first virtual host)
[Sat Oct 11 10:56:17.506283 2025] [core:debug] [pid 179:tid 183] protocol.c(2460): [client 10.129.0.2:59814] AH03155: select protocol from , choices=h2,http/1.1 for server heat-cfnapi-internal.openstack.svc
[Sat Oct 11 10:56:17.507165 2025] [ssl:info] [pid 30:tid 94] [client 10.129.0.2:59820] AH01964: Connection to child 71 established (server heat-cfnapi-internal.openstack.svc:443)
[Sat Oct 11 10:56:17.507404 2025] [ssl:debug] [pid 30:tid 94] ssl_engine_kernel.c(2337): [client 10.129.0.2:59820] AH02645: Server name not provided via TLS extension (using default/first virtual host)
[Sat Oct 11 10:56:17.507475 2025] [core:debug] [pid 30:tid 94] protocol.c(2460): [client 10.129.0.2:59820] AH03155: select protocol from , choices=h2,http/1.1 for server heat-cfnapi-internal.openstack.svc
[Sat Oct 11 10:56:17.508219 2025] [ssl:debug] [pid 179:tid 183] ssl_engine_kernel.c(2167): [client 10.129.0.2:59814] AH02041: Protocol: TLSv1.3, Cipher: TLS_AES_128_GCM_SHA256 (128/128 bits)
[Sat Oct 11 10:56:17.508411 2025] [ssl:debug] [pid 179:tid 183] ssl_engine_kernel.c(341): [client 10.129.0.2:59814] AH02034: Initial (No.1) HTTPS request received for child 193 (server heat-cfnapi-internal.openstack.svc:443)
[Sat Oct 11 10:56:17.508538 2025] [authz_core:debug] [pid 179:tid 183] mod_authz_core.c(843): [client 10.129.0.2:59814] AH01628: authorization result: granted (no directives)
[Sat Oct 11 10:56:17.510071 2025] [ssl:debug] [pid 30:tid 94] ssl_engine_kernel.c(2167): [client 10.129.0.2:59820] AH02041: Protocol: TLSv1.3, Cipher: TLS_AES_128_GCM_SHA256 (128/128 bits)
[Sat Oct 11 10:56:17.510480 2025] [ssl:debug] [pid 30:tid 94] ssl_engine_kernel.c(341): [client 10.129.0.2:59820] AH02034: Initial (No.1) HTTPS request received for child 71 (server heat-cfnapi-internal.openstack.svc:443)
[Sat Oct 11 10:56:17.510616 2025] [authz_core:debug] [pid 30:tid 94] mod_authz_core.c(843): [client 10.129.0.2:59820] AH01628: authorization result: granted (no directives) 10.129.0.2 - - [11/Oct/2025:10:56:17 +0000] "GET /healthcheck HTTP/1.1" 200 - "-" "kube-probe/1.31"
[Sat Oct 11 10:56:17.511363 2025] [ssl:debug] [pid 179:tid 183] ssl_engine_io.c(1150): [client 10.129.0.2:59814] AH02001: Connection closed to child 193 with standard shutdown (server heat-cfnapi-internal.openstack.svc:443) 10.129.0.2 - - [11/Oct/2025:10:56:17 +0000] "GET /healthcheck HTTP/1.1" 200 - "-" "kube-probe/1.31"
[Sat Oct 11 10:56:17.514544 2025] [ssl:debug] [pid 30:tid 94] ssl_engine_io.c(1150): [client 10.129.0.2:59820] AH02001: Connection closed to child 71 with standard shutdown (server heat-cfnapi-internal.openstack.svc:443)
[Sat Oct 11 10:56:22.504722 2025] [ssl:info] [pid 179:tid 186] [client 10.129.0.2:51012] AH01964: Connection to child 196 established (server heat-cfnapi-internal.openstack.svc:443)
[Sat Oct 11 10:56:22.504895 2025] [ssl:debug] [pid 179:tid 186] ssl_engine_kernel.c(2337): [client 10.129.0.2:51012] AH02645: Server name not provided via TLS extension (using default/first virtual host)
[Sat Oct 11 10:56:22.504948 2025] [core:debug] [pid 179:tid 186] protocol.c(2460): [client 10.129.0.2:51012] AH03155: select protocol from , choices=h2,http/1.1 for server heat-cfnapi-internal.openstack.svc
[Sat Oct 11 10:56:22.504958 2025] [ssl:info] [pid 179:tid 184] [client 10.129.0.2:51014] AH01964: Connection to child 194 established (server heat-cfnapi-internal.openstack.svc:443)
[Sat Oct 11 10:56:22.505082 2025] [ssl:debug] [pid 179:tid 184] ssl_engine_kernel.c(2337): [client 10.129.0.2:51014] AH02645: Server name not provided via TLS extension (using default/first virtual host)
[Sat Oct 11 10:56:22.505120 2025] [core:debug] [pid 179:tid 184] protocol.c(2460): [client 10.129.0.2:51014] AH03155: select protocol from , choices=h2,http/1.1 for server heat-cfnapi-internal.openstack.svc
[Sat Oct 11 10:56:22.506534 2025] [ssl:debug] [pid 179:tid 186] ssl_engine_kernel.c(2167): [client 10.129.0.2:51012] AH02041: Protocol: TLSv1.3, Cipher: TLS_AES_128_GCM_SHA256 (128/128 bits)
[Sat Oct 11 10:56:22.506735 2025] [ssl:debug] [pid 179:tid 186] ssl_engine_kernel.c(341): [client 10.129.0.2:51012] AH02034: Initial (No.1) HTTPS request received for child 196 (server heat-cfnapi-internal.openstack.svc:443)
[Sat Oct 11 10:56:22.506838 2025] [authz_core:debug] [pid 179:tid 186] mod_authz_core.c(843): [client 10.129.0.2:51012] AH01628: authorization result: granted (no directives) 10.129.0.2 - - [11/Oct/2025:10:56:22 +0000] "GET /healthcheck HTTP/1.1" 200 - "-" "kube-probe/1.31"
[Sat Oct 11 10:56:22.509034 2025] [ssl:debug] [pid 179:tid 186] ssl_engine_io.c(1150): [client 10.129.0.2:51012] AH02001: Connection closed to child 196 with standard shutdown (server heat-cfnapi-internal.openstack.svc:443)
[Sat Oct 11 10:56:22.510550 2025] [ssl:debug] [pid 179:tid 184] ssl_engine_kernel.c(2167): [client 10.129.0.2:51014] AH02041: Protocol: TLSv1.3, Cipher: TLS_AES_128_GCM_SHA256 (128/128 bits)
[Sat Oct 11 10:56:22.510828 2025] [ssl:debug] [pid 179:tid 184] ssl_engine_kernel.c(341): [client 10.129.0.2:51014] AH02034: Initial (No.1) HTTPS request received for child 194 (server heat-cfnapi-internal.openstack.svc:443)
[Sat Oct 11 10:56:22.510925 2025] [authz_core:debug] [pid 179:tid 184] mod_authz_core.c(843): [client 10.129.0.2:51014] AH01628: authorization result: granted (no directives) 10.129.0.2 - - [11/Oct/2025:10:56:22 +0000] "GET /healthcheck HTTP/1.1" 200 - "-" "kube-probe/1.31"
[Sat Oct 11 10:56:22.514703 2025] [ssl:debug] [pid 179:tid 184] ssl_engine_io.c(1150): [client 10.129.0.2:51014] AH02001: Connection closed to child 194 with standard shutdown (server heat-cfnapi-internal.openstack.svc:443)
[Sat Oct 11 10:56:27.504896 2025] [ssl:info] [pid 34:tid 85] [client 10.129.0.2:51020] AH01964: Connection to child 134 established (server heat-cfnapi-internal.openstack.svc:443)
[Sat Oct 11 10:56:27.504953 2025] [ssl:info] [pid 30:tid 91] [client 10.129.0.2:51032] AH01964: Connection to child 69 established (server heat-cfnapi-internal.openstack.svc:443)
[Sat Oct 11 10:56:27.505095 2025] [ssl:debug] [pid 34:tid 85] ssl_engine_kernel.c(2337): [client 10.129.0.2:51020] AH02645: Server name not provided via TLS extension (using default/first virtual host)
[Sat Oct 11 10:56:27.505138 2025] [ssl:debug] [pid 30:tid 91] ssl_engine_kernel.c(2337): [client 10.129.0.2:51032] AH02645: Server name not provided via TLS extension (using default/first virtual host)
[Sat Oct 11 10:56:27.505152 2025] [core:debug] [pid 34:tid 85] protocol.c(2460): [client 10.129.0.2:51020] AH03155: select protocol from , choices=h2,http/1.1 for server heat-cfnapi-internal.openstack.svc
[Sat Oct 11 10:56:27.505187 2025] [core:debug] [pid 30:tid 91] protocol.c(2460): [client 10.129.0.2:51032] AH03155: select protocol from , choices=h2,http/1.1 for server heat-cfnapi-internal.openstack.svc
[Sat Oct 11 10:56:27.507902 2025] [ssl:debug] [pid 30:tid 91] ssl_engine_kernel.c(2167): [client 10.129.0.2:51032] AH02041: Protocol: TLSv1.3, Cipher: TLS_AES_128_GCM_SHA256 (128/128 bits)
[Sat Oct 11 10:56:27.508117 2025] [ssl:debug] [pid 30:tid 91] ssl_engine_kernel.c(341): [client 10.129.0.2:51032] AH02034: Initial (No.1) HTTPS request received for child 69 (server heat-cfnapi-internal.openstack.svc:443)
[Sat Oct 11 10:56:27.508251 2025] [authz_core:debug] [pid 30:tid 91] mod_authz_core.c(843): [client 10.129.0.2:51032] AH01628: authorization result: granted (no directives)
[Sat Oct 11 10:56:27.508717 2025] [ssl:debug] [pid 34:tid 85] ssl_engine_kernel.c(2167): [client 10.129.0.2:51020] AH02041: Protocol: TLSv1.3, Cipher: TLS_AES_128_GCM_SHA256 (128/128 bits)
[Sat Oct 11 10:56:27.508911 2025] [ssl:debug] [pid 34:tid 85] ssl_engine_kernel.c(341): [client 10.129.0.2:51020] AH02034: Initial (No.1) HTTPS request received for child 134 (server heat-cfnapi-internal.openstack.svc:443)
[Sat Oct 11 10:56:27.509024 2025] [authz_core:debug] [pid 34:tid 85] mod_authz_core.c(843): [client 10.129.0.2:51020] AH01628: authorization result: granted (no directives) 10.129.0.2 - - [11/Oct/2025:10:56:27 +0000] "GET /healthcheck HTTP/1.1" 200 - "-" "kube-probe/1.31"
[Sat Oct 11 10:56:27.511263 2025] [ssl:debug] [pid 30:tid 91] ssl_engine_io.c(1150): [client 10.129.0.2:51032] AH02001: Connection closed to child 69 with standard shutdown (server heat-cfnapi-internal.openstack.svc:443) 10.129.0.2 - - [11/Oct/2025:10:56:27 +0000] "GET /healthcheck HTTP/1.1" 200 - "-" "kube-probe/1.31"
[Sat Oct 11 10:56:27.511708 2025] [ssl:debug] [pid 34:tid 85] ssl_engine_io.c(1150): [client 10.129.0.2:51020] AH02001: Connection closed to child 134 with standard shutdown (server heat-cfnapi-internal.openstack.svc:443)
[Sat Oct 11 10:56:32.505042 2025] [ssl:info] [pid 30:tid 102] [client 10.129.0.2:40864] AH01964: Connection to child 74 established (server heat-cfnapi-internal.openstack.svc:443)
[Sat Oct 11 10:56:32.505079 2025] [ssl:info] [pid 34:tid 89] [client 10.129.0.2:40880] AH01964: Connection to child 137 established (server heat-cfnapi-internal.openstack.svc:443)
[Sat Oct 11 10:56:32.505233 2025] [ssl:debug] [pid 30:tid 102] ssl_engine_kernel.c(2337): [client 10.129.0.2:40864] AH02645: Server name not provided via TLS extension (using default/first virtual host)
[Sat Oct 11 10:56:32.505258 2025] [ssl:debug] [pid 34:tid 89] ssl_engine_kernel.c(2337): [client 10.129.0.2:40880] AH02645: Server name not provided via TLS extension (using default/first virtual host)
[Sat Oct 11 10:56:32.505293 2025] [core:debug] [pid 30:tid 102] protocol.c(2460): [client 10.129.0.2:40864] AH03155: select protocol from , choices=h2,http/1.1 for server heat-cfnapi-internal.openstack.svc
[Sat Oct 11 10:56:32.505304 2025] [core:debug] [pid 34:tid 89] protocol.c(2460): [client 10.129.0.2:40880] AH03155: select protocol from , choices=h2,http/1.1 for server heat-cfnapi-internal.openstack.svc
[Sat Oct 11 10:56:32.507303 2025] [ssl:debug] [pid 30:tid 102] ssl_engine_kernel.c(2167): [client 10.129.0.2:40864] AH02041: Protocol: TLSv1.3, Cipher: TLS_AES_128_GCM_SHA256 (128/128 bits)
