+ sudo -E kolla_set_configs sudo: unable to send audit message: Operation not permitted INFO:__main__:Loading config file at /var/lib/kolla/config_files/config.json INFO:__main__:Validating config file INFO:__main__:Kolla config strategy set to: COPY_ALWAYS INFO:__main__:Copying service configuration files INFO:__main__:Deleting /etc/httpd/conf/httpd.conf INFO:__main__:Copying /var/lib/config-data/default/heat-api-httpd.conf to /etc/httpd/conf/httpd.conf INFO:__main__:Deleting /etc/httpd/conf.d/ssl.conf INFO:__main__:Copying /var/lib/config-data/default/ssl.conf to /etc/httpd/conf.d/ssl.conf INFO:__main__:Setting permission for /etc/httpd/conf.d/ssl.conf INFO:__main__:Copying /var/lib/config-data/tls/certs/internal.crt to /etc/pki/tls/certs/internal.crt INFO:__main__:Setting permission for /etc/pki/tls/certs/internal.crt INFO:__main__:Copying /var/lib/config-data/tls/certs/public.crt to /etc/pki/tls/certs/public.crt INFO:__main__:Setting permission for /etc/pki/tls/certs/public.crt INFO:__main__:Copying /var/lib/config-data/tls/private/internal.key to /etc/pki/tls/private/internal.key INFO:__main__:Setting permission for /etc/pki/tls/private/internal.key INFO:__main__:Copying /var/lib/config-data/tls/private/public.key to /etc/pki/tls/private/public.key INFO:__main__:Setting permission for /etc/pki/tls/private/public.key INFO:__main__:Writing out command to execute INFO:__main__:Setting permission for /etc/httpd/ INFO:__main__:Setting permission for /etc/httpd/conf INFO:__main__:Setting permission for /etc/httpd/conf.d INFO:__main__:Setting permission for /etc/httpd/conf.modules.d INFO:__main__:Setting permission for /etc/httpd/logs INFO:__main__:Setting permission for /etc/httpd/modules INFO:__main__:Setting permission for /etc/httpd/run INFO:__main__:Setting permission for /etc/httpd/state INFO:__main__:Setting permission for /etc/httpd/conf/httpd.conf INFO:__main__:Setting permission for /etc/httpd/conf/magic INFO:__main__:Setting permission for /etc/httpd/conf.d/README INFO:__main__:Setting permission for /etc/httpd/conf.d/autoindex.conf INFO:__main__:Setting permission for /etc/httpd/conf.d/ssl.conf INFO:__main__:Setting permission for /etc/httpd/conf.d/userdir.conf INFO:__main__:Setting permission for /etc/httpd/conf.d/welcome.conf INFO:__main__:Setting permission for /etc/httpd/conf.modules.d/00-base.conf INFO:__main__:Setting permission for /etc/httpd/conf.modules.d/00-brotli.conf INFO:__main__:Setting permission for /etc/httpd/conf.modules.d/00-dav.conf INFO:__main__:Setting permission for /etc/httpd/conf.modules.d/00-mpm.conf INFO:__main__:Setting permission for /etc/httpd/conf.modules.d/00-optional.conf INFO:__main__:Setting permission for /etc/httpd/conf.modules.d/00-proxy.conf INFO:__main__:Setting permission for /etc/httpd/conf.modules.d/00-ssl.conf INFO:__main__:Setting permission for /etc/httpd/conf.modules.d/00-systemd.conf INFO:__main__:Setting permission for /etc/httpd/conf.modules.d/01-cgi.conf INFO:__main__:Setting permission for /etc/httpd/conf.modules.d/10-wsgi-python3.conf INFO:__main__:Setting permission for /etc/httpd/conf.modules.d/README INFO:__main__:Setting permission for /etc/httpd/run INFO:__main__:Setting permission for /etc/httpd/run/htcacheclean ++ cat /run_command + CMD='/usr/sbin/httpd -DFOREGROUND' + ARGS= + sudo kolla_copy_cacerts sudo: unable to send audit message: Operation not permitted + [[ ! -n '' ]] + . kolla_extend_start + echo 'Running command: '\''/usr/sbin/httpd -DFOREGROUND'\''' Running command: '/usr/sbin/httpd -DFOREGROUND' + umask 0022 + exec /usr/sbin/httpd -DFOREGROUND
[Sat Oct 11 10:55:31.111351 2025] [ssl:info] [pid 1:tid 1] AH01914: Configuring server heat-api-public.openstack.svc:443 for SSL protocol
[Sat Oct 11 10:55:31.112648 2025] [ssl:debug] [pid 1:tid 1] ssl_engine_init.c(536): AH01893: Configuring TLS extension handling
[Sat Oct 11 10:55:31.113477 2025] [ssl:debug] [pid 1:tid 1] ssl_util_ssl.c(451): AH02412: [heat-api-public.openstack.svc:443] Cert matches for name 'heat-api-public.openstack.svc' [subject: -empty- / issuer: CN=rootca-public / serial: 220EC2C96FF4BFDFCF49A68C4F64FF58 / notbefore: Oct 11 10:55:17 2025 GMT / notafter: Oct 10 10:55:17 2030 GMT]
[Sat Oct 11 10:55:31.113490 2025] [ssl:info] [pid 1:tid 1] AH02568: Certificate and private key heat-api-public.openstack.svc:443:0 configured from /etc/pki/tls/certs/public.crt and /etc/pki/tls/private/public.key
[Sat Oct 11 10:55:31.113717 2025] [ssl:info] [pid 1:tid 1] AH01914: Configuring server heat-api-internal.openstack.svc:443 for SSL protocol
[Sat Oct 11 10:55:31.114194 2025] [ssl:debug] [pid 1:tid 1] ssl_engine_init.c(536): AH01893: Configuring TLS extension handling
[Sat Oct 11 10:55:31.114410 2025] [ssl:debug] [pid 1:tid 1] ssl_util_ssl.c(451): AH02412: [heat-api-internal.openstack.svc:443] Cert matches for name 'heat-api-internal.openstack.svc' [subject: -empty- / issuer: CN=rootca-internal / serial: 6CA9389F722453D080C3477BD24877E1 / notbefore: Oct 11 10:55:16 2025 GMT / notafter: Oct 10 10:55:16 2030 GMT]
[Sat Oct 11 10:55:31.114420 2025] [ssl:info] [pid 1:tid 1] AH02568: Certificate and private key heat-api-internal.openstack.svc:443:0 configured from /etc/pki/tls/certs/internal.crt and /etc/pki/tls/private/internal.key
[Sat Oct 11 10:55:31.130390 2025] [ssl:warn] [pid 1:tid 1] AH01873: Init: Session Cache is not configured [hint: SSLSessionCache]
[Sat Oct 11 10:55:31.130409 2025] [ssl:info] [pid 1:tid 1] AH01914: Configuring server heat-api-public.openstack.svc:443 for SSL protocol
[Sat Oct 11 10:55:31.131026 2025] [ssl:debug] [pid 1:tid 1] ssl_engine_init.c(536): AH01893: Configuring TLS extension handling
[Sat Oct 11 10:55:31.131323 2025] [ssl:debug] [pid 1:tid 1] ssl_util_ssl.c(451): AH02412: [heat-api-public.openstack.svc:443] Cert matches for name 'heat-api-public.openstack.svc' [subject: -empty- / issuer: CN=rootca-public / serial: 220EC2C96FF4BFDFCF49A68C4F64FF58 / notbefore: Oct 11 10:55:17 2025 GMT / notafter: Oct 10 10:55:17 2030 GMT]
[Sat Oct 11 10:55:31.131337 2025] [ssl:info] [pid 1:tid 1] AH02568: Certificate and private key heat-api-public.openstack.svc:443:0 configured from /etc/pki/tls/certs/public.crt and /etc/pki/tls/private/public.key
[Sat Oct 11 10:55:31.131558 2025] [ssl:info] [pid 1:tid 1] AH01914: Configuring server heat-api-internal.openstack.svc:443 for SSL protocol
[Sat Oct 11 10:55:31.132110 2025] [ssl:debug] [pid 1:tid 1] ssl_engine_init.c(536): AH01893: Configuring TLS extension handling
[Sat Oct 11 10:55:31.132368 2025] [ssl:debug] [pid 1:tid 1] ssl_util_ssl.c(451): AH02412: [heat-api-internal.openstack.svc:443] Cert matches for name 'heat-api-internal.openstack.svc' [subject: -empty- / issuer: CN=rootca-internal / serial: 6CA9389F722453D080C3477BD24877E1 / notbefore: Oct 11 10:55:16 2025 GMT / notafter: Oct 10 10:55:16 2030 GMT]
[Sat Oct 11 10:55:31.132382 2025] [ssl:info] [pid 1:tid 1] AH02568: Certificate and private key heat-api-internal.openstack.svc:443:0 configured from /etc/pki/tls/certs/internal.crt and /etc/pki/tls/private/internal.key
[Sat Oct 11 10:55:31.132585 2025] [lbmethod_heartbeat:notice] [pid 1:tid 1] AH02282: No slotmem from mod_heartmonitor
[Sat Oct 11 10:55:31.156800 2025] [mpm_event:notice] [pid 1:tid 1] AH00489: Apache/2.4.62 (CentOS Stream) OpenSSL/3.5.1 mod_wsgi/4.7.1 Python/3.9 configured -- resuming normal operations
[Sat Oct 11 10:55:31.156827 2025] [core:notice] [pid 1:tid 1] AH00094: Command line: '/usr/sbin/httpd -D FOREGROUND'
[Sat Oct 11 10:55:31.163234 2025] [wsgi:info] [pid 15:tid 15] mod_wsgi (pid=15): Attach interpreter ''.
[Sat Oct 11 10:55:31.166356 2025] [wsgi:info] [pid 12:tid 12] mod_wsgi (pid=12): Attach interpreter ''.
[Sat Oct 11 10:55:31.169497 2025] [wsgi:info] [pid 15:tid 15] mod_wsgi (pid=15): Imported 'mod_wsgi'.
[Sat Oct 11 10:55:31.169856 2025] [wsgi:info] [pid 12:tid 12] mod_wsgi (pid=12): Imported 'mod_wsgi'.
[Sat Oct 11 10:55:31.171136 2025] [wsgi:info] [pid 13:tid 13] mod_wsgi (pid=13): Attach interpreter ''.
[Sat Oct 11 10:55:31.174596 2025] [wsgi:info] [pid 16:tid 16] mod_wsgi (pid=16): Attach interpreter ''.
[Sat Oct 11 10:55:31.174706 2025] [wsgi:info] [pid 17:tid 17] mod_wsgi (pid=17): Attach interpreter ''.
[Sat Oct 11 10:55:31.176547 2025] [wsgi:info] [pid 14:tid 14] mod_wsgi (pid=14): Attach interpreter ''.
[Sat Oct 11 10:55:31.178993 2025] [wsgi:info] [pid 21:tid 21] mod_wsgi (pid=21): Attach interpreter ''.
[Sat Oct 11 10:55:31.179151 2025] [wsgi:info] [pid 16:tid 16] mod_wsgi (pid=16): Imported 'mod_wsgi'.
[Sat Oct 11 10:55:31.179201 2025] [wsgi:info] [pid 20:tid 20] mod_wsgi (pid=20): Attach interpreter ''.
[Sat Oct 11 10:55:31.179396 2025] [wsgi:info] [pid 24:tid 24] mod_wsgi (pid=24): Attach interpreter ''.
[Sat Oct 11 10:55:31.179417 2025] [wsgi:info] [pid 22:tid 22] mod_wsgi (pid=22): Attach interpreter ''.
[Sat Oct 11 10:55:31.179436 2025] [wsgi:info] [pid 17:tid 17] mod_wsgi (pid=17): Imported 'mod_wsgi'.
[Sat Oct 11 10:55:31.179448 2025] [wsgi:debug] [pid 16:tid 58] src/server/mod_wsgi.c(9142): mod_wsgi (pid=16): Started thread 0 in daemon process 'internal'.
[Sat Oct 11 10:55:31.180236 2025] [wsgi:debug] [pid 17:tid 61] src/server/mod_wsgi.c(9142): mod_wsgi (pid=17): Started thread 0 in daemon process 'internal'.
[Sat Oct 11 10:55:31.180454 2025] [wsgi:info] [pid 13:tid 13] mod_wsgi (pid=13): Imported 'mod_wsgi'.
[Sat Oct 11 10:55:31.182593 2025] [wsgi:info] [pid 14:tid 14] mod_wsgi (pid=14): Imported 'mod_wsgi'.
[Sat Oct 11 10:55:31.182817 2025] [wsgi:debug] [pid 14:tid 66] src/server/mod_wsgi.c(9142): mod_wsgi (pid=14): Started thread 0 in daemon process 'internal'.
[Sat Oct 11 10:55:31.182833 2025] [wsgi:info] [pid 23:tid 23] mod_wsgi (pid=23): Attach interpreter ''.
[Sat Oct 11 10:55:31.182876 2025] [wsgi:debug] [pid 13:tid 67] src/server/mod_wsgi.c(9142): mod_wsgi (pid=13): Started thread 0 in daemon process 'internal'.
[Sat Oct 11 10:55:31.183027 2025] [wsgi:info] [pid 20:tid 20] mod_wsgi (pid=20): Imported 'mod_wsgi'.
[Sat Oct 11 10:55:31.183325 2025] [wsgi:info] [pid 24:tid 24] mod_wsgi (pid=24): Imported 'mod_wsgi'.
[Sat Oct 11 10:55:31.183531 2025] [wsgi:debug] [pid 24:tid 71] src/server/mod_wsgi.c(9142): mod_wsgi (pid=24): Started thread 0 in daemon process 'public'.
[Sat Oct 11 10:55:31.183710 2025] [wsgi:info] [pid 21:tid 21] mod_wsgi (pid=21): Imported 'mod_wsgi'.
[Sat Oct 11 10:55:31.184052 2025] [wsgi:debug] [pid 21:tid 75] src/server/mod_wsgi.c(9142): mod_wsgi (pid=21): Started thread 0 in daemon process 'public'.
[Sat Oct 11 10:55:31.184066 2025] [wsgi:debug] [pid 20:tid 76] src/server/mod_wsgi.c(9142): mod_wsgi (pid=20): Started thread 0 in daemon process 'public'.
[Sat Oct 11 10:55:31.185002 2025] [wsgi:debug] [pid 15:tid 52] src/server/mod_wsgi.c(9142): mod_wsgi (pid=15): Started thread 0 in daemon process 'internal'.
[Sat Oct 11 10:55:31.185757 2025] [wsgi:info] [pid 19:tid 19] mod_wsgi (pid=19): Attach interpreter ''.
[Sat Oct 11 10:55:31.186502 2025] [wsgi:info] [pid 23:tid 23] mod_wsgi (pid=23): Imported 'mod_wsgi'.
[Sat Oct 11 10:55:31.186713 2025] [wsgi:debug] [pid 23:tid 79] src/server/mod_wsgi.c(9142): mod_wsgi (pid=23): Started thread 0 in daemon process 'public'.
[Sat Oct 11 10:55:31.187748 2025] [wsgi:debug] [pid 12:tid 55] src/server/mod_wsgi.c(9142): mod_wsgi (pid=12): Started thread 0 in daemon process 'internal'.
[Sat Oct 11 10:55:31.190241 2025] [wsgi:info] [pid 19:tid 19] mod_wsgi (pid=19): Imported 'mod_wsgi'.
[Sat Oct 11 10:55:31.190526 2025] [wsgi:debug] [pid 19:tid 82] src/server/mod_wsgi.c(9142): mod_wsgi (pid=19): Started thread 0 in daemon process 'internal'.
[Sat Oct 11 10:55:31.190802 2025] [wsgi:info] [pid 22:tid 22] mod_wsgi (pid=22): Imported 'mod_wsgi'.
[Sat Oct 11 10:55:31.191036 2025] [wsgi:debug] [pid 22:tid 85] src/server/mod_wsgi.c(9142): mod_wsgi (pid=22): Started thread 0 in daemon process 'public'.
[Sat Oct 11 10:55:31.192962 2025] [wsgi:info] [pid 18:tid 18] mod_wsgi (pid=18): Attach interpreter ''.
[Sat Oct 11 10:55:31.194753 2025] [wsgi:info] [pid 26:tid 26] mod_wsgi (pid=26): Attach interpreter ''.
[Sat Oct 11 10:55:31.198664 2025] [wsgi:info] [pid 26:tid 26] mod_wsgi (pid=26): Imported 'mod_wsgi'.
[Sat Oct 11 10:55:31.198941 2025] [wsgi:debug] [pid 26:tid 134] src/server/mod_wsgi.c(9142): mod_wsgi (pid=26): Started thread 0 in daemon process 'public'.
[Sat Oct 11 10:55:31.199147 2025] [wsgi:info] [pid 18:tid 18] mod_wsgi (pid=18): Imported 'mod_wsgi'.
[Sat Oct 11 10:55:31.200002 2025] [wsgi:debug] [pid 18:tid 144] src/server/mod_wsgi.c(9142): mod_wsgi (pid=18): Started thread 0 in daemon process 'internal'.
[Sat Oct 11 10:55:31.208637 2025] [wsgi:info] [pid 25:tid 25] mod_wsgi (pid=25): Attach interpreter ''.
[Sat Oct 11 10:55:31.209044 2025] [wsgi:info] [pid 27:tid 27] mod_wsgi (pid=27): Attach interpreter ''.
[Sat Oct 11 10:55:31.212544 2025] [wsgi:info] [pid 27:tid 27] mod_wsgi (pid=27): Imported 'mod_wsgi'.
[Sat Oct 11 10:55:31.212903 2025] [wsgi:debug] [pid 27:tid 175] src/server/mod_wsgi.c(9142): mod_wsgi (pid=27): Started thread 0 in daemon process 'public'.
[Sat Oct 11 10:55:31.214598 2025] [wsgi:info] [pid 25:tid 25] mod_wsgi (pid=25): Imported 'mod_wsgi'.
[Sat Oct 11 10:55:31.214871 2025] [wsgi:debug] [pid 25:tid 178] src/server/mod_wsgi.c(9142): mod_wsgi (pid=25): Started thread 0 in daemon process 'public'.
[Sat Oct 11 10:55:37.462343 2025] [ssl:info] [pid 30:tid 147] [client 10.128.0.2:35616] AH01964: Connection to child 128 established (server heat-api-internal.openstack.svc:443)
[Sat Oct 11 10:55:37.462706 2025] [ssl:debug] [pid 30:tid 147] ssl_engine_kernel.c(2337): [client 10.128.0.2:35616] AH02645: Server name not provided via TLS extension (using default/first virtual host)
[Sat Oct 11 10:55:37.462773 2025] [core:debug] [pid 30:tid 147] protocol.c(2460): [client 10.128.0.2:35616] AH03155: select protocol from , choices=h2,http/1.1 for server heat-api-internal.openstack.svc
[Sat Oct 11 10:55:37.462779 2025] [ssl:info] [pid 29:tid 87] [client 10.128.0.2:35622] AH01964: Connection to child 64 established (server heat-api-internal.openstack.svc:443)
[Sat Oct 11 10:55:37.463294 2025] [ssl:debug] [pid 29:tid 87] ssl_engine_kernel.c(2337): [client 10.128.0.2:35622] AH02645: Server name not provided via TLS extension (using default/first virtual host)
[Sat Oct 11 10:55:37.463364 2025] [core:debug] [pid 29:tid 87] protocol.c(2460): [client 10.128.0.2:35622] AH03155: select protocol from , choices=h2,http/1.1 for server heat-api-internal.openstack.svc
[Sat Oct 11 10:55:37.467142 2025] [ssl:debug] [pid 29:tid 87] ssl_engine_kernel.c(2167): [client 10.128.0.2:35622] AH02041: Protocol: TLSv1.3, Cipher: TLS_AES_128_GCM_SHA256 (128/128 bits)
[Sat Oct 11 10:55:37.467375 2025] [ssl:debug] [pid 29:tid 87] ssl_engine_kernel.c(341): [client 10.128.0.2:35622] AH02034: Initial (No.1) HTTPS request received for child 64 (server heat-api-internal.openstack.svc:443)
[Sat Oct 11 10:55:37.467612 2025] [authz_core:debug] [pid 29:tid 87] mod_authz_core.c(843): [client 10.128.0.2:35622] AH01628: authorization result: granted (no directives)
[Sat Oct 11 10:55:37.469470 2025] [wsgi:info] [pid 16:tid 58] [remote 10.128.0.2:35622] mod_wsgi (pid=16, process='internal', application=''): Loading Python script file '/usr/bin/heat-wsgi-api'.
[Sat Oct 11 10:55:37.482934 2025] [ssl:debug] [pid 30:tid 147] ssl_engine_kernel.c(2167): [client 10.128.0.2:35616] AH02041: Protocol: TLSv1.3, Cipher: TLS_AES_128_GCM_SHA256 (128/128 bits)
[Sat Oct 11 10:55:37.483274 2025] [ssl:debug] [pid 30:tid 147] ssl_engine_kernel.c(341): [client 10.128.0.2:35616] AH02034: Initial (No.1) HTTPS request received for child 128 (server heat-api-internal.openstack.svc:443)
[Sat Oct 11 10:55:37.483438 2025] [authz_core:debug] [pid 30:tid 147] mod_authz_core.c(843): [client 10.128.0.2:35616] AH01628: authorization result: granted (no directives)
[Sat Oct 11 10:55:37.484053 2025] [wsgi:info] [pid 17:tid 61] [remote 10.128.0.2:35616] mod_wsgi (pid=17, process='internal', application=''): Loading Python script file '/usr/bin/heat-wsgi-api'.
[Sat Oct 11 10:55:38.677304 2025] [wsgi:error] [pid 17:tid 61] 2025-10-11 10:55:38.677 17 INFO heat-api [-] Starting Heat REST API on 0.0.0.0:8004\x1b[00m
[Sat Oct 11 10:55:38.704033 2025] [wsgi:error] [pid 16:tid 58] 2025-10-11 10:55:38.703 16 INFO heat-api [-] Starting Heat REST API on 0.0.0.0:8004\x1b[00m
[Sat Oct 11 10:55:38.743817 2025] [wsgi:error] [pid 17:tid 61] 2025-10-11 10:55:38.743 17 WARNING keystonemiddleware.auth_token [-] AuthToken middleware is set with keystone_authtoken.service_token_roles_required set to False. This is backwards compatible but deprecated behaviour. Please set this to True.\x1b[00m
[Sat Oct 11 10:55:38.760731 2025] [wsgi:error] [pid 16:tid 58] 2025-10-11 10:55:38.760 16 WARNING keystonemiddleware.auth_token [-] AuthToken middleware is set with keystone_authtoken.service_token_roles_required set to False. This is backwards compatible but deprecated behaviour. Please set this to True.\x1b[00m 10.128.0.2 - - [11/Oct/2025:10:55:37 +0000] "GET /healthcheck HTTP/1.1" 200 - "-" "kube-probe/1.31"
[Sat Oct 11 10:55:38.791361 2025] [ssl:debug] [pid 30:tid 147] ssl_engine_io.c(1150): [client 10.128.0.2:35616] AH02001: Connection closed to child 128 with standard shutdown (server heat-api-internal.openstack.svc:443) 10.128.0.2 - - [11/Oct/2025:10:55:37 +0000] "GET /healthcheck HTTP/1.1" 200 - "-" "kube-probe/1.31"
[Sat Oct 11 10:55:38.814742 2025] [ssl:debug] [pid 29:tid 87] ssl_engine_io.c(1150): [client 10.128.0.2:35622] AH02001: Connection closed to child 64 with standard shutdown (server heat-api-internal.openstack.svc:443)
[Sat Oct 11 10:55:42.459749 2025] [ssl:info] [pid 30:tid 148] [client 10.128.0.2:35636] AH01964: Connection to child 129 established (server heat-api-internal.openstack.svc:443)
[Sat Oct 11 10:55:42.459886 2025] [ssl:debug] [pid 30:tid 148] ssl_engine_kernel.c(2337): [client 10.128.0.2:35636] AH02645: Server name not provided via TLS extension (using default/first virtual host)
[Sat Oct 11 10:55:42.459929 2025] [core:debug] [pid 30:tid 148] protocol.c(2460): [client 10.128.0.2:35636] AH03155: select protocol from , choices=h2,http/1.1 for server heat-api-internal.openstack.svc
[Sat Oct 11 10:55:42.460714 2025] [ssl:info] [pid 179:tid 182] [client 10.128.0.2:35648] AH01964: Connection to child 192 established (server heat-api-internal.openstack.svc:443)
[Sat Oct 11 10:55:42.460961 2025] [ssl:debug] [pid 179:tid 182] ssl_engine_kernel.c(2337): [client 10.128.0.2:35648] AH02645: Server name not provided via TLS extension (using default/first virtual host)
[Sat Oct 11 10:55:42.461000 2025] [core:debug] [pid 179:tid 182] protocol.c(2460): [client 10.128.0.2:35648] AH03155: select protocol from , choices=h2,http/1.1 for server heat-api-internal.openstack.svc
[Sat Oct 11 10:55:42.463487 2025] [ssl:debug] [pid 179:tid 182] ssl_engine_kernel.c(2167): [client 10.128.0.2:35648] AH02041: Protocol: TLSv1.3, Cipher: TLS_AES_128_GCM_SHA256 (128/128 bits)
[Sat Oct 11 10:55:42.463734 2025] [ssl:debug] [pid 179:tid 182] ssl_engine_kernel.c(341): [client 10.128.0.2:35648] AH02034: Initial (No.1) HTTPS request received for child 192 (server heat-api-internal.openstack.svc:443)
[Sat Oct 11 10:55:42.463864 2025] [authz_core:debug] [pid 179:tid 182] mod_authz_core.c(843): [client 10.128.0.2:35648] AH01628: authorization result: granted (no directives)
[Sat Oct 11 10:55:42.463944 2025] [ssl:debug] [pid 30:tid 148] ssl_engine_kernel.c(2167): [client 10.128.0.2:35636] AH02041: Protocol: TLSv1.3, Cipher: TLS_AES_128_GCM_SHA256 (128/128 bits)
[Sat Oct 11 10:55:42.464252 2025] [ssl:debug] [pid 30:tid 148] ssl_engine_kernel.c(341): [client 10.128.0.2:35636] AH02034: Initial (No.1) HTTPS request received for child 129 (server heat-api-internal.openstack.svc:443)
[Sat Oct 11 10:55:42.464345 2025] [wsgi:info] [pid 14:tid 66] [remote 10.128.0.2:35648] mod_wsgi (pid=14, process='internal', application=''): Loading Python script file '/usr/bin/heat-wsgi-api'.
[Sat Oct 11 10:55:42.464487 2025] [authz_core:debug] [pid 30:tid 148] mod_authz_core.c(843): [client 10.128.0.2:35636] AH01628: authorization result: granted (no directives)
[Sat Oct 11 10:55:42.464933 2025] [wsgi:info] [pid 13:tid 67] [remote 10.128.0.2:35636] mod_wsgi (pid=13, process='internal', application=''): Loading Python script file '/usr/bin/heat-wsgi-api'.
[Sat Oct 11 10:55:43.713195 2025] [wsgi:error] [pid 13:tid 67] 2025-10-11 10:55:43.713 13 INFO heat-api [-] Starting Heat REST API on 0.0.0.0:8004\x1b[00m
[Sat Oct 11 10:55:43.794284 2025] [wsgi:error] [pid 13:tid 67] 2025-10-11 10:55:43.794 13 WARNING keystonemiddleware.auth_token [-] AuthToken middleware is set with keystone_authtoken.service_token_roles_required set to False. This is backwards compatible but deprecated behaviour. Please set this to True.\x1b[00m 10.128.0.2 - - [11/Oct/2025:10:55:42 +0000] "GET /healthcheck HTTP/1.1" 200 - "-" "kube-probe/1.31"
[Sat Oct 11 10:55:43.886996 2025] [ssl:debug] [pid 30:tid 148] ssl_engine_io.c(1150): [client 10.128.0.2:35636] AH02001: Connection closed to child 129 with standard shutdown (server heat-api-internal.openstack.svc:443)
[Sat Oct 11 10:55:43.954529 2025] [wsgi:error] [pid 14:tid 66] 2025-10-11 10:55:43.954 14 INFO heat-api [-] Starting Heat REST API on 0.0.0.0:8004\x1b[00m
[Sat Oct 11 10:55:44.014103 2025] [wsgi:error] [pid 14:tid 66] 2025-10-11 10:55:44.013 14 WARNING keystonemiddleware.auth_token [-] AuthToken middleware is set with keystone_authtoken.service_token_roles_required set to False. This is backwards compatible but deprecated behaviour. Please set this to True.\x1b[00m 10.128.0.2 - - [11/Oct/2025:10:55:42 +0000] "GET /healthcheck HTTP/1.1" 200 - "-" "kube-probe/1.31"
[Sat Oct 11 10:55:44.067832 2025] [ssl:debug] [pid 179:tid 182] ssl_engine_io.c(1150): [client 10.128.0.2:35648] AH02001: Connection closed to child 192 with standard shutdown (server heat-api-internal.openstack.svc:443)
[Sat Oct 11 10:55:47.460559 2025] [ssl:info] [pid 30:tid 151] [client 10.128.0.2:60788] AH01964: Connection to child 132 established (server heat-api-internal.openstack.svc:443)
[Sat Oct 11 10:55:47.460733 2025] [ssl:debug] [pid 30:tid 151] ssl_engine_kernel.c(2337): [client 10.128.0.2:60788] AH02645: Server name not provided via TLS extension (using default/first virtual host)
[Sat Oct 11 10:55:47.460775 2025] [core:debug] [pid 30:tid 151] protocol.c(2460): [client 10.128.0.2:60788] AH03155: select protocol from , choices=h2,http/1.1 for server heat-api-internal.openstack.svc
[Sat Oct 11 10:55:47.461027 2025] [ssl:info] [pid 30:tid 150] [client 10.128.0.2:60800] AH01964: Connection to child 131 established (server heat-api-internal.openstack.svc:443)
[Sat Oct 11 10:55:47.461177 2025] [ssl:debug] [pid 30:tid 150] ssl_engine_kernel.c(2337): [client 10.128.0.2:60800] AH02645: Server name not provided via TLS extension (using default/first virtual host)
[Sat Oct 11 10:55:47.461231 2025] [core:debug] [pid 30:tid 150] protocol.c(2460): [client 10.128.0.2:60800] AH03155: select protocol from , choices=h2,http/1.1 for server heat-api-internal.openstack.svc
[Sat Oct 11 10:55:47.463010 2025] [ssl:debug] [pid 30:tid 151] ssl_engine_kernel.c(2167): [client 10.128.0.2:60788] AH02041: Protocol: TLSv1.3, Cipher: TLS_AES_128_GCM_SHA256 (128/128 bits)
[Sat Oct 11 10:55:47.463194 2025] [ssl:debug] [pid 30:tid 151] ssl_engine_kernel.c(341): [client 10.128.0.2:60788] AH02034: Initial (No.1) HTTPS request received for child 132 (server heat-api-internal.openstack.svc:443)
[Sat Oct 11 10:55:47.463212 2025] [ssl:debug] [pid 30:tid 150] ssl_engine_kernel.c(2167): [client 10.128.0.2:60800] AH02041: Protocol: TLSv1.3, Cipher: TLS_AES_128_GCM_SHA256 (128/128 bits)
[Sat Oct 11 10:55:47.463289 2025] [authz_core:debug] [pid 30:tid 151] mod_authz_core.c(843): [client 10.128.0.2:60788] AH01628: authorization result: granted (no directives)
[Sat Oct 11 10:55:47.463490 2025] [ssl:debug] [pid 30:tid 150] ssl_engine_kernel.c(341): [client 10.128.0.2:60800] AH02034: Initial (No.1) HTTPS request received for child 131 (server heat-api-internal.openstack.svc:443)
[Sat Oct 11 10:55:47.463592 2025] [authz_core:debug] [pid 30:tid 150] mod_authz_core.c(843): [client 10.128.0.2:60800] AH01628: authorization result: granted (no directives)
[Sat Oct 11 10:55:47.465069 2025] [wsgi:info] [pid 15:tid 52] [remote 10.128.0.2:60788] mod_wsgi (pid=15, process='internal', application=''): Loading Python script file '/usr/bin/heat-wsgi-api'.
[Sat Oct 11 10:55:47.465167 2025] [wsgi:info] [pid 12:tid 55] [remote 10.128.0.2:60800] mod_wsgi (pid=12, process='internal', application=''): Loading Python script file '/usr/bin/heat-wsgi-api'.
[Sat Oct 11 10:55:48.719784 2025] [wsgi:error] [pid 15:tid 52] 2025-10-11 10:55:48.719 15 INFO heat-api [-] Starting Heat REST API on 0.0.0.0:8004\x1b[00m
[Sat Oct 11 10:55:48.782523 2025] [wsgi:error] [pid 15:tid 52] 2025-10-11 10:55:48.782 15 WARNING keystonemiddleware.auth_token [-] AuthToken middleware is set with keystone_authtoken.service_token_roles_required set to False. This is backwards compatible but deprecated behaviour. Please set this to True.\x1b[00m
[Sat Oct 11 10:55:48.818423 2025] [wsgi:error] [pid 12:tid 55] 2025-10-11 10:55:48.818 12 INFO heat-api [-] Starting Heat REST API on 0.0.0.0:8004\x1b[00m 10.128.0.2 - - [11/Oct/2025:10:55:47 +0000] "GET /healthcheck HTTP/1.1" 200 - "-" "kube-probe/1.31"
[Sat Oct 11 10:55:48.839895 2025] [ssl:debug] [pid 30:tid 151] ssl_engine_io.c(1150): [client 10.128.0.2:60788] AH02001: Connection closed to child 132 with standard shutdown (server heat-api-internal.openstack.svc:443)
[Sat Oct 11 10:55:48.878226 2025] [wsgi:error] [pid 12:tid 55] 2025-10-11 10:55:48.878 12 WARNING keystonemiddleware.auth_token [-] AuthToken middleware is set with keystone_authtoken.service_token_roles_required set to False. This is backwards compatible but deprecated behaviour. Please set this to True.\x1b[00m 10.128.0.2 - - [11/Oct/2025:10:55:47 +0000] "GET /healthcheck HTTP/1.1" 200 - "-" "kube-probe/1.31"
[Sat Oct 11 10:55:48.925806 2025] [ssl:debug] [pid 30:tid 150] ssl_engine_io.c(1150): [client 10.128.0.2:60800] AH02001: Connection closed to child 131 with standard shutdown (server heat-api-internal.openstack.svc:443)
[Sat Oct 11 10:55:52.460013 2025] [ssl:info] [pid 29:tid 88] [client 10.128.0.2:60816] AH01964: Connection to child 65 established (server heat-api-internal.openstack.svc:443)
[Sat Oct 11 10:55:52.460144 2025] [ssl:debug] [pid 29:tid 88] ssl_engine_kernel.c(2337): [client 10.128.0.2:60816] AH02645: Server name not provided via TLS extension (using default/first virtual host)
[Sat Oct 11 10:55:52.460187 2025] [core:debug] [pid 29:tid 88] protocol.c(2460): [client 10.128.0.2:60816] AH03155: select protocol from , choices=h2,http/1.1 for server heat-api-internal.openstack.svc
[Sat Oct 11 10:55:52.460418 2025] [ssl:info] [pid 179:tid 183] [client 10.128.0.2:60824] AH01964: Connection to child 193 established (server heat-api-internal.openstack.svc:443)
[Sat Oct 11 10:55:52.460533 2025] [ssl:debug] [pid 179:tid 183] ssl_engine_kernel.c(2337): [client 10.128.0.2:60824] AH02645: Server name not provided via TLS extension (using default/first virtual host)
[Sat Oct 11 10:55:52.460566 2025] [core:debug] [pid 179:tid 183] protocol.c(2460): [client 10.128.0.2:60824] AH03155: select protocol from , choices=h2,http/1.1 for server heat-api-internal.openstack.svc
[Sat Oct 11 10:55:52.462211 2025] [ssl:debug] [pid 29:tid 88] ssl_engine_kernel.c(2167): [client 10.128.0.2:60816] AH02041: Protocol: TLSv1.3, Cipher: TLS_AES_128_GCM_SHA256 (128/128 bits)
[Sat Oct 11 10:55:52.462411 2025] [ssl:debug] [pid 29:tid 88] ssl_engine_kernel.c(341): [client 10.128.0.2:60816] AH02034: Initial (No.1) HTTPS request received for child 65 (server heat-api-internal.openstack.svc:443)
[Sat Oct 11 10:55:52.462513 2025] [authz_core:debug] [pid 29:tid 88] mod_authz_core.c(843): [client 10.128.0.2:60816] AH01628: authorization result: granted (no directives)
[Sat Oct 11 10:55:52.462899 2025] [wsgi:info] [pid 19:tid 82] [remote 10.128.0.2:60816] mod_wsgi (pid=19, process='internal', application=''): Loading Python script file '/usr/bin/heat-wsgi-api'.
[Sat Oct 11 10:55:52.463054 2025] [ssl:debug] [pid 179:tid 183] ssl_engine_kernel.c(2167): [client 10.128.0.2:60824] AH02041: Protocol: TLSv1.3, Cipher: TLS_AES_128_GCM_SHA256 (128/128 bits)
[Sat Oct 11 10:55:52.463261 2025] [ssl:debug] [pid 179:tid 183] ssl_engine_kernel.c(341): [client 10.128.0.2:60824] AH02034: Initial (No.1) HTTPS request received for child 193 (server heat-api-internal.openstack.svc:443)
[Sat Oct 11 10:55:52.463363 2025] [authz_core:debug] [pid 179:tid 183] mod_authz_core.c(843): [client 10.128.0.2:60824] AH01628: authorization result: granted (no directives)
[Sat Oct 11 10:55:52.464019 2025] [wsgi:info] [pid 18:tid 144] [remote 10.128.0.2:60824] mod_wsgi (pid=18, process='internal', application=''): Loading Python script file '/usr/bin/heat-wsgi-api'.
[Sat Oct 11 10:55:53.536371 2025] [wsgi:error] [pid 19:tid 82] 2025-10-11 10:55:53.536 19 INFO heat-api [-] Starting Heat REST API on 0.0.0.0:8004\x1b[00m
[Sat Oct 11 10:55:53.589833 2025] [wsgi:error] [pid 19:tid 82] 2025-10-11 10:55:53.589 19 WARNING keystonemiddleware.auth_token [-] AuthToken middleware is set with keystone_authtoken.service_token_roles_required set to False. This is backwards compatible but deprecated behaviour. Please set this to True.\x1b[00m
[Sat Oct 11 10:55:53.602392 2025] [wsgi:error] [pid 18:tid 144] 2025-10-11 10:55:53.602 18 INFO heat-api [-] Starting Heat REST API on 0.0.0.0:8004\x1b[00m 10.128.0.2 - - [11/Oct/2025:10:55:52 +0000] "GET /healthcheck HTTP/1.1" 200 - "-" "kube-probe/1.31"
[Sat Oct 11 10:55:53.640135 2025] [ssl:debug] [pid 29:tid 88] ssl_engine_io.c(1150): [client 10.128.0.2:60816] AH02001: Connection closed to child 65 with standard shutdown (server heat-api-internal.openstack.svc:443)
[Sat Oct 11 10:55:53.662628 2025] [wsgi:error] [pid 18:tid 144] 2025-10-11 10:55:53.662 18 WARNING keystonemiddleware.auth_token [-] AuthToken middleware is set with keystone_authtoken.service_token_roles_required set to False. This is backwards compatible but deprecated behaviour. Please set this to True.\x1b[00m 10.128.0.2 - - [11/Oct/2025:10:55:52 +0000] "GET /healthcheck HTTP/1.1" 200 - "-" "kube-probe/1.31"
[Sat Oct 11 10:55:53.712117 2025] [ssl:debug] [pid 179:tid 183] ssl_engine_io.c(1150): [client 10.128.0.2:60824] AH02001: Connection closed to child 193 with standard shutdown (server heat-api-internal.openstack.svc:443)
[Sat Oct 11 10:55:57.460088 2025] [ssl:info] [pid 179:tid 184] [client 10.128.0.2:40426] AH01964: Connection to child 194 established (server heat-api-internal.openstack.svc:443)
[Sat Oct 11 10:55:57.460187 2025] [ssl:info] [pid 30:tid 155] [client 10.128.0.2:40410] AH01964: Connection to child 136 established (server heat-api-internal.openstack.svc:443)
[Sat Oct 11 10:55:57.460227 2025] [ssl:debug] [pid 179:tid 184] ssl_engine_kernel.c(2337): [client 10.128.0.2:40426] AH02645: Server name not provided via TLS extension (using default/first virtual host)
[Sat Oct 11 10:55:57.460292 2025] [core:debug] [pid 179:tid 184] protocol.c(2460): [client 10.128.0.2:40426] AH03155: select protocol from , choices=h2,http/1.1 for server heat-api-internal.openstack.svc
[Sat Oct 11 10:55:57.460333 2025] [ssl:debug] [pid 30:tid 155] ssl_engine_kernel.c(2337): [client 10.128.0.2:40410] AH02645: Server name not provided via TLS extension (using default/first virtual host)
[Sat Oct 11 10:55:57.460416 2025] [core:debug] [pid 30:tid 155] protocol.c(2460): [client 10.128.0.2:40410] AH03155: select protocol from , choices=h2,http/1.1 for server heat-api-internal.openstack.svc
[Sat Oct 11 10:55:57.461846 2025] [ssl:debug] [pid 179:tid 184] ssl_engine_kernel.c(2167): [client 10.128.0.2:40426] AH02041: Protocol: TLSv1.3, Cipher: TLS_AES_128_GCM_SHA256 (128/128 bits)
[Sat Oct 11 10:55:57.462085 2025] [ssl:debug] [pid 179:tid 184] ssl_engine_kernel.c(341): [client 10.128.0.2:40426] AH02034: Initial (No.1) HTTPS request received for child 194 (server heat-api-internal.openstack.svc:443)
[Sat Oct 11 10:55:57.462093 2025] [ssl:debug] [pid 30:tid 155] ssl_engine_kernel.c(2167): [client 10.128.0.2:40410] AH02041: Protocol: TLSv1.3, Cipher: TLS_AES_128_GCM_SHA256 (128/128 bits)
[Sat Oct 11 10:55:57.462192 2025] [authz_core:debug] [pid 179:tid 184] mod_authz_core.c(843): [client 10.128.0.2:40426] AH01628: authorization result: granted (no directives)
[Sat Oct 11 10:55:57.462254 2025] [ssl:debug] [pid 30:tid 155] ssl_engine_kernel.c(341): [client 10.128.0.2:40410] AH02034: Initial (No.1) HTTPS request received for child 136 (server heat-api-internal.openstack.svc:443)
[Sat Oct 11 10:55:57.462358 2025] [authz_core:debug] [pid 30:tid 155] mod_authz_core.c(843): [client 10.128.0.2:40410] AH01628: authorization result: granted (no directives) 10.128.0.2 - - [11/Oct/2025:10:55:57 +0000] "GET /healthcheck HTTP/1.1" 200 - "-" "kube-probe/1.31"
[Sat Oct 11 10:55:57.464406 2025] [ssl:debug] [pid 30:tid 155] ssl_engine_io.c(1150): [client 10.128.0.2:40410] AH02001: Connection closed to child 136 with standard shutdown (server heat-api-internal.openstack.svc:443) 10.128.0.2 - - [11/Oct/2025:10:55:57 +0000] "GET /healthcheck HTTP/1.1" 200 - "-" "kube-probe/1.31"
[Sat Oct 11 10:55:57.464787 2025] [ssl:debug] [pid 179:tid 184] ssl_engine_io.c(1150): [client 10.128.0.2:40426] AH02001: Connection closed to child 194 with standard shutdown (server heat-api-internal.openstack.svc:443)
[Sat Oct 11 10:56:02.460161 2025] [ssl:info] [pid 179:tid 187] [client 10.128.0.2:40430] AH01964: Connection to child 197 established (server heat-api-internal.openstack.svc:443)
[Sat Oct 11 10:56:02.460305 2025] [ssl:info] [pid 28:tid 114] [client 10.128.0.2:40440] AH01964: Connection to child 0 established (server heat-api-internal.openstack.svc:443)
[Sat Oct 11 10:56:02.460396 2025] [ssl:debug] [pid 179:tid 187] ssl_engine_kernel.c(2337): [client 10.128.0.2:40430] AH02645: Server name not provided via TLS extension (using default/first virtual host)
[Sat Oct 11 10:56:02.460464 2025] [core:debug] [pid 179:tid 187] protocol.c(2460): [client 10.128.0.2:40430] AH03155: select protocol from , choices=h2,http/1.1 for server heat-api-internal.openstack.svc
[Sat Oct 11 10:56:02.460759 2025] [ssl:debug] [pid 28:tid 114] ssl_engine_kernel.c(2337): [client 10.128.0.2:40440] AH02645: Server name not provided via TLS extension (using default/first virtual host)
[Sat Oct 11 10:56:02.460839 2025] [core:debug] [pid 28:tid 114] protocol.c(2460): [client 10.128.0.2:40440] AH03155: select protocol from , choices=h2,http/1.1 for server heat-api-internal.openstack.svc
[Sat Oct 11 10:56:02.462000 2025] [ssl:debug] [pid 179:tid 187] ssl_engine_kernel.c(2167): [client 10.128.0.2:40430] AH02041: Protocol: TLSv1.3, Cipher: TLS_AES_128_GCM_SHA256 (128/128 bits)
[Sat Oct 11 10:56:02.462187 2025] [ssl:debug] [pid 179:tid 187] ssl_engine_kernel.c(341): [client 10.128.0.2:40430] AH02034: Initial (No.1) HTTPS request received for child 197 (server heat-api-internal.openstack.svc:443)
[Sat Oct 11 10:56:02.462278 2025] [authz_core:debug] [pid 179:tid 187] mod_authz_core.c(843): [client 10.128.0.2:40430] AH01628: authorization result: granted (no directives)
[Sat Oct 11 10:56:02.463653 2025] [ssl:debug] [pid 28:tid 114] ssl_engine_kernel.c(2167): [client 10.128.0.2:40440] AH02041: Protocol: TLSv1.3, Cipher: TLS_AES_128_GCM_SHA256 (128/128 bits)
[Sat Oct 11 10:56:02.463988 2025] [ssl:debug] [pid 28:tid 114] ssl_engine_kernel.c(341): [client 10.128.0.2:40440] AH02034: Initial (No.1) HTTPS request received for child 0 (server heat-api-internal.openstack.svc:443)
[Sat Oct 11 10:56:02.464171 2025] [authz_core:debug] [pid 28:tid 114] mod_authz_core.c(843): [client 10.128.0.2:40440] AH01628: authorization result: granted (no directives) 10.128.0.2 - - [11/Oct/2025:10:56:02 +0000] "GET /healthcheck HTTP/1.1" 200 - "-" "kube-probe/1.31"
[Sat Oct 11 10:56:02.464918 2025] [ssl:debug] [pid 179:tid 187] ssl_engine_io.c(1150): [client 10.128.0.2:40430] AH02001: Connection closed to child 197 with standard shutdown (server heat-api-internal.openstack.svc:443) 10.128.0.2 - - [11/Oct/2025:10:56:02 +0000] "GET /healthcheck HTTP/1.1" 200 - "-" "kube-probe/1.31"
[Sat Oct 11 10:56:02.466803 2025] [ssl:debug] [pid 28:tid 114] ssl_engine_io.c(1150): [client 10.128.0.2:40440] AH02001: Connection closed to child 0 with standard shutdown (server heat-api-internal.openstack.svc:443)
[Sat Oct 11 10:56:07.460020 2025] [ssl:info] [pid 179:tid 189] [client 10.128.0.2:56080] AH01964: Connection to child 199 established (server heat-api-internal.openstack.svc:443)
[Sat Oct 11 10:56:07.460228 2025] [ssl:info] [pid 179:tid 190] [client 10.128.0.2:56094] AH01964: Connection to child 200 established (server heat-api-internal.openstack.svc:443)
[Sat Oct 11 10:56:07.460379 2025] [ssl:debug] [pid 179:tid 190] ssl_engine_kernel.c(2337): [client 10.128.0.2:56094] AH02645: Server name not provided via TLS extension (using default/first virtual host)
[Sat Oct 11 10:56:07.460426 2025] [core:debug] [pid 179:tid 190] protocol.c(2460): [client 10.128.0.2:56094] AH03155: select protocol from , choices=h2,http/1.1 for server heat-api-internal.openstack.svc
[Sat Oct 11 10:56:07.460602 2025] [ssl:debug] [pid 179:tid 189] ssl_engine_kernel.c(2337): [client 10.128.0.2:56080] AH02645: Server name not provided via TLS extension (using default/first virtual host)
[Sat Oct 11 10:56:07.460698 2025] [core:debug] [pid 179:tid 189] protocol.c(2460): [client 10.128.0.2:56080] AH03155: select protocol from , choices=h2,http/1.1 for server heat-api-internal.openstack.svc
[Sat Oct 11 10:56:07.462107 2025] [ssl:debug] [pid 179:tid 190] ssl_engine_kernel.c(2167): [client 10.128.0.2:56094] AH02041: Protocol: TLSv1.3, Cipher: TLS_AES_128_GCM_SHA256 (128/128 bits)
[Sat Oct 11 10:56:07.462506 2025] [ssl:debug] [pid 179:tid 190] ssl_engine_kernel.c(341): [client 10.128.0.2:56094] AH02034: Initial (No.1) HTTPS request received for child 200 (server heat-api-internal.openstack.svc:443)
[Sat Oct 11 10:56:07.462596 2025] [authz_core:debug] [pid 179:tid 190] mod_authz_core.c(843): [client 10.128.0.2:56094] AH01628: authorization result: granted (no directives) 10.128.0.2 - - [11/Oct/2025:10:56:07 +0000] "GET /healthcheck HTTP/1.1" 200 - "-" "kube-probe/1.31"
[Sat Oct 11 10:56:07.465982 2025] [ssl:debug] [pid 179:tid 190] ssl_engine_io.c(1150): [client 10.128.0.2:56094] AH02001: Connection closed to child 200 with standard shutdown (server heat-api-internal.openstack.svc:443)
[Sat Oct 11 10:56:07.468986 2025] [ssl:debug] [pid 179:tid 189] ssl_engine_kernel.c(2167): [client 10.128.0.2:56080] AH02041: Protocol: TLSv1.3, Cipher: TLS_AES_128_GCM_SHA256 (128/128 bits)
[Sat Oct 11 10:56:07.469272 2025] [ssl:debug] [pid 179:tid 189] ssl_engine_kernel.c(341): [client 10.128.0.2:56080] AH02034: Initial (No.1) HTTPS request received for child 199 (server heat-api-internal.openstack.svc:443)
[Sat Oct 11 10:56:07.469382 2025] [authz_core:debug] [pid 179:tid 189] mod_authz_core.c(843): [client 10.128.0.2:56080] AH01628: authorization result: granted (no directives) 10.128.0.2 - - [11/Oct/2025:10:56:07 +0000] "GET /healthcheck HTTP/1.1" 200 - "-" "kube-probe/1.31"
[Sat Oct 11 10:56:07.472888 2025] [ssl:debug] [pid 179:tid 189] ssl_engine_io.c(1150): [client 10.128.0.2:56080] AH02001: Connection closed to child 199 with standard shutdown (server heat-api-internal.openstack.svc:443)
[Sat Oct 11 10:56:12.459622 2025] [ssl:info] [pid 30:tid 156] [client 10.128.0.2:56114] AH01964: Connection to child 137 established (server heat-api-internal.openstack.svc:443)
[Sat Oct 11 10:56:12.459765 2025] [ssl:info] [pid 30:tid 157] [client 10.128.0.2:56110] AH01964: Connection to child 138 established (server heat-api-internal.openstack.svc:443)
[Sat Oct 11 10:56:12.459780 2025] [ssl:debug] [pid 30:tid 156] ssl_engine_kernel.c(2337): [client 10.128.0.2:56114] AH02645: Server name not provided via TLS extension (using default/first virtual host)
[Sat Oct 11 10:56:12.459817 2025] [core:debug] [pid 30:tid 156] protocol.c(2460): [client 10.128.0.2:56114] AH03155: select protocol from , choices=h2,http/1.1 for server heat-api-internal.openstack.svc
[Sat Oct 11 10:56:12.459905 2025] [ssl:debug] [pid 30:tid 157] ssl_engine_kernel.c(2337): [client 10.128.0.2:56110] AH02645: Server name not provided via TLS extension (using default/first virtual host)
[Sat Oct 11 10:56:12.459945 2025] [core:debug] [pid 30:tid 157] protocol.c(2460): [client 10.128.0.2:56110] AH03155: select protocol from , choices=h2,http/1.1 for server heat-api-internal.openstack.svc
[Sat Oct 11 10:56:12.468808 2025] [ssl:debug] [pid 30:tid 157] ssl_engine_kernel.c(2167): [client 10.128.0.2:56110] AH02041: Protocol: TLSv1.3, Cipher: TLS_AES_128_GCM_SHA256 (128/128 bits)
[Sat Oct 11 10:56:12.469017 2025] [ssl:debug] [pid 30:tid 157] ssl_engine_kernel.c(341): [client 10.128.0.2:56110] AH02034: Initial (No.1) HTTPS request received for child 138 (server heat-api-internal.openstack.svc:443)
[Sat Oct 11 10:56:12.469119 2025] [authz_core:debug] [pid 30:tid 157] mod_authz_core.c(843): [client 10.128.0.2:56110] AH01628: authorization result: granted (no directives)
[Sat Oct 11 10:56:12.494025 2025] [ssl:debug] [pid 30:tid 156] ssl_engine_kernel.c(2167): [client 10.128.0.2:56114] AH02041: Protocol: TLSv1.3, Cipher: TLS_AES_128_GCM_SHA256 (128/128 bits)
[Sat Oct 11 10:56:12.502630 2025] [ssl:debug] [pid 30:tid 156] ssl_engine_kernel.c(341): [client 10.128.0.2:56114] AH02034: Initial (No.1) HTTPS request received for child 137 (server heat-api-internal.openstack.svc:443)
[Sat Oct 11 10:56:12.502761 2025] [authz_core:debug] [pid 30:tid 156] mod_authz_core.c(843): [client 10.128.0.2:56114] AH01628: authorization result: granted (no directives) 10.128.0.2 - - [11/Oct/2025:10:56:12 +0000] "GET /healthcheck HTTP/1.1" 200 - "-" "kube-probe/1.31"
[Sat Oct 11 10:56:12.575387 2025] [ssl:debug] [pid 30:tid 157] ssl_engine_io.c(1150): [client 10.128.0.2:56110] AH02001: Connection closed to child 138 with standard shutdown (server heat-api-internal.openstack.svc:443) 10.128.0.2 - - [11/Oct/2025:10:56:12 +0000] "GET /healthcheck HTTP/1.1" 200 - "-" "kube-probe/1.31"
[Sat Oct 11 10:56:12.576028 2025] [ssl:debug] [pid 30:tid 156] ssl_engine_io.c(1150): [client 10.128.0.2:56114] AH02001: Connection closed to child 137 with standard shutdown (server heat-api-internal.openstack.svc:443)
[Sat Oct 11 10:56:17.460756 2025] [ssl:info] [pid 179:tid 191] [client 10.128.0.2:41548] AH01964: Connection to child 201 established (server heat-api-internal.openstack.svc:443)
[Sat Oct 11 10:56:17.460907 2025] [ssl:debug] [pid 179:tid 191] ssl_engine_kernel.c(2337): [client 10.128.0.2:41548] AH02645: Server name not provided via TLS extension (using default/first virtual host)
[Sat Oct 11 10:56:17.460953 2025] [core:debug] [pid 179:tid 191] protocol.c(2460): [client 10.128.0.2:41548] AH03155: select protocol from , choices=h2,http/1.1 for server heat-api-internal.openstack.svc
[Sat Oct 11 10:56:17.462072 2025] [ssl:info] [pid 30:tid 159] [client 10.128.0.2:41536] AH01964: Connection to child 140 established (server heat-api-internal.openstack.svc:443)
[Sat Oct 11 10:56:17.462177 2025] [ssl:debug] [pid 30:tid 159] ssl_engine_kernel.c(2337): [client 10.128.0.2:41536] AH02645: Server name not provided via TLS extension (using default/first virtual host)
[Sat Oct 11 10:56:17.462207 2025] [core:debug] [pid 30:tid 159] protocol.c(2460): [client 10.128.0.2:41536] AH03155: select protocol from , choices=h2,http/1.1 for server heat-api-internal.openstack.svc
[Sat Oct 11 10:56:17.465089 2025] [ssl:debug] [pid 179:tid 191] ssl_engine_kernel.c(2167): [client 10.128.0.2:41548] AH02041: Protocol: TLSv1.3, Cipher: TLS_AES_128_GCM_SHA256 (128/128 bits)
[Sat Oct 11 10:56:17.465277 2025] [ssl:debug] [pid 179:tid 191] ssl_engine_kernel.c(341): [client 10.128.0.2:41548] AH02034: Initial (No.1) HTTPS request received for child 201 (server heat-api-internal.openstack.svc:443)
[Sat Oct 11 10:56:17.465390 2025] [authz_core:debug] [pid 179:tid 191] mod_authz_core.c(843): [client 10.128.0.2:41548] AH01628: authorization result: granted (no directives)
[Sat Oct 11 10:56:17.465625 2025] [ssl:debug] [pid 30:tid 159] ssl_engine_kernel.c(2167): [client 10.128.0.2:41536] AH02041: Protocol: TLSv1.3, Cipher: TLS_AES_128_GCM_SHA256 (128/128 bits)
[Sat Oct 11 10:56:17.465815 2025] [ssl:debug] [pid 30:tid 159] ssl_engine_kernel.c(341): [client 10.128.0.2:41536] AH02034: Initial (No.1) HTTPS request received for child 140 (server heat-api-internal.openstack.svc:443)
[Sat Oct 11 10:56:17.465872 2025] [authz_core:debug] [pid 30:tid 159] mod_authz_core.c(843): [client 10.128.0.2:41536] AH01628: authorization result: granted (no directives) 10.128.0.2 - - [11/Oct/2025:10:56:17 +0000] "GET /healthcheck HTTP/1.1" 200 - "-" "kube-probe/1.31"
[Sat Oct 11 10:56:17.467585 2025] [ssl:debug] [pid 179:tid 191] ssl_engine_io.c(1150): [client 10.128.0.2:41548] AH02001: Connection closed to child 201 with standard shutdown (server heat-api-internal.openstack.svc:443) 10.128.0.2 - - [11/Oct/2025:10:56:17 +0000] "GET /healthcheck HTTP/1.1" 200 - "-" "kube-probe/1.31"
[Sat Oct 11 10:56:17.468623 2025] [ssl:debug] [pid 30:tid 159] ssl_engine_io.c(1150): [client 10.128.0.2:41536] AH02001: Connection closed to child 140 with standard shutdown (server heat-api-internal.openstack.svc:443)
[Sat Oct 11 10:56:22.460269 2025] [ssl:info] [pid 179:tid 192] [client 10.128.0.2:41564] AH01964: Connection to child 202 established (server heat-api-internal.openstack.svc:443)
[Sat Oct 11 10:56:22.460331 2025] [ssl:info] [pid 30:tid 161] [client 10.128.0.2:41562] AH01964: Connection to child 142 established (server heat-api-internal.openstack.svc:443)
[Sat Oct 11 10:56:22.460415 2025] [ssl:debug] [pid 179:tid 192] ssl_engine_kernel.c(2337): [client 10.128.0.2:41564] AH02645: Server name not provided via TLS extension (using default/first virtual host)
[Sat Oct 11 10:56:22.460456 2025] [core:debug] [pid 179:tid 192] protocol.c(2460): [client 10.128.0.2:41564] AH03155: select protocol from , choices=h2,http/1.1 for server heat-api-internal.openstack.svc
[Sat Oct 11 10:56:22.460502 2025] [ssl:debug] [pid 30:tid 161] ssl_engine_kernel.c(2337): [client 10.128.0.2:41562] AH02645: Server name not provided via TLS extension (using default/first virtual host)
[Sat Oct 11 10:56:22.460547 2025] [core:debug] [pid 30:tid 161] protocol.c(2460): [client 10.128.0.2:41562] AH03155: select protocol from , choices=h2,http/1.1 for server heat-api-internal.openstack.svc
[Sat Oct 11 10:56:22.462934 2025] [ssl:debug] [pid 30:tid 161] ssl_engine_kernel.c(2167): [client 10.128.0.2:41562] AH02041: Protocol: TLSv1.3, Cipher: TLS_AES_128_GCM_SHA256 (128/128 bits)
[Sat Oct 11 10:56:22.463131 2025] [ssl:debug] [pid 30:tid 161] ssl_engine_kernel.c(341): [client 10.128.0.2:41562] AH02034: Initial (No.1) HTTPS request received for child 142 (server heat-api-internal.openstack.svc:443)
[Sat Oct 11 10:56:22.463239 2025] [authz_core:debug] [pid 30:tid 161] mod_authz_core.c(843): [client 10.128.0.2:41562] AH01628: authorization result: granted (no directives)
[Sat Oct 11 10:56:22.463756 2025] [ssl:debug] [pid 179:tid 192] ssl_engine_kernel.c(2167): [client 10.128.0.2:41564] AH02041: Protocol: TLSv1.3, Cipher: TLS_AES_128_GCM_SHA256 (128/128 bits)
[Sat Oct 11 10:56:22.463928 2025] [ssl:debug] [pid 179:tid 192] ssl_engine_kernel.c(341): [client 10.128.0.2:41564] AH02034: Initial (No.1) HTTPS request received for child 202 (server heat-api-internal.openstack.svc:443)
[Sat Oct 11 10:56:22.464024 2025] [authz_core:debug] [pid 179:tid 192] mod_authz_core.c(843): [client 10.128.0.2:41564] AH01628: authorization result: granted (no directives) 10.128.0.2 - - [11/Oct/2025:10:56:22 +0000] "GET /healthcheck HTTP/1.1" 200 - "-" "kube-probe/1.31"
[Sat Oct 11 10:56:22.466020 2025] [ssl:debug] [pid 30:tid 161] ssl_engine_io.c(1150): [client 10.128.0.2:41562] AH02001: Connection closed to child 142 with standard shutdown (server heat-api-internal.openstack.svc:443) 10.128.0.2 - - [11/Oct/2025:10:56:22 +0000] "GET /healthcheck HTTP/1.1" 200 - "-" "kube-probe/1.31"
[Sat Oct 11 10:56:22.466106 2025] [ssl:debug] [pid 179:tid 192] ssl_engine_io.c(1150): [client 10.128.0.2:41564] AH02001: Connection closed to child 202 with standard shutdown (server heat-api-internal.openstack.svc:443)
[Sat Oct 11 10:56:27.459266 2025] [ssl:info] [pid 30:tid 163] [client 10.128.0.2:58716] AH01964: Connection to child 144 established (server heat-api-internal.openstack.svc:443)
[Sat Oct 11 10:56:27.459339 2025] [ssl:info] [pid 179:tid 199] [client 10.128.0.2:58714] AH01964: Connection to child 209 established (server heat-api-internal.openstack.svc:443)
[Sat Oct 11 10:56:27.459424 2025] [ssl:debug] [pid 30:tid 163] ssl_engine_kernel.c(2337): [client 10.128.0.2:58716] AH02645: Server name not provided via TLS extension (using default/first virtual host)
[Sat Oct 11 10:56:27.459469 2025] [core:debug] [pid 30:tid 163] protocol.c(2460): [client 10.128.0.2:58716] AH03155: select protocol from , choices=h2,http/1.1 for server heat-api-internal.openstack.svc
[Sat Oct 11 10:56:27.459473 2025] [ssl:debug] [pid 179:tid 199] ssl_engine_kernel.c(2337): [client 10.128.0.2:58714] AH02645: Server name not provided via TLS extension (using default/first virtual host)
[Sat Oct 11 10:56:27.459512 2025] [core:debug] [pid 179:tid 199] protocol.c(2460): [client 10.128.0.2:58714] AH03155: select protocol from , choices=h2,http/1.1 for server heat-api-internal.openstack.svc
[Sat Oct 11 10:56:27.461021 2025] [ssl:debug] [pid 179:tid 199] ssl_engine_kernel.c(2167): [client 10.128.0.2:58714] AH02041: Protocol: TLSv1.3, Cipher: TLS_AES_128_GCM_SHA256 (128/128 bits)
