2025-10-11 10:56:16.616 14 DEBUG glance_store.location [-] Registering scheme file with {'os_glance_staging_store': {'store': , 'location_class': , 'store_entry': 'file'}} register_scheme_backend_map /usr/lib/python3.9/site-packages/glance_store/location.py:132
2025-10-11 10:56:16.616 14 DEBUG glance_store.location [-] Registering scheme filesystem with {'os_glance_staging_store': {'store': , 'location_class': , 'store_entry': 'file'}} register_scheme_backend_map /usr/lib/python3.9/site-packages/glance_store/location.py:132
2025-10-11 10:56:16.617 14 DEBUG glance_store.multi_backend [-] Attempting to import store file _load_multi_store /usr/lib/python3.9/site-packages/glance_store/multi_backend.py:170
2025-10-11 10:56:16.617 14 DEBUG glance_store.capabilities [-] Store glance_store._drivers.filesystem.Store doesn't support updating dynamic storage capabilities. Please overwrite 'update_capabilities' method of the store to implement updating logics if needed. update_capabilities /usr/lib/python3.9/site-packages/glance_store/capabilities.py:91
2025-10-11 10:56:16.617 14 DEBUG glance_store.multi_backend [-] Registering store file with schemes ('file', 'filesystem') create_multi_stores /usr/lib/python3.9/site-packages/glance_store/multi_backend.py:303
2025-10-11 10:56:16.617 14 DEBUG glance_store.driver [-] Late loading location class glance_store._drivers.filesystem.StoreLocation get_store_location_class /usr/lib/python3.9/site-packages/glance_store/driver.py:116
2025-10-11 10:56:16.617 14 DEBUG glance_store.location [-] Registering scheme swift+https with {'default_backend': {'store': , 'location_class': , 'store_entry': 'swift'}} register_scheme_backend_map /usr/lib/python3.9/site-packages/glance_store/location.py:132
2025-10-11 10:56:16.617 14 DEBUG glance_store.location [-] Registering scheme swift with {'default_backend': {'store': , 'location_class': , 'store_entry': 'swift'}} register_scheme_backend_map /usr/lib/python3.9/site-packages/glance_store/location.py:132
2025-10-11 10:56:16.618 14 DEBUG glance_store.location [-] Registering scheme swift+http with {'default_backend': {'store': , 'location_class': , 'store_entry': 'swift'}} register_scheme_backend_map /usr/lib/python3.9/site-packages/glance_store/location.py:132
2025-10-11 10:56:16.618 14 DEBUG glance_store.location [-] Registering scheme swift+config with {'default_backend': {'store': , 'location_class': , 'store_entry': 'swift'}} register_scheme_backend_map /usr/lib/python3.9/site-packages/glance_store/location.py:132
2025-10-11 10:56:16.618 14 DEBUG glance_store.location [-] Registering scheme file with {'os_glance_staging_store': {'store': , 'location_class': , 'store_entry': 'file'}, 'os_glance_tasks_store': {'store': , 'location_class': , 'store_entry': 'file'}} register_scheme_backend_map /usr/lib/python3.9/site-packages/glance_store/location.py:132
2025-10-11 10:56:16.618 14 DEBUG glance_store.location [-] Registering scheme filesystem with {'os_glance_staging_store': {'store': , 'location_class': , 'store_entry': 'file'}} register_scheme_backend_map /usr/lib/python3.9/site-packages/glance_store/location.py:132
2025-10-11 10:56:16.618 14 DEBUG glance_store.location [-] Registering scheme swift+https with {'default_backend': {'store': , 'location_class': , 'store_entry': 'swift'}} register_scheme_backend_map /usr/lib/python3.9/site-packages/glance_store/location.py:132
2025-10-11 10:56:16.618 14 DEBUG glance_store.location [-] Registering scheme swift with {'default_backend': {'store': , 'location_class': , 'store_entry': 'swift'}} register_scheme_backend_map /usr/lib/python3.9/site-packages/glance_store/location.py:132
2025-10-11 10:56:16.618 14 DEBUG glance_store.location [-] Registering scheme swift+http with {'default_backend': {'store': , 'location_class': , 'store_entry': 'swift'}} register_scheme_backend_map /usr/lib/python3.9/site-packages/glance_store/location.py:132
2025-10-11 10:56:16.618 14 DEBUG glance_store.location [-] Registering scheme swift+config with {'default_backend': {'store': , 'location_class': , 'store_entry': 'swift'}} register_scheme_backend_map /usr/lib/python3.9/site-packages/glance_store/location.py:132
2025-10-11 10:56:16.618 14 DEBUG glance_store.location [-] Registering scheme file with {'os_glance_staging_store': {'store': , 'location_class': , 'store_entry': 'file'}, 'os_glance_tasks_store': {'store': , 'location_class': , 'store_entry': 'file'}} register_scheme_backend_map /usr/lib/python3.9/site-packages/glance_store/location.py:132
2025-10-11 10:56:16.618 14 DEBUG glance_store.location [-] Registering scheme filesystem with {'os_glance_staging_store': {'store': , 'location_class': , 'store_entry': 'file'}, 'os_glance_tasks_store': {'store': , 'location_class': , 'store_entry': 'file'}} register_scheme_backend_map /usr/lib/python3.9/site-packages/glance_store/location.py:132
2025-10-11 10:56:16.619 14 DEBUG glance_store.multi_backend [-] Attempting to import store swift _load_multi_store /usr/lib/python3.9/site-packages/glance_store/multi_backend.py:170
2025-10-11 10:56:16.619 14 DEBUG glance_store.capabilities [-] Store glance_store._drivers.swift.store.SingleTenantStore doesn't support updating dynamic storage capabilities. Please overwrite 'update_capabilities' method of the store to implement updating logics if needed. update_capabilities /usr/lib/python3.9/site-packages/glance_store/capabilities.py:91
2025-10-11 10:56:16.620 14 DEBUG glance_store.driver [-] Late loading location class glance_store._drivers.swift.store.StoreLocation get_store_location_class /usr/lib/python3.9/site-packages/glance_store/driver.py:116
2025-10-11 10:56:16.620 14 DEBUG glance_store.location [-] Registering scheme swift+https with {'default_backend': {'store': , 'location_class': , 'store_entry': 'swift'}} register_scheme_backend_map /usr/lib/python3.9/site-packages/glance_store/location.py:132
2025-10-11 10:56:16.620 14 DEBUG glance_store.location [-] Registering scheme swift+https with {'default_backend': {'store': , 'location_class': , 'store_entry': 'swift'}} register_scheme_backend_map /usr/lib/python3.9/site-packages/glance_store/location.py:132
2025-10-11 10:56:16.620 14 DEBUG glance_store.location [-] Registering scheme swift with {'default_backend': {'store': , 'location_class': , 'store_entry': 'swift'}} register_scheme_backend_map /usr/lib/python3.9/site-packages/glance_store/location.py:132
2025-10-11 10:56:16.620 14 DEBUG glance_store.location [-] Registering scheme swift+https with {'default_backend': {'store': , 'location_class': , 'store_entry': 'swift'}} register_scheme_backend_map /usr/lib/python3.9/site-packages/glance_store/location.py:132
2025-10-11 10:56:16.620 14 DEBUG glance_store.location [-] Registering scheme swift with {'default_backend': {'store': , 'location_class': , 'store_entry': 'swift'}} register_scheme_backend_map /usr/lib/python3.9/site-packages/glance_store/location.py:132
2025-10-11 10:56:16.620 14 DEBUG glance_store.location [-] Registering scheme swift+http with {'default_backend': {'store': , 'location_class': , 'store_entry': 'swift'}} register_scheme_backend_map /usr/lib/python3.9/site-packages/glance_store/location.py:132
2025-10-11 10:56:16.620 14 DEBUG glance_store.location [-] Registering scheme swift+https with {'default_backend': {'store': , 'location_class': , 'store_entry': 'swift'}} register_scheme_backend_map /usr/lib/python3.9/site-packages/glance_store/location.py:132
2025-10-11 10:56:16.620 14 DEBUG glance_store.location [-] Registering scheme swift with {'default_backend': {'store': , 'location_class': , 'store_entry': 'swift'}} register_scheme_backend_map /usr/lib/python3.9/site-packages/glance_store/location.py:132
2025-10-11 10:56:16.620 14 DEBUG glance_store.location [-] Registering scheme swift+http with {'default_backend': {'store': , 'location_class': , 'store_entry': 'swift'}} register_scheme_backend_map /usr/lib/python3.9/site-packages/glance_store/location.py:132
2025-10-11 10:56:16.620 14 DEBUG glance_store.location [-] Registering scheme swift+config with {'default_backend': {'store': , 'location_class': , 'store_entry': 'swift'}} register_scheme_backend_map /usr/lib/python3.9/site-packages/glance_store/location.py:132
2025-10-11 10:56:16.851 15 DEBUG glance.common.config [None req-0a7119f2-120c-45cb-8cb4-fc8de7180446 - - - - - -] Loading glance-api-keystone from /etc/glance/glance-api-paste.ini load_paste_app /usr/lib/python3.9/site-packages/glance/common/config.py:726
2025-10-11 10:56:16.881 14 DEBUG glance.common.config [None req-95540701-4315-4567-9739-b393b33b61df - - - - - -] Loading glance-api-keystone from /etc/glance/glance-api-paste.ini load_paste_app /usr/lib/python3.9/site-packages/glance/common/config.py:726
2025-10-11 10:56:17.250 15 WARNING keystonemiddleware.auth_token [None req-0a7119f2-120c-45cb-8cb4-fc8de7180446 - - - - - -] AuthToken middleware is set with keystone_authtoken.service_token_roles_required set to False. This is backwards compatible but deprecated behaviour. Please set this to True.
2025-10-11 10:56:17.261 15 DEBUG glance.common.config [None req-0a7119f2-120c-45cb-8cb4-fc8de7180446 - - - - - -] ******************************************************************************** log_opt_values /usr/lib/python3.9/site-packages/oslo_config/cfg.py:2589
2025-10-11 10:56:17.261 15 DEBUG glance.common.config [None req-0a7119f2-120c-45cb-8cb4-fc8de7180446 - - - - - -] Configuration options gathered from: log_opt_values /usr/lib/python3.9/site-packages/oslo_config/cfg.py:2590
2025-10-11 10:56:17.261 15 DEBUG glance.common.config [None req-0a7119f2-120c-45cb-8cb4-fc8de7180446 - - - - - -] command line args: [] log_opt_values /usr/lib/python3.9/site-packages/oslo_config/cfg.py:2591
2025-10-11 10:56:17.261 15 DEBUG glance.common.config [None req-0a7119f2-120c-45cb-8cb4-fc8de7180446 - - - - - -] config files: ['/etc/glance/glance-api-paste.ini', '/etc/glance/glance-image-import.conf', '/etc/glance/glance-api.conf'] log_opt_values /usr/lib/python3.9/site-packages/oslo_config/cfg.py:2592
2025-10-11 10:56:17.262 15 DEBUG glance.common.config [None req-0a7119f2-120c-45cb-8cb4-fc8de7180446 - - - - - -] ================================================================================ log_opt_values /usr/lib/python3.9/site-packages/oslo_config/cfg.py:2594
2025-10-11 10:56:17.262 15 DEBUG glance.common.config [None req-0a7119f2-120c-45cb-8cb4-fc8de7180446 - - - - - -] allow_additional_image_properties = True log_opt_values /usr/lib/python3.9/site-packages/oslo_config/cfg.py:2602
2025-10-11 10:56:17.262 15 DEBUG glance.common.config [None req-0a7119f2-120c-45cb-8cb4-fc8de7180446 - - - - - -] allow_anonymous_access = False log_opt_values /usr/lib/python3.9/site-packages/oslo_config/cfg.py:2602
2025-10-11 10:56:17.262 15 DEBUG glance.common.config [None req-0a7119f2-120c-45cb-8cb4-fc8de7180446 - - - - - -] api_limit_max = 1000 log_opt_values /usr/lib/python3.9/site-packages/oslo_config/cfg.py:2602
2025-10-11 10:56:17.262 15 DEBUG glance.common.config [None req-0a7119f2-120c-45cb-8cb4-fc8de7180446 - - - - - -] backlog = 4096 log_opt_values /usr/lib/python3.9/site-packages/oslo_config/cfg.py:2602
2025-10-11 10:56:17.263 15 DEBUG glance.common.config [None req-0a7119f2-120c-45cb-8cb4-fc8de7180446 - - - - - -] bind_host = localhost log_opt_values /usr/lib/python3.9/site-packages/oslo_config/cfg.py:2602
2025-10-11 10:56:17.263 15 DEBUG glance.common.config [None req-0a7119f2-120c-45cb-8cb4-fc8de7180446 - - - - - -] bind_port = 9293 log_opt_values /usr/lib/python3.9/site-packages/oslo_config/cfg.py:2602
2025-10-11 10:56:17.263 15 DEBUG glance.common.config [None req-0a7119f2-120c-45cb-8cb4-fc8de7180446 - - - - - -] client_socket_timeout = 900 log_opt_values /usr/lib/python3.9/site-packages/oslo_config/cfg.py:2602
2025-10-11 10:56:17.264 15 DEBUG glance.common.config [None req-0a7119f2-120c-45cb-8cb4-fc8de7180446 - - - - - -] config_dir = ['/etc/glance/glance.conf.d'] log_opt_values /usr/lib/python3.9/site-packages/oslo_config/cfg.py:2602
2025-10-11 10:56:17.264 15 DEBUG glance.common.config [None req-0a7119f2-120c-45cb-8cb4-fc8de7180446 - - - - - -] config_file = ['/etc/glance/glance-api-paste.ini', '/etc/glance/glance-image-import.conf', '/etc/glance/glance-api.conf'] log_opt_values /usr/lib/python3.9/site-packages/oslo_config/cfg.py:2602
2025-10-11 10:56:17.264 15 DEBUG glance.common.config [None req-0a7119f2-120c-45cb-8cb4-fc8de7180446 - - - - - -] config_source = [] log_opt_values /usr/lib/python3.9/site-packages/oslo_config/cfg.py:2602
2025-10-11 10:56:17.264 15 DEBUG glance.common.config [None req-0a7119f2-120c-45cb-8cb4-fc8de7180446 - - - - - -] control_exchange = glance log_opt_values /usr/lib/python3.9/site-packages/oslo_config/cfg.py:2602
2025-10-11 10:56:17.264 15 DEBUG glance.common.config [None req-0a7119f2-120c-45cb-8cb4-fc8de7180446 - - - - - -] debug = True log_opt_values /usr/lib/python3.9/site-packages/oslo_config/cfg.py:2602
2025-10-11 10:56:17.264 15 DEBUG glance.common.config [None req-0a7119f2-120c-45cb-8cb4-fc8de7180446 - - - - - -] default_log_levels = ['amqp=WARN', 'amqplib=WARN', 'boto=WARN', 'qpid=WARN', 'sqlalchemy=WARN', 'suds=INFO', 'oslo.messaging=INFO', 'oslo_messaging=INFO', 'iso8601=WARN', 'requests.packages.urllib3.connectionpool=WARN', 'urllib3.connectionpool=WARN', 'websocket=WARN', 'requests.packages.urllib3.util.retry=WARN', 'urllib3.util.retry=WARN', 'keystonemiddleware=WARN', 'routes.middleware=WARN', 'stevedore=WARN', 'taskflow=WARN', 'keystoneauth=WARN', 'oslo.cache=INFO', 'oslo_policy=INFO', 'dogpile.core.dogpile=INFO'] log_opt_values /usr/lib/python3.9/site-packages/oslo_config/cfg.py:2602
2025-10-11 10:56:17.265 15 DEBUG glance.common.config [None req-0a7119f2-120c-45cb-8cb4-fc8de7180446 - - - - - -] default_publisher_id = image.localhost log_opt_values /usr/lib/python3.9/site-packages/oslo_config/cfg.py:2602
2025-10-11 10:56:17.265 15 DEBUG glance.common.config [None req-0a7119f2-120c-45cb-8cb4-fc8de7180446 - - - - - -] delayed_delete = False log_opt_values /usr/lib/python3.9/site-packages/oslo_config/cfg.py:2602
2025-10-11 10:56:17.265 15 DEBUG glance.common.config [None req-0a7119f2-120c-45cb-8cb4-fc8de7180446 - - - - - -] digest_algorithm = sha256 log_opt_values /usr/lib/python3.9/site-packages/oslo_config/cfg.py:2602
2025-10-11 10:56:17.265 15 DEBUG glance.common.config [None req-0a7119f2-120c-45cb-8cb4-fc8de7180446 - - - - - -] disabled_notifications = [] log_opt_values /usr/lib/python3.9/site-packages/oslo_config/cfg.py:2602
2025-10-11 10:56:17.265 15 DEBUG glance.common.config [None req-0a7119f2-120c-45cb-8cb4-fc8de7180446 - - - - - -] enabled_backends = {'default_backend': 'swift'} log_opt_values /usr/lib/python3.9/site-packages/oslo_config/cfg.py:2602
2025-10-11 10:56:17.266 15 DEBUG glance.common.config [None req-0a7119f2-120c-45cb-8cb4-fc8de7180446 - - - - - -] enabled_import_methods = ['web-download', 'glance-direct'] log_opt_values /usr/lib/python3.9/site-packages/oslo_config/cfg.py:2602
2025-10-11 10:56:17.266 15 DEBUG glance.common.config [None req-0a7119f2-120c-45cb-8cb4-fc8de7180446 - - - - - -] fatal_deprecations = False log_opt_values /usr/lib/python3.9/site-packages/oslo_config/cfg.py:2602
2025-10-11 10:56:17.266 15 DEBUG glance.common.config [None req-0a7119f2-120c-45cb-8cb4-fc8de7180446 - - - - - -] hashing_algorithm = sha512 log_opt_values /usr/lib/python3.9/site-packages/oslo_config/cfg.py:2602
2025-10-11 10:56:17.266 15 DEBUG glance.common.config [None req-0a7119f2-120c-45cb-8cb4-fc8de7180446 - - - - - -] http_keepalive = True log_opt_values /usr/lib/python3.9/site-packages/oslo_config/cfg.py:2602
2025-10-11 10:56:17.266 15 DEBUG glance.common.config [None req-0a7119f2-120c-45cb-8cb4-fc8de7180446 - - - - - -] image_cache_dir = None log_opt_values /usr/lib/python3.9/site-packages/oslo_config/cfg.py:2602
2025-10-11 10:56:17.266 15 DEBUG glance.common.config [None req-0a7119f2-120c-45cb-8cb4-fc8de7180446 - - - - - -] image_cache_driver = sqlite log_opt_values /usr/lib/python3.9/site-packages/oslo_config/cfg.py:2602
2025-10-11 10:56:17.267 15 DEBUG glance.common.config [None req-0a7119f2-120c-45cb-8cb4-fc8de7180446 - - - - - -] image_cache_max_size = 10737418240 log_opt_values /usr/lib/python3.9/site-packages/oslo_config/cfg.py:2602
2025-10-11 10:56:17.267 15 DEBUG glance.common.config [None req-0a7119f2-120c-45cb-8cb4-fc8de7180446 - - - - - -] image_cache_stall_time = 86400 log_opt_values /usr/lib/python3.9/site-packages/oslo_config/cfg.py:2602
2025-10-11 10:56:17.267 15 DEBUG glance.common.config [None req-0a7119f2-120c-45cb-8cb4-fc8de7180446 - - - - - -] image_location_quota = 10 log_opt_values /usr/lib/python3.9/site-packages/oslo_config/cfg.py:2602
2025-10-11 10:56:17.267 15 DEBUG glance.common.config [None req-0a7119f2-120c-45cb-8cb4-fc8de7180446 - - - - - -] image_member_quota = 128 log_opt_values /usr/lib/python3.9/site-packages/oslo_config/cfg.py:2602
2025-10-11 10:56:17.268 15 DEBUG glance.common.config [None req-0a7119f2-120c-45cb-8cb4-fc8de7180446 - - - - - -] image_property_quota = 128 log_opt_values /usr/lib/python3.9/site-packages/oslo_config/cfg.py:2602
2025-10-11 10:56:17.268 15 DEBUG glance.common.config [None req-0a7119f2-120c-45cb-8cb4-fc8de7180446 - - - - - -] image_size_cap = 1099511627776 log_opt_values /usr/lib/python3.9/site-packages/oslo_config/cfg.py:2602
2025-10-11 10:56:17.268 15 DEBUG glance.common.config [None req-0a7119f2-120c-45cb-8cb4-fc8de7180446 - - - - - -] image_tag_quota = 128 log_opt_values /usr/lib/python3.9/site-packages/oslo_config/cfg.py:2602
2025-10-11 10:56:17.268 15 DEBUG glance.common.config [None req-0a7119f2-120c-45cb-8cb4-fc8de7180446 - - - - - -] instance_format = [instance: %(uuid)s] log_opt_values /usr/lib/python3.9/site-packages/oslo_config/cfg.py:2602
2025-10-11 10:56:17.268 15 DEBUG glance.common.config [None req-0a7119f2-120c-45cb-8cb4-fc8de7180446 - - - - - -] instance_uuid_format = [instance: %(uuid)s] log_opt_values /usr/lib/python3.9/site-packages/oslo_config/cfg.py:2602
2025-10-11 10:56:17.268 15 DEBUG glance.common.config [None req-0a7119f2-120c-45cb-8cb4-fc8de7180446 - - - - - -] limit_param_default = 25 log_opt_values /usr/lib/python3.9/site-packages/oslo_config/cfg.py:2602
2025-10-11 10:56:17.269 15 DEBUG glance.common.config [None req-0a7119f2-120c-45cb-8cb4-fc8de7180446 - - - - - -] location_strategy = location_order log_opt_values /usr/lib/python3.9/site-packages/oslo_config/cfg.py:2602
2025-10-11 10:56:17.269 15 DEBUG glance.common.config [None req-0a7119f2-120c-45cb-8cb4-fc8de7180446 - - - - - -] log_config_append = None log_opt_values /usr/lib/python3.9/site-packages/oslo_config/cfg.py:2602
2025-10-11 10:56:17.269 15 DEBUG glance.common.config [None req-0a7119f2-120c-45cb-8cb4-fc8de7180446 - - - - - -] log_date_format = %Y-%m-%d %H:%M:%S log_opt_values /usr/lib/python3.9/site-packages/oslo_config/cfg.py:2602
2025-10-11 10:56:17.269 15 DEBUG glance.common.config [None req-0a7119f2-120c-45cb-8cb4-fc8de7180446 - - - - - -] log_dir = None log_opt_values /usr/lib/python3.9/site-packages/oslo_config/cfg.py:2602
2025-10-11 10:56:17.269 15 DEBUG glance.common.config [None req-0a7119f2-120c-45cb-8cb4-fc8de7180446 - - - - - -] log_file = /var/log/glance/glance-b5802-default-external.log log_opt_values /usr/lib/python3.9/site-packages/oslo_config/cfg.py:2602
2025-10-11 10:56:17.269 15 DEBUG glance.common.config [None req-0a7119f2-120c-45cb-8cb4-fc8de7180446 - - - - - -] log_rotate_interval = 1 log_opt_values /usr/lib/python3.9/site-packages/oslo_config/cfg.py:2602
2025-10-11 10:56:17.270 15 DEBUG glance.common.config [None req-0a7119f2-120c-45cb-8cb4-fc8de7180446 - - - - - -] log_rotate_interval_type = days log_opt_values /usr/lib/python3.9/site-packages/oslo_config/cfg.py:2602
2025-10-11 10:56:17.270 15 DEBUG glance.common.config [None req-0a7119f2-120c-45cb-8cb4-fc8de7180446 - - - - - -] log_rotation_type = size log_opt_values /usr/lib/python3.9/site-packages/oslo_config/cfg.py:2602
2025-10-11 10:56:17.270 15 DEBUG glance.common.config [None req-0a7119f2-120c-45cb-8cb4-fc8de7180446 - - - - - -] logging_context_format_string = %(asctime)s.%(msecs)03d %(process)d %(levelname)s %(name)s [%(global_request_id)s %(request_id)s %(user_identity)s] %(instance)s%(message)s log_opt_values /usr/lib/python3.9/site-packages/oslo_config/cfg.py:2602
2025-10-11 10:56:17.270 15 DEBUG glance.common.config [None req-0a7119f2-120c-45cb-8cb4-fc8de7180446 - - - - - -] logging_debug_format_suffix = %(funcName)s %(pathname)s:%(lineno)d log_opt_values /usr/lib/python3.9/site-packages/oslo_config/cfg.py:2602
2025-10-11 10:56:17.270 15 DEBUG glance.common.config [None req-0a7119f2-120c-45cb-8cb4-fc8de7180446 - - - - - -] logging_default_format_string = %(asctime)s.%(msecs)03d %(process)d %(levelname)s %(name)s [-] %(instance)s%(message)s log_opt_values /usr/lib/python3.9/site-packages/oslo_config/cfg.py:2602
2025-10-11 10:56:17.270 15 DEBUG glance.common.config [None req-0a7119f2-120c-45cb-8cb4-fc8de7180446 - - - - - -] logging_exception_prefix = %(asctime)s.%(msecs)03d %(process)d ERROR %(name)s %(instance)s log_opt_values /usr/lib/python3.9/site-packages/oslo_config/cfg.py:2602
2025-10-11 10:56:17.270 15 DEBUG glance.common.config [None req-0a7119f2-120c-45cb-8cb4-fc8de7180446 - - - - - -] logging_user_identity_format = %(user)s %(project)s %(domain)s %(system_scope)s %(user_domain)s %(project_domain)s log_opt_values /usr/lib/python3.9/site-packages/oslo_config/cfg.py:2602
2025-10-11 10:56:17.271 15 DEBUG glance.common.config [None req-0a7119f2-120c-45cb-8cb4-fc8de7180446 - - - - - -] max_header_line = 16384 log_opt_values /usr/lib/python3.9/site-packages/oslo_config/cfg.py:2602
2025-10-11 10:56:17.271 15 DEBUG glance.common.config [None req-0a7119f2-120c-45cb-8cb4-fc8de7180446 - - - - - -] max_logfile_count = 1 log_opt_values /usr/lib/python3.9/site-packages/oslo_config/cfg.py:2602
2025-10-11 10:56:17.271 15 DEBUG glance.common.config [None req-0a7119f2-120c-45cb-8cb4-fc8de7180446 - - - - - -] max_logfile_size_mb = 20 log_opt_values /usr/lib/python3.9/site-packages/oslo_config/cfg.py:2602
2025-10-11 10:56:17.271 15 DEBUG glance.common.config [None req-0a7119f2-120c-45cb-8cb4-fc8de7180446 - - - - - -] max_request_id_length = 64 log_opt_values /usr/lib/python3.9/site-packages/oslo_config/cfg.py:2602
2025-10-11 10:56:17.271 15 DEBUG glance.common.config [None req-0a7119f2-120c-45cb-8cb4-fc8de7180446 - - - - - -] metadata_encryption_key = **** log_opt_values /usr/lib/python3.9/site-packages/oslo_config/cfg.py:2602
2025-10-11 10:56:17.271 15 DEBUG glance.common.config [None req-0a7119f2-120c-45cb-8cb4-fc8de7180446 - - - - - -] node_staging_uri = file:///tmp/staging/ log_opt_values /usr/lib/python3.9/site-packages/oslo_config/cfg.py:2602
2025-10-11 10:56:17.272 15 DEBUG glance.common.config [None req-0a7119f2-120c-45cb-8cb4-fc8de7180446 - - - - - -] property_protection_file = None log_opt_values /usr/lib/python3.9/site-packages/oslo_config/cfg.py:2602
2025-10-11 10:56:17.272 15 DEBUG glance.common.config [None req-0a7119f2-120c-45cb-8cb4-fc8de7180446 - - - - - -] property_protection_rule_format = roles log_opt_values /usr/lib/python3.9/site-packages/oslo_config/cfg.py:2602
2025-10-11 10:56:17.272 15 DEBUG glance.common.config [None req-0a7119f2-120c-45cb-8cb4-fc8de7180446 - - - - - -] public_endpoint = None log_opt_values /usr/lib/python3.9/site-packages/oslo_config/cfg.py:2602
2025-10-11 10:56:17.272 15 DEBUG glance.common.config [None req-0a7119f2-120c-45cb-8cb4-fc8de7180446 - - - - - -] publish_errors = False log_opt_values /usr/lib/python3.9/site-packages/oslo_config/cfg.py:2602
2025-10-11 10:56:17.272 15 DEBUG glance.common.config [None req-0a7119f2-120c-45cb-8cb4-fc8de7180446 - - - - - -] pydev_worker_debug_host = None log_opt_values /usr/lib/python3.9/site-packages/oslo_config/cfg.py:2602
2025-10-11 10:56:17.272 15 DEBUG glance.common.config [None req-0a7119f2-120c-45cb-8cb4-fc8de7180446 - - - - - -] pydev_worker_debug_port = 5678 log_opt_values /usr/lib/python3.9/site-packages/oslo_config/cfg.py:2602
2025-10-11 10:56:17.272 14 WARNING keystonemiddleware.auth_token [None req-95540701-4315-4567-9739-b393b33b61df - - - - - -] AuthToken middleware is set with keystone_authtoken.service_token_roles_required set to False. This is backwards compatible but deprecated behaviour. Please set this to True.
2025-10-11 10:56:17.272 15 DEBUG glance.common.config [None req-0a7119f2-120c-45cb-8cb4-fc8de7180446 - - - - - -] rate_limit_burst = 0 log_opt_values /usr/lib/python3.9/site-packages/oslo_config/cfg.py:2602
2025-10-11 10:56:17.273 15 DEBUG glance.common.config [None req-0a7119f2-120c-45cb-8cb4-fc8de7180446 - - - - - -] rate_limit_except_level = CRITICAL log_opt_values /usr/lib/python3.9/site-packages/oslo_config/cfg.py:2602
2025-10-11 10:56:17.273 15 DEBUG glance.common.config [None req-0a7119f2-120c-45cb-8cb4-fc8de7180446 - - - - - -] rate_limit_interval = 0 log_opt_values /usr/lib/python3.9/site-packages/oslo_config/cfg.py:2602
2025-10-11 10:56:17.273 15 DEBUG glance.common.config [None req-0a7119f2-120c-45cb-8cb4-fc8de7180446 - - - - - -] scrub_pool_size = 1 log_opt_values /usr/lib/python3.9/site-packages/oslo_config/cfg.py:2602
2025-10-11 10:56:17.273 15 DEBUG glance.common.config [None req-0a7119f2-120c-45cb-8cb4-fc8de7180446 - - - - - -] scrub_time = 0 log_opt_values /usr/lib/python3.9/site-packages/oslo_config/cfg.py:2602
2025-10-11 10:56:17.273 15 DEBUG glance.common.config [None req-0a7119f2-120c-45cb-8cb4-fc8de7180446 - - - - - -] show_image_direct_url = False log_opt_values /usr/lib/python3.9/site-packages/oslo_config/cfg.py:2602
2025-10-11 10:56:17.274 15 WARNING oslo_config.cfg [None req-0a7119f2-120c-45cb-8cb4-fc8de7180446 - - - - - -] Deprecated: Option "show_multiple_locations" from group "DEFAULT" is deprecated for removal (Use of this option, deprecated since Newton, is a security risk and will be removed once we figure out a way to satisfy those use cases that currently require it. An earlier announcement that the same functionality can be achieved with greater granularity by using policies is incorrect. You cannot work around this option via policy configuration at the present time, though that is the direction we believe the fix will take. Please keep an eye on the Glance release notes to stay up to date on progress in addressing this issue.). Its value may be silently ignored in the future.
2025-10-11 10:56:17.274 15 DEBUG glance.common.config [None req-0a7119f2-120c-45cb-8cb4-fc8de7180446 - - - - - -] show_multiple_locations = False log_opt_values /usr/lib/python3.9/site-packages/oslo_config/cfg.py:2602
2025-10-11 10:56:17.274 15 DEBUG glance.common.config [None req-0a7119f2-120c-45cb-8cb4-fc8de7180446 - - - - - -] syslog_log_facility = LOG_USER log_opt_values /usr/lib/python3.9/site-packages/oslo_config/cfg.py:2602
2025-10-11 10:56:17.274 15 DEBUG glance.common.config [None req-0a7119f2-120c-45cb-8cb4-fc8de7180446 - - - - - -] tcp_keepidle = 600 log_opt_values /usr/lib/python3.9/site-packages/oslo_config/cfg.py:2602
2025-10-11 10:56:17.274 15 DEBUG glance.common.config [None req-0a7119f2-120c-45cb-8cb4-fc8de7180446 - - - - - -] transport_url = **** log_opt_values /usr/lib/python3.9/site-packages/oslo_config/cfg.py:2602
2025-10-11 10:56:17.274 15 DEBUG glance.common.config [None req-0a7119f2-120c-45cb-8cb4-fc8de7180446 - - - - - -] use_eventlog = False log_opt_values /usr/lib/python3.9/site-packages/oslo_config/cfg.py:2602
2025-10-11 10:56:17.275 15 DEBUG glance.common.config [None req-0a7119f2-120c-45cb-8cb4-fc8de7180446 - - - - - -] use_journal = False log_opt_values /usr/lib/python3.9/site-packages/oslo_config/cfg.py:2602
2025-10-11 10:56:17.275 15 DEBUG glance.common.config [None req-0a7119f2-120c-45cb-8cb4-fc8de7180446 - - - - - -] use_json = False log_opt_values /usr/lib/python3.9/site-packages/oslo_config/cfg.py:2602
2025-10-11 10:56:17.275 15 DEBUG glance.common.config [None req-0a7119f2-120c-45cb-8cb4-fc8de7180446 - - - - - -] use_keystone_limits = False log_opt_values /usr/lib/python3.9/site-packages/oslo_config/cfg.py:2602
2025-10-11 10:56:17.275 15 DEBUG glance.common.config [None req-0a7119f2-120c-45cb-8cb4-fc8de7180446 - - - - - -] use_stderr = False log_opt_values /usr/lib/python3.9/site-packages/oslo_config/cfg.py:2602
2025-10-11 10:56:17.275 15 DEBUG glance.common.config [None req-0a7119f2-120c-45cb-8cb4-fc8de7180446 - - - - - -] use_syslog = False log_opt_values /usr/lib/python3.9/site-packages/oslo_config/cfg.py:2602
2025-10-11 10:56:17.275 15 DEBUG glance.common.config [None req-0a7119f2-120c-45cb-8cb4-fc8de7180446 - - - - - -] user_storage_quota = 0 log_opt_values /usr/lib/python3.9/site-packages/oslo_config/cfg.py:2602
2025-10-11 10:56:17.276 15 DEBUG glance.common.config [None req-0a7119f2-120c-45cb-8cb4-fc8de7180446 - - - - - -] watch_log_file = False log_opt_values /usr/lib/python3.9/site-packages/oslo_config/cfg.py:2602
2025-10-11 10:56:17.276 15 DEBUG glance.common.config [None req-0a7119f2-120c-45cb-8cb4-fc8de7180446 - - - - - -] worker_self_reference_url = https://glance-b5802-default-external-api-2.glance-b5802-default-external-api.openstack.svc:9292 log_opt_values /usr/lib/python3.9/site-packages/oslo_config/cfg.py:2602
2025-10-11 10:56:17.276 15 DEBUG glance.common.config [None req-0a7119f2-120c-45cb-8cb4-fc8de7180446 - - - - - -] workers = 3 log_opt_values /usr/lib/python3.9/site-packages/oslo_config/cfg.py:2602
2025-10-11 10:56:17.276 15 DEBUG glance.common.config [None req-0a7119f2-120c-45cb-8cb4-fc8de7180446 - - - - - -] oslo_concurrency.disable_process_locking = False log_opt_values /usr/lib/python3.9/site-packages/oslo_config/cfg.py:2609
2025-10-11 10:56:17.276 15 DEBUG glance.common.config [None req-0a7119f2-120c-45cb-8cb4-fc8de7180446 - - - - - -] oslo_concurrency.lock_path = None log_opt_values /usr/lib/python3.9/site-packages/oslo_config/cfg.py:2609
2025-10-11 10:56:17.276 15 DEBUG glance.common.config [None req-0a7119f2-120c-45cb-8cb4-fc8de7180446 - - - - - -] oslo_middleware.enable_proxy_headers_parsing = True log_opt_values /usr/lib/python3.9/site-packages/oslo_config/cfg.py:2609
2025-10-11 10:56:17.277 15 DEBUG glance.common.config [None req-0a7119f2-120c-45cb-8cb4-fc8de7180446 - - - - - -] oslo_middleware.http_basic_auth_user_file = /etc/htpasswd log_opt_values /usr/lib/python3.9/site-packages/oslo_config/cfg.py:2609
2025-10-11 10:56:17.277 15 DEBUG glance.common.config [None req-0a7119f2-120c-45cb-8cb4-fc8de7180446 - - - - - -] paste_deploy.config_file = None log_opt_values /usr/lib/python3.9/site-packages/oslo_config/cfg.py:2609
2025-10-11 10:56:17.277 15 DEBUG glance.common.config [None req-0a7119f2-120c-45cb-8cb4-fc8de7180446 - - - - - -] paste_deploy.flavor = keystone log_opt_values /usr/lib/python3.9/site-packages/oslo_config/cfg.py:2609
2025-10-11 10:56:17.277 15 DEBUG glance.common.config [None req-0a7119f2-120c-45cb-8cb4-fc8de7180446 - - - - - -] image_format.container_formats = ['ami', 'ari', 'aki', 'bare', 'ovf', 'ova', 'docker', 'compressed'] log_opt_values /usr/lib/python3.9/site-packages/oslo_config/cfg.py:2609
2025-10-11 10:56:17.277 15 DEBUG glance.common.config [None req-0a7119f2-120c-45cb-8cb4-fc8de7180446 - - - - - -] image_format.disk_formats = ['ami', 'ari', 'aki', 'vhd', 'vhdx', 'vmdk', 'raw', 'qcow2', 'vdi', 'iso', 'ploop'] log_opt_values /usr/lib/python3.9/site-packages/oslo_config/cfg.py:2609
2025-10-11 10:56:17.277 15 DEBUG glance.common.config [None req-0a7119f2-120c-45cb-8cb4-fc8de7180446 - - - - - -] image_format.vmdk_allowed_types = ['streamOptimized', 'monolithicSparse'] log_opt_values /usr/lib/python3.9/site-packages/oslo_config/cfg.py:2609
2025-10-11 10:56:17.278 15 DEBUG glance.common.config [None req-0a7119f2-120c-45cb-8cb4-fc8de7180446 - - - - - -] task.task_executor = taskflow log_opt_values /usr/lib/python3.9/site-packages/oslo_config/cfg.py:2609
2025-10-11 10:56:17.278 15 DEBUG glance.common.config [None req-0a7119f2-120c-45cb-8cb4-fc8de7180446 - - - - - -] task.task_time_to_live = 48 log_opt_values /usr/lib/python3.9/site-packages/oslo_config/cfg.py:2609
2025-10-11 10:56:17.278 15 DEBUG glance.common.config [None req-0a7119f2-120c-45cb-8cb4-fc8de7180446 - - - - - -] task.work_dir = None log_opt_values /usr/lib/python3.9/site-packages/oslo_config/cfg.py:2609
2025-10-11 10:56:17.278 15 DEBUG glance.common.config [None req-0a7119f2-120c-45cb-8cb4-fc8de7180446 - - - - - -] wsgi.python_interpreter = None log_opt_values /usr/lib/python3.9/site-packages/oslo_config/cfg.py:2609
2025-10-11 10:56:17.278 15 DEBUG glance.common.config [None req-0a7119f2-120c-45cb-8cb4-fc8de7180446 - - - - - -] wsgi.task_pool_threads = 16 log_opt_values /usr/lib/python3.9/site-packages/oslo_config/cfg.py:2609
2025-10-11 10:56:17.278 15 DEBUG glance.common.config [None req-0a7119f2-120c-45cb-8cb4-fc8de7180446 - - - - - -] oslo_policy.enforce_new_defaults = True log_opt_values /usr/lib/python3.9/site-packages/oslo_config/cfg.py:2609
2025-10-11 10:56:17.279 15 DEBUG glance.common.config [None req-0a7119f2-120c-45cb-8cb4-fc8de7180446 - - - - - -] oslo_policy.enforce_scope = True log_opt_values /usr/lib/python3.9/site-packages/oslo_config/cfg.py:2609
2025-10-11 10:56:17.279 15 DEBUG glance.common.config [None req-0a7119f2-120c-45cb-8cb4-fc8de7180446 - - - - - -] oslo_policy.policy_default_rule = default log_opt_values /usr/lib/python3.9/site-packages/oslo_config/cfg.py:2609
2025-10-11 10:56:17.279 15 DEBUG glance.common.config [None req-0a7119f2-120c-45cb-8cb4-fc8de7180446 - - - - - -] oslo_policy.policy_dirs = ['policy.d'] log_opt_values /usr/lib/python3.9/site-packages/oslo_config/cfg.py:2609
2025-10-11 10:56:17.279 15 DEBUG glance.common.config [None req-0a7119f2-120c-45cb-8cb4-fc8de7180446 - - - - - -] oslo_policy.policy_file = policy.yaml log_opt_values /usr/lib/python3.9/site-packages/oslo_config/cfg.py:2609
2025-10-11 10:56:17.279 15 DEBUG glance.common.config [None req-0a7119f2-120c-45cb-8cb4-fc8de7180446 - - - - - -] oslo_policy.remote_content_type = application/x-www-form-urlencoded log_opt_values /usr/lib/python3.9/site-packages/oslo_config/cfg.py:2609
2025-10-11 10:56:17.279 15 DEBUG glance.common.config [None req-0a7119f2-120c-45cb-8cb4-fc8de7180446 - - - - - -] oslo_policy.remote_ssl_ca_crt_file = None log_opt_values /usr/lib/python3.9/site-packages/oslo_config/cfg.py:2609
2025-10-11 10:56:17.280 15 DEBUG glance.common.config [None req-0a7119f2-120c-45cb-8cb4-fc8de7180446 - - - - - -] oslo_policy.remote_ssl_client_crt_file = None log_opt_values /usr/lib/python3.9/site-packages/oslo_config/cfg.py:2609
2025-10-11 10:56:17.280 15 DEBUG glance.common.config [None req-0a7119f2-120c-45cb-8cb4-fc8de7180446 - - - - - -] oslo_policy.remote_ssl_client_key_file = None log_opt_values /usr/lib/python3.9/site-packages/oslo_config/cfg.py:2609
2025-10-11 10:56:17.280 15 DEBUG glance.common.config [None req-0a7119f2-120c-45cb-8cb4-fc8de7180446 - - - - - -] oslo_policy.remote_ssl_verify_server_crt = False log_opt_values /usr/lib/python3.9/site-packages/oslo_config/cfg.py:2609
2025-10-11 10:56:17.280 15 DEBUG glance.common.config [None req-0a7119f2-120c-45cb-8cb4-fc8de7180446 - - - - - -] store_type_location_strategy.store_type_preference = [] log_opt_values /usr/lib/python3.9/site-packages/oslo_config/cfg.py:2609
2025-10-11 10:56:17.280 15 DEBUG glance.common.config [None req-0a7119f2-120c-45cb-8cb4-fc8de7180446 - - - - - -] oslo_messaging_metrics.metrics_buffer_size = 1000 log_opt_values /usr/lib/python3.9/site-packages/oslo_config/cfg.py:2609
2025-10-11 10:56:17.280 15 DEBUG glance.common.config [None req-0a7119f2-120c-45cb-8cb4-fc8de7180446 - - - - - -] oslo_messaging_metrics.metrics_enabled = False log_opt_values /usr/lib/python3.9/site-packages/oslo_config/cfg.py:2609
2025-10-11 10:56:17.280 15 DEBUG glance.common.config [None req-0a7119f2-120c-45cb-8cb4-fc8de7180446 - - - - - -] oslo_messaging_metrics.metrics_process_name = log_opt_values /usr/lib/python3.9/site-packages/oslo_config/cfg.py:2609
2025-10-11 10:56:17.281 15 DEBUG glance.common.config [None req-0a7119f2-120c-45cb-8cb4-fc8de7180446 - - - - - -] oslo_messaging_metrics.metrics_socket_file = /var/tmp/metrics_collector.sock log_opt_values /usr/lib/python3.9/site-packages/oslo_config/cfg.py:2609
2025-10-11 10:56:17.281 15 DEBUG glance.common.config [None req-0a7119f2-120c-45cb-8cb4-fc8de7180446 - - - - - -] oslo_messaging_metrics.metrics_thread_stop_timeout = 10 log_opt_values /usr/lib/python3.9/site-packages/oslo_config/cfg.py:2609
2025-10-11 10:56:17.281 15 DEBUG glance.common.config [None req-0a7119f2-120c-45cb-8cb4-fc8de7180446 - - - - - -] profiler.connection_string = messaging:// log_opt_values /usr/lib/python3.9/site-packages/oslo_config/cfg.py:2609
2025-10-11 10:56:17.281 15 DEBUG glance.common.config [None req-0a7119f2-120c-45cb-8cb4-fc8de7180446 - - - - - -] profiler.enabled = False log_opt_values /usr/lib/python3.9/site-packages/oslo_config/cfg.py:2609
2025-10-11 10:56:17.281 15 DEBUG glance.common.config [None req-0a7119f2-120c-45cb-8cb4-fc8de7180446 - - - - - -] profiler.es_doc_type = notification log_opt_values /usr/lib/python3.9/site-packages/oslo_config/cfg.py:2609
2025-10-11 10:56:17.281 15 DEBUG glance.common.config [None req-0a7119f2-120c-45cb-8cb4-fc8de7180446 - - - - - -] profiler.es_scroll_size = 10000 log_opt_values /usr/lib/python3.9/site-packages/oslo_config/cfg.py:2609
2025-10-11 10:56:17.282 15 DEBUG glance.common.config [None req-0a7119f2-120c-45cb-8cb4-fc8de7180446 - - - - - -] profiler.es_scroll_time = 2m log_opt_values /usr/lib/python3.9/site-packages/oslo_config/cfg.py:2609
2025-10-11 10:56:17.282 15 DEBUG glance.common.config [None req-0a7119f2-120c-45cb-8cb4-fc8de7180446 - - - - - -] profiler.filter_error_trace = False log_opt_values /usr/lib/python3.9/site-packages/oslo_config/cfg.py:2609
2025-10-11 10:56:17.282 15 DEBUG glance.common.config [None req-0a7119f2-120c-45cb-8cb4-fc8de7180446 - - - - - -] profiler.hmac_keys = SECRET_KEY log_opt_values /usr/lib/python3.9/site-packages/oslo_config/cfg.py:2609
2025-10-11 10:56:17.282 15 DEBUG glance.common.config [None req-0a7119f2-120c-45cb-8cb4-fc8de7180446 - - - - - -] profiler.sentinel_service_name = mymaster log_opt_values /usr/lib/python3.9/site-packages/oslo_config/cfg.py:2609
2025-10-11 10:56:17.282 15 DEBUG glance.common.config [None req-0a7119f2-120c-45cb-8cb4-fc8de7180446 - - - - - -] profiler.socket_timeout = 0.1 log_opt_values /usr/lib/python3.9/site-packages/oslo_config/cfg.py:2609
2025-10-11 10:56:17.282 14 DEBUG glance.common.config [None req-95540701-4315-4567-9739-b393b33b61df - - - - - -] ******************************************************************************** log_opt_values /usr/lib/python3.9/site-packages/oslo_config/cfg.py:2589
2025-10-11 10:56:17.283 15 DEBUG glance.common.config [None req-0a7119f2-120c-45cb-8cb4-fc8de7180446 - - - - - -] profiler.trace_sqlalchemy = False log_opt_values /usr/lib/python3.9/site-packages/oslo_config/cfg.py:2609
2025-10-11 10:56:17.283 14 DEBUG glance.common.config [None req-95540701-4315-4567-9739-b393b33b61df - - - - - -] Configuration options gathered from: log_opt_values /usr/lib/python3.9/site-packages/oslo_config/cfg.py:2590
2025-10-11 10:56:17.283 15 DEBUG glance.common.config [None req-0a7119f2-120c-45cb-8cb4-fc8de7180446 - - - - - -] import_filtering_opts.allowed_hosts = [] log_opt_values /usr/lib/python3.9/site-packages/oslo_config/cfg.py:2609
2025-10-11 10:56:17.283 14 DEBUG glance.common.config [None req-95540701-4315-4567-9739-b393b33b61df - - - - - -] command line args: [] log_opt_values /usr/lib/python3.9/site-packages/oslo_config/cfg.py:2591
2025-10-11 10:56:17.283 15 DEBUG glance.common.config [None req-0a7119f2-120c-45cb-8cb4-fc8de7180446 - - - - - -] import_filtering_opts.allowed_ports = [80, 443] log_opt_values /usr/lib/python3.9/site-packages/oslo_config/cfg.py:2609
2025-10-11 10:56:17.283 14 DEBUG glance.common.config [None req-95540701-4315-4567-9739-b393b33b61df - - - - - -] config files: ['/etc/glance/glance-api-paste.ini', '/etc/glance/glance-image-import.conf', '/etc/glance/glance-api.conf'] log_opt_values /usr/lib/python3.9/site-packages/oslo_config/cfg.py:2592
2025-10-11 10:56:17.283 15 DEBUG glance.common.config [None req-0a7119f2-120c-45cb-8cb4-fc8de7180446 - - - - - -] import_filtering_opts.allowed_schemes = ['http', 'https'] log_opt_values /usr/lib/python3.9/site-packages/oslo_config/cfg.py:2609
2025-10-11 10:56:17.283 14 DEBUG glance.common.config [None req-95540701-4315-4567-9739-b393b33b61df - - - - - -] ================================================================================ log_opt_values /usr/lib/python3.9/site-packages/oslo_config/cfg.py:2594
2025-10-11 10:56:17.283 15 DEBUG glance.common.config [None req-0a7119f2-120c-45cb-8cb4-fc8de7180446 - - - - - -] import_filtering_opts.disallowed_hosts = [] log_opt_values /usr/lib/python3.9/site-packages/oslo_config/cfg.py:2609
2025-10-11 10:56:17.283 15 DEBUG glance.common.config [None req-0a7119f2-120c-45cb-8cb4-fc8de7180446 - - - - - -] import_filtering_opts.disallowed_ports = [] log_opt_values /usr/lib/python3.9/site-packages/oslo_config/cfg.py:2609
2025-10-11 10:56:17.283 14 DEBUG glance.common.config [None req-95540701-4315-4567-9739-b393b33b61df - - - - - -] allow_additional_image_properties = True log_opt_values /usr/lib/python3.9/site-packages/oslo_config/cfg.py:2602
2025-10-11 10:56:17.284 15 DEBUG glance.common.config [None req-0a7119f2-120c-45cb-8cb4-fc8de7180446 - - - - - -] import_filtering_opts.disallowed_schemes = [] log_opt_values /usr/lib/python3.9/site-packages/oslo_config/cfg.py:2609
2025-10-11 10:56:17.284 14 DEBUG glance.common.config [None req-95540701-4315-4567-9739-b393b33b61df - - - - - -] allow_anonymous_access = False log_opt_values /usr/lib/python3.9/site-packages/oslo_config/cfg.py:2602
2025-10-11 10:56:17.284 15 DEBUG glance.common.config [None req-0a7119f2-120c-45cb-8cb4-fc8de7180446 - - - - - -] glance_store.default_backend = default_backend log_opt_values /usr/lib/python3.9/site-packages/oslo_config/cfg.py:2609
2025-10-11 10:56:17.284 14 DEBUG glance.common.config [None req-95540701-4315-4567-9739-b393b33b61df - - - - - -] api_limit_max = 1000 log_opt_values /usr/lib/python3.9/site-packages/oslo_config/cfg.py:2602
2025-10-11 10:56:17.284 15 DEBUG glance.common.config [None req-0a7119f2-120c-45cb-8cb4-fc8de7180446 - - - - - -] os_glance_staging_store.filesystem_store_chunk_size = 65536 log_opt_values /usr/lib/python3.9/site-packages/oslo_config/cfg.py:2609
2025-10-11 10:56:17.284 14 DEBUG glance.common.config [None req-95540701-4315-4567-9739-b393b33b61df - - - - - -] backlog = 4096 log_opt_values /usr/lib/python3.9/site-packages/oslo_config/cfg.py:2602
2025-10-11 10:56:17.284 15 DEBUG glance.common.config [None req-0a7119f2-120c-45cb-8cb4-fc8de7180446 - - - - - -] os_glance_staging_store.filesystem_store_datadir = /var/lib/glance/os_glance_staging_store/ log_opt_values /usr/lib/python3.9/site-packages/oslo_config/cfg.py:2609
2025-10-11 10:56:17.284 15 DEBUG glance.common.config [None req-0a7119f2-120c-45cb-8cb4-fc8de7180446 - - - - - -] os_glance_staging_store.filesystem_store_datadirs = None log_opt_values /usr/lib/python3.9/site-packages/oslo_config/cfg.py:2609
2025-10-11 10:56:17.285 15 DEBUG glance.common.config [None req-0a7119f2-120c-45cb-8cb4-fc8de7180446 - - - - - -] os_glance_staging_store.filesystem_store_file_perm = 0 log_opt_values /usr/lib/python3.9/site-packages/oslo_config/cfg.py:2609
2025-10-11 10:56:17.285 15 DEBUG glance.common.config [None req-0a7119f2-120c-45cb-8cb4-fc8de7180446 - - - - - -] os_glance_staging_store.filesystem_store_metadata_file = None log_opt_values /usr/lib/python3.9/site-packages/oslo_config/cfg.py:2609
2025-10-11 10:56:17.285 15 DEBUG glance.common.config [None req-0a7119f2-120c-45cb-8cb4-fc8de7180446 - - - - - -] os_glance_staging_store.filesystem_thin_provisioning = False log_opt_values /usr/lib/python3.9/site-packages/oslo_config/cfg.py:2609
2025-10-11 10:56:17.285 14 DEBUG glance.common.config [None req-95540701-4315-4567-9739-b393b33b61df - - - - - -] bind_host = localhost log_opt_values /usr/lib/python3.9/site-packages/oslo_config/cfg.py:2602
2025-10-11 10:56:17.285 15 DEBUG glance.common.config [None req-0a7119f2-120c-45cb-8cb4-fc8de7180446 - - - - - -] os_glance_staging_store.store_description = None log_opt_values /usr/lib/python3.9/site-packages/oslo_config/cfg.py:2609
2025-10-11 10:56:17.285 14 DEBUG glance.common.config [None req-95540701-4315-4567-9739-b393b33b61df - - - - - -] bind_port = 9293 log_opt_values /usr/lib/python3.9/site-packages/oslo_config/cfg.py:2602
2025-10-11 10:56:17.285 15 DEBUG glance.common.config [None req-0a7119f2-120c-45cb-8cb4-fc8de7180446 - - - - - -] os_glance_tasks_store.filesystem_store_chunk_size = 65536 log_opt_values /usr/lib/python3.9/site-packages/oslo_config/cfg.py:2609
2025-10-11 10:56:17.285 14 DEBUG glance.common.config [None req-95540701-4315-4567-9739-b393b33b61df - - - - - -] client_socket_timeout = 900 log_opt_values /usr/lib/python3.9/site-packages/oslo_config/cfg.py:2602
2025-10-11 10:56:17.285 15 DEBUG glance.common.config [None req-0a7119f2-120c-45cb-8cb4-fc8de7180446 - - - - - -] os_glance_tasks_store.filesystem_store_datadir = /var/lib/glance/os_glance_tasks_store/ log_opt_values /usr/lib/python3.9/site-packages/oslo_config/cfg.py:2609
2025-10-11 10:56:17.286 15 DEBUG glance.common.config [None req-0a7119f2-120c-45cb-8cb4-fc8de7180446 - - - - - -] os_glance_tasks_store.filesystem_store_datadirs = None log_opt_values /usr/lib/python3.9/site-packages/oslo_config/cfg.py:2609
2025-10-11 10:56:17.285 14 DEBUG glance.common.config [None req-95540701-4315-4567-9739-b393b33b61df - - - - - -] config_dir = ['/etc/glance/glance.conf.d'] log_opt_values /usr/lib/python3.9/site-packages/oslo_config/cfg.py:2602
2025-10-11 10:56:17.286 15 DEBUG glance.common.config [None req-0a7119f2-120c-45cb-8cb4-fc8de7180446 - - - - - -] os_glance_tasks_store.filesystem_store_file_perm = 0 log_opt_values /usr/lib/python3.9/site-packages/oslo_config/cfg.py:2609
2025-10-11 10:56:17.286 14 DEBUG glance.common.config [None req-95540701-4315-4567-9739-b393b33b61df - - - - - -] config_file = ['/etc/glance/glance-api-paste.ini', '/etc/glance/glance-image-import.conf', '/etc/glance/glance-api.conf'] log_opt_values /usr/lib/python3.9/site-packages/oslo_config/cfg.py:2602
2025-10-11 10:56:17.286 15 DEBUG glance.common.config [None req-0a7119f2-120c-45cb-8cb4-fc8de7180446 - - - - - -] os_glance_tasks_store.filesystem_store_metadata_file = None log_opt_values /usr/lib/python3.9/site-packages/oslo_config/cfg.py:2609
2025-10-11 10:56:17.286 14 DEBUG glance.common.config [None req-95540701-4315-4567-9739-b393b33b61df - - - - - -] config_source = [] log_opt_values /usr/lib/python3.9/site-packages/oslo_config/cfg.py:2602
2025-10-11 10:56:17.286 15 DEBUG glance.common.config [None req-0a7119f2-120c-45cb-8cb4-fc8de7180446 - - - - - -] os_glance_tasks_store.filesystem_thin_provisioning = False log_opt_values /usr/lib/python3.9/site-packages/oslo_config/cfg.py:2609
2025-10-11 10:56:17.286 14 DEBUG glance.common.config [None req-95540701-4315-4567-9739-b393b33b61df - - - - - -] control_exchange = glance log_opt_values /usr/lib/python3.9/site-packages/oslo_config/cfg.py:2602
2025-10-11 10:56:17.286 15 DEBUG glance.common.config [None req-0a7119f2-120c-45cb-8cb4-fc8de7180446 - - - - - -] os_glance_tasks_store.store_description = None log_opt_values /usr/lib/python3.9/site-packages/oslo_config/cfg.py:2609
2025-10-11 10:56:17.286 14 DEBUG glance.common.config [None req-95540701-4315-4567-9739-b393b33b61df - - - - - -] debug = True log_opt_values /usr/lib/python3.9/site-packages/oslo_config/cfg.py:2602
2025-10-11 10:56:17.286 15 DEBUG glance.common.config [None req-0a7119f2-120c-45cb-8cb4-fc8de7180446 - - - - - -] os_brick.lock_path = /var/locks/openstack/os-brick log_opt_values /usr/lib/python3.9/site-packages/oslo_config/cfg.py:2609
2025-10-11 10:56:17.287 14 DEBUG glance.common.config [None req-95540701-4315-4567-9739-b393b33b61df - - - - - -] default_log_levels = ['amqp=WARN', 'amqplib=WARN', 'boto=WARN', 'qpid=WARN', 'sqlalchemy=WARN', 'suds=INFO', 'oslo.messaging=INFO', 'oslo_messaging=INFO', 'iso8601=WARN', 'requests.packages.urllib3.connectionpool=WARN', 'urllib3.connectionpool=WARN', 'websocket=WARN', 'requests.packages.urllib3.util.retry=WARN', 'urllib3.util.retry=WARN', 'keystonemiddleware=WARN', 'routes.middleware=WARN', 'stevedore=WARN', 'taskflow=WARN', 'keystoneauth=WARN', 'oslo.cache=INFO', 'oslo_policy=INFO', 'dogpile.core.dogpile=INFO'] log_opt_values /usr/lib/python3.9/site-packages/oslo_config/cfg.py:2602
2025-10-11 10:56:17.287 15 DEBUG glance.common.config [None req-0a7119f2-120c-45cb-8cb4-fc8de7180446 - - - - - -] os_brick.wait_mpath_device_attempts = 4 log_opt_values /usr/lib/python3.9/site-packages/oslo_config/cfg.py:2609
2025-10-11 10:56:17.287 14 DEBUG glance.common.config [None req-95540701-4315-4567-9739-b393b33b61df - - - - - -] default_publisher_id = image.localhost log_opt_values /usr/lib/python3.9/site-packages/oslo_config/cfg.py:2602
2025-10-11 10:56:17.287 15 DEBUG glance.common.config [None req-0a7119f2-120c-45cb-8cb4-fc8de7180446 - - - - - -] os_brick.wait_mpath_device_interval = 1 log_opt_values /usr/lib/python3.9/site-packages/oslo_config/cfg.py:2609
2025-10-11 10:56:17.287 14 DEBUG glance.common.config [None req-95540701-4315-4567-9739-b393b33b61df - - - - - -] delayed_delete = False log_opt_values /usr/lib/python3.9/site-packages/oslo_config/cfg.py:2602
2025-10-11 10:56:17.287 15 DEBUG glance.common.config [None req-0a7119f2-120c-45cb-8cb4-fc8de7180446 - - - - - -] privsep_osbrick.capabilities = [21] log_opt_values /usr/lib/python3.9/site-packages/oslo_config/cfg.py:2609
2025-10-11 10:56:17.287 14 DEBUG glance.common.config [None req-95540701-4315-4567-9739-b393b33b61df - - - - - -] digest_algorithm = sha256 log_opt_values /usr/lib/python3.9/site-packages/oslo_config/cfg.py:2602
