2025-10-11 10:56:17.262 14 DEBUG glance.common.config [None req-7aa13343-ab39-45d2-9637-f481075b348a - - - - - -] barbican.barbican_endpoint_type = public log_opt_values /usr/lib/python3.9/site-packages/oslo_config/cfg.py:2609
2025-10-11 10:56:17.263 13 DEBUG glance.common.config [None req-ce8dc463-f1ef-41e3-8349-ba6f87f5a0d8 - - - - - -] oslo_messaging_rabbit.rabbit_quorum_max_memory_length = 0 log_opt_values /usr/lib/python3.9/site-packages/oslo_config/cfg.py:2609
2025-10-11 10:56:17.263 14 DEBUG glance.common.config [None req-7aa13343-ab39-45d2-9637-f481075b348a - - - - - -] barbican.barbican_region_name = None log_opt_values /usr/lib/python3.9/site-packages/oslo_config/cfg.py:2609
2025-10-11 10:56:17.263 13 DEBUG glance.common.config [None req-ce8dc463-f1ef-41e3-8349-ba6f87f5a0d8 - - - - - -] oslo_messaging_rabbit.rabbit_quorum_queue = False log_opt_values /usr/lib/python3.9/site-packages/oslo_config/cfg.py:2609
2025-10-11 10:56:17.263 14 DEBUG glance.common.config [None req-7aa13343-ab39-45d2-9637-f481075b348a - - - - - -] barbican.cafile = None log_opt_values /usr/lib/python3.9/site-packages/oslo_config/cfg.py:2609
2025-10-11 10:56:17.263 13 DEBUG glance.common.config [None req-ce8dc463-f1ef-41e3-8349-ba6f87f5a0d8 - - - - - -] oslo_messaging_rabbit.rabbit_retry_backoff = 2 log_opt_values /usr/lib/python3.9/site-packages/oslo_config/cfg.py:2609
2025-10-11 10:56:17.263 13 DEBUG glance.common.config [None req-ce8dc463-f1ef-41e3-8349-ba6f87f5a0d8 - - - - - -] oslo_messaging_rabbit.rabbit_retry_interval = 1 log_opt_values /usr/lib/python3.9/site-packages/oslo_config/cfg.py:2609
2025-10-11 10:56:17.263 14 DEBUG glance.common.config [None req-7aa13343-ab39-45d2-9637-f481075b348a - - - - - -] barbican.certfile = None log_opt_values /usr/lib/python3.9/site-packages/oslo_config/cfg.py:2609
2025-10-11 10:56:17.263 13 DEBUG glance.common.config [None req-ce8dc463-f1ef-41e3-8349-ba6f87f5a0d8 - - - - - -] oslo_messaging_rabbit.rabbit_transient_queues_ttl = 1800 log_opt_values /usr/lib/python3.9/site-packages/oslo_config/cfg.py:2609
2025-10-11 10:56:17.263 14 DEBUG glance.common.config [None req-7aa13343-ab39-45d2-9637-f481075b348a - - - - - -] barbican.collect_timing = False log_opt_values /usr/lib/python3.9/site-packages/oslo_config/cfg.py:2609
2025-10-11 10:56:17.263 13 DEBUG glance.common.config [None req-ce8dc463-f1ef-41e3-8349-ba6f87f5a0d8 - - - - - -] oslo_messaging_rabbit.rpc_conn_pool_size = 30 log_opt_values /usr/lib/python3.9/site-packages/oslo_config/cfg.py:2609
2025-10-11 10:56:17.263 14 DEBUG glance.common.config [None req-7aa13343-ab39-45d2-9637-f481075b348a - - - - - -] barbican.insecure = False log_opt_values /usr/lib/python3.9/site-packages/oslo_config/cfg.py:2609
2025-10-11 10:56:17.264 13 DEBUG glance.common.config [None req-ce8dc463-f1ef-41e3-8349-ba6f87f5a0d8 - - - - - -] oslo_messaging_rabbit.ssl = False log_opt_values /usr/lib/python3.9/site-packages/oslo_config/cfg.py:2609
2025-10-11 10:56:17.264 13 DEBUG glance.common.config [None req-ce8dc463-f1ef-41e3-8349-ba6f87f5a0d8 - - - - - -] oslo_messaging_rabbit.ssl_ca_file = log_opt_values /usr/lib/python3.9/site-packages/oslo_config/cfg.py:2609
2025-10-11 10:56:17.264 14 DEBUG glance.common.config [None req-7aa13343-ab39-45d2-9637-f481075b348a - - - - - -] barbican.keyfile = None log_opt_values /usr/lib/python3.9/site-packages/oslo_config/cfg.py:2609
2025-10-11 10:56:17.264 13 DEBUG glance.common.config [None req-ce8dc463-f1ef-41e3-8349-ba6f87f5a0d8 - - - - - -] oslo_messaging_rabbit.ssl_cert_file = log_opt_values /usr/lib/python3.9/site-packages/oslo_config/cfg.py:2609
2025-10-11 10:56:17.264 14 DEBUG glance.common.config [None req-7aa13343-ab39-45d2-9637-f481075b348a - - - - - -] barbican.number_of_retries = 60 log_opt_values /usr/lib/python3.9/site-packages/oslo_config/cfg.py:2609
2025-10-11 10:56:17.264 13 DEBUG glance.common.config [None req-ce8dc463-f1ef-41e3-8349-ba6f87f5a0d8 - - - - - -] oslo_messaging_rabbit.ssl_enforce_fips_mode = False log_opt_values /usr/lib/python3.9/site-packages/oslo_config/cfg.py:2609
2025-10-11 10:56:17.264 13 DEBUG glance.common.config [None req-ce8dc463-f1ef-41e3-8349-ba6f87f5a0d8 - - - - - -] oslo_messaging_rabbit.ssl_key_file = log_opt_values /usr/lib/python3.9/site-packages/oslo_config/cfg.py:2609
2025-10-11 10:56:17.264 14 DEBUG glance.common.config [None req-7aa13343-ab39-45d2-9637-f481075b348a - - - - - -] barbican.retry_delay = 1 log_opt_values /usr/lib/python3.9/site-packages/oslo_config/cfg.py:2609
2025-10-11 10:56:17.265 13 DEBUG glance.common.config [None req-ce8dc463-f1ef-41e3-8349-ba6f87f5a0d8 - - - - - -] oslo_messaging_rabbit.ssl_version = log_opt_values /usr/lib/python3.9/site-packages/oslo_config/cfg.py:2609
2025-10-11 10:56:17.265 13 DEBUG glance.common.config [None req-ce8dc463-f1ef-41e3-8349-ba6f87f5a0d8 - - - - - -] key_manager.backend = barbican log_opt_values /usr/lib/python3.9/site-packages/oslo_config/cfg.py:2609
2025-10-11 10:56:17.265 14 DEBUG glance.common.config [None req-7aa13343-ab39-45d2-9637-f481075b348a - - - - - -] barbican.send_service_user_token = False log_opt_values /usr/lib/python3.9/site-packages/oslo_config/cfg.py:2609
2025-10-11 10:56:17.265 13 DEBUG glance.common.config [None req-ce8dc463-f1ef-41e3-8349-ba6f87f5a0d8 - - - - - -] key_manager.fixed_key = None log_opt_values /usr/lib/python3.9/site-packages/oslo_config/cfg.py:2609
2025-10-11 10:56:17.265 13 DEBUG glance.common.config [None req-ce8dc463-f1ef-41e3-8349-ba6f87f5a0d8 - - - - - -] barbican.auth_endpoint = https://keystone-internal.openstack.svc:5000 log_opt_values /usr/lib/python3.9/site-packages/oslo_config/cfg.py:2609
2025-10-11 10:56:17.265 14 DEBUG glance.common.config [None req-7aa13343-ab39-45d2-9637-f481075b348a - - - - - -] barbican.split_loggers = False log_opt_values /usr/lib/python3.9/site-packages/oslo_config/cfg.py:2609
2025-10-11 10:56:17.265 13 DEBUG glance.common.config [None req-ce8dc463-f1ef-41e3-8349-ba6f87f5a0d8 - - - - - -] barbican.barbican_api_version = None log_opt_values /usr/lib/python3.9/site-packages/oslo_config/cfg.py:2609
2025-10-11 10:56:17.265 13 DEBUG glance.common.config [None req-ce8dc463-f1ef-41e3-8349-ba6f87f5a0d8 - - - - - -] barbican.barbican_endpoint = None log_opt_values /usr/lib/python3.9/site-packages/oslo_config/cfg.py:2609
2025-10-11 10:56:17.266 13 DEBUG glance.common.config [None req-ce8dc463-f1ef-41e3-8349-ba6f87f5a0d8 - - - - - -] barbican.barbican_endpoint_type = public log_opt_values /usr/lib/python3.9/site-packages/oslo_config/cfg.py:2609
2025-10-11 10:56:17.266 13 DEBUG glance.common.config [None req-ce8dc463-f1ef-41e3-8349-ba6f87f5a0d8 - - - - - -] barbican.barbican_region_name = None log_opt_values /usr/lib/python3.9/site-packages/oslo_config/cfg.py:2609
2025-10-11 10:56:17.266 13 DEBUG glance.common.config [None req-ce8dc463-f1ef-41e3-8349-ba6f87f5a0d8 - - - - - -] barbican.cafile = None log_opt_values /usr/lib/python3.9/site-packages/oslo_config/cfg.py:2609
2025-10-11 10:56:17.266 13 DEBUG glance.common.config [None req-ce8dc463-f1ef-41e3-8349-ba6f87f5a0d8 - - - - - -] barbican.certfile = None log_opt_values /usr/lib/python3.9/site-packages/oslo_config/cfg.py:2609
2025-10-11 10:56:17.266 13 DEBUG glance.common.config [None req-ce8dc463-f1ef-41e3-8349-ba6f87f5a0d8 - - - - - -] barbican.collect_timing = False log_opt_values /usr/lib/python3.9/site-packages/oslo_config/cfg.py:2609
2025-10-11 10:56:17.265 14 DEBUG glance.common.config [None req-7aa13343-ab39-45d2-9637-f481075b348a - - - - - -] barbican.timeout = None log_opt_values /usr/lib/python3.9/site-packages/oslo_config/cfg.py:2609
2025-10-11 10:56:17.266 13 DEBUG glance.common.config [None req-ce8dc463-f1ef-41e3-8349-ba6f87f5a0d8 - - - - - -] barbican.insecure = False log_opt_values /usr/lib/python3.9/site-packages/oslo_config/cfg.py:2609
2025-10-11 10:56:17.266 14 DEBUG glance.common.config [None req-7aa13343-ab39-45d2-9637-f481075b348a - - - - - -] barbican.verify_ssl = True log_opt_values /usr/lib/python3.9/site-packages/oslo_config/cfg.py:2609
2025-10-11 10:56:17.266 13 DEBUG glance.common.config [None req-ce8dc463-f1ef-41e3-8349-ba6f87f5a0d8 - - - - - -] barbican.keyfile = None log_opt_values /usr/lib/python3.9/site-packages/oslo_config/cfg.py:2609
2025-10-11 10:56:17.267 14 DEBUG glance.common.config [None req-7aa13343-ab39-45d2-9637-f481075b348a - - - - - -] barbican.verify_ssl_path = None log_opt_values /usr/lib/python3.9/site-packages/oslo_config/cfg.py:2609
2025-10-11 10:56:17.267 13 DEBUG glance.common.config [None req-ce8dc463-f1ef-41e3-8349-ba6f87f5a0d8 - - - - - -] barbican.number_of_retries = 60 log_opt_values /usr/lib/python3.9/site-packages/oslo_config/cfg.py:2609
2025-10-11 10:56:17.267 14 DEBUG glance.common.config [None req-7aa13343-ab39-45d2-9637-f481075b348a - - - - - -] barbican_service_user.auth_section = None log_opt_values /usr/lib/python3.9/site-packages/oslo_config/cfg.py:2609
2025-10-11 10:56:17.267 13 DEBUG glance.common.config [None req-ce8dc463-f1ef-41e3-8349-ba6f87f5a0d8 - - - - - -] barbican.retry_delay = 1 log_opt_values /usr/lib/python3.9/site-packages/oslo_config/cfg.py:2609
2025-10-11 10:56:17.267 14 DEBUG glance.common.config [None req-7aa13343-ab39-45d2-9637-f481075b348a - - - - - -] barbican_service_user.auth_type = None log_opt_values /usr/lib/python3.9/site-packages/oslo_config/cfg.py:2609
2025-10-11 10:56:17.267 13 DEBUG glance.common.config [None req-ce8dc463-f1ef-41e3-8349-ba6f87f5a0d8 - - - - - -] barbican.send_service_user_token = False log_opt_values /usr/lib/python3.9/site-packages/oslo_config/cfg.py:2609
2025-10-11 10:56:17.267 14 DEBUG glance.common.config [None req-7aa13343-ab39-45d2-9637-f481075b348a - - - - - -] barbican_service_user.cafile = None log_opt_values /usr/lib/python3.9/site-packages/oslo_config/cfg.py:2609
2025-10-11 10:56:17.267 13 DEBUG glance.common.config [None req-ce8dc463-f1ef-41e3-8349-ba6f87f5a0d8 - - - - - -] barbican.split_loggers = False log_opt_values /usr/lib/python3.9/site-packages/oslo_config/cfg.py:2609
2025-10-11 10:56:17.267 14 DEBUG glance.common.config [None req-7aa13343-ab39-45d2-9637-f481075b348a - - - - - -] barbican_service_user.certfile = None log_opt_values /usr/lib/python3.9/site-packages/oslo_config/cfg.py:2609
2025-10-11 10:56:17.267 13 DEBUG glance.common.config [None req-ce8dc463-f1ef-41e3-8349-ba6f87f5a0d8 - - - - - -] barbican.timeout = None log_opt_values /usr/lib/python3.9/site-packages/oslo_config/cfg.py:2609
2025-10-11 10:56:17.267 13 DEBUG glance.common.config [None req-ce8dc463-f1ef-41e3-8349-ba6f87f5a0d8 - - - - - -] barbican.verify_ssl = True log_opt_values /usr/lib/python3.9/site-packages/oslo_config/cfg.py:2609
2025-10-11 10:56:17.267 14 DEBUG glance.common.config [None req-7aa13343-ab39-45d2-9637-f481075b348a - - - - - -] barbican_service_user.collect_timing = False log_opt_values /usr/lib/python3.9/site-packages/oslo_config/cfg.py:2609
2025-10-11 10:56:17.267 13 DEBUG glance.common.config [None req-ce8dc463-f1ef-41e3-8349-ba6f87f5a0d8 - - - - - -] barbican.verify_ssl_path = None log_opt_values /usr/lib/python3.9/site-packages/oslo_config/cfg.py:2609
2025-10-11 10:56:17.268 14 DEBUG glance.common.config [None req-7aa13343-ab39-45d2-9637-f481075b348a - - - - - -] barbican_service_user.insecure = False log_opt_values /usr/lib/python3.9/site-packages/oslo_config/cfg.py:2609
2025-10-11 10:56:17.268 13 DEBUG glance.common.config [None req-ce8dc463-f1ef-41e3-8349-ba6f87f5a0d8 - - - - - -] barbican_service_user.auth_section = None log_opt_values /usr/lib/python3.9/site-packages/oslo_config/cfg.py:2609
2025-10-11 10:56:17.268 14 DEBUG glance.common.config [None req-7aa13343-ab39-45d2-9637-f481075b348a - - - - - -] barbican_service_user.keyfile = None log_opt_values /usr/lib/python3.9/site-packages/oslo_config/cfg.py:2609
2025-10-11 10:56:17.268 13 DEBUG glance.common.config [None req-ce8dc463-f1ef-41e3-8349-ba6f87f5a0d8 - - - - - -] barbican_service_user.auth_type = None log_opt_values /usr/lib/python3.9/site-packages/oslo_config/cfg.py:2609
2025-10-11 10:56:17.268 14 DEBUG glance.common.config [None req-7aa13343-ab39-45d2-9637-f481075b348a - - - - - -] barbican_service_user.split_loggers = False log_opt_values /usr/lib/python3.9/site-packages/oslo_config/cfg.py:2609
2025-10-11 10:56:17.268 13 DEBUG glance.common.config [None req-ce8dc463-f1ef-41e3-8349-ba6f87f5a0d8 - - - - - -] barbican_service_user.cafile = None log_opt_values /usr/lib/python3.9/site-packages/oslo_config/cfg.py:2609
2025-10-11 10:56:17.268 14 DEBUG glance.common.config [None req-7aa13343-ab39-45d2-9637-f481075b348a - - - - - -] barbican_service_user.timeout = None log_opt_values /usr/lib/python3.9/site-packages/oslo_config/cfg.py:2609
2025-10-11 10:56:17.268 13 DEBUG glance.common.config [None req-ce8dc463-f1ef-41e3-8349-ba6f87f5a0d8 - - - - - -] barbican_service_user.certfile = None log_opt_values /usr/lib/python3.9/site-packages/oslo_config/cfg.py:2609
2025-10-11 10:56:17.268 14 DEBUG glance.common.config [None req-7aa13343-ab39-45d2-9637-f481075b348a - - - - - -] healthcheck.backends = ['disable_by_file'] log_opt_values /usr/lib/python3.9/site-packages/oslo_config/cfg.py:2609
2025-10-11 10:56:17.268 13 DEBUG glance.common.config [None req-ce8dc463-f1ef-41e3-8349-ba6f87f5a0d8 - - - - - -] barbican_service_user.collect_timing = False log_opt_values /usr/lib/python3.9/site-packages/oslo_config/cfg.py:2609
2025-10-11 10:56:17.268 14 DEBUG glance.common.config [None req-7aa13343-ab39-45d2-9637-f481075b348a - - - - - -] healthcheck.detailed = False log_opt_values /usr/lib/python3.9/site-packages/oslo_config/cfg.py:2609
2025-10-11 10:56:17.268 13 DEBUG glance.common.config [None req-ce8dc463-f1ef-41e3-8349-ba6f87f5a0d8 - - - - - -] barbican_service_user.insecure = False log_opt_values /usr/lib/python3.9/site-packages/oslo_config/cfg.py:2609
2025-10-11 10:56:17.269 14 DEBUG glance.common.config [None req-7aa13343-ab39-45d2-9637-f481075b348a - - - - - -] healthcheck.disable_by_file_path = None log_opt_values /usr/lib/python3.9/site-packages/oslo_config/cfg.py:2609
2025-10-11 10:56:17.269 13 DEBUG glance.common.config [None req-ce8dc463-f1ef-41e3-8349-ba6f87f5a0d8 - - - - - -] barbican_service_user.keyfile = None log_opt_values /usr/lib/python3.9/site-packages/oslo_config/cfg.py:2609
2025-10-11 10:56:17.269 14 DEBUG glance.common.config [None req-7aa13343-ab39-45d2-9637-f481075b348a - - - - - -] healthcheck.path = /healthcheck log_opt_values /usr/lib/python3.9/site-packages/oslo_config/cfg.py:2609
2025-10-11 10:56:17.269 13 DEBUG glance.common.config [None req-ce8dc463-f1ef-41e3-8349-ba6f87f5a0d8 - - - - - -] barbican_service_user.split_loggers = False log_opt_values /usr/lib/python3.9/site-packages/oslo_config/cfg.py:2609
2025-10-11 10:56:17.269 14 DEBUG glance.common.config [None req-7aa13343-ab39-45d2-9637-f481075b348a - - - - - -] ******************************************************************************** log_opt_values /usr/lib/python3.9/site-packages/oslo_config/cfg.py:2613
2025-10-11 10:56:17.269 13 DEBUG glance.common.config [None req-ce8dc463-f1ef-41e3-8349-ba6f87f5a0d8 - - - - - -] barbican_service_user.timeout = None log_opt_values /usr/lib/python3.9/site-packages/oslo_config/cfg.py:2609
2025-10-11 10:56:17.269 13 DEBUG glance.common.config [None req-ce8dc463-f1ef-41e3-8349-ba6f87f5a0d8 - - - - - -] healthcheck.backends = ['disable_by_file'] log_opt_values /usr/lib/python3.9/site-packages/oslo_config/cfg.py:2609
2025-10-11 10:56:17.269 13 DEBUG glance.common.config [None req-ce8dc463-f1ef-41e3-8349-ba6f87f5a0d8 - - - - - -] healthcheck.detailed = False log_opt_values /usr/lib/python3.9/site-packages/oslo_config/cfg.py:2609
2025-10-11 10:56:17.269 13 DEBUG glance.common.config [None req-ce8dc463-f1ef-41e3-8349-ba6f87f5a0d8 - - - - - -] healthcheck.disable_by_file_path = None log_opt_values /usr/lib/python3.9/site-packages/oslo_config/cfg.py:2609
2025-10-11 10:56:17.270 13 DEBUG glance.common.config [None req-ce8dc463-f1ef-41e3-8349-ba6f87f5a0d8 - - - - - -] healthcheck.path = /healthcheck log_opt_values /usr/lib/python3.9/site-packages/oslo_config/cfg.py:2609
2025-10-11 10:56:17.270 13 DEBUG glance.common.config [None req-ce8dc463-f1ef-41e3-8349-ba6f87f5a0d8 - - - - - -] ******************************************************************************** log_opt_values /usr/lib/python3.9/site-packages/oslo_config/cfg.py:2613
2025-10-11 10:56:18.095 16 INFO glance.async_ [-] Threadpool model set to 'NativeThreadPoolModel'
2025-10-11 10:56:18.096 16 DEBUG glance_store.multi_backend [-] Registering options for group glance_store register_store_opts /usr/lib/python3.9/site-packages/glance_store/multi_backend.py:124
2025-10-11 10:56:18.096 16 DEBUG glance_store.multi_backend [-] Registering options for reserved store: os_glance_staging_store register_store_opts /usr/lib/python3.9/site-packages/glance_store/multi_backend.py:149
2025-10-11 10:56:18.096 16 DEBUG glance_store.multi_backend [-] Registering options for reserved store: os_glance_tasks_store register_store_opts /usr/lib/python3.9/site-packages/glance_store/multi_backend.py:149
2025-10-11 10:56:18.151 16 DEBUG oslo_concurrency.processutils [-] Running cmd (subprocess): grep -F node.session.scan /sbin/iscsiadm execute /usr/lib/python3.9/site-packages/oslo_concurrency/processutils.py:384
2025-10-11 10:56:18.163 16 DEBUG oslo_concurrency.processutils [-] CMD "grep -F node.session.scan /sbin/iscsiadm" returned: 1 in 0.012s execute /usr/lib/python3.9/site-packages/oslo_concurrency/processutils.py:422
2025-10-11 10:56:18.164 16 DEBUG oslo_concurrency.processutils [-] 'grep -F node.session.scan /sbin/iscsiadm' failed. Not Retrying. execute /usr/lib/python3.9/site-packages/oslo_concurrency/processutils.py:473
2025-10-11 10:56:18.301 16 DEBUG glance_store.common.attachment_state_manager [-] Initialising _AttachmentStateManager __init__ /usr/lib/python3.9/site-packages/glance_store/common/attachment_state_manager.py:86
2025-10-11 10:56:18.417 16 DEBUG glance_store.multi_backend [-] Attempting to import store cinder _load_multi_store /usr/lib/python3.9/site-packages/glance_store/multi_backend.py:170
2025-10-11 10:56:18.418 16 DEBUG glance_store.multi_backend [-] Attempting to import store file _load_multi_store /usr/lib/python3.9/site-packages/glance_store/multi_backend.py:170
2025-10-11 10:56:18.418 16 DEBUG glance_store.multi_backend [-] Attempting to import store glance.store.cinder.Store _load_multi_store /usr/lib/python3.9/site-packages/glance_store/multi_backend.py:170
2025-10-11 10:56:18.418 16 DEBUG glance_store.multi_backend [-] Attempting to import store glance.store.filesystem.Store _load_multi_store /usr/lib/python3.9/site-packages/glance_store/multi_backend.py:170
2025-10-11 10:56:18.418 16 DEBUG glance_store.multi_backend [-] Attempting to import store glance.store.http.Store _load_multi_store /usr/lib/python3.9/site-packages/glance_store/multi_backend.py:170
2025-10-11 10:56:18.418 16 DEBUG glance_store.multi_backend [-] Attempting to import store glance.store.rbd.Store _load_multi_store /usr/lib/python3.9/site-packages/glance_store/multi_backend.py:170
2025-10-11 10:56:18.419 16 DEBUG glance_store.multi_backend [-] Attempting to import store glance.store.s3.Store _load_multi_store /usr/lib/python3.9/site-packages/glance_store/multi_backend.py:170
2025-10-11 10:56:18.419 16 DEBUG glance_store.multi_backend [-] Attempting to import store glance.store.swift.Store _load_multi_store /usr/lib/python3.9/site-packages/glance_store/multi_backend.py:170
2025-10-11 10:56:18.419 16 DEBUG glance_store.multi_backend [-] Attempting to import store glance.store.vmware_datastore.Store _load_multi_store /usr/lib/python3.9/site-packages/glance_store/multi_backend.py:170
2025-10-11 10:56:18.419 16 DEBUG glance_store.multi_backend [-] Attempting to import store http _load_multi_store /usr/lib/python3.9/site-packages/glance_store/multi_backend.py:170
2025-10-11 10:56:18.419 16 DEBUG glance_store.multi_backend [-] Attempting to import store no_conf _load_multi_store /usr/lib/python3.9/site-packages/glance_store/multi_backend.py:170
2025-10-11 10:56:18.419 16 DEBUG glance_store.multi_backend [-] Attempting to import store rbd _load_multi_store /usr/lib/python3.9/site-packages/glance_store/multi_backend.py:170
2025-10-11 10:56:18.419 16 DEBUG glance_store.multi_backend [-] Attempting to import store s3 _load_multi_store /usr/lib/python3.9/site-packages/glance_store/multi_backend.py:170
2025-10-11 10:56:18.419 16 DEBUG glance_store.multi_backend [-] Attempting to import store swift _load_multi_store /usr/lib/python3.9/site-packages/glance_store/multi_backend.py:170
2025-10-11 10:56:18.420 16 DEBUG glance_store.multi_backend [-] Attempting to import store vmware _load_multi_store /usr/lib/python3.9/site-packages/glance_store/multi_backend.py:170
2025-10-11 10:56:18.420 16 DEBUG glance_store.multi_backend [-] Registering options for group default_backend register_store_opts /usr/lib/python3.9/site-packages/glance_store/multi_backend.py:158
2025-10-11 10:56:18.420 16 DEBUG glance_store.multi_backend [-] Attempting to import store swift _load_multi_store /usr/lib/python3.9/site-packages/glance_store/multi_backend.py:170
2025-10-11 10:56:18.421 16 WARNING oslo_config.cfg [-] Deprecated: Option "swift_store_user" from group "default_backend" is deprecated for removal ( The option 'user' in the Swift back-end configuration file is set instead. ). Its value may be silently ignored in the future.
2025-10-11 10:56:18.421 16 WARNING oslo_config.cfg [-] Deprecated: Option "swift_store_key" from group "default_backend" is deprecated for removal ( The option 'key' in the Swift back-end configuration file is used to set the authentication key instead. ). Its value may be silently ignored in the future.
2025-10-11 10:56:18.421 16 WARNING oslo_config.cfg [-] Deprecated: Option "swift_store_auth_address" from group "default_backend" is deprecated for removal ( The option 'auth_address' in the Swift back-end configuration file is used instead. ). Its value may be silently ignored in the future.
2025-10-11 10:56:18.421 16 WARNING oslo_config.cfg [-] Deprecated: Option "swift_store_auth_version" from group "default_backend" is deprecated for removal ( The option 'auth_version' in the Swift back-end configuration file is used instead. ). Its value may be silently ignored in the future.
2025-10-11 10:56:18.422 16 DEBUG glance_store.capabilities [-] Store glance_store._drivers.swift.store.SingleTenantStore doesn't support updating dynamic storage capabilities. Please overwrite 'update_capabilities' method of the store to implement updating logics if needed. update_capabilities /usr/lib/python3.9/site-packages/glance_store/capabilities.py:91
2025-10-11 10:56:18.422 16 DEBUG glance_store.multi_backend [-] Registering store swift with schemes ('swift+https', 'swift', 'swift+http', 'swift+config') create_multi_stores /usr/lib/python3.9/site-packages/glance_store/multi_backend.py:303
2025-10-11 10:56:18.422 16 DEBUG glance_store.driver [-] Late loading location class glance_store._drivers.swift.store.StoreLocation get_store_location_class /usr/lib/python3.9/site-packages/glance_store/driver.py:116
2025-10-11 10:56:18.422 16 DEBUG glance_store.location [-] Registering scheme swift+https with {'default_backend': {'store': , 'location_class': , 'store_entry': 'swift'}} register_scheme_backend_map /usr/lib/python3.9/site-packages/glance_store/location.py:132
2025-10-11 10:56:18.422 16 DEBUG glance_store.location [-] Registering scheme swift+https with {'default_backend': {'store': , 'location_class': , 'store_entry': 'swift'}} register_scheme_backend_map /usr/lib/python3.9/site-packages/glance_store/location.py:132
2025-10-11 10:56:18.422 16 DEBUG glance_store.location [-] Registering scheme swift with {'default_backend': {'store': , 'location_class': , 'store_entry': 'swift'}} register_scheme_backend_map /usr/lib/python3.9/site-packages/glance_store/location.py:132
2025-10-11 10:56:18.422 16 DEBUG glance_store.location [-] Registering scheme swift+https with {'default_backend': {'store': , 'location_class': , 'store_entry': 'swift'}} register_scheme_backend_map /usr/lib/python3.9/site-packages/glance_store/location.py:132
2025-10-11 10:56:18.422 16 DEBUG glance_store.location [-] Registering scheme swift with {'default_backend': {'store': , 'location_class': , 'store_entry': 'swift'}} register_scheme_backend_map /usr/lib/python3.9/site-packages/glance_store/location.py:132
2025-10-11 10:56:18.422 16 DEBUG glance_store.location [-] Registering scheme swift+http with {'default_backend': {'store': , 'location_class': , 'store_entry': 'swift'}} register_scheme_backend_map /usr/lib/python3.9/site-packages/glance_store/location.py:132
2025-10-11 10:56:18.422 16 DEBUG glance_store.location [-] Registering scheme swift+https with {'default_backend': {'store': , 'location_class': , 'store_entry': 'swift'}} register_scheme_backend_map /usr/lib/python3.9/site-packages/glance_store/location.py:132
2025-10-11 10:56:18.422 16 DEBUG glance_store.location [-] Registering scheme swift with {'default_backend': {'store': , 'location_class': , 'store_entry': 'swift'}} register_scheme_backend_map /usr/lib/python3.9/site-packages/glance_store/location.py:132
2025-10-11 10:56:18.423 16 DEBUG glance_store.location [-] Registering scheme swift+http with {'default_backend': {'store': , 'location_class': , 'store_entry': 'swift'}} register_scheme_backend_map /usr/lib/python3.9/site-packages/glance_store/location.py:132
2025-10-11 10:56:18.423 16 DEBUG glance_store.location [-] Registering scheme swift+config with {'default_backend': {'store': , 'location_class': , 'store_entry': 'swift'}} register_scheme_backend_map /usr/lib/python3.9/site-packages/glance_store/location.py:132
2025-10-11 10:56:18.423 16 DEBUG glance_store.multi_backend [-] Attempting to import store file _load_multi_store /usr/lib/python3.9/site-packages/glance_store/multi_backend.py:170
2025-10-11 10:56:18.423 16 DEBUG glance_store.capabilities [-] Store glance_store._drivers.filesystem.Store doesn't support updating dynamic storage capabilities. Please overwrite 'update_capabilities' method of the store to implement updating logics if needed. update_capabilities /usr/lib/python3.9/site-packages/glance_store/capabilities.py:91
2025-10-11 10:56:18.423 16 DEBUG glance_store.multi_backend [-] Registering store file with schemes ('file', 'filesystem') create_multi_stores /usr/lib/python3.9/site-packages/glance_store/multi_backend.py:303
2025-10-11 10:56:18.423 16 DEBUG glance_store.driver [-] Late loading location class glance_store._drivers.filesystem.StoreLocation get_store_location_class /usr/lib/python3.9/site-packages/glance_store/driver.py:116
2025-10-11 10:56:18.423 16 DEBUG glance_store.location [-] Registering scheme swift+https with {'default_backend': {'store': , 'location_class': , 'store_entry': 'swift'}} register_scheme_backend_map /usr/lib/python3.9/site-packages/glance_store/location.py:132
2025-10-11 10:56:18.424 16 DEBUG glance_store.location [-] Registering scheme swift with {'default_backend': {'store': , 'location_class': , 'store_entry': 'swift'}} register_scheme_backend_map /usr/lib/python3.9/site-packages/glance_store/location.py:132
2025-10-11 10:56:18.424 16 DEBUG glance_store.location [-] Registering scheme swift+http with {'default_backend': {'store': , 'location_class': , 'store_entry': 'swift'}} register_scheme_backend_map /usr/lib/python3.9/site-packages/glance_store/location.py:132
2025-10-11 10:56:18.424 16 DEBUG glance_store.location [-] Registering scheme swift+config with {'default_backend': {'store': , 'location_class': , 'store_entry': 'swift'}} register_scheme_backend_map /usr/lib/python3.9/site-packages/glance_store/location.py:132
2025-10-11 10:56:18.424 16 DEBUG glance_store.location [-] Registering scheme file with {'os_glance_staging_store': {'store': , 'location_class': , 'store_entry': 'file'}} register_scheme_backend_map /usr/lib/python3.9/site-packages/glance_store/location.py:132
2025-10-11 10:56:18.424 16 DEBUG glance_store.location [-] Registering scheme swift+https with {'default_backend': {'store': , 'location_class': , 'store_entry': 'swift'}} register_scheme_backend_map /usr/lib/python3.9/site-packages/glance_store/location.py:132
2025-10-11 10:56:18.424 16 DEBUG glance_store.location [-] Registering scheme swift with {'default_backend': {'store': , 'location_class': , 'store_entry': 'swift'}} register_scheme_backend_map /usr/lib/python3.9/site-packages/glance_store/location.py:132
2025-10-11 10:56:18.424 16 DEBUG glance_store.location [-] Registering scheme swift+http with {'default_backend': {'store': , 'location_class': , 'store_entry': 'swift'}} register_scheme_backend_map /usr/lib/python3.9/site-packages/glance_store/location.py:132
2025-10-11 10:56:18.424 16 DEBUG glance_store.location [-] Registering scheme swift+config with {'default_backend': {'store': , 'location_class': , 'store_entry': 'swift'}} register_scheme_backend_map /usr/lib/python3.9/site-packages/glance_store/location.py:132
2025-10-11 10:56:18.424 16 DEBUG glance_store.location [-] Registering scheme file with {'os_glance_staging_store': {'store': , 'location_class': , 'store_entry': 'file'}} register_scheme_backend_map /usr/lib/python3.9/site-packages/glance_store/location.py:132
2025-10-11 10:56:18.424 16 DEBUG glance_store.location [-] Registering scheme filesystem with {'os_glance_staging_store': {'store': , 'location_class': , 'store_entry': 'file'}} register_scheme_backend_map /usr/lib/python3.9/site-packages/glance_store/location.py:132
2025-10-11 10:56:18.424 16 DEBUG glance_store.multi_backend [-] Attempting to import store file _load_multi_store /usr/lib/python3.9/site-packages/glance_store/multi_backend.py:170
2025-10-11 10:56:18.425 16 DEBUG glance_store.capabilities [-] Store glance_store._drivers.filesystem.Store doesn't support updating dynamic storage capabilities. Please overwrite 'update_capabilities' method of the store to implement updating logics if needed. update_capabilities /usr/lib/python3.9/site-packages/glance_store/capabilities.py:91
2025-10-11 10:56:18.425 16 DEBUG glance_store.multi_backend [-] Registering store file with schemes ('file', 'filesystem') create_multi_stores /usr/lib/python3.9/site-packages/glance_store/multi_backend.py:303
2025-10-11 10:56:18.425 16 DEBUG glance_store.driver [-] Late loading location class glance_store._drivers.filesystem.StoreLocation get_store_location_class /usr/lib/python3.9/site-packages/glance_store/driver.py:116
2025-10-11 10:56:18.425 16 DEBUG glance_store.location [-] Registering scheme swift+https with {'default_backend': {'store': , 'location_class': , 'store_entry': 'swift'}} register_scheme_backend_map /usr/lib/python3.9/site-packages/glance_store/location.py:132
2025-10-11 10:56:18.425 16 DEBUG glance_store.location [-] Registering scheme swift with {'default_backend': {'store': , 'location_class': , 'store_entry': 'swift'}} register_scheme_backend_map /usr/lib/python3.9/site-packages/glance_store/location.py:132
2025-10-11 10:56:18.425 16 DEBUG glance_store.location [-] Registering scheme swift+http with {'default_backend': {'store': , 'location_class': , 'store_entry': 'swift'}} register_scheme_backend_map /usr/lib/python3.9/site-packages/glance_store/location.py:132
2025-10-11 10:56:18.425 16 DEBUG glance_store.location [-] Registering scheme swift+config with {'default_backend': {'store': , 'location_class': , 'store_entry': 'swift'}} register_scheme_backend_map /usr/lib/python3.9/site-packages/glance_store/location.py:132
2025-10-11 10:56:18.425 16 DEBUG glance_store.location [-] Registering scheme file with {'os_glance_staging_store': {'store': , 'location_class': , 'store_entry': 'file'}, 'os_glance_tasks_store': {'store': , 'location_class': , 'store_entry': 'file'}} register_scheme_backend_map /usr/lib/python3.9/site-packages/glance_store/location.py:132
2025-10-11 10:56:18.425 16 DEBUG glance_store.location [-] Registering scheme filesystem with {'os_glance_staging_store': {'store': , 'location_class': , 'store_entry': 'file'}} register_scheme_backend_map /usr/lib/python3.9/site-packages/glance_store/location.py:132
2025-10-11 10:56:18.426 16 DEBUG glance_store.location [-] Registering scheme swift+https with {'default_backend': {'store': , 'location_class': , 'store_entry': 'swift'}} register_scheme_backend_map /usr/lib/python3.9/site-packages/glance_store/location.py:132
2025-10-11 10:56:18.426 16 DEBUG glance_store.location [-] Registering scheme swift with {'default_backend': {'store': , 'location_class': , 'store_entry': 'swift'}} register_scheme_backend_map /usr/lib/python3.9/site-packages/glance_store/location.py:132
2025-10-11 10:56:18.426 16 DEBUG glance_store.location [-] Registering scheme swift+http with {'default_backend': {'store': , 'location_class': , 'store_entry': 'swift'}} register_scheme_backend_map /usr/lib/python3.9/site-packages/glance_store/location.py:132
2025-10-11 10:56:18.426 16 DEBUG glance_store.location [-] Registering scheme swift+config with {'default_backend': {'store': , 'location_class': , 'store_entry': 'swift'}} register_scheme_backend_map /usr/lib/python3.9/site-packages/glance_store/location.py:132
2025-10-11 10:56:18.426 16 DEBUG glance_store.location [-] Registering scheme file with {'os_glance_staging_store': {'store': , 'location_class': , 'store_entry': 'file'}, 'os_glance_tasks_store': {'store': , 'location_class': , 'store_entry': 'file'}} register_scheme_backend_map /usr/lib/python3.9/site-packages/glance_store/location.py:132
2025-10-11 10:56:18.426 16 DEBUG glance_store.location [-] Registering scheme filesystem with {'os_glance_staging_store': {'store': , 'location_class': , 'store_entry': 'file'}, 'os_glance_tasks_store': {'store': , 'location_class': , 'store_entry': 'file'}} register_scheme_backend_map /usr/lib/python3.9/site-packages/glance_store/location.py:132
2025-10-11 10:56:18.426 16 DEBUG glance_store.multi_backend [-] Attempting to import store swift _load_multi_store /usr/lib/python3.9/site-packages/glance_store/multi_backend.py:170
2025-10-11 10:56:18.427 16 DEBUG glance_store.capabilities [-] Store glance_store._drivers.swift.store.SingleTenantStore doesn't support updating dynamic storage capabilities. Please overwrite 'update_capabilities' method of the store to implement updating logics if needed. update_capabilities /usr/lib/python3.9/site-packages/glance_store/capabilities.py:91
2025-10-11 10:56:18.427 16 DEBUG glance_store.driver [-] Late loading location class glance_store._drivers.swift.store.StoreLocation get_store_location_class /usr/lib/python3.9/site-packages/glance_store/driver.py:116
2025-10-11 10:56:18.427 16 DEBUG glance_store.location [-] Registering scheme swift+https with {'default_backend': {'store': , 'location_class': , 'store_entry': 'swift'}} register_scheme_backend_map /usr/lib/python3.9/site-packages/glance_store/location.py:132
2025-10-11 10:56:18.427 16 DEBUG glance_store.location [-] Registering scheme swift+https with {'default_backend': {'store': , 'location_class': , 'store_entry': 'swift'}} register_scheme_backend_map /usr/lib/python3.9/site-packages/glance_store/location.py:132
2025-10-11 10:56:18.427 16 DEBUG glance_store.location [-] Registering scheme swift with {'default_backend': {'store': , 'location_class': , 'store_entry': 'swift'}} register_scheme_backend_map /usr/lib/python3.9/site-packages/glance_store/location.py:132
2025-10-11 10:56:18.427 16 DEBUG glance_store.location [-] Registering scheme swift+https with {'default_backend': {'store': , 'location_class': , 'store_entry': 'swift'}} register_scheme_backend_map /usr/lib/python3.9/site-packages/glance_store/location.py:132
2025-10-11 10:56:18.428 16 DEBUG glance_store.location [-] Registering scheme swift with {'default_backend': {'store': , 'location_class': , 'store_entry': 'swift'}} register_scheme_backend_map /usr/lib/python3.9/site-packages/glance_store/location.py:132
2025-10-11 10:56:18.428 16 DEBUG glance_store.location [-] Registering scheme swift+http with {'default_backend': {'store': , 'location_class': , 'store_entry': 'swift'}} register_scheme_backend_map /usr/lib/python3.9/site-packages/glance_store/location.py:132
2025-10-11 10:56:18.428 16 DEBUG glance_store.location [-] Registering scheme swift+https with {'default_backend': {'store': , 'location_class': , 'store_entry': 'swift'}} register_scheme_backend_map /usr/lib/python3.9/site-packages/glance_store/location.py:132
2025-10-11 10:56:18.428 16 DEBUG glance_store.location [-] Registering scheme swift with {'default_backend': {'store': , 'location_class': , 'store_entry': 'swift'}} register_scheme_backend_map /usr/lib/python3.9/site-packages/glance_store/location.py:132
2025-10-11 10:56:18.428 16 DEBUG glance_store.location [-] Registering scheme swift+http with {'default_backend': {'store': , 'location_class': , 'store_entry': 'swift'}} register_scheme_backend_map /usr/lib/python3.9/site-packages/glance_store/location.py:132
2025-10-11 10:56:18.428 16 DEBUG glance_store.location [-] Registering scheme swift+config with {'default_backend': {'store': , 'location_class': , 'store_entry': 'swift'}} register_scheme_backend_map /usr/lib/python3.9/site-packages/glance_store/location.py:132
2025-10-11 10:56:18.701 16 DEBUG glance.common.config [None req-95b403d8-0c3d-4248-9948-5b015b961164 - - - - - -] Loading glance-api-keystone from /etc/glance/glance-api-paste.ini load_paste_app /usr/lib/python3.9/site-packages/glance/common/config.py:726
2025-10-11 10:56:19.103 16 WARNING keystonemiddleware.auth_token [None req-95b403d8-0c3d-4248-9948-5b015b961164 - - - - - -] AuthToken middleware is set with keystone_authtoken.service_token_roles_required set to False. This is backwards compatible but deprecated behaviour. Please set this to True.
2025-10-11 10:56:19.114 16 DEBUG glance.common.config [None req-95b403d8-0c3d-4248-9948-5b015b961164 - - - - - -] ******************************************************************************** log_opt_values /usr/lib/python3.9/site-packages/oslo_config/cfg.py:2589
2025-10-11 10:56:19.114 16 DEBUG glance.common.config [None req-95b403d8-0c3d-4248-9948-5b015b961164 - - - - - -] Configuration options gathered from: log_opt_values /usr/lib/python3.9/site-packages/oslo_config/cfg.py:2590
2025-10-11 10:56:19.114 16 DEBUG glance.common.config [None req-95b403d8-0c3d-4248-9948-5b015b961164 - - - - - -] command line args: [] log_opt_values /usr/lib/python3.9/site-packages/oslo_config/cfg.py:2591
2025-10-11 10:56:19.115 16 DEBUG glance.common.config [None req-95b403d8-0c3d-4248-9948-5b015b961164 - - - - - -] config files: ['/etc/glance/glance-api-paste.ini', '/etc/glance/glance-image-import.conf', '/etc/glance/glance-api.conf'] log_opt_values /usr/lib/python3.9/site-packages/oslo_config/cfg.py:2592
2025-10-11 10:56:19.115 16 DEBUG glance.common.config [None req-95b403d8-0c3d-4248-9948-5b015b961164 - - - - - -] ================================================================================ log_opt_values /usr/lib/python3.9/site-packages/oslo_config/cfg.py:2594
2025-10-11 10:56:19.115 16 DEBUG glance.common.config [None req-95b403d8-0c3d-4248-9948-5b015b961164 - - - - - -] allow_additional_image_properties = True log_opt_values /usr/lib/python3.9/site-packages/oslo_config/cfg.py:2602
2025-10-11 10:56:19.115 16 DEBUG glance.common.config [None req-95b403d8-0c3d-4248-9948-5b015b961164 - - - - - -] allow_anonymous_access = False log_opt_values /usr/lib/python3.9/site-packages/oslo_config/cfg.py:2602
2025-10-11 10:56:19.115 16 DEBUG glance.common.config [None req-95b403d8-0c3d-4248-9948-5b015b961164 - - - - - -] api_limit_max = 1000 log_opt_values /usr/lib/python3.9/site-packages/oslo_config/cfg.py:2602
2025-10-11 10:56:19.116 16 DEBUG glance.common.config [None req-95b403d8-0c3d-4248-9948-5b015b961164 - - - - - -] backlog = 4096 log_opt_values /usr/lib/python3.9/site-packages/oslo_config/cfg.py:2602
2025-10-11 10:56:19.116 16 DEBUG glance.common.config [None req-95b403d8-0c3d-4248-9948-5b015b961164 - - - - - -] bind_host = localhost log_opt_values /usr/lib/python3.9/site-packages/oslo_config/cfg.py:2602
2025-10-11 10:56:19.116 16 DEBUG glance.common.config [None req-95b403d8-0c3d-4248-9948-5b015b961164 - - - - - -] bind_port = 9293 log_opt_values /usr/lib/python3.9/site-packages/oslo_config/cfg.py:2602
2025-10-11 10:56:19.117 16 DEBUG glance.common.config [None req-95b403d8-0c3d-4248-9948-5b015b961164 - - - - - -] client_socket_timeout = 900 log_opt_values /usr/lib/python3.9/site-packages/oslo_config/cfg.py:2602
2025-10-11 10:56:19.117 16 DEBUG glance.common.config [None req-95b403d8-0c3d-4248-9948-5b015b961164 - - - - - -] config_dir = ['/etc/glance/glance.conf.d'] log_opt_values /usr/lib/python3.9/site-packages/oslo_config/cfg.py:2602
2025-10-11 10:56:19.117 16 DEBUG glance.common.config [None req-95b403d8-0c3d-4248-9948-5b015b961164 - - - - - -] config_file = ['/etc/glance/glance-api-paste.ini', '/etc/glance/glance-image-import.conf', '/etc/glance/glance-api.conf'] log_opt_values /usr/lib/python3.9/site-packages/oslo_config/cfg.py:2602
2025-10-11 10:56:19.117 16 DEBUG glance.common.config [None req-95b403d8-0c3d-4248-9948-5b015b961164 - - - - - -] config_source = [] log_opt_values /usr/lib/python3.9/site-packages/oslo_config/cfg.py:2602
2025-10-11 10:56:19.117 16 DEBUG glance.common.config [None req-95b403d8-0c3d-4248-9948-5b015b961164 - - - - - -] control_exchange = glance log_opt_values /usr/lib/python3.9/site-packages/oslo_config/cfg.py:2602
2025-10-11 10:56:19.117 16 DEBUG glance.common.config [None req-95b403d8-0c3d-4248-9948-5b015b961164 - - - - - -] debug = True log_opt_values /usr/lib/python3.9/site-packages/oslo_config/cfg.py:2602
2025-10-11 10:56:19.118 16 DEBUG glance.common.config [None req-95b403d8-0c3d-4248-9948-5b015b961164 - - - - - -] default_log_levels = ['amqp=WARN', 'amqplib=WARN', 'boto=WARN', 'qpid=WARN', 'sqlalchemy=WARN', 'suds=INFO', 'oslo.messaging=INFO', 'oslo_messaging=INFO', 'iso8601=WARN', 'requests.packages.urllib3.connectionpool=WARN', 'urllib3.connectionpool=WARN', 'websocket=WARN', 'requests.packages.urllib3.util.retry=WARN', 'urllib3.util.retry=WARN', 'keystonemiddleware=WARN', 'routes.middleware=WARN', 'stevedore=WARN', 'taskflow=WARN', 'keystoneauth=WARN', 'oslo.cache=INFO', 'oslo_policy=INFO', 'dogpile.core.dogpile=INFO'] log_opt_values /usr/lib/python3.9/site-packages/oslo_config/cfg.py:2602
2025-10-11 10:56:19.118 16 DEBUG glance.common.config [None req-95b403d8-0c3d-4248-9948-5b015b961164 - - - - - -] default_publisher_id = image.localhost log_opt_values /usr/lib/python3.9/site-packages/oslo_config/cfg.py:2602
2025-10-11 10:56:19.118 16 DEBUG glance.common.config [None req-95b403d8-0c3d-4248-9948-5b015b961164 - - - - - -] delayed_delete = False log_opt_values /usr/lib/python3.9/site-packages/oslo_config/cfg.py:2602
2025-10-11 10:56:19.118 16 DEBUG glance.common.config [None req-95b403d8-0c3d-4248-9948-5b015b961164 - - - - - -] digest_algorithm = sha256 log_opt_values /usr/lib/python3.9/site-packages/oslo_config/cfg.py:2602
2025-10-11 10:56:19.119 16 DEBUG glance.common.config [None req-95b403d8-0c3d-4248-9948-5b015b961164 - - - - - -] disabled_notifications = [] log_opt_values /usr/lib/python3.9/site-packages/oslo_config/cfg.py:2602
2025-10-11 10:56:19.119 16 DEBUG glance.common.config [None req-95b403d8-0c3d-4248-9948-5b015b961164 - - - - - -] enabled_backends = {'default_backend': 'swift'} log_opt_values /usr/lib/python3.9/site-packages/oslo_config/cfg.py:2602
2025-10-11 10:56:19.119 16 DEBUG glance.common.config [None req-95b403d8-0c3d-4248-9948-5b015b961164 - - - - - -] enabled_import_methods = ['web-download', 'glance-direct'] log_opt_values /usr/lib/python3.9/site-packages/oslo_config/cfg.py:2602
2025-10-11 10:56:19.119 16 DEBUG glance.common.config [None req-95b403d8-0c3d-4248-9948-5b015b961164 - - - - - -] fatal_deprecations = False log_opt_values /usr/lib/python3.9/site-packages/oslo_config/cfg.py:2602
2025-10-11 10:56:19.119 16 DEBUG glance.common.config [None req-95b403d8-0c3d-4248-9948-5b015b961164 - - - - - -] hashing_algorithm = sha512 log_opt_values /usr/lib/python3.9/site-packages/oslo_config/cfg.py:2602
2025-10-11 10:56:19.119 16 DEBUG glance.common.config [None req-95b403d8-0c3d-4248-9948-5b015b961164 - - - - - -] http_keepalive = True log_opt_values /usr/lib/python3.9/site-packages/oslo_config/cfg.py:2602
2025-10-11 10:56:19.120 16 DEBUG glance.common.config [None req-95b403d8-0c3d-4248-9948-5b015b961164 - - - - - -] image_cache_dir = None log_opt_values /usr/lib/python3.9/site-packages/oslo_config/cfg.py:2602
2025-10-11 10:56:19.120 16 DEBUG glance.common.config [None req-95b403d8-0c3d-4248-9948-5b015b961164 - - - - - -] image_cache_driver = sqlite log_opt_values /usr/lib/python3.9/site-packages/oslo_config/cfg.py:2602
2025-10-11 10:56:19.120 16 DEBUG glance.common.config [None req-95b403d8-0c3d-4248-9948-5b015b961164 - - - - - -] image_cache_max_size = 10737418240 log_opt_values /usr/lib/python3.9/site-packages/oslo_config/cfg.py:2602
2025-10-11 10:56:19.120 16 DEBUG glance.common.config [None req-95b403d8-0c3d-4248-9948-5b015b961164 - - - - - -] image_cache_stall_time = 86400 log_opt_values /usr/lib/python3.9/site-packages/oslo_config/cfg.py:2602
2025-10-11 10:56:19.120 16 DEBUG glance.common.config [None req-95b403d8-0c3d-4248-9948-5b015b961164 - - - - - -] image_location_quota = 10 log_opt_values /usr/lib/python3.9/site-packages/oslo_config/cfg.py:2602
2025-10-11 10:56:19.121 16 DEBUG glance.common.config [None req-95b403d8-0c3d-4248-9948-5b015b961164 - - - - - -] image_member_quota = 128 log_opt_values /usr/lib/python3.9/site-packages/oslo_config/cfg.py:2602
2025-10-11 10:56:19.121 16 DEBUG glance.common.config [None req-95b403d8-0c3d-4248-9948-5b015b961164 - - - - - -] image_property_quota = 128 log_opt_values /usr/lib/python3.9/site-packages/oslo_config/cfg.py:2602
2025-10-11 10:56:19.121 16 DEBUG glance.common.config [None req-95b403d8-0c3d-4248-9948-5b015b961164 - - - - - -] image_size_cap = 1099511627776 log_opt_values /usr/lib/python3.9/site-packages/oslo_config/cfg.py:2602
2025-10-11 10:56:19.121 16 DEBUG glance.common.config [None req-95b403d8-0c3d-4248-9948-5b015b961164 - - - - - -] image_tag_quota = 128 log_opt_values /usr/lib/python3.9/site-packages/oslo_config/cfg.py:2602
2025-10-11 10:56:19.121 16 DEBUG glance.common.config [None req-95b403d8-0c3d-4248-9948-5b015b961164 - - - - - -] instance_format = [instance: %(uuid)s] log_opt_values /usr/lib/python3.9/site-packages/oslo_config/cfg.py:2602
2025-10-11 10:56:19.121 16 DEBUG glance.common.config [None req-95b403d8-0c3d-4248-9948-5b015b961164 - - - - - -] instance_uuid_format = [instance: %(uuid)s] log_opt_values /usr/lib/python3.9/site-packages/oslo_config/cfg.py:2602
2025-10-11 10:56:19.122 16 DEBUG glance.common.config [None req-95b403d8-0c3d-4248-9948-5b015b961164 - - - - - -] limit_param_default = 25 log_opt_values /usr/lib/python3.9/site-packages/oslo_config/cfg.py:2602
2025-10-11 10:56:19.122 16 DEBUG glance.common.config [None req-95b403d8-0c3d-4248-9948-5b015b961164 - - - - - -] location_strategy = location_order log_opt_values /usr/lib/python3.9/site-packages/oslo_config/cfg.py:2602
2025-10-11 10:56:19.122 16 DEBUG glance.common.config [None req-95b403d8-0c3d-4248-9948-5b015b961164 - - - - - -] log_config_append = None log_opt_values /usr/lib/python3.9/site-packages/oslo_config/cfg.py:2602
2025-10-11 10:56:19.122 16 DEBUG glance.common.config [None req-95b403d8-0c3d-4248-9948-5b015b961164 - - - - - -] log_date_format = %Y-%m-%d %H:%M:%S log_opt_values /usr/lib/python3.9/site-packages/oslo_config/cfg.py:2602
2025-10-11 10:56:19.122 16 DEBUG glance.common.config [None req-95b403d8-0c3d-4248-9948-5b015b961164 - - - - - -] log_dir = None log_opt_values /usr/lib/python3.9/site-packages/oslo_config/cfg.py:2602
2025-10-11 10:56:19.123 16 DEBUG glance.common.config [None req-95b403d8-0c3d-4248-9948-5b015b961164 - - - - - -] log_file = /var/log/glance/glance-b5802-default-external.log log_opt_values /usr/lib/python3.9/site-packages/oslo_config/cfg.py:2602
2025-10-11 10:56:19.123 16 DEBUG glance.common.config [None req-95b403d8-0c3d-4248-9948-5b015b961164 - - - - - -] log_rotate_interval = 1 log_opt_values /usr/lib/python3.9/site-packages/oslo_config/cfg.py:2602
2025-10-11 10:56:19.123 16 DEBUG glance.common.config [None req-95b403d8-0c3d-4248-9948-5b015b961164 - - - - - -] log_rotate_interval_type = days log_opt_values /usr/lib/python3.9/site-packages/oslo_config/cfg.py:2602
2025-10-11 10:56:19.123 16 DEBUG glance.common.config [None req-95b403d8-0c3d-4248-9948-5b015b961164 - - - - - -] log_rotation_type = size log_opt_values /usr/lib/python3.9/site-packages/oslo_config/cfg.py:2602
2025-10-11 10:56:19.123 16 DEBUG glance.common.config [None req-95b403d8-0c3d-4248-9948-5b015b961164 - - - - - -] logging_context_format_string = %(asctime)s.%(msecs)03d %(process)d %(levelname)s %(name)s [%(global_request_id)s %(request_id)s %(user_identity)s] %(instance)s%(message)s log_opt_values /usr/lib/python3.9/site-packages/oslo_config/cfg.py:2602
2025-10-11 10:56:19.123 16 DEBUG glance.common.config [None req-95b403d8-0c3d-4248-9948-5b015b961164 - - - - - -] logging_debug_format_suffix = %(funcName)s %(pathname)s:%(lineno)d log_opt_values /usr/lib/python3.9/site-packages/oslo_config/cfg.py:2602
2025-10-11 10:56:19.124 16 DEBUG glance.common.config [None req-95b403d8-0c3d-4248-9948-5b015b961164 - - - - - -] logging_default_format_string = %(asctime)s.%(msecs)03d %(process)d %(levelname)s %(name)s [-] %(instance)s%(message)s log_opt_values /usr/lib/python3.9/site-packages/oslo_config/cfg.py:2602
2025-10-11 10:56:19.124 16 DEBUG glance.common.config [None req-95b403d8-0c3d-4248-9948-5b015b961164 - - - - - -] logging_exception_prefix = %(asctime)s.%(msecs)03d %(process)d ERROR %(name)s %(instance)s log_opt_values /usr/lib/python3.9/site-packages/oslo_config/cfg.py:2602
