Jan 01 19:41:09 np0005573202.novalocal object-server[97426]: ::1 - - [02/Jan/2026:00:41:09 +0000] "PUT /2/10478/AUTH_50777162d4dc40cfb40939a08020e6ce/gnocchi.7c7aa1a0-98c7-46a1-897c-2635dc1354be/1766880000.0_mean_300.0_v3" 201 - "PUT http://[::1]:8080/v1/AUTH_50777162d4dc40cfb40939a08020e6ce/gnocchi.7c7aa1a0-98c7-46a1-897c-2635dc1354be/1766880000.0_mean_300.0_v3" "tx355f12c3dfe541b394b2e-0069571425" "proxy-server 90240" 0.0084 "-" 97426 0
Jan 01 19:41:09 np0005573202.novalocal object-server[97423]: ::1 - - [02/Jan/2026:00:41:09 +0000] "PUT /1/10478/AUTH_50777162d4dc40cfb40939a08020e6ce/gnocchi.7c7aa1a0-98c7-46a1-897c-2635dc1354be/1766880000.0_mean_300.0_v3" 201 - "PUT http://[::1]:8080/v1/AUTH_50777162d4dc40cfb40939a08020e6ce/gnocchi.7c7aa1a0-98c7-46a1-897c-2635dc1354be/1766880000.0_mean_300.0_v3" "tx355f12c3dfe541b394b2e-0069571425" "proxy-server 90240" 0.0090 "-" 97423 0
Jan 01 19:41:09 np0005573202.novalocal container-server[97121]: ::1 - - [02/Jan/2026:00:41:09 +0000] "PUT /1/158163/AUTH_50777162d4dc40cfb40939a08020e6ce/gnocchi.7c7aa1a0-98c7-46a1-897c-2635dc1354be/1766880000.0_mean_300.0_v3" 201 - "PUT http://[::1]:8080/3/10478/AUTH_50777162d4dc40cfb40939a08020e6ce/gnocchi.7c7aa1a0-98c7-46a1-897c-2635dc1354be/1766880000.0_mean_300.0_v3" "tx355f12c3dfe541b394b2e-0069571425" "object-server 97423" 0.0003 "-" 97121 0
Jan 01 19:41:09 np0005573202.novalocal object-server[97423]: ::1 - - [02/Jan/2026:00:41:09 +0000] "PUT /3/10478/AUTH_50777162d4dc40cfb40939a08020e6ce/gnocchi.7c7aa1a0-98c7-46a1-897c-2635dc1354be/1766880000.0_mean_300.0_v3" 201 - "PUT http://[::1]:8080/v1/AUTH_50777162d4dc40cfb40939a08020e6ce/gnocchi.7c7aa1a0-98c7-46a1-897c-2635dc1354be/1766880000.0_mean_300.0_v3" "tx355f12c3dfe541b394b2e-0069571425" "proxy-server 90240" 0.0100 "-" 97423 0
Jan 01 19:41:09 np0005573202.novalocal proxy-server[90240]: ::1 ::1 02/Jan/2026/00/41/09 PUT /v1/AUTH_50777162d4dc40cfb40939a08020e6ce/gnocchi.7c7aa1a0-98c7-46a1-897c-2635dc1354be/1766880000.0_mean_300.0_v3 HTTP/1.0 201 - python-swiftclient-4.2.0 gAAAAABpVxQCpfSE... 16 - - tx355f12c3dfe541b394b2e-0069571425 - 0.0168 - - 1767314469.045768023 1767314469.062588215 0
Jan 01 19:41:09 np0005573202.novalocal container-server[97119]: ::1 - - [02/Jan/2026:00:41:09 +0000] "PUT /2/158163/AUTH_50777162d4dc40cfb40939a08020e6ce/gnocchi.7c7aa1a0-98c7-46a1-897c-2635dc1354be/none_v3" 201 - "PUT http://[::1]:8080/2/101467/AUTH_50777162d4dc40cfb40939a08020e6ce/gnocchi.7c7aa1a0-98c7-46a1-897c-2635dc1354be/none_v3" "txd08d9e7fd92d4e0bbb4c5-0069571425" "object-server 97423" 0.0005 "-" 97119 0
Jan 01 19:41:09 np0005573202.novalocal object-server[97423]: ::1 - - [02/Jan/2026:00:41:09 +0000] "PUT /2/101467/AUTH_50777162d4dc40cfb40939a08020e6ce/gnocchi.7c7aa1a0-98c7-46a1-897c-2635dc1354be/none_v3" 201 - "PUT http://[::1]:8080/v1/AUTH_50777162d4dc40cfb40939a08020e6ce/gnocchi.7c7aa1a0-98c7-46a1-897c-2635dc1354be/none_v3" "txd08d9e7fd92d4e0bbb4c5-0069571425" "proxy-server 90240" 0.0171 "-" 97423 0
Jan 01 19:41:09 np0005573202.novalocal container-server[97121]: ::1 - - [02/Jan/2026:00:41:09 +0000] "PUT /1/158163/AUTH_50777162d4dc40cfb40939a08020e6ce/gnocchi.7c7aa1a0-98c7-46a1-897c-2635dc1354be/none_v3" 201 - "PUT http://[::1]:8080/3/101467/AUTH_50777162d4dc40cfb40939a08020e6ce/gnocchi.7c7aa1a0-98c7-46a1-897c-2635dc1354be/none_v3" "txd08d9e7fd92d4e0bbb4c5-0069571425" "object-server 97426" 0.0005 "-" 97121 0
Jan 01 19:41:09 np0005573202.novalocal container-server[97122]: ::1 - - [02/Jan/2026:00:41:09 +0000] "PUT /3/158163/AUTH_50777162d4dc40cfb40939a08020e6ce/gnocchi.7c7aa1a0-98c7-46a1-897c-2635dc1354be/none_v3" 201 - "PUT http://[::1]:8080/1/101467/AUTH_50777162d4dc40cfb40939a08020e6ce/gnocchi.7c7aa1a0-98c7-46a1-897c-2635dc1354be/none_v3" "txd08d9e7fd92d4e0bbb4c5-0069571425" "object-server 97423" 0.0004 "-" 97122 0
Jan 01 19:41:09 np0005573202.novalocal object-server[97426]: ::1 - - [02/Jan/2026:00:41:09 +0000] "PUT /3/101467/AUTH_50777162d4dc40cfb40939a08020e6ce/gnocchi.7c7aa1a0-98c7-46a1-897c-2635dc1354be/none_v3" 201 - "PUT http://[::1]:8080/v1/AUTH_50777162d4dc40cfb40939a08020e6ce/gnocchi.7c7aa1a0-98c7-46a1-897c-2635dc1354be/none_v3" "txd08d9e7fd92d4e0bbb4c5-0069571425" "proxy-server 90240" 0.0215 "-" 97426 0
Jan 01 19:41:09 np0005573202.novalocal object-server[97423]: ::1 - - [02/Jan/2026:00:41:09 +0000] "PUT /1/101467/AUTH_50777162d4dc40cfb40939a08020e6ce/gnocchi.7c7aa1a0-98c7-46a1-897c-2635dc1354be/none_v3" 201 - "PUT http://[::1]:8080/v1/AUTH_50777162d4dc40cfb40939a08020e6ce/gnocchi.7c7aa1a0-98c7-46a1-897c-2635dc1354be/none_v3" "txd08d9e7fd92d4e0bbb4c5-0069571425" "proxy-server 90240" 0.0203 "-" 97423 0
Jan 01 19:41:09 np0005573202.novalocal proxy-server[90240]: ::1 ::1 02/Jan/2026/00/41/09 PUT /v1/AUTH_50777162d4dc40cfb40939a08020e6ce/gnocchi.7c7aa1a0-98c7-46a1-897c-2635dc1354be/none_v3 HTTP/1.0 201 - python-swiftclient-4.2.0 gAAAAABpVxQCpfSE... 62 - - txd08d9e7fd92d4e0bbb4c5-0069571425 - 0.0276 - - 1767314469.064589024 1767314469.092204094 0
Jan 01 19:41:09 np0005573202.novalocal object-server[97423]: ::1 - - [02/Jan/2026:00:41:09 +0000] "GET /1/175373/AUTH_50777162d4dc40cfb40939a08020e6ce/gnocchi.dda7e0a3-ac88-4d21-90b1-5cbc6a2217dd/none_v3" 200 59 "GET http://[::1]:8080/v1/AUTH_50777162d4dc40cfb40939a08020e6ce/gnocchi.dda7e0a3-ac88-4d21-90b1-5cbc6a2217dd/none_v3" "tx5cc76db75c12447cbd09b-0069571425" "proxy-server 90240" 0.0008 "-" 97423 0
Jan 01 19:41:09 np0005573202.novalocal proxy-server[90240]: ::1 ::1 02/Jan/2026/00/41/09 GET /v1/AUTH_50777162d4dc40cfb40939a08020e6ce/gnocchi.dda7e0a3-ac88-4d21-90b1-5cbc6a2217dd/none_v3 HTTP/1.0 200 - python-swiftclient-4.2.0 gAAAAABpVxP6bS-y... - 59 - tx5cc76db75c12447cbd09b-0069571425 - 0.0075 - - 1767314469.106491804 1767314469.113974094 0
Jan 01 19:41:09 np0005573202.novalocal container-server[97121]: ::1 - - [02/Jan/2026:00:41:09 +0000] "GET /3/154196/AUTH_50777162d4dc40cfb40939a08020e6ce/gnocchi.dda7e0a3-ac88-4d21-90b1-5cbc6a2217dd" 200 357 "GET http://[::1]:8080/v1/AUTH_50777162d4dc40cfb40939a08020e6ce/gnocchi.dda7e0a3-ac88-4d21-90b1-5cbc6a2217dd?format=json&states=listing" "tx9ca1cd2b0bf44700b9280-0069571425" "proxy-server 90240" 0.0069 "-" 97121 0
Jan 01 19:41:09 np0005573202.novalocal proxy-server[90240]: ::1 ::1 02/Jan/2026/00/41/09 GET /v1/AUTH_50777162d4dc40cfb40939a08020e6ce/gnocchi.dda7e0a3-ac88-4d21-90b1-5cbc6a2217dd%3Fformat%3Djson%26states%3Dlisting HTTP/1.0 200 - python-swiftclient-4.2.0 gAAAAABpVxP6bS-y... - 357 - tx9ca1cd2b0bf44700b9280-0069571425 - 0.0163 - - 1767314469.122471333 1767314469.138803482 0
Jan 01 19:41:09 np0005573202.novalocal container-server[97122]: ::1 - - [02/Jan/2026:00:41:09 +0000] "GET /2/154196/AUTH_50777162d4dc40cfb40939a08020e6ce/gnocchi.dda7e0a3-ac88-4d21-90b1-5cbc6a2217dd" 200 2 "GET http://[::1]:8080/v1/AUTH_50777162d4dc40cfb40939a08020e6ce/gnocchi.dda7e0a3-ac88-4d21-90b1-5cbc6a2217dd?format=json&marker=none_v3&states=listing" "tx6ac5c4cb2be342039362c-0069571425" "proxy-server 90240" 0.0084 "-" 97122 0
Jan 01 19:41:09 np0005573202.novalocal proxy-server[90240]: ::1 ::1 02/Jan/2026/00/41/09 GET /v1/AUTH_50777162d4dc40cfb40939a08020e6ce/gnocchi.dda7e0a3-ac88-4d21-90b1-5cbc6a2217dd%3Fformat%3Djson%26marker%3Dnone_v3%26states%3Dlisting HTTP/1.0 200 - python-swiftclient-4.2.0 gAAAAABpVxP6bS-y... - 2 - tx6ac5c4cb2be342039362c-0069571425 - 0.0188 - - 1767314469.142576694 1767314469.161349058 0
Jan 01 19:41:09 np0005573202.novalocal object-server[97426]: ::1 - - [02/Jan/2026:00:41:09 +0000] "GET /3/200379/AUTH_50777162d4dc40cfb40939a08020e6ce/gnocchi.4b9045ee-7114-4539-9c55-0662a48740f0/none_v3" 200 52 "GET http://[::1]:8080/v1/AUTH_50777162d4dc40cfb40939a08020e6ce/gnocchi.4b9045ee-7114-4539-9c55-0662a48740f0/none_v3" "tx308800e405224b659e556-0069571425" "proxy-server 90240" 0.0006 "-" 97426 0
Jan 01 19:41:09 np0005573202.novalocal proxy-server[90240]: ::1 ::1 02/Jan/2026/00/41/09 GET /v1/AUTH_50777162d4dc40cfb40939a08020e6ce/gnocchi.4b9045ee-7114-4539-9c55-0662a48740f0/none_v3 HTTP/1.0 200 - python-swiftclient-4.2.0 gAAAAABpVxQCpfSE... - 52 - tx308800e405224b659e556-0069571425 - 0.0073 - - 1767314469.155936718 1767314469.163246155 0
Jan 01 19:41:09 np0005573202.novalocal object-server[97424]: ::1 - - [02/Jan/2026:00:41:09 +0000] "GET /2/199657/AUTH_50777162d4dc40cfb40939a08020e6ce/gnocchi.dda7e0a3-ac88-4d21-90b1-5cbc6a2217dd/1766880000.0_mean_300.0_v3" 200 16 "GET http://[::1]:8080/v1/AUTH_50777162d4dc40cfb40939a08020e6ce/gnocchi.dda7e0a3-ac88-4d21-90b1-5cbc6a2217dd/1766880000.0_mean_300.0_v3" "tx0cfafca9f37248268d0d8-0069571425" "proxy-server 90240" 0.0009 "-" 97424 0
Jan 01 19:41:09 np0005573202.novalocal proxy-server[90240]: ::1 ::1 02/Jan/2026/00/41/09 GET /v1/AUTH_50777162d4dc40cfb40939a08020e6ce/gnocchi.dda7e0a3-ac88-4d21-90b1-5cbc6a2217dd/1766880000.0_mean_300.0_v3 HTTP/1.0 200 - python-swiftclient-4.2.0 gAAAAABpVxP6bS-y... - 16 - tx0cfafca9f37248268d0d8-0069571425 - 0.0084 - - 1767314469.165287733 1767314469.173734665 0
Jan 01 19:41:09 np0005573202.novalocal container-server[97119]: ::1 - - [02/Jan/2026:00:41:09 +0000] "GET /1/92865/AUTH_50777162d4dc40cfb40939a08020e6ce/gnocchi.4b9045ee-7114-4539-9c55-0662a48740f0" 200 357 "GET http://[::1]:8080/v1/AUTH_50777162d4dc40cfb40939a08020e6ce/gnocchi.4b9045ee-7114-4539-9c55-0662a48740f0?format=json&states=listing" "tx5684f71b1c064a6387fa2-0069571425" "proxy-server 90240" 0.0102 "-" 97119 0
Jan 01 19:41:09 np0005573202.novalocal proxy-server[90240]: ::1 ::1 02/Jan/2026/00/41/09 GET /v1/AUTH_50777162d4dc40cfb40939a08020e6ce/gnocchi.4b9045ee-7114-4539-9c55-0662a48740f0%3Fformat%3Djson%26states%3Dlisting HTTP/1.0 200 - python-swiftclient-4.2.0 gAAAAABpVxQCpfSE... - 357 - tx5684f71b1c064a6387fa2-0069571425 - 0.0206 - - 1767314469.165853262 1767314469.186431170 0
Jan 01 19:41:09 np0005573202.novalocal container-server[97119]: ::1 - - [02/Jan/2026:00:41:09 +0000] "GET /3/92865/AUTH_50777162d4dc40cfb40939a08020e6ce/gnocchi.4b9045ee-7114-4539-9c55-0662a48740f0" 200 2 "GET http://[::1]:8080/v1/AUTH_50777162d4dc40cfb40939a08020e6ce/gnocchi.4b9045ee-7114-4539-9c55-0662a48740f0?format=json&marker=none_v3&states=listing" "tx9b3f2c67261b4c008789d-0069571425" "proxy-server 90240" 0.0078 "-" 97119 0
Jan 01 19:41:09 np0005573202.novalocal container-server[97120]: ::1 - - [02/Jan/2026:00:41:09 +0000] "PUT /2/154196/AUTH_50777162d4dc40cfb40939a08020e6ce/gnocchi.dda7e0a3-ac88-4d21-90b1-5cbc6a2217dd/1766880000.0_mean_300.0_v3" 201 - "PUT http://[::1]:8080/1/199657/AUTH_50777162d4dc40cfb40939a08020e6ce/gnocchi.dda7e0a3-ac88-4d21-90b1-5cbc6a2217dd/1766880000.0_mean_300.0_v3" "tx58f2eda30ed84895a9df8-0069571425" "object-server 97423" 0.0004 "-" 97120 0
Jan 01 19:41:09 np0005573202.novalocal object-server[97423]: ::1 - - [02/Jan/2026:00:41:09 +0000] "PUT /1/199657/AUTH_50777162d4dc40cfb40939a08020e6ce/gnocchi.dda7e0a3-ac88-4d21-90b1-5cbc6a2217dd/1766880000.0_mean_300.0_v3" 201 - "PUT http://[::1]:8080/v1/AUTH_50777162d4dc40cfb40939a08020e6ce/gnocchi.dda7e0a3-ac88-4d21-90b1-5cbc6a2217dd/1766880000.0_mean_300.0_v3" "tx58f2eda30ed84895a9df8-0069571425" "proxy-server 90240" 0.0143 "-" 97423 0
Jan 01 19:41:09 np0005573202.novalocal container-server[97119]: ::1 - - [02/Jan/2026:00:41:09 +0000] "PUT /3/154196/AUTH_50777162d4dc40cfb40939a08020e6ce/gnocchi.dda7e0a3-ac88-4d21-90b1-5cbc6a2217dd/1766880000.0_mean_300.0_v3" 201 - "PUT http://[::1]:8080/3/199657/AUTH_50777162d4dc40cfb40939a08020e6ce/gnocchi.dda7e0a3-ac88-4d21-90b1-5cbc6a2217dd/1766880000.0_mean_300.0_v3" "tx58f2eda30ed84895a9df8-0069571425" "object-server 97424" 0.0003 "-" 97119 0
Jan 01 19:41:09 np0005573202.novalocal object-server[97424]: ::1 - - [02/Jan/2026:00:41:09 +0000] "PUT /3/199657/AUTH_50777162d4dc40cfb40939a08020e6ce/gnocchi.dda7e0a3-ac88-4d21-90b1-5cbc6a2217dd/1766880000.0_mean_300.0_v3" 201 - "PUT http://[::1]:8080/v1/AUTH_50777162d4dc40cfb40939a08020e6ce/gnocchi.dda7e0a3-ac88-4d21-90b1-5cbc6a2217dd/1766880000.0_mean_300.0_v3" "tx58f2eda30ed84895a9df8-0069571425" "proxy-server 90240" 0.0132 "-" 97424 0
Jan 01 19:41:09 np0005573202.novalocal proxy-server[90240]: ::1 ::1 02/Jan/2026/00/41/09 GET /v1/AUTH_50777162d4dc40cfb40939a08020e6ce/gnocchi.4b9045ee-7114-4539-9c55-0662a48740f0%3Fformat%3Djson%26marker%3Dnone_v3%26states%3Dlisting HTTP/1.0 200 - python-swiftclient-4.2.0 gAAAAABpVxQCpfSE... - 2 - tx9b3f2c67261b4c008789d-0069571425 - 0.0152 - - 1767314469.188461065 1767314469.203636646 0
Jan 01 19:41:09 np0005573202.novalocal container-server[97119]: ::1 - - [02/Jan/2026:00:41:09 +0000] "PUT /1/154196/AUTH_50777162d4dc40cfb40939a08020e6ce/gnocchi.dda7e0a3-ac88-4d21-90b1-5cbc6a2217dd/1766880000.0_mean_300.0_v3" 201 - "PUT http://[::1]:8080/2/199657/AUTH_50777162d4dc40cfb40939a08020e6ce/gnocchi.dda7e0a3-ac88-4d21-90b1-5cbc6a2217dd/1766880000.0_mean_300.0_v3" "tx58f2eda30ed84895a9df8-0069571425" "object-server 97424" 0.0005 "-" 97119 0
Jan 01 19:41:09 np0005573202.novalocal object-server[97424]: ::1 - - [02/Jan/2026:00:41:09 +0000] "PUT /2/199657/AUTH_50777162d4dc40cfb40939a08020e6ce/gnocchi.dda7e0a3-ac88-4d21-90b1-5cbc6a2217dd/1766880000.0_mean_300.0_v3" 201 - "PUT http://[::1]:8080/v1/AUTH_50777162d4dc40cfb40939a08020e6ce/gnocchi.dda7e0a3-ac88-4d21-90b1-5cbc6a2217dd/1766880000.0_mean_300.0_v3" "tx58f2eda30ed84895a9df8-0069571425" "proxy-server 90240" 0.0205 "-" 97424 0
Jan 01 19:41:09 np0005573202.novalocal proxy-server[90240]: ::1 ::1 02/Jan/2026/00/41/09 PUT /v1/AUTH_50777162d4dc40cfb40939a08020e6ce/gnocchi.dda7e0a3-ac88-4d21-90b1-5cbc6a2217dd/1766880000.0_mean_300.0_v3 HTTP/1.0 201 - python-swiftclient-4.2.0 gAAAAABpVxP6bS-y... 16 - - tx58f2eda30ed84895a9df8-0069571425 - 0.0330 - - 1767314469.177838087 1767314469.210819244 0
Jan 01 19:41:09 np0005573202.novalocal object-server[97426]: ::1 - - [02/Jan/2026:00:41:09 +0000] "GET /1/17216/AUTH_50777162d4dc40cfb40939a08020e6ce/gnocchi.4b9045ee-7114-4539-9c55-0662a48740f0/1766880000.0_mean_300.0_v3" 200 16 "GET http://[::1]:8080/v1/AUTH_50777162d4dc40cfb40939a08020e6ce/gnocchi.4b9045ee-7114-4539-9c55-0662a48740f0/1766880000.0_mean_300.0_v3" "tx0bf7b7cf82224ad98be35-0069571425" "proxy-server 90240" 0.0008 "-" 97426 0
Jan 01 19:41:09 np0005573202.novalocal proxy-server[90240]: ::1 ::1 02/Jan/2026/00/41/09 GET /v1/AUTH_50777162d4dc40cfb40939a08020e6ce/gnocchi.4b9045ee-7114-4539-9c55-0662a48740f0/1766880000.0_mean_300.0_v3 HTTP/1.0 200 - python-swiftclient-4.2.0 gAAAAABpVxQCpfSE... - 16 - tx0bf7b7cf82224ad98be35-0069571425 - 0.0065 - - 1767314469.206794024 1767314469.213288307 0
Jan 01 19:41:09 np0005573202.novalocal container-server[97119]: ::1 - - [02/Jan/2026:00:41:09 +0000] "PUT /3/154196/AUTH_50777162d4dc40cfb40939a08020e6ce/gnocchi.dda7e0a3-ac88-4d21-90b1-5cbc6a2217dd/none_v3" 201 - "PUT http://[::1]:8080/2/175373/AUTH_50777162d4dc40cfb40939a08020e6ce/gnocchi.dda7e0a3-ac88-4d21-90b1-5cbc6a2217dd/none_v3" "txb76cd1a1aaf344d688769-0069571425" "object-server 97426" 0.0004 "-" 97119 0
Jan 01 19:41:09 np0005573202.novalocal object-server[97426]: ::1 - - [02/Jan/2026:00:41:09 +0000] "PUT /2/175373/AUTH_50777162d4dc40cfb40939a08020e6ce/gnocchi.dda7e0a3-ac88-4d21-90b1-5cbc6a2217dd/none_v3" 201 - "PUT http://[::1]:8080/v1/AUTH_50777162d4dc40cfb40939a08020e6ce/gnocchi.dda7e0a3-ac88-4d21-90b1-5cbc6a2217dd/none_v3" "txb76cd1a1aaf344d688769-0069571425" "proxy-server 90240" 0.0158 "-" 97426 0
Jan 01 19:41:09 np0005573202.novalocal container-server[97119]: ::1 - - [02/Jan/2026:00:41:09 +0000] "PUT /2/154196/AUTH_50777162d4dc40cfb40939a08020e6ce/gnocchi.dda7e0a3-ac88-4d21-90b1-5cbc6a2217dd/none_v3" 201 - "PUT http://[::1]:8080/3/175373/AUTH_50777162d4dc40cfb40939a08020e6ce/gnocchi.dda7e0a3-ac88-4d21-90b1-5cbc6a2217dd/none_v3" "txb76cd1a1aaf344d688769-0069571425" "object-server 97425" 0.0003 "-" 97119 0
Jan 01 19:41:09 np0005573202.novalocal container-server[97122]: ::1 - - [02/Jan/2026:00:41:09 +0000] "PUT /1/92865/AUTH_50777162d4dc40cfb40939a08020e6ce/gnocchi.4b9045ee-7114-4539-9c55-0662a48740f0/1766880000.0_mean_300.0_v3" 201 - "PUT http://[::1]:8080/1/17216/AUTH_50777162d4dc40cfb40939a08020e6ce/gnocchi.4b9045ee-7114-4539-9c55-0662a48740f0/1766880000.0_mean_300.0_v3" "txe49a351f8ac74a18aac36-0069571425" "object-server 97423" 0.0006 "-" 97122 0
Jan 01 19:41:09 np0005573202.novalocal container-server[97119]: ::1 - - [02/Jan/2026:00:41:09 +0000] "PUT /1/154196/AUTH_50777162d4dc40cfb40939a08020e6ce/gnocchi.dda7e0a3-ac88-4d21-90b1-5cbc6a2217dd/none_v3" 201 - "PUT http://[::1]:8080/1/175373/AUTH_50777162d4dc40cfb40939a08020e6ce/gnocchi.dda7e0a3-ac88-4d21-90b1-5cbc6a2217dd/none_v3" "txb76cd1a1aaf344d688769-0069571425" "object-server 97425" 0.0003 "-" 97119 0
Jan 01 19:41:09 np0005573202.novalocal object-server[97425]: ::1 - - [02/Jan/2026:00:41:09 +0000] "PUT /3/175373/AUTH_50777162d4dc40cfb40939a08020e6ce/gnocchi.dda7e0a3-ac88-4d21-90b1-5cbc6a2217dd/none_v3" 201 - "PUT http://[::1]:8080/v1/AUTH_50777162d4dc40cfb40939a08020e6ce/gnocchi.dda7e0a3-ac88-4d21-90b1-5cbc6a2217dd/none_v3" "txb76cd1a1aaf344d688769-0069571425" "proxy-server 90240" 0.0172 "-" 97425 0
Jan 01 19:41:09 np0005573202.novalocal container-server[97120]: ::1 - - [02/Jan/2026:00:41:09 +0000] "PUT /3/92865/AUTH_50777162d4dc40cfb40939a08020e6ce/gnocchi.4b9045ee-7114-4539-9c55-0662a48740f0/1766880000.0_mean_300.0_v3" 201 - "PUT http://[::1]:8080/3/17216/AUTH_50777162d4dc40cfb40939a08020e6ce/gnocchi.4b9045ee-7114-4539-9c55-0662a48740f0/1766880000.0_mean_300.0_v3" "txe49a351f8ac74a18aac36-0069571425" "object-server 97425" 0.0004 "-" 97120 0
Jan 01 19:41:09 np0005573202.novalocal object-server[97423]: ::1 - - [02/Jan/2026:00:41:09 +0000] "PUT /1/17216/AUTH_50777162d4dc40cfb40939a08020e6ce/gnocchi.4b9045ee-7114-4539-9c55-0662a48740f0/1766880000.0_mean_300.0_v3" 201 - "PUT http://[::1]:8080/v1/AUTH_50777162d4dc40cfb40939a08020e6ce/gnocchi.4b9045ee-7114-4539-9c55-0662a48740f0/1766880000.0_mean_300.0_v3" "txe49a351f8ac74a18aac36-0069571425" "proxy-server 90240" 0.0090 "-" 97423 0
Jan 01 19:41:09 np0005573202.novalocal object-server[97425]: ::1 - - [02/Jan/2026:00:41:09 +0000] "PUT /1/175373/AUTH_50777162d4dc40cfb40939a08020e6ce/gnocchi.dda7e0a3-ac88-4d21-90b1-5cbc6a2217dd/none_v3" 201 - "PUT http://[::1]:8080/v1/AUTH_50777162d4dc40cfb40939a08020e6ce/gnocchi.dda7e0a3-ac88-4d21-90b1-5cbc6a2217dd/none_v3" "txb76cd1a1aaf344d688769-0069571425" "proxy-server 90240" 0.0172 "-" 97425 0
Jan 01 19:41:09 np0005573202.novalocal proxy-server[90240]: ::1 ::1 02/Jan/2026/00/41/09 PUT /v1/AUTH_50777162d4dc40cfb40939a08020e6ce/gnocchi.dda7e0a3-ac88-4d21-90b1-5cbc6a2217dd/none_v3 HTTP/1.0 201 - python-swiftclient-4.2.0 gAAAAABpVxP6bS-y... 70 - - txb76cd1a1aaf344d688769-0069571425 - 0.0246 - - 1767314469.214157820 1767314469.238799095 0
Jan 01 19:41:09 np0005573202.novalocal container-server[97120]: ::1 - - [02/Jan/2026:00:41:09 +0000] "PUT /2/92865/AUTH_50777162d4dc40cfb40939a08020e6ce/gnocchi.4b9045ee-7114-4539-9c55-0662a48740f0/1766880000.0_mean_300.0_v3" 201 - "PUT http://[::1]:8080/2/17216/AUTH_50777162d4dc40cfb40939a08020e6ce/gnocchi.4b9045ee-7114-4539-9c55-0662a48740f0/1766880000.0_mean_300.0_v3" "txe49a351f8ac74a18aac36-0069571425" "object-server 97423" 0.0003 "-" 97120 0
Jan 01 19:41:09 np0005573202.novalocal object-server[97425]: ::1 - - [02/Jan/2026:00:41:09 +0000] "PUT /3/17216/AUTH_50777162d4dc40cfb40939a08020e6ce/gnocchi.4b9045ee-7114-4539-9c55-0662a48740f0/1766880000.0_mean_300.0_v3" 201 - "PUT http://[::1]:8080/v1/AUTH_50777162d4dc40cfb40939a08020e6ce/gnocchi.4b9045ee-7114-4539-9c55-0662a48740f0/1766880000.0_mean_300.0_v3" "txe49a351f8ac74a18aac36-0069571425" "proxy-server 90240" 0.0119 "-" 97425 0
Jan 01 19:41:09 np0005573202.novalocal object-server[97423]: ::1 - - [02/Jan/2026:00:41:09 +0000] "PUT /2/17216/AUTH_50777162d4dc40cfb40939a08020e6ce/gnocchi.4b9045ee-7114-4539-9c55-0662a48740f0/1766880000.0_mean_300.0_v3" 201 - "PUT http://[::1]:8080/v1/AUTH_50777162d4dc40cfb40939a08020e6ce/gnocchi.4b9045ee-7114-4539-9c55-0662a48740f0/1766880000.0_mean_300.0_v3" "txe49a351f8ac74a18aac36-0069571425" "proxy-server 90240" 0.0127 "-" 97423 0
Jan 01 19:41:09 np0005573202.novalocal proxy-server[90240]: ::1 ::1 02/Jan/2026/00/41/09 PUT /v1/AUTH_50777162d4dc40cfb40939a08020e6ce/gnocchi.4b9045ee-7114-4539-9c55-0662a48740f0/1766880000.0_mean_300.0_v3 HTTP/1.0 201 - python-swiftclient-4.2.0 gAAAAABpVxQCpfSE... 16 - - txe49a351f8ac74a18aac36-0069571425 - 0.0214 - - 1767314469.219621658 1767314469.240976334 0
Jan 01 19:41:09 np0005573202.novalocal container-server[97122]: ::1 - - [02/Jan/2026:00:41:09 +0000] "PUT /2/92865/AUTH_50777162d4dc40cfb40939a08020e6ce/gnocchi.4b9045ee-7114-4539-9c55-0662a48740f0/none_v3" 201 - "PUT http://[::1]:8080/3/200379/AUTH_50777162d4dc40cfb40939a08020e6ce/gnocchi.4b9045ee-7114-4539-9c55-0662a48740f0/none_v3" "txb752aba8b9bb41b6b06f2-0069571425" "object-server 97426" 0.0005 "-" 97122 0
Jan 01 19:41:09 np0005573202.novalocal container-server[97120]: ::1 - - [02/Jan/2026:00:41:09 +0000] "PUT /3/92865/AUTH_50777162d4dc40cfb40939a08020e6ce/gnocchi.4b9045ee-7114-4539-9c55-0662a48740f0/none_v3" 201 - "PUT http://[::1]:8080/2/200379/AUTH_50777162d4dc40cfb40939a08020e6ce/gnocchi.4b9045ee-7114-4539-9c55-0662a48740f0/none_v3" "txb752aba8b9bb41b6b06f2-0069571425" "object-server 97425" 0.0004 "-" 97120 0
Jan 01 19:41:09 np0005573202.novalocal object-server[97426]: ::1 - - [02/Jan/2026:00:41:09 +0000] "PUT /3/200379/AUTH_50777162d4dc40cfb40939a08020e6ce/gnocchi.4b9045ee-7114-4539-9c55-0662a48740f0/none_v3" 201 - "PUT http://[::1]:8080/v1/AUTH_50777162d4dc40cfb40939a08020e6ce/gnocchi.4b9045ee-7114-4539-9c55-0662a48740f0/none_v3" "txb752aba8b9bb41b6b06f2-0069571425" "proxy-server 90240" 0.0083 "-" 97426 0
Jan 01 19:41:09 np0005573202.novalocal object-server[97425]: ::1 - - [02/Jan/2026:00:41:09 +0000] "PUT /2/200379/AUTH_50777162d4dc40cfb40939a08020e6ce/gnocchi.4b9045ee-7114-4539-9c55-0662a48740f0/none_v3" 201 - "PUT http://[::1]:8080/v1/AUTH_50777162d4dc40cfb40939a08020e6ce/gnocchi.4b9045ee-7114-4539-9c55-0662a48740f0/none_v3" "txb752aba8b9bb41b6b06f2-0069571425" "proxy-server 90240" 0.0091 "-" 97425 0
Jan 01 19:41:09 np0005573202.novalocal container-server[97120]: ::1 - - [02/Jan/2026:00:41:09 +0000] "PUT /1/92865/AUTH_50777162d4dc40cfb40939a08020e6ce/gnocchi.4b9045ee-7114-4539-9c55-0662a48740f0/none_v3" 201 - "PUT http://[::1]:8080/1/200379/AUTH_50777162d4dc40cfb40939a08020e6ce/gnocchi.4b9045ee-7114-4539-9c55-0662a48740f0/none_v3" "txb752aba8b9bb41b6b06f2-0069571425" "object-server 97423" 0.0003 "-" 97120 0
Jan 01 19:41:09 np0005573202.novalocal object-server[97423]: ::1 - - [02/Jan/2026:00:41:09 +0000] "PUT /1/200379/AUTH_50777162d4dc40cfb40939a08020e6ce/gnocchi.4b9045ee-7114-4539-9c55-0662a48740f0/none_v3" 201 - "PUT http://[::1]:8080/v1/AUTH_50777162d4dc40cfb40939a08020e6ce/gnocchi.4b9045ee-7114-4539-9c55-0662a48740f0/none_v3" "txb752aba8b9bb41b6b06f2-0069571425" "proxy-server 90240" 0.0162 "-" 97423 0
Jan 01 19:41:09 np0005573202.novalocal proxy-server[90240]: ::1 ::1 02/Jan/2026/00/41/09 PUT /v1/AUTH_50777162d4dc40cfb40939a08020e6ce/gnocchi.4b9045ee-7114-4539-9c55-0662a48740f0/none_v3 HTTP/1.0 201 - python-swiftclient-4.2.0 gAAAAABpVxQCpfSE... 70 - - txb752aba8b9bb41b6b06f2-0069571425 - 0.0226 - - 1767314469.242820978 1767314469.265438557 0
Jan 01 19:41:09 np0005573202.novalocal object-server[104521]: Object audit (ZBF) "forever" mode completed: 1.18s. Total quarantined: 0, Total errors: 0, Total files/sec: 50.73, Total bytes/sec: 0.00, Auditing time: 1.17, Rate: 0.99
Jan 01 19:41:09 np0005573202.novalocal setroubleshoot[104984]: SELinux is preventing /usr/sbin/dnsmasq from using the dac_override capability. For complete SELinux messages run: sealert -l 00f9ed20-0573-418c-ada6-b313861f367a
Jan 01 19:41:09 np0005573202.novalocal setroubleshoot[104984]: SELinux is preventing /usr/sbin/dnsmasq from using the dac_override capability. ***** Plugin dac_override (53.1 confidence) suggests ********************** If you want to help identify if domain needs this access or you have a file with the wrong permissions on your system Then turn on full auditing to get path information about the offending file and generate the error again. Do Turn on full auditing # auditctl -w /etc/shadow -p w Try to recreate AVC. Then execute # ausearch -m avc -ts recent If you see PATH record check ownership/permissions on file, and fix it, otherwise report as a bugzilla. ***** Plugin catchall_boolean (42.6 confidence) suggests ****************** If you want to allow os to dnsmasq dac override Then you must tell SELinux about this by enabling the 'os_dnsmasq_dac_override' boolean. Do setsebool -P os_dnsmasq_dac_override 1 ***** Plugin catchall (5.76 confidence) suggests ************************** If you believe that dnsmasq should have the dac_override capability by default. Then you should report this as a bug. You can generate a local policy module to allow this access. Do allow this access for now by executing: # ausearch -c 'dnsmasq' --raw | audit2allow -M my-dnsmasq # semodule -X 300 -i my-dnsmasq.pp
Jan 01 19:41:11 np0005573202.novalocal dnsmasq[104942]: read /var/lib/neutron/dhcp/a0c479c3-55e6-4719-b1b3-ee1171acd69e/addn_hosts - 2 addresses
Jan 01 19:41:11 np0005573202.novalocal dnsmasq-dhcp[104942]: read /var/lib/neutron/dhcp/a0c479c3-55e6-4719-b1b3-ee1171acd69e/host
Jan 01 19:41:11 np0005573202.novalocal dnsmasq-dhcp[104942]: read /var/lib/neutron/dhcp/a0c479c3-55e6-4719-b1b3-ee1171acd69e/opts
Jan 01 19:41:11 np0005573202.novalocal NetworkManager[860]: [1767314471.9685] manager: (qbre6b60a61-cf): new Bridge device (/org/freedesktop/NetworkManager/Devices/34)
Jan 01 19:41:11 np0005573202.novalocal NetworkManager[860]: [1767314471.9776] manager: (qvoe6b60a61-cf): new Veth device (/org/freedesktop/NetworkManager/Devices/35)
Jan 01 19:41:11 np0005573202.novalocal NetworkManager[860]: [1767314471.9797] manager: (qvbe6b60a61-cf): new Veth device (/org/freedesktop/NetworkManager/Devices/36)
Jan 01 19:41:11 np0005573202.novalocal NetworkManager[860]: [1767314471.9827] device (qvoe6b60a61-cf): carrier: link connected
Jan 01 19:41:11 np0005573202.novalocal NetworkManager[860]: [1767314471.9831] device (qvbe6b60a61-cf): carrier: link connected
Jan 01 19:41:11 np0005573202.novalocal kernel: qbre6b60a61-cf: port 1(qvbe6b60a61-cf) entered blocking state
Jan 01 19:41:11 np0005573202.novalocal kernel: qbre6b60a61-cf: port 1(qvbe6b60a61-cf) entered disabled state
Jan 01 19:41:11 np0005573202.novalocal kernel: qvbe6b60a61-cf: entered allmulticast mode
Jan 01 19:41:11 np0005573202.novalocal kernel: qvbe6b60a61-cf: entered promiscuous mode
Jan 01 19:41:11 np0005573202.novalocal kernel: qbre6b60a61-cf: port 1(qvbe6b60a61-cf) entered blocking state
Jan 01 19:41:11 np0005573202.novalocal kernel: qbre6b60a61-cf: port 1(qvbe6b60a61-cf) entered forwarding state
Jan 01 19:41:11 np0005573202.novalocal NetworkManager[860]: [1767314471.9883] device (qbre6b60a61-cf): carrier: link connected
Jan 01 19:41:12 np0005573202.novalocal kernel: qvoe6b60a61-cf: entered promiscuous mode
Jan 01 19:41:12 np0005573202.novalocal systemd-udevd[105250]: Network interface NamePolicy= disabled on kernel command line.
Jan 01 19:41:12 np0005573202.novalocal systemd-udevd[105251]: Network interface NamePolicy= disabled on kernel command line.
Jan 01 19:41:12 np0005573202.novalocal systemd-udevd[105253]: Network interface NamePolicy= disabled on kernel command line.
Jan 01 19:41:12 np0005573202.novalocal NetworkManager[860]: [1767314472.0291] device (qbre6b60a61-cf): state change: unmanaged -> unavailable (reason 'connection-assumed', managed-type: 'external')
Jan 01 19:41:12 np0005573202.novalocal NetworkManager[860]: [1767314472.0307] device (qbre6b60a61-cf): state change: unavailable -> disconnected (reason 'connection-assumed', managed-type: 'external')
Jan 01 19:41:12 np0005573202.novalocal NetworkManager[860]: [1767314472.0318] device (qbre6b60a61-cf): Activation: starting connection 'qbre6b60a61-cf' (503f5152-c80b-4287-a6cf-dfba9f7d32d9)
Jan 01 19:41:12 np0005573202.novalocal NetworkManager[860]: [1767314472.0319] device (qbre6b60a61-cf): state change: disconnected -> prepare (reason 'none', managed-type: 'external')
Jan 01 19:41:12 np0005573202.novalocal NetworkManager[860]: [1767314472.0324] device (qbre6b60a61-cf): state change: prepare -> config (reason 'none', managed-type: 'external')
Jan 01 19:41:12 np0005573202.novalocal NetworkManager[860]: [1767314472.0328] device (qbre6b60a61-cf): state change: config -> ip-config (reason 'none', managed-type: 'external')
Jan 01 19:41:12 np0005573202.novalocal NetworkManager[860]: [1767314472.0333] device (qbre6b60a61-cf): state change: ip-config -> ip-check (reason 'none', managed-type: 'external')
Jan 01 19:41:12 np0005573202.novalocal NetworkManager[860]: [1767314472.0369] device (qbre6b60a61-cf): state change: ip-check -> secondaries (reason 'none', managed-type: 'external')
Jan 01 19:41:12 np0005573202.novalocal NetworkManager[860]: [1767314472.0372] device (qbre6b60a61-cf): state change: secondaries -> activated (reason 'none', managed-type: 'external')
Jan 01 19:41:12 np0005573202.novalocal NetworkManager[860]: [1767314472.0382] device (qbre6b60a61-cf): Activation: successful, device activated.
Jan 01 19:41:12 np0005573202.novalocal systemd[1]: iscsi.service: Unit cannot be reloaded because it is inactive.
Jan 01 19:41:12 np0005573202.novalocal kernel: qbre6b60a61-cf: port 2(tape6b60a61-cf) entered blocking state
Jan 01 19:41:12 np0005573202.novalocal kernel: qbre6b60a61-cf: port 2(tape6b60a61-cf) entered disabled state
Jan 01 19:41:12 np0005573202.novalocal kernel: tape6b60a61-cf: entered allmulticast mode
Jan 01 19:41:12 np0005573202.novalocal kernel: tape6b60a61-cf: entered promiscuous mode
Jan 01 19:41:12 np0005573202.novalocal kernel: qbre6b60a61-cf: port 2(tape6b60a61-cf) entered blocking state
Jan 01 19:41:12 np0005573202.novalocal kernel: qbre6b60a61-cf: port 2(tape6b60a61-cf) entered forwarding state
Jan 01 19:41:12 np0005573202.novalocal NetworkManager[860]: [1767314472.1266] manager: (tape6b60a61-cf): new Tun device (/org/freedesktop/NetworkManager/Devices/37)
Jan 01 19:41:12 np0005573202.novalocal systemd-udevd[105258]: Network interface NamePolicy= disabled on kernel command line.
Jan 01 19:41:12 np0005573202.novalocal libvirtd[99529]: Domain id=3 name='instance-00000003' uuid=7024e3d6-2c12-440c-b9d1-fdd56735ddb4 is tainted: deprecated-config (machine type 'pc-i440fx-rhel7.6.0')
Jan 01 19:41:12 np0005573202.novalocal libvirtd[99529]: Domain id=3 name='instance-00000003' uuid=7024e3d6-2c12-440c-b9d1-fdd56735ddb4 is tainted: deprecated-config (CPU model 'qemu64')
Jan 01 19:41:12 np0005573202.novalocal NetworkManager[860]: [1767314472.1405] device (tape6b60a61-cf): state change: unmanaged -> unavailable (reason 'connection-assumed', managed-type: 'external')
Jan 01 19:41:12 np0005573202.novalocal NetworkManager[860]: [1767314472.1412] device (tape6b60a61-cf): state change: unavailable -> disconnected (reason 'connection-assumed', managed-type: 'external')
Jan 01 19:41:12 np0005573202.novalocal NetworkManager[860]: [1767314472.1418] device (tape6b60a61-cf): Activation: starting connection 'tape6b60a61-cf' (a963c4aa-c7bb-4f6c-b41b-e2ba5785650b)
Jan 01 19:41:12 np0005573202.novalocal NetworkManager[860]: [1767314472.1419] device (tape6b60a61-cf): state change: disconnected -> prepare (reason 'none', managed-type: 'external')
Jan 01 19:41:12 np0005573202.novalocal NetworkManager[860]: [1767314472.1422] device (tape6b60a61-cf): state change: prepare -> config (reason 'none', managed-type: 'external')
Jan 01 19:41:12 np0005573202.novalocal NetworkManager[860]: [1767314472.1424] device (tape6b60a61-cf): state change: config -> ip-config (reason 'none', managed-type: 'external')
Jan 01 19:41:12 np0005573202.novalocal NetworkManager[860]: [1767314472.1425] device (qbre6b60a61-cf): bridge port tape6b60a61-cf was attached
Jan 01 19:41:12 np0005573202.novalocal NetworkManager[860]: [1767314472.1425] device (tape6b60a61-cf): Activation: connection 'tape6b60a61-cf' attached as port, continuing activation
Jan 01 19:41:12 np0005573202.novalocal NetworkManager[860]: [1767314472.1427] device (tape6b60a61-cf): state change: ip-config -> ip-check (reason 'none', managed-type: 'external')
Jan 01 19:41:12 np0005573202.novalocal NetworkManager[860]: [1767314472.1439] device (tape6b60a61-cf): state change: ip-check -> secondaries (reason 'none', managed-type: 'external')
Jan 01 19:41:12 np0005573202.novalocal NetworkManager[860]: [1767314472.1441] device (tape6b60a61-cf): state change: secondaries -> activated (reason 'none', managed-type: 'external')
Jan 01 19:41:12 np0005573202.novalocal NetworkManager[860]: [1767314472.1446] device (tape6b60a61-cf): Activation: successful, device activated.
Jan 01 19:41:12 np0005573202.novalocal systemd-machined[94253]: New machine qemu-3-instance-00000003.
Jan 01 19:41:12 np0005573202.novalocal systemd[1]: Started Virtual Machine qemu-3-instance-00000003.
Jan 01 19:41:12 np0005573202.novalocal systemd[1]: iscsi.service: Unit cannot be reloaded because it is inactive.
Jan 01 19:41:13 np0005573202.novalocal container-server[97120]: ::1 - - [02/Jan/2026:00:41:13 +0000] "HEAD /3/48364/AUTH_50777162d4dc40cfb40939a08020e6ce/gnocchi.ca45d130-5dce-4387-8bc2-84bf26e58cd1" 404 - "HEAD http://[::1]:8080/v1/AUTH_50777162d4dc40cfb40939a08020e6ce/gnocchi.ca45d130-5dce-4387-8bc2-84bf26e58cd1?format=json&states=listing" "tx309ed97807dc4f6ba9ae9-0069571429" "proxy-server 90240" 0.0005 "-" 97120 0
Jan 01 19:41:13 np0005573202.novalocal container-server[97121]: ::1 - - [02/Jan/2026:00:41:13 +0000] "HEAD /1/118962/AUTH_50777162d4dc40cfb40939a08020e6ce/gnocchi.9eb1a166-46a3-404b-bb5d-23832448e417" 404 - "HEAD http://[::1]:8080/v1/AUTH_50777162d4dc40cfb40939a08020e6ce/gnocchi.9eb1a166-46a3-404b-bb5d-23832448e417?format=json&states=listing" "tx8e345cdd45544b62ad084-0069571429" "proxy-server 90240" 0.0005 "-" 97121 0
Jan 01 19:41:13 np0005573202.novalocal container-server[97121]: ::1 - - [02/Jan/2026:00:41:13 +0000] "HEAD /2/48364/AUTH_50777162d4dc40cfb40939a08020e6ce/gnocchi.ca45d130-5dce-4387-8bc2-84bf26e58cd1" 404 - "HEAD http://[::1]:8080/v1/AUTH_50777162d4dc40cfb40939a08020e6ce/gnocchi.ca45d130-5dce-4387-8bc2-84bf26e58cd1?format=json&states=listing" "tx309ed97807dc4f6ba9ae9-0069571429" "proxy-server 90240" 0.0002 "-" 97121 0
Jan 01 19:41:13 np0005573202.novalocal container-server[97122]: ::1 - - [02/Jan/2026:00:41:13 +0000] "HEAD /2/118962/AUTH_50777162d4dc40cfb40939a08020e6ce/gnocchi.9eb1a166-46a3-404b-bb5d-23832448e417" 404 - "HEAD http://[::1]:8080/v1/AUTH_50777162d4dc40cfb40939a08020e6ce/gnocchi.9eb1a166-46a3-404b-bb5d-23832448e417?format=json&states=listing" "tx8e345cdd45544b62ad084-0069571429" "proxy-server 90240" 0.0004 "-" 97122 0
Jan 01 19:41:13 np0005573202.novalocal container-server[97122]: ::1 - - [02/Jan/2026:00:41:13 +0000] "HEAD /1/48364/AUTH_50777162d4dc40cfb40939a08020e6ce/gnocchi.ca45d130-5dce-4387-8bc2-84bf26e58cd1" 404 - "HEAD http://[::1]:8080/v1/AUTH_50777162d4dc40cfb40939a08020e6ce/gnocchi.ca45d130-5dce-4387-8bc2-84bf26e58cd1?format=json&states=listing" "tx309ed97807dc4f6ba9ae9-0069571429" "proxy-server 90240" 0.0002 "-" 97122 0
Jan 01 19:41:13 np0005573202.novalocal container-server[97119]: ::1 - - [02/Jan/2026:00:41:13 +0000] "HEAD /3/118962/AUTH_50777162d4dc40cfb40939a08020e6ce/gnocchi.9eb1a166-46a3-404b-bb5d-23832448e417" 404 - "HEAD http://[::1]:8080/v1/AUTH_50777162d4dc40cfb40939a08020e6ce/gnocchi.9eb1a166-46a3-404b-bb5d-23832448e417?format=json&states=listing" "tx8e345cdd45544b62ad084-0069571429" "proxy-server 90240" 0.0003 "-" 97119 0
Jan 01 19:41:13 np0005573202.novalocal object-server[97425]: ::1 - - [02/Jan/2026:00:41:13 +0000] "GET /2/4788/AUTH_50777162d4dc40cfb40939a08020e6ce/gnocchi.ca45d130-5dce-4387-8bc2-84bf26e58cd1/none_v3" 404 70 "GET http://[::1]:8080/v1/AUTH_50777162d4dc40cfb40939a08020e6ce/gnocchi.ca45d130-5dce-4387-8bc2-84bf26e58cd1/none_v3" "tx309ed97807dc4f6ba9ae9-0069571429" "proxy-server 90240" 0.0004 "-" 97425 0
Jan 01 19:41:13 np0005573202.novalocal object-server[97426]: ::1 - - [02/Jan/2026:00:41:13 +0000] "GET /1/220237/AUTH_50777162d4dc40cfb40939a08020e6ce/gnocchi.9eb1a166-46a3-404b-bb5d-23832448e417/none_v3" 404 70 "GET http://[::1]:8080/v1/AUTH_50777162d4dc40cfb40939a08020e6ce/gnocchi.9eb1a166-46a3-404b-bb5d-23832448e417/none_v3" "tx8e345cdd45544b62ad084-0069571429" "proxy-server 90240" 0.0003 "-" 97426 0
Jan 01 19:41:13 np0005573202.novalocal object-server[97425]: ::1 - - [02/Jan/2026:00:41:13 +0000] "GET /1/4788/AUTH_50777162d4dc40cfb40939a08020e6ce/gnocchi.ca45d130-5dce-4387-8bc2-84bf26e58cd1/none_v3" 404 70 "GET http://[::1]:8080/v1/AUTH_50777162d4dc40cfb40939a08020e6ce/gnocchi.ca45d130-5dce-4387-8bc2-84bf26e58cd1/none_v3" "tx309ed97807dc4f6ba9ae9-0069571429" "proxy-server 90240" 0.0004 "-" 97425 0
Jan 01 19:41:13 np0005573202.novalocal object-server[97425]: ::1 - - [02/Jan/2026:00:41:13 +0000] "GET /3/4788/AUTH_50777162d4dc40cfb40939a08020e6ce/gnocchi.ca45d130-5dce-4387-8bc2-84bf26e58cd1/none_v3" 404 70 "GET http://[::1]:8080/v1/AUTH_50777162d4dc40cfb40939a08020e6ce/gnocchi.ca45d130-5dce-4387-8bc2-84bf26e58cd1/none_v3" "tx309ed97807dc4f6ba9ae9-0069571429" "proxy-server 90240" 0.0004 "-" 97425 0
Jan 01 19:41:13 np0005573202.novalocal object-server[97424]: ::1 - - [02/Jan/2026:00:41:13 +0000] "GET /3/220237/AUTH_50777162d4dc40cfb40939a08020e6ce/gnocchi.9eb1a166-46a3-404b-bb5d-23832448e417/none_v3" 404 70 "GET http://[::1]:8080/v1/AUTH_50777162d4dc40cfb40939a08020e6ce/gnocchi.9eb1a166-46a3-404b-bb5d-23832448e417/none_v3" "tx8e345cdd45544b62ad084-0069571429" "proxy-server 90240" 0.0004 "-" 97424 0
Jan 01 19:41:13 np0005573202.novalocal proxy-server[90240]: ::1 ::1 02/Jan/2026/00/41/13 GET /v1/AUTH_50777162d4dc40cfb40939a08020e6ce/gnocchi.ca45d130-5dce-4387-8bc2-84bf26e58cd1/none_v3 HTTP/1.0 404 - python-swiftclient-4.2.0 gAAAAABpVxQCpfSE... - 70 - tx309ed97807dc4f6ba9ae9-0069571429 - 0.0380 - - 1767314473.135152817 1767314473.173202515 0
Jan 01 19:41:13 np0005573202.novalocal object-server[97424]: ::1 - - [02/Jan/2026:00:41:13 +0000] "GET /2/220237/AUTH_50777162d4dc40cfb40939a08020e6ce/gnocchi.9eb1a166-46a3-404b-bb5d-23832448e417/none_v3" 404 70 "GET http://[::1]:8080/v1/AUTH_50777162d4dc40cfb40939a08020e6ce/gnocchi.9eb1a166-46a3-404b-bb5d-23832448e417/none_v3" "tx8e345cdd45544b62ad084-0069571429" "proxy-server 90240" 0.0003 "-" 97424 0
Jan 01 19:41:13 np0005573202.novalocal proxy-server[90240]: ::1 ::1 02/Jan/2026/00/41/13 GET /v1/AUTH_50777162d4dc40cfb40939a08020e6ce/gnocchi.9eb1a166-46a3-404b-bb5d-23832448e417/none_v3 HTTP/1.0 404 - python-swiftclient-4.2.0 gAAAAABpVxP6bS-y... - 70 - tx8e345cdd45544b62ad084-0069571429 - 0.0390 - - 1767314473.139100313 1767314473.178065777 0
Jan 01 19:41:13 np0005573202.novalocal account-server[96826]: ::1 - - [02/Jan/2026:00:41:13 +0000] "PUT /1/20297/AUTH_50777162d4dc40cfb40939a08020e6ce/gnocchi.ca45d130-5dce-4387-8bc2-84bf26e58cd1" 201 - "PUT http://[::1]:6001/2/48364/AUTH_50777162d4dc40cfb40939a08020e6ce/gnocchi.ca45d130-5dce-4387-8bc2-84bf26e58cd1" "tx4cbbd81e5a4b4cbd848c8-0069571429" "container-server 97122" 0.0016 "-" 96826 0
Jan 01 19:41:13 np0005573202.novalocal account-server[96826]: ::1 - - [02/Jan/2026:00:41:13 +0000] "PUT /3/20297/AUTH_50777162d4dc40cfb40939a08020e6ce/gnocchi.ca45d130-5dce-4387-8bc2-84bf26e58cd1" 201 - "PUT http://[::1]:6001/3/48364/AUTH_50777162d4dc40cfb40939a08020e6ce/gnocchi.ca45d130-5dce-4387-8bc2-84bf26e58cd1" "tx4cbbd81e5a4b4cbd848c8-0069571429" "container-server 97119" 0.0010 "-" 96826 0
Jan 01 19:41:13 np0005573202.novalocal container-server[97119]: ::1 - - [02/Jan/2026:00:41:13 +0000] "PUT /3/48364/AUTH_50777162d4dc40cfb40939a08020e6ce/gnocchi.ca45d130-5dce-4387-8bc2-84bf26e58cd1" 201 - "PUT http://[::1]:8080/v1/AUTH_50777162d4dc40cfb40939a08020e6ce/gnocchi.ca45d130-5dce-4387-8bc2-84bf26e58cd1" "tx4cbbd81e5a4b4cbd848c8-0069571429" "proxy-server 90240" 0.0248 "-" 97119 0
Jan 01 19:41:13 np0005573202.novalocal account-server[96826]: ::1 - - [02/Jan/2026:00:41:13 +0000] "PUT /2/20297/AUTH_50777162d4dc40cfb40939a08020e6ce/gnocchi.ca45d130-5dce-4387-8bc2-84bf26e58cd1" 201 - "PUT http://[::1]:6001/1/48364/AUTH_50777162d4dc40cfb40939a08020e6ce/gnocchi.ca45d130-5dce-4387-8bc2-84bf26e58cd1" "tx4cbbd81e5a4b4cbd848c8-0069571429" "container-server 97119" 0.0019 "-" 96826 0
Jan 01 19:41:13 np0005573202.novalocal container-server[97119]: ::1 - - [02/Jan/2026:00:41:13 +0000] "PUT /1/48364/AUTH_50777162d4dc40cfb40939a08020e6ce/gnocchi.ca45d130-5dce-4387-8bc2-84bf26e58cd1" 201 - "PUT http://[::1]:8080/v1/AUTH_50777162d4dc40cfb40939a08020e6ce/gnocchi.ca45d130-5dce-4387-8bc2-84bf26e58cd1" "tx4cbbd81e5a4b4cbd848c8-0069571429" "proxy-server 90240" 0.0172 "-" 97119 0
Jan 01 19:41:13 np0005573202.novalocal container-server[97122]: ::1 - - [02/Jan/2026:00:41:13 +0000] "PUT /2/48364/AUTH_50777162d4dc40cfb40939a08020e6ce/gnocchi.ca45d130-5dce-4387-8bc2-84bf26e58cd1" 201 - "PUT http://[::1]:8080/v1/AUTH_50777162d4dc40cfb40939a08020e6ce/gnocchi.ca45d130-5dce-4387-8bc2-84bf26e58cd1" "tx4cbbd81e5a4b4cbd848c8-0069571429" "proxy-server 90240" 0.0232 "-" 97122 0
Jan 01 19:41:13 np0005573202.novalocal proxy-server[90240]: ::1 ::1 02/Jan/2026/00/41/13 PUT /v1/AUTH_50777162d4dc40cfb40939a08020e6ce/gnocchi.ca45d130-5dce-4387-8bc2-84bf26e58cd1 HTTP/1.0 201 - python-swiftclient-4.2.0 gAAAAABpVxQCpfSE... - - - tx4cbbd81e5a4b4cbd848c8-0069571429 - 0.0369 - - 1767314473.179656982 1767314473.216537237 0
Jan 01 19:41:13 np0005573202.novalocal account-server[96827]: ::1 - - [02/Jan/2026:00:41:13 +0000] "PUT /1/20297/AUTH_50777162d4dc40cfb40939a08020e6ce/gnocchi.9eb1a166-46a3-404b-bb5d-23832448e417" 201 - "PUT http://[::1]:6001/3/118962/AUTH_50777162d4dc40cfb40939a08020e6ce/gnocchi.9eb1a166-46a3-404b-bb5d-23832448e417" "txe58040e2a81d4903aa1e0-0069571429" "container-server 97120" 0.0061 "-" 96827 0
Jan 01 19:41:13 np0005573202.novalocal container-server[97120]: ::1 - - [02/Jan/2026:00:41:13 +0000] "PUT /3/118962/AUTH_50777162d4dc40cfb40939a08020e6ce/gnocchi.9eb1a166-46a3-404b-bb5d-23832448e417" 201 - "PUT http://[::1]:8080/v1/AUTH_50777162d4dc40cfb40939a08020e6ce/gnocchi.9eb1a166-46a3-404b-bb5d-23832448e417" "txe58040e2a81d4903aa1e0-0069571429" "proxy-server 90240" 0.0238 "-" 97120 0
Jan 01 19:41:13 np0005573202.novalocal container-server[97122]: ::1 - - [02/Jan/2026:00:41:13 +0000] "HEAD /2/48364/AUTH_50777162d4dc40cfb40939a08020e6ce/gnocchi.ca45d130-5dce-4387-8bc2-84bf26e58cd1" 204 - "HEAD http://[::1]:8080/v1/AUTH_50777162d4dc40cfb40939a08020e6ce/gnocchi.ca45d130-5dce-4387-8bc2-84bf26e58cd1?format=json&states=listing" "tx1add0b72095043de99b0d-0069571429" "proxy-server 90240" 0.0016 "-" 97122 0
Jan 01 19:41:13 np0005573202.novalocal account-server[96827]: ::1 - - [02/Jan/2026:00:41:13 +0000] "PUT /2/20297/AUTH_50777162d4dc40cfb40939a08020e6ce/gnocchi.9eb1a166-46a3-404b-bb5d-23832448e417" 201 - "PUT http://[::1]:6001/1/118962/AUTH_50777162d4dc40cfb40939a08020e6ce/gnocchi.9eb1a166-46a3-404b-bb5d-23832448e417" "txe58040e2a81d4903aa1e0-0069571429" "container-server 97122" 0.0040 "-" 96827 0
Jan 01 19:41:13 np0005573202.novalocal account-server[96829]: ::1 - - [02/Jan/2026:00:41:13 +0000] "PUT /3/20297/AUTH_50777162d4dc40cfb40939a08020e6ce/gnocchi.9eb1a166-46a3-404b-bb5d-23832448e417" 201 - "PUT http://[::1]:6001/2/118962/AUTH_50777162d4dc40cfb40939a08020e6ce/gnocchi.9eb1a166-46a3-404b-bb5d-23832448e417" "txe58040e2a81d4903aa1e0-0069571429" "container-server 97122" 0.0047 "-" 96829 0
Jan 01 19:41:13 np0005573202.novalocal container-server[97122]: ::1 - - [02/Jan/2026:00:41:13 +0000] "PUT /1/118962/AUTH_50777162d4dc40cfb40939a08020e6ce/gnocchi.9eb1a166-46a3-404b-bb5d-23832448e417" 201 - "PUT http://[::1]:8080/v1/AUTH_50777162d4dc40cfb40939a08020e6ce/gnocchi.9eb1a166-46a3-404b-bb5d-23832448e417" "txe58040e2a81d4903aa1e0-0069571429" "proxy-server 90240" 0.0138 "-" 97122 0
Jan 01 19:41:13 np0005573202.novalocal container-server[97122]: ::1 - - [02/Jan/2026:00:41:13 +0000] "PUT /2/118962/AUTH_50777162d4dc40cfb40939a08020e6ce/gnocchi.9eb1a166-46a3-404b-bb5d-23832448e417" 201 - "PUT http://[::1]:8080/v1/AUTH_50777162d4dc40cfb40939a08020e6ce/gnocchi.9eb1a166-46a3-404b-bb5d-23832448e417" "txe58040e2a81d4903aa1e0-0069571429" "proxy-server 90240" 0.0296 "-" 97122 0
Jan 01 19:41:13 np0005573202.novalocal proxy-server[90240]: ::1 ::1 02/Jan/2026/00/41/13 PUT /v1/AUTH_50777162d4dc40cfb40939a08020e6ce/gnocchi.9eb1a166-46a3-404b-bb5d-23832448e417 HTTP/1.0 201 - python-swiftclient-4.2.0 gAAAAABpVxP6bS-y... - - - txe58040e2a81d4903aa1e0-0069571429 - 0.0560 - - 1767314473.192075729 1767314473.248104334 0
Jan 01 19:41:13 np0005573202.novalocal container-server[97121]: ::1 - - [02/Jan/2026:00:41:13 +0000] "GET /3/48364/AUTH_50777162d4dc40cfb40939a08020e6ce/gnocchi.ca45d130-5dce-4387-8bc2-84bf26e58cd1" 200 2 "GET http://[::1]:8080/v1/AUTH_50777162d4dc40cfb40939a08020e6ce/gnocchi.ca45d130-5dce-4387-8bc2-84bf26e58cd1?format=json&states=listing" "tx1add0b72095043de99b0d-0069571429" "proxy-server 90240" 0.0020 "-" 97121 0
Jan 01 19:41:13 np0005573202.novalocal proxy-server[90240]: ::1 ::1 02/Jan/2026/00/41/13 GET /v1/AUTH_50777162d4dc40cfb40939a08020e6ce/gnocchi.ca45d130-5dce-4387-8bc2-84bf26e58cd1%3Fformat%3Djson%26states%3Dlisting HTTP/1.0 200 - python-swiftclient-4.2.0 gAAAAABpVxQCpfSE... - 2 - tx1add0b72095043de99b0d-0069571429 - 0.0334 - - 1767314473.219929934 1767314473.253362894 0
Jan 01 19:41:13 np0005573202.novalocal container-server[97122]: ::1 - - [02/Jan/2026:00:41:13 +0000] "HEAD /2/118962/AUTH_50777162d4dc40cfb40939a08020e6ce/gnocchi.9eb1a166-46a3-404b-bb5d-23832448e417" 204 - "HEAD http://[::1]:8080/v1/AUTH_50777162d4dc40cfb40939a08020e6ce/gnocchi.9eb1a166-46a3-404b-bb5d-23832448e417?format=json&states=listing" "txd172d7ee45a64fed82aa0-0069571429" "proxy-server 90240" 0.0013 "-" 97122 0
Jan 01 19:41:13 np0005573202.novalocal object-server[97424]: ::1 - - [02/Jan/2026:00:41:13 +0000] "GET /1/178566/AUTH_50777162d4dc40cfb40939a08020e6ce/gnocchi.ca45d130-5dce-4387-8bc2-84bf26e58cd1/1766880000.0_mean_300.0_v3" 404 70 "GET http://[::1]:8080/v1/AUTH_50777162d4dc40cfb40939a08020e6ce/gnocchi.ca45d130-5dce-4387-8bc2-84bf26e58cd1/1766880000.0_mean_300.0_v3" "tx84febd346f2e4f0999625-0069571429" "proxy-server 90240" 0.0003 "-" 97424 0
Jan 01 19:41:13 np0005573202.novalocal object-server[97426]: ::1 - - [02/Jan/2026:00:41:13 +0000] "GET /2/178566/AUTH_50777162d4dc40cfb40939a08020e6ce/gnocchi.ca45d130-5dce-4387-8bc2-84bf26e58cd1/1766880000.0_mean_300.0_v3" 404 70 "GET http://[::1]:8080/v1/AUTH_50777162d4dc40cfb40939a08020e6ce/gnocchi.ca45d130-5dce-4387-8bc2-84bf26e58cd1/1766880000.0_mean_300.0_v3" "tx84febd346f2e4f0999625-0069571429" "proxy-server 90240" 0.0003 "-" 97426 0
Jan 01 19:41:13 np0005573202.novalocal object-server[97426]: ::1 - - [02/Jan/2026:00:41:13 +0000] "GET /3/178566/AUTH_50777162d4dc40cfb40939a08020e6ce/gnocchi.ca45d130-5dce-4387-8bc2-84bf26e58cd1/1766880000.0_mean_300.0_v3" 404 70 "GET http://[::1]:8080/v1/AUTH_50777162d4dc40cfb40939a08020e6ce/gnocchi.ca45d130-5dce-4387-8bc2-84bf26e58cd1/1766880000.0_mean_300.0_v3" "tx84febd346f2e4f0999625-0069571429" "proxy-server 90240" 0.0001 "-" 97426 0
Jan 01 19:41:13 np0005573202.novalocal container-server[97122]: ::1 - - [02/Jan/2026:00:41:13 +0000] "GET /1/118962/AUTH_50777162d4dc40cfb40939a08020e6ce/gnocchi.9eb1a166-46a3-404b-bb5d-23832448e417" 200 2 "GET http://[::1]:8080/v1/AUTH_50777162d4dc40cfb40939a08020e6ce/gnocchi.9eb1a166-46a3-404b-bb5d-23832448e417?format=json&states=listing" "txd172d7ee45a64fed82aa0-0069571429" "proxy-server 90240" 0.0020 "-" 97122 0
Jan 01 19:41:13 np0005573202.novalocal proxy-server[90240]: ::1 ::1 02/Jan/2026/00/41/13 GET /v1/AUTH_50777162d4dc40cfb40939a08020e6ce/gnocchi.ca45d130-5dce-4387-8bc2-84bf26e58cd1/1766880000.0_mean_300.0_v3 HTTP/1.0 404 - python-swiftclient-4.2.0 gAAAAABpVxQCpfSE... - 70 - tx84febd346f2e4f0999625-0069571429 - 0.0115 - - 1767314473.256227493 1767314473.267687082 0
Jan 01 19:41:13 np0005573202.novalocal proxy-server[90240]: ::1 ::1 02/Jan/2026/00/41/13 GET /v1/AUTH_50777162d4dc40cfb40939a08020e6ce/gnocchi.9eb1a166-46a3-404b-bb5d-23832448e417%3Fformat%3Djson%26states%3Dlisting HTTP/1.0 200 - python-swiftclient-4.2.0 gAAAAABpVxP6bS-y... - 2 - txd172d7ee45a64fed82aa0-0069571429 - 0.0246 - - 1767314473.251209021 1767314473.275771856 0
Jan 01 19:41:13 np0005573202.novalocal container-server[97121]: ::1 - - [02/Jan/2026:00:41:13 +0000] "PUT /3/48364/AUTH_50777162d4dc40cfb40939a08020e6ce/gnocchi.ca45d130-5dce-4387-8bc2-84bf26e58cd1/1766880000.0_mean_300.0_v3" 201 - "PUT http://[::1]:8080/2/178566/AUTH_50777162d4dc40cfb40939a08020e6ce/gnocchi.ca45d130-5dce-4387-8bc2-84bf26e58cd1/1766880000.0_mean_300.0_v3" "txfeb824e7f20f420a97261-0069571429" "object-server 97426" 0.0005 "-" 97121 0
Jan 01 19:41:13 np0005573202.novalocal object-server[97426]: ::1 - - [02/Jan/2026:00:41:13 +0000] "PUT /2/178566/AUTH_50777162d4dc40cfb40939a08020e6ce/gnocchi.ca45d130-5dce-4387-8bc2-84bf26e58cd1/1766880000.0_mean_300.0_v3" 201 - "PUT http://[::1]:8080/v1/AUTH_50777162d4dc40cfb40939a08020e6ce/gnocchi.ca45d130-5dce-4387-8bc2-84bf26e58cd1/1766880000.0_mean_300.0_v3" "txfeb824e7f20f420a97261-0069571429" "proxy-server 90240" 0.0094 "-" 97426 0
Jan 01 19:41:13 np0005573202.novalocal container-server[97122]: ::1 - - [02/Jan/2026:00:41:13 +0000] "PUT /2/48364/AUTH_50777162d4dc40cfb40939a08020e6ce/gnocchi.ca45d130-5dce-4387-8bc2-84bf26e58cd1/1766880000.0_mean_300.0_v3" 201 - "PUT http://[::1]:8080/3/178566/AUTH_50777162d4dc40cfb40939a08020e6ce/gnocchi.ca45d130-5dce-4387-8bc2-84bf26e58cd1/1766880000.0_mean_300.0_v3" "txfeb824e7f20f420a97261-0069571429" "object-server 97423" 0.0005 "-" 97122 0
Jan 01 19:41:13 np0005573202.novalocal container-server[97121]: ::1 - - [02/Jan/2026:00:41:13 +0000] "PUT /1/48364/AUTH_50777162d4dc40cfb40939a08020e6ce/gnocchi.ca45d130-5dce-4387-8bc2-84bf26e58cd1/1766880000.0_mean_300.0_v3" 201 - "PUT http://[::1]:8080/1/178566/AUTH_50777162d4dc40cfb40939a08020e6ce/gnocchi.ca45d130-5dce-4387-8bc2-84bf26e58cd1/1766880000.0_mean_300.0_v3" "txfeb824e7f20f420a97261-0069571429" "object-server 97423" 0.0003 "-" 97121 0
