Jan 01 19:40:47 np0005573202.novalocal container-server[97120]: ::1 - - [02/Jan/2026:00:40:47 +0000] "PUT /3/92865/AUTH_50777162d4dc40cfb40939a08020e6ce/gnocchi.4b9045ee-7114-4539-9c55-0662a48740f0/none_v3" 201 - "PUT http://[::1]:8080/2/200379/AUTH_50777162d4dc40cfb40939a08020e6ce/gnocchi.4b9045ee-7114-4539-9c55-0662a48740f0/none_v3" "txf64f6c08058948f9b1868-006957140f" "object-server 97424" 0.0003 "-" 97120 0
Jan 01 19:40:47 np0005573202.novalocal container-server[97122]: ::1 - - [02/Jan/2026:00:40:47 +0000] "PUT /1/92865/AUTH_50777162d4dc40cfb40939a08020e6ce/gnocchi.4b9045ee-7114-4539-9c55-0662a48740f0/none_v3" 201 - "PUT http://[::1]:8080/1/200379/AUTH_50777162d4dc40cfb40939a08020e6ce/gnocchi.4b9045ee-7114-4539-9c55-0662a48740f0/none_v3" "txf64f6c08058948f9b1868-006957140f" "object-server 97424" 0.0003 "-" 97122 0
Jan 01 19:40:47 np0005573202.novalocal object-server[97424]: ::1 - - [02/Jan/2026:00:40:47 +0000] "PUT /1/123793/AUTH_50777162d4dc40cfb40939a08020e6ce/gnocchi.4c6c8807-372f-4b23-be37-085c8fe59c0c/1766880000.0_mean_300.0_v3" 201 - "PUT http://[::1]:8080/v1/AUTH_50777162d4dc40cfb40939a08020e6ce/gnocchi.4c6c8807-372f-4b23-be37-085c8fe59c0c/1766880000.0_mean_300.0_v3" "tx868fb0b02e004a2fa45c4-006957140f" "proxy-server 90240" 0.0161 "-" 97424 0
Jan 01 19:40:47 np0005573202.novalocal object-server[97424]: ::1 - - [02/Jan/2026:00:40:47 +0000] "PUT /1/200379/AUTH_50777162d4dc40cfb40939a08020e6ce/gnocchi.4b9045ee-7114-4539-9c55-0662a48740f0/none_v3" 201 - "PUT http://[::1]:8080/v1/AUTH_50777162d4dc40cfb40939a08020e6ce/gnocchi.4b9045ee-7114-4539-9c55-0662a48740f0/none_v3" "txf64f6c08058948f9b1868-006957140f" "proxy-server 90240" 0.0274 "-" 97424 0
Jan 01 19:40:47 np0005573202.novalocal object-server[97424]: ::1 - - [02/Jan/2026:00:40:47 +0000] "PUT /2/200379/AUTH_50777162d4dc40cfb40939a08020e6ce/gnocchi.4b9045ee-7114-4539-9c55-0662a48740f0/none_v3" 201 - "PUT http://[::1]:8080/v1/AUTH_50777162d4dc40cfb40939a08020e6ce/gnocchi.4b9045ee-7114-4539-9c55-0662a48740f0/none_v3" "txf64f6c08058948f9b1868-006957140f" "proxy-server 90240" 0.0226 "-" 97424 0
Jan 01 19:40:47 np0005573202.novalocal proxy-server[90240]: ::1 ::1 02/Jan/2026/00/40/47 PUT /v1/AUTH_50777162d4dc40cfb40939a08020e6ce/gnocchi.4c6c8807-372f-4b23-be37-085c8fe59c0c/1766880000.0_mean_300.0_v3 HTTP/1.0 201 - python-swiftclient-4.2.0 gAAAAABpVxP6bS-y... 16 - - tx868fb0b02e004a2fa45c4-006957140f - 0.0224 - - 1767314447.951208591 1767314447.973617554 0
Jan 01 19:40:47 np0005573202.novalocal proxy-server[90240]: ::1 ::1 02/Jan/2026/00/40/47 PUT /v1/AUTH_50777162d4dc40cfb40939a08020e6ce/gnocchi.4b9045ee-7114-4539-9c55-0662a48740f0/none_v3 HTTP/1.0 201 - python-swiftclient-4.2.0 gAAAAABpVxQCpfSE... 22 - - txf64f6c08058948f9b1868-006957140f - 0.0346 - - 1767314447.940708399 1767314447.975336552 0
Jan 01 19:40:47 np0005573202.novalocal container-server[97119]: ::1 - - [02/Jan/2026:00:40:47 +0000] "HEAD /2/158163/AUTH_50777162d4dc40cfb40939a08020e6ce/gnocchi.7c7aa1a0-98c7-46a1-897c-2635dc1354be" 404 - "HEAD http://[::1]:8080/v1/AUTH_50777162d4dc40cfb40939a08020e6ce/gnocchi.7c7aa1a0-98c7-46a1-897c-2635dc1354be?format=json&states=listing" "tx16d61b320070494abab65-006957140f" "proxy-server 90240" 0.0004 "-" 97119 0
Jan 01 19:40:47 np0005573202.novalocal container-server[97122]: ::1 - - [02/Jan/2026:00:40:47 +0000] "HEAD /1/158163/AUTH_50777162d4dc40cfb40939a08020e6ce/gnocchi.7c7aa1a0-98c7-46a1-897c-2635dc1354be" 404 - "HEAD http://[::1]:8080/v1/AUTH_50777162d4dc40cfb40939a08020e6ce/gnocchi.7c7aa1a0-98c7-46a1-897c-2635dc1354be?format=json&states=listing" "tx16d61b320070494abab65-006957140f" "proxy-server 90240" 0.0003 "-" 97122 0
Jan 01 19:40:48 np0005573202.novalocal container-server[97119]: ::1 - - [02/Jan/2026:00:40:48 +0000] "HEAD /3/158163/AUTH_50777162d4dc40cfb40939a08020e6ce/gnocchi.7c7aa1a0-98c7-46a1-897c-2635dc1354be" 404 - "HEAD http://[::1]:8080/v1/AUTH_50777162d4dc40cfb40939a08020e6ce/gnocchi.7c7aa1a0-98c7-46a1-897c-2635dc1354be?format=json&states=listing" "tx16d61b320070494abab65-006957140f" "proxy-server 90240" 0.0003 "-" 97119 0
Jan 01 19:40:48 np0005573202.novalocal object-server[97424]: ::1 - - [02/Jan/2026:00:40:48 +0000] "GET /1/101467/AUTH_50777162d4dc40cfb40939a08020e6ce/gnocchi.7c7aa1a0-98c7-46a1-897c-2635dc1354be/none_v3" 404 70 "GET http://[::1]:8080/v1/AUTH_50777162d4dc40cfb40939a08020e6ce/gnocchi.7c7aa1a0-98c7-46a1-897c-2635dc1354be/none_v3" "tx16d61b320070494abab65-006957140f" "proxy-server 90240" 0.0003 "-" 97424 0
Jan 01 19:40:48 np0005573202.novalocal container-server[97120]: ::1 - - [02/Jan/2026:00:40:48 +0000] "PUT /1/135418/AUTH_50777162d4dc40cfb40939a08020e6ce/gnocchi.4c6c8807-372f-4b23-be37-085c8fe59c0c/none_v3" 201 - "PUT http://[::1]:8080/3/60698/AUTH_50777162d4dc40cfb40939a08020e6ce/gnocchi.4c6c8807-372f-4b23-be37-085c8fe59c0c/none_v3" "txb4399b378a1c43269b11f-006957140f" "object-server 97426" 0.0005 "-" 97120 0
Jan 01 19:40:48 np0005573202.novalocal object-server[97426]: ::1 - - [02/Jan/2026:00:40:48 +0000] "PUT /3/60698/AUTH_50777162d4dc40cfb40939a08020e6ce/gnocchi.4c6c8807-372f-4b23-be37-085c8fe59c0c/none_v3" 201 - "PUT http://[::1]:8080/v1/AUTH_50777162d4dc40cfb40939a08020e6ce/gnocchi.4c6c8807-372f-4b23-be37-085c8fe59c0c/none_v3" "txb4399b378a1c43269b11f-006957140f" "proxy-server 90240" 0.0140 "-" 97426 0
Jan 01 19:40:48 np0005573202.novalocal container-server[97119]: ::1 - - [02/Jan/2026:00:40:48 +0000] "PUT /2/135418/AUTH_50777162d4dc40cfb40939a08020e6ce/gnocchi.4c6c8807-372f-4b23-be37-085c8fe59c0c/none_v3" 201 - "PUT http://[::1]:8080/2/60698/AUTH_50777162d4dc40cfb40939a08020e6ce/gnocchi.4c6c8807-372f-4b23-be37-085c8fe59c0c/none_v3" "txb4399b378a1c43269b11f-006957140f" "object-server 97426" 0.0006 "-" 97119 0
Jan 01 19:40:48 np0005573202.novalocal object-server[97426]: ::1 - - [02/Jan/2026:00:40:48 +0000] "GET /3/101467/AUTH_50777162d4dc40cfb40939a08020e6ce/gnocchi.7c7aa1a0-98c7-46a1-897c-2635dc1354be/none_v3" 404 70 "GET http://[::1]:8080/v1/AUTH_50777162d4dc40cfb40939a08020e6ce/gnocchi.7c7aa1a0-98c7-46a1-897c-2635dc1354be/none_v3" "tx16d61b320070494abab65-006957140f" "proxy-server 90240" 0.0002 "-" 97426 0
Jan 01 19:40:48 np0005573202.novalocal object-server[97426]: ::1 - - [02/Jan/2026:00:40:48 +0000] "PUT /2/60698/AUTH_50777162d4dc40cfb40939a08020e6ce/gnocchi.4c6c8807-372f-4b23-be37-085c8fe59c0c/none_v3" 201 - "PUT http://[::1]:8080/v1/AUTH_50777162d4dc40cfb40939a08020e6ce/gnocchi.4c6c8807-372f-4b23-be37-085c8fe59c0c/none_v3" "txb4399b378a1c43269b11f-006957140f" "proxy-server 90240" 0.0193 "-" 97426 0
Jan 01 19:40:48 np0005573202.novalocal container-server[97122]: ::1 - - [02/Jan/2026:00:40:48 +0000] "PUT /3/135418/AUTH_50777162d4dc40cfb40939a08020e6ce/gnocchi.4c6c8807-372f-4b23-be37-085c8fe59c0c/none_v3" 201 - "PUT http://[::1]:8080/1/60698/AUTH_50777162d4dc40cfb40939a08020e6ce/gnocchi.4c6c8807-372f-4b23-be37-085c8fe59c0c/none_v3" "txb4399b378a1c43269b11f-006957140f" "object-server 97426" 0.0005 "-" 97122 0
Jan 01 19:40:48 np0005573202.novalocal object-server[97423]: ::1 - - [02/Jan/2026:00:40:48 +0000] "GET /2/101467/AUTH_50777162d4dc40cfb40939a08020e6ce/gnocchi.7c7aa1a0-98c7-46a1-897c-2635dc1354be/none_v3" 404 70 "GET http://[::1]:8080/v1/AUTH_50777162d4dc40cfb40939a08020e6ce/gnocchi.7c7aa1a0-98c7-46a1-897c-2635dc1354be/none_v3" "tx16d61b320070494abab65-006957140f" "proxy-server 90240" 0.0003 "-" 97423 0
Jan 01 19:40:48 np0005573202.novalocal object-server[97426]: ::1 - - [02/Jan/2026:00:40:48 +0000] "PUT /1/60698/AUTH_50777162d4dc40cfb40939a08020e6ce/gnocchi.4c6c8807-372f-4b23-be37-085c8fe59c0c/none_v3" 201 - "PUT http://[::1]:8080/v1/AUTH_50777162d4dc40cfb40939a08020e6ce/gnocchi.4c6c8807-372f-4b23-be37-085c8fe59c0c/none_v3" "txb4399b378a1c43269b11f-006957140f" "proxy-server 90240" 0.0240 "-" 97426 0
Jan 01 19:40:48 np0005573202.novalocal proxy-server[90240]: ::1 ::1 02/Jan/2026/00/40/48 PUT /v1/AUTH_50777162d4dc40cfb40939a08020e6ce/gnocchi.4c6c8807-372f-4b23-be37-085c8fe59c0c/none_v3 HTTP/1.0 201 - python-swiftclient-4.2.0 gAAAAABpVxP6bS-y... 22 - - txb4399b378a1c43269b11f-006957140f - 0.0397 - - 1767314447.977468491 1767314448.017184019 0
Jan 01 19:40:48 np0005573202.novalocal proxy-server[90240]: ::1 ::1 02/Jan/2026/00/40/48 GET /v1/AUTH_50777162d4dc40cfb40939a08020e6ce/gnocchi.7c7aa1a0-98c7-46a1-897c-2635dc1354be/none_v3 HTTP/1.0 404 - python-swiftclient-4.2.0 gAAAAABpVxQCpfSE... - 70 - tx16d61b320070494abab65-006957140f - 0.0327 - - 1767314447.985468864 1767314448.018151999 0
Jan 01 19:40:48 np0005573202.novalocal container-server[97120]: ::1 - - [02/Jan/2026:00:40:48 +0000] "HEAD /3/154196/AUTH_50777162d4dc40cfb40939a08020e6ce/gnocchi.dda7e0a3-ac88-4d21-90b1-5cbc6a2217dd" 404 - "HEAD http://[::1]:8080/v1/AUTH_50777162d4dc40cfb40939a08020e6ce/gnocchi.dda7e0a3-ac88-4d21-90b1-5cbc6a2217dd?format=json&states=listing" "txa46f44b8d15e4930a710e-0069571410" "proxy-server 90240" 0.0017 "-" 97120 0
Jan 01 19:40:48 np0005573202.novalocal account-server[96829]: ::1 - - [02/Jan/2026:00:40:48 +0000] "PUT /2/20297/AUTH_50777162d4dc40cfb40939a08020e6ce/gnocchi.7c7aa1a0-98c7-46a1-897c-2635dc1354be" 201 - "PUT http://[::1]:6001/1/158163/AUTH_50777162d4dc40cfb40939a08020e6ce/gnocchi.7c7aa1a0-98c7-46a1-897c-2635dc1354be" "txc30cc33434614bca9345c-0069571410" "container-server 97120" 0.0057 "-" 96829 0
Jan 01 19:40:48 np0005573202.novalocal container-server[97120]: ::1 - - [02/Jan/2026:00:40:48 +0000] "PUT /1/158163/AUTH_50777162d4dc40cfb40939a08020e6ce/gnocchi.7c7aa1a0-98c7-46a1-897c-2635dc1354be" 201 - "PUT http://[::1]:8080/v1/AUTH_50777162d4dc40cfb40939a08020e6ce/gnocchi.7c7aa1a0-98c7-46a1-897c-2635dc1354be" "txc30cc33434614bca9345c-0069571410" "proxy-server 90240" 0.0183 "-" 97120 0
Jan 01 19:40:48 np0005573202.novalocal container-server[97120]: ::1 - - [02/Jan/2026:00:40:48 +0000] "HEAD /2/154196/AUTH_50777162d4dc40cfb40939a08020e6ce/gnocchi.dda7e0a3-ac88-4d21-90b1-5cbc6a2217dd" 404 - "HEAD http://[::1]:8080/v1/AUTH_50777162d4dc40cfb40939a08020e6ce/gnocchi.dda7e0a3-ac88-4d21-90b1-5cbc6a2217dd?format=json&states=listing" "txa46f44b8d15e4930a710e-0069571410" "proxy-server 90240" 0.0002 "-" 97120 0
Jan 01 19:40:48 np0005573202.novalocal container-server[97120]: ::1 - - [02/Jan/2026:00:40:48 +0000] "HEAD /1/154196/AUTH_50777162d4dc40cfb40939a08020e6ce/gnocchi.dda7e0a3-ac88-4d21-90b1-5cbc6a2217dd" 404 - "HEAD http://[::1]:8080/v1/AUTH_50777162d4dc40cfb40939a08020e6ce/gnocchi.dda7e0a3-ac88-4d21-90b1-5cbc6a2217dd?format=json&states=listing" "txa46f44b8d15e4930a710e-0069571410" "proxy-server 90240" 0.0002 "-" 97120 0
Jan 01 19:40:48 np0005573202.novalocal haproxy-metadata-proxy-53c2eb2e-a839-423a-9e1b-8265430e49b5[103756]: ::ffff:10.100.0.13:33100 [01/Jan/2026:19:40:47.979] listener listener/metadata 0/0/0/69/69 200 215 - - ---- 1/1/0/0/0 0/0 "GET /2009-04-04/user-data HTTP/1.1"
Jan 01 19:40:48 np0005573202.novalocal object-server[97424]: ::1 - - [02/Jan/2026:00:40:48 +0000] "GET /2/175373/AUTH_50777162d4dc40cfb40939a08020e6ce/gnocchi.dda7e0a3-ac88-4d21-90b1-5cbc6a2217dd/none_v3" 404 70 "GET http://[::1]:8080/v1/AUTH_50777162d4dc40cfb40939a08020e6ce/gnocchi.dda7e0a3-ac88-4d21-90b1-5cbc6a2217dd/none_v3" "txa46f44b8d15e4930a710e-0069571410" "proxy-server 90240" 0.0003 "-" 97424 0
Jan 01 19:40:48 np0005573202.novalocal object-server[97424]: ::1 - - [02/Jan/2026:00:40:48 +0000] "GET /1/175373/AUTH_50777162d4dc40cfb40939a08020e6ce/gnocchi.dda7e0a3-ac88-4d21-90b1-5cbc6a2217dd/none_v3" 404 70 "GET http://[::1]:8080/v1/AUTH_50777162d4dc40cfb40939a08020e6ce/gnocchi.dda7e0a3-ac88-4d21-90b1-5cbc6a2217dd/none_v3" "txa46f44b8d15e4930a710e-0069571410" "proxy-server 90240" 0.0001 "-" 97424 0
Jan 01 19:40:48 np0005573202.novalocal account-server[96826]: ::1 - - [02/Jan/2026:00:40:48 +0000] "PUT /1/20297/AUTH_50777162d4dc40cfb40939a08020e6ce/gnocchi.7c7aa1a0-98c7-46a1-897c-2635dc1354be" 201 - "PUT http://[::1]:6001/2/158163/AUTH_50777162d4dc40cfb40939a08020e6ce/gnocchi.7c7aa1a0-98c7-46a1-897c-2635dc1354be" "txc30cc33434614bca9345c-0069571410" "container-server 97122" 0.0042 "-" 96826 0
Jan 01 19:40:48 np0005573202.novalocal object-server[97425]: ::1 - - [02/Jan/2026:00:40:48 +0000] "GET /3/175373/AUTH_50777162d4dc40cfb40939a08020e6ce/gnocchi.dda7e0a3-ac88-4d21-90b1-5cbc6a2217dd/none_v3" 404 70 "GET http://[::1]:8080/v1/AUTH_50777162d4dc40cfb40939a08020e6ce/gnocchi.dda7e0a3-ac88-4d21-90b1-5cbc6a2217dd/none_v3" "txa46f44b8d15e4930a710e-0069571410" "proxy-server 90240" 0.0002 "-" 97425 0
Jan 01 19:40:48 np0005573202.novalocal container-server[97122]: ::1 - - [02/Jan/2026:00:40:48 +0000] "PUT /2/158163/AUTH_50777162d4dc40cfb40939a08020e6ce/gnocchi.7c7aa1a0-98c7-46a1-897c-2635dc1354be" 201 - "PUT http://[::1]:8080/v1/AUTH_50777162d4dc40cfb40939a08020e6ce/gnocchi.7c7aa1a0-98c7-46a1-897c-2635dc1354be" "txc30cc33434614bca9345c-0069571410" "proxy-server 90240" 0.0292 "-" 97122 0
Jan 01 19:40:48 np0005573202.novalocal proxy-server[90240]: ::1 ::1 02/Jan/2026/00/40/48 GET /v1/AUTH_50777162d4dc40cfb40939a08020e6ce/gnocchi.dda7e0a3-ac88-4d21-90b1-5cbc6a2217dd/none_v3 HTTP/1.0 404 - python-swiftclient-4.2.0 gAAAAABpVxP6bS-y... - 70 - txa46f44b8d15e4930a710e-0069571410 - 0.0279 - - 1767314448.030013323 1767314448.057922363 0
Jan 01 19:40:48 np0005573202.novalocal account-server[96827]: ::1 - - [02/Jan/2026:00:40:48 +0000] "PUT /3/20297/AUTH_50777162d4dc40cfb40939a08020e6ce/gnocchi.7c7aa1a0-98c7-46a1-897c-2635dc1354be" 201 - "PUT http://[::1]:6001/3/158163/AUTH_50777162d4dc40cfb40939a08020e6ce/gnocchi.7c7aa1a0-98c7-46a1-897c-2635dc1354be" "txc30cc33434614bca9345c-0069571410" "container-server 97122" 0.0038 "-" 96827 0
Jan 01 19:40:48 np0005573202.novalocal container-server[97122]: ::1 - - [02/Jan/2026:00:40:48 +0000] "PUT /3/158163/AUTH_50777162d4dc40cfb40939a08020e6ce/gnocchi.7c7aa1a0-98c7-46a1-897c-2635dc1354be" 201 - "PUT http://[::1]:8080/v1/AUTH_50777162d4dc40cfb40939a08020e6ce/gnocchi.7c7aa1a0-98c7-46a1-897c-2635dc1354be" "txc30cc33434614bca9345c-0069571410" "proxy-server 90240" 0.0458 "-" 97122 0
Jan 01 19:40:48 np0005573202.novalocal account-server[96826]: ::1 - - [02/Jan/2026:00:40:48 +0000] "PUT /3/20297/AUTH_50777162d4dc40cfb40939a08020e6ce/gnocchi.dda7e0a3-ac88-4d21-90b1-5cbc6a2217dd" 201 - "PUT http://[::1]:6001/1/154196/AUTH_50777162d4dc40cfb40939a08020e6ce/gnocchi.dda7e0a3-ac88-4d21-90b1-5cbc6a2217dd" "tx8f6230c27449475281b45-0069571410" "container-server 97121" 0.0048 "-" 96826 0
Jan 01 19:40:48 np0005573202.novalocal container-server[97121]: ::1 - - [02/Jan/2026:00:40:48 +0000] "PUT /1/154196/AUTH_50777162d4dc40cfb40939a08020e6ce/gnocchi.dda7e0a3-ac88-4d21-90b1-5cbc6a2217dd" 201 - "PUT http://[::1]:8080/v1/AUTH_50777162d4dc40cfb40939a08020e6ce/gnocchi.dda7e0a3-ac88-4d21-90b1-5cbc6a2217dd" "tx8f6230c27449475281b45-0069571410" "proxy-server 90240" 0.0197 "-" 97121 0
Jan 01 19:40:48 np0005573202.novalocal proxy-server[90240]: ::1 ::1 02/Jan/2026/00/40/48 PUT /v1/AUTH_50777162d4dc40cfb40939a08020e6ce/gnocchi.7c7aa1a0-98c7-46a1-897c-2635dc1354be HTTP/1.0 201 - python-swiftclient-4.2.0 gAAAAABpVxQCpfSE... - - - txc30cc33434614bca9345c-0069571410 - 0.0659 - - 1767314448.020992756 1767314448.086851120 0
Jan 01 19:40:48 np0005573202.novalocal account-server[96828]: ::1 - - [02/Jan/2026:00:40:48 +0000] "PUT /2/20297/AUTH_50777162d4dc40cfb40939a08020e6ce/gnocchi.dda7e0a3-ac88-4d21-90b1-5cbc6a2217dd" 201 - "PUT http://[::1]:6001/3/154196/AUTH_50777162d4dc40cfb40939a08020e6ce/gnocchi.dda7e0a3-ac88-4d21-90b1-5cbc6a2217dd" "tx8f6230c27449475281b45-0069571410" "container-server 97122" 0.0053 "-" 96828 0
Jan 01 19:40:48 np0005573202.novalocal container-server[97122]: ::1 - - [02/Jan/2026:00:40:48 +0000] "PUT /3/154196/AUTH_50777162d4dc40cfb40939a08020e6ce/gnocchi.dda7e0a3-ac88-4d21-90b1-5cbc6a2217dd" 201 - "PUT http://[::1]:8080/v1/AUTH_50777162d4dc40cfb40939a08020e6ce/gnocchi.dda7e0a3-ac88-4d21-90b1-5cbc6a2217dd" "tx8f6230c27449475281b45-0069571410" "proxy-server 90240" 0.0152 "-" 97122 0
Jan 01 19:40:48 np0005573202.novalocal account-server[96826]: ::1 - - [02/Jan/2026:00:40:48 +0000] "PUT /1/20297/AUTH_50777162d4dc40cfb40939a08020e6ce/gnocchi.dda7e0a3-ac88-4d21-90b1-5cbc6a2217dd" 201 - "PUT http://[::1]:6001/2/154196/AUTH_50777162d4dc40cfb40939a08020e6ce/gnocchi.dda7e0a3-ac88-4d21-90b1-5cbc6a2217dd" "tx8f6230c27449475281b45-0069571410" "container-server 97122" 0.0079 "-" 96826 0
Jan 01 19:40:48 np0005573202.novalocal container-server[97120]: ::1 - - [02/Jan/2026:00:40:48 +0000] "HEAD /1/158163/AUTH_50777162d4dc40cfb40939a08020e6ce/gnocchi.7c7aa1a0-98c7-46a1-897c-2635dc1354be" 204 - "HEAD http://[::1]:8080/v1/AUTH_50777162d4dc40cfb40939a08020e6ce/gnocchi.7c7aa1a0-98c7-46a1-897c-2635dc1354be?format=json&states=listing" "txb6eb935220c84f838be9f-0069571410" "proxy-server 90240" 0.0014 "-" 97120 0
Jan 01 19:40:48 np0005573202.novalocal container-server[97122]: ::1 - - [02/Jan/2026:00:40:48 +0000] "PUT /2/154196/AUTH_50777162d4dc40cfb40939a08020e6ce/gnocchi.dda7e0a3-ac88-4d21-90b1-5cbc6a2217dd" 201 - "PUT http://[::1]:8080/v1/AUTH_50777162d4dc40cfb40939a08020e6ce/gnocchi.dda7e0a3-ac88-4d21-90b1-5cbc6a2217dd" "tx8f6230c27449475281b45-0069571410" "proxy-server 90240" 0.0307 "-" 97122 0
Jan 01 19:40:48 np0005573202.novalocal proxy-server[90240]: ::1 ::1 02/Jan/2026/00/40/48 PUT /v1/AUTH_50777162d4dc40cfb40939a08020e6ce/gnocchi.dda7e0a3-ac88-4d21-90b1-5cbc6a2217dd HTTP/1.0 201 - python-swiftclient-4.2.0 gAAAAABpVxP6bS-y... - - - tx8f6230c27449475281b45-0069571410 - 0.0384 - - 1767314448.061135292 1767314448.099556208 0
Jan 01 19:40:48 np0005573202.novalocal container-server[97122]: ::1 - - [02/Jan/2026:00:40:48 +0000] "GET /3/158163/AUTH_50777162d4dc40cfb40939a08020e6ce/gnocchi.7c7aa1a0-98c7-46a1-897c-2635dc1354be" 200 2 "GET http://[::1]:8080/v1/AUTH_50777162d4dc40cfb40939a08020e6ce/gnocchi.7c7aa1a0-98c7-46a1-897c-2635dc1354be?format=json&states=listing" "txb6eb935220c84f838be9f-0069571410" "proxy-server 90240" 0.0017 "-" 97122 0
Jan 01 19:40:48 np0005573202.novalocal proxy-server[90240]: ::1 ::1 02/Jan/2026/00/40/48 GET /v1/AUTH_50777162d4dc40cfb40939a08020e6ce/gnocchi.7c7aa1a0-98c7-46a1-897c-2635dc1354be%3Fformat%3Djson%26states%3Dlisting HTTP/1.0 200 - python-swiftclient-4.2.0 gAAAAABpVxQCpfSE... - 2 - txb6eb935220c84f838be9f-0069571410 - 0.0150 - - 1767314448.090332747 1767314448.105363131 0
Jan 01 19:40:48 np0005573202.novalocal container-server[97122]: ::1 - - [02/Jan/2026:00:40:48 +0000] "HEAD /1/154196/AUTH_50777162d4dc40cfb40939a08020e6ce/gnocchi.dda7e0a3-ac88-4d21-90b1-5cbc6a2217dd" 204 - "HEAD http://[::1]:8080/v1/AUTH_50777162d4dc40cfb40939a08020e6ce/gnocchi.dda7e0a3-ac88-4d21-90b1-5cbc6a2217dd?format=json&states=listing" "tx7ddea8cc58c9489c927c9-0069571410" "proxy-server 90240" 0.0015 "-" 97122 0
Jan 01 19:40:48 np0005573202.novalocal object-server[97423]: ::1 - - [02/Jan/2026:00:40:48 +0000] "GET /2/10478/AUTH_50777162d4dc40cfb40939a08020e6ce/gnocchi.7c7aa1a0-98c7-46a1-897c-2635dc1354be/1766880000.0_mean_300.0_v3" 404 70 "GET http://[::1]:8080/v1/AUTH_50777162d4dc40cfb40939a08020e6ce/gnocchi.7c7aa1a0-98c7-46a1-897c-2635dc1354be/1766880000.0_mean_300.0_v3" "txc7c3738639bf436d80836-0069571410" "proxy-server 90240" 0.0003 "-" 97423 0
Jan 01 19:40:48 np0005573202.novalocal object-server[97425]: ::1 - - [02/Jan/2026:00:40:48 +0000] "GET /3/10478/AUTH_50777162d4dc40cfb40939a08020e6ce/gnocchi.7c7aa1a0-98c7-46a1-897c-2635dc1354be/1766880000.0_mean_300.0_v3" 404 70 "GET http://[::1]:8080/v1/AUTH_50777162d4dc40cfb40939a08020e6ce/gnocchi.7c7aa1a0-98c7-46a1-897c-2635dc1354be/1766880000.0_mean_300.0_v3" "txc7c3738639bf436d80836-0069571410" "proxy-server 90240" 0.0003 "-" 97425 0
Jan 01 19:40:48 np0005573202.novalocal object-server[97426]: ::1 - - [02/Jan/2026:00:40:48 +0000] "GET /1/10478/AUTH_50777162d4dc40cfb40939a08020e6ce/gnocchi.7c7aa1a0-98c7-46a1-897c-2635dc1354be/1766880000.0_mean_300.0_v3" 404 70 "GET http://[::1]:8080/v1/AUTH_50777162d4dc40cfb40939a08020e6ce/gnocchi.7c7aa1a0-98c7-46a1-897c-2635dc1354be/1766880000.0_mean_300.0_v3" "txc7c3738639bf436d80836-0069571410" "proxy-server 90240" 0.0003 "-" 97426 0
Jan 01 19:40:48 np0005573202.novalocal container-server[97121]: ::1 - - [02/Jan/2026:00:40:48 +0000] "GET /1/154196/AUTH_50777162d4dc40cfb40939a08020e6ce/gnocchi.dda7e0a3-ac88-4d21-90b1-5cbc6a2217dd" 200 2 "GET http://[::1]:8080/v1/AUTH_50777162d4dc40cfb40939a08020e6ce/gnocchi.dda7e0a3-ac88-4d21-90b1-5cbc6a2217dd?format=json&states=listing" "tx7ddea8cc58c9489c927c9-0069571410" "proxy-server 90240" 0.0018 "-" 97121 0
Jan 01 19:40:48 np0005573202.novalocal proxy-server[90240]: ::1 ::1 02/Jan/2026/00/40/48 GET /v1/AUTH_50777162d4dc40cfb40939a08020e6ce/gnocchi.7c7aa1a0-98c7-46a1-897c-2635dc1354be/1766880000.0_mean_300.0_v3 HTTP/1.0 404 - python-swiftclient-4.2.0 gAAAAABpVxQCpfSE... - 70 - txc7c3738639bf436d80836-0069571410 - 0.0209 - - 1767314448.108433723 1767314448.129366636 0
Jan 01 19:40:48 np0005573202.novalocal proxy-server[90240]: ::1 ::1 02/Jan/2026/00/40/48 GET /v1/AUTH_50777162d4dc40cfb40939a08020e6ce/gnocchi.dda7e0a3-ac88-4d21-90b1-5cbc6a2217dd%3Fformat%3Djson%26states%3Dlisting HTTP/1.0 200 - python-swiftclient-4.2.0 gAAAAABpVxP6bS-y... - 2 - tx7ddea8cc58c9489c927c9-0069571410 - 0.0305 - - 1767314448.102616072 1767314448.133119822 0
Jan 01 19:40:48 np0005573202.novalocal object-server[97425]: ::1 - - [02/Jan/2026:00:40:48 +0000] "GET /1/199657/AUTH_50777162d4dc40cfb40939a08020e6ce/gnocchi.dda7e0a3-ac88-4d21-90b1-5cbc6a2217dd/1766880000.0_mean_300.0_v3" 404 70 "GET http://[::1]:8080/v1/AUTH_50777162d4dc40cfb40939a08020e6ce/gnocchi.dda7e0a3-ac88-4d21-90b1-5cbc6a2217dd/1766880000.0_mean_300.0_v3" "tx43a7b40704e1447fa6944-0069571410" "proxy-server 90240" 0.0003 "-" 97425 0
Jan 01 19:40:48 np0005573202.novalocal object-server[97424]: ::1 - - [02/Jan/2026:00:40:48 +0000] "GET /2/199657/AUTH_50777162d4dc40cfb40939a08020e6ce/gnocchi.dda7e0a3-ac88-4d21-90b1-5cbc6a2217dd/1766880000.0_mean_300.0_v3" 404 70 "GET http://[::1]:8080/v1/AUTH_50777162d4dc40cfb40939a08020e6ce/gnocchi.dda7e0a3-ac88-4d21-90b1-5cbc6a2217dd/1766880000.0_mean_300.0_v3" "tx43a7b40704e1447fa6944-0069571410" "proxy-server 90240" 0.0002 "-" 97424 0
Jan 01 19:40:48 np0005573202.novalocal object-server[97424]: ::1 - - [02/Jan/2026:00:40:48 +0000] "GET /3/199657/AUTH_50777162d4dc40cfb40939a08020e6ce/gnocchi.dda7e0a3-ac88-4d21-90b1-5cbc6a2217dd/1766880000.0_mean_300.0_v3" 404 70 "GET http://[::1]:8080/v1/AUTH_50777162d4dc40cfb40939a08020e6ce/gnocchi.dda7e0a3-ac88-4d21-90b1-5cbc6a2217dd/1766880000.0_mean_300.0_v3" "tx43a7b40704e1447fa6944-0069571410" "proxy-server 90240" 0.0002 "-" 97424 0
Jan 01 19:40:48 np0005573202.novalocal proxy-server[90240]: ::1 ::1 02/Jan/2026/00/40/48 GET /v1/AUTH_50777162d4dc40cfb40939a08020e6ce/gnocchi.dda7e0a3-ac88-4d21-90b1-5cbc6a2217dd/1766880000.0_mean_300.0_v3 HTTP/1.0 404 - python-swiftclient-4.2.0 gAAAAABpVxP6bS-y... - 70 - tx43a7b40704e1447fa6944-0069571410 - 0.0122 - - 1767314448.136562586 1767314448.148718596 0
Jan 01 19:40:48 np0005573202.novalocal haproxy-metadata-proxy-53c2eb2e-a839-423a-9e1b-8265430e49b5[103756]: ::ffff:10.100.0.13:33102 [01/Jan/2026:19:40:48.091] listener listener/metadata 0/0/0/79/79 200 133 - - ---- 1/1/0/0/0 0/0 "GET /2009-04-04/meta-data/block-device-mapping HTTP/1.1"
Jan 01 19:40:48 np0005573202.novalocal container-server[97119]: ::1 - - [02/Jan/2026:00:40:48 +0000] "PUT /1/158163/AUTH_50777162d4dc40cfb40939a08020e6ce/gnocchi.7c7aa1a0-98c7-46a1-897c-2635dc1354be/1766880000.0_mean_300.0_v3" 201 - "PUT http://[::1]:8080/1/10478/AUTH_50777162d4dc40cfb40939a08020e6ce/gnocchi.7c7aa1a0-98c7-46a1-897c-2635dc1354be/1766880000.0_mean_300.0_v3" "tx4376775f5fa44680be676-0069571410" "object-server 97425" 0.0007 "-" 97119 0
Jan 01 19:40:48 np0005573202.novalocal object-server[97425]: ::1 - - [02/Jan/2026:00:40:48 +0000] "PUT /1/10478/AUTH_50777162d4dc40cfb40939a08020e6ce/gnocchi.7c7aa1a0-98c7-46a1-897c-2635dc1354be/1766880000.0_mean_300.0_v3" 201 - "PUT http://[::1]:8080/v1/AUTH_50777162d4dc40cfb40939a08020e6ce/gnocchi.7c7aa1a0-98c7-46a1-897c-2635dc1354be/1766880000.0_mean_300.0_v3" "tx4376775f5fa44680be676-0069571410" "proxy-server 90240" 0.0646 "-" 97425 0
Jan 01 19:40:48 np0005573202.novalocal container-server[97119]: ::1 - - [02/Jan/2026:00:40:48 +0000] "PUT /1/154196/AUTH_50777162d4dc40cfb40939a08020e6ce/gnocchi.dda7e0a3-ac88-4d21-90b1-5cbc6a2217dd/1766880000.0_mean_300.0_v3" 201 - "PUT http://[::1]:8080/3/199657/AUTH_50777162d4dc40cfb40939a08020e6ce/gnocchi.dda7e0a3-ac88-4d21-90b1-5cbc6a2217dd/1766880000.0_mean_300.0_v3" "txf7e4a72c976449588aa59-0069571410" "object-server 97425" 0.0005 "-" 97119 0
Jan 01 19:40:48 np0005573202.novalocal object-server[97425]: ::1 - - [02/Jan/2026:00:40:48 +0000] "PUT /3/199657/AUTH_50777162d4dc40cfb40939a08020e6ce/gnocchi.dda7e0a3-ac88-4d21-90b1-5cbc6a2217dd/1766880000.0_mean_300.0_v3" 201 - "PUT http://[::1]:8080/v1/AUTH_50777162d4dc40cfb40939a08020e6ce/gnocchi.dda7e0a3-ac88-4d21-90b1-5cbc6a2217dd/1766880000.0_mean_300.0_v3" "txf7e4a72c976449588aa59-0069571410" "proxy-server 90240" 0.0537 "-" 97425 0
Jan 01 19:40:48 np0005573202.novalocal container-server[97121]: ::1 - - [02/Jan/2026:00:40:48 +0000] "PUT /2/154196/AUTH_50777162d4dc40cfb40939a08020e6ce/gnocchi.dda7e0a3-ac88-4d21-90b1-5cbc6a2217dd/1766880000.0_mean_300.0_v3" 201 - "PUT http://[::1]:8080/2/199657/AUTH_50777162d4dc40cfb40939a08020e6ce/gnocchi.dda7e0a3-ac88-4d21-90b1-5cbc6a2217dd/1766880000.0_mean_300.0_v3" "txf7e4a72c976449588aa59-0069571410" "object-server 97424" 0.0015 "-" 97121 0
Jan 01 19:40:48 np0005573202.novalocal container-server[97122]: ::1 - - [02/Jan/2026:00:40:48 +0000] "PUT /2/158163/AUTH_50777162d4dc40cfb40939a08020e6ce/gnocchi.7c7aa1a0-98c7-46a1-897c-2635dc1354be/1766880000.0_mean_300.0_v3" 201 - "PUT http://[::1]:8080/3/10478/AUTH_50777162d4dc40cfb40939a08020e6ce/gnocchi.7c7aa1a0-98c7-46a1-897c-2635dc1354be/1766880000.0_mean_300.0_v3" "tx4376775f5fa44680be676-0069571410" "object-server 97424" 0.0006 "-" 97122 0
Jan 01 19:40:48 np0005573202.novalocal object-server[97424]: ::1 - - [02/Jan/2026:00:40:48 +0000] "PUT /2/199657/AUTH_50777162d4dc40cfb40939a08020e6ce/gnocchi.dda7e0a3-ac88-4d21-90b1-5cbc6a2217dd/1766880000.0_mean_300.0_v3" 201 - "PUT http://[::1]:8080/v1/AUTH_50777162d4dc40cfb40939a08020e6ce/gnocchi.dda7e0a3-ac88-4d21-90b1-5cbc6a2217dd/1766880000.0_mean_300.0_v3" "txf7e4a72c976449588aa59-0069571410" "proxy-server 90240" 0.0556 "-" 97424 0
Jan 01 19:40:48 np0005573202.novalocal object-server[97424]: ::1 - - [02/Jan/2026:00:40:48 +0000] "PUT /3/10478/AUTH_50777162d4dc40cfb40939a08020e6ce/gnocchi.7c7aa1a0-98c7-46a1-897c-2635dc1354be/1766880000.0_mean_300.0_v3" 201 - "PUT http://[::1]:8080/v1/AUTH_50777162d4dc40cfb40939a08020e6ce/gnocchi.7c7aa1a0-98c7-46a1-897c-2635dc1354be/1766880000.0_mean_300.0_v3" "tx4376775f5fa44680be676-0069571410" "proxy-server 90240" 0.0684 "-" 97424 0
Jan 01 19:40:48 np0005573202.novalocal container-server[97121]: ::1 - - [02/Jan/2026:00:40:48 +0000] "PUT /3/154196/AUTH_50777162d4dc40cfb40939a08020e6ce/gnocchi.dda7e0a3-ac88-4d21-90b1-5cbc6a2217dd/1766880000.0_mean_300.0_v3" 201 - "PUT http://[::1]:8080/1/199657/AUTH_50777162d4dc40cfb40939a08020e6ce/gnocchi.dda7e0a3-ac88-4d21-90b1-5cbc6a2217dd/1766880000.0_mean_300.0_v3" "txf7e4a72c976449588aa59-0069571410" "object-server 97424" 0.0006 "-" 97121 0
Jan 01 19:40:48 np0005573202.novalocal object-server[97424]: ::1 - - [02/Jan/2026:00:40:48 +0000] "PUT /1/199657/AUTH_50777162d4dc40cfb40939a08020e6ce/gnocchi.dda7e0a3-ac88-4d21-90b1-5cbc6a2217dd/1766880000.0_mean_300.0_v3" 201 - "PUT http://[::1]:8080/v1/AUTH_50777162d4dc40cfb40939a08020e6ce/gnocchi.dda7e0a3-ac88-4d21-90b1-5cbc6a2217dd/1766880000.0_mean_300.0_v3" "txf7e4a72c976449588aa59-0069571410" "proxy-server 90240" 0.0560 "-" 97424 0
Jan 01 19:40:48 np0005573202.novalocal proxy-server[90240]: ::1 ::1 02/Jan/2026/00/40/48 PUT /v1/AUTH_50777162d4dc40cfb40939a08020e6ce/gnocchi.dda7e0a3-ac88-4d21-90b1-5cbc6a2217dd/1766880000.0_mean_300.0_v3 HTTP/1.0 201 - python-swiftclient-4.2.0 gAAAAABpVxP6bS-y... 16 - - txf7e4a72c976449588aa59-0069571410 - 0.0629 - - 1767314448.151313066 1767314448.214215755 0
Jan 01 19:40:48 np0005573202.novalocal container-server[97122]: ::1 - - [02/Jan/2026:00:40:48 +0000] "PUT /3/158163/AUTH_50777162d4dc40cfb40939a08020e6ce/gnocchi.7c7aa1a0-98c7-46a1-897c-2635dc1354be/1766880000.0_mean_300.0_v3" 201 - "PUT http://[::1]:8080/2/10478/AUTH_50777162d4dc40cfb40939a08020e6ce/gnocchi.7c7aa1a0-98c7-46a1-897c-2635dc1354be/1766880000.0_mean_300.0_v3" "tx4376775f5fa44680be676-0069571410" "object-server 97426" 0.0005 "-" 97122 0
Jan 01 19:40:48 np0005573202.novalocal object-server[97426]: ::1 - - [02/Jan/2026:00:40:48 +0000] "PUT /2/10478/AUTH_50777162d4dc40cfb40939a08020e6ce/gnocchi.7c7aa1a0-98c7-46a1-897c-2635dc1354be/1766880000.0_mean_300.0_v3" 201 - "PUT http://[::1]:8080/v1/AUTH_50777162d4dc40cfb40939a08020e6ce/gnocchi.7c7aa1a0-98c7-46a1-897c-2635dc1354be/1766880000.0_mean_300.0_v3" "tx4376775f5fa44680be676-0069571410" "proxy-server 90240" 0.0709 "-" 97426 0
Jan 01 19:40:48 np0005573202.novalocal proxy-server[90240]: ::1 ::1 02/Jan/2026/00/40/48 PUT /v1/AUTH_50777162d4dc40cfb40939a08020e6ce/gnocchi.7c7aa1a0-98c7-46a1-897c-2635dc1354be/1766880000.0_mean_300.0_v3 HTTP/1.0 201 - python-swiftclient-4.2.0 gAAAAABpVxQCpfSE... 16 - - tx4376775f5fa44680be676-0069571410 - 0.0832 - - 1767314448.133970261 1767314448.217194796 0
Jan 01 19:40:48 np0005573202.novalocal container-server[97120]: ::1 - - [02/Jan/2026:00:40:48 +0000] "PUT /3/154196/AUTH_50777162d4dc40cfb40939a08020e6ce/gnocchi.dda7e0a3-ac88-4d21-90b1-5cbc6a2217dd/none_v3" 201 - "PUT http://[::1]:8080/2/175373/AUTH_50777162d4dc40cfb40939a08020e6ce/gnocchi.dda7e0a3-ac88-4d21-90b1-5cbc6a2217dd/none_v3" "txe5265d8f387d4fe4b449a-0069571410" "object-server 97424" 0.0005 "-" 97120 0
Jan 01 19:40:48 np0005573202.novalocal object-server[97424]: ::1 - - [02/Jan/2026:00:40:48 +0000] "PUT /2/175373/AUTH_50777162d4dc40cfb40939a08020e6ce/gnocchi.dda7e0a3-ac88-4d21-90b1-5cbc6a2217dd/none_v3" 201 - "PUT http://[::1]:8080/v1/AUTH_50777162d4dc40cfb40939a08020e6ce/gnocchi.dda7e0a3-ac88-4d21-90b1-5cbc6a2217dd/none_v3" "txe5265d8f387d4fe4b449a-0069571410" "proxy-server 90240" 0.0162 "-" 97424 0
Jan 01 19:40:48 np0005573202.novalocal container-server[97120]: ::1 - - [02/Jan/2026:00:40:48 +0000] "PUT /1/158163/AUTH_50777162d4dc40cfb40939a08020e6ce/gnocchi.7c7aa1a0-98c7-46a1-897c-2635dc1354be/none_v3" 201 - "PUT http://[::1]:8080/1/101467/AUTH_50777162d4dc40cfb40939a08020e6ce/gnocchi.7c7aa1a0-98c7-46a1-897c-2635dc1354be/none_v3" "tx3b3e694394564052b5acc-0069571410" "object-server 97424" 0.0005 "-" 97120 0
Jan 01 19:40:48 np0005573202.novalocal object-server[97424]: ::1 - - [02/Jan/2026:00:40:48 +0000] "PUT /1/101467/AUTH_50777162d4dc40cfb40939a08020e6ce/gnocchi.7c7aa1a0-98c7-46a1-897c-2635dc1354be/none_v3" 201 - "PUT http://[::1]:8080/v1/AUTH_50777162d4dc40cfb40939a08020e6ce/gnocchi.7c7aa1a0-98c7-46a1-897c-2635dc1354be/none_v3" "tx3b3e694394564052b5acc-0069571410" "proxy-server 90240" 0.0135 "-" 97424 0
Jan 01 19:40:48 np0005573202.novalocal container-server[97120]: ::1 - - [02/Jan/2026:00:40:48 +0000] "PUT /2/154196/AUTH_50777162d4dc40cfb40939a08020e6ce/gnocchi.dda7e0a3-ac88-4d21-90b1-5cbc6a2217dd/none_v3" 201 - "PUT http://[::1]:8080/1/175373/AUTH_50777162d4dc40cfb40939a08020e6ce/gnocchi.dda7e0a3-ac88-4d21-90b1-5cbc6a2217dd/none_v3" "txe5265d8f387d4fe4b449a-0069571410" "object-server 97425" 0.0003 "-" 97120 0
Jan 01 19:40:48 np0005573202.novalocal container-server[97122]: ::1 - - [02/Jan/2026:00:40:48 +0000] "PUT /1/154196/AUTH_50777162d4dc40cfb40939a08020e6ce/gnocchi.dda7e0a3-ac88-4d21-90b1-5cbc6a2217dd/none_v3" 201 - "PUT http://[::1]:8080/3/175373/AUTH_50777162d4dc40cfb40939a08020e6ce/gnocchi.dda7e0a3-ac88-4d21-90b1-5cbc6a2217dd/none_v3" "txe5265d8f387d4fe4b449a-0069571410" "object-server 97425" 0.0005 "-" 97122 0
Jan 01 19:40:48 np0005573202.novalocal object-server[97425]: ::1 - - [02/Jan/2026:00:40:48 +0000] "PUT /1/175373/AUTH_50777162d4dc40cfb40939a08020e6ce/gnocchi.dda7e0a3-ac88-4d21-90b1-5cbc6a2217dd/none_v3" 201 - "PUT http://[::1]:8080/v1/AUTH_50777162d4dc40cfb40939a08020e6ce/gnocchi.dda7e0a3-ac88-4d21-90b1-5cbc6a2217dd/none_v3" "txe5265d8f387d4fe4b449a-0069571410" "proxy-server 90240" 0.0230 "-" 97425 0
Jan 01 19:40:48 np0005573202.novalocal container-server[97122]: ::1 - - [02/Jan/2026:00:40:48 +0000] "PUT /2/158163/AUTH_50777162d4dc40cfb40939a08020e6ce/gnocchi.7c7aa1a0-98c7-46a1-897c-2635dc1354be/none_v3" 201 - "PUT http://[::1]:8080/3/101467/AUTH_50777162d4dc40cfb40939a08020e6ce/gnocchi.7c7aa1a0-98c7-46a1-897c-2635dc1354be/none_v3" "tx3b3e694394564052b5acc-0069571410" "object-server 97425" 0.0003 "-" 97122 0
Jan 01 19:40:48 np0005573202.novalocal object-server[97425]: ::1 - - [02/Jan/2026:00:40:48 +0000] "PUT /3/175373/AUTH_50777162d4dc40cfb40939a08020e6ce/gnocchi.dda7e0a3-ac88-4d21-90b1-5cbc6a2217dd/none_v3" 201 - "PUT http://[::1]:8080/v1/AUTH_50777162d4dc40cfb40939a08020e6ce/gnocchi.dda7e0a3-ac88-4d21-90b1-5cbc6a2217dd/none_v3" "txe5265d8f387d4fe4b449a-0069571410" "proxy-server 90240" 0.0234 "-" 97425 0
Jan 01 19:40:48 np0005573202.novalocal proxy-server[90240]: ::1 ::1 02/Jan/2026/00/40/48 PUT /v1/AUTH_50777162d4dc40cfb40939a08020e6ce/gnocchi.dda7e0a3-ac88-4d21-90b1-5cbc6a2217dd/none_v3 HTTP/1.0 201 - python-swiftclient-4.2.0 gAAAAABpVxP6bS-y... 22 - - txe5265d8f387d4fe4b449a-0069571410 - 0.0319 - - 1767314448.216305733 1767314448.248229027 0
Jan 01 19:40:48 np0005573202.novalocal container-server[97121]: ::1 - - [02/Jan/2026:00:40:48 +0000] "PUT /3/158163/AUTH_50777162d4dc40cfb40939a08020e6ce/gnocchi.7c7aa1a0-98c7-46a1-897c-2635dc1354be/none_v3" 201 - "PUT http://[::1]:8080/2/101467/AUTH_50777162d4dc40cfb40939a08020e6ce/gnocchi.7c7aa1a0-98c7-46a1-897c-2635dc1354be/none_v3" "tx3b3e694394564052b5acc-0069571410" "object-server 97425" 0.0020 "-" 97121 0
Jan 01 19:40:48 np0005573202.novalocal object-server[97425]: ::1 - - [02/Jan/2026:00:40:48 +0000] "PUT /3/101467/AUTH_50777162d4dc40cfb40939a08020e6ce/gnocchi.7c7aa1a0-98c7-46a1-897c-2635dc1354be/none_v3" 201 - "PUT http://[::1]:8080/v1/AUTH_50777162d4dc40cfb40939a08020e6ce/gnocchi.7c7aa1a0-98c7-46a1-897c-2635dc1354be/none_v3" "tx3b3e694394564052b5acc-0069571410" "proxy-server 90240" 0.0233 "-" 97425 0
Jan 01 19:40:48 np0005573202.novalocal object-server[97425]: ::1 - - [02/Jan/2026:00:40:48 +0000] "PUT /2/101467/AUTH_50777162d4dc40cfb40939a08020e6ce/gnocchi.7c7aa1a0-98c7-46a1-897c-2635dc1354be/none_v3" 201 - "PUT http://[::1]:8080/v1/AUTH_50777162d4dc40cfb40939a08020e6ce/gnocchi.7c7aa1a0-98c7-46a1-897c-2635dc1354be/none_v3" "tx3b3e694394564052b5acc-0069571410" "proxy-server 90240" 0.0233 "-" 97425 0
Jan 01 19:40:48 np0005573202.novalocal proxy-server[90240]: ::1 ::1 02/Jan/2026/00/40/48 PUT /v1/AUTH_50777162d4dc40cfb40939a08020e6ce/gnocchi.7c7aa1a0-98c7-46a1-897c-2635dc1354be/none_v3 HTTP/1.0 201 - python-swiftclient-4.2.0 gAAAAABpVxQCpfSE... 22 - - tx3b3e694394564052b5acc-0069571410 - 0.0313 - - 1767314448.221162796 1767314448.252497435 0
Jan 01 19:40:48 np0005573202.novalocal haproxy-metadata-proxy-53c2eb2e-a839-423a-9e1b-8265430e49b5[103756]: ::ffff:10.100.0.13:33104 [01/Jan/2026:19:40:48.201] listener listener/metadata 0/0/0/106/106 200 122 - - ---- 1/1/0/0/0 0/0 "GET /2009-04-04/meta-data/block-device-mapping/ami HTTP/1.1"
Jan 01 19:40:48 np0005573202.novalocal haproxy-metadata-proxy-53c2eb2e-a839-423a-9e1b-8265430e49b5[103756]: ::ffff:10.100.0.13:33106 [01/Jan/2026:19:40:48.354] listener listener/metadata 0/0/0/106/106 200 127 - - ---- 1/1/0/0/0 0/0 "GET /2009-04-04/meta-data/block-device-mapping/ebs0 HTTP/1.1"
Jan 01 19:40:48 np0005573202.novalocal object-server[97423]: ::1 - - [02/Jan/2026:00:40:48 +0000] "GET /1/200379/AUTH_50777162d4dc40cfb40939a08020e6ce/gnocchi.4b9045ee-7114-4539-9c55-0662a48740f0/none_v3" 200 22 "GET http://[::1]:8080/v1/AUTH_50777162d4dc40cfb40939a08020e6ce/gnocchi.4b9045ee-7114-4539-9c55-0662a48740f0/none_v3" "tx634592bdb128438098a2b-0069571410" "proxy-server 90240" 0.0008 "-" 97423 0
Jan 01 19:40:48 np0005573202.novalocal proxy-server[90240]: ::1 ::1 02/Jan/2026/00/40/48 GET /v1/AUTH_50777162d4dc40cfb40939a08020e6ce/gnocchi.4b9045ee-7114-4539-9c55-0662a48740f0/none_v3 HTTP/1.0 200 - python-swiftclient-4.2.0 gAAAAABpVxP6bS-y... - 22 - tx634592bdb128438098a2b-0069571410 - 0.0083 - - 1767314448.560675859 1767314448.569010019 0
Jan 01 19:40:48 np0005573202.novalocal object-server[97423]: ::1 - - [02/Jan/2026:00:40:48 +0000] "GET /3/60698/AUTH_50777162d4dc40cfb40939a08020e6ce/gnocchi.4c6c8807-372f-4b23-be37-085c8fe59c0c/none_v3" 200 22 "GET http://[::1]:8080/v1/AUTH_50777162d4dc40cfb40939a08020e6ce/gnocchi.4c6c8807-372f-4b23-be37-085c8fe59c0c/none_v3" "txae6c81935ea74d1d8a9d9-0069571410" "proxy-server 90240" 0.0006 "-" 97423 0
Jan 01 19:40:48 np0005573202.novalocal proxy-server[90240]: ::1 ::1 02/Jan/2026/00/40/48 GET /v1/AUTH_50777162d4dc40cfb40939a08020e6ce/gnocchi.4c6c8807-372f-4b23-be37-085c8fe59c0c/none_v3 HTTP/1.0 200 - python-swiftclient-4.2.0 gAAAAABpVxQCpfSE... - 22 - txae6c81935ea74d1d8a9d9-0069571410 - 0.0072 - - 1767314448.564577579 1767314448.571757555 0
Jan 01 19:40:48 np0005573202.novalocal haproxy-metadata-proxy-53c2eb2e-a839-423a-9e1b-8265430e49b5[103756]: ::ffff:10.100.0.13:33108 [01/Jan/2026:19:40:48.504] listener listener/metadata 0/0/0/99/99 200 127 - - ---- 1/1/0/0/0 0/0 "GET /2009-04-04/meta-data/block-device-mapping/root HTTP/1.1"
Jan 01 19:40:48 np0005573202.novalocal container-server[97120]: ::1 - - [02/Jan/2026:00:40:48 +0000] "GET /2/92865/AUTH_50777162d4dc40cfb40939a08020e6ce/gnocchi.4b9045ee-7114-4539-9c55-0662a48740f0" 200 357 "GET http://[::1]:8080/v1/AUTH_50777162d4dc40cfb40939a08020e6ce/gnocchi.4b9045ee-7114-4539-9c55-0662a48740f0?format=json&states=listing" "tx08c879853c1e4f6385ebe-0069571410" "proxy-server 90240" 0.0283 "-" 97120 0
Jan 01 19:40:48 np0005573202.novalocal container-server[97122]: ::1 - - [02/Jan/2026:00:40:48 +0000] "GET /2/135418/AUTH_50777162d4dc40cfb40939a08020e6ce/gnocchi.4c6c8807-372f-4b23-be37-085c8fe59c0c" 200 357 "GET http://[::1]:8080/v1/AUTH_50777162d4dc40cfb40939a08020e6ce/gnocchi.4c6c8807-372f-4b23-be37-085c8fe59c0c?format=json&states=listing" "tx8074696349bf403f80262-0069571410" "proxy-server 90240" 0.0193 "-" 97122 0
Jan 01 19:40:48 np0005573202.novalocal proxy-server[90240]: ::1 ::1 02/Jan/2026/00/40/48 GET /v1/AUTH_50777162d4dc40cfb40939a08020e6ce/gnocchi.4b9045ee-7114-4539-9c55-0662a48740f0%3Fformat%3Djson%26states%3Dlisting HTTP/1.0 200 - python-swiftclient-4.2.0 gAAAAABpVxP6bS-y... - 357 - tx08c879853c1e4f6385ebe-0069571410 - 0.0383 - - 1767314448.572977304 1767314448.611318111 0
Jan 01 19:40:48 np0005573202.novalocal proxy-server[90240]: ::1 ::1 02/Jan/2026/00/40/48 GET /v1/AUTH_50777162d4dc40cfb40939a08020e6ce/gnocchi.4c6c8807-372f-4b23-be37-085c8fe59c0c%3Fformat%3Djson%26states%3Dlisting HTTP/1.0 200 - python-swiftclient-4.2.0 gAAAAABpVxQCpfSE... - 357 - tx8074696349bf403f80262-0069571410 - 0.0370 - - 1767314448.579219818 1767314448.616223812 0
Jan 01 19:40:48 np0005573202.novalocal container-server[97121]: ::1 - - [02/Jan/2026:00:40:48 +0000] "GET /2/135418/AUTH_50777162d4dc40cfb40939a08020e6ce/gnocchi.4c6c8807-372f-4b23-be37-085c8fe59c0c" 200 2 "GET http://[::1]:8080/v1/AUTH_50777162d4dc40cfb40939a08020e6ce/gnocchi.4c6c8807-372f-4b23-be37-085c8fe59c0c?format=json&marker=none_v3&states=listing" "tx40fa3dd1563540e5aa898-0069571410" "proxy-server 90240" 0.0027 "-" 97121 0
Jan 01 19:40:48 np0005573202.novalocal proxy-server[90240]: ::1 ::1 02/Jan/2026/00/40/48 GET /v1/AUTH_50777162d4dc40cfb40939a08020e6ce/gnocchi.4c6c8807-372f-4b23-be37-085c8fe59c0c%3Fformat%3Djson%26marker%3Dnone_v3%26states%3Dlisting HTTP/1.0 200 - python-swiftclient-4.2.0 gAAAAABpVxQCpfSE... - 2 - tx40fa3dd1563540e5aa898-0069571410 - 0.0078 - - 1767314448.618605137 1767314448.626394510 0
Jan 01 19:40:48 np0005573202.novalocal object-server[97426]: ::1 - - [02/Jan/2026:00:40:48 +0000] "GET /1/123793/AUTH_50777162d4dc40cfb40939a08020e6ce/gnocchi.4c6c8807-372f-4b23-be37-085c8fe59c0c/1766880000.0_mean_300.0_v3" 200 16 "GET http://[::1]:8080/v1/AUTH_50777162d4dc40cfb40939a08020e6ce/gnocchi.4c6c8807-372f-4b23-be37-085c8fe59c0c/1766880000.0_mean_300.0_v3" "tx00271ad6f082405882012-0069571410" "proxy-server 90240" 0.0007 "-" 97426 0
Jan 01 19:40:48 np0005573202.novalocal proxy-server[90240]: ::1 ::1 02/Jan/2026/00/40/48 GET /v1/AUTH_50777162d4dc40cfb40939a08020e6ce/gnocchi.4c6c8807-372f-4b23-be37-085c8fe59c0c/1766880000.0_mean_300.0_v3 HTTP/1.0 200 - python-swiftclient-4.2.0 gAAAAABpVxQCpfSE... - 16 - tx00271ad6f082405882012-0069571410 - 0.0086 - - 1767314448.629299164 1767314448.637929201 0
Jan 01 19:40:48 np0005573202.novalocal container-server[97120]: ::1 - - [02/Jan/2026:00:40:48 +0000] "GET /3/92865/AUTH_50777162d4dc40cfb40939a08020e6ce/gnocchi.4b9045ee-7114-4539-9c55-0662a48740f0" 200 2 "GET http://[::1]:8080/v1/AUTH_50777162d4dc40cfb40939a08020e6ce/gnocchi.4b9045ee-7114-4539-9c55-0662a48740f0?format=json&marker=none_v3&states=listing" "tx42c5d6d45ced4f46a31d3-0069571410" "proxy-server 90240" 0.0338 "-" 97120 0
Jan 01 19:40:48 np0005573202.novalocal proxy-server[90240]: ::1 ::1 02/Jan/2026/00/40/48 GET /v1/AUTH_50777162d4dc40cfb40939a08020e6ce/gnocchi.4b9045ee-7114-4539-9c55-0662a48740f0%3Fformat%3Djson%26marker%3Dnone_v3%26states%3Dlisting HTTP/1.0 200 - python-swiftclient-4.2.0 gAAAAABpVxP6bS-y... - 2 - tx42c5d6d45ced4f46a31d3-0069571410 - 0.0412 - - 1767314448.614255905 1767314448.655493021 0
Jan 01 19:40:48 np0005573202.novalocal object-server[97426]: ::1 - - [02/Jan/2026:00:40:48 +0000] "GET /1/17216/AUTH_50777162d4dc40cfb40939a08020e6ce/gnocchi.4b9045ee-7114-4539-9c55-0662a48740f0/1766880000.0_mean_300.0_v3" 200 16 "GET http://[::1]:8080/v1/AUTH_50777162d4dc40cfb40939a08020e6ce/gnocchi.4b9045ee-7114-4539-9c55-0662a48740f0/1766880000.0_mean_300.0_v3" "tx8c62b5c2d6f9412ca97a4-0069571410" "proxy-server 90240" 0.0010 "-" 97426 0
Jan 01 19:40:48 np0005573202.novalocal proxy-server[90240]: ::1 ::1 02/Jan/2026/00/40/48 GET /v1/AUTH_50777162d4dc40cfb40939a08020e6ce/gnocchi.4b9045ee-7114-4539-9c55-0662a48740f0/1766880000.0_mean_300.0_v3 HTTP/1.0 200 - python-swiftclient-4.2.0 gAAAAABpVxP6bS-y... - 16 - tx8c62b5c2d6f9412ca97a4-0069571410 - 0.0125 - - 1767314448.659268856 1767314448.671751261 0
Jan 01 19:40:48 np0005573202.novalocal container-server[97122]: ::1 - - [02/Jan/2026:00:40:48 +0000] "PUT /1/135418/AUTH_50777162d4dc40cfb40939a08020e6ce/gnocchi.4c6c8807-372f-4b23-be37-085c8fe59c0c/1766880000.0_mean_300.0_v3" 201 - "PUT http://[::1]:8080/2/123793/AUTH_50777162d4dc40cfb40939a08020e6ce/gnocchi.4c6c8807-372f-4b23-be37-085c8fe59c0c/1766880000.0_mean_300.0_v3" "tx236c2928e40443e09ba21-0069571410" "object-server 97426" 0.0005 "-" 97122 0
Jan 01 19:40:48 np0005573202.novalocal container-server[97120]: ::1 - - [02/Jan/2026:00:40:48 +0000] "PUT /3/135418/AUTH_50777162d4dc40cfb40939a08020e6ce/gnocchi.4c6c8807-372f-4b23-be37-085c8fe59c0c/1766880000.0_mean_300.0_v3" 201 - "PUT http://[::1]:8080/3/123793/AUTH_50777162d4dc40cfb40939a08020e6ce/gnocchi.4c6c8807-372f-4b23-be37-085c8fe59c0c/1766880000.0_mean_300.0_v3" "tx236c2928e40443e09ba21-0069571410" "object-server 97424" 0.0004 "-" 97120 0
Jan 01 19:40:48 np0005573202.novalocal object-server[97424]: ::1 - - [02/Jan/2026:00:40:48 +0000] "PUT /3/123793/AUTH_50777162d4dc40cfb40939a08020e6ce/gnocchi.4c6c8807-372f-4b23-be37-085c8fe59c0c/1766880000.0_mean_300.0_v3" 201 - "PUT http://[::1]:8080/v1/AUTH_50777162d4dc40cfb40939a08020e6ce/gnocchi.4c6c8807-372f-4b23-be37-085c8fe59c0c/1766880000.0_mean_300.0_v3" "tx236c2928e40443e09ba21-0069571410" "proxy-server 90240" 0.0289 "-" 97424 0
Jan 01 19:40:48 np0005573202.novalocal object-server[97426]: ::1 - - [02/Jan/2026:00:40:48 +0000] "PUT /2/123793/AUTH_50777162d4dc40cfb40939a08020e6ce/gnocchi.4c6c8807-372f-4b23-be37-085c8fe59c0c/1766880000.0_mean_300.0_v3" 201 - "PUT http://[::1]:8080/v1/AUTH_50777162d4dc40cfb40939a08020e6ce/gnocchi.4c6c8807-372f-4b23-be37-085c8fe59c0c/1766880000.0_mean_300.0_v3" "tx236c2928e40443e09ba21-0069571410" "proxy-server 90240" 0.0266 "-" 97426 0
Jan 01 19:40:48 np0005573202.novalocal container-server[97120]: ::1 - - [02/Jan/2026:00:40:48 +0000] "PUT /2/135418/AUTH_50777162d4dc40cfb40939a08020e6ce/gnocchi.4c6c8807-372f-4b23-be37-085c8fe59c0c/1766880000.0_mean_300.0_v3" 201 - "PUT http://[::1]:8080/1/123793/AUTH_50777162d4dc40cfb40939a08020e6ce/gnocchi.4c6c8807-372f-4b23-be37-085c8fe59c0c/1766880000.0_mean_300.0_v3" "tx236c2928e40443e09ba21-0069571410" "object-server 97424" 0.0003 "-" 97120 0
Jan 01 19:40:48 np0005573202.novalocal object-server[97424]: ::1 - - [02/Jan/2026:00:40:48 +0000] "PUT /1/123793/AUTH_50777162d4dc40cfb40939a08020e6ce/gnocchi.4c6c8807-372f-4b23-be37-085c8fe59c0c/1766880000.0_mean_300.0_v3" 201 - "PUT http://[::1]:8080/v1/AUTH_50777162d4dc40cfb40939a08020e6ce/gnocchi.4c6c8807-372f-4b23-be37-085c8fe59c0c/1766880000.0_mean_300.0_v3" "tx236c2928e40443e09ba21-0069571410" "proxy-server 90240" 0.0279 "-" 97424 0
Jan 01 19:40:48 np0005573202.novalocal proxy-server[90240]: ::1 ::1 02/Jan/2026/00/40/48 PUT /v1/AUTH_50777162d4dc40cfb40939a08020e6ce/gnocchi.4c6c8807-372f-4b23-be37-085c8fe59c0c/1766880000.0_mean_300.0_v3 HTTP/1.0 201 - python-swiftclient-4.2.0 gAAAAABpVxQCpfSE... 16 - - tx236c2928e40443e09ba21-0069571410 - 0.0470 - - 1767314448.640393257 1767314448.687397718 0
Jan 01 19:40:48 np0005573202.novalocal container-server[97122]: ::1 - - [02/Jan/2026:00:40:48 +0000] "PUT /1/92865/AUTH_50777162d4dc40cfb40939a08020e6ce/gnocchi.4b9045ee-7114-4539-9c55-0662a48740f0/1766880000.0_mean_300.0_v3" 201 - "PUT http://[::1]:8080/2/17216/AUTH_50777162d4dc40cfb40939a08020e6ce/gnocchi.4b9045ee-7114-4539-9c55-0662a48740f0/1766880000.0_mean_300.0_v3" "tx72b0b493bff04652a3074-0069571410" "object-server 97424" 0.0004 "-" 97122 0
Jan 01 19:40:48 np0005573202.novalocal object-server[97424]: ::1 - - [02/Jan/2026:00:40:48 +0000] "PUT /2/17216/AUTH_50777162d4dc40cfb40939a08020e6ce/gnocchi.4b9045ee-7114-4539-9c55-0662a48740f0/1766880000.0_mean_300.0_v3" 201 - "PUT http://[::1]:8080/v1/AUTH_50777162d4dc40cfb40939a08020e6ce/gnocchi.4b9045ee-7114-4539-9c55-0662a48740f0/1766880000.0_mean_300.0_v3" "tx72b0b493bff04652a3074-0069571410" "proxy-server 90240" 0.0119 "-" 97424 0
Jan 01 19:40:48 np0005573202.novalocal container-server[97119]: ::1 - - [02/Jan/2026:00:40:48 +0000] "PUT /2/92865/AUTH_50777162d4dc40cfb40939a08020e6ce/gnocchi.4b9045ee-7114-4539-9c55-0662a48740f0/1766880000.0_mean_300.0_v3" 201 - "PUT http://[::1]:8080/3/17216/AUTH_50777162d4dc40cfb40939a08020e6ce/gnocchi.4b9045ee-7114-4539-9c55-0662a48740f0/1766880000.0_mean_300.0_v3" "tx72b0b493bff04652a3074-0069571410" "object-server 97426" 0.0005 "-" 97119 0
Jan 01 19:40:48 np0005573202.novalocal object-server[97426]: ::1 - - [02/Jan/2026:00:40:48 +0000] "PUT /3/17216/AUTH_50777162d4dc40cfb40939a08020e6ce/gnocchi.4b9045ee-7114-4539-9c55-0662a48740f0/1766880000.0_mean_300.0_v3" 201 - "PUT http://[::1]:8080/v1/AUTH_50777162d4dc40cfb40939a08020e6ce/gnocchi.4b9045ee-7114-4539-9c55-0662a48740f0/1766880000.0_mean_300.0_v3" "tx72b0b493bff04652a3074-0069571410" "proxy-server 90240" 0.0153 "-" 97426 0
Jan 01 19:40:48 np0005573202.novalocal container-server[97122]: ::1 - - [02/Jan/2026:00:40:48 +0000] "PUT /3/92865/AUTH_50777162d4dc40cfb40939a08020e6ce/gnocchi.4b9045ee-7114-4539-9c55-0662a48740f0/1766880000.0_mean_300.0_v3" 201 - "PUT http://[::1]:8080/1/17216/AUTH_50777162d4dc40cfb40939a08020e6ce/gnocchi.4b9045ee-7114-4539-9c55-0662a48740f0/1766880000.0_mean_300.0_v3" "tx72b0b493bff04652a3074-0069571410" "object-server 97426" 0.0006 "-" 97122 0
Jan 01 19:40:48 np0005573202.novalocal object-server[97426]: ::1 - - [02/Jan/2026:00:40:48 +0000] "PUT /1/17216/AUTH_50777162d4dc40cfb40939a08020e6ce/gnocchi.4b9045ee-7114-4539-9c55-0662a48740f0/1766880000.0_mean_300.0_v3" 201 - "PUT http://[::1]:8080/v1/AUTH_50777162d4dc40cfb40939a08020e6ce/gnocchi.4b9045ee-7114-4539-9c55-0662a48740f0/1766880000.0_mean_300.0_v3" "tx72b0b493bff04652a3074-0069571410" "proxy-server 90240" 0.0143 "-" 97426 0
Jan 01 19:40:48 np0005573202.novalocal proxy-server[90240]: ::1 ::1 02/Jan/2026/00/40/48 PUT /v1/AUTH_50777162d4dc40cfb40939a08020e6ce/gnocchi.4b9045ee-7114-4539-9c55-0662a48740f0/1766880000.0_mean_300.0_v3 HTTP/1.0 201 - python-swiftclient-4.2.0 gAAAAABpVxP6bS-y... 16 - - tx72b0b493bff04652a3074-0069571410 - 0.0308 - - 1767314448.674926996 1767314448.705688238 0
Jan 01 19:40:48 np0005573202.novalocal container-server[97120]: ::1 - - [02/Jan/2026:00:40:48 +0000] "PUT /3/135418/AUTH_50777162d4dc40cfb40939a08020e6ce/gnocchi.4c6c8807-372f-4b23-be37-085c8fe59c0c/none_v3" 201 - "PUT http://[::1]:8080/1/60698/AUTH_50777162d4dc40cfb40939a08020e6ce/gnocchi.4c6c8807-372f-4b23-be37-085c8fe59c0c/none_v3" "txac33914fd1e14bc8abd02-0069571410" "object-server 97425" 0.0006 "-" 97120 0
Jan 01 19:40:48 np0005573202.novalocal object-server[97425]: ::1 - - [02/Jan/2026:00:40:48 +0000] "PUT /1/60698/AUTH_50777162d4dc40cfb40939a08020e6ce/gnocchi.4c6c8807-372f-4b23-be37-085c8fe59c0c/none_v3" 201 - "PUT http://[::1]:8080/v1/AUTH_50777162d4dc40cfb40939a08020e6ce/gnocchi.4c6c8807-372f-4b23-be37-085c8fe59c0c/none_v3" "txac33914fd1e14bc8abd02-0069571410" "proxy-server 90240" 0.0165 "-" 97425 0
Jan 01 19:40:48 np0005573202.novalocal container-server[97119]: ::1 - - [02/Jan/2026:00:40:48 +0000] "PUT /1/135418/AUTH_50777162d4dc40cfb40939a08020e6ce/gnocchi.4c6c8807-372f-4b23-be37-085c8fe59c0c/none_v3" 201 - "PUT http://[::1]:8080/2/60698/AUTH_50777162d4dc40cfb40939a08020e6ce/gnocchi.4c6c8807-372f-4b23-be37-085c8fe59c0c/none_v3" "txac33914fd1e14bc8abd02-0069571410" "object-server 97423" 0.0005 "-" 97119 0
Jan 01 19:40:48 np0005573202.novalocal container-server[97119]: ::1 - - [02/Jan/2026:00:40:48 +0000] "PUT /2/135418/AUTH_50777162d4dc40cfb40939a08020e6ce/gnocchi.4c6c8807-372f-4b23-be37-085c8fe59c0c/none_v3" 201 - "PUT http://[::1]:8080/3/60698/AUTH_50777162d4dc40cfb40939a08020e6ce/gnocchi.4c6c8807-372f-4b23-be37-085c8fe59c0c/none_v3" "txac33914fd1e14bc8abd02-0069571410" "object-server 97423" 0.0003 "-" 97119 0
