Jan 01 19:40:49 np0005573202.novalocal object-server[97424]: ::1 - - [02/Jan/2026:00:40:49 +0000] "GET /1/110860/AUTH_50777162d4dc40cfb40939a08020e6ce/gnocchi.0ad2e7cf-06aa-48b8-bcfd-6bb679bf8de6/1766880000.0_mean_300.0_v3" 404 70 "GET http://[::1]:8080/v1/AUTH_50777162d4dc40cfb40939a08020e6ce/gnocchi.0ad2e7cf-06aa-48b8-bcfd-6bb679bf8de6/1766880000.0_mean_300.0_v3" "tx6137cfc467624450934ef-0069571411" "proxy-server 90240" 0.0012 "-" 97424 0
Jan 01 19:40:49 np0005573202.novalocal object-server[97423]: ::1 - - [02/Jan/2026:00:40:49 +0000] "GET /2/110860/AUTH_50777162d4dc40cfb40939a08020e6ce/gnocchi.0ad2e7cf-06aa-48b8-bcfd-6bb679bf8de6/1766880000.0_mean_300.0_v3" 404 70 "GET http://[::1]:8080/v1/AUTH_50777162d4dc40cfb40939a08020e6ce/gnocchi.0ad2e7cf-06aa-48b8-bcfd-6bb679bf8de6/1766880000.0_mean_300.0_v3" "tx6137cfc467624450934ef-0069571411" "proxy-server 90240" 0.0004 "-" 97423 0
Jan 01 19:40:49 np0005573202.novalocal proxy-server[90240]: ::1 ::1 02/Jan/2026/00/40/49 GET /v1/AUTH_50777162d4dc40cfb40939a08020e6ce/gnocchi.0ad2e7cf-06aa-48b8-bcfd-6bb679bf8de6/1766880000.0_mean_300.0_v3 HTTP/1.0 404 - python-swiftclient-4.2.0 gAAAAABpVxP6bS-y... - 70 - tx6137cfc467624450934ef-0069571411 - 0.0138 - - 1767314449.357465744 1767314449.371250153 0
Jan 01 19:40:49 np0005573202.novalocal systemd-udevd[104659]: sda1: Failed to process device, ignoring: No such file or directory
Jan 01 19:40:49 np0005573202.novalocal systemd-udevd[104590]: sda15: Failed to process device, ignoring: No such file or directory
Jan 01 19:40:49 np0005573202.novalocal container-server[97122]: ::1 - - [02/Jan/2026:00:40:49 +0000] "PUT /2/46924/AUTH_50777162d4dc40cfb40939a08020e6ce/gnocchi.0ad2e7cf-06aa-48b8-bcfd-6bb679bf8de6/1766880000.0_mean_300.0_v3" 201 - "PUT http://[::1]:8080/3/110860/AUTH_50777162d4dc40cfb40939a08020e6ce/gnocchi.0ad2e7cf-06aa-48b8-bcfd-6bb679bf8de6/1766880000.0_mean_300.0_v3" "tx784c94686d7a472d9a37a-0069571411" "object-server 97423" 0.0006 "-" 97122 0
Jan 01 19:40:49 np0005573202.novalocal container-server[97122]: ::1 - - [02/Jan/2026:00:40:49 +0000] "PUT /3/46924/AUTH_50777162d4dc40cfb40939a08020e6ce/gnocchi.0ad2e7cf-06aa-48b8-bcfd-6bb679bf8de6/1766880000.0_mean_300.0_v3" 201 - "PUT http://[::1]:8080/2/110860/AUTH_50777162d4dc40cfb40939a08020e6ce/gnocchi.0ad2e7cf-06aa-48b8-bcfd-6bb679bf8de6/1766880000.0_mean_300.0_v3" "tx784c94686d7a472d9a37a-0069571411" "object-server 97426" 0.0003 "-" 97122 0
Jan 01 19:40:49 np0005573202.novalocal container-server[97122]: ::1 - - [02/Jan/2026:00:40:49 +0000] "HEAD /1/58768/AUTH_50777162d4dc40cfb40939a08020e6ce/gnocchi.f4fd8d07-c4e7-4878-bdec-0ba774c8ffe8" 404 - "HEAD http://[::1]:8080/v1/AUTH_50777162d4dc40cfb40939a08020e6ce/gnocchi.f4fd8d07-c4e7-4878-bdec-0ba774c8ffe8?format=json&states=listing" "txbc37d714856b42f7ab232-0069571411" "proxy-server 90240" 0.0002 "-" 97122 0
Jan 01 19:40:49 np0005573202.novalocal object-server[97426]: ::1 - - [02/Jan/2026:00:40:49 +0000] "PUT /2/110860/AUTH_50777162d4dc40cfb40939a08020e6ce/gnocchi.0ad2e7cf-06aa-48b8-bcfd-6bb679bf8de6/1766880000.0_mean_300.0_v3" 201 - "PUT http://[::1]:8080/v1/AUTH_50777162d4dc40cfb40939a08020e6ce/gnocchi.0ad2e7cf-06aa-48b8-bcfd-6bb679bf8de6/1766880000.0_mean_300.0_v3" "tx784c94686d7a472d9a37a-0069571411" "proxy-server 90240" 0.0108 "-" 97426 0
Jan 01 19:40:49 np0005573202.novalocal object-server[97423]: ::1 - - [02/Jan/2026:00:40:49 +0000] "PUT /3/110860/AUTH_50777162d4dc40cfb40939a08020e6ce/gnocchi.0ad2e7cf-06aa-48b8-bcfd-6bb679bf8de6/1766880000.0_mean_300.0_v3" 201 - "PUT http://[::1]:8080/v1/AUTH_50777162d4dc40cfb40939a08020e6ce/gnocchi.0ad2e7cf-06aa-48b8-bcfd-6bb679bf8de6/1766880000.0_mean_300.0_v3" "tx784c94686d7a472d9a37a-0069571411" "proxy-server 90240" 0.0114 "-" 97423 0
Jan 01 19:40:49 np0005573202.novalocal container-server[97119]: ::1 - - [02/Jan/2026:00:40:49 +0000] "PUT /1/46924/AUTH_50777162d4dc40cfb40939a08020e6ce/gnocchi.0ad2e7cf-06aa-48b8-bcfd-6bb679bf8de6/1766880000.0_mean_300.0_v3" 201 - "PUT http://[::1]:8080/1/110860/AUTH_50777162d4dc40cfb40939a08020e6ce/gnocchi.0ad2e7cf-06aa-48b8-bcfd-6bb679bf8de6/1766880000.0_mean_300.0_v3" "tx784c94686d7a472d9a37a-0069571411" "object-server 97425" 0.0007 "-" 97119 0
Jan 01 19:40:49 np0005573202.novalocal object-server[97425]: ::1 - - [02/Jan/2026:00:40:49 +0000] "PUT /1/110860/AUTH_50777162d4dc40cfb40939a08020e6ce/gnocchi.0ad2e7cf-06aa-48b8-bcfd-6bb679bf8de6/1766880000.0_mean_300.0_v3" 201 - "PUT http://[::1]:8080/v1/AUTH_50777162d4dc40cfb40939a08020e6ce/gnocchi.0ad2e7cf-06aa-48b8-bcfd-6bb679bf8de6/1766880000.0_mean_300.0_v3" "tx784c94686d7a472d9a37a-0069571411" "proxy-server 90240" 0.0140 "-" 97425 0
Jan 01 19:40:49 np0005573202.novalocal container-server[97122]: ::1 - - [02/Jan/2026:00:40:49 +0000] "HEAD /3/58768/AUTH_50777162d4dc40cfb40939a08020e6ce/gnocchi.f4fd8d07-c4e7-4878-bdec-0ba774c8ffe8" 404 - "HEAD http://[::1]:8080/v1/AUTH_50777162d4dc40cfb40939a08020e6ce/gnocchi.f4fd8d07-c4e7-4878-bdec-0ba774c8ffe8?format=json&states=listing" "txbc37d714856b42f7ab232-0069571411" "proxy-server 90240" 0.0006 "-" 97122 0
Jan 01 19:40:49 np0005573202.novalocal proxy-server[90240]: ::1 ::1 02/Jan/2026/00/40/49 PUT /v1/AUTH_50777162d4dc40cfb40939a08020e6ce/gnocchi.0ad2e7cf-06aa-48b8-bcfd-6bb679bf8de6/1766880000.0_mean_300.0_v3 HTTP/1.0 201 - python-swiftclient-4.2.0 gAAAAABpVxP6bS-y... 16 - - tx784c94686d7a472d9a37a-0069571411 - 0.0219 - - 1767314449.374803543 1767314449.396728516 0
Jan 01 19:40:49 np0005573202.novalocal container-server[97121]: ::1 - - [02/Jan/2026:00:40:49 +0000] "HEAD /2/58768/AUTH_50777162d4dc40cfb40939a08020e6ce/gnocchi.f4fd8d07-c4e7-4878-bdec-0ba774c8ffe8" 404 - "HEAD http://[::1]:8080/v1/AUTH_50777162d4dc40cfb40939a08020e6ce/gnocchi.f4fd8d07-c4e7-4878-bdec-0ba774c8ffe8?format=json&states=listing" "txbc37d714856b42f7ab232-0069571411" "proxy-server 90240" 0.0005 "-" 97121 0
Jan 01 19:40:49 np0005573202.novalocal container-server[97119]: ::1 - - [02/Jan/2026:00:40:49 +0000] "PUT /3/46924/AUTH_50777162d4dc40cfb40939a08020e6ce/gnocchi.0ad2e7cf-06aa-48b8-bcfd-6bb679bf8de6/none_v3" 201 - "PUT http://[::1]:8080/2/45092/AUTH_50777162d4dc40cfb40939a08020e6ce/gnocchi.0ad2e7cf-06aa-48b8-bcfd-6bb679bf8de6/none_v3" "txf893e07b18d0435dbb264-0069571411" "object-server 97424" 0.0006 "-" 97119 0
Jan 01 19:40:49 np0005573202.novalocal object-server[97426]: ::1 - - [02/Jan/2026:00:40:49 +0000] "GET /2/23424/AUTH_50777162d4dc40cfb40939a08020e6ce/gnocchi.f4fd8d07-c4e7-4878-bdec-0ba774c8ffe8/none_v3" 404 70 "GET http://[::1]:8080/v1/AUTH_50777162d4dc40cfb40939a08020e6ce/gnocchi.f4fd8d07-c4e7-4878-bdec-0ba774c8ffe8/none_v3" "txbc37d714856b42f7ab232-0069571411" "proxy-server 90240" 0.0006 "-" 97426 0
Jan 01 19:40:49 np0005573202.novalocal object-server[97424]: ::1 - - [02/Jan/2026:00:40:49 +0000] "PUT /2/45092/AUTH_50777162d4dc40cfb40939a08020e6ce/gnocchi.0ad2e7cf-06aa-48b8-bcfd-6bb679bf8de6/none_v3" 201 - "PUT http://[::1]:8080/v1/AUTH_50777162d4dc40cfb40939a08020e6ce/gnocchi.0ad2e7cf-06aa-48b8-bcfd-6bb679bf8de6/none_v3" "txf893e07b18d0435dbb264-0069571411" "proxy-server 90240" 0.0121 "-" 97424 0
Jan 01 19:40:49 np0005573202.novalocal container-server[97119]: ::1 - - [02/Jan/2026:00:40:49 +0000] "PUT /1/46924/AUTH_50777162d4dc40cfb40939a08020e6ce/gnocchi.0ad2e7cf-06aa-48b8-bcfd-6bb679bf8de6/none_v3" 201 - "PUT http://[::1]:8080/1/45092/AUTH_50777162d4dc40cfb40939a08020e6ce/gnocchi.0ad2e7cf-06aa-48b8-bcfd-6bb679bf8de6/none_v3" "txf893e07b18d0435dbb264-0069571411" "object-server 97423" 0.0004 "-" 97119 0
Jan 01 19:40:49 np0005573202.novalocal object-server[97423]: ::1 - - [02/Jan/2026:00:40:49 +0000] "PUT /1/45092/AUTH_50777162d4dc40cfb40939a08020e6ce/gnocchi.0ad2e7cf-06aa-48b8-bcfd-6bb679bf8de6/none_v3" 201 - "PUT http://[::1]:8080/v1/AUTH_50777162d4dc40cfb40939a08020e6ce/gnocchi.0ad2e7cf-06aa-48b8-bcfd-6bb679bf8de6/none_v3" "txf893e07b18d0435dbb264-0069571411" "proxy-server 90240" 0.0104 "-" 97423 0
Jan 01 19:40:49 np0005573202.novalocal container-server[97119]: ::1 - - [02/Jan/2026:00:40:49 +0000] "PUT /2/46924/AUTH_50777162d4dc40cfb40939a08020e6ce/gnocchi.0ad2e7cf-06aa-48b8-bcfd-6bb679bf8de6/none_v3" 201 - "PUT http://[::1]:8080/3/45092/AUTH_50777162d4dc40cfb40939a08020e6ce/gnocchi.0ad2e7cf-06aa-48b8-bcfd-6bb679bf8de6/none_v3" "txf893e07b18d0435dbb264-0069571411" "object-server 97423" 0.0004 "-" 97119 0
Jan 01 19:40:49 np0005573202.novalocal object-server[97423]: ::1 - - [02/Jan/2026:00:40:49 +0000] "PUT /3/45092/AUTH_50777162d4dc40cfb40939a08020e6ce/gnocchi.0ad2e7cf-06aa-48b8-bcfd-6bb679bf8de6/none_v3" 201 - "PUT http://[::1]:8080/v1/AUTH_50777162d4dc40cfb40939a08020e6ce/gnocchi.0ad2e7cf-06aa-48b8-bcfd-6bb679bf8de6/none_v3" "txf893e07b18d0435dbb264-0069571411" "proxy-server 90240" 0.0131 "-" 97423 0
Jan 01 19:40:49 np0005573202.novalocal object-server[97424]: ::1 - - [02/Jan/2026:00:40:49 +0000] "GET /1/23424/AUTH_50777162d4dc40cfb40939a08020e6ce/gnocchi.f4fd8d07-c4e7-4878-bdec-0ba774c8ffe8/none_v3" 404 70 "GET http://[::1]:8080/v1/AUTH_50777162d4dc40cfb40939a08020e6ce/gnocchi.f4fd8d07-c4e7-4878-bdec-0ba774c8ffe8/none_v3" "txbc37d714856b42f7ab232-0069571411" "proxy-server 90240" 0.0002 "-" 97424 0
Jan 01 19:40:49 np0005573202.novalocal proxy-server[90240]: ::1 ::1 02/Jan/2026/00/40/49 PUT /v1/AUTH_50777162d4dc40cfb40939a08020e6ce/gnocchi.0ad2e7cf-06aa-48b8-bcfd-6bb679bf8de6/none_v3 HTTP/1.0 201 - python-swiftclient-4.2.0 gAAAAABpVxP6bS-y... 22 - - txf893e07b18d0435dbb264-0069571411 - 0.0212 - - 1767314449.399082184 1767314449.420252085 0
Jan 01 19:40:49 np0005573202.novalocal object-server[97425]: ::1 - - [02/Jan/2026:00:40:49 +0000] "GET /3/23424/AUTH_50777162d4dc40cfb40939a08020e6ce/gnocchi.f4fd8d07-c4e7-4878-bdec-0ba774c8ffe8/none_v3" 404 70 "GET http://[::1]:8080/v1/AUTH_50777162d4dc40cfb40939a08020e6ce/gnocchi.f4fd8d07-c4e7-4878-bdec-0ba774c8ffe8/none_v3" "txbc37d714856b42f7ab232-0069571411" "proxy-server 90240" 0.0004 "-" 97425 0
Jan 01 19:40:49 np0005573202.novalocal proxy-server[90240]: ::1 ::1 02/Jan/2026/00/40/49 GET /v1/AUTH_50777162d4dc40cfb40939a08020e6ce/gnocchi.f4fd8d07-c4e7-4878-bdec-0ba774c8ffe8/none_v3 HTTP/1.0 404 - python-swiftclient-4.2.0 gAAAAABpVxQCpfSE... - 70 - txbc37d714856b42f7ab232-0069571411 - 0.0378 - - 1767314449.388615370 1767314449.426408529 0
Jan 01 19:40:49 np0005573202.novalocal iscsid[80356]: iscsid: Connection1:0 to [target: iqn.2010-10.org.openstack:volume-f3285eb9-1a53-4e47-ad2a-ca52c16f670b, portal: ::1,3260] through [iface: default] is shutdown.
Jan 01 19:40:49 np0005573202.novalocal account-server[96828]: ::1 - - [02/Jan/2026:00:40:49 +0000] "PUT /1/20297/AUTH_50777162d4dc40cfb40939a08020e6ce/gnocchi.f4fd8d07-c4e7-4878-bdec-0ba774c8ffe8" 201 - "PUT http://[::1]:6001/2/58768/AUTH_50777162d4dc40cfb40939a08020e6ce/gnocchi.f4fd8d07-c4e7-4878-bdec-0ba774c8ffe8" "txd63b62ef199f4f58b43d1-0069571411" "container-server 97119" 0.0048 "-" 96828 0
Jan 01 19:40:49 np0005573202.novalocal container-server[97119]: ::1 - - [02/Jan/2026:00:40:49 +0000] "PUT /2/58768/AUTH_50777162d4dc40cfb40939a08020e6ce/gnocchi.f4fd8d07-c4e7-4878-bdec-0ba774c8ffe8" 201 - "PUT http://[::1]:8080/v1/AUTH_50777162d4dc40cfb40939a08020e6ce/gnocchi.f4fd8d07-c4e7-4878-bdec-0ba774c8ffe8" "txd63b62ef199f4f58b43d1-0069571411" "proxy-server 90240" 0.0202 "-" 97119 0
Jan 01 19:40:49 np0005573202.novalocal account-server[96828]: ::1 - - [02/Jan/2026:00:40:49 +0000] "PUT /3/20297/AUTH_50777162d4dc40cfb40939a08020e6ce/gnocchi.f4fd8d07-c4e7-4878-bdec-0ba774c8ffe8" 201 - "PUT http://[::1]:6001/3/58768/AUTH_50777162d4dc40cfb40939a08020e6ce/gnocchi.f4fd8d07-c4e7-4878-bdec-0ba774c8ffe8" "txd63b62ef199f4f58b43d1-0069571411" "container-server 97120" 0.0041 "-" 96828 0
Jan 01 19:40:49 np0005573202.novalocal container-server[97120]: ::1 - - [02/Jan/2026:00:40:49 +0000] "PUT /3/58768/AUTH_50777162d4dc40cfb40939a08020e6ce/gnocchi.f4fd8d07-c4e7-4878-bdec-0ba774c8ffe8" 201 - "PUT http://[::1]:8080/v1/AUTH_50777162d4dc40cfb40939a08020e6ce/gnocchi.f4fd8d07-c4e7-4878-bdec-0ba774c8ffe8" "txd63b62ef199f4f58b43d1-0069571411" "proxy-server 90240" 0.0253 "-" 97120 0
Jan 01 19:40:49 np0005573202.novalocal container-server[97122]: ::1 - - [02/Jan/2026:00:40:49 +0000] "HEAD /2/47612/AUTH_50777162d4dc40cfb40939a08020e6ce/gnocchi.9efa9c84-3a7e-488f-8300-1a699891ea8a" 404 - "HEAD http://[::1]:8080/v1/AUTH_50777162d4dc40cfb40939a08020e6ce/gnocchi.9efa9c84-3a7e-488f-8300-1a699891ea8a?format=json&states=listing" "tx5e5bc2c3a2d14a0e968e0-0069571411" "proxy-server 90240" 0.0006 "-" 97122 0
Jan 01 19:40:49 np0005573202.novalocal account-server[96828]: ::1 - - [02/Jan/2026:00:40:49 +0000] "PUT /2/20297/AUTH_50777162d4dc40cfb40939a08020e6ce/gnocchi.f4fd8d07-c4e7-4878-bdec-0ba774c8ffe8" 201 - "PUT http://[::1]:6001/1/58768/AUTH_50777162d4dc40cfb40939a08020e6ce/gnocchi.f4fd8d07-c4e7-4878-bdec-0ba774c8ffe8" "txd63b62ef199f4f58b43d1-0069571411" "container-server 97121" 0.0037 "-" 96828 0
Jan 01 19:40:49 np0005573202.novalocal container-server[97121]: ::1 - - [02/Jan/2026:00:40:49 +0000] "PUT /1/58768/AUTH_50777162d4dc40cfb40939a08020e6ce/gnocchi.f4fd8d07-c4e7-4878-bdec-0ba774c8ffe8" 201 - "PUT http://[::1]:8080/v1/AUTH_50777162d4dc40cfb40939a08020e6ce/gnocchi.f4fd8d07-c4e7-4878-bdec-0ba774c8ffe8" "txd63b62ef199f4f58b43d1-0069571411" "proxy-server 90240" 0.0307 "-" 97121 0
Jan 01 19:40:49 np0005573202.novalocal container-server[97121]: ::1 - - [02/Jan/2026:00:40:49 +0000] "HEAD /1/47612/AUTH_50777162d4dc40cfb40939a08020e6ce/gnocchi.9efa9c84-3a7e-488f-8300-1a699891ea8a" 404 - "HEAD http://[::1]:8080/v1/AUTH_50777162d4dc40cfb40939a08020e6ce/gnocchi.9efa9c84-3a7e-488f-8300-1a699891ea8a?format=json&states=listing" "tx5e5bc2c3a2d14a0e968e0-0069571411" "proxy-server 90240" 0.0005 "-" 97121 0
Jan 01 19:40:49 np0005573202.novalocal proxy-server[90240]: ::1 ::1 02/Jan/2026/00/40/49 PUT /v1/AUTH_50777162d4dc40cfb40939a08020e6ce/gnocchi.f4fd8d07-c4e7-4878-bdec-0ba774c8ffe8 HTTP/1.0 201 - python-swiftclient-4.2.0 gAAAAABpVxQCpfSE... - - - txd63b62ef199f4f58b43d1-0069571411 - 0.0404 - - 1767314449.430619240 1767314449.471049786 0
Jan 01 19:40:49 np0005573202.novalocal container-server[97121]: ::1 - - [02/Jan/2026:00:40:49 +0000] "HEAD /3/47612/AUTH_50777162d4dc40cfb40939a08020e6ce/gnocchi.9efa9c84-3a7e-488f-8300-1a699891ea8a" 404 - "HEAD http://[::1]:8080/v1/AUTH_50777162d4dc40cfb40939a08020e6ce/gnocchi.9efa9c84-3a7e-488f-8300-1a699891ea8a?format=json&states=listing" "tx5e5bc2c3a2d14a0e968e0-0069571411" "proxy-server 90240" 0.0005 "-" 97121 0
Jan 01 19:40:49 np0005573202.novalocal container-server[97121]: ::1 - - [02/Jan/2026:00:40:49 +0000] "HEAD /1/58768/AUTH_50777162d4dc40cfb40939a08020e6ce/gnocchi.f4fd8d07-c4e7-4878-bdec-0ba774c8ffe8" 204 - "HEAD http://[::1]:8080/v1/AUTH_50777162d4dc40cfb40939a08020e6ce/gnocchi.f4fd8d07-c4e7-4878-bdec-0ba774c8ffe8?format=json&states=listing" "tx586a576c67934896b9e25-0069571411" "proxy-server 90240" 0.0019 "-" 97121 0
Jan 01 19:40:49 np0005573202.novalocal object-server[97425]: ::1 - - [02/Jan/2026:00:40:49 +0000] "GET /2/4184/AUTH_50777162d4dc40cfb40939a08020e6ce/gnocchi.9efa9c84-3a7e-488f-8300-1a699891ea8a/none_v3" 404 70 "GET http://[::1]:8080/v1/AUTH_50777162d4dc40cfb40939a08020e6ce/gnocchi.9efa9c84-3a7e-488f-8300-1a699891ea8a/none_v3" "tx5e5bc2c3a2d14a0e968e0-0069571411" "proxy-server 90240" 0.0007 "-" 97425 0
Jan 01 19:40:49 np0005573202.novalocal container-server[97120]: ::1 - - [02/Jan/2026:00:40:49 +0000] "GET /1/58768/AUTH_50777162d4dc40cfb40939a08020e6ce/gnocchi.f4fd8d07-c4e7-4878-bdec-0ba774c8ffe8" 200 2 "GET http://[::1]:8080/v1/AUTH_50777162d4dc40cfb40939a08020e6ce/gnocchi.f4fd8d07-c4e7-4878-bdec-0ba774c8ffe8?format=json&states=listing" "tx586a576c67934896b9e25-0069571411" "proxy-server 90240" 0.0020 "-" 97120 0
Jan 01 19:40:49 np0005573202.novalocal object-server[97423]: ::1 - - [02/Jan/2026:00:40:49 +0000] "GET /1/4184/AUTH_50777162d4dc40cfb40939a08020e6ce/gnocchi.9efa9c84-3a7e-488f-8300-1a699891ea8a/none_v3" 404 70 "GET http://[::1]:8080/v1/AUTH_50777162d4dc40cfb40939a08020e6ce/gnocchi.9efa9c84-3a7e-488f-8300-1a699891ea8a/none_v3" "tx5e5bc2c3a2d14a0e968e0-0069571411" "proxy-server 90240" 0.0004 "-" 97423 0
Jan 01 19:40:49 np0005573202.novalocal proxy-server[90240]: ::1 ::1 02/Jan/2026/00/40/49 GET /v1/AUTH_50777162d4dc40cfb40939a08020e6ce/gnocchi.f4fd8d07-c4e7-4878-bdec-0ba774c8ffe8%3Fformat%3Djson%26states%3Dlisting HTTP/1.0 200 - python-swiftclient-4.2.0 gAAAAABpVxQCpfSE... - 2 - tx586a576c67934896b9e25-0069571411 - 0.0172 - - 1767314449.482371807 1767314449.499532461 0
Jan 01 19:40:49 np0005573202.novalocal object-server[97424]: ::1 - - [02/Jan/2026:00:40:49 +0000] "GET /3/4184/AUTH_50777162d4dc40cfb40939a08020e6ce/gnocchi.9efa9c84-3a7e-488f-8300-1a699891ea8a/none_v3" 404 70 "GET http://[::1]:8080/v1/AUTH_50777162d4dc40cfb40939a08020e6ce/gnocchi.9efa9c84-3a7e-488f-8300-1a699891ea8a/none_v3" "tx5e5bc2c3a2d14a0e968e0-0069571411" "proxy-server 90240" 0.0003 "-" 97424 0
Jan 01 19:40:49 np0005573202.novalocal proxy-server[90240]: ::1 ::1 02/Jan/2026/00/40/49 GET /v1/AUTH_50777162d4dc40cfb40939a08020e6ce/gnocchi.9efa9c84-3a7e-488f-8300-1a699891ea8a/none_v3 HTTP/1.0 404 - python-swiftclient-4.2.0 gAAAAABpVxP6bS-y... - 70 - tx5e5bc2c3a2d14a0e968e0-0069571411 - 0.0416 - - 1767314449.462337494 1767314449.503944159 0
Jan 01 19:40:49 np0005573202.novalocal object-server[97424]: ::1 - - [02/Jan/2026:00:40:49 +0000] "GET /1/134863/AUTH_50777162d4dc40cfb40939a08020e6ce/gnocchi.f4fd8d07-c4e7-4878-bdec-0ba774c8ffe8/1766880000.0_mean_300.0_v3" 404 70 "GET http://[::1]:8080/v1/AUTH_50777162d4dc40cfb40939a08020e6ce/gnocchi.f4fd8d07-c4e7-4878-bdec-0ba774c8ffe8/1766880000.0_mean_300.0_v3" "txb151e0a0635546c3910dd-0069571411" "proxy-server 90240" 0.0004 "-" 97424 0
Jan 01 19:40:49 np0005573202.novalocal object-server[97423]: ::1 - - [02/Jan/2026:00:40:49 +0000] "GET /2/134863/AUTH_50777162d4dc40cfb40939a08020e6ce/gnocchi.f4fd8d07-c4e7-4878-bdec-0ba774c8ffe8/1766880000.0_mean_300.0_v3" 404 70 "GET http://[::1]:8080/v1/AUTH_50777162d4dc40cfb40939a08020e6ce/gnocchi.f4fd8d07-c4e7-4878-bdec-0ba774c8ffe8/1766880000.0_mean_300.0_v3" "txb151e0a0635546c3910dd-0069571411" "proxy-server 90240" 0.0004 "-" 97423 0
Jan 01 19:40:49 np0005573202.novalocal account-server[96829]: ::1 - - [02/Jan/2026:00:40:49 +0000] "PUT /2/20297/AUTH_50777162d4dc40cfb40939a08020e6ce/gnocchi.9efa9c84-3a7e-488f-8300-1a699891ea8a" 201 - "PUT http://[::1]:6001/1/47612/AUTH_50777162d4dc40cfb40939a08020e6ce/gnocchi.9efa9c84-3a7e-488f-8300-1a699891ea8a" "txfe973e1da24746b3a3392-0069571411" "container-server 97120" 0.0056 "-" 96829 0
Jan 01 19:40:49 np0005573202.novalocal object-server[97425]: ::1 - - [02/Jan/2026:00:40:49 +0000] "GET /3/134863/AUTH_50777162d4dc40cfb40939a08020e6ce/gnocchi.f4fd8d07-c4e7-4878-bdec-0ba774c8ffe8/1766880000.0_mean_300.0_v3" 404 70 "GET http://[::1]:8080/v1/AUTH_50777162d4dc40cfb40939a08020e6ce/gnocchi.f4fd8d07-c4e7-4878-bdec-0ba774c8ffe8/1766880000.0_mean_300.0_v3" "txb151e0a0635546c3910dd-0069571411" "proxy-server 90240" 0.0019 "-" 97425 0
Jan 01 19:40:49 np0005573202.novalocal container-server[97120]: ::1 - - [02/Jan/2026:00:40:49 +0000] "PUT /1/47612/AUTH_50777162d4dc40cfb40939a08020e6ce/gnocchi.9efa9c84-3a7e-488f-8300-1a699891ea8a" 201 - "PUT http://[::1]:8080/v1/AUTH_50777162d4dc40cfb40939a08020e6ce/gnocchi.9efa9c84-3a7e-488f-8300-1a699891ea8a" "txfe973e1da24746b3a3392-0069571411" "proxy-server 90240" 0.0163 "-" 97120 0
Jan 01 19:40:49 np0005573202.novalocal proxy-server[90240]: ::1 ::1 02/Jan/2026/00/40/49 GET /v1/AUTH_50777162d4dc40cfb40939a08020e6ce/gnocchi.f4fd8d07-c4e7-4878-bdec-0ba774c8ffe8/1766880000.0_mean_300.0_v3 HTTP/1.0 404 - python-swiftclient-4.2.0 gAAAAABpVxQCpfSE... - 70 - txb151e0a0635546c3910dd-0069571411 - 0.0248 - - 1767314449.506757021 1767314449.531508684 0
Jan 01 19:40:49 np0005573202.novalocal account-server[96829]: ::1 - - [02/Jan/2026:00:40:49 +0000] "PUT /1/20297/AUTH_50777162d4dc40cfb40939a08020e6ce/gnocchi.9efa9c84-3a7e-488f-8300-1a699891ea8a" 201 - "PUT http://[::1]:6001/2/47612/AUTH_50777162d4dc40cfb40939a08020e6ce/gnocchi.9efa9c84-3a7e-488f-8300-1a699891ea8a" "txfe973e1da24746b3a3392-0069571411" "container-server 97121" 0.0045 "-" 96829 0
Jan 01 19:40:49 np0005573202.novalocal container-server[97121]: ::1 - - [02/Jan/2026:00:40:49 +0000] "PUT /2/47612/AUTH_50777162d4dc40cfb40939a08020e6ce/gnocchi.9efa9c84-3a7e-488f-8300-1a699891ea8a" 201 - "PUT http://[::1]:8080/v1/AUTH_50777162d4dc40cfb40939a08020e6ce/gnocchi.9efa9c84-3a7e-488f-8300-1a699891ea8a" "txfe973e1da24746b3a3392-0069571411" "proxy-server 90240" 0.0493 "-" 97121 0
Jan 01 19:40:49 np0005573202.novalocal account-server[96828]: ::1 - - [02/Jan/2026:00:40:49 +0000] "PUT /3/20297/AUTH_50777162d4dc40cfb40939a08020e6ce/gnocchi.9efa9c84-3a7e-488f-8300-1a699891ea8a" 201 - "PUT http://[::1]:6001/3/47612/AUTH_50777162d4dc40cfb40939a08020e6ce/gnocchi.9efa9c84-3a7e-488f-8300-1a699891ea8a" "txfe973e1da24746b3a3392-0069571411" "container-server 97121" 0.0042 "-" 96828 0
Jan 01 19:40:49 np0005573202.novalocal container-server[97120]: ::1 - - [02/Jan/2026:00:40:49 +0000] "PUT /3/58768/AUTH_50777162d4dc40cfb40939a08020e6ce/gnocchi.f4fd8d07-c4e7-4878-bdec-0ba774c8ffe8/1766880000.0_mean_300.0_v3" 201 - "PUT http://[::1]:8080/1/134863/AUTH_50777162d4dc40cfb40939a08020e6ce/gnocchi.f4fd8d07-c4e7-4878-bdec-0ba774c8ffe8/1766880000.0_mean_300.0_v3" "txc16fc2036ce54b1283bd8-0069571411" "object-server 97425" 0.0006 "-" 97120 0
Jan 01 19:40:49 np0005573202.novalocal container-server[97121]: ::1 - - [02/Jan/2026:00:40:49 +0000] "PUT /3/47612/AUTH_50777162d4dc40cfb40939a08020e6ce/gnocchi.9efa9c84-3a7e-488f-8300-1a699891ea8a" 201 - "PUT http://[::1]:8080/v1/AUTH_50777162d4dc40cfb40939a08020e6ce/gnocchi.9efa9c84-3a7e-488f-8300-1a699891ea8a" "txfe973e1da24746b3a3392-0069571411" "proxy-server 90240" 0.0387 "-" 97121 0
Jan 01 19:40:49 np0005573202.novalocal container-server[97120]: ::1 - - [02/Jan/2026:00:40:49 +0000] "PUT /2/58768/AUTH_50777162d4dc40cfb40939a08020e6ce/gnocchi.f4fd8d07-c4e7-4878-bdec-0ba774c8ffe8/1766880000.0_mean_300.0_v3" 201 - "PUT http://[::1]:8080/2/134863/AUTH_50777162d4dc40cfb40939a08020e6ce/gnocchi.f4fd8d07-c4e7-4878-bdec-0ba774c8ffe8/1766880000.0_mean_300.0_v3" "txc16fc2036ce54b1283bd8-0069571411" "object-server 97426" 0.0003 "-" 97120 0
Jan 01 19:40:49 np0005573202.novalocal container-server[97119]: ::1 - - [02/Jan/2026:00:40:49 +0000] "PUT /1/58768/AUTH_50777162d4dc40cfb40939a08020e6ce/gnocchi.f4fd8d07-c4e7-4878-bdec-0ba774c8ffe8/1766880000.0_mean_300.0_v3" 201 - "PUT http://[::1]:8080/3/134863/AUTH_50777162d4dc40cfb40939a08020e6ce/gnocchi.f4fd8d07-c4e7-4878-bdec-0ba774c8ffe8/1766880000.0_mean_300.0_v3" "txc16fc2036ce54b1283bd8-0069571411" "object-server 97424" 0.0012 "-" 97119 0
Jan 01 19:40:49 np0005573202.novalocal object-server[97425]: ::1 - - [02/Jan/2026:00:40:49 +0000] "PUT /1/134863/AUTH_50777162d4dc40cfb40939a08020e6ce/gnocchi.f4fd8d07-c4e7-4878-bdec-0ba774c8ffe8/1766880000.0_mean_300.0_v3" 201 - "PUT http://[::1]:8080/v1/AUTH_50777162d4dc40cfb40939a08020e6ce/gnocchi.f4fd8d07-c4e7-4878-bdec-0ba774c8ffe8/1766880000.0_mean_300.0_v3" "txc16fc2036ce54b1283bd8-0069571411" "proxy-server 90240" 0.0281 "-" 97425 0
Jan 01 19:40:49 np0005573202.novalocal object-server[97426]: ::1 - - [02/Jan/2026:00:40:49 +0000] "PUT /2/134863/AUTH_50777162d4dc40cfb40939a08020e6ce/gnocchi.f4fd8d07-c4e7-4878-bdec-0ba774c8ffe8/1766880000.0_mean_300.0_v3" 201 - "PUT http://[::1]:8080/v1/AUTH_50777162d4dc40cfb40939a08020e6ce/gnocchi.f4fd8d07-c4e7-4878-bdec-0ba774c8ffe8/1766880000.0_mean_300.0_v3" "txc16fc2036ce54b1283bd8-0069571411" "proxy-server 90240" 0.0307 "-" 97426 0
Jan 01 19:40:49 np0005573202.novalocal proxy-server[90240]: ::1 ::1 02/Jan/2026/00/40/49 PUT /v1/AUTH_50777162d4dc40cfb40939a08020e6ce/gnocchi.9efa9c84-3a7e-488f-8300-1a699891ea8a HTTP/1.0 201 - python-swiftclient-4.2.0 gAAAAABpVxP6bS-y... - - - txfe973e1da24746b3a3392-0069571411 - 0.0691 - - 1767314449.506370544 1767314449.575520277 0
Jan 01 19:40:49 np0005573202.novalocal object-server[97424]: ::1 - - [02/Jan/2026:00:40:49 +0000] "PUT /3/134863/AUTH_50777162d4dc40cfb40939a08020e6ce/gnocchi.f4fd8d07-c4e7-4878-bdec-0ba774c8ffe8/1766880000.0_mean_300.0_v3" 201 - "PUT http://[::1]:8080/v1/AUTH_50777162d4dc40cfb40939a08020e6ce/gnocchi.f4fd8d07-c4e7-4878-bdec-0ba774c8ffe8/1766880000.0_mean_300.0_v3" "txc16fc2036ce54b1283bd8-0069571411" "proxy-server 90240" 0.0314 "-" 97424 0
Jan 01 19:40:49 np0005573202.novalocal proxy-server[90240]: ::1 ::1 02/Jan/2026/00/40/49 PUT /v1/AUTH_50777162d4dc40cfb40939a08020e6ce/gnocchi.f4fd8d07-c4e7-4878-bdec-0ba774c8ffe8/1766880000.0_mean_300.0_v3 HTTP/1.0 201 - python-swiftclient-4.2.0 gAAAAABpVxQCpfSE... 16 - - txc16fc2036ce54b1283bd8-0069571411 - 0.0404 - - 1767314449.537775278 1767314449.578126669 0
Jan 01 19:40:49 np0005573202.novalocal container-server[97122]: ::1 - - [02/Jan/2026:00:40:49 +0000] "HEAD /2/47612/AUTH_50777162d4dc40cfb40939a08020e6ce/gnocchi.9efa9c84-3a7e-488f-8300-1a699891ea8a" 204 - "HEAD http://[::1]:8080/v1/AUTH_50777162d4dc40cfb40939a08020e6ce/gnocchi.9efa9c84-3a7e-488f-8300-1a699891ea8a?format=json&states=listing" "txdcfab4203ef1483fb46ef-0069571411" "proxy-server 90240" 0.0016 "-" 97122 0
Jan 01 19:40:49 np0005573202.novalocal container-server[97120]: ::1 - - [02/Jan/2026:00:40:49 +0000] "PUT /1/58768/AUTH_50777162d4dc40cfb40939a08020e6ce/gnocchi.f4fd8d07-c4e7-4878-bdec-0ba774c8ffe8/none_v3" 201 - "PUT http://[::1]:8080/3/23424/AUTH_50777162d4dc40cfb40939a08020e6ce/gnocchi.f4fd8d07-c4e7-4878-bdec-0ba774c8ffe8/none_v3" "txbeeeded1e1994ecbb2e41-0069571411" "object-server 97424" 0.0006 "-" 97120 0
Jan 01 19:40:49 np0005573202.novalocal object-server[97424]: ::1 - - [02/Jan/2026:00:40:49 +0000] "PUT /3/23424/AUTH_50777162d4dc40cfb40939a08020e6ce/gnocchi.f4fd8d07-c4e7-4878-bdec-0ba774c8ffe8/none_v3" 201 - "PUT http://[::1]:8080/v1/AUTH_50777162d4dc40cfb40939a08020e6ce/gnocchi.f4fd8d07-c4e7-4878-bdec-0ba774c8ffe8/none_v3" "txbeeeded1e1994ecbb2e41-0069571411" "proxy-server 90240" 0.0131 "-" 97424 0
Jan 01 19:40:49 np0005573202.novalocal container-server[97120]: ::1 - - [02/Jan/2026:00:40:49 +0000] "PUT /3/58768/AUTH_50777162d4dc40cfb40939a08020e6ce/gnocchi.f4fd8d07-c4e7-4878-bdec-0ba774c8ffe8/none_v3" 201 - "PUT http://[::1]:8080/1/23424/AUTH_50777162d4dc40cfb40939a08020e6ce/gnocchi.f4fd8d07-c4e7-4878-bdec-0ba774c8ffe8/none_v3" "txbeeeded1e1994ecbb2e41-0069571411" "object-server 97423" 0.0003 "-" 97120 0
Jan 01 19:40:49 np0005573202.novalocal object-server[97423]: ::1 - - [02/Jan/2026:00:40:49 +0000] "PUT /1/23424/AUTH_50777162d4dc40cfb40939a08020e6ce/gnocchi.f4fd8d07-c4e7-4878-bdec-0ba774c8ffe8/none_v3" 201 - "PUT http://[::1]:8080/v1/AUTH_50777162d4dc40cfb40939a08020e6ce/gnocchi.f4fd8d07-c4e7-4878-bdec-0ba774c8ffe8/none_v3" "txbeeeded1e1994ecbb2e41-0069571411" "proxy-server 90240" 0.0127 "-" 97423 0
Jan 01 19:40:49 np0005573202.novalocal container-server[97122]: ::1 - - [02/Jan/2026:00:40:49 +0000] "GET /2/47612/AUTH_50777162d4dc40cfb40939a08020e6ce/gnocchi.9efa9c84-3a7e-488f-8300-1a699891ea8a" 200 2 "GET http://[::1]:8080/v1/AUTH_50777162d4dc40cfb40939a08020e6ce/gnocchi.9efa9c84-3a7e-488f-8300-1a699891ea8a?format=json&states=listing" "txdcfab4203ef1483fb46ef-0069571411" "proxy-server 90240" 0.0026 "-" 97122 0
Jan 01 19:40:49 np0005573202.novalocal proxy-server[90240]: ::1 ::1 02/Jan/2026/00/40/49 GET /v1/AUTH_50777162d4dc40cfb40939a08020e6ce/gnocchi.9efa9c84-3a7e-488f-8300-1a699891ea8a%3Fformat%3Djson%26states%3Dlisting HTTP/1.0 200 - python-swiftclient-4.2.0 gAAAAABpVxP6bS-y... - 2 - txdcfab4203ef1483fb46ef-0069571411 - 0.0268 - - 1767314449.579169273 1767314449.605984926 0
Jan 01 19:40:49 np0005573202.novalocal container-server[97121]: ::1 - - [02/Jan/2026:00:40:49 +0000] "PUT /2/58768/AUTH_50777162d4dc40cfb40939a08020e6ce/gnocchi.f4fd8d07-c4e7-4878-bdec-0ba774c8ffe8/none_v3" 201 - "PUT http://[::1]:8080/2/23424/AUTH_50777162d4dc40cfb40939a08020e6ce/gnocchi.f4fd8d07-c4e7-4878-bdec-0ba774c8ffe8/none_v3" "txbeeeded1e1994ecbb2e41-0069571411" "object-server 97426" 0.0006 "-" 97121 0
Jan 01 19:40:49 np0005573202.novalocal object-server[97426]: ::1 - - [02/Jan/2026:00:40:49 +0000] "PUT /2/23424/AUTH_50777162d4dc40cfb40939a08020e6ce/gnocchi.f4fd8d07-c4e7-4878-bdec-0ba774c8ffe8/none_v3" 201 - "PUT http://[::1]:8080/v1/AUTH_50777162d4dc40cfb40939a08020e6ce/gnocchi.f4fd8d07-c4e7-4878-bdec-0ba774c8ffe8/none_v3" "txbeeeded1e1994ecbb2e41-0069571411" "proxy-server 90240" 0.0182 "-" 97426 0
Jan 01 19:40:49 np0005573202.novalocal proxy-server[90240]: ::1 ::1 02/Jan/2026/00/40/49 PUT /v1/AUTH_50777162d4dc40cfb40939a08020e6ce/gnocchi.f4fd8d07-c4e7-4878-bdec-0ba774c8ffe8/none_v3 HTTP/1.0 201 - python-swiftclient-4.2.0 gAAAAABpVxQCpfSE... 22 - - txbeeeded1e1994ecbb2e41-0069571411 - 0.0270 - - 1767314449.581799984 1767314449.608753920 0
Jan 01 19:40:49 np0005573202.novalocal object-server[97424]: ::1 - - [02/Jan/2026:00:40:49 +0000] "GET /2/233804/AUTH_50777162d4dc40cfb40939a08020e6ce/gnocchi.9efa9c84-3a7e-488f-8300-1a699891ea8a/1766880000.0_mean_300.0_v3" 404 70 "GET http://[::1]:8080/v1/AUTH_50777162d4dc40cfb40939a08020e6ce/gnocchi.9efa9c84-3a7e-488f-8300-1a699891ea8a/1766880000.0_mean_300.0_v3" "txcc2680aacfe34ec6ba0d4-0069571411" "proxy-server 90240" 0.0004 "-" 97424 0
Jan 01 19:40:49 np0005573202.novalocal object-server[97424]: ::1 - - [02/Jan/2026:00:40:49 +0000] "GET /1/233804/AUTH_50777162d4dc40cfb40939a08020e6ce/gnocchi.9efa9c84-3a7e-488f-8300-1a699891ea8a/1766880000.0_mean_300.0_v3" 404 70 "GET http://[::1]:8080/v1/AUTH_50777162d4dc40cfb40939a08020e6ce/gnocchi.9efa9c84-3a7e-488f-8300-1a699891ea8a/1766880000.0_mean_300.0_v3" "txcc2680aacfe34ec6ba0d4-0069571411" "proxy-server 90240" 0.0001 "-" 97424 0
Jan 01 19:40:49 np0005573202.novalocal object-server[97423]: ::1 - - [02/Jan/2026:00:40:49 +0000] "GET /3/233804/AUTH_50777162d4dc40cfb40939a08020e6ce/gnocchi.9efa9c84-3a7e-488f-8300-1a699891ea8a/1766880000.0_mean_300.0_v3" 404 70 "GET http://[::1]:8080/v1/AUTH_50777162d4dc40cfb40939a08020e6ce/gnocchi.9efa9c84-3a7e-488f-8300-1a699891ea8a/1766880000.0_mean_300.0_v3" "txcc2680aacfe34ec6ba0d4-0069571411" "proxy-server 90240" 0.0003 "-" 97423 0
Jan 01 19:40:49 np0005573202.novalocal proxy-server[90240]: ::1 ::1 02/Jan/2026/00/40/49 GET /v1/AUTH_50777162d4dc40cfb40939a08020e6ce/gnocchi.9efa9c84-3a7e-488f-8300-1a699891ea8a/1766880000.0_mean_300.0_v3 HTTP/1.0 404 - python-swiftclient-4.2.0 gAAAAABpVxP6bS-y... - 70 - txcc2680aacfe34ec6ba0d4-0069571411 - 0.0125 - - 1767314449.609927177 1767314449.622390032 0
Jan 01 19:40:49 np0005573202.novalocal container-server[97119]: ::1 - - [02/Jan/2026:00:40:49 +0000] "PUT /1/47612/AUTH_50777162d4dc40cfb40939a08020e6ce/gnocchi.9efa9c84-3a7e-488f-8300-1a699891ea8a/1766880000.0_mean_300.0_v3" 201 - "PUT http://[::1]:8080/1/233804/AUTH_50777162d4dc40cfb40939a08020e6ce/gnocchi.9efa9c84-3a7e-488f-8300-1a699891ea8a/1766880000.0_mean_300.0_v3" "txc4f0580c646c4254ba13f-0069571411" "object-server 97424" 0.0010 "-" 97119 0
Jan 01 19:40:49 np0005573202.novalocal object-server[97424]: ::1 - - [02/Jan/2026:00:40:49 +0000] "PUT /1/233804/AUTH_50777162d4dc40cfb40939a08020e6ce/gnocchi.9efa9c84-3a7e-488f-8300-1a699891ea8a/1766880000.0_mean_300.0_v3" 201 - "PUT http://[::1]:8080/v1/AUTH_50777162d4dc40cfb40939a08020e6ce/gnocchi.9efa9c84-3a7e-488f-8300-1a699891ea8a/1766880000.0_mean_300.0_v3" "txc4f0580c646c4254ba13f-0069571411" "proxy-server 90240" 0.0120 "-" 97424 0
Jan 01 19:40:49 np0005573202.novalocal container-server[97119]: ::1 - - [02/Jan/2026:00:40:49 +0000] "PUT /2/47612/AUTH_50777162d4dc40cfb40939a08020e6ce/gnocchi.9efa9c84-3a7e-488f-8300-1a699891ea8a/1766880000.0_mean_300.0_v3" 201 - "PUT http://[::1]:8080/3/233804/AUTH_50777162d4dc40cfb40939a08020e6ce/gnocchi.9efa9c84-3a7e-488f-8300-1a699891ea8a/1766880000.0_mean_300.0_v3" "txc4f0580c646c4254ba13f-0069571411" "object-server 97426" 0.0009 "-" 97119 0
Jan 01 19:40:49 np0005573202.novalocal container-server[97120]: ::1 - - [02/Jan/2026:00:40:49 +0000] "PUT /3/47612/AUTH_50777162d4dc40cfb40939a08020e6ce/gnocchi.9efa9c84-3a7e-488f-8300-1a699891ea8a/1766880000.0_mean_300.0_v3" 201 - "PUT http://[::1]:8080/2/233804/AUTH_50777162d4dc40cfb40939a08020e6ce/gnocchi.9efa9c84-3a7e-488f-8300-1a699891ea8a/1766880000.0_mean_300.0_v3" "txc4f0580c646c4254ba13f-0069571411" "object-server 97426" 0.0005 "-" 97120 0
Jan 01 19:40:49 np0005573202.novalocal object-server[97426]: ::1 - - [02/Jan/2026:00:40:49 +0000] "PUT /3/233804/AUTH_50777162d4dc40cfb40939a08020e6ce/gnocchi.9efa9c84-3a7e-488f-8300-1a699891ea8a/1766880000.0_mean_300.0_v3" 201 - "PUT http://[::1]:8080/v1/AUTH_50777162d4dc40cfb40939a08020e6ce/gnocchi.9efa9c84-3a7e-488f-8300-1a699891ea8a/1766880000.0_mean_300.0_v3" "txc4f0580c646c4254ba13f-0069571411" "proxy-server 90240" 0.0160 "-" 97426 0
Jan 01 19:40:49 np0005573202.novalocal object-server[97426]: ::1 - - [02/Jan/2026:00:40:49 +0000] "PUT /2/233804/AUTH_50777162d4dc40cfb40939a08020e6ce/gnocchi.9efa9c84-3a7e-488f-8300-1a699891ea8a/1766880000.0_mean_300.0_v3" 201 - "PUT http://[::1]:8080/v1/AUTH_50777162d4dc40cfb40939a08020e6ce/gnocchi.9efa9c84-3a7e-488f-8300-1a699891ea8a/1766880000.0_mean_300.0_v3" "txc4f0580c646c4254ba13f-0069571411" "proxy-server 90240" 0.0155 "-" 97426 0
Jan 01 19:40:49 np0005573202.novalocal proxy-server[90240]: ::1 ::1 02/Jan/2026/00/40/49 PUT /v1/AUTH_50777162d4dc40cfb40939a08020e6ce/gnocchi.9efa9c84-3a7e-488f-8300-1a699891ea8a/1766880000.0_mean_300.0_v3 HTTP/1.0 201 - python-swiftclient-4.2.0 gAAAAABpVxP6bS-y... 16 - - txc4f0580c646c4254ba13f-0069571411 - 0.0231 - - 1767314449.625023842 1767314449.648161173 0
Jan 01 19:40:49 np0005573202.novalocal container-server[97121]: ::1 - - [02/Jan/2026:00:40:49 +0000] "PUT /3/47612/AUTH_50777162d4dc40cfb40939a08020e6ce/gnocchi.9efa9c84-3a7e-488f-8300-1a699891ea8a/none_v3" 201 - "PUT http://[::1]:8080/3/4184/AUTH_50777162d4dc40cfb40939a08020e6ce/gnocchi.9efa9c84-3a7e-488f-8300-1a699891ea8a/none_v3" "txa1295ad59f634acbbb16f-0069571411" "object-server 97426" 0.0007 "-" 97121 0
Jan 01 19:40:49 np0005573202.novalocal container-server[97119]: ::1 - - [02/Jan/2026:00:40:49 +0000] "PUT /2/47612/AUTH_50777162d4dc40cfb40939a08020e6ce/gnocchi.9efa9c84-3a7e-488f-8300-1a699891ea8a/none_v3" 201 - "PUT http://[::1]:8080/2/4184/AUTH_50777162d4dc40cfb40939a08020e6ce/gnocchi.9efa9c84-3a7e-488f-8300-1a699891ea8a/none_v3" "txa1295ad59f634acbbb16f-0069571411" "object-server 97423" 0.0016 "-" 97119 0
Jan 01 19:40:49 np0005573202.novalocal object-server[97426]: ::1 - - [02/Jan/2026:00:40:49 +0000] "PUT /3/4184/AUTH_50777162d4dc40cfb40939a08020e6ce/gnocchi.9efa9c84-3a7e-488f-8300-1a699891ea8a/none_v3" 201 - "PUT http://[::1]:8080/v1/AUTH_50777162d4dc40cfb40939a08020e6ce/gnocchi.9efa9c84-3a7e-488f-8300-1a699891ea8a/none_v3" "txa1295ad59f634acbbb16f-0069571411" "proxy-server 90240" 0.0110 "-" 97426 0
Jan 01 19:40:49 np0005573202.novalocal object-server[97423]: ::1 - - [02/Jan/2026:00:40:49 +0000] "PUT /2/4184/AUTH_50777162d4dc40cfb40939a08020e6ce/gnocchi.9efa9c84-3a7e-488f-8300-1a699891ea8a/none_v3" 201 - "PUT http://[::1]:8080/v1/AUTH_50777162d4dc40cfb40939a08020e6ce/gnocchi.9efa9c84-3a7e-488f-8300-1a699891ea8a/none_v3" "txa1295ad59f634acbbb16f-0069571411" "proxy-server 90240" 0.0154 "-" 97423 0
Jan 01 19:40:49 np0005573202.novalocal container-server[97119]: ::1 - - [02/Jan/2026:00:40:49 +0000] "PUT /1/47612/AUTH_50777162d4dc40cfb40939a08020e6ce/gnocchi.9efa9c84-3a7e-488f-8300-1a699891ea8a/none_v3" 201 - "PUT http://[::1]:8080/1/4184/AUTH_50777162d4dc40cfb40939a08020e6ce/gnocchi.9efa9c84-3a7e-488f-8300-1a699891ea8a/none_v3" "txa1295ad59f634acbbb16f-0069571411" "object-server 97424" 0.0006 "-" 97119 0
Jan 01 19:40:49 np0005573202.novalocal object-server[97424]: ::1 - - [02/Jan/2026:00:40:49 +0000] "PUT /1/4184/AUTH_50777162d4dc40cfb40939a08020e6ce/gnocchi.9efa9c84-3a7e-488f-8300-1a699891ea8a/none_v3" 201 - "PUT http://[::1]:8080/v1/AUTH_50777162d4dc40cfb40939a08020e6ce/gnocchi.9efa9c84-3a7e-488f-8300-1a699891ea8a/none_v3" "txa1295ad59f634acbbb16f-0069571411" "proxy-server 90240" 0.0166 "-" 97424 0
Jan 01 19:40:49 np0005573202.novalocal proxy-server[90240]: ::1 ::1 02/Jan/2026/00/40/49 PUT /v1/AUTH_50777162d4dc40cfb40939a08020e6ce/gnocchi.9efa9c84-3a7e-488f-8300-1a699891ea8a/none_v3 HTTP/1.0 201 - python-swiftclient-4.2.0 gAAAAABpVxP6bS-y... 22 - - txa1295ad59f634acbbb16f-0069571411 - 0.0253 - - 1767314449.650519371 1767314449.675814867 0
Jan 01 19:40:50 np0005573202.novalocal sudo[104690]: neutron : PWD=/ ; USER=root ; COMMAND=/usr/bin/neutron-rootwrap /etc/neutron/rootwrap.conf privsep-helper --config-file /usr/share/neutron/neutron-dist.conf --config-file /etc/neutron/neutron.conf --config-file /etc/neutron/dhcp_agent.ini --config-dir /etc/neutron/conf.d/neutron-dhcp-agent --privsep_context neutron.privileged.dhcp_release_cmd --privsep_sock_path /tmp/tmpap9nczo1/privsep.sock
Jan 01 19:40:50 np0005573202.novalocal systemd[1]: Started Session c130 of User root.
Jan 01 19:40:50 np0005573202.novalocal sudo[104690]: pam_unix(sudo:session): session opened for user root(uid=0) by (uid=981)
Jan 01 19:40:50 np0005573202.novalocal object-server[97424]: ::1 - - [02/Jan/2026:00:40:50 +0000] "GET /3/215494/AUTH_50777162d4dc40cfb40939a08020e6ce/gnocchi.85995f1e-271e-4a6f-b41e-550525de8b61/none_v3" 200 45 "GET http://[::1]:8080/v1/AUTH_50777162d4dc40cfb40939a08020e6ce/gnocchi.85995f1e-271e-4a6f-b41e-550525de8b61/none_v3" "tx0ed6df2e8dad4dceb09c0-0069571412" "proxy-server 90240" 0.0014 "-" 97424 0
Jan 01 19:40:50 np0005573202.novalocal proxy-server[90240]: ::1 ::1 02/Jan/2026/00/40/50 GET /v1/AUTH_50777162d4dc40cfb40939a08020e6ce/gnocchi.85995f1e-271e-4a6f-b41e-550525de8b61/none_v3 HTTP/1.0 200 - python-swiftclient-4.2.0 gAAAAABpVxP6bS-y... - 45 - tx0ed6df2e8dad4dceb09c0-0069571412 - 0.0090 - - 1767314450.348664522 1767314450.357682228 0
Jan 01 19:40:50 np0005573202.novalocal sudo[104696]: cinder : PWD=/ ; USER=root ; COMMAND=/usr/bin/cinder-rootwrap /etc/cinder/rootwrap.conf cinder-rtstool delete-initiator iqn.2010-10.org.openstack:volume-f3285eb9-1a53-4e47-ad2a-ca52c16f670b iqn.1994-05.com.redhat:d8bda3dde133
Jan 01 19:40:50 np0005573202.novalocal container-server[97120]: ::1 - - [02/Jan/2026:00:40:50 +0000] "GET /2/211736/AUTH_50777162d4dc40cfb40939a08020e6ce/gnocchi.85995f1e-271e-4a6f-b41e-550525de8b61" 200 357 "GET http://[::1]:8080/v1/AUTH_50777162d4dc40cfb40939a08020e6ce/gnocchi.85995f1e-271e-4a6f-b41e-550525de8b61?format=json&states=listing" "tx878dd187e5c449a7b5a50-0069571412" "proxy-server 90240" 0.0027 "-" 97120 0
Jan 01 19:40:50 np0005573202.novalocal proxy-server[90240]: ::1 ::1 02/Jan/2026/00/40/50 GET /v1/AUTH_50777162d4dc40cfb40939a08020e6ce/gnocchi.85995f1e-271e-4a6f-b41e-550525de8b61%3Fformat%3Djson%26states%3Dlisting HTTP/1.0 200 - python-swiftclient-4.2.0 gAAAAABpVxP6bS-y... - 357 - tx878dd187e5c449a7b5a50-0069571412 - 0.0121 - - 1767314450.361353874 1767314450.373464108 0
Jan 01 19:40:50 np0005573202.novalocal container-server[97121]: ::1 - - [02/Jan/2026:00:40:50 +0000] "GET /3/211736/AUTH_50777162d4dc40cfb40939a08020e6ce/gnocchi.85995f1e-271e-4a6f-b41e-550525de8b61" 200 2 "GET http://[::1]:8080/v1/AUTH_50777162d4dc40cfb40939a08020e6ce/gnocchi.85995f1e-271e-4a6f-b41e-550525de8b61?format=json&marker=none_v3&states=listing" "tx807bc154ccca4223aab91-0069571412" "proxy-server 90240" 0.0023 "-" 97121 0
Jan 01 19:40:50 np0005573202.novalocal proxy-server[90240]: ::1 ::1 02/Jan/2026/00/40/50 GET /v1/AUTH_50777162d4dc40cfb40939a08020e6ce/gnocchi.85995f1e-271e-4a6f-b41e-550525de8b61%3Fformat%3Djson%26marker%3Dnone_v3%26states%3Dlisting HTTP/1.0 200 - python-swiftclient-4.2.0 gAAAAABpVxP6bS-y... - 2 - tx807bc154ccca4223aab91-0069571412 - 0.0082 - - 1767314450.377132893 1767314450.385350943 0
Jan 01 19:40:50 np0005573202.novalocal systemd[1]: Started Session c131 of User root.
Jan 01 19:40:50 np0005573202.novalocal sudo[104696]: pam_unix(sudo:session): session opened for user root(uid=0) by (uid=165)
Jan 01 19:40:50 np0005573202.novalocal object-server[97423]: ::1 - - [02/Jan/2026:00:40:50 +0000] "GET /2/127790/AUTH_50777162d4dc40cfb40939a08020e6ce/gnocchi.85995f1e-271e-4a6f-b41e-550525de8b61/1766880000.0_mean_300.0_v3" 200 16 "GET http://[::1]:8080/v1/AUTH_50777162d4dc40cfb40939a08020e6ce/gnocchi.85995f1e-271e-4a6f-b41e-550525de8b61/1766880000.0_mean_300.0_v3" "tx54e51f2bc4b642acb70d8-0069571412" "proxy-server 90240" 0.0008 "-" 97423 0
Jan 01 19:40:50 np0005573202.novalocal proxy-server[90240]: ::1 ::1 02/Jan/2026/00/40/50 GET /v1/AUTH_50777162d4dc40cfb40939a08020e6ce/gnocchi.85995f1e-271e-4a6f-b41e-550525de8b61/1766880000.0_mean_300.0_v3 HTTP/1.0 200 - python-swiftclient-4.2.0 gAAAAABpVxP6bS-y... - 16 - tx54e51f2bc4b642acb70d8-0069571412 - 0.0085 - - 1767314450.389867306 1767314450.398356199 0
Jan 01 19:40:50 np0005573202.novalocal container-server[97119]: ::1 - - [02/Jan/2026:00:40:50 +0000] "PUT /3/211736/AUTH_50777162d4dc40cfb40939a08020e6ce/gnocchi.85995f1e-271e-4a6f-b41e-550525de8b61/1766880000.0_mean_300.0_v3" 201 - "PUT http://[::1]:8080/3/127790/AUTH_50777162d4dc40cfb40939a08020e6ce/gnocchi.85995f1e-271e-4a6f-b41e-550525de8b61/1766880000.0_mean_300.0_v3" "tx2c559c98f57e450abb633-0069571412" "object-server 97423" 0.0005 "-" 97119 0
Jan 01 19:40:50 np0005573202.novalocal container-server[97121]: ::1 - - [02/Jan/2026:00:40:50 +0000] "PUT /1/211736/AUTH_50777162d4dc40cfb40939a08020e6ce/gnocchi.85995f1e-271e-4a6f-b41e-550525de8b61/1766880000.0_mean_300.0_v3" 201 - "PUT http://[::1]:8080/1/127790/AUTH_50777162d4dc40cfb40939a08020e6ce/gnocchi.85995f1e-271e-4a6f-b41e-550525de8b61/1766880000.0_mean_300.0_v3" "tx2c559c98f57e450abb633-0069571412" "object-server 97426" 0.0007 "-" 97121 0
Jan 01 19:40:50 np0005573202.novalocal object-server[97426]: ::1 - - [02/Jan/2026:00:40:50 +0000] "PUT /1/127790/AUTH_50777162d4dc40cfb40939a08020e6ce/gnocchi.85995f1e-271e-4a6f-b41e-550525de8b61/1766880000.0_mean_300.0_v3" 201 - "PUT http://[::1]:8080/v1/AUTH_50777162d4dc40cfb40939a08020e6ce/gnocchi.85995f1e-271e-4a6f-b41e-550525de8b61/1766880000.0_mean_300.0_v3" "tx2c559c98f57e450abb633-0069571412" "proxy-server 90240" 0.0164 "-" 97426 0
Jan 01 19:40:50 np0005573202.novalocal container-server[97120]: ::1 - - [02/Jan/2026:00:40:50 +0000] "PUT /2/211736/AUTH_50777162d4dc40cfb40939a08020e6ce/gnocchi.85995f1e-271e-4a6f-b41e-550525de8b61/1766880000.0_mean_300.0_v3" 201 - "PUT http://[::1]:8080/2/127790/AUTH_50777162d4dc40cfb40939a08020e6ce/gnocchi.85995f1e-271e-4a6f-b41e-550525de8b61/1766880000.0_mean_300.0_v3" "tx2c559c98f57e450abb633-0069571412" "object-server 97423" 0.0006 "-" 97120 0
Jan 01 19:40:50 np0005573202.novalocal object-server[97423]: ::1 - - [02/Jan/2026:00:40:50 +0000] "PUT /3/127790/AUTH_50777162d4dc40cfb40939a08020e6ce/gnocchi.85995f1e-271e-4a6f-b41e-550525de8b61/1766880000.0_mean_300.0_v3" 201 - "PUT http://[::1]:8080/v1/AUTH_50777162d4dc40cfb40939a08020e6ce/gnocchi.85995f1e-271e-4a6f-b41e-550525de8b61/1766880000.0_mean_300.0_v3" "tx2c559c98f57e450abb633-0069571412" "proxy-server 90240" 0.0168 "-" 97423 0
Jan 01 19:40:50 np0005573202.novalocal object-server[97423]: ::1 - - [02/Jan/2026:00:40:50 +0000] "PUT /2/127790/AUTH_50777162d4dc40cfb40939a08020e6ce/gnocchi.85995f1e-271e-4a6f-b41e-550525de8b61/1766880000.0_mean_300.0_v3" 201 - "PUT http://[::1]:8080/v1/AUTH_50777162d4dc40cfb40939a08020e6ce/gnocchi.85995f1e-271e-4a6f-b41e-550525de8b61/1766880000.0_mean_300.0_v3" "tx2c559c98f57e450abb633-0069571412" "proxy-server 90240" 0.0151 "-" 97423 0
Jan 01 19:40:50 np0005573202.novalocal proxy-server[90240]: ::1 ::1 02/Jan/2026/00/40/50 PUT /v1/AUTH_50777162d4dc40cfb40939a08020e6ce/gnocchi.85995f1e-271e-4a6f-b41e-550525de8b61/1766880000.0_mean_300.0_v3 HTTP/1.0 201 - python-swiftclient-4.2.0 gAAAAABpVxP6bS-y... 16 - - tx2c559c98f57e450abb633-0069571412 - 0.0264 - - 1767314450.402519226 1767314450.428915977 0
Jan 01 19:40:50 np0005573202.novalocal container-server[97122]: ::1 - - [02/Jan/2026:00:40:50 +0000] "PUT /2/211736/AUTH_50777162d4dc40cfb40939a08020e6ce/gnocchi.85995f1e-271e-4a6f-b41e-550525de8b61/none_v3" 201 - "PUT http://[::1]:8080/3/215494/AUTH_50777162d4dc40cfb40939a08020e6ce/gnocchi.85995f1e-271e-4a6f-b41e-550525de8b61/none_v3" "txc4f6b333c29b4c938dc48-0069571412" "object-server 97423" 0.0008 "-" 97122 0
Jan 01 19:40:50 np0005573202.novalocal object-server[97423]: ::1 - - [02/Jan/2026:00:40:50 +0000] "PUT /3/215494/AUTH_50777162d4dc40cfb40939a08020e6ce/gnocchi.85995f1e-271e-4a6f-b41e-550525de8b61/none_v3" 201 - "PUT http://[::1]:8080/v1/AUTH_50777162d4dc40cfb40939a08020e6ce/gnocchi.85995f1e-271e-4a6f-b41e-550525de8b61/none_v3" "txc4f6b333c29b4c938dc48-0069571412" "proxy-server 90240" 0.0178 "-" 97423 0
Jan 01 19:40:50 np0005573202.novalocal container-server[97122]: ::1 - - [02/Jan/2026:00:40:50 +0000] "PUT /1/211736/AUTH_50777162d4dc40cfb40939a08020e6ce/gnocchi.85995f1e-271e-4a6f-b41e-550525de8b61/none_v3" 201 - "PUT http://[::1]:8080/1/215494/AUTH_50777162d4dc40cfb40939a08020e6ce/gnocchi.85995f1e-271e-4a6f-b41e-550525de8b61/none_v3" "txc4f6b333c29b4c938dc48-0069571412" "object-server 97424" 0.0007 "-" 97122 0
Jan 01 19:40:50 np0005573202.novalocal object-server[97424]: ::1 - - [02/Jan/2026:00:40:50 +0000] "PUT /1/215494/AUTH_50777162d4dc40cfb40939a08020e6ce/gnocchi.85995f1e-271e-4a6f-b41e-550525de8b61/none_v3" 201 - "PUT http://[::1]:8080/v1/AUTH_50777162d4dc40cfb40939a08020e6ce/gnocchi.85995f1e-271e-4a6f-b41e-550525de8b61/none_v3" "txc4f6b333c29b4c938dc48-0069571412" "proxy-server 90240" 0.0285 "-" 97424 0
Jan 01 19:40:50 np0005573202.novalocal container-server[97122]: ::1 - - [02/Jan/2026:00:40:50 +0000] "PUT /3/211736/AUTH_50777162d4dc40cfb40939a08020e6ce/gnocchi.85995f1e-271e-4a6f-b41e-550525de8b61/none_v3" 201 - "PUT http://[::1]:8080/2/215494/AUTH_50777162d4dc40cfb40939a08020e6ce/gnocchi.85995f1e-271e-4a6f-b41e-550525de8b61/none_v3" "txc4f6b333c29b4c938dc48-0069571412" "object-server 97426" 0.0004 "-" 97122 0
Jan 01 19:40:50 np0005573202.novalocal object-server[97426]: ::1 - - [02/Jan/2026:00:40:50 +0000] "PUT /2/215494/AUTH_50777162d4dc40cfb40939a08020e6ce/gnocchi.85995f1e-271e-4a6f-b41e-550525de8b61/none_v3" 201 - "PUT http://[::1]:8080/v1/AUTH_50777162d4dc40cfb40939a08020e6ce/gnocchi.85995f1e-271e-4a6f-b41e-550525de8b61/none_v3" "txc4f6b333c29b4c938dc48-0069571412" "proxy-server 90240" 0.0247 "-" 97426 0
Jan 01 19:40:50 np0005573202.novalocal proxy-server[90240]: ::1 ::1 02/Jan/2026/00/40/50 PUT /v1/AUTH_50777162d4dc40cfb40939a08020e6ce/gnocchi.85995f1e-271e-4a6f-b41e-550525de8b61/none_v3 HTTP/1.0 201 - python-swiftclient-4.2.0 gAAAAABpVxP6bS-y... 52 - - txc4f6b333c29b4c938dc48-0069571412 - 0.0375 - - 1767314450.435192585 1767314450.472671270 0
Jan 01 19:40:50 np0005573202.novalocal sudo[104690]: pam_unix(sudo:session): session closed for user root
Jan 01 19:40:50 np0005573202.novalocal sudo[104696]: pam_unix(sudo:session): session closed for user root
Jan 01 19:40:50 np0005573202.novalocal systemd[1]: session-c131.scope: Deactivated successfully.
Jan 01 19:40:50 np0005573202.novalocal sudo[104717]: cinder : PWD=/ ; USER=root ; COMMAND=/usr/bin/cinder-rootwrap /etc/cinder/rootwrap.conf cinder-rtstool save
Jan 01 19:40:50 np0005573202.novalocal systemd[1]: Started Session c132 of User root.
Jan 01 19:40:50 np0005573202.novalocal sudo[104717]: pam_unix(sudo:session): session opened for user root(uid=0) by (uid=165)
Jan 01 19:40:51 np0005573202.novalocal dnsmasq-dhcp[103584]: DHCPRELEASE(tape4bffb30-af) 10.100.0.13 fa:16:3e:83:11:3d
Jan 01 19:40:51 np0005573202.novalocal dnsmasq-dhcp[103584]: DHCPRELEASE(tape4bffb30-af) 10.100.0.13 fa:16:3e:83:11:3d unknown lease
Jan 01 19:40:51 np0005573202.novalocal sudo[104717]: pam_unix(sudo:session): session closed for user root
Jan 01 19:40:51 np0005573202.novalocal systemd[1]: session-c132.scope: Deactivated successfully.
Jan 01 19:40:51 np0005573202.novalocal sudo[104736]: cinder : PWD=/ ; USER=root ; COMMAND=/usr/bin/cinder-rootwrap /etc/cinder/rootwrap.conf cinder-rtstool get-targets
Jan 01 19:40:51 np0005573202.novalocal systemd[1]: Started Session c133 of User root.
Jan 01 19:40:51 np0005573202.novalocal sudo[104736]: pam_unix(sudo:session): session opened for user root(uid=0) by (uid=165)
Jan 01 19:40:51 np0005573202.novalocal dnsmasq[103584]: read /var/lib/neutron/dhcp/c7097d69-7dad-43b0-bc1b-ac6d0cee263a/addn_hosts - 1 addresses
Jan 01 19:40:51 np0005573202.novalocal dnsmasq-dhcp[103584]: read /var/lib/neutron/dhcp/c7097d69-7dad-43b0-bc1b-ac6d0cee263a/host
Jan 01 19:40:51 np0005573202.novalocal dnsmasq-dhcp[103584]: read /var/lib/neutron/dhcp/c7097d69-7dad-43b0-bc1b-ac6d0cee263a/opts
Jan 01 19:40:51 np0005573202.novalocal sudo[104736]: pam_unix(sudo:session): session closed for user root
Jan 01 19:40:51 np0005573202.novalocal systemd[1]: session-c133.scope: Deactivated successfully.
Jan 01 19:40:52 np0005573202.novalocal sudo[104751]: cinder : PWD=/ ; USER=root ; COMMAND=/usr/bin/cinder-rootwrap /etc/cinder/rootwrap.conf cinder-rtstool delete iqn.2010-10.org.openstack:volume-f3285eb9-1a53-4e47-ad2a-ca52c16f670b
Jan 01 19:40:52 np0005573202.novalocal systemd[1]: Started Session c134 of User root.
Jan 01 19:40:52 np0005573202.novalocal sudo[104751]: pam_unix(sudo:session): session opened for user root(uid=0) by (uid=165)
Jan 01 19:40:52 np0005573202.novalocal sudo[104751]: pam_unix(sudo:session): session closed for user root
Jan 01 19:40:52 np0005573202.novalocal systemd[1]: session-c134.scope: Deactivated successfully.
Jan 01 19:40:52 np0005573202.novalocal sudo[104756]: cinder : PWD=/ ; USER=root ; COMMAND=/usr/bin/cinder-rootwrap /etc/cinder/rootwrap.conf cinder-rtstool save
Jan 01 19:40:52 np0005573202.novalocal systemd[1]: Started Session c135 of User root.
Jan 01 19:40:52 np0005573202.novalocal sudo[104756]: pam_unix(sudo:session): session opened for user root(uid=0) by (uid=165)
Jan 01 19:40:53 np0005573202.novalocal sudo[104756]: pam_unix(sudo:session): session closed for user root
Jan 01 19:40:53 np0005573202.novalocal systemd[1]: session-c135.scope: Deactivated successfully.
