Jan 01 19:41:13 np0005573202.novalocal container-server[97121]: ::1 - - [02/Jan/2026:00:41:13 +0000] "PUT /3/209609/AUTH_50777162d4dc40cfb40939a08020e6ce/gnocchi.48529e41-5c99-49ea-ad1a-1cef023c4cef/1766880000.0_mean_300.0_v3" 201 - "PUT http://[::1]:8080/3/13818/AUTH_50777162d4dc40cfb40939a08020e6ce/gnocchi.48529e41-5c99-49ea-ad1a-1cef023c4cef/1766880000.0_mean_300.0_v3" "tx8db44a3f996d4d1ab06d4-0069571429" "object-server 97425" 0.0006 "-" 97121 0
Jan 01 19:41:13 np0005573202.novalocal object-server[97425]: ::1 - - [02/Jan/2026:00:41:13 +0000] "PUT /3/13818/AUTH_50777162d4dc40cfb40939a08020e6ce/gnocchi.48529e41-5c99-49ea-ad1a-1cef023c4cef/1766880000.0_mean_300.0_v3" 201 - "PUT http://[::1]:8080/v1/AUTH_50777162d4dc40cfb40939a08020e6ce/gnocchi.48529e41-5c99-49ea-ad1a-1cef023c4cef/1766880000.0_mean_300.0_v3" "tx8db44a3f996d4d1ab06d4-0069571429" "proxy-server 90240" 0.0093 "-" 97425 0
Jan 01 19:41:13 np0005573202.novalocal container-server[97122]: ::1 - - [02/Jan/2026:00:41:13 +0000] "PUT /2/209609/AUTH_50777162d4dc40cfb40939a08020e6ce/gnocchi.48529e41-5c99-49ea-ad1a-1cef023c4cef/1766880000.0_mean_300.0_v3" 201 - "PUT http://[::1]:8080/2/13818/AUTH_50777162d4dc40cfb40939a08020e6ce/gnocchi.48529e41-5c99-49ea-ad1a-1cef023c4cef/1766880000.0_mean_300.0_v3" "tx8db44a3f996d4d1ab06d4-0069571429" "object-server 97423" 0.0007 "-" 97122 0
Jan 01 19:41:13 np0005573202.novalocal object-server[97423]: ::1 - - [02/Jan/2026:00:41:13 +0000] "PUT /2/13818/AUTH_50777162d4dc40cfb40939a08020e6ce/gnocchi.48529e41-5c99-49ea-ad1a-1cef023c4cef/1766880000.0_mean_300.0_v3" 201 - "PUT http://[::1]:8080/v1/AUTH_50777162d4dc40cfb40939a08020e6ce/gnocchi.48529e41-5c99-49ea-ad1a-1cef023c4cef/1766880000.0_mean_300.0_v3" "tx8db44a3f996d4d1ab06d4-0069571429" "proxy-server 90240" 0.0110 "-" 97423 0
Jan 01 19:41:13 np0005573202.novalocal proxy-server[90240]: ::1 ::1 02/Jan/2026/00/41/13 PUT /v1/AUTH_50777162d4dc40cfb40939a08020e6ce/gnocchi.48529e41-5c99-49ea-ad1a-1cef023c4cef/1766880000.0_mean_300.0_v3 HTTP/1.0 201 - python-swiftclient-4.2.0 gAAAAABpVxQCpfSE... 16 - - tx8db44a3f996d4d1ab06d4-0069571429 - 0.0162 - - 1767314473.597921848 1767314473.614133835 0
Jan 01 19:41:13 np0005573202.novalocal container-server[97120]: ::1 - - [02/Jan/2026:00:41:13 +0000] "PUT /3/209609/AUTH_50777162d4dc40cfb40939a08020e6ce/gnocchi.48529e41-5c99-49ea-ad1a-1cef023c4cef/none_v3" 201 - "PUT http://[::1]:8080/1/181947/AUTH_50777162d4dc40cfb40939a08020e6ce/gnocchi.48529e41-5c99-49ea-ad1a-1cef023c4cef/none_v3" "tx437f85dc28a24b24a14f1-0069571429" "object-server 97425" 0.0004 "-" 97120 0
Jan 01 19:41:13 np0005573202.novalocal object-server[97425]: ::1 - - [02/Jan/2026:00:41:13 +0000] "PUT /1/181947/AUTH_50777162d4dc40cfb40939a08020e6ce/gnocchi.48529e41-5c99-49ea-ad1a-1cef023c4cef/none_v3" 201 - "PUT http://[::1]:8080/v1/AUTH_50777162d4dc40cfb40939a08020e6ce/gnocchi.48529e41-5c99-49ea-ad1a-1cef023c4cef/none_v3" "tx437f85dc28a24b24a14f1-0069571429" "proxy-server 90240" 0.0087 "-" 97425 0
Jan 01 19:41:13 np0005573202.novalocal container-server[97121]: ::1 - - [02/Jan/2026:00:41:13 +0000] "PUT /2/209609/AUTH_50777162d4dc40cfb40939a08020e6ce/gnocchi.48529e41-5c99-49ea-ad1a-1cef023c4cef/none_v3" 201 - "PUT http://[::1]:8080/3/181947/AUTH_50777162d4dc40cfb40939a08020e6ce/gnocchi.48529e41-5c99-49ea-ad1a-1cef023c4cef/none_v3" "tx437f85dc28a24b24a14f1-0069571429" "object-server 97424" 0.0005 "-" 97121 0
Jan 01 19:41:13 np0005573202.novalocal object-server[97424]: ::1 - - [02/Jan/2026:00:41:13 +0000] "PUT /3/181947/AUTH_50777162d4dc40cfb40939a08020e6ce/gnocchi.48529e41-5c99-49ea-ad1a-1cef023c4cef/none_v3" 201 - "PUT http://[::1]:8080/v1/AUTH_50777162d4dc40cfb40939a08020e6ce/gnocchi.48529e41-5c99-49ea-ad1a-1cef023c4cef/none_v3" "tx437f85dc28a24b24a14f1-0069571429" "proxy-server 90240" 0.0103 "-" 97424 0
Jan 01 19:41:13 np0005573202.novalocal container-server[97122]: ::1 - - [02/Jan/2026:00:41:13 +0000] "PUT /1/209609/AUTH_50777162d4dc40cfb40939a08020e6ce/gnocchi.48529e41-5c99-49ea-ad1a-1cef023c4cef/none_v3" 201 - "PUT http://[::1]:8080/2/181947/AUTH_50777162d4dc40cfb40939a08020e6ce/gnocchi.48529e41-5c99-49ea-ad1a-1cef023c4cef/none_v3" "tx437f85dc28a24b24a14f1-0069571429" "object-server 97426" 0.0005 "-" 97122 0
Jan 01 19:41:13 np0005573202.novalocal object-server[97426]: ::1 - - [02/Jan/2026:00:41:13 +0000] "PUT /2/181947/AUTH_50777162d4dc40cfb40939a08020e6ce/gnocchi.48529e41-5c99-49ea-ad1a-1cef023c4cef/none_v3" 201 - "PUT http://[::1]:8080/v1/AUTH_50777162d4dc40cfb40939a08020e6ce/gnocchi.48529e41-5c99-49ea-ad1a-1cef023c4cef/none_v3" "tx437f85dc28a24b24a14f1-0069571429" "proxy-server 90240" 0.0113 "-" 97426 0
Jan 01 19:41:13 np0005573202.novalocal proxy-server[90240]: ::1 ::1 02/Jan/2026/00/41/13 PUT /v1/AUTH_50777162d4dc40cfb40939a08020e6ce/gnocchi.48529e41-5c99-49ea-ad1a-1cef023c4cef/none_v3 HTTP/1.0 201 - python-swiftclient-4.2.0 gAAAAABpVxQCpfSE... 22 - - tx437f85dc28a24b24a14f1-0069571429 - 0.0178 - - 1767314473.616085768 1767314473.633861065 0
Jan 01 19:41:16 np0005573202.novalocal sshd-session[105328]: Invalid user admin from 80.94.95.115 port 41998
Jan 01 19:41:17 np0005573202.novalocal sshd-session[105328]: Connection closed by invalid user admin 80.94.95.115 port 41998 [preauth]
Jan 01 19:41:19 np0005573202.novalocal dnsmasq[103408]: read /var/lib/neutron/dhcp/c61dd5a1-3ac7-47f0-92ae-f2e1db7f604c/addn_hosts - 0 addresses
Jan 01 19:41:19 np0005573202.novalocal dnsmasq-dhcp[103408]: read /var/lib/neutron/dhcp/c61dd5a1-3ac7-47f0-92ae-f2e1db7f604c/host
Jan 01 19:41:19 np0005573202.novalocal dnsmasq-dhcp[103408]: read /var/lib/neutron/dhcp/c61dd5a1-3ac7-47f0-92ae-f2e1db7f604c/opts
Jan 01 19:41:19 np0005573202.novalocal systemd[1]: dbus-:1.1-org.fedoraproject.SetroubleshootPrivileged@9.service: Deactivated successfully.
Jan 01 19:41:19 np0005573202.novalocal systemd[1]: dbus-:1.1-org.fedoraproject.SetroubleshootPrivileged@9.service: Consumed 1.315s CPU time.
Jan 01 19:41:20 np0005573202.novalocal kernel: qr-50df7ca4-c8: left promiscuous mode
Jan 01 19:41:20 np0005573202.novalocal systemd[1]: setroubleshootd.service: Deactivated successfully.
Jan 01 19:41:20 np0005573202.novalocal systemd[1]: setroubleshootd.service: Consumed 1.179s CPU time.
Jan 01 19:41:20 np0005573202.novalocal kernel: qg-2d9592d3-e6: left promiscuous mode
Jan 01 19:41:20 np0005573202.novalocal dnsmasq[103408]: exiting on receipt of SIGTERM
Jan 01 19:41:20 np0005573202.novalocal kernel: tapfff68162-e0: left promiscuous mode
Jan 01 19:41:20 np0005573202.novalocal systemd[1]: run-netns-qrouter\x2dca6a8bfa\x2d53eb\x2d4b67\x2db62d\x2d68a9fb17b05d.mount: Deactivated successfully.
Jan 01 19:41:20 np0005573202.novalocal neutron-server[92760]: /usr/lib/python3.9/site-packages/oslo_db/sqlalchemy/enginefacade.py:710: SAWarning: DELETE statement on table 'portsecuritybindings' expected to delete 1 row(s); 0 were matched. Please set confirm_deleted_rows=False within the mapper configuration to prevent this warning.
Jan 01 19:41:20 np0005573202.novalocal neutron-server[92760]: self.session.flush()
Jan 01 19:41:20 np0005573202.novalocal neutron-server[92760]: /usr/lib/python3.9/site-packages/oslo_db/sqlalchemy/enginefacade.py:710: SAWarning: DELETE statement on table 'ml2_port_bindings' expected to delete 1 row(s); 0 were matched. Please set confirm_deleted_rows=False within the mapper configuration to prevent this warning.
Jan 01 19:41:20 np0005573202.novalocal neutron-server[92760]: self.session.flush()
Jan 01 19:41:20 np0005573202.novalocal neutron-server[92760]: /usr/lib/python3.9/site-packages/oslo_db/sqlalchemy/enginefacade.py:710: SAWarning: DELETE statement on table 'ml2_port_binding_levels' expected to delete 1 row(s); 0 were matched. Please set confirm_deleted_rows=False within the mapper configuration to prevent this warning.
Jan 01 19:41:20 np0005573202.novalocal neutron-server[92760]: self.session.flush()
Jan 01 19:41:20 np0005573202.novalocal neutron-server[92760]: /usr/lib/python3.9/site-packages/oslo_db/sqlalchemy/enginefacade.py:710: SAWarning: DELETE statement on table 'ports' expected to delete 1 row(s); 0 were matched. Please set confirm_deleted_rows=False within the mapper configuration to prevent this warning.
Jan 01 19:41:20 np0005573202.novalocal neutron-server[92760]: self.session.flush()
Jan 01 19:41:20 np0005573202.novalocal systemd[1]: run-netns-qdhcp\x2dc61dd5a1\x2d3ac7\x2d47f0\x2d92ae\x2df2e1db7f604c.mount: Deactivated successfully.
Jan 01 19:41:20 np0005573202.novalocal dnsmasq-dhcp[104942]: DHCPDISCOVER(tap363c38f6-91) fa:16:3e:84:f6:51
Jan 01 19:41:20 np0005573202.novalocal dnsmasq-dhcp[104942]: DHCPOFFER(tap363c38f6-91) 10.100.0.13 fa:16:3e:84:f6:51
Jan 01 19:41:20 np0005573202.novalocal dnsmasq-dhcp[104942]: DHCPREQUEST(tap363c38f6-91) 10.100.0.13 fa:16:3e:84:f6:51
Jan 01 19:41:20 np0005573202.novalocal dnsmasq-dhcp[104942]: DHCPACK(tap363c38f6-91) 10.100.0.13 fa:16:3e:84:f6:51 host-10-100-0-13
Jan 01 19:41:21 np0005573202.novalocal haproxy-metadata-proxy-65320d8e-908c-425e-9ebb-3609493d4f5d[105151]: ::ffff:10.100.0.13:46292 [01/Jan/2026:19:41:21.151] listener listener/metadata 0/0/0/143/143 200 130 - - ---- 1/1/0/0/0 0/0 "GET /2009-04-04/meta-data/instance-id HTTP/1.1"
Jan 01 19:41:21 np0005573202.novalocal haproxy-metadata-proxy-65320d8e-908c-425e-9ebb-3609493d4f5d[105151]: ::ffff:10.100.0.13:46294 [01/Jan/2026:19:41:21.358] listener listener/metadata 0/0/0/224/224 200 148 - - ---- 1/1/0/0/0 0/0 "GET /2009-04-04/meta-data/public-keys HTTP/1.1"
Jan 01 19:41:21 np0005573202.novalocal systemd[1]: Starting SETroubleshoot daemon for processing new SELinux denial logs...
Jan 01 19:41:21 np0005573202.novalocal kernel: qbre6b60a61-cf: port 2(tape6b60a61-cf) entered disabled state
Jan 01 19:41:21 np0005573202.novalocal kernel: tape6b60a61-cf (unregistering): left allmulticast mode
Jan 01 19:41:21 np0005573202.novalocal kernel: tape6b60a61-cf (unregistering): left promiscuous mode
Jan 01 19:41:21 np0005573202.novalocal kernel: qbre6b60a61-cf: port 2(tape6b60a61-cf) entered disabled state
Jan 01 19:41:21 np0005573202.novalocal NetworkManager[860]: [1767314481.7000] device (tape6b60a61-cf): state change: activated -> unmanaged (reason 'unmanaged', managed-type: 'removed')
Jan 01 19:41:21 np0005573202.novalocal NetworkManager[860]: [1767314481.7006] device (tape6b60a61-cf): released from controller device qbre6b60a61-cf
Jan 01 19:41:21 np0005573202.novalocal systemd[1]: machine-qemu\x2d3\x2dinstance\x2d00000003.scope: Deactivated successfully.
Jan 01 19:41:21 np0005573202.novalocal systemd[1]: machine-qemu\x2d3\x2dinstance\x2d00000003.scope: Consumed 8.668s CPU time.
Jan 01 19:41:21 np0005573202.novalocal systemd-machined[94253]: Machine qemu-3-instance-00000003 terminated.
Jan 01 19:41:21 np0005573202.novalocal haproxy-metadata-proxy-65320d8e-908c-425e-9ebb-3609493d4f5d[105151]: ::ffff:10.100.0.13:46296 [01/Jan/2026:19:41:21.624] listener listener/metadata 0/0/0/235/235 200 325 - - ---- 1/1/0/0/0 0/0 "GET /2009-04-04/meta-data/public-keys/0/openssh-key HTTP/1.1"
Jan 01 19:41:21 np0005573202.novalocal account-server[96826]: ::1 - - [02/Jan/2026:00:41:21 +0000] "HEAD /3/20297/AUTH_50777162d4dc40cfb40939a08020e6ce" 204 - "HEAD http://[::1]:8080/v1/AUTH_50777162d4dc40cfb40939a08020e6ce?format=json" "txe8d96f7fbbe644fab3e8d-0069571431" "proxy-server 90240" 0.0124 "-" 96826 -
Jan 01 19:41:21 np0005573202.novalocal account-server[96829]: ::1 - - [02/Jan/2026:00:41:21 +0000] "HEAD /2/20297/AUTH_50777162d4dc40cfb40939a08020e6ce" 204 - "HEAD http://[::1]:8080/v1/AUTH_50777162d4dc40cfb40939a08020e6ce?format=json" "txcc3975e0611d4dfc9a731-0069571431" "proxy-server 90240" 0.0149 "-" 96829 -
Jan 01 19:41:21 np0005573202.novalocal object-server[97425]: ::1 - - [02/Jan/2026:00:41:21 +0000] "GET /1/208242/AUTH_50777162d4dc40cfb40939a08020e6ce/gnocchi.74927a02-ff6f-4493-bb6a-ebb0ef667b89/none_v3" 200 22 "GET http://[::1]:8080/v1/AUTH_50777162d4dc40cfb40939a08020e6ce/gnocchi.74927a02-ff6f-4493-bb6a-ebb0ef667b89/none_v3" "txe8d96f7fbbe644fab3e8d-0069571431" "proxy-server 90240" 0.0007 "-" 97425 0
Jan 01 19:41:21 np0005573202.novalocal object-server[97425]: ::1 - - [02/Jan/2026:00:41:21 +0000] "GET /1/220237/AUTH_50777162d4dc40cfb40939a08020e6ce/gnocchi.9eb1a166-46a3-404b-bb5d-23832448e417/none_v3" 200 22 "GET http://[::1]:8080/v1/AUTH_50777162d4dc40cfb40939a08020e6ce/gnocchi.9eb1a166-46a3-404b-bb5d-23832448e417/none_v3" "txcc3975e0611d4dfc9a731-0069571431" "proxy-server 90240" 0.0004 "-" 97425 0
Jan 01 19:41:21 np0005573202.novalocal proxy-server[90240]: ::1 ::1 02/Jan/2026/00/41/21 GET /v1/AUTH_50777162d4dc40cfb40939a08020e6ce/gnocchi.74927a02-ff6f-4493-bb6a-ebb0ef667b89/none_v3 HTTP/1.0 200 - python-swiftclient-4.2.0 gAAAAABpVxQCpfSE... - 22 - txe8d96f7fbbe644fab3e8d-0069571431 - 0.0329 - - 1767314481.859166384 1767314481.892040491 0
Jan 01 19:41:21 np0005573202.novalocal proxy-server[90240]: ::1 ::1 02/Jan/2026/00/41/21 GET /v1/AUTH_50777162d4dc40cfb40939a08020e6ce/gnocchi.9eb1a166-46a3-404b-bb5d-23832448e417/none_v3 HTTP/1.0 200 - python-swiftclient-4.2.0 gAAAAABpVxP6bS-y... - 22 - txcc3975e0611d4dfc9a731-0069571431 - 0.0305 - - 1767314481.863310575 1767314481.893848419 0
Jan 01 19:41:21 np0005573202.novalocal container-server[97122]: ::1 - - [02/Jan/2026:00:41:21 +0000] "GET /1/254861/AUTH_50777162d4dc40cfb40939a08020e6ce/gnocchi.74927a02-ff6f-4493-bb6a-ebb0ef667b89" 200 357 "GET http://[::1]:8080/v1/AUTH_50777162d4dc40cfb40939a08020e6ce/gnocchi.74927a02-ff6f-4493-bb6a-ebb0ef667b89?format=json&states=listing" "tx503fe2e46bc84d888e553-0069571431" "proxy-server 90240" 0.0141 "-" 97122 0
Jan 01 19:41:21 np0005573202.novalocal proxy-server[90240]: ::1 ::1 02/Jan/2026/00/41/21 GET /v1/AUTH_50777162d4dc40cfb40939a08020e6ce/gnocchi.74927a02-ff6f-4493-bb6a-ebb0ef667b89%3Fformat%3Djson%26states%3Dlisting HTTP/1.0 200 - python-swiftclient-4.2.0 gAAAAABpVxQCpfSE... - 357 - tx503fe2e46bc84d888e553-0069571431 - 0.0254 - - 1767314481.896349907 1767314481.921725988 0
Jan 01 19:41:21 np0005573202.novalocal container-server[97122]: ::1 - - [02/Jan/2026:00:41:21 +0000] "GET /2/118962/AUTH_50777162d4dc40cfb40939a08020e6ce/gnocchi.9eb1a166-46a3-404b-bb5d-23832448e417" 200 357 "GET http://[::1]:8080/v1/AUTH_50777162d4dc40cfb40939a08020e6ce/gnocchi.9eb1a166-46a3-404b-bb5d-23832448e417?format=json&states=listing" "txe54596bceea341b5a9ac6-0069571431" "proxy-server 90240" 0.0108 "-" 97122 0
Jan 01 19:41:21 np0005573202.novalocal proxy-server[90240]: ::1 ::1 02/Jan/2026/00/41/21 GET /v1/AUTH_50777162d4dc40cfb40939a08020e6ce/gnocchi.9eb1a166-46a3-404b-bb5d-23832448e417%3Fformat%3Djson%26states%3Dlisting HTTP/1.0 200 - python-swiftclient-4.2.0 gAAAAABpVxP6bS-y... - 357 - txe54596bceea341b5a9ac6-0069571431 - 0.0267 - - 1767314481.899702072 1767314481.926386595 0
Jan 01 19:41:21 np0005573202.novalocal container-server[97120]: ::1 - - [02/Jan/2026:00:41:21 +0000] "GET /1/254861/AUTH_50777162d4dc40cfb40939a08020e6ce/gnocchi.74927a02-ff6f-4493-bb6a-ebb0ef667b89" 200 2 "GET http://[::1]:8080/v1/AUTH_50777162d4dc40cfb40939a08020e6ce/gnocchi.74927a02-ff6f-4493-bb6a-ebb0ef667b89?format=json&marker=none_v3&states=listing" "tx3e60e93f482044259b896-0069571431" "proxy-server 90240" 0.0030 "-" 97120 0
Jan 01 19:41:21 np0005573202.novalocal kernel: qvbe6b60a61-cf: left allmulticast mode
Jan 01 19:41:21 np0005573202.novalocal kernel: qvbe6b60a61-cf: left promiscuous mode
Jan 01 19:41:21 np0005573202.novalocal kernel: qbre6b60a61-cf: port 1(qvbe6b60a61-cf) entered disabled state
Jan 01 19:41:21 np0005573202.novalocal container-server[97121]: ::1 - - [02/Jan/2026:00:41:21 +0000] "GET /2/118962/AUTH_50777162d4dc40cfb40939a08020e6ce/gnocchi.9eb1a166-46a3-404b-bb5d-23832448e417" 200 2 "GET http://[::1]:8080/v1/AUTH_50777162d4dc40cfb40939a08020e6ce/gnocchi.9eb1a166-46a3-404b-bb5d-23832448e417?format=json&marker=none_v3&states=listing" "tx3d1df96ff6aa42e48c31f-0069571431" "proxy-server 90240" 0.0029 "-" 97121 0
Jan 01 19:41:21 np0005573202.novalocal proxy-server[90240]: ::1 ::1 02/Jan/2026/00/41/21 GET /v1/AUTH_50777162d4dc40cfb40939a08020e6ce/gnocchi.74927a02-ff6f-4493-bb6a-ebb0ef667b89%3Fformat%3Djson%26marker%3Dnone_v3%26states%3Dlisting HTTP/1.0 200 - python-swiftclient-4.2.0 gAAAAABpVxQCpfSE... - 2 - tx3e60e93f482044259b896-0069571431 - 0.0220 - - 1767314481.925209999 1767314481.947168589 0
Jan 01 19:41:21 np0005573202.novalocal proxy-server[90240]: ::1 ::1 02/Jan/2026/00/41/21 GET /v1/AUTH_50777162d4dc40cfb40939a08020e6ce/gnocchi.9eb1a166-46a3-404b-bb5d-23832448e417%3Fformat%3Djson%26marker%3Dnone_v3%26states%3Dlisting HTTP/1.0 200 - python-swiftclient-4.2.0 gAAAAABpVxP6bS-y... - 2 - tx3d1df96ff6aa42e48c31f-0069571431 - 0.0196 - - 1767314481.929644108 1767314481.949272156 0
Jan 01 19:41:21 np0005573202.novalocal object-server[97423]: ::1 - - [02/Jan/2026:00:41:21 +0000] "GET /3/136715/AUTH_50777162d4dc40cfb40939a08020e6ce/gnocchi.74927a02-ff6f-4493-bb6a-ebb0ef667b89/1766880000.0_mean_300.0_v3" 200 16 "GET http://[::1]:8080/v1/AUTH_50777162d4dc40cfb40939a08020e6ce/gnocchi.74927a02-ff6f-4493-bb6a-ebb0ef667b89/1766880000.0_mean_300.0_v3" "tx74a9081ff7554478871a6-0069571431" "proxy-server 90240" 0.0009 "-" 97423 0
Jan 01 19:41:21 np0005573202.novalocal proxy-server[90240]: ::1 ::1 02/Jan/2026/00/41/21 GET /v1/AUTH_50777162d4dc40cfb40939a08020e6ce/gnocchi.74927a02-ff6f-4493-bb6a-ebb0ef667b89/1766880000.0_mean_300.0_v3 HTTP/1.0 200 - python-swiftclient-4.2.0 gAAAAABpVxQCpfSE... - 16 - tx74a9081ff7554478871a6-0069571431 - 0.0061 - - 1767314481.951066017 1767314481.957137823 0
Jan 01 19:41:21 np0005573202.novalocal object-server[97425]: ::1 - - [02/Jan/2026:00:41:21 +0000] "GET /1/117449/AUTH_50777162d4dc40cfb40939a08020e6ce/gnocchi.9eb1a166-46a3-404b-bb5d-23832448e417/1766880000.0_mean_300.0_v3" 200 16 "GET http://[::1]:8080/v1/AUTH_50777162d4dc40cfb40939a08020e6ce/gnocchi.9eb1a166-46a3-404b-bb5d-23832448e417/1766880000.0_mean_300.0_v3" "tx2121ad421e354caf841df-0069571431" "proxy-server 90240" 0.0007 "-" 97425 0
Jan 01 19:41:21 np0005573202.novalocal proxy-server[90240]: ::1 ::1 02/Jan/2026/00/41/21 GET /v1/AUTH_50777162d4dc40cfb40939a08020e6ce/gnocchi.9eb1a166-46a3-404b-bb5d-23832448e417/1766880000.0_mean_300.0_v3 HTTP/1.0 200 - python-swiftclient-4.2.0 gAAAAABpVxP6bS-y... - 16 - tx2121ad421e354caf841df-0069571431 - 0.0050 - - 1767314481.953783751 1767314481.958791018 0
Jan 01 19:41:21 np0005573202.novalocal NetworkManager[860]: [1767314481.9700] device (qbre6b60a61-cf): bridge port qvbe6b60a61-cf was detached
Jan 01 19:41:21 np0005573202.novalocal NetworkManager[860]: [1767314481.9703] device (qbre6b60a61-cf): state change: activated -> unmanaged (reason 'unmanaged', managed-type: 'removed')
Jan 01 19:41:21 np0005573202.novalocal container-server[97119]: ::1 - - [02/Jan/2026:00:41:21 +0000] "PUT /3/254861/AUTH_50777162d4dc40cfb40939a08020e6ce/gnocchi.74927a02-ff6f-4493-bb6a-ebb0ef667b89/1766880000.0_mean_300.0_v3" 201 - "PUT http://[::1]:8080/1/136715/AUTH_50777162d4dc40cfb40939a08020e6ce/gnocchi.74927a02-ff6f-4493-bb6a-ebb0ef667b89/1766880000.0_mean_300.0_v3" "tx19251798bb1b44d9877af-0069571431" "object-server 97425" 0.0007 "-" 97119 0
Jan 01 19:41:21 np0005573202.novalocal object-server[97425]: ::1 - - [02/Jan/2026:00:41:21 +0000] "PUT /1/136715/AUTH_50777162d4dc40cfb40939a08020e6ce/gnocchi.74927a02-ff6f-4493-bb6a-ebb0ef667b89/1766880000.0_mean_300.0_v3" 201 - "PUT http://[::1]:8080/v1/AUTH_50777162d4dc40cfb40939a08020e6ce/gnocchi.74927a02-ff6f-4493-bb6a-ebb0ef667b89/1766880000.0_mean_300.0_v3" "tx19251798bb1b44d9877af-0069571431" "proxy-server 90240" 0.0178 "-" 97425 0
Jan 01 19:41:21 np0005573202.novalocal container-server[97122]: ::1 - - [02/Jan/2026:00:41:21 +0000] "PUT /2/254861/AUTH_50777162d4dc40cfb40939a08020e6ce/gnocchi.74927a02-ff6f-4493-bb6a-ebb0ef667b89/1766880000.0_mean_300.0_v3" 201 - "PUT http://[::1]:8080/3/136715/AUTH_50777162d4dc40cfb40939a08020e6ce/gnocchi.74927a02-ff6f-4493-bb6a-ebb0ef667b89/1766880000.0_mean_300.0_v3" "tx19251798bb1b44d9877af-0069571431" "object-server 97425" 0.0008 "-" 97122 0
Jan 01 19:41:21 np0005573202.novalocal object-server[97425]: ::1 - - [02/Jan/2026:00:41:21 +0000] "PUT /3/136715/AUTH_50777162d4dc40cfb40939a08020e6ce/gnocchi.74927a02-ff6f-4493-bb6a-ebb0ef667b89/1766880000.0_mean_300.0_v3" 201 - "PUT http://[::1]:8080/v1/AUTH_50777162d4dc40cfb40939a08020e6ce/gnocchi.74927a02-ff6f-4493-bb6a-ebb0ef667b89/1766880000.0_mean_300.0_v3" "tx19251798bb1b44d9877af-0069571431" "proxy-server 90240" 0.0217 "-" 97425 0
Jan 01 19:41:21 np0005573202.novalocal kernel: qvoe6b60a61-cf: left promiscuous mode
Jan 01 19:41:21 np0005573202.novalocal container-server[97122]: ::1 - - [02/Jan/2026:00:41:21 +0000] "PUT /1/254861/AUTH_50777162d4dc40cfb40939a08020e6ce/gnocchi.74927a02-ff6f-4493-bb6a-ebb0ef667b89/1766880000.0_mean_300.0_v3" 201 - "PUT http://[::1]:8080/2/136715/AUTH_50777162d4dc40cfb40939a08020e6ce/gnocchi.74927a02-ff6f-4493-bb6a-ebb0ef667b89/1766880000.0_mean_300.0_v3" "tx19251798bb1b44d9877af-0069571431" "object-server 97424" 0.0005 "-" 97122 0
Jan 01 19:41:21 np0005573202.novalocal object-server[97424]: ::1 - - [02/Jan/2026:00:41:21 +0000] "PUT /2/136715/AUTH_50777162d4dc40cfb40939a08020e6ce/gnocchi.74927a02-ff6f-4493-bb6a-ebb0ef667b89/1766880000.0_mean_300.0_v3" 201 - "PUT http://[::1]:8080/v1/AUTH_50777162d4dc40cfb40939a08020e6ce/gnocchi.74927a02-ff6f-4493-bb6a-ebb0ef667b89/1766880000.0_mean_300.0_v3" "tx19251798bb1b44d9877af-0069571431" "proxy-server 90240" 0.0289 "-" 97424 0
Jan 01 19:41:21 np0005573202.novalocal container-server[97120]: ::1 - - [02/Jan/2026:00:41:21 +0000] "PUT /3/118962/AUTH_50777162d4dc40cfb40939a08020e6ce/gnocchi.9eb1a166-46a3-404b-bb5d-23832448e417/1766880000.0_mean_300.0_v3" 201 - "PUT http://[::1]:8080/3/117449/AUTH_50777162d4dc40cfb40939a08020e6ce/gnocchi.9eb1a166-46a3-404b-bb5d-23832448e417/1766880000.0_mean_300.0_v3" "tx47bc8719ca714038a94dd-0069571431" "object-server 97424" 0.0006 "-" 97120 0
Jan 01 19:41:21 np0005573202.novalocal object-server[97424]: ::1 - - [02/Jan/2026:00:41:21 +0000] "PUT /3/117449/AUTH_50777162d4dc40cfb40939a08020e6ce/gnocchi.9eb1a166-46a3-404b-bb5d-23832448e417/1766880000.0_mean_300.0_v3" 201 - "PUT http://[::1]:8080/v1/AUTH_50777162d4dc40cfb40939a08020e6ce/gnocchi.9eb1a166-46a3-404b-bb5d-23832448e417/1766880000.0_mean_300.0_v3" "tx47bc8719ca714038a94dd-0069571431" "proxy-server 90240" 0.0230 "-" 97424 0
Jan 01 19:41:22 np0005573202.novalocal container-server[97120]: ::1 - - [02/Jan/2026:00:41:21 +0000] "PUT /1/118962/AUTH_50777162d4dc40cfb40939a08020e6ce/gnocchi.9eb1a166-46a3-404b-bb5d-23832448e417/1766880000.0_mean_300.0_v3" 201 - "PUT http://[::1]:8080/1/117449/AUTH_50777162d4dc40cfb40939a08020e6ce/gnocchi.9eb1a166-46a3-404b-bb5d-23832448e417/1766880000.0_mean_300.0_v3" "tx47bc8719ca714038a94dd-0069571431" "object-server 97426" 0.0003 "-" 97120 0
Jan 01 19:41:22 np0005573202.novalocal proxy-server[90240]: ::1 ::1 02/Jan/2026/00/41/22 PUT /v1/AUTH_50777162d4dc40cfb40939a08020e6ce/gnocchi.74927a02-ff6f-4493-bb6a-ebb0ef667b89/1766880000.0_mean_300.0_v3 HTTP/1.0 201 - python-swiftclient-4.2.0 gAAAAABpVxQCpfSE... 16 - - tx19251798bb1b44d9877af-0069571431 - 0.0402 - - 1767314481.959887028 1767314482.000058174 0
Jan 01 19:41:22 np0005573202.novalocal object-server[97426]: ::1 - - [02/Jan/2026:00:41:22 +0000] "PUT /1/117449/AUTH_50777162d4dc40cfb40939a08020e6ce/gnocchi.9eb1a166-46a3-404b-bb5d-23832448e417/1766880000.0_mean_300.0_v3" 201 - "PUT http://[::1]:8080/v1/AUTH_50777162d4dc40cfb40939a08020e6ce/gnocchi.9eb1a166-46a3-404b-bb5d-23832448e417/1766880000.0_mean_300.0_v3" "tx47bc8719ca714038a94dd-0069571431" "proxy-server 90240" 0.0295 "-" 97426 0
Jan 01 19:41:22 np0005573202.novalocal container-server[97121]: ::1 - - [02/Jan/2026:00:41:22 +0000] "PUT /2/118962/AUTH_50777162d4dc40cfb40939a08020e6ce/gnocchi.9eb1a166-46a3-404b-bb5d-23832448e417/1766880000.0_mean_300.0_v3" 201 - "PUT http://[::1]:8080/2/117449/AUTH_50777162d4dc40cfb40939a08020e6ce/gnocchi.9eb1a166-46a3-404b-bb5d-23832448e417/1766880000.0_mean_300.0_v3" "tx47bc8719ca714038a94dd-0069571431" "object-server 97424" 0.0007 "-" 97121 0
Jan 01 19:41:22 np0005573202.novalocal object-server[97424]: ::1 - - [02/Jan/2026:00:41:22 +0000] "PUT /2/117449/AUTH_50777162d4dc40cfb40939a08020e6ce/gnocchi.9eb1a166-46a3-404b-bb5d-23832448e417/1766880000.0_mean_300.0_v3" 201 - "PUT http://[::1]:8080/v1/AUTH_50777162d4dc40cfb40939a08020e6ce/gnocchi.9eb1a166-46a3-404b-bb5d-23832448e417/1766880000.0_mean_300.0_v3" "tx47bc8719ca714038a94dd-0069571431" "proxy-server 90240" 0.0240 "-" 97424 0
Jan 01 19:41:22 np0005573202.novalocal proxy-server[90240]: ::1 ::1 02/Jan/2026/00/41/22 PUT /v1/AUTH_50777162d4dc40cfb40939a08020e6ce/gnocchi.9eb1a166-46a3-404b-bb5d-23832448e417/1766880000.0_mean_300.0_v3 HTTP/1.0 201 - python-swiftclient-4.2.0 gAAAAABpVxP6bS-y... 16 - - tx47bc8719ca714038a94dd-0069571431 - 0.0480 - - 1767314481.964462042 1767314482.012440205 0
Jan 01 19:41:22 np0005573202.novalocal container-server[97122]: ::1 - - [02/Jan/2026:00:41:22 +0000] "PUT /3/254861/AUTH_50777162d4dc40cfb40939a08020e6ce/gnocchi.74927a02-ff6f-4493-bb6a-ebb0ef667b89/none_v3" 201 - "PUT http://[::1]:8080/1/208242/AUTH_50777162d4dc40cfb40939a08020e6ce/gnocchi.74927a02-ff6f-4493-bb6a-ebb0ef667b89/none_v3" "tx9b84b2f62bc3499fba473-0069571432" "object-server 97426" 0.0008 "-" 97122 0
Jan 01 19:41:22 np0005573202.novalocal container-server[97120]: ::1 - - [02/Jan/2026:00:41:22 +0000] "PUT /2/254861/AUTH_50777162d4dc40cfb40939a08020e6ce/gnocchi.74927a02-ff6f-4493-bb6a-ebb0ef667b89/none_v3" 201 - "PUT http://[::1]:8080/3/208242/AUTH_50777162d4dc40cfb40939a08020e6ce/gnocchi.74927a02-ff6f-4493-bb6a-ebb0ef667b89/none_v3" "tx9b84b2f62bc3499fba473-0069571432" "object-server 97424" 0.0005 "-" 97120 0
Jan 01 19:41:22 np0005573202.novalocal object-server[97426]: ::1 - - [02/Jan/2026:00:41:22 +0000] "PUT /1/208242/AUTH_50777162d4dc40cfb40939a08020e6ce/gnocchi.74927a02-ff6f-4493-bb6a-ebb0ef667b89/none_v3" 201 - "PUT http://[::1]:8080/v1/AUTH_50777162d4dc40cfb40939a08020e6ce/gnocchi.74927a02-ff6f-4493-bb6a-ebb0ef667b89/none_v3" "tx9b84b2f62bc3499fba473-0069571432" "proxy-server 90240" 0.0211 "-" 97426 0
Jan 01 19:41:22 np0005573202.novalocal container-server[97121]: ::1 - - [02/Jan/2026:00:41:22 +0000] "PUT /1/254861/AUTH_50777162d4dc40cfb40939a08020e6ce/gnocchi.74927a02-ff6f-4493-bb6a-ebb0ef667b89/none_v3" 201 - "PUT http://[::1]:8080/2/208242/AUTH_50777162d4dc40cfb40939a08020e6ce/gnocchi.74927a02-ff6f-4493-bb6a-ebb0ef667b89/none_v3" "tx9b84b2f62bc3499fba473-0069571432" "object-server 97425" 0.0004 "-" 97121 0
Jan 01 19:41:22 np0005573202.novalocal object-server[97424]: ::1 - - [02/Jan/2026:00:41:22 +0000] "PUT /3/208242/AUTH_50777162d4dc40cfb40939a08020e6ce/gnocchi.74927a02-ff6f-4493-bb6a-ebb0ef667b89/none_v3" 201 - "PUT http://[::1]:8080/v1/AUTH_50777162d4dc40cfb40939a08020e6ce/gnocchi.74927a02-ff6f-4493-bb6a-ebb0ef667b89/none_v3" "tx9b84b2f62bc3499fba473-0069571432" "proxy-server 90240" 0.0134 "-" 97424 0
Jan 01 19:41:22 np0005573202.novalocal object-server[97425]: ::1 - - [02/Jan/2026:00:41:22 +0000] "PUT /2/208242/AUTH_50777162d4dc40cfb40939a08020e6ce/gnocchi.74927a02-ff6f-4493-bb6a-ebb0ef667b89/none_v3" 201 - "PUT http://[::1]:8080/v1/AUTH_50777162d4dc40cfb40939a08020e6ce/gnocchi.74927a02-ff6f-4493-bb6a-ebb0ef667b89/none_v3" "tx9b84b2f62bc3499fba473-0069571432" "proxy-server 90240" 0.0208 "-" 97425 0
Jan 01 19:41:22 np0005573202.novalocal proxy-server[90240]: ::1 ::1 02/Jan/2026/00/41/22 PUT /v1/AUTH_50777162d4dc40cfb40939a08020e6ce/gnocchi.74927a02-ff6f-4493-bb6a-ebb0ef667b89/none_v3 HTTP/1.0 201 - python-swiftclient-4.2.0 gAAAAABpVxQCpfSE... 32 - - tx9b84b2f62bc3499fba473-0069571432 - 0.0340 - - 1767314482.006191730 1767314482.040193081 0
Jan 01 19:41:22 np0005573202.novalocal container-server[97120]: ::1 - - [02/Jan/2026:00:41:22 +0000] "PUT /3/118962/AUTH_50777162d4dc40cfb40939a08020e6ce/gnocchi.9eb1a166-46a3-404b-bb5d-23832448e417/none_v3" 201 - "PUT http://[::1]:8080/2/220237/AUTH_50777162d4dc40cfb40939a08020e6ce/gnocchi.9eb1a166-46a3-404b-bb5d-23832448e417/none_v3" "txdfcd448f459149db81222-0069571432" "object-server 97425" 0.0005 "-" 97120 0
Jan 01 19:41:22 np0005573202.novalocal container-server[97119]: ::1 - - [02/Jan/2026:00:41:22 +0000] "PUT /1/118962/AUTH_50777162d4dc40cfb40939a08020e6ce/gnocchi.9eb1a166-46a3-404b-bb5d-23832448e417/none_v3" 201 - "PUT http://[::1]:8080/3/220237/AUTH_50777162d4dc40cfb40939a08020e6ce/gnocchi.9eb1a166-46a3-404b-bb5d-23832448e417/none_v3" "txdfcd448f459149db81222-0069571432" "object-server 97423" 0.0008 "-" 97119 0
Jan 01 19:41:22 np0005573202.novalocal object-server[97425]: ::1 - - [02/Jan/2026:00:41:22 +0000] "PUT /2/220237/AUTH_50777162d4dc40cfb40939a08020e6ce/gnocchi.9eb1a166-46a3-404b-bb5d-23832448e417/none_v3" 201 - "PUT http://[::1]:8080/v1/AUTH_50777162d4dc40cfb40939a08020e6ce/gnocchi.9eb1a166-46a3-404b-bb5d-23832448e417/none_v3" "txdfcd448f459149db81222-0069571432" "proxy-server 90240" 0.0192 "-" 97425 0
Jan 01 19:41:22 np0005573202.novalocal object-server[97423]: ::1 - - [02/Jan/2026:00:41:22 +0000] "PUT /3/220237/AUTH_50777162d4dc40cfb40939a08020e6ce/gnocchi.9eb1a166-46a3-404b-bb5d-23832448e417/none_v3" 201 - "PUT http://[::1]:8080/v1/AUTH_50777162d4dc40cfb40939a08020e6ce/gnocchi.9eb1a166-46a3-404b-bb5d-23832448e417/none_v3" "txdfcd448f459149db81222-0069571432" "proxy-server 90240" 0.0199 "-" 97423 0
Jan 01 19:41:22 np0005573202.novalocal container-server[97121]: ::1 - - [02/Jan/2026:00:41:22 +0000] "PUT /2/118962/AUTH_50777162d4dc40cfb40939a08020e6ce/gnocchi.9eb1a166-46a3-404b-bb5d-23832448e417/none_v3" 201 - "PUT http://[::1]:8080/1/220237/AUTH_50777162d4dc40cfb40939a08020e6ce/gnocchi.9eb1a166-46a3-404b-bb5d-23832448e417/none_v3" "txdfcd448f459149db81222-0069571432" "object-server 97425" 0.0004 "-" 97121 0
Jan 01 19:41:22 np0005573202.novalocal object-server[97425]: ::1 - - [02/Jan/2026:00:41:22 +0000] "PUT /1/220237/AUTH_50777162d4dc40cfb40939a08020e6ce/gnocchi.9eb1a166-46a3-404b-bb5d-23832448e417/none_v3" 201 - "PUT http://[::1]:8080/v1/AUTH_50777162d4dc40cfb40939a08020e6ce/gnocchi.9eb1a166-46a3-404b-bb5d-23832448e417/none_v3" "txdfcd448f459149db81222-0069571432" "proxy-server 90240" 0.0213 "-" 97425 0
Jan 01 19:41:22 np0005573202.novalocal proxy-server[90240]: ::1 ::1 02/Jan/2026/00/41/22 PUT /v1/AUTH_50777162d4dc40cfb40939a08020e6ce/gnocchi.9eb1a166-46a3-404b-bb5d-23832448e417/none_v3 HTTP/1.0 201 - python-swiftclient-4.2.0 gAAAAABpVxP6bS-y... 27 - - txdfcd448f459149db81222-0069571432 - 0.0322 - - 1767314482.015208960 1767314482.047399759 0
Jan 01 19:41:22 np0005573202.novalocal object-server[97424]: ::1 - - [02/Jan/2026:00:41:22 +0000] "GET /3/188878/AUTH_50777162d4dc40cfb40939a08020e6ce/gnocchi.92666e56-2e68-4daa-8f69-e063aeff260e/none_v3" 200 22 "GET http://[::1]:8080/v1/AUTH_50777162d4dc40cfb40939a08020e6ce/gnocchi.92666e56-2e68-4daa-8f69-e063aeff260e/none_v3" "txa04aa2cf9c474f17879e5-0069571432" "proxy-server 90240" 0.0008 "-" 97424 0
Jan 01 19:41:22 np0005573202.novalocal object-server[97423]: ::1 - - [02/Jan/2026:00:41:22 +0000] "GET /2/4788/AUTH_50777162d4dc40cfb40939a08020e6ce/gnocchi.ca45d130-5dce-4387-8bc2-84bf26e58cd1/none_v3" 200 22 "GET http://[::1]:8080/v1/AUTH_50777162d4dc40cfb40939a08020e6ce/gnocchi.ca45d130-5dce-4387-8bc2-84bf26e58cd1/none_v3" "txecacd329d0984239b3fe8-0069571432" "proxy-server 90240" 0.0009 "-" 97423 0
Jan 01 19:41:22 np0005573202.novalocal proxy-server[90240]: ::1 ::1 02/Jan/2026/00/41/22 GET /v1/AUTH_50777162d4dc40cfb40939a08020e6ce/gnocchi.92666e56-2e68-4daa-8f69-e063aeff260e/none_v3 HTTP/1.0 200 - python-swiftclient-4.2.0 gAAAAABpVxQCpfSE... - 22 - txa04aa2cf9c474f17879e5-0069571432 - 0.0114 - - 1767314482.063075066 1767314482.074454546 0
Jan 01 19:41:22 np0005573202.novalocal proxy-server[90240]: ::1 ::1 02/Jan/2026/00/41/22 GET /v1/AUTH_50777162d4dc40cfb40939a08020e6ce/gnocchi.ca45d130-5dce-4387-8bc2-84bf26e58cd1/none_v3 HTTP/1.0 200 - python-swiftclient-4.2.0 gAAAAABpVxP6bS-y... - 22 - txecacd329d0984239b3fe8-0069571432 - 0.0167 - - 1767314482.059698105 1767314482.076351881 0
Jan 01 19:41:22 np0005573202.novalocal container-server[97122]: ::1 - - [02/Jan/2026:00:41:22 +0000] "GET /3/126685/AUTH_50777162d4dc40cfb40939a08020e6ce/gnocchi.92666e56-2e68-4daa-8f69-e063aeff260e" 200 357 "GET http://[::1]:8080/v1/AUTH_50777162d4dc40cfb40939a08020e6ce/gnocchi.92666e56-2e68-4daa-8f69-e063aeff260e?format=json&states=listing" "tx6edc849186294e9d91f3f-0069571432" "proxy-server 90240" 0.0101 "-" 97122 0
Jan 01 19:41:22 np0005573202.novalocal container-server[97122]: ::1 - - [02/Jan/2026:00:41:22 +0000] "GET /3/48364/AUTH_50777162d4dc40cfb40939a08020e6ce/gnocchi.ca45d130-5dce-4387-8bc2-84bf26e58cd1" 200 357 "GET http://[::1]:8080/v1/AUTH_50777162d4dc40cfb40939a08020e6ce/gnocchi.ca45d130-5dce-4387-8bc2-84bf26e58cd1?format=json&states=listing" "tx2f8c9ac179904ad9b175f-0069571432" "proxy-server 90240" 0.0098 "-" 97122 0
Jan 01 19:41:22 np0005573202.novalocal proxy-server[90240]: ::1 ::1 02/Jan/2026/00/41/22 GET /v1/AUTH_50777162d4dc40cfb40939a08020e6ce/gnocchi.92666e56-2e68-4daa-8f69-e063aeff260e%3Fformat%3Djson%26states%3Dlisting HTTP/1.0 200 - python-swiftclient-4.2.0 gAAAAABpVxQCpfSE... - 357 - tx6edc849186294e9d91f3f-0069571432 - 0.0204 - - 1767314482.079027891 1767314482.099389553 0
Jan 01 19:41:22 np0005573202.novalocal proxy-server[90240]: ::1 ::1 02/Jan/2026/00/41/22 GET /v1/AUTH_50777162d4dc40cfb40939a08020e6ce/gnocchi.ca45d130-5dce-4387-8bc2-84bf26e58cd1%3Fformat%3Djson%26states%3Dlisting HTTP/1.0 200 - python-swiftclient-4.2.0 gAAAAABpVxP6bS-y... - 357 - tx2f8c9ac179904ad9b175f-0069571432 - 0.0212 - - 1767314482.080846071 1767314482.102050543 0
Jan 01 19:41:22 np0005573202.novalocal container-server[97121]: ::1 - - [02/Jan/2026:00:41:22 +0000] "GET /3/126685/AUTH_50777162d4dc40cfb40939a08020e6ce/gnocchi.92666e56-2e68-4daa-8f69-e063aeff260e" 200 2 "GET http://[::1]:8080/v1/AUTH_50777162d4dc40cfb40939a08020e6ce/gnocchi.92666e56-2e68-4daa-8f69-e063aeff260e?format=json&marker=none_v3&states=listing" "txdb8ede8ff42a4f5e863f1-0069571432" "proxy-server 90240" 0.0019 "-" 97121 0
Jan 01 19:41:22 np0005573202.novalocal proxy-server[90240]: ::1 ::1 02/Jan/2026/00/41/22 GET /v1/AUTH_50777162d4dc40cfb40939a08020e6ce/gnocchi.92666e56-2e68-4daa-8f69-e063aeff260e%3Fformat%3Djson%26marker%3Dnone_v3%26states%3Dlisting HTTP/1.0 200 - python-swiftclient-4.2.0 gAAAAABpVxQCpfSE... - 2 - txdb8ede8ff42a4f5e863f1-0069571432 - 0.0073 - - 1767314482.102959156 1767314482.110244513 0
Jan 01 19:41:22 np0005573202.novalocal container-server[97122]: ::1 - - [02/Jan/2026:00:41:22 +0000] "GET /3/48364/AUTH_50777162d4dc40cfb40939a08020e6ce/gnocchi.ca45d130-5dce-4387-8bc2-84bf26e58cd1" 200 2 "GET http://[::1]:8080/v1/AUTH_50777162d4dc40cfb40939a08020e6ce/gnocchi.ca45d130-5dce-4387-8bc2-84bf26e58cd1?format=json&marker=none_v3&states=listing" "txadc13b5b93d942e2a0d91-0069571432" "proxy-server 90240" 0.0025 "-" 97122 0
Jan 01 19:41:22 np0005573202.novalocal proxy-server[90240]: ::1 ::1 02/Jan/2026/00/41/22 GET /v1/AUTH_50777162d4dc40cfb40939a08020e6ce/gnocchi.ca45d130-5dce-4387-8bc2-84bf26e58cd1%3Fformat%3Djson%26marker%3Dnone_v3%26states%3Dlisting HTTP/1.0 200 - python-swiftclient-4.2.0 gAAAAABpVxP6bS-y... - 2 - txadc13b5b93d942e2a0d91-0069571432 - 0.0078 - - 1767314482.106003761 1767314482.113805294 0
Jan 01 19:41:22 np0005573202.novalocal object-server[97426]: ::1 - - [02/Jan/2026:00:41:22 +0000] "GET /1/25740/AUTH_50777162d4dc40cfb40939a08020e6ce/gnocchi.92666e56-2e68-4daa-8f69-e063aeff260e/1766880000.0_mean_300.0_v3" 200 16 "GET http://[::1]:8080/v1/AUTH_50777162d4dc40cfb40939a08020e6ce/gnocchi.92666e56-2e68-4daa-8f69-e063aeff260e/1766880000.0_mean_300.0_v3" "txecace10f70234fb5a293c-0069571432" "proxy-server 90240" 0.0008 "-" 97426 0
Jan 01 19:41:22 np0005573202.novalocal object-server[97426]: ::1 - - [02/Jan/2026:00:41:22 +0000] "GET /1/178566/AUTH_50777162d4dc40cfb40939a08020e6ce/gnocchi.ca45d130-5dce-4387-8bc2-84bf26e58cd1/1766880000.0_mean_300.0_v3" 200 16 "GET http://[::1]:8080/v1/AUTH_50777162d4dc40cfb40939a08020e6ce/gnocchi.ca45d130-5dce-4387-8bc2-84bf26e58cd1/1766880000.0_mean_300.0_v3" "tx7d066704d98b492c9e8b8-0069571432" "proxy-server 90240" 0.0004 "-" 97426 0
Jan 01 19:41:22 np0005573202.novalocal proxy-server[90240]: ::1 ::1 02/Jan/2026/00/41/22 GET /v1/AUTH_50777162d4dc40cfb40939a08020e6ce/gnocchi.92666e56-2e68-4daa-8f69-e063aeff260e/1766880000.0_mean_300.0_v3 HTTP/1.0 200 - python-swiftclient-4.2.0 gAAAAABpVxQCpfSE... - 16 - txecace10f70234fb5a293c-0069571432 - 0.0133 - - 1767314482.114993572 1767314482.128275394 0
Jan 01 19:41:22 np0005573202.novalocal proxy-server[90240]: ::1 ::1 02/Jan/2026/00/41/22 GET /v1/AUTH_50777162d4dc40cfb40939a08020e6ce/gnocchi.ca45d130-5dce-4387-8bc2-84bf26e58cd1/1766880000.0_mean_300.0_v3 HTTP/1.0 200 - python-swiftclient-4.2.0 gAAAAABpVxP6bS-y... - 16 - tx7d066704d98b492c9e8b8-0069571432 - 0.0066 - - 1767314482.122884512 1767314482.129498005 0
Jan 01 19:41:22 np0005573202.novalocal container-server[97122]: ::1 - - [02/Jan/2026:00:41:22 +0000] "PUT /1/48364/AUTH_50777162d4dc40cfb40939a08020e6ce/gnocchi.ca45d130-5dce-4387-8bc2-84bf26e58cd1/1766880000.0_mean_300.0_v3" 201 - "PUT http://[::1]:8080/1/178566/AUTH_50777162d4dc40cfb40939a08020e6ce/gnocchi.ca45d130-5dce-4387-8bc2-84bf26e58cd1/1766880000.0_mean_300.0_v3" "txa5767d64751648d0895f6-0069571432" "object-server 97425" 0.0006 "-" 97122 0
Jan 01 19:41:22 np0005573202.novalocal container-server[97120]: ::1 - - [02/Jan/2026:00:41:22 +0000] "PUT /3/48364/AUTH_50777162d4dc40cfb40939a08020e6ce/gnocchi.ca45d130-5dce-4387-8bc2-84bf26e58cd1/1766880000.0_mean_300.0_v3" 201 - "PUT http://[::1]:8080/3/178566/AUTH_50777162d4dc40cfb40939a08020e6ce/gnocchi.ca45d130-5dce-4387-8bc2-84bf26e58cd1/1766880000.0_mean_300.0_v3" "txa5767d64751648d0895f6-0069571432" "object-server 97425" 0.0005 "-" 97120 0
Jan 01 19:41:22 np0005573202.novalocal container-server[97121]: ::1 - - [02/Jan/2026:00:41:22 +0000] "PUT /1/126685/AUTH_50777162d4dc40cfb40939a08020e6ce/gnocchi.92666e56-2e68-4daa-8f69-e063aeff260e/1766880000.0_mean_300.0_v3" 201 - "PUT http://[::1]:8080/1/25740/AUTH_50777162d4dc40cfb40939a08020e6ce/gnocchi.92666e56-2e68-4daa-8f69-e063aeff260e/1766880000.0_mean_300.0_v3" "tx0758a4c064c44019932f5-0069571432" "object-server 97426" 0.0006 "-" 97121 0
Jan 01 19:41:22 np0005573202.novalocal object-server[97425]: ::1 - - [02/Jan/2026:00:41:22 +0000] "PUT /1/178566/AUTH_50777162d4dc40cfb40939a08020e6ce/gnocchi.ca45d130-5dce-4387-8bc2-84bf26e58cd1/1766880000.0_mean_300.0_v3" 201 - "PUT http://[::1]:8080/v1/AUTH_50777162d4dc40cfb40939a08020e6ce/gnocchi.ca45d130-5dce-4387-8bc2-84bf26e58cd1/1766880000.0_mean_300.0_v3" "txa5767d64751648d0895f6-0069571432" "proxy-server 90240" 0.0141 "-" 97425 0
Jan 01 19:41:22 np0005573202.novalocal container-server[97122]: ::1 - - [02/Jan/2026:00:41:22 +0000] "PUT /2/48364/AUTH_50777162d4dc40cfb40939a08020e6ce/gnocchi.ca45d130-5dce-4387-8bc2-84bf26e58cd1/1766880000.0_mean_300.0_v3" 201 - "PUT http://[::1]:8080/2/178566/AUTH_50777162d4dc40cfb40939a08020e6ce/gnocchi.ca45d130-5dce-4387-8bc2-84bf26e58cd1/1766880000.0_mean_300.0_v3" "txa5767d64751648d0895f6-0069571432" "object-server 97423" 0.0003 "-" 97122 0
Jan 01 19:41:22 np0005573202.novalocal object-server[97425]: ::1 - - [02/Jan/2026:00:41:22 +0000] "PUT /3/178566/AUTH_50777162d4dc40cfb40939a08020e6ce/gnocchi.ca45d130-5dce-4387-8bc2-84bf26e58cd1/1766880000.0_mean_300.0_v3" 201 - "PUT http://[::1]:8080/v1/AUTH_50777162d4dc40cfb40939a08020e6ce/gnocchi.ca45d130-5dce-4387-8bc2-84bf26e58cd1/1766880000.0_mean_300.0_v3" "txa5767d64751648d0895f6-0069571432" "proxy-server 90240" 0.0129 "-" 97425 0
Jan 01 19:41:22 np0005573202.novalocal container-server[97121]: ::1 - - [02/Jan/2026:00:41:22 +0000] "PUT /3/126685/AUTH_50777162d4dc40cfb40939a08020e6ce/gnocchi.92666e56-2e68-4daa-8f69-e063aeff260e/1766880000.0_mean_300.0_v3" 201 - "PUT http://[::1]:8080/3/25740/AUTH_50777162d4dc40cfb40939a08020e6ce/gnocchi.92666e56-2e68-4daa-8f69-e063aeff260e/1766880000.0_mean_300.0_v3" "tx0758a4c064c44019932f5-0069571432" "object-server 97423" 0.0004 "-" 97121 0
Jan 01 19:41:22 np0005573202.novalocal container-server[97120]: ::1 - - [02/Jan/2026:00:41:22 +0000] "PUT /2/126685/AUTH_50777162d4dc40cfb40939a08020e6ce/gnocchi.92666e56-2e68-4daa-8f69-e063aeff260e/1766880000.0_mean_300.0_v3" 201 - "PUT http://[::1]:8080/2/25740/AUTH_50777162d4dc40cfb40939a08020e6ce/gnocchi.92666e56-2e68-4daa-8f69-e063aeff260e/1766880000.0_mean_300.0_v3" "tx0758a4c064c44019932f5-0069571432" "object-server 97423" 0.0003 "-" 97120 0
Jan 01 19:41:22 np0005573202.novalocal object-server[97423]: ::1 - - [02/Jan/2026:00:41:22 +0000] "PUT /2/178566/AUTH_50777162d4dc40cfb40939a08020e6ce/gnocchi.ca45d130-5dce-4387-8bc2-84bf26e58cd1/1766880000.0_mean_300.0_v3" 201 - "PUT http://[::1]:8080/v1/AUTH_50777162d4dc40cfb40939a08020e6ce/gnocchi.ca45d130-5dce-4387-8bc2-84bf26e58cd1/1766880000.0_mean_300.0_v3" "txa5767d64751648d0895f6-0069571432" "proxy-server 90240" 0.0114 "-" 97423 0
Jan 01 19:41:22 np0005573202.novalocal object-server[97426]: ::1 - - [02/Jan/2026:00:41:22 +0000] "PUT /1/25740/AUTH_50777162d4dc40cfb40939a08020e6ce/gnocchi.92666e56-2e68-4daa-8f69-e063aeff260e/1766880000.0_mean_300.0_v3" 201 - "PUT http://[::1]:8080/v1/AUTH_50777162d4dc40cfb40939a08020e6ce/gnocchi.92666e56-2e68-4daa-8f69-e063aeff260e/1766880000.0_mean_300.0_v3" "tx0758a4c064c44019932f5-0069571432" "proxy-server 90240" 0.0210 "-" 97426 0
Jan 01 19:41:22 np0005573202.novalocal object-server[97423]: ::1 - - [02/Jan/2026:00:41:22 +0000] "PUT /2/25740/AUTH_50777162d4dc40cfb40939a08020e6ce/gnocchi.92666e56-2e68-4daa-8f69-e063aeff260e/1766880000.0_mean_300.0_v3" 201 - "PUT http://[::1]:8080/v1/AUTH_50777162d4dc40cfb40939a08020e6ce/gnocchi.92666e56-2e68-4daa-8f69-e063aeff260e/1766880000.0_mean_300.0_v3" "tx0758a4c064c44019932f5-0069571432" "proxy-server 90240" 0.0197 "-" 97423 0
Jan 01 19:41:22 np0005573202.novalocal object-server[97423]: ::1 - - [02/Jan/2026:00:41:22 +0000] "PUT /3/25740/AUTH_50777162d4dc40cfb40939a08020e6ce/gnocchi.92666e56-2e68-4daa-8f69-e063aeff260e/1766880000.0_mean_300.0_v3" 201 - "PUT http://[::1]:8080/v1/AUTH_50777162d4dc40cfb40939a08020e6ce/gnocchi.92666e56-2e68-4daa-8f69-e063aeff260e/1766880000.0_mean_300.0_v3" "tx0758a4c064c44019932f5-0069571432" "proxy-server 90240" 0.0217 "-" 97423 0
Jan 01 19:41:22 np0005573202.novalocal proxy-server[90240]: ::1 ::1 02/Jan/2026/00/41/22 PUT /v1/AUTH_50777162d4dc40cfb40939a08020e6ce/gnocchi.ca45d130-5dce-4387-8bc2-84bf26e58cd1/1766880000.0_mean_300.0_v3 HTTP/1.0 201 - python-swiftclient-4.2.0 gAAAAABpVxP6bS-y... 16 - - txa5767d64751648d0895f6-0069571432 - 0.0272 - - 1767314482.131972313 1767314482.159151077 0
Jan 01 19:41:22 np0005573202.novalocal proxy-server[90240]: ::1 ::1 02/Jan/2026/00/41/22 PUT /v1/AUTH_50777162d4dc40cfb40939a08020e6ce/gnocchi.92666e56-2e68-4daa-8f69-e063aeff260e/1766880000.0_mean_300.0_v3 HTTP/1.0 201 - python-swiftclient-4.2.0 gAAAAABpVxQCpfSE... 16 - - tx0758a4c064c44019932f5-0069571432 - 0.0296 - - 1767314482.131126642 1767314482.160705566 0
Jan 01 19:41:22 np0005573202.novalocal container-server[97122]: ::1 - - [02/Jan/2026:00:41:22 +0000] "PUT /2/48364/AUTH_50777162d4dc40cfb40939a08020e6ce/gnocchi.ca45d130-5dce-4387-8bc2-84bf26e58cd1/none_v3" 201 - "PUT http://[::1]:8080/2/4788/AUTH_50777162d4dc40cfb40939a08020e6ce/gnocchi.ca45d130-5dce-4387-8bc2-84bf26e58cd1/none_v3" "txf9958a18947840158eab7-0069571432" "object-server 97425" 0.0007 "-" 97122 0
Jan 01 19:41:22 np0005573202.novalocal container-server[97119]: ::1 - - [02/Jan/2026:00:41:22 +0000] "PUT /2/126685/AUTH_50777162d4dc40cfb40939a08020e6ce/gnocchi.92666e56-2e68-4daa-8f69-e063aeff260e/none_v3" 201 - "PUT http://[::1]:8080/3/188878/AUTH_50777162d4dc40cfb40939a08020e6ce/gnocchi.92666e56-2e68-4daa-8f69-e063aeff260e/none_v3" "tx88aa4536354c48a69ef83-0069571432" "object-server 97425" 0.0007 "-" 97119 0
Jan 01 19:41:22 np0005573202.novalocal object-server[97425]: ::1 - - [02/Jan/2026:00:41:22 +0000] "PUT /2/4788/AUTH_50777162d4dc40cfb40939a08020e6ce/gnocchi.ca45d130-5dce-4387-8bc2-84bf26e58cd1/none_v3" 201 - "PUT http://[::1]:8080/v1/AUTH_50777162d4dc40cfb40939a08020e6ce/gnocchi.ca45d130-5dce-4387-8bc2-84bf26e58cd1/none_v3" "txf9958a18947840158eab7-0069571432" "proxy-server 90240" 0.0178 "-" 97425 0
Jan 01 19:41:22 np0005573202.novalocal container-server[97119]: ::1 - - [02/Jan/2026:00:41:22 +0000] "PUT /3/126685/AUTH_50777162d4dc40cfb40939a08020e6ce/gnocchi.92666e56-2e68-4daa-8f69-e063aeff260e/none_v3" 201 - "PUT http://[::1]:8080/1/188878/AUTH_50777162d4dc40cfb40939a08020e6ce/gnocchi.92666e56-2e68-4daa-8f69-e063aeff260e/none_v3" "tx88aa4536354c48a69ef83-0069571432" "object-server 97424" 0.0003 "-" 97119 0
Jan 01 19:41:22 np0005573202.novalocal object-server[97425]: ::1 - - [02/Jan/2026:00:41:22 +0000] "PUT /3/188878/AUTH_50777162d4dc40cfb40939a08020e6ce/gnocchi.92666e56-2e68-4daa-8f69-e063aeff260e/none_v3" 201 - "PUT http://[::1]:8080/v1/AUTH_50777162d4dc40cfb40939a08020e6ce/gnocchi.92666e56-2e68-4daa-8f69-e063aeff260e/none_v3" "tx88aa4536354c48a69ef83-0069571432" "proxy-server 90240" 0.0123 "-" 97425 0
Jan 01 19:41:22 np0005573202.novalocal object-server[97424]: ::1 - - [02/Jan/2026:00:41:22 +0000] "PUT /1/188878/AUTH_50777162d4dc40cfb40939a08020e6ce/gnocchi.92666e56-2e68-4daa-8f69-e063aeff260e/none_v3" 201 - "PUT http://[::1]:8080/v1/AUTH_50777162d4dc40cfb40939a08020e6ce/gnocchi.92666e56-2e68-4daa-8f69-e063aeff260e/none_v3" "tx88aa4536354c48a69ef83-0069571432" "proxy-server 90240" 0.0110 "-" 97424 0
Jan 01 19:41:22 np0005573202.novalocal container-server[97119]: ::1 - - [02/Jan/2026:00:41:22 +0000] "PUT /1/126685/AUTH_50777162d4dc40cfb40939a08020e6ce/gnocchi.92666e56-2e68-4daa-8f69-e063aeff260e/none_v3" 201 - "PUT http://[::1]:8080/2/188878/AUTH_50777162d4dc40cfb40939a08020e6ce/gnocchi.92666e56-2e68-4daa-8f69-e063aeff260e/none_v3" "tx88aa4536354c48a69ef83-0069571432" "object-server 97424" 0.0003 "-" 97119 0
Jan 01 19:41:22 np0005573202.novalocal object-server[97424]: ::1 - - [02/Jan/2026:00:41:22 +0000] "PUT /2/188878/AUTH_50777162d4dc40cfb40939a08020e6ce/gnocchi.92666e56-2e68-4daa-8f69-e063aeff260e/none_v3" 201 - "PUT http://[::1]:8080/v1/AUTH_50777162d4dc40cfb40939a08020e6ce/gnocchi.92666e56-2e68-4daa-8f69-e063aeff260e/none_v3" "tx88aa4536354c48a69ef83-0069571432" "proxy-server 90240" 0.0140 "-" 97424 0
Jan 01 19:41:22 np0005573202.novalocal proxy-server[90240]: ::1 ::1 02/Jan/2026/00/41/22 PUT /v1/AUTH_50777162d4dc40cfb40939a08020e6ce/gnocchi.92666e56-2e68-4daa-8f69-e063aeff260e/none_v3 HTTP/1.0 201 - python-swiftclient-4.2.0 gAAAAABpVxQCpfSE... 31 - - tx88aa4536354c48a69ef83-0069571432 - 0.0222 - - 1767314482.168829918 1767314482.191007137 0
Jan 01 19:41:22 np0005573202.novalocal container-server[97121]: ::1 - - [02/Jan/2026:00:41:22 +0000] "PUT /3/48364/AUTH_50777162d4dc40cfb40939a08020e6ce/gnocchi.ca45d130-5dce-4387-8bc2-84bf26e58cd1/none_v3" 201 - "PUT http://[::1]:8080/3/4788/AUTH_50777162d4dc40cfb40939a08020e6ce/gnocchi.ca45d130-5dce-4387-8bc2-84bf26e58cd1/none_v3" "txf9958a18947840158eab7-0069571432" "object-server 97423" 0.0004 "-" 97121 0
Jan 01 19:41:22 np0005573202.novalocal container-server[97120]: ::1 - - [02/Jan/2026:00:41:22 +0000] "PUT /1/48364/AUTH_50777162d4dc40cfb40939a08020e6ce/gnocchi.ca45d130-5dce-4387-8bc2-84bf26e58cd1/none_v3" 201 - "PUT http://[::1]:8080/1/4788/AUTH_50777162d4dc40cfb40939a08020e6ce/gnocchi.ca45d130-5dce-4387-8bc2-84bf26e58cd1/none_v3" "txf9958a18947840158eab7-0069571432" "object-server 97423" 0.0005 "-" 97120 0
Jan 01 19:41:22 np0005573202.novalocal object-server[97423]: ::1 - - [02/Jan/2026:00:41:22 +0000] "PUT /3/4788/AUTH_50777162d4dc40cfb40939a08020e6ce/gnocchi.ca45d130-5dce-4387-8bc2-84bf26e58cd1/none_v3" 201 - "PUT http://[::1]:8080/v1/AUTH_50777162d4dc40cfb40939a08020e6ce/gnocchi.ca45d130-5dce-4387-8bc2-84bf26e58cd1/none_v3" "txf9958a18947840158eab7-0069571432" "proxy-server 90240" 0.0222 "-" 97423 0
Jan 01 19:41:22 np0005573202.novalocal object-server[97423]: ::1 - - [02/Jan/2026:00:41:22 +0000] "PUT /1/4788/AUTH_50777162d4dc40cfb40939a08020e6ce/gnocchi.ca45d130-5dce-4387-8bc2-84bf26e58cd1/none_v3" 201 - "PUT http://[::1]:8080/v1/AUTH_50777162d4dc40cfb40939a08020e6ce/gnocchi.ca45d130-5dce-4387-8bc2-84bf26e58cd1/none_v3" "txf9958a18947840158eab7-0069571432" "proxy-server 90240" 0.0256 "-" 97423 0
Jan 01 19:41:22 np0005573202.novalocal proxy-server[90240]: ::1 ::1 02/Jan/2026/00/41/22 PUT /v1/AUTH_50777162d4dc40cfb40939a08020e6ce/gnocchi.ca45d130-5dce-4387-8bc2-84bf26e58cd1/none_v3 HTTP/1.0 201 - python-swiftclient-4.2.0 gAAAAABpVxP6bS-y... 32 - - txf9958a18947840158eab7-0069571432 - 0.0339 - - 1767314482.161543608 1767314482.195438862 0
Jan 01 19:41:22 np0005573202.novalocal systemd[1]: Started SETroubleshoot daemon for processing new SELinux denial logs.
Jan 01 19:41:22 np0005573202.novalocal dnsmasq-dhcp[104942]: DHCPRELEASE(tap363c38f6-91) 10.100.0.13 fa:16:3e:84:f6:51
Jan 01 19:41:22 np0005573202.novalocal dnsmasq-dhcp[104942]: DHCPRELEASE(tap363c38f6-91) 10.100.0.13 fa:16:3e:84:f6:51 unknown lease
Jan 01 19:41:22 np0005573202.novalocal object-server[97424]: ::1 - - [02/Jan/2026:00:41:22 +0000] "GET /3/4788/AUTH_50777162d4dc40cfb40939a08020e6ce/gnocchi.ca45d130-5dce-4387-8bc2-84bf26e58cd1/none_v3" 200 32 "GET http://[::1]:8080/v1/AUTH_50777162d4dc40cfb40939a08020e6ce/gnocchi.ca45d130-5dce-4387-8bc2-84bf26e58cd1/none_v3" "txbe1fadd0b2f84892a481c-0069571432" "proxy-server 90240" 0.0009 "-" 97424 0
Jan 01 19:41:22 np0005573202.novalocal proxy-server[90240]: ::1 ::1 02/Jan/2026/00/41/22 GET /v1/AUTH_50777162d4dc40cfb40939a08020e6ce/gnocchi.ca45d130-5dce-4387-8bc2-84bf26e58cd1/none_v3 HTTP/1.0 200 - python-swiftclient-4.2.0 gAAAAABpVxQCpfSE... - 32 - txbe1fadd0b2f84892a481c-0069571432 - 0.0087 - - 1767314482.659263372 1767314482.668010712 0
