Jan 01 19:42:15 np0005573202.novalocal container-server[97121]: ::1 - - [02/Jan/2026:00:42:15 +0000] "GET /2/45953/AUTH_50777162d4dc40cfb40939a08020e6ce/gnocchi.aa86a323-ca75-4b54-b73c-02732289ec2e" 200 2 "GET http://[::1]:8080/v1/AUTH_50777162d4dc40cfb40939a08020e6ce/gnocchi.aa86a323-ca75-4b54-b73c-02732289ec2e?format=json&marker=none_v3&states=listing" "txb5f2aa3e4b5747139a8d6-0069571467" "proxy-server 90240" 0.0026 "-" 97121 0
Jan 01 19:42:15 np0005573202.novalocal container-server[97122]: ::1 - - [02/Jan/2026:00:42:15 +0000] "HEAD /1/225108/AUTH_50777162d4dc40cfb40939a08020e6ce/gnocchi.743d821d-785e-4c61-8b89-97b2ca2ab3f6" 204 - "HEAD http://[::1]:8080/v1/AUTH_50777162d4dc40cfb40939a08020e6ce/gnocchi.743d821d-785e-4c61-8b89-97b2ca2ab3f6?format=json&states=listing" "tx0cfc54323295493bbc929-0069571467" "proxy-server 90240" 0.0014 "-" 97122 0
Jan 01 19:42:15 np0005573202.novalocal proxy-server[90240]: ::1 ::1 02/Jan/2026/00/42/15 GET /v1/AUTH_50777162d4dc40cfb40939a08020e6ce/gnocchi.aa86a323-ca75-4b54-b73c-02732289ec2e%3Fformat%3Djson%26marker%3Dnone_v3%26states%3Dlisting HTTP/1.0 200 - python-swiftclient-4.2.0 gAAAAABpVxQCpfSE... - 2 - txb5f2aa3e4b5747139a8d6-0069571467 - 0.0107 - - 1767314535.330086470 1767314535.340770960 0
Jan 01 19:42:15 np0005573202.novalocal container-server[97120]: ::1 - - [02/Jan/2026:00:42:15 +0000] "GET /2/225108/AUTH_50777162d4dc40cfb40939a08020e6ce/gnocchi.743d821d-785e-4c61-8b89-97b2ca2ab3f6" 200 2 "GET http://[::1]:8080/v1/AUTH_50777162d4dc40cfb40939a08020e6ce/gnocchi.743d821d-785e-4c61-8b89-97b2ca2ab3f6?format=json&states=listing" "tx0cfc54323295493bbc929-0069571467" "proxy-server 90240" 0.0025 "-" 97120 0
Jan 01 19:42:15 np0005573202.novalocal proxy-server[90240]: ::1 ::1 02/Jan/2026/00/42/15 GET /v1/AUTH_50777162d4dc40cfb40939a08020e6ce/gnocchi.743d821d-785e-4c61-8b89-97b2ca2ab3f6%3Fformat%3Djson%26states%3Dlisting HTTP/1.0 200 - python-swiftclient-4.2.0 gAAAAABpVxP6bS-y... - 2 - tx0cfc54323295493bbc929-0069571467 - 0.0196 - - 1767314535.334280252 1767314535.353910208 0
Jan 01 19:42:15 np0005573202.novalocal object-server[97426]: ::1 - - [02/Jan/2026:00:42:15 +0000] "GET /3/237695/AUTH_50777162d4dc40cfb40939a08020e6ce/gnocchi.aa86a323-ca75-4b54-b73c-02732289ec2e/1766880000.0_mean_300.0_v3" 200 16 "GET http://[::1]:8080/v1/AUTH_50777162d4dc40cfb40939a08020e6ce/gnocchi.aa86a323-ca75-4b54-b73c-02732289ec2e/1766880000.0_mean_300.0_v3" "tx0493ed0d097646339ca9c-0069571467" "proxy-server 90240" 0.0009 "-" 97426 0
Jan 01 19:42:15 np0005573202.novalocal proxy-server[90240]: ::1 ::1 02/Jan/2026/00/42/15 GET /v1/AUTH_50777162d4dc40cfb40939a08020e6ce/gnocchi.aa86a323-ca75-4b54-b73c-02732289ec2e/1766880000.0_mean_300.0_v3 HTTP/1.0 200 - python-swiftclient-4.2.0 gAAAAABpVxQCpfSE... - 16 - tx0493ed0d097646339ca9c-0069571467 - 0.0148 - - 1767314535.344798565 1767314535.359557629 0
Jan 01 19:42:15 np0005573202.novalocal object-server[97423]: ::1 - - [02/Jan/2026:00:42:15 +0000] "GET /2/93172/AUTH_50777162d4dc40cfb40939a08020e6ce/gnocchi.743d821d-785e-4c61-8b89-97b2ca2ab3f6/1766880000.0_mean_300.0_v3" 404 70 "GET http://[::1]:8080/v1/AUTH_50777162d4dc40cfb40939a08020e6ce/gnocchi.743d821d-785e-4c61-8b89-97b2ca2ab3f6/1766880000.0_mean_300.0_v3" "tx7ed9c54bc79e47a7832da-0069571467" "proxy-server 90240" 0.0004 "-" 97423 0
Jan 01 19:42:15 np0005573202.novalocal object-server[97423]: ::1 - - [02/Jan/2026:00:42:15 +0000] "GET /3/93172/AUTH_50777162d4dc40cfb40939a08020e6ce/gnocchi.743d821d-785e-4c61-8b89-97b2ca2ab3f6/1766880000.0_mean_300.0_v3" 404 70 "GET http://[::1]:8080/v1/AUTH_50777162d4dc40cfb40939a08020e6ce/gnocchi.743d821d-785e-4c61-8b89-97b2ca2ab3f6/1766880000.0_mean_300.0_v3" "tx7ed9c54bc79e47a7832da-0069571467" "proxy-server 90240" 0.0002 "-" 97423 0
Jan 01 19:42:15 np0005573202.novalocal object-server[97423]: ::1 - - [02/Jan/2026:00:42:15 +0000] "GET /1/93172/AUTH_50777162d4dc40cfb40939a08020e6ce/gnocchi.743d821d-785e-4c61-8b89-97b2ca2ab3f6/1766880000.0_mean_300.0_v3" 404 70 "GET http://[::1]:8080/v1/AUTH_50777162d4dc40cfb40939a08020e6ce/gnocchi.743d821d-785e-4c61-8b89-97b2ca2ab3f6/1766880000.0_mean_300.0_v3" "tx7ed9c54bc79e47a7832da-0069571467" "proxy-server 90240" 0.0003 "-" 97423 0
Jan 01 19:42:15 np0005573202.novalocal proxy-server[90240]: ::1 ::1 02/Jan/2026/00/42/15 GET /v1/AUTH_50777162d4dc40cfb40939a08020e6ce/gnocchi.743d821d-785e-4c61-8b89-97b2ca2ab3f6/1766880000.0_mean_300.0_v3 HTTP/1.0 404 - python-swiftclient-4.2.0 gAAAAABpVxP6bS-y... - 70 - tx7ed9c54bc79e47a7832da-0069571467 - 0.0165 - - 1767314535.360796928 1767314535.377270222 0
Jan 01 19:42:15 np0005573202.novalocal container-server[97121]: ::1 - - [02/Jan/2026:00:42:15 +0000] "PUT /2/45953/AUTH_50777162d4dc40cfb40939a08020e6ce/gnocchi.aa86a323-ca75-4b54-b73c-02732289ec2e/1766880000.0_mean_300.0_v3" 201 - "PUT http://[::1]:8080/3/237695/AUTH_50777162d4dc40cfb40939a08020e6ce/gnocchi.aa86a323-ca75-4b54-b73c-02732289ec2e/1766880000.0_mean_300.0_v3" "txc31fb0af858a40aeb9db1-0069571467" "object-server 97425" 0.0006 "-" 97121 0
Jan 01 19:42:15 np0005573202.novalocal object-server[97425]: ::1 - - [02/Jan/2026:00:42:15 +0000] "PUT /3/237695/AUTH_50777162d4dc40cfb40939a08020e6ce/gnocchi.aa86a323-ca75-4b54-b73c-02732289ec2e/1766880000.0_mean_300.0_v3" 201 - "PUT http://[::1]:8080/v1/AUTH_50777162d4dc40cfb40939a08020e6ce/gnocchi.aa86a323-ca75-4b54-b73c-02732289ec2e/1766880000.0_mean_300.0_v3" "txc31fb0af858a40aeb9db1-0069571467" "proxy-server 90240" 0.0131 "-" 97425 0
Jan 01 19:42:15 np0005573202.novalocal container-server[97122]: ::1 - - [02/Jan/2026:00:42:15 +0000] "PUT /1/45953/AUTH_50777162d4dc40cfb40939a08020e6ce/gnocchi.aa86a323-ca75-4b54-b73c-02732289ec2e/1766880000.0_mean_300.0_v3" 201 - "PUT http://[::1]:8080/1/237695/AUTH_50777162d4dc40cfb40939a08020e6ce/gnocchi.aa86a323-ca75-4b54-b73c-02732289ec2e/1766880000.0_mean_300.0_v3" "txc31fb0af858a40aeb9db1-0069571467" "object-server 97423" 0.0005 "-" 97122 0
Jan 01 19:42:15 np0005573202.novalocal object-server[97423]: ::1 - - [02/Jan/2026:00:42:15 +0000] "PUT /1/237695/AUTH_50777162d4dc40cfb40939a08020e6ce/gnocchi.aa86a323-ca75-4b54-b73c-02732289ec2e/1766880000.0_mean_300.0_v3" 201 - "PUT http://[::1]:8080/v1/AUTH_50777162d4dc40cfb40939a08020e6ce/gnocchi.aa86a323-ca75-4b54-b73c-02732289ec2e/1766880000.0_mean_300.0_v3" "txc31fb0af858a40aeb9db1-0069571467" "proxy-server 90240" 0.0122 "-" 97423 0
Jan 01 19:42:15 np0005573202.novalocal container-server[97120]: ::1 - - [02/Jan/2026:00:42:15 +0000] "PUT /3/45953/AUTH_50777162d4dc40cfb40939a08020e6ce/gnocchi.aa86a323-ca75-4b54-b73c-02732289ec2e/1766880000.0_mean_300.0_v3" 201 - "PUT http://[::1]:8080/2/237695/AUTH_50777162d4dc40cfb40939a08020e6ce/gnocchi.aa86a323-ca75-4b54-b73c-02732289ec2e/1766880000.0_mean_300.0_v3" "txc31fb0af858a40aeb9db1-0069571467" "object-server 97426" 0.0024 "-" 97120 0
Jan 01 19:42:15 np0005573202.novalocal object-server[97426]: ::1 - - [02/Jan/2026:00:42:15 +0000] "PUT /2/237695/AUTH_50777162d4dc40cfb40939a08020e6ce/gnocchi.aa86a323-ca75-4b54-b73c-02732289ec2e/1766880000.0_mean_300.0_v3" 201 - "PUT http://[::1]:8080/v1/AUTH_50777162d4dc40cfb40939a08020e6ce/gnocchi.aa86a323-ca75-4b54-b73c-02732289ec2e/1766880000.0_mean_300.0_v3" "txc31fb0af858a40aeb9db1-0069571467" "proxy-server 90240" 0.0156 "-" 97426 0
Jan 01 19:42:15 np0005573202.novalocal proxy-server[90240]: ::1 ::1 02/Jan/2026/00/42/15 PUT /v1/AUTH_50777162d4dc40cfb40939a08020e6ce/gnocchi.aa86a323-ca75-4b54-b73c-02732289ec2e/1766880000.0_mean_300.0_v3 HTTP/1.0 201 - python-swiftclient-4.2.0 gAAAAABpVxQCpfSE... 16 - - txc31fb0af858a40aeb9db1-0069571467 - 0.0268 - - 1767314535.362728119 1767314535.389492273 0
Jan 01 19:42:15 np0005573202.novalocal container-server[97121]: ::1 - - [02/Jan/2026:00:42:15 +0000] "PUT /1/45953/AUTH_50777162d4dc40cfb40939a08020e6ce/gnocchi.aa86a323-ca75-4b54-b73c-02732289ec2e/none_v3" 201 - "PUT http://[::1]:8080/3/110698/AUTH_50777162d4dc40cfb40939a08020e6ce/gnocchi.aa86a323-ca75-4b54-b73c-02732289ec2e/none_v3" "tx2dc55dd828f842d0986de-0069571467" "object-server 97426" 0.0006 "-" 97121 0
Jan 01 19:42:15 np0005573202.novalocal object-server[97426]: ::1 - - [02/Jan/2026:00:42:15 +0000] "PUT /3/110698/AUTH_50777162d4dc40cfb40939a08020e6ce/gnocchi.aa86a323-ca75-4b54-b73c-02732289ec2e/none_v3" 201 - "PUT http://[::1]:8080/v1/AUTH_50777162d4dc40cfb40939a08020e6ce/gnocchi.aa86a323-ca75-4b54-b73c-02732289ec2e/none_v3" "tx2dc55dd828f842d0986de-0069571467" "proxy-server 90240" 0.0109 "-" 97426 0
Jan 01 19:42:15 np0005573202.novalocal container-server[97122]: ::1 - - [02/Jan/2026:00:42:15 +0000] "PUT /3/225108/AUTH_50777162d4dc40cfb40939a08020e6ce/gnocchi.743d821d-785e-4c61-8b89-97b2ca2ab3f6/1766880000.0_mean_300.0_v3" 201 - "PUT http://[::1]:8080/1/93172/AUTH_50777162d4dc40cfb40939a08020e6ce/gnocchi.743d821d-785e-4c61-8b89-97b2ca2ab3f6/1766880000.0_mean_300.0_v3" "tx6e692ba4028643469c187-0069571467" "object-server 97424" 0.0006 "-" 97122 0
Jan 01 19:42:15 np0005573202.novalocal container-server[97121]: ::1 - - [02/Jan/2026:00:42:15 +0000] "PUT /3/45953/AUTH_50777162d4dc40cfb40939a08020e6ce/gnocchi.aa86a323-ca75-4b54-b73c-02732289ec2e/none_v3" 201 - "PUT http://[::1]:8080/1/110698/AUTH_50777162d4dc40cfb40939a08020e6ce/gnocchi.aa86a323-ca75-4b54-b73c-02732289ec2e/none_v3" "tx2dc55dd828f842d0986de-0069571467" "object-server 97425" 0.0004 "-" 97121 0
Jan 01 19:42:15 np0005573202.novalocal object-server[97424]: ::1 - - [02/Jan/2026:00:42:15 +0000] "PUT /1/93172/AUTH_50777162d4dc40cfb40939a08020e6ce/gnocchi.743d821d-785e-4c61-8b89-97b2ca2ab3f6/1766880000.0_mean_300.0_v3" 201 - "PUT http://[::1]:8080/v1/AUTH_50777162d4dc40cfb40939a08020e6ce/gnocchi.743d821d-785e-4c61-8b89-97b2ca2ab3f6/1766880000.0_mean_300.0_v3" "tx6e692ba4028643469c187-0069571467" "proxy-server 90240" 0.0213 "-" 97424 0
Jan 01 19:42:15 np0005573202.novalocal container-server[97121]: ::1 - - [02/Jan/2026:00:42:15 +0000] "PUT /2/45953/AUTH_50777162d4dc40cfb40939a08020e6ce/gnocchi.aa86a323-ca75-4b54-b73c-02732289ec2e/none_v3" 201 - "PUT http://[::1]:8080/2/110698/AUTH_50777162d4dc40cfb40939a08020e6ce/gnocchi.aa86a323-ca75-4b54-b73c-02732289ec2e/none_v3" "tx2dc55dd828f842d0986de-0069571467" "object-server 97424" 0.0004 "-" 97121 0
Jan 01 19:42:15 np0005573202.novalocal object-server[97425]: ::1 - - [02/Jan/2026:00:42:15 +0000] "PUT /1/110698/AUTH_50777162d4dc40cfb40939a08020e6ce/gnocchi.aa86a323-ca75-4b54-b73c-02732289ec2e/none_v3" 201 - "PUT http://[::1]:8080/v1/AUTH_50777162d4dc40cfb40939a08020e6ce/gnocchi.aa86a323-ca75-4b54-b73c-02732289ec2e/none_v3" "tx2dc55dd828f842d0986de-0069571467" "proxy-server 90240" 0.0118 "-" 97425 0
Jan 01 19:42:15 np0005573202.novalocal container-server[97122]: ::1 - - [02/Jan/2026:00:42:15 +0000] "PUT /2/225108/AUTH_50777162d4dc40cfb40939a08020e6ce/gnocchi.743d821d-785e-4c61-8b89-97b2ca2ab3f6/1766880000.0_mean_300.0_v3" 201 - "PUT http://[::1]:8080/3/93172/AUTH_50777162d4dc40cfb40939a08020e6ce/gnocchi.743d821d-785e-4c61-8b89-97b2ca2ab3f6/1766880000.0_mean_300.0_v3" "tx6e692ba4028643469c187-0069571467" "object-server 97423" 0.0003 "-" 97122 0
Jan 01 19:42:15 np0005573202.novalocal container-server[97119]: ::1 - - [02/Jan/2026:00:42:15 +0000] "PUT /1/225108/AUTH_50777162d4dc40cfb40939a08020e6ce/gnocchi.743d821d-785e-4c61-8b89-97b2ca2ab3f6/1766880000.0_mean_300.0_v3" 201 - "PUT http://[::1]:8080/2/93172/AUTH_50777162d4dc40cfb40939a08020e6ce/gnocchi.743d821d-785e-4c61-8b89-97b2ca2ab3f6/1766880000.0_mean_300.0_v3" "tx6e692ba4028643469c187-0069571467" "object-server 97423" 0.0005 "-" 97119 0
Jan 01 19:42:15 np0005573202.novalocal object-server[97424]: ::1 - - [02/Jan/2026:00:42:15 +0000] "PUT /2/110698/AUTH_50777162d4dc40cfb40939a08020e6ce/gnocchi.aa86a323-ca75-4b54-b73c-02732289ec2e/none_v3" 201 - "PUT http://[::1]:8080/v1/AUTH_50777162d4dc40cfb40939a08020e6ce/gnocchi.aa86a323-ca75-4b54-b73c-02732289ec2e/none_v3" "tx2dc55dd828f842d0986de-0069571467" "proxy-server 90240" 0.0157 "-" 97424 0
Jan 01 19:42:15 np0005573202.novalocal object-server[97423]: ::1 - - [02/Jan/2026:00:42:15 +0000] "PUT /3/93172/AUTH_50777162d4dc40cfb40939a08020e6ce/gnocchi.743d821d-785e-4c61-8b89-97b2ca2ab3f6/1766880000.0_mean_300.0_v3" 201 - "PUT http://[::1]:8080/v1/AUTH_50777162d4dc40cfb40939a08020e6ce/gnocchi.743d821d-785e-4c61-8b89-97b2ca2ab3f6/1766880000.0_mean_300.0_v3" "tx6e692ba4028643469c187-0069571467" "proxy-server 90240" 0.0215 "-" 97423 0
Jan 01 19:42:15 np0005573202.novalocal proxy-server[90240]: ::1 ::1 02/Jan/2026/00/42/15 PUT /v1/AUTH_50777162d4dc40cfb40939a08020e6ce/gnocchi.aa86a323-ca75-4b54-b73c-02732289ec2e/none_v3 HTTP/1.0 201 - python-swiftclient-4.2.0 gAAAAABpVxQCpfSE... 31 - - tx2dc55dd828f842d0986de-0069571467 - 0.0227 - - 1767314535.391762018 1767314535.414422989 0
Jan 01 19:42:15 np0005573202.novalocal object-server[97423]: ::1 - - [02/Jan/2026:00:42:15 +0000] "PUT /2/93172/AUTH_50777162d4dc40cfb40939a08020e6ce/gnocchi.743d821d-785e-4c61-8b89-97b2ca2ab3f6/1766880000.0_mean_300.0_v3" 201 - "PUT http://[::1]:8080/v1/AUTH_50777162d4dc40cfb40939a08020e6ce/gnocchi.743d821d-785e-4c61-8b89-97b2ca2ab3f6/1766880000.0_mean_300.0_v3" "tx6e692ba4028643469c187-0069571467" "proxy-server 90240" 0.0215 "-" 97423 0
Jan 01 19:42:15 np0005573202.novalocal proxy-server[90240]: ::1 ::1 02/Jan/2026/00/42/15 PUT /v1/AUTH_50777162d4dc40cfb40939a08020e6ce/gnocchi.743d821d-785e-4c61-8b89-97b2ca2ab3f6/1766880000.0_mean_300.0_v3 HTTP/1.0 201 - python-swiftclient-4.2.0 gAAAAABpVxP6bS-y... 16 - - tx6e692ba4028643469c187-0069571467 - 0.0341 - - 1767314535.382251024 1767314535.416344404 0
Jan 01 19:42:15 np0005573202.novalocal object-server[97423]: ::1 - - [02/Jan/2026:00:42:15 +0000] "GET /2/35345/AUTH_50777162d4dc40cfb40939a08020e6ce/gnocchi.dcde151d-6ce9-4cfa-8531-be0745350dd7/none_v3" 200 22 "GET http://[::1]:8080/v1/AUTH_50777162d4dc40cfb40939a08020e6ce/gnocchi.dcde151d-6ce9-4cfa-8531-be0745350dd7/none_v3" "tx97c018b1a0de469bbc46c-0069571467" "proxy-server 90240" 0.0007 "-" 97423 0
Jan 01 19:42:15 np0005573202.novalocal proxy-server[90240]: ::1 ::1 02/Jan/2026/00/42/15 GET /v1/AUTH_50777162d4dc40cfb40939a08020e6ce/gnocchi.dcde151d-6ce9-4cfa-8531-be0745350dd7/none_v3 HTTP/1.0 200 - python-swiftclient-4.2.0 gAAAAABpVxQCpfSE... - 22 - tx97c018b1a0de469bbc46c-0069571467 - 0.0047 - - 1767314535.423715830 1767314535.428366184 0
Jan 01 19:42:15 np0005573202.novalocal container-server[97119]: ::1 - - [02/Jan/2026:00:42:15 +0000] "PUT /3/225108/AUTH_50777162d4dc40cfb40939a08020e6ce/gnocchi.743d821d-785e-4c61-8b89-97b2ca2ab3f6/none_v3" 201 - "PUT http://[::1]:8080/2/213387/AUTH_50777162d4dc40cfb40939a08020e6ce/gnocchi.743d821d-785e-4c61-8b89-97b2ca2ab3f6/none_v3" "txe7c4da5c62594ffc8090a-0069571467" "object-server 97425" 0.0004 "-" 97119 0
Jan 01 19:42:15 np0005573202.novalocal object-server[97425]: ::1 - - [02/Jan/2026:00:42:15 +0000] "PUT /2/213387/AUTH_50777162d4dc40cfb40939a08020e6ce/gnocchi.743d821d-785e-4c61-8b89-97b2ca2ab3f6/none_v3" 201 - "PUT http://[::1]:8080/v1/AUTH_50777162d4dc40cfb40939a08020e6ce/gnocchi.743d821d-785e-4c61-8b89-97b2ca2ab3f6/none_v3" "txe7c4da5c62594ffc8090a-0069571467" "proxy-server 90240" 0.0124 "-" 97425 0
Jan 01 19:42:15 np0005573202.novalocal container-server[97122]: ::1 - - [02/Jan/2026:00:42:15 +0000] "PUT /2/225108/AUTH_50777162d4dc40cfb40939a08020e6ce/gnocchi.743d821d-785e-4c61-8b89-97b2ca2ab3f6/none_v3" 201 - "PUT http://[::1]:8080/1/213387/AUTH_50777162d4dc40cfb40939a08020e6ce/gnocchi.743d821d-785e-4c61-8b89-97b2ca2ab3f6/none_v3" "txe7c4da5c62594ffc8090a-0069571467" "object-server 97426" 0.0004 "-" 97122 0
Jan 01 19:42:15 np0005573202.novalocal object-server[97426]: ::1 - - [02/Jan/2026:00:42:15 +0000] "PUT /1/213387/AUTH_50777162d4dc40cfb40939a08020e6ce/gnocchi.743d821d-785e-4c61-8b89-97b2ca2ab3f6/none_v3" 201 - "PUT http://[::1]:8080/v1/AUTH_50777162d4dc40cfb40939a08020e6ce/gnocchi.743d821d-785e-4c61-8b89-97b2ca2ab3f6/none_v3" "txe7c4da5c62594ffc8090a-0069571467" "proxy-server 90240" 0.0135 "-" 97426 0
Jan 01 19:42:15 np0005573202.novalocal container-server[97120]: ::1 - - [02/Jan/2026:00:42:15 +0000] "PUT /1/225108/AUTH_50777162d4dc40cfb40939a08020e6ce/gnocchi.743d821d-785e-4c61-8b89-97b2ca2ab3f6/none_v3" 201 - "PUT http://[::1]:8080/3/213387/AUTH_50777162d4dc40cfb40939a08020e6ce/gnocchi.743d821d-785e-4c61-8b89-97b2ca2ab3f6/none_v3" "txe7c4da5c62594ffc8090a-0069571467" "object-server 97423" 0.0004 "-" 97120 0
Jan 01 19:42:15 np0005573202.novalocal container-server[97120]: ::1 - - [02/Jan/2026:00:42:15 +0000] "GET /2/57168/AUTH_50777162d4dc40cfb40939a08020e6ce/gnocchi.dcde151d-6ce9-4cfa-8531-be0745350dd7" 200 357 "GET http://[::1]:8080/v1/AUTH_50777162d4dc40cfb40939a08020e6ce/gnocchi.dcde151d-6ce9-4cfa-8531-be0745350dd7?format=json&states=listing" "txc8b9ca52d7894fb59217b-0069571467" "proxy-server 90240" 0.0082 "-" 97120 0
Jan 01 19:42:15 np0005573202.novalocal object-server[97423]: ::1 - - [02/Jan/2026:00:42:15 +0000] "PUT /3/213387/AUTH_50777162d4dc40cfb40939a08020e6ce/gnocchi.743d821d-785e-4c61-8b89-97b2ca2ab3f6/none_v3" 201 - "PUT http://[::1]:8080/v1/AUTH_50777162d4dc40cfb40939a08020e6ce/gnocchi.743d821d-785e-4c61-8b89-97b2ca2ab3f6/none_v3" "txe7c4da5c62594ffc8090a-0069571467" "proxy-server 90240" 0.0171 "-" 97423 0
Jan 01 19:42:15 np0005573202.novalocal proxy-server[90240]: ::1 ::1 02/Jan/2026/00/42/15 PUT /v1/AUTH_50777162d4dc40cfb40939a08020e6ce/gnocchi.743d821d-785e-4c61-8b89-97b2ca2ab3f6/none_v3 HTTP/1.0 201 - python-swiftclient-4.2.0 gAAAAABpVxP6bS-y... 22 - - txe7c4da5c62594ffc8090a-0069571467 - 0.0258 - - 1767314535.418737173 1767314535.444576263 0
Jan 01 19:42:15 np0005573202.novalocal proxy-server[90240]: ::1 ::1 02/Jan/2026/00/42/15 GET /v1/AUTH_50777162d4dc40cfb40939a08020e6ce/gnocchi.dcde151d-6ce9-4cfa-8531-be0745350dd7%3Fformat%3Djson%26states%3Dlisting HTTP/1.0 200 - python-swiftclient-4.2.0 gAAAAABpVxQCpfSE... - 357 - txc8b9ca52d7894fb59217b-0069571467 - 0.0146 - - 1767314535.431369305 1767314535.445975542 0
Jan 01 19:42:15 np0005573202.novalocal object-server[97425]: ::1 - - [02/Jan/2026:00:42:15 +0000] "GET /2/10364/AUTH_50777162d4dc40cfb40939a08020e6ce/gnocchi.f23977e3-2f9a-48a7-b742-c553da7a0da8/none_v3" 200 22 "GET http://[::1]:8080/v1/AUTH_50777162d4dc40cfb40939a08020e6ce/gnocchi.f23977e3-2f9a-48a7-b742-c553da7a0da8/none_v3" "txe4d9a80ef3c24d19beda0-0069571467" "proxy-server 90240" 0.0009 "-" 97425 0
Jan 01 19:42:15 np0005573202.novalocal proxy-server[90240]: ::1 ::1 02/Jan/2026/00/42/15 GET /v1/AUTH_50777162d4dc40cfb40939a08020e6ce/gnocchi.f23977e3-2f9a-48a7-b742-c553da7a0da8/none_v3 HTTP/1.0 200 - python-swiftclient-4.2.0 gAAAAABpVxP6bS-y... - 22 - txe4d9a80ef3c24d19beda0-0069571467 - 0.0063 - - 1767314535.455824852 1767314535.462133408 0
Jan 01 19:42:15 np0005573202.novalocal container-server[97119]: ::1 - - [02/Jan/2026:00:42:15 +0000] "GET /1/57168/AUTH_50777162d4dc40cfb40939a08020e6ce/gnocchi.dcde151d-6ce9-4cfa-8531-be0745350dd7" 200 2 "GET http://[::1]:8080/v1/AUTH_50777162d4dc40cfb40939a08020e6ce/gnocchi.dcde151d-6ce9-4cfa-8531-be0745350dd7?format=json&marker=none_v3&states=listing" "tx7b1495eec6ca40dba6e9a-0069571467" "proxy-server 90240" 0.0093 "-" 97119 0
Jan 01 19:42:15 np0005573202.novalocal proxy-server[90240]: ::1 ::1 02/Jan/2026/00/42/15 GET /v1/AUTH_50777162d4dc40cfb40939a08020e6ce/gnocchi.dcde151d-6ce9-4cfa-8531-be0745350dd7%3Fformat%3Djson%26marker%3Dnone_v3%26states%3Dlisting HTTP/1.0 200 - python-swiftclient-4.2.0 gAAAAABpVxQCpfSE... - 2 - tx7b1495eec6ca40dba6e9a-0069571467 - 0.0154 - - 1767314535.449249506 1767314535.464691162 0
Jan 01 19:42:15 np0005573202.novalocal object-server[97424]: ::1 - - [02/Jan/2026:00:42:15 +0000] "GET /2/246260/AUTH_50777162d4dc40cfb40939a08020e6ce/gnocchi.dcde151d-6ce9-4cfa-8531-be0745350dd7/1766880000.0_mean_300.0_v3" 200 16 "GET http://[::1]:8080/v1/AUTH_50777162d4dc40cfb40939a08020e6ce/gnocchi.dcde151d-6ce9-4cfa-8531-be0745350dd7/1766880000.0_mean_300.0_v3" "tx7bb7f17e64d74dbdb4267-0069571467" "proxy-server 90240" 0.0007 "-" 97424 0
Jan 01 19:42:15 np0005573202.novalocal proxy-server[90240]: ::1 ::1 02/Jan/2026/00/42/15 GET /v1/AUTH_50777162d4dc40cfb40939a08020e6ce/gnocchi.dcde151d-6ce9-4cfa-8531-be0745350dd7/1766880000.0_mean_300.0_v3 HTTP/1.0 200 - python-swiftclient-4.2.0 gAAAAABpVxQCpfSE... - 16 - tx7bb7f17e64d74dbdb4267-0069571467 - 0.0056 - - 1767314535.469070435 1767314535.474694729 0
Jan 01 19:42:15 np0005573202.novalocal container-server[97120]: ::1 - - [02/Jan/2026:00:42:15 +0000] "GET /1/194389/AUTH_50777162d4dc40cfb40939a08020e6ce/gnocchi.f23977e3-2f9a-48a7-b742-c553da7a0da8" 200 357 "GET http://[::1]:8080/v1/AUTH_50777162d4dc40cfb40939a08020e6ce/gnocchi.f23977e3-2f9a-48a7-b742-c553da7a0da8?format=json&states=listing" "tx15d7ace14cbd4106854f1-0069571467" "proxy-server 90240" 0.0185 "-" 97120 0
Jan 01 19:42:15 np0005573202.novalocal proxy-server[90240]: ::1 ::1 02/Jan/2026/00/42/15 GET /v1/AUTH_50777162d4dc40cfb40939a08020e6ce/gnocchi.f23977e3-2f9a-48a7-b742-c553da7a0da8%3Fformat%3Djson%26states%3Dlisting HTTP/1.0 200 - python-swiftclient-4.2.0 gAAAAABpVxP6bS-y... - 357 - tx15d7ace14cbd4106854f1-0069571467 - 0.0258 - - 1767314535.465468884 1767314535.491299868 0
Jan 01 19:42:15 np0005573202.novalocal container-server[97122]: ::1 - - [02/Jan/2026:00:42:15 +0000] "PUT /3/57168/AUTH_50777162d4dc40cfb40939a08020e6ce/gnocchi.dcde151d-6ce9-4cfa-8531-be0745350dd7/1766880000.0_mean_300.0_v3" 201 - "PUT http://[::1]:8080/2/246260/AUTH_50777162d4dc40cfb40939a08020e6ce/gnocchi.dcde151d-6ce9-4cfa-8531-be0745350dd7/1766880000.0_mean_300.0_v3" "tx6429e0bcbad74a5f8f291-0069571467" "object-server 97424" 0.0006 "-" 97122 0
Jan 01 19:42:15 np0005573202.novalocal object-server[97424]: ::1 - - [02/Jan/2026:00:42:15 +0000] "PUT /2/246260/AUTH_50777162d4dc40cfb40939a08020e6ce/gnocchi.dcde151d-6ce9-4cfa-8531-be0745350dd7/1766880000.0_mean_300.0_v3" 201 - "PUT http://[::1]:8080/v1/AUTH_50777162d4dc40cfb40939a08020e6ce/gnocchi.dcde151d-6ce9-4cfa-8531-be0745350dd7/1766880000.0_mean_300.0_v3" "tx6429e0bcbad74a5f8f291-0069571467" "proxy-server 90240" 0.0095 "-" 97424 0
Jan 01 19:42:15 np0005573202.novalocal container-server[97122]: ::1 - - [02/Jan/2026:00:42:15 +0000] "PUT /1/57168/AUTH_50777162d4dc40cfb40939a08020e6ce/gnocchi.dcde151d-6ce9-4cfa-8531-be0745350dd7/1766880000.0_mean_300.0_v3" 201 - "PUT http://[::1]:8080/1/246260/AUTH_50777162d4dc40cfb40939a08020e6ce/gnocchi.dcde151d-6ce9-4cfa-8531-be0745350dd7/1766880000.0_mean_300.0_v3" "tx6429e0bcbad74a5f8f291-0069571467" "object-server 97423" 0.0003 "-" 97122 0
Jan 01 19:42:15 np0005573202.novalocal container-server[97121]: ::1 - - [02/Jan/2026:00:42:15 +0000] "PUT /2/57168/AUTH_50777162d4dc40cfb40939a08020e6ce/gnocchi.dcde151d-6ce9-4cfa-8531-be0745350dd7/1766880000.0_mean_300.0_v3" 201 - "PUT http://[::1]:8080/3/246260/AUTH_50777162d4dc40cfb40939a08020e6ce/gnocchi.dcde151d-6ce9-4cfa-8531-be0745350dd7/1766880000.0_mean_300.0_v3" "tx6429e0bcbad74a5f8f291-0069571467" "object-server 97426" 0.0006 "-" 97121 0
Jan 01 19:42:15 np0005573202.novalocal object-server[97423]: ::1 - - [02/Jan/2026:00:42:15 +0000] "PUT /1/246260/AUTH_50777162d4dc40cfb40939a08020e6ce/gnocchi.dcde151d-6ce9-4cfa-8531-be0745350dd7/1766880000.0_mean_300.0_v3" 201 - "PUT http://[::1]:8080/v1/AUTH_50777162d4dc40cfb40939a08020e6ce/gnocchi.dcde151d-6ce9-4cfa-8531-be0745350dd7/1766880000.0_mean_300.0_v3" "tx6429e0bcbad74a5f8f291-0069571467" "proxy-server 90240" 0.0149 "-" 97423 0
Jan 01 19:42:15 np0005573202.novalocal object-server[97426]: ::1 - - [02/Jan/2026:00:42:15 +0000] "PUT /3/246260/AUTH_50777162d4dc40cfb40939a08020e6ce/gnocchi.dcde151d-6ce9-4cfa-8531-be0745350dd7/1766880000.0_mean_300.0_v3" 201 - "PUT http://[::1]:8080/v1/AUTH_50777162d4dc40cfb40939a08020e6ce/gnocchi.dcde151d-6ce9-4cfa-8531-be0745350dd7/1766880000.0_mean_300.0_v3" "tx6429e0bcbad74a5f8f291-0069571467" "proxy-server 90240" 0.0181 "-" 97426 0
Jan 01 19:42:15 np0005573202.novalocal proxy-server[90240]: ::1 ::1 02/Jan/2026/00/42/15 PUT /v1/AUTH_50777162d4dc40cfb40939a08020e6ce/gnocchi.dcde151d-6ce9-4cfa-8531-be0745350dd7/1766880000.0_mean_300.0_v3 HTTP/1.0 201 - python-swiftclient-4.2.0 gAAAAABpVxQCpfSE... 16 - - tx6429e0bcbad74a5f8f291-0069571467 - 0.0278 - - 1767314535.478008032 1767314535.505817413 0
Jan 01 19:42:15 np0005573202.novalocal container-server[97119]: ::1 - - [02/Jan/2026:00:42:15 +0000] "GET /2/194389/AUTH_50777162d4dc40cfb40939a08020e6ce/gnocchi.f23977e3-2f9a-48a7-b742-c553da7a0da8" 200 2 "GET http://[::1]:8080/v1/AUTH_50777162d4dc40cfb40939a08020e6ce/gnocchi.f23977e3-2f9a-48a7-b742-c553da7a0da8?format=json&marker=none_v3&states=listing" "tx1751d14c79d544519cb80-0069571467" "proxy-server 90240" 0.0067 "-" 97119 0
Jan 01 19:42:15 np0005573202.novalocal proxy-server[90240]: ::1 ::1 02/Jan/2026/00/42/15 GET /v1/AUTH_50777162d4dc40cfb40939a08020e6ce/gnocchi.f23977e3-2f9a-48a7-b742-c553da7a0da8%3Fformat%3Djson%26marker%3Dnone_v3%26states%3Dlisting HTTP/1.0 200 - python-swiftclient-4.2.0 gAAAAABpVxP6bS-y... - 2 - tx1751d14c79d544519cb80-0069571467 - 0.0139 - - 1767314535.495840549 1767314535.509737730 0
Jan 01 19:42:15 np0005573202.novalocal object-server[97425]: ::1 - - [02/Jan/2026:00:42:15 +0000] "GET /3/129145/AUTH_50777162d4dc40cfb40939a08020e6ce/gnocchi.f23977e3-2f9a-48a7-b742-c553da7a0da8/1766880000.0_mean_300.0_v3" 200 16 "GET http://[::1]:8080/v1/AUTH_50777162d4dc40cfb40939a08020e6ce/gnocchi.f23977e3-2f9a-48a7-b742-c553da7a0da8/1766880000.0_mean_300.0_v3" "tx69b5a320fd094dd190041-0069571467" "proxy-server 90240" 0.0005 "-" 97425 0
Jan 01 19:42:15 np0005573202.novalocal proxy-server[90240]: ::1 ::1 02/Jan/2026/00/42/15 GET /v1/AUTH_50777162d4dc40cfb40939a08020e6ce/gnocchi.f23977e3-2f9a-48a7-b742-c553da7a0da8/1766880000.0_mean_300.0_v3 HTTP/1.0 200 - python-swiftclient-4.2.0 gAAAAABpVxP6bS-y... - 16 - tx69b5a320fd094dd190041-0069571467 - 0.0067 - - 1767314535.516026020 1767314535.522747755 0
Jan 01 19:42:15 np0005573202.novalocal container-server[97121]: ::1 - - [02/Jan/2026:00:42:15 +0000] "PUT /3/57168/AUTH_50777162d4dc40cfb40939a08020e6ce/gnocchi.dcde151d-6ce9-4cfa-8531-be0745350dd7/none_v3" 201 - "PUT http://[::1]:8080/1/35345/AUTH_50777162d4dc40cfb40939a08020e6ce/gnocchi.dcde151d-6ce9-4cfa-8531-be0745350dd7/none_v3" "txe535d0d1d2034695ab0e9-0069571467" "object-server 97425" 0.0005 "-" 97121 0
Jan 01 19:42:15 np0005573202.novalocal object-server[97425]: ::1 - - [02/Jan/2026:00:42:15 +0000] "PUT /1/35345/AUTH_50777162d4dc40cfb40939a08020e6ce/gnocchi.dcde151d-6ce9-4cfa-8531-be0745350dd7/none_v3" 201 - "PUT http://[::1]:8080/v1/AUTH_50777162d4dc40cfb40939a08020e6ce/gnocchi.dcde151d-6ce9-4cfa-8531-be0745350dd7/none_v3" "txe535d0d1d2034695ab0e9-0069571467" "proxy-server 90240" 0.0112 "-" 97425 0
Jan 01 19:42:15 np0005573202.novalocal container-server[97121]: ::1 - - [02/Jan/2026:00:42:15 +0000] "PUT /1/57168/AUTH_50777162d4dc40cfb40939a08020e6ce/gnocchi.dcde151d-6ce9-4cfa-8531-be0745350dd7/none_v3" 201 - "PUT http://[::1]:8080/3/35345/AUTH_50777162d4dc40cfb40939a08020e6ce/gnocchi.dcde151d-6ce9-4cfa-8531-be0745350dd7/none_v3" "txe535d0d1d2034695ab0e9-0069571467" "object-server 97424" 0.0004 "-" 97121 0
Jan 01 19:42:15 np0005573202.novalocal container-server[97122]: ::1 - - [02/Jan/2026:00:42:15 +0000] "PUT /2/57168/AUTH_50777162d4dc40cfb40939a08020e6ce/gnocchi.dcde151d-6ce9-4cfa-8531-be0745350dd7/none_v3" 201 - "PUT http://[::1]:8080/2/35345/AUTH_50777162d4dc40cfb40939a08020e6ce/gnocchi.dcde151d-6ce9-4cfa-8531-be0745350dd7/none_v3" "txe535d0d1d2034695ab0e9-0069571467" "object-server 97424" 0.0005 "-" 97122 0
Jan 01 19:42:15 np0005573202.novalocal object-server[97424]: ::1 - - [02/Jan/2026:00:42:15 +0000] "PUT /3/35345/AUTH_50777162d4dc40cfb40939a08020e6ce/gnocchi.dcde151d-6ce9-4cfa-8531-be0745350dd7/none_v3" 201 - "PUT http://[::1]:8080/v1/AUTH_50777162d4dc40cfb40939a08020e6ce/gnocchi.dcde151d-6ce9-4cfa-8531-be0745350dd7/none_v3" "txe535d0d1d2034695ab0e9-0069571467" "proxy-server 90240" 0.0123 "-" 97424 0
Jan 01 19:42:15 np0005573202.novalocal object-server[97424]: ::1 - - [02/Jan/2026:00:42:15 +0000] "PUT /2/35345/AUTH_50777162d4dc40cfb40939a08020e6ce/gnocchi.dcde151d-6ce9-4cfa-8531-be0745350dd7/none_v3" 201 - "PUT http://[::1]:8080/v1/AUTH_50777162d4dc40cfb40939a08020e6ce/gnocchi.dcde151d-6ce9-4cfa-8531-be0745350dd7/none_v3" "txe535d0d1d2034695ab0e9-0069571467" "proxy-server 90240" 0.0145 "-" 97424 0
Jan 01 19:42:15 np0005573202.novalocal proxy-server[90240]: ::1 ::1 02/Jan/2026/00/42/15 PUT /v1/AUTH_50777162d4dc40cfb40939a08020e6ce/gnocchi.dcde151d-6ce9-4cfa-8531-be0745350dd7/none_v3 HTTP/1.0 201 - python-swiftclient-4.2.0 gAAAAABpVxQCpfSE... 26 - - txe535d0d1d2034695ab0e9-0069571467 - 0.0239 - - 1767314535.510604620 1767314535.534514189 0
Jan 01 19:42:15 np0005573202.novalocal object-server[97425]: ::1 - - [02/Jan/2026:00:42:15 +0000] "GET /3/213387/AUTH_50777162d4dc40cfb40939a08020e6ce/gnocchi.743d821d-785e-4c61-8b89-97b2ca2ab3f6/none_v3" 200 22 "GET http://[::1]:8080/v1/AUTH_50777162d4dc40cfb40939a08020e6ce/gnocchi.743d821d-785e-4c61-8b89-97b2ca2ab3f6/none_v3" "tx7859d03f541a487392125-0069571467" "proxy-server 90240" 0.0008 "-" 97425 0
Jan 01 19:42:15 np0005573202.novalocal proxy-server[90240]: ::1 ::1 02/Jan/2026/00/42/15 GET /v1/AUTH_50777162d4dc40cfb40939a08020e6ce/gnocchi.743d821d-785e-4c61-8b89-97b2ca2ab3f6/none_v3 HTTP/1.0 200 - python-swiftclient-4.2.0 gAAAAABpVxQCpfSE... - 22 - tx7859d03f541a487392125-0069571467 - 0.0066 - - 1767314535.548297405 1767314535.554943800 0
Jan 01 19:42:15 np0005573202.novalocal container-server[97119]: ::1 - - [02/Jan/2026:00:42:15 +0000] "GET /1/225108/AUTH_50777162d4dc40cfb40939a08020e6ce/gnocchi.743d821d-785e-4c61-8b89-97b2ca2ab3f6" 200 357 "GET http://[::1]:8080/v1/AUTH_50777162d4dc40cfb40939a08020e6ce/gnocchi.743d821d-785e-4c61-8b89-97b2ca2ab3f6?format=json&states=listing" "txf269c6dc865446cba1647-0069571467" "proxy-server 90240" 0.0070 "-" 97119 0
Jan 01 19:42:15 np0005573202.novalocal container-server[97119]: ::1 - - [02/Jan/2026:00:42:15 +0000] "PUT /1/194389/AUTH_50777162d4dc40cfb40939a08020e6ce/gnocchi.f23977e3-2f9a-48a7-b742-c553da7a0da8/1766880000.0_mean_300.0_v3" 201 - "PUT http://[::1]:8080/3/129145/AUTH_50777162d4dc40cfb40939a08020e6ce/gnocchi.f23977e3-2f9a-48a7-b742-c553da7a0da8/1766880000.0_mean_300.0_v3" "txd272a219ba9e44cc80e57-0069571467" "object-server 97423" 0.0006 "-" 97119 0
Jan 01 19:42:15 np0005573202.novalocal proxy-server[90240]: ::1 ::1 02/Jan/2026/00/42/15 GET /v1/AUTH_50777162d4dc40cfb40939a08020e6ce/gnocchi.743d821d-785e-4c61-8b89-97b2ca2ab3f6%3Fformat%3Djson%26states%3Dlisting HTTP/1.0 200 - python-swiftclient-4.2.0 gAAAAABpVxQCpfSE... - 357 - txf269c6dc865446cba1647-0069571467 - 0.0136 - - 1767314535.557270288 1767314535.570834398 0
Jan 01 19:42:15 np0005573202.novalocal object-server[97423]: ::1 - - [02/Jan/2026:00:42:15 +0000] "PUT /3/129145/AUTH_50777162d4dc40cfb40939a08020e6ce/gnocchi.f23977e3-2f9a-48a7-b742-c553da7a0da8/1766880000.0_mean_300.0_v3" 201 - "PUT http://[::1]:8080/v1/AUTH_50777162d4dc40cfb40939a08020e6ce/gnocchi.f23977e3-2f9a-48a7-b742-c553da7a0da8/1766880000.0_mean_300.0_v3" "txd272a219ba9e44cc80e57-0069571467" "proxy-server 90240" 0.0267 "-" 97423 0
Jan 01 19:42:15 np0005573202.novalocal container-server[97122]: ::1 - - [02/Jan/2026:00:42:15 +0000] "PUT /2/194389/AUTH_50777162d4dc40cfb40939a08020e6ce/gnocchi.f23977e3-2f9a-48a7-b742-c553da7a0da8/1766880000.0_mean_300.0_v3" 201 - "PUT http://[::1]:8080/2/129145/AUTH_50777162d4dc40cfb40939a08020e6ce/gnocchi.f23977e3-2f9a-48a7-b742-c553da7a0da8/1766880000.0_mean_300.0_v3" "txd272a219ba9e44cc80e57-0069571467" "object-server 97426" 0.0018 "-" 97122 0
Jan 01 19:42:15 np0005573202.novalocal object-server[97426]: ::1 - - [02/Jan/2026:00:42:15 +0000] "PUT /2/129145/AUTH_50777162d4dc40cfb40939a08020e6ce/gnocchi.f23977e3-2f9a-48a7-b742-c553da7a0da8/1766880000.0_mean_300.0_v3" 201 - "PUT http://[::1]:8080/v1/AUTH_50777162d4dc40cfb40939a08020e6ce/gnocchi.f23977e3-2f9a-48a7-b742-c553da7a0da8/1766880000.0_mean_300.0_v3" "txd272a219ba9e44cc80e57-0069571467" "proxy-server 90240" 0.0298 "-" 97426 0
Jan 01 19:42:15 np0005573202.novalocal container-server[97122]: ::1 - - [02/Jan/2026:00:42:15 +0000] "PUT /3/194389/AUTH_50777162d4dc40cfb40939a08020e6ce/gnocchi.f23977e3-2f9a-48a7-b742-c553da7a0da8/1766880000.0_mean_300.0_v3" 201 - "PUT http://[::1]:8080/1/129145/AUTH_50777162d4dc40cfb40939a08020e6ce/gnocchi.f23977e3-2f9a-48a7-b742-c553da7a0da8/1766880000.0_mean_300.0_v3" "txd272a219ba9e44cc80e57-0069571467" "object-server 97423" 0.0004 "-" 97122 0
Jan 01 19:42:15 np0005573202.novalocal object-server[106070]: Object audit (ZBF) "forever" mode completed: 3.87s. Total quarantined: 0, Total errors: 0, Total files/sec: 50.19, Total bytes/sec: 0.00, Auditing time: 3.81, Rate: 0.99
Jan 01 19:42:15 np0005573202.novalocal object-server[97423]: ::1 - - [02/Jan/2026:00:42:15 +0000] "PUT /1/129145/AUTH_50777162d4dc40cfb40939a08020e6ce/gnocchi.f23977e3-2f9a-48a7-b742-c553da7a0da8/1766880000.0_mean_300.0_v3" 201 - "PUT http://[::1]:8080/v1/AUTH_50777162d4dc40cfb40939a08020e6ce/gnocchi.f23977e3-2f9a-48a7-b742-c553da7a0da8/1766880000.0_mean_300.0_v3" "txd272a219ba9e44cc80e57-0069571467" "proxy-server 90240" 0.0283 "-" 97423 0
Jan 01 19:42:15 np0005573202.novalocal proxy-server[90240]: ::1 ::1 02/Jan/2026/00/42/15 PUT /v1/AUTH_50777162d4dc40cfb40939a08020e6ce/gnocchi.f23977e3-2f9a-48a7-b742-c553da7a0da8/1766880000.0_mean_300.0_v3 HTTP/1.0 201 - python-swiftclient-4.2.0 gAAAAABpVxP6bS-y... 16 - - txd272a219ba9e44cc80e57-0069571467 - 0.0443 - - 1767314535.533081770 1767314535.577355623 0
Jan 01 19:42:15 np0005573202.novalocal container-server[97119]: ::1 - - [02/Jan/2026:00:42:15 +0000] "GET /2/225108/AUTH_50777162d4dc40cfb40939a08020e6ce/gnocchi.743d821d-785e-4c61-8b89-97b2ca2ab3f6" 200 2 "GET http://[::1]:8080/v1/AUTH_50777162d4dc40cfb40939a08020e6ce/gnocchi.743d821d-785e-4c61-8b89-97b2ca2ab3f6?format=json&marker=none_v3&states=listing" "tx5d2d8bd3c0ee4732bda3e-0069571467" "proxy-server 90240" 0.0069 "-" 97119 0
Jan 01 19:42:15 np0005573202.novalocal proxy-server[90240]: ::1 ::1 02/Jan/2026/00/42/15 GET /v1/AUTH_50777162d4dc40cfb40939a08020e6ce/gnocchi.743d821d-785e-4c61-8b89-97b2ca2ab3f6%3Fformat%3Djson%26marker%3Dnone_v3%26states%3Dlisting HTTP/1.0 200 - python-swiftclient-4.2.0 gAAAAABpVxQCpfSE... - 2 - tx5d2d8bd3c0ee4732bda3e-0069571467 - 0.0155 - - 1767314535.574408770 1767314535.589930296 0
Jan 01 19:42:15 np0005573202.novalocal container-server[97120]: ::1 - - [02/Jan/2026:00:42:15 +0000] "PUT /2/194389/AUTH_50777162d4dc40cfb40939a08020e6ce/gnocchi.f23977e3-2f9a-48a7-b742-c553da7a0da8/none_v3" 201 - "PUT http://[::1]:8080/1/10364/AUTH_50777162d4dc40cfb40939a08020e6ce/gnocchi.f23977e3-2f9a-48a7-b742-c553da7a0da8/none_v3" "txe1aa4b2fdb124f27ae9cf-0069571467" "object-server 97426" 0.0006 "-" 97120 0
Jan 01 19:42:15 np0005573202.novalocal container-server[97121]: ::1 - - [02/Jan/2026:00:42:15 +0000] "PUT /1/194389/AUTH_50777162d4dc40cfb40939a08020e6ce/gnocchi.f23977e3-2f9a-48a7-b742-c553da7a0da8/none_v3" 201 - "PUT http://[::1]:8080/3/10364/AUTH_50777162d4dc40cfb40939a08020e6ce/gnocchi.f23977e3-2f9a-48a7-b742-c553da7a0da8/none_v3" "txe1aa4b2fdb124f27ae9cf-0069571467" "object-server 97426" 0.0005 "-" 97121 0
Jan 01 19:42:15 np0005573202.novalocal object-server[97426]: ::1 - - [02/Jan/2026:00:42:15 +0000] "PUT /1/10364/AUTH_50777162d4dc40cfb40939a08020e6ce/gnocchi.f23977e3-2f9a-48a7-b742-c553da7a0da8/none_v3" 201 - "PUT http://[::1]:8080/v1/AUTH_50777162d4dc40cfb40939a08020e6ce/gnocchi.f23977e3-2f9a-48a7-b742-c553da7a0da8/none_v3" "txe1aa4b2fdb124f27ae9cf-0069571467" "proxy-server 90240" 0.0091 "-" 97426 0
Jan 01 19:42:15 np0005573202.novalocal object-server[97426]: ::1 - - [02/Jan/2026:00:42:15 +0000] "PUT /3/10364/AUTH_50777162d4dc40cfb40939a08020e6ce/gnocchi.f23977e3-2f9a-48a7-b742-c553da7a0da8/none_v3" 201 - "PUT http://[::1]:8080/v1/AUTH_50777162d4dc40cfb40939a08020e6ce/gnocchi.f23977e3-2f9a-48a7-b742-c553da7a0da8/none_v3" "txe1aa4b2fdb124f27ae9cf-0069571467" "proxy-server 90240" 0.0113 "-" 97426 0
Jan 01 19:42:15 np0005573202.novalocal container-server[97119]: ::1 - - [02/Jan/2026:00:42:15 +0000] "PUT /3/194389/AUTH_50777162d4dc40cfb40939a08020e6ce/gnocchi.f23977e3-2f9a-48a7-b742-c553da7a0da8/none_v3" 201 - "PUT http://[::1]:8080/2/10364/AUTH_50777162d4dc40cfb40939a08020e6ce/gnocchi.f23977e3-2f9a-48a7-b742-c553da7a0da8/none_v3" "txe1aa4b2fdb124f27ae9cf-0069571467" "object-server 97426" 0.0004 "-" 97119 0
Jan 01 19:42:15 np0005573202.novalocal object-server[97426]: ::1 - - [02/Jan/2026:00:42:15 +0000] "PUT /2/10364/AUTH_50777162d4dc40cfb40939a08020e6ce/gnocchi.f23977e3-2f9a-48a7-b742-c553da7a0da8/none_v3" 201 - "PUT http://[::1]:8080/v1/AUTH_50777162d4dc40cfb40939a08020e6ce/gnocchi.f23977e3-2f9a-48a7-b742-c553da7a0da8/none_v3" "txe1aa4b2fdb124f27ae9cf-0069571467" "proxy-server 90240" 0.0138 "-" 97426 0
Jan 01 19:42:15 np0005573202.novalocal proxy-server[90240]: ::1 ::1 02/Jan/2026/00/42/15 PUT /v1/AUTH_50777162d4dc40cfb40939a08020e6ce/gnocchi.f23977e3-2f9a-48a7-b742-c553da7a0da8/none_v3 HTTP/1.0 201 - python-swiftclient-4.2.0 gAAAAABpVxP6bS-y... 30 - - txe1aa4b2fdb124f27ae9cf-0069571467 - 0.0197 - - 1767314535.579520226 1767314535.599177837 0
Jan 01 19:42:15 np0005573202.novalocal object-server[97425]: ::1 - - [02/Jan/2026:00:42:15 +0000] "GET /3/93172/AUTH_50777162d4dc40cfb40939a08020e6ce/gnocchi.743d821d-785e-4c61-8b89-97b2ca2ab3f6/1766880000.0_mean_300.0_v3" 200 16 "GET http://[::1]:8080/v1/AUTH_50777162d4dc40cfb40939a08020e6ce/gnocchi.743d821d-785e-4c61-8b89-97b2ca2ab3f6/1766880000.0_mean_300.0_v3" "tx99549d0410db48a99bd03-0069571467" "proxy-server 90240" 0.0009 "-" 97425 0
Jan 01 19:42:15 np0005573202.novalocal proxy-server[90240]: ::1 ::1 02/Jan/2026/00/42/15 GET /v1/AUTH_50777162d4dc40cfb40939a08020e6ce/gnocchi.743d821d-785e-4c61-8b89-97b2ca2ab3f6/1766880000.0_mean_300.0_v3 HTTP/1.0 200 - python-swiftclient-4.2.0 gAAAAABpVxQCpfSE... - 16 - tx99549d0410db48a99bd03-0069571467 - 0.0073 - - 1767314535.598226786 1767314535.605506659 0
Jan 01 19:42:15 np0005573202.novalocal container-server[97120]: ::1 - - [02/Jan/2026:00:42:15 +0000] "PUT /1/225108/AUTH_50777162d4dc40cfb40939a08020e6ce/gnocchi.743d821d-785e-4c61-8b89-97b2ca2ab3f6/1766880000.0_mean_300.0_v3" 201 - "PUT http://[::1]:8080/2/93172/AUTH_50777162d4dc40cfb40939a08020e6ce/gnocchi.743d821d-785e-4c61-8b89-97b2ca2ab3f6/1766880000.0_mean_300.0_v3" "tx3e0223d873844dd6b0d6d-0069571467" "object-server 97426" 0.0006 "-" 97120 0
Jan 01 19:42:15 np0005573202.novalocal container-server[97119]: ::1 - - [02/Jan/2026:00:42:15 +0000] "PUT /2/225108/AUTH_50777162d4dc40cfb40939a08020e6ce/gnocchi.743d821d-785e-4c61-8b89-97b2ca2ab3f6/1766880000.0_mean_300.0_v3" 201 - "PUT http://[::1]:8080/1/93172/AUTH_50777162d4dc40cfb40939a08020e6ce/gnocchi.743d821d-785e-4c61-8b89-97b2ca2ab3f6/1766880000.0_mean_300.0_v3" "tx3e0223d873844dd6b0d6d-0069571467" "object-server 97426" 0.0017 "-" 97119 0
Jan 01 19:42:15 np0005573202.novalocal object-server[97426]: ::1 - - [02/Jan/2026:00:42:15 +0000] "PUT /2/93172/AUTH_50777162d4dc40cfb40939a08020e6ce/gnocchi.743d821d-785e-4c61-8b89-97b2ca2ab3f6/1766880000.0_mean_300.0_v3" 201 - "PUT http://[::1]:8080/v1/AUTH_50777162d4dc40cfb40939a08020e6ce/gnocchi.743d821d-785e-4c61-8b89-97b2ca2ab3f6/1766880000.0_mean_300.0_v3" "tx3e0223d873844dd6b0d6d-0069571467" "proxy-server 90240" 0.0087 "-" 97426 0
Jan 01 19:42:15 np0005573202.novalocal object-server[97426]: ::1 - - [02/Jan/2026:00:42:15 +0000] "PUT /1/93172/AUTH_50777162d4dc40cfb40939a08020e6ce/gnocchi.743d821d-785e-4c61-8b89-97b2ca2ab3f6/1766880000.0_mean_300.0_v3" 201 - "PUT http://[::1]:8080/v1/AUTH_50777162d4dc40cfb40939a08020e6ce/gnocchi.743d821d-785e-4c61-8b89-97b2ca2ab3f6/1766880000.0_mean_300.0_v3" "tx3e0223d873844dd6b0d6d-0069571467" "proxy-server 90240" 0.0109 "-" 97426 0
Jan 01 19:42:15 np0005573202.novalocal container-server[97122]: ::1 - - [02/Jan/2026:00:42:15 +0000] "PUT /3/225108/AUTH_50777162d4dc40cfb40939a08020e6ce/gnocchi.743d821d-785e-4c61-8b89-97b2ca2ab3f6/1766880000.0_mean_300.0_v3" 201 - "PUT http://[::1]:8080/3/93172/AUTH_50777162d4dc40cfb40939a08020e6ce/gnocchi.743d821d-785e-4c61-8b89-97b2ca2ab3f6/1766880000.0_mean_300.0_v3" "tx3e0223d873844dd6b0d6d-0069571467" "object-server 97425" 0.0004 "-" 97122 0
Jan 01 19:42:15 np0005573202.novalocal object-server[97425]: ::1 - - [02/Jan/2026:00:42:15 +0000] "PUT /3/93172/AUTH_50777162d4dc40cfb40939a08020e6ce/gnocchi.743d821d-785e-4c61-8b89-97b2ca2ab3f6/1766880000.0_mean_300.0_v3" 201 - "PUT http://[::1]:8080/v1/AUTH_50777162d4dc40cfb40939a08020e6ce/gnocchi.743d821d-785e-4c61-8b89-97b2ca2ab3f6/1766880000.0_mean_300.0_v3" "tx3e0223d873844dd6b0d6d-0069571467" "proxy-server 90240" 0.0119 "-" 97425 0
Jan 01 19:42:15 np0005573202.novalocal proxy-server[90240]: ::1 ::1 02/Jan/2026/00/42/15 PUT /v1/AUTH_50777162d4dc40cfb40939a08020e6ce/gnocchi.743d821d-785e-4c61-8b89-97b2ca2ab3f6/1766880000.0_mean_300.0_v3 HTTP/1.0 201 - python-swiftclient-4.2.0 gAAAAABpVxQCpfSE... 16 - - tx3e0223d873844dd6b0d6d-0069571467 - 0.0171 - - 1767314535.607681513 1767314535.624763727 0
Jan 01 19:42:15 np0005573202.novalocal container-server[97120]: ::1 - - [02/Jan/2026:00:42:15 +0000] "PUT /2/225108/AUTH_50777162d4dc40cfb40939a08020e6ce/gnocchi.743d821d-785e-4c61-8b89-97b2ca2ab3f6/none_v3" 201 - "PUT http://[::1]:8080/1/213387/AUTH_50777162d4dc40cfb40939a08020e6ce/gnocchi.743d821d-785e-4c61-8b89-97b2ca2ab3f6/none_v3" "txf0055f907965489aa8045-0069571467" "object-server 97424" 0.0005 "-" 97120 0
Jan 01 19:42:15 np0005573202.novalocal container-server[97119]: ::1 - - [02/Jan/2026:00:42:15 +0000] "PUT /3/225108/AUTH_50777162d4dc40cfb40939a08020e6ce/gnocchi.743d821d-785e-4c61-8b89-97b2ca2ab3f6/none_v3" 201 - "PUT http://[::1]:8080/2/213387/AUTH_50777162d4dc40cfb40939a08020e6ce/gnocchi.743d821d-785e-4c61-8b89-97b2ca2ab3f6/none_v3" "txf0055f907965489aa8045-0069571467" "object-server 97423" 0.0006 "-" 97119 0
Jan 01 19:42:15 np0005573202.novalocal object-server[97423]: ::1 - - [02/Jan/2026:00:42:15 +0000] "PUT /2/213387/AUTH_50777162d4dc40cfb40939a08020e6ce/gnocchi.743d821d-785e-4c61-8b89-97b2ca2ab3f6/none_v3" 201 - "PUT http://[::1]:8080/v1/AUTH_50777162d4dc40cfb40939a08020e6ce/gnocchi.743d821d-785e-4c61-8b89-97b2ca2ab3f6/none_v3" "txf0055f907965489aa8045-0069571467" "proxy-server 90240" 0.0100 "-" 97423 0
Jan 01 19:42:15 np0005573202.novalocal object-server[97424]: ::1 - - [02/Jan/2026:00:42:15 +0000] "PUT /1/213387/AUTH_50777162d4dc40cfb40939a08020e6ce/gnocchi.743d821d-785e-4c61-8b89-97b2ca2ab3f6/none_v3" 201 - "PUT http://[::1]:8080/v1/AUTH_50777162d4dc40cfb40939a08020e6ce/gnocchi.743d821d-785e-4c61-8b89-97b2ca2ab3f6/none_v3" "txf0055f907965489aa8045-0069571467" "proxy-server 90240" 0.0117 "-" 97424 0
Jan 01 19:42:15 np0005573202.novalocal container-server[97122]: ::1 - - [02/Jan/2026:00:42:15 +0000] "PUT /1/225108/AUTH_50777162d4dc40cfb40939a08020e6ce/gnocchi.743d821d-785e-4c61-8b89-97b2ca2ab3f6/none_v3" 201 - "PUT http://[::1]:8080/3/213387/AUTH_50777162d4dc40cfb40939a08020e6ce/gnocchi.743d821d-785e-4c61-8b89-97b2ca2ab3f6/none_v3" "txf0055f907965489aa8045-0069571467" "object-server 97423" 0.0004 "-" 97122 0
Jan 01 19:42:15 np0005573202.novalocal object-server[97423]: ::1 - - [02/Jan/2026:00:42:15 +0000] "PUT /3/213387/AUTH_50777162d4dc40cfb40939a08020e6ce/gnocchi.743d821d-785e-4c61-8b89-97b2ca2ab3f6/none_v3" 201 - "PUT http://[::1]:8080/v1/AUTH_50777162d4dc40cfb40939a08020e6ce/gnocchi.743d821d-785e-4c61-8b89-97b2ca2ab3f6/none_v3" "txf0055f907965489aa8045-0069571467" "proxy-server 90240" 0.0127 "-" 97423 0
Jan 01 19:42:15 np0005573202.novalocal proxy-server[90240]: ::1 ::1 02/Jan/2026/00/42/15 PUT /v1/AUTH_50777162d4dc40cfb40939a08020e6ce/gnocchi.743d821d-785e-4c61-8b89-97b2ca2ab3f6/none_v3 HTTP/1.0 201 - python-swiftclient-4.2.0 gAAAAABpVxQCpfSE... 31 - - txf0055f907965489aa8045-0069571467 - 0.0177 - - 1767314535.627191782 1767314535.644931793 0
Jan 01 19:42:17 np0005573202.novalocal dnsmasq-dhcp[105975]: DHCPDISCOVER(tap658efd81-6b) fa:16:3e:f0:9b:87
Jan 01 19:42:17 np0005573202.novalocal dnsmasq-dhcp[105975]: DHCPOFFER(tap658efd81-6b) 10.100.0.9 fa:16:3e:f0:9b:87
Jan 01 19:42:17 np0005573202.novalocal dnsmasq-dhcp[105975]: DHCPREQUEST(tap658efd81-6b) 10.100.0.9 fa:16:3e:f0:9b:87
Jan 01 19:42:17 np0005573202.novalocal dnsmasq-dhcp[105975]: DHCPACK(tap658efd81-6b) 10.100.0.9 fa:16:3e:f0:9b:87 host-10-100-0-9
Jan 01 19:42:18 np0005573202.novalocal haproxy-metadata-proxy-d1e89368-f48e-426a-9b05-0456af968001[106100]: ::ffff:10.100.0.9:33928 [01/Jan/2026:19:42:17.946] listener listener/metadata 0/0/0/128/128 200 130 - - ---- 1/1/0/0/0 0/0 "GET /2009-04-04/meta-data/instance-id HTTP/1.1"
Jan 01 19:42:18 np0005573202.novalocal haproxy-metadata-proxy-d1e89368-f48e-426a-9b05-0456af968001[106100]: ::ffff:10.100.0.9:33930 [01/Jan/2026:19:42:18.149] listener listener/metadata 0/0/0/206/206 200 147 - - ---- 1/1/0/0/0 0/0 "GET /2009-04-04/meta-data/public-keys HTTP/1.1"
Jan 01 19:42:18 np0005573202.novalocal haproxy-metadata-proxy-d1e89368-f48e-426a-9b05-0456af968001[106100]: ::ffff:10.100.0.9:33932 [01/Jan/2026:19:42:18.408] listener listener/metadata 0/0/0/88/88 200 325 - - ---- 1/1/0/0/0 0/0 "GET /2009-04-04/meta-data/public-keys/0/openssh-key HTTP/1.1"
Jan 01 19:42:18 np0005573202.novalocal haproxy-metadata-proxy-d1e89368-f48e-426a-9b05-0456af968001[106100]: ::ffff:10.100.0.9:33934 [01/Jan/2026:19:42:18.555] listener listener/metadata 0/0/0/99/99 200 130 - - ---- 1/1/0/0/0 0/0 "GET /2009-04-04/meta-data/instance-id HTTP/1.1"
Jan 01 19:42:18 np0005573202.novalocal haproxy-metadata-proxy-d1e89368-f48e-426a-9b05-0456af968001[106100]: ::ffff:10.100.0.9:33936 [01/Jan/2026:19:42:18.718] listener listener/metadata 0/0/0/73/73 200 120 - - ---- 1/1/0/0/0 0/0 "GET /2009-04-04/meta-data/ami-launch-index HTTP/1.1"
Jan 01 19:42:18 np0005573202.novalocal haproxy-metadata-proxy-d1e89368-f48e-426a-9b05-0456af968001[106100]: ::ffff:10.100.0.9:33938 [01/Jan/2026:19:42:18.864] listener listener/metadata 0/0/0/95/95 200 126 - - ---- 1/1/0/0/0 0/0 "GET /2009-04-04/meta-data/instance-type HTTP/1.1"
Jan 01 19:42:19 np0005573202.novalocal haproxy-metadata-proxy-d1e89368-f48e-426a-9b05-0456af968001[106100]: ::ffff:10.100.0.9:33940 [01/Jan/2026:19:42:19.028] listener listener/metadata 0/0/0/105/105 200 130 - - ---- 1/1/0/0/0 0/0 "GET /2009-04-04/meta-data/local-ipv4 HTTP/1.1"
Jan 01 19:42:19 np0005573202.novalocal haproxy-metadata-proxy-d1e89368-f48e-426a-9b05-0456af968001[106100]: ::ffff:10.100.0.9:33942 [01/Jan/2026:19:42:19.197] listener listener/metadata 0/0/0/75/75 200 131 - - ---- 1/1/0/0/0 0/0 "GET /2009-04-04/meta-data/public-ipv4 HTTP/1.1"
Jan 01 19:42:19 np0005573202.novalocal haproxy-metadata-proxy-d1e89368-f48e-426a-9b05-0456af968001[106100]: ::ffff:10.100.0.9:33944 [01/Jan/2026:19:42:19.314] listener listener/metadata 0/0/0/106/106 200 176 - - ---- 1/1/0/0/0 0/0 "GET /2009-04-04/meta-data/hostname HTTP/1.1"
Jan 01 19:42:19 np0005573202.novalocal haproxy-metadata-proxy-d1e89368-f48e-426a-9b05-0456af968001[106100]: ::ffff:10.100.0.9:33946 [01/Jan/2026:19:42:19.495] listener listener/metadata 0/0/0/87/87 200 176 - - ---- 1/1/0/0/0 0/0 "GET /2009-04-04/meta-data/local-hostname HTTP/1.1"
Jan 01 19:42:19 np0005573202.novalocal haproxy-metadata-proxy-d1e89368-f48e-426a-9b05-0456af968001[106100]: ::ffff:10.100.0.9:33948 [01/Jan/2026:19:42:19.630] listener listener/metadata 0/0/0/72/72 200 215 - - ---- 1/1/0/0/0 0/0 "GET /2009-04-04/user-data HTTP/1.1"
Jan 01 19:42:19 np0005573202.novalocal haproxy-metadata-proxy-d1e89368-f48e-426a-9b05-0456af968001[106100]: ::ffff:10.100.0.9:33950 [01/Jan/2026:19:42:19.756] listener listener/metadata 0/0/0/82/82 200 127 - - ---- 1/1/0/0/0 0/0 "GET /2009-04-04/meta-data/block-device-mapping HTTP/1.1"
Jan 01 19:42:20 np0005573202.novalocal haproxy-metadata-proxy-d1e89368-f48e-426a-9b05-0456af968001[106100]: ::ffff:10.100.0.9:33952 [01/Jan/2026:19:42:19.911] listener listener/metadata 0/0/0/91/91 200 122 - - ---- 1/1/0/0/0 0/0 "GET /2009-04-04/meta-data/block-device-mapping/ami HTTP/1.1"
Jan 01 19:42:20 np0005573202.novalocal haproxy-metadata-proxy-d1e89368-f48e-426a-9b05-0456af968001[106100]: ::ffff:10.100.0.9:33954 [01/Jan/2026:19:42:20.073] listener listener/metadata 0/0/0/82/82 200 127 - - ---- 1/1/0/0/0 0/0 "GET /2009-04-04/meta-data/block-device-mapping/root HTTP/1.1"
Jan 01 19:42:20 np0005573202.novalocal haproxy-metadata-proxy-d1e89368-f48e-426a-9b05-0456af968001[106100]: ::ffff:10.100.0.9:33956 [01/Jan/2026:19:42:20.213] listener listener/metadata 0/0/0/99/99 200 176 - - ---- 1/1/0/0/0 0/0 "GET /2009-04-04/meta-data/public-hostname HTTP/1.1"
Jan 01 19:42:20 np0005573202.novalocal haproxy-metadata-proxy-d1e89368-f48e-426a-9b05-0456af968001[106100]: ::ffff:10.100.0.9:33958 [01/Jan/2026:19:42:20.359] listener listener/metadata 0/0/0/78/78 200 123 - - ---- 1/1/0/0/0 0/0 "GET /2009-04-04/meta-data/placement/availability-zone HTTP/1.1"
Jan 01 19:42:22 np0005573202.novalocal kernel: qbr75268889-0a: port 2(tap75268889-0a) entered disabled state
Jan 01 19:42:22 np0005573202.novalocal kernel: tap75268889-0a (unregistering): left allmulticast mode
Jan 01 19:42:22 np0005573202.novalocal kernel: tap75268889-0a (unregistering): left promiscuous mode
Jan 01 19:42:22 np0005573202.novalocal kernel: qbr75268889-0a: port 2(tap75268889-0a) entered disabled state
Jan 01 19:42:22 np0005573202.novalocal NetworkManager[860]: [1767314542.3519] device (tap75268889-0a): state change: activated -> unmanaged (reason 'unmanaged', managed-type: 'removed')
Jan 01 19:42:22 np0005573202.novalocal NetworkManager[860]: [1767314542.3522] device (tap75268889-0a): released from controller device qbr75268889-0a
Jan 01 19:42:22 np0005573202.novalocal systemd[1]: machine-qemu\x2d7\x2dinstance\x2d00000005.scope: Deactivated successfully.
Jan 01 19:42:22 np0005573202.novalocal systemd[1]: machine-qemu\x2d7\x2dinstance\x2d00000005.scope: Consumed 10.131s CPU time.
Jan 01 19:42:22 np0005573202.novalocal systemd-machined[94253]: Machine qemu-7-instance-00000005 terminated.
