Jan 01 19:41:43 np0005573202.novalocal container-server[97122]: ::1 - - [02/Jan/2026:00:41:43 +0000] "HEAD /2/12608/AUTH_50777162d4dc40cfb40939a08020e6ce/gnocchi.5745a442-897e-4912-a25c-5641972d216d" 404 - "HEAD http://[::1]:8080/v1/AUTH_50777162d4dc40cfb40939a08020e6ce/gnocchi.5745a442-897e-4912-a25c-5641972d216d?format=json&states=listing" "tx392c9805134b4f87ba8e2-0069571447" "proxy-server 90240" 0.0004 "-" 97122 0
Jan 01 19:41:43 np0005573202.novalocal account-server[96829]: ::1 - - [02/Jan/2026:00:41:43 +0000] "PUT /2/20297/AUTH_50777162d4dc40cfb40939a08020e6ce/gnocchi.b90fde89-92a3-4499-bd50-c34ab201833c" 201 - "PUT http://[::1]:6001/1/54881/AUTH_50777162d4dc40cfb40939a08020e6ce/gnocchi.b90fde89-92a3-4499-bd50-c34ab201833c" "tx541be4e81ddd4ef991b21-0069571447" "container-server 97122" 0.0040 "-" 96829 0
Jan 01 19:41:43 np0005573202.novalocal container-server[97122]: ::1 - - [02/Jan/2026:00:41:43 +0000] "PUT /1/54881/AUTH_50777162d4dc40cfb40939a08020e6ce/gnocchi.b90fde89-92a3-4499-bd50-c34ab201833c" 201 - "PUT http://[::1]:8080/v1/AUTH_50777162d4dc40cfb40939a08020e6ce/gnocchi.b90fde89-92a3-4499-bd50-c34ab201833c" "tx541be4e81ddd4ef991b21-0069571447" "proxy-server 90240" 0.0227 "-" 97122 0
Jan 01 19:41:43 np0005573202.novalocal account-server[96826]: ::1 - - [02/Jan/2026:00:41:43 +0000] "PUT /1/20297/AUTH_50777162d4dc40cfb40939a08020e6ce/gnocchi.b90fde89-92a3-4499-bd50-c34ab201833c" 201 - "PUT http://[::1]:6001/3/54881/AUTH_50777162d4dc40cfb40939a08020e6ce/gnocchi.b90fde89-92a3-4499-bd50-c34ab201833c" "tx541be4e81ddd4ef991b21-0069571447" "container-server 97122" 0.0053 "-" 96826 0
Jan 01 19:41:43 np0005573202.novalocal account-server[96827]: ::1 - - [02/Jan/2026:00:41:43 +0000] "PUT /3/20297/AUTH_50777162d4dc40cfb40939a08020e6ce/gnocchi.b90fde89-92a3-4499-bd50-c34ab201833c" 201 - "PUT http://[::1]:6001/2/54881/AUTH_50777162d4dc40cfb40939a08020e6ce/gnocchi.b90fde89-92a3-4499-bd50-c34ab201833c" "tx541be4e81ddd4ef991b21-0069571447" "container-server 97122" 0.0057 "-" 96827 0
Jan 01 19:41:43 np0005573202.novalocal container-server[97122]: ::1 - - [02/Jan/2026:00:41:43 +0000] "PUT /3/54881/AUTH_50777162d4dc40cfb40939a08020e6ce/gnocchi.b90fde89-92a3-4499-bd50-c34ab201833c" 201 - "PUT http://[::1]:8080/v1/AUTH_50777162d4dc40cfb40939a08020e6ce/gnocchi.b90fde89-92a3-4499-bd50-c34ab201833c" "tx541be4e81ddd4ef991b21-0069571447" "proxy-server 90240" 0.0145 "-" 97122 0
Jan 01 19:41:43 np0005573202.novalocal container-server[97122]: ::1 - - [02/Jan/2026:00:41:43 +0000] "PUT /2/54881/AUTH_50777162d4dc40cfb40939a08020e6ce/gnocchi.b90fde89-92a3-4499-bd50-c34ab201833c" 201 - "PUT http://[::1]:8080/v1/AUTH_50777162d4dc40cfb40939a08020e6ce/gnocchi.b90fde89-92a3-4499-bd50-c34ab201833c" "tx541be4e81ddd4ef991b21-0069571447" "proxy-server 90240" 0.0340 "-" 97122 0
Jan 01 19:41:43 np0005573202.novalocal object-server[97426]: ::1 - - [02/Jan/2026:00:41:43 +0000] "GET /3/213840/AUTH_50777162d4dc40cfb40939a08020e6ce/gnocchi.5745a442-897e-4912-a25c-5641972d216d/none_v3" 404 70 "GET http://[::1]:8080/v1/AUTH_50777162d4dc40cfb40939a08020e6ce/gnocchi.5745a442-897e-4912-a25c-5641972d216d/none_v3" "tx392c9805134b4f87ba8e2-0069571447" "proxy-server 90240" 0.0004 "-" 97426 0
Jan 01 19:41:43 np0005573202.novalocal proxy-server[90240]: ::1 ::1 02/Jan/2026/00/41/43 PUT /v1/AUTH_50777162d4dc40cfb40939a08020e6ce/gnocchi.b90fde89-92a3-4499-bd50-c34ab201833c HTTP/1.0 201 - python-swiftclient-4.2.0 gAAAAABpVxQCpfSE... - - - tx541be4e81ddd4ef991b21-0069571447 - 0.0407 - - 1767314503.619866133 1767314503.660547256 0
Jan 01 19:41:43 np0005573202.novalocal object-server[97425]: ::1 - - [02/Jan/2026:00:41:43 +0000] "GET /2/213840/AUTH_50777162d4dc40cfb40939a08020e6ce/gnocchi.5745a442-897e-4912-a25c-5641972d216d/none_v3" 404 70 "GET http://[::1]:8080/v1/AUTH_50777162d4dc40cfb40939a08020e6ce/gnocchi.5745a442-897e-4912-a25c-5641972d216d/none_v3" "tx392c9805134b4f87ba8e2-0069571447" "proxy-server 90240" 0.0004 "-" 97425 0
Jan 01 19:41:43 np0005573202.novalocal object-server[97423]: ::1 - - [02/Jan/2026:00:41:43 +0000] "GET /1/213840/AUTH_50777162d4dc40cfb40939a08020e6ce/gnocchi.5745a442-897e-4912-a25c-5641972d216d/none_v3" 404 70 "GET http://[::1]:8080/v1/AUTH_50777162d4dc40cfb40939a08020e6ce/gnocchi.5745a442-897e-4912-a25c-5641972d216d/none_v3" "tx392c9805134b4f87ba8e2-0069571447" "proxy-server 90240" 0.0003 "-" 97423 0
Jan 01 19:41:43 np0005573202.novalocal proxy-server[90240]: ::1 ::1 02/Jan/2026/00/41/43 GET /v1/AUTH_50777162d4dc40cfb40939a08020e6ce/gnocchi.5745a442-897e-4912-a25c-5641972d216d/none_v3 HTTP/1.0 404 - python-swiftclient-4.2.0 gAAAAABpVxP6bS-y... - 70 - tx392c9805134b4f87ba8e2-0069571447 - 0.0255 - - 1767314503.642598152 1767314503.668091536 0
Jan 01 19:41:43 np0005573202.novalocal container-server[97120]: ::1 - - [02/Jan/2026:00:41:43 +0000] "HEAD /3/54881/AUTH_50777162d4dc40cfb40939a08020e6ce/gnocchi.b90fde89-92a3-4499-bd50-c34ab201833c" 204 - "HEAD http://[::1]:8080/v1/AUTH_50777162d4dc40cfb40939a08020e6ce/gnocchi.b90fde89-92a3-4499-bd50-c34ab201833c?format=json&states=listing" "tx933e8cfc9f8f485aa4b46-0069571447" "proxy-server 90240" 0.0014 "-" 97120 0
Jan 01 19:41:43 np0005573202.novalocal container-server[97121]: ::1 - - [02/Jan/2026:00:41:43 +0000] "GET /3/54881/AUTH_50777162d4dc40cfb40939a08020e6ce/gnocchi.b90fde89-92a3-4499-bd50-c34ab201833c" 200 2 "GET http://[::1]:8080/v1/AUTH_50777162d4dc40cfb40939a08020e6ce/gnocchi.b90fde89-92a3-4499-bd50-c34ab201833c?format=json&states=listing" "tx933e8cfc9f8f485aa4b46-0069571447" "proxy-server 90240" 0.0018 "-" 97121 0
Jan 01 19:41:43 np0005573202.novalocal proxy-server[90240]: ::1 ::1 02/Jan/2026/00/41/43 GET /v1/AUTH_50777162d4dc40cfb40939a08020e6ce/gnocchi.b90fde89-92a3-4499-bd50-c34ab201833c%3Fformat%3Djson%26states%3Dlisting HTTP/1.0 200 - python-swiftclient-4.2.0 gAAAAABpVxQCpfSE... - 2 - tx933e8cfc9f8f485aa4b46-0069571447 - 0.0170 - - 1767314503.664039612 1767314503.681013584 0
Jan 01 19:41:43 np0005573202.novalocal object-server[97426]: ::1 - - [02/Jan/2026:00:41:43 +0000] "GET /3/158241/AUTH_50777162d4dc40cfb40939a08020e6ce/gnocchi.b90fde89-92a3-4499-bd50-c34ab201833c/1766880000.0_mean_300.0_v3" 404 70 "GET http://[::1]:8080/v1/AUTH_50777162d4dc40cfb40939a08020e6ce/gnocchi.b90fde89-92a3-4499-bd50-c34ab201833c/1766880000.0_mean_300.0_v3" "tx7face4dd593a4a3e9b3e5-0069571447" "proxy-server 90240" 0.0003 "-" 97426 0
Jan 01 19:41:43 np0005573202.novalocal account-server[96826]: ::1 - - [02/Jan/2026:00:41:43 +0000] "PUT /2/20297/AUTH_50777162d4dc40cfb40939a08020e6ce/gnocchi.5745a442-897e-4912-a25c-5641972d216d" 201 - "PUT http://[::1]:6001/3/12608/AUTH_50777162d4dc40cfb40939a08020e6ce/gnocchi.5745a442-897e-4912-a25c-5641972d216d" "tx20a7b2a226d343a0a8eb9-0069571447" "container-server 97120" 0.0038 "-" 96826 0
Jan 01 19:41:43 np0005573202.novalocal container-server[97120]: ::1 - - [02/Jan/2026:00:41:43 +0000] "PUT /3/12608/AUTH_50777162d4dc40cfb40939a08020e6ce/gnocchi.5745a442-897e-4912-a25c-5641972d216d" 201 - "PUT http://[::1]:8080/v1/AUTH_50777162d4dc40cfb40939a08020e6ce/gnocchi.5745a442-897e-4912-a25c-5641972d216d" "tx20a7b2a226d343a0a8eb9-0069571447" "proxy-server 90240" 0.0144 "-" 97120 0
Jan 01 19:41:43 np0005573202.novalocal account-server[96829]: ::1 - - [02/Jan/2026:00:41:43 +0000] "PUT /1/20297/AUTH_50777162d4dc40cfb40939a08020e6ce/gnocchi.5745a442-897e-4912-a25c-5641972d216d" 201 - "PUT http://[::1]:6001/2/12608/AUTH_50777162d4dc40cfb40939a08020e6ce/gnocchi.5745a442-897e-4912-a25c-5641972d216d" "tx20a7b2a226d343a0a8eb9-0069571447" "container-server 97122" 0.0036 "-" 96829 0
Jan 01 19:41:43 np0005573202.novalocal container-server[97122]: ::1 - - [02/Jan/2026:00:41:43 +0000] "PUT /2/12608/AUTH_50777162d4dc40cfb40939a08020e6ce/gnocchi.5745a442-897e-4912-a25c-5641972d216d" 201 - "PUT http://[::1]:8080/v1/AUTH_50777162d4dc40cfb40939a08020e6ce/gnocchi.5745a442-897e-4912-a25c-5641972d216d" "tx20a7b2a226d343a0a8eb9-0069571447" "proxy-server 90240" 0.0168 "-" 97122 0
Jan 01 19:41:43 np0005573202.novalocal object-server[97425]: ::1 - - [02/Jan/2026:00:41:43 +0000] "GET /1/158241/AUTH_50777162d4dc40cfb40939a08020e6ce/gnocchi.b90fde89-92a3-4499-bd50-c34ab201833c/1766880000.0_mean_300.0_v3" 404 70 "GET http://[::1]:8080/v1/AUTH_50777162d4dc40cfb40939a08020e6ce/gnocchi.b90fde89-92a3-4499-bd50-c34ab201833c/1766880000.0_mean_300.0_v3" "tx7face4dd593a4a3e9b3e5-0069571447" "proxy-server 90240" 0.0003 "-" 97425 0
Jan 01 19:41:43 np0005573202.novalocal object-server[97426]: ::1 - - [02/Jan/2026:00:41:43 +0000] "GET /2/158241/AUTH_50777162d4dc40cfb40939a08020e6ce/gnocchi.b90fde89-92a3-4499-bd50-c34ab201833c/1766880000.0_mean_300.0_v3" 404 70 "GET http://[::1]:8080/v1/AUTH_50777162d4dc40cfb40939a08020e6ce/gnocchi.b90fde89-92a3-4499-bd50-c34ab201833c/1766880000.0_mean_300.0_v3" "tx7face4dd593a4a3e9b3e5-0069571447" "proxy-server 90240" 0.0002 "-" 97426 0
Jan 01 19:41:43 np0005573202.novalocal proxy-server[90240]: ::1 ::1 02/Jan/2026/00/41/43 GET /v1/AUTH_50777162d4dc40cfb40939a08020e6ce/gnocchi.b90fde89-92a3-4499-bd50-c34ab201833c/1766880000.0_mean_300.0_v3 HTTP/1.0 404 - python-swiftclient-4.2.0 gAAAAABpVxQCpfSE... - 70 - tx7face4dd593a4a3e9b3e5-0069571447 - 0.0136 - - 1767314503.684287310 1767314503.697843552 0
Jan 01 19:41:43 np0005573202.novalocal account-server[96829]: ::1 - - [02/Jan/2026:00:41:43 +0000] "PUT /3/20297/AUTH_50777162d4dc40cfb40939a08020e6ce/gnocchi.5745a442-897e-4912-a25c-5641972d216d" 201 - "PUT http://[::1]:6001/1/12608/AUTH_50777162d4dc40cfb40939a08020e6ce/gnocchi.5745a442-897e-4912-a25c-5641972d216d" "tx20a7b2a226d343a0a8eb9-0069571447" "container-server 97121" 0.0063 "-" 96829 0
Jan 01 19:41:43 np0005573202.novalocal container-server[97121]: ::1 - - [02/Jan/2026:00:41:43 +0000] "PUT /1/12608/AUTH_50777162d4dc40cfb40939a08020e6ce/gnocchi.5745a442-897e-4912-a25c-5641972d216d" 201 - "PUT http://[::1]:8080/v1/AUTH_50777162d4dc40cfb40939a08020e6ce/gnocchi.5745a442-897e-4912-a25c-5641972d216d" "tx20a7b2a226d343a0a8eb9-0069571447" "proxy-server 90240" 0.0204 "-" 97121 0
Jan 01 19:41:43 np0005573202.novalocal proxy-server[90240]: ::1 ::1 02/Jan/2026/00/41/43 PUT /v1/AUTH_50777162d4dc40cfb40939a08020e6ce/gnocchi.5745a442-897e-4912-a25c-5641972d216d HTTP/1.0 201 - python-swiftclient-4.2.0 gAAAAABpVxP6bS-y... - - - tx20a7b2a226d343a0a8eb9-0069571447 - 0.0337 - - 1767314503.673225164 1767314503.706882954 0
Jan 01 19:41:43 np0005573202.novalocal container-server[97122]: ::1 - - [02/Jan/2026:00:41:43 +0000] "HEAD /2/12608/AUTH_50777162d4dc40cfb40939a08020e6ce/gnocchi.5745a442-897e-4912-a25c-5641972d216d" 204 - "HEAD http://[::1]:8080/v1/AUTH_50777162d4dc40cfb40939a08020e6ce/gnocchi.5745a442-897e-4912-a25c-5641972d216d?format=json&states=listing" "tx15ba8b487afd4cf2b09e5-0069571447" "proxy-server 90240" 0.0021 "-" 97122 0
Jan 01 19:41:43 np0005573202.novalocal container-server[97121]: ::1 - - [02/Jan/2026:00:41:43 +0000] "PUT /2/54881/AUTH_50777162d4dc40cfb40939a08020e6ce/gnocchi.b90fde89-92a3-4499-bd50-c34ab201833c/1766880000.0_mean_300.0_v3" 201 - "PUT http://[::1]:8080/2/158241/AUTH_50777162d4dc40cfb40939a08020e6ce/gnocchi.b90fde89-92a3-4499-bd50-c34ab201833c/1766880000.0_mean_300.0_v3" "txecc5e4ab4722421290b53-0069571447" "object-server 97425" 0.0005 "-" 97121 0
Jan 01 19:41:43 np0005573202.novalocal object-server[97425]: ::1 - - [02/Jan/2026:00:41:43 +0000] "PUT /2/158241/AUTH_50777162d4dc40cfb40939a08020e6ce/gnocchi.b90fde89-92a3-4499-bd50-c34ab201833c/1766880000.0_mean_300.0_v3" 201 - "PUT http://[::1]:8080/v1/AUTH_50777162d4dc40cfb40939a08020e6ce/gnocchi.b90fde89-92a3-4499-bd50-c34ab201833c/1766880000.0_mean_300.0_v3" "txecc5e4ab4722421290b53-0069571447" "proxy-server 90240" 0.0116 "-" 97425 0
Jan 01 19:41:43 np0005573202.novalocal container-server[97119]: ::1 - - [02/Jan/2026:00:41:43 +0000] "PUT /1/54881/AUTH_50777162d4dc40cfb40939a08020e6ce/gnocchi.b90fde89-92a3-4499-bd50-c34ab201833c/1766880000.0_mean_300.0_v3" 201 - "PUT http://[::1]:8080/1/158241/AUTH_50777162d4dc40cfb40939a08020e6ce/gnocchi.b90fde89-92a3-4499-bd50-c34ab201833c/1766880000.0_mean_300.0_v3" "txecc5e4ab4722421290b53-0069571447" "object-server 97426" 0.0008 "-" 97119 0
Jan 01 19:41:43 np0005573202.novalocal container-server[97120]: ::1 - - [02/Jan/2026:00:41:43 +0000] "GET /2/12608/AUTH_50777162d4dc40cfb40939a08020e6ce/gnocchi.5745a442-897e-4912-a25c-5641972d216d" 200 2 "GET http://[::1]:8080/v1/AUTH_50777162d4dc40cfb40939a08020e6ce/gnocchi.5745a442-897e-4912-a25c-5641972d216d?format=json&states=listing" "tx15ba8b487afd4cf2b09e5-0069571447" "proxy-server 90240" 0.0019 "-" 97120 0
Jan 01 19:41:43 np0005573202.novalocal container-server[97119]: ::1 - - [02/Jan/2026:00:41:43 +0000] "PUT /3/54881/AUTH_50777162d4dc40cfb40939a08020e6ce/gnocchi.b90fde89-92a3-4499-bd50-c34ab201833c/1766880000.0_mean_300.0_v3" 201 - "PUT http://[::1]:8080/3/158241/AUTH_50777162d4dc40cfb40939a08020e6ce/gnocchi.b90fde89-92a3-4499-bd50-c34ab201833c/1766880000.0_mean_300.0_v3" "txecc5e4ab4722421290b53-0069571447" "object-server 97426" 0.0004 "-" 97119 0
Jan 01 19:41:43 np0005573202.novalocal object-server[97426]: ::1 - - [02/Jan/2026:00:41:43 +0000] "PUT /1/158241/AUTH_50777162d4dc40cfb40939a08020e6ce/gnocchi.b90fde89-92a3-4499-bd50-c34ab201833c/1766880000.0_mean_300.0_v3" 201 - "PUT http://[::1]:8080/v1/AUTH_50777162d4dc40cfb40939a08020e6ce/gnocchi.b90fde89-92a3-4499-bd50-c34ab201833c/1766880000.0_mean_300.0_v3" "txecc5e4ab4722421290b53-0069571447" "proxy-server 90240" 0.0156 "-" 97426 0
Jan 01 19:41:43 np0005573202.novalocal proxy-server[90240]: ::1 ::1 02/Jan/2026/00/41/43 GET /v1/AUTH_50777162d4dc40cfb40939a08020e6ce/gnocchi.5745a442-897e-4912-a25c-5641972d216d%3Fformat%3Djson%26states%3Dlisting HTTP/1.0 200 - python-swiftclient-4.2.0 gAAAAABpVxP6bS-y... - 2 - tx15ba8b487afd4cf2b09e5-0069571447 - 0.0172 - - 1767314503.711215973 1767314503.728390217 0
Jan 01 19:41:43 np0005573202.novalocal object-server[97426]: ::1 - - [02/Jan/2026:00:41:43 +0000] "PUT /3/158241/AUTH_50777162d4dc40cfb40939a08020e6ce/gnocchi.b90fde89-92a3-4499-bd50-c34ab201833c/1766880000.0_mean_300.0_v3" 201 - "PUT http://[::1]:8080/v1/AUTH_50777162d4dc40cfb40939a08020e6ce/gnocchi.b90fde89-92a3-4499-bd50-c34ab201833c/1766880000.0_mean_300.0_v3" "txecc5e4ab4722421290b53-0069571447" "proxy-server 90240" 0.0157 "-" 97426 0
Jan 01 19:41:43 np0005573202.novalocal proxy-server[90240]: ::1 ::1 02/Jan/2026/00/41/43 PUT /v1/AUTH_50777162d4dc40cfb40939a08020e6ce/gnocchi.b90fde89-92a3-4499-bd50-c34ab201833c/1766880000.0_mean_300.0_v3 HTTP/1.0 201 - python-swiftclient-4.2.0 gAAAAABpVxQCpfSE... 16 - - txecc5e4ab4722421290b53-0069571447 - 0.0286 - - 1767314503.701351404 1767314503.729914427 0
Jan 01 19:41:43 np0005573202.novalocal object-server[97423]: ::1 - - [02/Jan/2026:00:41:43 +0000] "GET /3/73805/AUTH_50777162d4dc40cfb40939a08020e6ce/gnocchi.5745a442-897e-4912-a25c-5641972d216d/1766880000.0_mean_300.0_v3" 404 70 "GET http://[::1]:8080/v1/AUTH_50777162d4dc40cfb40939a08020e6ce/gnocchi.5745a442-897e-4912-a25c-5641972d216d/1766880000.0_mean_300.0_v3" "tx7ee4c4a0c84a49ef9f55e-0069571447" "proxy-server 90240" 0.0003 "-" 97423 0
Jan 01 19:41:43 np0005573202.novalocal object-server[97425]: ::1 - - [02/Jan/2026:00:41:43 +0000] "GET /1/73805/AUTH_50777162d4dc40cfb40939a08020e6ce/gnocchi.5745a442-897e-4912-a25c-5641972d216d/1766880000.0_mean_300.0_v3" 404 70 "GET http://[::1]:8080/v1/AUTH_50777162d4dc40cfb40939a08020e6ce/gnocchi.5745a442-897e-4912-a25c-5641972d216d/1766880000.0_mean_300.0_v3" "tx7ee4c4a0c84a49ef9f55e-0069571447" "proxy-server 90240" 0.0004 "-" 97425 0
Jan 01 19:41:43 np0005573202.novalocal object-server[97423]: ::1 - - [02/Jan/2026:00:41:43 +0000] "GET /2/73805/AUTH_50777162d4dc40cfb40939a08020e6ce/gnocchi.5745a442-897e-4912-a25c-5641972d216d/1766880000.0_mean_300.0_v3" 404 70 "GET http://[::1]:8080/v1/AUTH_50777162d4dc40cfb40939a08020e6ce/gnocchi.5745a442-897e-4912-a25c-5641972d216d/1766880000.0_mean_300.0_v3" "tx7ee4c4a0c84a49ef9f55e-0069571447" "proxy-server 90240" 0.0003 "-" 97423 0
Jan 01 19:41:43 np0005573202.novalocal container-server[97119]: ::1 - - [02/Jan/2026:00:41:43 +0000] "PUT /2/54881/AUTH_50777162d4dc40cfb40939a08020e6ce/gnocchi.b90fde89-92a3-4499-bd50-c34ab201833c/none_v3" 201 - "PUT http://[::1]:8080/1/219941/AUTH_50777162d4dc40cfb40939a08020e6ce/gnocchi.b90fde89-92a3-4499-bd50-c34ab201833c/none_v3" "txb37eda1f1fac406f8fce4-0069571447" "object-server 97423" 0.0008 "-" 97119 0
Jan 01 19:41:43 np0005573202.novalocal object-server[97423]: ::1 - - [02/Jan/2026:00:41:43 +0000] "PUT /1/219941/AUTH_50777162d4dc40cfb40939a08020e6ce/gnocchi.b90fde89-92a3-4499-bd50-c34ab201833c/none_v3" 201 - "PUT http://[::1]:8080/v1/AUTH_50777162d4dc40cfb40939a08020e6ce/gnocchi.b90fde89-92a3-4499-bd50-c34ab201833c/none_v3" "txb37eda1f1fac406f8fce4-0069571447" "proxy-server 90240" 0.0149 "-" 97423 0
Jan 01 19:41:43 np0005573202.novalocal container-server[97119]: ::1 - - [02/Jan/2026:00:41:43 +0000] "PUT /3/54881/AUTH_50777162d4dc40cfb40939a08020e6ce/gnocchi.b90fde89-92a3-4499-bd50-c34ab201833c/none_v3" 201 - "PUT http://[::1]:8080/3/219941/AUTH_50777162d4dc40cfb40939a08020e6ce/gnocchi.b90fde89-92a3-4499-bd50-c34ab201833c/none_v3" "txb37eda1f1fac406f8fce4-0069571447" "object-server 97426" 0.0003 "-" 97119 0
Jan 01 19:41:43 np0005573202.novalocal proxy-server[90240]: ::1 ::1 02/Jan/2026/00/41/43 GET /v1/AUTH_50777162d4dc40cfb40939a08020e6ce/gnocchi.5745a442-897e-4912-a25c-5641972d216d/1766880000.0_mean_300.0_v3 HTTP/1.0 404 - python-swiftclient-4.2.0 gAAAAABpVxP6bS-y... - 70 - tx7ee4c4a0c84a49ef9f55e-0069571447 - 0.0211 - - 1767314503.731402159 1767314503.752550602 0
Jan 01 19:41:43 np0005573202.novalocal object-server[97426]: ::1 - - [02/Jan/2026:00:41:43 +0000] "PUT /3/219941/AUTH_50777162d4dc40cfb40939a08020e6ce/gnocchi.b90fde89-92a3-4499-bd50-c34ab201833c/none_v3" 201 - "PUT http://[::1]:8080/v1/AUTH_50777162d4dc40cfb40939a08020e6ce/gnocchi.b90fde89-92a3-4499-bd50-c34ab201833c/none_v3" "txb37eda1f1fac406f8fce4-0069571447" "proxy-server 90240" 0.0160 "-" 97426 0
Jan 01 19:41:43 np0005573202.novalocal container-server[97120]: ::1 - - [02/Jan/2026:00:41:43 +0000] "PUT /1/54881/AUTH_50777162d4dc40cfb40939a08020e6ce/gnocchi.b90fde89-92a3-4499-bd50-c34ab201833c/none_v3" 201 - "PUT http://[::1]:8080/2/219941/AUTH_50777162d4dc40cfb40939a08020e6ce/gnocchi.b90fde89-92a3-4499-bd50-c34ab201833c/none_v3" "txb37eda1f1fac406f8fce4-0069571447" "object-server 97426" 0.0006 "-" 97120 0
Jan 01 19:41:43 np0005573202.novalocal object-server[97426]: ::1 - - [02/Jan/2026:00:41:43 +0000] "PUT /2/219941/AUTH_50777162d4dc40cfb40939a08020e6ce/gnocchi.b90fde89-92a3-4499-bd50-c34ab201833c/none_v3" 201 - "PUT http://[::1]:8080/v1/AUTH_50777162d4dc40cfb40939a08020e6ce/gnocchi.b90fde89-92a3-4499-bd50-c34ab201833c/none_v3" "txb37eda1f1fac406f8fce4-0069571447" "proxy-server 90240" 0.0162 "-" 97426 0
Jan 01 19:41:43 np0005573202.novalocal proxy-server[90240]: ::1 ::1 02/Jan/2026/00/41/43 PUT /v1/AUTH_50777162d4dc40cfb40939a08020e6ce/gnocchi.b90fde89-92a3-4499-bd50-c34ab201833c/none_v3 HTTP/1.0 201 - python-swiftclient-4.2.0 gAAAAABpVxQCpfSE... 22 - - txb37eda1f1fac406f8fce4-0069571447 - 0.0253 - - 1767314503.732627869 1767314503.757959604 0
Jan 01 19:41:43 np0005573202.novalocal container-server[97119]: ::1 - - [02/Jan/2026:00:41:43 +0000] "PUT /1/12608/AUTH_50777162d4dc40cfb40939a08020e6ce/gnocchi.5745a442-897e-4912-a25c-5641972d216d/1766880000.0_mean_300.0_v3" 201 - "PUT http://[::1]:8080/2/73805/AUTH_50777162d4dc40cfb40939a08020e6ce/gnocchi.5745a442-897e-4912-a25c-5641972d216d/1766880000.0_mean_300.0_v3" "tx82620442a2c247b192b97-0069571447" "object-server 97425" 0.0007 "-" 97119 0
Jan 01 19:41:43 np0005573202.novalocal object-server[97425]: ::1 - - [02/Jan/2026:00:41:43 +0000] "PUT /2/73805/AUTH_50777162d4dc40cfb40939a08020e6ce/gnocchi.5745a442-897e-4912-a25c-5641972d216d/1766880000.0_mean_300.0_v3" 201 - "PUT http://[::1]:8080/v1/AUTH_50777162d4dc40cfb40939a08020e6ce/gnocchi.5745a442-897e-4912-a25c-5641972d216d/1766880000.0_mean_300.0_v3" "tx82620442a2c247b192b97-0069571447" "proxy-server 90240" 0.0103 "-" 97425 0
Jan 01 19:41:43 np0005573202.novalocal container-server[97122]: ::1 - - [02/Jan/2026:00:41:43 +0000] "PUT /2/12608/AUTH_50777162d4dc40cfb40939a08020e6ce/gnocchi.5745a442-897e-4912-a25c-5641972d216d/1766880000.0_mean_300.0_v3" 201 - "PUT http://[::1]:8080/3/73805/AUTH_50777162d4dc40cfb40939a08020e6ce/gnocchi.5745a442-897e-4912-a25c-5641972d216d/1766880000.0_mean_300.0_v3" "tx82620442a2c247b192b97-0069571447" "object-server 97424" 0.0006 "-" 97122 0
Jan 01 19:41:43 np0005573202.novalocal object-server[97424]: ::1 - - [02/Jan/2026:00:41:43 +0000] "PUT /3/73805/AUTH_50777162d4dc40cfb40939a08020e6ce/gnocchi.5745a442-897e-4912-a25c-5641972d216d/1766880000.0_mean_300.0_v3" 201 - "PUT http://[::1]:8080/v1/AUTH_50777162d4dc40cfb40939a08020e6ce/gnocchi.5745a442-897e-4912-a25c-5641972d216d/1766880000.0_mean_300.0_v3" "tx82620442a2c247b192b97-0069571447" "proxy-server 90240" 0.0143 "-" 97424 0
Jan 01 19:41:43 np0005573202.novalocal container-server[97122]: ::1 - - [02/Jan/2026:00:41:43 +0000] "PUT /3/12608/AUTH_50777162d4dc40cfb40939a08020e6ce/gnocchi.5745a442-897e-4912-a25c-5641972d216d/1766880000.0_mean_300.0_v3" 201 - "PUT http://[::1]:8080/1/73805/AUTH_50777162d4dc40cfb40939a08020e6ce/gnocchi.5745a442-897e-4912-a25c-5641972d216d/1766880000.0_mean_300.0_v3" "tx82620442a2c247b192b97-0069571447" "object-server 97423" 0.0006 "-" 97122 0
Jan 01 19:41:43 np0005573202.novalocal object-server[97423]: ::1 - - [02/Jan/2026:00:41:43 +0000] "PUT /1/73805/AUTH_50777162d4dc40cfb40939a08020e6ce/gnocchi.5745a442-897e-4912-a25c-5641972d216d/1766880000.0_mean_300.0_v3" 201 - "PUT http://[::1]:8080/v1/AUTH_50777162d4dc40cfb40939a08020e6ce/gnocchi.5745a442-897e-4912-a25c-5641972d216d/1766880000.0_mean_300.0_v3" "tx82620442a2c247b192b97-0069571447" "proxy-server 90240" 0.0158 "-" 97423 0
Jan 01 19:41:43 np0005573202.novalocal proxy-server[90240]: ::1 ::1 02/Jan/2026/00/41/43 PUT /v1/AUTH_50777162d4dc40cfb40939a08020e6ce/gnocchi.5745a442-897e-4912-a25c-5641972d216d/1766880000.0_mean_300.0_v3 HTTP/1.0 201 - python-swiftclient-4.2.0 gAAAAABpVxP6bS-y... 16 - - tx82620442a2c247b192b97-0069571447 - 0.0272 - - 1767314503.757053137 1767314503.784272671 0
Jan 01 19:41:43 np0005573202.novalocal container-server[97120]: ::1 - - [02/Jan/2026:00:41:43 +0000] "PUT /2/12608/AUTH_50777162d4dc40cfb40939a08020e6ce/gnocchi.5745a442-897e-4912-a25c-5641972d216d/none_v3" 201 - "PUT http://[::1]:8080/1/213840/AUTH_50777162d4dc40cfb40939a08020e6ce/gnocchi.5745a442-897e-4912-a25c-5641972d216d/none_v3" "tx3669004d88294f4683f78-0069571447" "object-server 97426" 0.0005 "-" 97120 0
Jan 01 19:41:43 np0005573202.novalocal object-server[97426]: ::1 - - [02/Jan/2026:00:41:43 +0000] "PUT /1/213840/AUTH_50777162d4dc40cfb40939a08020e6ce/gnocchi.5745a442-897e-4912-a25c-5641972d216d/none_v3" 201 - "PUT http://[::1]:8080/v1/AUTH_50777162d4dc40cfb40939a08020e6ce/gnocchi.5745a442-897e-4912-a25c-5641972d216d/none_v3" "tx3669004d88294f4683f78-0069571447" "proxy-server 90240" 0.0094 "-" 97426 0
Jan 01 19:41:43 np0005573202.novalocal container-server[97120]: ::1 - - [02/Jan/2026:00:41:43 +0000] "PUT /3/12608/AUTH_50777162d4dc40cfb40939a08020e6ce/gnocchi.5745a442-897e-4912-a25c-5641972d216d/none_v3" 201 - "PUT http://[::1]:8080/3/213840/AUTH_50777162d4dc40cfb40939a08020e6ce/gnocchi.5745a442-897e-4912-a25c-5641972d216d/none_v3" "tx3669004d88294f4683f78-0069571447" "object-server 97424" 0.0004 "-" 97120 0
Jan 01 19:41:43 np0005573202.novalocal container-server[97121]: ::1 - - [02/Jan/2026:00:41:43 +0000] "PUT /1/12608/AUTH_50777162d4dc40cfb40939a08020e6ce/gnocchi.5745a442-897e-4912-a25c-5641972d216d/none_v3" 201 - "PUT http://[::1]:8080/2/213840/AUTH_50777162d4dc40cfb40939a08020e6ce/gnocchi.5745a442-897e-4912-a25c-5641972d216d/none_v3" "tx3669004d88294f4683f78-0069571447" "object-server 97423" 0.0004 "-" 97121 0
Jan 01 19:41:43 np0005573202.novalocal object-server[97424]: ::1 - - [02/Jan/2026:00:41:43 +0000] "PUT /3/213840/AUTH_50777162d4dc40cfb40939a08020e6ce/gnocchi.5745a442-897e-4912-a25c-5641972d216d/none_v3" 201 - "PUT http://[::1]:8080/v1/AUTH_50777162d4dc40cfb40939a08020e6ce/gnocchi.5745a442-897e-4912-a25c-5641972d216d/none_v3" "tx3669004d88294f4683f78-0069571447" "proxy-server 90240" 0.0167 "-" 97424 0
Jan 01 19:41:43 np0005573202.novalocal object-server[97423]: ::1 - - [02/Jan/2026:00:41:43 +0000] "PUT /2/213840/AUTH_50777162d4dc40cfb40939a08020e6ce/gnocchi.5745a442-897e-4912-a25c-5641972d216d/none_v3" 201 - "PUT http://[::1]:8080/v1/AUTH_50777162d4dc40cfb40939a08020e6ce/gnocchi.5745a442-897e-4912-a25c-5641972d216d/none_v3" "tx3669004d88294f4683f78-0069571447" "proxy-server 90240" 0.0143 "-" 97423 0
Jan 01 19:41:43 np0005573202.novalocal proxy-server[90240]: ::1 ::1 02/Jan/2026/00/41/43 PUT /v1/AUTH_50777162d4dc40cfb40939a08020e6ce/gnocchi.5745a442-897e-4912-a25c-5641972d216d/none_v3 HTTP/1.0 201 - python-swiftclient-4.2.0 gAAAAABpVxP6bS-y... 22 - - tx3669004d88294f4683f78-0069571447 - 0.0279 - - 1767314503.788637638 1767314503.816490650 0
Jan 01 19:41:44 np0005573202.novalocal dnsmasq[105540]: read /var/lib/neutron/dhcp/1719af20-983d-4ee4-86d5-29222f9afd7d/addn_hosts - 1 addresses
Jan 01 19:41:44 np0005573202.novalocal dnsmasq-dhcp[105540]: read /var/lib/neutron/dhcp/1719af20-983d-4ee4-86d5-29222f9afd7d/host
Jan 01 19:41:44 np0005573202.novalocal dnsmasq-dhcp[105540]: read /var/lib/neutron/dhcp/1719af20-983d-4ee4-86d5-29222f9afd7d/opts
Jan 01 19:41:45 np0005573202.novalocal dnsmasq[105975]: read /var/lib/neutron/dhcp/415a757c-9d08-4338-b80c-2475e577311c/addn_hosts - 2 addresses
Jan 01 19:41:45 np0005573202.novalocal dnsmasq-dhcp[105975]: read /var/lib/neutron/dhcp/415a757c-9d08-4338-b80c-2475e577311c/host
Jan 01 19:41:45 np0005573202.novalocal dnsmasq-dhcp[105975]: read /var/lib/neutron/dhcp/415a757c-9d08-4338-b80c-2475e577311c/opts
Jan 01 19:41:45 np0005573202.novalocal object-server[97424]: ::1 - - [02/Jan/2026:00:41:45 +0000] "GET /3/31292/AUTH_50777162d4dc40cfb40939a08020e6ce/gnocchi.844d9fbd-8051-4d6e-88ff-44502a3942d1/none_v3" 200 22 "GET http://[::1]:8080/v1/AUTH_50777162d4dc40cfb40939a08020e6ce/gnocchi.844d9fbd-8051-4d6e-88ff-44502a3942d1/none_v3" "tx623b97e48f3946ad8c477-0069571449" "proxy-server 90240" 0.0007 "-" 97424 0
Jan 01 19:41:45 np0005573202.novalocal proxy-server[90240]: ::1 ::1 02/Jan/2026/00/41/45 GET /v1/AUTH_50777162d4dc40cfb40939a08020e6ce/gnocchi.844d9fbd-8051-4d6e-88ff-44502a3942d1/none_v3 HTTP/1.0 200 - python-swiftclient-4.2.0 gAAAAABpVxQCpfSE... - 22 - tx623b97e48f3946ad8c477-0069571449 - 0.0069 - - 1767314505.445454121 1767314505.452383041 0
Jan 01 19:41:45 np0005573202.novalocal object-server[97426]: ::1 - - [02/Jan/2026:00:41:45 +0000] "GET /1/255277/AUTH_50777162d4dc40cfb40939a08020e6ce/gnocchi.12a7ccdb-035b-43e9-b992-993c24e41af4/none_v3" 200 22 "GET http://[::1]:8080/v1/AUTH_50777162d4dc40cfb40939a08020e6ce/gnocchi.12a7ccdb-035b-43e9-b992-993c24e41af4/none_v3" "tx99d3bca7e5774817b7ca6-0069571449" "proxy-server 90240" 0.0010 "-" 97426 0
Jan 01 19:41:45 np0005573202.novalocal proxy-server[90240]: ::1 ::1 02/Jan/2026/00/41/45 GET /v1/AUTH_50777162d4dc40cfb40939a08020e6ce/gnocchi.12a7ccdb-035b-43e9-b992-993c24e41af4/none_v3 HTTP/1.0 200 - python-swiftclient-4.2.0 gAAAAABpVxP6bS-y... - 22 - tx99d3bca7e5774817b7ca6-0069571449 - 0.0070 - - 1767314505.453566790 1767314505.460596561 0
Jan 01 19:41:45 np0005573202.novalocal container-server[97120]: ::1 - - [02/Jan/2026:00:41:45 +0000] "GET /3/47442/AUTH_50777162d4dc40cfb40939a08020e6ce/gnocchi.844d9fbd-8051-4d6e-88ff-44502a3942d1" 200 357 "GET http://[::1]:8080/v1/AUTH_50777162d4dc40cfb40939a08020e6ce/gnocchi.844d9fbd-8051-4d6e-88ff-44502a3942d1?format=json&states=listing" "txe2d49e3c963349ecafd13-0069571449" "proxy-server 90240" 0.0067 "-" 97120 0
Jan 01 19:41:45 np0005573202.novalocal proxy-server[90240]: ::1 ::1 02/Jan/2026/00/41/45 GET /v1/AUTH_50777162d4dc40cfb40939a08020e6ce/gnocchi.844d9fbd-8051-4d6e-88ff-44502a3942d1%3Fformat%3Djson%26states%3Dlisting HTTP/1.0 200 - python-swiftclient-4.2.0 gAAAAABpVxQCpfSE... - 357 - txe2d49e3c963349ecafd13-0069571449 - 0.0160 - - 1767314505.456472158 1767314505.472460747 0
Jan 01 19:41:45 np0005573202.novalocal container-server[97122]: ::1 - - [02/Jan/2026:00:41:45 +0000] "GET /3/168129/AUTH_50777162d4dc40cfb40939a08020e6ce/gnocchi.12a7ccdb-035b-43e9-b992-993c24e41af4" 200 357 "GET http://[::1]:8080/v1/AUTH_50777162d4dc40cfb40939a08020e6ce/gnocchi.12a7ccdb-035b-43e9-b992-993c24e41af4?format=json&states=listing" "txab684fe51ebb4ac8a595a-0069571449" "proxy-server 90240" 0.0081 "-" 97122 0
Jan 01 19:41:45 np0005573202.novalocal container-server[97122]: ::1 - - [02/Jan/2026:00:41:45 +0000] "GET /1/47442/AUTH_50777162d4dc40cfb40939a08020e6ce/gnocchi.844d9fbd-8051-4d6e-88ff-44502a3942d1" 200 2 "GET http://[::1]:8080/v1/AUTH_50777162d4dc40cfb40939a08020e6ce/gnocchi.844d9fbd-8051-4d6e-88ff-44502a3942d1?format=json&marker=none_v3&states=listing" "txd630efc7e90049faaa1e6-0069571449" "proxy-server 90240" 0.0063 "-" 97122 0
Jan 01 19:41:45 np0005573202.novalocal proxy-server[90240]: ::1 ::1 02/Jan/2026/00/41/45 GET /v1/AUTH_50777162d4dc40cfb40939a08020e6ce/gnocchi.12a7ccdb-035b-43e9-b992-993c24e41af4%3Fformat%3Djson%26states%3Dlisting HTTP/1.0 200 - python-swiftclient-4.2.0 gAAAAABpVxP6bS-y... - 357 - txab684fe51ebb4ac8a595a-0069571449 - 0.0227 - - 1767314505.466117620 1767314505.488788366 0
Jan 01 19:41:45 np0005573202.novalocal proxy-server[90240]: ::1 ::1 02/Jan/2026/00/41/45 GET /v1/AUTH_50777162d4dc40cfb40939a08020e6ce/gnocchi.844d9fbd-8051-4d6e-88ff-44502a3942d1%3Fformat%3Djson%26marker%3Dnone_v3%26states%3Dlisting HTTP/1.0 200 - python-swiftclient-4.2.0 gAAAAABpVxQCpfSE... - 2 - txd630efc7e90049faaa1e6-0069571449 - 0.0170 - - 1767314505.475390673 1767314505.492345333 0
Jan 01 19:41:45 np0005573202.novalocal object-server[97424]: ::1 - - [02/Jan/2026:00:41:45 +0000] "GET /2/150113/AUTH_50777162d4dc40cfb40939a08020e6ce/gnocchi.844d9fbd-8051-4d6e-88ff-44502a3942d1/1766880000.0_mean_300.0_v3" 200 16 "GET http://[::1]:8080/v1/AUTH_50777162d4dc40cfb40939a08020e6ce/gnocchi.844d9fbd-8051-4d6e-88ff-44502a3942d1/1766880000.0_mean_300.0_v3" "tx1e98958a0ca14d8ab0f86-0069571449" "proxy-server 90240" 0.0008 "-" 97424 0
Jan 01 19:41:45 np0005573202.novalocal proxy-server[90240]: ::1 ::1 02/Jan/2026/00/41/45 GET /v1/AUTH_50777162d4dc40cfb40939a08020e6ce/gnocchi.844d9fbd-8051-4d6e-88ff-44502a3942d1/1766880000.0_mean_300.0_v3 HTTP/1.0 200 - python-swiftclient-4.2.0 gAAAAABpVxQCpfSE... - 16 - tx1e98958a0ca14d8ab0f86-0069571449 - 0.0121 - - 1767314505.496607542 1767314505.508691311 0
Jan 01 19:41:45 np0005573202.novalocal container-server[97122]: ::1 - - [02/Jan/2026:00:41:45 +0000] "GET /2/168129/AUTH_50777162d4dc40cfb40939a08020e6ce/gnocchi.12a7ccdb-035b-43e9-b992-993c24e41af4" 200 2 "GET http://[::1]:8080/v1/AUTH_50777162d4dc40cfb40939a08020e6ce/gnocchi.12a7ccdb-035b-43e9-b992-993c24e41af4?format=json&marker=none_v3&states=listing" "txc6838686340247c2bc739-0069571449" "proxy-server 90240" 0.0107 "-" 97122 0
Jan 01 19:41:45 np0005573202.novalocal proxy-server[90240]: ::1 ::1 02/Jan/2026/00/41/45 GET /v1/AUTH_50777162d4dc40cfb40939a08020e6ce/gnocchi.12a7ccdb-035b-43e9-b992-993c24e41af4%3Fformat%3Djson%26marker%3Dnone_v3%26states%3Dlisting HTTP/1.0 200 - python-swiftclient-4.2.0 gAAAAABpVxP6bS-y... - 2 - txc6838686340247c2bc739-0069571449 - 0.0398 - - 1767314505.495041370 1767314505.534888268 0
Jan 01 19:41:45 np0005573202.novalocal container-server[97121]: ::1 - - [02/Jan/2026:00:41:45 +0000] "PUT /2/47442/AUTH_50777162d4dc40cfb40939a08020e6ce/gnocchi.844d9fbd-8051-4d6e-88ff-44502a3942d1/1766880000.0_mean_300.0_v3" 201 - "PUT http://[::1]:8080/1/150113/AUTH_50777162d4dc40cfb40939a08020e6ce/gnocchi.844d9fbd-8051-4d6e-88ff-44502a3942d1/1766880000.0_mean_300.0_v3" "txb62300cb18804840833f0-0069571449" "object-server 97423" 0.0005 "-" 97121 0
Jan 01 19:41:45 np0005573202.novalocal container-server[97119]: ::1 - - [02/Jan/2026:00:41:45 +0000] "PUT /3/47442/AUTH_50777162d4dc40cfb40939a08020e6ce/gnocchi.844d9fbd-8051-4d6e-88ff-44502a3942d1/1766880000.0_mean_300.0_v3" 201 - "PUT http://[::1]:8080/3/150113/AUTH_50777162d4dc40cfb40939a08020e6ce/gnocchi.844d9fbd-8051-4d6e-88ff-44502a3942d1/1766880000.0_mean_300.0_v3" "txb62300cb18804840833f0-0069571449" "object-server 97424" 0.0006 "-" 97119 0
Jan 01 19:41:45 np0005573202.novalocal container-server[97121]: ::1 - - [02/Jan/2026:00:41:45 +0000] "PUT /1/47442/AUTH_50777162d4dc40cfb40939a08020e6ce/gnocchi.844d9fbd-8051-4d6e-88ff-44502a3942d1/1766880000.0_mean_300.0_v3" 201 - "PUT http://[::1]:8080/2/150113/AUTH_50777162d4dc40cfb40939a08020e6ce/gnocchi.844d9fbd-8051-4d6e-88ff-44502a3942d1/1766880000.0_mean_300.0_v3" "txb62300cb18804840833f0-0069571449" "object-server 97423" 0.0003 "-" 97121 0
Jan 01 19:41:45 np0005573202.novalocal object-server[97424]: ::1 - - [02/Jan/2026:00:41:45 +0000] "PUT /3/150113/AUTH_50777162d4dc40cfb40939a08020e6ce/gnocchi.844d9fbd-8051-4d6e-88ff-44502a3942d1/1766880000.0_mean_300.0_v3" 201 - "PUT http://[::1]:8080/v1/AUTH_50777162d4dc40cfb40939a08020e6ce/gnocchi.844d9fbd-8051-4d6e-88ff-44502a3942d1/1766880000.0_mean_300.0_v3" "txb62300cb18804840833f0-0069571449" "proxy-server 90240" 0.0120 "-" 97424 0
Jan 01 19:41:45 np0005573202.novalocal object-server[97423]: ::1 - - [02/Jan/2026:00:41:45 +0000] "PUT /1/150113/AUTH_50777162d4dc40cfb40939a08020e6ce/gnocchi.844d9fbd-8051-4d6e-88ff-44502a3942d1/1766880000.0_mean_300.0_v3" 201 - "PUT http://[::1]:8080/v1/AUTH_50777162d4dc40cfb40939a08020e6ce/gnocchi.844d9fbd-8051-4d6e-88ff-44502a3942d1/1766880000.0_mean_300.0_v3" "txb62300cb18804840833f0-0069571449" "proxy-server 90240" 0.0119 "-" 97423 0
Jan 01 19:41:45 np0005573202.novalocal object-server[97423]: ::1 - - [02/Jan/2026:00:41:45 +0000] "PUT /2/150113/AUTH_50777162d4dc40cfb40939a08020e6ce/gnocchi.844d9fbd-8051-4d6e-88ff-44502a3942d1/1766880000.0_mean_300.0_v3" 201 - "PUT http://[::1]:8080/v1/AUTH_50777162d4dc40cfb40939a08020e6ce/gnocchi.844d9fbd-8051-4d6e-88ff-44502a3942d1/1766880000.0_mean_300.0_v3" "txb62300cb18804840833f0-0069571449" "proxy-server 90240" 0.0158 "-" 97423 0
Jan 01 19:41:45 np0005573202.novalocal proxy-server[90240]: ::1 ::1 02/Jan/2026/00/41/45 PUT /v1/AUTH_50777162d4dc40cfb40939a08020e6ce/gnocchi.844d9fbd-8051-4d6e-88ff-44502a3942d1/1766880000.0_mean_300.0_v3 HTTP/1.0 201 - python-swiftclient-4.2.0 gAAAAABpVxQCpfSE... 16 - - txb62300cb18804840833f0-0069571449 - 0.0311 - - 1767314505.514626980 1767314505.545766592 0
Jan 01 19:41:45 np0005573202.novalocal object-server[97426]: ::1 - - [02/Jan/2026:00:41:45 +0000] "GET /3/55658/AUTH_50777162d4dc40cfb40939a08020e6ce/gnocchi.12a7ccdb-035b-43e9-b992-993c24e41af4/1766880000.0_mean_300.0_v3" 200 16 "GET http://[::1]:8080/v1/AUTH_50777162d4dc40cfb40939a08020e6ce/gnocchi.12a7ccdb-035b-43e9-b992-993c24e41af4/1766880000.0_mean_300.0_v3" "tx173abf869a1d4533b52c0-0069571449" "proxy-server 90240" 0.0007 "-" 97426 0
Jan 01 19:41:45 np0005573202.novalocal proxy-server[90240]: ::1 ::1 02/Jan/2026/00/41/45 GET /v1/AUTH_50777162d4dc40cfb40939a08020e6ce/gnocchi.12a7ccdb-035b-43e9-b992-993c24e41af4/1766880000.0_mean_300.0_v3 HTTP/1.0 200 - python-swiftclient-4.2.0 gAAAAABpVxP6bS-y... - 16 - tx173abf869a1d4533b52c0-0069571449 - 0.0157 - - 1767314505.539942741 1767314505.555633068 0
Jan 01 19:41:45 np0005573202.novalocal container-server[97119]: ::1 - - [02/Jan/2026:00:41:45 +0000] "PUT /3/47442/AUTH_50777162d4dc40cfb40939a08020e6ce/gnocchi.844d9fbd-8051-4d6e-88ff-44502a3942d1/none_v3" 201 - "PUT http://[::1]:8080/3/31292/AUTH_50777162d4dc40cfb40939a08020e6ce/gnocchi.844d9fbd-8051-4d6e-88ff-44502a3942d1/none_v3" "txb6898fd2db394518bdf36-0069571449" "object-server 97423" 0.0026 "-" 97119 0
Jan 01 19:41:45 np0005573202.novalocal object-server[97423]: ::1 - - [02/Jan/2026:00:41:45 +0000] "PUT /3/31292/AUTH_50777162d4dc40cfb40939a08020e6ce/gnocchi.844d9fbd-8051-4d6e-88ff-44502a3942d1/none_v3" 201 - "PUT http://[::1]:8080/v1/AUTH_50777162d4dc40cfb40939a08020e6ce/gnocchi.844d9fbd-8051-4d6e-88ff-44502a3942d1/none_v3" "txb6898fd2db394518bdf36-0069571449" "proxy-server 90240" 0.0148 "-" 97423 0
Jan 01 19:41:45 np0005573202.novalocal container-server[97119]: ::1 - - [02/Jan/2026:00:41:45 +0000] "PUT /1/47442/AUTH_50777162d4dc40cfb40939a08020e6ce/gnocchi.844d9fbd-8051-4d6e-88ff-44502a3942d1/none_v3" 201 - "PUT http://[::1]:8080/2/31292/AUTH_50777162d4dc40cfb40939a08020e6ce/gnocchi.844d9fbd-8051-4d6e-88ff-44502a3942d1/none_v3" "txb6898fd2db394518bdf36-0069571449" "object-server 97424" 0.0007 "-" 97119 0
Jan 01 19:41:45 np0005573202.novalocal container-server[97121]: ::1 - - [02/Jan/2026:00:41:45 +0000] "PUT /2/47442/AUTH_50777162d4dc40cfb40939a08020e6ce/gnocchi.844d9fbd-8051-4d6e-88ff-44502a3942d1/none_v3" 201 - "PUT http://[::1]:8080/1/31292/AUTH_50777162d4dc40cfb40939a08020e6ce/gnocchi.844d9fbd-8051-4d6e-88ff-44502a3942d1/none_v3" "txb6898fd2db394518bdf36-0069571449" "object-server 97424" 0.0005 "-" 97121 0
Jan 01 19:41:45 np0005573202.novalocal object-server[97424]: ::1 - - [02/Jan/2026:00:41:45 +0000] "PUT /2/31292/AUTH_50777162d4dc40cfb40939a08020e6ce/gnocchi.844d9fbd-8051-4d6e-88ff-44502a3942d1/none_v3" 201 - "PUT http://[::1]:8080/v1/AUTH_50777162d4dc40cfb40939a08020e6ce/gnocchi.844d9fbd-8051-4d6e-88ff-44502a3942d1/none_v3" "txb6898fd2db394518bdf36-0069571449" "proxy-server 90240" 0.0180 "-" 97424 0
Jan 01 19:41:45 np0005573202.novalocal object-server[97424]: ::1 - - [02/Jan/2026:00:41:45 +0000] "PUT /1/31292/AUTH_50777162d4dc40cfb40939a08020e6ce/gnocchi.844d9fbd-8051-4d6e-88ff-44502a3942d1/none_v3" 201 - "PUT http://[::1]:8080/v1/AUTH_50777162d4dc40cfb40939a08020e6ce/gnocchi.844d9fbd-8051-4d6e-88ff-44502a3942d1/none_v3" "txb6898fd2db394518bdf36-0069571449" "proxy-server 90240" 0.0186 "-" 97424 0
Jan 01 19:41:45 np0005573202.novalocal proxy-server[90240]: ::1 ::1 02/Jan/2026/00/41/45 PUT /v1/AUTH_50777162d4dc40cfb40939a08020e6ce/gnocchi.844d9fbd-8051-4d6e-88ff-44502a3942d1/none_v3 HTTP/1.0 201 - python-swiftclient-4.2.0 gAAAAABpVxQCpfSE... 30 - - txb6898fd2db394518bdf36-0069571449 - 0.0270 - - 1767314505.548867702 1767314505.575865030 0
Jan 01 19:41:45 np0005573202.novalocal container-server[97120]: ::1 - - [02/Jan/2026:00:41:45 +0000] "PUT /1/168129/AUTH_50777162d4dc40cfb40939a08020e6ce/gnocchi.12a7ccdb-035b-43e9-b992-993c24e41af4/1766880000.0_mean_300.0_v3" 201 - "PUT http://[::1]:8080/2/55658/AUTH_50777162d4dc40cfb40939a08020e6ce/gnocchi.12a7ccdb-035b-43e9-b992-993c24e41af4/1766880000.0_mean_300.0_v3" "txf021eee664d44bcb82294-0069571449" "object-server 97425" 0.0006 "-" 97120 0
Jan 01 19:41:45 np0005573202.novalocal object-server[97425]: ::1 - - [02/Jan/2026:00:41:45 +0000] "PUT /2/55658/AUTH_50777162d4dc40cfb40939a08020e6ce/gnocchi.12a7ccdb-035b-43e9-b992-993c24e41af4/1766880000.0_mean_300.0_v3" 201 - "PUT http://[::1]:8080/v1/AUTH_50777162d4dc40cfb40939a08020e6ce/gnocchi.12a7ccdb-035b-43e9-b992-993c24e41af4/1766880000.0_mean_300.0_v3" "txf021eee664d44bcb82294-0069571449" "proxy-server 90240" 0.0136 "-" 97425 0
Jan 01 19:41:45 np0005573202.novalocal container-server[97120]: ::1 - - [02/Jan/2026:00:41:45 +0000] "PUT /3/168129/AUTH_50777162d4dc40cfb40939a08020e6ce/gnocchi.12a7ccdb-035b-43e9-b992-993c24e41af4/1766880000.0_mean_300.0_v3" 201 - "PUT http://[::1]:8080/1/55658/AUTH_50777162d4dc40cfb40939a08020e6ce/gnocchi.12a7ccdb-035b-43e9-b992-993c24e41af4/1766880000.0_mean_300.0_v3" "txf021eee664d44bcb82294-0069571449" "object-server 97424" 0.0005 "-" 97120 0
Jan 01 19:41:45 np0005573202.novalocal object-server[97424]: ::1 - - [02/Jan/2026:00:41:45 +0000] "PUT /1/55658/AUTH_50777162d4dc40cfb40939a08020e6ce/gnocchi.12a7ccdb-035b-43e9-b992-993c24e41af4/1766880000.0_mean_300.0_v3" 201 - "PUT http://[::1]:8080/v1/AUTH_50777162d4dc40cfb40939a08020e6ce/gnocchi.12a7ccdb-035b-43e9-b992-993c24e41af4/1766880000.0_mean_300.0_v3" "txf021eee664d44bcb82294-0069571449" "proxy-server 90240" 0.0150 "-" 97424 0
Jan 01 19:41:45 np0005573202.novalocal container-server[97120]: ::1 - - [02/Jan/2026:00:41:45 +0000] "PUT /2/168129/AUTH_50777162d4dc40cfb40939a08020e6ce/gnocchi.12a7ccdb-035b-43e9-b992-993c24e41af4/1766880000.0_mean_300.0_v3" 201 - "PUT http://[::1]:8080/3/55658/AUTH_50777162d4dc40cfb40939a08020e6ce/gnocchi.12a7ccdb-035b-43e9-b992-993c24e41af4/1766880000.0_mean_300.0_v3" "txf021eee664d44bcb82294-0069571449" "object-server 97426" 0.0005 "-" 97120 0
Jan 01 19:41:45 np0005573202.novalocal object-server[97426]: ::1 - - [02/Jan/2026:00:41:45 +0000] "PUT /3/55658/AUTH_50777162d4dc40cfb40939a08020e6ce/gnocchi.12a7ccdb-035b-43e9-b992-993c24e41af4/1766880000.0_mean_300.0_v3" 201 - "PUT http://[::1]:8080/v1/AUTH_50777162d4dc40cfb40939a08020e6ce/gnocchi.12a7ccdb-035b-43e9-b992-993c24e41af4/1766880000.0_mean_300.0_v3" "txf021eee664d44bcb82294-0069571449" "proxy-server 90240" 0.0237 "-" 97426 0
Jan 01 19:41:45 np0005573202.novalocal proxy-server[90240]: ::1 ::1 02/Jan/2026/00/41/45 PUT /v1/AUTH_50777162d4dc40cfb40939a08020e6ce/gnocchi.12a7ccdb-035b-43e9-b992-993c24e41af4/1766880000.0_mean_300.0_v3 HTTP/1.0 201 - python-swiftclient-4.2.0 gAAAAABpVxP6bS-y... 16 - - txf021eee664d44bcb82294-0069571449 - 0.0349 - - 1767314505.559097052 1767314505.593999147 0
Jan 01 19:41:45 np0005573202.novalocal object-server[97424]: ::1 - - [02/Jan/2026:00:41:45 +0000] "GET /2/219941/AUTH_50777162d4dc40cfb40939a08020e6ce/gnocchi.b90fde89-92a3-4499-bd50-c34ab201833c/none_v3" 200 22 "GET http://[::1]:8080/v1/AUTH_50777162d4dc40cfb40939a08020e6ce/gnocchi.b90fde89-92a3-4499-bd50-c34ab201833c/none_v3" "txf603614750f84a198dac7-0069571449" "proxy-server 90240" 0.0009 "-" 97424 0
Jan 01 19:41:45 np0005573202.novalocal proxy-server[90240]: ::1 ::1 02/Jan/2026/00/41/45 GET /v1/AUTH_50777162d4dc40cfb40939a08020e6ce/gnocchi.b90fde89-92a3-4499-bd50-c34ab201833c/none_v3 HTTP/1.0 200 - python-swiftclient-4.2.0 gAAAAABpVxQCpfSE... - 22 - txf603614750f84a198dac7-0069571449 - 0.0086 - - 1767314505.588380098 1767314505.596933603 0
Jan 01 19:41:45 np0005573202.novalocal container-server[97122]: ::1 - - [02/Jan/2026:00:41:45 +0000] "GET /2/54881/AUTH_50777162d4dc40cfb40939a08020e6ce/gnocchi.b90fde89-92a3-4499-bd50-c34ab201833c" 200 357 "GET http://[::1]:8080/v1/AUTH_50777162d4dc40cfb40939a08020e6ce/gnocchi.b90fde89-92a3-4499-bd50-c34ab201833c?format=json&states=listing" "tx1a0af51b2b0f43bd84229-0069571449" "proxy-server 90240" 0.0087 "-" 97122 0
Jan 01 19:41:45 np0005573202.novalocal proxy-server[90240]: ::1 ::1 02/Jan/2026/00/41/45 GET /v1/AUTH_50777162d4dc40cfb40939a08020e6ce/gnocchi.b90fde89-92a3-4499-bd50-c34ab201833c%3Fformat%3Djson%26states%3Dlisting HTTP/1.0 200 - python-swiftclient-4.2.0 gAAAAABpVxQCpfSE... - 357 - tx1a0af51b2b0f43bd84229-0069571449 - 0.0168 - - 1767314505.599350691 1767314505.616120100 0
Jan 01 19:41:45 np0005573202.novalocal container-server[97120]: ::1 - - [02/Jan/2026:00:41:45 +0000] "PUT /2/168129/AUTH_50777162d4dc40cfb40939a08020e6ce/gnocchi.12a7ccdb-035b-43e9-b992-993c24e41af4/none_v3" 201 - "PUT http://[::1]:8080/1/255277/AUTH_50777162d4dc40cfb40939a08020e6ce/gnocchi.12a7ccdb-035b-43e9-b992-993c24e41af4/none_v3" "tx4d35720768364321825b3-0069571449" "object-server 97423" 0.0005 "-" 97120 0
Jan 01 19:41:45 np0005573202.novalocal container-server[97122]: ::1 - - [02/Jan/2026:00:41:45 +0000] "PUT /1/168129/AUTH_50777162d4dc40cfb40939a08020e6ce/gnocchi.12a7ccdb-035b-43e9-b992-993c24e41af4/none_v3" 201 - "PUT http://[::1]:8080/2/255277/AUTH_50777162d4dc40cfb40939a08020e6ce/gnocchi.12a7ccdb-035b-43e9-b992-993c24e41af4/none_v3" "tx4d35720768364321825b3-0069571449" "object-server 97426" 0.0006 "-" 97122 0
Jan 01 19:41:45 np0005573202.novalocal object-server[97426]: ::1 - - [02/Jan/2026:00:41:45 +0000] "PUT /2/255277/AUTH_50777162d4dc40cfb40939a08020e6ce/gnocchi.12a7ccdb-035b-43e9-b992-993c24e41af4/none_v3" 201 - "PUT http://[::1]:8080/v1/AUTH_50777162d4dc40cfb40939a08020e6ce/gnocchi.12a7ccdb-035b-43e9-b992-993c24e41af4/none_v3" "tx4d35720768364321825b3-0069571449" "proxy-server 90240" 0.0153 "-" 97426 0
Jan 01 19:41:45 np0005573202.novalocal object-server[97423]: ::1 - - [02/Jan/2026:00:41:45 +0000] "PUT /1/255277/AUTH_50777162d4dc40cfb40939a08020e6ce/gnocchi.12a7ccdb-035b-43e9-b992-993c24e41af4/none_v3" 201 - "PUT http://[::1]:8080/v1/AUTH_50777162d4dc40cfb40939a08020e6ce/gnocchi.12a7ccdb-035b-43e9-b992-993c24e41af4/none_v3" "tx4d35720768364321825b3-0069571449" "proxy-server 90240" 0.0165 "-" 97423 0
Jan 01 19:41:45 np0005573202.novalocal container-server[97122]: ::1 - - [02/Jan/2026:00:41:45 +0000] "PUT /3/168129/AUTH_50777162d4dc40cfb40939a08020e6ce/gnocchi.12a7ccdb-035b-43e9-b992-993c24e41af4/none_v3" 201 - "PUT http://[::1]:8080/3/255277/AUTH_50777162d4dc40cfb40939a08020e6ce/gnocchi.12a7ccdb-035b-43e9-b992-993c24e41af4/none_v3" "tx4d35720768364321825b3-0069571449" "object-server 97424" 0.0004 "-" 97122 0
Jan 01 19:41:45 np0005573202.novalocal container-server[97121]: ::1 - - [02/Jan/2026:00:41:45 +0000] "GET /1/54881/AUTH_50777162d4dc40cfb40939a08020e6ce/gnocchi.b90fde89-92a3-4499-bd50-c34ab201833c" 200 2 "GET http://[::1]:8080/v1/AUTH_50777162d4dc40cfb40939a08020e6ce/gnocchi.b90fde89-92a3-4499-bd50-c34ab201833c?format=json&marker=none_v3&states=listing" "tx89fce16d5708484394782-0069571449" "proxy-server 90240" 0.0052 "-" 97121 0
Jan 01 19:41:45 np0005573202.novalocal object-server[97424]: ::1 - - [02/Jan/2026:00:41:45 +0000] "PUT /3/255277/AUTH_50777162d4dc40cfb40939a08020e6ce/gnocchi.12a7ccdb-035b-43e9-b992-993c24e41af4/none_v3" 201 - "PUT http://[::1]:8080/v1/AUTH_50777162d4dc40cfb40939a08020e6ce/gnocchi.12a7ccdb-035b-43e9-b992-993c24e41af4/none_v3" "tx4d35720768364321825b3-0069571449" "proxy-server 90240" 0.0180 "-" 97424 0
Jan 01 19:41:45 np0005573202.novalocal proxy-server[90240]: ::1 ::1 02/Jan/2026/00/41/45 PUT /v1/AUTH_50777162d4dc40cfb40939a08020e6ce/gnocchi.12a7ccdb-035b-43e9-b992-993c24e41af4/none_v3 HTTP/1.0 201 - python-swiftclient-4.2.0 gAAAAABpVxP6bS-y... 31 - - tx4d35720768364321825b3-0069571449 - 0.0273 - - 1767314505.604755402 1767314505.632074833 0
Jan 01 19:41:45 np0005573202.novalocal proxy-server[90240]: ::1 ::1 02/Jan/2026/00/41/45 GET /v1/AUTH_50777162d4dc40cfb40939a08020e6ce/gnocchi.b90fde89-92a3-4499-bd50-c34ab201833c%3Fformat%3Djson%26marker%3Dnone_v3%26states%3Dlisting HTTP/1.0 200 - python-swiftclient-4.2.0 gAAAAABpVxQCpfSE... - 2 - tx89fce16d5708484394782-0069571449 - 0.0234 - - 1767314505.619598150 1767314505.643007994 0
Jan 01 19:41:45 np0005573202.novalocal object-server[97424]: ::1 - - [02/Jan/2026:00:41:45 +0000] "GET /2/213840/AUTH_50777162d4dc40cfb40939a08020e6ce/gnocchi.5745a442-897e-4912-a25c-5641972d216d/none_v3" 200 22 "GET http://[::1]:8080/v1/AUTH_50777162d4dc40cfb40939a08020e6ce/gnocchi.5745a442-897e-4912-a25c-5641972d216d/none_v3" "txc9501723c79340bab9925-0069571449" "proxy-server 90240" 0.0008 "-" 97424 0
Jan 01 19:41:45 np0005573202.novalocal object-server[97424]: ::1 - - [02/Jan/2026:00:41:45 +0000] "GET /2/158241/AUTH_50777162d4dc40cfb40939a08020e6ce/gnocchi.b90fde89-92a3-4499-bd50-c34ab201833c/1766880000.0_mean_300.0_v3" 200 16 "GET http://[::1]:8080/v1/AUTH_50777162d4dc40cfb40939a08020e6ce/gnocchi.b90fde89-92a3-4499-bd50-c34ab201833c/1766880000.0_mean_300.0_v3" "tx366d3d0d4eb2483ba2bb6-0069571449" "proxy-server 90240" 0.0004 "-" 97424 0
Jan 01 19:41:45 np0005573202.novalocal proxy-server[90240]: ::1 ::1 02/Jan/2026/00/41/45 GET /v1/AUTH_50777162d4dc40cfb40939a08020e6ce/gnocchi.5745a442-897e-4912-a25c-5641972d216d/none_v3 HTTP/1.0 200 - python-swiftclient-4.2.0 gAAAAABpVxP6bS-y... - 22 - txc9501723c79340bab9925-0069571449 - 0.0069 - - 1767314505.645643234 1767314505.652566433 0
Jan 01 19:41:45 np0005573202.novalocal proxy-server[90240]: ::1 ::1 02/Jan/2026/00/41/45 GET /v1/AUTH_50777162d4dc40cfb40939a08020e6ce/gnocchi.b90fde89-92a3-4499-bd50-c34ab201833c/1766880000.0_mean_300.0_v3 HTTP/1.0 200 - python-swiftclient-4.2.0 gAAAAABpVxQCpfSE... - 16 - tx366d3d0d4eb2483ba2bb6-0069571449 - 0.0058 - - 1767314505.648431778 1767314505.654198647 0
Jan 01 19:41:45 np0005573202.novalocal container-server[97122]: ::1 - - [02/Jan/2026:00:41:45 +0000] "GET /2/12608/AUTH_50777162d4dc40cfb40939a08020e6ce/gnocchi.5745a442-897e-4912-a25c-5641972d216d" 200 357 "GET http://[::1]:8080/v1/AUTH_50777162d4dc40cfb40939a08020e6ce/gnocchi.5745a442-897e-4912-a25c-5641972d216d?format=json&states=listing" "tx5d50566e487249b18e1cb-0069571449" "proxy-server 90240" 0.0070 "-" 97122 0
Jan 01 19:41:45 np0005573202.novalocal proxy-server[90240]: ::1 ::1 02/Jan/2026/00/41/45 GET /v1/AUTH_50777162d4dc40cfb40939a08020e6ce/gnocchi.5745a442-897e-4912-a25c-5641972d216d%3Fformat%3Djson%26states%3Dlisting HTTP/1.0 200 - python-swiftclient-4.2.0 gAAAAABpVxP6bS-y... - 357 - tx5d50566e487249b18e1cb-0069571449 - 0.0146 - - 1767314505.655924797 1767314505.670550346 0
Jan 01 19:41:45 np0005573202.novalocal container-server[97120]: ::1 - - [02/Jan/2026:00:41:45 +0000] "GET /2/12608/AUTH_50777162d4dc40cfb40939a08020e6ce/gnocchi.5745a442-897e-4912-a25c-5641972d216d" 200 2 "GET http://[::1]:8080/v1/AUTH_50777162d4dc40cfb40939a08020e6ce/gnocchi.5745a442-897e-4912-a25c-5641972d216d?format=json&marker=none_v3&states=listing" "tx0da5b2863b9e449489da1-0069571449" "proxy-server 90240" 0.0019 "-" 97120 0
Jan 01 19:41:45 np0005573202.novalocal container-server[97121]: ::1 - - [02/Jan/2026:00:41:45 +0000] "PUT /1/54881/AUTH_50777162d4dc40cfb40939a08020e6ce/gnocchi.b90fde89-92a3-4499-bd50-c34ab201833c/1766880000.0_mean_300.0_v3" 201 - "PUT http://[::1]:8080/3/158241/AUTH_50777162d4dc40cfb40939a08020e6ce/gnocchi.b90fde89-92a3-4499-bd50-c34ab201833c/1766880000.0_mean_300.0_v3" "tx2ab943ad69a74676926c0-0069571449" "object-server 97424" 0.0006 "-" 97121 0
Jan 01 19:41:45 np0005573202.novalocal object-server[97424]: ::1 - - [02/Jan/2026:00:41:45 +0000] "PUT /3/158241/AUTH_50777162d4dc40cfb40939a08020e6ce/gnocchi.b90fde89-92a3-4499-bd50-c34ab201833c/1766880000.0_mean_300.0_v3" 201 - "PUT http://[::1]:8080/v1/AUTH_50777162d4dc40cfb40939a08020e6ce/gnocchi.b90fde89-92a3-4499-bd50-c34ab201833c/1766880000.0_mean_300.0_v3" "tx2ab943ad69a74676926c0-0069571449" "proxy-server 90240" 0.0162 "-" 97424 0
