Jan 01 19:42:14 np0005573202.novalocal container-server[97119]: ::1 - - [02/Jan/2026:00:42:14 +0000] "HEAD /1/194389/AUTH_50777162d4dc40cfb40939a08020e6ce/gnocchi.f23977e3-2f9a-48a7-b742-c553da7a0da8" 404 - "HEAD http://[::1]:8080/v1/AUTH_50777162d4dc40cfb40939a08020e6ce/gnocchi.f23977e3-2f9a-48a7-b742-c553da7a0da8?format=json&states=listing" "tx9deeae2dae30483e8faff-0069571466" "proxy-server 90240" 0.0003 "-" 97119 0
Jan 01 19:42:14 np0005573202.novalocal object-server[97424]: ::1 - - [02/Jan/2026:00:42:14 +0000] "GET /3/10364/AUTH_50777162d4dc40cfb40939a08020e6ce/gnocchi.f23977e3-2f9a-48a7-b742-c553da7a0da8/none_v3" 404 70 "GET http://[::1]:8080/v1/AUTH_50777162d4dc40cfb40939a08020e6ce/gnocchi.f23977e3-2f9a-48a7-b742-c553da7a0da8/none_v3" "tx9deeae2dae30483e8faff-0069571466" "proxy-server 90240" 0.0003 "-" 97424 0
Jan 01 19:42:14 np0005573202.novalocal object-server[97424]: ::1 - - [02/Jan/2026:00:42:14 +0000] "GET /1/10364/AUTH_50777162d4dc40cfb40939a08020e6ce/gnocchi.f23977e3-2f9a-48a7-b742-c553da7a0da8/none_v3" 404 70 "GET http://[::1]:8080/v1/AUTH_50777162d4dc40cfb40939a08020e6ce/gnocchi.f23977e3-2f9a-48a7-b742-c553da7a0da8/none_v3" "tx9deeae2dae30483e8faff-0069571466" "proxy-server 90240" 0.0005 "-" 97424 0
Jan 01 19:42:14 np0005573202.novalocal object-server[97424]: ::1 - - [02/Jan/2026:00:42:14 +0000] "GET /2/10364/AUTH_50777162d4dc40cfb40939a08020e6ce/gnocchi.f23977e3-2f9a-48a7-b742-c553da7a0da8/none_v3" 404 70 "GET http://[::1]:8080/v1/AUTH_50777162d4dc40cfb40939a08020e6ce/gnocchi.f23977e3-2f9a-48a7-b742-c553da7a0da8/none_v3" "tx9deeae2dae30483e8faff-0069571466" "proxy-server 90240" 0.0003 "-" 97424 0
Jan 01 19:42:14 np0005573202.novalocal proxy-server[90240]: ::1 ::1 02/Jan/2026/00/42/14 GET /v1/AUTH_50777162d4dc40cfb40939a08020e6ce/gnocchi.f23977e3-2f9a-48a7-b742-c553da7a0da8/none_v3 HTTP/1.0 404 - python-swiftclient-4.2.0 gAAAAABpVxP6bS-y... - 70 - tx9deeae2dae30483e8faff-0069571466 - 0.0237 - - 1767314534.854594469 1767314534.878310919 0
Jan 01 19:42:14 np0005573202.novalocal account-server[96826]: ::1 - - [02/Jan/2026:00:42:14 +0000] "PUT /1/20297/AUTH_50777162d4dc40cfb40939a08020e6ce/gnocchi.f23977e3-2f9a-48a7-b742-c553da7a0da8" 201 - "PUT http://[::1]:6001/3/194389/AUTH_50777162d4dc40cfb40939a08020e6ce/gnocchi.f23977e3-2f9a-48a7-b742-c553da7a0da8" "tx8c18217d86884579aef58-0069571466" "container-server 97121" 0.0051 "-" 96826 0
Jan 01 19:42:14 np0005573202.novalocal container-server[97121]: ::1 - - [02/Jan/2026:00:42:14 +0000] "PUT /3/194389/AUTH_50777162d4dc40cfb40939a08020e6ce/gnocchi.f23977e3-2f9a-48a7-b742-c553da7a0da8" 201 - "PUT http://[::1]:8080/v1/AUTH_50777162d4dc40cfb40939a08020e6ce/gnocchi.f23977e3-2f9a-48a7-b742-c553da7a0da8" "tx8c18217d86884579aef58-0069571466" "proxy-server 90240" 0.0212 "-" 97121 0
Jan 01 19:42:14 np0005573202.novalocal account-server[96828]: ::1 - - [02/Jan/2026:00:42:14 +0000] "PUT /2/20297/AUTH_50777162d4dc40cfb40939a08020e6ce/gnocchi.f23977e3-2f9a-48a7-b742-c553da7a0da8" 201 - "PUT http://[::1]:6001/1/194389/AUTH_50777162d4dc40cfb40939a08020e6ce/gnocchi.f23977e3-2f9a-48a7-b742-c553da7a0da8" "tx8c18217d86884579aef58-0069571466" "container-server 97120" 0.0048 "-" 96828 0
Jan 01 19:42:14 np0005573202.novalocal container-server[97120]: ::1 - - [02/Jan/2026:00:42:14 +0000] "PUT /1/194389/AUTH_50777162d4dc40cfb40939a08020e6ce/gnocchi.f23977e3-2f9a-48a7-b742-c553da7a0da8" 201 - "PUT http://[::1]:8080/v1/AUTH_50777162d4dc40cfb40939a08020e6ce/gnocchi.f23977e3-2f9a-48a7-b742-c553da7a0da8" "tx8c18217d86884579aef58-0069571466" "proxy-server 90240" 0.0407 "-" 97120 0
Jan 01 19:42:14 np0005573202.novalocal account-server[96828]: ::1 - - [02/Jan/2026:00:42:14 +0000] "PUT /3/20297/AUTH_50777162d4dc40cfb40939a08020e6ce/gnocchi.f23977e3-2f9a-48a7-b742-c553da7a0da8" 201 - "PUT http://[::1]:6001/2/194389/AUTH_50777162d4dc40cfb40939a08020e6ce/gnocchi.f23977e3-2f9a-48a7-b742-c553da7a0da8" "tx8c18217d86884579aef58-0069571466" "container-server 97120" 0.0050 "-" 96828 0
Jan 01 19:42:14 np0005573202.novalocal container-server[97120]: ::1 - - [02/Jan/2026:00:42:14 +0000] "PUT /2/194389/AUTH_50777162d4dc40cfb40939a08020e6ce/gnocchi.f23977e3-2f9a-48a7-b742-c553da7a0da8" 201 - "PUT http://[::1]:8080/v1/AUTH_50777162d4dc40cfb40939a08020e6ce/gnocchi.f23977e3-2f9a-48a7-b742-c553da7a0da8" "tx8c18217d86884579aef58-0069571466" "proxy-server 90240" 0.0247 "-" 97120 0
Jan 01 19:42:14 np0005573202.novalocal proxy-server[90240]: ::1 ::1 02/Jan/2026/00/42/14 PUT /v1/AUTH_50777162d4dc40cfb40939a08020e6ce/gnocchi.f23977e3-2f9a-48a7-b742-c553da7a0da8 HTTP/1.0 201 - python-swiftclient-4.2.0 gAAAAABpVxP6bS-y... - - - tx8c18217d86884579aef58-0069571466 - 0.0539 - - 1767314534.881072521 1767314534.934971809 0
Jan 01 19:42:14 np0005573202.novalocal container-server[97121]: ::1 - - [02/Jan/2026:00:42:14 +0000] "HEAD /1/45953/AUTH_50777162d4dc40cfb40939a08020e6ce/gnocchi.aa86a323-ca75-4b54-b73c-02732289ec2e" 404 - "HEAD http://[::1]:8080/v1/AUTH_50777162d4dc40cfb40939a08020e6ce/gnocchi.aa86a323-ca75-4b54-b73c-02732289ec2e?format=json&states=listing" "tx6d5c87c33b8a4c8dace5b-0069571466" "proxy-server 90240" 0.0004 "-" 97121 0
Jan 01 19:42:14 np0005573202.novalocal container-server[97121]: ::1 - - [02/Jan/2026:00:42:14 +0000] "HEAD /2/45953/AUTH_50777162d4dc40cfb40939a08020e6ce/gnocchi.aa86a323-ca75-4b54-b73c-02732289ec2e" 404 - "HEAD http://[::1]:8080/v1/AUTH_50777162d4dc40cfb40939a08020e6ce/gnocchi.aa86a323-ca75-4b54-b73c-02732289ec2e?format=json&states=listing" "tx6d5c87c33b8a4c8dace5b-0069571466" "proxy-server 90240" 0.0003 "-" 97121 0
Jan 01 19:42:14 np0005573202.novalocal container-server[97120]: ::1 - - [02/Jan/2026:00:42:14 +0000] "HEAD /1/194389/AUTH_50777162d4dc40cfb40939a08020e6ce/gnocchi.f23977e3-2f9a-48a7-b742-c553da7a0da8" 204 - "HEAD http://[::1]:8080/v1/AUTH_50777162d4dc40cfb40939a08020e6ce/gnocchi.f23977e3-2f9a-48a7-b742-c553da7a0da8?format=json&states=listing" "tx4e6660f4eff34ab68f92c-0069571466" "proxy-server 90240" 0.0016 "-" 97120 0
Jan 01 19:42:14 np0005573202.novalocal container-server[97122]: ::1 - - [02/Jan/2026:00:42:14 +0000] "HEAD /3/45953/AUTH_50777162d4dc40cfb40939a08020e6ce/gnocchi.aa86a323-ca75-4b54-b73c-02732289ec2e" 404 - "HEAD http://[::1]:8080/v1/AUTH_50777162d4dc40cfb40939a08020e6ce/gnocchi.aa86a323-ca75-4b54-b73c-02732289ec2e?format=json&states=listing" "tx6d5c87c33b8a4c8dace5b-0069571466" "proxy-server 90240" 0.0004 "-" 97122 0
Jan 01 19:42:14 np0005573202.novalocal container-server[97119]: ::1 - - [02/Jan/2026:00:42:14 +0000] "GET /3/194389/AUTH_50777162d4dc40cfb40939a08020e6ce/gnocchi.f23977e3-2f9a-48a7-b742-c553da7a0da8" 200 2 "GET http://[::1]:8080/v1/AUTH_50777162d4dc40cfb40939a08020e6ce/gnocchi.f23977e3-2f9a-48a7-b742-c553da7a0da8?format=json&states=listing" "tx4e6660f4eff34ab68f92c-0069571466" "proxy-server 90240" 0.0019 "-" 97119 0
Jan 01 19:42:14 np0005573202.novalocal object-server[97424]: ::1 - - [02/Jan/2026:00:42:14 +0000] "GET /2/110698/AUTH_50777162d4dc40cfb40939a08020e6ce/gnocchi.aa86a323-ca75-4b54-b73c-02732289ec2e/none_v3" 404 70 "GET http://[::1]:8080/v1/AUTH_50777162d4dc40cfb40939a08020e6ce/gnocchi.aa86a323-ca75-4b54-b73c-02732289ec2e/none_v3" "tx6d5c87c33b8a4c8dace5b-0069571466" "proxy-server 90240" 0.0004 "-" 97424 0
Jan 01 19:42:14 np0005573202.novalocal proxy-server[90240]: ::1 ::1 02/Jan/2026/00/42/14 GET /v1/AUTH_50777162d4dc40cfb40939a08020e6ce/gnocchi.f23977e3-2f9a-48a7-b742-c553da7a0da8%3Fformat%3Djson%26states%3Dlisting HTTP/1.0 200 - python-swiftclient-4.2.0 gAAAAABpVxP6bS-y... - 2 - tx4e6660f4eff34ab68f92c-0069571466 - 0.0224 - - 1767314534.939463377 1767314534.961877584 0
Jan 01 19:42:14 np0005573202.novalocal object-server[97426]: ::1 - - [02/Jan/2026:00:42:14 +0000] "GET /3/110698/AUTH_50777162d4dc40cfb40939a08020e6ce/gnocchi.aa86a323-ca75-4b54-b73c-02732289ec2e/none_v3" 404 70 "GET http://[::1]:8080/v1/AUTH_50777162d4dc40cfb40939a08020e6ce/gnocchi.aa86a323-ca75-4b54-b73c-02732289ec2e/none_v3" "tx6d5c87c33b8a4c8dace5b-0069571466" "proxy-server 90240" 0.0003 "-" 97426 0
Jan 01 19:42:14 np0005573202.novalocal object-server[97425]: ::1 - - [02/Jan/2026:00:42:14 +0000] "GET /1/110698/AUTH_50777162d4dc40cfb40939a08020e6ce/gnocchi.aa86a323-ca75-4b54-b73c-02732289ec2e/none_v3" 404 70 "GET http://[::1]:8080/v1/AUTH_50777162d4dc40cfb40939a08020e6ce/gnocchi.aa86a323-ca75-4b54-b73c-02732289ec2e/none_v3" "tx6d5c87c33b8a4c8dace5b-0069571466" "proxy-server 90240" 0.0003 "-" 97425 0
Jan 01 19:42:14 np0005573202.novalocal proxy-server[90240]: ::1 ::1 02/Jan/2026/00/42/14 GET /v1/AUTH_50777162d4dc40cfb40939a08020e6ce/gnocchi.aa86a323-ca75-4b54-b73c-02732289ec2e/none_v3 HTTP/1.0 404 - python-swiftclient-4.2.0 gAAAAABpVxQCpfSE... - 70 - tx6d5c87c33b8a4c8dace5b-0069571466 - 0.0371 - - 1767314534.936088324 1767314534.973214388 0
Jan 01 19:42:14 np0005573202.novalocal object-server[97425]: ::1 - - [02/Jan/2026:00:42:14 +0000] "GET /1/129145/AUTH_50777162d4dc40cfb40939a08020e6ce/gnocchi.f23977e3-2f9a-48a7-b742-c553da7a0da8/1766880000.0_mean_300.0_v3" 404 70 "GET http://[::1]:8080/v1/AUTH_50777162d4dc40cfb40939a08020e6ce/gnocchi.f23977e3-2f9a-48a7-b742-c553da7a0da8/1766880000.0_mean_300.0_v3" "tx73f146ed73e54d7e92df6-0069571466" "proxy-server 90240" 0.0005 "-" 97425 0
Jan 01 19:42:14 np0005573202.novalocal object-server[97424]: ::1 - - [02/Jan/2026:00:42:14 +0000] "GET /2/129145/AUTH_50777162d4dc40cfb40939a08020e6ce/gnocchi.f23977e3-2f9a-48a7-b742-c553da7a0da8/1766880000.0_mean_300.0_v3" 404 70 "GET http://[::1]:8080/v1/AUTH_50777162d4dc40cfb40939a08020e6ce/gnocchi.f23977e3-2f9a-48a7-b742-c553da7a0da8/1766880000.0_mean_300.0_v3" "tx73f146ed73e54d7e92df6-0069571466" "proxy-server 90240" 0.0003 "-" 97424 0
Jan 01 19:42:14 np0005573202.novalocal object-server[97426]: ::1 - - [02/Jan/2026:00:42:14 +0000] "GET /3/129145/AUTH_50777162d4dc40cfb40939a08020e6ce/gnocchi.f23977e3-2f9a-48a7-b742-c553da7a0da8/1766880000.0_mean_300.0_v3" 404 70 "GET http://[::1]:8080/v1/AUTH_50777162d4dc40cfb40939a08020e6ce/gnocchi.f23977e3-2f9a-48a7-b742-c553da7a0da8/1766880000.0_mean_300.0_v3" "tx73f146ed73e54d7e92df6-0069571466" "proxy-server 90240" 0.0002 "-" 97426 0
Jan 01 19:42:14 np0005573202.novalocal systemd[1]: setroubleshootd.service: Deactivated successfully.
Jan 01 19:42:14 np0005573202.novalocal systemd[1]: setroubleshootd.service: Consumed 1.219s CPU time.
Jan 01 19:42:14 np0005573202.novalocal proxy-server[90240]: ::1 ::1 02/Jan/2026/00/42/14 GET /v1/AUTH_50777162d4dc40cfb40939a08020e6ce/gnocchi.f23977e3-2f9a-48a7-b742-c553da7a0da8/1766880000.0_mean_300.0_v3 HTTP/1.0 404 - python-swiftclient-4.2.0 gAAAAABpVxP6bS-y... - 70 - tx73f146ed73e54d7e92df6-0069571466 - 0.0150 - - 1767314534.965865612 1767314534.980852127 0
Jan 01 19:42:14 np0005573202.novalocal account-server[96827]: ::1 - - [02/Jan/2026:00:42:14 +0000] "PUT /2/20297/AUTH_50777162d4dc40cfb40939a08020e6ce/gnocchi.aa86a323-ca75-4b54-b73c-02732289ec2e" 201 - "PUT http://[::1]:6001/1/45953/AUTH_50777162d4dc40cfb40939a08020e6ce/gnocchi.aa86a323-ca75-4b54-b73c-02732289ec2e" "txc2f53c10a2d943538309e-0069571466" "container-server 97121" 0.0051 "-" 96827 0
Jan 01 19:42:14 np0005573202.novalocal container-server[97121]: ::1 - - [02/Jan/2026:00:42:14 +0000] "PUT /1/45953/AUTH_50777162d4dc40cfb40939a08020e6ce/gnocchi.aa86a323-ca75-4b54-b73c-02732289ec2e" 201 - "PUT http://[::1]:8080/v1/AUTH_50777162d4dc40cfb40939a08020e6ce/gnocchi.aa86a323-ca75-4b54-b73c-02732289ec2e" "txc2f53c10a2d943538309e-0069571466" "proxy-server 90240" 0.0156 "-" 97121 0
Jan 01 19:42:15 np0005573202.novalocal container-server[97121]: ::1 - - [02/Jan/2026:00:42:15 +0000] "PUT /3/194389/AUTH_50777162d4dc40cfb40939a08020e6ce/gnocchi.f23977e3-2f9a-48a7-b742-c553da7a0da8/1766880000.0_mean_300.0_v3" 201 - "PUT http://[::1]:8080/1/129145/AUTH_50777162d4dc40cfb40939a08020e6ce/gnocchi.f23977e3-2f9a-48a7-b742-c553da7a0da8/1766880000.0_mean_300.0_v3" "txffe04505256543f695c06-0069571466" "object-server 97423" 0.0007 "-" 97121 0
Jan 01 19:42:15 np0005573202.novalocal object-server[97423]: ::1 - - [02/Jan/2026:00:42:15 +0000] "PUT /1/129145/AUTH_50777162d4dc40cfb40939a08020e6ce/gnocchi.f23977e3-2f9a-48a7-b742-c553da7a0da8/1766880000.0_mean_300.0_v3" 201 - "PUT http://[::1]:8080/v1/AUTH_50777162d4dc40cfb40939a08020e6ce/gnocchi.f23977e3-2f9a-48a7-b742-c553da7a0da8/1766880000.0_mean_300.0_v3" "txffe04505256543f695c06-0069571466" "proxy-server 90240" 0.0107 "-" 97423 0
Jan 01 19:42:15 np0005573202.novalocal container-server[97120]: ::1 - - [02/Jan/2026:00:42:15 +0000] "PUT /2/194389/AUTH_50777162d4dc40cfb40939a08020e6ce/gnocchi.f23977e3-2f9a-48a7-b742-c553da7a0da8/1766880000.0_mean_300.0_v3" 201 - "PUT http://[::1]:8080/3/129145/AUTH_50777162d4dc40cfb40939a08020e6ce/gnocchi.f23977e3-2f9a-48a7-b742-c553da7a0da8/1766880000.0_mean_300.0_v3" "txffe04505256543f695c06-0069571466" "object-server 97423" 0.0006 "-" 97120 0
Jan 01 19:42:15 np0005573202.novalocal container-server[97121]: ::1 - - [02/Jan/2026:00:42:15 +0000] "PUT /1/194389/AUTH_50777162d4dc40cfb40939a08020e6ce/gnocchi.f23977e3-2f9a-48a7-b742-c553da7a0da8/1766880000.0_mean_300.0_v3" 201 - "PUT http://[::1]:8080/2/129145/AUTH_50777162d4dc40cfb40939a08020e6ce/gnocchi.f23977e3-2f9a-48a7-b742-c553da7a0da8/1766880000.0_mean_300.0_v3" "txffe04505256543f695c06-0069571466" "object-server 97426" 0.0006 "-" 97121 0
Jan 01 19:42:15 np0005573202.novalocal object-server[97423]: ::1 - - [02/Jan/2026:00:42:15 +0000] "PUT /3/129145/AUTH_50777162d4dc40cfb40939a08020e6ce/gnocchi.f23977e3-2f9a-48a7-b742-c553da7a0da8/1766880000.0_mean_300.0_v3" 201 - "PUT http://[::1]:8080/v1/AUTH_50777162d4dc40cfb40939a08020e6ce/gnocchi.f23977e3-2f9a-48a7-b742-c553da7a0da8/1766880000.0_mean_300.0_v3" "txffe04505256543f695c06-0069571466" "proxy-server 90240" 0.0107 "-" 97423 0
Jan 01 19:42:15 np0005573202.novalocal object-server[97426]: ::1 - - [02/Jan/2026:00:42:15 +0000] "PUT /2/129145/AUTH_50777162d4dc40cfb40939a08020e6ce/gnocchi.f23977e3-2f9a-48a7-b742-c553da7a0da8/1766880000.0_mean_300.0_v3" 201 - "PUT http://[::1]:8080/v1/AUTH_50777162d4dc40cfb40939a08020e6ce/gnocchi.f23977e3-2f9a-48a7-b742-c553da7a0da8/1766880000.0_mean_300.0_v3" "txffe04505256543f695c06-0069571466" "proxy-server 90240" 0.0127 "-" 97426 0
Jan 01 19:42:15 np0005573202.novalocal proxy-server[90240]: ::1 ::1 02/Jan/2026/00/42/15 PUT /v1/AUTH_50777162d4dc40cfb40939a08020e6ce/gnocchi.f23977e3-2f9a-48a7-b742-c553da7a0da8/1766880000.0_mean_300.0_v3 HTTP/1.0 201 - python-swiftclient-4.2.0 gAAAAABpVxP6bS-y... 16 - - txffe04505256543f695c06-0069571466 - 0.0196 - - 1767314534.983803511 1767314535.003357172 0
Jan 01 19:42:15 np0005573202.novalocal account-server[96828]: ::1 - - [02/Jan/2026:00:42:15 +0000] "PUT /1/20297/AUTH_50777162d4dc40cfb40939a08020e6ce/gnocchi.aa86a323-ca75-4b54-b73c-02732289ec2e" 201 - "PUT http://[::1]:6001/2/45953/AUTH_50777162d4dc40cfb40939a08020e6ce/gnocchi.aa86a323-ca75-4b54-b73c-02732289ec2e" "txc2f53c10a2d943538309e-0069571466" "container-server 97119" 0.0066 "-" 96828 0
Jan 01 19:42:15 np0005573202.novalocal account-server[96827]: ::1 - - [02/Jan/2026:00:42:15 +0000] "PUT /3/20297/AUTH_50777162d4dc40cfb40939a08020e6ce/gnocchi.aa86a323-ca75-4b54-b73c-02732289ec2e" 201 - "PUT http://[::1]:6001/3/45953/AUTH_50777162d4dc40cfb40939a08020e6ce/gnocchi.aa86a323-ca75-4b54-b73c-02732289ec2e" "txc2f53c10a2d943538309e-0069571466" "container-server 97119" 0.0076 "-" 96827 0
Jan 01 19:42:15 np0005573202.novalocal container-server[97119]: ::1 - - [02/Jan/2026:00:42:15 +0000] "PUT /2/45953/AUTH_50777162d4dc40cfb40939a08020e6ce/gnocchi.aa86a323-ca75-4b54-b73c-02732289ec2e" 201 - "PUT http://[::1]:8080/v1/AUTH_50777162d4dc40cfb40939a08020e6ce/gnocchi.aa86a323-ca75-4b54-b73c-02732289ec2e" "txc2f53c10a2d943538309e-0069571466" "proxy-server 90240" 0.0370 "-" 97119 0
Jan 01 19:42:15 np0005573202.novalocal container-server[97119]: ::1 - - [02/Jan/2026:00:42:15 +0000] "PUT /3/45953/AUTH_50777162d4dc40cfb40939a08020e6ce/gnocchi.aa86a323-ca75-4b54-b73c-02732289ec2e" 201 - "PUT http://[::1]:8080/v1/AUTH_50777162d4dc40cfb40939a08020e6ce/gnocchi.aa86a323-ca75-4b54-b73c-02732289ec2e" "txc2f53c10a2d943538309e-0069571466" "proxy-server 90240" 0.0302 "-" 97119 0
Jan 01 19:42:15 np0005573202.novalocal proxy-server[90240]: ::1 ::1 02/Jan/2026/00/42/15 PUT /v1/AUTH_50777162d4dc40cfb40939a08020e6ce/gnocchi.aa86a323-ca75-4b54-b73c-02732289ec2e HTTP/1.0 201 - python-swiftclient-4.2.0 gAAAAABpVxQCpfSE... - - - txc2f53c10a2d943538309e-0069571466 - 0.0452 - - 1767314534.975394487 1767314535.020574570 0
Jan 01 19:42:15 np0005573202.novalocal container-server[97120]: ::1 - - [02/Jan/2026:00:42:15 +0000] "PUT /3/194389/AUTH_50777162d4dc40cfb40939a08020e6ce/gnocchi.f23977e3-2f9a-48a7-b742-c553da7a0da8/none_v3" 201 - "PUT http://[::1]:8080/3/10364/AUTH_50777162d4dc40cfb40939a08020e6ce/gnocchi.f23977e3-2f9a-48a7-b742-c553da7a0da8/none_v3" "txd31cd2d50a434433bdb50-0069571467" "object-server 97425" 0.0005 "-" 97120 0
Jan 01 19:42:15 np0005573202.novalocal object-server[97425]: ::1 - - [02/Jan/2026:00:42:15 +0000] "PUT /3/10364/AUTH_50777162d4dc40cfb40939a08020e6ce/gnocchi.f23977e3-2f9a-48a7-b742-c553da7a0da8/none_v3" 201 - "PUT http://[::1]:8080/v1/AUTH_50777162d4dc40cfb40939a08020e6ce/gnocchi.f23977e3-2f9a-48a7-b742-c553da7a0da8/none_v3" "txd31cd2d50a434433bdb50-0069571467" "proxy-server 90240" 0.0116 "-" 97425 0
Jan 01 19:42:15 np0005573202.novalocal container-server[97120]: ::1 - - [02/Jan/2026:00:42:15 +0000] "PUT /2/194389/AUTH_50777162d4dc40cfb40939a08020e6ce/gnocchi.f23977e3-2f9a-48a7-b742-c553da7a0da8/none_v3" 201 - "PUT http://[::1]:8080/1/10364/AUTH_50777162d4dc40cfb40939a08020e6ce/gnocchi.f23977e3-2f9a-48a7-b742-c553da7a0da8/none_v3" "txd31cd2d50a434433bdb50-0069571467" "object-server 97423" 0.0004 "-" 97120 0
Jan 01 19:42:15 np0005573202.novalocal container-server[97121]: ::1 - - [02/Jan/2026:00:42:15 +0000] "PUT /1/194389/AUTH_50777162d4dc40cfb40939a08020e6ce/gnocchi.f23977e3-2f9a-48a7-b742-c553da7a0da8/none_v3" 201 - "PUT http://[::1]:8080/2/10364/AUTH_50777162d4dc40cfb40939a08020e6ce/gnocchi.f23977e3-2f9a-48a7-b742-c553da7a0da8/none_v3" "txd31cd2d50a434433bdb50-0069571467" "object-server 97424" 0.0021 "-" 97121 0
Jan 01 19:42:15 np0005573202.novalocal object-server[97423]: ::1 - - [02/Jan/2026:00:42:15 +0000] "PUT /1/10364/AUTH_50777162d4dc40cfb40939a08020e6ce/gnocchi.f23977e3-2f9a-48a7-b742-c553da7a0da8/none_v3" 201 - "PUT http://[::1]:8080/v1/AUTH_50777162d4dc40cfb40939a08020e6ce/gnocchi.f23977e3-2f9a-48a7-b742-c553da7a0da8/none_v3" "txd31cd2d50a434433bdb50-0069571467" "proxy-server 90240" 0.0130 "-" 97423 0
Jan 01 19:42:15 np0005573202.novalocal object-server[97424]: ::1 - - [02/Jan/2026:00:42:15 +0000] "PUT /2/10364/AUTH_50777162d4dc40cfb40939a08020e6ce/gnocchi.f23977e3-2f9a-48a7-b742-c553da7a0da8/none_v3" 201 - "PUT http://[::1]:8080/v1/AUTH_50777162d4dc40cfb40939a08020e6ce/gnocchi.f23977e3-2f9a-48a7-b742-c553da7a0da8/none_v3" "txd31cd2d50a434433bdb50-0069571467" "proxy-server 90240" 0.0141 "-" 97424 0
Jan 01 19:42:15 np0005573202.novalocal proxy-server[90240]: ::1 ::1 02/Jan/2026/00/42/15 PUT /v1/AUTH_50777162d4dc40cfb40939a08020e6ce/gnocchi.f23977e3-2f9a-48a7-b742-c553da7a0da8/none_v3 HTTP/1.0 201 - python-swiftclient-4.2.0 gAAAAABpVxP6bS-y... 22 - - txd31cd2d50a434433bdb50-0069571467 - 0.0224 - - 1767314535.005748272 1767314535.028138399 0
Jan 01 19:42:15 np0005573202.novalocal container-server[97122]: ::1 - - [02/Jan/2026:00:42:15 +0000] "HEAD /1/45953/AUTH_50777162d4dc40cfb40939a08020e6ce/gnocchi.aa86a323-ca75-4b54-b73c-02732289ec2e" 204 - "HEAD http://[::1]:8080/v1/AUTH_50777162d4dc40cfb40939a08020e6ce/gnocchi.aa86a323-ca75-4b54-b73c-02732289ec2e?format=json&states=listing" "tx80ede97f67904a869577e-0069571467" "proxy-server 90240" 0.0012 "-" 97122 0
Jan 01 19:42:15 np0005573202.novalocal container-server[97120]: ::1 - - [02/Jan/2026:00:42:15 +0000] "GET /1/45953/AUTH_50777162d4dc40cfb40939a08020e6ce/gnocchi.aa86a323-ca75-4b54-b73c-02732289ec2e" 200 2 "GET http://[::1]:8080/v1/AUTH_50777162d4dc40cfb40939a08020e6ce/gnocchi.aa86a323-ca75-4b54-b73c-02732289ec2e?format=json&states=listing" "tx80ede97f67904a869577e-0069571467" "proxy-server 90240" 0.0025 "-" 97120 0
Jan 01 19:42:15 np0005573202.novalocal proxy-server[90240]: ::1 ::1 02/Jan/2026/00/42/15 GET /v1/AUTH_50777162d4dc40cfb40939a08020e6ce/gnocchi.aa86a323-ca75-4b54-b73c-02732289ec2e%3Fformat%3Djson%26states%3Dlisting HTTP/1.0 200 - python-swiftclient-4.2.0 gAAAAABpVxQCpfSE... - 2 - tx80ede97f67904a869577e-0069571467 - 0.0180 - - 1767314535.025292873 1767314535.043308258 0
Jan 01 19:42:15 np0005573202.novalocal container-server[97121]: ::1 - - [02/Jan/2026:00:42:15 +0000] "HEAD /2/57168/AUTH_50777162d4dc40cfb40939a08020e6ce/gnocchi.dcde151d-6ce9-4cfa-8531-be0745350dd7" 404 - "HEAD http://[::1]:8080/v1/AUTH_50777162d4dc40cfb40939a08020e6ce/gnocchi.dcde151d-6ce9-4cfa-8531-be0745350dd7?format=json&states=listing" "tx56d82405654d4d049052a-0069571467" "proxy-server 90240" 0.0004 "-" 97121 0
Jan 01 19:42:15 np0005573202.novalocal object-server[97424]: ::1 - - [02/Jan/2026:00:42:15 +0000] "GET /3/237695/AUTH_50777162d4dc40cfb40939a08020e6ce/gnocchi.aa86a323-ca75-4b54-b73c-02732289ec2e/1766880000.0_mean_300.0_v3" 404 70 "GET http://[::1]:8080/v1/AUTH_50777162d4dc40cfb40939a08020e6ce/gnocchi.aa86a323-ca75-4b54-b73c-02732289ec2e/1766880000.0_mean_300.0_v3" "txc6f103cdff734dc49dbbb-0069571467" "proxy-server 90240" 0.0004 "-" 97424 0
Jan 01 19:42:15 np0005573202.novalocal container-server[97119]: ::1 - - [02/Jan/2026:00:42:15 +0000] "HEAD /3/57168/AUTH_50777162d4dc40cfb40939a08020e6ce/gnocchi.dcde151d-6ce9-4cfa-8531-be0745350dd7" 404 - "HEAD http://[::1]:8080/v1/AUTH_50777162d4dc40cfb40939a08020e6ce/gnocchi.dcde151d-6ce9-4cfa-8531-be0745350dd7?format=json&states=listing" "tx56d82405654d4d049052a-0069571467" "proxy-server 90240" 0.0004 "-" 97119 0
Jan 01 19:42:15 np0005573202.novalocal object-server[97426]: ::1 - - [02/Jan/2026:00:42:15 +0000] "GET /1/237695/AUTH_50777162d4dc40cfb40939a08020e6ce/gnocchi.aa86a323-ca75-4b54-b73c-02732289ec2e/1766880000.0_mean_300.0_v3" 404 70 "GET http://[::1]:8080/v1/AUTH_50777162d4dc40cfb40939a08020e6ce/gnocchi.aa86a323-ca75-4b54-b73c-02732289ec2e/1766880000.0_mean_300.0_v3" "txc6f103cdff734dc49dbbb-0069571467" "proxy-server 90240" 0.0002 "-" 97426 0
Jan 01 19:42:15 np0005573202.novalocal container-server[97122]: ::1 - - [02/Jan/2026:00:42:15 +0000] "HEAD /1/57168/AUTH_50777162d4dc40cfb40939a08020e6ce/gnocchi.dcde151d-6ce9-4cfa-8531-be0745350dd7" 404 - "HEAD http://[::1]:8080/v1/AUTH_50777162d4dc40cfb40939a08020e6ce/gnocchi.dcde151d-6ce9-4cfa-8531-be0745350dd7?format=json&states=listing" "tx56d82405654d4d049052a-0069571467" "proxy-server 90240" 0.0003 "-" 97122 0
Jan 01 19:42:15 np0005573202.novalocal object-server[97424]: ::1 - - [02/Jan/2026:00:42:15 +0000] "GET /2/237695/AUTH_50777162d4dc40cfb40939a08020e6ce/gnocchi.aa86a323-ca75-4b54-b73c-02732289ec2e/1766880000.0_mean_300.0_v3" 404 70 "GET http://[::1]:8080/v1/AUTH_50777162d4dc40cfb40939a08020e6ce/gnocchi.aa86a323-ca75-4b54-b73c-02732289ec2e/1766880000.0_mean_300.0_v3" "txc6f103cdff734dc49dbbb-0069571467" "proxy-server 90240" 0.0002 "-" 97424 0
Jan 01 19:42:15 np0005573202.novalocal proxy-server[90240]: ::1 ::1 02/Jan/2026/00/42/15 GET /v1/AUTH_50777162d4dc40cfb40939a08020e6ce/gnocchi.aa86a323-ca75-4b54-b73c-02732289ec2e/1766880000.0_mean_300.0_v3 HTTP/1.0 404 - python-swiftclient-4.2.0 gAAAAABpVxQCpfSE... - 70 - txc6f103cdff734dc49dbbb-0069571467 - 0.0109 - - 1767314535.046329260 1767314535.057195425 0
Jan 01 19:42:15 np0005573202.novalocal object-server[97426]: ::1 - - [02/Jan/2026:00:42:15 +0000] "GET /3/35345/AUTH_50777162d4dc40cfb40939a08020e6ce/gnocchi.dcde151d-6ce9-4cfa-8531-be0745350dd7/none_v3" 404 70 "GET http://[::1]:8080/v1/AUTH_50777162d4dc40cfb40939a08020e6ce/gnocchi.dcde151d-6ce9-4cfa-8531-be0745350dd7/none_v3" "tx56d82405654d4d049052a-0069571467" "proxy-server 90240" 0.0003 "-" 97426 0
Jan 01 19:42:15 np0005573202.novalocal object-server[97425]: ::1 - - [02/Jan/2026:00:42:15 +0000] "GET /1/35345/AUTH_50777162d4dc40cfb40939a08020e6ce/gnocchi.dcde151d-6ce9-4cfa-8531-be0745350dd7/none_v3" 404 70 "GET http://[::1]:8080/v1/AUTH_50777162d4dc40cfb40939a08020e6ce/gnocchi.dcde151d-6ce9-4cfa-8531-be0745350dd7/none_v3" "tx56d82405654d4d049052a-0069571467" "proxy-server 90240" 0.0004 "-" 97425 0
Jan 01 19:42:15 np0005573202.novalocal object-server[97426]: ::1 - - [02/Jan/2026:00:42:15 +0000] "GET /2/35345/AUTH_50777162d4dc40cfb40939a08020e6ce/gnocchi.dcde151d-6ce9-4cfa-8531-be0745350dd7/none_v3" 404 70 "GET http://[::1]:8080/v1/AUTH_50777162d4dc40cfb40939a08020e6ce/gnocchi.dcde151d-6ce9-4cfa-8531-be0745350dd7/none_v3" "tx56d82405654d4d049052a-0069571467" "proxy-server 90240" 0.0002 "-" 97426 0
Jan 01 19:42:15 np0005573202.novalocal proxy-server[90240]: ::1 ::1 02/Jan/2026/00/42/15 GET /v1/AUTH_50777162d4dc40cfb40939a08020e6ce/gnocchi.dcde151d-6ce9-4cfa-8531-be0745350dd7/none_v3 HTTP/1.0 404 - python-swiftclient-4.2.0 gAAAAABpVxP6bS-y... - 70 - tx56d82405654d4d049052a-0069571467 - 0.0265 - - 1767314535.044456959 1767314535.070907354 0
Jan 01 19:42:15 np0005573202.novalocal container-server[97120]: ::1 - - [02/Jan/2026:00:42:15 +0000] "PUT /1/45953/AUTH_50777162d4dc40cfb40939a08020e6ce/gnocchi.aa86a323-ca75-4b54-b73c-02732289ec2e/1766880000.0_mean_300.0_v3" 201 - "PUT http://[::1]:8080/2/237695/AUTH_50777162d4dc40cfb40939a08020e6ce/gnocchi.aa86a323-ca75-4b54-b73c-02732289ec2e/1766880000.0_mean_300.0_v3" "tx21606ffc27064fb3b93d3-0069571467" "object-server 97426" 0.0005 "-" 97120 0
Jan 01 19:42:15 np0005573202.novalocal container-server[97121]: ::1 - - [02/Jan/2026:00:42:15 +0000] "PUT /3/45953/AUTH_50777162d4dc40cfb40939a08020e6ce/gnocchi.aa86a323-ca75-4b54-b73c-02732289ec2e/1766880000.0_mean_300.0_v3" 201 - "PUT http://[::1]:8080/1/237695/AUTH_50777162d4dc40cfb40939a08020e6ce/gnocchi.aa86a323-ca75-4b54-b73c-02732289ec2e/1766880000.0_mean_300.0_v3" "tx21606ffc27064fb3b93d3-0069571467" "object-server 97424" 0.0010 "-" 97121 0
Jan 01 19:42:15 np0005573202.novalocal container-server[97122]: ::1 - - [02/Jan/2026:00:42:15 +0000] "PUT /2/45953/AUTH_50777162d4dc40cfb40939a08020e6ce/gnocchi.aa86a323-ca75-4b54-b73c-02732289ec2e/1766880000.0_mean_300.0_v3" 201 - "PUT http://[::1]:8080/3/237695/AUTH_50777162d4dc40cfb40939a08020e6ce/gnocchi.aa86a323-ca75-4b54-b73c-02732289ec2e/1766880000.0_mean_300.0_v3" "tx21606ffc27064fb3b93d3-0069571467" "object-server 97424" 0.0005 "-" 97122 0
Jan 01 19:42:15 np0005573202.novalocal object-server[97426]: ::1 - - [02/Jan/2026:00:42:15 +0000] "PUT /2/237695/AUTH_50777162d4dc40cfb40939a08020e6ce/gnocchi.aa86a323-ca75-4b54-b73c-02732289ec2e/1766880000.0_mean_300.0_v3" 201 - "PUT http://[::1]:8080/v1/AUTH_50777162d4dc40cfb40939a08020e6ce/gnocchi.aa86a323-ca75-4b54-b73c-02732289ec2e/1766880000.0_mean_300.0_v3" "tx21606ffc27064fb3b93d3-0069571467" "proxy-server 90240" 0.0158 "-" 97426 0
Jan 01 19:42:15 np0005573202.novalocal object-server[97424]: ::1 - - [02/Jan/2026:00:42:15 +0000] "PUT /3/237695/AUTH_50777162d4dc40cfb40939a08020e6ce/gnocchi.aa86a323-ca75-4b54-b73c-02732289ec2e/1766880000.0_mean_300.0_v3" 201 - "PUT http://[::1]:8080/v1/AUTH_50777162d4dc40cfb40939a08020e6ce/gnocchi.aa86a323-ca75-4b54-b73c-02732289ec2e/1766880000.0_mean_300.0_v3" "tx21606ffc27064fb3b93d3-0069571467" "proxy-server 90240" 0.0183 "-" 97424 0
Jan 01 19:42:15 np0005573202.novalocal object-server[97424]: ::1 - - [02/Jan/2026:00:42:15 +0000] "PUT /1/237695/AUTH_50777162d4dc40cfb40939a08020e6ce/gnocchi.aa86a323-ca75-4b54-b73c-02732289ec2e/1766880000.0_mean_300.0_v3" 201 - "PUT http://[::1]:8080/v1/AUTH_50777162d4dc40cfb40939a08020e6ce/gnocchi.aa86a323-ca75-4b54-b73c-02732289ec2e/1766880000.0_mean_300.0_v3" "tx21606ffc27064fb3b93d3-0069571467" "proxy-server 90240" 0.0180 "-" 97424 0
Jan 01 19:42:15 np0005573202.novalocal proxy-server[90240]: ::1 ::1 02/Jan/2026/00/42/15 PUT /v1/AUTH_50777162d4dc40cfb40939a08020e6ce/gnocchi.aa86a323-ca75-4b54-b73c-02732289ec2e/1766880000.0_mean_300.0_v3 HTTP/1.0 201 - python-swiftclient-4.2.0 gAAAAABpVxQCpfSE... 16 - - tx21606ffc27064fb3b93d3-0069571467 - 0.0261 - - 1767314535.059544325 1767314535.085681200 0
Jan 01 19:42:15 np0005573202.novalocal account-server[96828]: ::1 - - [02/Jan/2026:00:42:15 +0000] "PUT /3/20297/AUTH_50777162d4dc40cfb40939a08020e6ce/gnocchi.dcde151d-6ce9-4cfa-8531-be0745350dd7" 201 - "PUT http://[::1]:6001/2/57168/AUTH_50777162d4dc40cfb40939a08020e6ce/gnocchi.dcde151d-6ce9-4cfa-8531-be0745350dd7" "tx2c4f7fd9d3da4fe29581b-0069571467" "container-server 97122" 0.0039 "-" 96828 0
Jan 01 19:42:15 np0005573202.novalocal container-server[97122]: ::1 - - [02/Jan/2026:00:42:15 +0000] "PUT /2/57168/AUTH_50777162d4dc40cfb40939a08020e6ce/gnocchi.dcde151d-6ce9-4cfa-8531-be0745350dd7" 201 - "PUT http://[::1]:8080/v1/AUTH_50777162d4dc40cfb40939a08020e6ce/gnocchi.dcde151d-6ce9-4cfa-8531-be0745350dd7" "tx2c4f7fd9d3da4fe29581b-0069571467" "proxy-server 90240" 0.0177 "-" 97122 0
Jan 01 19:42:15 np0005573202.novalocal account-server[96828]: ::1 - - [02/Jan/2026:00:42:15 +0000] "PUT /1/20297/AUTH_50777162d4dc40cfb40939a08020e6ce/gnocchi.dcde151d-6ce9-4cfa-8531-be0745350dd7" 201 - "PUT http://[::1]:6001/3/57168/AUTH_50777162d4dc40cfb40939a08020e6ce/gnocchi.dcde151d-6ce9-4cfa-8531-be0745350dd7" "tx2c4f7fd9d3da4fe29581b-0069571467" "container-server 97121" 0.0046 "-" 96828 0
Jan 01 19:42:15 np0005573202.novalocal container-server[97121]: ::1 - - [02/Jan/2026:00:42:15 +0000] "PUT /3/57168/AUTH_50777162d4dc40cfb40939a08020e6ce/gnocchi.dcde151d-6ce9-4cfa-8531-be0745350dd7" 201 - "PUT http://[::1]:8080/v1/AUTH_50777162d4dc40cfb40939a08020e6ce/gnocchi.dcde151d-6ce9-4cfa-8531-be0745350dd7" "tx2c4f7fd9d3da4fe29581b-0069571467" "proxy-server 90240" 0.0210 "-" 97121 0
Jan 01 19:42:15 np0005573202.novalocal container-server[97119]: ::1 - - [02/Jan/2026:00:42:15 +0000] "PUT /1/45953/AUTH_50777162d4dc40cfb40939a08020e6ce/gnocchi.aa86a323-ca75-4b54-b73c-02732289ec2e/none_v3" 201 - "PUT http://[::1]:8080/2/110698/AUTH_50777162d4dc40cfb40939a08020e6ce/gnocchi.aa86a323-ca75-4b54-b73c-02732289ec2e/none_v3" "tx2a2e088108a14c9f8f218-0069571467" "object-server 97424" 0.0007 "-" 97119 0
Jan 01 19:42:15 np0005573202.novalocal container-server[97122]: ::1 - - [02/Jan/2026:00:42:15 +0000] "PUT /2/45953/AUTH_50777162d4dc40cfb40939a08020e6ce/gnocchi.aa86a323-ca75-4b54-b73c-02732289ec2e/none_v3" 201 - "PUT http://[::1]:8080/1/110698/AUTH_50777162d4dc40cfb40939a08020e6ce/gnocchi.aa86a323-ca75-4b54-b73c-02732289ec2e/none_v3" "tx2a2e088108a14c9f8f218-0069571467" "object-server 97424" 0.0004 "-" 97122 0
Jan 01 19:42:15 np0005573202.novalocal object-server[97424]: ::1 - - [02/Jan/2026:00:42:15 +0000] "PUT /2/110698/AUTH_50777162d4dc40cfb40939a08020e6ce/gnocchi.aa86a323-ca75-4b54-b73c-02732289ec2e/none_v3" 201 - "PUT http://[::1]:8080/v1/AUTH_50777162d4dc40cfb40939a08020e6ce/gnocchi.aa86a323-ca75-4b54-b73c-02732289ec2e/none_v3" "tx2a2e088108a14c9f8f218-0069571467" "proxy-server 90240" 0.0132 "-" 97424 0
Jan 01 19:42:15 np0005573202.novalocal container-server[97121]: ::1 - - [02/Jan/2026:00:42:15 +0000] "PUT /3/45953/AUTH_50777162d4dc40cfb40939a08020e6ce/gnocchi.aa86a323-ca75-4b54-b73c-02732289ec2e/none_v3" 201 - "PUT http://[::1]:8080/3/110698/AUTH_50777162d4dc40cfb40939a08020e6ce/gnocchi.aa86a323-ca75-4b54-b73c-02732289ec2e/none_v3" "tx2a2e088108a14c9f8f218-0069571467" "object-server 97423" 0.0006 "-" 97121 0
Jan 01 19:42:15 np0005573202.novalocal object-server[97424]: ::1 - - [02/Jan/2026:00:42:15 +0000] "PUT /1/110698/AUTH_50777162d4dc40cfb40939a08020e6ce/gnocchi.aa86a323-ca75-4b54-b73c-02732289ec2e/none_v3" 201 - "PUT http://[::1]:8080/v1/AUTH_50777162d4dc40cfb40939a08020e6ce/gnocchi.aa86a323-ca75-4b54-b73c-02732289ec2e/none_v3" "tx2a2e088108a14c9f8f218-0069571467" "proxy-server 90240" 0.0131 "-" 97424 0
Jan 01 19:42:15 np0005573202.novalocal object-server[97423]: ::1 - - [02/Jan/2026:00:42:15 +0000] "PUT /3/110698/AUTH_50777162d4dc40cfb40939a08020e6ce/gnocchi.aa86a323-ca75-4b54-b73c-02732289ec2e/none_v3" 201 - "PUT http://[::1]:8080/v1/AUTH_50777162d4dc40cfb40939a08020e6ce/gnocchi.aa86a323-ca75-4b54-b73c-02732289ec2e/none_v3" "tx2a2e088108a14c9f8f218-0069571467" "proxy-server 90240" 0.0123 "-" 97423 0
Jan 01 19:42:15 np0005573202.novalocal account-server[96828]: ::1 - - [02/Jan/2026:00:42:15 +0000] "PUT /2/20297/AUTH_50777162d4dc40cfb40939a08020e6ce/gnocchi.dcde151d-6ce9-4cfa-8531-be0745350dd7" 201 - "PUT http://[::1]:6001/1/57168/AUTH_50777162d4dc40cfb40939a08020e6ce/gnocchi.dcde151d-6ce9-4cfa-8531-be0745350dd7" "tx2c4f7fd9d3da4fe29581b-0069571467" "container-server 97120" 0.0103 "-" 96828 0
Jan 01 19:42:15 np0005573202.novalocal proxy-server[90240]: ::1 ::1 02/Jan/2026/00/42/15 PUT /v1/AUTH_50777162d4dc40cfb40939a08020e6ce/gnocchi.aa86a323-ca75-4b54-b73c-02732289ec2e/none_v3 HTTP/1.0 201 - python-swiftclient-4.2.0 gAAAAABpVxQCpfSE... 22 - - tx2a2e088108a14c9f8f218-0069571467 - 0.0249 - - 1767314535.088053942 1767314535.112953901 0
Jan 01 19:42:15 np0005573202.novalocal container-server[97120]: ::1 - - [02/Jan/2026:00:42:15 +0000] "PUT /1/57168/AUTH_50777162d4dc40cfb40939a08020e6ce/gnocchi.dcde151d-6ce9-4cfa-8531-be0745350dd7" 201 - "PUT http://[::1]:8080/v1/AUTH_50777162d4dc40cfb40939a08020e6ce/gnocchi.dcde151d-6ce9-4cfa-8531-be0745350dd7" "tx2c4f7fd9d3da4fe29581b-0069571467" "proxy-server 90240" 0.0348 "-" 97120 0
Jan 01 19:42:15 np0005573202.novalocal proxy-server[90240]: ::1 ::1 02/Jan/2026/00/42/15 PUT /v1/AUTH_50777162d4dc40cfb40939a08020e6ce/gnocchi.dcde151d-6ce9-4cfa-8531-be0745350dd7 HTTP/1.0 201 - python-swiftclient-4.2.0 gAAAAABpVxP6bS-y... - - - tx2c4f7fd9d3da4fe29581b-0069571467 - 0.0420 - - 1767314535.075172663 1767314535.117146015 0
Jan 01 19:42:15 np0005573202.novalocal container-server[97120]: ::1 - - [02/Jan/2026:00:42:15 +0000] "HEAD /3/57168/AUTH_50777162d4dc40cfb40939a08020e6ce/gnocchi.dcde151d-6ce9-4cfa-8531-be0745350dd7" 204 - "HEAD http://[::1]:8080/v1/AUTH_50777162d4dc40cfb40939a08020e6ce/gnocchi.dcde151d-6ce9-4cfa-8531-be0745350dd7?format=json&states=listing" "tx7fe4e14c33fa4a4eb7b87-0069571467" "proxy-server 90240" 0.0041 "-" 97120 0
Jan 01 19:42:15 np0005573202.novalocal container-server[97119]: ::1 - - [02/Jan/2026:00:42:15 +0000] "GET /3/57168/AUTH_50777162d4dc40cfb40939a08020e6ce/gnocchi.dcde151d-6ce9-4cfa-8531-be0745350dd7" 200 2 "GET http://[::1]:8080/v1/AUTH_50777162d4dc40cfb40939a08020e6ce/gnocchi.dcde151d-6ce9-4cfa-8531-be0745350dd7?format=json&states=listing" "tx7fe4e14c33fa4a4eb7b87-0069571467" "proxy-server 90240" 0.0020 "-" 97119 0
Jan 01 19:42:15 np0005573202.novalocal proxy-server[90240]: ::1 ::1 02/Jan/2026/00/42/15 GET /v1/AUTH_50777162d4dc40cfb40939a08020e6ce/gnocchi.dcde151d-6ce9-4cfa-8531-be0745350dd7%3Fformat%3Djson%26states%3Dlisting HTTP/1.0 200 - python-swiftclient-4.2.0 gAAAAABpVxP6bS-y... - 2 - tx7fe4e14c33fa4a4eb7b87-0069571467 - 0.0190 - - 1767314535.121217728 1767314535.140193701 0
Jan 01 19:42:15 np0005573202.novalocal object-server[97424]: ::1 - - [02/Jan/2026:00:42:15 +0000] "GET /3/246260/AUTH_50777162d4dc40cfb40939a08020e6ce/gnocchi.dcde151d-6ce9-4cfa-8531-be0745350dd7/1766880000.0_mean_300.0_v3" 404 70 "GET http://[::1]:8080/v1/AUTH_50777162d4dc40cfb40939a08020e6ce/gnocchi.dcde151d-6ce9-4cfa-8531-be0745350dd7/1766880000.0_mean_300.0_v3" "txf2634d3ba65547b48dd59-0069571467" "proxy-server 90240" 0.0003 "-" 97424 0
Jan 01 19:42:15 np0005573202.novalocal object-server[97423]: ::1 - - [02/Jan/2026:00:42:15 +0000] "GET /1/246260/AUTH_50777162d4dc40cfb40939a08020e6ce/gnocchi.dcde151d-6ce9-4cfa-8531-be0745350dd7/1766880000.0_mean_300.0_v3" 404 70 "GET http://[::1]:8080/v1/AUTH_50777162d4dc40cfb40939a08020e6ce/gnocchi.dcde151d-6ce9-4cfa-8531-be0745350dd7/1766880000.0_mean_300.0_v3" "txf2634d3ba65547b48dd59-0069571467" "proxy-server 90240" 0.0003 "-" 97423 0
Jan 01 19:42:15 np0005573202.novalocal object-server[97423]: ::1 - - [02/Jan/2026:00:42:15 +0000] "GET /2/246260/AUTH_50777162d4dc40cfb40939a08020e6ce/gnocchi.dcde151d-6ce9-4cfa-8531-be0745350dd7/1766880000.0_mean_300.0_v3" 404 70 "GET http://[::1]:8080/v1/AUTH_50777162d4dc40cfb40939a08020e6ce/gnocchi.dcde151d-6ce9-4cfa-8531-be0745350dd7/1766880000.0_mean_300.0_v3" "txf2634d3ba65547b48dd59-0069571467" "proxy-server 90240" 0.0002 "-" 97423 0
Jan 01 19:42:15 np0005573202.novalocal proxy-server[90240]: ::1 ::1 02/Jan/2026/00/42/15 GET /v1/AUTH_50777162d4dc40cfb40939a08020e6ce/gnocchi.dcde151d-6ce9-4cfa-8531-be0745350dd7/1766880000.0_mean_300.0_v3 HTTP/1.0 404 - python-swiftclient-4.2.0 gAAAAABpVxP6bS-y... - 70 - txf2634d3ba65547b48dd59-0069571467 - 0.0110 - - 1767314535.144153595 1767314535.155117989 0
Jan 01 19:42:15 np0005573202.novalocal container-server[97121]: ::1 - - [02/Jan/2026:00:42:15 +0000] "PUT /1/57168/AUTH_50777162d4dc40cfb40939a08020e6ce/gnocchi.dcde151d-6ce9-4cfa-8531-be0745350dd7/1766880000.0_mean_300.0_v3" 201 - "PUT http://[::1]:8080/1/246260/AUTH_50777162d4dc40cfb40939a08020e6ce/gnocchi.dcde151d-6ce9-4cfa-8531-be0745350dd7/1766880000.0_mean_300.0_v3" "tx4e7bc0e8c4654b178fc86-0069571467" "object-server 97423" 0.0008 "-" 97121 0
Jan 01 19:42:15 np0005573202.novalocal object-server[97423]: ::1 - - [02/Jan/2026:00:42:15 +0000] "PUT /1/246260/AUTH_50777162d4dc40cfb40939a08020e6ce/gnocchi.dcde151d-6ce9-4cfa-8531-be0745350dd7/1766880000.0_mean_300.0_v3" 201 - "PUT http://[::1]:8080/v1/AUTH_50777162d4dc40cfb40939a08020e6ce/gnocchi.dcde151d-6ce9-4cfa-8531-be0745350dd7/1766880000.0_mean_300.0_v3" "tx4e7bc0e8c4654b178fc86-0069571467" "proxy-server 90240" 0.0108 "-" 97423 0
Jan 01 19:42:15 np0005573202.novalocal container-server[97122]: ::1 - - [02/Jan/2026:00:42:15 +0000] "PUT /2/57168/AUTH_50777162d4dc40cfb40939a08020e6ce/gnocchi.dcde151d-6ce9-4cfa-8531-be0745350dd7/1766880000.0_mean_300.0_v3" 201 - "PUT http://[::1]:8080/2/246260/AUTH_50777162d4dc40cfb40939a08020e6ce/gnocchi.dcde151d-6ce9-4cfa-8531-be0745350dd7/1766880000.0_mean_300.0_v3" "tx4e7bc0e8c4654b178fc86-0069571467" "object-server 97426" 0.0005 "-" 97122 0
Jan 01 19:42:15 np0005573202.novalocal container-server[97119]: ::1 - - [02/Jan/2026:00:42:15 +0000] "PUT /3/57168/AUTH_50777162d4dc40cfb40939a08020e6ce/gnocchi.dcde151d-6ce9-4cfa-8531-be0745350dd7/1766880000.0_mean_300.0_v3" 201 - "PUT http://[::1]:8080/3/246260/AUTH_50777162d4dc40cfb40939a08020e6ce/gnocchi.dcde151d-6ce9-4cfa-8531-be0745350dd7/1766880000.0_mean_300.0_v3" "tx4e7bc0e8c4654b178fc86-0069571467" "object-server 97426" 0.0006 "-" 97119 0
Jan 01 19:42:15 np0005573202.novalocal object-server[97426]: ::1 - - [02/Jan/2026:00:42:15 +0000] "PUT /2/246260/AUTH_50777162d4dc40cfb40939a08020e6ce/gnocchi.dcde151d-6ce9-4cfa-8531-be0745350dd7/1766880000.0_mean_300.0_v3" 201 - "PUT http://[::1]:8080/v1/AUTH_50777162d4dc40cfb40939a08020e6ce/gnocchi.dcde151d-6ce9-4cfa-8531-be0745350dd7/1766880000.0_mean_300.0_v3" "tx4e7bc0e8c4654b178fc86-0069571467" "proxy-server 90240" 0.0126 "-" 97426 0
Jan 01 19:42:15 np0005573202.novalocal object-server[97426]: ::1 - - [02/Jan/2026:00:42:15 +0000] "PUT /3/246260/AUTH_50777162d4dc40cfb40939a08020e6ce/gnocchi.dcde151d-6ce9-4cfa-8531-be0745350dd7/1766880000.0_mean_300.0_v3" 201 - "PUT http://[::1]:8080/v1/AUTH_50777162d4dc40cfb40939a08020e6ce/gnocchi.dcde151d-6ce9-4cfa-8531-be0745350dd7/1766880000.0_mean_300.0_v3" "tx4e7bc0e8c4654b178fc86-0069571467" "proxy-server 90240" 0.0147 "-" 97426 0
Jan 01 19:42:15 np0005573202.novalocal proxy-server[90240]: ::1 ::1 02/Jan/2026/00/42/15 PUT /v1/AUTH_50777162d4dc40cfb40939a08020e6ce/gnocchi.dcde151d-6ce9-4cfa-8531-be0745350dd7/1766880000.0_mean_300.0_v3 HTTP/1.0 201 - python-swiftclient-4.2.0 gAAAAABpVxP6bS-y... 16 - - tx4e7bc0e8c4654b178fc86-0069571467 - 0.0225 - - 1767314535.158092737 1767314535.180641651 0
Jan 01 19:42:15 np0005573202.novalocal container-server[97120]: ::1 - - [02/Jan/2026:00:42:15 +0000] "PUT /1/57168/AUTH_50777162d4dc40cfb40939a08020e6ce/gnocchi.dcde151d-6ce9-4cfa-8531-be0745350dd7/none_v3" 201 - "PUT http://[::1]:8080/1/35345/AUTH_50777162d4dc40cfb40939a08020e6ce/gnocchi.dcde151d-6ce9-4cfa-8531-be0745350dd7/none_v3" "tx4e998cfb65e446cda8ce0-0069571467" "object-server 97424" 0.0005 "-" 97120 0
Jan 01 19:42:15 np0005573202.novalocal dnsmasq[106505]: read /var/lib/neutron/dhcp/3a900866-9f3f-4160-bb2e-5feacfe3246c/addn_hosts - 1 addresses
Jan 01 19:42:15 np0005573202.novalocal dnsmasq-dhcp[106505]: read /var/lib/neutron/dhcp/3a900866-9f3f-4160-bb2e-5feacfe3246c/host
Jan 01 19:42:15 np0005573202.novalocal dnsmasq-dhcp[106505]: read /var/lib/neutron/dhcp/3a900866-9f3f-4160-bb2e-5feacfe3246c/opts
Jan 01 19:42:15 np0005573202.novalocal object-server[97424]: ::1 - - [02/Jan/2026:00:42:15 +0000] "PUT /1/35345/AUTH_50777162d4dc40cfb40939a08020e6ce/gnocchi.dcde151d-6ce9-4cfa-8531-be0745350dd7/none_v3" 201 - "PUT http://[::1]:8080/v1/AUTH_50777162d4dc40cfb40939a08020e6ce/gnocchi.dcde151d-6ce9-4cfa-8531-be0745350dd7/none_v3" "tx4e998cfb65e446cda8ce0-0069571467" "proxy-server 90240" 0.0201 "-" 97424 0
Jan 01 19:42:15 np0005573202.novalocal container-server[97119]: ::1 - - [02/Jan/2026:00:42:15 +0000] "PUT /2/57168/AUTH_50777162d4dc40cfb40939a08020e6ce/gnocchi.dcde151d-6ce9-4cfa-8531-be0745350dd7/none_v3" 201 - "PUT http://[::1]:8080/2/35345/AUTH_50777162d4dc40cfb40939a08020e6ce/gnocchi.dcde151d-6ce9-4cfa-8531-be0745350dd7/none_v3" "tx4e998cfb65e446cda8ce0-0069571467" "object-server 97423" 0.0008 "-" 97119 0
Jan 01 19:42:15 np0005573202.novalocal object-server[97423]: ::1 - - [02/Jan/2026:00:42:15 +0000] "PUT /2/35345/AUTH_50777162d4dc40cfb40939a08020e6ce/gnocchi.dcde151d-6ce9-4cfa-8531-be0745350dd7/none_v3" 201 - "PUT http://[::1]:8080/v1/AUTH_50777162d4dc40cfb40939a08020e6ce/gnocchi.dcde151d-6ce9-4cfa-8531-be0745350dd7/none_v3" "tx4e998cfb65e446cda8ce0-0069571467" "proxy-server 90240" 0.0223 "-" 97423 0
Jan 01 19:42:15 np0005573202.novalocal container-server[97119]: ::1 - - [02/Jan/2026:00:42:15 +0000] "PUT /3/57168/AUTH_50777162d4dc40cfb40939a08020e6ce/gnocchi.dcde151d-6ce9-4cfa-8531-be0745350dd7/none_v3" 201 - "PUT http://[::1]:8080/3/35345/AUTH_50777162d4dc40cfb40939a08020e6ce/gnocchi.dcde151d-6ce9-4cfa-8531-be0745350dd7/none_v3" "tx4e998cfb65e446cda8ce0-0069571467" "object-server 97426" 0.0009 "-" 97119 0
Jan 01 19:42:15 np0005573202.novalocal object-server[97426]: ::1 - - [02/Jan/2026:00:42:15 +0000] "PUT /3/35345/AUTH_50777162d4dc40cfb40939a08020e6ce/gnocchi.dcde151d-6ce9-4cfa-8531-be0745350dd7/none_v3" 201 - "PUT http://[::1]:8080/v1/AUTH_50777162d4dc40cfb40939a08020e6ce/gnocchi.dcde151d-6ce9-4cfa-8531-be0745350dd7/none_v3" "tx4e998cfb65e446cda8ce0-0069571467" "proxy-server 90240" 0.0270 "-" 97426 0
Jan 01 19:42:15 np0005573202.novalocal proxy-server[90240]: ::1 ::1 02/Jan/2026/00/42/15 PUT /v1/AUTH_50777162d4dc40cfb40939a08020e6ce/gnocchi.dcde151d-6ce9-4cfa-8531-be0745350dd7/none_v3 HTTP/1.0 201 - python-swiftclient-4.2.0 gAAAAABpVxP6bS-y... 22 - - tx4e998cfb65e446cda8ce0-0069571467 - 0.0355 - - 1767314535.183023930 1767314535.218514919 0
Jan 01 19:42:15 np0005573202.novalocal container-server[97121]: ::1 - - [02/Jan/2026:00:42:15 +0000] "HEAD /2/225108/AUTH_50777162d4dc40cfb40939a08020e6ce/gnocchi.743d821d-785e-4c61-8b89-97b2ca2ab3f6" 404 - "HEAD http://[::1]:8080/v1/AUTH_50777162d4dc40cfb40939a08020e6ce/gnocchi.743d821d-785e-4c61-8b89-97b2ca2ab3f6?format=json&states=listing" "tx332c82165f214942ac462-0069571467" "proxy-server 90240" 0.0004 "-" 97121 0
Jan 01 19:42:15 np0005573202.novalocal container-server[97119]: ::1 - - [02/Jan/2026:00:42:15 +0000] "HEAD /1/225108/AUTH_50777162d4dc40cfb40939a08020e6ce/gnocchi.743d821d-785e-4c61-8b89-97b2ca2ab3f6" 404 - "HEAD http://[::1]:8080/v1/AUTH_50777162d4dc40cfb40939a08020e6ce/gnocchi.743d821d-785e-4c61-8b89-97b2ca2ab3f6?format=json&states=listing" "tx332c82165f214942ac462-0069571467" "proxy-server 90240" 0.0004 "-" 97119 0
Jan 01 19:42:15 np0005573202.novalocal container-server[97119]: ::1 - - [02/Jan/2026:00:42:15 +0000] "HEAD /3/225108/AUTH_50777162d4dc40cfb40939a08020e6ce/gnocchi.743d821d-785e-4c61-8b89-97b2ca2ab3f6" 404 - "HEAD http://[::1]:8080/v1/AUTH_50777162d4dc40cfb40939a08020e6ce/gnocchi.743d821d-785e-4c61-8b89-97b2ca2ab3f6?format=json&states=listing" "tx332c82165f214942ac462-0069571467" "proxy-server 90240" 0.0007 "-" 97119 0
Jan 01 19:42:15 np0005573202.novalocal object-server[97425]: ::1 - - [02/Jan/2026:00:42:15 +0000] "GET /1/213387/AUTH_50777162d4dc40cfb40939a08020e6ce/gnocchi.743d821d-785e-4c61-8b89-97b2ca2ab3f6/none_v3" 404 70 "GET http://[::1]:8080/v1/AUTH_50777162d4dc40cfb40939a08020e6ce/gnocchi.743d821d-785e-4c61-8b89-97b2ca2ab3f6/none_v3" "tx332c82165f214942ac462-0069571467" "proxy-server 90240" 0.0005 "-" 97425 0
Jan 01 19:42:15 np0005573202.novalocal object-server[97423]: ::1 - - [02/Jan/2026:00:42:15 +0000] "GET /3/213387/AUTH_50777162d4dc40cfb40939a08020e6ce/gnocchi.743d821d-785e-4c61-8b89-97b2ca2ab3f6/none_v3" 404 70 "GET http://[::1]:8080/v1/AUTH_50777162d4dc40cfb40939a08020e6ce/gnocchi.743d821d-785e-4c61-8b89-97b2ca2ab3f6/none_v3" "tx332c82165f214942ac462-0069571467" "proxy-server 90240" 0.0004 "-" 97423 0
Jan 01 19:42:15 np0005573202.novalocal object-server[97425]: ::1 - - [02/Jan/2026:00:42:15 +0000] "GET /2/213387/AUTH_50777162d4dc40cfb40939a08020e6ce/gnocchi.743d821d-785e-4c61-8b89-97b2ca2ab3f6/none_v3" 404 70 "GET http://[::1]:8080/v1/AUTH_50777162d4dc40cfb40939a08020e6ce/gnocchi.743d821d-785e-4c61-8b89-97b2ca2ab3f6/none_v3" "tx332c82165f214942ac462-0069571467" "proxy-server 90240" 0.0004 "-" 97425 0
Jan 01 19:42:15 np0005573202.novalocal proxy-server[90240]: ::1 ::1 02/Jan/2026/00/42/15 GET /v1/AUTH_50777162d4dc40cfb40939a08020e6ce/gnocchi.743d821d-785e-4c61-8b89-97b2ca2ab3f6/none_v3 HTTP/1.0 404 - python-swiftclient-4.2.0 gAAAAABpVxP6bS-y... - 70 - tx332c82165f214942ac462-0069571467 - 0.0503 - - 1767314535.230381012 1767314535.280696630 0
Jan 01 19:42:15 np0005573202.novalocal object-server[97423]: ::1 - - [02/Jan/2026:00:42:15 +0000] "GET /1/110698/AUTH_50777162d4dc40cfb40939a08020e6ce/gnocchi.aa86a323-ca75-4b54-b73c-02732289ec2e/none_v3" 200 22 "GET http://[::1]:8080/v1/AUTH_50777162d4dc40cfb40939a08020e6ce/gnocchi.aa86a323-ca75-4b54-b73c-02732289ec2e/none_v3" "txa2dbe176315e46df828a6-0069571467" "proxy-server 90240" 0.0009 "-" 97423 0
Jan 01 19:42:15 np0005573202.novalocal proxy-server[90240]: ::1 ::1 02/Jan/2026/00/42/15 GET /v1/AUTH_50777162d4dc40cfb40939a08020e6ce/gnocchi.aa86a323-ca75-4b54-b73c-02732289ec2e/none_v3 HTTP/1.0 200 - python-swiftclient-4.2.0 gAAAAABpVxQCpfSE... - 22 - txa2dbe176315e46df828a6-0069571467 - 0.0109 - - 1767314535.287338972 1767314535.298260689 0
Jan 01 19:42:15 np0005573202.novalocal account-server[96828]: ::1 - - [02/Jan/2026:00:42:15 +0000] "PUT /2/20297/AUTH_50777162d4dc40cfb40939a08020e6ce/gnocchi.743d821d-785e-4c61-8b89-97b2ca2ab3f6" 201 - "PUT http://[::1]:6001/1/225108/AUTH_50777162d4dc40cfb40939a08020e6ce/gnocchi.743d821d-785e-4c61-8b89-97b2ca2ab3f6" "txcd8d726da5104c908d711-0069571467" "container-server 97122" 0.0047 "-" 96828 0
Jan 01 19:42:15 np0005573202.novalocal container-server[97122]: ::1 - - [02/Jan/2026:00:42:15 +0000] "PUT /1/225108/AUTH_50777162d4dc40cfb40939a08020e6ce/gnocchi.743d821d-785e-4c61-8b89-97b2ca2ab3f6" 201 - "PUT http://[::1]:8080/v1/AUTH_50777162d4dc40cfb40939a08020e6ce/gnocchi.743d821d-785e-4c61-8b89-97b2ca2ab3f6" "txcd8d726da5104c908d711-0069571467" "proxy-server 90240" 0.0135 "-" 97122 0
Jan 01 19:42:15 np0005573202.novalocal account-server[96827]: ::1 - - [02/Jan/2026:00:42:15 +0000] "PUT /1/20297/AUTH_50777162d4dc40cfb40939a08020e6ce/gnocchi.743d821d-785e-4c61-8b89-97b2ca2ab3f6" 201 - "PUT http://[::1]:6001/2/225108/AUTH_50777162d4dc40cfb40939a08020e6ce/gnocchi.743d821d-785e-4c61-8b89-97b2ca2ab3f6" "txcd8d726da5104c908d711-0069571467" "container-server 97120" 0.0050 "-" 96827 0
Jan 01 19:42:15 np0005573202.novalocal account-server[96828]: ::1 - - [02/Jan/2026:00:42:15 +0000] "PUT /3/20297/AUTH_50777162d4dc40cfb40939a08020e6ce/gnocchi.743d821d-785e-4c61-8b89-97b2ca2ab3f6" 201 - "PUT http://[::1]:6001/3/225108/AUTH_50777162d4dc40cfb40939a08020e6ce/gnocchi.743d821d-785e-4c61-8b89-97b2ca2ab3f6" "txcd8d726da5104c908d711-0069571467" "container-server 97120" 0.0054 "-" 96828 0
Jan 01 19:42:15 np0005573202.novalocal container-server[97120]: ::1 - - [02/Jan/2026:00:42:15 +0000] "GET /2/45953/AUTH_50777162d4dc40cfb40939a08020e6ce/gnocchi.aa86a323-ca75-4b54-b73c-02732289ec2e" 200 357 "GET http://[::1]:8080/v1/AUTH_50777162d4dc40cfb40939a08020e6ce/gnocchi.aa86a323-ca75-4b54-b73c-02732289ec2e?format=json&states=listing" "tx4a30523ed7e64a4c81e5d-0069571467" "proxy-server 90240" 0.0081 "-" 97120 0
Jan 01 19:42:15 np0005573202.novalocal container-server[97120]: ::1 - - [02/Jan/2026:00:42:15 +0000] "PUT /2/225108/AUTH_50777162d4dc40cfb40939a08020e6ce/gnocchi.743d821d-785e-4c61-8b89-97b2ca2ab3f6" 201 - "PUT http://[::1]:8080/v1/AUTH_50777162d4dc40cfb40939a08020e6ce/gnocchi.743d821d-785e-4c61-8b89-97b2ca2ab3f6" "txcd8d726da5104c908d711-0069571467" "proxy-server 90240" 0.0184 "-" 97120 0
Jan 01 19:42:15 np0005573202.novalocal container-server[97120]: ::1 - - [02/Jan/2026:00:42:15 +0000] "PUT /3/225108/AUTH_50777162d4dc40cfb40939a08020e6ce/gnocchi.743d821d-785e-4c61-8b89-97b2ca2ab3f6" 201 - "PUT http://[::1]:8080/v1/AUTH_50777162d4dc40cfb40939a08020e6ce/gnocchi.743d821d-785e-4c61-8b89-97b2ca2ab3f6" "txcd8d726da5104c908d711-0069571467" "proxy-server 90240" 0.0328 "-" 97120 0
Jan 01 19:42:15 np0005573202.novalocal proxy-server[90240]: ::1 ::1 02/Jan/2026/00/42/15 GET /v1/AUTH_50777162d4dc40cfb40939a08020e6ce/gnocchi.aa86a323-ca75-4b54-b73c-02732289ec2e%3Fformat%3Djson%26states%3Dlisting HTTP/1.0 200 - python-swiftclient-4.2.0 gAAAAABpVxQCpfSE... - 357 - tx4a30523ed7e64a4c81e5d-0069571467 - 0.0249 - - 1767314535.302343369 1767314535.327213526 0
Jan 01 19:42:15 np0005573202.novalocal proxy-server[90240]: ::1 ::1 02/Jan/2026/00/42/15 PUT /v1/AUTH_50777162d4dc40cfb40939a08020e6ce/gnocchi.743d821d-785e-4c61-8b89-97b2ca2ab3f6 HTTP/1.0 201 - python-swiftclient-4.2.0 gAAAAABpVxP6bS-y... - - - txcd8d726da5104c908d711-0069571467 - 0.0410 - - 1767314535.287751675 1767314535.328784227 0
