Jan 01 19:42:11 np0005573202.novalocal proxy-server[90240]: ::1 ::1 02/Jan/2026/00/42/11 GET /v1/AUTH_50777162d4dc40cfb40939a08020e6ce/gnocchi.df483625-13f9-4a6a-95f0-3962a30cbcb9/1766880000.0_mean_300.0_v3 HTTP/1.0 404 - python-swiftclient-4.2.0 gAAAAABpVxP6bS-y... - 70 - tx8bb8dcb38c954718adcd1-0069571463 - 0.0172 - - 1767314531.494269848 1767314531.511468887 0
Jan 01 19:42:11 np0005573202.novalocal container-server[97121]: ::1 - - [02/Jan/2026:00:42:11 +0000] "PUT /1/27231/AUTH_50777162d4dc40cfb40939a08020e6ce/gnocchi.df483625-13f9-4a6a-95f0-3962a30cbcb9/1766880000.0_mean_300.0_v3" 201 - "PUT http://[::1]:8080/2/183281/AUTH_50777162d4dc40cfb40939a08020e6ce/gnocchi.df483625-13f9-4a6a-95f0-3962a30cbcb9/1766880000.0_mean_300.0_v3" "txcbe5253c6f56479a95733-0069571463" "object-server 97424" 0.0012 "-" 97121 0
Jan 01 19:42:11 np0005573202.novalocal account-server[96826]: ::1 - - [02/Jan/2026:00:42:11 +0000] "PUT /1/20297/AUTH_50777162d4dc40cfb40939a08020e6ce/gnocchi.82e19df5-2b05-4172-b2e2-f8ed60c0b798" 201 - "PUT http://[::1]:6001/3/115636/AUTH_50777162d4dc40cfb40939a08020e6ce/gnocchi.82e19df5-2b05-4172-b2e2-f8ed60c0b798" "tx726d2e6cfafb40b8ba8aa-0069571463" "container-server 97120" 0.0057 "-" 96826 0
Jan 01 19:42:11 np0005573202.novalocal account-server[96827]: ::1 - - [02/Jan/2026:00:42:11 +0000] "PUT /3/20297/AUTH_50777162d4dc40cfb40939a08020e6ce/gnocchi.82e19df5-2b05-4172-b2e2-f8ed60c0b798" 201 - "PUT http://[::1]:6001/2/115636/AUTH_50777162d4dc40cfb40939a08020e6ce/gnocchi.82e19df5-2b05-4172-b2e2-f8ed60c0b798" "tx726d2e6cfafb40b8ba8aa-0069571463" "container-server 97119" 0.0075 "-" 96827 0
Jan 01 19:42:11 np0005573202.novalocal object-server[97424]: ::1 - - [02/Jan/2026:00:42:11 +0000] "PUT /2/183281/AUTH_50777162d4dc40cfb40939a08020e6ce/gnocchi.df483625-13f9-4a6a-95f0-3962a30cbcb9/1766880000.0_mean_300.0_v3" 201 - "PUT http://[::1]:8080/v1/AUTH_50777162d4dc40cfb40939a08020e6ce/gnocchi.df483625-13f9-4a6a-95f0-3962a30cbcb9/1766880000.0_mean_300.0_v3" "txcbe5253c6f56479a95733-0069571463" "proxy-server 90240" 0.0112 "-" 97424 0
Jan 01 19:42:11 np0005573202.novalocal container-server[97120]: ::1 - - [02/Jan/2026:00:42:11 +0000] "PUT /3/115636/AUTH_50777162d4dc40cfb40939a08020e6ce/gnocchi.82e19df5-2b05-4172-b2e2-f8ed60c0b798" 201 - "PUT http://[::1]:8080/v1/AUTH_50777162d4dc40cfb40939a08020e6ce/gnocchi.82e19df5-2b05-4172-b2e2-f8ed60c0b798" "tx726d2e6cfafb40b8ba8aa-0069571463" "proxy-server 90240" 0.0153 "-" 97120 0
Jan 01 19:42:11 np0005573202.novalocal container-server[97119]: ::1 - - [02/Jan/2026:00:42:11 +0000] "PUT /2/115636/AUTH_50777162d4dc40cfb40939a08020e6ce/gnocchi.82e19df5-2b05-4172-b2e2-f8ed60c0b798" 201 - "PUT http://[::1]:8080/v1/AUTH_50777162d4dc40cfb40939a08020e6ce/gnocchi.82e19df5-2b05-4172-b2e2-f8ed60c0b798" "tx726d2e6cfafb40b8ba8aa-0069571463" "proxy-server 90240" 0.0196 "-" 97119 0
Jan 01 19:42:11 np0005573202.novalocal container-server[97120]: ::1 - - [02/Jan/2026:00:42:11 +0000] "PUT /2/27231/AUTH_50777162d4dc40cfb40939a08020e6ce/gnocchi.df483625-13f9-4a6a-95f0-3962a30cbcb9/1766880000.0_mean_300.0_v3" 201 - "PUT http://[::1]:8080/1/183281/AUTH_50777162d4dc40cfb40939a08020e6ce/gnocchi.df483625-13f9-4a6a-95f0-3962a30cbcb9/1766880000.0_mean_300.0_v3" "txcbe5253c6f56479a95733-0069571463" "object-server 97424" 0.0007 "-" 97120 0
Jan 01 19:42:11 np0005573202.novalocal object-server[97424]: ::1 - - [02/Jan/2026:00:42:11 +0000] "PUT /1/183281/AUTH_50777162d4dc40cfb40939a08020e6ce/gnocchi.df483625-13f9-4a6a-95f0-3962a30cbcb9/1766880000.0_mean_300.0_v3" 201 - "PUT http://[::1]:8080/v1/AUTH_50777162d4dc40cfb40939a08020e6ce/gnocchi.df483625-13f9-4a6a-95f0-3962a30cbcb9/1766880000.0_mean_300.0_v3" "txcbe5253c6f56479a95733-0069571463" "proxy-server 90240" 0.0189 "-" 97424 0
Jan 01 19:42:11 np0005573202.novalocal container-server[97122]: ::1 - - [02/Jan/2026:00:42:11 +0000] "PUT /3/27231/AUTH_50777162d4dc40cfb40939a08020e6ce/gnocchi.df483625-13f9-4a6a-95f0-3962a30cbcb9/1766880000.0_mean_300.0_v3" 201 - "PUT http://[::1]:8080/3/183281/AUTH_50777162d4dc40cfb40939a08020e6ce/gnocchi.df483625-13f9-4a6a-95f0-3962a30cbcb9/1766880000.0_mean_300.0_v3" "txcbe5253c6f56479a95733-0069571463" "object-server 97424" 0.0005 "-" 97122 0
Jan 01 19:42:11 np0005573202.novalocal object-server[97424]: ::1 - - [02/Jan/2026:00:42:11 +0000] "PUT /3/183281/AUTH_50777162d4dc40cfb40939a08020e6ce/gnocchi.df483625-13f9-4a6a-95f0-3962a30cbcb9/1766880000.0_mean_300.0_v3" 201 - "PUT http://[::1]:8080/v1/AUTH_50777162d4dc40cfb40939a08020e6ce/gnocchi.df483625-13f9-4a6a-95f0-3962a30cbcb9/1766880000.0_mean_300.0_v3" "txcbe5253c6f56479a95733-0069571463" "proxy-server 90240" 0.0186 "-" 97424 0
Jan 01 19:42:11 np0005573202.novalocal account-server[96826]: ::1 - - [02/Jan/2026:00:42:11 +0000] "PUT /2/20297/AUTH_50777162d4dc40cfb40939a08020e6ce/gnocchi.82e19df5-2b05-4172-b2e2-f8ed60c0b798" 201 - "PUT http://[::1]:6001/1/115636/AUTH_50777162d4dc40cfb40939a08020e6ce/gnocchi.82e19df5-2b05-4172-b2e2-f8ed60c0b798" "tx726d2e6cfafb40b8ba8aa-0069571463" "container-server 97122" 0.0037 "-" 96826 0
Jan 01 19:42:11 np0005573202.novalocal container-server[97122]: ::1 - - [02/Jan/2026:00:42:11 +0000] "PUT /1/115636/AUTH_50777162d4dc40cfb40939a08020e6ce/gnocchi.82e19df5-2b05-4172-b2e2-f8ed60c0b798" 201 - "PUT http://[::1]:8080/v1/AUTH_50777162d4dc40cfb40939a08020e6ce/gnocchi.82e19df5-2b05-4172-b2e2-f8ed60c0b798" "tx726d2e6cfafb40b8ba8aa-0069571463" "proxy-server 90240" 0.0257 "-" 97122 0
Jan 01 19:42:11 np0005573202.novalocal proxy-server[90240]: ::1 ::1 02/Jan/2026/00/42/11 PUT /v1/AUTH_50777162d4dc40cfb40939a08020e6ce/gnocchi.df483625-13f9-4a6a-95f0-3962a30cbcb9/1766880000.0_mean_300.0_v3 HTTP/1.0 201 - python-swiftclient-4.2.0 gAAAAABpVxP6bS-y... 16 - - txcbe5253c6f56479a95733-0069571463 - 0.0264 - - 1767314531.515339613 1767314531.541711092 0
Jan 01 19:42:11 np0005573202.novalocal proxy-server[90240]: ::1 ::1 02/Jan/2026/00/42/11 PUT /v1/AUTH_50777162d4dc40cfb40939a08020e6ce/gnocchi.82e19df5-2b05-4172-b2e2-f8ed60c0b798 HTTP/1.0 201 - python-swiftclient-4.2.0 gAAAAABpVxQCpfSE... - - - tx726d2e6cfafb40b8ba8aa-0069571463 - 0.0346 - - 1767314531.510491610 1767314531.545105934 0
Jan 01 19:42:11 np0005573202.novalocal container-server[97122]: ::1 - - [02/Jan/2026:00:42:11 +0000] "HEAD /1/115636/AUTH_50777162d4dc40cfb40939a08020e6ce/gnocchi.82e19df5-2b05-4172-b2e2-f8ed60c0b798" 204 - "HEAD http://[::1]:8080/v1/AUTH_50777162d4dc40cfb40939a08020e6ce/gnocchi.82e19df5-2b05-4172-b2e2-f8ed60c0b798?format=json&states=listing" "txd19572b0c1094b239def5-0069571463" "proxy-server 90240" 0.0048 "-" 97122 0
Jan 01 19:42:11 np0005573202.novalocal container-server[97121]: ::1 - - [02/Jan/2026:00:42:11 +0000] "PUT /1/27231/AUTH_50777162d4dc40cfb40939a08020e6ce/gnocchi.df483625-13f9-4a6a-95f0-3962a30cbcb9/none_v3" 201 - "PUT http://[::1]:8080/2/105240/AUTH_50777162d4dc40cfb40939a08020e6ce/gnocchi.df483625-13f9-4a6a-95f0-3962a30cbcb9/none_v3" "txd09c4d87bfcd451a9930c-0069571463" "object-server 97425" 0.0007 "-" 97121 0
Jan 01 19:42:11 np0005573202.novalocal container-server[97122]: ::1 - - [02/Jan/2026:00:42:11 +0000] "PUT /2/27231/AUTH_50777162d4dc40cfb40939a08020e6ce/gnocchi.df483625-13f9-4a6a-95f0-3962a30cbcb9/none_v3" 201 - "PUT http://[::1]:8080/1/105240/AUTH_50777162d4dc40cfb40939a08020e6ce/gnocchi.df483625-13f9-4a6a-95f0-3962a30cbcb9/none_v3" "txd09c4d87bfcd451a9930c-0069571463" "object-server 97423" 0.0006 "-" 97122 0
Jan 01 19:42:11 np0005573202.novalocal object-server[97425]: ::1 - - [02/Jan/2026:00:42:11 +0000] "PUT /2/105240/AUTH_50777162d4dc40cfb40939a08020e6ce/gnocchi.df483625-13f9-4a6a-95f0-3962a30cbcb9/none_v3" 201 - "PUT http://[::1]:8080/v1/AUTH_50777162d4dc40cfb40939a08020e6ce/gnocchi.df483625-13f9-4a6a-95f0-3962a30cbcb9/none_v3" "txd09c4d87bfcd451a9930c-0069571463" "proxy-server 90240" 0.0109 "-" 97425 0
Jan 01 19:42:11 np0005573202.novalocal object-server[97423]: ::1 - - [02/Jan/2026:00:42:11 +0000] "PUT /1/105240/AUTH_50777162d4dc40cfb40939a08020e6ce/gnocchi.df483625-13f9-4a6a-95f0-3962a30cbcb9/none_v3" 201 - "PUT http://[::1]:8080/v1/AUTH_50777162d4dc40cfb40939a08020e6ce/gnocchi.df483625-13f9-4a6a-95f0-3962a30cbcb9/none_v3" "txd09c4d87bfcd451a9930c-0069571463" "proxy-server 90240" 0.0130 "-" 97423 0
Jan 01 19:42:11 np0005573202.novalocal container-server[97122]: ::1 - - [02/Jan/2026:00:42:11 +0000] "PUT /3/27231/AUTH_50777162d4dc40cfb40939a08020e6ce/gnocchi.df483625-13f9-4a6a-95f0-3962a30cbcb9/none_v3" 201 - "PUT http://[::1]:8080/3/105240/AUTH_50777162d4dc40cfb40939a08020e6ce/gnocchi.df483625-13f9-4a6a-95f0-3962a30cbcb9/none_v3" "txd09c4d87bfcd451a9930c-0069571463" "object-server 97425" 0.0004 "-" 97122 0
Jan 01 19:42:11 np0005573202.novalocal object-server[97425]: ::1 - - [02/Jan/2026:00:42:11 +0000] "PUT /3/105240/AUTH_50777162d4dc40cfb40939a08020e6ce/gnocchi.df483625-13f9-4a6a-95f0-3962a30cbcb9/none_v3" 201 - "PUT http://[::1]:8080/v1/AUTH_50777162d4dc40cfb40939a08020e6ce/gnocchi.df483625-13f9-4a6a-95f0-3962a30cbcb9/none_v3" "txd09c4d87bfcd451a9930c-0069571463" "proxy-server 90240" 0.0153 "-" 97425 0
Jan 01 19:42:11 np0005573202.novalocal proxy-server[90240]: ::1 ::1 02/Jan/2026/00/42/11 PUT /v1/AUTH_50777162d4dc40cfb40939a08020e6ce/gnocchi.df483625-13f9-4a6a-95f0-3962a30cbcb9/none_v3 HTTP/1.0 201 - python-swiftclient-4.2.0 gAAAAABpVxP6bS-y... 22 - - txd09c4d87bfcd451a9930c-0069571463 - 0.0246 - - 1767314531.544441462 1767314531.569028139 0
Jan 01 19:42:11 np0005573202.novalocal container-server[97120]: ::1 - - [02/Jan/2026:00:42:11 +0000] "GET /3/115636/AUTH_50777162d4dc40cfb40939a08020e6ce/gnocchi.82e19df5-2b05-4172-b2e2-f8ed60c0b798" 200 2 "GET http://[::1]:8080/v1/AUTH_50777162d4dc40cfb40939a08020e6ce/gnocchi.82e19df5-2b05-4172-b2e2-f8ed60c0b798?format=json&states=listing" "txd19572b0c1094b239def5-0069571463" "proxy-server 90240" 0.0027 "-" 97120 0
Jan 01 19:42:11 np0005573202.novalocal proxy-server[90240]: ::1 ::1 02/Jan/2026/00/42/11 GET /v1/AUTH_50777162d4dc40cfb40939a08020e6ce/gnocchi.82e19df5-2b05-4172-b2e2-f8ed60c0b798%3Fformat%3Djson%26states%3Dlisting HTTP/1.0 200 - python-swiftclient-4.2.0 gAAAAABpVxQCpfSE... - 2 - txd19572b0c1094b239def5-0069571463 - 0.0280 - - 1767314531.549816370 1767314531.577783346 0
Jan 01 19:42:11 np0005573202.novalocal object-server[97425]: ::1 - - [02/Jan/2026:00:42:11 +0000] "GET /1/130170/AUTH_50777162d4dc40cfb40939a08020e6ce/gnocchi.82e19df5-2b05-4172-b2e2-f8ed60c0b798/1766880000.0_mean_300.0_v3" 404 70 "GET http://[::1]:8080/v1/AUTH_50777162d4dc40cfb40939a08020e6ce/gnocchi.82e19df5-2b05-4172-b2e2-f8ed60c0b798/1766880000.0_mean_300.0_v3" "tx56d59a27838c4435b833c-0069571463" "proxy-server 90240" 0.0003 "-" 97425 0
Jan 01 19:42:11 np0005573202.novalocal container-server[97119]: ::1 - - [02/Jan/2026:00:42:11 +0000] "HEAD /1/232371/AUTH_50777162d4dc40cfb40939a08020e6ce/gnocchi.cb35d520-1970-4125-8215-9156f706f31e" 404 - "HEAD http://[::1]:8080/v1/AUTH_50777162d4dc40cfb40939a08020e6ce/gnocchi.cb35d520-1970-4125-8215-9156f706f31e?format=json&states=listing" "txabd7c9245e1f45e691b7f-0069571463" "proxy-server 90240" 0.0004 "-" 97119 0
Jan 01 19:42:11 np0005573202.novalocal object-server[97423]: ::1 - - [02/Jan/2026:00:42:11 +0000] "GET /3/130170/AUTH_50777162d4dc40cfb40939a08020e6ce/gnocchi.82e19df5-2b05-4172-b2e2-f8ed60c0b798/1766880000.0_mean_300.0_v3" 404 70 "GET http://[::1]:8080/v1/AUTH_50777162d4dc40cfb40939a08020e6ce/gnocchi.82e19df5-2b05-4172-b2e2-f8ed60c0b798/1766880000.0_mean_300.0_v3" "tx56d59a27838c4435b833c-0069571463" "proxy-server 90240" 0.0003 "-" 97423 0
Jan 01 19:42:11 np0005573202.novalocal container-server[97119]: ::1 - - [02/Jan/2026:00:42:11 +0000] "HEAD /3/232371/AUTH_50777162d4dc40cfb40939a08020e6ce/gnocchi.cb35d520-1970-4125-8215-9156f706f31e" 404 - "HEAD http://[::1]:8080/v1/AUTH_50777162d4dc40cfb40939a08020e6ce/gnocchi.cb35d520-1970-4125-8215-9156f706f31e?format=json&states=listing" "txabd7c9245e1f45e691b7f-0069571463" "proxy-server 90240" 0.0004 "-" 97119 0
Jan 01 19:42:11 np0005573202.novalocal object-server[97423]: ::1 - - [02/Jan/2026:00:42:11 +0000] "GET /2/130170/AUTH_50777162d4dc40cfb40939a08020e6ce/gnocchi.82e19df5-2b05-4172-b2e2-f8ed60c0b798/1766880000.0_mean_300.0_v3" 404 70 "GET http://[::1]:8080/v1/AUTH_50777162d4dc40cfb40939a08020e6ce/gnocchi.82e19df5-2b05-4172-b2e2-f8ed60c0b798/1766880000.0_mean_300.0_v3" "tx56d59a27838c4435b833c-0069571463" "proxy-server 90240" 0.0002 "-" 97423 0
Jan 01 19:42:11 np0005573202.novalocal container-server[97120]: ::1 - - [02/Jan/2026:00:42:11 +0000] "HEAD /2/232371/AUTH_50777162d4dc40cfb40939a08020e6ce/gnocchi.cb35d520-1970-4125-8215-9156f706f31e" 404 - "HEAD http://[::1]:8080/v1/AUTH_50777162d4dc40cfb40939a08020e6ce/gnocchi.cb35d520-1970-4125-8215-9156f706f31e?format=json&states=listing" "txabd7c9245e1f45e691b7f-0069571463" "proxy-server 90240" 0.0003 "-" 97120 0
Jan 01 19:42:11 np0005573202.novalocal proxy-server[90240]: ::1 ::1 02/Jan/2026/00/42/11 GET /v1/AUTH_50777162d4dc40cfb40939a08020e6ce/gnocchi.82e19df5-2b05-4172-b2e2-f8ed60c0b798/1766880000.0_mean_300.0_v3 HTTP/1.0 404 - python-swiftclient-4.2.0 gAAAAABpVxQCpfSE... - 70 - tx56d59a27838c4435b833c-0069571463 - 0.0142 - - 1767314531.583171844 1767314531.597406387 0
Jan 01 19:42:11 np0005573202.novalocal object-server[97426]: ::1 - - [02/Jan/2026:00:42:11 +0000] "GET /2/197890/AUTH_50777162d4dc40cfb40939a08020e6ce/gnocchi.cb35d520-1970-4125-8215-9156f706f31e/none_v3" 404 70 "GET http://[::1]:8080/v1/AUTH_50777162d4dc40cfb40939a08020e6ce/gnocchi.cb35d520-1970-4125-8215-9156f706f31e/none_v3" "txabd7c9245e1f45e691b7f-0069571463" "proxy-server 90240" 0.0004 "-" 97426 0
Jan 01 19:42:11 np0005573202.novalocal object-server[97423]: ::1 - - [02/Jan/2026:00:42:11 +0000] "GET /3/197890/AUTH_50777162d4dc40cfb40939a08020e6ce/gnocchi.cb35d520-1970-4125-8215-9156f706f31e/none_v3" 404 70 "GET http://[::1]:8080/v1/AUTH_50777162d4dc40cfb40939a08020e6ce/gnocchi.cb35d520-1970-4125-8215-9156f706f31e/none_v3" "txabd7c9245e1f45e691b7f-0069571463" "proxy-server 90240" 0.0002 "-" 97423 0
Jan 01 19:42:11 np0005573202.novalocal object-server[97425]: ::1 - - [02/Jan/2026:00:42:11 +0000] "GET /1/197890/AUTH_50777162d4dc40cfb40939a08020e6ce/gnocchi.cb35d520-1970-4125-8215-9156f706f31e/none_v3" 404 70 "GET http://[::1]:8080/v1/AUTH_50777162d4dc40cfb40939a08020e6ce/gnocchi.cb35d520-1970-4125-8215-9156f706f31e/none_v3" "txabd7c9245e1f45e691b7f-0069571463" "proxy-server 90240" 0.0014 "-" 97425 0
Jan 01 19:42:11 np0005573202.novalocal proxy-server[90240]: ::1 ::1 02/Jan/2026/00/42/11 GET /v1/AUTH_50777162d4dc40cfb40939a08020e6ce/gnocchi.cb35d520-1970-4125-8215-9156f706f31e/none_v3 HTTP/1.0 404 - python-swiftclient-4.2.0 gAAAAABpVxP6bS-y... - 70 - txabd7c9245e1f45e691b7f-0069571463 - 0.0340 - - 1767314531.584268570 1767314531.618229389 0
Jan 01 19:42:11 np0005573202.novalocal container-server[97119]: ::1 - - [02/Jan/2026:00:42:11 +0000] "PUT /1/115636/AUTH_50777162d4dc40cfb40939a08020e6ce/gnocchi.82e19df5-2b05-4172-b2e2-f8ed60c0b798/1766880000.0_mean_300.0_v3" 201 - "PUT http://[::1]:8080/1/130170/AUTH_50777162d4dc40cfb40939a08020e6ce/gnocchi.82e19df5-2b05-4172-b2e2-f8ed60c0b798/1766880000.0_mean_300.0_v3" "txd7bc0068efec4bf6b7433-0069571463" "object-server 97423" 0.0006 "-" 97119 0
Jan 01 19:42:11 np0005573202.novalocal container-server[97121]: ::1 - - [02/Jan/2026:00:42:11 +0000] "PUT /2/115636/AUTH_50777162d4dc40cfb40939a08020e6ce/gnocchi.82e19df5-2b05-4172-b2e2-f8ed60c0b798/1766880000.0_mean_300.0_v3" 201 - "PUT http://[::1]:8080/2/130170/AUTH_50777162d4dc40cfb40939a08020e6ce/gnocchi.82e19df5-2b05-4172-b2e2-f8ed60c0b798/1766880000.0_mean_300.0_v3" "txd7bc0068efec4bf6b7433-0069571463" "object-server 97426" 0.0008 "-" 97121 0
Jan 01 19:42:11 np0005573202.novalocal object-server[97423]: ::1 - - [02/Jan/2026:00:42:11 +0000] "PUT /1/130170/AUTH_50777162d4dc40cfb40939a08020e6ce/gnocchi.82e19df5-2b05-4172-b2e2-f8ed60c0b798/1766880000.0_mean_300.0_v3" 201 - "PUT http://[::1]:8080/v1/AUTH_50777162d4dc40cfb40939a08020e6ce/gnocchi.82e19df5-2b05-4172-b2e2-f8ed60c0b798/1766880000.0_mean_300.0_v3" "txd7bc0068efec4bf6b7433-0069571463" "proxy-server 90240" 0.0128 "-" 97423 0
Jan 01 19:42:11 np0005573202.novalocal container-server[97120]: ::1 - - [02/Jan/2026:00:42:11 +0000] "PUT /3/115636/AUTH_50777162d4dc40cfb40939a08020e6ce/gnocchi.82e19df5-2b05-4172-b2e2-f8ed60c0b798/1766880000.0_mean_300.0_v3" 201 - "PUT http://[::1]:8080/3/130170/AUTH_50777162d4dc40cfb40939a08020e6ce/gnocchi.82e19df5-2b05-4172-b2e2-f8ed60c0b798/1766880000.0_mean_300.0_v3" "txd7bc0068efec4bf6b7433-0069571463" "object-server 97423" 0.0006 "-" 97120 0
Jan 01 19:42:11 np0005573202.novalocal object-server[97423]: ::1 - - [02/Jan/2026:00:42:11 +0000] "PUT /3/130170/AUTH_50777162d4dc40cfb40939a08020e6ce/gnocchi.82e19df5-2b05-4172-b2e2-f8ed60c0b798/1766880000.0_mean_300.0_v3" 201 - "PUT http://[::1]:8080/v1/AUTH_50777162d4dc40cfb40939a08020e6ce/gnocchi.82e19df5-2b05-4172-b2e2-f8ed60c0b798/1766880000.0_mean_300.0_v3" "txd7bc0068efec4bf6b7433-0069571463" "proxy-server 90240" 0.0126 "-" 97423 0
Jan 01 19:42:11 np0005573202.novalocal object-server[97426]: ::1 - - [02/Jan/2026:00:42:11 +0000] "PUT /2/130170/AUTH_50777162d4dc40cfb40939a08020e6ce/gnocchi.82e19df5-2b05-4172-b2e2-f8ed60c0b798/1766880000.0_mean_300.0_v3" 201 - "PUT http://[::1]:8080/v1/AUTH_50777162d4dc40cfb40939a08020e6ce/gnocchi.82e19df5-2b05-4172-b2e2-f8ed60c0b798/1766880000.0_mean_300.0_v3" "txd7bc0068efec4bf6b7433-0069571463" "proxy-server 90240" 0.0167 "-" 97426 0
Jan 01 19:42:11 np0005573202.novalocal proxy-server[90240]: ::1 ::1 02/Jan/2026/00/42/11 PUT /v1/AUTH_50777162d4dc40cfb40939a08020e6ce/gnocchi.82e19df5-2b05-4172-b2e2-f8ed60c0b798/1766880000.0_mean_300.0_v3 HTTP/1.0 201 - python-swiftclient-4.2.0 gAAAAABpVxQCpfSE... 16 - - txd7bc0068efec4bf6b7433-0069571463 - 0.0296 - - 1767314531.602627516 1767314531.632193327 0
Jan 01 19:42:11 np0005573202.novalocal account-server[96826]: ::1 - - [02/Jan/2026:00:42:11 +0000] "PUT /3/20297/AUTH_50777162d4dc40cfb40939a08020e6ce/gnocchi.cb35d520-1970-4125-8215-9156f706f31e" 201 - "PUT http://[::1]:6001/3/232371/AUTH_50777162d4dc40cfb40939a08020e6ce/gnocchi.cb35d520-1970-4125-8215-9156f706f31e" "txfea279f12f2d4af282780-0069571463" "container-server 97121" 0.0064 "-" 96826 0
Jan 01 19:42:11 np0005573202.novalocal container-server[97121]: ::1 - - [02/Jan/2026:00:42:11 +0000] "PUT /3/232371/AUTH_50777162d4dc40cfb40939a08020e6ce/gnocchi.cb35d520-1970-4125-8215-9156f706f31e" 201 - "PUT http://[::1]:8080/v1/AUTH_50777162d4dc40cfb40939a08020e6ce/gnocchi.cb35d520-1970-4125-8215-9156f706f31e" "txfea279f12f2d4af282780-0069571463" "proxy-server 90240" 0.0186 "-" 97121 0
Jan 01 19:42:11 np0005573202.novalocal account-server[96826]: ::1 - - [02/Jan/2026:00:42:11 +0000] "PUT /2/20297/AUTH_50777162d4dc40cfb40939a08020e6ce/gnocchi.cb35d520-1970-4125-8215-9156f706f31e" 201 - "PUT http://[::1]:6001/1/232371/AUTH_50777162d4dc40cfb40939a08020e6ce/gnocchi.cb35d520-1970-4125-8215-9156f706f31e" "txfea279f12f2d4af282780-0069571463" "container-server 97120" 0.0073 "-" 96826 0
Jan 01 19:42:11 np0005573202.novalocal container-server[97120]: ::1 - - [02/Jan/2026:00:42:11 +0000] "PUT /1/232371/AUTH_50777162d4dc40cfb40939a08020e6ce/gnocchi.cb35d520-1970-4125-8215-9156f706f31e" 201 - "PUT http://[::1]:8080/v1/AUTH_50777162d4dc40cfb40939a08020e6ce/gnocchi.cb35d520-1970-4125-8215-9156f706f31e" "txfea279f12f2d4af282780-0069571463" "proxy-server 90240" 0.0219 "-" 97120 0
Jan 01 19:42:11 np0005573202.novalocal account-server[96828]: ::1 - - [02/Jan/2026:00:42:11 +0000] "PUT /1/20297/AUTH_50777162d4dc40cfb40939a08020e6ce/gnocchi.cb35d520-1970-4125-8215-9156f706f31e" 201 - "PUT http://[::1]:6001/2/232371/AUTH_50777162d4dc40cfb40939a08020e6ce/gnocchi.cb35d520-1970-4125-8215-9156f706f31e" "txfea279f12f2d4af282780-0069571463" "container-server 97121" 0.0070 "-" 96828 0
Jan 01 19:42:11 np0005573202.novalocal container-server[97121]: ::1 - - [02/Jan/2026:00:42:11 +0000] "PUT /2/232371/AUTH_50777162d4dc40cfb40939a08020e6ce/gnocchi.cb35d520-1970-4125-8215-9156f706f31e" 201 - "PUT http://[::1]:8080/v1/AUTH_50777162d4dc40cfb40939a08020e6ce/gnocchi.cb35d520-1970-4125-8215-9156f706f31e" "txfea279f12f2d4af282780-0069571463" "proxy-server 90240" 0.0188 "-" 97121 0
Jan 01 19:42:11 np0005573202.novalocal proxy-server[90240]: ::1 ::1 02/Jan/2026/00/42/11 PUT /v1/AUTH_50777162d4dc40cfb40939a08020e6ce/gnocchi.cb35d520-1970-4125-8215-9156f706f31e HTTP/1.0 201 - python-swiftclient-4.2.0 gAAAAABpVxP6bS-y... - - - txfea279f12f2d4af282780-0069571463 - 0.0352 - - 1767314531.622386456 1767314531.657631159 0
Jan 01 19:42:11 np0005573202.novalocal container-server[97119]: ::1 - - [02/Jan/2026:00:42:11 +0000] "PUT /2/115636/AUTH_50777162d4dc40cfb40939a08020e6ce/gnocchi.82e19df5-2b05-4172-b2e2-f8ed60c0b798/none_v3" 201 - "PUT http://[::1]:8080/3/177774/AUTH_50777162d4dc40cfb40939a08020e6ce/gnocchi.82e19df5-2b05-4172-b2e2-f8ed60c0b798/none_v3" "txf27b160e31a6403b83d57-0069571463" "object-server 97424" 0.0004 "-" 97119 0
Jan 01 19:42:11 np0005573202.novalocal object-server[97424]: ::1 - - [02/Jan/2026:00:42:11 +0000] "PUT /3/177774/AUTH_50777162d4dc40cfb40939a08020e6ce/gnocchi.82e19df5-2b05-4172-b2e2-f8ed60c0b798/none_v3" 201 - "PUT http://[::1]:8080/v1/AUTH_50777162d4dc40cfb40939a08020e6ce/gnocchi.82e19df5-2b05-4172-b2e2-f8ed60c0b798/none_v3" "txf27b160e31a6403b83d57-0069571463" "proxy-server 90240" 0.0154 "-" 97424 0
Jan 01 19:42:11 np0005573202.novalocal container-server[97120]: ::1 - - [02/Jan/2026:00:42:11 +0000] "PUT /3/115636/AUTH_50777162d4dc40cfb40939a08020e6ce/gnocchi.82e19df5-2b05-4172-b2e2-f8ed60c0b798/none_v3" 201 - "PUT http://[::1]:8080/2/177774/AUTH_50777162d4dc40cfb40939a08020e6ce/gnocchi.82e19df5-2b05-4172-b2e2-f8ed60c0b798/none_v3" "txf27b160e31a6403b83d57-0069571463" "object-server 97424" 0.0006 "-" 97120 0
Jan 01 19:42:11 np0005573202.novalocal object-server[97424]: ::1 - - [02/Jan/2026:00:42:11 +0000] "PUT /2/177774/AUTH_50777162d4dc40cfb40939a08020e6ce/gnocchi.82e19df5-2b05-4172-b2e2-f8ed60c0b798/none_v3" 201 - "PUT http://[::1]:8080/v1/AUTH_50777162d4dc40cfb40939a08020e6ce/gnocchi.82e19df5-2b05-4172-b2e2-f8ed60c0b798/none_v3" "txf27b160e31a6403b83d57-0069571463" "proxy-server 90240" 0.0163 "-" 97424 0
Jan 01 19:42:11 np0005573202.novalocal container-server[97121]: ::1 - - [02/Jan/2026:00:42:11 +0000] "PUT /1/115636/AUTH_50777162d4dc40cfb40939a08020e6ce/gnocchi.82e19df5-2b05-4172-b2e2-f8ed60c0b798/none_v3" 201 - "PUT http://[::1]:8080/1/177774/AUTH_50777162d4dc40cfb40939a08020e6ce/gnocchi.82e19df5-2b05-4172-b2e2-f8ed60c0b798/none_v3" "txf27b160e31a6403b83d57-0069571463" "object-server 97423" 0.0005 "-" 97121 0
Jan 01 19:42:11 np0005573202.novalocal container-server[97119]: ::1 - - [02/Jan/2026:00:42:11 +0000] "HEAD /2/232371/AUTH_50777162d4dc40cfb40939a08020e6ce/gnocchi.cb35d520-1970-4125-8215-9156f706f31e" 204 - "HEAD http://[::1]:8080/v1/AUTH_50777162d4dc40cfb40939a08020e6ce/gnocchi.cb35d520-1970-4125-8215-9156f706f31e?format=json&states=listing" "txb9d8de23c1284865bd542-0069571463" "proxy-server 90240" 0.0016 "-" 97119 0
Jan 01 19:42:11 np0005573202.novalocal object-server[97423]: ::1 - - [02/Jan/2026:00:42:11 +0000] "PUT /1/177774/AUTH_50777162d4dc40cfb40939a08020e6ce/gnocchi.82e19df5-2b05-4172-b2e2-f8ed60c0b798/none_v3" 201 - "PUT http://[::1]:8080/v1/AUTH_50777162d4dc40cfb40939a08020e6ce/gnocchi.82e19df5-2b05-4172-b2e2-f8ed60c0b798/none_v3" "txf27b160e31a6403b83d57-0069571463" "proxy-server 90240" 0.0157 "-" 97423 0
Jan 01 19:42:11 np0005573202.novalocal proxy-server[90240]: ::1 ::1 02/Jan/2026/00/42/11 PUT /v1/AUTH_50777162d4dc40cfb40939a08020e6ce/gnocchi.82e19df5-2b05-4172-b2e2-f8ed60c0b798/none_v3 HTTP/1.0 201 - python-swiftclient-4.2.0 gAAAAABpVxQCpfSE... 22 - - txf27b160e31a6403b83d57-0069571463 - 0.0305 - - 1767314531.640160561 1767314531.670663834 0
Jan 01 19:42:11 np0005573202.novalocal container-server[97120]: ::1 - - [02/Jan/2026:00:42:11 +0000] "GET /3/232371/AUTH_50777162d4dc40cfb40939a08020e6ce/gnocchi.cb35d520-1970-4125-8215-9156f706f31e" 200 2 "GET http://[::1]:8080/v1/AUTH_50777162d4dc40cfb40939a08020e6ce/gnocchi.cb35d520-1970-4125-8215-9156f706f31e?format=json&states=listing" "txb9d8de23c1284865bd542-0069571463" "proxy-server 90240" 0.0024 "-" 97120 0
Jan 01 19:42:11 np0005573202.novalocal proxy-server[90240]: ::1 ::1 02/Jan/2026/00/42/11 GET /v1/AUTH_50777162d4dc40cfb40939a08020e6ce/gnocchi.cb35d520-1970-4125-8215-9156f706f31e%3Fformat%3Djson%26states%3Dlisting HTTP/1.0 200 - python-swiftclient-4.2.0 gAAAAABpVxP6bS-y... - 2 - txb9d8de23c1284865bd542-0069571463 - 0.0157 - - 1767314531.664335966 1767314531.680006981 0
Jan 01 19:42:11 np0005573202.novalocal container-server[97119]: ::1 - - [02/Jan/2026:00:42:11 +0000] "HEAD /3/59775/AUTH_50777162d4dc40cfb40939a08020e6ce/gnocchi.aedb493d-9d36-4e9e-8fe9-b25222e25255" 404 - "HEAD http://[::1]:8080/v1/AUTH_50777162d4dc40cfb40939a08020e6ce/gnocchi.aedb493d-9d36-4e9e-8fe9-b25222e25255?format=json&states=listing" "tx54648c3cfdaa4e508f325-0069571463" "proxy-server 90240" 0.0004 "-" 97119 0
Jan 01 19:42:11 np0005573202.novalocal object-server[97426]: ::1 - - [02/Jan/2026:00:42:11 +0000] "GET /2/121574/AUTH_50777162d4dc40cfb40939a08020e6ce/gnocchi.cb35d520-1970-4125-8215-9156f706f31e/1766880000.0_mean_300.0_v3" 404 70 "GET http://[::1]:8080/v1/AUTH_50777162d4dc40cfb40939a08020e6ce/gnocchi.cb35d520-1970-4125-8215-9156f706f31e/1766880000.0_mean_300.0_v3" "txf6f2979473b7425db0a01-0069571463" "proxy-server 90240" 0.0005 "-" 97426 0
Jan 01 19:42:11 np0005573202.novalocal container-server[97120]: ::1 - - [02/Jan/2026:00:42:11 +0000] "HEAD /2/59775/AUTH_50777162d4dc40cfb40939a08020e6ce/gnocchi.aedb493d-9d36-4e9e-8fe9-b25222e25255" 404 - "HEAD http://[::1]:8080/v1/AUTH_50777162d4dc40cfb40939a08020e6ce/gnocchi.aedb493d-9d36-4e9e-8fe9-b25222e25255?format=json&states=listing" "tx54648c3cfdaa4e508f325-0069571463" "proxy-server 90240" 0.0006 "-" 97120 0
Jan 01 19:42:11 np0005573202.novalocal container-server[97121]: ::1 - - [02/Jan/2026:00:42:11 +0000] "HEAD /1/59775/AUTH_50777162d4dc40cfb40939a08020e6ce/gnocchi.aedb493d-9d36-4e9e-8fe9-b25222e25255" 404 - "HEAD http://[::1]:8080/v1/AUTH_50777162d4dc40cfb40939a08020e6ce/gnocchi.aedb493d-9d36-4e9e-8fe9-b25222e25255?format=json&states=listing" "tx54648c3cfdaa4e508f325-0069571463" "proxy-server 90240" 0.0004 "-" 97121 0
Jan 01 19:42:11 np0005573202.novalocal object-server[97424]: ::1 - - [02/Jan/2026:00:42:11 +0000] "GET /1/134878/AUTH_50777162d4dc40cfb40939a08020e6ce/gnocchi.aedb493d-9d36-4e9e-8fe9-b25222e25255/none_v3" 404 70 "GET http://[::1]:8080/v1/AUTH_50777162d4dc40cfb40939a08020e6ce/gnocchi.aedb493d-9d36-4e9e-8fe9-b25222e25255/none_v3" "tx54648c3cfdaa4e508f325-0069571463" "proxy-server 90240" 0.0003 "-" 97424 0
Jan 01 19:42:11 np0005573202.novalocal object-server[97423]: ::1 - - [02/Jan/2026:00:42:11 +0000] "GET /3/121574/AUTH_50777162d4dc40cfb40939a08020e6ce/gnocchi.cb35d520-1970-4125-8215-9156f706f31e/1766880000.0_mean_300.0_v3" 404 70 "GET http://[::1]:8080/v1/AUTH_50777162d4dc40cfb40939a08020e6ce/gnocchi.cb35d520-1970-4125-8215-9156f706f31e/1766880000.0_mean_300.0_v3" "txf6f2979473b7425db0a01-0069571463" "proxy-server 90240" 0.0004 "-" 97423 0
Jan 01 19:42:11 np0005573202.novalocal object-server[97424]: ::1 - - [02/Jan/2026:00:42:11 +0000] "GET /3/134878/AUTH_50777162d4dc40cfb40939a08020e6ce/gnocchi.aedb493d-9d36-4e9e-8fe9-b25222e25255/none_v3" 404 70 "GET http://[::1]:8080/v1/AUTH_50777162d4dc40cfb40939a08020e6ce/gnocchi.aedb493d-9d36-4e9e-8fe9-b25222e25255/none_v3" "tx54648c3cfdaa4e508f325-0069571463" "proxy-server 90240" 0.0003 "-" 97424 0
Jan 01 19:42:11 np0005573202.novalocal object-server[97426]: ::1 - - [02/Jan/2026:00:42:11 +0000] "GET /1/121574/AUTH_50777162d4dc40cfb40939a08020e6ce/gnocchi.cb35d520-1970-4125-8215-9156f706f31e/1766880000.0_mean_300.0_v3" 404 70 "GET http://[::1]:8080/v1/AUTH_50777162d4dc40cfb40939a08020e6ce/gnocchi.cb35d520-1970-4125-8215-9156f706f31e/1766880000.0_mean_300.0_v3" "txf6f2979473b7425db0a01-0069571463" "proxy-server 90240" 0.0004 "-" 97426 0
Jan 01 19:42:11 np0005573202.novalocal object-server[97423]: ::1 - - [02/Jan/2026:00:42:11 +0000] "GET /2/134878/AUTH_50777162d4dc40cfb40939a08020e6ce/gnocchi.aedb493d-9d36-4e9e-8fe9-b25222e25255/none_v3" 404 70 "GET http://[::1]:8080/v1/AUTH_50777162d4dc40cfb40939a08020e6ce/gnocchi.aedb493d-9d36-4e9e-8fe9-b25222e25255/none_v3" "tx54648c3cfdaa4e508f325-0069571463" "proxy-server 90240" 0.0003 "-" 97423 0
Jan 01 19:42:11 np0005573202.novalocal proxy-server[90240]: ::1 ::1 02/Jan/2026/00/42/11 GET /v1/AUTH_50777162d4dc40cfb40939a08020e6ce/gnocchi.cb35d520-1970-4125-8215-9156f706f31e/1766880000.0_mean_300.0_v3 HTTP/1.0 404 - python-swiftclient-4.2.0 gAAAAABpVxP6bS-y... - 70 - txf6f2979473b7425db0a01-0069571463 - 0.0243 - - 1767314531.683993101 1767314531.708309174 0
Jan 01 19:42:11 np0005573202.novalocal object-server[106070]: Begin object audit "forever" mode (ZBF)
Jan 01 19:42:11 np0005573202.novalocal proxy-server[90240]: ::1 ::1 02/Jan/2026/00/42/11 GET /v1/AUTH_50777162d4dc40cfb40939a08020e6ce/gnocchi.aedb493d-9d36-4e9e-8fe9-b25222e25255/none_v3 HTTP/1.0 404 - python-swiftclient-4.2.0 gAAAAABpVxQCpfSE... - 70 - tx54648c3cfdaa4e508f325-0069571463 - 0.0254 - - 1767314531.684448719 1767314531.709840298 0
Jan 01 19:42:11 np0005573202.novalocal object-server[106070]: Object audit (ZBF). Since Fri Jan 2 00:42:11 2026: Locally: 1 passed, 0 quarantined, 0 errors, files/sec: 210.48, bytes/sec: 0.00, Total time: 0.00, Auditing time: 0.00, Rate: 0.00
Jan 01 19:42:11 np0005573202.novalocal container-server[97122]: ::1 - - [02/Jan/2026:00:42:11 +0000] "PUT /1/232371/AUTH_50777162d4dc40cfb40939a08020e6ce/gnocchi.cb35d520-1970-4125-8215-9156f706f31e/1766880000.0_mean_300.0_v3" 201 - "PUT http://[::1]:8080/2/121574/AUTH_50777162d4dc40cfb40939a08020e6ce/gnocchi.cb35d520-1970-4125-8215-9156f706f31e/1766880000.0_mean_300.0_v3" "txaacf51e5901b494da8f4a-0069571463" "object-server 97425" 0.0006 "-" 97122 0
Jan 01 19:42:11 np0005573202.novalocal container-server[97120]: ::1 - - [02/Jan/2026:00:42:11 +0000] "PUT /2/232371/AUTH_50777162d4dc40cfb40939a08020e6ce/gnocchi.cb35d520-1970-4125-8215-9156f706f31e/1766880000.0_mean_300.0_v3" 201 - "PUT http://[::1]:8080/3/121574/AUTH_50777162d4dc40cfb40939a08020e6ce/gnocchi.cb35d520-1970-4125-8215-9156f706f31e/1766880000.0_mean_300.0_v3" "txaacf51e5901b494da8f4a-0069571463" "object-server 97425" 0.0006 "-" 97120 0
Jan 01 19:42:11 np0005573202.novalocal object-server[97425]: ::1 - - [02/Jan/2026:00:42:11 +0000] "PUT /2/121574/AUTH_50777162d4dc40cfb40939a08020e6ce/gnocchi.cb35d520-1970-4125-8215-9156f706f31e/1766880000.0_mean_300.0_v3" 201 - "PUT http://[::1]:8080/v1/AUTH_50777162d4dc40cfb40939a08020e6ce/gnocchi.cb35d520-1970-4125-8215-9156f706f31e/1766880000.0_mean_300.0_v3" "txaacf51e5901b494da8f4a-0069571463" "proxy-server 90240" 0.0164 "-" 97425 0
Jan 01 19:42:11 np0005573202.novalocal container-server[97120]: ::1 - - [02/Jan/2026:00:42:11 +0000] "PUT /3/232371/AUTH_50777162d4dc40cfb40939a08020e6ce/gnocchi.cb35d520-1970-4125-8215-9156f706f31e/1766880000.0_mean_300.0_v3" 201 - "PUT http://[::1]:8080/1/121574/AUTH_50777162d4dc40cfb40939a08020e6ce/gnocchi.cb35d520-1970-4125-8215-9156f706f31e/1766880000.0_mean_300.0_v3" "txaacf51e5901b494da8f4a-0069571463" "object-server 97423" 0.0003 "-" 97120 0
Jan 01 19:42:11 np0005573202.novalocal object-server[97425]: ::1 - - [02/Jan/2026:00:42:11 +0000] "PUT /3/121574/AUTH_50777162d4dc40cfb40939a08020e6ce/gnocchi.cb35d520-1970-4125-8215-9156f706f31e/1766880000.0_mean_300.0_v3" 201 - "PUT http://[::1]:8080/v1/AUTH_50777162d4dc40cfb40939a08020e6ce/gnocchi.cb35d520-1970-4125-8215-9156f706f31e/1766880000.0_mean_300.0_v3" "txaacf51e5901b494da8f4a-0069571463" "proxy-server 90240" 0.0183 "-" 97425 0
Jan 01 19:42:11 np0005573202.novalocal object-server[97423]: ::1 - - [02/Jan/2026:00:42:11 +0000] "PUT /1/121574/AUTH_50777162d4dc40cfb40939a08020e6ce/gnocchi.cb35d520-1970-4125-8215-9156f706f31e/1766880000.0_mean_300.0_v3" 201 - "PUT http://[::1]:8080/v1/AUTH_50777162d4dc40cfb40939a08020e6ce/gnocchi.cb35d520-1970-4125-8215-9156f706f31e/1766880000.0_mean_300.0_v3" "txaacf51e5901b494da8f4a-0069571463" "proxy-server 90240" 0.0180 "-" 97423 0
Jan 01 19:42:11 np0005573202.novalocal proxy-server[90240]: ::1 ::1 02/Jan/2026/00/42/11 PUT /v1/AUTH_50777162d4dc40cfb40939a08020e6ce/gnocchi.cb35d520-1970-4125-8215-9156f706f31e/1766880000.0_mean_300.0_v3 HTTP/1.0 201 - python-swiftclient-4.2.0 gAAAAABpVxP6bS-y... 16 - - txaacf51e5901b494da8f4a-0069571463 - 0.0260 - - 1767314531.711563110 1767314531.737570763 0
Jan 01 19:42:11 np0005573202.novalocal account-server[96828]: ::1 - - [02/Jan/2026:00:42:11 +0000] "PUT /1/20297/AUTH_50777162d4dc40cfb40939a08020e6ce/gnocchi.aedb493d-9d36-4e9e-8fe9-b25222e25255" 201 - "PUT http://[::1]:6001/1/59775/AUTH_50777162d4dc40cfb40939a08020e6ce/gnocchi.aedb493d-9d36-4e9e-8fe9-b25222e25255" "txe74bfd1885124a01a02df-0069571463" "container-server 97119" 0.0046 "-" 96828 0
Jan 01 19:42:11 np0005573202.novalocal container-server[97119]: ::1 - - [02/Jan/2026:00:42:11 +0000] "PUT /1/59775/AUTH_50777162d4dc40cfb40939a08020e6ce/gnocchi.aedb493d-9d36-4e9e-8fe9-b25222e25255" 201 - "PUT http://[::1]:8080/v1/AUTH_50777162d4dc40cfb40939a08020e6ce/gnocchi.aedb493d-9d36-4e9e-8fe9-b25222e25255" "txe74bfd1885124a01a02df-0069571463" "proxy-server 90240" 0.0170 "-" 97119 0
Jan 01 19:42:11 np0005573202.novalocal account-server[96828]: ::1 - - [02/Jan/2026:00:42:11 +0000] "PUT /3/20297/AUTH_50777162d4dc40cfb40939a08020e6ce/gnocchi.aedb493d-9d36-4e9e-8fe9-b25222e25255" 201 - "PUT http://[::1]:6001/3/59775/AUTH_50777162d4dc40cfb40939a08020e6ce/gnocchi.aedb493d-9d36-4e9e-8fe9-b25222e25255" "txe74bfd1885124a01a02df-0069571463" "container-server 97121" 0.0034 "-" 96828 0
Jan 01 19:42:11 np0005573202.novalocal container-server[97121]: ::1 - - [02/Jan/2026:00:42:11 +0000] "PUT /3/59775/AUTH_50777162d4dc40cfb40939a08020e6ce/gnocchi.aedb493d-9d36-4e9e-8fe9-b25222e25255" 201 - "PUT http://[::1]:8080/v1/AUTH_50777162d4dc40cfb40939a08020e6ce/gnocchi.aedb493d-9d36-4e9e-8fe9-b25222e25255" "txe74bfd1885124a01a02df-0069571463" "proxy-server 90240" 0.0115 "-" 97121 0
Jan 01 19:42:11 np0005573202.novalocal account-server[96827]: ::1 - - [02/Jan/2026:00:42:11 +0000] "PUT /2/20297/AUTH_50777162d4dc40cfb40939a08020e6ce/gnocchi.aedb493d-9d36-4e9e-8fe9-b25222e25255" 201 - "PUT http://[::1]:6001/2/59775/AUTH_50777162d4dc40cfb40939a08020e6ce/gnocchi.aedb493d-9d36-4e9e-8fe9-b25222e25255" "txe74bfd1885124a01a02df-0069571463" "container-server 97121" 0.0048 "-" 96827 0
Jan 01 19:42:11 np0005573202.novalocal container-server[97121]: ::1 - - [02/Jan/2026:00:42:11 +0000] "PUT /2/59775/AUTH_50777162d4dc40cfb40939a08020e6ce/gnocchi.aedb493d-9d36-4e9e-8fe9-b25222e25255" 201 - "PUT http://[::1]:8080/v1/AUTH_50777162d4dc40cfb40939a08020e6ce/gnocchi.aedb493d-9d36-4e9e-8fe9-b25222e25255" "txe74bfd1885124a01a02df-0069571463" "proxy-server 90240" 0.0241 "-" 97121 0
Jan 01 19:42:11 np0005573202.novalocal proxy-server[90240]: ::1 ::1 02/Jan/2026/00/42/11 PUT /v1/AUTH_50777162d4dc40cfb40939a08020e6ce/gnocchi.aedb493d-9d36-4e9e-8fe9-b25222e25255 HTTP/1.0 201 - python-swiftclient-4.2.0 gAAAAABpVxQCpfSE... - - - txe74bfd1885124a01a02df-0069571463 - 0.0308 - - 1767314531.717296124 1767314531.748048067 0
Jan 01 19:42:11 np0005573202.novalocal container-server[97119]: ::1 - - [02/Jan/2026:00:42:11 +0000] "HEAD /2/59775/AUTH_50777162d4dc40cfb40939a08020e6ce/gnocchi.aedb493d-9d36-4e9e-8fe9-b25222e25255" 204 - "HEAD http://[::1]:8080/v1/AUTH_50777162d4dc40cfb40939a08020e6ce/gnocchi.aedb493d-9d36-4e9e-8fe9-b25222e25255?format=json&states=listing" "txab06730a8bda488cb1354-0069571463" "proxy-server 90240" 0.0017 "-" 97119 0
Jan 01 19:42:11 np0005573202.novalocal container-server[97121]: ::1 - - [02/Jan/2026:00:42:11 +0000] "PUT /3/232371/AUTH_50777162d4dc40cfb40939a08020e6ce/gnocchi.cb35d520-1970-4125-8215-9156f706f31e/none_v3" 201 - "PUT http://[::1]:8080/2/197890/AUTH_50777162d4dc40cfb40939a08020e6ce/gnocchi.cb35d520-1970-4125-8215-9156f706f31e/none_v3" "txf6ec4fae69d2444fad04a-0069571463" "object-server 97423" 0.0005 "-" 97121 0
Jan 01 19:42:11 np0005573202.novalocal object-server[97423]: ::1 - - [02/Jan/2026:00:42:11 +0000] "PUT /2/197890/AUTH_50777162d4dc40cfb40939a08020e6ce/gnocchi.cb35d520-1970-4125-8215-9156f706f31e/none_v3" 201 - "PUT http://[::1]:8080/v1/AUTH_50777162d4dc40cfb40939a08020e6ce/gnocchi.cb35d520-1970-4125-8215-9156f706f31e/none_v3" "txf6ec4fae69d2444fad04a-0069571463" "proxy-server 90240" 0.0107 "-" 97423 0
Jan 01 19:42:11 np0005573202.novalocal container-server[97119]: ::1 - - [02/Jan/2026:00:42:11 +0000] "PUT /2/232371/AUTH_50777162d4dc40cfb40939a08020e6ce/gnocchi.cb35d520-1970-4125-8215-9156f706f31e/none_v3" 201 - "PUT http://[::1]:8080/1/197890/AUTH_50777162d4dc40cfb40939a08020e6ce/gnocchi.cb35d520-1970-4125-8215-9156f706f31e/none_v3" "txf6ec4fae69d2444fad04a-0069571463" "object-server 97423" 0.0006 "-" 97119 0
Jan 01 19:42:11 np0005573202.novalocal object-server[97423]: ::1 - - [02/Jan/2026:00:42:11 +0000] "PUT /1/197890/AUTH_50777162d4dc40cfb40939a08020e6ce/gnocchi.cb35d520-1970-4125-8215-9156f706f31e/none_v3" 201 - "PUT http://[::1]:8080/v1/AUTH_50777162d4dc40cfb40939a08020e6ce/gnocchi.cb35d520-1970-4125-8215-9156f706f31e/none_v3" "txf6ec4fae69d2444fad04a-0069571463" "proxy-server 90240" 0.0140 "-" 97423 0
Jan 01 19:42:11 np0005573202.novalocal container-server[97120]: ::1 - - [02/Jan/2026:00:42:11 +0000] "PUT /1/232371/AUTH_50777162d4dc40cfb40939a08020e6ce/gnocchi.cb35d520-1970-4125-8215-9156f706f31e/none_v3" 201 - "PUT http://[::1]:8080/3/197890/AUTH_50777162d4dc40cfb40939a08020e6ce/gnocchi.cb35d520-1970-4125-8215-9156f706f31e/none_v3" "txf6ec4fae69d2444fad04a-0069571463" "object-server 97423" 0.0007 "-" 97120 0
Jan 01 19:42:11 np0005573202.novalocal object-server[97423]: ::1 - - [02/Jan/2026:00:42:11 +0000] "PUT /3/197890/AUTH_50777162d4dc40cfb40939a08020e6ce/gnocchi.cb35d520-1970-4125-8215-9156f706f31e/none_v3" 201 - "PUT http://[::1]:8080/v1/AUTH_50777162d4dc40cfb40939a08020e6ce/gnocchi.cb35d520-1970-4125-8215-9156f706f31e/none_v3" "txf6ec4fae69d2444fad04a-0069571463" "proxy-server 90240" 0.0165 "-" 97423 0
Jan 01 19:42:11 np0005573202.novalocal proxy-server[90240]: ::1 ::1 02/Jan/2026/00/42/11 PUT /v1/AUTH_50777162d4dc40cfb40939a08020e6ce/gnocchi.cb35d520-1970-4125-8215-9156f706f31e/none_v3 HTTP/1.0 201 - python-swiftclient-4.2.0 gAAAAABpVxP6bS-y... 22 - - txf6ec4fae69d2444fad04a-0069571463 - 0.0244 - - 1767314531.740004301 1767314531.764376163 0
Jan 01 19:42:11 np0005573202.novalocal container-server[97119]: ::1 - - [02/Jan/2026:00:42:11 +0000] "GET /1/59775/AUTH_50777162d4dc40cfb40939a08020e6ce/gnocchi.aedb493d-9d36-4e9e-8fe9-b25222e25255" 200 2 "GET http://[::1]:8080/v1/AUTH_50777162d4dc40cfb40939a08020e6ce/gnocchi.aedb493d-9d36-4e9e-8fe9-b25222e25255?format=json&states=listing" "txab06730a8bda488cb1354-0069571463" "proxy-server 90240" 0.0031 "-" 97119 0
Jan 01 19:42:11 np0005573202.novalocal proxy-server[90240]: ::1 ::1 02/Jan/2026/00/42/11 GET /v1/AUTH_50777162d4dc40cfb40939a08020e6ce/gnocchi.aedb493d-9d36-4e9e-8fe9-b25222e25255%3Fformat%3Djson%26states%3Dlisting HTTP/1.0 200 - python-swiftclient-4.2.0 gAAAAABpVxQCpfSE... - 2 - txab06730a8bda488cb1354-0069571463 - 0.0149 - - 1767314531.752803802 1767314531.767675877 0
Jan 01 19:42:11 np0005573202.novalocal object-server[97426]: ::1 - - [02/Jan/2026:00:42:11 +0000] "GET /3/217581/AUTH_50777162d4dc40cfb40939a08020e6ce/gnocchi.aedb493d-9d36-4e9e-8fe9-b25222e25255/1766880000.0_mean_300.0_v3" 404 70 "GET http://[::1]:8080/v1/AUTH_50777162d4dc40cfb40939a08020e6ce/gnocchi.aedb493d-9d36-4e9e-8fe9-b25222e25255/1766880000.0_mean_300.0_v3" "txb142ea343b7c4930bdc2e-0069571463" "proxy-server 90240" 0.0003 "-" 97426 0
Jan 01 19:42:11 np0005573202.novalocal object-server[97423]: ::1 - - [02/Jan/2026:00:42:11 +0000] "GET /1/217581/AUTH_50777162d4dc40cfb40939a08020e6ce/gnocchi.aedb493d-9d36-4e9e-8fe9-b25222e25255/1766880000.0_mean_300.0_v3" 404 70 "GET http://[::1]:8080/v1/AUTH_50777162d4dc40cfb40939a08020e6ce/gnocchi.aedb493d-9d36-4e9e-8fe9-b25222e25255/1766880000.0_mean_300.0_v3" "txb142ea343b7c4930bdc2e-0069571463" "proxy-server 90240" 0.0007 "-" 97423 0
Jan 01 19:42:11 np0005573202.novalocal object-server[97425]: ::1 - - [02/Jan/2026:00:42:11 +0000] "GET /2/217581/AUTH_50777162d4dc40cfb40939a08020e6ce/gnocchi.aedb493d-9d36-4e9e-8fe9-b25222e25255/1766880000.0_mean_300.0_v3" 404 70 "GET http://[::1]:8080/v1/AUTH_50777162d4dc40cfb40939a08020e6ce/gnocchi.aedb493d-9d36-4e9e-8fe9-b25222e25255/1766880000.0_mean_300.0_v3" "txb142ea343b7c4930bdc2e-0069571463" "proxy-server 90240" 0.0004 "-" 97425 0
Jan 01 19:42:11 np0005573202.novalocal proxy-server[90240]: ::1 ::1 02/Jan/2026/00/42/11 GET /v1/AUTH_50777162d4dc40cfb40939a08020e6ce/gnocchi.aedb493d-9d36-4e9e-8fe9-b25222e25255/1766880000.0_mean_300.0_v3 HTTP/1.0 404 - python-swiftclient-4.2.0 gAAAAABpVxQCpfSE... - 70 - txb142ea343b7c4930bdc2e-0069571463 - 0.0116 - - 1767314531.771806002 1767314531.783376694 0
Jan 01 19:42:11 np0005573202.novalocal container-server[97119]: ::1 - - [02/Jan/2026:00:42:11 +0000] "PUT /2/59775/AUTH_50777162d4dc40cfb40939a08020e6ce/gnocchi.aedb493d-9d36-4e9e-8fe9-b25222e25255/1766880000.0_mean_300.0_v3" 201 - "PUT http://[::1]:8080/2/217581/AUTH_50777162d4dc40cfb40939a08020e6ce/gnocchi.aedb493d-9d36-4e9e-8fe9-b25222e25255/1766880000.0_mean_300.0_v3" "tx1aee0578fd9349f0b618e-0069571463" "object-server 97424" 0.0006 "-" 97119 0
Jan 01 19:42:11 np0005573202.novalocal container-server[97122]: ::1 - - [02/Jan/2026:00:42:11 +0000] "PUT /3/59775/AUTH_50777162d4dc40cfb40939a08020e6ce/gnocchi.aedb493d-9d36-4e9e-8fe9-b25222e25255/1766880000.0_mean_300.0_v3" 201 - "PUT http://[::1]:8080/1/217581/AUTH_50777162d4dc40cfb40939a08020e6ce/gnocchi.aedb493d-9d36-4e9e-8fe9-b25222e25255/1766880000.0_mean_300.0_v3" "tx1aee0578fd9349f0b618e-0069571463" "object-server 97426" 0.0005 "-" 97122 0
Jan 01 19:42:11 np0005573202.novalocal container-server[97119]: ::1 - - [02/Jan/2026:00:42:11 +0000] "PUT /1/59775/AUTH_50777162d4dc40cfb40939a08020e6ce/gnocchi.aedb493d-9d36-4e9e-8fe9-b25222e25255/1766880000.0_mean_300.0_v3" 201 - "PUT http://[::1]:8080/3/217581/AUTH_50777162d4dc40cfb40939a08020e6ce/gnocchi.aedb493d-9d36-4e9e-8fe9-b25222e25255/1766880000.0_mean_300.0_v3" "tx1aee0578fd9349f0b618e-0069571463" "object-server 97426" 0.0003 "-" 97119 0
Jan 01 19:42:11 np0005573202.novalocal object-server[97424]: ::1 - - [02/Jan/2026:00:42:11 +0000] "PUT /2/217581/AUTH_50777162d4dc40cfb40939a08020e6ce/gnocchi.aedb493d-9d36-4e9e-8fe9-b25222e25255/1766880000.0_mean_300.0_v3" 201 - "PUT http://[::1]:8080/v1/AUTH_50777162d4dc40cfb40939a08020e6ce/gnocchi.aedb493d-9d36-4e9e-8fe9-b25222e25255/1766880000.0_mean_300.0_v3" "tx1aee0578fd9349f0b618e-0069571463" "proxy-server 90240" 0.0102 "-" 97424 0
Jan 01 19:42:11 np0005573202.novalocal object-server[97426]: ::1 - - [02/Jan/2026:00:42:11 +0000] "PUT /1/217581/AUTH_50777162d4dc40cfb40939a08020e6ce/gnocchi.aedb493d-9d36-4e9e-8fe9-b25222e25255/1766880000.0_mean_300.0_v3" 201 - "PUT http://[::1]:8080/v1/AUTH_50777162d4dc40cfb40939a08020e6ce/gnocchi.aedb493d-9d36-4e9e-8fe9-b25222e25255/1766880000.0_mean_300.0_v3" "tx1aee0578fd9349f0b618e-0069571463" "proxy-server 90240" 0.0099 "-" 97426 0
Jan 01 19:42:11 np0005573202.novalocal object-server[97426]: ::1 - - [02/Jan/2026:00:42:11 +0000] "PUT /3/217581/AUTH_50777162d4dc40cfb40939a08020e6ce/gnocchi.aedb493d-9d36-4e9e-8fe9-b25222e25255/1766880000.0_mean_300.0_v3" 201 - "PUT http://[::1]:8080/v1/AUTH_50777162d4dc40cfb40939a08020e6ce/gnocchi.aedb493d-9d36-4e9e-8fe9-b25222e25255/1766880000.0_mean_300.0_v3" "tx1aee0578fd9349f0b618e-0069571463" "proxy-server 90240" 0.0097 "-" 97426 0
Jan 01 19:42:11 np0005573202.novalocal proxy-server[90240]: ::1 ::1 02/Jan/2026/00/42/11 PUT /v1/AUTH_50777162d4dc40cfb40939a08020e6ce/gnocchi.aedb493d-9d36-4e9e-8fe9-b25222e25255/1766880000.0_mean_300.0_v3 HTTP/1.0 201 - python-swiftclient-4.2.0 gAAAAABpVxQCpfSE... 16 - - tx1aee0578fd9349f0b618e-0069571463 - 0.0179 - - 1767314531.787981749 1767314531.805913687 0
Jan 01 19:42:11 np0005573202.novalocal container-server[97119]: ::1 - - [02/Jan/2026:00:42:11 +0000] "PUT /3/59775/AUTH_50777162d4dc40cfb40939a08020e6ce/gnocchi.aedb493d-9d36-4e9e-8fe9-b25222e25255/none_v3" 201 - "PUT http://[::1]:8080/1/134878/AUTH_50777162d4dc40cfb40939a08020e6ce/gnocchi.aedb493d-9d36-4e9e-8fe9-b25222e25255/none_v3" "tx1a4880bab12845f196bb9-0069571463" "object-server 97425" 0.0006 "-" 97119 0
Jan 01 19:42:11 np0005573202.novalocal container-server[97120]: ::1 - - [02/Jan/2026:00:42:11 +0000] "PUT /2/59775/AUTH_50777162d4dc40cfb40939a08020e6ce/gnocchi.aedb493d-9d36-4e9e-8fe9-b25222e25255/none_v3" 201 - "PUT http://[::1]:8080/3/134878/AUTH_50777162d4dc40cfb40939a08020e6ce/gnocchi.aedb493d-9d36-4e9e-8fe9-b25222e25255/none_v3" "tx1a4880bab12845f196bb9-0069571463" "object-server 97426" 0.0005 "-" 97120 0
Jan 01 19:42:11 np0005573202.novalocal object-server[97425]: ::1 - - [02/Jan/2026:00:42:11 +0000] "PUT /1/134878/AUTH_50777162d4dc40cfb40939a08020e6ce/gnocchi.aedb493d-9d36-4e9e-8fe9-b25222e25255/none_v3" 201 - "PUT http://[::1]:8080/v1/AUTH_50777162d4dc40cfb40939a08020e6ce/gnocchi.aedb493d-9d36-4e9e-8fe9-b25222e25255/none_v3" "tx1a4880bab12845f196bb9-0069571463" "proxy-server 90240" 0.0097 "-" 97425 0
Jan 01 19:42:11 np0005573202.novalocal object-server[97426]: ::1 - - [02/Jan/2026:00:42:11 +0000] "PUT /3/134878/AUTH_50777162d4dc40cfb40939a08020e6ce/gnocchi.aedb493d-9d36-4e9e-8fe9-b25222e25255/none_v3" 201 - "PUT http://[::1]:8080/v1/AUTH_50777162d4dc40cfb40939a08020e6ce/gnocchi.aedb493d-9d36-4e9e-8fe9-b25222e25255/none_v3" "tx1a4880bab12845f196bb9-0069571463" "proxy-server 90240" 0.0102 "-" 97426 0
Jan 01 19:42:11 np0005573202.novalocal container-server[97121]: ::1 - - [02/Jan/2026:00:42:11 +0000] "PUT /1/59775/AUTH_50777162d4dc40cfb40939a08020e6ce/gnocchi.aedb493d-9d36-4e9e-8fe9-b25222e25255/none_v3" 201 - "PUT http://[::1]:8080/2/134878/AUTH_50777162d4dc40cfb40939a08020e6ce/gnocchi.aedb493d-9d36-4e9e-8fe9-b25222e25255/none_v3" "tx1a4880bab12845f196bb9-0069571463" "object-server 97426" 0.0006 "-" 97121 0
Jan 01 19:42:11 np0005573202.novalocal object-server[97426]: ::1 - - [02/Jan/2026:00:42:11 +0000] "PUT /2/134878/AUTH_50777162d4dc40cfb40939a08020e6ce/gnocchi.aedb493d-9d36-4e9e-8fe9-b25222e25255/none_v3" 201 - "PUT http://[::1]:8080/v1/AUTH_50777162d4dc40cfb40939a08020e6ce/gnocchi.aedb493d-9d36-4e9e-8fe9-b25222e25255/none_v3" "tx1a4880bab12845f196bb9-0069571463" "proxy-server 90240" 0.0101 "-" 97426 0
Jan 01 19:42:11 np0005573202.novalocal proxy-server[90240]: ::1 ::1 02/Jan/2026/00/42/11 PUT /v1/AUTH_50777162d4dc40cfb40939a08020e6ce/gnocchi.aedb493d-9d36-4e9e-8fe9-b25222e25255/none_v3 HTTP/1.0 201 - python-swiftclient-4.2.0 gAAAAABpVxQCpfSE... 22 - - tx1a4880bab12845f196bb9-0069571463 - 0.0176 - - 1767314531.809351683 1767314531.826990366 0
Jan 01 19:42:13 np0005573202.novalocal systemd[1]: dbus-:1.1-org.fedoraproject.SetroubleshootPrivileged@12.service: Deactivated successfully.
Jan 01 19:42:13 np0005573202.novalocal systemd[1]: dbus-:1.1-org.fedoraproject.SetroubleshootPrivileged@12.service: Consumed 1.324s CPU time.
Jan 01 19:42:14 np0005573202.novalocal kernel: qbrde12451b-76: port 2(tapde12451b-76) entered disabled state
Jan 01 19:42:14 np0005573202.novalocal kernel: tapde12451b-76 (unregistering): left allmulticast mode
Jan 01 19:42:14 np0005573202.novalocal kernel: tapde12451b-76 (unregistering): left promiscuous mode
Jan 01 19:42:14 np0005573202.novalocal kernel: qbrde12451b-76: port 2(tapde12451b-76) entered disabled state
Jan 01 19:42:14 np0005573202.novalocal NetworkManager[860]: [1767314534.5145] device (tapde12451b-76): state change: activated -> unmanaged (reason 'unmanaged', managed-type: 'removed')
Jan 01 19:42:14 np0005573202.novalocal NetworkManager[860]: [1767314534.5150] device (tapde12451b-76): released from controller device qbrde12451b-76
Jan 01 19:42:14 np0005573202.novalocal systemd[1]: machine-qemu\x2d6\x2dinstance\x2d00000006.scope: Deactivated successfully.
Jan 01 19:42:14 np0005573202.novalocal systemd[1]: machine-qemu\x2d6\x2dinstance\x2d00000006.scope: Consumed 7.658s CPU time.
Jan 01 19:42:14 np0005573202.novalocal systemd-machined[94253]: Machine qemu-6-instance-00000006 terminated.
Jan 01 19:42:14 np0005573202.novalocal kernel: qvbde12451b-76: left allmulticast mode
Jan 01 19:42:14 np0005573202.novalocal kernel: qvbde12451b-76: left promiscuous mode
Jan 01 19:42:14 np0005573202.novalocal kernel: qbrde12451b-76: port 1(qvbde12451b-76) entered disabled state
Jan 01 19:42:14 np0005573202.novalocal NetworkManager[860]: [1767314534.7703] device (qbrde12451b-76): bridge port qvbde12451b-76 was detached
Jan 01 19:42:14 np0005573202.novalocal NetworkManager[860]: [1767314534.7708] device (qbrde12451b-76): state change: activated -> unmanaged (reason 'unmanaged', managed-type: 'removed')
Jan 01 19:42:14 np0005573202.novalocal kernel: qvode12451b-76: left promiscuous mode
Jan 01 19:42:14 np0005573202.novalocal container-server[97119]: ::1 - - [02/Jan/2026:00:42:14 +0000] "HEAD /3/194389/AUTH_50777162d4dc40cfb40939a08020e6ce/gnocchi.f23977e3-2f9a-48a7-b742-c553da7a0da8" 404 - "HEAD http://[::1]:8080/v1/AUTH_50777162d4dc40cfb40939a08020e6ce/gnocchi.f23977e3-2f9a-48a7-b742-c553da7a0da8?format=json&states=listing" "tx9deeae2dae30483e8faff-0069571466" "proxy-server 90240" 0.0004 "-" 97119 0
Jan 01 19:42:14 np0005573202.novalocal container-server[97119]: ::1 - - [02/Jan/2026:00:42:14 +0000] "HEAD /2/194389/AUTH_50777162d4dc40cfb40939a08020e6ce/gnocchi.f23977e3-2f9a-48a7-b742-c553da7a0da8" 404 - "HEAD http://[::1]:8080/v1/AUTH_50777162d4dc40cfb40939a08020e6ce/gnocchi.f23977e3-2f9a-48a7-b742-c553da7a0da8?format=json&states=listing" "tx9deeae2dae30483e8faff-0069571466" "proxy-server 90240" 0.0003 "-" 97119 0
