Jan 01 19:42:11 np0005573202.novalocal container-server[97120]: ::1 - - [02/Jan/2026:00:42:11 +0000] "PUT /3/62481/AUTH_50777162d4dc40cfb40939a08020e6ce/gnocchi.4e2133df-190f-40f4-acb6-a90c4df75f85" 201 - "PUT http://[::1]:8080/v1/AUTH_50777162d4dc40cfb40939a08020e6ce/gnocchi.4e2133df-190f-40f4-acb6-a90c4df75f85" "tx49de82f0a8aa42f7a8bf8-0069571463" "proxy-server 90240" 0.0223 "-" 97120 0
Jan 01 19:42:11 np0005573202.novalocal container-server[97121]: ::1 - - [02/Jan/2026:00:42:11 +0000] "PUT /2/62481/AUTH_50777162d4dc40cfb40939a08020e6ce/gnocchi.4e2133df-190f-40f4-acb6-a90c4df75f85" 201 - "PUT http://[::1]:8080/v1/AUTH_50777162d4dc40cfb40939a08020e6ce/gnocchi.4e2133df-190f-40f4-acb6-a90c4df75f85" "tx49de82f0a8aa42f7a8bf8-0069571463" "proxy-server 90240" 0.0236 "-" 97121 0
Jan 01 19:42:11 np0005573202.novalocal container-server[97122]: ::1 - - [02/Jan/2026:00:42:11 +0000] "PUT /1/62481/AUTH_50777162d4dc40cfb40939a08020e6ce/gnocchi.4e2133df-190f-40f4-acb6-a90c4df75f85" 201 - "PUT http://[::1]:8080/v1/AUTH_50777162d4dc40cfb40939a08020e6ce/gnocchi.4e2133df-190f-40f4-acb6-a90c4df75f85" "tx49de82f0a8aa42f7a8bf8-0069571463" "proxy-server 90240" 0.0229 "-" 97122 0
Jan 01 19:42:11 np0005573202.novalocal proxy-server[90240]: ::1 ::1 02/Jan/2026/00/42/11 PUT /v1/AUTH_50777162d4dc40cfb40939a08020e6ce/gnocchi.4e2133df-190f-40f4-acb6-a90c4df75f85 HTTP/1.0 201 - python-swiftclient-4.2.0 gAAAAABpVxQCpfSE... - - - tx49de82f0a8aa42f7a8bf8-0069571463 - 0.0303 - - 1767314531.171685934 1767314531.202031851 0
Jan 01 19:42:11 np0005573202.novalocal container-server[97122]: ::1 - - [02/Jan/2026:00:42:11 +0000] "HEAD /2/62481/AUTH_50777162d4dc40cfb40939a08020e6ce/gnocchi.4e2133df-190f-40f4-acb6-a90c4df75f85" 204 - "HEAD http://[::1]:8080/v1/AUTH_50777162d4dc40cfb40939a08020e6ce/gnocchi.4e2133df-190f-40f4-acb6-a90c4df75f85?format=json&states=listing" "txad60522251904f3e974ae-0069571463" "proxy-server 90240" 0.0021 "-" 97122 0
Jan 01 19:42:11 np0005573202.novalocal container-server[97121]: ::1 - - [02/Jan/2026:00:42:11 +0000] "GET /1/62481/AUTH_50777162d4dc40cfb40939a08020e6ce/gnocchi.4e2133df-190f-40f4-acb6-a90c4df75f85" 200 2 "GET http://[::1]:8080/v1/AUTH_50777162d4dc40cfb40939a08020e6ce/gnocchi.4e2133df-190f-40f4-acb6-a90c4df75f85?format=json&states=listing" "txad60522251904f3e974ae-0069571463" "proxy-server 90240" 0.0019 "-" 97121 0
Jan 01 19:42:11 np0005573202.novalocal proxy-server[90240]: ::1 ::1 02/Jan/2026/00/42/11 GET /v1/AUTH_50777162d4dc40cfb40939a08020e6ce/gnocchi.4e2133df-190f-40f4-acb6-a90c4df75f85%3Fformat%3Djson%26states%3Dlisting HTTP/1.0 200 - python-swiftclient-4.2.0 gAAAAABpVxQCpfSE... - 2 - txad60522251904f3e974ae-0069571463 - 0.0186 - - 1767314531.205376863 1767314531.223973036 0
Jan 01 19:42:11 np0005573202.novalocal container-server[97119]: ::1 - - [02/Jan/2026:00:42:11 +0000] "HEAD /1/146235/AUTH_50777162d4dc40cfb40939a08020e6ce/gnocchi.0edfb901-dd58-46ce-8a69-c4108cf9cf80" 404 - "HEAD http://[::1]:8080/v1/AUTH_50777162d4dc40cfb40939a08020e6ce/gnocchi.0edfb901-dd58-46ce-8a69-c4108cf9cf80?format=json&states=listing" "txbd8bca73471443e389f1e-0069571463" "proxy-server 90240" 0.0004 "-" 97119 0
Jan 01 19:42:11 np0005573202.novalocal object-server[97423]: ::1 - - [02/Jan/2026:00:42:11 +0000] "GET /1/70920/AUTH_50777162d4dc40cfb40939a08020e6ce/gnocchi.4e2133df-190f-40f4-acb6-a90c4df75f85/1766880000.0_mean_300.0_v3" 404 70 "GET http://[::1]:8080/v1/AUTH_50777162d4dc40cfb40939a08020e6ce/gnocchi.4e2133df-190f-40f4-acb6-a90c4df75f85/1766880000.0_mean_300.0_v3" "tx296ee74e4d16454293915-0069571463" "proxy-server 90240" 0.0003 "-" 97423 0
Jan 01 19:42:11 np0005573202.novalocal container-server[97121]: ::1 - - [02/Jan/2026:00:42:11 +0000] "HEAD /2/146235/AUTH_50777162d4dc40cfb40939a08020e6ce/gnocchi.0edfb901-dd58-46ce-8a69-c4108cf9cf80" 404 - "HEAD http://[::1]:8080/v1/AUTH_50777162d4dc40cfb40939a08020e6ce/gnocchi.0edfb901-dd58-46ce-8a69-c4108cf9cf80?format=json&states=listing" "txbd8bca73471443e389f1e-0069571463" "proxy-server 90240" 0.0003 "-" 97121 0
Jan 01 19:42:11 np0005573202.novalocal object-server[97425]: ::1 - - [02/Jan/2026:00:42:11 +0000] "GET /2/70920/AUTH_50777162d4dc40cfb40939a08020e6ce/gnocchi.4e2133df-190f-40f4-acb6-a90c4df75f85/1766880000.0_mean_300.0_v3" 404 70 "GET http://[::1]:8080/v1/AUTH_50777162d4dc40cfb40939a08020e6ce/gnocchi.4e2133df-190f-40f4-acb6-a90c4df75f85/1766880000.0_mean_300.0_v3" "tx296ee74e4d16454293915-0069571463" "proxy-server 90240" 0.0004 "-" 97425 0
Jan 01 19:42:11 np0005573202.novalocal container-server[97120]: ::1 - - [02/Jan/2026:00:42:11 +0000] "HEAD /3/146235/AUTH_50777162d4dc40cfb40939a08020e6ce/gnocchi.0edfb901-dd58-46ce-8a69-c4108cf9cf80" 404 - "HEAD http://[::1]:8080/v1/AUTH_50777162d4dc40cfb40939a08020e6ce/gnocchi.0edfb901-dd58-46ce-8a69-c4108cf9cf80?format=json&states=listing" "txbd8bca73471443e389f1e-0069571463" "proxy-server 90240" 0.0005 "-" 97120 0
Jan 01 19:42:11 np0005573202.novalocal object-server[97424]: ::1 - - [02/Jan/2026:00:42:11 +0000] "GET /3/70920/AUTH_50777162d4dc40cfb40939a08020e6ce/gnocchi.4e2133df-190f-40f4-acb6-a90c4df75f85/1766880000.0_mean_300.0_v3" 404 70 "GET http://[::1]:8080/v1/AUTH_50777162d4dc40cfb40939a08020e6ce/gnocchi.4e2133df-190f-40f4-acb6-a90c4df75f85/1766880000.0_mean_300.0_v3" "tx296ee74e4d16454293915-0069571463" "proxy-server 90240" 0.0003 "-" 97424 0
Jan 01 19:42:11 np0005573202.novalocal proxy-server[90240]: ::1 ::1 02/Jan/2026/00/42/11 GET /v1/AUTH_50777162d4dc40cfb40939a08020e6ce/gnocchi.4e2133df-190f-40f4-acb6-a90c4df75f85/1766880000.0_mean_300.0_v3 HTTP/1.0 404 - python-swiftclient-4.2.0 gAAAAABpVxQCpfSE... - 70 - tx296ee74e4d16454293915-0069571463 - 0.0112 - - 1767314531.227733135 1767314531.238954067 0
Jan 01 19:42:11 np0005573202.novalocal object-server[97425]: ::1 - - [02/Jan/2026:00:42:11 +0000] "GET /2/16832/AUTH_50777162d4dc40cfb40939a08020e6ce/gnocchi.0edfb901-dd58-46ce-8a69-c4108cf9cf80/none_v3" 404 70 "GET http://[::1]:8080/v1/AUTH_50777162d4dc40cfb40939a08020e6ce/gnocchi.0edfb901-dd58-46ce-8a69-c4108cf9cf80/none_v3" "txbd8bca73471443e389f1e-0069571463" "proxy-server 90240" 0.0003 "-" 97425 0
Jan 01 19:42:11 np0005573202.novalocal object-server[97423]: ::1 - - [02/Jan/2026:00:42:11 +0000] "GET /3/16832/AUTH_50777162d4dc40cfb40939a08020e6ce/gnocchi.0edfb901-dd58-46ce-8a69-c4108cf9cf80/none_v3" 404 70 "GET http://[::1]:8080/v1/AUTH_50777162d4dc40cfb40939a08020e6ce/gnocchi.0edfb901-dd58-46ce-8a69-c4108cf9cf80/none_v3" "txbd8bca73471443e389f1e-0069571463" "proxy-server 90240" 0.0002 "-" 97423 0
Jan 01 19:42:11 np0005573202.novalocal object-server[97425]: ::1 - - [02/Jan/2026:00:42:11 +0000] "GET /1/16832/AUTH_50777162d4dc40cfb40939a08020e6ce/gnocchi.0edfb901-dd58-46ce-8a69-c4108cf9cf80/none_v3" 404 70 "GET http://[::1]:8080/v1/AUTH_50777162d4dc40cfb40939a08020e6ce/gnocchi.0edfb901-dd58-46ce-8a69-c4108cf9cf80/none_v3" "txbd8bca73471443e389f1e-0069571463" "proxy-server 90240" 0.0003 "-" 97425 0
Jan 01 19:42:11 np0005573202.novalocal proxy-server[90240]: ::1 ::1 02/Jan/2026/00/42/11 GET /v1/AUTH_50777162d4dc40cfb40939a08020e6ce/gnocchi.0edfb901-dd58-46ce-8a69-c4108cf9cf80/none_v3 HTTP/1.0 404 - python-swiftclient-4.2.0 gAAAAABpVxP6bS-y... - 70 - txbd8bca73471443e389f1e-0069571463 - 0.0293 - - 1767314531.225637674 1767314531.254976749 0
Jan 01 19:42:11 np0005573202.novalocal container-server[97122]: ::1 - - [02/Jan/2026:00:42:11 +0000] "PUT /1/62481/AUTH_50777162d4dc40cfb40939a08020e6ce/gnocchi.4e2133df-190f-40f4-acb6-a90c4df75f85/1766880000.0_mean_300.0_v3" 201 - "PUT http://[::1]:8080/2/70920/AUTH_50777162d4dc40cfb40939a08020e6ce/gnocchi.4e2133df-190f-40f4-acb6-a90c4df75f85/1766880000.0_mean_300.0_v3" "txbff9b7eebefd4bb29f832-0069571463" "object-server 97425" 0.0005 "-" 97122 0
Jan 01 19:42:11 np0005573202.novalocal object-server[97425]: ::1 - - [02/Jan/2026:00:42:11 +0000] "PUT /2/70920/AUTH_50777162d4dc40cfb40939a08020e6ce/gnocchi.4e2133df-190f-40f4-acb6-a90c4df75f85/1766880000.0_mean_300.0_v3" 201 - "PUT http://[::1]:8080/v1/AUTH_50777162d4dc40cfb40939a08020e6ce/gnocchi.4e2133df-190f-40f4-acb6-a90c4df75f85/1766880000.0_mean_300.0_v3" "txbff9b7eebefd4bb29f832-0069571463" "proxy-server 90240" 0.0128 "-" 97425 0
Jan 01 19:42:11 np0005573202.novalocal container-server[97120]: ::1 - - [02/Jan/2026:00:42:11 +0000] "PUT /2/62481/AUTH_50777162d4dc40cfb40939a08020e6ce/gnocchi.4e2133df-190f-40f4-acb6-a90c4df75f85/1766880000.0_mean_300.0_v3" 201 - "PUT http://[::1]:8080/1/70920/AUTH_50777162d4dc40cfb40939a08020e6ce/gnocchi.4e2133df-190f-40f4-acb6-a90c4df75f85/1766880000.0_mean_300.0_v3" "txbff9b7eebefd4bb29f832-0069571463" "object-server 97423" 0.0005 "-" 97120 0
Jan 01 19:42:11 np0005573202.novalocal object-server[97423]: ::1 - - [02/Jan/2026:00:42:11 +0000] "PUT /1/70920/AUTH_50777162d4dc40cfb40939a08020e6ce/gnocchi.4e2133df-190f-40f4-acb6-a90c4df75f85/1766880000.0_mean_300.0_v3" 201 - "PUT http://[::1]:8080/v1/AUTH_50777162d4dc40cfb40939a08020e6ce/gnocchi.4e2133df-190f-40f4-acb6-a90c4df75f85/1766880000.0_mean_300.0_v3" "txbff9b7eebefd4bb29f832-0069571463" "proxy-server 90240" 0.0122 "-" 97423 0
Jan 01 19:42:11 np0005573202.novalocal container-server[97119]: ::1 - - [02/Jan/2026:00:42:11 +0000] "PUT /3/62481/AUTH_50777162d4dc40cfb40939a08020e6ce/gnocchi.4e2133df-190f-40f4-acb6-a90c4df75f85/1766880000.0_mean_300.0_v3" 201 - "PUT http://[::1]:8080/3/70920/AUTH_50777162d4dc40cfb40939a08020e6ce/gnocchi.4e2133df-190f-40f4-acb6-a90c4df75f85/1766880000.0_mean_300.0_v3" "txbff9b7eebefd4bb29f832-0069571463" "object-server 97423" 0.0005 "-" 97119 0
Jan 01 19:42:11 np0005573202.novalocal object-server[97423]: ::1 - - [02/Jan/2026:00:42:11 +0000] "PUT /3/70920/AUTH_50777162d4dc40cfb40939a08020e6ce/gnocchi.4e2133df-190f-40f4-acb6-a90c4df75f85/1766880000.0_mean_300.0_v3" 201 - "PUT http://[::1]:8080/v1/AUTH_50777162d4dc40cfb40939a08020e6ce/gnocchi.4e2133df-190f-40f4-acb6-a90c4df75f85/1766880000.0_mean_300.0_v3" "txbff9b7eebefd4bb29f832-0069571463" "proxy-server 90240" 0.0157 "-" 97423 0
Jan 01 19:42:11 np0005573202.novalocal proxy-server[90240]: ::1 ::1 02/Jan/2026/00/42/11 PUT /v1/AUTH_50777162d4dc40cfb40939a08020e6ce/gnocchi.4e2133df-190f-40f4-acb6-a90c4df75f85/1766880000.0_mean_300.0_v3 HTTP/1.0 201 - python-swiftclient-4.2.0 gAAAAABpVxQCpfSE... 16 - - txbff9b7eebefd4bb29f832-0069571463 - 0.0237 - - 1767314531.244293213 1767314531.267982244 0
Jan 01 19:42:11 np0005573202.novalocal account-server[96826]: ::1 - - [02/Jan/2026:00:42:11 +0000] "PUT /3/20297/AUTH_50777162d4dc40cfb40939a08020e6ce/gnocchi.0edfb901-dd58-46ce-8a69-c4108cf9cf80" 201 - "PUT http://[::1]:6001/2/146235/AUTH_50777162d4dc40cfb40939a08020e6ce/gnocchi.0edfb901-dd58-46ce-8a69-c4108cf9cf80" "txac833420ce804cac8c8a5-0069571463" "container-server 97121" 0.0051 "-" 96826 0
Jan 01 19:42:11 np0005573202.novalocal container-server[97121]: ::1 - - [02/Jan/2026:00:42:11 +0000] "PUT /2/146235/AUTH_50777162d4dc40cfb40939a08020e6ce/gnocchi.0edfb901-dd58-46ce-8a69-c4108cf9cf80" 201 - "PUT http://[::1]:8080/v1/AUTH_50777162d4dc40cfb40939a08020e6ce/gnocchi.0edfb901-dd58-46ce-8a69-c4108cf9cf80" "txac833420ce804cac8c8a5-0069571463" "proxy-server 90240" 0.0172 "-" 97121 0
Jan 01 19:42:11 np0005573202.novalocal container-server[97121]: ::1 - - [02/Jan/2026:00:42:11 +0000] "PUT /2/62481/AUTH_50777162d4dc40cfb40939a08020e6ce/gnocchi.4e2133df-190f-40f4-acb6-a90c4df75f85/none_v3" 201 - "PUT http://[::1]:8080/3/101200/AUTH_50777162d4dc40cfb40939a08020e6ce/gnocchi.4e2133df-190f-40f4-acb6-a90c4df75f85/none_v3" "txd4ff8ab295de4fb58ba8d-0069571463" "object-server 97426" 0.0005 "-" 97121 0
Jan 01 19:42:11 np0005573202.novalocal container-server[97120]: ::1 - - [02/Jan/2026:00:42:11 +0000] "PUT /3/62481/AUTH_50777162d4dc40cfb40939a08020e6ce/gnocchi.4e2133df-190f-40f4-acb6-a90c4df75f85/none_v3" 201 - "PUT http://[::1]:8080/2/101200/AUTH_50777162d4dc40cfb40939a08020e6ce/gnocchi.4e2133df-190f-40f4-acb6-a90c4df75f85/none_v3" "txd4ff8ab295de4fb58ba8d-0069571463" "object-server 97423" 0.0004 "-" 97120 0
Jan 01 19:42:11 np0005573202.novalocal object-server[97426]: ::1 - - [02/Jan/2026:00:42:11 +0000] "PUT /3/101200/AUTH_50777162d4dc40cfb40939a08020e6ce/gnocchi.4e2133df-190f-40f4-acb6-a90c4df75f85/none_v3" 201 - "PUT http://[::1]:8080/v1/AUTH_50777162d4dc40cfb40939a08020e6ce/gnocchi.4e2133df-190f-40f4-acb6-a90c4df75f85/none_v3" "txd4ff8ab295de4fb58ba8d-0069571463" "proxy-server 90240" 0.0107 "-" 97426 0
Jan 01 19:42:11 np0005573202.novalocal object-server[97423]: ::1 - - [02/Jan/2026:00:42:11 +0000] "PUT /2/101200/AUTH_50777162d4dc40cfb40939a08020e6ce/gnocchi.4e2133df-190f-40f4-acb6-a90c4df75f85/none_v3" 201 - "PUT http://[::1]:8080/v1/AUTH_50777162d4dc40cfb40939a08020e6ce/gnocchi.4e2133df-190f-40f4-acb6-a90c4df75f85/none_v3" "txd4ff8ab295de4fb58ba8d-0069571463" "proxy-server 90240" 0.0121 "-" 97423 0
Jan 01 19:42:11 np0005573202.novalocal container-server[97121]: ::1 - - [02/Jan/2026:00:42:11 +0000] "PUT /1/62481/AUTH_50777162d4dc40cfb40939a08020e6ce/gnocchi.4e2133df-190f-40f4-acb6-a90c4df75f85/none_v3" 201 - "PUT http://[::1]:8080/1/101200/AUTH_50777162d4dc40cfb40939a08020e6ce/gnocchi.4e2133df-190f-40f4-acb6-a90c4df75f85/none_v3" "txd4ff8ab295de4fb58ba8d-0069571463" "object-server 97426" 0.0005 "-" 97121 0
Jan 01 19:42:11 np0005573202.novalocal object-server[97426]: ::1 - - [02/Jan/2026:00:42:11 +0000] "PUT /1/101200/AUTH_50777162d4dc40cfb40939a08020e6ce/gnocchi.4e2133df-190f-40f4-acb6-a90c4df75f85/none_v3" 201 - "PUT http://[::1]:8080/v1/AUTH_50777162d4dc40cfb40939a08020e6ce/gnocchi.4e2133df-190f-40f4-acb6-a90c4df75f85/none_v3" "txd4ff8ab295de4fb58ba8d-0069571463" "proxy-server 90240" 0.0133 "-" 97426 0
Jan 01 19:42:11 np0005573202.novalocal proxy-server[90240]: ::1 ::1 02/Jan/2026/00/42/11 PUT /v1/AUTH_50777162d4dc40cfb40939a08020e6ce/gnocchi.4e2133df-190f-40f4-acb6-a90c4df75f85/none_v3 HTTP/1.0 201 - python-swiftclient-4.2.0 gAAAAABpVxQCpfSE... 22 - - txd4ff8ab295de4fb58ba8d-0069571463 - 0.0205 - - 1767314531.270026684 1767314531.290532827 0
Jan 01 19:42:11 np0005573202.novalocal account-server[96826]: ::1 - - [02/Jan/2026:00:42:11 +0000] "PUT /2/20297/AUTH_50777162d4dc40cfb40939a08020e6ce/gnocchi.0edfb901-dd58-46ce-8a69-c4108cf9cf80" 201 - "PUT http://[::1]:6001/3/146235/AUTH_50777162d4dc40cfb40939a08020e6ce/gnocchi.0edfb901-dd58-46ce-8a69-c4108cf9cf80" "txac833420ce804cac8c8a5-0069571463" "container-server 97122" 0.0049 "-" 96826 0
Jan 01 19:42:11 np0005573202.novalocal account-server[96827]: ::1 - - [02/Jan/2026:00:42:11 +0000] "PUT /1/20297/AUTH_50777162d4dc40cfb40939a08020e6ce/gnocchi.0edfb901-dd58-46ce-8a69-c4108cf9cf80" 201 - "PUT http://[::1]:6001/1/146235/AUTH_50777162d4dc40cfb40939a08020e6ce/gnocchi.0edfb901-dd58-46ce-8a69-c4108cf9cf80" "txac833420ce804cac8c8a5-0069571463" "container-server 97122" 0.0047 "-" 96827 0
Jan 01 19:42:11 np0005573202.novalocal container-server[97122]: ::1 - - [02/Jan/2026:00:42:11 +0000] "PUT /3/146235/AUTH_50777162d4dc40cfb40939a08020e6ce/gnocchi.0edfb901-dd58-46ce-8a69-c4108cf9cf80" 201 - "PUT http://[::1]:8080/v1/AUTH_50777162d4dc40cfb40939a08020e6ce/gnocchi.0edfb901-dd58-46ce-8a69-c4108cf9cf80" "txac833420ce804cac8c8a5-0069571463" "proxy-server 90240" 0.0260 "-" 97122 0
Jan 01 19:42:11 np0005573202.novalocal container-server[97122]: ::1 - - [02/Jan/2026:00:42:11 +0000] "PUT /1/146235/AUTH_50777162d4dc40cfb40939a08020e6ce/gnocchi.0edfb901-dd58-46ce-8a69-c4108cf9cf80" 201 - "PUT http://[::1]:8080/v1/AUTH_50777162d4dc40cfb40939a08020e6ce/gnocchi.0edfb901-dd58-46ce-8a69-c4108cf9cf80" "txac833420ce804cac8c8a5-0069571463" "proxy-server 90240" 0.0170 "-" 97122 0
Jan 01 19:42:11 np0005573202.novalocal proxy-server[90240]: ::1 ::1 02/Jan/2026/00/42/11 PUT /v1/AUTH_50777162d4dc40cfb40939a08020e6ce/gnocchi.0edfb901-dd58-46ce-8a69-c4108cf9cf80 HTTP/1.0 201 - python-swiftclient-4.2.0 gAAAAABpVxP6bS-y... - - - txac833420ce804cac8c8a5-0069571463 - 0.0372 - - 1767314531.258373022 1767314531.295574665 0
Jan 01 19:42:11 np0005573202.novalocal container-server[97122]: ::1 - - [02/Jan/2026:00:42:11 +0000] "HEAD /3/146235/AUTH_50777162d4dc40cfb40939a08020e6ce/gnocchi.0edfb901-dd58-46ce-8a69-c4108cf9cf80" 204 - "HEAD http://[::1]:8080/v1/AUTH_50777162d4dc40cfb40939a08020e6ce/gnocchi.0edfb901-dd58-46ce-8a69-c4108cf9cf80?format=json&states=listing" "tx6c91fd41d3904914a851f-0069571463" "proxy-server 90240" 0.0013 "-" 97122 0
Jan 01 19:42:11 np0005573202.novalocal container-server[97120]: ::1 - - [02/Jan/2026:00:42:11 +0000] "HEAD /3/187812/AUTH_50777162d4dc40cfb40939a08020e6ce/gnocchi.029bd5aa-0a5f-486e-a754-c7d84d7f879b" 404 - "HEAD http://[::1]:8080/v1/AUTH_50777162d4dc40cfb40939a08020e6ce/gnocchi.029bd5aa-0a5f-486e-a754-c7d84d7f879b?format=json&states=listing" "txcddae19bd2204d5ab6f4d-0069571463" "proxy-server 90240" 0.0005 "-" 97120 0
Jan 01 19:42:11 np0005573202.novalocal container-server[97122]: ::1 - - [02/Jan/2026:00:42:11 +0000] "GET /3/146235/AUTH_50777162d4dc40cfb40939a08020e6ce/gnocchi.0edfb901-dd58-46ce-8a69-c4108cf9cf80" 200 2 "GET http://[::1]:8080/v1/AUTH_50777162d4dc40cfb40939a08020e6ce/gnocchi.0edfb901-dd58-46ce-8a69-c4108cf9cf80?format=json&states=listing" "tx6c91fd41d3904914a851f-0069571463" "proxy-server 90240" 0.0016 "-" 97122 0
Jan 01 19:42:11 np0005573202.novalocal container-server[97122]: ::1 - - [02/Jan/2026:00:42:11 +0000] "HEAD /2/187812/AUTH_50777162d4dc40cfb40939a08020e6ce/gnocchi.029bd5aa-0a5f-486e-a754-c7d84d7f879b" 404 - "HEAD http://[::1]:8080/v1/AUTH_50777162d4dc40cfb40939a08020e6ce/gnocchi.029bd5aa-0a5f-486e-a754-c7d84d7f879b?format=json&states=listing" "txcddae19bd2204d5ab6f4d-0069571463" "proxy-server 90240" 0.0002 "-" 97122 0
Jan 01 19:42:11 np0005573202.novalocal proxy-server[90240]: ::1 ::1 02/Jan/2026/00/42/11 GET /v1/AUTH_50777162d4dc40cfb40939a08020e6ce/gnocchi.0edfb901-dd58-46ce-8a69-c4108cf9cf80%3Fformat%3Djson%26states%3Dlisting HTTP/1.0 200 - python-swiftclient-4.2.0 gAAAAABpVxP6bS-y... - 2 - tx6c91fd41d3904914a851f-0069571463 - 0.0122 - - 1767314531.298392534 1767314531.310625792 0
Jan 01 19:42:11 np0005573202.novalocal container-server[97121]: ::1 - - [02/Jan/2026:00:42:11 +0000] "HEAD /1/187812/AUTH_50777162d4dc40cfb40939a08020e6ce/gnocchi.029bd5aa-0a5f-486e-a754-c7d84d7f879b" 404 - "HEAD http://[::1]:8080/v1/AUTH_50777162d4dc40cfb40939a08020e6ce/gnocchi.029bd5aa-0a5f-486e-a754-c7d84d7f879b?format=json&states=listing" "txcddae19bd2204d5ab6f4d-0069571463" "proxy-server 90240" 0.0004 "-" 97121 0
Jan 01 19:42:11 np0005573202.novalocal object-server[97423]: ::1 - - [02/Jan/2026:00:42:11 +0000] "GET /2/212357/AUTH_50777162d4dc40cfb40939a08020e6ce/gnocchi.0edfb901-dd58-46ce-8a69-c4108cf9cf80/1766880000.0_mean_300.0_v3" 404 70 "GET http://[::1]:8080/v1/AUTH_50777162d4dc40cfb40939a08020e6ce/gnocchi.0edfb901-dd58-46ce-8a69-c4108cf9cf80/1766880000.0_mean_300.0_v3" "txcf31dc11797c46ceb092c-0069571463" "proxy-server 90240" 0.0003 "-" 97423 0
Jan 01 19:42:11 np0005573202.novalocal object-server[97423]: ::1 - - [02/Jan/2026:00:42:11 +0000] "GET /1/216676/AUTH_50777162d4dc40cfb40939a08020e6ce/gnocchi.029bd5aa-0a5f-486e-a754-c7d84d7f879b/none_v3" 404 70 "GET http://[::1]:8080/v1/AUTH_50777162d4dc40cfb40939a08020e6ce/gnocchi.029bd5aa-0a5f-486e-a754-c7d84d7f879b/none_v3" "txcddae19bd2204d5ab6f4d-0069571463" "proxy-server 90240" 0.0002 "-" 97423 0
Jan 01 19:42:11 np0005573202.novalocal object-server[97423]: ::1 - - [02/Jan/2026:00:42:11 +0000] "GET /1/212357/AUTH_50777162d4dc40cfb40939a08020e6ce/gnocchi.0edfb901-dd58-46ce-8a69-c4108cf9cf80/1766880000.0_mean_300.0_v3" 404 70 "GET http://[::1]:8080/v1/AUTH_50777162d4dc40cfb40939a08020e6ce/gnocchi.0edfb901-dd58-46ce-8a69-c4108cf9cf80/1766880000.0_mean_300.0_v3" "txcf31dc11797c46ceb092c-0069571463" "proxy-server 90240" 0.0001 "-" 97423 0
Jan 01 19:42:11 np0005573202.novalocal object-server[97425]: ::1 - - [02/Jan/2026:00:42:11 +0000] "GET /2/216676/AUTH_50777162d4dc40cfb40939a08020e6ce/gnocchi.029bd5aa-0a5f-486e-a754-c7d84d7f879b/none_v3" 404 70 "GET http://[::1]:8080/v1/AUTH_50777162d4dc40cfb40939a08020e6ce/gnocchi.029bd5aa-0a5f-486e-a754-c7d84d7f879b/none_v3" "txcddae19bd2204d5ab6f4d-0069571463" "proxy-server 90240" 0.0004 "-" 97425 0
Jan 01 19:42:11 np0005573202.novalocal object-server[97424]: ::1 - - [02/Jan/2026:00:42:11 +0000] "GET /3/216676/AUTH_50777162d4dc40cfb40939a08020e6ce/gnocchi.029bd5aa-0a5f-486e-a754-c7d84d7f879b/none_v3" 404 70 "GET http://[::1]:8080/v1/AUTH_50777162d4dc40cfb40939a08020e6ce/gnocchi.029bd5aa-0a5f-486e-a754-c7d84d7f879b/none_v3" "txcddae19bd2204d5ab6f4d-0069571463" "proxy-server 90240" 0.0002 "-" 97424 0
Jan 01 19:42:11 np0005573202.novalocal object-server[97423]: ::1 - - [02/Jan/2026:00:42:11 +0000] "GET /3/212357/AUTH_50777162d4dc40cfb40939a08020e6ce/gnocchi.0edfb901-dd58-46ce-8a69-c4108cf9cf80/1766880000.0_mean_300.0_v3" 404 70 "GET http://[::1]:8080/v1/AUTH_50777162d4dc40cfb40939a08020e6ce/gnocchi.0edfb901-dd58-46ce-8a69-c4108cf9cf80/1766880000.0_mean_300.0_v3" "txcf31dc11797c46ceb092c-0069571463" "proxy-server 90240" 0.0001 "-" 97423 0
Jan 01 19:42:11 np0005573202.novalocal proxy-server[90240]: ::1 ::1 02/Jan/2026/00/42/11 GET /v1/AUTH_50777162d4dc40cfb40939a08020e6ce/gnocchi.029bd5aa-0a5f-486e-a754-c7d84d7f879b/none_v3 HTTP/1.0 404 - python-swiftclient-4.2.0 gAAAAABpVxQCpfSE... - 70 - txcddae19bd2204d5ab6f4d-0069571463 - 0.0282 - - 1767314531.300322771 1767314531.328484058 0
Jan 01 19:42:11 np0005573202.novalocal proxy-server[90240]: ::1 ::1 02/Jan/2026/00/42/11 GET /v1/AUTH_50777162d4dc40cfb40939a08020e6ce/gnocchi.0edfb901-dd58-46ce-8a69-c4108cf9cf80/1766880000.0_mean_300.0_v3 HTTP/1.0 404 - python-swiftclient-4.2.0 gAAAAABpVxP6bS-y... - 70 - txcf31dc11797c46ceb092c-0069571463 - 0.0155 - - 1767314531.314204216 1767314531.329706430 0
Jan 01 19:42:11 np0005573202.novalocal container-server[97119]: ::1 - - [02/Jan/2026:00:42:11 +0000] "PUT /1/146235/AUTH_50777162d4dc40cfb40939a08020e6ce/gnocchi.0edfb901-dd58-46ce-8a69-c4108cf9cf80/1766880000.0_mean_300.0_v3" 201 - "PUT http://[::1]:8080/2/212357/AUTH_50777162d4dc40cfb40939a08020e6ce/gnocchi.0edfb901-dd58-46ce-8a69-c4108cf9cf80/1766880000.0_mean_300.0_v3" "tx0352e11f441d43cf836ff-0069571463" "object-server 97425" 0.0004 "-" 97119 0
Jan 01 19:42:11 np0005573202.novalocal object-server[97425]: ::1 - - [02/Jan/2026:00:42:11 +0000] "PUT /2/212357/AUTH_50777162d4dc40cfb40939a08020e6ce/gnocchi.0edfb901-dd58-46ce-8a69-c4108cf9cf80/1766880000.0_mean_300.0_v3" 201 - "PUT http://[::1]:8080/v1/AUTH_50777162d4dc40cfb40939a08020e6ce/gnocchi.0edfb901-dd58-46ce-8a69-c4108cf9cf80/1766880000.0_mean_300.0_v3" "tx0352e11f441d43cf836ff-0069571463" "proxy-server 90240" 0.0093 "-" 97425 0
Jan 01 19:42:11 np0005573202.novalocal container-server[97119]: ::1 - - [02/Jan/2026:00:42:11 +0000] "PUT /2/146235/AUTH_50777162d4dc40cfb40939a08020e6ce/gnocchi.0edfb901-dd58-46ce-8a69-c4108cf9cf80/1766880000.0_mean_300.0_v3" 201 - "PUT http://[::1]:8080/1/212357/AUTH_50777162d4dc40cfb40939a08020e6ce/gnocchi.0edfb901-dd58-46ce-8a69-c4108cf9cf80/1766880000.0_mean_300.0_v3" "tx0352e11f441d43cf836ff-0069571463" "object-server 97426" 0.0003 "-" 97119 0
Jan 01 19:42:11 np0005573202.novalocal container-server[97119]: ::1 - - [02/Jan/2026:00:42:11 +0000] "PUT /3/146235/AUTH_50777162d4dc40cfb40939a08020e6ce/gnocchi.0edfb901-dd58-46ce-8a69-c4108cf9cf80/1766880000.0_mean_300.0_v3" 201 - "PUT http://[::1]:8080/3/212357/AUTH_50777162d4dc40cfb40939a08020e6ce/gnocchi.0edfb901-dd58-46ce-8a69-c4108cf9cf80/1766880000.0_mean_300.0_v3" "tx0352e11f441d43cf836ff-0069571463" "object-server 97426" 0.0003 "-" 97119 0
Jan 01 19:42:11 np0005573202.novalocal object-server[97426]: ::1 - - [02/Jan/2026:00:42:11 +0000] "PUT /1/212357/AUTH_50777162d4dc40cfb40939a08020e6ce/gnocchi.0edfb901-dd58-46ce-8a69-c4108cf9cf80/1766880000.0_mean_300.0_v3" 201 - "PUT http://[::1]:8080/v1/AUTH_50777162d4dc40cfb40939a08020e6ce/gnocchi.0edfb901-dd58-46ce-8a69-c4108cf9cf80/1766880000.0_mean_300.0_v3" "tx0352e11f441d43cf836ff-0069571463" "proxy-server 90240" 0.0130 "-" 97426 0
Jan 01 19:42:11 np0005573202.novalocal object-server[97426]: ::1 - - [02/Jan/2026:00:42:11 +0000] "PUT /3/212357/AUTH_50777162d4dc40cfb40939a08020e6ce/gnocchi.0edfb901-dd58-46ce-8a69-c4108cf9cf80/1766880000.0_mean_300.0_v3" 201 - "PUT http://[::1]:8080/v1/AUTH_50777162d4dc40cfb40939a08020e6ce/gnocchi.0edfb901-dd58-46ce-8a69-c4108cf9cf80/1766880000.0_mean_300.0_v3" "tx0352e11f441d43cf836ff-0069571463" "proxy-server 90240" 0.0117 "-" 97426 0
Jan 01 19:42:11 np0005573202.novalocal account-server[96829]: ::1 - - [02/Jan/2026:00:42:11 +0000] "PUT /1/20297/AUTH_50777162d4dc40cfb40939a08020e6ce/gnocchi.029bd5aa-0a5f-486e-a754-c7d84d7f879b" 201 - "PUT http://[::1]:6001/1/187812/AUTH_50777162d4dc40cfb40939a08020e6ce/gnocchi.029bd5aa-0a5f-486e-a754-c7d84d7f879b" "txc2f5c2b04f45413786a99-0069571463" "container-server 97120" 0.0079 "-" 96829 0
Jan 01 19:42:11 np0005573202.novalocal proxy-server[90240]: ::1 ::1 02/Jan/2026/00/42/11 PUT /v1/AUTH_50777162d4dc40cfb40939a08020e6ce/gnocchi.0edfb901-dd58-46ce-8a69-c4108cf9cf80/1766880000.0_mean_300.0_v3 HTTP/1.0 201 - python-swiftclient-4.2.0 gAAAAABpVxP6bS-y... 16 - - tx0352e11f441d43cf836ff-0069571463 - 0.0208 - - 1767314531.334609985 1767314531.355443954 0
Jan 01 19:42:11 np0005573202.novalocal container-server[97120]: ::1 - - [02/Jan/2026:00:42:11 +0000] "PUT /1/187812/AUTH_50777162d4dc40cfb40939a08020e6ce/gnocchi.029bd5aa-0a5f-486e-a754-c7d84d7f879b" 201 - "PUT http://[::1]:8080/v1/AUTH_50777162d4dc40cfb40939a08020e6ce/gnocchi.029bd5aa-0a5f-486e-a754-c7d84d7f879b" "txc2f5c2b04f45413786a99-0069571463" "proxy-server 90240" 0.0215 "-" 97120 0
Jan 01 19:42:11 np0005573202.novalocal account-server[96826]: ::1 - - [02/Jan/2026:00:42:11 +0000] "PUT /2/20297/AUTH_50777162d4dc40cfb40939a08020e6ce/gnocchi.029bd5aa-0a5f-486e-a754-c7d84d7f879b" 201 - "PUT http://[::1]:6001/3/187812/AUTH_50777162d4dc40cfb40939a08020e6ce/gnocchi.029bd5aa-0a5f-486e-a754-c7d84d7f879b" "txc2f5c2b04f45413786a99-0069571463" "container-server 97121" 0.0049 "-" 96826 0
Jan 01 19:42:11 np0005573202.novalocal account-server[96827]: ::1 - - [02/Jan/2026:00:42:11 +0000] "PUT /3/20297/AUTH_50777162d4dc40cfb40939a08020e6ce/gnocchi.029bd5aa-0a5f-486e-a754-c7d84d7f879b" 201 - "PUT http://[::1]:6001/2/187812/AUTH_50777162d4dc40cfb40939a08020e6ce/gnocchi.029bd5aa-0a5f-486e-a754-c7d84d7f879b" "txc2f5c2b04f45413786a99-0069571463" "container-server 97121" 0.0051 "-" 96827 0
Jan 01 19:42:11 np0005573202.novalocal container-server[97121]: ::1 - - [02/Jan/2026:00:42:11 +0000] "PUT /3/187812/AUTH_50777162d4dc40cfb40939a08020e6ce/gnocchi.029bd5aa-0a5f-486e-a754-c7d84d7f879b" 201 - "PUT http://[::1]:8080/v1/AUTH_50777162d4dc40cfb40939a08020e6ce/gnocchi.029bd5aa-0a5f-486e-a754-c7d84d7f879b" "txc2f5c2b04f45413786a99-0069571463" "proxy-server 90240" 0.0317 "-" 97121 0
Jan 01 19:42:11 np0005573202.novalocal container-server[97121]: ::1 - - [02/Jan/2026:00:42:11 +0000] "PUT /2/187812/AUTH_50777162d4dc40cfb40939a08020e6ce/gnocchi.029bd5aa-0a5f-486e-a754-c7d84d7f879b" 201 - "PUT http://[::1]:8080/v1/AUTH_50777162d4dc40cfb40939a08020e6ce/gnocchi.029bd5aa-0a5f-486e-a754-c7d84d7f879b" "txc2f5c2b04f45413786a99-0069571463" "proxy-server 90240" 0.0179 "-" 97121 0
Jan 01 19:42:11 np0005573202.novalocal proxy-server[90240]: ::1 ::1 02/Jan/2026/00/42/11 PUT /v1/AUTH_50777162d4dc40cfb40939a08020e6ce/gnocchi.029bd5aa-0a5f-486e-a754-c7d84d7f879b HTTP/1.0 201 - python-swiftclient-4.2.0 gAAAAABpVxQCpfSE... - - - txc2f5c2b04f45413786a99-0069571463 - 0.0406 - - 1767314531.330521107 1767314531.371153116 0
Jan 01 19:42:11 np0005573202.novalocal container-server[97122]: ::1 - - [02/Jan/2026:00:42:11 +0000] "HEAD /3/187812/AUTH_50777162d4dc40cfb40939a08020e6ce/gnocchi.029bd5aa-0a5f-486e-a754-c7d84d7f879b" 204 - "HEAD http://[::1]:8080/v1/AUTH_50777162d4dc40cfb40939a08020e6ce/gnocchi.029bd5aa-0a5f-486e-a754-c7d84d7f879b?format=json&states=listing" "tx06f5da9746ad4d3590a21-0069571463" "proxy-server 90240" 0.0015 "-" 97122 0
Jan 01 19:42:11 np0005573202.novalocal container-server[97119]: ::1 - - [02/Jan/2026:00:42:11 +0000] "PUT /1/146235/AUTH_50777162d4dc40cfb40939a08020e6ce/gnocchi.0edfb901-dd58-46ce-8a69-c4108cf9cf80/none_v3" 201 - "PUT http://[::1]:8080/1/16832/AUTH_50777162d4dc40cfb40939a08020e6ce/gnocchi.0edfb901-dd58-46ce-8a69-c4108cf9cf80/none_v3" "txa39029dc2b60407e98e11-0069571463" "object-server 97426" 0.0006 "-" 97119 0
Jan 01 19:42:11 np0005573202.novalocal object-server[97426]: ::1 - - [02/Jan/2026:00:42:11 +0000] "PUT /1/16832/AUTH_50777162d4dc40cfb40939a08020e6ce/gnocchi.0edfb901-dd58-46ce-8a69-c4108cf9cf80/none_v3" 201 - "PUT http://[::1]:8080/v1/AUTH_50777162d4dc40cfb40939a08020e6ce/gnocchi.0edfb901-dd58-46ce-8a69-c4108cf9cf80/none_v3" "txa39029dc2b60407e98e11-0069571463" "proxy-server 90240" 0.0113 "-" 97426 0
Jan 01 19:42:11 np0005573202.novalocal container-server[97122]: ::1 - - [02/Jan/2026:00:42:11 +0000] "PUT /3/146235/AUTH_50777162d4dc40cfb40939a08020e6ce/gnocchi.0edfb901-dd58-46ce-8a69-c4108cf9cf80/none_v3" 201 - "PUT http://[::1]:8080/3/16832/AUTH_50777162d4dc40cfb40939a08020e6ce/gnocchi.0edfb901-dd58-46ce-8a69-c4108cf9cf80/none_v3" "txa39029dc2b60407e98e11-0069571463" "object-server 97424" 0.0005 "-" 97122 0
Jan 01 19:42:11 np0005573202.novalocal object-server[97424]: ::1 - - [02/Jan/2026:00:42:11 +0000] "PUT /3/16832/AUTH_50777162d4dc40cfb40939a08020e6ce/gnocchi.0edfb901-dd58-46ce-8a69-c4108cf9cf80/none_v3" 201 - "PUT http://[::1]:8080/v1/AUTH_50777162d4dc40cfb40939a08020e6ce/gnocchi.0edfb901-dd58-46ce-8a69-c4108cf9cf80/none_v3" "txa39029dc2b60407e98e11-0069571463" "proxy-server 90240" 0.0176 "-" 97424 0
Jan 01 19:42:11 np0005573202.novalocal container-server[97121]: ::1 - - [02/Jan/2026:00:42:11 +0000] "PUT /2/146235/AUTH_50777162d4dc40cfb40939a08020e6ce/gnocchi.0edfb901-dd58-46ce-8a69-c4108cf9cf80/none_v3" 201 - "PUT http://[::1]:8080/2/16832/AUTH_50777162d4dc40cfb40939a08020e6ce/gnocchi.0edfb901-dd58-46ce-8a69-c4108cf9cf80/none_v3" "txa39029dc2b60407e98e11-0069571463" "object-server 97424" 0.0007 "-" 97121 0
Jan 01 19:42:11 np0005573202.novalocal object-server[97424]: ::1 - - [02/Jan/2026:00:42:11 +0000] "PUT /2/16832/AUTH_50777162d4dc40cfb40939a08020e6ce/gnocchi.0edfb901-dd58-46ce-8a69-c4108cf9cf80/none_v3" 201 - "PUT http://[::1]:8080/v1/AUTH_50777162d4dc40cfb40939a08020e6ce/gnocchi.0edfb901-dd58-46ce-8a69-c4108cf9cf80/none_v3" "txa39029dc2b60407e98e11-0069571463" "proxy-server 90240" 0.0204 "-" 97424 0
Jan 01 19:42:11 np0005573202.novalocal proxy-server[90240]: ::1 ::1 02/Jan/2026/00/42/11 PUT /v1/AUTH_50777162d4dc40cfb40939a08020e6ce/gnocchi.0edfb901-dd58-46ce-8a69-c4108cf9cf80/none_v3 HTTP/1.0 201 - python-swiftclient-4.2.0 gAAAAABpVxP6bS-y... 22 - - txa39029dc2b60407e98e11-0069571463 - 0.0318 - - 1767314531.357488394 1767314531.389292479 0
Jan 01 19:42:11 np0005573202.novalocal container-server[97119]: ::1 - - [02/Jan/2026:00:42:11 +0000] "GET /3/187812/AUTH_50777162d4dc40cfb40939a08020e6ce/gnocchi.029bd5aa-0a5f-486e-a754-c7d84d7f879b" 200 2 "GET http://[::1]:8080/v1/AUTH_50777162d4dc40cfb40939a08020e6ce/gnocchi.029bd5aa-0a5f-486e-a754-c7d84d7f879b?format=json&states=listing" "tx06f5da9746ad4d3590a21-0069571463" "proxy-server 90240" 0.0023 "-" 97119 0
Jan 01 19:42:11 np0005573202.novalocal proxy-server[90240]: ::1 ::1 02/Jan/2026/00/42/11 GET /v1/AUTH_50777162d4dc40cfb40939a08020e6ce/gnocchi.029bd5aa-0a5f-486e-a754-c7d84d7f879b%3Fformat%3Djson%26states%3Dlisting HTTP/1.0 200 - python-swiftclient-4.2.0 gAAAAABpVxQCpfSE... - 2 - tx06f5da9746ad4d3590a21-0069571463 - 0.0137 - - 1767314531.377320290 1767314531.391020298 0
Jan 01 19:42:11 np0005573202.novalocal object-server[97423]: ::1 - - [02/Jan/2026:00:42:11 +0000] "GET /3/249635/AUTH_50777162d4dc40cfb40939a08020e6ce/gnocchi.029bd5aa-0a5f-486e-a754-c7d84d7f879b/1766880000.0_mean_300.0_v3" 404 70 "GET http://[::1]:8080/v1/AUTH_50777162d4dc40cfb40939a08020e6ce/gnocchi.029bd5aa-0a5f-486e-a754-c7d84d7f879b/1766880000.0_mean_300.0_v3" "txecb5d1e4286c4fb5a7fdc-0069571463" "proxy-server 90240" 0.0003 "-" 97423 0
Jan 01 19:42:11 np0005573202.novalocal object-server[97425]: ::1 - - [02/Jan/2026:00:42:11 +0000] "GET /2/249635/AUTH_50777162d4dc40cfb40939a08020e6ce/gnocchi.029bd5aa-0a5f-486e-a754-c7d84d7f879b/1766880000.0_mean_300.0_v3" 404 70 "GET http://[::1]:8080/v1/AUTH_50777162d4dc40cfb40939a08020e6ce/gnocchi.029bd5aa-0a5f-486e-a754-c7d84d7f879b/1766880000.0_mean_300.0_v3" "txecb5d1e4286c4fb5a7fdc-0069571463" "proxy-server 90240" 0.0003 "-" 97425 0
Jan 01 19:42:11 np0005573202.novalocal object-server[97424]: ::1 - - [02/Jan/2026:00:42:11 +0000] "GET /1/249635/AUTH_50777162d4dc40cfb40939a08020e6ce/gnocchi.029bd5aa-0a5f-486e-a754-c7d84d7f879b/1766880000.0_mean_300.0_v3" 404 70 "GET http://[::1]:8080/v1/AUTH_50777162d4dc40cfb40939a08020e6ce/gnocchi.029bd5aa-0a5f-486e-a754-c7d84d7f879b/1766880000.0_mean_300.0_v3" "txecb5d1e4286c4fb5a7fdc-0069571463" "proxy-server 90240" 0.0002 "-" 97424 0
Jan 01 19:42:11 np0005573202.novalocal proxy-server[90240]: ::1 ::1 02/Jan/2026/00/42/11 GET /v1/AUTH_50777162d4dc40cfb40939a08020e6ce/gnocchi.029bd5aa-0a5f-486e-a754-c7d84d7f879b/1766880000.0_mean_300.0_v3 HTTP/1.0 404 - python-swiftclient-4.2.0 gAAAAABpVxQCpfSE... - 70 - txecb5d1e4286c4fb5a7fdc-0069571463 - 0.0119 - - 1767314531.394396305 1767314531.406297922 0
Jan 01 19:42:11 np0005573202.novalocal container-server[97120]: ::1 - - [02/Jan/2026:00:42:11 +0000] "HEAD /3/27231/AUTH_50777162d4dc40cfb40939a08020e6ce/gnocchi.df483625-13f9-4a6a-95f0-3962a30cbcb9" 404 - "HEAD http://[::1]:8080/v1/AUTH_50777162d4dc40cfb40939a08020e6ce/gnocchi.df483625-13f9-4a6a-95f0-3962a30cbcb9?format=json&states=listing" "tx8f686d8488a44e679e934-0069571463" "proxy-server 90240" 0.0006 "-" 97120 0
Jan 01 19:42:11 np0005573202.novalocal container-server[97119]: ::1 - - [02/Jan/2026:00:42:11 +0000] "HEAD /2/27231/AUTH_50777162d4dc40cfb40939a08020e6ce/gnocchi.df483625-13f9-4a6a-95f0-3962a30cbcb9" 404 - "HEAD http://[::1]:8080/v1/AUTH_50777162d4dc40cfb40939a08020e6ce/gnocchi.df483625-13f9-4a6a-95f0-3962a30cbcb9?format=json&states=listing" "tx8f686d8488a44e679e934-0069571463" "proxy-server 90240" 0.0003 "-" 97119 0
Jan 01 19:42:11 np0005573202.novalocal container-server[97119]: ::1 - - [02/Jan/2026:00:42:11 +0000] "HEAD /1/27231/AUTH_50777162d4dc40cfb40939a08020e6ce/gnocchi.df483625-13f9-4a6a-95f0-3962a30cbcb9" 404 - "HEAD http://[::1]:8080/v1/AUTH_50777162d4dc40cfb40939a08020e6ce/gnocchi.df483625-13f9-4a6a-95f0-3962a30cbcb9?format=json&states=listing" "tx8f686d8488a44e679e934-0069571463" "proxy-server 90240" 0.0002 "-" 97119 0
Jan 01 19:42:11 np0005573202.novalocal object-server[97423]: ::1 - - [02/Jan/2026:00:42:11 +0000] "GET /2/105240/AUTH_50777162d4dc40cfb40939a08020e6ce/gnocchi.df483625-13f9-4a6a-95f0-3962a30cbcb9/none_v3" 404 70 "GET http://[::1]:8080/v1/AUTH_50777162d4dc40cfb40939a08020e6ce/gnocchi.df483625-13f9-4a6a-95f0-3962a30cbcb9/none_v3" "tx8f686d8488a44e679e934-0069571463" "proxy-server 90240" 0.0003 "-" 97423 0
Jan 01 19:42:11 np0005573202.novalocal object-server[97424]: ::1 - - [02/Jan/2026:00:42:11 +0000] "GET /3/105240/AUTH_50777162d4dc40cfb40939a08020e6ce/gnocchi.df483625-13f9-4a6a-95f0-3962a30cbcb9/none_v3" 404 70 "GET http://[::1]:8080/v1/AUTH_50777162d4dc40cfb40939a08020e6ce/gnocchi.df483625-13f9-4a6a-95f0-3962a30cbcb9/none_v3" "tx8f686d8488a44e679e934-0069571463" "proxy-server 90240" 0.0002 "-" 97424 0
Jan 01 19:42:11 np0005573202.novalocal container-server[97121]: ::1 - - [02/Jan/2026:00:42:11 +0000] "PUT /1/187812/AUTH_50777162d4dc40cfb40939a08020e6ce/gnocchi.029bd5aa-0a5f-486e-a754-c7d84d7f879b/1766880000.0_mean_300.0_v3" 201 - "PUT http://[::1]:8080/1/249635/AUTH_50777162d4dc40cfb40939a08020e6ce/gnocchi.029bd5aa-0a5f-486e-a754-c7d84d7f879b/1766880000.0_mean_300.0_v3" "txe0a8ee4d758a47a4b7eaa-0069571463" "object-server 97425" 0.0009 "-" 97121 0
Jan 01 19:42:11 np0005573202.novalocal object-server[97425]: ::1 - - [02/Jan/2026:00:42:11 +0000] "PUT /1/249635/AUTH_50777162d4dc40cfb40939a08020e6ce/gnocchi.029bd5aa-0a5f-486e-a754-c7d84d7f879b/1766880000.0_mean_300.0_v3" 201 - "PUT http://[::1]:8080/v1/AUTH_50777162d4dc40cfb40939a08020e6ce/gnocchi.029bd5aa-0a5f-486e-a754-c7d84d7f879b/1766880000.0_mean_300.0_v3" "txe0a8ee4d758a47a4b7eaa-0069571463" "proxy-server 90240" 0.0140 "-" 97425 0
Jan 01 19:42:11 np0005573202.novalocal container-server[97122]: ::1 - - [02/Jan/2026:00:42:11 +0000] "PUT /3/187812/AUTH_50777162d4dc40cfb40939a08020e6ce/gnocchi.029bd5aa-0a5f-486e-a754-c7d84d7f879b/1766880000.0_mean_300.0_v3" 201 - "PUT http://[::1]:8080/3/249635/AUTH_50777162d4dc40cfb40939a08020e6ce/gnocchi.029bd5aa-0a5f-486e-a754-c7d84d7f879b/1766880000.0_mean_300.0_v3" "txe0a8ee4d758a47a4b7eaa-0069571463" "object-server 97425" 0.0005 "-" 97122 0
Jan 01 19:42:11 np0005573202.novalocal container-server[97120]: ::1 - - [02/Jan/2026:00:42:11 +0000] "PUT /2/187812/AUTH_50777162d4dc40cfb40939a08020e6ce/gnocchi.029bd5aa-0a5f-486e-a754-c7d84d7f879b/1766880000.0_mean_300.0_v3" 201 - "PUT http://[::1]:8080/2/249635/AUTH_50777162d4dc40cfb40939a08020e6ce/gnocchi.029bd5aa-0a5f-486e-a754-c7d84d7f879b/1766880000.0_mean_300.0_v3" "txe0a8ee4d758a47a4b7eaa-0069571463" "object-server 97424" 0.0010 "-" 97120 0
Jan 01 19:42:11 np0005573202.novalocal object-server[97425]: ::1 - - [02/Jan/2026:00:42:11 +0000] "PUT /3/249635/AUTH_50777162d4dc40cfb40939a08020e6ce/gnocchi.029bd5aa-0a5f-486e-a754-c7d84d7f879b/1766880000.0_mean_300.0_v3" 201 - "PUT http://[::1]:8080/v1/AUTH_50777162d4dc40cfb40939a08020e6ce/gnocchi.029bd5aa-0a5f-486e-a754-c7d84d7f879b/1766880000.0_mean_300.0_v3" "txe0a8ee4d758a47a4b7eaa-0069571463" "proxy-server 90240" 0.0131 "-" 97425 0
Jan 01 19:42:11 np0005573202.novalocal object-server[97424]: ::1 - - [02/Jan/2026:00:42:11 +0000] "PUT /2/249635/AUTH_50777162d4dc40cfb40939a08020e6ce/gnocchi.029bd5aa-0a5f-486e-a754-c7d84d7f879b/1766880000.0_mean_300.0_v3" 201 - "PUT http://[::1]:8080/v1/AUTH_50777162d4dc40cfb40939a08020e6ce/gnocchi.029bd5aa-0a5f-486e-a754-c7d84d7f879b/1766880000.0_mean_300.0_v3" "txe0a8ee4d758a47a4b7eaa-0069571463" "proxy-server 90240" 0.0129 "-" 97424 0
Jan 01 19:42:11 np0005573202.novalocal object-server[97423]: ::1 - - [02/Jan/2026:00:42:11 +0000] "GET /1/105240/AUTH_50777162d4dc40cfb40939a08020e6ce/gnocchi.df483625-13f9-4a6a-95f0-3962a30cbcb9/none_v3" 404 70 "GET http://[::1]:8080/v1/AUTH_50777162d4dc40cfb40939a08020e6ce/gnocchi.df483625-13f9-4a6a-95f0-3962a30cbcb9/none_v3" "tx8f686d8488a44e679e934-0069571463" "proxy-server 90240" 0.0002 "-" 97423 0
Jan 01 19:42:11 np0005573202.novalocal proxy-server[90240]: ::1 ::1 02/Jan/2026/00/42/11 PUT /v1/AUTH_50777162d4dc40cfb40939a08020e6ce/gnocchi.029bd5aa-0a5f-486e-a754-c7d84d7f879b/1766880000.0_mean_300.0_v3 HTTP/1.0 201 - python-swiftclient-4.2.0 gAAAAABpVxQCpfSE... 16 - - txe0a8ee4d758a47a4b7eaa-0069571463 - 0.0226 - - 1767314531.410391331 1767314531.433020115 0
Jan 01 19:42:11 np0005573202.novalocal proxy-server[90240]: ::1 ::1 02/Jan/2026/00/42/11 GET /v1/AUTH_50777162d4dc40cfb40939a08020e6ce/gnocchi.df483625-13f9-4a6a-95f0-3962a30cbcb9/none_v3 HTTP/1.0 404 - python-swiftclient-4.2.0 gAAAAABpVxP6bS-y... - 70 - tx8f686d8488a44e679e934-0069571463 - 0.0309 - - 1767314531.403074741 1767314531.434009790 0
Jan 01 19:42:11 np0005573202.novalocal container-server[97121]: ::1 - - [02/Jan/2026:00:42:11 +0000] "PUT /3/187812/AUTH_50777162d4dc40cfb40939a08020e6ce/gnocchi.029bd5aa-0a5f-486e-a754-c7d84d7f879b/none_v3" 201 - "PUT http://[::1]:8080/2/216676/AUTH_50777162d4dc40cfb40939a08020e6ce/gnocchi.029bd5aa-0a5f-486e-a754-c7d84d7f879b/none_v3" "tx35c0974dc4364bd5b730a-0069571463" "object-server 97424" 0.0007 "-" 97121 0
Jan 01 19:42:11 np0005573202.novalocal object-server[97424]: ::1 - - [02/Jan/2026:00:42:11 +0000] "PUT /2/216676/AUTH_50777162d4dc40cfb40939a08020e6ce/gnocchi.029bd5aa-0a5f-486e-a754-c7d84d7f879b/none_v3" 201 - "PUT http://[::1]:8080/v1/AUTH_50777162d4dc40cfb40939a08020e6ce/gnocchi.029bd5aa-0a5f-486e-a754-c7d84d7f879b/none_v3" "tx35c0974dc4364bd5b730a-0069571463" "proxy-server 90240" 0.0170 "-" 97424 0
Jan 01 19:42:11 np0005573202.novalocal container-server[97120]: ::1 - - [02/Jan/2026:00:42:11 +0000] "PUT /2/187812/AUTH_50777162d4dc40cfb40939a08020e6ce/gnocchi.029bd5aa-0a5f-486e-a754-c7d84d7f879b/none_v3" 201 - "PUT http://[::1]:8080/1/216676/AUTH_50777162d4dc40cfb40939a08020e6ce/gnocchi.029bd5aa-0a5f-486e-a754-c7d84d7f879b/none_v3" "tx35c0974dc4364bd5b730a-0069571463" "object-server 97426" 0.0007 "-" 97120 0
Jan 01 19:42:11 np0005573202.novalocal object-server[97426]: ::1 - - [02/Jan/2026:00:42:11 +0000] "PUT /1/216676/AUTH_50777162d4dc40cfb40939a08020e6ce/gnocchi.029bd5aa-0a5f-486e-a754-c7d84d7f879b/none_v3" 201 - "PUT http://[::1]:8080/v1/AUTH_50777162d4dc40cfb40939a08020e6ce/gnocchi.029bd5aa-0a5f-486e-a754-c7d84d7f879b/none_v3" "tx35c0974dc4364bd5b730a-0069571463" "proxy-server 90240" 0.0206 "-" 97426 0
Jan 01 19:42:11 np0005573202.novalocal container-server[97120]: ::1 - - [02/Jan/2026:00:42:11 +0000] "PUT /1/187812/AUTH_50777162d4dc40cfb40939a08020e6ce/gnocchi.029bd5aa-0a5f-486e-a754-c7d84d7f879b/none_v3" 201 - "PUT http://[::1]:8080/3/216676/AUTH_50777162d4dc40cfb40939a08020e6ce/gnocchi.029bd5aa-0a5f-486e-a754-c7d84d7f879b/none_v3" "tx35c0974dc4364bd5b730a-0069571463" "object-server 97426" 0.0005 "-" 97120 0
Jan 01 19:42:11 np0005573202.novalocal object-server[97426]: ::1 - - [02/Jan/2026:00:42:11 +0000] "PUT /3/216676/AUTH_50777162d4dc40cfb40939a08020e6ce/gnocchi.029bd5aa-0a5f-486e-a754-c7d84d7f879b/none_v3" 201 - "PUT http://[::1]:8080/v1/AUTH_50777162d4dc40cfb40939a08020e6ce/gnocchi.029bd5aa-0a5f-486e-a754-c7d84d7f879b/none_v3" "tx35c0974dc4364bd5b730a-0069571463" "proxy-server 90240" 0.0205 "-" 97426 0
Jan 01 19:42:11 np0005573202.novalocal account-server[96828]: ::1 - - [02/Jan/2026:00:42:11 +0000] "PUT /1/20297/AUTH_50777162d4dc40cfb40939a08020e6ce/gnocchi.df483625-13f9-4a6a-95f0-3962a30cbcb9" 201 - "PUT http://[::1]:6001/2/27231/AUTH_50777162d4dc40cfb40939a08020e6ce/gnocchi.df483625-13f9-4a6a-95f0-3962a30cbcb9" "txd3df1bf7192c44fdad58b-0069571463" "container-server 97119" 0.0044 "-" 96828 0
Jan 01 19:42:11 np0005573202.novalocal container-server[97119]: ::1 - - [02/Jan/2026:00:42:11 +0000] "PUT /2/27231/AUTH_50777162d4dc40cfb40939a08020e6ce/gnocchi.df483625-13f9-4a6a-95f0-3962a30cbcb9" 201 - "PUT http://[::1]:8080/v1/AUTH_50777162d4dc40cfb40939a08020e6ce/gnocchi.df483625-13f9-4a6a-95f0-3962a30cbcb9" "txd3df1bf7192c44fdad58b-0069571463" "proxy-server 90240" 0.0180 "-" 97119 0
Jan 01 19:42:11 np0005573202.novalocal account-server[96827]: ::1 - - [02/Jan/2026:00:42:11 +0000] "PUT /3/20297/AUTH_50777162d4dc40cfb40939a08020e6ce/gnocchi.df483625-13f9-4a6a-95f0-3962a30cbcb9" 201 - "PUT http://[::1]:6001/3/27231/AUTH_50777162d4dc40cfb40939a08020e6ce/gnocchi.df483625-13f9-4a6a-95f0-3962a30cbcb9" "txd3df1bf7192c44fdad58b-0069571463" "container-server 97122" 0.0044 "-" 96827 0
Jan 01 19:42:11 np0005573202.novalocal proxy-server[90240]: ::1 ::1 02/Jan/2026/00/42/11 PUT /v1/AUTH_50777162d4dc40cfb40939a08020e6ce/gnocchi.029bd5aa-0a5f-486e-a754-c7d84d7f879b/none_v3 HTTP/1.0 201 - python-swiftclient-4.2.0 gAAAAABpVxQCpfSE... 22 - - tx35c0974dc4364bd5b730a-0069571463 - 0.0303 - - 1767314531.435500145 1767314531.465752363 0
Jan 01 19:42:11 np0005573202.novalocal container-server[97122]: ::1 - - [02/Jan/2026:00:42:11 +0000] "PUT /3/27231/AUTH_50777162d4dc40cfb40939a08020e6ce/gnocchi.df483625-13f9-4a6a-95f0-3962a30cbcb9" 201 - "PUT http://[::1]:8080/v1/AUTH_50777162d4dc40cfb40939a08020e6ce/gnocchi.df483625-13f9-4a6a-95f0-3962a30cbcb9" "txd3df1bf7192c44fdad58b-0069571463" "proxy-server 90240" 0.0199 "-" 97122 0
Jan 01 19:42:11 np0005573202.novalocal account-server[96828]: ::1 - - [02/Jan/2026:00:42:11 +0000] "PUT /2/20297/AUTH_50777162d4dc40cfb40939a08020e6ce/gnocchi.df483625-13f9-4a6a-95f0-3962a30cbcb9" 201 - "PUT http://[::1]:6001/1/27231/AUTH_50777162d4dc40cfb40939a08020e6ce/gnocchi.df483625-13f9-4a6a-95f0-3962a30cbcb9" "txd3df1bf7192c44fdad58b-0069571463" "container-server 97120" 0.0034 "-" 96828 0
Jan 01 19:42:11 np0005573202.novalocal container-server[97120]: ::1 - - [02/Jan/2026:00:42:11 +0000] "PUT /1/27231/AUTH_50777162d4dc40cfb40939a08020e6ce/gnocchi.df483625-13f9-4a6a-95f0-3962a30cbcb9" 201 - "PUT http://[::1]:8080/v1/AUTH_50777162d4dc40cfb40939a08020e6ce/gnocchi.df483625-13f9-4a6a-95f0-3962a30cbcb9" "txd3df1bf7192c44fdad58b-0069571463" "proxy-server 90240" 0.0216 "-" 97120 0
Jan 01 19:42:11 np0005573202.novalocal proxy-server[90240]: ::1 ::1 02/Jan/2026/00/42/11 PUT /v1/AUTH_50777162d4dc40cfb40939a08020e6ce/gnocchi.df483625-13f9-4a6a-95f0-3962a30cbcb9 HTTP/1.0 201 - python-swiftclient-4.2.0 gAAAAABpVxP6bS-y... - - - txd3df1bf7192c44fdad58b-0069571463 - 0.0289 - - 1767314531.440664530 1767314531.469611883 0
Jan 01 19:42:11 np0005573202.novalocal container-server[97121]: ::1 - - [02/Jan/2026:00:42:11 +0000] "HEAD /2/27231/AUTH_50777162d4dc40cfb40939a08020e6ce/gnocchi.df483625-13f9-4a6a-95f0-3962a30cbcb9" 204 - "HEAD http://[::1]:8080/v1/AUTH_50777162d4dc40cfb40939a08020e6ce/gnocchi.df483625-13f9-4a6a-95f0-3962a30cbcb9?format=json&states=listing" "tx2f5fd95c3a9d4868a1f38-0069571463" "proxy-server 90240" 0.0022 "-" 97121 0
Jan 01 19:42:11 np0005573202.novalocal container-server[97121]: ::1 - - [02/Jan/2026:00:42:11 +0000] "HEAD /3/115636/AUTH_50777162d4dc40cfb40939a08020e6ce/gnocchi.82e19df5-2b05-4172-b2e2-f8ed60c0b798" 404 - "HEAD http://[::1]:8080/v1/AUTH_50777162d4dc40cfb40939a08020e6ce/gnocchi.82e19df5-2b05-4172-b2e2-f8ed60c0b798?format=json&states=listing" "tx450bd1a30117417eaeda3-0069571463" "proxy-server 90240" 0.0003 "-" 97121 0
Jan 01 19:42:11 np0005573202.novalocal container-server[97121]: ::1 - - [02/Jan/2026:00:42:11 +0000] "GET /3/27231/AUTH_50777162d4dc40cfb40939a08020e6ce/gnocchi.df483625-13f9-4a6a-95f0-3962a30cbcb9" 200 2 "GET http://[::1]:8080/v1/AUTH_50777162d4dc40cfb40939a08020e6ce/gnocchi.df483625-13f9-4a6a-95f0-3962a30cbcb9?format=json&states=listing" "tx2f5fd95c3a9d4868a1f38-0069571463" "proxy-server 90240" 0.0019 "-" 97121 0
Jan 01 19:42:11 np0005573202.novalocal container-server[97121]: ::1 - - [02/Jan/2026:00:42:11 +0000] "HEAD /1/115636/AUTH_50777162d4dc40cfb40939a08020e6ce/gnocchi.82e19df5-2b05-4172-b2e2-f8ed60c0b798" 404 - "HEAD http://[::1]:8080/v1/AUTH_50777162d4dc40cfb40939a08020e6ce/gnocchi.82e19df5-2b05-4172-b2e2-f8ed60c0b798?format=json&states=listing" "tx450bd1a30117417eaeda3-0069571463" "proxy-server 90240" 0.0003 "-" 97121 0
Jan 01 19:42:11 np0005573202.novalocal proxy-server[90240]: ::1 ::1 02/Jan/2026/00/42/11 GET /v1/AUTH_50777162d4dc40cfb40939a08020e6ce/gnocchi.df483625-13f9-4a6a-95f0-3962a30cbcb9%3Fformat%3Djson%26states%3Dlisting HTTP/1.0 200 - python-swiftclient-4.2.0 gAAAAABpVxP6bS-y... - 2 - tx2f5fd95c3a9d4868a1f38-0069571463 - 0.0154 - - 1767314531.472806215 1767314531.488235950 0
Jan 01 19:42:11 np0005573202.novalocal container-server[97119]: ::1 - - [02/Jan/2026:00:42:11 +0000] "HEAD /2/115636/AUTH_50777162d4dc40cfb40939a08020e6ce/gnocchi.82e19df5-2b05-4172-b2e2-f8ed60c0b798" 404 - "HEAD http://[::1]:8080/v1/AUTH_50777162d4dc40cfb40939a08020e6ce/gnocchi.82e19df5-2b05-4172-b2e2-f8ed60c0b798?format=json&states=listing" "tx450bd1a30117417eaeda3-0069571463" "proxy-server 90240" 0.0005 "-" 97119 0
Jan 01 19:42:11 np0005573202.novalocal object-server[97425]: ::1 - - [02/Jan/2026:00:42:11 +0000] "GET /2/177774/AUTH_50777162d4dc40cfb40939a08020e6ce/gnocchi.82e19df5-2b05-4172-b2e2-f8ed60c0b798/none_v3" 404 70 "GET http://[::1]:8080/v1/AUTH_50777162d4dc40cfb40939a08020e6ce/gnocchi.82e19df5-2b05-4172-b2e2-f8ed60c0b798/none_v3" "tx450bd1a30117417eaeda3-0069571463" "proxy-server 90240" 0.0003 "-" 97425 0
Jan 01 19:42:11 np0005573202.novalocal object-server[97425]: ::1 - - [02/Jan/2026:00:42:11 +0000] "GET /3/183281/AUTH_50777162d4dc40cfb40939a08020e6ce/gnocchi.df483625-13f9-4a6a-95f0-3962a30cbcb9/1766880000.0_mean_300.0_v3" 404 70 "GET http://[::1]:8080/v1/AUTH_50777162d4dc40cfb40939a08020e6ce/gnocchi.df483625-13f9-4a6a-95f0-3962a30cbcb9/1766880000.0_mean_300.0_v3" "tx8bb8dcb38c954718adcd1-0069571463" "proxy-server 90240" 0.0002 "-" 97425 0
Jan 01 19:42:11 np0005573202.novalocal object-server[97425]: ::1 - - [02/Jan/2026:00:42:11 +0000] "GET /1/177774/AUTH_50777162d4dc40cfb40939a08020e6ce/gnocchi.82e19df5-2b05-4172-b2e2-f8ed60c0b798/none_v3" 404 70 "GET http://[::1]:8080/v1/AUTH_50777162d4dc40cfb40939a08020e6ce/gnocchi.82e19df5-2b05-4172-b2e2-f8ed60c0b798/none_v3" "tx450bd1a30117417eaeda3-0069571463" "proxy-server 90240" 0.0002 "-" 97425 0
Jan 01 19:42:11 np0005573202.novalocal object-server[97424]: ::1 - - [02/Jan/2026:00:42:11 +0000] "GET /3/177774/AUTH_50777162d4dc40cfb40939a08020e6ce/gnocchi.82e19df5-2b05-4172-b2e2-f8ed60c0b798/none_v3" 404 70 "GET http://[::1]:8080/v1/AUTH_50777162d4dc40cfb40939a08020e6ce/gnocchi.82e19df5-2b05-4172-b2e2-f8ed60c0b798/none_v3" "tx450bd1a30117417eaeda3-0069571463" "proxy-server 90240" 0.0004 "-" 97424 0
Jan 01 19:42:11 np0005573202.novalocal object-server[97426]: ::1 - - [02/Jan/2026:00:42:11 +0000] "GET /1/183281/AUTH_50777162d4dc40cfb40939a08020e6ce/gnocchi.df483625-13f9-4a6a-95f0-3962a30cbcb9/1766880000.0_mean_300.0_v3" 404 70 "GET http://[::1]:8080/v1/AUTH_50777162d4dc40cfb40939a08020e6ce/gnocchi.df483625-13f9-4a6a-95f0-3962a30cbcb9/1766880000.0_mean_300.0_v3" "tx8bb8dcb38c954718adcd1-0069571463" "proxy-server 90240" 0.0004 "-" 97426 0
Jan 01 19:42:11 np0005573202.novalocal proxy-server[90240]: ::1 ::1 02/Jan/2026/00/42/11 GET /v1/AUTH_50777162d4dc40cfb40939a08020e6ce/gnocchi.82e19df5-2b05-4172-b2e2-f8ed60c0b798/none_v3 HTTP/1.0 404 - python-swiftclient-4.2.0 gAAAAABpVxQCpfSE... - 70 - tx450bd1a30117417eaeda3-0069571463 - 0.0317 - - 1767314531.475699663 1767314531.507396936 0
Jan 01 19:42:11 np0005573202.novalocal object-server[97423]: ::1 - - [02/Jan/2026:00:42:11 +0000] "GET /2/183281/AUTH_50777162d4dc40cfb40939a08020e6ce/gnocchi.df483625-13f9-4a6a-95f0-3962a30cbcb9/1766880000.0_mean_300.0_v3" 404 70 "GET http://[::1]:8080/v1/AUTH_50777162d4dc40cfb40939a08020e6ce/gnocchi.df483625-13f9-4a6a-95f0-3962a30cbcb9/1766880000.0_mean_300.0_v3" "tx8bb8dcb38c954718adcd1-0069571463" "proxy-server 90240" 0.0003 "-" 97423 0
