Jan 01 19:40:53 np0005573202.novalocal object-server[97424]: ::1 - - [02/Jan/2026:00:40:53 +0000] "GET /3/16881/AUTH_50777162d4dc40cfb40939a08020e6ce/gnocchi.9087ede3-aa6a-420d-9d13-17390ad4b358/none_v3" 200 22 "GET http://[::1]:8080/v1/AUTH_50777162d4dc40cfb40939a08020e6ce/gnocchi.9087ede3-aa6a-420d-9d13-17390ad4b358/none_v3" "tx7cf0e45b037e42eca783a-0069571415" "proxy-server 90240" 0.0022 "-" 97424 0
Jan 01 19:40:53 np0005573202.novalocal object-server[97423]: ::1 - - [02/Jan/2026:00:40:53 +0000] "GET /2/23424/AUTH_50777162d4dc40cfb40939a08020e6ce/gnocchi.f4fd8d07-c4e7-4878-bdec-0ba774c8ffe8/none_v3" 200 22 "GET http://[::1]:8080/v1/AUTH_50777162d4dc40cfb40939a08020e6ce/gnocchi.f4fd8d07-c4e7-4878-bdec-0ba774c8ffe8/none_v3" "txa0553a6c013e404488a62-0069571415" "proxy-server 90240" 0.0015 "-" 97423 0
Jan 01 19:40:53 np0005573202.novalocal proxy-server[90240]: ::1 ::1 02/Jan/2026/00/40/53 GET /v1/AUTH_50777162d4dc40cfb40939a08020e6ce/gnocchi.f4fd8d07-c4e7-4878-bdec-0ba774c8ffe8/none_v3 HTTP/1.0 200 - python-swiftclient-4.2.0 gAAAAABpVxQCpfSE... - 22 - txa0553a6c013e404488a62-0069571415 - 0.0119 - - 1767314453.340304375 1767314453.352190256 0
Jan 01 19:40:53 np0005573202.novalocal proxy-server[90240]: ::1 ::1 02/Jan/2026/00/40/53 GET /v1/AUTH_50777162d4dc40cfb40939a08020e6ce/gnocchi.9087ede3-aa6a-420d-9d13-17390ad4b358/none_v3 HTTP/1.0 200 - python-swiftclient-4.2.0 gAAAAABpVxP6bS-y... - 22 - tx7cf0e45b037e42eca783a-0069571415 - 0.0215 - - 1767314453.333505869 1767314453.354985476 0
Jan 01 19:40:53 np0005573202.novalocal container-server[97120]: ::1 - - [02/Jan/2026:00:40:53 +0000] "GET /2/31154/AUTH_50777162d4dc40cfb40939a08020e6ce/gnocchi.9087ede3-aa6a-420d-9d13-17390ad4b358" 200 357 "GET http://[::1]:8080/v1/AUTH_50777162d4dc40cfb40939a08020e6ce/gnocchi.9087ede3-aa6a-420d-9d13-17390ad4b358?format=json&states=listing" "tx05e0c880634d47b4aa2ad-0069571415" "proxy-server 90240" 0.0166 "-" 97120 0
Jan 01 19:40:53 np0005573202.novalocal container-server[97122]: ::1 - - [02/Jan/2026:00:40:53 +0000] "GET /2/58768/AUTH_50777162d4dc40cfb40939a08020e6ce/gnocchi.f4fd8d07-c4e7-4878-bdec-0ba774c8ffe8" 200 357 "GET http://[::1]:8080/v1/AUTH_50777162d4dc40cfb40939a08020e6ce/gnocchi.f4fd8d07-c4e7-4878-bdec-0ba774c8ffe8?format=json&states=listing" "tx09c894ba4aa64f83a45cc-0069571415" "proxy-server 90240" 0.0154 "-" 97122 0
Jan 01 19:40:53 np0005573202.novalocal proxy-server[90240]: ::1 ::1 02/Jan/2026/00/40/53 GET /v1/AUTH_50777162d4dc40cfb40939a08020e6ce/gnocchi.9087ede3-aa6a-420d-9d13-17390ad4b358%3Fformat%3Djson%26states%3Dlisting HTTP/1.0 200 - python-swiftclient-4.2.0 gAAAAABpVxP6bS-y... - 357 - tx05e0c880634d47b4aa2ad-0069571415 - 0.0300 - - 1767314453.360944748 1767314453.390901327 0
Jan 01 19:40:53 np0005573202.novalocal proxy-server[90240]: ::1 ::1 02/Jan/2026/00/40/53 GET /v1/AUTH_50777162d4dc40cfb40939a08020e6ce/gnocchi.f4fd8d07-c4e7-4878-bdec-0ba774c8ffe8%3Fformat%3Djson%26states%3Dlisting HTTP/1.0 200 - python-swiftclient-4.2.0 gAAAAABpVxQCpfSE... - 357 - tx09c894ba4aa64f83a45cc-0069571415 - 0.0327 - - 1767314453.359893322 1767314453.392566204 0
Jan 01 19:40:53 np0005573202.novalocal container-server[97120]: ::1 - - [02/Jan/2026:00:40:53 +0000] "GET /2/58768/AUTH_50777162d4dc40cfb40939a08020e6ce/gnocchi.f4fd8d07-c4e7-4878-bdec-0ba774c8ffe8" 200 2 "GET http://[::1]:8080/v1/AUTH_50777162d4dc40cfb40939a08020e6ce/gnocchi.f4fd8d07-c4e7-4878-bdec-0ba774c8ffe8?format=json&marker=none_v3&states=listing" "tx39d28537745143a19d6d7-0069571415" "proxy-server 90240" 0.0032 "-" 97120 0
Jan 01 19:40:53 np0005573202.novalocal proxy-server[90240]: ::1 ::1 02/Jan/2026/00/40/53 GET /v1/AUTH_50777162d4dc40cfb40939a08020e6ce/gnocchi.f4fd8d07-c4e7-4878-bdec-0ba774c8ffe8%3Fformat%3Djson%26marker%3Dnone_v3%26states%3Dlisting HTTP/1.0 200 - python-swiftclient-4.2.0 gAAAAABpVxQCpfSE... - 2 - tx39d28537745143a19d6d7-0069571415 - 0.0167 - - 1767314453.396930933 1767314453.413667679 0
Jan 01 19:40:53 np0005573202.novalocal container-server[97121]: ::1 - - [02/Jan/2026:00:40:53 +0000] "GET /1/31154/AUTH_50777162d4dc40cfb40939a08020e6ce/gnocchi.9087ede3-aa6a-420d-9d13-17390ad4b358" 200 2 "GET http://[::1]:8080/v1/AUTH_50777162d4dc40cfb40939a08020e6ce/gnocchi.9087ede3-aa6a-420d-9d13-17390ad4b358?format=json&marker=none_v3&states=listing" "tx87b52f0e46844500b5d4a-0069571415" "proxy-server 90240" 0.0103 "-" 97121 0
Jan 01 19:40:53 np0005573202.novalocal proxy-server[90240]: ::1 ::1 02/Jan/2026/00/40/53 GET /v1/AUTH_50777162d4dc40cfb40939a08020e6ce/gnocchi.9087ede3-aa6a-420d-9d13-17390ad4b358%3Fformat%3Djson%26marker%3Dnone_v3%26states%3Dlisting HTTP/1.0 200 - python-swiftclient-4.2.0 gAAAAABpVxP6bS-y... - 2 - tx87b52f0e46844500b5d4a-0069571415 - 0.0348 - - 1767314453.395972967 1767314453.430730581 0
Jan 01 19:40:53 np0005573202.novalocal object-server[97424]: ::1 - - [02/Jan/2026:00:40:53 +0000] "GET /2/134863/AUTH_50777162d4dc40cfb40939a08020e6ce/gnocchi.f4fd8d07-c4e7-4878-bdec-0ba774c8ffe8/1766880000.0_mean_300.0_v3" 200 16 "GET http://[::1]:8080/v1/AUTH_50777162d4dc40cfb40939a08020e6ce/gnocchi.f4fd8d07-c4e7-4878-bdec-0ba774c8ffe8/1766880000.0_mean_300.0_v3" "txfb17ec98c2f24040a72fd-0069571415" "proxy-server 90240" 0.0008 "-" 97424 0
Jan 01 19:40:53 np0005573202.novalocal proxy-server[90240]: ::1 ::1 02/Jan/2026/00/40/53 GET /v1/AUTH_50777162d4dc40cfb40939a08020e6ce/gnocchi.f4fd8d07-c4e7-4878-bdec-0ba774c8ffe8/1766880000.0_mean_300.0_v3 HTTP/1.0 200 - python-swiftclient-4.2.0 gAAAAABpVxQCpfSE... - 16 - txfb17ec98c2f24040a72fd-0069571415 - 0.0223 - - 1767314453.418182373 1767314453.440530062 0
Jan 01 19:40:53 np0005573202.novalocal object-server[97423]: ::1 - - [02/Jan/2026:00:40:53 +0000] "GET /3/37912/AUTH_50777162d4dc40cfb40939a08020e6ce/gnocchi.9087ede3-aa6a-420d-9d13-17390ad4b358/1766880000.0_mean_300.0_v3" 200 16 "GET http://[::1]:8080/v1/AUTH_50777162d4dc40cfb40939a08020e6ce/gnocchi.9087ede3-aa6a-420d-9d13-17390ad4b358/1766880000.0_mean_300.0_v3" "txa46f8dd5291a4edc8f85d-0069571415" "proxy-server 90240" 0.0011 "-" 97423 0
Jan 01 19:40:53 np0005573202.novalocal proxy-server[90240]: ::1 ::1 02/Jan/2026/00/40/53 GET /v1/AUTH_50777162d4dc40cfb40939a08020e6ce/gnocchi.9087ede3-aa6a-420d-9d13-17390ad4b358/1766880000.0_mean_300.0_v3 HTTP/1.0 200 - python-swiftclient-4.2.0 gAAAAABpVxP6bS-y... - 16 - txa46f8dd5291a4edc8f85d-0069571415 - 0.0076 - - 1767314453.435601950 1767314453.443206549 0
Jan 01 19:40:53 np0005573202.novalocal sudo[104763]: cinder : PWD=/ ; USER=root ; COMMAND=/usr/bin/cinder-rootwrap /etc/cinder/rootwrap.conf cinder-rtstool get-targets
Jan 01 19:40:53 np0005573202.novalocal systemd[1]: Started Session c136 of User root.
Jan 01 19:40:53 np0005573202.novalocal container-server[97119]: ::1 - - [02/Jan/2026:00:40:53 +0000] "PUT /1/31154/AUTH_50777162d4dc40cfb40939a08020e6ce/gnocchi.9087ede3-aa6a-420d-9d13-17390ad4b358/1766880000.0_mean_300.0_v3" 201 - "PUT http://[::1]:8080/2/37912/AUTH_50777162d4dc40cfb40939a08020e6ce/gnocchi.9087ede3-aa6a-420d-9d13-17390ad4b358/1766880000.0_mean_300.0_v3" "txef3fd621917a4de0b1f09-0069571415" "object-server 97423" 0.0006 "-" 97119 0
Jan 01 19:40:53 np0005573202.novalocal container-server[97119]: ::1 - - [02/Jan/2026:00:40:53 +0000] "PUT /2/31154/AUTH_50777162d4dc40cfb40939a08020e6ce/gnocchi.9087ede3-aa6a-420d-9d13-17390ad4b358/1766880000.0_mean_300.0_v3" 201 - "PUT http://[::1]:8080/3/37912/AUTH_50777162d4dc40cfb40939a08020e6ce/gnocchi.9087ede3-aa6a-420d-9d13-17390ad4b358/1766880000.0_mean_300.0_v3" "txef3fd621917a4de0b1f09-0069571415" "object-server 97425" 0.0004 "-" 97119 0
Jan 01 19:40:53 np0005573202.novalocal object-server[97423]: ::1 - - [02/Jan/2026:00:40:53 +0000] "PUT /2/37912/AUTH_50777162d4dc40cfb40939a08020e6ce/gnocchi.9087ede3-aa6a-420d-9d13-17390ad4b358/1766880000.0_mean_300.0_v3" 201 - "PUT http://[::1]:8080/v1/AUTH_50777162d4dc40cfb40939a08020e6ce/gnocchi.9087ede3-aa6a-420d-9d13-17390ad4b358/1766880000.0_mean_300.0_v3" "txef3fd621917a4de0b1f09-0069571415" "proxy-server 90240" 0.0245 "-" 97423 0
Jan 01 19:40:53 np0005573202.novalocal container-server[97120]: ::1 - - [02/Jan/2026:00:40:53 +0000] "PUT /3/31154/AUTH_50777162d4dc40cfb40939a08020e6ce/gnocchi.9087ede3-aa6a-420d-9d13-17390ad4b358/1766880000.0_mean_300.0_v3" 201 - "PUT http://[::1]:8080/1/37912/AUTH_50777162d4dc40cfb40939a08020e6ce/gnocchi.9087ede3-aa6a-420d-9d13-17390ad4b358/1766880000.0_mean_300.0_v3" "txef3fd621917a4de0b1f09-0069571415" "object-server 97424" 0.0019 "-" 97120 0
Jan 01 19:40:53 np0005573202.novalocal object-server[97425]: ::1 - - [02/Jan/2026:00:40:53 +0000] "PUT /3/37912/AUTH_50777162d4dc40cfb40939a08020e6ce/gnocchi.9087ede3-aa6a-420d-9d13-17390ad4b358/1766880000.0_mean_300.0_v3" 201 - "PUT http://[::1]:8080/v1/AUTH_50777162d4dc40cfb40939a08020e6ce/gnocchi.9087ede3-aa6a-420d-9d13-17390ad4b358/1766880000.0_mean_300.0_v3" "txef3fd621917a4de0b1f09-0069571415" "proxy-server 90240" 0.0291 "-" 97425 0
Jan 01 19:40:53 np0005573202.novalocal sudo[104763]: pam_unix(sudo:session): session opened for user root(uid=0) by (uid=165)
Jan 01 19:40:53 np0005573202.novalocal container-server[97120]: ::1 - - [02/Jan/2026:00:40:53 +0000] "PUT /3/58768/AUTH_50777162d4dc40cfb40939a08020e6ce/gnocchi.f4fd8d07-c4e7-4878-bdec-0ba774c8ffe8/1766880000.0_mean_300.0_v3" 201 - "PUT http://[::1]:8080/2/134863/AUTH_50777162d4dc40cfb40939a08020e6ce/gnocchi.f4fd8d07-c4e7-4878-bdec-0ba774c8ffe8/1766880000.0_mean_300.0_v3" "txa3f21a48a37f4e9eb21e5-0069571415" "object-server 97425" 0.0004 "-" 97120 0
Jan 01 19:40:53 np0005573202.novalocal object-server[97424]: ::1 - - [02/Jan/2026:00:40:53 +0000] "PUT /1/37912/AUTH_50777162d4dc40cfb40939a08020e6ce/gnocchi.9087ede3-aa6a-420d-9d13-17390ad4b358/1766880000.0_mean_300.0_v3" 201 - "PUT http://[::1]:8080/v1/AUTH_50777162d4dc40cfb40939a08020e6ce/gnocchi.9087ede3-aa6a-420d-9d13-17390ad4b358/1766880000.0_mean_300.0_v3" "txef3fd621917a4de0b1f09-0069571415" "proxy-server 90240" 0.0332 "-" 97424 0
Jan 01 19:40:53 np0005573202.novalocal object-server[97425]: ::1 - - [02/Jan/2026:00:40:53 +0000] "PUT /2/134863/AUTH_50777162d4dc40cfb40939a08020e6ce/gnocchi.f4fd8d07-c4e7-4878-bdec-0ba774c8ffe8/1766880000.0_mean_300.0_v3" 201 - "PUT http://[::1]:8080/v1/AUTH_50777162d4dc40cfb40939a08020e6ce/gnocchi.f4fd8d07-c4e7-4878-bdec-0ba774c8ffe8/1766880000.0_mean_300.0_v3" "txa3f21a48a37f4e9eb21e5-0069571415" "proxy-server 90240" 0.0192 "-" 97425 0
Jan 01 19:40:53 np0005573202.novalocal container-server[97120]: ::1 - - [02/Jan/2026:00:40:53 +0000] "PUT /2/58768/AUTH_50777162d4dc40cfb40939a08020e6ce/gnocchi.f4fd8d07-c4e7-4878-bdec-0ba774c8ffe8/1766880000.0_mean_300.0_v3" 201 - "PUT http://[::1]:8080/1/134863/AUTH_50777162d4dc40cfb40939a08020e6ce/gnocchi.f4fd8d07-c4e7-4878-bdec-0ba774c8ffe8/1766880000.0_mean_300.0_v3" "txa3f21a48a37f4e9eb21e5-0069571415" "object-server 97424" 0.0004 "-" 97120 0
Jan 01 19:40:53 np0005573202.novalocal container-server[97122]: ::1 - - [02/Jan/2026:00:40:53 +0000] "PUT /1/58768/AUTH_50777162d4dc40cfb40939a08020e6ce/gnocchi.f4fd8d07-c4e7-4878-bdec-0ba774c8ffe8/1766880000.0_mean_300.0_v3" 201 - "PUT http://[::1]:8080/3/134863/AUTH_50777162d4dc40cfb40939a08020e6ce/gnocchi.f4fd8d07-c4e7-4878-bdec-0ba774c8ffe8/1766880000.0_mean_300.0_v3" "txa3f21a48a37f4e9eb21e5-0069571415" "object-server 97424" 0.0006 "-" 97122 0
Jan 01 19:40:53 np0005573202.novalocal object-server[97424]: ::1 - - [02/Jan/2026:00:40:53 +0000] "PUT /1/134863/AUTH_50777162d4dc40cfb40939a08020e6ce/gnocchi.f4fd8d07-c4e7-4878-bdec-0ba774c8ffe8/1766880000.0_mean_300.0_v3" 201 - "PUT http://[::1]:8080/v1/AUTH_50777162d4dc40cfb40939a08020e6ce/gnocchi.f4fd8d07-c4e7-4878-bdec-0ba774c8ffe8/1766880000.0_mean_300.0_v3" "txa3f21a48a37f4e9eb21e5-0069571415" "proxy-server 90240" 0.0197 "-" 97424 0
Jan 01 19:40:53 np0005573202.novalocal object-server[97424]: ::1 - - [02/Jan/2026:00:40:53 +0000] "PUT /3/134863/AUTH_50777162d4dc40cfb40939a08020e6ce/gnocchi.f4fd8d07-c4e7-4878-bdec-0ba774c8ffe8/1766880000.0_mean_300.0_v3" 201 - "PUT http://[::1]:8080/v1/AUTH_50777162d4dc40cfb40939a08020e6ce/gnocchi.f4fd8d07-c4e7-4878-bdec-0ba774c8ffe8/1766880000.0_mean_300.0_v3" "txa3f21a48a37f4e9eb21e5-0069571415" "proxy-server 90240" 0.0230 "-" 97424 0
Jan 01 19:40:53 np0005573202.novalocal proxy-server[90240]: ::1 ::1 02/Jan/2026/00/40/53 PUT /v1/AUTH_50777162d4dc40cfb40939a08020e6ce/gnocchi.9087ede3-aa6a-420d-9d13-17390ad4b358/1766880000.0_mean_300.0_v3 HTTP/1.0 201 - python-swiftclient-4.2.0 gAAAAABpVxP6bS-y... 16 - - txef3fd621917a4de0b1f09-0069571415 - 0.0546 - - 1767314453.449789762 1767314453.504437685 0
Jan 01 19:40:53 np0005573202.novalocal proxy-server[90240]: ::1 ::1 02/Jan/2026/00/40/53 PUT /v1/AUTH_50777162d4dc40cfb40939a08020e6ce/gnocchi.f4fd8d07-c4e7-4878-bdec-0ba774c8ffe8/1766880000.0_mean_300.0_v3 HTTP/1.0 201 - python-swiftclient-4.2.0 gAAAAABpVxQCpfSE... 16 - - txa3f21a48a37f4e9eb21e5-0069571415 - 0.0589 - - 1767314453.446917772 1767314453.505803108 0
Jan 01 19:40:53 np0005573202.novalocal container-server[97119]: ::1 - - [02/Jan/2026:00:40:53 +0000] "PUT /2/58768/AUTH_50777162d4dc40cfb40939a08020e6ce/gnocchi.f4fd8d07-c4e7-4878-bdec-0ba774c8ffe8/none_v3" 201 - "PUT http://[::1]:8080/3/23424/AUTH_50777162d4dc40cfb40939a08020e6ce/gnocchi.f4fd8d07-c4e7-4878-bdec-0ba774c8ffe8/none_v3" "tx2f403ec94f8e47aa870e6-0069571415" "object-server 97424" 0.0006 "-" 97119 0
Jan 01 19:40:53 np0005573202.novalocal object-server[97424]: ::1 - - [02/Jan/2026:00:40:53 +0000] "PUT /3/23424/AUTH_50777162d4dc40cfb40939a08020e6ce/gnocchi.f4fd8d07-c4e7-4878-bdec-0ba774c8ffe8/none_v3" 201 - "PUT http://[::1]:8080/v1/AUTH_50777162d4dc40cfb40939a08020e6ce/gnocchi.f4fd8d07-c4e7-4878-bdec-0ba774c8ffe8/none_v3" "tx2f403ec94f8e47aa870e6-0069571415" "proxy-server 90240" 0.0090 "-" 97424 0
Jan 01 19:40:53 np0005573202.novalocal container-server[97122]: ::1 - - [02/Jan/2026:00:40:53 +0000] "PUT /2/31154/AUTH_50777162d4dc40cfb40939a08020e6ce/gnocchi.9087ede3-aa6a-420d-9d13-17390ad4b358/none_v3" 201 - "PUT http://[::1]:8080/1/16881/AUTH_50777162d4dc40cfb40939a08020e6ce/gnocchi.9087ede3-aa6a-420d-9d13-17390ad4b358/none_v3" "tx33486e57172e4f059eed5-0069571415" "object-server 97425" 0.0007 "-" 97122 0
Jan 01 19:40:53 np0005573202.novalocal container-server[97120]: ::1 - - [02/Jan/2026:00:40:53 +0000] "PUT /1/31154/AUTH_50777162d4dc40cfb40939a08020e6ce/gnocchi.9087ede3-aa6a-420d-9d13-17390ad4b358/none_v3" 201 - "PUT http://[::1]:8080/3/16881/AUTH_50777162d4dc40cfb40939a08020e6ce/gnocchi.9087ede3-aa6a-420d-9d13-17390ad4b358/none_v3" "tx33486e57172e4f059eed5-0069571415" "object-server 97423" 0.0007 "-" 97120 0
Jan 01 19:40:53 np0005573202.novalocal container-server[97121]: ::1 - - [02/Jan/2026:00:40:53 +0000] "PUT /3/31154/AUTH_50777162d4dc40cfb40939a08020e6ce/gnocchi.9087ede3-aa6a-420d-9d13-17390ad4b358/none_v3" 201 - "PUT http://[::1]:8080/2/16881/AUTH_50777162d4dc40cfb40939a08020e6ce/gnocchi.9087ede3-aa6a-420d-9d13-17390ad4b358/none_v3" "tx33486e57172e4f059eed5-0069571415" "object-server 97425" 0.0009 "-" 97121 0
Jan 01 19:40:53 np0005573202.novalocal object-server[97425]: ::1 - - [02/Jan/2026:00:40:53 +0000] "PUT /1/16881/AUTH_50777162d4dc40cfb40939a08020e6ce/gnocchi.9087ede3-aa6a-420d-9d13-17390ad4b358/none_v3" 201 - "PUT http://[::1]:8080/v1/AUTH_50777162d4dc40cfb40939a08020e6ce/gnocchi.9087ede3-aa6a-420d-9d13-17390ad4b358/none_v3" "tx33486e57172e4f059eed5-0069571415" "proxy-server 90240" 0.0197 "-" 97425 0
Jan 01 19:40:53 np0005573202.novalocal object-server[97425]: ::1 - - [02/Jan/2026:00:40:53 +0000] "PUT /2/16881/AUTH_50777162d4dc40cfb40939a08020e6ce/gnocchi.9087ede3-aa6a-420d-9d13-17390ad4b358/none_v3" 201 - "PUT http://[::1]:8080/v1/AUTH_50777162d4dc40cfb40939a08020e6ce/gnocchi.9087ede3-aa6a-420d-9d13-17390ad4b358/none_v3" "tx33486e57172e4f059eed5-0069571415" "proxy-server 90240" 0.0189 "-" 97425 0
Jan 01 19:40:53 np0005573202.novalocal container-server[97121]: ::1 - - [02/Jan/2026:00:40:53 +0000] "PUT /3/58768/AUTH_50777162d4dc40cfb40939a08020e6ce/gnocchi.f4fd8d07-c4e7-4878-bdec-0ba774c8ffe8/none_v3" 201 - "PUT http://[::1]:8080/2/23424/AUTH_50777162d4dc40cfb40939a08020e6ce/gnocchi.f4fd8d07-c4e7-4878-bdec-0ba774c8ffe8/none_v3" "tx2f403ec94f8e47aa870e6-0069571415" "object-server 97423" 0.0007 "-" 97121 0
Jan 01 19:40:53 np0005573202.novalocal object-server[97423]: ::1 - - [02/Jan/2026:00:40:53 +0000] "PUT /3/16881/AUTH_50777162d4dc40cfb40939a08020e6ce/gnocchi.9087ede3-aa6a-420d-9d13-17390ad4b358/none_v3" 201 - "PUT http://[::1]:8080/v1/AUTH_50777162d4dc40cfb40939a08020e6ce/gnocchi.9087ede3-aa6a-420d-9d13-17390ad4b358/none_v3" "tx33486e57172e4f059eed5-0069571415" "proxy-server 90240" 0.0185 "-" 97423 0
Jan 01 19:40:53 np0005573202.novalocal container-server[97121]: ::1 - - [02/Jan/2026:00:40:53 +0000] "PUT /1/58768/AUTH_50777162d4dc40cfb40939a08020e6ce/gnocchi.f4fd8d07-c4e7-4878-bdec-0ba774c8ffe8/none_v3" 201 - "PUT http://[::1]:8080/1/23424/AUTH_50777162d4dc40cfb40939a08020e6ce/gnocchi.f4fd8d07-c4e7-4878-bdec-0ba774c8ffe8/none_v3" "tx2f403ec94f8e47aa870e6-0069571415" "object-server 97424" 0.0003 "-" 97121 0
Jan 01 19:40:53 np0005573202.novalocal object-server[97423]: ::1 - - [02/Jan/2026:00:40:53 +0000] "PUT /2/23424/AUTH_50777162d4dc40cfb40939a08020e6ce/gnocchi.f4fd8d07-c4e7-4878-bdec-0ba774c8ffe8/none_v3" 201 - "PUT http://[::1]:8080/v1/AUTH_50777162d4dc40cfb40939a08020e6ce/gnocchi.f4fd8d07-c4e7-4878-bdec-0ba774c8ffe8/none_v3" "tx2f403ec94f8e47aa870e6-0069571415" "proxy-server 90240" 0.0157 "-" 97423 0
Jan 01 19:40:53 np0005573202.novalocal object-server[97424]: ::1 - - [02/Jan/2026:00:40:53 +0000] "PUT /1/23424/AUTH_50777162d4dc40cfb40939a08020e6ce/gnocchi.f4fd8d07-c4e7-4878-bdec-0ba774c8ffe8/none_v3" 201 - "PUT http://[::1]:8080/v1/AUTH_50777162d4dc40cfb40939a08020e6ce/gnocchi.f4fd8d07-c4e7-4878-bdec-0ba774c8ffe8/none_v3" "tx2f403ec94f8e47aa870e6-0069571415" "proxy-server 90240" 0.0158 "-" 97424 0
Jan 01 19:40:53 np0005573202.novalocal proxy-server[90240]: ::1 ::1 02/Jan/2026/00/40/53 PUT /v1/AUTH_50777162d4dc40cfb40939a08020e6ce/gnocchi.9087ede3-aa6a-420d-9d13-17390ad4b358/none_v3 HTTP/1.0 201 - python-swiftclient-4.2.0 gAAAAABpVxP6bS-y... 27 - - tx33486e57172e4f059eed5-0069571415 - 0.0289 - - 1767314453.507539988 1767314453.536391973 0
Jan 01 19:40:53 np0005573202.novalocal proxy-server[90240]: ::1 ::1 02/Jan/2026/00/40/53 PUT /v1/AUTH_50777162d4dc40cfb40939a08020e6ce/gnocchi.f4fd8d07-c4e7-4878-bdec-0ba774c8ffe8/none_v3 HTTP/1.0 201 - python-swiftclient-4.2.0 gAAAAABpVxQCpfSE... 32 - - tx2f403ec94f8e47aa870e6-0069571415 - 0.0252 - - 1767314453.513299942 1767314453.538465261 0
Jan 01 19:40:53 np0005573202.novalocal object-server[97424]: ::1 - - [02/Jan/2026:00:40:53 +0000] "GET /3/45092/AUTH_50777162d4dc40cfb40939a08020e6ce/gnocchi.0ad2e7cf-06aa-48b8-bcfd-6bb679bf8de6/none_v3" 200 22 "GET http://[::1]:8080/v1/AUTH_50777162d4dc40cfb40939a08020e6ce/gnocchi.0ad2e7cf-06aa-48b8-bcfd-6bb679bf8de6/none_v3" "tx51948b9abf0b467abff64-0069571415" "proxy-server 90240" 0.0012 "-" 97424 0
Jan 01 19:40:53 np0005573202.novalocal proxy-server[90240]: ::1 ::1 02/Jan/2026/00/40/53 GET /v1/AUTH_50777162d4dc40cfb40939a08020e6ce/gnocchi.0ad2e7cf-06aa-48b8-bcfd-6bb679bf8de6/none_v3 HTTP/1.0 200 - python-swiftclient-4.2.0 gAAAAABpVxP6bS-y... - 22 - tx51948b9abf0b467abff64-0069571415 - 0.0110 - - 1767314453.550094604 1767314453.561107874 0
Jan 01 19:40:53 np0005573202.novalocal object-server[97424]: ::1 - - [02/Jan/2026:00:40:53 +0000] "GET /1/215494/AUTH_50777162d4dc40cfb40939a08020e6ce/gnocchi.85995f1e-271e-4a6f-b41e-550525de8b61/none_v3" 200 52 "GET http://[::1]:8080/v1/AUTH_50777162d4dc40cfb40939a08020e6ce/gnocchi.85995f1e-271e-4a6f-b41e-550525de8b61/none_v3" "tx976c8ec3c0de4ba1b550a-0069571415" "proxy-server 90240" 0.0006 "-" 97424 0
Jan 01 19:40:53 np0005573202.novalocal proxy-server[90240]: ::1 ::1 02/Jan/2026/00/40/53 GET /v1/AUTH_50777162d4dc40cfb40939a08020e6ce/gnocchi.85995f1e-271e-4a6f-b41e-550525de8b61/none_v3 HTTP/1.0 200 - python-swiftclient-4.2.0 gAAAAABpVxQCpfSE... - 52 - tx976c8ec3c0de4ba1b550a-0069571415 - 0.0131 - - 1767314453.555046558 1767314453.568133593 0
Jan 01 19:40:53 np0005573202.novalocal container-server[97122]: ::1 - - [02/Jan/2026:00:40:53 +0000] "GET /2/46924/AUTH_50777162d4dc40cfb40939a08020e6ce/gnocchi.0ad2e7cf-06aa-48b8-bcfd-6bb679bf8de6" 200 357 "GET http://[::1]:8080/v1/AUTH_50777162d4dc40cfb40939a08020e6ce/gnocchi.0ad2e7cf-06aa-48b8-bcfd-6bb679bf8de6?format=json&states=listing" "tx1b75a550b15047bfa4ea8-0069571415" "proxy-server 90240" 0.0104 "-" 97122 0
Jan 01 19:40:53 np0005573202.novalocal proxy-server[90240]: ::1 ::1 02/Jan/2026/00/40/53 GET /v1/AUTH_50777162d4dc40cfb40939a08020e6ce/gnocchi.0ad2e7cf-06aa-48b8-bcfd-6bb679bf8de6%3Fformat%3Djson%26states%3Dlisting HTTP/1.0 200 - python-swiftclient-4.2.0 gAAAAABpVxP6bS-y... - 357 - tx1b75a550b15047bfa4ea8-0069571415 - 0.0203 - - 1767314453.566776752 1767314453.587084532 0
Jan 01 19:40:53 np0005573202.novalocal container-server[97120]: ::1 - - [02/Jan/2026:00:40:53 +0000] "GET /1/211736/AUTH_50777162d4dc40cfb40939a08020e6ce/gnocchi.85995f1e-271e-4a6f-b41e-550525de8b61" 200 357 "GET http://[::1]:8080/v1/AUTH_50777162d4dc40cfb40939a08020e6ce/gnocchi.85995f1e-271e-4a6f-b41e-550525de8b61?format=json&states=listing" "tx6969b9cf6c3b442184b4f-0069571415" "proxy-server 90240" 0.0137 "-" 97120 0
Jan 01 19:40:53 np0005573202.novalocal proxy-server[90240]: ::1 ::1 02/Jan/2026/00/40/53 GET /v1/AUTH_50777162d4dc40cfb40939a08020e6ce/gnocchi.85995f1e-271e-4a6f-b41e-550525de8b61%3Fformat%3Djson%26states%3Dlisting HTTP/1.0 200 - python-swiftclient-4.2.0 gAAAAABpVxQCpfSE... - 357 - tx6969b9cf6c3b442184b4f-0069571415 - 0.0229 - - 1767314453.572103262 1767314453.594991207 0
Jan 01 19:40:53 np0005573202.novalocal container-server[97122]: ::1 - - [02/Jan/2026:00:40:53 +0000] "GET /1/46924/AUTH_50777162d4dc40cfb40939a08020e6ce/gnocchi.0ad2e7cf-06aa-48b8-bcfd-6bb679bf8de6" 200 2 "GET http://[::1]:8080/v1/AUTH_50777162d4dc40cfb40939a08020e6ce/gnocchi.0ad2e7cf-06aa-48b8-bcfd-6bb679bf8de6?format=json&marker=none_v3&states=listing" "txdf767e308bea4f27a0269-0069571415" "proxy-server 90240" 0.0137 "-" 97122 0
Jan 01 19:40:53 np0005573202.novalocal proxy-server[90240]: ::1 ::1 02/Jan/2026/00/40/53 GET /v1/AUTH_50777162d4dc40cfb40939a08020e6ce/gnocchi.0ad2e7cf-06aa-48b8-bcfd-6bb679bf8de6%3Fformat%3Djson%26marker%3Dnone_v3%26states%3Dlisting HTTP/1.0 200 - python-swiftclient-4.2.0 gAAAAABpVxP6bS-y... - 2 - txdf767e308bea4f27a0269-0069571415 - 0.0286 - - 1767314453.592046738 1767314453.620663881 0
Jan 01 19:40:53 np0005573202.novalocal container-server[97121]: ::1 - - [02/Jan/2026:00:40:53 +0000] "GET /2/211736/AUTH_50777162d4dc40cfb40939a08020e6ce/gnocchi.85995f1e-271e-4a6f-b41e-550525de8b61" 200 2 "GET http://[::1]:8080/v1/AUTH_50777162d4dc40cfb40939a08020e6ce/gnocchi.85995f1e-271e-4a6f-b41e-550525de8b61?format=json&marker=none_v3&states=listing" "txa9456d57a6b24f40b5956-0069571415" "proxy-server 90240" 0.0226 "-" 97121 0
Jan 01 19:40:53 np0005573202.novalocal proxy-server[90240]: ::1 ::1 02/Jan/2026/00/40/53 GET /v1/AUTH_50777162d4dc40cfb40939a08020e6ce/gnocchi.85995f1e-271e-4a6f-b41e-550525de8b61%3Fformat%3Djson%26marker%3Dnone_v3%26states%3Dlisting HTTP/1.0 200 - python-swiftclient-4.2.0 gAAAAABpVxQCpfSE... - 2 - txa9456d57a6b24f40b5956-0069571415 - 0.0335 - - 1767314453.602837086 1767314453.636315107 0
Jan 01 19:40:53 np0005573202.novalocal object-server[97424]: ::1 - - [02/Jan/2026:00:40:53 +0000] "GET /1/110860/AUTH_50777162d4dc40cfb40939a08020e6ce/gnocchi.0ad2e7cf-06aa-48b8-bcfd-6bb679bf8de6/1766880000.0_mean_300.0_v3" 200 16 "GET http://[::1]:8080/v1/AUTH_50777162d4dc40cfb40939a08020e6ce/gnocchi.0ad2e7cf-06aa-48b8-bcfd-6bb679bf8de6/1766880000.0_mean_300.0_v3" "tx535a9836c8494c4e93f1f-0069571415" "proxy-server 90240" 0.0008 "-" 97424 0
Jan 01 19:40:53 np0005573202.novalocal proxy-server[90240]: ::1 ::1 02/Jan/2026/00/40/53 GET /v1/AUTH_50777162d4dc40cfb40939a08020e6ce/gnocchi.0ad2e7cf-06aa-48b8-bcfd-6bb679bf8de6/1766880000.0_mean_300.0_v3 HTTP/1.0 200 - python-swiftclient-4.2.0 gAAAAABpVxP6bS-y... - 16 - tx535a9836c8494c4e93f1f-0069571415 - 0.0096 - - 1767314453.639297724 1767314453.648919582 0
Jan 01 19:40:53 np0005573202.novalocal object-server[97424]: ::1 - - [02/Jan/2026:00:40:53 +0000] "GET /2/127790/AUTH_50777162d4dc40cfb40939a08020e6ce/gnocchi.85995f1e-271e-4a6f-b41e-550525de8b61/1766880000.0_mean_300.0_v3" 200 16 "GET http://[::1]:8080/v1/AUTH_50777162d4dc40cfb40939a08020e6ce/gnocchi.85995f1e-271e-4a6f-b41e-550525de8b61/1766880000.0_mean_300.0_v3" "txd747504e3f344f7ba757b-0069571415" "proxy-server 90240" 0.0008 "-" 97424 0
Jan 01 19:40:53 np0005573202.novalocal proxy-server[90240]: ::1 ::1 02/Jan/2026/00/40/53 GET /v1/AUTH_50777162d4dc40cfb40939a08020e6ce/gnocchi.85995f1e-271e-4a6f-b41e-550525de8b61/1766880000.0_mean_300.0_v3 HTTP/1.0 200 - python-swiftclient-4.2.0 gAAAAABpVxQCpfSE... - 16 - txd747504e3f344f7ba757b-0069571415 - 0.0130 - - 1767314453.643631458 1767314453.656680822 0
Jan 01 19:40:53 np0005573202.novalocal container-server[97120]: ::1 - - [02/Jan/2026:00:40:53 +0000] "PUT /2/46924/AUTH_50777162d4dc40cfb40939a08020e6ce/gnocchi.0ad2e7cf-06aa-48b8-bcfd-6bb679bf8de6/1766880000.0_mean_300.0_v3" 201 - "PUT http://[::1]:8080/1/110860/AUTH_50777162d4dc40cfb40939a08020e6ce/gnocchi.0ad2e7cf-06aa-48b8-bcfd-6bb679bf8de6/1766880000.0_mean_300.0_v3" "txbd4a8d043052409680807-0069571415" "object-server 97424" 0.0007 "-" 97120 0
Jan 01 19:40:53 np0005573202.novalocal object-server[97424]: ::1 - - [02/Jan/2026:00:40:53 +0000] "PUT /1/110860/AUTH_50777162d4dc40cfb40939a08020e6ce/gnocchi.0ad2e7cf-06aa-48b8-bcfd-6bb679bf8de6/1766880000.0_mean_300.0_v3" 201 - "PUT http://[::1]:8080/v1/AUTH_50777162d4dc40cfb40939a08020e6ce/gnocchi.0ad2e7cf-06aa-48b8-bcfd-6bb679bf8de6/1766880000.0_mean_300.0_v3" "txbd4a8d043052409680807-0069571415" "proxy-server 90240" 0.0195 "-" 97424 0
Jan 01 19:40:53 np0005573202.novalocal container-server[97120]: ::1 - - [02/Jan/2026:00:40:53 +0000] "PUT /2/211736/AUTH_50777162d4dc40cfb40939a08020e6ce/gnocchi.85995f1e-271e-4a6f-b41e-550525de8b61/1766880000.0_mean_300.0_v3" 201 - "PUT http://[::1]:8080/2/127790/AUTH_50777162d4dc40cfb40939a08020e6ce/gnocchi.85995f1e-271e-4a6f-b41e-550525de8b61/1766880000.0_mean_300.0_v3" "txdcdd97d9fcc24356a5345-0069571415" "object-server 97425" 0.0007 "-" 97120 0
Jan 01 19:40:53 np0005573202.novalocal object-server[97425]: ::1 - - [02/Jan/2026:00:40:53 +0000] "PUT /2/127790/AUTH_50777162d4dc40cfb40939a08020e6ce/gnocchi.85995f1e-271e-4a6f-b41e-550525de8b61/1766880000.0_mean_300.0_v3" 201 - "PUT http://[::1]:8080/v1/AUTH_50777162d4dc40cfb40939a08020e6ce/gnocchi.85995f1e-271e-4a6f-b41e-550525de8b61/1766880000.0_mean_300.0_v3" "txdcdd97d9fcc24356a5345-0069571415" "proxy-server 90240" 0.0242 "-" 97425 0
Jan 01 19:40:53 np0005573202.novalocal container-server[97120]: ::1 - - [02/Jan/2026:00:40:53 +0000] "PUT /3/46924/AUTH_50777162d4dc40cfb40939a08020e6ce/gnocchi.0ad2e7cf-06aa-48b8-bcfd-6bb679bf8de6/1766880000.0_mean_300.0_v3" 201 - "PUT http://[::1]:8080/3/110860/AUTH_50777162d4dc40cfb40939a08020e6ce/gnocchi.0ad2e7cf-06aa-48b8-bcfd-6bb679bf8de6/1766880000.0_mean_300.0_v3" "txbd4a8d043052409680807-0069571415" "object-server 97423" 0.0008 "-" 97120 0
Jan 01 19:40:53 np0005573202.novalocal object-server[97423]: ::1 - - [02/Jan/2026:00:40:53 +0000] "PUT /3/110860/AUTH_50777162d4dc40cfb40939a08020e6ce/gnocchi.0ad2e7cf-06aa-48b8-bcfd-6bb679bf8de6/1766880000.0_mean_300.0_v3" 201 - "PUT http://[::1]:8080/v1/AUTH_50777162d4dc40cfb40939a08020e6ce/gnocchi.0ad2e7cf-06aa-48b8-bcfd-6bb679bf8de6/1766880000.0_mean_300.0_v3" "txbd4a8d043052409680807-0069571415" "proxy-server 90240" 0.0380 "-" 97423 0
Jan 01 19:40:53 np0005573202.novalocal container-server[97119]: ::1 - - [02/Jan/2026:00:40:53 +0000] "PUT /1/211736/AUTH_50777162d4dc40cfb40939a08020e6ce/gnocchi.85995f1e-271e-4a6f-b41e-550525de8b61/1766880000.0_mean_300.0_v3" 201 - "PUT http://[::1]:8080/1/127790/AUTH_50777162d4dc40cfb40939a08020e6ce/gnocchi.85995f1e-271e-4a6f-b41e-550525de8b61/1766880000.0_mean_300.0_v3" "txdcdd97d9fcc24356a5345-0069571415" "object-server 97423" 0.0006 "-" 97119 0
Jan 01 19:40:53 np0005573202.novalocal container-server[97120]: ::1 - - [02/Jan/2026:00:40:53 +0000] "PUT /3/211736/AUTH_50777162d4dc40cfb40939a08020e6ce/gnocchi.85995f1e-271e-4a6f-b41e-550525de8b61/1766880000.0_mean_300.0_v3" 201 - "PUT http://[::1]:8080/3/127790/AUTH_50777162d4dc40cfb40939a08020e6ce/gnocchi.85995f1e-271e-4a6f-b41e-550525de8b61/1766880000.0_mean_300.0_v3" "txdcdd97d9fcc24356a5345-0069571415" "object-server 97423" 0.0006 "-" 97120 0
Jan 01 19:40:53 np0005573202.novalocal container-server[97121]: ::1 - - [02/Jan/2026:00:40:53 +0000] "PUT /1/46924/AUTH_50777162d4dc40cfb40939a08020e6ce/gnocchi.0ad2e7cf-06aa-48b8-bcfd-6bb679bf8de6/1766880000.0_mean_300.0_v3" 201 - "PUT http://[::1]:8080/2/110860/AUTH_50777162d4dc40cfb40939a08020e6ce/gnocchi.0ad2e7cf-06aa-48b8-bcfd-6bb679bf8de6/1766880000.0_mean_300.0_v3" "txbd4a8d043052409680807-0069571415" "object-server 97423" 0.0007 "-" 97121 0
Jan 01 19:40:53 np0005573202.novalocal object-server[97423]: ::1 - - [02/Jan/2026:00:40:53 +0000] "PUT /1/127790/AUTH_50777162d4dc40cfb40939a08020e6ce/gnocchi.85995f1e-271e-4a6f-b41e-550525de8b61/1766880000.0_mean_300.0_v3" 201 - "PUT http://[::1]:8080/v1/AUTH_50777162d4dc40cfb40939a08020e6ce/gnocchi.85995f1e-271e-4a6f-b41e-550525de8b61/1766880000.0_mean_300.0_v3" "txdcdd97d9fcc24356a5345-0069571415" "proxy-server 90240" 0.0355 "-" 97423 0
Jan 01 19:40:53 np0005573202.novalocal object-server[97423]: ::1 - - [02/Jan/2026:00:40:53 +0000] "PUT /3/127790/AUTH_50777162d4dc40cfb40939a08020e6ce/gnocchi.85995f1e-271e-4a6f-b41e-550525de8b61/1766880000.0_mean_300.0_v3" 201 - "PUT http://[::1]:8080/v1/AUTH_50777162d4dc40cfb40939a08020e6ce/gnocchi.85995f1e-271e-4a6f-b41e-550525de8b61/1766880000.0_mean_300.0_v3" "txdcdd97d9fcc24356a5345-0069571415" "proxy-server 90240" 0.0335 "-" 97423 0
Jan 01 19:40:53 np0005573202.novalocal object-server[97423]: ::1 - - [02/Jan/2026:00:40:53 +0000] "PUT /2/110860/AUTH_50777162d4dc40cfb40939a08020e6ce/gnocchi.0ad2e7cf-06aa-48b8-bcfd-6bb679bf8de6/1766880000.0_mean_300.0_v3" 201 - "PUT http://[::1]:8080/v1/AUTH_50777162d4dc40cfb40939a08020e6ce/gnocchi.0ad2e7cf-06aa-48b8-bcfd-6bb679bf8de6/1766880000.0_mean_300.0_v3" "txbd4a8d043052409680807-0069571415" "proxy-server 90240" 0.0524 "-" 97423 0
Jan 01 19:40:53 np0005573202.novalocal proxy-server[90240]: ::1 ::1 02/Jan/2026/00/40/53 PUT /v1/AUTH_50777162d4dc40cfb40939a08020e6ce/gnocchi.85995f1e-271e-4a6f-b41e-550525de8b61/1766880000.0_mean_300.0_v3 HTTP/1.0 201 - python-swiftclient-4.2.0 gAAAAABpVxQCpfSE... 16 - - txdcdd97d9fcc24356a5345-0069571415 - 0.0531 - - 1767314453.666114807 1767314453.719233990 0
Jan 01 19:40:53 np0005573202.novalocal proxy-server[90240]: ::1 ::1 02/Jan/2026/00/40/53 PUT /v1/AUTH_50777162d4dc40cfb40939a08020e6ce/gnocchi.0ad2e7cf-06aa-48b8-bcfd-6bb679bf8de6/1766880000.0_mean_300.0_v3 HTTP/1.0 201 - python-swiftclient-4.2.0 gAAAAABpVxP6bS-y... 16 - - txbd4a8d043052409680807-0069571415 - 0.0630 - - 1767314453.657867432 1767314453.720880985 0
Jan 01 19:40:53 np0005573202.novalocal container-server[97119]: ::1 - - [02/Jan/2026:00:40:53 +0000] "PUT /3/211736/AUTH_50777162d4dc40cfb40939a08020e6ce/gnocchi.85995f1e-271e-4a6f-b41e-550525de8b61/none_v3" 201 - "PUT http://[::1]:8080/3/215494/AUTH_50777162d4dc40cfb40939a08020e6ce/gnocchi.85995f1e-271e-4a6f-b41e-550525de8b61/none_v3" "txf19367fe20d9470f87912-0069571415" "object-server 97423" 0.0006 "-" 97119 0
Jan 01 19:40:53 np0005573202.novalocal object-server[97423]: ::1 - - [02/Jan/2026:00:40:53 +0000] "PUT /3/215494/AUTH_50777162d4dc40cfb40939a08020e6ce/gnocchi.85995f1e-271e-4a6f-b41e-550525de8b61/none_v3" 201 - "PUT http://[::1]:8080/v1/AUTH_50777162d4dc40cfb40939a08020e6ce/gnocchi.85995f1e-271e-4a6f-b41e-550525de8b61/none_v3" "txf19367fe20d9470f87912-0069571415" "proxy-server 90240" 0.0122 "-" 97423 0
Jan 01 19:40:53 np0005573202.novalocal container-server[97119]: ::1 - - [02/Jan/2026:00:40:53 +0000] "PUT /2/211736/AUTH_50777162d4dc40cfb40939a08020e6ce/gnocchi.85995f1e-271e-4a6f-b41e-550525de8b61/none_v3" 201 - "PUT http://[::1]:8080/1/215494/AUTH_50777162d4dc40cfb40939a08020e6ce/gnocchi.85995f1e-271e-4a6f-b41e-550525de8b61/none_v3" "txf19367fe20d9470f87912-0069571415" "object-server 97424" 0.0005 "-" 97119 0
Jan 01 19:40:53 np0005573202.novalocal object-server[97424]: ::1 - - [02/Jan/2026:00:40:53 +0000] "PUT /1/215494/AUTH_50777162d4dc40cfb40939a08020e6ce/gnocchi.85995f1e-271e-4a6f-b41e-550525de8b61/none_v3" 201 - "PUT http://[::1]:8080/v1/AUTH_50777162d4dc40cfb40939a08020e6ce/gnocchi.85995f1e-271e-4a6f-b41e-550525de8b61/none_v3" "txf19367fe20d9470f87912-0069571415" "proxy-server 90240" 0.0236 "-" 97424 0
Jan 01 19:40:53 np0005573202.novalocal container-server[97120]: ::1 - - [02/Jan/2026:00:40:53 +0000] "PUT /1/211736/AUTH_50777162d4dc40cfb40939a08020e6ce/gnocchi.85995f1e-271e-4a6f-b41e-550525de8b61/none_v3" 201 - "PUT http://[::1]:8080/2/215494/AUTH_50777162d4dc40cfb40939a08020e6ce/gnocchi.85995f1e-271e-4a6f-b41e-550525de8b61/none_v3" "txf19367fe20d9470f87912-0069571415" "object-server 97424" 0.0008 "-" 97120 0
Jan 01 19:40:53 np0005573202.novalocal container-server[97119]: ::1 - - [02/Jan/2026:00:40:53 +0000] "PUT /3/46924/AUTH_50777162d4dc40cfb40939a08020e6ce/gnocchi.0ad2e7cf-06aa-48b8-bcfd-6bb679bf8de6/none_v3" 201 - "PUT http://[::1]:8080/1/45092/AUTH_50777162d4dc40cfb40939a08020e6ce/gnocchi.0ad2e7cf-06aa-48b8-bcfd-6bb679bf8de6/none_v3" "txa8d260fd2d094b8abba6e-0069571415" "object-server 97425" 0.0005 "-" 97119 0
Jan 01 19:40:53 np0005573202.novalocal container-server[97122]: ::1 - - [02/Jan/2026:00:40:53 +0000] "PUT /1/46924/AUTH_50777162d4dc40cfb40939a08020e6ce/gnocchi.0ad2e7cf-06aa-48b8-bcfd-6bb679bf8de6/none_v3" 201 - "PUT http://[::1]:8080/2/45092/AUTH_50777162d4dc40cfb40939a08020e6ce/gnocchi.0ad2e7cf-06aa-48b8-bcfd-6bb679bf8de6/none_v3" "txa8d260fd2d094b8abba6e-0069571415" "object-server 97426" 0.0007 "-" 97122 0
Jan 01 19:40:53 np0005573202.novalocal object-server[97425]: ::1 - - [02/Jan/2026:00:40:53 +0000] "PUT /1/45092/AUTH_50777162d4dc40cfb40939a08020e6ce/gnocchi.0ad2e7cf-06aa-48b8-bcfd-6bb679bf8de6/none_v3" 201 - "PUT http://[::1]:8080/v1/AUTH_50777162d4dc40cfb40939a08020e6ce/gnocchi.0ad2e7cf-06aa-48b8-bcfd-6bb679bf8de6/none_v3" "txa8d260fd2d094b8abba6e-0069571415" "proxy-server 90240" 0.0170 "-" 97425 0
Jan 01 19:40:53 np0005573202.novalocal object-server[97424]: ::1 - - [02/Jan/2026:00:40:53 +0000] "PUT /2/215494/AUTH_50777162d4dc40cfb40939a08020e6ce/gnocchi.85995f1e-271e-4a6f-b41e-550525de8b61/none_v3" 201 - "PUT http://[::1]:8080/v1/AUTH_50777162d4dc40cfb40939a08020e6ce/gnocchi.85995f1e-271e-4a6f-b41e-550525de8b61/none_v3" "txf19367fe20d9470f87912-0069571415" "proxy-server 90240" 0.0287 "-" 97424 0
Jan 01 19:40:53 np0005573202.novalocal proxy-server[90240]: ::1 ::1 02/Jan/2026/00/40/53 PUT /v1/AUTH_50777162d4dc40cfb40939a08020e6ce/gnocchi.85995f1e-271e-4a6f-b41e-550525de8b61/none_v3 HTTP/1.0 201 - python-swiftclient-4.2.0 gAAAAABpVxQCpfSE... 60 - - txf19367fe20d9470f87912-0069571415 - 0.0397 - - 1767314453.722539186 1767314453.762230635 0
Jan 01 19:40:53 np0005573202.novalocal object-server[97426]: ::1 - - [02/Jan/2026:00:40:53 +0000] "PUT /2/45092/AUTH_50777162d4dc40cfb40939a08020e6ce/gnocchi.0ad2e7cf-06aa-48b8-bcfd-6bb679bf8de6/none_v3" 201 - "PUT http://[::1]:8080/v1/AUTH_50777162d4dc40cfb40939a08020e6ce/gnocchi.0ad2e7cf-06aa-48b8-bcfd-6bb679bf8de6/none_v3" "txa8d260fd2d094b8abba6e-0069571415" "proxy-server 90240" 0.0224 "-" 97426 0
Jan 01 19:40:53 np0005573202.novalocal container-server[97120]: ::1 - - [02/Jan/2026:00:40:53 +0000] "PUT /2/46924/AUTH_50777162d4dc40cfb40939a08020e6ce/gnocchi.0ad2e7cf-06aa-48b8-bcfd-6bb679bf8de6/none_v3" 201 - "PUT http://[::1]:8080/3/45092/AUTH_50777162d4dc40cfb40939a08020e6ce/gnocchi.0ad2e7cf-06aa-48b8-bcfd-6bb679bf8de6/none_v3" "txa8d260fd2d094b8abba6e-0069571415" "object-server 97426" 0.0007 "-" 97120 0
Jan 01 19:40:53 np0005573202.novalocal object-server[97426]: ::1 - - [02/Jan/2026:00:40:53 +0000] "PUT /3/45092/AUTH_50777162d4dc40cfb40939a08020e6ce/gnocchi.0ad2e7cf-06aa-48b8-bcfd-6bb679bf8de6/none_v3" 201 - "PUT http://[::1]:8080/v1/AUTH_50777162d4dc40cfb40939a08020e6ce/gnocchi.0ad2e7cf-06aa-48b8-bcfd-6bb679bf8de6/none_v3" "txa8d260fd2d094b8abba6e-0069571415" "proxy-server 90240" 0.0227 "-" 97426 0
Jan 01 19:40:53 np0005573202.novalocal proxy-server[90240]: ::1 ::1 02/Jan/2026/00/40/53 PUT /v1/AUTH_50777162d4dc40cfb40939a08020e6ce/gnocchi.0ad2e7cf-06aa-48b8-bcfd-6bb679bf8de6/none_v3 HTTP/1.0 201 - python-swiftclient-4.2.0 gAAAAABpVxP6bS-y... 32 - - txa8d260fd2d094b8abba6e-0069571415 - 0.0384 - - 1767314453.731352329 1767314453.769757748 0
Jan 01 19:40:53 np0005573202.novalocal object-server[97425]: ::1 - - [02/Jan/2026:00:40:53 +0000] "GET /3/4184/AUTH_50777162d4dc40cfb40939a08020e6ce/gnocchi.9efa9c84-3a7e-488f-8300-1a699891ea8a/none_v3" 200 22 "GET http://[::1]:8080/v1/AUTH_50777162d4dc40cfb40939a08020e6ce/gnocchi.9efa9c84-3a7e-488f-8300-1a699891ea8a/none_v3" "tx68d98c7fecba4f57a1aa0-0069571415" "proxy-server 90240" 0.0011 "-" 97425 0
Jan 01 19:40:53 np0005573202.novalocal proxy-server[90240]: ::1 ::1 02/Jan/2026/00/40/53 GET /v1/AUTH_50777162d4dc40cfb40939a08020e6ce/gnocchi.9efa9c84-3a7e-488f-8300-1a699891ea8a/none_v3 HTTP/1.0 200 - python-swiftclient-4.2.0 gAAAAABpVxQCpfSE... - 22 - tx68d98c7fecba4f57a1aa0-0069571415 - 0.0116 - - 1767314453.777513742 1767314453.789099693 0
Jan 01 19:40:53 np0005573202.novalocal object-server[97426]: ::1 - - [02/Jan/2026:00:40:53 +0000] "GET /2/16881/AUTH_50777162d4dc40cfb40939a08020e6ce/gnocchi.9087ede3-aa6a-420d-9d13-17390ad4b358/none_v3" 200 27 "GET http://[::1]:8080/v1/AUTH_50777162d4dc40cfb40939a08020e6ce/gnocchi.9087ede3-aa6a-420d-9d13-17390ad4b358/none_v3" "txb7e4084be0874dbabaf7e-0069571415" "proxy-server 90240" 0.0011 "-" 97426 0
Jan 01 19:40:53 np0005573202.novalocal proxy-server[90240]: ::1 ::1 02/Jan/2026/00/40/53 GET /v1/AUTH_50777162d4dc40cfb40939a08020e6ce/gnocchi.9087ede3-aa6a-420d-9d13-17390ad4b358/none_v3 HTTP/1.0 200 - python-swiftclient-4.2.0 gAAAAABpVxP6bS-y... - 27 - txb7e4084be0874dbabaf7e-0069571415 - 0.0081 - - 1767314453.783599854 1767314453.791657925 0
Jan 01 19:40:53 np0005573202.novalocal container-server[97121]: ::1 - - [02/Jan/2026:00:40:53 +0000] "GET /1/47612/AUTH_50777162d4dc40cfb40939a08020e6ce/gnocchi.9efa9c84-3a7e-488f-8300-1a699891ea8a" 200 357 "GET http://[::1]:8080/v1/AUTH_50777162d4dc40cfb40939a08020e6ce/gnocchi.9efa9c84-3a7e-488f-8300-1a699891ea8a?format=json&states=listing" "txd26757d9db674fbdac897-0069571415" "proxy-server 90240" 0.0102 "-" 97121 0
Jan 01 19:40:53 np0005573202.novalocal proxy-server[90240]: ::1 ::1 02/Jan/2026/00/40/53 GET /v1/AUTH_50777162d4dc40cfb40939a08020e6ce/gnocchi.9efa9c84-3a7e-488f-8300-1a699891ea8a%3Fformat%3Djson%26states%3Dlisting HTTP/1.0 200 - python-swiftclient-4.2.0 gAAAAABpVxQCpfSE... - 357 - txd26757d9db674fbdac897-0069571415 - 0.0182 - - 1767314453.792771578 1767314453.810975790 0
Jan 01 19:40:53 np0005573202.novalocal container-server[97120]: ::1 - - [02/Jan/2026:00:40:53 +0000] "GET /1/31154/AUTH_50777162d4dc40cfb40939a08020e6ce/gnocchi.9087ede3-aa6a-420d-9d13-17390ad4b358" 200 357 "GET http://[::1]:8080/v1/AUTH_50777162d4dc40cfb40939a08020e6ce/gnocchi.9087ede3-aa6a-420d-9d13-17390ad4b358?format=json&states=listing" "txff70595129ad4c6995e11-0069571415" "proxy-server 90240" 0.0100 "-" 97120 0
Jan 01 19:40:53 np0005573202.novalocal proxy-server[90240]: ::1 ::1 02/Jan/2026/00/40/53 GET /v1/AUTH_50777162d4dc40cfb40939a08020e6ce/gnocchi.9087ede3-aa6a-420d-9d13-17390ad4b358%3Fformat%3Djson%26states%3Dlisting HTTP/1.0 200 - python-swiftclient-4.2.0 gAAAAABpVxP6bS-y... - 357 - txff70595129ad4c6995e11-0069571415 - 0.0199 - - 1767314453.796631336 1767314453.816504002 0
Jan 01 19:40:53 np0005573202.novalocal container-server[97122]: ::1 - - [02/Jan/2026:00:40:53 +0000] "GET /3/31154/AUTH_50777162d4dc40cfb40939a08020e6ce/gnocchi.9087ede3-aa6a-420d-9d13-17390ad4b358" 200 2 "GET http://[::1]:8080/v1/AUTH_50777162d4dc40cfb40939a08020e6ce/gnocchi.9087ede3-aa6a-420d-9d13-17390ad4b358?format=json&marker=none_v3&states=listing" "txdcd421b6939f4d72bd71b-0069571415" "proxy-server 90240" 0.0091 "-" 97122 0
Jan 01 19:40:53 np0005573202.novalocal container-server[97120]: ::1 - - [02/Jan/2026:00:40:53 +0000] "GET /3/47612/AUTH_50777162d4dc40cfb40939a08020e6ce/gnocchi.9efa9c84-3a7e-488f-8300-1a699891ea8a" 200 2 "GET http://[::1]:8080/v1/AUTH_50777162d4dc40cfb40939a08020e6ce/gnocchi.9efa9c84-3a7e-488f-8300-1a699891ea8a?format=json&marker=none_v3&states=listing" "txfc4ba2b407c1462b96f14-0069571415" "proxy-server 90240" 0.0131 "-" 97120 0
Jan 01 19:40:53 np0005573202.novalocal proxy-server[90240]: ::1 ::1 02/Jan/2026/00/40/53 GET /v1/AUTH_50777162d4dc40cfb40939a08020e6ce/gnocchi.9087ede3-aa6a-420d-9d13-17390ad4b358%3Fformat%3Djson%26marker%3Dnone_v3%26states%3Dlisting HTTP/1.0 200 - python-swiftclient-4.2.0 gAAAAABpVxP6bS-y... - 2 - txdcd421b6939f4d72bd71b-0069571415 - 0.0179 - - 1767314453.820352793 1767314453.838287115 0
Jan 01 19:40:53 np0005573202.novalocal proxy-server[90240]: ::1 ::1 02/Jan/2026/00/40/53 GET /v1/AUTH_50777162d4dc40cfb40939a08020e6ce/gnocchi.9efa9c84-3a7e-488f-8300-1a699891ea8a%3Fformat%3Djson%26marker%3Dnone_v3%26states%3Dlisting HTTP/1.0 200 - python-swiftclient-4.2.0 gAAAAABpVxQCpfSE... - 2 - txfc4ba2b407c1462b96f14-0069571415 - 0.0275 - - 1767314453.813895941 1767314453.841394424 0
Jan 01 19:40:53 np0005573202.novalocal object-server[97425]: ::1 - - [02/Jan/2026:00:40:53 +0000] "GET /2/37912/AUTH_50777162d4dc40cfb40939a08020e6ce/gnocchi.9087ede3-aa6a-420d-9d13-17390ad4b358/1766880000.0_mean_300.0_v3" 200 16 "GET http://[::1]:8080/v1/AUTH_50777162d4dc40cfb40939a08020e6ce/gnocchi.9087ede3-aa6a-420d-9d13-17390ad4b358/1766880000.0_mean_300.0_v3" "txe13a34cdcea14724b112c-0069571415" "proxy-server 90240" 0.0012 "-" 97425 0
Jan 01 19:40:53 np0005573202.novalocal proxy-server[90240]: ::1 ::1 02/Jan/2026/00/40/53 GET /v1/AUTH_50777162d4dc40cfb40939a08020e6ce/gnocchi.9087ede3-aa6a-420d-9d13-17390ad4b358/1766880000.0_mean_300.0_v3 HTTP/1.0 200 - python-swiftclient-4.2.0 gAAAAABpVxP6bS-y... - 16 - txe13a34cdcea14724b112c-0069571415 - 0.0090 - - 1767314453.843839884 1767314453.852811098 0
Jan 01 19:40:53 np0005573202.novalocal object-server[97423]: ::1 - - [02/Jan/2026:00:40:53 +0000] "GET /2/233804/AUTH_50777162d4dc40cfb40939a08020e6ce/gnocchi.9efa9c84-3a7e-488f-8300-1a699891ea8a/1766880000.0_mean_300.0_v3" 200 16 "GET http://[::1]:8080/v1/AUTH_50777162d4dc40cfb40939a08020e6ce/gnocchi.9efa9c84-3a7e-488f-8300-1a699891ea8a/1766880000.0_mean_300.0_v3" "tx6ef51213281647e9bd113-0069571415" "proxy-server 90240" 0.0012 "-" 97423 0
Jan 01 19:40:53 np0005573202.novalocal proxy-server[90240]: ::1 ::1 02/Jan/2026/00/40/53 GET /v1/AUTH_50777162d4dc40cfb40939a08020e6ce/gnocchi.9efa9c84-3a7e-488f-8300-1a699891ea8a/1766880000.0_mean_300.0_v3 HTTP/1.0 200 - python-swiftclient-4.2.0 gAAAAABpVxQCpfSE... - 16 - tx6ef51213281647e9bd113-0069571415 - 0.0085 - - 1767314453.847702026 1767314453.856200933 0
Jan 01 19:40:53 np0005573202.novalocal container-server[97120]: ::1 - - [02/Jan/2026:00:40:53 +0000] "PUT /1/47612/AUTH_50777162d4dc40cfb40939a08020e6ce/gnocchi.9efa9c84-3a7e-488f-8300-1a699891ea8a/1766880000.0_mean_300.0_v3" 201 - "PUT http://[::1]:8080/1/233804/AUTH_50777162d4dc40cfb40939a08020e6ce/gnocchi.9efa9c84-3a7e-488f-8300-1a699891ea8a/1766880000.0_mean_300.0_v3" "txbfe0f36f67ab461e9332b-0069571415" "object-server 97426" 0.0008 "-" 97120 0
Jan 01 19:40:53 np0005573202.novalocal container-server[97119]: ::1 - - [02/Jan/2026:00:40:53 +0000] "PUT /2/31154/AUTH_50777162d4dc40cfb40939a08020e6ce/gnocchi.9087ede3-aa6a-420d-9d13-17390ad4b358/1766880000.0_mean_300.0_v3" 201 - "PUT http://[::1]:8080/2/37912/AUTH_50777162d4dc40cfb40939a08020e6ce/gnocchi.9087ede3-aa6a-420d-9d13-17390ad4b358/1766880000.0_mean_300.0_v3" "txbf224222f2b0403b8e17b-0069571415" "object-server 97425" 0.0013 "-" 97119 0
Jan 01 19:40:53 np0005573202.novalocal container-server[97121]: ::1 - - [02/Jan/2026:00:40:53 +0000] "PUT /3/47612/AUTH_50777162d4dc40cfb40939a08020e6ce/gnocchi.9efa9c84-3a7e-488f-8300-1a699891ea8a/1766880000.0_mean_300.0_v3" 201 - "PUT http://[::1]:8080/2/233804/AUTH_50777162d4dc40cfb40939a08020e6ce/gnocchi.9efa9c84-3a7e-488f-8300-1a699891ea8a/1766880000.0_mean_300.0_v3" "txbfe0f36f67ab461e9332b-0069571415" "object-server 97424" 0.0010 "-" 97121 0
Jan 01 19:40:53 np0005573202.novalocal container-server[97119]: ::1 - - [02/Jan/2026:00:40:53 +0000] "PUT /2/47612/AUTH_50777162d4dc40cfb40939a08020e6ce/gnocchi.9efa9c84-3a7e-488f-8300-1a699891ea8a/1766880000.0_mean_300.0_v3" 201 - "PUT http://[::1]:8080/3/233804/AUTH_50777162d4dc40cfb40939a08020e6ce/gnocchi.9efa9c84-3a7e-488f-8300-1a699891ea8a/1766880000.0_mean_300.0_v3" "txbfe0f36f67ab461e9332b-0069571415" "object-server 97425" 0.0004 "-" 97119 0
Jan 01 19:40:53 np0005573202.novalocal object-server[97425]: ::1 - - [02/Jan/2026:00:40:53 +0000] "PUT /2/37912/AUTH_50777162d4dc40cfb40939a08020e6ce/gnocchi.9087ede3-aa6a-420d-9d13-17390ad4b358/1766880000.0_mean_300.0_v3" 201 - "PUT http://[::1]:8080/v1/AUTH_50777162d4dc40cfb40939a08020e6ce/gnocchi.9087ede3-aa6a-420d-9d13-17390ad4b358/1766880000.0_mean_300.0_v3" "txbf224222f2b0403b8e17b-0069571415" "proxy-server 90240" 0.0166 "-" 97425 0
Jan 01 19:40:53 np0005573202.novalocal object-server[97424]: ::1 - - [02/Jan/2026:00:40:53 +0000] "PUT /2/233804/AUTH_50777162d4dc40cfb40939a08020e6ce/gnocchi.9efa9c84-3a7e-488f-8300-1a699891ea8a/1766880000.0_mean_300.0_v3" 201 - "PUT http://[::1]:8080/v1/AUTH_50777162d4dc40cfb40939a08020e6ce/gnocchi.9efa9c84-3a7e-488f-8300-1a699891ea8a/1766880000.0_mean_300.0_v3" "txbfe0f36f67ab461e9332b-0069571415" "proxy-server 90240" 0.0137 "-" 97424 0
Jan 01 19:40:53 np0005573202.novalocal object-server[97426]: ::1 - - [02/Jan/2026:00:40:53 +0000] "PUT /1/233804/AUTH_50777162d4dc40cfb40939a08020e6ce/gnocchi.9efa9c84-3a7e-488f-8300-1a699891ea8a/1766880000.0_mean_300.0_v3" 201 - "PUT http://[::1]:8080/v1/AUTH_50777162d4dc40cfb40939a08020e6ce/gnocchi.9efa9c84-3a7e-488f-8300-1a699891ea8a/1766880000.0_mean_300.0_v3" "txbfe0f36f67ab461e9332b-0069571415" "proxy-server 90240" 0.0133 "-" 97426 0
Jan 01 19:40:53 np0005573202.novalocal object-server[97425]: ::1 - - [02/Jan/2026:00:40:53 +0000] "PUT /3/233804/AUTH_50777162d4dc40cfb40939a08020e6ce/gnocchi.9efa9c84-3a7e-488f-8300-1a699891ea8a/1766880000.0_mean_300.0_v3" 201 - "PUT http://[::1]:8080/v1/AUTH_50777162d4dc40cfb40939a08020e6ce/gnocchi.9efa9c84-3a7e-488f-8300-1a699891ea8a/1766880000.0_mean_300.0_v3" "txbfe0f36f67ab461e9332b-0069571415" "proxy-server 90240" 0.0147 "-" 97425 0
Jan 01 19:40:53 np0005573202.novalocal container-server[97119]: ::1 - - [02/Jan/2026:00:40:53 +0000] "PUT /3/31154/AUTH_50777162d4dc40cfb40939a08020e6ce/gnocchi.9087ede3-aa6a-420d-9d13-17390ad4b358/1766880000.0_mean_300.0_v3" 201 - "PUT http://[::1]:8080/1/37912/AUTH_50777162d4dc40cfb40939a08020e6ce/gnocchi.9087ede3-aa6a-420d-9d13-17390ad4b358/1766880000.0_mean_300.0_v3" "txbf224222f2b0403b8e17b-0069571415" "object-server 97425" 0.0004 "-" 97119 0
Jan 01 19:40:53 np0005573202.novalocal proxy-server[90240]: ::1 ::1 02/Jan/2026/00/40/53 PUT /v1/AUTH_50777162d4dc40cfb40939a08020e6ce/gnocchi.9efa9c84-3a7e-488f-8300-1a699891ea8a/1766880000.0_mean_300.0_v3 HTTP/1.0 201 - python-swiftclient-4.2.0 gAAAAABpVxQCpfSE... 16 - - txbfe0f36f67ab461e9332b-0069571415 - 0.0214 - - 1767314453.863300085 1767314453.884679794 0
Jan 01 19:40:53 np0005573202.novalocal object-server[97425]: ::1 - - [02/Jan/2026:00:40:53 +0000] "PUT /1/37912/AUTH_50777162d4dc40cfb40939a08020e6ce/gnocchi.9087ede3-aa6a-420d-9d13-17390ad4b358/1766880000.0_mean_300.0_v3" 201 - "PUT http://[::1]:8080/v1/AUTH_50777162d4dc40cfb40939a08020e6ce/gnocchi.9087ede3-aa6a-420d-9d13-17390ad4b358/1766880000.0_mean_300.0_v3" "txbf224222f2b0403b8e17b-0069571415" "proxy-server 90240" 0.0218 "-" 97425 0
Jan 01 19:40:53 np0005573202.novalocal container-server[97121]: ::1 - - [02/Jan/2026:00:40:53 +0000] "PUT /1/31154/AUTH_50777162d4dc40cfb40939a08020e6ce/gnocchi.9087ede3-aa6a-420d-9d13-17390ad4b358/1766880000.0_mean_300.0_v3" 201 - "PUT http://[::1]:8080/3/37912/AUTH_50777162d4dc40cfb40939a08020e6ce/gnocchi.9087ede3-aa6a-420d-9d13-17390ad4b358/1766880000.0_mean_300.0_v3" "txbf224222f2b0403b8e17b-0069571415" "object-server 97423" 0.0008 "-" 97121 0
Jan 01 19:40:53 np0005573202.novalocal object-server[97423]: ::1 - - [02/Jan/2026:00:40:53 +0000] "PUT /3/37912/AUTH_50777162d4dc40cfb40939a08020e6ce/gnocchi.9087ede3-aa6a-420d-9d13-17390ad4b358/1766880000.0_mean_300.0_v3" 201 - "PUT http://[::1]:8080/v1/AUTH_50777162d4dc40cfb40939a08020e6ce/gnocchi.9087ede3-aa6a-420d-9d13-17390ad4b358/1766880000.0_mean_300.0_v3" "txbf224222f2b0403b8e17b-0069571415" "proxy-server 90240" 0.0225 "-" 97423 0
Jan 01 19:40:53 np0005573202.novalocal proxy-server[90240]: ::1 ::1 02/Jan/2026/00/40/53 PUT /v1/AUTH_50777162d4dc40cfb40939a08020e6ce/gnocchi.9087ede3-aa6a-420d-9d13-17390ad4b358/1766880000.0_mean_300.0_v3 HTTP/1.0 201 - python-swiftclient-4.2.0 gAAAAABpVxP6bS-y... 16 - - txbf224222f2b0403b8e17b-0069571415 - 0.0360 - - 1767314453.857295990 1767314453.893337488 0
Jan 01 19:40:53 np0005573202.novalocal container-server[97121]: ::1 - - [02/Jan/2026:00:40:53 +0000] "PUT /2/47612/AUTH_50777162d4dc40cfb40939a08020e6ce/gnocchi.9efa9c84-3a7e-488f-8300-1a699891ea8a/none_v3" 201 - "PUT http://[::1]:8080/3/4184/AUTH_50777162d4dc40cfb40939a08020e6ce/gnocchi.9efa9c84-3a7e-488f-8300-1a699891ea8a/none_v3" "txc43ae27ba1f34fa0b64ce-0069571415" "object-server 97426" 0.0006 "-" 97121 0
Jan 01 19:40:53 np0005573202.novalocal container-server[97120]: ::1 - - [02/Jan/2026:00:40:53 +0000] "PUT /3/47612/AUTH_50777162d4dc40cfb40939a08020e6ce/gnocchi.9efa9c84-3a7e-488f-8300-1a699891ea8a/none_v3" 201 - "PUT http://[::1]:8080/1/4184/AUTH_50777162d4dc40cfb40939a08020e6ce/gnocchi.9efa9c84-3a7e-488f-8300-1a699891ea8a/none_v3" "txc43ae27ba1f34fa0b64ce-0069571415" "object-server 97424" 0.0009 "-" 97120 0
