Oct 8 19:34:31 standalone proxy-server[127782]: - - 08/Oct/2025/19/34/31 HEAD /v1/AUTH_6aea6f68832e41a4b7e21af8ecafd548/gnocchi.343bc4d9-82d1-4967-985a-492855cd6b8c%3Fformat%3Djson%26states%3Dlisting HTTP/1.0 204 - Swift - - - - tx88a34093a3b64df38080c-0068e6bcc7 - 0.0063 RL - 1759952071.968714714 1759952071.975053310 0
Oct 8 19:34:31 standalone container-server[125758]: 172.20.0.100 - - [08/Oct/2025:19:34:31 +0000] "GET /d1/617/AUTH_6aea6f68832e41a4b7e21af8ecafd548/gnocchi.343bc4d9-82d1-4967-985a-492855cd6b8c" 200 2 "GET http://localhost:8080/v1/AUTH_6aea6f68832e41a4b7e21af8ecafd548/gnocchi.343bc4d9-82d1-4967-985a-492855cd6b8c?format=json&states=listing" "tx88a34093a3b64df38080c-0068e6bcc7" "proxy-server 21" 0.0020 "-" 22 0
Oct 8 19:34:31 standalone proxy-server[127782]: 172.18.0.2 ::1 08/Oct/2025/19/34/31 GET /v1/AUTH_6aea6f68832e41a4b7e21af8ecafd548/gnocchi.343bc4d9-82d1-4967-985a-492855cd6b8c%3Fformat%3Djson%26states%3Dlisting HTTP/1.0 200 - python-swiftclient-3.11.1 gAAAAABo5rwEs0tt... - 2 - tx88a34093a3b64df38080c-0068e6bcc7 - 0.0140 - - 1759952071.967700243 1759952071.981670856 0
Oct 8 19:34:31 standalone object-server[125893]: 172.20.0.100 - - [08/Oct/2025:19:34:31 +0000] "GET /d1/990/AUTH_6aea6f68832e41a4b7e21af8ecafd548/gnocchi.343bc4d9-82d1-4967-985a-492855cd6b8c/1759320000.0_mean_300.0_v3" 404 70 "GET http://localhost:8080/v1/AUTH_6aea6f68832e41a4b7e21af8ecafd548/gnocchi.343bc4d9-82d1-4967-985a-492855cd6b8c/1759320000.0_mean_300.0_v3" "txb3d41adfad0042f981f65-0068e6bcc7" "proxy-server 21" 0.0005 "-" 25 0
Oct 8 19:34:31 standalone proxy-server[127782]: 172.18.0.2 ::1 08/Oct/2025/19/34/31 GET /v1/AUTH_6aea6f68832e41a4b7e21af8ecafd548/gnocchi.343bc4d9-82d1-4967-985a-492855cd6b8c/1759320000.0_mean_300.0_v3 HTTP/1.0 404 - python-swiftclient-3.11.1 gAAAAABo5rwEs0tt... - 70 - txb3d41adfad0042f981f65-0068e6bcc7 - 0.0057 - - 1759952071.985115051 1759952071.990796328 0
Oct 8 19:34:32 standalone container-server[125763]: 172.20.0.100 - - [08/Oct/2025:19:34:32 +0000] "PUT /d1/617/AUTH_6aea6f68832e41a4b7e21af8ecafd548/gnocchi.343bc4d9-82d1-4967-985a-492855cd6b8c/1759320000.0_mean_300.0_v3" 201 - "PUT http://localhost:8080/d1/990/AUTH_6aea6f68832e41a4b7e21af8ecafd548/gnocchi.343bc4d9-82d1-4967-985a-492855cd6b8c/1759320000.0_mean_300.0_v3" "tx77f48a41398b4d5c870fc-0068e6bcc7" "object-server 21" 0.0011 "-" 23 0
Oct 8 19:34:32 standalone object-server[125889]: 172.20.0.100 - - [08/Oct/2025:19:34:32 +0000] "PUT /d1/990/AUTH_6aea6f68832e41a4b7e21af8ecafd548/gnocchi.343bc4d9-82d1-4967-985a-492855cd6b8c/1759320000.0_mean_300.0_v3" 201 - "PUT http://localhost:8080/v1/AUTH_6aea6f68832e41a4b7e21af8ecafd548/gnocchi.343bc4d9-82d1-4967-985a-492855cd6b8c/1759320000.0_mean_300.0_v3" "tx77f48a41398b4d5c870fc-0068e6bcc7" "proxy-server 21" 0.0109 "-" 21 0
Oct 8 19:34:32 standalone proxy-server[127782]: 172.18.0.2 ::1 08/Oct/2025/19/34/32 PUT /v1/AUTH_6aea6f68832e41a4b7e21af8ecafd548/gnocchi.343bc4d9-82d1-4967-985a-492855cd6b8c/1759320000.0_mean_300.0_v3 HTTP/1.0 201 - python-swiftclient-3.11.1 gAAAAABo5rwEs0tt... 16 - - tx77f48a41398b4d5c870fc-0068e6bcc7 - 0.0157 - - 1759952071.993380308 1759952072.009112358 0
Oct 8 19:34:32 standalone container-server[125758]: 172.20.0.100 - - [08/Oct/2025:19:34:32 +0000] "PUT /d1/617/AUTH_6aea6f68832e41a4b7e21af8ecafd548/gnocchi.343bc4d9-82d1-4967-985a-492855cd6b8c/none_v3" 201 - "PUT http://localhost:8080/d1/358/AUTH_6aea6f68832e41a4b7e21af8ecafd548/gnocchi.343bc4d9-82d1-4967-985a-492855cd6b8c/none_v3" "tx631e2dc4955240a7b957a-0068e6bcc8" "object-server 21" 0.0009 "-" 22 0
Oct 8 19:34:32 standalone object-server[125889]: 172.20.0.100 - - [08/Oct/2025:19:34:32 +0000] "PUT /d1/358/AUTH_6aea6f68832e41a4b7e21af8ecafd548/gnocchi.343bc4d9-82d1-4967-985a-492855cd6b8c/none_v3" 201 - "PUT http://localhost:8080/v1/AUTH_6aea6f68832e41a4b7e21af8ecafd548/gnocchi.343bc4d9-82d1-4967-985a-492855cd6b8c/none_v3" "tx631e2dc4955240a7b957a-0068e6bcc8" "proxy-server 21" 0.0093 "-" 21 0
Oct 8 19:34:32 standalone proxy-server[127782]: 172.18.0.2 ::1 08/Oct/2025/19/34/32 PUT /v1/AUTH_6aea6f68832e41a4b7e21af8ecafd548/gnocchi.343bc4d9-82d1-4967-985a-492855cd6b8c/none_v3 HTTP/1.0 201 - python-swiftclient-3.11.1 gAAAAABo5rwEs0tt... 22 - - tx631e2dc4955240a7b957a-0068e6bcc8 - 0.0142 - - 1759952072.011807919 1759952072.026005268 0
Oct 8 19:34:32 standalone container-server[125751]: 172.20.0.100 - - [08/Oct/2025:19:34:32 +0000] "HEAD /d1/25/AUTH_6aea6f68832e41a4b7e21af8ecafd548/gnocchi.13ccfec7-156d-4b62-b549-5971bc7abeb6" 404 - "HEAD http://localhost:8080/v1/AUTH_6aea6f68832e41a4b7e21af8ecafd548/gnocchi.13ccfec7-156d-4b62-b549-5971bc7abeb6?format=json&states=listing" "tx5b7b5190dd8f4eb69f6c0-0068e6bcc8" "proxy-server 21" 0.0004 "-" 20 0
Oct 8 19:34:32 standalone object-server[125893]: 172.20.0.100 - - [08/Oct/2025:19:34:32 +0000] "GET /d1/81/AUTH_6aea6f68832e41a4b7e21af8ecafd548/gnocchi.13ccfec7-156d-4b62-b549-5971bc7abeb6/none_v3" 404 70 "GET http://localhost:8080/v1/AUTH_6aea6f68832e41a4b7e21af8ecafd548/gnocchi.13ccfec7-156d-4b62-b549-5971bc7abeb6/none_v3" "tx5b7b5190dd8f4eb69f6c0-0068e6bcc8" "proxy-server 21" 0.0005 "-" 25 0
Oct 8 19:34:32 standalone proxy-server[127782]: 172.18.0.2 ::1 08/Oct/2025/19/34/32 GET /v1/AUTH_6aea6f68832e41a4b7e21af8ecafd548/gnocchi.13ccfec7-156d-4b62-b549-5971bc7abeb6/none_v3 HTTP/1.0 404 - python-swiftclient-3.11.1 gAAAAABo5rwEs0tt... - 70 - tx5b7b5190dd8f4eb69f6c0-0068e6bcc8 - 0.0122 - - 1759952072.042077780 1759952072.054322958 0
Oct 8 19:34:32 standalone account-server[125632]: 172.20.0.100 - - [08/Oct/2025:19:34:32 +0000] "PUT /d1/973/AUTH_6aea6f68832e41a4b7e21af8ecafd548/gnocchi.13ccfec7-156d-4b62-b549-5971bc7abeb6" 201 - "PUT http://172.20.0.100:6001/d1/25/AUTH_6aea6f68832e41a4b7e21af8ecafd548/gnocchi.13ccfec7-156d-4b62-b549-5971bc7abeb6" "tx23be9b3d29ff4eac9e126-0068e6bcc8" "container-server 22" 0.0064 "-" 23 0
Oct 8 19:34:32 standalone container-server[125758]: 172.20.0.100 - - [08/Oct/2025:19:34:32 +0000] "PUT /d1/25/AUTH_6aea6f68832e41a4b7e21af8ecafd548/gnocchi.13ccfec7-156d-4b62-b549-5971bc7abeb6" 201 - "PUT http://localhost:8080/v1/AUTH_6aea6f68832e41a4b7e21af8ecafd548/gnocchi.13ccfec7-156d-4b62-b549-5971bc7abeb6" "tx23be9b3d29ff4eac9e126-0068e6bcc8" "proxy-server 21" 0.0209 "-" 22 0
Oct 8 19:34:32 standalone proxy-server[127782]: 172.18.0.2 ::1 08/Oct/2025/19/34/32 PUT /v1/AUTH_6aea6f68832e41a4b7e21af8ecafd548/gnocchi.13ccfec7-156d-4b62-b549-5971bc7abeb6 HTTP/1.0 201 - python-swiftclient-3.11.1 gAAAAABo5rwEs0tt... - - - tx23be9b3d29ff4eac9e126-0068e6bcc8 - 0.0300 - - 1759952072.058987856 1759952072.088958263 0
Oct 8 19:34:32 standalone container-server[125763]: 172.20.0.100 - - [08/Oct/2025:19:34:32 +0000] "HEAD /d1/25/AUTH_6aea6f68832e41a4b7e21af8ecafd548/gnocchi.13ccfec7-156d-4b62-b549-5971bc7abeb6" 204 - "HEAD http://localhost:8080/v1/AUTH_6aea6f68832e41a4b7e21af8ecafd548/gnocchi.13ccfec7-156d-4b62-b549-5971bc7abeb6?format=json&states=listing" "tx44bbf6d1a9b14170a9aec-0068e6bcc8" "proxy-server 21" 0.0025 "-" 23 0
Oct 8 19:34:32 standalone proxy-server[127782]: - - 08/Oct/2025/19/34/32 HEAD /v1/AUTH_6aea6f68832e41a4b7e21af8ecafd548/gnocchi.13ccfec7-156d-4b62-b549-5971bc7abeb6%3Fformat%3Djson%26states%3Dlisting HTTP/1.0 204 - Swift - - - - tx44bbf6d1a9b14170a9aec-0068e6bcc8 - 0.0085 RL - 1759952072.097419262 1759952072.105946302 0
Oct 8 19:34:32 standalone container-server[125751]: 172.20.0.100 - - [08/Oct/2025:19:34:32 +0000] "GET /d1/25/AUTH_6aea6f68832e41a4b7e21af8ecafd548/gnocchi.13ccfec7-156d-4b62-b549-5971bc7abeb6" 200 2 "GET http://localhost:8080/v1/AUTH_6aea6f68832e41a4b7e21af8ecafd548/gnocchi.13ccfec7-156d-4b62-b549-5971bc7abeb6?format=json&states=listing" "tx44bbf6d1a9b14170a9aec-0068e6bcc8" "proxy-server 21" 0.0039 "-" 20 0
Oct 8 19:34:32 standalone proxy-server[127782]: 172.18.0.2 ::1 08/Oct/2025/19/34/32 GET /v1/AUTH_6aea6f68832e41a4b7e21af8ecafd548/gnocchi.13ccfec7-156d-4b62-b549-5971bc7abeb6%3Fformat%3Djson%26states%3Dlisting HTTP/1.0 200 - python-swiftclient-3.11.1 gAAAAABo5rwEs0tt... - 2 - tx44bbf6d1a9b14170a9aec-0068e6bcc8 - 0.0252 - - 1759952072.095616817 1759952072.120804787 0
Oct 8 19:34:32 standalone object-server[125892]: 172.20.0.100 - - [08/Oct/2025:19:34:32 +0000] "GET /d1/369/AUTH_6aea6f68832e41a4b7e21af8ecafd548/gnocchi.13ccfec7-156d-4b62-b549-5971bc7abeb6/1759320000.0_mean_300.0_v3" 404 70 "GET http://localhost:8080/v1/AUTH_6aea6f68832e41a4b7e21af8ecafd548/gnocchi.13ccfec7-156d-4b62-b549-5971bc7abeb6/1759320000.0_mean_300.0_v3" "txe0ac860cbd99473e8234c-0068e6bcc8" "proxy-server 21" 0.0009 "-" 24 0
Oct 8 19:34:32 standalone proxy-server[127782]: 172.18.0.2 ::1 08/Oct/2025/19/34/32 GET /v1/AUTH_6aea6f68832e41a4b7e21af8ecafd548/gnocchi.13ccfec7-156d-4b62-b549-5971bc7abeb6/1759320000.0_mean_300.0_v3 HTTP/1.0 404 - python-swiftclient-3.11.1 gAAAAABo5rwEs0tt... - 70 - txe0ac860cbd99473e8234c-0068e6bcc8 - 0.0103 - - 1759952072.128335714 1759952072.138597965 0
Oct 8 19:34:32 standalone container-server[125751]: 172.20.0.100 - - [08/Oct/2025:19:34:32 +0000] "PUT /d1/25/AUTH_6aea6f68832e41a4b7e21af8ecafd548/gnocchi.13ccfec7-156d-4b62-b549-5971bc7abeb6/1759320000.0_mean_300.0_v3" 201 - "PUT http://localhost:8080/d1/369/AUTH_6aea6f68832e41a4b7e21af8ecafd548/gnocchi.13ccfec7-156d-4b62-b549-5971bc7abeb6/1759320000.0_mean_300.0_v3" "tx64e091546e6d4e5987b7b-0068e6bcc8" "object-server 22" 0.0008 "-" 20 0
Oct 8 19:34:32 standalone object-server[125890]: 172.20.0.100 - - [08/Oct/2025:19:34:32 +0000] "PUT /d1/369/AUTH_6aea6f68832e41a4b7e21af8ecafd548/gnocchi.13ccfec7-156d-4b62-b549-5971bc7abeb6/1759320000.0_mean_300.0_v3" 201 - "PUT http://localhost:8080/v1/AUTH_6aea6f68832e41a4b7e21af8ecafd548/gnocchi.13ccfec7-156d-4b62-b549-5971bc7abeb6/1759320000.0_mean_300.0_v3" "tx64e091546e6d4e5987b7b-0068e6bcc8" "proxy-server 21" 0.0123 "-" 22 0
Oct 8 19:34:32 standalone proxy-server[127782]: 172.18.0.2 ::1 08/Oct/2025/19/34/32 PUT /v1/AUTH_6aea6f68832e41a4b7e21af8ecafd548/gnocchi.13ccfec7-156d-4b62-b549-5971bc7abeb6/1759320000.0_mean_300.0_v3 HTTP/1.0 201 - python-swiftclient-3.11.1 gAAAAABo5rwEs0tt... 16 - - tx64e091546e6d4e5987b7b-0068e6bcc8 - 0.0205 - - 1759952072.143422127 1759952072.163958073 0
Oct 8 19:34:32 standalone container-server[125758]: 172.20.0.100 - - [08/Oct/2025:19:34:32 +0000] "PUT /d1/25/AUTH_6aea6f68832e41a4b7e21af8ecafd548/gnocchi.13ccfec7-156d-4b62-b549-5971bc7abeb6/none_v3" 201 - "PUT http://localhost:8080/d1/81/AUTH_6aea6f68832e41a4b7e21af8ecafd548/gnocchi.13ccfec7-156d-4b62-b549-5971bc7abeb6/none_v3" "tx3d652f9c836f43759106d-0068e6bcc8" "object-server 25" 0.0010 "-" 22 0
Oct 8 19:34:32 standalone object-server[125893]: 172.20.0.100 - - [08/Oct/2025:19:34:32 +0000] "PUT /d1/81/AUTH_6aea6f68832e41a4b7e21af8ecafd548/gnocchi.13ccfec7-156d-4b62-b549-5971bc7abeb6/none_v3" 201 - "PUT http://localhost:8080/v1/AUTH_6aea6f68832e41a4b7e21af8ecafd548/gnocchi.13ccfec7-156d-4b62-b549-5971bc7abeb6/none_v3" "tx3d652f9c836f43759106d-0068e6bcc8" "proxy-server 21" 0.0130 "-" 25 0
Oct 8 19:34:32 standalone proxy-server[127782]: 172.18.0.2 ::1 08/Oct/2025/19/34/32 PUT /v1/AUTH_6aea6f68832e41a4b7e21af8ecafd548/gnocchi.13ccfec7-156d-4b62-b549-5971bc7abeb6/none_v3 HTTP/1.0 201 - python-swiftclient-3.11.1 gAAAAABo5rwEs0tt... 22 - - tx3d652f9c836f43759106d-0068e6bcc8 - 0.0195 - - 1759952072.168804646 1759952072.188324928 0
Oct 8 19:34:32 standalone container-server[125756]: 172.20.0.100 - - [08/Oct/2025:19:34:32 +0000] "HEAD /d1/461/AUTH_6aea6f68832e41a4b7e21af8ecafd548/gnocchi.2ffe4ebf-f7d4-47da-95da-f4530d74b36b" 404 - "HEAD http://localhost:8080/v1/AUTH_6aea6f68832e41a4b7e21af8ecafd548/gnocchi.2ffe4ebf-f7d4-47da-95da-f4530d74b36b?format=json&states=listing" "tx7bd3fa9a760a47dbb72c6-0068e6bcc8" "proxy-server 21" 0.0007 "-" 21 0
Oct 8 19:34:32 standalone object-server[125893]: 172.20.0.100 - - [08/Oct/2025:19:34:32 +0000] "GET /d1/424/AUTH_6aea6f68832e41a4b7e21af8ecafd548/gnocchi.2ffe4ebf-f7d4-47da-95da-f4530d74b36b/none_v3" 404 70 "GET http://localhost:8080/v1/AUTH_6aea6f68832e41a4b7e21af8ecafd548/gnocchi.2ffe4ebf-f7d4-47da-95da-f4530d74b36b/none_v3" "tx7bd3fa9a760a47dbb72c6-0068e6bcc8" "proxy-server 21" 0.0004 "-" 25 0
Oct 8 19:34:32 standalone proxy-server[127782]: 172.18.0.2 ::1 08/Oct/2025/19/34/32 GET /v1/AUTH_6aea6f68832e41a4b7e21af8ecafd548/gnocchi.2ffe4ebf-f7d4-47da-95da-f4530d74b36b/none_v3 HTTP/1.0 404 - python-swiftclient-3.11.1 gAAAAABo5rwEs0tt... - 70 - tx7bd3fa9a760a47dbb72c6-0068e6bcc8 - 0.0109 - - 1759952072.205906630 1759952072.216838360 0
Oct 8 19:34:32 standalone account-server[125612]: 172.20.0.100 - - [08/Oct/2025:19:34:32 +0000] "PUT /d1/973/AUTH_6aea6f68832e41a4b7e21af8ecafd548/gnocchi.2ffe4ebf-f7d4-47da-95da-f4530d74b36b" 201 - "PUT http://172.20.0.100:6001/d1/461/AUTH_6aea6f68832e41a4b7e21af8ecafd548/gnocchi.2ffe4ebf-f7d4-47da-95da-f4530d74b36b" "tx8b446d90508e496498621-0068e6bcc8" "container-server 21" 0.0062 "-" 19 0
Oct 8 19:34:32 standalone container-server[125756]: 172.20.0.100 - - [08/Oct/2025:19:34:32 +0000] "PUT /d1/461/AUTH_6aea6f68832e41a4b7e21af8ecafd548/gnocchi.2ffe4ebf-f7d4-47da-95da-f4530d74b36b" 201 - "PUT http://localhost:8080/v1/AUTH_6aea6f68832e41a4b7e21af8ecafd548/gnocchi.2ffe4ebf-f7d4-47da-95da-f4530d74b36b" "tx8b446d90508e496498621-0068e6bcc8" "proxy-server 21" 0.0237 "-" 21 0
Oct 8 19:34:32 standalone proxy-server[127782]: 172.18.0.2 ::1 08/Oct/2025/19/34/32 PUT /v1/AUTH_6aea6f68832e41a4b7e21af8ecafd548/gnocchi.2ffe4ebf-f7d4-47da-95da-f4530d74b36b HTTP/1.0 201 - python-swiftclient-3.11.1 gAAAAABo5rwEs0tt... - - - tx8b446d90508e496498621-0068e6bcc8 - 0.0288 - - 1759952072.221269846 1759952072.250056028 0
Oct 8 19:34:32 standalone container-server[125751]: 172.20.0.100 - - [08/Oct/2025:19:34:32 +0000] "HEAD /d1/828/AUTH_6aea6f68832e41a4b7e21af8ecafd548/gnocchi.c82fe050-e3f5-4151-8379-868a17ed606b" 404 - "HEAD http://localhost:8080/v1/AUTH_6aea6f68832e41a4b7e21af8ecafd548/gnocchi.c82fe050-e3f5-4151-8379-868a17ed606b?format=json&states=listing" "tx63d90184593142239c990-0068e6bcc8" "proxy-server 21" 0.0007 "-" 20 0
Oct 8 19:34:32 standalone object-server[125893]: 172.20.0.100 - - [08/Oct/2025:19:34:32 +0000] "GET /d1/60/AUTH_6aea6f68832e41a4b7e21af8ecafd548/gnocchi.c82fe050-e3f5-4151-8379-868a17ed606b/none_v3" 404 70 "GET http://localhost:8080/v1/AUTH_6aea6f68832e41a4b7e21af8ecafd548/gnocchi.c82fe050-e3f5-4151-8379-868a17ed606b/none_v3" "tx63d90184593142239c990-0068e6bcc8" "proxy-server 21" 0.0007 "-" 25 0
Oct 8 19:34:32 standalone proxy-server[127782]: 172.18.0.2 ::1 08/Oct/2025/19/34/32 GET /v1/AUTH_6aea6f68832e41a4b7e21af8ecafd548/gnocchi.c82fe050-e3f5-4151-8379-868a17ed606b/none_v3 HTTP/1.0 404 - python-swiftclient-3.11.1 gAAAAABo5rwEs0tt... - 70 - tx63d90184593142239c990-0068e6bcc8 - 0.0126 - - 1759952072.254896641 1759952072.267526865 0
Oct 8 19:34:32 standalone account-server[125612]: 172.20.0.100 - - [08/Oct/2025:19:34:32 +0000] "PUT /d1/973/AUTH_6aea6f68832e41a4b7e21af8ecafd548/gnocchi.c82fe050-e3f5-4151-8379-868a17ed606b" 201 - "PUT http://172.20.0.100:6001/d1/828/AUTH_6aea6f68832e41a4b7e21af8ecafd548/gnocchi.c82fe050-e3f5-4151-8379-868a17ed606b" "tx4bfd6bde1abb4c2d80b99-0068e6bcc8" "container-server 20" 0.0052 "-" 19 0
Oct 8 19:34:32 standalone container-server[125751]: 172.20.0.100 - - [08/Oct/2025:19:34:32 +0000] "PUT /d1/828/AUTH_6aea6f68832e41a4b7e21af8ecafd548/gnocchi.c82fe050-e3f5-4151-8379-868a17ed606b" 201 - "PUT http://localhost:8080/v1/AUTH_6aea6f68832e41a4b7e21af8ecafd548/gnocchi.c82fe050-e3f5-4151-8379-868a17ed606b" "tx4bfd6bde1abb4c2d80b99-0068e6bcc8" "proxy-server 21" 0.0182 "-" 20 0
Oct 8 19:34:32 standalone proxy-server[127782]: 172.18.0.2 ::1 08/Oct/2025/19/34/32 PUT /v1/AUTH_6aea6f68832e41a4b7e21af8ecafd548/gnocchi.c82fe050-e3f5-4151-8379-868a17ed606b HTTP/1.0 201 - python-swiftclient-3.11.1 gAAAAABo5rwEs0tt... - - - tx4bfd6bde1abb4c2d80b99-0068e6bcc8 - 0.0229 - - 1759952072.271596909 1759952072.294489861 0
Oct 8 19:34:32 standalone container-server[125763]: 172.20.0.100 - - [08/Oct/2025:19:34:32 +0000] "HEAD /d1/457/AUTH_6aea6f68832e41a4b7e21af8ecafd548/gnocchi.dde4cd17-4914-4dbe-b55e-72cd2777dfeb" 404 - "HEAD http://localhost:8080/v1/AUTH_6aea6f68832e41a4b7e21af8ecafd548/gnocchi.dde4cd17-4914-4dbe-b55e-72cd2777dfeb?format=json&states=listing" "txcca2538d14914161b1a60-0068e6bcc8" "proxy-server 21" 0.0007 "-" 23 0
Oct 8 19:34:32 standalone object-server[125890]: 172.20.0.100 - - [08/Oct/2025:19:34:32 +0000] "GET /d1/30/AUTH_6aea6f68832e41a4b7e21af8ecafd548/gnocchi.dde4cd17-4914-4dbe-b55e-72cd2777dfeb/none_v3" 404 70 "GET http://localhost:8080/v1/AUTH_6aea6f68832e41a4b7e21af8ecafd548/gnocchi.dde4cd17-4914-4dbe-b55e-72cd2777dfeb/none_v3" "txcca2538d14914161b1a60-0068e6bcc8" "proxy-server 21" 0.0006 "-" 22 0
Oct 8 19:34:32 standalone proxy-server[127782]: 172.18.0.2 ::1 08/Oct/2025/19/34/32 GET /v1/AUTH_6aea6f68832e41a4b7e21af8ecafd548/gnocchi.dde4cd17-4914-4dbe-b55e-72cd2777dfeb/none_v3 HTTP/1.0 404 - python-swiftclient-3.11.1 gAAAAABo5rwEs0tt... - 70 - txcca2538d14914161b1a60-0068e6bcc8 - 0.0108 - - 1759952072.298550129 1759952072.309379339 0
Oct 8 19:34:32 standalone account-server[125627]: 172.20.0.100 - - [08/Oct/2025:19:34:32 +0000] "PUT /d1/973/AUTH_6aea6f68832e41a4b7e21af8ecafd548/gnocchi.dde4cd17-4914-4dbe-b55e-72cd2777dfeb" 201 - "PUT http://172.20.0.100:6001/d1/457/AUTH_6aea6f68832e41a4b7e21af8ecafd548/gnocchi.dde4cd17-4914-4dbe-b55e-72cd2777dfeb" "tx9a1e90c2e113481e80b56-0068e6bcc8" "container-server 21" 0.0066 "-" 20 0
Oct 8 19:34:32 standalone container-server[125756]: 172.20.0.100 - - [08/Oct/2025:19:34:32 +0000] "PUT /d1/457/AUTH_6aea6f68832e41a4b7e21af8ecafd548/gnocchi.dde4cd17-4914-4dbe-b55e-72cd2777dfeb" 201 - "PUT http://localhost:8080/v1/AUTH_6aea6f68832e41a4b7e21af8ecafd548/gnocchi.dde4cd17-4914-4dbe-b55e-72cd2777dfeb" "tx9a1e90c2e113481e80b56-0068e6bcc8" "proxy-server 21" 0.0202 "-" 21 0
Oct 8 19:34:32 standalone proxy-server[127782]: 172.18.0.2 ::1 08/Oct/2025/19/34/32 PUT /v1/AUTH_6aea6f68832e41a4b7e21af8ecafd548/gnocchi.dde4cd17-4914-4dbe-b55e-72cd2777dfeb HTTP/1.0 201 - python-swiftclient-3.11.1 gAAAAABo5rwEs0tt... - - - tx9a1e90c2e113481e80b56-0068e6bcc8 - 0.0256 - - 1759952072.313549995 1759952072.339166880 0
Oct 8 19:34:32 standalone container-server[125756]: 172.20.0.100 - - [08/Oct/2025:19:34:32 +0000] "HEAD /d1/461/AUTH_6aea6f68832e41a4b7e21af8ecafd548/gnocchi.2ffe4ebf-f7d4-47da-95da-f4530d74b36b" 204 - "HEAD http://localhost:8080/v1/AUTH_6aea6f68832e41a4b7e21af8ecafd548/gnocchi.2ffe4ebf-f7d4-47da-95da-f4530d74b36b?format=json&states=listing" "tx4dffdca654dc4dcd89c65-0068e6bcc8" "proxy-server 21" 0.0023 "-" 21 0
Oct 8 19:34:32 standalone proxy-server[127782]: - - 08/Oct/2025/19/34/32 HEAD /v1/AUTH_6aea6f68832e41a4b7e21af8ecafd548/gnocchi.2ffe4ebf-f7d4-47da-95da-f4530d74b36b%3Fformat%3Djson%26states%3Dlisting HTTP/1.0 204 - Swift - - - - tx4dffdca654dc4dcd89c65-0068e6bcc8 - 0.0063 RL - 1759952072.346581459 1759952072.352858305 0
Oct 8 19:34:32 standalone container-server[125751]: 172.20.0.100 - - [08/Oct/2025:19:34:32 +0000] "GET /d1/461/AUTH_6aea6f68832e41a4b7e21af8ecafd548/gnocchi.2ffe4ebf-f7d4-47da-95da-f4530d74b36b" 200 2 "GET http://localhost:8080/v1/AUTH_6aea6f68832e41a4b7e21af8ecafd548/gnocchi.2ffe4ebf-f7d4-47da-95da-f4530d74b36b?format=json&states=listing" "tx4dffdca654dc4dcd89c65-0068e6bcc8" "proxy-server 21" 0.0033 "-" 20 0
Oct 8 19:34:32 standalone proxy-server[127782]: 172.18.0.2 ::1 08/Oct/2025/19/34/32 GET /v1/AUTH_6aea6f68832e41a4b7e21af8ecafd548/gnocchi.2ffe4ebf-f7d4-47da-95da-f4530d74b36b%3Fformat%3Djson%26states%3Dlisting HTTP/1.0 200 - python-swiftclient-3.11.1 gAAAAABo5rwEs0tt... - 2 - tx4dffdca654dc4dcd89c65-0068e6bcc8 - 0.0168 - - 1759952072.345401525 1759952072.362242222 0
Oct 8 19:34:32 standalone container-server[125763]: 172.20.0.100 - - [08/Oct/2025:19:34:32 +0000] "HEAD /d1/828/AUTH_6aea6f68832e41a4b7e21af8ecafd548/gnocchi.c82fe050-e3f5-4151-8379-868a17ed606b" 204 - "HEAD http://localhost:8080/v1/AUTH_6aea6f68832e41a4b7e21af8ecafd548/gnocchi.c82fe050-e3f5-4151-8379-868a17ed606b?format=json&states=listing" "txaddf3d80ea1e45d899f2a-0068e6bcc8" "proxy-server 21" 0.0027 "-" 23 0
Oct 8 19:34:32 standalone proxy-server[127782]: - - 08/Oct/2025/19/34/32 HEAD /v1/AUTH_6aea6f68832e41a4b7e21af8ecafd548/gnocchi.c82fe050-e3f5-4151-8379-868a17ed606b%3Fformat%3Djson%26states%3Dlisting HTTP/1.0 204 - Swift - - - - txaddf3d80ea1e45d899f2a-0068e6bcc8 - 0.0064 RL - 1759952072.368706703 1759952072.375146866 0
Oct 8 19:34:32 standalone container-server[125751]: 172.20.0.100 - - [08/Oct/2025:19:34:32 +0000] "GET /d1/828/AUTH_6aea6f68832e41a4b7e21af8ecafd548/gnocchi.c82fe050-e3f5-4151-8379-868a17ed606b" 200 2 "GET http://localhost:8080/v1/AUTH_6aea6f68832e41a4b7e21af8ecafd548/gnocchi.c82fe050-e3f5-4151-8379-868a17ed606b?format=json&states=listing" "txaddf3d80ea1e45d899f2a-0068e6bcc8" "proxy-server 21" 0.0029 "-" 20 0
Oct 8 19:34:32 standalone proxy-server[127782]: 172.18.0.2 ::1 08/Oct/2025/19/34/32 GET /v1/AUTH_6aea6f68832e41a4b7e21af8ecafd548/gnocchi.c82fe050-e3f5-4151-8379-868a17ed606b%3Fformat%3Djson%26states%3Dlisting HTTP/1.0 200 - python-swiftclient-3.11.1 gAAAAABo5rwEs0tt... - 2 - txaddf3d80ea1e45d899f2a-0068e6bcc8 - 0.0159 - - 1759952072.367802382 1759952072.383652449 0
Oct 8 19:34:32 standalone container-server[125763]: 172.20.0.100 - - [08/Oct/2025:19:34:32 +0000] "HEAD /d1/457/AUTH_6aea6f68832e41a4b7e21af8ecafd548/gnocchi.dde4cd17-4914-4dbe-b55e-72cd2777dfeb" 204 - "HEAD http://localhost:8080/v1/AUTH_6aea6f68832e41a4b7e21af8ecafd548/gnocchi.dde4cd17-4914-4dbe-b55e-72cd2777dfeb?format=json&states=listing" "tx2819bc83ce364883b1006-0068e6bcc8" "proxy-server 21" 0.0030 "-" 23 0
Oct 8 19:34:32 standalone proxy-server[127782]: - - 08/Oct/2025/19/34/32 HEAD /v1/AUTH_6aea6f68832e41a4b7e21af8ecafd548/gnocchi.dde4cd17-4914-4dbe-b55e-72cd2777dfeb%3Fformat%3Djson%26states%3Dlisting HTTP/1.0 204 - Swift - - - - tx2819bc83ce364883b1006-0068e6bcc8 - 0.0080 RL - 1759952072.390105247 1759952072.398081303 0
Oct 8 19:34:32 standalone container-server[125756]: 172.20.0.100 - - [08/Oct/2025:19:34:32 +0000] "GET /d1/457/AUTH_6aea6f68832e41a4b7e21af8ecafd548/gnocchi.dde4cd17-4914-4dbe-b55e-72cd2777dfeb" 200 2 "GET http://localhost:8080/v1/AUTH_6aea6f68832e41a4b7e21af8ecafd548/gnocchi.dde4cd17-4914-4dbe-b55e-72cd2777dfeb?format=json&states=listing" "tx2819bc83ce364883b1006-0068e6bcc8" "proxy-server 21" 0.0037 "-" 21 0
Oct 8 19:34:32 standalone proxy-server[127782]: 172.18.0.2 ::1 08/Oct/2025/19/34/32 GET /v1/AUTH_6aea6f68832e41a4b7e21af8ecafd548/gnocchi.dde4cd17-4914-4dbe-b55e-72cd2777dfeb%3Fformat%3Djson%26states%3Dlisting HTTP/1.0 200 - python-swiftclient-3.11.1 gAAAAABo5rwEs0tt... - 2 - tx2819bc83ce364883b1006-0068e6bcc8 - 0.0193 - - 1759952072.389081240 1759952072.408381462 0
Oct 8 19:34:32 standalone object-server[125889]: 172.20.0.100 - - [08/Oct/2025:19:34:32 +0000] "GET /d1/973/AUTH_6aea6f68832e41a4b7e21af8ecafd548/gnocchi.2ffe4ebf-f7d4-47da-95da-f4530d74b36b/1759320000.0_mean_300.0_v3" 404 70 "GET http://localhost:8080/v1/AUTH_6aea6f68832e41a4b7e21af8ecafd548/gnocchi.2ffe4ebf-f7d4-47da-95da-f4530d74b36b/1759320000.0_mean_300.0_v3" "txf4350dca8e2a4696b8163-0068e6bcc8" "proxy-server 21" 0.0012 "-" 21 0
Oct 8 19:34:32 standalone proxy-server[127782]: 172.18.0.2 ::1 08/Oct/2025/19/34/32 GET /v1/AUTH_6aea6f68832e41a4b7e21af8ecafd548/gnocchi.2ffe4ebf-f7d4-47da-95da-f4530d74b36b/1759320000.0_mean_300.0_v3 HTTP/1.0 404 - python-swiftclient-3.11.1 gAAAAABo5rwEs0tt... - 70 - txf4350dca8e2a4696b8163-0068e6bcc8 - 0.0069 - - 1759952072.413731813 1759952072.420678139 0
Oct 8 19:34:32 standalone object-server[125892]: 172.20.0.100 - - [08/Oct/2025:19:34:32 +0000] "GET /d1/552/AUTH_6aea6f68832e41a4b7e21af8ecafd548/gnocchi.c82fe050-e3f5-4151-8379-868a17ed606b/1759320000.0_mean_300.0_v3" 404 70 "GET http://localhost:8080/v1/AUTH_6aea6f68832e41a4b7e21af8ecafd548/gnocchi.c82fe050-e3f5-4151-8379-868a17ed606b/1759320000.0_mean_300.0_v3" "txa0d8286bdfb54d99a19b8-0068e6bcc8" "proxy-server 21" 0.0006 "-" 24 0
Oct 8 19:34:32 standalone proxy-server[127782]: 172.18.0.2 ::1 08/Oct/2025/19/34/32 GET /v1/AUTH_6aea6f68832e41a4b7e21af8ecafd548/gnocchi.c82fe050-e3f5-4151-8379-868a17ed606b/1759320000.0_mean_300.0_v3 HTTP/1.0 404 - python-swiftclient-3.11.1 gAAAAABo5rwEs0tt... - 70 - txa0d8286bdfb54d99a19b8-0068e6bcc8 - 0.0071 - - 1759952072.424804449 1759952072.431925535 0
Oct 8 19:34:32 standalone object-server[125889]: 172.20.0.100 - - [08/Oct/2025:19:34:32 +0000] "GET /d1/46/AUTH_6aea6f68832e41a4b7e21af8ecafd548/gnocchi.dde4cd17-4914-4dbe-b55e-72cd2777dfeb/1759320000.0_mean_300.0_v3" 404 70 "GET http://localhost:8080/v1/AUTH_6aea6f68832e41a4b7e21af8ecafd548/gnocchi.dde4cd17-4914-4dbe-b55e-72cd2777dfeb/1759320000.0_mean_300.0_v3" "tx0c34aed6707a4efaba839-0068e6bcc8" "proxy-server 21" 0.0006 "-" 21 0
Oct 8 19:34:32 standalone proxy-server[127782]: 172.18.0.2 ::1 08/Oct/2025/19/34/32 GET /v1/AUTH_6aea6f68832e41a4b7e21af8ecafd548/gnocchi.dde4cd17-4914-4dbe-b55e-72cd2777dfeb/1759320000.0_mean_300.0_v3 HTTP/1.0 404 - python-swiftclient-3.11.1 gAAAAABo5rwEs0tt... - 70 - tx0c34aed6707a4efaba839-0068e6bcc8 - 0.0095 - - 1759952072.439564466 1759952072.449024677 0
Oct 8 19:34:32 standalone container-server[125763]: 172.20.0.100 - - [08/Oct/2025:19:34:32 +0000] "PUT /d1/461/AUTH_6aea6f68832e41a4b7e21af8ecafd548/gnocchi.2ffe4ebf-f7d4-47da-95da-f4530d74b36b/1759320000.0_mean_300.0_v3" 201 - "PUT http://localhost:8080/d1/973/AUTH_6aea6f68832e41a4b7e21af8ecafd548/gnocchi.2ffe4ebf-f7d4-47da-95da-f4530d74b36b/1759320000.0_mean_300.0_v3" "tx8e60cfef9e4a4ddb84466-0068e6bcc8" "object-server 24" 0.0009 "-" 23 0
Oct 8 19:34:32 standalone object-server[125892]: 172.20.0.100 - - [08/Oct/2025:19:34:32 +0000] "PUT /d1/973/AUTH_6aea6f68832e41a4b7e21af8ecafd548/gnocchi.2ffe4ebf-f7d4-47da-95da-f4530d74b36b/1759320000.0_mean_300.0_v3" 201 - "PUT http://localhost:8080/v1/AUTH_6aea6f68832e41a4b7e21af8ecafd548/gnocchi.2ffe4ebf-f7d4-47da-95da-f4530d74b36b/1759320000.0_mean_300.0_v3" "tx8e60cfef9e4a4ddb84466-0068e6bcc8" "proxy-server 21" 0.0144 "-" 24 0
Oct 8 19:34:32 standalone proxy-server[127782]: 172.18.0.2 ::1 08/Oct/2025/19/34/32 PUT /v1/AUTH_6aea6f68832e41a4b7e21af8ecafd548/gnocchi.2ffe4ebf-f7d4-47da-95da-f4530d74b36b/1759320000.0_mean_300.0_v3 HTTP/1.0 201 - python-swiftclient-3.11.1 gAAAAABo5rwEs0tt... 16 - - tx8e60cfef9e4a4ddb84466-0068e6bcc8 - 0.0218 - - 1759952072.456724882 1759952072.478552103 0
Oct 8 19:34:32 standalone container-server[125751]: 172.20.0.100 - - [08/Oct/2025:19:34:32 +0000] "PUT /d1/828/AUTH_6aea6f68832e41a4b7e21af8ecafd548/gnocchi.c82fe050-e3f5-4151-8379-868a17ed606b/1759320000.0_mean_300.0_v3" 201 - "PUT http://localhost:8080/d1/552/AUTH_6aea6f68832e41a4b7e21af8ecafd548/gnocchi.c82fe050-e3f5-4151-8379-868a17ed606b/1759320000.0_mean_300.0_v3" "tx37e3c3e7b98e40a48f604-0068e6bcc8" "object-server 24" 0.0008 "-" 20 0
Oct 8 19:34:32 standalone object-server[125892]: 172.20.0.100 - - [08/Oct/2025:19:34:32 +0000] "PUT /d1/552/AUTH_6aea6f68832e41a4b7e21af8ecafd548/gnocchi.c82fe050-e3f5-4151-8379-868a17ed606b/1759320000.0_mean_300.0_v3" 201 - "PUT http://localhost:8080/v1/AUTH_6aea6f68832e41a4b7e21af8ecafd548/gnocchi.c82fe050-e3f5-4151-8379-868a17ed606b/1759320000.0_mean_300.0_v3" "tx37e3c3e7b98e40a48f604-0068e6bcc8" "proxy-server 21" 0.0108 "-" 24 0
Oct 8 19:34:32 standalone proxy-server[127782]: 172.18.0.2 ::1 08/Oct/2025/19/34/32 PUT /v1/AUTH_6aea6f68832e41a4b7e21af8ecafd548/gnocchi.c82fe050-e3f5-4151-8379-868a17ed606b/1759320000.0_mean_300.0_v3 HTTP/1.0 201 - python-swiftclient-3.11.1 gAAAAABo5rwEs0tt... 16 - - tx37e3c3e7b98e40a48f604-0068e6bcc8 - 0.0172 - - 1759952072.483966827 1759952072.501209021 0
Oct 8 19:34:32 standalone container-server[125758]: 172.20.0.100 - - [08/Oct/2025:19:34:32 +0000] "PUT /d1/457/AUTH_6aea6f68832e41a4b7e21af8ecafd548/gnocchi.dde4cd17-4914-4dbe-b55e-72cd2777dfeb/1759320000.0_mean_300.0_v3" 201 - "PUT http://localhost:8080/d1/46/AUTH_6aea6f68832e41a4b7e21af8ecafd548/gnocchi.dde4cd17-4914-4dbe-b55e-72cd2777dfeb/1759320000.0_mean_300.0_v3" "txa97c0197f26d43dfab1e9-0068e6bcc8" "object-server 24" 0.0007 "-" 22 0
Oct 8 19:34:32 standalone object-server[125892]: 172.20.0.100 - - [08/Oct/2025:19:34:32 +0000] "PUT /d1/46/AUTH_6aea6f68832e41a4b7e21af8ecafd548/gnocchi.dde4cd17-4914-4dbe-b55e-72cd2777dfeb/1759320000.0_mean_300.0_v3" 201 - "PUT http://localhost:8080/v1/AUTH_6aea6f68832e41a4b7e21af8ecafd548/gnocchi.dde4cd17-4914-4dbe-b55e-72cd2777dfeb/1759320000.0_mean_300.0_v3" "txa97c0197f26d43dfab1e9-0068e6bcc8" "proxy-server 21" 0.0102 "-" 24 0
Oct 8 19:34:32 standalone proxy-server[127782]: 172.18.0.2 ::1 08/Oct/2025/19/34/32 PUT /v1/AUTH_6aea6f68832e41a4b7e21af8ecafd548/gnocchi.dde4cd17-4914-4dbe-b55e-72cd2777dfeb/1759320000.0_mean_300.0_v3 HTTP/1.0 201 - python-swiftclient-3.11.1 gAAAAABo5rwEs0tt... 16 - - txa97c0197f26d43dfab1e9-0068e6bcc8 - 0.0164 - - 1759952072.507416487 1759952072.523817778 0
Oct 8 19:34:32 standalone container-server[125751]: 172.20.0.100 - - [08/Oct/2025:19:34:32 +0000] "PUT /d1/461/AUTH_6aea6f68832e41a4b7e21af8ecafd548/gnocchi.2ffe4ebf-f7d4-47da-95da-f4530d74b36b/none_v3" 201 - "PUT http://localhost:8080/d1/424/AUTH_6aea6f68832e41a4b7e21af8ecafd548/gnocchi.2ffe4ebf-f7d4-47da-95da-f4530d74b36b/none_v3" "txe6638543bf7f4b8b97730-0068e6bcc8" "object-server 21" 0.0007 "-" 20 0
Oct 8 19:34:32 standalone object-server[125889]: 172.20.0.100 - - [08/Oct/2025:19:34:32 +0000] "PUT /d1/424/AUTH_6aea6f68832e41a4b7e21af8ecafd548/gnocchi.2ffe4ebf-f7d4-47da-95da-f4530d74b36b/none_v3" 201 - "PUT http://localhost:8080/v1/AUTH_6aea6f68832e41a4b7e21af8ecafd548/gnocchi.2ffe4ebf-f7d4-47da-95da-f4530d74b36b/none_v3" "txe6638543bf7f4b8b97730-0068e6bcc8" "proxy-server 21" 0.0096 "-" 21 0
Oct 8 19:34:32 standalone proxy-server[127782]: 172.18.0.2 ::1 08/Oct/2025/19/34/32 PUT /v1/AUTH_6aea6f68832e41a4b7e21af8ecafd548/gnocchi.2ffe4ebf-f7d4-47da-95da-f4530d74b36b/none_v3 HTTP/1.0 201 - python-swiftclient-3.11.1 gAAAAABo5rwEs0tt... 22 - - txe6638543bf7f4b8b97730-0068e6bcc8 - 0.0159 - - 1759952072.528644562 1759952072.544572353 0
Oct 8 19:34:32 standalone container-server[125763]: 172.20.0.100 - - [08/Oct/2025:19:34:32 +0000] "PUT /d1/828/AUTH_6aea6f68832e41a4b7e21af8ecafd548/gnocchi.c82fe050-e3f5-4151-8379-868a17ed606b/none_v3" 201 - "PUT http://localhost:8080/d1/60/AUTH_6aea6f68832e41a4b7e21af8ecafd548/gnocchi.c82fe050-e3f5-4151-8379-868a17ed606b/none_v3" "txffb080dd083f4eff9476a-0068e6bcc8" "object-server 22" 0.0007 "-" 23 0
Oct 8 19:34:32 standalone object-server[125890]: 172.20.0.100 - - [08/Oct/2025:19:34:32 +0000] "PUT /d1/60/AUTH_6aea6f68832e41a4b7e21af8ecafd548/gnocchi.c82fe050-e3f5-4151-8379-868a17ed606b/none_v3" 201 - "PUT http://localhost:8080/v1/AUTH_6aea6f68832e41a4b7e21af8ecafd548/gnocchi.c82fe050-e3f5-4151-8379-868a17ed606b/none_v3" "txffb080dd083f4eff9476a-0068e6bcc8" "proxy-server 21" 0.0096 "-" 22 0
Oct 8 19:34:32 standalone proxy-server[127782]: 172.18.0.2 ::1 08/Oct/2025/19/34/32 PUT /v1/AUTH_6aea6f68832e41a4b7e21af8ecafd548/gnocchi.c82fe050-e3f5-4151-8379-868a17ed606b/none_v3 HTTP/1.0 201 - python-swiftclient-3.11.1 gAAAAABo5rwEs0tt... 22 - - txffb080dd083f4eff9476a-0068e6bcc8 - 0.0149 - - 1759952072.548178196 1759952072.563123226 0
Oct 8 19:34:32 standalone container-server[125758]: 172.20.0.100 - - [08/Oct/2025:19:34:32 +0000] "PUT /d1/457/AUTH_6aea6f68832e41a4b7e21af8ecafd548/gnocchi.dde4cd17-4914-4dbe-b55e-72cd2777dfeb/none_v3" 201 - "PUT http://localhost:8080/d1/30/AUTH_6aea6f68832e41a4b7e21af8ecafd548/gnocchi.dde4cd17-4914-4dbe-b55e-72cd2777dfeb/none_v3" "tx8cfc4e858db3400aa44dc-0068e6bcc8" "object-server 25" 0.0008 "-" 22 0
Oct 8 19:34:32 standalone object-server[125893]: 172.20.0.100 - - [08/Oct/2025:19:34:32 +0000] "PUT /d1/30/AUTH_6aea6f68832e41a4b7e21af8ecafd548/gnocchi.dde4cd17-4914-4dbe-b55e-72cd2777dfeb/none_v3" 201 - "PUT http://localhost:8080/v1/AUTH_6aea6f68832e41a4b7e21af8ecafd548/gnocchi.dde4cd17-4914-4dbe-b55e-72cd2777dfeb/none_v3" "tx8cfc4e858db3400aa44dc-0068e6bcc8" "proxy-server 21" 0.0115 "-" 25 0
Oct 8 19:34:32 standalone proxy-server[127782]: 172.18.0.2 ::1 08/Oct/2025/19/34/32 PUT /v1/AUTH_6aea6f68832e41a4b7e21af8ecafd548/gnocchi.dde4cd17-4914-4dbe-b55e-72cd2777dfeb/none_v3 HTTP/1.0 201 - python-swiftclient-3.11.1 gAAAAABo5rwEs0tt... 22 - - tx8cfc4e858db3400aa44dc-0068e6bcc8 - 0.0203 - - 1759952072.567516088 1759952072.587857246 0
Oct 8 19:34:32 standalone container-server[125758]: 172.20.0.100 - - [08/Oct/2025:19:34:32 +0000] "HEAD /d1/525/AUTH_6aea6f68832e41a4b7e21af8ecafd548/gnocchi.c7e3d4b5-3c8f-4396-97f3-6be67de56bbf" 404 - "HEAD http://localhost:8080/v1/AUTH_6aea6f68832e41a4b7e21af8ecafd548/gnocchi.c7e3d4b5-3c8f-4396-97f3-6be67de56bbf?format=json&states=listing" "tx737ba111713043f5a68d6-0068e6bcc8" "proxy-server 21" 0.0004 "-" 22 0
Oct 8 19:34:32 standalone object-server[125892]: 172.20.0.100 - - [08/Oct/2025:19:34:32 +0000] "GET /d1/865/AUTH_6aea6f68832e41a4b7e21af8ecafd548/gnocchi.c7e3d4b5-3c8f-4396-97f3-6be67de56bbf/none_v3" 404 70 "GET http://localhost:8080/v1/AUTH_6aea6f68832e41a4b7e21af8ecafd548/gnocchi.c7e3d4b5-3c8f-4396-97f3-6be67de56bbf/none_v3" "tx737ba111713043f5a68d6-0068e6bcc8" "proxy-server 21" 0.0005 "-" 24 0
Oct 8 19:34:32 standalone proxy-server[127782]: 172.18.0.2 ::1 08/Oct/2025/19/34/32 GET /v1/AUTH_6aea6f68832e41a4b7e21af8ecafd548/gnocchi.c7e3d4b5-3c8f-4396-97f3-6be67de56bbf/none_v3 HTTP/1.0 404 - python-swiftclient-3.11.1 gAAAAABo5rwEs0tt... - 70 - tx737ba111713043f5a68d6-0068e6bcc8 - 0.0118 - - 1759952072.613844156 1759952072.625618696 0
Oct 8 19:34:32 standalone account-server[125629]: 172.20.0.100 - - [08/Oct/2025:19:34:32 +0000] "PUT /d1/973/AUTH_6aea6f68832e41a4b7e21af8ecafd548/gnocchi.c7e3d4b5-3c8f-4396-97f3-6be67de56bbf" 201 - "PUT http://172.20.0.100:6001/d1/525/AUTH_6aea6f68832e41a4b7e21af8ecafd548/gnocchi.c7e3d4b5-3c8f-4396-97f3-6be67de56bbf" "tx4425a3d7fdda4ce4bcb3b-0068e6bcc8" "container-server 22" 0.0065 "-" 21 0
Oct 8 19:34:32 standalone container-server[125758]: 172.20.0.100 - - [08/Oct/2025:19:34:32 +0000] "PUT /d1/525/AUTH_6aea6f68832e41a4b7e21af8ecafd548/gnocchi.c7e3d4b5-3c8f-4396-97f3-6be67de56bbf" 201 - "PUT http://localhost:8080/v1/AUTH_6aea6f68832e41a4b7e21af8ecafd548/gnocchi.c7e3d4b5-3c8f-4396-97f3-6be67de56bbf" "tx4425a3d7fdda4ce4bcb3b-0068e6bcc8" "proxy-server 21" 0.0240 "-" 22 0
Oct 8 19:34:32 standalone proxy-server[127782]: 172.18.0.2 ::1 08/Oct/2025/19/34/32 PUT /v1/AUTH_6aea6f68832e41a4b7e21af8ecafd548/gnocchi.c7e3d4b5-3c8f-4396-97f3-6be67de56bbf HTTP/1.0 201 - python-swiftclient-3.11.1 gAAAAABo5rwEs0tt... - - - tx4425a3d7fdda4ce4bcb3b-0068e6bcc8 - 0.0306 - - 1759952072.630777121 1759952072.661408424 0
Oct 8 19:34:32 standalone container-server[125763]: 172.20.0.100 - - [08/Oct/2025:19:34:32 +0000] "HEAD /d1/525/AUTH_6aea6f68832e41a4b7e21af8ecafd548/gnocchi.c7e3d4b5-3c8f-4396-97f3-6be67de56bbf" 204 - "HEAD http://localhost:8080/v1/AUTH_6aea6f68832e41a4b7e21af8ecafd548/gnocchi.c7e3d4b5-3c8f-4396-97f3-6be67de56bbf?format=json&states=listing" "tx28380a14aaa84e4fa5206-0068e6bcc8" "proxy-server 21" 0.0017 "-" 23 0
Oct 8 19:34:32 standalone proxy-server[127782]: - - 08/Oct/2025/19/34/32 HEAD /v1/AUTH_6aea6f68832e41a4b7e21af8ecafd548/gnocchi.c7e3d4b5-3c8f-4396-97f3-6be67de56bbf%3Fformat%3Djson%26states%3Dlisting HTTP/1.0 204 - Swift - - - - tx28380a14aaa84e4fa5206-0068e6bcc8 - 0.0067 RL - 1759952072.668619871 1759952072.675339937 0
Oct 8 19:34:32 standalone container-server[125756]: 172.20.0.100 - - [08/Oct/2025:19:34:32 +0000] "GET /d1/525/AUTH_6aea6f68832e41a4b7e21af8ecafd548/gnocchi.c7e3d4b5-3c8f-4396-97f3-6be67de56bbf" 200 2 "GET http://localhost:8080/v1/AUTH_6aea6f68832e41a4b7e21af8ecafd548/gnocchi.c7e3d4b5-3c8f-4396-97f3-6be67de56bbf?format=json&states=listing" "tx28380a14aaa84e4fa5206-0068e6bcc8" "proxy-server 21" 0.0025 "-" 21 0
Oct 8 19:34:32 standalone proxy-server[127782]: 172.18.0.2 ::1 08/Oct/2025/19/34/32 GET /v1/AUTH_6aea6f68832e41a4b7e21af8ecafd548/gnocchi.c7e3d4b5-3c8f-4396-97f3-6be67de56bbf%3Fformat%3Djson%26states%3Dlisting HTTP/1.0 200 - python-swiftclient-3.11.1 gAAAAABo5rwEs0tt... - 2 - tx28380a14aaa84e4fa5206-0068e6bcc8 - 0.0170 - - 1759952072.667267561 1759952072.684296370 0
Oct 8 19:34:32 standalone object-server[125892]: 172.20.0.100 - - [08/Oct/2025:19:34:32 +0000] "GET /d1/772/AUTH_6aea6f68832e41a4b7e21af8ecafd548/gnocchi.c7e3d4b5-3c8f-4396-97f3-6be67de56bbf/1759320000.0_mean_300.0_v3" 404 70 "GET http://localhost:8080/v1/AUTH_6aea6f68832e41a4b7e21af8ecafd548/gnocchi.c7e3d4b5-3c8f-4396-97f3-6be67de56bbf/1759320000.0_mean_300.0_v3" "tx413953bd711f454e874cb-0068e6bcc8" "proxy-server 21" 0.0020 "-" 24 0
Oct 8 19:34:32 standalone proxy-server[127782]: 172.18.0.2 ::1 08/Oct/2025/19/34/32 GET /v1/AUTH_6aea6f68832e41a4b7e21af8ecafd548/gnocchi.c7e3d4b5-3c8f-4396-97f3-6be67de56bbf/1759320000.0_mean_300.0_v3 HTTP/1.0 404 - python-swiftclient-3.11.1 gAAAAABo5rwEs0tt... - 70 - tx413953bd711f454e874cb-0068e6bcc8 - 0.0094 - - 1759952072.688982248 1759952072.698361158 0
Oct 8 19:34:32 standalone container-server[125756]: 172.20.0.100 - - [08/Oct/2025:19:34:32 +0000] "PUT /d1/525/AUTH_6aea6f68832e41a4b7e21af8ecafd548/gnocchi.c7e3d4b5-3c8f-4396-97f3-6be67de56bbf/1759320000.0_mean_300.0_v3" 201 - "PUT http://localhost:8080/d1/772/AUTH_6aea6f68832e41a4b7e21af8ecafd548/gnocchi.c7e3d4b5-3c8f-4396-97f3-6be67de56bbf/1759320000.0_mean_300.0_v3" "tx17114148c0e84301926bb-0068e6bcc8" "object-server 22" 0.0009 "-" 21 0
Oct 8 19:34:32 standalone object-server[125890]: 172.20.0.100 - - [08/Oct/2025:19:34:32 +0000] "PUT /d1/772/AUTH_6aea6f68832e41a4b7e21af8ecafd548/gnocchi.c7e3d4b5-3c8f-4396-97f3-6be67de56bbf/1759320000.0_mean_300.0_v3" 201 - "PUT http://localhost:8080/v1/AUTH_6aea6f68832e41a4b7e21af8ecafd548/gnocchi.c7e3d4b5-3c8f-4396-97f3-6be67de56bbf/1759320000.0_mean_300.0_v3" "tx17114148c0e84301926bb-0068e6bcc8" "proxy-server 21" 0.0132 "-" 22 0
Oct 8 19:34:32 standalone proxy-server[127782]: 172.18.0.2 ::1 08/Oct/2025/19/34/32 PUT /v1/AUTH_6aea6f68832e41a4b7e21af8ecafd548/gnocchi.c7e3d4b5-3c8f-4396-97f3-6be67de56bbf/1759320000.0_mean_300.0_v3 HTTP/1.0 201 - python-swiftclient-3.11.1 gAAAAABo5rwEs0tt... 16 - - tx17114148c0e84301926bb-0068e6bcc8 - 0.0206 - - 1759952072.708495855 1759952072.729079485 0
Oct 8 19:34:32 standalone container-server[125751]: 172.20.0.100 - - [08/Oct/2025:19:34:32 +0000] "PUT /d1/525/AUTH_6aea6f68832e41a4b7e21af8ecafd548/gnocchi.c7e3d4b5-3c8f-4396-97f3-6be67de56bbf/none_v3" 201 - "PUT http://localhost:8080/d1/865/AUTH_6aea6f68832e41a4b7e21af8ecafd548/gnocchi.c7e3d4b5-3c8f-4396-97f3-6be67de56bbf/none_v3" "tx9a409030c8f84dffa5b83-0068e6bcc8" "object-server 22" 0.0007 "-" 20 0
Oct 8 19:34:32 standalone object-server[125890]: 172.20.0.100 - - [08/Oct/2025:19:34:32 +0000] "PUT /d1/865/AUTH_6aea6f68832e41a4b7e21af8ecafd548/gnocchi.c7e3d4b5-3c8f-4396-97f3-6be67de56bbf/none_v3" 201 - "PUT http://localhost:8080/v1/AUTH_6aea6f68832e41a4b7e21af8ecafd548/gnocchi.c7e3d4b5-3c8f-4396-97f3-6be67de56bbf/none_v3" "tx9a409030c8f84dffa5b83-0068e6bcc8" "proxy-server 21" 0.0105 "-" 22 0
Oct 8 19:34:32 standalone proxy-server[127782]: 172.18.0.2 ::1 08/Oct/2025/19/34/32 PUT /v1/AUTH_6aea6f68832e41a4b7e21af8ecafd548/gnocchi.c7e3d4b5-3c8f-4396-97f3-6be67de56bbf/none_v3 HTTP/1.0 201 - python-swiftclient-3.11.1 gAAAAABo5rwEs0tt... 22 - - tx9a409030c8f84dffa5b83-0068e6bcc8 - 0.0167 - - 1759952072.735487700 1759952072.752190828 0
Oct 8 19:34:32 standalone container-server[125758]: 172.20.0.100 - - [08/Oct/2025:19:34:32 +0000] "HEAD /d1/900/AUTH_6aea6f68832e41a4b7e21af8ecafd548/gnocchi.d7169a35-e96d-4a3b-bba7-766fe6128541" 404 - "HEAD http://localhost:8080/v1/AUTH_6aea6f68832e41a4b7e21af8ecafd548/gnocchi.d7169a35-e96d-4a3b-bba7-766fe6128541?format=json&states=listing" "txa0eb563e9f1e47f5b823c-0068e6bcc8" "proxy-server 21" 0.0005 "-" 22 0
Oct 8 19:34:32 standalone object-server[125893]: 172.20.0.100 - - [08/Oct/2025:19:34:32 +0000] "GET /d1/396/AUTH_6aea6f68832e41a4b7e21af8ecafd548/gnocchi.d7169a35-e96d-4a3b-bba7-766fe6128541/none_v3" 404 70 "GET http://localhost:8080/v1/AUTH_6aea6f68832e41a4b7e21af8ecafd548/gnocchi.d7169a35-e96d-4a3b-bba7-766fe6128541/none_v3" "txa0eb563e9f1e47f5b823c-0068e6bcc8" "proxy-server 21" 0.0004 "-" 25 0
Oct 8 19:34:32 standalone proxy-server[127782]: 172.18.0.2 ::1 08/Oct/2025/19/34/32 GET /v1/AUTH_6aea6f68832e41a4b7e21af8ecafd548/gnocchi.d7169a35-e96d-4a3b-bba7-766fe6128541/none_v3 HTTP/1.0 404 - python-swiftclient-3.11.1 gAAAAABo5rwEs0tt... - 70 - txa0eb563e9f1e47f5b823c-0068e6bcc8 - 0.0144 - - 1759952072.766834736 1759952072.781226635 0
Oct 8 19:34:32 standalone account-server[125612]: 172.20.0.100 - - [08/Oct/2025:19:34:32 +0000] "PUT /d1/973/AUTH_6aea6f68832e41a4b7e21af8ecafd548/gnocchi.d7169a35-e96d-4a3b-bba7-766fe6128541" 201 - "PUT http://172.20.0.100:6001/d1/900/AUTH_6aea6f68832e41a4b7e21af8ecafd548/gnocchi.d7169a35-e96d-4a3b-bba7-766fe6128541" "txc0f5456b6edd4f958a622-0068e6bcc8" "container-server 20" 0.0049 "-" 19 0
Oct 8 19:34:32 standalone container-server[125751]: 172.20.0.100 - - [08/Oct/2025:19:34:32 +0000] "PUT /d1/900/AUTH_6aea6f68832e41a4b7e21af8ecafd548/gnocchi.d7169a35-e96d-4a3b-bba7-766fe6128541" 201 - "PUT http://localhost:8080/v1/AUTH_6aea6f68832e41a4b7e21af8ecafd548/gnocchi.d7169a35-e96d-4a3b-bba7-766fe6128541" "txc0f5456b6edd4f958a622-0068e6bcc8" "proxy-server 21" 0.0139 "-" 20 0
Oct 8 19:34:32 standalone proxy-server[127782]: 172.18.0.2 ::1 08/Oct/2025/19/34/32 PUT /v1/AUTH_6aea6f68832e41a4b7e21af8ecafd548/gnocchi.d7169a35-e96d-4a3b-bba7-766fe6128541 HTTP/1.0 201 - python-swiftclient-3.11.1 gAAAAABo5rwEs0tt... - - - txc0f5456b6edd4f958a622-0068e6bcc8 - 0.0207 - - 1759952072.785507679 1759952072.806206703 0
Oct 8 19:34:32 standalone container-server[125758]: 172.20.0.100 - - [08/Oct/2025:19:34:32 +0000] "HEAD /d1/111/AUTH_6aea6f68832e41a4b7e21af8ecafd548/gnocchi.f27498b4-2ed8-4b7c-bd2b-e1c192f4b5c1" 404 - "HEAD http://localhost:8080/v1/AUTH_6aea6f68832e41a4b7e21af8ecafd548/gnocchi.f27498b4-2ed8-4b7c-bd2b-e1c192f4b5c1?format=json&states=listing" "tx7f3b89b7eadd4ef180e5f-0068e6bcc8" "proxy-server 21" 0.0005 "-" 22 0
Oct 8 19:34:32 standalone object-server[125889]: 172.20.0.100 - - [08/Oct/2025:19:34:32 +0000] "GET /d1/682/AUTH_6aea6f68832e41a4b7e21af8ecafd548/gnocchi.f27498b4-2ed8-4b7c-bd2b-e1c192f4b5c1/none_v3" 404 70 "GET http://localhost:8080/v1/AUTH_6aea6f68832e41a4b7e21af8ecafd548/gnocchi.f27498b4-2ed8-4b7c-bd2b-e1c192f4b5c1/none_v3" "tx7f3b89b7eadd4ef180e5f-0068e6bcc8" "proxy-server 21" 0.0005 "-" 21 0
Oct 8 19:34:32 standalone proxy-server[127782]: 172.18.0.2 ::1 08/Oct/2025/19/34/32 GET /v1/AUTH_6aea6f68832e41a4b7e21af8ecafd548/gnocchi.f27498b4-2ed8-4b7c-bd2b-e1c192f4b5c1/none_v3 HTTP/1.0 404 - python-swiftclient-3.11.1 gAAAAABo5rwEs0tt... - 70 - tx7f3b89b7eadd4ef180e5f-0068e6bcc8 - 0.0116 - - 1759952072.810035944 1759952072.821662903 0
Oct 8 19:34:32 standalone account-server[125627]: 172.20.0.100 - - [08/Oct/2025:19:34:32 +0000] "PUT /d1/973/AUTH_6aea6f68832e41a4b7e21af8ecafd548/gnocchi.f27498b4-2ed8-4b7c-bd2b-e1c192f4b5c1" 201 - "PUT http://172.20.0.100:6001/d1/111/AUTH_6aea6f68832e41a4b7e21af8ecafd548/gnocchi.f27498b4-2ed8-4b7c-bd2b-e1c192f4b5c1" "txa880f0ffff13421b9f03c-0068e6bcc8" "container-server 22" 0.0049 "-" 20 0
Oct 8 19:34:32 standalone container-server[125758]: 172.20.0.100 - - [08/Oct/2025:19:34:32 +0000] "PUT /d1/111/AUTH_6aea6f68832e41a4b7e21af8ecafd548/gnocchi.f27498b4-2ed8-4b7c-bd2b-e1c192f4b5c1" 201 - "PUT http://localhost:8080/v1/AUTH_6aea6f68832e41a4b7e21af8ecafd548/gnocchi.f27498b4-2ed8-4b7c-bd2b-e1c192f4b5c1" "txa880f0ffff13421b9f03c-0068e6bcc8" "proxy-server 21" 0.0146 "-" 22 0
Oct 8 19:34:32 standalone proxy-server[127782]: 172.18.0.2 ::1 08/Oct/2025/19/34/32 PUT /v1/AUTH_6aea6f68832e41a4b7e21af8ecafd548/gnocchi.f27498b4-2ed8-4b7c-bd2b-e1c192f4b5c1 HTTP/1.0 201 - python-swiftclient-3.11.1 gAAAAABo5rwEs0tt... - - - txa880f0ffff13421b9f03c-0068e6bcc8 - 0.0204 - - 1759952072.826210976 1759952072.846572876 0
Oct 8 19:34:32 standalone container-server[125751]: 172.20.0.100 - - [08/Oct/2025:19:34:32 +0000] "HEAD /d1/900/AUTH_6aea6f68832e41a4b7e21af8ecafd548/gnocchi.d7169a35-e96d-4a3b-bba7-766fe6128541" 204 - "HEAD http://localhost:8080/v1/AUTH_6aea6f68832e41a4b7e21af8ecafd548/gnocchi.d7169a35-e96d-4a3b-bba7-766fe6128541?format=json&states=listing" "tx41eccd03458a42c48bd13-0068e6bcc8" "proxy-server 21" 0.0014 "-" 20 0
Oct 8 19:34:32 standalone proxy-server[127782]: - - 08/Oct/2025/19/34/32 HEAD /v1/AUTH_6aea6f68832e41a4b7e21af8ecafd548/gnocchi.d7169a35-e96d-4a3b-bba7-766fe6128541%3Fformat%3Djson%26states%3Dlisting HTTP/1.0 204 - Swift - - - - tx41eccd03458a42c48bd13-0068e6bcc8 - 0.0045 RL - 1759952072.858848572 1759952072.863385201 0
Oct 8 19:34:32 standalone container-server[125751]: 172.20.0.100 - - [08/Oct/2025:19:34:32 +0000] "GET /d1/900/AUTH_6aea6f68832e41a4b7e21af8ecafd548/gnocchi.d7169a35-e96d-4a3b-bba7-766fe6128541" 200 2 "GET http://localhost:8080/v1/AUTH_6aea6f68832e41a4b7e21af8ecafd548/gnocchi.d7169a35-e96d-4a3b-bba7-766fe6128541?format=json&states=listing" "tx41eccd03458a42c48bd13-0068e6bcc8" "proxy-server 21" 0.0019 "-" 20 0
Oct 8 19:34:32 standalone proxy-server[127782]: 172.18.0.2 ::1 08/Oct/2025/19/34/32 GET /v1/AUTH_6aea6f68832e41a4b7e21af8ecafd548/gnocchi.d7169a35-e96d-4a3b-bba7-766fe6128541%3Fformat%3Djson%26states%3Dlisting HTTP/1.0 200 - python-swiftclient-3.11.1 gAAAAABo5rwEs0tt... - 2 - tx41eccd03458a42c48bd13-0068e6bcc8 - 0.0118 - - 1759952072.857671499 1759952072.869452953 0
Oct 8 19:34:32 standalone container-server[125763]: 172.20.0.100 - - [08/Oct/2025:19:34:32 +0000] "HEAD /d1/111/AUTH_6aea6f68832e41a4b7e21af8ecafd548/gnocchi.f27498b4-2ed8-4b7c-bd2b-e1c192f4b5c1" 204 - "HEAD http://localhost:8080/v1/AUTH_6aea6f68832e41a4b7e21af8ecafd548/gnocchi.f27498b4-2ed8-4b7c-bd2b-e1c192f4b5c1?format=json&states=listing" "tx6d238b7cd9a241fa924d8-0068e6bcc8" "proxy-server 21" 0.0022 "-" 23 0
Oct 8 19:34:32 standalone proxy-server[127782]: - - 08/Oct/2025/19/34/32 HEAD /v1/AUTH_6aea6f68832e41a4b7e21af8ecafd548/gnocchi.f27498b4-2ed8-4b7c-bd2b-e1c192f4b5c1%3Fformat%3Djson%26states%3Dlisting HTTP/1.0 204 - Swift - - - - tx6d238b7cd9a241fa924d8-0068e6bcc8 - 0.0057 RL - 1759952072.876544714 1759952072.882256985 0
Oct 8 19:34:32 standalone container-server[125756]: 172.20.0.100 - - [08/Oct/2025:19:34:32 +0000] "GET /d1/111/AUTH_6aea6f68832e41a4b7e21af8ecafd548/gnocchi.f27498b4-2ed8-4b7c-bd2b-e1c192f4b5c1" 200 2 "GET http://localhost:8080/v1/AUTH_6aea6f68832e41a4b7e21af8ecafd548/gnocchi.f27498b4-2ed8-4b7c-bd2b-e1c192f4b5c1?format=json&states=listing" "tx6d238b7cd9a241fa924d8-0068e6bcc8" "proxy-server 21" 0.0019 "-" 21 0
Oct 8 19:34:32 standalone proxy-server[127782]: 172.18.0.2 ::1 08/Oct/2025/19/34/32 GET /v1/AUTH_6aea6f68832e41a4b7e21af8ecafd548/gnocchi.f27498b4-2ed8-4b7c-bd2b-e1c192f4b5c1%3Fformat%3Djson%26states%3Dlisting HTTP/1.0 200 - python-swiftclient-3.11.1 gAAAAABo5rwEs0tt... - 2 - tx6d238b7cd9a241fa924d8-0068e6bcc8 - 0.0151 - - 1759952072.875622988 1759952072.890678644 0
Oct 8 19:34:32 standalone object-server[125889]: 172.20.0.100 - - [08/Oct/2025:19:34:32 +0000] "GET /d1/228/AUTH_6aea6f68832e41a4b7e21af8ecafd548/gnocchi.d7169a35-e96d-4a3b-bba7-766fe6128541/1759320000.0_mean_300.0_v3" 404 70 "GET http://localhost:8080/v1/AUTH_6aea6f68832e41a4b7e21af8ecafd548/gnocchi.d7169a35-e96d-4a3b-bba7-766fe6128541/1759320000.0_mean_300.0_v3" "tx33c7ab3f9ba146dfbcf5e-0068e6bcc8" "proxy-server 21" 0.0005 "-" 21 0
Oct 8 19:34:32 standalone proxy-server[127782]: 172.18.0.2 ::1 08/Oct/2025/19/34/32 GET /v1/AUTH_6aea6f68832e41a4b7e21af8ecafd548/gnocchi.d7169a35-e96d-4a3b-bba7-766fe6128541/1759320000.0_mean_300.0_v3 HTTP/1.0 404 - python-swiftclient-3.11.1 gAAAAABo5rwEs0tt... - 70 - tx33c7ab3f9ba146dfbcf5e-0068e6bcc8 - 0.0059 - - 1759952072.894989014 1759952072.900929689 0
Oct 8 19:34:32 standalone object-server[125889]: 172.20.0.100 - - [08/Oct/2025:19:34:32 +0000] "GET /d1/659/AUTH_6aea6f68832e41a4b7e21af8ecafd548/gnocchi.f27498b4-2ed8-4b7c-bd2b-e1c192f4b5c1/1759320000.0_mean_300.0_v3" 404 70 "GET http://localhost:8080/v1/AUTH_6aea6f68832e41a4b7e21af8ecafd548/gnocchi.f27498b4-2ed8-4b7c-bd2b-e1c192f4b5c1/1759320000.0_mean_300.0_v3" "tx822e68d9826a4ab583e18-0068e6bcc8" "proxy-server 21" 0.0002 "-" 21 0
Oct 8 19:34:32 standalone proxy-server[127782]: 172.18.0.2 ::1 08/Oct/2025/19/34/32 GET /v1/AUTH_6aea6f68832e41a4b7e21af8ecafd548/gnocchi.f27498b4-2ed8-4b7c-bd2b-e1c192f4b5c1/1759320000.0_mean_300.0_v3 HTTP/1.0 404 - python-swiftclient-3.11.1 gAAAAABo5rwEs0tt... - 70 - tx822e68d9826a4ab583e18-0068e6bcc8 - 0.0036 - - 1759952072.903427124 1759952072.907018423 0
Oct 8 19:34:32 standalone container-server[125758]: 172.20.0.100 - - [08/Oct/2025:19:34:32 +0000] "PUT /d1/900/AUTH_6aea6f68832e41a4b7e21af8ecafd548/gnocchi.d7169a35-e96d-4a3b-bba7-766fe6128541/1759320000.0_mean_300.0_v3" 201 - "PUT http://localhost:8080/d1/228/AUTH_6aea6f68832e41a4b7e21af8ecafd548/gnocchi.d7169a35-e96d-4a3b-bba7-766fe6128541/1759320000.0_mean_300.0_v3" "tx53fc239d8aad48a4a46d9-0068e6bcc8" "object-server 21" 0.0006 "-" 22 0
Oct 8 19:34:32 standalone object-server[125889]: 172.20.0.100 - - [08/Oct/2025:19:34:32 +0000] "PUT /d1/228/AUTH_6aea6f68832e41a4b7e21af8ecafd548/gnocchi.d7169a35-e96d-4a3b-bba7-766fe6128541/1759320000.0_mean_300.0_v3" 201 - "PUT http://localhost:8080/v1/AUTH_6aea6f68832e41a4b7e21af8ecafd548/gnocchi.d7169a35-e96d-4a3b-bba7-766fe6128541/1759320000.0_mean_300.0_v3" "tx53fc239d8aad48a4a46d9-0068e6bcc8" "proxy-server 21" 0.0116 "-" 21 0
Oct 8 19:34:32 standalone proxy-server[127782]: 172.18.0.2 ::1 08/Oct/2025/19/34/32 PUT /v1/AUTH_6aea6f68832e41a4b7e21af8ecafd548/gnocchi.d7169a35-e96d-4a3b-bba7-766fe6128541/1759320000.0_mean_300.0_v3 HTTP/1.0 201 - python-swiftclient-3.11.1 gAAAAABo5rwEs0tt... 16 - - tx53fc239d8aad48a4a46d9-0068e6bcc8 - 0.0156 - - 1759952072.909313679 1759952072.924877882 0
