Oct 8 19:34:32 standalone container-server[125756]: 172.20.0.100 - - [08/Oct/2025:19:34:32 +0000] "PUT /d1/111/AUTH_6aea6f68832e41a4b7e21af8ecafd548/gnocchi.f27498b4-2ed8-4b7c-bd2b-e1c192f4b5c1/1759320000.0_mean_300.0_v3" 201 - "PUT http://localhost:8080/d1/659/AUTH_6aea6f68832e41a4b7e21af8ecafd548/gnocchi.f27498b4-2ed8-4b7c-bd2b-e1c192f4b5c1/1759320000.0_mean_300.0_v3" "tx1e28c9cd3dd94241b0f6b-0068e6bcc8" "object-server 25" 0.0008 "-" 21 0
Oct 8 19:34:32 standalone object-server[125893]: 172.20.0.100 - - [08/Oct/2025:19:34:32 +0000] "PUT /d1/659/AUTH_6aea6f68832e41a4b7e21af8ecafd548/gnocchi.f27498b4-2ed8-4b7c-bd2b-e1c192f4b5c1/1759320000.0_mean_300.0_v3" 201 - "PUT http://localhost:8080/v1/AUTH_6aea6f68832e41a4b7e21af8ecafd548/gnocchi.f27498b4-2ed8-4b7c-bd2b-e1c192f4b5c1/1759320000.0_mean_300.0_v3" "tx1e28c9cd3dd94241b0f6b-0068e6bcc8" "proxy-server 21" 0.0087 "-" 25 0
Oct 8 19:34:32 standalone proxy-server[127782]: 172.18.0.2 ::1 08/Oct/2025/19/34/32 PUT /v1/AUTH_6aea6f68832e41a4b7e21af8ecafd548/gnocchi.f27498b4-2ed8-4b7c-bd2b-e1c192f4b5c1/1759320000.0_mean_300.0_v3 HTTP/1.0 201 - python-swiftclient-3.11.1 gAAAAABo5rwEs0tt... 16 - - tx1e28c9cd3dd94241b0f6b-0068e6bcc8 - 0.0138 - - 1759952072.929415941 1759952072.943192005 0
Oct 8 19:34:32 standalone container-server[125751]: 172.20.0.100 - - [08/Oct/2025:19:34:32 +0000] "PUT /d1/900/AUTH_6aea6f68832e41a4b7e21af8ecafd548/gnocchi.d7169a35-e96d-4a3b-bba7-766fe6128541/none_v3" 201 - "PUT http://localhost:8080/d1/396/AUTH_6aea6f68832e41a4b7e21af8ecafd548/gnocchi.d7169a35-e96d-4a3b-bba7-766fe6128541/none_v3" "tx2326ab1dc3a04c94ac65a-0068e6bcc8" "object-server 24" 0.0006 "-" 20 0
Oct 8 19:34:32 standalone object-server[125892]: 172.20.0.100 - - [08/Oct/2025:19:34:32 +0000] "PUT /d1/396/AUTH_6aea6f68832e41a4b7e21af8ecafd548/gnocchi.d7169a35-e96d-4a3b-bba7-766fe6128541/none_v3" 201 - "PUT http://localhost:8080/v1/AUTH_6aea6f68832e41a4b7e21af8ecafd548/gnocchi.d7169a35-e96d-4a3b-bba7-766fe6128541/none_v3" "tx2326ab1dc3a04c94ac65a-0068e6bcc8" "proxy-server 21" 0.0187 "-" 24 0
Oct 8 19:34:32 standalone proxy-server[127782]: 172.18.0.2 ::1 08/Oct/2025/19/34/32 PUT /v1/AUTH_6aea6f68832e41a4b7e21af8ecafd548/gnocchi.d7169a35-e96d-4a3b-bba7-766fe6128541/none_v3 HTTP/1.0 201 - python-swiftclient-3.11.1 gAAAAABo5rwEs0tt... 22 - - tx2326ab1dc3a04c94ac65a-0068e6bcc8 - 0.0242 - - 1759952072.946992874 1759952072.971162796 0
Oct 8 19:34:32 standalone container-server[125763]: 172.20.0.100 - - [08/Oct/2025:19:34:32 +0000] "PUT /d1/111/AUTH_6aea6f68832e41a4b7e21af8ecafd548/gnocchi.f27498b4-2ed8-4b7c-bd2b-e1c192f4b5c1/none_v3" 201 - "PUT http://localhost:8080/d1/682/AUTH_6aea6f68832e41a4b7e21af8ecafd548/gnocchi.f27498b4-2ed8-4b7c-bd2b-e1c192f4b5c1/none_v3" "txcd616b2fad5946d18b296-0068e6bcc8" "object-server 24" 0.0017 "-" 23 0
Oct 8 19:34:32 standalone object-server[125892]: 172.20.0.100 - - [08/Oct/2025:19:34:32 +0000] "PUT /d1/682/AUTH_6aea6f68832e41a4b7e21af8ecafd548/gnocchi.f27498b4-2ed8-4b7c-bd2b-e1c192f4b5c1/none_v3" 201 - "PUT http://localhost:8080/v1/AUTH_6aea6f68832e41a4b7e21af8ecafd548/gnocchi.f27498b4-2ed8-4b7c-bd2b-e1c192f4b5c1/none_v3" "txcd616b2fad5946d18b296-0068e6bcc8" "proxy-server 21" 0.0115 "-" 24 0
Oct 8 19:34:32 standalone proxy-server[127782]: 172.18.0.2 ::1 08/Oct/2025/19/34/32 PUT /v1/AUTH_6aea6f68832e41a4b7e21af8ecafd548/gnocchi.f27498b4-2ed8-4b7c-bd2b-e1c192f4b5c1/none_v3 HTTP/1.0 201 - python-swiftclient-3.11.1 gAAAAABo5rwEs0tt... 22 - - txcd616b2fad5946d18b296-0068e6bcc8 - 0.0183 - - 1759952072.975231886 1759952072.993574858 0
Oct 8 19:34:33 standalone container-server[125763]: 172.20.0.100 - - [08/Oct/2025:19:34:33 +0000] "HEAD /d1/640/AUTH_6aea6f68832e41a4b7e21af8ecafd548/gnocchi.d335df4a-9aa9-4766-aff4-b22c00d1d56a" 404 - "HEAD http://localhost:8080/v1/AUTH_6aea6f68832e41a4b7e21af8ecafd548/gnocchi.d335df4a-9aa9-4766-aff4-b22c00d1d56a?format=json&states=listing" "txce83c04be2d54264a6dce-0068e6bcc9" "proxy-server 21" 0.0005 "-" 23 0
Oct 8 19:34:33 standalone object-server[125893]: 172.20.0.100 - - [08/Oct/2025:19:34:33 +0000] "GET /d1/30/AUTH_6aea6f68832e41a4b7e21af8ecafd548/gnocchi.d335df4a-9aa9-4766-aff4-b22c00d1d56a/none_v3" 404 70 "GET http://localhost:8080/v1/AUTH_6aea6f68832e41a4b7e21af8ecafd548/gnocchi.d335df4a-9aa9-4766-aff4-b22c00d1d56a/none_v3" "txce83c04be2d54264a6dce-0068e6bcc9" "proxy-server 21" 0.0005 "-" 25 0
Oct 8 19:34:33 standalone proxy-server[127782]: 172.18.0.2 ::1 08/Oct/2025/19/34/33 GET /v1/AUTH_6aea6f68832e41a4b7e21af8ecafd548/gnocchi.d335df4a-9aa9-4766-aff4-b22c00d1d56a/none_v3 HTTP/1.0 404 - python-swiftclient-3.11.1 gAAAAABo5rwEs0tt... - 70 - txce83c04be2d54264a6dce-0068e6bcc9 - 0.0108 - - 1759952073.007695675 1759952073.018454790 0
Oct 8 19:34:33 standalone account-server[125632]: 172.20.0.100 - - [08/Oct/2025:19:34:33 +0000] "PUT /d1/973/AUTH_6aea6f68832e41a4b7e21af8ecafd548/gnocchi.d335df4a-9aa9-4766-aff4-b22c00d1d56a" 201 - "PUT http://172.20.0.100:6001/d1/640/AUTH_6aea6f68832e41a4b7e21af8ecafd548/gnocchi.d335df4a-9aa9-4766-aff4-b22c00d1d56a" "txd1c43c0bd7a34c438348c-0068e6bcc9" "container-server 22" 0.0042 "-" 23 0
Oct 8 19:34:33 standalone container-server[125758]: 172.20.0.100 - - [08/Oct/2025:19:34:33 +0000] "PUT /d1/640/AUTH_6aea6f68832e41a4b7e21af8ecafd548/gnocchi.d335df4a-9aa9-4766-aff4-b22c00d1d56a" 201 - "PUT http://localhost:8080/v1/AUTH_6aea6f68832e41a4b7e21af8ecafd548/gnocchi.d335df4a-9aa9-4766-aff4-b22c00d1d56a" "txd1c43c0bd7a34c438348c-0068e6bcc9" "proxy-server 21" 0.0186 "-" 22 0
Oct 8 19:34:33 standalone proxy-server[127782]: 172.18.0.2 ::1 08/Oct/2025/19/34/33 PUT /v1/AUTH_6aea6f68832e41a4b7e21af8ecafd548/gnocchi.d335df4a-9aa9-4766-aff4-b22c00d1d56a HTTP/1.0 201 - python-swiftclient-3.11.1 gAAAAABo5rwEs0tt... - - - txd1c43c0bd7a34c438348c-0068e6bcc9 - 0.0242 - - 1759952073.021415710 1759952073.045624733 0
Oct 8 19:34:33 standalone container-server[125758]: 172.20.0.100 - - [08/Oct/2025:19:34:33 +0000] "HEAD /d1/640/AUTH_6aea6f68832e41a4b7e21af8ecafd548/gnocchi.d335df4a-9aa9-4766-aff4-b22c00d1d56a" 204 - "HEAD http://localhost:8080/v1/AUTH_6aea6f68832e41a4b7e21af8ecafd548/gnocchi.d335df4a-9aa9-4766-aff4-b22c00d1d56a?format=json&states=listing" "txd2080c972713413eac910-0068e6bcc9" "proxy-server 21" 0.0022 "-" 22 0
Oct 8 19:34:33 standalone proxy-server[127782]: - - 08/Oct/2025/19/34/33 HEAD /v1/AUTH_6aea6f68832e41a4b7e21af8ecafd548/gnocchi.d335df4a-9aa9-4766-aff4-b22c00d1d56a%3Fformat%3Djson%26states%3Dlisting HTTP/1.0 204 - Swift - - - - txd2080c972713413eac910-0068e6bcc9 - 0.0057 RL - 1759952073.050760508 1759952073.056416035 0
Oct 8 19:34:33 standalone container-server[125751]: 172.20.0.100 - - [08/Oct/2025:19:34:33 +0000] "GET /d1/640/AUTH_6aea6f68832e41a4b7e21af8ecafd548/gnocchi.d335df4a-9aa9-4766-aff4-b22c00d1d56a" 200 2 "GET http://localhost:8080/v1/AUTH_6aea6f68832e41a4b7e21af8ecafd548/gnocchi.d335df4a-9aa9-4766-aff4-b22c00d1d56a?format=json&states=listing" "txd2080c972713413eac910-0068e6bcc9" "proxy-server 21" 0.0018 "-" 20 0
Oct 8 19:34:33 standalone proxy-server[127782]: 172.18.0.2 ::1 08/Oct/2025/19/34/33 GET /v1/AUTH_6aea6f68832e41a4b7e21af8ecafd548/gnocchi.d335df4a-9aa9-4766-aff4-b22c00d1d56a%3Fformat%3Djson%26states%3Dlisting HTTP/1.0 200 - python-swiftclient-3.11.1 gAAAAABo5rwEs0tt... - 2 - txd2080c972713413eac910-0068e6bcc9 - 0.0143 - - 1759952073.049765587 1759952073.064085245 0
Oct 8 19:34:33 standalone object-server[125889]: 172.20.0.100 - - [08/Oct/2025:19:34:33 +0000] "GET /d1/386/AUTH_6aea6f68832e41a4b7e21af8ecafd548/gnocchi.d335df4a-9aa9-4766-aff4-b22c00d1d56a/1759320000.0_mean_300.0_v3" 404 70 "GET http://localhost:8080/v1/AUTH_6aea6f68832e41a4b7e21af8ecafd548/gnocchi.d335df4a-9aa9-4766-aff4-b22c00d1d56a/1759320000.0_mean_300.0_v3" "txdcbbe861fd5547e5bdac5-0068e6bcc9" "proxy-server 21" 0.0007 "-" 21 0
Oct 8 19:34:33 standalone proxy-server[127782]: 172.18.0.2 ::1 08/Oct/2025/19/34/33 GET /v1/AUTH_6aea6f68832e41a4b7e21af8ecafd548/gnocchi.d335df4a-9aa9-4766-aff4-b22c00d1d56a/1759320000.0_mean_300.0_v3 HTTP/1.0 404 - python-swiftclient-3.11.1 gAAAAABo5rwEs0tt... - 70 - txdcbbe861fd5547e5bdac5-0068e6bcc9 - 0.0082 - - 1759952073.071085215 1759952073.079244375 0
Oct 8 19:34:33 standalone container-server[125756]: 172.20.0.100 - - [08/Oct/2025:19:34:33 +0000] "PUT /d1/640/AUTH_6aea6f68832e41a4b7e21af8ecafd548/gnocchi.d335df4a-9aa9-4766-aff4-b22c00d1d56a/1759320000.0_mean_300.0_v3" 201 - "PUT http://localhost:8080/d1/386/AUTH_6aea6f68832e41a4b7e21af8ecafd548/gnocchi.d335df4a-9aa9-4766-aff4-b22c00d1d56a/1759320000.0_mean_300.0_v3" "tx680be47fd0964c91a630b-0068e6bcc9" "object-server 25" 0.0012 "-" 21 0
Oct 8 19:34:33 standalone object-server[125893]: 172.20.0.100 - - [08/Oct/2025:19:34:33 +0000] "PUT /d1/386/AUTH_6aea6f68832e41a4b7e21af8ecafd548/gnocchi.d335df4a-9aa9-4766-aff4-b22c00d1d56a/1759320000.0_mean_300.0_v3" 201 - "PUT http://localhost:8080/v1/AUTH_6aea6f68832e41a4b7e21af8ecafd548/gnocchi.d335df4a-9aa9-4766-aff4-b22c00d1d56a/1759320000.0_mean_300.0_v3" "tx680be47fd0964c91a630b-0068e6bcc9" "proxy-server 21" 0.0129 "-" 25 0
Oct 8 19:34:33 standalone proxy-server[127782]: 172.18.0.2 ::1 08/Oct/2025/19/34/33 PUT /v1/AUTH_6aea6f68832e41a4b7e21af8ecafd548/gnocchi.d335df4a-9aa9-4766-aff4-b22c00d1d56a/1759320000.0_mean_300.0_v3 HTTP/1.0 201 - python-swiftclient-3.11.1 gAAAAABo5rwEs0tt... 16 - - tx680be47fd0964c91a630b-0068e6bcc9 - 0.0222 - - 1759952073.085794210 1759952073.108002663 0
Oct 8 19:34:33 standalone container-server[125758]: 172.20.0.100 - - [08/Oct/2025:19:34:33 +0000] "PUT /d1/640/AUTH_6aea6f68832e41a4b7e21af8ecafd548/gnocchi.d335df4a-9aa9-4766-aff4-b22c00d1d56a/none_v3" 201 - "PUT http://localhost:8080/d1/30/AUTH_6aea6f68832e41a4b7e21af8ecafd548/gnocchi.d335df4a-9aa9-4766-aff4-b22c00d1d56a/none_v3" "tx51284335103e49fe99e93-0068e6bcc9" "object-server 25" 0.0010 "-" 22 0
Oct 8 19:34:33 standalone object-server[125893]: 172.20.0.100 - - [08/Oct/2025:19:34:33 +0000] "PUT /d1/30/AUTH_6aea6f68832e41a4b7e21af8ecafd548/gnocchi.d335df4a-9aa9-4766-aff4-b22c00d1d56a/none_v3" 201 - "PUT http://localhost:8080/v1/AUTH_6aea6f68832e41a4b7e21af8ecafd548/gnocchi.d335df4a-9aa9-4766-aff4-b22c00d1d56a/none_v3" "tx51284335103e49fe99e93-0068e6bcc9" "proxy-server 21" 0.0115 "-" 25 0
Oct 8 19:34:33 standalone proxy-server[127782]: 172.18.0.2 ::1 08/Oct/2025/19/34/33 PUT /v1/AUTH_6aea6f68832e41a4b7e21af8ecafd548/gnocchi.d335df4a-9aa9-4766-aff4-b22c00d1d56a/none_v3 HTTP/1.0 201 - python-swiftclient-3.11.1 gAAAAABo5rwEs0tt... 22 - - tx51284335103e49fe99e93-0068e6bcc9 - 0.0222 - - 1759952073.113900185 1759952073.136054754 0
Oct 8 19:34:33 standalone container-server[125758]: 172.20.0.100 - - [08/Oct/2025:19:34:33 +0000] "HEAD /d1/171/AUTH_6aea6f68832e41a4b7e21af8ecafd548/gnocchi.9c4e195d-26f5-4718-9fa9-ed828e700df1" 404 - "HEAD http://localhost:8080/v1/AUTH_6aea6f68832e41a4b7e21af8ecafd548/gnocchi.9c4e195d-26f5-4718-9fa9-ed828e700df1?format=json&states=listing" "txb1ad8eccacdf4e3fb2348-0068e6bcc9" "proxy-server 21" 0.0006 "-" 22 0
Oct 8 19:34:33 standalone object-server[125890]: 172.20.0.100 - - [08/Oct/2025:19:34:33 +0000] "GET /d1/136/AUTH_6aea6f68832e41a4b7e21af8ecafd548/gnocchi.9c4e195d-26f5-4718-9fa9-ed828e700df1/none_v3" 404 70 "GET http://localhost:8080/v1/AUTH_6aea6f68832e41a4b7e21af8ecafd548/gnocchi.9c4e195d-26f5-4718-9fa9-ed828e700df1/none_v3" "txb1ad8eccacdf4e3fb2348-0068e6bcc9" "proxy-server 21" 0.0010 "-" 22 0
Oct 8 19:34:33 standalone proxy-server[127782]: 172.18.0.2 ::1 08/Oct/2025/19/34/33 GET /v1/AUTH_6aea6f68832e41a4b7e21af8ecafd548/gnocchi.9c4e195d-26f5-4718-9fa9-ed828e700df1/none_v3 HTTP/1.0 404 - python-swiftclient-3.11.1 gAAAAABo5rwEs0tt... - 70 - txb1ad8eccacdf4e3fb2348-0068e6bcc9 - 0.0184 - - 1759952073.152657509 1759952073.171072960 0
Oct 8 19:34:33 standalone account-server[125632]: 172.20.0.100 - - [08/Oct/2025:19:34:33 +0000] "PUT /d1/973/AUTH_6aea6f68832e41a4b7e21af8ecafd548/gnocchi.9c4e195d-26f5-4718-9fa9-ed828e700df1" 201 - "PUT http://172.20.0.100:6001/d1/171/AUTH_6aea6f68832e41a4b7e21af8ecafd548/gnocchi.9c4e195d-26f5-4718-9fa9-ed828e700df1" "txb226ce936c12499aa3d85-0068e6bcc9" "container-server 20" 0.0100 "-" 23 0
Oct 8 19:34:33 standalone container-server[125751]: 172.20.0.100 - - [08/Oct/2025:19:34:33 +0000] "PUT /d1/171/AUTH_6aea6f68832e41a4b7e21af8ecafd548/gnocchi.9c4e195d-26f5-4718-9fa9-ed828e700df1" 201 - "PUT http://localhost:8080/v1/AUTH_6aea6f68832e41a4b7e21af8ecafd548/gnocchi.9c4e195d-26f5-4718-9fa9-ed828e700df1" "txb226ce936c12499aa3d85-0068e6bcc9" "proxy-server 21" 0.0261 "-" 20 0
Oct 8 19:34:33 standalone proxy-server[127782]: 172.18.0.2 ::1 08/Oct/2025/19/34/33 PUT /v1/AUTH_6aea6f68832e41a4b7e21af8ecafd548/gnocchi.9c4e195d-26f5-4718-9fa9-ed828e700df1 HTTP/1.0 201 - python-swiftclient-3.11.1 gAAAAABo5rwEs0tt... - - - txb226ce936c12499aa3d85-0068e6bcc9 - 0.0350 - - 1759952073.176715374 1759952073.211696863 0
Oct 8 19:34:33 standalone container-server[125763]: 172.20.0.100 - - [08/Oct/2025:19:34:33 +0000] "HEAD /d1/171/AUTH_6aea6f68832e41a4b7e21af8ecafd548/gnocchi.9c4e195d-26f5-4718-9fa9-ed828e700df1" 204 - "HEAD http://localhost:8080/v1/AUTH_6aea6f68832e41a4b7e21af8ecafd548/gnocchi.9c4e195d-26f5-4718-9fa9-ed828e700df1?format=json&states=listing" "tx49a8521c2ee1472dbe60c-0068e6bcc9" "proxy-server 21" 0.0026 "-" 23 0
Oct 8 19:34:33 standalone proxy-server[127782]: - - 08/Oct/2025/19/34/33 HEAD /v1/AUTH_6aea6f68832e41a4b7e21af8ecafd548/gnocchi.9c4e195d-26f5-4718-9fa9-ed828e700df1%3Fformat%3Djson%26states%3Dlisting HTTP/1.0 204 - Swift - - - - tx49a8521c2ee1472dbe60c-0068e6bcc9 - 0.0083 RL - 1759952073.220870972 1759952073.229180574 0
Oct 8 19:34:33 standalone container-server[125751]: 172.20.0.100 - - [08/Oct/2025:19:34:33 +0000] "GET /d1/171/AUTH_6aea6f68832e41a4b7e21af8ecafd548/gnocchi.9c4e195d-26f5-4718-9fa9-ed828e700df1" 200 2 "GET http://localhost:8080/v1/AUTH_6aea6f68832e41a4b7e21af8ecafd548/gnocchi.9c4e195d-26f5-4718-9fa9-ed828e700df1?format=json&states=listing" "tx49a8521c2ee1472dbe60c-0068e6bcc9" "proxy-server 21" 0.0040 "-" 20 0
Oct 8 19:34:33 standalone proxy-server[127782]: 172.18.0.2 ::1 08/Oct/2025/19/34/33 GET /v1/AUTH_6aea6f68832e41a4b7e21af8ecafd548/gnocchi.9c4e195d-26f5-4718-9fa9-ed828e700df1%3Fformat%3Djson%26states%3Dlisting HTTP/1.0 200 - python-swiftclient-3.11.1 gAAAAABo5rwEs0tt... - 2 - tx49a8521c2ee1472dbe60c-0068e6bcc9 - 0.0251 - - 1759952073.219041109 1759952073.244135380 0
Oct 8 19:34:33 standalone object-server[125893]: 172.20.0.100 - - [08/Oct/2025:19:34:33 +0000] "GET /d1/521/AUTH_6aea6f68832e41a4b7e21af8ecafd548/gnocchi.9c4e195d-26f5-4718-9fa9-ed828e700df1/1759320000.0_mean_300.0_v3" 404 70 "GET http://localhost:8080/v1/AUTH_6aea6f68832e41a4b7e21af8ecafd548/gnocchi.9c4e195d-26f5-4718-9fa9-ed828e700df1/1759320000.0_mean_300.0_v3" "tx4537f063e23b4b52afbe1-0068e6bcc9" "proxy-server 21" 0.0006 "-" 25 0
Oct 8 19:34:33 standalone proxy-server[127782]: 172.18.0.2 ::1 08/Oct/2025/19/34/33 GET /v1/AUTH_6aea6f68832e41a4b7e21af8ecafd548/gnocchi.9c4e195d-26f5-4718-9fa9-ed828e700df1/1759320000.0_mean_300.0_v3 HTTP/1.0 404 - python-swiftclient-3.11.1 gAAAAABo5rwEs0tt... - 70 - tx4537f063e23b4b52afbe1-0068e6bcc9 - 0.0116 - - 1759952073.251146078 1759952073.262761116 0
Oct 8 19:34:33 standalone container-server[125763]: 172.20.0.100 - - [08/Oct/2025:19:34:33 +0000] "PUT /d1/171/AUTH_6aea6f68832e41a4b7e21af8ecafd548/gnocchi.9c4e195d-26f5-4718-9fa9-ed828e700df1/1759320000.0_mean_300.0_v3" 201 - "PUT http://localhost:8080/d1/521/AUTH_6aea6f68832e41a4b7e21af8ecafd548/gnocchi.9c4e195d-26f5-4718-9fa9-ed828e700df1/1759320000.0_mean_300.0_v3" "txe506f78b12584b1ca0281-0068e6bcc9" "object-server 24" 0.0011 "-" 23 0
Oct 8 19:34:33 standalone object-server[125892]: 172.20.0.100 - - [08/Oct/2025:19:34:33 +0000] "PUT /d1/521/AUTH_6aea6f68832e41a4b7e21af8ecafd548/gnocchi.9c4e195d-26f5-4718-9fa9-ed828e700df1/1759320000.0_mean_300.0_v3" 201 - "PUT http://localhost:8080/v1/AUTH_6aea6f68832e41a4b7e21af8ecafd548/gnocchi.9c4e195d-26f5-4718-9fa9-ed828e700df1/1759320000.0_mean_300.0_v3" "txe506f78b12584b1ca0281-0068e6bcc9" "proxy-server 21" 0.0148 "-" 24 0
Oct 8 19:34:33 standalone proxy-server[127782]: 172.18.0.2 ::1 08/Oct/2025/19/34/33 PUT /v1/AUTH_6aea6f68832e41a4b7e21af8ecafd548/gnocchi.9c4e195d-26f5-4718-9fa9-ed828e700df1/1759320000.0_mean_300.0_v3 HTTP/1.0 201 - python-swiftclient-3.11.1 gAAAAABo5rwEs0tt... 16 - - txe506f78b12584b1ca0281-0068e6bcc9 - 0.0259 - - 1759952073.269219875 1759952073.295140505 0
Oct 8 19:34:33 standalone container-server[125763]: 172.20.0.100 - - [08/Oct/2025:19:34:33 +0000] "PUT /d1/171/AUTH_6aea6f68832e41a4b7e21af8ecafd548/gnocchi.9c4e195d-26f5-4718-9fa9-ed828e700df1/none_v3" 201 - "PUT http://localhost:8080/d1/136/AUTH_6aea6f68832e41a4b7e21af8ecafd548/gnocchi.9c4e195d-26f5-4718-9fa9-ed828e700df1/none_v3" "txacb14668f0384520b1937-0068e6bcc9" "object-server 22" 0.0009 "-" 23 0
Oct 8 19:34:33 standalone object-server[125890]: 172.20.0.100 - - [08/Oct/2025:19:34:33 +0000] "PUT /d1/136/AUTH_6aea6f68832e41a4b7e21af8ecafd548/gnocchi.9c4e195d-26f5-4718-9fa9-ed828e700df1/none_v3" 201 - "PUT http://localhost:8080/v1/AUTH_6aea6f68832e41a4b7e21af8ecafd548/gnocchi.9c4e195d-26f5-4718-9fa9-ed828e700df1/none_v3" "txacb14668f0384520b1937-0068e6bcc9" "proxy-server 21" 0.0134 "-" 22 0
Oct 8 19:34:33 standalone proxy-server[127782]: 172.18.0.2 ::1 08/Oct/2025/19/34/33 PUT /v1/AUTH_6aea6f68832e41a4b7e21af8ecafd548/gnocchi.9c4e195d-26f5-4718-9fa9-ed828e700df1/none_v3 HTTP/1.0 201 - python-swiftclient-3.11.1 gAAAAABo5rwEs0tt... 22 - - txacb14668f0384520b1937-0068e6bcc9 - 0.0243 - - 1759952073.301215172 1759952073.325560093 0
Oct 8 19:34:33 standalone container-server[125763]: 172.20.0.100 - - [08/Oct/2025:19:34:33 +0000] "HEAD /d1/468/AUTH_6aea6f68832e41a4b7e21af8ecafd548/gnocchi.a3419e14-3ffb-46b5-8b66-47ddb6bbf0e3" 404 - "HEAD http://localhost:8080/v1/AUTH_6aea6f68832e41a4b7e21af8ecafd548/gnocchi.a3419e14-3ffb-46b5-8b66-47ddb6bbf0e3?format=json&states=listing" "tx8ace8926550744a4bd356-0068e6bcc9" "proxy-server 21" 0.0007 "-" 23 0
Oct 8 19:34:33 standalone object-server[125893]: 172.20.0.100 - - [08/Oct/2025:19:34:33 +0000] "GET /d1/601/AUTH_6aea6f68832e41a4b7e21af8ecafd548/gnocchi.a3419e14-3ffb-46b5-8b66-47ddb6bbf0e3/none_v3" 404 70 "GET http://localhost:8080/v1/AUTH_6aea6f68832e41a4b7e21af8ecafd548/gnocchi.a3419e14-3ffb-46b5-8b66-47ddb6bbf0e3/none_v3" "tx8ace8926550744a4bd356-0068e6bcc9" "proxy-server 21" 0.0008 "-" 25 0
Oct 8 19:34:33 standalone proxy-server[127782]: 172.18.0.2 ::1 08/Oct/2025/19/34/33 GET /v1/AUTH_6aea6f68832e41a4b7e21af8ecafd548/gnocchi.a3419e14-3ffb-46b5-8b66-47ddb6bbf0e3/none_v3 HTTP/1.0 404 - python-swiftclient-3.11.1 gAAAAABo5rwEs0tt... - 70 - tx8ace8926550744a4bd356-0068e6bcc9 - 0.0160 - - 1759952073.347596407 1759952073.363550901 0
Oct 8 19:34:33 standalone account-server[125629]: 172.20.0.100 - - [08/Oct/2025:19:34:33 +0000] "PUT /d1/973/AUTH_6aea6f68832e41a4b7e21af8ecafd548/gnocchi.a3419e14-3ffb-46b5-8b66-47ddb6bbf0e3" 201 - "PUT http://172.20.0.100:6001/d1/468/AUTH_6aea6f68832e41a4b7e21af8ecafd548/gnocchi.a3419e14-3ffb-46b5-8b66-47ddb6bbf0e3" "tx518197ca036f41e990fa2-0068e6bcc9" "container-server 20" 0.0056 "-" 21 0
Oct 8 19:34:33 standalone container-server[125751]: 172.20.0.100 - - [08/Oct/2025:19:34:33 +0000] "PUT /d1/468/AUTH_6aea6f68832e41a4b7e21af8ecafd548/gnocchi.a3419e14-3ffb-46b5-8b66-47ddb6bbf0e3" 201 - "PUT http://localhost:8080/v1/AUTH_6aea6f68832e41a4b7e21af8ecafd548/gnocchi.a3419e14-3ffb-46b5-8b66-47ddb6bbf0e3" "tx518197ca036f41e990fa2-0068e6bcc9" "proxy-server 21" 0.0165 "-" 20 0
Oct 8 19:34:33 standalone proxy-server[127782]: 172.18.0.2 ::1 08/Oct/2025/19/34/33 PUT /v1/AUTH_6aea6f68832e41a4b7e21af8ecafd548/gnocchi.a3419e14-3ffb-46b5-8b66-47ddb6bbf0e3 HTTP/1.0 201 - python-swiftclient-3.11.1 gAAAAABo5rwEs0tt... - - - tx518197ca036f41e990fa2-0068e6bcc9 - 0.0233 - - 1759952073.368571043 1759952073.391835928 0
Oct 8 19:34:33 standalone container-server[125756]: 172.20.0.100 - - [08/Oct/2025:19:34:33 +0000] "HEAD /d1/468/AUTH_6aea6f68832e41a4b7e21af8ecafd548/gnocchi.a3419e14-3ffb-46b5-8b66-47ddb6bbf0e3" 204 - "HEAD http://localhost:8080/v1/AUTH_6aea6f68832e41a4b7e21af8ecafd548/gnocchi.a3419e14-3ffb-46b5-8b66-47ddb6bbf0e3?format=json&states=listing" "tx142cf4877b5748fba5cc2-0068e6bcc9" "proxy-server 21" 0.0025 "-" 21 0
Oct 8 19:34:33 standalone proxy-server[127782]: - - 08/Oct/2025/19/34/33 HEAD /v1/AUTH_6aea6f68832e41a4b7e21af8ecafd548/gnocchi.a3419e14-3ffb-46b5-8b66-47ddb6bbf0e3%3Fformat%3Djson%26states%3Dlisting HTTP/1.0 204 - Swift - - - - tx142cf4877b5748fba5cc2-0068e6bcc9 - 0.0073 RL - 1759952073.400046825 1759952073.407322645 0
Oct 8 19:34:33 standalone container-server[125758]: 172.20.0.100 - - [08/Oct/2025:19:34:33 +0000] "GET /d1/468/AUTH_6aea6f68832e41a4b7e21af8ecafd548/gnocchi.a3419e14-3ffb-46b5-8b66-47ddb6bbf0e3" 200 2 "GET http://localhost:8080/v1/AUTH_6aea6f68832e41a4b7e21af8ecafd548/gnocchi.a3419e14-3ffb-46b5-8b66-47ddb6bbf0e3?format=json&states=listing" "tx142cf4877b5748fba5cc2-0068e6bcc9" "proxy-server 21" 0.0026 "-" 22 0
Oct 8 19:34:33 standalone proxy-server[127782]: 172.18.0.2 ::1 08/Oct/2025/19/34/33 GET /v1/AUTH_6aea6f68832e41a4b7e21af8ecafd548/gnocchi.a3419e14-3ffb-46b5-8b66-47ddb6bbf0e3%3Fformat%3Djson%26states%3Dlisting HTTP/1.0 200 - python-swiftclient-3.11.1 gAAAAABo5rwEs0tt... - 2 - tx142cf4877b5748fba5cc2-0068e6bcc9 - 0.0205 - - 1759952073.398388624 1759952073.418847084 0
Oct 8 19:34:33 standalone object-server[125890]: 172.20.0.100 - - [08/Oct/2025:19:34:33 +0000] "GET /d1/746/AUTH_6aea6f68832e41a4b7e21af8ecafd548/gnocchi.a3419e14-3ffb-46b5-8b66-47ddb6bbf0e3/1759320000.0_mean_300.0_v3" 404 70 "GET http://localhost:8080/v1/AUTH_6aea6f68832e41a4b7e21af8ecafd548/gnocchi.a3419e14-3ffb-46b5-8b66-47ddb6bbf0e3/1759320000.0_mean_300.0_v3" "tx40652c282111468b89d64-0068e6bcc9" "proxy-server 21" 0.0008 "-" 22 0
Oct 8 19:34:33 standalone proxy-server[127782]: 172.18.0.2 ::1 08/Oct/2025/19/34/33 GET /v1/AUTH_6aea6f68832e41a4b7e21af8ecafd548/gnocchi.a3419e14-3ffb-46b5-8b66-47ddb6bbf0e3/1759320000.0_mean_300.0_v3 HTTP/1.0 404 - python-swiftclient-3.11.1 gAAAAABo5rwEs0tt... - 70 - tx40652c282111468b89d64-0068e6bcc9 - 0.0099 - - 1759952073.426192522 1759952073.436090231 0
Oct 8 19:34:33 standalone container-server[125763]: 172.20.0.100 - - [08/Oct/2025:19:34:33 +0000] "PUT /d1/468/AUTH_6aea6f68832e41a4b7e21af8ecafd548/gnocchi.a3419e14-3ffb-46b5-8b66-47ddb6bbf0e3/1759320000.0_mean_300.0_v3" 201 - "PUT http://localhost:8080/d1/746/AUTH_6aea6f68832e41a4b7e21af8ecafd548/gnocchi.a3419e14-3ffb-46b5-8b66-47ddb6bbf0e3/1759320000.0_mean_300.0_v3" "txc420aad2483b4951b41a1-0068e6bcc9" "object-server 25" 0.0011 "-" 23 0
Oct 8 19:34:33 standalone object-server[125893]: 172.20.0.100 - - [08/Oct/2025:19:34:33 +0000] "PUT /d1/746/AUTH_6aea6f68832e41a4b7e21af8ecafd548/gnocchi.a3419e14-3ffb-46b5-8b66-47ddb6bbf0e3/1759320000.0_mean_300.0_v3" 201 - "PUT http://localhost:8080/v1/AUTH_6aea6f68832e41a4b7e21af8ecafd548/gnocchi.a3419e14-3ffb-46b5-8b66-47ddb6bbf0e3/1759320000.0_mean_300.0_v3" "txc420aad2483b4951b41a1-0068e6bcc9" "proxy-server 21" 0.0159 "-" 25 0
Oct 8 19:34:33 standalone proxy-server[127782]: 172.18.0.2 ::1 08/Oct/2025/19/34/33 PUT /v1/AUTH_6aea6f68832e41a4b7e21af8ecafd548/gnocchi.a3419e14-3ffb-46b5-8b66-47ddb6bbf0e3/1759320000.0_mean_300.0_v3 HTTP/1.0 201 - python-swiftclient-3.11.1 gAAAAABo5rwEs0tt... 16 - - txc420aad2483b4951b41a1-0068e6bcc9 - 0.0239 - - 1759952073.442646503 1759952073.466558218 0
Oct 8 19:34:33 standalone container-server[125751]: 172.20.0.100 - - [08/Oct/2025:19:34:33 +0000] "PUT /d1/468/AUTH_6aea6f68832e41a4b7e21af8ecafd548/gnocchi.a3419e14-3ffb-46b5-8b66-47ddb6bbf0e3/none_v3" 201 - "PUT http://localhost:8080/d1/601/AUTH_6aea6f68832e41a4b7e21af8ecafd548/gnocchi.a3419e14-3ffb-46b5-8b66-47ddb6bbf0e3/none_v3" "tx982fa8d1fc94461190901-0068e6bcc9" "object-server 22" 0.0009 "-" 20 0
Oct 8 19:34:33 standalone object-server[125890]: 172.20.0.100 - - [08/Oct/2025:19:34:33 +0000] "PUT /d1/601/AUTH_6aea6f68832e41a4b7e21af8ecafd548/gnocchi.a3419e14-3ffb-46b5-8b66-47ddb6bbf0e3/none_v3" 201 - "PUT http://localhost:8080/v1/AUTH_6aea6f68832e41a4b7e21af8ecafd548/gnocchi.a3419e14-3ffb-46b5-8b66-47ddb6bbf0e3/none_v3" "tx982fa8d1fc94461190901-0068e6bcc9" "proxy-server 21" 0.0137 "-" 22 0
Oct 8 19:34:33 standalone proxy-server[127782]: 172.18.0.2 ::1 08/Oct/2025/19/34/33 PUT /v1/AUTH_6aea6f68832e41a4b7e21af8ecafd548/gnocchi.a3419e14-3ffb-46b5-8b66-47ddb6bbf0e3/none_v3 HTTP/1.0 201 - python-swiftclient-3.11.1 gAAAAABo5rwEs0tt... 22 - - tx982fa8d1fc94461190901-0068e6bcc9 - 0.0221 - - 1759952073.473941565 1759952073.496024847 0
Oct 8 19:34:33 standalone container-server[125758]: 172.20.0.100 - - [08/Oct/2025:19:34:33 +0000] "HEAD /d1/271/AUTH_6aea6f68832e41a4b7e21af8ecafd548/gnocchi.5ff141fa-7546-4113-b496-4cf36e0f2a38" 404 - "HEAD http://localhost:8080/v1/AUTH_6aea6f68832e41a4b7e21af8ecafd548/gnocchi.5ff141fa-7546-4113-b496-4cf36e0f2a38?format=json&states=listing" "txf506d8e6438a445686d88-0068e6bcc9" "proxy-server 21" 0.0007 "-" 22 0
Oct 8 19:34:33 standalone object-server[125892]: 172.20.0.100 - - [08/Oct/2025:19:34:33 +0000] "GET /d1/412/AUTH_6aea6f68832e41a4b7e21af8ecafd548/gnocchi.5ff141fa-7546-4113-b496-4cf36e0f2a38/none_v3" 404 70 "GET http://localhost:8080/v1/AUTH_6aea6f68832e41a4b7e21af8ecafd548/gnocchi.5ff141fa-7546-4113-b496-4cf36e0f2a38/none_v3" "txf506d8e6438a445686d88-0068e6bcc9" "proxy-server 21" 0.0008 "-" 24 0
Oct 8 19:34:33 standalone proxy-server[127782]: 172.18.0.2 ::1 08/Oct/2025/19/34/33 GET /v1/AUTH_6aea6f68832e41a4b7e21af8ecafd548/gnocchi.5ff141fa-7546-4113-b496-4cf36e0f2a38/none_v3 HTTP/1.0 404 - python-swiftclient-3.11.1 gAAAAABo5rwEs0tt... - 70 - txf506d8e6438a445686d88-0068e6bcc9 - 0.0139 - - 1759952073.514451027 1759952073.528359652 0
Oct 8 19:34:33 standalone account-server[125632]: 172.20.0.100 - - [08/Oct/2025:19:34:33 +0000] "PUT /d1/973/AUTH_6aea6f68832e41a4b7e21af8ecafd548/gnocchi.5ff141fa-7546-4113-b496-4cf36e0f2a38" 201 - "PUT http://172.20.0.100:6001/d1/271/AUTH_6aea6f68832e41a4b7e21af8ecafd548/gnocchi.5ff141fa-7546-4113-b496-4cf36e0f2a38" "tx59d8fa8290374460ace85-0068e6bcc9" "container-server 22" 0.0077 "-" 23 0
Oct 8 19:34:33 standalone container-server[125758]: 172.20.0.100 - - [08/Oct/2025:19:34:33 +0000] "PUT /d1/271/AUTH_6aea6f68832e41a4b7e21af8ecafd548/gnocchi.5ff141fa-7546-4113-b496-4cf36e0f2a38" 201 - "PUT http://localhost:8080/v1/AUTH_6aea6f68832e41a4b7e21af8ecafd548/gnocchi.5ff141fa-7546-4113-b496-4cf36e0f2a38" "tx59d8fa8290374460ace85-0068e6bcc9" "proxy-server 21" 0.0274 "-" 22 0
Oct 8 19:34:33 standalone proxy-server[127782]: 172.18.0.2 ::1 08/Oct/2025/19/34/33 PUT /v1/AUTH_6aea6f68832e41a4b7e21af8ecafd548/gnocchi.5ff141fa-7546-4113-b496-4cf36e0f2a38 HTTP/1.0 201 - python-swiftclient-3.11.1 gAAAAABo5rwEs0tt... - - - tx59d8fa8290374460ace85-0068e6bcc9 - 0.0404 - - 1759952073.533455372 1759952073.573815823 0
Oct 8 19:34:33 standalone container-server[125763]: 172.20.0.100 - - [08/Oct/2025:19:34:33 +0000] "HEAD /d1/271/AUTH_6aea6f68832e41a4b7e21af8ecafd548/gnocchi.5ff141fa-7546-4113-b496-4cf36e0f2a38" 204 - "HEAD http://localhost:8080/v1/AUTH_6aea6f68832e41a4b7e21af8ecafd548/gnocchi.5ff141fa-7546-4113-b496-4cf36e0f2a38?format=json&states=listing" "tx6eaddd2773db4fb18f286-0068e6bcc9" "proxy-server 21" 0.0015 "-" 23 0
Oct 8 19:34:33 standalone proxy-server[127782]: - - 08/Oct/2025/19/34/33 HEAD /v1/AUTH_6aea6f68832e41a4b7e21af8ecafd548/gnocchi.5ff141fa-7546-4113-b496-4cf36e0f2a38%3Fformat%3Djson%26states%3Dlisting HTTP/1.0 204 - Swift - - - - tx6eaddd2773db4fb18f286-0068e6bcc9 - 0.0057 RL - 1759952073.585828543 1759952073.591500998 0
Oct 8 19:34:33 standalone container-server[125751]: 172.20.0.100 - - [08/Oct/2025:19:34:33 +0000] "GET /d1/271/AUTH_6aea6f68832e41a4b7e21af8ecafd548/gnocchi.5ff141fa-7546-4113-b496-4cf36e0f2a38" 200 2 "GET http://localhost:8080/v1/AUTH_6aea6f68832e41a4b7e21af8ecafd548/gnocchi.5ff141fa-7546-4113-b496-4cf36e0f2a38?format=json&states=listing" "tx6eaddd2773db4fb18f286-0068e6bcc9" "proxy-server 21" 0.0021 "-" 20 0
Oct 8 19:34:33 standalone proxy-server[127782]: 172.18.0.2 ::1 08/Oct/2025/19/34/33 GET /v1/AUTH_6aea6f68832e41a4b7e21af8ecafd548/gnocchi.5ff141fa-7546-4113-b496-4cf36e0f2a38%3Fformat%3Djson%26states%3Dlisting HTTP/1.0 200 - python-swiftclient-3.11.1 gAAAAABo5rwEs0tt... - 2 - tx6eaddd2773db4fb18f286-0068e6bcc9 - 0.0162 - - 1759952073.584515572 1759952073.600735664 0
Oct 8 19:34:33 standalone object-server[125893]: 172.20.0.100 - - [08/Oct/2025:19:34:33 +0000] "GET /d1/726/AUTH_6aea6f68832e41a4b7e21af8ecafd548/gnocchi.5ff141fa-7546-4113-b496-4cf36e0f2a38/1759320000.0_mean_300.0_v3" 404 70 "GET http://localhost:8080/v1/AUTH_6aea6f68832e41a4b7e21af8ecafd548/gnocchi.5ff141fa-7546-4113-b496-4cf36e0f2a38/1759320000.0_mean_300.0_v3" "tx876f34c131204dfd9a8cb-0068e6bcc9" "proxy-server 21" 0.0005 "-" 25 0
Oct 8 19:34:33 standalone proxy-server[127782]: 172.18.0.2 ::1 08/Oct/2025/19/34/33 GET /v1/AUTH_6aea6f68832e41a4b7e21af8ecafd548/gnocchi.5ff141fa-7546-4113-b496-4cf36e0f2a38/1759320000.0_mean_300.0_v3 HTTP/1.0 404 - python-swiftclient-3.11.1 gAAAAABo5rwEs0tt... - 70 - tx876f34c131204dfd9a8cb-0068e6bcc9 - 0.0076 - - 1759952073.606361151 1759952073.613917112 0
Oct 8 19:34:33 standalone container-server[125763]: 172.20.0.100 - - [08/Oct/2025:19:34:33 +0000] "PUT /d1/271/AUTH_6aea6f68832e41a4b7e21af8ecafd548/gnocchi.5ff141fa-7546-4113-b496-4cf36e0f2a38/1759320000.0_mean_300.0_v3" 201 - "PUT http://localhost:8080/d1/726/AUTH_6aea6f68832e41a4b7e21af8ecafd548/gnocchi.5ff141fa-7546-4113-b496-4cf36e0f2a38/1759320000.0_mean_300.0_v3" "txc7ed64c356594e63b6bab-0068e6bcc9" "object-server 22" 0.0007 "-" 23 0
Oct 8 19:34:33 standalone object-server[125890]: 172.20.0.100 - - [08/Oct/2025:19:34:33 +0000] "PUT /d1/726/AUTH_6aea6f68832e41a4b7e21af8ecafd548/gnocchi.5ff141fa-7546-4113-b496-4cf36e0f2a38/1759320000.0_mean_300.0_v3" 201 - "PUT http://localhost:8080/v1/AUTH_6aea6f68832e41a4b7e21af8ecafd548/gnocchi.5ff141fa-7546-4113-b496-4cf36e0f2a38/1759320000.0_mean_300.0_v3" "txc7ed64c356594e63b6bab-0068e6bcc9" "proxy-server 21" 0.0149 "-" 22 0
Oct 8 19:34:33 standalone proxy-server[127782]: 172.18.0.2 ::1 08/Oct/2025/19/34/33 PUT /v1/AUTH_6aea6f68832e41a4b7e21af8ecafd548/gnocchi.5ff141fa-7546-4113-b496-4cf36e0f2a38/1759320000.0_mean_300.0_v3 HTTP/1.0 201 - python-swiftclient-3.11.1 gAAAAABo5rwEs0tt... 16 - - txc7ed64c356594e63b6bab-0068e6bcc9 - 0.0254 - - 1759952073.620692492 1759952073.646067142 0
Oct 8 19:34:33 standalone container-server[125763]: 172.20.0.100 - - [08/Oct/2025:19:34:33 +0000] "PUT /d1/271/AUTH_6aea6f68832e41a4b7e21af8ecafd548/gnocchi.5ff141fa-7546-4113-b496-4cf36e0f2a38/none_v3" 201 - "PUT http://localhost:8080/d1/412/AUTH_6aea6f68832e41a4b7e21af8ecafd548/gnocchi.5ff141fa-7546-4113-b496-4cf36e0f2a38/none_v3" "tx92726716af5c46ab8e304-0068e6bcc9" "object-server 24" 0.0006 "-" 23 0
Oct 8 19:34:33 standalone object-server[125892]: 172.20.0.100 - - [08/Oct/2025:19:34:33 +0000] "PUT /d1/412/AUTH_6aea6f68832e41a4b7e21af8ecafd548/gnocchi.5ff141fa-7546-4113-b496-4cf36e0f2a38/none_v3" 201 - "PUT http://localhost:8080/v1/AUTH_6aea6f68832e41a4b7e21af8ecafd548/gnocchi.5ff141fa-7546-4113-b496-4cf36e0f2a38/none_v3" "tx92726716af5c46ab8e304-0068e6bcc9" "proxy-server 21" 0.0114 "-" 24 0
Oct 8 19:34:33 standalone proxy-server[127782]: 172.18.0.2 ::1 08/Oct/2025/19/34/33 PUT /v1/AUTH_6aea6f68832e41a4b7e21af8ecafd548/gnocchi.5ff141fa-7546-4113-b496-4cf36e0f2a38/none_v3 HTTP/1.0 201 - python-swiftclient-3.11.1 gAAAAABo5rwEs0tt... 22 - - tx92726716af5c46ab8e304-0068e6bcc9 - 0.0201 - - 1759952073.652374744 1759952073.672465324 0
Oct 8 19:35:51 standalone account-server[125632]: 172.20.0.100 - - [08/Oct/2025:19:35:51 +0000] "HEAD /d1/433/.expiring_objects" 404 - "HEAD http://localhost/v1/.expiring_objects?format=json" "txf9d4a85cbdf84bca9b603-0068e6bd16" "proxy-server 2" 0.0010 "-" 23 -
Oct 8 19:35:51 standalone object-expirer[125683]: Pass completed in 0s; 0 objects expired (txn: txf9d4a85cbdf84bca9b603-0068e6bd16)
Oct 8 19:35:53 standalone container-server[125554]: Begin container update sweep
Oct 8 19:35:53 standalone account-server[125632]: 172.20.0.100 - - [08/Oct/2025:19:35:53 +0000] "PUT /d1/973/AUTH_6aea6f68832e41a4b7e21af8ecafd548/gnocchi.0d7c3f45-bcc5-4a88-8a0a-5d22842e5363" 201 - "-" "-" "container-updater 2" 0.0012 "-" 23 0
Oct 8 19:35:53 standalone account-server[125612]: 172.20.0.100 - - [08/Oct/2025:19:35:53 +0000] "PUT /d1/973/AUTH_6aea6f68832e41a4b7e21af8ecafd548/gnocchi.c82fe050-e3f5-4151-8379-868a17ed606b" 201 - "-" "-" "container-updater 2" 0.0009 "-" 19 0
Oct 8 19:35:53 standalone account-server[125632]: 172.20.0.100 - - [08/Oct/2025:19:35:53 +0000] "PUT /d1/973/AUTH_6aea6f68832e41a4b7e21af8ecafd548/gnocchi.45a39de8-3876-44e4-836c-747bef9c5572" 201 - "-" "-" "container-updater 2" 0.0007 "-" 23 0
Oct 8 19:35:53 standalone account-server[125612]: 172.20.0.100 - - [08/Oct/2025:19:35:53 +0000] "PUT /d1/973/AUTH_6aea6f68832e41a4b7e21af8ecafd548/glance" 201 - "-" "-" "container-updater 2" 0.0010 "-" 19 0
Oct 8 19:35:53 standalone account-server[125627]: 172.20.0.100 - - [08/Oct/2025:19:35:53 +0000] "PUT /d1/973/AUTH_6aea6f68832e41a4b7e21af8ecafd548/gnocchi.5ff141fa-7546-4113-b496-4cf36e0f2a38" 201 - "-" "-" "container-updater 2" 0.0008 "-" 20 0
Oct 8 19:35:54 standalone account-server[125627]: 172.20.0.100 - - [08/Oct/2025:19:35:54 +0000] "PUT /d1/973/AUTH_6aea6f68832e41a4b7e21af8ecafd548/gnocchi.74123f2f-6575-4a28-a2f9-72ab730f0ab9" 201 - "-" "-" "container-updater 2" 0.0008 "-" 20 0
Oct 8 19:35:54 standalone account-server[125627]: 172.20.0.100 - - [08/Oct/2025:19:35:54 +0000] "PUT /d1/973/AUTH_6aea6f68832e41a4b7e21af8ecafd548/gnocchi.9c4e195d-26f5-4718-9fa9-ed828e700df1" 201 - "-" "-" "container-updater 2" 0.0010 "-" 20 0
Oct 8 19:35:54 standalone account-server[125629]: 172.20.0.100 - - [08/Oct/2025:19:35:54 +0000] "PUT /d1/973/AUTH_6aea6f68832e41a4b7e21af8ecafd548/gnocchi.a3419e14-3ffb-46b5-8b66-47ddb6bbf0e3" 201 - "-" "-" "container-updater 2" 0.0011 "-" 21 0
Oct 8 19:35:54 standalone account-server[125627]: 172.20.0.100 - - [08/Oct/2025:19:35:54 +0000] "PUT /d1/973/AUTH_6aea6f68832e41a4b7e21af8ecafd548/gnocchi.da92d174-5ec9-4397-afe9-0a526c66fcdf" 201 - "-" "-" "container-updater 2" 0.0008 "-" 20 0
Oct 8 19:35:54 standalone account-server[125627]: 172.20.0.100 - - [08/Oct/2025:19:35:54 +0000] "PUT /d1/973/AUTH_6aea6f68832e41a4b7e21af8ecafd548/gnocchi.dde4cd17-4914-4dbe-b55e-72cd2777dfeb" 201 - "-" "-" "container-updater 2" 0.0008 "-" 20 0
Oct 8 19:35:54 standalone account-server[125627]: 172.20.0.100 - - [08/Oct/2025:19:35:54 +0000] "PUT /d1/973/AUTH_6aea6f68832e41a4b7e21af8ecafd548/gnocchi.f27498b4-2ed8-4b7c-bd2b-e1c192f4b5c1" 201 - "-" "-" "container-updater 2" 0.0006 "-" 20 0
Oct 8 19:35:54 standalone account-server[125632]: 172.20.0.100 - - [08/Oct/2025:19:35:54 +0000] "PUT /d1/973/AUTH_6aea6f68832e41a4b7e21af8ecafd548/gnocchi.04606aa1-4638-4532-9bef-a1aa0b385282" 201 - "-" "-" "container-updater 2" 0.0007 "-" 23 0
Oct 8 19:35:55 standalone account-server[125627]: 172.20.0.100 - - [08/Oct/2025:19:35:55 +0000] "PUT /d1/973/AUTH_6aea6f68832e41a4b7e21af8ecafd548/gnocchi.d7169a35-e96d-4a3b-bba7-766fe6128541" 201 - "-" "-" "container-updater 2" 0.0005 "-" 20 0
Oct 8 19:35:55 standalone account-server[125629]: 172.20.0.100 - - [08/Oct/2025:19:35:55 +0000] "PUT /d1/973/AUTH_6aea6f68832e41a4b7e21af8ecafd548/gnocchi.13ccfec7-156d-4b62-b549-5971bc7abeb6" 201 - "-" "-" "container-updater 2" 0.0006 "-" 21 0
Oct 8 19:35:55 standalone account-server[125627]: 172.20.0.100 - - [08/Oct/2025:19:35:55 +0000] "PUT /d1/973/AUTH_6aea6f68832e41a4b7e21af8ecafd548/gnocchi.c7e3d4b5-3c8f-4396-97f3-6be67de56bbf" 201 - "-" "-" "container-updater 2" 0.0005 "-" 20 0
Oct 8 19:35:55 standalone account-server[125629]: 172.20.0.100 - - [08/Oct/2025:19:35:55 +0000] "PUT /d1/973/AUTH_6aea6f68832e41a4b7e21af8ecafd548/gnocchi.a65fa0b3-9fed-4688-bd18-25714084262f" 201 - "-" "-" "container-updater 2" 0.0007 "-" 21 0
Oct 8 19:35:55 standalone account-server[125612]: 172.20.0.100 - - [08/Oct/2025:19:35:55 +0000] "PUT /d1/973/AUTH_6aea6f68832e41a4b7e21af8ecafd548/gnocchi.8629b3bd-0a54-4be8-95c8-4f3d8e779a7b" 201 - "-" "-" "container-updater 2" 0.0007 "-" 19 0
Oct 8 19:35:55 standalone account-server[125627]: 172.20.0.100 - - [08/Oct/2025:19:35:55 +0000] "PUT /d1/973/AUTH_6aea6f68832e41a4b7e21af8ecafd548/gnocchi.c3d6eddd-1151-4235-8708-7d396dfaa403" 201 - "-" "-" "container-updater 2" 0.0005 "-" 20 0
Oct 8 19:35:55 standalone account-server[125629]: 172.20.0.100 - - [08/Oct/2025:19:35:55 +0000] "PUT /d1/973/AUTH_6aea6f68832e41a4b7e21af8ecafd548/gnocchi.2ffe4ebf-f7d4-47da-95da-f4530d74b36b" 201 - "-" "-" "container-updater 2" 0.0006 "-" 21 0
Oct 8 19:35:55 standalone account-server[125629]: 172.20.0.100 - - [08/Oct/2025:19:35:55 +0000] "PUT /d1/973/AUTH_6aea6f68832e41a4b7e21af8ecafd548/gnocchi.343bc4d9-82d1-4967-985a-492855cd6b8c" 201 - "-" "-" "container-updater 2" 0.0006 "-" 21 0
Oct 8 19:35:55 standalone account-server[125629]: 172.20.0.100 - - [08/Oct/2025:19:35:55 +0000] "PUT /d1/973/AUTH_6aea6f68832e41a4b7e21af8ecafd548/gnocchi.5875f2c7-07a1-432e-8f83-57c77a08f878" 201 - "-" "-" "container-updater 2" 0.0007 "-" 21 0
Oct 8 19:35:56 standalone account-server[125627]: 172.20.0.100 - - [08/Oct/2025:19:35:56 +0000] "PUT /d1/973/AUTH_6aea6f68832e41a4b7e21af8ecafd548/gnocchi.d335df4a-9aa9-4766-aff4-b22c00d1d56a" 201 - "-" "-" "container-updater 2" 0.0008 "-" 20 0
Oct 8 19:35:56 standalone account-server[125632]: 172.20.0.100 - - [08/Oct/2025:19:35:56 +0000] "PUT /d1/973/AUTH_6aea6f68832e41a4b7e21af8ecafd548/gnocchi.f660efdc-5eba-44f0-9c23-79d812d1c0ba" 201 - "-" "-" "container-updater 2" 0.0006 "-" 23 0
Oct 8 19:35:56 standalone container-server[125554]: Container update sweep completed: 2.85s
Oct 8 19:36:39 standalone account-server[125632]: 172.20.0.100 - - [08/Oct/2025:19:36:39 +0000] "HEAD /d1/433/.expiring_objects" 404 - "HEAD http://localhost/v1/.expiring_objects?format=json" "tx583c4cc9c6744e9ba428c-0068e6bd47" "proxy-server 2" 0.0006 "-" 23 -
Oct 8 19:36:39 standalone object-expirer[125683]: Pass completed in 0s; 0 objects expired (txn: tx583c4cc9c6744e9ba428c-0068e6bd47)
Oct 8 19:38:42 standalone account-server[125629]: 172.20.0.100 - - [08/Oct/2025:19:38:42 +0000] "HEAD /d1/433/.expiring_objects" 404 - "HEAD http://localhost/v1/.expiring_objects?format=json" "tx88f99c4d0b224933a82e4-0068e6bdc2" "proxy-server 2" 0.0010 "-" 21 -
Oct 8 19:38:42 standalone object-expirer[125683]: Pass completed in 0s; 0 objects expired (txn: tx88f99c4d0b224933a82e4-0068e6bdc2)
Oct 8 19:38:45 standalone object-server[125845]: Begin object update sweep
Oct 8 19:38:45 standalone object-server[256488]: Object update sweep starting on /srv/node/d1 (pid: 15)
Oct 8 19:38:45 standalone object-server[256488]: Object update sweep completed on /srv/node/d1 in 0.00s seconds:, 0 successes, 0 failures, 0 quarantines, 0 unlinks, 0 errors, 0 redirects (pid: 15)
Oct 8 19:38:45 standalone object-server[256488]: Object update sweep of d1 completed: 0.00s, 0 successes, 0 failures, 0 quarantines, 0 unlinks, 0 errors, 0 redirects
Oct 8 19:38:45 standalone object-server[125845]: Object update sweep completed: 0.13s
Oct 8 19:40:15 standalone account-server[125627]: 172.20.0.100 - - [08/Oct/2025:19:40:15 +0000] "HEAD /d1/433/.expiring_objects" 404 - "HEAD http://localhost/v1/.expiring_objects?format=json" "txcc5b7a71bbb44fe981d7a-0068e6be1f" "proxy-server 2" 0.0010 "-" 20 -
Oct 8 19:40:15 standalone object-expirer[125683]: Pass completed in 0s; 0 objects expired (txn: txcc5b7a71bbb44fe981d7a-0068e6be1f)
Oct 8 19:40:53 standalone container-server[125554]: Begin container update sweep
Oct 8 19:40:55 standalone container-server[125554]: Container update sweep completed: 1.82s
Oct 8 19:41:58 standalone account-server[125629]: 172.20.0.100 - - [08/Oct/2025:19:41:58 +0000] "HEAD /d1/433/.expiring_objects" 404 - "HEAD http://localhost/v1/.expiring_objects?format=json" "tx5d398c5ff6114dd385ff8-0068e6be86" "proxy-server 2" 0.0010 "-" 21 -
Oct 8 19:41:58 standalone object-expirer[125683]: Pass completed in 0s; 0 objects expired (txn: tx5d398c5ff6114dd385ff8-0068e6be86)
Oct 8 19:43:45 standalone object-server[125845]: Begin object update sweep
Oct 8 19:43:45 standalone object-server[279544]: Object update sweep starting on /srv/node/d1 (pid: 16)
Oct 8 19:43:45 standalone object-server[279544]: Object update sweep completed on /srv/node/d1 in 0.00s seconds:, 0 successes, 0 failures, 0 quarantines, 0 unlinks, 0 errors, 0 redirects (pid: 16)
Oct 8 19:43:45 standalone object-server[279544]: Object update sweep of d1 completed: 0.00s, 0 successes, 0 failures, 0 quarantines, 0 unlinks, 0 errors, 0 redirects
Oct 8 19:43:45 standalone object-server[125845]: Object update sweep completed: 0.10s
Oct 8 19:43:54 standalone account-server[125629]: 172.20.0.100 - - [08/Oct/2025:19:43:54 +0000] "HEAD /d1/433/.expiring_objects" 404 - "HEAD http://localhost/v1/.expiring_objects?format=json" "tx68ee3b98502e463d8abef-0068e6befa" "proxy-server 2" 0.0009 "-" 21 -
Oct 8 19:43:54 standalone object-expirer[125683]: Pass completed in 0s; 0 objects expired (txn: tx68ee3b98502e463d8abef-0068e6befa)
Oct 8 19:45:43 standalone account-server[125629]: 172.20.0.31 - - [08/Oct/2025:19:45:43 +0000] "HEAD /d1/560/AUTH_4e2ca5eb26d3426bb4f4c4ed79499701" 404 - "HEAD http://swift-public-openstack.apps-crc.testing/v1/AUTH_4e2ca5eb26d3426bb4f4c4ed79499701?format=json" "txf8714c5f3e15407fae607-0068e6bf67" "proxy-server 11" 0.0008 "-" 21 -
Oct 8 19:45:44 standalone account-server[125627]: 172.20.0.31 - - [08/Oct/2025:19:45:44 +0000] "GET /d1/560/AUTH_4e2ca5eb26d3426bb4f4c4ed79499701" 404 - "GET http://swift-public-openstack.apps-crc.testing/v1/AUTH_4e2ca5eb26d3426bb4f4c4ed79499701?format=json" "txf8714c5f3e15407fae607-0068e6bf67" "proxy-server 11" 0.0006 "-" 20 -
Oct 8 19:45:53 standalone container-server[125554]: Begin container update sweep
Oct 8 19:45:55 standalone container-server[125554]: Container update sweep completed: 2.06s
Oct 8 19:48:22 standalone account-server[125627]: 172.20.0.100 - - [08/Oct/2025:19:48:22 +0000] "HEAD /d1/433/.expiring_objects" 404 - "HEAD http://localhost/v1/.expiring_objects?format=json" "txc141b8ba485e4906a49b1-0068e6c006" "proxy-server 2" 0.0005 "-" 20 -
Oct 8 19:48:22 standalone object-expirer[125683]: Pass completed in 0s; 0 objects expired (txn: txc141b8ba485e4906a49b1-0068e6c006)
Oct 8 19:48:45 standalone object-server[125845]: Begin object update sweep
Oct 8 19:48:45 standalone object-server[300165]: Object update sweep starting on /srv/node/d1 (pid: 17)
Oct 8 19:48:45 standalone object-server[300165]: Object update sweep completed on /srv/node/d1 in 0.00s seconds:, 0 successes, 0 failures, 0 quarantines, 0 unlinks, 0 errors, 0 redirects (pid: 17)
Oct 8 19:48:45 standalone object-server[300165]: Object update sweep of d1 completed: 0.00s, 0 successes, 0 failures, 0 quarantines, 0 unlinks, 0 errors, 0 redirects
Oct 8 19:48:45 standalone object-server[125845]: Object update sweep completed: 0.08s
Oct 8 19:50:53 standalone container-server[125554]: Begin container update sweep
Oct 8 19:50:54 standalone container-server[125554]: Container update sweep completed: 1.19s
Oct 8 19:51:12 standalone account-server[125212]: Devices pass completed: 0.00s
Oct 8 19:52:37 standalone account-server[125627]: 172.20.0.100 - - [08/Oct/2025:19:52:37 +0000] "HEAD /d1/433/.expiring_objects" 404 - "HEAD http://localhost/v1/.expiring_objects?format=json" "tx32d58f4750ca421d83a18-0068e6c105" "proxy-server 2" 0.0006 "-" 20 -
Oct 8 19:52:37 standalone object-expirer[125683]: Pass completed in 0s; 0 objects expired (txn: tx32d58f4750ca421d83a18-0068e6c105)
Oct 8 19:52:47 standalone account-server[125627]: 172.20.0.31 - - [08/Oct/2025:19:52:47 +0000] "HEAD /d1/973/AUTH_6aea6f68832e41a4b7e21af8ecafd548" 204 - "HEAD http://swift-internal.openstack.svc:8080/v1/AUTH_6aea6f68832e41a4b7e21af8ecafd548?format=json" "tx30918cb3f4154eb2879de-0068e6c10f" "proxy-server 13" 0.0141 "-" 20 -
Oct 8 19:52:48 standalone container-server[125758]: 172.20.0.31 - - [08/Oct/2025:19:52:48 +0000] "HEAD /d1/540/AUTH_6aea6f68832e41a4b7e21af8ecafd548/glance" 204 - "HEAD http://swift-internal.openstack.svc:8080/v1/AUTH_6aea6f68832e41a4b7e21af8ecafd548/glance?format=json&states=listing" "tx30918cb3f4154eb2879de-0068e6c10f" "proxy-server 13" 0.0029 "-" 22 0
Oct 8 19:52:50 standalone container-server[125751]: 172.20.0.100 - - [08/Oct/2025:19:52:50 +0000] "PUT /d1/540/AUTH_6aea6f68832e41a4b7e21af8ecafd548/glance/41433565-cbcb-45ae-93e7-273ece5bee09-00001" 201 - "PUT http://swift-internal.openstack.svc:8080/d1/125/AUTH_6aea6f68832e41a4b7e21af8ecafd548/glance/41433565-cbcb-45ae-93e7-273ece5bee09-00001" "txaba52ceb2f684c55b9f5f-0068e6c110" "object-server 21" 0.0007 "-" 20 0
Oct 8 19:52:50 standalone object-server[125889]: 172.20.0.31 - - [08/Oct/2025:19:52:50 +0000] "PUT /d1/125/AUTH_6aea6f68832e41a4b7e21af8ecafd548/glance/41433565-cbcb-45ae-93e7-273ece5bee09-00001" 201 - "PUT http://swift-internal.openstack.svc:8080/v1/AUTH_6aea6f68832e41a4b7e21af8ecafd548/glance/41433565-cbcb-45ae-93e7-273ece5bee09-00001" "txaba52ceb2f684c55b9f5f-0068e6c110" "proxy-server 13" 2.1841 "-" 21 0
Oct 8 19:52:52 standalone container-server[125758]: 172.20.0.100 - - [08/Oct/2025:19:52:52 +0000] "PUT /d1/540/AUTH_6aea6f68832e41a4b7e21af8ecafd548/glance/41433565-cbcb-45ae-93e7-273ece5bee09-00002" 201 - "PUT http://swift-internal.openstack.svc:8080/d1/62/AUTH_6aea6f68832e41a4b7e21af8ecafd548/glance/41433565-cbcb-45ae-93e7-273ece5bee09-00002" "tx73e7811ce0aa42ff8eeaa-0068e6c112" "object-server 21" 0.0009 "-" 22 0
Oct 8 19:52:52 standalone object-server[125889]: 172.20.0.31 - - [08/Oct/2025:19:52:52 +0000] "PUT /d1/62/AUTH_6aea6f68832e41a4b7e21af8ecafd548/glance/41433565-cbcb-45ae-93e7-273ece5bee09-00002" 201 - "PUT http://swift-internal.openstack.svc:8080/v1/AUTH_6aea6f68832e41a4b7e21af8ecafd548/glance/41433565-cbcb-45ae-93e7-273ece5bee09-00002" "tx73e7811ce0aa42ff8eeaa-0068e6c112" "proxy-server 13" 2.1870 "-" 21 0
Oct 8 19:52:54 standalone container-server[125751]: 172.20.0.100 - - [08/Oct/2025:19:52:54 +0000] "PUT /d1/540/AUTH_6aea6f68832e41a4b7e21af8ecafd548/glance/41433565-cbcb-45ae-93e7-273ece5bee09-00003" 201 - "PUT http://swift-internal.openstack.svc:8080/d1/294/AUTH_6aea6f68832e41a4b7e21af8ecafd548/glance/41433565-cbcb-45ae-93e7-273ece5bee09-00003" "txcdfaeda27933464ab0e50-0068e6c114" "object-server 25" 0.0008 "-" 20 0
Oct 8 19:52:54 standalone object-server[125893]: 172.20.0.31 - - [08/Oct/2025:19:52:54 +0000] "PUT /d1/294/AUTH_6aea6f68832e41a4b7e21af8ecafd548/glance/41433565-cbcb-45ae-93e7-273ece5bee09-00003" 201 - "PUT http://swift-internal.openstack.svc:8080/v1/AUTH_6aea6f68832e41a4b7e21af8ecafd548/glance/41433565-cbcb-45ae-93e7-273ece5bee09-00003" "txcdfaeda27933464ab0e50-0068e6c114" "proxy-server 13" 1.2418 "-" 25 0
Oct 8 19:52:54 standalone container-server[125763]: 172.20.0.100 - - [08/Oct/2025:19:52:54 +0000] "PUT /d1/540/AUTH_6aea6f68832e41a4b7e21af8ecafd548/glance/41433565-cbcb-45ae-93e7-273ece5bee09" 201 - "PUT http://swift-internal.openstack.svc:8080/d1/529/AUTH_6aea6f68832e41a4b7e21af8ecafd548/glance/41433565-cbcb-45ae-93e7-273ece5bee09" "txea3fe3fd99184b3e8c4b1-0068e6c116" "object-server 25" 0.0008 "-" 23 0
Oct 8 19:52:54 standalone object-server[125893]: 172.20.0.31 - - [08/Oct/2025:19:52:54 +0000] "PUT /d1/529/AUTH_6aea6f68832e41a4b7e21af8ecafd548/glance/41433565-cbcb-45ae-93e7-273ece5bee09" 201 - "PUT http://swift-internal.openstack.svc:8080/v1/AUTH_6aea6f68832e41a4b7e21af8ecafd548/glance/41433565-cbcb-45ae-93e7-273ece5bee09" "txea3fe3fd99184b3e8c4b1-0068e6c116" "proxy-server 13" 0.0106 "-" 25 0
Oct 8 19:53:45 standalone object-server[125845]: Begin object update sweep
Oct 8 19:53:45 standalone object-server[320578]: Object update sweep starting on /srv/node/d1 (pid: 18)
Oct 8 19:53:45 standalone object-server[320578]: Object update sweep completed on /srv/node/d1 in 0.00s seconds:, 0 successes, 0 failures, 0 quarantines, 0 unlinks, 0 errors, 0 redirects (pid: 18)
Oct 8 19:53:45 standalone object-server[320578]: Object update sweep of d1 completed: 0.00s, 0 successes, 0 failures, 0 quarantines, 0 unlinks, 0 errors, 0 redirects
Oct 8 19:53:45 standalone object-server[125845]: Object update sweep completed: 0.08s
Oct 8 19:55:53 standalone container-server[125554]: Begin container update sweep
Oct 8 19:55:54 standalone account-server[125627]: 172.20.0.100 - - [08/Oct/2025:19:55:54 +0000] "PUT /d1/973/AUTH_6aea6f68832e41a4b7e21af8ecafd548/glance" 201 - "-" "-" "container-updater 2" 0.0011 "-" 20 0
Oct 8 19:55:55 standalone container-server[125554]: Container update sweep completed: 1.39s
Oct 8 19:56:58 standalone account-server[125627]: 172.20.0.100 - - [08/Oct/2025:19:56:58 +0000] "HEAD /d1/433/.expiring_objects" 404 - "HEAD http://localhost/v1/.expiring_objects?format=json" "tx27373a74101a49cba69a5-0068e6c20a" "proxy-server 2" 0.0007 "-" 20 -
Oct 8 19:56:58 standalone object-expirer[125683]: Pass completed in 0s; 0 objects expired (txn: tx27373a74101a49cba69a5-0068e6c20a)
Oct 8 19:57:26 standalone account-server[125627]: 172.20.0.100 - - [08/Oct/2025:19:57:26 +0000] "HEAD /d1/433/.expiring_objects" 404 - "HEAD http://localhost/v1/.expiring_objects?format=json" "txdb580e03a4814d1eaac56-0068e6c226" "proxy-server 2" 0.0007 "-" 20 -
Oct 8 19:57:26 standalone object-expirer[125683]: Pass completed in 0s; 0 objects expired (txn: txdb580e03a4814d1eaac56-0068e6c226)
Oct 8 19:57:38 standalone account-server[125612]: 172.20.0.100 - - [08/Oct/2025:19:57:38 +0000] "HEAD /d1/433/.expiring_objects" 404 - "HEAD http://localhost/v1/.expiring_objects?format=json" "txae2d4203fe07413db5939-0068e6c232" "proxy-server 2" 0.0007 "-" 19 -
Oct 8 19:57:38 standalone object-expirer[125683]: Pass completed in 0s; 0 objects expired (txn: txae2d4203fe07413db5939-0068e6c232)
Oct 8 19:58:45 standalone object-server[125845]: Begin object update sweep
Oct 8 19:58:45 standalone object-server[341089]: Object update sweep starting on /srv/node/d1 (pid: 19)
