Oct 8 19:19:33 standalone account-server[125212]: Starting 2
Oct 8 19:19:33 standalone account-server[125371]: Started child 19 from parent 2
Oct 8 19:19:33 standalone account-server[125371]: Started child 20 from parent 2
Oct 8 19:19:33 standalone account-server[125371]: Started child 21 from parent 2
Oct 8 19:19:33 standalone account-server[125371]: Started child 23 from parent 2
Oct 8 19:19:34 standalone container-server[125554]: Starting 2
Oct 8 19:19:34 standalone container-server[125579]: Option allow_versions is deprecated. Configure the versioned_writes middleware in the proxy-server instead. This option will be ignored in a future release.
Oct 8 19:19:34 standalone container-server[125751]: Option allow_versions is deprecated. Configure the versioned_writes middleware in the proxy-server instead. This option will be ignored in a future release.
Oct 8 19:19:34 standalone container-server[125579]: Started child 20 from parent 2
Oct 8 19:19:34 standalone container-server[125756]: Option allow_versions is deprecated. Configure the versioned_writes middleware in the proxy-server instead. This option will be ignored in a future release.
Oct 8 19:19:34 standalone container-server[125579]: Started child 21 from parent 2
Oct 8 19:19:34 standalone container-server[125758]: Option allow_versions is deprecated. Configure the versioned_writes middleware in the proxy-server instead. This option will be ignored in a future release.
Oct 8 19:19:34 standalone container-server[125579]: Started child 22 from parent 2
Oct 8 19:19:34 standalone container-server[125763]: Option allow_versions is deprecated. Configure the versioned_writes middleware in the proxy-server instead. This option will be ignored in a future release.
Oct 8 19:19:34 standalone container-server[125579]: Started child 23 from parent 2
Oct 8 19:19:34 standalone object-expirer[125683]: Starting 2
Oct 8 19:19:34 standalone object-expirer[125683]: Option auto_create_account_prefix is deprecated. Configure auto_create_account_prefix under the swift-constraints section of swift.conf. This option will be ignored in a future release.
Oct 8 19:19:35 standalone object-server[125787]: Started child 21 from parent 2
Oct 8 19:19:35 standalone object-server[125787]: Started child 22 from parent 2
Oct 8 19:19:35 standalone object-server[125787]: Started child 24 from parent 2
Oct 8 19:19:35 standalone object-server[125787]: Started child 25 from parent 2
Oct 8 19:19:35 standalone object-server[125845]: Starting 2
Oct 8 19:19:40 standalone proxy-server[127556]: Starting Keystone auth_token middleware
Oct 8 19:19:41 standalone proxy-server[127556]: AuthToken middleware is set with keystone_authtoken.service_token_roles_required set to False. This is backwards compatible but deprecated behaviour. Please set this to True.
Oct 8 19:19:41 standalone proxy-server[127782]: Starting Keystone auth_token middleware
Oct 8 19:19:41 standalone proxy-server[127782]: STDERR: The option "bind_port" is not known to keystonemiddleware
Oct 8 19:19:41 standalone proxy-server[127782]: STDERR: The option "workers" is not known to keystonemiddleware
Oct 8 19:19:41 standalone proxy-server[127782]: STDERR: The option "user" is not known to keystonemiddleware
Oct 8 19:19:41 standalone proxy-server[127782]: STDERR: The option "bind_ip" is not known to keystonemiddleware
Oct 8 19:19:41 standalone proxy-server[127782]: STDERR: The option "log_name" is not known to keystonemiddleware
Oct 8 19:19:41 standalone proxy-server[127782]: STDERR: The option "log_facility" is not known to keystonemiddleware
Oct 8 19:19:41 standalone proxy-server[127782]: STDERR: The option "log_level" is not known to keystonemiddleware
Oct 8 19:19:41 standalone proxy-server[127782]: STDERR: The option "log_headers" is not known to keystonemiddleware
Oct 8 19:19:41 standalone proxy-server[127782]: STDERR: The option "log_address" is not known to keystonemiddleware
Oct 8 19:19:41 standalone proxy-server[127782]: STDERR: The option "project_name" is not known to keystonemiddleware
Oct 8 19:19:41 standalone proxy-server[127782]: STDERR: The option "username" is not known to keystonemiddleware
Oct 8 19:19:41 standalone proxy-server[127782]: STDERR: The option "password" is not known to keystonemiddleware
Oct 8 19:19:41 standalone proxy-server[127782]: STDERR: The option "auth_url" is not known to keystonemiddleware
Oct 8 19:19:41 standalone proxy-server[127782]: STDERR: The option "signing_dir" is not known to keystonemiddleware
Oct 8 19:19:41 standalone proxy-server[127782]: STDERR: The option "project_domain_id" is not known to keystonemiddleware
Oct 8 19:19:41 standalone proxy-server[127782]: STDERR: The option "user_domain_id" is not known to keystonemiddleware
Oct 8 19:19:41 standalone proxy-server[127782]: STDERR: The option "__name__" is not known to keystonemiddleware
Oct 8 19:19:41 standalone proxy-server[127782]: AuthToken middleware is set with keystone_authtoken.service_token_roles_required set to False. This is backwards compatible but deprecated behaviour. Please set this to True.
Oct 8 19:19:41 standalone proxy-server[127556]: Started child 21 from parent 2
Oct 8 19:20:53 standalone container-server[125554]: Begin container update sweep
Oct 8 19:20:53 standalone container-server[125554]: Container update sweep completed: 0.00s
Oct 8 19:20:58 standalone account-server[125612]: 172.20.0.100 - - [08/Oct/2025:19:20:58 +0000] "HEAD /d1/433/.expiring_objects" 404 - "HEAD http://localhost/v1/.expiring_objects?format=json" "tx4933eef5e6c744cdb60c6-0068e6b99a" "proxy-server 2" 0.0017 "-" 19 -
Oct 8 19:20:58 standalone object-expirer[125683]: Pass completed in 0s; 0 objects expired (txn: tx4933eef5e6c744cdb60c6-0068e6b99a)
Oct 8 19:23:44 standalone object-server[125845]: Begin object update sweep
Oct 8 19:23:44 standalone object-server[155238]: Object update sweep starting on /srv/node/d1 (pid: 12)
Oct 8 19:23:44 standalone object-server[155238]: Object update sweep completed on /srv/node/d1 in 0.00s seconds:, 0 successes, 0 failures, 0 quarantines, 0 unlinks, 0 errors, 0 redirects (pid: 12)
Oct 8 19:23:44 standalone object-server[155238]: Object update sweep of d1 completed: 0.00s, 0 successes, 0 failures, 0 quarantines, 0 unlinks, 0 errors, 0 redirects
Oct 8 19:23:44 standalone object-server[125845]: Object update sweep completed: 0.08s
Oct 8 19:23:58 standalone account-server[125629]: 172.20.0.100 - - [08/Oct/2025:19:23:58 +0000] "HEAD /d1/433/.expiring_objects" 404 - "HEAD http://localhost/v1/.expiring_objects?format=json" "tx7ca1b7496c2043ac97aa6-0068e6ba4e" "proxy-server 2" 0.0013 "-" 21 -
Oct 8 19:23:58 standalone object-expirer[125683]: Pass completed in 0s; 0 objects expired (txn: tx7ca1b7496c2043ac97aa6-0068e6ba4e)
Oct 8 19:24:42 standalone account-server[125629]: 172.20.0.100 - - [08/Oct/2025:19:24:42 +0000] "HEAD /d1/433/.expiring_objects" 404 - "HEAD http://localhost/v1/.expiring_objects?format=json" "txe26b76c1bffa486d8abd3-0068e6ba7a" "proxy-server 2" 0.0005 "-" 21 -
Oct 8 19:24:42 standalone object-expirer[125683]: Pass completed in 0s; 0 objects expired (txn: txe26b76c1bffa486d8abd3-0068e6ba7a)
Oct 8 19:25:53 standalone container-server[125554]: Begin container update sweep
Oct 8 19:25:53 standalone container-server[125554]: Container update sweep completed: 0.00s
Oct 8 19:26:12 standalone account-server[125612]: 172.20.0.100 - - [08/Oct/2025:19:26:12 +0000] "HEAD /d1/973/AUTH_6aea6f68832e41a4b7e21af8ecafd548" 404 - "HEAD http://localhost:8080/v1/AUTH_6aea6f68832e41a4b7e21af8ecafd548?format=json" "tx807378a64c764acf8a680-0068e6bad4" "proxy-server 21" 0.0006 "-" 19 -
Oct 8 19:26:12 standalone proxy-server[127782]: - - 08/Oct/2025/19/26/12 HEAD /v1/AUTH_6aea6f68832e41a4b7e21af8ecafd548%3Fformat%3Djson HTTP/1.0 200 - Swift - - - - tx807378a64c764acf8a680-0068e6bad4 - 0.0067 RL - 1759951572.348426819 1759951572.355097055 -
Oct 8 19:26:12 standalone proxy-server[127782]: 172.18.0.2 ::1 08/Oct/2025/19/26/12 HEAD /v1/AUTH_6aea6f68832e41a4b7e21af8ecafd548/glance%3Fformat%3Djson HTTP/1.0 404 - python-swiftclient-3.11.1 gAAAAABo5rrU_9A_... - - - tx807378a64c764acf8a680-0068e6bad4 - 0.5470 - - 1759951572.340148449 1759951572.887154341 -
Oct 8 19:26:12 standalone account-server[125629]: 172.20.0.100 - - [08/Oct/2025:19:26:12 +0000] "PUT /d1/973/AUTH_6aea6f68832e41a4b7e21af8ecafd548" 201 - "-" "txc437785261514f15b6caf-0068e6bad4" "-" 0.0127 "-" 21 -
Oct 8 19:26:12 standalone proxy-server[127782]: autocreate account '/AUTH_6aea6f68832e41a4b7e21af8ecafd548' (txn: txc437785261514f15b6caf-0068e6bad4)
Oct 8 19:26:12 standalone account-server[125632]: 172.20.0.100 - - [08/Oct/2025:19:26:12 +0000] "HEAD /d1/973/AUTH_6aea6f68832e41a4b7e21af8ecafd548" 204 - "HEAD http://localhost:8080/v1/AUTH_6aea6f68832e41a4b7e21af8ecafd548?format=json" "txc437785261514f15b6caf-0068e6bad4" "proxy-server 21" 0.0025 "-" 23 -
Oct 8 19:26:12 standalone account-server[125612]: 172.20.0.100 - - [08/Oct/2025:19:26:12 +0000] "PUT /d1/973/AUTH_6aea6f68832e41a4b7e21af8ecafd548/glance" 201 - "PUT http://172.20.0.100:6001/d1/540/AUTH_6aea6f68832e41a4b7e21af8ecafd548/glance" "txc437785261514f15b6caf-0068e6bad4" "container-server 22" 0.0016 "-" 19 0
Oct 8 19:26:12 standalone container-server[125758]: 172.20.0.100 - - [08/Oct/2025:19:26:12 +0000] "PUT /d1/540/AUTH_6aea6f68832e41a4b7e21af8ecafd548/glance" 201 - "PUT http://localhost:8080/v1/AUTH_6aea6f68832e41a4b7e21af8ecafd548/glance" "txc437785261514f15b6caf-0068e6bad4" "proxy-server 21" 0.0148 "-" 22 0
Oct 8 19:26:12 standalone proxy-server[127782]: 172.18.0.2 ::1 08/Oct/2025/19/26/12 PUT /v1/AUTH_6aea6f68832e41a4b7e21af8ecafd548/glance HTTP/1.0 201 - python-swiftclient-3.11.1 gAAAAABo5rrU_9A_... - - - txc437785261514f15b6caf-0068e6bad4 - 0.0481 - - 1759951572.898577452 1759951572.946721554 0
Oct 8 19:26:12 standalone container-server[125756]: 172.20.0.100 - - [08/Oct/2025:19:26:12 +0000] "HEAD /d1/540/AUTH_6aea6f68832e41a4b7e21af8ecafd548/glance" 204 - "HEAD http://localhost:8080/v1/AUTH_6aea6f68832e41a4b7e21af8ecafd548/glance?format=json&states=listing" "tx4d873b0d20af4843963a4-0068e6bad4" "proxy-server 21" 0.0038 "-" 21 0
Oct 8 19:26:12 standalone proxy-server[127782]: - - 08/Oct/2025/19/26/12 HEAD /v1/AUTH_6aea6f68832e41a4b7e21af8ecafd548/glance%3Fformat%3Djson%26states%3Dlisting HTTP/1.0 204 - Swift - - - - tx4d873b0d20af4843963a4-0068e6bad4 - 0.0118 RL - 1759951572.955008984 1759951572.966852665 0
Oct 8 19:26:31 standalone container-server[125758]: 172.20.0.100 - - [08/Oct/2025:19:26:31 +0000] "PUT /d1/540/AUTH_6aea6f68832e41a4b7e21af8ecafd548/glance/bfa19390-ffb7-4a05-a34f-c71549fc3279" 201 - "PUT http://localhost:8080/d1/394/AUTH_6aea6f68832e41a4b7e21af8ecafd548/glance/bfa19390-ffb7-4a05-a34f-c71549fc3279" "tx4d873b0d20af4843963a4-0068e6bad4" "object-server 25" 0.0012 "-" 22 0
Oct 8 19:26:31 standalone object-server[125893]: 172.20.0.100 - - [08/Oct/2025:19:26:31 +0000] "PUT /d1/394/AUTH_6aea6f68832e41a4b7e21af8ecafd548/glance/bfa19390-ffb7-4a05-a34f-c71549fc3279" 201 - "PUT http://localhost:8080/v1/AUTH_6aea6f68832e41a4b7e21af8ecafd548/glance/bfa19390-ffb7-4a05-a34f-c71549fc3279" "tx4d873b0d20af4843963a4-0068e6bad4" "proxy-server 21" 18.4845 "-" 25 0
Oct 8 19:26:31 standalone proxy-server[127782]: 172.18.0.2 ::1 08/Oct/2025/19/26/31 PUT /v1/AUTH_6aea6f68832e41a4b7e21af8ecafd548/glance/bfa19390-ffb7-4a05-a34f-c71549fc3279 HTTP/1.0 201 - python-swiftclient-3.11.1 gAAAAABo5rrU_9A_... 1445986304 - - tx4d873b0d20af4843963a4-0068e6bad4 - 18.5076 - - 1759951572.951981306 1759951591.459564209 0
Oct 8 19:26:45 standalone account-server[125632]: 172.20.0.100 - - [08/Oct/2025:19:26:45 +0000] "HEAD /d1/433/.expiring_objects" 404 - "HEAD http://localhost/v1/.expiring_objects?format=json" "txadb9d6000c4641259fe39-0068e6baf5" "proxy-server 2" 0.0007 "-" 23 -
Oct 8 19:26:45 standalone object-expirer[125683]: Pass completed in 0s; 0 objects expired (txn: txadb9d6000c4641259fe39-0068e6baf5)
Oct 8 19:28:44 standalone object-server[125845]: Begin object update sweep
Oct 8 19:28:44 standalone object-server[195555]: Object update sweep starting on /srv/node/d1 (pid: 13)
Oct 8 19:28:44 standalone object-server[195555]: Object update sweep completed on /srv/node/d1 in 0.00s seconds:, 0 successes, 0 failures, 0 quarantines, 0 unlinks, 0 errors, 0 redirects (pid: 13)
Oct 8 19:28:45 standalone object-server[195555]: Object update sweep of d1 completed: 0.00s, 0 successes, 0 failures, 0 quarantines, 0 unlinks, 0 errors, 0 redirects
Oct 8 19:28:45 standalone object-server[125845]: Object update sweep completed: 0.08s
Oct 8 19:30:46 standalone account-server[125627]: 172.20.0.100 - - [08/Oct/2025:19:30:46 +0000] "HEAD /d1/433/.expiring_objects" 404 - "HEAD http://localhost/v1/.expiring_objects?format=json" "tx70d50d63ceb74069b15f8-0068e6bbe6" "proxy-server 2" 0.0019 "-" 20 -
Oct 8 19:30:46 standalone object-expirer[125683]: Pass completed in 0s; 0 objects expired (txn: tx70d50d63ceb74069b15f8-0068e6bbe6)
Oct 8 19:30:53 standalone container-server[125554]: Begin container update sweep
Oct 8 19:30:53 standalone account-server[125632]: 172.20.0.100 - - [08/Oct/2025:19:30:53 +0000] "PUT /d1/973/AUTH_6aea6f68832e41a4b7e21af8ecafd548/glance" 201 - "-" "-" "container-updater 2" 0.0012 "-" 23 0
Oct 8 19:30:53 standalone container-server[125554]: Container update sweep completed: 0.11s
Oct 8 19:31:12 standalone account-server[125627]: 172.20.0.100 - - [08/Oct/2025:19:31:12 +0000] "HEAD /d1/973/AUTH_6aea6f68832e41a4b7e21af8ecafd548" 204 - "HEAD http://localhost:8080/v1/AUTH_6aea6f68832e41a4b7e21af8ecafd548?format=json" "tx18d39860a88d4573a7a4a-0068e6bc00" "proxy-server 21" 0.0076 "-" 20 -
Oct 8 19:31:12 standalone proxy-server[127782]: - - 08/Oct/2025/19/31/12 HEAD /v1/AUTH_6aea6f68832e41a4b7e21af8ecafd548%3Fformat%3Djson HTTP/1.0 204 - Swift - - - - tx18d39860a88d4573a7a4a-0068e6bc00 - 0.0127 RL - 1759951872.798840046 1759951872.811570644 -
Oct 8 19:31:12 standalone container-server[125751]: 172.20.0.100 - - [08/Oct/2025:19:31:12 +0000] "HEAD /d1/540/AUTH_6aea6f68832e41a4b7e21af8ecafd548/glance" 204 - "HEAD http://localhost:8080/v1/AUTH_6aea6f68832e41a4b7e21af8ecafd548/glance?format=json&states=listing" "tx18d39860a88d4573a7a4a-0068e6bc00" "proxy-server 21" 0.0041 "-" 20 0
Oct 8 19:31:12 standalone proxy-server[127782]: 172.18.0.2 ::1 08/Oct/2025/19/31/12 HEAD /v1/AUTH_6aea6f68832e41a4b7e21af8ecafd548/glance%3Fformat%3Djson%26states%3Dlisting HTTP/1.0 204 - python-swiftclient-3.11.1 gAAAAABo5rwAq1Cd... - - - tx18d39860a88d4573a7a4a-0068e6bc00 - 0.1050 - - 1759951872.797467232 1759951872.902508974 0
Oct 8 19:31:15 standalone container-server[125751]: 172.20.0.100 - - [08/Oct/2025:19:31:15 +0000] "PUT /d1/540/AUTH_6aea6f68832e41a4b7e21af8ecafd548/glance/6ccf8ee7-74bb-4d64-8b2c-75e5fd32f75c-00001" 201 - "PUT http://localhost:8080/d1/305/AUTH_6aea6f68832e41a4b7e21af8ecafd548/glance/6ccf8ee7-74bb-4d64-8b2c-75e5fd32f75c-00001" "txbcffb595743f4b3c84436-0068e6bc00" "object-server 24" 0.0010 "-" 20 0
Oct 8 19:31:15 standalone object-server[125892]: 172.20.0.100 - - [08/Oct/2025:19:31:15 +0000] "PUT /d1/305/AUTH_6aea6f68832e41a4b7e21af8ecafd548/glance/6ccf8ee7-74bb-4d64-8b2c-75e5fd32f75c-00001" 201 - "PUT http://localhost:8080/v1/AUTH_6aea6f68832e41a4b7e21af8ecafd548/glance/6ccf8ee7-74bb-4d64-8b2c-75e5fd32f75c-00001" "txbcffb595743f4b3c84436-0068e6bc00" "proxy-server 21" 2.7706 "-" 24 0
Oct 8 19:31:15 standalone proxy-server[127782]: 172.18.0.2 ::1 08/Oct/2025/19/31/15 PUT /v1/AUTH_6aea6f68832e41a4b7e21af8ecafd548/glance/6ccf8ee7-74bb-4d64-8b2c-75e5fd32f75c-00001 HTTP/1.0 201 - python-swiftclient-3.11.1 gAAAAABo5rwAq1Cd... 21692416 - - txbcffb595743f4b3c84436-0068e6bc00 - 2.7766 - - 1759951872.907124758 1759951875.683721542 0
Oct 8 19:31:15 standalone container-server[125758]: 172.20.0.100 - - [08/Oct/2025:19:31:15 +0000] "PUT /d1/540/AUTH_6aea6f68832e41a4b7e21af8ecafd548/glance/6ccf8ee7-74bb-4d64-8b2c-75e5fd32f75c" 201 - "PUT http://localhost:8080/d1/62/AUTH_6aea6f68832e41a4b7e21af8ecafd548/glance/6ccf8ee7-74bb-4d64-8b2c-75e5fd32f75c" "tx78c7aa346d1a421e83693-0068e6bc03" "object-server 22" 0.0007 "-" 22 0
Oct 8 19:31:15 standalone object-server[125890]: 172.20.0.100 - - [08/Oct/2025:19:31:15 +0000] "PUT /d1/62/AUTH_6aea6f68832e41a4b7e21af8ecafd548/glance/6ccf8ee7-74bb-4d64-8b2c-75e5fd32f75c" 201 - "PUT http://localhost:8080/v1/AUTH_6aea6f68832e41a4b7e21af8ecafd548/glance/6ccf8ee7-74bb-4d64-8b2c-75e5fd32f75c" "tx78c7aa346d1a421e83693-0068e6bc03" "proxy-server 21" 0.0285 "-" 22 0
Oct 8 19:31:15 standalone proxy-server[127782]: 172.18.0.2 ::1 08/Oct/2025/19/31/15 PUT /v1/AUTH_6aea6f68832e41a4b7e21af8ecafd548/glance/6ccf8ee7-74bb-4d64-8b2c-75e5fd32f75c HTTP/1.0 201 - python-swiftclient-3.11.1 gAAAAABo5rwAq1Cd... - - - tx78c7aa346d1a421e83693-0068e6bc03 - 0.0379 - - 1759951875.690185308 1759951875.728058815 0
Oct 8 19:31:16 standalone container-server[125763]: 172.20.0.100 - - [08/Oct/2025:19:31:16 +0000] "HEAD /d1/427/AUTH_6aea6f68832e41a4b7e21af8ecafd548/gnocchi.c3d6eddd-1151-4235-8708-7d396dfaa403" 404 - "HEAD http://localhost:8080/v1/AUTH_6aea6f68832e41a4b7e21af8ecafd548/gnocchi.c3d6eddd-1151-4235-8708-7d396dfaa403?format=json&states=listing" "txaa5e8b13615f429184e17-0068e6bc04" "proxy-server 21" 0.0016 "-" 23 0
Oct 8 19:31:16 standalone object-server[125892]: 172.20.0.100 - - [08/Oct/2025:19:31:16 +0000] "GET /d1/591/AUTH_6aea6f68832e41a4b7e21af8ecafd548/gnocchi.c3d6eddd-1151-4235-8708-7d396dfaa403/none_v3" 404 70 "GET http://localhost:8080/v1/AUTH_6aea6f68832e41a4b7e21af8ecafd548/gnocchi.c3d6eddd-1151-4235-8708-7d396dfaa403/none_v3" "txaa5e8b13615f429184e17-0068e6bc04" "proxy-server 21" 0.0008 "-" 24 0
Oct 8 19:31:16 standalone proxy-server[127782]: 172.18.0.2 ::1 08/Oct/2025/19/31/16 GET /v1/AUTH_6aea6f68832e41a4b7e21af8ecafd548/gnocchi.c3d6eddd-1151-4235-8708-7d396dfaa403/none_v3 HTTP/1.0 404 - python-swiftclient-3.11.1 gAAAAABo5rwEs0tt... - 70 - txaa5e8b13615f429184e17-0068e6bc04 - 0.0444 - - 1759951876.408856392 1759951876.453221083 0
Oct 8 19:31:16 standalone account-server[125632]: 172.20.0.100 - - [08/Oct/2025:19:31:16 +0000] "PUT /d1/973/AUTH_6aea6f68832e41a4b7e21af8ecafd548/gnocchi.c3d6eddd-1151-4235-8708-7d396dfaa403" 201 - "PUT http://172.20.0.100:6001/d1/427/AUTH_6aea6f68832e41a4b7e21af8ecafd548/gnocchi.c3d6eddd-1151-4235-8708-7d396dfaa403" "tx7ea3a3cde03046fc87e9d-0068e6bc04" "container-server 23" 0.0029 "-" 23 0
Oct 8 19:31:16 standalone container-server[125763]: 172.20.0.100 - - [08/Oct/2025:19:31:16 +0000] "PUT /d1/427/AUTH_6aea6f68832e41a4b7e21af8ecafd548/gnocchi.c3d6eddd-1151-4235-8708-7d396dfaa403" 201 - "PUT http://localhost:8080/v1/AUTH_6aea6f68832e41a4b7e21af8ecafd548/gnocchi.c3d6eddd-1151-4235-8708-7d396dfaa403" "tx7ea3a3cde03046fc87e9d-0068e6bc04" "proxy-server 21" 0.0238 "-" 23 0
Oct 8 19:31:16 standalone proxy-server[127782]: 172.18.0.2 ::1 08/Oct/2025/19/31/16 PUT /v1/AUTH_6aea6f68832e41a4b7e21af8ecafd548/gnocchi.c3d6eddd-1151-4235-8708-7d396dfaa403 HTTP/1.0 201 - python-swiftclient-3.11.1 gAAAAABo5rwEs0tt... - - - tx7ea3a3cde03046fc87e9d-0068e6bc04 - 0.0303 - - 1759951876.457334518 1759951876.487653971 0
Oct 8 19:31:16 standalone container-server[125756]: 172.20.0.100 - - [08/Oct/2025:19:31:16 +0000] "HEAD /d1/427/AUTH_6aea6f68832e41a4b7e21af8ecafd548/gnocchi.c3d6eddd-1151-4235-8708-7d396dfaa403" 204 - "HEAD http://localhost:8080/v1/AUTH_6aea6f68832e41a4b7e21af8ecafd548/gnocchi.c3d6eddd-1151-4235-8708-7d396dfaa403?format=json&states=listing" "txb9d84ab206254422b42ca-0068e6bc04" "proxy-server 21" 0.0024 "-" 21 0
Oct 8 19:31:16 standalone proxy-server[127782]: - - 08/Oct/2025/19/31/16 HEAD /v1/AUTH_6aea6f68832e41a4b7e21af8ecafd548/gnocchi.c3d6eddd-1151-4235-8708-7d396dfaa403%3Fformat%3Djson%26states%3Dlisting HTTP/1.0 204 - Swift - - - - txb9d84ab206254422b42ca-0068e6bc04 - 0.0069 RL - 1759951876.493587494 1759951876.500508070 0
Oct 8 19:31:16 standalone container-server[125751]: 172.20.0.100 - - [08/Oct/2025:19:31:16 +0000] "GET /d1/427/AUTH_6aea6f68832e41a4b7e21af8ecafd548/gnocchi.c3d6eddd-1151-4235-8708-7d396dfaa403" 200 2 "GET http://localhost:8080/v1/AUTH_6aea6f68832e41a4b7e21af8ecafd548/gnocchi.c3d6eddd-1151-4235-8708-7d396dfaa403?format=json&states=listing" "txb9d84ab206254422b42ca-0068e6bc04" "proxy-server 21" 0.0023 "-" 20 0
Oct 8 19:31:16 standalone proxy-server[127782]: 172.18.0.2 ::1 08/Oct/2025/19/31/16 GET /v1/AUTH_6aea6f68832e41a4b7e21af8ecafd548/gnocchi.c3d6eddd-1151-4235-8708-7d396dfaa403%3Fformat%3Djson%26states%3Dlisting HTTP/1.0 200 - python-swiftclient-3.11.1 gAAAAABo5rwEs0tt... - 2 - txb9d84ab206254422b42ca-0068e6bc04 - 0.0184 - - 1759951876.492041826 1759951876.510444403 0
Oct 8 19:31:16 standalone object-server[125889]: 172.20.0.100 - - [08/Oct/2025:19:31:16 +0000] "GET /d1/319/AUTH_6aea6f68832e41a4b7e21af8ecafd548/gnocchi.c3d6eddd-1151-4235-8708-7d396dfaa403/1759320000.0_mean_300.0_v3" 404 70 "GET http://localhost:8080/v1/AUTH_6aea6f68832e41a4b7e21af8ecafd548/gnocchi.c3d6eddd-1151-4235-8708-7d396dfaa403/1759320000.0_mean_300.0_v3" "txf1312058f04245859c48e-0068e6bc04" "proxy-server 21" 0.0007 "-" 21 0
Oct 8 19:31:16 standalone proxy-server[127782]: 172.18.0.2 ::1 08/Oct/2025/19/31/16 GET /v1/AUTH_6aea6f68832e41a4b7e21af8ecafd548/gnocchi.c3d6eddd-1151-4235-8708-7d396dfaa403/1759320000.0_mean_300.0_v3 HTTP/1.0 404 - python-swiftclient-3.11.1 gAAAAABo5rwEs0tt... - 70 - txf1312058f04245859c48e-0068e6bc04 - 0.0073 - - 1759951876.514883995 1759951876.522196054 0
Oct 8 19:31:16 standalone container-server[125758]: 172.20.0.100 - - [08/Oct/2025:19:31:16 +0000] "PUT /d1/427/AUTH_6aea6f68832e41a4b7e21af8ecafd548/gnocchi.c3d6eddd-1151-4235-8708-7d396dfaa403/1759320000.0_mean_300.0_v3" 201 - "PUT http://localhost:8080/d1/319/AUTH_6aea6f68832e41a4b7e21af8ecafd548/gnocchi.c3d6eddd-1151-4235-8708-7d396dfaa403/1759320000.0_mean_300.0_v3" "tx2d7f7950a2fe49208aad1-0068e6bc04" "object-server 22" 0.0005 "-" 22 0
Oct 8 19:31:16 standalone object-server[125890]: 172.20.0.100 - - [08/Oct/2025:19:31:16 +0000] "PUT /d1/319/AUTH_6aea6f68832e41a4b7e21af8ecafd548/gnocchi.c3d6eddd-1151-4235-8708-7d396dfaa403/1759320000.0_mean_300.0_v3" 201 - "PUT http://localhost:8080/v1/AUTH_6aea6f68832e41a4b7e21af8ecafd548/gnocchi.c3d6eddd-1151-4235-8708-7d396dfaa403/1759320000.0_mean_300.0_v3" "tx2d7f7950a2fe49208aad1-0068e6bc04" "proxy-server 21" 0.0166 "-" 22 0
Oct 8 19:31:16 standalone proxy-server[127782]: 172.18.0.2 ::1 08/Oct/2025/19/31/16 PUT /v1/AUTH_6aea6f68832e41a4b7e21af8ecafd548/gnocchi.c3d6eddd-1151-4235-8708-7d396dfaa403/1759320000.0_mean_300.0_v3 HTTP/1.0 201 - python-swiftclient-3.11.1 gAAAAABo5rwEs0tt... 16 - - tx2d7f7950a2fe49208aad1-0068e6bc04 - 0.0232 - - 1759951876.526097298 1759951876.549267292 0
Oct 8 19:31:16 standalone container-server[125751]: 172.20.0.100 - - [08/Oct/2025:19:31:16 +0000] "PUT /d1/427/AUTH_6aea6f68832e41a4b7e21af8ecafd548/gnocchi.c3d6eddd-1151-4235-8708-7d396dfaa403/none_v3" 201 - "PUT http://localhost:8080/d1/591/AUTH_6aea6f68832e41a4b7e21af8ecafd548/gnocchi.c3d6eddd-1151-4235-8708-7d396dfaa403/none_v3" "txf941dc1d852a44eab69ff-0068e6bc04" "object-server 25" 0.0004 "-" 20 0
Oct 8 19:31:16 standalone object-server[125893]: 172.20.0.100 - - [08/Oct/2025:19:31:16 +0000] "PUT /d1/591/AUTH_6aea6f68832e41a4b7e21af8ecafd548/gnocchi.c3d6eddd-1151-4235-8708-7d396dfaa403/none_v3" 201 - "PUT http://localhost:8080/v1/AUTH_6aea6f68832e41a4b7e21af8ecafd548/gnocchi.c3d6eddd-1151-4235-8708-7d396dfaa403/none_v3" "txf941dc1d852a44eab69ff-0068e6bc04" "proxy-server 21" 0.0115 "-" 25 0
Oct 8 19:31:16 standalone proxy-server[127782]: 172.18.0.2 ::1 08/Oct/2025/19/31/16 PUT /v1/AUTH_6aea6f68832e41a4b7e21af8ecafd548/gnocchi.c3d6eddd-1151-4235-8708-7d396dfaa403/none_v3 HTTP/1.0 201 - python-swiftclient-3.11.1 gAAAAABo5rwEs0tt... 22 - - txf941dc1d852a44eab69ff-0068e6bc04 - 0.0196 - - 1759951876.552657127 1759951876.572208643 0
Oct 8 19:31:28 standalone account-server[125627]: 172.20.0.100 - - [08/Oct/2025:19:31:28 +0000] "HEAD /d1/433/.expiring_objects" 404 - "HEAD http://localhost/v1/.expiring_objects?format=json" "txc09f930729864d3db5ca5-0068e6bc10" "proxy-server 2" 0.0007 "-" 20 -
Oct 8 19:31:28 standalone object-expirer[125683]: Pass completed in 0s; 0 objects expired (txn: txc09f930729864d3db5ca5-0068e6bc10)
Oct 8 19:31:45 standalone object-server[125890]: 172.20.0.100 - - [08/Oct/2025:19:31:45 +0000] "GET /d1/591/AUTH_6aea6f68832e41a4b7e21af8ecafd548/gnocchi.c3d6eddd-1151-4235-8708-7d396dfaa403/none_v3" 200 22 "GET http://localhost:8080/v1/AUTH_6aea6f68832e41a4b7e21af8ecafd548/gnocchi.c3d6eddd-1151-4235-8708-7d396dfaa403/none_v3" "tx0b74c1b02fb043aca3080-0068e6bc21" "proxy-server 21" 0.0015 "-" 22 0
Oct 8 19:31:45 standalone proxy-server[127782]: 172.18.0.2 ::1 08/Oct/2025/19/31/45 GET /v1/AUTH_6aea6f68832e41a4b7e21af8ecafd548/gnocchi.c3d6eddd-1151-4235-8708-7d396dfaa403/none_v3 HTTP/1.0 200 - python-swiftclient-3.11.1 gAAAAABo5rwEs0tt... - 22 - tx0b74c1b02fb043aca3080-0068e6bc21 - 0.0119 - - 1759951905.960609198 1759951905.972479820 0
Oct 8 19:31:46 standalone container-server[125756]: 172.20.0.100 - - [08/Oct/2025:19:31:46 +0000] "GET /d1/427/AUTH_6aea6f68832e41a4b7e21af8ecafd548/gnocchi.c3d6eddd-1151-4235-8708-7d396dfaa403" 200 357 "GET http://localhost:8080/v1/AUTH_6aea6f68832e41a4b7e21af8ecafd548/gnocchi.c3d6eddd-1151-4235-8708-7d396dfaa403?format=json&states=listing" "txc118cf93f4084197ac523-0068e6bc21" "proxy-server 21" 0.0154 "-" 21 0
Oct 8 19:31:46 standalone proxy-server[127782]: 172.18.0.2 ::1 08/Oct/2025/19/31/46 GET /v1/AUTH_6aea6f68832e41a4b7e21af8ecafd548/gnocchi.c3d6eddd-1151-4235-8708-7d396dfaa403%3Fformat%3Djson%26states%3Dlisting HTTP/1.0 200 - python-swiftclient-3.11.1 gAAAAABo5rwEs0tt... - 357 - txc118cf93f4084197ac523-0068e6bc21 - 0.0250 - - 1759951905.979188681 1759951906.004168272 0
Oct 8 19:31:46 standalone container-server[125751]: 172.20.0.100 - - [08/Oct/2025:19:31:46 +0000] "GET /d1/427/AUTH_6aea6f68832e41a4b7e21af8ecafd548/gnocchi.c3d6eddd-1151-4235-8708-7d396dfaa403" 200 2 "GET http://localhost:8080/v1/AUTH_6aea6f68832e41a4b7e21af8ecafd548/gnocchi.c3d6eddd-1151-4235-8708-7d396dfaa403?format=json&marker=none_v3&states=listing" "tx384d23c0521245f69836f-0068e6bc22" "proxy-server 21" 0.0017 "-" 20 0
Oct 8 19:31:46 standalone proxy-server[127782]: 172.18.0.2 ::1 08/Oct/2025/19/31/46 GET /v1/AUTH_6aea6f68832e41a4b7e21af8ecafd548/gnocchi.c3d6eddd-1151-4235-8708-7d396dfaa403%3Fformat%3Djson%26marker%3Dnone_v3%26states%3Dlisting HTTP/1.0 200 - python-swiftclient-3.11.1 gAAAAABo5rwEs0tt... - 2 - tx384d23c0521245f69836f-0068e6bc22 - 0.0090 - - 1759951906.008059502 1759951906.017028332 0
Oct 8 19:31:46 standalone object-server[125890]: 172.20.0.100 - - [08/Oct/2025:19:31:46 +0000] "GET /d1/319/AUTH_6aea6f68832e41a4b7e21af8ecafd548/gnocchi.c3d6eddd-1151-4235-8708-7d396dfaa403/1759320000.0_mean_300.0_v3" 200 16 "GET http://localhost:8080/v1/AUTH_6aea6f68832e41a4b7e21af8ecafd548/gnocchi.c3d6eddd-1151-4235-8708-7d396dfaa403/1759320000.0_mean_300.0_v3" "txdd5a14f7660a4b37971c3-0068e6bc22" "proxy-server 21" 0.0011 "-" 22 0
Oct 8 19:31:46 standalone proxy-server[127782]: 172.18.0.2 ::1 08/Oct/2025/19/31/46 GET /v1/AUTH_6aea6f68832e41a4b7e21af8ecafd548/gnocchi.c3d6eddd-1151-4235-8708-7d396dfaa403/1759320000.0_mean_300.0_v3 HTTP/1.0 200 - python-swiftclient-3.11.1 gAAAAABo5rwEs0tt... - 16 - txdd5a14f7660a4b37971c3-0068e6bc22 - 0.0333 - - 1759951906.020810127 1759951906.054088116 0
Oct 8 19:31:46 standalone container-server[125751]: 172.20.0.100 - - [08/Oct/2025:19:31:46 +0000] "PUT /d1/427/AUTH_6aea6f68832e41a4b7e21af8ecafd548/gnocchi.c3d6eddd-1151-4235-8708-7d396dfaa403/1759320000.0_mean_300.0_v3" 201 - "PUT http://localhost:8080/d1/319/AUTH_6aea6f68832e41a4b7e21af8ecafd548/gnocchi.c3d6eddd-1151-4235-8708-7d396dfaa403/1759320000.0_mean_300.0_v3" "tx8a4fa40accef40eda2866-0068e6bc22" "object-server 24" 0.0006 "-" 20 0
Oct 8 19:31:46 standalone object-server[125892]: 172.20.0.100 - - [08/Oct/2025:19:31:46 +0000] "PUT /d1/319/AUTH_6aea6f68832e41a4b7e21af8ecafd548/gnocchi.c3d6eddd-1151-4235-8708-7d396dfaa403/1759320000.0_mean_300.0_v3" 201 - "PUT http://localhost:8080/v1/AUTH_6aea6f68832e41a4b7e21af8ecafd548/gnocchi.c3d6eddd-1151-4235-8708-7d396dfaa403/1759320000.0_mean_300.0_v3" "tx8a4fa40accef40eda2866-0068e6bc22" "proxy-server 21" 0.0234 "-" 24 0
Oct 8 19:31:46 standalone proxy-server[127782]: 172.18.0.2 ::1 08/Oct/2025/19/31/46 PUT /v1/AUTH_6aea6f68832e41a4b7e21af8ecafd548/gnocchi.c3d6eddd-1151-4235-8708-7d396dfaa403/1759320000.0_mean_300.0_v3 HTTP/1.0 201 - python-swiftclient-3.11.1 gAAAAABo5rwEs0tt... 16 - - tx8a4fa40accef40eda2866-0068e6bc22 - 0.0295 - - 1759951906.057547569 1759951906.087011337 0
Oct 8 19:31:46 standalone container-server[125763]: 172.20.0.100 - - [08/Oct/2025:19:31:46 +0000] "PUT /d1/427/AUTH_6aea6f68832e41a4b7e21af8ecafd548/gnocchi.c3d6eddd-1151-4235-8708-7d396dfaa403/none_v3" 201 - "PUT http://localhost:8080/d1/591/AUTH_6aea6f68832e41a4b7e21af8ecafd548/gnocchi.c3d6eddd-1151-4235-8708-7d396dfaa403/none_v3" "tx5c7ed6aafb884dd58be2f-0068e6bc22" "object-server 21" 0.0006 "-" 23 0
Oct 8 19:31:46 standalone object-server[125889]: 172.20.0.100 - - [08/Oct/2025:19:31:46 +0000] "PUT /d1/591/AUTH_6aea6f68832e41a4b7e21af8ecafd548/gnocchi.c3d6eddd-1151-4235-8708-7d396dfaa403/none_v3" 201 - "PUT http://localhost:8080/v1/AUTH_6aea6f68832e41a4b7e21af8ecafd548/gnocchi.c3d6eddd-1151-4235-8708-7d396dfaa403/none_v3" "tx5c7ed6aafb884dd58be2f-0068e6bc22" "proxy-server 21" 0.0352 "-" 21 0
Oct 8 19:31:46 standalone proxy-server[127782]: 172.18.0.2 ::1 08/Oct/2025/19/31/46 PUT /v1/AUTH_6aea6f68832e41a4b7e21af8ecafd548/gnocchi.c3d6eddd-1151-4235-8708-7d396dfaa403/none_v3 HTTP/1.0 201 - python-swiftclient-3.11.1 gAAAAABo5rwEs0tt... 32 - - tx5c7ed6aafb884dd58be2f-0068e6bc22 - 0.0405 - - 1759951906.090939999 1759951906.131429672 0
Oct 8 19:32:20 standalone account-server[125627]: 172.20.0.100 - - [08/Oct/2025:19:32:20 +0000] "HEAD /d1/973/AUTH_6aea6f68832e41a4b7e21af8ecafd548" 204 - "HEAD http://localhost:8080/v1/AUTH_6aea6f68832e41a4b7e21af8ecafd548?format=json" "tx2fbdb4e31ba74bdd865a0-0068e6bc44" "proxy-server 21" 0.0637 "-" 20 -
Oct 8 19:32:20 standalone proxy-server[127782]: - - 08/Oct/2025/19/32/20 HEAD /v1/AUTH_6aea6f68832e41a4b7e21af8ecafd548%3Fformat%3Djson HTTP/1.0 204 - Swift - - - - tx2fbdb4e31ba74bdd865a0-0068e6bc44 - 0.0724 RL - 1759951940.116773367 1759951940.189140558 -
Oct 8 19:32:20 standalone container-server[125758]: 172.20.0.100 - - [08/Oct/2025:19:32:20 +0000] "HEAD /d1/540/AUTH_6aea6f68832e41a4b7e21af8ecafd548/glance" 204 - "HEAD http://localhost:8080/v1/AUTH_6aea6f68832e41a4b7e21af8ecafd548/glance?format=json&states=listing" "tx2fbdb4e31ba74bdd865a0-0068e6bc44" "proxy-server 21" 0.0281 "-" 22 0
Oct 8 19:32:20 standalone object-server[125893]: 172.20.0.100 - - [08/Oct/2025:19:32:20 +0000] "GET /d1/62/AUTH_6aea6f68832e41a4b7e21af8ecafd548/glance/6ccf8ee7-74bb-4d64-8b2c-75e5fd32f75c" 200 - "GET http://localhost:8080/v1/AUTH_6aea6f68832e41a4b7e21af8ecafd548/glance/6ccf8ee7-74bb-4d64-8b2c-75e5fd32f75c" "tx2fbdb4e31ba74bdd865a0-0068e6bc44" "proxy-server 21" 0.0018 "-" 25 0
Oct 8 19:32:20 standalone container-server[125758]: 172.20.0.100 - - [08/Oct/2025:19:32:20 +0000] "GET /d1/540/AUTH_6aea6f68832e41a4b7e21af8ecafd548/glance" 200 210 "GET http://localhost:8080/v1/AUTH_6aea6f68832e41a4b7e21af8ecafd548/glance?prefix=6ccf8ee7-74bb-4d64-8b2c-75e5fd32f75c-&format=json&states=listing" "tx2fbdb4e31ba74bdd865a0-0068e6bc44" "proxy-server 21" 0.0026 "-" 22 0
Oct 8 19:32:20 standalone proxy-server[127782]: - - 08/Oct/2025/19/32/20 GET /v1/AUTH_6aea6f68832e41a4b7e21af8ecafd548/glance%3Fprefix%3D6ccf8ee7-74bb-4d64-8b2c-75e5fd32f75c-%26format%3Djson%26states%3Dlisting HTTP/1.0 200 - python-swiftclient-3.11.1%20DLO%20MultipartGET gAAAAABo5rxEACuF... - 210 - tx2fbdb4e31ba74bdd865a0-0068e6bc44 - 0.0062 DLO - 1759951940.350965261 1759951940.357197523 0
Oct 8 19:32:20 standalone object-server[125892]: 172.20.0.100 - - [08/Oct/2025:19:32:20 +0000] "GET /d1/305/AUTH_6aea6f68832e41a4b7e21af8ecafd548/glance/6ccf8ee7-74bb-4d64-8b2c-75e5fd32f75c-00001" 200 21692416 "GET http://localhost:8080/v1/AUTH_6aea6f68832e41a4b7e21af8ecafd548/glance/6ccf8ee7-74bb-4d64-8b2c-75e5fd32f75c-00001?multipart-manifest=get" "tx2fbdb4e31ba74bdd865a0-0068e6bc44" "proxy-server 21" 0.0008 "-" 24 0
Oct 8 19:32:20 standalone proxy-server[127782]: - - 08/Oct/2025/19/32/20 GET /v1/AUTH_6aea6f68832e41a4b7e21af8ecafd548/glance/6ccf8ee7-74bb-4d64-8b2c-75e5fd32f75c-00001%3Fmultipart-manifest%3Dget HTTP/1.0 200 - python-swiftclient-3.11.1%20%20DLO%20MultipartGET gAAAAABo5rxEACuF... - 21692416 - tx2fbdb4e31ba74bdd865a0-0068e6bc44 - 0.1066 DLO - 1759951940.358174801 1759951940.464804411 0
Oct 8 19:32:20 standalone proxy-server[127782]: 172.18.0.2 ::1 08/Oct/2025/19/32/20 GET /v1/AUTH_6aea6f68832e41a4b7e21af8ecafd548/glance/6ccf8ee7-74bb-4d64-8b2c-75e5fd32f75c HTTP/1.0 200 - python-swiftclient-3.11.1 gAAAAABo5rxEACuF... - 21692416 - tx2fbdb4e31ba74bdd865a0-0068e6bc44 - 0.3495 - - 1759951940.115751266 1759951940.465293407 0
Oct 8 19:32:21 standalone container-server[125751]: 172.20.0.100 - - [08/Oct/2025:19:32:21 +0000] "HEAD /d1/581/AUTH_6aea6f68832e41a4b7e21af8ecafd548/gnocchi.da92d174-5ec9-4397-afe9-0a526c66fcdf" 404 - "HEAD http://localhost:8080/v1/AUTH_6aea6f68832e41a4b7e21af8ecafd548/gnocchi.da92d174-5ec9-4397-afe9-0a526c66fcdf?format=json&states=listing" "tx69d7524267ef4d36a81c3-0068e6bc45" "proxy-server 21" 0.0007 "-" 20 0
Oct 8 19:32:21 standalone object-server[125892]: 172.20.0.100 - - [08/Oct/2025:19:32:21 +0000] "GET /d1/562/AUTH_6aea6f68832e41a4b7e21af8ecafd548/gnocchi.da92d174-5ec9-4397-afe9-0a526c66fcdf/none_v3" 404 70 "GET http://localhost:8080/v1/AUTH_6aea6f68832e41a4b7e21af8ecafd548/gnocchi.da92d174-5ec9-4397-afe9-0a526c66fcdf/none_v3" "tx69d7524267ef4d36a81c3-0068e6bc45" "proxy-server 21" 0.0004 "-" 24 0
Oct 8 19:32:21 standalone proxy-server[127782]: 172.18.0.2 ::1 08/Oct/2025/19/32/21 GET /v1/AUTH_6aea6f68832e41a4b7e21af8ecafd548/gnocchi.da92d174-5ec9-4397-afe9-0a526c66fcdf/none_v3 HTTP/1.0 404 - python-swiftclient-3.11.1 gAAAAABo5rwEs0tt... - 70 - tx69d7524267ef4d36a81c3-0068e6bc45 - 0.0154 - - 1759951941.074850082 1759951941.090263128 0
Oct 8 19:32:21 standalone account-server[125612]: 172.20.0.100 - - [08/Oct/2025:19:32:21 +0000] "PUT /d1/973/AUTH_6aea6f68832e41a4b7e21af8ecafd548/gnocchi.da92d174-5ec9-4397-afe9-0a526c66fcdf" 201 - "PUT http://172.20.0.100:6001/d1/581/AUTH_6aea6f68832e41a4b7e21af8ecafd548/gnocchi.da92d174-5ec9-4397-afe9-0a526c66fcdf" "tx95b72c1f83f94777a7421-0068e6bc45" "container-server 20" 0.0024 "-" 19 0
Oct 8 19:32:21 standalone container-server[125751]: 172.20.0.100 - - [08/Oct/2025:19:32:21 +0000] "PUT /d1/581/AUTH_6aea6f68832e41a4b7e21af8ecafd548/gnocchi.da92d174-5ec9-4397-afe9-0a526c66fcdf" 201 - "PUT http://localhost:8080/v1/AUTH_6aea6f68832e41a4b7e21af8ecafd548/gnocchi.da92d174-5ec9-4397-afe9-0a526c66fcdf" "tx95b72c1f83f94777a7421-0068e6bc45" "proxy-server 21" 0.0140 "-" 20 0
Oct 8 19:32:21 standalone proxy-server[127782]: 172.18.0.2 ::1 08/Oct/2025/19/32/21 PUT /v1/AUTH_6aea6f68832e41a4b7e21af8ecafd548/gnocchi.da92d174-5ec9-4397-afe9-0a526c66fcdf HTTP/1.0 201 - python-swiftclient-3.11.1 gAAAAABo5rwEs0tt... - - - tx95b72c1f83f94777a7421-0068e6bc45 - 0.0222 - - 1759951941.094780207 1759951941.117023468 0
Oct 8 19:32:21 standalone container-server[125758]: 172.20.0.100 - - [08/Oct/2025:19:32:21 +0000] "HEAD /d1/581/AUTH_6aea6f68832e41a4b7e21af8ecafd548/gnocchi.da92d174-5ec9-4397-afe9-0a526c66fcdf" 204 - "HEAD http://localhost:8080/v1/AUTH_6aea6f68832e41a4b7e21af8ecafd548/gnocchi.da92d174-5ec9-4397-afe9-0a526c66fcdf?format=json&states=listing" "txea68683f08794e45982a5-0068e6bc45" "proxy-server 21" 0.0012 "-" 22 0
Oct 8 19:32:21 standalone proxy-server[127782]: - - 08/Oct/2025/19/32/21 HEAD /v1/AUTH_6aea6f68832e41a4b7e21af8ecafd548/gnocchi.da92d174-5ec9-4397-afe9-0a526c66fcdf%3Fformat%3Djson%26states%3Dlisting HTTP/1.0 204 - Swift - - - - txea68683f08794e45982a5-0068e6bc45 - 0.0053 RL - 1759951941.122353315 1759951941.127622843 0
Oct 8 19:32:21 standalone container-server[125756]: 172.20.0.100 - - [08/Oct/2025:19:32:21 +0000] "GET /d1/581/AUTH_6aea6f68832e41a4b7e21af8ecafd548/gnocchi.da92d174-5ec9-4397-afe9-0a526c66fcdf" 200 2 "GET http://localhost:8080/v1/AUTH_6aea6f68832e41a4b7e21af8ecafd548/gnocchi.da92d174-5ec9-4397-afe9-0a526c66fcdf?format=json&states=listing" "txea68683f08794e45982a5-0068e6bc45" "proxy-server 21" 0.0035 "-" 21 0
Oct 8 19:32:21 standalone proxy-server[127782]: 172.18.0.2 ::1 08/Oct/2025/19/32/21 GET /v1/AUTH_6aea6f68832e41a4b7e21af8ecafd548/gnocchi.da92d174-5ec9-4397-afe9-0a526c66fcdf%3Fformat%3Djson%26states%3Dlisting HTTP/1.0 200 - python-swiftclient-3.11.1 gAAAAABo5rwEs0tt... - 2 - txea68683f08794e45982a5-0068e6bc45 - 0.0191 - - 1759951941.120712042 1759951941.139835835 0
Oct 8 19:32:21 standalone object-server[125893]: 172.20.0.100 - - [08/Oct/2025:19:32:21 +0000] "GET /d1/888/AUTH_6aea6f68832e41a4b7e21af8ecafd548/gnocchi.da92d174-5ec9-4397-afe9-0a526c66fcdf/1759320000.0_mean_300.0_v3" 404 70 "GET http://localhost:8080/v1/AUTH_6aea6f68832e41a4b7e21af8ecafd548/gnocchi.da92d174-5ec9-4397-afe9-0a526c66fcdf/1759320000.0_mean_300.0_v3" "tx1e3050db42bd48e1bdfdd-0068e6bc45" "proxy-server 21" 0.0006 "-" 25 0
Oct 8 19:32:21 standalone proxy-server[127782]: 172.18.0.2 ::1 08/Oct/2025/19/32/21 GET /v1/AUTH_6aea6f68832e41a4b7e21af8ecafd548/gnocchi.da92d174-5ec9-4397-afe9-0a526c66fcdf/1759320000.0_mean_300.0_v3 HTTP/1.0 404 - python-swiftclient-3.11.1 gAAAAABo5rwEs0tt... - 70 - tx1e3050db42bd48e1bdfdd-0068e6bc45 - 0.0086 - - 1759951941.144370317 1759951941.152987957 0
Oct 8 19:32:21 standalone container-server[125756]: 172.20.0.100 - - [08/Oct/2025:19:32:21 +0000] "PUT /d1/581/AUTH_6aea6f68832e41a4b7e21af8ecafd548/gnocchi.da92d174-5ec9-4397-afe9-0a526c66fcdf/1759320000.0_mean_300.0_v3" 201 - "PUT http://localhost:8080/d1/888/AUTH_6aea6f68832e41a4b7e21af8ecafd548/gnocchi.da92d174-5ec9-4397-afe9-0a526c66fcdf/1759320000.0_mean_300.0_v3" "txfc9cf0e5909e4eecb095a-0068e6bc45" "object-server 25" 0.0006 "-" 21 0
Oct 8 19:32:21 standalone object-server[125893]: 172.20.0.100 - - [08/Oct/2025:19:32:21 +0000] "PUT /d1/888/AUTH_6aea6f68832e41a4b7e21af8ecafd548/gnocchi.da92d174-5ec9-4397-afe9-0a526c66fcdf/1759320000.0_mean_300.0_v3" 201 - "PUT http://localhost:8080/v1/AUTH_6aea6f68832e41a4b7e21af8ecafd548/gnocchi.da92d174-5ec9-4397-afe9-0a526c66fcdf/1759320000.0_mean_300.0_v3" "txfc9cf0e5909e4eecb095a-0068e6bc45" "proxy-server 21" 0.0101 "-" 25 0
Oct 8 19:32:21 standalone proxy-server[127782]: 172.18.0.2 ::1 08/Oct/2025/19/32/21 PUT /v1/AUTH_6aea6f68832e41a4b7e21af8ecafd548/gnocchi.da92d174-5ec9-4397-afe9-0a526c66fcdf/1759320000.0_mean_300.0_v3 HTTP/1.0 201 - python-swiftclient-3.11.1 gAAAAABo5rwEs0tt... 16 - - txfc9cf0e5909e4eecb095a-0068e6bc45 - 0.0185 - - 1759951941.158309937 1759951941.176804066 0
Oct 8 19:32:21 standalone container-server[125758]: 172.20.0.100 - - [08/Oct/2025:19:32:21 +0000] "PUT /d1/581/AUTH_6aea6f68832e41a4b7e21af8ecafd548/gnocchi.da92d174-5ec9-4397-afe9-0a526c66fcdf/none_v3" 201 - "PUT http://localhost:8080/d1/562/AUTH_6aea6f68832e41a4b7e21af8ecafd548/gnocchi.da92d174-5ec9-4397-afe9-0a526c66fcdf/none_v3" "tx000f99ee125b443580341-0068e6bc45" "object-server 21" 0.0007 "-" 22 0
Oct 8 19:32:21 standalone object-server[125889]: 172.20.0.100 - - [08/Oct/2025:19:32:21 +0000] "PUT /d1/562/AUTH_6aea6f68832e41a4b7e21af8ecafd548/gnocchi.da92d174-5ec9-4397-afe9-0a526c66fcdf/none_v3" 201 - "PUT http://localhost:8080/v1/AUTH_6aea6f68832e41a4b7e21af8ecafd548/gnocchi.da92d174-5ec9-4397-afe9-0a526c66fcdf/none_v3" "tx000f99ee125b443580341-0068e6bc45" "proxy-server 21" 0.0101 "-" 21 0
Oct 8 19:32:21 standalone proxy-server[127782]: 172.18.0.2 ::1 08/Oct/2025/19/32/21 PUT /v1/AUTH_6aea6f68832e41a4b7e21af8ecafd548/gnocchi.da92d174-5ec9-4397-afe9-0a526c66fcdf/none_v3 HTTP/1.0 201 - python-swiftclient-3.11.1 gAAAAABo5rwEs0tt... 22 - - tx000f99ee125b443580341-0068e6bc45 - 0.0187 - - 1759951941.181417465 1759951941.200116396 0
Oct 8 19:32:21 standalone container-server[125763]: 172.20.0.100 - - [08/Oct/2025:19:32:21 +0000] "HEAD /d1/687/AUTH_6aea6f68832e41a4b7e21af8ecafd548/gnocchi.f660efdc-5eba-44f0-9c23-79d812d1c0ba" 404 - "HEAD http://localhost:8080/v1/AUTH_6aea6f68832e41a4b7e21af8ecafd548/gnocchi.f660efdc-5eba-44f0-9c23-79d812d1c0ba?format=json&states=listing" "tx079eba6f0fdd42708a706-0068e6bc45" "proxy-server 21" 0.0006 "-" 23 0
Oct 8 19:32:21 standalone object-server[125889]: 172.20.0.100 - - [08/Oct/2025:19:32:21 +0000] "GET /d1/63/AUTH_6aea6f68832e41a4b7e21af8ecafd548/gnocchi.f660efdc-5eba-44f0-9c23-79d812d1c0ba/none_v3" 404 70 "GET http://localhost:8080/v1/AUTH_6aea6f68832e41a4b7e21af8ecafd548/gnocchi.f660efdc-5eba-44f0-9c23-79d812d1c0ba/none_v3" "tx079eba6f0fdd42708a706-0068e6bc45" "proxy-server 21" 0.0005 "-" 21 0
Oct 8 19:32:21 standalone proxy-server[127782]: 172.18.0.2 ::1 08/Oct/2025/19/32/21 GET /v1/AUTH_6aea6f68832e41a4b7e21af8ecafd548/gnocchi.f660efdc-5eba-44f0-9c23-79d812d1c0ba/none_v3 HTTP/1.0 404 - python-swiftclient-3.11.1 gAAAAABo5rwEs0tt... - 70 - tx079eba6f0fdd42708a706-0068e6bc45 - 0.0155 - - 1759951941.216145754 1759951941.231597662 0
Oct 8 19:32:21 standalone account-server[125612]: 172.20.0.100 - - [08/Oct/2025:19:32:21 +0000] "PUT /d1/973/AUTH_6aea6f68832e41a4b7e21af8ecafd548/gnocchi.f660efdc-5eba-44f0-9c23-79d812d1c0ba" 201 - "PUT http://172.20.0.100:6001/d1/687/AUTH_6aea6f68832e41a4b7e21af8ecafd548/gnocchi.f660efdc-5eba-44f0-9c23-79d812d1c0ba" "tx31c8fbcfe6284a038d6b1-0068e6bc45" "container-server 23" 0.0061 "-" 19 0
Oct 8 19:32:21 standalone container-server[125763]: 172.20.0.100 - - [08/Oct/2025:19:32:21 +0000] "PUT /d1/687/AUTH_6aea6f68832e41a4b7e21af8ecafd548/gnocchi.f660efdc-5eba-44f0-9c23-79d812d1c0ba" 201 - "PUT http://localhost:8080/v1/AUTH_6aea6f68832e41a4b7e21af8ecafd548/gnocchi.f660efdc-5eba-44f0-9c23-79d812d1c0ba" "tx31c8fbcfe6284a038d6b1-0068e6bc45" "proxy-server 21" 0.0186 "-" 23 0
Oct 8 19:32:21 standalone proxy-server[127782]: 172.18.0.2 ::1 08/Oct/2025/19/32/21 PUT /v1/AUTH_6aea6f68832e41a4b7e21af8ecafd548/gnocchi.f660efdc-5eba-44f0-9c23-79d812d1c0ba HTTP/1.0 201 - python-swiftclient-3.11.1 gAAAAABo5rwEs0tt... - - - tx31c8fbcfe6284a038d6b1-0068e6bc45 - 0.0275 - - 1759951941.236379623 1759951941.263871431 0
Oct 8 19:32:21 standalone container-server[125763]: 172.20.0.100 - - [08/Oct/2025:19:32:21 +0000] "HEAD /d1/687/AUTH_6aea6f68832e41a4b7e21af8ecafd548/gnocchi.f660efdc-5eba-44f0-9c23-79d812d1c0ba" 204 - "HEAD http://localhost:8080/v1/AUTH_6aea6f68832e41a4b7e21af8ecafd548/gnocchi.f660efdc-5eba-44f0-9c23-79d812d1c0ba?format=json&states=listing" "tx721dfc43aa82466185dfa-0068e6bc45" "proxy-server 21" 0.0022 "-" 23 0
Oct 8 19:32:21 standalone proxy-server[127782]: - - 08/Oct/2025/19/32/21 HEAD /v1/AUTH_6aea6f68832e41a4b7e21af8ecafd548/gnocchi.f660efdc-5eba-44f0-9c23-79d812d1c0ba%3Fformat%3Djson%26states%3Dlisting HTTP/1.0 204 - Swift - - - - tx721dfc43aa82466185dfa-0068e6bc45 - 0.0081 RL - 1759951941.270425081 1759951941.278513908 0
Oct 8 19:32:21 standalone container-server[125763]: 172.20.0.100 - - [08/Oct/2025:19:32:21 +0000] "GET /d1/687/AUTH_6aea6f68832e41a4b7e21af8ecafd548/gnocchi.f660efdc-5eba-44f0-9c23-79d812d1c0ba" 200 2 "GET http://localhost:8080/v1/AUTH_6aea6f68832e41a4b7e21af8ecafd548/gnocchi.f660efdc-5eba-44f0-9c23-79d812d1c0ba?format=json&states=listing" "tx721dfc43aa82466185dfa-0068e6bc45" "proxy-server 21" 0.0035 "-" 23 0
Oct 8 19:32:21 standalone proxy-server[127782]: 172.18.0.2 ::1 08/Oct/2025/19/32/21 GET /v1/AUTH_6aea6f68832e41a4b7e21af8ecafd548/gnocchi.f660efdc-5eba-44f0-9c23-79d812d1c0ba%3Fformat%3Djson%26states%3Dlisting HTTP/1.0 200 - python-swiftclient-3.11.1 gAAAAABo5rwEs0tt... - 2 - tx721dfc43aa82466185dfa-0068e6bc45 - 0.0183 - - 1759951941.269400835 1759951941.287702560 0
Oct 8 19:32:21 standalone object-server[125893]: 172.20.0.100 - - [08/Oct/2025:19:32:21 +0000] "GET /d1/492/AUTH_6aea6f68832e41a4b7e21af8ecafd548/gnocchi.f660efdc-5eba-44f0-9c23-79d812d1c0ba/1759320000.0_mean_300.0_v3" 404 70 "GET http://localhost:8080/v1/AUTH_6aea6f68832e41a4b7e21af8ecafd548/gnocchi.f660efdc-5eba-44f0-9c23-79d812d1c0ba/1759320000.0_mean_300.0_v3" "tx25c024ffe0ef48f99a432-0068e6bc45" "proxy-server 21" 0.0005 "-" 25 0
Oct 8 19:32:21 standalone proxy-server[127782]: 172.18.0.2 ::1 08/Oct/2025/19/32/21 GET /v1/AUTH_6aea6f68832e41a4b7e21af8ecafd548/gnocchi.f660efdc-5eba-44f0-9c23-79d812d1c0ba/1759320000.0_mean_300.0_v3 HTTP/1.0 404 - python-swiftclient-3.11.1 gAAAAABo5rwEs0tt... - 70 - tx25c024ffe0ef48f99a432-0068e6bc45 - 0.0056 - - 1759951941.293462515 1759951941.299059391 0
Oct 8 19:32:21 standalone container-server[125756]: 172.20.0.100 - - [08/Oct/2025:19:32:21 +0000] "PUT /d1/687/AUTH_6aea6f68832e41a4b7e21af8ecafd548/gnocchi.f660efdc-5eba-44f0-9c23-79d812d1c0ba/1759320000.0_mean_300.0_v3" 201 - "PUT http://localhost:8080/d1/492/AUTH_6aea6f68832e41a4b7e21af8ecafd548/gnocchi.f660efdc-5eba-44f0-9c23-79d812d1c0ba/1759320000.0_mean_300.0_v3" "txbd628443e4cb44b396291-0068e6bc45" "object-server 21" 0.0007 "-" 21 0
Oct 8 19:32:21 standalone object-server[125889]: 172.20.0.100 - - [08/Oct/2025:19:32:21 +0000] "PUT /d1/492/AUTH_6aea6f68832e41a4b7e21af8ecafd548/gnocchi.f660efdc-5eba-44f0-9c23-79d812d1c0ba/1759320000.0_mean_300.0_v3" 201 - "PUT http://localhost:8080/v1/AUTH_6aea6f68832e41a4b7e21af8ecafd548/gnocchi.f660efdc-5eba-44f0-9c23-79d812d1c0ba/1759320000.0_mean_300.0_v3" "txbd628443e4cb44b396291-0068e6bc45" "proxy-server 21" 0.0106 "-" 21 0
Oct 8 19:32:21 standalone proxy-server[127782]: 172.18.0.2 ::1 08/Oct/2025/19/32/21 PUT /v1/AUTH_6aea6f68832e41a4b7e21af8ecafd548/gnocchi.f660efdc-5eba-44f0-9c23-79d812d1c0ba/1759320000.0_mean_300.0_v3 HTTP/1.0 201 - python-swiftclient-3.11.1 gAAAAABo5rwEs0tt... 16 - - txbd628443e4cb44b396291-0068e6bc45 - 0.0158 - - 1759951941.302790880 1759951941.318571568 0
Oct 8 19:32:21 standalone container-server[125758]: 172.20.0.100 - - [08/Oct/2025:19:32:21 +0000] "PUT /d1/687/AUTH_6aea6f68832e41a4b7e21af8ecafd548/gnocchi.f660efdc-5eba-44f0-9c23-79d812d1c0ba/none_v3" 201 - "PUT http://localhost:8080/d1/63/AUTH_6aea6f68832e41a4b7e21af8ecafd548/gnocchi.f660efdc-5eba-44f0-9c23-79d812d1c0ba/none_v3" "txff67542ed431403a85257-0068e6bc45" "object-server 22" 0.0007 "-" 22 0
Oct 8 19:32:21 standalone object-server[125890]: 172.20.0.100 - - [08/Oct/2025:19:32:21 +0000] "PUT /d1/63/AUTH_6aea6f68832e41a4b7e21af8ecafd548/gnocchi.f660efdc-5eba-44f0-9c23-79d812d1c0ba/none_v3" 201 - "PUT http://localhost:8080/v1/AUTH_6aea6f68832e41a4b7e21af8ecafd548/gnocchi.f660efdc-5eba-44f0-9c23-79d812d1c0ba/none_v3" "txff67542ed431403a85257-0068e6bc45" "proxy-server 21" 0.0096 "-" 22 0
Oct 8 19:32:21 standalone proxy-server[127782]: 172.18.0.2 ::1 08/Oct/2025/19/32/21 PUT /v1/AUTH_6aea6f68832e41a4b7e21af8ecafd548/gnocchi.f660efdc-5eba-44f0-9c23-79d812d1c0ba/none_v3 HTTP/1.0 201 - python-swiftclient-3.11.1 gAAAAABo5rwEs0tt... 22 - - txff67542ed431403a85257-0068e6bc45 - 0.0149 - - 1759951941.322692394 1759951941.337611198 0
Oct 8 19:32:25 standalone container-server[125758]: 172.20.0.100 - - [08/Oct/2025:19:32:25 +0000] "HEAD /d1/574/AUTH_6aea6f68832e41a4b7e21af8ecafd548/gnocchi.8629b3bd-0a54-4be8-95c8-4f3d8e779a7b" 404 - "HEAD http://localhost:8080/v1/AUTH_6aea6f68832e41a4b7e21af8ecafd548/gnocchi.8629b3bd-0a54-4be8-95c8-4f3d8e779a7b?format=json&states=listing" "tx4a815a60e9344a0ab5b48-0068e6bc49" "proxy-server 21" 0.0008 "-" 22 0
Oct 8 19:32:25 standalone object-server[125890]: 172.20.0.100 - - [08/Oct/2025:19:32:25 +0000] "GET /d1/574/AUTH_6aea6f68832e41a4b7e21af8ecafd548/gnocchi.8629b3bd-0a54-4be8-95c8-4f3d8e779a7b/none_v3" 404 70 "GET http://localhost:8080/v1/AUTH_6aea6f68832e41a4b7e21af8ecafd548/gnocchi.8629b3bd-0a54-4be8-95c8-4f3d8e779a7b/none_v3" "tx4a815a60e9344a0ab5b48-0068e6bc49" "proxy-server 21" 0.0012 "-" 22 0
Oct 8 19:32:25 standalone proxy-server[127782]: 172.18.0.2 ::1 08/Oct/2025/19/32/25 GET /v1/AUTH_6aea6f68832e41a4b7e21af8ecafd548/gnocchi.8629b3bd-0a54-4be8-95c8-4f3d8e779a7b/none_v3 HTTP/1.0 404 - python-swiftclient-3.11.1 gAAAAABo5rwEs0tt... - 70 - tx4a815a60e9344a0ab5b48-0068e6bc49 - 0.0258 - - 1759951945.631882668 1759951945.657688379 0
Oct 8 19:32:25 standalone account-server[125612]: 172.20.0.100 - - [08/Oct/2025:19:32:25 +0000] "PUT /d1/973/AUTH_6aea6f68832e41a4b7e21af8ecafd548/gnocchi.8629b3bd-0a54-4be8-95c8-4f3d8e779a7b" 201 - "PUT http://172.20.0.100:6001/d1/574/AUTH_6aea6f68832e41a4b7e21af8ecafd548/gnocchi.8629b3bd-0a54-4be8-95c8-4f3d8e779a7b" "tx9e3a9b3e8d8842e288e0c-0068e6bc49" "container-server 21" 0.0064 "-" 19 0
Oct 8 19:32:25 standalone container-server[125756]: 172.20.0.100 - - [08/Oct/2025:19:32:25 +0000] "PUT /d1/574/AUTH_6aea6f68832e41a4b7e21af8ecafd548/gnocchi.8629b3bd-0a54-4be8-95c8-4f3d8e779a7b" 201 - "PUT http://localhost:8080/v1/AUTH_6aea6f68832e41a4b7e21af8ecafd548/gnocchi.8629b3bd-0a54-4be8-95c8-4f3d8e779a7b" "tx9e3a9b3e8d8842e288e0c-0068e6bc49" "proxy-server 21" 0.0200 "-" 21 0
Oct 8 19:32:25 standalone proxy-server[127782]: 172.18.0.2 ::1 08/Oct/2025/19/32/25 PUT /v1/AUTH_6aea6f68832e41a4b7e21af8ecafd548/gnocchi.8629b3bd-0a54-4be8-95c8-4f3d8e779a7b HTTP/1.0 201 - python-swiftclient-3.11.1 gAAAAABo5rwEs0tt... - - - tx9e3a9b3e8d8842e288e0c-0068e6bc49 - 0.0276 - - 1759951945.662501574 1759951945.690142155 0
Oct 8 19:32:25 standalone container-server[125756]: 172.20.0.100 - - [08/Oct/2025:19:32:25 +0000] "HEAD /d1/574/AUTH_6aea6f68832e41a4b7e21af8ecafd548/gnocchi.8629b3bd-0a54-4be8-95c8-4f3d8e779a7b" 204 - "HEAD http://localhost:8080/v1/AUTH_6aea6f68832e41a4b7e21af8ecafd548/gnocchi.8629b3bd-0a54-4be8-95c8-4f3d8e779a7b?format=json&states=listing" "txcfdb66cc5f3d4f34a7985-0068e6bc49" "proxy-server 21" 0.0019 "-" 21 0
Oct 8 19:32:25 standalone proxy-server[127782]: - - 08/Oct/2025/19/32/25 HEAD /v1/AUTH_6aea6f68832e41a4b7e21af8ecafd548/gnocchi.8629b3bd-0a54-4be8-95c8-4f3d8e779a7b%3Fformat%3Djson%26states%3Dlisting HTTP/1.0 204 - Swift - - - - txcfdb66cc5f3d4f34a7985-0068e6bc49 - 0.0072 RL - 1759951945.699610949 1759951945.706854582 0
