Oct 8 19:32:25 standalone container-server[125758]: 172.20.0.100 - - [08/Oct/2025:19:32:25 +0000] "GET /d1/574/AUTH_6aea6f68832e41a4b7e21af8ecafd548/gnocchi.8629b3bd-0a54-4be8-95c8-4f3d8e779a7b" 200 2 "GET http://localhost:8080/v1/AUTH_6aea6f68832e41a4b7e21af8ecafd548/gnocchi.8629b3bd-0a54-4be8-95c8-4f3d8e779a7b?format=json&states=listing" "txcfdb66cc5f3d4f34a7985-0068e6bc49" "proxy-server 21" 0.0025 "-" 22 0
Oct 8 19:32:25 standalone proxy-server[127782]: 172.18.0.2 ::1 08/Oct/2025/19/32/25 GET /v1/AUTH_6aea6f68832e41a4b7e21af8ecafd548/gnocchi.8629b3bd-0a54-4be8-95c8-4f3d8e779a7b%3Fformat%3Djson%26states%3Dlisting HTTP/1.0 200 - python-swiftclient-3.11.1 gAAAAABo5rwEs0tt... - 2 - txcfdb66cc5f3d4f34a7985-0068e6bc49 - 0.0205 - - 1759951945.697422504 1759951945.717898130 0
Oct 8 19:32:25 standalone object-server[125893]: 172.20.0.100 - - [08/Oct/2025:19:32:25 +0000] "GET /d1/932/AUTH_6aea6f68832e41a4b7e21af8ecafd548/gnocchi.8629b3bd-0a54-4be8-95c8-4f3d8e779a7b/1759320000.0_mean_300.0_v3" 404 70 "GET http://localhost:8080/v1/AUTH_6aea6f68832e41a4b7e21af8ecafd548/gnocchi.8629b3bd-0a54-4be8-95c8-4f3d8e779a7b/1759320000.0_mean_300.0_v3" "tx51bfe88b604b468097775-0068e6bc49" "proxy-server 21" 0.0008 "-" 25 0
Oct 8 19:32:25 standalone proxy-server[127782]: 172.18.0.2 ::1 08/Oct/2025/19/32/25 GET /v1/AUTH_6aea6f68832e41a4b7e21af8ecafd548/gnocchi.8629b3bd-0a54-4be8-95c8-4f3d8e779a7b/1759320000.0_mean_300.0_v3 HTTP/1.0 404 - python-swiftclient-3.11.1 gAAAAABo5rwEs0tt... - 70 - tx51bfe88b604b468097775-0068e6bc49 - 0.0089 - - 1759951945.723001242 1759951945.731893301 0
Oct 8 19:32:25 standalone container-server[125751]: 172.20.0.100 - - [08/Oct/2025:19:32:25 +0000] "PUT /d1/574/AUTH_6aea6f68832e41a4b7e21af8ecafd548/gnocchi.8629b3bd-0a54-4be8-95c8-4f3d8e779a7b/1759320000.0_mean_300.0_v3" 201 - "PUT http://localhost:8080/d1/932/AUTH_6aea6f68832e41a4b7e21af8ecafd548/gnocchi.8629b3bd-0a54-4be8-95c8-4f3d8e779a7b/1759320000.0_mean_300.0_v3" "txcae2778796af49dba9000-0068e6bc49" "object-server 25" 0.0006 "-" 20 0
Oct 8 19:32:25 standalone object-server[125893]: 172.20.0.100 - - [08/Oct/2025:19:32:25 +0000] "PUT /d1/932/AUTH_6aea6f68832e41a4b7e21af8ecafd548/gnocchi.8629b3bd-0a54-4be8-95c8-4f3d8e779a7b/1759320000.0_mean_300.0_v3" 201 - "PUT http://localhost:8080/v1/AUTH_6aea6f68832e41a4b7e21af8ecafd548/gnocchi.8629b3bd-0a54-4be8-95c8-4f3d8e779a7b/1759320000.0_mean_300.0_v3" "txcae2778796af49dba9000-0068e6bc49" "proxy-server 21" 0.0114 "-" 25 0
Oct 8 19:32:25 standalone proxy-server[127782]: 172.18.0.2 ::1 08/Oct/2025/19/32/25 PUT /v1/AUTH_6aea6f68832e41a4b7e21af8ecafd548/gnocchi.8629b3bd-0a54-4be8-95c8-4f3d8e779a7b/1759320000.0_mean_300.0_v3 HTTP/1.0 201 - python-swiftclient-3.11.1 gAAAAABo5rwEs0tt... 16 - - txcae2778796af49dba9000-0068e6bc49 - 0.0289 - - 1759951945.738653183 1759951945.767557383 0
Oct 8 19:32:25 standalone container-server[125756]: 172.20.0.100 - - [08/Oct/2025:19:32:25 +0000] "PUT /d1/574/AUTH_6aea6f68832e41a4b7e21af8ecafd548/gnocchi.8629b3bd-0a54-4be8-95c8-4f3d8e779a7b/none_v3" 201 - "PUT http://localhost:8080/d1/574/AUTH_6aea6f68832e41a4b7e21af8ecafd548/gnocchi.8629b3bd-0a54-4be8-95c8-4f3d8e779a7b/none_v3" "tx96e8d5c0afae47b093e68-0068e6bc49" "object-server 25" 0.0008 "-" 21 0
Oct 8 19:32:25 standalone object-server[125893]: 172.20.0.100 - - [08/Oct/2025:19:32:25 +0000] "PUT /d1/574/AUTH_6aea6f68832e41a4b7e21af8ecafd548/gnocchi.8629b3bd-0a54-4be8-95c8-4f3d8e779a7b/none_v3" 201 - "PUT http://localhost:8080/v1/AUTH_6aea6f68832e41a4b7e21af8ecafd548/gnocchi.8629b3bd-0a54-4be8-95c8-4f3d8e779a7b/none_v3" "tx96e8d5c0afae47b093e68-0068e6bc49" "proxy-server 21" 0.0103 "-" 25 0
Oct 8 19:32:25 standalone proxy-server[127782]: 172.18.0.2 ::1 08/Oct/2025/19/32/25 PUT /v1/AUTH_6aea6f68832e41a4b7e21af8ecafd548/gnocchi.8629b3bd-0a54-4be8-95c8-4f3d8e779a7b/none_v3 HTTP/1.0 201 - python-swiftclient-3.11.1 gAAAAABo5rwEs0tt... 22 - - tx96e8d5c0afae47b093e68-0068e6bc49 - 0.0183 - - 1759951945.771806955 1759951945.790090561 0
Oct 8 19:32:25 standalone container-server[125758]: 172.20.0.100 - - [08/Oct/2025:19:32:25 +0000] "HEAD /d1/33/AUTH_6aea6f68832e41a4b7e21af8ecafd548/gnocchi.45a39de8-3876-44e4-836c-747bef9c5572" 404 - "HEAD http://localhost:8080/v1/AUTH_6aea6f68832e41a4b7e21af8ecafd548/gnocchi.45a39de8-3876-44e4-836c-747bef9c5572?format=json&states=listing" "tx10dcc18d19d34c73b3fe7-0068e6bc49" "proxy-server 21" 0.0003 "-" 22 0
Oct 8 19:32:25 standalone object-server[125890]: 172.20.0.100 - - [08/Oct/2025:19:32:25 +0000] "GET /d1/34/AUTH_6aea6f68832e41a4b7e21af8ecafd548/gnocchi.45a39de8-3876-44e4-836c-747bef9c5572/none_v3" 404 70 "GET http://localhost:8080/v1/AUTH_6aea6f68832e41a4b7e21af8ecafd548/gnocchi.45a39de8-3876-44e4-836c-747bef9c5572/none_v3" "tx10dcc18d19d34c73b3fe7-0068e6bc49" "proxy-server 21" 0.0005 "-" 22 0
Oct 8 19:32:25 standalone proxy-server[127782]: 172.18.0.2 ::1 08/Oct/2025/19/32/25 GET /v1/AUTH_6aea6f68832e41a4b7e21af8ecafd548/gnocchi.45a39de8-3876-44e4-836c-747bef9c5572/none_v3 HTTP/1.0 404 - python-swiftclient-3.11.1 gAAAAABo5rwEs0tt... - 70 - tx10dcc18d19d34c73b3fe7-0068e6bc49 - 0.0127 - - 1759951945.801718712 1759951945.814429283 0
Oct 8 19:32:25 standalone account-server[125632]: 172.20.0.100 - - [08/Oct/2025:19:32:25 +0000] "PUT /d1/973/AUTH_6aea6f68832e41a4b7e21af8ecafd548/gnocchi.45a39de8-3876-44e4-836c-747bef9c5572" 201 - "PUT http://172.20.0.100:6001/d1/33/AUTH_6aea6f68832e41a4b7e21af8ecafd548/gnocchi.45a39de8-3876-44e4-836c-747bef9c5572" "txac9936dd56164313b90da-0068e6bc49" "container-server 20" 0.0081 "-" 23 0
Oct 8 19:32:25 standalone container-server[125751]: 172.20.0.100 - - [08/Oct/2025:19:32:25 +0000] "PUT /d1/33/AUTH_6aea6f68832e41a4b7e21af8ecafd548/gnocchi.45a39de8-3876-44e4-836c-747bef9c5572" 201 - "PUT http://localhost:8080/v1/AUTH_6aea6f68832e41a4b7e21af8ecafd548/gnocchi.45a39de8-3876-44e4-836c-747bef9c5572" "txac9936dd56164313b90da-0068e6bc49" "proxy-server 21" 0.0182 "-" 20 0
Oct 8 19:32:25 standalone proxy-server[127782]: 172.18.0.2 ::1 08/Oct/2025/19/32/25 PUT /v1/AUTH_6aea6f68832e41a4b7e21af8ecafd548/gnocchi.45a39de8-3876-44e4-836c-747bef9c5572 HTTP/1.0 201 - python-swiftclient-3.11.1 gAAAAABo5rwEs0tt... - - - txac9936dd56164313b90da-0068e6bc49 - 0.0248 - - 1759951945.818382740 1759951945.843221426 0
Oct 8 19:32:25 standalone container-server[125758]: 172.20.0.100 - - [08/Oct/2025:19:32:25 +0000] "HEAD /d1/33/AUTH_6aea6f68832e41a4b7e21af8ecafd548/gnocchi.45a39de8-3876-44e4-836c-747bef9c5572" 204 - "HEAD http://localhost:8080/v1/AUTH_6aea6f68832e41a4b7e21af8ecafd548/gnocchi.45a39de8-3876-44e4-836c-747bef9c5572?format=json&states=listing" "tx0102e4a3692f44ccbc9a9-0068e6bc49" "proxy-server 21" 0.0014 "-" 22 0
Oct 8 19:32:25 standalone proxy-server[127782]: - - 08/Oct/2025/19/32/25 HEAD /v1/AUTH_6aea6f68832e41a4b7e21af8ecafd548/gnocchi.45a39de8-3876-44e4-836c-747bef9c5572%3Fformat%3Djson%26states%3Dlisting HTTP/1.0 204 - Swift - - - - tx0102e4a3692f44ccbc9a9-0068e6bc49 - 0.0067 RL - 1759951945.849662304 1759951945.856392145 0
Oct 8 19:32:25 standalone container-server[125756]: 172.20.0.100 - - [08/Oct/2025:19:32:25 +0000] "GET /d1/33/AUTH_6aea6f68832e41a4b7e21af8ecafd548/gnocchi.45a39de8-3876-44e4-836c-747bef9c5572" 200 2 "GET http://localhost:8080/v1/AUTH_6aea6f68832e41a4b7e21af8ecafd548/gnocchi.45a39de8-3876-44e4-836c-747bef9c5572?format=json&states=listing" "tx0102e4a3692f44ccbc9a9-0068e6bc49" "proxy-server 21" 0.0038 "-" 21 0
Oct 8 19:32:25 standalone proxy-server[127782]: 172.18.0.2 ::1 08/Oct/2025/19/32/25 GET /v1/AUTH_6aea6f68832e41a4b7e21af8ecafd548/gnocchi.45a39de8-3876-44e4-836c-747bef9c5572%3Fformat%3Djson%26states%3Dlisting HTTP/1.0 200 - python-swiftclient-3.11.1 gAAAAABo5rwEs0tt... - 2 - tx0102e4a3692f44ccbc9a9-0068e6bc49 - 0.0247 - - 1759951945.847834349 1759951945.872501135 0
Oct 8 19:32:25 standalone object-server[125892]: 172.20.0.100 - - [08/Oct/2025:19:32:25 +0000] "GET /d1/270/AUTH_6aea6f68832e41a4b7e21af8ecafd548/gnocchi.45a39de8-3876-44e4-836c-747bef9c5572/1759320000.0_mean_300.0_v3" 404 70 "GET http://localhost:8080/v1/AUTH_6aea6f68832e41a4b7e21af8ecafd548/gnocchi.45a39de8-3876-44e4-836c-747bef9c5572/1759320000.0_mean_300.0_v3" "txd947607c64534207a71ce-0068e6bc49" "proxy-server 21" 0.0004 "-" 24 0
Oct 8 19:32:25 standalone proxy-server[127782]: 172.18.0.2 ::1 08/Oct/2025/19/32/25 GET /v1/AUTH_6aea6f68832e41a4b7e21af8ecafd548/gnocchi.45a39de8-3876-44e4-836c-747bef9c5572/1759320000.0_mean_300.0_v3 HTTP/1.0 404 - python-swiftclient-3.11.1 gAAAAABo5rwEs0tt... - 70 - txd947607c64534207a71ce-0068e6bc49 - 0.0079 - - 1759951945.881821156 1759951945.889747858 0
Oct 8 19:32:25 standalone container-server[125758]: 172.20.0.100 - - [08/Oct/2025:19:32:25 +0000] "PUT /d1/33/AUTH_6aea6f68832e41a4b7e21af8ecafd548/gnocchi.45a39de8-3876-44e4-836c-747bef9c5572/1759320000.0_mean_300.0_v3" 201 - "PUT http://localhost:8080/d1/270/AUTH_6aea6f68832e41a4b7e21af8ecafd548/gnocchi.45a39de8-3876-44e4-836c-747bef9c5572/1759320000.0_mean_300.0_v3" "tx96671ebac7374d61bd2a7-0068e6bc49" "object-server 24" 0.0006 "-" 22 0
Oct 8 19:32:25 standalone object-server[125892]: 172.20.0.100 - - [08/Oct/2025:19:32:25 +0000] "PUT /d1/270/AUTH_6aea6f68832e41a4b7e21af8ecafd548/gnocchi.45a39de8-3876-44e4-836c-747bef9c5572/1759320000.0_mean_300.0_v3" 201 - "PUT http://localhost:8080/v1/AUTH_6aea6f68832e41a4b7e21af8ecafd548/gnocchi.45a39de8-3876-44e4-836c-747bef9c5572/1759320000.0_mean_300.0_v3" "tx96671ebac7374d61bd2a7-0068e6bc49" "proxy-server 21" 0.0081 "-" 24 0
Oct 8 19:32:25 standalone proxy-server[127782]: 172.18.0.2 ::1 08/Oct/2025/19/32/25 PUT /v1/AUTH_6aea6f68832e41a4b7e21af8ecafd548/gnocchi.45a39de8-3876-44e4-836c-747bef9c5572/1759320000.0_mean_300.0_v3 HTTP/1.0 201 - python-swiftclient-3.11.1 gAAAAABo5rwEs0tt... 16 - - tx96671ebac7374d61bd2a7-0068e6bc49 - 0.0148 - - 1759951945.893858671 1759951945.908622503 0
Oct 8 19:32:25 standalone container-server[125751]: 172.20.0.100 - - [08/Oct/2025:19:32:25 +0000] "PUT /d1/33/AUTH_6aea6f68832e41a4b7e21af8ecafd548/gnocchi.45a39de8-3876-44e4-836c-747bef9c5572/none_v3" 201 - "PUT http://localhost:8080/d1/34/AUTH_6aea6f68832e41a4b7e21af8ecafd548/gnocchi.45a39de8-3876-44e4-836c-747bef9c5572/none_v3" "txa165183dc9934b0eaf3d0-0068e6bc49" "object-server 24" 0.0005 "-" 20 0
Oct 8 19:32:25 standalone object-server[125892]: 172.20.0.100 - - [08/Oct/2025:19:32:25 +0000] "PUT /d1/34/AUTH_6aea6f68832e41a4b7e21af8ecafd548/gnocchi.45a39de8-3876-44e4-836c-747bef9c5572/none_v3" 201 - "PUT http://localhost:8080/v1/AUTH_6aea6f68832e41a4b7e21af8ecafd548/gnocchi.45a39de8-3876-44e4-836c-747bef9c5572/none_v3" "txa165183dc9934b0eaf3d0-0068e6bc49" "proxy-server 21" 0.0103 "-" 24 0
Oct 8 19:32:25 standalone proxy-server[127782]: 172.18.0.2 ::1 08/Oct/2025/19/32/25 PUT /v1/AUTH_6aea6f68832e41a4b7e21af8ecafd548/gnocchi.45a39de8-3876-44e4-836c-747bef9c5572/none_v3 HTTP/1.0 201 - python-swiftclient-3.11.1 gAAAAABo5rwEs0tt... 22 - - txa165183dc9934b0eaf3d0-0068e6bc49 - 0.0167 - - 1759951945.912621737 1759951945.929316044 0
Oct 8 19:32:25 standalone container-server[125756]: 172.20.0.100 - - [08/Oct/2025:19:32:25 +0000] "HEAD /d1/515/AUTH_6aea6f68832e41a4b7e21af8ecafd548/gnocchi.a65fa0b3-9fed-4688-bd18-25714084262f" 404 - "HEAD http://localhost:8080/v1/AUTH_6aea6f68832e41a4b7e21af8ecafd548/gnocchi.a65fa0b3-9fed-4688-bd18-25714084262f?format=json&states=listing" "tx5b992916be9e4fe1b3f1e-0068e6bc49" "proxy-server 21" 0.0005 "-" 21 0
Oct 8 19:32:25 standalone object-server[125893]: 172.20.0.100 - - [08/Oct/2025:19:32:25 +0000] "GET /d1/353/AUTH_6aea6f68832e41a4b7e21af8ecafd548/gnocchi.a65fa0b3-9fed-4688-bd18-25714084262f/none_v3" 404 70 "GET http://localhost:8080/v1/AUTH_6aea6f68832e41a4b7e21af8ecafd548/gnocchi.a65fa0b3-9fed-4688-bd18-25714084262f/none_v3" "tx5b992916be9e4fe1b3f1e-0068e6bc49" "proxy-server 21" 0.0004 "-" 25 0
Oct 8 19:32:25 standalone proxy-server[127782]: 172.18.0.2 ::1 08/Oct/2025/19/32/25 GET /v1/AUTH_6aea6f68832e41a4b7e21af8ecafd548/gnocchi.a65fa0b3-9fed-4688-bd18-25714084262f/none_v3 HTTP/1.0 404 - python-swiftclient-3.11.1 gAAAAABo5rwEs0tt... - 70 - tx5b992916be9e4fe1b3f1e-0068e6bc49 - 0.0141 - - 1759951945.944736481 1759951945.958797932 0
Oct 8 19:32:25 standalone account-server[125629]: 172.20.0.100 - - [08/Oct/2025:19:32:25 +0000] "PUT /d1/973/AUTH_6aea6f68832e41a4b7e21af8ecafd548/gnocchi.a65fa0b3-9fed-4688-bd18-25714084262f" 201 - "PUT http://172.20.0.100:6001/d1/515/AUTH_6aea6f68832e41a4b7e21af8ecafd548/gnocchi.a65fa0b3-9fed-4688-bd18-25714084262f" "txc5a7dec0c8db4d06b1a00-0068e6bc49" "container-server 20" 0.0045 "-" 21 0
Oct 8 19:32:25 standalone container-server[125751]: 172.20.0.100 - - [08/Oct/2025:19:32:25 +0000] "PUT /d1/515/AUTH_6aea6f68832e41a4b7e21af8ecafd548/gnocchi.a65fa0b3-9fed-4688-bd18-25714084262f" 201 - "PUT http://localhost:8080/v1/AUTH_6aea6f68832e41a4b7e21af8ecafd548/gnocchi.a65fa0b3-9fed-4688-bd18-25714084262f" "txc5a7dec0c8db4d06b1a00-0068e6bc49" "proxy-server 21" 0.0161 "-" 20 0
Oct 8 19:32:25 standalone proxy-server[127782]: 172.18.0.2 ::1 08/Oct/2025/19/32/25 PUT /v1/AUTH_6aea6f68832e41a4b7e21af8ecafd548/gnocchi.a65fa0b3-9fed-4688-bd18-25714084262f HTTP/1.0 201 - python-swiftclient-3.11.1 gAAAAABo5rwEs0tt... - - - txc5a7dec0c8db4d06b1a00-0068e6bc49 - 0.0233 - - 1759951945.962759733 1759951945.986031055 0
Oct 8 19:32:25 standalone container-server[125763]: 172.20.0.100 - - [08/Oct/2025:19:32:25 +0000] "HEAD /d1/515/AUTH_6aea6f68832e41a4b7e21af8ecafd548/gnocchi.a65fa0b3-9fed-4688-bd18-25714084262f" 204 - "HEAD http://localhost:8080/v1/AUTH_6aea6f68832e41a4b7e21af8ecafd548/gnocchi.a65fa0b3-9fed-4688-bd18-25714084262f?format=json&states=listing" "txf727d19225b34bdc995b6-0068e6bc49" "proxy-server 21" 0.0018 "-" 23 0
Oct 8 19:32:25 standalone proxy-server[127782]: - - 08/Oct/2025/19/32/25 HEAD /v1/AUTH_6aea6f68832e41a4b7e21af8ecafd548/gnocchi.a65fa0b3-9fed-4688-bd18-25714084262f%3Fformat%3Djson%26states%3Dlisting HTTP/1.0 204 - Swift - - - - txf727d19225b34bdc995b6-0068e6bc49 - 0.0070 RL - 1759951945.991440058 1759951945.998421192 0
Oct 8 19:32:26 standalone container-server[125758]: 172.20.0.100 - - [08/Oct/2025:19:32:26 +0000] "GET /d1/515/AUTH_6aea6f68832e41a4b7e21af8ecafd548/gnocchi.a65fa0b3-9fed-4688-bd18-25714084262f" 200 2 "GET http://localhost:8080/v1/AUTH_6aea6f68832e41a4b7e21af8ecafd548/gnocchi.a65fa0b3-9fed-4688-bd18-25714084262f?format=json&states=listing" "txf727d19225b34bdc995b6-0068e6bc49" "proxy-server 21" 0.0020 "-" 22 0
Oct 8 19:32:26 standalone proxy-server[127782]: 172.18.0.2 ::1 08/Oct/2025/19/32/26 GET /v1/AUTH_6aea6f68832e41a4b7e21af8ecafd548/gnocchi.a65fa0b3-9fed-4688-bd18-25714084262f%3Fformat%3Djson%26states%3Dlisting HTTP/1.0 200 - python-swiftclient-3.11.1 gAAAAABo5rwEs0tt... - 2 - txf727d19225b34bdc995b6-0068e6bc49 - 0.0169 - - 1759951945.990036964 1759951946.006907701 0
Oct 8 19:32:26 standalone object-server[125892]: 172.20.0.100 - - [08/Oct/2025:19:32:26 +0000] "GET /d1/339/AUTH_6aea6f68832e41a4b7e21af8ecafd548/gnocchi.a65fa0b3-9fed-4688-bd18-25714084262f/1759320000.0_mean_300.0_v3" 404 70 "GET http://localhost:8080/v1/AUTH_6aea6f68832e41a4b7e21af8ecafd548/gnocchi.a65fa0b3-9fed-4688-bd18-25714084262f/1759320000.0_mean_300.0_v3" "txd9451f51573b4147aac8b-0068e6bc4a" "proxy-server 21" 0.0004 "-" 24 0
Oct 8 19:32:26 standalone proxy-server[127782]: 172.18.0.2 ::1 08/Oct/2025/19/32/26 GET /v1/AUTH_6aea6f68832e41a4b7e21af8ecafd548/gnocchi.a65fa0b3-9fed-4688-bd18-25714084262f/1759320000.0_mean_300.0_v3 HTTP/1.0 404 - python-swiftclient-3.11.1 gAAAAABo5rwEs0tt... - 70 - txd9451f51573b4147aac8b-0068e6bc4a - 0.0057 - - 1759951946.010852814 1759951946.016505241 0
Oct 8 19:32:26 standalone container-server[125763]: 172.20.0.100 - - [08/Oct/2025:19:32:26 +0000] "PUT /d1/515/AUTH_6aea6f68832e41a4b7e21af8ecafd548/gnocchi.a65fa0b3-9fed-4688-bd18-25714084262f/1759320000.0_mean_300.0_v3" 201 - "PUT http://localhost:8080/d1/339/AUTH_6aea6f68832e41a4b7e21af8ecafd548/gnocchi.a65fa0b3-9fed-4688-bd18-25714084262f/1759320000.0_mean_300.0_v3" "txe80f43a4a61541a2ae965-0068e6bc4a" "object-server 25" 0.0006 "-" 23 0
Oct 8 19:32:26 standalone object-server[125893]: 172.20.0.100 - - [08/Oct/2025:19:32:26 +0000] "PUT /d1/339/AUTH_6aea6f68832e41a4b7e21af8ecafd548/gnocchi.a65fa0b3-9fed-4688-bd18-25714084262f/1759320000.0_mean_300.0_v3" 201 - "PUT http://localhost:8080/v1/AUTH_6aea6f68832e41a4b7e21af8ecafd548/gnocchi.a65fa0b3-9fed-4688-bd18-25714084262f/1759320000.0_mean_300.0_v3" "txe80f43a4a61541a2ae965-0068e6bc4a" "proxy-server 21" 0.0106 "-" 25 0
Oct 8 19:32:26 standalone proxy-server[127782]: 172.18.0.2 ::1 08/Oct/2025/19/32/26 PUT /v1/AUTH_6aea6f68832e41a4b7e21af8ecafd548/gnocchi.a65fa0b3-9fed-4688-bd18-25714084262f/1759320000.0_mean_300.0_v3 HTTP/1.0 201 - python-swiftclient-3.11.1 gAAAAABo5rwEs0tt... 16 - - txe80f43a4a61541a2ae965-0068e6bc4a - 0.0163 - - 1759951946.019498348 1759951946.035775185 0
Oct 8 19:32:26 standalone container-server[125763]: 172.20.0.100 - - [08/Oct/2025:19:32:26 +0000] "PUT /d1/515/AUTH_6aea6f68832e41a4b7e21af8ecafd548/gnocchi.a65fa0b3-9fed-4688-bd18-25714084262f/none_v3" 201 - "PUT http://localhost:8080/d1/353/AUTH_6aea6f68832e41a4b7e21af8ecafd548/gnocchi.a65fa0b3-9fed-4688-bd18-25714084262f/none_v3" "tx6cb3b356cc004781915a9-0068e6bc4a" "object-server 21" 0.0006 "-" 23 0
Oct 8 19:32:26 standalone object-server[125889]: 172.20.0.100 - - [08/Oct/2025:19:32:26 +0000] "PUT /d1/353/AUTH_6aea6f68832e41a4b7e21af8ecafd548/gnocchi.a65fa0b3-9fed-4688-bd18-25714084262f/none_v3" 201 - "PUT http://localhost:8080/v1/AUTH_6aea6f68832e41a4b7e21af8ecafd548/gnocchi.a65fa0b3-9fed-4688-bd18-25714084262f/none_v3" "tx6cb3b356cc004781915a9-0068e6bc4a" "proxy-server 21" 0.0100 "-" 21 0
Oct 8 19:32:26 standalone proxy-server[127782]: 172.18.0.2 ::1 08/Oct/2025/19/32/26 PUT /v1/AUTH_6aea6f68832e41a4b7e21af8ecafd548/gnocchi.a65fa0b3-9fed-4688-bd18-25714084262f/none_v3 HTTP/1.0 201 - python-swiftclient-3.11.1 gAAAAABo5rwEs0tt... 22 - - tx6cb3b356cc004781915a9-0068e6bc4a - 0.0167 - - 1759951946.040916681 1759951946.057644844 0
Oct 8 19:32:26 standalone container-server[125756]: 172.20.0.100 - - [08/Oct/2025:19:32:26 +0000] "HEAD /d1/766/AUTH_6aea6f68832e41a4b7e21af8ecafd548/gnocchi.5875f2c7-07a1-432e-8f83-57c77a08f878" 404 - "HEAD http://localhost:8080/v1/AUTH_6aea6f68832e41a4b7e21af8ecafd548/gnocchi.5875f2c7-07a1-432e-8f83-57c77a08f878?format=json&states=listing" "txe43e93b5e4e94b09968ac-0068e6bc4a" "proxy-server 21" 0.0004 "-" 21 0
Oct 8 19:32:26 standalone object-server[125893]: 172.20.0.100 - - [08/Oct/2025:19:32:26 +0000] "GET /d1/329/AUTH_6aea6f68832e41a4b7e21af8ecafd548/gnocchi.5875f2c7-07a1-432e-8f83-57c77a08f878/none_v3" 404 70 "GET http://localhost:8080/v1/AUTH_6aea6f68832e41a4b7e21af8ecafd548/gnocchi.5875f2c7-07a1-432e-8f83-57c77a08f878/none_v3" "txe43e93b5e4e94b09968ac-0068e6bc4a" "proxy-server 21" 0.0007 "-" 25 0
Oct 8 19:32:26 standalone proxy-server[127782]: 172.18.0.2 ::1 08/Oct/2025/19/32/26 GET /v1/AUTH_6aea6f68832e41a4b7e21af8ecafd548/gnocchi.5875f2c7-07a1-432e-8f83-57c77a08f878/none_v3 HTTP/1.0 404 - python-swiftclient-3.11.1 gAAAAABo5rwEs0tt... - 70 - txe43e93b5e4e94b09968ac-0068e6bc4a - 0.0164 - - 1759951946.068775654 1759951946.085126638 0
Oct 8 19:32:26 standalone account-server[125612]: 172.20.0.100 - - [08/Oct/2025:19:32:26 +0000] "PUT /d1/973/AUTH_6aea6f68832e41a4b7e21af8ecafd548/gnocchi.5875f2c7-07a1-432e-8f83-57c77a08f878" 201 - "PUT http://172.20.0.100:6001/d1/766/AUTH_6aea6f68832e41a4b7e21af8ecafd548/gnocchi.5875f2c7-07a1-432e-8f83-57c77a08f878" "tx42e6beb76b8f45a5b6d18-0068e6bc4a" "container-server 21" 0.0038 "-" 19 0
Oct 8 19:32:26 standalone container-server[125756]: 172.20.0.100 - - [08/Oct/2025:19:32:26 +0000] "PUT /d1/766/AUTH_6aea6f68832e41a4b7e21af8ecafd548/gnocchi.5875f2c7-07a1-432e-8f83-57c77a08f878" 201 - "PUT http://localhost:8080/v1/AUTH_6aea6f68832e41a4b7e21af8ecafd548/gnocchi.5875f2c7-07a1-432e-8f83-57c77a08f878" "tx42e6beb76b8f45a5b6d18-0068e6bc4a" "proxy-server 21" 0.0122 "-" 21 0
Oct 8 19:32:26 standalone proxy-server[127782]: 172.18.0.2 ::1 08/Oct/2025/19/32/26 PUT /v1/AUTH_6aea6f68832e41a4b7e21af8ecafd548/gnocchi.5875f2c7-07a1-432e-8f83-57c77a08f878 HTTP/1.0 201 - python-swiftclient-3.11.1 gAAAAABo5rwEs0tt... - - - tx42e6beb76b8f45a5b6d18-0068e6bc4a - 0.0211 - - 1759951946.088809967 1759951946.109862089 0
Oct 8 19:32:26 standalone container-server[125751]: 172.20.0.100 - - [08/Oct/2025:19:32:26 +0000] "HEAD /d1/766/AUTH_6aea6f68832e41a4b7e21af8ecafd548/gnocchi.5875f2c7-07a1-432e-8f83-57c77a08f878" 204 - "HEAD http://localhost:8080/v1/AUTH_6aea6f68832e41a4b7e21af8ecafd548/gnocchi.5875f2c7-07a1-432e-8f83-57c77a08f878?format=json&states=listing" "tx918763e735b94b3a81cb3-0068e6bc4a" "proxy-server 21" 0.0017 "-" 20 0
Oct 8 19:32:26 standalone proxy-server[127782]: - - 08/Oct/2025/19/32/26 HEAD /v1/AUTH_6aea6f68832e41a4b7e21af8ecafd548/gnocchi.5875f2c7-07a1-432e-8f83-57c77a08f878%3Fformat%3Djson%26states%3Dlisting HTTP/1.0 204 - Swift - - - - tx918763e735b94b3a81cb3-0068e6bc4a - 0.0080 RL - 1759951946.118582249 1759951946.126560450 0
Oct 8 19:32:26 standalone container-server[125763]: 172.20.0.100 - - [08/Oct/2025:19:32:26 +0000] "GET /d1/766/AUTH_6aea6f68832e41a4b7e21af8ecafd548/gnocchi.5875f2c7-07a1-432e-8f83-57c77a08f878" 200 2 "GET http://localhost:8080/v1/AUTH_6aea6f68832e41a4b7e21af8ecafd548/gnocchi.5875f2c7-07a1-432e-8f83-57c77a08f878?format=json&states=listing" "tx918763e735b94b3a81cb3-0068e6bc4a" "proxy-server 21" 0.0019 "-" 23 0
Oct 8 19:32:26 standalone proxy-server[127782]: 172.18.0.2 ::1 08/Oct/2025/19/32/26 GET /v1/AUTH_6aea6f68832e41a4b7e21af8ecafd548/gnocchi.5875f2c7-07a1-432e-8f83-57c77a08f878%3Fformat%3Djson%26states%3Dlisting HTTP/1.0 200 - python-swiftclient-3.11.1 gAAAAABo5rwEs0tt... - 2 - tx918763e735b94b3a81cb3-0068e6bc4a - 0.0300 - - 1759951946.115484238 1759951946.145526886 0
Oct 8 19:32:26 standalone object-server[125890]: 172.20.0.100 - - [08/Oct/2025:19:32:26 +0000] "GET /d1/969/AUTH_6aea6f68832e41a4b7e21af8ecafd548/gnocchi.5875f2c7-07a1-432e-8f83-57c77a08f878/1759320000.0_mean_300.0_v3" 404 70 "GET http://localhost:8080/v1/AUTH_6aea6f68832e41a4b7e21af8ecafd548/gnocchi.5875f2c7-07a1-432e-8f83-57c77a08f878/1759320000.0_mean_300.0_v3" "txaa201f972a5b454097338-0068e6bc4a" "proxy-server 21" 0.0007 "-" 22 0
Oct 8 19:32:26 standalone proxy-server[127782]: 172.18.0.2 ::1 08/Oct/2025/19/32/26 GET /v1/AUTH_6aea6f68832e41a4b7e21af8ecafd548/gnocchi.5875f2c7-07a1-432e-8f83-57c77a08f878/1759320000.0_mean_300.0_v3 HTTP/1.0 404 - python-swiftclient-3.11.1 gAAAAABo5rwEs0tt... - 70 - txaa201f972a5b454097338-0068e6bc4a - 0.0118 - - 1759951946.151208162 1759951946.163007975 0
Oct 8 19:32:26 standalone container-server[125756]: 172.20.0.100 - - [08/Oct/2025:19:32:26 +0000] "PUT /d1/766/AUTH_6aea6f68832e41a4b7e21af8ecafd548/gnocchi.5875f2c7-07a1-432e-8f83-57c77a08f878/1759320000.0_mean_300.0_v3" 201 - "PUT http://localhost:8080/d1/969/AUTH_6aea6f68832e41a4b7e21af8ecafd548/gnocchi.5875f2c7-07a1-432e-8f83-57c77a08f878/1759320000.0_mean_300.0_v3" "tx69f11460ca7c4fc1a94af-0068e6bc4a" "object-server 21" 0.0005 "-" 21 0
Oct 8 19:32:26 standalone object-server[125889]: 172.20.0.100 - - [08/Oct/2025:19:32:26 +0000] "PUT /d1/969/AUTH_6aea6f68832e41a4b7e21af8ecafd548/gnocchi.5875f2c7-07a1-432e-8f83-57c77a08f878/1759320000.0_mean_300.0_v3" 201 - "PUT http://localhost:8080/v1/AUTH_6aea6f68832e41a4b7e21af8ecafd548/gnocchi.5875f2c7-07a1-432e-8f83-57c77a08f878/1759320000.0_mean_300.0_v3" "tx69f11460ca7c4fc1a94af-0068e6bc4a" "proxy-server 21" 0.0244 "-" 21 0
Oct 8 19:32:26 standalone proxy-server[127782]: 172.18.0.2 ::1 08/Oct/2025/19/32/26 PUT /v1/AUTH_6aea6f68832e41a4b7e21af8ecafd548/gnocchi.5875f2c7-07a1-432e-8f83-57c77a08f878/1759320000.0_mean_300.0_v3 HTTP/1.0 201 - python-swiftclient-3.11.1 gAAAAABo5rwEs0tt... 16 - - tx69f11460ca7c4fc1a94af-0068e6bc4a - 0.0347 - - 1759951946.171625614 1759951946.206355095 0
Oct 8 19:32:26 standalone container-server[125756]: 172.20.0.100 - - [08/Oct/2025:19:32:26 +0000] "PUT /d1/766/AUTH_6aea6f68832e41a4b7e21af8ecafd548/gnocchi.5875f2c7-07a1-432e-8f83-57c77a08f878/none_v3" 201 - "PUT http://localhost:8080/d1/329/AUTH_6aea6f68832e41a4b7e21af8ecafd548/gnocchi.5875f2c7-07a1-432e-8f83-57c77a08f878/none_v3" "tx4ededbedeb784213931da-0068e6bc4a" "object-server 25" 0.0006 "-" 21 0
Oct 8 19:32:26 standalone object-server[125893]: 172.20.0.100 - - [08/Oct/2025:19:32:26 +0000] "PUT /d1/329/AUTH_6aea6f68832e41a4b7e21af8ecafd548/gnocchi.5875f2c7-07a1-432e-8f83-57c77a08f878/none_v3" 201 - "PUT http://localhost:8080/v1/AUTH_6aea6f68832e41a4b7e21af8ecafd548/gnocchi.5875f2c7-07a1-432e-8f83-57c77a08f878/none_v3" "tx4ededbedeb784213931da-0068e6bc4a" "proxy-server 21" 0.0261 "-" 25 0
Oct 8 19:32:26 standalone proxy-server[127782]: 172.18.0.2 ::1 08/Oct/2025/19/32/26 PUT /v1/AUTH_6aea6f68832e41a4b7e21af8ecafd548/gnocchi.5875f2c7-07a1-432e-8f83-57c77a08f878/none_v3 HTTP/1.0 201 - python-swiftclient-3.11.1 gAAAAABo5rwEs0tt... 22 - - tx4ededbedeb784213931da-0068e6bc4a - 0.0355 - - 1759951946.211524725 1759951946.247019291 0
Oct 8 19:32:26 standalone container-server[125756]: 172.20.0.100 - - [08/Oct/2025:19:32:26 +0000] "HEAD /d1/668/AUTH_6aea6f68832e41a4b7e21af8ecafd548/gnocchi.74123f2f-6575-4a28-a2f9-72ab730f0ab9" 404 - "HEAD http://localhost:8080/v1/AUTH_6aea6f68832e41a4b7e21af8ecafd548/gnocchi.74123f2f-6575-4a28-a2f9-72ab730f0ab9?format=json&states=listing" "tx93d561a323034f4b8ad02-0068e6bc4a" "proxy-server 21" 0.0003 "-" 21 0
Oct 8 19:32:26 standalone object-server[125893]: 172.20.0.100 - - [08/Oct/2025:19:32:26 +0000] "GET /d1/835/AUTH_6aea6f68832e41a4b7e21af8ecafd548/gnocchi.74123f2f-6575-4a28-a2f9-72ab730f0ab9/none_v3" 404 70 "GET http://localhost:8080/v1/AUTH_6aea6f68832e41a4b7e21af8ecafd548/gnocchi.74123f2f-6575-4a28-a2f9-72ab730f0ab9/none_v3" "tx93d561a323034f4b8ad02-0068e6bc4a" "proxy-server 21" 0.0005 "-" 25 0
Oct 8 19:32:26 standalone proxy-server[127782]: 172.18.0.2 ::1 08/Oct/2025/19/32/26 GET /v1/AUTH_6aea6f68832e41a4b7e21af8ecafd548/gnocchi.74123f2f-6575-4a28-a2f9-72ab730f0ab9/none_v3 HTTP/1.0 404 - python-swiftclient-3.11.1 gAAAAABo5rwEs0tt... - 70 - tx93d561a323034f4b8ad02-0068e6bc4a - 0.0113 - - 1759951946.270769835 1759951946.282059431 0
Oct 8 19:32:26 standalone account-server[125629]: 172.20.0.100 - - [08/Oct/2025:19:32:26 +0000] "PUT /d1/973/AUTH_6aea6f68832e41a4b7e21af8ecafd548/gnocchi.74123f2f-6575-4a28-a2f9-72ab730f0ab9" 201 - "PUT http://172.20.0.100:6001/d1/668/AUTH_6aea6f68832e41a4b7e21af8ecafd548/gnocchi.74123f2f-6575-4a28-a2f9-72ab730f0ab9" "txba87c8ba41e2470e8b180-0068e6bc4a" "container-server 22" 0.0044 "-" 21 0
Oct 8 19:32:26 standalone container-server[125758]: 172.20.0.100 - - [08/Oct/2025:19:32:26 +0000] "PUT /d1/668/AUTH_6aea6f68832e41a4b7e21af8ecafd548/gnocchi.74123f2f-6575-4a28-a2f9-72ab730f0ab9" 201 - "PUT http://localhost:8080/v1/AUTH_6aea6f68832e41a4b7e21af8ecafd548/gnocchi.74123f2f-6575-4a28-a2f9-72ab730f0ab9" "txba87c8ba41e2470e8b180-0068e6bc4a" "proxy-server 21" 0.0145 "-" 22 0
Oct 8 19:32:26 standalone proxy-server[127782]: 172.18.0.2 ::1 08/Oct/2025/19/32/26 PUT /v1/AUTH_6aea6f68832e41a4b7e21af8ecafd548/gnocchi.74123f2f-6575-4a28-a2f9-72ab730f0ab9 HTTP/1.0 201 - python-swiftclient-3.11.1 gAAAAABo5rwEs0tt... - - - txba87c8ba41e2470e8b180-0068e6bc4a - 0.0256 - - 1759951946.287086487 1759951946.312646151 0
Oct 8 19:32:26 standalone container-server[125758]: 172.20.0.100 - - [08/Oct/2025:19:32:26 +0000] "HEAD /d1/668/AUTH_6aea6f68832e41a4b7e21af8ecafd548/gnocchi.74123f2f-6575-4a28-a2f9-72ab730f0ab9" 204 - "HEAD http://localhost:8080/v1/AUTH_6aea6f68832e41a4b7e21af8ecafd548/gnocchi.74123f2f-6575-4a28-a2f9-72ab730f0ab9?format=json&states=listing" "tx13135f67bfda42eca6eff-0068e6bc4a" "proxy-server 21" 0.0019 "-" 22 0
Oct 8 19:32:26 standalone proxy-server[127782]: - - 08/Oct/2025/19/32/26 HEAD /v1/AUTH_6aea6f68832e41a4b7e21af8ecafd548/gnocchi.74123f2f-6575-4a28-a2f9-72ab730f0ab9%3Fformat%3Djson%26states%3Dlisting HTTP/1.0 204 - Swift - - - - tx13135f67bfda42eca6eff-0068e6bc4a - 0.0074 RL - 1759951946.319078922 1759951946.326459646 0
Oct 8 19:32:26 standalone container-server[125751]: 172.20.0.100 - - [08/Oct/2025:19:32:26 +0000] "GET /d1/668/AUTH_6aea6f68832e41a4b7e21af8ecafd548/gnocchi.74123f2f-6575-4a28-a2f9-72ab730f0ab9" 200 2 "GET http://localhost:8080/v1/AUTH_6aea6f68832e41a4b7e21af8ecafd548/gnocchi.74123f2f-6575-4a28-a2f9-72ab730f0ab9?format=json&states=listing" "tx13135f67bfda42eca6eff-0068e6bc4a" "proxy-server 21" 0.0023 "-" 20 0
Oct 8 19:32:26 standalone proxy-server[127782]: 172.18.0.2 ::1 08/Oct/2025/19/32/26 GET /v1/AUTH_6aea6f68832e41a4b7e21af8ecafd548/gnocchi.74123f2f-6575-4a28-a2f9-72ab730f0ab9%3Fformat%3Djson%26states%3Dlisting HTTP/1.0 200 - python-swiftclient-3.11.1 gAAAAABo5rwEs0tt... - 2 - tx13135f67bfda42eca6eff-0068e6bc4a - 0.0179 - - 1759951946.317659616 1759951946.335521936 0
Oct 8 19:32:26 standalone object-server[125889]: 172.20.0.100 - - [08/Oct/2025:19:32:26 +0000] "GET /d1/192/AUTH_6aea6f68832e41a4b7e21af8ecafd548/gnocchi.74123f2f-6575-4a28-a2f9-72ab730f0ab9/1759320000.0_mean_300.0_v3" 404 70 "GET http://localhost:8080/v1/AUTH_6aea6f68832e41a4b7e21af8ecafd548/gnocchi.74123f2f-6575-4a28-a2f9-72ab730f0ab9/1759320000.0_mean_300.0_v3" "txb35439bbe2b647d48c41b-0068e6bc4a" "proxy-server 21" 0.0005 "-" 21 0
Oct 8 19:32:26 standalone proxy-server[127782]: 172.18.0.2 ::1 08/Oct/2025/19/32/26 GET /v1/AUTH_6aea6f68832e41a4b7e21af8ecafd548/gnocchi.74123f2f-6575-4a28-a2f9-72ab730f0ab9/1759320000.0_mean_300.0_v3 HTTP/1.0 404 - python-swiftclient-3.11.1 gAAAAABo5rwEs0tt... - 70 - txb35439bbe2b647d48c41b-0068e6bc4a - 0.0064 - - 1759951946.340260983 1759951946.346702337 0
Oct 8 19:32:26 standalone container-server[125758]: 172.20.0.100 - - [08/Oct/2025:19:32:26 +0000] "PUT /d1/668/AUTH_6aea6f68832e41a4b7e21af8ecafd548/gnocchi.74123f2f-6575-4a28-a2f9-72ab730f0ab9/1759320000.0_mean_300.0_v3" 201 - "PUT http://localhost:8080/d1/192/AUTH_6aea6f68832e41a4b7e21af8ecafd548/gnocchi.74123f2f-6575-4a28-a2f9-72ab730f0ab9/1759320000.0_mean_300.0_v3" "txcb1e7efffe38438d85ea7-0068e6bc4a" "object-server 24" 0.0007 "-" 22 0
Oct 8 19:32:26 standalone object-server[125892]: 172.20.0.100 - - [08/Oct/2025:19:32:26 +0000] "PUT /d1/192/AUTH_6aea6f68832e41a4b7e21af8ecafd548/gnocchi.74123f2f-6575-4a28-a2f9-72ab730f0ab9/1759320000.0_mean_300.0_v3" 201 - "PUT http://localhost:8080/v1/AUTH_6aea6f68832e41a4b7e21af8ecafd548/gnocchi.74123f2f-6575-4a28-a2f9-72ab730f0ab9/1759320000.0_mean_300.0_v3" "txcb1e7efffe38438d85ea7-0068e6bc4a" "proxy-server 21" 0.0097 "-" 24 0
Oct 8 19:32:26 standalone proxy-server[127782]: 172.18.0.2 ::1 08/Oct/2025/19/32/26 PUT /v1/AUTH_6aea6f68832e41a4b7e21af8ecafd548/gnocchi.74123f2f-6575-4a28-a2f9-72ab730f0ab9/1759320000.0_mean_300.0_v3 HTTP/1.0 201 - python-swiftclient-3.11.1 gAAAAABo5rwEs0tt... 16 - - txcb1e7efffe38438d85ea7-0068e6bc4a - 0.0237 - - 1759951946.352400541 1759951946.376149416 0
Oct 8 19:32:26 standalone container-server[125756]: 172.20.0.100 - - [08/Oct/2025:19:32:26 +0000] "PUT /d1/668/AUTH_6aea6f68832e41a4b7e21af8ecafd548/gnocchi.74123f2f-6575-4a28-a2f9-72ab730f0ab9/none_v3" 201 - "PUT http://localhost:8080/d1/835/AUTH_6aea6f68832e41a4b7e21af8ecafd548/gnocchi.74123f2f-6575-4a28-a2f9-72ab730f0ab9/none_v3" "tx12c55d898ba742fcbf9fa-0068e6bc4a" "object-server 21" 0.0005 "-" 21 0
Oct 8 19:32:26 standalone object-server[125889]: 172.20.0.100 - - [08/Oct/2025:19:32:26 +0000] "PUT /d1/835/AUTH_6aea6f68832e41a4b7e21af8ecafd548/gnocchi.74123f2f-6575-4a28-a2f9-72ab730f0ab9/none_v3" 201 - "PUT http://localhost:8080/v1/AUTH_6aea6f68832e41a4b7e21af8ecafd548/gnocchi.74123f2f-6575-4a28-a2f9-72ab730f0ab9/none_v3" "tx12c55d898ba742fcbf9fa-0068e6bc4a" "proxy-server 21" 0.0103 "-" 21 0
Oct 8 19:32:26 standalone proxy-server[127782]: 172.18.0.2 ::1 08/Oct/2025/19/32/26 PUT /v1/AUTH_6aea6f68832e41a4b7e21af8ecafd548/gnocchi.74123f2f-6575-4a28-a2f9-72ab730f0ab9/none_v3 HTTP/1.0 201 - python-swiftclient-3.11.1 gAAAAABo5rwEs0tt... 22 - - tx12c55d898ba742fcbf9fa-0068e6bc4a - 0.0184 - - 1759951946.380676508 1759951946.399118423 0
Oct 8 19:33:45 standalone object-server[125845]: Begin object update sweep
Oct 8 19:33:45 standalone object-server[226361]: Object update sweep starting on /srv/node/d1 (pid: 14)
Oct 8 19:33:45 standalone object-server[226361]: Object update sweep completed on /srv/node/d1 in 0.00s seconds:, 0 successes, 0 failures, 0 quarantines, 0 unlinks, 0 errors, 0 redirects (pid: 14)
Oct 8 19:33:45 standalone object-server[226361]: Object update sweep of d1 completed: 0.00s, 0 successes, 0 failures, 0 quarantines, 0 unlinks, 0 errors, 0 redirects
Oct 8 19:33:45 standalone object-server[125845]: Object update sweep completed: 0.15s
Oct 8 19:34:31 standalone account-server[125629]: 172.20.0.100 - - [08/Oct/2025:19:34:31 +0000] "HEAD /d1/973/AUTH_6aea6f68832e41a4b7e21af8ecafd548" 204 - "HEAD http://localhost:8080/v1/AUTH_6aea6f68832e41a4b7e21af8ecafd548?format=json" "tx9b384361a26243dbae6d0-0068e6bcc7" "proxy-server 21" 0.0059 "-" 21 -
Oct 8 19:34:31 standalone proxy-server[127782]: - - 08/Oct/2025/19/34/31 HEAD /v1/AUTH_6aea6f68832e41a4b7e21af8ecafd548%3Fformat%3Djson HTTP/1.0 204 - Swift - - - - tx9b384361a26243dbae6d0-0068e6bcc7 - 0.0104 RL - 1759952071.379960775 1759952071.390362740 -
Oct 8 19:34:31 standalone container-server[125758]: 172.20.0.100 - - [08/Oct/2025:19:34:31 +0000] "HEAD /d1/922/AUTH_6aea6f68832e41a4b7e21af8ecafd548/gnocchi.04606aa1-4638-4532-9bef-a1aa0b385282" 404 - "HEAD http://localhost:8080/v1/AUTH_6aea6f68832e41a4b7e21af8ecafd548/gnocchi.04606aa1-4638-4532-9bef-a1aa0b385282?format=json&states=listing" "tx9b384361a26243dbae6d0-0068e6bcc7" "proxy-server 21" 0.0007 "-" 22 0
Oct 8 19:34:31 standalone object-server[125893]: 172.20.0.100 - - [08/Oct/2025:19:34:31 +0000] "GET /d1/140/AUTH_6aea6f68832e41a4b7e21af8ecafd548/gnocchi.04606aa1-4638-4532-9bef-a1aa0b385282/none_v3" 404 70 "GET http://localhost:8080/v1/AUTH_6aea6f68832e41a4b7e21af8ecafd548/gnocchi.04606aa1-4638-4532-9bef-a1aa0b385282/none_v3" "tx9b384361a26243dbae6d0-0068e6bcc7" "proxy-server 21" 0.0009 "-" 25 0
Oct 8 19:34:31 standalone proxy-server[127782]: 172.18.0.2 ::1 08/Oct/2025/19/34/31 GET /v1/AUTH_6aea6f68832e41a4b7e21af8ecafd548/gnocchi.04606aa1-4638-4532-9bef-a1aa0b385282/none_v3 HTTP/1.0 404 - python-swiftclient-3.11.1 gAAAAABo5rwEs0tt... - 70 - tx9b384361a26243dbae6d0-0068e6bcc7 - 0.0230 - - 1759952071.378932714 1759952071.401890278 0
Oct 8 19:34:31 standalone account-server[125627]: 172.20.0.100 - - [08/Oct/2025:19:34:31 +0000] "PUT /d1/973/AUTH_6aea6f68832e41a4b7e21af8ecafd548/gnocchi.04606aa1-4638-4532-9bef-a1aa0b385282" 201 - "PUT http://172.20.0.100:6001/d1/922/AUTH_6aea6f68832e41a4b7e21af8ecafd548/gnocchi.04606aa1-4638-4532-9bef-a1aa0b385282" "txed2d162d34874360b37dd-0068e6bcc7" "container-server 23" 0.0015 "-" 20 0
Oct 8 19:34:31 standalone container-server[125763]: 172.20.0.100 - - [08/Oct/2025:19:34:31 +0000] "PUT /d1/922/AUTH_6aea6f68832e41a4b7e21af8ecafd548/gnocchi.04606aa1-4638-4532-9bef-a1aa0b385282" 201 - "PUT http://localhost:8080/v1/AUTH_6aea6f68832e41a4b7e21af8ecafd548/gnocchi.04606aa1-4638-4532-9bef-a1aa0b385282" "txed2d162d34874360b37dd-0068e6bcc7" "proxy-server 21" 0.0100 "-" 23 0
Oct 8 19:34:31 standalone proxy-server[127782]: 172.18.0.2 ::1 08/Oct/2025/19/34/31 PUT /v1/AUTH_6aea6f68832e41a4b7e21af8ecafd548/gnocchi.04606aa1-4638-4532-9bef-a1aa0b385282 HTTP/1.0 201 - python-swiftclient-3.11.1 gAAAAABo5rwEs0tt... - - - txed2d162d34874360b37dd-0068e6bcc7 - 0.0140 - - 1759952071.405608177 1759952071.419609785 0
Oct 8 19:34:31 standalone container-server[125758]: 172.20.0.100 - - [08/Oct/2025:19:34:31 +0000] "HEAD /d1/922/AUTH_6aea6f68832e41a4b7e21af8ecafd548/gnocchi.04606aa1-4638-4532-9bef-a1aa0b385282" 204 - "HEAD http://localhost:8080/v1/AUTH_6aea6f68832e41a4b7e21af8ecafd548/gnocchi.04606aa1-4638-4532-9bef-a1aa0b385282?format=json&states=listing" "txf9c481009ad84689b67ce-0068e6bcc7" "proxy-server 21" 0.0011 "-" 22 0
Oct 8 19:34:31 standalone proxy-server[127782]: - - 08/Oct/2025/19/34/31 HEAD /v1/AUTH_6aea6f68832e41a4b7e21af8ecafd548/gnocchi.04606aa1-4638-4532-9bef-a1aa0b385282%3Fformat%3Djson%26states%3Dlisting HTTP/1.0 204 - Swift - - - - txf9c481009ad84689b67ce-0068e6bcc7 - 0.0032 RL - 1759952071.422930956 1759952071.426131248 0
Oct 8 19:34:31 standalone container-server[125751]: 172.20.0.100 - - [08/Oct/2025:19:34:31 +0000] "GET /d1/922/AUTH_6aea6f68832e41a4b7e21af8ecafd548/gnocchi.04606aa1-4638-4532-9bef-a1aa0b385282" 200 2 "GET http://localhost:8080/v1/AUTH_6aea6f68832e41a4b7e21af8ecafd548/gnocchi.04606aa1-4638-4532-9bef-a1aa0b385282?format=json&states=listing" "txf9c481009ad84689b67ce-0068e6bcc7" "proxy-server 21" 0.0019 "-" 20 0
Oct 8 19:34:31 standalone proxy-server[127782]: 172.18.0.2 ::1 08/Oct/2025/19/34/31 GET /v1/AUTH_6aea6f68832e41a4b7e21af8ecafd548/gnocchi.04606aa1-4638-4532-9bef-a1aa0b385282%3Fformat%3Djson%26states%3Dlisting HTTP/1.0 200 - python-swiftclient-3.11.1 gAAAAABo5rwEs0tt... - 2 - txf9c481009ad84689b67ce-0068e6bcc7 - 0.0103 - - 1759952071.422158241 1759952071.432464123 0
Oct 8 19:34:31 standalone object-server[125893]: 172.20.0.100 - - [08/Oct/2025:19:34:31 +0000] "GET /d1/383/AUTH_6aea6f68832e41a4b7e21af8ecafd548/gnocchi.04606aa1-4638-4532-9bef-a1aa0b385282/1759320000.0_mean_300.0_v3" 404 70 "GET http://localhost:8080/v1/AUTH_6aea6f68832e41a4b7e21af8ecafd548/gnocchi.04606aa1-4638-4532-9bef-a1aa0b385282/1759320000.0_mean_300.0_v3" "txc8ae4d139ebc402e8db12-0068e6bcc7" "proxy-server 21" 0.0004 "-" 25 0
Oct 8 19:34:31 standalone proxy-server[127782]: 172.18.0.2 ::1 08/Oct/2025/19/34/31 GET /v1/AUTH_6aea6f68832e41a4b7e21af8ecafd548/gnocchi.04606aa1-4638-4532-9bef-a1aa0b385282/1759320000.0_mean_300.0_v3 HTTP/1.0 404 - python-swiftclient-3.11.1 gAAAAABo5rwEs0tt... - 70 - txc8ae4d139ebc402e8db12-0068e6bcc7 - 0.0043 - - 1759952071.435172081 1759952071.439517498 0
Oct 8 19:34:31 standalone container-server[125763]: 172.20.0.100 - - [08/Oct/2025:19:34:31 +0000] "PUT /d1/922/AUTH_6aea6f68832e41a4b7e21af8ecafd548/gnocchi.04606aa1-4638-4532-9bef-a1aa0b385282/1759320000.0_mean_300.0_v3" 201 - "PUT http://localhost:8080/d1/383/AUTH_6aea6f68832e41a4b7e21af8ecafd548/gnocchi.04606aa1-4638-4532-9bef-a1aa0b385282/1759320000.0_mean_300.0_v3" "tx3bce2644aabe49b2959e7-0068e6bcc7" "object-server 24" 0.0004 "-" 23 0
Oct 8 19:34:31 standalone object-server[125892]: 172.20.0.100 - - [08/Oct/2025:19:34:31 +0000] "PUT /d1/383/AUTH_6aea6f68832e41a4b7e21af8ecafd548/gnocchi.04606aa1-4638-4532-9bef-a1aa0b385282/1759320000.0_mean_300.0_v3" 201 - "PUT http://localhost:8080/v1/AUTH_6aea6f68832e41a4b7e21af8ecafd548/gnocchi.04606aa1-4638-4532-9bef-a1aa0b385282/1759320000.0_mean_300.0_v3" "tx3bce2644aabe49b2959e7-0068e6bcc7" "proxy-server 21" 0.0084 "-" 24 0
Oct 8 19:34:31 standalone proxy-server[127782]: 172.18.0.2 ::1 08/Oct/2025/19/34/31 PUT /v1/AUTH_6aea6f68832e41a4b7e21af8ecafd548/gnocchi.04606aa1-4638-4532-9bef-a1aa0b385282/1759320000.0_mean_300.0_v3 HTTP/1.0 201 - python-swiftclient-3.11.1 gAAAAABo5rwEs0tt... 16 - - tx3bce2644aabe49b2959e7-0068e6bcc7 - 0.0127 - - 1759952071.441598892 1759952071.454292059 0
Oct 8 19:34:31 standalone container-server[125758]: 172.20.0.100 - - [08/Oct/2025:19:34:31 +0000] "PUT /d1/922/AUTH_6aea6f68832e41a4b7e21af8ecafd548/gnocchi.04606aa1-4638-4532-9bef-a1aa0b385282/none_v3" 201 - "PUT http://localhost:8080/d1/140/AUTH_6aea6f68832e41a4b7e21af8ecafd548/gnocchi.04606aa1-4638-4532-9bef-a1aa0b385282/none_v3" "tx529247b80a4a439a95d54-0068e6bcc7" "object-server 21" 0.0005 "-" 22 0
Oct 8 19:34:31 standalone object-server[125889]: 172.20.0.100 - - [08/Oct/2025:19:34:31 +0000] "PUT /d1/140/AUTH_6aea6f68832e41a4b7e21af8ecafd548/gnocchi.04606aa1-4638-4532-9bef-a1aa0b385282/none_v3" 201 - "PUT http://localhost:8080/v1/AUTH_6aea6f68832e41a4b7e21af8ecafd548/gnocchi.04606aa1-4638-4532-9bef-a1aa0b385282/none_v3" "tx529247b80a4a439a95d54-0068e6bcc7" "proxy-server 21" 0.0076 "-" 21 0
Oct 8 19:34:31 standalone proxy-server[127782]: 172.18.0.2 ::1 08/Oct/2025/19/34/31 PUT /v1/AUTH_6aea6f68832e41a4b7e21af8ecafd548/gnocchi.04606aa1-4638-4532-9bef-a1aa0b385282/none_v3 HTTP/1.0 201 - python-swiftclient-3.11.1 gAAAAABo5rwEs0tt... 22 - - tx529247b80a4a439a95d54-0068e6bcc7 - 0.0116 - - 1759952071.456338882 1759952071.467952013 0
Oct 8 19:34:31 standalone container-server[125763]: 172.20.0.100 - - [08/Oct/2025:19:34:31 +0000] "HEAD /d1/959/AUTH_6aea6f68832e41a4b7e21af8ecafd548/gnocchi.0d7c3f45-bcc5-4a88-8a0a-5d22842e5363" 404 - "HEAD http://localhost:8080/v1/AUTH_6aea6f68832e41a4b7e21af8ecafd548/gnocchi.0d7c3f45-bcc5-4a88-8a0a-5d22842e5363?format=json&states=listing" "tx430d8c3a1133486ca5baf-0068e6bcc7" "proxy-server 21" 0.0004 "-" 23 0
Oct 8 19:34:31 standalone object-server[125892]: 172.20.0.100 - - [08/Oct/2025:19:34:31 +0000] "GET /d1/57/AUTH_6aea6f68832e41a4b7e21af8ecafd548/gnocchi.0d7c3f45-bcc5-4a88-8a0a-5d22842e5363/none_v3" 404 70 "GET http://localhost:8080/v1/AUTH_6aea6f68832e41a4b7e21af8ecafd548/gnocchi.0d7c3f45-bcc5-4a88-8a0a-5d22842e5363/none_v3" "tx430d8c3a1133486ca5baf-0068e6bcc7" "proxy-server 21" 0.0005 "-" 24 0
Oct 8 19:34:31 standalone proxy-server[127782]: 172.18.0.2 ::1 08/Oct/2025/19/34/31 GET /v1/AUTH_6aea6f68832e41a4b7e21af8ecafd548/gnocchi.0d7c3f45-bcc5-4a88-8a0a-5d22842e5363/none_v3 HTTP/1.0 404 - python-swiftclient-3.11.1 gAAAAABo5rwEs0tt... - 70 - tx430d8c3a1133486ca5baf-0068e6bcc7 - 0.0087 - - 1759952071.779046774 1759952071.787737370 0
Oct 8 19:34:31 standalone account-server[125632]: 172.20.0.100 - - [08/Oct/2025:19:34:31 +0000] "PUT /d1/973/AUTH_6aea6f68832e41a4b7e21af8ecafd548/gnocchi.0d7c3f45-bcc5-4a88-8a0a-5d22842e5363" 201 - "PUT http://172.20.0.100:6001/d1/959/AUTH_6aea6f68832e41a4b7e21af8ecafd548/gnocchi.0d7c3f45-bcc5-4a88-8a0a-5d22842e5363" "tx1f7daa8cf1664814b038f-0068e6bcc7" "container-server 22" 0.0048 "-" 23 0
Oct 8 19:34:31 standalone container-server[125758]: 172.20.0.100 - - [08/Oct/2025:19:34:31 +0000] "PUT /d1/959/AUTH_6aea6f68832e41a4b7e21af8ecafd548/gnocchi.0d7c3f45-bcc5-4a88-8a0a-5d22842e5363" 201 - "PUT http://localhost:8080/v1/AUTH_6aea6f68832e41a4b7e21af8ecafd548/gnocchi.0d7c3f45-bcc5-4a88-8a0a-5d22842e5363" "tx1f7daa8cf1664814b038f-0068e6bcc7" "proxy-server 21" 0.0166 "-" 22 0
Oct 8 19:34:31 standalone proxy-server[127782]: 172.18.0.2 ::1 08/Oct/2025/19/34/31 PUT /v1/AUTH_6aea6f68832e41a4b7e21af8ecafd548/gnocchi.0d7c3f45-bcc5-4a88-8a0a-5d22842e5363 HTTP/1.0 201 - python-swiftclient-3.11.1 gAAAAABo5rwEs0tt... - - - tx1f7daa8cf1664814b038f-0068e6bcc7 - 0.0235 - - 1759952071.791435480 1759952071.814967155 0
Oct 8 19:34:31 standalone container-server[125758]: 172.20.0.100 - - [08/Oct/2025:19:34:31 +0000] "HEAD /d1/959/AUTH_6aea6f68832e41a4b7e21af8ecafd548/gnocchi.0d7c3f45-bcc5-4a88-8a0a-5d22842e5363" 204 - "HEAD http://localhost:8080/v1/AUTH_6aea6f68832e41a4b7e21af8ecafd548/gnocchi.0d7c3f45-bcc5-4a88-8a0a-5d22842e5363?format=json&states=listing" "txc302d393065142e7af237-0068e6bcc7" "proxy-server 21" 0.0013 "-" 22 0
Oct 8 19:34:31 standalone proxy-server[127782]: - - 08/Oct/2025/19/34/31 HEAD /v1/AUTH_6aea6f68832e41a4b7e21af8ecafd548/gnocchi.0d7c3f45-bcc5-4a88-8a0a-5d22842e5363%3Fformat%3Djson%26states%3Dlisting HTTP/1.0 204 - Swift - - - - txc302d393065142e7af237-0068e6bcc7 - 0.0040 RL - 1759952071.819880486 1759952071.823883772 0
Oct 8 19:34:31 standalone container-server[125756]: 172.20.0.100 - - [08/Oct/2025:19:34:31 +0000] "GET /d1/959/AUTH_6aea6f68832e41a4b7e21af8ecafd548/gnocchi.0d7c3f45-bcc5-4a88-8a0a-5d22842e5363" 200 2 "GET http://localhost:8080/v1/AUTH_6aea6f68832e41a4b7e21af8ecafd548/gnocchi.0d7c3f45-bcc5-4a88-8a0a-5d22842e5363?format=json&states=listing" "txc302d393065142e7af237-0068e6bcc7" "proxy-server 21" 0.0021 "-" 21 0
Oct 8 19:34:31 standalone proxy-server[127782]: 172.18.0.2 ::1 08/Oct/2025/19/34/31 GET /v1/AUTH_6aea6f68832e41a4b7e21af8ecafd548/gnocchi.0d7c3f45-bcc5-4a88-8a0a-5d22842e5363%3Fformat%3Djson%26states%3Dlisting HTTP/1.0 200 - python-swiftclient-3.11.1 gAAAAABo5rwEs0tt... - 2 - txc302d393065142e7af237-0068e6bcc7 - 0.0131 - - 1759952071.818927050 1759952071.831985950 0
Oct 8 19:34:31 standalone object-server[125890]: 172.20.0.100 - - [08/Oct/2025:19:34:31 +0000] "GET /d1/302/AUTH_6aea6f68832e41a4b7e21af8ecafd548/gnocchi.0d7c3f45-bcc5-4a88-8a0a-5d22842e5363/1759320000.0_mean_300.0_v3" 404 70 "GET http://localhost:8080/v1/AUTH_6aea6f68832e41a4b7e21af8ecafd548/gnocchi.0d7c3f45-bcc5-4a88-8a0a-5d22842e5363/1759320000.0_mean_300.0_v3" "tx639b68eb8a554116a7ec1-0068e6bcc7" "proxy-server 21" 0.0005 "-" 22 0
Oct 8 19:34:31 standalone proxy-server[127782]: 172.18.0.2 ::1 08/Oct/2025/19/34/31 GET /v1/AUTH_6aea6f68832e41a4b7e21af8ecafd548/gnocchi.0d7c3f45-bcc5-4a88-8a0a-5d22842e5363/1759320000.0_mean_300.0_v3 HTTP/1.0 404 - python-swiftclient-3.11.1 gAAAAABo5rwEs0tt... - 70 - tx639b68eb8a554116a7ec1-0068e6bcc7 - 0.0062 - - 1759952071.836354494 1759952071.842519522 0
Oct 8 19:34:31 standalone container-server[125758]: 172.20.0.100 - - [08/Oct/2025:19:34:31 +0000] "PUT /d1/959/AUTH_6aea6f68832e41a4b7e21af8ecafd548/gnocchi.0d7c3f45-bcc5-4a88-8a0a-5d22842e5363/1759320000.0_mean_300.0_v3" 201 - "PUT http://localhost:8080/d1/302/AUTH_6aea6f68832e41a4b7e21af8ecafd548/gnocchi.0d7c3f45-bcc5-4a88-8a0a-5d22842e5363/1759320000.0_mean_300.0_v3" "tx2f79995a5a7d434c90767-0068e6bcc7" "object-server 25" 0.0006 "-" 22 0
Oct 8 19:34:31 standalone object-server[125893]: 172.20.0.100 - - [08/Oct/2025:19:34:31 +0000] "PUT /d1/302/AUTH_6aea6f68832e41a4b7e21af8ecafd548/gnocchi.0d7c3f45-bcc5-4a88-8a0a-5d22842e5363/1759320000.0_mean_300.0_v3" 201 - "PUT http://localhost:8080/v1/AUTH_6aea6f68832e41a4b7e21af8ecafd548/gnocchi.0d7c3f45-bcc5-4a88-8a0a-5d22842e5363/1759320000.0_mean_300.0_v3" "tx2f79995a5a7d434c90767-0068e6bcc7" "proxy-server 21" 0.0107 "-" 25 0
Oct 8 19:34:31 standalone proxy-server[127782]: 172.18.0.2 ::1 08/Oct/2025/19/34/31 PUT /v1/AUTH_6aea6f68832e41a4b7e21af8ecafd548/gnocchi.0d7c3f45-bcc5-4a88-8a0a-5d22842e5363/1759320000.0_mean_300.0_v3 HTTP/1.0 201 - python-swiftclient-3.11.1 gAAAAABo5rwEs0tt... 16 - - tx2f79995a5a7d434c90767-0068e6bcc7 - 0.0171 - - 1759952071.845622301 1759952071.862731934 0
Oct 8 19:34:31 standalone container-server[125751]: 172.20.0.100 - - [08/Oct/2025:19:34:31 +0000] "PUT /d1/959/AUTH_6aea6f68832e41a4b7e21af8ecafd548/gnocchi.0d7c3f45-bcc5-4a88-8a0a-5d22842e5363/none_v3" 201 - "PUT http://localhost:8080/d1/57/AUTH_6aea6f68832e41a4b7e21af8ecafd548/gnocchi.0d7c3f45-bcc5-4a88-8a0a-5d22842e5363/none_v3" "txcd78cd57e8e64ccb8fe17-0068e6bcc7" "object-server 25" 0.0006 "-" 20 0
Oct 8 19:34:31 standalone object-server[125893]: 172.20.0.100 - - [08/Oct/2025:19:34:31 +0000] "PUT /d1/57/AUTH_6aea6f68832e41a4b7e21af8ecafd548/gnocchi.0d7c3f45-bcc5-4a88-8a0a-5d22842e5363/none_v3" 201 - "PUT http://localhost:8080/v1/AUTH_6aea6f68832e41a4b7e21af8ecafd548/gnocchi.0d7c3f45-bcc5-4a88-8a0a-5d22842e5363/none_v3" "txcd78cd57e8e64ccb8fe17-0068e6bcc7" "proxy-server 21" 0.0107 "-" 25 0
Oct 8 19:34:31 standalone proxy-server[127782]: 172.18.0.2 ::1 08/Oct/2025/19/34/31 PUT /v1/AUTH_6aea6f68832e41a4b7e21af8ecafd548/gnocchi.0d7c3f45-bcc5-4a88-8a0a-5d22842e5363/none_v3 HTTP/1.0 201 - python-swiftclient-3.11.1 gAAAAABo5rwEs0tt... 22 - - txcd78cd57e8e64ccb8fe17-0068e6bcc7 - 0.0159 - - 1759952071.866029501 1759952071.881961823 0
Oct 8 19:34:31 standalone container-server[125756]: 172.20.0.100 - - [08/Oct/2025:19:34:31 +0000] "HEAD /d1/617/AUTH_6aea6f68832e41a4b7e21af8ecafd548/gnocchi.343bc4d9-82d1-4967-985a-492855cd6b8c" 404 - "HEAD http://localhost:8080/v1/AUTH_6aea6f68832e41a4b7e21af8ecafd548/gnocchi.343bc4d9-82d1-4967-985a-492855cd6b8c?format=json&states=listing" "tx62a5eca04d904022a5de2-0068e6bcc7" "proxy-server 21" 0.0006 "-" 21 0
Oct 8 19:34:31 standalone object-server[125892]: 172.20.0.100 - - [08/Oct/2025:19:34:31 +0000] "GET /d1/358/AUTH_6aea6f68832e41a4b7e21af8ecafd548/gnocchi.343bc4d9-82d1-4967-985a-492855cd6b8c/none_v3" 404 70 "GET http://localhost:8080/v1/AUTH_6aea6f68832e41a4b7e21af8ecafd548/gnocchi.343bc4d9-82d1-4967-985a-492855cd6b8c/none_v3" "tx62a5eca04d904022a5de2-0068e6bcc7" "proxy-server 21" 0.0005 "-" 24 0
Oct 8 19:34:31 standalone proxy-server[127782]: 172.18.0.2 ::1 08/Oct/2025/19/34/31 GET /v1/AUTH_6aea6f68832e41a4b7e21af8ecafd548/gnocchi.343bc4d9-82d1-4967-985a-492855cd6b8c/none_v3 HTTP/1.0 404 - python-swiftclient-3.11.1 gAAAAABo5rwEs0tt... - 70 - tx62a5eca04d904022a5de2-0068e6bcc7 - 0.0109 - - 1759952071.926105022 1759952071.936964273 0
Oct 8 19:34:31 standalone account-server[125629]: 172.20.0.100 - - [08/Oct/2025:19:34:31 +0000] "PUT /d1/973/AUTH_6aea6f68832e41a4b7e21af8ecafd548/gnocchi.343bc4d9-82d1-4967-985a-492855cd6b8c" 201 - "PUT http://172.20.0.100:6001/d1/617/AUTH_6aea6f68832e41a4b7e21af8ecafd548/gnocchi.343bc4d9-82d1-4967-985a-492855cd6b8c" "tx322e3be3751f4dfd91067-0068e6bcc7" "container-server 22" 0.0062 "-" 21 0
Oct 8 19:34:31 standalone container-server[125758]: 172.20.0.100 - - [08/Oct/2025:19:34:31 +0000] "PUT /d1/617/AUTH_6aea6f68832e41a4b7e21af8ecafd548/gnocchi.343bc4d9-82d1-4967-985a-492855cd6b8c" 201 - "PUT http://localhost:8080/v1/AUTH_6aea6f68832e41a4b7e21af8ecafd548/gnocchi.343bc4d9-82d1-4967-985a-492855cd6b8c" "tx322e3be3751f4dfd91067-0068e6bcc7" "proxy-server 21" 0.0195 "-" 22 0
Oct 8 19:34:31 standalone proxy-server[127782]: 172.18.0.2 ::1 08/Oct/2025/19/34/31 PUT /v1/AUTH_6aea6f68832e41a4b7e21af8ecafd548/gnocchi.343bc4d9-82d1-4967-985a-492855cd6b8c HTTP/1.0 201 - python-swiftclient-3.11.1 gAAAAABo5rwEs0tt... - - - tx322e3be3751f4dfd91067-0068e6bcc7 - 0.0240 - - 1759952071.939903021 1759952071.963875532 0
Oct 8 19:34:31 standalone container-server[125756]: 172.20.0.100 - - [08/Oct/2025:19:34:31 +0000] "HEAD /d1/617/AUTH_6aea6f68832e41a4b7e21af8ecafd548/gnocchi.343bc4d9-82d1-4967-985a-492855cd6b8c" 204 - "HEAD http://localhost:8080/v1/AUTH_6aea6f68832e41a4b7e21af8ecafd548/gnocchi.343bc4d9-82d1-4967-985a-492855cd6b8c?format=json&states=listing" "tx88a34093a3b64df38080c-0068e6bcc7" "proxy-server 21" 0.0024 "-" 21 0
