Oct 09 21:06:43 np0005479242.novalocal proxy-server[86594]: ::1 ::1 10/Oct/2025/01/06/43 GET /v1/AUTH_7e08652c4e3e41b29e5f05d128f57ab8/gnocchi.b2b5341d-faf5-484e-9f49-103082fac198/1759320000.0_mean_300.0_v3 HTTP/1.0 404 - python-swiftclient-4.5.0 gAAAAABo6Fv-oWcl... - 70 - tx3a4f9a06b00b49c184816-0068e85c23 - 0.0380 - - 1760058403.012766838 1760058403.050748825 0
Oct 09 21:06:43 np0005479242.novalocal container-server[93569]: ::1 - - [10/Oct/2025:01:06:43 +0000] "PUT /1/4383/AUTH_7e08652c4e3e41b29e5f05d128f57ab8/gnocchi.4a4a0668-23d4-48e4-b96e-799af3217b05/none_v3" 201 - "PUT http://[::1]:8080/2/160317/AUTH_7e08652c4e3e41b29e5f05d128f57ab8/gnocchi.4a4a0668-23d4-48e4-b96e-799af3217b05/none_v3" "txe81f0cdc14cc41f4a96f2-0068e85c23" "object-server 93870" 0.0007 "-" 93569 0
Oct 09 21:06:43 np0005479242.novalocal object-server[93870]: ::1 - - [10/Oct/2025:01:06:43 +0000] "PUT /2/160317/AUTH_7e08652c4e3e41b29e5f05d128f57ab8/gnocchi.4a4a0668-23d4-48e4-b96e-799af3217b05/none_v3" 201 - "PUT http://[::1]:8080/v1/AUTH_7e08652c4e3e41b29e5f05d128f57ab8/gnocchi.4a4a0668-23d4-48e4-b96e-799af3217b05/none_v3" "txe81f0cdc14cc41f4a96f2-0068e85c23" "proxy-server 86594" 0.0094 "-" 93870 0
Oct 09 21:06:43 np0005479242.novalocal container-server[93568]: ::1 - - [10/Oct/2025:01:06:43 +0000] "PUT /3/4383/AUTH_7e08652c4e3e41b29e5f05d128f57ab8/gnocchi.4a4a0668-23d4-48e4-b96e-799af3217b05/none_v3" 201 - "PUT http://[::1]:8080/3/160317/AUTH_7e08652c4e3e41b29e5f05d128f57ab8/gnocchi.4a4a0668-23d4-48e4-b96e-799af3217b05/none_v3" "txe81f0cdc14cc41f4a96f2-0068e85c23" "object-server 93871" 0.0004 "-" 93568 0
Oct 09 21:06:43 np0005479242.novalocal object-server[93871]: ::1 - - [10/Oct/2025:01:06:43 +0000] "PUT /3/160317/AUTH_7e08652c4e3e41b29e5f05d128f57ab8/gnocchi.4a4a0668-23d4-48e4-b96e-799af3217b05/none_v3" 201 - "PUT http://[::1]:8080/v1/AUTH_7e08652c4e3e41b29e5f05d128f57ab8/gnocchi.4a4a0668-23d4-48e4-b96e-799af3217b05/none_v3" "txe81f0cdc14cc41f4a96f2-0068e85c23" "proxy-server 86594" 0.0123 "-" 93871 0
Oct 09 21:06:43 np0005479242.novalocal container-server[93568]: ::1 - - [10/Oct/2025:01:06:43 +0000] "PUT /2/4383/AUTH_7e08652c4e3e41b29e5f05d128f57ab8/gnocchi.4a4a0668-23d4-48e4-b96e-799af3217b05/none_v3" 201 - "PUT http://[::1]:8080/1/160317/AUTH_7e08652c4e3e41b29e5f05d128f57ab8/gnocchi.4a4a0668-23d4-48e4-b96e-799af3217b05/none_v3" "txe81f0cdc14cc41f4a96f2-0068e85c23" "object-server 93871" 0.0003 "-" 93568 0
Oct 09 21:06:43 np0005479242.novalocal object-server[93871]: ::1 - - [10/Oct/2025:01:06:43 +0000] "PUT /1/160317/AUTH_7e08652c4e3e41b29e5f05d128f57ab8/gnocchi.4a4a0668-23d4-48e4-b96e-799af3217b05/none_v3" 201 - "PUT http://[::1]:8080/v1/AUTH_7e08652c4e3e41b29e5f05d128f57ab8/gnocchi.4a4a0668-23d4-48e4-b96e-799af3217b05/none_v3" "txe81f0cdc14cc41f4a96f2-0068e85c23" "proxy-server 86594" 0.0143 "-" 93871 0
Oct 09 21:06:43 np0005479242.novalocal proxy-server[86594]: ::1 ::1 10/Oct/2025/01/06/43 PUT /v1/AUTH_7e08652c4e3e41b29e5f05d128f57ab8/gnocchi.4a4a0668-23d4-48e4-b96e-799af3217b05/none_v3 HTTP/1.0 201 - python-swiftclient-4.5.0 gAAAAABo6Fv-PTBu... 22 - - txe81f0cdc14cc41f4a96f2-0068e85c23 - 0.0308 - - 1760058403.033271551 1760058403.064098835 0
Oct 09 21:06:43 np0005479242.novalocal container-server[93568]: ::1 - - [10/Oct/2025:01:06:43 +0000] "HEAD /1/50108/AUTH_7e08652c4e3e41b29e5f05d128f57ab8/gnocchi.9787c78b-11a2-4a53-9bac-1de9cc118cf5" 404 - "HEAD http://[::1]:8080/v1/AUTH_7e08652c4e3e41b29e5f05d128f57ab8/gnocchi.9787c78b-11a2-4a53-9bac-1de9cc118cf5" "txd587454239e74f438b685-0068e85c23" "proxy-server 86594" 0.0002 "-" 93568 0
Oct 09 21:06:43 np0005479242.novalocal container-server[93568]: ::1 - - [10/Oct/2025:01:06:43 +0000] "HEAD /3/50108/AUTH_7e08652c4e3e41b29e5f05d128f57ab8/gnocchi.9787c78b-11a2-4a53-9bac-1de9cc118cf5" 404 - "HEAD http://[::1]:8080/v1/AUTH_7e08652c4e3e41b29e5f05d128f57ab8/gnocchi.9787c78b-11a2-4a53-9bac-1de9cc118cf5" "txd587454239e74f438b685-0068e85c23" "proxy-server 86594" 0.0002 "-" 93568 0
Oct 09 21:06:43 np0005479242.novalocal container-server[93568]: ::1 - - [10/Oct/2025:01:06:43 +0000] "PUT /3/93353/AUTH_7e08652c4e3e41b29e5f05d128f57ab8/gnocchi.b2b5341d-faf5-484e-9f49-103082fac198/1759320000.0_mean_300.0_v3" 201 - "PUT http://[::1]:8080/2/61194/AUTH_7e08652c4e3e41b29e5f05d128f57ab8/gnocchi.b2b5341d-faf5-484e-9f49-103082fac198/1759320000.0_mean_300.0_v3" "tx8dc6fb0b32de4f5ba2850-0068e85c23" "object-server 93870" 0.0005 "-" 93568 0
Oct 09 21:06:43 np0005479242.novalocal object-server[93870]: ::1 - - [10/Oct/2025:01:06:43 +0000] "PUT /2/61194/AUTH_7e08652c4e3e41b29e5f05d128f57ab8/gnocchi.b2b5341d-faf5-484e-9f49-103082fac198/1759320000.0_mean_300.0_v3" 201 - "PUT http://[::1]:8080/v1/AUTH_7e08652c4e3e41b29e5f05d128f57ab8/gnocchi.b2b5341d-faf5-484e-9f49-103082fac198/1759320000.0_mean_300.0_v3" "tx8dc6fb0b32de4f5ba2850-0068e85c23" "proxy-server 86594" 0.0235 "-" 93870 0
Oct 09 21:06:43 np0005479242.novalocal container-server[93569]: ::1 - - [10/Oct/2025:01:06:43 +0000] "PUT /1/93353/AUTH_7e08652c4e3e41b29e5f05d128f57ab8/gnocchi.b2b5341d-faf5-484e-9f49-103082fac198/1759320000.0_mean_300.0_v3" 201 - "PUT http://[::1]:8080/3/61194/AUTH_7e08652c4e3e41b29e5f05d128f57ab8/gnocchi.b2b5341d-faf5-484e-9f49-103082fac198/1759320000.0_mean_300.0_v3" "tx8dc6fb0b32de4f5ba2850-0068e85c23" "object-server 93871" 0.0008 "-" 93569 0
Oct 09 21:06:43 np0005479242.novalocal container-server[93568]: ::1 - - [10/Oct/2025:01:06:43 +0000] "HEAD /2/50108/AUTH_7e08652c4e3e41b29e5f05d128f57ab8/gnocchi.9787c78b-11a2-4a53-9bac-1de9cc118cf5" 404 - "HEAD http://[::1]:8080/v1/AUTH_7e08652c4e3e41b29e5f05d128f57ab8/gnocchi.9787c78b-11a2-4a53-9bac-1de9cc118cf5" "txd587454239e74f438b685-0068e85c23" "proxy-server 86594" 0.0002 "-" 93568 0
Oct 09 21:06:43 np0005479242.novalocal object-server[93871]: ::1 - - [10/Oct/2025:01:06:43 +0000] "PUT /3/61194/AUTH_7e08652c4e3e41b29e5f05d128f57ab8/gnocchi.b2b5341d-faf5-484e-9f49-103082fac198/1759320000.0_mean_300.0_v3" 201 - "PUT http://[::1]:8080/v1/AUTH_7e08652c4e3e41b29e5f05d128f57ab8/gnocchi.b2b5341d-faf5-484e-9f49-103082fac198/1759320000.0_mean_300.0_v3" "tx8dc6fb0b32de4f5ba2850-0068e85c23" "proxy-server 86594" 0.0237 "-" 93871 0
Oct 09 21:06:43 np0005479242.novalocal proxy-server[86594]: - - 10/Oct/2025/01/06/43 HEAD /v1/AUTH_7e08652c4e3e41b29e5f05d128f57ab8/gnocchi.9787c78b-11a2-4a53-9bac-1de9cc118cf5 HTTP/1.0 404 - Swift - - - - txd587454239e74f438b685-0068e85c23 - 0.0088 CS - 1760058403.079524040 1760058403.088309050 0
Oct 09 21:06:43 np0005479242.novalocal container-server[93568]: ::1 - - [10/Oct/2025:01:06:43 +0000] "PUT /2/93353/AUTH_7e08652c4e3e41b29e5f05d128f57ab8/gnocchi.b2b5341d-faf5-484e-9f49-103082fac198/1759320000.0_mean_300.0_v3" 201 - "PUT http://[::1]:8080/1/61194/AUTH_7e08652c4e3e41b29e5f05d128f57ab8/gnocchi.b2b5341d-faf5-484e-9f49-103082fac198/1759320000.0_mean_300.0_v3" "tx8dc6fb0b32de4f5ba2850-0068e85c23" "object-server 93870" 0.0004 "-" 93568 0
Oct 09 21:06:43 np0005479242.novalocal object-server[93870]: ::1 - - [10/Oct/2025:01:06:43 +0000] "PUT /1/61194/AUTH_7e08652c4e3e41b29e5f05d128f57ab8/gnocchi.b2b5341d-faf5-484e-9f49-103082fac198/1759320000.0_mean_300.0_v3" 201 - "PUT http://[::1]:8080/v1/AUTH_7e08652c4e3e41b29e5f05d128f57ab8/gnocchi.b2b5341d-faf5-484e-9f49-103082fac198/1759320000.0_mean_300.0_v3" "tx8dc6fb0b32de4f5ba2850-0068e85c23" "proxy-server 86594" 0.0243 "-" 93870 0
Oct 09 21:06:43 np0005479242.novalocal proxy-server[86594]: ::1 ::1 10/Oct/2025/01/06/43 PUT /v1/AUTH_7e08652c4e3e41b29e5f05d128f57ab8/gnocchi.b2b5341d-faf5-484e-9f49-103082fac198/1759320000.0_mean_300.0_v3 HTTP/1.0 201 - python-swiftclient-4.5.0 gAAAAABo6Fv-oWcl... 16 - - tx8dc6fb0b32de4f5ba2850-0068e85c23 - 0.0382 - - 1760058403.054519892 1760058403.092755556 0
Oct 09 21:06:43 np0005479242.novalocal object-server[93870]: ::1 - - [10/Oct/2025:01:06:43 +0000] "GET /2/76072/AUTH_7e08652c4e3e41b29e5f05d128f57ab8/gnocchi.9787c78b-11a2-4a53-9bac-1de9cc118cf5/none_v3" 404 70 "GET http://[::1]:8080/v1/AUTH_7e08652c4e3e41b29e5f05d128f57ab8/gnocchi.9787c78b-11a2-4a53-9bac-1de9cc118cf5/none_v3" "txd587454239e74f438b685-0068e85c23" "proxy-server 86594" 0.0002 "-" 93870 0
Oct 09 21:06:43 np0005479242.novalocal object-server[93871]: ::1 - - [10/Oct/2025:01:06:43 +0000] "GET /3/76072/AUTH_7e08652c4e3e41b29e5f05d128f57ab8/gnocchi.9787c78b-11a2-4a53-9bac-1de9cc118cf5/none_v3" 404 70 "GET http://[::1]:8080/v1/AUTH_7e08652c4e3e41b29e5f05d128f57ab8/gnocchi.9787c78b-11a2-4a53-9bac-1de9cc118cf5/none_v3" "txd587454239e74f438b685-0068e85c23" "proxy-server 86594" 0.0002 "-" 93871 0
Oct 09 21:06:43 np0005479242.novalocal object-server[93871]: ::1 - - [10/Oct/2025:01:06:43 +0000] "GET /1/76072/AUTH_7e08652c4e3e41b29e5f05d128f57ab8/gnocchi.9787c78b-11a2-4a53-9bac-1de9cc118cf5/none_v3" 404 70 "GET http://[::1]:8080/v1/AUTH_7e08652c4e3e41b29e5f05d128f57ab8/gnocchi.9787c78b-11a2-4a53-9bac-1de9cc118cf5/none_v3" "txd587454239e74f438b685-0068e85c23" "proxy-server 86594" 0.0003 "-" 93871 0
Oct 09 21:06:43 np0005479242.novalocal proxy-server[86594]: ::1 ::1 10/Oct/2025/01/06/43 GET /v1/AUTH_7e08652c4e3e41b29e5f05d128f57ab8/gnocchi.9787c78b-11a2-4a53-9bac-1de9cc118cf5/none_v3 HTTP/1.0 404 - python-swiftclient-4.5.0 gAAAAABo6Fv-PTBu... - 70 - txd587454239e74f438b685-0068e85c23 - 0.0281 - - 1760058403.078564167 1760058403.106689453 0
Oct 09 21:06:43 np0005479242.novalocal container-server[93569]: ::1 - - [10/Oct/2025:01:06:43 +0000] "PUT /3/93353/AUTH_7e08652c4e3e41b29e5f05d128f57ab8/gnocchi.b2b5341d-faf5-484e-9f49-103082fac198/none_v3" 201 - "PUT http://[::1]:8080/1/221768/AUTH_7e08652c4e3e41b29e5f05d128f57ab8/gnocchi.b2b5341d-faf5-484e-9f49-103082fac198/none_v3" "tx06fb08bd3b5a4993a0112-0068e85c23" "object-server 93870" 0.0009 "-" 93569 0
Oct 09 21:06:43 np0005479242.novalocal object-server[93870]: ::1 - - [10/Oct/2025:01:06:43 +0000] "PUT /1/221768/AUTH_7e08652c4e3e41b29e5f05d128f57ab8/gnocchi.b2b5341d-faf5-484e-9f49-103082fac198/none_v3" 201 - "PUT http://[::1]:8080/v1/AUTH_7e08652c4e3e41b29e5f05d128f57ab8/gnocchi.b2b5341d-faf5-484e-9f49-103082fac198/none_v3" "tx06fb08bd3b5a4993a0112-0068e85c23" "proxy-server 86594" 0.0187 "-" 93870 0
Oct 09 21:06:43 np0005479242.novalocal container-server[93569]: ::1 - - [10/Oct/2025:01:06:43 +0000] "PUT /1/93353/AUTH_7e08652c4e3e41b29e5f05d128f57ab8/gnocchi.b2b5341d-faf5-484e-9f49-103082fac198/none_v3" 201 - "PUT http://[::1]:8080/2/221768/AUTH_7e08652c4e3e41b29e5f05d128f57ab8/gnocchi.b2b5341d-faf5-484e-9f49-103082fac198/none_v3" "tx06fb08bd3b5a4993a0112-0068e85c23" "object-server 93870" 0.0004 "-" 93569 0
Oct 09 21:06:43 np0005479242.novalocal object-server[93870]: ::1 - - [10/Oct/2025:01:06:43 +0000] "PUT /2/221768/AUTH_7e08652c4e3e41b29e5f05d128f57ab8/gnocchi.b2b5341d-faf5-484e-9f49-103082fac198/none_v3" 201 - "PUT http://[::1]:8080/v1/AUTH_7e08652c4e3e41b29e5f05d128f57ab8/gnocchi.b2b5341d-faf5-484e-9f49-103082fac198/none_v3" "tx06fb08bd3b5a4993a0112-0068e85c23" "proxy-server 86594" 0.0190 "-" 93870 0
Oct 09 21:06:43 np0005479242.novalocal container-server[93568]: ::1 - - [10/Oct/2025:01:06:43 +0000] "PUT /2/93353/AUTH_7e08652c4e3e41b29e5f05d128f57ab8/gnocchi.b2b5341d-faf5-484e-9f49-103082fac198/none_v3" 201 - "PUT http://[::1]:8080/3/221768/AUTH_7e08652c4e3e41b29e5f05d128f57ab8/gnocchi.b2b5341d-faf5-484e-9f49-103082fac198/none_v3" "tx06fb08bd3b5a4993a0112-0068e85c23" "object-server 93870" 0.0006 "-" 93568 0
Oct 09 21:06:43 np0005479242.novalocal object-server[93870]: ::1 - - [10/Oct/2025:01:06:43 +0000] "PUT /3/221768/AUTH_7e08652c4e3e41b29e5f05d128f57ab8/gnocchi.b2b5341d-faf5-484e-9f49-103082fac198/none_v3" 201 - "PUT http://[::1]:8080/v1/AUTH_7e08652c4e3e41b29e5f05d128f57ab8/gnocchi.b2b5341d-faf5-484e-9f49-103082fac198/none_v3" "tx06fb08bd3b5a4993a0112-0068e85c23" "proxy-server 86594" 0.0369 "-" 93870 0
Oct 09 21:06:43 np0005479242.novalocal proxy-server[86594]: ::1 ::1 10/Oct/2025/01/06/43 PUT /v1/AUTH_7e08652c4e3e41b29e5f05d128f57ab8/gnocchi.b2b5341d-faf5-484e-9f49-103082fac198/none_v3 HTTP/1.0 201 - python-swiftclient-4.5.0 gAAAAABo6Fv-oWcl... 22 - - tx06fb08bd3b5a4993a0112-0068e85c23 - 0.0463 - - 1760058403.095591068 1760058403.141892672 0
Oct 09 21:06:43 np0005479242.novalocal account-server[93271]: ::1 - - [10/Oct/2025:01:06:43 +0000] "PUT /2/130220/AUTH_7e08652c4e3e41b29e5f05d128f57ab8/gnocchi.9787c78b-11a2-4a53-9bac-1de9cc118cf5" 201 - "PUT http://[::1]:6001/3/50108/AUTH_7e08652c4e3e41b29e5f05d128f57ab8/gnocchi.9787c78b-11a2-4a53-9bac-1de9cc118cf5" "txa37feeb9e26045269ce8a-0068e85c23" "container-server 93568" 0.0043 "-" 93271 0
Oct 09 21:06:43 np0005479242.novalocal container-server[93568]: ::1 - - [10/Oct/2025:01:06:43 +0000] "PUT /3/50108/AUTH_7e08652c4e3e41b29e5f05d128f57ab8/gnocchi.9787c78b-11a2-4a53-9bac-1de9cc118cf5" 201 - "PUT http://[::1]:8080/v1/AUTH_7e08652c4e3e41b29e5f05d128f57ab8/gnocchi.9787c78b-11a2-4a53-9bac-1de9cc118cf5" "txa37feeb9e26045269ce8a-0068e85c23" "proxy-server 86594" 0.0302 "-" 93568 0
Oct 09 21:06:43 np0005479242.novalocal account-server[93271]: ::1 - - [10/Oct/2025:01:06:43 +0000] "PUT /1/130220/AUTH_7e08652c4e3e41b29e5f05d128f57ab8/gnocchi.9787c78b-11a2-4a53-9bac-1de9cc118cf5" 201 - "PUT http://[::1]:6001/2/50108/AUTH_7e08652c4e3e41b29e5f05d128f57ab8/gnocchi.9787c78b-11a2-4a53-9bac-1de9cc118cf5" "txa37feeb9e26045269ce8a-0068e85c23" "container-server 93568" 0.0066 "-" 93271 0
Oct 09 21:06:43 np0005479242.novalocal container-server[93568]: ::1 - - [10/Oct/2025:01:06:43 +0000] "PUT /2/50108/AUTH_7e08652c4e3e41b29e5f05d128f57ab8/gnocchi.9787c78b-11a2-4a53-9bac-1de9cc118cf5" 201 - "PUT http://[::1]:8080/v1/AUTH_7e08652c4e3e41b29e5f05d128f57ab8/gnocchi.9787c78b-11a2-4a53-9bac-1de9cc118cf5" "txa37feeb9e26045269ce8a-0068e85c23" "proxy-server 86594" 0.0303 "-" 93568 0
Oct 09 21:06:43 np0005479242.novalocal account-server[93271]: ::1 - - [10/Oct/2025:01:06:43 +0000] "PUT /3/130220/AUTH_7e08652c4e3e41b29e5f05d128f57ab8/gnocchi.9787c78b-11a2-4a53-9bac-1de9cc118cf5" 201 - "PUT http://[::1]:6001/1/50108/AUTH_7e08652c4e3e41b29e5f05d128f57ab8/gnocchi.9787c78b-11a2-4a53-9bac-1de9cc118cf5" "txa37feeb9e26045269ce8a-0068e85c23" "container-server 93568" 0.0094 "-" 93271 0
Oct 09 21:06:43 np0005479242.novalocal container-server[93568]: ::1 - - [10/Oct/2025:01:06:43 +0000] "PUT /1/50108/AUTH_7e08652c4e3e41b29e5f05d128f57ab8/gnocchi.9787c78b-11a2-4a53-9bac-1de9cc118cf5" 201 - "PUT http://[::1]:8080/v1/AUTH_7e08652c4e3e41b29e5f05d128f57ab8/gnocchi.9787c78b-11a2-4a53-9bac-1de9cc118cf5" "txa37feeb9e26045269ce8a-0068e85c23" "proxy-server 86594" 0.0321 "-" 93568 0
Oct 09 21:06:43 np0005479242.novalocal proxy-server[86594]: ::1 ::1 10/Oct/2025/01/06/43 PUT /v1/AUTH_7e08652c4e3e41b29e5f05d128f57ab8/gnocchi.9787c78b-11a2-4a53-9bac-1de9cc118cf5 HTTP/1.0 201 - python-swiftclient-4.5.0 gAAAAABo6Fv-PTBu... - - - txa37feeb9e26045269ce8a-0068e85c23 - 0.0558 - - 1760058403.108945608 1760058403.164697886 0
Oct 09 21:06:43 np0005479242.novalocal container-server[93569]: ::1 - - [10/Oct/2025:01:06:43 +0000] "HEAD /3/50108/AUTH_7e08652c4e3e41b29e5f05d128f57ab8/gnocchi.9787c78b-11a2-4a53-9bac-1de9cc118cf5" 204 - "HEAD http://[::1]:8080/v1/AUTH_7e08652c4e3e41b29e5f05d128f57ab8/gnocchi.9787c78b-11a2-4a53-9bac-1de9cc118cf5" "txb131aebbfcd247c2baf16-0068e85c23" "proxy-server 86594" 0.0014 "-" 93569 0
Oct 09 21:06:43 np0005479242.novalocal container-server[93569]: ::1 - - [10/Oct/2025:01:06:43 +0000] "HEAD /3/150917/AUTH_7e08652c4e3e41b29e5f05d128f57ab8/gnocchi.4d3d5694-e8b1-40b7-9081-aea4c0677cf1" 404 - "HEAD http://[::1]:8080/v1/AUTH_7e08652c4e3e41b29e5f05d128f57ab8/gnocchi.4d3d5694-e8b1-40b7-9081-aea4c0677cf1" "txbb8304f694ea42a9abc2a-0068e85c23" "proxy-server 86594" 0.0002 "-" 93569 0
Oct 09 21:06:43 np0005479242.novalocal proxy-server[86594]: - - 10/Oct/2025/01/06/43 HEAD /v1/AUTH_7e08652c4e3e41b29e5f05d128f57ab8/gnocchi.9787c78b-11a2-4a53-9bac-1de9cc118cf5 HTTP/1.0 204 - Swift - - - - txb131aebbfcd247c2baf16-0068e85c23 - 0.0063 CS - 1760058403.169524193 1760058403.175835848 0
Oct 09 21:06:43 np0005479242.novalocal container-server[93569]: ::1 - - [10/Oct/2025:01:06:43 +0000] "GET /1/50108/AUTH_7e08652c4e3e41b29e5f05d128f57ab8/gnocchi.9787c78b-11a2-4a53-9bac-1de9cc118cf5" 200 2 "GET http://[::1]:8080/v1/AUTH_7e08652c4e3e41b29e5f05d128f57ab8/gnocchi.9787c78b-11a2-4a53-9bac-1de9cc118cf5?format=json&states=listing" "txb131aebbfcd247c2baf16-0068e85c23" "proxy-server 86594" 0.0021 "-" 93569 0
Oct 09 21:06:43 np0005479242.novalocal container-server[93569]: ::1 - - [10/Oct/2025:01:06:43 +0000] "HEAD /1/150917/AUTH_7e08652c4e3e41b29e5f05d128f57ab8/gnocchi.4d3d5694-e8b1-40b7-9081-aea4c0677cf1" 404 - "HEAD http://[::1]:8080/v1/AUTH_7e08652c4e3e41b29e5f05d128f57ab8/gnocchi.4d3d5694-e8b1-40b7-9081-aea4c0677cf1" "txbb8304f694ea42a9abc2a-0068e85c23" "proxy-server 86594" 0.0002 "-" 93569 0
Oct 09 21:06:43 np0005479242.novalocal proxy-server[86594]: ::1 ::1 10/Oct/2025/01/06/43 GET /v1/AUTH_7e08652c4e3e41b29e5f05d128f57ab8/gnocchi.9787c78b-11a2-4a53-9bac-1de9cc118cf5%3Fformat%3Djson%26states%3Dlisting HTTP/1.0 200 - python-swiftclient-4.5.0 gAAAAABo6Fv-PTBu... - 2 - txb131aebbfcd247c2baf16-0068e85c23 - 0.0171 - - 1760058403.168315649 1760058403.185425520 0
Oct 09 21:06:43 np0005479242.novalocal container-server[93569]: ::1 - - [10/Oct/2025:01:06:43 +0000] "HEAD /2/150917/AUTH_7e08652c4e3e41b29e5f05d128f57ab8/gnocchi.4d3d5694-e8b1-40b7-9081-aea4c0677cf1" 404 - "HEAD http://[::1]:8080/v1/AUTH_7e08652c4e3e41b29e5f05d128f57ab8/gnocchi.4d3d5694-e8b1-40b7-9081-aea4c0677cf1" "txbb8304f694ea42a9abc2a-0068e85c23" "proxy-server 86594" 0.0002 "-" 93569 0
Oct 09 21:06:43 np0005479242.novalocal object-server[93871]: ::1 - - [10/Oct/2025:01:06:43 +0000] "GET /2/259602/AUTH_7e08652c4e3e41b29e5f05d128f57ab8/gnocchi.9787c78b-11a2-4a53-9bac-1de9cc118cf5/1759320000.0_mean_300.0_v3" 404 70 "GET http://[::1]:8080/v1/AUTH_7e08652c4e3e41b29e5f05d128f57ab8/gnocchi.9787c78b-11a2-4a53-9bac-1de9cc118cf5/1759320000.0_mean_300.0_v3" "txbf9032eb58204b7a8ae6c-0068e85c23" "proxy-server 86594" 0.0004 "-" 93871 0
Oct 09 21:06:43 np0005479242.novalocal proxy-server[86594]: - - 10/Oct/2025/01/06/43 HEAD /v1/AUTH_7e08652c4e3e41b29e5f05d128f57ab8/gnocchi.4d3d5694-e8b1-40b7-9081-aea4c0677cf1 HTTP/1.0 404 - Swift - - - - txbb8304f694ea42a9abc2a-0068e85c23 - 0.0255 CS - 1760058403.170698643 1760058403.196156502 0
Oct 09 21:06:43 np0005479242.novalocal object-server[93871]: ::1 - - [10/Oct/2025:01:06:43 +0000] "GET /2/82743/AUTH_7e08652c4e3e41b29e5f05d128f57ab8/gnocchi.4d3d5694-e8b1-40b7-9081-aea4c0677cf1/none_v3" 404 70 "GET http://[::1]:8080/v1/AUTH_7e08652c4e3e41b29e5f05d128f57ab8/gnocchi.4d3d5694-e8b1-40b7-9081-aea4c0677cf1/none_v3" "txbb8304f694ea42a9abc2a-0068e85c23" "proxy-server 86594" 0.0003 "-" 93871 0
Oct 09 21:06:43 np0005479242.novalocal object-server[93870]: ::1 - - [10/Oct/2025:01:06:43 +0000] "GET /3/259602/AUTH_7e08652c4e3e41b29e5f05d128f57ab8/gnocchi.9787c78b-11a2-4a53-9bac-1de9cc118cf5/1759320000.0_mean_300.0_v3" 404 70 "GET http://[::1]:8080/v1/AUTH_7e08652c4e3e41b29e5f05d128f57ab8/gnocchi.9787c78b-11a2-4a53-9bac-1de9cc118cf5/1759320000.0_mean_300.0_v3" "txbf9032eb58204b7a8ae6c-0068e85c23" "proxy-server 86594" 0.0027 "-" 93870 0
Oct 09 21:06:43 np0005479242.novalocal object-server[93871]: ::1 - - [10/Oct/2025:01:06:43 +0000] "GET /1/259602/AUTH_7e08652c4e3e41b29e5f05d128f57ab8/gnocchi.9787c78b-11a2-4a53-9bac-1de9cc118cf5/1759320000.0_mean_300.0_v3" 404 70 "GET http://[::1]:8080/v1/AUTH_7e08652c4e3e41b29e5f05d128f57ab8/gnocchi.9787c78b-11a2-4a53-9bac-1de9cc118cf5/1759320000.0_mean_300.0_v3" "txbf9032eb58204b7a8ae6c-0068e85c23" "proxy-server 86594" 0.0004 "-" 93871 0
Oct 09 21:06:43 np0005479242.novalocal proxy-server[86594]: ::1 ::1 10/Oct/2025/01/06/43 GET /v1/AUTH_7e08652c4e3e41b29e5f05d128f57ab8/gnocchi.9787c78b-11a2-4a53-9bac-1de9cc118cf5/1759320000.0_mean_300.0_v3 HTTP/1.0 404 - python-swiftclient-4.5.0 gAAAAABo6Fv-PTBu... - 70 - txbf9032eb58204b7a8ae6c-0068e85c23 - 0.0161 - - 1760058403.189245701 1760058403.205325365 0
Oct 09 21:06:43 np0005479242.novalocal object-server[93870]: ::1 - - [10/Oct/2025:01:06:43 +0000] "GET /1/82743/AUTH_7e08652c4e3e41b29e5f05d128f57ab8/gnocchi.4d3d5694-e8b1-40b7-9081-aea4c0677cf1/none_v3" 404 70 "GET http://[::1]:8080/v1/AUTH_7e08652c4e3e41b29e5f05d128f57ab8/gnocchi.4d3d5694-e8b1-40b7-9081-aea4c0677cf1/none_v3" "txbb8304f694ea42a9abc2a-0068e85c23" "proxy-server 86594" 0.0004 "-" 93870 0
Oct 09 21:06:43 np0005479242.novalocal object-server[93870]: ::1 - - [10/Oct/2025:01:06:43 +0000] "GET /3/82743/AUTH_7e08652c4e3e41b29e5f05d128f57ab8/gnocchi.4d3d5694-e8b1-40b7-9081-aea4c0677cf1/none_v3" 404 70 "GET http://[::1]:8080/v1/AUTH_7e08652c4e3e41b29e5f05d128f57ab8/gnocchi.4d3d5694-e8b1-40b7-9081-aea4c0677cf1/none_v3" "txbb8304f694ea42a9abc2a-0068e85c23" "proxy-server 86594" 0.0004 "-" 93870 0
Oct 09 21:06:43 np0005479242.novalocal proxy-server[86594]: ::1 ::1 10/Oct/2025/01/06/43 GET /v1/AUTH_7e08652c4e3e41b29e5f05d128f57ab8/gnocchi.4d3d5694-e8b1-40b7-9081-aea4c0677cf1/none_v3 HTTP/1.0 404 - python-swiftclient-4.5.0 gAAAAABo6Fv-oWcl... - 70 - txbb8304f694ea42a9abc2a-0068e85c23 - 0.0508 - - 1760058403.168900251 1760058403.219670296 0
Oct 09 21:06:43 np0005479242.novalocal account-server[93271]: ::1 - - [10/Oct/2025:01:06:43 +0000] "PUT /2/130220/AUTH_7e08652c4e3e41b29e5f05d128f57ab8/gnocchi.4d3d5694-e8b1-40b7-9081-aea4c0677cf1" 201 - "PUT http://[::1]:6001/1/150917/AUTH_7e08652c4e3e41b29e5f05d128f57ab8/gnocchi.4d3d5694-e8b1-40b7-9081-aea4c0677cf1" "tx5680206cd9024bdb98cbf-0068e85c23" "container-server 93568" 0.0068 "-" 93271 0
Oct 09 21:06:43 np0005479242.novalocal container-server[93568]: ::1 - - [10/Oct/2025:01:06:43 +0000] "PUT /1/150917/AUTH_7e08652c4e3e41b29e5f05d128f57ab8/gnocchi.4d3d5694-e8b1-40b7-9081-aea4c0677cf1" 201 - "PUT http://[::1]:8080/v1/AUTH_7e08652c4e3e41b29e5f05d128f57ab8/gnocchi.4d3d5694-e8b1-40b7-9081-aea4c0677cf1" "tx5680206cd9024bdb98cbf-0068e85c23" "proxy-server 86594" 0.0171 "-" 93568 0
Oct 09 21:06:43 np0005479242.novalocal container-server[93569]: ::1 - - [10/Oct/2025:01:06:43 +0000] "PUT /3/50108/AUTH_7e08652c4e3e41b29e5f05d128f57ab8/gnocchi.9787c78b-11a2-4a53-9bac-1de9cc118cf5/1759320000.0_mean_300.0_v3" 201 - "PUT http://[::1]:8080/2/259602/AUTH_7e08652c4e3e41b29e5f05d128f57ab8/gnocchi.9787c78b-11a2-4a53-9bac-1de9cc118cf5/1759320000.0_mean_300.0_v3" "txcf97dab53da44affb2bbe-0068e85c23" "object-server 93871" 0.0006 "-" 93569 0
Oct 09 21:06:43 np0005479242.novalocal container-server[93569]: ::1 - - [10/Oct/2025:01:06:43 +0000] "PUT /2/50108/AUTH_7e08652c4e3e41b29e5f05d128f57ab8/gnocchi.9787c78b-11a2-4a53-9bac-1de9cc118cf5/1759320000.0_mean_300.0_v3" 201 - "PUT http://[::1]:8080/1/259602/AUTH_7e08652c4e3e41b29e5f05d128f57ab8/gnocchi.9787c78b-11a2-4a53-9bac-1de9cc118cf5/1759320000.0_mean_300.0_v3" "txcf97dab53da44affb2bbe-0068e85c23" "object-server 93870" 0.0005 "-" 93569 0
Oct 09 21:06:43 np0005479242.novalocal object-server[93871]: ::1 - - [10/Oct/2025:01:06:43 +0000] "PUT /2/259602/AUTH_7e08652c4e3e41b29e5f05d128f57ab8/gnocchi.9787c78b-11a2-4a53-9bac-1de9cc118cf5/1759320000.0_mean_300.0_v3" 201 - "PUT http://[::1]:8080/v1/AUTH_7e08652c4e3e41b29e5f05d128f57ab8/gnocchi.9787c78b-11a2-4a53-9bac-1de9cc118cf5/1759320000.0_mean_300.0_v3" "txcf97dab53da44affb2bbe-0068e85c23" "proxy-server 86594" 0.0494 "-" 93871 0
Oct 09 21:06:43 np0005479242.novalocal container-server[93569]: ::1 - - [10/Oct/2025:01:06:43 +0000] "PUT /1/50108/AUTH_7e08652c4e3e41b29e5f05d128f57ab8/gnocchi.9787c78b-11a2-4a53-9bac-1de9cc118cf5/1759320000.0_mean_300.0_v3" 201 - "PUT http://[::1]:8080/3/259602/AUTH_7e08652c4e3e41b29e5f05d128f57ab8/gnocchi.9787c78b-11a2-4a53-9bac-1de9cc118cf5/1759320000.0_mean_300.0_v3" "txcf97dab53da44affb2bbe-0068e85c23" "object-server 93870" 0.0006 "-" 93569 0
Oct 09 21:06:43 np0005479242.novalocal object-server[93870]: ::1 - - [10/Oct/2025:01:06:43 +0000] "PUT /1/259602/AUTH_7e08652c4e3e41b29e5f05d128f57ab8/gnocchi.9787c78b-11a2-4a53-9bac-1de9cc118cf5/1759320000.0_mean_300.0_v3" 201 - "PUT http://[::1]:8080/v1/AUTH_7e08652c4e3e41b29e5f05d128f57ab8/gnocchi.9787c78b-11a2-4a53-9bac-1de9cc118cf5/1759320000.0_mean_300.0_v3" "txcf97dab53da44affb2bbe-0068e85c23" "proxy-server 86594" 0.0452 "-" 93870 0
Oct 09 21:06:43 np0005479242.novalocal object-server[93870]: ::1 - - [10/Oct/2025:01:06:43 +0000] "PUT /3/259602/AUTH_7e08652c4e3e41b29e5f05d128f57ab8/gnocchi.9787c78b-11a2-4a53-9bac-1de9cc118cf5/1759320000.0_mean_300.0_v3" 201 - "PUT http://[::1]:8080/v1/AUTH_7e08652c4e3e41b29e5f05d128f57ab8/gnocchi.9787c78b-11a2-4a53-9bac-1de9cc118cf5/1759320000.0_mean_300.0_v3" "txcf97dab53da44affb2bbe-0068e85c23" "proxy-server 86594" 0.0441 "-" 93870 0
Oct 09 21:06:43 np0005479242.novalocal proxy-server[86594]: ::1 ::1 10/Oct/2025/01/06/43 PUT /v1/AUTH_7e08652c4e3e41b29e5f05d128f57ab8/gnocchi.9787c78b-11a2-4a53-9bac-1de9cc118cf5/1759320000.0_mean_300.0_v3 HTTP/1.0 201 - python-swiftclient-4.5.0 gAAAAABo6Fv-PTBu... 16 - - txcf97dab53da44affb2bbe-0068e85c23 - 0.0637 - - 1760058403.209098816 1760058403.272842407 0
Oct 09 21:06:43 np0005479242.novalocal account-server[93271]: ::1 - - [10/Oct/2025:01:06:43 +0000] "PUT /1/130220/AUTH_7e08652c4e3e41b29e5f05d128f57ab8/gnocchi.4d3d5694-e8b1-40b7-9081-aea4c0677cf1" 201 - "PUT http://[::1]:6001/3/150917/AUTH_7e08652c4e3e41b29e5f05d128f57ab8/gnocchi.4d3d5694-e8b1-40b7-9081-aea4c0677cf1" "tx5680206cd9024bdb98cbf-0068e85c23" "container-server 93569" 0.0043 "-" 93271 0
Oct 09 21:06:43 np0005479242.novalocal container-server[93569]: ::1 - - [10/Oct/2025:01:06:43 +0000] "PUT /3/150917/AUTH_7e08652c4e3e41b29e5f05d128f57ab8/gnocchi.4d3d5694-e8b1-40b7-9081-aea4c0677cf1" 201 - "PUT http://[::1]:8080/v1/AUTH_7e08652c4e3e41b29e5f05d128f57ab8/gnocchi.4d3d5694-e8b1-40b7-9081-aea4c0677cf1" "tx5680206cd9024bdb98cbf-0068e85c23" "proxy-server 86594" 0.0432 "-" 93569 0
Oct 09 21:06:43 np0005479242.novalocal account-server[93271]: ::1 - - [10/Oct/2025:01:06:43 +0000] "PUT /3/130220/AUTH_7e08652c4e3e41b29e5f05d128f57ab8/gnocchi.4d3d5694-e8b1-40b7-9081-aea4c0677cf1" 201 - "PUT http://[::1]:6001/2/150917/AUTH_7e08652c4e3e41b29e5f05d128f57ab8/gnocchi.4d3d5694-e8b1-40b7-9081-aea4c0677cf1" "tx5680206cd9024bdb98cbf-0068e85c23" "container-server 93569" 0.0043 "-" 93271 0
Oct 09 21:06:43 np0005479242.novalocal container-server[93569]: ::1 - - [10/Oct/2025:01:06:43 +0000] "PUT /2/150917/AUTH_7e08652c4e3e41b29e5f05d128f57ab8/gnocchi.4d3d5694-e8b1-40b7-9081-aea4c0677cf1" 201 - "PUT http://[::1]:8080/v1/AUTH_7e08652c4e3e41b29e5f05d128f57ab8/gnocchi.4d3d5694-e8b1-40b7-9081-aea4c0677cf1" "tx5680206cd9024bdb98cbf-0068e85c23" "proxy-server 86594" 0.0296 "-" 93569 0
Oct 09 21:06:43 np0005479242.novalocal proxy-server[86594]: ::1 ::1 10/Oct/2025/01/06/43 PUT /v1/AUTH_7e08652c4e3e41b29e5f05d128f57ab8/gnocchi.4d3d5694-e8b1-40b7-9081-aea4c0677cf1 HTTP/1.0 201 - python-swiftclient-4.5.0 gAAAAABo6Fv-oWcl... - - - tx5680206cd9024bdb98cbf-0068e85c23 - 0.0618 - - 1760058403.222709417 1760058403.284516335 0
Oct 09 21:06:43 np0005479242.novalocal container-server[93568]: ::1 - - [10/Oct/2025:01:06:43 +0000] "HEAD /1/150917/AUTH_7e08652c4e3e41b29e5f05d128f57ab8/gnocchi.4d3d5694-e8b1-40b7-9081-aea4c0677cf1" 204 - "HEAD http://[::1]:8080/v1/AUTH_7e08652c4e3e41b29e5f05d128f57ab8/gnocchi.4d3d5694-e8b1-40b7-9081-aea4c0677cf1" "tx029d7d66ea86454dacac9-0068e85c23" "proxy-server 86594" 0.0011 "-" 93568 0
Oct 09 21:06:43 np0005479242.novalocal proxy-server[86594]: - - 10/Oct/2025/01/06/43 HEAD /v1/AUTH_7e08652c4e3e41b29e5f05d128f57ab8/gnocchi.4d3d5694-e8b1-40b7-9081-aea4c0677cf1 HTTP/1.0 204 - Swift - - - - tx029d7d66ea86454dacac9-0068e85c23 - 0.0044 CS - 1760058403.287773371 1760058403.292171240 0
Oct 09 21:06:43 np0005479242.novalocal container-server[93569]: ::1 - - [10/Oct/2025:01:06:43 +0000] "GET /1/150917/AUTH_7e08652c4e3e41b29e5f05d128f57ab8/gnocchi.4d3d5694-e8b1-40b7-9081-aea4c0677cf1" 200 2 "GET http://[::1]:8080/v1/AUTH_7e08652c4e3e41b29e5f05d128f57ab8/gnocchi.4d3d5694-e8b1-40b7-9081-aea4c0677cf1?format=json&states=listing" "tx029d7d66ea86454dacac9-0068e85c23" "proxy-server 86594" 0.0034 "-" 93569 0
Oct 09 21:06:43 np0005479242.novalocal proxy-server[86594]: ::1 ::1 10/Oct/2025/01/06/43 GET /v1/AUTH_7e08652c4e3e41b29e5f05d128f57ab8/gnocchi.4d3d5694-e8b1-40b7-9081-aea4c0677cf1%3Fformat%3Djson%26states%3Dlisting HTTP/1.0 200 - python-swiftclient-4.5.0 gAAAAABo6Fv-oWcl... - 2 - tx029d7d66ea86454dacac9-0068e85c23 - 0.0151 - - 1760058403.287147760 1760058403.302295446 0
Oct 09 21:06:43 np0005479242.novalocal container-server[93568]: ::1 - - [10/Oct/2025:01:06:43 +0000] "PUT /2/50108/AUTH_7e08652c4e3e41b29e5f05d128f57ab8/gnocchi.9787c78b-11a2-4a53-9bac-1de9cc118cf5/none_v3" 201 - "PUT http://[::1]:8080/2/76072/AUTH_7e08652c4e3e41b29e5f05d128f57ab8/gnocchi.9787c78b-11a2-4a53-9bac-1de9cc118cf5/none_v3" "tx246cc8a051344b5386a3f-0068e85c23" "object-server 93871" 0.0007 "-" 93568 0
Oct 09 21:06:43 np0005479242.novalocal object-server[93871]: ::1 - - [10/Oct/2025:01:06:43 +0000] "PUT /2/76072/AUTH_7e08652c4e3e41b29e5f05d128f57ab8/gnocchi.9787c78b-11a2-4a53-9bac-1de9cc118cf5/none_v3" 201 - "PUT http://[::1]:8080/v1/AUTH_7e08652c4e3e41b29e5f05d128f57ab8/gnocchi.9787c78b-11a2-4a53-9bac-1de9cc118cf5/none_v3" "tx246cc8a051344b5386a3f-0068e85c23" "proxy-server 86594" 0.0322 "-" 93871 0
Oct 09 21:06:43 np0005479242.novalocal container-server[93568]: ::1 - - [10/Oct/2025:01:06:43 +0000] "PUT /1/50108/AUTH_7e08652c4e3e41b29e5f05d128f57ab8/gnocchi.9787c78b-11a2-4a53-9bac-1de9cc118cf5/none_v3" 201 - "PUT http://[::1]:8080/1/76072/AUTH_7e08652c4e3e41b29e5f05d128f57ab8/gnocchi.9787c78b-11a2-4a53-9bac-1de9cc118cf5/none_v3" "tx246cc8a051344b5386a3f-0068e85c23" "object-server 93871" 0.0006 "-" 93568 0
Oct 09 21:06:43 np0005479242.novalocal object-server[93871]: ::1 - - [10/Oct/2025:01:06:43 +0000] "PUT /1/76072/AUTH_7e08652c4e3e41b29e5f05d128f57ab8/gnocchi.9787c78b-11a2-4a53-9bac-1de9cc118cf5/none_v3" 201 - "PUT http://[::1]:8080/v1/AUTH_7e08652c4e3e41b29e5f05d128f57ab8/gnocchi.9787c78b-11a2-4a53-9bac-1de9cc118cf5/none_v3" "tx246cc8a051344b5386a3f-0068e85c23" "proxy-server 86594" 0.0324 "-" 93871 0
Oct 09 21:06:43 np0005479242.novalocal container-server[93569]: ::1 - - [10/Oct/2025:01:06:43 +0000] "PUT /3/50108/AUTH_7e08652c4e3e41b29e5f05d128f57ab8/gnocchi.9787c78b-11a2-4a53-9bac-1de9cc118cf5/none_v3" 201 - "PUT http://[::1]:8080/3/76072/AUTH_7e08652c4e3e41b29e5f05d128f57ab8/gnocchi.9787c78b-11a2-4a53-9bac-1de9cc118cf5/none_v3" "tx246cc8a051344b5386a3f-0068e85c23" "object-server 93870" 0.0007 "-" 93569 0
Oct 09 21:06:43 np0005479242.novalocal object-server[93870]: ::1 - - [10/Oct/2025:01:06:43 +0000] "PUT /3/76072/AUTH_7e08652c4e3e41b29e5f05d128f57ab8/gnocchi.9787c78b-11a2-4a53-9bac-1de9cc118cf5/none_v3" 201 - "PUT http://[::1]:8080/v1/AUTH_7e08652c4e3e41b29e5f05d128f57ab8/gnocchi.9787c78b-11a2-4a53-9bac-1de9cc118cf5/none_v3" "tx246cc8a051344b5386a3f-0068e85c23" "proxy-server 86594" 0.0297 "-" 93870 0
Oct 09 21:06:43 np0005479242.novalocal object-server[93870]: ::1 - - [10/Oct/2025:01:06:43 +0000] "GET /3/72191/AUTH_7e08652c4e3e41b29e5f05d128f57ab8/gnocchi.4d3d5694-e8b1-40b7-9081-aea4c0677cf1/1759320000.0_mean_300.0_v3" 404 70 "GET http://[::1]:8080/v1/AUTH_7e08652c4e3e41b29e5f05d128f57ab8/gnocchi.4d3d5694-e8b1-40b7-9081-aea4c0677cf1/1759320000.0_mean_300.0_v3" "tx7326173033bf412ba1236-0068e85c23" "proxy-server 86594" 0.0004 "-" 93870 0
Oct 09 21:06:43 np0005479242.novalocal proxy-server[86594]: ::1 ::1 10/Oct/2025/01/06/43 PUT /v1/AUTH_7e08652c4e3e41b29e5f05d128f57ab8/gnocchi.9787c78b-11a2-4a53-9bac-1de9cc118cf5/none_v3 HTTP/1.0 201 - python-swiftclient-4.5.0 gAAAAABo6Fv-PTBu... 22 - - tx246cc8a051344b5386a3f-0068e85c23 - 0.0449 - - 1760058403.275132179 1760058403.320078135 0
Oct 09 21:06:43 np0005479242.novalocal object-server[93871]: ::1 - - [10/Oct/2025:01:06:43 +0000] "GET /1/72191/AUTH_7e08652c4e3e41b29e5f05d128f57ab8/gnocchi.4d3d5694-e8b1-40b7-9081-aea4c0677cf1/1759320000.0_mean_300.0_v3" 404 70 "GET http://[::1]:8080/v1/AUTH_7e08652c4e3e41b29e5f05d128f57ab8/gnocchi.4d3d5694-e8b1-40b7-9081-aea4c0677cf1/1759320000.0_mean_300.0_v3" "tx7326173033bf412ba1236-0068e85c23" "proxy-server 86594" 0.0003 "-" 93871 0
Oct 09 21:06:43 np0005479242.novalocal object-server[93871]: ::1 - - [10/Oct/2025:01:06:43 +0000] "GET /2/72191/AUTH_7e08652c4e3e41b29e5f05d128f57ab8/gnocchi.4d3d5694-e8b1-40b7-9081-aea4c0677cf1/1759320000.0_mean_300.0_v3" 404 70 "GET http://[::1]:8080/v1/AUTH_7e08652c4e3e41b29e5f05d128f57ab8/gnocchi.4d3d5694-e8b1-40b7-9081-aea4c0677cf1/1759320000.0_mean_300.0_v3" "tx7326173033bf412ba1236-0068e85c23" "proxy-server 86594" 0.0002 "-" 93871 0
Oct 09 21:06:43 np0005479242.novalocal proxy-server[86594]: ::1 ::1 10/Oct/2025/01/06/43 GET /v1/AUTH_7e08652c4e3e41b29e5f05d128f57ab8/gnocchi.4d3d5694-e8b1-40b7-9081-aea4c0677cf1/1759320000.0_mean_300.0_v3 HTTP/1.0 404 - python-swiftclient-4.5.0 gAAAAABo6Fv-oWcl... - 70 - tx7326173033bf412ba1236-0068e85c23 - 0.0270 - - 1760058403.306622267 1760058403.333646059 0
Oct 09 21:06:43 np0005479242.novalocal container-server[93568]: ::1 - - [10/Oct/2025:01:06:43 +0000] "HEAD /1/178486/AUTH_7e08652c4e3e41b29e5f05d128f57ab8/gnocchi.df9c4fcf-aec0-48fd-868a-a43316b7362e" 404 - "HEAD http://[::1]:8080/v1/AUTH_7e08652c4e3e41b29e5f05d128f57ab8/gnocchi.df9c4fcf-aec0-48fd-868a-a43316b7362e" "tx06e7e4dd03f5446d88c44-0068e85c23" "proxy-server 86594" 0.0004 "-" 93568 0
Oct 09 21:06:43 np0005479242.novalocal container-server[93568]: ::1 - - [10/Oct/2025:01:06:43 +0000] "HEAD /3/178486/AUTH_7e08652c4e3e41b29e5f05d128f57ab8/gnocchi.df9c4fcf-aec0-48fd-868a-a43316b7362e" 404 - "HEAD http://[::1]:8080/v1/AUTH_7e08652c4e3e41b29e5f05d128f57ab8/gnocchi.df9c4fcf-aec0-48fd-868a-a43316b7362e" "tx06e7e4dd03f5446d88c44-0068e85c23" "proxy-server 86594" 0.0003 "-" 93568 0
Oct 09 21:06:43 np0005479242.novalocal container-server[93569]: ::1 - - [10/Oct/2025:01:06:43 +0000] "HEAD /2/178486/AUTH_7e08652c4e3e41b29e5f05d128f57ab8/gnocchi.df9c4fcf-aec0-48fd-868a-a43316b7362e" 404 - "HEAD http://[::1]:8080/v1/AUTH_7e08652c4e3e41b29e5f05d128f57ab8/gnocchi.df9c4fcf-aec0-48fd-868a-a43316b7362e" "tx06e7e4dd03f5446d88c44-0068e85c23" "proxy-server 86594" 0.0003 "-" 93569 0
Oct 09 21:06:43 np0005479242.novalocal proxy-server[86594]: - - 10/Oct/2025/01/06/43 HEAD /v1/AUTH_7e08652c4e3e41b29e5f05d128f57ab8/gnocchi.df9c4fcf-aec0-48fd-868a-a43316b7362e HTTP/1.0 404 - Swift - - - - tx06e7e4dd03f5446d88c44-0068e85c23 - 0.0180 CS - 1760058403.336023331 1760058403.353989363 0
Oct 09 21:06:43 np0005479242.novalocal object-server[93870]: ::1 - - [10/Oct/2025:01:06:43 +0000] "GET /2/255231/AUTH_7e08652c4e3e41b29e5f05d128f57ab8/gnocchi.df9c4fcf-aec0-48fd-868a-a43316b7362e/none_v3" 404 70 "GET http://[::1]:8080/v1/AUTH_7e08652c4e3e41b29e5f05d128f57ab8/gnocchi.df9c4fcf-aec0-48fd-868a-a43316b7362e/none_v3" "tx06e7e4dd03f5446d88c44-0068e85c23" "proxy-server 86594" 0.0010 "-" 93870 0
Oct 09 21:06:43 np0005479242.novalocal container-server[93568]: ::1 - - [10/Oct/2025:01:06:43 +0000] "PUT /1/150917/AUTH_7e08652c4e3e41b29e5f05d128f57ab8/gnocchi.4d3d5694-e8b1-40b7-9081-aea4c0677cf1/1759320000.0_mean_300.0_v3" 201 - "PUT http://[::1]:8080/1/72191/AUTH_7e08652c4e3e41b29e5f05d128f57ab8/gnocchi.4d3d5694-e8b1-40b7-9081-aea4c0677cf1/1759320000.0_mean_300.0_v3" "tx65b784e43b5245e18669e-0068e85c23" "object-server 93871" 0.0005 "-" 93568 0
Oct 09 21:06:43 np0005479242.novalocal container-server[93569]: ::1 - - [10/Oct/2025:01:06:43 +0000] "PUT /3/150917/AUTH_7e08652c4e3e41b29e5f05d128f57ab8/gnocchi.4d3d5694-e8b1-40b7-9081-aea4c0677cf1/1759320000.0_mean_300.0_v3" 201 - "PUT http://[::1]:8080/3/72191/AUTH_7e08652c4e3e41b29e5f05d128f57ab8/gnocchi.4d3d5694-e8b1-40b7-9081-aea4c0677cf1/1759320000.0_mean_300.0_v3" "tx65b784e43b5245e18669e-0068e85c23" "object-server 93871" 0.0007 "-" 93569 0
Oct 09 21:06:43 np0005479242.novalocal object-server[93871]: ::1 - - [10/Oct/2025:01:06:43 +0000] "PUT /1/72191/AUTH_7e08652c4e3e41b29e5f05d128f57ab8/gnocchi.4d3d5694-e8b1-40b7-9081-aea4c0677cf1/1759320000.0_mean_300.0_v3" 201 - "PUT http://[::1]:8080/v1/AUTH_7e08652c4e3e41b29e5f05d128f57ab8/gnocchi.4d3d5694-e8b1-40b7-9081-aea4c0677cf1/1759320000.0_mean_300.0_v3" "tx65b784e43b5245e18669e-0068e85c23" "proxy-server 86594" 0.0122 "-" 93871 0
Oct 09 21:06:43 np0005479242.novalocal object-server[93870]: ::1 - - [10/Oct/2025:01:06:43 +0000] "GET /3/255231/AUTH_7e08652c4e3e41b29e5f05d128f57ab8/gnocchi.df9c4fcf-aec0-48fd-868a-a43316b7362e/none_v3" 404 70 "GET http://[::1]:8080/v1/AUTH_7e08652c4e3e41b29e5f05d128f57ab8/gnocchi.df9c4fcf-aec0-48fd-868a-a43316b7362e/none_v3" "tx06e7e4dd03f5446d88c44-0068e85c23" "proxy-server 86594" 0.0003 "-" 93870 0
Oct 09 21:06:43 np0005479242.novalocal container-server[93568]: ::1 - - [10/Oct/2025:01:06:43 +0000] "PUT /2/150917/AUTH_7e08652c4e3e41b29e5f05d128f57ab8/gnocchi.4d3d5694-e8b1-40b7-9081-aea4c0677cf1/1759320000.0_mean_300.0_v3" 201 - "PUT http://[::1]:8080/2/72191/AUTH_7e08652c4e3e41b29e5f05d128f57ab8/gnocchi.4d3d5694-e8b1-40b7-9081-aea4c0677cf1/1759320000.0_mean_300.0_v3" "tx65b784e43b5245e18669e-0068e85c23" "object-server 93871" 0.0005 "-" 93568 0
Oct 09 21:06:43 np0005479242.novalocal object-server[93871]: ::1 - - [10/Oct/2025:01:06:43 +0000] "PUT /3/72191/AUTH_7e08652c4e3e41b29e5f05d128f57ab8/gnocchi.4d3d5694-e8b1-40b7-9081-aea4c0677cf1/1759320000.0_mean_300.0_v3" 201 - "PUT http://[::1]:8080/v1/AUTH_7e08652c4e3e41b29e5f05d128f57ab8/gnocchi.4d3d5694-e8b1-40b7-9081-aea4c0677cf1/1759320000.0_mean_300.0_v3" "tx65b784e43b5245e18669e-0068e85c23" "proxy-server 86594" 0.0155 "-" 93871 0
Oct 09 21:06:43 np0005479242.novalocal object-server[93871]: ::1 - - [10/Oct/2025:01:06:43 +0000] "PUT /2/72191/AUTH_7e08652c4e3e41b29e5f05d128f57ab8/gnocchi.4d3d5694-e8b1-40b7-9081-aea4c0677cf1/1759320000.0_mean_300.0_v3" 201 - "PUT http://[::1]:8080/v1/AUTH_7e08652c4e3e41b29e5f05d128f57ab8/gnocchi.4d3d5694-e8b1-40b7-9081-aea4c0677cf1/1759320000.0_mean_300.0_v3" "tx65b784e43b5245e18669e-0068e85c23" "proxy-server 86594" 0.0185 "-" 93871 0
Oct 09 21:06:43 np0005479242.novalocal proxy-server[86594]: ::1 ::1 10/Oct/2025/01/06/43 PUT /v1/AUTH_7e08652c4e3e41b29e5f05d128f57ab8/gnocchi.4d3d5694-e8b1-40b7-9081-aea4c0677cf1/1759320000.0_mean_300.0_v3 HTTP/1.0 201 - python-swiftclient-4.5.0 gAAAAABo6Fv-oWcl... 16 - - tx65b784e43b5245e18669e-0068e85c23 - 0.0303 - - 1760058403.342459202 1760058403.372801065 0
Oct 09 21:06:43 np0005479242.novalocal object-server[93870]: ::1 - - [10/Oct/2025:01:06:43 +0000] "GET /1/255231/AUTH_7e08652c4e3e41b29e5f05d128f57ab8/gnocchi.df9c4fcf-aec0-48fd-868a-a43316b7362e/none_v3" 404 70 "GET http://[::1]:8080/v1/AUTH_7e08652c4e3e41b29e5f05d128f57ab8/gnocchi.df9c4fcf-aec0-48fd-868a-a43316b7362e/none_v3" "tx06e7e4dd03f5446d88c44-0068e85c23" "proxy-server 86594" 0.0002 "-" 93870 0
Oct 09 21:06:43 np0005479242.novalocal proxy-server[86594]: ::1 ::1 10/Oct/2025/01/06/43 GET /v1/AUTH_7e08652c4e3e41b29e5f05d128f57ab8/gnocchi.df9c4fcf-aec0-48fd-868a-a43316b7362e/none_v3 HTTP/1.0 404 - python-swiftclient-4.5.0 gAAAAABo6Fv-PTBu... - 70 - tx06e7e4dd03f5446d88c44-0068e85c23 - 0.0392 - - 1760058403.335160732 1760058403.374313831 0
Oct 09 21:06:43 np0005479242.novalocal account-server[93271]: ::1 - - [10/Oct/2025:01:06:43 +0000] "PUT /1/130220/AUTH_7e08652c4e3e41b29e5f05d128f57ab8/gnocchi.df9c4fcf-aec0-48fd-868a-a43316b7362e" 201 - "PUT http://[::1]:6001/1/178486/AUTH_7e08652c4e3e41b29e5f05d128f57ab8/gnocchi.df9c4fcf-aec0-48fd-868a-a43316b7362e" "txc4cd1db7bc61402d939fd-0068e85c23" "container-server 93568" 0.0063 "-" 93271 0
Oct 09 21:06:43 np0005479242.novalocal container-server[93569]: ::1 - - [10/Oct/2025:01:06:43 +0000] "PUT /1/150917/AUTH_7e08652c4e3e41b29e5f05d128f57ab8/gnocchi.4d3d5694-e8b1-40b7-9081-aea4c0677cf1/none_v3" 201 - "PUT http://[::1]:8080/1/82743/AUTH_7e08652c4e3e41b29e5f05d128f57ab8/gnocchi.4d3d5694-e8b1-40b7-9081-aea4c0677cf1/none_v3" "tx2a55c2b5f1b24222b0338-0068e85c23" "object-server 93870" 0.0005 "-" 93569 0
Oct 09 21:06:43 np0005479242.novalocal object-server[93870]: ::1 - - [10/Oct/2025:01:06:43 +0000] "PUT /1/82743/AUTH_7e08652c4e3e41b29e5f05d128f57ab8/gnocchi.4d3d5694-e8b1-40b7-9081-aea4c0677cf1/none_v3" 201 - "PUT http://[::1]:8080/v1/AUTH_7e08652c4e3e41b29e5f05d128f57ab8/gnocchi.4d3d5694-e8b1-40b7-9081-aea4c0677cf1/none_v3" "tx2a55c2b5f1b24222b0338-0068e85c23" "proxy-server 86594" 0.0119 "-" 93870 0
Oct 09 21:06:43 np0005479242.novalocal container-server[93569]: ::1 - - [10/Oct/2025:01:06:43 +0000] "PUT /2/150917/AUTH_7e08652c4e3e41b29e5f05d128f57ab8/gnocchi.4d3d5694-e8b1-40b7-9081-aea4c0677cf1/none_v3" 201 - "PUT http://[::1]:8080/2/82743/AUTH_7e08652c4e3e41b29e5f05d128f57ab8/gnocchi.4d3d5694-e8b1-40b7-9081-aea4c0677cf1/none_v3" "tx2a55c2b5f1b24222b0338-0068e85c23" "object-server 93870" 0.0003 "-" 93569 0
Oct 09 21:06:43 np0005479242.novalocal object-server[93870]: ::1 - - [10/Oct/2025:01:06:43 +0000] "PUT /2/82743/AUTH_7e08652c4e3e41b29e5f05d128f57ab8/gnocchi.4d3d5694-e8b1-40b7-9081-aea4c0677cf1/none_v3" 201 - "PUT http://[::1]:8080/v1/AUTH_7e08652c4e3e41b29e5f05d128f57ab8/gnocchi.4d3d5694-e8b1-40b7-9081-aea4c0677cf1/none_v3" "tx2a55c2b5f1b24222b0338-0068e85c23" "proxy-server 86594" 0.0161 "-" 93870 0
Oct 09 21:06:43 np0005479242.novalocal container-server[93568]: ::1 - - [10/Oct/2025:01:06:43 +0000] "PUT /1/178486/AUTH_7e08652c4e3e41b29e5f05d128f57ab8/gnocchi.df9c4fcf-aec0-48fd-868a-a43316b7362e" 201 - "PUT http://[::1]:8080/v1/AUTH_7e08652c4e3e41b29e5f05d128f57ab8/gnocchi.df9c4fcf-aec0-48fd-868a-a43316b7362e" "txc4cd1db7bc61402d939fd-0068e85c23" "proxy-server 86594" 0.0180 "-" 93568 0
Oct 09 21:06:43 np0005479242.novalocal container-server[93568]: ::1 - - [10/Oct/2025:01:06:43 +0000] "PUT /3/150917/AUTH_7e08652c4e3e41b29e5f05d128f57ab8/gnocchi.4d3d5694-e8b1-40b7-9081-aea4c0677cf1/none_v3" 201 - "PUT http://[::1]:8080/3/82743/AUTH_7e08652c4e3e41b29e5f05d128f57ab8/gnocchi.4d3d5694-e8b1-40b7-9081-aea4c0677cf1/none_v3" "tx2a55c2b5f1b24222b0338-0068e85c23" "object-server 93871" 0.0005 "-" 93568 0
Oct 09 21:06:43 np0005479242.novalocal account-server[93271]: ::1 - - [10/Oct/2025:01:06:43 +0000] "PUT /3/130220/AUTH_7e08652c4e3e41b29e5f05d128f57ab8/gnocchi.df9c4fcf-aec0-48fd-868a-a43316b7362e" 201 - "PUT http://[::1]:6001/2/178486/AUTH_7e08652c4e3e41b29e5f05d128f57ab8/gnocchi.df9c4fcf-aec0-48fd-868a-a43316b7362e" "txc4cd1db7bc61402d939fd-0068e85c23" "container-server 93569" 0.0044 "-" 93271 0
Oct 09 21:06:43 np0005479242.novalocal object-server[93871]: ::1 - - [10/Oct/2025:01:06:43 +0000] "PUT /3/82743/AUTH_7e08652c4e3e41b29e5f05d128f57ab8/gnocchi.4d3d5694-e8b1-40b7-9081-aea4c0677cf1/none_v3" 201 - "PUT http://[::1]:8080/v1/AUTH_7e08652c4e3e41b29e5f05d128f57ab8/gnocchi.4d3d5694-e8b1-40b7-9081-aea4c0677cf1/none_v3" "tx2a55c2b5f1b24222b0338-0068e85c23" "proxy-server 86594" 0.0187 "-" 93871 0
Oct 09 21:06:43 np0005479242.novalocal container-server[93569]: ::1 - - [10/Oct/2025:01:06:43 +0000] "PUT /2/178486/AUTH_7e08652c4e3e41b29e5f05d128f57ab8/gnocchi.df9c4fcf-aec0-48fd-868a-a43316b7362e" 201 - "PUT http://[::1]:8080/v1/AUTH_7e08652c4e3e41b29e5f05d128f57ab8/gnocchi.df9c4fcf-aec0-48fd-868a-a43316b7362e" "txc4cd1db7bc61402d939fd-0068e85c23" "proxy-server 86594" 0.0189 "-" 93569 0
Oct 09 21:06:43 np0005479242.novalocal proxy-server[86594]: ::1 ::1 10/Oct/2025/01/06/43 PUT /v1/AUTH_7e08652c4e3e41b29e5f05d128f57ab8/gnocchi.4d3d5694-e8b1-40b7-9081-aea4c0677cf1/none_v3 HTTP/1.0 201 - python-swiftclient-4.5.0 gAAAAABo6Fv-oWcl... 22 - - tx2a55c2b5f1b24222b0338-0068e85c23 - 0.0372 - - 1760058403.376283646 1760058403.413468599 0
Oct 09 21:06:43 np0005479242.novalocal account-server[93272]: ::1 - - [10/Oct/2025:01:06:43 +0000] "PUT /2/130220/AUTH_7e08652c4e3e41b29e5f05d128f57ab8/gnocchi.df9c4fcf-aec0-48fd-868a-a43316b7362e" 201 - "PUT http://[::1]:6001/3/178486/AUTH_7e08652c4e3e41b29e5f05d128f57ab8/gnocchi.df9c4fcf-aec0-48fd-868a-a43316b7362e" "txc4cd1db7bc61402d939fd-0068e85c23" "container-server 93568" 0.0044 "-" 93272 0
Oct 09 21:06:43 np0005479242.novalocal container-server[93568]: ::1 - - [10/Oct/2025:01:06:43 +0000] "PUT /3/178486/AUTH_7e08652c4e3e41b29e5f05d128f57ab8/gnocchi.df9c4fcf-aec0-48fd-868a-a43316b7362e" 201 - "PUT http://[::1]:8080/v1/AUTH_7e08652c4e3e41b29e5f05d128f57ab8/gnocchi.df9c4fcf-aec0-48fd-868a-a43316b7362e" "txc4cd1db7bc61402d939fd-0068e85c23" "proxy-server 86594" 0.0164 "-" 93568 0
Oct 09 21:06:43 np0005479242.novalocal proxy-server[86594]: ::1 ::1 10/Oct/2025/01/06/43 PUT /v1/AUTH_7e08652c4e3e41b29e5f05d128f57ab8/gnocchi.df9c4fcf-aec0-48fd-868a-a43316b7362e HTTP/1.0 201 - python-swiftclient-4.5.0 gAAAAABo6Fv-PTBu... - - - txc4cd1db7bc61402d939fd-0068e85c23 - 0.0401 - - 1760058403.376791000 1760058403.416895151 0
Oct 09 21:06:43 np0005479242.novalocal container-server[93569]: ::1 - - [10/Oct/2025:01:06:43 +0000] "HEAD /3/178486/AUTH_7e08652c4e3e41b29e5f05d128f57ab8/gnocchi.df9c4fcf-aec0-48fd-868a-a43316b7362e" 204 - "HEAD http://[::1]:8080/v1/AUTH_7e08652c4e3e41b29e5f05d128f57ab8/gnocchi.df9c4fcf-aec0-48fd-868a-a43316b7362e" "txdf44732636784480bde58-0068e85c23" "proxy-server 86594" 0.0014 "-" 93569 0
Oct 09 21:06:43 np0005479242.novalocal container-server[93568]: ::1 - - [10/Oct/2025:01:06:43 +0000] "HEAD /3/157050/AUTH_7e08652c4e3e41b29e5f05d128f57ab8/gnocchi.2e0fb3a9-8c05-4b81-865d-ac9643505252" 404 - "HEAD http://[::1]:8080/v1/AUTH_7e08652c4e3e41b29e5f05d128f57ab8/gnocchi.2e0fb3a9-8c05-4b81-865d-ac9643505252" "tx3587999d97854ae0b7acd-0068e85c23" "proxy-server 86594" 0.0003 "-" 93568 0
Oct 09 21:06:43 np0005479242.novalocal proxy-server[86594]: - - 10/Oct/2025/01/06/43 HEAD /v1/AUTH_7e08652c4e3e41b29e5f05d128f57ab8/gnocchi.df9c4fcf-aec0-48fd-868a-a43316b7362e HTTP/1.0 204 - Swift - - - - txdf44732636784480bde58-0068e85c23 - 0.0087 CS - 1760058403.423261642 1760058403.431947947 0
Oct 09 21:06:43 np0005479242.novalocal container-server[93569]: ::1 - - [10/Oct/2025:01:06:43 +0000] "HEAD /1/157050/AUTH_7e08652c4e3e41b29e5f05d128f57ab8/gnocchi.2e0fb3a9-8c05-4b81-865d-ac9643505252" 404 - "HEAD http://[::1]:8080/v1/AUTH_7e08652c4e3e41b29e5f05d128f57ab8/gnocchi.2e0fb3a9-8c05-4b81-865d-ac9643505252" "tx3587999d97854ae0b7acd-0068e85c23" "proxy-server 86594" 0.0003 "-" 93569 0
Oct 09 21:06:43 np0005479242.novalocal container-server[93568]: ::1 - - [10/Oct/2025:01:06:43 +0000] "GET /1/178486/AUTH_7e08652c4e3e41b29e5f05d128f57ab8/gnocchi.df9c4fcf-aec0-48fd-868a-a43316b7362e" 200 2 "GET http://[::1]:8080/v1/AUTH_7e08652c4e3e41b29e5f05d128f57ab8/gnocchi.df9c4fcf-aec0-48fd-868a-a43316b7362e?format=json&states=listing" "txdf44732636784480bde58-0068e85c23" "proxy-server 86594" 0.0022 "-" 93568 0
Oct 09 21:06:43 np0005479242.novalocal container-server[93569]: ::1 - - [10/Oct/2025:01:06:43 +0000] "HEAD /2/157050/AUTH_7e08652c4e3e41b29e5f05d128f57ab8/gnocchi.2e0fb3a9-8c05-4b81-865d-ac9643505252" 404 - "HEAD http://[::1]:8080/v1/AUTH_7e08652c4e3e41b29e5f05d128f57ab8/gnocchi.2e0fb3a9-8c05-4b81-865d-ac9643505252" "tx3587999d97854ae0b7acd-0068e85c23" "proxy-server 86594" 0.0002 "-" 93569 0
Oct 09 21:06:43 np0005479242.novalocal proxy-server[86594]: ::1 ::1 10/Oct/2025/01/06/43 GET /v1/AUTH_7e08652c4e3e41b29e5f05d128f57ab8/gnocchi.df9c4fcf-aec0-48fd-868a-a43316b7362e%3Fformat%3Djson%26states%3Dlisting HTTP/1.0 200 - python-swiftclient-4.5.0 gAAAAABo6Fv-PTBu... - 2 - txdf44732636784480bde58-0068e85c23 - 0.0235 - - 1760058403.422368765 1760058403.445821524 0
Oct 09 21:06:43 np0005479242.novalocal proxy-server[86594]: - - 10/Oct/2025/01/06/43 HEAD /v1/AUTH_7e08652c4e3e41b29e5f05d128f57ab8/gnocchi.2e0fb3a9-8c05-4b81-865d-ac9643505252 HTTP/1.0 404 - Swift - - - - tx3587999d97854ae0b7acd-0068e85c23 - 0.0308 CS - 1760058403.426933527 1760058403.457705021 0
Oct 09 21:06:43 np0005479242.novalocal object-server[93870]: ::1 - - [10/Oct/2025:01:06:43 +0000] "GET /3/60052/AUTH_7e08652c4e3e41b29e5f05d128f57ab8/gnocchi.df9c4fcf-aec0-48fd-868a-a43316b7362e/1759320000.0_mean_300.0_v3" 404 70 "GET http://[::1]:8080/v1/AUTH_7e08652c4e3e41b29e5f05d128f57ab8/gnocchi.df9c4fcf-aec0-48fd-868a-a43316b7362e/1759320000.0_mean_300.0_v3" "tx558057d02e724a1db0c83-0068e85c23" "proxy-server 86594" 0.0123 "-" 93870 0
Oct 09 21:06:43 np0005479242.novalocal sudo[101120]: pam_unix(sudo:session): session closed for user root
Oct 09 21:06:43 np0005479242.novalocal systemd[1]: session-c138.scope: Deactivated successfully.
Oct 09 21:06:43 np0005479242.novalocal object-server[93871]: ::1 - - [10/Oct/2025:01:06:43 +0000] "GET /1/60052/AUTH_7e08652c4e3e41b29e5f05d128f57ab8/gnocchi.df9c4fcf-aec0-48fd-868a-a43316b7362e/1759320000.0_mean_300.0_v3" 404 70 "GET http://[::1]:8080/v1/AUTH_7e08652c4e3e41b29e5f05d128f57ab8/gnocchi.df9c4fcf-aec0-48fd-868a-a43316b7362e/1759320000.0_mean_300.0_v3" "tx558057d02e724a1db0c83-0068e85c23" "proxy-server 86594" 0.0011 "-" 93871 0
Oct 09 21:06:43 np0005479242.novalocal object-server[93870]: ::1 - - [10/Oct/2025:01:06:43 +0000] "GET /3/35950/AUTH_7e08652c4e3e41b29e5f05d128f57ab8/gnocchi.2e0fb3a9-8c05-4b81-865d-ac9643505252/none_v3" 404 70 "GET http://[::1]:8080/v1/AUTH_7e08652c4e3e41b29e5f05d128f57ab8/gnocchi.2e0fb3a9-8c05-4b81-865d-ac9643505252/none_v3" "tx3587999d97854ae0b7acd-0068e85c23" "proxy-server 86594" 0.0002 "-" 93870 0
Oct 09 21:06:43 np0005479242.novalocal object-server[93870]: ::1 - - [10/Oct/2025:01:06:43 +0000] "GET /2/60052/AUTH_7e08652c4e3e41b29e5f05d128f57ab8/gnocchi.df9c4fcf-aec0-48fd-868a-a43316b7362e/1759320000.0_mean_300.0_v3" 404 70 "GET http://[::1]:8080/v1/AUTH_7e08652c4e3e41b29e5f05d128f57ab8/gnocchi.df9c4fcf-aec0-48fd-868a-a43316b7362e/1759320000.0_mean_300.0_v3" "tx558057d02e724a1db0c83-0068e85c23" "proxy-server 86594" 0.0002 "-" 93870 0
Oct 09 21:06:43 np0005479242.novalocal proxy-server[86594]: ::1 ::1 10/Oct/2025/01/06/43 GET /v1/AUTH_7e08652c4e3e41b29e5f05d128f57ab8/gnocchi.df9c4fcf-aec0-48fd-868a-a43316b7362e/1759320000.0_mean_300.0_v3 HTTP/1.0 404 - python-swiftclient-4.5.0 gAAAAABo6Fv-PTBu... - 70 - tx558057d02e724a1db0c83-0068e85c23 - 0.0340 - - 1760058403.451463461 1760058403.485478640 0
