Oct 09 21:07:05 np0005479242.novalocal container-server[93568]: ::1 - - [10/Oct/2025:01:07:05 +0000] "HEAD /3/139292/AUTH_7e08652c4e3e41b29e5f05d128f57ab8/gnocchi.359f4c35-fe4d-42b3-8ef6-08e092f0260f" 404 - "HEAD http://[::1]:8080/v1/AUTH_7e08652c4e3e41b29e5f05d128f57ab8/gnocchi.359f4c35-fe4d-42b3-8ef6-08e092f0260f" "txba736a1d4db34873a0ca8-0068e85c39" "proxy-server 86594" 0.0003 "-" 93568 0
Oct 09 21:07:05 np0005479242.novalocal container-server[93568]: ::1 - - [10/Oct/2025:01:07:05 +0000] "HEAD /1/139292/AUTH_7e08652c4e3e41b29e5f05d128f57ab8/gnocchi.359f4c35-fe4d-42b3-8ef6-08e092f0260f" 404 - "HEAD http://[::1]:8080/v1/AUTH_7e08652c4e3e41b29e5f05d128f57ab8/gnocchi.359f4c35-fe4d-42b3-8ef6-08e092f0260f" "txba736a1d4db34873a0ca8-0068e85c39" "proxy-server 86594" 0.0002 "-" 93568 0
Oct 09 21:07:05 np0005479242.novalocal container-server[93569]: ::1 - - [10/Oct/2025:01:07:05 +0000] "HEAD /2/139292/AUTH_7e08652c4e3e41b29e5f05d128f57ab8/gnocchi.359f4c35-fe4d-42b3-8ef6-08e092f0260f" 404 - "HEAD http://[::1]:8080/v1/AUTH_7e08652c4e3e41b29e5f05d128f57ab8/gnocchi.359f4c35-fe4d-42b3-8ef6-08e092f0260f" "txba736a1d4db34873a0ca8-0068e85c39" "proxy-server 86594" 0.0002 "-" 93569 0
Oct 09 21:07:05 np0005479242.novalocal proxy-server[86594]: - - 10/Oct/2025/01/07/05 HEAD /v1/AUTH_7e08652c4e3e41b29e5f05d128f57ab8/gnocchi.359f4c35-fe4d-42b3-8ef6-08e092f0260f HTTP/1.0 404 - Swift - - - - txba736a1d4db34873a0ca8-0068e85c39 - 0.0069 CS - 1760058425.050644159 1760058425.057514668 0
Oct 09 21:07:05 np0005479242.novalocal container-server[93568]: ::1 - - [10/Oct/2025:01:07:05 +0000] "PUT /3/51472/AUTH_7e08652c4e3e41b29e5f05d128f57ab8/gnocchi.4c1e8553-4600-47e6-858c-2c30d8d28c5d/1759320000.0_mean_300.0_v3" 201 - "PUT http://[::1]:8080/3/10294/AUTH_7e08652c4e3e41b29e5f05d128f57ab8/gnocchi.4c1e8553-4600-47e6-858c-2c30d8d28c5d/1759320000.0_mean_300.0_v3" "txc2d8095a5ae3461fa6ce3-0068e85c39" "object-server 93870" 0.0005 "-" 93568 0
Oct 09 21:07:05 np0005479242.novalocal object-server[93870]: ::1 - - [10/Oct/2025:01:07:05 +0000] "GET /2/226735/AUTH_7e08652c4e3e41b29e5f05d128f57ab8/gnocchi.359f4c35-fe4d-42b3-8ef6-08e092f0260f/none_v3" 404 70 "GET http://[::1]:8080/v1/AUTH_7e08652c4e3e41b29e5f05d128f57ab8/gnocchi.359f4c35-fe4d-42b3-8ef6-08e092f0260f/none_v3" "txba736a1d4db34873a0ca8-0068e85c39" "proxy-server 86594" 0.0002 "-" 93870 0
Oct 09 21:07:05 np0005479242.novalocal object-server[93870]: ::1 - - [10/Oct/2025:01:07:05 +0000] "PUT /3/10294/AUTH_7e08652c4e3e41b29e5f05d128f57ab8/gnocchi.4c1e8553-4600-47e6-858c-2c30d8d28c5d/1759320000.0_mean_300.0_v3" 201 - "PUT http://[::1]:8080/v1/AUTH_7e08652c4e3e41b29e5f05d128f57ab8/gnocchi.4c1e8553-4600-47e6-858c-2c30d8d28c5d/1759320000.0_mean_300.0_v3" "txc2d8095a5ae3461fa6ce3-0068e85c39" "proxy-server 86594" 0.0126 "-" 93870 0
Oct 09 21:07:05 np0005479242.novalocal container-server[93568]: ::1 - - [10/Oct/2025:01:07:05 +0000] "PUT /2/51472/AUTH_7e08652c4e3e41b29e5f05d128f57ab8/gnocchi.4c1e8553-4600-47e6-858c-2c30d8d28c5d/1759320000.0_mean_300.0_v3" 201 - "PUT http://[::1]:8080/2/10294/AUTH_7e08652c4e3e41b29e5f05d128f57ab8/gnocchi.4c1e8553-4600-47e6-858c-2c30d8d28c5d/1759320000.0_mean_300.0_v3" "txc2d8095a5ae3461fa6ce3-0068e85c39" "object-server 93871" 0.0003 "-" 93568 0
Oct 09 21:07:05 np0005479242.novalocal container-server[93569]: ::1 - - [10/Oct/2025:01:07:05 +0000] "PUT /1/51472/AUTH_7e08652c4e3e41b29e5f05d128f57ab8/gnocchi.4c1e8553-4600-47e6-858c-2c30d8d28c5d/1759320000.0_mean_300.0_v3" 201 - "PUT http://[::1]:8080/1/10294/AUTH_7e08652c4e3e41b29e5f05d128f57ab8/gnocchi.4c1e8553-4600-47e6-858c-2c30d8d28c5d/1759320000.0_mean_300.0_v3" "txc2d8095a5ae3461fa6ce3-0068e85c39" "object-server 93871" 0.0004 "-" 93569 0
Oct 09 21:07:05 np0005479242.novalocal object-server[93871]: ::1 - - [10/Oct/2025:01:07:05 +0000] "GET /3/226735/AUTH_7e08652c4e3e41b29e5f05d128f57ab8/gnocchi.359f4c35-fe4d-42b3-8ef6-08e092f0260f/none_v3" 404 70 "GET http://[::1]:8080/v1/AUTH_7e08652c4e3e41b29e5f05d128f57ab8/gnocchi.359f4c35-fe4d-42b3-8ef6-08e092f0260f/none_v3" "txba736a1d4db34873a0ca8-0068e85c39" "proxy-server 86594" 0.0003 "-" 93871 0
Oct 09 21:07:05 np0005479242.novalocal object-server[93871]: ::1 - - [10/Oct/2025:01:07:05 +0000] "PUT /2/10294/AUTH_7e08652c4e3e41b29e5f05d128f57ab8/gnocchi.4c1e8553-4600-47e6-858c-2c30d8d28c5d/1759320000.0_mean_300.0_v3" 201 - "PUT http://[::1]:8080/v1/AUTH_7e08652c4e3e41b29e5f05d128f57ab8/gnocchi.4c1e8553-4600-47e6-858c-2c30d8d28c5d/1759320000.0_mean_300.0_v3" "txc2d8095a5ae3461fa6ce3-0068e85c39" "proxy-server 86594" 0.0128 "-" 93871 0
Oct 09 21:07:05 np0005479242.novalocal object-server[93871]: ::1 - - [10/Oct/2025:01:07:05 +0000] "PUT /1/10294/AUTH_7e08652c4e3e41b29e5f05d128f57ab8/gnocchi.4c1e8553-4600-47e6-858c-2c30d8d28c5d/1759320000.0_mean_300.0_v3" 201 - "PUT http://[::1]:8080/v1/AUTH_7e08652c4e3e41b29e5f05d128f57ab8/gnocchi.4c1e8553-4600-47e6-858c-2c30d8d28c5d/1759320000.0_mean_300.0_v3" "txc2d8095a5ae3461fa6ce3-0068e85c39" "proxy-server 86594" 0.0144 "-" 93871 0
Oct 09 21:07:05 np0005479242.novalocal proxy-server[86594]: ::1 ::1 10/Oct/2025/01/07/05 PUT /v1/AUTH_7e08652c4e3e41b29e5f05d128f57ab8/gnocchi.4c1e8553-4600-47e6-858c-2c30d8d28c5d/1759320000.0_mean_300.0_v3 HTTP/1.0 201 - python-swiftclient-4.5.0 gAAAAABo6Fv-oWcl... 16 - - txc2d8095a5ae3461fa6ce3-0068e85c39 - 0.0223 - - 1760058425.044737816 1760058425.067043543 0
Oct 09 21:07:05 np0005479242.novalocal object-server[93870]: ::1 - - [10/Oct/2025:01:07:05 +0000] "GET /1/226735/AUTH_7e08652c4e3e41b29e5f05d128f57ab8/gnocchi.359f4c35-fe4d-42b3-8ef6-08e092f0260f/none_v3" 404 70 "GET http://[::1]:8080/v1/AUTH_7e08652c4e3e41b29e5f05d128f57ab8/gnocchi.359f4c35-fe4d-42b3-8ef6-08e092f0260f/none_v3" "txba736a1d4db34873a0ca8-0068e85c39" "proxy-server 86594" 0.0035 "-" 93870 0
Oct 09 21:07:05 np0005479242.novalocal proxy-server[86594]: ::1 ::1 10/Oct/2025/01/07/05 GET /v1/AUTH_7e08652c4e3e41b29e5f05d128f57ab8/gnocchi.359f4c35-fe4d-42b3-8ef6-08e092f0260f/none_v3 HTTP/1.0 404 - python-swiftclient-4.5.0 gAAAAABo6Fv-PTBu... - 70 - txba736a1d4db34873a0ca8-0068e85c39 - 0.0265 - - 1760058425.050217867 1760058425.076750040 0
Oct 09 21:07:05 np0005479242.novalocal container-server[93569]: ::1 - - [10/Oct/2025:01:07:05 +0000] "PUT /3/51472/AUTH_7e08652c4e3e41b29e5f05d128f57ab8/gnocchi.4c1e8553-4600-47e6-858c-2c30d8d28c5d/none_v3" 201 - "PUT http://[::1]:8080/2/145121/AUTH_7e08652c4e3e41b29e5f05d128f57ab8/gnocchi.4c1e8553-4600-47e6-858c-2c30d8d28c5d/none_v3" "txfb2068e136104195985ae-0068e85c39" "object-server 93871" 0.0005 "-" 93569 0
Oct 09 21:07:05 np0005479242.novalocal object-server[93871]: ::1 - - [10/Oct/2025:01:07:05 +0000] "PUT /2/145121/AUTH_7e08652c4e3e41b29e5f05d128f57ab8/gnocchi.4c1e8553-4600-47e6-858c-2c30d8d28c5d/none_v3" 201 - "PUT http://[::1]:8080/v1/AUTH_7e08652c4e3e41b29e5f05d128f57ab8/gnocchi.4c1e8553-4600-47e6-858c-2c30d8d28c5d/none_v3" "txfb2068e136104195985ae-0068e85c39" "proxy-server 86594" 0.0202 "-" 93871 0
Oct 09 21:07:05 np0005479242.novalocal account-server[93272]: ::1 - - [10/Oct/2025:01:07:05 +0000] "PUT /2/130220/AUTH_7e08652c4e3e41b29e5f05d128f57ab8/gnocchi.359f4c35-fe4d-42b3-8ef6-08e092f0260f" 201 - "PUT http://[::1]:6001/1/139292/AUTH_7e08652c4e3e41b29e5f05d128f57ab8/gnocchi.359f4c35-fe4d-42b3-8ef6-08e092f0260f" "tx25639aab2801444cb21f2-0068e85c39" "container-server 93569" 0.0040 "-" 93272 0
Oct 09 21:07:05 np0005479242.novalocal container-server[93569]: ::1 - - [10/Oct/2025:01:07:05 +0000] "PUT /1/139292/AUTH_7e08652c4e3e41b29e5f05d128f57ab8/gnocchi.359f4c35-fe4d-42b3-8ef6-08e092f0260f" 201 - "PUT http://[::1]:8080/v1/AUTH_7e08652c4e3e41b29e5f05d128f57ab8/gnocchi.359f4c35-fe4d-42b3-8ef6-08e092f0260f" "tx25639aab2801444cb21f2-0068e85c39" "proxy-server 86594" 0.0168 "-" 93569 0
Oct 09 21:07:05 np0005479242.novalocal container-server[93568]: ::1 - - [10/Oct/2025:01:07:05 +0000] "PUT /1/51472/AUTH_7e08652c4e3e41b29e5f05d128f57ab8/gnocchi.4c1e8553-4600-47e6-858c-2c30d8d28c5d/none_v3" 201 - "PUT http://[::1]:8080/1/145121/AUTH_7e08652c4e3e41b29e5f05d128f57ab8/gnocchi.4c1e8553-4600-47e6-858c-2c30d8d28c5d/none_v3" "txfb2068e136104195985ae-0068e85c39" "object-server 93870" 0.0005 "-" 93568 0
Oct 09 21:07:05 np0005479242.novalocal container-server[93568]: ::1 - - [10/Oct/2025:01:07:05 +0000] "PUT /2/51472/AUTH_7e08652c4e3e41b29e5f05d128f57ab8/gnocchi.4c1e8553-4600-47e6-858c-2c30d8d28c5d/none_v3" 201 - "PUT http://[::1]:8080/3/145121/AUTH_7e08652c4e3e41b29e5f05d128f57ab8/gnocchi.4c1e8553-4600-47e6-858c-2c30d8d28c5d/none_v3" "txfb2068e136104195985ae-0068e85c39" "object-server 93871" 0.0004 "-" 93568 0
Oct 09 21:07:05 np0005479242.novalocal object-server[93870]: ::1 - - [10/Oct/2025:01:07:05 +0000] "PUT /1/145121/AUTH_7e08652c4e3e41b29e5f05d128f57ab8/gnocchi.4c1e8553-4600-47e6-858c-2c30d8d28c5d/none_v3" 201 - "PUT http://[::1]:8080/v1/AUTH_7e08652c4e3e41b29e5f05d128f57ab8/gnocchi.4c1e8553-4600-47e6-858c-2c30d8d28c5d/none_v3" "txfb2068e136104195985ae-0068e85c39" "proxy-server 86594" 0.0648 "-" 93870 0
Oct 09 21:07:05 np0005479242.novalocal account-server[93272]: ::1 - - [10/Oct/2025:01:07:05 +0000] "PUT /3/130220/AUTH_7e08652c4e3e41b29e5f05d128f57ab8/gnocchi.359f4c35-fe4d-42b3-8ef6-08e092f0260f" 201 - "PUT http://[::1]:6001/2/139292/AUTH_7e08652c4e3e41b29e5f05d128f57ab8/gnocchi.359f4c35-fe4d-42b3-8ef6-08e092f0260f" "tx25639aab2801444cb21f2-0068e85c39" "container-server 93568" 0.0041 "-" 93272 0
Oct 09 21:07:05 np0005479242.novalocal object-server[93871]: ::1 - - [10/Oct/2025:01:07:05 +0000] "PUT /3/145121/AUTH_7e08652c4e3e41b29e5f05d128f57ab8/gnocchi.4c1e8553-4600-47e6-858c-2c30d8d28c5d/none_v3" 201 - "PUT http://[::1]:8080/v1/AUTH_7e08652c4e3e41b29e5f05d128f57ab8/gnocchi.4c1e8553-4600-47e6-858c-2c30d8d28c5d/none_v3" "txfb2068e136104195985ae-0068e85c39" "proxy-server 86594" 0.0670 "-" 93871 0
Oct 09 21:07:05 np0005479242.novalocal container-server[93568]: ::1 - - [10/Oct/2025:01:07:05 +0000] "PUT /2/139292/AUTH_7e08652c4e3e41b29e5f05d128f57ab8/gnocchi.359f4c35-fe4d-42b3-8ef6-08e092f0260f" 201 - "PUT http://[::1]:8080/v1/AUTH_7e08652c4e3e41b29e5f05d128f57ab8/gnocchi.359f4c35-fe4d-42b3-8ef6-08e092f0260f" "tx25639aab2801444cb21f2-0068e85c39" "proxy-server 86594" 0.0584 "-" 93568 0
Oct 09 21:07:05 np0005479242.novalocal account-server[93272]: ::1 - - [10/Oct/2025:01:07:05 +0000] "PUT /1/130220/AUTH_7e08652c4e3e41b29e5f05d128f57ab8/gnocchi.359f4c35-fe4d-42b3-8ef6-08e092f0260f" 201 - "PUT http://[::1]:6001/3/139292/AUTH_7e08652c4e3e41b29e5f05d128f57ab8/gnocchi.359f4c35-fe4d-42b3-8ef6-08e092f0260f" "tx25639aab2801444cb21f2-0068e85c39" "container-server 93568" 0.0031 "-" 93272 0
Oct 09 21:07:05 np0005479242.novalocal container-server[93568]: ::1 - - [10/Oct/2025:01:07:05 +0000] "PUT /3/139292/AUTH_7e08652c4e3e41b29e5f05d128f57ab8/gnocchi.359f4c35-fe4d-42b3-8ef6-08e092f0260f" 201 - "PUT http://[::1]:8080/v1/AUTH_7e08652c4e3e41b29e5f05d128f57ab8/gnocchi.359f4c35-fe4d-42b3-8ef6-08e092f0260f" "tx25639aab2801444cb21f2-0068e85c39" "proxy-server 86594" 0.0685 "-" 93568 0
Oct 09 21:07:05 np0005479242.novalocal proxy-server[86594]: ::1 ::1 10/Oct/2025/01/07/05 PUT /v1/AUTH_7e08652c4e3e41b29e5f05d128f57ab8/gnocchi.4c1e8553-4600-47e6-858c-2c30d8d28c5d/none_v3 HTTP/1.0 201 - python-swiftclient-4.5.0 gAAAAABo6Fv-oWcl... 35 - - txfb2068e136104195985ae-0068e85c39 - 0.0837 - - 1760058425.070258141 1760058425.153986216 0
Oct 09 21:07:05 np0005479242.novalocal proxy-server[86594]: ::1 ::1 10/Oct/2025/01/07/05 PUT /v1/AUTH_7e08652c4e3e41b29e5f05d128f57ab8/gnocchi.359f4c35-fe4d-42b3-8ef6-08e092f0260f HTTP/1.0 201 - python-swiftclient-4.5.0 gAAAAABo6Fv-PTBu... - - - tx25639aab2801444cb21f2-0068e85c39 - 0.0775 - - 1760058425.078907967 1760058425.156445742 0
Oct 09 21:07:05 np0005479242.novalocal container-server[93568]: ::1 - - [10/Oct/2025:01:07:05 +0000] "HEAD /1/139292/AUTH_7e08652c4e3e41b29e5f05d128f57ab8/gnocchi.359f4c35-fe4d-42b3-8ef6-08e092f0260f" 204 - "HEAD http://[::1]:8080/v1/AUTH_7e08652c4e3e41b29e5f05d128f57ab8/gnocchi.359f4c35-fe4d-42b3-8ef6-08e092f0260f" "txbc6a8d9d7245462ea40c5-0068e85c39" "proxy-server 86594" 0.0009 "-" 93568 0
Oct 09 21:07:05 np0005479242.novalocal proxy-server[86594]: - - 10/Oct/2025/01/07/05 HEAD /v1/AUTH_7e08652c4e3e41b29e5f05d128f57ab8/gnocchi.359f4c35-fe4d-42b3-8ef6-08e092f0260f HTTP/1.0 204 - Swift - - - - txbc6a8d9d7245462ea40c5-0068e85c39 - 0.0063 CS - 1760058425.160347223 1760058425.166668892 0
Oct 09 21:07:05 np0005479242.novalocal container-server[93568]: ::1 - - [10/Oct/2025:01:07:05 +0000] "GET /2/139292/AUTH_7e08652c4e3e41b29e5f05d128f57ab8/gnocchi.359f4c35-fe4d-42b3-8ef6-08e092f0260f" 200 2 "GET http://[::1]:8080/v1/AUTH_7e08652c4e3e41b29e5f05d128f57ab8/gnocchi.359f4c35-fe4d-42b3-8ef6-08e092f0260f?format=json&states=listing" "txbc6a8d9d7245462ea40c5-0068e85c39" "proxy-server 86594" 0.0019 "-" 93568 0
Oct 09 21:07:05 np0005479242.novalocal proxy-server[86594]: ::1 ::1 10/Oct/2025/01/07/05 GET /v1/AUTH_7e08652c4e3e41b29e5f05d128f57ab8/gnocchi.359f4c35-fe4d-42b3-8ef6-08e092f0260f%3Fformat%3Djson%26states%3Dlisting HTTP/1.0 200 - python-swiftclient-4.5.0 gAAAAABo6Fv-PTBu... - 2 - txbc6a8d9d7245462ea40c5-0068e85c39 - 0.0199 - - 1760058425.159582615 1760058425.179483175 0
Oct 09 21:07:05 np0005479242.novalocal container-server[93568]: ::1 - - [10/Oct/2025:01:07:05 +0000] "HEAD /1/232794/AUTH_7e08652c4e3e41b29e5f05d128f57ab8/gnocchi.521affd6-38b3-46be-b0f4-c1853c2d2d27" 404 - "HEAD http://[::1]:8080/v1/AUTH_7e08652c4e3e41b29e5f05d128f57ab8/gnocchi.521affd6-38b3-46be-b0f4-c1853c2d2d27" "tx5f28b2dab18f4aff87018-0068e85c39" "proxy-server 86594" 0.0003 "-" 93568 0
Oct 09 21:07:05 np0005479242.novalocal object-server[93871]: ::1 - - [10/Oct/2025:01:07:05 +0000] "GET /2/77775/AUTH_7e08652c4e3e41b29e5f05d128f57ab8/gnocchi.359f4c35-fe4d-42b3-8ef6-08e092f0260f/1759320000.0_mean_300.0_v3" 404 70 "GET http://[::1]:8080/v1/AUTH_7e08652c4e3e41b29e5f05d128f57ab8/gnocchi.359f4c35-fe4d-42b3-8ef6-08e092f0260f/1759320000.0_mean_300.0_v3" "txdf88827a8f6a43b491c6b-0068e85c39" "proxy-server 86594" 0.0003 "-" 93871 0
Oct 09 21:07:05 np0005479242.novalocal container-server[93568]: ::1 - - [10/Oct/2025:01:07:05 +0000] "HEAD /3/232794/AUTH_7e08652c4e3e41b29e5f05d128f57ab8/gnocchi.521affd6-38b3-46be-b0f4-c1853c2d2d27" 404 - "HEAD http://[::1]:8080/v1/AUTH_7e08652c4e3e41b29e5f05d128f57ab8/gnocchi.521affd6-38b3-46be-b0f4-c1853c2d2d27" "tx5f28b2dab18f4aff87018-0068e85c39" "proxy-server 86594" 0.0002 "-" 93568 0
Oct 09 21:07:05 np0005479242.novalocal object-server[93870]: ::1 - - [10/Oct/2025:01:07:05 +0000] "GET /3/77775/AUTH_7e08652c4e3e41b29e5f05d128f57ab8/gnocchi.359f4c35-fe4d-42b3-8ef6-08e092f0260f/1759320000.0_mean_300.0_v3" 404 70 "GET http://[::1]:8080/v1/AUTH_7e08652c4e3e41b29e5f05d128f57ab8/gnocchi.359f4c35-fe4d-42b3-8ef6-08e092f0260f/1759320000.0_mean_300.0_v3" "txdf88827a8f6a43b491c6b-0068e85c39" "proxy-server 86594" 0.0003 "-" 93870 0
Oct 09 21:07:05 np0005479242.novalocal container-server[93569]: ::1 - - [10/Oct/2025:01:07:05 +0000] "HEAD /2/232794/AUTH_7e08652c4e3e41b29e5f05d128f57ab8/gnocchi.521affd6-38b3-46be-b0f4-c1853c2d2d27" 404 - "HEAD http://[::1]:8080/v1/AUTH_7e08652c4e3e41b29e5f05d128f57ab8/gnocchi.521affd6-38b3-46be-b0f4-c1853c2d2d27" "tx5f28b2dab18f4aff87018-0068e85c39" "proxy-server 86594" 0.0003 "-" 93569 0
Oct 09 21:07:05 np0005479242.novalocal proxy-server[86594]: - - 10/Oct/2025/01/07/05 HEAD /v1/AUTH_7e08652c4e3e41b29e5f05d128f57ab8/gnocchi.521affd6-38b3-46be-b0f4-c1853c2d2d27 HTTP/1.0 404 - Swift - - - - tx5f28b2dab18f4aff87018-0068e85c39 - 0.0169 CS - 1760058425.180082798 1760058425.196937561 0
Oct 09 21:07:05 np0005479242.novalocal object-server[93871]: ::1 - - [10/Oct/2025:01:07:05 +0000] "GET /1/77775/AUTH_7e08652c4e3e41b29e5f05d128f57ab8/gnocchi.359f4c35-fe4d-42b3-8ef6-08e092f0260f/1759320000.0_mean_300.0_v3" 404 70 "GET http://[::1]:8080/v1/AUTH_7e08652c4e3e41b29e5f05d128f57ab8/gnocchi.359f4c35-fe4d-42b3-8ef6-08e092f0260f/1759320000.0_mean_300.0_v3" "txdf88827a8f6a43b491c6b-0068e85c39" "proxy-server 86594" 0.0003 "-" 93871 0
Oct 09 21:07:05 np0005479242.novalocal proxy-server[86594]: ::1 ::1 10/Oct/2025/01/07/05 GET /v1/AUTH_7e08652c4e3e41b29e5f05d128f57ab8/gnocchi.359f4c35-fe4d-42b3-8ef6-08e092f0260f/1759320000.0_mean_300.0_v3 HTTP/1.0 404 - python-swiftclient-4.5.0 gAAAAABo6Fv-PTBu... - 70 - txdf88827a8f6a43b491c6b-0068e85c39 - 0.0219 - - 1760058425.183851719 1760058425.205796003 0
Oct 09 21:07:05 np0005479242.novalocal object-server[93871]: ::1 - - [10/Oct/2025:01:07:05 +0000] "GET /1/192997/AUTH_7e08652c4e3e41b29e5f05d128f57ab8/gnocchi.521affd6-38b3-46be-b0f4-c1853c2d2d27/none_v3" 404 70 "GET http://[::1]:8080/v1/AUTH_7e08652c4e3e41b29e5f05d128f57ab8/gnocchi.521affd6-38b3-46be-b0f4-c1853c2d2d27/none_v3" "tx5f28b2dab18f4aff87018-0068e85c39" "proxy-server 86594" 0.0002 "-" 93871 0
Oct 09 21:07:05 np0005479242.novalocal object-server[93870]: ::1 - - [10/Oct/2025:01:07:05 +0000] "GET /3/192997/AUTH_7e08652c4e3e41b29e5f05d128f57ab8/gnocchi.521affd6-38b3-46be-b0f4-c1853c2d2d27/none_v3" 404 70 "GET http://[::1]:8080/v1/AUTH_7e08652c4e3e41b29e5f05d128f57ab8/gnocchi.521affd6-38b3-46be-b0f4-c1853c2d2d27/none_v3" "tx5f28b2dab18f4aff87018-0068e85c39" "proxy-server 86594" 0.0003 "-" 93870 0
Oct 09 21:07:05 np0005479242.novalocal object-server[93870]: ::1 - - [10/Oct/2025:01:07:05 +0000] "GET /2/192997/AUTH_7e08652c4e3e41b29e5f05d128f57ab8/gnocchi.521affd6-38b3-46be-b0f4-c1853c2d2d27/none_v3" 404 70 "GET http://[::1]:8080/v1/AUTH_7e08652c4e3e41b29e5f05d128f57ab8/gnocchi.521affd6-38b3-46be-b0f4-c1853c2d2d27/none_v3" "tx5f28b2dab18f4aff87018-0068e85c39" "proxy-server 86594" 0.0002 "-" 93870 0
Oct 09 21:07:05 np0005479242.novalocal proxy-server[86594]: ::1 ::1 10/Oct/2025/01/07/05 GET /v1/AUTH_7e08652c4e3e41b29e5f05d128f57ab8/gnocchi.521affd6-38b3-46be-b0f4-c1853c2d2d27/none_v3 HTTP/1.0 404 - python-swiftclient-4.5.0 gAAAAABo6Fv-oWcl... - 70 - tx5f28b2dab18f4aff87018-0068e85c39 - 0.0466 - - 1760058425.177685499 1760058425.224314928 0
Oct 09 21:07:05 np0005479242.novalocal container-server[93569]: ::1 - - [10/Oct/2025:01:07:05 +0000] "PUT /2/139292/AUTH_7e08652c4e3e41b29e5f05d128f57ab8/gnocchi.359f4c35-fe4d-42b3-8ef6-08e092f0260f/1759320000.0_mean_300.0_v3" 201 - "PUT http://[::1]:8080/2/77775/AUTH_7e08652c4e3e41b29e5f05d128f57ab8/gnocchi.359f4c35-fe4d-42b3-8ef6-08e092f0260f/1759320000.0_mean_300.0_v3" "tx59eea2f9dac744748ee00-0068e85c39" "object-server 93870" 0.0009 "-" 93569 0
Oct 09 21:07:05 np0005479242.novalocal object-server[93870]: ::1 - - [10/Oct/2025:01:07:05 +0000] "PUT /2/77775/AUTH_7e08652c4e3e41b29e5f05d128f57ab8/gnocchi.359f4c35-fe4d-42b3-8ef6-08e092f0260f/1759320000.0_mean_300.0_v3" 201 - "PUT http://[::1]:8080/v1/AUTH_7e08652c4e3e41b29e5f05d128f57ab8/gnocchi.359f4c35-fe4d-42b3-8ef6-08e092f0260f/1759320000.0_mean_300.0_v3" "tx59eea2f9dac744748ee00-0068e85c39" "proxy-server 86594" 0.0145 "-" 93870 0
Oct 09 21:07:05 np0005479242.novalocal container-server[93569]: ::1 - - [10/Oct/2025:01:07:05 +0000] "PUT /1/139292/AUTH_7e08652c4e3e41b29e5f05d128f57ab8/gnocchi.359f4c35-fe4d-42b3-8ef6-08e092f0260f/1759320000.0_mean_300.0_v3" 201 - "PUT http://[::1]:8080/3/77775/AUTH_7e08652c4e3e41b29e5f05d128f57ab8/gnocchi.359f4c35-fe4d-42b3-8ef6-08e092f0260f/1759320000.0_mean_300.0_v3" "tx59eea2f9dac744748ee00-0068e85c39" "object-server 93870" 0.0006 "-" 93569 0
Oct 09 21:07:05 np0005479242.novalocal object-server[93870]: ::1 - - [10/Oct/2025:01:07:05 +0000] "PUT /3/77775/AUTH_7e08652c4e3e41b29e5f05d128f57ab8/gnocchi.359f4c35-fe4d-42b3-8ef6-08e092f0260f/1759320000.0_mean_300.0_v3" 201 - "PUT http://[::1]:8080/v1/AUTH_7e08652c4e3e41b29e5f05d128f57ab8/gnocchi.359f4c35-fe4d-42b3-8ef6-08e092f0260f/1759320000.0_mean_300.0_v3" "tx59eea2f9dac744748ee00-0068e85c39" "proxy-server 86594" 0.0186 "-" 93870 0
Oct 09 21:07:05 np0005479242.novalocal container-server[93568]: ::1 - - [10/Oct/2025:01:07:05 +0000] "PUT /3/139292/AUTH_7e08652c4e3e41b29e5f05d128f57ab8/gnocchi.359f4c35-fe4d-42b3-8ef6-08e092f0260f/1759320000.0_mean_300.0_v3" 201 - "PUT http://[::1]:8080/1/77775/AUTH_7e08652c4e3e41b29e5f05d128f57ab8/gnocchi.359f4c35-fe4d-42b3-8ef6-08e092f0260f/1759320000.0_mean_300.0_v3" "tx59eea2f9dac744748ee00-0068e85c39" "object-server 93870" 0.0003 "-" 93568 0
Oct 09 21:07:05 np0005479242.novalocal object-server[93870]: ::1 - - [10/Oct/2025:01:07:05 +0000] "PUT /1/77775/AUTH_7e08652c4e3e41b29e5f05d128f57ab8/gnocchi.359f4c35-fe4d-42b3-8ef6-08e092f0260f/1759320000.0_mean_300.0_v3" 201 - "PUT http://[::1]:8080/v1/AUTH_7e08652c4e3e41b29e5f05d128f57ab8/gnocchi.359f4c35-fe4d-42b3-8ef6-08e092f0260f/1759320000.0_mean_300.0_v3" "tx59eea2f9dac744748ee00-0068e85c39" "proxy-server 86594" 0.0392 "-" 93870 0
Oct 09 21:07:05 np0005479242.novalocal account-server[93272]: ::1 - - [10/Oct/2025:01:07:05 +0000] "PUT /2/130220/AUTH_7e08652c4e3e41b29e5f05d128f57ab8/gnocchi.521affd6-38b3-46be-b0f4-c1853c2d2d27" 201 - "PUT http://[::1]:6001/2/232794/AUTH_7e08652c4e3e41b29e5f05d128f57ab8/gnocchi.521affd6-38b3-46be-b0f4-c1853c2d2d27" "txb2843f9427d543dbb9f52-0068e85c39" "container-server 93568" 0.0036 "-" 93272 0
Oct 09 21:07:05 np0005479242.novalocal proxy-server[86594]: ::1 ::1 10/Oct/2025/01/07/05 PUT /v1/AUTH_7e08652c4e3e41b29e5f05d128f57ab8/gnocchi.359f4c35-fe4d-42b3-8ef6-08e092f0260f/1759320000.0_mean_300.0_v3 HTTP/1.0 201 - python-swiftclient-4.5.0 gAAAAABo6Fv-PTBu... 16 - - tx59eea2f9dac744748ee00-0068e85c39 - 0.0493 - - 1760058425.208151579 1760058425.257405281 0
Oct 09 21:07:05 np0005479242.novalocal container-server[93568]: ::1 - - [10/Oct/2025:01:07:05 +0000] "PUT /2/232794/AUTH_7e08652c4e3e41b29e5f05d128f57ab8/gnocchi.521affd6-38b3-46be-b0f4-c1853c2d2d27" 201 - "PUT http://[::1]:8080/v1/AUTH_7e08652c4e3e41b29e5f05d128f57ab8/gnocchi.521affd6-38b3-46be-b0f4-c1853c2d2d27" "txb2843f9427d543dbb9f52-0068e85c39" "proxy-server 86594" 0.0364 "-" 93568 0
Oct 09 21:07:05 np0005479242.novalocal account-server[93271]: ::1 - - [10/Oct/2025:01:07:05 +0000] "PUT /3/130220/AUTH_7e08652c4e3e41b29e5f05d128f57ab8/gnocchi.521affd6-38b3-46be-b0f4-c1853c2d2d27" 201 - "PUT http://[::1]:6001/1/232794/AUTH_7e08652c4e3e41b29e5f05d128f57ab8/gnocchi.521affd6-38b3-46be-b0f4-c1853c2d2d27" "txb2843f9427d543dbb9f52-0068e85c39" "container-server 93568" 0.0143 "-" 93271 0
Oct 09 21:07:05 np0005479242.novalocal container-server[93568]: ::1 - - [10/Oct/2025:01:07:05 +0000] "PUT /1/232794/AUTH_7e08652c4e3e41b29e5f05d128f57ab8/gnocchi.521affd6-38b3-46be-b0f4-c1853c2d2d27" 201 - "PUT http://[::1]:8080/v1/AUTH_7e08652c4e3e41b29e5f05d128f57ab8/gnocchi.521affd6-38b3-46be-b0f4-c1853c2d2d27" "txb2843f9427d543dbb9f52-0068e85c39" "proxy-server 86594" 0.0231 "-" 93568 0
Oct 09 21:07:05 np0005479242.novalocal sudo[101615]: pam_unix(sudo:session): session closed for user root
Oct 09 21:07:05 np0005479242.novalocal container-server[93568]: ::1 - - [10/Oct/2025:01:07:05 +0000] "PUT /1/139292/AUTH_7e08652c4e3e41b29e5f05d128f57ab8/gnocchi.359f4c35-fe4d-42b3-8ef6-08e092f0260f/none_v3" 201 - "PUT http://[::1]:8080/2/226735/AUTH_7e08652c4e3e41b29e5f05d128f57ab8/gnocchi.359f4c35-fe4d-42b3-8ef6-08e092f0260f/none_v3" "tx5247a7324c4b42e1b9f7d-0068e85c39" "object-server 93870" 0.0005 "-" 93568 0
Oct 09 21:07:05 np0005479242.novalocal object-server[93870]: ::1 - - [10/Oct/2025:01:07:05 +0000] "PUT /2/226735/AUTH_7e08652c4e3e41b29e5f05d128f57ab8/gnocchi.359f4c35-fe4d-42b3-8ef6-08e092f0260f/none_v3" 201 - "PUT http://[::1]:8080/v1/AUTH_7e08652c4e3e41b29e5f05d128f57ab8/gnocchi.359f4c35-fe4d-42b3-8ef6-08e092f0260f/none_v3" "tx5247a7324c4b42e1b9f7d-0068e85c39" "proxy-server 86594" 0.0132 "-" 93870 0
Oct 09 21:07:05 np0005479242.novalocal container-server[93569]: ::1 - - [10/Oct/2025:01:07:05 +0000] "PUT /3/139292/AUTH_7e08652c4e3e41b29e5f05d128f57ab8/gnocchi.359f4c35-fe4d-42b3-8ef6-08e092f0260f/none_v3" 201 - "PUT http://[::1]:8080/1/226735/AUTH_7e08652c4e3e41b29e5f05d128f57ab8/gnocchi.359f4c35-fe4d-42b3-8ef6-08e092f0260f/none_v3" "tx5247a7324c4b42e1b9f7d-0068e85c39" "object-server 93871" 0.0005 "-" 93569 0
Oct 09 21:07:05 np0005479242.novalocal container-server[93569]: ::1 - - [10/Oct/2025:01:07:05 +0000] "PUT /2/139292/AUTH_7e08652c4e3e41b29e5f05d128f57ab8/gnocchi.359f4c35-fe4d-42b3-8ef6-08e092f0260f/none_v3" 201 - "PUT http://[::1]:8080/3/226735/AUTH_7e08652c4e3e41b29e5f05d128f57ab8/gnocchi.359f4c35-fe4d-42b3-8ef6-08e092f0260f/none_v3" "tx5247a7324c4b42e1b9f7d-0068e85c39" "object-server 93870" 0.0006 "-" 93569 0
Oct 09 21:07:05 np0005479242.novalocal object-server[93870]: ::1 - - [10/Oct/2025:01:07:05 +0000] "PUT /3/226735/AUTH_7e08652c4e3e41b29e5f05d128f57ab8/gnocchi.359f4c35-fe4d-42b3-8ef6-08e092f0260f/none_v3" 201 - "PUT http://[::1]:8080/v1/AUTH_7e08652c4e3e41b29e5f05d128f57ab8/gnocchi.359f4c35-fe4d-42b3-8ef6-08e092f0260f/none_v3" "tx5247a7324c4b42e1b9f7d-0068e85c39" "proxy-server 86594" 0.0142 "-" 93870 0
Oct 09 21:07:05 np0005479242.novalocal account-server[93271]: ::1 - - [10/Oct/2025:01:07:05 +0000] "PUT /1/130220/AUTH_7e08652c4e3e41b29e5f05d128f57ab8/gnocchi.521affd6-38b3-46be-b0f4-c1853c2d2d27" 201 - "PUT http://[::1]:6001/3/232794/AUTH_7e08652c4e3e41b29e5f05d128f57ab8/gnocchi.521affd6-38b3-46be-b0f4-c1853c2d2d27" "txb2843f9427d543dbb9f52-0068e85c39" "container-server 93568" 0.0101 "-" 93271 0
Oct 09 21:07:05 np0005479242.novalocal object-server[93871]: ::1 - - [10/Oct/2025:01:07:05 +0000] "PUT /1/226735/AUTH_7e08652c4e3e41b29e5f05d128f57ab8/gnocchi.359f4c35-fe4d-42b3-8ef6-08e092f0260f/none_v3" 201 - "PUT http://[::1]:8080/v1/AUTH_7e08652c4e3e41b29e5f05d128f57ab8/gnocchi.359f4c35-fe4d-42b3-8ef6-08e092f0260f/none_v3" "tx5247a7324c4b42e1b9f7d-0068e85c39" "proxy-server 86594" 0.0161 "-" 93871 0
Oct 09 21:07:05 np0005479242.novalocal proxy-server[86594]: ::1 ::1 10/Oct/2025/01/07/05 PUT /v1/AUTH_7e08652c4e3e41b29e5f05d128f57ab8/gnocchi.359f4c35-fe4d-42b3-8ef6-08e092f0260f/none_v3 HTTP/1.0 201 - python-swiftclient-4.5.0 gAAAAABo6Fv-PTBu... 22 - - tx5247a7324c4b42e1b9f7d-0068e85c39 - 0.0238 - - 1760058425.259728670 1760058425.283496618 0
Oct 09 21:07:05 np0005479242.novalocal container-server[93568]: ::1 - - [10/Oct/2025:01:07:05 +0000] "PUT /3/232794/AUTH_7e08652c4e3e41b29e5f05d128f57ab8/gnocchi.521affd6-38b3-46be-b0f4-c1853c2d2d27" 201 - "PUT http://[::1]:8080/v1/AUTH_7e08652c4e3e41b29e5f05d128f57ab8/gnocchi.521affd6-38b3-46be-b0f4-c1853c2d2d27" "txb2843f9427d543dbb9f52-0068e85c39" "proxy-server 86594" 0.0453 "-" 93568 0
Oct 09 21:07:05 np0005479242.novalocal proxy-server[86594]: ::1 ::1 10/Oct/2025/01/07/05 PUT /v1/AUTH_7e08652c4e3e41b29e5f05d128f57ab8/gnocchi.521affd6-38b3-46be-b0f4-c1853c2d2d27 HTTP/1.0 201 - python-swiftclient-4.5.0 gAAAAABo6Fv-oWcl... - - - txb2843f9427d543dbb9f52-0068e85c39 - 0.0652 - - 1760058425.227578878 1760058425.292823792 0
Oct 09 21:07:05 np0005479242.novalocal container-server[93569]: ::1 - - [10/Oct/2025:01:07:05 +0000] "HEAD /1/233678/AUTH_7e08652c4e3e41b29e5f05d128f57ab8/gnocchi.e28f103f-4856-475f-bf77-3052505a8ec7" 404 - "HEAD http://[::1]:8080/v1/AUTH_7e08652c4e3e41b29e5f05d128f57ab8/gnocchi.e28f103f-4856-475f-bf77-3052505a8ec7" "txa34119db12704523ac786-0068e85c39" "proxy-server 86594" 0.0002 "-" 93569 0
Oct 09 21:07:05 np0005479242.novalocal container-server[93568]: ::1 - - [10/Oct/2025:01:07:05 +0000] "HEAD /2/233678/AUTH_7e08652c4e3e41b29e5f05d128f57ab8/gnocchi.e28f103f-4856-475f-bf77-3052505a8ec7" 404 - "HEAD http://[::1]:8080/v1/AUTH_7e08652c4e3e41b29e5f05d128f57ab8/gnocchi.e28f103f-4856-475f-bf77-3052505a8ec7" "txa34119db12704523ac786-0068e85c39" "proxy-server 86594" 0.0004 "-" 93568 0
Oct 09 21:07:05 np0005479242.novalocal container-server[93569]: ::1 - - [10/Oct/2025:01:07:05 +0000] "HEAD /3/233678/AUTH_7e08652c4e3e41b29e5f05d128f57ab8/gnocchi.e28f103f-4856-475f-bf77-3052505a8ec7" 404 - "HEAD http://[::1]:8080/v1/AUTH_7e08652c4e3e41b29e5f05d128f57ab8/gnocchi.e28f103f-4856-475f-bf77-3052505a8ec7" "txa34119db12704523ac786-0068e85c39" "proxy-server 86594" 0.0003 "-" 93569 0
Oct 09 21:07:05 np0005479242.novalocal proxy-server[86594]: - - 10/Oct/2025/01/07/05 HEAD /v1/AUTH_7e08652c4e3e41b29e5f05d128f57ab8/gnocchi.e28f103f-4856-475f-bf77-3052505a8ec7 HTTP/1.0 404 - Swift - - - - txa34119db12704523ac786-0068e85c39 - 0.0073 CS - 1760058425.291156292 1760058425.298453569 0
Oct 09 21:07:05 np0005479242.novalocal object-server[93870]: ::1 - - [10/Oct/2025:01:07:05 +0000] "GET /1/160573/AUTH_7e08652c4e3e41b29e5f05d128f57ab8/gnocchi.e28f103f-4856-475f-bf77-3052505a8ec7/none_v3" 404 70 "GET http://[::1]:8080/v1/AUTH_7e08652c4e3e41b29e5f05d128f57ab8/gnocchi.e28f103f-4856-475f-bf77-3052505a8ec7/none_v3" "txa34119db12704523ac786-0068e85c39" "proxy-server 86594" 0.0003 "-" 93870 0
Oct 09 21:07:05 np0005479242.novalocal object-server[93870]: ::1 - - [10/Oct/2025:01:07:05 +0000] "GET /2/160573/AUTH_7e08652c4e3e41b29e5f05d128f57ab8/gnocchi.e28f103f-4856-475f-bf77-3052505a8ec7/none_v3" 404 70 "GET http://[::1]:8080/v1/AUTH_7e08652c4e3e41b29e5f05d128f57ab8/gnocchi.e28f103f-4856-475f-bf77-3052505a8ec7/none_v3" "txa34119db12704523ac786-0068e85c39" "proxy-server 86594" 0.0001 "-" 93870 0
Oct 09 21:07:05 np0005479242.novalocal container-server[93569]: ::1 - - [10/Oct/2025:01:07:05 +0000] "HEAD /2/232794/AUTH_7e08652c4e3e41b29e5f05d128f57ab8/gnocchi.521affd6-38b3-46be-b0f4-c1853c2d2d27" 204 - "HEAD http://[::1]:8080/v1/AUTH_7e08652c4e3e41b29e5f05d128f57ab8/gnocchi.521affd6-38b3-46be-b0f4-c1853c2d2d27" "tx7197516adb594d6c9d42e-0068e85c39" "proxy-server 86594" 0.0013 "-" 93569 0
Oct 09 21:07:05 np0005479242.novalocal proxy-server[86594]: - - 10/Oct/2025/01/07/05 HEAD /v1/AUTH_7e08652c4e3e41b29e5f05d128f57ab8/gnocchi.521affd6-38b3-46be-b0f4-c1853c2d2d27 HTTP/1.0 204 - Swift - - - - tx7197516adb594d6c9d42e-0068e85c39 - 0.0060 CS - 1760058425.303019524 1760058425.308983803 0
Oct 09 21:07:05 np0005479242.novalocal object-server[93870]: ::1 - - [10/Oct/2025:01:07:05 +0000] "GET /3/160573/AUTH_7e08652c4e3e41b29e5f05d128f57ab8/gnocchi.e28f103f-4856-475f-bf77-3052505a8ec7/none_v3" 404 70 "GET http://[::1]:8080/v1/AUTH_7e08652c4e3e41b29e5f05d128f57ab8/gnocchi.e28f103f-4856-475f-bf77-3052505a8ec7/none_v3" "txa34119db12704523ac786-0068e85c39" "proxy-server 86594" 0.0002 "-" 93870 0
Oct 09 21:07:05 np0005479242.novalocal proxy-server[86594]: ::1 ::1 10/Oct/2025/01/07/05 GET /v1/AUTH_7e08652c4e3e41b29e5f05d128f57ab8/gnocchi.e28f103f-4856-475f-bf77-3052505a8ec7/none_v3 HTTP/1.0 404 - python-swiftclient-4.5.0 gAAAAABo6Fv-PTBu... - 70 - txa34119db12704523ac786-0068e85c39 - 0.0198 - - 1760058425.290638924 1760058425.310404062 0
Oct 09 21:07:05 np0005479242.novalocal container-server[93569]: ::1 - - [10/Oct/2025:01:07:05 +0000] "GET /2/232794/AUTH_7e08652c4e3e41b29e5f05d128f57ab8/gnocchi.521affd6-38b3-46be-b0f4-c1853c2d2d27" 200 2 "GET http://[::1]:8080/v1/AUTH_7e08652c4e3e41b29e5f05d128f57ab8/gnocchi.521affd6-38b3-46be-b0f4-c1853c2d2d27?format=json&states=listing" "tx7197516adb594d6c9d42e-0068e85c39" "proxy-server 86594" 0.0022 "-" 93569 0
Oct 09 21:07:05 np0005479242.novalocal proxy-server[86594]: ::1 ::1 10/Oct/2025/01/07/05 GET /v1/AUTH_7e08652c4e3e41b29e5f05d128f57ab8/gnocchi.521affd6-38b3-46be-b0f4-c1853c2d2d27%3Fformat%3Djson%26states%3Dlisting HTTP/1.0 200 - python-swiftclient-4.5.0 gAAAAABo6Fv-oWcl... - 2 - tx7197516adb594d6c9d42e-0068e85c39 - 0.0252 - - 1760058425.297552109 1760058425.322726488 0
Oct 09 21:07:05 np0005479242.novalocal account-server[93271]: ::1 - - [10/Oct/2025:01:07:05 +0000] "PUT /3/130220/AUTH_7e08652c4e3e41b29e5f05d128f57ab8/gnocchi.e28f103f-4856-475f-bf77-3052505a8ec7" 201 - "PUT http://[::1]:6001/2/233678/AUTH_7e08652c4e3e41b29e5f05d128f57ab8/gnocchi.e28f103f-4856-475f-bf77-3052505a8ec7" "txc54881973e28487183695-0068e85c39" "container-server 93568" 0.0059 "-" 93271 0
Oct 09 21:07:05 np0005479242.novalocal container-server[93568]: ::1 - - [10/Oct/2025:01:07:05 +0000] "PUT /2/233678/AUTH_7e08652c4e3e41b29e5f05d128f57ab8/gnocchi.e28f103f-4856-475f-bf77-3052505a8ec7" 201 - "PUT http://[::1]:8080/v1/AUTH_7e08652c4e3e41b29e5f05d128f57ab8/gnocchi.e28f103f-4856-475f-bf77-3052505a8ec7" "txc54881973e28487183695-0068e85c39" "proxy-server 86594" 0.0162 "-" 93568 0
Oct 09 21:07:05 np0005479242.novalocal object-server[93870]: ::1 - - [10/Oct/2025:01:07:05 +0000] "GET /2/253975/AUTH_7e08652c4e3e41b29e5f05d128f57ab8/gnocchi.521affd6-38b3-46be-b0f4-c1853c2d2d27/1759320000.0_mean_300.0_v3" 404 70 "GET http://[::1]:8080/v1/AUTH_7e08652c4e3e41b29e5f05d128f57ab8/gnocchi.521affd6-38b3-46be-b0f4-c1853c2d2d27/1759320000.0_mean_300.0_v3" "tx8f0936e60fe64a7eb44fe-0068e85c39" "proxy-server 86594" 0.0002 "-" 93870 0
Oct 09 21:07:05 np0005479242.novalocal object-server[93871]: ::1 - - [10/Oct/2025:01:07:05 +0000] "GET /3/253975/AUTH_7e08652c4e3e41b29e5f05d128f57ab8/gnocchi.521affd6-38b3-46be-b0f4-c1853c2d2d27/1759320000.0_mean_300.0_v3" 404 70 "GET http://[::1]:8080/v1/AUTH_7e08652c4e3e41b29e5f05d128f57ab8/gnocchi.521affd6-38b3-46be-b0f4-c1853c2d2d27/1759320000.0_mean_300.0_v3" "tx8f0936e60fe64a7eb44fe-0068e85c39" "proxy-server 86594" 0.0003 "-" 93871 0
Oct 09 21:07:05 np0005479242.novalocal object-server[93870]: ::1 - - [10/Oct/2025:01:07:05 +0000] "GET /1/253975/AUTH_7e08652c4e3e41b29e5f05d128f57ab8/gnocchi.521affd6-38b3-46be-b0f4-c1853c2d2d27/1759320000.0_mean_300.0_v3" 404 70 "GET http://[::1]:8080/v1/AUTH_7e08652c4e3e41b29e5f05d128f57ab8/gnocchi.521affd6-38b3-46be-b0f4-c1853c2d2d27/1759320000.0_mean_300.0_v3" "tx8f0936e60fe64a7eb44fe-0068e85c39" "proxy-server 86594" 0.0002 "-" 93870 0
Oct 09 21:07:05 np0005479242.novalocal proxy-server[86594]: ::1 ::1 10/Oct/2025/01/07/05 GET /v1/AUTH_7e08652c4e3e41b29e5f05d128f57ab8/gnocchi.521affd6-38b3-46be-b0f4-c1853c2d2d27/1759320000.0_mean_300.0_v3 HTTP/1.0 404 - python-swiftclient-4.5.0 gAAAAABo6Fv-oWcl... - 70 - tx8f0936e60fe64a7eb44fe-0068e85c39 - 0.0095 - - 1760058425.331793308 1760058425.341252089 0
Oct 09 21:07:05 np0005479242.novalocal account-server[93271]: ::1 - - [10/Oct/2025:01:07:05 +0000] "PUT /1/130220/AUTH_7e08652c4e3e41b29e5f05d128f57ab8/gnocchi.e28f103f-4856-475f-bf77-3052505a8ec7" 201 - "PUT http://[::1]:6001/3/233678/AUTH_7e08652c4e3e41b29e5f05d128f57ab8/gnocchi.e28f103f-4856-475f-bf77-3052505a8ec7" "txc54881973e28487183695-0068e85c39" "container-server 93569" 0.0089 "-" 93271 0
Oct 09 21:07:05 np0005479242.novalocal container-server[93569]: ::1 - - [10/Oct/2025:01:07:05 +0000] "PUT /3/233678/AUTH_7e08652c4e3e41b29e5f05d128f57ab8/gnocchi.e28f103f-4856-475f-bf77-3052505a8ec7" 201 - "PUT http://[::1]:8080/v1/AUTH_7e08652c4e3e41b29e5f05d128f57ab8/gnocchi.e28f103f-4856-475f-bf77-3052505a8ec7" "txc54881973e28487183695-0068e85c39" "proxy-server 86594" 0.0202 "-" 93569 0
Oct 09 21:07:05 np0005479242.novalocal account-server[93271]: ::1 - - [10/Oct/2025:01:07:05 +0000] "PUT /2/130220/AUTH_7e08652c4e3e41b29e5f05d128f57ab8/gnocchi.e28f103f-4856-475f-bf77-3052505a8ec7" 201 - "PUT http://[::1]:6001/1/233678/AUTH_7e08652c4e3e41b29e5f05d128f57ab8/gnocchi.e28f103f-4856-475f-bf77-3052505a8ec7" "txc54881973e28487183695-0068e85c39" "container-server 93569" 0.0053 "-" 93271 0
Oct 09 21:07:05 np0005479242.novalocal container-server[93569]: ::1 - - [10/Oct/2025:01:07:05 +0000] "PUT /1/233678/AUTH_7e08652c4e3e41b29e5f05d128f57ab8/gnocchi.e28f103f-4856-475f-bf77-3052505a8ec7" 201 - "PUT http://[::1]:8080/v1/AUTH_7e08652c4e3e41b29e5f05d128f57ab8/gnocchi.e28f103f-4856-475f-bf77-3052505a8ec7" "txc54881973e28487183695-0068e85c39" "proxy-server 86594" 0.0344 "-" 93569 0
Oct 09 21:07:05 np0005479242.novalocal proxy-server[86594]: ::1 ::1 10/Oct/2025/01/07/05 PUT /v1/AUTH_7e08652c4e3e41b29e5f05d128f57ab8/gnocchi.e28f103f-4856-475f-bf77-3052505a8ec7 HTTP/1.0 201 - python-swiftclient-4.5.0 gAAAAABo6Fv-PTBu... - - - txc54881973e28487183695-0068e85c39 - 0.0454 - - 1760058425.312481880 1760058425.357900143 0
Oct 09 21:07:05 np0005479242.novalocal container-server[93568]: ::1 - - [10/Oct/2025:01:07:05 +0000] "HEAD /3/233678/AUTH_7e08652c4e3e41b29e5f05d128f57ab8/gnocchi.e28f103f-4856-475f-bf77-3052505a8ec7" 204 - "HEAD http://[::1]:8080/v1/AUTH_7e08652c4e3e41b29e5f05d128f57ab8/gnocchi.e28f103f-4856-475f-bf77-3052505a8ec7" "txca05f66a647f493abeb59-0068e85c39" "proxy-server 86594" 0.0011 "-" 93568 0
Oct 09 21:07:05 np0005479242.novalocal proxy-server[86594]: - - 10/Oct/2025/01/07/05 HEAD /v1/AUTH_7e08652c4e3e41b29e5f05d128f57ab8/gnocchi.e28f103f-4856-475f-bf77-3052505a8ec7 HTTP/1.0 204 - Swift - - - - txca05f66a647f493abeb59-0068e85c39 - 0.0090 CS - 1760058425.362705946 1760058425.371690035 0
Oct 09 21:07:05 np0005479242.novalocal container-server[93569]: ::1 - - [10/Oct/2025:01:07:05 +0000] "PUT /3/232794/AUTH_7e08652c4e3e41b29e5f05d128f57ab8/gnocchi.521affd6-38b3-46be-b0f4-c1853c2d2d27/1759320000.0_mean_300.0_v3" 201 - "PUT http://[::1]:8080/1/253975/AUTH_7e08652c4e3e41b29e5f05d128f57ab8/gnocchi.521affd6-38b3-46be-b0f4-c1853c2d2d27/1759320000.0_mean_300.0_v3" "txed4840117a7c493281ff4-0068e85c39" "object-server 93871" 0.0008 "-" 93569 0
Oct 09 21:07:05 np0005479242.novalocal container-server[93569]: ::1 - - [10/Oct/2025:01:07:05 +0000] "PUT /1/232794/AUTH_7e08652c4e3e41b29e5f05d128f57ab8/gnocchi.521affd6-38b3-46be-b0f4-c1853c2d2d27/1759320000.0_mean_300.0_v3" 201 - "PUT http://[::1]:8080/2/253975/AUTH_7e08652c4e3e41b29e5f05d128f57ab8/gnocchi.521affd6-38b3-46be-b0f4-c1853c2d2d27/1759320000.0_mean_300.0_v3" "txed4840117a7c493281ff4-0068e85c39" "object-server 93870" 0.0004 "-" 93569 0
Oct 09 21:07:05 np0005479242.novalocal object-server[93871]: ::1 - - [10/Oct/2025:01:07:05 +0000] "PUT /1/253975/AUTH_7e08652c4e3e41b29e5f05d128f57ab8/gnocchi.521affd6-38b3-46be-b0f4-c1853c2d2d27/1759320000.0_mean_300.0_v3" 201 - "PUT http://[::1]:8080/v1/AUTH_7e08652c4e3e41b29e5f05d128f57ab8/gnocchi.521affd6-38b3-46be-b0f4-c1853c2d2d27/1759320000.0_mean_300.0_v3" "txed4840117a7c493281ff4-0068e85c39" "proxy-server 86594" 0.0179 "-" 93871 0
Oct 09 21:07:05 np0005479242.novalocal object-server[93870]: ::1 - - [10/Oct/2025:01:07:05 +0000] "PUT /2/253975/AUTH_7e08652c4e3e41b29e5f05d128f57ab8/gnocchi.521affd6-38b3-46be-b0f4-c1853c2d2d27/1759320000.0_mean_300.0_v3" 201 - "PUT http://[::1]:8080/v1/AUTH_7e08652c4e3e41b29e5f05d128f57ab8/gnocchi.521affd6-38b3-46be-b0f4-c1853c2d2d27/1759320000.0_mean_300.0_v3" "txed4840117a7c493281ff4-0068e85c39" "proxy-server 86594" 0.0195 "-" 93870 0
Oct 09 21:07:05 np0005479242.novalocal container-server[93569]: ::1 - - [10/Oct/2025:01:07:05 +0000] "PUT /2/232794/AUTH_7e08652c4e3e41b29e5f05d128f57ab8/gnocchi.521affd6-38b3-46be-b0f4-c1853c2d2d27/1759320000.0_mean_300.0_v3" 201 - "PUT http://[::1]:8080/3/253975/AUTH_7e08652c4e3e41b29e5f05d128f57ab8/gnocchi.521affd6-38b3-46be-b0f4-c1853c2d2d27/1759320000.0_mean_300.0_v3" "txed4840117a7c493281ff4-0068e85c39" "object-server 93870" 0.0004 "-" 93569 0
Oct 09 21:07:05 np0005479242.novalocal object-server[93870]: ::1 - - [10/Oct/2025:01:07:05 +0000] "PUT /3/253975/AUTH_7e08652c4e3e41b29e5f05d128f57ab8/gnocchi.521affd6-38b3-46be-b0f4-c1853c2d2d27/1759320000.0_mean_300.0_v3" 201 - "PUT http://[::1]:8080/v1/AUTH_7e08652c4e3e41b29e5f05d128f57ab8/gnocchi.521affd6-38b3-46be-b0f4-c1853c2d2d27/1759320000.0_mean_300.0_v3" "txed4840117a7c493281ff4-0068e85c39" "proxy-server 86594" 0.0220 "-" 93870 0
Oct 09 21:07:05 np0005479242.novalocal container-server[93569]: ::1 - - [10/Oct/2025:01:07:05 +0000] "GET /1/233678/AUTH_7e08652c4e3e41b29e5f05d128f57ab8/gnocchi.e28f103f-4856-475f-bf77-3052505a8ec7" 200 2 "GET http://[::1]:8080/v1/AUTH_7e08652c4e3e41b29e5f05d128f57ab8/gnocchi.e28f103f-4856-475f-bf77-3052505a8ec7?format=json&states=listing" "txca05f66a647f493abeb59-0068e85c39" "proxy-server 86594" 0.0022 "-" 93569 0
Oct 09 21:07:05 np0005479242.novalocal proxy-server[86594]: ::1 ::1 10/Oct/2025/01/07/05 PUT /v1/AUTH_7e08652c4e3e41b29e5f05d128f57ab8/gnocchi.521affd6-38b3-46be-b0f4-c1853c2d2d27/1759320000.0_mean_300.0_v3 HTTP/1.0 201 - python-swiftclient-4.5.0 gAAAAABo6Fv-oWcl... 16 - - txed4840117a7c493281ff4-0068e85c39 - 0.0342 - - 1760058425.345082045 1760058425.379275560 0
Oct 09 21:07:05 np0005479242.novalocal proxy-server[86594]: ::1 ::1 10/Oct/2025/01/07/05 GET /v1/AUTH_7e08652c4e3e41b29e5f05d128f57ab8/gnocchi.e28f103f-4856-475f-bf77-3052505a8ec7%3Fformat%3Djson%26states%3Dlisting HTTP/1.0 200 - python-swiftclient-4.5.0 gAAAAABo6Fv-PTBu... - 2 - txca05f66a647f493abeb59-0068e85c39 - 0.0262 - - 1760058425.360254765 1760058425.386430502 0
Oct 09 21:07:05 np0005479242.novalocal object-server[93870]: ::1 - - [10/Oct/2025:01:07:05 +0000] "GET /2/146368/AUTH_7e08652c4e3e41b29e5f05d128f57ab8/gnocchi.e28f103f-4856-475f-bf77-3052505a8ec7/1759320000.0_mean_300.0_v3" 404 70 "GET http://[::1]:8080/v1/AUTH_7e08652c4e3e41b29e5f05d128f57ab8/gnocchi.e28f103f-4856-475f-bf77-3052505a8ec7/1759320000.0_mean_300.0_v3" "tx2d2729d1e9124e61a16f8-0068e85c39" "proxy-server 86594" 0.0003 "-" 93870 0
Oct 09 21:07:05 np0005479242.novalocal object-server[93870]: ::1 - - [10/Oct/2025:01:07:05 +0000] "GET /1/146368/AUTH_7e08652c4e3e41b29e5f05d128f57ab8/gnocchi.e28f103f-4856-475f-bf77-3052505a8ec7/1759320000.0_mean_300.0_v3" 404 70 "GET http://[::1]:8080/v1/AUTH_7e08652c4e3e41b29e5f05d128f57ab8/gnocchi.e28f103f-4856-475f-bf77-3052505a8ec7/1759320000.0_mean_300.0_v3" "tx2d2729d1e9124e61a16f8-0068e85c39" "proxy-server 86594" 0.0002 "-" 93870 0
Oct 09 21:07:05 np0005479242.novalocal object-server[93870]: ::1 - - [10/Oct/2025:01:07:05 +0000] "GET /3/146368/AUTH_7e08652c4e3e41b29e5f05d128f57ab8/gnocchi.e28f103f-4856-475f-bf77-3052505a8ec7/1759320000.0_mean_300.0_v3" 404 70 "GET http://[::1]:8080/v1/AUTH_7e08652c4e3e41b29e5f05d128f57ab8/gnocchi.e28f103f-4856-475f-bf77-3052505a8ec7/1759320000.0_mean_300.0_v3" "tx2d2729d1e9124e61a16f8-0068e85c39" "proxy-server 86594" 0.0006 "-" 93870 0
Oct 09 21:07:05 np0005479242.novalocal proxy-server[86594]: ::1 ::1 10/Oct/2025/01/07/05 GET /v1/AUTH_7e08652c4e3e41b29e5f05d128f57ab8/gnocchi.e28f103f-4856-475f-bf77-3052505a8ec7/1759320000.0_mean_300.0_v3 HTTP/1.0 404 - python-swiftclient-4.5.0 gAAAAABo6Fv-PTBu... - 70 - tx2d2729d1e9124e61a16f8-0068e85c39 - 0.0135 - - 1760058425.389341593 1760058425.402841330 0
Oct 09 21:07:05 np0005479242.novalocal container-server[93568]: ::1 - - [10/Oct/2025:01:07:05 +0000] "PUT /3/232794/AUTH_7e08652c4e3e41b29e5f05d128f57ab8/gnocchi.521affd6-38b3-46be-b0f4-c1853c2d2d27/none_v3" 201 - "PUT http://[::1]:8080/3/192997/AUTH_7e08652c4e3e41b29e5f05d128f57ab8/gnocchi.521affd6-38b3-46be-b0f4-c1853c2d2d27/none_v3" "tx050c495fa2d84803a32a0-0068e85c39" "object-server 93871" 0.0004 "-" 93568 0
Oct 09 21:07:05 np0005479242.novalocal container-server[93568]: ::1 - - [10/Oct/2025:01:07:05 +0000] "PUT /2/232794/AUTH_7e08652c4e3e41b29e5f05d128f57ab8/gnocchi.521affd6-38b3-46be-b0f4-c1853c2d2d27/none_v3" 201 - "PUT http://[::1]:8080/1/192997/AUTH_7e08652c4e3e41b29e5f05d128f57ab8/gnocchi.521affd6-38b3-46be-b0f4-c1853c2d2d27/none_v3" "tx050c495fa2d84803a32a0-0068e85c39" "object-server 93871" 0.0003 "-" 93568 0
Oct 09 21:07:05 np0005479242.novalocal object-server[93871]: ::1 - - [10/Oct/2025:01:07:05 +0000] "PUT /3/192997/AUTH_7e08652c4e3e41b29e5f05d128f57ab8/gnocchi.521affd6-38b3-46be-b0f4-c1853c2d2d27/none_v3" 201 - "PUT http://[::1]:8080/v1/AUTH_7e08652c4e3e41b29e5f05d128f57ab8/gnocchi.521affd6-38b3-46be-b0f4-c1853c2d2d27/none_v3" "tx050c495fa2d84803a32a0-0068e85c39" "proxy-server 86594" 0.0245 "-" 93871 0
Oct 09 21:07:05 np0005479242.novalocal container-server[93569]: ::1 - - [10/Oct/2025:01:07:05 +0000] "PUT /1/232794/AUTH_7e08652c4e3e41b29e5f05d128f57ab8/gnocchi.521affd6-38b3-46be-b0f4-c1853c2d2d27/none_v3" 201 - "PUT http://[::1]:8080/2/192997/AUTH_7e08652c4e3e41b29e5f05d128f57ab8/gnocchi.521affd6-38b3-46be-b0f4-c1853c2d2d27/none_v3" "tx050c495fa2d84803a32a0-0068e85c39" "object-server 93871" 0.0007 "-" 93569 0
Oct 09 21:07:05 np0005479242.novalocal object-server[93871]: ::1 - - [10/Oct/2025:01:07:05 +0000] "PUT /1/192997/AUTH_7e08652c4e3e41b29e5f05d128f57ab8/gnocchi.521affd6-38b3-46be-b0f4-c1853c2d2d27/none_v3" 201 - "PUT http://[::1]:8080/v1/AUTH_7e08652c4e3e41b29e5f05d128f57ab8/gnocchi.521affd6-38b3-46be-b0f4-c1853c2d2d27/none_v3" "tx050c495fa2d84803a32a0-0068e85c39" "proxy-server 86594" 0.0279 "-" 93871 0
Oct 09 21:07:05 np0005479242.novalocal object-server[93871]: ::1 - - [10/Oct/2025:01:07:05 +0000] "PUT /2/192997/AUTH_7e08652c4e3e41b29e5f05d128f57ab8/gnocchi.521affd6-38b3-46be-b0f4-c1853c2d2d27/none_v3" 201 - "PUT http://[::1]:8080/v1/AUTH_7e08652c4e3e41b29e5f05d128f57ab8/gnocchi.521affd6-38b3-46be-b0f4-c1853c2d2d27/none_v3" "tx050c495fa2d84803a32a0-0068e85c39" "proxy-server 86594" 0.0275 "-" 93871 0
Oct 09 21:07:05 np0005479242.novalocal proxy-server[86594]: ::1 ::1 10/Oct/2025/01/07/05 PUT /v1/AUTH_7e08652c4e3e41b29e5f05d128f57ab8/gnocchi.521affd6-38b3-46be-b0f4-c1853c2d2d27/none_v3 HTTP/1.0 201 - python-swiftclient-4.5.0 gAAAAABo6Fv-oWcl... 22 - - tx050c495fa2d84803a32a0-0068e85c39 - 0.0371 - - 1760058425.381463766 1760058425.418546438 0
Oct 09 21:07:05 np0005479242.novalocal container-server[93568]: ::1 - - [10/Oct/2025:01:07:05 +0000] "HEAD /3/210512/AUTH_7e08652c4e3e41b29e5f05d128f57ab8/gnocchi.b7f34392-9cf7-42ab-8da2-ea214cfe7502" 404 - "HEAD http://[::1]:8080/v1/AUTH_7e08652c4e3e41b29e5f05d128f57ab8/gnocchi.b7f34392-9cf7-42ab-8da2-ea214cfe7502" "tx107b0e4c16c84c8abe9af-0068e85c39" "proxy-server 86594" 0.0002 "-" 93568 0
Oct 09 21:07:05 np0005479242.novalocal container-server[93568]: ::1 - - [10/Oct/2025:01:07:05 +0000] "HEAD /1/210512/AUTH_7e08652c4e3e41b29e5f05d128f57ab8/gnocchi.b7f34392-9cf7-42ab-8da2-ea214cfe7502" 404 - "HEAD http://[::1]:8080/v1/AUTH_7e08652c4e3e41b29e5f05d128f57ab8/gnocchi.b7f34392-9cf7-42ab-8da2-ea214cfe7502" "tx107b0e4c16c84c8abe9af-0068e85c39" "proxy-server 86594" 0.0001 "-" 93568 0
Oct 09 21:07:05 np0005479242.novalocal container-server[93568]: ::1 - - [10/Oct/2025:01:07:05 +0000] "HEAD /2/210512/AUTH_7e08652c4e3e41b29e5f05d128f57ab8/gnocchi.b7f34392-9cf7-42ab-8da2-ea214cfe7502" 404 - "HEAD http://[::1]:8080/v1/AUTH_7e08652c4e3e41b29e5f05d128f57ab8/gnocchi.b7f34392-9cf7-42ab-8da2-ea214cfe7502" "tx107b0e4c16c84c8abe9af-0068e85c39" "proxy-server 86594" 0.0002 "-" 93568 0
Oct 09 21:07:05 np0005479242.novalocal proxy-server[86594]: - - 10/Oct/2025/01/07/05 HEAD /v1/AUTH_7e08652c4e3e41b29e5f05d128f57ab8/gnocchi.b7f34392-9cf7-42ab-8da2-ea214cfe7502 HTTP/1.0 404 - Swift - - - - tx107b0e4c16c84c8abe9af-0068e85c39 - 0.0105 CS - 1760058425.429120779 1760058425.439657927 0
Oct 09 21:07:05 np0005479242.novalocal object-server[93870]: ::1 - - [10/Oct/2025:01:07:05 +0000] "GET /2/109050/AUTH_7e08652c4e3e41b29e5f05d128f57ab8/gnocchi.b7f34392-9cf7-42ab-8da2-ea214cfe7502/none_v3" 404 70 "GET http://[::1]:8080/v1/AUTH_7e08652c4e3e41b29e5f05d128f57ab8/gnocchi.b7f34392-9cf7-42ab-8da2-ea214cfe7502/none_v3" "tx107b0e4c16c84c8abe9af-0068e85c39" "proxy-server 86594" 0.0003 "-" 93870 0
Oct 09 21:07:05 np0005479242.novalocal container-server[93568]: ::1 - - [10/Oct/2025:01:07:05 +0000] "PUT /1/233678/AUTH_7e08652c4e3e41b29e5f05d128f57ab8/gnocchi.e28f103f-4856-475f-bf77-3052505a8ec7/1759320000.0_mean_300.0_v3" 201 - "PUT http://[::1]:8080/3/146368/AUTH_7e08652c4e3e41b29e5f05d128f57ab8/gnocchi.e28f103f-4856-475f-bf77-3052505a8ec7/1759320000.0_mean_300.0_v3" "tx47b7cbbd607a4a8da0c17-0068e85c39" "object-server 93871" 0.0004 "-" 93568 0
Oct 09 21:07:05 np0005479242.novalocal object-server[93871]: ::1 - - [10/Oct/2025:01:07:05 +0000] "PUT /3/146368/AUTH_7e08652c4e3e41b29e5f05d128f57ab8/gnocchi.e28f103f-4856-475f-bf77-3052505a8ec7/1759320000.0_mean_300.0_v3" 201 - "PUT http://[::1]:8080/v1/AUTH_7e08652c4e3e41b29e5f05d128f57ab8/gnocchi.e28f103f-4856-475f-bf77-3052505a8ec7/1759320000.0_mean_300.0_v3" "tx47b7cbbd607a4a8da0c17-0068e85c39" "proxy-server 86594" 0.0261 "-" 93871 0
Oct 09 21:07:05 np0005479242.novalocal object-server[93871]: ::1 - - [10/Oct/2025:01:07:05 +0000] "GET /1/109050/AUTH_7e08652c4e3e41b29e5f05d128f57ab8/gnocchi.b7f34392-9cf7-42ab-8da2-ea214cfe7502/none_v3" 404 70 "GET http://[::1]:8080/v1/AUTH_7e08652c4e3e41b29e5f05d128f57ab8/gnocchi.b7f34392-9cf7-42ab-8da2-ea214cfe7502/none_v3" "tx107b0e4c16c84c8abe9af-0068e85c39" "proxy-server 86594" 0.0003 "-" 93871 0
Oct 09 21:07:05 np0005479242.novalocal object-server[93870]: ::1 - - [10/Oct/2025:01:07:05 +0000] "GET /3/109050/AUTH_7e08652c4e3e41b29e5f05d128f57ab8/gnocchi.b7f34392-9cf7-42ab-8da2-ea214cfe7502/none_v3" 404 70 "GET http://[::1]:8080/v1/AUTH_7e08652c4e3e41b29e5f05d128f57ab8/gnocchi.b7f34392-9cf7-42ab-8da2-ea214cfe7502/none_v3" "tx107b0e4c16c84c8abe9af-0068e85c39" "proxy-server 86594" 0.0003 "-" 93870 0
Oct 09 21:07:05 np0005479242.novalocal proxy-server[86594]: ::1 ::1 10/Oct/2025/01/07/05 GET /v1/AUTH_7e08652c4e3e41b29e5f05d128f57ab8/gnocchi.b7f34392-9cf7-42ab-8da2-ea214cfe7502/none_v3 HTTP/1.0 404 - python-swiftclient-4.5.0 gAAAAABo6Fv-oWcl... - 70 - tx107b0e4c16c84c8abe9af-0068e85c39 - 0.0211 - - 1760058425.428342819 1760058425.449453592 0
Oct 09 21:07:05 np0005479242.novalocal container-server[93569]: ::1 - - [10/Oct/2025:01:07:05 +0000] "PUT /2/233678/AUTH_7e08652c4e3e41b29e5f05d128f57ab8/gnocchi.e28f103f-4856-475f-bf77-3052505a8ec7/1759320000.0_mean_300.0_v3" 201 - "PUT http://[::1]:8080/2/146368/AUTH_7e08652c4e3e41b29e5f05d128f57ab8/gnocchi.e28f103f-4856-475f-bf77-3052505a8ec7/1759320000.0_mean_300.0_v3" "tx47b7cbbd607a4a8da0c17-0068e85c39" "object-server 93870" 0.0007 "-" 93569 0
Oct 09 21:07:05 np0005479242.novalocal object-server[93870]: ::1 - - [10/Oct/2025:01:07:05 +0000] "PUT /2/146368/AUTH_7e08652c4e3e41b29e5f05d128f57ab8/gnocchi.e28f103f-4856-475f-bf77-3052505a8ec7/1759320000.0_mean_300.0_v3" 201 - "PUT http://[::1]:8080/v1/AUTH_7e08652c4e3e41b29e5f05d128f57ab8/gnocchi.e28f103f-4856-475f-bf77-3052505a8ec7/1759320000.0_mean_300.0_v3" "tx47b7cbbd607a4a8da0c17-0068e85c39" "proxy-server 86594" 0.0330 "-" 93870 0
Oct 09 21:07:05 np0005479242.novalocal container-server[93568]: ::1 - - [10/Oct/2025:01:07:05 +0000] "PUT /3/233678/AUTH_7e08652c4e3e41b29e5f05d128f57ab8/gnocchi.e28f103f-4856-475f-bf77-3052505a8ec7/1759320000.0_mean_300.0_v3" 201 - "PUT http://[::1]:8080/1/146368/AUTH_7e08652c4e3e41b29e5f05d128f57ab8/gnocchi.e28f103f-4856-475f-bf77-3052505a8ec7/1759320000.0_mean_300.0_v3" "tx47b7cbbd607a4a8da0c17-0068e85c39" "object-server 93870" 0.0005 "-" 93568 0
