Oct 09 21:07:04 np0005479242.novalocal container-server[93569]: ::1 - - [10/Oct/2025:01:07:04 +0000] "HEAD /2/245107/AUTH_7e08652c4e3e41b29e5f05d128f57ab8/gnocchi.e312ac3b-b3cf-4987-8e15-9998a0e9af23" 404 - "HEAD http://[::1]:8080/v1/AUTH_7e08652c4e3e41b29e5f05d128f57ab8/gnocchi.e312ac3b-b3cf-4987-8e15-9998a0e9af23" "tx0931ef84b5d142f7a4b80-0068e85c38" "proxy-server 86594" 0.0003 "-" 93569 0
Oct 09 21:07:04 np0005479242.novalocal proxy-server[86594]: ::1 ::1 10/Oct/2025/01/07/04 GET /v1/AUTH_7e08652c4e3e41b29e5f05d128f57ab8/gnocchi.4c9d67bc-be46-435d-8aba-53db19ad8e67%3Fformat%3Djson%26states%3Dlisting HTTP/1.0 200 - python-swiftclient-4.5.0 gAAAAABo6Fv-PTBu... - 357 - tx0304ba6c19174f65b179d-0068e85c38 - 0.0074 - - 1760058424.637503386 1760058424.644889593 0
Oct 09 21:07:04 np0005479242.novalocal container-server[93569]: ::1 - - [10/Oct/2025:01:07:04 +0000] "HEAD /3/245107/AUTH_7e08652c4e3e41b29e5f05d128f57ab8/gnocchi.e312ac3b-b3cf-4987-8e15-9998a0e9af23" 404 - "HEAD http://[::1]:8080/v1/AUTH_7e08652c4e3e41b29e5f05d128f57ab8/gnocchi.e312ac3b-b3cf-4987-8e15-9998a0e9af23" "tx0931ef84b5d142f7a4b80-0068e85c38" "proxy-server 86594" 0.0002 "-" 93569 0
Oct 09 21:07:04 np0005479242.novalocal container-server[93569]: ::1 - - [10/Oct/2025:01:07:04 +0000] "GET /2/148433/AUTH_7e08652c4e3e41b29e5f05d128f57ab8/gnocchi.4c9d67bc-be46-435d-8aba-53db19ad8e67" 200 2 "GET http://[::1]:8080/v1/AUTH_7e08652c4e3e41b29e5f05d128f57ab8/gnocchi.4c9d67bc-be46-435d-8aba-53db19ad8e67?format=json&marker=none_v3&states=listing" "tx92e02456da404e2289505-0068e85c38" "proxy-server 86594" 0.0017 "-" 93569 0
Oct 09 21:07:04 np0005479242.novalocal proxy-server[86594]: ::1 ::1 10/Oct/2025/01/07/04 GET /v1/AUTH_7e08652c4e3e41b29e5f05d128f57ab8/gnocchi.4c9d67bc-be46-435d-8aba-53db19ad8e67%3Fformat%3Djson%26marker%3Dnone_v3%26states%3Dlisting HTTP/1.0 200 - python-swiftclient-4.5.0 gAAAAABo6Fv-PTBu... - 2 - tx92e02456da404e2289505-0068e85c38 - 0.0203 - - 1760058424.651263475 1760058424.671554327 0
Oct 09 21:07:04 np0005479242.novalocal object-server[93870]: ::1 - - [10/Oct/2025:01:07:04 +0000] "GET /1/50222/AUTH_7e08652c4e3e41b29e5f05d128f57ab8/gnocchi.4c9d67bc-be46-435d-8aba-53db19ad8e67/1759320000.0_rate%3Amean_300.0_v3" 404 70 "GET http://[::1]:8080/v1/AUTH_7e08652c4e3e41b29e5f05d128f57ab8/gnocchi.4c9d67bc-be46-435d-8aba-53db19ad8e67/1759320000.0_rate%3Amean_300.0_v3" "tx9c7bf027c7ee442ca43ee-0068e85c38" "proxy-server 86594" 0.0003 "-" 93870 0
Oct 09 21:07:04 np0005479242.novalocal object-server[93870]: ::1 - - [10/Oct/2025:01:07:04 +0000] "GET /3/50222/AUTH_7e08652c4e3e41b29e5f05d128f57ab8/gnocchi.4c9d67bc-be46-435d-8aba-53db19ad8e67/1759320000.0_rate%3Amean_300.0_v3" 404 70 "GET http://[::1]:8080/v1/AUTH_7e08652c4e3e41b29e5f05d128f57ab8/gnocchi.4c9d67bc-be46-435d-8aba-53db19ad8e67/1759320000.0_rate%3Amean_300.0_v3" "tx9c7bf027c7ee442ca43ee-0068e85c38" "proxy-server 86594" 0.0002 "-" 93870 0
Oct 09 21:07:04 np0005479242.novalocal object-server[93871]: ::1 - - [10/Oct/2025:01:07:04 +0000] "GET /2/50222/AUTH_7e08652c4e3e41b29e5f05d128f57ab8/gnocchi.4c9d67bc-be46-435d-8aba-53db19ad8e67/1759320000.0_rate%3Amean_300.0_v3" 404 70 "GET http://[::1]:8080/v1/AUTH_7e08652c4e3e41b29e5f05d128f57ab8/gnocchi.4c9d67bc-be46-435d-8aba-53db19ad8e67/1759320000.0_rate%3Amean_300.0_v3" "tx9c7bf027c7ee442ca43ee-0068e85c38" "proxy-server 86594" 0.0003 "-" 93871 0
Oct 09 21:07:04 np0005479242.novalocal proxy-server[86594]: ::1 ::1 10/Oct/2025/01/07/04 GET /v1/AUTH_7e08652c4e3e41b29e5f05d128f57ab8/gnocchi.4c9d67bc-be46-435d-8aba-53db19ad8e67/1759320000.0_rate%253Amean_300.0_v3 HTTP/1.0 404 - python-swiftclient-4.5.0 gAAAAABo6Fv-PTBu... - 70 - tx9c7bf027c7ee442ca43ee-0068e85c38 - 0.0159 - - 1760058424.675324917 1760058424.691186666 0
Oct 09 21:07:04 np0005479242.novalocal container-server[93568]: ::1 - - [10/Oct/2025:01:07:04 +0000] "HEAD /1/245107/AUTH_7e08652c4e3e41b29e5f05d128f57ab8/gnocchi.e312ac3b-b3cf-4987-8e15-9998a0e9af23" 404 - "HEAD http://[::1]:8080/v1/AUTH_7e08652c4e3e41b29e5f05d128f57ab8/gnocchi.e312ac3b-b3cf-4987-8e15-9998a0e9af23" "tx0931ef84b5d142f7a4b80-0068e85c38" "proxy-server 86594" 0.0002 "-" 93568 0
Oct 09 21:07:04 np0005479242.novalocal proxy-server[86594]: - - 10/Oct/2025/01/07/04 HEAD /v1/AUTH_7e08652c4e3e41b29e5f05d128f57ab8/gnocchi.e312ac3b-b3cf-4987-8e15-9998a0e9af23 HTTP/1.0 404 - Swift - - - - tx0931ef84b5d142f7a4b80-0068e85c38 - 0.0634 CS - 1760058424.631269932 1760058424.694687605 0
Oct 09 21:07:04 np0005479242.novalocal object-server[93870]: ::1 - - [10/Oct/2025:01:07:04 +0000] "GET /3/101624/AUTH_7e08652c4e3e41b29e5f05d128f57ab8/gnocchi.e312ac3b-b3cf-4987-8e15-9998a0e9af23/none_v3" 404 70 "GET http://[::1]:8080/v1/AUTH_7e08652c4e3e41b29e5f05d128f57ab8/gnocchi.e312ac3b-b3cf-4987-8e15-9998a0e9af23/none_v3" "tx0931ef84b5d142f7a4b80-0068e85c38" "proxy-server 86594" 0.0002 "-" 93870 0
Oct 09 21:07:04 np0005479242.novalocal object-server[93871]: ::1 - - [10/Oct/2025:01:07:04 +0000] "GET /3/93134/AUTH_7e08652c4e3e41b29e5f05d128f57ab8/gnocchi.4c9d67bc-be46-435d-8aba-53db19ad8e67/1759320000.0_mean_300.0_v3" 200 16 "GET http://[::1]:8080/v1/AUTH_7e08652c4e3e41b29e5f05d128f57ab8/gnocchi.4c9d67bc-be46-435d-8aba-53db19ad8e67/1759320000.0_mean_300.0_v3" "tx20492f2314dd435690039-0068e85c38" "proxy-server 86594" 0.0006 "-" 93871 0
Oct 09 21:07:04 np0005479242.novalocal object-server[93871]: ::1 - - [10/Oct/2025:01:07:04 +0000] "GET /1/101624/AUTH_7e08652c4e3e41b29e5f05d128f57ab8/gnocchi.e312ac3b-b3cf-4987-8e15-9998a0e9af23/none_v3" 404 70 "GET http://[::1]:8080/v1/AUTH_7e08652c4e3e41b29e5f05d128f57ab8/gnocchi.e312ac3b-b3cf-4987-8e15-9998a0e9af23/none_v3" "tx0931ef84b5d142f7a4b80-0068e85c38" "proxy-server 86594" 0.0002 "-" 93871 0
Oct 09 21:07:04 np0005479242.novalocal proxy-server[86594]: ::1 ::1 10/Oct/2025/01/07/04 GET /v1/AUTH_7e08652c4e3e41b29e5f05d128f57ab8/gnocchi.4c9d67bc-be46-435d-8aba-53db19ad8e67/1759320000.0_mean_300.0_v3 HTTP/1.0 200 - python-swiftclient-4.5.0 gAAAAABo6Fv-PTBu... - 16 - tx20492f2314dd435690039-0068e85c38 - 0.0232 - - 1760058424.693424702 1760058424.716626406 0
Oct 09 21:07:04 np0005479242.novalocal object-server[93870]: ::1 - - [10/Oct/2025:01:07:04 +0000] "GET /2/101624/AUTH_7e08652c4e3e41b29e5f05d128f57ab8/gnocchi.e312ac3b-b3cf-4987-8e15-9998a0e9af23/none_v3" 404 70 "GET http://[::1]:8080/v1/AUTH_7e08652c4e3e41b29e5f05d128f57ab8/gnocchi.e312ac3b-b3cf-4987-8e15-9998a0e9af23/none_v3" "tx0931ef84b5d142f7a4b80-0068e85c38" "proxy-server 86594" 0.0002 "-" 93870 0
Oct 09 21:07:04 np0005479242.novalocal proxy-server[86594]: ::1 ::1 10/Oct/2025/01/07/04 GET /v1/AUTH_7e08652c4e3e41b29e5f05d128f57ab8/gnocchi.e312ac3b-b3cf-4987-8e15-9998a0e9af23/none_v3 HTTP/1.0 404 - python-swiftclient-4.5.0 gAAAAABo6Fv-oWcl... - 70 - tx0931ef84b5d142f7a4b80-0068e85c38 - 0.0957 - - 1760058424.628321171 1760058424.724046230 0
Oct 09 21:07:04 np0005479242.novalocal container-server[93569]: ::1 - - [10/Oct/2025:01:07:04 +0000] "PUT /2/148433/AUTH_7e08652c4e3e41b29e5f05d128f57ab8/gnocchi.4c9d67bc-be46-435d-8aba-53db19ad8e67/1759320000.0_rate%3Amean_300.0_v3" 201 - "PUT http://[::1]:8080/2/50222/AUTH_7e08652c4e3e41b29e5f05d128f57ab8/gnocchi.4c9d67bc-be46-435d-8aba-53db19ad8e67/1759320000.0_rate%3Amean_300.0_v3" "tx45be9757c7a543f9b8b33-0068e85c38" "object-server 93871" 0.0004 "-" 93569 0
Oct 09 21:07:04 np0005479242.novalocal container-server[93569]: ::1 - - [10/Oct/2025:01:07:04 +0000] "PUT /1/148433/AUTH_7e08652c4e3e41b29e5f05d128f57ab8/gnocchi.4c9d67bc-be46-435d-8aba-53db19ad8e67/1759320000.0_rate%3Amean_300.0_v3" 201 - "PUT http://[::1]:8080/3/50222/AUTH_7e08652c4e3e41b29e5f05d128f57ab8/gnocchi.4c9d67bc-be46-435d-8aba-53db19ad8e67/1759320000.0_rate%3Amean_300.0_v3" "tx45be9757c7a543f9b8b33-0068e85c38" "object-server 93870" 0.0003 "-" 93569 0
Oct 09 21:07:04 np0005479242.novalocal object-server[93871]: ::1 - - [10/Oct/2025:01:07:04 +0000] "PUT /2/50222/AUTH_7e08652c4e3e41b29e5f05d128f57ab8/gnocchi.4c9d67bc-be46-435d-8aba-53db19ad8e67/1759320000.0_rate%3Amean_300.0_v3" 201 - "PUT http://[::1]:8080/v1/AUTH_7e08652c4e3e41b29e5f05d128f57ab8/gnocchi.4c9d67bc-be46-435d-8aba-53db19ad8e67/1759320000.0_rate%3Amean_300.0_v3" "tx45be9757c7a543f9b8b33-0068e85c38" "proxy-server 86594" 0.0105 "-" 93871 0
Oct 09 21:07:04 np0005479242.novalocal object-server[93870]: ::1 - - [10/Oct/2025:01:07:04 +0000] "PUT /3/50222/AUTH_7e08652c4e3e41b29e5f05d128f57ab8/gnocchi.4c9d67bc-be46-435d-8aba-53db19ad8e67/1759320000.0_rate%3Amean_300.0_v3" 201 - "PUT http://[::1]:8080/v1/AUTH_7e08652c4e3e41b29e5f05d128f57ab8/gnocchi.4c9d67bc-be46-435d-8aba-53db19ad8e67/1759320000.0_rate%3Amean_300.0_v3" "tx45be9757c7a543f9b8b33-0068e85c38" "proxy-server 86594" 0.0092 "-" 93870 0
Oct 09 21:07:04 np0005479242.novalocal container-server[93568]: ::1 - - [10/Oct/2025:01:07:04 +0000] "PUT /3/148433/AUTH_7e08652c4e3e41b29e5f05d128f57ab8/gnocchi.4c9d67bc-be46-435d-8aba-53db19ad8e67/1759320000.0_rate%3Amean_300.0_v3" 201 - "PUT http://[::1]:8080/1/50222/AUTH_7e08652c4e3e41b29e5f05d128f57ab8/gnocchi.4c9d67bc-be46-435d-8aba-53db19ad8e67/1759320000.0_rate%3Amean_300.0_v3" "tx45be9757c7a543f9b8b33-0068e85c38" "object-server 93870" 0.0004 "-" 93568 0
Oct 09 21:07:04 np0005479242.novalocal object-server[93870]: ::1 - - [10/Oct/2025:01:07:04 +0000] "PUT /1/50222/AUTH_7e08652c4e3e41b29e5f05d128f57ab8/gnocchi.4c9d67bc-be46-435d-8aba-53db19ad8e67/1759320000.0_rate%3Amean_300.0_v3" 201 - "PUT http://[::1]:8080/v1/AUTH_7e08652c4e3e41b29e5f05d128f57ab8/gnocchi.4c9d67bc-be46-435d-8aba-53db19ad8e67/1759320000.0_rate%3Amean_300.0_v3" "tx45be9757c7a543f9b8b33-0068e85c38" "proxy-server 86594" 0.0129 "-" 93870 0
Oct 09 21:07:04 np0005479242.novalocal proxy-server[86594]: ::1 ::1 10/Oct/2025/01/07/04 PUT /v1/AUTH_7e08652c4e3e41b29e5f05d128f57ab8/gnocchi.4c9d67bc-be46-435d-8aba-53db19ad8e67/1759320000.0_rate%253Amean_300.0_v3 HTTP/1.0 201 - python-swiftclient-4.5.0 gAAAAABo6Fv-PTBu... 16 - - tx45be9757c7a543f9b8b33-0068e85c38 - 0.0246 - - 1760058424.719005346 1760058424.743647337 0
Oct 09 21:07:04 np0005479242.novalocal account-server[93272]: ::1 - - [10/Oct/2025:01:07:04 +0000] "PUT /3/130220/AUTH_7e08652c4e3e41b29e5f05d128f57ab8/gnocchi.e312ac3b-b3cf-4987-8e15-9998a0e9af23" 201 - "PUT http://[::1]:6001/3/245107/AUTH_7e08652c4e3e41b29e5f05d128f57ab8/gnocchi.e312ac3b-b3cf-4987-8e15-9998a0e9af23" "txb1b9c17440874589931e6-0068e85c38" "container-server 93568" 0.0068 "-" 93272 0
Oct 09 21:07:04 np0005479242.novalocal container-server[93568]: ::1 - - [10/Oct/2025:01:07:04 +0000] "PUT /3/245107/AUTH_7e08652c4e3e41b29e5f05d128f57ab8/gnocchi.e312ac3b-b3cf-4987-8e15-9998a0e9af23" 201 - "PUT http://[::1]:8080/v1/AUTH_7e08652c4e3e41b29e5f05d128f57ab8/gnocchi.e312ac3b-b3cf-4987-8e15-9998a0e9af23" "txb1b9c17440874589931e6-0068e85c38" "proxy-server 86594" 0.0175 "-" 93568 0
Oct 09 21:07:04 np0005479242.novalocal account-server[93272]: ::1 - - [10/Oct/2025:01:07:04 +0000] "PUT /1/130220/AUTH_7e08652c4e3e41b29e5f05d128f57ab8/gnocchi.e312ac3b-b3cf-4987-8e15-9998a0e9af23" 201 - "PUT http://[::1]:6001/1/245107/AUTH_7e08652c4e3e41b29e5f05d128f57ab8/gnocchi.e312ac3b-b3cf-4987-8e15-9998a0e9af23" "txb1b9c17440874589931e6-0068e85c38" "container-server 93569" 0.0034 "-" 93272 0
Oct 09 21:07:04 np0005479242.novalocal account-server[93271]: ::1 - - [10/Oct/2025:01:07:04 +0000] "PUT /2/130220/AUTH_7e08652c4e3e41b29e5f05d128f57ab8/gnocchi.e312ac3b-b3cf-4987-8e15-9998a0e9af23" 201 - "PUT http://[::1]:6001/2/245107/AUTH_7e08652c4e3e41b29e5f05d128f57ab8/gnocchi.e312ac3b-b3cf-4987-8e15-9998a0e9af23" "txb1b9c17440874589931e6-0068e85c38" "container-server 93569" 0.0041 "-" 93271 0
Oct 09 21:07:04 np0005479242.novalocal container-server[93569]: ::1 - - [10/Oct/2025:01:07:04 +0000] "PUT /2/245107/AUTH_7e08652c4e3e41b29e5f05d128f57ab8/gnocchi.e312ac3b-b3cf-4987-8e15-9998a0e9af23" 201 - "PUT http://[::1]:8080/v1/AUTH_7e08652c4e3e41b29e5f05d128f57ab8/gnocchi.e312ac3b-b3cf-4987-8e15-9998a0e9af23" "txb1b9c17440874589931e6-0068e85c38" "proxy-server 86594" 0.0228 "-" 93569 0
Oct 09 21:07:04 np0005479242.novalocal container-server[93569]: ::1 - - [10/Oct/2025:01:07:04 +0000] "PUT /1/245107/AUTH_7e08652c4e3e41b29e5f05d128f57ab8/gnocchi.e312ac3b-b3cf-4987-8e15-9998a0e9af23" 201 - "PUT http://[::1]:8080/v1/AUTH_7e08652c4e3e41b29e5f05d128f57ab8/gnocchi.e312ac3b-b3cf-4987-8e15-9998a0e9af23" "txb1b9c17440874589931e6-0068e85c38" "proxy-server 86594" 0.0311 "-" 93569 0
Oct 09 21:07:04 np0005479242.novalocal proxy-server[86594]: ::1 ::1 10/Oct/2025/01/07/04 PUT /v1/AUTH_7e08652c4e3e41b29e5f05d128f57ab8/gnocchi.e312ac3b-b3cf-4987-8e15-9998a0e9af23 HTTP/1.0 201 - python-swiftclient-4.5.0 gAAAAABo6Fv-oWcl... - - - txb1b9c17440874589931e6-0068e85c38 - 0.0513 - - 1760058424.727891445 1760058424.779159069 0
Oct 09 21:07:04 np0005479242.novalocal container-server[93568]: ::1 - - [10/Oct/2025:01:07:04 +0000] "PUT /2/148433/AUTH_7e08652c4e3e41b29e5f05d128f57ab8/gnocchi.4c9d67bc-be46-435d-8aba-53db19ad8e67/1759320000.0_mean_300.0_v3" 201 - "PUT http://[::1]:8080/3/93134/AUTH_7e08652c4e3e41b29e5f05d128f57ab8/gnocchi.4c9d67bc-be46-435d-8aba-53db19ad8e67/1759320000.0_mean_300.0_v3" "tx1fc1e69cb4d34b79a287a-0068e85c38" "object-server 93871" 0.0004 "-" 93568 0
Oct 09 21:07:04 np0005479242.novalocal object-server[93871]: ::1 - - [10/Oct/2025:01:07:04 +0000] "PUT /3/93134/AUTH_7e08652c4e3e41b29e5f05d128f57ab8/gnocchi.4c9d67bc-be46-435d-8aba-53db19ad8e67/1759320000.0_mean_300.0_v3" 201 - "PUT http://[::1]:8080/v1/AUTH_7e08652c4e3e41b29e5f05d128f57ab8/gnocchi.4c9d67bc-be46-435d-8aba-53db19ad8e67/1759320000.0_mean_300.0_v3" "tx1fc1e69cb4d34b79a287a-0068e85c38" "proxy-server 86594" 0.0156 "-" 93871 0
Oct 09 21:07:04 np0005479242.novalocal container-server[93569]: ::1 - - [10/Oct/2025:01:07:04 +0000] "HEAD /3/245107/AUTH_7e08652c4e3e41b29e5f05d128f57ab8/gnocchi.e312ac3b-b3cf-4987-8e15-9998a0e9af23" 204 - "HEAD http://[::1]:8080/v1/AUTH_7e08652c4e3e41b29e5f05d128f57ab8/gnocchi.e312ac3b-b3cf-4987-8e15-9998a0e9af23" "txdcc04411f1294237a639c-0068e85c38" "proxy-server 86594" 0.0011 "-" 93569 0
Oct 09 21:07:04 np0005479242.novalocal container-server[93569]: ::1 - - [10/Oct/2025:01:07:04 +0000] "PUT /1/148433/AUTH_7e08652c4e3e41b29e5f05d128f57ab8/gnocchi.4c9d67bc-be46-435d-8aba-53db19ad8e67/1759320000.0_mean_300.0_v3" 201 - "PUT http://[::1]:8080/2/93134/AUTH_7e08652c4e3e41b29e5f05d128f57ab8/gnocchi.4c9d67bc-be46-435d-8aba-53db19ad8e67/1759320000.0_mean_300.0_v3" "tx1fc1e69cb4d34b79a287a-0068e85c38" "object-server 93870" 0.0003 "-" 93569 0
Oct 09 21:07:04 np0005479242.novalocal object-server[93870]: ::1 - - [10/Oct/2025:01:07:04 +0000] "PUT /2/93134/AUTH_7e08652c4e3e41b29e5f05d128f57ab8/gnocchi.4c9d67bc-be46-435d-8aba-53db19ad8e67/1759320000.0_mean_300.0_v3" 201 - "PUT http://[::1]:8080/v1/AUTH_7e08652c4e3e41b29e5f05d128f57ab8/gnocchi.4c9d67bc-be46-435d-8aba-53db19ad8e67/1759320000.0_mean_300.0_v3" "tx1fc1e69cb4d34b79a287a-0068e85c38" "proxy-server 86594" 0.0222 "-" 93870 0
Oct 09 21:07:04 np0005479242.novalocal container-server[93569]: ::1 - - [10/Oct/2025:01:07:04 +0000] "PUT /3/148433/AUTH_7e08652c4e3e41b29e5f05d128f57ab8/gnocchi.4c9d67bc-be46-435d-8aba-53db19ad8e67/1759320000.0_mean_300.0_v3" 201 - "PUT http://[::1]:8080/1/93134/AUTH_7e08652c4e3e41b29e5f05d128f57ab8/gnocchi.4c9d67bc-be46-435d-8aba-53db19ad8e67/1759320000.0_mean_300.0_v3" "tx1fc1e69cb4d34b79a287a-0068e85c38" "object-server 93870" 0.0003 "-" 93569 0
Oct 09 21:07:04 np0005479242.novalocal object-server[93870]: ::1 - - [10/Oct/2025:01:07:04 +0000] "PUT /1/93134/AUTH_7e08652c4e3e41b29e5f05d128f57ab8/gnocchi.4c9d67bc-be46-435d-8aba-53db19ad8e67/1759320000.0_mean_300.0_v3" 201 - "PUT http://[::1]:8080/v1/AUTH_7e08652c4e3e41b29e5f05d128f57ab8/gnocchi.4c9d67bc-be46-435d-8aba-53db19ad8e67/1759320000.0_mean_300.0_v3" "tx1fc1e69cb4d34b79a287a-0068e85c38" "proxy-server 86594" 0.0210 "-" 93870 0
Oct 09 21:07:04 np0005479242.novalocal proxy-server[86594]: - - 10/Oct/2025/01/07/04 HEAD /v1/AUTH_7e08652c4e3e41b29e5f05d128f57ab8/gnocchi.e312ac3b-b3cf-4987-8e15-9998a0e9af23 HTTP/1.0 204 - Swift - - - - txdcc04411f1294237a639c-0068e85c38 - 0.0065 CS - 1760058424.783510447 1760058424.789998293 0
Oct 09 21:07:04 np0005479242.novalocal proxy-server[86594]: ::1 ::1 10/Oct/2025/01/07/04 PUT /v1/AUTH_7e08652c4e3e41b29e5f05d128f57ab8/gnocchi.4c9d67bc-be46-435d-8aba-53db19ad8e67/1759320000.0_mean_300.0_v3 HTTP/1.0 201 - python-swiftclient-4.5.0 gAAAAABo6Fv-PTBu... 16 - - tx1fc1e69cb4d34b79a287a-0068e85c38 - 0.0362 - - 1760058424.755122900 1760058424.791312933 0
Oct 09 21:07:04 np0005479242.novalocal container-server[93569]: ::1 - - [10/Oct/2025:01:07:04 +0000] "GET /2/245107/AUTH_7e08652c4e3e41b29e5f05d128f57ab8/gnocchi.e312ac3b-b3cf-4987-8e15-9998a0e9af23" 200 2 "GET http://[::1]:8080/v1/AUTH_7e08652c4e3e41b29e5f05d128f57ab8/gnocchi.e312ac3b-b3cf-4987-8e15-9998a0e9af23?format=json&states=listing" "txdcc04411f1294237a639c-0068e85c38" "proxy-server 86594" 0.0016 "-" 93569 0
Oct 09 21:07:04 np0005479242.novalocal proxy-server[86594]: ::1 ::1 10/Oct/2025/01/07/04 GET /v1/AUTH_7e08652c4e3e41b29e5f05d128f57ab8/gnocchi.e312ac3b-b3cf-4987-8e15-9998a0e9af23%3Fformat%3Djson%26states%3Dlisting HTTP/1.0 200 - python-swiftclient-4.5.0 gAAAAABo6Fv-oWcl... - 2 - txdcc04411f1294237a639c-0068e85c38 - 0.0182 - - 1760058424.782864332 1760058424.801059246 0
Oct 09 21:07:04 np0005479242.novalocal container-server[93568]: ::1 - - [10/Oct/2025:01:07:04 +0000] "PUT /2/148433/AUTH_7e08652c4e3e41b29e5f05d128f57ab8/gnocchi.4c9d67bc-be46-435d-8aba-53db19ad8e67/none_v3" 201 - "PUT http://[::1]:8080/1/89469/AUTH_7e08652c4e3e41b29e5f05d128f57ab8/gnocchi.4c9d67bc-be46-435d-8aba-53db19ad8e67/none_v3" "txc118cff517234f54b60dd-0068e85c38" "object-server 93871" 0.0004 "-" 93568 0
Oct 09 21:07:04 np0005479242.novalocal object-server[93871]: ::1 - - [10/Oct/2025:01:07:04 +0000] "PUT /1/89469/AUTH_7e08652c4e3e41b29e5f05d128f57ab8/gnocchi.4c9d67bc-be46-435d-8aba-53db19ad8e67/none_v3" 201 - "PUT http://[::1]:8080/v1/AUTH_7e08652c4e3e41b29e5f05d128f57ab8/gnocchi.4c9d67bc-be46-435d-8aba-53db19ad8e67/none_v3" "txc118cff517234f54b60dd-0068e85c38" "proxy-server 86594" 0.0099 "-" 93871 0
Oct 09 21:07:04 np0005479242.novalocal container-server[93569]: ::1 - - [10/Oct/2025:01:07:04 +0000] "PUT /1/148433/AUTH_7e08652c4e3e41b29e5f05d128f57ab8/gnocchi.4c9d67bc-be46-435d-8aba-53db19ad8e67/none_v3" 201 - "PUT http://[::1]:8080/3/89469/AUTH_7e08652c4e3e41b29e5f05d128f57ab8/gnocchi.4c9d67bc-be46-435d-8aba-53db19ad8e67/none_v3" "txc118cff517234f54b60dd-0068e85c38" "object-server 93870" 0.0004 "-" 93569 0
Oct 09 21:07:04 np0005479242.novalocal object-server[93870]: ::1 - - [10/Oct/2025:01:07:04 +0000] "GET /3/163669/AUTH_7e08652c4e3e41b29e5f05d128f57ab8/gnocchi.e312ac3b-b3cf-4987-8e15-9998a0e9af23/1759320000.0_mean_300.0_v3" 404 70 "GET http://[::1]:8080/v1/AUTH_7e08652c4e3e41b29e5f05d128f57ab8/gnocchi.e312ac3b-b3cf-4987-8e15-9998a0e9af23/1759320000.0_mean_300.0_v3" "tx29aa10e234634e5dab761-0068e85c38" "proxy-server 86594" 0.0003 "-" 93870 0
Oct 09 21:07:04 np0005479242.novalocal object-server[93870]: ::1 - - [10/Oct/2025:01:07:04 +0000] "PUT /3/89469/AUTH_7e08652c4e3e41b29e5f05d128f57ab8/gnocchi.4c9d67bc-be46-435d-8aba-53db19ad8e67/none_v3" 201 - "PUT http://[::1]:8080/v1/AUTH_7e08652c4e3e41b29e5f05d128f57ab8/gnocchi.4c9d67bc-be46-435d-8aba-53db19ad8e67/none_v3" "txc118cff517234f54b60dd-0068e85c38" "proxy-server 86594" 0.0148 "-" 93870 0
Oct 09 21:07:04 np0005479242.novalocal object-server[93871]: ::1 - - [10/Oct/2025:01:07:04 +0000] "GET /2/163669/AUTH_7e08652c4e3e41b29e5f05d128f57ab8/gnocchi.e312ac3b-b3cf-4987-8e15-9998a0e9af23/1759320000.0_mean_300.0_v3" 404 70 "GET http://[::1]:8080/v1/AUTH_7e08652c4e3e41b29e5f05d128f57ab8/gnocchi.e312ac3b-b3cf-4987-8e15-9998a0e9af23/1759320000.0_mean_300.0_v3" "tx29aa10e234634e5dab761-0068e85c38" "proxy-server 86594" 0.0002 "-" 93871 0
Oct 09 21:07:04 np0005479242.novalocal container-server[93569]: ::1 - - [10/Oct/2025:01:07:04 +0000] "PUT /3/148433/AUTH_7e08652c4e3e41b29e5f05d128f57ab8/gnocchi.4c9d67bc-be46-435d-8aba-53db19ad8e67/none_v3" 201 - "PUT http://[::1]:8080/2/89469/AUTH_7e08652c4e3e41b29e5f05d128f57ab8/gnocchi.4c9d67bc-be46-435d-8aba-53db19ad8e67/none_v3" "txc118cff517234f54b60dd-0068e85c38" "object-server 93870" 0.0004 "-" 93569 0
Oct 09 21:07:04 np0005479242.novalocal object-server[93870]: ::1 - - [10/Oct/2025:01:07:04 +0000] "PUT /2/89469/AUTH_7e08652c4e3e41b29e5f05d128f57ab8/gnocchi.4c9d67bc-be46-435d-8aba-53db19ad8e67/none_v3" 201 - "PUT http://[::1]:8080/v1/AUTH_7e08652c4e3e41b29e5f05d128f57ab8/gnocchi.4c9d67bc-be46-435d-8aba-53db19ad8e67/none_v3" "txc118cff517234f54b60dd-0068e85c38" "proxy-server 86594" 0.0193 "-" 93870 0
Oct 09 21:07:04 np0005479242.novalocal proxy-server[86594]: ::1 ::1 10/Oct/2025/01/07/04 PUT /v1/AUTH_7e08652c4e3e41b29e5f05d128f57ab8/gnocchi.4c9d67bc-be46-435d-8aba-53db19ad8e67/none_v3 HTTP/1.0 201 - python-swiftclient-4.5.0 gAAAAABo6Fv-PTBu... 33 - - txc118cff517234f54b60dd-0068e85c38 - 0.0303 - - 1760058424.794426680 1760058424.824693680 0
Oct 09 21:07:04 np0005479242.novalocal object-server[93870]: ::1 - - [10/Oct/2025:01:07:04 +0000] "GET /1/163669/AUTH_7e08652c4e3e41b29e5f05d128f57ab8/gnocchi.e312ac3b-b3cf-4987-8e15-9998a0e9af23/1759320000.0_mean_300.0_v3" 404 70 "GET http://[::1]:8080/v1/AUTH_7e08652c4e3e41b29e5f05d128f57ab8/gnocchi.e312ac3b-b3cf-4987-8e15-9998a0e9af23/1759320000.0_mean_300.0_v3" "tx29aa10e234634e5dab761-0068e85c38" "proxy-server 86594" 0.0003 "-" 93870 0
Oct 09 21:07:04 np0005479242.novalocal proxy-server[86594]: ::1 ::1 10/Oct/2025/01/07/04 GET /v1/AUTH_7e08652c4e3e41b29e5f05d128f57ab8/gnocchi.e312ac3b-b3cf-4987-8e15-9998a0e9af23/1759320000.0_mean_300.0_v3 HTTP/1.0 404 - python-swiftclient-4.5.0 gAAAAABo6Fv-oWcl... - 70 - tx29aa10e234634e5dab761-0068e85c38 - 0.0253 - - 1760058424.804477453 1760058424.829805374 0
Oct 09 21:07:04 np0005479242.novalocal object-server[93871]: ::1 - - [10/Oct/2025:01:07:04 +0000] "GET /3/127101/AUTH_7e08652c4e3e41b29e5f05d128f57ab8/gnocchi.c040602f-80f6-476a-b760-830d1d243adf/none_v3" 200 22 "GET http://[::1]:8080/v1/AUTH_7e08652c4e3e41b29e5f05d128f57ab8/gnocchi.c040602f-80f6-476a-b760-830d1d243adf/none_v3" "tx4067c79853664211ad5b1-0068e85c38" "proxy-server 86594" 0.0007 "-" 93871 0
Oct 09 21:07:04 np0005479242.novalocal proxy-server[86594]: ::1 ::1 10/Oct/2025/01/07/04 GET /v1/AUTH_7e08652c4e3e41b29e5f05d128f57ab8/gnocchi.c040602f-80f6-476a-b760-830d1d243adf/none_v3 HTTP/1.0 200 - python-swiftclient-4.5.0 gAAAAABo6Fv-PTBu... - 22 - tx4067c79853664211ad5b1-0068e85c38 - 0.0068 - - 1760058424.839563608 1760058424.846346140 0
Oct 09 21:07:04 np0005479242.novalocal container-server[93568]: ::1 - - [10/Oct/2025:01:07:04 +0000] "PUT /1/245107/AUTH_7e08652c4e3e41b29e5f05d128f57ab8/gnocchi.e312ac3b-b3cf-4987-8e15-9998a0e9af23/1759320000.0_mean_300.0_v3" 201 - "PUT http://[::1]:8080/3/163669/AUTH_7e08652c4e3e41b29e5f05d128f57ab8/gnocchi.e312ac3b-b3cf-4987-8e15-9998a0e9af23/1759320000.0_mean_300.0_v3" "tx3364baf68b404befb5c1f-0068e85c38" "object-server 93870" 0.0005 "-" 93568 0
Oct 09 21:07:04 np0005479242.novalocal object-server[93870]: ::1 - - [10/Oct/2025:01:07:04 +0000] "PUT /3/163669/AUTH_7e08652c4e3e41b29e5f05d128f57ab8/gnocchi.e312ac3b-b3cf-4987-8e15-9998a0e9af23/1759320000.0_mean_300.0_v3" 201 - "PUT http://[::1]:8080/v1/AUTH_7e08652c4e3e41b29e5f05d128f57ab8/gnocchi.e312ac3b-b3cf-4987-8e15-9998a0e9af23/1759320000.0_mean_300.0_v3" "tx3364baf68b404befb5c1f-0068e85c38" "proxy-server 86594" 0.0149 "-" 93870 0
Oct 09 21:07:04 np0005479242.novalocal container-server[93569]: ::1 - - [10/Oct/2025:01:07:04 +0000] "PUT /2/245107/AUTH_7e08652c4e3e41b29e5f05d128f57ab8/gnocchi.e312ac3b-b3cf-4987-8e15-9998a0e9af23/1759320000.0_mean_300.0_v3" 201 - "PUT http://[::1]:8080/2/163669/AUTH_7e08652c4e3e41b29e5f05d128f57ab8/gnocchi.e312ac3b-b3cf-4987-8e15-9998a0e9af23/1759320000.0_mean_300.0_v3" "tx3364baf68b404befb5c1f-0068e85c38" "object-server 93870" 0.0005 "-" 93569 0
Oct 09 21:07:04 np0005479242.novalocal object-server[93870]: ::1 - - [10/Oct/2025:01:07:04 +0000] "PUT /2/163669/AUTH_7e08652c4e3e41b29e5f05d128f57ab8/gnocchi.e312ac3b-b3cf-4987-8e15-9998a0e9af23/1759320000.0_mean_300.0_v3" 201 - "PUT http://[::1]:8080/v1/AUTH_7e08652c4e3e41b29e5f05d128f57ab8/gnocchi.e312ac3b-b3cf-4987-8e15-9998a0e9af23/1759320000.0_mean_300.0_v3" "tx3364baf68b404befb5c1f-0068e85c38" "proxy-server 86594" 0.0150 "-" 93870 0
Oct 09 21:07:04 np0005479242.novalocal container-server[93569]: ::1 - - [10/Oct/2025:01:07:04 +0000] "PUT /3/245107/AUTH_7e08652c4e3e41b29e5f05d128f57ab8/gnocchi.e312ac3b-b3cf-4987-8e15-9998a0e9af23/1759320000.0_mean_300.0_v3" 201 - "PUT http://[::1]:8080/1/163669/AUTH_7e08652c4e3e41b29e5f05d128f57ab8/gnocchi.e312ac3b-b3cf-4987-8e15-9998a0e9af23/1759320000.0_mean_300.0_v3" "tx3364baf68b404befb5c1f-0068e85c38" "object-server 93870" 0.0003 "-" 93569 0
Oct 09 21:07:04 np0005479242.novalocal object-server[93870]: ::1 - - [10/Oct/2025:01:07:04 +0000] "PUT /1/163669/AUTH_7e08652c4e3e41b29e5f05d128f57ab8/gnocchi.e312ac3b-b3cf-4987-8e15-9998a0e9af23/1759320000.0_mean_300.0_v3" 201 - "PUT http://[::1]:8080/v1/AUTH_7e08652c4e3e41b29e5f05d128f57ab8/gnocchi.e312ac3b-b3cf-4987-8e15-9998a0e9af23/1759320000.0_mean_300.0_v3" "tx3364baf68b404befb5c1f-0068e85c38" "proxy-server 86594" 0.0144 "-" 93870 0
Oct 09 21:07:04 np0005479242.novalocal proxy-server[86594]: ::1 ::1 10/Oct/2025/01/07/04 PUT /v1/AUTH_7e08652c4e3e41b29e5f05d128f57ab8/gnocchi.e312ac3b-b3cf-4987-8e15-9998a0e9af23/1759320000.0_mean_300.0_v3 HTTP/1.0 201 - python-swiftclient-4.5.0 gAAAAABo6Fv-oWcl... 16 - - tx3364baf68b404befb5c1f-0068e85c38 - 0.0242 - - 1760058424.832337379 1760058424.856490612 0
Oct 09 21:07:04 np0005479242.novalocal container-server[93569]: ::1 - - [10/Oct/2025:01:07:04 +0000] "GET /3/224924/AUTH_7e08652c4e3e41b29e5f05d128f57ab8/gnocchi.c040602f-80f6-476a-b760-830d1d243adf" 200 357 "GET http://[::1]:8080/v1/AUTH_7e08652c4e3e41b29e5f05d128f57ab8/gnocchi.c040602f-80f6-476a-b760-830d1d243adf?format=json&states=listing" "txd1414cc9fd744160972bd-0068e85c38" "proxy-server 86594" 0.0018 "-" 93569 0
Oct 09 21:07:04 np0005479242.novalocal proxy-server[86594]: ::1 ::1 10/Oct/2025/01/07/04 GET /v1/AUTH_7e08652c4e3e41b29e5f05d128f57ab8/gnocchi.c040602f-80f6-476a-b760-830d1d243adf%3Fformat%3Djson%26states%3Dlisting HTTP/1.0 200 - python-swiftclient-4.5.0 gAAAAABo6Fv-PTBu... - 357 - txd1414cc9fd744160972bd-0068e85c38 - 0.0094 - - 1760058424.851180077 1760058424.860547543 0
Oct 09 21:07:04 np0005479242.novalocal container-server[93569]: ::1 - - [10/Oct/2025:01:07:04 +0000] "GET /3/224924/AUTH_7e08652c4e3e41b29e5f05d128f57ab8/gnocchi.c040602f-80f6-476a-b760-830d1d243adf" 200 2 "GET http://[::1]:8080/v1/AUTH_7e08652c4e3e41b29e5f05d128f57ab8/gnocchi.c040602f-80f6-476a-b760-830d1d243adf?format=json&marker=none_v3&states=listing" "txb1d34809499949c9a8e8a-0068e85c38" "proxy-server 86594" 0.0027 "-" 93569 0
Oct 09 21:07:04 np0005479242.novalocal container-server[93569]: ::1 - - [10/Oct/2025:01:07:04 +0000] "PUT /3/245107/AUTH_7e08652c4e3e41b29e5f05d128f57ab8/gnocchi.e312ac3b-b3cf-4987-8e15-9998a0e9af23/none_v3" 201 - "PUT http://[::1]:8080/1/101624/AUTH_7e08652c4e3e41b29e5f05d128f57ab8/gnocchi.e312ac3b-b3cf-4987-8e15-9998a0e9af23/none_v3" "tx2b91ad7feb414cd990a3e-0068e85c38" "object-server 93871" 0.0007 "-" 93569 0
Oct 09 21:07:04 np0005479242.novalocal object-server[93871]: ::1 - - [10/Oct/2025:01:07:04 +0000] "PUT /1/101624/AUTH_7e08652c4e3e41b29e5f05d128f57ab8/gnocchi.e312ac3b-b3cf-4987-8e15-9998a0e9af23/none_v3" 201 - "PUT http://[::1]:8080/v1/AUTH_7e08652c4e3e41b29e5f05d128f57ab8/gnocchi.e312ac3b-b3cf-4987-8e15-9998a0e9af23/none_v3" "tx2b91ad7feb414cd990a3e-0068e85c38" "proxy-server 86594" 0.0163 "-" 93871 0
Oct 09 21:07:04 np0005479242.novalocal container-server[93568]: ::1 - - [10/Oct/2025:01:07:04 +0000] "PUT /2/245107/AUTH_7e08652c4e3e41b29e5f05d128f57ab8/gnocchi.e312ac3b-b3cf-4987-8e15-9998a0e9af23/none_v3" 201 - "PUT http://[::1]:8080/3/101624/AUTH_7e08652c4e3e41b29e5f05d128f57ab8/gnocchi.e312ac3b-b3cf-4987-8e15-9998a0e9af23/none_v3" "tx2b91ad7feb414cd990a3e-0068e85c38" "object-server 93871" 0.0006 "-" 93568 0
Oct 09 21:07:04 np0005479242.novalocal proxy-server[86594]: ::1 ::1 10/Oct/2025/01/07/04 GET /v1/AUTH_7e08652c4e3e41b29e5f05d128f57ab8/gnocchi.c040602f-80f6-476a-b760-830d1d243adf%3Fformat%3Djson%26marker%3Dnone_v3%26states%3Dlisting HTTP/1.0 200 - python-swiftclient-4.5.0 gAAAAABo6Fv-PTBu... - 2 - txb1d34809499949c9a8e8a-0068e85c38 - 0.0208 - - 1760058424.866565704 1760058424.887396336 0
Oct 09 21:07:04 np0005479242.novalocal object-server[93871]: ::1 - - [10/Oct/2025:01:07:04 +0000] "PUT /3/101624/AUTH_7e08652c4e3e41b29e5f05d128f57ab8/gnocchi.e312ac3b-b3cf-4987-8e15-9998a0e9af23/none_v3" 201 - "PUT http://[::1]:8080/v1/AUTH_7e08652c4e3e41b29e5f05d128f57ab8/gnocchi.e312ac3b-b3cf-4987-8e15-9998a0e9af23/none_v3" "tx2b91ad7feb414cd990a3e-0068e85c38" "proxy-server 86594" 0.0205 "-" 93871 0
Oct 09 21:07:04 np0005479242.novalocal container-server[93568]: ::1 - - [10/Oct/2025:01:07:04 +0000] "PUT /1/245107/AUTH_7e08652c4e3e41b29e5f05d128f57ab8/gnocchi.e312ac3b-b3cf-4987-8e15-9998a0e9af23/none_v3" 201 - "PUT http://[::1]:8080/2/101624/AUTH_7e08652c4e3e41b29e5f05d128f57ab8/gnocchi.e312ac3b-b3cf-4987-8e15-9998a0e9af23/none_v3" "tx2b91ad7feb414cd990a3e-0068e85c38" "object-server 93870" 0.0004 "-" 93568 0
Oct 09 21:07:04 np0005479242.novalocal object-server[93870]: ::1 - - [10/Oct/2025:01:07:04 +0000] "PUT /2/101624/AUTH_7e08652c4e3e41b29e5f05d128f57ab8/gnocchi.e312ac3b-b3cf-4987-8e15-9998a0e9af23/none_v3" 201 - "PUT http://[::1]:8080/v1/AUTH_7e08652c4e3e41b29e5f05d128f57ab8/gnocchi.e312ac3b-b3cf-4987-8e15-9998a0e9af23/none_v3" "tx2b91ad7feb414cd990a3e-0068e85c38" "proxy-server 86594" 0.0186 "-" 93870 0
Oct 09 21:07:04 np0005479242.novalocal proxy-server[86594]: ::1 ::1 10/Oct/2025/01/07/04 PUT /v1/AUTH_7e08652c4e3e41b29e5f05d128f57ab8/gnocchi.e312ac3b-b3cf-4987-8e15-9998a0e9af23/none_v3 HTTP/1.0 201 - python-swiftclient-4.5.0 gAAAAABo6Fv-oWcl... 22 - - tx2b91ad7feb414cd990a3e-0068e85c38 - 0.0324 - - 1760058424.859615564 1760058424.892029285 0
Oct 09 21:07:04 np0005479242.novalocal object-server[93870]: ::1 - - [10/Oct/2025:01:07:04 +0000] "GET /3/97305/AUTH_7e08652c4e3e41b29e5f05d128f57ab8/gnocchi.c040602f-80f6-476a-b760-830d1d243adf/1759320000.0_rate%3Amean_300.0_v3" 404 70 "GET http://[::1]:8080/v1/AUTH_7e08652c4e3e41b29e5f05d128f57ab8/gnocchi.c040602f-80f6-476a-b760-830d1d243adf/1759320000.0_rate%3Amean_300.0_v3" "txbc409479a21949c48f992-0068e85c38" "proxy-server 86594" 0.0004 "-" 93870 0
Oct 09 21:07:04 np0005479242.novalocal object-server[93871]: ::1 - - [10/Oct/2025:01:07:04 +0000] "GET /2/145121/AUTH_7e08652c4e3e41b29e5f05d128f57ab8/gnocchi.4c1e8553-4600-47e6-858c-2c30d8d28c5d/none_v3" 200 22 "GET http://[::1]:8080/v1/AUTH_7e08652c4e3e41b29e5f05d128f57ab8/gnocchi.4c1e8553-4600-47e6-858c-2c30d8d28c5d/none_v3" "tx250faffaa4ae4c50a2dd8-0068e85c38" "proxy-server 86594" 0.0007 "-" 93871 0
Oct 09 21:07:04 np0005479242.novalocal object-server[93870]: ::1 - - [10/Oct/2025:01:07:04 +0000] "GET /1/97305/AUTH_7e08652c4e3e41b29e5f05d128f57ab8/gnocchi.c040602f-80f6-476a-b760-830d1d243adf/1759320000.0_rate%3Amean_300.0_v3" 404 70 "GET http://[::1]:8080/v1/AUTH_7e08652c4e3e41b29e5f05d128f57ab8/gnocchi.c040602f-80f6-476a-b760-830d1d243adf/1759320000.0_rate%3Amean_300.0_v3" "txbc409479a21949c48f992-0068e85c38" "proxy-server 86594" 0.0002 "-" 93870 0
Oct 09 21:07:04 np0005479242.novalocal proxy-server[86594]: ::1 ::1 10/Oct/2025/01/07/04 GET /v1/AUTH_7e08652c4e3e41b29e5f05d128f57ab8/gnocchi.4c1e8553-4600-47e6-858c-2c30d8d28c5d/none_v3 HTTP/1.0 200 - python-swiftclient-4.5.0 gAAAAABo6Fv-oWcl... - 22 - tx250faffaa4ae4c50a2dd8-0068e85c38 - 0.0095 - - 1760058424.902450800 1760058424.911991119 0
Oct 09 21:07:04 np0005479242.novalocal object-server[93871]: ::1 - - [10/Oct/2025:01:07:04 +0000] "GET /2/97305/AUTH_7e08652c4e3e41b29e5f05d128f57ab8/gnocchi.c040602f-80f6-476a-b760-830d1d243adf/1759320000.0_rate%3Amean_300.0_v3" 404 70 "GET http://[::1]:8080/v1/AUTH_7e08652c4e3e41b29e5f05d128f57ab8/gnocchi.c040602f-80f6-476a-b760-830d1d243adf/1759320000.0_rate%3Amean_300.0_v3" "txbc409479a21949c48f992-0068e85c38" "proxy-server 86594" 0.0003 "-" 93871 0
Oct 09 21:07:04 np0005479242.novalocal proxy-server[86594]: ::1 ::1 10/Oct/2025/01/07/04 GET /v1/AUTH_7e08652c4e3e41b29e5f05d128f57ab8/gnocchi.c040602f-80f6-476a-b760-830d1d243adf/1759320000.0_rate%253Amean_300.0_v3 HTTP/1.0 404 - python-swiftclient-4.5.0 gAAAAABo6Fv-PTBu... - 70 - txbc409479a21949c48f992-0068e85c38 - 0.0283 - - 1760058424.891184568 1760058424.919441223 0
Oct 09 21:07:04 np0005479242.novalocal object-server[93870]: ::1 - - [10/Oct/2025:01:07:04 +0000] "GET /1/160503/AUTH_7e08652c4e3e41b29e5f05d128f57ab8/gnocchi.c040602f-80f6-476a-b760-830d1d243adf/1759320000.0_mean_300.0_v3" 200 16 "GET http://[::1]:8080/v1/AUTH_7e08652c4e3e41b29e5f05d128f57ab8/gnocchi.c040602f-80f6-476a-b760-830d1d243adf/1759320000.0_mean_300.0_v3" "txf487cf51703b4c8992feb-0068e85c38" "proxy-server 86594" 0.0008 "-" 93870 0
Oct 09 21:07:04 np0005479242.novalocal container-server[93568]: ::1 - - [10/Oct/2025:01:07:04 +0000] "GET /3/51472/AUTH_7e08652c4e3e41b29e5f05d128f57ab8/gnocchi.4c1e8553-4600-47e6-858c-2c30d8d28c5d" 200 357 "GET http://[::1]:8080/v1/AUTH_7e08652c4e3e41b29e5f05d128f57ab8/gnocchi.4c1e8553-4600-47e6-858c-2c30d8d28c5d?format=json&states=listing" "tx546a4d74aeef4d46bbe0f-0068e85c38" "proxy-server 86594" 0.0055 "-" 93568 0
Oct 09 21:07:04 np0005479242.novalocal proxy-server[86594]: ::1 ::1 10/Oct/2025/01/07/04 GET /v1/AUTH_7e08652c4e3e41b29e5f05d128f57ab8/gnocchi.4c1e8553-4600-47e6-858c-2c30d8d28c5d%3Fformat%3Djson%26states%3Dlisting HTTP/1.0 200 - python-swiftclient-4.5.0 gAAAAABo6Fv-oWcl... - 357 - tx546a4d74aeef4d46bbe0f-0068e85c38 - 0.0220 - - 1760058424.916773081 1760058424.938816071 0
Oct 09 21:07:04 np0005479242.novalocal proxy-server[86594]: ::1 ::1 10/Oct/2025/01/07/04 GET /v1/AUTH_7e08652c4e3e41b29e5f05d128f57ab8/gnocchi.c040602f-80f6-476a-b760-830d1d243adf/1759320000.0_mean_300.0_v3 HTTP/1.0 200 - python-swiftclient-4.5.0 gAAAAABo6Fv-PTBu... - 16 - txf487cf51703b4c8992feb-0068e85c38 - 0.0167 - - 1760058424.923271179 1760058424.939937592 0
Oct 09 21:07:04 np0005479242.novalocal container-server[93568]: ::1 - - [10/Oct/2025:01:07:04 +0000] "GET /1/51472/AUTH_7e08652c4e3e41b29e5f05d128f57ab8/gnocchi.4c1e8553-4600-47e6-858c-2c30d8d28c5d" 200 2 "GET http://[::1]:8080/v1/AUTH_7e08652c4e3e41b29e5f05d128f57ab8/gnocchi.4c1e8553-4600-47e6-858c-2c30d8d28c5d?format=json&marker=none_v3&states=listing" "txa24f818292704a1bbcea0-0068e85c38" "proxy-server 86594" 0.0032 "-" 93568 0
Oct 09 21:07:04 np0005479242.novalocal proxy-server[86594]: ::1 ::1 10/Oct/2025/01/07/04 GET /v1/AUTH_7e08652c4e3e41b29e5f05d128f57ab8/gnocchi.4c1e8553-4600-47e6-858c-2c30d8d28c5d%3Fformat%3Djson%26marker%3Dnone_v3%26states%3Dlisting HTTP/1.0 200 - python-swiftclient-4.5.0 gAAAAABo6Fv-oWcl... - 2 - txa24f818292704a1bbcea0-0068e85c38 - 0.0206 - - 1760058424.941341639 1760058424.961956024 0
Oct 09 21:07:04 np0005479242.novalocal container-server[93569]: ::1 - - [10/Oct/2025:01:07:04 +0000] "PUT /3/224924/AUTH_7e08652c4e3e41b29e5f05d128f57ab8/gnocchi.c040602f-80f6-476a-b760-830d1d243adf/1759320000.0_rate%3Amean_300.0_v3" 201 - "PUT http://[::1]:8080/3/97305/AUTH_7e08652c4e3e41b29e5f05d128f57ab8/gnocchi.c040602f-80f6-476a-b760-830d1d243adf/1759320000.0_rate%3Amean_300.0_v3" "tx5d00b17cc64d4d66a58d0-0068e85c38" "object-server 93871" 0.0005 "-" 93569 0
Oct 09 21:07:04 np0005479242.novalocal object-server[93871]: ::1 - - [10/Oct/2025:01:07:04 +0000] "PUT /3/97305/AUTH_7e08652c4e3e41b29e5f05d128f57ab8/gnocchi.c040602f-80f6-476a-b760-830d1d243adf/1759320000.0_rate%3Amean_300.0_v3" 201 - "PUT http://[::1]:8080/v1/AUTH_7e08652c4e3e41b29e5f05d128f57ab8/gnocchi.c040602f-80f6-476a-b760-830d1d243adf/1759320000.0_rate%3Amean_300.0_v3" "tx5d00b17cc64d4d66a58d0-0068e85c38" "proxy-server 86594" 0.0116 "-" 93871 0
Oct 09 21:07:04 np0005479242.novalocal object-server[93871]: ::1 - - [10/Oct/2025:01:07:04 +0000] "GET /3/225063/AUTH_7e08652c4e3e41b29e5f05d128f57ab8/gnocchi.4c1e8553-4600-47e6-858c-2c30d8d28c5d/1759320000.0_rate%3Amean_300.0_v3" 404 70 "GET http://[::1]:8080/v1/AUTH_7e08652c4e3e41b29e5f05d128f57ab8/gnocchi.4c1e8553-4600-47e6-858c-2c30d8d28c5d/1759320000.0_rate%3Amean_300.0_v3" "txc5553d6a80484127ac69c-0068e85c38" "proxy-server 86594" 0.0003 "-" 93871 0
Oct 09 21:07:04 np0005479242.novalocal container-server[93568]: ::1 - - [10/Oct/2025:01:07:04 +0000] "PUT /2/224924/AUTH_7e08652c4e3e41b29e5f05d128f57ab8/gnocchi.c040602f-80f6-476a-b760-830d1d243adf/1759320000.0_rate%3Amean_300.0_v3" 201 - "PUT http://[::1]:8080/2/97305/AUTH_7e08652c4e3e41b29e5f05d128f57ab8/gnocchi.c040602f-80f6-476a-b760-830d1d243adf/1759320000.0_rate%3Amean_300.0_v3" "tx5d00b17cc64d4d66a58d0-0068e85c38" "object-server 93870" 0.0004 "-" 93568 0
Oct 09 21:07:04 np0005479242.novalocal object-server[93870]: ::1 - - [10/Oct/2025:01:07:04 +0000] "PUT /2/97305/AUTH_7e08652c4e3e41b29e5f05d128f57ab8/gnocchi.c040602f-80f6-476a-b760-830d1d243adf/1759320000.0_rate%3Amean_300.0_v3" 201 - "PUT http://[::1]:8080/v1/AUTH_7e08652c4e3e41b29e5f05d128f57ab8/gnocchi.c040602f-80f6-476a-b760-830d1d243adf/1759320000.0_rate%3Amean_300.0_v3" "tx5d00b17cc64d4d66a58d0-0068e85c38" "proxy-server 86594" 0.0146 "-" 93870 0
Oct 09 21:07:04 np0005479242.novalocal container-server[93568]: ::1 - - [10/Oct/2025:01:07:04 +0000] "PUT /1/224924/AUTH_7e08652c4e3e41b29e5f05d128f57ab8/gnocchi.c040602f-80f6-476a-b760-830d1d243adf/1759320000.0_rate%3Amean_300.0_v3" 201 - "PUT http://[::1]:8080/1/97305/AUTH_7e08652c4e3e41b29e5f05d128f57ab8/gnocchi.c040602f-80f6-476a-b760-830d1d243adf/1759320000.0_rate%3Amean_300.0_v3" "tx5d00b17cc64d4d66a58d0-0068e85c38" "object-server 93870" 0.0003 "-" 93568 0
Oct 09 21:07:04 np0005479242.novalocal object-server[93870]: ::1 - - [10/Oct/2025:01:07:04 +0000] "PUT /1/97305/AUTH_7e08652c4e3e41b29e5f05d128f57ab8/gnocchi.c040602f-80f6-476a-b760-830d1d243adf/1759320000.0_rate%3Amean_300.0_v3" 201 - "PUT http://[::1]:8080/v1/AUTH_7e08652c4e3e41b29e5f05d128f57ab8/gnocchi.c040602f-80f6-476a-b760-830d1d243adf/1759320000.0_rate%3Amean_300.0_v3" "tx5d00b17cc64d4d66a58d0-0068e85c38" "proxy-server 86594" 0.0187 "-" 93870 0
Oct 09 21:07:04 np0005479242.novalocal proxy-server[86594]: ::1 ::1 10/Oct/2025/01/07/04 PUT /v1/AUTH_7e08652c4e3e41b29e5f05d128f57ab8/gnocchi.c040602f-80f6-476a-b760-830d1d243adf/1759320000.0_rate%253Amean_300.0_v3 HTTP/1.0 201 - python-swiftclient-4.5.0 gAAAAABo6Fv-PTBu... 16 - - tx5d00b17cc64d4d66a58d0-0068e85c38 - 0.0333 - - 1760058424.942620993 1760058424.975891352 0
Oct 09 21:07:04 np0005479242.novalocal object-server[93871]: ::1 - - [10/Oct/2025:01:07:04 +0000] "GET /2/225063/AUTH_7e08652c4e3e41b29e5f05d128f57ab8/gnocchi.4c1e8553-4600-47e6-858c-2c30d8d28c5d/1759320000.0_rate%3Amean_300.0_v3" 404 70 "GET http://[::1]:8080/v1/AUTH_7e08652c4e3e41b29e5f05d128f57ab8/gnocchi.4c1e8553-4600-47e6-858c-2c30d8d28c5d/1759320000.0_rate%3Amean_300.0_v3" "txc5553d6a80484127ac69c-0068e85c38" "proxy-server 86594" 0.0002 "-" 93871 0
Oct 09 21:07:04 np0005479242.novalocal object-server[93871]: ::1 - - [10/Oct/2025:01:07:04 +0000] "GET /1/225063/AUTH_7e08652c4e3e41b29e5f05d128f57ab8/gnocchi.4c1e8553-4600-47e6-858c-2c30d8d28c5d/1759320000.0_rate%3Amean_300.0_v3" 404 70 "GET http://[::1]:8080/v1/AUTH_7e08652c4e3e41b29e5f05d128f57ab8/gnocchi.4c1e8553-4600-47e6-858c-2c30d8d28c5d/1759320000.0_rate%3Amean_300.0_v3" "txc5553d6a80484127ac69c-0068e85c38" "proxy-server 86594" 0.0002 "-" 93871 0
Oct 09 21:07:04 np0005479242.novalocal proxy-server[86594]: ::1 ::1 10/Oct/2025/01/07/04 GET /v1/AUTH_7e08652c4e3e41b29e5f05d128f57ab8/gnocchi.4c1e8553-4600-47e6-858c-2c30d8d28c5d/1759320000.0_rate%253Amean_300.0_v3 HTTP/1.0 404 - python-swiftclient-4.5.0 gAAAAABo6Fv-oWcl... - 70 - txc5553d6a80484127ac69c-0068e85c38 - 0.0209 - - 1760058424.967368603 1760058424.988279343 0
Oct 09 21:07:04 np0005479242.novalocal container-server[93568]: ::1 - - [10/Oct/2025:01:07:04 +0000] "PUT /2/224924/AUTH_7e08652c4e3e41b29e5f05d128f57ab8/gnocchi.c040602f-80f6-476a-b760-830d1d243adf/1759320000.0_mean_300.0_v3" 201 - "PUT http://[::1]:8080/3/160503/AUTH_7e08652c4e3e41b29e5f05d128f57ab8/gnocchi.c040602f-80f6-476a-b760-830d1d243adf/1759320000.0_mean_300.0_v3" "tx904668bea15b4d01a6010-0068e85c38" "object-server 93870" 0.0006 "-" 93568 0
Oct 09 21:07:04 np0005479242.novalocal container-server[93569]: ::1 - - [10/Oct/2025:01:07:04 +0000] "PUT /3/224924/AUTH_7e08652c4e3e41b29e5f05d128f57ab8/gnocchi.c040602f-80f6-476a-b760-830d1d243adf/1759320000.0_mean_300.0_v3" 201 - "PUT http://[::1]:8080/1/160503/AUTH_7e08652c4e3e41b29e5f05d128f57ab8/gnocchi.c040602f-80f6-476a-b760-830d1d243adf/1759320000.0_mean_300.0_v3" "tx904668bea15b4d01a6010-0068e85c38" "object-server 93870" 0.0005 "-" 93569 0
Oct 09 21:07:04 np0005479242.novalocal object-server[93870]: ::1 - - [10/Oct/2025:01:07:04 +0000] "PUT /3/160503/AUTH_7e08652c4e3e41b29e5f05d128f57ab8/gnocchi.c040602f-80f6-476a-b760-830d1d243adf/1759320000.0_mean_300.0_v3" 201 - "PUT http://[::1]:8080/v1/AUTH_7e08652c4e3e41b29e5f05d128f57ab8/gnocchi.c040602f-80f6-476a-b760-830d1d243adf/1759320000.0_mean_300.0_v3" "tx904668bea15b4d01a6010-0068e85c38" "proxy-server 86594" 0.0120 "-" 93870 0
Oct 09 21:07:04 np0005479242.novalocal object-server[93870]: ::1 - - [10/Oct/2025:01:07:04 +0000] "PUT /1/160503/AUTH_7e08652c4e3e41b29e5f05d128f57ab8/gnocchi.c040602f-80f6-476a-b760-830d1d243adf/1759320000.0_mean_300.0_v3" 201 - "PUT http://[::1]:8080/v1/AUTH_7e08652c4e3e41b29e5f05d128f57ab8/gnocchi.c040602f-80f6-476a-b760-830d1d243adf/1759320000.0_mean_300.0_v3" "tx904668bea15b4d01a6010-0068e85c38" "proxy-server 86594" 0.0150 "-" 93870 0
Oct 09 21:07:05 np0005479242.novalocal object-server[93871]: ::1 - - [10/Oct/2025:01:07:05 +0000] "GET /2/10294/AUTH_7e08652c4e3e41b29e5f05d128f57ab8/gnocchi.4c1e8553-4600-47e6-858c-2c30d8d28c5d/1759320000.0_mean_300.0_v3" 200 16 "GET http://[::1]:8080/v1/AUTH_7e08652c4e3e41b29e5f05d128f57ab8/gnocchi.4c1e8553-4600-47e6-858c-2c30d8d28c5d/1759320000.0_mean_300.0_v3" "tx7a77551fc1b54c32a1c50-0068e85c38" "proxy-server 86594" 0.0005 "-" 93871 0
Oct 09 21:07:05 np0005479242.novalocal proxy-server[86594]: ::1 ::1 10/Oct/2025/01/07/05 GET /v1/AUTH_7e08652c4e3e41b29e5f05d128f57ab8/gnocchi.4c1e8553-4600-47e6-858c-2c30d8d28c5d/1759320000.0_mean_300.0_v3 HTTP/1.0 200 - python-swiftclient-4.5.0 gAAAAABo6Fv-oWcl... - 16 - tx7a77551fc1b54c32a1c50-0068e85c38 - 0.0117 - - 1760058424.991285086 1760058425.002965689 0
Oct 09 21:07:05 np0005479242.novalocal container-server[93568]: ::1 - - [10/Oct/2025:01:07:05 +0000] "PUT /1/224924/AUTH_7e08652c4e3e41b29e5f05d128f57ab8/gnocchi.c040602f-80f6-476a-b760-830d1d243adf/1759320000.0_mean_300.0_v3" 201 - "PUT http://[::1]:8080/2/160503/AUTH_7e08652c4e3e41b29e5f05d128f57ab8/gnocchi.c040602f-80f6-476a-b760-830d1d243adf/1759320000.0_mean_300.0_v3" "tx904668bea15b4d01a6010-0068e85c38" "object-server 93871" 0.0005 "-" 93568 0
Oct 09 21:07:05 np0005479242.novalocal object-server[93871]: ::1 - - [10/Oct/2025:01:07:05 +0000] "PUT /2/160503/AUTH_7e08652c4e3e41b29e5f05d128f57ab8/gnocchi.c040602f-80f6-476a-b760-830d1d243adf/1759320000.0_mean_300.0_v3" 201 - "PUT http://[::1]:8080/v1/AUTH_7e08652c4e3e41b29e5f05d128f57ab8/gnocchi.c040602f-80f6-476a-b760-830d1d243adf/1759320000.0_mean_300.0_v3" "tx904668bea15b4d01a6010-0068e85c38" "proxy-server 86594" 0.0239 "-" 93871 0
Oct 09 21:07:05 np0005479242.novalocal proxy-server[86594]: ::1 ::1 10/Oct/2025/01/07/05 PUT /v1/AUTH_7e08652c4e3e41b29e5f05d128f57ab8/gnocchi.c040602f-80f6-476a-b760-830d1d243adf/1759320000.0_mean_300.0_v3 HTTP/1.0 201 - python-swiftclient-4.5.0 gAAAAABo6Fv-PTBu... 16 - - tx904668bea15b4d01a6010-0068e85c38 - 0.0377 - - 1760058424.978272915 1760058425.015969515 0
Oct 09 21:07:05 np0005479242.novalocal container-server[93568]: ::1 - - [10/Oct/2025:01:07:05 +0000] "PUT /2/51472/AUTH_7e08652c4e3e41b29e5f05d128f57ab8/gnocchi.4c1e8553-4600-47e6-858c-2c30d8d28c5d/1759320000.0_rate%3Amean_300.0_v3" 201 - "PUT http://[::1]:8080/2/225063/AUTH_7e08652c4e3e41b29e5f05d128f57ab8/gnocchi.4c1e8553-4600-47e6-858c-2c30d8d28c5d/1759320000.0_rate%3Amean_300.0_v3" "txe82177981e284aa0b17b1-0068e85c39" "object-server 93870" 0.0011 "-" 93568 0
Oct 09 21:07:05 np0005479242.novalocal container-server[93569]: ::1 - - [10/Oct/2025:01:07:05 +0000] "PUT /2/224924/AUTH_7e08652c4e3e41b29e5f05d128f57ab8/gnocchi.c040602f-80f6-476a-b760-830d1d243adf/none_v3" 201 - "PUT http://[::1]:8080/1/127101/AUTH_7e08652c4e3e41b29e5f05d128f57ab8/gnocchi.c040602f-80f6-476a-b760-830d1d243adf/none_v3" "tx8ae87d2cac014f618057e-0068e85c39" "object-server 93870" 0.0005 "-" 93569 0
Oct 09 21:07:05 np0005479242.novalocal container-server[93569]: ::1 - - [10/Oct/2025:01:07:05 +0000] "PUT /1/224924/AUTH_7e08652c4e3e41b29e5f05d128f57ab8/gnocchi.c040602f-80f6-476a-b760-830d1d243adf/none_v3" 201 - "PUT http://[::1]:8080/3/127101/AUTH_7e08652c4e3e41b29e5f05d128f57ab8/gnocchi.c040602f-80f6-476a-b760-830d1d243adf/none_v3" "tx8ae87d2cac014f618057e-0068e85c39" "object-server 93871" 0.0003 "-" 93569 0
Oct 09 21:07:05 np0005479242.novalocal object-server[93870]: ::1 - - [10/Oct/2025:01:07:05 +0000] "PUT /1/127101/AUTH_7e08652c4e3e41b29e5f05d128f57ab8/gnocchi.c040602f-80f6-476a-b760-830d1d243adf/none_v3" 201 - "PUT http://[::1]:8080/v1/AUTH_7e08652c4e3e41b29e5f05d128f57ab8/gnocchi.c040602f-80f6-476a-b760-830d1d243adf/none_v3" "tx8ae87d2cac014f618057e-0068e85c39" "proxy-server 86594" 0.0107 "-" 93870 0
Oct 09 21:07:05 np0005479242.novalocal container-server[93568]: ::1 - - [10/Oct/2025:01:07:05 +0000] "PUT /3/51472/AUTH_7e08652c4e3e41b29e5f05d128f57ab8/gnocchi.4c1e8553-4600-47e6-858c-2c30d8d28c5d/1759320000.0_rate%3Amean_300.0_v3" 201 - "PUT http://[::1]:8080/3/225063/AUTH_7e08652c4e3e41b29e5f05d128f57ab8/gnocchi.4c1e8553-4600-47e6-858c-2c30d8d28c5d/1759320000.0_rate%3Amean_300.0_v3" "txe82177981e284aa0b17b1-0068e85c39" "object-server 93870" 0.0005 "-" 93568 0
Oct 09 21:07:05 np0005479242.novalocal object-server[93870]: ::1 - - [10/Oct/2025:01:07:05 +0000] "PUT /2/225063/AUTH_7e08652c4e3e41b29e5f05d128f57ab8/gnocchi.4c1e8553-4600-47e6-858c-2c30d8d28c5d/1759320000.0_rate%3Amean_300.0_v3" 201 - "PUT http://[::1]:8080/v1/AUTH_7e08652c4e3e41b29e5f05d128f57ab8/gnocchi.4c1e8553-4600-47e6-858c-2c30d8d28c5d/1759320000.0_rate%3Amean_300.0_v3" "txe82177981e284aa0b17b1-0068e85c39" "proxy-server 86594" 0.0208 "-" 93870 0
Oct 09 21:07:05 np0005479242.novalocal object-server[93870]: ::1 - - [10/Oct/2025:01:07:05 +0000] "PUT /3/225063/AUTH_7e08652c4e3e41b29e5f05d128f57ab8/gnocchi.4c1e8553-4600-47e6-858c-2c30d8d28c5d/1759320000.0_rate%3Amean_300.0_v3" 201 - "PUT http://[::1]:8080/v1/AUTH_7e08652c4e3e41b29e5f05d128f57ab8/gnocchi.4c1e8553-4600-47e6-858c-2c30d8d28c5d/1759320000.0_rate%3Amean_300.0_v3" "txe82177981e284aa0b17b1-0068e85c39" "proxy-server 86594" 0.0241 "-" 93870 0
Oct 09 21:07:05 np0005479242.novalocal object-server[93871]: ::1 - - [10/Oct/2025:01:07:05 +0000] "PUT /3/127101/AUTH_7e08652c4e3e41b29e5f05d128f57ab8/gnocchi.c040602f-80f6-476a-b760-830d1d243adf/none_v3" 201 - "PUT http://[::1]:8080/v1/AUTH_7e08652c4e3e41b29e5f05d128f57ab8/gnocchi.c040602f-80f6-476a-b760-830d1d243adf/none_v3" "tx8ae87d2cac014f618057e-0068e85c39" "proxy-server 86594" 0.0103 "-" 93871 0
Oct 09 21:07:05 np0005479242.novalocal container-server[93568]: ::1 - - [10/Oct/2025:01:07:05 +0000] "PUT /1/51472/AUTH_7e08652c4e3e41b29e5f05d128f57ab8/gnocchi.4c1e8553-4600-47e6-858c-2c30d8d28c5d/1759320000.0_rate%3Amean_300.0_v3" 201 - "PUT http://[::1]:8080/1/225063/AUTH_7e08652c4e3e41b29e5f05d128f57ab8/gnocchi.4c1e8553-4600-47e6-858c-2c30d8d28c5d/1759320000.0_rate%3Amean_300.0_v3" "txe82177981e284aa0b17b1-0068e85c39" "object-server 93871" 0.0005 "-" 93568 0
Oct 09 21:07:05 np0005479242.novalocal object-server[93871]: ::1 - - [10/Oct/2025:01:07:05 +0000] "PUT /1/225063/AUTH_7e08652c4e3e41b29e5f05d128f57ab8/gnocchi.4c1e8553-4600-47e6-858c-2c30d8d28c5d/1759320000.0_rate%3Amean_300.0_v3" 201 - "PUT http://[::1]:8080/v1/AUTH_7e08652c4e3e41b29e5f05d128f57ab8/gnocchi.4c1e8553-4600-47e6-858c-2c30d8d28c5d/1759320000.0_rate%3Amean_300.0_v3" "txe82177981e284aa0b17b1-0068e85c39" "proxy-server 86594" 0.0250 "-" 93871 0
Oct 09 21:07:05 np0005479242.novalocal container-server[93568]: ::1 - - [10/Oct/2025:01:07:05 +0000] "PUT /3/224924/AUTH_7e08652c4e3e41b29e5f05d128f57ab8/gnocchi.c040602f-80f6-476a-b760-830d1d243adf/none_v3" 201 - "PUT http://[::1]:8080/2/127101/AUTH_7e08652c4e3e41b29e5f05d128f57ab8/gnocchi.c040602f-80f6-476a-b760-830d1d243adf/none_v3" "tx8ae87d2cac014f618057e-0068e85c39" "object-server 93871" 0.0004 "-" 93568 0
Oct 09 21:07:05 np0005479242.novalocal proxy-server[86594]: ::1 ::1 10/Oct/2025/01/07/05 PUT /v1/AUTH_7e08652c4e3e41b29e5f05d128f57ab8/gnocchi.4c1e8553-4600-47e6-858c-2c30d8d28c5d/1759320000.0_rate%253Amean_300.0_v3 HTTP/1.0 201 - python-swiftclient-4.5.0 gAAAAABo6Fv-oWcl... 16 - - txe82177981e284aa0b17b1-0068e85c39 - 0.0364 - - 1760058425.006191969 1760058425.042547941 0
Oct 09 21:07:05 np0005479242.novalocal object-server[93871]: ::1 - - [10/Oct/2025:01:07:05 +0000] "PUT /2/127101/AUTH_7e08652c4e3e41b29e5f05d128f57ab8/gnocchi.c040602f-80f6-476a-b760-830d1d243adf/none_v3" 201 - "PUT http://[::1]:8080/v1/AUTH_7e08652c4e3e41b29e5f05d128f57ab8/gnocchi.c040602f-80f6-476a-b760-830d1d243adf/none_v3" "tx8ae87d2cac014f618057e-0068e85c39" "proxy-server 86594" 0.0144 "-" 93871 0
Oct 09 21:07:05 np0005479242.novalocal proxy-server[86594]: ::1 ::1 10/Oct/2025/01/07/05 PUT /v1/AUTH_7e08652c4e3e41b29e5f05d128f57ab8/gnocchi.c040602f-80f6-476a-b760-830d1d243adf/none_v3 HTTP/1.0 201 - python-swiftclient-4.5.0 gAAAAABo6Fv-PTBu... 34 - - tx8ae87d2cac014f618057e-0068e85c39 - 0.0248 - - 1760058425.019287109 1760058425.044109583 0
