Oct 09 21:06:38 np0005479242.novalocal container-server[93568]: ::1 - - [10/Oct/2025:01:06:38 +0000] "PUT /3/5744/AUTH_7e08652c4e3e41b29e5f05d128f57ab8/gnocchi.4fbf2f74-bbba-467f-be5c-ad570e37313f/1759320000.0_mean_300.0_v3" 201 - "PUT http://[::1]:8080/1/141357/AUTH_7e08652c4e3e41b29e5f05d128f57ab8/gnocchi.4fbf2f74-bbba-467f-be5c-ad570e37313f/1759320000.0_mean_300.0_v3" "txecfa8906f407443494071-0068e85c1e" "object-server 93871" 0.0006 "-" 93568 0
Oct 09 21:06:38 np0005479242.novalocal container-server[93568]: ::1 - - [10/Oct/2025:01:06:38 +0000] "PUT /2/5744/AUTH_7e08652c4e3e41b29e5f05d128f57ab8/gnocchi.4fbf2f74-bbba-467f-be5c-ad570e37313f/1759320000.0_mean_300.0_v3" 201 - "PUT http://[::1]:8080/3/141357/AUTH_7e08652c4e3e41b29e5f05d128f57ab8/gnocchi.4fbf2f74-bbba-467f-be5c-ad570e37313f/1759320000.0_mean_300.0_v3" "txecfa8906f407443494071-0068e85c1e" "object-server 93870" 0.0006 "-" 93568 0
Oct 09 21:06:38 np0005479242.novalocal object-server[93870]: ::1 - - [10/Oct/2025:01:06:38 +0000] "PUT /3/141357/AUTH_7e08652c4e3e41b29e5f05d128f57ab8/gnocchi.4fbf2f74-bbba-467f-be5c-ad570e37313f/1759320000.0_mean_300.0_v3" 201 - "PUT http://[::1]:8080/v1/AUTH_7e08652c4e3e41b29e5f05d128f57ab8/gnocchi.4fbf2f74-bbba-467f-be5c-ad570e37313f/1759320000.0_mean_300.0_v3" "txecfa8906f407443494071-0068e85c1e" "proxy-server 86594" 0.0165 "-" 93870 0
Oct 09 21:06:38 np0005479242.novalocal object-server[93871]: ::1 - - [10/Oct/2025:01:06:38 +0000] "PUT /1/141357/AUTH_7e08652c4e3e41b29e5f05d128f57ab8/gnocchi.4fbf2f74-bbba-467f-be5c-ad570e37313f/1759320000.0_mean_300.0_v3" 201 - "PUT http://[::1]:8080/v1/AUTH_7e08652c4e3e41b29e5f05d128f57ab8/gnocchi.4fbf2f74-bbba-467f-be5c-ad570e37313f/1759320000.0_mean_300.0_v3" "txecfa8906f407443494071-0068e85c1e" "proxy-server 86594" 0.0104 "-" 93871 0
Oct 09 21:06:38 np0005479242.novalocal container-server[93569]: ::1 - - [10/Oct/2025:01:06:38 +0000] "PUT /1/5744/AUTH_7e08652c4e3e41b29e5f05d128f57ab8/gnocchi.4fbf2f74-bbba-467f-be5c-ad570e37313f/1759320000.0_mean_300.0_v3" 201 - "PUT http://[::1]:8080/2/141357/AUTH_7e08652c4e3e41b29e5f05d128f57ab8/gnocchi.4fbf2f74-bbba-467f-be5c-ad570e37313f/1759320000.0_mean_300.0_v3" "txecfa8906f407443494071-0068e85c1e" "object-server 93871" 0.0004 "-" 93569 0
Oct 09 21:06:38 np0005479242.novalocal object-server[93871]: ::1 - - [10/Oct/2025:01:06:38 +0000] "PUT /2/141357/AUTH_7e08652c4e3e41b29e5f05d128f57ab8/gnocchi.4fbf2f74-bbba-467f-be5c-ad570e37313f/1759320000.0_mean_300.0_v3" 201 - "PUT http://[::1]:8080/v1/AUTH_7e08652c4e3e41b29e5f05d128f57ab8/gnocchi.4fbf2f74-bbba-467f-be5c-ad570e37313f/1759320000.0_mean_300.0_v3" "txecfa8906f407443494071-0068e85c1e" "proxy-server 86594" 0.0179 "-" 93871 0
Oct 09 21:06:38 np0005479242.novalocal proxy-server[86594]: ::1 ::1 10/Oct/2025/01/06/38 PUT /v1/AUTH_7e08652c4e3e41b29e5f05d128f57ab8/gnocchi.4fbf2f74-bbba-467f-be5c-ad570e37313f/1759320000.0_mean_300.0_v3 HTTP/1.0 201 - python-swiftclient-4.5.0 gAAAAABo6Fv-oWcl... 16 - - txecfa8906f407443494071-0068e85c1e - 0.0303 - - 1760058398.818408966 1760058398.848702669 0
Oct 09 21:06:38 np0005479242.novalocal container-server[93569]: ::1 - - [10/Oct/2025:01:06:38 +0000] "HEAD /3/71032/AUTH_7e08652c4e3e41b29e5f05d128f57ab8/gnocchi.7b3d7f43-dd78-4e76-a0c9-aa3693c3d9d4" 404 - "HEAD http://[::1]:8080/v1/AUTH_7e08652c4e3e41b29e5f05d128f57ab8/gnocchi.7b3d7f43-dd78-4e76-a0c9-aa3693c3d9d4" "tx7f0d3b03db2a47eaa844f-0068e85c1e" "proxy-server 86594" 0.0002 "-" 93569 0
Oct 09 21:06:38 np0005479242.novalocal container-server[93569]: ::1 - - [10/Oct/2025:01:06:38 +0000] "PUT /3/5744/AUTH_7e08652c4e3e41b29e5f05d128f57ab8/gnocchi.4fbf2f74-bbba-467f-be5c-ad570e37313f/none_v3" 201 - "PUT http://[::1]:8080/1/232065/AUTH_7e08652c4e3e41b29e5f05d128f57ab8/gnocchi.4fbf2f74-bbba-467f-be5c-ad570e37313f/none_v3" "tx16ce37b56a0c49ad8e1a6-0068e85c1e" "object-server 93871" 0.0003 "-" 93569 0
Oct 09 21:06:38 np0005479242.novalocal object-server[93871]: ::1 - - [10/Oct/2025:01:06:38 +0000] "PUT /1/232065/AUTH_7e08652c4e3e41b29e5f05d128f57ab8/gnocchi.4fbf2f74-bbba-467f-be5c-ad570e37313f/none_v3" 201 - "PUT http://[::1]:8080/v1/AUTH_7e08652c4e3e41b29e5f05d128f57ab8/gnocchi.4fbf2f74-bbba-467f-be5c-ad570e37313f/none_v3" "tx16ce37b56a0c49ad8e1a6-0068e85c1e" "proxy-server 86594" 0.0118 "-" 93871 0
Oct 09 21:06:38 np0005479242.novalocal container-server[93569]: ::1 - - [10/Oct/2025:01:06:38 +0000] "HEAD /1/71032/AUTH_7e08652c4e3e41b29e5f05d128f57ab8/gnocchi.7b3d7f43-dd78-4e76-a0c9-aa3693c3d9d4" 404 - "HEAD http://[::1]:8080/v1/AUTH_7e08652c4e3e41b29e5f05d128f57ab8/gnocchi.7b3d7f43-dd78-4e76-a0c9-aa3693c3d9d4" "tx7f0d3b03db2a47eaa844f-0068e85c1e" "proxy-server 86594" 0.0001 "-" 93569 0
Oct 09 21:06:38 np0005479242.novalocal container-server[93569]: ::1 - - [10/Oct/2025:01:06:38 +0000] "PUT /1/5744/AUTH_7e08652c4e3e41b29e5f05d128f57ab8/gnocchi.4fbf2f74-bbba-467f-be5c-ad570e37313f/none_v3" 201 - "PUT http://[::1]:8080/3/232065/AUTH_7e08652c4e3e41b29e5f05d128f57ab8/gnocchi.4fbf2f74-bbba-467f-be5c-ad570e37313f/none_v3" "tx16ce37b56a0c49ad8e1a6-0068e85c1e" "object-server 93870" 0.0003 "-" 93569 0
Oct 09 21:06:38 np0005479242.novalocal container-server[93569]: ::1 - - [10/Oct/2025:01:06:38 +0000] "PUT /2/5744/AUTH_7e08652c4e3e41b29e5f05d128f57ab8/gnocchi.4fbf2f74-bbba-467f-be5c-ad570e37313f/none_v3" 201 - "PUT http://[::1]:8080/2/232065/AUTH_7e08652c4e3e41b29e5f05d128f57ab8/gnocchi.4fbf2f74-bbba-467f-be5c-ad570e37313f/none_v3" "tx16ce37b56a0c49ad8e1a6-0068e85c1e" "object-server 93870" 0.0003 "-" 93569 0
Oct 09 21:06:38 np0005479242.novalocal container-server[93569]: ::1 - - [10/Oct/2025:01:06:38 +0000] "HEAD /2/71032/AUTH_7e08652c4e3e41b29e5f05d128f57ab8/gnocchi.7b3d7f43-dd78-4e76-a0c9-aa3693c3d9d4" 404 - "HEAD http://[::1]:8080/v1/AUTH_7e08652c4e3e41b29e5f05d128f57ab8/gnocchi.7b3d7f43-dd78-4e76-a0c9-aa3693c3d9d4" "tx7f0d3b03db2a47eaa844f-0068e85c1e" "proxy-server 86594" 0.0002 "-" 93569 0
Oct 09 21:06:38 np0005479242.novalocal proxy-server[86594]: - - 10/Oct/2025/01/06/38 HEAD /v1/AUTH_7e08652c4e3e41b29e5f05d128f57ab8/gnocchi.7b3d7f43-dd78-4e76-a0c9-aa3693c3d9d4 HTTP/1.0 404 - Swift - - - - tx7f0d3b03db2a47eaa844f-0068e85c1e - 0.0129 CS - 1760058398.862169266 1760058398.875061035 0
Oct 09 21:06:38 np0005479242.novalocal object-server[93870]: ::1 - - [10/Oct/2025:01:06:38 +0000] "PUT /2/232065/AUTH_7e08652c4e3e41b29e5f05d128f57ab8/gnocchi.4fbf2f74-bbba-467f-be5c-ad570e37313f/none_v3" 201 - "PUT http://[::1]:8080/v1/AUTH_7e08652c4e3e41b29e5f05d128f57ab8/gnocchi.4fbf2f74-bbba-467f-be5c-ad570e37313f/none_v3" "tx16ce37b56a0c49ad8e1a6-0068e85c1e" "proxy-server 86594" 0.0181 "-" 93870 0
Oct 09 21:06:38 np0005479242.novalocal object-server[93870]: ::1 - - [10/Oct/2025:01:06:38 +0000] "PUT /3/232065/AUTH_7e08652c4e3e41b29e5f05d128f57ab8/gnocchi.4fbf2f74-bbba-467f-be5c-ad570e37313f/none_v3" 201 - "PUT http://[::1]:8080/v1/AUTH_7e08652c4e3e41b29e5f05d128f57ab8/gnocchi.4fbf2f74-bbba-467f-be5c-ad570e37313f/none_v3" "tx16ce37b56a0c49ad8e1a6-0068e85c1e" "proxy-server 86594" 0.0207 "-" 93870 0
Oct 09 21:06:38 np0005479242.novalocal proxy-server[86594]: ::1 ::1 10/Oct/2025/01/06/38 PUT /v1/AUTH_7e08652c4e3e41b29e5f05d128f57ab8/gnocchi.4fbf2f74-bbba-467f-be5c-ad570e37313f/none_v3 HTTP/1.0 201 - python-swiftclient-4.5.0 gAAAAABo6Fv-oWcl... 22 - - tx16ce37b56a0c49ad8e1a6-0068e85c1e - 0.0281 - - 1760058398.851931334 1760058398.880063295 0
Oct 09 21:06:38 np0005479242.novalocal object-server[93870]: ::1 - - [10/Oct/2025:01:06:38 +0000] "GET /3/227477/AUTH_7e08652c4e3e41b29e5f05d128f57ab8/gnocchi.7b3d7f43-dd78-4e76-a0c9-aa3693c3d9d4/none_v3" 404 70 "GET http://[::1]:8080/v1/AUTH_7e08652c4e3e41b29e5f05d128f57ab8/gnocchi.7b3d7f43-dd78-4e76-a0c9-aa3693c3d9d4/none_v3" "tx7f0d3b03db2a47eaa844f-0068e85c1e" "proxy-server 86594" 0.0003 "-" 93870 0
Oct 09 21:06:38 np0005479242.novalocal object-server[93871]: ::1 - - [10/Oct/2025:01:06:38 +0000] "GET /2/227477/AUTH_7e08652c4e3e41b29e5f05d128f57ab8/gnocchi.7b3d7f43-dd78-4e76-a0c9-aa3693c3d9d4/none_v3" 404 70 "GET http://[::1]:8080/v1/AUTH_7e08652c4e3e41b29e5f05d128f57ab8/gnocchi.7b3d7f43-dd78-4e76-a0c9-aa3693c3d9d4/none_v3" "tx7f0d3b03db2a47eaa844f-0068e85c1e" "proxy-server 86594" 0.0017 "-" 93871 0
Oct 09 21:06:38 np0005479242.novalocal object-server[93870]: ::1 - - [10/Oct/2025:01:06:38 +0000] "GET /1/227477/AUTH_7e08652c4e3e41b29e5f05d128f57ab8/gnocchi.7b3d7f43-dd78-4e76-a0c9-aa3693c3d9d4/none_v3" 404 70 "GET http://[::1]:8080/v1/AUTH_7e08652c4e3e41b29e5f05d128f57ab8/gnocchi.7b3d7f43-dd78-4e76-a0c9-aa3693c3d9d4/none_v3" "tx7f0d3b03db2a47eaa844f-0068e85c1e" "proxy-server 86594" 0.0007 "-" 93870 0
Oct 09 21:06:38 np0005479242.novalocal proxy-server[86594]: ::1 ::1 10/Oct/2025/01/06/38 GET /v1/AUTH_7e08652c4e3e41b29e5f05d128f57ab8/gnocchi.7b3d7f43-dd78-4e76-a0c9-aa3693c3d9d4/none_v3 HTTP/1.0 404 - python-swiftclient-4.5.0 gAAAAABo6Fv-PTBu... - 70 - tx7f0d3b03db2a47eaa844f-0068e85c1e - 0.0390 - - 1760058398.860637188 1760058398.899599552 0
Oct 09 21:06:38 np0005479242.novalocal account-server[93271]: ::1 - - [10/Oct/2025:01:06:38 +0000] "PUT /2/130220/AUTH_7e08652c4e3e41b29e5f05d128f57ab8/gnocchi.7b3d7f43-dd78-4e76-a0c9-aa3693c3d9d4" 201 - "PUT http://[::1]:6001/3/71032/AUTH_7e08652c4e3e41b29e5f05d128f57ab8/gnocchi.7b3d7f43-dd78-4e76-a0c9-aa3693c3d9d4" "tx6d443a01c2d848029eb51-0068e85c1e" "container-server 93568" 0.0050 "-" 93271 0
Oct 09 21:06:38 np0005479242.novalocal container-server[93568]: ::1 - - [10/Oct/2025:01:06:38 +0000] "PUT /3/71032/AUTH_7e08652c4e3e41b29e5f05d128f57ab8/gnocchi.7b3d7f43-dd78-4e76-a0c9-aa3693c3d9d4" 201 - "PUT http://[::1]:8080/v1/AUTH_7e08652c4e3e41b29e5f05d128f57ab8/gnocchi.7b3d7f43-dd78-4e76-a0c9-aa3693c3d9d4" "tx6d443a01c2d848029eb51-0068e85c1e" "proxy-server 86594" 0.0175 "-" 93568 0
Oct 09 21:06:38 np0005479242.novalocal container-server[93568]: ::1 - - [10/Oct/2025:01:06:38 +0000] "HEAD /3/6496/AUTH_7e08652c4e3e41b29e5f05d128f57ab8/gnocchi.7c8429a8-3a70-4035-98d3-ce3532b20fd7" 404 - "HEAD http://[::1]:8080/v1/AUTH_7e08652c4e3e41b29e5f05d128f57ab8/gnocchi.7c8429a8-3a70-4035-98d3-ce3532b20fd7" "tx36a5daccec8f4cfc812e5-0068e85c1e" "proxy-server 86594" 0.0003 "-" 93568 0
Oct 09 21:06:38 np0005479242.novalocal container-server[93568]: ::1 - - [10/Oct/2025:01:06:38 +0000] "HEAD /2/6496/AUTH_7e08652c4e3e41b29e5f05d128f57ab8/gnocchi.7c8429a8-3a70-4035-98d3-ce3532b20fd7" 404 - "HEAD http://[::1]:8080/v1/AUTH_7e08652c4e3e41b29e5f05d128f57ab8/gnocchi.7c8429a8-3a70-4035-98d3-ce3532b20fd7" "tx36a5daccec8f4cfc812e5-0068e85c1e" "proxy-server 86594" 0.0002 "-" 93568 0
Oct 09 21:06:38 np0005479242.novalocal account-server[93271]: ::1 - - [10/Oct/2025:01:06:38 +0000] "PUT /1/130220/AUTH_7e08652c4e3e41b29e5f05d128f57ab8/gnocchi.7b3d7f43-dd78-4e76-a0c9-aa3693c3d9d4" 201 - "PUT http://[::1]:6001/2/71032/AUTH_7e08652c4e3e41b29e5f05d128f57ab8/gnocchi.7b3d7f43-dd78-4e76-a0c9-aa3693c3d9d4" "tx6d443a01c2d848029eb51-0068e85c1e" "container-server 93569" 0.0035 "-" 93271 0
Oct 09 21:06:38 np0005479242.novalocal container-server[93568]: ::1 - - [10/Oct/2025:01:06:38 +0000] "HEAD /1/6496/AUTH_7e08652c4e3e41b29e5f05d128f57ab8/gnocchi.7c8429a8-3a70-4035-98d3-ce3532b20fd7" 404 - "HEAD http://[::1]:8080/v1/AUTH_7e08652c4e3e41b29e5f05d128f57ab8/gnocchi.7c8429a8-3a70-4035-98d3-ce3532b20fd7" "tx36a5daccec8f4cfc812e5-0068e85c1e" "proxy-server 86594" 0.0002 "-" 93568 0
Oct 09 21:06:38 np0005479242.novalocal account-server[93272]: ::1 - - [10/Oct/2025:01:06:38 +0000] "PUT /3/130220/AUTH_7e08652c4e3e41b29e5f05d128f57ab8/gnocchi.7b3d7f43-dd78-4e76-a0c9-aa3693c3d9d4" 201 - "PUT http://[::1]:6001/1/71032/AUTH_7e08652c4e3e41b29e5f05d128f57ab8/gnocchi.7b3d7f43-dd78-4e76-a0c9-aa3693c3d9d4" "tx6d443a01c2d848029eb51-0068e85c1e" "container-server 93569" 0.0050 "-" 93272 0
Oct 09 21:06:38 np0005479242.novalocal proxy-server[86594]: - - 10/Oct/2025/01/06/38 HEAD /v1/AUTH_7e08652c4e3e41b29e5f05d128f57ab8/gnocchi.7c8429a8-3a70-4035-98d3-ce3532b20fd7 HTTP/1.0 404 - Swift - - - - tx36a5daccec8f4cfc812e5-0068e85c1e - 0.0087 CS - 1760058398.930738211 1760058398.939453602 0
Oct 09 21:06:38 np0005479242.novalocal container-server[93569]: ::1 - - [10/Oct/2025:01:06:38 +0000] "PUT /2/71032/AUTH_7e08652c4e3e41b29e5f05d128f57ab8/gnocchi.7b3d7f43-dd78-4e76-a0c9-aa3693c3d9d4" 201 - "PUT http://[::1]:8080/v1/AUTH_7e08652c4e3e41b29e5f05d128f57ab8/gnocchi.7b3d7f43-dd78-4e76-a0c9-aa3693c3d9d4" "tx6d443a01c2d848029eb51-0068e85c1e" "proxy-server 86594" 0.0319 "-" 93569 0
Oct 09 21:06:38 np0005479242.novalocal container-server[93569]: ::1 - - [10/Oct/2025:01:06:38 +0000] "PUT /1/71032/AUTH_7e08652c4e3e41b29e5f05d128f57ab8/gnocchi.7b3d7f43-dd78-4e76-a0c9-aa3693c3d9d4" 201 - "PUT http://[::1]:8080/v1/AUTH_7e08652c4e3e41b29e5f05d128f57ab8/gnocchi.7b3d7f43-dd78-4e76-a0c9-aa3693c3d9d4" "tx6d443a01c2d848029eb51-0068e85c1e" "proxy-server 86594" 0.0159 "-" 93569 0
Oct 09 21:06:38 np0005479242.novalocal kernel: sd 2:0:0:0: [sda] Synchronizing SCSI cache
Oct 09 21:06:38 np0005479242.novalocal object-server[93870]: ::1 - - [10/Oct/2025:01:06:38 +0000] "GET /3/126468/AUTH_7e08652c4e3e41b29e5f05d128f57ab8/gnocchi.7c8429a8-3a70-4035-98d3-ce3532b20fd7/none_v3" 404 70 "GET http://[::1]:8080/v1/AUTH_7e08652c4e3e41b29e5f05d128f57ab8/gnocchi.7c8429a8-3a70-4035-98d3-ce3532b20fd7/none_v3" "tx36a5daccec8f4cfc812e5-0068e85c1e" "proxy-server 86594" 0.0004 "-" 93870 0
Oct 09 21:06:38 np0005479242.novalocal proxy-server[86594]: ::1 ::1 10/Oct/2025/01/06/38 PUT /v1/AUTH_7e08652c4e3e41b29e5f05d128f57ab8/gnocchi.7b3d7f43-dd78-4e76-a0c9-aa3693c3d9d4 HTTP/1.0 201 - python-swiftclient-4.5.0 gAAAAABo6Fv-PTBu... - - - tx6d443a01c2d848029eb51-0068e85c1e - 0.0434 - - 1760058398.902612448 1760058398.946005344 0
Oct 09 21:06:38 np0005479242.novalocal kernel: scsi 2:0:0:0: alua: Detached
Oct 09 21:06:38 np0005479242.novalocal object-server[93870]: ::1 - - [10/Oct/2025:01:06:38 +0000] "GET /1/126468/AUTH_7e08652c4e3e41b29e5f05d128f57ab8/gnocchi.7c8429a8-3a70-4035-98d3-ce3532b20fd7/none_v3" 404 70 "GET http://[::1]:8080/v1/AUTH_7e08652c4e3e41b29e5f05d128f57ab8/gnocchi.7c8429a8-3a70-4035-98d3-ce3532b20fd7/none_v3" "tx36a5daccec8f4cfc812e5-0068e85c1e" "proxy-server 86594" 0.0003 "-" 93870 0
Oct 09 21:06:38 np0005479242.novalocal object-server[93871]: ::1 - - [10/Oct/2025:01:06:38 +0000] "GET /2/126468/AUTH_7e08652c4e3e41b29e5f05d128f57ab8/gnocchi.7c8429a8-3a70-4035-98d3-ce3532b20fd7/none_v3" 404 70 "GET http://[::1]:8080/v1/AUTH_7e08652c4e3e41b29e5f05d128f57ab8/gnocchi.7c8429a8-3a70-4035-98d3-ce3532b20fd7/none_v3" "tx36a5daccec8f4cfc812e5-0068e85c1e" "proxy-server 86594" 0.0002 "-" 93871 0
Oct 09 21:06:38 np0005479242.novalocal proxy-server[86594]: ::1 ::1 10/Oct/2025/01/06/38 GET /v1/AUTH_7e08652c4e3e41b29e5f05d128f57ab8/gnocchi.7c8429a8-3a70-4035-98d3-ce3532b20fd7/none_v3 HTTP/1.0 404 - python-swiftclient-4.5.0 gAAAAABo6Fv-oWcl... - 70 - tx36a5daccec8f4cfc812e5-0068e85c1e - 0.0264 - - 1760058398.930249453 1760058398.956678867 0
Oct 09 21:06:38 np0005479242.novalocal container-server[93569]: ::1 - - [10/Oct/2025:01:06:38 +0000] "HEAD /3/71032/AUTH_7e08652c4e3e41b29e5f05d128f57ab8/gnocchi.7b3d7f43-dd78-4e76-a0c9-aa3693c3d9d4" 204 - "HEAD http://[::1]:8080/v1/AUTH_7e08652c4e3e41b29e5f05d128f57ab8/gnocchi.7b3d7f43-dd78-4e76-a0c9-aa3693c3d9d4" "txa2dda755a9b5431ab80ef-0068e85c1e" "proxy-server 86594" 0.0016 "-" 93569 0
Oct 09 21:06:38 np0005479242.novalocal proxy-server[86594]: - - 10/Oct/2025/01/06/38 HEAD /v1/AUTH_7e08652c4e3e41b29e5f05d128f57ab8/gnocchi.7b3d7f43-dd78-4e76-a0c9-aa3693c3d9d4 HTTP/1.0 204 - Swift - - - - txa2dda755a9b5431ab80ef-0068e85c1e - 0.0062 CS - 1760058398.954680681 1760058398.960907459 0
Oct 09 21:06:38 np0005479242.novalocal container-server[93569]: ::1 - - [10/Oct/2025:01:06:38 +0000] "GET /3/71032/AUTH_7e08652c4e3e41b29e5f05d128f57ab8/gnocchi.7b3d7f43-dd78-4e76-a0c9-aa3693c3d9d4" 200 2 "GET http://[::1]:8080/v1/AUTH_7e08652c4e3e41b29e5f05d128f57ab8/gnocchi.7b3d7f43-dd78-4e76-a0c9-aa3693c3d9d4?format=json&states=listing" "txa2dda755a9b5431ab80ef-0068e85c1e" "proxy-server 86594" 0.0027 "-" 93569 0
Oct 09 21:06:38 np0005479242.novalocal proxy-server[86594]: ::1 ::1 10/Oct/2025/01/06/38 GET /v1/AUTH_7e08652c4e3e41b29e5f05d128f57ab8/gnocchi.7b3d7f43-dd78-4e76-a0c9-aa3693c3d9d4%3Fformat%3Djson%26states%3Dlisting HTTP/1.0 200 - python-swiftclient-4.5.0 gAAAAABo6Fv-PTBu... - 2 - txa2dda755a9b5431ab80ef-0068e85c1e - 0.0229 - - 1760058398.949885368 1760058398.972790718 0
Oct 09 21:06:38 np0005479242.novalocal object-server[93870]: ::1 - - [10/Oct/2025:01:06:38 +0000] "GET /1/124095/AUTH_7e08652c4e3e41b29e5f05d128f57ab8/gnocchi.7b3d7f43-dd78-4e76-a0c9-aa3693c3d9d4/1759320000.0_mean_300.0_v3" 404 70 "GET http://[::1]:8080/v1/AUTH_7e08652c4e3e41b29e5f05d128f57ab8/gnocchi.7b3d7f43-dd78-4e76-a0c9-aa3693c3d9d4/1759320000.0_mean_300.0_v3" "txa5fc5a8e814a497f99638-0068e85c1e" "proxy-server 86594" 0.0003 "-" 93870 0
Oct 09 21:06:38 np0005479242.novalocal account-server[93272]: ::1 - - [10/Oct/2025:01:06:38 +0000] "PUT /1/130220/AUTH_7e08652c4e3e41b29e5f05d128f57ab8/gnocchi.7c8429a8-3a70-4035-98d3-ce3532b20fd7" 201 - "PUT http://[::1]:6001/3/6496/AUTH_7e08652c4e3e41b29e5f05d128f57ab8/gnocchi.7c8429a8-3a70-4035-98d3-ce3532b20fd7" "tx4a64c2dc9e3445ac91959-0068e85c1e" "container-server 93568" 0.0042 "-" 93272 0
Oct 09 21:06:38 np0005479242.novalocal object-server[93870]: ::1 - - [10/Oct/2025:01:06:38 +0000] "GET /2/124095/AUTH_7e08652c4e3e41b29e5f05d128f57ab8/gnocchi.7b3d7f43-dd78-4e76-a0c9-aa3693c3d9d4/1759320000.0_mean_300.0_v3" 404 70 "GET http://[::1]:8080/v1/AUTH_7e08652c4e3e41b29e5f05d128f57ab8/gnocchi.7b3d7f43-dd78-4e76-a0c9-aa3693c3d9d4/1759320000.0_mean_300.0_v3" "txa5fc5a8e814a497f99638-0068e85c1e" "proxy-server 86594" 0.0003 "-" 93870 0
Oct 09 21:06:38 np0005479242.novalocal object-server[93870]: ::1 - - [10/Oct/2025:01:06:38 +0000] "GET /3/124095/AUTH_7e08652c4e3e41b29e5f05d128f57ab8/gnocchi.7b3d7f43-dd78-4e76-a0c9-aa3693c3d9d4/1759320000.0_mean_300.0_v3" 404 70 "GET http://[::1]:8080/v1/AUTH_7e08652c4e3e41b29e5f05d128f57ab8/gnocchi.7b3d7f43-dd78-4e76-a0c9-aa3693c3d9d4/1759320000.0_mean_300.0_v3" "txa5fc5a8e814a497f99638-0068e85c1e" "proxy-server 86594" 0.0002 "-" 93870 0
Oct 09 21:06:38 np0005479242.novalocal proxy-server[86594]: ::1 ::1 10/Oct/2025/01/06/38 GET /v1/AUTH_7e08652c4e3e41b29e5f05d128f57ab8/gnocchi.7b3d7f43-dd78-4e76-a0c9-aa3693c3d9d4/1759320000.0_mean_300.0_v3 HTTP/1.0 404 - python-swiftclient-4.5.0 gAAAAABo6Fv-PTBu... - 70 - txa5fc5a8e814a497f99638-0068e85c1e - 0.0148 - - 1760058398.976125240 1760058398.990920782 0
Oct 09 21:06:38 np0005479242.novalocal iscsid[76111]: iscsid: Connection1:0 to [target: iqn.2010-10.org.openstack:volume-2d195c9c-7194-4d94-ba95-c2134534f9a8, portal: ::1,3260] through [iface: default] is shutdown.
Oct 09 21:06:38 np0005479242.novalocal account-server[93271]: ::1 - - [10/Oct/2025:01:06:38 +0000] "PUT /3/130220/AUTH_7e08652c4e3e41b29e5f05d128f57ab8/gnocchi.7c8429a8-3a70-4035-98d3-ce3532b20fd7" 201 - "PUT http://[::1]:6001/2/6496/AUTH_7e08652c4e3e41b29e5f05d128f57ab8/gnocchi.7c8429a8-3a70-4035-98d3-ce3532b20fd7" "tx4a64c2dc9e3445ac91959-0068e85c1e" "container-server 93569" 0.0047 "-" 93271 0
Oct 09 21:06:38 np0005479242.novalocal container-server[93569]: ::1 - - [10/Oct/2025:01:06:38 +0000] "PUT /2/6496/AUTH_7e08652c4e3e41b29e5f05d128f57ab8/gnocchi.7c8429a8-3a70-4035-98d3-ce3532b20fd7" 201 - "PUT http://[::1]:8080/v1/AUTH_7e08652c4e3e41b29e5f05d128f57ab8/gnocchi.7c8429a8-3a70-4035-98d3-ce3532b20fd7" "tx4a64c2dc9e3445ac91959-0068e85c1e" "proxy-server 86594" 0.0210 "-" 93569 0
Oct 09 21:06:38 np0005479242.novalocal container-server[93568]: ::1 - - [10/Oct/2025:01:06:38 +0000] "PUT /3/6496/AUTH_7e08652c4e3e41b29e5f05d128f57ab8/gnocchi.7c8429a8-3a70-4035-98d3-ce3532b20fd7" 201 - "PUT http://[::1]:8080/v1/AUTH_7e08652c4e3e41b29e5f05d128f57ab8/gnocchi.7c8429a8-3a70-4035-98d3-ce3532b20fd7" "tx4a64c2dc9e3445ac91959-0068e85c1e" "proxy-server 86594" 0.0284 "-" 93568 0
Oct 09 21:06:39 np0005479242.novalocal account-server[93272]: ::1 - - [10/Oct/2025:01:06:39 +0000] "PUT /2/130220/AUTH_7e08652c4e3e41b29e5f05d128f57ab8/gnocchi.7c8429a8-3a70-4035-98d3-ce3532b20fd7" 201 - "PUT http://[::1]:6001/1/6496/AUTH_7e08652c4e3e41b29e5f05d128f57ab8/gnocchi.7c8429a8-3a70-4035-98d3-ce3532b20fd7" "tx4a64c2dc9e3445ac91959-0068e85c1e" "container-server 93568" 0.0043 "-" 93272 0
Oct 09 21:06:39 np0005479242.novalocal container-server[93568]: ::1 - - [10/Oct/2025:01:06:39 +0000] "PUT /1/6496/AUTH_7e08652c4e3e41b29e5f05d128f57ab8/gnocchi.7c8429a8-3a70-4035-98d3-ce3532b20fd7" 201 - "PUT http://[::1]:8080/v1/AUTH_7e08652c4e3e41b29e5f05d128f57ab8/gnocchi.7c8429a8-3a70-4035-98d3-ce3532b20fd7" "tx4a64c2dc9e3445ac91959-0068e85c1e" "proxy-server 86594" 0.0217 "-" 93568 0
Oct 09 21:06:39 np0005479242.novalocal proxy-server[86594]: ::1 ::1 10/Oct/2025/01/06/39 PUT /v1/AUTH_7e08652c4e3e41b29e5f05d128f57ab8/gnocchi.7c8429a8-3a70-4035-98d3-ce3532b20fd7 HTTP/1.0 201 - python-swiftclient-4.5.0 gAAAAABo6Fv-oWcl... - - - tx4a64c2dc9e3445ac91959-0068e85c1e - 0.0473 - - 1760058398.959613800 1760058399.006954432 0
Oct 09 21:06:39 np0005479242.novalocal container-server[93568]: ::1 - - [10/Oct/2025:01:06:39 +0000] "HEAD /2/6496/AUTH_7e08652c4e3e41b29e5f05d128f57ab8/gnocchi.7c8429a8-3a70-4035-98d3-ce3532b20fd7" 204 - "HEAD http://[::1]:8080/v1/AUTH_7e08652c4e3e41b29e5f05d128f57ab8/gnocchi.7c8429a8-3a70-4035-98d3-ce3532b20fd7" "tx3e1799ae74b34497b73e6-0068e85c1f" "proxy-server 86594" 0.0013 "-" 93568 0
Oct 09 21:06:39 np0005479242.novalocal proxy-server[86594]: - - 10/Oct/2025/01/06/39 HEAD /v1/AUTH_7e08652c4e3e41b29e5f05d128f57ab8/gnocchi.7c8429a8-3a70-4035-98d3-ce3532b20fd7 HTTP/1.0 204 - Swift - - - - tx3e1799ae74b34497b73e6-0068e85c1f - 0.0047 CS - 1760058399.016073465 1760058399.020727634 0
Oct 09 21:06:39 np0005479242.novalocal container-server[93569]: ::1 - - [10/Oct/2025:01:06:39 +0000] "GET /3/6496/AUTH_7e08652c4e3e41b29e5f05d128f57ab8/gnocchi.7c8429a8-3a70-4035-98d3-ce3532b20fd7" 200 2 "GET http://[::1]:8080/v1/AUTH_7e08652c4e3e41b29e5f05d128f57ab8/gnocchi.7c8429a8-3a70-4035-98d3-ce3532b20fd7?format=json&states=listing" "tx3e1799ae74b34497b73e6-0068e85c1f" "proxy-server 86594" 0.0019 "-" 93569 0
Oct 09 21:06:39 np0005479242.novalocal proxy-server[86594]: ::1 ::1 10/Oct/2025/01/06/39 GET /v1/AUTH_7e08652c4e3e41b29e5f05d128f57ab8/gnocchi.7c8429a8-3a70-4035-98d3-ce3532b20fd7%3Fformat%3Djson%26states%3Dlisting HTTP/1.0 200 - python-swiftclient-4.5.0 gAAAAABo6Fv-oWcl... - 2 - tx3e1799ae74b34497b73e6-0068e85c1f - 0.0160 - - 1760058399.013549089 1760058399.029547930 0
Oct 09 21:06:39 np0005479242.novalocal container-server[93569]: ::1 - - [10/Oct/2025:01:06:39 +0000] "PUT /1/71032/AUTH_7e08652c4e3e41b29e5f05d128f57ab8/gnocchi.7b3d7f43-dd78-4e76-a0c9-aa3693c3d9d4/1759320000.0_mean_300.0_v3" 201 - "PUT http://[::1]:8080/2/124095/AUTH_7e08652c4e3e41b29e5f05d128f57ab8/gnocchi.7b3d7f43-dd78-4e76-a0c9-aa3693c3d9d4/1759320000.0_mean_300.0_v3" "tx674c83ed3f0144879cb11-0068e85c1e" "object-server 93871" 0.0004 "-" 93569 0
Oct 09 21:06:39 np0005479242.novalocal container-server[93568]: ::1 - - [10/Oct/2025:01:06:39 +0000] "PUT /3/71032/AUTH_7e08652c4e3e41b29e5f05d128f57ab8/gnocchi.7b3d7f43-dd78-4e76-a0c9-aa3693c3d9d4/1759320000.0_mean_300.0_v3" 201 - "PUT http://[::1]:8080/3/124095/AUTH_7e08652c4e3e41b29e5f05d128f57ab8/gnocchi.7b3d7f43-dd78-4e76-a0c9-aa3693c3d9d4/1759320000.0_mean_300.0_v3" "tx674c83ed3f0144879cb11-0068e85c1e" "object-server 93870" 0.0006 "-" 93568 0
Oct 09 21:06:39 np0005479242.novalocal container-server[93569]: ::1 - - [10/Oct/2025:01:06:39 +0000] "PUT /2/71032/AUTH_7e08652c4e3e41b29e5f05d128f57ab8/gnocchi.7b3d7f43-dd78-4e76-a0c9-aa3693c3d9d4/1759320000.0_mean_300.0_v3" 201 - "PUT http://[::1]:8080/1/124095/AUTH_7e08652c4e3e41b29e5f05d128f57ab8/gnocchi.7b3d7f43-dd78-4e76-a0c9-aa3693c3d9d4/1759320000.0_mean_300.0_v3" "tx674c83ed3f0144879cb11-0068e85c1e" "object-server 93871" 0.0003 "-" 93569 0
Oct 09 21:06:39 np0005479242.novalocal object-server[93870]: ::1 - - [10/Oct/2025:01:06:39 +0000] "PUT /3/124095/AUTH_7e08652c4e3e41b29e5f05d128f57ab8/gnocchi.7b3d7f43-dd78-4e76-a0c9-aa3693c3d9d4/1759320000.0_mean_300.0_v3" 201 - "PUT http://[::1]:8080/v1/AUTH_7e08652c4e3e41b29e5f05d128f57ab8/gnocchi.7b3d7f43-dd78-4e76-a0c9-aa3693c3d9d4/1759320000.0_mean_300.0_v3" "tx674c83ed3f0144879cb11-0068e85c1e" "proxy-server 86594" 0.0206 "-" 93870 0
Oct 09 21:06:39 np0005479242.novalocal object-server[93871]: ::1 - - [10/Oct/2025:01:06:39 +0000] "PUT /2/124095/AUTH_7e08652c4e3e41b29e5f05d128f57ab8/gnocchi.7b3d7f43-dd78-4e76-a0c9-aa3693c3d9d4/1759320000.0_mean_300.0_v3" 201 - "PUT http://[::1]:8080/v1/AUTH_7e08652c4e3e41b29e5f05d128f57ab8/gnocchi.7b3d7f43-dd78-4e76-a0c9-aa3693c3d9d4/1759320000.0_mean_300.0_v3" "tx674c83ed3f0144879cb11-0068e85c1e" "proxy-server 86594" 0.0198 "-" 93871 0
Oct 09 21:06:39 np0005479242.novalocal object-server[93871]: ::1 - - [10/Oct/2025:01:06:39 +0000] "PUT /1/124095/AUTH_7e08652c4e3e41b29e5f05d128f57ab8/gnocchi.7b3d7f43-dd78-4e76-a0c9-aa3693c3d9d4/1759320000.0_mean_300.0_v3" 201 - "PUT http://[::1]:8080/v1/AUTH_7e08652c4e3e41b29e5f05d128f57ab8/gnocchi.7b3d7f43-dd78-4e76-a0c9-aa3693c3d9d4/1759320000.0_mean_300.0_v3" "tx674c83ed3f0144879cb11-0068e85c1e" "proxy-server 86594" 0.0223 "-" 93871 0
Oct 09 21:06:39 np0005479242.novalocal object-server[93871]: ::1 - - [10/Oct/2025:01:06:39 +0000] "GET /3/84765/AUTH_7e08652c4e3e41b29e5f05d128f57ab8/gnocchi.7c8429a8-3a70-4035-98d3-ce3532b20fd7/1759320000.0_mean_300.0_v3" 404 70 "GET http://[::1]:8080/v1/AUTH_7e08652c4e3e41b29e5f05d128f57ab8/gnocchi.7c8429a8-3a70-4035-98d3-ce3532b20fd7/1759320000.0_mean_300.0_v3" "txf48d6b88f4994700b1d83-0068e85c1f" "proxy-server 86594" 0.0004 "-" 93871 0
Oct 09 21:06:39 np0005479242.novalocal proxy-server[86594]: ::1 ::1 10/Oct/2025/01/06/39 PUT /v1/AUTH_7e08652c4e3e41b29e5f05d128f57ab8/gnocchi.7b3d7f43-dd78-4e76-a0c9-aa3693c3d9d4/1759320000.0_mean_300.0_v3 HTTP/1.0 201 - python-swiftclient-4.5.0 gAAAAABo6Fv-PTBu... 16 - - tx674c83ed3f0144879cb11-0068e85c1e - 0.0439 - - 1760058398.994987011 1760058399.038926840 0
Oct 09 21:06:39 np0005479242.novalocal object-server[93871]: ::1 - - [10/Oct/2025:01:06:39 +0000] "GET /2/84765/AUTH_7e08652c4e3e41b29e5f05d128f57ab8/gnocchi.7c8429a8-3a70-4035-98d3-ce3532b20fd7/1759320000.0_mean_300.0_v3" 404 70 "GET http://[::1]:8080/v1/AUTH_7e08652c4e3e41b29e5f05d128f57ab8/gnocchi.7c8429a8-3a70-4035-98d3-ce3532b20fd7/1759320000.0_mean_300.0_v3" "txf48d6b88f4994700b1d83-0068e85c1f" "proxy-server 86594" 0.0002 "-" 93871 0
Oct 09 21:06:39 np0005479242.novalocal object-server[93871]: ::1 - - [10/Oct/2025:01:06:39 +0000] "GET /1/84765/AUTH_7e08652c4e3e41b29e5f05d128f57ab8/gnocchi.7c8429a8-3a70-4035-98d3-ce3532b20fd7/1759320000.0_mean_300.0_v3" 404 70 "GET http://[::1]:8080/v1/AUTH_7e08652c4e3e41b29e5f05d128f57ab8/gnocchi.7c8429a8-3a70-4035-98d3-ce3532b20fd7/1759320000.0_mean_300.0_v3" "txf48d6b88f4994700b1d83-0068e85c1f" "proxy-server 86594" 0.0003 "-" 93871 0
Oct 09 21:06:39 np0005479242.novalocal proxy-server[86594]: ::1 ::1 10/Oct/2025/01/06/39 GET /v1/AUTH_7e08652c4e3e41b29e5f05d128f57ab8/gnocchi.7c8429a8-3a70-4035-98d3-ce3532b20fd7/1759320000.0_mean_300.0_v3 HTTP/1.0 404 - python-swiftclient-4.5.0 gAAAAABo6Fv-oWcl... - 70 - txf48d6b88f4994700b1d83-0068e85c1f - 0.0112 - - 1760058399.033701897 1760058399.044894934 0
Oct 09 21:06:39 np0005479242.novalocal container-server[93568]: ::1 - - [10/Oct/2025:01:06:39 +0000] "PUT /2/71032/AUTH_7e08652c4e3e41b29e5f05d128f57ab8/gnocchi.7b3d7f43-dd78-4e76-a0c9-aa3693c3d9d4/none_v3" 201 - "PUT http://[::1]:8080/1/227477/AUTH_7e08652c4e3e41b29e5f05d128f57ab8/gnocchi.7b3d7f43-dd78-4e76-a0c9-aa3693c3d9d4/none_v3" "tx313132611357420696152-0068e85c1f" "object-server 93871" 0.0005 "-" 93568 0
Oct 09 21:06:39 np0005479242.novalocal container-server[93568]: ::1 - - [10/Oct/2025:01:06:39 +0000] "PUT /1/71032/AUTH_7e08652c4e3e41b29e5f05d128f57ab8/gnocchi.7b3d7f43-dd78-4e76-a0c9-aa3693c3d9d4/none_v3" 201 - "PUT http://[::1]:8080/2/227477/AUTH_7e08652c4e3e41b29e5f05d128f57ab8/gnocchi.7b3d7f43-dd78-4e76-a0c9-aa3693c3d9d4/none_v3" "tx313132611357420696152-0068e85c1f" "object-server 93870" 0.0003 "-" 93568 0
Oct 09 21:06:39 np0005479242.novalocal object-server[93870]: ::1 - - [10/Oct/2025:01:06:39 +0000] "PUT /2/227477/AUTH_7e08652c4e3e41b29e5f05d128f57ab8/gnocchi.7b3d7f43-dd78-4e76-a0c9-aa3693c3d9d4/none_v3" 201 - "PUT http://[::1]:8080/v1/AUTH_7e08652c4e3e41b29e5f05d128f57ab8/gnocchi.7b3d7f43-dd78-4e76-a0c9-aa3693c3d9d4/none_v3" "tx313132611357420696152-0068e85c1f" "proxy-server 86594" 0.0180 "-" 93870 0
Oct 09 21:06:39 np0005479242.novalocal object-server[93871]: ::1 - - [10/Oct/2025:01:06:39 +0000] "PUT /1/227477/AUTH_7e08652c4e3e41b29e5f05d128f57ab8/gnocchi.7b3d7f43-dd78-4e76-a0c9-aa3693c3d9d4/none_v3" 201 - "PUT http://[::1]:8080/v1/AUTH_7e08652c4e3e41b29e5f05d128f57ab8/gnocchi.7b3d7f43-dd78-4e76-a0c9-aa3693c3d9d4/none_v3" "tx313132611357420696152-0068e85c1f" "proxy-server 86594" 0.0170 "-" 93871 0
Oct 09 21:06:39 np0005479242.novalocal container-server[93568]: ::1 - - [10/Oct/2025:01:06:39 +0000] "PUT /3/71032/AUTH_7e08652c4e3e41b29e5f05d128f57ab8/gnocchi.7b3d7f43-dd78-4e76-a0c9-aa3693c3d9d4/none_v3" 201 - "PUT http://[::1]:8080/3/227477/AUTH_7e08652c4e3e41b29e5f05d128f57ab8/gnocchi.7b3d7f43-dd78-4e76-a0c9-aa3693c3d9d4/none_v3" "tx313132611357420696152-0068e85c1f" "object-server 93871" 0.0004 "-" 93568 0
Oct 09 21:06:39 np0005479242.novalocal container-server[93569]: ::1 - - [10/Oct/2025:01:06:39 +0000] "PUT /2/6496/AUTH_7e08652c4e3e41b29e5f05d128f57ab8/gnocchi.7c8429a8-3a70-4035-98d3-ce3532b20fd7/1759320000.0_mean_300.0_v3" 201 - "PUT http://[::1]:8080/3/84765/AUTH_7e08652c4e3e41b29e5f05d128f57ab8/gnocchi.7c8429a8-3a70-4035-98d3-ce3532b20fd7/1759320000.0_mean_300.0_v3" "txe64592ba333844f99320f-0068e85c1f" "object-server 93870" 0.0005 "-" 93569 0
Oct 09 21:06:39 np0005479242.novalocal container-server[93568]: ::1 - - [10/Oct/2025:01:06:39 +0000] "PUT /1/6496/AUTH_7e08652c4e3e41b29e5f05d128f57ab8/gnocchi.7c8429a8-3a70-4035-98d3-ce3532b20fd7/1759320000.0_mean_300.0_v3" 201 - "PUT http://[::1]:8080/1/84765/AUTH_7e08652c4e3e41b29e5f05d128f57ab8/gnocchi.7c8429a8-3a70-4035-98d3-ce3532b20fd7/1759320000.0_mean_300.0_v3" "txe64592ba333844f99320f-0068e85c1f" "object-server 93870" 0.0006 "-" 93568 0
Oct 09 21:06:39 np0005479242.novalocal object-server[93870]: ::1 - - [10/Oct/2025:01:06:39 +0000] "PUT /3/84765/AUTH_7e08652c4e3e41b29e5f05d128f57ab8/gnocchi.7c8429a8-3a70-4035-98d3-ce3532b20fd7/1759320000.0_mean_300.0_v3" 201 - "PUT http://[::1]:8080/v1/AUTH_7e08652c4e3e41b29e5f05d128f57ab8/gnocchi.7c8429a8-3a70-4035-98d3-ce3532b20fd7/1759320000.0_mean_300.0_v3" "txe64592ba333844f99320f-0068e85c1f" "proxy-server 86594" 0.0143 "-" 93870 0
Oct 09 21:06:39 np0005479242.novalocal object-server[93870]: ::1 - - [10/Oct/2025:01:06:39 +0000] "PUT /1/84765/AUTH_7e08652c4e3e41b29e5f05d128f57ab8/gnocchi.7c8429a8-3a70-4035-98d3-ce3532b20fd7/1759320000.0_mean_300.0_v3" 201 - "PUT http://[::1]:8080/v1/AUTH_7e08652c4e3e41b29e5f05d128f57ab8/gnocchi.7c8429a8-3a70-4035-98d3-ce3532b20fd7/1759320000.0_mean_300.0_v3" "txe64592ba333844f99320f-0068e85c1f" "proxy-server 86594" 0.0176 "-" 93870 0
Oct 09 21:06:39 np0005479242.novalocal container-server[93568]: ::1 - - [10/Oct/2025:01:06:39 +0000] "PUT /3/6496/AUTH_7e08652c4e3e41b29e5f05d128f57ab8/gnocchi.7c8429a8-3a70-4035-98d3-ce3532b20fd7/1759320000.0_mean_300.0_v3" 201 - "PUT http://[::1]:8080/2/84765/AUTH_7e08652c4e3e41b29e5f05d128f57ab8/gnocchi.7c8429a8-3a70-4035-98d3-ce3532b20fd7/1759320000.0_mean_300.0_v3" "txe64592ba333844f99320f-0068e85c1f" "object-server 93870" 0.0005 "-" 93568 0
Oct 09 21:06:39 np0005479242.novalocal object-server[93870]: ::1 - - [10/Oct/2025:01:06:39 +0000] "PUT /2/84765/AUTH_7e08652c4e3e41b29e5f05d128f57ab8/gnocchi.7c8429a8-3a70-4035-98d3-ce3532b20fd7/1759320000.0_mean_300.0_v3" 201 - "PUT http://[::1]:8080/v1/AUTH_7e08652c4e3e41b29e5f05d128f57ab8/gnocchi.7c8429a8-3a70-4035-98d3-ce3532b20fd7/1759320000.0_mean_300.0_v3" "txe64592ba333844f99320f-0068e85c1f" "proxy-server 86594" 0.0137 "-" 93870 0
Oct 09 21:06:39 np0005479242.novalocal object-server[93871]: ::1 - - [10/Oct/2025:01:06:39 +0000] "PUT /3/227477/AUTH_7e08652c4e3e41b29e5f05d128f57ab8/gnocchi.7b3d7f43-dd78-4e76-a0c9-aa3693c3d9d4/none_v3" 201 - "PUT http://[::1]:8080/v1/AUTH_7e08652c4e3e41b29e5f05d128f57ab8/gnocchi.7b3d7f43-dd78-4e76-a0c9-aa3693c3d9d4/none_v3" "tx313132611357420696152-0068e85c1f" "proxy-server 86594" 0.0253 "-" 93871 0
Oct 09 21:06:39 np0005479242.novalocal proxy-server[86594]: ::1 ::1 10/Oct/2025/01/06/39 PUT /v1/AUTH_7e08652c4e3e41b29e5f05d128f57ab8/gnocchi.7c8429a8-3a70-4035-98d3-ce3532b20fd7/1759320000.0_mean_300.0_v3 HTTP/1.0 201 - python-swiftclient-4.5.0 gAAAAABo6Fv-oWcl... 16 - - txe64592ba333844f99320f-0068e85c1f - 0.0263 - - 1760058399.050828695 1760058399.077137232 0
Oct 09 21:06:39 np0005479242.novalocal proxy-server[86594]: ::1 ::1 10/Oct/2025/01/06/39 PUT /v1/AUTH_7e08652c4e3e41b29e5f05d128f57ab8/gnocchi.7b3d7f43-dd78-4e76-a0c9-aa3693c3d9d4/none_v3 HTTP/1.0 201 - python-swiftclient-4.5.0 gAAAAABo6Fv-PTBu... 22 - - tx313132611357420696152-0068e85c1f - 0.0324 - - 1760058399.045758486 1760058399.078192234 0
Oct 09 21:06:39 np0005479242.novalocal container-server[93568]: ::1 - - [10/Oct/2025:01:06:39 +0000] "PUT /1/6496/AUTH_7e08652c4e3e41b29e5f05d128f57ab8/gnocchi.7c8429a8-3a70-4035-98d3-ce3532b20fd7/none_v3" 201 - "PUT http://[::1]:8080/3/126468/AUTH_7e08652c4e3e41b29e5f05d128f57ab8/gnocchi.7c8429a8-3a70-4035-98d3-ce3532b20fd7/none_v3" "tx87f110399fe74c389023f-0068e85c1f" "object-server 93870" 0.0005 "-" 93568 0
Oct 09 21:06:39 np0005479242.novalocal object-server[93870]: ::1 - - [10/Oct/2025:01:06:39 +0000] "PUT /3/126468/AUTH_7e08652c4e3e41b29e5f05d128f57ab8/gnocchi.7c8429a8-3a70-4035-98d3-ce3532b20fd7/none_v3" 201 - "PUT http://[::1]:8080/v1/AUTH_7e08652c4e3e41b29e5f05d128f57ab8/gnocchi.7c8429a8-3a70-4035-98d3-ce3532b20fd7/none_v3" "tx87f110399fe74c389023f-0068e85c1f" "proxy-server 86594" 0.0102 "-" 93870 0
Oct 09 21:06:39 np0005479242.novalocal container-server[93568]: ::1 - - [10/Oct/2025:01:06:39 +0000] "PUT /3/6496/AUTH_7e08652c4e3e41b29e5f05d128f57ab8/gnocchi.7c8429a8-3a70-4035-98d3-ce3532b20fd7/none_v3" 201 - "PUT http://[::1]:8080/1/126468/AUTH_7e08652c4e3e41b29e5f05d128f57ab8/gnocchi.7c8429a8-3a70-4035-98d3-ce3532b20fd7/none_v3" "tx87f110399fe74c389023f-0068e85c1f" "object-server 93871" 0.0005 "-" 93568 0
Oct 09 21:06:39 np0005479242.novalocal object-server[93870]: ::1 - - [10/Oct/2025:01:06:39 +0000] "GET /1/232065/AUTH_7e08652c4e3e41b29e5f05d128f57ab8/gnocchi.4fbf2f74-bbba-467f-be5c-ad570e37313f/none_v3" 200 22 "GET http://[::1]:8080/v1/AUTH_7e08652c4e3e41b29e5f05d128f57ab8/gnocchi.4fbf2f74-bbba-467f-be5c-ad570e37313f/none_v3" "tx28b8b383864c4dcf957d8-0068e85c1f" "proxy-server 86594" 0.0007 "-" 93870 0
Oct 09 21:06:39 np0005479242.novalocal object-server[93871]: ::1 - - [10/Oct/2025:01:06:39 +0000] "PUT /1/126468/AUTH_7e08652c4e3e41b29e5f05d128f57ab8/gnocchi.7c8429a8-3a70-4035-98d3-ce3532b20fd7/none_v3" 201 - "PUT http://[::1]:8080/v1/AUTH_7e08652c4e3e41b29e5f05d128f57ab8/gnocchi.7c8429a8-3a70-4035-98d3-ce3532b20fd7/none_v3" "tx87f110399fe74c389023f-0068e85c1f" "proxy-server 86594" 0.0125 "-" 93871 0
Oct 09 21:06:39 np0005479242.novalocal proxy-server[86594]: ::1 ::1 10/Oct/2025/01/06/39 GET /v1/AUTH_7e08652c4e3e41b29e5f05d128f57ab8/gnocchi.4fbf2f74-bbba-467f-be5c-ad570e37313f/none_v3 HTTP/1.0 200 - python-swiftclient-4.5.0 gAAAAABo6Fv-PTBu... - 22 - tx28b8b383864c4dcf957d8-0068e85c1f - 0.0091 - - 1760058399.092607975 1760058399.101701260 0
Oct 09 21:06:39 np0005479242.novalocal container-server[93569]: ::1 - - [10/Oct/2025:01:06:39 +0000] "PUT /2/6496/AUTH_7e08652c4e3e41b29e5f05d128f57ab8/gnocchi.7c8429a8-3a70-4035-98d3-ce3532b20fd7/none_v3" 201 - "PUT http://[::1]:8080/2/126468/AUTH_7e08652c4e3e41b29e5f05d128f57ab8/gnocchi.7c8429a8-3a70-4035-98d3-ce3532b20fd7/none_v3" "tx87f110399fe74c389023f-0068e85c1f" "object-server 93871" 0.0030 "-" 93569 0
Oct 09 21:06:39 np0005479242.novalocal object-server[93871]: ::1 - - [10/Oct/2025:01:06:39 +0000] "PUT /2/126468/AUTH_7e08652c4e3e41b29e5f05d128f57ab8/gnocchi.7c8429a8-3a70-4035-98d3-ce3532b20fd7/none_v3" 201 - "PUT http://[::1]:8080/v1/AUTH_7e08652c4e3e41b29e5f05d128f57ab8/gnocchi.7c8429a8-3a70-4035-98d3-ce3532b20fd7/none_v3" "tx87f110399fe74c389023f-0068e85c1f" "proxy-server 86594" 0.0179 "-" 93871 0
Oct 09 21:06:39 np0005479242.novalocal proxy-server[86594]: ::1 ::1 10/Oct/2025/01/06/39 PUT /v1/AUTH_7e08652c4e3e41b29e5f05d128f57ab8/gnocchi.7c8429a8-3a70-4035-98d3-ce3532b20fd7/none_v3 HTTP/1.0 201 - python-swiftclient-4.5.0 gAAAAABo6Fv-oWcl... 30 - - tx87f110399fe74c389023f-0068e85c1f - 0.0246 - - 1760058399.079254866 1760058399.103892326 0
Oct 09 21:06:39 np0005479242.novalocal container-server[93569]: ::1 - - [10/Oct/2025:01:06:39 +0000] "GET /2/5744/AUTH_7e08652c4e3e41b29e5f05d128f57ab8/gnocchi.4fbf2f74-bbba-467f-be5c-ad570e37313f" 200 357 "GET http://[::1]:8080/v1/AUTH_7e08652c4e3e41b29e5f05d128f57ab8/gnocchi.4fbf2f74-bbba-467f-be5c-ad570e37313f?format=json&states=listing" "txc724f7d4d7cb4e63ad107-0068e85c1f" "proxy-server 86594" 0.0121 "-" 93569 0
Oct 09 21:06:39 np0005479242.novalocal proxy-server[86594]: ::1 ::1 10/Oct/2025/01/06/39 GET /v1/AUTH_7e08652c4e3e41b29e5f05d128f57ab8/gnocchi.4fbf2f74-bbba-467f-be5c-ad570e37313f%3Fformat%3Djson%26states%3Dlisting HTTP/1.0 200 - python-swiftclient-4.5.0 gAAAAABo6Fv-PTBu... - 357 - txc724f7d4d7cb4e63ad107-0068e85c1f - 0.0231 - - 1760058399.117250443 1760058399.140316725 0
Oct 09 21:06:39 np0005479242.novalocal object-server[93870]: ::1 - - [10/Oct/2025:01:06:39 +0000] "GET /3/151360/AUTH_7e08652c4e3e41b29e5f05d128f57ab8/gnocchi.ba090458-e1c3-41c9-af22-54937b2c6ff2/none_v3" 200 22 "GET http://[::1]:8080/v1/AUTH_7e08652c4e3e41b29e5f05d128f57ab8/gnocchi.ba090458-e1c3-41c9-af22-54937b2c6ff2/none_v3" "txb511e1705eb04f4f8badb-0068e85c1f" "proxy-server 86594" 0.0007 "-" 93870 0
Oct 09 21:06:39 np0005479242.novalocal proxy-server[86594]: ::1 ::1 10/Oct/2025/01/06/39 GET /v1/AUTH_7e08652c4e3e41b29e5f05d128f57ab8/gnocchi.ba090458-e1c3-41c9-af22-54937b2c6ff2/none_v3 HTTP/1.0 200 - python-swiftclient-4.5.0 gAAAAABo6Fv-oWcl... - 22 - txb511e1705eb04f4f8badb-0068e85c1f - 0.0080 - - 1760058399.147176504 1760058399.155162096 0
Oct 09 21:06:39 np0005479242.novalocal container-server[93569]: ::1 - - [10/Oct/2025:01:06:39 +0000] "GET /1/5744/AUTH_7e08652c4e3e41b29e5f05d128f57ab8/gnocchi.4fbf2f74-bbba-467f-be5c-ad570e37313f" 200 2 "GET http://[::1]:8080/v1/AUTH_7e08652c4e3e41b29e5f05d128f57ab8/gnocchi.4fbf2f74-bbba-467f-be5c-ad570e37313f?format=json&marker=none_v3&states=listing" "txa57332e6e6a64af192619-0068e85c1f" "proxy-server 86594" 0.0076 "-" 93569 0
Oct 09 21:06:39 np0005479242.novalocal proxy-server[86594]: ::1 ::1 10/Oct/2025/01/06/39 GET /v1/AUTH_7e08652c4e3e41b29e5f05d128f57ab8/gnocchi.4fbf2f74-bbba-467f-be5c-ad570e37313f%3Fformat%3Djson%26marker%3Dnone_v3%26states%3Dlisting HTTP/1.0 200 - python-swiftclient-4.5.0 gAAAAABo6Fv-PTBu... - 2 - txa57332e6e6a64af192619-0068e85c1f - 0.0157 - - 1760058399.144057751 1760058399.159728050 0
Oct 09 21:06:39 np0005479242.novalocal object-server[93870]: ::1 - - [10/Oct/2025:01:06:39 +0000] "GET /2/141357/AUTH_7e08652c4e3e41b29e5f05d128f57ab8/gnocchi.4fbf2f74-bbba-467f-be5c-ad570e37313f/1759320000.0_mean_300.0_v3" 200 16 "GET http://[::1]:8080/v1/AUTH_7e08652c4e3e41b29e5f05d128f57ab8/gnocchi.4fbf2f74-bbba-467f-be5c-ad570e37313f/1759320000.0_mean_300.0_v3" "tx62ddb28ef7764fdab1131-0068e85c1f" "proxy-server 86594" 0.0008 "-" 93870 0
Oct 09 21:06:39 np0005479242.novalocal proxy-server[86594]: ::1 ::1 10/Oct/2025/01/06/39 GET /v1/AUTH_7e08652c4e3e41b29e5f05d128f57ab8/gnocchi.4fbf2f74-bbba-467f-be5c-ad570e37313f/1759320000.0_mean_300.0_v3 HTTP/1.0 200 - python-swiftclient-4.5.0 gAAAAABo6Fv-PTBu... - 16 - tx62ddb28ef7764fdab1131-0068e85c1f - 0.0070 - - 1760058399.163873434 1760058399.170892000 0
Oct 09 21:06:39 np0005479242.novalocal container-server[93568]: ::1 - - [10/Oct/2025:01:06:39 +0000] "GET /2/69651/AUTH_7e08652c4e3e41b29e5f05d128f57ab8/gnocchi.ba090458-e1c3-41c9-af22-54937b2c6ff2" 200 357 "GET http://[::1]:8080/v1/AUTH_7e08652c4e3e41b29e5f05d128f57ab8/gnocchi.ba090458-e1c3-41c9-af22-54937b2c6ff2?format=json&states=listing" "tx96f884325c2240c38bfc0-0068e85c1f" "proxy-server 86594" 0.0094 "-" 93568 0
Oct 09 21:06:39 np0005479242.novalocal proxy-server[86594]: ::1 ::1 10/Oct/2025/01/06/39 GET /v1/AUTH_7e08652c4e3e41b29e5f05d128f57ab8/gnocchi.ba090458-e1c3-41c9-af22-54937b2c6ff2%3Fformat%3Djson%26states%3Dlisting HTTP/1.0 200 - python-swiftclient-4.5.0 gAAAAABo6Fv-oWcl... - 357 - tx96f884325c2240c38bfc0-0068e85c1f - 0.0175 - - 1760058399.160437346 1760058399.177888393 0
Oct 09 21:06:39 np0005479242.novalocal container-server[93568]: ::1 - - [10/Oct/2025:01:06:39 +0000] "GET /2/69651/AUTH_7e08652c4e3e41b29e5f05d128f57ab8/gnocchi.ba090458-e1c3-41c9-af22-54937b2c6ff2" 200 2 "GET http://[::1]:8080/v1/AUTH_7e08652c4e3e41b29e5f05d128f57ab8/gnocchi.ba090458-e1c3-41c9-af22-54937b2c6ff2?format=json&marker=none_v3&states=listing" "tx0c30a1d9c2434908a26c7-0068e85c1f" "proxy-server 86594" 0.0030 "-" 93568 0
Oct 09 21:06:39 np0005479242.novalocal proxy-server[86594]: ::1 ::1 10/Oct/2025/01/06/39 GET /v1/AUTH_7e08652c4e3e41b29e5f05d128f57ab8/gnocchi.ba090458-e1c3-41c9-af22-54937b2c6ff2%3Fformat%3Djson%26marker%3Dnone_v3%26states%3Dlisting HTTP/1.0 200 - python-swiftclient-4.5.0 gAAAAABo6Fv-oWcl... - 2 - tx0c30a1d9c2434908a26c7-0068e85c1f - 0.0090 - - 1760058399.180159569 1760058399.189195633 0
Oct 09 21:06:39 np0005479242.novalocal container-server[93568]: ::1 - - [10/Oct/2025:01:06:39 +0000] "PUT /1/5744/AUTH_7e08652c4e3e41b29e5f05d128f57ab8/gnocchi.4fbf2f74-bbba-467f-be5c-ad570e37313f/1759320000.0_mean_300.0_v3" 201 - "PUT http://[::1]:8080/1/141357/AUTH_7e08652c4e3e41b29e5f05d128f57ab8/gnocchi.4fbf2f74-bbba-467f-be5c-ad570e37313f/1759320000.0_mean_300.0_v3" "txbd4ac9da6caa436daebb2-0068e85c1f" "object-server 93870" 0.0005 "-" 93568 0
Oct 09 21:06:39 np0005479242.novalocal object-server[93870]: ::1 - - [10/Oct/2025:01:06:39 +0000] "PUT /1/141357/AUTH_7e08652c4e3e41b29e5f05d128f57ab8/gnocchi.4fbf2f74-bbba-467f-be5c-ad570e37313f/1759320000.0_mean_300.0_v3" 201 - "PUT http://[::1]:8080/v1/AUTH_7e08652c4e3e41b29e5f05d128f57ab8/gnocchi.4fbf2f74-bbba-467f-be5c-ad570e37313f/1759320000.0_mean_300.0_v3" "txbd4ac9da6caa436daebb2-0068e85c1f" "proxy-server 86594" 0.0088 "-" 93870 0
Oct 09 21:06:39 np0005479242.novalocal container-server[93568]: ::1 - - [10/Oct/2025:01:06:39 +0000] "PUT /3/5744/AUTH_7e08652c4e3e41b29e5f05d128f57ab8/gnocchi.4fbf2f74-bbba-467f-be5c-ad570e37313f/1759320000.0_mean_300.0_v3" 201 - "PUT http://[::1]:8080/3/141357/AUTH_7e08652c4e3e41b29e5f05d128f57ab8/gnocchi.4fbf2f74-bbba-467f-be5c-ad570e37313f/1759320000.0_mean_300.0_v3" "txbd4ac9da6caa436daebb2-0068e85c1f" "object-server 93870" 0.0004 "-" 93568 0
Oct 09 21:06:39 np0005479242.novalocal object-server[93870]: ::1 - - [10/Oct/2025:01:06:39 +0000] "PUT /3/141357/AUTH_7e08652c4e3e41b29e5f05d128f57ab8/gnocchi.4fbf2f74-bbba-467f-be5c-ad570e37313f/1759320000.0_mean_300.0_v3" 201 - "PUT http://[::1]:8080/v1/AUTH_7e08652c4e3e41b29e5f05d128f57ab8/gnocchi.4fbf2f74-bbba-467f-be5c-ad570e37313f/1759320000.0_mean_300.0_v3" "txbd4ac9da6caa436daebb2-0068e85c1f" "proxy-server 86594" 0.0114 "-" 93870 0
Oct 09 21:06:39 np0005479242.novalocal object-server[93870]: ::1 - - [10/Oct/2025:01:06:39 +0000] "GET /2/46896/AUTH_7e08652c4e3e41b29e5f05d128f57ab8/gnocchi.ba090458-e1c3-41c9-af22-54937b2c6ff2/1759320000.0_mean_300.0_v3" 200 16 "GET http://[::1]:8080/v1/AUTH_7e08652c4e3e41b29e5f05d128f57ab8/gnocchi.ba090458-e1c3-41c9-af22-54937b2c6ff2/1759320000.0_mean_300.0_v3" "tx617b36643a8e4e2b9a362-0068e85c1f" "proxy-server 86594" 0.0006 "-" 93870 0
Oct 09 21:06:39 np0005479242.novalocal proxy-server[86594]: ::1 ::1 10/Oct/2025/01/06/39 GET /v1/AUTH_7e08652c4e3e41b29e5f05d128f57ab8/gnocchi.ba090458-e1c3-41c9-af22-54937b2c6ff2/1759320000.0_mean_300.0_v3 HTTP/1.0 200 - python-swiftclient-4.5.0 gAAAAABo6Fv-oWcl... - 16 - tx617b36643a8e4e2b9a362-0068e85c1f - 0.0101 - - 1760058399.192811728 1760058399.202934504 0
Oct 09 21:06:39 np0005479242.novalocal container-server[93569]: ::1 - - [10/Oct/2025:01:06:39 +0000] "PUT /2/5744/AUTH_7e08652c4e3e41b29e5f05d128f57ab8/gnocchi.4fbf2f74-bbba-467f-be5c-ad570e37313f/1759320000.0_mean_300.0_v3" 201 - "PUT http://[::1]:8080/2/141357/AUTH_7e08652c4e3e41b29e5f05d128f57ab8/gnocchi.4fbf2f74-bbba-467f-be5c-ad570e37313f/1759320000.0_mean_300.0_v3" "txbd4ac9da6caa436daebb2-0068e85c1f" "object-server 93871" 0.0005 "-" 93569 0
Oct 09 21:06:39 np0005479242.novalocal object-server[93871]: ::1 - - [10/Oct/2025:01:06:39 +0000] "PUT /2/141357/AUTH_7e08652c4e3e41b29e5f05d128f57ab8/gnocchi.4fbf2f74-bbba-467f-be5c-ad570e37313f/1759320000.0_mean_300.0_v3" 201 - "PUT http://[::1]:8080/v1/AUTH_7e08652c4e3e41b29e5f05d128f57ab8/gnocchi.4fbf2f74-bbba-467f-be5c-ad570e37313f/1759320000.0_mean_300.0_v3" "txbd4ac9da6caa436daebb2-0068e85c1f" "proxy-server 86594" 0.0281 "-" 93871 0
Oct 09 21:06:39 np0005479242.novalocal proxy-server[86594]: ::1 ::1 10/Oct/2025/01/06/39 PUT /v1/AUTH_7e08652c4e3e41b29e5f05d128f57ab8/gnocchi.4fbf2f74-bbba-467f-be5c-ad570e37313f/1759320000.0_mean_300.0_v3 HTTP/1.0 201 - python-swiftclient-4.5.0 gAAAAABo6Fv-PTBu... 16 - - txbd4ac9da6caa436daebb2-0068e85c1f - 0.0370 - - 1760058399.173638821 1760058399.210644722 0
Oct 09 21:06:39 np0005479242.novalocal container-server[93568]: ::1 - - [10/Oct/2025:01:06:39 +0000] "PUT /1/69651/AUTH_7e08652c4e3e41b29e5f05d128f57ab8/gnocchi.ba090458-e1c3-41c9-af22-54937b2c6ff2/1759320000.0_mean_300.0_v3" 201 - "PUT http://[::1]:8080/2/46896/AUTH_7e08652c4e3e41b29e5f05d128f57ab8/gnocchi.ba090458-e1c3-41c9-af22-54937b2c6ff2/1759320000.0_mean_300.0_v3" "txc5e9bc7c97404541ba045-0068e85c1f" "object-server 93871" 0.0007 "-" 93568 0
Oct 09 21:06:39 np0005479242.novalocal container-server[93568]: ::1 - - [10/Oct/2025:01:06:39 +0000] "PUT /3/69651/AUTH_7e08652c4e3e41b29e5f05d128f57ab8/gnocchi.ba090458-e1c3-41c9-af22-54937b2c6ff2/1759320000.0_mean_300.0_v3" 201 - "PUT http://[::1]:8080/3/46896/AUTH_7e08652c4e3e41b29e5f05d128f57ab8/gnocchi.ba090458-e1c3-41c9-af22-54937b2c6ff2/1759320000.0_mean_300.0_v3" "txc5e9bc7c97404541ba045-0068e85c1f" "object-server 93870" 0.0004 "-" 93568 0
Oct 09 21:06:39 np0005479242.novalocal object-server[93870]: ::1 - - [10/Oct/2025:01:06:39 +0000] "PUT /3/46896/AUTH_7e08652c4e3e41b29e5f05d128f57ab8/gnocchi.ba090458-e1c3-41c9-af22-54937b2c6ff2/1759320000.0_mean_300.0_v3" 201 - "PUT http://[::1]:8080/v1/AUTH_7e08652c4e3e41b29e5f05d128f57ab8/gnocchi.ba090458-e1c3-41c9-af22-54937b2c6ff2/1759320000.0_mean_300.0_v3" "txc5e9bc7c97404541ba045-0068e85c1f" "proxy-server 86594" 0.0296 "-" 93870 0
Oct 09 21:06:39 np0005479242.novalocal object-server[93871]: ::1 - - [10/Oct/2025:01:06:39 +0000] "PUT /2/46896/AUTH_7e08652c4e3e41b29e5f05d128f57ab8/gnocchi.ba090458-e1c3-41c9-af22-54937b2c6ff2/1759320000.0_mean_300.0_v3" 201 - "PUT http://[::1]:8080/v1/AUTH_7e08652c4e3e41b29e5f05d128f57ab8/gnocchi.ba090458-e1c3-41c9-af22-54937b2c6ff2/1759320000.0_mean_300.0_v3" "txc5e9bc7c97404541ba045-0068e85c1f" "proxy-server 86594" 0.0287 "-" 93871 0
Oct 09 21:06:39 np0005479242.novalocal container-server[93569]: ::1 - - [10/Oct/2025:01:06:39 +0000] "PUT /3/5744/AUTH_7e08652c4e3e41b29e5f05d128f57ab8/gnocchi.4fbf2f74-bbba-467f-be5c-ad570e37313f/none_v3" 201 - "PUT http://[::1]:8080/3/232065/AUTH_7e08652c4e3e41b29e5f05d128f57ab8/gnocchi.4fbf2f74-bbba-467f-be5c-ad570e37313f/none_v3" "txe481f8db3fec4a4184640-0068e85c1f" "object-server 93871" 0.0004 "-" 93569 0
Oct 09 21:06:39 np0005479242.novalocal container-server[93568]: ::1 - - [10/Oct/2025:01:06:39 +0000] "PUT /1/5744/AUTH_7e08652c4e3e41b29e5f05d128f57ab8/gnocchi.4fbf2f74-bbba-467f-be5c-ad570e37313f/none_v3" 201 - "PUT http://[::1]:8080/1/232065/AUTH_7e08652c4e3e41b29e5f05d128f57ab8/gnocchi.4fbf2f74-bbba-467f-be5c-ad570e37313f/none_v3" "txe481f8db3fec4a4184640-0068e85c1f" "object-server 93871" 0.0004 "-" 93568 0
Oct 09 21:06:39 np0005479242.novalocal container-server[93568]: ::1 - - [10/Oct/2025:01:06:39 +0000] "PUT /2/5744/AUTH_7e08652c4e3e41b29e5f05d128f57ab8/gnocchi.4fbf2f74-bbba-467f-be5c-ad570e37313f/none_v3" 201 - "PUT http://[::1]:8080/2/232065/AUTH_7e08652c4e3e41b29e5f05d128f57ab8/gnocchi.4fbf2f74-bbba-467f-be5c-ad570e37313f/none_v3" "txe481f8db3fec4a4184640-0068e85c1f" "object-server 93871" 0.0004 "-" 93568 0
Oct 09 21:06:39 np0005479242.novalocal object-server[93871]: ::1 - - [10/Oct/2025:01:06:39 +0000] "PUT /1/232065/AUTH_7e08652c4e3e41b29e5f05d128f57ab8/gnocchi.4fbf2f74-bbba-467f-be5c-ad570e37313f/none_v3" 201 - "PUT http://[::1]:8080/v1/AUTH_7e08652c4e3e41b29e5f05d128f57ab8/gnocchi.4fbf2f74-bbba-467f-be5c-ad570e37313f/none_v3" "txe481f8db3fec4a4184640-0068e85c1f" "proxy-server 86594" 0.0248 "-" 93871 0
Oct 09 21:06:39 np0005479242.novalocal container-server[93569]: ::1 - - [10/Oct/2025:01:06:39 +0000] "PUT /2/69651/AUTH_7e08652c4e3e41b29e5f05d128f57ab8/gnocchi.ba090458-e1c3-41c9-af22-54937b2c6ff2/1759320000.0_mean_300.0_v3" 201 - "PUT http://[::1]:8080/1/46896/AUTH_7e08652c4e3e41b29e5f05d128f57ab8/gnocchi.ba090458-e1c3-41c9-af22-54937b2c6ff2/1759320000.0_mean_300.0_v3" "txc5e9bc7c97404541ba045-0068e85c1f" "object-server 93871" 0.0004 "-" 93569 0
Oct 09 21:06:39 np0005479242.novalocal object-server[93871]: ::1 - - [10/Oct/2025:01:06:39 +0000] "PUT /2/232065/AUTH_7e08652c4e3e41b29e5f05d128f57ab8/gnocchi.4fbf2f74-bbba-467f-be5c-ad570e37313f/none_v3" 201 - "PUT http://[::1]:8080/v1/AUTH_7e08652c4e3e41b29e5f05d128f57ab8/gnocchi.4fbf2f74-bbba-467f-be5c-ad570e37313f/none_v3" "txe481f8db3fec4a4184640-0068e85c1f" "proxy-server 86594" 0.0239 "-" 93871 0
Oct 09 21:06:39 np0005479242.novalocal object-server[93871]: ::1 - - [10/Oct/2025:01:06:39 +0000] "PUT /3/232065/AUTH_7e08652c4e3e41b29e5f05d128f57ab8/gnocchi.4fbf2f74-bbba-467f-be5c-ad570e37313f/none_v3" 201 - "PUT http://[::1]:8080/v1/AUTH_7e08652c4e3e41b29e5f05d128f57ab8/gnocchi.4fbf2f74-bbba-467f-be5c-ad570e37313f/none_v3" "txe481f8db3fec4a4184640-0068e85c1f" "proxy-server 86594" 0.0286 "-" 93871 0
