Oct 09 21:06:44 np0005479242.novalocal object-server[93871]: ::1 - - [10/Oct/2025:01:06:44 +0000] "PUT /1/14694/AUTH_7e08652c4e3e41b29e5f05d128f57ab8/gnocchi.86813290-6b60-4ec1-9c22-c80dd7e6bd46/none_v3" 201 - "PUT http://[::1]:8080/v1/AUTH_7e08652c4e3e41b29e5f05d128f57ab8/gnocchi.86813290-6b60-4ec1-9c22-c80dd7e6bd46/none_v3" "tx30b31bb3883d49e3bc6f1-0068e85c24" "proxy-server 86594" 0.0194 "-" 93871 0
Oct 09 21:06:44 np0005479242.novalocal container-server[93568]: ::1 - - [10/Oct/2025:01:06:44 +0000] "PUT /1/106013/AUTH_7e08652c4e3e41b29e5f05d128f57ab8/gnocchi.86813290-6b60-4ec1-9c22-c80dd7e6bd46/none_v3" 201 - "PUT http://[::1]:8080/2/14694/AUTH_7e08652c4e3e41b29e5f05d128f57ab8/gnocchi.86813290-6b60-4ec1-9c22-c80dd7e6bd46/none_v3" "tx30b31bb3883d49e3bc6f1-0068e85c24" "object-server 93871" 0.0005 "-" 93568 0
Oct 09 21:06:44 np0005479242.novalocal object-server[93871]: ::1 - - [10/Oct/2025:01:06:44 +0000] "PUT /2/14694/AUTH_7e08652c4e3e41b29e5f05d128f57ab8/gnocchi.86813290-6b60-4ec1-9c22-c80dd7e6bd46/none_v3" 201 - "PUT http://[::1]:8080/v1/AUTH_7e08652c4e3e41b29e5f05d128f57ab8/gnocchi.86813290-6b60-4ec1-9c22-c80dd7e6bd46/none_v3" "tx30b31bb3883d49e3bc6f1-0068e85c24" "proxy-server 86594" 0.0199 "-" 93871 0
Oct 09 21:06:44 np0005479242.novalocal container-server[93568]: ::1 - - [10/Oct/2025:01:06:44 +0000] "PUT /3/106013/AUTH_7e08652c4e3e41b29e5f05d128f57ab8/gnocchi.86813290-6b60-4ec1-9c22-c80dd7e6bd46/none_v3" 201 - "PUT http://[::1]:8080/3/14694/AUTH_7e08652c4e3e41b29e5f05d128f57ab8/gnocchi.86813290-6b60-4ec1-9c22-c80dd7e6bd46/none_v3" "tx30b31bb3883d49e3bc6f1-0068e85c24" "object-server 93870" 0.0003 "-" 93568 0
Oct 09 21:06:44 np0005479242.novalocal object-server[93870]: ::1 - - [10/Oct/2025:01:06:44 +0000] "PUT /3/14694/AUTH_7e08652c4e3e41b29e5f05d128f57ab8/gnocchi.86813290-6b60-4ec1-9c22-c80dd7e6bd46/none_v3" 201 - "PUT http://[::1]:8080/v1/AUTH_7e08652c4e3e41b29e5f05d128f57ab8/gnocchi.86813290-6b60-4ec1-9c22-c80dd7e6bd46/none_v3" "tx30b31bb3883d49e3bc6f1-0068e85c24" "proxy-server 86594" 0.0195 "-" 93870 0
Oct 09 21:06:44 np0005479242.novalocal proxy-server[86594]: ::1 ::1 10/Oct/2025/01/06/44 PUT /v1/AUTH_7e08652c4e3e41b29e5f05d128f57ab8/gnocchi.86813290-6b60-4ec1-9c22-c80dd7e6bd46/none_v3 HTTP/1.0 201 - python-swiftclient-4.5.0 gAAAAABo6Fv-PTBu... 32 - - tx30b31bb3883d49e3bc6f1-0068e85c24 - 0.0338 - - 1760058404.354764223 1760058404.388527155 0
Oct 09 21:06:44 np0005479242.novalocal sudo[101152]: pam_unix(sudo:session): session closed for user root
Oct 09 21:06:44 np0005479242.novalocal systemd[1]: session-c140.scope: Deactivated successfully.
Oct 09 21:06:44 np0005479242.novalocal sudo[101159]: cinder : PWD=/ ; USER=root ; COMMAND=/usr/bin/cinder-rootwrap /etc/cinder/rootwrap.conf env LC_ALL=C lvdisplay --noheading -C -o Attr --readonly cinder-volumes/volume-2d195c9c-7194-4d94-ba95-c2134534f9a8
Oct 09 21:06:44 np0005479242.novalocal systemd[1]: Started Session c141 of User root.
Oct 09 21:06:44 np0005479242.novalocal sudo[101159]: pam_unix(sudo:session): session opened for user root(uid=0) by (uid=165)
Oct 09 21:06:45 np0005479242.novalocal sudo[101159]: pam_unix(sudo:session): session closed for user root
Oct 09 21:06:45 np0005479242.novalocal systemd[1]: session-c141.scope: Deactivated successfully.
Oct 09 21:06:45 np0005479242.novalocal sudo[101163]: cinder : PWD=/ ; USER=root ; COMMAND=/usr/bin/cinder-rootwrap /etc/cinder/rootwrap.conf lvremove --config 'activation { retry_deactivation = 1} ' -f cinder-volumes/volume-2d195c9c-7194-4d94-ba95-c2134534f9a8
Oct 09 21:06:45 np0005479242.novalocal systemd[1]: Started Session c142 of User root.
Oct 09 21:06:45 np0005479242.novalocal sudo[101163]: pam_unix(sudo:session): session opened for user root(uid=0) by (uid=165)
Oct 09 21:06:45 np0005479242.novalocal lvm[101170]: PV /dev/loop2 online, VG cinder-volumes is complete.
Oct 09 21:06:45 np0005479242.novalocal lvm[101170]: VG cinder-volumes finished
Oct 09 21:06:45 np0005479242.novalocal sudo[101163]: pam_unix(sudo:session): session closed for user root
Oct 09 21:06:45 np0005479242.novalocal systemd[1]: session-c142.scope: Deactivated successfully.
Oct 09 21:06:45 np0005479242.novalocal object-server[93871]: ::1 - - [10/Oct/2025:01:06:45 +0000] "GET /2/200944/AUTH_7e08652c4e3e41b29e5f05d128f57ab8/gnocchi.fbe961a7-b943-4b81-9a30-8d869f8bae5b/none_v3" 200 52 "GET http://[::1]:8080/v1/AUTH_7e08652c4e3e41b29e5f05d128f57ab8/gnocchi.fbe961a7-b943-4b81-9a30-8d869f8bae5b/none_v3" "tx4e94291f81f54e6dba870-0068e85c25" "proxy-server 86594" 0.0007 "-" 93871 0
Oct 09 21:06:45 np0005479242.novalocal proxy-server[86594]: ::1 ::1 10/Oct/2025/01/06/45 GET /v1/AUTH_7e08652c4e3e41b29e5f05d128f57ab8/gnocchi.fbe961a7-b943-4b81-9a30-8d869f8bae5b/none_v3 HTTP/1.0 200 - python-swiftclient-4.5.0 gAAAAABo6Fv-PTBu... - 52 - tx4e94291f81f54e6dba870-0068e85c25 - 0.0068 - - 1760058405.754043579 1760058405.760834455 0
Oct 09 21:06:45 np0005479242.novalocal sudo[101172]: cinder : PWD=/ ; USER=root ; COMMAND=/usr/bin/cinder-rootwrap /etc/cinder/rootwrap.conf env LC_ALL=C vgs --noheadings --unit=g -o name,size,free,lv_count,uuid --separator : --nosuffix cinder-volumes
Oct 09 21:06:45 np0005479242.novalocal container-server[93569]: ::1 - - [10/Oct/2025:01:06:45 +0000] "GET /2/197705/AUTH_7e08652c4e3e41b29e5f05d128f57ab8/gnocchi.fbe961a7-b943-4b81-9a30-8d869f8bae5b" 200 357 "GET http://[::1]:8080/v1/AUTH_7e08652c4e3e41b29e5f05d128f57ab8/gnocchi.fbe961a7-b943-4b81-9a30-8d869f8bae5b?format=json&states=listing" "tx0655f52f741a49bcb55e3-0068e85c25" "proxy-server 86594" 0.0097 "-" 93569 0
Oct 09 21:06:45 np0005479242.novalocal proxy-server[86594]: ::1 ::1 10/Oct/2025/01/06/45 GET /v1/AUTH_7e08652c4e3e41b29e5f05d128f57ab8/gnocchi.fbe961a7-b943-4b81-9a30-8d869f8bae5b%3Fformat%3Djson%26states%3Dlisting HTTP/1.0 200 - python-swiftclient-4.5.0 gAAAAABo6Fv-PTBu... - 357 - tx0655f52f741a49bcb55e3-0068e85c25 - 0.0176 - - 1760058405.769783020 1760058405.787408590 0
Oct 09 21:06:45 np0005479242.novalocal systemd[1]: Started Session c143 of User root.
Oct 09 21:06:45 np0005479242.novalocal sudo[101172]: pam_unix(sudo:session): session opened for user root(uid=0) by (uid=165)
Oct 09 21:06:45 np0005479242.novalocal container-server[93568]: ::1 - - [10/Oct/2025:01:06:45 +0000] "GET /3/197705/AUTH_7e08652c4e3e41b29e5f05d128f57ab8/gnocchi.fbe961a7-b943-4b81-9a30-8d869f8bae5b" 200 2 "GET http://[::1]:8080/v1/AUTH_7e08652c4e3e41b29e5f05d128f57ab8/gnocchi.fbe961a7-b943-4b81-9a30-8d869f8bae5b?format=json&marker=none_v3&states=listing" "txe00a0adeee294593b4ca0-0068e85c25" "proxy-server 86594" 0.0089 "-" 93568 0
Oct 09 21:06:45 np0005479242.novalocal proxy-server[86594]: ::1 ::1 10/Oct/2025/01/06/45 GET /v1/AUTH_7e08652c4e3e41b29e5f05d128f57ab8/gnocchi.fbe961a7-b943-4b81-9a30-8d869f8bae5b%3Fformat%3Djson%26marker%3Dnone_v3%26states%3Dlisting HTTP/1.0 200 - python-swiftclient-4.5.0 gAAAAABo6Fv-PTBu... - 2 - txe00a0adeee294593b4ca0-0068e85c25 - 0.0155 - - 1760058405.791691065 1760058405.807187319 0
Oct 09 21:06:45 np0005479242.novalocal object-server[93871]: ::1 - - [10/Oct/2025:01:06:45 +0000] "GET /3/224911/AUTH_7e08652c4e3e41b29e5f05d128f57ab8/gnocchi.fbe961a7-b943-4b81-9a30-8d869f8bae5b/1759320000.0_mean_300.0_v3" 200 16 "GET http://[::1]:8080/v1/AUTH_7e08652c4e3e41b29e5f05d128f57ab8/gnocchi.fbe961a7-b943-4b81-9a30-8d869f8bae5b/1759320000.0_mean_300.0_v3" "tx6c7d338cb9a340799aecc-0068e85c25" "proxy-server 86594" 0.0008 "-" 93871 0
Oct 09 21:06:45 np0005479242.novalocal proxy-server[86594]: ::1 ::1 10/Oct/2025/01/06/45 GET /v1/AUTH_7e08652c4e3e41b29e5f05d128f57ab8/gnocchi.fbe961a7-b943-4b81-9a30-8d869f8bae5b/1759320000.0_mean_300.0_v3 HTTP/1.0 200 - python-swiftclient-4.5.0 gAAAAABo6Fv-PTBu... - 16 - tx6c7d338cb9a340799aecc-0068e85c25 - 0.0064 - - 1760058405.810171366 1760058405.816591501 0
Oct 09 21:06:45 np0005479242.novalocal container-server[93569]: ::1 - - [10/Oct/2025:01:06:45 +0000] "PUT /2/197705/AUTH_7e08652c4e3e41b29e5f05d128f57ab8/gnocchi.fbe961a7-b943-4b81-9a30-8d869f8bae5b/1759320000.0_mean_300.0_v3" 201 - "PUT http://[::1]:8080/3/224911/AUTH_7e08652c4e3e41b29e5f05d128f57ab8/gnocchi.fbe961a7-b943-4b81-9a30-8d869f8bae5b/1759320000.0_mean_300.0_v3" "tx0722560af9f148a584dfe-0068e85c25" "object-server 93871" 0.0009 "-" 93569 0
Oct 09 21:06:45 np0005479242.novalocal container-server[93568]: ::1 - - [10/Oct/2025:01:06:45 +0000] "PUT /3/197705/AUTH_7e08652c4e3e41b29e5f05d128f57ab8/gnocchi.fbe961a7-b943-4b81-9a30-8d869f8bae5b/1759320000.0_mean_300.0_v3" 201 - "PUT http://[::1]:8080/2/224911/AUTH_7e08652c4e3e41b29e5f05d128f57ab8/gnocchi.fbe961a7-b943-4b81-9a30-8d869f8bae5b/1759320000.0_mean_300.0_v3" "tx0722560af9f148a584dfe-0068e85c25" "object-server 93871" 0.0006 "-" 93568 0
Oct 09 21:06:45 np0005479242.novalocal object-server[93871]: ::1 - - [10/Oct/2025:01:06:45 +0000] "PUT /3/224911/AUTH_7e08652c4e3e41b29e5f05d128f57ab8/gnocchi.fbe961a7-b943-4b81-9a30-8d869f8bae5b/1759320000.0_mean_300.0_v3" 201 - "PUT http://[::1]:8080/v1/AUTH_7e08652c4e3e41b29e5f05d128f57ab8/gnocchi.fbe961a7-b943-4b81-9a30-8d869f8bae5b/1759320000.0_mean_300.0_v3" "tx0722560af9f148a584dfe-0068e85c25" "proxy-server 86594" 0.0142 "-" 93871 0
Oct 09 21:06:45 np0005479242.novalocal object-server[93871]: ::1 - - [10/Oct/2025:01:06:45 +0000] "PUT /2/224911/AUTH_7e08652c4e3e41b29e5f05d128f57ab8/gnocchi.fbe961a7-b943-4b81-9a30-8d869f8bae5b/1759320000.0_mean_300.0_v3" 201 - "PUT http://[::1]:8080/v1/AUTH_7e08652c4e3e41b29e5f05d128f57ab8/gnocchi.fbe961a7-b943-4b81-9a30-8d869f8bae5b/1759320000.0_mean_300.0_v3" "tx0722560af9f148a584dfe-0068e85c25" "proxy-server 86594" 0.0143 "-" 93871 0
Oct 09 21:06:45 np0005479242.novalocal container-server[93569]: ::1 - - [10/Oct/2025:01:06:45 +0000] "PUT /1/197705/AUTH_7e08652c4e3e41b29e5f05d128f57ab8/gnocchi.fbe961a7-b943-4b81-9a30-8d869f8bae5b/1759320000.0_mean_300.0_v3" 201 - "PUT http://[::1]:8080/1/224911/AUTH_7e08652c4e3e41b29e5f05d128f57ab8/gnocchi.fbe961a7-b943-4b81-9a30-8d869f8bae5b/1759320000.0_mean_300.0_v3" "tx0722560af9f148a584dfe-0068e85c25" "object-server 93871" 0.0005 "-" 93569 0
Oct 09 21:06:45 np0005479242.novalocal object-server[93871]: ::1 - - [10/Oct/2025:01:06:45 +0000] "PUT /1/224911/AUTH_7e08652c4e3e41b29e5f05d128f57ab8/gnocchi.fbe961a7-b943-4b81-9a30-8d869f8bae5b/1759320000.0_mean_300.0_v3" 201 - "PUT http://[::1]:8080/v1/AUTH_7e08652c4e3e41b29e5f05d128f57ab8/gnocchi.fbe961a7-b943-4b81-9a30-8d869f8bae5b/1759320000.0_mean_300.0_v3" "tx0722560af9f148a584dfe-0068e85c25" "proxy-server 86594" 0.0147 "-" 93871 0
Oct 09 21:06:45 np0005479242.novalocal proxy-server[86594]: ::1 ::1 10/Oct/2025/01/06/45 PUT /v1/AUTH_7e08652c4e3e41b29e5f05d128f57ab8/gnocchi.fbe961a7-b943-4b81-9a30-8d869f8bae5b/1759320000.0_mean_300.0_v3 HTTP/1.0 201 - python-swiftclient-4.5.0 gAAAAABo6Fv-PTBu... 16 - - tx0722560af9f148a584dfe-0068e85c25 - 0.0239 - - 1760058405.819082022 1760058405.842967987 0
Oct 09 21:06:45 np0005479242.novalocal container-server[93568]: ::1 - - [10/Oct/2025:01:06:45 +0000] "PUT /2/197705/AUTH_7e08652c4e3e41b29e5f05d128f57ab8/gnocchi.fbe961a7-b943-4b81-9a30-8d869f8bae5b/none_v3" 201 - "PUT http://[::1]:8080/1/200944/AUTH_7e08652c4e3e41b29e5f05d128f57ab8/gnocchi.fbe961a7-b943-4b81-9a30-8d869f8bae5b/none_v3" "txf9395fa3245f4f81a340f-0068e85c25" "object-server 93870" 0.0005 "-" 93568 0
Oct 09 21:06:45 np0005479242.novalocal object-server[93870]: ::1 - - [10/Oct/2025:01:06:45 +0000] "PUT /1/200944/AUTH_7e08652c4e3e41b29e5f05d128f57ab8/gnocchi.fbe961a7-b943-4b81-9a30-8d869f8bae5b/none_v3" 201 - "PUT http://[::1]:8080/v1/AUTH_7e08652c4e3e41b29e5f05d128f57ab8/gnocchi.fbe961a7-b943-4b81-9a30-8d869f8bae5b/none_v3" "txf9395fa3245f4f81a340f-0068e85c25" "proxy-server 86594" 0.0104 "-" 93870 0
Oct 09 21:06:45 np0005479242.novalocal container-server[93569]: ::1 - - [10/Oct/2025:01:06:45 +0000] "PUT /1/197705/AUTH_7e08652c4e3e41b29e5f05d128f57ab8/gnocchi.fbe961a7-b943-4b81-9a30-8d869f8bae5b/none_v3" 201 - "PUT http://[::1]:8080/3/200944/AUTH_7e08652c4e3e41b29e5f05d128f57ab8/gnocchi.fbe961a7-b943-4b81-9a30-8d869f8bae5b/none_v3" "txf9395fa3245f4f81a340f-0068e85c25" "object-server 93870" 0.0019 "-" 93569 0
Oct 09 21:06:45 np0005479242.novalocal object-server[93870]: ::1 - - [10/Oct/2025:01:06:45 +0000] "PUT /3/200944/AUTH_7e08652c4e3e41b29e5f05d128f57ab8/gnocchi.fbe961a7-b943-4b81-9a30-8d869f8bae5b/none_v3" 201 - "PUT http://[::1]:8080/v1/AUTH_7e08652c4e3e41b29e5f05d128f57ab8/gnocchi.fbe961a7-b943-4b81-9a30-8d869f8bae5b/none_v3" "txf9395fa3245f4f81a340f-0068e85c25" "proxy-server 86594" 0.0109 "-" 93870 0
Oct 09 21:06:45 np0005479242.novalocal container-server[93569]: ::1 - - [10/Oct/2025:01:06:45 +0000] "PUT /3/197705/AUTH_7e08652c4e3e41b29e5f05d128f57ab8/gnocchi.fbe961a7-b943-4b81-9a30-8d869f8bae5b/none_v3" 201 - "PUT http://[::1]:8080/2/200944/AUTH_7e08652c4e3e41b29e5f05d128f57ab8/gnocchi.fbe961a7-b943-4b81-9a30-8d869f8bae5b/none_v3" "txf9395fa3245f4f81a340f-0068e85c25" "object-server 93870" 0.0006 "-" 93569 0
Oct 09 21:06:45 np0005479242.novalocal object-server[93870]: ::1 - - [10/Oct/2025:01:06:45 +0000] "PUT /2/200944/AUTH_7e08652c4e3e41b29e5f05d128f57ab8/gnocchi.fbe961a7-b943-4b81-9a30-8d869f8bae5b/none_v3" 201 - "PUT http://[::1]:8080/v1/AUTH_7e08652c4e3e41b29e5f05d128f57ab8/gnocchi.fbe961a7-b943-4b81-9a30-8d869f8bae5b/none_v3" "txf9395fa3245f4f81a340f-0068e85c25" "proxy-server 86594" 0.0141 "-" 93870 0
Oct 09 21:06:45 np0005479242.novalocal proxy-server[86594]: ::1 ::1 10/Oct/2025/01/06/45 PUT /v1/AUTH_7e08652c4e3e41b29e5f05d128f57ab8/gnocchi.fbe961a7-b943-4b81-9a30-8d869f8bae5b/none_v3 HTTP/1.0 201 - python-swiftclient-4.5.0 gAAAAABo6Fv-PTBu... 60 - - txf9395fa3245f4f81a340f-0068e85c25 - 0.0214 - - 1760058405.845809937 1760058405.867209911 0
Oct 09 21:06:46 np0005479242.novalocal sudo[101172]: pam_unix(sudo:session): session closed for user root
Oct 09 21:06:46 np0005479242.novalocal systemd[1]: session-c143.scope: Deactivated successfully.
Oct 09 21:06:46 np0005479242.novalocal sudo[101176]: cinder : PWD=/ ; USER=root ; COMMAND=/usr/bin/cinder-rootwrap /etc/cinder/rootwrap.conf env LC_ALL=C lvs --noheadings --unit=g -o vg_name,name,size --nosuffix --readonly cinder-volumes
Oct 09 21:06:46 np0005479242.novalocal systemd[1]: Started Session c144 of User root.
Oct 09 21:06:46 np0005479242.novalocal sudo[101176]: pam_unix(sudo:session): session opened for user root(uid=0) by (uid=165)
Oct 09 21:06:46 np0005479242.novalocal sudo[101176]: pam_unix(sudo:session): session closed for user root
Oct 09 21:06:46 np0005479242.novalocal systemd[1]: session-c144.scope: Deactivated successfully.
Oct 09 21:06:46 np0005479242.novalocal sudo[101180]: cinder : PWD=/ ; USER=root ; COMMAND=/usr/bin/cinder-rootwrap /etc/cinder/rootwrap.conf env LC_ALL=C lvs --noheadings --unit=g -o size,data_percent --separator : --nosuffix /dev/cinder-volumes/cinder-volumes-pool
Oct 09 21:06:46 np0005479242.novalocal systemd[1]: Started Session c145 of User root.
Oct 09 21:06:46 np0005479242.novalocal sudo[101180]: pam_unix(sudo:session): session opened for user root(uid=0) by (uid=165)
Oct 09 21:06:46 np0005479242.novalocal sudo[101180]: pam_unix(sudo:session): session closed for user root
Oct 09 21:06:46 np0005479242.novalocal systemd[1]: session-c145.scope: Deactivated successfully.
Oct 09 21:06:46 np0005479242.novalocal sudo[101184]: cinder : PWD=/ ; USER=root ; COMMAND=/usr/bin/cinder-rootwrap /etc/cinder/rootwrap.conf env LC_ALL=C lvs --noheadings --unit=g -o vg_name,name,size --nosuffix --readonly cinder-volumes
Oct 09 21:06:46 np0005479242.novalocal systemd[1]: Started Session c146 of User root.
Oct 09 21:06:47 np0005479242.novalocal sudo[101184]: pam_unix(sudo:session): session opened for user root(uid=0) by (uid=165)
Oct 09 21:06:47 np0005479242.novalocal sudo[101184]: pam_unix(sudo:session): session closed for user root
Oct 09 21:06:47 np0005479242.novalocal systemd[1]: session-c146.scope: Deactivated successfully.
Oct 09 21:06:47 np0005479242.novalocal object-server[93871]: ::1 - - [10/Oct/2025:01:06:47 +0000] "GET /3/5339/AUTH_7e08652c4e3e41b29e5f05d128f57ab8/gnocchi.bc4b2e61-b4f9-4d76-bc17-2b2585ec513e/none_v3" 200 22 "GET http://[::1]:8080/v1/AUTH_7e08652c4e3e41b29e5f05d128f57ab8/gnocchi.bc4b2e61-b4f9-4d76-bc17-2b2585ec513e/none_v3" "tx41e0c4a9e0a04f59bdc85-0068e85c27" "proxy-server 86594" 0.0012 "-" 93871 0
Oct 09 21:06:47 np0005479242.novalocal proxy-server[86594]: ::1 ::1 10/Oct/2025/01/06/47 GET /v1/AUTH_7e08652c4e3e41b29e5f05d128f57ab8/gnocchi.bc4b2e61-b4f9-4d76-bc17-2b2585ec513e/none_v3 HTTP/1.0 200 - python-swiftclient-4.5.0 gAAAAABo6Fv-PTBu... - 22 - tx41e0c4a9e0a04f59bdc85-0068e85c27 - 0.0148 - - 1760058407.422022820 1760058407.436778545 0
Oct 09 21:06:47 np0005479242.novalocal object-server[93870]: ::1 - - [10/Oct/2025:01:06:47 +0000] "GET /2/160317/AUTH_7e08652c4e3e41b29e5f05d128f57ab8/gnocchi.4a4a0668-23d4-48e4-b96e-799af3217b05/none_v3" 200 22 "GET http://[::1]:8080/v1/AUTH_7e08652c4e3e41b29e5f05d128f57ab8/gnocchi.4a4a0668-23d4-48e4-b96e-799af3217b05/none_v3" "tx2e2dc032f86b4b9087d31-0068e85c27" "proxy-server 86594" 0.0016 "-" 93870 0
Oct 09 21:06:47 np0005479242.novalocal proxy-server[86594]: ::1 ::1 10/Oct/2025/01/06/47 GET /v1/AUTH_7e08652c4e3e41b29e5f05d128f57ab8/gnocchi.4a4a0668-23d4-48e4-b96e-799af3217b05/none_v3 HTTP/1.0 200 - python-swiftclient-4.5.0 gAAAAABo6Fv-oWcl... - 22 - tx2e2dc032f86b4b9087d31-0068e85c27 - 0.0155 - - 1760058407.424851894 1760058407.440374613 0
Oct 09 21:06:47 np0005479242.novalocal container-server[93568]: ::1 - - [10/Oct/2025:01:06:47 +0000] "GET /3/49595/AUTH_7e08652c4e3e41b29e5f05d128f57ab8/gnocchi.bc4b2e61-b4f9-4d76-bc17-2b2585ec513e" 200 357 "GET http://[::1]:8080/v1/AUTH_7e08652c4e3e41b29e5f05d128f57ab8/gnocchi.bc4b2e61-b4f9-4d76-bc17-2b2585ec513e?format=json&states=listing" "txb5eb10457bdb4f50969aa-0068e85c27" "proxy-server 86594" 0.0144 "-" 93568 0
Oct 09 21:06:47 np0005479242.novalocal container-server[93568]: ::1 - - [10/Oct/2025:01:06:47 +0000] "GET /1/4383/AUTH_7e08652c4e3e41b29e5f05d128f57ab8/gnocchi.4a4a0668-23d4-48e4-b96e-799af3217b05" 200 357 "GET http://[::1]:8080/v1/AUTH_7e08652c4e3e41b29e5f05d128f57ab8/gnocchi.4a4a0668-23d4-48e4-b96e-799af3217b05?format=json&states=listing" "tx7ec83dcbee5a46b5a4c95-0068e85c27" "proxy-server 86594" 0.0125 "-" 93568 0
Oct 09 21:06:47 np0005479242.novalocal proxy-server[86594]: ::1 ::1 10/Oct/2025/01/06/47 GET /v1/AUTH_7e08652c4e3e41b29e5f05d128f57ab8/gnocchi.bc4b2e61-b4f9-4d76-bc17-2b2585ec513e%3Fformat%3Djson%26states%3Dlisting HTTP/1.0 200 - python-swiftclient-4.5.0 gAAAAABo6Fv-PTBu... - 357 - txb5eb10457bdb4f50969aa-0068e85c27 - 0.0264 - - 1760058407.442157507 1760058407.468601704 0
Oct 09 21:06:47 np0005479242.novalocal proxy-server[86594]: ::1 ::1 10/Oct/2025/01/06/47 GET /v1/AUTH_7e08652c4e3e41b29e5f05d128f57ab8/gnocchi.4a4a0668-23d4-48e4-b96e-799af3217b05%3Fformat%3Djson%26states%3Dlisting HTTP/1.0 200 - python-swiftclient-4.5.0 gAAAAABo6Fv-oWcl... - 357 - tx7ec83dcbee5a46b5a4c95-0068e85c27 - 0.0273 - - 1760058407.444949389 1760058407.472255468 0
Oct 09 21:06:47 np0005479242.novalocal container-server[93569]: ::1 - - [10/Oct/2025:01:06:47 +0000] "GET /3/49595/AUTH_7e08652c4e3e41b29e5f05d128f57ab8/gnocchi.bc4b2e61-b4f9-4d76-bc17-2b2585ec513e" 200 2 "GET http://[::1]:8080/v1/AUTH_7e08652c4e3e41b29e5f05d128f57ab8/gnocchi.bc4b2e61-b4f9-4d76-bc17-2b2585ec513e?format=json&marker=none_v3&states=listing" "tx5fe6f2b254c242f8b0dbf-0068e85c27" "proxy-server 86594" 0.0022 "-" 93569 0
Oct 09 21:06:47 np0005479242.novalocal proxy-server[86594]: ::1 ::1 10/Oct/2025/01/06/47 GET /v1/AUTH_7e08652c4e3e41b29e5f05d128f57ab8/gnocchi.bc4b2e61-b4f9-4d76-bc17-2b2585ec513e%3Fformat%3Djson%26marker%3Dnone_v3%26states%3Dlisting HTTP/1.0 200 - python-swiftclient-4.5.0 gAAAAABo6Fv-PTBu... - 2 - tx5fe6f2b254c242f8b0dbf-0068e85c27 - 0.0127 - - 1760058407.474123478 1760058407.486861706 0
Oct 09 21:06:47 np0005479242.novalocal container-server[93568]: ::1 - - [10/Oct/2025:01:06:47 +0000] "GET /1/4383/AUTH_7e08652c4e3e41b29e5f05d128f57ab8/gnocchi.4a4a0668-23d4-48e4-b96e-799af3217b05" 200 2 "GET http://[::1]:8080/v1/AUTH_7e08652c4e3e41b29e5f05d128f57ab8/gnocchi.4a4a0668-23d4-48e4-b96e-799af3217b05?format=json&marker=none_v3&states=listing" "tx3ab175d283484fac80fb1-0068e85c27" "proxy-server 86594" 0.0036 "-" 93568 0
Oct 09 21:06:47 np0005479242.novalocal proxy-server[86594]: ::1 ::1 10/Oct/2025/01/06/47 GET /v1/AUTH_7e08652c4e3e41b29e5f05d128f57ab8/gnocchi.4a4a0668-23d4-48e4-b96e-799af3217b05%3Fformat%3Djson%26marker%3Dnone_v3%26states%3Dlisting HTTP/1.0 200 - python-swiftclient-4.5.0 gAAAAABo6Fv-oWcl... - 2 - tx3ab175d283484fac80fb1-0068e85c27 - 0.0160 - - 1760058407.476060152 1760058407.492057085 0
Oct 09 21:06:47 np0005479242.novalocal object-server[93871]: ::1 - - [10/Oct/2025:01:06:47 +0000] "GET /1/4526/AUTH_7e08652c4e3e41b29e5f05d128f57ab8/gnocchi.bc4b2e61-b4f9-4d76-bc17-2b2585ec513e/1759320000.0_mean_300.0_v3" 200 16 "GET http://[::1]:8080/v1/AUTH_7e08652c4e3e41b29e5f05d128f57ab8/gnocchi.bc4b2e61-b4f9-4d76-bc17-2b2585ec513e/1759320000.0_mean_300.0_v3" "tx3ba8bfdffd9a47e09ce19-0068e85c27" "proxy-server 86594" 0.0011 "-" 93871 0
Oct 09 21:06:47 np0005479242.novalocal proxy-server[86594]: ::1 ::1 10/Oct/2025/01/06/47 GET /v1/AUTH_7e08652c4e3e41b29e5f05d128f57ab8/gnocchi.bc4b2e61-b4f9-4d76-bc17-2b2585ec513e/1759320000.0_mean_300.0_v3 HTTP/1.0 200 - python-swiftclient-4.5.0 gAAAAABo6Fv-PTBu... - 16 - tx3ba8bfdffd9a47e09ce19-0068e85c27 - 0.0111 - - 1760058407.493470907 1760058407.504575729 0
Oct 09 21:06:47 np0005479242.novalocal object-server[93870]: ::1 - - [10/Oct/2025:01:06:47 +0000] "GET /2/30898/AUTH_7e08652c4e3e41b29e5f05d128f57ab8/gnocchi.4a4a0668-23d4-48e4-b96e-799af3217b05/1759320000.0_mean_300.0_v3" 200 16 "GET http://[::1]:8080/v1/AUTH_7e08652c4e3e41b29e5f05d128f57ab8/gnocchi.4a4a0668-23d4-48e4-b96e-799af3217b05/1759320000.0_mean_300.0_v3" "tx2558378cd8ca4fa685bbc-0068e85c27" "proxy-server 86594" 0.0012 "-" 93870 0
Oct 09 21:06:47 np0005479242.novalocal proxy-server[86594]: ::1 ::1 10/Oct/2025/01/06/47 GET /v1/AUTH_7e08652c4e3e41b29e5f05d128f57ab8/gnocchi.4a4a0668-23d4-48e4-b96e-799af3217b05/1759320000.0_mean_300.0_v3 HTTP/1.0 200 - python-swiftclient-4.5.0 gAAAAABo6Fv-oWcl... - 16 - tx2558378cd8ca4fa685bbc-0068e85c27 - 0.0104 - - 1760058407.498741865 1760058407.509117126 0
Oct 09 21:06:47 np0005479242.novalocal container-server[93568]: ::1 - - [10/Oct/2025:01:06:47 +0000] "PUT /1/49595/AUTH_7e08652c4e3e41b29e5f05d128f57ab8/gnocchi.bc4b2e61-b4f9-4d76-bc17-2b2585ec513e/1759320000.0_mean_300.0_v3" 201 - "PUT http://[::1]:8080/2/4526/AUTH_7e08652c4e3e41b29e5f05d128f57ab8/gnocchi.bc4b2e61-b4f9-4d76-bc17-2b2585ec513e/1759320000.0_mean_300.0_v3" "tx0fd5f7c510b64c8f80005-0068e85c27" "object-server 93871" 0.0008 "-" 93568 0
Oct 09 21:06:47 np0005479242.novalocal object-server[93871]: ::1 - - [10/Oct/2025:01:06:47 +0000] "PUT /2/4526/AUTH_7e08652c4e3e41b29e5f05d128f57ab8/gnocchi.bc4b2e61-b4f9-4d76-bc17-2b2585ec513e/1759320000.0_mean_300.0_v3" 201 - "PUT http://[::1]:8080/v1/AUTH_7e08652c4e3e41b29e5f05d128f57ab8/gnocchi.bc4b2e61-b4f9-4d76-bc17-2b2585ec513e/1759320000.0_mean_300.0_v3" "tx0fd5f7c510b64c8f80005-0068e85c27" "proxy-server 86594" 0.0180 "-" 93871 0
Oct 09 21:06:47 np0005479242.novalocal container-server[93569]: ::1 - - [10/Oct/2025:01:06:47 +0000] "PUT /2/49595/AUTH_7e08652c4e3e41b29e5f05d128f57ab8/gnocchi.bc4b2e61-b4f9-4d76-bc17-2b2585ec513e/1759320000.0_mean_300.0_v3" 201 - "PUT http://[::1]:8080/3/4526/AUTH_7e08652c4e3e41b29e5f05d128f57ab8/gnocchi.bc4b2e61-b4f9-4d76-bc17-2b2585ec513e/1759320000.0_mean_300.0_v3" "tx0fd5f7c510b64c8f80005-0068e85c27" "object-server 93870" 0.0005 "-" 93569 0
Oct 09 21:06:47 np0005479242.novalocal container-server[93569]: ::1 - - [10/Oct/2025:01:06:47 +0000] "PUT /3/49595/AUTH_7e08652c4e3e41b29e5f05d128f57ab8/gnocchi.bc4b2e61-b4f9-4d76-bc17-2b2585ec513e/1759320000.0_mean_300.0_v3" 201 - "PUT http://[::1]:8080/1/4526/AUTH_7e08652c4e3e41b29e5f05d128f57ab8/gnocchi.bc4b2e61-b4f9-4d76-bc17-2b2585ec513e/1759320000.0_mean_300.0_v3" "tx0fd5f7c510b64c8f80005-0068e85c27" "object-server 93870" 0.0003 "-" 93569 0
Oct 09 21:06:47 np0005479242.novalocal object-server[93870]: ::1 - - [10/Oct/2025:01:06:47 +0000] "PUT /3/4526/AUTH_7e08652c4e3e41b29e5f05d128f57ab8/gnocchi.bc4b2e61-b4f9-4d76-bc17-2b2585ec513e/1759320000.0_mean_300.0_v3" 201 - "PUT http://[::1]:8080/v1/AUTH_7e08652c4e3e41b29e5f05d128f57ab8/gnocchi.bc4b2e61-b4f9-4d76-bc17-2b2585ec513e/1759320000.0_mean_300.0_v3" "tx0fd5f7c510b64c8f80005-0068e85c27" "proxy-server 86594" 0.0199 "-" 93870 0
Oct 09 21:06:47 np0005479242.novalocal object-server[93870]: ::1 - - [10/Oct/2025:01:06:47 +0000] "PUT /1/4526/AUTH_7e08652c4e3e41b29e5f05d128f57ab8/gnocchi.bc4b2e61-b4f9-4d76-bc17-2b2585ec513e/1759320000.0_mean_300.0_v3" 201 - "PUT http://[::1]:8080/v1/AUTH_7e08652c4e3e41b29e5f05d128f57ab8/gnocchi.bc4b2e61-b4f9-4d76-bc17-2b2585ec513e/1759320000.0_mean_300.0_v3" "tx0fd5f7c510b64c8f80005-0068e85c27" "proxy-server 86594" 0.0193 "-" 93870 0
Oct 09 21:06:47 np0005479242.novalocal container-server[93569]: ::1 - - [10/Oct/2025:01:06:47 +0000] "PUT /1/4383/AUTH_7e08652c4e3e41b29e5f05d128f57ab8/gnocchi.4a4a0668-23d4-48e4-b96e-799af3217b05/1759320000.0_mean_300.0_v3" 201 - "PUT http://[::1]:8080/1/30898/AUTH_7e08652c4e3e41b29e5f05d128f57ab8/gnocchi.4a4a0668-23d4-48e4-b96e-799af3217b05/1759320000.0_mean_300.0_v3" "tx403ccd4d67d44d65ac131-0068e85c27" "object-server 93871" 0.0003 "-" 93569 0
Oct 09 21:06:47 np0005479242.novalocal proxy-server[86594]: ::1 ::1 10/Oct/2025/01/06/47 PUT /v1/AUTH_7e08652c4e3e41b29e5f05d128f57ab8/gnocchi.bc4b2e61-b4f9-4d76-bc17-2b2585ec513e/1759320000.0_mean_300.0_v3 HTTP/1.0 201 - python-swiftclient-4.5.0 gAAAAABo6Fv-PTBu... 16 - - tx0fd5f7c510b64c8f80005-0068e85c27 - 0.0324 - - 1760058407.510522127 1760058407.542946100 0
Oct 09 21:06:47 np0005479242.novalocal container-server[93569]: ::1 - - [10/Oct/2025:01:06:47 +0000] "PUT /2/4383/AUTH_7e08652c4e3e41b29e5f05d128f57ab8/gnocchi.4a4a0668-23d4-48e4-b96e-799af3217b05/1759320000.0_mean_300.0_v3" 201 - "PUT http://[::1]:8080/2/30898/AUTH_7e08652c4e3e41b29e5f05d128f57ab8/gnocchi.4a4a0668-23d4-48e4-b96e-799af3217b05/1759320000.0_mean_300.0_v3" "tx403ccd4d67d44d65ac131-0068e85c27" "object-server 93871" 0.0003 "-" 93569 0
Oct 09 21:06:47 np0005479242.novalocal object-server[93871]: ::1 - - [10/Oct/2025:01:06:47 +0000] "PUT /1/30898/AUTH_7e08652c4e3e41b29e5f05d128f57ab8/gnocchi.4a4a0668-23d4-48e4-b96e-799af3217b05/1759320000.0_mean_300.0_v3" 201 - "PUT http://[::1]:8080/v1/AUTH_7e08652c4e3e41b29e5f05d128f57ab8/gnocchi.4a4a0668-23d4-48e4-b96e-799af3217b05/1759320000.0_mean_300.0_v3" "tx403ccd4d67d44d65ac131-0068e85c27" "proxy-server 86594" 0.0147 "-" 93871 0
Oct 09 21:06:47 np0005479242.novalocal object-server[93871]: ::1 - - [10/Oct/2025:01:06:47 +0000] "PUT /2/30898/AUTH_7e08652c4e3e41b29e5f05d128f57ab8/gnocchi.4a4a0668-23d4-48e4-b96e-799af3217b05/1759320000.0_mean_300.0_v3" 201 - "PUT http://[::1]:8080/v1/AUTH_7e08652c4e3e41b29e5f05d128f57ab8/gnocchi.4a4a0668-23d4-48e4-b96e-799af3217b05/1759320000.0_mean_300.0_v3" "tx403ccd4d67d44d65ac131-0068e85c27" "proxy-server 86594" 0.0195 "-" 93871 0
Oct 09 21:06:47 np0005479242.novalocal container-server[93568]: ::1 - - [10/Oct/2025:01:06:47 +0000] "PUT /3/4383/AUTH_7e08652c4e3e41b29e5f05d128f57ab8/gnocchi.4a4a0668-23d4-48e4-b96e-799af3217b05/1759320000.0_mean_300.0_v3" 201 - "PUT http://[::1]:8080/3/30898/AUTH_7e08652c4e3e41b29e5f05d128f57ab8/gnocchi.4a4a0668-23d4-48e4-b96e-799af3217b05/1759320000.0_mean_300.0_v3" "tx403ccd4d67d44d65ac131-0068e85c27" "object-server 93870" 0.0009 "-" 93568 0
Oct 09 21:06:47 np0005479242.novalocal object-server[93870]: ::1 - - [10/Oct/2025:01:06:47 +0000] "PUT /3/30898/AUTH_7e08652c4e3e41b29e5f05d128f57ab8/gnocchi.4a4a0668-23d4-48e4-b96e-799af3217b05/1759320000.0_mean_300.0_v3" 201 - "PUT http://[::1]:8080/v1/AUTH_7e08652c4e3e41b29e5f05d128f57ab8/gnocchi.4a4a0668-23d4-48e4-b96e-799af3217b05/1759320000.0_mean_300.0_v3" "tx403ccd4d67d44d65ac131-0068e85c27" "proxy-server 86594" 0.0212 "-" 93870 0
Oct 09 21:06:47 np0005479242.novalocal proxy-server[86594]: ::1 ::1 10/Oct/2025/01/06/47 PUT /v1/AUTH_7e08652c4e3e41b29e5f05d128f57ab8/gnocchi.4a4a0668-23d4-48e4-b96e-799af3217b05/1759320000.0_mean_300.0_v3 HTTP/1.0 201 - python-swiftclient-4.5.0 gAAAAABo6Fv-oWcl... 16 - - tx403ccd4d67d44d65ac131-0068e85c27 - 0.0329 - - 1760058407.518993378 1760058407.551884174 0
Oct 09 21:06:47 np0005479242.novalocal container-server[93569]: ::1 - - [10/Oct/2025:01:06:47 +0000] "PUT /2/49595/AUTH_7e08652c4e3e41b29e5f05d128f57ab8/gnocchi.bc4b2e61-b4f9-4d76-bc17-2b2585ec513e/none_v3" 201 - "PUT http://[::1]:8080/1/5339/AUTH_7e08652c4e3e41b29e5f05d128f57ab8/gnocchi.bc4b2e61-b4f9-4d76-bc17-2b2585ec513e/none_v3" "tx7baa12b6413d421a87394-0068e85c27" "object-server 93871" 0.0004 "-" 93569 0
Oct 09 21:06:47 np0005479242.novalocal object-server[93871]: ::1 - - [10/Oct/2025:01:06:47 +0000] "PUT /1/5339/AUTH_7e08652c4e3e41b29e5f05d128f57ab8/gnocchi.bc4b2e61-b4f9-4d76-bc17-2b2585ec513e/none_v3" 201 - "PUT http://[::1]:8080/v1/AUTH_7e08652c4e3e41b29e5f05d128f57ab8/gnocchi.bc4b2e61-b4f9-4d76-bc17-2b2585ec513e/none_v3" "tx7baa12b6413d421a87394-0068e85c27" "proxy-server 86594" 0.0166 "-" 93871 0
Oct 09 21:06:47 np0005479242.novalocal container-server[93569]: ::1 - - [10/Oct/2025:01:06:47 +0000] "PUT /2/4383/AUTH_7e08652c4e3e41b29e5f05d128f57ab8/gnocchi.4a4a0668-23d4-48e4-b96e-799af3217b05/none_v3" 201 - "PUT http://[::1]:8080/2/160317/AUTH_7e08652c4e3e41b29e5f05d128f57ab8/gnocchi.4a4a0668-23d4-48e4-b96e-799af3217b05/none_v3" "txc90c37b9e1964317a4fbd-0068e85c27" "object-server 93871" 0.0004 "-" 93569 0
Oct 09 21:06:47 np0005479242.novalocal object-server[93871]: ::1 - - [10/Oct/2025:01:06:47 +0000] "PUT /2/160317/AUTH_7e08652c4e3e41b29e5f05d128f57ab8/gnocchi.4a4a0668-23d4-48e4-b96e-799af3217b05/none_v3" 201 - "PUT http://[::1]:8080/v1/AUTH_7e08652c4e3e41b29e5f05d128f57ab8/gnocchi.4a4a0668-23d4-48e4-b96e-799af3217b05/none_v3" "txc90c37b9e1964317a4fbd-0068e85c27" "proxy-server 86594" 0.0116 "-" 93871 0
Oct 09 21:06:47 np0005479242.novalocal container-server[93568]: ::1 - - [10/Oct/2025:01:06:47 +0000] "PUT /1/4383/AUTH_7e08652c4e3e41b29e5f05d128f57ab8/gnocchi.4a4a0668-23d4-48e4-b96e-799af3217b05/none_v3" 201 - "PUT http://[::1]:8080/3/160317/AUTH_7e08652c4e3e41b29e5f05d128f57ab8/gnocchi.4a4a0668-23d4-48e4-b96e-799af3217b05/none_v3" "txc90c37b9e1964317a4fbd-0068e85c27" "object-server 93870" 0.0008 "-" 93568 0
Oct 09 21:06:47 np0005479242.novalocal container-server[93568]: ::1 - - [10/Oct/2025:01:06:47 +0000] "PUT /1/49595/AUTH_7e08652c4e3e41b29e5f05d128f57ab8/gnocchi.bc4b2e61-b4f9-4d76-bc17-2b2585ec513e/none_v3" 201 - "PUT http://[::1]:8080/2/5339/AUTH_7e08652c4e3e41b29e5f05d128f57ab8/gnocchi.bc4b2e61-b4f9-4d76-bc17-2b2585ec513e/none_v3" "tx7baa12b6413d421a87394-0068e85c27" "object-server 93870" 0.0006 "-" 93568 0
Oct 09 21:06:47 np0005479242.novalocal object-server[93870]: ::1 - - [10/Oct/2025:01:06:47 +0000] "PUT /3/160317/AUTH_7e08652c4e3e41b29e5f05d128f57ab8/gnocchi.4a4a0668-23d4-48e4-b96e-799af3217b05/none_v3" 201 - "PUT http://[::1]:8080/v1/AUTH_7e08652c4e3e41b29e5f05d128f57ab8/gnocchi.4a4a0668-23d4-48e4-b96e-799af3217b05/none_v3" "txc90c37b9e1964317a4fbd-0068e85c27" "proxy-server 86594" 0.0158 "-" 93870 0
Oct 09 21:06:47 np0005479242.novalocal object-server[93870]: ::1 - - [10/Oct/2025:01:06:47 +0000] "PUT /2/5339/AUTH_7e08652c4e3e41b29e5f05d128f57ab8/gnocchi.bc4b2e61-b4f9-4d76-bc17-2b2585ec513e/none_v3" 201 - "PUT http://[::1]:8080/v1/AUTH_7e08652c4e3e41b29e5f05d128f57ab8/gnocchi.bc4b2e61-b4f9-4d76-bc17-2b2585ec513e/none_v3" "tx7baa12b6413d421a87394-0068e85c27" "proxy-server 86594" 0.0233 "-" 93870 0
Oct 09 21:06:47 np0005479242.novalocal container-server[93568]: ::1 - - [10/Oct/2025:01:06:47 +0000] "PUT /3/49595/AUTH_7e08652c4e3e41b29e5f05d128f57ab8/gnocchi.bc4b2e61-b4f9-4d76-bc17-2b2585ec513e/none_v3" 201 - "PUT http://[::1]:8080/3/5339/AUTH_7e08652c4e3e41b29e5f05d128f57ab8/gnocchi.bc4b2e61-b4f9-4d76-bc17-2b2585ec513e/none_v3" "tx7baa12b6413d421a87394-0068e85c27" "object-server 93870" 0.0007 "-" 93568 0
Oct 09 21:06:47 np0005479242.novalocal object-server[93870]: ::1 - - [10/Oct/2025:01:06:47 +0000] "PUT /3/5339/AUTH_7e08652c4e3e41b29e5f05d128f57ab8/gnocchi.bc4b2e61-b4f9-4d76-bc17-2b2585ec513e/none_v3" 201 - "PUT http://[::1]:8080/v1/AUTH_7e08652c4e3e41b29e5f05d128f57ab8/gnocchi.bc4b2e61-b4f9-4d76-bc17-2b2585ec513e/none_v3" "tx7baa12b6413d421a87394-0068e85c27" "proxy-server 86594" 0.0286 "-" 93870 0
Oct 09 21:06:47 np0005479242.novalocal proxy-server[86594]: ::1 ::1 10/Oct/2025/01/06/47 PUT /v1/AUTH_7e08652c4e3e41b29e5f05d128f57ab8/gnocchi.bc4b2e61-b4f9-4d76-bc17-2b2585ec513e/none_v3 HTTP/1.0 201 - python-swiftclient-4.5.0 gAAAAABo6Fv-PTBu... 33 - - tx7baa12b6413d421a87394-0068e85c27 - 0.0361 - - 1760058407.546168089 1760058407.582231760 0
Oct 09 21:06:47 np0005479242.novalocal container-server[93569]: ::1 - - [10/Oct/2025:01:06:47 +0000] "PUT /3/4383/AUTH_7e08652c4e3e41b29e5f05d128f57ab8/gnocchi.4a4a0668-23d4-48e4-b96e-799af3217b05/none_v3" 201 - "PUT http://[::1]:8080/1/160317/AUTH_7e08652c4e3e41b29e5f05d128f57ab8/gnocchi.4a4a0668-23d4-48e4-b96e-799af3217b05/none_v3" "txc90c37b9e1964317a4fbd-0068e85c27" "object-server 93870" 0.0003 "-" 93569 0
Oct 09 21:06:47 np0005479242.novalocal object-server[93870]: ::1 - - [10/Oct/2025:01:06:47 +0000] "PUT /1/160317/AUTH_7e08652c4e3e41b29e5f05d128f57ab8/gnocchi.4a4a0668-23d4-48e4-b96e-799af3217b05/none_v3" 201 - "PUT http://[::1]:8080/v1/AUTH_7e08652c4e3e41b29e5f05d128f57ab8/gnocchi.4a4a0668-23d4-48e4-b96e-799af3217b05/none_v3" "txc90c37b9e1964317a4fbd-0068e85c27" "proxy-server 86594" 0.0205 "-" 93870 0
Oct 09 21:06:47 np0005479242.novalocal proxy-server[86594]: ::1 ::1 10/Oct/2025/01/06/47 PUT /v1/AUTH_7e08652c4e3e41b29e5f05d128f57ab8/gnocchi.4a4a0668-23d4-48e4-b96e-799af3217b05/none_v3 HTTP/1.0 201 - python-swiftclient-4.5.0 gAAAAABo6Fv-oWcl... 38 - - txc90c37b9e1964317a4fbd-0068e85c27 - 0.0300 - - 1760058407.554821730 1760058407.584865332 0
Oct 09 21:06:47 np0005479242.novalocal object-server[93871]: ::1 - - [10/Oct/2025:01:06:47 +0000] "GET /2/98934/AUTH_7e08652c4e3e41b29e5f05d128f57ab8/gnocchi.f4693ecc-3b24-459d-bcd4-5ebc50dd5830/none_v3" 200 22 "GET http://[::1]:8080/v1/AUTH_7e08652c4e3e41b29e5f05d128f57ab8/gnocchi.f4693ecc-3b24-459d-bcd4-5ebc50dd5830/none_v3" "txe505018b3c1c435091f3e-0068e85c27" "proxy-server 86594" 0.0010 "-" 93871 0
Oct 09 21:06:47 np0005479242.novalocal proxy-server[86594]: ::1 ::1 10/Oct/2025/01/06/47 GET /v1/AUTH_7e08652c4e3e41b29e5f05d128f57ab8/gnocchi.f4693ecc-3b24-459d-bcd4-5ebc50dd5830/none_v3 HTTP/1.0 200 - python-swiftclient-4.5.0 gAAAAABo6Fv-PTBu... - 22 - txe505018b3c1c435091f3e-0068e85c27 - 0.0084 - - 1760058407.592773676 1760058407.601150274 0
Oct 09 21:06:47 np0005479242.novalocal object-server[93871]: ::1 - - [10/Oct/2025:01:06:47 +0000] "GET /1/221768/AUTH_7e08652c4e3e41b29e5f05d128f57ab8/gnocchi.b2b5341d-faf5-484e-9f49-103082fac198/none_v3" 200 22 "GET http://[::1]:8080/v1/AUTH_7e08652c4e3e41b29e5f05d128f57ab8/gnocchi.b2b5341d-faf5-484e-9f49-103082fac198/none_v3" "tx514e25c2211341789f89a-0068e85c27" "proxy-server 86594" 0.0019 "-" 93871 0
Oct 09 21:06:47 np0005479242.novalocal proxy-server[86594]: ::1 ::1 10/Oct/2025/01/06/47 GET /v1/AUTH_7e08652c4e3e41b29e5f05d128f57ab8/gnocchi.b2b5341d-faf5-484e-9f49-103082fac198/none_v3 HTTP/1.0 200 - python-swiftclient-4.5.0 gAAAAABo6Fv-oWcl... - 22 - tx514e25c2211341789f89a-0068e85c27 - 0.0084 - - 1760058407.596783400 1760058407.605160713 0
Oct 09 21:06:47 np0005479242.novalocal container-server[93568]: ::1 - - [10/Oct/2025:01:06:47 +0000] "GET /3/199571/AUTH_7e08652c4e3e41b29e5f05d128f57ab8/gnocchi.f4693ecc-3b24-459d-bcd4-5ebc50dd5830" 200 357 "GET http://[::1]:8080/v1/AUTH_7e08652c4e3e41b29e5f05d128f57ab8/gnocchi.f4693ecc-3b24-459d-bcd4-5ebc50dd5830?format=json&states=listing" "tx71d1f381bcfc45b59a0a4-0068e85c27" "proxy-server 86594" 0.0094 "-" 93568 0
Oct 09 21:06:47 np0005479242.novalocal proxy-server[86594]: ::1 ::1 10/Oct/2025/01/06/47 GET /v1/AUTH_7e08652c4e3e41b29e5f05d128f57ab8/gnocchi.f4693ecc-3b24-459d-bcd4-5ebc50dd5830%3Fformat%3Djson%26states%3Dlisting HTTP/1.0 200 - python-swiftclient-4.5.0 gAAAAABo6Fv-PTBu... - 357 - tx71d1f381bcfc45b59a0a4-0068e85c27 - 0.0171 - - 1760058407.605937481 1760058407.623020649 0
Oct 09 21:06:47 np0005479242.novalocal container-server[93569]: ::1 - - [10/Oct/2025:01:06:47 +0000] "GET /1/93353/AUTH_7e08652c4e3e41b29e5f05d128f57ab8/gnocchi.b2b5341d-faf5-484e-9f49-103082fac198" 200 357 "GET http://[::1]:8080/v1/AUTH_7e08652c4e3e41b29e5f05d128f57ab8/gnocchi.b2b5341d-faf5-484e-9f49-103082fac198?format=json&states=listing" "tx7130ce2d79c946aaa6e8c-0068e85c27" "proxy-server 86594" 0.0096 "-" 93569 0
Oct 09 21:06:47 np0005479242.novalocal proxy-server[86594]: ::1 ::1 10/Oct/2025/01/06/47 GET /v1/AUTH_7e08652c4e3e41b29e5f05d128f57ab8/gnocchi.b2b5341d-faf5-484e-9f49-103082fac198%3Fformat%3Djson%26states%3Dlisting HTTP/1.0 200 - python-swiftclient-4.5.0 gAAAAABo6Fv-oWcl... - 357 - tx7130ce2d79c946aaa6e8c-0068e85c27 - 0.0167 - - 1760058407.609355688 1760058407.626060486 0
Oct 09 21:06:47 np0005479242.novalocal container-server[93568]: ::1 - - [10/Oct/2025:01:06:47 +0000] "GET /3/199571/AUTH_7e08652c4e3e41b29e5f05d128f57ab8/gnocchi.f4693ecc-3b24-459d-bcd4-5ebc50dd5830" 200 2 "GET http://[::1]:8080/v1/AUTH_7e08652c4e3e41b29e5f05d128f57ab8/gnocchi.f4693ecc-3b24-459d-bcd4-5ebc50dd5830?format=json&marker=none_v3&states=listing" "tx56f39b23e46c4ce7ab4cf-0068e85c27" "proxy-server 86594" 0.0034 "-" 93568 0
Oct 09 21:06:47 np0005479242.novalocal proxy-server[86594]: ::1 ::1 10/Oct/2025/01/06/47 GET /v1/AUTH_7e08652c4e3e41b29e5f05d128f57ab8/gnocchi.f4693ecc-3b24-459d-bcd4-5ebc50dd5830%3Fformat%3Djson%26marker%3Dnone_v3%26states%3Dlisting HTTP/1.0 200 - python-swiftclient-4.5.0 gAAAAABo6Fv-PTBu... - 2 - tx56f39b23e46c4ce7ab4cf-0068e85c27 - 0.0105 - - 1760058407.626946449 1760058407.637435675 0
Oct 09 21:06:47 np0005479242.novalocal container-server[93569]: ::1 - - [10/Oct/2025:01:06:47 +0000] "GET /1/93353/AUTH_7e08652c4e3e41b29e5f05d128f57ab8/gnocchi.b2b5341d-faf5-484e-9f49-103082fac198" 200 2 "GET http://[::1]:8080/v1/AUTH_7e08652c4e3e41b29e5f05d128f57ab8/gnocchi.b2b5341d-faf5-484e-9f49-103082fac198?format=json&marker=none_v3&states=listing" "txcca20576d1d645b085001-0068e85c27" "proxy-server 86594" 0.0032 "-" 93569 0
Oct 09 21:06:47 np0005479242.novalocal proxy-server[86594]: ::1 ::1 10/Oct/2025/01/06/47 GET /v1/AUTH_7e08652c4e3e41b29e5f05d128f57ab8/gnocchi.b2b5341d-faf5-484e-9f49-103082fac198%3Fformat%3Djson%26marker%3Dnone_v3%26states%3Dlisting HTTP/1.0 200 - python-swiftclient-4.5.0 gAAAAABo6Fv-oWcl... - 2 - txcca20576d1d645b085001-0068e85c27 - 0.0091 - - 1760058407.630652189 1760058407.639750004 0
Oct 09 21:06:47 np0005479242.novalocal object-server[93870]: ::1 - - [10/Oct/2025:01:06:47 +0000] "GET /1/19020/AUTH_7e08652c4e3e41b29e5f05d128f57ab8/gnocchi.f4693ecc-3b24-459d-bcd4-5ebc50dd5830/1759320000.0_mean_300.0_v3" 200 16 "GET http://[::1]:8080/v1/AUTH_7e08652c4e3e41b29e5f05d128f57ab8/gnocchi.f4693ecc-3b24-459d-bcd4-5ebc50dd5830/1759320000.0_mean_300.0_v3" "txbcf4b99aa78c49b7b8582-0068e85c27" "proxy-server 86594" 0.0012 "-" 93870 0
Oct 09 21:06:47 np0005479242.novalocal proxy-server[86594]: ::1 ::1 10/Oct/2025/01/06/47 GET /v1/AUTH_7e08652c4e3e41b29e5f05d128f57ab8/gnocchi.f4693ecc-3b24-459d-bcd4-5ebc50dd5830/1759320000.0_mean_300.0_v3 HTTP/1.0 200 - python-swiftclient-4.5.0 gAAAAABo6Fv-PTBu... - 16 - txbcf4b99aa78c49b7b8582-0068e85c27 - 0.0080 - - 1760058407.641264439 1760058407.649245739 0
Oct 09 21:06:47 np0005479242.novalocal object-server[93870]: ::1 - - [10/Oct/2025:01:06:47 +0000] "GET /3/61194/AUTH_7e08652c4e3e41b29e5f05d128f57ab8/gnocchi.b2b5341d-faf5-484e-9f49-103082fac198/1759320000.0_mean_300.0_v3" 200 16 "GET http://[::1]:8080/v1/AUTH_7e08652c4e3e41b29e5f05d128f57ab8/gnocchi.b2b5341d-faf5-484e-9f49-103082fac198/1759320000.0_mean_300.0_v3" "tx64a80a45740045b696a89-0068e85c27" "proxy-server 86594" 0.0010 "-" 93870 0
Oct 09 21:06:47 np0005479242.novalocal proxy-server[86594]: ::1 ::1 10/Oct/2025/01/06/47 GET /v1/AUTH_7e08652c4e3e41b29e5f05d128f57ab8/gnocchi.b2b5341d-faf5-484e-9f49-103082fac198/1759320000.0_mean_300.0_v3 HTTP/1.0 200 - python-swiftclient-4.5.0 gAAAAABo6Fv-oWcl... - 16 - tx64a80a45740045b696a89-0068e85c27 - 0.0093 - - 1760058407.644189358 1760058407.653494835 0
Oct 09 21:06:47 np0005479242.novalocal container-server[93569]: ::1 - - [10/Oct/2025:01:06:47 +0000] "PUT /3/199571/AUTH_7e08652c4e3e41b29e5f05d128f57ab8/gnocchi.f4693ecc-3b24-459d-bcd4-5ebc50dd5830/1759320000.0_mean_300.0_v3" 201 - "PUT http://[::1]:8080/1/19020/AUTH_7e08652c4e3e41b29e5f05d128f57ab8/gnocchi.f4693ecc-3b24-459d-bcd4-5ebc50dd5830/1759320000.0_mean_300.0_v3" "txc402ef9adeaa43958dbd4-0068e85c27" "object-server 93871" 0.0008 "-" 93569 0
Oct 09 21:06:47 np0005479242.novalocal object-server[93871]: ::1 - - [10/Oct/2025:01:06:47 +0000] "PUT /1/19020/AUTH_7e08652c4e3e41b29e5f05d128f57ab8/gnocchi.f4693ecc-3b24-459d-bcd4-5ebc50dd5830/1759320000.0_mean_300.0_v3" 201 - "PUT http://[::1]:8080/v1/AUTH_7e08652c4e3e41b29e5f05d128f57ab8/gnocchi.f4693ecc-3b24-459d-bcd4-5ebc50dd5830/1759320000.0_mean_300.0_v3" "txc402ef9adeaa43958dbd4-0068e85c27" "proxy-server 86594" 0.0223 "-" 93871 0
Oct 09 21:06:47 np0005479242.novalocal container-server[93568]: ::1 - - [10/Oct/2025:01:06:47 +0000] "PUT /1/93353/AUTH_7e08652c4e3e41b29e5f05d128f57ab8/gnocchi.b2b5341d-faf5-484e-9f49-103082fac198/1759320000.0_mean_300.0_v3" 201 - "PUT http://[::1]:8080/1/61194/AUTH_7e08652c4e3e41b29e5f05d128f57ab8/gnocchi.b2b5341d-faf5-484e-9f49-103082fac198/1759320000.0_mean_300.0_v3" "tx91a3ec6a2cc842e881d01-0068e85c27" "object-server 93871" 0.0007 "-" 93568 0
Oct 09 21:06:47 np0005479242.novalocal object-server[93871]: ::1 - - [10/Oct/2025:01:06:47 +0000] "PUT /1/61194/AUTH_7e08652c4e3e41b29e5f05d128f57ab8/gnocchi.b2b5341d-faf5-484e-9f49-103082fac198/1759320000.0_mean_300.0_v3" 201 - "PUT http://[::1]:8080/v1/AUTH_7e08652c4e3e41b29e5f05d128f57ab8/gnocchi.b2b5341d-faf5-484e-9f49-103082fac198/1759320000.0_mean_300.0_v3" "tx91a3ec6a2cc842e881d01-0068e85c27" "proxy-server 86594" 0.0137 "-" 93871 0
Oct 09 21:06:47 np0005479242.novalocal container-server[93569]: ::1 - - [10/Oct/2025:01:06:47 +0000] "PUT /2/93353/AUTH_7e08652c4e3e41b29e5f05d128f57ab8/gnocchi.b2b5341d-faf5-484e-9f49-103082fac198/1759320000.0_mean_300.0_v3" 201 - "PUT http://[::1]:8080/2/61194/AUTH_7e08652c4e3e41b29e5f05d128f57ab8/gnocchi.b2b5341d-faf5-484e-9f49-103082fac198/1759320000.0_mean_300.0_v3" "tx91a3ec6a2cc842e881d01-0068e85c27" "object-server 93870" 0.0006 "-" 93569 0
Oct 09 21:06:47 np0005479242.novalocal container-server[93568]: ::1 - - [10/Oct/2025:01:06:47 +0000] "PUT /1/199571/AUTH_7e08652c4e3e41b29e5f05d128f57ab8/gnocchi.f4693ecc-3b24-459d-bcd4-5ebc50dd5830/1759320000.0_mean_300.0_v3" 201 - "PUT http://[::1]:8080/2/19020/AUTH_7e08652c4e3e41b29e5f05d128f57ab8/gnocchi.f4693ecc-3b24-459d-bcd4-5ebc50dd5830/1759320000.0_mean_300.0_v3" "txc402ef9adeaa43958dbd4-0068e85c27" "object-server 93870" 0.0005 "-" 93568 0
Oct 09 21:06:47 np0005479242.novalocal object-server[93870]: ::1 - - [10/Oct/2025:01:06:47 +0000] "PUT /2/61194/AUTH_7e08652c4e3e41b29e5f05d128f57ab8/gnocchi.b2b5341d-faf5-484e-9f49-103082fac198/1759320000.0_mean_300.0_v3" 201 - "PUT http://[::1]:8080/v1/AUTH_7e08652c4e3e41b29e5f05d128f57ab8/gnocchi.b2b5341d-faf5-484e-9f49-103082fac198/1759320000.0_mean_300.0_v3" "tx91a3ec6a2cc842e881d01-0068e85c27" "proxy-server 86594" 0.0170 "-" 93870 0
Oct 09 21:06:47 np0005479242.novalocal container-server[93568]: ::1 - - [10/Oct/2025:01:06:47 +0000] "PUT /3/93353/AUTH_7e08652c4e3e41b29e5f05d128f57ab8/gnocchi.b2b5341d-faf5-484e-9f49-103082fac198/1759320000.0_mean_300.0_v3" 201 - "PUT http://[::1]:8080/3/61194/AUTH_7e08652c4e3e41b29e5f05d128f57ab8/gnocchi.b2b5341d-faf5-484e-9f49-103082fac198/1759320000.0_mean_300.0_v3" "tx91a3ec6a2cc842e881d01-0068e85c27" "object-server 93870" 0.0006 "-" 93568 0
Oct 09 21:06:47 np0005479242.novalocal container-server[93569]: ::1 - - [10/Oct/2025:01:06:47 +0000] "PUT /2/199571/AUTH_7e08652c4e3e41b29e5f05d128f57ab8/gnocchi.f4693ecc-3b24-459d-bcd4-5ebc50dd5830/1759320000.0_mean_300.0_v3" 201 - "PUT http://[::1]:8080/3/19020/AUTH_7e08652c4e3e41b29e5f05d128f57ab8/gnocchi.f4693ecc-3b24-459d-bcd4-5ebc50dd5830/1759320000.0_mean_300.0_v3" "txc402ef9adeaa43958dbd4-0068e85c27" "object-server 93870" 0.0020 "-" 93569 0
Oct 09 21:06:47 np0005479242.novalocal object-server[93870]: ::1 - - [10/Oct/2025:01:06:47 +0000] "PUT /2/19020/AUTH_7e08652c4e3e41b29e5f05d128f57ab8/gnocchi.f4693ecc-3b24-459d-bcd4-5ebc50dd5830/1759320000.0_mean_300.0_v3" 201 - "PUT http://[::1]:8080/v1/AUTH_7e08652c4e3e41b29e5f05d128f57ab8/gnocchi.f4693ecc-3b24-459d-bcd4-5ebc50dd5830/1759320000.0_mean_300.0_v3" "txc402ef9adeaa43958dbd4-0068e85c27" "proxy-server 86594" 0.0229 "-" 93870 0
Oct 09 21:06:47 np0005479242.novalocal object-server[93870]: ::1 - - [10/Oct/2025:01:06:47 +0000] "PUT /3/61194/AUTH_7e08652c4e3e41b29e5f05d128f57ab8/gnocchi.b2b5341d-faf5-484e-9f49-103082fac198/1759320000.0_mean_300.0_v3" 201 - "PUT http://[::1]:8080/v1/AUTH_7e08652c4e3e41b29e5f05d128f57ab8/gnocchi.b2b5341d-faf5-484e-9f49-103082fac198/1759320000.0_mean_300.0_v3" "tx91a3ec6a2cc842e881d01-0068e85c27" "proxy-server 86594" 0.0166 "-" 93870 0
Oct 09 21:06:47 np0005479242.novalocal object-server[93870]: ::1 - - [10/Oct/2025:01:06:47 +0000] "PUT /3/19020/AUTH_7e08652c4e3e41b29e5f05d128f57ab8/gnocchi.f4693ecc-3b24-459d-bcd4-5ebc50dd5830/1759320000.0_mean_300.0_v3" 201 - "PUT http://[::1]:8080/v1/AUTH_7e08652c4e3e41b29e5f05d128f57ab8/gnocchi.f4693ecc-3b24-459d-bcd4-5ebc50dd5830/1759320000.0_mean_300.0_v3" "txc402ef9adeaa43958dbd4-0068e85c27" "proxy-server 86594" 0.0281 "-" 93870 0
Oct 09 21:06:47 np0005479242.novalocal proxy-server[86594]: ::1 ::1 10/Oct/2025/01/06/47 PUT /v1/AUTH_7e08652c4e3e41b29e5f05d128f57ab8/gnocchi.b2b5341d-faf5-484e-9f49-103082fac198/1759320000.0_mean_300.0_v3 HTTP/1.0 201 - python-swiftclient-4.5.0 gAAAAABo6Fv-oWcl... 16 - - tx91a3ec6a2cc842e881d01-0068e85c27 - 0.0314 - - 1760058407.661613226 1760058407.692965031 0
Oct 09 21:06:47 np0005479242.novalocal proxy-server[86594]: ::1 ::1 10/Oct/2025/01/06/47 PUT /v1/AUTH_7e08652c4e3e41b29e5f05d128f57ab8/gnocchi.f4693ecc-3b24-459d-bcd4-5ebc50dd5830/1759320000.0_mean_300.0_v3 HTTP/1.0 201 - python-swiftclient-4.5.0 gAAAAABo6Fv-PTBu... 16 - - txc402ef9adeaa43958dbd4-0068e85c27 - 0.0422 - - 1760058407.652351379 1760058407.694551706 0
Oct 09 21:06:47 np0005479242.novalocal container-server[93568]: ::1 - - [10/Oct/2025:01:06:47 +0000] "PUT /1/93353/AUTH_7e08652c4e3e41b29e5f05d128f57ab8/gnocchi.b2b5341d-faf5-484e-9f49-103082fac198/none_v3" 201 - "PUT http://[::1]:8080/1/221768/AUTH_7e08652c4e3e41b29e5f05d128f57ab8/gnocchi.b2b5341d-faf5-484e-9f49-103082fac198/none_v3" "txb2710d34558f474294dbf-0068e85c27" "object-server 93870" 0.0007 "-" 93568 0
Oct 09 21:06:47 np0005479242.novalocal container-server[93568]: ::1 - - [10/Oct/2025:01:06:47 +0000] "PUT /1/199571/AUTH_7e08652c4e3e41b29e5f05d128f57ab8/gnocchi.f4693ecc-3b24-459d-bcd4-5ebc50dd5830/none_v3" 201 - "PUT http://[::1]:8080/2/98934/AUTH_7e08652c4e3e41b29e5f05d128f57ab8/gnocchi.f4693ecc-3b24-459d-bcd4-5ebc50dd5830/none_v3" "tx6818c12e14ed417ba8c0c-0068e85c27" "object-server 93871" 0.0006 "-" 93568 0
Oct 09 21:06:47 np0005479242.novalocal object-server[93870]: ::1 - - [10/Oct/2025:01:06:47 +0000] "PUT /1/221768/AUTH_7e08652c4e3e41b29e5f05d128f57ab8/gnocchi.b2b5341d-faf5-484e-9f49-103082fac198/none_v3" 201 - "PUT http://[::1]:8080/v1/AUTH_7e08652c4e3e41b29e5f05d128f57ab8/gnocchi.b2b5341d-faf5-484e-9f49-103082fac198/none_v3" "txb2710d34558f474294dbf-0068e85c27" "proxy-server 86594" 0.0226 "-" 93870 0
Oct 09 21:06:47 np0005479242.novalocal object-server[93871]: ::1 - - [10/Oct/2025:01:06:47 +0000] "PUT /2/98934/AUTH_7e08652c4e3e41b29e5f05d128f57ab8/gnocchi.f4693ecc-3b24-459d-bcd4-5ebc50dd5830/none_v3" 201 - "PUT http://[::1]:8080/v1/AUTH_7e08652c4e3e41b29e5f05d128f57ab8/gnocchi.f4693ecc-3b24-459d-bcd4-5ebc50dd5830/none_v3" "tx6818c12e14ed417ba8c0c-0068e85c27" "proxy-server 86594" 0.0191 "-" 93871 0
Oct 09 21:06:47 np0005479242.novalocal container-server[93569]: ::1 - - [10/Oct/2025:01:06:47 +0000] "PUT /2/199571/AUTH_7e08652c4e3e41b29e5f05d128f57ab8/gnocchi.f4693ecc-3b24-459d-bcd4-5ebc50dd5830/none_v3" 201 - "PUT http://[::1]:8080/3/98934/AUTH_7e08652c4e3e41b29e5f05d128f57ab8/gnocchi.f4693ecc-3b24-459d-bcd4-5ebc50dd5830/none_v3" "tx6818c12e14ed417ba8c0c-0068e85c27" "object-server 93870" 0.0007 "-" 93569 0
Oct 09 21:06:47 np0005479242.novalocal container-server[93568]: ::1 - - [10/Oct/2025:01:06:47 +0000] "PUT /2/93353/AUTH_7e08652c4e3e41b29e5f05d128f57ab8/gnocchi.b2b5341d-faf5-484e-9f49-103082fac198/none_v3" 201 - "PUT http://[::1]:8080/2/221768/AUTH_7e08652c4e3e41b29e5f05d128f57ab8/gnocchi.b2b5341d-faf5-484e-9f49-103082fac198/none_v3" "txb2710d34558f474294dbf-0068e85c27" "object-server 93870" 0.0008 "-" 93568 0
Oct 09 21:06:47 np0005479242.novalocal object-server[93870]: ::1 - - [10/Oct/2025:01:06:47 +0000] "PUT /3/98934/AUTH_7e08652c4e3e41b29e5f05d128f57ab8/gnocchi.f4693ecc-3b24-459d-bcd4-5ebc50dd5830/none_v3" 201 - "PUT http://[::1]:8080/v1/AUTH_7e08652c4e3e41b29e5f05d128f57ab8/gnocchi.f4693ecc-3b24-459d-bcd4-5ebc50dd5830/none_v3" "tx6818c12e14ed417ba8c0c-0068e85c27" "proxy-server 86594" 0.0213 "-" 93870 0
Oct 09 21:06:47 np0005479242.novalocal object-server[93870]: ::1 - - [10/Oct/2025:01:06:47 +0000] "PUT /2/221768/AUTH_7e08652c4e3e41b29e5f05d128f57ab8/gnocchi.b2b5341d-faf5-484e-9f49-103082fac198/none_v3" 201 - "PUT http://[::1]:8080/v1/AUTH_7e08652c4e3e41b29e5f05d128f57ab8/gnocchi.b2b5341d-faf5-484e-9f49-103082fac198/none_v3" "txb2710d34558f474294dbf-0068e85c27" "proxy-server 86594" 0.0261 "-" 93870 0
