Oct 09 21:07:05 np0005479242.novalocal container-server[93569]: ::1 - - [10/Oct/2025:01:07:05 +0000] "PUT /1/33544/AUTH_7e08652c4e3e41b29e5f05d128f57ab8/gnocchi.77daa324-78f0-442c-bc45-38c332326763/none_v3" 201 - "PUT http://[::1]:8080/3/8247/AUTH_7e08652c4e3e41b29e5f05d128f57ab8/gnocchi.77daa324-78f0-442c-bc45-38c332326763/none_v3" "txccd2c34d0b21481a91dcd-0068e85c39" "object-server 93870" 0.0011 "-" 93569 0
Oct 09 21:07:05 np0005479242.novalocal object-server[93870]: ::1 - - [10/Oct/2025:01:07:05 +0000] "GET /3/141815/AUTH_7e08652c4e3e41b29e5f05d128f57ab8/gnocchi.b0534368-9e34-48ad-b922-667751c69097/1759320000.0_mean_300.0_v3" 200 16 "GET http://[::1]:8080/v1/AUTH_7e08652c4e3e41b29e5f05d128f57ab8/gnocchi.b0534368-9e34-48ad-b922-667751c69097/1759320000.0_mean_300.0_v3" "txb98d2cdcce784e3091a3d-0068e85c39" "proxy-server 86594" 0.0008 "-" 93870 0
Oct 09 21:07:05 np0005479242.novalocal object-server[93870]: ::1 - - [10/Oct/2025:01:07:05 +0000] "PUT /3/8247/AUTH_7e08652c4e3e41b29e5f05d128f57ab8/gnocchi.77daa324-78f0-442c-bc45-38c332326763/none_v3" 201 - "PUT http://[::1]:8080/v1/AUTH_7e08652c4e3e41b29e5f05d128f57ab8/gnocchi.77daa324-78f0-442c-bc45-38c332326763/none_v3" "txccd2c34d0b21481a91dcd-0068e85c39" "proxy-server 86594" 0.0265 "-" 93870 0
Oct 09 21:07:05 np0005479242.novalocal proxy-server[86594]: ::1 ::1 10/Oct/2025/01/07/05 GET /v1/AUTH_7e08652c4e3e41b29e5f05d128f57ab8/gnocchi.b0534368-9e34-48ad-b922-667751c69097/1759320000.0_mean_300.0_v3 HTTP/1.0 200 - python-swiftclient-4.5.0 gAAAAABo6Fv-oWcl... - 16 - txb98d2cdcce784e3091a3d-0068e85c39 - 0.0072 - - 1760058425.929111004 1760058425.936321974 0
Oct 09 21:07:05 np0005479242.novalocal proxy-server[86594]: ::1 ::1 10/Oct/2025/01/07/05 PUT /v1/AUTH_7e08652c4e3e41b29e5f05d128f57ab8/gnocchi.77daa324-78f0-442c-bc45-38c332326763/none_v3 HTTP/1.0 201 - python-swiftclient-4.5.0 gAAAAABo6Fv-PTBu... 22 - - txccd2c34d0b21481a91dcd-0068e85c39 - 0.0386 - - 1760058425.900239944 1760058425.938872814 0
Oct 09 21:07:05 np0005479242.novalocal container-server[93569]: ::1 - - [10/Oct/2025:01:07:05 +0000] "HEAD /1/58853/AUTH_7e08652c4e3e41b29e5f05d128f57ab8/gnocchi.cd13abe2-6327-40cb-b04d-8a9d92d1a469" 404 - "HEAD http://[::1]:8080/v1/AUTH_7e08652c4e3e41b29e5f05d128f57ab8/gnocchi.cd13abe2-6327-40cb-b04d-8a9d92d1a469" "tx7c5bbf19aa0a43b9863bb-0068e85c39" "proxy-server 86594" 0.0004 "-" 93569 0
Oct 09 21:07:05 np0005479242.novalocal container-server[93568]: ::1 - - [10/Oct/2025:01:07:05 +0000] "HEAD /3/58853/AUTH_7e08652c4e3e41b29e5f05d128f57ab8/gnocchi.cd13abe2-6327-40cb-b04d-8a9d92d1a469" 404 - "HEAD http://[::1]:8080/v1/AUTH_7e08652c4e3e41b29e5f05d128f57ab8/gnocchi.cd13abe2-6327-40cb-b04d-8a9d92d1a469" "tx7c5bbf19aa0a43b9863bb-0068e85c39" "proxy-server 86594" 0.0003 "-" 93568 0
Oct 09 21:07:05 np0005479242.novalocal container-server[93568]: ::1 - - [10/Oct/2025:01:07:05 +0000] "PUT /1/235674/AUTH_7e08652c4e3e41b29e5f05d128f57ab8/gnocchi.b0534368-9e34-48ad-b922-667751c69097/1759320000.0_mean_300.0_v3" 201 - "PUT http://[::1]:8080/1/141815/AUTH_7e08652c4e3e41b29e5f05d128f57ab8/gnocchi.b0534368-9e34-48ad-b922-667751c69097/1759320000.0_mean_300.0_v3" "txbd04035eef6a4616b499d-0068e85c39" "object-server 93871" 0.0005 "-" 93568 0
Oct 09 21:07:05 np0005479242.novalocal object-server[93871]: ::1 - - [10/Oct/2025:01:07:05 +0000] "PUT /1/141815/AUTH_7e08652c4e3e41b29e5f05d128f57ab8/gnocchi.b0534368-9e34-48ad-b922-667751c69097/1759320000.0_mean_300.0_v3" 201 - "PUT http://[::1]:8080/v1/AUTH_7e08652c4e3e41b29e5f05d128f57ab8/gnocchi.b0534368-9e34-48ad-b922-667751c69097/1759320000.0_mean_300.0_v3" "txbd04035eef6a4616b499d-0068e85c39" "proxy-server 86594" 0.0169 "-" 93871 0
Oct 09 21:07:05 np0005479242.novalocal container-server[93569]: ::1 - - [10/Oct/2025:01:07:05 +0000] "PUT /3/235674/AUTH_7e08652c4e3e41b29e5f05d128f57ab8/gnocchi.b0534368-9e34-48ad-b922-667751c69097/1759320000.0_mean_300.0_v3" 201 - "PUT http://[::1]:8080/3/141815/AUTH_7e08652c4e3e41b29e5f05d128f57ab8/gnocchi.b0534368-9e34-48ad-b922-667751c69097/1759320000.0_mean_300.0_v3" "txbd04035eef6a4616b499d-0068e85c39" "object-server 93870" 0.0010 "-" 93569 0
Oct 09 21:07:05 np0005479242.novalocal container-server[93568]: ::1 - - [10/Oct/2025:01:07:05 +0000] "PUT /2/235674/AUTH_7e08652c4e3e41b29e5f05d128f57ab8/gnocchi.b0534368-9e34-48ad-b922-667751c69097/1759320000.0_mean_300.0_v3" 201 - "PUT http://[::1]:8080/2/141815/AUTH_7e08652c4e3e41b29e5f05d128f57ab8/gnocchi.b0534368-9e34-48ad-b922-667751c69097/1759320000.0_mean_300.0_v3" "txbd04035eef6a4616b499d-0068e85c39" "object-server 93870" 0.0007 "-" 93568 0
Oct 09 21:07:05 np0005479242.novalocal object-server[93870]: ::1 - - [10/Oct/2025:01:07:05 +0000] "PUT /3/141815/AUTH_7e08652c4e3e41b29e5f05d128f57ab8/gnocchi.b0534368-9e34-48ad-b922-667751c69097/1759320000.0_mean_300.0_v3" 201 - "PUT http://[::1]:8080/v1/AUTH_7e08652c4e3e41b29e5f05d128f57ab8/gnocchi.b0534368-9e34-48ad-b922-667751c69097/1759320000.0_mean_300.0_v3" "txbd04035eef6a4616b499d-0068e85c39" "proxy-server 86594" 0.0172 "-" 93870 0
Oct 09 21:07:05 np0005479242.novalocal container-server[93568]: ::1 - - [10/Oct/2025:01:07:05 +0000] "HEAD /2/58853/AUTH_7e08652c4e3e41b29e5f05d128f57ab8/gnocchi.cd13abe2-6327-40cb-b04d-8a9d92d1a469" 404 - "HEAD http://[::1]:8080/v1/AUTH_7e08652c4e3e41b29e5f05d128f57ab8/gnocchi.cd13abe2-6327-40cb-b04d-8a9d92d1a469" "tx7c5bbf19aa0a43b9863bb-0068e85c39" "proxy-server 86594" 0.0003 "-" 93568 0
Oct 09 21:07:05 np0005479242.novalocal object-server[93870]: ::1 - - [10/Oct/2025:01:07:05 +0000] "PUT /2/141815/AUTH_7e08652c4e3e41b29e5f05d128f57ab8/gnocchi.b0534368-9e34-48ad-b922-667751c69097/1759320000.0_mean_300.0_v3" 201 - "PUT http://[::1]:8080/v1/AUTH_7e08652c4e3e41b29e5f05d128f57ab8/gnocchi.b0534368-9e34-48ad-b922-667751c69097/1759320000.0_mean_300.0_v3" "txbd04035eef6a4616b499d-0068e85c39" "proxy-server 86594" 0.0178 "-" 93870 0
Oct 09 21:07:05 np0005479242.novalocal proxy-server[86594]: - - 10/Oct/2025/01/07/05 HEAD /v1/AUTH_7e08652c4e3e41b29e5f05d128f57ab8/gnocchi.cd13abe2-6327-40cb-b04d-8a9d92d1a469 HTTP/1.0 404 - Swift - - - - tx7c5bbf19aa0a43b9863bb-0068e85c39 - 0.0162 CS - 1760058425.949977160 1760058425.966216564 0
Oct 09 21:07:05 np0005479242.novalocal proxy-server[86594]: ::1 ::1 10/Oct/2025/01/07/05 PUT /v1/AUTH_7e08652c4e3e41b29e5f05d128f57ab8/gnocchi.b0534368-9e34-48ad-b922-667751c69097/1759320000.0_mean_300.0_v3 HTTP/1.0 201 - python-swiftclient-4.5.0 gAAAAABo6Fv-oWcl... 16 - - txbd04035eef6a4616b499d-0068e85c39 - 0.0291 - - 1760058425.938310385 1760058425.967388391 0
Oct 09 21:07:05 np0005479242.novalocal object-server[93871]: ::1 - - [10/Oct/2025:01:07:05 +0000] "GET /2/205224/AUTH_7e08652c4e3e41b29e5f05d128f57ab8/gnocchi.cd13abe2-6327-40cb-b04d-8a9d92d1a469/none_v3" 404 70 "GET http://[::1]:8080/v1/AUTH_7e08652c4e3e41b29e5f05d128f57ab8/gnocchi.cd13abe2-6327-40cb-b04d-8a9d92d1a469/none_v3" "tx7c5bbf19aa0a43b9863bb-0068e85c39" "proxy-server 86594" 0.0004 "-" 93871 0
Oct 09 21:07:05 np0005479242.novalocal object-server[93871]: ::1 - - [10/Oct/2025:01:07:05 +0000] "GET /3/205224/AUTH_7e08652c4e3e41b29e5f05d128f57ab8/gnocchi.cd13abe2-6327-40cb-b04d-8a9d92d1a469/none_v3" 404 70 "GET http://[::1]:8080/v1/AUTH_7e08652c4e3e41b29e5f05d128f57ab8/gnocchi.cd13abe2-6327-40cb-b04d-8a9d92d1a469/none_v3" "tx7c5bbf19aa0a43b9863bb-0068e85c39" "proxy-server 86594" 0.0003 "-" 93871 0
Oct 09 21:07:05 np0005479242.novalocal object-server[93871]: ::1 - - [10/Oct/2025:01:07:05 +0000] "GET /1/205224/AUTH_7e08652c4e3e41b29e5f05d128f57ab8/gnocchi.cd13abe2-6327-40cb-b04d-8a9d92d1a469/none_v3" 404 70 "GET http://[::1]:8080/v1/AUTH_7e08652c4e3e41b29e5f05d128f57ab8/gnocchi.cd13abe2-6327-40cb-b04d-8a9d92d1a469/none_v3" "tx7c5bbf19aa0a43b9863bb-0068e85c39" "proxy-server 86594" 0.0002 "-" 93871 0
Oct 09 21:07:05 np0005479242.novalocal proxy-server[86594]: ::1 ::1 10/Oct/2025/01/07/05 GET /v1/AUTH_7e08652c4e3e41b29e5f05d128f57ab8/gnocchi.cd13abe2-6327-40cb-b04d-8a9d92d1a469/none_v3 HTTP/1.0 404 - python-swiftclient-4.5.0 gAAAAABo6Fv-PTBu... - 70 - tx7c5bbf19aa0a43b9863bb-0068e85c39 - 0.0342 - - 1760058425.948843241 1760058425.983082056 0
Oct 09 21:07:05 np0005479242.novalocal container-server[93568]: ::1 - - [10/Oct/2025:01:07:05 +0000] "PUT /2/235674/AUTH_7e08652c4e3e41b29e5f05d128f57ab8/gnocchi.b0534368-9e34-48ad-b922-667751c69097/none_v3" 201 - "PUT http://[::1]:8080/3/116990/AUTH_7e08652c4e3e41b29e5f05d128f57ab8/gnocchi.b0534368-9e34-48ad-b922-667751c69097/none_v3" "tx2ac91701a3f9445985a50-0068e85c39" "object-server 93870" 0.0007 "-" 93568 0
Oct 09 21:07:05 np0005479242.novalocal object-server[93870]: ::1 - - [10/Oct/2025:01:07:05 +0000] "PUT /3/116990/AUTH_7e08652c4e3e41b29e5f05d128f57ab8/gnocchi.b0534368-9e34-48ad-b922-667751c69097/none_v3" 201 - "PUT http://[::1]:8080/v1/AUTH_7e08652c4e3e41b29e5f05d128f57ab8/gnocchi.b0534368-9e34-48ad-b922-667751c69097/none_v3" "tx2ac91701a3f9445985a50-0068e85c39" "proxy-server 86594" 0.0169 "-" 93870 0
Oct 09 21:07:06 np0005479242.novalocal account-server[93272]: ::1 - - [10/Oct/2025:01:07:06 +0000] "PUT /3/130220/AUTH_7e08652c4e3e41b29e5f05d128f57ab8/gnocchi.cd13abe2-6327-40cb-b04d-8a9d92d1a469" 201 - "PUT http://[::1]:6001/2/58853/AUTH_7e08652c4e3e41b29e5f05d128f57ab8/gnocchi.cd13abe2-6327-40cb-b04d-8a9d92d1a469" "txe5f9b079ec3a457187f8d-0068e85c39" "container-server 93569" 0.0052 "-" 93272 0
Oct 09 21:07:06 np0005479242.novalocal container-server[93569]: ::1 - - [10/Oct/2025:01:07:06 +0000] "PUT /1/235674/AUTH_7e08652c4e3e41b29e5f05d128f57ab8/gnocchi.b0534368-9e34-48ad-b922-667751c69097/none_v3" 201 - "PUT http://[::1]:8080/1/116990/AUTH_7e08652c4e3e41b29e5f05d128f57ab8/gnocchi.b0534368-9e34-48ad-b922-667751c69097/none_v3" "tx2ac91701a3f9445985a50-0068e85c39" "object-server 93870" 0.0009 "-" 93569 0
Oct 09 21:07:06 np0005479242.novalocal object-server[93870]: ::1 - - [10/Oct/2025:01:07:06 +0000] "PUT /1/116990/AUTH_7e08652c4e3e41b29e5f05d128f57ab8/gnocchi.b0534368-9e34-48ad-b922-667751c69097/none_v3" 201 - "PUT http://[::1]:8080/v1/AUTH_7e08652c4e3e41b29e5f05d128f57ab8/gnocchi.b0534368-9e34-48ad-b922-667751c69097/none_v3" "tx2ac91701a3f9445985a50-0068e85c39" "proxy-server 86594" 0.0825 "-" 93870 0
Oct 09 21:07:06 np0005479242.novalocal container-server[93569]: ::1 - - [10/Oct/2025:01:07:06 +0000] "PUT /3/235674/AUTH_7e08652c4e3e41b29e5f05d128f57ab8/gnocchi.b0534368-9e34-48ad-b922-667751c69097/none_v3" 201 - "PUT http://[::1]:8080/2/116990/AUTH_7e08652c4e3e41b29e5f05d128f57ab8/gnocchi.b0534368-9e34-48ad-b922-667751c69097/none_v3" "tx2ac91701a3f9445985a50-0068e85c39" "object-server 93870" 0.0006 "-" 93569 0
Oct 09 21:07:06 np0005479242.novalocal object-server[93870]: ::1 - - [10/Oct/2025:01:07:06 +0000] "PUT /2/116990/AUTH_7e08652c4e3e41b29e5f05d128f57ab8/gnocchi.b0534368-9e34-48ad-b922-667751c69097/none_v3" 201 - "PUT http://[::1]:8080/v1/AUTH_7e08652c4e3e41b29e5f05d128f57ab8/gnocchi.b0534368-9e34-48ad-b922-667751c69097/none_v3" "tx2ac91701a3f9445985a50-0068e85c39" "proxy-server 86594" 0.0861 "-" 93870 0
Oct 09 21:07:06 np0005479242.novalocal container-server[93569]: ::1 - - [10/Oct/2025:01:07:06 +0000] "PUT /2/58853/AUTH_7e08652c4e3e41b29e5f05d128f57ab8/gnocchi.cd13abe2-6327-40cb-b04d-8a9d92d1a469" 201 - "PUT http://[::1]:8080/v1/AUTH_7e08652c4e3e41b29e5f05d128f57ab8/gnocchi.cd13abe2-6327-40cb-b04d-8a9d92d1a469" "txe5f9b079ec3a457187f8d-0068e85c39" "proxy-server 86594" 0.0814 "-" 93569 0
Oct 09 21:07:06 np0005479242.novalocal account-server[93271]: ::1 - - [10/Oct/2025:01:07:06 +0000] "PUT /2/130220/AUTH_7e08652c4e3e41b29e5f05d128f57ab8/gnocchi.cd13abe2-6327-40cb-b04d-8a9d92d1a469" 201 - "PUT http://[::1]:6001/3/58853/AUTH_7e08652c4e3e41b29e5f05d128f57ab8/gnocchi.cd13abe2-6327-40cb-b04d-8a9d92d1a469" "txe5f9b079ec3a457187f8d-0068e85c39" "container-server 93569" 0.0056 "-" 93271 0
Oct 09 21:07:06 np0005479242.novalocal proxy-server[86594]: ::1 ::1 10/Oct/2025/01/07/06 PUT /v1/AUTH_7e08652c4e3e41b29e5f05d128f57ab8/gnocchi.b0534368-9e34-48ad-b922-667751c69097/none_v3 HTTP/1.0 201 - python-swiftclient-4.5.0 gAAAAABo6Fv-oWcl... 68 - - tx2ac91701a3f9445985a50-0068e85c39 - 0.1070 - - 1760058425.969297886 1760058426.076271057 0
Oct 09 21:07:06 np0005479242.novalocal account-server[93271]: ::1 - - [10/Oct/2025:01:07:06 +0000] "PUT /1/130220/AUTH_7e08652c4e3e41b29e5f05d128f57ab8/gnocchi.cd13abe2-6327-40cb-b04d-8a9d92d1a469" 201 - "PUT http://[::1]:6001/1/58853/AUTH_7e08652c4e3e41b29e5f05d128f57ab8/gnocchi.cd13abe2-6327-40cb-b04d-8a9d92d1a469" "txe5f9b079ec3a457187f8d-0068e85c39" "container-server 93569" 0.0053 "-" 93271 0
Oct 09 21:07:06 np0005479242.novalocal container-server[93569]: ::1 - - [10/Oct/2025:01:07:06 +0000] "PUT /1/58853/AUTH_7e08652c4e3e41b29e5f05d128f57ab8/gnocchi.cd13abe2-6327-40cb-b04d-8a9d92d1a469" 201 - "PUT http://[::1]:8080/v1/AUTH_7e08652c4e3e41b29e5f05d128f57ab8/gnocchi.cd13abe2-6327-40cb-b04d-8a9d92d1a469" "txe5f9b079ec3a457187f8d-0068e85c39" "proxy-server 86594" 0.0775 "-" 93569 0
Oct 09 21:07:06 np0005479242.novalocal container-server[93569]: ::1 - - [10/Oct/2025:01:07:06 +0000] "PUT /3/58853/AUTH_7e08652c4e3e41b29e5f05d128f57ab8/gnocchi.cd13abe2-6327-40cb-b04d-8a9d92d1a469" 201 - "PUT http://[::1]:8080/v1/AUTH_7e08652c4e3e41b29e5f05d128f57ab8/gnocchi.cd13abe2-6327-40cb-b04d-8a9d92d1a469" "txe5f9b079ec3a457187f8d-0068e85c39" "proxy-server 86594" 0.0428 "-" 93569 0
Oct 09 21:07:06 np0005479242.novalocal proxy-server[86594]: ::1 ::1 10/Oct/2025/01/07/06 PUT /v1/AUTH_7e08652c4e3e41b29e5f05d128f57ab8/gnocchi.cd13abe2-6327-40cb-b04d-8a9d92d1a469 HTTP/1.0 201 - python-swiftclient-4.5.0 gAAAAABo6Fv-PTBu... - - - txe5f9b079ec3a457187f8d-0068e85c39 - 0.1059 - - 1760058425.986396790 1760058426.092294216 0
Oct 09 21:07:06 np0005479242.novalocal container-server[93569]: ::1 - - [10/Oct/2025:01:07:06 +0000] "HEAD /1/58853/AUTH_7e08652c4e3e41b29e5f05d128f57ab8/gnocchi.cd13abe2-6327-40cb-b04d-8a9d92d1a469" 204 - "HEAD http://[::1]:8080/v1/AUTH_7e08652c4e3e41b29e5f05d128f57ab8/gnocchi.cd13abe2-6327-40cb-b04d-8a9d92d1a469" "tx8383e6ebf5464f5db7e11-0068e85c3a" "proxy-server 86594" 0.0022 "-" 93569 0
Oct 09 21:07:06 np0005479242.novalocal proxy-server[86594]: - - 10/Oct/2025/01/07/06 HEAD /v1/AUTH_7e08652c4e3e41b29e5f05d128f57ab8/gnocchi.cd13abe2-6327-40cb-b04d-8a9d92d1a469 HTTP/1.0 204 - Swift - - - - tx8383e6ebf5464f5db7e11-0068e85c3a - 0.0131 CS - 1760058426.103212595 1760058426.116322517 0
Oct 09 21:07:06 np0005479242.novalocal dnsmasq[99532]: read /var/lib/neutron/dhcp/f8d88511-8cda-4001-9df4-0dba751e575c/addn_hosts - 1 addresses
Oct 09 21:07:06 np0005479242.novalocal dnsmasq-dhcp[99532]: read /var/lib/neutron/dhcp/f8d88511-8cda-4001-9df4-0dba751e575c/host
Oct 09 21:07:06 np0005479242.novalocal dnsmasq-dhcp[99532]: read /var/lib/neutron/dhcp/f8d88511-8cda-4001-9df4-0dba751e575c/opts
Oct 09 21:07:06 np0005479242.novalocal container-server[93568]: ::1 - - [10/Oct/2025:01:07:06 +0000] "GET /1/58853/AUTH_7e08652c4e3e41b29e5f05d128f57ab8/gnocchi.cd13abe2-6327-40cb-b04d-8a9d92d1a469" 200 2 "GET http://[::1]:8080/v1/AUTH_7e08652c4e3e41b29e5f05d128f57ab8/gnocchi.cd13abe2-6327-40cb-b04d-8a9d92d1a469?format=json&states=listing" "tx8383e6ebf5464f5db7e11-0068e85c3a" "proxy-server 86594" 0.0065 "-" 93568 0
Oct 09 21:07:06 np0005479242.novalocal proxy-server[86594]: ::1 ::1 10/Oct/2025/01/07/06 GET /v1/AUTH_7e08652c4e3e41b29e5f05d128f57ab8/gnocchi.cd13abe2-6327-40cb-b04d-8a9d92d1a469%3Fformat%3Djson%26states%3Dlisting HTTP/1.0 200 - python-swiftclient-4.5.0 gAAAAABo6Fv-PTBu... - 2 - tx8383e6ebf5464f5db7e11-0068e85c3a - 0.0317 - - 1760058426.101504326 1760058426.133221388 0
Oct 09 21:07:06 np0005479242.novalocal object-server[93871]: ::1 - - [10/Oct/2025:01:07:06 +0000] "GET /2/201596/AUTH_7e08652c4e3e41b29e5f05d128f57ab8/gnocchi.cd13abe2-6327-40cb-b04d-8a9d92d1a469/1759320000.0_mean_300.0_v3" 404 70 "GET http://[::1]:8080/v1/AUTH_7e08652c4e3e41b29e5f05d128f57ab8/gnocchi.cd13abe2-6327-40cb-b04d-8a9d92d1a469/1759320000.0_mean_300.0_v3" "tx74f7f55f4c1c478cad834-0068e85c3a" "proxy-server 86594" 0.0003 "-" 93871 0
Oct 09 21:07:06 np0005479242.novalocal object-server[93870]: ::1 - - [10/Oct/2025:01:07:06 +0000] "GET /3/201596/AUTH_7e08652c4e3e41b29e5f05d128f57ab8/gnocchi.cd13abe2-6327-40cb-b04d-8a9d92d1a469/1759320000.0_mean_300.0_v3" 404 70 "GET http://[::1]:8080/v1/AUTH_7e08652c4e3e41b29e5f05d128f57ab8/gnocchi.cd13abe2-6327-40cb-b04d-8a9d92d1a469/1759320000.0_mean_300.0_v3" "tx74f7f55f4c1c478cad834-0068e85c3a" "proxy-server 86594" 0.0003 "-" 93870 0
Oct 09 21:07:06 np0005479242.novalocal object-server[93871]: ::1 - - [10/Oct/2025:01:07:06 +0000] "GET /1/201596/AUTH_7e08652c4e3e41b29e5f05d128f57ab8/gnocchi.cd13abe2-6327-40cb-b04d-8a9d92d1a469/1759320000.0_mean_300.0_v3" 404 70 "GET http://[::1]:8080/v1/AUTH_7e08652c4e3e41b29e5f05d128f57ab8/gnocchi.cd13abe2-6327-40cb-b04d-8a9d92d1a469/1759320000.0_mean_300.0_v3" "tx74f7f55f4c1c478cad834-0068e85c3a" "proxy-server 86594" 0.0002 "-" 93871 0
Oct 09 21:07:06 np0005479242.novalocal proxy-server[86594]: ::1 ::1 10/Oct/2025/01/07/06 GET /v1/AUTH_7e08652c4e3e41b29e5f05d128f57ab8/gnocchi.cd13abe2-6327-40cb-b04d-8a9d92d1a469/1759320000.0_mean_300.0_v3 HTTP/1.0 404 - python-swiftclient-4.5.0 gAAAAABo6Fv-PTBu... - 70 - tx74f7f55f4c1c478cad834-0068e85c3a - 0.0115 - - 1760058426.136573076 1760058426.148044825 0
Oct 09 21:07:06 np0005479242.novalocal container-server[93633]: Replication run OVER
Oct 09 21:07:06 np0005479242.novalocal container-server[93633]: Attempted to replicate 93 dbs in 3.18240 seconds (29.22327/s)
Oct 09 21:07:06 np0005479242.novalocal container-server[93633]: Removed 0 dbs
Oct 09 21:07:06 np0005479242.novalocal container-server[93633]: 186 successes, 0 failures
Oct 09 21:07:06 np0005479242.novalocal container-server[93633]: diff:0 diff_capped:0 empty:0 hashmatch:0 no_change:186 remote_merge:0 rsync:0 ts_repl:0
Oct 09 21:07:06 np0005479242.novalocal container-server[93568]: ::1 - - [10/Oct/2025:01:07:06 +0000] "PUT /3/58853/AUTH_7e08652c4e3e41b29e5f05d128f57ab8/gnocchi.cd13abe2-6327-40cb-b04d-8a9d92d1a469/1759320000.0_mean_300.0_v3" 201 - "PUT http://[::1]:8080/1/201596/AUTH_7e08652c4e3e41b29e5f05d128f57ab8/gnocchi.cd13abe2-6327-40cb-b04d-8a9d92d1a469/1759320000.0_mean_300.0_v3" "tx12f8d95871224e829db2e-0068e85c3a" "object-server 93871" 0.0011 "-" 93568 0
Oct 09 21:07:06 np0005479242.novalocal object-server[93871]: ::1 - - [10/Oct/2025:01:07:06 +0000] "PUT /1/201596/AUTH_7e08652c4e3e41b29e5f05d128f57ab8/gnocchi.cd13abe2-6327-40cb-b04d-8a9d92d1a469/1759320000.0_mean_300.0_v3" 201 - "PUT http://[::1]:8080/v1/AUTH_7e08652c4e3e41b29e5f05d128f57ab8/gnocchi.cd13abe2-6327-40cb-b04d-8a9d92d1a469/1759320000.0_mean_300.0_v3" "tx12f8d95871224e829db2e-0068e85c3a" "proxy-server 86594" 0.0280 "-" 93871 0
Oct 09 21:07:06 np0005479242.novalocal container-server[93569]: ::1 - - [10/Oct/2025:01:07:06 +0000] "HEAD /3/28727/AUTH_7e08652c4e3e41b29e5f05d128f57ab8/gnocchi.28d74f41-a7a7-45c1-9e41-91b55c68a23d" 404 - "HEAD http://[::1]:8080/v1/AUTH_7e08652c4e3e41b29e5f05d128f57ab8/gnocchi.28d74f41-a7a7-45c1-9e41-91b55c68a23d" "tx396e211eb742463bb626f-0068e85c3a" "proxy-server 86594" 0.0003 "-" 93569 0
Oct 09 21:07:06 np0005479242.novalocal container-server[93569]: ::1 - - [10/Oct/2025:01:07:06 +0000] "PUT /1/58853/AUTH_7e08652c4e3e41b29e5f05d128f57ab8/gnocchi.cd13abe2-6327-40cb-b04d-8a9d92d1a469/1759320000.0_mean_300.0_v3" 201 - "PUT http://[::1]:8080/2/201596/AUTH_7e08652c4e3e41b29e5f05d128f57ab8/gnocchi.cd13abe2-6327-40cb-b04d-8a9d92d1a469/1759320000.0_mean_300.0_v3" "tx12f8d95871224e829db2e-0068e85c3a" "object-server 93871" 0.0006 "-" 93569 0
Oct 09 21:07:06 np0005479242.novalocal object-server[93871]: ::1 - - [10/Oct/2025:01:07:06 +0000] "PUT /2/201596/AUTH_7e08652c4e3e41b29e5f05d128f57ab8/gnocchi.cd13abe2-6327-40cb-b04d-8a9d92d1a469/1759320000.0_mean_300.0_v3" 201 - "PUT http://[::1]:8080/v1/AUTH_7e08652c4e3e41b29e5f05d128f57ab8/gnocchi.cd13abe2-6327-40cb-b04d-8a9d92d1a469/1759320000.0_mean_300.0_v3" "tx12f8d95871224e829db2e-0068e85c3a" "proxy-server 86594" 0.0272 "-" 93871 0
Oct 09 21:07:06 np0005479242.novalocal container-server[93569]: ::1 - - [10/Oct/2025:01:07:06 +0000] "PUT /2/58853/AUTH_7e08652c4e3e41b29e5f05d128f57ab8/gnocchi.cd13abe2-6327-40cb-b04d-8a9d92d1a469/1759320000.0_mean_300.0_v3" 201 - "PUT http://[::1]:8080/3/201596/AUTH_7e08652c4e3e41b29e5f05d128f57ab8/gnocchi.cd13abe2-6327-40cb-b04d-8a9d92d1a469/1759320000.0_mean_300.0_v3" "tx12f8d95871224e829db2e-0068e85c3a" "object-server 93870" 0.0005 "-" 93569 0
Oct 09 21:07:06 np0005479242.novalocal container-server[93569]: ::1 - - [10/Oct/2025:01:07:06 +0000] "HEAD /2/28727/AUTH_7e08652c4e3e41b29e5f05d128f57ab8/gnocchi.28d74f41-a7a7-45c1-9e41-91b55c68a23d" 404 - "HEAD http://[::1]:8080/v1/AUTH_7e08652c4e3e41b29e5f05d128f57ab8/gnocchi.28d74f41-a7a7-45c1-9e41-91b55c68a23d" "tx396e211eb742463bb626f-0068e85c3a" "proxy-server 86594" 0.0002 "-" 93569 0
Oct 09 21:07:06 np0005479242.novalocal object-server[93870]: ::1 - - [10/Oct/2025:01:07:06 +0000] "PUT /3/201596/AUTH_7e08652c4e3e41b29e5f05d128f57ab8/gnocchi.cd13abe2-6327-40cb-b04d-8a9d92d1a469/1759320000.0_mean_300.0_v3" 201 - "PUT http://[::1]:8080/v1/AUTH_7e08652c4e3e41b29e5f05d128f57ab8/gnocchi.cd13abe2-6327-40cb-b04d-8a9d92d1a469/1759320000.0_mean_300.0_v3" "tx12f8d95871224e829db2e-0068e85c3a" "proxy-server 86594" 0.0366 "-" 93870 0
Oct 09 21:07:06 np0005479242.novalocal proxy-server[86594]: ::1 ::1 10/Oct/2025/01/07/06 PUT /v1/AUTH_7e08652c4e3e41b29e5f05d128f57ab8/gnocchi.cd13abe2-6327-40cb-b04d-8a9d92d1a469/1759320000.0_mean_300.0_v3 HTTP/1.0 201 - python-swiftclient-4.5.0 gAAAAABo6Fv-PTBu... 16 - - tx12f8d95871224e829db2e-0068e85c3a - 0.0496 - - 1760058426.152428627 1760058426.202019215 0
Oct 09 21:07:06 np0005479242.novalocal container-server[93569]: ::1 - - [10/Oct/2025:01:07:06 +0000] "HEAD /1/28727/AUTH_7e08652c4e3e41b29e5f05d128f57ab8/gnocchi.28d74f41-a7a7-45c1-9e41-91b55c68a23d" 404 - "HEAD http://[::1]:8080/v1/AUTH_7e08652c4e3e41b29e5f05d128f57ab8/gnocchi.28d74f41-a7a7-45c1-9e41-91b55c68a23d" "tx396e211eb742463bb626f-0068e85c3a" "proxy-server 86594" 0.0006 "-" 93569 0
Oct 09 21:07:06 np0005479242.novalocal proxy-server[86594]: - - 10/Oct/2025/01/07/06 HEAD /v1/AUTH_7e08652c4e3e41b29e5f05d128f57ab8/gnocchi.28d74f41-a7a7-45c1-9e41-91b55c68a23d HTTP/1.0 404 - Swift - - - - tx396e211eb742463bb626f-0068e85c3a - 0.0422 CS - 1760058426.168970585 1760058426.211145163 0
Oct 09 21:07:06 np0005479242.novalocal object-server[93871]: ::1 - - [10/Oct/2025:01:07:06 +0000] "GET /1/135652/AUTH_7e08652c4e3e41b29e5f05d128f57ab8/gnocchi.28d74f41-a7a7-45c1-9e41-91b55c68a23d/none_v3" 404 70 "GET http://[::1]:8080/v1/AUTH_7e08652c4e3e41b29e5f05d128f57ab8/gnocchi.28d74f41-a7a7-45c1-9e41-91b55c68a23d/none_v3" "tx396e211eb742463bb626f-0068e85c3a" "proxy-server 86594" 0.0003 "-" 93871 0
Oct 09 21:07:06 np0005479242.novalocal object-server[93871]: ::1 - - [10/Oct/2025:01:07:06 +0000] "GET /3/135652/AUTH_7e08652c4e3e41b29e5f05d128f57ab8/gnocchi.28d74f41-a7a7-45c1-9e41-91b55c68a23d/none_v3" 404 70 "GET http://[::1]:8080/v1/AUTH_7e08652c4e3e41b29e5f05d128f57ab8/gnocchi.28d74f41-a7a7-45c1-9e41-91b55c68a23d/none_v3" "tx396e211eb742463bb626f-0068e85c3a" "proxy-server 86594" 0.0002 "-" 93871 0
Oct 09 21:07:06 np0005479242.novalocal object-server[93871]: ::1 - - [10/Oct/2025:01:07:06 +0000] "GET /2/135652/AUTH_7e08652c4e3e41b29e5f05d128f57ab8/gnocchi.28d74f41-a7a7-45c1-9e41-91b55c68a23d/none_v3" 404 70 "GET http://[::1]:8080/v1/AUTH_7e08652c4e3e41b29e5f05d128f57ab8/gnocchi.28d74f41-a7a7-45c1-9e41-91b55c68a23d/none_v3" "tx396e211eb742463bb626f-0068e85c3a" "proxy-server 86594" 0.0002 "-" 93871 0
Oct 09 21:07:06 np0005479242.novalocal proxy-server[86594]: ::1 ::1 10/Oct/2025/01/07/06 GET /v1/AUTH_7e08652c4e3e41b29e5f05d128f57ab8/gnocchi.28d74f41-a7a7-45c1-9e41-91b55c68a23d/none_v3 HTTP/1.0 404 - python-swiftclient-4.5.0 gAAAAABo6Fv-oWcl... - 70 - tx396e211eb742463bb626f-0068e85c3a - 0.0560 - - 1760058426.166071653 1760058426.222056866 0
Oct 09 21:07:06 np0005479242.novalocal account-server[93272]: ::1 - - [10/Oct/2025:01:07:06 +0000] "PUT /3/130220/AUTH_7e08652c4e3e41b29e5f05d128f57ab8/gnocchi.28d74f41-a7a7-45c1-9e41-91b55c68a23d" 201 - "PUT http://[::1]:6001/2/28727/AUTH_7e08652c4e3e41b29e5f05d128f57ab8/gnocchi.28d74f41-a7a7-45c1-9e41-91b55c68a23d" "tx3da40322e0ce476697f2f-0068e85c3a" "container-server 93569" 0.0121 "-" 93272 0
Oct 09 21:07:06 np0005479242.novalocal container-server[93568]: ::1 - - [10/Oct/2025:01:07:06 +0000] "PUT /2/58853/AUTH_7e08652c4e3e41b29e5f05d128f57ab8/gnocchi.cd13abe2-6327-40cb-b04d-8a9d92d1a469/none_v3" 201 - "PUT http://[::1]:8080/1/205224/AUTH_7e08652c4e3e41b29e5f05d128f57ab8/gnocchi.cd13abe2-6327-40cb-b04d-8a9d92d1a469/none_v3" "txcc8a52f8661b4bd7926af-0068e85c3a" "object-server 93870" 0.0013 "-" 93568 0
Oct 09 21:07:06 np0005479242.novalocal container-server[93569]: ::1 - - [10/Oct/2025:01:07:06 +0000] "PUT /3/58853/AUTH_7e08652c4e3e41b29e5f05d128f57ab8/gnocchi.cd13abe2-6327-40cb-b04d-8a9d92d1a469/none_v3" 201 - "PUT http://[::1]:8080/2/205224/AUTH_7e08652c4e3e41b29e5f05d128f57ab8/gnocchi.cd13abe2-6327-40cb-b04d-8a9d92d1a469/none_v3" "txcc8a52f8661b4bd7926af-0068e85c3a" "object-server 93870" 0.0008 "-" 93569 0
Oct 09 21:07:06 np0005479242.novalocal object-server[93870]: ::1 - - [10/Oct/2025:01:07:06 +0000] "PUT /1/205224/AUTH_7e08652c4e3e41b29e5f05d128f57ab8/gnocchi.cd13abe2-6327-40cb-b04d-8a9d92d1a469/none_v3" 201 - "PUT http://[::1]:8080/v1/AUTH_7e08652c4e3e41b29e5f05d128f57ab8/gnocchi.cd13abe2-6327-40cb-b04d-8a9d92d1a469/none_v3" "txcc8a52f8661b4bd7926af-0068e85c3a" "proxy-server 86594" 0.0466 "-" 93870 0
Oct 09 21:07:06 np0005479242.novalocal container-server[93569]: ::1 - - [10/Oct/2025:01:07:06 +0000] "PUT /2/28727/AUTH_7e08652c4e3e41b29e5f05d128f57ab8/gnocchi.28d74f41-a7a7-45c1-9e41-91b55c68a23d" 201 - "PUT http://[::1]:8080/v1/AUTH_7e08652c4e3e41b29e5f05d128f57ab8/gnocchi.28d74f41-a7a7-45c1-9e41-91b55c68a23d" "tx3da40322e0ce476697f2f-0068e85c3a" "proxy-server 86594" 0.0331 "-" 93569 0
Oct 09 21:07:06 np0005479242.novalocal container-server[93568]: ::1 - - [10/Oct/2025:01:07:06 +0000] "PUT /1/58853/AUTH_7e08652c4e3e41b29e5f05d128f57ab8/gnocchi.cd13abe2-6327-40cb-b04d-8a9d92d1a469/none_v3" 201 - "PUT http://[::1]:8080/3/205224/AUTH_7e08652c4e3e41b29e5f05d128f57ab8/gnocchi.cd13abe2-6327-40cb-b04d-8a9d92d1a469/none_v3" "txcc8a52f8661b4bd7926af-0068e85c3a" "object-server 93870" 0.0008 "-" 93568 0
Oct 09 21:07:06 np0005479242.novalocal account-server[93271]: ::1 - - [10/Oct/2025:01:07:06 +0000] "PUT /1/130220/AUTH_7e08652c4e3e41b29e5f05d128f57ab8/gnocchi.28d74f41-a7a7-45c1-9e41-91b55c68a23d" 201 - "PUT http://[::1]:6001/1/28727/AUTH_7e08652c4e3e41b29e5f05d128f57ab8/gnocchi.28d74f41-a7a7-45c1-9e41-91b55c68a23d" "tx3da40322e0ce476697f2f-0068e85c3a" "container-server 93568" 0.0044 "-" 93271 0
Oct 09 21:07:06 np0005479242.novalocal object-server[93870]: ::1 - - [10/Oct/2025:01:07:06 +0000] "PUT /2/205224/AUTH_7e08652c4e3e41b29e5f05d128f57ab8/gnocchi.cd13abe2-6327-40cb-b04d-8a9d92d1a469/none_v3" 201 - "PUT http://[::1]:8080/v1/AUTH_7e08652c4e3e41b29e5f05d128f57ab8/gnocchi.cd13abe2-6327-40cb-b04d-8a9d92d1a469/none_v3" "txcc8a52f8661b4bd7926af-0068e85c3a" "proxy-server 86594" 0.0397 "-" 93870 0
Oct 09 21:07:06 np0005479242.novalocal object-server[93870]: ::1 - - [10/Oct/2025:01:07:06 +0000] "PUT /3/205224/AUTH_7e08652c4e3e41b29e5f05d128f57ab8/gnocchi.cd13abe2-6327-40cb-b04d-8a9d92d1a469/none_v3" 201 - "PUT http://[::1]:8080/v1/AUTH_7e08652c4e3e41b29e5f05d128f57ab8/gnocchi.cd13abe2-6327-40cb-b04d-8a9d92d1a469/none_v3" "txcc8a52f8661b4bd7926af-0068e85c3a" "proxy-server 86594" 0.0463 "-" 93870 0
Oct 09 21:07:06 np0005479242.novalocal container-server[93568]: ::1 - - [10/Oct/2025:01:07:06 +0000] "PUT /1/28727/AUTH_7e08652c4e3e41b29e5f05d128f57ab8/gnocchi.28d74f41-a7a7-45c1-9e41-91b55c68a23d" 201 - "PUT http://[::1]:8080/v1/AUTH_7e08652c4e3e41b29e5f05d128f57ab8/gnocchi.28d74f41-a7a7-45c1-9e41-91b55c68a23d" "tx3da40322e0ce476697f2f-0068e85c3a" "proxy-server 86594" 0.0192 "-" 93568 0
Oct 09 21:07:06 np0005479242.novalocal account-server[93272]: ::1 - - [10/Oct/2025:01:07:06 +0000] "PUT /2/130220/AUTH_7e08652c4e3e41b29e5f05d128f57ab8/gnocchi.28d74f41-a7a7-45c1-9e41-91b55c68a23d" 201 - "PUT http://[::1]:6001/3/28727/AUTH_7e08652c4e3e41b29e5f05d128f57ab8/gnocchi.28d74f41-a7a7-45c1-9e41-91b55c68a23d" "tx3da40322e0ce476697f2f-0068e85c3a" "container-server 93568" 0.0055 "-" 93272 0
Oct 09 21:07:06 np0005479242.novalocal proxy-server[86594]: ::1 ::1 10/Oct/2025/01/07/06 PUT /v1/AUTH_7e08652c4e3e41b29e5f05d128f57ab8/gnocchi.cd13abe2-6327-40cb-b04d-8a9d92d1a469/none_v3 HTTP/1.0 201 - python-swiftclient-4.5.0 gAAAAABo6Fv-PTBu... 22 - - txcc8a52f8661b4bd7926af-0068e85c3a - 0.0638 - - 1760058426.204748392 1760058426.268532991 0
Oct 09 21:07:06 np0005479242.novalocal container-server[93568]: ::1 - - [10/Oct/2025:01:07:06 +0000] "PUT /3/28727/AUTH_7e08652c4e3e41b29e5f05d128f57ab8/gnocchi.28d74f41-a7a7-45c1-9e41-91b55c68a23d" 201 - "PUT http://[::1]:8080/v1/AUTH_7e08652c4e3e41b29e5f05d128f57ab8/gnocchi.28d74f41-a7a7-45c1-9e41-91b55c68a23d" "tx3da40322e0ce476697f2f-0068e85c3a" "proxy-server 86594" 0.0384 "-" 93568 0
Oct 09 21:07:06 np0005479242.novalocal proxy-server[86594]: ::1 ::1 10/Oct/2025/01/07/06 PUT /v1/AUTH_7e08652c4e3e41b29e5f05d128f57ab8/gnocchi.28d74f41-a7a7-45c1-9e41-91b55c68a23d HTTP/1.0 201 - python-swiftclient-4.5.0 gAAAAABo6Fv-oWcl... - - - tx3da40322e0ce476697f2f-0068e85c3a - 0.0463 - - 1760058426.225685835 1760058426.271959782 0
Oct 09 21:07:06 np0005479242.novalocal container-server[93569]: ::1 - - [10/Oct/2025:01:07:06 +0000] "HEAD /3/28727/AUTH_7e08652c4e3e41b29e5f05d128f57ab8/gnocchi.28d74f41-a7a7-45c1-9e41-91b55c68a23d" 204 - "HEAD http://[::1]:8080/v1/AUTH_7e08652c4e3e41b29e5f05d128f57ab8/gnocchi.28d74f41-a7a7-45c1-9e41-91b55c68a23d" "tx299d10f6727444a29bc5a-0068e85c3a" "proxy-server 86594" 0.0037 "-" 93569 0
Oct 09 21:07:06 np0005479242.novalocal proxy-server[86594]: - - 10/Oct/2025/01/07/06 HEAD /v1/AUTH_7e08652c4e3e41b29e5f05d128f57ab8/gnocchi.28d74f41-a7a7-45c1-9e41-91b55c68a23d HTTP/1.0 204 - Swift - - - - tx299d10f6727444a29bc5a-0068e85c3a - 0.0118 CS - 1760058426.278473616 1760058426.290225506 0
Oct 09 21:07:06 np0005479242.novalocal object-server[93871]: ::1 - - [10/Oct/2025:01:07:06 +0000] "GET /1/55067/AUTH_7e08652c4e3e41b29e5f05d128f57ab8/gnocchi.0036b8df-a318-4b67-a319-2fd50a2fe85e/none_v3" 200 50 "GET http://[::1]:8080/v1/AUTH_7e08652c4e3e41b29e5f05d128f57ab8/gnocchi.0036b8df-a318-4b67-a319-2fd50a2fe85e/none_v3" "tx5ce2e216d1d2477e82b64-0068e85c3a" "proxy-server 86594" 0.0017 "-" 93871 0
Oct 09 21:07:06 np0005479242.novalocal proxy-server[86594]: ::1 ::1 10/Oct/2025/01/07/06 GET /v1/AUTH_7e08652c4e3e41b29e5f05d128f57ab8/gnocchi.0036b8df-a318-4b67-a319-2fd50a2fe85e/none_v3 HTTP/1.0 200 - python-swiftclient-4.5.0 gAAAAABo6Fv-PTBu... - 50 - tx5ce2e216d1d2477e82b64-0068e85c3a - 0.0102 - - 1760058426.285925627 1760058426.296122551 0
Oct 09 21:07:06 np0005479242.novalocal container-server[93569]: ::1 - - [10/Oct/2025:01:07:06 +0000] "GET /2/28727/AUTH_7e08652c4e3e41b29e5f05d128f57ab8/gnocchi.28d74f41-a7a7-45c1-9e41-91b55c68a23d" 200 2 "GET http://[::1]:8080/v1/AUTH_7e08652c4e3e41b29e5f05d128f57ab8/gnocchi.28d74f41-a7a7-45c1-9e41-91b55c68a23d?format=json&states=listing" "tx299d10f6727444a29bc5a-0068e85c3a" "proxy-server 86594" 0.0052 "-" 93569 0
Oct 09 21:07:06 np0005479242.novalocal proxy-server[86594]: ::1 ::1 10/Oct/2025/01/07/06 GET /v1/AUTH_7e08652c4e3e41b29e5f05d128f57ab8/gnocchi.28d74f41-a7a7-45c1-9e41-91b55c68a23d%3Fformat%3Djson%26states%3Dlisting HTTP/1.0 200 - python-swiftclient-4.5.0 gAAAAABo6Fv-oWcl... - 2 - tx299d10f6727444a29bc5a-0068e85c3a - 0.0262 - - 1760058426.277695656 1760058426.303864717 0
Oct 09 21:07:06 np0005479242.novalocal container-server[93568]: ::1 - - [10/Oct/2025:01:07:06 +0000] "GET /3/172711/AUTH_7e08652c4e3e41b29e5f05d128f57ab8/gnocchi.0036b8df-a318-4b67-a319-2fd50a2fe85e" 200 357 "GET http://[::1]:8080/v1/AUTH_7e08652c4e3e41b29e5f05d128f57ab8/gnocchi.0036b8df-a318-4b67-a319-2fd50a2fe85e?format=json&states=listing" "tx43d1248196b047b4b2c2f-0068e85c3a" "proxy-server 86594" 0.0051 "-" 93568 0
Oct 09 21:07:06 np0005479242.novalocal proxy-server[86594]: ::1 ::1 10/Oct/2025/01/07/06 GET /v1/AUTH_7e08652c4e3e41b29e5f05d128f57ab8/gnocchi.0036b8df-a318-4b67-a319-2fd50a2fe85e%3Fformat%3Djson%26states%3Dlisting HTTP/1.0 200 - python-swiftclient-4.5.0 gAAAAABo6Fv-PTBu... - 357 - tx43d1248196b047b4b2c2f-0068e85c3a - 0.0153 - - 1760058426.302881002 1760058426.318200588 0
Oct 09 21:07:06 np0005479242.novalocal object-server[93870]: ::1 - - [10/Oct/2025:01:07:06 +0000] "GET /2/196849/AUTH_7e08652c4e3e41b29e5f05d128f57ab8/gnocchi.28d74f41-a7a7-45c1-9e41-91b55c68a23d/1759320000.0_mean_300.0_v3" 404 70 "GET http://[::1]:8080/v1/AUTH_7e08652c4e3e41b29e5f05d128f57ab8/gnocchi.28d74f41-a7a7-45c1-9e41-91b55c68a23d/1759320000.0_mean_300.0_v3" "txd6cbb5afb1d94e078e0bb-0068e85c3a" "proxy-server 86594" 0.0005 "-" 93870 0
Oct 09 21:07:06 np0005479242.novalocal object-server[93871]: ::1 - - [10/Oct/2025:01:07:06 +0000] "GET /1/196849/AUTH_7e08652c4e3e41b29e5f05d128f57ab8/gnocchi.28d74f41-a7a7-45c1-9e41-91b55c68a23d/1759320000.0_mean_300.0_v3" 404 70 "GET http://[::1]:8080/v1/AUTH_7e08652c4e3e41b29e5f05d128f57ab8/gnocchi.28d74f41-a7a7-45c1-9e41-91b55c68a23d/1759320000.0_mean_300.0_v3" "txd6cbb5afb1d94e078e0bb-0068e85c3a" "proxy-server 86594" 0.0004 "-" 93871 0
Oct 09 21:07:06 np0005479242.novalocal object-server[93870]: ::1 - - [10/Oct/2025:01:07:06 +0000] "GET /3/196849/AUTH_7e08652c4e3e41b29e5f05d128f57ab8/gnocchi.28d74f41-a7a7-45c1-9e41-91b55c68a23d/1759320000.0_mean_300.0_v3" 404 70 "GET http://[::1]:8080/v1/AUTH_7e08652c4e3e41b29e5f05d128f57ab8/gnocchi.28d74f41-a7a7-45c1-9e41-91b55c68a23d/1759320000.0_mean_300.0_v3" "txd6cbb5afb1d94e078e0bb-0068e85c3a" "proxy-server 86594" 0.0004 "-" 93870 0
Oct 09 21:07:06 np0005479242.novalocal proxy-server[86594]: ::1 ::1 10/Oct/2025/01/07/06 GET /v1/AUTH_7e08652c4e3e41b29e5f05d128f57ab8/gnocchi.28d74f41-a7a7-45c1-9e41-91b55c68a23d/1759320000.0_mean_300.0_v3 HTTP/1.0 404 - python-swiftclient-4.5.0 gAAAAABo6Fv-oWcl... - 70 - txd6cbb5afb1d94e078e0bb-0068e85c3a - 0.0263 - - 1760058426.308778763 1760058426.335112095 0
Oct 09 21:07:06 np0005479242.novalocal container-server[93569]: ::1 - - [10/Oct/2025:01:07:06 +0000] "GET /2/172711/AUTH_7e08652c4e3e41b29e5f05d128f57ab8/gnocchi.0036b8df-a318-4b67-a319-2fd50a2fe85e" 200 2 "GET http://[::1]:8080/v1/AUTH_7e08652c4e3e41b29e5f05d128f57ab8/gnocchi.0036b8df-a318-4b67-a319-2fd50a2fe85e?format=json&marker=none_v3&states=listing" "tx3bcbd73529cd4e1ba913b-0068e85c3a" "proxy-server 86594" 0.0047 "-" 93569 0
Oct 09 21:07:06 np0005479242.novalocal proxy-server[86594]: ::1 ::1 10/Oct/2025/01/07/06 GET /v1/AUTH_7e08652c4e3e41b29e5f05d128f57ab8/gnocchi.0036b8df-a318-4b67-a319-2fd50a2fe85e%3Fformat%3Djson%26marker%3Dnone_v3%26states%3Dlisting HTTP/1.0 200 - python-swiftclient-4.5.0 gAAAAABo6Fv-PTBu... - 2 - tx3bcbd73529cd4e1ba913b-0068e85c3a - 0.0210 - - 1760058426.322430611 1760058426.343460798 0
Oct 09 21:07:06 np0005479242.novalocal object-server[93870]: ::1 - - [10/Oct/2025:01:07:06 +0000] "GET /1/151926/AUTH_7e08652c4e3e41b29e5f05d128f57ab8/gnocchi.0036b8df-a318-4b67-a319-2fd50a2fe85e/1759320000.0_mean_300.0_v3" 200 16 "GET http://[::1]:8080/v1/AUTH_7e08652c4e3e41b29e5f05d128f57ab8/gnocchi.0036b8df-a318-4b67-a319-2fd50a2fe85e/1759320000.0_mean_300.0_v3" "tx4e10a0f4a0ef46efa896e-0068e85c3a" "proxy-server 86594" 0.0018 "-" 93870 0
Oct 09 21:07:06 np0005479242.novalocal proxy-server[86594]: ::1 ::1 10/Oct/2025/01/07/06 GET /v1/AUTH_7e08652c4e3e41b29e5f05d128f57ab8/gnocchi.0036b8df-a318-4b67-a319-2fd50a2fe85e/1759320000.0_mean_300.0_v3 HTTP/1.0 200 - python-swiftclient-4.5.0 gAAAAABo6Fv-PTBu... - 16 - tx4e10a0f4a0ef46efa896e-0068e85c3a - 0.0073 - - 1760058426.355066299 1760058426.362372637 0
Oct 09 21:07:06 np0005479242.novalocal container-server[93568]: ::1 - - [10/Oct/2025:01:07:06 +0000] "PUT /2/28727/AUTH_7e08652c4e3e41b29e5f05d128f57ab8/gnocchi.28d74f41-a7a7-45c1-9e41-91b55c68a23d/1759320000.0_mean_300.0_v3" 201 - "PUT http://[::1]:8080/2/196849/AUTH_7e08652c4e3e41b29e5f05d128f57ab8/gnocchi.28d74f41-a7a7-45c1-9e41-91b55c68a23d/1759320000.0_mean_300.0_v3" "txa52e468d820d4a36b096d-0068e85c3a" "object-server 93871" 0.0018 "-" 93568 0
Oct 09 21:07:06 np0005479242.novalocal object-server[93871]: ::1 - - [10/Oct/2025:01:07:06 +0000] "PUT /2/196849/AUTH_7e08652c4e3e41b29e5f05d128f57ab8/gnocchi.28d74f41-a7a7-45c1-9e41-91b55c68a23d/1759320000.0_mean_300.0_v3" 201 - "PUT http://[::1]:8080/v1/AUTH_7e08652c4e3e41b29e5f05d128f57ab8/gnocchi.28d74f41-a7a7-45c1-9e41-91b55c68a23d/1759320000.0_mean_300.0_v3" "txa52e468d820d4a36b096d-0068e85c3a" "proxy-server 86594" 0.0143 "-" 93871 0
Oct 09 21:07:06 np0005479242.novalocal container-server[93569]: ::1 - - [10/Oct/2025:01:07:06 +0000] "PUT /1/28727/AUTH_7e08652c4e3e41b29e5f05d128f57ab8/gnocchi.28d74f41-a7a7-45c1-9e41-91b55c68a23d/1759320000.0_mean_300.0_v3" 201 - "PUT http://[::1]:8080/1/196849/AUTH_7e08652c4e3e41b29e5f05d128f57ab8/gnocchi.28d74f41-a7a7-45c1-9e41-91b55c68a23d/1759320000.0_mean_300.0_v3" "txa52e468d820d4a36b096d-0068e85c3a" "object-server 93870" 0.0008 "-" 93569 0
Oct 09 21:07:06 np0005479242.novalocal object-server[93870]: ::1 - - [10/Oct/2025:01:07:06 +0000] "PUT /1/196849/AUTH_7e08652c4e3e41b29e5f05d128f57ab8/gnocchi.28d74f41-a7a7-45c1-9e41-91b55c68a23d/1759320000.0_mean_300.0_v3" 201 - "PUT http://[::1]:8080/v1/AUTH_7e08652c4e3e41b29e5f05d128f57ab8/gnocchi.28d74f41-a7a7-45c1-9e41-91b55c68a23d/1759320000.0_mean_300.0_v3" "txa52e468d820d4a36b096d-0068e85c3a" "proxy-server 86594" 0.0156 "-" 93870 0
Oct 09 21:07:06 np0005479242.novalocal container-server[93569]: ::1 - - [10/Oct/2025:01:07:06 +0000] "PUT /3/28727/AUTH_7e08652c4e3e41b29e5f05d128f57ab8/gnocchi.28d74f41-a7a7-45c1-9e41-91b55c68a23d/1759320000.0_mean_300.0_v3" 201 - "PUT http://[::1]:8080/3/196849/AUTH_7e08652c4e3e41b29e5f05d128f57ab8/gnocchi.28d74f41-a7a7-45c1-9e41-91b55c68a23d/1759320000.0_mean_300.0_v3" "txa52e468d820d4a36b096d-0068e85c3a" "object-server 93870" 0.0007 "-" 93569 0
Oct 09 21:07:06 np0005479242.novalocal object-server[93870]: ::1 - - [10/Oct/2025:01:07:06 +0000] "PUT /3/196849/AUTH_7e08652c4e3e41b29e5f05d128f57ab8/gnocchi.28d74f41-a7a7-45c1-9e41-91b55c68a23d/1759320000.0_mean_300.0_v3" 201 - "PUT http://[::1]:8080/v1/AUTH_7e08652c4e3e41b29e5f05d128f57ab8/gnocchi.28d74f41-a7a7-45c1-9e41-91b55c68a23d/1759320000.0_mean_300.0_v3" "txa52e468d820d4a36b096d-0068e85c3a" "proxy-server 86594" 0.0158 "-" 93870 0
Oct 09 21:07:06 np0005479242.novalocal proxy-server[86594]: ::1 ::1 10/Oct/2025/01/07/06 PUT /v1/AUTH_7e08652c4e3e41b29e5f05d128f57ab8/gnocchi.28d74f41-a7a7-45c1-9e41-91b55c68a23d/1759320000.0_mean_300.0_v3 HTTP/1.0 201 - python-swiftclient-4.5.0 gAAAAABo6Fv-oWcl... 16 - - txa52e468d820d4a36b096d-0068e85c3a - 0.0312 - - 1760058426.339675426 1760058426.370865107 0
Oct 09 21:07:06 np0005479242.novalocal container-server[93569]: ::1 - - [10/Oct/2025:01:07:06 +0000] "PUT /2/172711/AUTH_7e08652c4e3e41b29e5f05d128f57ab8/gnocchi.0036b8df-a318-4b67-a319-2fd50a2fe85e/1759320000.0_mean_300.0_v3" 201 - "PUT http://[::1]:8080/1/151926/AUTH_7e08652c4e3e41b29e5f05d128f57ab8/gnocchi.0036b8df-a318-4b67-a319-2fd50a2fe85e/1759320000.0_mean_300.0_v3" "txed2038fe425148bdad24a-0068e85c3a" "object-server 93870" 0.0017 "-" 93569 0
Oct 09 21:07:06 np0005479242.novalocal object-server[93870]: ::1 - - [10/Oct/2025:01:07:06 +0000] "PUT /1/151926/AUTH_7e08652c4e3e41b29e5f05d128f57ab8/gnocchi.0036b8df-a318-4b67-a319-2fd50a2fe85e/1759320000.0_mean_300.0_v3" 201 - "PUT http://[::1]:8080/v1/AUTH_7e08652c4e3e41b29e5f05d128f57ab8/gnocchi.0036b8df-a318-4b67-a319-2fd50a2fe85e/1759320000.0_mean_300.0_v3" "txed2038fe425148bdad24a-0068e85c3a" "proxy-server 86594" 0.0135 "-" 93870 0
Oct 09 21:07:06 np0005479242.novalocal container-server[93569]: ::1 - - [10/Oct/2025:01:07:06 +0000] "PUT /1/172711/AUTH_7e08652c4e3e41b29e5f05d128f57ab8/gnocchi.0036b8df-a318-4b67-a319-2fd50a2fe85e/1759320000.0_mean_300.0_v3" 201 - "PUT http://[::1]:8080/3/151926/AUTH_7e08652c4e3e41b29e5f05d128f57ab8/gnocchi.0036b8df-a318-4b67-a319-2fd50a2fe85e/1759320000.0_mean_300.0_v3" "txed2038fe425148bdad24a-0068e85c3a" "object-server 93870" 0.0006 "-" 93569 0
Oct 09 21:07:06 np0005479242.novalocal container-server[93568]: ::1 - - [10/Oct/2025:01:07:06 +0000] "PUT /3/172711/AUTH_7e08652c4e3e41b29e5f05d128f57ab8/gnocchi.0036b8df-a318-4b67-a319-2fd50a2fe85e/1759320000.0_mean_300.0_v3" 201 - "PUT http://[::1]:8080/2/151926/AUTH_7e08652c4e3e41b29e5f05d128f57ab8/gnocchi.0036b8df-a318-4b67-a319-2fd50a2fe85e/1759320000.0_mean_300.0_v3" "txed2038fe425148bdad24a-0068e85c3a" "object-server 93870" 0.0009 "-" 93568 0
Oct 09 21:07:06 np0005479242.novalocal object-server[93870]: ::1 - - [10/Oct/2025:01:07:06 +0000] "PUT /3/151926/AUTH_7e08652c4e3e41b29e5f05d128f57ab8/gnocchi.0036b8df-a318-4b67-a319-2fd50a2fe85e/1759320000.0_mean_300.0_v3" 201 - "PUT http://[::1]:8080/v1/AUTH_7e08652c4e3e41b29e5f05d128f57ab8/gnocchi.0036b8df-a318-4b67-a319-2fd50a2fe85e/1759320000.0_mean_300.0_v3" "txed2038fe425148bdad24a-0068e85c3a" "proxy-server 86594" 0.0177 "-" 93870 0
Oct 09 21:07:06 np0005479242.novalocal object-server[93870]: ::1 - - [10/Oct/2025:01:07:06 +0000] "PUT /2/151926/AUTH_7e08652c4e3e41b29e5f05d128f57ab8/gnocchi.0036b8df-a318-4b67-a319-2fd50a2fe85e/1759320000.0_mean_300.0_v3" 201 - "PUT http://[::1]:8080/v1/AUTH_7e08652c4e3e41b29e5f05d128f57ab8/gnocchi.0036b8df-a318-4b67-a319-2fd50a2fe85e/1759320000.0_mean_300.0_v3" "txed2038fe425148bdad24a-0068e85c3a" "proxy-server 86594" 0.0210 "-" 93870 0
Oct 09 21:07:06 np0005479242.novalocal proxy-server[86594]: ::1 ::1 10/Oct/2025/01/07/06 PUT /v1/AUTH_7e08652c4e3e41b29e5f05d128f57ab8/gnocchi.0036b8df-a318-4b67-a319-2fd50a2fe85e/1759320000.0_mean_300.0_v3 HTTP/1.0 201 - python-swiftclient-4.5.0 gAAAAABo6Fv-PTBu... 16 - - txed2038fe425148bdad24a-0068e85c3a - 0.0277 - - 1760058426.364628553 1760058426.392344475 0
Oct 09 21:07:06 np0005479242.novalocal container-server[93568]: ::1 - - [10/Oct/2025:01:07:06 +0000] "PUT /3/28727/AUTH_7e08652c4e3e41b29e5f05d128f57ab8/gnocchi.28d74f41-a7a7-45c1-9e41-91b55c68a23d/none_v3" 201 - "PUT http://[::1]:8080/3/135652/AUTH_7e08652c4e3e41b29e5f05d128f57ab8/gnocchi.28d74f41-a7a7-45c1-9e41-91b55c68a23d/none_v3" "txb70396bb543b42f994846-0068e85c3a" "object-server 93870" 0.0009 "-" 93568 0
Oct 09 21:07:06 np0005479242.novalocal object-server[93870]: ::1 - - [10/Oct/2025:01:07:06 +0000] "PUT /3/135652/AUTH_7e08652c4e3e41b29e5f05d128f57ab8/gnocchi.28d74f41-a7a7-45c1-9e41-91b55c68a23d/none_v3" 201 - "PUT http://[::1]:8080/v1/AUTH_7e08652c4e3e41b29e5f05d128f57ab8/gnocchi.28d74f41-a7a7-45c1-9e41-91b55c68a23d/none_v3" "txb70396bb543b42f994846-0068e85c3a" "proxy-server 86594" 0.0211 "-" 93870 0
Oct 09 21:07:06 np0005479242.novalocal container-server[93569]: ::1 - - [10/Oct/2025:01:07:06 +0000] "PUT /2/28727/AUTH_7e08652c4e3e41b29e5f05d128f57ab8/gnocchi.28d74f41-a7a7-45c1-9e41-91b55c68a23d/none_v3" 201 - "PUT http://[::1]:8080/2/135652/AUTH_7e08652c4e3e41b29e5f05d128f57ab8/gnocchi.28d74f41-a7a7-45c1-9e41-91b55c68a23d/none_v3" "txb70396bb543b42f994846-0068e85c3a" "object-server 93871" 0.0006 "-" 93569 0
Oct 09 21:07:06 np0005479242.novalocal object-server[93871]: ::1 - - [10/Oct/2025:01:07:06 +0000] "PUT /2/135652/AUTH_7e08652c4e3e41b29e5f05d128f57ab8/gnocchi.28d74f41-a7a7-45c1-9e41-91b55c68a23d/none_v3" 201 - "PUT http://[::1]:8080/v1/AUTH_7e08652c4e3e41b29e5f05d128f57ab8/gnocchi.28d74f41-a7a7-45c1-9e41-91b55c68a23d/none_v3" "txb70396bb543b42f994846-0068e85c3a" "proxy-server 86594" 0.0224 "-" 93871 0
Oct 09 21:07:06 np0005479242.novalocal container-server[93569]: ::1 - - [10/Oct/2025:01:07:06 +0000] "PUT /1/28727/AUTH_7e08652c4e3e41b29e5f05d128f57ab8/gnocchi.28d74f41-a7a7-45c1-9e41-91b55c68a23d/none_v3" 201 - "PUT http://[::1]:8080/1/135652/AUTH_7e08652c4e3e41b29e5f05d128f57ab8/gnocchi.28d74f41-a7a7-45c1-9e41-91b55c68a23d/none_v3" "txb70396bb543b42f994846-0068e85c3a" "object-server 93871" 0.0006 "-" 93569 0
Oct 09 21:07:06 np0005479242.novalocal object-server[93871]: ::1 - - [10/Oct/2025:01:07:06 +0000] "PUT /1/135652/AUTH_7e08652c4e3e41b29e5f05d128f57ab8/gnocchi.28d74f41-a7a7-45c1-9e41-91b55c68a23d/none_v3" 201 - "PUT http://[::1]:8080/v1/AUTH_7e08652c4e3e41b29e5f05d128f57ab8/gnocchi.28d74f41-a7a7-45c1-9e41-91b55c68a23d/none_v3" "txb70396bb543b42f994846-0068e85c3a" "proxy-server 86594" 0.0259 "-" 93871 0
Oct 09 21:07:06 np0005479242.novalocal proxy-server[86594]: ::1 ::1 10/Oct/2025/01/07/06 PUT /v1/AUTH_7e08652c4e3e41b29e5f05d128f57ab8/gnocchi.28d74f41-a7a7-45c1-9e41-91b55c68a23d/none_v3 HTTP/1.0 201 - python-swiftclient-4.5.0 gAAAAABo6Fv-oWcl... 22 - - txb70396bb543b42f994846-0068e85c3a - 0.0393 - - 1760058426.373979568 1760058426.413322687 0
Oct 09 21:07:06 np0005479242.novalocal container-server[93568]: ::1 - - [10/Oct/2025:01:07:06 +0000] "PUT /1/172711/AUTH_7e08652c4e3e41b29e5f05d128f57ab8/gnocchi.0036b8df-a318-4b67-a319-2fd50a2fe85e/none_v3" 201 - "PUT http://[::1]:8080/3/55067/AUTH_7e08652c4e3e41b29e5f05d128f57ab8/gnocchi.0036b8df-a318-4b67-a319-2fd50a2fe85e/none_v3" "tx5794546061a0476d954b5-0068e85c3a" "object-server 93870" 0.0009 "-" 93568 0
Oct 09 21:07:06 np0005479242.novalocal object-server[93870]: ::1 - - [10/Oct/2025:01:07:06 +0000] "PUT /3/55067/AUTH_7e08652c4e3e41b29e5f05d128f57ab8/gnocchi.0036b8df-a318-4b67-a319-2fd50a2fe85e/none_v3" 201 - "PUT http://[::1]:8080/v1/AUTH_7e08652c4e3e41b29e5f05d128f57ab8/gnocchi.0036b8df-a318-4b67-a319-2fd50a2fe85e/none_v3" "tx5794546061a0476d954b5-0068e85c3a" "proxy-server 86594" 0.0171 "-" 93870 0
Oct 09 21:07:06 np0005479242.novalocal container-server[93569]: ::1 - - [10/Oct/2025:01:07:06 +0000] "PUT /3/172711/AUTH_7e08652c4e3e41b29e5f05d128f57ab8/gnocchi.0036b8df-a318-4b67-a319-2fd50a2fe85e/none_v3" 201 - "PUT http://[::1]:8080/2/55067/AUTH_7e08652c4e3e41b29e5f05d128f57ab8/gnocchi.0036b8df-a318-4b67-a319-2fd50a2fe85e/none_v3" "tx5794546061a0476d954b5-0068e85c3a" "object-server 93870" 0.0007 "-" 93569 0
Oct 09 21:07:06 np0005479242.novalocal container-server[93568]: ::1 - - [10/Oct/2025:01:07:06 +0000] "PUT /2/172711/AUTH_7e08652c4e3e41b29e5f05d128f57ab8/gnocchi.0036b8df-a318-4b67-a319-2fd50a2fe85e/none_v3" 201 - "PUT http://[::1]:8080/1/55067/AUTH_7e08652c4e3e41b29e5f05d128f57ab8/gnocchi.0036b8df-a318-4b67-a319-2fd50a2fe85e/none_v3" "tx5794546061a0476d954b5-0068e85c3a" "object-server 93870" 0.0007 "-" 93568 0
Oct 09 21:07:06 np0005479242.novalocal object-server[93870]: ::1 - - [10/Oct/2025:01:07:06 +0000] "PUT /2/55067/AUTH_7e08652c4e3e41b29e5f05d128f57ab8/gnocchi.0036b8df-a318-4b67-a319-2fd50a2fe85e/none_v3" 201 - "PUT http://[::1]:8080/v1/AUTH_7e08652c4e3e41b29e5f05d128f57ab8/gnocchi.0036b8df-a318-4b67-a319-2fd50a2fe85e/none_v3" "tx5794546061a0476d954b5-0068e85c3a" "proxy-server 86594" 0.0182 "-" 93870 0
Oct 09 21:07:06 np0005479242.novalocal object-server[93870]: ::1 - - [10/Oct/2025:01:07:06 +0000] "PUT /1/55067/AUTH_7e08652c4e3e41b29e5f05d128f57ab8/gnocchi.0036b8df-a318-4b67-a319-2fd50a2fe85e/none_v3" 201 - "PUT http://[::1]:8080/v1/AUTH_7e08652c4e3e41b29e5f05d128f57ab8/gnocchi.0036b8df-a318-4b67-a319-2fd50a2fe85e/none_v3" "tx5794546061a0476d954b5-0068e85c3a" "proxy-server 86594" 0.0219 "-" 93870 0
Oct 09 21:07:06 np0005479242.novalocal proxy-server[86594]: ::1 ::1 10/Oct/2025/01/07/06 PUT /v1/AUTH_7e08652c4e3e41b29e5f05d128f57ab8/gnocchi.0036b8df-a318-4b67-a319-2fd50a2fe85e/none_v3 HTTP/1.0 201 - python-swiftclient-4.5.0 gAAAAABo6Fv-PTBu... 75 - - tx5794546061a0476d954b5-0068e85c3a - 0.0285 - - 1760058426.407630444 1760058426.436136007 0
Oct 09 21:07:06 np0005479242.novalocal container-server[93568]: ::1 - - [10/Oct/2025:01:07:06 +0000] "HEAD /3/5398/AUTH_7e08652c4e3e41b29e5f05d128f57ab8/gnocchi.6620d9e6-fc14-4a55-813c-e814c6677cfe" 404 - "HEAD http://[::1]:8080/v1/AUTH_7e08652c4e3e41b29e5f05d128f57ab8/gnocchi.6620d9e6-fc14-4a55-813c-e814c6677cfe" "tx123d4f569fac4eb3bb5cb-0068e85c3a" "proxy-server 86594" 0.0006 "-" 93568 0
Oct 09 21:07:06 np0005479242.novalocal container-server[93569]: ::1 - - [10/Oct/2025:01:07:06 +0000] "HEAD /2/5398/AUTH_7e08652c4e3e41b29e5f05d128f57ab8/gnocchi.6620d9e6-fc14-4a55-813c-e814c6677cfe" 404 - "HEAD http://[::1]:8080/v1/AUTH_7e08652c4e3e41b29e5f05d128f57ab8/gnocchi.6620d9e6-fc14-4a55-813c-e814c6677cfe" "tx123d4f569fac4eb3bb5cb-0068e85c3a" "proxy-server 86594" 0.0002 "-" 93569 0
Oct 09 21:07:06 np0005479242.novalocal container-server[93569]: ::1 - - [10/Oct/2025:01:07:06 +0000] "HEAD /1/5398/AUTH_7e08652c4e3e41b29e5f05d128f57ab8/gnocchi.6620d9e6-fc14-4a55-813c-e814c6677cfe" 404 - "HEAD http://[::1]:8080/v1/AUTH_7e08652c4e3e41b29e5f05d128f57ab8/gnocchi.6620d9e6-fc14-4a55-813c-e814c6677cfe" "tx123d4f569fac4eb3bb5cb-0068e85c3a" "proxy-server 86594" 0.0002 "-" 93569 0
Oct 09 21:07:06 np0005479242.novalocal proxy-server[86594]: - - 10/Oct/2025/01/07/06 HEAD /v1/AUTH_7e08652c4e3e41b29e5f05d128f57ab8/gnocchi.6620d9e6-fc14-4a55-813c-e814c6677cfe HTTP/1.0 404 - Swift - - - - tx123d4f569fac4eb3bb5cb-0068e85c3a - 0.0074 CS - 1760058426.448129892 1760058426.455532312 0
Oct 09 21:07:06 np0005479242.novalocal object-server[93871]: ::1 - - [10/Oct/2025:01:07:06 +0000] "GET /3/75059/AUTH_7e08652c4e3e41b29e5f05d128f57ab8/gnocchi.6620d9e6-fc14-4a55-813c-e814c6677cfe/none_v3" 404 70 "GET http://[::1]:8080/v1/AUTH_7e08652c4e3e41b29e5f05d128f57ab8/gnocchi.6620d9e6-fc14-4a55-813c-e814c6677cfe/none_v3" "tx123d4f569fac4eb3bb5cb-0068e85c3a" "proxy-server 86594" 0.0003 "-" 93871 0
Oct 09 21:07:06 np0005479242.novalocal object-server[93870]: ::1 - - [10/Oct/2025:01:07:06 +0000] "GET /1/75059/AUTH_7e08652c4e3e41b29e5f05d128f57ab8/gnocchi.6620d9e6-fc14-4a55-813c-e814c6677cfe/none_v3" 404 70 "GET http://[::1]:8080/v1/AUTH_7e08652c4e3e41b29e5f05d128f57ab8/gnocchi.6620d9e6-fc14-4a55-813c-e814c6677cfe/none_v3" "tx123d4f569fac4eb3bb5cb-0068e85c3a" "proxy-server 86594" 0.0003 "-" 93870 0
