Oct 09 21:06:42 np0005479242.novalocal container-server[93568]: ::1 - - [10/Oct/2025:01:06:42 +0000] "HEAD /2/146203/AUTH_7e08652c4e3e41b29e5f05d128f57ab8/gnocchi.4ca840ce-8d45-46a6-aa53-39e89be29f04" 404 - "HEAD http://[::1]:8080/v1/AUTH_7e08652c4e3e41b29e5f05d128f57ab8/gnocchi.4ca840ce-8d45-46a6-aa53-39e89be29f04" "txbe591211e261427898791-0068e85c22" "proxy-server 86594" 0.0002 "-" 93568 0
Oct 09 21:06:42 np0005479242.novalocal proxy-server[86594]: - - 10/Oct/2025/01/06/42 HEAD /v1/AUTH_7e08652c4e3e41b29e5f05d128f57ab8/gnocchi.4ca840ce-8d45-46a6-aa53-39e89be29f04 HTTP/1.0 404 - Swift - - - - txbe591211e261427898791-0068e85c22 - 0.0076 CS - 1760058402.642238140 1760058402.649801254 0
Oct 09 21:06:42 np0005479242.novalocal object-server[93870]: ::1 - - [10/Oct/2025:01:06:42 +0000] "GET /3/177192/AUTH_7e08652c4e3e41b29e5f05d128f57ab8/gnocchi.4ca840ce-8d45-46a6-aa53-39e89be29f04/none_v3" 404 70 "GET http://[::1]:8080/v1/AUTH_7e08652c4e3e41b29e5f05d128f57ab8/gnocchi.4ca840ce-8d45-46a6-aa53-39e89be29f04/none_v3" "txbe591211e261427898791-0068e85c22" "proxy-server 86594" 0.0003 "-" 93870 0
Oct 09 21:06:42 np0005479242.novalocal object-server[93871]: ::1 - - [10/Oct/2025:01:06:42 +0000] "GET /1/177192/AUTH_7e08652c4e3e41b29e5f05d128f57ab8/gnocchi.4ca840ce-8d45-46a6-aa53-39e89be29f04/none_v3" 404 70 "GET http://[::1]:8080/v1/AUTH_7e08652c4e3e41b29e5f05d128f57ab8/gnocchi.4ca840ce-8d45-46a6-aa53-39e89be29f04/none_v3" "txbe591211e261427898791-0068e85c22" "proxy-server 86594" 0.0002 "-" 93871 0
Oct 09 21:06:42 np0005479242.novalocal object-server[93870]: ::1 - - [10/Oct/2025:01:06:42 +0000] "GET /2/177192/AUTH_7e08652c4e3e41b29e5f05d128f57ab8/gnocchi.4ca840ce-8d45-46a6-aa53-39e89be29f04/none_v3" 404 70 "GET http://[::1]:8080/v1/AUTH_7e08652c4e3e41b29e5f05d128f57ab8/gnocchi.4ca840ce-8d45-46a6-aa53-39e89be29f04/none_v3" "txbe591211e261427898791-0068e85c22" "proxy-server 86594" 0.0002 "-" 93870 0
Oct 09 21:06:42 np0005479242.novalocal container-server[93568]: ::1 - - [10/Oct/2025:01:06:42 +0000] "HEAD /1/45875/AUTH_7e08652c4e3e41b29e5f05d128f57ab8/gnocchi.6f066a44-3ff3-4ba5-9eb7-f52307ea301b" 404 - "HEAD http://[::1]:8080/v1/AUTH_7e08652c4e3e41b29e5f05d128f57ab8/gnocchi.6f066a44-3ff3-4ba5-9eb7-f52307ea301b" "txb3606de213654d30a8a9b-0068e85c22" "proxy-server 86594" 0.0002 "-" 93568 0
Oct 09 21:06:42 np0005479242.novalocal proxy-server[86594]: ::1 ::1 10/Oct/2025/01/06/42 GET /v1/AUTH_7e08652c4e3e41b29e5f05d128f57ab8/gnocchi.4ca840ce-8d45-46a6-aa53-39e89be29f04/none_v3 HTTP/1.0 404 - python-swiftclient-4.5.0 gAAAAABo6Fv-PTBu... - 70 - txbe591211e261427898791-0068e85c22 - 0.0238 - - 1760058402.641085625 1760058402.664879322 0
Oct 09 21:06:42 np0005479242.novalocal container-server[93568]: ::1 - - [10/Oct/2025:01:06:42 +0000] "HEAD /2/45875/AUTH_7e08652c4e3e41b29e5f05d128f57ab8/gnocchi.6f066a44-3ff3-4ba5-9eb7-f52307ea301b" 404 - "HEAD http://[::1]:8080/v1/AUTH_7e08652c4e3e41b29e5f05d128f57ab8/gnocchi.6f066a44-3ff3-4ba5-9eb7-f52307ea301b" "txb3606de213654d30a8a9b-0068e85c22" "proxy-server 86594" 0.0002 "-" 93568 0
Oct 09 21:06:42 np0005479242.novalocal account-server[93272]: ::1 - - [10/Oct/2025:01:06:42 +0000] "PUT /1/130220/AUTH_7e08652c4e3e41b29e5f05d128f57ab8/gnocchi.4ca840ce-8d45-46a6-aa53-39e89be29f04" 201 - "PUT http://[::1]:6001/2/146203/AUTH_7e08652c4e3e41b29e5f05d128f57ab8/gnocchi.4ca840ce-8d45-46a6-aa53-39e89be29f04" "txb7cf104f27414dd7ab994-0068e85c22" "container-server 93568" 0.0033 "-" 93272 0
Oct 09 21:06:42 np0005479242.novalocal container-server[93568]: ::1 - - [10/Oct/2025:01:06:42 +0000] "PUT /2/146203/AUTH_7e08652c4e3e41b29e5f05d128f57ab8/gnocchi.4ca840ce-8d45-46a6-aa53-39e89be29f04" 201 - "PUT http://[::1]:8080/v1/AUTH_7e08652c4e3e41b29e5f05d128f57ab8/gnocchi.4ca840ce-8d45-46a6-aa53-39e89be29f04" "txb7cf104f27414dd7ab994-0068e85c22" "proxy-server 86594" 0.0116 "-" 93568 0
Oct 09 21:06:42 np0005479242.novalocal container-server[93569]: ::1 - - [10/Oct/2025:01:06:42 +0000] "HEAD /3/45875/AUTH_7e08652c4e3e41b29e5f05d128f57ab8/gnocchi.6f066a44-3ff3-4ba5-9eb7-f52307ea301b" 404 - "HEAD http://[::1]:8080/v1/AUTH_7e08652c4e3e41b29e5f05d128f57ab8/gnocchi.6f066a44-3ff3-4ba5-9eb7-f52307ea301b" "txb3606de213654d30a8a9b-0068e85c22" "proxy-server 86594" 0.0003 "-" 93569 0
Oct 09 21:06:42 np0005479242.novalocal proxy-server[86594]: - - 10/Oct/2025/01/06/42 HEAD /v1/AUTH_7e08652c4e3e41b29e5f05d128f57ab8/gnocchi.6f066a44-3ff3-4ba5-9eb7-f52307ea301b HTTP/1.0 404 - Swift - - - - txb3606de213654d30a8a9b-0068e85c22 - 0.0362 CS - 1760058402.659345388 1760058402.695580006 0
Oct 09 21:06:42 np0005479242.novalocal account-server[93272]: ::1 - - [10/Oct/2025:01:06:42 +0000] "PUT /2/130220/AUTH_7e08652c4e3e41b29e5f05d128f57ab8/gnocchi.4ca840ce-8d45-46a6-aa53-39e89be29f04" 201 - "PUT http://[::1]:6001/3/146203/AUTH_7e08652c4e3e41b29e5f05d128f57ab8/gnocchi.4ca840ce-8d45-46a6-aa53-39e89be29f04" "txb7cf104f27414dd7ab994-0068e85c22" "container-server 93569" 0.0034 "-" 93272 0
Oct 09 21:06:42 np0005479242.novalocal container-server[93569]: ::1 - - [10/Oct/2025:01:06:42 +0000] "PUT /3/146203/AUTH_7e08652c4e3e41b29e5f05d128f57ab8/gnocchi.4ca840ce-8d45-46a6-aa53-39e89be29f04" 201 - "PUT http://[::1]:8080/v1/AUTH_7e08652c4e3e41b29e5f05d128f57ab8/gnocchi.4ca840ce-8d45-46a6-aa53-39e89be29f04" "txb7cf104f27414dd7ab994-0068e85c22" "proxy-server 86594" 0.0262 "-" 93569 0
Oct 09 21:06:42 np0005479242.novalocal object-server[93870]: ::1 - - [10/Oct/2025:01:06:42 +0000] "GET /1/181565/AUTH_7e08652c4e3e41b29e5f05d128f57ab8/gnocchi.6f066a44-3ff3-4ba5-9eb7-f52307ea301b/none_v3" 404 70 "GET http://[::1]:8080/v1/AUTH_7e08652c4e3e41b29e5f05d128f57ab8/gnocchi.6f066a44-3ff3-4ba5-9eb7-f52307ea301b/none_v3" "txb3606de213654d30a8a9b-0068e85c22" "proxy-server 86594" 0.0003 "-" 93870 0
Oct 09 21:06:42 np0005479242.novalocal account-server[93272]: ::1 - - [10/Oct/2025:01:06:42 +0000] "PUT /3/130220/AUTH_7e08652c4e3e41b29e5f05d128f57ab8/gnocchi.4ca840ce-8d45-46a6-aa53-39e89be29f04" 201 - "PUT http://[::1]:6001/1/146203/AUTH_7e08652c4e3e41b29e5f05d128f57ab8/gnocchi.4ca840ce-8d45-46a6-aa53-39e89be29f04" "txb7cf104f27414dd7ab994-0068e85c22" "container-server 93569" 0.0054 "-" 93272 0
Oct 09 21:06:42 np0005479242.novalocal object-server[93870]: ::1 - - [10/Oct/2025:01:06:42 +0000] "GET /2/181565/AUTH_7e08652c4e3e41b29e5f05d128f57ab8/gnocchi.6f066a44-3ff3-4ba5-9eb7-f52307ea301b/none_v3" 404 70 "GET http://[::1]:8080/v1/AUTH_7e08652c4e3e41b29e5f05d128f57ab8/gnocchi.6f066a44-3ff3-4ba5-9eb7-f52307ea301b/none_v3" "txb3606de213654d30a8a9b-0068e85c22" "proxy-server 86594" 0.0002 "-" 93870 0
Oct 09 21:06:42 np0005479242.novalocal container-server[93569]: ::1 - - [10/Oct/2025:01:06:42 +0000] "PUT /1/146203/AUTH_7e08652c4e3e41b29e5f05d128f57ab8/gnocchi.4ca840ce-8d45-46a6-aa53-39e89be29f04" 201 - "PUT http://[::1]:8080/v1/AUTH_7e08652c4e3e41b29e5f05d128f57ab8/gnocchi.4ca840ce-8d45-46a6-aa53-39e89be29f04" "txb7cf104f27414dd7ab994-0068e85c22" "proxy-server 86594" 0.0215 "-" 93569 0
Oct 09 21:06:42 np0005479242.novalocal object-server[93871]: ::1 - - [10/Oct/2025:01:06:42 +0000] "GET /3/181565/AUTH_7e08652c4e3e41b29e5f05d128f57ab8/gnocchi.6f066a44-3ff3-4ba5-9eb7-f52307ea301b/none_v3" 404 70 "GET http://[::1]:8080/v1/AUTH_7e08652c4e3e41b29e5f05d128f57ab8/gnocchi.6f066a44-3ff3-4ba5-9eb7-f52307ea301b/none_v3" "txb3606de213654d30a8a9b-0068e85c22" "proxy-server 86594" 0.0002 "-" 93871 0
Oct 09 21:06:42 np0005479242.novalocal proxy-server[86594]: ::1 ::1 10/Oct/2025/01/06/42 PUT /v1/AUTH_7e08652c4e3e41b29e5f05d128f57ab8/gnocchi.4ca840ce-8d45-46a6-aa53-39e89be29f04 HTTP/1.0 201 - python-swiftclient-4.5.0 gAAAAABo6Fv-PTBu... - - - txb7cf104f27414dd7ab994-0068e85c22 - 0.0396 - - 1760058402.666949749 1760058402.706526756 0
Oct 09 21:06:42 np0005479242.novalocal proxy-server[86594]: ::1 ::1 10/Oct/2025/01/06/42 GET /v1/AUTH_7e08652c4e3e41b29e5f05d128f57ab8/gnocchi.6f066a44-3ff3-4ba5-9eb7-f52307ea301b/none_v3 HTTP/1.0 404 - python-swiftclient-4.5.0 gAAAAABo6Fv-oWcl... - 70 - txb3606de213654d30a8a9b-0068e85c22 - 0.0508 - - 1760058402.657759428 1760058402.708589792 0
Oct 09 21:06:42 np0005479242.novalocal container-server[93568]: ::1 - - [10/Oct/2025:01:06:42 +0000] "HEAD /2/146203/AUTH_7e08652c4e3e41b29e5f05d128f57ab8/gnocchi.4ca840ce-8d45-46a6-aa53-39e89be29f04" 204 - "HEAD http://[::1]:8080/v1/AUTH_7e08652c4e3e41b29e5f05d128f57ab8/gnocchi.4ca840ce-8d45-46a6-aa53-39e89be29f04" "tx2e1aa51d04d7494186a5d-0068e85c22" "proxy-server 86594" 0.0013 "-" 93568 0
Oct 09 21:06:42 np0005479242.novalocal proxy-server[86594]: - - 10/Oct/2025/01/06/42 HEAD /v1/AUTH_7e08652c4e3e41b29e5f05d128f57ab8/gnocchi.4ca840ce-8d45-46a6-aa53-39e89be29f04 HTTP/1.0 204 - Swift - - - - tx2e1aa51d04d7494186a5d-0068e85c22 - 0.0121 CS - 1760058402.711210966 1760058402.723357201 0
Oct 09 21:06:42 np0005479242.novalocal account-server[93271]: ::1 - - [10/Oct/2025:01:06:42 +0000] "PUT /2/130220/AUTH_7e08652c4e3e41b29e5f05d128f57ab8/gnocchi.6f066a44-3ff3-4ba5-9eb7-f52307ea301b" 201 - "PUT http://[::1]:6001/3/45875/AUTH_7e08652c4e3e41b29e5f05d128f57ab8/gnocchi.6f066a44-3ff3-4ba5-9eb7-f52307ea301b" "tx0f34104ba79747e28da34-0068e85c22" "container-server 93569" 0.0047 "-" 93271 0
Oct 09 21:06:42 np0005479242.novalocal container-server[93569]: ::1 - - [10/Oct/2025:01:06:42 +0000] "PUT /3/45875/AUTH_7e08652c4e3e41b29e5f05d128f57ab8/gnocchi.6f066a44-3ff3-4ba5-9eb7-f52307ea301b" 201 - "PUT http://[::1]:8080/v1/AUTH_7e08652c4e3e41b29e5f05d128f57ab8/gnocchi.6f066a44-3ff3-4ba5-9eb7-f52307ea301b" "tx0f34104ba79747e28da34-0068e85c22" "proxy-server 86594" 0.0155 "-" 93569 0
Oct 09 21:06:42 np0005479242.novalocal container-server[93568]: ::1 - - [10/Oct/2025:01:06:42 +0000] "GET /2/146203/AUTH_7e08652c4e3e41b29e5f05d128f57ab8/gnocchi.4ca840ce-8d45-46a6-aa53-39e89be29f04" 200 2 "GET http://[::1]:8080/v1/AUTH_7e08652c4e3e41b29e5f05d128f57ab8/gnocchi.4ca840ce-8d45-46a6-aa53-39e89be29f04?format=json&states=listing" "tx2e1aa51d04d7494186a5d-0068e85c22" "proxy-server 86594" 0.0022 "-" 93568 0
Oct 09 21:06:42 np0005479242.novalocal account-server[93271]: ::1 - - [10/Oct/2025:01:06:42 +0000] "PUT /1/130220/AUTH_7e08652c4e3e41b29e5f05d128f57ab8/gnocchi.6f066a44-3ff3-4ba5-9eb7-f52307ea301b" 201 - "PUT http://[::1]:6001/2/45875/AUTH_7e08652c4e3e41b29e5f05d128f57ab8/gnocchi.6f066a44-3ff3-4ba5-9eb7-f52307ea301b" "tx0f34104ba79747e28da34-0068e85c22" "container-server 93568" 0.0046 "-" 93271 0
Oct 09 21:06:42 np0005479242.novalocal container-server[93568]: ::1 - - [10/Oct/2025:01:06:42 +0000] "PUT /2/45875/AUTH_7e08652c4e3e41b29e5f05d128f57ab8/gnocchi.6f066a44-3ff3-4ba5-9eb7-f52307ea301b" 201 - "PUT http://[::1]:8080/v1/AUTH_7e08652c4e3e41b29e5f05d128f57ab8/gnocchi.6f066a44-3ff3-4ba5-9eb7-f52307ea301b" "tx0f34104ba79747e28da34-0068e85c22" "proxy-server 86594" 0.0229 "-" 93568 0
Oct 09 21:06:42 np0005479242.novalocal account-server[93272]: ::1 - - [10/Oct/2025:01:06:42 +0000] "PUT /3/130220/AUTH_7e08652c4e3e41b29e5f05d128f57ab8/gnocchi.6f066a44-3ff3-4ba5-9eb7-f52307ea301b" 201 - "PUT http://[::1]:6001/1/45875/AUTH_7e08652c4e3e41b29e5f05d128f57ab8/gnocchi.6f066a44-3ff3-4ba5-9eb7-f52307ea301b" "tx0f34104ba79747e28da34-0068e85c22" "container-server 93568" 0.0067 "-" 93272 0
Oct 09 21:06:42 np0005479242.novalocal container-server[93568]: ::1 - - [10/Oct/2025:01:06:42 +0000] "PUT /1/45875/AUTH_7e08652c4e3e41b29e5f05d128f57ab8/gnocchi.6f066a44-3ff3-4ba5-9eb7-f52307ea301b" 201 - "PUT http://[::1]:8080/v1/AUTH_7e08652c4e3e41b29e5f05d128f57ab8/gnocchi.6f066a44-3ff3-4ba5-9eb7-f52307ea301b" "tx0f34104ba79747e28da34-0068e85c22" "proxy-server 86594" 0.0208 "-" 93568 0
Oct 09 21:06:42 np0005479242.novalocal proxy-server[86594]: ::1 ::1 10/Oct/2025/01/06/42 GET /v1/AUTH_7e08652c4e3e41b29e5f05d128f57ab8/gnocchi.4ca840ce-8d45-46a6-aa53-39e89be29f04%3Fformat%3Djson%26states%3Dlisting HTTP/1.0 200 - python-swiftclient-4.5.0 gAAAAABo6Fv-PTBu... - 2 - tx2e1aa51d04d7494186a5d-0068e85c22 - 0.0410 - - 1760058402.710523844 1760058402.751518250 0
Oct 09 21:06:42 np0005479242.novalocal proxy-server[86594]: ::1 ::1 10/Oct/2025/01/06/42 PUT /v1/AUTH_7e08652c4e3e41b29e5f05d128f57ab8/gnocchi.6f066a44-3ff3-4ba5-9eb7-f52307ea301b HTTP/1.0 201 - python-swiftclient-4.5.0 gAAAAABo6Fv-oWcl... - - - tx0f34104ba79747e28da34-0068e85c22 - 0.0417 - - 1760058402.712619781 1760058402.754305840 0
Oct 09 21:06:42 np0005479242.novalocal object-server[93870]: ::1 - - [10/Oct/2025:01:06:42 +0000] "GET /1/168311/AUTH_7e08652c4e3e41b29e5f05d128f57ab8/gnocchi.4ca840ce-8d45-46a6-aa53-39e89be29f04/1759320000.0_mean_300.0_v3" 404 70 "GET http://[::1]:8080/v1/AUTH_7e08652c4e3e41b29e5f05d128f57ab8/gnocchi.4ca840ce-8d45-46a6-aa53-39e89be29f04/1759320000.0_mean_300.0_v3" "tx6aaff7ed86de4982b09b4-0068e85c22" "proxy-server 86594" 0.0003 "-" 93870 0
Oct 09 21:06:42 np0005479242.novalocal object-server[93871]: ::1 - - [10/Oct/2025:01:06:42 +0000] "GET /2/168311/AUTH_7e08652c4e3e41b29e5f05d128f57ab8/gnocchi.4ca840ce-8d45-46a6-aa53-39e89be29f04/1759320000.0_mean_300.0_v3" 404 70 "GET http://[::1]:8080/v1/AUTH_7e08652c4e3e41b29e5f05d128f57ab8/gnocchi.4ca840ce-8d45-46a6-aa53-39e89be29f04/1759320000.0_mean_300.0_v3" "tx6aaff7ed86de4982b09b4-0068e85c22" "proxy-server 86594" 0.0002 "-" 93871 0
Oct 09 21:06:42 np0005479242.novalocal container-server[93569]: ::1 - - [10/Oct/2025:01:06:42 +0000] "HEAD /2/45875/AUTH_7e08652c4e3e41b29e5f05d128f57ab8/gnocchi.6f066a44-3ff3-4ba5-9eb7-f52307ea301b" 204 - "HEAD http://[::1]:8080/v1/AUTH_7e08652c4e3e41b29e5f05d128f57ab8/gnocchi.6f066a44-3ff3-4ba5-9eb7-f52307ea301b" "txd4fe92cbfd3f466688f36-0068e85c22" "proxy-server 86594" 0.0018 "-" 93569 0
Oct 09 21:06:42 np0005479242.novalocal proxy-server[86594]: - - 10/Oct/2025/01/06/42 HEAD /v1/AUTH_7e08652c4e3e41b29e5f05d128f57ab8/gnocchi.6f066a44-3ff3-4ba5-9eb7-f52307ea301b HTTP/1.0 204 - Swift - - - - txd4fe92cbfd3f466688f36-0068e85c22 - 0.0079 CS - 1760058402.764293909 1760058402.772214174 0
Oct 09 21:06:42 np0005479242.novalocal object-server[93871]: ::1 - - [10/Oct/2025:01:06:42 +0000] "GET /3/168311/AUTH_7e08652c4e3e41b29e5f05d128f57ab8/gnocchi.4ca840ce-8d45-46a6-aa53-39e89be29f04/1759320000.0_mean_300.0_v3" 404 70 "GET http://[::1]:8080/v1/AUTH_7e08652c4e3e41b29e5f05d128f57ab8/gnocchi.4ca840ce-8d45-46a6-aa53-39e89be29f04/1759320000.0_mean_300.0_v3" "tx6aaff7ed86de4982b09b4-0068e85c22" "proxy-server 86594" 0.0003 "-" 93871 0
Oct 09 21:06:42 np0005479242.novalocal proxy-server[86594]: ::1 ::1 10/Oct/2025/01/06/42 GET /v1/AUTH_7e08652c4e3e41b29e5f05d128f57ab8/gnocchi.4ca840ce-8d45-46a6-aa53-39e89be29f04/1759320000.0_mean_300.0_v3 HTTP/1.0 404 - python-swiftclient-4.5.0 gAAAAABo6Fv-PTBu... - 70 - tx6aaff7ed86de4982b09b4-0068e85c22 - 0.0214 - - 1760058402.756292582 1760058402.777728081 0
Oct 09 21:06:42 np0005479242.novalocal container-server[93568]: ::1 - - [10/Oct/2025:01:06:42 +0000] "GET /3/45875/AUTH_7e08652c4e3e41b29e5f05d128f57ab8/gnocchi.6f066a44-3ff3-4ba5-9eb7-f52307ea301b" 200 2 "GET http://[::1]:8080/v1/AUTH_7e08652c4e3e41b29e5f05d128f57ab8/gnocchi.6f066a44-3ff3-4ba5-9eb7-f52307ea301b?format=json&states=listing" "txd4fe92cbfd3f466688f36-0068e85c22" "proxy-server 86594" 0.0019 "-" 93568 0
Oct 09 21:06:42 np0005479242.novalocal proxy-server[86594]: ::1 ::1 10/Oct/2025/01/06/42 GET /v1/AUTH_7e08652c4e3e41b29e5f05d128f57ab8/gnocchi.6f066a44-3ff3-4ba5-9eb7-f52307ea301b%3Fformat%3Djson%26states%3Dlisting HTTP/1.0 200 - python-swiftclient-4.5.0 gAAAAABo6Fv-oWcl... - 2 - txd4fe92cbfd3f466688f36-0068e85c22 - 0.0267 - - 1760058402.762535095 1760058402.789247751 0
Oct 09 21:06:42 np0005479242.novalocal object-server[93871]: ::1 - - [10/Oct/2025:01:06:42 +0000] "GET /1/83264/AUTH_7e08652c4e3e41b29e5f05d128f57ab8/gnocchi.6f066a44-3ff3-4ba5-9eb7-f52307ea301b/1759320000.0_mean_300.0_v3" 404 70 "GET http://[::1]:8080/v1/AUTH_7e08652c4e3e41b29e5f05d128f57ab8/gnocchi.6f066a44-3ff3-4ba5-9eb7-f52307ea301b/1759320000.0_mean_300.0_v3" "tx40947b59c9b141d480a7a-0068e85c22" "proxy-server 86594" 0.0002 "-" 93871 0
Oct 09 21:06:42 np0005479242.novalocal object-server[93871]: ::1 - - [10/Oct/2025:01:06:42 +0000] "GET /2/83264/AUTH_7e08652c4e3e41b29e5f05d128f57ab8/gnocchi.6f066a44-3ff3-4ba5-9eb7-f52307ea301b/1759320000.0_mean_300.0_v3" 404 70 "GET http://[::1]:8080/v1/AUTH_7e08652c4e3e41b29e5f05d128f57ab8/gnocchi.6f066a44-3ff3-4ba5-9eb7-f52307ea301b/1759320000.0_mean_300.0_v3" "tx40947b59c9b141d480a7a-0068e85c22" "proxy-server 86594" 0.0002 "-" 93871 0
Oct 09 21:06:42 np0005479242.novalocal object-server[93870]: ::1 - - [10/Oct/2025:01:06:42 +0000] "GET /3/83264/AUTH_7e08652c4e3e41b29e5f05d128f57ab8/gnocchi.6f066a44-3ff3-4ba5-9eb7-f52307ea301b/1759320000.0_mean_300.0_v3" 404 70 "GET http://[::1]:8080/v1/AUTH_7e08652c4e3e41b29e5f05d128f57ab8/gnocchi.6f066a44-3ff3-4ba5-9eb7-f52307ea301b/1759320000.0_mean_300.0_v3" "tx40947b59c9b141d480a7a-0068e85c22" "proxy-server 86594" 0.0002 "-" 93870 0
Oct 09 21:06:42 np0005479242.novalocal proxy-server[86594]: ::1 ::1 10/Oct/2025/01/06/42 GET /v1/AUTH_7e08652c4e3e41b29e5f05d128f57ab8/gnocchi.6f066a44-3ff3-4ba5-9eb7-f52307ea301b/1759320000.0_mean_300.0_v3 HTTP/1.0 404 - python-swiftclient-4.5.0 gAAAAABo6Fv-oWcl... - 70 - tx40947b59c9b141d480a7a-0068e85c22 - 0.0128 - - 1760058402.793208122 1760058402.806040525 0
Oct 09 21:06:42 np0005479242.novalocal container-server[93569]: ::1 - - [10/Oct/2025:01:06:42 +0000] "PUT /3/146203/AUTH_7e08652c4e3e41b29e5f05d128f57ab8/gnocchi.4ca840ce-8d45-46a6-aa53-39e89be29f04/1759320000.0_mean_300.0_v3" 201 - "PUT http://[::1]:8080/1/168311/AUTH_7e08652c4e3e41b29e5f05d128f57ab8/gnocchi.4ca840ce-8d45-46a6-aa53-39e89be29f04/1759320000.0_mean_300.0_v3" "tx43aa2f2998574e25b537e-0068e85c22" "object-server 93871" 0.0008 "-" 93569 0
Oct 09 21:06:42 np0005479242.novalocal container-server[93568]: ::1 - - [10/Oct/2025:01:06:42 +0000] "PUT /1/146203/AUTH_7e08652c4e3e41b29e5f05d128f57ab8/gnocchi.4ca840ce-8d45-46a6-aa53-39e89be29f04/1759320000.0_mean_300.0_v3" 201 - "PUT http://[::1]:8080/2/168311/AUTH_7e08652c4e3e41b29e5f05d128f57ab8/gnocchi.4ca840ce-8d45-46a6-aa53-39e89be29f04/1759320000.0_mean_300.0_v3" "tx43aa2f2998574e25b537e-0068e85c22" "object-server 93870" 0.0005 "-" 93568 0
Oct 09 21:06:42 np0005479242.novalocal object-server[93871]: ::1 - - [10/Oct/2025:01:06:42 +0000] "PUT /1/168311/AUTH_7e08652c4e3e41b29e5f05d128f57ab8/gnocchi.4ca840ce-8d45-46a6-aa53-39e89be29f04/1759320000.0_mean_300.0_v3" 201 - "PUT http://[::1]:8080/v1/AUTH_7e08652c4e3e41b29e5f05d128f57ab8/gnocchi.4ca840ce-8d45-46a6-aa53-39e89be29f04/1759320000.0_mean_300.0_v3" "tx43aa2f2998574e25b537e-0068e85c22" "proxy-server 86594" 0.0164 "-" 93871 0
Oct 09 21:06:42 np0005479242.novalocal object-server[93870]: ::1 - - [10/Oct/2025:01:06:42 +0000] "PUT /2/168311/AUTH_7e08652c4e3e41b29e5f05d128f57ab8/gnocchi.4ca840ce-8d45-46a6-aa53-39e89be29f04/1759320000.0_mean_300.0_v3" 201 - "PUT http://[::1]:8080/v1/AUTH_7e08652c4e3e41b29e5f05d128f57ab8/gnocchi.4ca840ce-8d45-46a6-aa53-39e89be29f04/1759320000.0_mean_300.0_v3" "tx43aa2f2998574e25b537e-0068e85c22" "proxy-server 86594" 0.0151 "-" 93870 0
Oct 09 21:06:42 np0005479242.novalocal container-server[93569]: ::1 - - [10/Oct/2025:01:06:42 +0000] "PUT /2/146203/AUTH_7e08652c4e3e41b29e5f05d128f57ab8/gnocchi.4ca840ce-8d45-46a6-aa53-39e89be29f04/1759320000.0_mean_300.0_v3" 201 - "PUT http://[::1]:8080/3/168311/AUTH_7e08652c4e3e41b29e5f05d128f57ab8/gnocchi.4ca840ce-8d45-46a6-aa53-39e89be29f04/1759320000.0_mean_300.0_v3" "tx43aa2f2998574e25b537e-0068e85c22" "object-server 93870" 0.0007 "-" 93569 0
Oct 09 21:06:42 np0005479242.novalocal object-server[93870]: ::1 - - [10/Oct/2025:01:06:42 +0000] "PUT /3/168311/AUTH_7e08652c4e3e41b29e5f05d128f57ab8/gnocchi.4ca840ce-8d45-46a6-aa53-39e89be29f04/1759320000.0_mean_300.0_v3" 201 - "PUT http://[::1]:8080/v1/AUTH_7e08652c4e3e41b29e5f05d128f57ab8/gnocchi.4ca840ce-8d45-46a6-aa53-39e89be29f04/1759320000.0_mean_300.0_v3" "tx43aa2f2998574e25b537e-0068e85c22" "proxy-server 86594" 0.0150 "-" 93870 0
Oct 09 21:06:42 np0005479242.novalocal proxy-server[86594]: ::1 ::1 10/Oct/2025/01/06/42 PUT /v1/AUTH_7e08652c4e3e41b29e5f05d128f57ab8/gnocchi.4ca840ce-8d45-46a6-aa53-39e89be29f04/1759320000.0_mean_300.0_v3 HTTP/1.0 201 - python-swiftclient-4.5.0 gAAAAABo6Fv-PTBu... 16 - - tx43aa2f2998574e25b537e-0068e85c22 - 0.0366 - - 1760058402.780988216 1760058402.817597151 0
Oct 09 21:06:42 np0005479242.novalocal container-server[93569]: ::1 - - [10/Oct/2025:01:06:42 +0000] "PUT /3/45875/AUTH_7e08652c4e3e41b29e5f05d128f57ab8/gnocchi.6f066a44-3ff3-4ba5-9eb7-f52307ea301b/1759320000.0_mean_300.0_v3" 201 - "PUT http://[::1]:8080/1/83264/AUTH_7e08652c4e3e41b29e5f05d128f57ab8/gnocchi.6f066a44-3ff3-4ba5-9eb7-f52307ea301b/1759320000.0_mean_300.0_v3" "tx36f112cd25204cc9a6dcf-0068e85c22" "object-server 93870" 0.0005 "-" 93569 0
Oct 09 21:06:42 np0005479242.novalocal container-server[93568]: ::1 - - [10/Oct/2025:01:06:42 +0000] "PUT /2/45875/AUTH_7e08652c4e3e41b29e5f05d128f57ab8/gnocchi.6f066a44-3ff3-4ba5-9eb7-f52307ea301b/1759320000.0_mean_300.0_v3" 201 - "PUT http://[::1]:8080/2/83264/AUTH_7e08652c4e3e41b29e5f05d128f57ab8/gnocchi.6f066a44-3ff3-4ba5-9eb7-f52307ea301b/1759320000.0_mean_300.0_v3" "tx36f112cd25204cc9a6dcf-0068e85c22" "object-server 93871" 0.0067 "-" 93568 0
Oct 09 21:06:42 np0005479242.novalocal object-server[93871]: ::1 - - [10/Oct/2025:01:06:42 +0000] "PUT /2/83264/AUTH_7e08652c4e3e41b29e5f05d128f57ab8/gnocchi.6f066a44-3ff3-4ba5-9eb7-f52307ea301b/1759320000.0_mean_300.0_v3" 201 - "PUT http://[::1]:8080/v1/AUTH_7e08652c4e3e41b29e5f05d128f57ab8/gnocchi.6f066a44-3ff3-4ba5-9eb7-f52307ea301b/1759320000.0_mean_300.0_v3" "tx36f112cd25204cc9a6dcf-0068e85c22" "proxy-server 86594" 0.0184 "-" 93871 0
Oct 09 21:06:42 np0005479242.novalocal object-server[93870]: ::1 - - [10/Oct/2025:01:06:42 +0000] "PUT /1/83264/AUTH_7e08652c4e3e41b29e5f05d128f57ab8/gnocchi.6f066a44-3ff3-4ba5-9eb7-f52307ea301b/1759320000.0_mean_300.0_v3" 201 - "PUT http://[::1]:8080/v1/AUTH_7e08652c4e3e41b29e5f05d128f57ab8/gnocchi.6f066a44-3ff3-4ba5-9eb7-f52307ea301b/1759320000.0_mean_300.0_v3" "tx36f112cd25204cc9a6dcf-0068e85c22" "proxy-server 86594" 0.0183 "-" 93870 0
Oct 09 21:06:42 np0005479242.novalocal container-server[93568]: ::1 - - [10/Oct/2025:01:06:42 +0000] "PUT /1/45875/AUTH_7e08652c4e3e41b29e5f05d128f57ab8/gnocchi.6f066a44-3ff3-4ba5-9eb7-f52307ea301b/1759320000.0_mean_300.0_v3" 201 - "PUT http://[::1]:8080/3/83264/AUTH_7e08652c4e3e41b29e5f05d128f57ab8/gnocchi.6f066a44-3ff3-4ba5-9eb7-f52307ea301b/1759320000.0_mean_300.0_v3" "tx36f112cd25204cc9a6dcf-0068e85c22" "object-server 93870" 0.0004 "-" 93568 0
Oct 09 21:06:42 np0005479242.novalocal object-server[93870]: ::1 - - [10/Oct/2025:01:06:42 +0000] "PUT /3/83264/AUTH_7e08652c4e3e41b29e5f05d128f57ab8/gnocchi.6f066a44-3ff3-4ba5-9eb7-f52307ea301b/1759320000.0_mean_300.0_v3" 201 - "PUT http://[::1]:8080/v1/AUTH_7e08652c4e3e41b29e5f05d128f57ab8/gnocchi.6f066a44-3ff3-4ba5-9eb7-f52307ea301b/1759320000.0_mean_300.0_v3" "tx36f112cd25204cc9a6dcf-0068e85c22" "proxy-server 86594" 0.0195 "-" 93870 0
Oct 09 21:06:42 np0005479242.novalocal proxy-server[86594]: ::1 ::1 10/Oct/2025/01/06/42 PUT /v1/AUTH_7e08652c4e3e41b29e5f05d128f57ab8/gnocchi.6f066a44-3ff3-4ba5-9eb7-f52307ea301b/1759320000.0_mean_300.0_v3 HTTP/1.0 201 - python-swiftclient-4.5.0 gAAAAABo6Fv-oWcl... 16 - - tx36f112cd25204cc9a6dcf-0068e85c22 - 0.0301 - - 1760058402.810043335 1760058402.840103388 0
Oct 09 21:06:42 np0005479242.novalocal container-server[93569]: ::1 - - [10/Oct/2025:01:06:42 +0000] "PUT /1/146203/AUTH_7e08652c4e3e41b29e5f05d128f57ab8/gnocchi.4ca840ce-8d45-46a6-aa53-39e89be29f04/none_v3" 201 - "PUT http://[::1]:8080/2/177192/AUTH_7e08652c4e3e41b29e5f05d128f57ab8/gnocchi.4ca840ce-8d45-46a6-aa53-39e89be29f04/none_v3" "tx8e95a8da68f24530ae12f-0068e85c22" "object-server 93871" 0.0006 "-" 93569 0
Oct 09 21:06:42 np0005479242.novalocal object-server[93871]: ::1 - - [10/Oct/2025:01:06:42 +0000] "PUT /2/177192/AUTH_7e08652c4e3e41b29e5f05d128f57ab8/gnocchi.4ca840ce-8d45-46a6-aa53-39e89be29f04/none_v3" 201 - "PUT http://[::1]:8080/v1/AUTH_7e08652c4e3e41b29e5f05d128f57ab8/gnocchi.4ca840ce-8d45-46a6-aa53-39e89be29f04/none_v3" "tx8e95a8da68f24530ae12f-0068e85c22" "proxy-server 86594" 0.0159 "-" 93871 0
Oct 09 21:06:42 np0005479242.novalocal container-server[93568]: ::1 - - [10/Oct/2025:01:06:42 +0000] "PUT /3/146203/AUTH_7e08652c4e3e41b29e5f05d128f57ab8/gnocchi.4ca840ce-8d45-46a6-aa53-39e89be29f04/none_v3" 201 - "PUT http://[::1]:8080/3/177192/AUTH_7e08652c4e3e41b29e5f05d128f57ab8/gnocchi.4ca840ce-8d45-46a6-aa53-39e89be29f04/none_v3" "tx8e95a8da68f24530ae12f-0068e85c22" "object-server 93870" 0.0004 "-" 93568 0
Oct 09 21:06:42 np0005479242.novalocal container-server[93568]: ::1 - - [10/Oct/2025:01:06:42 +0000] "PUT /2/146203/AUTH_7e08652c4e3e41b29e5f05d128f57ab8/gnocchi.4ca840ce-8d45-46a6-aa53-39e89be29f04/none_v3" 201 - "PUT http://[::1]:8080/1/177192/AUTH_7e08652c4e3e41b29e5f05d128f57ab8/gnocchi.4ca840ce-8d45-46a6-aa53-39e89be29f04/none_v3" "tx8e95a8da68f24530ae12f-0068e85c22" "object-server 93870" 0.0003 "-" 93568 0
Oct 09 21:06:42 np0005479242.novalocal object-server[93870]: ::1 - - [10/Oct/2025:01:06:42 +0000] "PUT /1/177192/AUTH_7e08652c4e3e41b29e5f05d128f57ab8/gnocchi.4ca840ce-8d45-46a6-aa53-39e89be29f04/none_v3" 201 - "PUT http://[::1]:8080/v1/AUTH_7e08652c4e3e41b29e5f05d128f57ab8/gnocchi.4ca840ce-8d45-46a6-aa53-39e89be29f04/none_v3" "tx8e95a8da68f24530ae12f-0068e85c22" "proxy-server 86594" 0.0221 "-" 93870 0
Oct 09 21:06:42 np0005479242.novalocal object-server[93870]: ::1 - - [10/Oct/2025:01:06:42 +0000] "PUT /3/177192/AUTH_7e08652c4e3e41b29e5f05d128f57ab8/gnocchi.4ca840ce-8d45-46a6-aa53-39e89be29f04/none_v3" 201 - "PUT http://[::1]:8080/v1/AUTH_7e08652c4e3e41b29e5f05d128f57ab8/gnocchi.4ca840ce-8d45-46a6-aa53-39e89be29f04/none_v3" "tx8e95a8da68f24530ae12f-0068e85c22" "proxy-server 86594" 0.0213 "-" 93870 0
Oct 09 21:06:42 np0005479242.novalocal proxy-server[86594]: ::1 ::1 10/Oct/2025/01/06/42 PUT /v1/AUTH_7e08652c4e3e41b29e5f05d128f57ab8/gnocchi.4ca840ce-8d45-46a6-aa53-39e89be29f04/none_v3 HTTP/1.0 201 - python-swiftclient-4.5.0 gAAAAABo6Fv-PTBu... 22 - - tx8e95a8da68f24530ae12f-0068e85c22 - 0.0336 - - 1760058402.820092678 1760058402.853700876 0
Oct 09 21:06:42 np0005479242.novalocal container-server[93568]: ::1 - - [10/Oct/2025:01:06:42 +0000] "PUT /1/45875/AUTH_7e08652c4e3e41b29e5f05d128f57ab8/gnocchi.6f066a44-3ff3-4ba5-9eb7-f52307ea301b/none_v3" 201 - "PUT http://[::1]:8080/2/181565/AUTH_7e08652c4e3e41b29e5f05d128f57ab8/gnocchi.6f066a44-3ff3-4ba5-9eb7-f52307ea301b/none_v3" "tx5999d988557d449bae95e-0068e85c22" "object-server 93870" 0.0005 "-" 93568 0
Oct 09 21:06:42 np0005479242.novalocal object-server[93870]: ::1 - - [10/Oct/2025:01:06:42 +0000] "PUT /2/181565/AUTH_7e08652c4e3e41b29e5f05d128f57ab8/gnocchi.6f066a44-3ff3-4ba5-9eb7-f52307ea301b/none_v3" 201 - "PUT http://[::1]:8080/v1/AUTH_7e08652c4e3e41b29e5f05d128f57ab8/gnocchi.6f066a44-3ff3-4ba5-9eb7-f52307ea301b/none_v3" "tx5999d988557d449bae95e-0068e85c22" "proxy-server 86594" 0.0139 "-" 93870 0
Oct 09 21:06:42 np0005479242.novalocal container-server[93569]: ::1 - - [10/Oct/2025:01:06:42 +0000] "PUT /3/45875/AUTH_7e08652c4e3e41b29e5f05d128f57ab8/gnocchi.6f066a44-3ff3-4ba5-9eb7-f52307ea301b/none_v3" 201 - "PUT http://[::1]:8080/1/181565/AUTH_7e08652c4e3e41b29e5f05d128f57ab8/gnocchi.6f066a44-3ff3-4ba5-9eb7-f52307ea301b/none_v3" "tx5999d988557d449bae95e-0068e85c22" "object-server 93870" 0.0005 "-" 93569 0
Oct 09 21:06:42 np0005479242.novalocal object-server[93870]: ::1 - - [10/Oct/2025:01:06:42 +0000] "PUT /1/181565/AUTH_7e08652c4e3e41b29e5f05d128f57ab8/gnocchi.6f066a44-3ff3-4ba5-9eb7-f52307ea301b/none_v3" 201 - "PUT http://[::1]:8080/v1/AUTH_7e08652c4e3e41b29e5f05d128f57ab8/gnocchi.6f066a44-3ff3-4ba5-9eb7-f52307ea301b/none_v3" "tx5999d988557d449bae95e-0068e85c22" "proxy-server 86594" 0.0164 "-" 93870 0
Oct 09 21:06:42 np0005479242.novalocal container-server[93569]: ::1 - - [10/Oct/2025:01:06:42 +0000] "PUT /2/45875/AUTH_7e08652c4e3e41b29e5f05d128f57ab8/gnocchi.6f066a44-3ff3-4ba5-9eb7-f52307ea301b/none_v3" 201 - "PUT http://[::1]:8080/3/181565/AUTH_7e08652c4e3e41b29e5f05d128f57ab8/gnocchi.6f066a44-3ff3-4ba5-9eb7-f52307ea301b/none_v3" "tx5999d988557d449bae95e-0068e85c22" "object-server 93870" 0.0006 "-" 93569 0
Oct 09 21:06:42 np0005479242.novalocal object-server[93870]: ::1 - - [10/Oct/2025:01:06:42 +0000] "PUT /3/181565/AUTH_7e08652c4e3e41b29e5f05d128f57ab8/gnocchi.6f066a44-3ff3-4ba5-9eb7-f52307ea301b/none_v3" 201 - "PUT http://[::1]:8080/v1/AUTH_7e08652c4e3e41b29e5f05d128f57ab8/gnocchi.6f066a44-3ff3-4ba5-9eb7-f52307ea301b/none_v3" "tx5999d988557d449bae95e-0068e85c22" "proxy-server 86594" 0.0168 "-" 93870 0
Oct 09 21:06:42 np0005479242.novalocal container-server[93569]: ::1 - - [10/Oct/2025:01:06:42 +0000] "HEAD /1/4383/AUTH_7e08652c4e3e41b29e5f05d128f57ab8/gnocchi.4a4a0668-23d4-48e4-b96e-799af3217b05" 404 - "HEAD http://[::1]:8080/v1/AUTH_7e08652c4e3e41b29e5f05d128f57ab8/gnocchi.4a4a0668-23d4-48e4-b96e-799af3217b05" "txbeea0a499a814caa9c7a0-0068e85c22" "proxy-server 86594" 0.0002 "-" 93569 0
Oct 09 21:06:42 np0005479242.novalocal proxy-server[86594]: ::1 ::1 10/Oct/2025/01/06/42 PUT /v1/AUTH_7e08652c4e3e41b29e5f05d128f57ab8/gnocchi.6f066a44-3ff3-4ba5-9eb7-f52307ea301b/none_v3 HTTP/1.0 201 - python-swiftclient-4.5.0 gAAAAABo6Fv-oWcl... 22 - - tx5999d988557d449bae95e-0068e85c22 - 0.0262 - - 1760058402.842696190 1760058402.868886471 0
Oct 09 21:06:42 np0005479242.novalocal container-server[93568]: ::1 - - [10/Oct/2025:01:06:42 +0000] "HEAD /2/4383/AUTH_7e08652c4e3e41b29e5f05d128f57ab8/gnocchi.4a4a0668-23d4-48e4-b96e-799af3217b05" 404 - "HEAD http://[::1]:8080/v1/AUTH_7e08652c4e3e41b29e5f05d128f57ab8/gnocchi.4a4a0668-23d4-48e4-b96e-799af3217b05" "txbeea0a499a814caa9c7a0-0068e85c22" "proxy-server 86594" 0.0004 "-" 93568 0
Oct 09 21:06:42 np0005479242.novalocal container-server[93568]: ::1 - - [10/Oct/2025:01:06:42 +0000] "HEAD /3/4383/AUTH_7e08652c4e3e41b29e5f05d128f57ab8/gnocchi.4a4a0668-23d4-48e4-b96e-799af3217b05" 404 - "HEAD http://[::1]:8080/v1/AUTH_7e08652c4e3e41b29e5f05d128f57ab8/gnocchi.4a4a0668-23d4-48e4-b96e-799af3217b05" "txbeea0a499a814caa9c7a0-0068e85c22" "proxy-server 86594" 0.0002 "-" 93568 0
Oct 09 21:06:42 np0005479242.novalocal proxy-server[86594]: - - 10/Oct/2025/01/06/42 HEAD /v1/AUTH_7e08652c4e3e41b29e5f05d128f57ab8/gnocchi.4a4a0668-23d4-48e4-b96e-799af3217b05 HTTP/1.0 404 - Swift - - - - txbeea0a499a814caa9c7a0-0068e85c22 - 0.0129 CS - 1760058402.863477468 1760058402.876400471 0
Oct 09 21:06:42 np0005479242.novalocal object-server[93870]: ::1 - - [10/Oct/2025:01:06:42 +0000] "GET /1/160317/AUTH_7e08652c4e3e41b29e5f05d128f57ab8/gnocchi.4a4a0668-23d4-48e4-b96e-799af3217b05/none_v3" 404 70 "GET http://[::1]:8080/v1/AUTH_7e08652c4e3e41b29e5f05d128f57ab8/gnocchi.4a4a0668-23d4-48e4-b96e-799af3217b05/none_v3" "txbeea0a499a814caa9c7a0-0068e85c22" "proxy-server 86594" 0.0003 "-" 93870 0
Oct 09 21:06:42 np0005479242.novalocal object-server[93870]: ::1 - - [10/Oct/2025:01:06:42 +0000] "GET /2/160317/AUTH_7e08652c4e3e41b29e5f05d128f57ab8/gnocchi.4a4a0668-23d4-48e4-b96e-799af3217b05/none_v3" 404 70 "GET http://[::1]:8080/v1/AUTH_7e08652c4e3e41b29e5f05d128f57ab8/gnocchi.4a4a0668-23d4-48e4-b96e-799af3217b05/none_v3" "txbeea0a499a814caa9c7a0-0068e85c22" "proxy-server 86594" 0.0002 "-" 93870 0
Oct 09 21:06:42 np0005479242.novalocal object-server[93871]: ::1 - - [10/Oct/2025:01:06:42 +0000] "GET /3/160317/AUTH_7e08652c4e3e41b29e5f05d128f57ab8/gnocchi.4a4a0668-23d4-48e4-b96e-799af3217b05/none_v3" 404 70 "GET http://[::1]:8080/v1/AUTH_7e08652c4e3e41b29e5f05d128f57ab8/gnocchi.4a4a0668-23d4-48e4-b96e-799af3217b05/none_v3" "txbeea0a499a814caa9c7a0-0068e85c22" "proxy-server 86594" 0.0003 "-" 93871 0
Oct 09 21:06:42 np0005479242.novalocal proxy-server[86594]: ::1 ::1 10/Oct/2025/01/06/42 GET /v1/AUTH_7e08652c4e3e41b29e5f05d128f57ab8/gnocchi.4a4a0668-23d4-48e4-b96e-799af3217b05/none_v3 HTTP/1.0 404 - python-swiftclient-4.5.0 gAAAAABo6Fv-PTBu... - 70 - txbeea0a499a814caa9c7a0-0068e85c22 - 0.0234 - - 1760058402.862910032 1760058402.886296034 0
Oct 09 21:06:42 np0005479242.novalocal container-server[93568]: ::1 - - [10/Oct/2025:01:06:42 +0000] "HEAD /2/93353/AUTH_7e08652c4e3e41b29e5f05d128f57ab8/gnocchi.b2b5341d-faf5-484e-9f49-103082fac198" 404 - "HEAD http://[::1]:8080/v1/AUTH_7e08652c4e3e41b29e5f05d128f57ab8/gnocchi.b2b5341d-faf5-484e-9f49-103082fac198" "tx99b1b20e66614913a87ca-0068e85c22" "proxy-server 86594" 0.0003 "-" 93568 0
Oct 09 21:06:42 np0005479242.novalocal container-server[93569]: ::1 - - [10/Oct/2025:01:06:42 +0000] "HEAD /1/93353/AUTH_7e08652c4e3e41b29e5f05d128f57ab8/gnocchi.b2b5341d-faf5-484e-9f49-103082fac198" 404 - "HEAD http://[::1]:8080/v1/AUTH_7e08652c4e3e41b29e5f05d128f57ab8/gnocchi.b2b5341d-faf5-484e-9f49-103082fac198" "tx99b1b20e66614913a87ca-0068e85c22" "proxy-server 86594" 0.0002 "-" 93569 0
Oct 09 21:06:42 np0005479242.novalocal container-server[93568]: ::1 - - [10/Oct/2025:01:06:42 +0000] "HEAD /3/93353/AUTH_7e08652c4e3e41b29e5f05d128f57ab8/gnocchi.b2b5341d-faf5-484e-9f49-103082fac198" 404 - "HEAD http://[::1]:8080/v1/AUTH_7e08652c4e3e41b29e5f05d128f57ab8/gnocchi.b2b5341d-faf5-484e-9f49-103082fac198" "tx99b1b20e66614913a87ca-0068e85c22" "proxy-server 86594" 0.0004 "-" 93568 0
Oct 09 21:06:42 np0005479242.novalocal proxy-server[86594]: - - 10/Oct/2025/01/06/42 HEAD /v1/AUTH_7e08652c4e3e41b29e5f05d128f57ab8/gnocchi.b2b5341d-faf5-484e-9f49-103082fac198 HTTP/1.0 404 - Swift - - - - tx99b1b20e66614913a87ca-0068e85c22 - 0.0271 CS - 1760058402.887765169 1760058402.914859056 0
Oct 09 21:06:42 np0005479242.novalocal object-server[93870]: ::1 - - [10/Oct/2025:01:06:42 +0000] "GET /1/221768/AUTH_7e08652c4e3e41b29e5f05d128f57ab8/gnocchi.b2b5341d-faf5-484e-9f49-103082fac198/none_v3" 404 70 "GET http://[::1]:8080/v1/AUTH_7e08652c4e3e41b29e5f05d128f57ab8/gnocchi.b2b5341d-faf5-484e-9f49-103082fac198/none_v3" "tx99b1b20e66614913a87ca-0068e85c22" "proxy-server 86594" 0.0003 "-" 93870 0
Oct 09 21:06:42 np0005479242.novalocal object-server[93871]: ::1 - - [10/Oct/2025:01:06:42 +0000] "GET /3/221768/AUTH_7e08652c4e3e41b29e5f05d128f57ab8/gnocchi.b2b5341d-faf5-484e-9f49-103082fac198/none_v3" 404 70 "GET http://[::1]:8080/v1/AUTH_7e08652c4e3e41b29e5f05d128f57ab8/gnocchi.b2b5341d-faf5-484e-9f49-103082fac198/none_v3" "tx99b1b20e66614913a87ca-0068e85c22" "proxy-server 86594" 0.0003 "-" 93871 0
Oct 09 21:06:42 np0005479242.novalocal object-server[93870]: ::1 - - [10/Oct/2025:01:06:42 +0000] "GET /2/221768/AUTH_7e08652c4e3e41b29e5f05d128f57ab8/gnocchi.b2b5341d-faf5-484e-9f49-103082fac198/none_v3" 404 70 "GET http://[::1]:8080/v1/AUTH_7e08652c4e3e41b29e5f05d128f57ab8/gnocchi.b2b5341d-faf5-484e-9f49-103082fac198/none_v3" "tx99b1b20e66614913a87ca-0068e85c22" "proxy-server 86594" 0.0003 "-" 93870 0
Oct 09 21:06:42 np0005479242.novalocal proxy-server[86594]: ::1 ::1 10/Oct/2025/01/06/42 GET /v1/AUTH_7e08652c4e3e41b29e5f05d128f57ab8/gnocchi.b2b5341d-faf5-484e-9f49-103082fac198/none_v3 HTTP/1.0 404 - python-swiftclient-4.5.0 gAAAAABo6Fv-oWcl... - 70 - tx99b1b20e66614913a87ca-0068e85c22 - 0.0377 - - 1760058402.887176275 1760058402.924911261 0
Oct 09 21:06:42 np0005479242.novalocal account-server[93272]: ::1 - - [10/Oct/2025:01:06:42 +0000] "PUT /2/130220/AUTH_7e08652c4e3e41b29e5f05d128f57ab8/gnocchi.4a4a0668-23d4-48e4-b96e-799af3217b05" 201 - "PUT http://[::1]:6001/2/4383/AUTH_7e08652c4e3e41b29e5f05d128f57ab8/gnocchi.4a4a0668-23d4-48e4-b96e-799af3217b05" "tx607c1185181347a8aa91b-0068e85c22" "container-server 93569" 0.0089 "-" 93272 0
Oct 09 21:06:42 np0005479242.novalocal container-server[93569]: ::1 - - [10/Oct/2025:01:06:42 +0000] "PUT /2/4383/AUTH_7e08652c4e3e41b29e5f05d128f57ab8/gnocchi.4a4a0668-23d4-48e4-b96e-799af3217b05" 201 - "PUT http://[::1]:8080/v1/AUTH_7e08652c4e3e41b29e5f05d128f57ab8/gnocchi.4a4a0668-23d4-48e4-b96e-799af3217b05" "tx607c1185181347a8aa91b-0068e85c22" "proxy-server 86594" 0.0266 "-" 93569 0
Oct 09 21:06:42 np0005479242.novalocal account-server[93272]: ::1 - - [10/Oct/2025:01:06:42 +0000] "PUT /1/130220/AUTH_7e08652c4e3e41b29e5f05d128f57ab8/gnocchi.4a4a0668-23d4-48e4-b96e-799af3217b05" 201 - "PUT http://[::1]:6001/3/4383/AUTH_7e08652c4e3e41b29e5f05d128f57ab8/gnocchi.4a4a0668-23d4-48e4-b96e-799af3217b05" "tx607c1185181347a8aa91b-0068e85c22" "container-server 93569" 0.0044 "-" 93272 0
Oct 09 21:06:42 np0005479242.novalocal container-server[93569]: ::1 - - [10/Oct/2025:01:06:42 +0000] "PUT /3/4383/AUTH_7e08652c4e3e41b29e5f05d128f57ab8/gnocchi.4a4a0668-23d4-48e4-b96e-799af3217b05" 201 - "PUT http://[::1]:8080/v1/AUTH_7e08652c4e3e41b29e5f05d128f57ab8/gnocchi.4a4a0668-23d4-48e4-b96e-799af3217b05" "tx607c1185181347a8aa91b-0068e85c22" "proxy-server 86594" 0.0377 "-" 93569 0
Oct 09 21:06:42 np0005479242.novalocal account-server[93272]: ::1 - - [10/Oct/2025:01:06:42 +0000] "PUT /3/130220/AUTH_7e08652c4e3e41b29e5f05d128f57ab8/gnocchi.4a4a0668-23d4-48e4-b96e-799af3217b05" 201 - "PUT http://[::1]:6001/1/4383/AUTH_7e08652c4e3e41b29e5f05d128f57ab8/gnocchi.4a4a0668-23d4-48e4-b96e-799af3217b05" "tx607c1185181347a8aa91b-0068e85c22" "container-server 93569" 0.0033 "-" 93272 0
Oct 09 21:06:42 np0005479242.novalocal sudo[101110]: pam_unix(sudo:session): session closed for user root
Oct 09 21:06:42 np0005479242.novalocal systemd[1]: session-c137.scope: Deactivated successfully.
Oct 09 21:06:42 np0005479242.novalocal container-server[93569]: ::1 - - [10/Oct/2025:01:06:42 +0000] "PUT /1/4383/AUTH_7e08652c4e3e41b29e5f05d128f57ab8/gnocchi.4a4a0668-23d4-48e4-b96e-799af3217b05" 201 - "PUT http://[::1]:8080/v1/AUTH_7e08652c4e3e41b29e5f05d128f57ab8/gnocchi.4a4a0668-23d4-48e4-b96e-799af3217b05" "tx607c1185181347a8aa91b-0068e85c22" "proxy-server 86594" 0.0482 "-" 93569 0
Oct 09 21:06:42 np0005479242.novalocal proxy-server[86594]: ::1 ::1 10/Oct/2025/01/06/42 PUT /v1/AUTH_7e08652c4e3e41b29e5f05d128f57ab8/gnocchi.4a4a0668-23d4-48e4-b96e-799af3217b05 HTTP/1.0 201 - python-swiftclient-4.5.0 gAAAAABo6Fv-PTBu... - - - tx607c1185181347a8aa91b-0068e85c22 - 0.0661 - - 1760058402.889017582 1760058402.955115795 0
Oct 09 21:06:42 np0005479242.novalocal account-server[93271]: ::1 - - [10/Oct/2025:01:06:42 +0000] "PUT /2/130220/AUTH_7e08652c4e3e41b29e5f05d128f57ab8/gnocchi.b2b5341d-faf5-484e-9f49-103082fac198" 201 - "PUT http://[::1]:6001/3/93353/AUTH_7e08652c4e3e41b29e5f05d128f57ab8/gnocchi.b2b5341d-faf5-484e-9f49-103082fac198" "tx19f625b6707d45dd83304-0068e85c22" "container-server 93569" 0.0051 "-" 93271 0
Oct 09 21:06:42 np0005479242.novalocal container-server[93569]: ::1 - - [10/Oct/2025:01:06:42 +0000] "PUT /3/93353/AUTH_7e08652c4e3e41b29e5f05d128f57ab8/gnocchi.b2b5341d-faf5-484e-9f49-103082fac198" 201 - "PUT http://[::1]:8080/v1/AUTH_7e08652c4e3e41b29e5f05d128f57ab8/gnocchi.b2b5341d-faf5-484e-9f49-103082fac198" "tx19f625b6707d45dd83304-0068e85c22" "proxy-server 86594" 0.0267 "-" 93569 0
Oct 09 21:06:42 np0005479242.novalocal container-server[93569]: ::1 - - [10/Oct/2025:01:06:42 +0000] "HEAD /1/4383/AUTH_7e08652c4e3e41b29e5f05d128f57ab8/gnocchi.4a4a0668-23d4-48e4-b96e-799af3217b05" 204 - "HEAD http://[::1]:8080/v1/AUTH_7e08652c4e3e41b29e5f05d128f57ab8/gnocchi.4a4a0668-23d4-48e4-b96e-799af3217b05" "tx13af39cb45f44f91ac208-0068e85c22" "proxy-server 86594" 0.0015 "-" 93569 0
Oct 09 21:06:42 np0005479242.novalocal proxy-server[86594]: - - 10/Oct/2025/01/06/42 HEAD /v1/AUTH_7e08652c4e3e41b29e5f05d128f57ab8/gnocchi.4a4a0668-23d4-48e4-b96e-799af3217b05 HTTP/1.0 204 - Swift - - - - tx13af39cb45f44f91ac208-0068e85c22 - 0.0047 CS - 1760058402.960556507 1760058402.965272427 0
Oct 09 21:06:42 np0005479242.novalocal account-server[93271]: ::1 - - [10/Oct/2025:01:06:42 +0000] "PUT /1/130220/AUTH_7e08652c4e3e41b29e5f05d128f57ab8/gnocchi.b2b5341d-faf5-484e-9f49-103082fac198" 201 - "PUT http://[::1]:6001/1/93353/AUTH_7e08652c4e3e41b29e5f05d128f57ab8/gnocchi.b2b5341d-faf5-484e-9f49-103082fac198" "tx19f625b6707d45dd83304-0068e85c22" "container-server 93569" 0.0051 "-" 93271 0
Oct 09 21:06:42 np0005479242.novalocal container-server[93569]: ::1 - - [10/Oct/2025:01:06:42 +0000] "PUT /1/93353/AUTH_7e08652c4e3e41b29e5f05d128f57ab8/gnocchi.b2b5341d-faf5-484e-9f49-103082fac198" 201 - "PUT http://[::1]:8080/v1/AUTH_7e08652c4e3e41b29e5f05d128f57ab8/gnocchi.b2b5341d-faf5-484e-9f49-103082fac198" "tx19f625b6707d45dd83304-0068e85c22" "proxy-server 86594" 0.0188 "-" 93569 0
Oct 09 21:06:42 np0005479242.novalocal container-server[93569]: ::1 - - [10/Oct/2025:01:06:42 +0000] "GET /1/4383/AUTH_7e08652c4e3e41b29e5f05d128f57ab8/gnocchi.4a4a0668-23d4-48e4-b96e-799af3217b05" 200 2 "GET http://[::1]:8080/v1/AUTH_7e08652c4e3e41b29e5f05d128f57ab8/gnocchi.4a4a0668-23d4-48e4-b96e-799af3217b05?format=json&states=listing" "tx13af39cb45f44f91ac208-0068e85c22" "proxy-server 86594" 0.0017 "-" 93569 0
Oct 09 21:06:42 np0005479242.novalocal account-server[93271]: ::1 - - [10/Oct/2025:01:06:42 +0000] "PUT /3/130220/AUTH_7e08652c4e3e41b29e5f05d128f57ab8/gnocchi.b2b5341d-faf5-484e-9f49-103082fac198" 201 - "PUT http://[::1]:6001/2/93353/AUTH_7e08652c4e3e41b29e5f05d128f57ab8/gnocchi.b2b5341d-faf5-484e-9f49-103082fac198" "tx19f625b6707d45dd83304-0068e85c22" "container-server 93569" 0.0054 "-" 93271 0
Oct 09 21:06:42 np0005479242.novalocal container-server[93569]: ::1 - - [10/Oct/2025:01:06:42 +0000] "PUT /2/93353/AUTH_7e08652c4e3e41b29e5f05d128f57ab8/gnocchi.b2b5341d-faf5-484e-9f49-103082fac198" 201 - "PUT http://[::1]:8080/v1/AUTH_7e08652c4e3e41b29e5f05d128f57ab8/gnocchi.b2b5341d-faf5-484e-9f49-103082fac198" "tx19f625b6707d45dd83304-0068e85c22" "proxy-server 86594" 0.0337 "-" 93569 0
Oct 09 21:06:42 np0005479242.novalocal proxy-server[86594]: ::1 ::1 10/Oct/2025/01/06/42 GET /v1/AUTH_7e08652c4e3e41b29e5f05d128f57ab8/gnocchi.4a4a0668-23d4-48e4-b96e-799af3217b05%3Fformat%3Djson%26states%3Dlisting HTTP/1.0 200 - python-swiftclient-4.5.0 gAAAAABo6Fv-PTBu... - 2 - tx13af39cb45f44f91ac208-0068e85c22 - 0.0145 - - 1760058402.959805012 1760058402.974327803 0
Oct 09 21:06:42 np0005479242.novalocal proxy-server[86594]: ::1 ::1 10/Oct/2025/01/06/42 PUT /v1/AUTH_7e08652c4e3e41b29e5f05d128f57ab8/gnocchi.b2b5341d-faf5-484e-9f49-103082fac198 HTTP/1.0 201 - python-swiftclient-4.5.0 gAAAAABo6Fv-oWcl... - - - tx19f625b6707d45dd83304-0068e85c22 - 0.0477 - - 1760058402.928231716 1760058402.975906134 0
Oct 09 21:06:42 np0005479242.novalocal object-server[93871]: ::1 - - [10/Oct/2025:01:06:42 +0000] "GET /1/30898/AUTH_7e08652c4e3e41b29e5f05d128f57ab8/gnocchi.4a4a0668-23d4-48e4-b96e-799af3217b05/1759320000.0_mean_300.0_v3" 404 70 "GET http://[::1]:8080/v1/AUTH_7e08652c4e3e41b29e5f05d128f57ab8/gnocchi.4a4a0668-23d4-48e4-b96e-799af3217b05/1759320000.0_mean_300.0_v3" "txce088612f711404191a2a-0068e85c22" "proxy-server 86594" 0.0004 "-" 93871 0
Oct 09 21:06:42 np0005479242.novalocal object-server[93871]: ::1 - - [10/Oct/2025:01:06:42 +0000] "GET /2/30898/AUTH_7e08652c4e3e41b29e5f05d128f57ab8/gnocchi.4a4a0668-23d4-48e4-b96e-799af3217b05/1759320000.0_mean_300.0_v3" 404 70 "GET http://[::1]:8080/v1/AUTH_7e08652c4e3e41b29e5f05d128f57ab8/gnocchi.4a4a0668-23d4-48e4-b96e-799af3217b05/1759320000.0_mean_300.0_v3" "txce088612f711404191a2a-0068e85c22" "proxy-server 86594" 0.0003 "-" 93871 0
Oct 09 21:06:42 np0005479242.novalocal container-server[93569]: ::1 - - [10/Oct/2025:01:06:42 +0000] "HEAD /2/93353/AUTH_7e08652c4e3e41b29e5f05d128f57ab8/gnocchi.b2b5341d-faf5-484e-9f49-103082fac198" 204 - "HEAD http://[::1]:8080/v1/AUTH_7e08652c4e3e41b29e5f05d128f57ab8/gnocchi.b2b5341d-faf5-484e-9f49-103082fac198" "tx49994a22fc00492e96169-0068e85c22" "proxy-server 86594" 0.0012 "-" 93569 0
Oct 09 21:06:42 np0005479242.novalocal object-server[93871]: ::1 - - [10/Oct/2025:01:06:42 +0000] "GET /3/30898/AUTH_7e08652c4e3e41b29e5f05d128f57ab8/gnocchi.4a4a0668-23d4-48e4-b96e-799af3217b05/1759320000.0_mean_300.0_v3" 404 70 "GET http://[::1]:8080/v1/AUTH_7e08652c4e3e41b29e5f05d128f57ab8/gnocchi.4a4a0668-23d4-48e4-b96e-799af3217b05/1759320000.0_mean_300.0_v3" "txce088612f711404191a2a-0068e85c22" "proxy-server 86594" 0.0002 "-" 93871 0
Oct 09 21:06:42 np0005479242.novalocal proxy-server[86594]: - - 10/Oct/2025/01/06/42 HEAD /v1/AUTH_7e08652c4e3e41b29e5f05d128f57ab8/gnocchi.b2b5341d-faf5-484e-9f49-103082fac198 HTTP/1.0 204 - Swift - - - - tx49994a22fc00492e96169-0068e85c22 - 0.0054 CS - 1760058402.986522198 1760058402.991936922 0
Oct 09 21:06:42 np0005479242.novalocal proxy-server[86594]: ::1 ::1 10/Oct/2025/01/06/42 GET /v1/AUTH_7e08652c4e3e41b29e5f05d128f57ab8/gnocchi.4a4a0668-23d4-48e4-b96e-799af3217b05/1759320000.0_mean_300.0_v3 HTTP/1.0 404 - python-swiftclient-4.5.0 gAAAAABo6Fv-PTBu... - 70 - txce088612f711404191a2a-0068e85c22 - 0.0182 - - 1760058402.977262497 1760058402.995467424 0
Oct 09 21:06:42 np0005479242.novalocal container-server[93569]: ::1 - - [10/Oct/2025:01:06:42 +0000] "GET /1/93353/AUTH_7e08652c4e3e41b29e5f05d128f57ab8/gnocchi.b2b5341d-faf5-484e-9f49-103082fac198" 200 2 "GET http://[::1]:8080/v1/AUTH_7e08652c4e3e41b29e5f05d128f57ab8/gnocchi.b2b5341d-faf5-484e-9f49-103082fac198?format=json&states=listing" "tx49994a22fc00492e96169-0068e85c22" "proxy-server 86594" 0.0017 "-" 93569 0
Oct 09 21:06:43 np0005479242.novalocal sudo[101120]: cinder : PWD=/ ; USER=root ; COMMAND=/usr/bin/cinder-rootwrap /etc/cinder/rootwrap.conf cinder-rtstool save
Oct 09 21:06:43 np0005479242.novalocal proxy-server[86594]: ::1 ::1 10/Oct/2025/01/06/43 GET /v1/AUTH_7e08652c4e3e41b29e5f05d128f57ab8/gnocchi.b2b5341d-faf5-484e-9f49-103082fac198%3Fformat%3Djson%26states%3Dlisting HTTP/1.0 200 - python-swiftclient-4.5.0 gAAAAABo6Fv-oWcl... - 2 - tx49994a22fc00492e96169-0068e85c22 - 0.0273 - - 1760058402.981880903 1760058403.009173393 0
Oct 09 21:06:43 np0005479242.novalocal container-server[93568]: ::1 - - [10/Oct/2025:01:06:43 +0000] "PUT /3/4383/AUTH_7e08652c4e3e41b29e5f05d128f57ab8/gnocchi.4a4a0668-23d4-48e4-b96e-799af3217b05/1759320000.0_mean_300.0_v3" 201 - "PUT http://[::1]:8080/2/30898/AUTH_7e08652c4e3e41b29e5f05d128f57ab8/gnocchi.4a4a0668-23d4-48e4-b96e-799af3217b05/1759320000.0_mean_300.0_v3" "txac27bf1372834634b8476-0068e85c22" "object-server 93870" 0.0007 "-" 93568 0
Oct 09 21:06:43 np0005479242.novalocal object-server[93870]: ::1 - - [10/Oct/2025:01:06:43 +0000] "PUT /2/30898/AUTH_7e08652c4e3e41b29e5f05d128f57ab8/gnocchi.4a4a0668-23d4-48e4-b96e-799af3217b05/1759320000.0_mean_300.0_v3" 201 - "PUT http://[::1]:8080/v1/AUTH_7e08652c4e3e41b29e5f05d128f57ab8/gnocchi.4a4a0668-23d4-48e4-b96e-799af3217b05/1759320000.0_mean_300.0_v3" "txac27bf1372834634b8476-0068e85c22" "proxy-server 86594" 0.0093 "-" 93870 0
Oct 09 21:06:43 np0005479242.novalocal container-server[93568]: ::1 - - [10/Oct/2025:01:06:43 +0000] "PUT /1/4383/AUTH_7e08652c4e3e41b29e5f05d128f57ab8/gnocchi.4a4a0668-23d4-48e4-b96e-799af3217b05/1759320000.0_mean_300.0_v3" 201 - "PUT http://[::1]:8080/3/30898/AUTH_7e08652c4e3e41b29e5f05d128f57ab8/gnocchi.4a4a0668-23d4-48e4-b96e-799af3217b05/1759320000.0_mean_300.0_v3" "txac27bf1372834634b8476-0068e85c22" "object-server 93870" 0.0003 "-" 93568 0
Oct 09 21:06:43 np0005479242.novalocal object-server[93870]: ::1 - - [10/Oct/2025:01:06:43 +0000] "PUT /3/30898/AUTH_7e08652c4e3e41b29e5f05d128f57ab8/gnocchi.4a4a0668-23d4-48e4-b96e-799af3217b05/1759320000.0_mean_300.0_v3" 201 - "PUT http://[::1]:8080/v1/AUTH_7e08652c4e3e41b29e5f05d128f57ab8/gnocchi.4a4a0668-23d4-48e4-b96e-799af3217b05/1759320000.0_mean_300.0_v3" "txac27bf1372834634b8476-0068e85c22" "proxy-server 86594" 0.0136 "-" 93870 0
Oct 09 21:06:43 np0005479242.novalocal object-server[93871]: ::1 - - [10/Oct/2025:01:06:43 +0000] "GET /2/61194/AUTH_7e08652c4e3e41b29e5f05d128f57ab8/gnocchi.b2b5341d-faf5-484e-9f49-103082fac198/1759320000.0_mean_300.0_v3" 404 70 "GET http://[::1]:8080/v1/AUTH_7e08652c4e3e41b29e5f05d128f57ab8/gnocchi.b2b5341d-faf5-484e-9f49-103082fac198/1759320000.0_mean_300.0_v3" "tx3a4f9a06b00b49c184816-0068e85c23" "proxy-server 86594" 0.0002 "-" 93871 0
Oct 09 21:06:43 np0005479242.novalocal systemd[1]: Started Session c138 of User root.
Oct 09 21:06:43 np0005479242.novalocal container-server[93568]: ::1 - - [10/Oct/2025:01:06:43 +0000] "PUT /2/4383/AUTH_7e08652c4e3e41b29e5f05d128f57ab8/gnocchi.4a4a0668-23d4-48e4-b96e-799af3217b05/1759320000.0_mean_300.0_v3" 201 - "PUT http://[::1]:8080/1/30898/AUTH_7e08652c4e3e41b29e5f05d128f57ab8/gnocchi.4a4a0668-23d4-48e4-b96e-799af3217b05/1759320000.0_mean_300.0_v3" "txac27bf1372834634b8476-0068e85c22" "object-server 93871" 0.0008 "-" 93568 0
Oct 09 21:06:43 np0005479242.novalocal object-server[93871]: ::1 - - [10/Oct/2025:01:06:43 +0000] "PUT /1/30898/AUTH_7e08652c4e3e41b29e5f05d128f57ab8/gnocchi.4a4a0668-23d4-48e4-b96e-799af3217b05/1759320000.0_mean_300.0_v3" 201 - "PUT http://[::1]:8080/v1/AUTH_7e08652c4e3e41b29e5f05d128f57ab8/gnocchi.4a4a0668-23d4-48e4-b96e-799af3217b05/1759320000.0_mean_300.0_v3" "txac27bf1372834634b8476-0068e85c22" "proxy-server 86594" 0.0145 "-" 93871 0
Oct 09 21:06:43 np0005479242.novalocal proxy-server[86594]: ::1 ::1 10/Oct/2025/01/06/43 PUT /v1/AUTH_7e08652c4e3e41b29e5f05d128f57ab8/gnocchi.4a4a0668-23d4-48e4-b96e-799af3217b05/1759320000.0_mean_300.0_v3 HTTP/1.0 201 - python-swiftclient-4.5.0 gAAAAABo6Fv-PTBu... 16 - - txac27bf1372834634b8476-0068e85c22 - 0.0296 - - 1760058402.998209476 1760058403.027770996 0
Oct 09 21:06:43 np0005479242.novalocal sudo[101120]: pam_unix(sudo:session): session opened for user root(uid=0) by (uid=165)
Oct 09 21:06:43 np0005479242.novalocal object-server[93871]: ::1 - - [10/Oct/2025:01:06:43 +0000] "GET /1/61194/AUTH_7e08652c4e3e41b29e5f05d128f57ab8/gnocchi.b2b5341d-faf5-484e-9f49-103082fac198/1759320000.0_mean_300.0_v3" 404 70 "GET http://[::1]:8080/v1/AUTH_7e08652c4e3e41b29e5f05d128f57ab8/gnocchi.b2b5341d-faf5-484e-9f49-103082fac198/1759320000.0_mean_300.0_v3" "tx3a4f9a06b00b49c184816-0068e85c23" "proxy-server 86594" 0.0003 "-" 93871 0
Oct 09 21:06:43 np0005479242.novalocal object-server[93870]: ::1 - - [10/Oct/2025:01:06:43 +0000] "GET /3/61194/AUTH_7e08652c4e3e41b29e5f05d128f57ab8/gnocchi.b2b5341d-faf5-484e-9f49-103082fac198/1759320000.0_mean_300.0_v3" 404 70 "GET http://[::1]:8080/v1/AUTH_7e08652c4e3e41b29e5f05d128f57ab8/gnocchi.b2b5341d-faf5-484e-9f49-103082fac198/1759320000.0_mean_300.0_v3" "tx3a4f9a06b00b49c184816-0068e85c23" "proxy-server 86594" 0.0002 "-" 93870 0
