Oct 09 21:07:03 np0005479242.novalocal proxy-server[86594]: ::1 ::1 10/Oct/2025/01/07/03 GET /v1/AUTH_7e08652c4e3e41b29e5f05d128f57ab8/gnocchi.3d7f1ee5-2fe5-495f-8df5-66d456eb27aa/1759320000.0_mean_300.0_v3 HTTP/1.0 200 - python-swiftclient-4.5.0 gAAAAABo6Fv-PTBu... - 16 - tx198937770adb4c43bcc4d-0068e85c37 - 0.0067 - - 1760058423.412527561 1760058423.419197798 0
Oct 09 21:07:03 np0005479242.novalocal container-server[93569]: ::1 - - [10/Oct/2025:01:07:03 +0000] "PUT /3/103490/AUTH_7e08652c4e3e41b29e5f05d128f57ab8/gnocchi.6bb93120-c153-4097-ac4d-a376e176d9b9/none_v3" 201 - "PUT http://[::1]:8080/3/32885/AUTH_7e08652c4e3e41b29e5f05d128f57ab8/gnocchi.6bb93120-c153-4097-ac4d-a376e176d9b9/none_v3" "tx49ec03658c4d4ad391cfe-0068e85c37" "object-server 93870" 0.0005 "-" 93569 0
Oct 09 21:07:03 np0005479242.novalocal container-server[93569]: ::1 - - [10/Oct/2025:01:07:03 +0000] "PUT /1/103490/AUTH_7e08652c4e3e41b29e5f05d128f57ab8/gnocchi.6bb93120-c153-4097-ac4d-a376e176d9b9/none_v3" 201 - "PUT http://[::1]:8080/2/32885/AUTH_7e08652c4e3e41b29e5f05d128f57ab8/gnocchi.6bb93120-c153-4097-ac4d-a376e176d9b9/none_v3" "tx49ec03658c4d4ad391cfe-0068e85c37" "object-server 93871" 0.0003 "-" 93569 0
Oct 09 21:07:03 np0005479242.novalocal object-server[93870]: ::1 - - [10/Oct/2025:01:07:03 +0000] "PUT /3/32885/AUTH_7e08652c4e3e41b29e5f05d128f57ab8/gnocchi.6bb93120-c153-4097-ac4d-a376e176d9b9/none_v3" 201 - "PUT http://[::1]:8080/v1/AUTH_7e08652c4e3e41b29e5f05d128f57ab8/gnocchi.6bb93120-c153-4097-ac4d-a376e176d9b9/none_v3" "tx49ec03658c4d4ad391cfe-0068e85c37" "proxy-server 86594" 0.0160 "-" 93870 0
Oct 09 21:07:03 np0005479242.novalocal object-server[93871]: ::1 - - [10/Oct/2025:01:07:03 +0000] "PUT /2/32885/AUTH_7e08652c4e3e41b29e5f05d128f57ab8/gnocchi.6bb93120-c153-4097-ac4d-a376e176d9b9/none_v3" 201 - "PUT http://[::1]:8080/v1/AUTH_7e08652c4e3e41b29e5f05d128f57ab8/gnocchi.6bb93120-c153-4097-ac4d-a376e176d9b9/none_v3" "tx49ec03658c4d4ad391cfe-0068e85c37" "proxy-server 86594" 0.0167 "-" 93871 0
Oct 09 21:07:03 np0005479242.novalocal container-server[93569]: ::1 - - [10/Oct/2025:01:07:03 +0000] "PUT /2/103490/AUTH_7e08652c4e3e41b29e5f05d128f57ab8/gnocchi.6bb93120-c153-4097-ac4d-a376e176d9b9/none_v3" 201 - "PUT http://[::1]:8080/1/32885/AUTH_7e08652c4e3e41b29e5f05d128f57ab8/gnocchi.6bb93120-c153-4097-ac4d-a376e176d9b9/none_v3" "tx49ec03658c4d4ad391cfe-0068e85c37" "object-server 93871" 0.0004 "-" 93569 0
Oct 09 21:07:03 np0005479242.novalocal object-server[93871]: ::1 - - [10/Oct/2025:01:07:03 +0000] "PUT /1/32885/AUTH_7e08652c4e3e41b29e5f05d128f57ab8/gnocchi.6bb93120-c153-4097-ac4d-a376e176d9b9/none_v3" 201 - "PUT http://[::1]:8080/v1/AUTH_7e08652c4e3e41b29e5f05d128f57ab8/gnocchi.6bb93120-c153-4097-ac4d-a376e176d9b9/none_v3" "tx49ec03658c4d4ad391cfe-0068e85c37" "proxy-server 86594" 0.0210 "-" 93871 0
Oct 09 21:07:03 np0005479242.novalocal container-server[93569]: ::1 - - [10/Oct/2025:01:07:03 +0000] "PUT /3/231453/AUTH_7e08652c4e3e41b29e5f05d128f57ab8/gnocchi.3d7f1ee5-2fe5-495f-8df5-66d456eb27aa/1759320000.0_rate%3Amean_300.0_v3" 201 - "PUT http://[::1]:8080/1/210225/AUTH_7e08652c4e3e41b29e5f05d128f57ab8/gnocchi.3d7f1ee5-2fe5-495f-8df5-66d456eb27aa/1759320000.0_rate%3Amean_300.0_v3" "tx8c11ec19918449d7b19ba-0068e85c37" "object-server 93871" 0.0003 "-" 93569 0
Oct 09 21:07:03 np0005479242.novalocal object-server[93871]: ::1 - - [10/Oct/2025:01:07:03 +0000] "PUT /1/210225/AUTH_7e08652c4e3e41b29e5f05d128f57ab8/gnocchi.3d7f1ee5-2fe5-495f-8df5-66d456eb27aa/1759320000.0_rate%3Amean_300.0_v3" 201 - "PUT http://[::1]:8080/v1/AUTH_7e08652c4e3e41b29e5f05d128f57ab8/gnocchi.3d7f1ee5-2fe5-495f-8df5-66d456eb27aa/1759320000.0_rate%3Amean_300.0_v3" "tx8c11ec19918449d7b19ba-0068e85c37" "proxy-server 86594" 0.0149 "-" 93871 0
Oct 09 21:07:03 np0005479242.novalocal proxy-server[86594]: ::1 ::1 10/Oct/2025/01/07/03 PUT /v1/AUTH_7e08652c4e3e41b29e5f05d128f57ab8/gnocchi.6bb93120-c153-4097-ac4d-a376e176d9b9/none_v3 HTTP/1.0 201 - python-swiftclient-4.5.0 gAAAAABo6Fv-oWcl... 22 - - tx49ec03658c4d4ad391cfe-0068e85c37 - 0.0281 - - 1760058423.419978142 1760058423.448045492 0
Oct 09 21:07:03 np0005479242.novalocal container-server[93568]: ::1 - - [10/Oct/2025:01:07:03 +0000] "PUT /2/231453/AUTH_7e08652c4e3e41b29e5f05d128f57ab8/gnocchi.3d7f1ee5-2fe5-495f-8df5-66d456eb27aa/1759320000.0_rate%3Amean_300.0_v3" 201 - "PUT http://[::1]:8080/3/210225/AUTH_7e08652c4e3e41b29e5f05d128f57ab8/gnocchi.3d7f1ee5-2fe5-495f-8df5-66d456eb27aa/1759320000.0_rate%3Amean_300.0_v3" "tx8c11ec19918449d7b19ba-0068e85c37" "object-server 93870" 0.0006 "-" 93568 0
Oct 09 21:07:03 np0005479242.novalocal object-server[93870]: ::1 - - [10/Oct/2025:01:07:03 +0000] "PUT /3/210225/AUTH_7e08652c4e3e41b29e5f05d128f57ab8/gnocchi.3d7f1ee5-2fe5-495f-8df5-66d456eb27aa/1759320000.0_rate%3Amean_300.0_v3" 201 - "PUT http://[::1]:8080/v1/AUTH_7e08652c4e3e41b29e5f05d128f57ab8/gnocchi.3d7f1ee5-2fe5-495f-8df5-66d456eb27aa/1759320000.0_rate%3Amean_300.0_v3" "tx8c11ec19918449d7b19ba-0068e85c37" "proxy-server 86594" 0.0166 "-" 93870 0
Oct 09 21:07:03 np0005479242.novalocal container-server[93568]: ::1 - - [10/Oct/2025:01:07:03 +0000] "PUT /1/231453/AUTH_7e08652c4e3e41b29e5f05d128f57ab8/gnocchi.3d7f1ee5-2fe5-495f-8df5-66d456eb27aa/1759320000.0_rate%3Amean_300.0_v3" 201 - "PUT http://[::1]:8080/2/210225/AUTH_7e08652c4e3e41b29e5f05d128f57ab8/gnocchi.3d7f1ee5-2fe5-495f-8df5-66d456eb27aa/1759320000.0_rate%3Amean_300.0_v3" "tx8c11ec19918449d7b19ba-0068e85c37" "object-server 93870" 0.0011 "-" 93568 0
Oct 09 21:07:03 np0005479242.novalocal object-server[93870]: ::1 - - [10/Oct/2025:01:07:03 +0000] "PUT /2/210225/AUTH_7e08652c4e3e41b29e5f05d128f57ab8/gnocchi.3d7f1ee5-2fe5-495f-8df5-66d456eb27aa/1759320000.0_rate%3Amean_300.0_v3" 201 - "PUT http://[::1]:8080/v1/AUTH_7e08652c4e3e41b29e5f05d128f57ab8/gnocchi.3d7f1ee5-2fe5-495f-8df5-66d456eb27aa/1759320000.0_rate%3Amean_300.0_v3" "tx8c11ec19918449d7b19ba-0068e85c37" "proxy-server 86594" 0.0164 "-" 93870 0
Oct 09 21:07:03 np0005479242.novalocal proxy-server[86594]: ::1 ::1 10/Oct/2025/01/07/03 PUT /v1/AUTH_7e08652c4e3e41b29e5f05d128f57ab8/gnocchi.3d7f1ee5-2fe5-495f-8df5-66d456eb27aa/1759320000.0_rate%253Amean_300.0_v3 HTTP/1.0 201 - python-swiftclient-4.5.0 gAAAAABo6Fv-PTBu... 16 - - tx8c11ec19918449d7b19ba-0068e85c37 - 0.0271 - - 1760058423.425011873 1760058423.452113390 0
Oct 09 21:07:03 np0005479242.novalocal object-server[93871]: ::1 - - [10/Oct/2025:01:07:03 +0000] "GET /1/123363/AUTH_7e08652c4e3e41b29e5f05d128f57ab8/gnocchi.557b449d-490b-4a74-a109-9640e19daad5/none_v3" 200 22 "GET http://[::1]:8080/v1/AUTH_7e08652c4e3e41b29e5f05d128f57ab8/gnocchi.557b449d-490b-4a74-a109-9640e19daad5/none_v3" "txd79d7485f3684c89a8c44-0068e85c37" "proxy-server 86594" 0.0006 "-" 93871 0
Oct 09 21:07:03 np0005479242.novalocal proxy-server[86594]: ::1 ::1 10/Oct/2025/01/07/03 GET /v1/AUTH_7e08652c4e3e41b29e5f05d128f57ab8/gnocchi.557b449d-490b-4a74-a109-9640e19daad5/none_v3 HTTP/1.0 200 - python-swiftclient-4.5.0 gAAAAABo6Fv-oWcl... - 22 - txd79d7485f3684c89a8c44-0068e85c37 - 0.0170 - - 1760058423.461266994 1760058423.478232384 0
Oct 09 21:07:03 np0005479242.novalocal container-server[93569]: ::1 - - [10/Oct/2025:01:07:03 +0000] "PUT /3/231453/AUTH_7e08652c4e3e41b29e5f05d128f57ab8/gnocchi.3d7f1ee5-2fe5-495f-8df5-66d456eb27aa/1759320000.0_mean_300.0_v3" 201 - "PUT http://[::1]:8080/1/253547/AUTH_7e08652c4e3e41b29e5f05d128f57ab8/gnocchi.3d7f1ee5-2fe5-495f-8df5-66d456eb27aa/1759320000.0_mean_300.0_v3" "txde4f29769ce14258ab837-0068e85c37" "object-server 93870" 0.0016 "-" 93569 0
Oct 09 21:07:03 np0005479242.novalocal container-server[93568]: ::1 - - [10/Oct/2025:01:07:03 +0000] "PUT /2/231453/AUTH_7e08652c4e3e41b29e5f05d128f57ab8/gnocchi.3d7f1ee5-2fe5-495f-8df5-66d456eb27aa/1759320000.0_mean_300.0_v3" 201 - "PUT http://[::1]:8080/3/253547/AUTH_7e08652c4e3e41b29e5f05d128f57ab8/gnocchi.3d7f1ee5-2fe5-495f-8df5-66d456eb27aa/1759320000.0_mean_300.0_v3" "txde4f29769ce14258ab837-0068e85c37" "object-server 93871" 0.0004 "-" 93568 0
Oct 09 21:07:03 np0005479242.novalocal object-server[93871]: ::1 - - [10/Oct/2025:01:07:03 +0000] "PUT /3/253547/AUTH_7e08652c4e3e41b29e5f05d128f57ab8/gnocchi.3d7f1ee5-2fe5-495f-8df5-66d456eb27aa/1759320000.0_mean_300.0_v3" 201 - "PUT http://[::1]:8080/v1/AUTH_7e08652c4e3e41b29e5f05d128f57ab8/gnocchi.3d7f1ee5-2fe5-495f-8df5-66d456eb27aa/1759320000.0_mean_300.0_v3" "txde4f29769ce14258ab837-0068e85c37" "proxy-server 86594" 0.0220 "-" 93871 0
Oct 09 21:07:03 np0005479242.novalocal object-server[93870]: ::1 - - [10/Oct/2025:01:07:03 +0000] "PUT /1/253547/AUTH_7e08652c4e3e41b29e5f05d128f57ab8/gnocchi.3d7f1ee5-2fe5-495f-8df5-66d456eb27aa/1759320000.0_mean_300.0_v3" 201 - "PUT http://[::1]:8080/v1/AUTH_7e08652c4e3e41b29e5f05d128f57ab8/gnocchi.3d7f1ee5-2fe5-495f-8df5-66d456eb27aa/1759320000.0_mean_300.0_v3" "txde4f29769ce14258ab837-0068e85c37" "proxy-server 86594" 0.0222 "-" 93870 0
Oct 09 21:07:03 np0005479242.novalocal container-server[93568]: ::1 - - [10/Oct/2025:01:07:03 +0000] "PUT /1/231453/AUTH_7e08652c4e3e41b29e5f05d128f57ab8/gnocchi.3d7f1ee5-2fe5-495f-8df5-66d456eb27aa/1759320000.0_mean_300.0_v3" 201 - "PUT http://[::1]:8080/2/253547/AUTH_7e08652c4e3e41b29e5f05d128f57ab8/gnocchi.3d7f1ee5-2fe5-495f-8df5-66d456eb27aa/1759320000.0_mean_300.0_v3" "txde4f29769ce14258ab837-0068e85c37" "object-server 93871" 0.0003 "-" 93568 0
Oct 09 21:07:03 np0005479242.novalocal object-server[93871]: ::1 - - [10/Oct/2025:01:07:03 +0000] "PUT /2/253547/AUTH_7e08652c4e3e41b29e5f05d128f57ab8/gnocchi.3d7f1ee5-2fe5-495f-8df5-66d456eb27aa/1759320000.0_mean_300.0_v3" 201 - "PUT http://[::1]:8080/v1/AUTH_7e08652c4e3e41b29e5f05d128f57ab8/gnocchi.3d7f1ee5-2fe5-495f-8df5-66d456eb27aa/1759320000.0_mean_300.0_v3" "txde4f29769ce14258ab837-0068e85c37" "proxy-server 86594" 0.0219 "-" 93871 0
Oct 09 21:07:03 np0005479242.novalocal proxy-server[86594]: ::1 ::1 10/Oct/2025/01/07/03 PUT /v1/AUTH_7e08652c4e3e41b29e5f05d128f57ab8/gnocchi.3d7f1ee5-2fe5-495f-8df5-66d456eb27aa/1759320000.0_mean_300.0_v3 HTTP/1.0 201 - python-swiftclient-4.5.0 gAAAAABo6Fv-PTBu... 16 - - txde4f29769ce14258ab837-0068e85c37 - 0.0325 - - 1760058423.454750061 1760058423.487260342 0
Oct 09 21:07:03 np0005479242.novalocal container-server[93568]: ::1 - - [10/Oct/2025:01:07:03 +0000] "GET /2/249669/AUTH_7e08652c4e3e41b29e5f05d128f57ab8/gnocchi.557b449d-490b-4a74-a109-9640e19daad5" 200 357 "GET http://[::1]:8080/v1/AUTH_7e08652c4e3e41b29e5f05d128f57ab8/gnocchi.557b449d-490b-4a74-a109-9640e19daad5?format=json&states=listing" "txff68f6cca4284dd99e111-0068e85c37" "proxy-server 86594" 0.0046 "-" 93568 0
Oct 09 21:07:03 np0005479242.novalocal proxy-server[86594]: ::1 ::1 10/Oct/2025/01/07/03 GET /v1/AUTH_7e08652c4e3e41b29e5f05d128f57ab8/gnocchi.557b449d-490b-4a74-a109-9640e19daad5%3Fformat%3Djson%26states%3Dlisting HTTP/1.0 200 - python-swiftclient-4.5.0 gAAAAABo6Fv-oWcl... - 357 - txff68f6cca4284dd99e111-0068e85c37 - 0.0170 - - 1760058423.481590509 1760058423.498548746 0
Oct 09 21:07:03 np0005479242.novalocal container-server[93569]: ::1 - - [10/Oct/2025:01:07:03 +0000] "PUT /3/231453/AUTH_7e08652c4e3e41b29e5f05d128f57ab8/gnocchi.3d7f1ee5-2fe5-495f-8df5-66d456eb27aa/none_v3" 201 - "PUT http://[::1]:8080/3/171935/AUTH_7e08652c4e3e41b29e5f05d128f57ab8/gnocchi.3d7f1ee5-2fe5-495f-8df5-66d456eb27aa/none_v3" "tx23b6bde4643247ffb8690-0068e85c37" "object-server 93871" 0.0007 "-" 93569 0
Oct 09 21:07:03 np0005479242.novalocal object-server[93871]: ::1 - - [10/Oct/2025:01:07:03 +0000] "PUT /3/171935/AUTH_7e08652c4e3e41b29e5f05d128f57ab8/gnocchi.3d7f1ee5-2fe5-495f-8df5-66d456eb27aa/none_v3" 201 - "PUT http://[::1]:8080/v1/AUTH_7e08652c4e3e41b29e5f05d128f57ab8/gnocchi.3d7f1ee5-2fe5-495f-8df5-66d456eb27aa/none_v3" "tx23b6bde4643247ffb8690-0068e85c37" "proxy-server 86594" 0.0117 "-" 93871 0
Oct 09 21:07:03 np0005479242.novalocal container-server[93568]: ::1 - - [10/Oct/2025:01:07:03 +0000] "GET /3/249669/AUTH_7e08652c4e3e41b29e5f05d128f57ab8/gnocchi.557b449d-490b-4a74-a109-9640e19daad5" 200 2 "GET http://[::1]:8080/v1/AUTH_7e08652c4e3e41b29e5f05d128f57ab8/gnocchi.557b449d-490b-4a74-a109-9640e19daad5?format=json&marker=none_v3&states=listing" "tx0ea8a917581f41078a29b-0068e85c37" "proxy-server 86594" 0.0034 "-" 93568 0
Oct 09 21:07:03 np0005479242.novalocal container-server[93568]: ::1 - - [10/Oct/2025:01:07:03 +0000] "PUT /2/231453/AUTH_7e08652c4e3e41b29e5f05d128f57ab8/gnocchi.3d7f1ee5-2fe5-495f-8df5-66d456eb27aa/none_v3" 201 - "PUT http://[::1]:8080/2/171935/AUTH_7e08652c4e3e41b29e5f05d128f57ab8/gnocchi.3d7f1ee5-2fe5-495f-8df5-66d456eb27aa/none_v3" "tx23b6bde4643247ffb8690-0068e85c37" "object-server 93870" 0.0004 "-" 93568 0
Oct 09 21:07:03 np0005479242.novalocal proxy-server[86594]: ::1 ::1 10/Oct/2025/01/07/03 GET /v1/AUTH_7e08652c4e3e41b29e5f05d128f57ab8/gnocchi.557b449d-490b-4a74-a109-9640e19daad5%3Fformat%3Djson%26marker%3Dnone_v3%26states%3Dlisting HTTP/1.0 200 - python-swiftclient-4.5.0 gAAAAABo6Fv-oWcl... - 2 - tx0ea8a917581f41078a29b-0068e85c37 - 0.0101 - - 1760058423.504498005 1760058423.514608145 0
Oct 09 21:07:03 np0005479242.novalocal object-server[93870]: ::1 - - [10/Oct/2025:01:07:03 +0000] "PUT /2/171935/AUTH_7e08652c4e3e41b29e5f05d128f57ab8/gnocchi.3d7f1ee5-2fe5-495f-8df5-66d456eb27aa/none_v3" 201 - "PUT http://[::1]:8080/v1/AUTH_7e08652c4e3e41b29e5f05d128f57ab8/gnocchi.3d7f1ee5-2fe5-495f-8df5-66d456eb27aa/none_v3" "tx23b6bde4643247ffb8690-0068e85c37" "proxy-server 86594" 0.0161 "-" 93870 0
Oct 09 21:07:03 np0005479242.novalocal container-server[93568]: ::1 - - [10/Oct/2025:01:07:03 +0000] "PUT /1/231453/AUTH_7e08652c4e3e41b29e5f05d128f57ab8/gnocchi.3d7f1ee5-2fe5-495f-8df5-66d456eb27aa/none_v3" 201 - "PUT http://[::1]:8080/1/171935/AUTH_7e08652c4e3e41b29e5f05d128f57ab8/gnocchi.3d7f1ee5-2fe5-495f-8df5-66d456eb27aa/none_v3" "tx23b6bde4643247ffb8690-0068e85c37" "object-server 93870" 0.0004 "-" 93568 0
Oct 09 21:07:03 np0005479242.novalocal object-server[93870]: ::1 - - [10/Oct/2025:01:07:03 +0000] "PUT /1/171935/AUTH_7e08652c4e3e41b29e5f05d128f57ab8/gnocchi.3d7f1ee5-2fe5-495f-8df5-66d456eb27aa/none_v3" 201 - "PUT http://[::1]:8080/v1/AUTH_7e08652c4e3e41b29e5f05d128f57ab8/gnocchi.3d7f1ee5-2fe5-495f-8df5-66d456eb27aa/none_v3" "tx23b6bde4643247ffb8690-0068e85c37" "proxy-server 86594" 0.0191 "-" 93870 0
Oct 09 21:07:03 np0005479242.novalocal proxy-server[86594]: ::1 ::1 10/Oct/2025/01/07/03 PUT /v1/AUTH_7e08652c4e3e41b29e5f05d128f57ab8/gnocchi.3d7f1ee5-2fe5-495f-8df5-66d456eb27aa/none_v3 HTTP/1.0 201 - python-swiftclient-4.5.0 gAAAAABo6Fv-PTBu... 27 - - tx23b6bde4643247ffb8690-0068e85c37 - 0.0275 - - 1760058423.489722729 1760058423.517266035 0
Oct 09 21:07:03 np0005479242.novalocal object-server[93870]: ::1 - - [10/Oct/2025:01:07:03 +0000] "GET /3/243913/AUTH_7e08652c4e3e41b29e5f05d128f57ab8/gnocchi.557b449d-490b-4a74-a109-9640e19daad5/1759320000.0_rate%3Amean_300.0_v3" 404 70 "GET http://[::1]:8080/v1/AUTH_7e08652c4e3e41b29e5f05d128f57ab8/gnocchi.557b449d-490b-4a74-a109-9640e19daad5/1759320000.0_rate%3Amean_300.0_v3" "tx39fa67708d89401e81888-0068e85c37" "proxy-server 86594" 0.0002 "-" 93870 0
Oct 09 21:07:03 np0005479242.novalocal object-server[93870]: ::1 - - [10/Oct/2025:01:07:03 +0000] "GET /2/243913/AUTH_7e08652c4e3e41b29e5f05d128f57ab8/gnocchi.557b449d-490b-4a74-a109-9640e19daad5/1759320000.0_rate%3Amean_300.0_v3" 404 70 "GET http://[::1]:8080/v1/AUTH_7e08652c4e3e41b29e5f05d128f57ab8/gnocchi.557b449d-490b-4a74-a109-9640e19daad5/1759320000.0_rate%3Amean_300.0_v3" "tx39fa67708d89401e81888-0068e85c37" "proxy-server 86594" 0.0002 "-" 93870 0
Oct 09 21:07:03 np0005479242.novalocal container-server[93569]: ::1 - - [10/Oct/2025:01:07:03 +0000] "HEAD /2/78065/AUTH_7e08652c4e3e41b29e5f05d128f57ab8/gnocchi.6cf24701-8112-4f66-9a44-99ba3e3fc2b9" 404 - "HEAD http://[::1]:8080/v1/AUTH_7e08652c4e3e41b29e5f05d128f57ab8/gnocchi.6cf24701-8112-4f66-9a44-99ba3e3fc2b9" "txf1d5696bb02b43bea715c-0068e85c37" "proxy-server 86594" 0.0004 "-" 93569 0
Oct 09 21:07:03 np0005479242.novalocal container-server[93568]: ::1 - - [10/Oct/2025:01:07:03 +0000] "HEAD /1/78065/AUTH_7e08652c4e3e41b29e5f05d128f57ab8/gnocchi.6cf24701-8112-4f66-9a44-99ba3e3fc2b9" 404 - "HEAD http://[::1]:8080/v1/AUTH_7e08652c4e3e41b29e5f05d128f57ab8/gnocchi.6cf24701-8112-4f66-9a44-99ba3e3fc2b9" "txf1d5696bb02b43bea715c-0068e85c37" "proxy-server 86594" 0.0002 "-" 93568 0
Oct 09 21:07:03 np0005479242.novalocal object-server[93871]: ::1 - - [10/Oct/2025:01:07:03 +0000] "GET /1/243913/AUTH_7e08652c4e3e41b29e5f05d128f57ab8/gnocchi.557b449d-490b-4a74-a109-9640e19daad5/1759320000.0_rate%3Amean_300.0_v3" 404 70 "GET http://[::1]:8080/v1/AUTH_7e08652c4e3e41b29e5f05d128f57ab8/gnocchi.557b449d-490b-4a74-a109-9640e19daad5/1759320000.0_rate%3Amean_300.0_v3" "tx39fa67708d89401e81888-0068e85c37" "proxy-server 86594" 0.0007 "-" 93871 0
Oct 09 21:07:03 np0005479242.novalocal proxy-server[86594]: ::1 ::1 10/Oct/2025/01/07/03 GET /v1/AUTH_7e08652c4e3e41b29e5f05d128f57ab8/gnocchi.557b449d-490b-4a74-a109-9640e19daad5/1759320000.0_rate%253Amean_300.0_v3 HTTP/1.0 404 - python-swiftclient-4.5.0 gAAAAABo6Fv-oWcl... - 70 - tx39fa67708d89401e81888-0068e85c37 - 0.0170 - - 1760058423.518060446 1760058423.535023212 0
Oct 09 21:07:03 np0005479242.novalocal container-server[93568]: ::1 - - [10/Oct/2025:01:07:03 +0000] "HEAD /3/78065/AUTH_7e08652c4e3e41b29e5f05d128f57ab8/gnocchi.6cf24701-8112-4f66-9a44-99ba3e3fc2b9" 404 - "HEAD http://[::1]:8080/v1/AUTH_7e08652c4e3e41b29e5f05d128f57ab8/gnocchi.6cf24701-8112-4f66-9a44-99ba3e3fc2b9" "txf1d5696bb02b43bea715c-0068e85c37" "proxy-server 86594" 0.0007 "-" 93568 0
Oct 09 21:07:03 np0005479242.novalocal proxy-server[86594]: - - 10/Oct/2025/01/07/03 HEAD /v1/AUTH_7e08652c4e3e41b29e5f05d128f57ab8/gnocchi.6cf24701-8112-4f66-9a44-99ba3e3fc2b9 HTTP/1.0 404 - Swift - - - - txf1d5696bb02b43bea715c-0068e85c37 - 0.0221 CS - 1760058423.526681185 1760058423.548732996 0
Oct 09 21:07:03 np0005479242.novalocal kernel: qbra11cf980-6a: port 2(tapa11cf980-6a) entered disabled state
Oct 09 21:07:03 np0005479242.novalocal kernel: tapa11cf980-6a (unregistering): left allmulticast mode
Oct 09 21:07:03 np0005479242.novalocal kernel: tapa11cf980-6a (unregistering): left promiscuous mode
Oct 09 21:07:03 np0005479242.novalocal kernel: qbra11cf980-6a: port 2(tapa11cf980-6a) entered disabled state
Oct 09 21:07:03 np0005479242.novalocal NetworkManager[859]: [1760058423.5706] device (tapa11cf980-6a): state change: activated -> unmanaged (reason 'unmanaged', managed-type: 'removed')
Oct 09 21:07:03 np0005479242.novalocal NetworkManager[859]: [1760058423.5712] device (tapa11cf980-6a): released from controller device qbra11cf980-6a
Oct 09 21:07:03 np0005479242.novalocal object-server[93870]: ::1 - - [10/Oct/2025:01:07:03 +0000] "GET /2/174461/AUTH_7e08652c4e3e41b29e5f05d128f57ab8/gnocchi.6cf24701-8112-4f66-9a44-99ba3e3fc2b9/none_v3" 404 70 "GET http://[::1]:8080/v1/AUTH_7e08652c4e3e41b29e5f05d128f57ab8/gnocchi.6cf24701-8112-4f66-9a44-99ba3e3fc2b9/none_v3" "txf1d5696bb02b43bea715c-0068e85c37" "proxy-server 86594" 0.0005 "-" 93870 0
Oct 09 21:07:03 np0005479242.novalocal object-server[93871]: ::1 - - [10/Oct/2025:01:07:03 +0000] "GET /3/174461/AUTH_7e08652c4e3e41b29e5f05d128f57ab8/gnocchi.6cf24701-8112-4f66-9a44-99ba3e3fc2b9/none_v3" 404 70 "GET http://[::1]:8080/v1/AUTH_7e08652c4e3e41b29e5f05d128f57ab8/gnocchi.6cf24701-8112-4f66-9a44-99ba3e3fc2b9/none_v3" "txf1d5696bb02b43bea715c-0068e85c37" "proxy-server 86594" 0.0004 "-" 93871 0
Oct 09 21:07:03 np0005479242.novalocal object-server[93870]: ::1 - - [10/Oct/2025:01:07:03 +0000] "GET /2/181310/AUTH_7e08652c4e3e41b29e5f05d128f57ab8/gnocchi.557b449d-490b-4a74-a109-9640e19daad5/1759320000.0_mean_300.0_v3" 200 16 "GET http://[::1]:8080/v1/AUTH_7e08652c4e3e41b29e5f05d128f57ab8/gnocchi.557b449d-490b-4a74-a109-9640e19daad5/1759320000.0_mean_300.0_v3" "tx00db3818f0c74f7691c7d-0068e85c37" "proxy-server 86594" 0.0047 "-" 93870 0
Oct 09 21:07:03 np0005479242.novalocal proxy-server[86594]: ::1 ::1 10/Oct/2025/01/07/03 GET /v1/AUTH_7e08652c4e3e41b29e5f05d128f57ab8/gnocchi.557b449d-490b-4a74-a109-9640e19daad5/1759320000.0_mean_300.0_v3 HTTP/1.0 200 - python-swiftclient-4.5.0 gAAAAABo6Fv-oWcl... - 16 - tx00db3818f0c74f7691c7d-0068e85c37 - 0.0460 - - 1760058423.537709236 1760058423.583699942 0
Oct 09 21:07:03 np0005479242.novalocal object-server[93870]: ::1 - - [10/Oct/2025:01:07:03 +0000] "GET /1/174461/AUTH_7e08652c4e3e41b29e5f05d128f57ab8/gnocchi.6cf24701-8112-4f66-9a44-99ba3e3fc2b9/none_v3" 404 70 "GET http://[::1]:8080/v1/AUTH_7e08652c4e3e41b29e5f05d128f57ab8/gnocchi.6cf24701-8112-4f66-9a44-99ba3e3fc2b9/none_v3" "txf1d5696bb02b43bea715c-0068e85c37" "proxy-server 86594" 0.0002 "-" 93870 0
Oct 09 21:07:03 np0005479242.novalocal proxy-server[86594]: ::1 ::1 10/Oct/2025/01/07/03 GET /v1/AUTH_7e08652c4e3e41b29e5f05d128f57ab8/gnocchi.6cf24701-8112-4f66-9a44-99ba3e3fc2b9/none_v3 HTTP/1.0 404 - python-swiftclient-4.5.0 gAAAAABo6Fv-PTBu... - 70 - txf1d5696bb02b43bea715c-0068e85c37 - 0.0607 - - 1760058423.526230812 1760058423.586940050 0
Oct 09 21:07:03 np0005479242.novalocal systemd[1]: machine-qemu\x2d1\x2dinstance\x2d00000001.scope: Deactivated successfully.
Oct 09 21:07:03 np0005479242.novalocal systemd[1]: machine-qemu\x2d1\x2dinstance\x2d00000001.scope: Consumed 22.064s CPU time.
Oct 09 21:07:03 np0005479242.novalocal systemd-machined[90856]: Machine qemu-1-instance-00000001 terminated.
Oct 09 21:07:03 np0005479242.novalocal container-server[93568]: ::1 - - [10/Oct/2025:01:07:03 +0000] "PUT /1/249669/AUTH_7e08652c4e3e41b29e5f05d128f57ab8/gnocchi.557b449d-490b-4a74-a109-9640e19daad5/1759320000.0_rate%3Amean_300.0_v3" 201 - "PUT http://[::1]:8080/3/243913/AUTH_7e08652c4e3e41b29e5f05d128f57ab8/gnocchi.557b449d-490b-4a74-a109-9640e19daad5/1759320000.0_rate%3Amean_300.0_v3" "tx517949f11dd648eba2726-0068e85c37" "object-server 93870" 0.0005 "-" 93568 0
Oct 09 21:07:03 np0005479242.novalocal object-server[93870]: ::1 - - [10/Oct/2025:01:07:03 +0000] "PUT /3/243913/AUTH_7e08652c4e3e41b29e5f05d128f57ab8/gnocchi.557b449d-490b-4a74-a109-9640e19daad5/1759320000.0_rate%3Amean_300.0_v3" 201 - "PUT http://[::1]:8080/v1/AUTH_7e08652c4e3e41b29e5f05d128f57ab8/gnocchi.557b449d-490b-4a74-a109-9640e19daad5/1759320000.0_rate%3Amean_300.0_v3" "tx517949f11dd648eba2726-0068e85c37" "proxy-server 86594" 0.0097 "-" 93870 0
Oct 09 21:07:03 np0005479242.novalocal account-server[93271]: ::1 - - [10/Oct/2025:01:07:03 +0000] "PUT /3/130220/AUTH_7e08652c4e3e41b29e5f05d128f57ab8/gnocchi.6cf24701-8112-4f66-9a44-99ba3e3fc2b9" 201 - "PUT http://[::1]:6001/3/78065/AUTH_7e08652c4e3e41b29e5f05d128f57ab8/gnocchi.6cf24701-8112-4f66-9a44-99ba3e3fc2b9" "txa37520a8666948038d674-0068e85c37" "container-server 93568" 0.0054 "-" 93271 0
Oct 09 21:07:03 np0005479242.novalocal container-server[93568]: ::1 - - [10/Oct/2025:01:07:03 +0000] "PUT /3/78065/AUTH_7e08652c4e3e41b29e5f05d128f57ab8/gnocchi.6cf24701-8112-4f66-9a44-99ba3e3fc2b9" 201 - "PUT http://[::1]:8080/v1/AUTH_7e08652c4e3e41b29e5f05d128f57ab8/gnocchi.6cf24701-8112-4f66-9a44-99ba3e3fc2b9" "txa37520a8666948038d674-0068e85c37" "proxy-server 86594" 0.0152 "-" 93568 0
Oct 09 21:07:03 np0005479242.novalocal container-server[93569]: ::1 - - [10/Oct/2025:01:07:03 +0000] "PUT /2/249669/AUTH_7e08652c4e3e41b29e5f05d128f57ab8/gnocchi.557b449d-490b-4a74-a109-9640e19daad5/1759320000.0_rate%3Amean_300.0_v3" 201 - "PUT http://[::1]:8080/2/243913/AUTH_7e08652c4e3e41b29e5f05d128f57ab8/gnocchi.557b449d-490b-4a74-a109-9640e19daad5/1759320000.0_rate%3Amean_300.0_v3" "tx517949f11dd648eba2726-0068e85c37" "object-server 93870" 0.0006 "-" 93569 0
Oct 09 21:07:03 np0005479242.novalocal container-server[93569]: ::1 - - [10/Oct/2025:01:07:03 +0000] "PUT /3/249669/AUTH_7e08652c4e3e41b29e5f05d128f57ab8/gnocchi.557b449d-490b-4a74-a109-9640e19daad5/1759320000.0_rate%3Amean_300.0_v3" 201 - "PUT http://[::1]:8080/1/243913/AUTH_7e08652c4e3e41b29e5f05d128f57ab8/gnocchi.557b449d-490b-4a74-a109-9640e19daad5/1759320000.0_rate%3Amean_300.0_v3" "tx517949f11dd648eba2726-0068e85c37" "object-server 93870" 0.0004 "-" 93569 0
Oct 09 21:07:03 np0005479242.novalocal object-server[93870]: ::1 - - [10/Oct/2025:01:07:03 +0000] "PUT /2/243913/AUTH_7e08652c4e3e41b29e5f05d128f57ab8/gnocchi.557b449d-490b-4a74-a109-9640e19daad5/1759320000.0_rate%3Amean_300.0_v3" 201 - "PUT http://[::1]:8080/v1/AUTH_7e08652c4e3e41b29e5f05d128f57ab8/gnocchi.557b449d-490b-4a74-a109-9640e19daad5/1759320000.0_rate%3Amean_300.0_v3" "tx517949f11dd648eba2726-0068e85c37" "proxy-server 86594" 0.0304 "-" 93870 0
Oct 09 21:07:03 np0005479242.novalocal object-server[93870]: ::1 - - [10/Oct/2025:01:07:03 +0000] "PUT /1/243913/AUTH_7e08652c4e3e41b29e5f05d128f57ab8/gnocchi.557b449d-490b-4a74-a109-9640e19daad5/1759320000.0_rate%3Amean_300.0_v3" 201 - "PUT http://[::1]:8080/v1/AUTH_7e08652c4e3e41b29e5f05d128f57ab8/gnocchi.557b449d-490b-4a74-a109-9640e19daad5/1759320000.0_rate%3Amean_300.0_v3" "tx517949f11dd648eba2726-0068e85c37" "proxy-server 86594" 0.0302 "-" 93870 0
Oct 09 21:07:03 np0005479242.novalocal proxy-server[86594]: ::1 ::1 10/Oct/2025/01/07/03 PUT /v1/AUTH_7e08652c4e3e41b29e5f05d128f57ab8/gnocchi.557b449d-490b-4a74-a109-9640e19daad5/1759320000.0_rate%253Amean_300.0_v3 HTTP/1.0 201 - python-swiftclient-4.5.0 gAAAAABo6Fv-oWcl... 16 - - tx517949f11dd648eba2726-0068e85c37 - 0.0490 - - 1760058423.588168859 1760058423.637141466 0
Oct 09 21:07:03 np0005479242.novalocal account-server[93272]: ::1 - - [10/Oct/2025:01:07:03 +0000] "PUT /1/130220/AUTH_7e08652c4e3e41b29e5f05d128f57ab8/gnocchi.6cf24701-8112-4f66-9a44-99ba3e3fc2b9" 201 - "PUT http://[::1]:6001/1/78065/AUTH_7e08652c4e3e41b29e5f05d128f57ab8/gnocchi.6cf24701-8112-4f66-9a44-99ba3e3fc2b9" "txa37520a8666948038d674-0068e85c37" "container-server 93569" 0.0040 "-" 93272 0
Oct 09 21:07:03 np0005479242.novalocal container-server[93569]: ::1 - - [10/Oct/2025:01:07:03 +0000] "PUT /1/78065/AUTH_7e08652c4e3e41b29e5f05d128f57ab8/gnocchi.6cf24701-8112-4f66-9a44-99ba3e3fc2b9" 201 - "PUT http://[::1]:8080/v1/AUTH_7e08652c4e3e41b29e5f05d128f57ab8/gnocchi.6cf24701-8112-4f66-9a44-99ba3e3fc2b9" "txa37520a8666948038d674-0068e85c37" "proxy-server 86594" 0.0180 "-" 93569 0
Oct 09 21:07:03 np0005479242.novalocal account-server[93272]: ::1 - - [10/Oct/2025:01:07:03 +0000] "PUT /2/130220/AUTH_7e08652c4e3e41b29e5f05d128f57ab8/gnocchi.6cf24701-8112-4f66-9a44-99ba3e3fc2b9" 201 - "PUT http://[::1]:6001/2/78065/AUTH_7e08652c4e3e41b29e5f05d128f57ab8/gnocchi.6cf24701-8112-4f66-9a44-99ba3e3fc2b9" "txa37520a8666948038d674-0068e85c37" "container-server 93569" 0.0034 "-" 93272 0
Oct 09 21:07:03 np0005479242.novalocal container-server[93569]: ::1 - - [10/Oct/2025:01:07:03 +0000] "PUT /2/78065/AUTH_7e08652c4e3e41b29e5f05d128f57ab8/gnocchi.6cf24701-8112-4f66-9a44-99ba3e3fc2b9" 201 - "PUT http://[::1]:8080/v1/AUTH_7e08652c4e3e41b29e5f05d128f57ab8/gnocchi.6cf24701-8112-4f66-9a44-99ba3e3fc2b9" "txa37520a8666948038d674-0068e85c37" "proxy-server 86594" 0.0411 "-" 93569 0
Oct 09 21:07:03 np0005479242.novalocal proxy-server[86594]: ::1 ::1 10/Oct/2025/01/07/03 PUT /v1/AUTH_7e08652c4e3e41b29e5f05d128f57ab8/gnocchi.6cf24701-8112-4f66-9a44-99ba3e3fc2b9 HTTP/1.0 201 - python-swiftclient-4.5.0 gAAAAABo6Fv-PTBu... - - - txa37520a8666948038d674-0068e85c37 - 0.0581 - - 1760058423.589762449 1760058423.647830009 0
Oct 09 21:07:03 np0005479242.novalocal container-server[93569]: ::1 - - [10/Oct/2025:01:07:03 +0000] "HEAD /3/78065/AUTH_7e08652c4e3e41b29e5f05d128f57ab8/gnocchi.6cf24701-8112-4f66-9a44-99ba3e3fc2b9" 204 - "HEAD http://[::1]:8080/v1/AUTH_7e08652c4e3e41b29e5f05d128f57ab8/gnocchi.6cf24701-8112-4f66-9a44-99ba3e3fc2b9" "tx5d81b11888b941cc9b41d-0068e85c37" "proxy-server 86594" 0.0014 "-" 93569 0
Oct 09 21:07:03 np0005479242.novalocal proxy-server[86594]: - - 10/Oct/2025/01/07/03 HEAD /v1/AUTH_7e08652c4e3e41b29e5f05d128f57ab8/gnocchi.6cf24701-8112-4f66-9a44-99ba3e3fc2b9 HTTP/1.0 204 - Swift - - - - tx5d81b11888b941cc9b41d-0068e85c37 - 0.0051 CS - 1760058423.651342630 1760058423.656474829 0
Oct 09 21:07:03 np0005479242.novalocal container-server[93569]: ::1 - - [10/Oct/2025:01:07:03 +0000] "PUT /2/249669/AUTH_7e08652c4e3e41b29e5f05d128f57ab8/gnocchi.557b449d-490b-4a74-a109-9640e19daad5/1759320000.0_mean_300.0_v3" 201 - "PUT http://[::1]:8080/1/181310/AUTH_7e08652c4e3e41b29e5f05d128f57ab8/gnocchi.557b449d-490b-4a74-a109-9640e19daad5/1759320000.0_mean_300.0_v3" "txf2aa7aa7eb694d2db2828-0068e85c37" "object-server 93870" 0.0015 "-" 93569 0
Oct 09 21:07:03 np0005479242.novalocal object-server[93870]: ::1 - - [10/Oct/2025:01:07:03 +0000] "PUT /1/181310/AUTH_7e08652c4e3e41b29e5f05d128f57ab8/gnocchi.557b449d-490b-4a74-a109-9640e19daad5/1759320000.0_mean_300.0_v3" 201 - "PUT http://[::1]:8080/v1/AUTH_7e08652c4e3e41b29e5f05d128f57ab8/gnocchi.557b449d-490b-4a74-a109-9640e19daad5/1759320000.0_mean_300.0_v3" "txf2aa7aa7eb694d2db2828-0068e85c37" "proxy-server 86594" 0.0127 "-" 93870 0
Oct 09 21:07:03 np0005479242.novalocal container-server[93569]: ::1 - - [10/Oct/2025:01:07:03 +0000] "GET /3/78065/AUTH_7e08652c4e3e41b29e5f05d128f57ab8/gnocchi.6cf24701-8112-4f66-9a44-99ba3e3fc2b9" 200 2 "GET http://[::1]:8080/v1/AUTH_7e08652c4e3e41b29e5f05d128f57ab8/gnocchi.6cf24701-8112-4f66-9a44-99ba3e3fc2b9?format=json&states=listing" "tx5d81b11888b941cc9b41d-0068e85c37" "proxy-server 86594" 0.0019 "-" 93569 0
Oct 09 21:07:03 np0005479242.novalocal container-server[93568]: ::1 - - [10/Oct/2025:01:07:03 +0000] "PUT /3/249669/AUTH_7e08652c4e3e41b29e5f05d128f57ab8/gnocchi.557b449d-490b-4a74-a109-9640e19daad5/1759320000.0_mean_300.0_v3" 201 - "PUT http://[::1]:8080/2/181310/AUTH_7e08652c4e3e41b29e5f05d128f57ab8/gnocchi.557b449d-490b-4a74-a109-9640e19daad5/1759320000.0_mean_300.0_v3" "txf2aa7aa7eb694d2db2828-0068e85c37" "object-server 93871" 0.0006 "-" 93568 0
Oct 09 21:07:03 np0005479242.novalocal object-server[93871]: ::1 - - [10/Oct/2025:01:07:03 +0000] "PUT /2/181310/AUTH_7e08652c4e3e41b29e5f05d128f57ab8/gnocchi.557b449d-490b-4a74-a109-9640e19daad5/1759320000.0_mean_300.0_v3" 201 - "PUT http://[::1]:8080/v1/AUTH_7e08652c4e3e41b29e5f05d128f57ab8/gnocchi.557b449d-490b-4a74-a109-9640e19daad5/1759320000.0_mean_300.0_v3" "txf2aa7aa7eb694d2db2828-0068e85c37" "proxy-server 86594" 0.0173 "-" 93871 0
Oct 09 21:07:03 np0005479242.novalocal container-server[93568]: ::1 - - [10/Oct/2025:01:07:03 +0000] "PUT /1/249669/AUTH_7e08652c4e3e41b29e5f05d128f57ab8/gnocchi.557b449d-490b-4a74-a109-9640e19daad5/1759320000.0_mean_300.0_v3" 201 - "PUT http://[::1]:8080/3/181310/AUTH_7e08652c4e3e41b29e5f05d128f57ab8/gnocchi.557b449d-490b-4a74-a109-9640e19daad5/1759320000.0_mean_300.0_v3" "txf2aa7aa7eb694d2db2828-0068e85c37" "object-server 93871" 0.0004 "-" 93568 0
Oct 09 21:07:03 np0005479242.novalocal object-server[93871]: ::1 - - [10/Oct/2025:01:07:03 +0000] "PUT /3/181310/AUTH_7e08652c4e3e41b29e5f05d128f57ab8/gnocchi.557b449d-490b-4a74-a109-9640e19daad5/1759320000.0_mean_300.0_v3" 201 - "PUT http://[::1]:8080/v1/AUTH_7e08652c4e3e41b29e5f05d128f57ab8/gnocchi.557b449d-490b-4a74-a109-9640e19daad5/1759320000.0_mean_300.0_v3" "txf2aa7aa7eb694d2db2828-0068e85c37" "proxy-server 86594" 0.0212 "-" 93871 0
Oct 09 21:07:03 np0005479242.novalocal proxy-server[86594]: ::1 ::1 10/Oct/2025/01/07/03 GET /v1/AUTH_7e08652c4e3e41b29e5f05d128f57ab8/gnocchi.6cf24701-8112-4f66-9a44-99ba3e3fc2b9%3Fformat%3Djson%26states%3Dlisting HTTP/1.0 200 - python-swiftclient-4.5.0 gAAAAABo6Fv-PTBu... - 2 - tx5d81b11888b941cc9b41d-0068e85c37 - 0.0156 - - 1760058423.650875092 1760058423.666433573 0
Oct 09 21:07:03 np0005479242.novalocal proxy-server[86594]: ::1 ::1 10/Oct/2025/01/07/03 PUT /v1/AUTH_7e08652c4e3e41b29e5f05d128f57ab8/gnocchi.557b449d-490b-4a74-a109-9640e19daad5/1759320000.0_mean_300.0_v3 HTTP/1.0 201 - python-swiftclient-4.5.0 gAAAAABo6Fv-oWcl... 16 - - txf2aa7aa7eb694d2db2828-0068e85c37 - 0.0285 - - 1760058423.640285969 1760058423.668737888 0
Oct 09 21:07:03 np0005479242.novalocal object-server[93870]: ::1 - - [10/Oct/2025:01:07:03 +0000] "GET /2/1190/AUTH_7e08652c4e3e41b29e5f05d128f57ab8/gnocchi.6cf24701-8112-4f66-9a44-99ba3e3fc2b9/1759320000.0_mean_300.0_v3" 404 70 "GET http://[::1]:8080/v1/AUTH_7e08652c4e3e41b29e5f05d128f57ab8/gnocchi.6cf24701-8112-4f66-9a44-99ba3e3fc2b9/1759320000.0_mean_300.0_v3" "tx9873fb4985954a8fb31a4-0068e85c37" "proxy-server 86594" 0.0003 "-" 93870 0
Oct 09 21:07:03 np0005479242.novalocal object-server[93871]: ::1 - - [10/Oct/2025:01:07:03 +0000] "GET /1/1190/AUTH_7e08652c4e3e41b29e5f05d128f57ab8/gnocchi.6cf24701-8112-4f66-9a44-99ba3e3fc2b9/1759320000.0_mean_300.0_v3" 404 70 "GET http://[::1]:8080/v1/AUTH_7e08652c4e3e41b29e5f05d128f57ab8/gnocchi.6cf24701-8112-4f66-9a44-99ba3e3fc2b9/1759320000.0_mean_300.0_v3" "tx9873fb4985954a8fb31a4-0068e85c37" "proxy-server 86594" 0.0002 "-" 93871 0
Oct 09 21:07:03 np0005479242.novalocal object-server[93870]: ::1 - - [10/Oct/2025:01:07:03 +0000] "GET /3/1190/AUTH_7e08652c4e3e41b29e5f05d128f57ab8/gnocchi.6cf24701-8112-4f66-9a44-99ba3e3fc2b9/1759320000.0_mean_300.0_v3" 404 70 "GET http://[::1]:8080/v1/AUTH_7e08652c4e3e41b29e5f05d128f57ab8/gnocchi.6cf24701-8112-4f66-9a44-99ba3e3fc2b9/1759320000.0_mean_300.0_v3" "tx9873fb4985954a8fb31a4-0068e85c37" "proxy-server 86594" 0.0002 "-" 93870 0
Oct 09 21:07:03 np0005479242.novalocal proxy-server[86594]: ::1 ::1 10/Oct/2025/01/07/03 GET /v1/AUTH_7e08652c4e3e41b29e5f05d128f57ab8/gnocchi.6cf24701-8112-4f66-9a44-99ba3e3fc2b9/1759320000.0_mean_300.0_v3 HTTP/1.0 404 - python-swiftclient-4.5.0 gAAAAABo6Fv-PTBu... - 70 - tx9873fb4985954a8fb31a4-0068e85c37 - 0.0163 - - 1760058423.670041323 1760058423.686327696 0
Oct 09 21:07:03 np0005479242.novalocal container-server[93569]: ::1 - - [10/Oct/2025:01:07:03 +0000] "PUT /3/249669/AUTH_7e08652c4e3e41b29e5f05d128f57ab8/gnocchi.557b449d-490b-4a74-a109-9640e19daad5/none_v3" 201 - "PUT http://[::1]:8080/2/123363/AUTH_7e08652c4e3e41b29e5f05d128f57ab8/gnocchi.557b449d-490b-4a74-a109-9640e19daad5/none_v3" "tx3c21ef1f884449d38084f-0068e85c37" "object-server 93870" 0.0008 "-" 93569 0
Oct 09 21:07:03 np0005479242.novalocal object-server[93870]: ::1 - - [10/Oct/2025:01:07:03 +0000] "PUT /2/123363/AUTH_7e08652c4e3e41b29e5f05d128f57ab8/gnocchi.557b449d-490b-4a74-a109-9640e19daad5/none_v3" 201 - "PUT http://[::1]:8080/v1/AUTH_7e08652c4e3e41b29e5f05d128f57ab8/gnocchi.557b449d-490b-4a74-a109-9640e19daad5/none_v3" "tx3c21ef1f884449d38084f-0068e85c37" "proxy-server 86594" 0.0137 "-" 93870 0
Oct 09 21:07:03 np0005479242.novalocal container-server[93568]: ::1 - - [10/Oct/2025:01:07:03 +0000] "PUT /1/249669/AUTH_7e08652c4e3e41b29e5f05d128f57ab8/gnocchi.557b449d-490b-4a74-a109-9640e19daad5/none_v3" 201 - "PUT http://[::1]:8080/3/123363/AUTH_7e08652c4e3e41b29e5f05d128f57ab8/gnocchi.557b449d-490b-4a74-a109-9640e19daad5/none_v3" "tx3c21ef1f884449d38084f-0068e85c37" "object-server 93870" 0.0024 "-" 93568 0
Oct 09 21:07:03 np0005479242.novalocal object-server[93870]: ::1 - - [10/Oct/2025:01:07:03 +0000] "PUT /3/123363/AUTH_7e08652c4e3e41b29e5f05d128f57ab8/gnocchi.557b449d-490b-4a74-a109-9640e19daad5/none_v3" 201 - "PUT http://[::1]:8080/v1/AUTH_7e08652c4e3e41b29e5f05d128f57ab8/gnocchi.557b449d-490b-4a74-a109-9640e19daad5/none_v3" "tx3c21ef1f884449d38084f-0068e85c37" "proxy-server 86594" 0.0161 "-" 93870 0
Oct 09 21:07:03 np0005479242.novalocal container-server[93568]: ::1 - - [10/Oct/2025:01:07:03 +0000] "PUT /2/249669/AUTH_7e08652c4e3e41b29e5f05d128f57ab8/gnocchi.557b449d-490b-4a74-a109-9640e19daad5/none_v3" 201 - "PUT http://[::1]:8080/1/123363/AUTH_7e08652c4e3e41b29e5f05d128f57ab8/gnocchi.557b449d-490b-4a74-a109-9640e19daad5/none_v3" "tx3c21ef1f884449d38084f-0068e85c37" "object-server 93871" 0.0005 "-" 93568 0
Oct 09 21:07:03 np0005479242.novalocal object-server[93871]: ::1 - - [10/Oct/2025:01:07:03 +0000] "PUT /1/123363/AUTH_7e08652c4e3e41b29e5f05d128f57ab8/gnocchi.557b449d-490b-4a74-a109-9640e19daad5/none_v3" 201 - "PUT http://[::1]:8080/v1/AUTH_7e08652c4e3e41b29e5f05d128f57ab8/gnocchi.557b449d-490b-4a74-a109-9640e19daad5/none_v3" "tx3c21ef1f884449d38084f-0068e85c37" "proxy-server 86594" 0.0186 "-" 93871 0
Oct 09 21:07:03 np0005479242.novalocal proxy-server[86594]: ::1 ::1 10/Oct/2025/01/07/03 PUT /v1/AUTH_7e08652c4e3e41b29e5f05d128f57ab8/gnocchi.557b449d-490b-4a74-a109-9640e19daad5/none_v3 HTTP/1.0 201 - python-swiftclient-4.5.0 gAAAAABo6Fv-oWcl... 27 - - tx3c21ef1f884449d38084f-0068e85c37 - 0.0269 - - 1760058423.674626112 1760058423.701497078 0
Oct 09 21:07:03 np0005479242.novalocal container-server[93569]: ::1 - - [10/Oct/2025:01:07:03 +0000] "PUT /1/78065/AUTH_7e08652c4e3e41b29e5f05d128f57ab8/gnocchi.6cf24701-8112-4f66-9a44-99ba3e3fc2b9/1759320000.0_mean_300.0_v3" 201 - "PUT http://[::1]:8080/3/1190/AUTH_7e08652c4e3e41b29e5f05d128f57ab8/gnocchi.6cf24701-8112-4f66-9a44-99ba3e3fc2b9/1759320000.0_mean_300.0_v3" "txf123446e46ef4e3eb4a89-0068e85c37" "object-server 93871" 0.0008 "-" 93569 0
Oct 09 21:07:03 np0005479242.novalocal container-server[93568]: ::1 - - [10/Oct/2025:01:07:03 +0000] "PUT /3/78065/AUTH_7e08652c4e3e41b29e5f05d128f57ab8/gnocchi.6cf24701-8112-4f66-9a44-99ba3e3fc2b9/1759320000.0_mean_300.0_v3" 201 - "PUT http://[::1]:8080/2/1190/AUTH_7e08652c4e3e41b29e5f05d128f57ab8/gnocchi.6cf24701-8112-4f66-9a44-99ba3e3fc2b9/1759320000.0_mean_300.0_v3" "txf123446e46ef4e3eb4a89-0068e85c37" "object-server 93870" 0.0005 "-" 93568 0
Oct 09 21:07:03 np0005479242.novalocal object-server[93870]: ::1 - - [10/Oct/2025:01:07:03 +0000] "PUT /2/1190/AUTH_7e08652c4e3e41b29e5f05d128f57ab8/gnocchi.6cf24701-8112-4f66-9a44-99ba3e3fc2b9/1759320000.0_mean_300.0_v3" 201 - "PUT http://[::1]:8080/v1/AUTH_7e08652c4e3e41b29e5f05d128f57ab8/gnocchi.6cf24701-8112-4f66-9a44-99ba3e3fc2b9/1759320000.0_mean_300.0_v3" "txf123446e46ef4e3eb4a89-0068e85c37" "proxy-server 86594" 0.0157 "-" 93870 0
Oct 09 21:07:03 np0005479242.novalocal container-server[93569]: ::1 - - [10/Oct/2025:01:07:03 +0000] "PUT /2/78065/AUTH_7e08652c4e3e41b29e5f05d128f57ab8/gnocchi.6cf24701-8112-4f66-9a44-99ba3e3fc2b9/1759320000.0_mean_300.0_v3" 201 - "PUT http://[::1]:8080/1/1190/AUTH_7e08652c4e3e41b29e5f05d128f57ab8/gnocchi.6cf24701-8112-4f66-9a44-99ba3e3fc2b9/1759320000.0_mean_300.0_v3" "txf123446e46ef4e3eb4a89-0068e85c37" "object-server 93871" 0.0005 "-" 93569 0
Oct 09 21:07:03 np0005479242.novalocal object-server[93871]: ::1 - - [10/Oct/2025:01:07:03 +0000] "PUT /3/1190/AUTH_7e08652c4e3e41b29e5f05d128f57ab8/gnocchi.6cf24701-8112-4f66-9a44-99ba3e3fc2b9/1759320000.0_mean_300.0_v3" 201 - "PUT http://[::1]:8080/v1/AUTH_7e08652c4e3e41b29e5f05d128f57ab8/gnocchi.6cf24701-8112-4f66-9a44-99ba3e3fc2b9/1759320000.0_mean_300.0_v3" "txf123446e46ef4e3eb4a89-0068e85c37" "proxy-server 86594" 0.0175 "-" 93871 0
Oct 09 21:07:03 np0005479242.novalocal object-server[93871]: ::1 - - [10/Oct/2025:01:07:03 +0000] "PUT /1/1190/AUTH_7e08652c4e3e41b29e5f05d128f57ab8/gnocchi.6cf24701-8112-4f66-9a44-99ba3e3fc2b9/1759320000.0_mean_300.0_v3" 201 - "PUT http://[::1]:8080/v1/AUTH_7e08652c4e3e41b29e5f05d128f57ab8/gnocchi.6cf24701-8112-4f66-9a44-99ba3e3fc2b9/1759320000.0_mean_300.0_v3" "txf123446e46ef4e3eb4a89-0068e85c37" "proxy-server 86594" 0.0167 "-" 93871 0
Oct 09 21:07:03 np0005479242.novalocal proxy-server[86594]: ::1 ::1 10/Oct/2025/01/07/03 PUT /v1/AUTH_7e08652c4e3e41b29e5f05d128f57ab8/gnocchi.6cf24701-8112-4f66-9a44-99ba3e3fc2b9/1759320000.0_mean_300.0_v3 HTTP/1.0 201 - python-swiftclient-4.5.0 gAAAAABo6Fv-PTBu... 16 - - txf123446e46ef4e3eb4a89-0068e85c37 - 0.0237 - - 1760058423.689030647 1760058423.712719679 0
Oct 09 21:07:03 np0005479242.novalocal object-server[93870]: ::1 - - [10/Oct/2025:01:07:03 +0000] "GET /2/195965/AUTH_7e08652c4e3e41b29e5f05d128f57ab8/gnocchi.3ab3e97b-33ee-4def-a145-f38b301c7316/none_v3" 200 22 "GET http://[::1]:8080/v1/AUTH_7e08652c4e3e41b29e5f05d128f57ab8/gnocchi.3ab3e97b-33ee-4def-a145-f38b301c7316/none_v3" "tx6aac270e82c1460487c0e-0068e85c37" "proxy-server 86594" 0.0007 "-" 93870 0
Oct 09 21:07:03 np0005479242.novalocal proxy-server[86594]: ::1 ::1 10/Oct/2025/01/07/03 GET /v1/AUTH_7e08652c4e3e41b29e5f05d128f57ab8/gnocchi.3ab3e97b-33ee-4def-a145-f38b301c7316/none_v3 HTTP/1.0 200 - python-swiftclient-4.5.0 gAAAAABo6Fv-oWcl... - 22 - tx6aac270e82c1460487c0e-0068e85c37 - 0.0115 - - 1760058423.716603756 1760058423.728091955 0
Oct 09 21:07:03 np0005479242.novalocal container-server[93569]: ::1 - - [10/Oct/2025:01:07:03 +0000] "GET /3/98558/AUTH_7e08652c4e3e41b29e5f05d128f57ab8/gnocchi.3ab3e97b-33ee-4def-a145-f38b301c7316" 200 357 "GET http://[::1]:8080/v1/AUTH_7e08652c4e3e41b29e5f05d128f57ab8/gnocchi.3ab3e97b-33ee-4def-a145-f38b301c7316?format=json&states=listing" "tx1c6c99acecf34139abf2d-0068e85c37" "proxy-server 86594" 0.0035 "-" 93569 0
Oct 09 21:07:03 np0005479242.novalocal container-server[93569]: ::1 - - [10/Oct/2025:01:07:03 +0000] "PUT /1/78065/AUTH_7e08652c4e3e41b29e5f05d128f57ab8/gnocchi.6cf24701-8112-4f66-9a44-99ba3e3fc2b9/none_v3" 201 - "PUT http://[::1]:8080/1/174461/AUTH_7e08652c4e3e41b29e5f05d128f57ab8/gnocchi.6cf24701-8112-4f66-9a44-99ba3e3fc2b9/none_v3" "tx18f042ff72d44e00a625d-0068e85c37" "object-server 93870" 0.0005 "-" 93569 0
Oct 09 21:07:03 np0005479242.novalocal object-server[93870]: ::1 - - [10/Oct/2025:01:07:03 +0000] "PUT /1/174461/AUTH_7e08652c4e3e41b29e5f05d128f57ab8/gnocchi.6cf24701-8112-4f66-9a44-99ba3e3fc2b9/none_v3" 201 - "PUT http://[::1]:8080/v1/AUTH_7e08652c4e3e41b29e5f05d128f57ab8/gnocchi.6cf24701-8112-4f66-9a44-99ba3e3fc2b9/none_v3" "tx18f042ff72d44e00a625d-0068e85c37" "proxy-server 86594" 0.0207 "-" 93870 0
Oct 09 21:07:03 np0005479242.novalocal proxy-server[86594]: ::1 ::1 10/Oct/2025/01/07/03 GET /v1/AUTH_7e08652c4e3e41b29e5f05d128f57ab8/gnocchi.3ab3e97b-33ee-4def-a145-f38b301c7316%3Fformat%3Djson%26states%3Dlisting HTTP/1.0 200 - python-swiftclient-4.5.0 gAAAAABo6Fv-oWcl... - 357 - tx1c6c99acecf34139abf2d-0068e85c37 - 0.0120 - - 1760058423.731350183 1760058423.743352175 0
Oct 09 21:07:03 np0005479242.novalocal container-server[93569]: ::1 - - [10/Oct/2025:01:07:03 +0000] "PUT /3/78065/AUTH_7e08652c4e3e41b29e5f05d128f57ab8/gnocchi.6cf24701-8112-4f66-9a44-99ba3e3fc2b9/none_v3" 201 - "PUT http://[::1]:8080/3/174461/AUTH_7e08652c4e3e41b29e5f05d128f57ab8/gnocchi.6cf24701-8112-4f66-9a44-99ba3e3fc2b9/none_v3" "tx18f042ff72d44e00a625d-0068e85c37" "object-server 93870" 0.0004 "-" 93569 0
Oct 09 21:07:03 np0005479242.novalocal object-server[93870]: ::1 - - [10/Oct/2025:01:07:03 +0000] "PUT /3/174461/AUTH_7e08652c4e3e41b29e5f05d128f57ab8/gnocchi.6cf24701-8112-4f66-9a44-99ba3e3fc2b9/none_v3" 201 - "PUT http://[::1]:8080/v1/AUTH_7e08652c4e3e41b29e5f05d128f57ab8/gnocchi.6cf24701-8112-4f66-9a44-99ba3e3fc2b9/none_v3" "tx18f042ff72d44e00a625d-0068e85c37" "proxy-server 86594" 0.0206 "-" 93870 0
Oct 09 21:07:03 np0005479242.novalocal container-server[93569]: ::1 - - [10/Oct/2025:01:07:03 +0000] "PUT /2/78065/AUTH_7e08652c4e3e41b29e5f05d128f57ab8/gnocchi.6cf24701-8112-4f66-9a44-99ba3e3fc2b9/none_v3" 201 - "PUT http://[::1]:8080/2/174461/AUTH_7e08652c4e3e41b29e5f05d128f57ab8/gnocchi.6cf24701-8112-4f66-9a44-99ba3e3fc2b9/none_v3" "tx18f042ff72d44e00a625d-0068e85c37" "object-server 93870" 0.0003 "-" 93569 0
Oct 09 21:07:03 np0005479242.novalocal object-server[93870]: ::1 - - [10/Oct/2025:01:07:03 +0000] "PUT /2/174461/AUTH_7e08652c4e3e41b29e5f05d128f57ab8/gnocchi.6cf24701-8112-4f66-9a44-99ba3e3fc2b9/none_v3" 201 - "PUT http://[::1]:8080/v1/AUTH_7e08652c4e3e41b29e5f05d128f57ab8/gnocchi.6cf24701-8112-4f66-9a44-99ba3e3fc2b9/none_v3" "tx18f042ff72d44e00a625d-0068e85c37" "proxy-server 86594" 0.0242 "-" 93870 0
Oct 09 21:07:03 np0005479242.novalocal proxy-server[86594]: ::1 ::1 10/Oct/2025/01/07/03 PUT /v1/AUTH_7e08652c4e3e41b29e5f05d128f57ab8/gnocchi.6cf24701-8112-4f66-9a44-99ba3e3fc2b9/none_v3 HTTP/1.0 201 - python-swiftclient-4.5.0 gAAAAABo6Fv-PTBu... 22 - - tx18f042ff72d44e00a625d-0068e85c37 - 0.0313 - - 1760058423.715342045 1760058423.746655703 0
Oct 09 21:07:03 np0005479242.novalocal container-server[93568]: ::1 - - [10/Oct/2025:01:07:03 +0000] "GET /3/98558/AUTH_7e08652c4e3e41b29e5f05d128f57ab8/gnocchi.3ab3e97b-33ee-4def-a145-f38b301c7316" 200 2 "GET http://[::1]:8080/v1/AUTH_7e08652c4e3e41b29e5f05d128f57ab8/gnocchi.3ab3e97b-33ee-4def-a145-f38b301c7316?format=json&marker=none_v3&states=listing" "tx50c85cf4d60f4abe85232-0068e85c37" "proxy-server 86594" 0.0019 "-" 93568 0
Oct 09 21:07:03 np0005479242.novalocal proxy-server[86594]: ::1 ::1 10/Oct/2025/01/07/03 GET /v1/AUTH_7e08652c4e3e41b29e5f05d128f57ab8/gnocchi.3ab3e97b-33ee-4def-a145-f38b301c7316%3Fformat%3Djson%26marker%3Dnone_v3%26states%3Dlisting HTTP/1.0 200 - python-swiftclient-4.5.0 gAAAAABo6Fv-oWcl... - 2 - tx50c85cf4d60f4abe85232-0068e85c37 - 0.0077 - - 1760058423.747577667 1760058423.755259275 0
Oct 09 21:07:03 np0005479242.novalocal container-server[93569]: ::1 - - [10/Oct/2025:01:07:03 +0000] "HEAD /1/132875/AUTH_7e08652c4e3e41b29e5f05d128f57ab8/gnocchi.614178a3-2288-4fe7-810d-8af681858a61" 404 - "HEAD http://[::1]:8080/v1/AUTH_7e08652c4e3e41b29e5f05d128f57ab8/gnocchi.614178a3-2288-4fe7-810d-8af681858a61" "txfe120b326f5340e78970d-0068e85c37" "proxy-server 86594" 0.0002 "-" 93569 0
Oct 09 21:07:03 np0005479242.novalocal object-server[93870]: ::1 - - [10/Oct/2025:01:07:03 +0000] "GET /2/243858/AUTH_7e08652c4e3e41b29e5f05d128f57ab8/gnocchi.3ab3e97b-33ee-4def-a145-f38b301c7316/1759320000.0_rate%3Amean_300.0_v3" 404 70 "GET http://[::1]:8080/v1/AUTH_7e08652c4e3e41b29e5f05d128f57ab8/gnocchi.3ab3e97b-33ee-4def-a145-f38b301c7316/1759320000.0_rate%3Amean_300.0_v3" "tx678d93d9615f406c8802f-0068e85c37" "proxy-server 86594" 0.0004 "-" 93870 0
Oct 09 21:07:03 np0005479242.novalocal object-server[93870]: ::1 - - [10/Oct/2025:01:07:03 +0000] "GET /3/243858/AUTH_7e08652c4e3e41b29e5f05d128f57ab8/gnocchi.3ab3e97b-33ee-4def-a145-f38b301c7316/1759320000.0_rate%3Amean_300.0_v3" 404 70 "GET http://[::1]:8080/v1/AUTH_7e08652c4e3e41b29e5f05d128f57ab8/gnocchi.3ab3e97b-33ee-4def-a145-f38b301c7316/1759320000.0_rate%3Amean_300.0_v3" "tx678d93d9615f406c8802f-0068e85c37" "proxy-server 86594" 0.0002 "-" 93870 0
Oct 09 21:07:03 np0005479242.novalocal container-server[93569]: ::1 - - [10/Oct/2025:01:07:03 +0000] "HEAD /2/132875/AUTH_7e08652c4e3e41b29e5f05d128f57ab8/gnocchi.614178a3-2288-4fe7-810d-8af681858a61" 404 - "HEAD http://[::1]:8080/v1/AUTH_7e08652c4e3e41b29e5f05d128f57ab8/gnocchi.614178a3-2288-4fe7-810d-8af681858a61" "txfe120b326f5340e78970d-0068e85c37" "proxy-server 86594" 0.0002 "-" 93569 0
Oct 09 21:07:03 np0005479242.novalocal object-server[93870]: ::1 - - [10/Oct/2025:01:07:03 +0000] "GET /1/243858/AUTH_7e08652c4e3e41b29e5f05d128f57ab8/gnocchi.3ab3e97b-33ee-4def-a145-f38b301c7316/1759320000.0_rate%3Amean_300.0_v3" 404 70 "GET http://[::1]:8080/v1/AUTH_7e08652c4e3e41b29e5f05d128f57ab8/gnocchi.3ab3e97b-33ee-4def-a145-f38b301c7316/1759320000.0_rate%3Amean_300.0_v3" "tx678d93d9615f406c8802f-0068e85c37" "proxy-server 86594" 0.0001 "-" 93870 0
Oct 09 21:07:03 np0005479242.novalocal proxy-server[86594]: ::1 ::1 10/Oct/2025/01/07/03 GET /v1/AUTH_7e08652c4e3e41b29e5f05d128f57ab8/gnocchi.3ab3e97b-33ee-4def-a145-f38b301c7316/1759320000.0_rate%253Amean_300.0_v3 HTTP/1.0 404 - python-swiftclient-4.5.0 gAAAAABo6Fv-oWcl... - 70 - tx678d93d9615f406c8802f-0068e85c37 - 0.0114 - - 1760058423.774477005 1760058423.785854578 0
Oct 09 21:07:03 np0005479242.novalocal container-server[93569]: ::1 - - [10/Oct/2025:01:07:03 +0000] "HEAD /3/132875/AUTH_7e08652c4e3e41b29e5f05d128f57ab8/gnocchi.614178a3-2288-4fe7-810d-8af681858a61" 404 - "HEAD http://[::1]:8080/v1/AUTH_7e08652c4e3e41b29e5f05d128f57ab8/gnocchi.614178a3-2288-4fe7-810d-8af681858a61" "txfe120b326f5340e78970d-0068e85c37" "proxy-server 86594" 0.0002 "-" 93569 0
Oct 09 21:07:03 np0005479242.novalocal proxy-server[86594]: - - 10/Oct/2025/01/07/03 HEAD /v1/AUTH_7e08652c4e3e41b29e5f05d128f57ab8/gnocchi.614178a3-2288-4fe7-810d-8af681858a61 HTTP/1.0 404 - Swift - - - - txfe120b326f5340e78970d-0068e85c37 - 0.0304 CS - 1760058423.756955147 1760058423.787337542 0
Oct 09 21:07:03 np0005479242.novalocal object-server[93870]: ::1 - - [10/Oct/2025:01:07:03 +0000] "GET /2/41629/AUTH_7e08652c4e3e41b29e5f05d128f57ab8/gnocchi.614178a3-2288-4fe7-810d-8af681858a61/none_v3" 404 70 "GET http://[::1]:8080/v1/AUTH_7e08652c4e3e41b29e5f05d128f57ab8/gnocchi.614178a3-2288-4fe7-810d-8af681858a61/none_v3" "txfe120b326f5340e78970d-0068e85c37" "proxy-server 86594" 0.0002 "-" 93870 0
Oct 09 21:07:03 np0005479242.novalocal object-server[93871]: ::1 - - [10/Oct/2025:01:07:03 +0000] "GET /3/41629/AUTH_7e08652c4e3e41b29e5f05d128f57ab8/gnocchi.614178a3-2288-4fe7-810d-8af681858a61/none_v3" 404 70 "GET http://[::1]:8080/v1/AUTH_7e08652c4e3e41b29e5f05d128f57ab8/gnocchi.614178a3-2288-4fe7-810d-8af681858a61/none_v3" "txfe120b326f5340e78970d-0068e85c37" "proxy-server 86594" 0.0003 "-" 93871 0
Oct 09 21:07:03 np0005479242.novalocal object-server[93871]: ::1 - - [10/Oct/2025:01:07:03 +0000] "GET /3/221278/AUTH_7e08652c4e3e41b29e5f05d128f57ab8/gnocchi.3ab3e97b-33ee-4def-a145-f38b301c7316/1759320000.0_mean_300.0_v3" 200 16 "GET http://[::1]:8080/v1/AUTH_7e08652c4e3e41b29e5f05d128f57ab8/gnocchi.3ab3e97b-33ee-4def-a145-f38b301c7316/1759320000.0_mean_300.0_v3" "tx856091d9846242d49881e-0068e85c37" "proxy-server 86594" 0.0006 "-" 93871 0
Oct 09 21:07:03 np0005479242.novalocal object-server[93870]: ::1 - - [10/Oct/2025:01:07:03 +0000] "GET /1/41629/AUTH_7e08652c4e3e41b29e5f05d128f57ab8/gnocchi.614178a3-2288-4fe7-810d-8af681858a61/none_v3" 404 70 "GET http://[::1]:8080/v1/AUTH_7e08652c4e3e41b29e5f05d128f57ab8/gnocchi.614178a3-2288-4fe7-810d-8af681858a61/none_v3" "txfe120b326f5340e78970d-0068e85c37" "proxy-server 86594" 0.0003 "-" 93870 0
Oct 09 21:07:03 np0005479242.novalocal proxy-server[86594]: ::1 ::1 10/Oct/2025/01/07/03 GET /v1/AUTH_7e08652c4e3e41b29e5f05d128f57ab8/gnocchi.3ab3e97b-33ee-4def-a145-f38b301c7316/1759320000.0_mean_300.0_v3 HTTP/1.0 200 - python-swiftclient-4.5.0 gAAAAABo6Fv-oWcl... - 16 - tx856091d9846242d49881e-0068e85c37 - 0.0087 - - 1760058423.791408300 1760058423.800118208 0
