Oct 09 21:06:47 np0005479242.novalocal container-server[93568]: ::1 - - [10/Oct/2025:01:06:47 +0000] "PUT /3/199571/AUTH_7e08652c4e3e41b29e5f05d128f57ab8/gnocchi.f4693ecc-3b24-459d-bcd4-5ebc50dd5830/none_v3" 201 - "PUT http://[::1]:8080/1/98934/AUTH_7e08652c4e3e41b29e5f05d128f57ab8/gnocchi.f4693ecc-3b24-459d-bcd4-5ebc50dd5830/none_v3" "tx6818c12e14ed417ba8c0c-0068e85c27" "object-server 93870" 0.0006 "-" 93568 0
Oct 09 21:06:47 np0005479242.novalocal object-server[93870]: ::1 - - [10/Oct/2025:01:06:47 +0000] "PUT /1/98934/AUTH_7e08652c4e3e41b29e5f05d128f57ab8/gnocchi.f4693ecc-3b24-459d-bcd4-5ebc50dd5830/none_v3" 201 - "PUT http://[::1]:8080/v1/AUTH_7e08652c4e3e41b29e5f05d128f57ab8/gnocchi.f4693ecc-3b24-459d-bcd4-5ebc50dd5830/none_v3" "tx6818c12e14ed417ba8c0c-0068e85c27" "proxy-server 86594" 0.0219 "-" 93870 0
Oct 09 21:06:47 np0005479242.novalocal container-server[93568]: ::1 - - [10/Oct/2025:01:06:47 +0000] "PUT /3/93353/AUTH_7e08652c4e3e41b29e5f05d128f57ab8/gnocchi.b2b5341d-faf5-484e-9f49-103082fac198/none_v3" 201 - "PUT http://[::1]:8080/3/221768/AUTH_7e08652c4e3e41b29e5f05d128f57ab8/gnocchi.b2b5341d-faf5-484e-9f49-103082fac198/none_v3" "txb2710d34558f474294dbf-0068e85c27" "object-server 93870" 0.0006 "-" 93568 0
Oct 09 21:06:47 np0005479242.novalocal proxy-server[86594]: ::1 ::1 10/Oct/2025/01/06/47 PUT /v1/AUTH_7e08652c4e3e41b29e5f05d128f57ab8/gnocchi.f4693ecc-3b24-459d-bcd4-5ebc50dd5830/none_v3 HTTP/1.0 201 - python-swiftclient-4.5.0 gAAAAABo6Fv-PTBu... 32 - - tx6818c12e14ed417ba8c0c-0068e85c27 - 0.0334 - - 1760058407.703298569 1760058407.736748457 0
Oct 09 21:06:47 np0005479242.novalocal object-server[93870]: ::1 - - [10/Oct/2025:01:06:47 +0000] "PUT /3/221768/AUTH_7e08652c4e3e41b29e5f05d128f57ab8/gnocchi.b2b5341d-faf5-484e-9f49-103082fac198/none_v3" 201 - "PUT http://[::1]:8080/v1/AUTH_7e08652c4e3e41b29e5f05d128f57ab8/gnocchi.b2b5341d-faf5-484e-9f49-103082fac198/none_v3" "txb2710d34558f474294dbf-0068e85c27" "proxy-server 86594" 0.0334 "-" 93870 0
Oct 09 21:06:47 np0005479242.novalocal proxy-server[86594]: ::1 ::1 10/Oct/2025/01/06/47 PUT /v1/AUTH_7e08652c4e3e41b29e5f05d128f57ab8/gnocchi.b2b5341d-faf5-484e-9f49-103082fac198/none_v3 HTTP/1.0 201 - python-swiftclient-4.5.0 gAAAAABo6Fv-oWcl... 33 - - txb2710d34558f474294dbf-0068e85c27 - 0.0417 - - 1760058407.696435213 1760058407.738124371 0
Oct 09 21:06:47 np0005479242.novalocal object-server[93871]: ::1 - - [10/Oct/2025:01:06:47 +0000] "GET /3/181565/AUTH_7e08652c4e3e41b29e5f05d128f57ab8/gnocchi.6f066a44-3ff3-4ba5-9eb7-f52307ea301b/none_v3" 200 22 "GET http://[::1]:8080/v1/AUTH_7e08652c4e3e41b29e5f05d128f57ab8/gnocchi.6f066a44-3ff3-4ba5-9eb7-f52307ea301b/none_v3" "txa7dbf609bb8c45db9a489-0068e85c27" "proxy-server 86594" 0.0011 "-" 93871 0
Oct 09 21:06:47 np0005479242.novalocal proxy-server[86594]: ::1 ::1 10/Oct/2025/01/06/47 GET /v1/AUTH_7e08652c4e3e41b29e5f05d128f57ab8/gnocchi.6f066a44-3ff3-4ba5-9eb7-f52307ea301b/none_v3 HTTP/1.0 200 - python-swiftclient-4.5.0 gAAAAABo6Fv-oWcl... - 22 - txa7dbf609bb8c45db9a489-0068e85c27 - 0.0082 - - 1760058407.748801947 1760058407.757022381 0
Oct 09 21:06:47 np0005479242.novalocal container-server[93568]: ::1 - - [10/Oct/2025:01:06:47 +0000] "GET /2/45875/AUTH_7e08652c4e3e41b29e5f05d128f57ab8/gnocchi.6f066a44-3ff3-4ba5-9eb7-f52307ea301b" 200 357 "GET http://[::1]:8080/v1/AUTH_7e08652c4e3e41b29e5f05d128f57ab8/gnocchi.6f066a44-3ff3-4ba5-9eb7-f52307ea301b?format=json&states=listing" "tx1c1b74efa0994f9fae663-0068e85c27" "proxy-server 86594" 0.0097 "-" 93568 0
Oct 09 21:06:47 np0005479242.novalocal proxy-server[86594]: ::1 ::1 10/Oct/2025/01/06/47 GET /v1/AUTH_7e08652c4e3e41b29e5f05d128f57ab8/gnocchi.6f066a44-3ff3-4ba5-9eb7-f52307ea301b%3Fformat%3Djson%26states%3Dlisting HTTP/1.0 200 - python-swiftclient-4.5.0 gAAAAABo6Fv-oWcl... - 357 - tx1c1b74efa0994f9fae663-0068e85c27 - 0.0167 - - 1760058407.760924578 1760058407.777652979 0
Oct 09 21:06:47 np0005479242.novalocal container-server[93568]: ::1 - - [10/Oct/2025:01:06:47 +0000] "GET /3/45875/AUTH_7e08652c4e3e41b29e5f05d128f57ab8/gnocchi.6f066a44-3ff3-4ba5-9eb7-f52307ea301b" 200 2 "GET http://[::1]:8080/v1/AUTH_7e08652c4e3e41b29e5f05d128f57ab8/gnocchi.6f066a44-3ff3-4ba5-9eb7-f52307ea301b?format=json&marker=none_v3&states=listing" "tx3389ad0d81b3461a94069-0068e85c27" "proxy-server 86594" 0.0097 "-" 93568 0
Oct 09 21:06:47 np0005479242.novalocal proxy-server[86594]: ::1 ::1 10/Oct/2025/01/06/47 GET /v1/AUTH_7e08652c4e3e41b29e5f05d128f57ab8/gnocchi.6f066a44-3ff3-4ba5-9eb7-f52307ea301b%3Fformat%3Djson%26marker%3Dnone_v3%26states%3Dlisting HTTP/1.0 200 - python-swiftclient-4.5.0 gAAAAABo6Fv-oWcl... - 2 - tx3389ad0d81b3461a94069-0068e85c27 - 0.0165 - - 1760058407.780541420 1760058407.797061443 0
Oct 09 21:06:47 np0005479242.novalocal object-server[93871]: ::1 - - [10/Oct/2025:01:06:47 +0000] "GET /3/83264/AUTH_7e08652c4e3e41b29e5f05d128f57ab8/gnocchi.6f066a44-3ff3-4ba5-9eb7-f52307ea301b/1759320000.0_mean_300.0_v3" 200 16 "GET http://[::1]:8080/v1/AUTH_7e08652c4e3e41b29e5f05d128f57ab8/gnocchi.6f066a44-3ff3-4ba5-9eb7-f52307ea301b/1759320000.0_mean_300.0_v3" "tx36c09ac080c246a2a8807-0068e85c27" "proxy-server 86594" 0.0007 "-" 93871 0
Oct 09 21:06:47 np0005479242.novalocal proxy-server[86594]: ::1 ::1 10/Oct/2025/01/06/47 GET /v1/AUTH_7e08652c4e3e41b29e5f05d128f57ab8/gnocchi.6f066a44-3ff3-4ba5-9eb7-f52307ea301b/1759320000.0_mean_300.0_v3 HTTP/1.0 200 - python-swiftclient-4.5.0 gAAAAABo6Fv-oWcl... - 16 - tx36c09ac080c246a2a8807-0068e85c27 - 0.0076 - - 1760058407.800980568 1760058407.808577538 0
Oct 09 21:06:47 np0005479242.novalocal container-server[93568]: ::1 - - [10/Oct/2025:01:06:47 +0000] "PUT /2/45875/AUTH_7e08652c4e3e41b29e5f05d128f57ab8/gnocchi.6f066a44-3ff3-4ba5-9eb7-f52307ea301b/1759320000.0_mean_300.0_v3" 201 - "PUT http://[::1]:8080/1/83264/AUTH_7e08652c4e3e41b29e5f05d128f57ab8/gnocchi.6f066a44-3ff3-4ba5-9eb7-f52307ea301b/1759320000.0_mean_300.0_v3" "txe1d7a8c46242432891a7a-0068e85c27" "object-server 93871" 0.0007 "-" 93568 0
Oct 09 21:06:47 np0005479242.novalocal object-server[93871]: ::1 - - [10/Oct/2025:01:06:47 +0000] "PUT /1/83264/AUTH_7e08652c4e3e41b29e5f05d128f57ab8/gnocchi.6f066a44-3ff3-4ba5-9eb7-f52307ea301b/1759320000.0_mean_300.0_v3" 201 - "PUT http://[::1]:8080/v1/AUTH_7e08652c4e3e41b29e5f05d128f57ab8/gnocchi.6f066a44-3ff3-4ba5-9eb7-f52307ea301b/1759320000.0_mean_300.0_v3" "txe1d7a8c46242432891a7a-0068e85c27" "proxy-server 86594" 0.0201 "-" 93871 0
Oct 09 21:06:47 np0005479242.novalocal container-server[93569]: ::1 - - [10/Oct/2025:01:06:47 +0000] "PUT /3/45875/AUTH_7e08652c4e3e41b29e5f05d128f57ab8/gnocchi.6f066a44-3ff3-4ba5-9eb7-f52307ea301b/1759320000.0_mean_300.0_v3" 201 - "PUT http://[::1]:8080/2/83264/AUTH_7e08652c4e3e41b29e5f05d128f57ab8/gnocchi.6f066a44-3ff3-4ba5-9eb7-f52307ea301b/1759320000.0_mean_300.0_v3" "txe1d7a8c46242432891a7a-0068e85c27" "object-server 93870" 0.0007 "-" 93569 0
Oct 09 21:06:47 np0005479242.novalocal object-server[93870]: ::1 - - [10/Oct/2025:01:06:47 +0000] "PUT /2/83264/AUTH_7e08652c4e3e41b29e5f05d128f57ab8/gnocchi.6f066a44-3ff3-4ba5-9eb7-f52307ea301b/1759320000.0_mean_300.0_v3" 201 - "PUT http://[::1]:8080/v1/AUTH_7e08652c4e3e41b29e5f05d128f57ab8/gnocchi.6f066a44-3ff3-4ba5-9eb7-f52307ea301b/1759320000.0_mean_300.0_v3" "txe1d7a8c46242432891a7a-0068e85c27" "proxy-server 86594" 0.0191 "-" 93870 0
Oct 09 21:06:47 np0005479242.novalocal container-server[93569]: ::1 - - [10/Oct/2025:01:06:47 +0000] "PUT /1/45875/AUTH_7e08652c4e3e41b29e5f05d128f57ab8/gnocchi.6f066a44-3ff3-4ba5-9eb7-f52307ea301b/1759320000.0_mean_300.0_v3" 201 - "PUT http://[::1]:8080/3/83264/AUTH_7e08652c4e3e41b29e5f05d128f57ab8/gnocchi.6f066a44-3ff3-4ba5-9eb7-f52307ea301b/1759320000.0_mean_300.0_v3" "txe1d7a8c46242432891a7a-0068e85c27" "object-server 93870" 0.0005 "-" 93569 0
Oct 09 21:06:47 np0005479242.novalocal object-server[93870]: ::1 - - [10/Oct/2025:01:06:47 +0000] "PUT /3/83264/AUTH_7e08652c4e3e41b29e5f05d128f57ab8/gnocchi.6f066a44-3ff3-4ba5-9eb7-f52307ea301b/1759320000.0_mean_300.0_v3" 201 - "PUT http://[::1]:8080/v1/AUTH_7e08652c4e3e41b29e5f05d128f57ab8/gnocchi.6f066a44-3ff3-4ba5-9eb7-f52307ea301b/1759320000.0_mean_300.0_v3" "txe1d7a8c46242432891a7a-0068e85c27" "proxy-server 86594" 0.0235 "-" 93870 0
Oct 09 21:06:47 np0005479242.novalocal proxy-server[86594]: ::1 ::1 10/Oct/2025/01/06/47 PUT /v1/AUTH_7e08652c4e3e41b29e5f05d128f57ab8/gnocchi.6f066a44-3ff3-4ba5-9eb7-f52307ea301b/1759320000.0_mean_300.0_v3 HTTP/1.0 201 - python-swiftclient-4.5.0 gAAAAABo6Fv-oWcl... 16 - - txe1d7a8c46242432891a7a-0068e85c27 - 0.0316 - - 1760058407.811662912 1760058407.843274832 0
Oct 09 21:06:47 np0005479242.novalocal container-server[93569]: ::1 - - [10/Oct/2025:01:06:47 +0000] "PUT /2/45875/AUTH_7e08652c4e3e41b29e5f05d128f57ab8/gnocchi.6f066a44-3ff3-4ba5-9eb7-f52307ea301b/none_v3" 201 - "PUT http://[::1]:8080/2/181565/AUTH_7e08652c4e3e41b29e5f05d128f57ab8/gnocchi.6f066a44-3ff3-4ba5-9eb7-f52307ea301b/none_v3" "tx588b2f5ea2aa47d49820f-0068e85c27" "object-server 93870" 0.0006 "-" 93569 0
Oct 09 21:06:47 np0005479242.novalocal object-server[93870]: ::1 - - [10/Oct/2025:01:06:47 +0000] "PUT /2/181565/AUTH_7e08652c4e3e41b29e5f05d128f57ab8/gnocchi.6f066a44-3ff3-4ba5-9eb7-f52307ea301b/none_v3" 201 - "PUT http://[::1]:8080/v1/AUTH_7e08652c4e3e41b29e5f05d128f57ab8/gnocchi.6f066a44-3ff3-4ba5-9eb7-f52307ea301b/none_v3" "tx588b2f5ea2aa47d49820f-0068e85c27" "proxy-server 86594" 0.0151 "-" 93870 0
Oct 09 21:06:47 np0005479242.novalocal container-server[93568]: ::1 - - [10/Oct/2025:01:06:47 +0000] "PUT /3/45875/AUTH_7e08652c4e3e41b29e5f05d128f57ab8/gnocchi.6f066a44-3ff3-4ba5-9eb7-f52307ea301b/none_v3" 201 - "PUT http://[::1]:8080/1/181565/AUTH_7e08652c4e3e41b29e5f05d128f57ab8/gnocchi.6f066a44-3ff3-4ba5-9eb7-f52307ea301b/none_v3" "tx588b2f5ea2aa47d49820f-0068e85c27" "object-server 93871" 0.0007 "-" 93568 0
Oct 09 21:06:47 np0005479242.novalocal container-server[93569]: ::1 - - [10/Oct/2025:01:06:47 +0000] "PUT /1/45875/AUTH_7e08652c4e3e41b29e5f05d128f57ab8/gnocchi.6f066a44-3ff3-4ba5-9eb7-f52307ea301b/none_v3" 201 - "PUT http://[::1]:8080/3/181565/AUTH_7e08652c4e3e41b29e5f05d128f57ab8/gnocchi.6f066a44-3ff3-4ba5-9eb7-f52307ea301b/none_v3" "tx588b2f5ea2aa47d49820f-0068e85c27" "object-server 93871" 0.0005 "-" 93569 0
Oct 09 21:06:47 np0005479242.novalocal object-server[93871]: ::1 - - [10/Oct/2025:01:06:47 +0000] "PUT /1/181565/AUTH_7e08652c4e3e41b29e5f05d128f57ab8/gnocchi.6f066a44-3ff3-4ba5-9eb7-f52307ea301b/none_v3" 201 - "PUT http://[::1]:8080/v1/AUTH_7e08652c4e3e41b29e5f05d128f57ab8/gnocchi.6f066a44-3ff3-4ba5-9eb7-f52307ea301b/none_v3" "tx588b2f5ea2aa47d49820f-0068e85c27" "proxy-server 86594" 0.0145 "-" 93871 0
Oct 09 21:06:47 np0005479242.novalocal object-server[93871]: ::1 - - [10/Oct/2025:01:06:47 +0000] "PUT /3/181565/AUTH_7e08652c4e3e41b29e5f05d128f57ab8/gnocchi.6f066a44-3ff3-4ba5-9eb7-f52307ea301b/none_v3" 201 - "PUT http://[::1]:8080/v1/AUTH_7e08652c4e3e41b29e5f05d128f57ab8/gnocchi.6f066a44-3ff3-4ba5-9eb7-f52307ea301b/none_v3" "tx588b2f5ea2aa47d49820f-0068e85c27" "proxy-server 86594" 0.0191 "-" 93871 0
Oct 09 21:06:47 np0005479242.novalocal proxy-server[86594]: ::1 ::1 10/Oct/2025/01/06/47 PUT /v1/AUTH_7e08652c4e3e41b29e5f05d128f57ab8/gnocchi.6f066a44-3ff3-4ba5-9eb7-f52307ea301b/none_v3 HTTP/1.0 201 - python-swiftclient-4.5.0 gAAAAABo6Fv-oWcl... 32 - - tx588b2f5ea2aa47d49820f-0068e85c27 - 0.0325 - - 1760058407.846777201 1760058407.879278660 0
Oct 09 21:06:48 np0005479242.novalocal account-server[93338]: Beginning replication run
Oct 09 21:06:48 np0005479242.novalocal account-server[93338]: Replication run OVER
Oct 09 21:06:48 np0005479242.novalocal account-server[93338]: Attempted to replicate 3 dbs in 0.18517 seconds (16.20116/s)
Oct 09 21:06:48 np0005479242.novalocal account-server[93338]: Removed 0 dbs
Oct 09 21:06:48 np0005479242.novalocal account-server[93338]: 6 successes, 0 failures
Oct 09 21:06:48 np0005479242.novalocal account-server[93338]: diff:0 diff_capped:0 empty:0 hashmatch:0 no_change:6 remote_merge:0 rsync:0 ts_repl:0
Oct 09 21:06:48 np0005479242.novalocal systemd[1]: NetworkManager-dispatcher.service: Deactivated successfully.
Oct 09 21:06:48 np0005479242.novalocal object-server[93934]: Starting object replication pass.
Oct 09 21:06:49 np0005479242.novalocal dnsmasq[100270]: read /var/lib/neutron/dhcp/06230952-5a30-45f0-833d-b92cb9fe197a/addn_hosts - 0 addresses
Oct 09 21:06:49 np0005479242.novalocal dnsmasq-dhcp[100270]: read /var/lib/neutron/dhcp/06230952-5a30-45f0-833d-b92cb9fe197a/host
Oct 09 21:06:49 np0005479242.novalocal dnsmasq-dhcp[100270]: read /var/lib/neutron/dhcp/06230952-5a30-45f0-833d-b92cb9fe197a/opts
Oct 09 21:06:50 np0005479242.novalocal kernel: qr-6f703dd9-89: left promiscuous mode
Oct 09 21:06:50 np0005479242.novalocal kernel: qg-f29a4312-75: left promiscuous mode
Oct 09 21:06:51 np0005479242.novalocal systemd[1]: run-netns-qrouter\x2d1fa3588c\x2d08c8\x2d4395\x2d84e8\x2d8ddfc1fb157e.mount: Deactivated successfully.
Oct 09 21:06:51 np0005479242.novalocal dnsmasq[100270]: exiting on receipt of SIGTERM
Oct 09 21:06:51 np0005479242.novalocal kernel: tapbebececa-0c: left promiscuous mode
Oct 09 21:06:51 np0005479242.novalocal neutron-server[89280]: /usr/lib/python3.9/site-packages/oslo_db/sqlalchemy/enginefacade.py:664: SAWarning: DELETE statement on table 'portsecuritybindings' expected to delete 1 row(s); 0 were matched. Please set confirm_deleted_rows=False within the mapper configuration to prevent this warning.
Oct 09 21:06:51 np0005479242.novalocal neutron-server[89280]: self.session.flush()
Oct 09 21:06:51 np0005479242.novalocal neutron-server[89280]: /usr/lib/python3.9/site-packages/oslo_db/sqlalchemy/enginefacade.py:664: SAWarning: DELETE statement on table 'ml2_port_bindings' expected to delete 1 row(s); 0 were matched. Please set confirm_deleted_rows=False within the mapper configuration to prevent this warning.
Oct 09 21:06:51 np0005479242.novalocal neutron-server[89280]: self.session.flush()
Oct 09 21:06:51 np0005479242.novalocal neutron-server[89280]: /usr/lib/python3.9/site-packages/oslo_db/sqlalchemy/enginefacade.py:664: SAWarning: DELETE statement on table 'ml2_port_binding_levels' expected to delete 1 row(s); 0 were matched. Please set confirm_deleted_rows=False within the mapper configuration to prevent this warning.
Oct 09 21:06:51 np0005479242.novalocal neutron-server[89280]: self.session.flush()
Oct 09 21:06:51 np0005479242.novalocal neutron-server[89280]: /usr/lib/python3.9/site-packages/oslo_db/sqlalchemy/enginefacade.py:664: SAWarning: DELETE statement on table 'ports' expected to delete 1 row(s); 0 were matched. Please set confirm_deleted_rows=False within the mapper configuration to prevent this warning.
Oct 09 21:06:51 np0005479242.novalocal neutron-server[89280]: self.session.flush()
Oct 09 21:06:51 np0005479242.novalocal systemd[1]: run-netns-qdhcp\x2d06230952\x2d5a30\x2d45f0\x2d833d\x2db92cb9fe197a.mount: Deactivated successfully.
Oct 09 21:06:51 np0005479242.novalocal object-server[93934]: 180/180 (100.00%) partitions replicated in 2.71s (66.44/sec, 0s remaining)
Oct 09 21:06:51 np0005479242.novalocal object-server[93934]: 360 successes, 0 failures
Oct 09 21:06:51 np0005479242.novalocal object-server[93934]: 180 suffixes checked - 21.11% hashed, 0.00% synced
Oct 09 21:06:51 np0005479242.novalocal object-server[93934]: Partition times: max 0.1362s, min 0.0033s, med 0.0061s
Oct 09 21:06:51 np0005479242.novalocal object-server[93934]: Object replication complete. (0.05 minutes)
Oct 09 21:06:53 np0005479242.novalocal object-server[93870]: ::1 - - [10/Oct/2025:01:06:53 +0000] "GET /2/55067/AUTH_7e08652c4e3e41b29e5f05d128f57ab8/gnocchi.0036b8df-a318-4b67-a319-2fd50a2fe85e/none_v3" 200 31 "GET http://[::1]:8080/v1/AUTH_7e08652c4e3e41b29e5f05d128f57ab8/gnocchi.0036b8df-a318-4b67-a319-2fd50a2fe85e/none_v3" "txd756710a4d0740a0a88d9-0068e85c2d" "proxy-server 86594" 0.0011 "-" 93870 0
Oct 09 21:06:53 np0005479242.novalocal object-server[93871]: ::1 - - [10/Oct/2025:01:06:53 +0000] "GET /1/164327/AUTH_7e08652c4e3e41b29e5f05d128f57ab8/gnocchi.e509e1af-e0a9-4e1f-af2b-105e2d527491/none_v3" 200 32 "GET http://[::1]:8080/v1/AUTH_7e08652c4e3e41b29e5f05d128f57ab8/gnocchi.e509e1af-e0a9-4e1f-af2b-105e2d527491/none_v3" "tx90298dda1a6147779babe-0068e85c2d" "proxy-server 86594" 0.0011 "-" 93871 0
Oct 09 21:06:53 np0005479242.novalocal proxy-server[86594]: ::1 ::1 10/Oct/2025/01/06/53 GET /v1/AUTH_7e08652c4e3e41b29e5f05d128f57ab8/gnocchi.0036b8df-a318-4b67-a319-2fd50a2fe85e/none_v3 HTTP/1.0 200 - python-swiftclient-4.5.0 gAAAAABo6Fv-oWcl... - 31 - txd756710a4d0740a0a88d9-0068e85c2d - 0.0121 - - 1760058413.403206825 1760058413.415327787 0
Oct 09 21:06:53 np0005479242.novalocal proxy-server[86594]: ::1 ::1 10/Oct/2025/01/06/53 GET /v1/AUTH_7e08652c4e3e41b29e5f05d128f57ab8/gnocchi.e509e1af-e0a9-4e1f-af2b-105e2d527491/none_v3 HTTP/1.0 200 - python-swiftclient-4.5.0 gAAAAABo6Fv-PTBu... - 32 - tx90298dda1a6147779babe-0068e85c2d - 0.0132 - - 1760058413.404525280 1760058413.417731047 0
Oct 09 21:06:53 np0005479242.novalocal container-server[93568]: ::1 - - [10/Oct/2025:01:06:53 +0000] "GET /2/94573/AUTH_7e08652c4e3e41b29e5f05d128f57ab8/gnocchi.e509e1af-e0a9-4e1f-af2b-105e2d527491" 200 357 "GET http://[::1]:8080/v1/AUTH_7e08652c4e3e41b29e5f05d128f57ab8/gnocchi.e509e1af-e0a9-4e1f-af2b-105e2d527491?format=json&states=listing" "tx3387f3b63db14ad7bc4e5-0068e85c2d" "proxy-server 86594" 0.0083 "-" 93568 0
Oct 09 21:06:53 np0005479242.novalocal proxy-server[86594]: ::1 ::1 10/Oct/2025/01/06/53 GET /v1/AUTH_7e08652c4e3e41b29e5f05d128f57ab8/gnocchi.e509e1af-e0a9-4e1f-af2b-105e2d527491%3Fformat%3Djson%26states%3Dlisting HTTP/1.0 200 - python-swiftclient-4.5.0 gAAAAABo6Fv-PTBu... - 357 - tx3387f3b63db14ad7bc4e5-0068e85c2d - 0.0192 - - 1760058413.420809507 1760058413.440014124 0
Oct 09 21:06:53 np0005479242.novalocal container-server[93569]: ::1 - - [10/Oct/2025:01:06:53 +0000] "GET /3/172711/AUTH_7e08652c4e3e41b29e5f05d128f57ab8/gnocchi.0036b8df-a318-4b67-a319-2fd50a2fe85e" 200 357 "GET http://[::1]:8080/v1/AUTH_7e08652c4e3e41b29e5f05d128f57ab8/gnocchi.0036b8df-a318-4b67-a319-2fd50a2fe85e?format=json&states=listing" "tx186cead940cc40f688efd-0068e85c2d" "proxy-server 86594" 0.0094 "-" 93569 0
Oct 09 21:06:53 np0005479242.novalocal proxy-server[86594]: ::1 ::1 10/Oct/2025/01/06/53 GET /v1/AUTH_7e08652c4e3e41b29e5f05d128f57ab8/gnocchi.0036b8df-a318-4b67-a319-2fd50a2fe85e%3Fformat%3Djson%26states%3Dlisting HTTP/1.0 200 - python-swiftclient-4.5.0 gAAAAABo6Fv-oWcl... - 357 - tx186cead940cc40f688efd-0068e85c2d - 0.0343 - - 1760058413.419161320 1760058413.453474522 0
Oct 09 21:06:53 np0005479242.novalocal container-server[93569]: ::1 - - [10/Oct/2025:01:06:53 +0000] "GET /2/94573/AUTH_7e08652c4e3e41b29e5f05d128f57ab8/gnocchi.e509e1af-e0a9-4e1f-af2b-105e2d527491" 200 2 "GET http://[::1]:8080/v1/AUTH_7e08652c4e3e41b29e5f05d128f57ab8/gnocchi.e509e1af-e0a9-4e1f-af2b-105e2d527491?format=json&marker=none_v3&states=listing" "txa92af00dcb10488588363-0068e85c2d" "proxy-server 86594" 0.0018 "-" 93569 0
Oct 09 21:06:53 np0005479242.novalocal proxy-server[86594]: ::1 ::1 10/Oct/2025/01/06/53 GET /v1/AUTH_7e08652c4e3e41b29e5f05d128f57ab8/gnocchi.e509e1af-e0a9-4e1f-af2b-105e2d527491%3Fformat%3Djson%26marker%3Dnone_v3%26states%3Dlisting HTTP/1.0 200 - python-swiftclient-4.5.0 gAAAAABo6Fv-PTBu... - 2 - txa92af00dcb10488588363-0068e85c2d - 0.0118 - - 1760058413.444863558 1760058413.456679821 0
Oct 09 21:06:53 np0005479242.novalocal object-server[93870]: ::1 - - [10/Oct/2025:01:06:53 +0000] "GET /2/92216/AUTH_7e08652c4e3e41b29e5f05d128f57ab8/gnocchi.e509e1af-e0a9-4e1f-af2b-105e2d527491/1759320000.0_mean_300.0_v3" 200 16 "GET http://[::1]:8080/v1/AUTH_7e08652c4e3e41b29e5f05d128f57ab8/gnocchi.e509e1af-e0a9-4e1f-af2b-105e2d527491/1759320000.0_mean_300.0_v3" "tx560c9b8e779e416888d33-0068e85c2d" "proxy-server 86594" 0.0005 "-" 93870 0
Oct 09 21:06:53 np0005479242.novalocal proxy-server[86594]: ::1 ::1 10/Oct/2025/01/06/53 GET /v1/AUTH_7e08652c4e3e41b29e5f05d128f57ab8/gnocchi.e509e1af-e0a9-4e1f-af2b-105e2d527491/1759320000.0_mean_300.0_v3 HTTP/1.0 200 - python-swiftclient-4.5.0 gAAAAABo6Fv-PTBu... - 16 - tx560c9b8e779e416888d33-0068e85c2d - 0.0065 - - 1760058413.463974476 1760058413.470447540 0
Oct 09 21:06:53 np0005479242.novalocal container-server[93569]: ::1 - - [10/Oct/2025:01:06:53 +0000] "GET /1/172711/AUTH_7e08652c4e3e41b29e5f05d128f57ab8/gnocchi.0036b8df-a318-4b67-a319-2fd50a2fe85e" 200 2 "GET http://[::1]:8080/v1/AUTH_7e08652c4e3e41b29e5f05d128f57ab8/gnocchi.0036b8df-a318-4b67-a319-2fd50a2fe85e?format=json&marker=none_v3&states=listing" "tx5054598fec6340ec85c46-0068e85c2d" "proxy-server 86594" 0.0108 "-" 93569 0
Oct 09 21:06:53 np0005479242.novalocal proxy-server[86594]: ::1 ::1 10/Oct/2025/01/06/53 GET /v1/AUTH_7e08652c4e3e41b29e5f05d128f57ab8/gnocchi.0036b8df-a318-4b67-a319-2fd50a2fe85e%3Fformat%3Djson%26marker%3Dnone_v3%26states%3Dlisting HTTP/1.0 200 - python-swiftclient-4.5.0 gAAAAABo6Fv-oWcl... - 2 - tx5054598fec6340ec85c46-0068e85c2d - 0.0231 - - 1760058413.457905054 1760058413.481054068 0
Oct 09 21:06:53 np0005479242.novalocal container-server[93569]: ::1 - - [10/Oct/2025:01:06:53 +0000] "PUT /3/94573/AUTH_7e08652c4e3e41b29e5f05d128f57ab8/gnocchi.e509e1af-e0a9-4e1f-af2b-105e2d527491/1759320000.0_mean_300.0_v3" 201 - "PUT http://[::1]:8080/2/92216/AUTH_7e08652c4e3e41b29e5f05d128f57ab8/gnocchi.e509e1af-e0a9-4e1f-af2b-105e2d527491/1759320000.0_mean_300.0_v3" "txe3e3e5decd964302889ba-0068e85c2d" "object-server 93870" 0.0008 "-" 93569 0
Oct 09 21:06:53 np0005479242.novalocal object-server[93870]: ::1 - - [10/Oct/2025:01:06:53 +0000] "PUT /2/92216/AUTH_7e08652c4e3e41b29e5f05d128f57ab8/gnocchi.e509e1af-e0a9-4e1f-af2b-105e2d527491/1759320000.0_mean_300.0_v3" 201 - "PUT http://[::1]:8080/v1/AUTH_7e08652c4e3e41b29e5f05d128f57ab8/gnocchi.e509e1af-e0a9-4e1f-af2b-105e2d527491/1759320000.0_mean_300.0_v3" "txe3e3e5decd964302889ba-0068e85c2d" "proxy-server 86594" 0.0091 "-" 93870 0
Oct 09 21:06:53 np0005479242.novalocal object-server[93871]: ::1 - - [10/Oct/2025:01:06:53 +0000] "GET /1/151926/AUTH_7e08652c4e3e41b29e5f05d128f57ab8/gnocchi.0036b8df-a318-4b67-a319-2fd50a2fe85e/1759320000.0_mean_300.0_v3" 200 16 "GET http://[::1]:8080/v1/AUTH_7e08652c4e3e41b29e5f05d128f57ab8/gnocchi.0036b8df-a318-4b67-a319-2fd50a2fe85e/1759320000.0_mean_300.0_v3" "tx13033b0087a244c4b73a5-0068e85c2d" "proxy-server 86594" 0.0006 "-" 93871 0
Oct 09 21:06:53 np0005479242.novalocal container-server[93569]: ::1 - - [10/Oct/2025:01:06:53 +0000] "PUT /1/94573/AUTH_7e08652c4e3e41b29e5f05d128f57ab8/gnocchi.e509e1af-e0a9-4e1f-af2b-105e2d527491/1759320000.0_mean_300.0_v3" 201 - "PUT http://[::1]:8080/3/92216/AUTH_7e08652c4e3e41b29e5f05d128f57ab8/gnocchi.e509e1af-e0a9-4e1f-af2b-105e2d527491/1759320000.0_mean_300.0_v3" "txe3e3e5decd964302889ba-0068e85c2d" "object-server 93871" 0.0012 "-" 93569 0
Oct 09 21:06:53 np0005479242.novalocal object-server[93871]: ::1 - - [10/Oct/2025:01:06:53 +0000] "PUT /3/92216/AUTH_7e08652c4e3e41b29e5f05d128f57ab8/gnocchi.e509e1af-e0a9-4e1f-af2b-105e2d527491/1759320000.0_mean_300.0_v3" 201 - "PUT http://[::1]:8080/v1/AUTH_7e08652c4e3e41b29e5f05d128f57ab8/gnocchi.e509e1af-e0a9-4e1f-af2b-105e2d527491/1759320000.0_mean_300.0_v3" "txe3e3e5decd964302889ba-0068e85c2d" "proxy-server 86594" 0.0120 "-" 93871 0
Oct 09 21:06:53 np0005479242.novalocal container-server[93569]: ::1 - - [10/Oct/2025:01:06:53 +0000] "PUT /2/94573/AUTH_7e08652c4e3e41b29e5f05d128f57ab8/gnocchi.e509e1af-e0a9-4e1f-af2b-105e2d527491/1759320000.0_mean_300.0_v3" 201 - "PUT http://[::1]:8080/1/92216/AUTH_7e08652c4e3e41b29e5f05d128f57ab8/gnocchi.e509e1af-e0a9-4e1f-af2b-105e2d527491/1759320000.0_mean_300.0_v3" "txe3e3e5decd964302889ba-0068e85c2d" "object-server 93871" 0.0009 "-" 93569 0
Oct 09 21:06:53 np0005479242.novalocal object-server[93871]: ::1 - - [10/Oct/2025:01:06:53 +0000] "PUT /1/92216/AUTH_7e08652c4e3e41b29e5f05d128f57ab8/gnocchi.e509e1af-e0a9-4e1f-af2b-105e2d527491/1759320000.0_mean_300.0_v3" 201 - "PUT http://[::1]:8080/v1/AUTH_7e08652c4e3e41b29e5f05d128f57ab8/gnocchi.e509e1af-e0a9-4e1f-af2b-105e2d527491/1759320000.0_mean_300.0_v3" "txe3e3e5decd964302889ba-0068e85c2d" "proxy-server 86594" 0.0160 "-" 93871 0
Oct 09 21:06:53 np0005479242.novalocal proxy-server[86594]: ::1 ::1 10/Oct/2025/01/06/53 GET /v1/AUTH_7e08652c4e3e41b29e5f05d128f57ab8/gnocchi.0036b8df-a318-4b67-a319-2fd50a2fe85e/1759320000.0_mean_300.0_v3 HTTP/1.0 200 - python-swiftclient-4.5.0 gAAAAABo6Fv-oWcl... - 16 - tx13033b0087a244c4b73a5-0068e85c2d - 0.0098 - - 1760058413.486192703 1760058413.495965242 0
Oct 09 21:06:53 np0005479242.novalocal proxy-server[86594]: ::1 ::1 10/Oct/2025/01/06/53 PUT /v1/AUTH_7e08652c4e3e41b29e5f05d128f57ab8/gnocchi.e509e1af-e0a9-4e1f-af2b-105e2d527491/1759320000.0_mean_300.0_v3 HTTP/1.0 201 - python-swiftclient-4.5.0 gAAAAABo6Fv-PTBu... 16 - - txe3e3e5decd964302889ba-0068e85c2d - 0.0240 - - 1760058413.473619461 1760058413.497624874 0
Oct 09 21:06:53 np0005479242.novalocal container-server[93569]: ::1 - - [10/Oct/2025:01:06:53 +0000] "PUT /1/172711/AUTH_7e08652c4e3e41b29e5f05d128f57ab8/gnocchi.0036b8df-a318-4b67-a319-2fd50a2fe85e/1759320000.0_mean_300.0_v3" 201 - "PUT http://[::1]:8080/2/151926/AUTH_7e08652c4e3e41b29e5f05d128f57ab8/gnocchi.0036b8df-a318-4b67-a319-2fd50a2fe85e/1759320000.0_mean_300.0_v3" "txee40e1dbbdf944a3bd107-0068e85c2d" "object-server 93871" 0.0007 "-" 93569 0
Oct 09 21:06:53 np0005479242.novalocal object-server[93871]: ::1 - - [10/Oct/2025:01:06:53 +0000] "PUT /2/151926/AUTH_7e08652c4e3e41b29e5f05d128f57ab8/gnocchi.0036b8df-a318-4b67-a319-2fd50a2fe85e/1759320000.0_mean_300.0_v3" 201 - "PUT http://[::1]:8080/v1/AUTH_7e08652c4e3e41b29e5f05d128f57ab8/gnocchi.0036b8df-a318-4b67-a319-2fd50a2fe85e/1759320000.0_mean_300.0_v3" "txee40e1dbbdf944a3bd107-0068e85c2d" "proxy-server 86594" 0.0150 "-" 93871 0
Oct 09 21:06:53 np0005479242.novalocal container-server[93569]: ::1 - - [10/Oct/2025:01:06:53 +0000] "PUT /3/172711/AUTH_7e08652c4e3e41b29e5f05d128f57ab8/gnocchi.0036b8df-a318-4b67-a319-2fd50a2fe85e/1759320000.0_mean_300.0_v3" 201 - "PUT http://[::1]:8080/3/151926/AUTH_7e08652c4e3e41b29e5f05d128f57ab8/gnocchi.0036b8df-a318-4b67-a319-2fd50a2fe85e/1759320000.0_mean_300.0_v3" "txee40e1dbbdf944a3bd107-0068e85c2d" "object-server 93871" 0.0009 "-" 93569 0
Oct 09 21:06:53 np0005479242.novalocal container-server[93568]: ::1 - - [10/Oct/2025:01:06:53 +0000] "PUT /1/94573/AUTH_7e08652c4e3e41b29e5f05d128f57ab8/gnocchi.e509e1af-e0a9-4e1f-af2b-105e2d527491/none_v3" 201 - "PUT http://[::1]:8080/2/164327/AUTH_7e08652c4e3e41b29e5f05d128f57ab8/gnocchi.e509e1af-e0a9-4e1f-af2b-105e2d527491/none_v3" "txf7857d1c22b64b02b6799-0068e85c2d" "object-server 93871" 0.0007 "-" 93568 0
Oct 09 21:06:53 np0005479242.novalocal object-server[93871]: ::1 - - [10/Oct/2025:01:06:53 +0000] "PUT /3/151926/AUTH_7e08652c4e3e41b29e5f05d128f57ab8/gnocchi.0036b8df-a318-4b67-a319-2fd50a2fe85e/1759320000.0_mean_300.0_v3" 201 - "PUT http://[::1]:8080/v1/AUTH_7e08652c4e3e41b29e5f05d128f57ab8/gnocchi.0036b8df-a318-4b67-a319-2fd50a2fe85e/1759320000.0_mean_300.0_v3" "txee40e1dbbdf944a3bd107-0068e85c2d" "proxy-server 86594" 0.0219 "-" 93871 0
Oct 09 21:06:53 np0005479242.novalocal object-server[93871]: ::1 - - [10/Oct/2025:01:06:53 +0000] "PUT /2/164327/AUTH_7e08652c4e3e41b29e5f05d128f57ab8/gnocchi.e509e1af-e0a9-4e1f-af2b-105e2d527491/none_v3" 201 - "PUT http://[::1]:8080/v1/AUTH_7e08652c4e3e41b29e5f05d128f57ab8/gnocchi.e509e1af-e0a9-4e1f-af2b-105e2d527491/none_v3" "txf7857d1c22b64b02b6799-0068e85c2d" "proxy-server 86594" 0.0150 "-" 93871 0
Oct 09 21:06:53 np0005479242.novalocal container-server[93569]: ::1 - - [10/Oct/2025:01:06:53 +0000] "PUT /2/172711/AUTH_7e08652c4e3e41b29e5f05d128f57ab8/gnocchi.0036b8df-a318-4b67-a319-2fd50a2fe85e/1759320000.0_mean_300.0_v3" 201 - "PUT http://[::1]:8080/1/151926/AUTH_7e08652c4e3e41b29e5f05d128f57ab8/gnocchi.0036b8df-a318-4b67-a319-2fd50a2fe85e/1759320000.0_mean_300.0_v3" "txee40e1dbbdf944a3bd107-0068e85c2d" "object-server 93870" 0.0006 "-" 93569 0
Oct 09 21:06:53 np0005479242.novalocal container-server[93568]: ::1 - - [10/Oct/2025:01:06:53 +0000] "PUT /2/94573/AUTH_7e08652c4e3e41b29e5f05d128f57ab8/gnocchi.e509e1af-e0a9-4e1f-af2b-105e2d527491/none_v3" 201 - "PUT http://[::1]:8080/1/164327/AUTH_7e08652c4e3e41b29e5f05d128f57ab8/gnocchi.e509e1af-e0a9-4e1f-af2b-105e2d527491/none_v3" "txf7857d1c22b64b02b6799-0068e85c2d" "object-server 93870" 0.0005 "-" 93568 0
Oct 09 21:06:53 np0005479242.novalocal object-server[93870]: ::1 - - [10/Oct/2025:01:06:53 +0000] "PUT /1/164327/AUTH_7e08652c4e3e41b29e5f05d128f57ab8/gnocchi.e509e1af-e0a9-4e1f-af2b-105e2d527491/none_v3" 201 - "PUT http://[::1]:8080/v1/AUTH_7e08652c4e3e41b29e5f05d128f57ab8/gnocchi.e509e1af-e0a9-4e1f-af2b-105e2d527491/none_v3" "txf7857d1c22b64b02b6799-0068e85c2d" "proxy-server 86594" 0.0176 "-" 93870 0
Oct 09 21:06:53 np0005479242.novalocal object-server[93870]: ::1 - - [10/Oct/2025:01:06:53 +0000] "PUT /1/151926/AUTH_7e08652c4e3e41b29e5f05d128f57ab8/gnocchi.0036b8df-a318-4b67-a319-2fd50a2fe85e/1759320000.0_mean_300.0_v3" 201 - "PUT http://[::1]:8080/v1/AUTH_7e08652c4e3e41b29e5f05d128f57ab8/gnocchi.0036b8df-a318-4b67-a319-2fd50a2fe85e/1759320000.0_mean_300.0_v3" "txee40e1dbbdf944a3bd107-0068e85c2d" "proxy-server 86594" 0.0261 "-" 93870 0
Oct 09 21:06:53 np0005479242.novalocal container-server[93568]: ::1 - - [10/Oct/2025:01:06:53 +0000] "PUT /3/94573/AUTH_7e08652c4e3e41b29e5f05d128f57ab8/gnocchi.e509e1af-e0a9-4e1f-af2b-105e2d527491/none_v3" 201 - "PUT http://[::1]:8080/3/164327/AUTH_7e08652c4e3e41b29e5f05d128f57ab8/gnocchi.e509e1af-e0a9-4e1f-af2b-105e2d527491/none_v3" "txf7857d1c22b64b02b6799-0068e85c2d" "object-server 93870" 0.0007 "-" 93568 0
Oct 09 21:06:53 np0005479242.novalocal object-server[93870]: ::1 - - [10/Oct/2025:01:06:53 +0000] "PUT /3/164327/AUTH_7e08652c4e3e41b29e5f05d128f57ab8/gnocchi.e509e1af-e0a9-4e1f-af2b-105e2d527491/none_v3" 201 - "PUT http://[::1]:8080/v1/AUTH_7e08652c4e3e41b29e5f05d128f57ab8/gnocchi.e509e1af-e0a9-4e1f-af2b-105e2d527491/none_v3" "txf7857d1c22b64b02b6799-0068e85c2d" "proxy-server 86594" 0.0148 "-" 93870 0
Oct 09 21:06:53 np0005479242.novalocal proxy-server[86594]: ::1 ::1 10/Oct/2025/01/06/53 PUT /v1/AUTH_7e08652c4e3e41b29e5f05d128f57ab8/gnocchi.0036b8df-a318-4b67-a319-2fd50a2fe85e/1759320000.0_mean_300.0_v3 HTTP/1.0 201 - python-swiftclient-4.5.0 gAAAAABo6Fv-oWcl... 16 - - txee40e1dbbdf944a3bd107-0068e85c2d - 0.0330 - - 1760058413.501239538 1760058413.534208775 0
Oct 09 21:06:53 np0005479242.novalocal proxy-server[86594]: ::1 ::1 10/Oct/2025/01/06/53 PUT /v1/AUTH_7e08652c4e3e41b29e5f05d128f57ab8/gnocchi.e509e1af-e0a9-4e1f-af2b-105e2d527491/none_v3 HTTP/1.0 201 - python-swiftclient-4.5.0 gAAAAABo6Fv-PTBu... 46 - - txf7857d1c22b64b02b6799-0068e85c2d - 0.0354 - - 1760058413.500473499 1760058413.535854578 0
Oct 09 21:06:53 np0005479242.novalocal object-server[93870]: ::1 - - [10/Oct/2025:01:06:53 +0000] "GET /1/116990/AUTH_7e08652c4e3e41b29e5f05d128f57ab8/gnocchi.b0534368-9e34-48ad-b922-667751c69097/none_v3" 200 27 "GET http://[::1]:8080/v1/AUTH_7e08652c4e3e41b29e5f05d128f57ab8/gnocchi.b0534368-9e34-48ad-b922-667751c69097/none_v3" "txe1e199546f714e39bb566-0068e85c2d" "proxy-server 86594" 0.0007 "-" 93870 0
Oct 09 21:06:53 np0005479242.novalocal proxy-server[86594]: ::1 ::1 10/Oct/2025/01/06/53 GET /v1/AUTH_7e08652c4e3e41b29e5f05d128f57ab8/gnocchi.b0534368-9e34-48ad-b922-667751c69097/none_v3 HTTP/1.0 200 - python-swiftclient-4.5.0 gAAAAABo6Fv-PTBu... - 27 - txe1e199546f714e39bb566-0068e85c2d - 0.0092 - - 1760058413.548818588 1760058413.557970524 0
Oct 09 21:06:53 np0005479242.novalocal container-server[93568]: ::1 - - [10/Oct/2025:01:06:53 +0000] "PUT /3/172711/AUTH_7e08652c4e3e41b29e5f05d128f57ab8/gnocchi.0036b8df-a318-4b67-a319-2fd50a2fe85e/none_v3" 201 - "PUT http://[::1]:8080/2/55067/AUTH_7e08652c4e3e41b29e5f05d128f57ab8/gnocchi.0036b8df-a318-4b67-a319-2fd50a2fe85e/none_v3" "txd52dd0ab6e944dda8dd5f-0068e85c2d" "object-server 93871" 0.0006 "-" 93568 0
Oct 09 21:06:53 np0005479242.novalocal object-server[93871]: ::1 - - [10/Oct/2025:01:06:53 +0000] "PUT /2/55067/AUTH_7e08652c4e3e41b29e5f05d128f57ab8/gnocchi.0036b8df-a318-4b67-a319-2fd50a2fe85e/none_v3" 201 - "PUT http://[::1]:8080/v1/AUTH_7e08652c4e3e41b29e5f05d128f57ab8/gnocchi.0036b8df-a318-4b67-a319-2fd50a2fe85e/none_v3" "txd52dd0ab6e944dda8dd5f-0068e85c2d" "proxy-server 86594" 0.0126 "-" 93871 0
Oct 09 21:06:53 np0005479242.novalocal container-server[93569]: ::1 - - [10/Oct/2025:01:06:53 +0000] "PUT /1/172711/AUTH_7e08652c4e3e41b29e5f05d128f57ab8/gnocchi.0036b8df-a318-4b67-a319-2fd50a2fe85e/none_v3" 201 - "PUT http://[::1]:8080/3/55067/AUTH_7e08652c4e3e41b29e5f05d128f57ab8/gnocchi.0036b8df-a318-4b67-a319-2fd50a2fe85e/none_v3" "txd52dd0ab6e944dda8dd5f-0068e85c2d" "object-server 93871" 0.0008 "-" 93569 0
Oct 09 21:06:53 np0005479242.novalocal object-server[93871]: ::1 - - [10/Oct/2025:01:06:53 +0000] "PUT /3/55067/AUTH_7e08652c4e3e41b29e5f05d128f57ab8/gnocchi.0036b8df-a318-4b67-a319-2fd50a2fe85e/none_v3" 201 - "PUT http://[::1]:8080/v1/AUTH_7e08652c4e3e41b29e5f05d128f57ab8/gnocchi.0036b8df-a318-4b67-a319-2fd50a2fe85e/none_v3" "txd52dd0ab6e944dda8dd5f-0068e85c2d" "proxy-server 86594" 0.0186 "-" 93871 0
Oct 09 21:06:53 np0005479242.novalocal container-server[93568]: ::1 - - [10/Oct/2025:01:06:53 +0000] "PUT /2/172711/AUTH_7e08652c4e3e41b29e5f05d128f57ab8/gnocchi.0036b8df-a318-4b67-a319-2fd50a2fe85e/none_v3" 201 - "PUT http://[::1]:8080/1/55067/AUTH_7e08652c4e3e41b29e5f05d128f57ab8/gnocchi.0036b8df-a318-4b67-a319-2fd50a2fe85e/none_v3" "txd52dd0ab6e944dda8dd5f-0068e85c2d" "object-server 93871" 0.0015 "-" 93568 0
Oct 09 21:06:53 np0005479242.novalocal object-server[93871]: ::1 - - [10/Oct/2025:01:06:53 +0000] "PUT /1/55067/AUTH_7e08652c4e3e41b29e5f05d128f57ab8/gnocchi.0036b8df-a318-4b67-a319-2fd50a2fe85e/none_v3" 201 - "PUT http://[::1]:8080/v1/AUTH_7e08652c4e3e41b29e5f05d128f57ab8/gnocchi.0036b8df-a318-4b67-a319-2fd50a2fe85e/none_v3" "txd52dd0ab6e944dda8dd5f-0068e85c2d" "proxy-server 86594" 0.0186 "-" 93871 0
Oct 09 21:06:53 np0005479242.novalocal proxy-server[86594]: ::1 ::1 10/Oct/2025/01/06/53 PUT /v1/AUTH_7e08652c4e3e41b29e5f05d128f57ab8/gnocchi.0036b8df-a318-4b67-a319-2fd50a2fe85e/none_v3 HTTP/1.0 201 - python-swiftclient-4.5.0 gAAAAABo6Fv-oWcl... 44 - - txd52dd0ab6e944dda8dd5f-0068e85c2d - 0.0310 - - 1760058413.538583040 1760058413.569627762 0
Oct 09 21:06:53 np0005479242.novalocal container-server[93569]: ::1 - - [10/Oct/2025:01:06:53 +0000] "GET /1/235674/AUTH_7e08652c4e3e41b29e5f05d128f57ab8/gnocchi.b0534368-9e34-48ad-b922-667751c69097" 200 357 "GET http://[::1]:8080/v1/AUTH_7e08652c4e3e41b29e5f05d128f57ab8/gnocchi.b0534368-9e34-48ad-b922-667751c69097?format=json&states=listing" "tx63ac2d2740f543e59aaf4-0068e85c2d" "proxy-server 86594" 0.0111 "-" 93569 0
Oct 09 21:06:53 np0005479242.novalocal proxy-server[86594]: ::1 ::1 10/Oct/2025/01/06/53 GET /v1/AUTH_7e08652c4e3e41b29e5f05d128f57ab8/gnocchi.b0534368-9e34-48ad-b922-667751c69097%3Fformat%3Djson%26states%3Dlisting HTTP/1.0 200 - python-swiftclient-4.5.0 gAAAAABo6Fv-PTBu... - 357 - tx63ac2d2740f543e59aaf4-0068e85c2d - 0.0206 - - 1760058413.562515736 1760058413.583165169 0
Oct 09 21:06:53 np0005479242.novalocal object-server[93871]: ::1 - - [10/Oct/2025:01:06:53 +0000] "GET /2/14694/AUTH_7e08652c4e3e41b29e5f05d128f57ab8/gnocchi.86813290-6b60-4ec1-9c22-c80dd7e6bd46/none_v3" 200 32 "GET http://[::1]:8080/v1/AUTH_7e08652c4e3e41b29e5f05d128f57ab8/gnocchi.86813290-6b60-4ec1-9c22-c80dd7e6bd46/none_v3" "tx94a99bbc9ec44e44ad819-0068e85c2d" "proxy-server 86594" 0.0007 "-" 93871 0
Oct 09 21:06:53 np0005479242.novalocal proxy-server[86594]: ::1 ::1 10/Oct/2025/01/06/53 GET /v1/AUTH_7e08652c4e3e41b29e5f05d128f57ab8/gnocchi.86813290-6b60-4ec1-9c22-c80dd7e6bd46/none_v3 HTTP/1.0 200 - python-swiftclient-4.5.0 gAAAAABo6Fv-oWcl... - 32 - tx94a99bbc9ec44e44ad819-0068e85c2d - 0.0076 - - 1760058413.584133863 1760058413.591703892 0
Oct 09 21:06:53 np0005479242.novalocal container-server[93569]: ::1 - - [10/Oct/2025:01:06:53 +0000] "GET /3/235674/AUTH_7e08652c4e3e41b29e5f05d128f57ab8/gnocchi.b0534368-9e34-48ad-b922-667751c69097" 200 2 "GET http://[::1]:8080/v1/AUTH_7e08652c4e3e41b29e5f05d128f57ab8/gnocchi.b0534368-9e34-48ad-b922-667751c69097?format=json&marker=none_v3&states=listing" "txb561fbee72cc4993a9202-0068e85c2d" "proxy-server 86594" 0.0100 "-" 93569 0
Oct 09 21:06:53 np0005479242.novalocal proxy-server[86594]: ::1 ::1 10/Oct/2025/01/06/53 GET /v1/AUTH_7e08652c4e3e41b29e5f05d128f57ab8/gnocchi.b0534368-9e34-48ad-b922-667751c69097%3Fformat%3Djson%26marker%3Dnone_v3%26states%3Dlisting HTTP/1.0 200 - python-swiftclient-4.5.0 gAAAAABo6Fv-PTBu... - 2 - txb561fbee72cc4993a9202-0068e85c2d - 0.0162 - - 1760058413.587512255 1760058413.603662491 0
Oct 09 21:06:53 np0005479242.novalocal container-server[93569]: ::1 - - [10/Oct/2025:01:06:53 +0000] "GET /3/106013/AUTH_7e08652c4e3e41b29e5f05d128f57ab8/gnocchi.86813290-6b60-4ec1-9c22-c80dd7e6bd46" 200 357 "GET http://[::1]:8080/v1/AUTH_7e08652c4e3e41b29e5f05d128f57ab8/gnocchi.86813290-6b60-4ec1-9c22-c80dd7e6bd46?format=json&states=listing" "tx076278b3d9d94134b944e-0068e85c2d" "proxy-server 86594" 0.0076 "-" 93569 0
Oct 09 21:06:53 np0005479242.novalocal proxy-server[86594]: ::1 ::1 10/Oct/2025/01/06/53 GET /v1/AUTH_7e08652c4e3e41b29e5f05d128f57ab8/gnocchi.86813290-6b60-4ec1-9c22-c80dd7e6bd46%3Fformat%3Djson%26states%3Dlisting HTTP/1.0 200 - python-swiftclient-4.5.0 gAAAAABo6Fv-oWcl... - 357 - tx076278b3d9d94134b944e-0068e85c2d - 0.0168 - - 1760058413.596193552 1760058413.613023996 0
Oct 09 21:06:53 np0005479242.novalocal object-server[93871]: ::1 - - [10/Oct/2025:01:06:53 +0000] "GET /2/141815/AUTH_7e08652c4e3e41b29e5f05d128f57ab8/gnocchi.b0534368-9e34-48ad-b922-667751c69097/1759320000.0_mean_300.0_v3" 200 16 "GET http://[::1]:8080/v1/AUTH_7e08652c4e3e41b29e5f05d128f57ab8/gnocchi.b0534368-9e34-48ad-b922-667751c69097/1759320000.0_mean_300.0_v3" "tx2ed30c7be0e045b6b22f4-0068e85c2d" "proxy-server 86594" 0.0006 "-" 93871 0
Oct 09 21:06:53 np0005479242.novalocal proxy-server[86594]: ::1 ::1 10/Oct/2025/01/06/53 GET /v1/AUTH_7e08652c4e3e41b29e5f05d128f57ab8/gnocchi.b0534368-9e34-48ad-b922-667751c69097/1759320000.0_mean_300.0_v3 HTTP/1.0 200 - python-swiftclient-4.5.0 gAAAAABo6Fv-PTBu... - 16 - tx2ed30c7be0e045b6b22f4-0068e85c2d - 0.0056 - - 1760058413.609246254 1760058413.614820004 0
Oct 09 21:06:53 np0005479242.novalocal container-server[93569]: ::1 - - [10/Oct/2025:01:06:53 +0000] "GET /2/106013/AUTH_7e08652c4e3e41b29e5f05d128f57ab8/gnocchi.86813290-6b60-4ec1-9c22-c80dd7e6bd46" 200 2 "GET http://[::1]:8080/v1/AUTH_7e08652c4e3e41b29e5f05d128f57ab8/gnocchi.86813290-6b60-4ec1-9c22-c80dd7e6bd46?format=json&marker=none_v3&states=listing" "tx25e7d226e43e49d5b116b-0068e85c2d" "proxy-server 86594" 0.0076 "-" 93569 0
Oct 09 21:06:53 np0005479242.novalocal proxy-server[86594]: ::1 ::1 10/Oct/2025/01/06/53 GET /v1/AUTH_7e08652c4e3e41b29e5f05d128f57ab8/gnocchi.86813290-6b60-4ec1-9c22-c80dd7e6bd46%3Fformat%3Djson%26marker%3Dnone_v3%26states%3Dlisting HTTP/1.0 200 - python-swiftclient-4.5.0 gAAAAABo6Fv-oWcl... - 2 - tx25e7d226e43e49d5b116b-0068e85c2d - 0.0148 - - 1760058413.615993261 1760058413.630810261 0
Oct 09 21:06:53 np0005479242.novalocal container-server[93569]: ::1 - - [10/Oct/2025:01:06:53 +0000] "PUT /1/235674/AUTH_7e08652c4e3e41b29e5f05d128f57ab8/gnocchi.b0534368-9e34-48ad-b922-667751c69097/1759320000.0_mean_300.0_v3" 201 - "PUT http://[::1]:8080/2/141815/AUTH_7e08652c4e3e41b29e5f05d128f57ab8/gnocchi.b0534368-9e34-48ad-b922-667751c69097/1759320000.0_mean_300.0_v3" "tx1f893fd1217242a4b8cd5-0068e85c2d" "object-server 93871" 0.0007 "-" 93569 0
Oct 09 21:06:53 np0005479242.novalocal container-server[93568]: ::1 - - [10/Oct/2025:01:06:53 +0000] "PUT /2/235674/AUTH_7e08652c4e3e41b29e5f05d128f57ab8/gnocchi.b0534368-9e34-48ad-b922-667751c69097/1759320000.0_mean_300.0_v3" 201 - "PUT http://[::1]:8080/3/141815/AUTH_7e08652c4e3e41b29e5f05d128f57ab8/gnocchi.b0534368-9e34-48ad-b922-667751c69097/1759320000.0_mean_300.0_v3" "tx1f893fd1217242a4b8cd5-0068e85c2d" "object-server 93870" 0.0005 "-" 93568 0
Oct 09 21:06:53 np0005479242.novalocal container-server[93568]: ::1 - - [10/Oct/2025:01:06:53 +0000] "PUT /3/235674/AUTH_7e08652c4e3e41b29e5f05d128f57ab8/gnocchi.b0534368-9e34-48ad-b922-667751c69097/1759320000.0_mean_300.0_v3" 201 - "PUT http://[::1]:8080/1/141815/AUTH_7e08652c4e3e41b29e5f05d128f57ab8/gnocchi.b0534368-9e34-48ad-b922-667751c69097/1759320000.0_mean_300.0_v3" "tx1f893fd1217242a4b8cd5-0068e85c2d" "object-server 93870" 0.0003 "-" 93568 0
Oct 09 21:06:53 np0005479242.novalocal object-server[93871]: ::1 - - [10/Oct/2025:01:06:53 +0000] "PUT /2/141815/AUTH_7e08652c4e3e41b29e5f05d128f57ab8/gnocchi.b0534368-9e34-48ad-b922-667751c69097/1759320000.0_mean_300.0_v3" 201 - "PUT http://[::1]:8080/v1/AUTH_7e08652c4e3e41b29e5f05d128f57ab8/gnocchi.b0534368-9e34-48ad-b922-667751c69097/1759320000.0_mean_300.0_v3" "tx1f893fd1217242a4b8cd5-0068e85c2d" "proxy-server 86594" 0.0138 "-" 93871 0
Oct 09 21:06:53 np0005479242.novalocal object-server[93870]: ::1 - - [10/Oct/2025:01:06:53 +0000] "GET /3/109035/AUTH_7e08652c4e3e41b29e5f05d128f57ab8/gnocchi.86813290-6b60-4ec1-9c22-c80dd7e6bd46/1759320000.0_mean_300.0_v3" 200 16 "GET http://[::1]:8080/v1/AUTH_7e08652c4e3e41b29e5f05d128f57ab8/gnocchi.86813290-6b60-4ec1-9c22-c80dd7e6bd46/1759320000.0_mean_300.0_v3" "tx80dee8d02eef473fb04bd-0068e85c2d" "proxy-server 86594" 0.0012 "-" 93870 0
Oct 09 21:06:53 np0005479242.novalocal object-server[93870]: ::1 - - [10/Oct/2025:01:06:53 +0000] "PUT /3/141815/AUTH_7e08652c4e3e41b29e5f05d128f57ab8/gnocchi.b0534368-9e34-48ad-b922-667751c69097/1759320000.0_mean_300.0_v3" 201 - "PUT http://[::1]:8080/v1/AUTH_7e08652c4e3e41b29e5f05d128f57ab8/gnocchi.b0534368-9e34-48ad-b922-667751c69097/1759320000.0_mean_300.0_v3" "tx1f893fd1217242a4b8cd5-0068e85c2d" "proxy-server 86594" 0.0179 "-" 93870 0
Oct 09 21:06:53 np0005479242.novalocal object-server[93870]: ::1 - - [10/Oct/2025:01:06:53 +0000] "PUT /1/141815/AUTH_7e08652c4e3e41b29e5f05d128f57ab8/gnocchi.b0534368-9e34-48ad-b922-667751c69097/1759320000.0_mean_300.0_v3" 201 - "PUT http://[::1]:8080/v1/AUTH_7e08652c4e3e41b29e5f05d128f57ab8/gnocchi.b0534368-9e34-48ad-b922-667751c69097/1759320000.0_mean_300.0_v3" "tx1f893fd1217242a4b8cd5-0068e85c2d" "proxy-server 86594" 0.0169 "-" 93870 0
Oct 09 21:06:53 np0005479242.novalocal proxy-server[86594]: ::1 ::1 10/Oct/2025/01/06/53 GET /v1/AUTH_7e08652c4e3e41b29e5f05d128f57ab8/gnocchi.86813290-6b60-4ec1-9c22-c80dd7e6bd46/1759320000.0_mean_300.0_v3 HTTP/1.0 200 - python-swiftclient-4.5.0 gAAAAABo6Fv-oWcl... - 16 - tx80dee8d02eef473fb04bd-0068e85c2d - 0.0096 - - 1760058413.634754896 1760058413.644343138 0
Oct 09 21:06:53 np0005479242.novalocal proxy-server[86594]: ::1 ::1 10/Oct/2025/01/06/53 PUT /v1/AUTH_7e08652c4e3e41b29e5f05d128f57ab8/gnocchi.b0534368-9e34-48ad-b922-667751c69097/1759320000.0_mean_300.0_v3 HTTP/1.0 201 - python-swiftclient-4.5.0 gAAAAABo6Fv-PTBu... 16 - - tx1f893fd1217242a4b8cd5-0068e85c2d - 0.0265 - - 1760058413.619239092 1760058413.645735502 0
Oct 09 21:06:53 np0005479242.novalocal container-server[93569]: ::1 - - [10/Oct/2025:01:06:53 +0000] "PUT /1/235674/AUTH_7e08652c4e3e41b29e5f05d128f57ab8/gnocchi.b0534368-9e34-48ad-b922-667751c69097/none_v3" 201 - "PUT http://[::1]:8080/1/116990/AUTH_7e08652c4e3e41b29e5f05d128f57ab8/gnocchi.b0534368-9e34-48ad-b922-667751c69097/none_v3" "tx2d091f7822774060afb5c-0068e85c2d" "object-server 93871" 0.0008 "-" 93569 0
Oct 09 21:06:53 np0005479242.novalocal object-server[93871]: ::1 - - [10/Oct/2025:01:06:53 +0000] "PUT /1/116990/AUTH_7e08652c4e3e41b29e5f05d128f57ab8/gnocchi.b0534368-9e34-48ad-b922-667751c69097/none_v3" 201 - "PUT http://[::1]:8080/v1/AUTH_7e08652c4e3e41b29e5f05d128f57ab8/gnocchi.b0534368-9e34-48ad-b922-667751c69097/none_v3" "tx2d091f7822774060afb5c-0068e85c2d" "proxy-server 86594" 0.0129 "-" 93871 0
Oct 09 21:06:53 np0005479242.novalocal container-server[93569]: ::1 - - [10/Oct/2025:01:06:53 +0000] "PUT /3/235674/AUTH_7e08652c4e3e41b29e5f05d128f57ab8/gnocchi.b0534368-9e34-48ad-b922-667751c69097/none_v3" 201 - "PUT http://[::1]:8080/3/116990/AUTH_7e08652c4e3e41b29e5f05d128f57ab8/gnocchi.b0534368-9e34-48ad-b922-667751c69097/none_v3" "tx2d091f7822774060afb5c-0068e85c2d" "object-server 93871" 0.0007 "-" 93569 0
Oct 09 21:06:53 np0005479242.novalocal object-server[93871]: ::1 - - [10/Oct/2025:01:06:53 +0000] "PUT /3/116990/AUTH_7e08652c4e3e41b29e5f05d128f57ab8/gnocchi.b0534368-9e34-48ad-b922-667751c69097/none_v3" 201 - "PUT http://[::1]:8080/v1/AUTH_7e08652c4e3e41b29e5f05d128f57ab8/gnocchi.b0534368-9e34-48ad-b922-667751c69097/none_v3" "tx2d091f7822774060afb5c-0068e85c2d" "proxy-server 86594" 0.0141 "-" 93871 0
Oct 09 21:06:53 np0005479242.novalocal container-server[93569]: ::1 - - [10/Oct/2025:01:06:53 +0000] "PUT /2/235674/AUTH_7e08652c4e3e41b29e5f05d128f57ab8/gnocchi.b0534368-9e34-48ad-b922-667751c69097/none_v3" 201 - "PUT http://[::1]:8080/2/116990/AUTH_7e08652c4e3e41b29e5f05d128f57ab8/gnocchi.b0534368-9e34-48ad-b922-667751c69097/none_v3" "tx2d091f7822774060afb5c-0068e85c2d" "object-server 93871" 0.0012 "-" 93569 0
Oct 09 21:06:53 np0005479242.novalocal object-server[93871]: ::1 - - [10/Oct/2025:01:06:53 +0000] "PUT /2/116990/AUTH_7e08652c4e3e41b29e5f05d128f57ab8/gnocchi.b0534368-9e34-48ad-b922-667751c69097/none_v3" 201 - "PUT http://[::1]:8080/v1/AUTH_7e08652c4e3e41b29e5f05d128f57ab8/gnocchi.b0534368-9e34-48ad-b922-667751c69097/none_v3" "tx2d091f7822774060afb5c-0068e85c2d" "proxy-server 86594" 0.0279 "-" 93871 0
Oct 09 21:06:53 np0005479242.novalocal proxy-server[86594]: ::1 ::1 10/Oct/2025/01/06/53 PUT /v1/AUTH_7e08652c4e3e41b29e5f05d128f57ab8/gnocchi.b0534368-9e34-48ad-b922-667751c69097/none_v3 HTTP/1.0 201 - python-swiftclient-4.5.0 gAAAAABo6Fv-PTBu... 37 - - tx2d091f7822774060afb5c-0068e85c2d - 0.0390 - - 1760058413.650609493 1760058413.689624310 0
Oct 09 21:06:53 np0005479242.novalocal container-server[93569]: ::1 - - [10/Oct/2025:01:06:53 +0000] "PUT /3/106013/AUTH_7e08652c4e3e41b29e5f05d128f57ab8/gnocchi.86813290-6b60-4ec1-9c22-c80dd7e6bd46/1759320000.0_mean_300.0_v3" 201 - "PUT http://[::1]:8080/1/109035/AUTH_7e08652c4e3e41b29e5f05d128f57ab8/gnocchi.86813290-6b60-4ec1-9c22-c80dd7e6bd46/1759320000.0_mean_300.0_v3" "txa0e956f5f5464929a800a-0068e85c2d" "object-server 93871" 0.0008 "-" 93569 0
Oct 09 21:06:53 np0005479242.novalocal object-server[93871]: ::1 - - [10/Oct/2025:01:06:53 +0000] "PUT /1/109035/AUTH_7e08652c4e3e41b29e5f05d128f57ab8/gnocchi.86813290-6b60-4ec1-9c22-c80dd7e6bd46/1759320000.0_mean_300.0_v3" 201 - "PUT http://[::1]:8080/v1/AUTH_7e08652c4e3e41b29e5f05d128f57ab8/gnocchi.86813290-6b60-4ec1-9c22-c80dd7e6bd46/1759320000.0_mean_300.0_v3" "txa0e956f5f5464929a800a-0068e85c2d" "proxy-server 86594" 0.0353 "-" 93871 0
Oct 09 21:06:53 np0005479242.novalocal container-server[93569]: ::1 - - [10/Oct/2025:01:06:53 +0000] "PUT /1/106013/AUTH_7e08652c4e3e41b29e5f05d128f57ab8/gnocchi.86813290-6b60-4ec1-9c22-c80dd7e6bd46/1759320000.0_mean_300.0_v3" 201 - "PUT http://[::1]:8080/2/109035/AUTH_7e08652c4e3e41b29e5f05d128f57ab8/gnocchi.86813290-6b60-4ec1-9c22-c80dd7e6bd46/1759320000.0_mean_300.0_v3" "txa0e956f5f5464929a800a-0068e85c2d" "object-server 93870" 0.0006 "-" 93569 0
Oct 09 21:06:53 np0005479242.novalocal object-server[93870]: ::1 - - [10/Oct/2025:01:06:53 +0000] "PUT /2/109035/AUTH_7e08652c4e3e41b29e5f05d128f57ab8/gnocchi.86813290-6b60-4ec1-9c22-c80dd7e6bd46/1759320000.0_mean_300.0_v3" 201 - "PUT http://[::1]:8080/v1/AUTH_7e08652c4e3e41b29e5f05d128f57ab8/gnocchi.86813290-6b60-4ec1-9c22-c80dd7e6bd46/1759320000.0_mean_300.0_v3" "txa0e956f5f5464929a800a-0068e85c2d" "proxy-server 86594" 0.0248 "-" 93870 0
Oct 09 21:06:53 np0005479242.novalocal container-server[93569]: ::1 - - [10/Oct/2025:01:06:53 +0000] "PUT /2/106013/AUTH_7e08652c4e3e41b29e5f05d128f57ab8/gnocchi.86813290-6b60-4ec1-9c22-c80dd7e6bd46/1759320000.0_mean_300.0_v3" 201 - "PUT http://[::1]:8080/3/109035/AUTH_7e08652c4e3e41b29e5f05d128f57ab8/gnocchi.86813290-6b60-4ec1-9c22-c80dd7e6bd46/1759320000.0_mean_300.0_v3" "txa0e956f5f5464929a800a-0068e85c2d" "object-server 93870" 0.0009 "-" 93569 0
Oct 09 21:06:53 np0005479242.novalocal object-server[93870]: ::1 - - [10/Oct/2025:01:06:53 +0000] "PUT /3/109035/AUTH_7e08652c4e3e41b29e5f05d128f57ab8/gnocchi.86813290-6b60-4ec1-9c22-c80dd7e6bd46/1759320000.0_mean_300.0_v3" 201 - "PUT http://[::1]:8080/v1/AUTH_7e08652c4e3e41b29e5f05d128f57ab8/gnocchi.86813290-6b60-4ec1-9c22-c80dd7e6bd46/1759320000.0_mean_300.0_v3" "txa0e956f5f5464929a800a-0068e85c2d" "proxy-server 86594" 0.0395 "-" 93870 0
Oct 09 21:06:53 np0005479242.novalocal proxy-server[86594]: ::1 ::1 10/Oct/2025/01/06/53 PUT /v1/AUTH_7e08652c4e3e41b29e5f05d128f57ab8/gnocchi.86813290-6b60-4ec1-9c22-c80dd7e6bd46/1759320000.0_mean_300.0_v3 HTTP/1.0 201 - python-swiftclient-4.5.0 gAAAAABo6Fv-oWcl... 16 - - txa0e956f5f5464929a800a-0068e85c2d - 0.0498 - - 1760058413.646988630 1760058413.696797132 0
Oct 09 21:06:53 np0005479242.novalocal container-server[93569]: ::1 - - [10/Oct/2025:01:06:53 +0000] "PUT /1/106013/AUTH_7e08652c4e3e41b29e5f05d128f57ab8/gnocchi.86813290-6b60-4ec1-9c22-c80dd7e6bd46/none_v3" 201 - "PUT http://[::1]:8080/3/14694/AUTH_7e08652c4e3e41b29e5f05d128f57ab8/gnocchi.86813290-6b60-4ec1-9c22-c80dd7e6bd46/none_v3" "txc5a76b9018df4c6d81931-0068e85c2d" "object-server 93870" 0.0007 "-" 93569 0
Oct 09 21:06:53 np0005479242.novalocal container-server[93568]: ::1 - - [10/Oct/2025:01:06:53 +0000] "PUT /2/106013/AUTH_7e08652c4e3e41b29e5f05d128f57ab8/gnocchi.86813290-6b60-4ec1-9c22-c80dd7e6bd46/none_v3" 201 - "PUT http://[::1]:8080/2/14694/AUTH_7e08652c4e3e41b29e5f05d128f57ab8/gnocchi.86813290-6b60-4ec1-9c22-c80dd7e6bd46/none_v3" "txc5a76b9018df4c6d81931-0068e85c2d" "object-server 93870" 0.0005 "-" 93568 0
