Oct 09 21:06:07 np0005479242.novalocal container-server[93569]: ::1 - - [10/Oct/2025:01:06:07 +0000] "GET /2/231453/AUTH_7e08652c4e3e41b29e5f05d128f57ab8/gnocchi.3d7f1ee5-2fe5-495f-8df5-66d456eb27aa" 200 2 "GET http://[::1]:8080/v1/AUTH_7e08652c4e3e41b29e5f05d128f57ab8/gnocchi.3d7f1ee5-2fe5-495f-8df5-66d456eb27aa?format=json&states=listing" "tx978a5213623c4d0f91c35-0068e85bfe" "proxy-server 86594" 0.0323 "-" 93569 0
Oct 09 21:06:07 np0005479242.novalocal proxy-server[86594]: ::1 ::1 10/Oct/2025/01/06/07 GET /v1/AUTH_7e08652c4e3e41b29e5f05d128f57ab8/gnocchi.3d7f1ee5-2fe5-495f-8df5-66d456eb27aa%3Fformat%3Djson%26states%3Dlisting HTTP/1.0 200 - python-swiftclient-4.5.0 gAAAAABo6Fv-PTBu... - 2 - tx978a5213623c4d0f91c35-0068e85bfe - 0.0578 - - 1760058366.965238333 1760058367.023060083 0
Oct 09 21:06:07 np0005479242.novalocal object-server[93871]: ::1 - - [10/Oct/2025:01:06:07 +0000] "GET /1/160503/AUTH_7e08652c4e3e41b29e5f05d128f57ab8/gnocchi.c040602f-80f6-476a-b760-830d1d243adf/1759320000.0_mean_300.0_v3" 404 70 "GET http://[::1]:8080/v1/AUTH_7e08652c4e3e41b29e5f05d128f57ab8/gnocchi.c040602f-80f6-476a-b760-830d1d243adf/1759320000.0_mean_300.0_v3" "txc26a7462014d4b738f560-0068e85bff" "proxy-server 86594" 0.0005 "-" 93871 0
Oct 09 21:06:07 np0005479242.novalocal object-server[93870]: ::1 - - [10/Oct/2025:01:06:07 +0000] "GET /3/253547/AUTH_7e08652c4e3e41b29e5f05d128f57ab8/gnocchi.3d7f1ee5-2fe5-495f-8df5-66d456eb27aa/1759320000.0_mean_300.0_v3" 404 70 "GET http://[::1]:8080/v1/AUTH_7e08652c4e3e41b29e5f05d128f57ab8/gnocchi.3d7f1ee5-2fe5-495f-8df5-66d456eb27aa/1759320000.0_mean_300.0_v3" "tx3e1748eefa954d4a9e901-0068e85bff" "proxy-server 86594" 0.0004 "-" 93870 0
Oct 09 21:06:07 np0005479242.novalocal object-server[93870]: ::1 - - [10/Oct/2025:01:06:07 +0000] "GET /1/253547/AUTH_7e08652c4e3e41b29e5f05d128f57ab8/gnocchi.3d7f1ee5-2fe5-495f-8df5-66d456eb27aa/1759320000.0_mean_300.0_v3" 404 70 "GET http://[::1]:8080/v1/AUTH_7e08652c4e3e41b29e5f05d128f57ab8/gnocchi.3d7f1ee5-2fe5-495f-8df5-66d456eb27aa/1759320000.0_mean_300.0_v3" "tx3e1748eefa954d4a9e901-0068e85bff" "proxy-server 86594" 0.0003 "-" 93870 0
Oct 09 21:06:07 np0005479242.novalocal object-server[93871]: ::1 - - [10/Oct/2025:01:06:07 +0000] "GET /2/160503/AUTH_7e08652c4e3e41b29e5f05d128f57ab8/gnocchi.c040602f-80f6-476a-b760-830d1d243adf/1759320000.0_mean_300.0_v3" 404 70 "GET http://[::1]:8080/v1/AUTH_7e08652c4e3e41b29e5f05d128f57ab8/gnocchi.c040602f-80f6-476a-b760-830d1d243adf/1759320000.0_mean_300.0_v3" "txc26a7462014d4b738f560-0068e85bff" "proxy-server 86594" 0.0007 "-" 93871 0
Oct 09 21:06:07 np0005479242.novalocal object-server[93871]: ::1 - - [10/Oct/2025:01:06:07 +0000] "GET /2/253547/AUTH_7e08652c4e3e41b29e5f05d128f57ab8/gnocchi.3d7f1ee5-2fe5-495f-8df5-66d456eb27aa/1759320000.0_mean_300.0_v3" 404 70 "GET http://[::1]:8080/v1/AUTH_7e08652c4e3e41b29e5f05d128f57ab8/gnocchi.3d7f1ee5-2fe5-495f-8df5-66d456eb27aa/1759320000.0_mean_300.0_v3" "tx3e1748eefa954d4a9e901-0068e85bff" "proxy-server 86594" 0.0003 "-" 93871 0
Oct 09 21:06:07 np0005479242.novalocal proxy-server[86594]: ::1 ::1 10/Oct/2025/01/06/07 GET /v1/AUTH_7e08652c4e3e41b29e5f05d128f57ab8/gnocchi.3d7f1ee5-2fe5-495f-8df5-66d456eb27aa/1759320000.0_mean_300.0_v3 HTTP/1.0 404 - python-swiftclient-4.5.0 gAAAAABo6Fv-PTBu... - 70 - tx3e1748eefa954d4a9e901-0068e85bff - 0.0147 - - 1760058367.041568756 1760058367.056288481 0
Oct 09 21:06:07 np0005479242.novalocal object-server[93871]: ::1 - - [10/Oct/2025:01:06:07 +0000] "GET /3/160503/AUTH_7e08652c4e3e41b29e5f05d128f57ab8/gnocchi.c040602f-80f6-476a-b760-830d1d243adf/1759320000.0_mean_300.0_v3" 404 70 "GET http://[::1]:8080/v1/AUTH_7e08652c4e3e41b29e5f05d128f57ab8/gnocchi.c040602f-80f6-476a-b760-830d1d243adf/1759320000.0_mean_300.0_v3" "txc26a7462014d4b738f560-0068e85bff" "proxy-server 86594" 0.0003 "-" 93871 0
Oct 09 21:06:07 np0005479242.novalocal proxy-server[86594]: ::1 ::1 10/Oct/2025/01/06/07 GET /v1/AUTH_7e08652c4e3e41b29e5f05d128f57ab8/gnocchi.c040602f-80f6-476a-b760-830d1d243adf/1759320000.0_mean_300.0_v3 HTTP/1.0 404 - python-swiftclient-4.5.0 gAAAAABo6Fv-oWcl... - 70 - txc26a7462014d4b738f560-0068e85bff - 0.0220 - - 1760058367.036678076 1760058367.058681965 0
Oct 09 21:06:07 np0005479242.novalocal container-server[93568]: ::1 - - [10/Oct/2025:01:06:07 +0000] "PUT /3/224924/AUTH_7e08652c4e3e41b29e5f05d128f57ab8/gnocchi.c040602f-80f6-476a-b760-830d1d243adf/1759320000.0_mean_300.0_v3" 201 - "PUT http://[::1]:8080/3/160503/AUTH_7e08652c4e3e41b29e5f05d128f57ab8/gnocchi.c040602f-80f6-476a-b760-830d1d243adf/1759320000.0_mean_300.0_v3" "tx8e156d9ba33e4d9ea6c7c-0068e85bff" "object-server 93871" 0.0046 "-" 93568 0
Oct 09 21:06:07 np0005479242.novalocal object-server[93871]: ::1 - - [10/Oct/2025:01:06:07 +0000] "PUT /3/160503/AUTH_7e08652c4e3e41b29e5f05d128f57ab8/gnocchi.c040602f-80f6-476a-b760-830d1d243adf/1759320000.0_mean_300.0_v3" 201 - "PUT http://[::1]:8080/v1/AUTH_7e08652c4e3e41b29e5f05d128f57ab8/gnocchi.c040602f-80f6-476a-b760-830d1d243adf/1759320000.0_mean_300.0_v3" "tx8e156d9ba33e4d9ea6c7c-0068e85bff" "proxy-server 86594" 0.0578 "-" 93871 0
Oct 09 21:06:07 np0005479242.novalocal container-server[93569]: ::1 - - [10/Oct/2025:01:06:07 +0000] "PUT /1/224924/AUTH_7e08652c4e3e41b29e5f05d128f57ab8/gnocchi.c040602f-80f6-476a-b760-830d1d243adf/1759320000.0_mean_300.0_v3" 201 - "PUT http://[::1]:8080/2/160503/AUTH_7e08652c4e3e41b29e5f05d128f57ab8/gnocchi.c040602f-80f6-476a-b760-830d1d243adf/1759320000.0_mean_300.0_v3" "tx8e156d9ba33e4d9ea6c7c-0068e85bff" "object-server 93870" 0.0033 "-" 93569 0
Oct 09 21:06:07 np0005479242.novalocal container-server[93569]: ::1 - - [10/Oct/2025:01:06:07 +0000] "PUT /2/224924/AUTH_7e08652c4e3e41b29e5f05d128f57ab8/gnocchi.c040602f-80f6-476a-b760-830d1d243adf/1759320000.0_mean_300.0_v3" 201 - "PUT http://[::1]:8080/1/160503/AUTH_7e08652c4e3e41b29e5f05d128f57ab8/gnocchi.c040602f-80f6-476a-b760-830d1d243adf/1759320000.0_mean_300.0_v3" "tx8e156d9ba33e4d9ea6c7c-0068e85bff" "object-server 93870" 0.0004 "-" 93569 0
Oct 09 21:06:07 np0005479242.novalocal container-server[93569]: ::1 - - [10/Oct/2025:01:06:07 +0000] "PUT /2/231453/AUTH_7e08652c4e3e41b29e5f05d128f57ab8/gnocchi.3d7f1ee5-2fe5-495f-8df5-66d456eb27aa/1759320000.0_mean_300.0_v3" 201 - "PUT http://[::1]:8080/3/253547/AUTH_7e08652c4e3e41b29e5f05d128f57ab8/gnocchi.3d7f1ee5-2fe5-495f-8df5-66d456eb27aa/1759320000.0_mean_300.0_v3" "tx64c96e304b6646a0b52b5-0068e85bff" "object-server 93870" 0.0003 "-" 93569 0
Oct 09 21:06:07 np0005479242.novalocal container-server[93569]: ::1 - - [10/Oct/2025:01:06:07 +0000] "PUT /3/231453/AUTH_7e08652c4e3e41b29e5f05d128f57ab8/gnocchi.3d7f1ee5-2fe5-495f-8df5-66d456eb27aa/1759320000.0_mean_300.0_v3" 201 - "PUT http://[::1]:8080/2/253547/AUTH_7e08652c4e3e41b29e5f05d128f57ab8/gnocchi.3d7f1ee5-2fe5-495f-8df5-66d456eb27aa/1759320000.0_mean_300.0_v3" "tx64c96e304b6646a0b52b5-0068e85bff" "object-server 93870" 0.0004 "-" 93569 0
Oct 09 21:06:07 np0005479242.novalocal object-server[93870]: ::1 - - [10/Oct/2025:01:06:07 +0000] "PUT /2/160503/AUTH_7e08652c4e3e41b29e5f05d128f57ab8/gnocchi.c040602f-80f6-476a-b760-830d1d243adf/1759320000.0_mean_300.0_v3" 201 - "PUT http://[::1]:8080/v1/AUTH_7e08652c4e3e41b29e5f05d128f57ab8/gnocchi.c040602f-80f6-476a-b760-830d1d243adf/1759320000.0_mean_300.0_v3" "tx8e156d9ba33e4d9ea6c7c-0068e85bff" "proxy-server 86594" 0.1204 "-" 93870 0
Oct 09 21:06:07 np0005479242.novalocal object-server[93870]: ::1 - - [10/Oct/2025:01:06:07 +0000] "PUT /3/253547/AUTH_7e08652c4e3e41b29e5f05d128f57ab8/gnocchi.3d7f1ee5-2fe5-495f-8df5-66d456eb27aa/1759320000.0_mean_300.0_v3" 201 - "PUT http://[::1]:8080/v1/AUTH_7e08652c4e3e41b29e5f05d128f57ab8/gnocchi.3d7f1ee5-2fe5-495f-8df5-66d456eb27aa/1759320000.0_mean_300.0_v3" "tx64c96e304b6646a0b52b5-0068e85bff" "proxy-server 86594" 0.0578 "-" 93870 0
Oct 09 21:06:07 np0005479242.novalocal object-server[93870]: ::1 - - [10/Oct/2025:01:06:07 +0000] "PUT /2/253547/AUTH_7e08652c4e3e41b29e5f05d128f57ab8/gnocchi.3d7f1ee5-2fe5-495f-8df5-66d456eb27aa/1759320000.0_mean_300.0_v3" 201 - "PUT http://[::1]:8080/v1/AUTH_7e08652c4e3e41b29e5f05d128f57ab8/gnocchi.3d7f1ee5-2fe5-495f-8df5-66d456eb27aa/1759320000.0_mean_300.0_v3" "tx64c96e304b6646a0b52b5-0068e85bff" "proxy-server 86594" 0.0497 "-" 93870 0
Oct 09 21:06:07 np0005479242.novalocal object-server[93870]: ::1 - - [10/Oct/2025:01:06:07 +0000] "PUT /1/160503/AUTH_7e08652c4e3e41b29e5f05d128f57ab8/gnocchi.c040602f-80f6-476a-b760-830d1d243adf/1759320000.0_mean_300.0_v3" 201 - "PUT http://[::1]:8080/v1/AUTH_7e08652c4e3e41b29e5f05d128f57ab8/gnocchi.c040602f-80f6-476a-b760-830d1d243adf/1759320000.0_mean_300.0_v3" "tx8e156d9ba33e4d9ea6c7c-0068e85bff" "proxy-server 86594" 0.1141 "-" 93870 0
Oct 09 21:06:07 np0005479242.novalocal proxy-server[86594]: ::1 ::1 10/Oct/2025/01/06/07 PUT /v1/AUTH_7e08652c4e3e41b29e5f05d128f57ab8/gnocchi.c040602f-80f6-476a-b760-830d1d243adf/1759320000.0_mean_300.0_v3 HTTP/1.0 201 - python-swiftclient-4.5.0 gAAAAABo6Fv-oWcl... 16 - - tx8e156d9ba33e4d9ea6c7c-0068e85bff - 0.1416 - - 1760058367.062147141 1760058367.203794718 0
Oct 09 21:06:07 np0005479242.novalocal container-server[93568]: ::1 - - [10/Oct/2025:01:06:07 +0000] "PUT /1/231453/AUTH_7e08652c4e3e41b29e5f05d128f57ab8/gnocchi.3d7f1ee5-2fe5-495f-8df5-66d456eb27aa/1759320000.0_mean_300.0_v3" 201 - "PUT http://[::1]:8080/1/253547/AUTH_7e08652c4e3e41b29e5f05d128f57ab8/gnocchi.3d7f1ee5-2fe5-495f-8df5-66d456eb27aa/1759320000.0_mean_300.0_v3" "tx64c96e304b6646a0b52b5-0068e85bff" "object-server 93870" 0.0009 "-" 93568 0
Oct 09 21:06:07 np0005479242.novalocal object-server[93870]: ::1 - - [10/Oct/2025:01:06:07 +0000] "PUT /1/253547/AUTH_7e08652c4e3e41b29e5f05d128f57ab8/gnocchi.3d7f1ee5-2fe5-495f-8df5-66d456eb27aa/1759320000.0_mean_300.0_v3" 201 - "PUT http://[::1]:8080/v1/AUTH_7e08652c4e3e41b29e5f05d128f57ab8/gnocchi.3d7f1ee5-2fe5-495f-8df5-66d456eb27aa/1759320000.0_mean_300.0_v3" "tx64c96e304b6646a0b52b5-0068e85bff" "proxy-server 86594" 0.0595 "-" 93870 0
Oct 09 21:06:07 np0005479242.novalocal proxy-server[86594]: ::1 ::1 10/Oct/2025/01/06/07 PUT /v1/AUTH_7e08652c4e3e41b29e5f05d128f57ab8/gnocchi.3d7f1ee5-2fe5-495f-8df5-66d456eb27aa/1759320000.0_mean_300.0_v3 HTTP/1.0 201 - python-swiftclient-4.5.0 gAAAAABo6Fv-PTBu... 16 - - tx64c96e304b6646a0b52b5-0068e85bff - 0.1447 - - 1760058367.062554359 1760058367.207216978 0
Oct 09 21:06:07 np0005479242.novalocal container-server[93569]: ::1 - - [10/Oct/2025:01:06:07 +0000] "PUT /1/224924/AUTH_7e08652c4e3e41b29e5f05d128f57ab8/gnocchi.c040602f-80f6-476a-b760-830d1d243adf/none_v3" 201 - "PUT http://[::1]:8080/1/127101/AUTH_7e08652c4e3e41b29e5f05d128f57ab8/gnocchi.c040602f-80f6-476a-b760-830d1d243adf/none_v3" "txb617b63d9b0b48fbb88bd-0068e85bff" "object-server 93871" 0.0007 "-" 93569 0
Oct 09 21:06:07 np0005479242.novalocal container-server[93569]: ::1 - - [10/Oct/2025:01:06:07 +0000] "PUT /3/224924/AUTH_7e08652c4e3e41b29e5f05d128f57ab8/gnocchi.c040602f-80f6-476a-b760-830d1d243adf/none_v3" 201 - "PUT http://[::1]:8080/3/127101/AUTH_7e08652c4e3e41b29e5f05d128f57ab8/gnocchi.c040602f-80f6-476a-b760-830d1d243adf/none_v3" "txb617b63d9b0b48fbb88bd-0068e85bff" "object-server 93871" 0.0005 "-" 93569 0
Oct 09 21:06:07 np0005479242.novalocal container-server[93568]: ::1 - - [10/Oct/2025:01:06:07 +0000] "PUT /2/224924/AUTH_7e08652c4e3e41b29e5f05d128f57ab8/gnocchi.c040602f-80f6-476a-b760-830d1d243adf/none_v3" 201 - "PUT http://[::1]:8080/2/127101/AUTH_7e08652c4e3e41b29e5f05d128f57ab8/gnocchi.c040602f-80f6-476a-b760-830d1d243adf/none_v3" "txb617b63d9b0b48fbb88bd-0068e85bff" "object-server 93870" 0.0007 "-" 93568 0
Oct 09 21:06:07 np0005479242.novalocal container-server[93569]: ::1 - - [10/Oct/2025:01:06:07 +0000] "PUT /2/231453/AUTH_7e08652c4e3e41b29e5f05d128f57ab8/gnocchi.3d7f1ee5-2fe5-495f-8df5-66d456eb27aa/none_v3" 201 - "PUT http://[::1]:8080/3/171935/AUTH_7e08652c4e3e41b29e5f05d128f57ab8/gnocchi.3d7f1ee5-2fe5-495f-8df5-66d456eb27aa/none_v3" "txa421de06cf814850939fd-0068e85bff" "object-server 93870" 0.0006 "-" 93569 0
Oct 09 21:06:07 np0005479242.novalocal object-server[93870]: ::1 - - [10/Oct/2025:01:06:07 +0000] "PUT /3/171935/AUTH_7e08652c4e3e41b29e5f05d128f57ab8/gnocchi.3d7f1ee5-2fe5-495f-8df5-66d456eb27aa/none_v3" 201 - "PUT http://[::1]:8080/v1/AUTH_7e08652c4e3e41b29e5f05d128f57ab8/gnocchi.3d7f1ee5-2fe5-495f-8df5-66d456eb27aa/none_v3" "txa421de06cf814850939fd-0068e85bff" "proxy-server 86594" 0.0228 "-" 93870 0
Oct 09 21:06:07 np0005479242.novalocal object-server[93870]: ::1 - - [10/Oct/2025:01:06:07 +0000] "PUT /2/127101/AUTH_7e08652c4e3e41b29e5f05d128f57ab8/gnocchi.c040602f-80f6-476a-b760-830d1d243adf/none_v3" 201 - "PUT http://[::1]:8080/v1/AUTH_7e08652c4e3e41b29e5f05d128f57ab8/gnocchi.c040602f-80f6-476a-b760-830d1d243adf/none_v3" "txb617b63d9b0b48fbb88bd-0068e85bff" "proxy-server 86594" 0.0326 "-" 93870 0
Oct 09 21:06:07 np0005479242.novalocal object-server[93871]: ::1 - - [10/Oct/2025:01:06:07 +0000] "PUT /1/127101/AUTH_7e08652c4e3e41b29e5f05d128f57ab8/gnocchi.c040602f-80f6-476a-b760-830d1d243adf/none_v3" 201 - "PUT http://[::1]:8080/v1/AUTH_7e08652c4e3e41b29e5f05d128f57ab8/gnocchi.c040602f-80f6-476a-b760-830d1d243adf/none_v3" "txb617b63d9b0b48fbb88bd-0068e85bff" "proxy-server 86594" 0.0703 "-" 93871 0
Oct 09 21:06:07 np0005479242.novalocal container-server[93569]: ::1 - - [10/Oct/2025:01:06:07 +0000] "PUT /1/231453/AUTH_7e08652c4e3e41b29e5f05d128f57ab8/gnocchi.3d7f1ee5-2fe5-495f-8df5-66d456eb27aa/none_v3" 201 - "PUT http://[::1]:8080/2/171935/AUTH_7e08652c4e3e41b29e5f05d128f57ab8/gnocchi.3d7f1ee5-2fe5-495f-8df5-66d456eb27aa/none_v3" "txa421de06cf814850939fd-0068e85bff" "object-server 93871" 0.0009 "-" 93569 0
Oct 09 21:06:07 np0005479242.novalocal container-server[93568]: ::1 - - [10/Oct/2025:01:06:07 +0000] "PUT /3/231453/AUTH_7e08652c4e3e41b29e5f05d128f57ab8/gnocchi.3d7f1ee5-2fe5-495f-8df5-66d456eb27aa/none_v3" 201 - "PUT http://[::1]:8080/1/171935/AUTH_7e08652c4e3e41b29e5f05d128f57ab8/gnocchi.3d7f1ee5-2fe5-495f-8df5-66d456eb27aa/none_v3" "txa421de06cf814850939fd-0068e85bff" "object-server 93871" 0.0006 "-" 93568 0
Oct 09 21:06:07 np0005479242.novalocal object-server[93871]: ::1 - - [10/Oct/2025:01:06:07 +0000] "PUT /2/171935/AUTH_7e08652c4e3e41b29e5f05d128f57ab8/gnocchi.3d7f1ee5-2fe5-495f-8df5-66d456eb27aa/none_v3" 201 - "PUT http://[::1]:8080/v1/AUTH_7e08652c4e3e41b29e5f05d128f57ab8/gnocchi.3d7f1ee5-2fe5-495f-8df5-66d456eb27aa/none_v3" "txa421de06cf814850939fd-0068e85bff" "proxy-server 86594" 0.0723 "-" 93871 0
Oct 09 21:06:07 np0005479242.novalocal object-server[93871]: ::1 - - [10/Oct/2025:01:06:07 +0000] "PUT /3/127101/AUTH_7e08652c4e3e41b29e5f05d128f57ab8/gnocchi.c040602f-80f6-476a-b760-830d1d243adf/none_v3" 201 - "PUT http://[::1]:8080/v1/AUTH_7e08652c4e3e41b29e5f05d128f57ab8/gnocchi.c040602f-80f6-476a-b760-830d1d243adf/none_v3" "txb617b63d9b0b48fbb88bd-0068e85bff" "proxy-server 86594" 0.0841 "-" 93871 0
Oct 09 21:06:07 np0005479242.novalocal proxy-server[86594]: ::1 ::1 10/Oct/2025/01/06/07 PUT /v1/AUTH_7e08652c4e3e41b29e5f05d128f57ab8/gnocchi.c040602f-80f6-476a-b760-830d1d243adf/none_v3 HTTP/1.0 201 - python-swiftclient-4.5.0 gAAAAABo6Fv-oWcl... 22 - - txb617b63d9b0b48fbb88bd-0068e85bff - 0.0996 - - 1760058367.208718777 1760058367.308304787 0
Oct 09 21:06:07 np0005479242.novalocal object-server[93871]: ::1 - - [10/Oct/2025:01:06:07 +0000] "PUT /1/171935/AUTH_7e08652c4e3e41b29e5f05d128f57ab8/gnocchi.3d7f1ee5-2fe5-495f-8df5-66d456eb27aa/none_v3" 201 - "PUT http://[::1]:8080/v1/AUTH_7e08652c4e3e41b29e5f05d128f57ab8/gnocchi.3d7f1ee5-2fe5-495f-8df5-66d456eb27aa/none_v3" "txa421de06cf814850939fd-0068e85bff" "proxy-server 86594" 0.0698 "-" 93871 0
Oct 09 21:06:07 np0005479242.novalocal proxy-server[86594]: ::1 ::1 10/Oct/2025/01/06/07 PUT /v1/AUTH_7e08652c4e3e41b29e5f05d128f57ab8/gnocchi.3d7f1ee5-2fe5-495f-8df5-66d456eb27aa/none_v3 HTTP/1.0 201 - python-swiftclient-4.5.0 gAAAAABo6Fv-PTBu... 22 - - txa421de06cf814850939fd-0068e85bff - 0.1010 - - 1760058367.211499691 1760058367.312500477 0
Oct 09 21:06:07 np0005479242.novalocal container-server[93569]: ::1 - - [10/Oct/2025:01:06:07 +0000] "HEAD /2/94573/AUTH_7e08652c4e3e41b29e5f05d128f57ab8/gnocchi.e509e1af-e0a9-4e1f-af2b-105e2d527491" 404 - "HEAD http://[::1]:8080/v1/AUTH_7e08652c4e3e41b29e5f05d128f57ab8/gnocchi.e509e1af-e0a9-4e1f-af2b-105e2d527491" "tx8e1a3930f9d84bfb93df9-0068e85bff" "proxy-server 86594" 0.0005 "-" 93569 0
Oct 09 21:06:07 np0005479242.novalocal container-server[93568]: ::1 - - [10/Oct/2025:01:06:07 +0000] "HEAD /3/94573/AUTH_7e08652c4e3e41b29e5f05d128f57ab8/gnocchi.e509e1af-e0a9-4e1f-af2b-105e2d527491" 404 - "HEAD http://[::1]:8080/v1/AUTH_7e08652c4e3e41b29e5f05d128f57ab8/gnocchi.e509e1af-e0a9-4e1f-af2b-105e2d527491" "tx8e1a3930f9d84bfb93df9-0068e85bff" "proxy-server 86594" 0.0004 "-" 93568 0
Oct 09 21:06:07 np0005479242.novalocal container-server[93569]: ::1 - - [10/Oct/2025:01:06:07 +0000] "HEAD /1/94573/AUTH_7e08652c4e3e41b29e5f05d128f57ab8/gnocchi.e509e1af-e0a9-4e1f-af2b-105e2d527491" 404 - "HEAD http://[::1]:8080/v1/AUTH_7e08652c4e3e41b29e5f05d128f57ab8/gnocchi.e509e1af-e0a9-4e1f-af2b-105e2d527491" "tx8e1a3930f9d84bfb93df9-0068e85bff" "proxy-server 86594" 0.0003 "-" 93569 0
Oct 09 21:06:07 np0005479242.novalocal proxy-server[86594]: - - 10/Oct/2025/01/06/07 HEAD /v1/AUTH_7e08652c4e3e41b29e5f05d128f57ab8/gnocchi.e509e1af-e0a9-4e1f-af2b-105e2d527491 HTTP/1.0 404 - Swift - - - - tx8e1a3930f9d84bfb93df9-0068e85bff - 0.0158 CS - 1760058367.355146170 1760058367.370914459 0
Oct 09 21:06:07 np0005479242.novalocal object-server[93871]: ::1 - - [10/Oct/2025:01:06:07 +0000] "GET /2/164327/AUTH_7e08652c4e3e41b29e5f05d128f57ab8/gnocchi.e509e1af-e0a9-4e1f-af2b-105e2d527491/none_v3" 404 70 "GET http://[::1]:8080/v1/AUTH_7e08652c4e3e41b29e5f05d128f57ab8/gnocchi.e509e1af-e0a9-4e1f-af2b-105e2d527491/none_v3" "tx8e1a3930f9d84bfb93df9-0068e85bff" "proxy-server 86594" 0.0004 "-" 93871 0
Oct 09 21:06:07 np0005479242.novalocal object-server[93870]: ::1 - - [10/Oct/2025:01:06:07 +0000] "GET /1/164327/AUTH_7e08652c4e3e41b29e5f05d128f57ab8/gnocchi.e509e1af-e0a9-4e1f-af2b-105e2d527491/none_v3" 404 70 "GET http://[::1]:8080/v1/AUTH_7e08652c4e3e41b29e5f05d128f57ab8/gnocchi.e509e1af-e0a9-4e1f-af2b-105e2d527491/none_v3" "tx8e1a3930f9d84bfb93df9-0068e85bff" "proxy-server 86594" 0.0003 "-" 93870 0
Oct 09 21:06:07 np0005479242.novalocal object-server[93870]: ::1 - - [10/Oct/2025:01:06:07 +0000] "GET /3/164327/AUTH_7e08652c4e3e41b29e5f05d128f57ab8/gnocchi.e509e1af-e0a9-4e1f-af2b-105e2d527491/none_v3" 404 70 "GET http://[::1]:8080/v1/AUTH_7e08652c4e3e41b29e5f05d128f57ab8/gnocchi.e509e1af-e0a9-4e1f-af2b-105e2d527491/none_v3" "tx8e1a3930f9d84bfb93df9-0068e85bff" "proxy-server 86594" 0.0002 "-" 93870 0
Oct 09 21:06:07 np0005479242.novalocal proxy-server[86594]: ::1 ::1 10/Oct/2025/01/06/07 GET /v1/AUTH_7e08652c4e3e41b29e5f05d128f57ab8/gnocchi.e509e1af-e0a9-4e1f-af2b-105e2d527491/none_v3 HTTP/1.0 404 - python-swiftclient-4.5.0 gAAAAABo6Fv-PTBu... - 70 - tx8e1a3930f9d84bfb93df9-0068e85bff - 0.0345 - - 1760058367.353920460 1760058367.388424873 0
Oct 09 21:06:07 np0005479242.novalocal container-server[93569]: ::1 - - [10/Oct/2025:01:06:07 +0000] "HEAD /1/98558/AUTH_7e08652c4e3e41b29e5f05d128f57ab8/gnocchi.3ab3e97b-33ee-4def-a145-f38b301c7316" 404 - "HEAD http://[::1]:8080/v1/AUTH_7e08652c4e3e41b29e5f05d128f57ab8/gnocchi.3ab3e97b-33ee-4def-a145-f38b301c7316" "tx94a0454f43774360af89a-0068e85bff" "proxy-server 86594" 0.0004 "-" 93569 0
Oct 09 21:06:07 np0005479242.novalocal container-server[93569]: ::1 - - [10/Oct/2025:01:06:07 +0000] "HEAD /2/98558/AUTH_7e08652c4e3e41b29e5f05d128f57ab8/gnocchi.3ab3e97b-33ee-4def-a145-f38b301c7316" 404 - "HEAD http://[::1]:8080/v1/AUTH_7e08652c4e3e41b29e5f05d128f57ab8/gnocchi.3ab3e97b-33ee-4def-a145-f38b301c7316" "tx94a0454f43774360af89a-0068e85bff" "proxy-server 86594" 0.0004 "-" 93569 0
Oct 09 21:06:07 np0005479242.novalocal account-server[93272]: ::1 - - [10/Oct/2025:01:06:07 +0000] "PUT /3/130220/AUTH_7e08652c4e3e41b29e5f05d128f57ab8/gnocchi.e509e1af-e0a9-4e1f-af2b-105e2d527491" 201 - "PUT http://[::1]:6001/2/94573/AUTH_7e08652c4e3e41b29e5f05d128f57ab8/gnocchi.e509e1af-e0a9-4e1f-af2b-105e2d527491" "tx4b07f6218c64473a8b5a9-0068e85bff" "container-server 93568" 0.0069 "-" 93272 0
Oct 09 21:06:07 np0005479242.novalocal container-server[93568]: ::1 - - [10/Oct/2025:01:06:07 +0000] "HEAD /3/98558/AUTH_7e08652c4e3e41b29e5f05d128f57ab8/gnocchi.3ab3e97b-33ee-4def-a145-f38b301c7316" 404 - "HEAD http://[::1]:8080/v1/AUTH_7e08652c4e3e41b29e5f05d128f57ab8/gnocchi.3ab3e97b-33ee-4def-a145-f38b301c7316" "tx94a0454f43774360af89a-0068e85bff" "proxy-server 86594" 0.0003 "-" 93568 0
Oct 09 21:06:07 np0005479242.novalocal container-server[93568]: ::1 - - [10/Oct/2025:01:06:07 +0000] "PUT /2/94573/AUTH_7e08652c4e3e41b29e5f05d128f57ab8/gnocchi.e509e1af-e0a9-4e1f-af2b-105e2d527491" 201 - "PUT http://[::1]:8080/v1/AUTH_7e08652c4e3e41b29e5f05d128f57ab8/gnocchi.e509e1af-e0a9-4e1f-af2b-105e2d527491" "tx4b07f6218c64473a8b5a9-0068e85bff" "proxy-server 86594" 0.0344 "-" 93568 0
Oct 09 21:06:07 np0005479242.novalocal proxy-server[86594]: - - 10/Oct/2025/01/06/07 HEAD /v1/AUTH_7e08652c4e3e41b29e5f05d128f57ab8/gnocchi.3ab3e97b-33ee-4def-a145-f38b301c7316 HTTP/1.0 404 - Swift - - - - tx94a0454f43774360af89a-0068e85bff - 0.0547 CS - 1760058367.390651464 1760058367.445349216 0
Oct 09 21:06:07 np0005479242.novalocal object-server[93871]: ::1 - - [10/Oct/2025:01:06:07 +0000] "GET /1/195965/AUTH_7e08652c4e3e41b29e5f05d128f57ab8/gnocchi.3ab3e97b-33ee-4def-a145-f38b301c7316/none_v3" 404 70 "GET http://[::1]:8080/v1/AUTH_7e08652c4e3e41b29e5f05d128f57ab8/gnocchi.3ab3e97b-33ee-4def-a145-f38b301c7316/none_v3" "tx94a0454f43774360af89a-0068e85bff" "proxy-server 86594" 0.0003 "-" 93871 0
Oct 09 21:06:07 np0005479242.novalocal account-server[93271]: ::1 - - [10/Oct/2025:01:06:07 +0000] "PUT /2/130220/AUTH_7e08652c4e3e41b29e5f05d128f57ab8/gnocchi.e509e1af-e0a9-4e1f-af2b-105e2d527491" 201 - "PUT http://[::1]:6001/3/94573/AUTH_7e08652c4e3e41b29e5f05d128f57ab8/gnocchi.e509e1af-e0a9-4e1f-af2b-105e2d527491" "tx4b07f6218c64473a8b5a9-0068e85bff" "container-server 93568" 0.0061 "-" 93271 0
Oct 09 21:06:07 np0005479242.novalocal account-server[93272]: ::1 - - [10/Oct/2025:01:06:07 +0000] "PUT /1/130220/AUTH_7e08652c4e3e41b29e5f05d128f57ab8/gnocchi.e509e1af-e0a9-4e1f-af2b-105e2d527491" 201 - "PUT http://[::1]:6001/1/94573/AUTH_7e08652c4e3e41b29e5f05d128f57ab8/gnocchi.e509e1af-e0a9-4e1f-af2b-105e2d527491" "tx4b07f6218c64473a8b5a9-0068e85bff" "container-server 93568" 0.0066 "-" 93272 0
Oct 09 21:06:07 np0005479242.novalocal container-server[93568]: ::1 - - [10/Oct/2025:01:06:07 +0000] "PUT /3/94573/AUTH_7e08652c4e3e41b29e5f05d128f57ab8/gnocchi.e509e1af-e0a9-4e1f-af2b-105e2d527491" 201 - "PUT http://[::1]:8080/v1/AUTH_7e08652c4e3e41b29e5f05d128f57ab8/gnocchi.e509e1af-e0a9-4e1f-af2b-105e2d527491" "tx4b07f6218c64473a8b5a9-0068e85bff" "proxy-server 86594" 0.0227 "-" 93568 0
Oct 09 21:06:07 np0005479242.novalocal object-server[93871]: ::1 - - [10/Oct/2025:01:06:07 +0000] "GET /2/195965/AUTH_7e08652c4e3e41b29e5f05d128f57ab8/gnocchi.3ab3e97b-33ee-4def-a145-f38b301c7316/none_v3" 404 70 "GET http://[::1]:8080/v1/AUTH_7e08652c4e3e41b29e5f05d128f57ab8/gnocchi.3ab3e97b-33ee-4def-a145-f38b301c7316/none_v3" "tx94a0454f43774360af89a-0068e85bff" "proxy-server 86594" 0.0002 "-" 93871 0
Oct 09 21:06:07 np0005479242.novalocal container-server[93568]: ::1 - - [10/Oct/2025:01:06:07 +0000] "PUT /1/94573/AUTH_7e08652c4e3e41b29e5f05d128f57ab8/gnocchi.e509e1af-e0a9-4e1f-af2b-105e2d527491" 201 - "PUT http://[::1]:8080/v1/AUTH_7e08652c4e3e41b29e5f05d128f57ab8/gnocchi.e509e1af-e0a9-4e1f-af2b-105e2d527491" "tx4b07f6218c64473a8b5a9-0068e85bff" "proxy-server 86594" 0.0366 "-" 93568 0
Oct 09 21:06:07 np0005479242.novalocal object-server[93871]: ::1 - - [10/Oct/2025:01:06:07 +0000] "GET /3/195965/AUTH_7e08652c4e3e41b29e5f05d128f57ab8/gnocchi.3ab3e97b-33ee-4def-a145-f38b301c7316/none_v3" 404 70 "GET http://[::1]:8080/v1/AUTH_7e08652c4e3e41b29e5f05d128f57ab8/gnocchi.3ab3e97b-33ee-4def-a145-f38b301c7316/none_v3" "tx94a0454f43774360af89a-0068e85bff" "proxy-server 86594" 0.0002 "-" 93871 0
Oct 09 21:06:07 np0005479242.novalocal proxy-server[86594]: ::1 ::1 10/Oct/2025/01/06/07 GET /v1/AUTH_7e08652c4e3e41b29e5f05d128f57ab8/gnocchi.3ab3e97b-33ee-4def-a145-f38b301c7316/none_v3 HTTP/1.0 404 - python-swiftclient-4.5.0 gAAAAABo6Fv-oWcl... - 70 - tx94a0454f43774360af89a-0068e85bff - 0.0695 - - 1760058367.389738798 1760058367.459190130 0
Oct 09 21:06:07 np0005479242.novalocal proxy-server[86594]: ::1 ::1 10/Oct/2025/01/06/07 PUT /v1/AUTH_7e08652c4e3e41b29e5f05d128f57ab8/gnocchi.e509e1af-e0a9-4e1f-af2b-105e2d527491 HTTP/1.0 201 - python-swiftclient-4.5.0 gAAAAABo6Fv-PTBu... - - - tx4b07f6218c64473a8b5a9-0068e85bff - 0.0626 - - 1760058367.397590876 1760058367.460201263 0
Oct 09 21:06:07 np0005479242.novalocal container-server[93569]: ::1 - - [10/Oct/2025:01:06:07 +0000] "HEAD /2/94573/AUTH_7e08652c4e3e41b29e5f05d128f57ab8/gnocchi.e509e1af-e0a9-4e1f-af2b-105e2d527491" 204 - "HEAD http://[::1]:8080/v1/AUTH_7e08652c4e3e41b29e5f05d128f57ab8/gnocchi.e509e1af-e0a9-4e1f-af2b-105e2d527491" "tx70d08b53e0b144979ccf6-0068e85bff" "proxy-server 86594" 0.0014 "-" 93569 0
Oct 09 21:06:07 np0005479242.novalocal proxy-server[86594]: - - 10/Oct/2025/01/06/07 HEAD /v1/AUTH_7e08652c4e3e41b29e5f05d128f57ab8/gnocchi.e509e1af-e0a9-4e1f-af2b-105e2d527491 HTTP/1.0 204 - Swift - - - - tx70d08b53e0b144979ccf6-0068e85bff - 0.0052 CS - 1760058367.468370438 1760058367.473590612 0
Oct 09 21:06:07 np0005479242.novalocal account-server[93271]: ::1 - - [10/Oct/2025:01:06:07 +0000] "PUT /2/130220/AUTH_7e08652c4e3e41b29e5f05d128f57ab8/gnocchi.3ab3e97b-33ee-4def-a145-f38b301c7316" 201 - "PUT http://[::1]:6001/2/98558/AUTH_7e08652c4e3e41b29e5f05d128f57ab8/gnocchi.3ab3e97b-33ee-4def-a145-f38b301c7316" "txc08ed0a15c72469284dee-0068e85bff" "container-server 93568" 0.0040 "-" 93271 0
Oct 09 21:06:07 np0005479242.novalocal container-server[93568]: ::1 - - [10/Oct/2025:01:06:07 +0000] "GET /3/94573/AUTH_7e08652c4e3e41b29e5f05d128f57ab8/gnocchi.e509e1af-e0a9-4e1f-af2b-105e2d527491" 200 2 "GET http://[::1]:8080/v1/AUTH_7e08652c4e3e41b29e5f05d128f57ab8/gnocchi.e509e1af-e0a9-4e1f-af2b-105e2d527491?format=json&states=listing" "tx70d08b53e0b144979ccf6-0068e85bff" "proxy-server 86594" 0.0041 "-" 93568 0
Oct 09 21:06:07 np0005479242.novalocal container-server[93568]: ::1 - - [10/Oct/2025:01:06:07 +0000] "PUT /2/98558/AUTH_7e08652c4e3e41b29e5f05d128f57ab8/gnocchi.3ab3e97b-33ee-4def-a145-f38b301c7316" 201 - "PUT http://[::1]:8080/v1/AUTH_7e08652c4e3e41b29e5f05d128f57ab8/gnocchi.3ab3e97b-33ee-4def-a145-f38b301c7316" "txc08ed0a15c72469284dee-0068e85bff" "proxy-server 86594" 0.0390 "-" 93568 0
Oct 09 21:06:07 np0005479242.novalocal proxy-server[86594]: ::1 ::1 10/Oct/2025/01/06/07 GET /v1/AUTH_7e08652c4e3e41b29e5f05d128f57ab8/gnocchi.e509e1af-e0a9-4e1f-af2b-105e2d527491%3Fformat%3Djson%26states%3Dlisting HTTP/1.0 200 - python-swiftclient-4.5.0 gAAAAABo6Fv-PTBu... - 2 - tx70d08b53e0b144979ccf6-0068e85bff - 0.0404 - - 1760058367.467540503 1760058367.507944107 0
Oct 09 21:06:07 np0005479242.novalocal account-server[93272]: ::1 - - [10/Oct/2025:01:06:07 +0000] "PUT /1/130220/AUTH_7e08652c4e3e41b29e5f05d128f57ab8/gnocchi.3ab3e97b-33ee-4def-a145-f38b301c7316" 201 - "PUT http://[::1]:6001/3/98558/AUTH_7e08652c4e3e41b29e5f05d128f57ab8/gnocchi.3ab3e97b-33ee-4def-a145-f38b301c7316" "txc08ed0a15c72469284dee-0068e85bff" "container-server 93568" 0.0051 "-" 93272 0
Oct 09 21:06:07 np0005479242.novalocal container-server[93568]: ::1 - - [10/Oct/2025:01:06:07 +0000] "PUT /3/98558/AUTH_7e08652c4e3e41b29e5f05d128f57ab8/gnocchi.3ab3e97b-33ee-4def-a145-f38b301c7316" 201 - "PUT http://[::1]:8080/v1/AUTH_7e08652c4e3e41b29e5f05d128f57ab8/gnocchi.3ab3e97b-33ee-4def-a145-f38b301c7316" "txc08ed0a15c72469284dee-0068e85bff" "proxy-server 86594" 0.0316 "-" 93568 0
Oct 09 21:06:07 np0005479242.novalocal object-server[99523]: Object audit (ALL) "forever" mode completed: 12.86s. Total quarantined: 0, Total errors: 0, Total files/sec: 0.47, Total bytes/sec: 10001527.43, Auditing time: 12.85, Rate: 1.00
Oct 09 21:06:07 np0005479242.novalocal object-server[93870]: ::1 - - [10/Oct/2025:01:06:07 +0000] "GET /3/92216/AUTH_7e08652c4e3e41b29e5f05d128f57ab8/gnocchi.e509e1af-e0a9-4e1f-af2b-105e2d527491/1759320000.0_mean_300.0_v3" 404 70 "GET http://[::1]:8080/v1/AUTH_7e08652c4e3e41b29e5f05d128f57ab8/gnocchi.e509e1af-e0a9-4e1f-af2b-105e2d527491/1759320000.0_mean_300.0_v3" "txc0c21bea4d5e49948ddde-0068e85bff" "proxy-server 86594" 0.0004 "-" 93870 0
Oct 09 21:06:07 np0005479242.novalocal account-server[93272]: ::1 - - [10/Oct/2025:01:06:07 +0000] "PUT /3/130220/AUTH_7e08652c4e3e41b29e5f05d128f57ab8/gnocchi.3ab3e97b-33ee-4def-a145-f38b301c7316" 201 - "PUT http://[::1]:6001/1/98558/AUTH_7e08652c4e3e41b29e5f05d128f57ab8/gnocchi.3ab3e97b-33ee-4def-a145-f38b301c7316" "txc08ed0a15c72469284dee-0068e85bff" "container-server 93568" 0.0055 "-" 93272 0
Oct 09 21:06:07 np0005479242.novalocal container-server[93568]: ::1 - - [10/Oct/2025:01:06:07 +0000] "PUT /1/98558/AUTH_7e08652c4e3e41b29e5f05d128f57ab8/gnocchi.3ab3e97b-33ee-4def-a145-f38b301c7316" 201 - "PUT http://[::1]:8080/v1/AUTH_7e08652c4e3e41b29e5f05d128f57ab8/gnocchi.3ab3e97b-33ee-4def-a145-f38b301c7316" "txc08ed0a15c72469284dee-0068e85bff" "proxy-server 86594" 0.0282 "-" 93568 0
Oct 09 21:06:07 np0005479242.novalocal object-server[93870]: ::1 - - [10/Oct/2025:01:06:07 +0000] "GET /2/92216/AUTH_7e08652c4e3e41b29e5f05d128f57ab8/gnocchi.e509e1af-e0a9-4e1f-af2b-105e2d527491/1759320000.0_mean_300.0_v3" 404 70 "GET http://[::1]:8080/v1/AUTH_7e08652c4e3e41b29e5f05d128f57ab8/gnocchi.e509e1af-e0a9-4e1f-af2b-105e2d527491/1759320000.0_mean_300.0_v3" "txc0c21bea4d5e49948ddde-0068e85bff" "proxy-server 86594" 0.0003 "-" 93870 0
Oct 09 21:06:07 np0005479242.novalocal proxy-server[86594]: ::1 ::1 10/Oct/2025/01/06/07 PUT /v1/AUTH_7e08652c4e3e41b29e5f05d128f57ab8/gnocchi.3ab3e97b-33ee-4def-a145-f38b301c7316 HTTP/1.0 201 - python-swiftclient-4.5.0 gAAAAABo6Fv-oWcl... - - - txc08ed0a15c72469284dee-0068e85bff - 0.0703 - - 1760058367.462550163 1760058367.532822847 0
Oct 09 21:06:07 np0005479242.novalocal object-server[93871]: ::1 - - [10/Oct/2025:01:06:07 +0000] "GET /1/92216/AUTH_7e08652c4e3e41b29e5f05d128f57ab8/gnocchi.e509e1af-e0a9-4e1f-af2b-105e2d527491/1759320000.0_mean_300.0_v3" 404 70 "GET http://[::1]:8080/v1/AUTH_7e08652c4e3e41b29e5f05d128f57ab8/gnocchi.e509e1af-e0a9-4e1f-af2b-105e2d527491/1759320000.0_mean_300.0_v3" "txc0c21bea4d5e49948ddde-0068e85bff" "proxy-server 86594" 0.0003 "-" 93871 0
Oct 09 21:06:07 np0005479242.novalocal proxy-server[86594]: ::1 ::1 10/Oct/2025/01/06/07 GET /v1/AUTH_7e08652c4e3e41b29e5f05d128f57ab8/gnocchi.e509e1af-e0a9-4e1f-af2b-105e2d527491/1759320000.0_mean_300.0_v3 HTTP/1.0 404 - python-swiftclient-4.5.0 gAAAAABo6Fv-PTBu... - 70 - txc0c21bea4d5e49948ddde-0068e85bff - 0.0275 - - 1760058367.511526346 1760058367.539034605 0
Oct 09 21:06:07 np0005479242.novalocal container-server[93569]: ::1 - - [10/Oct/2025:01:06:07 +0000] "HEAD /3/98558/AUTH_7e08652c4e3e41b29e5f05d128f57ab8/gnocchi.3ab3e97b-33ee-4def-a145-f38b301c7316" 204 - "HEAD http://[::1]:8080/v1/AUTH_7e08652c4e3e41b29e5f05d128f57ab8/gnocchi.3ab3e97b-33ee-4def-a145-f38b301c7316" "tx4bfa7808c70e4064a8f60-0068e85bff" "proxy-server 86594" 0.0014 "-" 93569 0
Oct 09 21:06:07 np0005479242.novalocal proxy-server[86594]: - - 10/Oct/2025/01/06/07 HEAD /v1/AUTH_7e08652c4e3e41b29e5f05d128f57ab8/gnocchi.3ab3e97b-33ee-4def-a145-f38b301c7316 HTTP/1.0 204 - Swift - - - - tx4bfa7808c70e4064a8f60-0068e85bff - 0.0208 CS - 1760058367.544876099 1760058367.565696716 0
Oct 09 21:06:07 np0005479242.novalocal container-server[93569]: ::1 - - [10/Oct/2025:01:06:07 +0000] "PUT /3/94573/AUTH_7e08652c4e3e41b29e5f05d128f57ab8/gnocchi.e509e1af-e0a9-4e1f-af2b-105e2d527491/1759320000.0_mean_300.0_v3" 201 - "PUT http://[::1]:8080/3/92216/AUTH_7e08652c4e3e41b29e5f05d128f57ab8/gnocchi.e509e1af-e0a9-4e1f-af2b-105e2d527491/1759320000.0_mean_300.0_v3" "txe77115abf51443d5a92c3-0068e85bff" "object-server 93871" 0.0005 "-" 93569 0
Oct 09 21:06:07 np0005479242.novalocal object-server[93871]: ::1 - - [10/Oct/2025:01:06:07 +0000] "PUT /3/92216/AUTH_7e08652c4e3e41b29e5f05d128f57ab8/gnocchi.e509e1af-e0a9-4e1f-af2b-105e2d527491/1759320000.0_mean_300.0_v3" 201 - "PUT http://[::1]:8080/v1/AUTH_7e08652c4e3e41b29e5f05d128f57ab8/gnocchi.e509e1af-e0a9-4e1f-af2b-105e2d527491/1759320000.0_mean_300.0_v3" "txe77115abf51443d5a92c3-0068e85bff" "proxy-server 86594" 0.0221 "-" 93871 0
Oct 09 21:06:07 np0005479242.novalocal container-server[93568]: ::1 - - [10/Oct/2025:01:06:07 +0000] "GET /3/98558/AUTH_7e08652c4e3e41b29e5f05d128f57ab8/gnocchi.3ab3e97b-33ee-4def-a145-f38b301c7316" 200 2 "GET http://[::1]:8080/v1/AUTH_7e08652c4e3e41b29e5f05d128f57ab8/gnocchi.3ab3e97b-33ee-4def-a145-f38b301c7316?format=json&states=listing" "tx4bfa7808c70e4064a8f60-0068e85bff" "proxy-server 86594" 0.0076 "-" 93568 0
Oct 09 21:06:07 np0005479242.novalocal container-server[93569]: ::1 - - [10/Oct/2025:01:06:07 +0000] "PUT /1/94573/AUTH_7e08652c4e3e41b29e5f05d128f57ab8/gnocchi.e509e1af-e0a9-4e1f-af2b-105e2d527491/1759320000.0_mean_300.0_v3" 201 - "PUT http://[::1]:8080/2/92216/AUTH_7e08652c4e3e41b29e5f05d128f57ab8/gnocchi.e509e1af-e0a9-4e1f-af2b-105e2d527491/1759320000.0_mean_300.0_v3" "txe77115abf51443d5a92c3-0068e85bff" "object-server 93871" 0.0005 "-" 93569 0
Oct 09 21:06:07 np0005479242.novalocal object-server[93871]: ::1 - - [10/Oct/2025:01:06:07 +0000] "PUT /2/92216/AUTH_7e08652c4e3e41b29e5f05d128f57ab8/gnocchi.e509e1af-e0a9-4e1f-af2b-105e2d527491/1759320000.0_mean_300.0_v3" 201 - "PUT http://[::1]:8080/v1/AUTH_7e08652c4e3e41b29e5f05d128f57ab8/gnocchi.e509e1af-e0a9-4e1f-af2b-105e2d527491/1759320000.0_mean_300.0_v3" "txe77115abf51443d5a92c3-0068e85bff" "proxy-server 86594" 0.0268 "-" 93871 0
Oct 09 21:06:07 np0005479242.novalocal container-server[93568]: ::1 - - [10/Oct/2025:01:06:07 +0000] "PUT /2/94573/AUTH_7e08652c4e3e41b29e5f05d128f57ab8/gnocchi.e509e1af-e0a9-4e1f-af2b-105e2d527491/1759320000.0_mean_300.0_v3" 201 - "PUT http://[::1]:8080/1/92216/AUTH_7e08652c4e3e41b29e5f05d128f57ab8/gnocchi.e509e1af-e0a9-4e1f-af2b-105e2d527491/1759320000.0_mean_300.0_v3" "txe77115abf51443d5a92c3-0068e85bff" "object-server 93871" 0.0009 "-" 93568 0
Oct 09 21:06:07 np0005479242.novalocal object-server[93871]: ::1 - - [10/Oct/2025:01:06:07 +0000] "PUT /1/92216/AUTH_7e08652c4e3e41b29e5f05d128f57ab8/gnocchi.e509e1af-e0a9-4e1f-af2b-105e2d527491/1759320000.0_mean_300.0_v3" 201 - "PUT http://[::1]:8080/v1/AUTH_7e08652c4e3e41b29e5f05d128f57ab8/gnocchi.e509e1af-e0a9-4e1f-af2b-105e2d527491/1759320000.0_mean_300.0_v3" "txe77115abf51443d5a92c3-0068e85bff" "proxy-server 86594" 0.0261 "-" 93871 0
Oct 09 21:06:07 np0005479242.novalocal proxy-server[86594]: ::1 ::1 10/Oct/2025/01/06/07 GET /v1/AUTH_7e08652c4e3e41b29e5f05d128f57ab8/gnocchi.3ab3e97b-33ee-4def-a145-f38b301c7316%3Fformat%3Djson%26states%3Dlisting HTTP/1.0 200 - python-swiftclient-4.5.0 gAAAAABo6Fv-oWcl... - 2 - tx4bfa7808c70e4064a8f60-0068e85bff - 0.0555 - - 1760058367.541648865 1760058367.597165585 0
Oct 09 21:06:07 np0005479242.novalocal proxy-server[86594]: ::1 ::1 10/Oct/2025/01/06/07 PUT /v1/AUTH_7e08652c4e3e41b29e5f05d128f57ab8/gnocchi.e509e1af-e0a9-4e1f-af2b-105e2d527491/1759320000.0_mean_300.0_v3 HTTP/1.0 201 - python-swiftclient-4.5.0 gAAAAABo6Fv-PTBu... 16 - - txe77115abf51443d5a92c3-0068e85bff - 0.0544 - - 1760058367.543848515 1760058367.598234415 0
Oct 09 21:06:07 np0005479242.novalocal container-server[93568]: ::1 - - [10/Oct/2025:01:06:07 +0000] "PUT /2/94573/AUTH_7e08652c4e3e41b29e5f05d128f57ab8/gnocchi.e509e1af-e0a9-4e1f-af2b-105e2d527491/none_v3" 201 - "PUT http://[::1]:8080/3/164327/AUTH_7e08652c4e3e41b29e5f05d128f57ab8/gnocchi.e509e1af-e0a9-4e1f-af2b-105e2d527491/none_v3" "txcb199546298548eab458c-0068e85bff" "object-server 93870" 0.0007 "-" 93568 0
Oct 09 21:06:07 np0005479242.novalocal object-server[93870]: ::1 - - [10/Oct/2025:01:06:07 +0000] "PUT /3/164327/AUTH_7e08652c4e3e41b29e5f05d128f57ab8/gnocchi.e509e1af-e0a9-4e1f-af2b-105e2d527491/none_v3" 201 - "PUT http://[::1]:8080/v1/AUTH_7e08652c4e3e41b29e5f05d128f57ab8/gnocchi.e509e1af-e0a9-4e1f-af2b-105e2d527491/none_v3" "txcb199546298548eab458c-0068e85bff" "proxy-server 86594" 0.0166 "-" 93870 0
Oct 09 21:06:07 np0005479242.novalocal container-server[93568]: ::1 - - [10/Oct/2025:01:06:07 +0000] "PUT /1/94573/AUTH_7e08652c4e3e41b29e5f05d128f57ab8/gnocchi.e509e1af-e0a9-4e1f-af2b-105e2d527491/none_v3" 201 - "PUT http://[::1]:8080/1/164327/AUTH_7e08652c4e3e41b29e5f05d128f57ab8/gnocchi.e509e1af-e0a9-4e1f-af2b-105e2d527491/none_v3" "txcb199546298548eab458c-0068e85bff" "object-server 93871" 0.0006 "-" 93568 0
Oct 09 21:06:07 np0005479242.novalocal object-server[93871]: ::1 - - [10/Oct/2025:01:06:07 +0000] "GET /2/221278/AUTH_7e08652c4e3e41b29e5f05d128f57ab8/gnocchi.3ab3e97b-33ee-4def-a145-f38b301c7316/1759320000.0_mean_300.0_v3" 404 70 "GET http://[::1]:8080/v1/AUTH_7e08652c4e3e41b29e5f05d128f57ab8/gnocchi.3ab3e97b-33ee-4def-a145-f38b301c7316/1759320000.0_mean_300.0_v3" "tx0317cc5307ff49cfa5530-0068e85bff" "proxy-server 86594" 0.0003 "-" 93871 0
Oct 09 21:06:07 np0005479242.novalocal object-server[93871]: ::1 - - [10/Oct/2025:01:06:07 +0000] "PUT /1/164327/AUTH_7e08652c4e3e41b29e5f05d128f57ab8/gnocchi.e509e1af-e0a9-4e1f-af2b-105e2d527491/none_v3" 201 - "PUT http://[::1]:8080/v1/AUTH_7e08652c4e3e41b29e5f05d128f57ab8/gnocchi.e509e1af-e0a9-4e1f-af2b-105e2d527491/none_v3" "txcb199546298548eab458c-0068e85bff" "proxy-server 86594" 0.0189 "-" 93871 0
Oct 09 21:06:07 np0005479242.novalocal container-server[93568]: ::1 - - [10/Oct/2025:01:06:07 +0000] "PUT /3/94573/AUTH_7e08652c4e3e41b29e5f05d128f57ab8/gnocchi.e509e1af-e0a9-4e1f-af2b-105e2d527491/none_v3" 201 - "PUT http://[::1]:8080/2/164327/AUTH_7e08652c4e3e41b29e5f05d128f57ab8/gnocchi.e509e1af-e0a9-4e1f-af2b-105e2d527491/none_v3" "txcb199546298548eab458c-0068e85bff" "object-server 93871" 0.0008 "-" 93568 0
Oct 09 21:06:07 np0005479242.novalocal object-server[93871]: ::1 - - [10/Oct/2025:01:06:07 +0000] "PUT /2/164327/AUTH_7e08652c4e3e41b29e5f05d128f57ab8/gnocchi.e509e1af-e0a9-4e1f-af2b-105e2d527491/none_v3" 201 - "PUT http://[::1]:8080/v1/AUTH_7e08652c4e3e41b29e5f05d128f57ab8/gnocchi.e509e1af-e0a9-4e1f-af2b-105e2d527491/none_v3" "txcb199546298548eab458c-0068e85bff" "proxy-server 86594" 0.0225 "-" 93871 0
Oct 09 21:06:07 np0005479242.novalocal proxy-server[86594]: ::1 ::1 10/Oct/2025/01/06/07 PUT /v1/AUTH_7e08652c4e3e41b29e5f05d128f57ab8/gnocchi.e509e1af-e0a9-4e1f-af2b-105e2d527491/none_v3 HTTP/1.0 201 - python-swiftclient-4.5.0 gAAAAABo6Fv-PTBu... 22 - - txcb199546298548eab458c-0068e85bff - 0.0320 - - 1760058367.601271391 1760058367.633307934 0
Oct 09 21:06:07 np0005479242.novalocal object-server[93871]: ::1 - - [10/Oct/2025:01:06:07 +0000] "GET /3/221278/AUTH_7e08652c4e3e41b29e5f05d128f57ab8/gnocchi.3ab3e97b-33ee-4def-a145-f38b301c7316/1759320000.0_mean_300.0_v3" 404 70 "GET http://[::1]:8080/v1/AUTH_7e08652c4e3e41b29e5f05d128f57ab8/gnocchi.3ab3e97b-33ee-4def-a145-f38b301c7316/1759320000.0_mean_300.0_v3" "tx0317cc5307ff49cfa5530-0068e85bff" "proxy-server 86594" 0.0002 "-" 93871 0
Oct 09 21:06:07 np0005479242.novalocal object-server[93870]: ::1 - - [10/Oct/2025:01:06:07 +0000] "GET /1/221278/AUTH_7e08652c4e3e41b29e5f05d128f57ab8/gnocchi.3ab3e97b-33ee-4def-a145-f38b301c7316/1759320000.0_mean_300.0_v3" 404 70 "GET http://[::1]:8080/v1/AUTH_7e08652c4e3e41b29e5f05d128f57ab8/gnocchi.3ab3e97b-33ee-4def-a145-f38b301c7316/1759320000.0_mean_300.0_v3" "tx0317cc5307ff49cfa5530-0068e85bff" "proxy-server 86594" 0.0005 "-" 93870 0
Oct 09 21:06:07 np0005479242.novalocal proxy-server[86594]: ::1 ::1 10/Oct/2025/01/06/07 GET /v1/AUTH_7e08652c4e3e41b29e5f05d128f57ab8/gnocchi.3ab3e97b-33ee-4def-a145-f38b301c7316/1759320000.0_mean_300.0_v3 HTTP/1.0 404 - python-swiftclient-4.5.0 gAAAAABo6Fv-oWcl... - 70 - tx0317cc5307ff49cfa5530-0068e85bff - 0.0295 - - 1760058367.609999180 1760058367.639515400 0
Oct 09 21:06:07 np0005479242.novalocal container-server[93569]: ::1 - - [10/Oct/2025:01:06:07 +0000] "HEAD /2/121849/AUTH_7e08652c4e3e41b29e5f05d128f57ab8/gnocchi.9efc94b2-7daa-4d9a-8d58-9bc7a0cbed17" 404 - "HEAD http://[::1]:8080/v1/AUTH_7e08652c4e3e41b29e5f05d128f57ab8/gnocchi.9efc94b2-7daa-4d9a-8d58-9bc7a0cbed17" "txda8cfbf5fd344638a3d03-0068e85bff" "proxy-server 86594" 0.0003 "-" 93569 0
Oct 09 21:06:07 np0005479242.novalocal container-server[93569]: ::1 - - [10/Oct/2025:01:06:07 +0000] "PUT /2/98558/AUTH_7e08652c4e3e41b29e5f05d128f57ab8/gnocchi.3ab3e97b-33ee-4def-a145-f38b301c7316/1759320000.0_mean_300.0_v3" 201 - "PUT http://[::1]:8080/3/221278/AUTH_7e08652c4e3e41b29e5f05d128f57ab8/gnocchi.3ab3e97b-33ee-4def-a145-f38b301c7316/1759320000.0_mean_300.0_v3" "tx3cf8f0709a65401c8d011-0068e85bff" "object-server 93871" 0.0005 "-" 93569 0
Oct 09 21:06:07 np0005479242.novalocal container-server[93568]: ::1 - - [10/Oct/2025:01:06:07 +0000] "PUT /1/98558/AUTH_7e08652c4e3e41b29e5f05d128f57ab8/gnocchi.3ab3e97b-33ee-4def-a145-f38b301c7316/1759320000.0_mean_300.0_v3" 201 - "PUT http://[::1]:8080/2/221278/AUTH_7e08652c4e3e41b29e5f05d128f57ab8/gnocchi.3ab3e97b-33ee-4def-a145-f38b301c7316/1759320000.0_mean_300.0_v3" "tx3cf8f0709a65401c8d011-0068e85bff" "object-server 93870" 0.0008 "-" 93568 0
Oct 09 21:06:07 np0005479242.novalocal object-server[93871]: ::1 - - [10/Oct/2025:01:06:07 +0000] "PUT /3/221278/AUTH_7e08652c4e3e41b29e5f05d128f57ab8/gnocchi.3ab3e97b-33ee-4def-a145-f38b301c7316/1759320000.0_mean_300.0_v3" 201 - "PUT http://[::1]:8080/v1/AUTH_7e08652c4e3e41b29e5f05d128f57ab8/gnocchi.3ab3e97b-33ee-4def-a145-f38b301c7316/1759320000.0_mean_300.0_v3" "tx3cf8f0709a65401c8d011-0068e85bff" "proxy-server 86594" 0.0145 "-" 93871 0
Oct 09 21:06:07 np0005479242.novalocal object-server[93870]: ::1 - - [10/Oct/2025:01:06:07 +0000] "PUT /2/221278/AUTH_7e08652c4e3e41b29e5f05d128f57ab8/gnocchi.3ab3e97b-33ee-4def-a145-f38b301c7316/1759320000.0_mean_300.0_v3" 201 - "PUT http://[::1]:8080/v1/AUTH_7e08652c4e3e41b29e5f05d128f57ab8/gnocchi.3ab3e97b-33ee-4def-a145-f38b301c7316/1759320000.0_mean_300.0_v3" "tx3cf8f0709a65401c8d011-0068e85bff" "proxy-server 86594" 0.0144 "-" 93870 0
Oct 09 21:06:07 np0005479242.novalocal container-server[93568]: ::1 - - [10/Oct/2025:01:06:07 +0000] "PUT /3/98558/AUTH_7e08652c4e3e41b29e5f05d128f57ab8/gnocchi.3ab3e97b-33ee-4def-a145-f38b301c7316/1759320000.0_mean_300.0_v3" 201 - "PUT http://[::1]:8080/1/221278/AUTH_7e08652c4e3e41b29e5f05d128f57ab8/gnocchi.3ab3e97b-33ee-4def-a145-f38b301c7316/1759320000.0_mean_300.0_v3" "tx3cf8f0709a65401c8d011-0068e85bff" "object-server 93871" 0.0008 "-" 93568 0
Oct 09 21:06:07 np0005479242.novalocal object-server[93871]: ::1 - - [10/Oct/2025:01:06:07 +0000] "PUT /1/221278/AUTH_7e08652c4e3e41b29e5f05d128f57ab8/gnocchi.3ab3e97b-33ee-4def-a145-f38b301c7316/1759320000.0_mean_300.0_v3" 201 - "PUT http://[::1]:8080/v1/AUTH_7e08652c4e3e41b29e5f05d128f57ab8/gnocchi.3ab3e97b-33ee-4def-a145-f38b301c7316/1759320000.0_mean_300.0_v3" "tx3cf8f0709a65401c8d011-0068e85bff" "proxy-server 86594" 0.0160 "-" 93871 0
Oct 09 21:06:07 np0005479242.novalocal container-server[93568]: ::1 - - [10/Oct/2025:01:06:07 +0000] "HEAD /3/121849/AUTH_7e08652c4e3e41b29e5f05d128f57ab8/gnocchi.9efc94b2-7daa-4d9a-8d58-9bc7a0cbed17" 404 - "HEAD http://[::1]:8080/v1/AUTH_7e08652c4e3e41b29e5f05d128f57ab8/gnocchi.9efc94b2-7daa-4d9a-8d58-9bc7a0cbed17" "txda8cfbf5fd344638a3d03-0068e85bff" "proxy-server 86594" 0.0005 "-" 93568 0
Oct 09 21:06:07 np0005479242.novalocal proxy-server[86594]: ::1 ::1 10/Oct/2025/01/06/07 PUT /v1/AUTH_7e08652c4e3e41b29e5f05d128f57ab8/gnocchi.3ab3e97b-33ee-4def-a145-f38b301c7316/1759320000.0_mean_300.0_v3 HTTP/1.0 201 - python-swiftclient-4.5.0 gAAAAABo6Fv-oWcl... 16 - - tx3cf8f0709a65401c8d011-0068e85bff - 0.0278 - - 1760058367.643741846 1760058367.671558619 0
Oct 09 21:06:07 np0005479242.novalocal container-server[93568]: ::1 - - [10/Oct/2025:01:06:07 +0000] "HEAD /1/121849/AUTH_7e08652c4e3e41b29e5f05d128f57ab8/gnocchi.9efc94b2-7daa-4d9a-8d58-9bc7a0cbed17" 404 - "HEAD http://[::1]:8080/v1/AUTH_7e08652c4e3e41b29e5f05d128f57ab8/gnocchi.9efc94b2-7daa-4d9a-8d58-9bc7a0cbed17" "txda8cfbf5fd344638a3d03-0068e85bff" "proxy-server 86594" 0.0004 "-" 93568 0
Oct 09 21:06:07 np0005479242.novalocal proxy-server[86594]: - - 10/Oct/2025/01/06/07 HEAD /v1/AUTH_7e08652c4e3e41b29e5f05d128f57ab8/gnocchi.9efc94b2-7daa-4d9a-8d58-9bc7a0cbed17 HTTP/1.0 404 - Swift - - - - txda8cfbf5fd344638a3d03-0068e85bff - 0.0221 CS - 1760058367.655975342 1760058367.678063869 0
Oct 09 21:06:07 np0005479242.novalocal object-server[93870]: ::1 - - [10/Oct/2025:01:06:07 +0000] "GET /2/14143/AUTH_7e08652c4e3e41b29e5f05d128f57ab8/gnocchi.9efc94b2-7daa-4d9a-8d58-9bc7a0cbed17/none_v3" 404 70 "GET http://[::1]:8080/v1/AUTH_7e08652c4e3e41b29e5f05d128f57ab8/gnocchi.9efc94b2-7daa-4d9a-8d58-9bc7a0cbed17/none_v3" "txda8cfbf5fd344638a3d03-0068e85bff" "proxy-server 86594" 0.0005 "-" 93870 0
Oct 09 21:06:07 np0005479242.novalocal object-server[93870]: ::1 - - [10/Oct/2025:01:06:07 +0000] "GET /1/14143/AUTH_7e08652c4e3e41b29e5f05d128f57ab8/gnocchi.9efc94b2-7daa-4d9a-8d58-9bc7a0cbed17/none_v3" 404 70 "GET http://[::1]:8080/v1/AUTH_7e08652c4e3e41b29e5f05d128f57ab8/gnocchi.9efc94b2-7daa-4d9a-8d58-9bc7a0cbed17/none_v3" "txda8cfbf5fd344638a3d03-0068e85bff" "proxy-server 86594" 0.0004 "-" 93870 0
Oct 09 21:06:07 np0005479242.novalocal container-server[93568]: ::1 - - [10/Oct/2025:01:06:07 +0000] "PUT /2/98558/AUTH_7e08652c4e3e41b29e5f05d128f57ab8/gnocchi.3ab3e97b-33ee-4def-a145-f38b301c7316/none_v3" 201 - "PUT http://[::1]:8080/3/195965/AUTH_7e08652c4e3e41b29e5f05d128f57ab8/gnocchi.3ab3e97b-33ee-4def-a145-f38b301c7316/none_v3" "tx68c1589c5edf44a098f29-0068e85bff" "object-server 93871" 0.0009 "-" 93568 0
Oct 09 21:06:07 np0005479242.novalocal object-server[93871]: ::1 - - [10/Oct/2025:01:06:07 +0000] "PUT /3/195965/AUTH_7e08652c4e3e41b29e5f05d128f57ab8/gnocchi.3ab3e97b-33ee-4def-a145-f38b301c7316/none_v3" 201 - "PUT http://[::1]:8080/v1/AUTH_7e08652c4e3e41b29e5f05d128f57ab8/gnocchi.3ab3e97b-33ee-4def-a145-f38b301c7316/none_v3" "tx68c1589c5edf44a098f29-0068e85bff" "proxy-server 86594" 0.0117 "-" 93871 0
Oct 09 21:06:07 np0005479242.novalocal object-server[93870]: ::1 - - [10/Oct/2025:01:06:07 +0000] "GET /3/14143/AUTH_7e08652c4e3e41b29e5f05d128f57ab8/gnocchi.9efc94b2-7daa-4d9a-8d58-9bc7a0cbed17/none_v3" 404 70 "GET http://[::1]:8080/v1/AUTH_7e08652c4e3e41b29e5f05d128f57ab8/gnocchi.9efc94b2-7daa-4d9a-8d58-9bc7a0cbed17/none_v3" "txda8cfbf5fd344638a3d03-0068e85bff" "proxy-server 86594" 0.0014 "-" 93870 0
Oct 09 21:06:07 np0005479242.novalocal proxy-server[86594]: ::1 ::1 10/Oct/2025/01/06/07 GET /v1/AUTH_7e08652c4e3e41b29e5f05d128f57ab8/gnocchi.9efc94b2-7daa-4d9a-8d58-9bc7a0cbed17/none_v3 HTTP/1.0 404 - python-swiftclient-4.5.0 gAAAAABo6Fv-PTBu... - 70 - txda8cfbf5fd344638a3d03-0068e85bff - 0.0498 - - 1760058367.653681993 1760058367.703505516 0
Oct 09 21:06:07 np0005479242.novalocal container-server[93569]: ::1 - - [10/Oct/2025:01:06:07 +0000] "PUT /1/98558/AUTH_7e08652c4e3e41b29e5f05d128f57ab8/gnocchi.3ab3e97b-33ee-4def-a145-f38b301c7316/none_v3" 201 - "PUT http://[::1]:8080/2/195965/AUTH_7e08652c4e3e41b29e5f05d128f57ab8/gnocchi.3ab3e97b-33ee-4def-a145-f38b301c7316/none_v3" "tx68c1589c5edf44a098f29-0068e85bff" "object-server 93870" 0.0005 "-" 93569 0
Oct 09 21:06:07 np0005479242.novalocal container-server[93569]: ::1 - - [10/Oct/2025:01:06:07 +0000] "PUT /3/98558/AUTH_7e08652c4e3e41b29e5f05d128f57ab8/gnocchi.3ab3e97b-33ee-4def-a145-f38b301c7316/none_v3" 201 - "PUT http://[::1]:8080/1/195965/AUTH_7e08652c4e3e41b29e5f05d128f57ab8/gnocchi.3ab3e97b-33ee-4def-a145-f38b301c7316/none_v3" "tx68c1589c5edf44a098f29-0068e85bff" "object-server 93870" 0.0004 "-" 93569 0
Oct 09 21:06:07 np0005479242.novalocal object-server[93870]: ::1 - - [10/Oct/2025:01:06:07 +0000] "PUT /2/195965/AUTH_7e08652c4e3e41b29e5f05d128f57ab8/gnocchi.3ab3e97b-33ee-4def-a145-f38b301c7316/none_v3" 201 - "PUT http://[::1]:8080/v1/AUTH_7e08652c4e3e41b29e5f05d128f57ab8/gnocchi.3ab3e97b-33ee-4def-a145-f38b301c7316/none_v3" "tx68c1589c5edf44a098f29-0068e85bff" "proxy-server 86594" 0.0188 "-" 93870 0
Oct 09 21:06:07 np0005479242.novalocal object-server[93870]: ::1 - - [10/Oct/2025:01:06:07 +0000] "PUT /1/195965/AUTH_7e08652c4e3e41b29e5f05d128f57ab8/gnocchi.3ab3e97b-33ee-4def-a145-f38b301c7316/none_v3" 201 - "PUT http://[::1]:8080/v1/AUTH_7e08652c4e3e41b29e5f05d128f57ab8/gnocchi.3ab3e97b-33ee-4def-a145-f38b301c7316/none_v3" "tx68c1589c5edf44a098f29-0068e85bff" "proxy-server 86594" 0.0172 "-" 93870 0
Oct 09 21:06:07 np0005479242.novalocal proxy-server[86594]: ::1 ::1 10/Oct/2025/01/06/07 PUT /v1/AUTH_7e08652c4e3e41b29e5f05d128f57ab8/gnocchi.3ab3e97b-33ee-4def-a145-f38b301c7316/none_v3 HTTP/1.0 201 - python-swiftclient-4.5.0 gAAAAABo6Fv-oWcl... 22 - - tx68c1589c5edf44a098f29-0068e85bff - 0.0276 - - 1760058367.683104515 1760058367.710728168 0
Oct 09 21:06:07 np0005479242.novalocal account-server[93271]: ::1 - - [10/Oct/2025:01:06:07 +0000] "PUT /2/130220/AUTH_7e08652c4e3e41b29e5f05d128f57ab8/gnocchi.9efc94b2-7daa-4d9a-8d58-9bc7a0cbed17" 201 - "PUT http://[::1]:6001/3/121849/AUTH_7e08652c4e3e41b29e5f05d128f57ab8/gnocchi.9efc94b2-7daa-4d9a-8d58-9bc7a0cbed17" "txc83174d29d7f4183be8ea-0068e85bff" "container-server 93569" 0.0065 "-" 93271 0
Oct 09 21:06:07 np0005479242.novalocal container-server[93569]: ::1 - - [10/Oct/2025:01:06:07 +0000] "PUT /3/121849/AUTH_7e08652c4e3e41b29e5f05d128f57ab8/gnocchi.9efc94b2-7daa-4d9a-8d58-9bc7a0cbed17" 201 - "PUT http://[::1]:8080/v1/AUTH_7e08652c4e3e41b29e5f05d128f57ab8/gnocchi.9efc94b2-7daa-4d9a-8d58-9bc7a0cbed17" "txc83174d29d7f4183be8ea-0068e85bff" "proxy-server 86594" 0.0181 "-" 93569 0
