Oct 09 21:06:43 np0005479242.novalocal object-server[93871]: ::1 - - [10/Oct/2025:01:06:43 +0000] "GET /2/35950/AUTH_7e08652c4e3e41b29e5f05d128f57ab8/gnocchi.2e0fb3a9-8c05-4b81-865d-ac9643505252/none_v3" 404 70 "GET http://[::1]:8080/v1/AUTH_7e08652c4e3e41b29e5f05d128f57ab8/gnocchi.2e0fb3a9-8c05-4b81-865d-ac9643505252/none_v3" "tx3587999d97854ae0b7acd-0068e85c23" "proxy-server 86594" 0.0002 "-" 93871 0
Oct 09 21:06:43 np0005479242.novalocal dnsmasq[99532]: read /var/lib/neutron/dhcp/f8d88511-8cda-4001-9df4-0dba751e575c/addn_hosts - 3 addresses
Oct 09 21:06:43 np0005479242.novalocal object-server[93871]: ::1 - - [10/Oct/2025:01:06:43 +0000] "GET /1/35950/AUTH_7e08652c4e3e41b29e5f05d128f57ab8/gnocchi.2e0fb3a9-8c05-4b81-865d-ac9643505252/none_v3" 404 70 "GET http://[::1]:8080/v1/AUTH_7e08652c4e3e41b29e5f05d128f57ab8/gnocchi.2e0fb3a9-8c05-4b81-865d-ac9643505252/none_v3" "tx3587999d97854ae0b7acd-0068e85c23" "proxy-server 86594" 0.0002 "-" 93871 0
Oct 09 21:06:43 np0005479242.novalocal dnsmasq-dhcp[99532]: read /var/lib/neutron/dhcp/f8d88511-8cda-4001-9df4-0dba751e575c/host
Oct 09 21:06:43 np0005479242.novalocal dnsmasq-dhcp[99532]: read /var/lib/neutron/dhcp/f8d88511-8cda-4001-9df4-0dba751e575c/opts
Oct 09 21:06:43 np0005479242.novalocal proxy-server[86594]: ::1 ::1 10/Oct/2025/01/06/43 GET /v1/AUTH_7e08652c4e3e41b29e5f05d128f57ab8/gnocchi.2e0fb3a9-8c05-4b81-865d-ac9643505252/none_v3 HTTP/1.0 404 - python-swiftclient-4.5.0 gAAAAABo6Fv-oWcl... - 70 - tx3587999d97854ae0b7acd-0068e85c23 - 0.0699 - - 1760058403.425030947 1760058403.494952917 0
Oct 09 21:06:43 np0005479242.novalocal container-server[93569]: ::1 - - [10/Oct/2025:01:06:43 +0000] "PUT /3/178486/AUTH_7e08652c4e3e41b29e5f05d128f57ab8/gnocchi.df9c4fcf-aec0-48fd-868a-a43316b7362e/1759320000.0_mean_300.0_v3" 201 - "PUT http://[::1]:8080/1/60052/AUTH_7e08652c4e3e41b29e5f05d128f57ab8/gnocchi.df9c4fcf-aec0-48fd-868a-a43316b7362e/1759320000.0_mean_300.0_v3" "txe8b79cefd5c047d794fdf-0068e85c23" "object-server 93871" 0.0006 "-" 93569 0
Oct 09 21:06:43 np0005479242.novalocal object-server[93871]: ::1 - - [10/Oct/2025:01:06:43 +0000] "PUT /1/60052/AUTH_7e08652c4e3e41b29e5f05d128f57ab8/gnocchi.df9c4fcf-aec0-48fd-868a-a43316b7362e/1759320000.0_mean_300.0_v3" 201 - "PUT http://[::1]:8080/v1/AUTH_7e08652c4e3e41b29e5f05d128f57ab8/gnocchi.df9c4fcf-aec0-48fd-868a-a43316b7362e/1759320000.0_mean_300.0_v3" "txe8b79cefd5c047d794fdf-0068e85c23" "proxy-server 86594" 0.0257 "-" 93871 0
Oct 09 21:06:43 np0005479242.novalocal container-server[93569]: ::1 - - [10/Oct/2025:01:06:43 +0000] "PUT /2/178486/AUTH_7e08652c4e3e41b29e5f05d128f57ab8/gnocchi.df9c4fcf-aec0-48fd-868a-a43316b7362e/1759320000.0_mean_300.0_v3" 201 - "PUT http://[::1]:8080/2/60052/AUTH_7e08652c4e3e41b29e5f05d128f57ab8/gnocchi.df9c4fcf-aec0-48fd-868a-a43316b7362e/1759320000.0_mean_300.0_v3" "txe8b79cefd5c047d794fdf-0068e85c23" "object-server 93870" 0.0005 "-" 93569 0
Oct 09 21:06:43 np0005479242.novalocal object-server[93870]: ::1 - - [10/Oct/2025:01:06:43 +0000] "PUT /2/60052/AUTH_7e08652c4e3e41b29e5f05d128f57ab8/gnocchi.df9c4fcf-aec0-48fd-868a-a43316b7362e/1759320000.0_mean_300.0_v3" 201 - "PUT http://[::1]:8080/v1/AUTH_7e08652c4e3e41b29e5f05d128f57ab8/gnocchi.df9c4fcf-aec0-48fd-868a-a43316b7362e/1759320000.0_mean_300.0_v3" "txe8b79cefd5c047d794fdf-0068e85c23" "proxy-server 86594" 0.0274 "-" 93870 0
Oct 09 21:06:43 np0005479242.novalocal account-server[93271]: ::1 - - [10/Oct/2025:01:06:43 +0000] "PUT /1/130220/AUTH_7e08652c4e3e41b29e5f05d128f57ab8/gnocchi.2e0fb3a9-8c05-4b81-865d-ac9643505252" 201 - "PUT http://[::1]:6001/2/157050/AUTH_7e08652c4e3e41b29e5f05d128f57ab8/gnocchi.2e0fb3a9-8c05-4b81-865d-ac9643505252" "tx89a5c60cfe7348b4b4dd0-0068e85c23" "container-server 93569" 0.0044 "-" 93271 0
Oct 09 21:06:43 np0005479242.novalocal container-server[93569]: ::1 - - [10/Oct/2025:01:06:43 +0000] "PUT /2/157050/AUTH_7e08652c4e3e41b29e5f05d128f57ab8/gnocchi.2e0fb3a9-8c05-4b81-865d-ac9643505252" 201 - "PUT http://[::1]:8080/v1/AUTH_7e08652c4e3e41b29e5f05d128f57ab8/gnocchi.2e0fb3a9-8c05-4b81-865d-ac9643505252" "tx89a5c60cfe7348b4b4dd0-0068e85c23" "proxy-server 86594" 0.0212 "-" 93569 0
Oct 09 21:06:43 np0005479242.novalocal container-server[93568]: ::1 - - [10/Oct/2025:01:06:43 +0000] "PUT /1/178486/AUTH_7e08652c4e3e41b29e5f05d128f57ab8/gnocchi.df9c4fcf-aec0-48fd-868a-a43316b7362e/1759320000.0_mean_300.0_v3" 201 - "PUT http://[::1]:8080/3/60052/AUTH_7e08652c4e3e41b29e5f05d128f57ab8/gnocchi.df9c4fcf-aec0-48fd-868a-a43316b7362e/1759320000.0_mean_300.0_v3" "txe8b79cefd5c047d794fdf-0068e85c23" "object-server 93870" 0.0030 "-" 93568 0
Oct 09 21:06:43 np0005479242.novalocal account-server[93272]: ::1 - - [10/Oct/2025:01:06:43 +0000] "PUT /2/130220/AUTH_7e08652c4e3e41b29e5f05d128f57ab8/gnocchi.2e0fb3a9-8c05-4b81-865d-ac9643505252" 201 - "PUT http://[::1]:6001/1/157050/AUTH_7e08652c4e3e41b29e5f05d128f57ab8/gnocchi.2e0fb3a9-8c05-4b81-865d-ac9643505252" "tx89a5c60cfe7348b4b4dd0-0068e85c23" "container-server 93568" 0.0045 "-" 93272 0
Oct 09 21:06:43 np0005479242.novalocal object-server[93870]: ::1 - - [10/Oct/2025:01:06:43 +0000] "PUT /3/60052/AUTH_7e08652c4e3e41b29e5f05d128f57ab8/gnocchi.df9c4fcf-aec0-48fd-868a-a43316b7362e/1759320000.0_mean_300.0_v3" 201 - "PUT http://[::1]:8080/v1/AUTH_7e08652c4e3e41b29e5f05d128f57ab8/gnocchi.df9c4fcf-aec0-48fd-868a-a43316b7362e/1759320000.0_mean_300.0_v3" "txe8b79cefd5c047d794fdf-0068e85c23" "proxy-server 86594" 0.0380 "-" 93870 0
Oct 09 21:06:43 np0005479242.novalocal container-server[93568]: ::1 - - [10/Oct/2025:01:06:43 +0000] "PUT /1/157050/AUTH_7e08652c4e3e41b29e5f05d128f57ab8/gnocchi.2e0fb3a9-8c05-4b81-865d-ac9643505252" 201 - "PUT http://[::1]:8080/v1/AUTH_7e08652c4e3e41b29e5f05d128f57ab8/gnocchi.2e0fb3a9-8c05-4b81-865d-ac9643505252" "tx89a5c60cfe7348b4b4dd0-0068e85c23" "proxy-server 86594" 0.0286 "-" 93568 0
Oct 09 21:06:43 np0005479242.novalocal account-server[93272]: ::1 - - [10/Oct/2025:01:06:43 +0000] "PUT /3/130220/AUTH_7e08652c4e3e41b29e5f05d128f57ab8/gnocchi.2e0fb3a9-8c05-4b81-865d-ac9643505252" 201 - "PUT http://[::1]:6001/3/157050/AUTH_7e08652c4e3e41b29e5f05d128f57ab8/gnocchi.2e0fb3a9-8c05-4b81-865d-ac9643505252" "tx89a5c60cfe7348b4b4dd0-0068e85c23" "container-server 93568" 0.0038 "-" 93272 0
Oct 09 21:06:43 np0005479242.novalocal proxy-server[86594]: ::1 ::1 10/Oct/2025/01/06/43 PUT /v1/AUTH_7e08652c4e3e41b29e5f05d128f57ab8/gnocchi.df9c4fcf-aec0-48fd-868a-a43316b7362e/1759320000.0_mean_300.0_v3 HTTP/1.0 201 - python-swiftclient-4.5.0 gAAAAABo6Fv-PTBu... 16 - - txe8b79cefd5c047d794fdf-0068e85c23 - 0.0487 - - 1760058403.489610672 1760058403.538330793 0
Oct 09 21:06:43 np0005479242.novalocal container-server[93568]: ::1 - - [10/Oct/2025:01:06:43 +0000] "PUT /3/157050/AUTH_7e08652c4e3e41b29e5f05d128f57ab8/gnocchi.2e0fb3a9-8c05-4b81-865d-ac9643505252" 201 - "PUT http://[::1]:8080/v1/AUTH_7e08652c4e3e41b29e5f05d128f57ab8/gnocchi.2e0fb3a9-8c05-4b81-865d-ac9643505252" "tx89a5c60cfe7348b4b4dd0-0068e85c23" "proxy-server 86594" 0.0199 "-" 93568 0
Oct 09 21:06:43 np0005479242.novalocal proxy-server[86594]: ::1 ::1 10/Oct/2025/01/06/43 PUT /v1/AUTH_7e08652c4e3e41b29e5f05d128f57ab8/gnocchi.2e0fb3a9-8c05-4b81-865d-ac9643505252 HTTP/1.0 201 - python-swiftclient-4.5.0 gAAAAABo6Fv-oWcl... - - - tx89a5c60cfe7348b4b4dd0-0068e85c23 - 0.0400 - - 1760058403.499828339 1760058403.539851189 0
Oct 09 21:06:43 np0005479242.novalocal container-server[93569]: ::1 - - [10/Oct/2025:01:06:43 +0000] "HEAD /1/157050/AUTH_7e08652c4e3e41b29e5f05d128f57ab8/gnocchi.2e0fb3a9-8c05-4b81-865d-ac9643505252" 204 - "HEAD http://[::1]:8080/v1/AUTH_7e08652c4e3e41b29e5f05d128f57ab8/gnocchi.2e0fb3a9-8c05-4b81-865d-ac9643505252" "tx3112ecd4f0664fdbbe153-0068e85c23" "proxy-server 86594" 0.0016 "-" 93569 0
Oct 09 21:06:43 np0005479242.novalocal proxy-server[86594]: - - 10/Oct/2025/01/06/43 HEAD /v1/AUTH_7e08652c4e3e41b29e5f05d128f57ab8/gnocchi.2e0fb3a9-8c05-4b81-865d-ac9643505252 HTTP/1.0 204 - Swift - - - - tx3112ecd4f0664fdbbe153-0068e85c23 - 0.0120 CS - 1760058403.549547434 1760058403.561511517 0
Oct 09 21:06:43 np0005479242.novalocal container-server[93568]: ::1 - - [10/Oct/2025:01:06:43 +0000] "PUT /1/178486/AUTH_7e08652c4e3e41b29e5f05d128f57ab8/gnocchi.df9c4fcf-aec0-48fd-868a-a43316b7362e/none_v3" 201 - "PUT http://[::1]:8080/2/255231/AUTH_7e08652c4e3e41b29e5f05d128f57ab8/gnocchi.df9c4fcf-aec0-48fd-868a-a43316b7362e/none_v3" "tx913ae226bb004ef1b5c7e-0068e85c23" "object-server 93871" 0.0005 "-" 93568 0
Oct 09 21:06:43 np0005479242.novalocal object-server[93871]: ::1 - - [10/Oct/2025:01:06:43 +0000] "PUT /2/255231/AUTH_7e08652c4e3e41b29e5f05d128f57ab8/gnocchi.df9c4fcf-aec0-48fd-868a-a43316b7362e/none_v3" 201 - "PUT http://[::1]:8080/v1/AUTH_7e08652c4e3e41b29e5f05d128f57ab8/gnocchi.df9c4fcf-aec0-48fd-868a-a43316b7362e/none_v3" "tx913ae226bb004ef1b5c7e-0068e85c23" "proxy-server 86594" 0.0143 "-" 93871 0
Oct 09 21:06:43 np0005479242.novalocal container-server[93569]: ::1 - - [10/Oct/2025:01:06:43 +0000] "PUT /3/178486/AUTH_7e08652c4e3e41b29e5f05d128f57ab8/gnocchi.df9c4fcf-aec0-48fd-868a-a43316b7362e/none_v3" 201 - "PUT http://[::1]:8080/1/255231/AUTH_7e08652c4e3e41b29e5f05d128f57ab8/gnocchi.df9c4fcf-aec0-48fd-868a-a43316b7362e/none_v3" "tx913ae226bb004ef1b5c7e-0068e85c23" "object-server 93870" 0.0005 "-" 93569 0
Oct 09 21:06:43 np0005479242.novalocal object-server[93870]: ::1 - - [10/Oct/2025:01:06:43 +0000] "PUT /1/255231/AUTH_7e08652c4e3e41b29e5f05d128f57ab8/gnocchi.df9c4fcf-aec0-48fd-868a-a43316b7362e/none_v3" 201 - "PUT http://[::1]:8080/v1/AUTH_7e08652c4e3e41b29e5f05d128f57ab8/gnocchi.df9c4fcf-aec0-48fd-868a-a43316b7362e/none_v3" "tx913ae226bb004ef1b5c7e-0068e85c23" "proxy-server 86594" 0.0151 "-" 93870 0
Oct 09 21:06:43 np0005479242.novalocal container-server[93569]: ::1 - - [10/Oct/2025:01:06:43 +0000] "PUT /2/178486/AUTH_7e08652c4e3e41b29e5f05d128f57ab8/gnocchi.df9c4fcf-aec0-48fd-868a-a43316b7362e/none_v3" 201 - "PUT http://[::1]:8080/3/255231/AUTH_7e08652c4e3e41b29e5f05d128f57ab8/gnocchi.df9c4fcf-aec0-48fd-868a-a43316b7362e/none_v3" "tx913ae226bb004ef1b5c7e-0068e85c23" "object-server 93870" 0.0005 "-" 93569 0
Oct 09 21:06:43 np0005479242.novalocal object-server[93870]: ::1 - - [10/Oct/2025:01:06:43 +0000] "PUT /3/255231/AUTH_7e08652c4e3e41b29e5f05d128f57ab8/gnocchi.df9c4fcf-aec0-48fd-868a-a43316b7362e/none_v3" 201 - "PUT http://[::1]:8080/v1/AUTH_7e08652c4e3e41b29e5f05d128f57ab8/gnocchi.df9c4fcf-aec0-48fd-868a-a43316b7362e/none_v3" "tx913ae226bb004ef1b5c7e-0068e85c23" "proxy-server 86594" 0.0152 "-" 93870 0
Oct 09 21:06:43 np0005479242.novalocal container-server[93569]: ::1 - - [10/Oct/2025:01:06:43 +0000] "GET /3/157050/AUTH_7e08652c4e3e41b29e5f05d128f57ab8/gnocchi.2e0fb3a9-8c05-4b81-865d-ac9643505252" 200 2 "GET http://[::1]:8080/v1/AUTH_7e08652c4e3e41b29e5f05d128f57ab8/gnocchi.2e0fb3a9-8c05-4b81-865d-ac9643505252?format=json&states=listing" "tx3112ecd4f0664fdbbe153-0068e85c23" "proxy-server 86594" 0.0025 "-" 93569 0
Oct 09 21:06:43 np0005479242.novalocal proxy-server[86594]: ::1 ::1 10/Oct/2025/01/06/43 PUT /v1/AUTH_7e08652c4e3e41b29e5f05d128f57ab8/gnocchi.df9c4fcf-aec0-48fd-868a-a43316b7362e/none_v3 HTTP/1.0 201 - python-swiftclient-4.5.0 gAAAAABo6Fv-PTBu... 22 - - tx913ae226bb004ef1b5c7e-0068e85c23 - 0.0272 - - 1760058403.542335272 1760058403.569551945 0
Oct 09 21:06:43 np0005479242.novalocal proxy-server[86594]: ::1 ::1 10/Oct/2025/01/06/43 GET /v1/AUTH_7e08652c4e3e41b29e5f05d128f57ab8/gnocchi.2e0fb3a9-8c05-4b81-865d-ac9643505252%3Fformat%3Djson%26states%3Dlisting HTTP/1.0 200 - python-swiftclient-4.5.0 gAAAAABo6Fv-oWcl... - 2 - tx3112ecd4f0664fdbbe153-0068e85c23 - 0.0275 - - 1760058403.548933983 1760058403.576429129 0
Oct 09 21:06:43 np0005479242.novalocal object-server[93871]: ::1 - - [10/Oct/2025:01:06:43 +0000] "GET /2/256794/AUTH_7e08652c4e3e41b29e5f05d128f57ab8/gnocchi.2e0fb3a9-8c05-4b81-865d-ac9643505252/1759320000.0_mean_300.0_v3" 404 70 "GET http://[::1]:8080/v1/AUTH_7e08652c4e3e41b29e5f05d128f57ab8/gnocchi.2e0fb3a9-8c05-4b81-865d-ac9643505252/1759320000.0_mean_300.0_v3" "tx418d773aa939485d90ac5-0068e85c23" "proxy-server 86594" 0.0004 "-" 93871 0
Oct 09 21:06:43 np0005479242.novalocal object-server[93871]: ::1 - - [10/Oct/2025:01:06:43 +0000] "GET /1/256794/AUTH_7e08652c4e3e41b29e5f05d128f57ab8/gnocchi.2e0fb3a9-8c05-4b81-865d-ac9643505252/1759320000.0_mean_300.0_v3" 404 70 "GET http://[::1]:8080/v1/AUTH_7e08652c4e3e41b29e5f05d128f57ab8/gnocchi.2e0fb3a9-8c05-4b81-865d-ac9643505252/1759320000.0_mean_300.0_v3" "tx418d773aa939485d90ac5-0068e85c23" "proxy-server 86594" 0.0002 "-" 93871 0
Oct 09 21:06:43 np0005479242.novalocal object-server[93871]: ::1 - - [10/Oct/2025:01:06:43 +0000] "GET /3/256794/AUTH_7e08652c4e3e41b29e5f05d128f57ab8/gnocchi.2e0fb3a9-8c05-4b81-865d-ac9643505252/1759320000.0_mean_300.0_v3" 404 70 "GET http://[::1]:8080/v1/AUTH_7e08652c4e3e41b29e5f05d128f57ab8/gnocchi.2e0fb3a9-8c05-4b81-865d-ac9643505252/1759320000.0_mean_300.0_v3" "tx418d773aa939485d90ac5-0068e85c23" "proxy-server 86594" 0.0002 "-" 93871 0
Oct 09 21:06:43 np0005479242.novalocal proxy-server[86594]: ::1 ::1 10/Oct/2025/01/06/43 GET /v1/AUTH_7e08652c4e3e41b29e5f05d128f57ab8/gnocchi.2e0fb3a9-8c05-4b81-865d-ac9643505252/1759320000.0_mean_300.0_v3 HTTP/1.0 404 - python-swiftclient-4.5.0 gAAAAABo6Fv-oWcl... - 70 - tx418d773aa939485d90ac5-0068e85c23 - 0.0115 - - 1760058403.585069418 1760058403.596611261 0
Oct 09 21:06:43 np0005479242.novalocal container-server[93568]: ::1 - - [10/Oct/2025:01:06:43 +0000] "PUT /2/157050/AUTH_7e08652c4e3e41b29e5f05d128f57ab8/gnocchi.2e0fb3a9-8c05-4b81-865d-ac9643505252/1759320000.0_mean_300.0_v3" 201 - "PUT http://[::1]:8080/2/256794/AUTH_7e08652c4e3e41b29e5f05d128f57ab8/gnocchi.2e0fb3a9-8c05-4b81-865d-ac9643505252/1759320000.0_mean_300.0_v3" "tx363db7d3ec124f28a9d17-0068e85c23" "object-server 93870" 0.0006 "-" 93568 0
Oct 09 21:06:43 np0005479242.novalocal container-server[93569]: ::1 - - [10/Oct/2025:01:06:43 +0000] "PUT /3/157050/AUTH_7e08652c4e3e41b29e5f05d128f57ab8/gnocchi.2e0fb3a9-8c05-4b81-865d-ac9643505252/1759320000.0_mean_300.0_v3" 201 - "PUT http://[::1]:8080/1/256794/AUTH_7e08652c4e3e41b29e5f05d128f57ab8/gnocchi.2e0fb3a9-8c05-4b81-865d-ac9643505252/1759320000.0_mean_300.0_v3" "tx363db7d3ec124f28a9d17-0068e85c23" "object-server 93871" 0.0009 "-" 93569 0
Oct 09 21:06:43 np0005479242.novalocal object-server[93870]: ::1 - - [10/Oct/2025:01:06:43 +0000] "PUT /2/256794/AUTH_7e08652c4e3e41b29e5f05d128f57ab8/gnocchi.2e0fb3a9-8c05-4b81-865d-ac9643505252/1759320000.0_mean_300.0_v3" 201 - "PUT http://[::1]:8080/v1/AUTH_7e08652c4e3e41b29e5f05d128f57ab8/gnocchi.2e0fb3a9-8c05-4b81-865d-ac9643505252/1759320000.0_mean_300.0_v3" "tx363db7d3ec124f28a9d17-0068e85c23" "proxy-server 86594" 0.0162 "-" 93870 0
Oct 09 21:06:43 np0005479242.novalocal container-server[93568]: ::1 - - [10/Oct/2025:01:06:43 +0000] "PUT /1/157050/AUTH_7e08652c4e3e41b29e5f05d128f57ab8/gnocchi.2e0fb3a9-8c05-4b81-865d-ac9643505252/1759320000.0_mean_300.0_v3" 201 - "PUT http://[::1]:8080/3/256794/AUTH_7e08652c4e3e41b29e5f05d128f57ab8/gnocchi.2e0fb3a9-8c05-4b81-865d-ac9643505252/1759320000.0_mean_300.0_v3" "tx363db7d3ec124f28a9d17-0068e85c23" "object-server 93871" 0.0004 "-" 93568 0
Oct 09 21:06:43 np0005479242.novalocal object-server[93871]: ::1 - - [10/Oct/2025:01:06:43 +0000] "PUT /1/256794/AUTH_7e08652c4e3e41b29e5f05d128f57ab8/gnocchi.2e0fb3a9-8c05-4b81-865d-ac9643505252/1759320000.0_mean_300.0_v3" 201 - "PUT http://[::1]:8080/v1/AUTH_7e08652c4e3e41b29e5f05d128f57ab8/gnocchi.2e0fb3a9-8c05-4b81-865d-ac9643505252/1759320000.0_mean_300.0_v3" "tx363db7d3ec124f28a9d17-0068e85c23" "proxy-server 86594" 0.0130 "-" 93871 0
Oct 09 21:06:43 np0005479242.novalocal object-server[93871]: ::1 - - [10/Oct/2025:01:06:43 +0000] "PUT /3/256794/AUTH_7e08652c4e3e41b29e5f05d128f57ab8/gnocchi.2e0fb3a9-8c05-4b81-865d-ac9643505252/1759320000.0_mean_300.0_v3" 201 - "PUT http://[::1]:8080/v1/AUTH_7e08652c4e3e41b29e5f05d128f57ab8/gnocchi.2e0fb3a9-8c05-4b81-865d-ac9643505252/1759320000.0_mean_300.0_v3" "tx363db7d3ec124f28a9d17-0068e85c23" "proxy-server 86594" 0.0159 "-" 93871 0
Oct 09 21:06:43 np0005479242.novalocal proxy-server[86594]: ::1 ::1 10/Oct/2025/01/06/43 PUT /v1/AUTH_7e08652c4e3e41b29e5f05d128f57ab8/gnocchi.2e0fb3a9-8c05-4b81-865d-ac9643505252/1759320000.0_mean_300.0_v3 HTTP/1.0 201 - python-swiftclient-4.5.0 gAAAAABo6Fv-oWcl... 16 - - tx363db7d3ec124f28a9d17-0068e85c23 - 0.0269 - - 1760058403.607730865 1760058403.634610891 0
Oct 09 21:06:43 np0005479242.novalocal container-server[93568]: ::1 - - [10/Oct/2025:01:06:43 +0000] "PUT /1/157050/AUTH_7e08652c4e3e41b29e5f05d128f57ab8/gnocchi.2e0fb3a9-8c05-4b81-865d-ac9643505252/none_v3" 201 - "PUT http://[::1]:8080/2/35950/AUTH_7e08652c4e3e41b29e5f05d128f57ab8/gnocchi.2e0fb3a9-8c05-4b81-865d-ac9643505252/none_v3" "tx7f5af19565944705b49aa-0068e85c23" "object-server 93871" 0.0005 "-" 93568 0
Oct 09 21:06:43 np0005479242.novalocal object-server[93871]: ::1 - - [10/Oct/2025:01:06:43 +0000] "PUT /2/35950/AUTH_7e08652c4e3e41b29e5f05d128f57ab8/gnocchi.2e0fb3a9-8c05-4b81-865d-ac9643505252/none_v3" 201 - "PUT http://[::1]:8080/v1/AUTH_7e08652c4e3e41b29e5f05d128f57ab8/gnocchi.2e0fb3a9-8c05-4b81-865d-ac9643505252/none_v3" "tx7f5af19565944705b49aa-0068e85c23" "proxy-server 86594" 0.0101 "-" 93871 0
Oct 09 21:06:43 np0005479242.novalocal container-server[93569]: ::1 - - [10/Oct/2025:01:06:43 +0000] "PUT /2/157050/AUTH_7e08652c4e3e41b29e5f05d128f57ab8/gnocchi.2e0fb3a9-8c05-4b81-865d-ac9643505252/none_v3" 201 - "PUT http://[::1]:8080/3/35950/AUTH_7e08652c4e3e41b29e5f05d128f57ab8/gnocchi.2e0fb3a9-8c05-4b81-865d-ac9643505252/none_v3" "tx7f5af19565944705b49aa-0068e85c23" "object-server 93871" 0.0007 "-" 93569 0
Oct 09 21:06:43 np0005479242.novalocal object-server[93871]: ::1 - - [10/Oct/2025:01:06:43 +0000] "PUT /3/35950/AUTH_7e08652c4e3e41b29e5f05d128f57ab8/gnocchi.2e0fb3a9-8c05-4b81-865d-ac9643505252/none_v3" 201 - "PUT http://[::1]:8080/v1/AUTH_7e08652c4e3e41b29e5f05d128f57ab8/gnocchi.2e0fb3a9-8c05-4b81-865d-ac9643505252/none_v3" "tx7f5af19565944705b49aa-0068e85c23" "proxy-server 86594" 0.0151 "-" 93871 0
Oct 09 21:06:43 np0005479242.novalocal container-server[93568]: ::1 - - [10/Oct/2025:01:06:43 +0000] "PUT /3/157050/AUTH_7e08652c4e3e41b29e5f05d128f57ab8/gnocchi.2e0fb3a9-8c05-4b81-865d-ac9643505252/none_v3" 201 - "PUT http://[::1]:8080/1/35950/AUTH_7e08652c4e3e41b29e5f05d128f57ab8/gnocchi.2e0fb3a9-8c05-4b81-865d-ac9643505252/none_v3" "tx7f5af19565944705b49aa-0068e85c23" "object-server 93870" 0.0005 "-" 93568 0
Oct 09 21:06:43 np0005479242.novalocal object-server[93870]: ::1 - - [10/Oct/2025:01:06:43 +0000] "PUT /1/35950/AUTH_7e08652c4e3e41b29e5f05d128f57ab8/gnocchi.2e0fb3a9-8c05-4b81-865d-ac9643505252/none_v3" 201 - "PUT http://[::1]:8080/v1/AUTH_7e08652c4e3e41b29e5f05d128f57ab8/gnocchi.2e0fb3a9-8c05-4b81-865d-ac9643505252/none_v3" "tx7f5af19565944705b49aa-0068e85c23" "proxy-server 86594" 0.0183 "-" 93870 0
Oct 09 21:06:43 np0005479242.novalocal proxy-server[86594]: ::1 ::1 10/Oct/2025/01/06/43 PUT /v1/AUTH_7e08652c4e3e41b29e5f05d128f57ab8/gnocchi.2e0fb3a9-8c05-4b81-865d-ac9643505252/none_v3 HTTP/1.0 201 - python-swiftclient-4.5.0 gAAAAABo6Fv-oWcl... 22 - - tx7f5af19565944705b49aa-0068e85c23 - 0.0291 - - 1760058403.637161493 1760058403.666263580 0
Oct 09 21:06:43 np0005479242.novalocal object-server[93870]: ::1 - - [10/Oct/2025:01:06:43 +0000] "GET /2/151360/AUTH_7e08652c4e3e41b29e5f05d128f57ab8/gnocchi.ba090458-e1c3-41c9-af22-54937b2c6ff2/none_v3" 200 30 "GET http://[::1]:8080/v1/AUTH_7e08652c4e3e41b29e5f05d128f57ab8/gnocchi.ba090458-e1c3-41c9-af22-54937b2c6ff2/none_v3" "tx2038edff17254f48aafff-0068e85c23" "proxy-server 86594" 0.0010 "-" 93870 0
Oct 09 21:06:43 np0005479242.novalocal proxy-server[86594]: ::1 ::1 10/Oct/2025/01/06/43 GET /v1/AUTH_7e08652c4e3e41b29e5f05d128f57ab8/gnocchi.ba090458-e1c3-41c9-af22-54937b2c6ff2/none_v3 HTTP/1.0 200 - python-swiftclient-4.5.0 gAAAAABo6Fv-oWcl... - 30 - tx2038edff17254f48aafff-0068e85c23 - 0.0084 - - 1760058403.674335718 1760058403.682757616 0
Oct 09 21:06:43 np0005479242.novalocal container-server[93569]: ::1 - - [10/Oct/2025:01:06:43 +0000] "GET /3/69651/AUTH_7e08652c4e3e41b29e5f05d128f57ab8/gnocchi.ba090458-e1c3-41c9-af22-54937b2c6ff2" 200 357 "GET http://[::1]:8080/v1/AUTH_7e08652c4e3e41b29e5f05d128f57ab8/gnocchi.ba090458-e1c3-41c9-af22-54937b2c6ff2?format=json&states=listing" "tx6201fab810b240688e301-0068e85c23" "proxy-server 86594" 0.0114 "-" 93569 0
Oct 09 21:06:43 np0005479242.novalocal proxy-server[86594]: ::1 ::1 10/Oct/2025/01/06/43 GET /v1/AUTH_7e08652c4e3e41b29e5f05d128f57ab8/gnocchi.ba090458-e1c3-41c9-af22-54937b2c6ff2%3Fformat%3Djson%26states%3Dlisting HTTP/1.0 200 - python-swiftclient-4.5.0 gAAAAABo6Fv-oWcl... - 357 - tx6201fab810b240688e301-0068e85c23 - 0.0190 - - 1760058403.685982704 1760058403.704939604 0
Oct 09 21:06:43 np0005479242.novalocal container-server[93569]: ::1 - - [10/Oct/2025:01:06:43 +0000] "GET /1/69651/AUTH_7e08652c4e3e41b29e5f05d128f57ab8/gnocchi.ba090458-e1c3-41c9-af22-54937b2c6ff2" 200 2 "GET http://[::1]:8080/v1/AUTH_7e08652c4e3e41b29e5f05d128f57ab8/gnocchi.ba090458-e1c3-41c9-af22-54937b2c6ff2?format=json&marker=none_v3&states=listing" "tx6f5423fed95740a1a6e5d-0068e85c23" "proxy-server 86594" 0.0066 "-" 93569 0
Oct 09 21:06:43 np0005479242.novalocal object-server[93871]: ::1 - - [10/Oct/2025:01:06:43 +0000] "GET /1/232065/AUTH_7e08652c4e3e41b29e5f05d128f57ab8/gnocchi.4fbf2f74-bbba-467f-be5c-ad570e37313f/none_v3" 200 29 "GET http://[::1]:8080/v1/AUTH_7e08652c4e3e41b29e5f05d128f57ab8/gnocchi.4fbf2f74-bbba-467f-be5c-ad570e37313f/none_v3" "tx75548b5325ff4b3eae4e6-0068e85c23" "proxy-server 86594" 0.0006 "-" 93871 0
Oct 09 21:06:43 np0005479242.novalocal proxy-server[86594]: ::1 ::1 10/Oct/2025/01/06/43 GET /v1/AUTH_7e08652c4e3e41b29e5f05d128f57ab8/gnocchi.4fbf2f74-bbba-467f-be5c-ad570e37313f/none_v3 HTTP/1.0 200 - python-swiftclient-4.5.0 gAAAAABo6Fv-PTBu... - 29 - tx75548b5325ff4b3eae4e6-0068e85c23 - 0.0088 - - 1760058403.713268757 1760058403.722019911 0
Oct 09 21:06:43 np0005479242.novalocal proxy-server[86594]: ::1 ::1 10/Oct/2025/01/06/43 GET /v1/AUTH_7e08652c4e3e41b29e5f05d128f57ab8/gnocchi.ba090458-e1c3-41c9-af22-54937b2c6ff2%3Fformat%3Djson%26marker%3Dnone_v3%26states%3Dlisting HTTP/1.0 200 - python-swiftclient-4.5.0 gAAAAABo6Fv-oWcl... - 2 - tx6f5423fed95740a1a6e5d-0068e85c23 - 0.0162 - - 1760058403.707301140 1760058403.723530531 0
Oct 09 21:06:43 np0005479242.novalocal object-server[93870]: ::1 - - [10/Oct/2025:01:06:43 +0000] "GET /3/46896/AUTH_7e08652c4e3e41b29e5f05d128f57ab8/gnocchi.ba090458-e1c3-41c9-af22-54937b2c6ff2/1759320000.0_mean_300.0_v3" 200 16 "GET http://[::1]:8080/v1/AUTH_7e08652c4e3e41b29e5f05d128f57ab8/gnocchi.ba090458-e1c3-41c9-af22-54937b2c6ff2/1759320000.0_mean_300.0_v3" "tx53b208cb7f724badb129a-0068e85c23" "proxy-server 86594" 0.0006 "-" 93870 0
Oct 09 21:06:43 np0005479242.novalocal proxy-server[86594]: ::1 ::1 10/Oct/2025/01/06/43 GET /v1/AUTH_7e08652c4e3e41b29e5f05d128f57ab8/gnocchi.ba090458-e1c3-41c9-af22-54937b2c6ff2/1759320000.0_mean_300.0_v3 HTTP/1.0 200 - python-swiftclient-4.5.0 gAAAAABo6Fv-oWcl... - 16 - tx53b208cb7f724badb129a-0068e85c23 - 0.0098 - - 1760058403.728016615 1760058403.737789631 0
Oct 09 21:06:43 np0005479242.novalocal container-server[93569]: ::1 - - [10/Oct/2025:01:06:43 +0000] "GET /1/5744/AUTH_7e08652c4e3e41b29e5f05d128f57ab8/gnocchi.4fbf2f74-bbba-467f-be5c-ad570e37313f" 200 357 "GET http://[::1]:8080/v1/AUTH_7e08652c4e3e41b29e5f05d128f57ab8/gnocchi.4fbf2f74-bbba-467f-be5c-ad570e37313f?format=json&states=listing" "tx080907a35314499c922ee-0068e85c23" "proxy-server 86594" 0.0081 "-" 93569 0
Oct 09 21:06:43 np0005479242.novalocal proxy-server[86594]: ::1 ::1 10/Oct/2025/01/06/43 GET /v1/AUTH_7e08652c4e3e41b29e5f05d128f57ab8/gnocchi.4fbf2f74-bbba-467f-be5c-ad570e37313f%3Fformat%3Djson%26states%3Dlisting HTTP/1.0 200 - python-swiftclient-4.5.0 gAAAAABo6Fv-PTBu... - 357 - tx080907a35314499c922ee-0068e85c23 - 0.0176 - - 1760058403.732631922 1760058403.750245333 0
Oct 09 21:06:43 np0005479242.novalocal container-server[93568]: ::1 - - [10/Oct/2025:01:06:43 +0000] "PUT /3/69651/AUTH_7e08652c4e3e41b29e5f05d128f57ab8/gnocchi.ba090458-e1c3-41c9-af22-54937b2c6ff2/1759320000.0_mean_300.0_v3" 201 - "PUT http://[::1]:8080/3/46896/AUTH_7e08652c4e3e41b29e5f05d128f57ab8/gnocchi.ba090458-e1c3-41c9-af22-54937b2c6ff2/1759320000.0_mean_300.0_v3" "tx338ea89adc874a7cb92b3-0068e85c23" "object-server 93870" 0.0004 "-" 93568 0
Oct 09 21:06:43 np0005479242.novalocal object-server[93870]: ::1 - - [10/Oct/2025:01:06:43 +0000] "PUT /3/46896/AUTH_7e08652c4e3e41b29e5f05d128f57ab8/gnocchi.ba090458-e1c3-41c9-af22-54937b2c6ff2/1759320000.0_mean_300.0_v3" 201 - "PUT http://[::1]:8080/v1/AUTH_7e08652c4e3e41b29e5f05d128f57ab8/gnocchi.ba090458-e1c3-41c9-af22-54937b2c6ff2/1759320000.0_mean_300.0_v3" "tx338ea89adc874a7cb92b3-0068e85c23" "proxy-server 86594" 0.0110 "-" 93870 0
Oct 09 21:06:43 np0005479242.novalocal container-server[93568]: ::1 - - [10/Oct/2025:01:06:43 +0000] "PUT /2/69651/AUTH_7e08652c4e3e41b29e5f05d128f57ab8/gnocchi.ba090458-e1c3-41c9-af22-54937b2c6ff2/1759320000.0_mean_300.0_v3" 201 - "PUT http://[::1]:8080/1/46896/AUTH_7e08652c4e3e41b29e5f05d128f57ab8/gnocchi.ba090458-e1c3-41c9-af22-54937b2c6ff2/1759320000.0_mean_300.0_v3" "tx338ea89adc874a7cb92b3-0068e85c23" "object-server 93870" 0.0005 "-" 93568 0
Oct 09 21:06:43 np0005479242.novalocal container-server[93569]: ::1 - - [10/Oct/2025:01:06:43 +0000] "PUT /1/69651/AUTH_7e08652c4e3e41b29e5f05d128f57ab8/gnocchi.ba090458-e1c3-41c9-af22-54937b2c6ff2/1759320000.0_mean_300.0_v3" 201 - "PUT http://[::1]:8080/2/46896/AUTH_7e08652c4e3e41b29e5f05d128f57ab8/gnocchi.ba090458-e1c3-41c9-af22-54937b2c6ff2/1759320000.0_mean_300.0_v3" "tx338ea89adc874a7cb92b3-0068e85c23" "object-server 93870" 0.0004 "-" 93569 0
Oct 09 21:06:43 np0005479242.novalocal container-server[93568]: ::1 - - [10/Oct/2025:01:06:43 +0000] "GET /2/5744/AUTH_7e08652c4e3e41b29e5f05d128f57ab8/gnocchi.4fbf2f74-bbba-467f-be5c-ad570e37313f" 200 2 "GET http://[::1]:8080/v1/AUTH_7e08652c4e3e41b29e5f05d128f57ab8/gnocchi.4fbf2f74-bbba-467f-be5c-ad570e37313f?format=json&marker=none_v3&states=listing" "tx620f1e216c6e46cc9e185-0068e85c23" "proxy-server 86594" 0.0092 "-" 93568 0
Oct 09 21:06:43 np0005479242.novalocal sudo[101145]: cinder : PWD=/ ; USER=root ; COMMAND=/usr/bin/cinder-rootwrap /etc/cinder/rootwrap.conf cinder-rtstool get-targets
Oct 09 21:06:43 np0005479242.novalocal proxy-server[86594]: ::1 ::1 10/Oct/2025/01/06/43 GET /v1/AUTH_7e08652c4e3e41b29e5f05d128f57ab8/gnocchi.4fbf2f74-bbba-467f-be5c-ad570e37313f%3Fformat%3Djson%26marker%3Dnone_v3%26states%3Dlisting HTTP/1.0 200 - python-swiftclient-4.5.0 gAAAAABo6Fv-PTBu... - 2 - tx620f1e216c6e46cc9e185-0068e85c23 - 0.0177 - - 1760058403.752889156 1760058403.770626783 0
Oct 09 21:06:43 np0005479242.novalocal object-server[93870]: ::1 - - [10/Oct/2025:01:06:43 +0000] "PUT /1/46896/AUTH_7e08652c4e3e41b29e5f05d128f57ab8/gnocchi.ba090458-e1c3-41c9-af22-54937b2c6ff2/1759320000.0_mean_300.0_v3" 201 - "PUT http://[::1]:8080/v1/AUTH_7e08652c4e3e41b29e5f05d128f57ab8/gnocchi.ba090458-e1c3-41c9-af22-54937b2c6ff2/1759320000.0_mean_300.0_v3" "tx338ea89adc874a7cb92b3-0068e85c23" "proxy-server 86594" 0.0162 "-" 93870 0
Oct 09 21:06:43 np0005479242.novalocal object-server[93870]: ::1 - - [10/Oct/2025:01:06:43 +0000] "PUT /2/46896/AUTH_7e08652c4e3e41b29e5f05d128f57ab8/gnocchi.ba090458-e1c3-41c9-af22-54937b2c6ff2/1759320000.0_mean_300.0_v3" 201 - "PUT http://[::1]:8080/v1/AUTH_7e08652c4e3e41b29e5f05d128f57ab8/gnocchi.ba090458-e1c3-41c9-af22-54937b2c6ff2/1759320000.0_mean_300.0_v3" "tx338ea89adc874a7cb92b3-0068e85c23" "proxy-server 86594" 0.0252 "-" 93870 0
Oct 09 21:06:43 np0005479242.novalocal object-server[93870]: ::1 - - [10/Oct/2025:01:06:43 +0000] "GET /2/141357/AUTH_7e08652c4e3e41b29e5f05d128f57ab8/gnocchi.4fbf2f74-bbba-467f-be5c-ad570e37313f/1759320000.0_mean_300.0_v3" 200 16 "GET http://[::1]:8080/v1/AUTH_7e08652c4e3e41b29e5f05d128f57ab8/gnocchi.4fbf2f74-bbba-467f-be5c-ad570e37313f/1759320000.0_mean_300.0_v3" "tx399dd6ff0fd245a4a91ec-0068e85c23" "proxy-server 86594" 0.0007 "-" 93870 0
Oct 09 21:06:43 np0005479242.novalocal proxy-server[86594]: ::1 ::1 10/Oct/2025/01/06/43 PUT /v1/AUTH_7e08652c4e3e41b29e5f05d128f57ab8/gnocchi.ba090458-e1c3-41c9-af22-54937b2c6ff2/1759320000.0_mean_300.0_v3 HTTP/1.0 201 - python-swiftclient-4.5.0 gAAAAABo6Fv-oWcl... 16 - - tx338ea89adc874a7cb92b3-0068e85c23 - 0.0394 - - 1760058403.740981340 1760058403.780405521 0
Oct 09 21:06:43 np0005479242.novalocal proxy-server[86594]: ::1 ::1 10/Oct/2025/01/06/43 GET /v1/AUTH_7e08652c4e3e41b29e5f05d128f57ab8/gnocchi.4fbf2f74-bbba-467f-be5c-ad570e37313f/1759320000.0_mean_300.0_v3 HTTP/1.0 200 - python-swiftclient-4.5.0 gAAAAABo6Fv-PTBu... - 16 - tx399dd6ff0fd245a4a91ec-0068e85c23 - 0.0108 - - 1760058403.774640322 1760058403.785411596 0
Oct 09 21:06:43 np0005479242.novalocal systemd[1]: Started Session c139 of User root.
Oct 09 21:06:43 np0005479242.novalocal sudo[101145]: pam_unix(sudo:session): session opened for user root(uid=0) by (uid=165)
Oct 09 21:06:43 np0005479242.novalocal container-server[93568]: ::1 - - [10/Oct/2025:01:06:43 +0000] "PUT /3/69651/AUTH_7e08652c4e3e41b29e5f05d128f57ab8/gnocchi.ba090458-e1c3-41c9-af22-54937b2c6ff2/none_v3" 201 - "PUT http://[::1]:8080/2/151360/AUTH_7e08652c4e3e41b29e5f05d128f57ab8/gnocchi.ba090458-e1c3-41c9-af22-54937b2c6ff2/none_v3" "tx82107b5010d84e96a02ea-0068e85c23" "object-server 93871" 0.0004 "-" 93568 0
Oct 09 21:06:43 np0005479242.novalocal object-server[93871]: ::1 - - [10/Oct/2025:01:06:43 +0000] "PUT /2/151360/AUTH_7e08652c4e3e41b29e5f05d128f57ab8/gnocchi.ba090458-e1c3-41c9-af22-54937b2c6ff2/none_v3" 201 - "PUT http://[::1]:8080/v1/AUTH_7e08652c4e3e41b29e5f05d128f57ab8/gnocchi.ba090458-e1c3-41c9-af22-54937b2c6ff2/none_v3" "tx82107b5010d84e96a02ea-0068e85c23" "proxy-server 86594" 0.0145 "-" 93871 0
Oct 09 21:06:43 np0005479242.novalocal container-server[93568]: ::1 - - [10/Oct/2025:01:06:43 +0000] "PUT /2/69651/AUTH_7e08652c4e3e41b29e5f05d128f57ab8/gnocchi.ba090458-e1c3-41c9-af22-54937b2c6ff2/none_v3" 201 - "PUT http://[::1]:8080/3/151360/AUTH_7e08652c4e3e41b29e5f05d128f57ab8/gnocchi.ba090458-e1c3-41c9-af22-54937b2c6ff2/none_v3" "tx82107b5010d84e96a02ea-0068e85c23" "object-server 93870" 0.0004 "-" 93568 0
Oct 09 21:06:43 np0005479242.novalocal container-server[93569]: ::1 - - [10/Oct/2025:01:06:43 +0000] "PUT /3/5744/AUTH_7e08652c4e3e41b29e5f05d128f57ab8/gnocchi.4fbf2f74-bbba-467f-be5c-ad570e37313f/1759320000.0_mean_300.0_v3" 201 - "PUT http://[::1]:8080/3/141357/AUTH_7e08652c4e3e41b29e5f05d128f57ab8/gnocchi.4fbf2f74-bbba-467f-be5c-ad570e37313f/1759320000.0_mean_300.0_v3" "tx7ba1db3536104a27b74a5-0068e85c23" "object-server 93871" 0.0004 "-" 93569 0
Oct 09 21:06:43 np0005479242.novalocal object-server[93871]: ::1 - - [10/Oct/2025:01:06:43 +0000] "PUT /3/141357/AUTH_7e08652c4e3e41b29e5f05d128f57ab8/gnocchi.4fbf2f74-bbba-467f-be5c-ad570e37313f/1759320000.0_mean_300.0_v3" 201 - "PUT http://[::1]:8080/v1/AUTH_7e08652c4e3e41b29e5f05d128f57ab8/gnocchi.4fbf2f74-bbba-467f-be5c-ad570e37313f/1759320000.0_mean_300.0_v3" "tx7ba1db3536104a27b74a5-0068e85c23" "proxy-server 86594" 0.0162 "-" 93871 0
Oct 09 21:06:43 np0005479242.novalocal container-server[93568]: ::1 - - [10/Oct/2025:01:06:43 +0000] "PUT /1/5744/AUTH_7e08652c4e3e41b29e5f05d128f57ab8/gnocchi.4fbf2f74-bbba-467f-be5c-ad570e37313f/1759320000.0_mean_300.0_v3" 201 - "PUT http://[::1]:8080/1/141357/AUTH_7e08652c4e3e41b29e5f05d128f57ab8/gnocchi.4fbf2f74-bbba-467f-be5c-ad570e37313f/1759320000.0_mean_300.0_v3" "tx7ba1db3536104a27b74a5-0068e85c23" "object-server 93871" 0.0004 "-" 93568 0
Oct 09 21:06:43 np0005479242.novalocal object-server[93870]: ::1 - - [10/Oct/2025:01:06:43 +0000] "PUT /3/151360/AUTH_7e08652c4e3e41b29e5f05d128f57ab8/gnocchi.ba090458-e1c3-41c9-af22-54937b2c6ff2/none_v3" 201 - "PUT http://[::1]:8080/v1/AUTH_7e08652c4e3e41b29e5f05d128f57ab8/gnocchi.ba090458-e1c3-41c9-af22-54937b2c6ff2/none_v3" "tx82107b5010d84e96a02ea-0068e85c23" "proxy-server 86594" 0.0159 "-" 93870 0
Oct 09 21:06:43 np0005479242.novalocal object-server[93871]: ::1 - - [10/Oct/2025:01:06:43 +0000] "PUT /1/141357/AUTH_7e08652c4e3e41b29e5f05d128f57ab8/gnocchi.4fbf2f74-bbba-467f-be5c-ad570e37313f/1759320000.0_mean_300.0_v3" 201 - "PUT http://[::1]:8080/v1/AUTH_7e08652c4e3e41b29e5f05d128f57ab8/gnocchi.4fbf2f74-bbba-467f-be5c-ad570e37313f/1759320000.0_mean_300.0_v3" "tx7ba1db3536104a27b74a5-0068e85c23" "proxy-server 86594" 0.0181 "-" 93871 0
Oct 09 21:06:43 np0005479242.novalocal container-server[93569]: ::1 - - [10/Oct/2025:01:06:43 +0000] "PUT /1/69651/AUTH_7e08652c4e3e41b29e5f05d128f57ab8/gnocchi.ba090458-e1c3-41c9-af22-54937b2c6ff2/none_v3" 201 - "PUT http://[::1]:8080/1/151360/AUTH_7e08652c4e3e41b29e5f05d128f57ab8/gnocchi.ba090458-e1c3-41c9-af22-54937b2c6ff2/none_v3" "tx82107b5010d84e96a02ea-0068e85c23" "object-server 93870" 0.0003 "-" 93569 0
Oct 09 21:06:43 np0005479242.novalocal object-server[93870]: ::1 - - [10/Oct/2025:01:06:43 +0000] "PUT /1/151360/AUTH_7e08652c4e3e41b29e5f05d128f57ab8/gnocchi.ba090458-e1c3-41c9-af22-54937b2c6ff2/none_v3" 201 - "PUT http://[::1]:8080/v1/AUTH_7e08652c4e3e41b29e5f05d128f57ab8/gnocchi.ba090458-e1c3-41c9-af22-54937b2c6ff2/none_v3" "tx82107b5010d84e96a02ea-0068e85c23" "proxy-server 86594" 0.0218 "-" 93870 0
Oct 09 21:06:43 np0005479242.novalocal proxy-server[86594]: ::1 ::1 10/Oct/2025/01/06/43 PUT /v1/AUTH_7e08652c4e3e41b29e5f05d128f57ab8/gnocchi.ba090458-e1c3-41c9-af22-54937b2c6ff2/none_v3 HTTP/1.0 201 - python-swiftclient-4.5.0 gAAAAABo6Fv-oWcl... 41 - - tx82107b5010d84e96a02ea-0068e85c23 - 0.0340 - - 1760058403.783768177 1760058403.817745209 0
Oct 09 21:06:43 np0005479242.novalocal container-server[93569]: ::1 - - [10/Oct/2025:01:06:43 +0000] "PUT /2/5744/AUTH_7e08652c4e3e41b29e5f05d128f57ab8/gnocchi.4fbf2f74-bbba-467f-be5c-ad570e37313f/1759320000.0_mean_300.0_v3" 201 - "PUT http://[::1]:8080/2/141357/AUTH_7e08652c4e3e41b29e5f05d128f57ab8/gnocchi.4fbf2f74-bbba-467f-be5c-ad570e37313f/1759320000.0_mean_300.0_v3" "tx7ba1db3536104a27b74a5-0068e85c23" "object-server 93870" 0.0003 "-" 93569 0
Oct 09 21:06:43 np0005479242.novalocal object-server[93870]: ::1 - - [10/Oct/2025:01:06:43 +0000] "PUT /2/141357/AUTH_7e08652c4e3e41b29e5f05d128f57ab8/gnocchi.4fbf2f74-bbba-467f-be5c-ad570e37313f/1759320000.0_mean_300.0_v3" 201 - "PUT http://[::1]:8080/v1/AUTH_7e08652c4e3e41b29e5f05d128f57ab8/gnocchi.4fbf2f74-bbba-467f-be5c-ad570e37313f/1759320000.0_mean_300.0_v3" "tx7ba1db3536104a27b74a5-0068e85c23" "proxy-server 86594" 0.0173 "-" 93870 0
Oct 09 21:06:43 np0005479242.novalocal proxy-server[86594]: ::1 ::1 10/Oct/2025/01/06/43 PUT /v1/AUTH_7e08652c4e3e41b29e5f05d128f57ab8/gnocchi.4fbf2f74-bbba-467f-be5c-ad570e37313f/1759320000.0_mean_300.0_v3 HTTP/1.0 201 - python-swiftclient-4.5.0 gAAAAABo6Fv-PTBu... 16 - - tx7ba1db3536104a27b74a5-0068e85c23 - 0.0321 - - 1760058403.788412809 1760058403.820524216 0
Oct 09 21:06:43 np0005479242.novalocal object-server[93871]: ::1 - - [10/Oct/2025:01:06:43 +0000] "GET /1/227477/AUTH_7e08652c4e3e41b29e5f05d128f57ab8/gnocchi.7b3d7f43-dd78-4e76-a0c9-aa3693c3d9d4/none_v3" 200 25 "GET http://[::1]:8080/v1/AUTH_7e08652c4e3e41b29e5f05d128f57ab8/gnocchi.7b3d7f43-dd78-4e76-a0c9-aa3693c3d9d4/none_v3" "txc0c9032a5baf46ddb7e42-0068e85c23" "proxy-server 86594" 0.0006 "-" 93871 0
Oct 09 21:06:43 np0005479242.novalocal proxy-server[86594]: ::1 ::1 10/Oct/2025/01/06/43 GET /v1/AUTH_7e08652c4e3e41b29e5f05d128f57ab8/gnocchi.7b3d7f43-dd78-4e76-a0c9-aa3693c3d9d4/none_v3 HTTP/1.0 200 - python-swiftclient-4.5.0 gAAAAABo6Fv-oWcl... - 25 - txc0c9032a5baf46ddb7e42-0068e85c23 - 0.0085 - - 1760058403.827480316 1760058403.836014986 0
Oct 09 21:06:43 np0005479242.novalocal container-server[93569]: ::1 - - [10/Oct/2025:01:06:43 +0000] "PUT /3/5744/AUTH_7e08652c4e3e41b29e5f05d128f57ab8/gnocchi.4fbf2f74-bbba-467f-be5c-ad570e37313f/none_v3" 201 - "PUT http://[::1]:8080/3/232065/AUTH_7e08652c4e3e41b29e5f05d128f57ab8/gnocchi.4fbf2f74-bbba-467f-be5c-ad570e37313f/none_v3" "txc488cc83c0804e2998641-0068e85c23" "object-server 93871" 0.0005 "-" 93569 0
Oct 09 21:06:43 np0005479242.novalocal object-server[93871]: ::1 - - [10/Oct/2025:01:06:43 +0000] "PUT /3/232065/AUTH_7e08652c4e3e41b29e5f05d128f57ab8/gnocchi.4fbf2f74-bbba-467f-be5c-ad570e37313f/none_v3" 201 - "PUT http://[::1]:8080/v1/AUTH_7e08652c4e3e41b29e5f05d128f57ab8/gnocchi.4fbf2f74-bbba-467f-be5c-ad570e37313f/none_v3" "txc488cc83c0804e2998641-0068e85c23" "proxy-server 86594" 0.0157 "-" 93871 0
Oct 09 21:06:43 np0005479242.novalocal container-server[93568]: ::1 - - [10/Oct/2025:01:06:43 +0000] "PUT /2/5744/AUTH_7e08652c4e3e41b29e5f05d128f57ab8/gnocchi.4fbf2f74-bbba-467f-be5c-ad570e37313f/none_v3" 201 - "PUT http://[::1]:8080/2/232065/AUTH_7e08652c4e3e41b29e5f05d128f57ab8/gnocchi.4fbf2f74-bbba-467f-be5c-ad570e37313f/none_v3" "txc488cc83c0804e2998641-0068e85c23" "object-server 93871" 0.0008 "-" 93568 0
Oct 09 21:06:43 np0005479242.novalocal object-server[93871]: ::1 - - [10/Oct/2025:01:06:43 +0000] "PUT /2/232065/AUTH_7e08652c4e3e41b29e5f05d128f57ab8/gnocchi.4fbf2f74-bbba-467f-be5c-ad570e37313f/none_v3" 201 - "PUT http://[::1]:8080/v1/AUTH_7e08652c4e3e41b29e5f05d128f57ab8/gnocchi.4fbf2f74-bbba-467f-be5c-ad570e37313f/none_v3" "txc488cc83c0804e2998641-0068e85c23" "proxy-server 86594" 0.0155 "-" 93871 0
Oct 09 21:06:43 np0005479242.novalocal container-server[93568]: ::1 - - [10/Oct/2025:01:06:43 +0000] "PUT /1/5744/AUTH_7e08652c4e3e41b29e5f05d128f57ab8/gnocchi.4fbf2f74-bbba-467f-be5c-ad570e37313f/none_v3" 201 - "PUT http://[::1]:8080/1/232065/AUTH_7e08652c4e3e41b29e5f05d128f57ab8/gnocchi.4fbf2f74-bbba-467f-be5c-ad570e37313f/none_v3" "txc488cc83c0804e2998641-0068e85c23" "object-server 93871" 0.0006 "-" 93568 0
Oct 09 21:06:43 np0005479242.novalocal object-server[93871]: ::1 - - [10/Oct/2025:01:06:43 +0000] "PUT /1/232065/AUTH_7e08652c4e3e41b29e5f05d128f57ab8/gnocchi.4fbf2f74-bbba-467f-be5c-ad570e37313f/none_v3" 201 - "PUT http://[::1]:8080/v1/AUTH_7e08652c4e3e41b29e5f05d128f57ab8/gnocchi.4fbf2f74-bbba-467f-be5c-ad570e37313f/none_v3" "txc488cc83c0804e2998641-0068e85c23" "proxy-server 86594" 0.0185 "-" 93871 0
Oct 09 21:06:43 np0005479242.novalocal proxy-server[86594]: ::1 ::1 10/Oct/2025/01/06/43 PUT /v1/AUTH_7e08652c4e3e41b29e5f05d128f57ab8/gnocchi.4fbf2f74-bbba-467f-be5c-ad570e37313f/none_v3 HTTP/1.0 201 - python-swiftclient-4.5.0 gAAAAABo6Fv-PTBu... 45 - - txc488cc83c0804e2998641-0068e85c23 - 0.0261 - - 1760058403.822994947 1760058403.849122524 0
Oct 09 21:06:43 np0005479242.novalocal container-server[93568]: ::1 - - [10/Oct/2025:01:06:43 +0000] "GET /3/71032/AUTH_7e08652c4e3e41b29e5f05d128f57ab8/gnocchi.7b3d7f43-dd78-4e76-a0c9-aa3693c3d9d4" 200 357 "GET http://[::1]:8080/v1/AUTH_7e08652c4e3e41b29e5f05d128f57ab8/gnocchi.7b3d7f43-dd78-4e76-a0c9-aa3693c3d9d4?format=json&states=listing" "tx323b15232ba04d7d947af-0068e85c23" "proxy-server 86594" 0.0100 "-" 93568 0
Oct 09 21:06:43 np0005479242.novalocal proxy-server[86594]: ::1 ::1 10/Oct/2025/01/06/43 GET /v1/AUTH_7e08652c4e3e41b29e5f05d128f57ab8/gnocchi.7b3d7f43-dd78-4e76-a0c9-aa3693c3d9d4%3Fformat%3Djson%26states%3Dlisting HTTP/1.0 200 - python-swiftclient-4.5.0 gAAAAABo6Fv-oWcl... - 357 - tx323b15232ba04d7d947af-0068e85c23 - 0.0153 - - 1760058403.839651108 1760058403.854902506 0
Oct 09 21:06:43 np0005479242.novalocal container-server[93568]: ::1 - - [10/Oct/2025:01:06:43 +0000] "GET /2/71032/AUTH_7e08652c4e3e41b29e5f05d128f57ab8/gnocchi.7b3d7f43-dd78-4e76-a0c9-aa3693c3d9d4" 200 2 "GET http://[::1]:8080/v1/AUTH_7e08652c4e3e41b29e5f05d128f57ab8/gnocchi.7b3d7f43-dd78-4e76-a0c9-aa3693c3d9d4?format=json&marker=none_v3&states=listing" "txfe22d3175f924723b05c1-0068e85c23" "proxy-server 86594" 0.0071 "-" 93568 0
Oct 09 21:06:43 np0005479242.novalocal proxy-server[86594]: ::1 ::1 10/Oct/2025/01/06/43 GET /v1/AUTH_7e08652c4e3e41b29e5f05d128f57ab8/gnocchi.7b3d7f43-dd78-4e76-a0c9-aa3693c3d9d4%3Fformat%3Djson%26marker%3Dnone_v3%26states%3Dlisting HTTP/1.0 200 - python-swiftclient-4.5.0 gAAAAABo6Fv-oWcl... - 2 - txfe22d3175f924723b05c1-0068e85c23 - 0.0119 - - 1760058403.857268810 1760058403.869180679 0
Oct 09 21:06:43 np0005479242.novalocal object-server[93871]: ::1 - - [10/Oct/2025:01:06:43 +0000] "GET /2/124095/AUTH_7e08652c4e3e41b29e5f05d128f57ab8/gnocchi.7b3d7f43-dd78-4e76-a0c9-aa3693c3d9d4/1759320000.0_mean_300.0_v3" 200 16 "GET http://[::1]:8080/v1/AUTH_7e08652c4e3e41b29e5f05d128f57ab8/gnocchi.7b3d7f43-dd78-4e76-a0c9-aa3693c3d9d4/1759320000.0_mean_300.0_v3" "tx196218c682fa48e295c05-0068e85c23" "proxy-server 86594" 0.0010 "-" 93871 0
Oct 09 21:06:43 np0005479242.novalocal proxy-server[86594]: ::1 ::1 10/Oct/2025/01/06/43 GET /v1/AUTH_7e08652c4e3e41b29e5f05d128f57ab8/gnocchi.7b3d7f43-dd78-4e76-a0c9-aa3693c3d9d4/1759320000.0_mean_300.0_v3 HTTP/1.0 200 - python-swiftclient-4.5.0 gAAAAABo6Fv-oWcl... - 16 - tx196218c682fa48e295c05-0068e85c23 - 0.0065 - - 1760058403.872317553 1760058403.878846884 0
Oct 09 21:06:43 np0005479242.novalocal container-server[93569]: ::1 - - [10/Oct/2025:01:06:43 +0000] "PUT /1/71032/AUTH_7e08652c4e3e41b29e5f05d128f57ab8/gnocchi.7b3d7f43-dd78-4e76-a0c9-aa3693c3d9d4/1759320000.0_mean_300.0_v3" 201 - "PUT http://[::1]:8080/2/124095/AUTH_7e08652c4e3e41b29e5f05d128f57ab8/gnocchi.7b3d7f43-dd78-4e76-a0c9-aa3693c3d9d4/1759320000.0_mean_300.0_v3" "tx5eb026dbae094ccfb556d-0068e85c23" "object-server 93871" 0.0007 "-" 93569 0
Oct 09 21:06:43 np0005479242.novalocal object-server[93871]: ::1 - - [10/Oct/2025:01:06:43 +0000] "PUT /2/124095/AUTH_7e08652c4e3e41b29e5f05d128f57ab8/gnocchi.7b3d7f43-dd78-4e76-a0c9-aa3693c3d9d4/1759320000.0_mean_300.0_v3" 201 - "PUT http://[::1]:8080/v1/AUTH_7e08652c4e3e41b29e5f05d128f57ab8/gnocchi.7b3d7f43-dd78-4e76-a0c9-aa3693c3d9d4/1759320000.0_mean_300.0_v3" "tx5eb026dbae094ccfb556d-0068e85c23" "proxy-server 86594" 0.0132 "-" 93871 0
Oct 09 21:06:43 np0005479242.novalocal container-server[93569]: ::1 - - [10/Oct/2025:01:06:43 +0000] "PUT /3/71032/AUTH_7e08652c4e3e41b29e5f05d128f57ab8/gnocchi.7b3d7f43-dd78-4e76-a0c9-aa3693c3d9d4/1759320000.0_mean_300.0_v3" 201 - "PUT http://[::1]:8080/1/124095/AUTH_7e08652c4e3e41b29e5f05d128f57ab8/gnocchi.7b3d7f43-dd78-4e76-a0c9-aa3693c3d9d4/1759320000.0_mean_300.0_v3" "tx5eb026dbae094ccfb556d-0068e85c23" "object-server 93871" 0.0004 "-" 93569 0
Oct 09 21:06:43 np0005479242.novalocal container-server[93568]: ::1 - - [10/Oct/2025:01:06:43 +0000] "PUT /2/71032/AUTH_7e08652c4e3e41b29e5f05d128f57ab8/gnocchi.7b3d7f43-dd78-4e76-a0c9-aa3693c3d9d4/1759320000.0_mean_300.0_v3" 201 - "PUT http://[::1]:8080/3/124095/AUTH_7e08652c4e3e41b29e5f05d128f57ab8/gnocchi.7b3d7f43-dd78-4e76-a0c9-aa3693c3d9d4/1759320000.0_mean_300.0_v3" "tx5eb026dbae094ccfb556d-0068e85c23" "object-server 93871" 0.0005 "-" 93568 0
Oct 09 21:06:43 np0005479242.novalocal object-server[93871]: ::1 - - [10/Oct/2025:01:06:43 +0000] "PUT /1/124095/AUTH_7e08652c4e3e41b29e5f05d128f57ab8/gnocchi.7b3d7f43-dd78-4e76-a0c9-aa3693c3d9d4/1759320000.0_mean_300.0_v3" 201 - "PUT http://[::1]:8080/v1/AUTH_7e08652c4e3e41b29e5f05d128f57ab8/gnocchi.7b3d7f43-dd78-4e76-a0c9-aa3693c3d9d4/1759320000.0_mean_300.0_v3" "tx5eb026dbae094ccfb556d-0068e85c23" "proxy-server 86594" 0.0174 "-" 93871 0
Oct 09 21:06:43 np0005479242.novalocal object-server[93871]: ::1 - - [10/Oct/2025:01:06:43 +0000] "PUT /3/124095/AUTH_7e08652c4e3e41b29e5f05d128f57ab8/gnocchi.7b3d7f43-dd78-4e76-a0c9-aa3693c3d9d4/1759320000.0_mean_300.0_v3" 201 - "PUT http://[::1]:8080/v1/AUTH_7e08652c4e3e41b29e5f05d128f57ab8/gnocchi.7b3d7f43-dd78-4e76-a0c9-aa3693c3d9d4/1759320000.0_mean_300.0_v3" "tx5eb026dbae094ccfb556d-0068e85c23" "proxy-server 86594" 0.0165 "-" 93871 0
Oct 09 21:06:43 np0005479242.novalocal proxy-server[86594]: ::1 ::1 10/Oct/2025/01/06/43 PUT /v1/AUTH_7e08652c4e3e41b29e5f05d128f57ab8/gnocchi.7b3d7f43-dd78-4e76-a0c9-aa3693c3d9d4/1759320000.0_mean_300.0_v3 HTTP/1.0 201 - python-swiftclient-4.5.0 gAAAAABo6Fv-oWcl... 16 - - tx5eb026dbae094ccfb556d-0068e85c23 - 0.0255 - - 1760058403.881312847 1760058403.906785250 0
Oct 09 21:06:43 np0005479242.novalocal object-server[93870]: ::1 - - [10/Oct/2025:01:06:43 +0000] "GET /2/126468/AUTH_7e08652c4e3e41b29e5f05d128f57ab8/gnocchi.7c8429a8-3a70-4035-98d3-ce3532b20fd7/none_v3" 200 30 "GET http://[::1]:8080/v1/AUTH_7e08652c4e3e41b29e5f05d128f57ab8/gnocchi.7c8429a8-3a70-4035-98d3-ce3532b20fd7/none_v3" "txd115181b8dff4c1aa0ebb-0068e85c23" "proxy-server 86594" 0.0007 "-" 93870 0
Oct 09 21:06:43 np0005479242.novalocal proxy-server[86594]: ::1 ::1 10/Oct/2025/01/06/43 GET /v1/AUTH_7e08652c4e3e41b29e5f05d128f57ab8/gnocchi.7c8429a8-3a70-4035-98d3-ce3532b20fd7/none_v3 HTTP/1.0 200 - python-swiftclient-4.5.0 gAAAAABo6Fv-PTBu... - 30 - txd115181b8dff4c1aa0ebb-0068e85c23 - 0.0091 - - 1760058403.903325558 1760058403.912406445 0
Oct 09 21:06:43 np0005479242.novalocal container-server[93569]: ::1 - - [10/Oct/2025:01:06:43 +0000] "PUT /3/71032/AUTH_7e08652c4e3e41b29e5f05d128f57ab8/gnocchi.7b3d7f43-dd78-4e76-a0c9-aa3693c3d9d4/none_v3" 201 - "PUT http://[::1]:8080/3/227477/AUTH_7e08652c4e3e41b29e5f05d128f57ab8/gnocchi.7b3d7f43-dd78-4e76-a0c9-aa3693c3d9d4/none_v3" "txe6a014f7040446fbb15b4-0068e85c23" "object-server 93871" 0.0006 "-" 93569 0
Oct 09 21:06:43 np0005479242.novalocal container-server[93568]: ::1 - - [10/Oct/2025:01:06:43 +0000] "GET /3/6496/AUTH_7e08652c4e3e41b29e5f05d128f57ab8/gnocchi.7c8429a8-3a70-4035-98d3-ce3532b20fd7" 200 357 "GET http://[::1]:8080/v1/AUTH_7e08652c4e3e41b29e5f05d128f57ab8/gnocchi.7c8429a8-3a70-4035-98d3-ce3532b20fd7?format=json&states=listing" "tx2788dffb1f7f4b15ac493-0068e85c23" "proxy-server 86594" 0.0243 "-" 93568 0
Oct 09 21:06:43 np0005479242.novalocal object-server[93871]: ::1 - - [10/Oct/2025:01:06:43 +0000] "PUT /3/227477/AUTH_7e08652c4e3e41b29e5f05d128f57ab8/gnocchi.7b3d7f43-dd78-4e76-a0c9-aa3693c3d9d4/none_v3" 201 - "PUT http://[::1]:8080/v1/AUTH_7e08652c4e3e41b29e5f05d128f57ab8/gnocchi.7b3d7f43-dd78-4e76-a0c9-aa3693c3d9d4/none_v3" "txe6a014f7040446fbb15b4-0068e85c23" "proxy-server 86594" 0.0303 "-" 93871 0
Oct 09 21:06:43 np0005479242.novalocal container-server[93569]: ::1 - - [10/Oct/2025:01:06:43 +0000] "PUT /2/71032/AUTH_7e08652c4e3e41b29e5f05d128f57ab8/gnocchi.7b3d7f43-dd78-4e76-a0c9-aa3693c3d9d4/none_v3" 201 - "PUT http://[::1]:8080/2/227477/AUTH_7e08652c4e3e41b29e5f05d128f57ab8/gnocchi.7b3d7f43-dd78-4e76-a0c9-aa3693c3d9d4/none_v3" "txe6a014f7040446fbb15b4-0068e85c23" "object-server 93871" 0.0003 "-" 93569 0
Oct 09 21:06:43 np0005479242.novalocal proxy-server[86594]: ::1 ::1 10/Oct/2025/01/06/43 GET /v1/AUTH_7e08652c4e3e41b29e5f05d128f57ab8/gnocchi.7c8429a8-3a70-4035-98d3-ce3532b20fd7%3Fformat%3Djson%26states%3Dlisting HTTP/1.0 200 - python-swiftclient-4.5.0 gAAAAABo6Fv-PTBu... - 357 - tx2788dffb1f7f4b15ac493-0068e85c23 - 0.0325 - - 1760058403.917542219 1760058403.950037956 0
Oct 09 21:06:43 np0005479242.novalocal object-server[93871]: ::1 - - [10/Oct/2025:01:06:43 +0000] "PUT /2/227477/AUTH_7e08652c4e3e41b29e5f05d128f57ab8/gnocchi.7b3d7f43-dd78-4e76-a0c9-aa3693c3d9d4/none_v3" 201 - "PUT http://[::1]:8080/v1/AUTH_7e08652c4e3e41b29e5f05d128f57ab8/gnocchi.7b3d7f43-dd78-4e76-a0c9-aa3693c3d9d4/none_v3" "txe6a014f7040446fbb15b4-0068e85c23" "proxy-server 86594" 0.0314 "-" 93871 0
Oct 09 21:06:43 np0005479242.novalocal container-server[93569]: ::1 - - [10/Oct/2025:01:06:43 +0000] "PUT /1/71032/AUTH_7e08652c4e3e41b29e5f05d128f57ab8/gnocchi.7b3d7f43-dd78-4e76-a0c9-aa3693c3d9d4/none_v3" 201 - "PUT http://[::1]:8080/1/227477/AUTH_7e08652c4e3e41b29e5f05d128f57ab8/gnocchi.7b3d7f43-dd78-4e76-a0c9-aa3693c3d9d4/none_v3" "txe6a014f7040446fbb15b4-0068e85c23" "object-server 93870" 0.0005 "-" 93569 0
Oct 09 21:06:43 np0005479242.novalocal object-server[93870]: ::1 - - [10/Oct/2025:01:06:43 +0000] "PUT /1/227477/AUTH_7e08652c4e3e41b29e5f05d128f57ab8/gnocchi.7b3d7f43-dd78-4e76-a0c9-aa3693c3d9d4/none_v3" 201 - "PUT http://[::1]:8080/v1/AUTH_7e08652c4e3e41b29e5f05d128f57ab8/gnocchi.7b3d7f43-dd78-4e76-a0c9-aa3693c3d9d4/none_v3" "txe6a014f7040446fbb15b4-0068e85c23" "proxy-server 86594" 0.0366 "-" 93870 0
Oct 09 21:06:43 np0005479242.novalocal proxy-server[86594]: ::1 ::1 10/Oct/2025/01/06/43 PUT /v1/AUTH_7e08652c4e3e41b29e5f05d128f57ab8/gnocchi.7b3d7f43-dd78-4e76-a0c9-aa3693c3d9d4/none_v3 HTTP/1.0 201 - python-swiftclient-4.5.0 gAAAAABo6Fv-oWcl... 35 - - txe6a014f7040446fbb15b4-0068e85c23 - 0.0440 - - 1760058403.911336422 1760058403.955346107 0
Oct 09 21:06:43 np0005479242.novalocal object-server[93870]: ::1 - - [10/Oct/2025:01:06:43 +0000] "GET /2/200944/AUTH_7e08652c4e3e41b29e5f05d128f57ab8/gnocchi.fbe961a7-b943-4b81-9a30-8d869f8bae5b/none_v3" 200 45 "GET http://[::1]:8080/v1/AUTH_7e08652c4e3e41b29e5f05d128f57ab8/gnocchi.fbe961a7-b943-4b81-9a30-8d869f8bae5b/none_v3" "txfe75399d6d21413da11cf-0068e85c23" "proxy-server 86594" 0.0013 "-" 93870 0
Oct 09 21:06:43 np0005479242.novalocal proxy-server[86594]: ::1 ::1 10/Oct/2025/01/06/43 GET /v1/AUTH_7e08652c4e3e41b29e5f05d128f57ab8/gnocchi.fbe961a7-b943-4b81-9a30-8d869f8bae5b/none_v3 HTTP/1.0 200 - python-swiftclient-4.5.0 gAAAAABo6Fv-oWcl... - 45 - txfe75399d6d21413da11cf-0068e85c23 - 0.0254 - - 1760058403.970697165 1760058403.996134758 0
Oct 09 21:06:43 np0005479242.novalocal container-server[93568]: ::1 - - [10/Oct/2025:01:06:43 +0000] "GET /1/6496/AUTH_7e08652c4e3e41b29e5f05d128f57ab8/gnocchi.7c8429a8-3a70-4035-98d3-ce3532b20fd7" 200 2 "GET http://[::1]:8080/v1/AUTH_7e08652c4e3e41b29e5f05d128f57ab8/gnocchi.7c8429a8-3a70-4035-98d3-ce3532b20fd7?format=json&marker=none_v3&states=listing" "tx985c42bcadde4104aefcc-0068e85c23" "proxy-server 86594" 0.0379 "-" 93568 0
Oct 09 21:06:44 np0005479242.novalocal proxy-server[86594]: ::1 ::1 10/Oct/2025/01/06/44 GET /v1/AUTH_7e08652c4e3e41b29e5f05d128f57ab8/gnocchi.7c8429a8-3a70-4035-98d3-ce3532b20fd7%3Fformat%3Djson%26marker%3Dnone_v3%26states%3Dlisting HTTP/1.0 200 - python-swiftclient-4.5.0 gAAAAABo6Fv-PTBu... - 2 - tx985c42bcadde4104aefcc-0068e85c23 - 0.0437 - - 1760058403.956828833 1760058404.000504971 0
