Oct 09 21:06:39 np0005479242.novalocal object-server[93871]: ::1 - - [10/Oct/2025:01:06:39 +0000] "PUT /1/46896/AUTH_7e08652c4e3e41b29e5f05d128f57ab8/gnocchi.ba090458-e1c3-41c9-af22-54937b2c6ff2/1759320000.0_mean_300.0_v3" 201 - "PUT http://[::1]:8080/v1/AUTH_7e08652c4e3e41b29e5f05d128f57ab8/gnocchi.ba090458-e1c3-41c9-af22-54937b2c6ff2/1759320000.0_mean_300.0_v3" "txc5e9bc7c97404541ba045-0068e85c1f" "proxy-server 86594" 0.0414 "-" 93871 0
Oct 09 21:06:39 np0005479242.novalocal proxy-server[86594]: ::1 ::1 10/Oct/2025/01/06/39 PUT /v1/AUTH_7e08652c4e3e41b29e5f05d128f57ab8/gnocchi.4fbf2f74-bbba-467f-be5c-ad570e37313f/none_v3 HTTP/1.0 201 - python-swiftclient-4.5.0 gAAAAABo6Fv-PTBu... 29 - - txe481f8db3fec4a4184640-0068e85c1f - 0.0392 - - 1760058399.213228703 1760058399.252453327 0
Oct 09 21:06:39 np0005479242.novalocal proxy-server[86594]: ::1 ::1 10/Oct/2025/01/06/39 PUT /v1/AUTH_7e08652c4e3e41b29e5f05d128f57ab8/gnocchi.ba090458-e1c3-41c9-af22-54937b2c6ff2/1759320000.0_mean_300.0_v3 HTTP/1.0 201 - python-swiftclient-4.5.0 gAAAAABo6Fv-oWcl... 16 - - txc5e9bc7c97404541ba045-0068e85c1f - 0.0476 - - 1760058399.205778122 1760058399.253351212 0
Oct 09 21:06:39 np0005479242.novalocal container-server[93568]: ::1 - - [10/Oct/2025:01:06:39 +0000] "PUT /2/69651/AUTH_7e08652c4e3e41b29e5f05d128f57ab8/gnocchi.ba090458-e1c3-41c9-af22-54937b2c6ff2/none_v3" 201 - "PUT http://[::1]:8080/1/151360/AUTH_7e08652c4e3e41b29e5f05d128f57ab8/gnocchi.ba090458-e1c3-41c9-af22-54937b2c6ff2/none_v3" "tx88b34b770b0a4da486d63-0068e85c1f" "object-server 93870" 0.0006 "-" 93568 0
Oct 09 21:06:39 np0005479242.novalocal object-server[93870]: ::1 - - [10/Oct/2025:01:06:39 +0000] "PUT /1/151360/AUTH_7e08652c4e3e41b29e5f05d128f57ab8/gnocchi.ba090458-e1c3-41c9-af22-54937b2c6ff2/none_v3" 201 - "PUT http://[::1]:8080/v1/AUTH_7e08652c4e3e41b29e5f05d128f57ab8/gnocchi.ba090458-e1c3-41c9-af22-54937b2c6ff2/none_v3" "tx88b34b770b0a4da486d63-0068e85c1f" "proxy-server 86594" 0.0217 "-" 93870 0
Oct 09 21:06:39 np0005479242.novalocal container-server[93568]: ::1 - - [10/Oct/2025:01:06:39 +0000] "PUT /1/69651/AUTH_7e08652c4e3e41b29e5f05d128f57ab8/gnocchi.ba090458-e1c3-41c9-af22-54937b2c6ff2/none_v3" 201 - "PUT http://[::1]:8080/3/151360/AUTH_7e08652c4e3e41b29e5f05d128f57ab8/gnocchi.ba090458-e1c3-41c9-af22-54937b2c6ff2/none_v3" "tx88b34b770b0a4da486d63-0068e85c1f" "object-server 93871" 0.0004 "-" 93568 0
Oct 09 21:06:39 np0005479242.novalocal object-server[93871]: ::1 - - [10/Oct/2025:01:06:39 +0000] "PUT /3/151360/AUTH_7e08652c4e3e41b29e5f05d128f57ab8/gnocchi.ba090458-e1c3-41c9-af22-54937b2c6ff2/none_v3" 201 - "PUT http://[::1]:8080/v1/AUTH_7e08652c4e3e41b29e5f05d128f57ab8/gnocchi.ba090458-e1c3-41c9-af22-54937b2c6ff2/none_v3" "tx88b34b770b0a4da486d63-0068e85c1f" "proxy-server 86594" 0.0257 "-" 93871 0
Oct 09 21:06:39 np0005479242.novalocal container-server[93568]: ::1 - - [10/Oct/2025:01:06:39 +0000] "PUT /3/69651/AUTH_7e08652c4e3e41b29e5f05d128f57ab8/gnocchi.ba090458-e1c3-41c9-af22-54937b2c6ff2/none_v3" 201 - "PUT http://[::1]:8080/2/151360/AUTH_7e08652c4e3e41b29e5f05d128f57ab8/gnocchi.ba090458-e1c3-41c9-af22-54937b2c6ff2/none_v3" "tx88b34b770b0a4da486d63-0068e85c1f" "object-server 93870" 0.0005 "-" 93568 0
Oct 09 21:06:39 np0005479242.novalocal object-server[93870]: ::1 - - [10/Oct/2025:01:06:39 +0000] "PUT /2/151360/AUTH_7e08652c4e3e41b29e5f05d128f57ab8/gnocchi.ba090458-e1c3-41c9-af22-54937b2c6ff2/none_v3" 201 - "PUT http://[::1]:8080/v1/AUTH_7e08652c4e3e41b29e5f05d128f57ab8/gnocchi.ba090458-e1c3-41c9-af22-54937b2c6ff2/none_v3" "tx88b34b770b0a4da486d63-0068e85c1f" "proxy-server 86594" 0.0330 "-" 93870 0
Oct 09 21:06:39 np0005479242.novalocal proxy-server[86594]: ::1 ::1 10/Oct/2025/01/06/39 PUT /v1/AUTH_7e08652c4e3e41b29e5f05d128f57ab8/gnocchi.ba090458-e1c3-41c9-af22-54937b2c6ff2/none_v3 HTTP/1.0 201 - python-swiftclient-4.5.0 gAAAAABo6Fv-oWcl... 30 - - tx88b34b770b0a4da486d63-0068e85c1f - 0.0387 - - 1760058399.255793810 1760058399.294497490 0
Oct 09 21:06:39 np0005479242.novalocal object-server[93871]: ::1 - - [10/Oct/2025:01:06:39 +0000] "GET /1/227477/AUTH_7e08652c4e3e41b29e5f05d128f57ab8/gnocchi.7b3d7f43-dd78-4e76-a0c9-aa3693c3d9d4/none_v3" 200 22 "GET http://[::1]:8080/v1/AUTH_7e08652c4e3e41b29e5f05d128f57ab8/gnocchi.7b3d7f43-dd78-4e76-a0c9-aa3693c3d9d4/none_v3" "tx66d21d841dce4e8abb016-0068e85c1f" "proxy-server 86594" 0.0009 "-" 93871 0
Oct 09 21:06:39 np0005479242.novalocal proxy-server[86594]: ::1 ::1 10/Oct/2025/01/06/39 GET /v1/AUTH_7e08652c4e3e41b29e5f05d128f57ab8/gnocchi.7b3d7f43-dd78-4e76-a0c9-aa3693c3d9d4/none_v3 HTTP/1.0 200 - python-swiftclient-4.5.0 gAAAAABo6Fv-oWcl... - 22 - tx66d21d841dce4e8abb016-0068e85c1f - 0.0126 - - 1760058399.366159678 1760058399.378752708 0
Oct 09 21:06:39 np0005479242.novalocal container-server[93569]: ::1 - - [10/Oct/2025:01:06:39 +0000] "GET /3/71032/AUTH_7e08652c4e3e41b29e5f05d128f57ab8/gnocchi.7b3d7f43-dd78-4e76-a0c9-aa3693c3d9d4" 200 357 "GET http://[::1]:8080/v1/AUTH_7e08652c4e3e41b29e5f05d128f57ab8/gnocchi.7b3d7f43-dd78-4e76-a0c9-aa3693c3d9d4?format=json&states=listing" "tx977513ad0cbe4a76953e6-0068e85c1f" "proxy-server 86594" 0.0216 "-" 93569 0
Oct 09 21:06:39 np0005479242.novalocal proxy-server[86594]: ::1 ::1 10/Oct/2025/01/06/39 GET /v1/AUTH_7e08652c4e3e41b29e5f05d128f57ab8/gnocchi.7b3d7f43-dd78-4e76-a0c9-aa3693c3d9d4%3Fformat%3Djson%26states%3Dlisting HTTP/1.0 200 - python-swiftclient-4.5.0 gAAAAABo6Fv-oWcl... - 357 - tx977513ad0cbe4a76953e6-0068e85c1f - 0.0275 - - 1760058399.381320477 1760058399.408805609 0
Oct 09 21:06:39 np0005479242.novalocal container-server[93569]: ::1 - - [10/Oct/2025:01:06:39 +0000] "GET /1/71032/AUTH_7e08652c4e3e41b29e5f05d128f57ab8/gnocchi.7b3d7f43-dd78-4e76-a0c9-aa3693c3d9d4" 200 2 "GET http://[::1]:8080/v1/AUTH_7e08652c4e3e41b29e5f05d128f57ab8/gnocchi.7b3d7f43-dd78-4e76-a0c9-aa3693c3d9d4?format=json&marker=none_v3&states=listing" "tx915ea5c72e2d418396a5d-0068e85c1f" "proxy-server 86594" 0.0166 "-" 93569 0
Oct 09 21:06:39 np0005479242.novalocal proxy-server[86594]: ::1 ::1 10/Oct/2025/01/06/39 GET /v1/AUTH_7e08652c4e3e41b29e5f05d128f57ab8/gnocchi.7b3d7f43-dd78-4e76-a0c9-aa3693c3d9d4%3Fformat%3Djson%26marker%3Dnone_v3%26states%3Dlisting HTTP/1.0 200 - python-swiftclient-4.5.0 gAAAAABo6Fv-oWcl... - 2 - tx915ea5c72e2d418396a5d-0068e85c1f - 0.0224 - - 1760058399.411062956 1760058399.433435440 0
Oct 09 21:06:39 np0005479242.novalocal object-server[93870]: ::1 - - [10/Oct/2025:01:06:39 +0000] "GET /3/124095/AUTH_7e08652c4e3e41b29e5f05d128f57ab8/gnocchi.7b3d7f43-dd78-4e76-a0c9-aa3693c3d9d4/1759320000.0_mean_300.0_v3" 200 16 "GET http://[::1]:8080/v1/AUTH_7e08652c4e3e41b29e5f05d128f57ab8/gnocchi.7b3d7f43-dd78-4e76-a0c9-aa3693c3d9d4/1759320000.0_mean_300.0_v3" "tx5f25615eb71b43f5b0ad6-0068e85c1f" "proxy-server 86594" 0.0006 "-" 93870 0
Oct 09 21:06:39 np0005479242.novalocal proxy-server[86594]: ::1 ::1 10/Oct/2025/01/06/39 GET /v1/AUTH_7e08652c4e3e41b29e5f05d128f57ab8/gnocchi.7b3d7f43-dd78-4e76-a0c9-aa3693c3d9d4/1759320000.0_mean_300.0_v3 HTTP/1.0 200 - python-swiftclient-4.5.0 gAAAAABo6Fv-oWcl... - 16 - tx5f25615eb71b43f5b0ad6-0068e85c1f - 0.0078 - - 1760058399.436553717 1760058399.444381237 0
Oct 09 21:06:39 np0005479242.novalocal container-server[93569]: ::1 - - [10/Oct/2025:01:06:39 +0000] "PUT /3/71032/AUTH_7e08652c4e3e41b29e5f05d128f57ab8/gnocchi.7b3d7f43-dd78-4e76-a0c9-aa3693c3d9d4/1759320000.0_mean_300.0_v3" 201 - "PUT http://[::1]:8080/2/124095/AUTH_7e08652c4e3e41b29e5f05d128f57ab8/gnocchi.7b3d7f43-dd78-4e76-a0c9-aa3693c3d9d4/1759320000.0_mean_300.0_v3" "tx05404a7fee3944c4ae3de-0068e85c1f" "object-server 93870" 0.0005 "-" 93569 0
Oct 09 21:06:39 np0005479242.novalocal container-server[93568]: ::1 - - [10/Oct/2025:01:06:39 +0000] "PUT /2/71032/AUTH_7e08652c4e3e41b29e5f05d128f57ab8/gnocchi.7b3d7f43-dd78-4e76-a0c9-aa3693c3d9d4/1759320000.0_mean_300.0_v3" 201 - "PUT http://[::1]:8080/1/124095/AUTH_7e08652c4e3e41b29e5f05d128f57ab8/gnocchi.7b3d7f43-dd78-4e76-a0c9-aa3693c3d9d4/1759320000.0_mean_300.0_v3" "tx05404a7fee3944c4ae3de-0068e85c1f" "object-server 93870" 0.0008 "-" 93568 0
Oct 09 21:06:39 np0005479242.novalocal object-server[93870]: ::1 - - [10/Oct/2025:01:06:39 +0000] "PUT /2/124095/AUTH_7e08652c4e3e41b29e5f05d128f57ab8/gnocchi.7b3d7f43-dd78-4e76-a0c9-aa3693c3d9d4/1759320000.0_mean_300.0_v3" 201 - "PUT http://[::1]:8080/v1/AUTH_7e08652c4e3e41b29e5f05d128f57ab8/gnocchi.7b3d7f43-dd78-4e76-a0c9-aa3693c3d9d4/1759320000.0_mean_300.0_v3" "tx05404a7fee3944c4ae3de-0068e85c1f" "proxy-server 86594" 0.0265 "-" 93870 0
Oct 09 21:06:39 np0005479242.novalocal object-server[93870]: ::1 - - [10/Oct/2025:01:06:39 +0000] "PUT /1/124095/AUTH_7e08652c4e3e41b29e5f05d128f57ab8/gnocchi.7b3d7f43-dd78-4e76-a0c9-aa3693c3d9d4/1759320000.0_mean_300.0_v3" 201 - "PUT http://[::1]:8080/v1/AUTH_7e08652c4e3e41b29e5f05d128f57ab8/gnocchi.7b3d7f43-dd78-4e76-a0c9-aa3693c3d9d4/1759320000.0_mean_300.0_v3" "tx05404a7fee3944c4ae3de-0068e85c1f" "proxy-server 86594" 0.0262 "-" 93870 0
Oct 09 21:06:39 np0005479242.novalocal container-server[93568]: ::1 - - [10/Oct/2025:01:06:39 +0000] "PUT /1/71032/AUTH_7e08652c4e3e41b29e5f05d128f57ab8/gnocchi.7b3d7f43-dd78-4e76-a0c9-aa3693c3d9d4/1759320000.0_mean_300.0_v3" 201 - "PUT http://[::1]:8080/3/124095/AUTH_7e08652c4e3e41b29e5f05d128f57ab8/gnocchi.7b3d7f43-dd78-4e76-a0c9-aa3693c3d9d4/1759320000.0_mean_300.0_v3" "tx05404a7fee3944c4ae3de-0068e85c1f" "object-server 93871" 0.0006 "-" 93568 0
Oct 09 21:06:39 np0005479242.novalocal object-server[93871]: ::1 - - [10/Oct/2025:01:06:39 +0000] "PUT /3/124095/AUTH_7e08652c4e3e41b29e5f05d128f57ab8/gnocchi.7b3d7f43-dd78-4e76-a0c9-aa3693c3d9d4/1759320000.0_mean_300.0_v3" 201 - "PUT http://[::1]:8080/v1/AUTH_7e08652c4e3e41b29e5f05d128f57ab8/gnocchi.7b3d7f43-dd78-4e76-a0c9-aa3693c3d9d4/1759320000.0_mean_300.0_v3" "tx05404a7fee3944c4ae3de-0068e85c1f" "proxy-server 86594" 0.0289 "-" 93871 0
Oct 09 21:06:39 np0005479242.novalocal proxy-server[86594]: ::1 ::1 10/Oct/2025/01/06/39 PUT /v1/AUTH_7e08652c4e3e41b29e5f05d128f57ab8/gnocchi.7b3d7f43-dd78-4e76-a0c9-aa3693c3d9d4/1759320000.0_mean_300.0_v3 HTTP/1.0 201 - python-swiftclient-4.5.0 gAAAAABo6Fv-oWcl... 16 - - tx05404a7fee3944c4ae3de-0068e85c1f - 0.0364 - - 1760058399.446834087 1760058399.483239412 0
Oct 09 21:06:39 np0005479242.novalocal container-server[93569]: ::1 - - [10/Oct/2025:01:06:39 +0000] "PUT /3/71032/AUTH_7e08652c4e3e41b29e5f05d128f57ab8/gnocchi.7b3d7f43-dd78-4e76-a0c9-aa3693c3d9d4/none_v3" 201 - "PUT http://[::1]:8080/2/227477/AUTH_7e08652c4e3e41b29e5f05d128f57ab8/gnocchi.7b3d7f43-dd78-4e76-a0c9-aa3693c3d9d4/none_v3" "txae3cf12425454983a909f-0068e85c1f" "object-server 93871" 0.0006 "-" 93569 0
Oct 09 21:06:39 np0005479242.novalocal object-server[93871]: ::1 - - [10/Oct/2025:01:06:39 +0000] "PUT /2/227477/AUTH_7e08652c4e3e41b29e5f05d128f57ab8/gnocchi.7b3d7f43-dd78-4e76-a0c9-aa3693c3d9d4/none_v3" 201 - "PUT http://[::1]:8080/v1/AUTH_7e08652c4e3e41b29e5f05d128f57ab8/gnocchi.7b3d7f43-dd78-4e76-a0c9-aa3693c3d9d4/none_v3" "txae3cf12425454983a909f-0068e85c1f" "proxy-server 86594" 0.0287 "-" 93871 0
Oct 09 21:06:39 np0005479242.novalocal container-server[93569]: ::1 - - [10/Oct/2025:01:06:39 +0000] "PUT /2/71032/AUTH_7e08652c4e3e41b29e5f05d128f57ab8/gnocchi.7b3d7f43-dd78-4e76-a0c9-aa3693c3d9d4/none_v3" 201 - "PUT http://[::1]:8080/1/227477/AUTH_7e08652c4e3e41b29e5f05d128f57ab8/gnocchi.7b3d7f43-dd78-4e76-a0c9-aa3693c3d9d4/none_v3" "txae3cf12425454983a909f-0068e85c1f" "object-server 93870" 0.0004 "-" 93569 0
Oct 09 21:06:39 np0005479242.novalocal container-server[93568]: ::1 - - [10/Oct/2025:01:06:39 +0000] "PUT /1/71032/AUTH_7e08652c4e3e41b29e5f05d128f57ab8/gnocchi.7b3d7f43-dd78-4e76-a0c9-aa3693c3d9d4/none_v3" 201 - "PUT http://[::1]:8080/3/227477/AUTH_7e08652c4e3e41b29e5f05d128f57ab8/gnocchi.7b3d7f43-dd78-4e76-a0c9-aa3693c3d9d4/none_v3" "txae3cf12425454983a909f-0068e85c1f" "object-server 93870" 0.0004 "-" 93568 0
Oct 09 21:06:39 np0005479242.novalocal object-server[93870]: ::1 - - [10/Oct/2025:01:06:39 +0000] "PUT /1/227477/AUTH_7e08652c4e3e41b29e5f05d128f57ab8/gnocchi.7b3d7f43-dd78-4e76-a0c9-aa3693c3d9d4/none_v3" 201 - "PUT http://[::1]:8080/v1/AUTH_7e08652c4e3e41b29e5f05d128f57ab8/gnocchi.7b3d7f43-dd78-4e76-a0c9-aa3693c3d9d4/none_v3" "txae3cf12425454983a909f-0068e85c1f" "proxy-server 86594" 0.0343 "-" 93870 0
Oct 09 21:06:39 np0005479242.novalocal object-server[93870]: ::1 - - [10/Oct/2025:01:06:39 +0000] "PUT /3/227477/AUTH_7e08652c4e3e41b29e5f05d128f57ab8/gnocchi.7b3d7f43-dd78-4e76-a0c9-aa3693c3d9d4/none_v3" 201 - "PUT http://[::1]:8080/v1/AUTH_7e08652c4e3e41b29e5f05d128f57ab8/gnocchi.7b3d7f43-dd78-4e76-a0c9-aa3693c3d9d4/none_v3" "txae3cf12425454983a909f-0068e85c1f" "proxy-server 86594" 0.0341 "-" 93870 0
Oct 09 21:06:39 np0005479242.novalocal proxy-server[86594]: ::1 ::1 10/Oct/2025/01/06/39 PUT /v1/AUTH_7e08652c4e3e41b29e5f05d128f57ab8/gnocchi.7b3d7f43-dd78-4e76-a0c9-aa3693c3d9d4/none_v3 HTTP/1.0 201 - python-swiftclient-4.5.0 gAAAAABo6Fv-oWcl... 25 - - txae3cf12425454983a909f-0068e85c1f - 0.0407 - - 1760058399.485994339 1760058399.526670933 0
Oct 09 21:06:40 np0005479242.novalocal dnsmasq[100270]: read /var/lib/neutron/dhcp/06230952-5a30-45f0-833d-b92cb9fe197a/addn_hosts - 1 addresses
Oct 09 21:06:40 np0005479242.novalocal dnsmasq-dhcp[100270]: read /var/lib/neutron/dhcp/06230952-5a30-45f0-833d-b92cb9fe197a/host
Oct 09 21:06:40 np0005479242.novalocal dnsmasq-dhcp[100270]: read /var/lib/neutron/dhcp/06230952-5a30-45f0-833d-b92cb9fe197a/opts
Oct 09 21:06:40 np0005479242.novalocal sudo[101061]: cinder : PWD=/ ; USER=root ; COMMAND=/usr/bin/cinder-rootwrap /etc/cinder/rootwrap.conf cinder-rtstool delete-initiator iqn.2010-10.org.openstack:volume-2d195c9c-7194-4d94-ba95-c2134534f9a8 iqn.1994-05.com.redhat:26f5828552
Oct 09 21:06:40 np0005479242.novalocal systemd[1]: Started Session c130 of User root.
Oct 09 21:06:40 np0005479242.novalocal sudo[101061]: pam_unix(sudo:session): session opened for user root(uid=0) by (uid=165)
Oct 09 21:06:40 np0005479242.novalocal sudo[101063]: cinder : PWD=/ ; USER=root ; COMMAND=/usr/bin/cinder-rootwrap /etc/cinder/rootwrap.conf env LC_ALL=C vgs --noheadings --unit=g -o name,size,free,lv_count,uuid --separator : --nosuffix cinder-volumes
Oct 09 21:06:40 np0005479242.novalocal systemd[1]: Started Session c131 of User root.
Oct 09 21:06:40 np0005479242.novalocal sudo[101063]: pam_unix(sudo:session): session opened for user root(uid=0) by (uid=165)
Oct 09 21:06:40 np0005479242.novalocal account-server[93272]: ::1 - - [10/Oct/2025:01:06:40 +0000] "HEAD /1/259413/.expiring_objects" 404 - "HEAD http://localhost/v1/.expiring_objects?format=json" "tx1e9e9a42a7424249a6981-0068e85c20" "Swift Object Expirer" 0.0003 "-" 93272 -
Oct 09 21:06:40 np0005479242.novalocal account-server[93272]: ::1 - - [10/Oct/2025:01:06:40 +0000] "HEAD /2/259413/.expiring_objects" 404 - "HEAD http://localhost/v1/.expiring_objects?format=json" "tx1e9e9a42a7424249a6981-0068e85c20" "Swift Object Expirer" 0.0002 "-" 93272 -
Oct 09 21:06:40 np0005479242.novalocal account-server[93272]: ::1 - - [10/Oct/2025:01:06:40 +0000] "HEAD /3/259413/.expiring_objects" 404 - "HEAD http://localhost/v1/.expiring_objects?format=json" "tx1e9e9a42a7424249a6981-0068e85c20" "Swift Object Expirer" 0.0002 "-" 93272 -
Oct 09 21:06:40 np0005479242.novalocal object-expirer-ic[86596]: - - 10/Oct/2025/01/06/40 HEAD /v1/.expiring_objects%3Fformat%3Djson HTTP/1.0 404 - Swift%20Object%20Expirer - - - - tx1e9e9a42a7424249a6981-0068e85c20 - 0.0086 - - 1760058400.985171318 1760058400.993750572 -
Oct 09 21:06:40 np0005479242.novalocal object-expirer[86596]: Pass completed in 0s; 0 objects expired
Oct 09 21:06:41 np0005479242.novalocal sudo[101063]: pam_unix(sudo:session): session closed for user root
Oct 09 21:06:41 np0005479242.novalocal systemd[1]: session-c131.scope: Deactivated successfully.
Oct 09 21:06:41 np0005479242.novalocal sudo[101071]: cinder : PWD=/ ; USER=root ; COMMAND=/usr/bin/cinder-rootwrap /etc/cinder/rootwrap.conf env LC_ALL=C lvs --noheadings --unit=g -o vg_name,name,size --nosuffix --readonly cinder-volumes
Oct 09 21:06:41 np0005479242.novalocal systemd[1]: Started Session c132 of User root.
Oct 09 21:06:41 np0005479242.novalocal sudo[101071]: pam_unix(sudo:session): session opened for user root(uid=0) by (uid=165)
Oct 09 21:06:41 np0005479242.novalocal sudo[101061]: pam_unix(sudo:session): session closed for user root
Oct 09 21:06:41 np0005479242.novalocal systemd[1]: session-c130.scope: Deactivated successfully.
Oct 09 21:06:41 np0005479242.novalocal sudo[101080]: cinder : PWD=/ ; USER=root ; COMMAND=/usr/bin/cinder-rootwrap /etc/cinder/rootwrap.conf cinder-rtstool save
Oct 09 21:06:41 np0005479242.novalocal systemd[1]: Started Session c133 of User root.
Oct 09 21:06:41 np0005479242.novalocal sudo[101080]: pam_unix(sudo:session): session opened for user root(uid=0) by (uid=165)
Oct 09 21:06:41 np0005479242.novalocal sudo[101071]: pam_unix(sudo:session): session closed for user root
Oct 09 21:06:41 np0005479242.novalocal systemd[1]: session-c132.scope: Deactivated successfully.
Oct 09 21:06:41 np0005479242.novalocal sudo[101093]: cinder : PWD=/ ; USER=root ; COMMAND=/usr/bin/cinder-rootwrap /etc/cinder/rootwrap.conf env LC_ALL=C lvs --noheadings --unit=g -o size,data_percent --separator : --nosuffix /dev/cinder-volumes/cinder-volumes-pool
Oct 09 21:06:41 np0005479242.novalocal systemd[1]: Started Session c134 of User root.
Oct 09 21:06:41 np0005479242.novalocal sudo[101093]: pam_unix(sudo:session): session opened for user root(uid=0) by (uid=165)
Oct 09 21:06:41 np0005479242.novalocal sudo[101080]: pam_unix(sudo:session): session closed for user root
Oct 09 21:06:41 np0005479242.novalocal systemd[1]: session-c133.scope: Deactivated successfully.
Oct 09 21:06:41 np0005479242.novalocal sudo[101099]: cinder : PWD=/ ; USER=root ; COMMAND=/usr/bin/cinder-rootwrap /etc/cinder/rootwrap.conf cinder-rtstool get-targets
Oct 09 21:06:41 np0005479242.novalocal systemd[1]: Started Session c135 of User root.
Oct 09 21:06:41 np0005479242.novalocal sudo[101099]: pam_unix(sudo:session): session opened for user root(uid=0) by (uid=165)
Oct 09 21:06:41 np0005479242.novalocal sudo[101093]: pam_unix(sudo:session): session closed for user root
Oct 09 21:06:41 np0005479242.novalocal systemd[1]: session-c134.scope: Deactivated successfully.
Oct 09 21:06:41 np0005479242.novalocal sudo[101103]: cinder : PWD=/ ; USER=root ; COMMAND=/usr/bin/cinder-rootwrap /etc/cinder/rootwrap.conf env LC_ALL=C lvs --noheadings --unit=g -o vg_name,name,size --nosuffix --readonly cinder-volumes
Oct 09 21:06:41 np0005479242.novalocal systemd[1]: Started Session c136 of User root.
Oct 09 21:06:41 np0005479242.novalocal sudo[101103]: pam_unix(sudo:session): session opened for user root(uid=0) by (uid=165)
Oct 09 21:06:42 np0005479242.novalocal sudo[101103]: pam_unix(sudo:session): session closed for user root
Oct 09 21:06:42 np0005479242.novalocal systemd[1]: session-c136.scope: Deactivated successfully.
Oct 09 21:06:42 np0005479242.novalocal sudo[101099]: pam_unix(sudo:session): session closed for user root
Oct 09 21:06:42 np0005479242.novalocal systemd[1]: session-c135.scope: Deactivated successfully.
Oct 09 21:06:42 np0005479242.novalocal sudo[101110]: cinder : PWD=/ ; USER=root ; COMMAND=/usr/bin/cinder-rootwrap /etc/cinder/rootwrap.conf cinder-rtstool delete iqn.2010-10.org.openstack:volume-2d195c9c-7194-4d94-ba95-c2134534f9a8
Oct 09 21:06:42 np0005479242.novalocal systemd[1]: Started Session c137 of User root.
Oct 09 21:06:42 np0005479242.novalocal sudo[101110]: pam_unix(sudo:session): session opened for user root(uid=0) by (uid=165)
Oct 09 21:06:42 np0005479242.novalocal container-server[93568]: ::1 - - [10/Oct/2025:01:06:42 +0000] "HEAD /2/49595/AUTH_7e08652c4e3e41b29e5f05d128f57ab8/gnocchi.bc4b2e61-b4f9-4d76-bc17-2b2585ec513e" 404 - "HEAD http://[::1]:8080/v1/AUTH_7e08652c4e3e41b29e5f05d128f57ab8/gnocchi.bc4b2e61-b4f9-4d76-bc17-2b2585ec513e" "txc47103802fa3404e961d3-0068e85c22" "proxy-server 86594" 0.0005 "-" 93568 0
Oct 09 21:06:42 np0005479242.novalocal container-server[93569]: ::1 - - [10/Oct/2025:01:06:42 +0000] "HEAD /2/199571/AUTH_7e08652c4e3e41b29e5f05d128f57ab8/gnocchi.f4693ecc-3b24-459d-bcd4-5ebc50dd5830" 404 - "HEAD http://[::1]:8080/v1/AUTH_7e08652c4e3e41b29e5f05d128f57ab8/gnocchi.f4693ecc-3b24-459d-bcd4-5ebc50dd5830" "tx907ff7e564534981a0be0-0068e85c22" "proxy-server 86594" 0.0004 "-" 93569 0
Oct 09 21:06:42 np0005479242.novalocal container-server[93569]: ::1 - - [10/Oct/2025:01:06:42 +0000] "HEAD /1/199571/AUTH_7e08652c4e3e41b29e5f05d128f57ab8/gnocchi.f4693ecc-3b24-459d-bcd4-5ebc50dd5830" 404 - "HEAD http://[::1]:8080/v1/AUTH_7e08652c4e3e41b29e5f05d128f57ab8/gnocchi.f4693ecc-3b24-459d-bcd4-5ebc50dd5830" "tx907ff7e564534981a0be0-0068e85c22" "proxy-server 86594" 0.0002 "-" 93569 0
Oct 09 21:06:42 np0005479242.novalocal container-server[93568]: ::1 - - [10/Oct/2025:01:06:42 +0000] "HEAD /3/49595/AUTH_7e08652c4e3e41b29e5f05d128f57ab8/gnocchi.bc4b2e61-b4f9-4d76-bc17-2b2585ec513e" 404 - "HEAD http://[::1]:8080/v1/AUTH_7e08652c4e3e41b29e5f05d128f57ab8/gnocchi.bc4b2e61-b4f9-4d76-bc17-2b2585ec513e" "txc47103802fa3404e961d3-0068e85c22" "proxy-server 86594" 0.0004 "-" 93568 0
Oct 09 21:06:42 np0005479242.novalocal container-server[93569]: ::1 - - [10/Oct/2025:01:06:42 +0000] "HEAD /3/199571/AUTH_7e08652c4e3e41b29e5f05d128f57ab8/gnocchi.f4693ecc-3b24-459d-bcd4-5ebc50dd5830" 404 - "HEAD http://[::1]:8080/v1/AUTH_7e08652c4e3e41b29e5f05d128f57ab8/gnocchi.f4693ecc-3b24-459d-bcd4-5ebc50dd5830" "tx907ff7e564534981a0be0-0068e85c22" "proxy-server 86594" 0.0002 "-" 93569 0
Oct 09 21:06:42 np0005479242.novalocal container-server[93568]: ::1 - - [10/Oct/2025:01:06:42 +0000] "HEAD /1/49595/AUTH_7e08652c4e3e41b29e5f05d128f57ab8/gnocchi.bc4b2e61-b4f9-4d76-bc17-2b2585ec513e" 404 - "HEAD http://[::1]:8080/v1/AUTH_7e08652c4e3e41b29e5f05d128f57ab8/gnocchi.bc4b2e61-b4f9-4d76-bc17-2b2585ec513e" "txc47103802fa3404e961d3-0068e85c22" "proxy-server 86594" 0.0002 "-" 93568 0
Oct 09 21:06:42 np0005479242.novalocal proxy-server[86594]: - - 10/Oct/2025/01/06/42 HEAD /v1/AUTH_7e08652c4e3e41b29e5f05d128f57ab8/gnocchi.bc4b2e61-b4f9-4d76-bc17-2b2585ec513e HTTP/1.0 404 - Swift - - - - txc47103802fa3404e961d3-0068e85c22 - 0.0143 CS - 1760058402.388599873 1760058402.402876854 0
Oct 09 21:06:42 np0005479242.novalocal proxy-server[86594]: - - 10/Oct/2025/01/06/42 HEAD /v1/AUTH_7e08652c4e3e41b29e5f05d128f57ab8/gnocchi.f4693ecc-3b24-459d-bcd4-5ebc50dd5830 HTTP/1.0 404 - Swift - - - - tx907ff7e564534981a0be0-0068e85c22 - 0.0132 CS - 1760058402.390942097 1760058402.404120922 0
Oct 09 21:06:42 np0005479242.novalocal object-server[93870]: ::1 - - [10/Oct/2025:01:06:42 +0000] "GET /3/5339/AUTH_7e08652c4e3e41b29e5f05d128f57ab8/gnocchi.bc4b2e61-b4f9-4d76-bc17-2b2585ec513e/none_v3" 404 70 "GET http://[::1]:8080/v1/AUTH_7e08652c4e3e41b29e5f05d128f57ab8/gnocchi.bc4b2e61-b4f9-4d76-bc17-2b2585ec513e/none_v3" "txc47103802fa3404e961d3-0068e85c22" "proxy-server 86594" 0.0003 "-" 93870 0
Oct 09 21:06:42 np0005479242.novalocal object-server[93870]: ::1 - - [10/Oct/2025:01:06:42 +0000] "GET /2/98934/AUTH_7e08652c4e3e41b29e5f05d128f57ab8/gnocchi.f4693ecc-3b24-459d-bcd4-5ebc50dd5830/none_v3" 404 70 "GET http://[::1]:8080/v1/AUTH_7e08652c4e3e41b29e5f05d128f57ab8/gnocchi.f4693ecc-3b24-459d-bcd4-5ebc50dd5830/none_v3" "tx907ff7e564534981a0be0-0068e85c22" "proxy-server 86594" 0.0002 "-" 93870 0
Oct 09 21:06:42 np0005479242.novalocal object-server[93870]: ::1 - - [10/Oct/2025:01:06:42 +0000] "GET /2/5339/AUTH_7e08652c4e3e41b29e5f05d128f57ab8/gnocchi.bc4b2e61-b4f9-4d76-bc17-2b2585ec513e/none_v3" 404 70 "GET http://[::1]:8080/v1/AUTH_7e08652c4e3e41b29e5f05d128f57ab8/gnocchi.bc4b2e61-b4f9-4d76-bc17-2b2585ec513e/none_v3" "txc47103802fa3404e961d3-0068e85c22" "proxy-server 86594" 0.0002 "-" 93870 0
Oct 09 21:06:42 np0005479242.novalocal object-server[93871]: ::1 - - [10/Oct/2025:01:06:42 +0000] "GET /3/98934/AUTH_7e08652c4e3e41b29e5f05d128f57ab8/gnocchi.f4693ecc-3b24-459d-bcd4-5ebc50dd5830/none_v3" 404 70 "GET http://[::1]:8080/v1/AUTH_7e08652c4e3e41b29e5f05d128f57ab8/gnocchi.f4693ecc-3b24-459d-bcd4-5ebc50dd5830/none_v3" "tx907ff7e564534981a0be0-0068e85c22" "proxy-server 86594" 0.0003 "-" 93871 0
Oct 09 21:06:42 np0005479242.novalocal object-server[93871]: ::1 - - [10/Oct/2025:01:06:42 +0000] "GET /1/5339/AUTH_7e08652c4e3e41b29e5f05d128f57ab8/gnocchi.bc4b2e61-b4f9-4d76-bc17-2b2585ec513e/none_v3" 404 70 "GET http://[::1]:8080/v1/AUTH_7e08652c4e3e41b29e5f05d128f57ab8/gnocchi.bc4b2e61-b4f9-4d76-bc17-2b2585ec513e/none_v3" "txc47103802fa3404e961d3-0068e85c22" "proxy-server 86594" 0.0002 "-" 93871 0
Oct 09 21:06:42 np0005479242.novalocal object-server[93870]: ::1 - - [10/Oct/2025:01:06:42 +0000] "GET /1/98934/AUTH_7e08652c4e3e41b29e5f05d128f57ab8/gnocchi.f4693ecc-3b24-459d-bcd4-5ebc50dd5830/none_v3" 404 70 "GET http://[::1]:8080/v1/AUTH_7e08652c4e3e41b29e5f05d128f57ab8/gnocchi.f4693ecc-3b24-459d-bcd4-5ebc50dd5830/none_v3" "tx907ff7e564534981a0be0-0068e85c22" "proxy-server 86594" 0.0003 "-" 93870 0
Oct 09 21:06:42 np0005479242.novalocal proxy-server[86594]: ::1 ::1 10/Oct/2025/01/06/42 GET /v1/AUTH_7e08652c4e3e41b29e5f05d128f57ab8/gnocchi.f4693ecc-3b24-459d-bcd4-5ebc50dd5830/none_v3 HTTP/1.0 404 - python-swiftclient-4.5.0 gAAAAABo6Fv-PTBu... - 70 - tx907ff7e564534981a0be0-0068e85c22 - 0.0393 - - 1760058402.387681961 1760058402.426995277 0
Oct 09 21:06:42 np0005479242.novalocal proxy-server[86594]: ::1 ::1 10/Oct/2025/01/06/42 GET /v1/AUTH_7e08652c4e3e41b29e5f05d128f57ab8/gnocchi.bc4b2e61-b4f9-4d76-bc17-2b2585ec513e/none_v3 HTTP/1.0 404 - python-swiftclient-4.5.0 gAAAAABo6Fv-oWcl... - 70 - txc47103802fa3404e961d3-0068e85c22 - 0.0416 - - 1760058402.386958838 1760058402.428545475 0
Oct 09 21:06:42 np0005479242.novalocal account-server[93272]: ::1 - - [10/Oct/2025:01:06:42 +0000] "PUT /3/130220/AUTH_7e08652c4e3e41b29e5f05d128f57ab8/gnocchi.f4693ecc-3b24-459d-bcd4-5ebc50dd5830" 201 - "PUT http://[::1]:6001/3/199571/AUTH_7e08652c4e3e41b29e5f05d128f57ab8/gnocchi.f4693ecc-3b24-459d-bcd4-5ebc50dd5830" "tx521136a167d84efaa1e94-0068e85c22" "container-server 93569" 0.0043 "-" 93272 0
Oct 09 21:06:42 np0005479242.novalocal account-server[93272]: ::1 - - [10/Oct/2025:01:06:42 +0000] "PUT /2/130220/AUTH_7e08652c4e3e41b29e5f05d128f57ab8/gnocchi.f4693ecc-3b24-459d-bcd4-5ebc50dd5830" 201 - "PUT http://[::1]:6001/1/199571/AUTH_7e08652c4e3e41b29e5f05d128f57ab8/gnocchi.f4693ecc-3b24-459d-bcd4-5ebc50dd5830" "tx521136a167d84efaa1e94-0068e85c22" "container-server 93568" 0.0038 "-" 93272 0
Oct 09 21:06:42 np0005479242.novalocal container-server[93568]: ::1 - - [10/Oct/2025:01:06:42 +0000] "PUT /1/199571/AUTH_7e08652c4e3e41b29e5f05d128f57ab8/gnocchi.f4693ecc-3b24-459d-bcd4-5ebc50dd5830" 201 - "PUT http://[::1]:8080/v1/AUTH_7e08652c4e3e41b29e5f05d128f57ab8/gnocchi.f4693ecc-3b24-459d-bcd4-5ebc50dd5830" "tx521136a167d84efaa1e94-0068e85c22" "proxy-server 86594" 0.0287 "-" 93568 0
Oct 09 21:06:42 np0005479242.novalocal account-server[93272]: ::1 - - [10/Oct/2025:01:06:42 +0000] "PUT /3/130220/AUTH_7e08652c4e3e41b29e5f05d128f57ab8/gnocchi.bc4b2e61-b4f9-4d76-bc17-2b2585ec513e" 201 - "PUT http://[::1]:6001/1/49595/AUTH_7e08652c4e3e41b29e5f05d128f57ab8/gnocchi.bc4b2e61-b4f9-4d76-bc17-2b2585ec513e" "tx36de1d99e907418ab7854-0068e85c22" "container-server 93569" 0.0044 "-" 93272 0
Oct 09 21:06:42 np0005479242.novalocal account-server[93271]: ::1 - - [10/Oct/2025:01:06:42 +0000] "PUT /1/130220/AUTH_7e08652c4e3e41b29e5f05d128f57ab8/gnocchi.f4693ecc-3b24-459d-bcd4-5ebc50dd5830" 201 - "PUT http://[::1]:6001/2/199571/AUTH_7e08652c4e3e41b29e5f05d128f57ab8/gnocchi.f4693ecc-3b24-459d-bcd4-5ebc50dd5830" "tx521136a167d84efaa1e94-0068e85c22" "container-server 93568" 0.0048 "-" 93271 0
Oct 09 21:06:42 np0005479242.novalocal container-server[93568]: ::1 - - [10/Oct/2025:01:06:42 +0000] "PUT /2/199571/AUTH_7e08652c4e3e41b29e5f05d128f57ab8/gnocchi.f4693ecc-3b24-459d-bcd4-5ebc50dd5830" 201 - "PUT http://[::1]:8080/v1/AUTH_7e08652c4e3e41b29e5f05d128f57ab8/gnocchi.f4693ecc-3b24-459d-bcd4-5ebc50dd5830" "tx521136a167d84efaa1e94-0068e85c22" "proxy-server 86594" 0.0248 "-" 93568 0
Oct 09 21:06:42 np0005479242.novalocal container-server[93569]: ::1 - - [10/Oct/2025:01:06:42 +0000] "PUT /3/199571/AUTH_7e08652c4e3e41b29e5f05d128f57ab8/gnocchi.f4693ecc-3b24-459d-bcd4-5ebc50dd5830" 201 - "PUT http://[::1]:8080/v1/AUTH_7e08652c4e3e41b29e5f05d128f57ab8/gnocchi.f4693ecc-3b24-459d-bcd4-5ebc50dd5830" "tx521136a167d84efaa1e94-0068e85c22" "proxy-server 86594" 0.0415 "-" 93569 0
Oct 09 21:06:42 np0005479242.novalocal container-server[93569]: ::1 - - [10/Oct/2025:01:06:42 +0000] "PUT /1/49595/AUTH_7e08652c4e3e41b29e5f05d128f57ab8/gnocchi.bc4b2e61-b4f9-4d76-bc17-2b2585ec513e" 201 - "PUT http://[::1]:8080/v1/AUTH_7e08652c4e3e41b29e5f05d128f57ab8/gnocchi.bc4b2e61-b4f9-4d76-bc17-2b2585ec513e" "tx36de1d99e907418ab7854-0068e85c22" "proxy-server 86594" 0.0305 "-" 93569 0
Oct 09 21:06:42 np0005479242.novalocal account-server[93272]: ::1 - - [10/Oct/2025:01:06:42 +0000] "PUT /1/130220/AUTH_7e08652c4e3e41b29e5f05d128f57ab8/gnocchi.bc4b2e61-b4f9-4d76-bc17-2b2585ec513e" 201 - "PUT http://[::1]:6001/3/49595/AUTH_7e08652c4e3e41b29e5f05d128f57ab8/gnocchi.bc4b2e61-b4f9-4d76-bc17-2b2585ec513e" "tx36de1d99e907418ab7854-0068e85c22" "container-server 93568" 0.0145 "-" 93272 0
Oct 09 21:06:42 np0005479242.novalocal container-server[93568]: ::1 - - [10/Oct/2025:01:06:42 +0000] "PUT /3/49595/AUTH_7e08652c4e3e41b29e5f05d128f57ab8/gnocchi.bc4b2e61-b4f9-4d76-bc17-2b2585ec513e" 201 - "PUT http://[::1]:8080/v1/AUTH_7e08652c4e3e41b29e5f05d128f57ab8/gnocchi.bc4b2e61-b4f9-4d76-bc17-2b2585ec513e" "tx36de1d99e907418ab7854-0068e85c22" "proxy-server 86594" 0.0301 "-" 93568 0
Oct 09 21:06:42 np0005479242.novalocal proxy-server[86594]: ::1 ::1 10/Oct/2025/01/06/42 PUT /v1/AUTH_7e08652c4e3e41b29e5f05d128f57ab8/gnocchi.f4693ecc-3b24-459d-bcd4-5ebc50dd5830 HTTP/1.0 201 - python-swiftclient-4.5.0 gAAAAABo6Fv-PTBu... - - - tx521136a167d84efaa1e94-0068e85c22 - 0.0588 - - 1760058402.429461956 1760058402.488213778 0
Oct 09 21:06:42 np0005479242.novalocal account-server[93272]: ::1 - - [10/Oct/2025:01:06:42 +0000] "PUT /2/130220/AUTH_7e08652c4e3e41b29e5f05d128f57ab8/gnocchi.bc4b2e61-b4f9-4d76-bc17-2b2585ec513e" 201 - "PUT http://[::1]:6001/2/49595/AUTH_7e08652c4e3e41b29e5f05d128f57ab8/gnocchi.bc4b2e61-b4f9-4d76-bc17-2b2585ec513e" "tx36de1d99e907418ab7854-0068e85c22" "container-server 93569" 0.0038 "-" 93272 0
Oct 09 21:06:42 np0005479242.novalocal container-server[93569]: ::1 - - [10/Oct/2025:01:06:42 +0000] "PUT /2/49595/AUTH_7e08652c4e3e41b29e5f05d128f57ab8/gnocchi.bc4b2e61-b4f9-4d76-bc17-2b2585ec513e" 201 - "PUT http://[::1]:8080/v1/AUTH_7e08652c4e3e41b29e5f05d128f57ab8/gnocchi.bc4b2e61-b4f9-4d76-bc17-2b2585ec513e" "tx36de1d99e907418ab7854-0068e85c22" "proxy-server 86594" 0.0263 "-" 93569 0
Oct 09 21:06:42 np0005479242.novalocal proxy-server[86594]: ::1 ::1 10/Oct/2025/01/06/42 PUT /v1/AUTH_7e08652c4e3e41b29e5f05d128f57ab8/gnocchi.bc4b2e61-b4f9-4d76-bc17-2b2585ec513e HTTP/1.0 201 - python-swiftclient-4.5.0 gAAAAABo6Fv-oWcl... - - - tx36de1d99e907418ab7854-0068e85c22 - 0.0560 - - 1760058402.439619541 1760058402.495663881 0
Oct 09 21:06:42 np0005479242.novalocal container-server[93568]: ::1 - - [10/Oct/2025:01:06:42 +0000] "HEAD /2/199571/AUTH_7e08652c4e3e41b29e5f05d128f57ab8/gnocchi.f4693ecc-3b24-459d-bcd4-5ebc50dd5830" 204 - "HEAD http://[::1]:8080/v1/AUTH_7e08652c4e3e41b29e5f05d128f57ab8/gnocchi.f4693ecc-3b24-459d-bcd4-5ebc50dd5830" "tx3ba17cfbe2eb4afeaedc0-0068e85c22" "proxy-server 86594" 0.0009 "-" 93568 0
Oct 09 21:06:42 np0005479242.novalocal proxy-server[86594]: - - 10/Oct/2025/01/06/42 HEAD /v1/AUTH_7e08652c4e3e41b29e5f05d128f57ab8/gnocchi.f4693ecc-3b24-459d-bcd4-5ebc50dd5830 HTTP/1.0 204 - Swift - - - - tx3ba17cfbe2eb4afeaedc0-0068e85c22 - 0.0038 CS - 1760058402.493904114 1760058402.497736692 0
Oct 09 21:06:42 np0005479242.novalocal container-server[93568]: ::1 - - [10/Oct/2025:01:06:42 +0000] "GET /1/199571/AUTH_7e08652c4e3e41b29e5f05d128f57ab8/gnocchi.f4693ecc-3b24-459d-bcd4-5ebc50dd5830" 200 2 "GET http://[::1]:8080/v1/AUTH_7e08652c4e3e41b29e5f05d128f57ab8/gnocchi.f4693ecc-3b24-459d-bcd4-5ebc50dd5830?format=json&states=listing" "tx3ba17cfbe2eb4afeaedc0-0068e85c22" "proxy-server 86594" 0.0014 "-" 93568 0
Oct 09 21:06:42 np0005479242.novalocal proxy-server[86594]: ::1 ::1 10/Oct/2025/01/06/42 GET /v1/AUTH_7e08652c4e3e41b29e5f05d128f57ab8/gnocchi.f4693ecc-3b24-459d-bcd4-5ebc50dd5830%3Fformat%3Djson%26states%3Dlisting HTTP/1.0 200 - python-swiftclient-4.5.0 gAAAAABo6Fv-PTBu... - 2 - tx3ba17cfbe2eb4afeaedc0-0068e85c22 - 0.0127 - - 1760058402.492247581 1760058402.504938126 0
Oct 09 21:06:42 np0005479242.novalocal container-server[93569]: ::1 - - [10/Oct/2025:01:06:42 +0000] "HEAD /2/49595/AUTH_7e08652c4e3e41b29e5f05d128f57ab8/gnocchi.bc4b2e61-b4f9-4d76-bc17-2b2585ec513e" 204 - "HEAD http://[::1]:8080/v1/AUTH_7e08652c4e3e41b29e5f05d128f57ab8/gnocchi.bc4b2e61-b4f9-4d76-bc17-2b2585ec513e" "txad8518a3bf5f4e2c98936-0068e85c22" "proxy-server 86594" 0.0024 "-" 93569 0
Oct 09 21:06:42 np0005479242.novalocal proxy-server[86594]: - - 10/Oct/2025/01/06/42 HEAD /v1/AUTH_7e08652c4e3e41b29e5f05d128f57ab8/gnocchi.bc4b2e61-b4f9-4d76-bc17-2b2585ec513e HTTP/1.0 204 - Swift - - - - txad8518a3bf5f4e2c98936-0068e85c22 - 0.0079 CS - 1760058402.502209187 1760058402.510124207 0
Oct 09 21:06:42 np0005479242.novalocal object-server[93871]: ::1 - - [10/Oct/2025:01:06:42 +0000] "GET /1/19020/AUTH_7e08652c4e3e41b29e5f05d128f57ab8/gnocchi.f4693ecc-3b24-459d-bcd4-5ebc50dd5830/1759320000.0_mean_300.0_v3" 404 70 "GET http://[::1]:8080/v1/AUTH_7e08652c4e3e41b29e5f05d128f57ab8/gnocchi.f4693ecc-3b24-459d-bcd4-5ebc50dd5830/1759320000.0_mean_300.0_v3" "txf6f62185008d4a7b93931-0068e85c22" "proxy-server 86594" 0.0003 "-" 93871 0
Oct 09 21:06:42 np0005479242.novalocal container-server[93569]: ::1 - - [10/Oct/2025:01:06:42 +0000] "GET /3/49595/AUTH_7e08652c4e3e41b29e5f05d128f57ab8/gnocchi.bc4b2e61-b4f9-4d76-bc17-2b2585ec513e" 200 2 "GET http://[::1]:8080/v1/AUTH_7e08652c4e3e41b29e5f05d128f57ab8/gnocchi.bc4b2e61-b4f9-4d76-bc17-2b2585ec513e?format=json&states=listing" "txad8518a3bf5f4e2c98936-0068e85c22" "proxy-server 86594" 0.0040 "-" 93569 0
Oct 09 21:06:42 np0005479242.novalocal object-server[93871]: ::1 - - [10/Oct/2025:01:06:42 +0000] "GET /3/19020/AUTH_7e08652c4e3e41b29e5f05d128f57ab8/gnocchi.f4693ecc-3b24-459d-bcd4-5ebc50dd5830/1759320000.0_mean_300.0_v3" 404 70 "GET http://[::1]:8080/v1/AUTH_7e08652c4e3e41b29e5f05d128f57ab8/gnocchi.f4693ecc-3b24-459d-bcd4-5ebc50dd5830/1759320000.0_mean_300.0_v3" "txf6f62185008d4a7b93931-0068e85c22" "proxy-server 86594" 0.0003 "-" 93871 0
Oct 09 21:06:42 np0005479242.novalocal proxy-server[86594]: ::1 ::1 10/Oct/2025/01/06/42 GET /v1/AUTH_7e08652c4e3e41b29e5f05d128f57ab8/gnocchi.bc4b2e61-b4f9-4d76-bc17-2b2585ec513e%3Fformat%3Djson%26states%3Dlisting HTTP/1.0 200 - python-swiftclient-4.5.0 gAAAAABo6Fv-oWcl... - 2 - txad8518a3bf5f4e2c98936-0068e85c22 - 0.0252 - - 1760058402.501548529 1760058402.526776314 0
Oct 09 21:06:42 np0005479242.novalocal object-server[93871]: ::1 - - [10/Oct/2025:01:06:42 +0000] "GET /2/19020/AUTH_7e08652c4e3e41b29e5f05d128f57ab8/gnocchi.f4693ecc-3b24-459d-bcd4-5ebc50dd5830/1759320000.0_mean_300.0_v3" 404 70 "GET http://[::1]:8080/v1/AUTH_7e08652c4e3e41b29e5f05d128f57ab8/gnocchi.f4693ecc-3b24-459d-bcd4-5ebc50dd5830/1759320000.0_mean_300.0_v3" "txf6f62185008d4a7b93931-0068e85c22" "proxy-server 86594" 0.0002 "-" 93871 0
Oct 09 21:06:42 np0005479242.novalocal proxy-server[86594]: ::1 ::1 10/Oct/2025/01/06/42 GET /v1/AUTH_7e08652c4e3e41b29e5f05d128f57ab8/gnocchi.f4693ecc-3b24-459d-bcd4-5ebc50dd5830/1759320000.0_mean_300.0_v3 HTTP/1.0 404 - python-swiftclient-4.5.0 gAAAAABo6Fv-PTBu... - 70 - txf6f62185008d4a7b93931-0068e85c22 - 0.0222 - - 1760058402.508345842 1760058402.530590296 0
Oct 09 21:06:42 np0005479242.novalocal object-server[93870]: ::1 - - [10/Oct/2025:01:06:42 +0000] "GET /2/4526/AUTH_7e08652c4e3e41b29e5f05d128f57ab8/gnocchi.bc4b2e61-b4f9-4d76-bc17-2b2585ec513e/1759320000.0_mean_300.0_v3" 404 70 "GET http://[::1]:8080/v1/AUTH_7e08652c4e3e41b29e5f05d128f57ab8/gnocchi.bc4b2e61-b4f9-4d76-bc17-2b2585ec513e/1759320000.0_mean_300.0_v3" "tx5a27bb169bf04645a6d18-0068e85c22" "proxy-server 86594" 0.0004 "-" 93870 0
Oct 09 21:06:42 np0005479242.novalocal object-server[93870]: ::1 - - [10/Oct/2025:01:06:42 +0000] "GET /1/4526/AUTH_7e08652c4e3e41b29e5f05d128f57ab8/gnocchi.bc4b2e61-b4f9-4d76-bc17-2b2585ec513e/1759320000.0_mean_300.0_v3" 404 70 "GET http://[::1]:8080/v1/AUTH_7e08652c4e3e41b29e5f05d128f57ab8/gnocchi.bc4b2e61-b4f9-4d76-bc17-2b2585ec513e/1759320000.0_mean_300.0_v3" "tx5a27bb169bf04645a6d18-0068e85c22" "proxy-server 86594" 0.0003 "-" 93870 0
Oct 09 21:06:42 np0005479242.novalocal object-server[93871]: ::1 - - [10/Oct/2025:01:06:42 +0000] "GET /3/4526/AUTH_7e08652c4e3e41b29e5f05d128f57ab8/gnocchi.bc4b2e61-b4f9-4d76-bc17-2b2585ec513e/1759320000.0_mean_300.0_v3" 404 70 "GET http://[::1]:8080/v1/AUTH_7e08652c4e3e41b29e5f05d128f57ab8/gnocchi.bc4b2e61-b4f9-4d76-bc17-2b2585ec513e/1759320000.0_mean_300.0_v3" "tx5a27bb169bf04645a6d18-0068e85c22" "proxy-server 86594" 0.0005 "-" 93871 0
Oct 09 21:06:42 np0005479242.novalocal proxy-server[86594]: ::1 ::1 10/Oct/2025/01/06/42 GET /v1/AUTH_7e08652c4e3e41b29e5f05d128f57ab8/gnocchi.bc4b2e61-b4f9-4d76-bc17-2b2585ec513e/1759320000.0_mean_300.0_v3 HTTP/1.0 404 - python-swiftclient-4.5.0 gAAAAABo6Fv-oWcl... - 70 - tx5a27bb169bf04645a6d18-0068e85c22 - 0.0217 - - 1760058402.536099434 1760058402.557825327 0
Oct 09 21:06:42 np0005479242.novalocal container-server[93568]: ::1 - - [10/Oct/2025:01:06:42 +0000] "PUT /2/199571/AUTH_7e08652c4e3e41b29e5f05d128f57ab8/gnocchi.f4693ecc-3b24-459d-bcd4-5ebc50dd5830/1759320000.0_mean_300.0_v3" 201 - "PUT http://[::1]:8080/3/19020/AUTH_7e08652c4e3e41b29e5f05d128f57ab8/gnocchi.f4693ecc-3b24-459d-bcd4-5ebc50dd5830/1759320000.0_mean_300.0_v3" "txc954614c3089457c869b3-0068e85c22" "object-server 93871" 0.0008 "-" 93568 0
Oct 09 21:06:42 np0005479242.novalocal object-server[93871]: ::1 - - [10/Oct/2025:01:06:42 +0000] "PUT /3/19020/AUTH_7e08652c4e3e41b29e5f05d128f57ab8/gnocchi.f4693ecc-3b24-459d-bcd4-5ebc50dd5830/1759320000.0_mean_300.0_v3" 201 - "PUT http://[::1]:8080/v1/AUTH_7e08652c4e3e41b29e5f05d128f57ab8/gnocchi.f4693ecc-3b24-459d-bcd4-5ebc50dd5830/1759320000.0_mean_300.0_v3" "txc954614c3089457c869b3-0068e85c22" "proxy-server 86594" 0.0138 "-" 93871 0
Oct 09 21:06:42 np0005479242.novalocal container-server[93568]: ::1 - - [10/Oct/2025:01:06:42 +0000] "PUT /3/199571/AUTH_7e08652c4e3e41b29e5f05d128f57ab8/gnocchi.f4693ecc-3b24-459d-bcd4-5ebc50dd5830/1759320000.0_mean_300.0_v3" 201 - "PUT http://[::1]:8080/2/19020/AUTH_7e08652c4e3e41b29e5f05d128f57ab8/gnocchi.f4693ecc-3b24-459d-bcd4-5ebc50dd5830/1759320000.0_mean_300.0_v3" "txc954614c3089457c869b3-0068e85c22" "object-server 93871" 0.0007 "-" 93568 0
Oct 09 21:06:42 np0005479242.novalocal object-server[93871]: ::1 - - [10/Oct/2025:01:06:42 +0000] "PUT /2/19020/AUTH_7e08652c4e3e41b29e5f05d128f57ab8/gnocchi.f4693ecc-3b24-459d-bcd4-5ebc50dd5830/1759320000.0_mean_300.0_v3" 201 - "PUT http://[::1]:8080/v1/AUTH_7e08652c4e3e41b29e5f05d128f57ab8/gnocchi.f4693ecc-3b24-459d-bcd4-5ebc50dd5830/1759320000.0_mean_300.0_v3" "txc954614c3089457c869b3-0068e85c22" "proxy-server 86594" 0.0136 "-" 93871 0
Oct 09 21:06:42 np0005479242.novalocal container-server[93568]: ::1 - - [10/Oct/2025:01:06:42 +0000] "PUT /1/199571/AUTH_7e08652c4e3e41b29e5f05d128f57ab8/gnocchi.f4693ecc-3b24-459d-bcd4-5ebc50dd5830/1759320000.0_mean_300.0_v3" 201 - "PUT http://[::1]:8080/1/19020/AUTH_7e08652c4e3e41b29e5f05d128f57ab8/gnocchi.f4693ecc-3b24-459d-bcd4-5ebc50dd5830/1759320000.0_mean_300.0_v3" "txc954614c3089457c869b3-0068e85c22" "object-server 93871" 0.0005 "-" 93568 0
Oct 09 21:06:42 np0005479242.novalocal object-server[93871]: ::1 - - [10/Oct/2025:01:06:42 +0000] "PUT /1/19020/AUTH_7e08652c4e3e41b29e5f05d128f57ab8/gnocchi.f4693ecc-3b24-459d-bcd4-5ebc50dd5830/1759320000.0_mean_300.0_v3" 201 - "PUT http://[::1]:8080/v1/AUTH_7e08652c4e3e41b29e5f05d128f57ab8/gnocchi.f4693ecc-3b24-459d-bcd4-5ebc50dd5830/1759320000.0_mean_300.0_v3" "txc954614c3089457c869b3-0068e85c22" "proxy-server 86594" 0.0214 "-" 93871 0
Oct 09 21:06:42 np0005479242.novalocal proxy-server[86594]: ::1 ::1 10/Oct/2025/01/06/42 PUT /v1/AUTH_7e08652c4e3e41b29e5f05d128f57ab8/gnocchi.f4693ecc-3b24-459d-bcd4-5ebc50dd5830/1759320000.0_mean_300.0_v3 HTTP/1.0 201 - python-swiftclient-4.5.0 gAAAAABo6Fv-PTBu... 16 - - txc954614c3089457c869b3-0068e85c22 - 0.0327 - - 1760058402.535150528 1760058402.567870617 0
Oct 09 21:06:42 np0005479242.novalocal container-server[93568]: ::1 - - [10/Oct/2025:01:06:42 +0000] "PUT /2/49595/AUTH_7e08652c4e3e41b29e5f05d128f57ab8/gnocchi.bc4b2e61-b4f9-4d76-bc17-2b2585ec513e/1759320000.0_mean_300.0_v3" 201 - "PUT http://[::1]:8080/1/4526/AUTH_7e08652c4e3e41b29e5f05d128f57ab8/gnocchi.bc4b2e61-b4f9-4d76-bc17-2b2585ec513e/1759320000.0_mean_300.0_v3" "tx336bd68c266643e1a012e-0068e85c22" "object-server 93870" 0.0008 "-" 93568 0
Oct 09 21:06:42 np0005479242.novalocal container-server[93569]: ::1 - - [10/Oct/2025:01:06:42 +0000] "PUT /1/199571/AUTH_7e08652c4e3e41b29e5f05d128f57ab8/gnocchi.f4693ecc-3b24-459d-bcd4-5ebc50dd5830/none_v3" 201 - "PUT http://[::1]:8080/2/98934/AUTH_7e08652c4e3e41b29e5f05d128f57ab8/gnocchi.f4693ecc-3b24-459d-bcd4-5ebc50dd5830/none_v3" "txa76fe0272b544e7087a71-0068e85c22" "object-server 93870" 0.0010 "-" 93569 0
Oct 09 21:06:42 np0005479242.novalocal object-server[93870]: ::1 - - [10/Oct/2025:01:06:42 +0000] "PUT /1/4526/AUTH_7e08652c4e3e41b29e5f05d128f57ab8/gnocchi.bc4b2e61-b4f9-4d76-bc17-2b2585ec513e/1759320000.0_mean_300.0_v3" 201 - "PUT http://[::1]:8080/v1/AUTH_7e08652c4e3e41b29e5f05d128f57ab8/gnocchi.bc4b2e61-b4f9-4d76-bc17-2b2585ec513e/1759320000.0_mean_300.0_v3" "tx336bd68c266643e1a012e-0068e85c22" "proxy-server 86594" 0.0301 "-" 93870 0
Oct 09 21:06:42 np0005479242.novalocal object-server[93870]: ::1 - - [10/Oct/2025:01:06:42 +0000] "PUT /2/98934/AUTH_7e08652c4e3e41b29e5f05d128f57ab8/gnocchi.f4693ecc-3b24-459d-bcd4-5ebc50dd5830/none_v3" 201 - "PUT http://[::1]:8080/v1/AUTH_7e08652c4e3e41b29e5f05d128f57ab8/gnocchi.f4693ecc-3b24-459d-bcd4-5ebc50dd5830/none_v3" "txa76fe0272b544e7087a71-0068e85c22" "proxy-server 86594" 0.0233 "-" 93870 0
Oct 09 21:06:42 np0005479242.novalocal container-server[93568]: ::1 - - [10/Oct/2025:01:06:42 +0000] "PUT /1/49595/AUTH_7e08652c4e3e41b29e5f05d128f57ab8/gnocchi.bc4b2e61-b4f9-4d76-bc17-2b2585ec513e/1759320000.0_mean_300.0_v3" 201 - "PUT http://[::1]:8080/2/4526/AUTH_7e08652c4e3e41b29e5f05d128f57ab8/gnocchi.bc4b2e61-b4f9-4d76-bc17-2b2585ec513e/1759320000.0_mean_300.0_v3" "tx336bd68c266643e1a012e-0068e85c22" "object-server 93871" 0.0006 "-" 93568 0
Oct 09 21:06:42 np0005479242.novalocal object-server[93871]: ::1 - - [10/Oct/2025:01:06:42 +0000] "PUT /2/4526/AUTH_7e08652c4e3e41b29e5f05d128f57ab8/gnocchi.bc4b2e61-b4f9-4d76-bc17-2b2585ec513e/1759320000.0_mean_300.0_v3" 201 - "PUT http://[::1]:8080/v1/AUTH_7e08652c4e3e41b29e5f05d128f57ab8/gnocchi.bc4b2e61-b4f9-4d76-bc17-2b2585ec513e/1759320000.0_mean_300.0_v3" "tx336bd68c266643e1a012e-0068e85c22" "proxy-server 86594" 0.0226 "-" 93871 0
Oct 09 21:06:42 np0005479242.novalocal container-server[93568]: ::1 - - [10/Oct/2025:01:06:42 +0000] "PUT /3/199571/AUTH_7e08652c4e3e41b29e5f05d128f57ab8/gnocchi.f4693ecc-3b24-459d-bcd4-5ebc50dd5830/none_v3" 201 - "PUT http://[::1]:8080/3/98934/AUTH_7e08652c4e3e41b29e5f05d128f57ab8/gnocchi.f4693ecc-3b24-459d-bcd4-5ebc50dd5830/none_v3" "txa76fe0272b544e7087a71-0068e85c22" "object-server 93871" 0.0005 "-" 93568 0
Oct 09 21:06:42 np0005479242.novalocal object-server[93871]: ::1 - - [10/Oct/2025:01:06:42 +0000] "PUT /3/98934/AUTH_7e08652c4e3e41b29e5f05d128f57ab8/gnocchi.f4693ecc-3b24-459d-bcd4-5ebc50dd5830/none_v3" 201 - "PUT http://[::1]:8080/v1/AUTH_7e08652c4e3e41b29e5f05d128f57ab8/gnocchi.f4693ecc-3b24-459d-bcd4-5ebc50dd5830/none_v3" "txa76fe0272b544e7087a71-0068e85c22" "proxy-server 86594" 0.0196 "-" 93871 0
Oct 09 21:06:42 np0005479242.novalocal container-server[93568]: ::1 - - [10/Oct/2025:01:06:42 +0000] "PUT /2/199571/AUTH_7e08652c4e3e41b29e5f05d128f57ab8/gnocchi.f4693ecc-3b24-459d-bcd4-5ebc50dd5830/none_v3" 201 - "PUT http://[::1]:8080/1/98934/AUTH_7e08652c4e3e41b29e5f05d128f57ab8/gnocchi.f4693ecc-3b24-459d-bcd4-5ebc50dd5830/none_v3" "txa76fe0272b544e7087a71-0068e85c22" "object-server 93871" 0.0005 "-" 93568 0
Oct 09 21:06:42 np0005479242.novalocal object-server[93871]: ::1 - - [10/Oct/2025:01:06:42 +0000] "PUT /1/98934/AUTH_7e08652c4e3e41b29e5f05d128f57ab8/gnocchi.f4693ecc-3b24-459d-bcd4-5ebc50dd5830/none_v3" 201 - "PUT http://[::1]:8080/v1/AUTH_7e08652c4e3e41b29e5f05d128f57ab8/gnocchi.f4693ecc-3b24-459d-bcd4-5ebc50dd5830/none_v3" "txa76fe0272b544e7087a71-0068e85c22" "proxy-server 86594" 0.0223 "-" 93871 0
Oct 09 21:06:42 np0005479242.novalocal proxy-server[86594]: ::1 ::1 10/Oct/2025/01/06/42 PUT /v1/AUTH_7e08652c4e3e41b29e5f05d128f57ab8/gnocchi.f4693ecc-3b24-459d-bcd4-5ebc50dd5830/none_v3 HTTP/1.0 201 - python-swiftclient-4.5.0 gAAAAABo6Fv-PTBu... 22 - - txa76fe0272b544e7087a71-0068e85c22 - 0.0357 - - 1760058402.570557356 1760058402.606226921 0
Oct 09 21:06:42 np0005479242.novalocal container-server[93568]: ::1 - - [10/Oct/2025:01:06:42 +0000] "PUT /3/49595/AUTH_7e08652c4e3e41b29e5f05d128f57ab8/gnocchi.bc4b2e61-b4f9-4d76-bc17-2b2585ec513e/1759320000.0_mean_300.0_v3" 201 - "PUT http://[::1]:8080/3/4526/AUTH_7e08652c4e3e41b29e5f05d128f57ab8/gnocchi.bc4b2e61-b4f9-4d76-bc17-2b2585ec513e/1759320000.0_mean_300.0_v3" "tx336bd68c266643e1a012e-0068e85c22" "object-server 93871" 0.0005 "-" 93568 0
Oct 09 21:06:42 np0005479242.novalocal object-server[93871]: ::1 - - [10/Oct/2025:01:06:42 +0000] "PUT /3/4526/AUTH_7e08652c4e3e41b29e5f05d128f57ab8/gnocchi.bc4b2e61-b4f9-4d76-bc17-2b2585ec513e/1759320000.0_mean_300.0_v3" 201 - "PUT http://[::1]:8080/v1/AUTH_7e08652c4e3e41b29e5f05d128f57ab8/gnocchi.bc4b2e61-b4f9-4d76-bc17-2b2585ec513e/1759320000.0_mean_300.0_v3" "tx336bd68c266643e1a012e-0068e85c22" "proxy-server 86594" 0.0254 "-" 93871 0
Oct 09 21:06:42 np0005479242.novalocal proxy-server[86594]: ::1 ::1 10/Oct/2025/01/06/42 PUT /v1/AUTH_7e08652c4e3e41b29e5f05d128f57ab8/gnocchi.bc4b2e61-b4f9-4d76-bc17-2b2585ec513e/1759320000.0_mean_300.0_v3 HTTP/1.0 201 - python-swiftclient-4.5.0 gAAAAABo6Fv-oWcl... 16 - - tx336bd68c266643e1a012e-0068e85c22 - 0.0485 - - 1760058402.560907602 1760058402.609443665 0
Oct 09 21:06:42 np0005479242.novalocal container-server[93569]: ::1 - - [10/Oct/2025:01:06:42 +0000] "PUT /1/49595/AUTH_7e08652c4e3e41b29e5f05d128f57ab8/gnocchi.bc4b2e61-b4f9-4d76-bc17-2b2585ec513e/none_v3" 201 - "PUT http://[::1]:8080/1/5339/AUTH_7e08652c4e3e41b29e5f05d128f57ab8/gnocchi.bc4b2e61-b4f9-4d76-bc17-2b2585ec513e/none_v3" "tx31c45b976b6b4f18bd9f9-0068e85c22" "object-server 93871" 0.0007 "-" 93569 0
Oct 09 21:06:42 np0005479242.novalocal object-server[93871]: ::1 - - [10/Oct/2025:01:06:42 +0000] "PUT /1/5339/AUTH_7e08652c4e3e41b29e5f05d128f57ab8/gnocchi.bc4b2e61-b4f9-4d76-bc17-2b2585ec513e/none_v3" 201 - "PUT http://[::1]:8080/v1/AUTH_7e08652c4e3e41b29e5f05d128f57ab8/gnocchi.bc4b2e61-b4f9-4d76-bc17-2b2585ec513e/none_v3" "tx31c45b976b6b4f18bd9f9-0068e85c22" "proxy-server 86594" 0.0108 "-" 93871 0
Oct 09 21:06:42 np0005479242.novalocal container-server[93569]: ::1 - - [10/Oct/2025:01:06:42 +0000] "PUT /3/49595/AUTH_7e08652c4e3e41b29e5f05d128f57ab8/gnocchi.bc4b2e61-b4f9-4d76-bc17-2b2585ec513e/none_v3" 201 - "PUT http://[::1]:8080/3/5339/AUTH_7e08652c4e3e41b29e5f05d128f57ab8/gnocchi.bc4b2e61-b4f9-4d76-bc17-2b2585ec513e/none_v3" "tx31c45b976b6b4f18bd9f9-0068e85c22" "object-server 93870" 0.0006 "-" 93569 0
Oct 09 21:06:42 np0005479242.novalocal object-server[93870]: ::1 - - [10/Oct/2025:01:06:42 +0000] "PUT /3/5339/AUTH_7e08652c4e3e41b29e5f05d128f57ab8/gnocchi.bc4b2e61-b4f9-4d76-bc17-2b2585ec513e/none_v3" 201 - "PUT http://[::1]:8080/v1/AUTH_7e08652c4e3e41b29e5f05d128f57ab8/gnocchi.bc4b2e61-b4f9-4d76-bc17-2b2585ec513e/none_v3" "tx31c45b976b6b4f18bd9f9-0068e85c22" "proxy-server 86594" 0.0189 "-" 93870 0
Oct 09 21:06:42 np0005479242.novalocal container-server[93569]: ::1 - - [10/Oct/2025:01:06:42 +0000] "PUT /2/49595/AUTH_7e08652c4e3e41b29e5f05d128f57ab8/gnocchi.bc4b2e61-b4f9-4d76-bc17-2b2585ec513e/none_v3" 201 - "PUT http://[::1]:8080/2/5339/AUTH_7e08652c4e3e41b29e5f05d128f57ab8/gnocchi.bc4b2e61-b4f9-4d76-bc17-2b2585ec513e/none_v3" "tx31c45b976b6b4f18bd9f9-0068e85c22" "object-server 93870" 0.0007 "-" 93569 0
Oct 09 21:06:42 np0005479242.novalocal object-server[93870]: ::1 - - [10/Oct/2025:01:06:42 +0000] "PUT /2/5339/AUTH_7e08652c4e3e41b29e5f05d128f57ab8/gnocchi.bc4b2e61-b4f9-4d76-bc17-2b2585ec513e/none_v3" 201 - "PUT http://[::1]:8080/v1/AUTH_7e08652c4e3e41b29e5f05d128f57ab8/gnocchi.bc4b2e61-b4f9-4d76-bc17-2b2585ec513e/none_v3" "tx31c45b976b6b4f18bd9f9-0068e85c22" "proxy-server 86594" 0.0224 "-" 93870 0
Oct 09 21:06:42 np0005479242.novalocal proxy-server[86594]: ::1 ::1 10/Oct/2025/01/06/42 PUT /v1/AUTH_7e08652c4e3e41b29e5f05d128f57ab8/gnocchi.bc4b2e61-b4f9-4d76-bc17-2b2585ec513e/none_v3 HTTP/1.0 201 - python-swiftclient-4.5.0 gAAAAABo6Fv-oWcl... 22 - - tx31c45b976b6b4f18bd9f9-0068e85c22 - 0.0307 - - 1760058402.614267349 1760058402.644950867 0
Oct 09 21:06:42 np0005479242.novalocal container-server[93568]: ::1 - - [10/Oct/2025:01:06:42 +0000] "HEAD /3/146203/AUTH_7e08652c4e3e41b29e5f05d128f57ab8/gnocchi.4ca840ce-8d45-46a6-aa53-39e89be29f04" 404 - "HEAD http://[::1]:8080/v1/AUTH_7e08652c4e3e41b29e5f05d128f57ab8/gnocchi.4ca840ce-8d45-46a6-aa53-39e89be29f04" "txbe591211e261427898791-0068e85c22" "proxy-server 86594" 0.0002 "-" 93568 0
Oct 09 21:06:42 np0005479242.novalocal container-server[93569]: ::1 - - [10/Oct/2025:01:06:42 +0000] "HEAD /1/146203/AUTH_7e08652c4e3e41b29e5f05d128f57ab8/gnocchi.4ca840ce-8d45-46a6-aa53-39e89be29f04" 404 - "HEAD http://[::1]:8080/v1/AUTH_7e08652c4e3e41b29e5f05d128f57ab8/gnocchi.4ca840ce-8d45-46a6-aa53-39e89be29f04" "txbe591211e261427898791-0068e85c22" "proxy-server 86594" 0.0004 "-" 93569 0
