Oct 09 21:06:44 np0005479242.novalocal container-server[93568]: ::1 - - [10/Oct/2025:01:06:44 +0000] "GET /2/197705/AUTH_7e08652c4e3e41b29e5f05d128f57ab8/gnocchi.fbe961a7-b943-4b81-9a30-8d869f8bae5b" 200 357 "GET http://[::1]:8080/v1/AUTH_7e08652c4e3e41b29e5f05d128f57ab8/gnocchi.fbe961a7-b943-4b81-9a30-8d869f8bae5b?format=json&states=listing" "tx1b107a943cf0407080157-0068e85c24" "proxy-server 86594" 0.0021 "-" 93568 0
Oct 09 21:06:44 np0005479242.novalocal proxy-server[86594]: ::1 ::1 10/Oct/2025/01/06/44 GET /v1/AUTH_7e08652c4e3e41b29e5f05d128f57ab8/gnocchi.fbe961a7-b943-4b81-9a30-8d869f8bae5b%3Fformat%3Djson%26states%3Dlisting HTTP/1.0 200 - python-swiftclient-4.5.0 gAAAAABo6Fv-oWcl... - 357 - tx1b107a943cf0407080157-0068e85c24 - 0.0071 - - 1760058404.001165628 1760058404.008230686 0
Oct 09 21:06:44 np0005479242.novalocal object-server[93870]: ::1 - - [10/Oct/2025:01:06:44 +0000] "GET /3/84765/AUTH_7e08652c4e3e41b29e5f05d128f57ab8/gnocchi.7c8429a8-3a70-4035-98d3-ce3532b20fd7/1759320000.0_mean_300.0_v3" 200 16 "GET http://[::1]:8080/v1/AUTH_7e08652c4e3e41b29e5f05d128f57ab8/gnocchi.7c8429a8-3a70-4035-98d3-ce3532b20fd7/1759320000.0_mean_300.0_v3" "tx568c2727f71d4e81a215e-0068e85c24" "proxy-server 86594" 0.0012 "-" 93870 0
Oct 09 21:06:44 np0005479242.novalocal container-server[93568]: ::1 - - [10/Oct/2025:01:06:44 +0000] "GET /1/197705/AUTH_7e08652c4e3e41b29e5f05d128f57ab8/gnocchi.fbe961a7-b943-4b81-9a30-8d869f8bae5b" 200 2 "GET http://[::1]:8080/v1/AUTH_7e08652c4e3e41b29e5f05d128f57ab8/gnocchi.fbe961a7-b943-4b81-9a30-8d869f8bae5b?format=json&marker=none_v3&states=listing" "txa72a9bb0c353411bbde4c-0068e85c24" "proxy-server 86594" 0.0024 "-" 93568 0
Oct 09 21:06:44 np0005479242.novalocal proxy-server[86594]: ::1 ::1 10/Oct/2025/01/06/44 GET /v1/AUTH_7e08652c4e3e41b29e5f05d128f57ab8/gnocchi.fbe961a7-b943-4b81-9a30-8d869f8bae5b%3Fformat%3Djson%26marker%3Dnone_v3%26states%3Dlisting HTTP/1.0 200 - python-swiftclient-4.5.0 gAAAAABo6Fv-oWcl... - 2 - txa72a9bb0c353411bbde4c-0068e85c24 - 0.0091 - - 1760058404.010341883 1760058404.019452333 0
Oct 09 21:06:44 np0005479242.novalocal proxy-server[86594]: ::1 ::1 10/Oct/2025/01/06/44 GET /v1/AUTH_7e08652c4e3e41b29e5f05d128f57ab8/gnocchi.7c8429a8-3a70-4035-98d3-ce3532b20fd7/1759320000.0_mean_300.0_v3 HTTP/1.0 200 - python-swiftclient-4.5.0 gAAAAABo6Fv-PTBu... - 16 - tx568c2727f71d4e81a215e-0068e85c24 - 0.0161 - - 1760058404.004639387 1760058404.020701408 0
Oct 09 21:06:44 np0005479242.novalocal object-server[93870]: ::1 - - [10/Oct/2025:01:06:44 +0000] "GET /2/224911/AUTH_7e08652c4e3e41b29e5f05d128f57ab8/gnocchi.fbe961a7-b943-4b81-9a30-8d869f8bae5b/1759320000.0_mean_300.0_v3" 200 16 "GET http://[::1]:8080/v1/AUTH_7e08652c4e3e41b29e5f05d128f57ab8/gnocchi.fbe961a7-b943-4b81-9a30-8d869f8bae5b/1759320000.0_mean_300.0_v3" "txe26c65d24302417181cde-0068e85c24" "proxy-server 86594" 0.0009 "-" 93870 0
Oct 09 21:06:44 np0005479242.novalocal proxy-server[86594]: ::1 ::1 10/Oct/2025/01/06/44 GET /v1/AUTH_7e08652c4e3e41b29e5f05d128f57ab8/gnocchi.fbe961a7-b943-4b81-9a30-8d869f8bae5b/1759320000.0_mean_300.0_v3 HTTP/1.0 200 - python-swiftclient-4.5.0 gAAAAABo6Fv-oWcl... - 16 - txe26c65d24302417181cde-0068e85c24 - 0.0105 - - 1760058404.022756338 1760058404.033264399 0
Oct 09 21:06:44 np0005479242.novalocal container-server[93569]: ::1 - - [10/Oct/2025:01:06:44 +0000] "PUT /2/6496/AUTH_7e08652c4e3e41b29e5f05d128f57ab8/gnocchi.7c8429a8-3a70-4035-98d3-ce3532b20fd7/1759320000.0_mean_300.0_v3" 201 - "PUT http://[::1]:8080/2/84765/AUTH_7e08652c4e3e41b29e5f05d128f57ab8/gnocchi.7c8429a8-3a70-4035-98d3-ce3532b20fd7/1759320000.0_mean_300.0_v3" "tx1137a6902581457ba7bcd-0068e85c24" "object-server 93870" 0.0010 "-" 93569 0
Oct 09 21:06:44 np0005479242.novalocal object-server[93870]: ::1 - - [10/Oct/2025:01:06:44 +0000] "PUT /2/84765/AUTH_7e08652c4e3e41b29e5f05d128f57ab8/gnocchi.7c8429a8-3a70-4035-98d3-ce3532b20fd7/1759320000.0_mean_300.0_v3" 201 - "PUT http://[::1]:8080/v1/AUTH_7e08652c4e3e41b29e5f05d128f57ab8/gnocchi.7c8429a8-3a70-4035-98d3-ce3532b20fd7/1759320000.0_mean_300.0_v3" "tx1137a6902581457ba7bcd-0068e85c24" "proxy-server 86594" 0.0135 "-" 93870 0
Oct 09 21:06:44 np0005479242.novalocal container-server[93569]: ::1 - - [10/Oct/2025:01:06:44 +0000] "PUT /3/6496/AUTH_7e08652c4e3e41b29e5f05d128f57ab8/gnocchi.7c8429a8-3a70-4035-98d3-ce3532b20fd7/1759320000.0_mean_300.0_v3" 201 - "PUT http://[::1]:8080/1/84765/AUTH_7e08652c4e3e41b29e5f05d128f57ab8/gnocchi.7c8429a8-3a70-4035-98d3-ce3532b20fd7/1759320000.0_mean_300.0_v3" "tx1137a6902581457ba7bcd-0068e85c24" "object-server 93871" 0.0008 "-" 93569 0
Oct 09 21:06:44 np0005479242.novalocal object-server[93871]: ::1 - - [10/Oct/2025:01:06:44 +0000] "PUT /1/84765/AUTH_7e08652c4e3e41b29e5f05d128f57ab8/gnocchi.7c8429a8-3a70-4035-98d3-ce3532b20fd7/1759320000.0_mean_300.0_v3" 201 - "PUT http://[::1]:8080/v1/AUTH_7e08652c4e3e41b29e5f05d128f57ab8/gnocchi.7c8429a8-3a70-4035-98d3-ce3532b20fd7/1759320000.0_mean_300.0_v3" "tx1137a6902581457ba7bcd-0068e85c24" "proxy-server 86594" 0.0187 "-" 93871 0
Oct 09 21:06:44 np0005479242.novalocal container-server[93569]: ::1 - - [10/Oct/2025:01:06:44 +0000] "PUT /1/197705/AUTH_7e08652c4e3e41b29e5f05d128f57ab8/gnocchi.fbe961a7-b943-4b81-9a30-8d869f8bae5b/1759320000.0_mean_300.0_v3" 201 - "PUT http://[::1]:8080/3/224911/AUTH_7e08652c4e3e41b29e5f05d128f57ab8/gnocchi.fbe961a7-b943-4b81-9a30-8d869f8bae5b/1759320000.0_mean_300.0_v3" "tx59b250e31322431d94865-0068e85c24" "object-server 93870" 0.0009 "-" 93569 0
Oct 09 21:06:44 np0005479242.novalocal object-server[93870]: ::1 - - [10/Oct/2025:01:06:44 +0000] "PUT /3/224911/AUTH_7e08652c4e3e41b29e5f05d128f57ab8/gnocchi.fbe961a7-b943-4b81-9a30-8d869f8bae5b/1759320000.0_mean_300.0_v3" 201 - "PUT http://[::1]:8080/v1/AUTH_7e08652c4e3e41b29e5f05d128f57ab8/gnocchi.fbe961a7-b943-4b81-9a30-8d869f8bae5b/1759320000.0_mean_300.0_v3" "tx59b250e31322431d94865-0068e85c24" "proxy-server 86594" 0.0164 "-" 93870 0
Oct 09 21:06:44 np0005479242.novalocal container-server[93568]: ::1 - - [10/Oct/2025:01:06:44 +0000] "PUT /2/197705/AUTH_7e08652c4e3e41b29e5f05d128f57ab8/gnocchi.fbe961a7-b943-4b81-9a30-8d869f8bae5b/1759320000.0_mean_300.0_v3" 201 - "PUT http://[::1]:8080/1/224911/AUTH_7e08652c4e3e41b29e5f05d128f57ab8/gnocchi.fbe961a7-b943-4b81-9a30-8d869f8bae5b/1759320000.0_mean_300.0_v3" "tx59b250e31322431d94865-0068e85c24" "object-server 93871" 0.0005 "-" 93568 0
Oct 09 21:06:44 np0005479242.novalocal container-server[93568]: ::1 - - [10/Oct/2025:01:06:44 +0000] "PUT /3/197705/AUTH_7e08652c4e3e41b29e5f05d128f57ab8/gnocchi.fbe961a7-b943-4b81-9a30-8d869f8bae5b/1759320000.0_mean_300.0_v3" 201 - "PUT http://[::1]:8080/2/224911/AUTH_7e08652c4e3e41b29e5f05d128f57ab8/gnocchi.fbe961a7-b943-4b81-9a30-8d869f8bae5b/1759320000.0_mean_300.0_v3" "tx59b250e31322431d94865-0068e85c24" "object-server 93871" 0.0003 "-" 93568 0
Oct 09 21:06:44 np0005479242.novalocal object-server[93871]: ::1 - - [10/Oct/2025:01:06:44 +0000] "PUT /1/224911/AUTH_7e08652c4e3e41b29e5f05d128f57ab8/gnocchi.fbe961a7-b943-4b81-9a30-8d869f8bae5b/1759320000.0_mean_300.0_v3" 201 - "PUT http://[::1]:8080/v1/AUTH_7e08652c4e3e41b29e5f05d128f57ab8/gnocchi.fbe961a7-b943-4b81-9a30-8d869f8bae5b/1759320000.0_mean_300.0_v3" "tx59b250e31322431d94865-0068e85c24" "proxy-server 86594" 0.0168 "-" 93871 0
Oct 09 21:06:44 np0005479242.novalocal object-server[93871]: ::1 - - [10/Oct/2025:01:06:44 +0000] "PUT /2/224911/AUTH_7e08652c4e3e41b29e5f05d128f57ab8/gnocchi.fbe961a7-b943-4b81-9a30-8d869f8bae5b/1759320000.0_mean_300.0_v3" 201 - "PUT http://[::1]:8080/v1/AUTH_7e08652c4e3e41b29e5f05d128f57ab8/gnocchi.fbe961a7-b943-4b81-9a30-8d869f8bae5b/1759320000.0_mean_300.0_v3" "tx59b250e31322431d94865-0068e85c24" "proxy-server 86594" 0.0156 "-" 93871 0
Oct 09 21:06:44 np0005479242.novalocal proxy-server[86594]: ::1 ::1 10/Oct/2025/01/06/44 PUT /v1/AUTH_7e08652c4e3e41b29e5f05d128f57ab8/gnocchi.fbe961a7-b943-4b81-9a30-8d869f8bae5b/1759320000.0_mean_300.0_v3 HTTP/1.0 201 - python-swiftclient-4.5.0 gAAAAABo6Fv-oWcl... 16 - - tx59b250e31322431d94865-0068e85c24 - 0.0271 - - 1760058404.039942980 1760058404.067034006 0
Oct 09 21:06:44 np0005479242.novalocal container-server[93569]: ::1 - - [10/Oct/2025:01:06:44 +0000] "PUT /1/6496/AUTH_7e08652c4e3e41b29e5f05d128f57ab8/gnocchi.7c8429a8-3a70-4035-98d3-ce3532b20fd7/1759320000.0_mean_300.0_v3" 201 - "PUT http://[::1]:8080/3/84765/AUTH_7e08652c4e3e41b29e5f05d128f57ab8/gnocchi.7c8429a8-3a70-4035-98d3-ce3532b20fd7/1759320000.0_mean_300.0_v3" "tx1137a6902581457ba7bcd-0068e85c24" "object-server 93871" 0.0009 "-" 93569 0
Oct 09 21:06:44 np0005479242.novalocal object-server[93871]: ::1 - - [10/Oct/2025:01:06:44 +0000] "PUT /3/84765/AUTH_7e08652c4e3e41b29e5f05d128f57ab8/gnocchi.7c8429a8-3a70-4035-98d3-ce3532b20fd7/1759320000.0_mean_300.0_v3" 201 - "PUT http://[::1]:8080/v1/AUTH_7e08652c4e3e41b29e5f05d128f57ab8/gnocchi.7c8429a8-3a70-4035-98d3-ce3532b20fd7/1759320000.0_mean_300.0_v3" "tx1137a6902581457ba7bcd-0068e85c24" "proxy-server 86594" 0.0370 "-" 93871 0
Oct 09 21:06:44 np0005479242.novalocal proxy-server[86594]: ::1 ::1 10/Oct/2025/01/06/44 PUT /v1/AUTH_7e08652c4e3e41b29e5f05d128f57ab8/gnocchi.7c8429a8-3a70-4035-98d3-ce3532b20fd7/1759320000.0_mean_300.0_v3 HTTP/1.0 201 - python-swiftclient-4.5.0 gAAAAABo6Fv-PTBu... 16 - - tx1137a6902581457ba7bcd-0068e85c24 - 0.0481 - - 1760058404.025665045 1760058404.073751926 0
Oct 09 21:06:44 np0005479242.novalocal container-server[93568]: ::1 - - [10/Oct/2025:01:06:44 +0000] "PUT /1/197705/AUTH_7e08652c4e3e41b29e5f05d128f57ab8/gnocchi.fbe961a7-b943-4b81-9a30-8d869f8bae5b/none_v3" 201 - "PUT http://[::1]:8080/2/200944/AUTH_7e08652c4e3e41b29e5f05d128f57ab8/gnocchi.fbe961a7-b943-4b81-9a30-8d869f8bae5b/none_v3" "tx634c552fd5974e13b82bd-0068e85c24" "object-server 93870" 0.0007 "-" 93568 0
Oct 09 21:06:44 np0005479242.novalocal object-server[93870]: ::1 - - [10/Oct/2025:01:06:44 +0000] "PUT /2/200944/AUTH_7e08652c4e3e41b29e5f05d128f57ab8/gnocchi.fbe961a7-b943-4b81-9a30-8d869f8bae5b/none_v3" 201 - "PUT http://[::1]:8080/v1/AUTH_7e08652c4e3e41b29e5f05d128f57ab8/gnocchi.fbe961a7-b943-4b81-9a30-8d869f8bae5b/none_v3" "tx634c552fd5974e13b82bd-0068e85c24" "proxy-server 86594" 0.0149 "-" 93870 0
Oct 09 21:06:44 np0005479242.novalocal container-server[93568]: ::1 - - [10/Oct/2025:01:06:44 +0000] "PUT /2/197705/AUTH_7e08652c4e3e41b29e5f05d128f57ab8/gnocchi.fbe961a7-b943-4b81-9a30-8d869f8bae5b/none_v3" 201 - "PUT http://[::1]:8080/3/200944/AUTH_7e08652c4e3e41b29e5f05d128f57ab8/gnocchi.fbe961a7-b943-4b81-9a30-8d869f8bae5b/none_v3" "tx634c552fd5974e13b82bd-0068e85c24" "object-server 93871" 0.0004 "-" 93568 0
Oct 09 21:06:44 np0005479242.novalocal container-server[93568]: ::1 - - [10/Oct/2025:01:06:44 +0000] "PUT /3/197705/AUTH_7e08652c4e3e41b29e5f05d128f57ab8/gnocchi.fbe961a7-b943-4b81-9a30-8d869f8bae5b/none_v3" 201 - "PUT http://[::1]:8080/1/200944/AUTH_7e08652c4e3e41b29e5f05d128f57ab8/gnocchi.fbe961a7-b943-4b81-9a30-8d869f8bae5b/none_v3" "tx634c552fd5974e13b82bd-0068e85c24" "object-server 93871" 0.0003 "-" 93568 0
Oct 09 21:06:44 np0005479242.novalocal object-server[93871]: ::1 - - [10/Oct/2025:01:06:44 +0000] "PUT /3/200944/AUTH_7e08652c4e3e41b29e5f05d128f57ab8/gnocchi.fbe961a7-b943-4b81-9a30-8d869f8bae5b/none_v3" 201 - "PUT http://[::1]:8080/v1/AUTH_7e08652c4e3e41b29e5f05d128f57ab8/gnocchi.fbe961a7-b943-4b81-9a30-8d869f8bae5b/none_v3" "tx634c552fd5974e13b82bd-0068e85c24" "proxy-server 86594" 0.0164 "-" 93871 0
Oct 09 21:06:44 np0005479242.novalocal object-server[93871]: ::1 - - [10/Oct/2025:01:06:44 +0000] "PUT /1/200944/AUTH_7e08652c4e3e41b29e5f05d128f57ab8/gnocchi.fbe961a7-b943-4b81-9a30-8d869f8bae5b/none_v3" 201 - "PUT http://[::1]:8080/v1/AUTH_7e08652c4e3e41b29e5f05d128f57ab8/gnocchi.fbe961a7-b943-4b81-9a30-8d869f8bae5b/none_v3" "tx634c552fd5974e13b82bd-0068e85c24" "proxy-server 86594" 0.0163 "-" 93871 0
Oct 09 21:06:44 np0005479242.novalocal container-server[93569]: ::1 - - [10/Oct/2025:01:06:44 +0000] "PUT /1/6496/AUTH_7e08652c4e3e41b29e5f05d128f57ab8/gnocchi.7c8429a8-3a70-4035-98d3-ce3532b20fd7/none_v3" 201 - "PUT http://[::1]:8080/1/126468/AUTH_7e08652c4e3e41b29e5f05d128f57ab8/gnocchi.7c8429a8-3a70-4035-98d3-ce3532b20fd7/none_v3" "tx0a78e27f3290453dacd53-0068e85c24" "object-server 93870" 0.0006 "-" 93569 0
Oct 09 21:06:44 np0005479242.novalocal object-server[93870]: ::1 - - [10/Oct/2025:01:06:44 +0000] "PUT /1/126468/AUTH_7e08652c4e3e41b29e5f05d128f57ab8/gnocchi.7c8429a8-3a70-4035-98d3-ce3532b20fd7/none_v3" 201 - "PUT http://[::1]:8080/v1/AUTH_7e08652c4e3e41b29e5f05d128f57ab8/gnocchi.7c8429a8-3a70-4035-98d3-ce3532b20fd7/none_v3" "tx0a78e27f3290453dacd53-0068e85c24" "proxy-server 86594" 0.0106 "-" 93870 0
Oct 09 21:06:44 np0005479242.novalocal proxy-server[86594]: ::1 ::1 10/Oct/2025/01/06/44 PUT /v1/AUTH_7e08652c4e3e41b29e5f05d128f57ab8/gnocchi.fbe961a7-b943-4b81-9a30-8d869f8bae5b/none_v3 HTTP/1.0 201 - python-swiftclient-4.5.0 gAAAAABo6Fv-oWcl... 52 - - tx634c552fd5974e13b82bd-0068e85c24 - 0.0237 - - 1760058404.069192648 1760058404.092942476 0
Oct 09 21:06:44 np0005479242.novalocal container-server[93569]: ::1 - - [10/Oct/2025:01:06:44 +0000] "PUT /2/6496/AUTH_7e08652c4e3e41b29e5f05d128f57ab8/gnocchi.7c8429a8-3a70-4035-98d3-ce3532b20fd7/none_v3" 201 - "PUT http://[::1]:8080/2/126468/AUTH_7e08652c4e3e41b29e5f05d128f57ab8/gnocchi.7c8429a8-3a70-4035-98d3-ce3532b20fd7/none_v3" "tx0a78e27f3290453dacd53-0068e85c24" "object-server 93871" 0.0005 "-" 93569 0
Oct 09 21:06:44 np0005479242.novalocal container-server[93568]: ::1 - - [10/Oct/2025:01:06:44 +0000] "PUT /3/6496/AUTH_7e08652c4e3e41b29e5f05d128f57ab8/gnocchi.7c8429a8-3a70-4035-98d3-ce3532b20fd7/none_v3" 201 - "PUT http://[::1]:8080/3/126468/AUTH_7e08652c4e3e41b29e5f05d128f57ab8/gnocchi.7c8429a8-3a70-4035-98d3-ce3532b20fd7/none_v3" "tx0a78e27f3290453dacd53-0068e85c24" "object-server 93871" 0.0015 "-" 93568 0
Oct 09 21:06:44 np0005479242.novalocal object-server[93871]: ::1 - - [10/Oct/2025:01:06:44 +0000] "PUT /2/126468/AUTH_7e08652c4e3e41b29e5f05d128f57ab8/gnocchi.7c8429a8-3a70-4035-98d3-ce3532b20fd7/none_v3" 201 - "PUT http://[::1]:8080/v1/AUTH_7e08652c4e3e41b29e5f05d128f57ab8/gnocchi.7c8429a8-3a70-4035-98d3-ce3532b20fd7/none_v3" "tx0a78e27f3290453dacd53-0068e85c24" "proxy-server 86594" 0.0152 "-" 93871 0
Oct 09 21:06:44 np0005479242.novalocal object-server[93871]: ::1 - - [10/Oct/2025:01:06:44 +0000] "PUT /3/126468/AUTH_7e08652c4e3e41b29e5f05d128f57ab8/gnocchi.7c8429a8-3a70-4035-98d3-ce3532b20fd7/none_v3" 201 - "PUT http://[::1]:8080/v1/AUTH_7e08652c4e3e41b29e5f05d128f57ab8/gnocchi.7c8429a8-3a70-4035-98d3-ce3532b20fd7/none_v3" "tx0a78e27f3290453dacd53-0068e85c24" "proxy-server 86594" 0.0148 "-" 93871 0
Oct 09 21:06:44 np0005479242.novalocal proxy-server[86594]: ::1 ::1 10/Oct/2025/01/06/44 PUT /v1/AUTH_7e08652c4e3e41b29e5f05d128f57ab8/gnocchi.7c8429a8-3a70-4035-98d3-ce3532b20fd7/none_v3 HTTP/1.0 201 - python-swiftclient-4.5.0 gAAAAABo6Fv-PTBu... 41 - - tx0a78e27f3290453dacd53-0068e85c24 - 0.0276 - - 1760058404.076310873 1760058404.103904009 0
Oct 09 21:06:44 np0005479242.novalocal object-server[93870]: ::1 - - [10/Oct/2025:01:06:44 +0000] "GET /3/55067/AUTH_7e08652c4e3e41b29e5f05d128f57ab8/gnocchi.0036b8df-a318-4b67-a319-2fd50a2fe85e/none_v3" 200 22 "GET http://[::1]:8080/v1/AUTH_7e08652c4e3e41b29e5f05d128f57ab8/gnocchi.0036b8df-a318-4b67-a319-2fd50a2fe85e/none_v3" "tx0af6c9a780e24437a86c3-0068e85c24" "proxy-server 86594" 0.0006 "-" 93870 0
Oct 09 21:06:44 np0005479242.novalocal proxy-server[86594]: ::1 ::1 10/Oct/2025/01/06/44 GET /v1/AUTH_7e08652c4e3e41b29e5f05d128f57ab8/gnocchi.0036b8df-a318-4b67-a319-2fd50a2fe85e/none_v3 HTTP/1.0 200 - python-swiftclient-4.5.0 gAAAAABo6Fv-oWcl... - 22 - tx0af6c9a780e24437a86c3-0068e85c24 - 0.0073 - - 1760058404.100324869 1760058404.107634544 0
Oct 09 21:06:44 np0005479242.novalocal container-server[93568]: ::1 - - [10/Oct/2025:01:06:44 +0000] "GET /3/172711/AUTH_7e08652c4e3e41b29e5f05d128f57ab8/gnocchi.0036b8df-a318-4b67-a319-2fd50a2fe85e" 200 357 "GET http://[::1]:8080/v1/AUTH_7e08652c4e3e41b29e5f05d128f57ab8/gnocchi.0036b8df-a318-4b67-a319-2fd50a2fe85e?format=json&states=listing" "tx97d61bb2887844e996f31-0068e85c24" "proxy-server 86594" 0.0020 "-" 93568 0
Oct 09 21:06:44 np0005479242.novalocal proxy-server[86594]: ::1 ::1 10/Oct/2025/01/06/44 GET /v1/AUTH_7e08652c4e3e41b29e5f05d128f57ab8/gnocchi.0036b8df-a318-4b67-a319-2fd50a2fe85e%3Fformat%3Djson%26states%3Dlisting HTTP/1.0 200 - python-swiftclient-4.5.0 gAAAAABo6Fv-oWcl... - 357 - tx97d61bb2887844e996f31-0068e85c24 - 0.0073 - - 1760058404.110016346 1760058404.117342949 0
Oct 09 21:06:44 np0005479242.novalocal container-server[93568]: ::1 - - [10/Oct/2025:01:06:44 +0000] "GET /1/172711/AUTH_7e08652c4e3e41b29e5f05d128f57ab8/gnocchi.0036b8df-a318-4b67-a319-2fd50a2fe85e" 200 2 "GET http://[::1]:8080/v1/AUTH_7e08652c4e3e41b29e5f05d128f57ab8/gnocchi.0036b8df-a318-4b67-a319-2fd50a2fe85e?format=json&marker=none_v3&states=listing" "tx79c4150a45d34400b8404-0068e85c24" "proxy-server 86594" 0.0017 "-" 93568 0
Oct 09 21:06:44 np0005479242.novalocal proxy-server[86594]: ::1 ::1 10/Oct/2025/01/06/44 GET /v1/AUTH_7e08652c4e3e41b29e5f05d128f57ab8/gnocchi.0036b8df-a318-4b67-a319-2fd50a2fe85e%3Fformat%3Djson%26marker%3Dnone_v3%26states%3Dlisting HTTP/1.0 200 - python-swiftclient-4.5.0 gAAAAABo6Fv-oWcl... - 2 - tx79c4150a45d34400b8404-0068e85c24 - 0.0063 - - 1760058404.119427443 1760058404.125751495 0
Oct 09 21:06:44 np0005479242.novalocal object-server[93871]: ::1 - - [10/Oct/2025:01:06:44 +0000] "GET /3/151926/AUTH_7e08652c4e3e41b29e5f05d128f57ab8/gnocchi.0036b8df-a318-4b67-a319-2fd50a2fe85e/1759320000.0_mean_300.0_v3" 200 16 "GET http://[::1]:8080/v1/AUTH_7e08652c4e3e41b29e5f05d128f57ab8/gnocchi.0036b8df-a318-4b67-a319-2fd50a2fe85e/1759320000.0_mean_300.0_v3" "tx05c98e6a0c5549d7a001d-0068e85c24" "proxy-server 86594" 0.0006 "-" 93871 0
Oct 09 21:06:44 np0005479242.novalocal proxy-server[86594]: ::1 ::1 10/Oct/2025/01/06/44 GET /v1/AUTH_7e08652c4e3e41b29e5f05d128f57ab8/gnocchi.0036b8df-a318-4b67-a319-2fd50a2fe85e/1759320000.0_mean_300.0_v3 HTTP/1.0 200 - python-swiftclient-4.5.0 gAAAAABo6Fv-oWcl... - 16 - tx05c98e6a0c5549d7a001d-0068e85c24 - 0.0058 - - 1760058404.128630877 1760058404.134425402 0
Oct 09 21:06:44 np0005479242.novalocal systemd[1]: dbus-:1.1-org.fedoraproject.SetroubleshootPrivileged@9.service: Deactivated successfully.
Oct 09 21:06:44 np0005479242.novalocal systemd[1]: dbus-:1.1-org.fedoraproject.SetroubleshootPrivileged@9.service: Consumed 1.338s CPU time.
Oct 09 21:06:44 np0005479242.novalocal container-server[93568]: ::1 - - [10/Oct/2025:01:06:44 +0000] "PUT /2/172711/AUTH_7e08652c4e3e41b29e5f05d128f57ab8/gnocchi.0036b8df-a318-4b67-a319-2fd50a2fe85e/1759320000.0_mean_300.0_v3" 201 - "PUT http://[::1]:8080/2/151926/AUTH_7e08652c4e3e41b29e5f05d128f57ab8/gnocchi.0036b8df-a318-4b67-a319-2fd50a2fe85e/1759320000.0_mean_300.0_v3" "txd9b2161fa10c48cf9088c-0068e85c24" "object-server 93870" 0.0005 "-" 93568 0
Oct 09 21:06:44 np0005479242.novalocal object-server[93870]: ::1 - - [10/Oct/2025:01:06:44 +0000] "PUT /2/151926/AUTH_7e08652c4e3e41b29e5f05d128f57ab8/gnocchi.0036b8df-a318-4b67-a319-2fd50a2fe85e/1759320000.0_mean_300.0_v3" 201 - "PUT http://[::1]:8080/v1/AUTH_7e08652c4e3e41b29e5f05d128f57ab8/gnocchi.0036b8df-a318-4b67-a319-2fd50a2fe85e/1759320000.0_mean_300.0_v3" "txd9b2161fa10c48cf9088c-0068e85c24" "proxy-server 86594" 0.0107 "-" 93870 0
Oct 09 21:06:44 np0005479242.novalocal container-server[93568]: ::1 - - [10/Oct/2025:01:06:44 +0000] "PUT /3/172711/AUTH_7e08652c4e3e41b29e5f05d128f57ab8/gnocchi.0036b8df-a318-4b67-a319-2fd50a2fe85e/1759320000.0_mean_300.0_v3" 201 - "PUT http://[::1]:8080/1/151926/AUTH_7e08652c4e3e41b29e5f05d128f57ab8/gnocchi.0036b8df-a318-4b67-a319-2fd50a2fe85e/1759320000.0_mean_300.0_v3" "txd9b2161fa10c48cf9088c-0068e85c24" "object-server 93870" 0.0003 "-" 93568 0
Oct 09 21:06:44 np0005479242.novalocal object-server[93870]: ::1 - - [10/Oct/2025:01:06:44 +0000] "PUT /1/151926/AUTH_7e08652c4e3e41b29e5f05d128f57ab8/gnocchi.0036b8df-a318-4b67-a319-2fd50a2fe85e/1759320000.0_mean_300.0_v3" 201 - "PUT http://[::1]:8080/v1/AUTH_7e08652c4e3e41b29e5f05d128f57ab8/gnocchi.0036b8df-a318-4b67-a319-2fd50a2fe85e/1759320000.0_mean_300.0_v3" "txd9b2161fa10c48cf9088c-0068e85c24" "proxy-server 86594" 0.0129 "-" 93870 0
Oct 09 21:06:44 np0005479242.novalocal container-server[93568]: ::1 - - [10/Oct/2025:01:06:44 +0000] "PUT /1/172711/AUTH_7e08652c4e3e41b29e5f05d128f57ab8/gnocchi.0036b8df-a318-4b67-a319-2fd50a2fe85e/1759320000.0_mean_300.0_v3" 201 - "PUT http://[::1]:8080/3/151926/AUTH_7e08652c4e3e41b29e5f05d128f57ab8/gnocchi.0036b8df-a318-4b67-a319-2fd50a2fe85e/1759320000.0_mean_300.0_v3" "txd9b2161fa10c48cf9088c-0068e85c24" "object-server 93870" 0.0003 "-" 93568 0
Oct 09 21:06:44 np0005479242.novalocal object-server[93870]: ::1 - - [10/Oct/2025:01:06:44 +0000] "PUT /3/151926/AUTH_7e08652c4e3e41b29e5f05d128f57ab8/gnocchi.0036b8df-a318-4b67-a319-2fd50a2fe85e/1759320000.0_mean_300.0_v3" 201 - "PUT http://[::1]:8080/v1/AUTH_7e08652c4e3e41b29e5f05d128f57ab8/gnocchi.0036b8df-a318-4b67-a319-2fd50a2fe85e/1759320000.0_mean_300.0_v3" "txd9b2161fa10c48cf9088c-0068e85c24" "proxy-server 86594" 0.0176 "-" 93870 0
Oct 09 21:06:44 np0005479242.novalocal proxy-server[86594]: ::1 ::1 10/Oct/2025/01/06/44 PUT /v1/AUTH_7e08652c4e3e41b29e5f05d128f57ab8/gnocchi.0036b8df-a318-4b67-a319-2fd50a2fe85e/1759320000.0_mean_300.0_v3 HTTP/1.0 201 - python-swiftclient-4.5.0 gAAAAABo6Fv-oWcl... 16 - - txd9b2161fa10c48cf9088c-0068e85c24 - 0.0243 - - 1760058404.136473656 1760058404.160767794 0
Oct 09 21:06:44 np0005479242.novalocal object-server[93871]: ::1 - - [10/Oct/2025:01:06:44 +0000] "GET /1/164327/AUTH_7e08652c4e3e41b29e5f05d128f57ab8/gnocchi.e509e1af-e0a9-4e1f-af2b-105e2d527491/none_v3" 200 22 "GET http://[::1]:8080/v1/AUTH_7e08652c4e3e41b29e5f05d128f57ab8/gnocchi.e509e1af-e0a9-4e1f-af2b-105e2d527491/none_v3" "tx5921b8c8bb44413594805-0068e85c24" "proxy-server 86594" 0.0005 "-" 93871 0
Oct 09 21:06:44 np0005479242.novalocal proxy-server[86594]: ::1 ::1 10/Oct/2025/01/06/44 GET /v1/AUTH_7e08652c4e3e41b29e5f05d128f57ab8/gnocchi.e509e1af-e0a9-4e1f-af2b-105e2d527491/none_v3 HTTP/1.0 200 - python-swiftclient-4.5.0 gAAAAABo6Fv-PTBu... - 22 - tx5921b8c8bb44413594805-0068e85c24 - 0.0091 - - 1760058404.165872574 1760058404.174970627 0
Oct 09 21:06:44 np0005479242.novalocal container-server[93568]: ::1 - - [10/Oct/2025:01:06:44 +0000] "PUT /3/172711/AUTH_7e08652c4e3e41b29e5f05d128f57ab8/gnocchi.0036b8df-a318-4b67-a319-2fd50a2fe85e/none_v3" 201 - "PUT http://[::1]:8080/3/55067/AUTH_7e08652c4e3e41b29e5f05d128f57ab8/gnocchi.0036b8df-a318-4b67-a319-2fd50a2fe85e/none_v3" "tx02509e0131d04b73b44fd-0068e85c24" "object-server 93870" 0.0010 "-" 93568 0
Oct 09 21:06:44 np0005479242.novalocal object-server[93870]: ::1 - - [10/Oct/2025:01:06:44 +0000] "PUT /3/55067/AUTH_7e08652c4e3e41b29e5f05d128f57ab8/gnocchi.0036b8df-a318-4b67-a319-2fd50a2fe85e/none_v3" 201 - "PUT http://[::1]:8080/v1/AUTH_7e08652c4e3e41b29e5f05d128f57ab8/gnocchi.0036b8df-a318-4b67-a319-2fd50a2fe85e/none_v3" "tx02509e0131d04b73b44fd-0068e85c24" "proxy-server 86594" 0.0098 "-" 93870 0
Oct 09 21:06:44 np0005479242.novalocal container-server[93569]: ::1 - - [10/Oct/2025:01:06:44 +0000] "PUT /1/172711/AUTH_7e08652c4e3e41b29e5f05d128f57ab8/gnocchi.0036b8df-a318-4b67-a319-2fd50a2fe85e/none_v3" 201 - "PUT http://[::1]:8080/1/55067/AUTH_7e08652c4e3e41b29e5f05d128f57ab8/gnocchi.0036b8df-a318-4b67-a319-2fd50a2fe85e/none_v3" "tx02509e0131d04b73b44fd-0068e85c24" "object-server 93871" 0.0007 "-" 93569 0
Oct 09 21:06:44 np0005479242.novalocal container-server[93568]: ::1 - - [10/Oct/2025:01:06:44 +0000] "PUT /2/172711/AUTH_7e08652c4e3e41b29e5f05d128f57ab8/gnocchi.0036b8df-a318-4b67-a319-2fd50a2fe85e/none_v3" 201 - "PUT http://[::1]:8080/2/55067/AUTH_7e08652c4e3e41b29e5f05d128f57ab8/gnocchi.0036b8df-a318-4b67-a319-2fd50a2fe85e/none_v3" "tx02509e0131d04b73b44fd-0068e85c24" "object-server 93871" 0.0003 "-" 93568 0
Oct 09 21:06:44 np0005479242.novalocal object-server[93871]: ::1 - - [10/Oct/2025:01:06:44 +0000] "PUT /1/55067/AUTH_7e08652c4e3e41b29e5f05d128f57ab8/gnocchi.0036b8df-a318-4b67-a319-2fd50a2fe85e/none_v3" 201 - "PUT http://[::1]:8080/v1/AUTH_7e08652c4e3e41b29e5f05d128f57ab8/gnocchi.0036b8df-a318-4b67-a319-2fd50a2fe85e/none_v3" "tx02509e0131d04b73b44fd-0068e85c24" "proxy-server 86594" 0.0121 "-" 93871 0
Oct 09 21:06:44 np0005479242.novalocal object-server[93871]: ::1 - - [10/Oct/2025:01:06:44 +0000] "PUT /2/55067/AUTH_7e08652c4e3e41b29e5f05d128f57ab8/gnocchi.0036b8df-a318-4b67-a319-2fd50a2fe85e/none_v3" 201 - "PUT http://[::1]:8080/v1/AUTH_7e08652c4e3e41b29e5f05d128f57ab8/gnocchi.0036b8df-a318-4b67-a319-2fd50a2fe85e/none_v3" "tx02509e0131d04b73b44fd-0068e85c24" "proxy-server 86594" 0.0143 "-" 93871 0
Oct 09 21:06:44 np0005479242.novalocal container-server[93568]: ::1 - - [10/Oct/2025:01:06:44 +0000] "GET /1/94573/AUTH_7e08652c4e3e41b29e5f05d128f57ab8/gnocchi.e509e1af-e0a9-4e1f-af2b-105e2d527491" 200 357 "GET http://[::1]:8080/v1/AUTH_7e08652c4e3e41b29e5f05d128f57ab8/gnocchi.e509e1af-e0a9-4e1f-af2b-105e2d527491?format=json&states=listing" "tx6c3db93fa8f24f3f87daa-0068e85c24" "proxy-server 86594" 0.0019 "-" 93568 0
Oct 09 21:06:44 np0005479242.novalocal proxy-server[86594]: ::1 ::1 10/Oct/2025/01/06/44 GET /v1/AUTH_7e08652c4e3e41b29e5f05d128f57ab8/gnocchi.e509e1af-e0a9-4e1f-af2b-105e2d527491%3Fformat%3Djson%26states%3Dlisting HTTP/1.0 200 - python-swiftclient-4.5.0 gAAAAABo6Fv-PTBu... - 357 - tx6c3db93fa8f24f3f87daa-0068e85c24 - 0.0113 - - 1760058404.177873135 1760058404.189221382 0
Oct 09 21:06:44 np0005479242.novalocal proxy-server[86594]: ::1 ::1 10/Oct/2025/01/06/44 PUT /v1/AUTH_7e08652c4e3e41b29e5f05d128f57ab8/gnocchi.0036b8df-a318-4b67-a319-2fd50a2fe85e/none_v3 HTTP/1.0 201 - python-swiftclient-4.5.0 gAAAAABo6Fv-oWcl... 31 - - tx02509e0131d04b73b44fd-0068e85c24 - 0.0281 - - 1760058404.162895441 1760058404.190962315 0
Oct 09 21:06:44 np0005479242.novalocal container-server[93568]: ::1 - - [10/Oct/2025:01:06:44 +0000] "GET /2/94573/AUTH_7e08652c4e3e41b29e5f05d128f57ab8/gnocchi.e509e1af-e0a9-4e1f-af2b-105e2d527491" 200 2 "GET http://[::1]:8080/v1/AUTH_7e08652c4e3e41b29e5f05d128f57ab8/gnocchi.e509e1af-e0a9-4e1f-af2b-105e2d527491?format=json&marker=none_v3&states=listing" "txf0331449ea0a4523937b5-0068e85c24" "proxy-server 86594" 0.0018 "-" 93568 0
Oct 09 21:06:44 np0005479242.novalocal proxy-server[86594]: ::1 ::1 10/Oct/2025/01/06/44 GET /v1/AUTH_7e08652c4e3e41b29e5f05d128f57ab8/gnocchi.e509e1af-e0a9-4e1f-af2b-105e2d527491%3Fformat%3Djson%26marker%3Dnone_v3%26states%3Dlisting HTTP/1.0 200 - python-swiftclient-4.5.0 gAAAAABo6Fv-PTBu... - 2 - txf0331449ea0a4523937b5-0068e85c24 - 0.0070 - - 1760058404.192170143 1760058404.199153662 0
Oct 09 21:06:44 np0005479242.novalocal object-server[93871]: ::1 - - [10/Oct/2025:01:06:44 +0000] "GET /1/116990/AUTH_7e08652c4e3e41b29e5f05d128f57ab8/gnocchi.b0534368-9e34-48ad-b922-667751c69097/none_v3" 200 22 "GET http://[::1]:8080/v1/AUTH_7e08652c4e3e41b29e5f05d128f57ab8/gnocchi.b0534368-9e34-48ad-b922-667751c69097/none_v3" "tx65399d8bf52041a4beffd-0068e85c24" "proxy-server 86594" 0.0007 "-" 93871 0
Oct 09 21:06:44 np0005479242.novalocal object-server[93870]: ::1 - - [10/Oct/2025:01:06:44 +0000] "GET /3/92216/AUTH_7e08652c4e3e41b29e5f05d128f57ab8/gnocchi.e509e1af-e0a9-4e1f-af2b-105e2d527491/1759320000.0_mean_300.0_v3" 200 16 "GET http://[::1]:8080/v1/AUTH_7e08652c4e3e41b29e5f05d128f57ab8/gnocchi.e509e1af-e0a9-4e1f-af2b-105e2d527491/1759320000.0_mean_300.0_v3" "txfe93e00623d4493aa4e6c-0068e85c24" "proxy-server 86594" 0.0006 "-" 93870 0
Oct 09 21:06:44 np0005479242.novalocal proxy-server[86594]: ::1 ::1 10/Oct/2025/01/06/44 GET /v1/AUTH_7e08652c4e3e41b29e5f05d128f57ab8/gnocchi.b0534368-9e34-48ad-b922-667751c69097/none_v3 HTTP/1.0 200 - python-swiftclient-4.5.0 gAAAAABo6Fv-oWcl... - 22 - tx65399d8bf52041a4beffd-0068e85c24 - 0.0058 - - 1760058404.200755119 1760058404.206515312 0
Oct 09 21:06:44 np0005479242.novalocal proxy-server[86594]: ::1 ::1 10/Oct/2025/01/06/44 GET /v1/AUTH_7e08652c4e3e41b29e5f05d128f57ab8/gnocchi.e509e1af-e0a9-4e1f-af2b-105e2d527491/1759320000.0_mean_300.0_v3 HTTP/1.0 200 - python-swiftclient-4.5.0 gAAAAABo6Fv-PTBu... - 16 - txfe93e00623d4493aa4e6c-0068e85c24 - 0.0049 - - 1760058404.203116179 1760058404.207971811 0
Oct 09 21:06:44 np0005479242.novalocal container-server[93569]: ::1 - - [10/Oct/2025:01:06:44 +0000] "GET /2/235674/AUTH_7e08652c4e3e41b29e5f05d128f57ab8/gnocchi.b0534368-9e34-48ad-b922-667751c69097" 200 357 "GET http://[::1]:8080/v1/AUTH_7e08652c4e3e41b29e5f05d128f57ab8/gnocchi.b0534368-9e34-48ad-b922-667751c69097?format=json&states=listing" "tx7720ba6484bc4eb6a0ebc-0068e85c24" "proxy-server 86594" 0.0022 "-" 93569 0
Oct 09 21:06:44 np0005479242.novalocal sudo[101145]: pam_unix(sudo:session): session closed for user root
Oct 09 21:06:44 np0005479242.novalocal proxy-server[86594]: ::1 ::1 10/Oct/2025/01/06/44 GET /v1/AUTH_7e08652c4e3e41b29e5f05d128f57ab8/gnocchi.b0534368-9e34-48ad-b922-667751c69097%3Fformat%3Djson%26states%3Dlisting HTTP/1.0 200 - python-swiftclient-4.5.0 gAAAAABo6Fv-oWcl... - 357 - tx7720ba6484bc4eb6a0ebc-0068e85c24 - 0.0090 - - 1760058404.209223509 1760058404.218270779 0
Oct 09 21:06:44 np0005479242.novalocal systemd[1]: session-c139.scope: Deactivated successfully.
Oct 09 21:06:44 np0005479242.novalocal container-server[93569]: ::1 - - [10/Oct/2025:01:06:44 +0000] "GET /2/235674/AUTH_7e08652c4e3e41b29e5f05d128f57ab8/gnocchi.b0534368-9e34-48ad-b922-667751c69097" 200 2 "GET http://[::1]:8080/v1/AUTH_7e08652c4e3e41b29e5f05d128f57ab8/gnocchi.b0534368-9e34-48ad-b922-667751c69097?format=json&marker=none_v3&states=listing" "tx5c3b80e85ae24121b1ea4-0068e85c24" "proxy-server 86594" 0.0026 "-" 93569 0
Oct 09 21:06:44 np0005479242.novalocal proxy-server[86594]: ::1 ::1 10/Oct/2025/01/06/44 GET /v1/AUTH_7e08652c4e3e41b29e5f05d128f57ab8/gnocchi.b0534368-9e34-48ad-b922-667751c69097%3Fformat%3Djson%26marker%3Dnone_v3%26states%3Dlisting HTTP/1.0 200 - python-swiftclient-4.5.0 gAAAAABo6Fv-oWcl... - 2 - tx5c3b80e85ae24121b1ea4-0068e85c24 - 0.0077 - - 1760058404.221234798 1760058404.228973866 0
Oct 09 21:06:44 np0005479242.novalocal container-server[93568]: ::1 - - [10/Oct/2025:01:06:44 +0000] "PUT /3/94573/AUTH_7e08652c4e3e41b29e5f05d128f57ab8/gnocchi.e509e1af-e0a9-4e1f-af2b-105e2d527491/1759320000.0_mean_300.0_v3" 201 - "PUT http://[::1]:8080/1/92216/AUTH_7e08652c4e3e41b29e5f05d128f57ab8/gnocchi.e509e1af-e0a9-4e1f-af2b-105e2d527491/1759320000.0_mean_300.0_v3" "tx036816a0157443da9377f-0068e85c24" "object-server 93871" 0.0007 "-" 93568 0
Oct 09 21:06:44 np0005479242.novalocal container-server[93568]: ::1 - - [10/Oct/2025:01:06:44 +0000] "PUT /1/94573/AUTH_7e08652c4e3e41b29e5f05d128f57ab8/gnocchi.e509e1af-e0a9-4e1f-af2b-105e2d527491/1759320000.0_mean_300.0_v3" 201 - "PUT http://[::1]:8080/2/92216/AUTH_7e08652c4e3e41b29e5f05d128f57ab8/gnocchi.e509e1af-e0a9-4e1f-af2b-105e2d527491/1759320000.0_mean_300.0_v3" "tx036816a0157443da9377f-0068e85c24" "object-server 93871" 0.0004 "-" 93568 0
Oct 09 21:06:44 np0005479242.novalocal object-server[93871]: ::1 - - [10/Oct/2025:01:06:44 +0000] "PUT /1/92216/AUTH_7e08652c4e3e41b29e5f05d128f57ab8/gnocchi.e509e1af-e0a9-4e1f-af2b-105e2d527491/1759320000.0_mean_300.0_v3" 201 - "PUT http://[::1]:8080/v1/AUTH_7e08652c4e3e41b29e5f05d128f57ab8/gnocchi.e509e1af-e0a9-4e1f-af2b-105e2d527491/1759320000.0_mean_300.0_v3" "tx036816a0157443da9377f-0068e85c24" "proxy-server 86594" 0.0104 "-" 93871 0
Oct 09 21:06:44 np0005479242.novalocal object-server[93871]: ::1 - - [10/Oct/2025:01:06:44 +0000] "PUT /2/92216/AUTH_7e08652c4e3e41b29e5f05d128f57ab8/gnocchi.e509e1af-e0a9-4e1f-af2b-105e2d527491/1759320000.0_mean_300.0_v3" 201 - "PUT http://[::1]:8080/v1/AUTH_7e08652c4e3e41b29e5f05d128f57ab8/gnocchi.e509e1af-e0a9-4e1f-af2b-105e2d527491/1759320000.0_mean_300.0_v3" "tx036816a0157443da9377f-0068e85c24" "proxy-server 86594" 0.0127 "-" 93871 0
Oct 09 21:06:44 np0005479242.novalocal container-server[93569]: ::1 - - [10/Oct/2025:01:06:44 +0000] "PUT /2/94573/AUTH_7e08652c4e3e41b29e5f05d128f57ab8/gnocchi.e509e1af-e0a9-4e1f-af2b-105e2d527491/1759320000.0_mean_300.0_v3" 201 - "PUT http://[::1]:8080/3/92216/AUTH_7e08652c4e3e41b29e5f05d128f57ab8/gnocchi.e509e1af-e0a9-4e1f-af2b-105e2d527491/1759320000.0_mean_300.0_v3" "tx036816a0157443da9377f-0068e85c24" "object-server 93870" 0.0007 "-" 93569 0
Oct 09 21:06:44 np0005479242.novalocal object-server[93870]: ::1 - - [10/Oct/2025:01:06:44 +0000] "PUT /3/92216/AUTH_7e08652c4e3e41b29e5f05d128f57ab8/gnocchi.e509e1af-e0a9-4e1f-af2b-105e2d527491/1759320000.0_mean_300.0_v3" 201 - "PUT http://[::1]:8080/v1/AUTH_7e08652c4e3e41b29e5f05d128f57ab8/gnocchi.e509e1af-e0a9-4e1f-af2b-105e2d527491/1759320000.0_mean_300.0_v3" "tx036816a0157443da9377f-0068e85c24" "proxy-server 86594" 0.0186 "-" 93870 0
Oct 09 21:06:44 np0005479242.novalocal proxy-server[86594]: ::1 ::1 10/Oct/2025/01/06/44 PUT /v1/AUTH_7e08652c4e3e41b29e5f05d128f57ab8/gnocchi.e509e1af-e0a9-4e1f-af2b-105e2d527491/1759320000.0_mean_300.0_v3 HTTP/1.0 201 - python-swiftclient-4.5.0 gAAAAABo6Fv-PTBu... 16 - - tx036816a0157443da9377f-0068e85c24 - 0.0285 - - 1760058404.212466478 1760058404.240946531 0
Oct 09 21:06:44 np0005479242.novalocal object-server[93871]: ::1 - - [10/Oct/2025:01:06:44 +0000] "GET /3/141815/AUTH_7e08652c4e3e41b29e5f05d128f57ab8/gnocchi.b0534368-9e34-48ad-b922-667751c69097/1759320000.0_mean_300.0_v3" 200 16 "GET http://[::1]:8080/v1/AUTH_7e08652c4e3e41b29e5f05d128f57ab8/gnocchi.b0534368-9e34-48ad-b922-667751c69097/1759320000.0_mean_300.0_v3" "txf95ce452a5294ee5854ed-0068e85c24" "proxy-server 86594" 0.0008 "-" 93871 0
Oct 09 21:06:44 np0005479242.novalocal proxy-server[86594]: ::1 ::1 10/Oct/2025/01/06/44 GET /v1/AUTH_7e08652c4e3e41b29e5f05d128f57ab8/gnocchi.b0534368-9e34-48ad-b922-667751c69097/1759320000.0_mean_300.0_v3 HTTP/1.0 200 - python-swiftclient-4.5.0 gAAAAABo6Fv-oWcl... - 16 - txf95ce452a5294ee5854ed-0068e85c24 - 0.0157 - - 1760058404.234245777 1760058404.249902010 0
Oct 09 21:06:44 np0005479242.novalocal sudo[101152]: cinder : PWD=/ ; USER=root ; COMMAND=/usr/bin/cinder-rootwrap /etc/cinder/rootwrap.conf env LC_ALL=C lvs --noheadings --unit=g -o vg_name,name,size --nosuffix --readonly cinder-volumes/volume-2d195c9c-7194-4d94-ba95-c2134534f9a8
Oct 09 21:06:44 np0005479242.novalocal systemd[1]: setroubleshootd.service: Deactivated successfully.
Oct 09 21:06:44 np0005479242.novalocal systemd[1]: setroubleshootd.service: Consumed 1.714s CPU time.
Oct 09 21:06:44 np0005479242.novalocal container-server[93568]: ::1 - - [10/Oct/2025:01:06:44 +0000] "PUT /2/235674/AUTH_7e08652c4e3e41b29e5f05d128f57ab8/gnocchi.b0534368-9e34-48ad-b922-667751c69097/1759320000.0_mean_300.0_v3" 201 - "PUT http://[::1]:8080/1/141815/AUTH_7e08652c4e3e41b29e5f05d128f57ab8/gnocchi.b0534368-9e34-48ad-b922-667751c69097/1759320000.0_mean_300.0_v3" "tx6e0764d8636a442e8a970-0068e85c24" "object-server 93871" 0.0006 "-" 93568 0
Oct 09 21:06:44 np0005479242.novalocal container-server[93568]: ::1 - - [10/Oct/2025:01:06:44 +0000] "PUT /3/235674/AUTH_7e08652c4e3e41b29e5f05d128f57ab8/gnocchi.b0534368-9e34-48ad-b922-667751c69097/1759320000.0_mean_300.0_v3" 201 - "PUT http://[::1]:8080/2/141815/AUTH_7e08652c4e3e41b29e5f05d128f57ab8/gnocchi.b0534368-9e34-48ad-b922-667751c69097/1759320000.0_mean_300.0_v3" "tx6e0764d8636a442e8a970-0068e85c24" "object-server 93871" 0.0004 "-" 93568 0
Oct 09 21:06:44 np0005479242.novalocal systemd[1]: Started Session c140 of User root.
Oct 09 21:06:44 np0005479242.novalocal container-server[93569]: ::1 - - [10/Oct/2025:01:06:44 +0000] "PUT /1/94573/AUTH_7e08652c4e3e41b29e5f05d128f57ab8/gnocchi.e509e1af-e0a9-4e1f-af2b-105e2d527491/none_v3" 201 - "PUT http://[::1]:8080/2/164327/AUTH_7e08652c4e3e41b29e5f05d128f57ab8/gnocchi.e509e1af-e0a9-4e1f-af2b-105e2d527491/none_v3" "tx0912b92e3a974cae95f0b-0068e85c24" "object-server 93870" 0.0004 "-" 93569 0
Oct 09 21:06:44 np0005479242.novalocal container-server[93568]: ::1 - - [10/Oct/2025:01:06:44 +0000] "PUT /3/94573/AUTH_7e08652c4e3e41b29e5f05d128f57ab8/gnocchi.e509e1af-e0a9-4e1f-af2b-105e2d527491/none_v3" 201 - "PUT http://[::1]:8080/3/164327/AUTH_7e08652c4e3e41b29e5f05d128f57ab8/gnocchi.e509e1af-e0a9-4e1f-af2b-105e2d527491/none_v3" "tx0912b92e3a974cae95f0b-0068e85c24" "object-server 93871" 0.0002 "-" 93568 0
Oct 09 21:06:44 np0005479242.novalocal object-server[93870]: ::1 - - [10/Oct/2025:01:06:44 +0000] "PUT /2/164327/AUTH_7e08652c4e3e41b29e5f05d128f57ab8/gnocchi.e509e1af-e0a9-4e1f-af2b-105e2d527491/none_v3" 201 - "PUT http://[::1]:8080/v1/AUTH_7e08652c4e3e41b29e5f05d128f57ab8/gnocchi.e509e1af-e0a9-4e1f-af2b-105e2d527491/none_v3" "tx0912b92e3a974cae95f0b-0068e85c24" "proxy-server 86594" 0.0239 "-" 93870 0
Oct 09 21:06:44 np0005479242.novalocal container-server[93568]: ::1 - - [10/Oct/2025:01:06:44 +0000] "PUT /2/94573/AUTH_7e08652c4e3e41b29e5f05d128f57ab8/gnocchi.e509e1af-e0a9-4e1f-af2b-105e2d527491/none_v3" 201 - "PUT http://[::1]:8080/1/164327/AUTH_7e08652c4e3e41b29e5f05d128f57ab8/gnocchi.e509e1af-e0a9-4e1f-af2b-105e2d527491/none_v3" "tx0912b92e3a974cae95f0b-0068e85c24" "object-server 93870" 0.0003 "-" 93568 0
Oct 09 21:06:44 np0005479242.novalocal object-server[93871]: ::1 - - [10/Oct/2025:01:06:44 +0000] "PUT /1/141815/AUTH_7e08652c4e3e41b29e5f05d128f57ab8/gnocchi.b0534368-9e34-48ad-b922-667751c69097/1759320000.0_mean_300.0_v3" 201 - "PUT http://[::1]:8080/v1/AUTH_7e08652c4e3e41b29e5f05d128f57ab8/gnocchi.b0534368-9e34-48ad-b922-667751c69097/1759320000.0_mean_300.0_v3" "tx6e0764d8636a442e8a970-0068e85c24" "proxy-server 86594" 0.0128 "-" 93871 0
Oct 09 21:06:44 np0005479242.novalocal object-server[93871]: ::1 - - [10/Oct/2025:01:06:44 +0000] "PUT /3/164327/AUTH_7e08652c4e3e41b29e5f05d128f57ab8/gnocchi.e509e1af-e0a9-4e1f-af2b-105e2d527491/none_v3" 201 - "PUT http://[::1]:8080/v1/AUTH_7e08652c4e3e41b29e5f05d128f57ab8/gnocchi.e509e1af-e0a9-4e1f-af2b-105e2d527491/none_v3" "tx0912b92e3a974cae95f0b-0068e85c24" "proxy-server 86594" 0.0287 "-" 93871 0
Oct 09 21:06:44 np0005479242.novalocal container-server[93568]: ::1 - - [10/Oct/2025:01:06:44 +0000] "PUT /1/235674/AUTH_7e08652c4e3e41b29e5f05d128f57ab8/gnocchi.b0534368-9e34-48ad-b922-667751c69097/1759320000.0_mean_300.0_v3" 201 - "PUT http://[::1]:8080/3/141815/AUTH_7e08652c4e3e41b29e5f05d128f57ab8/gnocchi.b0534368-9e34-48ad-b922-667751c69097/1759320000.0_mean_300.0_v3" "tx6e0764d8636a442e8a970-0068e85c24" "object-server 93870" 0.0004 "-" 93568 0
Oct 09 21:06:44 np0005479242.novalocal object-server[93871]: ::1 - - [10/Oct/2025:01:06:44 +0000] "PUT /2/141815/AUTH_7e08652c4e3e41b29e5f05d128f57ab8/gnocchi.b0534368-9e34-48ad-b922-667751c69097/1759320000.0_mean_300.0_v3" 201 - "PUT http://[::1]:8080/v1/AUTH_7e08652c4e3e41b29e5f05d128f57ab8/gnocchi.b0534368-9e34-48ad-b922-667751c69097/1759320000.0_mean_300.0_v3" "tx6e0764d8636a442e8a970-0068e85c24" "proxy-server 86594" 0.0177 "-" 93871 0
Oct 09 21:06:44 np0005479242.novalocal object-server[93870]: ::1 - - [10/Oct/2025:01:06:44 +0000] "PUT /3/141815/AUTH_7e08652c4e3e41b29e5f05d128f57ab8/gnocchi.b0534368-9e34-48ad-b922-667751c69097/1759320000.0_mean_300.0_v3" 201 - "PUT http://[::1]:8080/v1/AUTH_7e08652c4e3e41b29e5f05d128f57ab8/gnocchi.b0534368-9e34-48ad-b922-667751c69097/1759320000.0_mean_300.0_v3" "tx6e0764d8636a442e8a970-0068e85c24" "proxy-server 86594" 0.0217 "-" 93870 0
Oct 09 21:06:44 np0005479242.novalocal object-server[93870]: ::1 - - [10/Oct/2025:01:06:44 +0000] "PUT /1/164327/AUTH_7e08652c4e3e41b29e5f05d128f57ab8/gnocchi.e509e1af-e0a9-4e1f-af2b-105e2d527491/none_v3" 201 - "PUT http://[::1]:8080/v1/AUTH_7e08652c4e3e41b29e5f05d128f57ab8/gnocchi.e509e1af-e0a9-4e1f-af2b-105e2d527491/none_v3" "tx0912b92e3a974cae95f0b-0068e85c24" "proxy-server 86594" 0.0293 "-" 93870 0
Oct 09 21:06:44 np0005479242.novalocal proxy-server[86594]: ::1 ::1 10/Oct/2025/01/06/44 PUT /v1/AUTH_7e08652c4e3e41b29e5f05d128f57ab8/gnocchi.b0534368-9e34-48ad-b922-667751c69097/1759320000.0_mean_300.0_v3 HTTP/1.0 201 - python-swiftclient-4.5.0 gAAAAABo6Fv-oWcl... 16 - - tx6e0764d8636a442e8a970-0068e85c24 - 0.0290 - - 1760058404.252239943 1760058404.281279087 0
Oct 09 21:06:44 np0005479242.novalocal sudo[101152]: pam_unix(sudo:session): session opened for user root(uid=0) by (uid=165)
Oct 09 21:06:44 np0005479242.novalocal proxy-server[86594]: ::1 ::1 10/Oct/2025/01/06/44 PUT /v1/AUTH_7e08652c4e3e41b29e5f05d128f57ab8/gnocchi.e509e1af-e0a9-4e1f-af2b-105e2d527491/none_v3 HTTP/1.0 201 - python-swiftclient-4.5.0 gAAAAABo6Fv-PTBu... 32 - - tx0912b92e3a974cae95f0b-0068e85c24 - 0.0379 - - 1760058404.244350195 1760058404.282295704 0
Oct 09 21:06:44 np0005479242.novalocal object-server[93871]: ::1 - - [10/Oct/2025:01:06:44 +0000] "GET /2/14694/AUTH_7e08652c4e3e41b29e5f05d128f57ab8/gnocchi.86813290-6b60-4ec1-9c22-c80dd7e6bd46/none_v3" 200 22 "GET http://[::1]:8080/v1/AUTH_7e08652c4e3e41b29e5f05d128f57ab8/gnocchi.86813290-6b60-4ec1-9c22-c80dd7e6bd46/none_v3" "tx40373e4d04094ffd922ab-0068e85c24" "proxy-server 86594" 0.0006 "-" 93871 0
Oct 09 21:06:44 np0005479242.novalocal proxy-server[86594]: ::1 ::1 10/Oct/2025/01/06/44 GET /v1/AUTH_7e08652c4e3e41b29e5f05d128f57ab8/gnocchi.86813290-6b60-4ec1-9c22-c80dd7e6bd46/none_v3 HTTP/1.0 200 - python-swiftclient-4.5.0 gAAAAABo6Fv-PTBu... - 22 - tx40373e4d04094ffd922ab-0068e85c24 - 0.0052 - - 1760058404.291018963 1760058404.296169996 0
Oct 09 21:06:44 np0005479242.novalocal container-server[93568]: ::1 - - [10/Oct/2025:01:06:44 +0000] "PUT /1/235674/AUTH_7e08652c4e3e41b29e5f05d128f57ab8/gnocchi.b0534368-9e34-48ad-b922-667751c69097/none_v3" 201 - "PUT http://[::1]:8080/1/116990/AUTH_7e08652c4e3e41b29e5f05d128f57ab8/gnocchi.b0534368-9e34-48ad-b922-667751c69097/none_v3" "tx7f4770007b2d4fcd92cb8-0068e85c24" "object-server 93871" 0.0004 "-" 93568 0
Oct 09 21:06:44 np0005479242.novalocal container-server[93568]: ::1 - - [10/Oct/2025:01:06:44 +0000] "PUT /3/235674/AUTH_7e08652c4e3e41b29e5f05d128f57ab8/gnocchi.b0534368-9e34-48ad-b922-667751c69097/none_v3" 201 - "PUT http://[::1]:8080/2/116990/AUTH_7e08652c4e3e41b29e5f05d128f57ab8/gnocchi.b0534368-9e34-48ad-b922-667751c69097/none_v3" "tx7f4770007b2d4fcd92cb8-0068e85c24" "object-server 93870" 0.0003 "-" 93568 0
Oct 09 21:06:44 np0005479242.novalocal object-server[93871]: ::1 - - [10/Oct/2025:01:06:44 +0000] "PUT /1/116990/AUTH_7e08652c4e3e41b29e5f05d128f57ab8/gnocchi.b0534368-9e34-48ad-b922-667751c69097/none_v3" 201 - "PUT http://[::1]:8080/v1/AUTH_7e08652c4e3e41b29e5f05d128f57ab8/gnocchi.b0534368-9e34-48ad-b922-667751c69097/none_v3" "tx7f4770007b2d4fcd92cb8-0068e85c24" "proxy-server 86594" 0.0100 "-" 93871 0
Oct 09 21:06:44 np0005479242.novalocal object-server[93870]: ::1 - - [10/Oct/2025:01:06:44 +0000] "PUT /2/116990/AUTH_7e08652c4e3e41b29e5f05d128f57ab8/gnocchi.b0534368-9e34-48ad-b922-667751c69097/none_v3" 201 - "PUT http://[::1]:8080/v1/AUTH_7e08652c4e3e41b29e5f05d128f57ab8/gnocchi.b0534368-9e34-48ad-b922-667751c69097/none_v3" "tx7f4770007b2d4fcd92cb8-0068e85c24" "proxy-server 86594" 0.0139 "-" 93870 0
Oct 09 21:06:44 np0005479242.novalocal container-server[93569]: ::1 - - [10/Oct/2025:01:06:44 +0000] "PUT /2/235674/AUTH_7e08652c4e3e41b29e5f05d128f57ab8/gnocchi.b0534368-9e34-48ad-b922-667751c69097/none_v3" 201 - "PUT http://[::1]:8080/3/116990/AUTH_7e08652c4e3e41b29e5f05d128f57ab8/gnocchi.b0534368-9e34-48ad-b922-667751c69097/none_v3" "tx7f4770007b2d4fcd92cb8-0068e85c24" "object-server 93870" 0.0004 "-" 93569 0
Oct 09 21:06:44 np0005479242.novalocal object-server[93870]: ::1 - - [10/Oct/2025:01:06:44 +0000] "PUT /3/116990/AUTH_7e08652c4e3e41b29e5f05d128f57ab8/gnocchi.b0534368-9e34-48ad-b922-667751c69097/none_v3" 201 - "PUT http://[::1]:8080/v1/AUTH_7e08652c4e3e41b29e5f05d128f57ab8/gnocchi.b0534368-9e34-48ad-b922-667751c69097/none_v3" "tx7f4770007b2d4fcd92cb8-0068e85c24" "proxy-server 86594" 0.0132 "-" 93870 0
Oct 09 21:06:44 np0005479242.novalocal proxy-server[86594]: ::1 ::1 10/Oct/2025/01/06/44 PUT /v1/AUTH_7e08652c4e3e41b29e5f05d128f57ab8/gnocchi.b0534368-9e34-48ad-b922-667751c69097/none_v3 HTTP/1.0 201 - python-swiftclient-4.5.0 gAAAAABo6Fv-oWcl... 27 - - tx7f4770007b2d4fcd92cb8-0068e85c24 - 0.0216 - - 1760058404.283291578 1760058404.304875374 0
Oct 09 21:06:44 np0005479242.novalocal container-server[93569]: ::1 - - [10/Oct/2025:01:06:44 +0000] "GET /2/106013/AUTH_7e08652c4e3e41b29e5f05d128f57ab8/gnocchi.86813290-6b60-4ec1-9c22-c80dd7e6bd46" 200 357 "GET http://[::1]:8080/v1/AUTH_7e08652c4e3e41b29e5f05d128f57ab8/gnocchi.86813290-6b60-4ec1-9c22-c80dd7e6bd46?format=json&states=listing" "tx79ecb523ff2a41918bf79-0068e85c24" "proxy-server 86594" 0.0020 "-" 93569 0
Oct 09 21:06:44 np0005479242.novalocal proxy-server[86594]: ::1 ::1 10/Oct/2025/01/06/44 GET /v1/AUTH_7e08652c4e3e41b29e5f05d128f57ab8/gnocchi.86813290-6b60-4ec1-9c22-c80dd7e6bd46%3Fformat%3Djson%26states%3Dlisting HTTP/1.0 200 - python-swiftclient-4.5.0 gAAAAABo6Fv-PTBu... - 357 - tx79ecb523ff2a41918bf79-0068e85c24 - 0.0093 - - 1760058404.298925161 1760058404.308209896 0
Oct 09 21:06:44 np0005479242.novalocal container-server[93569]: ::1 - - [10/Oct/2025:01:06:44 +0000] "GET /3/106013/AUTH_7e08652c4e3e41b29e5f05d128f57ab8/gnocchi.86813290-6b60-4ec1-9c22-c80dd7e6bd46" 200 2 "GET http://[::1]:8080/v1/AUTH_7e08652c4e3e41b29e5f05d128f57ab8/gnocchi.86813290-6b60-4ec1-9c22-c80dd7e6bd46?format=json&marker=none_v3&states=listing" "txf0e4a33ec9ea478ba8323-0068e85c24" "proxy-server 86594" 0.0019 "-" 93569 0
Oct 09 21:06:44 np0005479242.novalocal proxy-server[86594]: ::1 ::1 10/Oct/2025/01/06/44 GET /v1/AUTH_7e08652c4e3e41b29e5f05d128f57ab8/gnocchi.86813290-6b60-4ec1-9c22-c80dd7e6bd46%3Fformat%3Djson%26marker%3Dnone_v3%26states%3Dlisting HTTP/1.0 200 - python-swiftclient-4.5.0 gAAAAABo6Fv-PTBu... - 2 - txf0e4a33ec9ea478ba8323-0068e85c24 - 0.0068 - - 1760058404.310273647 1760058404.317109108 0
Oct 09 21:06:44 np0005479242.novalocal object-server[93871]: ::1 - - [10/Oct/2025:01:06:44 +0000] "GET /1/109035/AUTH_7e08652c4e3e41b29e5f05d128f57ab8/gnocchi.86813290-6b60-4ec1-9c22-c80dd7e6bd46/1759320000.0_mean_300.0_v3" 200 16 "GET http://[::1]:8080/v1/AUTH_7e08652c4e3e41b29e5f05d128f57ab8/gnocchi.86813290-6b60-4ec1-9c22-c80dd7e6bd46/1759320000.0_mean_300.0_v3" "txde55966dae374f848473d-0068e85c24" "proxy-server 86594" 0.0008 "-" 93871 0
Oct 09 21:06:44 np0005479242.novalocal proxy-server[86594]: ::1 ::1 10/Oct/2025/01/06/44 GET /v1/AUTH_7e08652c4e3e41b29e5f05d128f57ab8/gnocchi.86813290-6b60-4ec1-9c22-c80dd7e6bd46/1759320000.0_mean_300.0_v3 HTTP/1.0 200 - python-swiftclient-4.5.0 gAAAAABo6Fv-PTBu... - 16 - txde55966dae374f848473d-0068e85c24 - 0.0058 - - 1760058404.319924116 1760058404.325684786 0
Oct 09 21:06:44 np0005479242.novalocal container-server[93568]: ::1 - - [10/Oct/2025:01:06:44 +0000] "PUT /2/106013/AUTH_7e08652c4e3e41b29e5f05d128f57ab8/gnocchi.86813290-6b60-4ec1-9c22-c80dd7e6bd46/1759320000.0_mean_300.0_v3" 201 - "PUT http://[::1]:8080/2/109035/AUTH_7e08652c4e3e41b29e5f05d128f57ab8/gnocchi.86813290-6b60-4ec1-9c22-c80dd7e6bd46/1759320000.0_mean_300.0_v3" "tx3585b1427af343f0ae83e-0068e85c24" "object-server 93870" 0.0005 "-" 93568 0
Oct 09 21:06:44 np0005479242.novalocal object-server[93870]: ::1 - - [10/Oct/2025:01:06:44 +0000] "PUT /2/109035/AUTH_7e08652c4e3e41b29e5f05d128f57ab8/gnocchi.86813290-6b60-4ec1-9c22-c80dd7e6bd46/1759320000.0_mean_300.0_v3" 201 - "PUT http://[::1]:8080/v1/AUTH_7e08652c4e3e41b29e5f05d128f57ab8/gnocchi.86813290-6b60-4ec1-9c22-c80dd7e6bd46/1759320000.0_mean_300.0_v3" "tx3585b1427af343f0ae83e-0068e85c24" "proxy-server 86594" 0.0126 "-" 93870 0
Oct 09 21:06:44 np0005479242.novalocal container-server[93569]: ::1 - - [10/Oct/2025:01:06:44 +0000] "PUT /3/106013/AUTH_7e08652c4e3e41b29e5f05d128f57ab8/gnocchi.86813290-6b60-4ec1-9c22-c80dd7e6bd46/1759320000.0_mean_300.0_v3" 201 - "PUT http://[::1]:8080/1/109035/AUTH_7e08652c4e3e41b29e5f05d128f57ab8/gnocchi.86813290-6b60-4ec1-9c22-c80dd7e6bd46/1759320000.0_mean_300.0_v3" "tx3585b1427af343f0ae83e-0068e85c24" "object-server 93870" 0.0005 "-" 93569 0
Oct 09 21:06:44 np0005479242.novalocal object-server[93870]: ::1 - - [10/Oct/2025:01:06:44 +0000] "PUT /1/109035/AUTH_7e08652c4e3e41b29e5f05d128f57ab8/gnocchi.86813290-6b60-4ec1-9c22-c80dd7e6bd46/1759320000.0_mean_300.0_v3" 201 - "PUT http://[::1]:8080/v1/AUTH_7e08652c4e3e41b29e5f05d128f57ab8/gnocchi.86813290-6b60-4ec1-9c22-c80dd7e6bd46/1759320000.0_mean_300.0_v3" "tx3585b1427af343f0ae83e-0068e85c24" "proxy-server 86594" 0.0151 "-" 93870 0
Oct 09 21:06:44 np0005479242.novalocal container-server[93569]: ::1 - - [10/Oct/2025:01:06:44 +0000] "PUT /1/106013/AUTH_7e08652c4e3e41b29e5f05d128f57ab8/gnocchi.86813290-6b60-4ec1-9c22-c80dd7e6bd46/1759320000.0_mean_300.0_v3" 201 - "PUT http://[::1]:8080/3/109035/AUTH_7e08652c4e3e41b29e5f05d128f57ab8/gnocchi.86813290-6b60-4ec1-9c22-c80dd7e6bd46/1759320000.0_mean_300.0_v3" "tx3585b1427af343f0ae83e-0068e85c24" "object-server 93870" 0.0004 "-" 93569 0
Oct 09 21:06:44 np0005479242.novalocal object-server[93870]: ::1 - - [10/Oct/2025:01:06:44 +0000] "PUT /3/109035/AUTH_7e08652c4e3e41b29e5f05d128f57ab8/gnocchi.86813290-6b60-4ec1-9c22-c80dd7e6bd46/1759320000.0_mean_300.0_v3" 201 - "PUT http://[::1]:8080/v1/AUTH_7e08652c4e3e41b29e5f05d128f57ab8/gnocchi.86813290-6b60-4ec1-9c22-c80dd7e6bd46/1759320000.0_mean_300.0_v3" "tx3585b1427af343f0ae83e-0068e85c24" "proxy-server 86594" 0.0190 "-" 93870 0
Oct 09 21:06:44 np0005479242.novalocal proxy-server[86594]: ::1 ::1 10/Oct/2025/01/06/44 PUT /v1/AUTH_7e08652c4e3e41b29e5f05d128f57ab8/gnocchi.86813290-6b60-4ec1-9c22-c80dd7e6bd46/1759320000.0_mean_300.0_v3 HTTP/1.0 201 - python-swiftclient-4.5.0 gAAAAABo6Fv-PTBu... 16 - - tx3585b1427af343f0ae83e-0068e85c24 - 0.0245 - - 1760058404.327808857 1760058404.352306366 0
Oct 09 21:06:44 np0005479242.novalocal container-server[93568]: ::1 - - [10/Oct/2025:01:06:44 +0000] "PUT /2/106013/AUTH_7e08652c4e3e41b29e5f05d128f57ab8/gnocchi.86813290-6b60-4ec1-9c22-c80dd7e6bd46/none_v3" 201 - "PUT http://[::1]:8080/1/14694/AUTH_7e08652c4e3e41b29e5f05d128f57ab8/gnocchi.86813290-6b60-4ec1-9c22-c80dd7e6bd46/none_v3" "tx30b31bb3883d49e3bc6f1-0068e85c24" "object-server 93871" 0.0004 "-" 93568 0
