Oct 09 21:07:02 np0005479242.novalocal kernel: qbrb4c0d47e-84: port 2(tapb4c0d47e-84) entered forwarding state
Oct 09 21:07:02 np0005479242.novalocal systemd-udevd[101518]: Network interface NamePolicy= disabled on kernel command line.
Oct 09 21:07:02 np0005479242.novalocal NetworkManager[859]: [1760058422.3791] device (tapb4c0d47e-84): state change: unmanaged -> unavailable (reason 'connection-assumed', managed-type: 'external')
Oct 09 21:07:02 np0005479242.novalocal NetworkManager[859]: [1760058422.3800] device (tapb4c0d47e-84): state change: unavailable -> disconnected (reason 'connection-assumed', managed-type: 'external')
Oct 09 21:07:02 np0005479242.novalocal NetworkManager[859]: [1760058422.3806] device (tapb4c0d47e-84): Activation: starting connection 'tapb4c0d47e-84' (a9ed8cc4-3912-4f1c-bfdb-bef4efecbc0c)
Oct 09 21:07:02 np0005479242.novalocal NetworkManager[859]: [1760058422.3813] device (tapb4c0d47e-84): state change: disconnected -> prepare (reason 'none', managed-type: 'external')
Oct 09 21:07:02 np0005479242.novalocal NetworkManager[859]: [1760058422.3818] device (tapb4c0d47e-84): state change: prepare -> config (reason 'none', managed-type: 'external')
Oct 09 21:07:02 np0005479242.novalocal libvirtd[95818]: Domain id=3 name='instance-00000003' uuid=465c2b58-8267-45f4-b0fd-ea1705b47d2c is tainted: deprecated-config (machine type 'pc-i440fx-rhel7.6.0')
Oct 09 21:07:02 np0005479242.novalocal NetworkManager[859]: [1760058422.3821] device (tapb4c0d47e-84): state change: config -> ip-config (reason 'none', managed-type: 'external')
Oct 09 21:07:02 np0005479242.novalocal NetworkManager[859]: [1760058422.3832] device (qbrb4c0d47e-84): bridge port tapb4c0d47e-84 was attached
Oct 09 21:07:02 np0005479242.novalocal NetworkManager[859]: [1760058422.3832] device (tapb4c0d47e-84): Activation: connection 'tapb4c0d47e-84' attached as port, continuing activation
Oct 09 21:07:02 np0005479242.novalocal NetworkManager[859]: [1760058422.3835] device (tapb4c0d47e-84): state change: ip-config -> ip-check (reason 'none', managed-type: 'external')
Oct 09 21:07:02 np0005479242.novalocal libvirtd[95818]: Domain id=3 name='instance-00000003' uuid=465c2b58-8267-45f4-b0fd-ea1705b47d2c is tainted: deprecated-config (CPU model 'qemu64')
Oct 09 21:07:02 np0005479242.novalocal NetworkManager[859]: [1760058422.3852] device (tapb4c0d47e-84): state change: ip-check -> secondaries (reason 'none', managed-type: 'external')
Oct 09 21:07:02 np0005479242.novalocal NetworkManager[859]: [1760058422.3858] device (tapb4c0d47e-84): state change: secondaries -> activated (reason 'none', managed-type: 'external')
Oct 09 21:07:02 np0005479242.novalocal NetworkManager[859]: [1760058422.3880] device (tapb4c0d47e-84): Activation: successful, device activated.
Oct 09 21:07:02 np0005479242.novalocal systemd[1]: iscsi.service: Unit cannot be reloaded because it is inactive.
Oct 09 21:07:02 np0005479242.novalocal systemd-machined[90856]: New machine qemu-3-instance-00000003.
Oct 09 21:07:02 np0005479242.novalocal systemd[1]: Started Virtual Machine qemu-3-instance-00000003.
Oct 09 21:07:02 np0005479242.novalocal object-server[93871]: ::1 - - [10/Oct/2025:01:07:02 +0000] "GET /1/81681/AUTH_7e08652c4e3e41b29e5f05d128f57ab8/gnocchi.421e4a17-38fa-4bb4-99b4-9276e44a4c38/none_v3" 200 22 "GET http://[::1]:8080/v1/AUTH_7e08652c4e3e41b29e5f05d128f57ab8/gnocchi.421e4a17-38fa-4bb4-99b4-9276e44a4c38/none_v3" "tx2cf892400c7a4dfab34b6-0068e85c36" "proxy-server 86594" 0.0009 "-" 93871 0
Oct 09 21:07:02 np0005479242.novalocal container-server[93568]: ::1 - - [10/Oct/2025:01:07:02 +0000] "HEAD /1/166397/AUTH_7e08652c4e3e41b29e5f05d128f57ab8/gnocchi.7bec51df-b449-4080-8e08-27fc4448c37f" 404 - "HEAD http://[::1]:8080/v1/AUTH_7e08652c4e3e41b29e5f05d128f57ab8/gnocchi.7bec51df-b449-4080-8e08-27fc4448c37f" "txfc6e4ef9c9844b38a4de7-0068e85c36" "proxy-server 86594" 0.0003 "-" 93568 0
Oct 09 21:07:02 np0005479242.novalocal proxy-server[86594]: ::1 ::1 10/Oct/2025/01/07/02 GET /v1/AUTH_7e08652c4e3e41b29e5f05d128f57ab8/gnocchi.421e4a17-38fa-4bb4-99b4-9276e44a4c38/none_v3 HTTP/1.0 200 - python-swiftclient-4.5.0 gAAAAABo6Fv-oWcl... - 22 - tx2cf892400c7a4dfab34b6-0068e85c36 - 0.0145 - - 1760058422.745563745 1760058422.760112047 0
Oct 09 21:07:02 np0005479242.novalocal container-server[93568]: ::1 - - [10/Oct/2025:01:07:02 +0000] "HEAD /2/166397/AUTH_7e08652c4e3e41b29e5f05d128f57ab8/gnocchi.7bec51df-b449-4080-8e08-27fc4448c37f" 404 - "HEAD http://[::1]:8080/v1/AUTH_7e08652c4e3e41b29e5f05d128f57ab8/gnocchi.7bec51df-b449-4080-8e08-27fc4448c37f" "txfc6e4ef9c9844b38a4de7-0068e85c36" "proxy-server 86594" 0.0003 "-" 93568 0
Oct 09 21:07:02 np0005479242.novalocal container-server[93568]: ::1 - - [10/Oct/2025:01:07:02 +0000] "HEAD /3/166397/AUTH_7e08652c4e3e41b29e5f05d128f57ab8/gnocchi.7bec51df-b449-4080-8e08-27fc4448c37f" 404 - "HEAD http://[::1]:8080/v1/AUTH_7e08652c4e3e41b29e5f05d128f57ab8/gnocchi.7bec51df-b449-4080-8e08-27fc4448c37f" "txfc6e4ef9c9844b38a4de7-0068e85c36" "proxy-server 86594" 0.0005 "-" 93568 0
Oct 09 21:07:02 np0005479242.novalocal container-server[93569]: ::1 - - [10/Oct/2025:01:07:02 +0000] "GET /2/219909/AUTH_7e08652c4e3e41b29e5f05d128f57ab8/gnocchi.421e4a17-38fa-4bb4-99b4-9276e44a4c38" 200 357 "GET http://[::1]:8080/v1/AUTH_7e08652c4e3e41b29e5f05d128f57ab8/gnocchi.421e4a17-38fa-4bb4-99b4-9276e44a4c38?format=json&states=listing" "tx43a57f9ce49e4da2816fe-0068e85c36" "proxy-server 86594" 0.0045 "-" 93569 0
Oct 09 21:07:02 np0005479242.novalocal proxy-server[86594]: - - 10/Oct/2025/01/07/02 HEAD /v1/AUTH_7e08652c4e3e41b29e5f05d128f57ab8/gnocchi.7bec51df-b449-4080-8e08-27fc4448c37f HTTP/1.0 404 - Swift - - - - txfc6e4ef9c9844b38a4de7-0068e85c36 - 0.0348 CS - 1760058422.754609823 1760058422.789432764 0
Oct 09 21:07:02 np0005479242.novalocal object-server[93870]: ::1 - - [10/Oct/2025:01:07:02 +0000] "GET /1/87820/AUTH_7e08652c4e3e41b29e5f05d128f57ab8/gnocchi.7bec51df-b449-4080-8e08-27fc4448c37f/none_v3" 404 70 "GET http://[::1]:8080/v1/AUTH_7e08652c4e3e41b29e5f05d128f57ab8/gnocchi.7bec51df-b449-4080-8e08-27fc4448c37f/none_v3" "txfc6e4ef9c9844b38a4de7-0068e85c36" "proxy-server 86594" 0.0003 "-" 93870 0
Oct 09 21:07:02 np0005479242.novalocal proxy-server[86594]: ::1 ::1 10/Oct/2025/01/07/02 GET /v1/AUTH_7e08652c4e3e41b29e5f05d128f57ab8/gnocchi.421e4a17-38fa-4bb4-99b4-9276e44a4c38%3Fformat%3Djson%26states%3Dlisting HTTP/1.0 200 - python-swiftclient-4.5.0 gAAAAABo6Fv-oWcl... - 357 - tx43a57f9ce49e4da2816fe-0068e85c36 - 0.0254 - - 1760058422.770106554 1760058422.795480490 0
Oct 09 21:07:02 np0005479242.novalocal object-server[93870]: ::1 - - [10/Oct/2025:01:07:02 +0000] "GET /2/87820/AUTH_7e08652c4e3e41b29e5f05d128f57ab8/gnocchi.7bec51df-b449-4080-8e08-27fc4448c37f/none_v3" 404 70 "GET http://[::1]:8080/v1/AUTH_7e08652c4e3e41b29e5f05d128f57ab8/gnocchi.7bec51df-b449-4080-8e08-27fc4448c37f/none_v3" "txfc6e4ef9c9844b38a4de7-0068e85c36" "proxy-server 86594" 0.0002 "-" 93870 0
Oct 09 21:07:02 np0005479242.novalocal object-server[93870]: ::1 - - [10/Oct/2025:01:07:02 +0000] "GET /3/87820/AUTH_7e08652c4e3e41b29e5f05d128f57ab8/gnocchi.7bec51df-b449-4080-8e08-27fc4448c37f/none_v3" 404 70 "GET http://[::1]:8080/v1/AUTH_7e08652c4e3e41b29e5f05d128f57ab8/gnocchi.7bec51df-b449-4080-8e08-27fc4448c37f/none_v3" "txfc6e4ef9c9844b38a4de7-0068e85c36" "proxy-server 86594" 0.0004 "-" 93870 0
Oct 09 21:07:02 np0005479242.novalocal proxy-server[86594]: ::1 ::1 10/Oct/2025/01/07/02 GET /v1/AUTH_7e08652c4e3e41b29e5f05d128f57ab8/gnocchi.7bec51df-b449-4080-8e08-27fc4448c37f/none_v3 HTTP/1.0 404 - python-swiftclient-4.5.0 gAAAAABo6Fv-PTBu... - 70 - txfc6e4ef9c9844b38a4de7-0068e85c36 - 0.0608 - - 1760058422.749526739 1760058422.810325623 0
Oct 09 21:07:02 np0005479242.novalocal container-server[93568]: ::1 - - [10/Oct/2025:01:07:02 +0000] "GET /1/219909/AUTH_7e08652c4e3e41b29e5f05d128f57ab8/gnocchi.421e4a17-38fa-4bb4-99b4-9276e44a4c38" 200 2 "GET http://[::1]:8080/v1/AUTH_7e08652c4e3e41b29e5f05d128f57ab8/gnocchi.421e4a17-38fa-4bb4-99b4-9276e44a4c38?format=json&marker=none_v3&states=listing" "tx179c0baeb07c458f8d6b7-0068e85c36" "proxy-server 86594" 0.0036 "-" 93568 0
Oct 09 21:07:02 np0005479242.novalocal proxy-server[86594]: ::1 ::1 10/Oct/2025/01/07/02 GET /v1/AUTH_7e08652c4e3e41b29e5f05d128f57ab8/gnocchi.421e4a17-38fa-4bb4-99b4-9276e44a4c38%3Fformat%3Djson%26marker%3Dnone_v3%26states%3Dlisting HTTP/1.0 200 - python-swiftclient-4.5.0 gAAAAABo6Fv-oWcl... - 2 - tx179c0baeb07c458f8d6b7-0068e85c36 - 0.0218 - - 1760058422.799712181 1760058422.821488380 0
Oct 09 21:07:02 np0005479242.novalocal account-server[93271]: ::1 - - [10/Oct/2025:01:07:02 +0000] "PUT /1/130220/AUTH_7e08652c4e3e41b29e5f05d128f57ab8/gnocchi.7bec51df-b449-4080-8e08-27fc4448c37f" 201 - "PUT http://[::1]:6001/1/166397/AUTH_7e08652c4e3e41b29e5f05d128f57ab8/gnocchi.7bec51df-b449-4080-8e08-27fc4448c37f" "tx371a10bc8ec84c5f92d1b-0068e85c36" "container-server 93569" 0.0013 "-" 93271 0
Oct 09 21:07:02 np0005479242.novalocal account-server[93271]: ::1 - - [10/Oct/2025:01:07:02 +0000] "PUT /2/130220/AUTH_7e08652c4e3e41b29e5f05d128f57ab8/gnocchi.7bec51df-b449-4080-8e08-27fc4448c37f" 201 - "PUT http://[::1]:6001/3/166397/AUTH_7e08652c4e3e41b29e5f05d128f57ab8/gnocchi.7bec51df-b449-4080-8e08-27fc4448c37f" "tx371a10bc8ec84c5f92d1b-0068e85c36" "container-server 93568" 0.0013 "-" 93271 0
Oct 09 21:07:02 np0005479242.novalocal object-server[93871]: ::1 - - [10/Oct/2025:01:07:02 +0000] "GET /3/152489/AUTH_7e08652c4e3e41b29e5f05d128f57ab8/gnocchi.421e4a17-38fa-4bb4-99b4-9276e44a4c38/1759320000.0_rate%3Amean_300.0_v3" 404 70 "GET http://[::1]:8080/v1/AUTH_7e08652c4e3e41b29e5f05d128f57ab8/gnocchi.421e4a17-38fa-4bb4-99b4-9276e44a4c38/1759320000.0_rate%3Amean_300.0_v3" "tx4cbd05586e01467ba6898-0068e85c36" "proxy-server 86594" 0.0003 "-" 93871 0
Oct 09 21:07:02 np0005479242.novalocal container-server[93568]: ::1 - - [10/Oct/2025:01:07:02 +0000] "PUT /3/166397/AUTH_7e08652c4e3e41b29e5f05d128f57ab8/gnocchi.7bec51df-b449-4080-8e08-27fc4448c37f" 201 - "PUT http://[::1]:8080/v1/AUTH_7e08652c4e3e41b29e5f05d128f57ab8/gnocchi.7bec51df-b449-4080-8e08-27fc4448c37f" "tx371a10bc8ec84c5f92d1b-0068e85c36" "proxy-server 86594" 0.0170 "-" 93568 0
Oct 09 21:07:02 np0005479242.novalocal object-server[93871]: ::1 - - [10/Oct/2025:01:07:02 +0000] "GET /1/152489/AUTH_7e08652c4e3e41b29e5f05d128f57ab8/gnocchi.421e4a17-38fa-4bb4-99b4-9276e44a4c38/1759320000.0_rate%3Amean_300.0_v3" 404 70 "GET http://[::1]:8080/v1/AUTH_7e08652c4e3e41b29e5f05d128f57ab8/gnocchi.421e4a17-38fa-4bb4-99b4-9276e44a4c38/1759320000.0_rate%3Amean_300.0_v3" "tx4cbd05586e01467ba6898-0068e85c36" "proxy-server 86594" 0.0002 "-" 93871 0
Oct 09 21:07:02 np0005479242.novalocal container-server[93569]: ::1 - - [10/Oct/2025:01:07:02 +0000] "PUT /1/166397/AUTH_7e08652c4e3e41b29e5f05d128f57ab8/gnocchi.7bec51df-b449-4080-8e08-27fc4448c37f" 201 - "PUT http://[::1]:8080/v1/AUTH_7e08652c4e3e41b29e5f05d128f57ab8/gnocchi.7bec51df-b449-4080-8e08-27fc4448c37f" "tx371a10bc8ec84c5f92d1b-0068e85c36" "proxy-server 86594" 0.0260 "-" 93569 0
Oct 09 21:07:02 np0005479242.novalocal account-server[93272]: ::1 - - [10/Oct/2025:01:07:02 +0000] "PUT /3/130220/AUTH_7e08652c4e3e41b29e5f05d128f57ab8/gnocchi.7bec51df-b449-4080-8e08-27fc4448c37f" 201 - "PUT http://[::1]:6001/2/166397/AUTH_7e08652c4e3e41b29e5f05d128f57ab8/gnocchi.7bec51df-b449-4080-8e08-27fc4448c37f" "tx371a10bc8ec84c5f92d1b-0068e85c36" "container-server 93569" 0.0010 "-" 93272 0
Oct 09 21:07:02 np0005479242.novalocal container-server[93569]: ::1 - - [10/Oct/2025:01:07:02 +0000] "PUT /2/166397/AUTH_7e08652c4e3e41b29e5f05d128f57ab8/gnocchi.7bec51df-b449-4080-8e08-27fc4448c37f" 201 - "PUT http://[::1]:8080/v1/AUTH_7e08652c4e3e41b29e5f05d128f57ab8/gnocchi.7bec51df-b449-4080-8e08-27fc4448c37f" "tx371a10bc8ec84c5f92d1b-0068e85c36" "proxy-server 86594" 0.0128 "-" 93569 0
Oct 09 21:07:02 np0005479242.novalocal proxy-server[86594]: ::1 ::1 10/Oct/2025/01/07/02 PUT /v1/AUTH_7e08652c4e3e41b29e5f05d128f57ab8/gnocchi.7bec51df-b449-4080-8e08-27fc4448c37f HTTP/1.0 201 - python-swiftclient-4.5.0 gAAAAABo6Fv-PTBu... - - - tx371a10bc8ec84c5f92d1b-0068e85c36 - 0.0382 - - 1760058422.813187361 1760058422.851340771 0
Oct 09 21:07:02 np0005479242.novalocal object-server[93870]: ::1 - - [10/Oct/2025:01:07:02 +0000] "GET /2/152489/AUTH_7e08652c4e3e41b29e5f05d128f57ab8/gnocchi.421e4a17-38fa-4bb4-99b4-9276e44a4c38/1759320000.0_rate%3Amean_300.0_v3" 404 70 "GET http://[::1]:8080/v1/AUTH_7e08652c4e3e41b29e5f05d128f57ab8/gnocchi.421e4a17-38fa-4bb4-99b4-9276e44a4c38/1759320000.0_rate%3Amean_300.0_v3" "tx4cbd05586e01467ba6898-0068e85c36" "proxy-server 86594" 0.0072 "-" 93870 0
Oct 09 21:07:02 np0005479242.novalocal container-server[93569]: ::1 - - [10/Oct/2025:01:07:02 +0000] "HEAD /1/166397/AUTH_7e08652c4e3e41b29e5f05d128f57ab8/gnocchi.7bec51df-b449-4080-8e08-27fc4448c37f" 204 - "HEAD http://[::1]:8080/v1/AUTH_7e08652c4e3e41b29e5f05d128f57ab8/gnocchi.7bec51df-b449-4080-8e08-27fc4448c37f" "tx48b1d8a34fb84750b8fc7-0068e85c36" "proxy-server 86594" 0.0024 "-" 93569 0
Oct 09 21:07:02 np0005479242.novalocal proxy-server[86594]: ::1 ::1 10/Oct/2025/01/07/02 GET /v1/AUTH_7e08652c4e3e41b29e5f05d128f57ab8/gnocchi.421e4a17-38fa-4bb4-99b4-9276e44a4c38/1759320000.0_rate%253Amean_300.0_v3 HTTP/1.0 404 - python-swiftclient-4.5.0 gAAAAABo6Fv-oWcl... - 70 - tx4cbd05586e01467ba6898-0068e85c36 - 0.0336 - - 1760058422.827705860 1760058422.861285686 0
Oct 09 21:07:02 np0005479242.novalocal proxy-server[86594]: - - 10/Oct/2025/01/07/02 HEAD /v1/AUTH_7e08652c4e3e41b29e5f05d128f57ab8/gnocchi.7bec51df-b449-4080-8e08-27fc4448c37f HTTP/1.0 204 - Swift - - - - tx48b1d8a34fb84750b8fc7-0068e85c36 - 0.0067 CS - 1760058422.856735945 1760058422.863418818 0
Oct 09 21:07:02 np0005479242.novalocal object-server[93871]: ::1 - - [10/Oct/2025:01:07:02 +0000] "GET /1/203685/AUTH_7e08652c4e3e41b29e5f05d128f57ab8/gnocchi.421e4a17-38fa-4bb4-99b4-9276e44a4c38/1759320000.0_mean_300.0_v3" 200 16 "GET http://[::1]:8080/v1/AUTH_7e08652c4e3e41b29e5f05d128f57ab8/gnocchi.421e4a17-38fa-4bb4-99b4-9276e44a4c38/1759320000.0_mean_300.0_v3" "tx62984e1dd0aa43d2a2040-0068e85c36" "proxy-server 86594" 0.0007 "-" 93871 0
Oct 09 21:07:02 np0005479242.novalocal container-server[93569]: ::1 - - [10/Oct/2025:01:07:02 +0000] "GET /3/166397/AUTH_7e08652c4e3e41b29e5f05d128f57ab8/gnocchi.7bec51df-b449-4080-8e08-27fc4448c37f" 200 2 "GET http://[::1]:8080/v1/AUTH_7e08652c4e3e41b29e5f05d128f57ab8/gnocchi.7bec51df-b449-4080-8e08-27fc4448c37f?format=json&states=listing" "tx48b1d8a34fb84750b8fc7-0068e85c36" "proxy-server 86594" 0.0036 "-" 93569 0
Oct 09 21:07:02 np0005479242.novalocal proxy-server[86594]: ::1 ::1 10/Oct/2025/01/07/02 GET /v1/AUTH_7e08652c4e3e41b29e5f05d128f57ab8/gnocchi.7bec51df-b449-4080-8e08-27fc4448c37f%3Fformat%3Djson%26states%3Dlisting HTTP/1.0 200 - python-swiftclient-4.5.0 gAAAAABo6Fv-PTBu... - 2 - tx48b1d8a34fb84750b8fc7-0068e85c36 - 0.0192 - - 1760058422.856059313 1760058422.875217438 0
Oct 09 21:07:02 np0005479242.novalocal proxy-server[86594]: ::1 ::1 10/Oct/2025/01/07/02 GET /v1/AUTH_7e08652c4e3e41b29e5f05d128f57ab8/gnocchi.421e4a17-38fa-4bb4-99b4-9276e44a4c38/1759320000.0_mean_300.0_v3 HTTP/1.0 200 - python-swiftclient-4.5.0 gAAAAABo6Fv-oWcl... - 16 - tx62984e1dd0aa43d2a2040-0068e85c36 - 0.0103 - - 1760058422.867034912 1760058422.877340555 0
Oct 09 21:07:02 np0005479242.novalocal object-server[93871]: ::1 - - [10/Oct/2025:01:07:02 +0000] "GET /2/153128/AUTH_7e08652c4e3e41b29e5f05d128f57ab8/gnocchi.7bec51df-b449-4080-8e08-27fc4448c37f/1759320000.0_mean_300.0_v3" 404 70 "GET http://[::1]:8080/v1/AUTH_7e08652c4e3e41b29e5f05d128f57ab8/gnocchi.7bec51df-b449-4080-8e08-27fc4448c37f/1759320000.0_mean_300.0_v3" "tx38d1cc017b9d46928b0d5-0068e85c36" "proxy-server 86594" 0.0003 "-" 93871 0
Oct 09 21:07:02 np0005479242.novalocal object-server[93870]: ::1 - - [10/Oct/2025:01:07:02 +0000] "GET /3/153128/AUTH_7e08652c4e3e41b29e5f05d128f57ab8/gnocchi.7bec51df-b449-4080-8e08-27fc4448c37f/1759320000.0_mean_300.0_v3" 404 70 "GET http://[::1]:8080/v1/AUTH_7e08652c4e3e41b29e5f05d128f57ab8/gnocchi.7bec51df-b449-4080-8e08-27fc4448c37f/1759320000.0_mean_300.0_v3" "tx38d1cc017b9d46928b0d5-0068e85c36" "proxy-server 86594" 0.0002 "-" 93870 0
Oct 09 21:07:02 np0005479242.novalocal object-server[93870]: ::1 - - [10/Oct/2025:01:07:02 +0000] "GET /1/153128/AUTH_7e08652c4e3e41b29e5f05d128f57ab8/gnocchi.7bec51df-b449-4080-8e08-27fc4448c37f/1759320000.0_mean_300.0_v3" 404 70 "GET http://[::1]:8080/v1/AUTH_7e08652c4e3e41b29e5f05d128f57ab8/gnocchi.7bec51df-b449-4080-8e08-27fc4448c37f/1759320000.0_mean_300.0_v3" "tx38d1cc017b9d46928b0d5-0068e85c36" "proxy-server 86594" 0.0001 "-" 93870 0
Oct 09 21:07:02 np0005479242.novalocal proxy-server[86594]: ::1 ::1 10/Oct/2025/01/07/02 GET /v1/AUTH_7e08652c4e3e41b29e5f05d128f57ab8/gnocchi.7bec51df-b449-4080-8e08-27fc4448c37f/1759320000.0_mean_300.0_v3 HTTP/1.0 404 - python-swiftclient-4.5.0 gAAAAABo6Fv-PTBu... - 70 - tx38d1cc017b9d46928b0d5-0068e85c36 - 0.0233 - - 1760058422.879671335 1760058422.902942181 0
Oct 09 21:07:02 np0005479242.novalocal container-server[93568]: ::1 - - [10/Oct/2025:01:07:02 +0000] "PUT /2/166397/AUTH_7e08652c4e3e41b29e5f05d128f57ab8/gnocchi.7bec51df-b449-4080-8e08-27fc4448c37f/1759320000.0_mean_300.0_v3" 201 - "PUT http://[::1]:8080/1/153128/AUTH_7e08652c4e3e41b29e5f05d128f57ab8/gnocchi.7bec51df-b449-4080-8e08-27fc4448c37f/1759320000.0_mean_300.0_v3" "txa1a5be0b014649239b5f4-0068e85c36" "object-server 93870" 0.0011 "-" 93568 0
Oct 09 21:07:02 np0005479242.novalocal object-server[93870]: ::1 - - [10/Oct/2025:01:07:02 +0000] "PUT /1/153128/AUTH_7e08652c4e3e41b29e5f05d128f57ab8/gnocchi.7bec51df-b449-4080-8e08-27fc4448c37f/1759320000.0_mean_300.0_v3" 201 - "PUT http://[::1]:8080/v1/AUTH_7e08652c4e3e41b29e5f05d128f57ab8/gnocchi.7bec51df-b449-4080-8e08-27fc4448c37f/1759320000.0_mean_300.0_v3" "txa1a5be0b014649239b5f4-0068e85c36" "proxy-server 86594" 0.0111 "-" 93870 0
Oct 09 21:07:02 np0005479242.novalocal container-server[93568]: ::1 - - [10/Oct/2025:01:07:02 +0000] "PUT /3/166397/AUTH_7e08652c4e3e41b29e5f05d128f57ab8/gnocchi.7bec51df-b449-4080-8e08-27fc4448c37f/1759320000.0_mean_300.0_v3" 201 - "PUT http://[::1]:8080/2/153128/AUTH_7e08652c4e3e41b29e5f05d128f57ab8/gnocchi.7bec51df-b449-4080-8e08-27fc4448c37f/1759320000.0_mean_300.0_v3" "txa1a5be0b014649239b5f4-0068e85c36" "object-server 93870" 0.0007 "-" 93568 0
Oct 09 21:07:02 np0005479242.novalocal object-server[93870]: ::1 - - [10/Oct/2025:01:07:02 +0000] "PUT /2/153128/AUTH_7e08652c4e3e41b29e5f05d128f57ab8/gnocchi.7bec51df-b449-4080-8e08-27fc4448c37f/1759320000.0_mean_300.0_v3" 201 - "PUT http://[::1]:8080/v1/AUTH_7e08652c4e3e41b29e5f05d128f57ab8/gnocchi.7bec51df-b449-4080-8e08-27fc4448c37f/1759320000.0_mean_300.0_v3" "txa1a5be0b014649239b5f4-0068e85c36" "proxy-server 86594" 0.0123 "-" 93870 0
Oct 09 21:07:02 np0005479242.novalocal container-server[93569]: ::1 - - [10/Oct/2025:01:07:02 +0000] "PUT /1/219909/AUTH_7e08652c4e3e41b29e5f05d128f57ab8/gnocchi.421e4a17-38fa-4bb4-99b4-9276e44a4c38/1759320000.0_rate%3Amean_300.0_v3" 201 - "PUT http://[::1]:8080/3/152489/AUTH_7e08652c4e3e41b29e5f05d128f57ab8/gnocchi.421e4a17-38fa-4bb4-99b4-9276e44a4c38/1759320000.0_rate%3Amean_300.0_v3" "tx66fe49d2637049ad8b6ec-0068e85c36" "object-server 93870" 0.0006 "-" 93569 0
Oct 09 21:07:02 np0005479242.novalocal object-server[93870]: ::1 - - [10/Oct/2025:01:07:02 +0000] "PUT /3/152489/AUTH_7e08652c4e3e41b29e5f05d128f57ab8/gnocchi.421e4a17-38fa-4bb4-99b4-9276e44a4c38/1759320000.0_rate%3Amean_300.0_v3" 201 - "PUT http://[::1]:8080/v1/AUTH_7e08652c4e3e41b29e5f05d128f57ab8/gnocchi.421e4a17-38fa-4bb4-99b4-9276e44a4c38/1759320000.0_rate%3Amean_300.0_v3" "tx66fe49d2637049ad8b6ec-0068e85c36" "proxy-server 86594" 0.0357 "-" 93870 0
Oct 09 21:07:02 np0005479242.novalocal container-server[93569]: ::1 - - [10/Oct/2025:01:07:02 +0000] "PUT /2/219909/AUTH_7e08652c4e3e41b29e5f05d128f57ab8/gnocchi.421e4a17-38fa-4bb4-99b4-9276e44a4c38/1759320000.0_rate%3Amean_300.0_v3" 201 - "PUT http://[::1]:8080/1/152489/AUTH_7e08652c4e3e41b29e5f05d128f57ab8/gnocchi.421e4a17-38fa-4bb4-99b4-9276e44a4c38/1759320000.0_rate%3Amean_300.0_v3" "tx66fe49d2637049ad8b6ec-0068e85c36" "object-server 93871" 0.0003 "-" 93569 0
Oct 09 21:07:02 np0005479242.novalocal container-server[93569]: ::1 - - [10/Oct/2025:01:07:02 +0000] "PUT /3/219909/AUTH_7e08652c4e3e41b29e5f05d128f57ab8/gnocchi.421e4a17-38fa-4bb4-99b4-9276e44a4c38/1759320000.0_rate%3Amean_300.0_v3" 201 - "PUT http://[::1]:8080/2/152489/AUTH_7e08652c4e3e41b29e5f05d128f57ab8/gnocchi.421e4a17-38fa-4bb4-99b4-9276e44a4c38/1759320000.0_rate%3Amean_300.0_v3" "tx66fe49d2637049ad8b6ec-0068e85c36" "object-server 93870" 0.0003 "-" 93569 0
Oct 09 21:07:02 np0005479242.novalocal object-server[93871]: ::1 - - [10/Oct/2025:01:07:02 +0000] "PUT /1/152489/AUTH_7e08652c4e3e41b29e5f05d128f57ab8/gnocchi.421e4a17-38fa-4bb4-99b4-9276e44a4c38/1759320000.0_rate%3Amean_300.0_v3" 201 - "PUT http://[::1]:8080/v1/AUTH_7e08652c4e3e41b29e5f05d128f57ab8/gnocchi.421e4a17-38fa-4bb4-99b4-9276e44a4c38/1759320000.0_rate%3Amean_300.0_v3" "tx66fe49d2637049ad8b6ec-0068e85c36" "proxy-server 86594" 0.0378 "-" 93871 0
Oct 09 21:07:02 np0005479242.novalocal object-server[93870]: ::1 - - [10/Oct/2025:01:07:02 +0000] "PUT /2/152489/AUTH_7e08652c4e3e41b29e5f05d128f57ab8/gnocchi.421e4a17-38fa-4bb4-99b4-9276e44a4c38/1759320000.0_rate%3Amean_300.0_v3" 201 - "PUT http://[::1]:8080/v1/AUTH_7e08652c4e3e41b29e5f05d128f57ab8/gnocchi.421e4a17-38fa-4bb4-99b4-9276e44a4c38/1759320000.0_rate%3Amean_300.0_v3" "tx66fe49d2637049ad8b6ec-0068e85c36" "proxy-server 86594" 0.0375 "-" 93870 0
Oct 09 21:07:02 np0005479242.novalocal container-server[93569]: ::1 - - [10/Oct/2025:01:07:02 +0000] "PUT /1/166397/AUTH_7e08652c4e3e41b29e5f05d128f57ab8/gnocchi.7bec51df-b449-4080-8e08-27fc4448c37f/1759320000.0_mean_300.0_v3" 201 - "PUT http://[::1]:8080/3/153128/AUTH_7e08652c4e3e41b29e5f05d128f57ab8/gnocchi.7bec51df-b449-4080-8e08-27fc4448c37f/1759320000.0_mean_300.0_v3" "txa1a5be0b014649239b5f4-0068e85c36" "object-server 93870" 0.0004 "-" 93569 0
Oct 09 21:07:02 np0005479242.novalocal object-server[93870]: ::1 - - [10/Oct/2025:01:07:02 +0000] "PUT /3/153128/AUTH_7e08652c4e3e41b29e5f05d128f57ab8/gnocchi.7bec51df-b449-4080-8e08-27fc4448c37f/1759320000.0_mean_300.0_v3" 201 - "PUT http://[::1]:8080/v1/AUTH_7e08652c4e3e41b29e5f05d128f57ab8/gnocchi.7bec51df-b449-4080-8e08-27fc4448c37f/1759320000.0_mean_300.0_v3" "txa1a5be0b014649239b5f4-0068e85c36" "proxy-server 86594" 0.0210 "-" 93870 0
Oct 09 21:07:02 np0005479242.novalocal proxy-server[86594]: ::1 ::1 10/Oct/2025/01/07/02 PUT /v1/AUTH_7e08652c4e3e41b29e5f05d128f57ab8/gnocchi.421e4a17-38fa-4bb4-99b4-9276e44a4c38/1759320000.0_rate%253Amean_300.0_v3 HTTP/1.0 201 - python-swiftclient-4.5.0 gAAAAABo6Fv-oWcl... 16 - - tx66fe49d2637049ad8b6ec-0068e85c36 - 0.0560 - - 1760058422.880573511 1760058422.936577082 0
Oct 09 21:07:02 np0005479242.novalocal proxy-server[86594]: ::1 ::1 10/Oct/2025/01/07/02 PUT /v1/AUTH_7e08652c4e3e41b29e5f05d128f57ab8/gnocchi.7bec51df-b449-4080-8e08-27fc4448c37f/1759320000.0_mean_300.0_v3 HTTP/1.0 201 - python-swiftclient-4.5.0 gAAAAABo6Fv-PTBu... 16 - - txa1a5be0b014649239b5f4-0068e85c36 - 0.0313 - - 1760058422.906788111 1760058422.938112974 0
Oct 09 21:07:02 np0005479242.novalocal container-server[93568]: ::1 - - [10/Oct/2025:01:07:02 +0000] "PUT /2/219909/AUTH_7e08652c4e3e41b29e5f05d128f57ab8/gnocchi.421e4a17-38fa-4bb4-99b4-9276e44a4c38/1759320000.0_mean_300.0_v3" 201 - "PUT http://[::1]:8080/1/203685/AUTH_7e08652c4e3e41b29e5f05d128f57ab8/gnocchi.421e4a17-38fa-4bb4-99b4-9276e44a4c38/1759320000.0_mean_300.0_v3" "tx3f50b12213c24c4abf6e2-0068e85c36" "object-server 93871" 0.0007 "-" 93568 0
Oct 09 21:07:02 np0005479242.novalocal object-server[93871]: ::1 - - [10/Oct/2025:01:07:02 +0000] "PUT /1/203685/AUTH_7e08652c4e3e41b29e5f05d128f57ab8/gnocchi.421e4a17-38fa-4bb4-99b4-9276e44a4c38/1759320000.0_mean_300.0_v3" 201 - "PUT http://[::1]:8080/v1/AUTH_7e08652c4e3e41b29e5f05d128f57ab8/gnocchi.421e4a17-38fa-4bb4-99b4-9276e44a4c38/1759320000.0_mean_300.0_v3" "tx3f50b12213c24c4abf6e2-0068e85c36" "proxy-server 86594" 0.0147 "-" 93871 0
Oct 09 21:07:02 np0005479242.novalocal container-server[93569]: ::1 - - [10/Oct/2025:01:07:02 +0000] "PUT /1/219909/AUTH_7e08652c4e3e41b29e5f05d128f57ab8/gnocchi.421e4a17-38fa-4bb4-99b4-9276e44a4c38/1759320000.0_mean_300.0_v3" 201 - "PUT http://[::1]:8080/3/203685/AUTH_7e08652c4e3e41b29e5f05d128f57ab8/gnocchi.421e4a17-38fa-4bb4-99b4-9276e44a4c38/1759320000.0_mean_300.0_v3" "tx3f50b12213c24c4abf6e2-0068e85c36" "object-server 93871" 0.0005 "-" 93569 0
Oct 09 21:07:02 np0005479242.novalocal container-server[93569]: ::1 - - [10/Oct/2025:01:07:02 +0000] "PUT /3/166397/AUTH_7e08652c4e3e41b29e5f05d128f57ab8/gnocchi.7bec51df-b449-4080-8e08-27fc4448c37f/none_v3" 201 - "PUT http://[::1]:8080/3/87820/AUTH_7e08652c4e3e41b29e5f05d128f57ab8/gnocchi.7bec51df-b449-4080-8e08-27fc4448c37f/none_v3" "txbc24254552fc4c7095bb2-0068e85c36" "object-server 93870" 0.0003 "-" 93569 0
Oct 09 21:07:02 np0005479242.novalocal object-server[93871]: ::1 - - [10/Oct/2025:01:07:02 +0000] "PUT /3/203685/AUTH_7e08652c4e3e41b29e5f05d128f57ab8/gnocchi.421e4a17-38fa-4bb4-99b4-9276e44a4c38/1759320000.0_mean_300.0_v3" 201 - "PUT http://[::1]:8080/v1/AUTH_7e08652c4e3e41b29e5f05d128f57ab8/gnocchi.421e4a17-38fa-4bb4-99b4-9276e44a4c38/1759320000.0_mean_300.0_v3" "tx3f50b12213c24c4abf6e2-0068e85c36" "proxy-server 86594" 0.0145 "-" 93871 0
Oct 09 21:07:02 np0005479242.novalocal container-server[93568]: ::1 - - [10/Oct/2025:01:07:02 +0000] "PUT /2/166397/AUTH_7e08652c4e3e41b29e5f05d128f57ab8/gnocchi.7bec51df-b449-4080-8e08-27fc4448c37f/none_v3" 201 - "PUT http://[::1]:8080/1/87820/AUTH_7e08652c4e3e41b29e5f05d128f57ab8/gnocchi.7bec51df-b449-4080-8e08-27fc4448c37f/none_v3" "txbc24254552fc4c7095bb2-0068e85c36" "object-server 93870" 0.0006 "-" 93568 0
Oct 09 21:07:02 np0005479242.novalocal object-server[93870]: ::1 - - [10/Oct/2025:01:07:02 +0000] "PUT /3/87820/AUTH_7e08652c4e3e41b29e5f05d128f57ab8/gnocchi.7bec51df-b449-4080-8e08-27fc4448c37f/none_v3" 201 - "PUT http://[::1]:8080/v1/AUTH_7e08652c4e3e41b29e5f05d128f57ab8/gnocchi.7bec51df-b449-4080-8e08-27fc4448c37f/none_v3" "txbc24254552fc4c7095bb2-0068e85c36" "proxy-server 86594" 0.0113 "-" 93870 0
Oct 09 21:07:02 np0005479242.novalocal object-server[93870]: ::1 - - [10/Oct/2025:01:07:02 +0000] "PUT /1/87820/AUTH_7e08652c4e3e41b29e5f05d128f57ab8/gnocchi.7bec51df-b449-4080-8e08-27fc4448c37f/none_v3" 201 - "PUT http://[::1]:8080/v1/AUTH_7e08652c4e3e41b29e5f05d128f57ab8/gnocchi.7bec51df-b449-4080-8e08-27fc4448c37f/none_v3" "txbc24254552fc4c7095bb2-0068e85c36" "proxy-server 86594" 0.0130 "-" 93870 0
Oct 09 21:07:02 np0005479242.novalocal container-server[93569]: ::1 - - [10/Oct/2025:01:07:02 +0000] "PUT /1/166397/AUTH_7e08652c4e3e41b29e5f05d128f57ab8/gnocchi.7bec51df-b449-4080-8e08-27fc4448c37f/none_v3" 201 - "PUT http://[::1]:8080/2/87820/AUTH_7e08652c4e3e41b29e5f05d128f57ab8/gnocchi.7bec51df-b449-4080-8e08-27fc4448c37f/none_v3" "txbc24254552fc4c7095bb2-0068e85c36" "object-server 93871" 0.0004 "-" 93569 0
Oct 09 21:07:02 np0005479242.novalocal object-server[93871]: ::1 - - [10/Oct/2025:01:07:02 +0000] "PUT /2/87820/AUTH_7e08652c4e3e41b29e5f05d128f57ab8/gnocchi.7bec51df-b449-4080-8e08-27fc4448c37f/none_v3" 201 - "PUT http://[::1]:8080/v1/AUTH_7e08652c4e3e41b29e5f05d128f57ab8/gnocchi.7bec51df-b449-4080-8e08-27fc4448c37f/none_v3" "txbc24254552fc4c7095bb2-0068e85c36" "proxy-server 86594" 0.0162 "-" 93871 0
Oct 09 21:07:02 np0005479242.novalocal proxy-server[86594]: ::1 ::1 10/Oct/2025/01/07/02 PUT /v1/AUTH_7e08652c4e3e41b29e5f05d128f57ab8/gnocchi.7bec51df-b449-4080-8e08-27fc4448c37f/none_v3 HTTP/1.0 201 - python-swiftclient-4.5.0 gAAAAABo6Fv-PTBu... 22 - - txbc24254552fc4c7095bb2-0068e85c36 - 0.0321 - - 1760058422.941245556 1760058422.973357201 0
Oct 09 21:07:02 np0005479242.novalocal container-server[93568]: ::1 - - [10/Oct/2025:01:07:02 +0000] "PUT /3/219909/AUTH_7e08652c4e3e41b29e5f05d128f57ab8/gnocchi.421e4a17-38fa-4bb4-99b4-9276e44a4c38/1759320000.0_mean_300.0_v3" 201 - "PUT http://[::1]:8080/2/203685/AUTH_7e08652c4e3e41b29e5f05d128f57ab8/gnocchi.421e4a17-38fa-4bb4-99b4-9276e44a4c38/1759320000.0_mean_300.0_v3" "tx3f50b12213c24c4abf6e2-0068e85c36" "object-server 93871" 0.0010 "-" 93568 0
Oct 09 21:07:02 np0005479242.novalocal object-server[93871]: ::1 - - [10/Oct/2025:01:07:02 +0000] "PUT /2/203685/AUTH_7e08652c4e3e41b29e5f05d128f57ab8/gnocchi.421e4a17-38fa-4bb4-99b4-9276e44a4c38/1759320000.0_mean_300.0_v3" 201 - "PUT http://[::1]:8080/v1/AUTH_7e08652c4e3e41b29e5f05d128f57ab8/gnocchi.421e4a17-38fa-4bb4-99b4-9276e44a4c38/1759320000.0_mean_300.0_v3" "tx3f50b12213c24c4abf6e2-0068e85c36" "proxy-server 86594" 0.0251 "-" 93871 0
Oct 09 21:07:02 np0005479242.novalocal proxy-server[86594]: ::1 ::1 10/Oct/2025/01/07/02 PUT /v1/AUTH_7e08652c4e3e41b29e5f05d128f57ab8/gnocchi.421e4a17-38fa-4bb4-99b4-9276e44a4c38/1759320000.0_mean_300.0_v3 HTTP/1.0 201 - python-swiftclient-4.5.0 gAAAAABo6Fv-oWcl... 16 - - tx3f50b12213c24c4abf6e2-0068e85c36 - 0.0360 - - 1760058422.939714670 1760058422.975688934 0
Oct 09 21:07:02 np0005479242.novalocal container-server[93569]: ::1 - - [10/Oct/2025:01:07:02 +0000] "PUT /2/219909/AUTH_7e08652c4e3e41b29e5f05d128f57ab8/gnocchi.421e4a17-38fa-4bb4-99b4-9276e44a4c38/none_v3" 201 - "PUT http://[::1]:8080/2/81681/AUTH_7e08652c4e3e41b29e5f05d128f57ab8/gnocchi.421e4a17-38fa-4bb4-99b4-9276e44a4c38/none_v3" "tx5f3e13921a204c3ca7498-0068e85c36" "object-server 93871" 0.0005 "-" 93569 0
Oct 09 21:07:02 np0005479242.novalocal object-server[93871]: ::1 - - [10/Oct/2025:01:07:02 +0000] "PUT /2/81681/AUTH_7e08652c4e3e41b29e5f05d128f57ab8/gnocchi.421e4a17-38fa-4bb4-99b4-9276e44a4c38/none_v3" 201 - "PUT http://[::1]:8080/v1/AUTH_7e08652c4e3e41b29e5f05d128f57ab8/gnocchi.421e4a17-38fa-4bb4-99b4-9276e44a4c38/none_v3" "tx5f3e13921a204c3ca7498-0068e85c36" "proxy-server 86594" 0.0116 "-" 93871 0
Oct 09 21:07:03 np0005479242.novalocal container-server[93633]: Beginning replication run
Oct 09 21:07:03 np0005479242.novalocal container-server[93568]: ::1 - - [10/Oct/2025:01:07:03 +0000] "PUT /1/219909/AUTH_7e08652c4e3e41b29e5f05d128f57ab8/gnocchi.421e4a17-38fa-4bb4-99b4-9276e44a4c38/none_v3" 201 - "PUT http://[::1]:8080/3/81681/AUTH_7e08652c4e3e41b29e5f05d128f57ab8/gnocchi.421e4a17-38fa-4bb4-99b4-9276e44a4c38/none_v3" "tx5f3e13921a204c3ca7498-0068e85c36" "object-server 93871" 0.0007 "-" 93568 0
Oct 09 21:07:03 np0005479242.novalocal object-server[93871]: ::1 - - [10/Oct/2025:01:07:03 +0000] "PUT /3/81681/AUTH_7e08652c4e3e41b29e5f05d128f57ab8/gnocchi.421e4a17-38fa-4bb4-99b4-9276e44a4c38/none_v3" 201 - "PUT http://[::1]:8080/v1/AUTH_7e08652c4e3e41b29e5f05d128f57ab8/gnocchi.421e4a17-38fa-4bb4-99b4-9276e44a4c38/none_v3" "tx5f3e13921a204c3ca7498-0068e85c36" "proxy-server 86594" 0.0237 "-" 93871 0
Oct 09 21:07:03 np0005479242.novalocal container-server[93568]: ::1 - - [10/Oct/2025:01:07:03 +0000] "PUT /3/219909/AUTH_7e08652c4e3e41b29e5f05d128f57ab8/gnocchi.421e4a17-38fa-4bb4-99b4-9276e44a4c38/none_v3" 201 - "PUT http://[::1]:8080/1/81681/AUTH_7e08652c4e3e41b29e5f05d128f57ab8/gnocchi.421e4a17-38fa-4bb4-99b4-9276e44a4c38/none_v3" "tx5f3e13921a204c3ca7498-0068e85c36" "object-server 93871" 0.0006 "-" 93568 0
Oct 09 21:07:03 np0005479242.novalocal object-server[93871]: ::1 - - [10/Oct/2025:01:07:03 +0000] "PUT /1/81681/AUTH_7e08652c4e3e41b29e5f05d128f57ab8/gnocchi.421e4a17-38fa-4bb4-99b4-9276e44a4c38/none_v3" 201 - "PUT http://[::1]:8080/v1/AUTH_7e08652c4e3e41b29e5f05d128f57ab8/gnocchi.421e4a17-38fa-4bb4-99b4-9276e44a4c38/none_v3" "tx5f3e13921a204c3ca7498-0068e85c36" "proxy-server 86594" 0.0275 "-" 93871 0
Oct 09 21:07:03 np0005479242.novalocal proxy-server[86594]: ::1 ::1 10/Oct/2025/01/07/03 PUT /v1/AUTH_7e08652c4e3e41b29e5f05d128f57ab8/gnocchi.421e4a17-38fa-4bb4-99b4-9276e44a4c38/none_v3 HTTP/1.0 201 - python-swiftclient-4.5.0 gAAAAABo6Fv-oWcl... 32 - - tx5f3e13921a204c3ca7498-0068e85c36 - 0.0340 - - 1760058422.977997541 1760058423.012017012 0
Oct 09 21:07:03 np0005479242.novalocal container-server[87008]: Since Fri Oct 10 01:07:01 2025 visited - attempted:0 success:0 failure:0 skipped:90 completed:0
Oct 09 21:07:03 np0005479242.novalocal container-server[87008]: Since Fri Oct 10 01:07:01 2025 scanned - attempted:0 success:0 failure:0 found:0 min_time:0 max_time:0
Oct 09 21:07:03 np0005479242.novalocal container-server[87008]: Since Fri Oct 10 01:07:01 2025 created - attempted:0 success:0 failure:0
Oct 09 21:07:03 np0005479242.novalocal container-server[87008]: Since Fri Oct 10 01:07:01 2025 cleaved - attempted:0 success:0 failure:0 min_time:0 max_time:0
Oct 09 21:07:03 np0005479242.novalocal container-server[87008]: Since Fri Oct 10 01:07:01 2025 misplaced - attempted:0 success:0 failure:0 found:0 placed:0 unplaced:0
Oct 09 21:07:03 np0005479242.novalocal container-server[87008]: Since Fri Oct 10 01:07:01 2025 audit_root - attempted:0 success:0 failure:0 has_overlap:0 num_overlap:0
Oct 09 21:07:03 np0005479242.novalocal container-server[87008]: Since Fri Oct 10 01:07:01 2025 audit_shard - attempted:0 success:0 failure:0
Oct 09 21:07:03 np0005479242.novalocal container-server[87008]: Container sharder cycle completed: 1.79s
Oct 09 21:07:03 np0005479242.novalocal container-server[93568]: ::1 - - [10/Oct/2025:01:07:03 +0000] "HEAD /3/103490/AUTH_7e08652c4e3e41b29e5f05d128f57ab8/gnocchi.6bb93120-c153-4097-ac4d-a376e176d9b9" 404 - "HEAD http://[::1]:8080/v1/AUTH_7e08652c4e3e41b29e5f05d128f57ab8/gnocchi.6bb93120-c153-4097-ac4d-a376e176d9b9" "txb1fe70cf44e0472eb75a6-0068e85c37" "proxy-server 86594" 0.0002 "-" 93568 0
Oct 09 21:07:03 np0005479242.novalocal container-server[93569]: ::1 - - [10/Oct/2025:01:07:03 +0000] "HEAD /1/103490/AUTH_7e08652c4e3e41b29e5f05d128f57ab8/gnocchi.6bb93120-c153-4097-ac4d-a376e176d9b9" 404 - "HEAD http://[::1]:8080/v1/AUTH_7e08652c4e3e41b29e5f05d128f57ab8/gnocchi.6bb93120-c153-4097-ac4d-a376e176d9b9" "txb1fe70cf44e0472eb75a6-0068e85c37" "proxy-server 86594" 0.0003 "-" 93569 0
Oct 09 21:07:03 np0005479242.novalocal container-server[93569]: ::1 - - [10/Oct/2025:01:07:03 +0000] "HEAD /2/103490/AUTH_7e08652c4e3e41b29e5f05d128f57ab8/gnocchi.6bb93120-c153-4097-ac4d-a376e176d9b9" 404 - "HEAD http://[::1]:8080/v1/AUTH_7e08652c4e3e41b29e5f05d128f57ab8/gnocchi.6bb93120-c153-4097-ac4d-a376e176d9b9" "txb1fe70cf44e0472eb75a6-0068e85c37" "proxy-server 86594" 0.0002 "-" 93569 0
Oct 09 21:07:03 np0005479242.novalocal proxy-server[86594]: - - 10/Oct/2025/01/07/03 HEAD /v1/AUTH_7e08652c4e3e41b29e5f05d128f57ab8/gnocchi.6bb93120-c153-4097-ac4d-a376e176d9b9 HTTP/1.0 404 - Swift - - - - txb1fe70cf44e0472eb75a6-0068e85c37 - 0.0195 CS - 1760058423.199479342 1760058423.219027281 0
Oct 09 21:07:03 np0005479242.novalocal object-server[93870]: ::1 - - [10/Oct/2025:01:07:03 +0000] "GET /1/32885/AUTH_7e08652c4e3e41b29e5f05d128f57ab8/gnocchi.6bb93120-c153-4097-ac4d-a376e176d9b9/none_v3" 404 70 "GET http://[::1]:8080/v1/AUTH_7e08652c4e3e41b29e5f05d128f57ab8/gnocchi.6bb93120-c153-4097-ac4d-a376e176d9b9/none_v3" "txb1fe70cf44e0472eb75a6-0068e85c37" "proxy-server 86594" 0.0003 "-" 93870 0
Oct 09 21:07:03 np0005479242.novalocal object-server[93871]: ::1 - - [10/Oct/2025:01:07:03 +0000] "GET /2/32885/AUTH_7e08652c4e3e41b29e5f05d128f57ab8/gnocchi.6bb93120-c153-4097-ac4d-a376e176d9b9/none_v3" 404 70 "GET http://[::1]:8080/v1/AUTH_7e08652c4e3e41b29e5f05d128f57ab8/gnocchi.6bb93120-c153-4097-ac4d-a376e176d9b9/none_v3" "txb1fe70cf44e0472eb75a6-0068e85c37" "proxy-server 86594" 0.0003 "-" 93871 0
Oct 09 21:07:03 np0005479242.novalocal object-server[93870]: ::1 - - [10/Oct/2025:01:07:03 +0000] "GET /3/32885/AUTH_7e08652c4e3e41b29e5f05d128f57ab8/gnocchi.6bb93120-c153-4097-ac4d-a376e176d9b9/none_v3" 404 70 "GET http://[::1]:8080/v1/AUTH_7e08652c4e3e41b29e5f05d128f57ab8/gnocchi.6bb93120-c153-4097-ac4d-a376e176d9b9/none_v3" "txb1fe70cf44e0472eb75a6-0068e85c37" "proxy-server 86594" 0.0002 "-" 93870 0
Oct 09 21:07:03 np0005479242.novalocal proxy-server[86594]: ::1 ::1 10/Oct/2025/01/07/03 GET /v1/AUTH_7e08652c4e3e41b29e5f05d128f57ab8/gnocchi.6bb93120-c153-4097-ac4d-a376e176d9b9/none_v3 HTTP/1.0 404 - python-swiftclient-4.5.0 gAAAAABo6Fv-oWcl... - 70 - txb1fe70cf44e0472eb75a6-0068e85c37 - 0.0334 - - 1760058423.198609591 1760058423.232033491 0
Oct 09 21:07:03 np0005479242.novalocal account-server[93272]: ::1 - - [10/Oct/2025:01:07:03 +0000] "PUT /2/130220/AUTH_7e08652c4e3e41b29e5f05d128f57ab8/gnocchi.6bb93120-c153-4097-ac4d-a376e176d9b9" 201 - "PUT http://[::1]:6001/1/103490/AUTH_7e08652c4e3e41b29e5f05d128f57ab8/gnocchi.6bb93120-c153-4097-ac4d-a376e176d9b9" "tx97ab66628b194c56a120e-0068e85c37" "container-server 93568" 0.0051 "-" 93272 0
Oct 09 21:07:03 np0005479242.novalocal container-server[93568]: ::1 - - [10/Oct/2025:01:07:03 +0000] "PUT /1/103490/AUTH_7e08652c4e3e41b29e5f05d128f57ab8/gnocchi.6bb93120-c153-4097-ac4d-a376e176d9b9" 201 - "PUT http://[::1]:8080/v1/AUTH_7e08652c4e3e41b29e5f05d128f57ab8/gnocchi.6bb93120-c153-4097-ac4d-a376e176d9b9" "tx97ab66628b194c56a120e-0068e85c37" "proxy-server 86594" 0.0566 "-" 93568 0
Oct 09 21:07:03 np0005479242.novalocal account-server[93272]: ::1 - - [10/Oct/2025:01:07:03 +0000] "PUT /1/130220/AUTH_7e08652c4e3e41b29e5f05d128f57ab8/gnocchi.6bb93120-c153-4097-ac4d-a376e176d9b9" 201 - "PUT http://[::1]:6001/3/103490/AUTH_7e08652c4e3e41b29e5f05d128f57ab8/gnocchi.6bb93120-c153-4097-ac4d-a376e176d9b9" "tx97ab66628b194c56a120e-0068e85c37" "container-server 93568" 0.0075 "-" 93272 0
Oct 09 21:07:03 np0005479242.novalocal account-server[93272]: ::1 - - [10/Oct/2025:01:07:03 +0000] "PUT /3/130220/AUTH_7e08652c4e3e41b29e5f05d128f57ab8/gnocchi.6bb93120-c153-4097-ac4d-a376e176d9b9" 201 - "PUT http://[::1]:6001/2/103490/AUTH_7e08652c4e3e41b29e5f05d128f57ab8/gnocchi.6bb93120-c153-4097-ac4d-a376e176d9b9" "tx97ab66628b194c56a120e-0068e85c37" "container-server 93568" 0.0036 "-" 93272 0
Oct 09 21:07:03 np0005479242.novalocal container-server[93568]: ::1 - - [10/Oct/2025:01:07:03 +0000] "PUT /3/103490/AUTH_7e08652c4e3e41b29e5f05d128f57ab8/gnocchi.6bb93120-c153-4097-ac4d-a376e176d9b9" 201 - "PUT http://[::1]:8080/v1/AUTH_7e08652c4e3e41b29e5f05d128f57ab8/gnocchi.6bb93120-c153-4097-ac4d-a376e176d9b9" "tx97ab66628b194c56a120e-0068e85c37" "proxy-server 86594" 0.0440 "-" 93568 0
Oct 09 21:07:03 np0005479242.novalocal container-server[93568]: ::1 - - [10/Oct/2025:01:07:03 +0000] "PUT /2/103490/AUTH_7e08652c4e3e41b29e5f05d128f57ab8/gnocchi.6bb93120-c153-4097-ac4d-a376e176d9b9" 201 - "PUT http://[::1]:8080/v1/AUTH_7e08652c4e3e41b29e5f05d128f57ab8/gnocchi.6bb93120-c153-4097-ac4d-a376e176d9b9" "tx97ab66628b194c56a120e-0068e85c37" "proxy-server 86594" 0.0349 "-" 93568 0
Oct 09 21:07:03 np0005479242.novalocal proxy-server[86594]: ::1 ::1 10/Oct/2025/01/07/03 PUT /v1/AUTH_7e08652c4e3e41b29e5f05d128f57ab8/gnocchi.6bb93120-c153-4097-ac4d-a376e176d9b9 HTTP/1.0 201 - python-swiftclient-4.5.0 gAAAAABo6Fv-oWcl... - - - tx97ab66628b194c56a120e-0068e85c37 - 0.0861 - - 1760058423.237264156 1760058423.323409557 0
Oct 09 21:07:03 np0005479242.novalocal container-server[93568]: ::1 - - [10/Oct/2025:01:07:03 +0000] "HEAD /1/103490/AUTH_7e08652c4e3e41b29e5f05d128f57ab8/gnocchi.6bb93120-c153-4097-ac4d-a376e176d9b9" 204 - "HEAD http://[::1]:8080/v1/AUTH_7e08652c4e3e41b29e5f05d128f57ab8/gnocchi.6bb93120-c153-4097-ac4d-a376e176d9b9" "tx1300ddfdb26446479aaf2-0068e85c37" "proxy-server 86594" 0.0014 "-" 93568 0
Oct 09 21:07:03 np0005479242.novalocal proxy-server[86594]: - - 10/Oct/2025/01/07/03 HEAD /v1/AUTH_7e08652c4e3e41b29e5f05d128f57ab8/gnocchi.6bb93120-c153-4097-ac4d-a376e176d9b9 HTTP/1.0 204 - Swift - - - - tx1300ddfdb26446479aaf2-0068e85c37 - 0.0121 CS - 1760058423.326498032 1760058423.338596821 0
Oct 09 21:07:03 np0005479242.novalocal container-server[93569]: ::1 - - [10/Oct/2025:01:07:03 +0000] "GET /3/103490/AUTH_7e08652c4e3e41b29e5f05d128f57ab8/gnocchi.6bb93120-c153-4097-ac4d-a376e176d9b9" 200 2 "GET http://[::1]:8080/v1/AUTH_7e08652c4e3e41b29e5f05d128f57ab8/gnocchi.6bb93120-c153-4097-ac4d-a376e176d9b9?format=json&states=listing" "tx1300ddfdb26446479aaf2-0068e85c37" "proxy-server 86594" 0.0022 "-" 93569 0
Oct 09 21:07:03 np0005479242.novalocal object-server[93871]: ::1 - - [10/Oct/2025:01:07:03 +0000] "GET /1/171935/AUTH_7e08652c4e3e41b29e5f05d128f57ab8/gnocchi.3d7f1ee5-2fe5-495f-8df5-66d456eb27aa/none_v3" 200 22 "GET http://[::1]:8080/v1/AUTH_7e08652c4e3e41b29e5f05d128f57ab8/gnocchi.3d7f1ee5-2fe5-495f-8df5-66d456eb27aa/none_v3" "tx8427937da9444311823f9-0068e85c37" "proxy-server 86594" 0.0007 "-" 93871 0
Oct 09 21:07:03 np0005479242.novalocal proxy-server[86594]: ::1 ::1 10/Oct/2025/01/07/03 GET /v1/AUTH_7e08652c4e3e41b29e5f05d128f57ab8/gnocchi.6bb93120-c153-4097-ac4d-a376e176d9b9%3Fformat%3Djson%26states%3Dlisting HTTP/1.0 200 - python-swiftclient-4.5.0 gAAAAABo6Fv-oWcl... - 2 - tx1300ddfdb26446479aaf2-0068e85c37 - 0.0258 - - 1760058423.326034784 1760058423.351819992 0
Oct 09 21:07:03 np0005479242.novalocal proxy-server[86594]: ::1 ::1 10/Oct/2025/01/07/03 GET /v1/AUTH_7e08652c4e3e41b29e5f05d128f57ab8/gnocchi.3d7f1ee5-2fe5-495f-8df5-66d456eb27aa/none_v3 HTTP/1.0 200 - python-swiftclient-4.5.0 gAAAAABo6Fv-PTBu... - 22 - tx8427937da9444311823f9-0068e85c37 - 0.0138 - - 1760058423.341025829 1760058423.354794025 0
Oct 09 21:07:03 np0005479242.novalocal object-server[93871]: ::1 - - [10/Oct/2025:01:07:03 +0000] "GET /2/84484/AUTH_7e08652c4e3e41b29e5f05d128f57ab8/gnocchi.6bb93120-c153-4097-ac4d-a376e176d9b9/1759320000.0_mean_300.0_v3" 404 70 "GET http://[::1]:8080/v1/AUTH_7e08652c4e3e41b29e5f05d128f57ab8/gnocchi.6bb93120-c153-4097-ac4d-a376e176d9b9/1759320000.0_mean_300.0_v3" "tx172a4f0ae6cc48fe99985-0068e85c37" "proxy-server 86594" 0.0003 "-" 93871 0
Oct 09 21:07:03 np0005479242.novalocal object-server[93870]: ::1 - - [10/Oct/2025:01:07:03 +0000] "GET /3/84484/AUTH_7e08652c4e3e41b29e5f05d128f57ab8/gnocchi.6bb93120-c153-4097-ac4d-a376e176d9b9/1759320000.0_mean_300.0_v3" 404 70 "GET http://[::1]:8080/v1/AUTH_7e08652c4e3e41b29e5f05d128f57ab8/gnocchi.6bb93120-c153-4097-ac4d-a376e176d9b9/1759320000.0_mean_300.0_v3" "tx172a4f0ae6cc48fe99985-0068e85c37" "proxy-server 86594" 0.0003 "-" 93870 0
Oct 09 21:07:03 np0005479242.novalocal container-server[93569]: ::1 - - [10/Oct/2025:01:07:03 +0000] "GET /1/231453/AUTH_7e08652c4e3e41b29e5f05d128f57ab8/gnocchi.3d7f1ee5-2fe5-495f-8df5-66d456eb27aa" 200 357 "GET http://[::1]:8080/v1/AUTH_7e08652c4e3e41b29e5f05d128f57ab8/gnocchi.3d7f1ee5-2fe5-495f-8df5-66d456eb27aa?format=json&states=listing" "tx4edd08bae4a049dda0f4d-0068e85c37" "proxy-server 86594" 0.0027 "-" 93569 0
Oct 09 21:07:03 np0005479242.novalocal object-server[93871]: ::1 - - [10/Oct/2025:01:07:03 +0000] "GET /1/84484/AUTH_7e08652c4e3e41b29e5f05d128f57ab8/gnocchi.6bb93120-c153-4097-ac4d-a376e176d9b9/1759320000.0_mean_300.0_v3" 404 70 "GET http://[::1]:8080/v1/AUTH_7e08652c4e3e41b29e5f05d128f57ab8/gnocchi.6bb93120-c153-4097-ac4d-a376e176d9b9/1759320000.0_mean_300.0_v3" "tx172a4f0ae6cc48fe99985-0068e85c37" "proxy-server 86594" 0.0002 "-" 93871 0
Oct 09 21:07:03 np0005479242.novalocal proxy-server[86594]: ::1 ::1 10/Oct/2025/01/07/03 GET /v1/AUTH_7e08652c4e3e41b29e5f05d128f57ab8/gnocchi.6bb93120-c153-4097-ac4d-a376e176d9b9/1759320000.0_mean_300.0_v3 HTTP/1.0 404 - python-swiftclient-4.5.0 gAAAAABo6Fv-oWcl... - 70 - tx172a4f0ae6cc48fe99985-0068e85c37 - 0.0175 - - 1760058423.355938911 1760058423.373419046 0
Oct 09 21:07:03 np0005479242.novalocal proxy-server[86594]: ::1 ::1 10/Oct/2025/01/07/03 GET /v1/AUTH_7e08652c4e3e41b29e5f05d128f57ab8/gnocchi.3d7f1ee5-2fe5-495f-8df5-66d456eb27aa%3Fformat%3Djson%26states%3Dlisting HTTP/1.0 200 - python-swiftclient-4.5.0 gAAAAABo6Fv-PTBu... - 357 - tx4edd08bae4a049dda0f4d-0068e85c37 - 0.0172 - - 1760058423.358471394 1760058423.375703335 0
Oct 09 21:07:03 np0005479242.novalocal container-server[93569]: ::1 - - [10/Oct/2025:01:07:03 +0000] "GET /2/231453/AUTH_7e08652c4e3e41b29e5f05d128f57ab8/gnocchi.3d7f1ee5-2fe5-495f-8df5-66d456eb27aa" 200 2 "GET http://[::1]:8080/v1/AUTH_7e08652c4e3e41b29e5f05d128f57ab8/gnocchi.3d7f1ee5-2fe5-495f-8df5-66d456eb27aa?format=json&marker=none_v3&states=listing" "tx703a85a01aae4975aea3d-0068e85c37" "proxy-server 86594" 0.0028 "-" 93569 0
Oct 09 21:07:03 np0005479242.novalocal proxy-server[86594]: ::1 ::1 10/Oct/2025/01/07/03 GET /v1/AUTH_7e08652c4e3e41b29e5f05d128f57ab8/gnocchi.3d7f1ee5-2fe5-495f-8df5-66d456eb27aa%3Fformat%3Djson%26marker%3Dnone_v3%26states%3Dlisting HTTP/1.0 200 - python-swiftclient-4.5.0 gAAAAABo6Fv-PTBu... - 2 - tx703a85a01aae4975aea3d-0068e85c37 - 0.0139 - - 1760058423.379142284 1760058423.393018961 0
Oct 09 21:07:03 np0005479242.novalocal container-server[93569]: ::1 - - [10/Oct/2025:01:07:03 +0000] "PUT /1/103490/AUTH_7e08652c4e3e41b29e5f05d128f57ab8/gnocchi.6bb93120-c153-4097-ac4d-a376e176d9b9/1759320000.0_mean_300.0_v3" 201 - "PUT http://[::1]:8080/2/84484/AUTH_7e08652c4e3e41b29e5f05d128f57ab8/gnocchi.6bb93120-c153-4097-ac4d-a376e176d9b9/1759320000.0_mean_300.0_v3" "txd59e2c83535f4102a28aa-0068e85c37" "object-server 93871" 0.0006 "-" 93569 0
Oct 09 21:07:03 np0005479242.novalocal object-server[93871]: ::1 - - [10/Oct/2025:01:07:03 +0000] "PUT /2/84484/AUTH_7e08652c4e3e41b29e5f05d128f57ab8/gnocchi.6bb93120-c153-4097-ac4d-a376e176d9b9/1759320000.0_mean_300.0_v3" 201 - "PUT http://[::1]:8080/v1/AUTH_7e08652c4e3e41b29e5f05d128f57ab8/gnocchi.6bb93120-c153-4097-ac4d-a376e176d9b9/1759320000.0_mean_300.0_v3" "txd59e2c83535f4102a28aa-0068e85c37" "proxy-server 86594" 0.0102 "-" 93871 0
Oct 09 21:07:03 np0005479242.novalocal container-server[93569]: ::1 - - [10/Oct/2025:01:07:03 +0000] "PUT /2/103490/AUTH_7e08652c4e3e41b29e5f05d128f57ab8/gnocchi.6bb93120-c153-4097-ac4d-a376e176d9b9/1759320000.0_mean_300.0_v3" 201 - "PUT http://[::1]:8080/1/84484/AUTH_7e08652c4e3e41b29e5f05d128f57ab8/gnocchi.6bb93120-c153-4097-ac4d-a376e176d9b9/1759320000.0_mean_300.0_v3" "txd59e2c83535f4102a28aa-0068e85c37" "object-server 93870" 0.0005 "-" 93569 0
Oct 09 21:07:03 np0005479242.novalocal object-server[93870]: ::1 - - [10/Oct/2025:01:07:03 +0000] "GET /1/210225/AUTH_7e08652c4e3e41b29e5f05d128f57ab8/gnocchi.3d7f1ee5-2fe5-495f-8df5-66d456eb27aa/1759320000.0_rate%3Amean_300.0_v3" 404 70 "GET http://[::1]:8080/v1/AUTH_7e08652c4e3e41b29e5f05d128f57ab8/gnocchi.3d7f1ee5-2fe5-495f-8df5-66d456eb27aa/1759320000.0_rate%3Amean_300.0_v3" "tx5e77a8189d544ee09a6a1-0068e85c37" "proxy-server 86594" 0.0003 "-" 93870 0
Oct 09 21:07:03 np0005479242.novalocal object-server[93870]: ::1 - - [10/Oct/2025:01:07:03 +0000] "PUT /1/84484/AUTH_7e08652c4e3e41b29e5f05d128f57ab8/gnocchi.6bb93120-c153-4097-ac4d-a376e176d9b9/1759320000.0_mean_300.0_v3" 201 - "PUT http://[::1]:8080/v1/AUTH_7e08652c4e3e41b29e5f05d128f57ab8/gnocchi.6bb93120-c153-4097-ac4d-a376e176d9b9/1759320000.0_mean_300.0_v3" "txd59e2c83535f4102a28aa-0068e85c37" "proxy-server 86594" 0.0142 "-" 93870 0
Oct 09 21:07:03 np0005479242.novalocal object-server[93870]: ::1 - - [10/Oct/2025:01:07:03 +0000] "GET /3/210225/AUTH_7e08652c4e3e41b29e5f05d128f57ab8/gnocchi.3d7f1ee5-2fe5-495f-8df5-66d456eb27aa/1759320000.0_rate%3Amean_300.0_v3" 404 70 "GET http://[::1]:8080/v1/AUTH_7e08652c4e3e41b29e5f05d128f57ab8/gnocchi.3d7f1ee5-2fe5-495f-8df5-66d456eb27aa/1759320000.0_rate%3Amean_300.0_v3" "tx5e77a8189d544ee09a6a1-0068e85c37" "proxy-server 86594" 0.0002 "-" 93870 0
Oct 09 21:07:03 np0005479242.novalocal object-server[93871]: ::1 - - [10/Oct/2025:01:07:03 +0000] "GET /2/210225/AUTH_7e08652c4e3e41b29e5f05d128f57ab8/gnocchi.3d7f1ee5-2fe5-495f-8df5-66d456eb27aa/1759320000.0_rate%3Amean_300.0_v3" 404 70 "GET http://[::1]:8080/v1/AUTH_7e08652c4e3e41b29e5f05d128f57ab8/gnocchi.3d7f1ee5-2fe5-495f-8df5-66d456eb27aa/1759320000.0_rate%3Amean_300.0_v3" "tx5e77a8189d544ee09a6a1-0068e85c37" "proxy-server 86594" 0.0004 "-" 93871 0
Oct 09 21:07:03 np0005479242.novalocal proxy-server[86594]: ::1 ::1 10/Oct/2025/01/07/03 GET /v1/AUTH_7e08652c4e3e41b29e5f05d128f57ab8/gnocchi.3d7f1ee5-2fe5-495f-8df5-66d456eb27aa/1759320000.0_rate%253Amean_300.0_v3 HTTP/1.0 404 - python-swiftclient-4.5.0 gAAAAABo6Fv-PTBu... - 70 - tx5e77a8189d544ee09a6a1-0068e85c37 - 0.0105 - - 1760058423.398283243 1760058423.408771753 0
Oct 09 21:07:03 np0005479242.novalocal container-server[93568]: ::1 - - [10/Oct/2025:01:07:03 +0000] "PUT /3/103490/AUTH_7e08652c4e3e41b29e5f05d128f57ab8/gnocchi.6bb93120-c153-4097-ac4d-a376e176d9b9/1759320000.0_mean_300.0_v3" 201 - "PUT http://[::1]:8080/3/84484/AUTH_7e08652c4e3e41b29e5f05d128f57ab8/gnocchi.6bb93120-c153-4097-ac4d-a376e176d9b9/1759320000.0_mean_300.0_v3" "txd59e2c83535f4102a28aa-0068e85c37" "object-server 93871" 0.0005 "-" 93568 0
Oct 09 21:07:03 np0005479242.novalocal object-server[93871]: ::1 - - [10/Oct/2025:01:07:03 +0000] "PUT /3/84484/AUTH_7e08652c4e3e41b29e5f05d128f57ab8/gnocchi.6bb93120-c153-4097-ac4d-a376e176d9b9/1759320000.0_mean_300.0_v3" 201 - "PUT http://[::1]:8080/v1/AUTH_7e08652c4e3e41b29e5f05d128f57ab8/gnocchi.6bb93120-c153-4097-ac4d-a376e176d9b9/1759320000.0_mean_300.0_v3" "txd59e2c83535f4102a28aa-0068e85c37" "proxy-server 86594" 0.0238 "-" 93871 0
Oct 09 21:07:03 np0005479242.novalocal object-server[93870]: ::1 - - [10/Oct/2025:01:07:03 +0000] "GET /1/253547/AUTH_7e08652c4e3e41b29e5f05d128f57ab8/gnocchi.3d7f1ee5-2fe5-495f-8df5-66d456eb27aa/1759320000.0_mean_300.0_v3" 200 16 "GET http://[::1]:8080/v1/AUTH_7e08652c4e3e41b29e5f05d128f57ab8/gnocchi.3d7f1ee5-2fe5-495f-8df5-66d456eb27aa/1759320000.0_mean_300.0_v3" "tx198937770adb4c43bcc4d-0068e85c37" "proxy-server 86594" 0.0006 "-" 93870 0
Oct 09 21:07:03 np0005479242.novalocal proxy-server[86594]: ::1 ::1 10/Oct/2025/01/07/03 PUT /v1/AUTH_7e08652c4e3e41b29e5f05d128f57ab8/gnocchi.6bb93120-c153-4097-ac4d-a376e176d9b9/1759320000.0_mean_300.0_v3 HTTP/1.0 201 - python-swiftclient-4.5.0 gAAAAABo6Fv-oWcl... 16 - - txd59e2c83535f4102a28aa-0068e85c37 - 0.0404 - - 1760058423.376633644 1760058423.417061090 0
