Oct 09 21:07:03 np0005479242.novalocal proxy-server[86594]: ::1 ::1 10/Oct/2025/01/07/03 GET /v1/AUTH_7e08652c4e3e41b29e5f05d128f57ab8/gnocchi.614178a3-2288-4fe7-810d-8af681858a61/none_v3 HTTP/1.0 404 - python-swiftclient-4.5.0 gAAAAABo6Fv-PTBu... - 70 - txfe120b326f5340e78970d-0068e85c37 - 0.0453 - - 1760058423.756354570 1760058423.801656485 0
Oct 09 21:07:03 np0005479242.novalocal kernel: qvba11cf980-6a: left allmulticast mode
Oct 09 21:07:03 np0005479242.novalocal kernel: qvba11cf980-6a: left promiscuous mode
Oct 09 21:07:03 np0005479242.novalocal kernel: qbra11cf980-6a: port 1(qvba11cf980-6a) entered disabled state
Oct 09 21:07:03 np0005479242.novalocal NetworkManager[859]: [1760058423.8273] device (qbra11cf980-6a): bridge port qvba11cf980-6a was detached
Oct 09 21:07:03 np0005479242.novalocal NetworkManager[859]: [1760058423.8282] device (qbra11cf980-6a): state change: activated -> unmanaged (reason 'unmanaged', managed-type: 'removed')
Oct 09 21:07:03 np0005479242.novalocal account-server[93272]: ::1 - - [10/Oct/2025:01:07:03 +0000] "PUT /1/130220/AUTH_7e08652c4e3e41b29e5f05d128f57ab8/gnocchi.614178a3-2288-4fe7-810d-8af681858a61" 201 - "PUT http://[::1]:6001/3/132875/AUTH_7e08652c4e3e41b29e5f05d128f57ab8/gnocchi.614178a3-2288-4fe7-810d-8af681858a61" "txa4a02171565f41be9c65b-0068e85c37" "container-server 93569" 0.0596 "-" 93272 0
Oct 09 21:07:03 np0005479242.novalocal kernel: qvoa11cf980-6a: left promiscuous mode
Oct 09 21:07:03 np0005479242.novalocal account-server[93271]: ::1 - - [10/Oct/2025:01:07:03 +0000] "PUT /2/130220/AUTH_7e08652c4e3e41b29e5f05d128f57ab8/gnocchi.614178a3-2288-4fe7-810d-8af681858a61" 201 - "PUT http://[::1]:6001/2/132875/AUTH_7e08652c4e3e41b29e5f05d128f57ab8/gnocchi.614178a3-2288-4fe7-810d-8af681858a61" "txa4a02171565f41be9c65b-0068e85c37" "container-server 93568" 0.0683 "-" 93271 0
Oct 09 21:07:03 np0005479242.novalocal container-server[93569]: ::1 - - [10/Oct/2025:01:07:03 +0000] "PUT /3/132875/AUTH_7e08652c4e3e41b29e5f05d128f57ab8/gnocchi.614178a3-2288-4fe7-810d-8af681858a61" 201 - "PUT http://[::1]:8080/v1/AUTH_7e08652c4e3e41b29e5f05d128f57ab8/gnocchi.614178a3-2288-4fe7-810d-8af681858a61" "txa4a02171565f41be9c65b-0068e85c37" "proxy-server 86594" 0.0860 "-" 93569 0
Oct 09 21:07:03 np0005479242.novalocal container-server[93568]: ::1 - - [10/Oct/2025:01:07:03 +0000] "PUT /1/98558/AUTH_7e08652c4e3e41b29e5f05d128f57ab8/gnocchi.3ab3e97b-33ee-4def-a145-f38b301c7316/1759320000.0_rate%3Amean_300.0_v3" 201 - "PUT http://[::1]:8080/3/243858/AUTH_7e08652c4e3e41b29e5f05d128f57ab8/gnocchi.3ab3e97b-33ee-4def-a145-f38b301c7316/1759320000.0_rate%3Amean_300.0_v3" "tx371d7a747a2649dca4551-0068e85c37" "object-server 93870" 0.0005 "-" 93568 0
Oct 09 21:07:03 np0005479242.novalocal object-server[93870]: ::1 - - [10/Oct/2025:01:07:03 +0000] "PUT /3/243858/AUTH_7e08652c4e3e41b29e5f05d128f57ab8/gnocchi.3ab3e97b-33ee-4def-a145-f38b301c7316/1759320000.0_rate%3Amean_300.0_v3" 201 - "PUT http://[::1]:8080/v1/AUTH_7e08652c4e3e41b29e5f05d128f57ab8/gnocchi.3ab3e97b-33ee-4def-a145-f38b301c7316/1759320000.0_rate%3Amean_300.0_v3" "tx371d7a747a2649dca4551-0068e85c37" "proxy-server 86594" 0.0972 "-" 93870 0
Oct 09 21:07:03 np0005479242.novalocal container-server[93568]: ::1 - - [10/Oct/2025:01:07:03 +0000] "PUT /3/98558/AUTH_7e08652c4e3e41b29e5f05d128f57ab8/gnocchi.3ab3e97b-33ee-4def-a145-f38b301c7316/1759320000.0_rate%3Amean_300.0_v3" 201 - "PUT http://[::1]:8080/2/243858/AUTH_7e08652c4e3e41b29e5f05d128f57ab8/gnocchi.3ab3e97b-33ee-4def-a145-f38b301c7316/1759320000.0_rate%3Amean_300.0_v3" "tx371d7a747a2649dca4551-0068e85c37" "object-server 93870" 0.0003 "-" 93568 0
Oct 09 21:07:03 np0005479242.novalocal object-server[93870]: ::1 - - [10/Oct/2025:01:07:03 +0000] "PUT /2/243858/AUTH_7e08652c4e3e41b29e5f05d128f57ab8/gnocchi.3ab3e97b-33ee-4def-a145-f38b301c7316/1759320000.0_rate%3Amean_300.0_v3" 201 - "PUT http://[::1]:8080/v1/AUTH_7e08652c4e3e41b29e5f05d128f57ab8/gnocchi.3ab3e97b-33ee-4def-a145-f38b301c7316/1759320000.0_rate%3Amean_300.0_v3" "tx371d7a747a2649dca4551-0068e85c37" "proxy-server 86594" 0.1029 "-" 93870 0
Oct 09 21:07:03 np0005479242.novalocal container-server[93568]: ::1 - - [10/Oct/2025:01:07:03 +0000] "PUT /2/98558/AUTH_7e08652c4e3e41b29e5f05d128f57ab8/gnocchi.3ab3e97b-33ee-4def-a145-f38b301c7316/1759320000.0_rate%3Amean_300.0_v3" 201 - "PUT http://[::1]:8080/1/243858/AUTH_7e08652c4e3e41b29e5f05d128f57ab8/gnocchi.3ab3e97b-33ee-4def-a145-f38b301c7316/1759320000.0_rate%3Amean_300.0_v3" "tx371d7a747a2649dca4551-0068e85c37" "object-server 93870" 0.0003 "-" 93568 0
Oct 09 21:07:03 np0005479242.novalocal object-server[93870]: ::1 - - [10/Oct/2025:01:07:03 +0000] "PUT /1/243858/AUTH_7e08652c4e3e41b29e5f05d128f57ab8/gnocchi.3ab3e97b-33ee-4def-a145-f38b301c7316/1759320000.0_rate%3Amean_300.0_v3" 201 - "PUT http://[::1]:8080/v1/AUTH_7e08652c4e3e41b29e5f05d128f57ab8/gnocchi.3ab3e97b-33ee-4def-a145-f38b301c7316/1759320000.0_rate%3Amean_300.0_v3" "tx371d7a747a2649dca4551-0068e85c37" "proxy-server 86594" 0.1008 "-" 93870 0
Oct 09 21:07:03 np0005479242.novalocal container-server[93568]: ::1 - - [10/Oct/2025:01:07:03 +0000] "PUT /2/132875/AUTH_7e08652c4e3e41b29e5f05d128f57ab8/gnocchi.614178a3-2288-4fe7-810d-8af681858a61" 201 - "PUT http://[::1]:8080/v1/AUTH_7e08652c4e3e41b29e5f05d128f57ab8/gnocchi.614178a3-2288-4fe7-810d-8af681858a61" "txa4a02171565f41be9c65b-0068e85c37" "proxy-server 86594" 0.0986 "-" 93568 0
Oct 09 21:07:03 np0005479242.novalocal proxy-server[86594]: ::1 ::1 10/Oct/2025/01/07/03 PUT /v1/AUTH_7e08652c4e3e41b29e5f05d128f57ab8/gnocchi.3ab3e97b-33ee-4def-a145-f38b301c7316/1759320000.0_rate%253Amean_300.0_v3 HTTP/1.0 201 - python-swiftclient-4.5.0 gAAAAABo6Fv-oWcl... 16 - - tx371d7a747a2649dca4551-0068e85c37 - 0.1114 - - 1760058423.803310394 1760058423.914750576 0
Oct 09 21:07:03 np0005479242.novalocal account-server[93271]: ::1 - - [10/Oct/2025:01:07:03 +0000] "PUT /3/130220/AUTH_7e08652c4e3e41b29e5f05d128f57ab8/gnocchi.614178a3-2288-4fe7-810d-8af681858a61" 201 - "PUT http://[::1]:6001/1/132875/AUTH_7e08652c4e3e41b29e5f05d128f57ab8/gnocchi.614178a3-2288-4fe7-810d-8af681858a61" "txa4a02171565f41be9c65b-0068e85c37" "container-server 93568" 0.0034 "-" 93271 0
Oct 09 21:07:03 np0005479242.novalocal container-server[93568]: ::1 - - [10/Oct/2025:01:07:03 +0000] "PUT /1/132875/AUTH_7e08652c4e3e41b29e5f05d128f57ab8/gnocchi.614178a3-2288-4fe7-810d-8af681858a61" 201 - "PUT http://[::1]:8080/v1/AUTH_7e08652c4e3e41b29e5f05d128f57ab8/gnocchi.614178a3-2288-4fe7-810d-8af681858a61" "txa4a02171565f41be9c65b-0068e85c37" "proxy-server 86594" 0.0892 "-" 93568 0
Oct 09 21:07:03 np0005479242.novalocal proxy-server[86594]: ::1 ::1 10/Oct/2025/01/07/03 PUT /v1/AUTH_7e08652c4e3e41b29e5f05d128f57ab8/gnocchi.614178a3-2288-4fe7-810d-8af681858a61 HTTP/1.0 201 - python-swiftclient-4.5.0 gAAAAABo6Fv-PTBu... - - - txa4a02171565f41be9c65b-0068e85c37 - 0.1130 - - 1760058423.809514761 1760058423.922563314 0
Oct 09 21:07:03 np0005479242.novalocal container-server[93568]: ::1 - - [10/Oct/2025:01:07:03 +0000] "HEAD /3/132875/AUTH_7e08652c4e3e41b29e5f05d128f57ab8/gnocchi.614178a3-2288-4fe7-810d-8af681858a61" 204 - "HEAD http://[::1]:8080/v1/AUTH_7e08652c4e3e41b29e5f05d128f57ab8/gnocchi.614178a3-2288-4fe7-810d-8af681858a61" "tx329d31b9dc83433a8e5a3-0068e85c37" "proxy-server 86594" 0.0010 "-" 93568 0
Oct 09 21:07:03 np0005479242.novalocal proxy-server[86594]: - - 10/Oct/2025/01/07/03 HEAD /v1/AUTH_7e08652c4e3e41b29e5f05d128f57ab8/gnocchi.614178a3-2288-4fe7-810d-8af681858a61 HTTP/1.0 204 - Swift - - - - tx329d31b9dc83433a8e5a3-0068e85c37 - 0.0033 CS - 1760058423.934550285 1760058423.937868595 0
Oct 09 21:07:03 np0005479242.novalocal container-server[93568]: ::1 - - [10/Oct/2025:01:07:03 +0000] "GET /1/132875/AUTH_7e08652c4e3e41b29e5f05d128f57ab8/gnocchi.614178a3-2288-4fe7-810d-8af681858a61" 200 2 "GET http://[::1]:8080/v1/AUTH_7e08652c4e3e41b29e5f05d128f57ab8/gnocchi.614178a3-2288-4fe7-810d-8af681858a61?format=json&states=listing" "tx329d31b9dc83433a8e5a3-0068e85c37" "proxy-server 86594" 0.0015 "-" 93568 0
Oct 09 21:07:03 np0005479242.novalocal proxy-server[86594]: ::1 ::1 10/Oct/2025/01/07/03 GET /v1/AUTH_7e08652c4e3e41b29e5f05d128f57ab8/gnocchi.614178a3-2288-4fe7-810d-8af681858a61%3Fformat%3Djson%26states%3Dlisting HTTP/1.0 200 - python-swiftclient-4.5.0 gAAAAABo6Fv-PTBu... - 2 - tx329d31b9dc83433a8e5a3-0068e85c37 - 0.0117 - - 1760058423.933195114 1760058423.944850922 0
Oct 09 21:07:03 np0005479242.novalocal container-server[93568]: ::1 - - [10/Oct/2025:01:07:03 +0000] "PUT /3/98558/AUTH_7e08652c4e3e41b29e5f05d128f57ab8/gnocchi.3ab3e97b-33ee-4def-a145-f38b301c7316/1759320000.0_mean_300.0_v3" 201 - "PUT http://[::1]:8080/1/221278/AUTH_7e08652c4e3e41b29e5f05d128f57ab8/gnocchi.3ab3e97b-33ee-4def-a145-f38b301c7316/1759320000.0_mean_300.0_v3" "tx3436112a009a427f85143-0068e85c37" "object-server 93871" 0.0004 "-" 93568 0
Oct 09 21:07:03 np0005479242.novalocal object-server[93871]: ::1 - - [10/Oct/2025:01:07:03 +0000] "PUT /1/221278/AUTH_7e08652c4e3e41b29e5f05d128f57ab8/gnocchi.3ab3e97b-33ee-4def-a145-f38b301c7316/1759320000.0_mean_300.0_v3" 201 - "PUT http://[::1]:8080/v1/AUTH_7e08652c4e3e41b29e5f05d128f57ab8/gnocchi.3ab3e97b-33ee-4def-a145-f38b301c7316/1759320000.0_mean_300.0_v3" "tx3436112a009a427f85143-0068e85c37" "proxy-server 86594" 0.0180 "-" 93871 0
Oct 09 21:07:03 np0005479242.novalocal object-server[93871]: ::1 - - [10/Oct/2025:01:07:03 +0000] "GET /1/155768/AUTH_7e08652c4e3e41b29e5f05d128f57ab8/gnocchi.614178a3-2288-4fe7-810d-8af681858a61/1759320000.0_mean_300.0_v3" 404 70 "GET http://[::1]:8080/v1/AUTH_7e08652c4e3e41b29e5f05d128f57ab8/gnocchi.614178a3-2288-4fe7-810d-8af681858a61/1759320000.0_mean_300.0_v3" "txcf2a1e52cb9c40a5b73f8-0068e85c37" "proxy-server 86594" 0.0003 "-" 93871 0
Oct 09 21:07:03 np0005479242.novalocal container-server[93569]: ::1 - - [10/Oct/2025:01:07:03 +0000] "PUT /2/98558/AUTH_7e08652c4e3e41b29e5f05d128f57ab8/gnocchi.3ab3e97b-33ee-4def-a145-f38b301c7316/1759320000.0_mean_300.0_v3" 201 - "PUT http://[::1]:8080/3/221278/AUTH_7e08652c4e3e41b29e5f05d128f57ab8/gnocchi.3ab3e97b-33ee-4def-a145-f38b301c7316/1759320000.0_mean_300.0_v3" "tx3436112a009a427f85143-0068e85c37" "object-server 93871" 0.0005 "-" 93569 0
Oct 09 21:07:03 np0005479242.novalocal object-server[93870]: ::1 - - [10/Oct/2025:01:07:03 +0000] "GET /3/155768/AUTH_7e08652c4e3e41b29e5f05d128f57ab8/gnocchi.614178a3-2288-4fe7-810d-8af681858a61/1759320000.0_mean_300.0_v3" 404 70 "GET http://[::1]:8080/v1/AUTH_7e08652c4e3e41b29e5f05d128f57ab8/gnocchi.614178a3-2288-4fe7-810d-8af681858a61/1759320000.0_mean_300.0_v3" "txcf2a1e52cb9c40a5b73f8-0068e85c37" "proxy-server 86594" 0.0003 "-" 93870 0
Oct 09 21:07:03 np0005479242.novalocal object-server[93871]: ::1 - - [10/Oct/2025:01:07:03 +0000] "PUT /3/221278/AUTH_7e08652c4e3e41b29e5f05d128f57ab8/gnocchi.3ab3e97b-33ee-4def-a145-f38b301c7316/1759320000.0_mean_300.0_v3" 201 - "PUT http://[::1]:8080/v1/AUTH_7e08652c4e3e41b29e5f05d128f57ab8/gnocchi.3ab3e97b-33ee-4def-a145-f38b301c7316/1759320000.0_mean_300.0_v3" "tx3436112a009a427f85143-0068e85c37" "proxy-server 86594" 0.0220 "-" 93871 0
Oct 09 21:07:03 np0005479242.novalocal object-server[93870]: ::1 - - [10/Oct/2025:01:07:03 +0000] "GET /2/155768/AUTH_7e08652c4e3e41b29e5f05d128f57ab8/gnocchi.614178a3-2288-4fe7-810d-8af681858a61/1759320000.0_mean_300.0_v3" 404 70 "GET http://[::1]:8080/v1/AUTH_7e08652c4e3e41b29e5f05d128f57ab8/gnocchi.614178a3-2288-4fe7-810d-8af681858a61/1759320000.0_mean_300.0_v3" "txcf2a1e52cb9c40a5b73f8-0068e85c37" "proxy-server 86594" 0.0001 "-" 93870 0
Oct 09 21:07:03 np0005479242.novalocal proxy-server[86594]: ::1 ::1 10/Oct/2025/01/07/03 GET /v1/AUTH_7e08652c4e3e41b29e5f05d128f57ab8/gnocchi.614178a3-2288-4fe7-810d-8af681858a61/1759320000.0_mean_300.0_v3 HTTP/1.0 404 - python-swiftclient-4.5.0 gAAAAABo6Fv-PTBu... - 70 - txcf2a1e52cb9c40a5b73f8-0068e85c37 - 0.0110 - - 1760058423.947935343 1760058423.958921194 0
Oct 09 21:07:03 np0005479242.novalocal container-server[93569]: ::1 - - [10/Oct/2025:01:07:03 +0000] "PUT /1/98558/AUTH_7e08652c4e3e41b29e5f05d128f57ab8/gnocchi.3ab3e97b-33ee-4def-a145-f38b301c7316/1759320000.0_mean_300.0_v3" 201 - "PUT http://[::1]:8080/2/221278/AUTH_7e08652c4e3e41b29e5f05d128f57ab8/gnocchi.3ab3e97b-33ee-4def-a145-f38b301c7316/1759320000.0_mean_300.0_v3" "tx3436112a009a427f85143-0068e85c37" "object-server 93871" 0.0004 "-" 93569 0
Oct 09 21:07:03 np0005479242.novalocal object-server[93871]: ::1 - - [10/Oct/2025:01:07:03 +0000] "PUT /2/221278/AUTH_7e08652c4e3e41b29e5f05d128f57ab8/gnocchi.3ab3e97b-33ee-4def-a145-f38b301c7316/1759320000.0_mean_300.0_v3" 201 - "PUT http://[::1]:8080/v1/AUTH_7e08652c4e3e41b29e5f05d128f57ab8/gnocchi.3ab3e97b-33ee-4def-a145-f38b301c7316/1759320000.0_mean_300.0_v3" "tx3436112a009a427f85143-0068e85c37" "proxy-server 86594" 0.0234 "-" 93871 0
Oct 09 21:07:03 np0005479242.novalocal proxy-server[86594]: ::1 ::1 10/Oct/2025/01/07/03 PUT /v1/AUTH_7e08652c4e3e41b29e5f05d128f57ab8/gnocchi.3ab3e97b-33ee-4def-a145-f38b301c7316/1759320000.0_mean_300.0_v3 HTTP/1.0 201 - python-swiftclient-4.5.0 gAAAAABo6Fv-oWcl... 16 - - tx3436112a009a427f85143-0068e85c37 - 0.0335 - - 1760058423.927314520 1760058423.960800409 0
Oct 09 21:07:03 np0005479242.novalocal container-server[93569]: ::1 - - [10/Oct/2025:01:07:03 +0000] "PUT /3/132875/AUTH_7e08652c4e3e41b29e5f05d128f57ab8/gnocchi.614178a3-2288-4fe7-810d-8af681858a61/1759320000.0_mean_300.0_v3" 201 - "PUT http://[::1]:8080/1/155768/AUTH_7e08652c4e3e41b29e5f05d128f57ab8/gnocchi.614178a3-2288-4fe7-810d-8af681858a61/1759320000.0_mean_300.0_v3" "txbc1bb2aac5d4402188981-0068e85c37" "object-server 93870" 0.0009 "-" 93569 0
Oct 09 21:07:03 np0005479242.novalocal object-server[93870]: ::1 - - [10/Oct/2025:01:07:03 +0000] "PUT /1/155768/AUTH_7e08652c4e3e41b29e5f05d128f57ab8/gnocchi.614178a3-2288-4fe7-810d-8af681858a61/1759320000.0_mean_300.0_v3" 201 - "PUT http://[::1]:8080/v1/AUTH_7e08652c4e3e41b29e5f05d128f57ab8/gnocchi.614178a3-2288-4fe7-810d-8af681858a61/1759320000.0_mean_300.0_v3" "txbc1bb2aac5d4402188981-0068e85c37" "proxy-server 86594" 0.0132 "-" 93870 0
Oct 09 21:07:03 np0005479242.novalocal container-server[93569]: ::1 - - [10/Oct/2025:01:07:03 +0000] "PUT /2/132875/AUTH_7e08652c4e3e41b29e5f05d128f57ab8/gnocchi.614178a3-2288-4fe7-810d-8af681858a61/1759320000.0_mean_300.0_v3" 201 - "PUT http://[::1]:8080/2/155768/AUTH_7e08652c4e3e41b29e5f05d128f57ab8/gnocchi.614178a3-2288-4fe7-810d-8af681858a61/1759320000.0_mean_300.0_v3" "txbc1bb2aac5d4402188981-0068e85c37" "object-server 93870" 0.0019 "-" 93569 0
Oct 09 21:07:03 np0005479242.novalocal object-server[93870]: ::1 - - [10/Oct/2025:01:07:03 +0000] "PUT /2/155768/AUTH_7e08652c4e3e41b29e5f05d128f57ab8/gnocchi.614178a3-2288-4fe7-810d-8af681858a61/1759320000.0_mean_300.0_v3" 201 - "PUT http://[::1]:8080/v1/AUTH_7e08652c4e3e41b29e5f05d128f57ab8/gnocchi.614178a3-2288-4fe7-810d-8af681858a61/1759320000.0_mean_300.0_v3" "txbc1bb2aac5d4402188981-0068e85c37" "proxy-server 86594" 0.0164 "-" 93870 0
Oct 09 21:07:03 np0005479242.novalocal container-server[93569]: ::1 - - [10/Oct/2025:01:07:03 +0000] "PUT /1/132875/AUTH_7e08652c4e3e41b29e5f05d128f57ab8/gnocchi.614178a3-2288-4fe7-810d-8af681858a61/1759320000.0_mean_300.0_v3" 201 - "PUT http://[::1]:8080/3/155768/AUTH_7e08652c4e3e41b29e5f05d128f57ab8/gnocchi.614178a3-2288-4fe7-810d-8af681858a61/1759320000.0_mean_300.0_v3" "txbc1bb2aac5d4402188981-0068e85c37" "object-server 93871" 0.0004 "-" 93569 0
Oct 09 21:07:03 np0005479242.novalocal container-server[93568]: ::1 - - [10/Oct/2025:01:07:03 +0000] "PUT /1/98558/AUTH_7e08652c4e3e41b29e5f05d128f57ab8/gnocchi.3ab3e97b-33ee-4def-a145-f38b301c7316/none_v3" 201 - "PUT http://[::1]:8080/3/195965/AUTH_7e08652c4e3e41b29e5f05d128f57ab8/gnocchi.3ab3e97b-33ee-4def-a145-f38b301c7316/none_v3" "txf3c0c35f5f6644ff970f1-0068e85c37" "object-server 93870" 0.0006 "-" 93568 0
Oct 09 21:07:03 np0005479242.novalocal object-server[93871]: ::1 - - [10/Oct/2025:01:07:03 +0000] "PUT /3/155768/AUTH_7e08652c4e3e41b29e5f05d128f57ab8/gnocchi.614178a3-2288-4fe7-810d-8af681858a61/1759320000.0_mean_300.0_v3" 201 - "PUT http://[::1]:8080/v1/AUTH_7e08652c4e3e41b29e5f05d128f57ab8/gnocchi.614178a3-2288-4fe7-810d-8af681858a61/1759320000.0_mean_300.0_v3" "txbc1bb2aac5d4402188981-0068e85c37" "proxy-server 86594" 0.0169 "-" 93871 0
Oct 09 21:07:03 np0005479242.novalocal container-server[93569]: ::1 - - [10/Oct/2025:01:07:03 +0000] "PUT /3/98558/AUTH_7e08652c4e3e41b29e5f05d128f57ab8/gnocchi.3ab3e97b-33ee-4def-a145-f38b301c7316/none_v3" 201 - "PUT http://[::1]:8080/1/195965/AUTH_7e08652c4e3e41b29e5f05d128f57ab8/gnocchi.3ab3e97b-33ee-4def-a145-f38b301c7316/none_v3" "txf3c0c35f5f6644ff970f1-0068e85c37" "object-server 93871" 0.0004 "-" 93569 0
Oct 09 21:07:03 np0005479242.novalocal object-server[93870]: ::1 - - [10/Oct/2025:01:07:03 +0000] "PUT /3/195965/AUTH_7e08652c4e3e41b29e5f05d128f57ab8/gnocchi.3ab3e97b-33ee-4def-a145-f38b301c7316/none_v3" 201 - "PUT http://[::1]:8080/v1/AUTH_7e08652c4e3e41b29e5f05d128f57ab8/gnocchi.3ab3e97b-33ee-4def-a145-f38b301c7316/none_v3" "txf3c0c35f5f6644ff970f1-0068e85c37" "proxy-server 86594" 0.0145 "-" 93870 0
Oct 09 21:07:03 np0005479242.novalocal object-server[93871]: ::1 - - [10/Oct/2025:01:07:03 +0000] "PUT /1/195965/AUTH_7e08652c4e3e41b29e5f05d128f57ab8/gnocchi.3ab3e97b-33ee-4def-a145-f38b301c7316/none_v3" 201 - "PUT http://[::1]:8080/v1/AUTH_7e08652c4e3e41b29e5f05d128f57ab8/gnocchi.3ab3e97b-33ee-4def-a145-f38b301c7316/none_v3" "txf3c0c35f5f6644ff970f1-0068e85c37" "proxy-server 86594" 0.0121 "-" 93871 0
Oct 09 21:07:03 np0005479242.novalocal proxy-server[86594]: ::1 ::1 10/Oct/2025/01/07/03 PUT /v1/AUTH_7e08652c4e3e41b29e5f05d128f57ab8/gnocchi.614178a3-2288-4fe7-810d-8af681858a61/1759320000.0_mean_300.0_v3 HTTP/1.0 201 - python-swiftclient-4.5.0 gAAAAABo6Fv-PTBu... 16 - - txbc1bb2aac5d4402188981-0068e85c37 - 0.0242 - - 1760058423.961753845 1760058423.985963583 0
Oct 09 21:07:03 np0005479242.novalocal container-server[93569]: ::1 - - [10/Oct/2025:01:07:03 +0000] "PUT /2/98558/AUTH_7e08652c4e3e41b29e5f05d128f57ab8/gnocchi.3ab3e97b-33ee-4def-a145-f38b301c7316/none_v3" 201 - "PUT http://[::1]:8080/2/195965/AUTH_7e08652c4e3e41b29e5f05d128f57ab8/gnocchi.3ab3e97b-33ee-4def-a145-f38b301c7316/none_v3" "txf3c0c35f5f6644ff970f1-0068e85c37" "object-server 93870" 0.0023 "-" 93569 0
Oct 09 21:07:03 np0005479242.novalocal object-server[93870]: ::1 - - [10/Oct/2025:01:07:03 +0000] "PUT /2/195965/AUTH_7e08652c4e3e41b29e5f05d128f57ab8/gnocchi.3ab3e97b-33ee-4def-a145-f38b301c7316/none_v3" 201 - "PUT http://[::1]:8080/v1/AUTH_7e08652c4e3e41b29e5f05d128f57ab8/gnocchi.3ab3e97b-33ee-4def-a145-f38b301c7316/none_v3" "txf3c0c35f5f6644ff970f1-0068e85c37" "proxy-server 86594" 0.0156 "-" 93870 0
Oct 09 21:07:04 np0005479242.novalocal proxy-server[86594]: ::1 ::1 10/Oct/2025/01/07/04 PUT /v1/AUTH_7e08652c4e3e41b29e5f05d128f57ab8/gnocchi.3ab3e97b-33ee-4def-a145-f38b301c7316/none_v3 HTTP/1.0 201 - python-swiftclient-4.5.0 gAAAAABo6Fv-oWcl... 27 - - txf3c0c35f5f6644ff970f1-0068e85c37 - 0.0462 - - 1760058423.966236591 1760058424.012411833 0
Oct 09 21:07:04 np0005479242.novalocal object-server[93870]: ::1 - - [10/Oct/2025:01:07:04 +0000] "GET /3/14143/AUTH_7e08652c4e3e41b29e5f05d128f57ab8/gnocchi.9efc94b2-7daa-4d9a-8d58-9bc7a0cbed17/none_v3" 200 22 "GET http://[::1]:8080/v1/AUTH_7e08652c4e3e41b29e5f05d128f57ab8/gnocchi.9efc94b2-7daa-4d9a-8d58-9bc7a0cbed17/none_v3" "tx3d4d534e4abb49ac810c2-0068e85c38" "proxy-server 86594" 0.0005 "-" 93870 0
Oct 09 21:07:04 np0005479242.novalocal proxy-server[86594]: ::1 ::1 10/Oct/2025/01/07/04 GET /v1/AUTH_7e08652c4e3e41b29e5f05d128f57ab8/gnocchi.9efc94b2-7daa-4d9a-8d58-9bc7a0cbed17/none_v3 HTTP/1.0 200 - python-swiftclient-4.5.0 gAAAAABo6Fv-oWcl... - 22 - tx3d4d534e4abb49ac810c2-0068e85c38 - 0.0065 - - 1760058424.022540331 1760058424.029000521 0
Oct 09 21:07:04 np0005479242.novalocal container-server[93568]: ::1 - - [10/Oct/2025:01:07:04 +0000] "PUT /3/132875/AUTH_7e08652c4e3e41b29e5f05d128f57ab8/gnocchi.614178a3-2288-4fe7-810d-8af681858a61/none_v3" 201 - "PUT http://[::1]:8080/2/41629/AUTH_7e08652c4e3e41b29e5f05d128f57ab8/gnocchi.614178a3-2288-4fe7-810d-8af681858a61/none_v3" "tx4471e297537b42fbb61ba-0068e85c37" "object-server 93870" 0.0006 "-" 93568 0
Oct 09 21:07:04 np0005479242.novalocal object-server[93870]: ::1 - - [10/Oct/2025:01:07:04 +0000] "PUT /2/41629/AUTH_7e08652c4e3e41b29e5f05d128f57ab8/gnocchi.614178a3-2288-4fe7-810d-8af681858a61/none_v3" 201 - "PUT http://[::1]:8080/v1/AUTH_7e08652c4e3e41b29e5f05d128f57ab8/gnocchi.614178a3-2288-4fe7-810d-8af681858a61/none_v3" "tx4471e297537b42fbb61ba-0068e85c37" "proxy-server 86594" 0.0198 "-" 93870 0
Oct 09 21:07:04 np0005479242.novalocal container-server[93569]: ::1 - - [10/Oct/2025:01:07:04 +0000] "PUT /2/132875/AUTH_7e08652c4e3e41b29e5f05d128f57ab8/gnocchi.614178a3-2288-4fe7-810d-8af681858a61/none_v3" 201 - "PUT http://[::1]:8080/3/41629/AUTH_7e08652c4e3e41b29e5f05d128f57ab8/gnocchi.614178a3-2288-4fe7-810d-8af681858a61/none_v3" "tx4471e297537b42fbb61ba-0068e85c37" "object-server 93871" 0.0006 "-" 93569 0
Oct 09 21:07:04 np0005479242.novalocal object-server[93871]: ::1 - - [10/Oct/2025:01:07:04 +0000] "PUT /3/41629/AUTH_7e08652c4e3e41b29e5f05d128f57ab8/gnocchi.614178a3-2288-4fe7-810d-8af681858a61/none_v3" 201 - "PUT http://[::1]:8080/v1/AUTH_7e08652c4e3e41b29e5f05d128f57ab8/gnocchi.614178a3-2288-4fe7-810d-8af681858a61/none_v3" "tx4471e297537b42fbb61ba-0068e85c37" "proxy-server 86594" 0.0193 "-" 93871 0
Oct 09 21:07:04 np0005479242.novalocal container-server[93568]: ::1 - - [10/Oct/2025:01:07:04 +0000] "PUT /1/132875/AUTH_7e08652c4e3e41b29e5f05d128f57ab8/gnocchi.614178a3-2288-4fe7-810d-8af681858a61/none_v3" 201 - "PUT http://[::1]:8080/1/41629/AUTH_7e08652c4e3e41b29e5f05d128f57ab8/gnocchi.614178a3-2288-4fe7-810d-8af681858a61/none_v3" "tx4471e297537b42fbb61ba-0068e85c37" "object-server 93871" 0.0004 "-" 93568 0
Oct 09 21:07:04 np0005479242.novalocal object-server[93871]: ::1 - - [10/Oct/2025:01:07:04 +0000] "PUT /1/41629/AUTH_7e08652c4e3e41b29e5f05d128f57ab8/gnocchi.614178a3-2288-4fe7-810d-8af681858a61/none_v3" 201 - "PUT http://[::1]:8080/v1/AUTH_7e08652c4e3e41b29e5f05d128f57ab8/gnocchi.614178a3-2288-4fe7-810d-8af681858a61/none_v3" "tx4471e297537b42fbb61ba-0068e85c37" "proxy-server 86594" 0.0162 "-" 93871 0
Oct 09 21:07:04 np0005479242.novalocal object-server[93870]: ::1 - - [10/Oct/2025:01:07:04 +0000] "GET /1/116990/AUTH_7e08652c4e3e41b29e5f05d128f57ab8/gnocchi.b0534368-9e34-48ad-b922-667751c69097/none_v3" 200 44 "GET http://[::1]:8080/v1/AUTH_7e08652c4e3e41b29e5f05d128f57ab8/gnocchi.b0534368-9e34-48ad-b922-667751c69097/none_v3" "tx905e23ac5c1e46f084023-0068e85c38" "proxy-server 86594" 0.0007 "-" 93870 0
Oct 09 21:07:04 np0005479242.novalocal proxy-server[86594]: ::1 ::1 10/Oct/2025/01/07/04 PUT /v1/AUTH_7e08652c4e3e41b29e5f05d128f57ab8/gnocchi.614178a3-2288-4fe7-810d-8af681858a61/none_v3 HTTP/1.0 201 - python-swiftclient-4.5.0 gAAAAABo6Fv-PTBu... 22 - - tx4471e297537b42fbb61ba-0068e85c37 - 0.0487 - - 1760058423.988445282 1760058424.037189960 0
Oct 09 21:07:04 np0005479242.novalocal proxy-server[86594]: ::1 ::1 10/Oct/2025/01/07/04 GET /v1/AUTH_7e08652c4e3e41b29e5f05d128f57ab8/gnocchi.b0534368-9e34-48ad-b922-667751c69097/none_v3 HTTP/1.0 200 - python-swiftclient-4.5.0 gAAAAABo6Fv-oWcl... - 44 - tx905e23ac5c1e46f084023-0068e85c38 - 0.0081 - - 1760058424.031806231 1760058424.039875507 0
Oct 09 21:07:04 np0005479242.novalocal object-server[87205]: Starting object reconstruction pass.
Oct 09 21:07:04 np0005479242.novalocal object-server[87205]: Nothing reconstructed for 0.00029277801513671875 seconds.
Oct 09 21:07:04 np0005479242.novalocal object-server[87205]: Object reconstruction complete. (0.00 minutes)
Oct 09 21:07:04 np0005479242.novalocal container-server[93568]: ::1 - - [10/Oct/2025:01:07:04 +0000] "GET /2/121849/AUTH_7e08652c4e3e41b29e5f05d128f57ab8/gnocchi.9efc94b2-7daa-4d9a-8d58-9bc7a0cbed17" 200 357 "GET http://[::1]:8080/v1/AUTH_7e08652c4e3e41b29e5f05d128f57ab8/gnocchi.9efc94b2-7daa-4d9a-8d58-9bc7a0cbed17?format=json&states=listing" "tx39c9deb846f54407a33f0-0068e85c38" "proxy-server 86594" 0.0030 "-" 93568 0
Oct 09 21:07:04 np0005479242.novalocal object-server[93870]: ::1 - - [10/Oct/2025:01:07:04 +0000] "GET /1/164327/AUTH_7e08652c4e3e41b29e5f05d128f57ab8/gnocchi.e509e1af-e0a9-4e1f-af2b-105e2d527491/none_v3" 200 51 "GET http://[::1]:8080/v1/AUTH_7e08652c4e3e41b29e5f05d128f57ab8/gnocchi.e509e1af-e0a9-4e1f-af2b-105e2d527491/none_v3" "txb528e27620a34f1c9e916-0068e85c38" "proxy-server 86594" 0.0008 "-" 93870 0
Oct 09 21:07:04 np0005479242.novalocal proxy-server[86594]: ::1 ::1 10/Oct/2025/01/07/04 GET /v1/AUTH_7e08652c4e3e41b29e5f05d128f57ab8/gnocchi.9efc94b2-7daa-4d9a-8d58-9bc7a0cbed17%3Fformat%3Djson%26states%3Dlisting HTTP/1.0 200 - python-swiftclient-4.5.0 gAAAAABo6Fv-oWcl... - 357 - tx39c9deb846f54407a33f0-0068e85c38 - 0.0126 - - 1760058424.043480158 1760058424.056059122 0
Oct 09 21:07:04 np0005479242.novalocal proxy-server[86594]: ::1 ::1 10/Oct/2025/01/07/04 GET /v1/AUTH_7e08652c4e3e41b29e5f05d128f57ab8/gnocchi.e509e1af-e0a9-4e1f-af2b-105e2d527491/none_v3 HTTP/1.0 200 - python-swiftclient-4.5.0 gAAAAABo6Fv-PTBu... - 51 - txb528e27620a34f1c9e916-0068e85c38 - 0.0133 - - 1760058424.045357943 1760058424.058694124 0
Oct 09 21:07:04 np0005479242.novalocal container-server[93569]: ::1 - - [10/Oct/2025:01:07:04 +0000] "GET /3/121849/AUTH_7e08652c4e3e41b29e5f05d128f57ab8/gnocchi.9efc94b2-7daa-4d9a-8d58-9bc7a0cbed17" 200 2 "GET http://[::1]:8080/v1/AUTH_7e08652c4e3e41b29e5f05d128f57ab8/gnocchi.9efc94b2-7daa-4d9a-8d58-9bc7a0cbed17?format=json&marker=none_v3&states=listing" "tx1a5e9ebf1ce44221be866-0068e85c38" "proxy-server 86594" 0.0058 "-" 93569 0
Oct 09 21:07:04 np0005479242.novalocal proxy-server[86594]: ::1 ::1 10/Oct/2025/01/07/04 GET /v1/AUTH_7e08652c4e3e41b29e5f05d128f57ab8/gnocchi.9efc94b2-7daa-4d9a-8d58-9bc7a0cbed17%3Fformat%3Djson%26marker%3Dnone_v3%26states%3Dlisting HTTP/1.0 200 - python-swiftclient-4.5.0 gAAAAABo6Fv-oWcl... - 2 - tx1a5e9ebf1ce44221be866-0068e85c38 - 0.0129 - - 1760058424.059874773 1760058424.072770834 0
Oct 09 21:07:04 np0005479242.novalocal container-server[93569]: ::1 - - [10/Oct/2025:01:07:04 +0000] "GET /1/94573/AUTH_7e08652c4e3e41b29e5f05d128f57ab8/gnocchi.e509e1af-e0a9-4e1f-af2b-105e2d527491" 200 357 "GET http://[::1]:8080/v1/AUTH_7e08652c4e3e41b29e5f05d128f57ab8/gnocchi.e509e1af-e0a9-4e1f-af2b-105e2d527491?format=json&states=listing" "tx09109a621a8945c59b5a4-0068e85c38" "proxy-server 86594" 0.0023 "-" 93569 0
Oct 09 21:07:04 np0005479242.novalocal proxy-server[86594]: ::1 ::1 10/Oct/2025/01/07/04 GET /v1/AUTH_7e08652c4e3e41b29e5f05d128f57ab8/gnocchi.e509e1af-e0a9-4e1f-af2b-105e2d527491%3Fformat%3Djson%26states%3Dlisting HTTP/1.0 200 - python-swiftclient-4.5.0 gAAAAABo6Fv-PTBu... - 357 - tx09109a621a8945c59b5a4-0068e85c38 - 0.0166 - - 1760058424.061742306 1760058424.078356981 0
Oct 09 21:07:04 np0005479242.novalocal container-server[93569]: ::1 - - [10/Oct/2025:01:07:04 +0000] "GET /2/235674/AUTH_7e08652c4e3e41b29e5f05d128f57ab8/gnocchi.b0534368-9e34-48ad-b922-667751c69097" 200 357 "GET http://[::1]:8080/v1/AUTH_7e08652c4e3e41b29e5f05d128f57ab8/gnocchi.b0534368-9e34-48ad-b922-667751c69097?format=json&states=listing" "txa5d9691647cf49bcae737-0068e85c38" "proxy-server 86594" 0.0025 "-" 93569 0
Oct 09 21:07:04 np0005479242.novalocal proxy-server[86594]: ::1 ::1 10/Oct/2025/01/07/04 GET /v1/AUTH_7e08652c4e3e41b29e5f05d128f57ab8/gnocchi.b0534368-9e34-48ad-b922-667751c69097%3Fformat%3Djson%26states%3Dlisting HTTP/1.0 200 - python-swiftclient-4.5.0 gAAAAABo6Fv-oWcl... - 357 - txa5d9691647cf49bcae737-0068e85c38 - 0.0112 - - 1760058424.077364683 1760058424.088546753 0
Oct 09 21:07:04 np0005479242.novalocal container-server[93569]: ::1 - - [10/Oct/2025:01:07:04 +0000] "GET /2/94573/AUTH_7e08652c4e3e41b29e5f05d128f57ab8/gnocchi.e509e1af-e0a9-4e1f-af2b-105e2d527491" 200 2 "GET http://[::1]:8080/v1/AUTH_7e08652c4e3e41b29e5f05d128f57ab8/gnocchi.e509e1af-e0a9-4e1f-af2b-105e2d527491?format=json&marker=none_v3&states=listing" "tx21280aa9d169480f8f911-0068e85c38" "proxy-server 86594" 0.0022 "-" 93569 0
Oct 09 21:07:04 np0005479242.novalocal proxy-server[86594]: ::1 ::1 10/Oct/2025/01/07/04 GET /v1/AUTH_7e08652c4e3e41b29e5f05d128f57ab8/gnocchi.e509e1af-e0a9-4e1f-af2b-105e2d527491%3Fformat%3Djson%26marker%3Dnone_v3%26states%3Dlisting HTTP/1.0 200 - python-swiftclient-4.5.0 gAAAAABo6Fv-PTBu... - 2 - tx21280aa9d169480f8f911-0068e85c38 - 0.0119 - - 1760058424.080457211 1760058424.092355490 0
Oct 09 21:07:04 np0005479242.novalocal container-server[93569]: ::1 - - [10/Oct/2025:01:07:04 +0000] "GET /1/235674/AUTH_7e08652c4e3e41b29e5f05d128f57ab8/gnocchi.b0534368-9e34-48ad-b922-667751c69097" 200 2 "GET http://[::1]:8080/v1/AUTH_7e08652c4e3e41b29e5f05d128f57ab8/gnocchi.b0534368-9e34-48ad-b922-667751c69097?format=json&marker=none_v3&states=listing" "tx471de5ab772d46daa4727-0068e85c38" "proxy-server 86594" 0.0021 "-" 93569 0
Oct 09 21:07:04 np0005479242.novalocal proxy-server[86594]: ::1 ::1 10/Oct/2025/01/07/04 GET /v1/AUTH_7e08652c4e3e41b29e5f05d128f57ab8/gnocchi.b0534368-9e34-48ad-b922-667751c69097%3Fformat%3Djson%26marker%3Dnone_v3%26states%3Dlisting HTTP/1.0 200 - python-swiftclient-4.5.0 gAAAAABo6Fv-oWcl... - 2 - tx471de5ab772d46daa4727-0068e85c38 - 0.0113 - - 1760058424.091472387 1760058424.102813482 0
Oct 09 21:07:04 np0005479242.novalocal object-server[93870]: ::1 - - [10/Oct/2025:01:07:04 +0000] "GET /2/92216/AUTH_7e08652c4e3e41b29e5f05d128f57ab8/gnocchi.e509e1af-e0a9-4e1f-af2b-105e2d527491/1759320000.0_mean_300.0_v3" 200 16 "GET http://[::1]:8080/v1/AUTH_7e08652c4e3e41b29e5f05d128f57ab8/gnocchi.e509e1af-e0a9-4e1f-af2b-105e2d527491/1759320000.0_mean_300.0_v3" "txa16eadf9f0f74fb683d81-0068e85c38" "proxy-server 86594" 0.0007 "-" 93870 0
Oct 09 21:07:04 np0005479242.novalocal proxy-server[86594]: ::1 ::1 10/Oct/2025/01/07/04 GET /v1/AUTH_7e08652c4e3e41b29e5f05d128f57ab8/gnocchi.e509e1af-e0a9-4e1f-af2b-105e2d527491/1759320000.0_mean_300.0_v3 HTTP/1.0 200 - python-swiftclient-4.5.0 gAAAAABo6Fv-PTBu... - 16 - txa16eadf9f0f74fb683d81-0068e85c38 - 0.0076 - - 1760058424.097431660 1760058424.104996920 0
Oct 09 21:07:04 np0005479242.novalocal object-server[93871]: ::1 - - [10/Oct/2025:01:07:04 +0000] "GET /1/217156/AUTH_7e08652c4e3e41b29e5f05d128f57ab8/gnocchi.9efc94b2-7daa-4d9a-8d58-9bc7a0cbed17/1759320000.0_rate%3Amean_300.0_v3" 404 70 "GET http://[::1]:8080/v1/AUTH_7e08652c4e3e41b29e5f05d128f57ab8/gnocchi.9efc94b2-7daa-4d9a-8d58-9bc7a0cbed17/1759320000.0_rate%3Amean_300.0_v3" "tx448afde1f7b4466eb0b05-0068e85c38" "proxy-server 86594" 0.0003 "-" 93871 0
Oct 09 21:07:04 np0005479242.novalocal object-server[93870]: ::1 - - [10/Oct/2025:01:07:04 +0000] "GET /2/217156/AUTH_7e08652c4e3e41b29e5f05d128f57ab8/gnocchi.9efc94b2-7daa-4d9a-8d58-9bc7a0cbed17/1759320000.0_rate%3Amean_300.0_v3" 404 70 "GET http://[::1]:8080/v1/AUTH_7e08652c4e3e41b29e5f05d128f57ab8/gnocchi.9efc94b2-7daa-4d9a-8d58-9bc7a0cbed17/1759320000.0_rate%3Amean_300.0_v3" "tx448afde1f7b4466eb0b05-0068e85c38" "proxy-server 86594" 0.0002 "-" 93870 0
Oct 09 21:07:04 np0005479242.novalocal object-server[93871]: ::1 - - [10/Oct/2025:01:07:04 +0000] "GET /3/217156/AUTH_7e08652c4e3e41b29e5f05d128f57ab8/gnocchi.9efc94b2-7daa-4d9a-8d58-9bc7a0cbed17/1759320000.0_rate%3Amean_300.0_v3" 404 70 "GET http://[::1]:8080/v1/AUTH_7e08652c4e3e41b29e5f05d128f57ab8/gnocchi.9efc94b2-7daa-4d9a-8d58-9bc7a0cbed17/1759320000.0_rate%3Amean_300.0_v3" "tx448afde1f7b4466eb0b05-0068e85c38" "proxy-server 86594" 0.0004 "-" 93871 0
Oct 09 21:07:04 np0005479242.novalocal proxy-server[86594]: ::1 ::1 10/Oct/2025/01/07/04 GET /v1/AUTH_7e08652c4e3e41b29e5f05d128f57ab8/gnocchi.9efc94b2-7daa-4d9a-8d58-9bc7a0cbed17/1759320000.0_rate%253Amean_300.0_v3 HTTP/1.0 404 - python-swiftclient-4.5.0 gAAAAABo6Fv-oWcl... - 70 - tx448afde1f7b4466eb0b05-0068e85c38 - 0.0180 - - 1760058424.106325865 1760058424.124316454 0
Oct 09 21:07:04 np0005479242.novalocal container-server[93569]: ::1 - - [10/Oct/2025:01:07:04 +0000] "PUT /2/94573/AUTH_7e08652c4e3e41b29e5f05d128f57ab8/gnocchi.e509e1af-e0a9-4e1f-af2b-105e2d527491/1759320000.0_mean_300.0_v3" 201 - "PUT http://[::1]:8080/1/92216/AUTH_7e08652c4e3e41b29e5f05d128f57ab8/gnocchi.e509e1af-e0a9-4e1f-af2b-105e2d527491/1759320000.0_mean_300.0_v3" "txb10c7a54d7f64511a4abc-0068e85c38" "object-server 93870" 0.0008 "-" 93569 0
Oct 09 21:07:04 np0005479242.novalocal object-server[93870]: ::1 - - [10/Oct/2025:01:07:04 +0000] "PUT /1/92216/AUTH_7e08652c4e3e41b29e5f05d128f57ab8/gnocchi.e509e1af-e0a9-4e1f-af2b-105e2d527491/1759320000.0_mean_300.0_v3" 201 - "PUT http://[::1]:8080/v1/AUTH_7e08652c4e3e41b29e5f05d128f57ab8/gnocchi.e509e1af-e0a9-4e1f-af2b-105e2d527491/1759320000.0_mean_300.0_v3" "txb10c7a54d7f64511a4abc-0068e85c38" "proxy-server 86594" 0.0137 "-" 93870 0
Oct 09 21:07:04 np0005479242.novalocal container-server[93569]: ::1 - - [10/Oct/2025:01:07:04 +0000] "PUT /1/94573/AUTH_7e08652c4e3e41b29e5f05d128f57ab8/gnocchi.e509e1af-e0a9-4e1f-af2b-105e2d527491/1759320000.0_mean_300.0_v3" 201 - "PUT http://[::1]:8080/3/92216/AUTH_7e08652c4e3e41b29e5f05d128f57ab8/gnocchi.e509e1af-e0a9-4e1f-af2b-105e2d527491/1759320000.0_mean_300.0_v3" "txb10c7a54d7f64511a4abc-0068e85c38" "object-server 93870" 0.0006 "-" 93569 0
Oct 09 21:07:04 np0005479242.novalocal object-server[93870]: ::1 - - [10/Oct/2025:01:07:04 +0000] "GET /2/51654/AUTH_7e08652c4e3e41b29e5f05d128f57ab8/gnocchi.9efc94b2-7daa-4d9a-8d58-9bc7a0cbed17/1759320000.0_mean_300.0_v3" 200 16 "GET http://[::1]:8080/v1/AUTH_7e08652c4e3e41b29e5f05d128f57ab8/gnocchi.9efc94b2-7daa-4d9a-8d58-9bc7a0cbed17/1759320000.0_mean_300.0_v3" "tx5c99226edd084fc4a3e53-0068e85c38" "proxy-server 86594" 0.0007 "-" 93870 0
Oct 09 21:07:04 np0005479242.novalocal object-server[93870]: ::1 - - [10/Oct/2025:01:07:04 +0000] "PUT /3/92216/AUTH_7e08652c4e3e41b29e5f05d128f57ab8/gnocchi.e509e1af-e0a9-4e1f-af2b-105e2d527491/1759320000.0_mean_300.0_v3" 201 - "PUT http://[::1]:8080/v1/AUTH_7e08652c4e3e41b29e5f05d128f57ab8/gnocchi.e509e1af-e0a9-4e1f-af2b-105e2d527491/1759320000.0_mean_300.0_v3" "txb10c7a54d7f64511a4abc-0068e85c38" "proxy-server 86594" 0.0164 "-" 93870 0
Oct 09 21:07:04 np0005479242.novalocal container-server[93569]: ::1 - - [10/Oct/2025:01:07:04 +0000] "PUT /3/94573/AUTH_7e08652c4e3e41b29e5f05d128f57ab8/gnocchi.e509e1af-e0a9-4e1f-af2b-105e2d527491/1759320000.0_mean_300.0_v3" 201 - "PUT http://[::1]:8080/2/92216/AUTH_7e08652c4e3e41b29e5f05d128f57ab8/gnocchi.e509e1af-e0a9-4e1f-af2b-105e2d527491/1759320000.0_mean_300.0_v3" "txb10c7a54d7f64511a4abc-0068e85c38" "object-server 93871" 0.0006 "-" 93569 0
Oct 09 21:07:04 np0005479242.novalocal proxy-server[86594]: ::1 ::1 10/Oct/2025/01/07/04 GET /v1/AUTH_7e08652c4e3e41b29e5f05d128f57ab8/gnocchi.9efc94b2-7daa-4d9a-8d58-9bc7a0cbed17/1759320000.0_mean_300.0_v3 HTTP/1.0 200 - python-swiftclient-4.5.0 gAAAAABo6Fv-oWcl... - 16 - tx5c99226edd084fc4a3e53-0068e85c38 - 0.0075 - - 1760058424.128117561 1760058424.135572195 0
Oct 09 21:07:04 np0005479242.novalocal object-server[93871]: ::1 - - [10/Oct/2025:01:07:04 +0000] "PUT /2/92216/AUTH_7e08652c4e3e41b29e5f05d128f57ab8/gnocchi.e509e1af-e0a9-4e1f-af2b-105e2d527491/1759320000.0_mean_300.0_v3" 201 - "PUT http://[::1]:8080/v1/AUTH_7e08652c4e3e41b29e5f05d128f57ab8/gnocchi.e509e1af-e0a9-4e1f-af2b-105e2d527491/1759320000.0_mean_300.0_v3" "txb10c7a54d7f64511a4abc-0068e85c38" "proxy-server 86594" 0.0190 "-" 93871 0
Oct 09 21:07:04 np0005479242.novalocal proxy-server[86594]: ::1 ::1 10/Oct/2025/01/07/04 PUT /v1/AUTH_7e08652c4e3e41b29e5f05d128f57ab8/gnocchi.e509e1af-e0a9-4e1f-af2b-105e2d527491/1759320000.0_mean_300.0_v3 HTTP/1.0 201 - python-swiftclient-4.5.0 gAAAAABo6Fv-PTBu... 16 - - txb10c7a54d7f64511a4abc-0068e85c38 - 0.0319 - - 1760058424.107626438 1760058424.139532566 0
Oct 09 21:07:04 np0005479242.novalocal object-server[93870]: ::1 - - [10/Oct/2025:01:07:04 +0000] "GET /2/141815/AUTH_7e08652c4e3e41b29e5f05d128f57ab8/gnocchi.b0534368-9e34-48ad-b922-667751c69097/1759320000.0_mean_300.0_v3" 200 16 "GET http://[::1]:8080/v1/AUTH_7e08652c4e3e41b29e5f05d128f57ab8/gnocchi.b0534368-9e34-48ad-b922-667751c69097/1759320000.0_mean_300.0_v3" "txbde8eccd67e147a397f80-0068e85c38" "proxy-server 86594" 0.0007 "-" 93870 0
Oct 09 21:07:04 np0005479242.novalocal proxy-server[86594]: ::1 ::1 10/Oct/2025/01/07/04 GET /v1/AUTH_7e08652c4e3e41b29e5f05d128f57ab8/gnocchi.b0534368-9e34-48ad-b922-667751c69097/1759320000.0_mean_300.0_v3 HTTP/1.0 200 - python-swiftclient-4.5.0 gAAAAABo6Fv-oWcl... - 16 - txbde8eccd67e147a397f80-0068e85c38 - 0.0113 - - 1760058424.138769865 1760058424.150090456 0
Oct 09 21:07:04 np0005479242.novalocal container-server[93569]: ::1 - - [10/Oct/2025:01:07:04 +0000] "PUT /2/94573/AUTH_7e08652c4e3e41b29e5f05d128f57ab8/gnocchi.e509e1af-e0a9-4e1f-af2b-105e2d527491/none_v3" 201 - "PUT http://[::1]:8080/2/164327/AUTH_7e08652c4e3e41b29e5f05d128f57ab8/gnocchi.e509e1af-e0a9-4e1f-af2b-105e2d527491/none_v3" "tx53c1cf9814a64d1297bdf-0068e85c38" "object-server 93870" 0.0005 "-" 93569 0
Oct 09 21:07:04 np0005479242.novalocal container-server[93569]: ::1 - - [10/Oct/2025:01:07:04 +0000] "PUT /1/94573/AUTH_7e08652c4e3e41b29e5f05d128f57ab8/gnocchi.e509e1af-e0a9-4e1f-af2b-105e2d527491/none_v3" 201 - "PUT http://[::1]:8080/3/164327/AUTH_7e08652c4e3e41b29e5f05d128f57ab8/gnocchi.e509e1af-e0a9-4e1f-af2b-105e2d527491/none_v3" "tx53c1cf9814a64d1297bdf-0068e85c38" "object-server 93871" 0.0004 "-" 93569 0
Oct 09 21:07:04 np0005479242.novalocal object-server[93870]: ::1 - - [10/Oct/2025:01:07:04 +0000] "PUT /2/164327/AUTH_7e08652c4e3e41b29e5f05d128f57ab8/gnocchi.e509e1af-e0a9-4e1f-af2b-105e2d527491/none_v3" 201 - "PUT http://[::1]:8080/v1/AUTH_7e08652c4e3e41b29e5f05d128f57ab8/gnocchi.e509e1af-e0a9-4e1f-af2b-105e2d527491/none_v3" "tx53c1cf9814a64d1297bdf-0068e85c38" "proxy-server 86594" 0.0097 "-" 93870 0
Oct 09 21:07:04 np0005479242.novalocal object-server[93871]: ::1 - - [10/Oct/2025:01:07:04 +0000] "PUT /3/164327/AUTH_7e08652c4e3e41b29e5f05d128f57ab8/gnocchi.e509e1af-e0a9-4e1f-af2b-105e2d527491/none_v3" 201 - "PUT http://[::1]:8080/v1/AUTH_7e08652c4e3e41b29e5f05d128f57ab8/gnocchi.e509e1af-e0a9-4e1f-af2b-105e2d527491/none_v3" "tx53c1cf9814a64d1297bdf-0068e85c38" "proxy-server 86594" 0.0124 "-" 93871 0
Oct 09 21:07:04 np0005479242.novalocal container-server[93569]: ::1 - - [10/Oct/2025:01:07:04 +0000] "PUT /3/94573/AUTH_7e08652c4e3e41b29e5f05d128f57ab8/gnocchi.e509e1af-e0a9-4e1f-af2b-105e2d527491/none_v3" 201 - "PUT http://[::1]:8080/1/164327/AUTH_7e08652c4e3e41b29e5f05d128f57ab8/gnocchi.e509e1af-e0a9-4e1f-af2b-105e2d527491/none_v3" "tx53c1cf9814a64d1297bdf-0068e85c38" "object-server 93870" 0.0003 "-" 93569 0
Oct 09 21:07:04 np0005479242.novalocal object-server[93870]: ::1 - - [10/Oct/2025:01:07:04 +0000] "PUT /1/164327/AUTH_7e08652c4e3e41b29e5f05d128f57ab8/gnocchi.e509e1af-e0a9-4e1f-af2b-105e2d527491/none_v3" 201 - "PUT http://[::1]:8080/v1/AUTH_7e08652c4e3e41b29e5f05d128f57ab8/gnocchi.e509e1af-e0a9-4e1f-af2b-105e2d527491/none_v3" "tx53c1cf9814a64d1297bdf-0068e85c38" "proxy-server 86594" 0.0169 "-" 93870 0
Oct 09 21:07:04 np0005479242.novalocal proxy-server[86594]: ::1 ::1 10/Oct/2025/01/07/04 PUT /v1/AUTH_7e08652c4e3e41b29e5f05d128f57ab8/gnocchi.e509e1af-e0a9-4e1f-af2b-105e2d527491/none_v3 HTTP/1.0 201 - python-swiftclient-4.5.0 gAAAAABo6Fv-PTBu... 67 - - tx53c1cf9814a64d1297bdf-0068e85c38 - 0.0237 - - 1760058424.143626690 1760058424.167370081 0
Oct 09 21:07:04 np0005479242.novalocal container-server[93569]: ::1 - - [10/Oct/2025:01:07:04 +0000] "PUT /3/121849/AUTH_7e08652c4e3e41b29e5f05d128f57ab8/gnocchi.9efc94b2-7daa-4d9a-8d58-9bc7a0cbed17/1759320000.0_rate%3Amean_300.0_v3" 201 - "PUT http://[::1]:8080/2/217156/AUTH_7e08652c4e3e41b29e5f05d128f57ab8/gnocchi.9efc94b2-7daa-4d9a-8d58-9bc7a0cbed17/1759320000.0_rate%3Amean_300.0_v3" "tx92e9ac0d39cb46c09d8c2-0068e85c38" "object-server 93871" 0.0004 "-" 93569 0
Oct 09 21:07:04 np0005479242.novalocal object-server[93871]: ::1 - - [10/Oct/2025:01:07:04 +0000] "PUT /2/217156/AUTH_7e08652c4e3e41b29e5f05d128f57ab8/gnocchi.9efc94b2-7daa-4d9a-8d58-9bc7a0cbed17/1759320000.0_rate%3Amean_300.0_v3" 201 - "PUT http://[::1]:8080/v1/AUTH_7e08652c4e3e41b29e5f05d128f57ab8/gnocchi.9efc94b2-7daa-4d9a-8d58-9bc7a0cbed17/1759320000.0_rate%3Amean_300.0_v3" "tx92e9ac0d39cb46c09d8c2-0068e85c38" "proxy-server 86594" 0.0084 "-" 93871 0
Oct 09 21:07:04 np0005479242.novalocal container-server[93568]: ::1 - - [10/Oct/2025:01:07:04 +0000] "PUT /2/121849/AUTH_7e08652c4e3e41b29e5f05d128f57ab8/gnocchi.9efc94b2-7daa-4d9a-8d58-9bc7a0cbed17/1759320000.0_rate%3Amean_300.0_v3" 201 - "PUT http://[::1]:8080/3/217156/AUTH_7e08652c4e3e41b29e5f05d128f57ab8/gnocchi.9efc94b2-7daa-4d9a-8d58-9bc7a0cbed17/1759320000.0_rate%3Amean_300.0_v3" "tx92e9ac0d39cb46c09d8c2-0068e85c38" "object-server 93870" 0.0005 "-" 93568 0
Oct 09 21:07:04 np0005479242.novalocal object-server[93870]: ::1 - - [10/Oct/2025:01:07:04 +0000] "PUT /3/217156/AUTH_7e08652c4e3e41b29e5f05d128f57ab8/gnocchi.9efc94b2-7daa-4d9a-8d58-9bc7a0cbed17/1759320000.0_rate%3Amean_300.0_v3" 201 - "PUT http://[::1]:8080/v1/AUTH_7e08652c4e3e41b29e5f05d128f57ab8/gnocchi.9efc94b2-7daa-4d9a-8d58-9bc7a0cbed17/1759320000.0_rate%3Amean_300.0_v3" "tx92e9ac0d39cb46c09d8c2-0068e85c38" "proxy-server 86594" 0.0102 "-" 93870 0
Oct 09 21:07:04 np0005479242.novalocal container-server[93568]: ::1 - - [10/Oct/2025:01:07:04 +0000] "PUT /1/121849/AUTH_7e08652c4e3e41b29e5f05d128f57ab8/gnocchi.9efc94b2-7daa-4d9a-8d58-9bc7a0cbed17/1759320000.0_rate%3Amean_300.0_v3" 201 - "PUT http://[::1]:8080/1/217156/AUTH_7e08652c4e3e41b29e5f05d128f57ab8/gnocchi.9efc94b2-7daa-4d9a-8d58-9bc7a0cbed17/1759320000.0_rate%3Amean_300.0_v3" "tx92e9ac0d39cb46c09d8c2-0068e85c38" "object-server 93870" 0.0004 "-" 93568 0
Oct 09 21:07:04 np0005479242.novalocal object-server[93870]: ::1 - - [10/Oct/2025:01:07:04 +0000] "PUT /1/217156/AUTH_7e08652c4e3e41b29e5f05d128f57ab8/gnocchi.9efc94b2-7daa-4d9a-8d58-9bc7a0cbed17/1759320000.0_rate%3Amean_300.0_v3" 201 - "PUT http://[::1]:8080/v1/AUTH_7e08652c4e3e41b29e5f05d128f57ab8/gnocchi.9efc94b2-7daa-4d9a-8d58-9bc7a0cbed17/1759320000.0_rate%3Amean_300.0_v3" "tx92e9ac0d39cb46c09d8c2-0068e85c38" "proxy-server 86594" 0.0148 "-" 93870 0
Oct 09 21:07:04 np0005479242.novalocal proxy-server[86594]: ::1 ::1 10/Oct/2025/01/07/04 PUT /v1/AUTH_7e08652c4e3e41b29e5f05d128f57ab8/gnocchi.9efc94b2-7daa-4d9a-8d58-9bc7a0cbed17/1759320000.0_rate%253Amean_300.0_v3 HTTP/1.0 201 - python-swiftclient-4.5.0 gAAAAABo6Fv-oWcl... 16 - - tx92e9ac0d39cb46c09d8c2-0068e85c38 - 0.0268 - - 1760058424.153189421 1760058424.180024624 0
Oct 09 21:07:04 np0005479242.novalocal object-server[93870]: ::1 - - [10/Oct/2025:01:07:04 +0000] "GET /2/261668/AUTH_7e08652c4e3e41b29e5f05d128f57ab8/gnocchi.d29555a8-7b03-4fd6-9c1e-4d031cbc249e/none_v3" 200 22 "GET http://[::1]:8080/v1/AUTH_7e08652c4e3e41b29e5f05d128f57ab8/gnocchi.d29555a8-7b03-4fd6-9c1e-4d031cbc249e/none_v3" "txd1780fa793fa4c7e9f484-0068e85c38" "proxy-server 86594" 0.0016 "-" 93870 0
Oct 09 21:07:04 np0005479242.novalocal proxy-server[86594]: ::1 ::1 10/Oct/2025/01/07/04 GET /v1/AUTH_7e08652c4e3e41b29e5f05d128f57ab8/gnocchi.d29555a8-7b03-4fd6-9c1e-4d031cbc249e/none_v3 HTTP/1.0 200 - python-swiftclient-4.5.0 gAAAAABo6Fv-PTBu... - 22 - txd1780fa793fa4c7e9f484-0068e85c38 - 0.0135 - - 1760058424.175729513 1760058424.189260006 0
Oct 09 21:07:04 np0005479242.novalocal container-server[93569]: ::1 - - [10/Oct/2025:01:07:04 +0000] "PUT /2/121849/AUTH_7e08652c4e3e41b29e5f05d128f57ab8/gnocchi.9efc94b2-7daa-4d9a-8d58-9bc7a0cbed17/1759320000.0_mean_300.0_v3" 201 - "PUT http://[::1]:8080/1/51654/AUTH_7e08652c4e3e41b29e5f05d128f57ab8/gnocchi.9efc94b2-7daa-4d9a-8d58-9bc7a0cbed17/1759320000.0_mean_300.0_v3" "tx06f8c472691d493ca2902-0068e85c38" "object-server 93871" 0.0012 "-" 93569 0
Oct 09 21:07:04 np0005479242.novalocal object-server[93871]: ::1 - - [10/Oct/2025:01:07:04 +0000] "PUT /1/51654/AUTH_7e08652c4e3e41b29e5f05d128f57ab8/gnocchi.9efc94b2-7daa-4d9a-8d58-9bc7a0cbed17/1759320000.0_mean_300.0_v3" 201 - "PUT http://[::1]:8080/v1/AUTH_7e08652c4e3e41b29e5f05d128f57ab8/gnocchi.9efc94b2-7daa-4d9a-8d58-9bc7a0cbed17/1759320000.0_mean_300.0_v3" "tx06f8c472691d493ca2902-0068e85c38" "proxy-server 86594" 0.0135 "-" 93871 0
Oct 09 21:07:04 np0005479242.novalocal container-server[93568]: ::1 - - [10/Oct/2025:01:07:04 +0000] "GET /1/106247/AUTH_7e08652c4e3e41b29e5f05d128f57ab8/gnocchi.d29555a8-7b03-4fd6-9c1e-4d031cbc249e" 200 357 "GET http://[::1]:8080/v1/AUTH_7e08652c4e3e41b29e5f05d128f57ab8/gnocchi.d29555a8-7b03-4fd6-9c1e-4d031cbc249e?format=json&states=listing" "tx293e77d07266421eac9f7-0068e85c38" "proxy-server 86594" 0.0031 "-" 93568 0
Oct 09 21:07:04 np0005479242.novalocal container-server[93568]: ::1 - - [10/Oct/2025:01:07:04 +0000] "PUT /1/121849/AUTH_7e08652c4e3e41b29e5f05d128f57ab8/gnocchi.9efc94b2-7daa-4d9a-8d58-9bc7a0cbed17/1759320000.0_mean_300.0_v3" 201 - "PUT http://[::1]:8080/2/51654/AUTH_7e08652c4e3e41b29e5f05d128f57ab8/gnocchi.9efc94b2-7daa-4d9a-8d58-9bc7a0cbed17/1759320000.0_mean_300.0_v3" "tx06f8c472691d493ca2902-0068e85c38" "object-server 93870" 0.0004 "-" 93568 0
Oct 09 21:07:04 np0005479242.novalocal proxy-server[86594]: ::1 ::1 10/Oct/2025/01/07/04 GET /v1/AUTH_7e08652c4e3e41b29e5f05d128f57ab8/gnocchi.d29555a8-7b03-4fd6-9c1e-4d031cbc249e%3Fformat%3Djson%26states%3Dlisting HTTP/1.0 200 - python-swiftclient-4.5.0 gAAAAABo6Fv-PTBu... - 357 - tx293e77d07266421eac9f7-0068e85c38 - 0.0144 - - 1760058424.192035675 1760058424.206402540 0
Oct 09 21:07:04 np0005479242.novalocal object-server[93870]: ::1 - - [10/Oct/2025:01:07:04 +0000] "PUT /2/51654/AUTH_7e08652c4e3e41b29e5f05d128f57ab8/gnocchi.9efc94b2-7daa-4d9a-8d58-9bc7a0cbed17/1759320000.0_mean_300.0_v3" 201 - "PUT http://[::1]:8080/v1/AUTH_7e08652c4e3e41b29e5f05d128f57ab8/gnocchi.9efc94b2-7daa-4d9a-8d58-9bc7a0cbed17/1759320000.0_mean_300.0_v3" "tx06f8c472691d493ca2902-0068e85c38" "proxy-server 86594" 0.0180 "-" 93870 0
Oct 09 21:07:04 np0005479242.novalocal container-server[93568]: ::1 - - [10/Oct/2025:01:07:04 +0000] "PUT /3/121849/AUTH_7e08652c4e3e41b29e5f05d128f57ab8/gnocchi.9efc94b2-7daa-4d9a-8d58-9bc7a0cbed17/1759320000.0_mean_300.0_v3" 201 - "PUT http://[::1]:8080/3/51654/AUTH_7e08652c4e3e41b29e5f05d128f57ab8/gnocchi.9efc94b2-7daa-4d9a-8d58-9bc7a0cbed17/1759320000.0_mean_300.0_v3" "tx06f8c472691d493ca2902-0068e85c38" "object-server 93870" 0.0005 "-" 93568 0
Oct 09 21:07:04 np0005479242.novalocal object-server[93870]: ::1 - - [10/Oct/2025:01:07:04 +0000] "PUT /3/51654/AUTH_7e08652c4e3e41b29e5f05d128f57ab8/gnocchi.9efc94b2-7daa-4d9a-8d58-9bc7a0cbed17/1759320000.0_mean_300.0_v3" 201 - "PUT http://[::1]:8080/v1/AUTH_7e08652c4e3e41b29e5f05d128f57ab8/gnocchi.9efc94b2-7daa-4d9a-8d58-9bc7a0cbed17/1759320000.0_mean_300.0_v3" "tx06f8c472691d493ca2902-0068e85c38" "proxy-server 86594" 0.0180 "-" 93870 0
Oct 09 21:07:04 np0005479242.novalocal proxy-server[86594]: ::1 ::1 10/Oct/2025/01/07/04 PUT /v1/AUTH_7e08652c4e3e41b29e5f05d128f57ab8/gnocchi.9efc94b2-7daa-4d9a-8d58-9bc7a0cbed17/1759320000.0_mean_300.0_v3 HTTP/1.0 201 - python-swiftclient-4.5.0 gAAAAABo6Fv-oWcl... 16 - - tx06f8c472691d493ca2902-0068e85c38 - 0.0268 - - 1760058424.182779312 1760058424.209558725 0
Oct 09 21:07:04 np0005479242.novalocal container-server[93569]: ::1 - - [10/Oct/2025:01:07:04 +0000] "GET /1/106247/AUTH_7e08652c4e3e41b29e5f05d128f57ab8/gnocchi.d29555a8-7b03-4fd6-9c1e-4d031cbc249e" 200 2 "GET http://[::1]:8080/v1/AUTH_7e08652c4e3e41b29e5f05d128f57ab8/gnocchi.d29555a8-7b03-4fd6-9c1e-4d031cbc249e?format=json&marker=none_v3&states=listing" "tx371e8f021f904fe0b398d-0068e85c38" "proxy-server 86594" 0.0038 "-" 93569 0
Oct 09 21:07:04 np0005479242.novalocal proxy-server[86594]: ::1 ::1 10/Oct/2025/01/07/04 GET /v1/AUTH_7e08652c4e3e41b29e5f05d128f57ab8/gnocchi.d29555a8-7b03-4fd6-9c1e-4d031cbc249e%3Fformat%3Djson%26marker%3Dnone_v3%26states%3Dlisting HTTP/1.0 200 - python-swiftclient-4.5.0 gAAAAABo6Fv-PTBu... - 2 - tx371e8f021f904fe0b398d-0068e85c38 - 0.0127 - - 1760058424.208734751 1760058424.221431732 0
Oct 09 21:07:04 np0005479242.novalocal object-server[93870]: ::1 - - [10/Oct/2025:01:07:04 +0000] "GET /3/196036/AUTH_7e08652c4e3e41b29e5f05d128f57ab8/gnocchi.d29555a8-7b03-4fd6-9c1e-4d031cbc249e/1759320000.0_rate%3Amean_300.0_v3" 404 70 "GET http://[::1]:8080/v1/AUTH_7e08652c4e3e41b29e5f05d128f57ab8/gnocchi.d29555a8-7b03-4fd6-9c1e-4d031cbc249e/1759320000.0_rate%3Amean_300.0_v3" "txef9160f45e0049299f599-0068e85c38" "proxy-server 86594" 0.0006 "-" 93870 0
Oct 09 21:07:04 np0005479242.novalocal object-server[93871]: ::1 - - [10/Oct/2025:01:07:04 +0000] "GET /1/196036/AUTH_7e08652c4e3e41b29e5f05d128f57ab8/gnocchi.d29555a8-7b03-4fd6-9c1e-4d031cbc249e/1759320000.0_rate%3Amean_300.0_v3" 404 70 "GET http://[::1]:8080/v1/AUTH_7e08652c4e3e41b29e5f05d128f57ab8/gnocchi.d29555a8-7b03-4fd6-9c1e-4d031cbc249e/1759320000.0_rate%3Amean_300.0_v3" "txef9160f45e0049299f599-0068e85c38" "proxy-server 86594" 0.0003 "-" 93871 0
Oct 09 21:07:04 np0005479242.novalocal container-server[93569]: ::1 - - [10/Oct/2025:01:07:04 +0000] "PUT /1/235674/AUTH_7e08652c4e3e41b29e5f05d128f57ab8/gnocchi.b0534368-9e34-48ad-b922-667751c69097/1759320000.0_mean_300.0_v3" 201 - "PUT http://[::1]:8080/1/141815/AUTH_7e08652c4e3e41b29e5f05d128f57ab8/gnocchi.b0534368-9e34-48ad-b922-667751c69097/1759320000.0_mean_300.0_v3" "txf5dd8df28bcb4f839cad8-0068e85c38" "object-server 93871" 0.0005 "-" 93569 0
Oct 09 21:07:04 np0005479242.novalocal container-server[93569]: ::1 - - [10/Oct/2025:01:07:04 +0000] "PUT /2/235674/AUTH_7e08652c4e3e41b29e5f05d128f57ab8/gnocchi.b0534368-9e34-48ad-b922-667751c69097/1759320000.0_mean_300.0_v3" 201 - "PUT http://[::1]:8080/2/141815/AUTH_7e08652c4e3e41b29e5f05d128f57ab8/gnocchi.b0534368-9e34-48ad-b922-667751c69097/1759320000.0_mean_300.0_v3" "txf5dd8df28bcb4f839cad8-0068e85c38" "object-server 93870" 0.0003 "-" 93569 0
