Oct 09 21:07:05 np0005479242.novalocal object-server[93870]: ::1 - - [10/Oct/2025:01:07:05 +0000] "PUT /1/146368/AUTH_7e08652c4e3e41b29e5f05d128f57ab8/gnocchi.e28f103f-4856-475f-bf77-3052505a8ec7/1759320000.0_mean_300.0_v3" 201 - "PUT http://[::1]:8080/v1/AUTH_7e08652c4e3e41b29e5f05d128f57ab8/gnocchi.e28f103f-4856-475f-bf77-3052505a8ec7/1759320000.0_mean_300.0_v3" "tx47b7cbbd607a4a8da0c17-0068e85c39" "proxy-server 86594" 0.0328 "-" 93870 0
Oct 09 21:07:05 np0005479242.novalocal proxy-server[86594]: ::1 ::1 10/Oct/2025/01/07/05 PUT /v1/AUTH_7e08652c4e3e41b29e5f05d128f57ab8/gnocchi.e28f103f-4856-475f-bf77-3052505a8ec7/1759320000.0_mean_300.0_v3 HTTP/1.0 201 - python-swiftclient-4.5.0 gAAAAABo6Fv-PTBu... 16 - - tx47b7cbbd607a4a8da0c17-0068e85c39 - 0.0470 - - 1760058425.405929327 1760058425.452952147 0
Oct 09 21:07:05 np0005479242.novalocal account-server[93271]: ::1 - - [10/Oct/2025:01:07:05 +0000] "PUT /2/130220/AUTH_7e08652c4e3e41b29e5f05d128f57ab8/gnocchi.b7f34392-9cf7-42ab-8da2-ea214cfe7502" 201 - "PUT http://[::1]:6001/3/210512/AUTH_7e08652c4e3e41b29e5f05d128f57ab8/gnocchi.b7f34392-9cf7-42ab-8da2-ea214cfe7502" "tx500c544d47a948c0aa194-0068e85c39" "container-server 93568" 0.0050 "-" 93271 0
Oct 09 21:07:05 np0005479242.novalocal container-server[93569]: ::1 - - [10/Oct/2025:01:07:05 +0000] "PUT /1/233678/AUTH_7e08652c4e3e41b29e5f05d128f57ab8/gnocchi.e28f103f-4856-475f-bf77-3052505a8ec7/none_v3" 201 - "PUT http://[::1]:8080/1/160573/AUTH_7e08652c4e3e41b29e5f05d128f57ab8/gnocchi.e28f103f-4856-475f-bf77-3052505a8ec7/none_v3" "tx66b9f7892fe54862bdda1-0068e85c39" "object-server 93871" 0.0005 "-" 93569 0
Oct 09 21:07:05 np0005479242.novalocal container-server[93568]: ::1 - - [10/Oct/2025:01:07:05 +0000] "PUT /2/233678/AUTH_7e08652c4e3e41b29e5f05d128f57ab8/gnocchi.e28f103f-4856-475f-bf77-3052505a8ec7/none_v3" 201 - "PUT http://[::1]:8080/2/160573/AUTH_7e08652c4e3e41b29e5f05d128f57ab8/gnocchi.e28f103f-4856-475f-bf77-3052505a8ec7/none_v3" "tx66b9f7892fe54862bdda1-0068e85c39" "object-server 93871" 0.0003 "-" 93568 0
Oct 09 21:07:05 np0005479242.novalocal container-server[93568]: ::1 - - [10/Oct/2025:01:07:05 +0000] "PUT /3/233678/AUTH_7e08652c4e3e41b29e5f05d128f57ab8/gnocchi.e28f103f-4856-475f-bf77-3052505a8ec7/none_v3" 201 - "PUT http://[::1]:8080/3/160573/AUTH_7e08652c4e3e41b29e5f05d128f57ab8/gnocchi.e28f103f-4856-475f-bf77-3052505a8ec7/none_v3" "tx66b9f7892fe54862bdda1-0068e85c39" "object-server 93871" 0.0004 "-" 93568 0
Oct 09 21:07:05 np0005479242.novalocal container-server[93568]: ::1 - - [10/Oct/2025:01:07:05 +0000] "PUT /3/210512/AUTH_7e08652c4e3e41b29e5f05d128f57ab8/gnocchi.b7f34392-9cf7-42ab-8da2-ea214cfe7502" 201 - "PUT http://[::1]:8080/v1/AUTH_7e08652c4e3e41b29e5f05d128f57ab8/gnocchi.b7f34392-9cf7-42ab-8da2-ea214cfe7502" "tx500c544d47a948c0aa194-0068e85c39" "proxy-server 86594" 0.0214 "-" 93568 0
Oct 09 21:07:05 np0005479242.novalocal account-server[93271]: ::1 - - [10/Oct/2025:01:07:05 +0000] "PUT /3/130220/AUTH_7e08652c4e3e41b29e5f05d128f57ab8/gnocchi.b7f34392-9cf7-42ab-8da2-ea214cfe7502" 201 - "PUT http://[::1]:6001/2/210512/AUTH_7e08652c4e3e41b29e5f05d128f57ab8/gnocchi.b7f34392-9cf7-42ab-8da2-ea214cfe7502" "tx500c544d47a948c0aa194-0068e85c39" "container-server 93569" 0.0048 "-" 93271 0
Oct 09 21:07:05 np0005479242.novalocal container-server[93569]: ::1 - - [10/Oct/2025:01:07:05 +0000] "PUT /2/210512/AUTH_7e08652c4e3e41b29e5f05d128f57ab8/gnocchi.b7f34392-9cf7-42ab-8da2-ea214cfe7502" 201 - "PUT http://[::1]:8080/v1/AUTH_7e08652c4e3e41b29e5f05d128f57ab8/gnocchi.b7f34392-9cf7-42ab-8da2-ea214cfe7502" "tx500c544d47a948c0aa194-0068e85c39" "proxy-server 86594" 0.0223 "-" 93569 0
Oct 09 21:07:05 np0005479242.novalocal object-server[93871]: ::1 - - [10/Oct/2025:01:07:05 +0000] "PUT /1/160573/AUTH_7e08652c4e3e41b29e5f05d128f57ab8/gnocchi.e28f103f-4856-475f-bf77-3052505a8ec7/none_v3" 201 - "PUT http://[::1]:8080/v1/AUTH_7e08652c4e3e41b29e5f05d128f57ab8/gnocchi.e28f103f-4856-475f-bf77-3052505a8ec7/none_v3" "tx66b9f7892fe54862bdda1-0068e85c39" "proxy-server 86594" 0.0244 "-" 93871 0
Oct 09 21:07:05 np0005479242.novalocal object-server[93871]: ::1 - - [10/Oct/2025:01:07:05 +0000] "PUT /3/160573/AUTH_7e08652c4e3e41b29e5f05d128f57ab8/gnocchi.e28f103f-4856-475f-bf77-3052505a8ec7/none_v3" 201 - "PUT http://[::1]:8080/v1/AUTH_7e08652c4e3e41b29e5f05d128f57ab8/gnocchi.e28f103f-4856-475f-bf77-3052505a8ec7/none_v3" "tx66b9f7892fe54862bdda1-0068e85c39" "proxy-server 86594" 0.0260 "-" 93871 0
Oct 09 21:07:05 np0005479242.novalocal object-server[93871]: ::1 - - [10/Oct/2025:01:07:05 +0000] "PUT /2/160573/AUTH_7e08652c4e3e41b29e5f05d128f57ab8/gnocchi.e28f103f-4856-475f-bf77-3052505a8ec7/none_v3" 201 - "PUT http://[::1]:8080/v1/AUTH_7e08652c4e3e41b29e5f05d128f57ab8/gnocchi.e28f103f-4856-475f-bf77-3052505a8ec7/none_v3" "tx66b9f7892fe54862bdda1-0068e85c39" "proxy-server 86594" 0.0277 "-" 93871 0
Oct 09 21:07:05 np0005479242.novalocal proxy-server[86594]: ::1 ::1 10/Oct/2025/01/07/05 PUT /v1/AUTH_7e08652c4e3e41b29e5f05d128f57ab8/gnocchi.e28f103f-4856-475f-bf77-3052505a8ec7/none_v3 HTTP/1.0 201 - python-swiftclient-4.5.0 gAAAAABo6Fv-PTBu... 22 - - tx66b9f7892fe54862bdda1-0068e85c39 - 0.0335 - - 1760058425.454966784 1760058425.488497257 0
Oct 09 21:07:05 np0005479242.novalocal account-server[93271]: ::1 - - [10/Oct/2025:01:07:05 +0000] "PUT /1/130220/AUTH_7e08652c4e3e41b29e5f05d128f57ab8/gnocchi.b7f34392-9cf7-42ab-8da2-ea214cfe7502" 201 - "PUT http://[::1]:6001/1/210512/AUTH_7e08652c4e3e41b29e5f05d128f57ab8/gnocchi.b7f34392-9cf7-42ab-8da2-ea214cfe7502" "tx500c544d47a948c0aa194-0068e85c39" "container-server 93568" 0.0067 "-" 93271 0
Oct 09 21:07:05 np0005479242.novalocal container-server[93568]: ::1 - - [10/Oct/2025:01:07:05 +0000] "PUT /1/210512/AUTH_7e08652c4e3e41b29e5f05d128f57ab8/gnocchi.b7f34392-9cf7-42ab-8da2-ea214cfe7502" 201 - "PUT http://[::1]:8080/v1/AUTH_7e08652c4e3e41b29e5f05d128f57ab8/gnocchi.b7f34392-9cf7-42ab-8da2-ea214cfe7502" "tx500c544d47a948c0aa194-0068e85c39" "proxy-server 86594" 0.0270 "-" 93568 0
Oct 09 21:07:05 np0005479242.novalocal proxy-server[86594]: ::1 ::1 10/Oct/2025/01/07/05 PUT /v1/AUTH_7e08652c4e3e41b29e5f05d128f57ab8/gnocchi.b7f34392-9cf7-42ab-8da2-ea214cfe7502 HTTP/1.0 201 - python-swiftclient-4.5.0 gAAAAABo6Fv-oWcl... - - - tx500c544d47a948c0aa194-0068e85c39 - 0.0426 - - 1760058425.458950996 1760058425.501576424 0
Oct 09 21:07:05 np0005479242.novalocal object-server[93870]: ::1 - - [10/Oct/2025:01:07:05 +0000] "GET /3/14694/AUTH_7e08652c4e3e41b29e5f05d128f57ab8/gnocchi.86813290-6b60-4ec1-9c22-c80dd7e6bd46/none_v3" 200 51 "GET http://[::1]:8080/v1/AUTH_7e08652c4e3e41b29e5f05d128f57ab8/gnocchi.86813290-6b60-4ec1-9c22-c80dd7e6bd46/none_v3" "tx83da48fcc7b040b3aecd8-0068e85c39" "proxy-server 86594" 0.0007 "-" 93870 0
Oct 09 21:07:05 np0005479242.novalocal proxy-server[86594]: ::1 ::1 10/Oct/2025/01/07/05 GET /v1/AUTH_7e08652c4e3e41b29e5f05d128f57ab8/gnocchi.86813290-6b60-4ec1-9c22-c80dd7e6bd46/none_v3 HTTP/1.0 200 - python-swiftclient-4.5.0 gAAAAABo6Fv-PTBu... - 51 - tx83da48fcc7b040b3aecd8-0068e85c39 - 0.0065 - - 1760058425.498147488 1760058425.504626989 0
Oct 09 21:07:05 np0005479242.novalocal container-server[93568]: ::1 - - [10/Oct/2025:01:07:05 +0000] "HEAD /2/210512/AUTH_7e08652c4e3e41b29e5f05d128f57ab8/gnocchi.b7f34392-9cf7-42ab-8da2-ea214cfe7502" 204 - "HEAD http://[::1]:8080/v1/AUTH_7e08652c4e3e41b29e5f05d128f57ab8/gnocchi.b7f34392-9cf7-42ab-8da2-ea214cfe7502" "tx78eac413c8704ba08bbe9-0068e85c39" "proxy-server 86594" 0.0011 "-" 93568 0
Oct 09 21:07:05 np0005479242.novalocal proxy-server[86594]: - - 10/Oct/2025/01/07/05 HEAD /v1/AUTH_7e08652c4e3e41b29e5f05d128f57ab8/gnocchi.b7f34392-9cf7-42ab-8da2-ea214cfe7502 HTTP/1.0 204 - Swift - - - - tx78eac413c8704ba08bbe9-0068e85c39 - 0.0044 CS - 1760058425.505596399 1760058425.509953737 0
Oct 09 21:07:05 np0005479242.novalocal container-server[93568]: ::1 - - [10/Oct/2025:01:07:05 +0000] "GET /2/106013/AUTH_7e08652c4e3e41b29e5f05d128f57ab8/gnocchi.86813290-6b60-4ec1-9c22-c80dd7e6bd46" 200 357 "GET http://[::1]:8080/v1/AUTH_7e08652c4e3e41b29e5f05d128f57ab8/gnocchi.86813290-6b60-4ec1-9c22-c80dd7e6bd46?format=json&states=listing" "tx74059254b18d485ea0c3a-0068e85c39" "proxy-server 86594" 0.0027 "-" 93568 0
Oct 09 21:07:05 np0005479242.novalocal proxy-server[86594]: ::1 ::1 10/Oct/2025/01/07/05 GET /v1/AUTH_7e08652c4e3e41b29e5f05d128f57ab8/gnocchi.86813290-6b60-4ec1-9c22-c80dd7e6bd46%3Fformat%3Djson%26states%3Dlisting HTTP/1.0 200 - python-swiftclient-4.5.0 gAAAAABo6Fv-PTBu... - 357 - tx74059254b18d485ea0c3a-0068e85c39 - 0.0070 - - 1760058425.507141352 1760058425.514178514 0
Oct 09 21:07:05 np0005479242.novalocal container-server[93569]: ::1 - - [10/Oct/2025:01:07:05 +0000] "GET /1/210512/AUTH_7e08652c4e3e41b29e5f05d128f57ab8/gnocchi.b7f34392-9cf7-42ab-8da2-ea214cfe7502" 200 2 "GET http://[::1]:8080/v1/AUTH_7e08652c4e3e41b29e5f05d128f57ab8/gnocchi.b7f34392-9cf7-42ab-8da2-ea214cfe7502?format=json&states=listing" "tx78eac413c8704ba08bbe9-0068e85c39" "proxy-server 86594" 0.0030 "-" 93569 0
Oct 09 21:07:05 np0005479242.novalocal proxy-server[86594]: ::1 ::1 10/Oct/2025/01/07/05 GET /v1/AUTH_7e08652c4e3e41b29e5f05d128f57ab8/gnocchi.b7f34392-9cf7-42ab-8da2-ea214cfe7502%3Fformat%3Djson%26states%3Dlisting HTTP/1.0 200 - python-swiftclient-4.5.0 gAAAAABo6Fv-oWcl... - 2 - tx78eac413c8704ba08bbe9-0068e85c39 - 0.0128 - - 1760058425.505170345 1760058425.517936707 0
Oct 09 21:07:05 np0005479242.novalocal object-server[93871]: ::1 - - [10/Oct/2025:01:07:05 +0000] "GET /3/190560/AUTH_7e08652c4e3e41b29e5f05d128f57ab8/gnocchi.b7f34392-9cf7-42ab-8da2-ea214cfe7502/1759320000.0_mean_300.0_v3" 404 70 "GET http://[::1]:8080/v1/AUTH_7e08652c4e3e41b29e5f05d128f57ab8/gnocchi.b7f34392-9cf7-42ab-8da2-ea214cfe7502/1759320000.0_mean_300.0_v3" "tx5ea54364a50f405ba5fa7-0068e85c39" "proxy-server 86594" 0.0003 "-" 93871 0
Oct 09 21:07:05 np0005479242.novalocal container-server[93569]: ::1 - - [10/Oct/2025:01:07:05 +0000] "GET /3/106013/AUTH_7e08652c4e3e41b29e5f05d128f57ab8/gnocchi.86813290-6b60-4ec1-9c22-c80dd7e6bd46" 200 2 "GET http://[::1]:8080/v1/AUTH_7e08652c4e3e41b29e5f05d128f57ab8/gnocchi.86813290-6b60-4ec1-9c22-c80dd7e6bd46?format=json&marker=none_v3&states=listing" "tx3d87b333166b4203b5697-0068e85c39" "proxy-server 86594" 0.0022 "-" 93569 0
Oct 09 21:07:05 np0005479242.novalocal object-server[93871]: ::1 - - [10/Oct/2025:01:07:05 +0000] "GET /1/190560/AUTH_7e08652c4e3e41b29e5f05d128f57ab8/gnocchi.b7f34392-9cf7-42ab-8da2-ea214cfe7502/1759320000.0_mean_300.0_v3" 404 70 "GET http://[::1]:8080/v1/AUTH_7e08652c4e3e41b29e5f05d128f57ab8/gnocchi.b7f34392-9cf7-42ab-8da2-ea214cfe7502/1759320000.0_mean_300.0_v3" "tx5ea54364a50f405ba5fa7-0068e85c39" "proxy-server 86594" 0.0001 "-" 93871 0
Oct 09 21:07:05 np0005479242.novalocal proxy-server[86594]: ::1 ::1 10/Oct/2025/01/07/05 GET /v1/AUTH_7e08652c4e3e41b29e5f05d128f57ab8/gnocchi.86813290-6b60-4ec1-9c22-c80dd7e6bd46%3Fformat%3Djson%26marker%3Dnone_v3%26states%3Dlisting HTTP/1.0 200 - python-swiftclient-4.5.0 gAAAAABo6Fv-PTBu... - 2 - tx3d87b333166b4203b5697-0068e85c39 - 0.0125 - - 1760058425.516342878 1760058425.528830528 0
Oct 09 21:07:05 np0005479242.novalocal object-server[93870]: ::1 - - [10/Oct/2025:01:07:05 +0000] "GET /2/190560/AUTH_7e08652c4e3e41b29e5f05d128f57ab8/gnocchi.b7f34392-9cf7-42ab-8da2-ea214cfe7502/1759320000.0_mean_300.0_v3" 404 70 "GET http://[::1]:8080/v1/AUTH_7e08652c4e3e41b29e5f05d128f57ab8/gnocchi.b7f34392-9cf7-42ab-8da2-ea214cfe7502/1759320000.0_mean_300.0_v3" "tx5ea54364a50f405ba5fa7-0068e85c39" "proxy-server 86594" 0.0003 "-" 93870 0
Oct 09 21:07:05 np0005479242.novalocal proxy-server[86594]: ::1 ::1 10/Oct/2025/01/07/05 GET /v1/AUTH_7e08652c4e3e41b29e5f05d128f57ab8/gnocchi.b7f34392-9cf7-42ab-8da2-ea214cfe7502/1759320000.0_mean_300.0_v3 HTTP/1.0 404 - python-swiftclient-4.5.0 gAAAAABo6Fv-oWcl... - 70 - tx5ea54364a50f405ba5fa7-0068e85c39 - 0.0086 - - 1760058425.521427870 1760058425.530013323 0
Oct 09 21:07:05 np0005479242.novalocal object-server[93870]: ::1 - - [10/Oct/2025:01:07:05 +0000] "GET /1/109035/AUTH_7e08652c4e3e41b29e5f05d128f57ab8/gnocchi.86813290-6b60-4ec1-9c22-c80dd7e6bd46/1759320000.0_mean_300.0_v3" 200 16 "GET http://[::1]:8080/v1/AUTH_7e08652c4e3e41b29e5f05d128f57ab8/gnocchi.86813290-6b60-4ec1-9c22-c80dd7e6bd46/1759320000.0_mean_300.0_v3" "tx28445486544f464d82e10-0068e85c39" "proxy-server 86594" 0.0005 "-" 93870 0
Oct 09 21:07:05 np0005479242.novalocal proxy-server[86594]: ::1 ::1 10/Oct/2025/01/07/05 GET /v1/AUTH_7e08652c4e3e41b29e5f05d128f57ab8/gnocchi.86813290-6b60-4ec1-9c22-c80dd7e6bd46/1759320000.0_mean_300.0_v3 HTTP/1.0 200 - python-swiftclient-4.5.0 gAAAAABo6Fv-PTBu... - 16 - tx28445486544f464d82e10-0068e85c39 - 0.0070 - - 1760058425.531460762 1760058425.538481474 0
Oct 09 21:07:05 np0005479242.novalocal container-server[93568]: ::1 - - [10/Oct/2025:01:07:05 +0000] "PUT /3/210512/AUTH_7e08652c4e3e41b29e5f05d128f57ab8/gnocchi.b7f34392-9cf7-42ab-8da2-ea214cfe7502/1759320000.0_mean_300.0_v3" 201 - "PUT http://[::1]:8080/3/190560/AUTH_7e08652c4e3e41b29e5f05d128f57ab8/gnocchi.b7f34392-9cf7-42ab-8da2-ea214cfe7502/1759320000.0_mean_300.0_v3" "txc78e1403adaa46ebb8d72-0068e85c39" "object-server 93871" 0.0007 "-" 93568 0
Oct 09 21:07:05 np0005479242.novalocal container-server[93568]: ::1 - - [10/Oct/2025:01:07:05 +0000] "PUT /1/106013/AUTH_7e08652c4e3e41b29e5f05d128f57ab8/gnocchi.86813290-6b60-4ec1-9c22-c80dd7e6bd46/1759320000.0_mean_300.0_v3" 201 - "PUT http://[::1]:8080/3/109035/AUTH_7e08652c4e3e41b29e5f05d128f57ab8/gnocchi.86813290-6b60-4ec1-9c22-c80dd7e6bd46/1759320000.0_mean_300.0_v3" "txbc08909f4a1c436eb00da-0068e85c39" "object-server 93871" 0.0003 "-" 93568 0
Oct 09 21:07:05 np0005479242.novalocal container-server[93568]: ::1 - - [10/Oct/2025:01:07:05 +0000] "PUT /3/106013/AUTH_7e08652c4e3e41b29e5f05d128f57ab8/gnocchi.86813290-6b60-4ec1-9c22-c80dd7e6bd46/1759320000.0_mean_300.0_v3" 201 - "PUT http://[::1]:8080/2/109035/AUTH_7e08652c4e3e41b29e5f05d128f57ab8/gnocchi.86813290-6b60-4ec1-9c22-c80dd7e6bd46/1759320000.0_mean_300.0_v3" "txbc08909f4a1c436eb00da-0068e85c39" "object-server 93870" 0.0003 "-" 93568 0
Oct 09 21:07:05 np0005479242.novalocal object-server[93870]: ::1 - - [10/Oct/2025:01:07:05 +0000] "PUT /2/109035/AUTH_7e08652c4e3e41b29e5f05d128f57ab8/gnocchi.86813290-6b60-4ec1-9c22-c80dd7e6bd46/1759320000.0_mean_300.0_v3" 201 - "PUT http://[::1]:8080/v1/AUTH_7e08652c4e3e41b29e5f05d128f57ab8/gnocchi.86813290-6b60-4ec1-9c22-c80dd7e6bd46/1759320000.0_mean_300.0_v3" "txbc08909f4a1c436eb00da-0068e85c39" "proxy-server 86594" 0.0281 "-" 93870 0
Oct 09 21:07:05 np0005479242.novalocal object-server[93871]: ::1 - - [10/Oct/2025:01:07:05 +0000] "PUT /3/109035/AUTH_7e08652c4e3e41b29e5f05d128f57ab8/gnocchi.86813290-6b60-4ec1-9c22-c80dd7e6bd46/1759320000.0_mean_300.0_v3" 201 - "PUT http://[::1]:8080/v1/AUTH_7e08652c4e3e41b29e5f05d128f57ab8/gnocchi.86813290-6b60-4ec1-9c22-c80dd7e6bd46/1759320000.0_mean_300.0_v3" "txbc08909f4a1c436eb00da-0068e85c39" "proxy-server 86594" 0.0285 "-" 93871 0
Oct 09 21:07:05 np0005479242.novalocal object-server[93871]: ::1 - - [10/Oct/2025:01:07:05 +0000] "PUT /3/190560/AUTH_7e08652c4e3e41b29e5f05d128f57ab8/gnocchi.b7f34392-9cf7-42ab-8da2-ea214cfe7502/1759320000.0_mean_300.0_v3" 201 - "PUT http://[::1]:8080/v1/AUTH_7e08652c4e3e41b29e5f05d128f57ab8/gnocchi.b7f34392-9cf7-42ab-8da2-ea214cfe7502/1759320000.0_mean_300.0_v3" "txc78e1403adaa46ebb8d72-0068e85c39" "proxy-server 86594" 0.0389 "-" 93871 0
Oct 09 21:07:05 np0005479242.novalocal container-server[93569]: ::1 - - [10/Oct/2025:01:07:05 +0000] "PUT /2/210512/AUTH_7e08652c4e3e41b29e5f05d128f57ab8/gnocchi.b7f34392-9cf7-42ab-8da2-ea214cfe7502/1759320000.0_mean_300.0_v3" 201 - "PUT http://[::1]:8080/1/190560/AUTH_7e08652c4e3e41b29e5f05d128f57ab8/gnocchi.b7f34392-9cf7-42ab-8da2-ea214cfe7502/1759320000.0_mean_300.0_v3" "txc78e1403adaa46ebb8d72-0068e85c39" "object-server 93871" 0.0007 "-" 93569 0
Oct 09 21:07:05 np0005479242.novalocal object-server[93871]: ::1 - - [10/Oct/2025:01:07:05 +0000] "PUT /1/190560/AUTH_7e08652c4e3e41b29e5f05d128f57ab8/gnocchi.b7f34392-9cf7-42ab-8da2-ea214cfe7502/1759320000.0_mean_300.0_v3" 201 - "PUT http://[::1]:8080/v1/AUTH_7e08652c4e3e41b29e5f05d128f57ab8/gnocchi.b7f34392-9cf7-42ab-8da2-ea214cfe7502/1759320000.0_mean_300.0_v3" "txc78e1403adaa46ebb8d72-0068e85c39" "proxy-server 86594" 0.0427 "-" 93871 0
Oct 09 21:07:05 np0005479242.novalocal container-server[93569]: ::1 - - [10/Oct/2025:01:07:05 +0000] "PUT /1/210512/AUTH_7e08652c4e3e41b29e5f05d128f57ab8/gnocchi.b7f34392-9cf7-42ab-8da2-ea214cfe7502/1759320000.0_mean_300.0_v3" 201 - "PUT http://[::1]:8080/2/190560/AUTH_7e08652c4e3e41b29e5f05d128f57ab8/gnocchi.b7f34392-9cf7-42ab-8da2-ea214cfe7502/1759320000.0_mean_300.0_v3" "txc78e1403adaa46ebb8d72-0068e85c39" "object-server 93871" 0.0004 "-" 93569 0
Oct 09 21:07:05 np0005479242.novalocal object-server[93871]: ::1 - - [10/Oct/2025:01:07:05 +0000] "PUT /2/190560/AUTH_7e08652c4e3e41b29e5f05d128f57ab8/gnocchi.b7f34392-9cf7-42ab-8da2-ea214cfe7502/1759320000.0_mean_300.0_v3" 201 - "PUT http://[::1]:8080/v1/AUTH_7e08652c4e3e41b29e5f05d128f57ab8/gnocchi.b7f34392-9cf7-42ab-8da2-ea214cfe7502/1759320000.0_mean_300.0_v3" "txc78e1403adaa46ebb8d72-0068e85c39" "proxy-server 86594" 0.0447 "-" 93871 0
Oct 09 21:07:05 np0005479242.novalocal container-server[93569]: ::1 - - [10/Oct/2025:01:07:05 +0000] "PUT /2/106013/AUTH_7e08652c4e3e41b29e5f05d128f57ab8/gnocchi.86813290-6b60-4ec1-9c22-c80dd7e6bd46/1759320000.0_mean_300.0_v3" 201 - "PUT http://[::1]:8080/1/109035/AUTH_7e08652c4e3e41b29e5f05d128f57ab8/gnocchi.86813290-6b60-4ec1-9c22-c80dd7e6bd46/1759320000.0_mean_300.0_v3" "txbc08909f4a1c436eb00da-0068e85c39" "object-server 93871" 0.0004 "-" 93569 0
Oct 09 21:07:05 np0005479242.novalocal proxy-server[86594]: ::1 ::1 10/Oct/2025/01/07/05 PUT /v1/AUTH_7e08652c4e3e41b29e5f05d128f57ab8/gnocchi.b7f34392-9cf7-42ab-8da2-ea214cfe7502/1759320000.0_mean_300.0_v3 HTTP/1.0 201 - python-swiftclient-4.5.0 gAAAAABo6Fv-oWcl... 16 - - txc78e1403adaa46ebb8d72-0068e85c39 - 0.0558 - - 1760058425.535017967 1760058425.590864182 0
Oct 09 21:07:05 np0005479242.novalocal object-server[93871]: ::1 - - [10/Oct/2025:01:07:05 +0000] "PUT /1/109035/AUTH_7e08652c4e3e41b29e5f05d128f57ab8/gnocchi.86813290-6b60-4ec1-9c22-c80dd7e6bd46/1759320000.0_mean_300.0_v3" 201 - "PUT http://[::1]:8080/v1/AUTH_7e08652c4e3e41b29e5f05d128f57ab8/gnocchi.86813290-6b60-4ec1-9c22-c80dd7e6bd46/1759320000.0_mean_300.0_v3" "txbc08909f4a1c436eb00da-0068e85c39" "proxy-server 86594" 0.0394 "-" 93871 0
Oct 09 21:07:05 np0005479242.novalocal proxy-server[86594]: ::1 ::1 10/Oct/2025/01/07/05 PUT /v1/AUTH_7e08652c4e3e41b29e5f05d128f57ab8/gnocchi.86813290-6b60-4ec1-9c22-c80dd7e6bd46/1759320000.0_mean_300.0_v3 HTTP/1.0 201 - python-swiftclient-4.5.0 gAAAAABo6Fv-PTBu... 16 - - txbc08909f4a1c436eb00da-0068e85c39 - 0.0493 - - 1760058425.544460535 1760058425.593772888 0
Oct 09 21:07:05 np0005479242.novalocal container-server[93568]: ::1 - - [10/Oct/2025:01:07:05 +0000] "PUT /2/210512/AUTH_7e08652c4e3e41b29e5f05d128f57ab8/gnocchi.b7f34392-9cf7-42ab-8da2-ea214cfe7502/none_v3" 201 - "PUT http://[::1]:8080/1/109050/AUTH_7e08652c4e3e41b29e5f05d128f57ab8/gnocchi.b7f34392-9cf7-42ab-8da2-ea214cfe7502/none_v3" "tx27a388c74ebd49dc8ebb7-0068e85c39" "object-server 93871" 0.0007 "-" 93568 0
Oct 09 21:07:05 np0005479242.novalocal object-server[93871]: ::1 - - [10/Oct/2025:01:07:05 +0000] "PUT /1/109050/AUTH_7e08652c4e3e41b29e5f05d128f57ab8/gnocchi.b7f34392-9cf7-42ab-8da2-ea214cfe7502/none_v3" 201 - "PUT http://[::1]:8080/v1/AUTH_7e08652c4e3e41b29e5f05d128f57ab8/gnocchi.b7f34392-9cf7-42ab-8da2-ea214cfe7502/none_v3" "tx27a388c74ebd49dc8ebb7-0068e85c39" "proxy-server 86594" 0.0141 "-" 93871 0
Oct 09 21:07:05 np0005479242.novalocal container-server[93568]: ::1 - - [10/Oct/2025:01:07:05 +0000] "PUT /1/210512/AUTH_7e08652c4e3e41b29e5f05d128f57ab8/gnocchi.b7f34392-9cf7-42ab-8da2-ea214cfe7502/none_v3" 201 - "PUT http://[::1]:8080/2/109050/AUTH_7e08652c4e3e41b29e5f05d128f57ab8/gnocchi.b7f34392-9cf7-42ab-8da2-ea214cfe7502/none_v3" "tx27a388c74ebd49dc8ebb7-0068e85c39" "object-server 93870" 0.0005 "-" 93568 0
Oct 09 21:07:05 np0005479242.novalocal object-server[93870]: ::1 - - [10/Oct/2025:01:07:05 +0000] "PUT /2/109050/AUTH_7e08652c4e3e41b29e5f05d128f57ab8/gnocchi.b7f34392-9cf7-42ab-8da2-ea214cfe7502/none_v3" 201 - "PUT http://[::1]:8080/v1/AUTH_7e08652c4e3e41b29e5f05d128f57ab8/gnocchi.b7f34392-9cf7-42ab-8da2-ea214cfe7502/none_v3" "tx27a388c74ebd49dc8ebb7-0068e85c39" "proxy-server 86594" 0.0174 "-" 93870 0
Oct 09 21:07:05 np0005479242.novalocal container-server[93568]: ::1 - - [10/Oct/2025:01:07:05 +0000] "PUT /1/106013/AUTH_7e08652c4e3e41b29e5f05d128f57ab8/gnocchi.86813290-6b60-4ec1-9c22-c80dd7e6bd46/none_v3" 201 - "PUT http://[::1]:8080/2/14694/AUTH_7e08652c4e3e41b29e5f05d128f57ab8/gnocchi.86813290-6b60-4ec1-9c22-c80dd7e6bd46/none_v3" "tx52a92fe8cd5145898e30d-0068e85c39" "object-server 93870" 0.0006 "-" 93568 0
Oct 09 21:07:05 np0005479242.novalocal object-server[93870]: ::1 - - [10/Oct/2025:01:07:05 +0000] "PUT /2/14694/AUTH_7e08652c4e3e41b29e5f05d128f57ab8/gnocchi.86813290-6b60-4ec1-9c22-c80dd7e6bd46/none_v3" 201 - "PUT http://[::1]:8080/v1/AUTH_7e08652c4e3e41b29e5f05d128f57ab8/gnocchi.86813290-6b60-4ec1-9c22-c80dd7e6bd46/none_v3" "tx52a92fe8cd5145898e30d-0068e85c39" "proxy-server 86594" 0.0209 "-" 93870 0
Oct 09 21:07:05 np0005479242.novalocal container-server[93568]: ::1 - - [10/Oct/2025:01:07:05 +0000] "PUT /3/210512/AUTH_7e08652c4e3e41b29e5f05d128f57ab8/gnocchi.b7f34392-9cf7-42ab-8da2-ea214cfe7502/none_v3" 201 - "PUT http://[::1]:8080/3/109050/AUTH_7e08652c4e3e41b29e5f05d128f57ab8/gnocchi.b7f34392-9cf7-42ab-8da2-ea214cfe7502/none_v3" "tx27a388c74ebd49dc8ebb7-0068e85c39" "object-server 93870" 0.0005 "-" 93568 0
Oct 09 21:07:05 np0005479242.novalocal object-server[93870]: ::1 - - [10/Oct/2025:01:07:05 +0000] "PUT /3/109050/AUTH_7e08652c4e3e41b29e5f05d128f57ab8/gnocchi.b7f34392-9cf7-42ab-8da2-ea214cfe7502/none_v3" 201 - "PUT http://[::1]:8080/v1/AUTH_7e08652c4e3e41b29e5f05d128f57ab8/gnocchi.b7f34392-9cf7-42ab-8da2-ea214cfe7502/none_v3" "tx27a388c74ebd49dc8ebb7-0068e85c39" "proxy-server 86594" 0.0342 "-" 93870 0
Oct 09 21:07:05 np0005479242.novalocal container-server[93568]: ::1 - - [10/Oct/2025:01:07:05 +0000] "PUT /2/106013/AUTH_7e08652c4e3e41b29e5f05d128f57ab8/gnocchi.86813290-6b60-4ec1-9c22-c80dd7e6bd46/none_v3" 201 - "PUT http://[::1]:8080/3/14694/AUTH_7e08652c4e3e41b29e5f05d128f57ab8/gnocchi.86813290-6b60-4ec1-9c22-c80dd7e6bd46/none_v3" "tx52a92fe8cd5145898e30d-0068e85c39" "object-server 93870" 0.0005 "-" 93568 0
Oct 09 21:07:05 np0005479242.novalocal proxy-server[86594]: ::1 ::1 10/Oct/2025/01/07/05 PUT /v1/AUTH_7e08652c4e3e41b29e5f05d128f57ab8/gnocchi.b7f34392-9cf7-42ab-8da2-ea214cfe7502/none_v3 HTTP/1.0 201 - python-swiftclient-4.5.0 gAAAAABo6Fv-oWcl... 22 - - tx27a388c74ebd49dc8ebb7-0068e85c39 - 0.0503 - - 1760058425.593088865 1760058425.643432856 0
Oct 09 21:07:05 np0005479242.novalocal object-server[93870]: ::1 - - [10/Oct/2025:01:07:05 +0000] "PUT /3/14694/AUTH_7e08652c4e3e41b29e5f05d128f57ab8/gnocchi.86813290-6b60-4ec1-9c22-c80dd7e6bd46/none_v3" 201 - "PUT http://[::1]:8080/v1/AUTH_7e08652c4e3e41b29e5f05d128f57ab8/gnocchi.86813290-6b60-4ec1-9c22-c80dd7e6bd46/none_v3" "tx52a92fe8cd5145898e30d-0068e85c39" "proxy-server 86594" 0.0415 "-" 93870 0
Oct 09 21:07:05 np0005479242.novalocal container-server[93569]: ::1 - - [10/Oct/2025:01:07:05 +0000] "PUT /3/106013/AUTH_7e08652c4e3e41b29e5f05d128f57ab8/gnocchi.86813290-6b60-4ec1-9c22-c80dd7e6bd46/none_v3" 201 - "PUT http://[::1]:8080/1/14694/AUTH_7e08652c4e3e41b29e5f05d128f57ab8/gnocchi.86813290-6b60-4ec1-9c22-c80dd7e6bd46/none_v3" "tx52a92fe8cd5145898e30d-0068e85c39" "object-server 93870" 0.0009 "-" 93569 0
Oct 09 21:07:05 np0005479242.novalocal object-server[93870]: ::1 - - [10/Oct/2025:01:07:05 +0000] "PUT /1/14694/AUTH_7e08652c4e3e41b29e5f05d128f57ab8/gnocchi.86813290-6b60-4ec1-9c22-c80dd7e6bd46/none_v3" 201 - "PUT http://[::1]:8080/v1/AUTH_7e08652c4e3e41b29e5f05d128f57ab8/gnocchi.86813290-6b60-4ec1-9c22-c80dd7e6bd46/none_v3" "tx52a92fe8cd5145898e30d-0068e85c39" "proxy-server 86594" 0.0459 "-" 93870 0
Oct 09 21:07:05 np0005479242.novalocal proxy-server[86594]: ::1 ::1 10/Oct/2025/01/07/05 PUT /v1/AUTH_7e08652c4e3e41b29e5f05d128f57ab8/gnocchi.86813290-6b60-4ec1-9c22-c80dd7e6bd46/none_v3 HTTP/1.0 201 - python-swiftclient-4.5.0 gAAAAABo6Fv-PTBu... 76 - - tx52a92fe8cd5145898e30d-0068e85c39 - 0.0606 - - 1760058425.595728397 1760058425.656322002 0
Oct 09 21:07:05 np0005479242.novalocal container-server[93568]: ::1 - - [10/Oct/2025:01:07:05 +0000] "HEAD /2/33544/AUTH_7e08652c4e3e41b29e5f05d128f57ab8/gnocchi.77daa324-78f0-442c-bc45-38c332326763" 404 - "HEAD http://[::1]:8080/v1/AUTH_7e08652c4e3e41b29e5f05d128f57ab8/gnocchi.77daa324-78f0-442c-bc45-38c332326763" "txd8205169ec354cc1acdaf-0068e85c39" "proxy-server 86594" 0.0004 "-" 93568 0
Oct 09 21:07:05 np0005479242.novalocal container-server[93568]: ::1 - - [10/Oct/2025:01:07:05 +0000] "HEAD /3/33544/AUTH_7e08652c4e3e41b29e5f05d128f57ab8/gnocchi.77daa324-78f0-442c-bc45-38c332326763" 404 - "HEAD http://[::1]:8080/v1/AUTH_7e08652c4e3e41b29e5f05d128f57ab8/gnocchi.77daa324-78f0-442c-bc45-38c332326763" "txd8205169ec354cc1acdaf-0068e85c39" "proxy-server 86594" 0.0004 "-" 93568 0
Oct 09 21:07:05 np0005479242.novalocal object-server[93870]: ::1 - - [10/Oct/2025:01:07:05 +0000] "GET /3/164327/AUTH_7e08652c4e3e41b29e5f05d128f57ab8/gnocchi.e509e1af-e0a9-4e1f-af2b-105e2d527491/none_v3" 200 67 "GET http://[::1]:8080/v1/AUTH_7e08652c4e3e41b29e5f05d128f57ab8/gnocchi.e509e1af-e0a9-4e1f-af2b-105e2d527491/none_v3" "txcc92977a220a4b87af4a7-0068e85c39" "proxy-server 86594" 0.0011 "-" 93870 0
Oct 09 21:07:05 np0005479242.novalocal container-server[93569]: ::1 - - [10/Oct/2025:01:07:05 +0000] "HEAD /1/33544/AUTH_7e08652c4e3e41b29e5f05d128f57ab8/gnocchi.77daa324-78f0-442c-bc45-38c332326763" 404 - "HEAD http://[::1]:8080/v1/AUTH_7e08652c4e3e41b29e5f05d128f57ab8/gnocchi.77daa324-78f0-442c-bc45-38c332326763" "txd8205169ec354cc1acdaf-0068e85c39" "proxy-server 86594" 0.0004 "-" 93569 0
Oct 09 21:07:05 np0005479242.novalocal proxy-server[86594]: ::1 ::1 10/Oct/2025/01/07/05 GET /v1/AUTH_7e08652c4e3e41b29e5f05d128f57ab8/gnocchi.e509e1af-e0a9-4e1f-af2b-105e2d527491/none_v3 HTTP/1.0 200 - python-swiftclient-4.5.0 gAAAAABo6Fv-oWcl... - 67 - txcc92977a220a4b87af4a7-0068e85c39 - 0.0100 - - 1760058425.693619967 1760058425.703648567 0
Oct 09 21:07:05 np0005479242.novalocal proxy-server[86594]: - - 10/Oct/2025/01/07/05 HEAD /v1/AUTH_7e08652c4e3e41b29e5f05d128f57ab8/gnocchi.77daa324-78f0-442c-bc45-38c332326763 HTTP/1.0 404 - Swift - - - - txd8205169ec354cc1acdaf-0068e85c39 - 0.0409 CS - 1760058425.666566610 1760058425.707458496 0
Oct 09 21:07:05 np0005479242.novalocal object-server[93871]: ::1 - - [10/Oct/2025:01:07:05 +0000] "GET /2/8247/AUTH_7e08652c4e3e41b29e5f05d128f57ab8/gnocchi.77daa324-78f0-442c-bc45-38c332326763/none_v3" 404 70 "GET http://[::1]:8080/v1/AUTH_7e08652c4e3e41b29e5f05d128f57ab8/gnocchi.77daa324-78f0-442c-bc45-38c332326763/none_v3" "txd8205169ec354cc1acdaf-0068e85c39" "proxy-server 86594" 0.0004 "-" 93871 0
Oct 09 21:07:05 np0005479242.novalocal object-server[93871]: ::1 - - [10/Oct/2025:01:07:05 +0000] "GET /3/8247/AUTH_7e08652c4e3e41b29e5f05d128f57ab8/gnocchi.77daa324-78f0-442c-bc45-38c332326763/none_v3" 404 70 "GET http://[::1]:8080/v1/AUTH_7e08652c4e3e41b29e5f05d128f57ab8/gnocchi.77daa324-78f0-442c-bc45-38c332326763/none_v3" "txd8205169ec354cc1acdaf-0068e85c39" "proxy-server 86594" 0.0003 "-" 93871 0
Oct 09 21:07:05 np0005479242.novalocal container-server[93569]: ::1 - - [10/Oct/2025:01:07:05 +0000] "GET /2/94573/AUTH_7e08652c4e3e41b29e5f05d128f57ab8/gnocchi.e509e1af-e0a9-4e1f-af2b-105e2d527491" 200 357 "GET http://[::1]:8080/v1/AUTH_7e08652c4e3e41b29e5f05d128f57ab8/gnocchi.e509e1af-e0a9-4e1f-af2b-105e2d527491?format=json&states=listing" "tx461a0954e7cf466592156-0068e85c39" "proxy-server 86594" 0.0045 "-" 93569 0
Oct 09 21:07:05 np0005479242.novalocal object-server[93871]: ::1 - - [10/Oct/2025:01:07:05 +0000] "GET /1/8247/AUTH_7e08652c4e3e41b29e5f05d128f57ab8/gnocchi.77daa324-78f0-442c-bc45-38c332326763/none_v3" 404 70 "GET http://[::1]:8080/v1/AUTH_7e08652c4e3e41b29e5f05d128f57ab8/gnocchi.77daa324-78f0-442c-bc45-38c332326763/none_v3" "txd8205169ec354cc1acdaf-0068e85c39" "proxy-server 86594" 0.0004 "-" 93871 0
Oct 09 21:07:05 np0005479242.novalocal proxy-server[86594]: ::1 ::1 10/Oct/2025/01/07/05 GET /v1/AUTH_7e08652c4e3e41b29e5f05d128f57ab8/gnocchi.77daa324-78f0-442c-bc45-38c332326763/none_v3 HTTP/1.0 404 - python-swiftclient-4.5.0 gAAAAABo6Fv-PTBu... - 70 - txd8205169ec354cc1acdaf-0068e85c39 - 0.0582 - - 1760058425.665399551 1760058425.723598480 0
Oct 09 21:07:05 np0005479242.novalocal proxy-server[86594]: ::1 ::1 10/Oct/2025/01/07/05 GET /v1/AUTH_7e08652c4e3e41b29e5f05d128f57ab8/gnocchi.e509e1af-e0a9-4e1f-af2b-105e2d527491%3Fformat%3Djson%26states%3Dlisting HTTP/1.0 200 - python-swiftclient-4.5.0 gAAAAABo6Fv-oWcl... - 357 - tx461a0954e7cf466592156-0068e85c39 - 0.0179 - - 1760058425.707092285 1760058425.725023270 0
Oct 09 21:07:05 np0005479242.novalocal container-server[93568]: ::1 - - [10/Oct/2025:01:07:05 +0000] "GET /2/94573/AUTH_7e08652c4e3e41b29e5f05d128f57ab8/gnocchi.e509e1af-e0a9-4e1f-af2b-105e2d527491" 200 2 "GET http://[::1]:8080/v1/AUTH_7e08652c4e3e41b29e5f05d128f57ab8/gnocchi.e509e1af-e0a9-4e1f-af2b-105e2d527491?format=json&marker=none_v3&states=listing" "tx6d1a8588220144c1a78ed-0068e85c39" "proxy-server 86594" 0.0030 "-" 93568 0
Oct 09 21:07:05 np0005479242.novalocal proxy-server[86594]: ::1 ::1 10/Oct/2025/01/07/05 GET /v1/AUTH_7e08652c4e3e41b29e5f05d128f57ab8/gnocchi.e509e1af-e0a9-4e1f-af2b-105e2d527491%3Fformat%3Djson%26marker%3Dnone_v3%26states%3Dlisting HTTP/1.0 200 - python-swiftclient-4.5.0 gAAAAABo6Fv-oWcl... - 2 - tx6d1a8588220144c1a78ed-0068e85c39 - 0.0120 - - 1760058425.727667809 1760058425.739666462 0
Oct 09 21:07:05 np0005479242.novalocal object-server[93871]: ::1 - - [10/Oct/2025:01:07:05 +0000] "GET /1/92216/AUTH_7e08652c4e3e41b29e5f05d128f57ab8/gnocchi.e509e1af-e0a9-4e1f-af2b-105e2d527491/1759320000.0_mean_300.0_v3" 200 16 "GET http://[::1]:8080/v1/AUTH_7e08652c4e3e41b29e5f05d128f57ab8/gnocchi.e509e1af-e0a9-4e1f-af2b-105e2d527491/1759320000.0_mean_300.0_v3" "txa6c45e1b7ad0453f838f6-0068e85c39" "proxy-server 86594" 0.0010 "-" 93871 0
Oct 09 21:07:05 np0005479242.novalocal dnsmasq-dhcp[99532]: DHCPRELEASE(tapbeb29a1a-8b) 10.100.0.9 fa:16:3e:3a:3f:4d
Oct 09 21:07:05 np0005479242.novalocal proxy-server[86594]: ::1 ::1 10/Oct/2025/01/07/05 GET /v1/AUTH_7e08652c4e3e41b29e5f05d128f57ab8/gnocchi.e509e1af-e0a9-4e1f-af2b-105e2d527491/1759320000.0_mean_300.0_v3 HTTP/1.0 200 - python-swiftclient-4.5.0 gAAAAABo6Fv-oWcl... - 16 - txa6c45e1b7ad0453f838f6-0068e85c39 - 0.0085 - - 1760058425.743412256 1760058425.751877785 0
Oct 09 21:07:05 np0005479242.novalocal dnsmasq-dhcp[99532]: DHCPRELEASE(tapbeb29a1a-8b) 10.100.0.9 fa:16:3e:3a:3f:4d unknown lease
Oct 09 21:07:05 np0005479242.novalocal account-server[93271]: ::1 - - [10/Oct/2025:01:07:05 +0000] "PUT /3/130220/AUTH_7e08652c4e3e41b29e5f05d128f57ab8/gnocchi.77daa324-78f0-442c-bc45-38c332326763" 201 - "PUT http://[::1]:6001/3/33544/AUTH_7e08652c4e3e41b29e5f05d128f57ab8/gnocchi.77daa324-78f0-442c-bc45-38c332326763" "tx1784ca0436dd409ab5d3f-0068e85c39" "container-server 93569" 0.0214 "-" 93271 0
Oct 09 21:07:05 np0005479242.novalocal container-server[93569]: ::1 - - [10/Oct/2025:01:07:05 +0000] "PUT /3/33544/AUTH_7e08652c4e3e41b29e5f05d128f57ab8/gnocchi.77daa324-78f0-442c-bc45-38c332326763" 201 - "PUT http://[::1]:8080/v1/AUTH_7e08652c4e3e41b29e5f05d128f57ab8/gnocchi.77daa324-78f0-442c-bc45-38c332326763" "tx1784ca0436dd409ab5d3f-0068e85c39" "proxy-server 86594" 0.0417 "-" 93569 0
Oct 09 21:07:05 np0005479242.novalocal account-server[93271]: ::1 - - [10/Oct/2025:01:07:05 +0000] "PUT /1/130220/AUTH_7e08652c4e3e41b29e5f05d128f57ab8/gnocchi.77daa324-78f0-442c-bc45-38c332326763" 201 - "PUT http://[::1]:6001/1/33544/AUTH_7e08652c4e3e41b29e5f05d128f57ab8/gnocchi.77daa324-78f0-442c-bc45-38c332326763" "tx1784ca0436dd409ab5d3f-0068e85c39" "container-server 93568" 0.0040 "-" 93271 0
Oct 09 21:07:05 np0005479242.novalocal container-server[93568]: ::1 - - [10/Oct/2025:01:07:05 +0000] "PUT /1/94573/AUTH_7e08652c4e3e41b29e5f05d128f57ab8/gnocchi.e509e1af-e0a9-4e1f-af2b-105e2d527491/1759320000.0_mean_300.0_v3" 201 - "PUT http://[::1]:8080/3/92216/AUTH_7e08652c4e3e41b29e5f05d128f57ab8/gnocchi.e509e1af-e0a9-4e1f-af2b-105e2d527491/1759320000.0_mean_300.0_v3" "txfccfddaaa266492e958f9-0068e85c39" "object-server 93871" 0.0007 "-" 93568 0
Oct 09 21:07:05 np0005479242.novalocal account-server[93272]: ::1 - - [10/Oct/2025:01:07:05 +0000] "PUT /2/130220/AUTH_7e08652c4e3e41b29e5f05d128f57ab8/gnocchi.77daa324-78f0-442c-bc45-38c332326763" 201 - "PUT http://[::1]:6001/2/33544/AUTH_7e08652c4e3e41b29e5f05d128f57ab8/gnocchi.77daa324-78f0-442c-bc45-38c332326763" "tx1784ca0436dd409ab5d3f-0068e85c39" "container-server 93568" 0.0056 "-" 93272 0
Oct 09 21:07:05 np0005479242.novalocal object-server[93871]: ::1 - - [10/Oct/2025:01:07:05 +0000] "PUT /3/92216/AUTH_7e08652c4e3e41b29e5f05d128f57ab8/gnocchi.e509e1af-e0a9-4e1f-af2b-105e2d527491/1759320000.0_mean_300.0_v3" 201 - "PUT http://[::1]:8080/v1/AUTH_7e08652c4e3e41b29e5f05d128f57ab8/gnocchi.e509e1af-e0a9-4e1f-af2b-105e2d527491/1759320000.0_mean_300.0_v3" "txfccfddaaa266492e958f9-0068e85c39" "proxy-server 86594" 0.0275 "-" 93871 0
Oct 09 21:07:05 np0005479242.novalocal container-server[93568]: ::1 - - [10/Oct/2025:01:07:05 +0000] "PUT /3/94573/AUTH_7e08652c4e3e41b29e5f05d128f57ab8/gnocchi.e509e1af-e0a9-4e1f-af2b-105e2d527491/1759320000.0_mean_300.0_v3" 201 - "PUT http://[::1]:8080/1/92216/AUTH_7e08652c4e3e41b29e5f05d128f57ab8/gnocchi.e509e1af-e0a9-4e1f-af2b-105e2d527491/1759320000.0_mean_300.0_v3" "txfccfddaaa266492e958f9-0068e85c39" "object-server 93870" 0.0009 "-" 93568 0
Oct 09 21:07:05 np0005479242.novalocal object-server[93870]: ::1 - - [10/Oct/2025:01:07:05 +0000] "PUT /1/92216/AUTH_7e08652c4e3e41b29e5f05d128f57ab8/gnocchi.e509e1af-e0a9-4e1f-af2b-105e2d527491/1759320000.0_mean_300.0_v3" 201 - "PUT http://[::1]:8080/v1/AUTH_7e08652c4e3e41b29e5f05d128f57ab8/gnocchi.e509e1af-e0a9-4e1f-af2b-105e2d527491/1759320000.0_mean_300.0_v3" "txfccfddaaa266492e958f9-0068e85c39" "proxy-server 86594" 0.0277 "-" 93870 0
Oct 09 21:07:05 np0005479242.novalocal container-server[93568]: ::1 - - [10/Oct/2025:01:07:05 +0000] "PUT /2/94573/AUTH_7e08652c4e3e41b29e5f05d128f57ab8/gnocchi.e509e1af-e0a9-4e1f-af2b-105e2d527491/1759320000.0_mean_300.0_v3" 201 - "PUT http://[::1]:8080/2/92216/AUTH_7e08652c4e3e41b29e5f05d128f57ab8/gnocchi.e509e1af-e0a9-4e1f-af2b-105e2d527491/1759320000.0_mean_300.0_v3" "txfccfddaaa266492e958f9-0068e85c39" "object-server 93870" 0.0008 "-" 93568 0
Oct 09 21:07:05 np0005479242.novalocal object-server[93870]: ::1 - - [10/Oct/2025:01:07:05 +0000] "PUT /2/92216/AUTH_7e08652c4e3e41b29e5f05d128f57ab8/gnocchi.e509e1af-e0a9-4e1f-af2b-105e2d527491/1759320000.0_mean_300.0_v3" 201 - "PUT http://[::1]:8080/v1/AUTH_7e08652c4e3e41b29e5f05d128f57ab8/gnocchi.e509e1af-e0a9-4e1f-af2b-105e2d527491/1759320000.0_mean_300.0_v3" "txfccfddaaa266492e958f9-0068e85c39" "proxy-server 86594" 0.0268 "-" 93870 0
Oct 09 21:07:05 np0005479242.novalocal container-server[93568]: ::1 - - [10/Oct/2025:01:07:05 +0000] "PUT /2/33544/AUTH_7e08652c4e3e41b29e5f05d128f57ab8/gnocchi.77daa324-78f0-442c-bc45-38c332326763" 201 - "PUT http://[::1]:8080/v1/AUTH_7e08652c4e3e41b29e5f05d128f57ab8/gnocchi.77daa324-78f0-442c-bc45-38c332326763" "tx1784ca0436dd409ab5d3f-0068e85c39" "proxy-server 86594" 0.0542 "-" 93568 0
Oct 09 21:07:05 np0005479242.novalocal container-server[93568]: ::1 - - [10/Oct/2025:01:07:05 +0000] "PUT /1/33544/AUTH_7e08652c4e3e41b29e5f05d128f57ab8/gnocchi.77daa324-78f0-442c-bc45-38c332326763" 201 - "PUT http://[::1]:8080/v1/AUTH_7e08652c4e3e41b29e5f05d128f57ab8/gnocchi.77daa324-78f0-442c-bc45-38c332326763" "tx1784ca0436dd409ab5d3f-0068e85c39" "proxy-server 86594" 0.0238 "-" 93568 0
Oct 09 21:07:05 np0005479242.novalocal proxy-server[86594]: ::1 ::1 10/Oct/2025/01/07/05 PUT /v1/AUTH_7e08652c4e3e41b29e5f05d128f57ab8/gnocchi.e509e1af-e0a9-4e1f-af2b-105e2d527491/1759320000.0_mean_300.0_v3 HTTP/1.0 201 - python-swiftclient-4.5.0 gAAAAABo6Fv-oWcl... 16 - - txfccfddaaa266492e958f9-0068e85c39 - 0.0448 - - 1760058425.754757404 1760058425.799568176 0
Oct 09 21:07:05 np0005479242.novalocal proxy-server[86594]: ::1 ::1 10/Oct/2025/01/07/05 PUT /v1/AUTH_7e08652c4e3e41b29e5f05d128f57ab8/gnocchi.77daa324-78f0-442c-bc45-38c332326763 HTTP/1.0 201 - python-swiftclient-4.5.0 gAAAAABo6Fv-PTBu... - - - tx1784ca0436dd409ab5d3f-0068e85c39 - 0.0727 - - 1760058425.728590965 1760058425.801339388 0
Oct 09 21:07:05 np0005479242.novalocal container-server[93568]: ::1 - - [10/Oct/2025:01:07:05 +0000] "HEAD /3/33544/AUTH_7e08652c4e3e41b29e5f05d128f57ab8/gnocchi.77daa324-78f0-442c-bc45-38c332326763" 204 - "HEAD http://[::1]:8080/v1/AUTH_7e08652c4e3e41b29e5f05d128f57ab8/gnocchi.77daa324-78f0-442c-bc45-38c332326763" "tx224250b5a1924378a4650-0068e85c39" "proxy-server 86594" 0.0027 "-" 93568 0
Oct 09 21:07:05 np0005479242.novalocal proxy-server[86594]: - - 10/Oct/2025/01/07/05 HEAD /v1/AUTH_7e08652c4e3e41b29e5f05d128f57ab8/gnocchi.77daa324-78f0-442c-bc45-38c332326763 HTTP/1.0 204 - Swift - - - - tx224250b5a1924378a4650-0068e85c39 - 0.0165 CS - 1760058425.806682110 1760058425.823173285 0
Oct 09 21:07:05 np0005479242.novalocal container-server[93568]: ::1 - - [10/Oct/2025:01:07:05 +0000] "GET /1/33544/AUTH_7e08652c4e3e41b29e5f05d128f57ab8/gnocchi.77daa324-78f0-442c-bc45-38c332326763" 200 2 "GET http://[::1]:8080/v1/AUTH_7e08652c4e3e41b29e5f05d128f57ab8/gnocchi.77daa324-78f0-442c-bc45-38c332326763?format=json&states=listing" "tx224250b5a1924378a4650-0068e85c39" "proxy-server 86594" 0.0037 "-" 93568 0
Oct 09 21:07:05 np0005479242.novalocal proxy-server[86594]: ::1 ::1 10/Oct/2025/01/07/05 GET /v1/AUTH_7e08652c4e3e41b29e5f05d128f57ab8/gnocchi.77daa324-78f0-442c-bc45-38c332326763%3Fformat%3Djson%26states%3Dlisting HTTP/1.0 200 - python-swiftclient-4.5.0 gAAAAABo6Fv-PTBu... - 2 - tx224250b5a1924378a4650-0068e85c39 - 0.0276 - - 1760058425.805443764 1760058425.833058119 0
Oct 09 21:07:05 np0005479242.novalocal container-server[93569]: ::1 - - [10/Oct/2025:01:07:05 +0000] "PUT /1/94573/AUTH_7e08652c4e3e41b29e5f05d128f57ab8/gnocchi.e509e1af-e0a9-4e1f-af2b-105e2d527491/none_v3" 201 - "PUT http://[::1]:8080/1/164327/AUTH_7e08652c4e3e41b29e5f05d128f57ab8/gnocchi.e509e1af-e0a9-4e1f-af2b-105e2d527491/none_v3" "tx8c5d014de66a456dbaf44-0068e85c39" "object-server 93871" 0.0009 "-" 93569 0
Oct 09 21:07:05 np0005479242.novalocal object-server[93870]: ::1 - - [10/Oct/2025:01:07:05 +0000] "GET /1/178819/AUTH_7e08652c4e3e41b29e5f05d128f57ab8/gnocchi.77daa324-78f0-442c-bc45-38c332326763/1759320000.0_mean_300.0_v3" 404 70 "GET http://[::1]:8080/v1/AUTH_7e08652c4e3e41b29e5f05d128f57ab8/gnocchi.77daa324-78f0-442c-bc45-38c332326763/1759320000.0_mean_300.0_v3" "tx047b094d313c4e40a2d47-0068e85c39" "proxy-server 86594" 0.0003 "-" 93870 0
Oct 09 21:07:05 np0005479242.novalocal object-server[93871]: ::1 - - [10/Oct/2025:01:07:05 +0000] "PUT /1/164327/AUTH_7e08652c4e3e41b29e5f05d128f57ab8/gnocchi.e509e1af-e0a9-4e1f-af2b-105e2d527491/none_v3" 201 - "PUT http://[::1]:8080/v1/AUTH_7e08652c4e3e41b29e5f05d128f57ab8/gnocchi.e509e1af-e0a9-4e1f-af2b-105e2d527491/none_v3" "tx8c5d014de66a456dbaf44-0068e85c39" "proxy-server 86594" 0.0208 "-" 93871 0
Oct 09 21:07:05 np0005479242.novalocal object-server[93871]: ::1 - - [10/Oct/2025:01:07:05 +0000] "GET /3/178819/AUTH_7e08652c4e3e41b29e5f05d128f57ab8/gnocchi.77daa324-78f0-442c-bc45-38c332326763/1759320000.0_mean_300.0_v3" 404 70 "GET http://[::1]:8080/v1/AUTH_7e08652c4e3e41b29e5f05d128f57ab8/gnocchi.77daa324-78f0-442c-bc45-38c332326763/1759320000.0_mean_300.0_v3" "tx047b094d313c4e40a2d47-0068e85c39" "proxy-server 86594" 0.0003 "-" 93871 0
Oct 09 21:07:05 np0005479242.novalocal container-server[93569]: ::1 - - [10/Oct/2025:01:07:05 +0000] "PUT /2/94573/AUTH_7e08652c4e3e41b29e5f05d128f57ab8/gnocchi.e509e1af-e0a9-4e1f-af2b-105e2d527491/none_v3" 201 - "PUT http://[::1]:8080/2/164327/AUTH_7e08652c4e3e41b29e5f05d128f57ab8/gnocchi.e509e1af-e0a9-4e1f-af2b-105e2d527491/none_v3" "tx8c5d014de66a456dbaf44-0068e85c39" "object-server 93871" 0.0007 "-" 93569 0
Oct 09 21:07:05 np0005479242.novalocal object-server[93871]: ::1 - - [10/Oct/2025:01:07:05 +0000] "PUT /2/164327/AUTH_7e08652c4e3e41b29e5f05d128f57ab8/gnocchi.e509e1af-e0a9-4e1f-af2b-105e2d527491/none_v3" 201 - "PUT http://[::1]:8080/v1/AUTH_7e08652c4e3e41b29e5f05d128f57ab8/gnocchi.e509e1af-e0a9-4e1f-af2b-105e2d527491/none_v3" "tx8c5d014de66a456dbaf44-0068e85c39" "proxy-server 86594" 0.0216 "-" 93871 0
Oct 09 21:07:05 np0005479242.novalocal object-server[93870]: ::1 - - [10/Oct/2025:01:07:05 +0000] "GET /2/178819/AUTH_7e08652c4e3e41b29e5f05d128f57ab8/gnocchi.77daa324-78f0-442c-bc45-38c332326763/1759320000.0_mean_300.0_v3" 404 70 "GET http://[::1]:8080/v1/AUTH_7e08652c4e3e41b29e5f05d128f57ab8/gnocchi.77daa324-78f0-442c-bc45-38c332326763/1759320000.0_mean_300.0_v3" "tx047b094d313c4e40a2d47-0068e85c39" "proxy-server 86594" 0.0002 "-" 93870 0
Oct 09 21:07:05 np0005479242.novalocal proxy-server[86594]: ::1 ::1 10/Oct/2025/01/07/05 GET /v1/AUTH_7e08652c4e3e41b29e5f05d128f57ab8/gnocchi.77daa324-78f0-442c-bc45-38c332326763/1759320000.0_mean_300.0_v3 HTTP/1.0 404 - python-swiftclient-4.5.0 gAAAAABo6Fv-PTBu... - 70 - tx047b094d313c4e40a2d47-0068e85c39 - 0.0118 - - 1760058425.836637497 1760058425.848406076 0
Oct 09 21:07:05 np0005479242.novalocal container-server[93569]: ::1 - - [10/Oct/2025:01:07:05 +0000] "PUT /3/94573/AUTH_7e08652c4e3e41b29e5f05d128f57ab8/gnocchi.e509e1af-e0a9-4e1f-af2b-105e2d527491/none_v3" 201 - "PUT http://[::1]:8080/3/164327/AUTH_7e08652c4e3e41b29e5f05d128f57ab8/gnocchi.e509e1af-e0a9-4e1f-af2b-105e2d527491/none_v3" "tx8c5d014de66a456dbaf44-0068e85c39" "object-server 93870" 0.0021 "-" 93569 0
Oct 09 21:07:05 np0005479242.novalocal object-server[93870]: ::1 - - [10/Oct/2025:01:07:05 +0000] "PUT /3/164327/AUTH_7e08652c4e3e41b29e5f05d128f57ab8/gnocchi.e509e1af-e0a9-4e1f-af2b-105e2d527491/none_v3" 201 - "PUT http://[::1]:8080/v1/AUTH_7e08652c4e3e41b29e5f05d128f57ab8/gnocchi.e509e1af-e0a9-4e1f-af2b-105e2d527491/none_v3" "tx8c5d014de66a456dbaf44-0068e85c39" "proxy-server 86594" 0.0239 "-" 93870 0
Oct 09 21:07:05 np0005479242.novalocal proxy-server[86594]: ::1 ::1 10/Oct/2025/01/07/05 PUT /v1/AUTH_7e08652c4e3e41b29e5f05d128f57ab8/gnocchi.e509e1af-e0a9-4e1f-af2b-105e2d527491/none_v3 HTTP/1.0 201 - python-swiftclient-4.5.0 gAAAAABo6Fv-oWcl... 76 - - tx8c5d014de66a456dbaf44-0068e85c39 - 0.0482 - - 1760058425.803151608 1760058425.851330280 0
Oct 09 21:07:05 np0005479242.novalocal container-server[93568]: ::1 - - [10/Oct/2025:01:07:05 +0000] "PUT /2/33544/AUTH_7e08652c4e3e41b29e5f05d128f57ab8/gnocchi.77daa324-78f0-442c-bc45-38c332326763/1759320000.0_mean_300.0_v3" 201 - "PUT http://[::1]:8080/2/178819/AUTH_7e08652c4e3e41b29e5f05d128f57ab8/gnocchi.77daa324-78f0-442c-bc45-38c332326763/1759320000.0_mean_300.0_v3" "txf16a18fab43b48f8aeeba-0068e85c39" "object-server 93871" 0.0005 "-" 93568 0
Oct 09 21:07:05 np0005479242.novalocal object-server[93871]: ::1 - - [10/Oct/2025:01:07:05 +0000] "PUT /2/178819/AUTH_7e08652c4e3e41b29e5f05d128f57ab8/gnocchi.77daa324-78f0-442c-bc45-38c332326763/1759320000.0_mean_300.0_v3" 201 - "PUT http://[::1]:8080/v1/AUTH_7e08652c4e3e41b29e5f05d128f57ab8/gnocchi.77daa324-78f0-442c-bc45-38c332326763/1759320000.0_mean_300.0_v3" "txf16a18fab43b48f8aeeba-0068e85c39" "proxy-server 86594" 0.0223 "-" 93871 0
Oct 09 21:07:05 np0005479242.novalocal object-server[93870]: ::1 - - [10/Oct/2025:01:07:05 +0000] "GET /2/116990/AUTH_7e08652c4e3e41b29e5f05d128f57ab8/gnocchi.b0534368-9e34-48ad-b922-667751c69097/none_v3" 200 59 "GET http://[::1]:8080/v1/AUTH_7e08652c4e3e41b29e5f05d128f57ab8/gnocchi.b0534368-9e34-48ad-b922-667751c69097/none_v3" "txe89f998bc8bd43279fc87-0068e85c39" "proxy-server 86594" 0.0009 "-" 93870 0
Oct 09 21:07:05 np0005479242.novalocal proxy-server[86594]: ::1 ::1 10/Oct/2025/01/07/05 GET /v1/AUTH_7e08652c4e3e41b29e5f05d128f57ab8/gnocchi.b0534368-9e34-48ad-b922-667751c69097/none_v3 HTTP/1.0 200 - python-swiftclient-4.5.0 gAAAAABo6Fv-oWcl... - 59 - txe89f998bc8bd43279fc87-0068e85c39 - 0.0082 - - 1760058425.883679152 1760058425.891894102 0
Oct 09 21:07:05 np0005479242.novalocal container-server[93568]: ::1 - - [10/Oct/2025:01:07:05 +0000] "PUT /1/33544/AUTH_7e08652c4e3e41b29e5f05d128f57ab8/gnocchi.77daa324-78f0-442c-bc45-38c332326763/1759320000.0_mean_300.0_v3" 201 - "PUT http://[::1]:8080/1/178819/AUTH_7e08652c4e3e41b29e5f05d128f57ab8/gnocchi.77daa324-78f0-442c-bc45-38c332326763/1759320000.0_mean_300.0_v3" "txf16a18fab43b48f8aeeba-0068e85c39" "object-server 93870" 0.0011 "-" 93568 0
Oct 09 21:07:05 np0005479242.novalocal object-server[93870]: ::1 - - [10/Oct/2025:01:07:05 +0000] "PUT /1/178819/AUTH_7e08652c4e3e41b29e5f05d128f57ab8/gnocchi.77daa324-78f0-442c-bc45-38c332326763/1759320000.0_mean_300.0_v3" 201 - "PUT http://[::1]:8080/v1/AUTH_7e08652c4e3e41b29e5f05d128f57ab8/gnocchi.77daa324-78f0-442c-bc45-38c332326763/1759320000.0_mean_300.0_v3" "txf16a18fab43b48f8aeeba-0068e85c39" "proxy-server 86594" 0.0267 "-" 93870 0
Oct 09 21:07:05 np0005479242.novalocal container-server[93568]: ::1 - - [10/Oct/2025:01:07:05 +0000] "PUT /3/33544/AUTH_7e08652c4e3e41b29e5f05d128f57ab8/gnocchi.77daa324-78f0-442c-bc45-38c332326763/1759320000.0_mean_300.0_v3" 201 - "PUT http://[::1]:8080/3/178819/AUTH_7e08652c4e3e41b29e5f05d128f57ab8/gnocchi.77daa324-78f0-442c-bc45-38c332326763/1759320000.0_mean_300.0_v3" "txf16a18fab43b48f8aeeba-0068e85c39" "object-server 93870" 0.0006 "-" 93568 0
Oct 09 21:07:05 np0005479242.novalocal object-server[93870]: ::1 - - [10/Oct/2025:01:07:05 +0000] "PUT /3/178819/AUTH_7e08652c4e3e41b29e5f05d128f57ab8/gnocchi.77daa324-78f0-442c-bc45-38c332326763/1759320000.0_mean_300.0_v3" 201 - "PUT http://[::1]:8080/v1/AUTH_7e08652c4e3e41b29e5f05d128f57ab8/gnocchi.77daa324-78f0-442c-bc45-38c332326763/1759320000.0_mean_300.0_v3" "txf16a18fab43b48f8aeeba-0068e85c39" "proxy-server 86594" 0.0300 "-" 93870 0
Oct 09 21:07:05 np0005479242.novalocal proxy-server[86594]: ::1 ::1 10/Oct/2025/01/07/05 PUT /v1/AUTH_7e08652c4e3e41b29e5f05d128f57ab8/gnocchi.77daa324-78f0-442c-bc45-38c332326763/1759320000.0_mean_300.0_v3 HTTP/1.0 201 - python-swiftclient-4.5.0 gAAAAABo6Fv-PTBu... 16 - - txf16a18fab43b48f8aeeba-0068e85c39 - 0.0421 - - 1760058425.854616642 1760058425.896720409 0
Oct 09 21:07:05 np0005479242.novalocal container-server[93569]: ::1 - - [10/Oct/2025:01:07:05 +0000] "GET /3/235674/AUTH_7e08652c4e3e41b29e5f05d128f57ab8/gnocchi.b0534368-9e34-48ad-b922-667751c69097" 200 357 "GET http://[::1]:8080/v1/AUTH_7e08652c4e3e41b29e5f05d128f57ab8/gnocchi.b0534368-9e34-48ad-b922-667751c69097?format=json&states=listing" "tx862d9b644f0540f791a33-0068e85c39" "proxy-server 86594" 0.0043 "-" 93569 0
Oct 09 21:07:05 np0005479242.novalocal proxy-server[86594]: ::1 ::1 10/Oct/2025/01/07/05 GET /v1/AUTH_7e08652c4e3e41b29e5f05d128f57ab8/gnocchi.b0534368-9e34-48ad-b922-667751c69097%3Fformat%3Djson%26states%3Dlisting HTTP/1.0 200 - python-swiftclient-4.5.0 gAAAAABo6Fv-oWcl... - 357 - tx862d9b644f0540f791a33-0068e85c39 - 0.0150 - - 1760058425.895208597 1760058425.910229683 0
Oct 09 21:07:05 np0005479242.novalocal container-server[93569]: ::1 - - [10/Oct/2025:01:07:05 +0000] "GET /3/235674/AUTH_7e08652c4e3e41b29e5f05d128f57ab8/gnocchi.b0534368-9e34-48ad-b922-667751c69097" 200 2 "GET http://[::1]:8080/v1/AUTH_7e08652c4e3e41b29e5f05d128f57ab8/gnocchi.b0534368-9e34-48ad-b922-667751c69097?format=json&marker=none_v3&states=listing" "tx930a61ed106240878a80f-0068e85c39" "proxy-server 86594" 0.0043 "-" 93569 0
Oct 09 21:07:05 np0005479242.novalocal container-server[93568]: ::1 - - [10/Oct/2025:01:07:05 +0000] "PUT /2/33544/AUTH_7e08652c4e3e41b29e5f05d128f57ab8/gnocchi.77daa324-78f0-442c-bc45-38c332326763/none_v3" 201 - "PUT http://[::1]:8080/1/8247/AUTH_7e08652c4e3e41b29e5f05d128f57ab8/gnocchi.77daa324-78f0-442c-bc45-38c332326763/none_v3" "txccd2c34d0b21481a91dcd-0068e85c39" "object-server 93871" 0.0009 "-" 93568 0
Oct 09 21:07:05 np0005479242.novalocal proxy-server[86594]: ::1 ::1 10/Oct/2025/01/07/05 GET /v1/AUTH_7e08652c4e3e41b29e5f05d128f57ab8/gnocchi.b0534368-9e34-48ad-b922-667751c69097%3Fformat%3Djson%26marker%3Dnone_v3%26states%3Dlisting HTTP/1.0 200 - python-swiftclient-4.5.0 gAAAAABo6Fv-oWcl... - 2 - tx930a61ed106240878a80f-0068e85c39 - 0.0138 - - 1760058425.912700653 1760058425.926462173 0
Oct 09 21:07:05 np0005479242.novalocal object-server[93871]: ::1 - - [10/Oct/2025:01:07:05 +0000] "PUT /1/8247/AUTH_7e08652c4e3e41b29e5f05d128f57ab8/gnocchi.77daa324-78f0-442c-bc45-38c332326763/none_v3" 201 - "PUT http://[::1]:8080/v1/AUTH_7e08652c4e3e41b29e5f05d128f57ab8/gnocchi.77daa324-78f0-442c-bc45-38c332326763/none_v3" "txccd2c34d0b21481a91dcd-0068e85c39" "proxy-server 86594" 0.0206 "-" 93871 0
Oct 09 21:07:05 np0005479242.novalocal container-server[93569]: ::1 - - [10/Oct/2025:01:07:05 +0000] "PUT /3/33544/AUTH_7e08652c4e3e41b29e5f05d128f57ab8/gnocchi.77daa324-78f0-442c-bc45-38c332326763/none_v3" 201 - "PUT http://[::1]:8080/2/8247/AUTH_7e08652c4e3e41b29e5f05d128f57ab8/gnocchi.77daa324-78f0-442c-bc45-38c332326763/none_v3" "txccd2c34d0b21481a91dcd-0068e85c39" "object-server 93871" 0.0006 "-" 93569 0
Oct 09 21:07:05 np0005479242.novalocal object-server[93871]: ::1 - - [10/Oct/2025:01:07:05 +0000] "PUT /2/8247/AUTH_7e08652c4e3e41b29e5f05d128f57ab8/gnocchi.77daa324-78f0-442c-bc45-38c332326763/none_v3" 201 - "PUT http://[::1]:8080/v1/AUTH_7e08652c4e3e41b29e5f05d128f57ab8/gnocchi.77daa324-78f0-442c-bc45-38c332326763/none_v3" "txccd2c34d0b21481a91dcd-0068e85c39" "proxy-server 86594" 0.0242 "-" 93871 0
