Oct 09 21:07:04 np0005479242.novalocal object-server[93871]: ::1 - - [10/Oct/2025:01:07:04 +0000] "GET /2/196036/AUTH_7e08652c4e3e41b29e5f05d128f57ab8/gnocchi.d29555a8-7b03-4fd6-9c1e-4d031cbc249e/1759320000.0_rate%3Amean_300.0_v3" 404 70 "GET http://[::1]:8080/v1/AUTH_7e08652c4e3e41b29e5f05d128f57ab8/gnocchi.d29555a8-7b03-4fd6-9c1e-4d031cbc249e/1759320000.0_rate%3Amean_300.0_v3" "txef9160f45e0049299f599-0068e85c38" "proxy-server 86594" 0.0003 "-" 93871 0
Oct 09 21:07:04 np0005479242.novalocal object-server[93871]: ::1 - - [10/Oct/2025:01:07:04 +0000] "PUT /1/141815/AUTH_7e08652c4e3e41b29e5f05d128f57ab8/gnocchi.b0534368-9e34-48ad-b922-667751c69097/1759320000.0_mean_300.0_v3" 201 - "PUT http://[::1]:8080/v1/AUTH_7e08652c4e3e41b29e5f05d128f57ab8/gnocchi.b0534368-9e34-48ad-b922-667751c69097/1759320000.0_mean_300.0_v3" "txf5dd8df28bcb4f839cad8-0068e85c38" "proxy-server 86594" 0.0175 "-" 93871 0
Oct 09 21:07:04 np0005479242.novalocal proxy-server[86594]: ::1 ::1 10/Oct/2025/01/07/04 GET /v1/AUTH_7e08652c4e3e41b29e5f05d128f57ab8/gnocchi.d29555a8-7b03-4fd6-9c1e-4d031cbc249e/1759320000.0_rate%253Amean_300.0_v3 HTTP/1.0 404 - python-swiftclient-4.5.0 gAAAAABo6Fv-PTBu... - 70 - txef9160f45e0049299f599-0068e85c38 - 0.0133 - - 1760058424.224518061 1760058424.237825632 0
Oct 09 21:07:04 np0005479242.novalocal object-server[93870]: ::1 - - [10/Oct/2025:01:07:04 +0000] "PUT /2/141815/AUTH_7e08652c4e3e41b29e5f05d128f57ab8/gnocchi.b0534368-9e34-48ad-b922-667751c69097/1759320000.0_mean_300.0_v3" 201 - "PUT http://[::1]:8080/v1/AUTH_7e08652c4e3e41b29e5f05d128f57ab8/gnocchi.b0534368-9e34-48ad-b922-667751c69097/1759320000.0_mean_300.0_v3" "txf5dd8df28bcb4f839cad8-0068e85c38" "proxy-server 86594" 0.0176 "-" 93870 0
Oct 09 21:07:04 np0005479242.novalocal container-server[93569]: ::1 - - [10/Oct/2025:01:07:04 +0000] "PUT /3/235674/AUTH_7e08652c4e3e41b29e5f05d128f57ab8/gnocchi.b0534368-9e34-48ad-b922-667751c69097/1759320000.0_mean_300.0_v3" 201 - "PUT http://[::1]:8080/3/141815/AUTH_7e08652c4e3e41b29e5f05d128f57ab8/gnocchi.b0534368-9e34-48ad-b922-667751c69097/1759320000.0_mean_300.0_v3" "txf5dd8df28bcb4f839cad8-0068e85c38" "object-server 93870" 0.0003 "-" 93569 0
Oct 09 21:07:04 np0005479242.novalocal object-server[93870]: ::1 - - [10/Oct/2025:01:07:04 +0000] "GET /1/43642/AUTH_7e08652c4e3e41b29e5f05d128f57ab8/gnocchi.d29555a8-7b03-4fd6-9c1e-4d031cbc249e/1759320000.0_mean_300.0_v3" 200 16 "GET http://[::1]:8080/v1/AUTH_7e08652c4e3e41b29e5f05d128f57ab8/gnocchi.d29555a8-7b03-4fd6-9c1e-4d031cbc249e/1759320000.0_mean_300.0_v3" "txfc70e79c67c24bc4bb449-0068e85c38" "proxy-server 86594" 0.0009 "-" 93870 0
Oct 09 21:07:04 np0005479242.novalocal object-server[93870]: ::1 - - [10/Oct/2025:01:07:04 +0000] "PUT /3/141815/AUTH_7e08652c4e3e41b29e5f05d128f57ab8/gnocchi.b0534368-9e34-48ad-b922-667751c69097/1759320000.0_mean_300.0_v3" 201 - "PUT http://[::1]:8080/v1/AUTH_7e08652c4e3e41b29e5f05d128f57ab8/gnocchi.b0534368-9e34-48ad-b922-667751c69097/1759320000.0_mean_300.0_v3" "txf5dd8df28bcb4f839cad8-0068e85c38" "proxy-server 86594" 0.0246 "-" 93870 0
Oct 09 21:07:04 np0005479242.novalocal proxy-server[86594]: ::1 ::1 10/Oct/2025/01/07/04 GET /v1/AUTH_7e08652c4e3e41b29e5f05d128f57ab8/gnocchi.d29555a8-7b03-4fd6-9c1e-4d031cbc249e/1759320000.0_mean_300.0_v3 HTTP/1.0 200 - python-swiftclient-4.5.0 gAAAAABo6Fv-PTBu... - 16 - txfc70e79c67c24bc4bb449-0068e85c38 - 0.0072 - - 1760058424.240301847 1760058424.247463942 0
Oct 09 21:07:04 np0005479242.novalocal proxy-server[86594]: ::1 ::1 10/Oct/2025/01/07/04 PUT /v1/AUTH_7e08652c4e3e41b29e5f05d128f57ab8/gnocchi.b0534368-9e34-48ad-b922-667751c69097/1759320000.0_mean_300.0_v3 HTTP/1.0 201 - python-swiftclient-4.5.0 gAAAAABo6Fv-oWcl... 16 - - txf5dd8df28bcb4f839cad8-0068e85c38 - 0.0348 - - 1760058424.213736296 1760058424.248575211 0
Oct 09 21:07:04 np0005479242.novalocal container-server[93569]: ::1 - - [10/Oct/2025:01:07:04 +0000] "PUT /3/106247/AUTH_7e08652c4e3e41b29e5f05d128f57ab8/gnocchi.d29555a8-7b03-4fd6-9c1e-4d031cbc249e/1759320000.0_rate%3Amean_300.0_v3" 201 - "PUT http://[::1]:8080/1/196036/AUTH_7e08652c4e3e41b29e5f05d128f57ab8/gnocchi.d29555a8-7b03-4fd6-9c1e-4d031cbc249e/1759320000.0_rate%3Amean_300.0_v3" "tx5a053d3a2e2e4d769640c-0068e85c38" "object-server 93871" 0.0003 "-" 93569 0
Oct 09 21:07:04 np0005479242.novalocal object-server[93871]: ::1 - - [10/Oct/2025:01:07:04 +0000] "PUT /1/196036/AUTH_7e08652c4e3e41b29e5f05d128f57ab8/gnocchi.d29555a8-7b03-4fd6-9c1e-4d031cbc249e/1759320000.0_rate%3Amean_300.0_v3" 201 - "PUT http://[::1]:8080/v1/AUTH_7e08652c4e3e41b29e5f05d128f57ab8/gnocchi.d29555a8-7b03-4fd6-9c1e-4d031cbc249e/1759320000.0_rate%3Amean_300.0_v3" "tx5a053d3a2e2e4d769640c-0068e85c38" "proxy-server 86594" 0.0164 "-" 93871 0
Oct 09 21:07:04 np0005479242.novalocal container-server[93568]: ::1 - - [10/Oct/2025:01:07:04 +0000] "PUT /1/106247/AUTH_7e08652c4e3e41b29e5f05d128f57ab8/gnocchi.d29555a8-7b03-4fd6-9c1e-4d031cbc249e/1759320000.0_rate%3Amean_300.0_v3" 201 - "PUT http://[::1]:8080/3/196036/AUTH_7e08652c4e3e41b29e5f05d128f57ab8/gnocchi.d29555a8-7b03-4fd6-9c1e-4d031cbc249e/1759320000.0_rate%3Amean_300.0_v3" "tx5a053d3a2e2e4d769640c-0068e85c38" "object-server 93871" 0.0008 "-" 93568 0
Oct 09 21:07:04 np0005479242.novalocal container-server[93569]: ::1 - - [10/Oct/2025:01:07:04 +0000] "PUT /3/121849/AUTH_7e08652c4e3e41b29e5f05d128f57ab8/gnocchi.9efc94b2-7daa-4d9a-8d58-9bc7a0cbed17/none_v3" 201 - "PUT http://[::1]:8080/2/14143/AUTH_7e08652c4e3e41b29e5f05d128f57ab8/gnocchi.9efc94b2-7daa-4d9a-8d58-9bc7a0cbed17/none_v3" "tx78936cfa03454d89a2451-0068e85c38" "object-server 93870" 0.0006 "-" 93569 0
Oct 09 21:07:04 np0005479242.novalocal object-server[93871]: ::1 - - [10/Oct/2025:01:07:04 +0000] "PUT /3/196036/AUTH_7e08652c4e3e41b29e5f05d128f57ab8/gnocchi.d29555a8-7b03-4fd6-9c1e-4d031cbc249e/1759320000.0_rate%3Amean_300.0_v3" 201 - "PUT http://[::1]:8080/v1/AUTH_7e08652c4e3e41b29e5f05d128f57ab8/gnocchi.d29555a8-7b03-4fd6-9c1e-4d031cbc249e/1759320000.0_rate%3Amean_300.0_v3" "tx5a053d3a2e2e4d769640c-0068e85c38" "proxy-server 86594" 0.0203 "-" 93871 0
Oct 09 21:07:04 np0005479242.novalocal container-server[93568]: ::1 - - [10/Oct/2025:01:07:04 +0000] "PUT /2/121849/AUTH_7e08652c4e3e41b29e5f05d128f57ab8/gnocchi.9efc94b2-7daa-4d9a-8d58-9bc7a0cbed17/none_v3" 201 - "PUT http://[::1]:8080/3/14143/AUTH_7e08652c4e3e41b29e5f05d128f57ab8/gnocchi.9efc94b2-7daa-4d9a-8d58-9bc7a0cbed17/none_v3" "tx78936cfa03454d89a2451-0068e85c38" "object-server 93870" 0.0006 "-" 93568 0
Oct 09 21:07:04 np0005479242.novalocal container-server[93569]: ::1 - - [10/Oct/2025:01:07:04 +0000] "PUT /1/121849/AUTH_7e08652c4e3e41b29e5f05d128f57ab8/gnocchi.9efc94b2-7daa-4d9a-8d58-9bc7a0cbed17/none_v3" 201 - "PUT http://[::1]:8080/1/14143/AUTH_7e08652c4e3e41b29e5f05d128f57ab8/gnocchi.9efc94b2-7daa-4d9a-8d58-9bc7a0cbed17/none_v3" "tx78936cfa03454d89a2451-0068e85c38" "object-server 93870" 0.0004 "-" 93569 0
Oct 09 21:07:04 np0005479242.novalocal object-server[93870]: ::1 - - [10/Oct/2025:01:07:04 +0000] "PUT /2/14143/AUTH_7e08652c4e3e41b29e5f05d128f57ab8/gnocchi.9efc94b2-7daa-4d9a-8d58-9bc7a0cbed17/none_v3" 201 - "PUT http://[::1]:8080/v1/AUTH_7e08652c4e3e41b29e5f05d128f57ab8/gnocchi.9efc94b2-7daa-4d9a-8d58-9bc7a0cbed17/none_v3" "tx78936cfa03454d89a2451-0068e85c38" "proxy-server 86594" 0.0227 "-" 93870 0
Oct 09 21:07:04 np0005479242.novalocal container-server[93568]: ::1 - - [10/Oct/2025:01:07:04 +0000] "PUT /2/106247/AUTH_7e08652c4e3e41b29e5f05d128f57ab8/gnocchi.d29555a8-7b03-4fd6-9c1e-4d031cbc249e/1759320000.0_rate%3Amean_300.0_v3" 201 - "PUT http://[::1]:8080/2/196036/AUTH_7e08652c4e3e41b29e5f05d128f57ab8/gnocchi.d29555a8-7b03-4fd6-9c1e-4d031cbc249e/1759320000.0_rate%3Amean_300.0_v3" "tx5a053d3a2e2e4d769640c-0068e85c38" "object-server 93871" 0.0006 "-" 93568 0
Oct 09 21:07:04 np0005479242.novalocal object-server[93870]: ::1 - - [10/Oct/2025:01:07:04 +0000] "PUT /1/14143/AUTH_7e08652c4e3e41b29e5f05d128f57ab8/gnocchi.9efc94b2-7daa-4d9a-8d58-9bc7a0cbed17/none_v3" 201 - "PUT http://[::1]:8080/v1/AUTH_7e08652c4e3e41b29e5f05d128f57ab8/gnocchi.9efc94b2-7daa-4d9a-8d58-9bc7a0cbed17/none_v3" "tx78936cfa03454d89a2451-0068e85c38" "proxy-server 86594" 0.0305 "-" 93870 0
Oct 09 21:07:04 np0005479242.novalocal object-server[93871]: ::1 - - [10/Oct/2025:01:07:04 +0000] "PUT /2/196036/AUTH_7e08652c4e3e41b29e5f05d128f57ab8/gnocchi.d29555a8-7b03-4fd6-9c1e-4d031cbc249e/1759320000.0_rate%3Amean_300.0_v3" 201 - "PUT http://[::1]:8080/v1/AUTH_7e08652c4e3e41b29e5f05d128f57ab8/gnocchi.d29555a8-7b03-4fd6-9c1e-4d031cbc249e/1759320000.0_rate%3Amean_300.0_v3" "tx5a053d3a2e2e4d769640c-0068e85c38" "proxy-server 86594" 0.0228 "-" 93871 0
Oct 09 21:07:04 np0005479242.novalocal object-server[93870]: ::1 - - [10/Oct/2025:01:07:04 +0000] "PUT /3/14143/AUTH_7e08652c4e3e41b29e5f05d128f57ab8/gnocchi.9efc94b2-7daa-4d9a-8d58-9bc7a0cbed17/none_v3" 201 - "PUT http://[::1]:8080/v1/AUTH_7e08652c4e3e41b29e5f05d128f57ab8/gnocchi.9efc94b2-7daa-4d9a-8d58-9bc7a0cbed17/none_v3" "tx78936cfa03454d89a2451-0068e85c38" "proxy-server 86594" 0.0291 "-" 93870 0
Oct 09 21:07:04 np0005479242.novalocal proxy-server[86594]: ::1 ::1 10/Oct/2025/01/07/04 PUT /v1/AUTH_7e08652c4e3e41b29e5f05d128f57ab8/gnocchi.d29555a8-7b03-4fd6-9c1e-4d031cbc249e/1759320000.0_rate%253Amean_300.0_v3 HTTP/1.0 201 - python-swiftclient-4.5.0 gAAAAABo6Fv-PTBu... 16 - - tx5a053d3a2e2e4d769640c-0068e85c38 - 0.0384 - - 1760058424.250324011 1760058424.288711071 0
Oct 09 21:07:04 np0005479242.novalocal proxy-server[86594]: ::1 ::1 10/Oct/2025/01/07/04 PUT /v1/AUTH_7e08652c4e3e41b29e5f05d128f57ab8/gnocchi.9efc94b2-7daa-4d9a-8d58-9bc7a0cbed17/none_v3 HTTP/1.0 201 - python-swiftclient-4.5.0 gAAAAABo6Fv-oWcl... 33 - - tx78936cfa03454d89a2451-0068e85c38 - 0.0392 - - 1760058424.250824451 1760058424.290009260 0
Oct 09 21:07:04 np0005479242.novalocal container-server[93568]: ::1 - - [10/Oct/2025:01:07:04 +0000] "PUT /3/235674/AUTH_7e08652c4e3e41b29e5f05d128f57ab8/gnocchi.b0534368-9e34-48ad-b922-667751c69097/none_v3" 201 - "PUT http://[::1]:8080/2/116990/AUTH_7e08652c4e3e41b29e5f05d128f57ab8/gnocchi.b0534368-9e34-48ad-b922-667751c69097/none_v3" "tx4a76383c71a845fe86241-0068e85c38" "object-server 93870" 0.0012 "-" 93568 0
Oct 09 21:07:04 np0005479242.novalocal object-server[93870]: ::1 - - [10/Oct/2025:01:07:04 +0000] "PUT /2/116990/AUTH_7e08652c4e3e41b29e5f05d128f57ab8/gnocchi.b0534368-9e34-48ad-b922-667751c69097/none_v3" 201 - "PUT http://[::1]:8080/v1/AUTH_7e08652c4e3e41b29e5f05d128f57ab8/gnocchi.b0534368-9e34-48ad-b922-667751c69097/none_v3" "tx4a76383c71a845fe86241-0068e85c38" "proxy-server 86594" 0.0160 "-" 93870 0
Oct 09 21:07:04 np0005479242.novalocal container-server[93569]: ::1 - - [10/Oct/2025:01:07:04 +0000] "PUT /2/235674/AUTH_7e08652c4e3e41b29e5f05d128f57ab8/gnocchi.b0534368-9e34-48ad-b922-667751c69097/none_v3" 201 - "PUT http://[::1]:8080/3/116990/AUTH_7e08652c4e3e41b29e5f05d128f57ab8/gnocchi.b0534368-9e34-48ad-b922-667751c69097/none_v3" "tx4a76383c71a845fe86241-0068e85c38" "object-server 93871" 0.0004 "-" 93569 0
Oct 09 21:07:04 np0005479242.novalocal container-server[93568]: ::1 - - [10/Oct/2025:01:07:04 +0000] "PUT /2/106247/AUTH_7e08652c4e3e41b29e5f05d128f57ab8/gnocchi.d29555a8-7b03-4fd6-9c1e-4d031cbc249e/1759320000.0_mean_300.0_v3" 201 - "PUT http://[::1]:8080/1/43642/AUTH_7e08652c4e3e41b29e5f05d128f57ab8/gnocchi.d29555a8-7b03-4fd6-9c1e-4d031cbc249e/1759320000.0_mean_300.0_v3" "tx41a6e5077f1a40e8a3510-0068e85c38" "object-server 93871" 0.0008 "-" 93568 0
Oct 09 21:07:04 np0005479242.novalocal container-server[93569]: ::1 - - [10/Oct/2025:01:07:04 +0000] "PUT /1/235674/AUTH_7e08652c4e3e41b29e5f05d128f57ab8/gnocchi.b0534368-9e34-48ad-b922-667751c69097/none_v3" 201 - "PUT http://[::1]:8080/1/116990/AUTH_7e08652c4e3e41b29e5f05d128f57ab8/gnocchi.b0534368-9e34-48ad-b922-667751c69097/none_v3" "tx4a76383c71a845fe86241-0068e85c38" "object-server 93871" 0.0003 "-" 93569 0
Oct 09 21:07:04 np0005479242.novalocal object-server[93871]: ::1 - - [10/Oct/2025:01:07:04 +0000] "PUT /3/116990/AUTH_7e08652c4e3e41b29e5f05d128f57ab8/gnocchi.b0534368-9e34-48ad-b922-667751c69097/none_v3" 201 - "PUT http://[::1]:8080/v1/AUTH_7e08652c4e3e41b29e5f05d128f57ab8/gnocchi.b0534368-9e34-48ad-b922-667751c69097/none_v3" "tx4a76383c71a845fe86241-0068e85c38" "proxy-server 86594" 0.0240 "-" 93871 0
Oct 09 21:07:04 np0005479242.novalocal container-server[93569]: ::1 - - [10/Oct/2025:01:07:04 +0000] "PUT /3/106247/AUTH_7e08652c4e3e41b29e5f05d128f57ab8/gnocchi.d29555a8-7b03-4fd6-9c1e-4d031cbc249e/1759320000.0_mean_300.0_v3" 201 - "PUT http://[::1]:8080/2/43642/AUTH_7e08652c4e3e41b29e5f05d128f57ab8/gnocchi.d29555a8-7b03-4fd6-9c1e-4d031cbc249e/1759320000.0_mean_300.0_v3" "tx41a6e5077f1a40e8a3510-0068e85c38" "object-server 93870" 0.0003 "-" 93569 0
Oct 09 21:07:04 np0005479242.novalocal object-server[93871]: ::1 - - [10/Oct/2025:01:07:04 +0000] "PUT /1/43642/AUTH_7e08652c4e3e41b29e5f05d128f57ab8/gnocchi.d29555a8-7b03-4fd6-9c1e-4d031cbc249e/1759320000.0_mean_300.0_v3" 201 - "PUT http://[::1]:8080/v1/AUTH_7e08652c4e3e41b29e5f05d128f57ab8/gnocchi.d29555a8-7b03-4fd6-9c1e-4d031cbc249e/1759320000.0_mean_300.0_v3" "tx41a6e5077f1a40e8a3510-0068e85c38" "proxy-server 86594" 0.0150 "-" 93871 0
Oct 09 21:07:04 np0005479242.novalocal object-server[93871]: ::1 - - [10/Oct/2025:01:07:04 +0000] "PUT /1/116990/AUTH_7e08652c4e3e41b29e5f05d128f57ab8/gnocchi.b0534368-9e34-48ad-b922-667751c69097/none_v3" 201 - "PUT http://[::1]:8080/v1/AUTH_7e08652c4e3e41b29e5f05d128f57ab8/gnocchi.b0534368-9e34-48ad-b922-667751c69097/none_v3" "tx4a76383c71a845fe86241-0068e85c38" "proxy-server 86594" 0.0258 "-" 93871 0
Oct 09 21:07:04 np0005479242.novalocal object-server[93870]: ::1 - - [10/Oct/2025:01:07:04 +0000] "PUT /2/43642/AUTH_7e08652c4e3e41b29e5f05d128f57ab8/gnocchi.d29555a8-7b03-4fd6-9c1e-4d031cbc249e/1759320000.0_mean_300.0_v3" 201 - "PUT http://[::1]:8080/v1/AUTH_7e08652c4e3e41b29e5f05d128f57ab8/gnocchi.d29555a8-7b03-4fd6-9c1e-4d031cbc249e/1759320000.0_mean_300.0_v3" "tx41a6e5077f1a40e8a3510-0068e85c38" "proxy-server 86594" 0.0209 "-" 93870 0
Oct 09 21:07:04 np0005479242.novalocal proxy-server[86594]: ::1 ::1 10/Oct/2025/01/07/04 PUT /v1/AUTH_7e08652c4e3e41b29e5f05d128f57ab8/gnocchi.b0534368-9e34-48ad-b922-667751c69097/none_v3 HTTP/1.0 201 - python-swiftclient-4.5.0 gAAAAABo6Fv-oWcl... 59 - - tx4a76383c71a845fe86241-0068e85c38 - 0.0339 - - 1760058424.292005777 1760058424.325937748 0
Oct 09 21:07:04 np0005479242.novalocal container-server[93568]: ::1 - - [10/Oct/2025:01:07:04 +0000] "PUT /1/106247/AUTH_7e08652c4e3e41b29e5f05d128f57ab8/gnocchi.d29555a8-7b03-4fd6-9c1e-4d031cbc249e/1759320000.0_mean_300.0_v3" 201 - "PUT http://[::1]:8080/3/43642/AUTH_7e08652c4e3e41b29e5f05d128f57ab8/gnocchi.d29555a8-7b03-4fd6-9c1e-4d031cbc249e/1759320000.0_mean_300.0_v3" "tx41a6e5077f1a40e8a3510-0068e85c38" "object-server 93871" 0.0006 "-" 93568 0
Oct 09 21:07:04 np0005479242.novalocal object-server[93871]: ::1 - - [10/Oct/2025:01:07:04 +0000] "PUT /3/43642/AUTH_7e08652c4e3e41b29e5f05d128f57ab8/gnocchi.d29555a8-7b03-4fd6-9c1e-4d031cbc249e/1759320000.0_mean_300.0_v3" 201 - "PUT http://[::1]:8080/v1/AUTH_7e08652c4e3e41b29e5f05d128f57ab8/gnocchi.d29555a8-7b03-4fd6-9c1e-4d031cbc249e/1759320000.0_mean_300.0_v3" "tx41a6e5077f1a40e8a3510-0068e85c38" "proxy-server 86594" 0.0249 "-" 93871 0
Oct 09 21:07:04 np0005479242.novalocal proxy-server[86594]: ::1 ::1 10/Oct/2025/01/07/04 PUT /v1/AUTH_7e08652c4e3e41b29e5f05d128f57ab8/gnocchi.d29555a8-7b03-4fd6-9c1e-4d031cbc249e/1759320000.0_mean_300.0_v3 HTTP/1.0 201 - python-swiftclient-4.5.0 gAAAAABo6Fv-PTBu... 16 - - tx41a6e5077f1a40e8a3510-0068e85c38 - 0.0347 - - 1760058424.296788692 1760058424.331519127 0
Oct 09 21:07:04 np0005479242.novalocal container-server[93568]: ::1 - - [10/Oct/2025:01:07:04 +0000] "HEAD /2/168825/AUTH_7e08652c4e3e41b29e5f05d128f57ab8/gnocchi.29e64b90-b72f-4062-bbce-979e0c2e3bf1" 404 - "HEAD http://[::1]:8080/v1/AUTH_7e08652c4e3e41b29e5f05d128f57ab8/gnocchi.29e64b90-b72f-4062-bbce-979e0c2e3bf1" "tx2cebef7dda8640bb9f46b-0068e85c38" "proxy-server 86594" 0.0003 "-" 93568 0
Oct 09 21:07:04 np0005479242.novalocal container-server[93568]: ::1 - - [10/Oct/2025:01:07:04 +0000] "PUT /3/106247/AUTH_7e08652c4e3e41b29e5f05d128f57ab8/gnocchi.d29555a8-7b03-4fd6-9c1e-4d031cbc249e/none_v3" 201 - "PUT http://[::1]:8080/2/261668/AUTH_7e08652c4e3e41b29e5f05d128f57ab8/gnocchi.d29555a8-7b03-4fd6-9c1e-4d031cbc249e/none_v3" "tx468f5fc2fdda44ffac4f6-0068e85c38" "object-server 93871" 0.0004 "-" 93568 0
Oct 09 21:07:04 np0005479242.novalocal object-server[93871]: ::1 - - [10/Oct/2025:01:07:04 +0000] "PUT /2/261668/AUTH_7e08652c4e3e41b29e5f05d128f57ab8/gnocchi.d29555a8-7b03-4fd6-9c1e-4d031cbc249e/none_v3" 201 - "PUT http://[::1]:8080/v1/AUTH_7e08652c4e3e41b29e5f05d128f57ab8/gnocchi.d29555a8-7b03-4fd6-9c1e-4d031cbc249e/none_v3" "tx468f5fc2fdda44ffac4f6-0068e85c38" "proxy-server 86594" 0.0125 "-" 93871 0
Oct 09 21:07:04 np0005479242.novalocal container-server[93568]: ::1 - - [10/Oct/2025:01:07:04 +0000] "HEAD /3/168825/AUTH_7e08652c4e3e41b29e5f05d128f57ab8/gnocchi.29e64b90-b72f-4062-bbce-979e0c2e3bf1" 404 - "HEAD http://[::1]:8080/v1/AUTH_7e08652c4e3e41b29e5f05d128f57ab8/gnocchi.29e64b90-b72f-4062-bbce-979e0c2e3bf1" "tx2cebef7dda8640bb9f46b-0068e85c38" "proxy-server 86594" 0.0002 "-" 93568 0
Oct 09 21:07:04 np0005479242.novalocal container-server[93568]: ::1 - - [10/Oct/2025:01:07:04 +0000] "PUT /2/106247/AUTH_7e08652c4e3e41b29e5f05d128f57ab8/gnocchi.d29555a8-7b03-4fd6-9c1e-4d031cbc249e/none_v3" 201 - "PUT http://[::1]:8080/3/261668/AUTH_7e08652c4e3e41b29e5f05d128f57ab8/gnocchi.d29555a8-7b03-4fd6-9c1e-4d031cbc249e/none_v3" "tx468f5fc2fdda44ffac4f6-0068e85c38" "object-server 93871" 0.0003 "-" 93568 0
Oct 09 21:07:04 np0005479242.novalocal object-server[93871]: ::1 - - [10/Oct/2025:01:07:04 +0000] "PUT /3/261668/AUTH_7e08652c4e3e41b29e5f05d128f57ab8/gnocchi.d29555a8-7b03-4fd6-9c1e-4d031cbc249e/none_v3" 201 - "PUT http://[::1]:8080/v1/AUTH_7e08652c4e3e41b29e5f05d128f57ab8/gnocchi.d29555a8-7b03-4fd6-9c1e-4d031cbc249e/none_v3" "tx468f5fc2fdda44ffac4f6-0068e85c38" "proxy-server 86594" 0.0181 "-" 93871 0
Oct 09 21:07:04 np0005479242.novalocal container-server[93569]: ::1 - - [10/Oct/2025:01:07:04 +0000] "PUT /1/106247/AUTH_7e08652c4e3e41b29e5f05d128f57ab8/gnocchi.d29555a8-7b03-4fd6-9c1e-4d031cbc249e/none_v3" 201 - "PUT http://[::1]:8080/1/261668/AUTH_7e08652c4e3e41b29e5f05d128f57ab8/gnocchi.d29555a8-7b03-4fd6-9c1e-4d031cbc249e/none_v3" "tx468f5fc2fdda44ffac4f6-0068e85c38" "object-server 93871" 0.0009 "-" 93569 0
Oct 09 21:07:04 np0005479242.novalocal object-server[93871]: ::1 - - [10/Oct/2025:01:07:04 +0000] "PUT /1/261668/AUTH_7e08652c4e3e41b29e5f05d128f57ab8/gnocchi.d29555a8-7b03-4fd6-9c1e-4d031cbc249e/none_v3" 201 - "PUT http://[::1]:8080/v1/AUTH_7e08652c4e3e41b29e5f05d128f57ab8/gnocchi.d29555a8-7b03-4fd6-9c1e-4d031cbc249e/none_v3" "tx468f5fc2fdda44ffac4f6-0068e85c38" "proxy-server 86594" 0.0186 "-" 93871 0
Oct 09 21:07:04 np0005479242.novalocal container-server[93568]: ::1 - - [10/Oct/2025:01:07:04 +0000] "HEAD /1/168825/AUTH_7e08652c4e3e41b29e5f05d128f57ab8/gnocchi.29e64b90-b72f-4062-bbce-979e0c2e3bf1" 404 - "HEAD http://[::1]:8080/v1/AUTH_7e08652c4e3e41b29e5f05d128f57ab8/gnocchi.29e64b90-b72f-4062-bbce-979e0c2e3bf1" "tx2cebef7dda8640bb9f46b-0068e85c38" "proxy-server 86594" 0.0002 "-" 93568 0
Oct 09 21:07:04 np0005479242.novalocal proxy-server[86594]: ::1 ::1 10/Oct/2025/01/07/04 PUT /v1/AUTH_7e08652c4e3e41b29e5f05d128f57ab8/gnocchi.d29555a8-7b03-4fd6-9c1e-4d031cbc249e/none_v3 HTTP/1.0 201 - python-swiftclient-4.5.0 gAAAAABo6Fv-PTBu... 27 - - tx468f5fc2fdda44ffac4f6-0068e85c38 - 0.0276 - - 1760058424.334711790 1760058424.362349272 0
Oct 09 21:07:04 np0005479242.novalocal proxy-server[86594]: - - 10/Oct/2025/01/07/04 HEAD /v1/AUTH_7e08652c4e3e41b29e5f05d128f57ab8/gnocchi.29e64b90-b72f-4062-bbce-979e0c2e3bf1 HTTP/1.0 404 - Swift - - - - tx2cebef7dda8640bb9f46b-0068e85c38 - 0.0390 CS - 1760058424.340642452 1760058424.379682302 0
Oct 09 21:07:04 np0005479242.novalocal object-server[93870]: ::1 - - [10/Oct/2025:01:07:04 +0000] "GET /1/6078/AUTH_7e08652c4e3e41b29e5f05d128f57ab8/gnocchi.29e64b90-b72f-4062-bbce-979e0c2e3bf1/none_v3" 404 70 "GET http://[::1]:8080/v1/AUTH_7e08652c4e3e41b29e5f05d128f57ab8/gnocchi.29e64b90-b72f-4062-bbce-979e0c2e3bf1/none_v3" "tx2cebef7dda8640bb9f46b-0068e85c38" "proxy-server 86594" 0.0005 "-" 93870 0
Oct 09 21:07:04 np0005479242.novalocal object-server[93870]: ::1 - - [10/Oct/2025:01:07:04 +0000] "GET /2/6078/AUTH_7e08652c4e3e41b29e5f05d128f57ab8/gnocchi.29e64b90-b72f-4062-bbce-979e0c2e3bf1/none_v3" 404 70 "GET http://[::1]:8080/v1/AUTH_7e08652c4e3e41b29e5f05d128f57ab8/gnocchi.29e64b90-b72f-4062-bbce-979e0c2e3bf1/none_v3" "tx2cebef7dda8640bb9f46b-0068e85c38" "proxy-server 86594" 0.0003 "-" 93870 0
Oct 09 21:07:04 np0005479242.novalocal container-server[93568]: ::1 - - [10/Oct/2025:01:07:04 +0000] "HEAD /3/48004/AUTH_7e08652c4e3e41b29e5f05d128f57ab8/gnocchi.8ef00ff6-bf74-4754-b8ed-f945e91cdbb7" 404 - "HEAD http://[::1]:8080/v1/AUTH_7e08652c4e3e41b29e5f05d128f57ab8/gnocchi.8ef00ff6-bf74-4754-b8ed-f945e91cdbb7" "tx3ee89a5f55634c4d98fe8-0068e85c38" "proxy-server 86594" 0.0003 "-" 93568 0
Oct 09 21:07:04 np0005479242.novalocal object-server[93870]: ::1 - - [10/Oct/2025:01:07:04 +0000] "GET /3/6078/AUTH_7e08652c4e3e41b29e5f05d128f57ab8/gnocchi.29e64b90-b72f-4062-bbce-979e0c2e3bf1/none_v3" 404 70 "GET http://[::1]:8080/v1/AUTH_7e08652c4e3e41b29e5f05d128f57ab8/gnocchi.29e64b90-b72f-4062-bbce-979e0c2e3bf1/none_v3" "tx2cebef7dda8640bb9f46b-0068e85c38" "proxy-server 86594" 0.0004 "-" 93870 0
Oct 09 21:07:04 np0005479242.novalocal proxy-server[86594]: ::1 ::1 10/Oct/2025/01/07/04 GET /v1/AUTH_7e08652c4e3e41b29e5f05d128f57ab8/gnocchi.29e64b90-b72f-4062-bbce-979e0c2e3bf1/none_v3 HTTP/1.0 404 - python-swiftclient-4.5.0 gAAAAABo6Fv-oWcl... - 70 - tx2cebef7dda8640bb9f46b-0068e85c38 - 0.0536 - - 1760058424.339848042 1760058424.393410921 0
Oct 09 21:07:04 np0005479242.novalocal container-server[93569]: ::1 - - [10/Oct/2025:01:07:04 +0000] "HEAD /2/48004/AUTH_7e08652c4e3e41b29e5f05d128f57ab8/gnocchi.8ef00ff6-bf74-4754-b8ed-f945e91cdbb7" 404 - "HEAD http://[::1]:8080/v1/AUTH_7e08652c4e3e41b29e5f05d128f57ab8/gnocchi.8ef00ff6-bf74-4754-b8ed-f945e91cdbb7" "tx3ee89a5f55634c4d98fe8-0068e85c38" "proxy-server 86594" 0.0005 "-" 93569 0
Oct 09 21:07:04 np0005479242.novalocal container-server[93569]: ::1 - - [10/Oct/2025:01:07:04 +0000] "HEAD /1/48004/AUTH_7e08652c4e3e41b29e5f05d128f57ab8/gnocchi.8ef00ff6-bf74-4754-b8ed-f945e91cdbb7" 404 - "HEAD http://[::1]:8080/v1/AUTH_7e08652c4e3e41b29e5f05d128f57ab8/gnocchi.8ef00ff6-bf74-4754-b8ed-f945e91cdbb7" "tx3ee89a5f55634c4d98fe8-0068e85c38" "proxy-server 86594" 0.0004 "-" 93569 0
Oct 09 21:07:04 np0005479242.novalocal proxy-server[86594]: - - 10/Oct/2025/01/07/04 HEAD /v1/AUTH_7e08652c4e3e41b29e5f05d128f57ab8/gnocchi.8ef00ff6-bf74-4754-b8ed-f945e91cdbb7 HTTP/1.0 404 - Swift - - - - tx3ee89a5f55634c4d98fe8-0068e85c38 - 0.0179 CS - 1760058424.386913300 1760058424.404829741 0
Oct 09 21:07:04 np0005479242.novalocal object-server[93871]: ::1 - - [10/Oct/2025:01:07:04 +0000] "GET /1/102705/AUTH_7e08652c4e3e41b29e5f05d128f57ab8/gnocchi.8ef00ff6-bf74-4754-b8ed-f945e91cdbb7/none_v3" 404 70 "GET http://[::1]:8080/v1/AUTH_7e08652c4e3e41b29e5f05d128f57ab8/gnocchi.8ef00ff6-bf74-4754-b8ed-f945e91cdbb7/none_v3" "tx3ee89a5f55634c4d98fe8-0068e85c38" "proxy-server 86594" 0.0003 "-" 93871 0
Oct 09 21:07:04 np0005479242.novalocal object-server[93871]: ::1 - - [10/Oct/2025:01:07:04 +0000] "GET /3/102705/AUTH_7e08652c4e3e41b29e5f05d128f57ab8/gnocchi.8ef00ff6-bf74-4754-b8ed-f945e91cdbb7/none_v3" 404 70 "GET http://[::1]:8080/v1/AUTH_7e08652c4e3e41b29e5f05d128f57ab8/gnocchi.8ef00ff6-bf74-4754-b8ed-f945e91cdbb7/none_v3" "tx3ee89a5f55634c4d98fe8-0068e85c38" "proxy-server 86594" 0.0002 "-" 93871 0
Oct 09 21:07:04 np0005479242.novalocal account-server[93271]: ::1 - - [10/Oct/2025:01:07:04 +0000] "PUT /1/130220/AUTH_7e08652c4e3e41b29e5f05d128f57ab8/gnocchi.29e64b90-b72f-4062-bbce-979e0c2e3bf1" 201 - "PUT http://[::1]:6001/2/168825/AUTH_7e08652c4e3e41b29e5f05d128f57ab8/gnocchi.29e64b90-b72f-4062-bbce-979e0c2e3bf1" "txd8e5360d220f4699b74b6-0068e85c38" "container-server 93568" 0.0066 "-" 93271 0
Oct 09 21:07:04 np0005479242.novalocal object-server[93871]: ::1 - - [10/Oct/2025:01:07:04 +0000] "GET /2/102705/AUTH_7e08652c4e3e41b29e5f05d128f57ab8/gnocchi.8ef00ff6-bf74-4754-b8ed-f945e91cdbb7/none_v3" 404 70 "GET http://[::1]:8080/v1/AUTH_7e08652c4e3e41b29e5f05d128f57ab8/gnocchi.8ef00ff6-bf74-4754-b8ed-f945e91cdbb7/none_v3" "tx3ee89a5f55634c4d98fe8-0068e85c38" "proxy-server 86594" 0.0002 "-" 93871 0
Oct 09 21:07:04 np0005479242.novalocal proxy-server[86594]: ::1 ::1 10/Oct/2025/01/07/04 GET /v1/AUTH_7e08652c4e3e41b29e5f05d128f57ab8/gnocchi.8ef00ff6-bf74-4754-b8ed-f945e91cdbb7/none_v3 HTTP/1.0 404 - python-swiftclient-4.5.0 gAAAAABo6Fv-PTBu... - 70 - tx3ee89a5f55634c4d98fe8-0068e85c38 - 0.0397 - - 1760058424.383283615 1760058424.422990084 0
Oct 09 21:07:04 np0005479242.novalocal container-server[93568]: ::1 - - [10/Oct/2025:01:07:04 +0000] "PUT /2/168825/AUTH_7e08652c4e3e41b29e5f05d128f57ab8/gnocchi.29e64b90-b72f-4062-bbce-979e0c2e3bf1" 201 - "PUT http://[::1]:8080/v1/AUTH_7e08652c4e3e41b29e5f05d128f57ab8/gnocchi.29e64b90-b72f-4062-bbce-979e0c2e3bf1" "txd8e5360d220f4699b74b6-0068e85c38" "proxy-server 86594" 0.0242 "-" 93568 0
Oct 09 21:07:04 np0005479242.novalocal account-server[93271]: ::1 - - [10/Oct/2025:01:07:04 +0000] "PUT /2/130220/AUTH_7e08652c4e3e41b29e5f05d128f57ab8/gnocchi.29e64b90-b72f-4062-bbce-979e0c2e3bf1" 201 - "PUT http://[::1]:6001/3/168825/AUTH_7e08652c4e3e41b29e5f05d128f57ab8/gnocchi.29e64b90-b72f-4062-bbce-979e0c2e3bf1" "txd8e5360d220f4699b74b6-0068e85c38" "container-server 93569" 0.0055 "-" 93271 0
Oct 09 21:07:04 np0005479242.novalocal container-server[93569]: ::1 - - [10/Oct/2025:01:07:04 +0000] "PUT /3/168825/AUTH_7e08652c4e3e41b29e5f05d128f57ab8/gnocchi.29e64b90-b72f-4062-bbce-979e0c2e3bf1" 201 - "PUT http://[::1]:8080/v1/AUTH_7e08652c4e3e41b29e5f05d128f57ab8/gnocchi.29e64b90-b72f-4062-bbce-979e0c2e3bf1" "txd8e5360d220f4699b74b6-0068e85c38" "proxy-server 86594" 0.0251 "-" 93569 0
Oct 09 21:07:04 np0005479242.novalocal account-server[93271]: ::1 - - [10/Oct/2025:01:07:04 +0000] "PUT /3/130220/AUTH_7e08652c4e3e41b29e5f05d128f57ab8/gnocchi.29e64b90-b72f-4062-bbce-979e0c2e3bf1" 201 - "PUT http://[::1]:6001/1/168825/AUTH_7e08652c4e3e41b29e5f05d128f57ab8/gnocchi.29e64b90-b72f-4062-bbce-979e0c2e3bf1" "txd8e5360d220f4699b74b6-0068e85c38" "container-server 93568" 0.0052 "-" 93271 0
Oct 09 21:07:04 np0005479242.novalocal container-server[93568]: ::1 - - [10/Oct/2025:01:07:04 +0000] "PUT /1/168825/AUTH_7e08652c4e3e41b29e5f05d128f57ab8/gnocchi.29e64b90-b72f-4062-bbce-979e0c2e3bf1" 201 - "PUT http://[::1]:8080/v1/AUTH_7e08652c4e3e41b29e5f05d128f57ab8/gnocchi.29e64b90-b72f-4062-bbce-979e0c2e3bf1" "txd8e5360d220f4699b74b6-0068e85c38" "proxy-server 86594" 0.0241 "-" 93568 0
Oct 09 21:07:04 np0005479242.novalocal proxy-server[86594]: ::1 ::1 10/Oct/2025/01/07/04 PUT /v1/AUTH_7e08652c4e3e41b29e5f05d128f57ab8/gnocchi.29e64b90-b72f-4062-bbce-979e0c2e3bf1 HTTP/1.0 201 - python-swiftclient-4.5.0 gAAAAABo6Fv-oWcl... - - - txd8e5360d220f4699b74b6-0068e85c38 - 0.0396 - - 1760058424.398402214 1760058424.438042402 0
Oct 09 21:07:04 np0005479242.novalocal account-server[93272]: ::1 - - [10/Oct/2025:01:07:04 +0000] "PUT /2/130220/AUTH_7e08652c4e3e41b29e5f05d128f57ab8/gnocchi.8ef00ff6-bf74-4754-b8ed-f945e91cdbb7" 201 - "PUT http://[::1]:6001/3/48004/AUTH_7e08652c4e3e41b29e5f05d128f57ab8/gnocchi.8ef00ff6-bf74-4754-b8ed-f945e91cdbb7" "tx235a819f5f944bc6a2b7c-0068e85c38" "container-server 93569" 0.0044 "-" 93272 0
Oct 09 21:07:04 np0005479242.novalocal account-server[93271]: ::1 - - [10/Oct/2025:01:07:04 +0000] "PUT /1/130220/AUTH_7e08652c4e3e41b29e5f05d128f57ab8/gnocchi.8ef00ff6-bf74-4754-b8ed-f945e91cdbb7" 201 - "PUT http://[::1]:6001/1/48004/AUTH_7e08652c4e3e41b29e5f05d128f57ab8/gnocchi.8ef00ff6-bf74-4754-b8ed-f945e91cdbb7" "tx235a819f5f944bc6a2b7c-0068e85c38" "container-server 93569" 0.0045 "-" 93271 0
Oct 09 21:07:04 np0005479242.novalocal container-server[93569]: ::1 - - [10/Oct/2025:01:07:04 +0000] "HEAD /2/168825/AUTH_7e08652c4e3e41b29e5f05d128f57ab8/gnocchi.29e64b90-b72f-4062-bbce-979e0c2e3bf1" 204 - "HEAD http://[::1]:8080/v1/AUTH_7e08652c4e3e41b29e5f05d128f57ab8/gnocchi.29e64b90-b72f-4062-bbce-979e0c2e3bf1" "txa89d6702d7a54a689f898-0068e85c38" "proxy-server 86594" 0.0013 "-" 93569 0
Oct 09 21:07:04 np0005479242.novalocal container-server[93569]: ::1 - - [10/Oct/2025:01:07:04 +0000] "PUT /1/48004/AUTH_7e08652c4e3e41b29e5f05d128f57ab8/gnocchi.8ef00ff6-bf74-4754-b8ed-f945e91cdbb7" 201 - "PUT http://[::1]:8080/v1/AUTH_7e08652c4e3e41b29e5f05d128f57ab8/gnocchi.8ef00ff6-bf74-4754-b8ed-f945e91cdbb7" "tx235a819f5f944bc6a2b7c-0068e85c38" "proxy-server 86594" 0.0301 "-" 93569 0
Oct 09 21:07:04 np0005479242.novalocal proxy-server[86594]: - - 10/Oct/2025/01/07/04 HEAD /v1/AUTH_7e08652c4e3e41b29e5f05d128f57ab8/gnocchi.29e64b90-b72f-4062-bbce-979e0c2e3bf1 HTTP/1.0 204 - Swift - - - - txa89d6702d7a54a689f898-0068e85c38 - 0.0342 CS - 1760058424.441629648 1760058424.475797176 0
Oct 09 21:07:04 np0005479242.novalocal container-server[93569]: ::1 - - [10/Oct/2025:01:07:04 +0000] "PUT /3/48004/AUTH_7e08652c4e3e41b29e5f05d128f57ab8/gnocchi.8ef00ff6-bf74-4754-b8ed-f945e91cdbb7" 201 - "PUT http://[::1]:8080/v1/AUTH_7e08652c4e3e41b29e5f05d128f57ab8/gnocchi.8ef00ff6-bf74-4754-b8ed-f945e91cdbb7" "tx235a819f5f944bc6a2b7c-0068e85c38" "proxy-server 86594" 0.0435 "-" 93569 0
Oct 09 21:07:04 np0005479242.novalocal account-server[93271]: ::1 - - [10/Oct/2025:01:07:04 +0000] "PUT /3/130220/AUTH_7e08652c4e3e41b29e5f05d128f57ab8/gnocchi.8ef00ff6-bf74-4754-b8ed-f945e91cdbb7" 201 - "PUT http://[::1]:6001/2/48004/AUTH_7e08652c4e3e41b29e5f05d128f57ab8/gnocchi.8ef00ff6-bf74-4754-b8ed-f945e91cdbb7" "tx235a819f5f944bc6a2b7c-0068e85c38" "container-server 93569" 0.0043 "-" 93271 0
Oct 09 21:07:04 np0005479242.novalocal container-server[93569]: ::1 - - [10/Oct/2025:01:07:04 +0000] "PUT /2/48004/AUTH_7e08652c4e3e41b29e5f05d128f57ab8/gnocchi.8ef00ff6-bf74-4754-b8ed-f945e91cdbb7" 201 - "PUT http://[::1]:8080/v1/AUTH_7e08652c4e3e41b29e5f05d128f57ab8/gnocchi.8ef00ff6-bf74-4754-b8ed-f945e91cdbb7" "tx235a819f5f944bc6a2b7c-0068e85c38" "proxy-server 86594" 0.0266 "-" 93569 0
Oct 09 21:07:04 np0005479242.novalocal proxy-server[86594]: ::1 ::1 10/Oct/2025/01/07/04 PUT /v1/AUTH_7e08652c4e3e41b29e5f05d128f57ab8/gnocchi.8ef00ff6-bf74-4754-b8ed-f945e91cdbb7 HTTP/1.0 201 - python-swiftclient-4.5.0 gAAAAABo6Fv-PTBu... - - - tx235a819f5f944bc6a2b7c-0068e85c38 - 0.0567 - - 1760058424.427713394 1760058424.484373808 0
Oct 09 21:07:04 np0005479242.novalocal container-server[93568]: ::1 - - [10/Oct/2025:01:07:04 +0000] "GET /3/168825/AUTH_7e08652c4e3e41b29e5f05d128f57ab8/gnocchi.29e64b90-b72f-4062-bbce-979e0c2e3bf1" 200 2 "GET http://[::1]:8080/v1/AUTH_7e08652c4e3e41b29e5f05d128f57ab8/gnocchi.29e64b90-b72f-4062-bbce-979e0c2e3bf1?format=json&states=listing" "txa89d6702d7a54a689f898-0068e85c38" "proxy-server 86594" 0.0093 "-" 93568 0
Oct 09 21:07:04 np0005479242.novalocal proxy-server[86594]: ::1 ::1 10/Oct/2025/01/07/04 GET /v1/AUTH_7e08652c4e3e41b29e5f05d128f57ab8/gnocchi.29e64b90-b72f-4062-bbce-979e0c2e3bf1%3Fformat%3Djson%26states%3Dlisting HTTP/1.0 200 - python-swiftclient-4.5.0 gAAAAABo6Fv-oWcl... - 2 - txa89d6702d7a54a689f898-0068e85c38 - 0.0496 - - 1760058424.440990925 1760058424.490590572 0
Oct 09 21:07:04 np0005479242.novalocal container-server[93568]: ::1 - - [10/Oct/2025:01:07:04 +0000] "HEAD /2/48004/AUTH_7e08652c4e3e41b29e5f05d128f57ab8/gnocchi.8ef00ff6-bf74-4754-b8ed-f945e91cdbb7" 204 - "HEAD http://[::1]:8080/v1/AUTH_7e08652c4e3e41b29e5f05d128f57ab8/gnocchi.8ef00ff6-bf74-4754-b8ed-f945e91cdbb7" "txe623db68fe124c15a2dd2-0068e85c38" "proxy-server 86594" 0.0019 "-" 93568 0
Oct 09 21:07:04 np0005479242.novalocal object-server[93870]: ::1 - - [10/Oct/2025:01:07:04 +0000] "GET /2/222076/AUTH_7e08652c4e3e41b29e5f05d128f57ab8/gnocchi.29e64b90-b72f-4062-bbce-979e0c2e3bf1/1759320000.0_mean_300.0_v3" 404 70 "GET http://[::1]:8080/v1/AUTH_7e08652c4e3e41b29e5f05d128f57ab8/gnocchi.29e64b90-b72f-4062-bbce-979e0c2e3bf1/1759320000.0_mean_300.0_v3" "tx7812b28cf37a426395f0c-0068e85c38" "proxy-server 86594" 0.0003 "-" 93870 0
Oct 09 21:07:04 np0005479242.novalocal proxy-server[86594]: - - 10/Oct/2025/01/07/04 HEAD /v1/AUTH_7e08652c4e3e41b29e5f05d128f57ab8/gnocchi.8ef00ff6-bf74-4754-b8ed-f945e91cdbb7 HTTP/1.0 204 - Swift - - - - txe623db68fe124c15a2dd2-0068e85c38 - 0.0130 CS - 1760058424.488045454 1760058424.501087189 0
Oct 09 21:07:04 np0005479242.novalocal object-server[93871]: ::1 - - [10/Oct/2025:01:07:04 +0000] "GET /3/222076/AUTH_7e08652c4e3e41b29e5f05d128f57ab8/gnocchi.29e64b90-b72f-4062-bbce-979e0c2e3bf1/1759320000.0_mean_300.0_v3" 404 70 "GET http://[::1]:8080/v1/AUTH_7e08652c4e3e41b29e5f05d128f57ab8/gnocchi.29e64b90-b72f-4062-bbce-979e0c2e3bf1/1759320000.0_mean_300.0_v3" "tx7812b28cf37a426395f0c-0068e85c38" "proxy-server 86594" 0.0004 "-" 93871 0
Oct 09 21:07:04 np0005479242.novalocal container-server[93568]: ::1 - - [10/Oct/2025:01:07:04 +0000] "GET /1/48004/AUTH_7e08652c4e3e41b29e5f05d128f57ab8/gnocchi.8ef00ff6-bf74-4754-b8ed-f945e91cdbb7" 200 2 "GET http://[::1]:8080/v1/AUTH_7e08652c4e3e41b29e5f05d128f57ab8/gnocchi.8ef00ff6-bf74-4754-b8ed-f945e91cdbb7?format=json&states=listing" "txe623db68fe124c15a2dd2-0068e85c38" "proxy-server 86594" 0.0024 "-" 93568 0
Oct 09 21:07:04 np0005479242.novalocal proxy-server[86594]: ::1 ::1 10/Oct/2025/01/07/04 GET /v1/AUTH_7e08652c4e3e41b29e5f05d128f57ab8/gnocchi.8ef00ff6-bf74-4754-b8ed-f945e91cdbb7%3Fformat%3Djson%26states%3Dlisting HTTP/1.0 200 - python-swiftclient-4.5.0 gAAAAABo6Fv-PTBu... - 2 - txe623db68fe124c15a2dd2-0068e85c38 - 0.0293 - - 1760058424.487200260 1760058424.516513586 0
Oct 09 21:07:04 np0005479242.novalocal object-server[93871]: ::1 - - [10/Oct/2025:01:07:04 +0000] "GET /1/222076/AUTH_7e08652c4e3e41b29e5f05d128f57ab8/gnocchi.29e64b90-b72f-4062-bbce-979e0c2e3bf1/1759320000.0_mean_300.0_v3" 404 70 "GET http://[::1]:8080/v1/AUTH_7e08652c4e3e41b29e5f05d128f57ab8/gnocchi.29e64b90-b72f-4062-bbce-979e0c2e3bf1/1759320000.0_mean_300.0_v3" "tx7812b28cf37a426395f0c-0068e85c38" "proxy-server 86594" 0.0003 "-" 93871 0
Oct 09 21:07:04 np0005479242.novalocal proxy-server[86594]: ::1 ::1 10/Oct/2025/01/07/04 GET /v1/AUTH_7e08652c4e3e41b29e5f05d128f57ab8/gnocchi.29e64b90-b72f-4062-bbce-979e0c2e3bf1/1759320000.0_mean_300.0_v3 HTTP/1.0 404 - python-swiftclient-4.5.0 gAAAAABo6Fv-oWcl... - 70 - tx7812b28cf37a426395f0c-0068e85c38 - 0.0261 - - 1760058424.494226694 1760058424.520355940 0
Oct 09 21:07:04 np0005479242.novalocal object-server[93870]: ::1 - - [10/Oct/2025:01:07:04 +0000] "GET /2/182103/AUTH_7e08652c4e3e41b29e5f05d128f57ab8/gnocchi.8ef00ff6-bf74-4754-b8ed-f945e91cdbb7/1759320000.0_mean_300.0_v3" 404 70 "GET http://[::1]:8080/v1/AUTH_7e08652c4e3e41b29e5f05d128f57ab8/gnocchi.8ef00ff6-bf74-4754-b8ed-f945e91cdbb7/1759320000.0_mean_300.0_v3" "tx3c7d1081e8044af4a03f2-0068e85c38" "proxy-server 86594" 0.0002 "-" 93870 0
Oct 09 21:07:04 np0005479242.novalocal object-server[93870]: ::1 - - [10/Oct/2025:01:07:04 +0000] "GET /3/182103/AUTH_7e08652c4e3e41b29e5f05d128f57ab8/gnocchi.8ef00ff6-bf74-4754-b8ed-f945e91cdbb7/1759320000.0_mean_300.0_v3" 404 70 "GET http://[::1]:8080/v1/AUTH_7e08652c4e3e41b29e5f05d128f57ab8/gnocchi.8ef00ff6-bf74-4754-b8ed-f945e91cdbb7/1759320000.0_mean_300.0_v3" "tx3c7d1081e8044af4a03f2-0068e85c38" "proxy-server 86594" 0.0002 "-" 93870 0
Oct 09 21:07:04 np0005479242.novalocal object-server[93870]: ::1 - - [10/Oct/2025:01:07:04 +0000] "GET /1/182103/AUTH_7e08652c4e3e41b29e5f05d128f57ab8/gnocchi.8ef00ff6-bf74-4754-b8ed-f945e91cdbb7/1759320000.0_mean_300.0_v3" 404 70 "GET http://[::1]:8080/v1/AUTH_7e08652c4e3e41b29e5f05d128f57ab8/gnocchi.8ef00ff6-bf74-4754-b8ed-f945e91cdbb7/1759320000.0_mean_300.0_v3" "tx3c7d1081e8044af4a03f2-0068e85c38" "proxy-server 86594" 0.0003 "-" 93870 0
Oct 09 21:07:04 np0005479242.novalocal proxy-server[86594]: ::1 ::1 10/Oct/2025/01/07/04 GET /v1/AUTH_7e08652c4e3e41b29e5f05d128f57ab8/gnocchi.8ef00ff6-bf74-4754-b8ed-f945e91cdbb7/1759320000.0_mean_300.0_v3 HTTP/1.0 404 - python-swiftclient-4.5.0 gAAAAABo6Fv-PTBu... - 70 - tx3c7d1081e8044af4a03f2-0068e85c38 - 0.0122 - - 1760058424.519188166 1760058424.531397343 0
Oct 09 21:07:04 np0005479242.novalocal sudo[101615]: neutron : PWD=/ ; USER=root ; COMMAND=/usr/bin/neutron-rootwrap /etc/neutron/rootwrap.conf privsep-helper --config-file /usr/share/neutron/neutron-dist.conf --config-file /etc/neutron/neutron.conf --config-file /etc/neutron/dhcp_agent.ini --config-dir /etc/neutron/conf.d/neutron-dhcp-agent --privsep_context neutron.privileged.dhcp_release_cmd --privsep_sock_path /tmp/tmp5w5rwbma/privsep.sock
Oct 09 21:07:04 np0005479242.novalocal container-server[93568]: ::1 - - [10/Oct/2025:01:07:04 +0000] "PUT /3/168825/AUTH_7e08652c4e3e41b29e5f05d128f57ab8/gnocchi.29e64b90-b72f-4062-bbce-979e0c2e3bf1/1759320000.0_mean_300.0_v3" 201 - "PUT http://[::1]:8080/2/222076/AUTH_7e08652c4e3e41b29e5f05d128f57ab8/gnocchi.29e64b90-b72f-4062-bbce-979e0c2e3bf1/1759320000.0_mean_300.0_v3" "tx7e889a12ca57405c80a3d-0068e85c38" "object-server 93870" 0.0006 "-" 93568 0
Oct 09 21:07:04 np0005479242.novalocal object-server[93870]: ::1 - - [10/Oct/2025:01:07:04 +0000] "PUT /2/222076/AUTH_7e08652c4e3e41b29e5f05d128f57ab8/gnocchi.29e64b90-b72f-4062-bbce-979e0c2e3bf1/1759320000.0_mean_300.0_v3" 201 - "PUT http://[::1]:8080/v1/AUTH_7e08652c4e3e41b29e5f05d128f57ab8/gnocchi.29e64b90-b72f-4062-bbce-979e0c2e3bf1/1759320000.0_mean_300.0_v3" "tx7e889a12ca57405c80a3d-0068e85c38" "proxy-server 86594" 0.0240 "-" 93870 0
Oct 09 21:07:04 np0005479242.novalocal container-server[93568]: ::1 - - [10/Oct/2025:01:07:04 +0000] "PUT /1/168825/AUTH_7e08652c4e3e41b29e5f05d128f57ab8/gnocchi.29e64b90-b72f-4062-bbce-979e0c2e3bf1/1759320000.0_mean_300.0_v3" 201 - "PUT http://[::1]:8080/1/222076/AUTH_7e08652c4e3e41b29e5f05d128f57ab8/gnocchi.29e64b90-b72f-4062-bbce-979e0c2e3bf1/1759320000.0_mean_300.0_v3" "tx7e889a12ca57405c80a3d-0068e85c38" "object-server 93871" 0.0007 "-" 93568 0
Oct 09 21:07:04 np0005479242.novalocal container-server[93569]: ::1 - - [10/Oct/2025:01:07:04 +0000] "PUT /1/48004/AUTH_7e08652c4e3e41b29e5f05d128f57ab8/gnocchi.8ef00ff6-bf74-4754-b8ed-f945e91cdbb7/1759320000.0_mean_300.0_v3" 201 - "PUT http://[::1]:8080/2/182103/AUTH_7e08652c4e3e41b29e5f05d128f57ab8/gnocchi.8ef00ff6-bf74-4754-b8ed-f945e91cdbb7/1759320000.0_mean_300.0_v3" "txad861114981f4d54bc49d-0068e85c38" "object-server 93870" 0.0006 "-" 93569 0
Oct 09 21:07:04 np0005479242.novalocal object-server[93870]: ::1 - - [10/Oct/2025:01:07:04 +0000] "PUT /2/182103/AUTH_7e08652c4e3e41b29e5f05d128f57ab8/gnocchi.8ef00ff6-bf74-4754-b8ed-f945e91cdbb7/1759320000.0_mean_300.0_v3" 201 - "PUT http://[::1]:8080/v1/AUTH_7e08652c4e3e41b29e5f05d128f57ab8/gnocchi.8ef00ff6-bf74-4754-b8ed-f945e91cdbb7/1759320000.0_mean_300.0_v3" "txad861114981f4d54bc49d-0068e85c38" "proxy-server 86594" 0.0238 "-" 93870 0
Oct 09 21:07:04 np0005479242.novalocal object-server[93871]: ::1 - - [10/Oct/2025:01:07:04 +0000] "PUT /1/222076/AUTH_7e08652c4e3e41b29e5f05d128f57ab8/gnocchi.29e64b90-b72f-4062-bbce-979e0c2e3bf1/1759320000.0_mean_300.0_v3" 201 - "PUT http://[::1]:8080/v1/AUTH_7e08652c4e3e41b29e5f05d128f57ab8/gnocchi.29e64b90-b72f-4062-bbce-979e0c2e3bf1/1759320000.0_mean_300.0_v3" "tx7e889a12ca57405c80a3d-0068e85c38" "proxy-server 86594" 0.0233 "-" 93871 0
Oct 09 21:07:04 np0005479242.novalocal container-server[93568]: ::1 - - [10/Oct/2025:01:07:04 +0000] "PUT /2/168825/AUTH_7e08652c4e3e41b29e5f05d128f57ab8/gnocchi.29e64b90-b72f-4062-bbce-979e0c2e3bf1/1759320000.0_mean_300.0_v3" 201 - "PUT http://[::1]:8080/3/222076/AUTH_7e08652c4e3e41b29e5f05d128f57ab8/gnocchi.29e64b90-b72f-4062-bbce-979e0c2e3bf1/1759320000.0_mean_300.0_v3" "tx7e889a12ca57405c80a3d-0068e85c38" "object-server 93871" 0.0059 "-" 93568 0
Oct 09 21:07:04 np0005479242.novalocal object-server[93871]: ::1 - - [10/Oct/2025:01:07:04 +0000] "PUT /3/222076/AUTH_7e08652c4e3e41b29e5f05d128f57ab8/gnocchi.29e64b90-b72f-4062-bbce-979e0c2e3bf1/1759320000.0_mean_300.0_v3" 201 - "PUT http://[::1]:8080/v1/AUTH_7e08652c4e3e41b29e5f05d128f57ab8/gnocchi.29e64b90-b72f-4062-bbce-979e0c2e3bf1/1759320000.0_mean_300.0_v3" "tx7e889a12ca57405c80a3d-0068e85c38" "proxy-server 86594" 0.0259 "-" 93871 0
Oct 09 21:07:04 np0005479242.novalocal container-server[93568]: ::1 - - [10/Oct/2025:01:07:04 +0000] "PUT /3/48004/AUTH_7e08652c4e3e41b29e5f05d128f57ab8/gnocchi.8ef00ff6-bf74-4754-b8ed-f945e91cdbb7/1759320000.0_mean_300.0_v3" 201 - "PUT http://[::1]:8080/3/182103/AUTH_7e08652c4e3e41b29e5f05d128f57ab8/gnocchi.8ef00ff6-bf74-4754-b8ed-f945e91cdbb7/1759320000.0_mean_300.0_v3" "txad861114981f4d54bc49d-0068e85c38" "object-server 93871" 0.0005 "-" 93568 0
Oct 09 21:07:04 np0005479242.novalocal container-server[93568]: ::1 - - [10/Oct/2025:01:07:04 +0000] "PUT /2/48004/AUTH_7e08652c4e3e41b29e5f05d128f57ab8/gnocchi.8ef00ff6-bf74-4754-b8ed-f945e91cdbb7/1759320000.0_mean_300.0_v3" 201 - "PUT http://[::1]:8080/1/182103/AUTH_7e08652c4e3e41b29e5f05d128f57ab8/gnocchi.8ef00ff6-bf74-4754-b8ed-f945e91cdbb7/1759320000.0_mean_300.0_v3" "txad861114981f4d54bc49d-0068e85c38" "object-server 93871" 0.0004 "-" 93568 0
Oct 09 21:07:04 np0005479242.novalocal proxy-server[86594]: ::1 ::1 10/Oct/2025/01/07/04 PUT /v1/AUTH_7e08652c4e3e41b29e5f05d128f57ab8/gnocchi.29e64b90-b72f-4062-bbce-979e0c2e3bf1/1759320000.0_mean_300.0_v3 HTTP/1.0 201 - python-swiftclient-4.5.0 gAAAAABo6Fv-oWcl... 16 - - tx7e889a12ca57405c80a3d-0068e85c38 - 0.0433 - - 1760058424.529888153 1760058424.573139429 0
Oct 09 21:07:04 np0005479242.novalocal object-server[93871]: ::1 - - [10/Oct/2025:01:07:04 +0000] "PUT /1/182103/AUTH_7e08652c4e3e41b29e5f05d128f57ab8/gnocchi.8ef00ff6-bf74-4754-b8ed-f945e91cdbb7/1759320000.0_mean_300.0_v3" 201 - "PUT http://[::1]:8080/v1/AUTH_7e08652c4e3e41b29e5f05d128f57ab8/gnocchi.8ef00ff6-bf74-4754-b8ed-f945e91cdbb7/1759320000.0_mean_300.0_v3" "txad861114981f4d54bc49d-0068e85c38" "proxy-server 86594" 0.0293 "-" 93871 0
Oct 09 21:07:04 np0005479242.novalocal object-server[93871]: ::1 - - [10/Oct/2025:01:07:04 +0000] "PUT /3/182103/AUTH_7e08652c4e3e41b29e5f05d128f57ab8/gnocchi.8ef00ff6-bf74-4754-b8ed-f945e91cdbb7/1759320000.0_mean_300.0_v3" 201 - "PUT http://[::1]:8080/v1/AUTH_7e08652c4e3e41b29e5f05d128f57ab8/gnocchi.8ef00ff6-bf74-4754-b8ed-f945e91cdbb7/1759320000.0_mean_300.0_v3" "txad861114981f4d54bc49d-0068e85c38" "proxy-server 86594" 0.0256 "-" 93871 0
Oct 09 21:07:04 np0005479242.novalocal systemd[1]: Started Session c147 of User root.
Oct 09 21:07:04 np0005479242.novalocal proxy-server[86594]: ::1 ::1 10/Oct/2025/01/07/04 PUT /v1/AUTH_7e08652c4e3e41b29e5f05d128f57ab8/gnocchi.8ef00ff6-bf74-4754-b8ed-f945e91cdbb7/1759320000.0_mean_300.0_v3 HTTP/1.0 201 - python-swiftclient-4.5.0 gAAAAABo6Fv-PTBu... 16 - - txad861114981f4d54bc49d-0068e85c38 - 0.0446 - - 1760058424.535752773 1760058424.580325842 0
Oct 09 21:07:04 np0005479242.novalocal sudo[101615]: pam_unix(sudo:session): session opened for user root(uid=0) by (uid=981)
Oct 09 21:07:04 np0005479242.novalocal container-server[93569]: ::1 - - [10/Oct/2025:01:07:04 +0000] "PUT /1/168825/AUTH_7e08652c4e3e41b29e5f05d128f57ab8/gnocchi.29e64b90-b72f-4062-bbce-979e0c2e3bf1/none_v3" 201 - "PUT http://[::1]:8080/3/6078/AUTH_7e08652c4e3e41b29e5f05d128f57ab8/gnocchi.29e64b90-b72f-4062-bbce-979e0c2e3bf1/none_v3" "txd3ea3946a76d411eb1efe-0068e85c38" "object-server 93870" 0.0004 "-" 93569 0
Oct 09 21:07:04 np0005479242.novalocal object-server[93870]: ::1 - - [10/Oct/2025:01:07:04 +0000] "PUT /3/6078/AUTH_7e08652c4e3e41b29e5f05d128f57ab8/gnocchi.29e64b90-b72f-4062-bbce-979e0c2e3bf1/none_v3" 201 - "PUT http://[::1]:8080/v1/AUTH_7e08652c4e3e41b29e5f05d128f57ab8/gnocchi.29e64b90-b72f-4062-bbce-979e0c2e3bf1/none_v3" "txd3ea3946a76d411eb1efe-0068e85c38" "proxy-server 86594" 0.0156 "-" 93870 0
Oct 09 21:07:04 np0005479242.novalocal container-server[93569]: ::1 - - [10/Oct/2025:01:07:04 +0000] "PUT /2/168825/AUTH_7e08652c4e3e41b29e5f05d128f57ab8/gnocchi.29e64b90-b72f-4062-bbce-979e0c2e3bf1/none_v3" 201 - "PUT http://[::1]:8080/1/6078/AUTH_7e08652c4e3e41b29e5f05d128f57ab8/gnocchi.29e64b90-b72f-4062-bbce-979e0c2e3bf1/none_v3" "txd3ea3946a76d411eb1efe-0068e85c38" "object-server 93870" 0.0002 "-" 93569 0
Oct 09 21:07:04 np0005479242.novalocal object-server[93870]: ::1 - - [10/Oct/2025:01:07:04 +0000] "PUT /1/6078/AUTH_7e08652c4e3e41b29e5f05d128f57ab8/gnocchi.29e64b90-b72f-4062-bbce-979e0c2e3bf1/none_v3" 201 - "PUT http://[::1]:8080/v1/AUTH_7e08652c4e3e41b29e5f05d128f57ab8/gnocchi.29e64b90-b72f-4062-bbce-979e0c2e3bf1/none_v3" "txd3ea3946a76d411eb1efe-0068e85c38" "proxy-server 86594" 0.0179 "-" 93870 0
Oct 09 21:07:04 np0005479242.novalocal container-server[93569]: ::1 - - [10/Oct/2025:01:07:04 +0000] "PUT /1/48004/AUTH_7e08652c4e3e41b29e5f05d128f57ab8/gnocchi.8ef00ff6-bf74-4754-b8ed-f945e91cdbb7/none_v3" 201 - "PUT http://[::1]:8080/2/102705/AUTH_7e08652c4e3e41b29e5f05d128f57ab8/gnocchi.8ef00ff6-bf74-4754-b8ed-f945e91cdbb7/none_v3" "txeedbda2f924742a799e8e-0068e85c38" "object-server 93871" 0.0003 "-" 93569 0
Oct 09 21:07:04 np0005479242.novalocal object-server[93871]: ::1 - - [10/Oct/2025:01:07:04 +0000] "PUT /2/102705/AUTH_7e08652c4e3e41b29e5f05d128f57ab8/gnocchi.8ef00ff6-bf74-4754-b8ed-f945e91cdbb7/none_v3" 201 - "PUT http://[::1]:8080/v1/AUTH_7e08652c4e3e41b29e5f05d128f57ab8/gnocchi.8ef00ff6-bf74-4754-b8ed-f945e91cdbb7/none_v3" "txeedbda2f924742a799e8e-0068e85c38" "proxy-server 86594" 0.0102 "-" 93871 0
Oct 09 21:07:04 np0005479242.novalocal container-server[93569]: ::1 - - [10/Oct/2025:01:07:04 +0000] "PUT /3/48004/AUTH_7e08652c4e3e41b29e5f05d128f57ab8/gnocchi.8ef00ff6-bf74-4754-b8ed-f945e91cdbb7/none_v3" 201 - "PUT http://[::1]:8080/1/102705/AUTH_7e08652c4e3e41b29e5f05d128f57ab8/gnocchi.8ef00ff6-bf74-4754-b8ed-f945e91cdbb7/none_v3" "txeedbda2f924742a799e8e-0068e85c38" "object-server 93871" 0.0003 "-" 93569 0
Oct 09 21:07:04 np0005479242.novalocal object-server[93871]: ::1 - - [10/Oct/2025:01:07:04 +0000] "PUT /1/102705/AUTH_7e08652c4e3e41b29e5f05d128f57ab8/gnocchi.8ef00ff6-bf74-4754-b8ed-f945e91cdbb7/none_v3" 201 - "PUT http://[::1]:8080/v1/AUTH_7e08652c4e3e41b29e5f05d128f57ab8/gnocchi.8ef00ff6-bf74-4754-b8ed-f945e91cdbb7/none_v3" "txeedbda2f924742a799e8e-0068e85c38" "proxy-server 86594" 0.0160 "-" 93871 0
Oct 09 21:07:04 np0005479242.novalocal container-server[93568]: ::1 - - [10/Oct/2025:01:07:04 +0000] "PUT /2/48004/AUTH_7e08652c4e3e41b29e5f05d128f57ab8/gnocchi.8ef00ff6-bf74-4754-b8ed-f945e91cdbb7/none_v3" 201 - "PUT http://[::1]:8080/3/102705/AUTH_7e08652c4e3e41b29e5f05d128f57ab8/gnocchi.8ef00ff6-bf74-4754-b8ed-f945e91cdbb7/none_v3" "txeedbda2f924742a799e8e-0068e85c38" "object-server 93871" 0.0004 "-" 93568 0
Oct 09 21:07:04 np0005479242.novalocal container-server[93568]: ::1 - - [10/Oct/2025:01:07:04 +0000] "PUT /3/168825/AUTH_7e08652c4e3e41b29e5f05d128f57ab8/gnocchi.29e64b90-b72f-4062-bbce-979e0c2e3bf1/none_v3" 201 - "PUT http://[::1]:8080/2/6078/AUTH_7e08652c4e3e41b29e5f05d128f57ab8/gnocchi.29e64b90-b72f-4062-bbce-979e0c2e3bf1/none_v3" "txd3ea3946a76d411eb1efe-0068e85c38" "object-server 93871" 0.0003 "-" 93568 0
Oct 09 21:07:04 np0005479242.novalocal object-server[93871]: ::1 - - [10/Oct/2025:01:07:04 +0000] "PUT /3/102705/AUTH_7e08652c4e3e41b29e5f05d128f57ab8/gnocchi.8ef00ff6-bf74-4754-b8ed-f945e91cdbb7/none_v3" 201 - "PUT http://[::1]:8080/v1/AUTH_7e08652c4e3e41b29e5f05d128f57ab8/gnocchi.8ef00ff6-bf74-4754-b8ed-f945e91cdbb7/none_v3" "txeedbda2f924742a799e8e-0068e85c38" "proxy-server 86594" 0.0212 "-" 93871 0
Oct 09 21:07:04 np0005479242.novalocal object-server[93871]: ::1 - - [10/Oct/2025:01:07:04 +0000] "PUT /2/6078/AUTH_7e08652c4e3e41b29e5f05d128f57ab8/gnocchi.29e64b90-b72f-4062-bbce-979e0c2e3bf1/none_v3" 201 - "PUT http://[::1]:8080/v1/AUTH_7e08652c4e3e41b29e5f05d128f57ab8/gnocchi.29e64b90-b72f-4062-bbce-979e0c2e3bf1/none_v3" "txd3ea3946a76d411eb1efe-0068e85c38" "proxy-server 86594" 0.0295 "-" 93871 0
Oct 09 21:07:04 np0005479242.novalocal proxy-server[86594]: ::1 ::1 10/Oct/2025/01/07/04 PUT /v1/AUTH_7e08652c4e3e41b29e5f05d128f57ab8/gnocchi.29e64b90-b72f-4062-bbce-979e0c2e3bf1/none_v3 HTTP/1.0 201 - python-swiftclient-4.5.0 gAAAAABo6Fv-oWcl... 22 - - txd3ea3946a76d411eb1efe-0068e85c38 - 0.0432 - - 1760058424.575483799 1760058424.618715286 0
Oct 09 21:07:04 np0005479242.novalocal proxy-server[86594]: ::1 ::1 10/Oct/2025/01/07/04 PUT /v1/AUTH_7e08652c4e3e41b29e5f05d128f57ab8/gnocchi.8ef00ff6-bf74-4754-b8ed-f945e91cdbb7/none_v3 HTTP/1.0 201 - python-swiftclient-4.5.0 gAAAAABo6Fv-PTBu... 22 - - txeedbda2f924742a799e8e-0068e85c38 - 0.0337 - - 1760058424.585828781 1760058424.619489193 0
Oct 09 21:07:04 np0005479242.novalocal object-server[93871]: ::1 - - [10/Oct/2025:01:07:04 +0000] "GET /2/89469/AUTH_7e08652c4e3e41b29e5f05d128f57ab8/gnocchi.4c9d67bc-be46-435d-8aba-53db19ad8e67/none_v3" 200 22 "GET http://[::1]:8080/v1/AUTH_7e08652c4e3e41b29e5f05d128f57ab8/gnocchi.4c9d67bc-be46-435d-8aba-53db19ad8e67/none_v3" "txbb39b45b8d6e4689afa9d-0068e85c38" "proxy-server 86594" 0.0009 "-" 93871 0
Oct 09 21:07:04 np0005479242.novalocal proxy-server[86594]: ::1 ::1 10/Oct/2025/01/07/04 GET /v1/AUTH_7e08652c4e3e41b29e5f05d128f57ab8/gnocchi.4c9d67bc-be46-435d-8aba-53db19ad8e67/none_v3 HTTP/1.0 200 - python-swiftclient-4.5.0 gAAAAABo6Fv-PTBu... - 22 - txbb39b45b8d6e4689afa9d-0068e85c38 - 0.0081 - - 1760058424.625879288 1760058424.633961201 0
Oct 09 21:07:04 np0005479242.novalocal container-server[93568]: ::1 - - [10/Oct/2025:01:07:04 +0000] "GET /3/148433/AUTH_7e08652c4e3e41b29e5f05d128f57ab8/gnocchi.4c9d67bc-be46-435d-8aba-53db19ad8e67" 200 357 "GET http://[::1]:8080/v1/AUTH_7e08652c4e3e41b29e5f05d128f57ab8/gnocchi.4c9d67bc-be46-435d-8aba-53db19ad8e67?format=json&states=listing" "tx0304ba6c19174f65b179d-0068e85c38" "proxy-server 86594" 0.0021 "-" 93568 0
