Oct 6 23:05:30 standalone container-server[124609]: 172.20.0.100 - - [06/Oct/2025:23:05:30 +0000] "HEAD /d1/814/AUTH_43d76d9b60be42dc84418a7271fa7c0a/gnocchi.2173811d-84ae-4a47-9f9a-f0b16fceb1c9" 404 - "HEAD http://localhost:8080/v1/AUTH_43d76d9b60be42dc84418a7271fa7c0a/gnocchi.2173811d-84ae-4a47-9f9a-f0b16fceb1c9?format=json&states=listing" "txe9894e596cf54ab78d8a8-0068e44b3a" "proxy-server 12" 0.0004 "-" 20 0
Oct 6 23:05:30 standalone object-server[124794]: 172.20.0.100 - - [06/Oct/2025:23:05:30 +0000] "GET /d1/200/AUTH_43d76d9b60be42dc84418a7271fa7c0a/gnocchi.2173811d-84ae-4a47-9f9a-f0b16fceb1c9/none_v3" 404 70 "GET http://localhost:8080/v1/AUTH_43d76d9b60be42dc84418a7271fa7c0a/gnocchi.2173811d-84ae-4a47-9f9a-f0b16fceb1c9/none_v3" "txe9894e596cf54ab78d8a8-0068e44b3a" "proxy-server 12" 0.0003 "-" 24 0
Oct 6 23:05:30 standalone proxy-server[126715]: 172.18.0.2 ::1 06/Oct/2025/23/05/30 GET /v1/AUTH_43d76d9b60be42dc84418a7271fa7c0a/gnocchi.2173811d-84ae-4a47-9f9a-f0b16fceb1c9/none_v3 HTTP/1.0 404 - python-swiftclient-3.11.1 gAAAAABo5EqGfmnC... - 70 - txe9894e596cf54ab78d8a8-0068e44b3a - 0.0100 - - 1759791930.911168337 1759791930.921136141 0
Oct 6 23:05:30 standalone account-server[124505]: 172.20.0.100 - - [06/Oct/2025:23:05:30 +0000] "PUT /d1/661/AUTH_43d76d9b60be42dc84418a7271fa7c0a/gnocchi.2173811d-84ae-4a47-9f9a-f0b16fceb1c9" 201 - "PUT http://172.20.0.100:6001/d1/814/AUTH_43d76d9b60be42dc84418a7271fa7c0a/gnocchi.2173811d-84ae-4a47-9f9a-f0b16fceb1c9" "txc68c5e0390f54398b5916-0068e44b3a" "container-server 20" 0.0074 "-" 17 0
Oct 6 23:05:30 standalone container-server[124609]: 172.20.0.100 - - [06/Oct/2025:23:05:30 +0000] "PUT /d1/814/AUTH_43d76d9b60be42dc84418a7271fa7c0a/gnocchi.2173811d-84ae-4a47-9f9a-f0b16fceb1c9" 201 - "PUT http://localhost:8080/v1/AUTH_43d76d9b60be42dc84418a7271fa7c0a/gnocchi.2173811d-84ae-4a47-9f9a-f0b16fceb1c9" "txc68c5e0390f54398b5916-0068e44b3a" "proxy-server 12" 0.0152 "-" 20 0
Oct 6 23:05:30 standalone proxy-server[126715]: 172.18.0.2 ::1 06/Oct/2025/23/05/30 PUT /v1/AUTH_43d76d9b60be42dc84418a7271fa7c0a/gnocchi.2173811d-84ae-4a47-9f9a-f0b16fceb1c9 HTTP/1.0 201 - python-swiftclient-3.11.1 gAAAAABo5EqGfmnC... - - - txc68c5e0390f54398b5916-0068e44b3a - 0.0198 - - 1759791930.924518824 1759791930.944353819 0
Oct 6 23:05:30 standalone container-server[124631]: 172.20.0.100 - - [06/Oct/2025:23:05:30 +0000] "HEAD /d1/814/AUTH_43d76d9b60be42dc84418a7271fa7c0a/gnocchi.2173811d-84ae-4a47-9f9a-f0b16fceb1c9" 204 - "HEAD http://localhost:8080/v1/AUTH_43d76d9b60be42dc84418a7271fa7c0a/gnocchi.2173811d-84ae-4a47-9f9a-f0b16fceb1c9?format=json&states=listing" "tx1cea190690d04c7080b1c-0068e44b3a" "proxy-server 12" 0.0013 "-" 21 0
Oct 6 23:05:30 standalone proxy-server[126715]: - - 06/Oct/2025/23/05/30 HEAD /v1/AUTH_43d76d9b60be42dc84418a7271fa7c0a/gnocchi.2173811d-84ae-4a47-9f9a-f0b16fceb1c9%3Fformat%3Djson%26states%3Dlisting HTTP/1.0 204 - Swift - - - - tx1cea190690d04c7080b1c-0068e44b3a - 0.0040 RL - 1759791930.949434042 1759791930.953468561 0
Oct 6 23:05:30 standalone container-server[124609]: 172.20.0.100 - - [06/Oct/2025:23:05:30 +0000] "GET /d1/814/AUTH_43d76d9b60be42dc84418a7271fa7c0a/gnocchi.2173811d-84ae-4a47-9f9a-f0b16fceb1c9" 200 2 "GET http://localhost:8080/v1/AUTH_43d76d9b60be42dc84418a7271fa7c0a/gnocchi.2173811d-84ae-4a47-9f9a-f0b16fceb1c9?format=json&states=listing" "tx1cea190690d04c7080b1c-0068e44b3a" "proxy-server 12" 0.0017 "-" 20 0
Oct 6 23:05:30 standalone proxy-server[126715]: 172.18.0.2 ::1 06/Oct/2025/23/05/30 GET /v1/AUTH_43d76d9b60be42dc84418a7271fa7c0a/gnocchi.2173811d-84ae-4a47-9f9a-f0b16fceb1c9%3Fformat%3Djson%26states%3Dlisting HTTP/1.0 200 - python-swiftclient-3.11.1 gAAAAABo5EqGfmnC... - 2 - tx1cea190690d04c7080b1c-0068e44b3a - 0.0122 - - 1759791930.948299170 1759791930.960467339 0
Oct 6 23:05:30 standalone object-server[124794]: 172.20.0.100 - - [06/Oct/2025:23:05:30 +0000] "GET /d1/34/AUTH_43d76d9b60be42dc84418a7271fa7c0a/gnocchi.2173811d-84ae-4a47-9f9a-f0b16fceb1c9/1759320000.0_mean_300.0_v3" 404 70 "GET http://localhost:8080/v1/AUTH_43d76d9b60be42dc84418a7271fa7c0a/gnocchi.2173811d-84ae-4a47-9f9a-f0b16fceb1c9/1759320000.0_mean_300.0_v3" "txebb1b9ae424d458e8ef09-0068e44b3a" "proxy-server 12" 0.0003 "-" 24 0
Oct 6 23:05:30 standalone proxy-server[126715]: 172.18.0.2 ::1 06/Oct/2025/23/05/30 GET /v1/AUTH_43d76d9b60be42dc84418a7271fa7c0a/gnocchi.2173811d-84ae-4a47-9f9a-f0b16fceb1c9/1759320000.0_mean_300.0_v3 HTTP/1.0 404 - python-swiftclient-3.11.1 gAAAAABo5EqGfmnC... - 70 - txebb1b9ae424d458e8ef09-0068e44b3a - 0.0045 - - 1759791930.964333057 1759791930.968798161 0
Oct 6 23:05:30 standalone container-server[124631]: 172.20.0.100 - - [06/Oct/2025:23:05:30 +0000] "PUT /d1/814/AUTH_43d76d9b60be42dc84418a7271fa7c0a/gnocchi.2173811d-84ae-4a47-9f9a-f0b16fceb1c9/1759320000.0_mean_300.0_v3" 201 - "PUT http://localhost:8080/d1/34/AUTH_43d76d9b60be42dc84418a7271fa7c0a/gnocchi.2173811d-84ae-4a47-9f9a-f0b16fceb1c9/1759320000.0_mean_300.0_v3" "tx35f69b434d304e2096ba0-0068e44b3a" "object-server 24" 0.0006 "-" 21 0
Oct 6 23:05:30 standalone object-server[124794]: 172.20.0.100 - - [06/Oct/2025:23:05:30 +0000] "PUT /d1/34/AUTH_43d76d9b60be42dc84418a7271fa7c0a/gnocchi.2173811d-84ae-4a47-9f9a-f0b16fceb1c9/1759320000.0_mean_300.0_v3" 201 - "PUT http://localhost:8080/v1/AUTH_43d76d9b60be42dc84418a7271fa7c0a/gnocchi.2173811d-84ae-4a47-9f9a-f0b16fceb1c9/1759320000.0_mean_300.0_v3" "tx35f69b434d304e2096ba0-0068e44b3a" "proxy-server 12" 0.0067 "-" 24 0
Oct 6 23:05:30 standalone proxy-server[126715]: 172.18.0.2 ::1 06/Oct/2025/23/05/30 PUT /v1/AUTH_43d76d9b60be42dc84418a7271fa7c0a/gnocchi.2173811d-84ae-4a47-9f9a-f0b16fceb1c9/1759320000.0_mean_300.0_v3 HTTP/1.0 201 - python-swiftclient-3.11.1 gAAAAABo5EqGfmnC... 16 - - tx35f69b434d304e2096ba0-0068e44b3a - 0.0101 - - 1759791930.971066475 1759791930.981185436 0
Oct 6 23:05:30 standalone container-server[124631]: 172.20.0.100 - - [06/Oct/2025:23:05:30 +0000] "PUT /d1/814/AUTH_43d76d9b60be42dc84418a7271fa7c0a/gnocchi.2173811d-84ae-4a47-9f9a-f0b16fceb1c9/none_v3" 201 - "PUT http://localhost:8080/d1/200/AUTH_43d76d9b60be42dc84418a7271fa7c0a/gnocchi.2173811d-84ae-4a47-9f9a-f0b16fceb1c9/none_v3" "tx4968385c75da4caf965fd-0068e44b3a" "object-server 24" 0.0004 "-" 21 0
Oct 6 23:05:30 standalone object-server[124794]: 172.20.0.100 - - [06/Oct/2025:23:05:30 +0000] "PUT /d1/200/AUTH_43d76d9b60be42dc84418a7271fa7c0a/gnocchi.2173811d-84ae-4a47-9f9a-f0b16fceb1c9/none_v3" 201 - "PUT http://localhost:8080/v1/AUTH_43d76d9b60be42dc84418a7271fa7c0a/gnocchi.2173811d-84ae-4a47-9f9a-f0b16fceb1c9/none_v3" "tx4968385c75da4caf965fd-0068e44b3a" "proxy-server 12" 0.0055 "-" 24 0
Oct 6 23:05:30 standalone proxy-server[126715]: 172.18.0.2 ::1 06/Oct/2025/23/05/30 PUT /v1/AUTH_43d76d9b60be42dc84418a7271fa7c0a/gnocchi.2173811d-84ae-4a47-9f9a-f0b16fceb1c9/none_v3 HTTP/1.0 201 - python-swiftclient-3.11.1 gAAAAABo5EqGfmnC... 22 - - tx4968385c75da4caf965fd-0068e44b3a - 0.0089 - - 1759791930.983335257 1759791930.992242336 0
Oct 6 23:05:31 standalone container-server[124609]: 172.20.0.100 - - [06/Oct/2025:23:05:31 +0000] "HEAD /d1/562/AUTH_43d76d9b60be42dc84418a7271fa7c0a/gnocchi.3d0731fe-b84a-4c80-8ac5-e8e1a42295b5" 404 - "HEAD http://localhost:8080/v1/AUTH_43d76d9b60be42dc84418a7271fa7c0a/gnocchi.3d0731fe-b84a-4c80-8ac5-e8e1a42295b5?format=json&states=listing" "tx1079474bbdf74f0bab72d-0068e44b3b" "proxy-server 12" 0.0003 "-" 20 0
Oct 6 23:05:31 standalone object-server[124790]: 172.20.0.100 - - [06/Oct/2025:23:05:31 +0000] "GET /d1/784/AUTH_43d76d9b60be42dc84418a7271fa7c0a/gnocchi.3d0731fe-b84a-4c80-8ac5-e8e1a42295b5/none_v3" 404 70 "GET http://localhost:8080/v1/AUTH_43d76d9b60be42dc84418a7271fa7c0a/gnocchi.3d0731fe-b84a-4c80-8ac5-e8e1a42295b5/none_v3" "tx1079474bbdf74f0bab72d-0068e44b3b" "proxy-server 12" 0.0003 "-" 21 0
Oct 6 23:05:31 standalone proxy-server[126715]: 172.18.0.2 ::1 06/Oct/2025/23/05/31 GET /v1/AUTH_43d76d9b60be42dc84418a7271fa7c0a/gnocchi.3d0731fe-b84a-4c80-8ac5-e8e1a42295b5/none_v3 HTTP/1.0 404 - python-swiftclient-3.11.1 gAAAAABo5EqGfmnC... - 70 - tx1079474bbdf74f0bab72d-0068e44b3b - 0.0068 - - 1759791931.000859737 1759791931.007654190 0
Oct 6 23:05:31 standalone account-server[124505]: 172.20.0.100 - - [06/Oct/2025:23:05:31 +0000] "PUT /d1/661/AUTH_43d76d9b60be42dc84418a7271fa7c0a/gnocchi.3d0731fe-b84a-4c80-8ac5-e8e1a42295b5" 201 - "PUT http://172.20.0.100:6001/d1/562/AUTH_43d76d9b60be42dc84418a7271fa7c0a/gnocchi.3d0731fe-b84a-4c80-8ac5-e8e1a42295b5" "txb5732840f98544918d59a-0068e44b3b" "container-server 21" 0.0044 "-" 17 0
Oct 6 23:05:31 standalone container-server[124631]: 172.20.0.100 - - [06/Oct/2025:23:05:31 +0000] "PUT /d1/562/AUTH_43d76d9b60be42dc84418a7271fa7c0a/gnocchi.3d0731fe-b84a-4c80-8ac5-e8e1a42295b5" 201 - "PUT http://localhost:8080/v1/AUTH_43d76d9b60be42dc84418a7271fa7c0a/gnocchi.3d0731fe-b84a-4c80-8ac5-e8e1a42295b5" "txb5732840f98544918d59a-0068e44b3b" "proxy-server 12" 0.0151 "-" 21 0
Oct 6 23:05:31 standalone proxy-server[126715]: 172.18.0.2 ::1 06/Oct/2025/23/05/31 PUT /v1/AUTH_43d76d9b60be42dc84418a7271fa7c0a/gnocchi.3d0731fe-b84a-4c80-8ac5-e8e1a42295b5 HTTP/1.0 201 - python-swiftclient-3.11.1 gAAAAABo5EqGfmnC... - - - txb5732840f98544918d59a-0068e44b3b - 0.0190 - - 1759791931.009718418 1759791931.028760910 0
Oct 6 23:05:31 standalone container-server[124643]: 172.20.0.100 - - [06/Oct/2025:23:05:31 +0000] "HEAD /d1/562/AUTH_43d76d9b60be42dc84418a7271fa7c0a/gnocchi.3d0731fe-b84a-4c80-8ac5-e8e1a42295b5" 204 - "HEAD http://localhost:8080/v1/AUTH_43d76d9b60be42dc84418a7271fa7c0a/gnocchi.3d0731fe-b84a-4c80-8ac5-e8e1a42295b5?format=json&states=listing" "tx996ab0bfefa3461d974c6-0068e44b3b" "proxy-server 12" 0.0013 "-" 23 0
Oct 6 23:05:31 standalone proxy-server[126715]: - - 06/Oct/2025/23/05/31 HEAD /v1/AUTH_43d76d9b60be42dc84418a7271fa7c0a/gnocchi.3d0731fe-b84a-4c80-8ac5-e8e1a42295b5%3Fformat%3Djson%26states%3Dlisting HTTP/1.0 204 - Swift - - - - tx996ab0bfefa3461d974c6-0068e44b3b - 0.0038 RL - 1759791931.032653332 1759791931.036412716 0
Oct 6 23:05:31 standalone container-server[124609]: 172.20.0.100 - - [06/Oct/2025:23:05:31 +0000] "GET /d1/562/AUTH_43d76d9b60be42dc84418a7271fa7c0a/gnocchi.3d0731fe-b84a-4c80-8ac5-e8e1a42295b5" 200 2 "GET http://localhost:8080/v1/AUTH_43d76d9b60be42dc84418a7271fa7c0a/gnocchi.3d0731fe-b84a-4c80-8ac5-e8e1a42295b5?format=json&states=listing" "tx996ab0bfefa3461d974c6-0068e44b3b" "proxy-server 12" 0.0022 "-" 20 0
Oct 6 23:05:31 standalone proxy-server[126715]: 172.18.0.2 ::1 06/Oct/2025/23/05/31 GET /v1/AUTH_43d76d9b60be42dc84418a7271fa7c0a/gnocchi.3d0731fe-b84a-4c80-8ac5-e8e1a42295b5%3Fformat%3Djson%26states%3Dlisting HTTP/1.0 200 - python-swiftclient-3.11.1 gAAAAABo5EqGfmnC... - 2 - tx996ab0bfefa3461d974c6-0068e44b3b - 0.0114 - - 1759791931.031807423 1759791931.043206930 0
Oct 6 23:05:31 standalone object-server[124791]: 172.20.0.100 - - [06/Oct/2025:23:05:31 +0000] "GET /d1/287/AUTH_43d76d9b60be42dc84418a7271fa7c0a/gnocchi.3d0731fe-b84a-4c80-8ac5-e8e1a42295b5/1759320000.0_mean_300.0_v3" 404 70 "GET http://localhost:8080/v1/AUTH_43d76d9b60be42dc84418a7271fa7c0a/gnocchi.3d0731fe-b84a-4c80-8ac5-e8e1a42295b5/1759320000.0_mean_300.0_v3" "tx447e06a29b0a44adb1667-0068e44b3b" "proxy-server 12" 0.0003 "-" 22 0
Oct 6 23:05:31 standalone proxy-server[126715]: 172.18.0.2 ::1 06/Oct/2025/23/05/31 GET /v1/AUTH_43d76d9b60be42dc84418a7271fa7c0a/gnocchi.3d0731fe-b84a-4c80-8ac5-e8e1a42295b5/1759320000.0_mean_300.0_v3 HTTP/1.0 404 - python-swiftclient-3.11.1 gAAAAABo5EqGfmnC... - 70 - tx447e06a29b0a44adb1667-0068e44b3b - 0.0048 - - 1759791931.046593904 1759791931.051402330 0
Oct 6 23:05:31 standalone container-server[124609]: 172.20.0.100 - - [06/Oct/2025:23:05:31 +0000] "PUT /d1/562/AUTH_43d76d9b60be42dc84418a7271fa7c0a/gnocchi.3d0731fe-b84a-4c80-8ac5-e8e1a42295b5/1759320000.0_mean_300.0_v3" 201 - "PUT http://localhost:8080/d1/287/AUTH_43d76d9b60be42dc84418a7271fa7c0a/gnocchi.3d0731fe-b84a-4c80-8ac5-e8e1a42295b5/1759320000.0_mean_300.0_v3" "tx4fbc8079eb28457c886d6-0068e44b3b" "object-server 25" 0.0005 "-" 20 0
Oct 6 23:05:31 standalone object-server[124796]: 172.20.0.100 - - [06/Oct/2025:23:05:31 +0000] "PUT /d1/287/AUTH_43d76d9b60be42dc84418a7271fa7c0a/gnocchi.3d0731fe-b84a-4c80-8ac5-e8e1a42295b5/1759320000.0_mean_300.0_v3" 201 - "PUT http://localhost:8080/v1/AUTH_43d76d9b60be42dc84418a7271fa7c0a/gnocchi.3d0731fe-b84a-4c80-8ac5-e8e1a42295b5/1759320000.0_mean_300.0_v3" "tx4fbc8079eb28457c886d6-0068e44b3b" "proxy-server 12" 0.0076 "-" 25 0
Oct 6 23:05:31 standalone proxy-server[126715]: 172.18.0.2 ::1 06/Oct/2025/23/05/31 PUT /v1/AUTH_43d76d9b60be42dc84418a7271fa7c0a/gnocchi.3d0731fe-b84a-4c80-8ac5-e8e1a42295b5/1759320000.0_mean_300.0_v3 HTTP/1.0 201 - python-swiftclient-3.11.1 gAAAAABo5EqGfmnC... 16 - - tx4fbc8079eb28457c886d6-0068e44b3b - 0.0118 - - 1759791931.054212809 1759791931.066002607 0
Oct 6 23:05:31 standalone container-server[124609]: 172.20.0.100 - - [06/Oct/2025:23:05:31 +0000] "PUT /d1/562/AUTH_43d76d9b60be42dc84418a7271fa7c0a/gnocchi.3d0731fe-b84a-4c80-8ac5-e8e1a42295b5/none_v3" 201 - "PUT http://localhost:8080/d1/784/AUTH_43d76d9b60be42dc84418a7271fa7c0a/gnocchi.3d0731fe-b84a-4c80-8ac5-e8e1a42295b5/none_v3" "tx91bb6dbeb3884c24a6ec7-0068e44b3b" "object-server 21" 0.0007 "-" 20 0
Oct 6 23:05:31 standalone object-server[124790]: 172.20.0.100 - - [06/Oct/2025:23:05:31 +0000] "PUT /d1/784/AUTH_43d76d9b60be42dc84418a7271fa7c0a/gnocchi.3d0731fe-b84a-4c80-8ac5-e8e1a42295b5/none_v3" 201 - "PUT http://localhost:8080/v1/AUTH_43d76d9b60be42dc84418a7271fa7c0a/gnocchi.3d0731fe-b84a-4c80-8ac5-e8e1a42295b5/none_v3" "tx91bb6dbeb3884c24a6ec7-0068e44b3b" "proxy-server 12" 0.0098 "-" 21 0
Oct 6 23:05:31 standalone proxy-server[126715]: 172.18.0.2 ::1 06/Oct/2025/23/05/31 PUT /v1/AUTH_43d76d9b60be42dc84418a7271fa7c0a/gnocchi.3d0731fe-b84a-4c80-8ac5-e8e1a42295b5/none_v3 HTTP/1.0 201 - python-swiftclient-3.11.1 gAAAAABo5EqGfmnC... 22 - - tx91bb6dbeb3884c24a6ec7-0068e44b3b - 0.0150 - - 1759791931.069491148 1759791931.084444761 0
Oct 6 23:05:31 standalone container-server[124609]: 172.20.0.100 - - [06/Oct/2025:23:05:31 +0000] "HEAD /d1/505/AUTH_43d76d9b60be42dc84418a7271fa7c0a/gnocchi.c52241fb-024a-415f-a097-845a20918095" 404 - "HEAD http://localhost:8080/v1/AUTH_43d76d9b60be42dc84418a7271fa7c0a/gnocchi.c52241fb-024a-415f-a097-845a20918095?format=json&states=listing" "tx70cde2504eb84662a62f5-0068e44b3b" "proxy-server 12" 0.0006 "-" 20 0
Oct 6 23:05:31 standalone object-server[124790]: 172.20.0.100 - - [06/Oct/2025:23:05:31 +0000] "GET /d1/317/AUTH_43d76d9b60be42dc84418a7271fa7c0a/gnocchi.c52241fb-024a-415f-a097-845a20918095/none_v3" 404 70 "GET http://localhost:8080/v1/AUTH_43d76d9b60be42dc84418a7271fa7c0a/gnocchi.c52241fb-024a-415f-a097-845a20918095/none_v3" "tx70cde2504eb84662a62f5-0068e44b3b" "proxy-server 12" 0.0003 "-" 21 0
Oct 6 23:05:31 standalone proxy-server[126715]: 172.18.0.2 ::1 06/Oct/2025/23/05/31 GET /v1/AUTH_43d76d9b60be42dc84418a7271fa7c0a/gnocchi.c52241fb-024a-415f-a097-845a20918095/none_v3 HTTP/1.0 404 - python-swiftclient-3.11.1 gAAAAABo5EqGfmnC... - 70 - tx70cde2504eb84662a62f5-0068e44b3b - 0.0091 - - 1759791931.098868847 1759791931.107927561 0
Oct 6 23:05:31 standalone account-server[124468]: 172.20.0.100 - - [06/Oct/2025:23:05:31 +0000] "PUT /d1/661/AUTH_43d76d9b60be42dc84418a7271fa7c0a/gnocchi.c52241fb-024a-415f-a097-845a20918095" 201 - "PUT http://172.20.0.100:6001/d1/505/AUTH_43d76d9b60be42dc84418a7271fa7c0a/gnocchi.c52241fb-024a-415f-a097-845a20918095" "txa876286e7418475796199-0068e44b3b" "container-server 22" 0.0054 "-" 14 0
Oct 6 23:05:31 standalone container-server[124637]: 172.20.0.100 - - [06/Oct/2025:23:05:31 +0000] "PUT /d1/505/AUTH_43d76d9b60be42dc84418a7271fa7c0a/gnocchi.c52241fb-024a-415f-a097-845a20918095" 201 - "PUT http://localhost:8080/v1/AUTH_43d76d9b60be42dc84418a7271fa7c0a/gnocchi.c52241fb-024a-415f-a097-845a20918095" "txa876286e7418475796199-0068e44b3b" "proxy-server 12" 0.0180 "-" 22 0
Oct 6 23:05:31 standalone proxy-server[126715]: 172.18.0.2 ::1 06/Oct/2025/23/05/31 PUT /v1/AUTH_43d76d9b60be42dc84418a7271fa7c0a/gnocchi.c52241fb-024a-415f-a097-845a20918095 HTTP/1.0 201 - python-swiftclient-3.11.1 gAAAAABo5EqGfmnC... - - - txa876286e7418475796199-0068e44b3b - 0.0227 - - 1759791931.112091541 1759791931.134763479 0
Oct 6 23:05:31 standalone container-server[124643]: 172.20.0.100 - - [06/Oct/2025:23:05:31 +0000] "HEAD /d1/505/AUTH_43d76d9b60be42dc84418a7271fa7c0a/gnocchi.c52241fb-024a-415f-a097-845a20918095" 204 - "HEAD http://localhost:8080/v1/AUTH_43d76d9b60be42dc84418a7271fa7c0a/gnocchi.c52241fb-024a-415f-a097-845a20918095?format=json&states=listing" "tx6319a73b895d46239ea9a-0068e44b3b" "proxy-server 12" 0.0012 "-" 23 0
Oct 6 23:05:31 standalone proxy-server[126715]: - - 06/Oct/2025/23/05/31 HEAD /v1/AUTH_43d76d9b60be42dc84418a7271fa7c0a/gnocchi.c52241fb-024a-415f-a097-845a20918095%3Fformat%3Djson%26states%3Dlisting HTTP/1.0 204 - Swift - - - - tx6319a73b895d46239ea9a-0068e44b3b - 0.0038 RL - 1759791931.140360355 1759791931.144126892 0
Oct 6 23:05:31 standalone container-server[124643]: 172.20.0.100 - - [06/Oct/2025:23:05:31 +0000] "GET /d1/505/AUTH_43d76d9b60be42dc84418a7271fa7c0a/gnocchi.c52241fb-024a-415f-a097-845a20918095" 200 2 "GET http://localhost:8080/v1/AUTH_43d76d9b60be42dc84418a7271fa7c0a/gnocchi.c52241fb-024a-415f-a097-845a20918095?format=json&states=listing" "tx6319a73b895d46239ea9a-0068e44b3b" "proxy-server 12" 0.0014 "-" 23 0
Oct 6 23:05:31 standalone proxy-server[126715]: 172.18.0.2 ::1 06/Oct/2025/23/05/31 GET /v1/AUTH_43d76d9b60be42dc84418a7271fa7c0a/gnocchi.c52241fb-024a-415f-a097-845a20918095%3Fformat%3Djson%26states%3Dlisting HTTP/1.0 200 - python-swiftclient-3.11.1 gAAAAABo5EqGfmnC... - 2 - tx6319a73b895d46239ea9a-0068e44b3b - 0.0100 - - 1759791931.139421940 1759791931.149396658 0
Oct 6 23:05:31 standalone object-server[124796]: 172.20.0.100 - - [06/Oct/2025:23:05:31 +0000] "GET /d1/553/AUTH_43d76d9b60be42dc84418a7271fa7c0a/gnocchi.c52241fb-024a-415f-a097-845a20918095/1759320000.0_mean_300.0_v3" 404 70 "GET http://localhost:8080/v1/AUTH_43d76d9b60be42dc84418a7271fa7c0a/gnocchi.c52241fb-024a-415f-a097-845a20918095/1759320000.0_mean_300.0_v3" "tx8402148655a64145a28a1-0068e44b3b" "proxy-server 12" 0.0003 "-" 25 0
Oct 6 23:05:31 standalone proxy-server[126715]: 172.18.0.2 ::1 06/Oct/2025/23/05/31 GET /v1/AUTH_43d76d9b60be42dc84418a7271fa7c0a/gnocchi.c52241fb-024a-415f-a097-845a20918095/1759320000.0_mean_300.0_v3 HTTP/1.0 404 - python-swiftclient-3.11.1 gAAAAABo5EqGfmnC... - 70 - tx8402148655a64145a28a1-0068e44b3b - 0.0043 - - 1759791931.154054880 1759791931.158343792 0
Oct 6 23:05:31 standalone container-server[124637]: 172.20.0.100 - - [06/Oct/2025:23:05:31 +0000] "PUT /d1/505/AUTH_43d76d9b60be42dc84418a7271fa7c0a/gnocchi.c52241fb-024a-415f-a097-845a20918095/1759320000.0_mean_300.0_v3" 201 - "PUT http://localhost:8080/d1/553/AUTH_43d76d9b60be42dc84418a7271fa7c0a/gnocchi.c52241fb-024a-415f-a097-845a20918095/1759320000.0_mean_300.0_v3" "tx367ede4031784951858e6-0068e44b3b" "object-server 22" 0.0009 "-" 22 0
Oct 6 23:05:31 standalone object-server[124791]: 172.20.0.100 - - [06/Oct/2025:23:05:31 +0000] "PUT /d1/553/AUTH_43d76d9b60be42dc84418a7271fa7c0a/gnocchi.c52241fb-024a-415f-a097-845a20918095/1759320000.0_mean_300.0_v3" 201 - "PUT http://localhost:8080/v1/AUTH_43d76d9b60be42dc84418a7271fa7c0a/gnocchi.c52241fb-024a-415f-a097-845a20918095/1759320000.0_mean_300.0_v3" "tx367ede4031784951858e6-0068e44b3b" "proxy-server 12" 0.0112 "-" 22 0
Oct 6 23:05:31 standalone proxy-server[126715]: 172.18.0.2 ::1 06/Oct/2025/23/05/31 PUT /v1/AUTH_43d76d9b60be42dc84418a7271fa7c0a/gnocchi.c52241fb-024a-415f-a097-845a20918095/1759320000.0_mean_300.0_v3 HTTP/1.0 201 - python-swiftclient-3.11.1 gAAAAABo5EqGfmnC... 16 - - tx367ede4031784951858e6-0068e44b3b - 0.0169 - - 1759791931.162289143 1759791931.179185629 0
Oct 6 23:05:31 standalone container-server[124631]: 172.20.0.100 - - [06/Oct/2025:23:05:31 +0000] "PUT /d1/505/AUTH_43d76d9b60be42dc84418a7271fa7c0a/gnocchi.c52241fb-024a-415f-a097-845a20918095/none_v3" 201 - "PUT http://localhost:8080/d1/317/AUTH_43d76d9b60be42dc84418a7271fa7c0a/gnocchi.c52241fb-024a-415f-a097-845a20918095/none_v3" "txb743282d46fa449f990a6-0068e44b3b" "object-server 22" 0.0007 "-" 21 0
Oct 6 23:05:31 standalone object-server[124791]: 172.20.0.100 - - [06/Oct/2025:23:05:31 +0000] "PUT /d1/317/AUTH_43d76d9b60be42dc84418a7271fa7c0a/gnocchi.c52241fb-024a-415f-a097-845a20918095/none_v3" 201 - "PUT http://localhost:8080/v1/AUTH_43d76d9b60be42dc84418a7271fa7c0a/gnocchi.c52241fb-024a-415f-a097-845a20918095/none_v3" "txb743282d46fa449f990a6-0068e44b3b" "proxy-server 12" 0.0099 "-" 22 0
Oct 6 23:05:31 standalone proxy-server[126715]: 172.18.0.2 ::1 06/Oct/2025/23/05/31 PUT /v1/AUTH_43d76d9b60be42dc84418a7271fa7c0a/gnocchi.c52241fb-024a-415f-a097-845a20918095/none_v3 HTTP/1.0 201 - python-swiftclient-3.11.1 gAAAAABo5EqGfmnC... 22 - - txb743282d46fa449f990a6-0068e44b3b - 0.0149 - - 1759791931.183387756 1759791931.198309898 0
Oct 6 23:05:31 standalone container-server[124637]: 172.20.0.100 - - [06/Oct/2025:23:05:31 +0000] "HEAD /d1/123/AUTH_43d76d9b60be42dc84418a7271fa7c0a/gnocchi.3cbcace0-cb9f-4387-9745-2a19f0705ad5" 404 - "HEAD http://localhost:8080/v1/AUTH_43d76d9b60be42dc84418a7271fa7c0a/gnocchi.3cbcace0-cb9f-4387-9745-2a19f0705ad5?format=json&states=listing" "tx0f48216f7fd3405986732-0068e44b3b" "proxy-server 12" 0.0006 "-" 22 0
Oct 6 23:05:31 standalone object-server[124791]: 172.20.0.100 - - [06/Oct/2025:23:05:31 +0000] "GET /d1/218/AUTH_43d76d9b60be42dc84418a7271fa7c0a/gnocchi.3cbcace0-cb9f-4387-9745-2a19f0705ad5/none_v3" 404 70 "GET http://localhost:8080/v1/AUTH_43d76d9b60be42dc84418a7271fa7c0a/gnocchi.3cbcace0-cb9f-4387-9745-2a19f0705ad5/none_v3" "tx0f48216f7fd3405986732-0068e44b3b" "proxy-server 12" 0.0005 "-" 22 0
Oct 6 23:05:31 standalone proxy-server[126715]: 172.18.0.2 ::1 06/Oct/2025/23/05/31 GET /v1/AUTH_43d76d9b60be42dc84418a7271fa7c0a/gnocchi.3cbcace0-cb9f-4387-9745-2a19f0705ad5/none_v3 HTTP/1.0 404 - python-swiftclient-3.11.1 gAAAAABo5EqGfmnC... - 70 - tx0f48216f7fd3405986732-0068e44b3b - 0.0095 - - 1759791931.213907242 1759791931.223378897 0
Oct 6 23:05:31 standalone account-server[124468]: 172.20.0.100 - - [06/Oct/2025:23:05:31 +0000] "PUT /d1/661/AUTH_43d76d9b60be42dc84418a7271fa7c0a/gnocchi.3cbcace0-cb9f-4387-9745-2a19f0705ad5" 201 - "PUT http://172.20.0.100:6001/d1/123/AUTH_43d76d9b60be42dc84418a7271fa7c0a/gnocchi.3cbcace0-cb9f-4387-9745-2a19f0705ad5" "tx8cb1433a23604e589394e-0068e44b3b" "container-server 21" 0.0064 "-" 14 0
Oct 6 23:05:31 standalone container-server[124631]: 172.20.0.100 - - [06/Oct/2025:23:05:31 +0000] "PUT /d1/123/AUTH_43d76d9b60be42dc84418a7271fa7c0a/gnocchi.3cbcace0-cb9f-4387-9745-2a19f0705ad5" 201 - "PUT http://localhost:8080/v1/AUTH_43d76d9b60be42dc84418a7271fa7c0a/gnocchi.3cbcace0-cb9f-4387-9745-2a19f0705ad5" "tx8cb1433a23604e589394e-0068e44b3b" "proxy-server 12" 0.0184 "-" 21 0
Oct 6 23:05:31 standalone proxy-server[126715]: 172.18.0.2 ::1 06/Oct/2025/23/05/31 PUT /v1/AUTH_43d76d9b60be42dc84418a7271fa7c0a/gnocchi.3cbcace0-cb9f-4387-9745-2a19f0705ad5 HTTP/1.0 201 - python-swiftclient-3.11.1 gAAAAABo5EqGfmnC... - - - tx8cb1433a23604e589394e-0068e44b3b - 0.0225 - - 1759791931.226956367 1759791931.249409676 0
Oct 6 23:05:31 standalone container-server[124637]: 172.20.0.100 - - [06/Oct/2025:23:05:31 +0000] "HEAD /d1/392/AUTH_43d76d9b60be42dc84418a7271fa7c0a/gnocchi.5414a3e2-213e-4521-96ce-004636857555" 404 - "HEAD http://localhost:8080/v1/AUTH_43d76d9b60be42dc84418a7271fa7c0a/gnocchi.5414a3e2-213e-4521-96ce-004636857555?format=json&states=listing" "tx52d77a859b804358897ef-0068e44b3b" "proxy-server 12" 0.0005 "-" 22 0
Oct 6 23:05:31 standalone object-server[124796]: 172.20.0.100 - - [06/Oct/2025:23:05:31 +0000] "GET /d1/926/AUTH_43d76d9b60be42dc84418a7271fa7c0a/gnocchi.5414a3e2-213e-4521-96ce-004636857555/none_v3" 404 70 "GET http://localhost:8080/v1/AUTH_43d76d9b60be42dc84418a7271fa7c0a/gnocchi.5414a3e2-213e-4521-96ce-004636857555/none_v3" "tx52d77a859b804358897ef-0068e44b3b" "proxy-server 12" 0.0005 "-" 25 0
Oct 6 23:05:31 standalone proxy-server[126715]: 172.18.0.2 ::1 06/Oct/2025/23/05/31 GET /v1/AUTH_43d76d9b60be42dc84418a7271fa7c0a/gnocchi.5414a3e2-213e-4521-96ce-004636857555/none_v3 HTTP/1.0 404 - python-swiftclient-3.11.1 gAAAAABo5EqGfmnC... - 70 - tx52d77a859b804358897ef-0068e44b3b - 0.0085 - - 1759791931.252992153 1759791931.261475086 0
Oct 6 23:05:31 standalone account-server[124492]: 172.20.0.100 - - [06/Oct/2025:23:05:31 +0000] "PUT /d1/661/AUTH_43d76d9b60be42dc84418a7271fa7c0a/gnocchi.5414a3e2-213e-4521-96ce-004636857555" 201 - "PUT http://172.20.0.100:6001/d1/392/AUTH_43d76d9b60be42dc84418a7271fa7c0a/gnocchi.5414a3e2-213e-4521-96ce-004636857555" "tx9ec0d0de2e5642d488eae-0068e44b3b" "container-server 20" 0.0064 "-" 16 0
Oct 6 23:05:31 standalone container-server[124609]: 172.20.0.100 - - [06/Oct/2025:23:05:31 +0000] "PUT /d1/392/AUTH_43d76d9b60be42dc84418a7271fa7c0a/gnocchi.5414a3e2-213e-4521-96ce-004636857555" 201 - "PUT http://localhost:8080/v1/AUTH_43d76d9b60be42dc84418a7271fa7c0a/gnocchi.5414a3e2-213e-4521-96ce-004636857555" "tx9ec0d0de2e5642d488eae-0068e44b3b" "proxy-server 12" 0.0222 "-" 20 0
Oct 6 23:05:31 standalone proxy-server[126715]: 172.18.0.2 ::1 06/Oct/2025/23/05/31 PUT /v1/AUTH_43d76d9b60be42dc84418a7271fa7c0a/gnocchi.5414a3e2-213e-4521-96ce-004636857555 HTTP/1.0 201 - python-swiftclient-3.11.1 gAAAAABo5EqGfmnC... - - - tx9ec0d0de2e5642d488eae-0068e44b3b - 0.0267 - - 1759791931.265002728 1759791931.291720629 0
Oct 6 23:05:31 standalone container-server[124631]: 172.20.0.100 - - [06/Oct/2025:23:05:31 +0000] "HEAD /d1/123/AUTH_43d76d9b60be42dc84418a7271fa7c0a/gnocchi.3cbcace0-cb9f-4387-9745-2a19f0705ad5" 204 - "HEAD http://localhost:8080/v1/AUTH_43d76d9b60be42dc84418a7271fa7c0a/gnocchi.3cbcace0-cb9f-4387-9745-2a19f0705ad5?format=json&states=listing" "tx9efdc8134fdc46f1abddd-0068e44b3b" "proxy-server 12" 0.0021 "-" 21 0
Oct 6 23:05:31 standalone proxy-server[126715]: - - 06/Oct/2025/23/05/31 HEAD /v1/AUTH_43d76d9b60be42dc84418a7271fa7c0a/gnocchi.3cbcace0-cb9f-4387-9745-2a19f0705ad5%3Fformat%3Djson%26states%3Dlisting HTTP/1.0 204 - Swift - - - - tx9efdc8134fdc46f1abddd-0068e44b3b - 0.0053 RL - 1759791931.299006224 1759791931.304316998 0
Oct 6 23:05:31 standalone container-server[124631]: 172.20.0.100 - - [06/Oct/2025:23:05:31 +0000] "GET /d1/123/AUTH_43d76d9b60be42dc84418a7271fa7c0a/gnocchi.3cbcace0-cb9f-4387-9745-2a19f0705ad5" 200 2 "GET http://localhost:8080/v1/AUTH_43d76d9b60be42dc84418a7271fa7c0a/gnocchi.3cbcace0-cb9f-4387-9745-2a19f0705ad5?format=json&states=listing" "tx9efdc8134fdc46f1abddd-0068e44b3b" "proxy-server 12" 0.0032 "-" 21 0
Oct 6 23:05:31 standalone proxy-server[126715]: 172.18.0.2 ::1 06/Oct/2025/23/05/31 GET /v1/AUTH_43d76d9b60be42dc84418a7271fa7c0a/gnocchi.3cbcace0-cb9f-4387-9745-2a19f0705ad5%3Fformat%3Djson%26states%3Dlisting HTTP/1.0 200 - python-swiftclient-3.11.1 gAAAAABo5EqGfmnC... - 2 - tx9efdc8134fdc46f1abddd-0068e44b3b - 0.0152 - - 1759791931.297915459 1759791931.313128948 0
Oct 6 23:05:31 standalone container-server[124637]: 172.20.0.100 - - [06/Oct/2025:23:05:31 +0000] "HEAD /d1/392/AUTH_43d76d9b60be42dc84418a7271fa7c0a/gnocchi.5414a3e2-213e-4521-96ce-004636857555" 204 - "HEAD http://localhost:8080/v1/AUTH_43d76d9b60be42dc84418a7271fa7c0a/gnocchi.5414a3e2-213e-4521-96ce-004636857555?format=json&states=listing" "tx074b3f121e99457f8fff6-0068e44b3b" "proxy-server 12" 0.0024 "-" 22 0
Oct 6 23:05:31 standalone proxy-server[126715]: - - 06/Oct/2025/23/05/31 HEAD /v1/AUTH_43d76d9b60be42dc84418a7271fa7c0a/gnocchi.5414a3e2-213e-4521-96ce-004636857555%3Fformat%3Djson%26states%3Dlisting HTTP/1.0 204 - Swift - - - - tx074b3f121e99457f8fff6-0068e44b3b - 0.0056 RL - 1759791931.319950819 1759791931.325513363 0
Oct 6 23:05:31 standalone container-server[124609]: 172.20.0.100 - - [06/Oct/2025:23:05:31 +0000] "GET /d1/392/AUTH_43d76d9b60be42dc84418a7271fa7c0a/gnocchi.5414a3e2-213e-4521-96ce-004636857555" 200 2 "GET http://localhost:8080/v1/AUTH_43d76d9b60be42dc84418a7271fa7c0a/gnocchi.5414a3e2-213e-4521-96ce-004636857555?format=json&states=listing" "tx074b3f121e99457f8fff6-0068e44b3b" "proxy-server 12" 0.0034 "-" 20 0
Oct 6 23:05:31 standalone proxy-server[126715]: 172.18.0.2 ::1 06/Oct/2025/23/05/31 GET /v1/AUTH_43d76d9b60be42dc84418a7271fa7c0a/gnocchi.5414a3e2-213e-4521-96ce-004636857555%3Fformat%3Djson%26states%3Dlisting HTTP/1.0 200 - python-swiftclient-3.11.1 gAAAAABo5EqGfmnC... - 2 - tx074b3f121e99457f8fff6-0068e44b3b - 0.0154 - - 1759791931.319055557 1759791931.334422112 0
Oct 6 23:05:31 standalone object-server[124794]: 172.20.0.100 - - [06/Oct/2025:23:05:31 +0000] "GET /d1/824/AUTH_43d76d9b60be42dc84418a7271fa7c0a/gnocchi.3cbcace0-cb9f-4387-9745-2a19f0705ad5/1759320000.0_mean_300.0_v3" 404 70 "GET http://localhost:8080/v1/AUTH_43d76d9b60be42dc84418a7271fa7c0a/gnocchi.3cbcace0-cb9f-4387-9745-2a19f0705ad5/1759320000.0_mean_300.0_v3" "tx5bd1aba3903646a38f395-0068e44b3b" "proxy-server 12" 0.0005 "-" 24 0
Oct 6 23:05:31 standalone proxy-server[126715]: 172.18.0.2 ::1 06/Oct/2025/23/05/31 GET /v1/AUTH_43d76d9b60be42dc84418a7271fa7c0a/gnocchi.3cbcace0-cb9f-4387-9745-2a19f0705ad5/1759320000.0_mean_300.0_v3 HTTP/1.0 404 - python-swiftclient-3.11.1 gAAAAABo5EqGfmnC... - 70 - tx5bd1aba3903646a38f395-0068e44b3b - 0.0054 - - 1759791931.339662552 1759791931.345055342 0
Oct 6 23:05:31 standalone object-server[124790]: 172.20.0.100 - - [06/Oct/2025:23:05:31 +0000] "GET /d1/131/AUTH_43d76d9b60be42dc84418a7271fa7c0a/gnocchi.5414a3e2-213e-4521-96ce-004636857555/1759320000.0_mean_300.0_v3" 404 70 "GET http://localhost:8080/v1/AUTH_43d76d9b60be42dc84418a7271fa7c0a/gnocchi.5414a3e2-213e-4521-96ce-004636857555/1759320000.0_mean_300.0_v3" "tx3958ac57960d4b8ea7c70-0068e44b3b" "proxy-server 12" 0.0005 "-" 21 0
Oct 6 23:05:31 standalone proxy-server[126715]: 172.18.0.2 ::1 06/Oct/2025/23/05/31 GET /v1/AUTH_43d76d9b60be42dc84418a7271fa7c0a/gnocchi.5414a3e2-213e-4521-96ce-004636857555/1759320000.0_mean_300.0_v3 HTTP/1.0 404 - python-swiftclient-3.11.1 gAAAAABo5EqGfmnC... - 70 - tx3958ac57960d4b8ea7c70-0068e44b3b - 0.0054 - - 1759791931.349188089 1759791931.354545832 0
Oct 6 23:05:31 standalone container-server[124631]: 172.20.0.100 - - [06/Oct/2025:23:05:31 +0000] "PUT /d1/123/AUTH_43d76d9b60be42dc84418a7271fa7c0a/gnocchi.3cbcace0-cb9f-4387-9745-2a19f0705ad5/1759320000.0_mean_300.0_v3" 201 - "PUT http://localhost:8080/d1/824/AUTH_43d76d9b60be42dc84418a7271fa7c0a/gnocchi.3cbcace0-cb9f-4387-9745-2a19f0705ad5/1759320000.0_mean_300.0_v3" "tx7f33e6ddc3614a3a990f9-0068e44b3b" "object-server 21" 0.0007 "-" 21 0
Oct 6 23:05:31 standalone object-server[124790]: 172.20.0.100 - - [06/Oct/2025:23:05:31 +0000] "PUT /d1/824/AUTH_43d76d9b60be42dc84418a7271fa7c0a/gnocchi.3cbcace0-cb9f-4387-9745-2a19f0705ad5/1759320000.0_mean_300.0_v3" 201 - "PUT http://localhost:8080/v1/AUTH_43d76d9b60be42dc84418a7271fa7c0a/gnocchi.3cbcace0-cb9f-4387-9745-2a19f0705ad5/1759320000.0_mean_300.0_v3" "tx7f33e6ddc3614a3a990f9-0068e44b3b" "proxy-server 12" 0.0115 "-" 21 0
Oct 6 23:05:31 standalone proxy-server[126715]: 172.18.0.2 ::1 06/Oct/2025/23/05/31 PUT /v1/AUTH_43d76d9b60be42dc84418a7271fa7c0a/gnocchi.3cbcace0-cb9f-4387-9745-2a19f0705ad5/1759320000.0_mean_300.0_v3 HTTP/1.0 201 - python-swiftclient-3.11.1 gAAAAABo5EqGfmnC... 16 - - tx7f33e6ddc3614a3a990f9-0068e44b3b - 0.0161 - - 1759791931.358573198 1759791931.374700785 0
Oct 6 23:05:31 standalone container-server[124631]: 172.20.0.100 - - [06/Oct/2025:23:05:31 +0000] "PUT /d1/392/AUTH_43d76d9b60be42dc84418a7271fa7c0a/gnocchi.5414a3e2-213e-4521-96ce-004636857555/1759320000.0_mean_300.0_v3" 201 - "PUT http://localhost:8080/d1/131/AUTH_43d76d9b60be42dc84418a7271fa7c0a/gnocchi.5414a3e2-213e-4521-96ce-004636857555/1759320000.0_mean_300.0_v3" "tx933a576821b24ded8b0d1-0068e44b3b" "object-server 25" 0.0006 "-" 21 0
Oct 6 23:05:31 standalone object-server[124796]: 172.20.0.100 - - [06/Oct/2025:23:05:31 +0000] "PUT /d1/131/AUTH_43d76d9b60be42dc84418a7271fa7c0a/gnocchi.5414a3e2-213e-4521-96ce-004636857555/1759320000.0_mean_300.0_v3" 201 - "PUT http://localhost:8080/v1/AUTH_43d76d9b60be42dc84418a7271fa7c0a/gnocchi.5414a3e2-213e-4521-96ce-004636857555/1759320000.0_mean_300.0_v3" "tx933a576821b24ded8b0d1-0068e44b3b" "proxy-server 12" 0.0110 "-" 25 0
Oct 6 23:05:31 standalone proxy-server[126715]: 172.18.0.2 ::1 06/Oct/2025/23/05/31 PUT /v1/AUTH_43d76d9b60be42dc84418a7271fa7c0a/gnocchi.5414a3e2-213e-4521-96ce-004636857555/1759320000.0_mean_300.0_v3 HTTP/1.0 201 - python-swiftclient-3.11.1 gAAAAABo5EqGfmnC... 16 - - tx933a576821b24ded8b0d1-0068e44b3b - 0.0169 - - 1759791931.378428698 1759791931.395318985 0
Oct 6 23:05:31 standalone container-server[124643]: 172.20.0.100 - - [06/Oct/2025:23:05:31 +0000] "PUT /d1/123/AUTH_43d76d9b60be42dc84418a7271fa7c0a/gnocchi.3cbcace0-cb9f-4387-9745-2a19f0705ad5/none_v3" 201 - "PUT http://localhost:8080/d1/218/AUTH_43d76d9b60be42dc84418a7271fa7c0a/gnocchi.3cbcace0-cb9f-4387-9745-2a19f0705ad5/none_v3" "tx45f041bff0154231aa528-0068e44b3b" "object-server 22" 0.0008 "-" 23 0
Oct 6 23:05:31 standalone object-server[124791]: 172.20.0.100 - - [06/Oct/2025:23:05:31 +0000] "PUT /d1/218/AUTH_43d76d9b60be42dc84418a7271fa7c0a/gnocchi.3cbcace0-cb9f-4387-9745-2a19f0705ad5/none_v3" 201 - "PUT http://localhost:8080/v1/AUTH_43d76d9b60be42dc84418a7271fa7c0a/gnocchi.3cbcace0-cb9f-4387-9745-2a19f0705ad5/none_v3" "tx45f041bff0154231aa528-0068e44b3b" "proxy-server 12" 0.0118 "-" 22 0
Oct 6 23:05:31 standalone proxy-server[126715]: 172.18.0.2 ::1 06/Oct/2025/23/05/31 PUT /v1/AUTH_43d76d9b60be42dc84418a7271fa7c0a/gnocchi.3cbcace0-cb9f-4387-9745-2a19f0705ad5/none_v3 HTTP/1.0 201 - python-swiftclient-3.11.1 gAAAAABo5EqGfmnC... 22 - - tx45f041bff0154231aa528-0068e44b3b - 0.0183 - - 1759791931.399163485 1759791931.417455196 0
Oct 6 23:05:31 standalone container-server[124643]: 172.20.0.100 - - [06/Oct/2025:23:05:31 +0000] "PUT /d1/392/AUTH_43d76d9b60be42dc84418a7271fa7c0a/gnocchi.5414a3e2-213e-4521-96ce-004636857555/none_v3" 201 - "PUT http://localhost:8080/d1/926/AUTH_43d76d9b60be42dc84418a7271fa7c0a/gnocchi.5414a3e2-213e-4521-96ce-004636857555/none_v3" "tx1cb89fb75d4a4a098bfeb-0068e44b3b" "object-server 22" 0.0008 "-" 23 0
Oct 6 23:05:31 standalone object-server[124791]: 172.20.0.100 - - [06/Oct/2025:23:05:31 +0000] "PUT /d1/926/AUTH_43d76d9b60be42dc84418a7271fa7c0a/gnocchi.5414a3e2-213e-4521-96ce-004636857555/none_v3" 201 - "PUT http://localhost:8080/v1/AUTH_43d76d9b60be42dc84418a7271fa7c0a/gnocchi.5414a3e2-213e-4521-96ce-004636857555/none_v3" "tx1cb89fb75d4a4a098bfeb-0068e44b3b" "proxy-server 12" 0.0113 "-" 22 0
Oct 6 23:05:31 standalone proxy-server[126715]: 172.18.0.2 ::1 06/Oct/2025/23/05/31 PUT /v1/AUTH_43d76d9b60be42dc84418a7271fa7c0a/gnocchi.5414a3e2-213e-4521-96ce-004636857555/none_v3 HTTP/1.0 201 - python-swiftclient-3.11.1 gAAAAABo5EqGfmnC... 22 - - tx1cb89fb75d4a4a098bfeb-0068e44b3b - 0.0163 - - 1759791931.421538353 1759791931.437814713 0
Oct 6 23:05:31 standalone container-server[124609]: 172.20.0.100 - - [06/Oct/2025:23:05:31 +0000] "HEAD /d1/748/AUTH_43d76d9b60be42dc84418a7271fa7c0a/gnocchi.4d4537ce-3847-4b1b-977d-70ea9e395e25" 404 - "HEAD http://localhost:8080/v1/AUTH_43d76d9b60be42dc84418a7271fa7c0a/gnocchi.4d4537ce-3847-4b1b-977d-70ea9e395e25?format=json&states=listing" "txb74beabd80ec49d08423d-0068e44b3b" "proxy-server 12" 0.0006 "-" 20 0
Oct 6 23:05:31 standalone object-server[124790]: 172.20.0.100 - - [06/Oct/2025:23:05:31 +0000] "GET /d1/653/AUTH_43d76d9b60be42dc84418a7271fa7c0a/gnocchi.4d4537ce-3847-4b1b-977d-70ea9e395e25/none_v3" 404 70 "GET http://localhost:8080/v1/AUTH_43d76d9b60be42dc84418a7271fa7c0a/gnocchi.4d4537ce-3847-4b1b-977d-70ea9e395e25/none_v3" "txb74beabd80ec49d08423d-0068e44b3b" "proxy-server 12" 0.0004 "-" 21 0
Oct 6 23:05:31 standalone proxy-server[126715]: 172.18.0.2 ::1 06/Oct/2025/23/05/31 GET /v1/AUTH_43d76d9b60be42dc84418a7271fa7c0a/gnocchi.4d4537ce-3847-4b1b-977d-70ea9e395e25/none_v3 HTTP/1.0 404 - python-swiftclient-3.11.1 gAAAAABo5EqGfmnC... - 70 - txb74beabd80ec49d08423d-0068e44b3b - 0.0093 - - 1759791931.452576876 1759791931.461874247 0
Oct 6 23:05:31 standalone account-server[124492]: 172.20.0.100 - - [06/Oct/2025:23:05:31 +0000] "PUT /d1/661/AUTH_43d76d9b60be42dc84418a7271fa7c0a/gnocchi.4d4537ce-3847-4b1b-977d-70ea9e395e25" 201 - "PUT http://172.20.0.100:6001/d1/748/AUTH_43d76d9b60be42dc84418a7271fa7c0a/gnocchi.4d4537ce-3847-4b1b-977d-70ea9e395e25" "tx20da78eb2306495e870de-0068e44b3b" "container-server 23" 0.0070 "-" 16 0
Oct 6 23:05:31 standalone container-server[124643]: 172.20.0.100 - - [06/Oct/2025:23:05:31 +0000] "PUT /d1/748/AUTH_43d76d9b60be42dc84418a7271fa7c0a/gnocchi.4d4537ce-3847-4b1b-977d-70ea9e395e25" 201 - "PUT http://localhost:8080/v1/AUTH_43d76d9b60be42dc84418a7271fa7c0a/gnocchi.4d4537ce-3847-4b1b-977d-70ea9e395e25" "tx20da78eb2306495e870de-0068e44b3b" "proxy-server 12" 0.0205 "-" 23 0
Oct 6 23:05:31 standalone proxy-server[126715]: 172.18.0.2 ::1 06/Oct/2025/23/05/31 PUT /v1/AUTH_43d76d9b60be42dc84418a7271fa7c0a/gnocchi.4d4537ce-3847-4b1b-977d-70ea9e395e25 HTTP/1.0 201 - python-swiftclient-3.11.1 gAAAAABo5EqGfmnC... - - - tx20da78eb2306495e870de-0068e44b3b - 0.0246 - - 1759791931.465955734 1759791931.490519524 0
Oct 6 23:05:31 standalone container-server[124609]: 172.20.0.100 - - [06/Oct/2025:23:05:31 +0000] "HEAD /d1/748/AUTH_43d76d9b60be42dc84418a7271fa7c0a/gnocchi.4d4537ce-3847-4b1b-977d-70ea9e395e25" 204 - "HEAD http://localhost:8080/v1/AUTH_43d76d9b60be42dc84418a7271fa7c0a/gnocchi.4d4537ce-3847-4b1b-977d-70ea9e395e25?format=json&states=listing" "tx4106302e2c1246c2b4b53-0068e44b3b" "proxy-server 12" 0.0023 "-" 20 0
Oct 6 23:05:31 standalone proxy-server[126715]: - - 06/Oct/2025/23/05/31 HEAD /v1/AUTH_43d76d9b60be42dc84418a7271fa7c0a/gnocchi.4d4537ce-3847-4b1b-977d-70ea9e395e25%3Fformat%3Djson%26states%3Dlisting HTTP/1.0 204 - Swift - - - - tx4106302e2c1246c2b4b53-0068e44b3b - 0.0058 RL - 1759791931.497229099 1759791931.502986431 0
Oct 6 23:05:31 standalone container-server[124637]: 172.20.0.100 - - [06/Oct/2025:23:05:31 +0000] "GET /d1/748/AUTH_43d76d9b60be42dc84418a7271fa7c0a/gnocchi.4d4537ce-3847-4b1b-977d-70ea9e395e25" 200 2 "GET http://localhost:8080/v1/AUTH_43d76d9b60be42dc84418a7271fa7c0a/gnocchi.4d4537ce-3847-4b1b-977d-70ea9e395e25?format=json&states=listing" "tx4106302e2c1246c2b4b53-0068e44b3b" "proxy-server 12" 0.0045 "-" 22 0
Oct 6 23:05:31 standalone proxy-server[126715]: 172.18.0.2 ::1 06/Oct/2025/23/05/31 GET /v1/AUTH_43d76d9b60be42dc84418a7271fa7c0a/gnocchi.4d4537ce-3847-4b1b-977d-70ea9e395e25%3Fformat%3Djson%26states%3Dlisting HTTP/1.0 200 - python-swiftclient-3.11.1 gAAAAABo5EqGfmnC... - 2 - tx4106302e2c1246c2b4b53-0068e44b3b - 0.0176 - - 1759791931.496317863 1759791931.513873577 0
Oct 6 23:05:31 standalone object-server[124791]: 172.20.0.100 - - [06/Oct/2025:23:05:31 +0000] "GET /d1/247/AUTH_43d76d9b60be42dc84418a7271fa7c0a/gnocchi.4d4537ce-3847-4b1b-977d-70ea9e395e25/1759320000.0_mean_300.0_v3" 404 70 "GET http://localhost:8080/v1/AUTH_43d76d9b60be42dc84418a7271fa7c0a/gnocchi.4d4537ce-3847-4b1b-977d-70ea9e395e25/1759320000.0_mean_300.0_v3" "txa65fb8f6cfa24ba6ba634-0068e44b3b" "proxy-server 12" 0.0005 "-" 22 0
Oct 6 23:05:31 standalone proxy-server[126715]: 172.18.0.2 ::1 06/Oct/2025/23/05/31 GET /v1/AUTH_43d76d9b60be42dc84418a7271fa7c0a/gnocchi.4d4537ce-3847-4b1b-977d-70ea9e395e25/1759320000.0_mean_300.0_v3 HTTP/1.0 404 - python-swiftclient-3.11.1 gAAAAABo5EqGfmnC... - 70 - txa65fb8f6cfa24ba6ba634-0068e44b3b - 0.0055 - - 1759791931.520195484 1759791931.525682449 0
Oct 6 23:05:31 standalone container-server[124637]: 172.20.0.100 - - [06/Oct/2025:23:05:31 +0000] "PUT /d1/748/AUTH_43d76d9b60be42dc84418a7271fa7c0a/gnocchi.4d4537ce-3847-4b1b-977d-70ea9e395e25/1759320000.0_mean_300.0_v3" 201 - "PUT http://localhost:8080/d1/247/AUTH_43d76d9b60be42dc84418a7271fa7c0a/gnocchi.4d4537ce-3847-4b1b-977d-70ea9e395e25/1759320000.0_mean_300.0_v3" "tx0b4afdbd770c4935ae2a3-0068e44b3b" "object-server 21" 0.0009 "-" 22 0
Oct 6 23:05:31 standalone object-server[124790]: 172.20.0.100 - - [06/Oct/2025:23:05:31 +0000] "PUT /d1/247/AUTH_43d76d9b60be42dc84418a7271fa7c0a/gnocchi.4d4537ce-3847-4b1b-977d-70ea9e395e25/1759320000.0_mean_300.0_v3" 201 - "PUT http://localhost:8080/v1/AUTH_43d76d9b60be42dc84418a7271fa7c0a/gnocchi.4d4537ce-3847-4b1b-977d-70ea9e395e25/1759320000.0_mean_300.0_v3" "tx0b4afdbd770c4935ae2a3-0068e44b3b" "proxy-server 12" 0.0130 "-" 21 0
Oct 6 23:05:31 standalone proxy-server[126715]: 172.18.0.2 ::1 06/Oct/2025/23/05/31 PUT /v1/AUTH_43d76d9b60be42dc84418a7271fa7c0a/gnocchi.4d4537ce-3847-4b1b-977d-70ea9e395e25/1759320000.0_mean_300.0_v3 HTTP/1.0 201 - python-swiftclient-3.11.1 gAAAAABo5EqGfmnC... 16 - - tx0b4afdbd770c4935ae2a3-0068e44b3b - 0.0187 - - 1759791931.529925108 1759791931.548632622 0
Oct 6 23:05:31 standalone container-server[124609]: 172.20.0.100 - - [06/Oct/2025:23:05:31 +0000] "PUT /d1/748/AUTH_43d76d9b60be42dc84418a7271fa7c0a/gnocchi.4d4537ce-3847-4b1b-977d-70ea9e395e25/none_v3" 201 - "PUT http://localhost:8080/d1/653/AUTH_43d76d9b60be42dc84418a7271fa7c0a/gnocchi.4d4537ce-3847-4b1b-977d-70ea9e395e25/none_v3" "txa77dd4fb58fd48d6a6e7e-0068e44b3b" "object-server 24" 0.0009 "-" 20 0
Oct 6 23:05:31 standalone object-server[124794]: 172.20.0.100 - - [06/Oct/2025:23:05:31 +0000] "PUT /d1/653/AUTH_43d76d9b60be42dc84418a7271fa7c0a/gnocchi.4d4537ce-3847-4b1b-977d-70ea9e395e25/none_v3" 201 - "PUT http://localhost:8080/v1/AUTH_43d76d9b60be42dc84418a7271fa7c0a/gnocchi.4d4537ce-3847-4b1b-977d-70ea9e395e25/none_v3" "txa77dd4fb58fd48d6a6e7e-0068e44b3b" "proxy-server 12" 0.0119 "-" 24 0
Oct 6 23:05:31 standalone proxy-server[126715]: 172.18.0.2 ::1 06/Oct/2025/23/05/31 PUT /v1/AUTH_43d76d9b60be42dc84418a7271fa7c0a/gnocchi.4d4537ce-3847-4b1b-977d-70ea9e395e25/none_v3 HTTP/1.0 201 - python-swiftclient-3.11.1 gAAAAABo5EqGfmnC... 22 - - txa77dd4fb58fd48d6a6e7e-0068e44b3b - 0.0176 - - 1759791931.552942991 1759791931.570533276 0
Oct 6 23:05:31 standalone container-server[124609]: 172.20.0.100 - - [06/Oct/2025:23:05:31 +0000] "HEAD /d1/983/AUTH_43d76d9b60be42dc84418a7271fa7c0a/gnocchi.626be788-ea26-4dda-9764-f9987d37a53a" 404 - "HEAD http://localhost:8080/v1/AUTH_43d76d9b60be42dc84418a7271fa7c0a/gnocchi.626be788-ea26-4dda-9764-f9987d37a53a?format=json&states=listing" "txecab6d814d7a464982f15-0068e44b3b" "proxy-server 12" 0.0006 "-" 20 0
Oct 6 23:05:31 standalone object-server[124790]: 172.20.0.100 - - [06/Oct/2025:23:05:31 +0000] "GET /d1/525/AUTH_43d76d9b60be42dc84418a7271fa7c0a/gnocchi.626be788-ea26-4dda-9764-f9987d37a53a/none_v3" 404 70 "GET http://localhost:8080/v1/AUTH_43d76d9b60be42dc84418a7271fa7c0a/gnocchi.626be788-ea26-4dda-9764-f9987d37a53a/none_v3" "txecab6d814d7a464982f15-0068e44b3b" "proxy-server 12" 0.0006 "-" 21 0
Oct 6 23:05:31 standalone proxy-server[126715]: 172.18.0.2 ::1 06/Oct/2025/23/05/31 GET /v1/AUTH_43d76d9b60be42dc84418a7271fa7c0a/gnocchi.626be788-ea26-4dda-9764-f9987d37a53a/none_v3 HTTP/1.0 404 - python-swiftclient-3.11.1 gAAAAABo5EqGfmnC... - 70 - txecab6d814d7a464982f15-0068e44b3b - 0.0102 - - 1759791931.587374687 1759791931.597587347 0
Oct 6 23:05:31 standalone account-server[124468]: 172.20.0.100 - - [06/Oct/2025:23:05:31 +0000] "PUT /d1/661/AUTH_43d76d9b60be42dc84418a7271fa7c0a/gnocchi.626be788-ea26-4dda-9764-f9987d37a53a" 201 - "PUT http://172.20.0.100:6001/d1/983/AUTH_43d76d9b60be42dc84418a7271fa7c0a/gnocchi.626be788-ea26-4dda-9764-f9987d37a53a" "txde3a90896bd1452a86b82-0068e44b3b" "container-server 20" 0.0061 "-" 14 0
Oct 6 23:05:31 standalone container-server[124609]: 172.20.0.100 - - [06/Oct/2025:23:05:31 +0000] "PUT /d1/983/AUTH_43d76d9b60be42dc84418a7271fa7c0a/gnocchi.626be788-ea26-4dda-9764-f9987d37a53a" 201 - "PUT http://localhost:8080/v1/AUTH_43d76d9b60be42dc84418a7271fa7c0a/gnocchi.626be788-ea26-4dda-9764-f9987d37a53a" "txde3a90896bd1452a86b82-0068e44b3b" "proxy-server 12" 0.0204 "-" 20 0
Oct 6 23:05:31 standalone proxy-server[126715]: 172.18.0.2 ::1 06/Oct/2025/23/05/31 PUT /v1/AUTH_43d76d9b60be42dc84418a7271fa7c0a/gnocchi.626be788-ea26-4dda-9764-f9987d37a53a HTTP/1.0 201 - python-swiftclient-3.11.1 gAAAAABo5EqGfmnC... - - - txde3a90896bd1452a86b82-0068e44b3b - 0.0247 - - 1759791931.601555347 1759791931.626275063 0
Oct 6 23:05:31 standalone container-server[124609]: 172.20.0.100 - - [06/Oct/2025:23:05:31 +0000] "HEAD /d1/983/AUTH_43d76d9b60be42dc84418a7271fa7c0a/gnocchi.626be788-ea26-4dda-9764-f9987d37a53a" 204 - "HEAD http://localhost:8080/v1/AUTH_43d76d9b60be42dc84418a7271fa7c0a/gnocchi.626be788-ea26-4dda-9764-f9987d37a53a?format=json&states=listing" "txa15f5a583c364fd2afda3-0068e44b3b" "proxy-server 12" 0.0021 "-" 20 0
Oct 6 23:05:31 standalone proxy-server[126715]: - - 06/Oct/2025/23/05/31 HEAD /v1/AUTH_43d76d9b60be42dc84418a7271fa7c0a/gnocchi.626be788-ea26-4dda-9764-f9987d37a53a%3Fformat%3Djson%26states%3Dlisting HTTP/1.0 204 - Swift - - - - txa15f5a583c364fd2afda3-0068e44b3b - 0.0051 RL - 1759791931.632316828 1759791931.637448549 0
Oct 6 23:05:31 standalone container-server[124631]: 172.20.0.100 - - [06/Oct/2025:23:05:31 +0000] "GET /d1/983/AUTH_43d76d9b60be42dc84418a7271fa7c0a/gnocchi.626be788-ea26-4dda-9764-f9987d37a53a" 200 2 "GET http://localhost:8080/v1/AUTH_43d76d9b60be42dc84418a7271fa7c0a/gnocchi.626be788-ea26-4dda-9764-f9987d37a53a?format=json&states=listing" "txa15f5a583c364fd2afda3-0068e44b3b" "proxy-server 12" 0.0038 "-" 21 0
Oct 6 23:05:31 standalone proxy-server[126715]: 172.18.0.2 ::1 06/Oct/2025/23/05/31 GET /v1/AUTH_43d76d9b60be42dc84418a7271fa7c0a/gnocchi.626be788-ea26-4dda-9764-f9987d37a53a%3Fformat%3Djson%26states%3Dlisting HTTP/1.0 200 - python-swiftclient-3.11.1 gAAAAABo5EqGfmnC... - 2 - txa15f5a583c364fd2afda3-0068e44b3b - 0.0160 - - 1759791931.631398916 1759791931.647407293 0
Oct 6 23:05:31 standalone object-server[124791]: 172.20.0.100 - - [06/Oct/2025:23:05:31 +0000] "GET /d1/267/AUTH_43d76d9b60be42dc84418a7271fa7c0a/gnocchi.626be788-ea26-4dda-9764-f9987d37a53a/1759320000.0_mean_300.0_v3" 404 70 "GET http://localhost:8080/v1/AUTH_43d76d9b60be42dc84418a7271fa7c0a/gnocchi.626be788-ea26-4dda-9764-f9987d37a53a/1759320000.0_mean_300.0_v3" "txda330bc980214998a7a01-0068e44b3b" "proxy-server 12" 0.0005 "-" 22 0
Oct 6 23:05:31 standalone proxy-server[126715]: 172.18.0.2 ::1 06/Oct/2025/23/05/31 GET /v1/AUTH_43d76d9b60be42dc84418a7271fa7c0a/gnocchi.626be788-ea26-4dda-9764-f9987d37a53a/1759320000.0_mean_300.0_v3 HTTP/1.0 404 - python-swiftclient-3.11.1 gAAAAABo5EqGfmnC... - 70 - txda330bc980214998a7a01-0068e44b3b - 0.0055 - - 1759791931.652797937 1759791931.658258438 0
Oct 6 23:05:31 standalone container-server[124637]: 172.20.0.100 - - [06/Oct/2025:23:05:31 +0000] "PUT /d1/983/AUTH_43d76d9b60be42dc84418a7271fa7c0a/gnocchi.626be788-ea26-4dda-9764-f9987d37a53a/1759320000.0_mean_300.0_v3" 201 - "PUT http://localhost:8080/d1/267/AUTH_43d76d9b60be42dc84418a7271fa7c0a/gnocchi.626be788-ea26-4dda-9764-f9987d37a53a/1759320000.0_mean_300.0_v3" "tx07bef8effc8c41ac92a51-0068e44b3b" "object-server 24" 0.0009 "-" 22 0
Oct 6 23:05:31 standalone object-server[124794]: 172.20.0.100 - - [06/Oct/2025:23:05:31 +0000] "PUT /d1/267/AUTH_43d76d9b60be42dc84418a7271fa7c0a/gnocchi.626be788-ea26-4dda-9764-f9987d37a53a/1759320000.0_mean_300.0_v3" 201 - "PUT http://localhost:8080/v1/AUTH_43d76d9b60be42dc84418a7271fa7c0a/gnocchi.626be788-ea26-4dda-9764-f9987d37a53a/1759320000.0_mean_300.0_v3" "tx07bef8effc8c41ac92a51-0068e44b3b" "proxy-server 12" 0.0121 "-" 24 0
Oct 6 23:05:31 standalone proxy-server[126715]: 172.18.0.2 ::1 06/Oct/2025/23/05/31 PUT /v1/AUTH_43d76d9b60be42dc84418a7271fa7c0a/gnocchi.626be788-ea26-4dda-9764-f9987d37a53a/1759320000.0_mean_300.0_v3 HTTP/1.0 201 - python-swiftclient-3.11.1 gAAAAABo5EqGfmnC... 16 - - tx07bef8effc8c41ac92a51-0068e44b3b - 0.0174 - - 1759791931.662402868 1759791931.679824591 0
Oct 6 23:05:31 standalone container-server[124643]: 172.20.0.100 - - [06/Oct/2025:23:05:31 +0000] "PUT /d1/983/AUTH_43d76d9b60be42dc84418a7271fa7c0a/gnocchi.626be788-ea26-4dda-9764-f9987d37a53a/none_v3" 201 - "PUT http://localhost:8080/d1/525/AUTH_43d76d9b60be42dc84418a7271fa7c0a/gnocchi.626be788-ea26-4dda-9764-f9987d37a53a/none_v3" "tx20268d19cb994b7a96206-0068e44b3b" "object-server 21" 0.0009 "-" 23 0
Oct 6 23:05:31 standalone object-server[124790]: 172.20.0.100 - - [06/Oct/2025:23:05:31 +0000] "PUT /d1/525/AUTH_43d76d9b60be42dc84418a7271fa7c0a/gnocchi.626be788-ea26-4dda-9764-f9987d37a53a/none_v3" 201 - "PUT http://localhost:8080/v1/AUTH_43d76d9b60be42dc84418a7271fa7c0a/gnocchi.626be788-ea26-4dda-9764-f9987d37a53a/none_v3" "tx20268d19cb994b7a96206-0068e44b3b" "proxy-server 12" 0.0111 "-" 21 0
Oct 6 23:05:31 standalone proxy-server[126715]: 172.18.0.2 ::1 06/Oct/2025/23/05/31 PUT /v1/AUTH_43d76d9b60be42dc84418a7271fa7c0a/gnocchi.626be788-ea26-4dda-9764-f9987d37a53a/none_v3 HTTP/1.0 201 - python-swiftclient-3.11.1 gAAAAABo5EqGfmnC... 22 - - tx20268d19cb994b7a96206-0068e44b3b - 0.0168 - - 1759791931.684378624 1759791931.701185465 0
Oct 6 23:05:31 standalone container-server[124643]: 172.20.0.100 - - [06/Oct/2025:23:05:31 +0000] "HEAD /d1/282/AUTH_43d76d9b60be42dc84418a7271fa7c0a/gnocchi.b7112502-fa3e-4848-9646-caa5466ede7f" 404 - "HEAD http://localhost:8080/v1/AUTH_43d76d9b60be42dc84418a7271fa7c0a/gnocchi.b7112502-fa3e-4848-9646-caa5466ede7f?format=json&states=listing" "tx4db00b1b428b4393bd180-0068e44b3b" "proxy-server 12" 0.0005 "-" 23 0
Oct 6 23:05:31 standalone object-server[124790]: 172.20.0.100 - - [06/Oct/2025:23:05:31 +0000] "GET /d1/641/AUTH_43d76d9b60be42dc84418a7271fa7c0a/gnocchi.b7112502-fa3e-4848-9646-caa5466ede7f/none_v3" 404 70 "GET http://localhost:8080/v1/AUTH_43d76d9b60be42dc84418a7271fa7c0a/gnocchi.b7112502-fa3e-4848-9646-caa5466ede7f/none_v3" "tx4db00b1b428b4393bd180-0068e44b3b" "proxy-server 12" 0.0005 "-" 21 0
