Oct 6 23:05:31 standalone proxy-server[126715]: 172.18.0.2 ::1 06/Oct/2025/23/05/31 GET /v1/AUTH_43d76d9b60be42dc84418a7271fa7c0a/gnocchi.b7112502-fa3e-4848-9646-caa5466ede7f/none_v3 HTTP/1.0 404 - python-swiftclient-3.11.1 gAAAAABo5EqGfmnC... - 70 - tx4db00b1b428b4393bd180-0068e44b3b - 0.0100 - - 1759791931.719198227 1759791931.729168653 0
Oct 6 23:05:31 standalone account-server[124492]: 172.20.0.100 - - [06/Oct/2025:23:05:31 +0000] "PUT /d1/661/AUTH_43d76d9b60be42dc84418a7271fa7c0a/gnocchi.b7112502-fa3e-4848-9646-caa5466ede7f" 201 - "PUT http://172.20.0.100:6001/d1/282/AUTH_43d76d9b60be42dc84418a7271fa7c0a/gnocchi.b7112502-fa3e-4848-9646-caa5466ede7f" "txb51bfcf840be4230957e5-0068e44b3b" "container-server 20" 0.0077 "-" 16 0
Oct 6 23:05:31 standalone container-server[124609]: 172.20.0.100 - - [06/Oct/2025:23:05:31 +0000] "PUT /d1/282/AUTH_43d76d9b60be42dc84418a7271fa7c0a/gnocchi.b7112502-fa3e-4848-9646-caa5466ede7f" 201 - "PUT http://localhost:8080/v1/AUTH_43d76d9b60be42dc84418a7271fa7c0a/gnocchi.b7112502-fa3e-4848-9646-caa5466ede7f" "txb51bfcf840be4230957e5-0068e44b3b" "proxy-server 12" 0.0218 "-" 20 0
Oct 6 23:05:31 standalone proxy-server[126715]: 172.18.0.2 ::1 06/Oct/2025/23/05/31 PUT /v1/AUTH_43d76d9b60be42dc84418a7271fa7c0a/gnocchi.b7112502-fa3e-4848-9646-caa5466ede7f HTTP/1.0 201 - python-swiftclient-3.11.1 gAAAAABo5EqGfmnC... - - - txb51bfcf840be4230957e5-0068e44b3b - 0.0268 - - 1759791931.733026505 1759791931.759859800 0
Oct 6 23:05:31 standalone container-server[124609]: 172.20.0.100 - - [06/Oct/2025:23:05:31 +0000] "HEAD /d1/282/AUTH_43d76d9b60be42dc84418a7271fa7c0a/gnocchi.b7112502-fa3e-4848-9646-caa5466ede7f" 204 - "HEAD http://localhost:8080/v1/AUTH_43d76d9b60be42dc84418a7271fa7c0a/gnocchi.b7112502-fa3e-4848-9646-caa5466ede7f?format=json&states=listing" "txf25c5da503f14c2faaace-0068e44b3b" "proxy-server 12" 0.0022 "-" 20 0
Oct 6 23:05:31 standalone proxy-server[126715]: - - 06/Oct/2025/23/05/31 HEAD /v1/AUTH_43d76d9b60be42dc84418a7271fa7c0a/gnocchi.b7112502-fa3e-4848-9646-caa5466ede7f%3Fformat%3Djson%26states%3Dlisting HTTP/1.0 204 - Swift - - - - txf25c5da503f14c2faaace-0068e44b3b - 0.0053 RL - 1759791931.767110825 1759791931.772425175 0
Oct 6 23:05:31 standalone container-server[124637]: 172.20.0.100 - - [06/Oct/2025:23:05:31 +0000] "GET /d1/282/AUTH_43d76d9b60be42dc84418a7271fa7c0a/gnocchi.b7112502-fa3e-4848-9646-caa5466ede7f" 200 2 "GET http://localhost:8080/v1/AUTH_43d76d9b60be42dc84418a7271fa7c0a/gnocchi.b7112502-fa3e-4848-9646-caa5466ede7f?format=json&states=listing" "txf25c5da503f14c2faaace-0068e44b3b" "proxy-server 12" 0.0047 "-" 22 0
Oct 6 23:05:31 standalone proxy-server[126715]: 172.18.0.2 ::1 06/Oct/2025/23/05/31 GET /v1/AUTH_43d76d9b60be42dc84418a7271fa7c0a/gnocchi.b7112502-fa3e-4848-9646-caa5466ede7f%3Fformat%3Djson%26states%3Dlisting HTTP/1.0 200 - python-swiftclient-3.11.1 gAAAAABo5EqGfmnC... - 2 - txf25c5da503f14c2faaace-0068e44b3b - 0.0172 - - 1759791931.766169548 1759791931.783362627 0
Oct 6 23:05:31 standalone object-server[124790]: 172.20.0.100 - - [06/Oct/2025:23:05:31 +0000] "GET /d1/752/AUTH_43d76d9b60be42dc84418a7271fa7c0a/gnocchi.b7112502-fa3e-4848-9646-caa5466ede7f/1759320000.0_mean_300.0_v3" 404 70 "GET http://localhost:8080/v1/AUTH_43d76d9b60be42dc84418a7271fa7c0a/gnocchi.b7112502-fa3e-4848-9646-caa5466ede7f/1759320000.0_mean_300.0_v3" "tx9a0c5ff92b2a4364a29db-0068e44b3b" "proxy-server 12" 0.0005 "-" 21 0
Oct 6 23:05:31 standalone proxy-server[126715]: 172.18.0.2 ::1 06/Oct/2025/23/05/31 GET /v1/AUTH_43d76d9b60be42dc84418a7271fa7c0a/gnocchi.b7112502-fa3e-4848-9646-caa5466ede7f/1759320000.0_mean_300.0_v3 HTTP/1.0 404 - python-swiftclient-3.11.1 gAAAAABo5EqGfmnC... - 70 - tx9a0c5ff92b2a4364a29db-0068e44b3b - 0.0067 - - 1759791931.788975000 1759791931.795703650 0
Oct 6 23:05:31 standalone container-server[124637]: 172.20.0.100 - - [06/Oct/2025:23:05:31 +0000] "PUT /d1/282/AUTH_43d76d9b60be42dc84418a7271fa7c0a/gnocchi.b7112502-fa3e-4848-9646-caa5466ede7f/1759320000.0_mean_300.0_v3" 201 - "PUT http://localhost:8080/d1/752/AUTH_43d76d9b60be42dc84418a7271fa7c0a/gnocchi.b7112502-fa3e-4848-9646-caa5466ede7f/1759320000.0_mean_300.0_v3" "tx8df77d31354f4710b3516-0068e44b3b" "object-server 22" 0.0010 "-" 22 0
Oct 6 23:05:31 standalone object-server[124791]: 172.20.0.100 - - [06/Oct/2025:23:05:31 +0000] "PUT /d1/752/AUTH_43d76d9b60be42dc84418a7271fa7c0a/gnocchi.b7112502-fa3e-4848-9646-caa5466ede7f/1759320000.0_mean_300.0_v3" 201 - "PUT http://localhost:8080/v1/AUTH_43d76d9b60be42dc84418a7271fa7c0a/gnocchi.b7112502-fa3e-4848-9646-caa5466ede7f/1759320000.0_mean_300.0_v3" "tx8df77d31354f4710b3516-0068e44b3b" "proxy-server 12" 0.0126 "-" 22 0
Oct 6 23:05:31 standalone proxy-server[126715]: 172.18.0.2 ::1 06/Oct/2025/23/05/31 PUT /v1/AUTH_43d76d9b60be42dc84418a7271fa7c0a/gnocchi.b7112502-fa3e-4848-9646-caa5466ede7f/1759320000.0_mean_300.0_v3 HTTP/1.0 201 - python-swiftclient-3.11.1 gAAAAABo5EqGfmnC... 16 - - tx8df77d31354f4710b3516-0068e44b3b - 0.0287 - - 1759791931.806657791 1759791931.835335732 0
Oct 6 23:05:31 standalone container-server[124631]: 172.20.0.100 - - [06/Oct/2025:23:05:31 +0000] "PUT /d1/282/AUTH_43d76d9b60be42dc84418a7271fa7c0a/gnocchi.b7112502-fa3e-4848-9646-caa5466ede7f/none_v3" 201 - "PUT http://localhost:8080/d1/641/AUTH_43d76d9b60be42dc84418a7271fa7c0a/gnocchi.b7112502-fa3e-4848-9646-caa5466ede7f/none_v3" "txefd97731865d4f9b9c7c1-0068e44b3b" "object-server 22" 0.0009 "-" 21 0
Oct 6 23:05:31 standalone object-server[124791]: 172.20.0.100 - - [06/Oct/2025:23:05:31 +0000] "PUT /d1/641/AUTH_43d76d9b60be42dc84418a7271fa7c0a/gnocchi.b7112502-fa3e-4848-9646-caa5466ede7f/none_v3" 201 - "PUT http://localhost:8080/v1/AUTH_43d76d9b60be42dc84418a7271fa7c0a/gnocchi.b7112502-fa3e-4848-9646-caa5466ede7f/none_v3" "txefd97731865d4f9b9c7c1-0068e44b3b" "proxy-server 12" 0.0115 "-" 22 0
Oct 6 23:05:31 standalone proxy-server[126715]: 172.18.0.2 ::1 06/Oct/2025/23/05/31 PUT /v1/AUTH_43d76d9b60be42dc84418a7271fa7c0a/gnocchi.b7112502-fa3e-4848-9646-caa5466ede7f/none_v3 HTTP/1.0 201 - python-swiftclient-3.11.1 gAAAAABo5EqGfmnC... 22 - - txefd97731865d4f9b9c7c1-0068e44b3b - 0.0185 - - 1759791931.842563152 1759791931.861095190 0
Oct 6 23:05:31 standalone container-server[124643]: 172.20.0.100 - - [06/Oct/2025:23:05:31 +0000] "HEAD /d1/155/AUTH_43d76d9b60be42dc84418a7271fa7c0a/gnocchi.31ad3536-fbd4-4a06-adcb-1fd3b0d8455c" 404 - "HEAD http://localhost:8080/v1/AUTH_43d76d9b60be42dc84418a7271fa7c0a/gnocchi.31ad3536-fbd4-4a06-adcb-1fd3b0d8455c?format=json&states=listing" "txc566caeadcee4e9ab5a39-0068e44b3b" "proxy-server 12" 0.0006 "-" 23 0
Oct 6 23:05:31 standalone object-server[124794]: 172.20.0.100 - - [06/Oct/2025:23:05:31 +0000] "GET /d1/646/AUTH_43d76d9b60be42dc84418a7271fa7c0a/gnocchi.31ad3536-fbd4-4a06-adcb-1fd3b0d8455c/none_v3" 404 70 "GET http://localhost:8080/v1/AUTH_43d76d9b60be42dc84418a7271fa7c0a/gnocchi.31ad3536-fbd4-4a06-adcb-1fd3b0d8455c/none_v3" "txc566caeadcee4e9ab5a39-0068e44b3b" "proxy-server 12" 0.0006 "-" 24 0
Oct 6 23:05:31 standalone proxy-server[126715]: 172.18.0.2 ::1 06/Oct/2025/23/05/31 GET /v1/AUTH_43d76d9b60be42dc84418a7271fa7c0a/gnocchi.31ad3536-fbd4-4a06-adcb-1fd3b0d8455c/none_v3 HTTP/1.0 404 - python-swiftclient-3.11.1 gAAAAABo5EqGfmnC... - 70 - txc566caeadcee4e9ab5a39-0068e44b3b - 0.0106 - - 1759791931.876245022 1759791931.886796951 0
Oct 6 23:05:31 standalone account-server[124483]: 172.20.0.100 - - [06/Oct/2025:23:05:31 +0000] "PUT /d1/661/AUTH_43d76d9b60be42dc84418a7271fa7c0a/gnocchi.31ad3536-fbd4-4a06-adcb-1fd3b0d8455c" 201 - "PUT http://172.20.0.100:6001/d1/155/AUTH_43d76d9b60be42dc84418a7271fa7c0a/gnocchi.31ad3536-fbd4-4a06-adcb-1fd3b0d8455c" "tx0ccd14fc70ae44658b090-0068e44b3b" "container-server 20" 0.0063 "-" 15 0
Oct 6 23:05:31 standalone container-server[124609]: 172.20.0.100 - - [06/Oct/2025:23:05:31 +0000] "PUT /d1/155/AUTH_43d76d9b60be42dc84418a7271fa7c0a/gnocchi.31ad3536-fbd4-4a06-adcb-1fd3b0d8455c" 201 - "PUT http://localhost:8080/v1/AUTH_43d76d9b60be42dc84418a7271fa7c0a/gnocchi.31ad3536-fbd4-4a06-adcb-1fd3b0d8455c" "tx0ccd14fc70ae44658b090-0068e44b3b" "proxy-server 12" 0.0164 "-" 20 0
Oct 6 23:05:31 standalone proxy-server[126715]: 172.18.0.2 ::1 06/Oct/2025/23/05/31 PUT /v1/AUTH_43d76d9b60be42dc84418a7271fa7c0a/gnocchi.31ad3536-fbd4-4a06-adcb-1fd3b0d8455c HTTP/1.0 201 - python-swiftclient-3.11.1 gAAAAABo5EqGfmnC... - - - tx0ccd14fc70ae44658b090-0068e44b3b - 0.0258 - - 1759791931.891986370 1759791931.917742252 0
Oct 6 23:05:31 standalone container-server[124637]: 172.20.0.100 - - [06/Oct/2025:23:05:31 +0000] "HEAD /d1/155/AUTH_43d76d9b60be42dc84418a7271fa7c0a/gnocchi.31ad3536-fbd4-4a06-adcb-1fd3b0d8455c" 204 - "HEAD http://localhost:8080/v1/AUTH_43d76d9b60be42dc84418a7271fa7c0a/gnocchi.31ad3536-fbd4-4a06-adcb-1fd3b0d8455c?format=json&states=listing" "txa3b47022aa684f1eb8ede-0068e44b3b" "proxy-server 12" 0.0028 "-" 22 0
Oct 6 23:05:31 standalone proxy-server[126715]: - - 06/Oct/2025/23/05/31 HEAD /v1/AUTH_43d76d9b60be42dc84418a7271fa7c0a/gnocchi.31ad3536-fbd4-4a06-adcb-1fd3b0d8455c%3Fformat%3Djson%26states%3Dlisting HTTP/1.0 204 - Swift - - - - txa3b47022aa684f1eb8ede-0068e44b3b - 0.0082 RL - 1759791931.925626278 1759791931.933812380 0
Oct 6 23:05:31 standalone container-server[124643]: 172.20.0.100 - - [06/Oct/2025:23:05:31 +0000] "GET /d1/155/AUTH_43d76d9b60be42dc84418a7271fa7c0a/gnocchi.31ad3536-fbd4-4a06-adcb-1fd3b0d8455c" 200 2 "GET http://localhost:8080/v1/AUTH_43d76d9b60be42dc84418a7271fa7c0a/gnocchi.31ad3536-fbd4-4a06-adcb-1fd3b0d8455c?format=json&states=listing" "txa3b47022aa684f1eb8ede-0068e44b3b" "proxy-server 12" 0.0037 "-" 23 0
Oct 6 23:05:31 standalone proxy-server[126715]: 172.18.0.2 ::1 06/Oct/2025/23/05/31 GET /v1/AUTH_43d76d9b60be42dc84418a7271fa7c0a/gnocchi.31ad3536-fbd4-4a06-adcb-1fd3b0d8455c%3Fformat%3Djson%26states%3Dlisting HTTP/1.0 200 - python-swiftclient-3.11.1 gAAAAABo5EqGfmnC... - 2 - txa3b47022aa684f1eb8ede-0068e44b3b - 0.0242 - - 1759791931.922700405 1759791931.946890831 0
Oct 6 23:05:31 standalone object-server[124790]: 172.20.0.100 - - [06/Oct/2025:23:05:31 +0000] "GET /d1/947/AUTH_43d76d9b60be42dc84418a7271fa7c0a/gnocchi.31ad3536-fbd4-4a06-adcb-1fd3b0d8455c/1759320000.0_mean_300.0_v3" 404 70 "GET http://localhost:8080/v1/AUTH_43d76d9b60be42dc84418a7271fa7c0a/gnocchi.31ad3536-fbd4-4a06-adcb-1fd3b0d8455c/1759320000.0_mean_300.0_v3" "tx15925bd418054f3e88def-0068e44b3b" "proxy-server 12" 0.0006 "-" 21 0
Oct 6 23:05:31 standalone proxy-server[126715]: 172.18.0.2 ::1 06/Oct/2025/23/05/31 GET /v1/AUTH_43d76d9b60be42dc84418a7271fa7c0a/gnocchi.31ad3536-fbd4-4a06-adcb-1fd3b0d8455c/1759320000.0_mean_300.0_v3 HTTP/1.0 404 - python-swiftclient-3.11.1 gAAAAABo5EqGfmnC... - 70 - tx15925bd418054f3e88def-0068e44b3b - 0.0093 - - 1759791931.951307058 1759791931.960620642 0
Oct 6 23:05:31 standalone container-server[124631]: 172.20.0.100 - - [06/Oct/2025:23:05:31 +0000] "PUT /d1/155/AUTH_43d76d9b60be42dc84418a7271fa7c0a/gnocchi.31ad3536-fbd4-4a06-adcb-1fd3b0d8455c/1759320000.0_mean_300.0_v3" 201 - "PUT http://localhost:8080/d1/947/AUTH_43d76d9b60be42dc84418a7271fa7c0a/gnocchi.31ad3536-fbd4-4a06-adcb-1fd3b0d8455c/1759320000.0_mean_300.0_v3" "txebb8f10e666d4090a8936-0068e44b3b" "object-server 24" 0.0011 "-" 21 0
Oct 6 23:05:31 standalone object-server[124794]: 172.20.0.100 - - [06/Oct/2025:23:05:31 +0000] "PUT /d1/947/AUTH_43d76d9b60be42dc84418a7271fa7c0a/gnocchi.31ad3536-fbd4-4a06-adcb-1fd3b0d8455c/1759320000.0_mean_300.0_v3" 201 - "PUT http://localhost:8080/v1/AUTH_43d76d9b60be42dc84418a7271fa7c0a/gnocchi.31ad3536-fbd4-4a06-adcb-1fd3b0d8455c/1759320000.0_mean_300.0_v3" "txebb8f10e666d4090a8936-0068e44b3b" "proxy-server 12" 0.0134 "-" 24 0
Oct 6 23:05:31 standalone proxy-server[126715]: 172.18.0.2 ::1 06/Oct/2025/23/05/31 PUT /v1/AUTH_43d76d9b60be42dc84418a7271fa7c0a/gnocchi.31ad3536-fbd4-4a06-adcb-1fd3b0d8455c/1759320000.0_mean_300.0_v3 HTTP/1.0 201 - python-swiftclient-3.11.1 gAAAAABo5EqGfmnC... 16 - - txebb8f10e666d4090a8936-0068e44b3b - 0.0265 - - 1759791931.965041876 1759791931.991554737 0
Oct 6 23:05:32 standalone container-server[124631]: 172.20.0.100 - - [06/Oct/2025:23:05:32 +0000] "PUT /d1/155/AUTH_43d76d9b60be42dc84418a7271fa7c0a/gnocchi.31ad3536-fbd4-4a06-adcb-1fd3b0d8455c/none_v3" 201 - "PUT http://localhost:8080/d1/646/AUTH_43d76d9b60be42dc84418a7271fa7c0a/gnocchi.31ad3536-fbd4-4a06-adcb-1fd3b0d8455c/none_v3" "txefe40d2a8cb048eebddb3-0068e44b3b" "object-server 21" 0.0008 "-" 21 0
Oct 6 23:05:32 standalone object-server[124790]: 172.20.0.100 - - [06/Oct/2025:23:05:32 +0000] "PUT /d1/646/AUTH_43d76d9b60be42dc84418a7271fa7c0a/gnocchi.31ad3536-fbd4-4a06-adcb-1fd3b0d8455c/none_v3" 201 - "PUT http://localhost:8080/v1/AUTH_43d76d9b60be42dc84418a7271fa7c0a/gnocchi.31ad3536-fbd4-4a06-adcb-1fd3b0d8455c/none_v3" "txefe40d2a8cb048eebddb3-0068e44b3b" "proxy-server 12" 0.0116 "-" 21 0
Oct 6 23:05:32 standalone proxy-server[126715]: 172.18.0.2 ::1 06/Oct/2025/23/05/32 PUT /v1/AUTH_43d76d9b60be42dc84418a7271fa7c0a/gnocchi.31ad3536-fbd4-4a06-adcb-1fd3b0d8455c/none_v3 HTTP/1.0 201 - python-swiftclient-3.11.1 gAAAAABo5EqGfmnC... 22 - - txefe40d2a8cb048eebddb3-0068e44b3b - 0.0208 - - 1759791931.996804953 1759791932.017601967 0
Oct 6 23:05:32 standalone container-server[124643]: 172.20.0.100 - - [06/Oct/2025:23:05:32 +0000] "HEAD /d1/899/AUTH_43d76d9b60be42dc84418a7271fa7c0a/gnocchi.9b54d357-1c01-4f9f-82f0-2454b00268e1" 404 - "HEAD http://localhost:8080/v1/AUTH_43d76d9b60be42dc84418a7271fa7c0a/gnocchi.9b54d357-1c01-4f9f-82f0-2454b00268e1?format=json&states=listing" "tx3faa33bb24b248edbea79-0068e44b3c" "proxy-server 12" 0.0006 "-" 23 0
Oct 6 23:05:32 standalone object-server[124790]: 172.20.0.100 - - [06/Oct/2025:23:05:32 +0000] "GET /d1/871/AUTH_43d76d9b60be42dc84418a7271fa7c0a/gnocchi.9b54d357-1c01-4f9f-82f0-2454b00268e1/none_v3" 404 70 "GET http://localhost:8080/v1/AUTH_43d76d9b60be42dc84418a7271fa7c0a/gnocchi.9b54d357-1c01-4f9f-82f0-2454b00268e1/none_v3" "tx3faa33bb24b248edbea79-0068e44b3c" "proxy-server 12" 0.0005 "-" 21 0
Oct 6 23:05:32 standalone proxy-server[126715]: 172.18.0.2 ::1 06/Oct/2025/23/05/32 GET /v1/AUTH_43d76d9b60be42dc84418a7271fa7c0a/gnocchi.9b54d357-1c01-4f9f-82f0-2454b00268e1/none_v3 HTTP/1.0 404 - python-swiftclient-3.11.1 gAAAAABo5EqGfmnC... - 70 - tx3faa33bb24b248edbea79-0068e44b3c - 0.0140 - - 1759791932.032148361 1759791932.046171427 0
Oct 6 23:05:32 standalone account-server[124492]: 172.20.0.100 - - [06/Oct/2025:23:05:32 +0000] "PUT /d1/661/AUTH_43d76d9b60be42dc84418a7271fa7c0a/gnocchi.9b54d357-1c01-4f9f-82f0-2454b00268e1" 201 - "PUT http://172.20.0.100:6001/d1/899/AUTH_43d76d9b60be42dc84418a7271fa7c0a/gnocchi.9b54d357-1c01-4f9f-82f0-2454b00268e1" "tx705c04eb74024c7f969a9-0068e44b3c" "container-server 23" 0.0063 "-" 16 0
Oct 6 23:05:32 standalone container-server[124643]: 172.20.0.100 - - [06/Oct/2025:23:05:32 +0000] "PUT /d1/899/AUTH_43d76d9b60be42dc84418a7271fa7c0a/gnocchi.9b54d357-1c01-4f9f-82f0-2454b00268e1" 201 - "PUT http://localhost:8080/v1/AUTH_43d76d9b60be42dc84418a7271fa7c0a/gnocchi.9b54d357-1c01-4f9f-82f0-2454b00268e1" "tx705c04eb74024c7f969a9-0068e44b3c" "proxy-server 12" 0.0191 "-" 23 0
Oct 6 23:05:32 standalone proxy-server[126715]: 172.18.0.2 ::1 06/Oct/2025/23/05/32 PUT /v1/AUTH_43d76d9b60be42dc84418a7271fa7c0a/gnocchi.9b54d357-1c01-4f9f-82f0-2454b00268e1 HTTP/1.0 201 - python-swiftclient-3.11.1 gAAAAABo5EqGfmnC... - - - tx705c04eb74024c7f969a9-0068e44b3c - 0.0260 - - 1759791932.050309896 1759791932.076290846 0
Oct 6 23:05:32 standalone container-server[124609]: 172.20.0.100 - - [06/Oct/2025:23:05:32 +0000] "HEAD /d1/899/AUTH_43d76d9b60be42dc84418a7271fa7c0a/gnocchi.9b54d357-1c01-4f9f-82f0-2454b00268e1" 204 - "HEAD http://localhost:8080/v1/AUTH_43d76d9b60be42dc84418a7271fa7c0a/gnocchi.9b54d357-1c01-4f9f-82f0-2454b00268e1?format=json&states=listing" "txc286e5727b0c4980b1d06-0068e44b3c" "proxy-server 12" 0.0023 "-" 20 0
Oct 6 23:05:32 standalone proxy-server[126715]: - - 06/Oct/2025/23/05/32 HEAD /v1/AUTH_43d76d9b60be42dc84418a7271fa7c0a/gnocchi.9b54d357-1c01-4f9f-82f0-2454b00268e1%3Fformat%3Djson%26states%3Dlisting HTTP/1.0 204 - Swift - - - - txc286e5727b0c4980b1d06-0068e44b3c - 0.0070 RL - 1759791932.083045006 1759791932.090057373 0
Oct 6 23:05:32 standalone container-server[124643]: 172.20.0.100 - - [06/Oct/2025:23:05:32 +0000] "GET /d1/899/AUTH_43d76d9b60be42dc84418a7271fa7c0a/gnocchi.9b54d357-1c01-4f9f-82f0-2454b00268e1" 200 2 "GET http://localhost:8080/v1/AUTH_43d76d9b60be42dc84418a7271fa7c0a/gnocchi.9b54d357-1c01-4f9f-82f0-2454b00268e1?format=json&states=listing" "txc286e5727b0c4980b1d06-0068e44b3c" "proxy-server 12" 0.0030 "-" 23 0
Oct 6 23:05:32 standalone proxy-server[126715]: 172.18.0.2 ::1 06/Oct/2025/23/05/32 GET /v1/AUTH_43d76d9b60be42dc84418a7271fa7c0a/gnocchi.9b54d357-1c01-4f9f-82f0-2454b00268e1%3Fformat%3Djson%26states%3Dlisting HTTP/1.0 200 - python-swiftclient-3.11.1 gAAAAABo5EqGfmnC... - 2 - txc286e5727b0c4980b1d06-0068e44b3c - 0.0202 - - 1759791932.081297159 1759791932.101462603 0
Oct 6 23:05:32 standalone object-server[124796]: 172.20.0.100 - - [06/Oct/2025:23:05:32 +0000] "GET /d1/238/AUTH_43d76d9b60be42dc84418a7271fa7c0a/gnocchi.9b54d357-1c01-4f9f-82f0-2454b00268e1/1759320000.0_mean_300.0_v3" 404 70 "GET http://localhost:8080/v1/AUTH_43d76d9b60be42dc84418a7271fa7c0a/gnocchi.9b54d357-1c01-4f9f-82f0-2454b00268e1/1759320000.0_mean_300.0_v3" "tx62c37505c8e449c0ba649-0068e44b3c" "proxy-server 12" 0.0005 "-" 25 0
Oct 6 23:05:32 standalone proxy-server[126715]: 172.18.0.2 ::1 06/Oct/2025/23/05/32 GET /v1/AUTH_43d76d9b60be42dc84418a7271fa7c0a/gnocchi.9b54d357-1c01-4f9f-82f0-2454b00268e1/1759320000.0_mean_300.0_v3 HTTP/1.0 404 - python-swiftclient-3.11.1 gAAAAABo5EqGfmnC... - 70 - tx62c37505c8e449c0ba649-0068e44b3c - 0.0093 - - 1759791932.106514692 1759791932.115822315 0
Oct 6 23:05:32 standalone container-server[124643]: 172.20.0.100 - - [06/Oct/2025:23:05:32 +0000] "PUT /d1/899/AUTH_43d76d9b60be42dc84418a7271fa7c0a/gnocchi.9b54d357-1c01-4f9f-82f0-2454b00268e1/1759320000.0_mean_300.0_v3" 201 - "PUT http://localhost:8080/d1/238/AUTH_43d76d9b60be42dc84418a7271fa7c0a/gnocchi.9b54d357-1c01-4f9f-82f0-2454b00268e1/1759320000.0_mean_300.0_v3" "txdfcc09e11fd74a09a521e-0068e44b3c" "object-server 22" 0.0007 "-" 23 0
Oct 6 23:05:32 standalone object-server[124791]: 172.20.0.100 - - [06/Oct/2025:23:05:32 +0000] "PUT /d1/238/AUTH_43d76d9b60be42dc84418a7271fa7c0a/gnocchi.9b54d357-1c01-4f9f-82f0-2454b00268e1/1759320000.0_mean_300.0_v3" 201 - "PUT http://localhost:8080/v1/AUTH_43d76d9b60be42dc84418a7271fa7c0a/gnocchi.9b54d357-1c01-4f9f-82f0-2454b00268e1/1759320000.0_mean_300.0_v3" "txdfcc09e11fd74a09a521e-0068e44b3c" "proxy-server 12" 0.0109 "-" 22 0
Oct 6 23:05:32 standalone proxy-server[126715]: 172.18.0.2 ::1 06/Oct/2025/23/05/32 PUT /v1/AUTH_43d76d9b60be42dc84418a7271fa7c0a/gnocchi.9b54d357-1c01-4f9f-82f0-2454b00268e1/1759320000.0_mean_300.0_v3 HTTP/1.0 201 - python-swiftclient-3.11.1 gAAAAABo5EqGfmnC... 16 - - txdfcc09e11fd74a09a521e-0068e44b3c - 0.0198 - - 1759791932.121029377 1759791932.140803814 0
Oct 6 23:05:32 standalone container-server[124643]: 172.20.0.100 - - [06/Oct/2025:23:05:32 +0000] "PUT /d1/899/AUTH_43d76d9b60be42dc84418a7271fa7c0a/gnocchi.9b54d357-1c01-4f9f-82f0-2454b00268e1/none_v3" 201 - "PUT http://localhost:8080/d1/871/AUTH_43d76d9b60be42dc84418a7271fa7c0a/gnocchi.9b54d357-1c01-4f9f-82f0-2454b00268e1/none_v3" "txcc4a81292c42482f9b597-0068e44b3c" "object-server 21" 0.0006 "-" 23 0
Oct 6 23:05:32 standalone object-server[124790]: 172.20.0.100 - - [06/Oct/2025:23:05:32 +0000] "PUT /d1/871/AUTH_43d76d9b60be42dc84418a7271fa7c0a/gnocchi.9b54d357-1c01-4f9f-82f0-2454b00268e1/none_v3" 201 - "PUT http://localhost:8080/v1/AUTH_43d76d9b60be42dc84418a7271fa7c0a/gnocchi.9b54d357-1c01-4f9f-82f0-2454b00268e1/none_v3" "txcc4a81292c42482f9b597-0068e44b3c" "proxy-server 12" 0.0121 "-" 21 0
Oct 6 23:05:32 standalone proxy-server[126715]: 172.18.0.2 ::1 06/Oct/2025/23/05/32 PUT /v1/AUTH_43d76d9b60be42dc84418a7271fa7c0a/gnocchi.9b54d357-1c01-4f9f-82f0-2454b00268e1/none_v3 HTTP/1.0 201 - python-swiftclient-3.11.1 gAAAAABo5EqGfmnC... 22 - - txcc4a81292c42482f9b597-0068e44b3c - 0.0207 - - 1759791932.145434380 1759791932.166110754 0
Oct 6 23:05:32 standalone container-server[124643]: 172.20.0.100 - - [06/Oct/2025:23:05:32 +0000] "HEAD /d1/171/AUTH_43d76d9b60be42dc84418a7271fa7c0a/gnocchi.b405354e-3a35-4627-ba9d-e922acaacb7d" 404 - "HEAD http://localhost:8080/v1/AUTH_43d76d9b60be42dc84418a7271fa7c0a/gnocchi.b405354e-3a35-4627-ba9d-e922acaacb7d?format=json&states=listing" "tx3f00fe7b6c934cf792359-0068e44b3c" "proxy-server 12" 0.0005 "-" 23 0
Oct 6 23:05:32 standalone object-server[124796]: 172.20.0.100 - - [06/Oct/2025:23:05:32 +0000] "GET /d1/745/AUTH_43d76d9b60be42dc84418a7271fa7c0a/gnocchi.b405354e-3a35-4627-ba9d-e922acaacb7d/none_v3" 404 70 "GET http://localhost:8080/v1/AUTH_43d76d9b60be42dc84418a7271fa7c0a/gnocchi.b405354e-3a35-4627-ba9d-e922acaacb7d/none_v3" "tx3f00fe7b6c934cf792359-0068e44b3c" "proxy-server 12" 0.0004 "-" 25 0
Oct 6 23:05:32 standalone proxy-server[126715]: 172.18.0.2 ::1 06/Oct/2025/23/05/32 GET /v1/AUTH_43d76d9b60be42dc84418a7271fa7c0a/gnocchi.b405354e-3a35-4627-ba9d-e922acaacb7d/none_v3 HTTP/1.0 404 - python-swiftclient-3.11.1 gAAAAABo5EqGfmnC... - 70 - tx3f00fe7b6c934cf792359-0068e44b3c - 0.0156 - - 1759791932.185996294 1759791932.201593637 0
Oct 6 23:05:32 standalone account-server[124492]: 172.20.0.100 - - [06/Oct/2025:23:05:32 +0000] "PUT /d1/661/AUTH_43d76d9b60be42dc84418a7271fa7c0a/gnocchi.b405354e-3a35-4627-ba9d-e922acaacb7d" 201 - "PUT http://172.20.0.100:6001/d1/171/AUTH_43d76d9b60be42dc84418a7271fa7c0a/gnocchi.b405354e-3a35-4627-ba9d-e922acaacb7d" "tx2236a1470b4346d8aee9e-0068e44b3c" "container-server 23" 0.0062 "-" 16 0
Oct 6 23:05:32 standalone container-server[124643]: 172.20.0.100 - - [06/Oct/2025:23:05:32 +0000] "PUT /d1/171/AUTH_43d76d9b60be42dc84418a7271fa7c0a/gnocchi.b405354e-3a35-4627-ba9d-e922acaacb7d" 201 - "PUT http://localhost:8080/v1/AUTH_43d76d9b60be42dc84418a7271fa7c0a/gnocchi.b405354e-3a35-4627-ba9d-e922acaacb7d" "tx2236a1470b4346d8aee9e-0068e44b3c" "proxy-server 12" 0.0200 "-" 23 0
Oct 6 23:05:32 standalone proxy-server[126715]: 172.18.0.2 ::1 06/Oct/2025/23/05/32 PUT /v1/AUTH_43d76d9b60be42dc84418a7271fa7c0a/gnocchi.b405354e-3a35-4627-ba9d-e922acaacb7d HTTP/1.0 201 - python-swiftclient-3.11.1 gAAAAABo5EqGfmnC... - - - tx2236a1470b4346d8aee9e-0068e44b3c - 0.0272 - - 1759791932.206468105 1759791932.233695030 0
Oct 6 23:05:32 standalone container-server[124609]: 172.20.0.100 - - [06/Oct/2025:23:05:32 +0000] "HEAD /d1/171/AUTH_43d76d9b60be42dc84418a7271fa7c0a/gnocchi.b405354e-3a35-4627-ba9d-e922acaacb7d" 204 - "HEAD http://localhost:8080/v1/AUTH_43d76d9b60be42dc84418a7271fa7c0a/gnocchi.b405354e-3a35-4627-ba9d-e922acaacb7d?format=json&states=listing" "tx6846d950210840f891f79-0068e44b3c" "proxy-server 12" 0.0022 "-" 20 0
Oct 6 23:05:32 standalone proxy-server[126715]: - - 06/Oct/2025/23/05/32 HEAD /v1/AUTH_43d76d9b60be42dc84418a7271fa7c0a/gnocchi.b405354e-3a35-4627-ba9d-e922acaacb7d%3Fformat%3Djson%26states%3Dlisting HTTP/1.0 204 - Swift - - - - tx6846d950210840f891f79-0068e44b3c - 0.0075 RL - 1759791932.244887114 1759791932.252377033 0
Oct 6 23:05:32 standalone container-server[124643]: 172.20.0.100 - - [06/Oct/2025:23:05:32 +0000] "GET /d1/171/AUTH_43d76d9b60be42dc84418a7271fa7c0a/gnocchi.b405354e-3a35-4627-ba9d-e922acaacb7d" 200 2 "GET http://localhost:8080/v1/AUTH_43d76d9b60be42dc84418a7271fa7c0a/gnocchi.b405354e-3a35-4627-ba9d-e922acaacb7d?format=json&states=listing" "tx6846d950210840f891f79-0068e44b3c" "proxy-server 12" 0.0033 "-" 23 0
Oct 6 23:05:32 standalone proxy-server[126715]: 172.18.0.2 ::1 06/Oct/2025/23/05/32 GET /v1/AUTH_43d76d9b60be42dc84418a7271fa7c0a/gnocchi.b405354e-3a35-4627-ba9d-e922acaacb7d%3Fformat%3Djson%26states%3Dlisting HTTP/1.0 200 - python-swiftclient-3.11.1 gAAAAABo5EqGfmnC... - 2 - tx6846d950210840f891f79-0068e44b3c - 0.0251 - - 1759791932.240650892 1759791932.265772581 0
Oct 6 23:05:32 standalone object-server[124794]: 172.20.0.100 - - [06/Oct/2025:23:05:32 +0000] "GET /d1/601/AUTH_43d76d9b60be42dc84418a7271fa7c0a/gnocchi.b405354e-3a35-4627-ba9d-e922acaacb7d/1759320000.0_mean_300.0_v3" 404 70 "GET http://localhost:8080/v1/AUTH_43d76d9b60be42dc84418a7271fa7c0a/gnocchi.b405354e-3a35-4627-ba9d-e922acaacb7d/1759320000.0_mean_300.0_v3" "txc6ca0e970f4e4ceeb85d0-0068e44b3c" "proxy-server 12" 0.0048 "-" 24 0
Oct 6 23:05:32 standalone proxy-server[126715]: 172.18.0.2 ::1 06/Oct/2025/23/05/32 GET /v1/AUTH_43d76d9b60be42dc84418a7271fa7c0a/gnocchi.b405354e-3a35-4627-ba9d-e922acaacb7d/1759320000.0_mean_300.0_v3 HTTP/1.0 404 - python-swiftclient-3.11.1 gAAAAABo5EqGfmnC... - 70 - txc6ca0e970f4e4ceeb85d0-0068e44b3c - 0.0149 - - 1759791932.271827698 1759791932.286685705 0
Oct 6 23:05:32 standalone container-server[124637]: 172.20.0.100 - - [06/Oct/2025:23:05:32 +0000] "PUT /d1/171/AUTH_43d76d9b60be42dc84418a7271fa7c0a/gnocchi.b405354e-3a35-4627-ba9d-e922acaacb7d/1759320000.0_mean_300.0_v3" 201 - "PUT http://localhost:8080/d1/601/AUTH_43d76d9b60be42dc84418a7271fa7c0a/gnocchi.b405354e-3a35-4627-ba9d-e922acaacb7d/1759320000.0_mean_300.0_v3" "tx8555819029974fd0a3ef6-0068e44b3c" "object-server 25" 0.0005 "-" 22 0
Oct 6 23:05:32 standalone object-server[124796]: 172.20.0.100 - - [06/Oct/2025:23:05:32 +0000] "PUT /d1/601/AUTH_43d76d9b60be42dc84418a7271fa7c0a/gnocchi.b405354e-3a35-4627-ba9d-e922acaacb7d/1759320000.0_mean_300.0_v3" 201 - "PUT http://localhost:8080/v1/AUTH_43d76d9b60be42dc84418a7271fa7c0a/gnocchi.b405354e-3a35-4627-ba9d-e922acaacb7d/1759320000.0_mean_300.0_v3" "tx8555819029974fd0a3ef6-0068e44b3c" "proxy-server 12" 0.0110 "-" 25 0
Oct 6 23:05:32 standalone proxy-server[126715]: 172.18.0.2 ::1 06/Oct/2025/23/05/32 PUT /v1/AUTH_43d76d9b60be42dc84418a7271fa7c0a/gnocchi.b405354e-3a35-4627-ba9d-e922acaacb7d/1759320000.0_mean_300.0_v3 HTTP/1.0 201 - python-swiftclient-3.11.1 gAAAAABo5EqGfmnC... 16 - - tx8555819029974fd0a3ef6-0068e44b3c - 0.0199 - - 1759791932.290581465 1759791932.310508013 0
Oct 6 23:05:32 standalone container-server[124637]: 172.20.0.100 - - [06/Oct/2025:23:05:32 +0000] "PUT /d1/171/AUTH_43d76d9b60be42dc84418a7271fa7c0a/gnocchi.b405354e-3a35-4627-ba9d-e922acaacb7d/none_v3" 201 - "PUT http://localhost:8080/d1/745/AUTH_43d76d9b60be42dc84418a7271fa7c0a/gnocchi.b405354e-3a35-4627-ba9d-e922acaacb7d/none_v3" "txe353a988027d446eb9fcc-0068e44b3c" "object-server 21" 0.0003 "-" 22 0
Oct 6 23:05:32 standalone object-server[124790]: 172.20.0.100 - - [06/Oct/2025:23:05:32 +0000] "PUT /d1/745/AUTH_43d76d9b60be42dc84418a7271fa7c0a/gnocchi.b405354e-3a35-4627-ba9d-e922acaacb7d/none_v3" 201 - "PUT http://localhost:8080/v1/AUTH_43d76d9b60be42dc84418a7271fa7c0a/gnocchi.b405354e-3a35-4627-ba9d-e922acaacb7d/none_v3" "txe353a988027d446eb9fcc-0068e44b3c" "proxy-server 12" 0.0094 "-" 21 0
Oct 6 23:05:32 standalone proxy-server[126715]: 172.18.0.2 ::1 06/Oct/2025/23/05/32 PUT /v1/AUTH_43d76d9b60be42dc84418a7271fa7c0a/gnocchi.b405354e-3a35-4627-ba9d-e922acaacb7d/none_v3 HTTP/1.0 201 - python-swiftclient-3.11.1 gAAAAABo5EqGfmnC... 22 - - txe353a988027d446eb9fcc-0068e44b3c - 0.0187 - - 1759791932.314193726 1759791932.332890034 0
Oct 6 23:06:01 standalone container-server[124637]: 172.20.0.100 - - [06/Oct/2025:23:06:01 +0000] "HEAD /d1/575/AUTH_43d76d9b60be42dc84418a7271fa7c0a/gnocchi.04ed200c-0d40-49a0-94f6-dd5a7d5f9749" 404 - "HEAD http://localhost:8080/v1/AUTH_43d76d9b60be42dc84418a7271fa7c0a/gnocchi.04ed200c-0d40-49a0-94f6-dd5a7d5f9749?format=json&states=listing" "txe3a225dc7119458f9f9a9-0068e44b59" "proxy-server 12" 0.0010 "-" 22 0
Oct 6 23:06:01 standalone object-server[124790]: 172.20.0.100 - - [06/Oct/2025:23:06:01 +0000] "GET /d1/155/AUTH_43d76d9b60be42dc84418a7271fa7c0a/gnocchi.04ed200c-0d40-49a0-94f6-dd5a7d5f9749/none_v3" 404 70 "GET http://localhost:8080/v1/AUTH_43d76d9b60be42dc84418a7271fa7c0a/gnocchi.04ed200c-0d40-49a0-94f6-dd5a7d5f9749/none_v3" "txe3a225dc7119458f9f9a9-0068e44b59" "proxy-server 12" 0.0008 "-" 21 0
Oct 6 23:06:01 standalone proxy-server[126715]: 172.18.0.2 ::1 06/Oct/2025/23/06/01 GET /v1/AUTH_43d76d9b60be42dc84418a7271fa7c0a/gnocchi.04ed200c-0d40-49a0-94f6-dd5a7d5f9749/none_v3 HTTP/1.0 404 - python-swiftclient-3.11.1 gAAAAABo5EqGfmnC... - 70 - txe3a225dc7119458f9f9a9-0068e44b59 - 0.0173 - - 1759791961.280264378 1759791961.297550440 0
Oct 6 23:06:01 standalone account-server[124505]: 172.20.0.100 - - [06/Oct/2025:23:06:01 +0000] "PUT /d1/661/AUTH_43d76d9b60be42dc84418a7271fa7c0a/gnocchi.04ed200c-0d40-49a0-94f6-dd5a7d5f9749" 201 - "PUT http://172.20.0.100:6001/d1/575/AUTH_43d76d9b60be42dc84418a7271fa7c0a/gnocchi.04ed200c-0d40-49a0-94f6-dd5a7d5f9749" "tx6a195b3b9d48424c91e94-0068e44b59" "container-server 23" 0.0060 "-" 17 0
Oct 6 23:06:01 standalone container-server[124643]: 172.20.0.100 - - [06/Oct/2025:23:06:01 +0000] "PUT /d1/575/AUTH_43d76d9b60be42dc84418a7271fa7c0a/gnocchi.04ed200c-0d40-49a0-94f6-dd5a7d5f9749" 201 - "PUT http://localhost:8080/v1/AUTH_43d76d9b60be42dc84418a7271fa7c0a/gnocchi.04ed200c-0d40-49a0-94f6-dd5a7d5f9749" "tx6a195b3b9d48424c91e94-0068e44b59" "proxy-server 12" 0.0228 "-" 23 0
Oct 6 23:06:01 standalone proxy-server[126715]: 172.18.0.2 ::1 06/Oct/2025/23/06/01 PUT /v1/AUTH_43d76d9b60be42dc84418a7271fa7c0a/gnocchi.04ed200c-0d40-49a0-94f6-dd5a7d5f9749 HTTP/1.0 201 - python-swiftclient-3.11.1 gAAAAABo5EqGfmnC... - - - tx6a195b3b9d48424c91e94-0068e44b59 - 0.0302 - - 1759791961.303005457 1759791961.333223581 0
Oct 6 23:06:01 standalone container-server[124631]: 172.20.0.100 - - [06/Oct/2025:23:06:01 +0000] "HEAD /d1/575/AUTH_43d76d9b60be42dc84418a7271fa7c0a/gnocchi.04ed200c-0d40-49a0-94f6-dd5a7d5f9749" 204 - "HEAD http://localhost:8080/v1/AUTH_43d76d9b60be42dc84418a7271fa7c0a/gnocchi.04ed200c-0d40-49a0-94f6-dd5a7d5f9749?format=json&states=listing" "tx978d8412c7a94310bd3e0-0068e44b59" "proxy-server 12" 0.0022 "-" 21 0
Oct 6 23:06:01 standalone proxy-server[126715]: - - 06/Oct/2025/23/06/01 HEAD /v1/AUTH_43d76d9b60be42dc84418a7271fa7c0a/gnocchi.04ed200c-0d40-49a0-94f6-dd5a7d5f9749%3Fformat%3Djson%26states%3Dlisting HTTP/1.0 204 - Swift - - - - tx978d8412c7a94310bd3e0-0068e44b59 - 0.0217 RL - 1759791961.340601444 1759791961.362344265 0
Oct 6 23:06:01 standalone container-server[124643]: 172.20.0.100 - - [06/Oct/2025:23:06:01 +0000] "GET /d1/575/AUTH_43d76d9b60be42dc84418a7271fa7c0a/gnocchi.04ed200c-0d40-49a0-94f6-dd5a7d5f9749" 200 2 "GET http://localhost:8080/v1/AUTH_43d76d9b60be42dc84418a7271fa7c0a/gnocchi.04ed200c-0d40-49a0-94f6-dd5a7d5f9749?format=json&states=listing" "tx978d8412c7a94310bd3e0-0068e44b59" "proxy-server 12" 0.0039 "-" 23 0
Oct 6 23:06:01 standalone proxy-server[126715]: 172.18.0.2 ::1 06/Oct/2025/23/06/01 GET /v1/AUTH_43d76d9b60be42dc84418a7271fa7c0a/gnocchi.04ed200c-0d40-49a0-94f6-dd5a7d5f9749%3Fformat%3Djson%26states%3Dlisting HTTP/1.0 200 - python-swiftclient-3.11.1 gAAAAABo5EqGfmnC... - 2 - tx978d8412c7a94310bd3e0-0068e44b59 - 0.0361 - - 1759791961.338729620 1759791961.374864101 0
Oct 6 23:06:01 standalone object-server[124794]: 172.20.0.100 - - [06/Oct/2025:23:06:01 +0000] "GET /d1/512/AUTH_43d76d9b60be42dc84418a7271fa7c0a/gnocchi.04ed200c-0d40-49a0-94f6-dd5a7d5f9749/1759320000.0_mean_300.0_v3" 404 70 "GET http://localhost:8080/v1/AUTH_43d76d9b60be42dc84418a7271fa7c0a/gnocchi.04ed200c-0d40-49a0-94f6-dd5a7d5f9749/1759320000.0_mean_300.0_v3" "tx4980cbce7fae4386a2cfa-0068e44b59" "proxy-server 12" 0.0006 "-" 24 0
Oct 6 23:06:01 standalone proxy-server[126715]: 172.18.0.2 ::1 06/Oct/2025/23/06/01 GET /v1/AUTH_43d76d9b60be42dc84418a7271fa7c0a/gnocchi.04ed200c-0d40-49a0-94f6-dd5a7d5f9749/1759320000.0_mean_300.0_v3 HTTP/1.0 404 - python-swiftclient-3.11.1 gAAAAABo5EqGfmnC... - 70 - tx4980cbce7fae4386a2cfa-0068e44b59 - 0.0093 - - 1759791961.379523516 1759791961.388843536 0
Oct 6 23:06:01 standalone container-server[124643]: 172.20.0.100 - - [06/Oct/2025:23:06:01 +0000] "PUT /d1/575/AUTH_43d76d9b60be42dc84418a7271fa7c0a/gnocchi.04ed200c-0d40-49a0-94f6-dd5a7d5f9749/1759320000.0_mean_300.0_v3" 201 - "PUT http://localhost:8080/d1/512/AUTH_43d76d9b60be42dc84418a7271fa7c0a/gnocchi.04ed200c-0d40-49a0-94f6-dd5a7d5f9749/1759320000.0_mean_300.0_v3" "txb622bea5129c4056a0e06-0068e44b59" "object-server 22" 0.0010 "-" 23 0
Oct 6 23:06:01 standalone object-server[124791]: 172.20.0.100 - - [06/Oct/2025:23:06:01 +0000] "PUT /d1/512/AUTH_43d76d9b60be42dc84418a7271fa7c0a/gnocchi.04ed200c-0d40-49a0-94f6-dd5a7d5f9749/1759320000.0_mean_300.0_v3" 201 - "PUT http://localhost:8080/v1/AUTH_43d76d9b60be42dc84418a7271fa7c0a/gnocchi.04ed200c-0d40-49a0-94f6-dd5a7d5f9749/1759320000.0_mean_300.0_v3" "txb622bea5129c4056a0e06-0068e44b59" "proxy-server 12" 0.0128 "-" 22 0
Oct 6 23:06:01 standalone proxy-server[126715]: 172.18.0.2 ::1 06/Oct/2025/23/06/01 PUT /v1/AUTH_43d76d9b60be42dc84418a7271fa7c0a/gnocchi.04ed200c-0d40-49a0-94f6-dd5a7d5f9749/1759320000.0_mean_300.0_v3 HTTP/1.0 201 - python-swiftclient-3.11.1 gAAAAABo5EqGfmnC... 16 - - txb622bea5129c4056a0e06-0068e44b59 - 0.0212 - - 1759791961.395347118 1759791961.416501760 0
Oct 6 23:06:01 standalone container-server[124609]: 172.20.0.100 - - [06/Oct/2025:23:06:01 +0000] "PUT /d1/575/AUTH_43d76d9b60be42dc84418a7271fa7c0a/gnocchi.04ed200c-0d40-49a0-94f6-dd5a7d5f9749/none_v3" 201 - "PUT http://localhost:8080/d1/155/AUTH_43d76d9b60be42dc84418a7271fa7c0a/gnocchi.04ed200c-0d40-49a0-94f6-dd5a7d5f9749/none_v3" "txbafa71d29c3347089a691-0068e44b59" "object-server 24" 0.0006 "-" 20 0
Oct 6 23:06:01 standalone object-server[124794]: 172.20.0.100 - - [06/Oct/2025:23:06:01 +0000] "PUT /d1/155/AUTH_43d76d9b60be42dc84418a7271fa7c0a/gnocchi.04ed200c-0d40-49a0-94f6-dd5a7d5f9749/none_v3" 201 - "PUT http://localhost:8080/v1/AUTH_43d76d9b60be42dc84418a7271fa7c0a/gnocchi.04ed200c-0d40-49a0-94f6-dd5a7d5f9749/none_v3" "txbafa71d29c3347089a691-0068e44b59" "proxy-server 12" 0.0096 "-" 24 0
Oct 6 23:06:01 standalone proxy-server[126715]: 172.18.0.2 ::1 06/Oct/2025/23/06/01 PUT /v1/AUTH_43d76d9b60be42dc84418a7271fa7c0a/gnocchi.04ed200c-0d40-49a0-94f6-dd5a7d5f9749/none_v3 HTTP/1.0 201 - python-swiftclient-3.11.1 gAAAAABo5EqGfmnC... 22 - - txbafa71d29c3347089a691-0068e44b59 - 0.0175 - - 1759791961.420350790 1759791961.437818050 0
Oct 6 23:07:41 standalone account-server[124483]: 172.20.0.100 - - [06/Oct/2025:23:07:41 +0000] "HEAD /d1/456/.expiring_objects" 404 - "HEAD http://localhost/v1/.expiring_objects?format=json" "tx06dbbdf9c9e04954b6ede-0068e44bbd" "proxy-server 2" 0.0013 "-" 15 -
Oct 6 23:07:41 standalone object-expirer[124639]: Pass completed in 0s; 0 objects expired (txn: tx06dbbdf9c9e04954b6ede-0068e44bbd)
Oct 6 23:09:11 standalone container-server[124533]: Begin container update sweep
Oct 6 23:09:11 standalone account-server[124483]: 172.20.0.100 - - [06/Oct/2025:23:09:11 +0000] "PUT /d1/661/AUTH_43d76d9b60be42dc84418a7271fa7c0a/gnocchi.c52241fb-024a-415f-a097-845a20918095" 201 - "-" "-" "container-updater 2" 0.0008 "-" 15 0
Oct 6 23:09:11 standalone account-server[124492]: 172.20.0.100 - - [06/Oct/2025:23:09:11 +0000] "PUT /d1/661/AUTH_43d76d9b60be42dc84418a7271fa7c0a/gnocchi.31ad3536-fbd4-4a06-adcb-1fd3b0d8455c" 201 - "-" "-" "container-updater 2" 0.0005 "-" 16 0
Oct 6 23:09:11 standalone account-server[124505]: 172.20.0.100 - - [06/Oct/2025:23:09:11 +0000] "PUT /d1/661/AUTH_43d76d9b60be42dc84418a7271fa7c0a/gnocchi.626be788-ea26-4dda-9764-f9987d37a53a" 201 - "-" "-" "container-updater 2" 0.0007 "-" 17 0
Oct 6 23:09:11 standalone account-server[124468]: 172.20.0.100 - - [06/Oct/2025:23:09:11 +0000] "PUT /d1/661/AUTH_43d76d9b60be42dc84418a7271fa7c0a/gnocchi.04ed200c-0d40-49a0-94f6-dd5a7d5f9749" 201 - "-" "-" "container-updater 2" 0.0009 "-" 14 0
Oct 6 23:09:11 standalone account-server[124483]: 172.20.0.100 - - [06/Oct/2025:23:09:11 +0000] "PUT /d1/661/AUTH_43d76d9b60be42dc84418a7271fa7c0a/gnocchi.9b54d357-1c01-4f9f-82f0-2454b00268e1" 201 - "-" "-" "container-updater 2" 0.0006 "-" 15 0
Oct 6 23:09:12 standalone account-server[124468]: 172.20.0.100 - - [06/Oct/2025:23:09:12 +0000] "PUT /d1/661/AUTH_43d76d9b60be42dc84418a7271fa7c0a/gnocchi.b405354e-3a35-4627-ba9d-e922acaacb7d" 201 - "-" "-" "container-updater 2" 0.0004 "-" 14 0
Oct 6 23:09:12 standalone account-server[124483]: 172.20.0.100 - - [06/Oct/2025:23:09:12 +0000] "PUT /d1/661/AUTH_43d76d9b60be42dc84418a7271fa7c0a/gnocchi.4d4537ce-3847-4b1b-977d-70ea9e395e25" 201 - "-" "-" "container-updater 2" 0.0006 "-" 15 0
Oct 6 23:09:12 standalone account-server[124505]: 172.20.0.100 - - [06/Oct/2025:23:09:12 +0000] "PUT /d1/661/AUTH_43d76d9b60be42dc84418a7271fa7c0a/gnocchi.0a2162b4-6760-4c21-a65f-92a15e48341c" 201 - "-" "-" "container-updater 2" 0.0008 "-" 17 0
Oct 6 23:09:12 standalone account-server[124468]: 172.20.0.100 - - [06/Oct/2025:23:09:12 +0000] "PUT /d1/661/AUTH_43d76d9b60be42dc84418a7271fa7c0a/gnocchi.3d0731fe-b84a-4c80-8ac5-e8e1a42295b5" 201 - "-" "-" "container-updater 2" 0.0009 "-" 14 0
Oct 6 23:09:12 standalone account-server[124483]: 172.20.0.100 - - [06/Oct/2025:23:09:12 +0000] "PUT /d1/661/AUTH_43d76d9b60be42dc84418a7271fa7c0a/gnocchi.3cbcace0-cb9f-4387-9745-2a19f0705ad5" 201 - "-" "-" "container-updater 2" 0.0005 "-" 15 0
Oct 6 23:09:12 standalone account-server[124483]: 172.20.0.100 - - [06/Oct/2025:23:09:12 +0000] "PUT /d1/661/AUTH_43d76d9b60be42dc84418a7271fa7c0a/gnocchi.5414a3e2-213e-4521-96ce-004636857555" 201 - "-" "-" "container-updater 2" 0.0007 "-" 15 0
Oct 6 23:09:12 standalone account-server[124483]: 172.20.0.100 - - [06/Oct/2025:23:09:12 +0000] "PUT /d1/661/AUTH_43d76d9b60be42dc84418a7271fa7c0a/gnocchi.3feabfa0-40d6-4dca-b4d8-ef1fc3d2ff93" 201 - "-" "-" "container-updater 2" 0.0007 "-" 15 0
Oct 6 23:09:13 standalone account-server[124505]: 172.20.0.100 - - [06/Oct/2025:23:09:13 +0000] "PUT /d1/661/AUTH_43d76d9b60be42dc84418a7271fa7c0a/gnocchi.2173811d-84ae-4a47-9f9a-f0b16fceb1c9" 201 - "-" "-" "container-updater 2" 0.0004 "-" 17 0
Oct 6 23:09:13 standalone account-server[124492]: 172.20.0.100 - - [06/Oct/2025:23:09:13 +0000] "PUT /d1/661/AUTH_43d76d9b60be42dc84418a7271fa7c0a/gnocchi.b7112502-fa3e-4848-9646-caa5466ede7f" 201 - "-" "-" "container-updater 2" 0.0006 "-" 16 0
Oct 6 23:09:13 standalone container-server[124533]: Container update sweep completed: 2.03s
Oct 6 23:09:48 standalone object-server[124757]: Begin object update sweep
Oct 6 23:09:48 standalone object-server[256024]: Object update sweep starting on /srv/node/d1 (pid: 15)
Oct 6 23:09:48 standalone object-server[256024]: Object update sweep completed on /srv/node/d1 in 0.00s seconds:, 0 successes, 0 failures, 0 quarantines, 0 unlinks, 0 errors, 0 redirects (pid: 15)
Oct 6 23:09:48 standalone object-server[256024]: Object update sweep of d1 completed: 0.00s, 0 successes, 0 failures, 0 quarantines, 0 unlinks, 0 errors, 0 redirects
Oct 6 23:09:48 standalone object-server[124757]: Object update sweep completed: 0.09s
Oct 6 23:12:39 standalone account-server[124468]: 172.20.0.100 - - [06/Oct/2025:23:12:39 +0000] "HEAD /d1/456/.expiring_objects" 404 - "HEAD http://localhost/v1/.expiring_objects?format=json" "tx7707c305ddbd4b75a1e1e-0068e44ce7" "proxy-server 2" 0.0007 "-" 14 -
Oct 6 23:12:39 standalone object-expirer[124639]: Pass completed in 0s; 0 objects expired (txn: tx7707c305ddbd4b75a1e1e-0068e44ce7)
Oct 6 23:13:18 standalone account-server[124492]: 172.20.0.100 - - [06/Oct/2025:23:13:18 +0000] "HEAD /d1/456/.expiring_objects" 404 - "HEAD http://localhost/v1/.expiring_objects?format=json" "txe7db5ac59d6d4fbf81699-0068e44d0e" "proxy-server 2" 0.0008 "-" 16 -
Oct 6 23:13:18 standalone object-expirer[124639]: Pass completed in 0s; 0 objects expired (txn: txe7db5ac59d6d4fbf81699-0068e44d0e)
Oct 6 23:14:11 standalone container-server[124533]: Begin container update sweep
Oct 6 23:14:12 standalone container-server[124533]: Container update sweep completed: 1.46s
Oct 6 23:14:48 standalone object-server[124757]: Begin object update sweep
Oct 6 23:14:48 standalone object-server[279039]: Object update sweep starting on /srv/node/d1 (pid: 16)
Oct 6 23:14:48 standalone object-server[279039]: Object update sweep completed on /srv/node/d1 in 0.00s seconds:, 0 successes, 0 failures, 0 quarantines, 0 unlinks, 0 errors, 0 redirects (pid: 16)
Oct 6 23:14:48 standalone object-server[279039]: Object update sweep of d1 completed: 0.00s, 0 successes, 0 failures, 0 quarantines, 0 unlinks, 0 errors, 0 redirects
Oct 6 23:14:48 standalone object-server[124757]: Object update sweep completed: 0.08s