Oct 6 23:03:39 standalone proxy-server[126715]: 172.18.0.2 ::1 06/Oct/2025/23/03/39 GET /v1/AUTH_43d76d9b60be42dc84418a7271fa7c0a/gnocchi.c5cacc32-8d3d-4515-afcd-795aae649298/none_v3 HTTP/1.0 404 - python-swiftclient-3.11.1 gAAAAABo5EqGfmnC... - 70 - tx56c3b71a77d54301a253d-0068e44acb - 0.0178 - - 1759791819.758184910 1759791819.776004791 0
Oct 6 23:03:39 standalone account-server[124468]: 172.20.0.100 - - [06/Oct/2025:23:03:39 +0000] "PUT /d1/661/AUTH_43d76d9b60be42dc84418a7271fa7c0a/gnocchi.c5cacc32-8d3d-4515-afcd-795aae649298" 201 - "PUT http://172.20.0.100:6001/d1/850/AUTH_43d76d9b60be42dc84418a7271fa7c0a/gnocchi.c5cacc32-8d3d-4515-afcd-795aae649298" "txfdd392b752d54353893a4-0068e44acb" "container-server 22" 0.0066 "-" 14 0
Oct 6 23:03:39 standalone container-server[124637]: 172.20.0.100 - - [06/Oct/2025:23:03:39 +0000] "PUT /d1/850/AUTH_43d76d9b60be42dc84418a7271fa7c0a/gnocchi.c5cacc32-8d3d-4515-afcd-795aae649298" 201 - "PUT http://localhost:8080/v1/AUTH_43d76d9b60be42dc84418a7271fa7c0a/gnocchi.c5cacc32-8d3d-4515-afcd-795aae649298" "txfdd392b752d54353893a4-0068e44acb" "proxy-server 12" 0.0242 "-" 22 0
Oct 6 23:03:39 standalone proxy-server[126715]: 172.18.0.2 ::1 06/Oct/2025/23/03/39 PUT /v1/AUTH_43d76d9b60be42dc84418a7271fa7c0a/gnocchi.c5cacc32-8d3d-4515-afcd-795aae649298 HTTP/1.0 201 - python-swiftclient-3.11.1 gAAAAABo5EqGfmnC... - - - txfdd392b752d54353893a4-0068e44acb - 0.0320 - - 1759791819.781120062 1759791819.813161612 0
Oct 6 23:03:39 standalone container-server[124637]: 172.20.0.100 - - [06/Oct/2025:23:03:39 +0000] "HEAD /d1/881/AUTH_43d76d9b60be42dc84418a7271fa7c0a/gnocchi.84b0214c-0eb1-4435-a563-682c4b81d218" 204 - "HEAD http://localhost:8080/v1/AUTH_43d76d9b60be42dc84418a7271fa7c0a/gnocchi.84b0214c-0eb1-4435-a563-682c4b81d218?format=json&states=listing" "txdfff938f2e28450db054b-0068e44acb" "proxy-server 12" 0.0028 "-" 22 0
Oct 6 23:03:39 standalone proxy-server[126715]: - - 06/Oct/2025/23/03/39 HEAD /v1/AUTH_43d76d9b60be42dc84418a7271fa7c0a/gnocchi.84b0214c-0eb1-4435-a563-682c4b81d218%3Fformat%3Djson%26states%3Dlisting HTTP/1.0 204 - Swift - - - - txdfff938f2e28450db054b-0068e44acb - 0.0090 RL - 1759791819.822821140 1759791819.831789970 0
Oct 6 23:03:39 standalone container-server[124631]: 172.20.0.100 - - [06/Oct/2025:23:03:39 +0000] "GET /d1/881/AUTH_43d76d9b60be42dc84418a7271fa7c0a/gnocchi.84b0214c-0eb1-4435-a563-682c4b81d218" 200 2 "GET http://localhost:8080/v1/AUTH_43d76d9b60be42dc84418a7271fa7c0a/gnocchi.84b0214c-0eb1-4435-a563-682c4b81d218?format=json&states=listing" "txdfff938f2e28450db054b-0068e44acb" "proxy-server 12" 0.0039 "-" 21 0
Oct 6 23:03:39 standalone proxy-server[126715]: 172.18.0.2 ::1 06/Oct/2025/23/03/39 GET /v1/AUTH_43d76d9b60be42dc84418a7271fa7c0a/gnocchi.84b0214c-0eb1-4435-a563-682c4b81d218%3Fformat%3Djson%26states%3Dlisting HTTP/1.0 200 - python-swiftclient-3.11.1 gAAAAABo5EqGfmnC... - 2 - txdfff938f2e28450db054b-0068e44acb - 0.0272 - - 1759791819.820328236 1759791819.847535133 0
Oct 6 23:03:39 standalone container-server[124609]: 172.20.0.100 - - [06/Oct/2025:23:03:39 +0000] "HEAD /d1/850/AUTH_43d76d9b60be42dc84418a7271fa7c0a/gnocchi.c5cacc32-8d3d-4515-afcd-795aae649298" 204 - "HEAD http://localhost:8080/v1/AUTH_43d76d9b60be42dc84418a7271fa7c0a/gnocchi.c5cacc32-8d3d-4515-afcd-795aae649298?format=json&states=listing" "txb5d75488450a4156af685-0068e44acb" "proxy-server 12" 0.0022 "-" 20 0
Oct 6 23:03:39 standalone proxy-server[126715]: - - 06/Oct/2025/23/03/39 HEAD /v1/AUTH_43d76d9b60be42dc84418a7271fa7c0a/gnocchi.c5cacc32-8d3d-4515-afcd-795aae649298%3Fformat%3Djson%26states%3Dlisting HTTP/1.0 204 - Swift - - - - txb5d75488450a4156af685-0068e44acb - 0.0074 RL - 1759791819.857573748 1759791819.864942312 0
Oct 6 23:03:39 standalone container-server[124631]: 172.20.0.100 - - [06/Oct/2025:23:03:39 +0000] "GET /d1/850/AUTH_43d76d9b60be42dc84418a7271fa7c0a/gnocchi.c5cacc32-8d3d-4515-afcd-795aae649298" 200 2 "GET http://localhost:8080/v1/AUTH_43d76d9b60be42dc84418a7271fa7c0a/gnocchi.c5cacc32-8d3d-4515-afcd-795aae649298?format=json&states=listing" "txb5d75488450a4156af685-0068e44acb" "proxy-server 12" 0.0039 "-" 21 0
Oct 6 23:03:39 standalone proxy-server[126715]: 172.18.0.2 ::1 06/Oct/2025/23/03/39 GET /v1/AUTH_43d76d9b60be42dc84418a7271fa7c0a/gnocchi.c5cacc32-8d3d-4515-afcd-795aae649298%3Fformat%3Djson%26states%3Dlisting HTTP/1.0 200 - python-swiftclient-3.11.1 gAAAAABo5EqGfmnC... - 2 - txb5d75488450a4156af685-0068e44acb - 0.0240 - - 1759791819.855472565 1759791819.879446268 0
Oct 6 23:03:39 standalone object-server[124796]: 172.20.0.100 - - [06/Oct/2025:23:03:39 +0000] "GET /d1/950/AUTH_43d76d9b60be42dc84418a7271fa7c0a/gnocchi.84b0214c-0eb1-4435-a563-682c4b81d218/1759320000.0_mean_300.0_v3" 404 70 "GET http://localhost:8080/v1/AUTH_43d76d9b60be42dc84418a7271fa7c0a/gnocchi.84b0214c-0eb1-4435-a563-682c4b81d218/1759320000.0_mean_300.0_v3" "tx336adb0f9ae141829885d-0068e44acb" "proxy-server 12" 0.0009 "-" 25 0
Oct 6 23:03:39 standalone proxy-server[126715]: 172.18.0.2 ::1 06/Oct/2025/23/03/39 GET /v1/AUTH_43d76d9b60be42dc84418a7271fa7c0a/gnocchi.84b0214c-0eb1-4435-a563-682c4b81d218/1759320000.0_mean_300.0_v3 HTTP/1.0 404 - python-swiftclient-3.11.1 gAAAAABo5EqGfmnC... - 70 - tx336adb0f9ae141829885d-0068e44acb - 0.0126 - - 1759791819.885666609 1759791819.898225307 0
Oct 6 23:03:39 standalone object-server[124794]: 172.20.0.100 - - [06/Oct/2025:23:03:39 +0000] "GET /d1/106/AUTH_43d76d9b60be42dc84418a7271fa7c0a/gnocchi.c5cacc32-8d3d-4515-afcd-795aae649298/1759320000.0_mean_300.0_v3" 404 70 "GET http://localhost:8080/v1/AUTH_43d76d9b60be42dc84418a7271fa7c0a/gnocchi.c5cacc32-8d3d-4515-afcd-795aae649298/1759320000.0_mean_300.0_v3" "tx125dcf72727a4df28e437-0068e44acb" "proxy-server 12" 0.0008 "-" 24 0
Oct 6 23:03:39 standalone proxy-server[126715]: 172.18.0.2 ::1 06/Oct/2025/23/03/39 GET /v1/AUTH_43d76d9b60be42dc84418a7271fa7c0a/gnocchi.c5cacc32-8d3d-4515-afcd-795aae649298/1759320000.0_mean_300.0_v3 HTTP/1.0 404 - python-swiftclient-3.11.1 gAAAAABo5EqGfmnC... - 70 - tx125dcf72727a4df28e437-0068e44acb - 0.0116 - - 1759791819.903992176 1759791819.915625334 0
Oct 6 23:03:39 standalone container-server[124637]: 172.20.0.100 - - [06/Oct/2025:23:03:39 +0000] "PUT /d1/881/AUTH_43d76d9b60be42dc84418a7271fa7c0a/gnocchi.84b0214c-0eb1-4435-a563-682c4b81d218/1759320000.0_mean_300.0_v3" 201 - "PUT http://localhost:8080/d1/950/AUTH_43d76d9b60be42dc84418a7271fa7c0a/gnocchi.84b0214c-0eb1-4435-a563-682c4b81d218/1759320000.0_mean_300.0_v3" "tx9ad1f58569774fdf9c78d-0068e44acb" "object-server 21" 0.0020 "-" 22 0
Oct 6 23:03:39 standalone object-server[124790]: 172.20.0.100 - - [06/Oct/2025:23:03:39 +0000] "PUT /d1/950/AUTH_43d76d9b60be42dc84418a7271fa7c0a/gnocchi.84b0214c-0eb1-4435-a563-682c4b81d218/1759320000.0_mean_300.0_v3" 201 - "PUT http://localhost:8080/v1/AUTH_43d76d9b60be42dc84418a7271fa7c0a/gnocchi.84b0214c-0eb1-4435-a563-682c4b81d218/1759320000.0_mean_300.0_v3" "tx9ad1f58569774fdf9c78d-0068e44acb" "proxy-server 12" 0.0114 "-" 21 0
Oct 6 23:03:39 standalone proxy-server[126715]: 172.18.0.2 ::1 06/Oct/2025/23/03/39 PUT /v1/AUTH_43d76d9b60be42dc84418a7271fa7c0a/gnocchi.84b0214c-0eb1-4435-a563-682c4b81d218/1759320000.0_mean_300.0_v3 HTTP/1.0 201 - python-swiftclient-3.11.1 gAAAAABo5EqGfmnC... 16 - - tx9ad1f58569774fdf9c78d-0068e44acb - 0.0215 - - 1759791819.922609806 1759791819.944132328 0
Oct 6 23:03:39 standalone container-server[124609]: 172.20.0.100 - - [06/Oct/2025:23:03:39 +0000] "PUT /d1/850/AUTH_43d76d9b60be42dc84418a7271fa7c0a/gnocchi.c5cacc32-8d3d-4515-afcd-795aae649298/1759320000.0_mean_300.0_v3" 201 - "PUT http://localhost:8080/d1/106/AUTH_43d76d9b60be42dc84418a7271fa7c0a/gnocchi.c5cacc32-8d3d-4515-afcd-795aae649298/1759320000.0_mean_300.0_v3" "txd15dafbf5c8c42fbbb58f-0068e44acb" "object-server 25" 0.0010 "-" 20 0
Oct 6 23:03:39 standalone object-server[124796]: 172.20.0.100 - - [06/Oct/2025:23:03:39 +0000] "PUT /d1/106/AUTH_43d76d9b60be42dc84418a7271fa7c0a/gnocchi.c5cacc32-8d3d-4515-afcd-795aae649298/1759320000.0_mean_300.0_v3" 201 - "PUT http://localhost:8080/v1/AUTH_43d76d9b60be42dc84418a7271fa7c0a/gnocchi.c5cacc32-8d3d-4515-afcd-795aae649298/1759320000.0_mean_300.0_v3" "txd15dafbf5c8c42fbbb58f-0068e44acb" "proxy-server 12" 0.0323 "-" 25 0
Oct 6 23:03:39 standalone proxy-server[126715]: 172.18.0.2 ::1 06/Oct/2025/23/03/39 PUT /v1/AUTH_43d76d9b60be42dc84418a7271fa7c0a/gnocchi.c5cacc32-8d3d-4515-afcd-795aae649298/1759320000.0_mean_300.0_v3 HTTP/1.0 201 - python-swiftclient-3.11.1 gAAAAABo5EqGfmnC... 16 - - txd15dafbf5c8c42fbbb58f-0068e44acb - 0.0441 - - 1759791819.951966286 1759791819.996069908 0
Oct 6 23:03:40 standalone container-server[124643]: 172.20.0.100 - - [06/Oct/2025:23:03:40 +0000] "PUT /d1/881/AUTH_43d76d9b60be42dc84418a7271fa7c0a/gnocchi.84b0214c-0eb1-4435-a563-682c4b81d218/none_v3" 201 - "PUT http://localhost:8080/d1/62/AUTH_43d76d9b60be42dc84418a7271fa7c0a/gnocchi.84b0214c-0eb1-4435-a563-682c4b81d218/none_v3" "txd365971665754bbab9730-0068e44acc" "object-server 24" 0.0008 "-" 23 0
Oct 6 23:03:40 standalone object-server[124794]: 172.20.0.100 - - [06/Oct/2025:23:03:40 +0000] "PUT /d1/62/AUTH_43d76d9b60be42dc84418a7271fa7c0a/gnocchi.84b0214c-0eb1-4435-a563-682c4b81d218/none_v3" 201 - "PUT http://localhost:8080/v1/AUTH_43d76d9b60be42dc84418a7271fa7c0a/gnocchi.84b0214c-0eb1-4435-a563-682c4b81d218/none_v3" "txd365971665754bbab9730-0068e44acc" "proxy-server 12" 0.0158 "-" 24 0
Oct 6 23:03:40 standalone proxy-server[126715]: 172.18.0.2 ::1 06/Oct/2025/23/03/40 PUT /v1/AUTH_43d76d9b60be42dc84418a7271fa7c0a/gnocchi.84b0214c-0eb1-4435-a563-682c4b81d218/none_v3 HTTP/1.0 201 - python-swiftclient-3.11.1 gAAAAABo5EqGfmnC... 22 - - txd365971665754bbab9730-0068e44acc - 0.0275 - - 1759791820.001731873 1759791820.029243231 0
Oct 6 23:03:40 standalone container-server[124637]: 172.20.0.100 - - [06/Oct/2025:23:03:40 +0000] "PUT /d1/850/AUTH_43d76d9b60be42dc84418a7271fa7c0a/gnocchi.c5cacc32-8d3d-4515-afcd-795aae649298/none_v3" 201 - "PUT http://localhost:8080/d1/385/AUTH_43d76d9b60be42dc84418a7271fa7c0a/gnocchi.c5cacc32-8d3d-4515-afcd-795aae649298/none_v3" "tx404c3059c22048a4b407e-0068e44acc" "object-server 24" 0.0008 "-" 22 0
Oct 6 23:03:40 standalone object-server[124794]: 172.20.0.100 - - [06/Oct/2025:23:03:40 +0000] "PUT /d1/385/AUTH_43d76d9b60be42dc84418a7271fa7c0a/gnocchi.c5cacc32-8d3d-4515-afcd-795aae649298/none_v3" 201 - "PUT http://localhost:8080/v1/AUTH_43d76d9b60be42dc84418a7271fa7c0a/gnocchi.c5cacc32-8d3d-4515-afcd-795aae649298/none_v3" "tx404c3059c22048a4b407e-0068e44acc" "proxy-server 12" 0.0149 "-" 24 0
Oct 6 23:03:40 standalone proxy-server[126715]: 172.18.0.2 ::1 06/Oct/2025/23/03/40 PUT /v1/AUTH_43d76d9b60be42dc84418a7271fa7c0a/gnocchi.c5cacc32-8d3d-4515-afcd-795aae649298/none_v3 HTTP/1.0 201 - python-swiftclient-3.11.1 gAAAAABo5EqGfmnC... 22 - - tx404c3059c22048a4b407e-0068e44acc - 0.0269 - - 1759791820.036051512 1759791820.062902927 0
Oct 6 23:03:40 standalone container-server[124609]: 172.20.0.100 - - [06/Oct/2025:23:03:40 +0000] "HEAD /d1/303/AUTH_43d76d9b60be42dc84418a7271fa7c0a/gnocchi.a5f4e598-88dd-4ae7-88f9-1b2b3e24bbea" 404 - "HEAD http://localhost:8080/v1/AUTH_43d76d9b60be42dc84418a7271fa7c0a/gnocchi.a5f4e598-88dd-4ae7-88f9-1b2b3e24bbea?format=json&states=listing" "tx095e868f3422453397ac5-0068e44acc" "proxy-server 12" 0.0006 "-" 20 0
Oct 6 23:03:40 standalone object-server[124794]: 172.20.0.100 - - [06/Oct/2025:23:03:40 +0000] "GET /d1/397/AUTH_43d76d9b60be42dc84418a7271fa7c0a/gnocchi.a5f4e598-88dd-4ae7-88f9-1b2b3e24bbea/none_v3" 404 70 "GET http://localhost:8080/v1/AUTH_43d76d9b60be42dc84418a7271fa7c0a/gnocchi.a5f4e598-88dd-4ae7-88f9-1b2b3e24bbea/none_v3" "tx095e868f3422453397ac5-0068e44acc" "proxy-server 12" 0.0003 "-" 24 0
Oct 6 23:03:40 standalone proxy-server[126715]: 172.18.0.2 ::1 06/Oct/2025/23/03/40 GET /v1/AUTH_43d76d9b60be42dc84418a7271fa7c0a/gnocchi.a5f4e598-88dd-4ae7-88f9-1b2b3e24bbea/none_v3 HTTP/1.0 404 - python-swiftclient-3.11.1 gAAAAABo5EqGfmnC... - 70 - tx095e868f3422453397ac5-0068e44acc - 0.0108 - - 1759791820.143161058 1759791820.153951645 0
Oct 6 23:03:40 standalone account-server[124483]: 172.20.0.100 - - [06/Oct/2025:23:03:40 +0000] "PUT /d1/661/AUTH_43d76d9b60be42dc84418a7271fa7c0a/gnocchi.a5f4e598-88dd-4ae7-88f9-1b2b3e24bbea" 201 - "PUT http://172.20.0.100:6001/d1/303/AUTH_43d76d9b60be42dc84418a7271fa7c0a/gnocchi.a5f4e598-88dd-4ae7-88f9-1b2b3e24bbea" "txcc85e0e9285241fdb38cb-0068e44acc" "container-server 23" 0.0045 "-" 15 0
Oct 6 23:03:40 standalone container-server[124643]: 172.20.0.100 - - [06/Oct/2025:23:03:40 +0000] "PUT /d1/303/AUTH_43d76d9b60be42dc84418a7271fa7c0a/gnocchi.a5f4e598-88dd-4ae7-88f9-1b2b3e24bbea" 201 - "PUT http://localhost:8080/v1/AUTH_43d76d9b60be42dc84418a7271fa7c0a/gnocchi.a5f4e598-88dd-4ae7-88f9-1b2b3e24bbea" "txcc85e0e9285241fdb38cb-0068e44acc" "proxy-server 12" 0.0136 "-" 23 0
Oct 6 23:03:40 standalone proxy-server[126715]: 172.18.0.2 ::1 06/Oct/2025/23/03/40 PUT /v1/AUTH_43d76d9b60be42dc84418a7271fa7c0a/gnocchi.a5f4e598-88dd-4ae7-88f9-1b2b3e24bbea HTTP/1.0 201 - python-swiftclient-3.11.1 gAAAAABo5EqGfmnC... - - - txcc85e0e9285241fdb38cb-0068e44acc - 0.0200 - - 1759791820.159836054 1759791820.179858446 0
Oct 6 23:03:40 standalone container-server[124609]: 172.20.0.100 - - [06/Oct/2025:23:03:40 +0000] "HEAD /d1/303/AUTH_43d76d9b60be42dc84418a7271fa7c0a/gnocchi.a5f4e598-88dd-4ae7-88f9-1b2b3e24bbea" 204 - "HEAD http://localhost:8080/v1/AUTH_43d76d9b60be42dc84418a7271fa7c0a/gnocchi.a5f4e598-88dd-4ae7-88f9-1b2b3e24bbea?format=json&states=listing" "tx57f9807fa490463c89aef-0068e44acc" "proxy-server 12" 0.0017 "-" 20 0
Oct 6 23:03:40 standalone proxy-server[126715]: - - 06/Oct/2025/23/03/40 HEAD /v1/AUTH_43d76d9b60be42dc84418a7271fa7c0a/gnocchi.a5f4e598-88dd-4ae7-88f9-1b2b3e24bbea%3Fformat%3Djson%26states%3Dlisting HTTP/1.0 204 - Swift - - - - tx57f9807fa490463c89aef-0068e44acc - 0.0066 RL - 1759791820.188291311 1759791820.194859505 0
Oct 6 23:03:40 standalone container-server[124643]: 172.20.0.100 - - [06/Oct/2025:23:03:40 +0000] "GET /d1/303/AUTH_43d76d9b60be42dc84418a7271fa7c0a/gnocchi.a5f4e598-88dd-4ae7-88f9-1b2b3e24bbea" 200 2 "GET http://localhost:8080/v1/AUTH_43d76d9b60be42dc84418a7271fa7c0a/gnocchi.a5f4e598-88dd-4ae7-88f9-1b2b3e24bbea?format=json&states=listing" "tx57f9807fa490463c89aef-0068e44acc" "proxy-server 12" 0.0026 "-" 23 0
Oct 6 23:03:40 standalone proxy-server[126715]: 172.18.0.2 ::1 06/Oct/2025/23/03/40 GET /v1/AUTH_43d76d9b60be42dc84418a7271fa7c0a/gnocchi.a5f4e598-88dd-4ae7-88f9-1b2b3e24bbea%3Fformat%3Djson%26states%3Dlisting HTTP/1.0 200 - python-swiftclient-3.11.1 gAAAAABo5EqGfmnC... - 2 - tx57f9807fa490463c89aef-0068e44acc - 0.0185 - - 1759791820.186712027 1759791820.205175877 0
Oct 6 23:03:40 standalone object-server[124791]: 172.20.0.100 - - [06/Oct/2025:23:03:40 +0000] "GET /d1/674/AUTH_43d76d9b60be42dc84418a7271fa7c0a/gnocchi.a5f4e598-88dd-4ae7-88f9-1b2b3e24bbea/1759320000.0_mean_300.0_v3" 404 70 "GET http://localhost:8080/v1/AUTH_43d76d9b60be42dc84418a7271fa7c0a/gnocchi.a5f4e598-88dd-4ae7-88f9-1b2b3e24bbea/1759320000.0_mean_300.0_v3" "tx5896c37781a54c7282efd-0068e44acc" "proxy-server 12" 0.0005 "-" 22 0
Oct 6 23:03:40 standalone proxy-server[126715]: 172.18.0.2 ::1 06/Oct/2025/23/03/40 GET /v1/AUTH_43d76d9b60be42dc84418a7271fa7c0a/gnocchi.a5f4e598-88dd-4ae7-88f9-1b2b3e24bbea/1759320000.0_mean_300.0_v3 HTTP/1.0 404 - python-swiftclient-3.11.1 gAAAAABo5EqGfmnC... - 70 - tx5896c37781a54c7282efd-0068e44acc - 0.0083 - - 1759791820.214652061 1759791820.222944021 0
Oct 6 23:03:40 standalone container-server[124609]: 172.20.0.100 - - [06/Oct/2025:23:03:40 +0000] "PUT /d1/303/AUTH_43d76d9b60be42dc84418a7271fa7c0a/gnocchi.a5f4e598-88dd-4ae7-88f9-1b2b3e24bbea/1759320000.0_mean_300.0_v3" 201 - "PUT http://localhost:8080/d1/674/AUTH_43d76d9b60be42dc84418a7271fa7c0a/gnocchi.a5f4e598-88dd-4ae7-88f9-1b2b3e24bbea/1759320000.0_mean_300.0_v3" "txac6181f3c6b04ccca8a42-0068e44acc" "object-server 25" 0.0006 "-" 20 0
Oct 6 23:03:40 standalone object-server[124796]: 172.20.0.100 - - [06/Oct/2025:23:03:40 +0000] "PUT /d1/674/AUTH_43d76d9b60be42dc84418a7271fa7c0a/gnocchi.a5f4e598-88dd-4ae7-88f9-1b2b3e24bbea/1759320000.0_mean_300.0_v3" 201 - "PUT http://localhost:8080/v1/AUTH_43d76d9b60be42dc84418a7271fa7c0a/gnocchi.a5f4e598-88dd-4ae7-88f9-1b2b3e24bbea/1759320000.0_mean_300.0_v3" "txac6181f3c6b04ccca8a42-0068e44acc" "proxy-server 12" 0.0104 "-" 25 0
Oct 6 23:03:40 standalone proxy-server[126715]: 172.18.0.2 ::1 06/Oct/2025/23/03/40 PUT /v1/AUTH_43d76d9b60be42dc84418a7271fa7c0a/gnocchi.a5f4e598-88dd-4ae7-88f9-1b2b3e24bbea/1759320000.0_mean_300.0_v3 HTTP/1.0 201 - python-swiftclient-3.11.1 gAAAAABo5EqGfmnC... 16 - - txac6181f3c6b04ccca8a42-0068e44acc - 0.0171 - - 1759791820.228237867 1759791820.245379210 0
Oct 6 23:03:40 standalone container-server[124609]: 172.20.0.100 - - [06/Oct/2025:23:03:40 +0000] "PUT /d1/303/AUTH_43d76d9b60be42dc84418a7271fa7c0a/gnocchi.a5f4e598-88dd-4ae7-88f9-1b2b3e24bbea/none_v3" 201 - "PUT http://localhost:8080/d1/397/AUTH_43d76d9b60be42dc84418a7271fa7c0a/gnocchi.a5f4e598-88dd-4ae7-88f9-1b2b3e24bbea/none_v3" "tx1972991175c94a1e8f350-0068e44acc" "object-server 22" 0.0006 "-" 20 0
Oct 6 23:03:40 standalone object-server[124791]: 172.20.0.100 - - [06/Oct/2025:23:03:40 +0000] "PUT /d1/397/AUTH_43d76d9b60be42dc84418a7271fa7c0a/gnocchi.a5f4e598-88dd-4ae7-88f9-1b2b3e24bbea/none_v3" 201 - "PUT http://localhost:8080/v1/AUTH_43d76d9b60be42dc84418a7271fa7c0a/gnocchi.a5f4e598-88dd-4ae7-88f9-1b2b3e24bbea/none_v3" "tx1972991175c94a1e8f350-0068e44acc" "proxy-server 12" 0.0201 "-" 22 0
Oct 6 23:03:40 standalone proxy-server[126715]: 172.18.0.2 ::1 06/Oct/2025/23/03/40 PUT /v1/AUTH_43d76d9b60be42dc84418a7271fa7c0a/gnocchi.a5f4e598-88dd-4ae7-88f9-1b2b3e24bbea/none_v3 HTTP/1.0 201 - python-swiftclient-3.11.1 gAAAAABo5EqGfmnC... 22 - - tx1972991175c94a1e8f350-0068e44acc - 0.0277 - - 1759791820.251029015 1759791820.278763771 0
Oct 6 23:03:40 standalone container-server[124643]: 172.20.0.100 - - [06/Oct/2025:23:03:40 +0000] "HEAD /d1/664/AUTH_43d76d9b60be42dc84418a7271fa7c0a/gnocchi.925ad5e4-e9a3-4dea-ae6f-1dc5e34b78cf" 404 - "HEAD http://localhost:8080/v1/AUTH_43d76d9b60be42dc84418a7271fa7c0a/gnocchi.925ad5e4-e9a3-4dea-ae6f-1dc5e34b78cf?format=json&states=listing" "tx84dc3d9ecf8d49e8ad05b-0068e44acc" "proxy-server 12" 0.0008 "-" 23 0
Oct 6 23:03:40 standalone object-server[124796]: 172.20.0.100 - - [06/Oct/2025:23:03:40 +0000] "GET /d1/664/AUTH_43d76d9b60be42dc84418a7271fa7c0a/gnocchi.925ad5e4-e9a3-4dea-ae6f-1dc5e34b78cf/none_v3" 404 70 "GET http://localhost:8080/v1/AUTH_43d76d9b60be42dc84418a7271fa7c0a/gnocchi.925ad5e4-e9a3-4dea-ae6f-1dc5e34b78cf/none_v3" "tx84dc3d9ecf8d49e8ad05b-0068e44acc" "proxy-server 12" 0.0004 "-" 25 0
Oct 6 23:03:40 standalone proxy-server[126715]: 172.18.0.2 ::1 06/Oct/2025/23/03/40 GET /v1/AUTH_43d76d9b60be42dc84418a7271fa7c0a/gnocchi.925ad5e4-e9a3-4dea-ae6f-1dc5e34b78cf/none_v3 HTTP/1.0 404 - python-swiftclient-3.11.1 gAAAAABo5EqGfmnC... - 70 - tx84dc3d9ecf8d49e8ad05b-0068e44acc - 0.0172 - - 1759791820.298710585 1759791820.315956593 0
Oct 6 23:03:40 standalone account-server[124483]: 172.20.0.100 - - [06/Oct/2025:23:03:40 +0000] "PUT /d1/661/AUTH_43d76d9b60be42dc84418a7271fa7c0a/gnocchi.925ad5e4-e9a3-4dea-ae6f-1dc5e34b78cf" 201 - "PUT http://172.20.0.100:6001/d1/664/AUTH_43d76d9b60be42dc84418a7271fa7c0a/gnocchi.925ad5e4-e9a3-4dea-ae6f-1dc5e34b78cf" "txce6e4d1c37b44d60a281d-0068e44acc" "container-server 22" 0.0046 "-" 15 0
Oct 6 23:03:40 standalone container-server[124637]: 172.20.0.100 - - [06/Oct/2025:23:03:40 +0000] "PUT /d1/664/AUTH_43d76d9b60be42dc84418a7271fa7c0a/gnocchi.925ad5e4-e9a3-4dea-ae6f-1dc5e34b78cf" 201 - "PUT http://localhost:8080/v1/AUTH_43d76d9b60be42dc84418a7271fa7c0a/gnocchi.925ad5e4-e9a3-4dea-ae6f-1dc5e34b78cf" "txce6e4d1c37b44d60a281d-0068e44acc" "proxy-server 12" 0.0227 "-" 22 0
Oct 6 23:03:40 standalone proxy-server[126715]: 172.18.0.2 ::1 06/Oct/2025/23/03/40 PUT /v1/AUTH_43d76d9b60be42dc84418a7271fa7c0a/gnocchi.925ad5e4-e9a3-4dea-ae6f-1dc5e34b78cf HTTP/1.0 201 - python-swiftclient-3.11.1 gAAAAABo5EqGfmnC... - - - txce6e4d1c37b44d60a281d-0068e44acc - 0.0297 - - 1759791820.321777344 1759791820.351521730 0
Oct 6 23:03:40 standalone container-server[124609]: 172.20.0.100 - - [06/Oct/2025:23:03:40 +0000] "HEAD /d1/664/AUTH_43d76d9b60be42dc84418a7271fa7c0a/gnocchi.925ad5e4-e9a3-4dea-ae6f-1dc5e34b78cf" 204 - "HEAD http://localhost:8080/v1/AUTH_43d76d9b60be42dc84418a7271fa7c0a/gnocchi.925ad5e4-e9a3-4dea-ae6f-1dc5e34b78cf?format=json&states=listing" "tx58a567198a74469e948f7-0068e44acc" "proxy-server 12" 0.0016 "-" 20 0
Oct 6 23:03:40 standalone proxy-server[126715]: - - 06/Oct/2025/23/03/40 HEAD /v1/AUTH_43d76d9b60be42dc84418a7271fa7c0a/gnocchi.925ad5e4-e9a3-4dea-ae6f-1dc5e34b78cf%3Fformat%3Djson%26states%3Dlisting HTTP/1.0 204 - Swift - - - - tx58a567198a74469e948f7-0068e44acc - 0.0063 RL - 1759791820.360903502 1759791820.367166281 0
Oct 6 23:03:40 standalone container-server[124609]: 172.20.0.100 - - [06/Oct/2025:23:03:40 +0000] "GET /d1/664/AUTH_43d76d9b60be42dc84418a7271fa7c0a/gnocchi.925ad5e4-e9a3-4dea-ae6f-1dc5e34b78cf" 200 2 "GET http://localhost:8080/v1/AUTH_43d76d9b60be42dc84418a7271fa7c0a/gnocchi.925ad5e4-e9a3-4dea-ae6f-1dc5e34b78cf?format=json&states=listing" "tx58a567198a74469e948f7-0068e44acc" "proxy-server 12" 0.0020 "-" 20 0
Oct 6 23:03:40 standalone proxy-server[126715]: 172.18.0.2 ::1 06/Oct/2025/23/03/40 GET /v1/AUTH_43d76d9b60be42dc84418a7271fa7c0a/gnocchi.925ad5e4-e9a3-4dea-ae6f-1dc5e34b78cf%3Fformat%3Djson%26states%3Dlisting HTTP/1.0 200 - python-swiftclient-3.11.1 gAAAAABo5EqGfmnC... - 2 - tx58a567198a74469e948f7-0068e44acc - 0.0173 - - 1759791820.358932495 1759791820.376256227 0
Oct 6 23:03:40 standalone object-server[124794]: 172.20.0.100 - - [06/Oct/2025:23:03:40 +0000] "GET /d1/259/AUTH_43d76d9b60be42dc84418a7271fa7c0a/gnocchi.925ad5e4-e9a3-4dea-ae6f-1dc5e34b78cf/1759320000.0_mean_300.0_v3" 404 70 "GET http://localhost:8080/v1/AUTH_43d76d9b60be42dc84418a7271fa7c0a/gnocchi.925ad5e4-e9a3-4dea-ae6f-1dc5e34b78cf/1759320000.0_mean_300.0_v3" "tx3e84d04d5c9c4dcea6ed8-0068e44acc" "proxy-server 12" 0.0007 "-" 24 0
Oct 6 23:03:40 standalone proxy-server[126715]: 172.18.0.2 ::1 06/Oct/2025/23/03/40 GET /v1/AUTH_43d76d9b60be42dc84418a7271fa7c0a/gnocchi.925ad5e4-e9a3-4dea-ae6f-1dc5e34b78cf/1759320000.0_mean_300.0_v3 HTTP/1.0 404 - python-swiftclient-3.11.1 gAAAAABo5EqGfmnC... - 70 - tx3e84d04d5c9c4dcea6ed8-0068e44acc - 0.0095 - - 1759791820.383697510 1759791820.393235207 0
Oct 6 23:03:40 standalone container-server[124637]: 172.20.0.100 - - [06/Oct/2025:23:03:40 +0000] "PUT /d1/664/AUTH_43d76d9b60be42dc84418a7271fa7c0a/gnocchi.925ad5e4-e9a3-4dea-ae6f-1dc5e34b78cf/1759320000.0_mean_300.0_v3" 201 - "PUT http://localhost:8080/d1/259/AUTH_43d76d9b60be42dc84418a7271fa7c0a/gnocchi.925ad5e4-e9a3-4dea-ae6f-1dc5e34b78cf/1759320000.0_mean_300.0_v3" "txd6dd9e978c914c1e8b049-0068e44acc" "object-server 25" 0.0015 "-" 22 0
Oct 6 23:03:40 standalone object-server[124796]: 172.20.0.100 - - [06/Oct/2025:23:03:40 +0000] "PUT /d1/259/AUTH_43d76d9b60be42dc84418a7271fa7c0a/gnocchi.925ad5e4-e9a3-4dea-ae6f-1dc5e34b78cf/1759320000.0_mean_300.0_v3" 201 - "PUT http://localhost:8080/v1/AUTH_43d76d9b60be42dc84418a7271fa7c0a/gnocchi.925ad5e4-e9a3-4dea-ae6f-1dc5e34b78cf/1759320000.0_mean_300.0_v3" "txd6dd9e978c914c1e8b049-0068e44acc" "proxy-server 12" 0.0138 "-" 25 0
Oct 6 23:03:40 standalone proxy-server[126715]: 172.18.0.2 ::1 06/Oct/2025/23/03/40 PUT /v1/AUTH_43d76d9b60be42dc84418a7271fa7c0a/gnocchi.925ad5e4-e9a3-4dea-ae6f-1dc5e34b78cf/1759320000.0_mean_300.0_v3 HTTP/1.0 201 - python-swiftclient-3.11.1 gAAAAABo5EqGfmnC... 16 - - txd6dd9e978c914c1e8b049-0068e44acc - 0.0218 - - 1759791820.399130344 1759791820.420950413 0
Oct 6 23:03:40 standalone container-server[124637]: 172.20.0.100 - - [06/Oct/2025:23:03:40 +0000] "PUT /d1/664/AUTH_43d76d9b60be42dc84418a7271fa7c0a/gnocchi.925ad5e4-e9a3-4dea-ae6f-1dc5e34b78cf/none_v3" 201 - "PUT http://localhost:8080/d1/664/AUTH_43d76d9b60be42dc84418a7271fa7c0a/gnocchi.925ad5e4-e9a3-4dea-ae6f-1dc5e34b78cf/none_v3" "txeca3875e43774273b8f75-0068e44acc" "object-server 22" 0.0013 "-" 22 0
Oct 6 23:03:40 standalone object-server[124791]: 172.20.0.100 - - [06/Oct/2025:23:03:40 +0000] "PUT /d1/664/AUTH_43d76d9b60be42dc84418a7271fa7c0a/gnocchi.925ad5e4-e9a3-4dea-ae6f-1dc5e34b78cf/none_v3" 201 - "PUT http://localhost:8080/v1/AUTH_43d76d9b60be42dc84418a7271fa7c0a/gnocchi.925ad5e4-e9a3-4dea-ae6f-1dc5e34b78cf/none_v3" "txeca3875e43774273b8f75-0068e44acc" "proxy-server 12" 0.0183 "-" 22 0
Oct 6 23:03:40 standalone proxy-server[126715]: 172.18.0.2 ::1 06/Oct/2025/23/03/40 PUT /v1/AUTH_43d76d9b60be42dc84418a7271fa7c0a/gnocchi.925ad5e4-e9a3-4dea-ae6f-1dc5e34b78cf/none_v3 HTTP/1.0 201 - python-swiftclient-3.11.1 gAAAAABo5EqGfmnC... 22 - - txeca3875e43774273b8f75-0068e44acc - 0.0260 - - 1759791820.426838875 1759791820.452807665 0
Oct 6 23:03:40 standalone container-server[124631]: 172.20.0.100 - - [06/Oct/2025:23:03:40 +0000] "HEAD /d1/661/AUTH_43d76d9b60be42dc84418a7271fa7c0a/gnocchi.0529708c-31a1-4f67-9dba-4142f28993d2" 404 - "HEAD http://localhost:8080/v1/AUTH_43d76d9b60be42dc84418a7271fa7c0a/gnocchi.0529708c-31a1-4f67-9dba-4142f28993d2?format=json&states=listing" "tx8647ac24d09b4c03902ef-0068e44acc" "proxy-server 12" 0.0004 "-" 21 0
Oct 6 23:03:40 standalone object-server[124794]: 172.20.0.100 - - [06/Oct/2025:23:03:40 +0000] "GET /d1/55/AUTH_43d76d9b60be42dc84418a7271fa7c0a/gnocchi.0529708c-31a1-4f67-9dba-4142f28993d2/none_v3" 404 70 "GET http://localhost:8080/v1/AUTH_43d76d9b60be42dc84418a7271fa7c0a/gnocchi.0529708c-31a1-4f67-9dba-4142f28993d2/none_v3" "tx8647ac24d09b4c03902ef-0068e44acc" "proxy-server 12" 0.0009 "-" 24 0
Oct 6 23:03:40 standalone proxy-server[126715]: 172.18.0.2 ::1 06/Oct/2025/23/03/40 GET /v1/AUTH_43d76d9b60be42dc84418a7271fa7c0a/gnocchi.0529708c-31a1-4f67-9dba-4142f28993d2/none_v3 HTTP/1.0 404 - python-swiftclient-3.11.1 gAAAAABo5EqGfmnC... - 70 - tx8647ac24d09b4c03902ef-0068e44acc - 0.0140 - - 1759791820.477399826 1759791820.491437912 0
Oct 6 23:03:40 standalone account-server[124468]: 172.20.0.100 - - [06/Oct/2025:23:03:40 +0000] "PUT /d1/661/AUTH_43d76d9b60be42dc84418a7271fa7c0a/gnocchi.0529708c-31a1-4f67-9dba-4142f28993d2" 201 - "PUT http://172.20.0.100:6001/d1/661/AUTH_43d76d9b60be42dc84418a7271fa7c0a/gnocchi.0529708c-31a1-4f67-9dba-4142f28993d2" "txe051735a0b3f4c73bc3eb-0068e44acc" "container-server 22" 0.0085 "-" 14 0
Oct 6 23:03:40 standalone container-server[124637]: 172.20.0.100 - - [06/Oct/2025:23:03:40 +0000] "PUT /d1/661/AUTH_43d76d9b60be42dc84418a7271fa7c0a/gnocchi.0529708c-31a1-4f67-9dba-4142f28993d2" 201 - "PUT http://localhost:8080/v1/AUTH_43d76d9b60be42dc84418a7271fa7c0a/gnocchi.0529708c-31a1-4f67-9dba-4142f28993d2" "txe051735a0b3f4c73bc3eb-0068e44acc" "proxy-server 12" 0.0268 "-" 22 0
Oct 6 23:03:40 standalone proxy-server[126715]: 172.18.0.2 ::1 06/Oct/2025/23/03/40 PUT /v1/AUTH_43d76d9b60be42dc84418a7271fa7c0a/gnocchi.0529708c-31a1-4f67-9dba-4142f28993d2 HTTP/1.0 201 - python-swiftclient-3.11.1 gAAAAABo5EqGfmnC... - - - txe051735a0b3f4c73bc3eb-0068e44acc - 0.0336 - - 1759791820.497381926 1759791820.530983925 0
Oct 6 23:03:40 standalone container-server[124609]: 172.20.0.100 - - [06/Oct/2025:23:03:40 +0000] "HEAD /d1/661/AUTH_43d76d9b60be42dc84418a7271fa7c0a/gnocchi.0529708c-31a1-4f67-9dba-4142f28993d2" 204 - "HEAD http://localhost:8080/v1/AUTH_43d76d9b60be42dc84418a7271fa7c0a/gnocchi.0529708c-31a1-4f67-9dba-4142f28993d2?format=json&states=listing" "tx3c4377f33d77468896ad6-0068e44acc" "proxy-server 12" 0.0016 "-" 20 0
Oct 6 23:03:40 standalone proxy-server[126715]: - - 06/Oct/2025/23/03/40 HEAD /v1/AUTH_43d76d9b60be42dc84418a7271fa7c0a/gnocchi.0529708c-31a1-4f67-9dba-4142f28993d2%3Fformat%3Djson%26states%3Dlisting HTTP/1.0 204 - Swift - - - - tx3c4377f33d77468896ad6-0068e44acc - 0.0059 RL - 1759791820.541109800 1759791820.547015905 0
Oct 6 23:03:40 standalone container-server[124631]: 172.20.0.100 - - [06/Oct/2025:23:03:40 +0000] "GET /d1/661/AUTH_43d76d9b60be42dc84418a7271fa7c0a/gnocchi.0529708c-31a1-4f67-9dba-4142f28993d2" 200 2 "GET http://localhost:8080/v1/AUTH_43d76d9b60be42dc84418a7271fa7c0a/gnocchi.0529708c-31a1-4f67-9dba-4142f28993d2?format=json&states=listing" "tx3c4377f33d77468896ad6-0068e44acc" "proxy-server 12" 0.0046 "-" 21 0
Oct 6 23:03:40 standalone proxy-server[126715]: 172.18.0.2 ::1 06/Oct/2025/23/03/40 GET /v1/AUTH_43d76d9b60be42dc84418a7271fa7c0a/gnocchi.0529708c-31a1-4f67-9dba-4142f28993d2%3Fformat%3Djson%26states%3Dlisting HTTP/1.0 200 - python-swiftclient-3.11.1 gAAAAABo5EqGfmnC... - 2 - tx3c4377f33d77468896ad6-0068e44acc - 0.0207 - - 1759791820.538393497 1759791820.559052229 0
Oct 6 23:03:40 standalone object-server[124796]: 172.20.0.100 - - [06/Oct/2025:23:03:40 +0000] "GET /d1/677/AUTH_43d76d9b60be42dc84418a7271fa7c0a/gnocchi.0529708c-31a1-4f67-9dba-4142f28993d2/1759320000.0_mean_300.0_v3" 404 70 "GET http://localhost:8080/v1/AUTH_43d76d9b60be42dc84418a7271fa7c0a/gnocchi.0529708c-31a1-4f67-9dba-4142f28993d2/1759320000.0_mean_300.0_v3" "tx5798ed3cefb242b08e9af-0068e44acc" "proxy-server 12" 0.0008 "-" 25 0
Oct 6 23:03:40 standalone proxy-server[126715]: 172.18.0.2 ::1 06/Oct/2025/23/03/40 GET /v1/AUTH_43d76d9b60be42dc84418a7271fa7c0a/gnocchi.0529708c-31a1-4f67-9dba-4142f28993d2/1759320000.0_mean_300.0_v3 HTTP/1.0 404 - python-swiftclient-3.11.1 gAAAAABo5EqGfmnC... - 70 - tx5798ed3cefb242b08e9af-0068e44acc - 0.0081 - - 1759791820.565612316 1759791820.573732138 0
Oct 6 23:03:40 standalone container-server[124631]: 172.20.0.100 - - [06/Oct/2025:23:03:40 +0000] "PUT /d1/661/AUTH_43d76d9b60be42dc84418a7271fa7c0a/gnocchi.0529708c-31a1-4f67-9dba-4142f28993d2/1759320000.0_mean_300.0_v3" 201 - "PUT http://localhost:8080/d1/677/AUTH_43d76d9b60be42dc84418a7271fa7c0a/gnocchi.0529708c-31a1-4f67-9dba-4142f28993d2/1759320000.0_mean_300.0_v3" "tx3a9c59f53b3c4ee2b413b-0068e44acc" "object-server 22" 0.0013 "-" 21 0
Oct 6 23:03:40 standalone object-server[124791]: 172.20.0.100 - - [06/Oct/2025:23:03:40 +0000] "PUT /d1/677/AUTH_43d76d9b60be42dc84418a7271fa7c0a/gnocchi.0529708c-31a1-4f67-9dba-4142f28993d2/1759320000.0_mean_300.0_v3" 201 - "PUT http://localhost:8080/v1/AUTH_43d76d9b60be42dc84418a7271fa7c0a/gnocchi.0529708c-31a1-4f67-9dba-4142f28993d2/1759320000.0_mean_300.0_v3" "tx3a9c59f53b3c4ee2b413b-0068e44acc" "proxy-server 12" 0.0199 "-" 22 0
Oct 6 23:03:40 standalone proxy-server[126715]: 172.18.0.2 ::1 06/Oct/2025/23/03/40 PUT /v1/AUTH_43d76d9b60be42dc84418a7271fa7c0a/gnocchi.0529708c-31a1-4f67-9dba-4142f28993d2/1759320000.0_mean_300.0_v3 HTTP/1.0 201 - python-swiftclient-3.11.1 gAAAAABo5EqGfmnC... 16 - - tx3a9c59f53b3c4ee2b413b-0068e44acc - 0.0279 - - 1759791820.579358816 1759791820.607216120 0
Oct 6 23:03:40 standalone container-server[124643]: 172.20.0.100 - - [06/Oct/2025:23:03:40 +0000] "PUT /d1/661/AUTH_43d76d9b60be42dc84418a7271fa7c0a/gnocchi.0529708c-31a1-4f67-9dba-4142f28993d2/none_v3" 201 - "PUT http://localhost:8080/d1/55/AUTH_43d76d9b60be42dc84418a7271fa7c0a/gnocchi.0529708c-31a1-4f67-9dba-4142f28993d2/none_v3" "txa577a6fa78d048fdb0ab5-0068e44acc" "object-server 22" 0.0025 "-" 23 0
Oct 6 23:03:40 standalone object-server[124791]: 172.20.0.100 - - [06/Oct/2025:23:03:40 +0000] "PUT /d1/55/AUTH_43d76d9b60be42dc84418a7271fa7c0a/gnocchi.0529708c-31a1-4f67-9dba-4142f28993d2/none_v3" 201 - "PUT http://localhost:8080/v1/AUTH_43d76d9b60be42dc84418a7271fa7c0a/gnocchi.0529708c-31a1-4f67-9dba-4142f28993d2/none_v3" "txa577a6fa78d048fdb0ab5-0068e44acc" "proxy-server 12" 0.0280 "-" 22 0
Oct 6 23:03:40 standalone proxy-server[126715]: 172.18.0.2 ::1 06/Oct/2025/23/03/40 PUT /v1/AUTH_43d76d9b60be42dc84418a7271fa7c0a/gnocchi.0529708c-31a1-4f67-9dba-4142f28993d2/none_v3 HTTP/1.0 201 - python-swiftclient-3.11.1 gAAAAABo5EqGfmnC... 22 - - txa577a6fa78d048fdb0ab5-0068e44acc - 0.0407 - - 1759791820.615731239 1759791820.656469345 0
Oct 6 23:04:11 standalone container-server[124533]: Begin container update sweep
Oct 6 23:04:11 standalone account-server[124492]: 172.20.0.100 - - [06/Oct/2025:23:04:11 +0000] "PUT /d1/661/AUTH_43d76d9b60be42dc84418a7271fa7c0a/glance" 201 - "-" "-" "container-updater 2" 0.0011 "-" 16 0
Oct 6 23:04:11 standalone account-server[124483]: 172.20.0.100 - - [06/Oct/2025:23:04:11 +0000] "PUT /d1/661/AUTH_43d76d9b60be42dc84418a7271fa7c0a/gnocchi.84b0214c-0eb1-4435-a563-682c4b81d218" 201 - "-" "-" "container-updater 2" 0.0006 "-" 15 0
Oct 6 23:04:11 standalone account-server[124505]: 172.20.0.100 - - [06/Oct/2025:23:04:11 +0000] "PUT /d1/661/AUTH_43d76d9b60be42dc84418a7271fa7c0a/gnocchi.c5cacc32-8d3d-4515-afcd-795aae649298" 201 - "-" "-" "container-updater 2" 0.0007 "-" 17 0
Oct 6 23:04:11 standalone account-server[124492]: 172.20.0.100 - - [06/Oct/2025:23:04:11 +0000] "PUT /d1/661/AUTH_43d76d9b60be42dc84418a7271fa7c0a/gnocchi.a5f4e598-88dd-4ae7-88f9-1b2b3e24bbea" 201 - "-" "-" "container-updater 2" 0.0006 "-" 16 0
Oct 6 23:04:11 standalone account-server[124505]: 172.20.0.100 - - [06/Oct/2025:23:04:11 +0000] "PUT /d1/661/AUTH_43d76d9b60be42dc84418a7271fa7c0a/gnocchi.fcfe546a-9e08-4b1f-9237-40868dee3ce1" 201 - "-" "-" "container-updater 2" 0.0005 "-" 17 0
Oct 6 23:04:11 standalone account-server[124505]: 172.20.0.100 - - [06/Oct/2025:23:04:11 +0000] "PUT /d1/661/AUTH_43d76d9b60be42dc84418a7271fa7c0a/gnocchi.925ad5e4-e9a3-4dea-ae6f-1dc5e34b78cf" 201 - "-" "-" "container-updater 2" 0.0005 "-" 17 0
Oct 6 23:04:11 standalone account-server[124483]: 172.20.0.100 - - [06/Oct/2025:23:04:11 +0000] "PUT /d1/661/AUTH_43d76d9b60be42dc84418a7271fa7c0a/gnocchi.02697a6f-90f3-42c4-96a0-8eb1c9328a2b" 201 - "-" "-" "container-updater 2" 0.0005 "-" 15 0
Oct 6 23:04:12 standalone account-server[124483]: 172.20.0.100 - - [06/Oct/2025:23:04:12 +0000] "PUT /d1/661/AUTH_43d76d9b60be42dc84418a7271fa7c0a/gnocchi.fcfdb385-3fd1-4d9f-8b68-fe8f0c85d00e" 201 - "-" "-" "container-updater 2" 0.0004 "-" 15 0
Oct 6 23:04:12 standalone account-server[124505]: 172.20.0.100 - - [06/Oct/2025:23:04:12 +0000] "PUT /d1/661/AUTH_43d76d9b60be42dc84418a7271fa7c0a/gnocchi.0529708c-31a1-4f67-9dba-4142f28993d2" 201 - "-" "-" "container-updater 2" 0.0005 "-" 17 0
Oct 6 23:04:12 standalone container-server[124533]: Container update sweep completed: 0.88s
Oct 6 23:04:33 standalone account-server[124505]: 172.20.0.100 - - [06/Oct/2025:23:04:33 +0000] "HEAD /d1/456/.expiring_objects" 404 - "HEAD http://localhost/v1/.expiring_objects?format=json" "txbce223409bbc452d873f1-0068e44b01" "proxy-server 2" 0.0007 "-" 17 -
Oct 6 23:04:33 standalone object-expirer[124639]: Pass completed in 0s; 0 objects expired (txn: txbce223409bbc452d873f1-0068e44b01)
Oct 6 23:04:48 standalone object-server[124757]: Begin object update sweep
Oct 6 23:04:48 standalone object-server[226200]: Object update sweep starting on /srv/node/d1 (pid: 14)
Oct 6 23:04:48 standalone object-server[226200]: Object update sweep completed on /srv/node/d1 in 0.00s seconds:, 0 successes, 0 failures, 0 quarantines, 0 unlinks, 0 errors, 0 redirects (pid: 14)
Oct 6 23:04:48 standalone object-server[226200]: Object update sweep of d1 completed: 0.00s, 0 successes, 0 failures, 0 quarantines, 0 unlinks, 0 errors, 0 redirects
Oct 6 23:04:48 standalone object-server[124757]: Object update sweep completed: 0.07s
Oct 6 23:05:30 standalone account-server[124505]: 172.20.0.100 - - [06/Oct/2025:23:05:30 +0000] "HEAD /d1/661/AUTH_43d76d9b60be42dc84418a7271fa7c0a" 204 - "HEAD http://localhost:8080/v1/AUTH_43d76d9b60be42dc84418a7271fa7c0a?format=json" "tx0c4f459e7a7c422ca80a8-0068e44b3a" "proxy-server 12" 0.0061 "-" 17 -
Oct 6 23:05:30 standalone proxy-server[126715]: - - 06/Oct/2025/23/05/30 HEAD /v1/AUTH_43d76d9b60be42dc84418a7271fa7c0a%3Fformat%3Djson HTTP/1.0 204 - Swift - - - - tx0c4f459e7a7c422ca80a8-0068e44b3a - 0.0123 RL - 1759791930.665577888 1759791930.677873373 -
Oct 6 23:05:30 standalone container-server[124631]: 172.20.0.100 - - [06/Oct/2025:23:05:30 +0000] "HEAD /d1/777/AUTH_43d76d9b60be42dc84418a7271fa7c0a/gnocchi.0a2162b4-6760-4c21-a65f-92a15e48341c" 404 - "HEAD http://localhost:8080/v1/AUTH_43d76d9b60be42dc84418a7271fa7c0a/gnocchi.0a2162b4-6760-4c21-a65f-92a15e48341c?format=json&states=listing" "tx0c4f459e7a7c422ca80a8-0068e44b3a" "proxy-server 12" 0.0007 "-" 21 0
Oct 6 23:05:30 standalone object-server[124790]: 172.20.0.100 - - [06/Oct/2025:23:05:30 +0000] "GET /d1/973/AUTH_43d76d9b60be42dc84418a7271fa7c0a/gnocchi.0a2162b4-6760-4c21-a65f-92a15e48341c/none_v3" 404 70 "GET http://localhost:8080/v1/AUTH_43d76d9b60be42dc84418a7271fa7c0a/gnocchi.0a2162b4-6760-4c21-a65f-92a15e48341c/none_v3" "tx0c4f459e7a7c422ca80a8-0068e44b3a" "proxy-server 12" 0.0004 "-" 21 0
Oct 6 23:05:30 standalone proxy-server[126715]: 172.18.0.2 ::1 06/Oct/2025/23/05/30 GET /v1/AUTH_43d76d9b60be42dc84418a7271fa7c0a/gnocchi.0a2162b4-6760-4c21-a65f-92a15e48341c/none_v3 HTTP/1.0 404 - python-swiftclient-3.11.1 gAAAAABo5EqGfmnC... - 70 - tx0c4f459e7a7c422ca80a8-0068e44b3a - 0.0227 - - 1759791930.664732695 1759791930.687472343 0
Oct 6 23:05:30 standalone account-server[124492]: 172.20.0.100 - - [06/Oct/2025:23:05:30 +0000] "PUT /d1/661/AUTH_43d76d9b60be42dc84418a7271fa7c0a/gnocchi.0a2162b4-6760-4c21-a65f-92a15e48341c" 201 - "PUT http://172.20.0.100:6001/d1/777/AUTH_43d76d9b60be42dc84418a7271fa7c0a/gnocchi.0a2162b4-6760-4c21-a65f-92a15e48341c" "txf12627a97e7b4818ad36b-0068e44b3a" "container-server 23" 0.0011 "-" 16 0
Oct 6 23:05:30 standalone container-server[124643]: 172.20.0.100 - - [06/Oct/2025:23:05:30 +0000] "PUT /d1/777/AUTH_43d76d9b60be42dc84418a7271fa7c0a/gnocchi.0a2162b4-6760-4c21-a65f-92a15e48341c" 201 - "PUT http://localhost:8080/v1/AUTH_43d76d9b60be42dc84418a7271fa7c0a/gnocchi.0a2162b4-6760-4c21-a65f-92a15e48341c" "txf12627a97e7b4818ad36b-0068e44b3a" "proxy-server 12" 0.0103 "-" 23 0
Oct 6 23:05:30 standalone proxy-server[126715]: 172.18.0.2 ::1 06/Oct/2025/23/05/30 PUT /v1/AUTH_43d76d9b60be42dc84418a7271fa7c0a/gnocchi.0a2162b4-6760-4c21-a65f-92a15e48341c HTTP/1.0 201 - python-swiftclient-3.11.1 gAAAAABo5EqGfmnC... - - - txf12627a97e7b4818ad36b-0068e44b3a - 0.0148 - - 1759791930.691136599 1759791930.705925703 0
Oct 6 23:05:30 standalone container-server[124609]: 172.20.0.100 - - [06/Oct/2025:23:05:30 +0000] "HEAD /d1/777/AUTH_43d76d9b60be42dc84418a7271fa7c0a/gnocchi.0a2162b4-6760-4c21-a65f-92a15e48341c" 204 - "HEAD http://localhost:8080/v1/AUTH_43d76d9b60be42dc84418a7271fa7c0a/gnocchi.0a2162b4-6760-4c21-a65f-92a15e48341c?format=json&states=listing" "tx04b87eb54e624374a21a2-0068e44b3a" "proxy-server 12" 0.0019 "-" 20 0
Oct 6 23:05:30 standalone proxy-server[126715]: - - 06/Oct/2025/23/05/30 HEAD /v1/AUTH_43d76d9b60be42dc84418a7271fa7c0a/gnocchi.0a2162b4-6760-4c21-a65f-92a15e48341c%3Fformat%3Djson%26states%3Dlisting HTTP/1.0 204 - Swift - - - - tx04b87eb54e624374a21a2-0068e44b3a - 0.0056 RL - 1759791930.711518049 1759791930.717093945 0
Oct 6 23:05:30 standalone container-server[124643]: 172.20.0.100 - - [06/Oct/2025:23:05:30 +0000] "GET /d1/777/AUTH_43d76d9b60be42dc84418a7271fa7c0a/gnocchi.0a2162b4-6760-4c21-a65f-92a15e48341c" 200 2 "GET http://localhost:8080/v1/AUTH_43d76d9b60be42dc84418a7271fa7c0a/gnocchi.0a2162b4-6760-4c21-a65f-92a15e48341c?format=json&states=listing" "tx04b87eb54e624374a21a2-0068e44b3a" "proxy-server 12" 0.0018 "-" 23 0
Oct 6 23:05:30 standalone proxy-server[126715]: 172.18.0.2 ::1 06/Oct/2025/23/05/30 GET /v1/AUTH_43d76d9b60be42dc84418a7271fa7c0a/gnocchi.0a2162b4-6760-4c21-a65f-92a15e48341c%3Fformat%3Djson%26states%3Dlisting HTTP/1.0 200 - python-swiftclient-3.11.1 gAAAAABo5EqGfmnC... - 2 - tx04b87eb54e624374a21a2-0068e44b3a - 0.0138 - - 1759791930.709404707 1759791930.723199844 0
Oct 6 23:05:30 standalone object-server[124791]: 172.20.0.100 - - [06/Oct/2025:23:05:30 +0000] "GET /d1/438/AUTH_43d76d9b60be42dc84418a7271fa7c0a/gnocchi.0a2162b4-6760-4c21-a65f-92a15e48341c/1759320000.0_mean_300.0_v3" 404 70 "GET http://localhost:8080/v1/AUTH_43d76d9b60be42dc84418a7271fa7c0a/gnocchi.0a2162b4-6760-4c21-a65f-92a15e48341c/1759320000.0_mean_300.0_v3" "txcea3f93a121645a28c858-0068e44b3a" "proxy-server 12" 0.0004 "-" 22 0
Oct 6 23:05:30 standalone proxy-server[126715]: 172.18.0.2 ::1 06/Oct/2025/23/05/30 GET /v1/AUTH_43d76d9b60be42dc84418a7271fa7c0a/gnocchi.0a2162b4-6760-4c21-a65f-92a15e48341c/1759320000.0_mean_300.0_v3 HTTP/1.0 404 - python-swiftclient-3.11.1 gAAAAABo5EqGfmnC... - 70 - txcea3f93a121645a28c858-0068e44b3a - 0.0051 - - 1759791930.728917360 1759791930.734059811 0
Oct 6 23:05:30 standalone container-server[124637]: 172.20.0.100 - - [06/Oct/2025:23:05:30 +0000] "PUT /d1/777/AUTH_43d76d9b60be42dc84418a7271fa7c0a/gnocchi.0a2162b4-6760-4c21-a65f-92a15e48341c/1759320000.0_mean_300.0_v3" 201 - "PUT http://localhost:8080/d1/438/AUTH_43d76d9b60be42dc84418a7271fa7c0a/gnocchi.0a2162b4-6760-4c21-a65f-92a15e48341c/1759320000.0_mean_300.0_v3" "txe513cf0a2e354941a9fd3-0068e44b3a" "object-server 24" 0.0006 "-" 22 0
Oct 6 23:05:30 standalone object-server[124794]: 172.20.0.100 - - [06/Oct/2025:23:05:30 +0000] "PUT /d1/438/AUTH_43d76d9b60be42dc84418a7271fa7c0a/gnocchi.0a2162b4-6760-4c21-a65f-92a15e48341c/1759320000.0_mean_300.0_v3" 201 - "PUT http://localhost:8080/v1/AUTH_43d76d9b60be42dc84418a7271fa7c0a/gnocchi.0a2162b4-6760-4c21-a65f-92a15e48341c/1759320000.0_mean_300.0_v3" "txe513cf0a2e354941a9fd3-0068e44b3a" "proxy-server 12" 0.0089 "-" 24 0
Oct 6 23:05:30 standalone proxy-server[126715]: 172.18.0.2 ::1 06/Oct/2025/23/05/30 PUT /v1/AUTH_43d76d9b60be42dc84418a7271fa7c0a/gnocchi.0a2162b4-6760-4c21-a65f-92a15e48341c/1759320000.0_mean_300.0_v3 HTTP/1.0 201 - python-swiftclient-3.11.1 gAAAAABo5EqGfmnC... 16 - - txe513cf0a2e354941a9fd3-0068e44b3a - 0.0131 - - 1759791930.736425877 1759791930.749514103 0
Oct 6 23:05:30 standalone container-server[124637]: 172.20.0.100 - - [06/Oct/2025:23:05:30 +0000] "PUT /d1/777/AUTH_43d76d9b60be42dc84418a7271fa7c0a/gnocchi.0a2162b4-6760-4c21-a65f-92a15e48341c/none_v3" 201 - "PUT http://localhost:8080/d1/973/AUTH_43d76d9b60be42dc84418a7271fa7c0a/gnocchi.0a2162b4-6760-4c21-a65f-92a15e48341c/none_v3" "txe3995d9d13ce4e3d8203d-0068e44b3a" "object-server 22" 0.0003 "-" 22 0
Oct 6 23:05:30 standalone object-server[124791]: 172.20.0.100 - - [06/Oct/2025:23:05:30 +0000] "PUT /d1/973/AUTH_43d76d9b60be42dc84418a7271fa7c0a/gnocchi.0a2162b4-6760-4c21-a65f-92a15e48341c/none_v3" 201 - "PUT http://localhost:8080/v1/AUTH_43d76d9b60be42dc84418a7271fa7c0a/gnocchi.0a2162b4-6760-4c21-a65f-92a15e48341c/none_v3" "txe3995d9d13ce4e3d8203d-0068e44b3a" "proxy-server 12" 0.0070 "-" 22 0
Oct 6 23:05:30 standalone proxy-server[126715]: 172.18.0.2 ::1 06/Oct/2025/23/05/30 PUT /v1/AUTH_43d76d9b60be42dc84418a7271fa7c0a/gnocchi.0a2162b4-6760-4c21-a65f-92a15e48341c/none_v3 HTTP/1.0 201 - python-swiftclient-3.11.1 gAAAAABo5EqGfmnC... 22 - - txe3995d9d13ce4e3d8203d-0068e44b3a - 0.0124 - - 1759791930.751871824 1759791930.764256239 0
Oct 6 23:05:30 standalone container-server[124637]: 172.20.0.100 - - [06/Oct/2025:23:05:30 +0000] "HEAD /d1/13/AUTH_43d76d9b60be42dc84418a7271fa7c0a/gnocchi.3feabfa0-40d6-4dca-b4d8-ef1fc3d2ff93" 404 - "HEAD http://localhost:8080/v1/AUTH_43d76d9b60be42dc84418a7271fa7c0a/gnocchi.3feabfa0-40d6-4dca-b4d8-ef1fc3d2ff93?format=json&states=listing" "txc0ea25fb26364f8e877f4-0068e44b3a" "proxy-server 12" 0.0002 "-" 22 0
Oct 6 23:05:30 standalone object-server[124796]: 172.20.0.100 - - [06/Oct/2025:23:05:30 +0000] "GET /d1/825/AUTH_43d76d9b60be42dc84418a7271fa7c0a/gnocchi.3feabfa0-40d6-4dca-b4d8-ef1fc3d2ff93/none_v3" 404 70 "GET http://localhost:8080/v1/AUTH_43d76d9b60be42dc84418a7271fa7c0a/gnocchi.3feabfa0-40d6-4dca-b4d8-ef1fc3d2ff93/none_v3" "txc0ea25fb26364f8e877f4-0068e44b3a" "proxy-server 12" 0.0004 "-" 25 0
Oct 6 23:05:30 standalone proxy-server[126715]: 172.18.0.2 ::1 06/Oct/2025/23/05/30 GET /v1/AUTH_43d76d9b60be42dc84418a7271fa7c0a/gnocchi.3feabfa0-40d6-4dca-b4d8-ef1fc3d2ff93/none_v3 HTTP/1.0 404 - python-swiftclient-3.11.1 gAAAAABo5EqGfmnC... - 70 - txc0ea25fb26364f8e877f4-0068e44b3a - 0.0066 - - 1759791930.784773350 1759791930.791411877 0
Oct 6 23:05:30 standalone account-server[124483]: 172.20.0.100 - - [06/Oct/2025:23:05:30 +0000] "PUT /d1/661/AUTH_43d76d9b60be42dc84418a7271fa7c0a/gnocchi.3feabfa0-40d6-4dca-b4d8-ef1fc3d2ff93" 201 - "PUT http://172.20.0.100:6001/d1/13/AUTH_43d76d9b60be42dc84418a7271fa7c0a/gnocchi.3feabfa0-40d6-4dca-b4d8-ef1fc3d2ff93" "tx83ba7710dfdc4b40a07a1-0068e44b3a" "container-server 20" 0.0044 "-" 15 0
Oct 6 23:05:30 standalone container-server[124609]: 172.20.0.100 - - [06/Oct/2025:23:05:30 +0000] "PUT /d1/13/AUTH_43d76d9b60be42dc84418a7271fa7c0a/gnocchi.3feabfa0-40d6-4dca-b4d8-ef1fc3d2ff93" 201 - "PUT http://localhost:8080/v1/AUTH_43d76d9b60be42dc84418a7271fa7c0a/gnocchi.3feabfa0-40d6-4dca-b4d8-ef1fc3d2ff93" "tx83ba7710dfdc4b40a07a1-0068e44b3a" "proxy-server 12" 0.0128 "-" 20 0
Oct 6 23:05:30 standalone proxy-server[126715]: 172.18.0.2 ::1 06/Oct/2025/23/05/30 PUT /v1/AUTH_43d76d9b60be42dc84418a7271fa7c0a/gnocchi.3feabfa0-40d6-4dca-b4d8-ef1fc3d2ff93 HTTP/1.0 201 - python-swiftclient-3.11.1 gAAAAABo5EqGfmnC... - - - tx83ba7710dfdc4b40a07a1-0068e44b3a - 0.0185 - - 1759791930.794359207 1759791930.812818766 0
Oct 6 23:05:30 standalone container-server[124609]: 172.20.0.100 - - [06/Oct/2025:23:05:30 +0000] "HEAD /d1/13/AUTH_43d76d9b60be42dc84418a7271fa7c0a/gnocchi.3feabfa0-40d6-4dca-b4d8-ef1fc3d2ff93" 204 - "HEAD http://localhost:8080/v1/AUTH_43d76d9b60be42dc84418a7271fa7c0a/gnocchi.3feabfa0-40d6-4dca-b4d8-ef1fc3d2ff93?format=json&states=listing" "tx63581615550e4c96b7ba9-0068e44b3a" "proxy-server 12" 0.0018 "-" 20 0
Oct 6 23:05:30 standalone proxy-server[126715]: - - 06/Oct/2025/23/05/30 HEAD /v1/AUTH_43d76d9b60be42dc84418a7271fa7c0a/gnocchi.3feabfa0-40d6-4dca-b4d8-ef1fc3d2ff93%3Fformat%3Djson%26states%3Dlisting HTTP/1.0 204 - Swift - - - - tx63581615550e4c96b7ba9-0068e44b3a - 0.0045 RL - 1759791930.818623781 1759791930.823093653 0
Oct 6 23:05:30 standalone container-server[124609]: 172.20.0.100 - - [06/Oct/2025:23:05:30 +0000] "GET /d1/13/AUTH_43d76d9b60be42dc84418a7271fa7c0a/gnocchi.3feabfa0-40d6-4dca-b4d8-ef1fc3d2ff93" 200 2 "GET http://localhost:8080/v1/AUTH_43d76d9b60be42dc84418a7271fa7c0a/gnocchi.3feabfa0-40d6-4dca-b4d8-ef1fc3d2ff93?format=json&states=listing" "tx63581615550e4c96b7ba9-0068e44b3a" "proxy-server 12" 0.0014 "-" 20 0
Oct 6 23:05:30 standalone proxy-server[126715]: 172.18.0.2 ::1 06/Oct/2025/23/05/30 GET /v1/AUTH_43d76d9b60be42dc84418a7271fa7c0a/gnocchi.3feabfa0-40d6-4dca-b4d8-ef1fc3d2ff93%3Fformat%3Djson%26states%3Dlisting HTTP/1.0 200 - python-swiftclient-3.11.1 gAAAAABo5EqGfmnC... - 2 - tx63581615550e4c96b7ba9-0068e44b3a - 0.0114 - - 1759791930.817489862 1759791930.828887224 0
Oct 6 23:05:30 standalone object-server[124794]: 172.20.0.100 - - [06/Oct/2025:23:05:30 +0000] "GET /d1/272/AUTH_43d76d9b60be42dc84418a7271fa7c0a/gnocchi.3feabfa0-40d6-4dca-b4d8-ef1fc3d2ff93/1759320000.0_mean_300.0_v3" 404 70 "GET http://localhost:8080/v1/AUTH_43d76d9b60be42dc84418a7271fa7c0a/gnocchi.3feabfa0-40d6-4dca-b4d8-ef1fc3d2ff93/1759320000.0_mean_300.0_v3" "txa8032ed36e4c4b14b7bb5-0068e44b3a" "proxy-server 12" 0.0003 "-" 24 0
Oct 6 23:05:30 standalone proxy-server[126715]: 172.18.0.2 ::1 06/Oct/2025/23/05/30 GET /v1/AUTH_43d76d9b60be42dc84418a7271fa7c0a/gnocchi.3feabfa0-40d6-4dca-b4d8-ef1fc3d2ff93/1759320000.0_mean_300.0_v3 HTTP/1.0 404 - python-swiftclient-3.11.1 gAAAAABo5EqGfmnC... - 70 - txa8032ed36e4c4b14b7bb5-0068e44b3a - 0.0040 - - 1759791930.832174301 1759791930.836212873 0
Oct 6 23:05:30 standalone container-server[124643]: 172.20.0.100 - - [06/Oct/2025:23:05:30 +0000] "PUT /d1/13/AUTH_43d76d9b60be42dc84418a7271fa7c0a/gnocchi.3feabfa0-40d6-4dca-b4d8-ef1fc3d2ff93/1759320000.0_mean_300.0_v3" 201 - "PUT http://localhost:8080/d1/272/AUTH_43d76d9b60be42dc84418a7271fa7c0a/gnocchi.3feabfa0-40d6-4dca-b4d8-ef1fc3d2ff93/1759320000.0_mean_300.0_v3" "tx8445585030b34414a1e0e-0068e44b3a" "object-server 24" 0.0005 "-" 23 0
Oct 6 23:05:30 standalone object-server[124794]: 172.20.0.100 - - [06/Oct/2025:23:05:30 +0000] "PUT /d1/272/AUTH_43d76d9b60be42dc84418a7271fa7c0a/gnocchi.3feabfa0-40d6-4dca-b4d8-ef1fc3d2ff93/1759320000.0_mean_300.0_v3" 201 - "PUT http://localhost:8080/v1/AUTH_43d76d9b60be42dc84418a7271fa7c0a/gnocchi.3feabfa0-40d6-4dca-b4d8-ef1fc3d2ff93/1759320000.0_mean_300.0_v3" "tx8445585030b34414a1e0e-0068e44b3a" "proxy-server 12" 0.0107 "-" 24 0
Oct 6 23:05:30 standalone proxy-server[126715]: 172.18.0.2 ::1 06/Oct/2025/23/05/30 PUT /v1/AUTH_43d76d9b60be42dc84418a7271fa7c0a/gnocchi.3feabfa0-40d6-4dca-b4d8-ef1fc3d2ff93/1759320000.0_mean_300.0_v3 HTTP/1.0 201 - python-swiftclient-3.11.1 gAAAAABo5EqGfmnC... 16 - - tx8445585030b34414a1e0e-0068e44b3a - 0.0148 - - 1759791930.838572264 1759791930.853346825 0
Oct 6 23:05:30 standalone container-server[124637]: 172.20.0.100 - - [06/Oct/2025:23:05:30 +0000] "PUT /d1/13/AUTH_43d76d9b60be42dc84418a7271fa7c0a/gnocchi.3feabfa0-40d6-4dca-b4d8-ef1fc3d2ff93/none_v3" 201 - "PUT http://localhost:8080/d1/825/AUTH_43d76d9b60be42dc84418a7271fa7c0a/gnocchi.3feabfa0-40d6-4dca-b4d8-ef1fc3d2ff93/none_v3" "txdd897466650c4d7e9cd73-0068e44b3a" "object-server 24" 0.0006 "-" 22 0
Oct 6 23:05:30 standalone object-server[124794]: 172.20.0.100 - - [06/Oct/2025:23:05:30 +0000] "PUT /d1/825/AUTH_43d76d9b60be42dc84418a7271fa7c0a/gnocchi.3feabfa0-40d6-4dca-b4d8-ef1fc3d2ff93/none_v3" 201 - "PUT http://localhost:8080/v1/AUTH_43d76d9b60be42dc84418a7271fa7c0a/gnocchi.3feabfa0-40d6-4dca-b4d8-ef1fc3d2ff93/none_v3" "txdd897466650c4d7e9cd73-0068e44b3a" "proxy-server 12" 0.0077 "-" 24 0
Oct 6 23:05:30 standalone proxy-server[126715]: 172.18.0.2 ::1 06/Oct/2025/23/05/30 PUT /v1/AUTH_43d76d9b60be42dc84418a7271fa7c0a/gnocchi.3feabfa0-40d6-4dca-b4d8-ef1fc3d2ff93/none_v3 HTTP/1.0 201 - python-swiftclient-3.11.1 gAAAAABo5EqGfmnC... 22 - - txdd897466650c4d7e9cd73-0068e44b3a - 0.0117 - - 1759791930.856626987 1759791930.868299007 0
