Oct 6 22:50:32 standalone account-server[124130]: Starting 2
Oct 6 22:50:33 standalone account-server[124194]: Started child 14 from parent 2
Oct 6 22:50:33 standalone account-server[124194]: Started child 15 from parent 2
Oct 6 22:50:33 standalone account-server[124194]: Started child 16 from parent 2
Oct 6 22:50:33 standalone account-server[124194]: Started child 17 from parent 2
Oct 6 22:50:33 standalone container-server[124381]: Option allow_versions is deprecated. Configure the versioned_writes middleware in the proxy-server instead. This option will be ignored in a future release.
Oct 6 22:50:33 standalone container-server[124609]: Option allow_versions is deprecated. Configure the versioned_writes middleware in the proxy-server instead. This option will be ignored in a future release.
Oct 6 22:50:33 standalone container-server[124381]: Started child 20 from parent 2
Oct 6 22:50:33 standalone container-server[124631]: Option allow_versions is deprecated. Configure the versioned_writes middleware in the proxy-server instead. This option will be ignored in a future release.
Oct 6 22:50:33 standalone container-server[124381]: Started child 21 from parent 2
Oct 6 22:50:33 standalone container-server[124637]: Option allow_versions is deprecated. Configure the versioned_writes middleware in the proxy-server instead. This option will be ignored in a future release.
Oct 6 22:50:33 standalone container-server[124381]: Started child 22 from parent 2
Oct 6 22:50:33 standalone container-server[124643]: Option allow_versions is deprecated. Configure the versioned_writes middleware in the proxy-server instead. This option will be ignored in a future release.
Oct 6 22:50:33 standalone container-server[124381]: Started child 23 from parent 2
Oct 6 22:50:33 standalone object-expirer[124639]: Starting 2
Oct 6 22:50:33 standalone object-expirer[124639]: Option auto_create_account_prefix is deprecated. Configure auto_create_account_prefix under the swift-constraints section of swift.conf. This option will be ignored in a future release.
Oct 6 22:50:34 standalone container-server[124533]: Starting 2
Oct 6 22:50:34 standalone object-server[124666]: Started child 21 from parent 2
Oct 6 22:50:34 standalone object-server[124666]: Started child 22 from parent 2
Oct 6 22:50:34 standalone object-server[124666]: Started child 24 from parent 2
Oct 6 22:50:34 standalone object-server[124666]: Started child 25 from parent 2
Oct 6 22:50:34 standalone object-server[124757]: Starting 2
Oct 6 22:50:40 standalone proxy-server[126519]: Starting Keystone auth_token middleware
Oct 6 22:50:40 standalone proxy-server[126519]: AuthToken middleware is set with keystone_authtoken.service_token_roles_required set to False. This is backwards compatible but deprecated behaviour. Please set this to True.
Oct 6 22:50:41 standalone proxy-server[126715]: Starting Keystone auth_token middleware
Oct 6 22:50:41 standalone proxy-server[126715]: STDERR: The option "bind_port" is not known to keystonemiddleware
Oct 6 22:50:41 standalone proxy-server[126715]: STDERR: The option "workers" is not known to keystonemiddleware
Oct 6 22:50:41 standalone proxy-server[126715]: STDERR: The option "user" is not known to keystonemiddleware
Oct 6 22:50:41 standalone proxy-server[126715]: STDERR: The option "bind_ip" is not known to keystonemiddleware
Oct 6 22:50:41 standalone proxy-server[126715]: STDERR: The option "log_name" is not known to keystonemiddleware
Oct 6 22:50:41 standalone proxy-server[126715]: STDERR: The option "log_facility" is not known to keystonemiddleware
Oct 6 22:50:41 standalone proxy-server[126715]: STDERR: The option "log_level" is not known to keystonemiddleware
Oct 6 22:50:41 standalone proxy-server[126715]: STDERR: The option "log_headers" is not known to keystonemiddleware
Oct 6 22:50:41 standalone proxy-server[126715]: STDERR: The option "log_address" is not known to keystonemiddleware
Oct 6 22:50:41 standalone proxy-server[126715]: STDERR: The option "project_name" is not known to keystonemiddleware
Oct 6 22:50:41 standalone proxy-server[126715]: STDERR: The option "username" is not known to keystonemiddleware
Oct 6 22:50:41 standalone proxy-server[126715]: STDERR: The option "password" is not known to keystonemiddleware
Oct 6 22:50:41 standalone proxy-server[126715]: STDERR: The option "auth_url" is not known to keystonemiddleware
Oct 6 22:50:41 standalone proxy-server[126715]: STDERR: The option "signing_dir" is not known to keystonemiddleware
Oct 6 22:50:41 standalone proxy-server[126715]: STDERR: The option "project_domain_id" is not known to keystonemiddleware
Oct 6 22:50:41 standalone proxy-server[126715]: STDERR: The option "user_domain_id" is not known to keystonemiddleware
Oct 6 22:50:41 standalone proxy-server[126715]: STDERR: The option "__name__" is not known to keystonemiddleware
Oct 6 22:50:41 standalone proxy-server[126715]: AuthToken middleware is set with keystone_authtoken.service_token_roles_required set to False. This is backwards compatible but deprecated behaviour. Please set this to True.
Oct 6 22:50:41 standalone proxy-server[126519]: Started child 12 from parent 2
Oct 6 22:52:29 standalone account-server[124505]: 172.20.0.100 - - [06/Oct/2025:22:52:29 +0000] "HEAD /d1/456/.expiring_objects" 404 - "HEAD http://localhost/v1/.expiring_objects?format=json" "txbd861fd65cff4769962c8-0068e4482d" "proxy-server 2" 0.0022 "-" 17 -
Oct 6 22:52:29 standalone object-expirer[124639]: Pass completed in 0s; 0 objects expired (txn: txbd861fd65cff4769962c8-0068e4482d)
Oct 6 22:54:11 standalone container-server[124533]: Begin container update sweep
Oct 6 22:54:11 standalone container-server[124533]: Container update sweep completed: 0.00s
Oct 6 22:54:48 standalone object-server[124757]: Begin object update sweep
Oct 6 22:54:48 standalone object-server[154694]: Object update sweep starting on /srv/node/d1 (pid: 12)
Oct 6 22:54:48 standalone object-server[154694]: Object update sweep completed on /srv/node/d1 in 0.00s seconds:, 0 successes, 0 failures, 0 quarantines, 0 unlinks, 0 errors, 0 redirects (pid: 12)
Oct 6 22:54:48 standalone object-server[154694]: Object update sweep of d1 completed: 0.00s, 0 successes, 0 failures, 0 quarantines, 0 unlinks, 0 errors, 0 redirects
Oct 6 22:54:48 standalone object-server[124757]: Object update sweep completed: 0.07s
Oct 6 22:56:29 standalone account-server[124130]: Devices pass completed: 0.00s
Oct 6 22:56:35 standalone account-server[124492]: 172.20.0.100 - - [06/Oct/2025:22:56:35 +0000] "HEAD /d1/456/.expiring_objects" 404 - "HEAD http://localhost/v1/.expiring_objects?format=json" "tx5dfee013897a4bebace8c-0068e44923" "proxy-server 2" 0.0010 "-" 16 -
Oct 6 22:56:35 standalone object-expirer[124639]: Pass completed in 0s; 0 objects expired (txn: tx5dfee013897a4bebace8c-0068e44923)
Oct 6 22:57:01 standalone account-server[124492]: 172.20.0.100 - - [06/Oct/2025:22:57:01 +0000] "HEAD /d1/456/.expiring_objects" 404 - "HEAD http://localhost/v1/.expiring_objects?format=json" "txb33c024ea83d4fc89fb2f-0068e4493d" "proxy-server 2" 0.0005 "-" 16 -
Oct 6 22:57:01 standalone object-expirer[124639]: Pass completed in 0s; 0 objects expired (txn: txb33c024ea83d4fc89fb2f-0068e4493d)
Oct 6 22:57:07 standalone account-server[124468]: 172.20.0.100 - - [06/Oct/2025:22:57:07 +0000] "HEAD /d1/661/AUTH_43d76d9b60be42dc84418a7271fa7c0a" 404 - "HEAD http://localhost:8080/v1/AUTH_43d76d9b60be42dc84418a7271fa7c0a?format=json" "txaf428525617c4f0b9bee1-0068e44943" "proxy-server 12" 0.0010 "-" 14 -
Oct 6 22:57:07 standalone proxy-server[126715]: - - 06/Oct/2025/22/57/07 HEAD /v1/AUTH_43d76d9b60be42dc84418a7271fa7c0a%3Fformat%3Djson HTTP/1.0 200 - Swift - - - - txaf428525617c4f0b9bee1-0068e44943 - 0.0052 RL - 1759791427.687805414 1759791427.692956924 -
Oct 6 22:57:08 standalone proxy-server[126715]: 172.18.0.2 ::1 06/Oct/2025/22/57/08 HEAD /v1/AUTH_43d76d9b60be42dc84418a7271fa7c0a/glance%3Fformat%3Djson HTTP/1.0 404 - python-swiftclient-3.11.1 gAAAAABo5ElDR7Qe... - - - txaf428525617c4f0b9bee1-0068e44943 - 0.4570 - - 1759791427.682683468 1759791428.139712095 -
Oct 6 22:57:08 standalone account-server[124505]: 172.20.0.100 - - [06/Oct/2025:22:57:08 +0000] "PUT /d1/661/AUTH_43d76d9b60be42dc84418a7271fa7c0a" 201 - "-" "txba790c2ed7bb4379b7219-0068e44944" "-" 0.0124 "-" 17 -
Oct 6 22:57:08 standalone proxy-server[126715]: autocreate account '/AUTH_43d76d9b60be42dc84418a7271fa7c0a' (txn: txba790c2ed7bb4379b7219-0068e44944)
Oct 6 22:57:08 standalone account-server[124492]: 172.20.0.100 - - [06/Oct/2025:22:57:08 +0000] "HEAD /d1/661/AUTH_43d76d9b60be42dc84418a7271fa7c0a" 204 - "HEAD http://localhost:8080/v1/AUTH_43d76d9b60be42dc84418a7271fa7c0a?format=json" "txba790c2ed7bb4379b7219-0068e44944" "proxy-server 12" 0.0020 "-" 16 -
Oct 6 22:57:08 standalone account-server[124505]: 172.20.0.100 - - [06/Oct/2025:22:57:08 +0000] "PUT /d1/661/AUTH_43d76d9b60be42dc84418a7271fa7c0a/glance" 201 - "PUT http://172.20.0.100:6001/d1/198/AUTH_43d76d9b60be42dc84418a7271fa7c0a/glance" "txba790c2ed7bb4379b7219-0068e44944" "container-server 21" 0.0009 "-" 17 0
Oct 6 22:57:08 standalone container-server[124631]: 172.20.0.100 - - [06/Oct/2025:22:57:08 +0000] "PUT /d1/198/AUTH_43d76d9b60be42dc84418a7271fa7c0a/glance" 201 - "PUT http://localhost:8080/v1/AUTH_43d76d9b60be42dc84418a7271fa7c0a/glance" "txba790c2ed7bb4379b7219-0068e44944" "proxy-server 12" 0.0158 "-" 21 0
Oct 6 22:57:08 standalone proxy-server[126715]: 172.18.0.2 ::1 06/Oct/2025/22/57/08 PUT /v1/AUTH_43d76d9b60be42dc84418a7271fa7c0a/glance HTTP/1.0 201 - python-swiftclient-3.11.1 gAAAAABo5ElDR7Qe... - - - txba790c2ed7bb4379b7219-0068e44944 - 0.0494 - - 1759791428.143427134 1759791428.192857504 0
Oct 6 22:57:08 standalone container-server[124609]: 172.20.0.100 - - [06/Oct/2025:22:57:08 +0000] "HEAD /d1/198/AUTH_43d76d9b60be42dc84418a7271fa7c0a/glance" 204 - "HEAD http://localhost:8080/v1/AUTH_43d76d9b60be42dc84418a7271fa7c0a/glance?format=json&states=listing" "tx71fe111faca742c18dcc2-0068e44944" "proxy-server 12" 0.0022 "-" 20 0
Oct 6 22:57:08 standalone proxy-server[126715]: - - 06/Oct/2025/22/57/08 HEAD /v1/AUTH_43d76d9b60be42dc84418a7271fa7c0a/glance%3Fformat%3Djson%26states%3Dlisting HTTP/1.0 204 - Swift - - - - tx71fe111faca742c18dcc2-0068e44944 - 0.0056 RL - 1759791428.206988573 1759791428.212540627 0
Oct 6 22:57:24 standalone container-server[124631]: 172.20.0.100 - - [06/Oct/2025:22:57:24 +0000] "PUT /d1/198/AUTH_43d76d9b60be42dc84418a7271fa7c0a/glance/e6b58f44-eb33-4775-97c7-2dd2d75ed097" 201 - "PUT http://localhost:8080/d1/182/AUTH_43d76d9b60be42dc84418a7271fa7c0a/glance/e6b58f44-eb33-4775-97c7-2dd2d75ed097" "tx71fe111faca742c18dcc2-0068e44944" "object-server 25" 0.0008 "-" 21 0
Oct 6 22:57:24 standalone object-server[124796]: 172.20.0.100 - - [06/Oct/2025:22:57:24 +0000] "PUT /d1/182/AUTH_43d76d9b60be42dc84418a7271fa7c0a/glance/e6b58f44-eb33-4775-97c7-2dd2d75ed097" 201 - "PUT http://localhost:8080/v1/AUTH_43d76d9b60be42dc84418a7271fa7c0a/glance/e6b58f44-eb33-4775-97c7-2dd2d75ed097" "tx71fe111faca742c18dcc2-0068e44944" "proxy-server 12" 16.6241 "-" 25 0
Oct 6 22:57:24 standalone proxy-server[126715]: 172.18.0.2 ::1 06/Oct/2025/22/57/24 PUT /v1/AUTH_43d76d9b60be42dc84418a7271fa7c0a/glance/e6b58f44-eb33-4775-97c7-2dd2d75ed097 HTTP/1.0 201 - python-swiftclient-3.11.1 gAAAAABo5ElDR7Qe... 1445986304 - - tx71fe111faca742c18dcc2-0068e44944 - 16.6431 - - 1759791428.203258276 1759791444.846312284 0
Oct 6 22:58:34 standalone account-server[124468]: 172.20.0.100 - - [06/Oct/2025:22:58:34 +0000] "HEAD /d1/456/.expiring_objects" 404 - "HEAD http://localhost/v1/.expiring_objects?format=json" "tx0152c1053acb434d94f26-0068e4499a" "proxy-server 2" 0.0005 "-" 14 -
Oct 6 22:58:34 standalone object-expirer[124639]: Pass completed in 0s; 0 objects expired (txn: tx0152c1053acb434d94f26-0068e4499a)
Oct 6 22:59:11 standalone container-server[124533]: Begin container update sweep
Oct 6 22:59:11 standalone account-server[124483]: 172.20.0.100 - - [06/Oct/2025:22:59:11 +0000] "PUT /d1/661/AUTH_43d76d9b60be42dc84418a7271fa7c0a/glance" 201 - "-" "-" "container-updater 2" 0.0017 "-" 15 0
Oct 6 22:59:11 standalone container-server[124533]: Container update sweep completed: 0.15s
Oct 6 22:59:11 standalone account-server[124492]: 172.20.0.100 - - [06/Oct/2025:22:59:11 +0000] "HEAD /d1/456/.expiring_objects" 404 - "HEAD http://localhost/v1/.expiring_objects?format=json" "tx65d935dee8034055b754f-0068e449bf" "proxy-server 2" 0.0006 "-" 16 -
Oct 6 22:59:11 standalone object-expirer[124639]: Pass completed in 0s; 0 objects expired (txn: tx65d935dee8034055b754f-0068e449bf)
Oct 6 22:59:48 standalone account-server[124468]: 172.20.0.100 - - [06/Oct/2025:22:59:48 +0000] "HEAD /d1/456/.expiring_objects" 404 - "HEAD http://localhost/v1/.expiring_objects?format=json" "tx3bd72c9d0a6e471db5395-0068e449e4" "proxy-server 2" 0.0009 "-" 14 -
Oct 6 22:59:48 standalone object-expirer[124639]: Pass completed in 0s; 0 objects expired (txn: tx3bd72c9d0a6e471db5395-0068e449e4)
Oct 6 22:59:48 standalone object-server[124757]: Begin object update sweep
Oct 6 22:59:48 standalone object-server[194939]: Object update sweep starting on /srv/node/d1 (pid: 13)
Oct 6 22:59:48 standalone object-server[194939]: Object update sweep completed on /srv/node/d1 in 0.00s seconds:, 0 successes, 0 failures, 0 quarantines, 0 unlinks, 0 errors, 0 redirects (pid: 13)
Oct 6 22:59:48 standalone object-server[194939]: Object update sweep of d1 completed: 0.00s, 0 successes, 0 failures, 0 quarantines, 0 unlinks, 0 errors, 0 redirects
Oct 6 22:59:48 standalone object-server[124757]: Object update sweep completed: 0.14s
Oct 6 23:02:26 standalone account-server[124505]: 172.20.0.100 - - [06/Oct/2025:23:02:26 +0000] "HEAD /d1/661/AUTH_43d76d9b60be42dc84418a7271fa7c0a" 204 - "HEAD http://localhost:8080/v1/AUTH_43d76d9b60be42dc84418a7271fa7c0a?format=json" "tx473324c71f3e4030a6368-0068e44a82" "proxy-server 12" 0.0094 "-" 17 -
Oct 6 23:02:26 standalone proxy-server[126715]: - - 06/Oct/2025/23/02/26 HEAD /v1/AUTH_43d76d9b60be42dc84418a7271fa7c0a%3Fformat%3Djson HTTP/1.0 204 - Swift - - - - tx473324c71f3e4030a6368-0068e44a82 - 0.0165 RL - 1759791746.093549490 1759791746.110054970 -
Oct 6 23:02:26 standalone container-server[124631]: 172.20.0.100 - - [06/Oct/2025:23:02:26 +0000] "HEAD /d1/198/AUTH_43d76d9b60be42dc84418a7271fa7c0a/glance" 204 - "HEAD http://localhost:8080/v1/AUTH_43d76d9b60be42dc84418a7271fa7c0a/glance?format=json&states=listing" "tx473324c71f3e4030a6368-0068e44a82" "proxy-server 12" 0.0036 "-" 21 0
Oct 6 23:02:26 standalone proxy-server[126715]: 172.18.0.2 ::1 06/Oct/2025/23/02/26 HEAD /v1/AUTH_43d76d9b60be42dc84418a7271fa7c0a/glance%3Fformat%3Djson%26states%3Dlisting HTTP/1.0 204 - python-swiftclient-3.11.1 gAAAAABo5EqCVPNO... - - - tx473324c71f3e4030a6368-0068e44a82 - 0.1552 - - 1759791746.092011690 1759791746.247215271 0
Oct 6 23:02:29 standalone container-server[124609]: 172.20.0.100 - - [06/Oct/2025:23:02:29 +0000] "PUT /d1/198/AUTH_43d76d9b60be42dc84418a7271fa7c0a/glance/d6290f8d-88e8-44fa-b883-aa0a42cf5d77-00001" 201 - "PUT http://localhost:8080/d1/401/AUTH_43d76d9b60be42dc84418a7271fa7c0a/glance/d6290f8d-88e8-44fa-b883-aa0a42cf5d77-00001" "txabb3bf8b08b14bc3a1532-0068e44a82" "object-server 24" 0.0015 "-" 20 0
Oct 6 23:02:29 standalone object-server[124794]: 172.20.0.100 - - [06/Oct/2025:23:02:29 +0000] "PUT /d1/401/AUTH_43d76d9b60be42dc84418a7271fa7c0a/glance/d6290f8d-88e8-44fa-b883-aa0a42cf5d77-00001" 201 - "PUT http://localhost:8080/v1/AUTH_43d76d9b60be42dc84418a7271fa7c0a/glance/d6290f8d-88e8-44fa-b883-aa0a42cf5d77-00001" "txabb3bf8b08b14bc3a1532-0068e44a82" "proxy-server 12" 2.8379 "-" 24 0
Oct 6 23:02:29 standalone proxy-server[126715]: 172.18.0.2 ::1 06/Oct/2025/23/02/29 PUT /v1/AUTH_43d76d9b60be42dc84418a7271fa7c0a/glance/d6290f8d-88e8-44fa-b883-aa0a42cf5d77-00001 HTTP/1.0 201 - python-swiftclient-3.11.1 gAAAAABo5EqCVPNO... 21692416 - - txabb3bf8b08b14bc3a1532-0068e44a82 - 2.8523 - - 1759791746.259544373 1759791749.111852169 0
Oct 6 23:02:29 standalone container-server[124643]: 172.20.0.100 - - [06/Oct/2025:23:02:29 +0000] "PUT /d1/198/AUTH_43d76d9b60be42dc84418a7271fa7c0a/glance/d6290f8d-88e8-44fa-b883-aa0a42cf5d77" 201 - "PUT http://localhost:8080/d1/996/AUTH_43d76d9b60be42dc84418a7271fa7c0a/glance/d6290f8d-88e8-44fa-b883-aa0a42cf5d77" "tx3e66db2832294e0294d8a-0068e44a85" "object-server 22" 0.0017 "-" 23 0
Oct 6 23:02:29 standalone object-server[124791]: 172.20.0.100 - - [06/Oct/2025:23:02:29 +0000] "PUT /d1/996/AUTH_43d76d9b60be42dc84418a7271fa7c0a/glance/d6290f8d-88e8-44fa-b883-aa0a42cf5d77" 201 - "PUT http://localhost:8080/v1/AUTH_43d76d9b60be42dc84418a7271fa7c0a/glance/d6290f8d-88e8-44fa-b883-aa0a42cf5d77" "tx3e66db2832294e0294d8a-0068e44a85" "proxy-server 12" 0.0283 "-" 22 0
Oct 6 23:02:29 standalone proxy-server[126715]: 172.18.0.2 ::1 06/Oct/2025/23/02/29 PUT /v1/AUTH_43d76d9b60be42dc84418a7271fa7c0a/glance/d6290f8d-88e8-44fa-b883-aa0a42cf5d77 HTTP/1.0 201 - python-swiftclient-3.11.1 gAAAAABo5EqCVPNO... - - - tx3e66db2832294e0294d8a-0068e44a85 - 0.0383 - - 1759791749.118574381 1759791749.156841993 0
Oct 6 23:02:30 standalone container-server[124637]: 172.20.0.100 - - [06/Oct/2025:23:02:30 +0000] "HEAD /d1/261/AUTH_43d76d9b60be42dc84418a7271fa7c0a/gnocchi.fcfdb385-3fd1-4d9f-8b68-fe8f0c85d00e" 404 - "HEAD http://localhost:8080/v1/AUTH_43d76d9b60be42dc84418a7271fa7c0a/gnocchi.fcfdb385-3fd1-4d9f-8b68-fe8f0c85d00e?format=json&states=listing" "txf00acae2de7247f68c25e-0068e44a86" "proxy-server 12" 0.0013 "-" 22 0
Oct 6 23:02:30 standalone object-server[124791]: 172.20.0.100 - - [06/Oct/2025:23:02:30 +0000] "GET /d1/147/AUTH_43d76d9b60be42dc84418a7271fa7c0a/gnocchi.fcfdb385-3fd1-4d9f-8b68-fe8f0c85d00e/none_v3" 404 70 "GET http://localhost:8080/v1/AUTH_43d76d9b60be42dc84418a7271fa7c0a/gnocchi.fcfdb385-3fd1-4d9f-8b68-fe8f0c85d00e/none_v3" "txf00acae2de7247f68c25e-0068e44a86" "proxy-server 12" 0.0006 "-" 22 0
Oct 6 23:02:30 standalone proxy-server[126715]: 172.18.0.2 ::1 06/Oct/2025/23/02/30 GET /v1/AUTH_43d76d9b60be42dc84418a7271fa7c0a/gnocchi.fcfdb385-3fd1-4d9f-8b68-fe8f0c85d00e/none_v3 HTTP/1.0 404 - python-swiftclient-3.11.1 gAAAAABo5EqGfmnC... - 70 - txf00acae2de7247f68c25e-0068e44a86 - 0.0576 - - 1759791750.079985857 1759791750.137617826 0
Oct 6 23:02:30 standalone account-server[124468]: 172.20.0.100 - - [06/Oct/2025:23:02:30 +0000] "PUT /d1/661/AUTH_43d76d9b60be42dc84418a7271fa7c0a/gnocchi.fcfdb385-3fd1-4d9f-8b68-fe8f0c85d00e" 201 - "PUT http://172.20.0.100:6001/d1/261/AUTH_43d76d9b60be42dc84418a7271fa7c0a/gnocchi.fcfdb385-3fd1-4d9f-8b68-fe8f0c85d00e" "tx0560c3ba1ec04c2cbd0b6-0068e44a86" "container-server 20" 0.0018 "-" 14 0
Oct 6 23:02:30 standalone container-server[124609]: 172.20.0.100 - - [06/Oct/2025:23:02:30 +0000] "PUT /d1/261/AUTH_43d76d9b60be42dc84418a7271fa7c0a/gnocchi.fcfdb385-3fd1-4d9f-8b68-fe8f0c85d00e" 201 - "PUT http://localhost:8080/v1/AUTH_43d76d9b60be42dc84418a7271fa7c0a/gnocchi.fcfdb385-3fd1-4d9f-8b68-fe8f0c85d00e" "tx0560c3ba1ec04c2cbd0b6-0068e44a86" "proxy-server 12" 0.0238 "-" 20 0
Oct 6 23:02:30 standalone proxy-server[126715]: 172.18.0.2 ::1 06/Oct/2025/23/02/30 PUT /v1/AUTH_43d76d9b60be42dc84418a7271fa7c0a/gnocchi.fcfdb385-3fd1-4d9f-8b68-fe8f0c85d00e HTTP/1.0 201 - python-swiftclient-3.11.1 gAAAAABo5EqGfmnC... - - - tx0560c3ba1ec04c2cbd0b6-0068e44a86 - 0.0320 - - 1759791750.143425226 1759791750.175462484 0
Oct 6 23:02:30 standalone container-server[124631]: 172.20.0.100 - - [06/Oct/2025:23:02:30 +0000] "HEAD /d1/261/AUTH_43d76d9b60be42dc84418a7271fa7c0a/gnocchi.fcfdb385-3fd1-4d9f-8b68-fe8f0c85d00e" 204 - "HEAD http://localhost:8080/v1/AUTH_43d76d9b60be42dc84418a7271fa7c0a/gnocchi.fcfdb385-3fd1-4d9f-8b68-fe8f0c85d00e?format=json&states=listing" "tx714ff97dcc564de2aee3d-0068e44a86" "proxy-server 12" 0.0021 "-" 21 0
Oct 6 23:02:30 standalone proxy-server[126715]: - - 06/Oct/2025/23/02/30 HEAD /v1/AUTH_43d76d9b60be42dc84418a7271fa7c0a/gnocchi.fcfdb385-3fd1-4d9f-8b68-fe8f0c85d00e%3Fformat%3Djson%26states%3Dlisting HTTP/1.0 204 - Swift - - - - tx714ff97dcc564de2aee3d-0068e44a86 - 0.0065 RL - 1759791750.182892084 1759791750.189384937 0
Oct 6 23:02:30 standalone container-server[124637]: 172.20.0.100 - - [06/Oct/2025:23:02:30 +0000] "GET /d1/261/AUTH_43d76d9b60be42dc84418a7271fa7c0a/gnocchi.fcfdb385-3fd1-4d9f-8b68-fe8f0c85d00e" 200 2 "GET http://localhost:8080/v1/AUTH_43d76d9b60be42dc84418a7271fa7c0a/gnocchi.fcfdb385-3fd1-4d9f-8b68-fe8f0c85d00e?format=json&states=listing" "tx714ff97dcc564de2aee3d-0068e44a86" "proxy-server 12" 0.0049 "-" 22 0
Oct 6 23:02:30 standalone proxy-server[126715]: 172.18.0.2 ::1 06/Oct/2025/23/02/30 GET /v1/AUTH_43d76d9b60be42dc84418a7271fa7c0a/gnocchi.fcfdb385-3fd1-4d9f-8b68-fe8f0c85d00e%3Fformat%3Djson%26states%3Dlisting HTTP/1.0 200 - python-swiftclient-3.11.1 gAAAAABo5EqGfmnC... - 2 - tx714ff97dcc564de2aee3d-0068e44a86 - 0.0182 - - 1759791750.181870699 1759791750.200090647 0
Oct 6 23:02:30 standalone object-server[124791]: 172.20.0.100 - - [06/Oct/2025:23:02:30 +0000] "GET /d1/627/AUTH_43d76d9b60be42dc84418a7271fa7c0a/gnocchi.fcfdb385-3fd1-4d9f-8b68-fe8f0c85d00e/1759320000.0_mean_300.0_v3" 404 70 "GET http://localhost:8080/v1/AUTH_43d76d9b60be42dc84418a7271fa7c0a/gnocchi.fcfdb385-3fd1-4d9f-8b68-fe8f0c85d00e/1759320000.0_mean_300.0_v3" "txe3dc35cb3b78437cb02ba-0068e44a86" "proxy-server 12" 0.0003 "-" 22 0
Oct 6 23:02:30 standalone proxy-server[126715]: 172.18.0.2 ::1 06/Oct/2025/23/02/30 GET /v1/AUTH_43d76d9b60be42dc84418a7271fa7c0a/gnocchi.fcfdb385-3fd1-4d9f-8b68-fe8f0c85d00e/1759320000.0_mean_300.0_v3 HTTP/1.0 404 - python-swiftclient-3.11.1 gAAAAABo5EqGfmnC... - 70 - txe3dc35cb3b78437cb02ba-0068e44a86 - 0.0052 - - 1759791750.215031147 1759791750.220240831 0
Oct 6 23:02:30 standalone container-server[124631]: 172.20.0.100 - - [06/Oct/2025:23:02:30 +0000] "PUT /d1/261/AUTH_43d76d9b60be42dc84418a7271fa7c0a/gnocchi.fcfdb385-3fd1-4d9f-8b68-fe8f0c85d00e/1759320000.0_mean_300.0_v3" 201 - "PUT http://localhost:8080/d1/627/AUTH_43d76d9b60be42dc84418a7271fa7c0a/gnocchi.fcfdb385-3fd1-4d9f-8b68-fe8f0c85d00e/1759320000.0_mean_300.0_v3" "tx2028083034fe411b85ed6-0068e44a86" "object-server 24" 0.0009 "-" 21 0
Oct 6 23:02:30 standalone object-server[124794]: 172.20.0.100 - - [06/Oct/2025:23:02:30 +0000] "PUT /d1/627/AUTH_43d76d9b60be42dc84418a7271fa7c0a/gnocchi.fcfdb385-3fd1-4d9f-8b68-fe8f0c85d00e/1759320000.0_mean_300.0_v3" 201 - "PUT http://localhost:8080/v1/AUTH_43d76d9b60be42dc84418a7271fa7c0a/gnocchi.fcfdb385-3fd1-4d9f-8b68-fe8f0c85d00e/1759320000.0_mean_300.0_v3" "tx2028083034fe411b85ed6-0068e44a86" "proxy-server 12" 0.0238 "-" 24 0
Oct 6 23:02:30 standalone proxy-server[126715]: 172.18.0.2 ::1 06/Oct/2025/23/02/30 PUT /v1/AUTH_43d76d9b60be42dc84418a7271fa7c0a/gnocchi.fcfdb385-3fd1-4d9f-8b68-fe8f0c85d00e/1759320000.0_mean_300.0_v3 HTTP/1.0 201 - python-swiftclient-3.11.1 gAAAAABo5EqGfmnC... 16 - - tx2028083034fe411b85ed6-0068e44a86 - 0.0338 - - 1759791750.230906010 1759791750.264725685 0
Oct 6 23:02:30 standalone container-server[124637]: 172.20.0.100 - - [06/Oct/2025:23:02:30 +0000] "PUT /d1/261/AUTH_43d76d9b60be42dc84418a7271fa7c0a/gnocchi.fcfdb385-3fd1-4d9f-8b68-fe8f0c85d00e/none_v3" 201 - "PUT http://localhost:8080/d1/147/AUTH_43d76d9b60be42dc84418a7271fa7c0a/gnocchi.fcfdb385-3fd1-4d9f-8b68-fe8f0c85d00e/none_v3" "tx76dd946b696f4e22ae47e-0068e44a86" "object-server 21" 0.0007 "-" 22 0
Oct 6 23:02:30 standalone object-server[124790]: 172.20.0.100 - - [06/Oct/2025:23:02:30 +0000] "PUT /d1/147/AUTH_43d76d9b60be42dc84418a7271fa7c0a/gnocchi.fcfdb385-3fd1-4d9f-8b68-fe8f0c85d00e/none_v3" 201 - "PUT http://localhost:8080/v1/AUTH_43d76d9b60be42dc84418a7271fa7c0a/gnocchi.fcfdb385-3fd1-4d9f-8b68-fe8f0c85d00e/none_v3" "tx76dd946b696f4e22ae47e-0068e44a86" "proxy-server 12" 0.0381 "-" 21 0
Oct 6 23:02:30 standalone proxy-server[126715]: 172.18.0.2 ::1 06/Oct/2025/23/02/30 PUT /v1/AUTH_43d76d9b60be42dc84418a7271fa7c0a/gnocchi.fcfdb385-3fd1-4d9f-8b68-fe8f0c85d00e/none_v3 HTTP/1.0 201 - python-swiftclient-3.11.1 gAAAAABo5EqGfmnC... 22 - - tx76dd946b696f4e22ae47e-0068e44a86 - 0.0521 - - 1759791750.270501375 1759791750.322562218 0
Oct 6 23:02:59 standalone object-server[124790]: 172.20.0.100 - - [06/Oct/2025:23:02:59 +0000] "GET /d1/147/AUTH_43d76d9b60be42dc84418a7271fa7c0a/gnocchi.fcfdb385-3fd1-4d9f-8b68-fe8f0c85d00e/none_v3" 200 22 "GET http://localhost:8080/v1/AUTH_43d76d9b60be42dc84418a7271fa7c0a/gnocchi.fcfdb385-3fd1-4d9f-8b68-fe8f0c85d00e/none_v3" "tx378f3204a1e14536982e0-0068e44aa3" "proxy-server 12" 0.0014 "-" 21 0
Oct 6 23:02:59 standalone proxy-server[126715]: 172.18.0.2 ::1 06/Oct/2025/23/02/59 GET /v1/AUTH_43d76d9b60be42dc84418a7271fa7c0a/gnocchi.fcfdb385-3fd1-4d9f-8b68-fe8f0c85d00e/none_v3 HTTP/1.0 200 - python-swiftclient-3.11.1 gAAAAABo5EqGfmnC... - 22 - tx378f3204a1e14536982e0-0068e44aa3 - 0.0120 - - 1759791779.640090466 1759791779.652059555 0
Oct 6 23:02:59 standalone container-server[124609]: 172.20.0.100 - - [06/Oct/2025:23:02:59 +0000] "GET /d1/261/AUTH_43d76d9b60be42dc84418a7271fa7c0a/gnocchi.fcfdb385-3fd1-4d9f-8b68-fe8f0c85d00e" 200 357 "GET http://localhost:8080/v1/AUTH_43d76d9b60be42dc84418a7271fa7c0a/gnocchi.fcfdb385-3fd1-4d9f-8b68-fe8f0c85d00e?format=json&states=listing" "tx49f199a93a734c9fa0d7a-0068e44aa3" "proxy-server 12" 0.0225 "-" 20 0
Oct 6 23:02:59 standalone proxy-server[126715]: 172.18.0.2 ::1 06/Oct/2025/23/02/59 GET /v1/AUTH_43d76d9b60be42dc84418a7271fa7c0a/gnocchi.fcfdb385-3fd1-4d9f-8b68-fe8f0c85d00e%3Fformat%3Djson%26states%3Dlisting HTTP/1.0 200 - python-swiftclient-3.11.1 gAAAAABo5EqGfmnC... - 357 - tx49f199a93a734c9fa0d7a-0068e44aa3 - 0.0315 - - 1759791779.657138586 1759791779.688633919 0
Oct 6 23:02:59 standalone container-server[124637]: 172.20.0.100 - - [06/Oct/2025:23:02:59 +0000] "GET /d1/261/AUTH_43d76d9b60be42dc84418a7271fa7c0a/gnocchi.fcfdb385-3fd1-4d9f-8b68-fe8f0c85d00e" 200 2 "GET http://localhost:8080/v1/AUTH_43d76d9b60be42dc84418a7271fa7c0a/gnocchi.fcfdb385-3fd1-4d9f-8b68-fe8f0c85d00e?format=json&marker=none_v3&states=listing" "tx1a8471ed96834ac19b6b9-0068e44aa3" "proxy-server 12" 0.0038 "-" 22 0
Oct 6 23:02:59 standalone proxy-server[126715]: 172.18.0.2 ::1 06/Oct/2025/23/02/59 GET /v1/AUTH_43d76d9b60be42dc84418a7271fa7c0a/gnocchi.fcfdb385-3fd1-4d9f-8b68-fe8f0c85d00e%3Fformat%3Djson%26marker%3Dnone_v3%26states%3Dlisting HTTP/1.0 200 - python-swiftclient-3.11.1 gAAAAABo5EqGfmnC... - 2 - tx1a8471ed96834ac19b6b9-0068e44aa3 - 0.0168 - - 1759791779.692231655 1759791779.708991766 0
Oct 6 23:02:59 standalone object-server[124794]: 172.20.0.100 - - [06/Oct/2025:23:02:59 +0000] "GET /d1/627/AUTH_43d76d9b60be42dc84418a7271fa7c0a/gnocchi.fcfdb385-3fd1-4d9f-8b68-fe8f0c85d00e/1759320000.0_mean_300.0_v3" 200 16 "GET http://localhost:8080/v1/AUTH_43d76d9b60be42dc84418a7271fa7c0a/gnocchi.fcfdb385-3fd1-4d9f-8b68-fe8f0c85d00e/1759320000.0_mean_300.0_v3" "txa9c5e69554894caeac537-0068e44aa3" "proxy-server 12" 0.0011 "-" 24 0
Oct 6 23:02:59 standalone proxy-server[126715]: 172.18.0.2 ::1 06/Oct/2025/23/02/59 GET /v1/AUTH_43d76d9b60be42dc84418a7271fa7c0a/gnocchi.fcfdb385-3fd1-4d9f-8b68-fe8f0c85d00e/1759320000.0_mean_300.0_v3 HTTP/1.0 200 - python-swiftclient-3.11.1 gAAAAABo5EqGfmnC... - 16 - txa9c5e69554894caeac537-0068e44aa3 - 0.0074 - - 1759791779.713432550 1759791779.720859289 0
Oct 6 23:02:59 standalone container-server[124643]: 172.20.0.100 - - [06/Oct/2025:23:02:59 +0000] "PUT /d1/261/AUTH_43d76d9b60be42dc84418a7271fa7c0a/gnocchi.fcfdb385-3fd1-4d9f-8b68-fe8f0c85d00e/1759320000.0_mean_300.0_v3" 201 - "PUT http://localhost:8080/d1/627/AUTH_43d76d9b60be42dc84418a7271fa7c0a/gnocchi.fcfdb385-3fd1-4d9f-8b68-fe8f0c85d00e/1759320000.0_mean_300.0_v3" "tx286baaf1907a400b9a49c-0068e44aa3" "object-server 25" 0.0007 "-" 23 0
Oct 6 23:02:59 standalone object-server[124796]: 172.20.0.100 - - [06/Oct/2025:23:02:59 +0000] "PUT /d1/627/AUTH_43d76d9b60be42dc84418a7271fa7c0a/gnocchi.fcfdb385-3fd1-4d9f-8b68-fe8f0c85d00e/1759320000.0_mean_300.0_v3" 201 - "PUT http://localhost:8080/v1/AUTH_43d76d9b60be42dc84418a7271fa7c0a/gnocchi.fcfdb385-3fd1-4d9f-8b68-fe8f0c85d00e/1759320000.0_mean_300.0_v3" "tx286baaf1907a400b9a49c-0068e44aa3" "proxy-server 12" 0.0111 "-" 25 0
Oct 6 23:02:59 standalone proxy-server[126715]: 172.18.0.2 ::1 06/Oct/2025/23/02/59 PUT /v1/AUTH_43d76d9b60be42dc84418a7271fa7c0a/gnocchi.fcfdb385-3fd1-4d9f-8b68-fe8f0c85d00e/1759320000.0_mean_300.0_v3 HTTP/1.0 201 - python-swiftclient-3.11.1 gAAAAABo5EqGfmnC... 16 - - tx286baaf1907a400b9a49c-0068e44aa3 - 0.0171 - - 1759791779.724023581 1759791779.741166353 0
Oct 6 23:02:59 standalone container-server[124631]: 172.20.0.100 - - [06/Oct/2025:23:02:59 +0000] "PUT /d1/261/AUTH_43d76d9b60be42dc84418a7271fa7c0a/gnocchi.fcfdb385-3fd1-4d9f-8b68-fe8f0c85d00e/none_v3" 201 - "PUT http://localhost:8080/d1/147/AUTH_43d76d9b60be42dc84418a7271fa7c0a/gnocchi.fcfdb385-3fd1-4d9f-8b68-fe8f0c85d00e/none_v3" "tx002e4c79d6524f5aa2567-0068e44aa3" "object-server 24" 0.0007 "-" 21 0
Oct 6 23:02:59 standalone object-server[124794]: 172.20.0.100 - - [06/Oct/2025:23:02:59 +0000] "PUT /d1/147/AUTH_43d76d9b60be42dc84418a7271fa7c0a/gnocchi.fcfdb385-3fd1-4d9f-8b68-fe8f0c85d00e/none_v3" 201 - "PUT http://localhost:8080/v1/AUTH_43d76d9b60be42dc84418a7271fa7c0a/gnocchi.fcfdb385-3fd1-4d9f-8b68-fe8f0c85d00e/none_v3" "tx002e4c79d6524f5aa2567-0068e44aa3" "proxy-server 12" 0.0101 "-" 24 0
Oct 6 23:02:59 standalone proxy-server[126715]: 172.18.0.2 ::1 06/Oct/2025/23/02/59 PUT /v1/AUTH_43d76d9b60be42dc84418a7271fa7c0a/gnocchi.fcfdb385-3fd1-4d9f-8b68-fe8f0c85d00e/none_v3 HTTP/1.0 201 - python-swiftclient-3.11.1 gAAAAABo5EqGfmnC... 32 - - tx002e4c79d6524f5aa2567-0068e44aa3 - 0.0152 - - 1759791779.744481325 1759791779.759653330 0
Oct 6 23:03:33 standalone account-server[124505]: 172.20.0.100 - - [06/Oct/2025:23:03:33 +0000] "HEAD /d1/661/AUTH_43d76d9b60be42dc84418a7271fa7c0a" 204 - "HEAD http://localhost:8080/v1/AUTH_43d76d9b60be42dc84418a7271fa7c0a?format=json" "tx931071eb20f14471b733e-0068e44ac5" "proxy-server 12" 0.0052 "-" 17 -
Oct 6 23:03:33 standalone proxy-server[126715]: - - 06/Oct/2025/23/03/33 HEAD /v1/AUTH_43d76d9b60be42dc84418a7271fa7c0a%3Fformat%3Djson HTTP/1.0 204 - Swift - - - - tx931071eb20f14471b733e-0068e44ac5 - 0.0087 RL - 1759791813.809442759 1759791813.818190575 -
Oct 6 23:03:33 standalone container-server[124643]: 172.20.0.100 - - [06/Oct/2025:23:03:33 +0000] "HEAD /d1/198/AUTH_43d76d9b60be42dc84418a7271fa7c0a/glance" 204 - "HEAD http://localhost:8080/v1/AUTH_43d76d9b60be42dc84418a7271fa7c0a/glance?format=json&states=listing" "tx931071eb20f14471b733e-0068e44ac5" "proxy-server 12" 0.0132 "-" 23 0
Oct 6 23:03:33 standalone object-server[124796]: 172.20.0.100 - - [06/Oct/2025:23:03:33 +0000] "GET /d1/996/AUTH_43d76d9b60be42dc84418a7271fa7c0a/glance/d6290f8d-88e8-44fa-b883-aa0a42cf5d77" 200 - "GET http://localhost:8080/v1/AUTH_43d76d9b60be42dc84418a7271fa7c0a/glance/d6290f8d-88e8-44fa-b883-aa0a42cf5d77" "tx931071eb20f14471b733e-0068e44ac5" "proxy-server 12" 0.0010 "-" 25 0
Oct 6 23:03:33 standalone container-server[124631]: 172.20.0.100 - - [06/Oct/2025:23:03:33 +0000] "GET /d1/198/AUTH_43d76d9b60be42dc84418a7271fa7c0a/glance" 200 210 "GET http://localhost:8080/v1/AUTH_43d76d9b60be42dc84418a7271fa7c0a/glance?prefix=d6290f8d-88e8-44fa-b883-aa0a42cf5d77-&format=json&states=listing" "tx931071eb20f14471b733e-0068e44ac5" "proxy-server 12" 0.0021 "-" 21 0
Oct 6 23:03:33 standalone proxy-server[126715]: - - 06/Oct/2025/23/03/33 GET /v1/AUTH_43d76d9b60be42dc84418a7271fa7c0a/glance%3Fprefix%3Dd6290f8d-88e8-44fa-b883-aa0a42cf5d77-%26format%3Djson%26states%3Dlisting HTTP/1.0 200 - python-swiftclient-3.11.1%20DLO%20MultipartGET gAAAAABo5ErF27st... - 210 - tx931071eb20f14471b733e-0068e44ac5 - 0.0054 DLO - 1759791813.905266523 1759791813.910709143 0
Oct 6 23:03:33 standalone object-server[124790]: 172.20.0.100 - - [06/Oct/2025:23:03:33 +0000] "GET /d1/401/AUTH_43d76d9b60be42dc84418a7271fa7c0a/glance/d6290f8d-88e8-44fa-b883-aa0a42cf5d77-00001" 200 21692416 "GET http://localhost:8080/v1/AUTH_43d76d9b60be42dc84418a7271fa7c0a/glance/d6290f8d-88e8-44fa-b883-aa0a42cf5d77-00001?multipart-manifest=get" "tx931071eb20f14471b733e-0068e44ac5" "proxy-server 12" 0.0007 "-" 21 0
Oct 6 23:03:34 standalone proxy-server[126715]: - - 06/Oct/2025/23/03/33 GET /v1/AUTH_43d76d9b60be42dc84418a7271fa7c0a/glance/d6290f8d-88e8-44fa-b883-aa0a42cf5d77-00001%3Fmultipart-manifest%3Dget HTTP/1.0 200 - python-swiftclient-3.11.1%20%20DLO%20MultipartGET gAAAAABo5ErF27st... - 21692416 - tx931071eb20f14471b733e-0068e44ac5 - 0.0884 DLO - 1759791813.911444426 1759791813.999852896 0
Oct 6 23:03:34 standalone proxy-server[126715]: 172.18.0.2 ::1 06/Oct/2025/23/03/34 GET /v1/AUTH_43d76d9b60be42dc84418a7271fa7c0a/glance/d6290f8d-88e8-44fa-b883-aa0a42cf5d77 HTTP/1.0 200 - python-swiftclient-3.11.1 gAAAAABo5ErF27st... - 21692416 - tx931071eb20f14471b733e-0068e44ac5 - 0.1918 - - 1759791813.808628321 1759791814.000447273 0
Oct 6 23:03:34 standalone container-server[124609]: 172.20.0.100 - - [06/Oct/2025:23:03:34 +0000] "HEAD /d1/564/AUTH_43d76d9b60be42dc84418a7271fa7c0a/gnocchi.02697a6f-90f3-42c4-96a0-8eb1c9328a2b" 404 - "HEAD http://localhost:8080/v1/AUTH_43d76d9b60be42dc84418a7271fa7c0a/gnocchi.02697a6f-90f3-42c4-96a0-8eb1c9328a2b?format=json&states=listing" "tx751ef86c978649e7b372b-0068e44ac6" "proxy-server 12" 0.0009 "-" 20 0
Oct 6 23:03:34 standalone object-server[124794]: 172.20.0.100 - - [06/Oct/2025:23:03:34 +0000] "GET /d1/697/AUTH_43d76d9b60be42dc84418a7271fa7c0a/gnocchi.02697a6f-90f3-42c4-96a0-8eb1c9328a2b/none_v3" 404 70 "GET http://localhost:8080/v1/AUTH_43d76d9b60be42dc84418a7271fa7c0a/gnocchi.02697a6f-90f3-42c4-96a0-8eb1c9328a2b/none_v3" "tx751ef86c978649e7b372b-0068e44ac6" "proxy-server 12" 0.0004 "-" 24 0
Oct 6 23:03:34 standalone proxy-server[126715]: 172.18.0.2 ::1 06/Oct/2025/23/03/34 GET /v1/AUTH_43d76d9b60be42dc84418a7271fa7c0a/gnocchi.02697a6f-90f3-42c4-96a0-8eb1c9328a2b/none_v3 HTTP/1.0 404 - python-swiftclient-3.11.1 gAAAAABo5EqGfmnC... - 70 - tx751ef86c978649e7b372b-0068e44ac6 - 0.0100 - - 1759791814.222531319 1759791814.232486486 0
Oct 6 23:03:34 standalone account-server[124468]: 172.20.0.100 - - [06/Oct/2025:23:03:34 +0000] "PUT /d1/661/AUTH_43d76d9b60be42dc84418a7271fa7c0a/gnocchi.02697a6f-90f3-42c4-96a0-8eb1c9328a2b" 201 - "PUT http://172.20.0.100:6001/d1/564/AUTH_43d76d9b60be42dc84418a7271fa7c0a/gnocchi.02697a6f-90f3-42c4-96a0-8eb1c9328a2b" "txe827c672b25f44b8bfd08-0068e44ac6" "container-server 22" 0.0023 "-" 14 0
Oct 6 23:03:34 standalone container-server[124637]: 172.20.0.100 - - [06/Oct/2025:23:03:34 +0000] "PUT /d1/564/AUTH_43d76d9b60be42dc84418a7271fa7c0a/gnocchi.02697a6f-90f3-42c4-96a0-8eb1c9328a2b" 201 - "PUT http://localhost:8080/v1/AUTH_43d76d9b60be42dc84418a7271fa7c0a/gnocchi.02697a6f-90f3-42c4-96a0-8eb1c9328a2b" "txe827c672b25f44b8bfd08-0068e44ac6" "proxy-server 12" 0.0228 "-" 22 0
Oct 6 23:03:34 standalone proxy-server[126715]: 172.18.0.2 ::1 06/Oct/2025/23/03/34 PUT /v1/AUTH_43d76d9b60be42dc84418a7271fa7c0a/gnocchi.02697a6f-90f3-42c4-96a0-8eb1c9328a2b HTTP/1.0 201 - python-swiftclient-3.11.1 gAAAAABo5EqGfmnC... - - - txe827c672b25f44b8bfd08-0068e44ac6 - 0.0271 - - 1759791814.235497236 1759791814.262632847 0
Oct 6 23:03:34 standalone container-server[124637]: 172.20.0.100 - - [06/Oct/2025:23:03:34 +0000] "HEAD /d1/564/AUTH_43d76d9b60be42dc84418a7271fa7c0a/gnocchi.02697a6f-90f3-42c4-96a0-8eb1c9328a2b" 204 - "HEAD http://localhost:8080/v1/AUTH_43d76d9b60be42dc84418a7271fa7c0a/gnocchi.02697a6f-90f3-42c4-96a0-8eb1c9328a2b?format=json&states=listing" "txc4dbffd539b248b181d3c-0068e44ac6" "proxy-server 12" 0.0013 "-" 22 0
Oct 6 23:03:34 standalone proxy-server[126715]: - - 06/Oct/2025/23/03/34 HEAD /v1/AUTH_43d76d9b60be42dc84418a7271fa7c0a/gnocchi.02697a6f-90f3-42c4-96a0-8eb1c9328a2b%3Fformat%3Djson%26states%3Dlisting HTTP/1.0 204 - Swift - - - - txc4dbffd539b248b181d3c-0068e44ac6 - 0.0049 RL - 1759791814.266888142 1759791814.271785498 0
Oct 6 23:03:34 standalone container-server[124631]: 172.20.0.100 - - [06/Oct/2025:23:03:34 +0000] "GET /d1/564/AUTH_43d76d9b60be42dc84418a7271fa7c0a/gnocchi.02697a6f-90f3-42c4-96a0-8eb1c9328a2b" 200 2 "GET http://localhost:8080/v1/AUTH_43d76d9b60be42dc84418a7271fa7c0a/gnocchi.02697a6f-90f3-42c4-96a0-8eb1c9328a2b?format=json&states=listing" "txc4dbffd539b248b181d3c-0068e44ac6" "proxy-server 12" 0.0036 "-" 21 0
Oct 6 23:03:34 standalone proxy-server[126715]: 172.18.0.2 ::1 06/Oct/2025/23/03/34 GET /v1/AUTH_43d76d9b60be42dc84418a7271fa7c0a/gnocchi.02697a6f-90f3-42c4-96a0-8eb1c9328a2b%3Fformat%3Djson%26states%3Dlisting HTTP/1.0 200 - python-swiftclient-3.11.1 gAAAAABo5EqGfmnC... - 2 - txc4dbffd539b248b181d3c-0068e44ac6 - 0.0157 - - 1759791814.266027212 1759791814.281698704 0
Oct 6 23:03:34 standalone object-server[124790]: 172.20.0.100 - - [06/Oct/2025:23:03:34 +0000] "GET /d1/123/AUTH_43d76d9b60be42dc84418a7271fa7c0a/gnocchi.02697a6f-90f3-42c4-96a0-8eb1c9328a2b/1759320000.0_mean_300.0_v3" 404 70 "GET http://localhost:8080/v1/AUTH_43d76d9b60be42dc84418a7271fa7c0a/gnocchi.02697a6f-90f3-42c4-96a0-8eb1c9328a2b/1759320000.0_mean_300.0_v3" "tx089233f4691d4551a3ca8-0068e44ac6" "proxy-server 12" 0.0004 "-" 21 0
Oct 6 23:03:34 standalone proxy-server[126715]: 172.18.0.2 ::1 06/Oct/2025/23/03/34 GET /v1/AUTH_43d76d9b60be42dc84418a7271fa7c0a/gnocchi.02697a6f-90f3-42c4-96a0-8eb1c9328a2b/1759320000.0_mean_300.0_v3 HTTP/1.0 404 - python-swiftclient-3.11.1 gAAAAABo5EqGfmnC... - 70 - tx089233f4691d4551a3ca8-0068e44ac6 - 0.0048 - - 1759791814.285040140 1759791814.289862156 0
Oct 6 23:03:34 standalone container-server[124643]: 172.20.0.100 - - [06/Oct/2025:23:03:34 +0000] "PUT /d1/564/AUTH_43d76d9b60be42dc84418a7271fa7c0a/gnocchi.02697a6f-90f3-42c4-96a0-8eb1c9328a2b/1759320000.0_mean_300.0_v3" 201 - "PUT http://localhost:8080/d1/123/AUTH_43d76d9b60be42dc84418a7271fa7c0a/gnocchi.02697a6f-90f3-42c4-96a0-8eb1c9328a2b/1759320000.0_mean_300.0_v3" "tx49dde32d038041bfbe5d8-0068e44ac6" "object-server 24" 0.0009 "-" 23 0
Oct 6 23:03:34 standalone object-server[124794]: 172.20.0.100 - - [06/Oct/2025:23:03:34 +0000] "PUT /d1/123/AUTH_43d76d9b60be42dc84418a7271fa7c0a/gnocchi.02697a6f-90f3-42c4-96a0-8eb1c9328a2b/1759320000.0_mean_300.0_v3" 201 - "PUT http://localhost:8080/v1/AUTH_43d76d9b60be42dc84418a7271fa7c0a/gnocchi.02697a6f-90f3-42c4-96a0-8eb1c9328a2b/1759320000.0_mean_300.0_v3" "tx49dde32d038041bfbe5d8-0068e44ac6" "proxy-server 12" 0.0218 "-" 24 0
Oct 6 23:03:34 standalone proxy-server[126715]: 172.18.0.2 ::1 06/Oct/2025/23/03/34 PUT /v1/AUTH_43d76d9b60be42dc84418a7271fa7c0a/gnocchi.02697a6f-90f3-42c4-96a0-8eb1c9328a2b/1759320000.0_mean_300.0_v3 HTTP/1.0 201 - python-swiftclient-3.11.1 gAAAAABo5EqGfmnC... 16 - - tx49dde32d038041bfbe5d8-0068e44ac6 - 0.0257 - - 1759791814.292626143 1759791814.318299294 0
Oct 6 23:03:34 standalone container-server[124637]: 172.20.0.100 - - [06/Oct/2025:23:03:34 +0000] "PUT /d1/564/AUTH_43d76d9b60be42dc84418a7271fa7c0a/gnocchi.02697a6f-90f3-42c4-96a0-8eb1c9328a2b/none_v3" 201 - "PUT http://localhost:8080/d1/697/AUTH_43d76d9b60be42dc84418a7271fa7c0a/gnocchi.02697a6f-90f3-42c4-96a0-8eb1c9328a2b/none_v3" "tx98afb6f276e4477ca7f52-0068e44ac6" "object-server 24" 0.0010 "-" 22 0
Oct 6 23:03:34 standalone object-server[124794]: 172.20.0.100 - - [06/Oct/2025:23:03:34 +0000] "PUT /d1/697/AUTH_43d76d9b60be42dc84418a7271fa7c0a/gnocchi.02697a6f-90f3-42c4-96a0-8eb1c9328a2b/none_v3" 201 - "PUT http://localhost:8080/v1/AUTH_43d76d9b60be42dc84418a7271fa7c0a/gnocchi.02697a6f-90f3-42c4-96a0-8eb1c9328a2b/none_v3" "tx98afb6f276e4477ca7f52-0068e44ac6" "proxy-server 12" 0.0203 "-" 24 0
Oct 6 23:03:34 standalone proxy-server[126715]: 172.18.0.2 ::1 06/Oct/2025/23/03/34 PUT /v1/AUTH_43d76d9b60be42dc84418a7271fa7c0a/gnocchi.02697a6f-90f3-42c4-96a0-8eb1c9328a2b/none_v3 HTTP/1.0 201 - python-swiftclient-3.11.1 gAAAAABo5EqGfmnC... 22 - - tx98afb6f276e4477ca7f52-0068e44ac6 - 0.0247 - - 1759791814.320793390 1759791814.345509291 0
Oct 6 23:03:34 standalone container-server[124609]: 172.20.0.100 - - [06/Oct/2025:23:03:34 +0000] "HEAD /d1/135/AUTH_43d76d9b60be42dc84418a7271fa7c0a/gnocchi.fcfe546a-9e08-4b1f-9237-40868dee3ce1" 404 - "HEAD http://localhost:8080/v1/AUTH_43d76d9b60be42dc84418a7271fa7c0a/gnocchi.fcfe546a-9e08-4b1f-9237-40868dee3ce1?format=json&states=listing" "txa8f375280b434fe39e801-0068e44ac6" "proxy-server 12" 0.0006 "-" 20 0
Oct 6 23:03:34 standalone object-server[124796]: 172.20.0.100 - - [06/Oct/2025:23:03:34 +0000] "GET /d1/516/AUTH_43d76d9b60be42dc84418a7271fa7c0a/gnocchi.fcfe546a-9e08-4b1f-9237-40868dee3ce1/none_v3" 404 70 "GET http://localhost:8080/v1/AUTH_43d76d9b60be42dc84418a7271fa7c0a/gnocchi.fcfe546a-9e08-4b1f-9237-40868dee3ce1/none_v3" "txa8f375280b434fe39e801-0068e44ac6" "proxy-server 12" 0.0006 "-" 25 0
Oct 6 23:03:34 standalone proxy-server[126715]: 172.18.0.2 ::1 06/Oct/2025/23/03/34 GET /v1/AUTH_43d76d9b60be42dc84418a7271fa7c0a/gnocchi.fcfe546a-9e08-4b1f-9237-40868dee3ce1/none_v3 HTTP/1.0 404 - python-swiftclient-3.11.1 gAAAAABo5EqGfmnC... - 70 - txa8f375280b434fe39e801-0068e44ac6 - 0.0139 - - 1759791814.360549688 1759791814.374490261 0
Oct 6 23:03:34 standalone account-server[124483]: 172.20.0.100 - - [06/Oct/2025:23:03:34 +0000] "PUT /d1/661/AUTH_43d76d9b60be42dc84418a7271fa7c0a/gnocchi.fcfe546a-9e08-4b1f-9237-40868dee3ce1" 201 - "PUT http://172.20.0.100:6001/d1/135/AUTH_43d76d9b60be42dc84418a7271fa7c0a/gnocchi.fcfe546a-9e08-4b1f-9237-40868dee3ce1" "txbbd872ab3f834617b7649-0068e44ac6" "container-server 23" 0.0132 "-" 15 0
Oct 6 23:03:34 standalone container-server[124643]: 172.20.0.100 - - [06/Oct/2025:23:03:34 +0000] "PUT /d1/135/AUTH_43d76d9b60be42dc84418a7271fa7c0a/gnocchi.fcfe546a-9e08-4b1f-9237-40868dee3ce1" 201 - "PUT http://localhost:8080/v1/AUTH_43d76d9b60be42dc84418a7271fa7c0a/gnocchi.fcfe546a-9e08-4b1f-9237-40868dee3ce1" "txbbd872ab3f834617b7649-0068e44ac6" "proxy-server 12" 0.0368 "-" 23 0
Oct 6 23:03:34 standalone proxy-server[126715]: 172.18.0.2 ::1 06/Oct/2025/23/03/34 PUT /v1/AUTH_43d76d9b60be42dc84418a7271fa7c0a/gnocchi.fcfe546a-9e08-4b1f-9237-40868dee3ce1 HTTP/1.0 201 - python-swiftclient-3.11.1 gAAAAABo5EqGfmnC... - - - txbbd872ab3f834617b7649-0068e44ac6 - 0.0452 - - 1759791814.386866093 1759791814.432023287 0
Oct 6 23:03:34 standalone container-server[124643]: 172.20.0.100 - - [06/Oct/2025:23:03:34 +0000] "HEAD /d1/135/AUTH_43d76d9b60be42dc84418a7271fa7c0a/gnocchi.fcfe546a-9e08-4b1f-9237-40868dee3ce1" 204 - "HEAD http://localhost:8080/v1/AUTH_43d76d9b60be42dc84418a7271fa7c0a/gnocchi.fcfe546a-9e08-4b1f-9237-40868dee3ce1?format=json&states=listing" "txb1fba62d8f5547a6ae161-0068e44ac6" "proxy-server 12" 0.0022 "-" 23 0
Oct 6 23:03:34 standalone proxy-server[126715]: - - 06/Oct/2025/23/03/34 HEAD /v1/AUTH_43d76d9b60be42dc84418a7271fa7c0a/gnocchi.fcfe546a-9e08-4b1f-9237-40868dee3ce1%3Fformat%3Djson%26states%3Dlisting HTTP/1.0 204 - Swift - - - - txb1fba62d8f5547a6ae161-0068e44ac6 - 0.0077 RL - 1759791814.439536095 1759791814.447197437 0
Oct 6 23:03:34 standalone container-server[124631]: 172.20.0.100 - - [06/Oct/2025:23:03:34 +0000] "GET /d1/135/AUTH_43d76d9b60be42dc84418a7271fa7c0a/gnocchi.fcfe546a-9e08-4b1f-9237-40868dee3ce1" 200 2 "GET http://localhost:8080/v1/AUTH_43d76d9b60be42dc84418a7271fa7c0a/gnocchi.fcfe546a-9e08-4b1f-9237-40868dee3ce1?format=json&states=listing" "txb1fba62d8f5547a6ae161-0068e44ac6" "proxy-server 12" 0.0034 "-" 21 0
Oct 6 23:03:34 standalone proxy-server[126715]: 172.18.0.2 ::1 06/Oct/2025/23/03/34 GET /v1/AUTH_43d76d9b60be42dc84418a7271fa7c0a/gnocchi.fcfe546a-9e08-4b1f-9237-40868dee3ce1%3Fformat%3Djson%26states%3Dlisting HTTP/1.0 200 - python-swiftclient-3.11.1 gAAAAABo5EqGfmnC... - 2 - txb1fba62d8f5547a6ae161-0068e44ac6 - 0.0230 - - 1759791814.437520027 1759791814.460533619 0
Oct 6 23:03:34 standalone object-server[124790]: 172.20.0.100 - - [06/Oct/2025:23:03:34 +0000] "GET /d1/198/AUTH_43d76d9b60be42dc84418a7271fa7c0a/gnocchi.fcfe546a-9e08-4b1f-9237-40868dee3ce1/1759320000.0_mean_300.0_v3" 404 70 "GET http://localhost:8080/v1/AUTH_43d76d9b60be42dc84418a7271fa7c0a/gnocchi.fcfe546a-9e08-4b1f-9237-40868dee3ce1/1759320000.0_mean_300.0_v3" "tx54ea5580735641079079f-0068e44ac6" "proxy-server 12" 0.0004 "-" 21 0
Oct 6 23:03:34 standalone proxy-server[126715]: 172.18.0.2 ::1 06/Oct/2025/23/03/34 GET /v1/AUTH_43d76d9b60be42dc84418a7271fa7c0a/gnocchi.fcfe546a-9e08-4b1f-9237-40868dee3ce1/1759320000.0_mean_300.0_v3 HTTP/1.0 404 - python-swiftclient-3.11.1 gAAAAABo5EqGfmnC... - 70 - tx54ea5580735641079079f-0068e44ac6 - 0.0085 - - 1759791814.466701031 1759791814.475195885 0
Oct 6 23:03:34 standalone container-server[124631]: 172.20.0.100 - - [06/Oct/2025:23:03:34 +0000] "PUT /d1/135/AUTH_43d76d9b60be42dc84418a7271fa7c0a/gnocchi.fcfe546a-9e08-4b1f-9237-40868dee3ce1/1759320000.0_mean_300.0_v3" 201 - "PUT http://localhost:8080/d1/198/AUTH_43d76d9b60be42dc84418a7271fa7c0a/gnocchi.fcfe546a-9e08-4b1f-9237-40868dee3ce1/1759320000.0_mean_300.0_v3" "tx12f865a5fd11405bb4672-0068e44ac6" "object-server 21" 0.0006 "-" 21 0
Oct 6 23:03:34 standalone object-server[124790]: 172.20.0.100 - - [06/Oct/2025:23:03:34 +0000] "PUT /d1/198/AUTH_43d76d9b60be42dc84418a7271fa7c0a/gnocchi.fcfe546a-9e08-4b1f-9237-40868dee3ce1/1759320000.0_mean_300.0_v3" 201 - "PUT http://localhost:8080/v1/AUTH_43d76d9b60be42dc84418a7271fa7c0a/gnocchi.fcfe546a-9e08-4b1f-9237-40868dee3ce1/1759320000.0_mean_300.0_v3" "tx12f865a5fd11405bb4672-0068e44ac6" "proxy-server 12" 0.0110 "-" 21 0
Oct 6 23:03:34 standalone proxy-server[126715]: 172.18.0.2 ::1 06/Oct/2025/23/03/34 PUT /v1/AUTH_43d76d9b60be42dc84418a7271fa7c0a/gnocchi.fcfe546a-9e08-4b1f-9237-40868dee3ce1/1759320000.0_mean_300.0_v3 HTTP/1.0 201 - python-swiftclient-3.11.1 gAAAAABo5EqGfmnC... 16 - - tx12f865a5fd11405bb4672-0068e44ac6 - 0.0195 - - 1759791814.479626656 1759791814.499082565 0
Oct 6 23:03:34 standalone container-server[124609]: 172.20.0.100 - - [06/Oct/2025:23:03:34 +0000] "PUT /d1/135/AUTH_43d76d9b60be42dc84418a7271fa7c0a/gnocchi.fcfe546a-9e08-4b1f-9237-40868dee3ce1/none_v3" 201 - "PUT http://localhost:8080/d1/516/AUTH_43d76d9b60be42dc84418a7271fa7c0a/gnocchi.fcfe546a-9e08-4b1f-9237-40868dee3ce1/none_v3" "txac602c470ff8426a820bb-0068e44ac6" "object-server 25" 0.0009 "-" 20 0
Oct 6 23:03:34 standalone object-server[124796]: 172.20.0.100 - - [06/Oct/2025:23:03:34 +0000] "PUT /d1/516/AUTH_43d76d9b60be42dc84418a7271fa7c0a/gnocchi.fcfe546a-9e08-4b1f-9237-40868dee3ce1/none_v3" 201 - "PUT http://localhost:8080/v1/AUTH_43d76d9b60be42dc84418a7271fa7c0a/gnocchi.fcfe546a-9e08-4b1f-9237-40868dee3ce1/none_v3" "txac602c470ff8426a820bb-0068e44ac6" "proxy-server 12" 0.0137 "-" 25 0
Oct 6 23:03:34 standalone proxy-server[126715]: 172.18.0.2 ::1 06/Oct/2025/23/03/34 PUT /v1/AUTH_43d76d9b60be42dc84418a7271fa7c0a/gnocchi.fcfe546a-9e08-4b1f-9237-40868dee3ce1/none_v3 HTTP/1.0 201 - python-swiftclient-3.11.1 gAAAAABo5EqGfmnC... 22 - - txac602c470ff8426a820bb-0068e44ac6 - 0.0254 - - 1759791814.505147934 1759791814.530501842 0
Oct 6 23:03:39 standalone container-server[124643]: 172.20.0.100 - - [06/Oct/2025:23:03:39 +0000] "HEAD /d1/881/AUTH_43d76d9b60be42dc84418a7271fa7c0a/gnocchi.84b0214c-0eb1-4435-a563-682c4b81d218" 404 - "HEAD http://localhost:8080/v1/AUTH_43d76d9b60be42dc84418a7271fa7c0a/gnocchi.84b0214c-0eb1-4435-a563-682c4b81d218?format=json&states=listing" "txc3768ca2380e4ab693a26-0068e44acb" "proxy-server 12" 0.0009 "-" 23 0
Oct 6 23:03:39 standalone object-server[124790]: 172.20.0.100 - - [06/Oct/2025:23:03:39 +0000] "GET /d1/62/AUTH_43d76d9b60be42dc84418a7271fa7c0a/gnocchi.84b0214c-0eb1-4435-a563-682c4b81d218/none_v3" 404 70 "GET http://localhost:8080/v1/AUTH_43d76d9b60be42dc84418a7271fa7c0a/gnocchi.84b0214c-0eb1-4435-a563-682c4b81d218/none_v3" "txc3768ca2380e4ab693a26-0068e44acb" "proxy-server 12" 0.0006 "-" 21 0
Oct 6 23:03:39 standalone proxy-server[126715]: 172.18.0.2 ::1 06/Oct/2025/23/03/39 GET /v1/AUTH_43d76d9b60be42dc84418a7271fa7c0a/gnocchi.84b0214c-0eb1-4435-a563-682c4b81d218/none_v3 HTTP/1.0 404 - python-swiftclient-3.11.1 gAAAAABo5EqGfmnC... - 70 - txc3768ca2380e4ab693a26-0068e44acb - 0.0173 - - 1759791819.691704273 1759791819.709023237 0
Oct 6 23:03:39 standalone account-server[124492]: 172.20.0.100 - - [06/Oct/2025:23:03:39 +0000] "PUT /d1/661/AUTH_43d76d9b60be42dc84418a7271fa7c0a/gnocchi.84b0214c-0eb1-4435-a563-682c4b81d218" 201 - "PUT http://172.20.0.100:6001/d1/881/AUTH_43d76d9b60be42dc84418a7271fa7c0a/gnocchi.84b0214c-0eb1-4435-a563-682c4b81d218" "tx82a7cbcc1e61425d806d5-0068e44acb" "container-server 23" 0.0080 "-" 16 0
Oct 6 23:03:39 standalone container-server[124643]: 172.20.0.100 - - [06/Oct/2025:23:03:39 +0000] "PUT /d1/881/AUTH_43d76d9b60be42dc84418a7271fa7c0a/gnocchi.84b0214c-0eb1-4435-a563-682c4b81d218" 201 - "PUT http://localhost:8080/v1/AUTH_43d76d9b60be42dc84418a7271fa7c0a/gnocchi.84b0214c-0eb1-4435-a563-682c4b81d218" "tx82a7cbcc1e61425d806d5-0068e44acb" "proxy-server 12" 0.0264 "-" 23 0
Oct 6 23:03:39 standalone proxy-server[126715]: 172.18.0.2 ::1 06/Oct/2025/23/03/39 PUT /v1/AUTH_43d76d9b60be42dc84418a7271fa7c0a/gnocchi.84b0214c-0eb1-4435-a563-682c4b81d218 HTTP/1.0 201 - python-swiftclient-3.11.1 gAAAAABo5EqGfmnC... - - - tx82a7cbcc1e61425d806d5-0068e44acb - 0.0365 - - 1759791819.715556860 1759791819.752018929 0
Oct 6 23:03:39 standalone container-server[124643]: 172.20.0.100 - - [06/Oct/2025:23:03:39 +0000] "HEAD /d1/850/AUTH_43d76d9b60be42dc84418a7271fa7c0a/gnocchi.c5cacc32-8d3d-4515-afcd-795aae649298" 404 - "HEAD http://localhost:8080/v1/AUTH_43d76d9b60be42dc84418a7271fa7c0a/gnocchi.c5cacc32-8d3d-4515-afcd-795aae649298?format=json&states=listing" "tx56c3b71a77d54301a253d-0068e44acb" "proxy-server 12" 0.0008 "-" 23 0
Oct 6 23:03:39 standalone object-server[124791]: 172.20.0.100 - - [06/Oct/2025:23:03:39 +0000] "GET /d1/385/AUTH_43d76d9b60be42dc84418a7271fa7c0a/gnocchi.c5cacc32-8d3d-4515-afcd-795aae649298/none_v3" 404 70 "GET http://localhost:8080/v1/AUTH_43d76d9b60be42dc84418a7271fa7c0a/gnocchi.c5cacc32-8d3d-4515-afcd-795aae649298/none_v3" "tx56c3b71a77d54301a253d-0068e44acb" "proxy-server 12" 0.0004 "-" 22 0
