Feb 19 19:45:40 standalone container-server[126951]: 172.20.0.100 - - [19/Feb/2026:19:45:40 +0000] "PUT /d1/692/AUTH_d2ec34d46b3b47c1aaecc938c7c0edf5/gnocchi.0ccb7462-be7b-493e-8c3a-444be404c6aa/1771200000.0_mean_300.0_v3" 201 - "PUT http://172.18.0.2:8080/d1/359/AUTH_d2ec34d46b3b47c1aaecc938c7c0edf5/gnocchi.0ccb7462-be7b-493e-8c3a-444be404c6aa/1771200000.0_mean_300.0_v3" "tx2c3a4bfc50484648bee9a-0069976864" "object-server 22" 0.0006 "-" 20 0
Feb 19 19:45:40 standalone object-server[127250]: 172.20.0.100 - - [19/Feb/2026:19:45:40 +0000] "PUT /d1/359/AUTH_d2ec34d46b3b47c1aaecc938c7c0edf5/gnocchi.0ccb7462-be7b-493e-8c3a-444be404c6aa/1771200000.0_mean_300.0_v3" 201 - "PUT http://172.18.0.2:8080/v1/AUTH_d2ec34d46b3b47c1aaecc938c7c0edf5/gnocchi.0ccb7462-be7b-493e-8c3a-444be404c6aa/1771200000.0_mean_300.0_v3" "tx2c3a4bfc50484648bee9a-0069976864" "proxy-server 12" 0.0096 "-" 22 0
Feb 19 19:45:40 standalone proxy-server[129077]: 172.18.0.2 172.18.0.100 19/Feb/2026/19/45/40 PUT /v1/AUTH_d2ec34d46b3b47c1aaecc938c7c0edf5/gnocchi.0ccb7462-be7b-493e-8c3a-444be404c6aa/1771200000.0_mean_300.0_v3 HTTP/1.0 201 - python-swiftclient-3.11.1 gAAAAABpl2fpU86I... 24 - - tx2c3a4bfc50484648bee9a-0069976864 - 0.0156 - - 1771530340.443330050 1771530340.458892822 0
Feb 19 19:45:40 standalone container-server[126938]: 172.20.0.100 - - [19/Feb/2026:19:45:40 +0000] "PUT /d1/692/AUTH_d2ec34d46b3b47c1aaecc938c7c0edf5/gnocchi.0ccb7462-be7b-493e-8c3a-444be404c6aa/none_v3" 201 - "PUT http://172.18.0.2:8080/d1/764/AUTH_d2ec34d46b3b47c1aaecc938c7c0edf5/gnocchi.0ccb7462-be7b-493e-8c3a-444be404c6aa/none_v3" "tx375133541f31448595661-0069976864" "object-server 24" 0.0009 "-" 18 0
Feb 19 19:45:40 standalone object-server[127252]: 172.20.0.100 - - [19/Feb/2026:19:45:40 +0000] "PUT /d1/764/AUTH_d2ec34d46b3b47c1aaecc938c7c0edf5/gnocchi.0ccb7462-be7b-493e-8c3a-444be404c6aa/none_v3" 201 - "PUT http://172.18.0.2:8080/v1/AUTH_d2ec34d46b3b47c1aaecc938c7c0edf5/gnocchi.0ccb7462-be7b-493e-8c3a-444be404c6aa/none_v3" "tx375133541f31448595661-0069976864" "proxy-server 12" 0.0097 "-" 24 0
Feb 19 19:45:40 standalone proxy-server[129077]: 172.18.0.2 172.18.0.100 19/Feb/2026/19/45/40 PUT /v1/AUTH_d2ec34d46b3b47c1aaecc938c7c0edf5/gnocchi.0ccb7462-be7b-493e-8c3a-444be404c6aa/none_v3 HTTP/1.0 201 - python-swiftclient-3.11.1 gAAAAABpl2fpU86I... 33 - - tx375133541f31448595661-0069976864 - 0.0170 - - 1771530340.462899446 1771530340.479937553 0
Feb 19 19:45:40 standalone object-server[127251]: 172.20.0.100 - - [19/Feb/2026:19:45:40 +0000] "GET /d1/783/AUTH_d2ec34d46b3b47c1aaecc938c7c0edf5/gnocchi.346fd73c-5195-423a-9e7d-9d5259c3b47c/none_v3" 200 22 "GET http://172.18.0.2:8080/v1/AUTH_d2ec34d46b3b47c1aaecc938c7c0edf5/gnocchi.346fd73c-5195-423a-9e7d-9d5259c3b47c/none_v3" "tx54257ece18114cefbe0c6-0069976864" "proxy-server 12" 0.0010 "-" 23 0
Feb 19 19:45:40 standalone proxy-server[129077]: 172.18.0.2 172.18.0.100 19/Feb/2026/19/45/40 GET /v1/AUTH_d2ec34d46b3b47c1aaecc938c7c0edf5/gnocchi.346fd73c-5195-423a-9e7d-9d5259c3b47c/none_v3 HTTP/1.0 200 - python-swiftclient-3.11.1 gAAAAABpl2fpU86I... - 22 - tx54257ece18114cefbe0c6-0069976864 - 0.0087 - - 1771530340.492706299 1771530340.501396894 0
Feb 19 19:45:40 standalone object-server[127252]: 172.20.0.100 - - [19/Feb/2026:19:45:40 +0000] "GET /d1/760/AUTH_d2ec34d46b3b47c1aaecc938c7c0edf5/gnocchi.fd0f65d8-1b89-40dd-8ec4-a8c50e81dd7c/none_v3" 200 22 "GET http://172.18.0.2:8080/v1/AUTH_d2ec34d46b3b47c1aaecc938c7c0edf5/gnocchi.fd0f65d8-1b89-40dd-8ec4-a8c50e81dd7c/none_v3" "txea7cf3a102f04b7f96b09-0069976864" "proxy-server 12" 0.0007 "-" 24 0
Feb 19 19:45:40 standalone proxy-server[129077]: 172.18.0.2 172.18.0.100 19/Feb/2026/19/45/40 GET /v1/AUTH_d2ec34d46b3b47c1aaecc938c7c0edf5/gnocchi.fd0f65d8-1b89-40dd-8ec4-a8c50e81dd7c/none_v3 HTTP/1.0 200 - python-swiftclient-3.11.1 gAAAAABpl2fpU86I... - 22 - txea7cf3a102f04b7f96b09-0069976864 - 0.0069 - - 1771530340.504523039 1771530340.511403799 0
Feb 19 19:45:40 standalone container-server[126951]: 172.20.0.100 - - [19/Feb/2026:19:45:40 +0000] "GET /d1/523/AUTH_d2ec34d46b3b47c1aaecc938c7c0edf5/gnocchi.346fd73c-5195-423a-9e7d-9d5259c3b47c" 200 357 "GET http://172.18.0.2:8080/v1/AUTH_d2ec34d46b3b47c1aaecc938c7c0edf5/gnocchi.346fd73c-5195-423a-9e7d-9d5259c3b47c?format=json&states=listing" "tx7118901bb33a409995db8-0069976864" "proxy-server 12" 0.0076 "-" 20 0
Feb 19 19:45:40 standalone proxy-server[129077]: 172.18.0.2 172.18.0.100 19/Feb/2026/19/45/40 GET /v1/AUTH_d2ec34d46b3b47c1aaecc938c7c0edf5/gnocchi.346fd73c-5195-423a-9e7d-9d5259c3b47c%3Fformat%3Djson%26states%3Dlisting HTTP/1.0 200 - python-swiftclient-3.11.1 gAAAAABpl2fpU86I... - 357 - tx7118901bb33a409995db8-0069976864 - 0.0141 - - 1771530340.515042782 1771530340.529109716 0
Feb 19 19:45:40 standalone container-server[126946]: 172.20.0.100 - - [19/Feb/2026:19:45:40 +0000] "GET /d1/523/AUTH_d2ec34d46b3b47c1aaecc938c7c0edf5/gnocchi.346fd73c-5195-423a-9e7d-9d5259c3b47c" 200 2 "GET http://172.18.0.2:8080/v1/AUTH_d2ec34d46b3b47c1aaecc938c7c0edf5/gnocchi.346fd73c-5195-423a-9e7d-9d5259c3b47c?format=json&marker=none_v3&states=listing" "txc3681e1b54a847b4bb259-0069976864" "proxy-server 12" 0.0024 "-" 19 0
Feb 19 19:45:40 standalone proxy-server[129077]: 172.18.0.2 172.18.0.100 19/Feb/2026/19/45/40 GET /v1/AUTH_d2ec34d46b3b47c1aaecc938c7c0edf5/gnocchi.346fd73c-5195-423a-9e7d-9d5259c3b47c%3Fformat%3Djson%26marker%3Dnone_v3%26states%3Dlisting HTTP/1.0 200 - python-swiftclient-3.11.1 gAAAAABpl2fpU86I... - 2 - txc3681e1b54a847b4bb259-0069976864 - 0.0088 - - 1771530340.532177448 1771530340.540981293 0
Feb 19 19:45:40 standalone container-server[126951]: 172.20.0.100 - - [19/Feb/2026:19:45:40 +0000] "GET /d1/976/AUTH_d2ec34d46b3b47c1aaecc938c7c0edf5/gnocchi.fd0f65d8-1b89-40dd-8ec4-a8c50e81dd7c" 200 357 "GET http://172.18.0.2:8080/v1/AUTH_d2ec34d46b3b47c1aaecc938c7c0edf5/gnocchi.fd0f65d8-1b89-40dd-8ec4-a8c50e81dd7c?format=json&states=listing" "tx9eb3c23aae284225a1018-0069976864" "proxy-server 12" 0.0070 "-" 20 0
Feb 19 19:45:40 standalone proxy-server[129077]: 172.18.0.2 172.18.0.100 19/Feb/2026/19/45/40 GET /v1/AUTH_d2ec34d46b3b47c1aaecc938c7c0edf5/gnocchi.fd0f65d8-1b89-40dd-8ec4-a8c50e81dd7c%3Fformat%3Djson%26states%3Dlisting HTTP/1.0 200 - python-swiftclient-3.11.1 gAAAAABpl2fpU86I... - 357 - tx9eb3c23aae284225a1018-0069976864 - 0.0134 - - 1771530340.545982122 1771530340.559430122 0
Feb 19 19:45:40 standalone container-server[126938]: 172.20.0.100 - - [19/Feb/2026:19:45:40 +0000] "GET /d1/976/AUTH_d2ec34d46b3b47c1aaecc938c7c0edf5/gnocchi.fd0f65d8-1b89-40dd-8ec4-a8c50e81dd7c" 200 2 "GET http://172.18.0.2:8080/v1/AUTH_d2ec34d46b3b47c1aaecc938c7c0edf5/gnocchi.fd0f65d8-1b89-40dd-8ec4-a8c50e81dd7c?format=json&marker=none_v3&states=listing" "txd3c0993393164bc58db75-0069976864" "proxy-server 12" 0.0036 "-" 18 0
Feb 19 19:45:40 standalone proxy-server[129077]: 172.18.0.2 172.18.0.100 19/Feb/2026/19/45/40 GET /v1/AUTH_d2ec34d46b3b47c1aaecc938c7c0edf5/gnocchi.fd0f65d8-1b89-40dd-8ec4-a8c50e81dd7c%3Fformat%3Djson%26marker%3Dnone_v3%26states%3Dlisting HTTP/1.0 200 - python-swiftclient-3.11.1 gAAAAABpl2fpU86I... - 2 - txd3c0993393164bc58db75-0069976864 - 0.0104 - - 1771530340.561889172 1771530340.572313070 0
Feb 19 19:45:40 standalone object-server[127252]: 172.20.0.100 - - [19/Feb/2026:19:45:40 +0000] "GET /d1/182/AUTH_d2ec34d46b3b47c1aaecc938c7c0edf5/gnocchi.346fd73c-5195-423a-9e7d-9d5259c3b47c/1771200000.0_mean_300.0_v3" 200 16 "GET http://172.18.0.2:8080/v1/AUTH_d2ec34d46b3b47c1aaecc938c7c0edf5/gnocchi.346fd73c-5195-423a-9e7d-9d5259c3b47c/1771200000.0_mean_300.0_v3" "tx4813db31b47846df9dc20-0069976864" "proxy-server 12" 0.0008 "-" 24 0
Feb 19 19:45:40 standalone proxy-server[129077]: 172.18.0.2 172.18.0.100 19/Feb/2026/19/45/40 GET /v1/AUTH_d2ec34d46b3b47c1aaecc938c7c0edf5/gnocchi.346fd73c-5195-423a-9e7d-9d5259c3b47c/1771200000.0_mean_300.0_v3 HTTP/1.0 200 - python-swiftclient-3.11.1 gAAAAABpl2fpU86I... - 16 - tx4813db31b47846df9dc20-0069976864 - 0.0072 - - 1771530340.575011253 1771530340.582216740 0
Feb 19 19:45:40 standalone object-server[127252]: 172.20.0.100 - - [19/Feb/2026:19:45:40 +0000] "GET /d1/88/AUTH_d2ec34d46b3b47c1aaecc938c7c0edf5/gnocchi.fd0f65d8-1b89-40dd-8ec4-a8c50e81dd7c/1771200000.0_mean_300.0_v3" 200 24 "GET http://172.18.0.2:8080/v1/AUTH_d2ec34d46b3b47c1aaecc938c7c0edf5/gnocchi.fd0f65d8-1b89-40dd-8ec4-a8c50e81dd7c/1771200000.0_mean_300.0_v3" "tx2318a3c4f7a04e4f8cd00-0069976864" "proxy-server 12" 0.0005 "-" 24 0
Feb 19 19:45:40 standalone proxy-server[129077]: 172.18.0.2 172.18.0.100 19/Feb/2026/19/45/40 GET /v1/AUTH_d2ec34d46b3b47c1aaecc938c7c0edf5/gnocchi.fd0f65d8-1b89-40dd-8ec4-a8c50e81dd7c/1771200000.0_mean_300.0_v3 HTTP/1.0 200 - python-swiftclient-3.11.1 gAAAAABpl2fpU86I... - 24 - tx2318a3c4f7a04e4f8cd00-0069976864 - 0.0071 - - 1771530340.585336685 1771530340.592412233 0
Feb 19 19:45:40 standalone container-server[126946]: 172.20.0.100 - - [19/Feb/2026:19:45:40 +0000] "PUT /d1/523/AUTH_d2ec34d46b3b47c1aaecc938c7c0edf5/gnocchi.346fd73c-5195-423a-9e7d-9d5259c3b47c/1771200000.0_mean_300.0_v3" 201 - "PUT http://172.18.0.2:8080/d1/182/AUTH_d2ec34d46b3b47c1aaecc938c7c0edf5/gnocchi.346fd73c-5195-423a-9e7d-9d5259c3b47c/1771200000.0_mean_300.0_v3" "txeb62acbfbbdb45b9bfb44-0069976864" "object-server 23" 0.0007 "-" 19 0
Feb 19 19:45:40 standalone object-server[127251]: 172.20.0.100 - - [19/Feb/2026:19:45:40 +0000] "PUT /d1/182/AUTH_d2ec34d46b3b47c1aaecc938c7c0edf5/gnocchi.346fd73c-5195-423a-9e7d-9d5259c3b47c/1771200000.0_mean_300.0_v3" 201 - "PUT http://172.18.0.2:8080/v1/AUTH_d2ec34d46b3b47c1aaecc938c7c0edf5/gnocchi.346fd73c-5195-423a-9e7d-9d5259c3b47c/1771200000.0_mean_300.0_v3" "txeb62acbfbbdb45b9bfb44-0069976864" "proxy-server 12" 0.0109 "-" 23 0
Feb 19 19:45:40 standalone proxy-server[129077]: 172.18.0.2 172.18.0.100 19/Feb/2026/19/45/40 PUT /v1/AUTH_d2ec34d46b3b47c1aaecc938c7c0edf5/gnocchi.346fd73c-5195-423a-9e7d-9d5259c3b47c/1771200000.0_mean_300.0_v3 HTTP/1.0 201 - python-swiftclient-3.11.1 gAAAAABpl2fpU86I... 16 - - txeb62acbfbbdb45b9bfb44-0069976864 - 0.0173 - - 1771530340.595443726 1771530340.612764359 0
Feb 19 19:45:40 standalone container-server[126946]: 172.20.0.100 - - [19/Feb/2026:19:45:40 +0000] "PUT /d1/976/AUTH_d2ec34d46b3b47c1aaecc938c7c0edf5/gnocchi.fd0f65d8-1b89-40dd-8ec4-a8c50e81dd7c/1771200000.0_mean_300.0_v3" 201 - "PUT http://172.18.0.2:8080/d1/88/AUTH_d2ec34d46b3b47c1aaecc938c7c0edf5/gnocchi.fd0f65d8-1b89-40dd-8ec4-a8c50e81dd7c/1771200000.0_mean_300.0_v3" "tx3b8e72a8ee19482fbb6b9-0069976864" "object-server 24" 0.0004 "-" 19 0
Feb 19 19:45:40 standalone object-server[127252]: 172.20.0.100 - - [19/Feb/2026:19:45:40 +0000] "PUT /d1/88/AUTH_d2ec34d46b3b47c1aaecc938c7c0edf5/gnocchi.fd0f65d8-1b89-40dd-8ec4-a8c50e81dd7c/1771200000.0_mean_300.0_v3" 201 - "PUT http://172.18.0.2:8080/v1/AUTH_d2ec34d46b3b47c1aaecc938c7c0edf5/gnocchi.fd0f65d8-1b89-40dd-8ec4-a8c50e81dd7c/1771200000.0_mean_300.0_v3" "tx3b8e72a8ee19482fbb6b9-0069976864" "proxy-server 12" 0.0076 "-" 24 0
Feb 19 19:45:40 standalone proxy-server[129077]: 172.18.0.2 172.18.0.100 19/Feb/2026/19/45/40 PUT /v1/AUTH_d2ec34d46b3b47c1aaecc938c7c0edf5/gnocchi.fd0f65d8-1b89-40dd-8ec4-a8c50e81dd7c/1771200000.0_mean_300.0_v3 HTTP/1.0 201 - python-swiftclient-3.11.1 gAAAAABpl2fpU86I... 24 - - tx3b8e72a8ee19482fbb6b9-0069976864 - 0.0131 - - 1771530340.615203142 1771530340.628336191 0
Feb 19 19:45:40 standalone container-server[126938]: 172.20.0.100 - - [19/Feb/2026:19:45:40 +0000] "PUT /d1/523/AUTH_d2ec34d46b3b47c1aaecc938c7c0edf5/gnocchi.346fd73c-5195-423a-9e7d-9d5259c3b47c/none_v3" 201 - "PUT http://172.18.0.2:8080/d1/783/AUTH_d2ec34d46b3b47c1aaecc938c7c0edf5/gnocchi.346fd73c-5195-423a-9e7d-9d5259c3b47c/none_v3" "tx0f5cfa7b90e344cebe892-0069976864" "object-server 22" 0.0006 "-" 18 0
Feb 19 19:45:40 standalone object-server[127250]: 172.20.0.100 - - [19/Feb/2026:19:45:40 +0000] "PUT /d1/783/AUTH_d2ec34d46b3b47c1aaecc938c7c0edf5/gnocchi.346fd73c-5195-423a-9e7d-9d5259c3b47c/none_v3" 201 - "PUT http://172.18.0.2:8080/v1/AUTH_d2ec34d46b3b47c1aaecc938c7c0edf5/gnocchi.346fd73c-5195-423a-9e7d-9d5259c3b47c/none_v3" "tx0f5cfa7b90e344cebe892-0069976864" "proxy-server 12" 0.0086 "-" 22 0
Feb 19 19:45:40 standalone proxy-server[129077]: 172.18.0.2 172.18.0.100 19/Feb/2026/19/45/40 PUT /v1/AUTH_d2ec34d46b3b47c1aaecc938c7c0edf5/gnocchi.346fd73c-5195-423a-9e7d-9d5259c3b47c/none_v3 HTTP/1.0 201 - python-swiftclient-3.11.1 gAAAAABpl2fpU86I... 31 - - tx0f5cfa7b90e344cebe892-0069976864 - 0.0144 - - 1771530340.630387783 1771530340.644767523 0
Feb 19 19:45:40 standalone container-server[126936]: 172.20.0.100 - - [19/Feb/2026:19:45:40 +0000] "PUT /d1/976/AUTH_d2ec34d46b3b47c1aaecc938c7c0edf5/gnocchi.fd0f65d8-1b89-40dd-8ec4-a8c50e81dd7c/none_v3" 201 - "PUT http://172.18.0.2:8080/d1/760/AUTH_d2ec34d46b3b47c1aaecc938c7c0edf5/gnocchi.fd0f65d8-1b89-40dd-8ec4-a8c50e81dd7c/none_v3" "tx030cba4fadd54dd68308b-0069976864" "object-server 25" 0.0005 "-" 17 0
Feb 19 19:45:40 standalone object-server[127253]: 172.20.0.100 - - [19/Feb/2026:19:45:40 +0000] "PUT /d1/760/AUTH_d2ec34d46b3b47c1aaecc938c7c0edf5/gnocchi.fd0f65d8-1b89-40dd-8ec4-a8c50e81dd7c/none_v3" 201 - "PUT http://172.18.0.2:8080/v1/AUTH_d2ec34d46b3b47c1aaecc938c7c0edf5/gnocchi.fd0f65d8-1b89-40dd-8ec4-a8c50e81dd7c/none_v3" "tx030cba4fadd54dd68308b-0069976864" "proxy-server 12" 0.0216 "-" 25 0
Feb 19 19:45:40 standalone proxy-server[129077]: 172.18.0.2 172.18.0.100 19/Feb/2026/19/45/40 PUT /v1/AUTH_d2ec34d46b3b47c1aaecc938c7c0edf5/gnocchi.fd0f65d8-1b89-40dd-8ec4-a8c50e81dd7c/none_v3 HTTP/1.0 201 - python-swiftclient-3.11.1 gAAAAABpl2fpU86I... 33 - - tx030cba4fadd54dd68308b-0069976864 - 0.0282 - - 1771530340.647313356 1771530340.675507784 0
Feb 19 19:45:42 standalone object-server[127252]: 172.20.0.100 - - [19/Feb/2026:19:45:42 +0000] "GET /d1/132/AUTH_d2ec34d46b3b47c1aaecc938c7c0edf5/gnocchi.972e38eb-90f5-4705-a6b4-fc7fd59ab702/none_v3" 200 22 "GET http://172.18.0.2:8080/v1/AUTH_d2ec34d46b3b47c1aaecc938c7c0edf5/gnocchi.972e38eb-90f5-4705-a6b4-fc7fd59ab702/none_v3" "tx27053dc9f1494ac78362c-0069976866" "proxy-server 12" 0.0008 "-" 24 0
Feb 19 19:45:42 standalone proxy-server[129077]: 172.18.0.2 172.18.0.100 19/Feb/2026/19/45/42 GET /v1/AUTH_d2ec34d46b3b47c1aaecc938c7c0edf5/gnocchi.972e38eb-90f5-4705-a6b4-fc7fd59ab702/none_v3 HTTP/1.0 200 - python-swiftclient-3.11.1 gAAAAABpl2fpU86I... - 22 - tx27053dc9f1494ac78362c-0069976866 - 0.0113 - - 1771530342.100422621 1771530342.111724138 0
Feb 19 19:45:42 standalone container-server[126946]: 172.20.0.100 - - [19/Feb/2026:19:45:42 +0000] "GET /d1/412/AUTH_d2ec34d46b3b47c1aaecc938c7c0edf5/gnocchi.972e38eb-90f5-4705-a6b4-fc7fd59ab702" 200 357 "GET http://172.18.0.2:8080/v1/AUTH_d2ec34d46b3b47c1aaecc938c7c0edf5/gnocchi.972e38eb-90f5-4705-a6b4-fc7fd59ab702?format=json&states=listing" "txc2ea44b6dc4a495984392-0069976866" "proxy-server 12" 0.0123 "-" 19 0
Feb 19 19:45:42 standalone proxy-server[129077]: 172.18.0.2 172.18.0.100 19/Feb/2026/19/45/42 GET /v1/AUTH_d2ec34d46b3b47c1aaecc938c7c0edf5/gnocchi.972e38eb-90f5-4705-a6b4-fc7fd59ab702%3Fformat%3Djson%26states%3Dlisting HTTP/1.0 200 - python-swiftclient-3.11.1 gAAAAABpl2fpU86I... - 357 - txc2ea44b6dc4a495984392-0069976866 - 0.0239 - - 1771530342.119726419 1771530342.143595695 0
Feb 19 19:45:42 standalone container-server[126936]: 172.20.0.100 - - [19/Feb/2026:19:45:42 +0000] "GET /d1/412/AUTH_d2ec34d46b3b47c1aaecc938c7c0edf5/gnocchi.972e38eb-90f5-4705-a6b4-fc7fd59ab702" 200 2 "GET http://172.18.0.2:8080/v1/AUTH_d2ec34d46b3b47c1aaecc938c7c0edf5/gnocchi.972e38eb-90f5-4705-a6b4-fc7fd59ab702?format=json&marker=none_v3&states=listing" "tx1a1f204d59284552ab5d8-0069976866" "proxy-server 12" 0.0022 "-" 17 0
Feb 19 19:45:42 standalone proxy-server[129077]: 172.18.0.2 172.18.0.100 19/Feb/2026/19/45/42 GET /v1/AUTH_d2ec34d46b3b47c1aaecc938c7c0edf5/gnocchi.972e38eb-90f5-4705-a6b4-fc7fd59ab702%3Fformat%3Djson%26marker%3Dnone_v3%26states%3Dlisting HTTP/1.0 200 - python-swiftclient-3.11.1 gAAAAABpl2fpU86I... - 2 - tx1a1f204d59284552ab5d8-0069976866 - 0.0115 - - 1771530342.147332907 1771530342.158867359 0
Feb 19 19:45:42 standalone object-server[127253]: 172.20.0.100 - - [19/Feb/2026:19:45:42 +0000] "GET /d1/168/AUTH_d2ec34d46b3b47c1aaecc938c7c0edf5/gnocchi.972e38eb-90f5-4705-a6b4-fc7fd59ab702/1771200000.0_mean_300.0_v3" 200 16 "GET http://172.18.0.2:8080/v1/AUTH_d2ec34d46b3b47c1aaecc938c7c0edf5/gnocchi.972e38eb-90f5-4705-a6b4-fc7fd59ab702/1771200000.0_mean_300.0_v3" "tx850e64d616ef47d2bec2e-0069976866" "proxy-server 12" 0.0007 "-" 25 0
Feb 19 19:45:42 standalone proxy-server[129077]: 172.18.0.2 172.18.0.100 19/Feb/2026/19/45/42 GET /v1/AUTH_d2ec34d46b3b47c1aaecc938c7c0edf5/gnocchi.972e38eb-90f5-4705-a6b4-fc7fd59ab702/1771200000.0_mean_300.0_v3 HTTP/1.0 200 - python-swiftclient-3.11.1 gAAAAABpl2fpU86I... - 16 - tx850e64d616ef47d2bec2e-0069976866 - 0.0095 - - 1771530342.162997961 1771530342.172532320 0
Feb 19 19:45:42 standalone container-server[126946]: 172.20.0.100 - - [19/Feb/2026:19:45:42 +0000] "PUT /d1/412/AUTH_d2ec34d46b3b47c1aaecc938c7c0edf5/gnocchi.972e38eb-90f5-4705-a6b4-fc7fd59ab702/1771200000.0_mean_300.0_v3" 201 - "PUT http://172.18.0.2:8080/d1/168/AUTH_d2ec34d46b3b47c1aaecc938c7c0edf5/gnocchi.972e38eb-90f5-4705-a6b4-fc7fd59ab702/1771200000.0_mean_300.0_v3" "tx3234cf5374a542bb878c9-0069976866" "object-server 22" 0.0008 "-" 19 0
Feb 19 19:45:42 standalone object-server[127250]: 172.20.0.100 - - [19/Feb/2026:19:45:42 +0000] "PUT /d1/168/AUTH_d2ec34d46b3b47c1aaecc938c7c0edf5/gnocchi.972e38eb-90f5-4705-a6b4-fc7fd59ab702/1771200000.0_mean_300.0_v3" 201 - "PUT http://172.18.0.2:8080/v1/AUTH_d2ec34d46b3b47c1aaecc938c7c0edf5/gnocchi.972e38eb-90f5-4705-a6b4-fc7fd59ab702/1771200000.0_mean_300.0_v3" "tx3234cf5374a542bb878c9-0069976866" "proxy-server 12" 0.0123 "-" 22 0
Feb 19 19:45:42 standalone proxy-server[129077]: 172.18.0.2 172.18.0.100 19/Feb/2026/19/45/42 PUT /v1/AUTH_d2ec34d46b3b47c1aaecc938c7c0edf5/gnocchi.972e38eb-90f5-4705-a6b4-fc7fd59ab702/1771200000.0_mean_300.0_v3 HTTP/1.0 201 - python-swiftclient-3.11.1 gAAAAABpl2fpU86I... 16 - - tx3234cf5374a542bb878c9-0069976866 - 0.0226 - - 1771530342.177792788 1771530342.200408936 0
Feb 19 19:45:42 standalone container-server[126936]: 172.20.0.100 - - [19/Feb/2026:19:45:42 +0000] "PUT /d1/412/AUTH_d2ec34d46b3b47c1aaecc938c7c0edf5/gnocchi.972e38eb-90f5-4705-a6b4-fc7fd59ab702/none_v3" 201 - "PUT http://172.18.0.2:8080/d1/132/AUTH_d2ec34d46b3b47c1aaecc938c7c0edf5/gnocchi.972e38eb-90f5-4705-a6b4-fc7fd59ab702/none_v3" "tx204a3ee75d2145a7b07ec-0069976866" "object-server 22" 0.0007 "-" 17 0
Feb 19 19:45:42 standalone object-server[127250]: 172.20.0.100 - - [19/Feb/2026:19:45:42 +0000] "PUT /d1/132/AUTH_d2ec34d46b3b47c1aaecc938c7c0edf5/gnocchi.972e38eb-90f5-4705-a6b4-fc7fd59ab702/none_v3" 201 - "PUT http://172.18.0.2:8080/v1/AUTH_d2ec34d46b3b47c1aaecc938c7c0edf5/gnocchi.972e38eb-90f5-4705-a6b4-fc7fd59ab702/none_v3" "tx204a3ee75d2145a7b07ec-0069976866" "proxy-server 12" 0.0104 "-" 22 0
Feb 19 19:45:42 standalone proxy-server[129077]: 172.18.0.2 172.18.0.100 19/Feb/2026/19/45/42 PUT /v1/AUTH_d2ec34d46b3b47c1aaecc938c7c0edf5/gnocchi.972e38eb-90f5-4705-a6b4-fc7fd59ab702/none_v3 HTTP/1.0 201 - python-swiftclient-3.11.1 gAAAAABpl2fpU86I... 31 - - tx204a3ee75d2145a7b07ec-0069976866 - 0.0196 - - 1771530342.204436779 1771530342.224041224 0
Feb 19 19:45:50 standalone account-server[126945]: 172.20.0.100 - - [19/Feb/2026:19:45:50 +0000] "HEAD /d1/673/AUTH_d2ec34d46b3b47c1aaecc938c7c0edf5" 204 - "HEAD http://172.18.0.2:8080/v1/AUTH_d2ec34d46b3b47c1aaecc938c7c0edf5?format=json" "txef33f72b0768467ebeafd-006997686e" "proxy-server 12" 0.0063 "-" 20 -
Feb 19 19:45:50 standalone proxy-server[129077]: - - 19/Feb/2026/19/45/50 HEAD /v1/AUTH_d2ec34d46b3b47c1aaecc938c7c0edf5%3Fformat%3Djson HTTP/1.0 204 - Swift - - - - txef33f72b0768467ebeafd-006997686e - 0.0105 RL - 1771530350.329898596 1771530350.340358496 -
Feb 19 19:45:50 standalone object-server[127253]: 172.20.0.100 - - [19/Feb/2026:19:45:50 +0000] "GET /d1/132/AUTH_d2ec34d46b3b47c1aaecc938c7c0edf5/gnocchi.972e38eb-90f5-4705-a6b4-fc7fd59ab702/none_v3" 200 31 "GET http://172.18.0.2:8080/v1/AUTH_d2ec34d46b3b47c1aaecc938c7c0edf5/gnocchi.972e38eb-90f5-4705-a6b4-fc7fd59ab702/none_v3" "txef33f72b0768467ebeafd-006997686e" "proxy-server 12" 0.0008 "-" 25 0
Feb 19 19:45:50 standalone proxy-server[129077]: 172.18.0.2 172.18.0.100 19/Feb/2026/19/45/50 GET /v1/AUTH_d2ec34d46b3b47c1aaecc938c7c0edf5/gnocchi.972e38eb-90f5-4705-a6b4-fc7fd59ab702/none_v3 HTTP/1.0 200 - python-swiftclient-3.11.1 gAAAAABpl2fpU86I... - 31 - txef33f72b0768467ebeafd-006997686e - 0.0185 - - 1771530350.328995228 1771530350.347488880 0
Feb 19 19:45:50 standalone container-server[126938]: 172.20.0.100 - - [19/Feb/2026:19:45:50 +0000] "GET /d1/412/AUTH_d2ec34d46b3b47c1aaecc938c7c0edf5/gnocchi.972e38eb-90f5-4705-a6b4-fc7fd59ab702" 200 357 "GET http://172.18.0.2:8080/v1/AUTH_d2ec34d46b3b47c1aaecc938c7c0edf5/gnocchi.972e38eb-90f5-4705-a6b4-fc7fd59ab702?format=json&states=listing" "txac752865e41e4e0cb2394-006997686e" "proxy-server 12" 0.0065 "-" 18 0
Feb 19 19:45:50 standalone proxy-server[129077]: 172.18.0.2 172.18.0.100 19/Feb/2026/19/45/50 GET /v1/AUTH_d2ec34d46b3b47c1aaecc938c7c0edf5/gnocchi.972e38eb-90f5-4705-a6b4-fc7fd59ab702%3Fformat%3Djson%26states%3Dlisting HTTP/1.0 200 - python-swiftclient-3.11.1 gAAAAABpl2fpU86I... - 357 - txac752865e41e4e0cb2394-006997686e - 0.0132 - - 1771530350.352296114 1771530350.365468979 0
Feb 19 19:45:50 standalone container-server[126936]: 172.20.0.100 - - [19/Feb/2026:19:45:50 +0000] "GET /d1/412/AUTH_d2ec34d46b3b47c1aaecc938c7c0edf5/gnocchi.972e38eb-90f5-4705-a6b4-fc7fd59ab702" 200 2 "GET http://172.18.0.2:8080/v1/AUTH_d2ec34d46b3b47c1aaecc938c7c0edf5/gnocchi.972e38eb-90f5-4705-a6b4-fc7fd59ab702?format=json&marker=none_v3&states=listing" "txa98ee81c4a9e4369b2f99-006997686e" "proxy-server 12" 0.0035 "-" 17 0
Feb 19 19:45:50 standalone proxy-server[129077]: 172.18.0.2 172.18.0.100 19/Feb/2026/19/45/50 GET /v1/AUTH_d2ec34d46b3b47c1aaecc938c7c0edf5/gnocchi.972e38eb-90f5-4705-a6b4-fc7fd59ab702%3Fformat%3Djson%26marker%3Dnone_v3%26states%3Dlisting HTTP/1.0 200 - python-swiftclient-3.11.1 gAAAAABpl2fpU86I... - 2 - txa98ee81c4a9e4369b2f99-006997686e - 0.0106 - - 1771530350.369163513 1771530350.379715443 0
Feb 19 19:45:50 standalone object-server[127252]: 172.20.0.100 - - [19/Feb/2026:19:45:50 +0000] "GET /d1/168/AUTH_d2ec34d46b3b47c1aaecc938c7c0edf5/gnocchi.972e38eb-90f5-4705-a6b4-fc7fd59ab702/1771200000.0_mean_300.0_v3" 200 16 "GET http://172.18.0.2:8080/v1/AUTH_d2ec34d46b3b47c1aaecc938c7c0edf5/gnocchi.972e38eb-90f5-4705-a6b4-fc7fd59ab702/1771200000.0_mean_300.0_v3" "txe7570ff71226453593a71-006997686e" "proxy-server 12" 0.0006 "-" 24 0
Feb 19 19:45:50 standalone proxy-server[129077]: 172.18.0.2 172.18.0.100 19/Feb/2026/19/45/50 GET /v1/AUTH_d2ec34d46b3b47c1aaecc938c7c0edf5/gnocchi.972e38eb-90f5-4705-a6b4-fc7fd59ab702/1771200000.0_mean_300.0_v3 HTTP/1.0 200 - python-swiftclient-3.11.1 gAAAAABpl2fpU86I... - 16 - txe7570ff71226453593a71-006997686e - 0.0071 - - 1771530350.383832693 1771530350.390895605 0
Feb 19 19:45:50 standalone container-server[126951]: 172.20.0.100 - - [19/Feb/2026:19:45:50 +0000] "PUT /d1/412/AUTH_d2ec34d46b3b47c1aaecc938c7c0edf5/gnocchi.972e38eb-90f5-4705-a6b4-fc7fd59ab702/1771200000.0_mean_300.0_v3" 201 - "PUT http://172.18.0.2:8080/d1/168/AUTH_d2ec34d46b3b47c1aaecc938c7c0edf5/gnocchi.972e38eb-90f5-4705-a6b4-fc7fd59ab702/1771200000.0_mean_300.0_v3" "txf6af9f0d30cc4b19a9b0f-006997686e" "object-server 23" 0.0008 "-" 20 0
Feb 19 19:45:50 standalone object-server[127251]: 172.20.0.100 - - [19/Feb/2026:19:45:50 +0000] "PUT /d1/168/AUTH_d2ec34d46b3b47c1aaecc938c7c0edf5/gnocchi.972e38eb-90f5-4705-a6b4-fc7fd59ab702/1771200000.0_mean_300.0_v3" 201 - "PUT http://172.18.0.2:8080/v1/AUTH_d2ec34d46b3b47c1aaecc938c7c0edf5/gnocchi.972e38eb-90f5-4705-a6b4-fc7fd59ab702/1771200000.0_mean_300.0_v3" "txf6af9f0d30cc4b19a9b0f-006997686e" "proxy-server 12" 0.0150 "-" 23 0
Feb 19 19:45:50 standalone proxy-server[129077]: 172.18.0.2 172.18.0.100 19/Feb/2026/19/45/50 PUT /v1/AUTH_d2ec34d46b3b47c1aaecc938c7c0edf5/gnocchi.972e38eb-90f5-4705-a6b4-fc7fd59ab702/1771200000.0_mean_300.0_v3 HTTP/1.0 201 - python-swiftclient-3.11.1 gAAAAABpl2fpU86I... 16 - - txf6af9f0d30cc4b19a9b0f-006997686e - 0.0230 - - 1771530350.396218777 1771530350.419251919 0
Feb 19 19:45:50 standalone container-server[126946]: 172.20.0.100 - - [19/Feb/2026:19:45:50 +0000] "PUT /d1/412/AUTH_d2ec34d46b3b47c1aaecc938c7c0edf5/gnocchi.972e38eb-90f5-4705-a6b4-fc7fd59ab702/none_v3" 201 - "PUT http://172.18.0.2:8080/d1/132/AUTH_d2ec34d46b3b47c1aaecc938c7c0edf5/gnocchi.972e38eb-90f5-4705-a6b4-fc7fd59ab702/none_v3" "tx7630847272f94097b1c5e-006997686e" "object-server 23" 0.0008 "-" 19 0
Feb 19 19:45:50 standalone object-server[127251]: 172.20.0.100 - - [19/Feb/2026:19:45:50 +0000] "PUT /d1/132/AUTH_d2ec34d46b3b47c1aaecc938c7c0edf5/gnocchi.972e38eb-90f5-4705-a6b4-fc7fd59ab702/none_v3" 201 - "PUT http://172.18.0.2:8080/v1/AUTH_d2ec34d46b3b47c1aaecc938c7c0edf5/gnocchi.972e38eb-90f5-4705-a6b4-fc7fd59ab702/none_v3" "tx7630847272f94097b1c5e-006997686e" "proxy-server 12" 0.0136 "-" 23 0
Feb 19 19:45:50 standalone proxy-server[129077]: 172.18.0.2 172.18.0.100 19/Feb/2026/19/45/50 PUT /v1/AUTH_d2ec34d46b3b47c1aaecc938c7c0edf5/gnocchi.972e38eb-90f5-4705-a6b4-fc7fd59ab702/none_v3 HTTP/1.0 201 - python-swiftclient-3.11.1 gAAAAABpl2fpU86I... 46 - - tx7630847272f94097b1c5e-006997686e - 0.0209 - - 1771530350.423794746 1771530350.444722176 0
Feb 19 19:45:51 standalone object-server[127251]: 172.20.0.100 - - [19/Feb/2026:19:45:51 +0000] "GET /d1/132/AUTH_d2ec34d46b3b47c1aaecc938c7c0edf5/gnocchi.972e38eb-90f5-4705-a6b4-fc7fd59ab702/none_v3" 200 46 "GET http://172.18.0.2:8080/v1/AUTH_d2ec34d46b3b47c1aaecc938c7c0edf5/gnocchi.972e38eb-90f5-4705-a6b4-fc7fd59ab702/none_v3" "txced330a4eddc49029624c-006997686f" "proxy-server 12" 0.0008 "-" 23 0
Feb 19 19:45:51 standalone proxy-server[129077]: 172.18.0.2 172.18.0.100 19/Feb/2026/19/45/51 GET /v1/AUTH_d2ec34d46b3b47c1aaecc938c7c0edf5/gnocchi.972e38eb-90f5-4705-a6b4-fc7fd59ab702/none_v3 HTTP/1.0 200 - python-swiftclient-3.11.1 gAAAAABpl2fpU86I... - 46 - txced330a4eddc49029624c-006997686f - 0.0061 - - 1771530351.054017782 1771530351.060156345 0
Feb 19 19:45:51 standalone container-server[126938]: 172.20.0.100 - - [19/Feb/2026:19:45:51 +0000] "GET /d1/412/AUTH_d2ec34d46b3b47c1aaecc938c7c0edf5/gnocchi.972e38eb-90f5-4705-a6b4-fc7fd59ab702" 200 357 "GET http://172.18.0.2:8080/v1/AUTH_d2ec34d46b3b47c1aaecc938c7c0edf5/gnocchi.972e38eb-90f5-4705-a6b4-fc7fd59ab702?format=json&states=listing" "tx9db90578dfd54f2682052-006997686f" "proxy-server 12" 0.0079 "-" 18 0
Feb 19 19:45:51 standalone proxy-server[129077]: 172.18.0.2 172.18.0.100 19/Feb/2026/19/45/51 GET /v1/AUTH_d2ec34d46b3b47c1aaecc938c7c0edf5/gnocchi.972e38eb-90f5-4705-a6b4-fc7fd59ab702%3Fformat%3Djson%26states%3Dlisting HTTP/1.0 200 - python-swiftclient-3.11.1 gAAAAABpl2fpU86I... - 357 - tx9db90578dfd54f2682052-006997686f - 0.0146 - - 1771530351.063588858 1771530351.078184605 0
Feb 19 19:45:51 standalone container-server[126951]: 172.20.0.100 - - [19/Feb/2026:19:45:51 +0000] "GET /d1/412/AUTH_d2ec34d46b3b47c1aaecc938c7c0edf5/gnocchi.972e38eb-90f5-4705-a6b4-fc7fd59ab702" 200 2 "GET http://172.18.0.2:8080/v1/AUTH_d2ec34d46b3b47c1aaecc938c7c0edf5/gnocchi.972e38eb-90f5-4705-a6b4-fc7fd59ab702?format=json&marker=none_v3&states=listing" "tx75d3b4b4ac3545df9b515-006997686f" "proxy-server 12" 0.0028 "-" 20 0
Feb 19 19:45:51 standalone proxy-server[129077]: 172.18.0.2 172.18.0.100 19/Feb/2026/19/45/51 GET /v1/AUTH_d2ec34d46b3b47c1aaecc938c7c0edf5/gnocchi.972e38eb-90f5-4705-a6b4-fc7fd59ab702%3Fformat%3Djson%26marker%3Dnone_v3%26states%3Dlisting HTTP/1.0 200 - python-swiftclient-3.11.1 gAAAAABpl2fpU86I... - 2 - tx75d3b4b4ac3545df9b515-006997686f - 0.0080 - - 1771530351.080502510 1771530351.088455439 0
Feb 19 19:45:51 standalone object-server[127252]: 172.20.0.100 - - [19/Feb/2026:19:45:51 +0000] "GET /d1/168/AUTH_d2ec34d46b3b47c1aaecc938c7c0edf5/gnocchi.972e38eb-90f5-4705-a6b4-fc7fd59ab702/1771200000.0_mean_300.0_v3" 200 16 "GET http://172.18.0.2:8080/v1/AUTH_d2ec34d46b3b47c1aaecc938c7c0edf5/gnocchi.972e38eb-90f5-4705-a6b4-fc7fd59ab702/1771200000.0_mean_300.0_v3" "tx87ef83436e6e408fb485e-006997686f" "proxy-server 12" 0.0007 "-" 24 0
Feb 19 19:45:51 standalone proxy-server[129077]: 172.18.0.2 172.18.0.100 19/Feb/2026/19/45/51 GET /v1/AUTH_d2ec34d46b3b47c1aaecc938c7c0edf5/gnocchi.972e38eb-90f5-4705-a6b4-fc7fd59ab702/1771200000.0_mean_300.0_v3 HTTP/1.0 200 - python-swiftclient-3.11.1 gAAAAABpl2fpU86I... - 16 - tx87ef83436e6e408fb485e-006997686f - 0.0048 - - 1771530351.091413498 1771530351.096203089 0
Feb 19 19:45:51 standalone container-server[126946]: 172.20.0.100 - - [19/Feb/2026:19:45:51 +0000] "PUT /d1/412/AUTH_d2ec34d46b3b47c1aaecc938c7c0edf5/gnocchi.972e38eb-90f5-4705-a6b4-fc7fd59ab702/1771200000.0_mean_300.0_v3" 201 - "PUT http://172.18.0.2:8080/d1/168/AUTH_d2ec34d46b3b47c1aaecc938c7c0edf5/gnocchi.972e38eb-90f5-4705-a6b4-fc7fd59ab702/1771200000.0_mean_300.0_v3" "txb9fa16e9db8b4e70a7630-006997686f" "object-server 22" 0.0005 "-" 19 0
Feb 19 19:45:51 standalone object-server[127250]: 172.20.0.100 - - [19/Feb/2026:19:45:51 +0000] "PUT /d1/168/AUTH_d2ec34d46b3b47c1aaecc938c7c0edf5/gnocchi.972e38eb-90f5-4705-a6b4-fc7fd59ab702/1771200000.0_mean_300.0_v3" 201 - "PUT http://172.18.0.2:8080/v1/AUTH_d2ec34d46b3b47c1aaecc938c7c0edf5/gnocchi.972e38eb-90f5-4705-a6b4-fc7fd59ab702/1771200000.0_mean_300.0_v3" "txb9fa16e9db8b4e70a7630-006997686f" "proxy-server 12" 0.0085 "-" 22 0
Feb 19 19:45:51 standalone proxy-server[129077]: 172.18.0.2 172.18.0.100 19/Feb/2026/19/45/51 PUT /v1/AUTH_d2ec34d46b3b47c1aaecc938c7c0edf5/gnocchi.972e38eb-90f5-4705-a6b4-fc7fd59ab702/1771200000.0_mean_300.0_v3 HTTP/1.0 201 - python-swiftclient-3.11.1 gAAAAABpl2fpU86I... 16 - - txb9fa16e9db8b4e70a7630-006997686f - 0.0133 - - 1771530351.098165512 1771530351.111497164 0
Feb 19 19:45:51 standalone container-server[126951]: 172.20.0.100 - - [19/Feb/2026:19:45:51 +0000] "PUT /d1/412/AUTH_d2ec34d46b3b47c1aaecc938c7c0edf5/gnocchi.972e38eb-90f5-4705-a6b4-fc7fd59ab702/none_v3" 201 - "PUT http://172.18.0.2:8080/d1/132/AUTH_d2ec34d46b3b47c1aaecc938c7c0edf5/gnocchi.972e38eb-90f5-4705-a6b4-fc7fd59ab702/none_v3" "txef4bbf878b55432a98724-006997686f" "object-server 23" 0.0004 "-" 20 0
Feb 19 19:45:51 standalone object-server[127251]: 172.20.0.100 - - [19/Feb/2026:19:45:51 +0000] "PUT /d1/132/AUTH_d2ec34d46b3b47c1aaecc938c7c0edf5/gnocchi.972e38eb-90f5-4705-a6b4-fc7fd59ab702/none_v3" 201 - "PUT http://172.18.0.2:8080/v1/AUTH_d2ec34d46b3b47c1aaecc938c7c0edf5/gnocchi.972e38eb-90f5-4705-a6b4-fc7fd59ab702/none_v3" "txef4bbf878b55432a98724-006997686f" "proxy-server 12" 0.0098 "-" 23 0
Feb 19 19:45:51 standalone proxy-server[129077]: 172.18.0.2 172.18.0.100 19/Feb/2026/19/45/51 PUT /v1/AUTH_d2ec34d46b3b47c1aaecc938c7c0edf5/gnocchi.972e38eb-90f5-4705-a6b4-fc7fd59ab702/none_v3 HTTP/1.0 201 - python-swiftclient-3.11.1 gAAAAABpl2fpU86I... 51 - - txef4bbf878b55432a98724-006997686f - 0.0164 - - 1771530351.113787174 1771530351.130183220 0
Feb 19 19:45:54 standalone container-server[126946]: 172.20.0.100 - - [19/Feb/2026:19:45:54 +0000] "HEAD /d1/181/AUTH_d2ec34d46b3b47c1aaecc938c7c0edf5/gnocchi.6945c103-033b-4379-a10c-214918726b5d" 404 - "HEAD http://172.18.0.2:8080/v1/AUTH_d2ec34d46b3b47c1aaecc938c7c0edf5/gnocchi.6945c103-033b-4379-a10c-214918726b5d?format=json&states=listing" "tx7dfec62c956a48caa53c1-0069976872" "proxy-server 12" 0.0008 "-" 19 0
Feb 19 19:45:54 standalone object-server[127253]: 172.20.0.100 - - [19/Feb/2026:19:45:54 +0000] "GET /d1/928/AUTH_d2ec34d46b3b47c1aaecc938c7c0edf5/gnocchi.6945c103-033b-4379-a10c-214918726b5d/none_v3" 404 70 "GET http://172.18.0.2:8080/v1/AUTH_d2ec34d46b3b47c1aaecc938c7c0edf5/gnocchi.6945c103-033b-4379-a10c-214918726b5d/none_v3" "tx7dfec62c956a48caa53c1-0069976872" "proxy-server 12" 0.0005 "-" 25 0
Feb 19 19:45:54 standalone proxy-server[129077]: 172.18.0.2 172.18.0.100 19/Feb/2026/19/45/54 GET /v1/AUTH_d2ec34d46b3b47c1aaecc938c7c0edf5/gnocchi.6945c103-033b-4379-a10c-214918726b5d/none_v3 HTTP/1.0 404 - python-swiftclient-3.11.1 gAAAAABpl2fpU86I... - 70 - tx7dfec62c956a48caa53c1-0069976872 - 0.0146 - - 1771530354.091790676 1771530354.106388330 0
Feb 19 19:45:54 standalone account-server[126956]: 172.20.0.100 - - [19/Feb/2026:19:45:54 +0000] "PUT /d1/673/AUTH_d2ec34d46b3b47c1aaecc938c7c0edf5/gnocchi.6945c103-033b-4379-a10c-214918726b5d" 201 - "PUT http://172.20.0.100:6001/d1/181/AUTH_d2ec34d46b3b47c1aaecc938c7c0edf5/gnocchi.6945c103-033b-4379-a10c-214918726b5d" "tx1eb8b2364057456d9cc57-0069976872" "container-server 19" 0.0018 "-" 21 0
Feb 19 19:45:54 standalone container-server[126946]: 172.20.0.100 - - [19/Feb/2026:19:45:54 +0000] "PUT /d1/181/AUTH_d2ec34d46b3b47c1aaecc938c7c0edf5/gnocchi.6945c103-033b-4379-a10c-214918726b5d" 201 - "PUT http://172.18.0.2:8080/v1/AUTH_d2ec34d46b3b47c1aaecc938c7c0edf5/gnocchi.6945c103-033b-4379-a10c-214918726b5d" "tx1eb8b2364057456d9cc57-0069976872" "proxy-server 12" 0.0114 "-" 19 0
Feb 19 19:45:54 standalone proxy-server[129077]: 172.18.0.2 172.18.0.100 19/Feb/2026/19/45/54 PUT /v1/AUTH_d2ec34d46b3b47c1aaecc938c7c0edf5/gnocchi.6945c103-033b-4379-a10c-214918726b5d HTTP/1.0 201 - python-swiftclient-3.11.1 gAAAAABpl2fpU86I... - - - tx1eb8b2364057456d9cc57-0069976872 - 0.0180 - - 1771530354.111852646 1771530354.129837513 0
Feb 19 19:45:54 standalone container-server[126946]: 172.20.0.100 - - [19/Feb/2026:19:45:54 +0000] "HEAD /d1/181/AUTH_d2ec34d46b3b47c1aaecc938c7c0edf5/gnocchi.6945c103-033b-4379-a10c-214918726b5d" 204 - "HEAD http://172.18.0.2:8080/v1/AUTH_d2ec34d46b3b47c1aaecc938c7c0edf5/gnocchi.6945c103-033b-4379-a10c-214918726b5d?format=json&states=listing" "tx36a3b376400545eb9ab27-0069976872" "proxy-server 12" 0.0011 "-" 19 0
Feb 19 19:45:54 standalone proxy-server[129077]: - - 19/Feb/2026/19/45/54 HEAD /v1/AUTH_d2ec34d46b3b47c1aaecc938c7c0edf5/gnocchi.6945c103-033b-4379-a10c-214918726b5d%3Fformat%3Djson%26states%3Dlisting HTTP/1.0 204 - Swift - - - - tx36a3b376400545eb9ab27-0069976872 - 0.0049 RL - 1771530354.136537075 1771530354.141400099 0
Feb 19 19:45:54 standalone container-server[126936]: 172.20.0.100 - - [19/Feb/2026:19:45:54 +0000] "GET /d1/181/AUTH_d2ec34d46b3b47c1aaecc938c7c0edf5/gnocchi.6945c103-033b-4379-a10c-214918726b5d" 200 2 "GET http://172.18.0.2:8080/v1/AUTH_d2ec34d46b3b47c1aaecc938c7c0edf5/gnocchi.6945c103-033b-4379-a10c-214918726b5d?format=json&states=listing" "tx36a3b376400545eb9ab27-0069976872" "proxy-server 12" 0.0016 "-" 17 0
Feb 19 19:45:54 standalone proxy-server[129077]: 172.18.0.2 172.18.0.100 19/Feb/2026/19/45/54 GET /v1/AUTH_d2ec34d46b3b47c1aaecc938c7c0edf5/gnocchi.6945c103-033b-4379-a10c-214918726b5d%3Fformat%3Djson%26states%3Dlisting HTTP/1.0 200 - python-swiftclient-3.11.1 gAAAAABpl2fpU86I... - 2 - tx36a3b376400545eb9ab27-0069976872 - 0.0165 - - 1771530354.134977579 1771530354.151430607 0
Feb 19 19:45:54 standalone object-server[127250]: 172.20.0.100 - - [19/Feb/2026:19:45:54 +0000] "GET /d1/206/AUTH_d2ec34d46b3b47c1aaecc938c7c0edf5/gnocchi.6945c103-033b-4379-a10c-214918726b5d/1771200000.0_mean_300.0_v3" 404 70 "GET http://172.18.0.2:8080/v1/AUTH_d2ec34d46b3b47c1aaecc938c7c0edf5/gnocchi.6945c103-033b-4379-a10c-214918726b5d/1771200000.0_mean_300.0_v3" "txc63afef808a64c5190e23-0069976872" "proxy-server 12" 0.0003 "-" 22 0
Feb 19 19:45:54 standalone proxy-server[129077]: 172.18.0.2 172.18.0.100 19/Feb/2026/19/45/54 GET /v1/AUTH_d2ec34d46b3b47c1aaecc938c7c0edf5/gnocchi.6945c103-033b-4379-a10c-214918726b5d/1771200000.0_mean_300.0_v3 HTTP/1.0 404 - python-swiftclient-3.11.1 gAAAAABpl2fpU86I... - 70 - txc63afef808a64c5190e23-0069976872 - 0.0079 - - 1771530354.156494856 1771530354.164397717 0
Feb 19 19:45:54 standalone container-server[126946]: 172.20.0.100 - - [19/Feb/2026:19:45:54 +0000] "PUT /d1/181/AUTH_d2ec34d46b3b47c1aaecc938c7c0edf5/gnocchi.6945c103-033b-4379-a10c-214918726b5d/1771200000.0_mean_300.0_v3" 201 - "PUT http://172.18.0.2:8080/d1/206/AUTH_d2ec34d46b3b47c1aaecc938c7c0edf5/gnocchi.6945c103-033b-4379-a10c-214918726b5d/1771200000.0_mean_300.0_v3" "tx436f13e2626946f397f83-0069976872" "object-server 22" 0.0011 "-" 19 0
Feb 19 19:45:54 standalone object-server[127250]: 172.20.0.100 - - [19/Feb/2026:19:45:54 +0000] "PUT /d1/206/AUTH_d2ec34d46b3b47c1aaecc938c7c0edf5/gnocchi.6945c103-033b-4379-a10c-214918726b5d/1771200000.0_mean_300.0_v3" 201 - "PUT http://172.18.0.2:8080/v1/AUTH_d2ec34d46b3b47c1aaecc938c7c0edf5/gnocchi.6945c103-033b-4379-a10c-214918726b5d/1771200000.0_mean_300.0_v3" "tx436f13e2626946f397f83-0069976872" "proxy-server 12" 0.0129 "-" 22 0
Feb 19 19:45:54 standalone proxy-server[129077]: 172.18.0.2 172.18.0.100 19/Feb/2026/19/45/54 PUT /v1/AUTH_d2ec34d46b3b47c1aaecc938c7c0edf5/gnocchi.6945c103-033b-4379-a10c-214918726b5d/1771200000.0_mean_300.0_v3 HTTP/1.0 201 - python-swiftclient-3.11.1 gAAAAABpl2fpU86I... 16 - - tx436f13e2626946f397f83-0069976872 - 0.0227 - - 1771530354.171844244 1771530354.194564104 0
Feb 19 19:45:54 standalone container-server[126936]: 172.20.0.100 - - [19/Feb/2026:19:45:54 +0000] "PUT /d1/181/AUTH_d2ec34d46b3b47c1aaecc938c7c0edf5/gnocchi.6945c103-033b-4379-a10c-214918726b5d/none_v3" 201 - "PUT http://172.18.0.2:8080/d1/928/AUTH_d2ec34d46b3b47c1aaecc938c7c0edf5/gnocchi.6945c103-033b-4379-a10c-214918726b5d/none_v3" "txa8bd785e236049278808b-0069976872" "object-server 22" 0.0005 "-" 17 0
Feb 19 19:45:54 standalone object-server[127250]: 172.20.0.100 - - [19/Feb/2026:19:45:54 +0000] "PUT /d1/928/AUTH_d2ec34d46b3b47c1aaecc938c7c0edf5/gnocchi.6945c103-033b-4379-a10c-214918726b5d/none_v3" 201 - "PUT http://172.18.0.2:8080/v1/AUTH_d2ec34d46b3b47c1aaecc938c7c0edf5/gnocchi.6945c103-033b-4379-a10c-214918726b5d/none_v3" "txa8bd785e236049278808b-0069976872" "proxy-server 12" 0.0138 "-" 22 0
Feb 19 19:45:54 standalone proxy-server[129077]: 172.18.0.2 172.18.0.100 19/Feb/2026/19/45/54 PUT /v1/AUTH_d2ec34d46b3b47c1aaecc938c7c0edf5/gnocchi.6945c103-033b-4379-a10c-214918726b5d/none_v3 HTTP/1.0 201 - python-swiftclient-3.11.1 gAAAAABpl2fpU86I... 22 - - txa8bd785e236049278808b-0069976872 - 0.0187 - - 1771530354.197541714 1771530354.216235161 0
Feb 19 19:45:54 standalone container-server[126951]: 172.20.0.100 - - [19/Feb/2026:19:45:54 +0000] "HEAD /d1/971/AUTH_d2ec34d46b3b47c1aaecc938c7c0edf5/gnocchi.3b357bb2-a2fb-44c4-9127-00653e50b1f7" 404 - "HEAD http://172.18.0.2:8080/v1/AUTH_d2ec34d46b3b47c1aaecc938c7c0edf5/gnocchi.3b357bb2-a2fb-44c4-9127-00653e50b1f7?format=json&states=listing" "txb65d7a7a6dd744859abd6-0069976872" "proxy-server 12" 0.0003 "-" 20 0
Feb 19 19:45:54 standalone object-server[127251]: 172.20.0.100 - - [19/Feb/2026:19:45:54 +0000] "GET /d1/933/AUTH_d2ec34d46b3b47c1aaecc938c7c0edf5/gnocchi.3b357bb2-a2fb-44c4-9127-00653e50b1f7/none_v3" 404 70 "GET http://172.18.0.2:8080/v1/AUTH_d2ec34d46b3b47c1aaecc938c7c0edf5/gnocchi.3b357bb2-a2fb-44c4-9127-00653e50b1f7/none_v3" "txb65d7a7a6dd744859abd6-0069976872" "proxy-server 12" 0.0003 "-" 23 0
Feb 19 19:45:54 standalone proxy-server[129077]: 172.18.0.2 172.18.0.100 19/Feb/2026/19/45/54 GET /v1/AUTH_d2ec34d46b3b47c1aaecc938c7c0edf5/gnocchi.3b357bb2-a2fb-44c4-9127-00653e50b1f7/none_v3 HTTP/1.0 404 - python-swiftclient-3.11.1 gAAAAABpl2fpU86I... - 70 - txb65d7a7a6dd744859abd6-0069976872 - 0.0101 - - 1771530354.232492208 1771530354.242640495 0
Feb 19 19:45:54 standalone account-server[126961]: 172.20.0.100 - - [19/Feb/2026:19:45:54 +0000] "PUT /d1/673/AUTH_d2ec34d46b3b47c1aaecc938c7c0edf5/gnocchi.3b357bb2-a2fb-44c4-9127-00653e50b1f7" 201 - "PUT http://172.20.0.100:6001/d1/971/AUTH_d2ec34d46b3b47c1aaecc938c7c0edf5/gnocchi.3b357bb2-a2fb-44c4-9127-00653e50b1f7" "tx133e133572d5445abe58a-0069976872" "container-server 17" 0.0047 "-" 22 0
Feb 19 19:45:54 standalone container-server[126936]: 172.20.0.100 - - [19/Feb/2026:19:45:54 +0000] "PUT /d1/971/AUTH_d2ec34d46b3b47c1aaecc938c7c0edf5/gnocchi.3b357bb2-a2fb-44c4-9127-00653e50b1f7" 201 - "PUT http://172.18.0.2:8080/v1/AUTH_d2ec34d46b3b47c1aaecc938c7c0edf5/gnocchi.3b357bb2-a2fb-44c4-9127-00653e50b1f7" "tx133e133572d5445abe58a-0069976872" "proxy-server 12" 0.0177 "-" 17 0
Feb 19 19:45:54 standalone proxy-server[129077]: 172.18.0.2 172.18.0.100 19/Feb/2026/19/45/54 PUT /v1/AUTH_d2ec34d46b3b47c1aaecc938c7c0edf5/gnocchi.3b357bb2-a2fb-44c4-9127-00653e50b1f7 HTTP/1.0 201 - python-swiftclient-3.11.1 gAAAAABpl2fpU86I... - - - tx133e133572d5445abe58a-0069976872 - 0.0233 - - 1771530354.245712996 1771530354.269039869 0
Feb 19 19:45:54 standalone container-server[126946]: 172.20.0.100 - - [19/Feb/2026:19:45:54 +0000] "HEAD /d1/971/AUTH_d2ec34d46b3b47c1aaecc938c7c0edf5/gnocchi.3b357bb2-a2fb-44c4-9127-00653e50b1f7" 204 - "HEAD http://172.18.0.2:8080/v1/AUTH_d2ec34d46b3b47c1aaecc938c7c0edf5/gnocchi.3b357bb2-a2fb-44c4-9127-00653e50b1f7?format=json&states=listing" "txe11cc3f0cf8149f498d3f-0069976872" "proxy-server 12" 0.0033 "-" 19 0
Feb 19 19:45:54 standalone proxy-server[129077]: - - 19/Feb/2026/19/45/54 HEAD /v1/AUTH_d2ec34d46b3b47c1aaecc938c7c0edf5/gnocchi.3b357bb2-a2fb-44c4-9127-00653e50b1f7%3Fformat%3Djson%26states%3Dlisting HTTP/1.0 204 - Swift - - - - txe11cc3f0cf8149f498d3f-0069976872 - 0.0075 RL - 1771530354.273526192 1771530354.281030655 0
Feb 19 19:45:54 standalone container-server[126946]: 172.20.0.100 - - [19/Feb/2026:19:45:54 +0000] "GET /d1/971/AUTH_d2ec34d46b3b47c1aaecc938c7c0edf5/gnocchi.3b357bb2-a2fb-44c4-9127-00653e50b1f7" 200 2 "GET http://172.18.0.2:8080/v1/AUTH_d2ec34d46b3b47c1aaecc938c7c0edf5/gnocchi.3b357bb2-a2fb-44c4-9127-00653e50b1f7?format=json&states=listing" "txe11cc3f0cf8149f498d3f-0069976872" "proxy-server 12" 0.0052 "-" 19 0
Feb 19 19:45:54 standalone proxy-server[129077]: 172.18.0.2 172.18.0.100 19/Feb/2026/19/45/54 GET /v1/AUTH_d2ec34d46b3b47c1aaecc938c7c0edf5/gnocchi.3b357bb2-a2fb-44c4-9127-00653e50b1f7%3Fformat%3Djson%26states%3Dlisting HTTP/1.0 200 - python-swiftclient-3.11.1 gAAAAABpl2fpU86I... - 2 - txe11cc3f0cf8149f498d3f-0069976872 - 0.0204 - - 1771530354.272562981 1771530354.292965412 0
Feb 19 19:45:54 standalone object-server[127251]: 172.20.0.100 - - [19/Feb/2026:19:45:54 +0000] "GET /d1/125/AUTH_d2ec34d46b3b47c1aaecc938c7c0edf5/gnocchi.3b357bb2-a2fb-44c4-9127-00653e50b1f7/1771200000.0_mean_300.0_v3" 404 70 "GET http://172.18.0.2:8080/v1/AUTH_d2ec34d46b3b47c1aaecc938c7c0edf5/gnocchi.3b357bb2-a2fb-44c4-9127-00653e50b1f7/1771200000.0_mean_300.0_v3" "tx2eac0cb8b5254f13b12a2-0069976872" "proxy-server 12" 0.0004 "-" 23 0
Feb 19 19:45:54 standalone proxy-server[129077]: 172.18.0.2 172.18.0.100 19/Feb/2026/19/45/54 GET /v1/AUTH_d2ec34d46b3b47c1aaecc938c7c0edf5/gnocchi.3b357bb2-a2fb-44c4-9127-00653e50b1f7/1771200000.0_mean_300.0_v3 HTTP/1.0 404 - python-swiftclient-3.11.1 gAAAAABpl2fpU86I... - 70 - tx2eac0cb8b5254f13b12a2-0069976872 - 0.0051 - - 1771530354.297386408 1771530354.302518845 0
Feb 19 19:45:54 standalone container-server[126938]: 172.20.0.100 - - [19/Feb/2026:19:45:54 +0000] "PUT /d1/971/AUTH_d2ec34d46b3b47c1aaecc938c7c0edf5/gnocchi.3b357bb2-a2fb-44c4-9127-00653e50b1f7/1771200000.0_mean_300.0_v3" 201 - "PUT http://172.18.0.2:8080/d1/125/AUTH_d2ec34d46b3b47c1aaecc938c7c0edf5/gnocchi.3b357bb2-a2fb-44c4-9127-00653e50b1f7/1771200000.0_mean_300.0_v3" "txda30b9e75aec4b90bac39-0069976872" "object-server 24" 0.0013 "-" 18 0
Feb 19 19:45:54 standalone object-server[127252]: 172.20.0.100 - - [19/Feb/2026:19:45:54 +0000] "PUT /d1/125/AUTH_d2ec34d46b3b47c1aaecc938c7c0edf5/gnocchi.3b357bb2-a2fb-44c4-9127-00653e50b1f7/1771200000.0_mean_300.0_v3" 201 - "PUT http://172.18.0.2:8080/v1/AUTH_d2ec34d46b3b47c1aaecc938c7c0edf5/gnocchi.3b357bb2-a2fb-44c4-9127-00653e50b1f7/1771200000.0_mean_300.0_v3" "txda30b9e75aec4b90bac39-0069976872" "proxy-server 12" 0.0108 "-" 24 0
Feb 19 19:45:54 standalone proxy-server[129077]: 172.18.0.2 172.18.0.100 19/Feb/2026/19/45/54 PUT /v1/AUTH_d2ec34d46b3b47c1aaecc938c7c0edf5/gnocchi.3b357bb2-a2fb-44c4-9127-00653e50b1f7/1771200000.0_mean_300.0_v3 HTTP/1.0 201 - python-swiftclient-3.11.1 gAAAAABpl2fpU86I... 16 - - txda30b9e75aec4b90bac39-0069976872 - 0.0176 - - 1771530354.305444956 1771530354.323036432 0
Feb 19 19:45:54 standalone container-server[126946]: 172.20.0.100 - - [19/Feb/2026:19:45:54 +0000] "PUT /d1/971/AUTH_d2ec34d46b3b47c1aaecc938c7c0edf5/gnocchi.3b357bb2-a2fb-44c4-9127-00653e50b1f7/none_v3" 201 - "PUT http://172.18.0.2:8080/d1/933/AUTH_d2ec34d46b3b47c1aaecc938c7c0edf5/gnocchi.3b357bb2-a2fb-44c4-9127-00653e50b1f7/none_v3" "tx8a1a179420a341da9c6ef-0069976872" "object-server 23" 0.0007 "-" 19 0
Feb 19 19:45:54 standalone object-server[127251]: 172.20.0.100 - - [19/Feb/2026:19:45:54 +0000] "PUT /d1/933/AUTH_d2ec34d46b3b47c1aaecc938c7c0edf5/gnocchi.3b357bb2-a2fb-44c4-9127-00653e50b1f7/none_v3" 201 - "PUT http://172.18.0.2:8080/v1/AUTH_d2ec34d46b3b47c1aaecc938c7c0edf5/gnocchi.3b357bb2-a2fb-44c4-9127-00653e50b1f7/none_v3" "tx8a1a179420a341da9c6ef-0069976872" "proxy-server 12" 0.0102 "-" 23 0
Feb 19 19:45:54 standalone proxy-server[129077]: 172.18.0.2 172.18.0.100 19/Feb/2026/19/45/54 PUT /v1/AUTH_d2ec34d46b3b47c1aaecc938c7c0edf5/gnocchi.3b357bb2-a2fb-44c4-9127-00653e50b1f7/none_v3 HTTP/1.0 201 - python-swiftclient-3.11.1 gAAAAABpl2fpU86I... 22 - - tx8a1a179420a341da9c6ef-0069976872 - 0.0188 - - 1771530354.328177929 1771530354.346990585 0
Feb 19 19:45:54 standalone container-server[126938]: 172.20.0.100 - - [19/Feb/2026:19:45:54 +0000] "HEAD /d1/120/AUTH_d2ec34d46b3b47c1aaecc938c7c0edf5/gnocchi.3261b183-de13-4de4-87a9-8f5d6be5028e" 404 - "HEAD http://172.18.0.2:8080/v1/AUTH_d2ec34d46b3b47c1aaecc938c7c0edf5/gnocchi.3261b183-de13-4de4-87a9-8f5d6be5028e?format=json&states=listing" "txa04f1348b106479fa324c-0069976872" "proxy-server 12" 0.0007 "-" 18 0
Feb 19 19:45:54 standalone object-server[127251]: 172.20.0.100 - - [19/Feb/2026:19:45:54 +0000] "GET /d1/912/AUTH_d2ec34d46b3b47c1aaecc938c7c0edf5/gnocchi.3261b183-de13-4de4-87a9-8f5d6be5028e/none_v3" 404 70 "GET http://172.18.0.2:8080/v1/AUTH_d2ec34d46b3b47c1aaecc938c7c0edf5/gnocchi.3261b183-de13-4de4-87a9-8f5d6be5028e/none_v3" "txa04f1348b106479fa324c-0069976872" "proxy-server 12" 0.0005 "-" 23 0
Feb 19 19:45:54 standalone proxy-server[129077]: 172.18.0.2 172.18.0.100 19/Feb/2026/19/45/54 GET /v1/AUTH_d2ec34d46b3b47c1aaecc938c7c0edf5/gnocchi.3261b183-de13-4de4-87a9-8f5d6be5028e/none_v3 HTTP/1.0 404 - python-swiftclient-3.11.1 gAAAAABpl2fpU86I... - 70 - txa04f1348b106479fa324c-0069976872 - 0.0157 - - 1771530354.357619286 1771530354.373282909 0
Feb 19 19:45:54 standalone account-server[126945]: 172.20.0.100 - - [19/Feb/2026:19:45:54 +0000] "PUT /d1/673/AUTH_d2ec34d46b3b47c1aaecc938c7c0edf5/gnocchi.3261b183-de13-4de4-87a9-8f5d6be5028e" 201 - "PUT http://172.20.0.100:6001/d1/120/AUTH_d2ec34d46b3b47c1aaecc938c7c0edf5/gnocchi.3261b183-de13-4de4-87a9-8f5d6be5028e" "txd0b53b3c4ded4784ae5ac-0069976872" "container-server 19" 0.0045 "-" 20 0
Feb 19 19:45:54 standalone container-server[126946]: 172.20.0.100 - - [19/Feb/2026:19:45:54 +0000] "PUT /d1/120/AUTH_d2ec34d46b3b47c1aaecc938c7c0edf5/gnocchi.3261b183-de13-4de4-87a9-8f5d6be5028e" 201 - "PUT http://172.18.0.2:8080/v1/AUTH_d2ec34d46b3b47c1aaecc938c7c0edf5/gnocchi.3261b183-de13-4de4-87a9-8f5d6be5028e" "txd0b53b3c4ded4784ae5ac-0069976872" "proxy-server 12" 0.0211 "-" 19 0
Feb 19 19:45:54 standalone proxy-server[129077]: 172.18.0.2 172.18.0.100 19/Feb/2026/19/45/54 PUT /v1/AUTH_d2ec34d46b3b47c1aaecc938c7c0edf5/gnocchi.3261b183-de13-4de4-87a9-8f5d6be5028e HTTP/1.0 201 - python-swiftclient-3.11.1 gAAAAABpl2fpU86I... - - - txd0b53b3c4ded4784ae5ac-0069976872 - 0.0288 - - 1771530354.376901627 1771530354.405702829 0
Feb 19 19:45:54 standalone container-server[126951]: 172.20.0.100 - - [19/Feb/2026:19:45:54 +0000] "HEAD /d1/120/AUTH_d2ec34d46b3b47c1aaecc938c7c0edf5/gnocchi.3261b183-de13-4de4-87a9-8f5d6be5028e" 204 - "HEAD http://172.18.0.2:8080/v1/AUTH_d2ec34d46b3b47c1aaecc938c7c0edf5/gnocchi.3261b183-de13-4de4-87a9-8f5d6be5028e?format=json&states=listing" "txda8bc98ecd2f41b99009f-0069976872" "proxy-server 12" 0.0015 "-" 20 0
Feb 19 19:45:54 standalone proxy-server[129077]: - - 19/Feb/2026/19/45/54 HEAD /v1/AUTH_d2ec34d46b3b47c1aaecc938c7c0edf5/gnocchi.3261b183-de13-4de4-87a9-8f5d6be5028e%3Fformat%3Djson%26states%3Dlisting HTTP/1.0 204 - Swift - - - - txda8bc98ecd2f41b99009f-0069976872 - 0.0068 RL - 1771530354.412423611 1771530354.419180632 0
Feb 19 19:45:54 standalone container-server[126951]: 172.20.0.100 - - [19/Feb/2026:19:45:54 +0000] "GET /d1/120/AUTH_d2ec34d46b3b47c1aaecc938c7c0edf5/gnocchi.3261b183-de13-4de4-87a9-8f5d6be5028e" 200 2 "GET http://172.18.0.2:8080/v1/AUTH_d2ec34d46b3b47c1aaecc938c7c0edf5/gnocchi.3261b183-de13-4de4-87a9-8f5d6be5028e?format=json&states=listing" "txda8bc98ecd2f41b99009f-0069976872" "proxy-server 12" 0.0036 "-" 20 0
Feb 19 19:45:54 standalone proxy-server[129077]: 172.18.0.2 172.18.0.100 19/Feb/2026/19/45/54 GET /v1/AUTH_d2ec34d46b3b47c1aaecc938c7c0edf5/gnocchi.3261b183-de13-4de4-87a9-8f5d6be5028e%3Fformat%3Djson%26states%3Dlisting HTTP/1.0 200 - python-swiftclient-3.11.1 gAAAAABpl2fpU86I... - 2 - txda8bc98ecd2f41b99009f-0069976872 - 0.0187 - - 1771530354.410888433 1771530354.429621220 0
Feb 19 19:45:54 standalone object-server[127251]: 172.20.0.100 - - [19/Feb/2026:19:45:54 +0000] "GET /d1/543/AUTH_d2ec34d46b3b47c1aaecc938c7c0edf5/gnocchi.3261b183-de13-4de4-87a9-8f5d6be5028e/1771200000.0_mean_300.0_v3" 404 70 "GET http://172.18.0.2:8080/v1/AUTH_d2ec34d46b3b47c1aaecc938c7c0edf5/gnocchi.3261b183-de13-4de4-87a9-8f5d6be5028e/1771200000.0_mean_300.0_v3" "tx6e6b84c726674e9b832da-0069976872" "proxy-server 12" 0.0007 "-" 23 0
Feb 19 19:45:54 standalone proxy-server[129077]: 172.18.0.2 172.18.0.100 19/Feb/2026/19/45/54 GET /v1/AUTH_d2ec34d46b3b47c1aaecc938c7c0edf5/gnocchi.3261b183-de13-4de4-87a9-8f5d6be5028e/1771200000.0_mean_300.0_v3 HTTP/1.0 404 - python-swiftclient-3.11.1 gAAAAABpl2fpU86I... - 70 - tx6e6b84c726674e9b832da-0069976872 - 0.0278 - - 1771530354.436123133 1771530354.463950872 0
