Feb 19 19:44:45 standalone proxy-server[129077]: 172.18.0.2 172.18.0.100 19/Feb/2026/19/44/45 GET /v1/AUTH_d2ec34d46b3b47c1aaecc938c7c0edf5/gnocchi.74269478-c5c4-4a9f-aab5-4376132f6ca8/1771200000.0_mean_300.0_v3 HTTP/1.0 404 - python-swiftclient-3.11.1 gAAAAABpl2fpU86I... - 70 - tx58fa5e23f487403fab6a7-006997682d - 0.0548 - - 1771530285.657499552 1771530285.712286472 0
Feb 19 19:44:45 standalone container-server[126938]: 172.20.0.100 - - [19/Feb/2026:19:44:45 +0000] "PUT /d1/615/AUTH_d2ec34d46b3b47c1aaecc938c7c0edf5/gnocchi.74269478-c5c4-4a9f-aab5-4376132f6ca8/1771200000.0_mean_300.0_v3" 201 - "PUT http://172.18.0.2:8080/d1/370/AUTH_d2ec34d46b3b47c1aaecc938c7c0edf5/gnocchi.74269478-c5c4-4a9f-aab5-4376132f6ca8/1771200000.0_mean_300.0_v3" "tx9f3944659c91455e80931-006997682d" "object-server 24" 0.0012 "-" 18 0
Feb 19 19:44:45 standalone object-server[127252]: 172.20.0.100 - - [19/Feb/2026:19:44:45 +0000] "PUT /d1/370/AUTH_d2ec34d46b3b47c1aaecc938c7c0edf5/gnocchi.74269478-c5c4-4a9f-aab5-4376132f6ca8/1771200000.0_mean_300.0_v3" 201 - "PUT http://172.18.0.2:8080/v1/AUTH_d2ec34d46b3b47c1aaecc938c7c0edf5/gnocchi.74269478-c5c4-4a9f-aab5-4376132f6ca8/1771200000.0_mean_300.0_v3" "tx9f3944659c91455e80931-006997682d" "proxy-server 12" 0.0183 "-" 24 0
Feb 19 19:44:45 standalone proxy-server[129077]: 172.18.0.2 172.18.0.100 19/Feb/2026/19/44/45 PUT /v1/AUTH_d2ec34d46b3b47c1aaecc938c7c0edf5/gnocchi.74269478-c5c4-4a9f-aab5-4376132f6ca8/1771200000.0_mean_300.0_v3 HTTP/1.0 201 - python-swiftclient-3.11.1 gAAAAABpl2fpU86I... 16 - - tx9f3944659c91455e80931-006997682d - 0.0261 - - 1771530285.717389345 1771530285.743440628 0
Feb 19 19:44:45 standalone container-server[126938]: 172.20.0.100 - - [19/Feb/2026:19:44:45 +0000] "PUT /d1/615/AUTH_d2ec34d46b3b47c1aaecc938c7c0edf5/gnocchi.74269478-c5c4-4a9f-aab5-4376132f6ca8/none_v3" 201 - "PUT http://172.18.0.2:8080/d1/1005/AUTH_d2ec34d46b3b47c1aaecc938c7c0edf5/gnocchi.74269478-c5c4-4a9f-aab5-4376132f6ca8/none_v3" "tx50f5c6e2c6df47da8f7fc-006997682d" "object-server 23" 0.0007 "-" 18 0
Feb 19 19:44:45 standalone object-server[127251]: 172.20.0.100 - - [19/Feb/2026:19:44:45 +0000] "PUT /d1/1005/AUTH_d2ec34d46b3b47c1aaecc938c7c0edf5/gnocchi.74269478-c5c4-4a9f-aab5-4376132f6ca8/none_v3" 201 - "PUT http://172.18.0.2:8080/v1/AUTH_d2ec34d46b3b47c1aaecc938c7c0edf5/gnocchi.74269478-c5c4-4a9f-aab5-4376132f6ca8/none_v3" "tx50f5c6e2c6df47da8f7fc-006997682d" "proxy-server 12" 0.0103 "-" 23 0
Feb 19 19:44:45 standalone proxy-server[129077]: 172.18.0.2 172.18.0.100 19/Feb/2026/19/44/45 PUT /v1/AUTH_d2ec34d46b3b47c1aaecc938c7c0edf5/gnocchi.74269478-c5c4-4a9f-aab5-4376132f6ca8/none_v3 HTTP/1.0 201 - python-swiftclient-3.11.1 gAAAAABpl2fpU86I... 22 - - tx50f5c6e2c6df47da8f7fc-006997682d - 0.0158 - - 1771530285.748330593 1771530285.764104843 0
Feb 19 19:44:45 standalone container-server[126936]: 172.20.0.100 - - [19/Feb/2026:19:44:45 +0000] "HEAD /d1/795/AUTH_d2ec34d46b3b47c1aaecc938c7c0edf5/gnocchi.e9181146-e158-400a-9c6e-1b8bfc48bf2c" 404 - "HEAD http://172.18.0.2:8080/v1/AUTH_d2ec34d46b3b47c1aaecc938c7c0edf5/gnocchi.e9181146-e158-400a-9c6e-1b8bfc48bf2c?format=json&states=listing" "tx31c677252d7d4c338b2fc-006997682d" "proxy-server 12" 0.0010 "-" 17 0
Feb 19 19:44:45 standalone object-server[127252]: 172.20.0.100 - - [19/Feb/2026:19:44:45 +0000] "GET /d1/930/AUTH_d2ec34d46b3b47c1aaecc938c7c0edf5/gnocchi.e9181146-e158-400a-9c6e-1b8bfc48bf2c/none_v3" 404 70 "GET http://172.18.0.2:8080/v1/AUTH_d2ec34d46b3b47c1aaecc938c7c0edf5/gnocchi.e9181146-e158-400a-9c6e-1b8bfc48bf2c/none_v3" "tx31c677252d7d4c338b2fc-006997682d" "proxy-server 12" 0.0005 "-" 24 0
Feb 19 19:44:45 standalone proxy-server[129077]: 172.18.0.2 172.18.0.100 19/Feb/2026/19/44/45 GET /v1/AUTH_d2ec34d46b3b47c1aaecc938c7c0edf5/gnocchi.e9181146-e158-400a-9c6e-1b8bfc48bf2c/none_v3 HTTP/1.0 404 - python-swiftclient-3.11.1 gAAAAABpl2fpU86I... - 70 - tx31c677252d7d4c338b2fc-006997682d - 0.0204 - - 1771530285.788632631 1771530285.809000731 0
Feb 19 19:44:45 standalone account-server[126956]: 172.20.0.100 - - [19/Feb/2026:19:44:45 +0000] "PUT /d1/673/AUTH_d2ec34d46b3b47c1aaecc938c7c0edf5/gnocchi.e9181146-e158-400a-9c6e-1b8bfc48bf2c" 201 - "PUT http://172.20.0.100:6001/d1/795/AUTH_d2ec34d46b3b47c1aaecc938c7c0edf5/gnocchi.e9181146-e158-400a-9c6e-1b8bfc48bf2c" "txba23b7ac558e4a498007f-006997682d" "container-server 20" 0.0067 "-" 21 0
Feb 19 19:44:45 standalone container-server[126951]: 172.20.0.100 - - [19/Feb/2026:19:44:45 +0000] "PUT /d1/795/AUTH_d2ec34d46b3b47c1aaecc938c7c0edf5/gnocchi.e9181146-e158-400a-9c6e-1b8bfc48bf2c" 201 - "PUT http://172.18.0.2:8080/v1/AUTH_d2ec34d46b3b47c1aaecc938c7c0edf5/gnocchi.e9181146-e158-400a-9c6e-1b8bfc48bf2c" "txba23b7ac558e4a498007f-006997682d" "proxy-server 12" 0.0250 "-" 20 0
Feb 19 19:44:45 standalone proxy-server[129077]: 172.18.0.2 172.18.0.100 19/Feb/2026/19/44/45 PUT /v1/AUTH_d2ec34d46b3b47c1aaecc938c7c0edf5/gnocchi.e9181146-e158-400a-9c6e-1b8bfc48bf2c HTTP/1.0 201 - python-swiftclient-3.11.1 gAAAAABpl2fpU86I... - - - txba23b7ac558e4a498007f-006997682d - 0.0315 - - 1771530285.813232183 1771530285.844696045 0
Feb 19 19:44:45 standalone container-server[126938]: 172.20.0.100 - - [19/Feb/2026:19:44:45 +0000] "HEAD /d1/795/AUTH_d2ec34d46b3b47c1aaecc938c7c0edf5/gnocchi.e9181146-e158-400a-9c6e-1b8bfc48bf2c" 204 - "HEAD http://172.18.0.2:8080/v1/AUTH_d2ec34d46b3b47c1aaecc938c7c0edf5/gnocchi.e9181146-e158-400a-9c6e-1b8bfc48bf2c?format=json&states=listing" "txa4ca93b2873e47f29f82a-006997682d" "proxy-server 12" 0.0020 "-" 18 0
Feb 19 19:44:45 standalone proxy-server[129077]: - - 19/Feb/2026/19/44/45 HEAD /v1/AUTH_d2ec34d46b3b47c1aaecc938c7c0edf5/gnocchi.e9181146-e158-400a-9c6e-1b8bfc48bf2c%3Fformat%3Djson%26states%3Dlisting HTTP/1.0 204 - Swift - - - - txa4ca93b2873e47f29f82a-006997682d - 0.0061 RL - 1771530285.850598335 1771530285.856653214 0
Feb 19 19:44:45 standalone container-server[126946]: 172.20.0.100 - - [19/Feb/2026:19:44:45 +0000] "GET /d1/795/AUTH_d2ec34d46b3b47c1aaecc938c7c0edf5/gnocchi.e9181146-e158-400a-9c6e-1b8bfc48bf2c" 200 2 "GET http://172.18.0.2:8080/v1/AUTH_d2ec34d46b3b47c1aaecc938c7c0edf5/gnocchi.e9181146-e158-400a-9c6e-1b8bfc48bf2c?format=json&states=listing" "txa4ca93b2873e47f29f82a-006997682d" "proxy-server 12" 0.0031 "-" 19 0
Feb 19 19:44:45 standalone proxy-server[129077]: 172.18.0.2 172.18.0.100 19/Feb/2026/19/44/45 GET /v1/AUTH_d2ec34d46b3b47c1aaecc938c7c0edf5/gnocchi.e9181146-e158-400a-9c6e-1b8bfc48bf2c%3Fformat%3Djson%26states%3Dlisting HTTP/1.0 200 - python-swiftclient-3.11.1 gAAAAABpl2fpU86I... - 2 - txa4ca93b2873e47f29f82a-006997682d - 0.0168 - - 1771530285.849388361 1771530285.866147280 0
Feb 19 19:44:45 standalone object-server[127253]: 172.20.0.100 - - [19/Feb/2026:19:44:45 +0000] "GET /d1/56/AUTH_d2ec34d46b3b47c1aaecc938c7c0edf5/gnocchi.e9181146-e158-400a-9c6e-1b8bfc48bf2c/1771200000.0_mean_300.0_v3" 404 70 "GET http://172.18.0.2:8080/v1/AUTH_d2ec34d46b3b47c1aaecc938c7c0edf5/gnocchi.e9181146-e158-400a-9c6e-1b8bfc48bf2c/1771200000.0_mean_300.0_v3" "txb7610f913ee3447db8efa-006997682d" "proxy-server 12" 0.0004 "-" 25 0
Feb 19 19:44:45 standalone proxy-server[129077]: 172.18.0.2 172.18.0.100 19/Feb/2026/19/44/45 GET /v1/AUTH_d2ec34d46b3b47c1aaecc938c7c0edf5/gnocchi.e9181146-e158-400a-9c6e-1b8bfc48bf2c/1771200000.0_mean_300.0_v3 HTTP/1.0 404 - python-swiftclient-3.11.1 gAAAAABpl2fpU86I... - 70 - txb7610f913ee3447db8efa-006997682d - 0.0057 - - 1771530285.870139599 1771530285.875844717 0
Feb 19 19:44:45 standalone container-server[126936]: 172.20.0.100 - - [19/Feb/2026:19:44:45 +0000] "PUT /d1/795/AUTH_d2ec34d46b3b47c1aaecc938c7c0edf5/gnocchi.e9181146-e158-400a-9c6e-1b8bfc48bf2c/1771200000.0_mean_300.0_v3" 201 - "PUT http://172.18.0.2:8080/d1/56/AUTH_d2ec34d46b3b47c1aaecc938c7c0edf5/gnocchi.e9181146-e158-400a-9c6e-1b8bfc48bf2c/1771200000.0_mean_300.0_v3" "tx3c13bfe8e01a4ba79632b-006997682d" "object-server 22" 0.0009 "-" 17 0
Feb 19 19:44:45 standalone object-server[127250]: 172.20.0.100 - - [19/Feb/2026:19:44:45 +0000] "PUT /d1/56/AUTH_d2ec34d46b3b47c1aaecc938c7c0edf5/gnocchi.e9181146-e158-400a-9c6e-1b8bfc48bf2c/1771200000.0_mean_300.0_v3" 201 - "PUT http://172.18.0.2:8080/v1/AUTH_d2ec34d46b3b47c1aaecc938c7c0edf5/gnocchi.e9181146-e158-400a-9c6e-1b8bfc48bf2c/1771200000.0_mean_300.0_v3" "tx3c13bfe8e01a4ba79632b-006997682d" "proxy-server 12" 0.0101 "-" 22 0
Feb 19 19:44:45 standalone proxy-server[129077]: 172.18.0.2 172.18.0.100 19/Feb/2026/19/44/45 PUT /v1/AUTH_d2ec34d46b3b47c1aaecc938c7c0edf5/gnocchi.e9181146-e158-400a-9c6e-1b8bfc48bf2c/1771200000.0_mean_300.0_v3 HTTP/1.0 201 - python-swiftclient-3.11.1 gAAAAABpl2fpU86I... 16 - - tx3c13bfe8e01a4ba79632b-006997682d - 0.0153 - - 1771530285.933578968 1771530285.948864698 0
Feb 19 19:44:45 standalone container-server[126938]: 172.20.0.100 - - [19/Feb/2026:19:44:45 +0000] "PUT /d1/795/AUTH_d2ec34d46b3b47c1aaecc938c7c0edf5/gnocchi.e9181146-e158-400a-9c6e-1b8bfc48bf2c/none_v3" 201 - "PUT http://172.18.0.2:8080/d1/930/AUTH_d2ec34d46b3b47c1aaecc938c7c0edf5/gnocchi.e9181146-e158-400a-9c6e-1b8bfc48bf2c/none_v3" "txcd0e4bfaaede4d2fbf398-006997682d" "object-server 25" 0.0008 "-" 18 0
Feb 19 19:44:45 standalone object-server[127253]: 172.20.0.100 - - [19/Feb/2026:19:44:45 +0000] "PUT /d1/930/AUTH_d2ec34d46b3b47c1aaecc938c7c0edf5/gnocchi.e9181146-e158-400a-9c6e-1b8bfc48bf2c/none_v3" 201 - "PUT http://172.18.0.2:8080/v1/AUTH_d2ec34d46b3b47c1aaecc938c7c0edf5/gnocchi.e9181146-e158-400a-9c6e-1b8bfc48bf2c/none_v3" "txcd0e4bfaaede4d2fbf398-006997682d" "proxy-server 12" 0.0117 "-" 25 0
Feb 19 19:44:45 standalone proxy-server[129077]: 172.18.0.2 172.18.0.100 19/Feb/2026/19/44/45 PUT /v1/AUTH_d2ec34d46b3b47c1aaecc938c7c0edf5/gnocchi.e9181146-e158-400a-9c6e-1b8bfc48bf2c/none_v3 HTTP/1.0 201 - python-swiftclient-3.11.1 gAAAAABpl2fpU86I... 22 - - txcd0e4bfaaede4d2fbf398-006997682d - 0.0166 - - 1771530285.956829786 1771530285.973382711 0
Feb 19 19:44:46 standalone container-server[126936]: 172.20.0.100 - - [19/Feb/2026:19:44:46 +0000] "HEAD /d1/727/AUTH_d2ec34d46b3b47c1aaecc938c7c0edf5/gnocchi.397dc6b4-943e-45e9-a595-96e4b67306bd" 404 - "HEAD http://172.18.0.2:8080/v1/AUTH_d2ec34d46b3b47c1aaecc938c7c0edf5/gnocchi.397dc6b4-943e-45e9-a595-96e4b67306bd?format=json&states=listing" "tx48303117ec824ed0aec8d-006997682e" "proxy-server 12" 0.0006 "-" 17 0
Feb 19 19:44:46 standalone object-server[127251]: 172.20.0.100 - - [19/Feb/2026:19:44:46 +0000] "GET /d1/64/AUTH_d2ec34d46b3b47c1aaecc938c7c0edf5/gnocchi.397dc6b4-943e-45e9-a595-96e4b67306bd/none_v3" 404 70 "GET http://172.18.0.2:8080/v1/AUTH_d2ec34d46b3b47c1aaecc938c7c0edf5/gnocchi.397dc6b4-943e-45e9-a595-96e4b67306bd/none_v3" "tx48303117ec824ed0aec8d-006997682e" "proxy-server 12" 0.0006 "-" 23 0
Feb 19 19:44:46 standalone proxy-server[129077]: 172.18.0.2 172.18.0.100 19/Feb/2026/19/44/46 GET /v1/AUTH_d2ec34d46b3b47c1aaecc938c7c0edf5/gnocchi.397dc6b4-943e-45e9-a595-96e4b67306bd/none_v3 HTTP/1.0 404 - python-swiftclient-3.11.1 gAAAAABpl2fpU86I... - 70 - tx48303117ec824ed0aec8d-006997682e - 0.0166 - - 1771530286.015057087 1771530286.031620979 0
Feb 19 19:44:46 standalone account-server[126937]: 172.20.0.100 - - [19/Feb/2026:19:44:46 +0000] "PUT /d1/673/AUTH_d2ec34d46b3b47c1aaecc938c7c0edf5/gnocchi.397dc6b4-943e-45e9-a595-96e4b67306bd" 201 - "PUT http://172.20.0.100:6001/d1/727/AUTH_d2ec34d46b3b47c1aaecc938c7c0edf5/gnocchi.397dc6b4-943e-45e9-a595-96e4b67306bd" "txfcb4be941cb54cc3b5d7c-006997682e" "container-server 20" 0.0080 "-" 19 0
Feb 19 19:44:46 standalone container-server[126951]: 172.20.0.100 - - [19/Feb/2026:19:44:46 +0000] "PUT /d1/727/AUTH_d2ec34d46b3b47c1aaecc938c7c0edf5/gnocchi.397dc6b4-943e-45e9-a595-96e4b67306bd" 201 - "PUT http://172.18.0.2:8080/v1/AUTH_d2ec34d46b3b47c1aaecc938c7c0edf5/gnocchi.397dc6b4-943e-45e9-a595-96e4b67306bd" "txfcb4be941cb54cc3b5d7c-006997682e" "proxy-server 12" 0.0291 "-" 20 0
Feb 19 19:44:46 standalone proxy-server[129077]: 172.18.0.2 172.18.0.100 19/Feb/2026/19/44/46 PUT /v1/AUTH_d2ec34d46b3b47c1aaecc938c7c0edf5/gnocchi.397dc6b4-943e-45e9-a595-96e4b67306bd HTTP/1.0 201 - python-swiftclient-3.11.1 gAAAAABpl2fpU86I... - - - txfcb4be941cb54cc3b5d7c-006997682e - 0.0376 - - 1771530286.035827398 1771530286.073452711 0
Feb 19 19:44:46 standalone container-server[126938]: 172.20.0.100 - - [19/Feb/2026:19:44:46 +0000] "HEAD /d1/727/AUTH_d2ec34d46b3b47c1aaecc938c7c0edf5/gnocchi.397dc6b4-943e-45e9-a595-96e4b67306bd" 204 - "HEAD http://172.18.0.2:8080/v1/AUTH_d2ec34d46b3b47c1aaecc938c7c0edf5/gnocchi.397dc6b4-943e-45e9-a595-96e4b67306bd?format=json&states=listing" "txfcc64f9dc2f34fafac181-006997682e" "proxy-server 12" 0.0034 "-" 18 0
Feb 19 19:44:46 standalone proxy-server[129077]: - - 19/Feb/2026/19/44/46 HEAD /v1/AUTH_d2ec34d46b3b47c1aaecc938c7c0edf5/gnocchi.397dc6b4-943e-45e9-a595-96e4b67306bd%3Fformat%3Djson%26states%3Dlisting HTTP/1.0 204 - Swift - - - - txfcc64f9dc2f34fafac181-006997682e - 0.0103 RL - 1771530286.080539465 1771530286.090827703 0
Feb 19 19:44:46 standalone container-server[126936]: 172.20.0.100 - - [19/Feb/2026:19:44:46 +0000] "GET /d1/727/AUTH_d2ec34d46b3b47c1aaecc938c7c0edf5/gnocchi.397dc6b4-943e-45e9-a595-96e4b67306bd" 200 2 "GET http://172.18.0.2:8080/v1/AUTH_d2ec34d46b3b47c1aaecc938c7c0edf5/gnocchi.397dc6b4-943e-45e9-a595-96e4b67306bd?format=json&states=listing" "txfcc64f9dc2f34fafac181-006997682e" "proxy-server 12" 0.0033 "-" 17 0
Feb 19 19:44:46 standalone proxy-server[129077]: 172.18.0.2 172.18.0.100 19/Feb/2026/19/44/46 GET /v1/AUTH_d2ec34d46b3b47c1aaecc938c7c0edf5/gnocchi.397dc6b4-943e-45e9-a595-96e4b67306bd%3Fformat%3Djson%26states%3Dlisting HTTP/1.0 200 - python-swiftclient-3.11.1 gAAAAABpl2fpU86I... - 2 - txfcc64f9dc2f34fafac181-006997682e - 0.0265 - - 1771530286.078689337 1771530286.105225801 0
Feb 19 19:44:46 standalone object-server[127252]: 172.20.0.100 - - [19/Feb/2026:19:44:46 +0000] "GET /d1/330/AUTH_d2ec34d46b3b47c1aaecc938c7c0edf5/gnocchi.397dc6b4-943e-45e9-a595-96e4b67306bd/1771200000.0_mean_300.0_v3" 404 70 "GET http://172.18.0.2:8080/v1/AUTH_d2ec34d46b3b47c1aaecc938c7c0edf5/gnocchi.397dc6b4-943e-45e9-a595-96e4b67306bd/1771200000.0_mean_300.0_v3" "tx755e904380fc4f5cad8b7-006997682e" "proxy-server 12" 0.0005 "-" 24 0
Feb 19 19:44:46 standalone proxy-server[129077]: 172.18.0.2 172.18.0.100 19/Feb/2026/19/44/46 GET /v1/AUTH_d2ec34d46b3b47c1aaecc938c7c0edf5/gnocchi.397dc6b4-943e-45e9-a595-96e4b67306bd/1771200000.0_mean_300.0_v3 HTTP/1.0 404 - python-swiftclient-3.11.1 gAAAAABpl2fpU86I... - 70 - tx755e904380fc4f5cad8b7-006997682e - 0.0109 - - 1771530286.110720873 1771530286.121614218 0
Feb 19 19:44:46 standalone container-server[126936]: 172.20.0.100 - - [19/Feb/2026:19:44:46 +0000] "PUT /d1/727/AUTH_d2ec34d46b3b47c1aaecc938c7c0edf5/gnocchi.397dc6b4-943e-45e9-a595-96e4b67306bd/1771200000.0_mean_300.0_v3" 201 - "PUT http://172.18.0.2:8080/d1/330/AUTH_d2ec34d46b3b47c1aaecc938c7c0edf5/gnocchi.397dc6b4-943e-45e9-a595-96e4b67306bd/1771200000.0_mean_300.0_v3" "tx759b78826ba14994a1f38-006997682e" "object-server 23" 0.0009 "-" 17 0
Feb 19 19:44:46 standalone object-server[127251]: 172.20.0.100 - - [19/Feb/2026:19:44:46 +0000] "PUT /d1/330/AUTH_d2ec34d46b3b47c1aaecc938c7c0edf5/gnocchi.397dc6b4-943e-45e9-a595-96e4b67306bd/1771200000.0_mean_300.0_v3" 201 - "PUT http://172.18.0.2:8080/v1/AUTH_d2ec34d46b3b47c1aaecc938c7c0edf5/gnocchi.397dc6b4-943e-45e9-a595-96e4b67306bd/1771200000.0_mean_300.0_v3" "tx759b78826ba14994a1f38-006997682e" "proxy-server 12" 0.0144 "-" 23 0
Feb 19 19:44:46 standalone proxy-server[129077]: 172.18.0.2 172.18.0.100 19/Feb/2026/19/44/46 PUT /v1/AUTH_d2ec34d46b3b47c1aaecc938c7c0edf5/gnocchi.397dc6b4-943e-45e9-a595-96e4b67306bd/1771200000.0_mean_300.0_v3 HTTP/1.0 201 - python-swiftclient-3.11.1 gAAAAABpl2fpU86I... 16 - - tx759b78826ba14994a1f38-006997682e - 0.0252 - - 1771530286.125954390 1771530286.151159525 0
Feb 19 19:44:46 standalone container-server[126938]: 172.20.0.100 - - [19/Feb/2026:19:44:46 +0000] "PUT /d1/727/AUTH_d2ec34d46b3b47c1aaecc938c7c0edf5/gnocchi.397dc6b4-943e-45e9-a595-96e4b67306bd/none_v3" 201 - "PUT http://172.18.0.2:8080/d1/64/AUTH_d2ec34d46b3b47c1aaecc938c7c0edf5/gnocchi.397dc6b4-943e-45e9-a595-96e4b67306bd/none_v3" "txa5c4a581e49a47b9bf480-006997682e" "object-server 22" 0.0006 "-" 18 0
Feb 19 19:44:46 standalone object-server[127250]: 172.20.0.100 - - [19/Feb/2026:19:44:46 +0000] "PUT /d1/64/AUTH_d2ec34d46b3b47c1aaecc938c7c0edf5/gnocchi.397dc6b4-943e-45e9-a595-96e4b67306bd/none_v3" 201 - "PUT http://172.18.0.2:8080/v1/AUTH_d2ec34d46b3b47c1aaecc938c7c0edf5/gnocchi.397dc6b4-943e-45e9-a595-96e4b67306bd/none_v3" "txa5c4a581e49a47b9bf480-006997682e" "proxy-server 12" 0.0140 "-" 22 0
Feb 19 19:44:46 standalone proxy-server[129077]: 172.18.0.2 172.18.0.100 19/Feb/2026/19/44/46 PUT /v1/AUTH_d2ec34d46b3b47c1aaecc938c7c0edf5/gnocchi.397dc6b4-943e-45e9-a595-96e4b67306bd/none_v3 HTTP/1.0 201 - python-swiftclient-3.11.1 gAAAAABpl2fpU86I... 22 - - txa5c4a581e49a47b9bf480-006997682e - 0.0239 - - 1771530286.155449390 1771530286.179301977 0
Feb 19 19:44:46 standalone container-server[126936]: 172.20.0.100 - - [19/Feb/2026:19:44:46 +0000] "HEAD /d1/194/AUTH_d2ec34d46b3b47c1aaecc938c7c0edf5/gnocchi.caed62ae-2b5f-4ced-87a3-284e79f82af9" 404 - "HEAD http://172.18.0.2:8080/v1/AUTH_d2ec34d46b3b47c1aaecc938c7c0edf5/gnocchi.caed62ae-2b5f-4ced-87a3-284e79f82af9?format=json&states=listing" "tx1122bf2deb0b48ccbd6fc-006997682e" "proxy-server 12" 0.0007 "-" 17 0
Feb 19 19:44:46 standalone object-server[127252]: 172.20.0.100 - - [19/Feb/2026:19:44:46 +0000] "GET /d1/987/AUTH_d2ec34d46b3b47c1aaecc938c7c0edf5/gnocchi.caed62ae-2b5f-4ced-87a3-284e79f82af9/none_v3" 404 70 "GET http://172.18.0.2:8080/v1/AUTH_d2ec34d46b3b47c1aaecc938c7c0edf5/gnocchi.caed62ae-2b5f-4ced-87a3-284e79f82af9/none_v3" "tx1122bf2deb0b48ccbd6fc-006997682e" "proxy-server 12" 0.0008 "-" 24 0
Feb 19 19:44:46 standalone proxy-server[129077]: 172.18.0.2 172.18.0.100 19/Feb/2026/19/44/46 GET /v1/AUTH_d2ec34d46b3b47c1aaecc938c7c0edf5/gnocchi.caed62ae-2b5f-4ced-87a3-284e79f82af9/none_v3 HTTP/1.0 404 - python-swiftclient-3.11.1 gAAAAABpl2fpU86I... - 70 - tx1122bf2deb0b48ccbd6fc-006997682e - 0.0174 - - 1771530286.311634064 1771530286.328996658 0
Feb 19 19:44:46 standalone account-server[126945]: 172.20.0.100 - - [19/Feb/2026:19:44:46 +0000] "PUT /d1/673/AUTH_d2ec34d46b3b47c1aaecc938c7c0edf5/gnocchi.caed62ae-2b5f-4ced-87a3-284e79f82af9" 201 - "PUT http://172.20.0.100:6001/d1/194/AUTH_d2ec34d46b3b47c1aaecc938c7c0edf5/gnocchi.caed62ae-2b5f-4ced-87a3-284e79f82af9" "txecfe31d88a8946f0a9ca8-006997682e" "container-server 19" 0.0068 "-" 20 0
Feb 19 19:44:46 standalone container-server[126946]: 172.20.0.100 - - [19/Feb/2026:19:44:46 +0000] "PUT /d1/194/AUTH_d2ec34d46b3b47c1aaecc938c7c0edf5/gnocchi.caed62ae-2b5f-4ced-87a3-284e79f82af9" 201 - "PUT http://172.18.0.2:8080/v1/AUTH_d2ec34d46b3b47c1aaecc938c7c0edf5/gnocchi.caed62ae-2b5f-4ced-87a3-284e79f82af9" "txecfe31d88a8946f0a9ca8-006997682e" "proxy-server 12" 0.0220 "-" 19 0
Feb 19 19:44:46 standalone proxy-server[129077]: 172.18.0.2 172.18.0.100 19/Feb/2026/19/44/46 PUT /v1/AUTH_d2ec34d46b3b47c1aaecc938c7c0edf5/gnocchi.caed62ae-2b5f-4ced-87a3-284e79f82af9 HTTP/1.0 201 - python-swiftclient-3.11.1 gAAAAABpl2fpU86I... - - - txecfe31d88a8946f0a9ca8-006997682e - 0.0314 - - 1771530286.333624125 1771530286.365007162 0
Feb 19 19:44:46 standalone container-server[126951]: 172.20.0.100 - - [19/Feb/2026:19:44:46 +0000] "HEAD /d1/194/AUTH_d2ec34d46b3b47c1aaecc938c7c0edf5/gnocchi.caed62ae-2b5f-4ced-87a3-284e79f82af9" 204 - "HEAD http://172.18.0.2:8080/v1/AUTH_d2ec34d46b3b47c1aaecc938c7c0edf5/gnocchi.caed62ae-2b5f-4ced-87a3-284e79f82af9?format=json&states=listing" "txb54c42cfb660485b97ea1-006997682e" "proxy-server 12" 0.0027 "-" 20 0
Feb 19 19:44:46 standalone proxy-server[129077]: - - 19/Feb/2026/19/44/46 HEAD /v1/AUTH_d2ec34d46b3b47c1aaecc938c7c0edf5/gnocchi.caed62ae-2b5f-4ced-87a3-284e79f82af9%3Fformat%3Djson%26states%3Dlisting HTTP/1.0 204 - Swift - - - - txb54c42cfb660485b97ea1-006997682e - 0.0077 RL - 1771530286.371055126 1771530286.378785133 0
Feb 19 19:44:46 standalone container-server[126951]: 172.20.0.100 - - [19/Feb/2026:19:44:46 +0000] "GET /d1/194/AUTH_d2ec34d46b3b47c1aaecc938c7c0edf5/gnocchi.caed62ae-2b5f-4ced-87a3-284e79f82af9" 200 2 "GET http://172.18.0.2:8080/v1/AUTH_d2ec34d46b3b47c1aaecc938c7c0edf5/gnocchi.caed62ae-2b5f-4ced-87a3-284e79f82af9?format=json&states=listing" "txb54c42cfb660485b97ea1-006997682e" "proxy-server 12" 0.0037 "-" 20 0
Feb 19 19:44:46 standalone proxy-server[129077]: 172.18.0.2 172.18.0.100 19/Feb/2026/19/44/46 GET /v1/AUTH_d2ec34d46b3b47c1aaecc938c7c0edf5/gnocchi.caed62ae-2b5f-4ced-87a3-284e79f82af9%3Fformat%3Djson%26states%3Dlisting HTTP/1.0 200 - python-swiftclient-3.11.1 gAAAAABpl2fpU86I... - 2 - txb54c42cfb660485b97ea1-006997682e - 0.0245 - - 1771530286.369524479 1771530286.394040585 0
Feb 19 19:44:46 standalone object-server[127251]: 172.20.0.100 - - [19/Feb/2026:19:44:46 +0000] "GET /d1/328/AUTH_d2ec34d46b3b47c1aaecc938c7c0edf5/gnocchi.caed62ae-2b5f-4ced-87a3-284e79f82af9/1771200000.0_mean_300.0_v3" 404 70 "GET http://172.18.0.2:8080/v1/AUTH_d2ec34d46b3b47c1aaecc938c7c0edf5/gnocchi.caed62ae-2b5f-4ced-87a3-284e79f82af9/1771200000.0_mean_300.0_v3" "tx7c62ee998deb4b5499797-006997682e" "proxy-server 12" 0.0007 "-" 23 0
Feb 19 19:44:46 standalone proxy-server[129077]: 172.18.0.2 172.18.0.100 19/Feb/2026/19/44/46 GET /v1/AUTH_d2ec34d46b3b47c1aaecc938c7c0edf5/gnocchi.caed62ae-2b5f-4ced-87a3-284e79f82af9/1771200000.0_mean_300.0_v3 HTTP/1.0 404 - python-swiftclient-3.11.1 gAAAAABpl2fpU86I... - 70 - tx7c62ee998deb4b5499797-006997682e - 0.0091 - - 1771530286.398957253 1771530286.408010006 0
Feb 19 19:44:46 standalone container-server[126936]: 172.20.0.100 - - [19/Feb/2026:19:44:46 +0000] "PUT /d1/194/AUTH_d2ec34d46b3b47c1aaecc938c7c0edf5/gnocchi.caed62ae-2b5f-4ced-87a3-284e79f82af9/1771200000.0_mean_300.0_v3" 201 - "PUT http://172.18.0.2:8080/d1/328/AUTH_d2ec34d46b3b47c1aaecc938c7c0edf5/gnocchi.caed62ae-2b5f-4ced-87a3-284e79f82af9/1771200000.0_mean_300.0_v3" "tx4b98c4dc6951475d9c749-006997682e" "object-server 24" 0.0014 "-" 17 0
Feb 19 19:44:46 standalone object-server[127252]: 172.20.0.100 - - [19/Feb/2026:19:44:46 +0000] "PUT /d1/328/AUTH_d2ec34d46b3b47c1aaecc938c7c0edf5/gnocchi.caed62ae-2b5f-4ced-87a3-284e79f82af9/1771200000.0_mean_300.0_v3" 201 - "PUT http://172.18.0.2:8080/v1/AUTH_d2ec34d46b3b47c1aaecc938c7c0edf5/gnocchi.caed62ae-2b5f-4ced-87a3-284e79f82af9/1771200000.0_mean_300.0_v3" "tx4b98c4dc6951475d9c749-006997682e" "proxy-server 12" 0.0142 "-" 24 0
Feb 19 19:44:46 standalone proxy-server[129077]: 172.18.0.2 172.18.0.100 19/Feb/2026/19/44/46 PUT /v1/AUTH_d2ec34d46b3b47c1aaecc938c7c0edf5/gnocchi.caed62ae-2b5f-4ced-87a3-284e79f82af9/1771200000.0_mean_300.0_v3 HTTP/1.0 201 - python-swiftclient-3.11.1 gAAAAABpl2fpU86I... 16 - - tx4b98c4dc6951475d9c749-006997682e - 0.0249 - - 1771530286.411679506 1771530286.436553240 0
Feb 19 19:44:46 standalone container-server[126951]: 172.20.0.100 - - [19/Feb/2026:19:44:46 +0000] "PUT /d1/194/AUTH_d2ec34d46b3b47c1aaecc938c7c0edf5/gnocchi.caed62ae-2b5f-4ced-87a3-284e79f82af9/none_v3" 201 - "PUT http://172.18.0.2:8080/d1/987/AUTH_d2ec34d46b3b47c1aaecc938c7c0edf5/gnocchi.caed62ae-2b5f-4ced-87a3-284e79f82af9/none_v3" "tx2db8e794838644e8a7da1-006997682e" "object-server 24" 0.0010 "-" 20 0
Feb 19 19:44:46 standalone object-server[127252]: 172.20.0.100 - - [19/Feb/2026:19:44:46 +0000] "PUT /d1/987/AUTH_d2ec34d46b3b47c1aaecc938c7c0edf5/gnocchi.caed62ae-2b5f-4ced-87a3-284e79f82af9/none_v3" 201 - "PUT http://172.18.0.2:8080/v1/AUTH_d2ec34d46b3b47c1aaecc938c7c0edf5/gnocchi.caed62ae-2b5f-4ced-87a3-284e79f82af9/none_v3" "tx2db8e794838644e8a7da1-006997682e" "proxy-server 12" 0.0161 "-" 24 0
Feb 19 19:44:46 standalone proxy-server[129077]: 172.18.0.2 172.18.0.100 19/Feb/2026/19/44/46 PUT /v1/AUTH_d2ec34d46b3b47c1aaecc938c7c0edf5/gnocchi.caed62ae-2b5f-4ced-87a3-284e79f82af9/none_v3 HTTP/1.0 201 - python-swiftclient-3.11.1 gAAAAABpl2fpU86I... 22 - - tx2db8e794838644e8a7da1-006997682e - 0.0261 - - 1771530286.440341473 1771530286.466446400 0
Feb 19 19:44:51 standalone object-server[127030]: Begin object update sweep
Feb 19 19:44:51 standalone object-server[226589]: Object update sweep starting on /srv/node/d1 (pid: 14)
Feb 19 19:44:51 standalone object-server[226589]: Object update sweep completed on /srv/node/d1 in 0.00s seconds:, 0 successes, 0 failures, 0 quarantines, 0 unlinks, 0 errors, 0 redirects (pid: 14)
Feb 19 19:44:51 standalone object-server[226589]: Object update sweep of d1 completed: 0.00s, 0 successes, 0 failures, 0 quarantines, 0 unlinks, 0 errors, 0 redirects
Feb 19 19:44:51 standalone object-server[127030]: Object update sweep completed: 0.09s
Feb 19 19:45:10 standalone container-server[126946]: 172.20.0.100 - - [19/Feb/2026:19:45:10 +0000] "HEAD /d1/34/AUTH_d2ec34d46b3b47c1aaecc938c7c0edf5/gnocchi.af67950a-1675-4dad-a578-b2772d0c1d1a" 404 - "HEAD http://172.18.0.2:8080/v1/AUTH_d2ec34d46b3b47c1aaecc938c7c0edf5/gnocchi.af67950a-1675-4dad-a578-b2772d0c1d1a?format=json&states=listing" "tx5224a0be58814769a84b9-0069976846" "proxy-server 12" 0.0004 "-" 19 0
Feb 19 19:45:10 standalone object-server[127253]: 172.20.0.100 - - [19/Feb/2026:19:45:10 +0000] "GET /d1/705/AUTH_d2ec34d46b3b47c1aaecc938c7c0edf5/gnocchi.af67950a-1675-4dad-a578-b2772d0c1d1a/none_v3" 404 70 "GET http://172.18.0.2:8080/v1/AUTH_d2ec34d46b3b47c1aaecc938c7c0edf5/gnocchi.af67950a-1675-4dad-a578-b2772d0c1d1a/none_v3" "tx5224a0be58814769a84b9-0069976846" "proxy-server 12" 0.0011 "-" 25 0
Feb 19 19:45:10 standalone proxy-server[129077]: 172.18.0.2 172.18.0.100 19/Feb/2026/19/45/10 GET /v1/AUTH_d2ec34d46b3b47c1aaecc938c7c0edf5/gnocchi.af67950a-1675-4dad-a578-b2772d0c1d1a/none_v3 HTTP/1.0 404 - python-swiftclient-3.11.1 gAAAAABpl2fpU86I... - 70 - tx5224a0be58814769a84b9-0069976846 - 0.0167 - - 1771530310.744824171 1771530310.761507988 0
Feb 19 19:45:10 standalone account-server[126945]: 172.20.0.100 - - [19/Feb/2026:19:45:10 +0000] "PUT /d1/673/AUTH_d2ec34d46b3b47c1aaecc938c7c0edf5/gnocchi.af67950a-1675-4dad-a578-b2772d0c1d1a" 201 - "PUT http://172.20.0.100:6001/d1/34/AUTH_d2ec34d46b3b47c1aaecc938c7c0edf5/gnocchi.af67950a-1675-4dad-a578-b2772d0c1d1a" "tx6f7e2cfc813a48dbad195-0069976846" "container-server 17" 0.0067 "-" 20 0
Feb 19 19:45:10 standalone container-server[126936]: 172.20.0.100 - - [19/Feb/2026:19:45:10 +0000] "PUT /d1/34/AUTH_d2ec34d46b3b47c1aaecc938c7c0edf5/gnocchi.af67950a-1675-4dad-a578-b2772d0c1d1a" 201 - "PUT http://172.18.0.2:8080/v1/AUTH_d2ec34d46b3b47c1aaecc938c7c0edf5/gnocchi.af67950a-1675-4dad-a578-b2772d0c1d1a" "tx6f7e2cfc813a48dbad195-0069976846" "proxy-server 12" 0.0200 "-" 17 0
Feb 19 19:45:10 standalone proxy-server[129077]: 172.18.0.2 172.18.0.100 19/Feb/2026/19/45/10 PUT /v1/AUTH_d2ec34d46b3b47c1aaecc938c7c0edf5/gnocchi.af67950a-1675-4dad-a578-b2772d0c1d1a HTTP/1.0 201 - python-swiftclient-3.11.1 gAAAAABpl2fpU86I... - - - tx6f7e2cfc813a48dbad195-0069976846 - 0.0279 - - 1771530310.765801191 1771530310.793714762 0
Feb 19 19:45:10 standalone container-server[126938]: 172.20.0.100 - - [19/Feb/2026:19:45:10 +0000] "HEAD /d1/34/AUTH_d2ec34d46b3b47c1aaecc938c7c0edf5/gnocchi.af67950a-1675-4dad-a578-b2772d0c1d1a" 204 - "HEAD http://172.18.0.2:8080/v1/AUTH_d2ec34d46b3b47c1aaecc938c7c0edf5/gnocchi.af67950a-1675-4dad-a578-b2772d0c1d1a?format=json&states=listing" "tx0038d07373d24e0b9f992-0069976846" "proxy-server 12" 0.0016 "-" 18 0
Feb 19 19:45:10 standalone proxy-server[129077]: - - 19/Feb/2026/19/45/10 HEAD /v1/AUTH_d2ec34d46b3b47c1aaecc938c7c0edf5/gnocchi.af67950a-1675-4dad-a578-b2772d0c1d1a%3Fformat%3Djson%26states%3Dlisting HTTP/1.0 204 - Swift - - - - tx0038d07373d24e0b9f992-0069976846 - 0.0065 RL - 1771530310.803694963 1771530310.810213327 0
Feb 19 19:45:10 standalone container-server[126951]: 172.20.0.100 - - [19/Feb/2026:19:45:10 +0000] "GET /d1/34/AUTH_d2ec34d46b3b47c1aaecc938c7c0edf5/gnocchi.af67950a-1675-4dad-a578-b2772d0c1d1a" 200 2 "GET http://172.18.0.2:8080/v1/AUTH_d2ec34d46b3b47c1aaecc938c7c0edf5/gnocchi.af67950a-1675-4dad-a578-b2772d0c1d1a?format=json&states=listing" "tx0038d07373d24e0b9f992-0069976846" "proxy-server 12" 0.0035 "-" 20 0
Feb 19 19:45:10 standalone proxy-server[129077]: 172.18.0.2 172.18.0.100 19/Feb/2026/19/45/10 GET /v1/AUTH_d2ec34d46b3b47c1aaecc938c7c0edf5/gnocchi.af67950a-1675-4dad-a578-b2772d0c1d1a%3Fformat%3Djson%26states%3Dlisting HTTP/1.0 200 - python-swiftclient-3.11.1 gAAAAABpl2fpU86I... - 2 - tx0038d07373d24e0b9f992-0069976846 - 0.0256 - - 1771530310.801904440 1771530310.827486277 0
Feb 19 19:45:10 standalone object-server[127252]: 172.20.0.100 - - [19/Feb/2026:19:45:10 +0000] "GET /d1/1012/AUTH_d2ec34d46b3b47c1aaecc938c7c0edf5/gnocchi.af67950a-1675-4dad-a578-b2772d0c1d1a/1771200000.0_mean_300.0_v3" 404 70 "GET http://172.18.0.2:8080/v1/AUTH_d2ec34d46b3b47c1aaecc938c7c0edf5/gnocchi.af67950a-1675-4dad-a578-b2772d0c1d1a/1771200000.0_mean_300.0_v3" "tx21731501b53c48669adca-0069976846" "proxy-server 12" 0.0005 "-" 24 0
Feb 19 19:45:10 standalone proxy-server[129077]: 172.18.0.2 172.18.0.100 19/Feb/2026/19/45/10 GET /v1/AUTH_d2ec34d46b3b47c1aaecc938c7c0edf5/gnocchi.af67950a-1675-4dad-a578-b2772d0c1d1a/1771200000.0_mean_300.0_v3 HTTP/1.0 404 - python-swiftclient-3.11.1 gAAAAABpl2fpU86I... - 70 - tx21731501b53c48669adca-0069976846 - 0.0082 - - 1771530310.836459637 1771530310.844679117 0
Feb 19 19:45:10 standalone container-server[126951]: 172.20.0.100 - - [19/Feb/2026:19:45:10 +0000] "PUT /d1/34/AUTH_d2ec34d46b3b47c1aaecc938c7c0edf5/gnocchi.af67950a-1675-4dad-a578-b2772d0c1d1a/1771200000.0_mean_300.0_v3" 201 - "PUT http://172.18.0.2:8080/d1/1012/AUTH_d2ec34d46b3b47c1aaecc938c7c0edf5/gnocchi.af67950a-1675-4dad-a578-b2772d0c1d1a/1771200000.0_mean_300.0_v3" "tx8ccd98ab33314386b0503-0069976846" "object-server 24" 0.0008 "-" 20 0
Feb 19 19:45:10 standalone object-server[127252]: 172.20.0.100 - - [19/Feb/2026:19:45:10 +0000] "PUT /d1/1012/AUTH_d2ec34d46b3b47c1aaecc938c7c0edf5/gnocchi.af67950a-1675-4dad-a578-b2772d0c1d1a/1771200000.0_mean_300.0_v3" 201 - "PUT http://172.18.0.2:8080/v1/AUTH_d2ec34d46b3b47c1aaecc938c7c0edf5/gnocchi.af67950a-1675-4dad-a578-b2772d0c1d1a/1771200000.0_mean_300.0_v3" "tx8ccd98ab33314386b0503-0069976846" "proxy-server 12" 0.0123 "-" 24 0
Feb 19 19:45:10 standalone proxy-server[129077]: 172.18.0.2 172.18.0.100 19/Feb/2026/19/45/10 PUT /v1/AUTH_d2ec34d46b3b47c1aaecc938c7c0edf5/gnocchi.af67950a-1675-4dad-a578-b2772d0c1d1a/1771200000.0_mean_300.0_v3 HTTP/1.0 201 - python-swiftclient-3.11.1 gAAAAABpl2fpU86I... 16 - - tx8ccd98ab33314386b0503-0069976846 - 0.0197 - - 1771530310.859077692 1771530310.878806829 0
Feb 19 19:45:10 standalone container-server[126938]: 172.20.0.100 - - [19/Feb/2026:19:45:10 +0000] "PUT /d1/34/AUTH_d2ec34d46b3b47c1aaecc938c7c0edf5/gnocchi.af67950a-1675-4dad-a578-b2772d0c1d1a/none_v3" 201 - "PUT http://172.18.0.2:8080/d1/705/AUTH_d2ec34d46b3b47c1aaecc938c7c0edf5/gnocchi.af67950a-1675-4dad-a578-b2772d0c1d1a/none_v3" "tx8564ded46b784a4dacacf-0069976846" "object-server 23" 0.0008 "-" 18 0
Feb 19 19:45:10 standalone object-server[127251]: 172.20.0.100 - - [19/Feb/2026:19:45:10 +0000] "PUT /d1/705/AUTH_d2ec34d46b3b47c1aaecc938c7c0edf5/gnocchi.af67950a-1675-4dad-a578-b2772d0c1d1a/none_v3" 201 - "PUT http://172.18.0.2:8080/v1/AUTH_d2ec34d46b3b47c1aaecc938c7c0edf5/gnocchi.af67950a-1675-4dad-a578-b2772d0c1d1a/none_v3" "tx8564ded46b784a4dacacf-0069976846" "proxy-server 12" 0.0130 "-" 23 0
Feb 19 19:45:10 standalone proxy-server[129077]: 172.18.0.2 172.18.0.100 19/Feb/2026/19/45/10 PUT /v1/AUTH_d2ec34d46b3b47c1aaecc938c7c0edf5/gnocchi.af67950a-1675-4dad-a578-b2772d0c1d1a/none_v3 HTTP/1.0 201 - python-swiftclient-3.11.1 gAAAAABpl2fpU86I... 22 - - tx8564ded46b784a4dacacf-0069976846 - 0.0205 - - 1771530310.883598804 1771530310.904090643 0
Feb 19 19:45:10 standalone object-server[127252]: 172.20.0.100 - - [19/Feb/2026:19:45:10 +0000] "GET /d1/764/AUTH_d2ec34d46b3b47c1aaecc938c7c0edf5/gnocchi.0ccb7462-be7b-493e-8c3a-444be404c6aa/none_v3" 200 22 "GET http://172.18.0.2:8080/v1/AUTH_d2ec34d46b3b47c1aaecc938c7c0edf5/gnocchi.0ccb7462-be7b-493e-8c3a-444be404c6aa/none_v3" "tx34b8a6a7f01f4016a0ae0-0069976846" "proxy-server 12" 0.0012 "-" 24 0
Feb 19 19:45:10 standalone proxy-server[129077]: 172.18.0.2 172.18.0.100 19/Feb/2026/19/45/10 GET /v1/AUTH_d2ec34d46b3b47c1aaecc938c7c0edf5/gnocchi.0ccb7462-be7b-493e-8c3a-444be404c6aa/none_v3 HTTP/1.0 200 - python-swiftclient-3.11.1 gAAAAABpl2fpU86I... - 22 - tx34b8a6a7f01f4016a0ae0-0069976846 - 0.0091 - - 1771530310.949850321 1771530310.958934546 0
Feb 19 19:45:10 standalone container-server[126936]: 172.20.0.100 - - [19/Feb/2026:19:45:10 +0000] "GET /d1/692/AUTH_d2ec34d46b3b47c1aaecc938c7c0edf5/gnocchi.0ccb7462-be7b-493e-8c3a-444be404c6aa" 200 357 "GET http://172.18.0.2:8080/v1/AUTH_d2ec34d46b3b47c1aaecc938c7c0edf5/gnocchi.0ccb7462-be7b-493e-8c3a-444be404c6aa?format=json&states=listing" "tx97408ec2766147bd84185-0069976846" "proxy-server 12" 0.0037 "-" 17 0
Feb 19 19:45:10 standalone proxy-server[129077]: 172.18.0.2 172.18.0.100 19/Feb/2026/19/45/10 GET /v1/AUTH_d2ec34d46b3b47c1aaecc938c7c0edf5/gnocchi.0ccb7462-be7b-493e-8c3a-444be404c6aa%3Fformat%3Djson%26states%3Dlisting HTTP/1.0 200 - python-swiftclient-3.11.1 gAAAAABpl2fpU86I... - 357 - tx97408ec2766147bd84185-0069976846 - 0.0120 - - 1771530310.963501930 1771530310.975500584 0
Feb 19 19:45:10 standalone container-server[126938]: 172.20.0.100 - - [19/Feb/2026:19:45:10 +0000] "GET /d1/692/AUTH_d2ec34d46b3b47c1aaecc938c7c0edf5/gnocchi.0ccb7462-be7b-493e-8c3a-444be404c6aa" 200 2 "GET http://172.18.0.2:8080/v1/AUTH_d2ec34d46b3b47c1aaecc938c7c0edf5/gnocchi.0ccb7462-be7b-493e-8c3a-444be404c6aa?format=json&marker=none_v3&states=listing" "tx94d3feebb05c465e8a13a-0069976846" "proxy-server 12" 0.0035 "-" 18 0
Feb 19 19:45:10 standalone proxy-server[129077]: 172.18.0.2 172.18.0.100 19/Feb/2026/19/45/10 GET /v1/AUTH_d2ec34d46b3b47c1aaecc938c7c0edf5/gnocchi.0ccb7462-be7b-493e-8c3a-444be404c6aa%3Fformat%3Djson%26marker%3Dnone_v3%26states%3Dlisting HTTP/1.0 200 - python-swiftclient-3.11.1 gAAAAABpl2fpU86I... - 2 - tx94d3feebb05c465e8a13a-0069976846 - 0.0118 - - 1771530310.980601788 1771530310.992431164 0
Feb 19 19:45:11 standalone object-server[127253]: 172.20.0.100 - - [19/Feb/2026:19:45:11 +0000] "GET /d1/359/AUTH_d2ec34d46b3b47c1aaecc938c7c0edf5/gnocchi.0ccb7462-be7b-493e-8c3a-444be404c6aa/1771200000.0_mean_300.0_v3" 200 16 "GET http://172.18.0.2:8080/v1/AUTH_d2ec34d46b3b47c1aaecc938c7c0edf5/gnocchi.0ccb7462-be7b-493e-8c3a-444be404c6aa/1771200000.0_mean_300.0_v3" "tx247b6a3ea252442a95f11-0069976846" "proxy-server 12" 0.0012 "-" 25 0
Feb 19 19:45:11 standalone proxy-server[129077]: 172.18.0.2 172.18.0.100 19/Feb/2026/19/45/11 GET /v1/AUTH_d2ec34d46b3b47c1aaecc938c7c0edf5/gnocchi.0ccb7462-be7b-493e-8c3a-444be404c6aa/1771200000.0_mean_300.0_v3 HTTP/1.0 200 - python-swiftclient-3.11.1 gAAAAABpl2fpU86I... - 16 - tx247b6a3ea252442a95f11-0069976846 - 0.0094 - - 1771530310.997098446 1771530311.006534576 0
Feb 19 19:45:11 standalone container-server[126938]: 172.20.0.100 - - [19/Feb/2026:19:45:11 +0000] "PUT /d1/692/AUTH_d2ec34d46b3b47c1aaecc938c7c0edf5/gnocchi.0ccb7462-be7b-493e-8c3a-444be404c6aa/1771200000.0_mean_300.0_v3" 201 - "PUT http://172.18.0.2:8080/d1/359/AUTH_d2ec34d46b3b47c1aaecc938c7c0edf5/gnocchi.0ccb7462-be7b-493e-8c3a-444be404c6aa/1771200000.0_mean_300.0_v3" "txda5cd24c22924aa885e69-0069976847" "object-server 23" 0.0008 "-" 18 0
Feb 19 19:45:11 standalone object-server[127251]: 172.20.0.100 - - [19/Feb/2026:19:45:11 +0000] "PUT /d1/359/AUTH_d2ec34d46b3b47c1aaecc938c7c0edf5/gnocchi.0ccb7462-be7b-493e-8c3a-444be404c6aa/1771200000.0_mean_300.0_v3" 201 - "PUT http://172.18.0.2:8080/v1/AUTH_d2ec34d46b3b47c1aaecc938c7c0edf5/gnocchi.0ccb7462-be7b-493e-8c3a-444be404c6aa/1771200000.0_mean_300.0_v3" "txda5cd24c22924aa885e69-0069976847" "proxy-server 12" 0.0120 "-" 23 0
Feb 19 19:45:11 standalone proxy-server[129077]: 172.18.0.2 172.18.0.100 19/Feb/2026/19/45/11 PUT /v1/AUTH_d2ec34d46b3b47c1aaecc938c7c0edf5/gnocchi.0ccb7462-be7b-493e-8c3a-444be404c6aa/1771200000.0_mean_300.0_v3 HTTP/1.0 201 - python-swiftclient-3.11.1 gAAAAABpl2fpU86I... 24 - - txda5cd24c22924aa885e69-0069976847 - 0.0192 - - 1771530311.010498762 1771530311.029682875 0
Feb 19 19:45:11 standalone container-server[126938]: 172.20.0.100 - - [19/Feb/2026:19:45:11 +0000] "PUT /d1/692/AUTH_d2ec34d46b3b47c1aaecc938c7c0edf5/gnocchi.0ccb7462-be7b-493e-8c3a-444be404c6aa/none_v3" 201 - "PUT http://172.18.0.2:8080/d1/764/AUTH_d2ec34d46b3b47c1aaecc938c7c0edf5/gnocchi.0ccb7462-be7b-493e-8c3a-444be404c6aa/none_v3" "txc74158ec9d014f44a224b-0069976847" "object-server 24" 0.0004 "-" 18 0
Feb 19 19:45:11 standalone object-server[127252]: 172.20.0.100 - - [19/Feb/2026:19:45:11 +0000] "PUT /d1/764/AUTH_d2ec34d46b3b47c1aaecc938c7c0edf5/gnocchi.0ccb7462-be7b-493e-8c3a-444be404c6aa/none_v3" 201 - "PUT http://172.18.0.2:8080/v1/AUTH_d2ec34d46b3b47c1aaecc938c7c0edf5/gnocchi.0ccb7462-be7b-493e-8c3a-444be404c6aa/none_v3" "txc74158ec9d014f44a224b-0069976847" "proxy-server 12" 0.0109 "-" 24 0
Feb 19 19:45:11 standalone proxy-server[129077]: 172.18.0.2 172.18.0.100 19/Feb/2026/19/45/11 PUT /v1/AUTH_d2ec34d46b3b47c1aaecc938c7c0edf5/gnocchi.0ccb7462-be7b-493e-8c3a-444be404c6aa/none_v3 HTTP/1.0 201 - python-swiftclient-3.11.1 gAAAAABpl2fpU86I... 22 - - txc74158ec9d014f44a224b-0069976847 - 0.0192 - - 1771530311.033542156 1771530311.052738667 0
Feb 19 19:45:11 standalone object-server[127253]: 172.20.0.100 - - [19/Feb/2026:19:45:11 +0000] "GET /d1/760/AUTH_d2ec34d46b3b47c1aaecc938c7c0edf5/gnocchi.fd0f65d8-1b89-40dd-8ec4-a8c50e81dd7c/none_v3" 200 22 "GET http://172.18.0.2:8080/v1/AUTH_d2ec34d46b3b47c1aaecc938c7c0edf5/gnocchi.fd0f65d8-1b89-40dd-8ec4-a8c50e81dd7c/none_v3" "tx0a201e14dd50469f87191-0069976847" "proxy-server 12" 0.0015 "-" 25 0
Feb 19 19:45:11 standalone proxy-server[129077]: 172.18.0.2 172.18.0.100 19/Feb/2026/19/45/11 GET /v1/AUTH_d2ec34d46b3b47c1aaecc938c7c0edf5/gnocchi.fd0f65d8-1b89-40dd-8ec4-a8c50e81dd7c/none_v3 HTTP/1.0 200 - python-swiftclient-3.11.1 gAAAAABpl2fpU86I... - 22 - tx0a201e14dd50469f87191-0069976847 - 0.0097 - - 1771530311.065875769 1771530311.075607061 0
Feb 19 19:45:11 standalone container-server[126946]: 172.20.0.100 - - [19/Feb/2026:19:45:11 +0000] "GET /d1/976/AUTH_d2ec34d46b3b47c1aaecc938c7c0edf5/gnocchi.fd0f65d8-1b89-40dd-8ec4-a8c50e81dd7c" 200 357 "GET http://172.18.0.2:8080/v1/AUTH_d2ec34d46b3b47c1aaecc938c7c0edf5/gnocchi.fd0f65d8-1b89-40dd-8ec4-a8c50e81dd7c?format=json&states=listing" "tx07e01c8472d148159c5c2-0069976847" "proxy-server 12" 0.0024 "-" 19 0
Feb 19 19:45:11 standalone proxy-server[129077]: 172.18.0.2 172.18.0.100 19/Feb/2026/19/45/11 GET /v1/AUTH_d2ec34d46b3b47c1aaecc938c7c0edf5/gnocchi.fd0f65d8-1b89-40dd-8ec4-a8c50e81dd7c%3Fformat%3Djson%26states%3Dlisting HTTP/1.0 200 - python-swiftclient-3.11.1 gAAAAABpl2fpU86I... - 357 - tx07e01c8472d148159c5c2-0069976847 - 0.0104 - - 1771530311.080140591 1771530311.090512276 0
Feb 19 19:45:11 standalone container-server[126938]: 172.20.0.100 - - [19/Feb/2026:19:45:11 +0000] "GET /d1/976/AUTH_d2ec34d46b3b47c1aaecc938c7c0edf5/gnocchi.fd0f65d8-1b89-40dd-8ec4-a8c50e81dd7c" 200 2 "GET http://172.18.0.2:8080/v1/AUTH_d2ec34d46b3b47c1aaecc938c7c0edf5/gnocchi.fd0f65d8-1b89-40dd-8ec4-a8c50e81dd7c?format=json&marker=none_v3&states=listing" "tx0ba9f938d8884161b94e2-0069976847" "proxy-server 12" 0.0022 "-" 18 0
Feb 19 19:45:11 standalone proxy-server[129077]: 172.18.0.2 172.18.0.100 19/Feb/2026/19/45/11 GET /v1/AUTH_d2ec34d46b3b47c1aaecc938c7c0edf5/gnocchi.fd0f65d8-1b89-40dd-8ec4-a8c50e81dd7c%3Fformat%3Djson%26marker%3Dnone_v3%26states%3Dlisting HTTP/1.0 200 - python-swiftclient-3.11.1 gAAAAABpl2fpU86I... - 2 - tx0ba9f938d8884161b94e2-0069976847 - 0.0093 - - 1771530311.094055176 1771530311.103332281 0
Feb 19 19:45:11 standalone object-server[127251]: 172.20.0.100 - - [19/Feb/2026:19:45:11 +0000] "GET /d1/88/AUTH_d2ec34d46b3b47c1aaecc938c7c0edf5/gnocchi.fd0f65d8-1b89-40dd-8ec4-a8c50e81dd7c/1771200000.0_mean_300.0_v3" 200 16 "GET http://172.18.0.2:8080/v1/AUTH_d2ec34d46b3b47c1aaecc938c7c0edf5/gnocchi.fd0f65d8-1b89-40dd-8ec4-a8c50e81dd7c/1771200000.0_mean_300.0_v3" "tx37dbc349e8134e58bc44c-0069976847" "proxy-server 12" 0.0012 "-" 23 0
Feb 19 19:45:11 standalone proxy-server[129077]: 172.18.0.2 172.18.0.100 19/Feb/2026/19/45/11 GET /v1/AUTH_d2ec34d46b3b47c1aaecc938c7c0edf5/gnocchi.fd0f65d8-1b89-40dd-8ec4-a8c50e81dd7c/1771200000.0_mean_300.0_v3 HTTP/1.0 200 - python-swiftclient-3.11.1 gAAAAABpl2fpU86I... - 16 - tx37dbc349e8134e58bc44c-0069976847 - 0.0093 - - 1771530311.107854843 1771530311.117158413 0
Feb 19 19:45:11 standalone container-server[126938]: 172.20.0.100 - - [19/Feb/2026:19:45:11 +0000] "PUT /d1/976/AUTH_d2ec34d46b3b47c1aaecc938c7c0edf5/gnocchi.fd0f65d8-1b89-40dd-8ec4-a8c50e81dd7c/1771200000.0_mean_300.0_v3" 201 - "PUT http://172.18.0.2:8080/d1/88/AUTH_d2ec34d46b3b47c1aaecc938c7c0edf5/gnocchi.fd0f65d8-1b89-40dd-8ec4-a8c50e81dd7c/1771200000.0_mean_300.0_v3" "tx306221e2b41647ac98d36-0069976847" "object-server 24" 0.0006 "-" 18 0
Feb 19 19:45:11 standalone object-server[127252]: 172.20.0.100 - - [19/Feb/2026:19:45:11 +0000] "PUT /d1/88/AUTH_d2ec34d46b3b47c1aaecc938c7c0edf5/gnocchi.fd0f65d8-1b89-40dd-8ec4-a8c50e81dd7c/1771200000.0_mean_300.0_v3" 201 - "PUT http://172.18.0.2:8080/v1/AUTH_d2ec34d46b3b47c1aaecc938c7c0edf5/gnocchi.fd0f65d8-1b89-40dd-8ec4-a8c50e81dd7c/1771200000.0_mean_300.0_v3" "tx306221e2b41647ac98d36-0069976847" "proxy-server 12" 0.0213 "-" 24 0
Feb 19 19:45:11 standalone proxy-server[129077]: 172.18.0.2 172.18.0.100 19/Feb/2026/19/45/11 PUT /v1/AUTH_d2ec34d46b3b47c1aaecc938c7c0edf5/gnocchi.fd0f65d8-1b89-40dd-8ec4-a8c50e81dd7c/1771200000.0_mean_300.0_v3 HTTP/1.0 201 - python-swiftclient-3.11.1 gAAAAABpl2fpU86I... 24 - - tx306221e2b41647ac98d36-0069976847 - 0.0290 - - 1771530311.126388788 1771530311.155343533 0
Feb 19 19:45:11 standalone container-server[126946]: 172.20.0.100 - - [19/Feb/2026:19:45:11 +0000] "PUT /d1/976/AUTH_d2ec34d46b3b47c1aaecc938c7c0edf5/gnocchi.fd0f65d8-1b89-40dd-8ec4-a8c50e81dd7c/none_v3" 201 - "PUT http://172.18.0.2:8080/d1/760/AUTH_d2ec34d46b3b47c1aaecc938c7c0edf5/gnocchi.fd0f65d8-1b89-40dd-8ec4-a8c50e81dd7c/none_v3" "tx0c233c0416b1490bb115a-0069976847" "object-server 24" 0.0005 "-" 19 0
Feb 19 19:45:11 standalone object-server[127252]: 172.20.0.100 - - [19/Feb/2026:19:45:11 +0000] "PUT /d1/760/AUTH_d2ec34d46b3b47c1aaecc938c7c0edf5/gnocchi.fd0f65d8-1b89-40dd-8ec4-a8c50e81dd7c/none_v3" 201 - "PUT http://172.18.0.2:8080/v1/AUTH_d2ec34d46b3b47c1aaecc938c7c0edf5/gnocchi.fd0f65d8-1b89-40dd-8ec4-a8c50e81dd7c/none_v3" "tx0c233c0416b1490bb115a-0069976847" "proxy-server 12" 0.0151 "-" 24 0
Feb 19 19:45:11 standalone proxy-server[129077]: 172.18.0.2 172.18.0.100 19/Feb/2026/19/45/11 PUT /v1/AUTH_d2ec34d46b3b47c1aaecc938c7c0edf5/gnocchi.fd0f65d8-1b89-40dd-8ec4-a8c50e81dd7c/none_v3 HTTP/1.0 201 - python-swiftclient-3.11.1 gAAAAABpl2fpU86I... 22 - - tx0c233c0416b1490bb115a-0069976847 - 0.0223 - - 1771530311.158930063 1771530311.181186914 0
Feb 19 19:45:15 standalone object-server[127252]: 172.20.0.100 - - [19/Feb/2026:19:45:15 +0000] "GET /d1/705/AUTH_d2ec34d46b3b47c1aaecc938c7c0edf5/gnocchi.af67950a-1675-4dad-a578-b2772d0c1d1a/none_v3" 200 22 "GET http://172.18.0.2:8080/v1/AUTH_d2ec34d46b3b47c1aaecc938c7c0edf5/gnocchi.af67950a-1675-4dad-a578-b2772d0c1d1a/none_v3" "tx1b148ae966e94508bd1c5-006997684b" "proxy-server 12" 0.0009 "-" 24 0
Feb 19 19:45:15 standalone proxy-server[129077]: 172.18.0.2 172.18.0.100 19/Feb/2026/19/45/15 GET /v1/AUTH_d2ec34d46b3b47c1aaecc938c7c0edf5/gnocchi.af67950a-1675-4dad-a578-b2772d0c1d1a/none_v3 HTTP/1.0 200 - python-swiftclient-3.11.1 gAAAAABpl2fpU86I... - 22 - tx1b148ae966e94508bd1c5-006997684b - 0.0120 - - 1771530315.688424349 1771530315.700409651 0
Feb 19 19:45:15 standalone container-server[126951]: 172.20.0.100 - - [19/Feb/2026:19:45:15 +0000] "GET /d1/34/AUTH_d2ec34d46b3b47c1aaecc938c7c0edf5/gnocchi.af67950a-1675-4dad-a578-b2772d0c1d1a" 200 357 "GET http://172.18.0.2:8080/v1/AUTH_d2ec34d46b3b47c1aaecc938c7c0edf5/gnocchi.af67950a-1675-4dad-a578-b2772d0c1d1a?format=json&states=listing" "txede715623dd94db49ad8e-006997684b" "proxy-server 12" 0.0241 "-" 20 0
Feb 19 19:45:15 standalone proxy-server[129077]: 172.18.0.2 172.18.0.100 19/Feb/2026/19/45/15 GET /v1/AUTH_d2ec34d46b3b47c1aaecc938c7c0edf5/gnocchi.af67950a-1675-4dad-a578-b2772d0c1d1a%3Fformat%3Djson%26states%3Dlisting HTTP/1.0 200 - python-swiftclient-3.11.1 gAAAAABpl2fpU86I... - 357 - txede715623dd94db49ad8e-006997684b - 0.0332 - - 1771530315.703792095 1771530315.736948967 0
Feb 19 19:45:15 standalone container-server[126951]: 172.20.0.100 - - [19/Feb/2026:19:45:15 +0000] "GET /d1/34/AUTH_d2ec34d46b3b47c1aaecc938c7c0edf5/gnocchi.af67950a-1675-4dad-a578-b2772d0c1d1a" 200 2 "GET http://172.18.0.2:8080/v1/AUTH_d2ec34d46b3b47c1aaecc938c7c0edf5/gnocchi.af67950a-1675-4dad-a578-b2772d0c1d1a?format=json&marker=none_v3&states=listing" "tx38431b9a48214433b1359-006997684b" "proxy-server 12" 0.0018 "-" 20 0
Feb 19 19:45:15 standalone proxy-server[129077]: 172.18.0.2 172.18.0.100 19/Feb/2026/19/45/15 GET /v1/AUTH_d2ec34d46b3b47c1aaecc938c7c0edf5/gnocchi.af67950a-1675-4dad-a578-b2772d0c1d1a%3Fformat%3Djson%26marker%3Dnone_v3%26states%3Dlisting HTTP/1.0 200 - python-swiftclient-3.11.1 gAAAAABpl2fpU86I... - 2 - tx38431b9a48214433b1359-006997684b - 0.0076 - - 1771530315.739847183 1771530315.747480631 0
Feb 19 19:45:15 standalone object-server[127252]: 172.20.0.100 - - [19/Feb/2026:19:45:15 +0000] "GET /d1/1012/AUTH_d2ec34d46b3b47c1aaecc938c7c0edf5/gnocchi.af67950a-1675-4dad-a578-b2772d0c1d1a/1771200000.0_mean_300.0_v3" 200 16 "GET http://172.18.0.2:8080/v1/AUTH_d2ec34d46b3b47c1aaecc938c7c0edf5/gnocchi.af67950a-1675-4dad-a578-b2772d0c1d1a/1771200000.0_mean_300.0_v3" "tx64c398e79e6e4824a0a21-006997684b" "proxy-server 12" 0.0006 "-" 24 0
Feb 19 19:45:15 standalone proxy-server[129077]: 172.18.0.2 172.18.0.100 19/Feb/2026/19/45/15 GET /v1/AUTH_d2ec34d46b3b47c1aaecc938c7c0edf5/gnocchi.af67950a-1675-4dad-a578-b2772d0c1d1a/1771200000.0_mean_300.0_v3 HTTP/1.0 200 - python-swiftclient-3.11.1 gAAAAABpl2fpU86I... - 16 - tx64c398e79e6e4824a0a21-006997684b - 0.0068 - - 1771530315.750299454 1771530315.757100582 0
Feb 19 19:45:15 standalone container-server[126938]: 172.20.0.100 - - [19/Feb/2026:19:45:15 +0000] "PUT /d1/34/AUTH_d2ec34d46b3b47c1aaecc938c7c0edf5/gnocchi.af67950a-1675-4dad-a578-b2772d0c1d1a/1771200000.0_mean_300.0_v3" 201 - "PUT http://172.18.0.2:8080/d1/1012/AUTH_d2ec34d46b3b47c1aaecc938c7c0edf5/gnocchi.af67950a-1675-4dad-a578-b2772d0c1d1a/1771200000.0_mean_300.0_v3" "tx16e12294c73343c7aeddb-006997684b" "object-server 25" 0.0006 "-" 18 0
Feb 19 19:45:15 standalone object-server[127253]: 172.20.0.100 - - [19/Feb/2026:19:45:15 +0000] "PUT /d1/1012/AUTH_d2ec34d46b3b47c1aaecc938c7c0edf5/gnocchi.af67950a-1675-4dad-a578-b2772d0c1d1a/1771200000.0_mean_300.0_v3" 201 - "PUT http://172.18.0.2:8080/v1/AUTH_d2ec34d46b3b47c1aaecc938c7c0edf5/gnocchi.af67950a-1675-4dad-a578-b2772d0c1d1a/1771200000.0_mean_300.0_v3" "tx16e12294c73343c7aeddb-006997684b" "proxy-server 12" 0.0085 "-" 25 0
Feb 19 19:45:15 standalone proxy-server[129077]: 172.18.0.2 172.18.0.100 19/Feb/2026/19/45/15 PUT /v1/AUTH_d2ec34d46b3b47c1aaecc938c7c0edf5/gnocchi.af67950a-1675-4dad-a578-b2772d0c1d1a/1771200000.0_mean_300.0_v3 HTTP/1.0 201 - python-swiftclient-3.11.1 gAAAAABpl2fpU86I... 16 - - tx16e12294c73343c7aeddb-006997684b - 0.0137 - - 1771530315.760113001 1771530315.773820877 0
Feb 19 19:45:15 standalone container-server[126936]: 172.20.0.100 - - [19/Feb/2026:19:45:15 +0000] "PUT /d1/34/AUTH_d2ec34d46b3b47c1aaecc938c7c0edf5/gnocchi.af67950a-1675-4dad-a578-b2772d0c1d1a/none_v3" 201 - "PUT http://172.18.0.2:8080/d1/705/AUTH_d2ec34d46b3b47c1aaecc938c7c0edf5/gnocchi.af67950a-1675-4dad-a578-b2772d0c1d1a/none_v3" "txb09dd1df2a0c4ee0a3862-006997684b" "object-server 25" 0.0005 "-" 17 0
Feb 19 19:45:15 standalone object-server[127253]: 172.20.0.100 - - [19/Feb/2026:19:45:15 +0000] "PUT /d1/705/AUTH_d2ec34d46b3b47c1aaecc938c7c0edf5/gnocchi.af67950a-1675-4dad-a578-b2772d0c1d1a/none_v3" 201 - "PUT http://172.18.0.2:8080/v1/AUTH_d2ec34d46b3b47c1aaecc938c7c0edf5/gnocchi.af67950a-1675-4dad-a578-b2772d0c1d1a/none_v3" "txb09dd1df2a0c4ee0a3862-006997684b" "proxy-server 12" 0.0071 "-" 25 0
Feb 19 19:45:15 standalone proxy-server[129077]: 172.18.0.2 172.18.0.100 19/Feb/2026/19/45/15 PUT /v1/AUTH_d2ec34d46b3b47c1aaecc938c7c0edf5/gnocchi.af67950a-1675-4dad-a578-b2772d0c1d1a/none_v3 HTTP/1.0 201 - python-swiftclient-3.11.1 gAAAAABpl2fpU86I... 32 - - txb09dd1df2a0c4ee0a3862-006997684b - 0.0204 - - 1771530315.776073694 1771530315.796491146 0
Feb 19 19:45:25 standalone container-server[126936]: 172.20.0.100 - - [19/Feb/2026:19:45:25 +0000] "HEAD /d1/523/AUTH_d2ec34d46b3b47c1aaecc938c7c0edf5/gnocchi.346fd73c-5195-423a-9e7d-9d5259c3b47c" 404 - "HEAD http://172.18.0.2:8080/v1/AUTH_d2ec34d46b3b47c1aaecc938c7c0edf5/gnocchi.346fd73c-5195-423a-9e7d-9d5259c3b47c?format=json&states=listing" "tx64bd482a93fd4568921ac-0069976855" "proxy-server 12" 0.0007 "-" 17 0
Feb 19 19:45:25 standalone object-server[127251]: 172.20.0.100 - - [19/Feb/2026:19:45:25 +0000] "GET /d1/783/AUTH_d2ec34d46b3b47c1aaecc938c7c0edf5/gnocchi.346fd73c-5195-423a-9e7d-9d5259c3b47c/none_v3" 404 70 "GET http://172.18.0.2:8080/v1/AUTH_d2ec34d46b3b47c1aaecc938c7c0edf5/gnocchi.346fd73c-5195-423a-9e7d-9d5259c3b47c/none_v3" "tx64bd482a93fd4568921ac-0069976855" "proxy-server 12" 0.0004 "-" 23 0
Feb 19 19:45:25 standalone proxy-server[129077]: 172.18.0.2 172.18.0.100 19/Feb/2026/19/45/25 GET /v1/AUTH_d2ec34d46b3b47c1aaecc938c7c0edf5/gnocchi.346fd73c-5195-423a-9e7d-9d5259c3b47c/none_v3 HTTP/1.0 404 - python-swiftclient-3.11.1 gAAAAABpl2fpU86I... - 70 - tx64bd482a93fd4568921ac-0069976855 - 0.0233 - - 1771530325.859606743 1771530325.882906437 0
