Feb 19 19:45:54 standalone container-server[126938]: 172.20.0.100 - - [19/Feb/2026:19:45:54 +0000] "PUT /d1/120/AUTH_d2ec34d46b3b47c1aaecc938c7c0edf5/gnocchi.3261b183-de13-4de4-87a9-8f5d6be5028e/1771200000.0_mean_300.0_v3" 201 - "PUT http://172.18.0.2:8080/d1/543/AUTH_d2ec34d46b3b47c1aaecc938c7c0edf5/gnocchi.3261b183-de13-4de4-87a9-8f5d6be5028e/1771200000.0_mean_300.0_v3" "tx6b6c3021282246cb8f83c-0069976872" "object-server 23" 0.0013 "-" 18 0
Feb 19 19:45:54 standalone object-server[127251]: 172.20.0.100 - - [19/Feb/2026:19:45:54 +0000] "PUT /d1/543/AUTH_d2ec34d46b3b47c1aaecc938c7c0edf5/gnocchi.3261b183-de13-4de4-87a9-8f5d6be5028e/1771200000.0_mean_300.0_v3" 201 - "PUT http://172.18.0.2:8080/v1/AUTH_d2ec34d46b3b47c1aaecc938c7c0edf5/gnocchi.3261b183-de13-4de4-87a9-8f5d6be5028e/1771200000.0_mean_300.0_v3" "tx6b6c3021282246cb8f83c-0069976872" "proxy-server 12" 0.0116 "-" 23 0
Feb 19 19:45:54 standalone proxy-server[129077]: 172.18.0.2 172.18.0.100 19/Feb/2026/19/45/54 PUT /v1/AUTH_d2ec34d46b3b47c1aaecc938c7c0edf5/gnocchi.3261b183-de13-4de4-87a9-8f5d6be5028e/1771200000.0_mean_300.0_v3 HTTP/1.0 201 - python-swiftclient-3.11.1 gAAAAABpl2fpU86I... 16 - - tx6b6c3021282246cb8f83c-0069976872 - 0.0198 - - 1771530354.469537497 1771530354.489358425 0
Feb 19 19:45:54 standalone container-server[126938]: 172.20.0.100 - - [19/Feb/2026:19:45:54 +0000] "PUT /d1/120/AUTH_d2ec34d46b3b47c1aaecc938c7c0edf5/gnocchi.3261b183-de13-4de4-87a9-8f5d6be5028e/none_v3" 201 - "PUT http://172.18.0.2:8080/d1/912/AUTH_d2ec34d46b3b47c1aaecc938c7c0edf5/gnocchi.3261b183-de13-4de4-87a9-8f5d6be5028e/none_v3" "tx36593ce0744e4aae8f02a-0069976872" "object-server 22" 0.0018 "-" 18 0
Feb 19 19:45:54 standalone object-server[127250]: 172.20.0.100 - - [19/Feb/2026:19:45:54 +0000] "PUT /d1/912/AUTH_d2ec34d46b3b47c1aaecc938c7c0edf5/gnocchi.3261b183-de13-4de4-87a9-8f5d6be5028e/none_v3" 201 - "PUT http://172.18.0.2:8080/v1/AUTH_d2ec34d46b3b47c1aaecc938c7c0edf5/gnocchi.3261b183-de13-4de4-87a9-8f5d6be5028e/none_v3" "tx36593ce0744e4aae8f02a-0069976872" "proxy-server 12" 0.0209 "-" 22 0
Feb 19 19:45:54 standalone proxy-server[129077]: 172.18.0.2 172.18.0.100 19/Feb/2026/19/45/54 PUT /v1/AUTH_d2ec34d46b3b47c1aaecc938c7c0edf5/gnocchi.3261b183-de13-4de4-87a9-8f5d6be5028e/none_v3 HTTP/1.0 201 - python-swiftclient-3.11.1 gAAAAABpl2fpU86I... 22 - - tx36593ce0744e4aae8f02a-0069976872 - 0.0298 - - 1771530354.493277788 1771530354.523116112 0
Feb 19 19:45:54 standalone container-server[126951]: 172.20.0.100 - - [19/Feb/2026:19:45:54 +0000] "HEAD /d1/552/AUTH_d2ec34d46b3b47c1aaecc938c7c0edf5/gnocchi.788cabac-80ba-4030-9c23-331f00fb423c" 404 - "HEAD http://172.18.0.2:8080/v1/AUTH_d2ec34d46b3b47c1aaecc938c7c0edf5/gnocchi.788cabac-80ba-4030-9c23-331f00fb423c?format=json&states=listing" "txe1b0ffc2bb204f7fb2ec1-0069976872" "proxy-server 12" 0.0006 "-" 20 0
Feb 19 19:45:54 standalone object-server[127250]: 172.20.0.100 - - [19/Feb/2026:19:45:54 +0000] "GET /d1/635/AUTH_d2ec34d46b3b47c1aaecc938c7c0edf5/gnocchi.788cabac-80ba-4030-9c23-331f00fb423c/none_v3" 404 70 "GET http://172.18.0.2:8080/v1/AUTH_d2ec34d46b3b47c1aaecc938c7c0edf5/gnocchi.788cabac-80ba-4030-9c23-331f00fb423c/none_v3" "txe1b0ffc2bb204f7fb2ec1-0069976872" "proxy-server 12" 0.0008 "-" 22 0
Feb 19 19:45:54 standalone proxy-server[129077]: 172.18.0.2 172.18.0.100 19/Feb/2026/19/45/54 GET /v1/AUTH_d2ec34d46b3b47c1aaecc938c7c0edf5/gnocchi.788cabac-80ba-4030-9c23-331f00fb423c/none_v3 HTTP/1.0 404 - python-swiftclient-3.11.1 gAAAAABpl2fpU86I... - 70 - txe1b0ffc2bb204f7fb2ec1-0069976872 - 0.0173 - - 1771530354.546850204 1771530354.564136505 0
Feb 19 19:45:54 standalone account-server[126937]: 172.20.0.100 - - [19/Feb/2026:19:45:54 +0000] "PUT /d1/673/AUTH_d2ec34d46b3b47c1aaecc938c7c0edf5/gnocchi.788cabac-80ba-4030-9c23-331f00fb423c" 201 - "PUT http://172.20.0.100:6001/d1/552/AUTH_d2ec34d46b3b47c1aaecc938c7c0edf5/gnocchi.788cabac-80ba-4030-9c23-331f00fb423c" "tx1b4dc1869f8047c4adb63-0069976872" "container-server 17" 0.0060 "-" 19 0
Feb 19 19:45:54 standalone container-server[126936]: 172.20.0.100 - - [19/Feb/2026:19:45:54 +0000] "PUT /d1/552/AUTH_d2ec34d46b3b47c1aaecc938c7c0edf5/gnocchi.788cabac-80ba-4030-9c23-331f00fb423c" 201 - "PUT http://172.18.0.2:8080/v1/AUTH_d2ec34d46b3b47c1aaecc938c7c0edf5/gnocchi.788cabac-80ba-4030-9c23-331f00fb423c" "tx1b4dc1869f8047c4adb63-0069976872" "proxy-server 12" 0.0157 "-" 17 0
Feb 19 19:45:54 standalone proxy-server[129077]: 172.18.0.2 172.18.0.100 19/Feb/2026/19/45/54 PUT /v1/AUTH_d2ec34d46b3b47c1aaecc938c7c0edf5/gnocchi.788cabac-80ba-4030-9c23-331f00fb423c HTTP/1.0 201 - python-swiftclient-3.11.1 gAAAAABpl2fpU86I... - - - tx1b4dc1869f8047c4adb63-0069976872 - 0.0255 - - 1771530354.569677353 1771530354.595214605 0
Feb 19 19:45:54 standalone container-server[126951]: 172.20.0.100 - - [19/Feb/2026:19:45:54 +0000] "HEAD /d1/552/AUTH_d2ec34d46b3b47c1aaecc938c7c0edf5/gnocchi.788cabac-80ba-4030-9c23-331f00fb423c" 204 - "HEAD http://172.18.0.2:8080/v1/AUTH_d2ec34d46b3b47c1aaecc938c7c0edf5/gnocchi.788cabac-80ba-4030-9c23-331f00fb423c?format=json&states=listing" "tx1298e5afd22b417cbb989-0069976872" "proxy-server 12" 0.0016 "-" 20 0
Feb 19 19:45:54 standalone proxy-server[129077]: - - 19/Feb/2026/19/45/54 HEAD /v1/AUTH_d2ec34d46b3b47c1aaecc938c7c0edf5/gnocchi.788cabac-80ba-4030-9c23-331f00fb423c%3Fformat%3Djson%26states%3Dlisting HTTP/1.0 204 - Swift - - - - tx1298e5afd22b417cbb989-0069976872 - 0.0091 RL - 1771530354.604817390 1771530354.613942862 0
Feb 19 19:45:54 standalone container-server[126936]: 172.20.0.100 - - [19/Feb/2026:19:45:54 +0000] "GET /d1/552/AUTH_d2ec34d46b3b47c1aaecc938c7c0edf5/gnocchi.788cabac-80ba-4030-9c23-331f00fb423c" 200 2 "GET http://172.18.0.2:8080/v1/AUTH_d2ec34d46b3b47c1aaecc938c7c0edf5/gnocchi.788cabac-80ba-4030-9c23-331f00fb423c?format=json&states=listing" "tx1298e5afd22b417cbb989-0069976872" "proxy-server 12" 0.0029 "-" 17 0
Feb 19 19:45:54 standalone proxy-server[129077]: 172.18.0.2 172.18.0.100 19/Feb/2026/19/45/54 GET /v1/AUTH_d2ec34d46b3b47c1aaecc938c7c0edf5/gnocchi.788cabac-80ba-4030-9c23-331f00fb423c%3Fformat%3Djson%26states%3Dlisting HTTP/1.0 200 - python-swiftclient-3.11.1 gAAAAABpl2fpU86I... - 2 - tx1298e5afd22b417cbb989-0069976872 - 0.0427 - - 1771530354.601546526 1771530354.644227505 0
Feb 19 19:45:54 standalone object-server[127253]: 172.20.0.100 - - [19/Feb/2026:19:45:54 +0000] "GET /d1/351/AUTH_d2ec34d46b3b47c1aaecc938c7c0edf5/gnocchi.788cabac-80ba-4030-9c23-331f00fb423c/1771200000.0_mean_300.0_v3" 404 70 "GET http://172.18.0.2:8080/v1/AUTH_d2ec34d46b3b47c1aaecc938c7c0edf5/gnocchi.788cabac-80ba-4030-9c23-331f00fb423c/1771200000.0_mean_300.0_v3" "txc7940840bb71408287619-0069976872" "proxy-server 12" 0.0004 "-" 25 0
Feb 19 19:45:54 standalone proxy-server[129077]: 172.18.0.2 172.18.0.100 19/Feb/2026/19/45/54 GET /v1/AUTH_d2ec34d46b3b47c1aaecc938c7c0edf5/gnocchi.788cabac-80ba-4030-9c23-331f00fb423c/1771200000.0_mean_300.0_v3 HTTP/1.0 404 - python-swiftclient-3.11.1 gAAAAABpl2fpU86I... - 70 - txc7940840bb71408287619-0069976872 - 0.0081 - - 1771530354.650545597 1771530354.658608675 0
Feb 19 19:45:54 standalone container-server[126946]: 172.20.0.100 - - [19/Feb/2026:19:45:54 +0000] "PUT /d1/552/AUTH_d2ec34d46b3b47c1aaecc938c7c0edf5/gnocchi.788cabac-80ba-4030-9c23-331f00fb423c/1771200000.0_mean_300.0_v3" 201 - "PUT http://172.18.0.2:8080/d1/351/AUTH_d2ec34d46b3b47c1aaecc938c7c0edf5/gnocchi.788cabac-80ba-4030-9c23-331f00fb423c/1771200000.0_mean_300.0_v3" "tx7f8155acd9e34982a1bdb-0069976872" "object-server 24" 0.0010 "-" 19 0
Feb 19 19:45:54 standalone object-server[127252]: 172.20.0.100 - - [19/Feb/2026:19:45:54 +0000] "PUT /d1/351/AUTH_d2ec34d46b3b47c1aaecc938c7c0edf5/gnocchi.788cabac-80ba-4030-9c23-331f00fb423c/1771200000.0_mean_300.0_v3" 201 - "PUT http://172.18.0.2:8080/v1/AUTH_d2ec34d46b3b47c1aaecc938c7c0edf5/gnocchi.788cabac-80ba-4030-9c23-331f00fb423c/1771200000.0_mean_300.0_v3" "tx7f8155acd9e34982a1bdb-0069976872" "proxy-server 12" 0.0135 "-" 24 0
Feb 19 19:45:54 standalone proxy-server[129077]: 172.18.0.2 172.18.0.100 19/Feb/2026/19/45/54 PUT /v1/AUTH_d2ec34d46b3b47c1aaecc938c7c0edf5/gnocchi.788cabac-80ba-4030-9c23-331f00fb423c/1771200000.0_mean_300.0_v3 HTTP/1.0 201 - python-swiftclient-3.11.1 gAAAAABpl2fpU86I... 16 - - tx7f8155acd9e34982a1bdb-0069976872 - 0.0227 - - 1771530354.667400599 1771530354.690081835 0
Feb 19 19:45:54 standalone container-server[126936]: 172.20.0.100 - - [19/Feb/2026:19:45:54 +0000] "PUT /d1/552/AUTH_d2ec34d46b3b47c1aaecc938c7c0edf5/gnocchi.788cabac-80ba-4030-9c23-331f00fb423c/none_v3" 201 - "PUT http://172.18.0.2:8080/d1/635/AUTH_d2ec34d46b3b47c1aaecc938c7c0edf5/gnocchi.788cabac-80ba-4030-9c23-331f00fb423c/none_v3" "txe0d6253699264a6e8167a-0069976872" "object-server 22" 0.0006 "-" 17 0
Feb 19 19:45:54 standalone object-server[127250]: 172.20.0.100 - - [19/Feb/2026:19:45:54 +0000] "PUT /d1/635/AUTH_d2ec34d46b3b47c1aaecc938c7c0edf5/gnocchi.788cabac-80ba-4030-9c23-331f00fb423c/none_v3" 201 - "PUT http://172.18.0.2:8080/v1/AUTH_d2ec34d46b3b47c1aaecc938c7c0edf5/gnocchi.788cabac-80ba-4030-9c23-331f00fb423c/none_v3" "txe0d6253699264a6e8167a-0069976872" "proxy-server 12" 0.0139 "-" 22 0
Feb 19 19:45:54 standalone proxy-server[129077]: 172.18.0.2 172.18.0.100 19/Feb/2026/19/45/54 PUT /v1/AUTH_d2ec34d46b3b47c1aaecc938c7c0edf5/gnocchi.788cabac-80ba-4030-9c23-331f00fb423c/none_v3 HTTP/1.0 201 - python-swiftclient-3.11.1 gAAAAABpl2fpU86I... 22 - - txe0d6253699264a6e8167a-0069976872 - 0.0255 - - 1771530354.696161270 1771530354.721701622 0
Feb 19 19:45:54 standalone container-server[126951]: 172.20.0.100 - - [19/Feb/2026:19:45:54 +0000] "HEAD /d1/301/AUTH_d2ec34d46b3b47c1aaecc938c7c0edf5/gnocchi.13134ee4-3055-4c17-82e5-bb21fe675319" 404 - "HEAD http://172.18.0.2:8080/v1/AUTH_d2ec34d46b3b47c1aaecc938c7c0edf5/gnocchi.13134ee4-3055-4c17-82e5-bb21fe675319?format=json&states=listing" "tx067aa8d861104e3fa9743-0069976872" "proxy-server 12" 0.0006 "-" 20 0
Feb 19 19:45:54 standalone object-server[127252]: 172.20.0.100 - - [19/Feb/2026:19:45:54 +0000] "GET /d1/654/AUTH_d2ec34d46b3b47c1aaecc938c7c0edf5/gnocchi.13134ee4-3055-4c17-82e5-bb21fe675319/none_v3" 404 70 "GET http://172.18.0.2:8080/v1/AUTH_d2ec34d46b3b47c1aaecc938c7c0edf5/gnocchi.13134ee4-3055-4c17-82e5-bb21fe675319/none_v3" "tx067aa8d861104e3fa9743-0069976872" "proxy-server 12" 0.0002 "-" 24 0
Feb 19 19:45:54 standalone proxy-server[129077]: 172.18.0.2 172.18.0.100 19/Feb/2026/19/45/54 GET /v1/AUTH_d2ec34d46b3b47c1aaecc938c7c0edf5/gnocchi.13134ee4-3055-4c17-82e5-bb21fe675319/none_v3 HTTP/1.0 404 - python-swiftclient-3.11.1 gAAAAABpl2fpU86I... - 70 - tx067aa8d861104e3fa9743-0069976872 - 0.0121 - - 1771530354.744723797 1771530354.756838083 0
Feb 19 19:45:54 standalone account-server[126937]: 172.20.0.100 - - [19/Feb/2026:19:45:54 +0000] "PUT /d1/673/AUTH_d2ec34d46b3b47c1aaecc938c7c0edf5/gnocchi.13134ee4-3055-4c17-82e5-bb21fe675319" 201 - "PUT http://172.20.0.100:6001/d1/301/AUTH_d2ec34d46b3b47c1aaecc938c7c0edf5/gnocchi.13134ee4-3055-4c17-82e5-bb21fe675319" "tx08eca0f47a30495faf1dc-0069976872" "container-server 20" 0.0055 "-" 19 0
Feb 19 19:45:54 standalone container-server[126951]: 172.20.0.100 - - [19/Feb/2026:19:45:54 +0000] "PUT /d1/301/AUTH_d2ec34d46b3b47c1aaecc938c7c0edf5/gnocchi.13134ee4-3055-4c17-82e5-bb21fe675319" 201 - "PUT http://172.18.0.2:8080/v1/AUTH_d2ec34d46b3b47c1aaecc938c7c0edf5/gnocchi.13134ee4-3055-4c17-82e5-bb21fe675319" "tx08eca0f47a30495faf1dc-0069976872" "proxy-server 12" 0.0182 "-" 20 0
Feb 19 19:45:54 standalone proxy-server[129077]: 172.18.0.2 172.18.0.100 19/Feb/2026/19/45/54 PUT /v1/AUTH_d2ec34d46b3b47c1aaecc938c7c0edf5/gnocchi.13134ee4-3055-4c17-82e5-bb21fe675319 HTTP/1.0 201 - python-swiftclient-3.11.1 gAAAAABpl2fpU86I... - - - tx08eca0f47a30495faf1dc-0069976872 - 0.0263 - - 1771530354.760973215 1771530354.787251711 0
Feb 19 19:45:54 standalone container-server[126936]: 172.20.0.100 - - [19/Feb/2026:19:45:54 +0000] "HEAD /d1/301/AUTH_d2ec34d46b3b47c1aaecc938c7c0edf5/gnocchi.13134ee4-3055-4c17-82e5-bb21fe675319" 204 - "HEAD http://172.18.0.2:8080/v1/AUTH_d2ec34d46b3b47c1aaecc938c7c0edf5/gnocchi.13134ee4-3055-4c17-82e5-bb21fe675319?format=json&states=listing" "txa8f64c4b344c4101bfa50-0069976872" "proxy-server 12" 0.0012 "-" 17 0
Feb 19 19:45:54 standalone proxy-server[129077]: - - 19/Feb/2026/19/45/54 HEAD /v1/AUTH_d2ec34d46b3b47c1aaecc938c7c0edf5/gnocchi.13134ee4-3055-4c17-82e5-bb21fe675319%3Fformat%3Djson%26states%3Dlisting HTTP/1.0 204 - Swift - - - - txa8f64c4b344c4101bfa50-0069976872 - 0.0050 RL - 1771530354.793192625 1771530354.798212767 0
Feb 19 19:45:54 standalone container-server[126946]: 172.20.0.100 - - [19/Feb/2026:19:45:54 +0000] "GET /d1/301/AUTH_d2ec34d46b3b47c1aaecc938c7c0edf5/gnocchi.13134ee4-3055-4c17-82e5-bb21fe675319" 200 2 "GET http://172.18.0.2:8080/v1/AUTH_d2ec34d46b3b47c1aaecc938c7c0edf5/gnocchi.13134ee4-3055-4c17-82e5-bb21fe675319?format=json&states=listing" "txa8f64c4b344c4101bfa50-0069976872" "proxy-server 12" 0.0024 "-" 19 0
Feb 19 19:45:54 standalone proxy-server[129077]: 172.18.0.2 172.18.0.100 19/Feb/2026/19/45/54 GET /v1/AUTH_d2ec34d46b3b47c1aaecc938c7c0edf5/gnocchi.13134ee4-3055-4c17-82e5-bb21fe675319%3Fformat%3Djson%26states%3Dlisting HTTP/1.0 200 - python-swiftclient-3.11.1 gAAAAABpl2fpU86I... - 2 - txa8f64c4b344c4101bfa50-0069976872 - 0.0161 - - 1771530354.791794777 1771530354.807869911 0
Feb 19 19:45:54 standalone object-server[127253]: 172.20.0.100 - - [19/Feb/2026:19:45:54 +0000] "GET /d1/541/AUTH_d2ec34d46b3b47c1aaecc938c7c0edf5/gnocchi.13134ee4-3055-4c17-82e5-bb21fe675319/1771200000.0_mean_300.0_v3" 404 70 "GET http://172.18.0.2:8080/v1/AUTH_d2ec34d46b3b47c1aaecc938c7c0edf5/gnocchi.13134ee4-3055-4c17-82e5-bb21fe675319/1771200000.0_mean_300.0_v3" "tx3458f7d4c62b4a978812c-0069976872" "proxy-server 12" 0.0003 "-" 25 0
Feb 19 19:45:54 standalone proxy-server[129077]: 172.18.0.2 172.18.0.100 19/Feb/2026/19/45/54 GET /v1/AUTH_d2ec34d46b3b47c1aaecc938c7c0edf5/gnocchi.13134ee4-3055-4c17-82e5-bb21fe675319/1771200000.0_mean_300.0_v3 HTTP/1.0 404 - python-swiftclient-3.11.1 gAAAAABpl2fpU86I... - 70 - tx3458f7d4c62b4a978812c-0069976872 - 0.0055 - - 1771530354.812404394 1771530354.817953825 0
Feb 19 19:45:54 standalone container-server[126946]: 172.20.0.100 - - [19/Feb/2026:19:45:54 +0000] "PUT /d1/301/AUTH_d2ec34d46b3b47c1aaecc938c7c0edf5/gnocchi.13134ee4-3055-4c17-82e5-bb21fe675319/1771200000.0_mean_300.0_v3" 201 - "PUT http://172.18.0.2:8080/d1/541/AUTH_d2ec34d46b3b47c1aaecc938c7c0edf5/gnocchi.13134ee4-3055-4c17-82e5-bb21fe675319/1771200000.0_mean_300.0_v3" "txe0f65e48c9f74bf2a50a7-0069976872" "object-server 24" 0.0009 "-" 19 0
Feb 19 19:45:54 standalone object-server[127252]: 172.20.0.100 - - [19/Feb/2026:19:45:54 +0000] "PUT /d1/541/AUTH_d2ec34d46b3b47c1aaecc938c7c0edf5/gnocchi.13134ee4-3055-4c17-82e5-bb21fe675319/1771200000.0_mean_300.0_v3" 201 - "PUT http://172.18.0.2:8080/v1/AUTH_d2ec34d46b3b47c1aaecc938c7c0edf5/gnocchi.13134ee4-3055-4c17-82e5-bb21fe675319/1771200000.0_mean_300.0_v3" "txe0f65e48c9f74bf2a50a7-0069976872" "proxy-server 12" 0.0086 "-" 24 0
Feb 19 19:45:54 standalone proxy-server[129077]: 172.18.0.2 172.18.0.100 19/Feb/2026/19/45/54 PUT /v1/AUTH_d2ec34d46b3b47c1aaecc938c7c0edf5/gnocchi.13134ee4-3055-4c17-82e5-bb21fe675319/1771200000.0_mean_300.0_v3 HTTP/1.0 201 - python-swiftclient-3.11.1 gAAAAABpl2fpU86I... 16 - - txe0f65e48c9f74bf2a50a7-0069976872 - 0.0135 - - 1771530354.822867870 1771530354.836334944 0
Feb 19 19:45:54 standalone container-server[126951]: 172.20.0.100 - - [19/Feb/2026:19:45:54 +0000] "PUT /d1/301/AUTH_d2ec34d46b3b47c1aaecc938c7c0edf5/gnocchi.13134ee4-3055-4c17-82e5-bb21fe675319/none_v3" 201 - "PUT http://172.18.0.2:8080/d1/654/AUTH_d2ec34d46b3b47c1aaecc938c7c0edf5/gnocchi.13134ee4-3055-4c17-82e5-bb21fe675319/none_v3" "txf46f7333483540a4823ae-0069976872" "object-server 24" 0.0004 "-" 20 0
Feb 19 19:45:54 standalone object-server[127252]: 172.20.0.100 - - [19/Feb/2026:19:45:54 +0000] "PUT /d1/654/AUTH_d2ec34d46b3b47c1aaecc938c7c0edf5/gnocchi.13134ee4-3055-4c17-82e5-bb21fe675319/none_v3" 201 - "PUT http://172.18.0.2:8080/v1/AUTH_d2ec34d46b3b47c1aaecc938c7c0edf5/gnocchi.13134ee4-3055-4c17-82e5-bb21fe675319/none_v3" "txf46f7333483540a4823ae-0069976872" "proxy-server 12" 0.0103 "-" 24 0
Feb 19 19:45:54 standalone proxy-server[129077]: 172.18.0.2 172.18.0.100 19/Feb/2026/19/45/54 PUT /v1/AUTH_d2ec34d46b3b47c1aaecc938c7c0edf5/gnocchi.13134ee4-3055-4c17-82e5-bb21fe675319/none_v3 HTTP/1.0 201 - python-swiftclient-3.11.1 gAAAAABpl2fpU86I... 22 - - txf46f7333483540a4823ae-0069976872 - 0.0150 - - 1771530354.840756416 1771530354.855799198 0
Feb 19 19:46:00 standalone container-server[126946]: 172.20.0.100 - - [19/Feb/2026:19:46:00 +0000] "HEAD /d1/144/AUTH_d2ec34d46b3b47c1aaecc938c7c0edf5/gnocchi.8264519b-3100-4ee0-b808-385139faa355" 404 - "HEAD http://172.18.0.2:8080/v1/AUTH_d2ec34d46b3b47c1aaecc938c7c0edf5/gnocchi.8264519b-3100-4ee0-b808-385139faa355?format=json&states=listing" "tx58c6dc508f52429dbf3ab-0069976878" "proxy-server 12" 0.0005 "-" 19 0
Feb 19 19:46:00 standalone object-server[127252]: 172.20.0.100 - - [19/Feb/2026:19:46:00 +0000] "GET /d1/941/AUTH_d2ec34d46b3b47c1aaecc938c7c0edf5/gnocchi.8264519b-3100-4ee0-b808-385139faa355/none_v3" 404 70 "GET http://172.18.0.2:8080/v1/AUTH_d2ec34d46b3b47c1aaecc938c7c0edf5/gnocchi.8264519b-3100-4ee0-b808-385139faa355/none_v3" "tx58c6dc508f52429dbf3ab-0069976878" "proxy-server 12" 0.0005 "-" 24 0
Feb 19 19:46:00 standalone proxy-server[129077]: 172.18.0.2 172.18.0.100 19/Feb/2026/19/46/00 GET /v1/AUTH_d2ec34d46b3b47c1aaecc938c7c0edf5/gnocchi.8264519b-3100-4ee0-b808-385139faa355/none_v3 HTTP/1.0 404 - python-swiftclient-3.11.1 gAAAAABpl2fpU86I... - 70 - tx58c6dc508f52429dbf3ab-0069976878 - 0.0118 - - 1771530360.531252623 1771530360.543051243 0
Feb 19 19:46:00 standalone account-server[126961]: 172.20.0.100 - - [19/Feb/2026:19:46:00 +0000] "PUT /d1/673/AUTH_d2ec34d46b3b47c1aaecc938c7c0edf5/gnocchi.8264519b-3100-4ee0-b808-385139faa355" 201 - "PUT http://172.20.0.100:6001/d1/144/AUTH_d2ec34d46b3b47c1aaecc938c7c0edf5/gnocchi.8264519b-3100-4ee0-b808-385139faa355" "tx18d740f46629432c980d8-0069976878" "container-server 20" 0.0049 "-" 22 0
Feb 19 19:46:00 standalone container-server[126951]: 172.20.0.100 - - [19/Feb/2026:19:46:00 +0000] "PUT /d1/144/AUTH_d2ec34d46b3b47c1aaecc938c7c0edf5/gnocchi.8264519b-3100-4ee0-b808-385139faa355" 201 - "PUT http://172.18.0.2:8080/v1/AUTH_d2ec34d46b3b47c1aaecc938c7c0edf5/gnocchi.8264519b-3100-4ee0-b808-385139faa355" "tx18d740f46629432c980d8-0069976878" "proxy-server 12" 0.0142 "-" 20 0
Feb 19 19:46:00 standalone proxy-server[129077]: 172.18.0.2 172.18.0.100 19/Feb/2026/19/46/00 PUT /v1/AUTH_d2ec34d46b3b47c1aaecc938c7c0edf5/gnocchi.8264519b-3100-4ee0-b808-385139faa355 HTTP/1.0 201 - python-swiftclient-3.11.1 gAAAAABpl2fpU86I... - - - tx18d740f46629432c980d8-0069976878 - 0.0203 - - 1771530360.546082497 1771530360.566347837 0
Feb 19 19:46:00 standalone container-server[126938]: 172.20.0.100 - - [19/Feb/2026:19:46:00 +0000] "HEAD /d1/144/AUTH_d2ec34d46b3b47c1aaecc938c7c0edf5/gnocchi.8264519b-3100-4ee0-b808-385139faa355" 204 - "HEAD http://172.18.0.2:8080/v1/AUTH_d2ec34d46b3b47c1aaecc938c7c0edf5/gnocchi.8264519b-3100-4ee0-b808-385139faa355?format=json&states=listing" "tx381bbdd253b3485bb7099-0069976878" "proxy-server 12" 0.0022 "-" 18 0
Feb 19 19:46:00 standalone proxy-server[129077]: - - 19/Feb/2026/19/46/00 HEAD /v1/AUTH_d2ec34d46b3b47c1aaecc938c7c0edf5/gnocchi.8264519b-3100-4ee0-b808-385139faa355%3Fformat%3Djson%26states%3Dlisting HTTP/1.0 204 - Swift - - - - tx381bbdd253b3485bb7099-0069976878 - 0.0094 RL - 1771530360.570410967 1771530360.579772234 0
Feb 19 19:46:00 standalone container-server[126951]: 172.20.0.100 - - [19/Feb/2026:19:46:00 +0000] "GET /d1/144/AUTH_d2ec34d46b3b47c1aaecc938c7c0edf5/gnocchi.8264519b-3100-4ee0-b808-385139faa355" 200 2 "GET http://172.18.0.2:8080/v1/AUTH_d2ec34d46b3b47c1aaecc938c7c0edf5/gnocchi.8264519b-3100-4ee0-b808-385139faa355?format=json&states=listing" "tx381bbdd253b3485bb7099-0069976878" "proxy-server 12" 0.0021 "-" 20 0
Feb 19 19:46:00 standalone proxy-server[129077]: 172.18.0.2 172.18.0.100 19/Feb/2026/19/46/00 GET /v1/AUTH_d2ec34d46b3b47c1aaecc938c7c0edf5/gnocchi.8264519b-3100-4ee0-b808-385139faa355%3Fformat%3Djson%26states%3Dlisting HTTP/1.0 200 - python-swiftclient-3.11.1 gAAAAABpl2fpU86I... - 2 - tx381bbdd253b3485bb7099-0069976878 - 0.0226 - - 1771530360.569421530 1771530360.592017412 0
Feb 19 19:46:00 standalone object-server[127253]: 172.20.0.100 - - [19/Feb/2026:19:46:00 +0000] "GET /d1/437/AUTH_d2ec34d46b3b47c1aaecc938c7c0edf5/gnocchi.8264519b-3100-4ee0-b808-385139faa355/1771200000.0_mean_300.0_v3" 404 70 "GET http://172.18.0.2:8080/v1/AUTH_d2ec34d46b3b47c1aaecc938c7c0edf5/gnocchi.8264519b-3100-4ee0-b808-385139faa355/1771200000.0_mean_300.0_v3" "tx41083a5210184464b4e7a-0069976878" "proxy-server 12" 0.0005 "-" 25 0
Feb 19 19:46:00 standalone proxy-server[129077]: 172.18.0.2 172.18.0.100 19/Feb/2026/19/46/00 GET /v1/AUTH_d2ec34d46b3b47c1aaecc938c7c0edf5/gnocchi.8264519b-3100-4ee0-b808-385139faa355/1771200000.0_mean_300.0_v3 HTTP/1.0 404 - python-swiftclient-3.11.1 gAAAAABpl2fpU86I... - 70 - tx41083a5210184464b4e7a-0069976878 - 0.0128 - - 1771530360.599836826 1771530360.612654448 0
Feb 19 19:46:00 standalone container-server[126951]: 172.20.0.100 - - [19/Feb/2026:19:46:00 +0000] "PUT /d1/144/AUTH_d2ec34d46b3b47c1aaecc938c7c0edf5/gnocchi.8264519b-3100-4ee0-b808-385139faa355/1771200000.0_mean_300.0_v3" 201 - "PUT http://172.18.0.2:8080/d1/437/AUTH_d2ec34d46b3b47c1aaecc938c7c0edf5/gnocchi.8264519b-3100-4ee0-b808-385139faa355/1771200000.0_mean_300.0_v3" "txb39798906880463ab0462-0069976878" "object-server 23" 0.0006 "-" 20 0
Feb 19 19:46:00 standalone object-server[127251]: 172.20.0.100 - - [19/Feb/2026:19:46:00 +0000] "PUT /d1/437/AUTH_d2ec34d46b3b47c1aaecc938c7c0edf5/gnocchi.8264519b-3100-4ee0-b808-385139faa355/1771200000.0_mean_300.0_v3" 201 - "PUT http://172.18.0.2:8080/v1/AUTH_d2ec34d46b3b47c1aaecc938c7c0edf5/gnocchi.8264519b-3100-4ee0-b808-385139faa355/1771200000.0_mean_300.0_v3" "txb39798906880463ab0462-0069976878" "proxy-server 12" 0.0080 "-" 23 0
Feb 19 19:46:00 standalone proxy-server[129077]: 172.18.0.2 172.18.0.100 19/Feb/2026/19/46/00 PUT /v1/AUTH_d2ec34d46b3b47c1aaecc938c7c0edf5/gnocchi.8264519b-3100-4ee0-b808-385139faa355/1771200000.0_mean_300.0_v3 HTTP/1.0 201 - python-swiftclient-3.11.1 gAAAAABpl2fpU86I... 16 - - txb39798906880463ab0462-0069976878 - 0.0182 - - 1771530360.616171122 1771530360.634392738 0
Feb 19 19:46:00 standalone container-server[126946]: 172.20.0.100 - - [19/Feb/2026:19:46:00 +0000] "PUT /d1/144/AUTH_d2ec34d46b3b47c1aaecc938c7c0edf5/gnocchi.8264519b-3100-4ee0-b808-385139faa355/none_v3" 201 - "PUT http://172.18.0.2:8080/d1/941/AUTH_d2ec34d46b3b47c1aaecc938c7c0edf5/gnocchi.8264519b-3100-4ee0-b808-385139faa355/none_v3" "tx352a822592f549b894e3d-0069976878" "object-server 23" 0.0006 "-" 19 0
Feb 19 19:46:00 standalone object-server[127251]: 172.20.0.100 - - [19/Feb/2026:19:46:00 +0000] "PUT /d1/941/AUTH_d2ec34d46b3b47c1aaecc938c7c0edf5/gnocchi.8264519b-3100-4ee0-b808-385139faa355/none_v3" 201 - "PUT http://172.18.0.2:8080/v1/AUTH_d2ec34d46b3b47c1aaecc938c7c0edf5/gnocchi.8264519b-3100-4ee0-b808-385139faa355/none_v3" "tx352a822592f549b894e3d-0069976878" "proxy-server 12" 0.0084 "-" 23 0
Feb 19 19:46:00 standalone proxy-server[129077]: 172.18.0.2 172.18.0.100 19/Feb/2026/19/46/00 PUT /v1/AUTH_d2ec34d46b3b47c1aaecc938c7c0edf5/gnocchi.8264519b-3100-4ee0-b808-385139faa355/none_v3 HTTP/1.0 201 - python-swiftclient-3.11.1 gAAAAABpl2fpU86I... 22 - - tx352a822592f549b894e3d-0069976878 - 0.0142 - - 1771530360.637090445 1771530360.651284456 0
Feb 19 19:46:05 standalone object-server[127252]: 172.20.0.100 - - [19/Feb/2026:19:46:05 +0000] "GET /d1/941/AUTH_d2ec34d46b3b47c1aaecc938c7c0edf5/gnocchi.8264519b-3100-4ee0-b808-385139faa355/none_v3" 200 22 "GET http://172.18.0.2:8080/v1/AUTH_d2ec34d46b3b47c1aaecc938c7c0edf5/gnocchi.8264519b-3100-4ee0-b808-385139faa355/none_v3" "tx51402a54196e40d7b0326-006997687d" "proxy-server 12" 0.0014 "-" 24 0
Feb 19 19:46:05 standalone proxy-server[129077]: 172.18.0.2 172.18.0.100 19/Feb/2026/19/46/05 GET /v1/AUTH_d2ec34d46b3b47c1aaecc938c7c0edf5/gnocchi.8264519b-3100-4ee0-b808-385139faa355/none_v3 HTTP/1.0 200 - python-swiftclient-3.11.1 gAAAAABpl2fpU86I... - 22 - tx51402a54196e40d7b0326-006997687d - 0.0105 - - 1771530365.609997272 1771530365.620520592 0
Feb 19 19:46:05 standalone container-server[126936]: 172.20.0.100 - - [19/Feb/2026:19:46:05 +0000] "GET /d1/144/AUTH_d2ec34d46b3b47c1aaecc938c7c0edf5/gnocchi.8264519b-3100-4ee0-b808-385139faa355" 200 357 "GET http://172.18.0.2:8080/v1/AUTH_d2ec34d46b3b47c1aaecc938c7c0edf5/gnocchi.8264519b-3100-4ee0-b808-385139faa355?format=json&states=listing" "tx27bb5feff3d04484b406e-006997687d" "proxy-server 12" 0.0075 "-" 17 0
Feb 19 19:46:05 standalone proxy-server[129077]: 172.18.0.2 172.18.0.100 19/Feb/2026/19/46/05 GET /v1/AUTH_d2ec34d46b3b47c1aaecc938c7c0edf5/gnocchi.8264519b-3100-4ee0-b808-385139faa355%3Fformat%3Djson%26states%3Dlisting HTTP/1.0 200 - python-swiftclient-3.11.1 gAAAAABpl2fpU86I... - 357 - tx27bb5feff3d04484b406e-006997687d - 0.0166 - - 1771530365.623824120 1771530365.640434027 0
Feb 19 19:46:05 standalone container-server[126936]: 172.20.0.100 - - [19/Feb/2026:19:46:05 +0000] "GET /d1/144/AUTH_d2ec34d46b3b47c1aaecc938c7c0edf5/gnocchi.8264519b-3100-4ee0-b808-385139faa355" 200 2 "GET http://172.18.0.2:8080/v1/AUTH_d2ec34d46b3b47c1aaecc938c7c0edf5/gnocchi.8264519b-3100-4ee0-b808-385139faa355?format=json&marker=none_v3&states=listing" "txc4181adb15d04850863d5-006997687d" "proxy-server 12" 0.0031 "-" 17 0
Feb 19 19:46:05 standalone proxy-server[129077]: 172.18.0.2 172.18.0.100 19/Feb/2026/19/46/05 GET /v1/AUTH_d2ec34d46b3b47c1aaecc938c7c0edf5/gnocchi.8264519b-3100-4ee0-b808-385139faa355%3Fformat%3Djson%26marker%3Dnone_v3%26states%3Dlisting HTTP/1.0 200 - python-swiftclient-3.11.1 gAAAAABpl2fpU86I... - 2 - txc4181adb15d04850863d5-006997687d - 0.0109 - - 1771530365.642945290 1771530365.653819084 0
Feb 19 19:46:05 standalone object-server[127252]: 172.20.0.100 - - [19/Feb/2026:19:46:05 +0000] "GET /d1/437/AUTH_d2ec34d46b3b47c1aaecc938c7c0edf5/gnocchi.8264519b-3100-4ee0-b808-385139faa355/1771200000.0_mean_300.0_v3" 200 16 "GET http://172.18.0.2:8080/v1/AUTH_d2ec34d46b3b47c1aaecc938c7c0edf5/gnocchi.8264519b-3100-4ee0-b808-385139faa355/1771200000.0_mean_300.0_v3" "tx748ffb9a514a4193adbed-006997687d" "proxy-server 12" 0.0015 "-" 24 0
Feb 19 19:46:05 standalone proxy-server[129077]: 172.18.0.2 172.18.0.100 19/Feb/2026/19/46/05 GET /v1/AUTH_d2ec34d46b3b47c1aaecc938c7c0edf5/gnocchi.8264519b-3100-4ee0-b808-385139faa355/1771200000.0_mean_300.0_v3 HTTP/1.0 200 - python-swiftclient-3.11.1 gAAAAABpl2fpU86I... - 16 - tx748ffb9a514a4193adbed-006997687d - 0.0087 - - 1771530365.657160282 1771530365.665836096 0
Feb 19 19:46:05 standalone container-server[126936]: 172.20.0.100 - - [19/Feb/2026:19:46:05 +0000] "PUT /d1/144/AUTH_d2ec34d46b3b47c1aaecc938c7c0edf5/gnocchi.8264519b-3100-4ee0-b808-385139faa355/1771200000.0_mean_300.0_v3" 201 - "PUT http://172.18.0.2:8080/d1/437/AUTH_d2ec34d46b3b47c1aaecc938c7c0edf5/gnocchi.8264519b-3100-4ee0-b808-385139faa355/1771200000.0_mean_300.0_v3" "tx5bed2b7bfd6341f399431-006997687d" "object-server 22" 0.0009 "-" 17 0
Feb 19 19:46:05 standalone object-server[127250]: 172.20.0.100 - - [19/Feb/2026:19:46:05 +0000] "PUT /d1/437/AUTH_d2ec34d46b3b47c1aaecc938c7c0edf5/gnocchi.8264519b-3100-4ee0-b808-385139faa355/1771200000.0_mean_300.0_v3" 201 - "PUT http://172.18.0.2:8080/v1/AUTH_d2ec34d46b3b47c1aaecc938c7c0edf5/gnocchi.8264519b-3100-4ee0-b808-385139faa355/1771200000.0_mean_300.0_v3" "tx5bed2b7bfd6341f399431-006997687d" "proxy-server 12" 0.0118 "-" 22 0
Feb 19 19:46:05 standalone proxy-server[129077]: 172.18.0.2 172.18.0.100 19/Feb/2026/19/46/05 PUT /v1/AUTH_d2ec34d46b3b47c1aaecc938c7c0edf5/gnocchi.8264519b-3100-4ee0-b808-385139faa355/1771200000.0_mean_300.0_v3 HTTP/1.0 201 - python-swiftclient-3.11.1 gAAAAABpl2fpU86I... 16 - - tx5bed2b7bfd6341f399431-006997687d - 0.0191 - - 1771530365.668797255 1771530365.687911749 0
Feb 19 19:46:05 standalone container-server[126946]: 172.20.0.100 - - [19/Feb/2026:19:46:05 +0000] "PUT /d1/144/AUTH_d2ec34d46b3b47c1aaecc938c7c0edf5/gnocchi.8264519b-3100-4ee0-b808-385139faa355/none_v3" 201 - "PUT http://172.18.0.2:8080/d1/941/AUTH_d2ec34d46b3b47c1aaecc938c7c0edf5/gnocchi.8264519b-3100-4ee0-b808-385139faa355/none_v3" "tx88520d3c3305424cbfcea-006997687d" "object-server 25" 0.0008 "-" 19 0
Feb 19 19:46:05 standalone object-server[127253]: 172.20.0.100 - - [19/Feb/2026:19:46:05 +0000] "PUT /d1/941/AUTH_d2ec34d46b3b47c1aaecc938c7c0edf5/gnocchi.8264519b-3100-4ee0-b808-385139faa355/none_v3" 201 - "PUT http://172.18.0.2:8080/v1/AUTH_d2ec34d46b3b47c1aaecc938c7c0edf5/gnocchi.8264519b-3100-4ee0-b808-385139faa355/none_v3" "tx88520d3c3305424cbfcea-006997687d" "proxy-server 12" 0.0121 "-" 25 0
Feb 19 19:46:05 standalone proxy-server[129077]: 172.18.0.2 172.18.0.100 19/Feb/2026/19/46/05 PUT /v1/AUTH_d2ec34d46b3b47c1aaecc938c7c0edf5/gnocchi.8264519b-3100-4ee0-b808-385139faa355/none_v3 HTTP/1.0 201 - python-swiftclient-3.11.1 gAAAAABpl2fpU86I... 32 - - tx88520d3c3305424cbfcea-006997687d - 0.0202 - - 1771530365.690690994 1771530365.710848331 0
Feb 19 19:46:49 standalone account-server[126937]: 172.20.0.100 - - [19/Feb/2026:19:46:49 +0000] "HEAD /d1/673/AUTH_d2ec34d46b3b47c1aaecc938c7c0edf5" 204 - "HEAD http://172.18.0.2:8080/v1/AUTH_d2ec34d46b3b47c1aaecc938c7c0edf5?format=json" "tx3433c34fe44f418a84093-00699768a9" "proxy-server 12" 0.0074 "-" 19 -
Feb 19 19:46:49 standalone proxy-server[129077]: - - 19/Feb/2026/19/46/49 HEAD /v1/AUTH_d2ec34d46b3b47c1aaecc938c7c0edf5%3Fformat%3Djson HTTP/1.0 204 - Swift - - - - tx3433c34fe44f418a84093-00699768a9 - 0.0142 RL - 1771530409.748399258 1771530409.762612820 -
Feb 19 19:46:49 standalone container-server[126938]: 172.20.0.100 - - [19/Feb/2026:19:46:49 +0000] "HEAD /d1/998/AUTH_d2ec34d46b3b47c1aaecc938c7c0edf5/gnocchi.dfae25e8-5a68-4cbf-8681-e7e386a6fd16" 404 - "HEAD http://172.18.0.2:8080/v1/AUTH_d2ec34d46b3b47c1aaecc938c7c0edf5/gnocchi.dfae25e8-5a68-4cbf-8681-e7e386a6fd16?format=json&states=listing" "tx3433c34fe44f418a84093-00699768a9" "proxy-server 12" 0.0009 "-" 18 0
Feb 19 19:46:49 standalone object-server[127253]: 172.20.0.100 - - [19/Feb/2026:19:46:49 +0000] "GET /d1/838/AUTH_d2ec34d46b3b47c1aaecc938c7c0edf5/gnocchi.dfae25e8-5a68-4cbf-8681-e7e386a6fd16/none_v3" 404 70 "GET http://172.18.0.2:8080/v1/AUTH_d2ec34d46b3b47c1aaecc938c7c0edf5/gnocchi.dfae25e8-5a68-4cbf-8681-e7e386a6fd16/none_v3" "tx3433c34fe44f418a84093-00699768a9" "proxy-server 12" 0.0007 "-" 25 0
Feb 19 19:46:49 standalone proxy-server[129077]: 172.18.0.2 172.18.0.100 19/Feb/2026/19/46/49 GET /v1/AUTH_d2ec34d46b3b47c1aaecc938c7c0edf5/gnocchi.dfae25e8-5a68-4cbf-8681-e7e386a6fd16/none_v3 HTTP/1.0 404 - python-swiftclient-3.11.1 gAAAAABpl2fpU86I... - 70 - tx3433c34fe44f418a84093-00699768a9 - 0.0336 - - 1771530409.746937275 1771530409.780490637 0
Feb 19 19:46:49 standalone account-server[126945]: 172.20.0.100 - - [19/Feb/2026:19:46:49 +0000] "PUT /d1/673/AUTH_d2ec34d46b3b47c1aaecc938c7c0edf5/gnocchi.dfae25e8-5a68-4cbf-8681-e7e386a6fd16" 201 - "PUT http://172.20.0.100:6001/d1/998/AUTH_d2ec34d46b3b47c1aaecc938c7c0edf5/gnocchi.dfae25e8-5a68-4cbf-8681-e7e386a6fd16" "tx322acf8e0f66449aae09d-00699768a9" "container-server 17" 0.0017 "-" 20 0
Feb 19 19:46:49 standalone container-server[126936]: 172.20.0.100 - - [19/Feb/2026:19:46:49 +0000] "PUT /d1/998/AUTH_d2ec34d46b3b47c1aaecc938c7c0edf5/gnocchi.dfae25e8-5a68-4cbf-8681-e7e386a6fd16" 201 - "PUT http://172.18.0.2:8080/v1/AUTH_d2ec34d46b3b47c1aaecc938c7c0edf5/gnocchi.dfae25e8-5a68-4cbf-8681-e7e386a6fd16" "tx322acf8e0f66449aae09d-00699768a9" "proxy-server 12" 0.0189 "-" 17 0
Feb 19 19:46:49 standalone proxy-server[129077]: 172.18.0.2 172.18.0.100 19/Feb/2026/19/46/49 PUT /v1/AUTH_d2ec34d46b3b47c1aaecc938c7c0edf5/gnocchi.dfae25e8-5a68-4cbf-8681-e7e386a6fd16 HTTP/1.0 201 - python-swiftclient-3.11.1 gAAAAABpl2fpU86I... - - - tx322acf8e0f66449aae09d-00699768a9 - 0.0295 - - 1771530409.784646034 1771530409.814167500 0
Feb 19 19:46:49 standalone container-server[126936]: 172.20.0.100 - - [19/Feb/2026:19:46:49 +0000] "HEAD /d1/998/AUTH_d2ec34d46b3b47c1aaecc938c7c0edf5/gnocchi.dfae25e8-5a68-4cbf-8681-e7e386a6fd16" 204 - "HEAD http://172.18.0.2:8080/v1/AUTH_d2ec34d46b3b47c1aaecc938c7c0edf5/gnocchi.dfae25e8-5a68-4cbf-8681-e7e386a6fd16?format=json&states=listing" "tx9f5e9cbe6bb7428da76ff-00699768a9" "proxy-server 12" 0.0024 "-" 17 0
Feb 19 19:46:49 standalone proxy-server[129077]: - - 19/Feb/2026/19/46/49 HEAD /v1/AUTH_d2ec34d46b3b47c1aaecc938c7c0edf5/gnocchi.dfae25e8-5a68-4cbf-8681-e7e386a6fd16%3Fformat%3Djson%26states%3Dlisting HTTP/1.0 204 - Swift - - - - tx9f5e9cbe6bb7428da76ff-00699768a9 - 0.0109 RL - 1771530409.824551821 1771530409.835426331 0
Feb 19 19:46:49 standalone container-server[126951]: 172.20.0.100 - - [19/Feb/2026:19:46:49 +0000] "GET /d1/998/AUTH_d2ec34d46b3b47c1aaecc938c7c0edf5/gnocchi.dfae25e8-5a68-4cbf-8681-e7e386a6fd16" 200 2 "GET http://172.18.0.2:8080/v1/AUTH_d2ec34d46b3b47c1aaecc938c7c0edf5/gnocchi.dfae25e8-5a68-4cbf-8681-e7e386a6fd16?format=json&states=listing" "tx9f5e9cbe6bb7428da76ff-00699768a9" "proxy-server 12" 0.0033 "-" 20 0
Feb 19 19:46:49 standalone proxy-server[129077]: 172.18.0.2 172.18.0.100 19/Feb/2026/19/46/49 GET /v1/AUTH_d2ec34d46b3b47c1aaecc938c7c0edf5/gnocchi.dfae25e8-5a68-4cbf-8681-e7e386a6fd16%3Fformat%3Djson%26states%3Dlisting HTTP/1.0 200 - python-swiftclient-3.11.1 gAAAAABpl2fpU86I... - 2 - tx9f5e9cbe6bb7428da76ff-00699768a9 - 0.0302 - - 1771530409.821439505 1771530409.851600409 0
Feb 19 19:46:49 standalone object-server[127252]: 172.20.0.100 - - [19/Feb/2026:19:46:49 +0000] "GET /d1/903/AUTH_d2ec34d46b3b47c1aaecc938c7c0edf5/gnocchi.dfae25e8-5a68-4cbf-8681-e7e386a6fd16/1771200000.0_mean_300.0_v3" 404 70 "GET http://172.18.0.2:8080/v1/AUTH_d2ec34d46b3b47c1aaecc938c7c0edf5/gnocchi.dfae25e8-5a68-4cbf-8681-e7e386a6fd16/1771200000.0_mean_300.0_v3" "txea362e9390ff46cdbce7c-00699768a9" "proxy-server 12" 0.0003 "-" 24 0
Feb 19 19:46:49 standalone proxy-server[129077]: 172.18.0.2 172.18.0.100 19/Feb/2026/19/46/49 GET /v1/AUTH_d2ec34d46b3b47c1aaecc938c7c0edf5/gnocchi.dfae25e8-5a68-4cbf-8681-e7e386a6fd16/1771200000.0_mean_300.0_v3 HTTP/1.0 404 - python-swiftclient-3.11.1 gAAAAABpl2fpU86I... - 70 - txea362e9390ff46cdbce7c-00699768a9 - 0.0080 - - 1771530409.857844830 1771530409.865872145 0
Feb 19 19:46:49 standalone container-server[126936]: 172.20.0.100 - - [19/Feb/2026:19:46:49 +0000] "PUT /d1/998/AUTH_d2ec34d46b3b47c1aaecc938c7c0edf5/gnocchi.dfae25e8-5a68-4cbf-8681-e7e386a6fd16/1771200000.0_mean_300.0_v3" 201 - "PUT http://172.18.0.2:8080/d1/903/AUTH_d2ec34d46b3b47c1aaecc938c7c0edf5/gnocchi.dfae25e8-5a68-4cbf-8681-e7e386a6fd16/1771200000.0_mean_300.0_v3" "tx9ca5f87b2cee4c89ae392-00699768a9" "object-server 25" 0.0009 "-" 17 0
Feb 19 19:46:49 standalone object-server[127253]: 172.20.0.100 - - [19/Feb/2026:19:46:49 +0000] "PUT /d1/903/AUTH_d2ec34d46b3b47c1aaecc938c7c0edf5/gnocchi.dfae25e8-5a68-4cbf-8681-e7e386a6fd16/1771200000.0_mean_300.0_v3" 201 - "PUT http://172.18.0.2:8080/v1/AUTH_d2ec34d46b3b47c1aaecc938c7c0edf5/gnocchi.dfae25e8-5a68-4cbf-8681-e7e386a6fd16/1771200000.0_mean_300.0_v3" "tx9ca5f87b2cee4c89ae392-00699768a9" "proxy-server 12" 0.0123 "-" 25 0
Feb 19 19:46:49 standalone proxy-server[129077]: 172.18.0.2 172.18.0.100 19/Feb/2026/19/46/49 PUT /v1/AUTH_d2ec34d46b3b47c1aaecc938c7c0edf5/gnocchi.dfae25e8-5a68-4cbf-8681-e7e386a6fd16/1771200000.0_mean_300.0_v3 HTTP/1.0 201 - python-swiftclient-3.11.1 gAAAAABpl2fpU86I... 16 - - tx9ca5f87b2cee4c89ae392-00699768a9 - 0.0203 - - 1771530409.870491982 1771530409.890816450 0
Feb 19 19:46:49 standalone container-server[126946]: 172.20.0.100 - - [19/Feb/2026:19:46:49 +0000] "PUT /d1/998/AUTH_d2ec34d46b3b47c1aaecc938c7c0edf5/gnocchi.dfae25e8-5a68-4cbf-8681-e7e386a6fd16/none_v3" 201 - "PUT http://172.18.0.2:8080/d1/838/AUTH_d2ec34d46b3b47c1aaecc938c7c0edf5/gnocchi.dfae25e8-5a68-4cbf-8681-e7e386a6fd16/none_v3" "tx7dd52d3cd72748f7ba5c6-00699768a9" "object-server 24" 0.0008 "-" 19 0
Feb 19 19:46:49 standalone object-server[127252]: 172.20.0.100 - - [19/Feb/2026:19:46:49 +0000] "PUT /d1/838/AUTH_d2ec34d46b3b47c1aaecc938c7c0edf5/gnocchi.dfae25e8-5a68-4cbf-8681-e7e386a6fd16/none_v3" 201 - "PUT http://172.18.0.2:8080/v1/AUTH_d2ec34d46b3b47c1aaecc938c7c0edf5/gnocchi.dfae25e8-5a68-4cbf-8681-e7e386a6fd16/none_v3" "tx7dd52d3cd72748f7ba5c6-00699768a9" "proxy-server 12" 0.0122 "-" 24 0
Feb 19 19:46:49 standalone proxy-server[129077]: 172.18.0.2 172.18.0.100 19/Feb/2026/19/46/49 PUT /v1/AUTH_d2ec34d46b3b47c1aaecc938c7c0edf5/gnocchi.dfae25e8-5a68-4cbf-8681-e7e386a6fd16/none_v3 HTTP/1.0 201 - python-swiftclient-3.11.1 gAAAAABpl2fpU86I... 22 - - tx7dd52d3cd72748f7ba5c6-00699768a9 - 0.0196 - - 1771530409.894705296 1771530409.914301634 0
Feb 19 19:46:49 standalone container-server[126936]: 172.20.0.100 - - [19/Feb/2026:19:46:49 +0000] "HEAD /d1/541/AUTH_d2ec34d46b3b47c1aaecc938c7c0edf5/gnocchi.def8099d-a407-433a-9d04-4c509f55fb3b" 404 - "HEAD http://172.18.0.2:8080/v1/AUTH_d2ec34d46b3b47c1aaecc938c7c0edf5/gnocchi.def8099d-a407-433a-9d04-4c509f55fb3b?format=json&states=listing" "txdfae600e6f0e42cda38d7-00699768a9" "proxy-server 12" 0.0006 "-" 17 0
Feb 19 19:46:49 standalone object-server[127253]: 172.20.0.100 - - [19/Feb/2026:19:46:49 +0000] "GET /d1/672/AUTH_d2ec34d46b3b47c1aaecc938c7c0edf5/gnocchi.def8099d-a407-433a-9d04-4c509f55fb3b/none_v3" 404 70 "GET http://172.18.0.2:8080/v1/AUTH_d2ec34d46b3b47c1aaecc938c7c0edf5/gnocchi.def8099d-a407-433a-9d04-4c509f55fb3b/none_v3" "txdfae600e6f0e42cda38d7-00699768a9" "proxy-server 12" 0.0005 "-" 25 0
Feb 19 19:46:49 standalone proxy-server[129077]: 172.18.0.2 172.18.0.100 19/Feb/2026/19/46/49 GET /v1/AUTH_d2ec34d46b3b47c1aaecc938c7c0edf5/gnocchi.def8099d-a407-433a-9d04-4c509f55fb3b/none_v3 HTTP/1.0 404 - python-swiftclient-3.11.1 gAAAAABpl2fpU86I... - 70 - txdfae600e6f0e42cda38d7-00699768a9 - 0.0133 - - 1771530409.930300951 1771530409.943603039 0
Feb 19 19:46:49 standalone account-server[126937]: 172.20.0.100 - - [19/Feb/2026:19:46:49 +0000] "PUT /d1/673/AUTH_d2ec34d46b3b47c1aaecc938c7c0edf5/gnocchi.def8099d-a407-433a-9d04-4c509f55fb3b" 201 - "PUT http://172.20.0.100:6001/d1/541/AUTH_d2ec34d46b3b47c1aaecc938c7c0edf5/gnocchi.def8099d-a407-433a-9d04-4c509f55fb3b" "tx38121ed65f2f4c97840dd-00699768a9" "container-server 20" 0.0048 "-" 19 0
Feb 19 19:46:49 standalone container-server[126951]: 172.20.0.100 - - [19/Feb/2026:19:46:49 +0000] "PUT /d1/541/AUTH_d2ec34d46b3b47c1aaecc938c7c0edf5/gnocchi.def8099d-a407-433a-9d04-4c509f55fb3b" 201 - "PUT http://172.18.0.2:8080/v1/AUTH_d2ec34d46b3b47c1aaecc938c7c0edf5/gnocchi.def8099d-a407-433a-9d04-4c509f55fb3b" "tx38121ed65f2f4c97840dd-00699768a9" "proxy-server 12" 0.0146 "-" 20 0
Feb 19 19:46:49 standalone proxy-server[129077]: 172.18.0.2 172.18.0.100 19/Feb/2026/19/46/49 PUT /v1/AUTH_d2ec34d46b3b47c1aaecc938c7c0edf5/gnocchi.def8099d-a407-433a-9d04-4c509f55fb3b HTTP/1.0 201 - python-swiftclient-3.11.1 gAAAAABpl2fpU86I... - - - tx38121ed65f2f4c97840dd-00699768a9 - 0.0215 - - 1771530409.947530270 1771530409.969036579 0
Feb 19 19:46:49 standalone container-server[126936]: 172.20.0.100 - - [19/Feb/2026:19:46:49 +0000] "HEAD /d1/541/AUTH_d2ec34d46b3b47c1aaecc938c7c0edf5/gnocchi.def8099d-a407-433a-9d04-4c509f55fb3b" 204 - "HEAD http://172.18.0.2:8080/v1/AUTH_d2ec34d46b3b47c1aaecc938c7c0edf5/gnocchi.def8099d-a407-433a-9d04-4c509f55fb3b?format=json&states=listing" "tx15d728ce5d974d2a8e1b5-00699768a9" "proxy-server 12" 0.0023 "-" 17 0
Feb 19 19:46:49 standalone proxy-server[129077]: - - 19/Feb/2026/19/46/49 HEAD /v1/AUTH_d2ec34d46b3b47c1aaecc938c7c0edf5/gnocchi.def8099d-a407-433a-9d04-4c509f55fb3b%3Fformat%3Djson%26states%3Dlisting HTTP/1.0 204 - Swift - - - - tx15d728ce5d974d2a8e1b5-00699768a9 - 0.0069 RL - 1771530409.975558281 1771530409.982431173 0
Feb 19 19:46:49 standalone container-server[126946]: 172.20.0.100 - - [19/Feb/2026:19:46:49 +0000] "GET /d1/541/AUTH_d2ec34d46b3b47c1aaecc938c7c0edf5/gnocchi.def8099d-a407-433a-9d04-4c509f55fb3b" 200 2 "GET http://172.18.0.2:8080/v1/AUTH_d2ec34d46b3b47c1aaecc938c7c0edf5/gnocchi.def8099d-a407-433a-9d04-4c509f55fb3b?format=json&states=listing" "tx15d728ce5d974d2a8e1b5-00699768a9" "proxy-server 12" 0.0040 "-" 19 0
Feb 19 19:46:49 standalone proxy-server[129077]: 172.18.0.2 172.18.0.100 19/Feb/2026/19/46/49 GET /v1/AUTH_d2ec34d46b3b47c1aaecc938c7c0edf5/gnocchi.def8099d-a407-433a-9d04-4c509f55fb3b%3Fformat%3Djson%26states%3Dlisting HTTP/1.0 200 - python-swiftclient-3.11.1 gAAAAABpl2fpU86I... - 2 - tx15d728ce5d974d2a8e1b5-00699768a9 - 0.0223 - - 1771530409.974004269 1771530409.996303082 0
Feb 19 19:46:50 standalone object-server[127250]: 172.20.0.100 - - [19/Feb/2026:19:46:50 +0000] "GET /d1/904/AUTH_d2ec34d46b3b47c1aaecc938c7c0edf5/gnocchi.def8099d-a407-433a-9d04-4c509f55fb3b/1771200000.0_mean_300.0_v3" 404 70 "GET http://172.18.0.2:8080/v1/AUTH_d2ec34d46b3b47c1aaecc938c7c0edf5/gnocchi.def8099d-a407-433a-9d04-4c509f55fb3b/1771200000.0_mean_300.0_v3" "tx84d71623db084d7b9747f-00699768aa" "proxy-server 12" 0.0004 "-" 22 0
Feb 19 19:46:50 standalone proxy-server[129077]: 172.18.0.2 172.18.0.100 19/Feb/2026/19/46/50 GET /v1/AUTH_d2ec34d46b3b47c1aaecc938c7c0edf5/gnocchi.def8099d-a407-433a-9d04-4c509f55fb3b/1771200000.0_mean_300.0_v3 HTTP/1.0 404 - python-swiftclient-3.11.1 gAAAAABpl2fpU86I... - 70 - tx84d71623db084d7b9747f-00699768aa - 0.0128 - - 1771530410.002012253 1771530410.014794350 0
Feb 19 19:46:50 standalone container-server[126946]: 172.20.0.100 - - [19/Feb/2026:19:46:50 +0000] "PUT /d1/541/AUTH_d2ec34d46b3b47c1aaecc938c7c0edf5/gnocchi.def8099d-a407-433a-9d04-4c509f55fb3b/1771200000.0_mean_300.0_v3" 201 - "PUT http://172.18.0.2:8080/d1/904/AUTH_d2ec34d46b3b47c1aaecc938c7c0edf5/gnocchi.def8099d-a407-433a-9d04-4c509f55fb3b/1771200000.0_mean_300.0_v3" "tx9d50e8e2da13406da29cb-00699768aa" "object-server 22" 0.0009 "-" 19 0
Feb 19 19:46:50 standalone object-server[127250]: 172.20.0.100 - - [19/Feb/2026:19:46:50 +0000] "PUT /d1/904/AUTH_d2ec34d46b3b47c1aaecc938c7c0edf5/gnocchi.def8099d-a407-433a-9d04-4c509f55fb3b/1771200000.0_mean_300.0_v3" 201 - "PUT http://172.18.0.2:8080/v1/AUTH_d2ec34d46b3b47c1aaecc938c7c0edf5/gnocchi.def8099d-a407-433a-9d04-4c509f55fb3b/1771200000.0_mean_300.0_v3" "tx9d50e8e2da13406da29cb-00699768aa" "proxy-server 12" 0.0103 "-" 22 0
Feb 19 19:46:50 standalone proxy-server[129077]: 172.18.0.2 172.18.0.100 19/Feb/2026/19/46/50 PUT /v1/AUTH_d2ec34d46b3b47c1aaecc938c7c0edf5/gnocchi.def8099d-a407-433a-9d04-4c509f55fb3b/1771200000.0_mean_300.0_v3 HTTP/1.0 201 - python-swiftclient-3.11.1 gAAAAABpl2fpU86I... 16 - - tx9d50e8e2da13406da29cb-00699768aa - 0.0191 - - 1771530410.018575668 1771530410.037684202 0
Feb 19 19:46:50 standalone container-server[126951]: 172.20.0.100 - - [19/Feb/2026:19:46:50 +0000] "PUT /d1/541/AUTH_d2ec34d46b3b47c1aaecc938c7c0edf5/gnocchi.def8099d-a407-433a-9d04-4c509f55fb3b/none_v3" 201 - "PUT http://172.18.0.2:8080/d1/672/AUTH_d2ec34d46b3b47c1aaecc938c7c0edf5/gnocchi.def8099d-a407-433a-9d04-4c509f55fb3b/none_v3" "tx7150bbf2d1d147bf99782-00699768aa" "object-server 22" 0.0007 "-" 20 0
Feb 19 19:46:50 standalone object-server[127250]: 172.20.0.100 - - [19/Feb/2026:19:46:50 +0000] "PUT /d1/672/AUTH_d2ec34d46b3b47c1aaecc938c7c0edf5/gnocchi.def8099d-a407-433a-9d04-4c509f55fb3b/none_v3" 201 - "PUT http://172.18.0.2:8080/v1/AUTH_d2ec34d46b3b47c1aaecc938c7c0edf5/gnocchi.def8099d-a407-433a-9d04-4c509f55fb3b/none_v3" "tx7150bbf2d1d147bf99782-00699768aa" "proxy-server 12" 0.0089 "-" 22 0
Feb 19 19:46:50 standalone proxy-server[129077]: 172.18.0.2 172.18.0.100 19/Feb/2026/19/46/50 PUT /v1/AUTH_d2ec34d46b3b47c1aaecc938c7c0edf5/gnocchi.def8099d-a407-433a-9d04-4c509f55fb3b/none_v3 HTTP/1.0 201 - python-swiftclient-3.11.1 gAAAAABpl2fpU86I... 22 - - tx7150bbf2d1d147bf99782-00699768aa - 0.0173 - - 1771530410.042201996 1771530410.059528589 0
Feb 19 19:46:50 standalone container-server[126946]: 172.20.0.100 - - [19/Feb/2026:19:46:50 +0000] "HEAD /d1/439/AUTH_d2ec34d46b3b47c1aaecc938c7c0edf5/gnocchi.87707b33-7aeb-49c3-a2f8-6a976625bac7" 404 - "HEAD http://172.18.0.2:8080/v1/AUTH_d2ec34d46b3b47c1aaecc938c7c0edf5/gnocchi.87707b33-7aeb-49c3-a2f8-6a976625bac7?format=json&states=listing" "tx6307351df831445687f35-00699768aa" "proxy-server 12" 0.0004 "-" 19 0
Feb 19 19:46:50 standalone object-server[127252]: 172.20.0.100 - - [19/Feb/2026:19:46:50 +0000] "GET /d1/339/AUTH_d2ec34d46b3b47c1aaecc938c7c0edf5/gnocchi.87707b33-7aeb-49c3-a2f8-6a976625bac7/none_v3" 404 70 "GET http://172.18.0.2:8080/v1/AUTH_d2ec34d46b3b47c1aaecc938c7c0edf5/gnocchi.87707b33-7aeb-49c3-a2f8-6a976625bac7/none_v3" "tx6307351df831445687f35-00699768aa" "proxy-server 12" 0.0003 "-" 24 0
Feb 19 19:46:50 standalone proxy-server[129077]: 172.18.0.2 172.18.0.100 19/Feb/2026/19/46/50 GET /v1/AUTH_d2ec34d46b3b47c1aaecc938c7c0edf5/gnocchi.87707b33-7aeb-49c3-a2f8-6a976625bac7/none_v3 HTTP/1.0 404 - python-swiftclient-3.11.1 gAAAAABpl2fpU86I... - 70 - tx6307351df831445687f35-00699768aa - 0.0130 - - 1771530410.076753139 1771530410.089742422 0
Feb 19 19:46:50 standalone account-server[126937]: 172.20.0.100 - - [19/Feb/2026:19:46:50 +0000] "PUT /d1/673/AUTH_d2ec34d46b3b47c1aaecc938c7c0edf5/gnocchi.87707b33-7aeb-49c3-a2f8-6a976625bac7" 201 - "PUT http://172.20.0.100:6001/d1/439/AUTH_d2ec34d46b3b47c1aaecc938c7c0edf5/gnocchi.87707b33-7aeb-49c3-a2f8-6a976625bac7" "tx68f9d6156d6c4adcb9f5c-00699768aa" "container-server 19" 0.0040 "-" 19 0
Feb 19 19:46:50 standalone container-server[126946]: 172.20.0.100 - - [19/Feb/2026:19:46:50 +0000] "PUT /d1/439/AUTH_d2ec34d46b3b47c1aaecc938c7c0edf5/gnocchi.87707b33-7aeb-49c3-a2f8-6a976625bac7" 201 - "PUT http://172.18.0.2:8080/v1/AUTH_d2ec34d46b3b47c1aaecc938c7c0edf5/gnocchi.87707b33-7aeb-49c3-a2f8-6a976625bac7" "tx68f9d6156d6c4adcb9f5c-00699768aa" "proxy-server 12" 0.0162 "-" 19 0
Feb 19 19:46:50 standalone proxy-server[129077]: 172.18.0.2 172.18.0.100 19/Feb/2026/19/46/50 PUT /v1/AUTH_d2ec34d46b3b47c1aaecc938c7c0edf5/gnocchi.87707b33-7aeb-49c3-a2f8-6a976625bac7 HTTP/1.0 201 - python-swiftclient-3.11.1 gAAAAABpl2fpU86I... - - - tx68f9d6156d6c4adcb9f5c-00699768aa - 0.0219 - - 1771530410.093165159 1771530410.115061522 0
Feb 19 19:46:50 standalone container-server[126951]: 172.20.0.100 - - [19/Feb/2026:19:46:50 +0000] "HEAD /d1/439/AUTH_d2ec34d46b3b47c1aaecc938c7c0edf5/gnocchi.87707b33-7aeb-49c3-a2f8-6a976625bac7" 204 - "HEAD http://172.18.0.2:8080/v1/AUTH_d2ec34d46b3b47c1aaecc938c7c0edf5/gnocchi.87707b33-7aeb-49c3-a2f8-6a976625bac7?format=json&states=listing" "tx587a746242fb45218ca15-00699768aa" "proxy-server 12" 0.0016 "-" 20 0
Feb 19 19:46:50 standalone proxy-server[129077]: - - 19/Feb/2026/19/46/50 HEAD /v1/AUTH_d2ec34d46b3b47c1aaecc938c7c0edf5/gnocchi.87707b33-7aeb-49c3-a2f8-6a976625bac7%3Fformat%3Djson%26states%3Dlisting HTTP/1.0 204 - Swift - - - - tx587a746242fb45218ca15-00699768aa - 0.0094 RL - 1771530410.120043993 1771530410.129440069 0
Feb 19 19:46:50 standalone container-server[126946]: 172.20.0.100 - - [19/Feb/2026:19:46:50 +0000] "GET /d1/439/AUTH_d2ec34d46b3b47c1aaecc938c7c0edf5/gnocchi.87707b33-7aeb-49c3-a2f8-6a976625bac7" 200 2 "GET http://172.18.0.2:8080/v1/AUTH_d2ec34d46b3b47c1aaecc938c7c0edf5/gnocchi.87707b33-7aeb-49c3-a2f8-6a976625bac7?format=json&states=listing" "tx587a746242fb45218ca15-00699768aa" "proxy-server 12" 0.0024 "-" 19 0
Feb 19 19:46:50 standalone proxy-server[129077]: 172.18.0.2 172.18.0.100 19/Feb/2026/19/46/50 GET /v1/AUTH_d2ec34d46b3b47c1aaecc938c7c0edf5/gnocchi.87707b33-7aeb-49c3-a2f8-6a976625bac7%3Fformat%3Djson%26states%3Dlisting HTTP/1.0 200 - python-swiftclient-3.11.1 gAAAAABpl2fpU86I... - 2 - tx587a746242fb45218ca15-00699768aa - 0.0233 - - 1771530410.118860245 1771530410.142199755 0
Feb 19 19:46:50 standalone object-server[127253]: 172.20.0.100 - - [19/Feb/2026:19:46:50 +0000] "GET /d1/825/AUTH_d2ec34d46b3b47c1aaecc938c7c0edf5/gnocchi.87707b33-7aeb-49c3-a2f8-6a976625bac7/1771200000.0_mean_300.0_v3" 404 70 "GET http://172.18.0.2:8080/v1/AUTH_d2ec34d46b3b47c1aaecc938c7c0edf5/gnocchi.87707b33-7aeb-49c3-a2f8-6a976625bac7/1771200000.0_mean_300.0_v3" "tx27fb057e6bbf4fbb96014-00699768aa" "proxy-server 12" 0.0007 "-" 25 0
Feb 19 19:46:50 standalone proxy-server[129077]: 172.18.0.2 172.18.0.100 19/Feb/2026/19/46/50 GET /v1/AUTH_d2ec34d46b3b47c1aaecc938c7c0edf5/gnocchi.87707b33-7aeb-49c3-a2f8-6a976625bac7/1771200000.0_mean_300.0_v3 HTTP/1.0 404 - python-swiftclient-3.11.1 gAAAAABpl2fpU86I... - 70 - tx27fb057e6bbf4fbb96014-00699768aa - 0.0064 - - 1771530410.145707607 1771530410.152096748 0
Feb 19 19:46:50 standalone container-server[126946]: 172.20.0.100 - - [19/Feb/2026:19:46:50 +0000] "PUT /d1/439/AUTH_d2ec34d46b3b47c1aaecc938c7c0edf5/gnocchi.87707b33-7aeb-49c3-a2f8-6a976625bac7/1771200000.0_mean_300.0_v3" 201 - "PUT http://172.18.0.2:8080/d1/825/AUTH_d2ec34d46b3b47c1aaecc938c7c0edf5/gnocchi.87707b33-7aeb-49c3-a2f8-6a976625bac7/1771200000.0_mean_300.0_v3" "txf7db6773e03a467e837cf-00699768aa" "object-server 24" 0.0008 "-" 19 0
Feb 19 19:46:50 standalone object-server[127252]: 172.20.0.100 - - [19/Feb/2026:19:46:50 +0000] "PUT /d1/825/AUTH_d2ec34d46b3b47c1aaecc938c7c0edf5/gnocchi.87707b33-7aeb-49c3-a2f8-6a976625bac7/1771200000.0_mean_300.0_v3" 201 - "PUT http://172.18.0.2:8080/v1/AUTH_d2ec34d46b3b47c1aaecc938c7c0edf5/gnocchi.87707b33-7aeb-49c3-a2f8-6a976625bac7/1771200000.0_mean_300.0_v3" "txf7db6773e03a467e837cf-00699768aa" "proxy-server 12" 0.0076 "-" 24 0
Feb 19 19:46:50 standalone proxy-server[129077]: 172.18.0.2 172.18.0.100 19/Feb/2026/19/46/50 PUT /v1/AUTH_d2ec34d46b3b47c1aaecc938c7c0edf5/gnocchi.87707b33-7aeb-49c3-a2f8-6a976625bac7/1771200000.0_mean_300.0_v3 HTTP/1.0 201 - python-swiftclient-3.11.1 gAAAAABpl2fpU86I... 16 - - txf7db6773e03a467e837cf-00699768aa - 0.0122 - - 1771530410.154831886 1771530410.167078257 0
