Feb 19 19:31:52 standalone account-server[126516]: Starting 2
Feb 19 19:31:53 standalone container-server[126734]: Starting 2
Feb 19 19:31:53 standalone container-server[126807]: Option allow_versions is deprecated. Configure the versioned_writes middleware in the proxy-server instead. This option will be ignored in a future release.
Feb 19 19:31:53 standalone container-server[126936]: Option allow_versions is deprecated. Configure the versioned_writes middleware in the proxy-server instead. This option will be ignored in a future release.
Feb 19 19:31:53 standalone container-server[126807]: Started child 17 from parent 2
Feb 19 19:31:53 standalone container-server[126938]: Option allow_versions is deprecated. Configure the versioned_writes middleware in the proxy-server instead. This option will be ignored in a future release.
Feb 19 19:31:53 standalone account-server[126739]: Started child 19 from parent 2
Feb 19 19:31:53 standalone container-server[126807]: Started child 18 from parent 2
Feb 19 19:31:53 standalone container-server[126946]: Option allow_versions is deprecated. Configure the versioned_writes middleware in the proxy-server instead. This option will be ignored in a future release.
Feb 19 19:31:53 standalone container-server[126807]: Started child 19 from parent 2
Feb 19 19:31:53 standalone account-server[126739]: Started child 20 from parent 2
Feb 19 19:31:53 standalone account-server[126739]: Started child 21 from parent 2
Feb 19 19:31:53 standalone account-server[126739]: Started child 22 from parent 2
Feb 19 19:31:53 standalone container-server[126951]: Option allow_versions is deprecated. Configure the versioned_writes middleware in the proxy-server instead. This option will be ignored in a future release.
Feb 19 19:31:53 standalone container-server[126807]: Started child 20 from parent 2
Feb 19 19:31:53 standalone object-expirer[126802]: Starting 2
Feb 19 19:31:53 standalone object-expirer[126802]: Option auto_create_account_prefix is deprecated. Configure auto_create_account_prefix under the swift-constraints section of swift.conf. This option will be ignored in a future release.
Feb 19 19:31:54 standalone object-server[127030]: Starting 2
Feb 19 19:31:54 standalone object-server[127065]: Started child 22 from parent 2
Feb 19 19:31:54 standalone object-server[127065]: Started child 23 from parent 2
Feb 19 19:31:54 standalone object-server[127065]: Started child 24 from parent 2
Feb 19 19:31:54 standalone object-server[127065]: Started child 25 from parent 2
Feb 19 19:31:59 standalone proxy-server[128885]: Starting Keystone auth_token middleware
Feb 19 19:31:59 standalone proxy-server[128885]: AuthToken middleware is set with keystone_authtoken.service_token_roles_required set to False. This is backwards compatible but deprecated behaviour. Please set this to True.
Feb 19 19:31:59 standalone proxy-server[129077]: Starting Keystone auth_token middleware
Feb 19 19:31:59 standalone proxy-server[129077]: STDERR: The option "bind_port" is not known to keystonemiddleware
Feb 19 19:31:59 standalone proxy-server[129077]: STDERR: The option "workers" is not known to keystonemiddleware
Feb 19 19:31:59 standalone proxy-server[129077]: STDERR: The option "user" is not known to keystonemiddleware
Feb 19 19:31:59 standalone proxy-server[129077]: STDERR: The option "bind_ip" is not known to keystonemiddleware
Feb 19 19:31:59 standalone proxy-server[129077]: STDERR: The option "log_name" is not known to keystonemiddleware
Feb 19 19:31:59 standalone proxy-server[129077]: STDERR: The option "log_facility" is not known to keystonemiddleware
Feb 19 19:31:59 standalone proxy-server[129077]: STDERR: The option "log_level" is not known to keystonemiddleware
Feb 19 19:31:59 standalone proxy-server[129077]: STDERR: The option "log_headers" is not known to keystonemiddleware
Feb 19 19:31:59 standalone proxy-server[129077]: STDERR: The option "log_address" is not known to keystonemiddleware
Feb 19 19:31:59 standalone proxy-server[129077]: STDERR: The option "project_name" is not known to keystonemiddleware
Feb 19 19:31:59 standalone proxy-server[129077]: STDERR: The option "username" is not known to keystonemiddleware
Feb 19 19:31:59 standalone proxy-server[129077]: STDERR: The option "password" is not known to keystonemiddleware
Feb 19 19:31:59 standalone proxy-server[129077]: STDERR: The option "auth_url" is not known to keystonemiddleware
Feb 19 19:31:59 standalone proxy-server[129077]: STDERR: The option "signing_dir" is not known to keystonemiddleware
Feb 19 19:31:59 standalone proxy-server[129077]: STDERR: The option "project_domain_id" is not known to keystonemiddleware
Feb 19 19:31:59 standalone proxy-server[129077]: STDERR: The option "user_domain_id" is not known to keystonemiddleware
Feb 19 19:31:59 standalone proxy-server[129077]: STDERR: The option "__name__" is not known to keystonemiddleware
Feb 19 19:31:59 standalone proxy-server[129077]: AuthToken middleware is set with keystone_authtoken.service_token_roles_required set to False. This is backwards compatible but deprecated behaviour. Please set this to True.
Feb 19 19:31:59 standalone proxy-server[128885]: Started child 12 from parent 2
Feb 19 19:33:37 standalone account-server[126937]: 172.20.0.100 - - [19/Feb/2026:19:33:37 +0000] "HEAD /d1/480/.expiring_objects" 404 - "HEAD http://localhost/v1/.expiring_objects?format=json" "txa509146829734acfb9878-0069976591" "proxy-server 2" 0.0016 "-" 19 -
Feb 19 19:33:37 standalone object-expirer[126802]: Pass completed in 0s; 0 objects expired (txn: txa509146829734acfb9878-0069976591)
Feb 19 19:34:42 standalone container-server[126734]: Begin container update sweep
Feb 19 19:34:42 standalone container-server[126734]: Container update sweep completed: 0.00s
Feb 19 19:34:51 standalone object-server[127030]: Begin object update sweep
Feb 19 19:34:51 standalone object-server[148874]: Object update sweep starting on /srv/node/d1 (pid: 11)
Feb 19 19:34:51 standalone object-server[148874]: Object update sweep completed on /srv/node/d1 in 0.00s seconds:, 0 successes, 0 failures, 0 quarantines, 0 unlinks, 0 errors, 0 redirects (pid: 11)
Feb 19 19:34:51 standalone object-server[148874]: Object update sweep of d1 completed: 0.00s, 0 successes, 0 failures, 0 quarantines, 0 unlinks, 0 errors, 0 redirects
Feb 19 19:34:51 standalone object-server[127030]: Object update sweep completed: 0.05s
Feb 19 19:36:17 standalone account-server[126937]: 172.20.0.100 - - [19/Feb/2026:19:36:17 +0000] "HEAD /d1/480/.expiring_objects" 404 - "HEAD http://localhost/v1/.expiring_objects?format=json" "txf190b4ca8ce24b51a64a9-0069976631" "proxy-server 2" 0.0005 "-" 19 -
Feb 19 19:36:17 standalone object-expirer[126802]: Pass completed in 0s; 0 objects expired (txn: txf190b4ca8ce24b51a64a9-0069976631)
Feb 19 19:36:38 standalone account-server[126956]: 172.20.0.100 - - [19/Feb/2026:19:36:38 +0000] "HEAD /d1/480/.expiring_objects" 404 - "HEAD http://localhost/v1/.expiring_objects?format=json" "txc3fd183e2f6640f9aea90-0069976646" "proxy-server 2" 0.0017 "-" 21 -
Feb 19 19:36:38 standalone object-expirer[126802]: Pass completed in 0s; 0 objects expired (txn: txc3fd183e2f6640f9aea90-0069976646)
Feb 19 19:39:04 standalone account-server[126956]: 172.20.0.100 - - [19/Feb/2026:19:39:04 +0000] "HEAD /d1/480/.expiring_objects" 404 - "HEAD http://localhost/v1/.expiring_objects?format=json" "tx154ba7426f3c43fc84f34-00699766d8" "proxy-server 2" 0.0007 "-" 21 -
Feb 19 19:39:04 standalone object-expirer[126802]: Pass completed in 0s; 0 objects expired (txn: tx154ba7426f3c43fc84f34-00699766d8)
Feb 19 19:39:42 standalone container-server[126734]: Begin container update sweep
Feb 19 19:39:42 standalone container-server[126734]: Container update sweep completed: 0.00s
Feb 19 19:39:51 standalone object-server[127030]: Begin object update sweep
Feb 19 19:39:51 standalone object-server[189438]: Object update sweep starting on /srv/node/d1 (pid: 13)
Feb 19 19:39:51 standalone object-server[189438]: Object update sweep completed on /srv/node/d1 in 0.00s seconds:, 0 successes, 0 failures, 0 quarantines, 0 unlinks, 0 errors, 0 redirects (pid: 13)
Feb 19 19:39:51 standalone object-server[189438]: Object update sweep of d1 completed: 0.00s, 0 successes, 0 failures, 0 quarantines, 0 unlinks, 0 errors, 0 redirects
Feb 19 19:39:51 standalone object-server[127030]: Object update sweep completed: 0.06s
Feb 19 19:40:38 standalone account-server[126937]: 172.20.0.100 - - [19/Feb/2026:19:40:38 +0000] "HEAD /d1/480/.expiring_objects" 404 - "HEAD http://localhost/v1/.expiring_objects?format=json" "tx3fde10818b8f4a72a97a8-0069976736" "proxy-server 2" 0.0005 "-" 19 -
Feb 19 19:40:38 standalone object-expirer[126802]: Pass completed in 0s; 0 objects expired (txn: tx3fde10818b8f4a72a97a8-0069976736)
Feb 19 19:43:37 standalone account-server[126945]: 172.20.0.100 - - [19/Feb/2026:19:43:37 +0000] "HEAD /d1/673/AUTH_d2ec34d46b3b47c1aaecc938c7c0edf5" 404 - "HEAD http://172.18.0.2:8080/v1/AUTH_d2ec34d46b3b47c1aaecc938c7c0edf5?format=json" "tx8f017f701c06436aa0c5d-00699767e9" "proxy-server 12" 0.0016 "-" 20 -
Feb 19 19:43:37 standalone proxy-server[129077]: - - 19/Feb/2026/19/43/37 HEAD /v1/AUTH_d2ec34d46b3b47c1aaecc938c7c0edf5%3Fformat%3Djson HTTP/1.0 200 - Swift - - - - tx8f017f701c06436aa0c5d-00699767e9 - 0.0084 RL - 1771530217.684657335 1771530217.693068027 -
Feb 19 19:43:38 standalone object-server[127253]: 172.20.0.100 - - [19/Feb/2026:19:43:38 +0000] "GET /d1/955/AUTH_d2ec34d46b3b47c1aaecc938c7c0edf5/gnocchi.10ab0ed5-cf4f-4ed1-a561-3e45335c6b18/none_v3" 404 70 "GET http://172.18.0.2:8080/v1/AUTH_d2ec34d46b3b47c1aaecc938c7c0edf5/gnocchi.10ab0ed5-cf4f-4ed1-a561-3e45335c6b18/none_v3" "tx8f017f701c06436aa0c5d-00699767e9" "proxy-server 12" 0.0013 "-" 25 0
Feb 19 19:43:38 standalone proxy-server[129077]: 172.18.0.2 172.18.0.100 19/Feb/2026/19/43/38 GET /v1/AUTH_d2ec34d46b3b47c1aaecc938c7c0edf5/gnocchi.10ab0ed5-cf4f-4ed1-a561-3e45335c6b18/none_v3 HTTP/1.0 404 - python-swiftclient-3.11.1 gAAAAABpl2fpU86I... - 70 - tx8f017f701c06436aa0c5d-00699767e9 - 0.4544 - - 1771530217.680788994 1771530218.135141611 0
Feb 19 19:43:38 standalone account-server[126956]: 172.20.0.100 - - [19/Feb/2026:19:43:38 +0000] "PUT /d1/673/AUTH_d2ec34d46b3b47c1aaecc938c7c0edf5" 201 - "-" "txdc8da9e8a3b6424a83f15-00699767ea" "-" 0.0181 "-" 21 -
Feb 19 19:43:38 standalone proxy-server[129077]: autocreate account '/AUTH_d2ec34d46b3b47c1aaecc938c7c0edf5' (txn: txdc8da9e8a3b6424a83f15-00699767ea)
Feb 19 19:43:38 standalone account-server[126956]: 172.20.0.100 - - [19/Feb/2026:19:43:38 +0000] "HEAD /d1/673/AUTH_d2ec34d46b3b47c1aaecc938c7c0edf5" 204 - "HEAD http://172.18.0.2:8080/v1/AUTH_d2ec34d46b3b47c1aaecc938c7c0edf5?format=json" "txdc8da9e8a3b6424a83f15-00699767ea" "proxy-server 12" 0.0019 "-" 21 -
Feb 19 19:43:38 standalone account-server[126937]: 172.20.0.100 - - [19/Feb/2026:19:43:38 +0000] "PUT /d1/673/AUTH_d2ec34d46b3b47c1aaecc938c7c0edf5/gnocchi.10ab0ed5-cf4f-4ed1-a561-3e45335c6b18" 201 - "PUT http://172.20.0.100:6001/d1/484/AUTH_d2ec34d46b3b47c1aaecc938c7c0edf5/gnocchi.10ab0ed5-cf4f-4ed1-a561-3e45335c6b18" "txdc8da9e8a3b6424a83f15-00699767ea" "container-server 17" 0.0023 "-" 19 0
Feb 19 19:43:38 standalone container-server[126936]: 172.20.0.100 - - [19/Feb/2026:19:43:38 +0000] "PUT /d1/484/AUTH_d2ec34d46b3b47c1aaecc938c7c0edf5/gnocchi.10ab0ed5-cf4f-4ed1-a561-3e45335c6b18" 201 - "PUT http://172.18.0.2:8080/v1/AUTH_d2ec34d46b3b47c1aaecc938c7c0edf5/gnocchi.10ab0ed5-cf4f-4ed1-a561-3e45335c6b18" "txdc8da9e8a3b6424a83f15-00699767ea" "proxy-server 12" 0.0183 "-" 17 0
Feb 19 19:43:38 standalone proxy-server[129077]: 172.18.0.2 172.18.0.100 19/Feb/2026/19/43/38 PUT /v1/AUTH_d2ec34d46b3b47c1aaecc938c7c0edf5/gnocchi.10ab0ed5-cf4f-4ed1-a561-3e45335c6b18 HTTP/1.0 201 - python-swiftclient-3.11.1 gAAAAABpl2fpU86I... - - - txdc8da9e8a3b6424a83f15-00699767ea - 0.0546 - - 1771530218.140347242 1771530218.194984198 0
Feb 19 19:43:38 standalone container-server[126946]: 172.20.0.100 - - [19/Feb/2026:19:43:38 +0000] "HEAD /d1/484/AUTH_d2ec34d46b3b47c1aaecc938c7c0edf5/gnocchi.10ab0ed5-cf4f-4ed1-a561-3e45335c6b18" 204 - "HEAD http://172.18.0.2:8080/v1/AUTH_d2ec34d46b3b47c1aaecc938c7c0edf5/gnocchi.10ab0ed5-cf4f-4ed1-a561-3e45335c6b18?format=json&states=listing" "txa72cf94940a142be9b6e2-00699767ea" "proxy-server 12" 0.0042 "-" 19 0
Feb 19 19:43:38 standalone proxy-server[129077]: - - 19/Feb/2026/19/43/38 HEAD /v1/AUTH_d2ec34d46b3b47c1aaecc938c7c0edf5/gnocchi.10ab0ed5-cf4f-4ed1-a561-3e45335c6b18%3Fformat%3Djson%26states%3Dlisting HTTP/1.0 204 - Swift - - - - txa72cf94940a142be9b6e2-00699767ea - 0.0100 RL - 1771530218.201712370 1771530218.211711168 0
Feb 19 19:43:38 standalone container-server[126951]: 172.20.0.100 - - [19/Feb/2026:19:43:38 +0000] "GET /d1/484/AUTH_d2ec34d46b3b47c1aaecc938c7c0edf5/gnocchi.10ab0ed5-cf4f-4ed1-a561-3e45335c6b18" 200 2 "GET http://172.18.0.2:8080/v1/AUTH_d2ec34d46b3b47c1aaecc938c7c0edf5/gnocchi.10ab0ed5-cf4f-4ed1-a561-3e45335c6b18?format=json&states=listing" "txa72cf94940a142be9b6e2-00699767ea" "proxy-server 12" 0.0054 "-" 20 0
Feb 19 19:43:38 standalone proxy-server[129077]: 172.18.0.2 172.18.0.100 19/Feb/2026/19/43/38 GET /v1/AUTH_d2ec34d46b3b47c1aaecc938c7c0edf5/gnocchi.10ab0ed5-cf4f-4ed1-a561-3e45335c6b18%3Fformat%3Djson%26states%3Dlisting HTTP/1.0 200 - python-swiftclient-3.11.1 gAAAAABpl2fpU86I... - 2 - txa72cf94940a142be9b6e2-00699767ea - 0.0262 - - 1771530218.200286865 1771530218.226486921 0
Feb 19 19:43:38 standalone object-server[127251]: 172.20.0.100 - - [19/Feb/2026:19:43:38 +0000] "GET /d1/99/AUTH_d2ec34d46b3b47c1aaecc938c7c0edf5/gnocchi.10ab0ed5-cf4f-4ed1-a561-3e45335c6b18/1771200000.0_mean_300.0_v3" 404 70 "GET http://172.18.0.2:8080/v1/AUTH_d2ec34d46b3b47c1aaecc938c7c0edf5/gnocchi.10ab0ed5-cf4f-4ed1-a561-3e45335c6b18/1771200000.0_mean_300.0_v3" "tx261ae05bf3a248719a935-00699767ea" "proxy-server 12" 0.0011 "-" 23 0
Feb 19 19:43:38 standalone proxy-server[129077]: 172.18.0.2 172.18.0.100 19/Feb/2026/19/43/38 GET /v1/AUTH_d2ec34d46b3b47c1aaecc938c7c0edf5/gnocchi.10ab0ed5-cf4f-4ed1-a561-3e45335c6b18/1771200000.0_mean_300.0_v3 HTTP/1.0 404 - python-swiftclient-3.11.1 gAAAAABpl2fpU86I... - 70 - tx261ae05bf3a248719a935-00699767ea - 0.0105 - - 1771530218.233863831 1771530218.244321108 0
Feb 19 19:43:38 standalone container-server[126938]: 172.20.0.100 - - [19/Feb/2026:19:43:38 +0000] "PUT /d1/484/AUTH_d2ec34d46b3b47c1aaecc938c7c0edf5/gnocchi.10ab0ed5-cf4f-4ed1-a561-3e45335c6b18/1771200000.0_mean_300.0_v3" 201 - "PUT http://172.18.0.2:8080/d1/99/AUTH_d2ec34d46b3b47c1aaecc938c7c0edf5/gnocchi.10ab0ed5-cf4f-4ed1-a561-3e45335c6b18/1771200000.0_mean_300.0_v3" "txc9ea08b0d36f46afb245f-00699767ea" "object-server 24" 0.0011 "-" 18 0
Feb 19 19:43:38 standalone object-server[127252]: 172.20.0.100 - - [19/Feb/2026:19:43:38 +0000] "PUT /d1/99/AUTH_d2ec34d46b3b47c1aaecc938c7c0edf5/gnocchi.10ab0ed5-cf4f-4ed1-a561-3e45335c6b18/1771200000.0_mean_300.0_v3" 201 - "PUT http://172.18.0.2:8080/v1/AUTH_d2ec34d46b3b47c1aaecc938c7c0edf5/gnocchi.10ab0ed5-cf4f-4ed1-a561-3e45335c6b18/1771200000.0_mean_300.0_v3" "txc9ea08b0d36f46afb245f-00699767ea" "proxy-server 12" 0.0361 "-" 24 0
Feb 19 19:43:38 standalone proxy-server[129077]: 172.18.0.2 172.18.0.100 19/Feb/2026/19/43/38 PUT /v1/AUTH_d2ec34d46b3b47c1aaecc938c7c0edf5/gnocchi.10ab0ed5-cf4f-4ed1-a561-3e45335c6b18/1771200000.0_mean_300.0_v3 HTTP/1.0 201 - python-swiftclient-3.11.1 gAAAAABpl2fpU86I... 16 - - txc9ea08b0d36f46afb245f-00699767ea - 0.0449 - - 1771530218.248594999 1771530218.293451309 0
Feb 19 19:43:38 standalone container-server[126938]: 172.20.0.100 - - [19/Feb/2026:19:43:38 +0000] "PUT /d1/484/AUTH_d2ec34d46b3b47c1aaecc938c7c0edf5/gnocchi.10ab0ed5-cf4f-4ed1-a561-3e45335c6b18/none_v3" 201 - "PUT http://172.18.0.2:8080/d1/955/AUTH_d2ec34d46b3b47c1aaecc938c7c0edf5/gnocchi.10ab0ed5-cf4f-4ed1-a561-3e45335c6b18/none_v3" "txdd0b5543da1a4283883f5-00699767ea" "object-server 22" 0.0014 "-" 18 0
Feb 19 19:43:38 standalone object-server[127250]: 172.20.0.100 - - [19/Feb/2026:19:43:38 +0000] "PUT /d1/955/AUTH_d2ec34d46b3b47c1aaecc938c7c0edf5/gnocchi.10ab0ed5-cf4f-4ed1-a561-3e45335c6b18/none_v3" 201 - "PUT http://172.18.0.2:8080/v1/AUTH_d2ec34d46b3b47c1aaecc938c7c0edf5/gnocchi.10ab0ed5-cf4f-4ed1-a561-3e45335c6b18/none_v3" "txdd0b5543da1a4283883f5-00699767ea" "proxy-server 12" 0.0417 "-" 22 0
Feb 19 19:43:38 standalone proxy-server[129077]: 172.18.0.2 172.18.0.100 19/Feb/2026/19/43/38 PUT /v1/AUTH_d2ec34d46b3b47c1aaecc938c7c0edf5/gnocchi.10ab0ed5-cf4f-4ed1-a561-3e45335c6b18/none_v3 HTTP/1.0 201 - python-swiftclient-3.11.1 gAAAAABpl2fpU86I... 22 - - txdd0b5543da1a4283883f5-00699767ea - 0.0507 - - 1771530218.298429966 1771530218.349143744 0
Feb 19 19:43:57 standalone account-server[126945]: 172.20.0.100 - - [19/Feb/2026:19:43:57 +0000] "HEAD /d1/480/.expiring_objects" 404 - "HEAD http://localhost/v1/.expiring_objects?format=json" "txe0e37cbe2cec4975b04da-00699767fd" "proxy-server 2" 0.0006 "-" 20 -
Feb 19 19:43:57 standalone object-expirer[126802]: Pass completed in 0s; 0 objects expired (txn: txe0e37cbe2cec4975b04da-00699767fd)
Feb 19 19:44:07 standalone object-server[127250]: 172.20.0.100 - - [19/Feb/2026:19:44:07 +0000] "GET /d1/955/AUTH_d2ec34d46b3b47c1aaecc938c7c0edf5/gnocchi.10ab0ed5-cf4f-4ed1-a561-3e45335c6b18/none_v3" 200 22 "GET http://172.18.0.2:8080/v1/AUTH_d2ec34d46b3b47c1aaecc938c7c0edf5/gnocchi.10ab0ed5-cf4f-4ed1-a561-3e45335c6b18/none_v3" "tx38ac0e85b61d4240a546b-0069976807" "proxy-server 12" 0.0014 "-" 22 0
Feb 19 19:44:07 standalone proxy-server[129077]: 172.18.0.2 172.18.0.100 19/Feb/2026/19/44/07 GET /v1/AUTH_d2ec34d46b3b47c1aaecc938c7c0edf5/gnocchi.10ab0ed5-cf4f-4ed1-a561-3e45335c6b18/none_v3 HTTP/1.0 200 - python-swiftclient-3.11.1 gAAAAABpl2fpU86I... - 22 - tx38ac0e85b61d4240a546b-0069976807 - 0.0085 - - 1771530247.365163326 1771530247.373699427 0
Feb 19 19:44:07 standalone container-server[126938]: 172.20.0.100 - - [19/Feb/2026:19:44:07 +0000] "GET /d1/484/AUTH_d2ec34d46b3b47c1aaecc938c7c0edf5/gnocchi.10ab0ed5-cf4f-4ed1-a561-3e45335c6b18" 200 357 "GET http://172.18.0.2:8080/v1/AUTH_d2ec34d46b3b47c1aaecc938c7c0edf5/gnocchi.10ab0ed5-cf4f-4ed1-a561-3e45335c6b18?format=json&states=listing" "txae013727d5e44d4eb2f3e-0069976807" "proxy-server 12" 0.0181 "-" 18 0
Feb 19 19:44:07 standalone proxy-server[129077]: 172.18.0.2 172.18.0.100 19/Feb/2026/19/44/07 GET /v1/AUTH_d2ec34d46b3b47c1aaecc938c7c0edf5/gnocchi.10ab0ed5-cf4f-4ed1-a561-3e45335c6b18%3Fformat%3Djson%26states%3Dlisting HTTP/1.0 200 - python-swiftclient-3.11.1 gAAAAABpl2fpU86I... - 357 - txae013727d5e44d4eb2f3e-0069976807 - 0.0239 - - 1771530247.377573013 1771530247.401473999 0
Feb 19 19:44:07 standalone container-server[126936]: 172.20.0.100 - - [19/Feb/2026:19:44:07 +0000] "GET /d1/484/AUTH_d2ec34d46b3b47c1aaecc938c7c0edf5/gnocchi.10ab0ed5-cf4f-4ed1-a561-3e45335c6b18" 200 2 "GET http://172.18.0.2:8080/v1/AUTH_d2ec34d46b3b47c1aaecc938c7c0edf5/gnocchi.10ab0ed5-cf4f-4ed1-a561-3e45335c6b18?format=json&marker=none_v3&states=listing" "tx8124c7cff31c460e941ea-0069976807" "proxy-server 12" 0.0027 "-" 17 0
Feb 19 19:44:07 standalone proxy-server[129077]: 172.18.0.2 172.18.0.100 19/Feb/2026/19/44/07 GET /v1/AUTH_d2ec34d46b3b47c1aaecc938c7c0edf5/gnocchi.10ab0ed5-cf4f-4ed1-a561-3e45335c6b18%3Fformat%3Djson%26marker%3Dnone_v3%26states%3Dlisting HTTP/1.0 200 - python-swiftclient-3.11.1 gAAAAABpl2fpU86I... - 2 - tx8124c7cff31c460e941ea-0069976807 - 0.0112 - - 1771530247.404052019 1771530247.415289164 0
Feb 19 19:44:07 standalone object-server[127250]: 172.20.0.100 - - [19/Feb/2026:19:44:07 +0000] "GET /d1/99/AUTH_d2ec34d46b3b47c1aaecc938c7c0edf5/gnocchi.10ab0ed5-cf4f-4ed1-a561-3e45335c6b18/1771200000.0_mean_300.0_v3" 200 16 "GET http://172.18.0.2:8080/v1/AUTH_d2ec34d46b3b47c1aaecc938c7c0edf5/gnocchi.10ab0ed5-cf4f-4ed1-a561-3e45335c6b18/1771200000.0_mean_300.0_v3" "txc4016fc6fc294c99849a3-0069976807" "proxy-server 12" 0.0009 "-" 22 0
Feb 19 19:44:07 standalone proxy-server[129077]: 172.18.0.2 172.18.0.100 19/Feb/2026/19/44/07 GET /v1/AUTH_d2ec34d46b3b47c1aaecc938c7c0edf5/gnocchi.10ab0ed5-cf4f-4ed1-a561-3e45335c6b18/1771200000.0_mean_300.0_v3 HTTP/1.0 200 - python-swiftclient-3.11.1 gAAAAABpl2fpU86I... - 16 - txc4016fc6fc294c99849a3-0069976807 - 0.0092 - - 1771530247.420988083 1771530247.430233002 0
Feb 19 19:44:07 standalone container-server[126946]: 172.20.0.100 - - [19/Feb/2026:19:44:07 +0000] "PUT /d1/484/AUTH_d2ec34d46b3b47c1aaecc938c7c0edf5/gnocchi.10ab0ed5-cf4f-4ed1-a561-3e45335c6b18/1771200000.0_mean_300.0_v3" 201 - "PUT http://172.18.0.2:8080/d1/99/AUTH_d2ec34d46b3b47c1aaecc938c7c0edf5/gnocchi.10ab0ed5-cf4f-4ed1-a561-3e45335c6b18/1771200000.0_mean_300.0_v3" "tx9f168403e81a461492f8d-0069976807" "object-server 23" 0.0006 "-" 19 0
Feb 19 19:44:07 standalone object-server[127251]: 172.20.0.100 - - [19/Feb/2026:19:44:07 +0000] "PUT /d1/99/AUTH_d2ec34d46b3b47c1aaecc938c7c0edf5/gnocchi.10ab0ed5-cf4f-4ed1-a561-3e45335c6b18/1771200000.0_mean_300.0_v3" 201 - "PUT http://172.18.0.2:8080/v1/AUTH_d2ec34d46b3b47c1aaecc938c7c0edf5/gnocchi.10ab0ed5-cf4f-4ed1-a561-3e45335c6b18/1771200000.0_mean_300.0_v3" "tx9f168403e81a461492f8d-0069976807" "proxy-server 12" 0.0288 "-" 23 0
Feb 19 19:44:07 standalone proxy-server[129077]: 172.18.0.2 172.18.0.100 19/Feb/2026/19/44/07 PUT /v1/AUTH_d2ec34d46b3b47c1aaecc938c7c0edf5/gnocchi.10ab0ed5-cf4f-4ed1-a561-3e45335c6b18/1771200000.0_mean_300.0_v3 HTTP/1.0 201 - python-swiftclient-3.11.1 gAAAAABpl2fpU86I... 16 - - tx9f168403e81a461492f8d-0069976807 - 0.0335 - - 1771530247.434138775 1771530247.467592955 0
Feb 19 19:44:07 standalone container-server[126951]: 172.20.0.100 - - [19/Feb/2026:19:44:07 +0000] "PUT /d1/484/AUTH_d2ec34d46b3b47c1aaecc938c7c0edf5/gnocchi.10ab0ed5-cf4f-4ed1-a561-3e45335c6b18/none_v3" 201 - "PUT http://172.18.0.2:8080/d1/955/AUTH_d2ec34d46b3b47c1aaecc938c7c0edf5/gnocchi.10ab0ed5-cf4f-4ed1-a561-3e45335c6b18/none_v3" "tx16db44c8b2dd474487ebc-0069976807" "object-server 22" 0.0007 "-" 20 0
Feb 19 19:44:07 standalone object-server[127250]: 172.20.0.100 - - [19/Feb/2026:19:44:07 +0000] "PUT /d1/955/AUTH_d2ec34d46b3b47c1aaecc938c7c0edf5/gnocchi.10ab0ed5-cf4f-4ed1-a561-3e45335c6b18/none_v3" 201 - "PUT http://172.18.0.2:8080/v1/AUTH_d2ec34d46b3b47c1aaecc938c7c0edf5/gnocchi.10ab0ed5-cf4f-4ed1-a561-3e45335c6b18/none_v3" "tx16db44c8b2dd474487ebc-0069976807" "proxy-server 12" 0.0158 "-" 22 0
Feb 19 19:44:07 standalone proxy-server[129077]: 172.18.0.2 172.18.0.100 19/Feb/2026/19/44/07 PUT /v1/AUTH_d2ec34d46b3b47c1aaecc938c7c0edf5/gnocchi.10ab0ed5-cf4f-4ed1-a561-3e45335c6b18/none_v3 HTTP/1.0 201 - python-swiftclient-3.11.1 gAAAAABpl2fpU86I... 32 - - tx16db44c8b2dd474487ebc-0069976807 - 0.0214 - - 1771530247.470397472 1771530247.491772652 0
Feb 19 19:44:37 standalone container-server[126946]: 172.20.0.100 - - [19/Feb/2026:19:44:37 +0000] "HEAD /d1/692/AUTH_d2ec34d46b3b47c1aaecc938c7c0edf5/gnocchi.0ccb7462-be7b-493e-8c3a-444be404c6aa" 404 - "HEAD http://172.18.0.2:8080/v1/AUTH_d2ec34d46b3b47c1aaecc938c7c0edf5/gnocchi.0ccb7462-be7b-493e-8c3a-444be404c6aa?format=json&states=listing" "tx357e48e0d89c4ac4af22a-0069976825" "proxy-server 12" 0.0007 "-" 19 0
Feb 19 19:44:37 standalone object-server[127251]: 172.20.0.100 - - [19/Feb/2026:19:44:37 +0000] "GET /d1/764/AUTH_d2ec34d46b3b47c1aaecc938c7c0edf5/gnocchi.0ccb7462-be7b-493e-8c3a-444be404c6aa/none_v3" 404 70 "GET http://172.18.0.2:8080/v1/AUTH_d2ec34d46b3b47c1aaecc938c7c0edf5/gnocchi.0ccb7462-be7b-493e-8c3a-444be404c6aa/none_v3" "tx357e48e0d89c4ac4af22a-0069976825" "proxy-server 12" 0.0005 "-" 23 0
Feb 19 19:44:37 standalone proxy-server[129077]: 172.18.0.2 172.18.0.100 19/Feb/2026/19/44/37 GET /v1/AUTH_d2ec34d46b3b47c1aaecc938c7c0edf5/gnocchi.0ccb7462-be7b-493e-8c3a-444be404c6aa/none_v3 HTTP/1.0 404 - python-swiftclient-3.11.1 gAAAAABpl2fpU86I... - 70 - tx357e48e0d89c4ac4af22a-0069976825 - 0.0148 - - 1771530277.069848776 1771530277.084679127 0
Feb 19 19:44:37 standalone account-server[126945]: 172.20.0.100 - - [19/Feb/2026:19:44:37 +0000] "PUT /d1/673/AUTH_d2ec34d46b3b47c1aaecc938c7c0edf5/gnocchi.0ccb7462-be7b-493e-8c3a-444be404c6aa" 201 - "PUT http://172.20.0.100:6001/d1/692/AUTH_d2ec34d46b3b47c1aaecc938c7c0edf5/gnocchi.0ccb7462-be7b-493e-8c3a-444be404c6aa" "tx380b06249e7346b19508a-0069976825" "container-server 17" 0.0080 "-" 20 0
Feb 19 19:44:37 standalone container-server[126936]: 172.20.0.100 - - [19/Feb/2026:19:44:37 +0000] "PUT /d1/692/AUTH_d2ec34d46b3b47c1aaecc938c7c0edf5/gnocchi.0ccb7462-be7b-493e-8c3a-444be404c6aa" 201 - "PUT http://172.18.0.2:8080/v1/AUTH_d2ec34d46b3b47c1aaecc938c7c0edf5/gnocchi.0ccb7462-be7b-493e-8c3a-444be404c6aa" "tx380b06249e7346b19508a-0069976825" "proxy-server 12" 0.0165 "-" 17 0
Feb 19 19:44:37 standalone proxy-server[129077]: 172.18.0.2 172.18.0.100 19/Feb/2026/19/44/37 PUT /v1/AUTH_d2ec34d46b3b47c1aaecc938c7c0edf5/gnocchi.0ccb7462-be7b-493e-8c3a-444be404c6aa HTTP/1.0 201 - python-swiftclient-3.11.1 gAAAAABpl2fpU86I... - - - tx380b06249e7346b19508a-0069976825 - 0.0213 - - 1771530277.088850260 1771530277.110149384 0
Feb 19 19:44:37 standalone container-server[126938]: 172.20.0.100 - - [19/Feb/2026:19:44:37 +0000] "HEAD /d1/692/AUTH_d2ec34d46b3b47c1aaecc938c7c0edf5/gnocchi.0ccb7462-be7b-493e-8c3a-444be404c6aa" 204 - "HEAD http://172.18.0.2:8080/v1/AUTH_d2ec34d46b3b47c1aaecc938c7c0edf5/gnocchi.0ccb7462-be7b-493e-8c3a-444be404c6aa?format=json&states=listing" "tx9108f87d41614b51a6098-0069976825" "proxy-server 12" 0.0012 "-" 18 0
Feb 19 19:44:37 standalone proxy-server[129077]: - - 19/Feb/2026/19/44/37 HEAD /v1/AUTH_d2ec34d46b3b47c1aaecc938c7c0edf5/gnocchi.0ccb7462-be7b-493e-8c3a-444be404c6aa%3Fformat%3Djson%26states%3Dlisting HTTP/1.0 204 - Swift - - - - tx9108f87d41614b51a6098-0069976825 - 0.0044 RL - 1771530277.114800692 1771530277.119178534 0
Feb 19 19:44:37 standalone container-server[126938]: 172.20.0.100 - - [19/Feb/2026:19:44:37 +0000] "GET /d1/692/AUTH_d2ec34d46b3b47c1aaecc938c7c0edf5/gnocchi.0ccb7462-be7b-493e-8c3a-444be404c6aa" 200 2 "GET http://172.18.0.2:8080/v1/AUTH_d2ec34d46b3b47c1aaecc938c7c0edf5/gnocchi.0ccb7462-be7b-493e-8c3a-444be404c6aa?format=json&states=listing" "tx9108f87d41614b51a6098-0069976825" "proxy-server 12" 0.0014 "-" 18 0
Feb 19 19:44:37 standalone proxy-server[129077]: 172.18.0.2 172.18.0.100 19/Feb/2026/19/44/37 GET /v1/AUTH_d2ec34d46b3b47c1aaecc938c7c0edf5/gnocchi.0ccb7462-be7b-493e-8c3a-444be404c6aa%3Fformat%3Djson%26states%3Dlisting HTTP/1.0 200 - python-swiftclient-3.11.1 gAAAAABpl2fpU86I... - 2 - tx9108f87d41614b51a6098-0069976825 - 0.0120 - - 1771530277.113652468 1771530277.125653744 0
Feb 19 19:44:37 standalone object-server[127250]: 172.20.0.100 - - [19/Feb/2026:19:44:37 +0000] "GET /d1/359/AUTH_d2ec34d46b3b47c1aaecc938c7c0edf5/gnocchi.0ccb7462-be7b-493e-8c3a-444be404c6aa/1771200000.0_mean_300.0_v3" 404 70 "GET http://172.18.0.2:8080/v1/AUTH_d2ec34d46b3b47c1aaecc938c7c0edf5/gnocchi.0ccb7462-be7b-493e-8c3a-444be404c6aa/1771200000.0_mean_300.0_v3" "tx063948d42964445ab5e82-0069976825" "proxy-server 12" 0.0005 "-" 22 0
Feb 19 19:44:37 standalone proxy-server[129077]: 172.18.0.2 172.18.0.100 19/Feb/2026/19/44/37 GET /v1/AUTH_d2ec34d46b3b47c1aaecc938c7c0edf5/gnocchi.0ccb7462-be7b-493e-8c3a-444be404c6aa/1771200000.0_mean_300.0_v3 HTTP/1.0 404 - python-swiftclient-3.11.1 gAAAAABpl2fpU86I... - 70 - tx063948d42964445ab5e82-0069976825 - 0.0061 - - 1771530277.129124880 1771530277.135223389 0
Feb 19 19:44:37 standalone container-server[126938]: 172.20.0.100 - - [19/Feb/2026:19:44:37 +0000] "PUT /d1/692/AUTH_d2ec34d46b3b47c1aaecc938c7c0edf5/gnocchi.0ccb7462-be7b-493e-8c3a-444be404c6aa/1771200000.0_mean_300.0_v3" 201 - "PUT http://172.18.0.2:8080/d1/359/AUTH_d2ec34d46b3b47c1aaecc938c7c0edf5/gnocchi.0ccb7462-be7b-493e-8c3a-444be404c6aa/1771200000.0_mean_300.0_v3" "tx6a31f3800a7e44b88f163-0069976825" "object-server 22" 0.0009 "-" 18 0
Feb 19 19:44:37 standalone object-server[127250]: 172.20.0.100 - - [19/Feb/2026:19:44:37 +0000] "PUT /d1/359/AUTH_d2ec34d46b3b47c1aaecc938c7c0edf5/gnocchi.0ccb7462-be7b-493e-8c3a-444be404c6aa/1771200000.0_mean_300.0_v3" 201 - "PUT http://172.18.0.2:8080/v1/AUTH_d2ec34d46b3b47c1aaecc938c7c0edf5/gnocchi.0ccb7462-be7b-493e-8c3a-444be404c6aa/1771200000.0_mean_300.0_v3" "tx6a31f3800a7e44b88f163-0069976825" "proxy-server 12" 0.0101 "-" 22 0
Feb 19 19:44:37 standalone proxy-server[129077]: 172.18.0.2 172.18.0.100 19/Feb/2026/19/44/37 PUT /v1/AUTH_d2ec34d46b3b47c1aaecc938c7c0edf5/gnocchi.0ccb7462-be7b-493e-8c3a-444be404c6aa/1771200000.0_mean_300.0_v3 HTTP/1.0 201 - python-swiftclient-3.11.1 gAAAAABpl2fpU86I... 16 - - tx6a31f3800a7e44b88f163-0069976825 - 0.0162 - - 1771530277.138049126 1771530277.154218197 0
Feb 19 19:44:37 standalone container-server[126951]: 172.20.0.100 - - [19/Feb/2026:19:44:37 +0000] "PUT /d1/692/AUTH_d2ec34d46b3b47c1aaecc938c7c0edf5/gnocchi.0ccb7462-be7b-493e-8c3a-444be404c6aa/none_v3" 201 - "PUT http://172.18.0.2:8080/d1/764/AUTH_d2ec34d46b3b47c1aaecc938c7c0edf5/gnocchi.0ccb7462-be7b-493e-8c3a-444be404c6aa/none_v3" "tx7b5825a523ab4a84b0027-0069976825" "object-server 25" 0.0006 "-" 20 0
Feb 19 19:44:37 standalone object-server[127253]: 172.20.0.100 - - [19/Feb/2026:19:44:37 +0000] "PUT /d1/764/AUTH_d2ec34d46b3b47c1aaecc938c7c0edf5/gnocchi.0ccb7462-be7b-493e-8c3a-444be404c6aa/none_v3" 201 - "PUT http://172.18.0.2:8080/v1/AUTH_d2ec34d46b3b47c1aaecc938c7c0edf5/gnocchi.0ccb7462-be7b-493e-8c3a-444be404c6aa/none_v3" "tx7b5825a523ab4a84b0027-0069976825" "proxy-server 12" 0.0322 "-" 25 0
Feb 19 19:44:37 standalone proxy-server[129077]: 172.18.0.2 172.18.0.100 19/Feb/2026/19/44/37 PUT /v1/AUTH_d2ec34d46b3b47c1aaecc938c7c0edf5/gnocchi.0ccb7462-be7b-493e-8c3a-444be404c6aa/none_v3 HTTP/1.0 201 - python-swiftclient-3.11.1 gAAAAABpl2fpU86I... 22 - - tx7b5825a523ab4a84b0027-0069976825 - 0.0388 - - 1771530277.157782078 1771530277.196587563 0
Feb 19 19:44:37 standalone container-server[126951]: 172.20.0.100 - - [19/Feb/2026:19:44:37 +0000] "HEAD /d1/976/AUTH_d2ec34d46b3b47c1aaecc938c7c0edf5/gnocchi.fd0f65d8-1b89-40dd-8ec4-a8c50e81dd7c" 404 - "HEAD http://172.18.0.2:8080/v1/AUTH_d2ec34d46b3b47c1aaecc938c7c0edf5/gnocchi.fd0f65d8-1b89-40dd-8ec4-a8c50e81dd7c?format=json&states=listing" "tx1459ba8fccb24185bd899-0069976825" "proxy-server 12" 0.0004 "-" 20 0
Feb 19 19:44:37 standalone object-server[127250]: 172.20.0.100 - - [19/Feb/2026:19:44:37 +0000] "GET /d1/760/AUTH_d2ec34d46b3b47c1aaecc938c7c0edf5/gnocchi.fd0f65d8-1b89-40dd-8ec4-a8c50e81dd7c/none_v3" 404 70 "GET http://172.18.0.2:8080/v1/AUTH_d2ec34d46b3b47c1aaecc938c7c0edf5/gnocchi.fd0f65d8-1b89-40dd-8ec4-a8c50e81dd7c/none_v3" "tx1459ba8fccb24185bd899-0069976825" "proxy-server 12" 0.0006 "-" 22 0
Feb 19 19:44:37 standalone proxy-server[129077]: 172.18.0.2 172.18.0.100 19/Feb/2026/19/44/37 GET /v1/AUTH_d2ec34d46b3b47c1aaecc938c7c0edf5/gnocchi.fd0f65d8-1b89-40dd-8ec4-a8c50e81dd7c/none_v3 HTTP/1.0 404 - python-swiftclient-3.11.1 gAAAAABpl2fpU86I... - 70 - tx1459ba8fccb24185bd899-0069976825 - 0.0141 - - 1771530277.207991600 1771530277.222063065 0
Feb 19 19:44:37 standalone account-server[126945]: 172.20.0.100 - - [19/Feb/2026:19:44:37 +0000] "PUT /d1/673/AUTH_d2ec34d46b3b47c1aaecc938c7c0edf5/gnocchi.fd0f65d8-1b89-40dd-8ec4-a8c50e81dd7c" 201 - "PUT http://172.20.0.100:6001/d1/976/AUTH_d2ec34d46b3b47c1aaecc938c7c0edf5/gnocchi.fd0f65d8-1b89-40dd-8ec4-a8c50e81dd7c" "tx85a393badfbc46f5acdc3-0069976825" "container-server 19" 0.0135 "-" 20 0
Feb 19 19:44:37 standalone container-server[126946]: 172.20.0.100 - - [19/Feb/2026:19:44:37 +0000] "PUT /d1/976/AUTH_d2ec34d46b3b47c1aaecc938c7c0edf5/gnocchi.fd0f65d8-1b89-40dd-8ec4-a8c50e81dd7c" 201 - "PUT http://172.18.0.2:8080/v1/AUTH_d2ec34d46b3b47c1aaecc938c7c0edf5/gnocchi.fd0f65d8-1b89-40dd-8ec4-a8c50e81dd7c" "tx85a393badfbc46f5acdc3-0069976825" "proxy-server 12" 0.0380 "-" 19 0
Feb 19 19:44:37 standalone proxy-server[129077]: 172.18.0.2 172.18.0.100 19/Feb/2026/19/44/37 PUT /v1/AUTH_d2ec34d46b3b47c1aaecc938c7c0edf5/gnocchi.fd0f65d8-1b89-40dd-8ec4-a8c50e81dd7c HTTP/1.0 201 - python-swiftclient-3.11.1 gAAAAABpl2fpU86I... - - - tx85a393badfbc46f5acdc3-0069976825 - 0.0439 - - 1771530277.224954367 1771530277.268853426 0
Feb 19 19:44:37 standalone container-server[126938]: 172.20.0.100 - - [19/Feb/2026:19:44:37 +0000] "HEAD /d1/976/AUTH_d2ec34d46b3b47c1aaecc938c7c0edf5/gnocchi.fd0f65d8-1b89-40dd-8ec4-a8c50e81dd7c" 204 - "HEAD http://172.18.0.2:8080/v1/AUTH_d2ec34d46b3b47c1aaecc938c7c0edf5/gnocchi.fd0f65d8-1b89-40dd-8ec4-a8c50e81dd7c?format=json&states=listing" "txbe94ae400f5e46edaf06b-0069976825" "proxy-server 12" 0.0026 "-" 18 0
Feb 19 19:44:37 standalone proxy-server[129077]: - - 19/Feb/2026/19/44/37 HEAD /v1/AUTH_d2ec34d46b3b47c1aaecc938c7c0edf5/gnocchi.fd0f65d8-1b89-40dd-8ec4-a8c50e81dd7c%3Fformat%3Djson%26states%3Dlisting HTTP/1.0 204 - Swift - - - - txbe94ae400f5e46edaf06b-0069976825 - 0.0059 RL - 1771530277.274127245 1771530277.279978991 0
Feb 19 19:44:37 standalone container-server[126951]: 172.20.0.100 - - [19/Feb/2026:19:44:37 +0000] "GET /d1/976/AUTH_d2ec34d46b3b47c1aaecc938c7c0edf5/gnocchi.fd0f65d8-1b89-40dd-8ec4-a8c50e81dd7c" 200 2 "GET http://172.18.0.2:8080/v1/AUTH_d2ec34d46b3b47c1aaecc938c7c0edf5/gnocchi.fd0f65d8-1b89-40dd-8ec4-a8c50e81dd7c?format=json&states=listing" "txbe94ae400f5e46edaf06b-0069976825" "proxy-server 12" 0.0027 "-" 20 0
Feb 19 19:44:37 standalone proxy-server[129077]: 172.18.0.2 172.18.0.100 19/Feb/2026/19/44/37 GET /v1/AUTH_d2ec34d46b3b47c1aaecc938c7c0edf5/gnocchi.fd0f65d8-1b89-40dd-8ec4-a8c50e81dd7c%3Fformat%3Djson%26states%3Dlisting HTTP/1.0 200 - python-swiftclient-3.11.1 gAAAAABpl2fpU86I... - 2 - txbe94ae400f5e46edaf06b-0069976825 - 0.0148 - - 1771530277.273138285 1771530277.287932634 0
Feb 19 19:44:37 standalone object-server[127250]: 172.20.0.100 - - [19/Feb/2026:19:44:37 +0000] "GET /d1/88/AUTH_d2ec34d46b3b47c1aaecc938c7c0edf5/gnocchi.fd0f65d8-1b89-40dd-8ec4-a8c50e81dd7c/1771200000.0_mean_300.0_v3" 404 70 "GET http://172.18.0.2:8080/v1/AUTH_d2ec34d46b3b47c1aaecc938c7c0edf5/gnocchi.fd0f65d8-1b89-40dd-8ec4-a8c50e81dd7c/1771200000.0_mean_300.0_v3" "tx12ebbb61d1234349822e8-0069976825" "proxy-server 12" 0.0005 "-" 22 0
Feb 19 19:44:37 standalone proxy-server[129077]: 172.18.0.2 172.18.0.100 19/Feb/2026/19/44/37 GET /v1/AUTH_d2ec34d46b3b47c1aaecc938c7c0edf5/gnocchi.fd0f65d8-1b89-40dd-8ec4-a8c50e81dd7c/1771200000.0_mean_300.0_v3 HTTP/1.0 404 - python-swiftclient-3.11.1 gAAAAABpl2fpU86I... - 70 - tx12ebbb61d1234349822e8-0069976825 - 0.0050 - - 1771530277.291790247 1771530277.296785593 0
Feb 19 19:44:37 standalone container-server[126938]: 172.20.0.100 - - [19/Feb/2026:19:44:37 +0000] "PUT /d1/976/AUTH_d2ec34d46b3b47c1aaecc938c7c0edf5/gnocchi.fd0f65d8-1b89-40dd-8ec4-a8c50e81dd7c/1771200000.0_mean_300.0_v3" 201 - "PUT http://172.18.0.2:8080/d1/88/AUTH_d2ec34d46b3b47c1aaecc938c7c0edf5/gnocchi.fd0f65d8-1b89-40dd-8ec4-a8c50e81dd7c/1771200000.0_mean_300.0_v3" "txf448798e5611405dbc6f4-0069976825" "object-server 23" 0.0009 "-" 18 0
Feb 19 19:44:37 standalone object-server[127251]: 172.20.0.100 - - [19/Feb/2026:19:44:37 +0000] "PUT /d1/88/AUTH_d2ec34d46b3b47c1aaecc938c7c0edf5/gnocchi.fd0f65d8-1b89-40dd-8ec4-a8c50e81dd7c/1771200000.0_mean_300.0_v3" 201 - "PUT http://172.18.0.2:8080/v1/AUTH_d2ec34d46b3b47c1aaecc938c7c0edf5/gnocchi.fd0f65d8-1b89-40dd-8ec4-a8c50e81dd7c/1771200000.0_mean_300.0_v3" "txf448798e5611405dbc6f4-0069976825" "proxy-server 12" 0.0225 "-" 23 0
Feb 19 19:44:37 standalone proxy-server[129077]: 172.18.0.2 172.18.0.100 19/Feb/2026/19/44/37 PUT /v1/AUTH_d2ec34d46b3b47c1aaecc938c7c0edf5/gnocchi.fd0f65d8-1b89-40dd-8ec4-a8c50e81dd7c/1771200000.0_mean_300.0_v3 HTTP/1.0 201 - python-swiftclient-3.11.1 gAAAAABpl2fpU86I... 16 - - txf448798e5611405dbc6f4-0069976825 - 0.0304 - - 1771530277.299707413 1771530277.330125809 0
Feb 19 19:44:37 standalone container-server[126951]: 172.20.0.100 - - [19/Feb/2026:19:44:37 +0000] "PUT /d1/976/AUTH_d2ec34d46b3b47c1aaecc938c7c0edf5/gnocchi.fd0f65d8-1b89-40dd-8ec4-a8c50e81dd7c/none_v3" 201 - "PUT http://172.18.0.2:8080/d1/760/AUTH_d2ec34d46b3b47c1aaecc938c7c0edf5/gnocchi.fd0f65d8-1b89-40dd-8ec4-a8c50e81dd7c/none_v3" "txcb2e73bcbe9b42318799b-0069976825" "object-server 22" 0.0008 "-" 20 0
Feb 19 19:44:37 standalone object-server[127250]: 172.20.0.100 - - [19/Feb/2026:19:44:37 +0000] "PUT /d1/760/AUTH_d2ec34d46b3b47c1aaecc938c7c0edf5/gnocchi.fd0f65d8-1b89-40dd-8ec4-a8c50e81dd7c/none_v3" 201 - "PUT http://172.18.0.2:8080/v1/AUTH_d2ec34d46b3b47c1aaecc938c7c0edf5/gnocchi.fd0f65d8-1b89-40dd-8ec4-a8c50e81dd7c/none_v3" "txcb2e73bcbe9b42318799b-0069976825" "proxy-server 12" 0.0173 "-" 22 0
Feb 19 19:44:37 standalone proxy-server[129077]: 172.18.0.2 172.18.0.100 19/Feb/2026/19/44/37 PUT /v1/AUTH_d2ec34d46b3b47c1aaecc938c7c0edf5/gnocchi.fd0f65d8-1b89-40dd-8ec4-a8c50e81dd7c/none_v3 HTTP/1.0 201 - python-swiftclient-3.11.1 gAAAAABpl2fpU86I... 22 - - txcb2e73bcbe9b42318799b-0069976825 - 0.0247 - - 1771530277.335548639 1771530277.360234261 0
Feb 19 19:44:42 standalone container-server[126734]: Begin container update sweep
Feb 19 19:44:42 standalone account-server[126956]: 172.20.0.100 - - [19/Feb/2026:19:44:42 +0000] "PUT /d1/673/AUTH_d2ec34d46b3b47c1aaecc938c7c0edf5/gnocchi.fd0f65d8-1b89-40dd-8ec4-a8c50e81dd7c" 201 - "-" "-" "container-updater 2" 0.0011 "-" 21 0
Feb 19 19:44:42 standalone account-server[126961]: 172.20.0.100 - - [19/Feb/2026:19:44:42 +0000] "PUT /d1/673/AUTH_d2ec34d46b3b47c1aaecc938c7c0edf5/gnocchi.0ccb7462-be7b-493e-8c3a-444be404c6aa" 201 - "-" "-" "container-updater 2" 0.0013 "-" 22 0
Feb 19 19:44:42 standalone account-server[126956]: 172.20.0.100 - - [19/Feb/2026:19:44:42 +0000] "PUT /d1/673/AUTH_d2ec34d46b3b47c1aaecc938c7c0edf5/gnocchi.10ab0ed5-cf4f-4ed1-a561-3e45335c6b18" 201 - "-" "-" "container-updater 2" 0.0007 "-" 21 0
Feb 19 19:44:42 standalone container-server[126734]: Container update sweep completed: 0.27s
Feb 19 19:44:45 standalone account-server[126945]: 172.20.0.100 - - [19/Feb/2026:19:44:45 +0000] "HEAD /d1/673/AUTH_d2ec34d46b3b47c1aaecc938c7c0edf5" 204 - "HEAD http://172.18.0.2:8080/v1/AUTH_d2ec34d46b3b47c1aaecc938c7c0edf5?format=json" "tx780647da02ac40648744e-006997682d" "proxy-server 12" 0.0059 "-" 20 -
Feb 19 19:44:45 standalone proxy-server[129077]: - - 19/Feb/2026/19/44/45 HEAD /v1/AUTH_d2ec34d46b3b47c1aaecc938c7c0edf5%3Fformat%3Djson HTTP/1.0 204 - Swift - - - - tx780647da02ac40648744e-006997682d - 0.0093 RL - 1771530285.385397673 1771530285.394654751 -
Feb 19 19:44:45 standalone container-server[126938]: 172.20.0.100 - - [19/Feb/2026:19:44:45 +0000] "HEAD /d1/879/AUTH_d2ec34d46b3b47c1aaecc938c7c0edf5/gnocchi.67401d7d-cf50-40b4-bc0b-f31f5c972c8b" 404 - "HEAD http://172.18.0.2:8080/v1/AUTH_d2ec34d46b3b47c1aaecc938c7c0edf5/gnocchi.67401d7d-cf50-40b4-bc0b-f31f5c972c8b?format=json&states=listing" "tx780647da02ac40648744e-006997682d" "proxy-server 12" 0.0018 "-" 18 0
Feb 19 19:44:45 standalone object-server[127250]: 172.20.0.100 - - [19/Feb/2026:19:44:45 +0000] "GET /d1/14/AUTH_d2ec34d46b3b47c1aaecc938c7c0edf5/gnocchi.67401d7d-cf50-40b4-bc0b-f31f5c972c8b/none_v3" 404 70 "GET http://172.18.0.2:8080/v1/AUTH_d2ec34d46b3b47c1aaecc938c7c0edf5/gnocchi.67401d7d-cf50-40b4-bc0b-f31f5c972c8b/none_v3" "tx780647da02ac40648744e-006997682d" "proxy-server 12" 0.0007 "-" 22 0
Feb 19 19:44:45 standalone proxy-server[129077]: 172.18.0.2 172.18.0.100 19/Feb/2026/19/44/45 GET /v1/AUTH_d2ec34d46b3b47c1aaecc938c7c0edf5/gnocchi.67401d7d-cf50-40b4-bc0b-f31f5c972c8b/none_v3 HTTP/1.0 404 - python-swiftclient-3.11.1 gAAAAABpl2fpU86I... - 70 - tx780647da02ac40648744e-006997682d - 0.0254 - - 1771530285.384518147 1771530285.409943819 0
Feb 19 19:44:45 standalone account-server[126937]: 172.20.0.100 - - [19/Feb/2026:19:44:45 +0000] "PUT /d1/673/AUTH_d2ec34d46b3b47c1aaecc938c7c0edf5/gnocchi.67401d7d-cf50-40b4-bc0b-f31f5c972c8b" 201 - "PUT http://172.20.0.100:6001/d1/879/AUTH_d2ec34d46b3b47c1aaecc938c7c0edf5/gnocchi.67401d7d-cf50-40b4-bc0b-f31f5c972c8b" "txa9314e344cb0430a9ecc6-006997682d" "container-server 20" 0.0015 "-" 19 0
Feb 19 19:44:45 standalone container-server[126951]: 172.20.0.100 - - [19/Feb/2026:19:44:45 +0000] "PUT /d1/879/AUTH_d2ec34d46b3b47c1aaecc938c7c0edf5/gnocchi.67401d7d-cf50-40b4-bc0b-f31f5c972c8b" 201 - "PUT http://172.18.0.2:8080/v1/AUTH_d2ec34d46b3b47c1aaecc938c7c0edf5/gnocchi.67401d7d-cf50-40b4-bc0b-f31f5c972c8b" "txa9314e344cb0430a9ecc6-006997682d" "proxy-server 12" 0.0100 "-" 20 0
Feb 19 19:44:45 standalone proxy-server[129077]: 172.18.0.2 172.18.0.100 19/Feb/2026/19/44/45 PUT /v1/AUTH_d2ec34d46b3b47c1aaecc938c7c0edf5/gnocchi.67401d7d-cf50-40b4-bc0b-f31f5c972c8b HTTP/1.0 201 - python-swiftclient-3.11.1 gAAAAABpl2fpU86I... - - - txa9314e344cb0430a9ecc6-006997682d - 0.0215 - - 1771530285.413432837 1771530285.434883118 0
Feb 19 19:44:45 standalone container-server[126946]: 172.20.0.100 - - [19/Feb/2026:19:44:45 +0000] "HEAD /d1/879/AUTH_d2ec34d46b3b47c1aaecc938c7c0edf5/gnocchi.67401d7d-cf50-40b4-bc0b-f31f5c972c8b" 204 - "HEAD http://172.18.0.2:8080/v1/AUTH_d2ec34d46b3b47c1aaecc938c7c0edf5/gnocchi.67401d7d-cf50-40b4-bc0b-f31f5c972c8b?format=json&states=listing" "tx785aa13ea2004a4cb1b2c-006997682d" "proxy-server 12" 0.0019 "-" 19 0
Feb 19 19:44:45 standalone proxy-server[129077]: - - 19/Feb/2026/19/44/45 HEAD /v1/AUTH_d2ec34d46b3b47c1aaecc938c7c0edf5/gnocchi.67401d7d-cf50-40b4-bc0b-f31f5c972c8b%3Fformat%3Djson%26states%3Dlisting HTTP/1.0 204 - Swift - - - - tx785aa13ea2004a4cb1b2c-006997682d - 0.0059 RL - 1771530285.440948486 1771530285.446887255 0
Feb 19 19:44:45 standalone container-server[126946]: 172.20.0.100 - - [19/Feb/2026:19:44:45 +0000] "GET /d1/879/AUTH_d2ec34d46b3b47c1aaecc938c7c0edf5/gnocchi.67401d7d-cf50-40b4-bc0b-f31f5c972c8b" 200 2 "GET http://172.18.0.2:8080/v1/AUTH_d2ec34d46b3b47c1aaecc938c7c0edf5/gnocchi.67401d7d-cf50-40b4-bc0b-f31f5c972c8b?format=json&states=listing" "tx785aa13ea2004a4cb1b2c-006997682d" "proxy-server 12" 0.0021 "-" 19 0
Feb 19 19:44:45 standalone proxy-server[129077]: 172.18.0.2 172.18.0.100 19/Feb/2026/19/44/45 GET /v1/AUTH_d2ec34d46b3b47c1aaecc938c7c0edf5/gnocchi.67401d7d-cf50-40b4-bc0b-f31f5c972c8b%3Fformat%3Djson%26states%3Dlisting HTTP/1.0 200 - python-swiftclient-3.11.1 gAAAAABpl2fpU86I... - 2 - tx785aa13ea2004a4cb1b2c-006997682d - 0.0167 - - 1771530285.439013958 1771530285.455698967 0
Feb 19 19:44:45 standalone object-server[127251]: 172.20.0.100 - - [19/Feb/2026:19:44:45 +0000] "GET /d1/351/AUTH_d2ec34d46b3b47c1aaecc938c7c0edf5/gnocchi.67401d7d-cf50-40b4-bc0b-f31f5c972c8b/1771200000.0_mean_300.0_v3" 404 70 "GET http://172.18.0.2:8080/v1/AUTH_d2ec34d46b3b47c1aaecc938c7c0edf5/gnocchi.67401d7d-cf50-40b4-bc0b-f31f5c972c8b/1771200000.0_mean_300.0_v3" "tx35a170dfe4504fa5b7e2c-006997682d" "proxy-server 12" 0.0003 "-" 23 0
Feb 19 19:44:45 standalone proxy-server[129077]: 172.18.0.2 172.18.0.100 19/Feb/2026/19/44/45 GET /v1/AUTH_d2ec34d46b3b47c1aaecc938c7c0edf5/gnocchi.67401d7d-cf50-40b4-bc0b-f31f5c972c8b/1771200000.0_mean_300.0_v3 HTTP/1.0 404 - python-swiftclient-3.11.1 gAAAAABpl2fpU86I... - 70 - tx35a170dfe4504fa5b7e2c-006997682d - 0.0064 - - 1771530285.464394331 1771530285.470806837 0
Feb 19 19:44:45 standalone container-server[126936]: 172.20.0.100 - - [19/Feb/2026:19:44:45 +0000] "PUT /d1/879/AUTH_d2ec34d46b3b47c1aaecc938c7c0edf5/gnocchi.67401d7d-cf50-40b4-bc0b-f31f5c972c8b/1771200000.0_mean_300.0_v3" 201 - "PUT http://172.18.0.2:8080/d1/351/AUTH_d2ec34d46b3b47c1aaecc938c7c0edf5/gnocchi.67401d7d-cf50-40b4-bc0b-f31f5c972c8b/1771200000.0_mean_300.0_v3" "tx7b84a61fb3a34f67ad596-006997682d" "object-server 23" 0.0022 "-" 17 0
Feb 19 19:44:45 standalone object-server[127251]: 172.20.0.100 - - [19/Feb/2026:19:44:45 +0000] "PUT /d1/351/AUTH_d2ec34d46b3b47c1aaecc938c7c0edf5/gnocchi.67401d7d-cf50-40b4-bc0b-f31f5c972c8b/1771200000.0_mean_300.0_v3" 201 - "PUT http://172.18.0.2:8080/v1/AUTH_d2ec34d46b3b47c1aaecc938c7c0edf5/gnocchi.67401d7d-cf50-40b4-bc0b-f31f5c972c8b/1771200000.0_mean_300.0_v3" "tx7b84a61fb3a34f67ad596-006997682d" "proxy-server 12" 0.0125 "-" 23 0
Feb 19 19:44:45 standalone proxy-server[129077]: 172.18.0.2 172.18.0.100 19/Feb/2026/19/44/45 PUT /v1/AUTH_d2ec34d46b3b47c1aaecc938c7c0edf5/gnocchi.67401d7d-cf50-40b4-bc0b-f31f5c972c8b/1771200000.0_mean_300.0_v3 HTTP/1.0 201 - python-swiftclient-3.11.1 gAAAAABpl2fpU86I... 16 - - tx7b84a61fb3a34f67ad596-006997682d - 0.0215 - - 1771530285.479139328 1771530285.500638485 0
Feb 19 19:44:45 standalone container-server[126936]: 172.20.0.100 - - [19/Feb/2026:19:44:45 +0000] "PUT /d1/879/AUTH_d2ec34d46b3b47c1aaecc938c7c0edf5/gnocchi.67401d7d-cf50-40b4-bc0b-f31f5c972c8b/none_v3" 201 - "PUT http://172.18.0.2:8080/d1/14/AUTH_d2ec34d46b3b47c1aaecc938c7c0edf5/gnocchi.67401d7d-cf50-40b4-bc0b-f31f5c972c8b/none_v3" "txaed8251b8e0041a0b87e5-006997682d" "object-server 24" 0.0016 "-" 17 0
Feb 19 19:44:45 standalone object-server[127252]: 172.20.0.100 - - [19/Feb/2026:19:44:45 +0000] "PUT /d1/14/AUTH_d2ec34d46b3b47c1aaecc938c7c0edf5/gnocchi.67401d7d-cf50-40b4-bc0b-f31f5c972c8b/none_v3" 201 - "PUT http://172.18.0.2:8080/v1/AUTH_d2ec34d46b3b47c1aaecc938c7c0edf5/gnocchi.67401d7d-cf50-40b4-bc0b-f31f5c972c8b/none_v3" "txaed8251b8e0041a0b87e5-006997682d" "proxy-server 12" 0.0193 "-" 24 0
Feb 19 19:44:45 standalone proxy-server[129077]: 172.18.0.2 172.18.0.100 19/Feb/2026/19/44/45 PUT /v1/AUTH_d2ec34d46b3b47c1aaecc938c7c0edf5/gnocchi.67401d7d-cf50-40b4-bc0b-f31f5c972c8b/none_v3 HTTP/1.0 201 - python-swiftclient-3.11.1 gAAAAABpl2fpU86I... 22 - - txaed8251b8e0041a0b87e5-006997682d - 0.0307 - - 1771530285.506390333 1771530285.537045002 0
Feb 19 19:44:45 standalone container-server[126946]: 172.20.0.100 - - [19/Feb/2026:19:44:45 +0000] "HEAD /d1/615/AUTH_d2ec34d46b3b47c1aaecc938c7c0edf5/gnocchi.74269478-c5c4-4a9f-aab5-4376132f6ca8" 404 - "HEAD http://172.18.0.2:8080/v1/AUTH_d2ec34d46b3b47c1aaecc938c7c0edf5/gnocchi.74269478-c5c4-4a9f-aab5-4376132f6ca8?format=json&states=listing" "tx038f9c2fe5c54fb9870d9-006997682d" "proxy-server 12" 0.0003 "-" 19 0
Feb 19 19:44:45 standalone object-server[127251]: 172.20.0.100 - - [19/Feb/2026:19:44:45 +0000] "GET /d1/1005/AUTH_d2ec34d46b3b47c1aaecc938c7c0edf5/gnocchi.74269478-c5c4-4a9f-aab5-4376132f6ca8/none_v3" 404 70 "GET http://172.18.0.2:8080/v1/AUTH_d2ec34d46b3b47c1aaecc938c7c0edf5/gnocchi.74269478-c5c4-4a9f-aab5-4376132f6ca8/none_v3" "tx038f9c2fe5c54fb9870d9-006997682d" "proxy-server 12" 0.0003 "-" 23 0
Feb 19 19:44:45 standalone proxy-server[129077]: 172.18.0.2 172.18.0.100 19/Feb/2026/19/44/45 GET /v1/AUTH_d2ec34d46b3b47c1aaecc938c7c0edf5/gnocchi.74269478-c5c4-4a9f-aab5-4376132f6ca8/none_v3 HTTP/1.0 404 - python-swiftclient-3.11.1 gAAAAABpl2fpU86I... - 70 - tx038f9c2fe5c54fb9870d9-006997682d - 0.0096 - - 1771530285.591513634 1771530285.601151228 0
Feb 19 19:44:45 standalone account-server[126945]: 172.20.0.100 - - [19/Feb/2026:19:44:45 +0000] "PUT /d1/673/AUTH_d2ec34d46b3b47c1aaecc938c7c0edf5/gnocchi.74269478-c5c4-4a9f-aab5-4376132f6ca8" 201 - "PUT http://172.20.0.100:6001/d1/615/AUTH_d2ec34d46b3b47c1aaecc938c7c0edf5/gnocchi.74269478-c5c4-4a9f-aab5-4376132f6ca8" "tx7046c226c7ff4f5e82ea6-006997682d" "container-server 20" 0.0053 "-" 20 0
Feb 19 19:44:45 standalone container-server[126951]: 172.20.0.100 - - [19/Feb/2026:19:44:45 +0000] "PUT /d1/615/AUTH_d2ec34d46b3b47c1aaecc938c7c0edf5/gnocchi.74269478-c5c4-4a9f-aab5-4376132f6ca8" 201 - "PUT http://172.18.0.2:8080/v1/AUTH_d2ec34d46b3b47c1aaecc938c7c0edf5/gnocchi.74269478-c5c4-4a9f-aab5-4376132f6ca8" "tx7046c226c7ff4f5e82ea6-006997682d" "proxy-server 12" 0.0154 "-" 20 0
Feb 19 19:44:45 standalone proxy-server[129077]: 172.18.0.2 172.18.0.100 19/Feb/2026/19/44/45 PUT /v1/AUTH_d2ec34d46b3b47c1aaecc938c7c0edf5/gnocchi.74269478-c5c4-4a9f-aab5-4376132f6ca8 HTTP/1.0 201 - python-swiftclient-3.11.1 gAAAAABpl2fpU86I... - - - tx7046c226c7ff4f5e82ea6-006997682d - 0.0253 - - 1771530285.603545427 1771530285.628852844 0
Feb 19 19:44:45 standalone container-server[126938]: 172.20.0.100 - - [19/Feb/2026:19:44:45 +0000] "HEAD /d1/615/AUTH_d2ec34d46b3b47c1aaecc938c7c0edf5/gnocchi.74269478-c5c4-4a9f-aab5-4376132f6ca8" 204 - "HEAD http://172.18.0.2:8080/v1/AUTH_d2ec34d46b3b47c1aaecc938c7c0edf5/gnocchi.74269478-c5c4-4a9f-aab5-4376132f6ca8?format=json&states=listing" "tx0d5830e41d9e4c908736f-006997682d" "proxy-server 12" 0.0016 "-" 18 0
Feb 19 19:44:45 standalone proxy-server[129077]: - - 19/Feb/2026/19/44/45 HEAD /v1/AUTH_d2ec34d46b3b47c1aaecc938c7c0edf5/gnocchi.74269478-c5c4-4a9f-aab5-4376132f6ca8%3Fformat%3Djson%26states%3Dlisting HTTP/1.0 204 - Swift - - - - tx0d5830e41d9e4c908736f-006997682d - 0.0062 RL - 1771530285.633723974 1771530285.639883041 0
Feb 19 19:44:45 standalone container-server[126938]: 172.20.0.100 - - [19/Feb/2026:19:44:45 +0000] "GET /d1/615/AUTH_d2ec34d46b3b47c1aaecc938c7c0edf5/gnocchi.74269478-c5c4-4a9f-aab5-4376132f6ca8" 200 2 "GET http://172.18.0.2:8080/v1/AUTH_d2ec34d46b3b47c1aaecc938c7c0edf5/gnocchi.74269478-c5c4-4a9f-aab5-4376132f6ca8?format=json&states=listing" "tx0d5830e41d9e4c908736f-006997682d" "proxy-server 12" 0.0047 "-" 18 0
Feb 19 19:44:45 standalone proxy-server[129077]: 172.18.0.2 172.18.0.100 19/Feb/2026/19/44/45 GET /v1/AUTH_d2ec34d46b3b47c1aaecc938c7c0edf5/gnocchi.74269478-c5c4-4a9f-aab5-4376132f6ca8%3Fformat%3Djson%26states%3Dlisting HTTP/1.0 200 - python-swiftclient-3.11.1 gAAAAABpl2fpU86I... - 2 - tx0d5830e41d9e4c908736f-006997682d - 0.0211 - - 1771530285.632416964 1771530285.653476238 0
Feb 19 19:44:45 standalone object-server[127253]: 172.20.0.100 - - [19/Feb/2026:19:44:45 +0000] "GET /d1/370/AUTH_d2ec34d46b3b47c1aaecc938c7c0edf5/gnocchi.74269478-c5c4-4a9f-aab5-4376132f6ca8/1771200000.0_mean_300.0_v3" 404 70 "GET http://172.18.0.2:8080/v1/AUTH_d2ec34d46b3b47c1aaecc938c7c0edf5/gnocchi.74269478-c5c4-4a9f-aab5-4376132f6ca8/1771200000.0_mean_300.0_v3" "tx58fa5e23f487403fab6a7-006997682d" "proxy-server 12" 0.0004 "-" 25 0
