Feb 19 19:46:51 standalone object-server[127250]: 172.20.0.100 - - [19/Feb/2026:19:46:51 +0000] "PUT /d1/684/AUTH_d2ec34d46b3b47c1aaecc938c7c0edf5/gnocchi.c1f042cc-a551-48cf-b211-8b96d4737827/none_v3" 201 - "PUT http://172.18.0.2:8080/v1/AUTH_d2ec34d46b3b47c1aaecc938c7c0edf5/gnocchi.c1f042cc-a551-48cf-b211-8b96d4737827/none_v3" "txf4765f9115ea446798ea1-00699768ab" "proxy-server 12" 0.0079 "-" 22 0
Feb 19 19:46:51 standalone proxy-server[129077]: 172.18.0.2 172.18.0.100 19/Feb/2026/19/46/51 PUT /v1/AUTH_d2ec34d46b3b47c1aaecc938c7c0edf5/gnocchi.c1f042cc-a551-48cf-b211-8b96d4737827/none_v3 HTTP/1.0 201 - python-swiftclient-3.11.1 gAAAAABpl2fpU86I... 22 - - txf4765f9115ea446798ea1-00699768ab - 0.0141 - - 1771530411.814785480 1771530411.828918934 0
Feb 19 19:46:51 standalone container-server[126946]: 172.20.0.100 - - [19/Feb/2026:19:46:51 +0000] "HEAD /d1/154/AUTH_d2ec34d46b3b47c1aaecc938c7c0edf5/gnocchi.10eb5d1a-51cd-4396-9141-a8d488750a95" 404 - "HEAD http://172.18.0.2:8080/v1/AUTH_d2ec34d46b3b47c1aaecc938c7c0edf5/gnocchi.10eb5d1a-51cd-4396-9141-a8d488750a95?format=json&states=listing" "tx21fb08559b1c4550b60b0-00699768ab" "proxy-server 12" 0.0004 "-" 19 0
Feb 19 19:46:51 standalone object-server[127253]: 172.20.0.100 - - [19/Feb/2026:19:46:51 +0000] "GET /d1/674/AUTH_d2ec34d46b3b47c1aaecc938c7c0edf5/gnocchi.10eb5d1a-51cd-4396-9141-a8d488750a95/none_v3" 404 70 "GET http://172.18.0.2:8080/v1/AUTH_d2ec34d46b3b47c1aaecc938c7c0edf5/gnocchi.10eb5d1a-51cd-4396-9141-a8d488750a95/none_v3" "tx21fb08559b1c4550b60b0-00699768ab" "proxy-server 12" 0.0002 "-" 25 0
Feb 19 19:46:51 standalone proxy-server[129077]: 172.18.0.2 172.18.0.100 19/Feb/2026/19/46/51 GET /v1/AUTH_d2ec34d46b3b47c1aaecc938c7c0edf5/gnocchi.10eb5d1a-51cd-4396-9141-a8d488750a95/none_v3 HTTP/1.0 404 - python-swiftclient-3.11.1 gAAAAABpl2fpU86I... - 70 - tx21fb08559b1c4550b60b0-00699768ab - 0.0108 - - 1771530411.842990160 1771530411.853767395 0
Feb 19 19:46:51 standalone account-server[126961]: 172.20.0.100 - - [19/Feb/2026:19:46:51 +0000] "PUT /d1/673/AUTH_d2ec34d46b3b47c1aaecc938c7c0edf5/gnocchi.10eb5d1a-51cd-4396-9141-a8d488750a95" 201 - "PUT http://172.20.0.100:6001/d1/154/AUTH_d2ec34d46b3b47c1aaecc938c7c0edf5/gnocchi.10eb5d1a-51cd-4396-9141-a8d488750a95" "tx7c326bab33a948d3aa787-00699768ab" "container-server 20" 0.0106 "-" 22 0
Feb 19 19:46:51 standalone container-server[126951]: 172.20.0.100 - - [19/Feb/2026:19:46:51 +0000] "PUT /d1/154/AUTH_d2ec34d46b3b47c1aaecc938c7c0edf5/gnocchi.10eb5d1a-51cd-4396-9141-a8d488750a95" 201 - "PUT http://172.18.0.2:8080/v1/AUTH_d2ec34d46b3b47c1aaecc938c7c0edf5/gnocchi.10eb5d1a-51cd-4396-9141-a8d488750a95" "tx7c326bab33a948d3aa787-00699768ab" "proxy-server 12" 0.0256 "-" 20 0
Feb 19 19:46:51 standalone proxy-server[129077]: 172.18.0.2 172.18.0.100 19/Feb/2026/19/46/51 PUT /v1/AUTH_d2ec34d46b3b47c1aaecc938c7c0edf5/gnocchi.10eb5d1a-51cd-4396-9141-a8d488750a95 HTTP/1.0 201 - python-swiftclient-3.11.1 gAAAAABpl2fpU86I... - - - tx7c326bab33a948d3aa787-00699768ab - 0.0403 - - 1771530411.861584425 1771530411.901854038 0
Feb 19 19:46:51 standalone container-server[126936]: 172.20.0.100 - - [19/Feb/2026:19:46:51 +0000] "HEAD /d1/154/AUTH_d2ec34d46b3b47c1aaecc938c7c0edf5/gnocchi.10eb5d1a-51cd-4396-9141-a8d488750a95" 204 - "HEAD http://172.18.0.2:8080/v1/AUTH_d2ec34d46b3b47c1aaecc938c7c0edf5/gnocchi.10eb5d1a-51cd-4396-9141-a8d488750a95?format=json&states=listing" "tx9f8b10f787e542bba5ac1-00699768ab" "proxy-server 12" 0.0021 "-" 17 0
Feb 19 19:46:51 standalone proxy-server[129077]: - - 19/Feb/2026/19/46/51 HEAD /v1/AUTH_d2ec34d46b3b47c1aaecc938c7c0edf5/gnocchi.10eb5d1a-51cd-4396-9141-a8d488750a95%3Fformat%3Djson%26states%3Dlisting HTTP/1.0 204 - Swift - - - - tx9f8b10f787e542bba5ac1-00699768ab - 0.0096 RL - 1771530411.910155296 1771530411.919758320 0
Feb 19 19:46:51 standalone container-server[126951]: 172.20.0.100 - - [19/Feb/2026:19:46:51 +0000] "GET /d1/154/AUTH_d2ec34d46b3b47c1aaecc938c7c0edf5/gnocchi.10eb5d1a-51cd-4396-9141-a8d488750a95" 200 2 "GET http://172.18.0.2:8080/v1/AUTH_d2ec34d46b3b47c1aaecc938c7c0edf5/gnocchi.10eb5d1a-51cd-4396-9141-a8d488750a95?format=json&states=listing" "tx9f8b10f787e542bba5ac1-00699768ab" "proxy-server 12" 0.0022 "-" 20 0
Feb 19 19:46:51 standalone proxy-server[129077]: 172.18.0.2 172.18.0.100 19/Feb/2026/19/46/51 GET /v1/AUTH_d2ec34d46b3b47c1aaecc938c7c0edf5/gnocchi.10eb5d1a-51cd-4396-9141-a8d488750a95%3Fformat%3Djson%26states%3Dlisting HTTP/1.0 200 - python-swiftclient-3.11.1 gAAAAABpl2fpU86I... - 2 - tx9f8b10f787e542bba5ac1-00699768ab - 0.0207 - - 1771530411.908003330 1771530411.928742886 0
Feb 19 19:46:51 standalone object-server[127253]: 172.20.0.100 - - [19/Feb/2026:19:46:51 +0000] "GET /d1/670/AUTH_d2ec34d46b3b47c1aaecc938c7c0edf5/gnocchi.10eb5d1a-51cd-4396-9141-a8d488750a95/1771200000.0_mean_300.0_v3" 404 70 "GET http://172.18.0.2:8080/v1/AUTH_d2ec34d46b3b47c1aaecc938c7c0edf5/gnocchi.10eb5d1a-51cd-4396-9141-a8d488750a95/1771200000.0_mean_300.0_v3" "tx12c133d6435e49f78fd5c-00699768ab" "proxy-server 12" 0.0003 "-" 25 0
Feb 19 19:46:51 standalone proxy-server[129077]: 172.18.0.2 172.18.0.100 19/Feb/2026/19/46/51 GET /v1/AUTH_d2ec34d46b3b47c1aaecc938c7c0edf5/gnocchi.10eb5d1a-51cd-4396-9141-a8d488750a95/1771200000.0_mean_300.0_v3 HTTP/1.0 404 - python-swiftclient-3.11.1 gAAAAABpl2fpU86I... - 70 - tx12c133d6435e49f78fd5c-00699768ab - 0.0064 - - 1771530411.932196379 1771530411.938593388 0
Feb 19 19:46:51 standalone container-server[126946]: 172.20.0.100 - - [19/Feb/2026:19:46:51 +0000] "PUT /d1/154/AUTH_d2ec34d46b3b47c1aaecc938c7c0edf5/gnocchi.10eb5d1a-51cd-4396-9141-a8d488750a95/1771200000.0_mean_300.0_v3" 201 - "PUT http://172.18.0.2:8080/d1/670/AUTH_d2ec34d46b3b47c1aaecc938c7c0edf5/gnocchi.10eb5d1a-51cd-4396-9141-a8d488750a95/1771200000.0_mean_300.0_v3" "txcca30388311f4acba1662-00699768ab" "object-server 24" 0.0007 "-" 19 0
Feb 19 19:46:51 standalone object-server[127252]: 172.20.0.100 - - [19/Feb/2026:19:46:51 +0000] "PUT /d1/670/AUTH_d2ec34d46b3b47c1aaecc938c7c0edf5/gnocchi.10eb5d1a-51cd-4396-9141-a8d488750a95/1771200000.0_mean_300.0_v3" 201 - "PUT http://172.18.0.2:8080/v1/AUTH_d2ec34d46b3b47c1aaecc938c7c0edf5/gnocchi.10eb5d1a-51cd-4396-9141-a8d488750a95/1771200000.0_mean_300.0_v3" "txcca30388311f4acba1662-00699768ab" "proxy-server 12" 0.0089 "-" 24 0
Feb 19 19:46:51 standalone proxy-server[129077]: 172.18.0.2 172.18.0.100 19/Feb/2026/19/46/51 PUT /v1/AUTH_d2ec34d46b3b47c1aaecc938c7c0edf5/gnocchi.10eb5d1a-51cd-4396-9141-a8d488750a95/1771200000.0_mean_300.0_v3 HTTP/1.0 201 - python-swiftclient-3.11.1 gAAAAABpl2fpU86I... 16 - - txcca30388311f4acba1662-00699768ab - 0.0150 - - 1771530411.942366838 1771530411.957383156 0
Feb 19 19:46:51 standalone container-server[126951]: 172.20.0.100 - - [19/Feb/2026:19:46:51 +0000] "PUT /d1/154/AUTH_d2ec34d46b3b47c1aaecc938c7c0edf5/gnocchi.10eb5d1a-51cd-4396-9141-a8d488750a95/none_v3" 201 - "PUT http://172.18.0.2:8080/d1/674/AUTH_d2ec34d46b3b47c1aaecc938c7c0edf5/gnocchi.10eb5d1a-51cd-4396-9141-a8d488750a95/none_v3" "tx07e1f00fb3bb4bb3a7a22-00699768ab" "object-server 25" 0.0006 "-" 20 0
Feb 19 19:46:51 standalone object-server[127253]: 172.20.0.100 - - [19/Feb/2026:19:46:51 +0000] "PUT /d1/674/AUTH_d2ec34d46b3b47c1aaecc938c7c0edf5/gnocchi.10eb5d1a-51cd-4396-9141-a8d488750a95/none_v3" 201 - "PUT http://172.18.0.2:8080/v1/AUTH_d2ec34d46b3b47c1aaecc938c7c0edf5/gnocchi.10eb5d1a-51cd-4396-9141-a8d488750a95/none_v3" "tx07e1f00fb3bb4bb3a7a22-00699768ab" "proxy-server 12" 0.0107 "-" 25 0
Feb 19 19:46:51 standalone proxy-server[129077]: 172.18.0.2 172.18.0.100 19/Feb/2026/19/46/51 PUT /v1/AUTH_d2ec34d46b3b47c1aaecc938c7c0edf5/gnocchi.10eb5d1a-51cd-4396-9141-a8d488750a95/none_v3 HTTP/1.0 201 - python-swiftclient-3.11.1 gAAAAABpl2fpU86I... 22 - - tx07e1f00fb3bb4bb3a7a22-00699768ab - 0.0166 - - 1771530411.961152554 1771530411.977767229 0
Feb 19 19:46:52 standalone container-server[126946]: 172.20.0.100 - - [19/Feb/2026:19:46:52 +0000] "HEAD /d1/200/AUTH_d2ec34d46b3b47c1aaecc938c7c0edf5/gnocchi.039f1a7f-6d32-4d25-9993-36284de9d4f4" 404 - "HEAD http://172.18.0.2:8080/v1/AUTH_d2ec34d46b3b47c1aaecc938c7c0edf5/gnocchi.039f1a7f-6d32-4d25-9993-36284de9d4f4?format=json&states=listing" "tx771d099705de46af8d4a3-00699768ab" "proxy-server 12" 0.0004 "-" 19 0
Feb 19 19:46:52 standalone object-server[127252]: 172.20.0.100 - - [19/Feb/2026:19:46:52 +0000] "GET /d1/546/AUTH_d2ec34d46b3b47c1aaecc938c7c0edf5/gnocchi.039f1a7f-6d32-4d25-9993-36284de9d4f4/none_v3" 404 70 "GET http://172.18.0.2:8080/v1/AUTH_d2ec34d46b3b47c1aaecc938c7c0edf5/gnocchi.039f1a7f-6d32-4d25-9993-36284de9d4f4/none_v3" "tx771d099705de46af8d4a3-00699768ab" "proxy-server 12" 0.0002 "-" 24 0
Feb 19 19:46:52 standalone proxy-server[129077]: 172.18.0.2 172.18.0.100 19/Feb/2026/19/46/52 GET /v1/AUTH_d2ec34d46b3b47c1aaecc938c7c0edf5/gnocchi.039f1a7f-6d32-4d25-9993-36284de9d4f4/none_v3 HTTP/1.0 404 - python-swiftclient-3.11.1 gAAAAABpl2fpU86I... - 70 - tx771d099705de46af8d4a3-00699768ab - 0.0112 - - 1771530411.995340824 1771530412.006530523 0
Feb 19 19:46:52 standalone account-server[126956]: 172.20.0.100 - - [19/Feb/2026:19:46:52 +0000] "PUT /d1/673/AUTH_d2ec34d46b3b47c1aaecc938c7c0edf5/gnocchi.039f1a7f-6d32-4d25-9993-36284de9d4f4" 201 - "PUT http://172.20.0.100:6001/d1/200/AUTH_d2ec34d46b3b47c1aaecc938c7c0edf5/gnocchi.039f1a7f-6d32-4d25-9993-36284de9d4f4" "tx7ba03760f19f4093a4a51-00699768ac" "container-server 17" 0.0076 "-" 21 0
Feb 19 19:46:52 standalone container-server[126936]: 172.20.0.100 - - [19/Feb/2026:19:46:52 +0000] "PUT /d1/200/AUTH_d2ec34d46b3b47c1aaecc938c7c0edf5/gnocchi.039f1a7f-6d32-4d25-9993-36284de9d4f4" 201 - "PUT http://172.18.0.2:8080/v1/AUTH_d2ec34d46b3b47c1aaecc938c7c0edf5/gnocchi.039f1a7f-6d32-4d25-9993-36284de9d4f4" "tx7ba03760f19f4093a4a51-00699768ac" "proxy-server 12" 0.0218 "-" 17 0
Feb 19 19:46:52 standalone proxy-server[129077]: 172.18.0.2 172.18.0.100 19/Feb/2026/19/46/52 PUT /v1/AUTH_d2ec34d46b3b47c1aaecc938c7c0edf5/gnocchi.039f1a7f-6d32-4d25-9993-36284de9d4f4 HTTP/1.0 201 - python-swiftclient-3.11.1 gAAAAABpl2fpU86I... - - - tx7ba03760f19f4093a4a51-00699768ac - 0.0295 - - 1771530412.010370970 1771530412.039885759 0
Feb 19 19:46:52 standalone container-server[126936]: 172.20.0.100 - - [19/Feb/2026:19:46:52 +0000] "HEAD /d1/200/AUTH_d2ec34d46b3b47c1aaecc938c7c0edf5/gnocchi.039f1a7f-6d32-4d25-9993-36284de9d4f4" 204 - "HEAD http://172.18.0.2:8080/v1/AUTH_d2ec34d46b3b47c1aaecc938c7c0edf5/gnocchi.039f1a7f-6d32-4d25-9993-36284de9d4f4?format=json&states=listing" "tx6d0ab3894dc940da9713a-00699768ac" "proxy-server 12" 0.0020 "-" 17 0
Feb 19 19:46:52 standalone proxy-server[129077]: - - 19/Feb/2026/19/46/52 HEAD /v1/AUTH_d2ec34d46b3b47c1aaecc938c7c0edf5/gnocchi.039f1a7f-6d32-4d25-9993-36284de9d4f4%3Fformat%3Djson%26states%3Dlisting HTTP/1.0 204 - Swift - - - - tx6d0ab3894dc940da9713a-00699768ac - 0.0070 RL - 1771530412.047358274 1771530412.054386139 0
Feb 19 19:46:52 standalone container-server[126951]: 172.20.0.100 - - [19/Feb/2026:19:46:52 +0000] "GET /d1/200/AUTH_d2ec34d46b3b47c1aaecc938c7c0edf5/gnocchi.039f1a7f-6d32-4d25-9993-36284de9d4f4" 200 2 "GET http://172.18.0.2:8080/v1/AUTH_d2ec34d46b3b47c1aaecc938c7c0edf5/gnocchi.039f1a7f-6d32-4d25-9993-36284de9d4f4?format=json&states=listing" "tx6d0ab3894dc940da9713a-00699768ac" "proxy-server 12" 0.0025 "-" 20 0
Feb 19 19:46:52 standalone proxy-server[129077]: 172.18.0.2 172.18.0.100 19/Feb/2026/19/46/52 GET /v1/AUTH_d2ec34d46b3b47c1aaecc938c7c0edf5/gnocchi.039f1a7f-6d32-4d25-9993-36284de9d4f4%3Fformat%3Djson%26states%3Dlisting HTTP/1.0 200 - python-swiftclient-3.11.1 gAAAAABpl2fpU86I... - 2 - tx6d0ab3894dc940da9713a-00699768ac - 0.0190 - - 1771530412.045700312 1771530412.064688444 0
Feb 19 19:46:52 standalone object-server[127253]: 172.20.0.100 - - [19/Feb/2026:19:46:52 +0000] "GET /d1/678/AUTH_d2ec34d46b3b47c1aaecc938c7c0edf5/gnocchi.039f1a7f-6d32-4d25-9993-36284de9d4f4/1771200000.0_mean_300.0_v3" 404 70 "GET http://172.18.0.2:8080/v1/AUTH_d2ec34d46b3b47c1aaecc938c7c0edf5/gnocchi.039f1a7f-6d32-4d25-9993-36284de9d4f4/1771200000.0_mean_300.0_v3" "tx7b85403518e241c78b96f-00699768ac" "proxy-server 12" 0.0003 "-" 25 0
Feb 19 19:46:52 standalone proxy-server[129077]: 172.18.0.2 172.18.0.100 19/Feb/2026/19/46/52 GET /v1/AUTH_d2ec34d46b3b47c1aaecc938c7c0edf5/gnocchi.039f1a7f-6d32-4d25-9993-36284de9d4f4/1771200000.0_mean_300.0_v3 HTTP/1.0 404 - python-swiftclient-3.11.1 gAAAAABpl2fpU86I... - 70 - tx7b85403518e241c78b96f-00699768ac - 0.0062 - - 1771530412.069362164 1771530412.075531960 0
Feb 19 19:46:52 standalone container-server[126938]: 172.20.0.100 - - [19/Feb/2026:19:46:52 +0000] "PUT /d1/200/AUTH_d2ec34d46b3b47c1aaecc938c7c0edf5/gnocchi.039f1a7f-6d32-4d25-9993-36284de9d4f4/1771200000.0_mean_300.0_v3" 201 - "PUT http://172.18.0.2:8080/d1/678/AUTH_d2ec34d46b3b47c1aaecc938c7c0edf5/gnocchi.039f1a7f-6d32-4d25-9993-36284de9d4f4/1771200000.0_mean_300.0_v3" "tx5aeba6f89a7d4966a78fe-00699768ac" "object-server 23" 0.0008 "-" 18 0
Feb 19 19:46:52 standalone object-server[127251]: 172.20.0.100 - - [19/Feb/2026:19:46:52 +0000] "PUT /d1/678/AUTH_d2ec34d46b3b47c1aaecc938c7c0edf5/gnocchi.039f1a7f-6d32-4d25-9993-36284de9d4f4/1771200000.0_mean_300.0_v3" 201 - "PUT http://172.18.0.2:8080/v1/AUTH_d2ec34d46b3b47c1aaecc938c7c0edf5/gnocchi.039f1a7f-6d32-4d25-9993-36284de9d4f4/1771200000.0_mean_300.0_v3" "tx5aeba6f89a7d4966a78fe-00699768ac" "proxy-server 12" 0.0104 "-" 23 0
Feb 19 19:46:52 standalone proxy-server[129077]: 172.18.0.2 172.18.0.100 19/Feb/2026/19/46/52 PUT /v1/AUTH_d2ec34d46b3b47c1aaecc938c7c0edf5/gnocchi.039f1a7f-6d32-4d25-9993-36284de9d4f4/1771200000.0_mean_300.0_v3 HTTP/1.0 201 - python-swiftclient-3.11.1 gAAAAABpl2fpU86I... 16 - - tx5aeba6f89a7d4966a78fe-00699768ac - 0.0174 - - 1771530412.079796553 1771530412.097238779 0
Feb 19 19:46:52 standalone container-server[126936]: 172.20.0.100 - - [19/Feb/2026:19:46:52 +0000] "PUT /d1/200/AUTH_d2ec34d46b3b47c1aaecc938c7c0edf5/gnocchi.039f1a7f-6d32-4d25-9993-36284de9d4f4/none_v3" 201 - "PUT http://172.18.0.2:8080/d1/546/AUTH_d2ec34d46b3b47c1aaecc938c7c0edf5/gnocchi.039f1a7f-6d32-4d25-9993-36284de9d4f4/none_v3" "tx7fe83e665137497792a9e-00699768ac" "object-server 22" 0.0008 "-" 17 0
Feb 19 19:46:52 standalone object-server[127250]: 172.20.0.100 - - [19/Feb/2026:19:46:52 +0000] "PUT /d1/546/AUTH_d2ec34d46b3b47c1aaecc938c7c0edf5/gnocchi.039f1a7f-6d32-4d25-9993-36284de9d4f4/none_v3" 201 - "PUT http://172.18.0.2:8080/v1/AUTH_d2ec34d46b3b47c1aaecc938c7c0edf5/gnocchi.039f1a7f-6d32-4d25-9993-36284de9d4f4/none_v3" "tx7fe83e665137497792a9e-00699768ac" "proxy-server 12" 0.0096 "-" 22 0
Feb 19 19:46:52 standalone proxy-server[129077]: 172.18.0.2 172.18.0.100 19/Feb/2026/19/46/52 PUT /v1/AUTH_d2ec34d46b3b47c1aaecc938c7c0edf5/gnocchi.039f1a7f-6d32-4d25-9993-36284de9d4f4/none_v3 HTTP/1.0 201 - python-swiftclient-3.11.1 gAAAAABpl2fpU86I... 22 - - tx7fe83e665137497792a9e-00699768ac - 0.0162 - - 1771530412.101129532 1771530412.117333651 0
Feb 19 19:46:52 standalone container-server[126936]: 172.20.0.100 - - [19/Feb/2026:19:46:52 +0000] "HEAD /d1/79/AUTH_d2ec34d46b3b47c1aaecc938c7c0edf5/gnocchi.51193ecb-f362-4d74-a4ba-418099c7a23e" 404 - "HEAD http://172.18.0.2:8080/v1/AUTH_d2ec34d46b3b47c1aaecc938c7c0edf5/gnocchi.51193ecb-f362-4d74-a4ba-418099c7a23e?format=json&states=listing" "tx2325e90f5e47477190fab-00699768ac" "proxy-server 12" 0.0005 "-" 17 0
Feb 19 19:46:52 standalone object-server[127251]: 172.20.0.100 - - [19/Feb/2026:19:46:52 +0000] "GET /d1/379/AUTH_d2ec34d46b3b47c1aaecc938c7c0edf5/gnocchi.51193ecb-f362-4d74-a4ba-418099c7a23e/none_v3" 404 70 "GET http://172.18.0.2:8080/v1/AUTH_d2ec34d46b3b47c1aaecc938c7c0edf5/gnocchi.51193ecb-f362-4d74-a4ba-418099c7a23e/none_v3" "tx2325e90f5e47477190fab-00699768ac" "proxy-server 12" 0.0005 "-" 23 0
Feb 19 19:46:52 standalone proxy-server[129077]: 172.18.0.2 172.18.0.100 19/Feb/2026/19/46/52 GET /v1/AUTH_d2ec34d46b3b47c1aaecc938c7c0edf5/gnocchi.51193ecb-f362-4d74-a4ba-418099c7a23e/none_v3 HTTP/1.0 404 - python-swiftclient-3.11.1 gAAAAABpl2fpU86I... - 70 - tx2325e90f5e47477190fab-00699768ac - 0.0090 - - 1771530412.131332397 1771530412.140299559 0
Feb 19 19:46:52 standalone account-server[126961]: 172.20.0.100 - - [19/Feb/2026:19:46:52 +0000] "PUT /d1/673/AUTH_d2ec34d46b3b47c1aaecc938c7c0edf5/gnocchi.51193ecb-f362-4d74-a4ba-418099c7a23e" 201 - "PUT http://172.20.0.100:6001/d1/79/AUTH_d2ec34d46b3b47c1aaecc938c7c0edf5/gnocchi.51193ecb-f362-4d74-a4ba-418099c7a23e" "tx062c4d1c57e84b44adea6-00699768ac" "container-server 20" 0.0064 "-" 22 0
Feb 19 19:46:52 standalone container-server[126951]: 172.20.0.100 - - [19/Feb/2026:19:46:52 +0000] "PUT /d1/79/AUTH_d2ec34d46b3b47c1aaecc938c7c0edf5/gnocchi.51193ecb-f362-4d74-a4ba-418099c7a23e" 201 - "PUT http://172.18.0.2:8080/v1/AUTH_d2ec34d46b3b47c1aaecc938c7c0edf5/gnocchi.51193ecb-f362-4d74-a4ba-418099c7a23e" "tx062c4d1c57e84b44adea6-00699768ac" "proxy-server 12" 0.0200 "-" 20 0
Feb 19 19:46:52 standalone proxy-server[129077]: 172.18.0.2 172.18.0.100 19/Feb/2026/19/46/52 PUT /v1/AUTH_d2ec34d46b3b47c1aaecc938c7c0edf5/gnocchi.51193ecb-f362-4d74-a4ba-418099c7a23e HTTP/1.0 201 - python-swiftclient-3.11.1 gAAAAABpl2fpU86I... - - - tx062c4d1c57e84b44adea6-00699768ac - 0.0236 - - 1771530412.143452883 1771530412.167035580 0
Feb 19 19:46:52 standalone container-server[126936]: 172.20.0.100 - - [19/Feb/2026:19:46:52 +0000] "HEAD /d1/79/AUTH_d2ec34d46b3b47c1aaecc938c7c0edf5/gnocchi.51193ecb-f362-4d74-a4ba-418099c7a23e" 204 - "HEAD http://172.18.0.2:8080/v1/AUTH_d2ec34d46b3b47c1aaecc938c7c0edf5/gnocchi.51193ecb-f362-4d74-a4ba-418099c7a23e?format=json&states=listing" "txb6b594e110444e6a906e6-00699768ac" "proxy-server 12" 0.0021 "-" 17 0
Feb 19 19:46:52 standalone proxy-server[129077]: - - 19/Feb/2026/19/46/52 HEAD /v1/AUTH_d2ec34d46b3b47c1aaecc938c7c0edf5/gnocchi.51193ecb-f362-4d74-a4ba-418099c7a23e%3Fformat%3Djson%26states%3Dlisting HTTP/1.0 204 - Swift - - - - txb6b594e110444e6a906e6-00699768ac - 0.0069 RL - 1771530412.172158241 1771530412.179080486 0
Feb 19 19:46:52 standalone container-server[126946]: 172.20.0.100 - - [19/Feb/2026:19:46:52 +0000] "GET /d1/79/AUTH_d2ec34d46b3b47c1aaecc938c7c0edf5/gnocchi.51193ecb-f362-4d74-a4ba-418099c7a23e" 200 2 "GET http://172.18.0.2:8080/v1/AUTH_d2ec34d46b3b47c1aaecc938c7c0edf5/gnocchi.51193ecb-f362-4d74-a4ba-418099c7a23e?format=json&states=listing" "txb6b594e110444e6a906e6-00699768ac" "proxy-server 12" 0.0033 "-" 19 0
Feb 19 19:46:52 standalone proxy-server[129077]: 172.18.0.2 172.18.0.100 19/Feb/2026/19/46/52 GET /v1/AUTH_d2ec34d46b3b47c1aaecc938c7c0edf5/gnocchi.51193ecb-f362-4d74-a4ba-418099c7a23e%3Fformat%3Djson%26states%3Dlisting HTTP/1.0 200 - python-swiftclient-3.11.1 gAAAAABpl2fpU86I... - 2 - txb6b594e110444e6a906e6-00699768ac - 0.0212 - - 1771530412.171394587 1771530412.192572832 0
Feb 19 19:46:52 standalone object-server[127251]: 172.20.0.100 - - [19/Feb/2026:19:46:52 +0000] "GET /d1/601/AUTH_d2ec34d46b3b47c1aaecc938c7c0edf5/gnocchi.51193ecb-f362-4d74-a4ba-418099c7a23e/1771200000.0_mean_300.0_v3" 404 70 "GET http://172.18.0.2:8080/v1/AUTH_d2ec34d46b3b47c1aaecc938c7c0edf5/gnocchi.51193ecb-f362-4d74-a4ba-418099c7a23e/1771200000.0_mean_300.0_v3" "tx7c36f1569bf445e9893a4-00699768ac" "proxy-server 12" 0.0005 "-" 23 0
Feb 19 19:46:52 standalone proxy-server[129077]: 172.18.0.2 172.18.0.100 19/Feb/2026/19/46/52 GET /v1/AUTH_d2ec34d46b3b47c1aaecc938c7c0edf5/gnocchi.51193ecb-f362-4d74-a4ba-418099c7a23e/1771200000.0_mean_300.0_v3 HTTP/1.0 404 - python-swiftclient-3.11.1 gAAAAABpl2fpU86I... - 70 - tx7c36f1569bf445e9893a4-00699768ac - 0.0073 - - 1771530412.197528839 1771530412.204791784 0
Feb 19 19:46:52 standalone container-server[126938]: 172.20.0.100 - - [19/Feb/2026:19:46:52 +0000] "PUT /d1/79/AUTH_d2ec34d46b3b47c1aaecc938c7c0edf5/gnocchi.51193ecb-f362-4d74-a4ba-418099c7a23e/1771200000.0_mean_300.0_v3" 201 - "PUT http://172.18.0.2:8080/d1/601/AUTH_d2ec34d46b3b47c1aaecc938c7c0edf5/gnocchi.51193ecb-f362-4d74-a4ba-418099c7a23e/1771200000.0_mean_300.0_v3" "tx0eb949a427fa4790b8bad-00699768ac" "object-server 24" 0.0009 "-" 18 0
Feb 19 19:46:52 standalone object-server[127252]: 172.20.0.100 - - [19/Feb/2026:19:46:52 +0000] "PUT /d1/601/AUTH_d2ec34d46b3b47c1aaecc938c7c0edf5/gnocchi.51193ecb-f362-4d74-a4ba-418099c7a23e/1771200000.0_mean_300.0_v3" 201 - "PUT http://172.18.0.2:8080/v1/AUTH_d2ec34d46b3b47c1aaecc938c7c0edf5/gnocchi.51193ecb-f362-4d74-a4ba-418099c7a23e/1771200000.0_mean_300.0_v3" "tx0eb949a427fa4790b8bad-00699768ac" "proxy-server 12" 0.0115 "-" 24 0
Feb 19 19:46:52 standalone proxy-server[129077]: 172.18.0.2 172.18.0.100 19/Feb/2026/19/46/52 PUT /v1/AUTH_d2ec34d46b3b47c1aaecc938c7c0edf5/gnocchi.51193ecb-f362-4d74-a4ba-418099c7a23e/1771200000.0_mean_300.0_v3 HTTP/1.0 201 - python-swiftclient-3.11.1 gAAAAABpl2fpU86I... 16 - - tx0eb949a427fa4790b8bad-00699768ac - 0.0180 - - 1771530412.208837271 1771530412.226855278 0
Feb 19 19:46:52 standalone container-server[126946]: 172.20.0.100 - - [19/Feb/2026:19:46:52 +0000] "PUT /d1/79/AUTH_d2ec34d46b3b47c1aaecc938c7c0edf5/gnocchi.51193ecb-f362-4d74-a4ba-418099c7a23e/none_v3" 201 - "PUT http://172.18.0.2:8080/d1/379/AUTH_d2ec34d46b3b47c1aaecc938c7c0edf5/gnocchi.51193ecb-f362-4d74-a4ba-418099c7a23e/none_v3" "txbe2f4bd980ac471a8c991-00699768ac" "object-server 24" 0.0008 "-" 19 0
Feb 19 19:46:52 standalone object-server[127252]: 172.20.0.100 - - [19/Feb/2026:19:46:52 +0000] "PUT /d1/379/AUTH_d2ec34d46b3b47c1aaecc938c7c0edf5/gnocchi.51193ecb-f362-4d74-a4ba-418099c7a23e/none_v3" 201 - "PUT http://172.18.0.2:8080/v1/AUTH_d2ec34d46b3b47c1aaecc938c7c0edf5/gnocchi.51193ecb-f362-4d74-a4ba-418099c7a23e/none_v3" "txbe2f4bd980ac471a8c991-00699768ac" "proxy-server 12" 0.0114 "-" 24 0
Feb 19 19:46:52 standalone proxy-server[129077]: 172.18.0.2 172.18.0.100 19/Feb/2026/19/46/52 PUT /v1/AUTH_d2ec34d46b3b47c1aaecc938c7c0edf5/gnocchi.51193ecb-f362-4d74-a4ba-418099c7a23e/none_v3 HTTP/1.0 201 - python-swiftclient-3.11.1 gAAAAABpl2fpU86I... 22 - - txbe2f4bd980ac471a8c991-00699768ac - 0.0177 - - 1771530412.230521679 1771530412.248182774 0
Feb 19 19:46:52 standalone container-server[126936]: 172.20.0.100 - - [19/Feb/2026:19:46:52 +0000] "HEAD /d1/2/AUTH_d2ec34d46b3b47c1aaecc938c7c0edf5/gnocchi.e6c37740-162a-406f-85cc-817685924d57" 404 - "HEAD http://172.18.0.2:8080/v1/AUTH_d2ec34d46b3b47c1aaecc938c7c0edf5/gnocchi.e6c37740-162a-406f-85cc-817685924d57?format=json&states=listing" "tx4848104e2ccd4909af0f0-00699768ac" "proxy-server 12" 0.0006 "-" 17 0
Feb 19 19:46:52 standalone object-server[127250]: 172.20.0.100 - - [19/Feb/2026:19:46:52 +0000] "GET /d1/915/AUTH_d2ec34d46b3b47c1aaecc938c7c0edf5/gnocchi.e6c37740-162a-406f-85cc-817685924d57/none_v3" 404 70 "GET http://172.18.0.2:8080/v1/AUTH_d2ec34d46b3b47c1aaecc938c7c0edf5/gnocchi.e6c37740-162a-406f-85cc-817685924d57/none_v3" "tx4848104e2ccd4909af0f0-00699768ac" "proxy-server 12" 0.0003 "-" 22 0
Feb 19 19:46:52 standalone proxy-server[129077]: 172.18.0.2 172.18.0.100 19/Feb/2026/19/46/52 GET /v1/AUTH_d2ec34d46b3b47c1aaecc938c7c0edf5/gnocchi.e6c37740-162a-406f-85cc-817685924d57/none_v3 HTTP/1.0 404 - python-swiftclient-3.11.1 gAAAAABpl2fpU86I... - 70 - tx4848104e2ccd4909af0f0-00699768ac - 0.0127 - - 1771530412.260837793 1771530412.273489237 0
Feb 19 19:46:52 standalone account-server[126956]: 172.20.0.100 - - [19/Feb/2026:19:46:52 +0000] "PUT /d1/673/AUTH_d2ec34d46b3b47c1aaecc938c7c0edf5/gnocchi.e6c37740-162a-406f-85cc-817685924d57" 201 - "PUT http://172.20.0.100:6001/d1/2/AUTH_d2ec34d46b3b47c1aaecc938c7c0edf5/gnocchi.e6c37740-162a-406f-85cc-817685924d57" "tx1bf3f76105824faa9385d-00699768ac" "container-server 20" 0.0057 "-" 21 0
Feb 19 19:46:52 standalone container-server[126951]: 172.20.0.100 - - [19/Feb/2026:19:46:52 +0000] "PUT /d1/2/AUTH_d2ec34d46b3b47c1aaecc938c7c0edf5/gnocchi.e6c37740-162a-406f-85cc-817685924d57" 201 - "PUT http://172.18.0.2:8080/v1/AUTH_d2ec34d46b3b47c1aaecc938c7c0edf5/gnocchi.e6c37740-162a-406f-85cc-817685924d57" "tx1bf3f76105824faa9385d-00699768ac" "proxy-server 12" 0.0200 "-" 20 0
Feb 19 19:46:52 standalone proxy-server[129077]: 172.18.0.2 172.18.0.100 19/Feb/2026/19/46/52 PUT /v1/AUTH_d2ec34d46b3b47c1aaecc938c7c0edf5/gnocchi.e6c37740-162a-406f-85cc-817685924d57 HTTP/1.0 201 - python-swiftclient-3.11.1 gAAAAABpl2fpU86I... - - - tx1bf3f76105824faa9385d-00699768ac - 0.0277 - - 1771530412.276936531 1771530412.304620743 0
Feb 19 19:46:52 standalone container-server[126938]: 172.20.0.100 - - [19/Feb/2026:19:46:52 +0000] "HEAD /d1/2/AUTH_d2ec34d46b3b47c1aaecc938c7c0edf5/gnocchi.e6c37740-162a-406f-85cc-817685924d57" 204 - "HEAD http://172.18.0.2:8080/v1/AUTH_d2ec34d46b3b47c1aaecc938c7c0edf5/gnocchi.e6c37740-162a-406f-85cc-817685924d57?format=json&states=listing" "txac35e701a9a2457e87d9a-00699768ac" "proxy-server 12" 0.0024 "-" 18 0
Feb 19 19:46:52 standalone proxy-server[129077]: - - 19/Feb/2026/19/46/52 HEAD /v1/AUTH_d2ec34d46b3b47c1aaecc938c7c0edf5/gnocchi.e6c37740-162a-406f-85cc-817685924d57%3Fformat%3Djson%26states%3Dlisting HTTP/1.0 204 - Swift - - - - txac35e701a9a2457e87d9a-00699768ac - 0.0074 RL - 1771530412.311716557 1771530412.319085121 0
Feb 19 19:46:52 standalone container-server[126938]: 172.20.0.100 - - [19/Feb/2026:19:46:52 +0000] "GET /d1/2/AUTH_d2ec34d46b3b47c1aaecc938c7c0edf5/gnocchi.e6c37740-162a-406f-85cc-817685924d57" 200 2 "GET http://172.18.0.2:8080/v1/AUTH_d2ec34d46b3b47c1aaecc938c7c0edf5/gnocchi.e6c37740-162a-406f-85cc-817685924d57?format=json&states=listing" "txac35e701a9a2457e87d9a-00699768ac" "proxy-server 12" 0.0032 "-" 18 0
Feb 19 19:46:52 standalone proxy-server[129077]: 172.18.0.2 172.18.0.100 19/Feb/2026/19/46/52 GET /v1/AUTH_d2ec34d46b3b47c1aaecc938c7c0edf5/gnocchi.e6c37740-162a-406f-85cc-817685924d57%3Fformat%3Djson%26states%3Dlisting HTTP/1.0 200 - python-swiftclient-3.11.1 gAAAAABpl2fpU86I... - 2 - txac35e701a9a2457e87d9a-00699768ac - 0.0216 - - 1771530412.309777975 1771530412.331384420 0
Feb 19 19:46:52 standalone object-server[127253]: 172.20.0.100 - - [19/Feb/2026:19:46:52 +0000] "GET /d1/191/AUTH_d2ec34d46b3b47c1aaecc938c7c0edf5/gnocchi.e6c37740-162a-406f-85cc-817685924d57/1771200000.0_mean_300.0_v3" 404 70 "GET http://172.18.0.2:8080/v1/AUTH_d2ec34d46b3b47c1aaecc938c7c0edf5/gnocchi.e6c37740-162a-406f-85cc-817685924d57/1771200000.0_mean_300.0_v3" "txc388b5de16474c3ab3fa3-00699768ac" "proxy-server 12" 0.0005 "-" 25 0
Feb 19 19:46:52 standalone proxy-server[129077]: 172.18.0.2 172.18.0.100 19/Feb/2026/19/46/52 GET /v1/AUTH_d2ec34d46b3b47c1aaecc938c7c0edf5/gnocchi.e6c37740-162a-406f-85cc-817685924d57/1771200000.0_mean_300.0_v3 HTTP/1.0 404 - python-swiftclient-3.11.1 gAAAAABpl2fpU86I... - 70 - txc388b5de16474c3ab3fa3-00699768ac - 0.0076 - - 1771530412.336114407 1771530412.343672514 0
Feb 19 19:46:52 standalone container-server[126946]: 172.20.0.100 - - [19/Feb/2026:19:46:52 +0000] "PUT /d1/2/AUTH_d2ec34d46b3b47c1aaecc938c7c0edf5/gnocchi.e6c37740-162a-406f-85cc-817685924d57/1771200000.0_mean_300.0_v3" 201 - "PUT http://172.18.0.2:8080/d1/191/AUTH_d2ec34d46b3b47c1aaecc938c7c0edf5/gnocchi.e6c37740-162a-406f-85cc-817685924d57/1771200000.0_mean_300.0_v3" "tx00fc5d9aa7494cf7b2109-00699768ac" "object-server 24" 0.0006 "-" 19 0
Feb 19 19:46:52 standalone object-server[127252]: 172.20.0.100 - - [19/Feb/2026:19:46:52 +0000] "PUT /d1/191/AUTH_d2ec34d46b3b47c1aaecc938c7c0edf5/gnocchi.e6c37740-162a-406f-85cc-817685924d57/1771200000.0_mean_300.0_v3" 201 - "PUT http://172.18.0.2:8080/v1/AUTH_d2ec34d46b3b47c1aaecc938c7c0edf5/gnocchi.e6c37740-162a-406f-85cc-817685924d57/1771200000.0_mean_300.0_v3" "tx00fc5d9aa7494cf7b2109-00699768ac" "proxy-server 12" 0.0124 "-" 24 0
Feb 19 19:46:52 standalone proxy-server[129077]: 172.18.0.2 172.18.0.100 19/Feb/2026/19/46/52 PUT /v1/AUTH_d2ec34d46b3b47c1aaecc938c7c0edf5/gnocchi.e6c37740-162a-406f-85cc-817685924d57/1771200000.0_mean_300.0_v3 HTTP/1.0 201 - python-swiftclient-3.11.1 gAAAAABpl2fpU86I... 16 - - tx00fc5d9aa7494cf7b2109-00699768ac - 0.0207 - - 1771530412.347921848 1771530412.368643045 0
Feb 19 19:46:52 standalone container-server[126946]: 172.20.0.100 - - [19/Feb/2026:19:46:52 +0000] "PUT /d1/2/AUTH_d2ec34d46b3b47c1aaecc938c7c0edf5/gnocchi.e6c37740-162a-406f-85cc-817685924d57/none_v3" 201 - "PUT http://172.18.0.2:8080/d1/915/AUTH_d2ec34d46b3b47c1aaecc938c7c0edf5/gnocchi.e6c37740-162a-406f-85cc-817685924d57/none_v3" "tx98f3eddf0fba404fb57aa-00699768ac" "object-server 24" 0.0005 "-" 19 0
Feb 19 19:46:52 standalone object-server[127252]: 172.20.0.100 - - [19/Feb/2026:19:46:52 +0000] "PUT /d1/915/AUTH_d2ec34d46b3b47c1aaecc938c7c0edf5/gnocchi.e6c37740-162a-406f-85cc-817685924d57/none_v3" 201 - "PUT http://172.18.0.2:8080/v1/AUTH_d2ec34d46b3b47c1aaecc938c7c0edf5/gnocchi.e6c37740-162a-406f-85cc-817685924d57/none_v3" "tx98f3eddf0fba404fb57aa-00699768ac" "proxy-server 12" 0.0149 "-" 24 0
Feb 19 19:46:52 standalone proxy-server[129077]: 172.18.0.2 172.18.0.100 19/Feb/2026/19/46/52 PUT /v1/AUTH_d2ec34d46b3b47c1aaecc938c7c0edf5/gnocchi.e6c37740-162a-406f-85cc-817685924d57/none_v3 HTTP/1.0 201 - python-swiftclient-3.11.1 gAAAAABpl2fpU86I... 22 - - tx98f3eddf0fba404fb57aa-00699768ac - 0.0225 - - 1771530412.372319698 1771530412.394802570 0
Feb 19 19:46:52 standalone container-server[126936]: 172.20.0.100 - - [19/Feb/2026:19:46:52 +0000] "HEAD /d1/255/AUTH_d2ec34d46b3b47c1aaecc938c7c0edf5/gnocchi.bc37a879-0d5d-4e72-beca-52245804a9a5" 404 - "HEAD http://172.18.0.2:8080/v1/AUTH_d2ec34d46b3b47c1aaecc938c7c0edf5/gnocchi.bc37a879-0d5d-4e72-beca-52245804a9a5?format=json&states=listing" "txb5607ba2085b4d8da1e94-00699768ac" "proxy-server 12" 0.0005 "-" 17 0
Feb 19 19:46:52 standalone object-server[127252]: 172.20.0.100 - - [19/Feb/2026:19:46:52 +0000] "GET /d1/858/AUTH_d2ec34d46b3b47c1aaecc938c7c0edf5/gnocchi.bc37a879-0d5d-4e72-beca-52245804a9a5/none_v3" 404 70 "GET http://172.18.0.2:8080/v1/AUTH_d2ec34d46b3b47c1aaecc938c7c0edf5/gnocchi.bc37a879-0d5d-4e72-beca-52245804a9a5/none_v3" "txb5607ba2085b4d8da1e94-00699768ac" "proxy-server 12" 0.0005 "-" 24 0
Feb 19 19:46:52 standalone proxy-server[129077]: 172.18.0.2 172.18.0.100 19/Feb/2026/19/46/52 GET /v1/AUTH_d2ec34d46b3b47c1aaecc938c7c0edf5/gnocchi.bc37a879-0d5d-4e72-beca-52245804a9a5/none_v3 HTTP/1.0 404 - python-swiftclient-3.11.1 gAAAAABpl2fpU86I... - 70 - txb5607ba2085b4d8da1e94-00699768ac - 0.0134 - - 1771530412.409754038 1771530412.423186779 0
Feb 19 19:46:52 standalone account-server[126956]: 172.20.0.100 - - [19/Feb/2026:19:46:52 +0000] "PUT /d1/673/AUTH_d2ec34d46b3b47c1aaecc938c7c0edf5/gnocchi.bc37a879-0d5d-4e72-beca-52245804a9a5" 201 - "PUT http://172.20.0.100:6001/d1/255/AUTH_d2ec34d46b3b47c1aaecc938c7c0edf5/gnocchi.bc37a879-0d5d-4e72-beca-52245804a9a5" "tx65f274d48fae4d5e8dffd-00699768ac" "container-server 20" 0.0057 "-" 21 0
Feb 19 19:46:52 standalone container-server[126951]: 172.20.0.100 - - [19/Feb/2026:19:46:52 +0000] "PUT /d1/255/AUTH_d2ec34d46b3b47c1aaecc938c7c0edf5/gnocchi.bc37a879-0d5d-4e72-beca-52245804a9a5" 201 - "PUT http://172.18.0.2:8080/v1/AUTH_d2ec34d46b3b47c1aaecc938c7c0edf5/gnocchi.bc37a879-0d5d-4e72-beca-52245804a9a5" "tx65f274d48fae4d5e8dffd-00699768ac" "proxy-server 12" 0.0158 "-" 20 0
Feb 19 19:46:52 standalone proxy-server[129077]: 172.18.0.2 172.18.0.100 19/Feb/2026/19/46/52 PUT /v1/AUTH_d2ec34d46b3b47c1aaecc938c7c0edf5/gnocchi.bc37a879-0d5d-4e72-beca-52245804a9a5 HTTP/1.0 201 - python-swiftclient-3.11.1 gAAAAABpl2fpU86I... - - - tx65f274d48fae4d5e8dffd-00699768ac - 0.0230 - - 1771530412.426824331 1771530412.449867249 0
Feb 19 19:46:52 standalone container-server[126951]: 172.20.0.100 - - [19/Feb/2026:19:46:52 +0000] "HEAD /d1/255/AUTH_d2ec34d46b3b47c1aaecc938c7c0edf5/gnocchi.bc37a879-0d5d-4e72-beca-52245804a9a5" 204 - "HEAD http://172.18.0.2:8080/v1/AUTH_d2ec34d46b3b47c1aaecc938c7c0edf5/gnocchi.bc37a879-0d5d-4e72-beca-52245804a9a5?format=json&states=listing" "tx154288c1beda482383733-00699768ac" "proxy-server 12" 0.0013 "-" 20 0
Feb 19 19:46:52 standalone proxy-server[129077]: - - 19/Feb/2026/19/46/52 HEAD /v1/AUTH_d2ec34d46b3b47c1aaecc938c7c0edf5/gnocchi.bc37a879-0d5d-4e72-beca-52245804a9a5%3Fformat%3Djson%26states%3Dlisting HTTP/1.0 204 - Swift - - - - tx154288c1beda482383733-00699768ac - 0.0053 RL - 1771530412.455734968 1771530412.461031199 0
Feb 19 19:46:52 standalone container-server[126936]: 172.20.0.100 - - [19/Feb/2026:19:46:52 +0000] "GET /d1/255/AUTH_d2ec34d46b3b47c1aaecc938c7c0edf5/gnocchi.bc37a879-0d5d-4e72-beca-52245804a9a5" 200 2 "GET http://172.18.0.2:8080/v1/AUTH_d2ec34d46b3b47c1aaecc938c7c0edf5/gnocchi.bc37a879-0d5d-4e72-beca-52245804a9a5?format=json&states=listing" "tx154288c1beda482383733-00699768ac" "proxy-server 12" 0.0031 "-" 17 0
Feb 19 19:46:52 standalone proxy-server[129077]: 172.18.0.2 172.18.0.100 19/Feb/2026/19/46/52 GET /v1/AUTH_d2ec34d46b3b47c1aaecc938c7c0edf5/gnocchi.bc37a879-0d5d-4e72-beca-52245804a9a5%3Fformat%3Djson%26states%3Dlisting HTTP/1.0 200 - python-swiftclient-3.11.1 gAAAAABpl2fpU86I... - 2 - tx154288c1beda482383733-00699768ac - 0.0183 - - 1771530412.454184771 1771530412.472456455 0
Feb 19 19:46:52 standalone object-server[127250]: 172.20.0.100 - - [19/Feb/2026:19:46:52 +0000] "GET /d1/457/AUTH_d2ec34d46b3b47c1aaecc938c7c0edf5/gnocchi.bc37a879-0d5d-4e72-beca-52245804a9a5/1771200000.0_mean_300.0_v3" 404 70 "GET http://172.18.0.2:8080/v1/AUTH_d2ec34d46b3b47c1aaecc938c7c0edf5/gnocchi.bc37a879-0d5d-4e72-beca-52245804a9a5/1771200000.0_mean_300.0_v3" "txcd4cf79ee317421ebd37e-00699768ac" "proxy-server 12" 0.0005 "-" 22 0
Feb 19 19:46:52 standalone proxy-server[129077]: 172.18.0.2 172.18.0.100 19/Feb/2026/19/46/52 GET /v1/AUTH_d2ec34d46b3b47c1aaecc938c7c0edf5/gnocchi.bc37a879-0d5d-4e72-beca-52245804a9a5/1771200000.0_mean_300.0_v3 HTTP/1.0 404 - python-swiftclient-3.11.1 gAAAAABpl2fpU86I... - 70 - txcd4cf79ee317421ebd37e-00699768ac - 0.0079 - - 1771530412.477068186 1771530412.485006332 0
Feb 19 19:46:52 standalone container-server[126951]: 172.20.0.100 - - [19/Feb/2026:19:46:52 +0000] "PUT /d1/255/AUTH_d2ec34d46b3b47c1aaecc938c7c0edf5/gnocchi.bc37a879-0d5d-4e72-beca-52245804a9a5/1771200000.0_mean_300.0_v3" 201 - "PUT http://172.18.0.2:8080/d1/457/AUTH_d2ec34d46b3b47c1aaecc938c7c0edf5/gnocchi.bc37a879-0d5d-4e72-beca-52245804a9a5/1771200000.0_mean_300.0_v3" "tx4ce933ddc06443318ce99-00699768ac" "object-server 23" 0.0006 "-" 20 0
Feb 19 19:46:52 standalone object-server[127251]: 172.20.0.100 - - [19/Feb/2026:19:46:52 +0000] "PUT /d1/457/AUTH_d2ec34d46b3b47c1aaecc938c7c0edf5/gnocchi.bc37a879-0d5d-4e72-beca-52245804a9a5/1771200000.0_mean_300.0_v3" 201 - "PUT http://172.18.0.2:8080/v1/AUTH_d2ec34d46b3b47c1aaecc938c7c0edf5/gnocchi.bc37a879-0d5d-4e72-beca-52245804a9a5/1771200000.0_mean_300.0_v3" "tx4ce933ddc06443318ce99-00699768ac" "proxy-server 12" 0.0110 "-" 23 0
Feb 19 19:46:52 standalone proxy-server[129077]: 172.18.0.2 172.18.0.100 19/Feb/2026/19/46/52 PUT /v1/AUTH_d2ec34d46b3b47c1aaecc938c7c0edf5/gnocchi.bc37a879-0d5d-4e72-beca-52245804a9a5/1771200000.0_mean_300.0_v3 HTTP/1.0 201 - python-swiftclient-3.11.1 gAAAAABpl2fpU86I... 16 - - tx4ce933ddc06443318ce99-00699768ac - 0.0192 - - 1771530412.489037991 1771530412.508259058 0
Feb 19 19:46:52 standalone container-server[126946]: 172.20.0.100 - - [19/Feb/2026:19:46:52 +0000] "PUT /d1/255/AUTH_d2ec34d46b3b47c1aaecc938c7c0edf5/gnocchi.bc37a879-0d5d-4e72-beca-52245804a9a5/none_v3" 201 - "PUT http://172.18.0.2:8080/d1/858/AUTH_d2ec34d46b3b47c1aaecc938c7c0edf5/gnocchi.bc37a879-0d5d-4e72-beca-52245804a9a5/none_v3" "txdeca8daff9d54ab2b772d-00699768ac" "object-server 23" 0.0008 "-" 19 0
Feb 19 19:46:52 standalone object-server[127251]: 172.20.0.100 - - [19/Feb/2026:19:46:52 +0000] "PUT /d1/858/AUTH_d2ec34d46b3b47c1aaecc938c7c0edf5/gnocchi.bc37a879-0d5d-4e72-beca-52245804a9a5/none_v3" 201 - "PUT http://172.18.0.2:8080/v1/AUTH_d2ec34d46b3b47c1aaecc938c7c0edf5/gnocchi.bc37a879-0d5d-4e72-beca-52245804a9a5/none_v3" "txdeca8daff9d54ab2b772d-00699768ac" "proxy-server 12" 0.0122 "-" 23 0
Feb 19 19:46:52 standalone proxy-server[129077]: 172.18.0.2 172.18.0.100 19/Feb/2026/19/46/52 PUT /v1/AUTH_d2ec34d46b3b47c1aaecc938c7c0edf5/gnocchi.bc37a879-0d5d-4e72-beca-52245804a9a5/none_v3 HTTP/1.0 201 - python-swiftclient-3.11.1 gAAAAABpl2fpU86I... 22 - - txdeca8daff9d54ab2b772d-00699768ac - 0.0213 - - 1771530412.512594461 1771530412.533854723 0
Feb 19 19:46:52 standalone container-server[126938]: 172.20.0.100 - - [19/Feb/2026:19:46:52 +0000] "HEAD /d1/521/AUTH_d2ec34d46b3b47c1aaecc938c7c0edf5/gnocchi.5ea348d9-13c0-4a9f-8bad-65ee1ef9d760" 404 - "HEAD http://172.18.0.2:8080/v1/AUTH_d2ec34d46b3b47c1aaecc938c7c0edf5/gnocchi.5ea348d9-13c0-4a9f-8bad-65ee1ef9d760?format=json&states=listing" "tx4a619fea91d240f7a865b-00699768ac" "proxy-server 12" 0.0005 "-" 18 0
Feb 19 19:46:52 standalone object-server[127251]: 172.20.0.100 - - [19/Feb/2026:19:46:52 +0000] "GET /d1/320/AUTH_d2ec34d46b3b47c1aaecc938c7c0edf5/gnocchi.5ea348d9-13c0-4a9f-8bad-65ee1ef9d760/none_v3" 404 70 "GET http://172.18.0.2:8080/v1/AUTH_d2ec34d46b3b47c1aaecc938c7c0edf5/gnocchi.5ea348d9-13c0-4a9f-8bad-65ee1ef9d760/none_v3" "tx4a619fea91d240f7a865b-00699768ac" "proxy-server 12" 0.0005 "-" 23 0
Feb 19 19:46:52 standalone proxy-server[129077]: 172.18.0.2 172.18.0.100 19/Feb/2026/19/46/52 GET /v1/AUTH_d2ec34d46b3b47c1aaecc938c7c0edf5/gnocchi.5ea348d9-13c0-4a9f-8bad-65ee1ef9d760/none_v3 HTTP/1.0 404 - python-swiftclient-3.11.1 gAAAAABpl2fpU86I... - 70 - tx4a619fea91d240f7a865b-00699768ac - 0.0133 - - 1771530412.546532393 1771530412.559794426 0
Feb 19 19:46:52 standalone account-server[126961]: 172.20.0.100 - - [19/Feb/2026:19:46:52 +0000] "PUT /d1/673/AUTH_d2ec34d46b3b47c1aaecc938c7c0edf5/gnocchi.5ea348d9-13c0-4a9f-8bad-65ee1ef9d760" 201 - "PUT http://172.20.0.100:6001/d1/521/AUTH_d2ec34d46b3b47c1aaecc938c7c0edf5/gnocchi.5ea348d9-13c0-4a9f-8bad-65ee1ef9d760" "tx21646a6621f647c495de3-00699768ac" "container-server 19" 0.0059 "-" 22 0
Feb 19 19:46:52 standalone container-server[126946]: 172.20.0.100 - - [19/Feb/2026:19:46:52 +0000] "PUT /d1/521/AUTH_d2ec34d46b3b47c1aaecc938c7c0edf5/gnocchi.5ea348d9-13c0-4a9f-8bad-65ee1ef9d760" 201 - "PUT http://172.18.0.2:8080/v1/AUTH_d2ec34d46b3b47c1aaecc938c7c0edf5/gnocchi.5ea348d9-13c0-4a9f-8bad-65ee1ef9d760" "tx21646a6621f647c495de3-00699768ac" "proxy-server 12" 0.0205 "-" 19 0
Feb 19 19:46:52 standalone proxy-server[129077]: 172.18.0.2 172.18.0.100 19/Feb/2026/19/46/52 PUT /v1/AUTH_d2ec34d46b3b47c1aaecc938c7c0edf5/gnocchi.5ea348d9-13c0-4a9f-8bad-65ee1ef9d760 HTTP/1.0 201 - python-swiftclient-3.11.1 gAAAAABpl2fpU86I... - - - tx21646a6621f647c495de3-00699768ac - 0.0271 - - 1771530412.563647270 1771530412.590754032 0
Feb 19 19:46:52 standalone container-server[126938]: 172.20.0.100 - - [19/Feb/2026:19:46:52 +0000] "HEAD /d1/521/AUTH_d2ec34d46b3b47c1aaecc938c7c0edf5/gnocchi.5ea348d9-13c0-4a9f-8bad-65ee1ef9d760" 204 - "HEAD http://172.18.0.2:8080/v1/AUTH_d2ec34d46b3b47c1aaecc938c7c0edf5/gnocchi.5ea348d9-13c0-4a9f-8bad-65ee1ef9d760?format=json&states=listing" "tx3f5ba9125fcf48e1a37fb-00699768ac" "proxy-server 12" 0.0021 "-" 18 0
Feb 19 19:46:52 standalone proxy-server[129077]: - - 19/Feb/2026/19/46/52 HEAD /v1/AUTH_d2ec34d46b3b47c1aaecc938c7c0edf5/gnocchi.5ea348d9-13c0-4a9f-8bad-65ee1ef9d760%3Fformat%3Djson%26states%3Dlisting HTTP/1.0 204 - Swift - - - - tx3f5ba9125fcf48e1a37fb-00699768ac - 0.0070 RL - 1771530412.596709967 1771530412.603724718 0
Feb 19 19:46:52 standalone container-server[126946]: 172.20.0.100 - - [19/Feb/2026:19:46:52 +0000] "GET /d1/521/AUTH_d2ec34d46b3b47c1aaecc938c7c0edf5/gnocchi.5ea348d9-13c0-4a9f-8bad-65ee1ef9d760" 200 2 "GET http://172.18.0.2:8080/v1/AUTH_d2ec34d46b3b47c1aaecc938c7c0edf5/gnocchi.5ea348d9-13c0-4a9f-8bad-65ee1ef9d760?format=json&states=listing" "tx3f5ba9125fcf48e1a37fb-00699768ac" "proxy-server 12" 0.0033 "-" 19 0
Feb 19 19:46:52 standalone proxy-server[129077]: 172.18.0.2 172.18.0.100 19/Feb/2026/19/46/52 GET /v1/AUTH_d2ec34d46b3b47c1aaecc938c7c0edf5/gnocchi.5ea348d9-13c0-4a9f-8bad-65ee1ef9d760%3Fformat%3Djson%26states%3Dlisting HTTP/1.0 200 - python-swiftclient-3.11.1 gAAAAABpl2fpU86I... - 2 - tx3f5ba9125fcf48e1a37fb-00699768ac - 0.0203 - - 1771530412.595127344 1771530412.615383148 0
Feb 19 19:46:52 standalone object-server[127253]: 172.20.0.100 - - [19/Feb/2026:19:46:52 +0000] "GET /d1/541/AUTH_d2ec34d46b3b47c1aaecc938c7c0edf5/gnocchi.5ea348d9-13c0-4a9f-8bad-65ee1ef9d760/1771200000.0_mean_300.0_v3" 404 70 "GET http://172.18.0.2:8080/v1/AUTH_d2ec34d46b3b47c1aaecc938c7c0edf5/gnocchi.5ea348d9-13c0-4a9f-8bad-65ee1ef9d760/1771200000.0_mean_300.0_v3" "txea79180c3041422a89316-00699768ac" "proxy-server 12" 0.0005 "-" 25 0
Feb 19 19:46:52 standalone proxy-server[129077]: 172.18.0.2 172.18.0.100 19/Feb/2026/19/46/52 GET /v1/AUTH_d2ec34d46b3b47c1aaecc938c7c0edf5/gnocchi.5ea348d9-13c0-4a9f-8bad-65ee1ef9d760/1771200000.0_mean_300.0_v3 HTTP/1.0 404 - python-swiftclient-3.11.1 gAAAAABpl2fpU86I... - 70 - txea79180c3041422a89316-00699768ac - 0.0078 - - 1771530412.619907379 1771530412.627674818 0
Feb 19 19:46:52 standalone container-server[126946]: 172.20.0.100 - - [19/Feb/2026:19:46:52 +0000] "PUT /d1/521/AUTH_d2ec34d46b3b47c1aaecc938c7c0edf5/gnocchi.5ea348d9-13c0-4a9f-8bad-65ee1ef9d760/1771200000.0_mean_300.0_v3" 201 - "PUT http://172.18.0.2:8080/d1/541/AUTH_d2ec34d46b3b47c1aaecc938c7c0edf5/gnocchi.5ea348d9-13c0-4a9f-8bad-65ee1ef9d760/1771200000.0_mean_300.0_v3" "tx511d65eec34d4575836d9-00699768ac" "object-server 22" 0.0009 "-" 19 0
Feb 19 19:46:52 standalone object-server[127250]: 172.20.0.100 - - [19/Feb/2026:19:46:52 +0000] "PUT /d1/541/AUTH_d2ec34d46b3b47c1aaecc938c7c0edf5/gnocchi.5ea348d9-13c0-4a9f-8bad-65ee1ef9d760/1771200000.0_mean_300.0_v3" 201 - "PUT http://172.18.0.2:8080/v1/AUTH_d2ec34d46b3b47c1aaecc938c7c0edf5/gnocchi.5ea348d9-13c0-4a9f-8bad-65ee1ef9d760/1771200000.0_mean_300.0_v3" "tx511d65eec34d4575836d9-00699768ac" "proxy-server 12" 0.0121 "-" 22 0
Feb 19 19:46:52 standalone proxy-server[129077]: 172.18.0.2 172.18.0.100 19/Feb/2026/19/46/52 PUT /v1/AUTH_d2ec34d46b3b47c1aaecc938c7c0edf5/gnocchi.5ea348d9-13c0-4a9f-8bad-65ee1ef9d760/1771200000.0_mean_300.0_v3 HTTP/1.0 201 - python-swiftclient-3.11.1 gAAAAABpl2fpU86I... 16 - - tx511d65eec34d4575836d9-00699768ac - 0.0196 - - 1771530412.631531715 1771530412.651091814 0
Feb 19 19:46:52 standalone container-server[126936]: 172.20.0.100 - - [19/Feb/2026:19:46:52 +0000] "PUT /d1/521/AUTH_d2ec34d46b3b47c1aaecc938c7c0edf5/gnocchi.5ea348d9-13c0-4a9f-8bad-65ee1ef9d760/none_v3" 201 - "PUT http://172.18.0.2:8080/d1/320/AUTH_d2ec34d46b3b47c1aaecc938c7c0edf5/gnocchi.5ea348d9-13c0-4a9f-8bad-65ee1ef9d760/none_v3" "tx15431fbbd94543eba20c4-00699768ac" "object-server 25" 0.0009 "-" 17 0
Feb 19 19:46:52 standalone object-server[127253]: 172.20.0.100 - - [19/Feb/2026:19:46:52 +0000] "PUT /d1/320/AUTH_d2ec34d46b3b47c1aaecc938c7c0edf5/gnocchi.5ea348d9-13c0-4a9f-8bad-65ee1ef9d760/none_v3" 201 - "PUT http://172.18.0.2:8080/v1/AUTH_d2ec34d46b3b47c1aaecc938c7c0edf5/gnocchi.5ea348d9-13c0-4a9f-8bad-65ee1ef9d760/none_v3" "tx15431fbbd94543eba20c4-00699768ac" "proxy-server 12" 0.0159 "-" 25 0
Feb 19 19:46:52 standalone proxy-server[129077]: 172.18.0.2 172.18.0.100 19/Feb/2026/19/46/52 PUT /v1/AUTH_d2ec34d46b3b47c1aaecc938c7c0edf5/gnocchi.5ea348d9-13c0-4a9f-8bad-65ee1ef9d760/none_v3 HTTP/1.0 201 - python-swiftclient-3.11.1 gAAAAABpl2fpU86I... 22 - - tx15431fbbd94543eba20c4-00699768ac - 0.0235 - - 1771530412.654931784 1771530412.678413391 0
Feb 19 19:46:52 standalone container-server[126951]: 172.20.0.100 - - [19/Feb/2026:19:46:52 +0000] "HEAD /d1/934/AUTH_d2ec34d46b3b47c1aaecc938c7c0edf5/gnocchi.09a4c435-981e-4be9-9f2e-6367988f868b" 404 - "HEAD http://172.18.0.2:8080/v1/AUTH_d2ec34d46b3b47c1aaecc938c7c0edf5/gnocchi.09a4c435-981e-4be9-9f2e-6367988f868b?format=json&states=listing" "tx55960c00a5a74b029c659-00699768ac" "proxy-server 12" 0.0004 "-" 20 0
Feb 19 19:46:52 standalone object-server[127250]: 172.20.0.100 - - [19/Feb/2026:19:46:52 +0000] "GET /d1/190/AUTH_d2ec34d46b3b47c1aaecc938c7c0edf5/gnocchi.09a4c435-981e-4be9-9f2e-6367988f868b/none_v3" 404 70 "GET http://172.18.0.2:8080/v1/AUTH_d2ec34d46b3b47c1aaecc938c7c0edf5/gnocchi.09a4c435-981e-4be9-9f2e-6367988f868b/none_v3" "tx55960c00a5a74b029c659-00699768ac" "proxy-server 12" 0.0004 "-" 22 0
Feb 19 19:46:52 standalone proxy-server[129077]: 172.18.0.2 172.18.0.100 19/Feb/2026/19/46/52 GET /v1/AUTH_d2ec34d46b3b47c1aaecc938c7c0edf5/gnocchi.09a4c435-981e-4be9-9f2e-6367988f868b/none_v3 HTTP/1.0 404 - python-swiftclient-3.11.1 gAAAAABpl2fpU86I... - 70 - tx55960c00a5a74b029c659-00699768ac - 0.0164 - - 1771530412.722305298 1771530412.738685608 0
Feb 19 19:46:52 standalone account-server[126956]: 172.20.0.100 - - [19/Feb/2026:19:46:52 +0000] "PUT /d1/673/AUTH_d2ec34d46b3b47c1aaecc938c7c0edf5/gnocchi.09a4c435-981e-4be9-9f2e-6367988f868b" 201 - "PUT http://172.20.0.100:6001/d1/934/AUTH_d2ec34d46b3b47c1aaecc938c7c0edf5/gnocchi.09a4c435-981e-4be9-9f2e-6367988f868b" "tx218f6b01730b435993665-00699768ac" "container-server 18" 0.0062 "-" 21 0
Feb 19 19:46:52 standalone container-server[126938]: 172.20.0.100 - - [19/Feb/2026:19:46:52 +0000] "PUT /d1/934/AUTH_d2ec34d46b3b47c1aaecc938c7c0edf5/gnocchi.09a4c435-981e-4be9-9f2e-6367988f868b" 201 - "PUT http://172.18.0.2:8080/v1/AUTH_d2ec34d46b3b47c1aaecc938c7c0edf5/gnocchi.09a4c435-981e-4be9-9f2e-6367988f868b" "tx218f6b01730b435993665-00699768ac" "proxy-server 12" 0.0164 "-" 18 0
Feb 19 19:46:52 standalone proxy-server[129077]: 172.18.0.2 172.18.0.100 19/Feb/2026/19/46/52 PUT /v1/AUTH_d2ec34d46b3b47c1aaecc938c7c0edf5/gnocchi.09a4c435-981e-4be9-9f2e-6367988f868b HTTP/1.0 201 - python-swiftclient-3.11.1 gAAAAABpl2fpU86I... - - - tx218f6b01730b435993665-00699768ac - 0.0218 - - 1771530412.741790771 1771530412.763577938 0
Feb 19 19:46:52 standalone container-server[126938]: 172.20.0.100 - - [19/Feb/2026:19:46:52 +0000] "HEAD /d1/934/AUTH_d2ec34d46b3b47c1aaecc938c7c0edf5/gnocchi.09a4c435-981e-4be9-9f2e-6367988f868b" 204 - "HEAD http://172.18.0.2:8080/v1/AUTH_d2ec34d46b3b47c1aaecc938c7c0edf5/gnocchi.09a4c435-981e-4be9-9f2e-6367988f868b?format=json&states=listing" "txbe8cb42dc70d4eb4a5600-00699768ac" "proxy-server 12" 0.0015 "-" 18 0
Feb 19 19:46:52 standalone proxy-server[129077]: - - 19/Feb/2026/19/46/52 HEAD /v1/AUTH_d2ec34d46b3b47c1aaecc938c7c0edf5/gnocchi.09a4c435-981e-4be9-9f2e-6367988f868b%3Fformat%3Djson%26states%3Dlisting HTTP/1.0 204 - Swift - - - - txbe8cb42dc70d4eb4a5600-00699768ac - 0.0518 RL - 1771530412.768860817 1771530412.820672512 0
Feb 19 19:46:52 standalone container-server[126946]: 172.20.0.100 - - [19/Feb/2026:19:46:52 +0000] "GET /d1/934/AUTH_d2ec34d46b3b47c1aaecc938c7c0edf5/gnocchi.09a4c435-981e-4be9-9f2e-6367988f868b" 200 2 "GET http://172.18.0.2:8080/v1/AUTH_d2ec34d46b3b47c1aaecc938c7c0edf5/gnocchi.09a4c435-981e-4be9-9f2e-6367988f868b?format=json&states=listing" "txbe8cb42dc70d4eb4a5600-00699768ac" "proxy-server 12" 0.0018 "-" 19 0
Feb 19 19:46:52 standalone proxy-server[129077]: 172.18.0.2 172.18.0.100 19/Feb/2026/19/46/52 GET /v1/AUTH_d2ec34d46b3b47c1aaecc938c7c0edf5/gnocchi.09a4c435-981e-4be9-9f2e-6367988f868b%3Fformat%3Djson%26states%3Dlisting HTTP/1.0 200 - python-swiftclient-3.11.1 gAAAAABpl2fpU86I... - 2 - txbe8cb42dc70d4eb4a5600-00699768ac - 0.0620 - - 1771530412.767777443 1771530412.829745770 0
Feb 19 19:46:52 standalone object-server[127253]: 172.20.0.100 - - [19/Feb/2026:19:46:52 +0000] "GET /d1/948/AUTH_d2ec34d46b3b47c1aaecc938c7c0edf5/gnocchi.09a4c435-981e-4be9-9f2e-6367988f868b/1771200000.0_mean_300.0_v3" 404 70 "GET http://172.18.0.2:8080/v1/AUTH_d2ec34d46b3b47c1aaecc938c7c0edf5/gnocchi.09a4c435-981e-4be9-9f2e-6367988f868b/1771200000.0_mean_300.0_v3" "tx6f1a16b4052d43649e818-00699768ac" "proxy-server 12" 0.0004 "-" 25 0
Feb 19 19:46:52 standalone proxy-server[129077]: 172.18.0.2 172.18.0.100 19/Feb/2026/19/46/52 GET /v1/AUTH_d2ec34d46b3b47c1aaecc938c7c0edf5/gnocchi.09a4c435-981e-4be9-9f2e-6367988f868b/1771200000.0_mean_300.0_v3 HTTP/1.0 404 - python-swiftclient-3.11.1 gAAAAABpl2fpU86I... - 70 - tx6f1a16b4052d43649e818-00699768ac - 0.0075 - - 1771530412.833051682 1771530412.840584993 0
Feb 19 19:46:52 standalone container-server[126946]: 172.20.0.100 - - [19/Feb/2026:19:46:52 +0000] "PUT /d1/934/AUTH_d2ec34d46b3b47c1aaecc938c7c0edf5/gnocchi.09a4c435-981e-4be9-9f2e-6367988f868b/1771200000.0_mean_300.0_v3" 201 - "PUT http://172.18.0.2:8080/d1/948/AUTH_d2ec34d46b3b47c1aaecc938c7c0edf5/gnocchi.09a4c435-981e-4be9-9f2e-6367988f868b/1771200000.0_mean_300.0_v3" "txec7f8516f5f24c16ac832-00699768ac" "object-server 22" 0.0005 "-" 19 0
Feb 19 19:46:52 standalone object-server[127250]: 172.20.0.100 - - [19/Feb/2026:19:46:52 +0000] "PUT /d1/948/AUTH_d2ec34d46b3b47c1aaecc938c7c0edf5/gnocchi.09a4c435-981e-4be9-9f2e-6367988f868b/1771200000.0_mean_300.0_v3" 201 - "PUT http://172.18.0.2:8080/v1/AUTH_d2ec34d46b3b47c1aaecc938c7c0edf5/gnocchi.09a4c435-981e-4be9-9f2e-6367988f868b/1771200000.0_mean_300.0_v3" "txec7f8516f5f24c16ac832-00699768ac" "proxy-server 12" 0.0224 "-" 22 0
Feb 19 19:46:52 standalone proxy-server[129077]: 172.18.0.2 172.18.0.100 19/Feb/2026/19/46/52 PUT /v1/AUTH_d2ec34d46b3b47c1aaecc938c7c0edf5/gnocchi.09a4c435-981e-4be9-9f2e-6367988f868b/1771200000.0_mean_300.0_v3 HTTP/1.0 201 - python-swiftclient-3.11.1 gAAAAABpl2fpU86I... 16 - - txec7f8516f5f24c16ac832-00699768ac - 0.0272 - - 1771530412.844167471 1771530412.871395826 0
Feb 19 19:46:52 standalone container-server[126946]: 172.20.0.100 - - [19/Feb/2026:19:46:52 +0000] "PUT /d1/934/AUTH_d2ec34d46b3b47c1aaecc938c7c0edf5/gnocchi.09a4c435-981e-4be9-9f2e-6367988f868b/none_v3" 201 - "PUT http://172.18.0.2:8080/d1/190/AUTH_d2ec34d46b3b47c1aaecc938c7c0edf5/gnocchi.09a4c435-981e-4be9-9f2e-6367988f868b/none_v3" "txbff14affe91a45399ca5b-00699768ac" "object-server 22" 0.0005 "-" 19 0
Feb 19 19:46:52 standalone object-server[127250]: 172.20.0.100 - - [19/Feb/2026:19:46:52 +0000] "PUT /d1/190/AUTH_d2ec34d46b3b47c1aaecc938c7c0edf5/gnocchi.09a4c435-981e-4be9-9f2e-6367988f868b/none_v3" 201 - "PUT http://172.18.0.2:8080/v1/AUTH_d2ec34d46b3b47c1aaecc938c7c0edf5/gnocchi.09a4c435-981e-4be9-9f2e-6367988f868b/none_v3" "txbff14affe91a45399ca5b-00699768ac" "proxy-server 12" 0.0093 "-" 22 0
