Feb 19 19:46:50 standalone container-server[126946]: 172.20.0.100 - - [19/Feb/2026:19:46:50 +0000] "PUT /d1/439/AUTH_d2ec34d46b3b47c1aaecc938c7c0edf5/gnocchi.87707b33-7aeb-49c3-a2f8-6a976625bac7/none_v3" 201 - "PUT http://172.18.0.2:8080/d1/339/AUTH_d2ec34d46b3b47c1aaecc938c7c0edf5/gnocchi.87707b33-7aeb-49c3-a2f8-6a976625bac7/none_v3" "tx8a8cffba24b842a18a579-00699768aa" "object-server 22" 0.0004 "-" 19 0
Feb 19 19:46:50 standalone object-server[127250]: 172.20.0.100 - - [19/Feb/2026:19:46:50 +0000] "PUT /d1/339/AUTH_d2ec34d46b3b47c1aaecc938c7c0edf5/gnocchi.87707b33-7aeb-49c3-a2f8-6a976625bac7/none_v3" 201 - "PUT http://172.18.0.2:8080/v1/AUTH_d2ec34d46b3b47c1aaecc938c7c0edf5/gnocchi.87707b33-7aeb-49c3-a2f8-6a976625bac7/none_v3" "tx8a8cffba24b842a18a579-00699768aa" "proxy-server 12" 0.0094 "-" 22 0
Feb 19 19:46:50 standalone proxy-server[129077]: 172.18.0.2 172.18.0.100 19/Feb/2026/19/46/50 PUT /v1/AUTH_d2ec34d46b3b47c1aaecc938c7c0edf5/gnocchi.87707b33-7aeb-49c3-a2f8-6a976625bac7/none_v3 HTTP/1.0 201 - python-swiftclient-3.11.1 gAAAAABpl2fpU86I... 22 - - tx8a8cffba24b842a18a579-00699768aa - 0.0151 - - 1771530410.169377089 1771530410.184446573 0
Feb 19 19:46:50 standalone container-server[126951]: 172.20.0.100 - - [19/Feb/2026:19:46:50 +0000] "HEAD /d1/766/AUTH_d2ec34d46b3b47c1aaecc938c7c0edf5/gnocchi.b29f1e79-baa0-4e47-bacc-4539ed339872" 404 - "HEAD http://172.18.0.2:8080/v1/AUTH_d2ec34d46b3b47c1aaecc938c7c0edf5/gnocchi.b29f1e79-baa0-4e47-bacc-4539ed339872?format=json&states=listing" "tx3613985cd21c4151999a3-00699768aa" "proxy-server 12" 0.0004 "-" 20 0
Feb 19 19:46:50 standalone object-server[127252]: 172.20.0.100 - - [19/Feb/2026:19:46:50 +0000] "GET /d1/732/AUTH_d2ec34d46b3b47c1aaecc938c7c0edf5/gnocchi.b29f1e79-baa0-4e47-bacc-4539ed339872/none_v3" 404 70 "GET http://172.18.0.2:8080/v1/AUTH_d2ec34d46b3b47c1aaecc938c7c0edf5/gnocchi.b29f1e79-baa0-4e47-bacc-4539ed339872/none_v3" "tx3613985cd21c4151999a3-00699768aa" "proxy-server 12" 0.0004 "-" 24 0
Feb 19 19:46:50 standalone proxy-server[129077]: 172.18.0.2 172.18.0.100 19/Feb/2026/19/46/50 GET /v1/AUTH_d2ec34d46b3b47c1aaecc938c7c0edf5/gnocchi.b29f1e79-baa0-4e47-bacc-4539ed339872/none_v3 HTTP/1.0 404 - python-swiftclient-3.11.1 gAAAAABpl2fpU86I... - 70 - tx3613985cd21c4151999a3-00699768aa - 0.0089 - - 1771530410.197560072 1771530410.206492424 0
Feb 19 19:46:50 standalone account-server[126956]: 172.20.0.100 - - [19/Feb/2026:19:46:50 +0000] "PUT /d1/673/AUTH_d2ec34d46b3b47c1aaecc938c7c0edf5/gnocchi.b29f1e79-baa0-4e47-bacc-4539ed339872" 201 - "PUT http://172.20.0.100:6001/d1/766/AUTH_d2ec34d46b3b47c1aaecc938c7c0edf5/gnocchi.b29f1e79-baa0-4e47-bacc-4539ed339872" "tx11a3210828aa4519ad617-00699768aa" "container-server 20" 0.0052 "-" 21 0
Feb 19 19:46:50 standalone container-server[126951]: 172.20.0.100 - - [19/Feb/2026:19:46:50 +0000] "PUT /d1/766/AUTH_d2ec34d46b3b47c1aaecc938c7c0edf5/gnocchi.b29f1e79-baa0-4e47-bacc-4539ed339872" 201 - "PUT http://172.18.0.2:8080/v1/AUTH_d2ec34d46b3b47c1aaecc938c7c0edf5/gnocchi.b29f1e79-baa0-4e47-bacc-4539ed339872" "tx11a3210828aa4519ad617-00699768aa" "proxy-server 12" 0.0136 "-" 20 0
Feb 19 19:46:50 standalone proxy-server[129077]: 172.18.0.2 172.18.0.100 19/Feb/2026/19/46/50 PUT /v1/AUTH_d2ec34d46b3b47c1aaecc938c7c0edf5/gnocchi.b29f1e79-baa0-4e47-bacc-4539ed339872 HTTP/1.0 201 - python-swiftclient-3.11.1 gAAAAABpl2fpU86I... - - - tx11a3210828aa4519ad617-00699768aa - 0.0179 - - 1771530410.208850861 1771530410.226792812 0
Feb 19 19:46:50 standalone container-server[126951]: 172.20.0.100 - - [19/Feb/2026:19:46:50 +0000] "HEAD /d1/766/AUTH_d2ec34d46b3b47c1aaecc938c7c0edf5/gnocchi.b29f1e79-baa0-4e47-bacc-4539ed339872" 204 - "HEAD http://172.18.0.2:8080/v1/AUTH_d2ec34d46b3b47c1aaecc938c7c0edf5/gnocchi.b29f1e79-baa0-4e47-bacc-4539ed339872?format=json&states=listing" "tx201d698196ae4019b036f-00699768aa" "proxy-server 12" 0.0011 "-" 20 0
Feb 19 19:46:50 standalone proxy-server[129077]: - - 19/Feb/2026/19/46/50 HEAD /v1/AUTH_d2ec34d46b3b47c1aaecc938c7c0edf5/gnocchi.b29f1e79-baa0-4e47-bacc-4539ed339872%3Fformat%3Djson%26states%3Dlisting HTTP/1.0 204 - Swift - - - - tx201d698196ae4019b036f-00699768aa - 0.0037 RL - 1771530410.230867863 1771530410.234542370 0
Feb 19 19:46:50 standalone container-server[126938]: 172.20.0.100 - - [19/Feb/2026:19:46:50 +0000] "GET /d1/766/AUTH_d2ec34d46b3b47c1aaecc938c7c0edf5/gnocchi.b29f1e79-baa0-4e47-bacc-4539ed339872" 200 2 "GET http://172.18.0.2:8080/v1/AUTH_d2ec34d46b3b47c1aaecc938c7c0edf5/gnocchi.b29f1e79-baa0-4e47-bacc-4539ed339872?format=json&states=listing" "tx201d698196ae4019b036f-00699768aa" "proxy-server 12" 0.0036 "-" 18 0
Feb 19 19:46:50 standalone proxy-server[129077]: 172.18.0.2 172.18.0.100 19/Feb/2026/19/46/50 GET /v1/AUTH_d2ec34d46b3b47c1aaecc938c7c0edf5/gnocchi.b29f1e79-baa0-4e47-bacc-4539ed339872%3Fformat%3Djson%26states%3Dlisting HTTP/1.0 200 - python-swiftclient-3.11.1 gAAAAABpl2fpU86I... - 2 - tx201d698196ae4019b036f-00699768aa - 0.0136 - - 1771530410.229970694 1771530410.243539810 0
Feb 19 19:46:50 standalone object-server[127251]: 172.20.0.100 - - [19/Feb/2026:19:46:50 +0000] "GET /d1/705/AUTH_d2ec34d46b3b47c1aaecc938c7c0edf5/gnocchi.b29f1e79-baa0-4e47-bacc-4539ed339872/1771200000.0_mean_300.0_v3" 404 70 "GET http://172.18.0.2:8080/v1/AUTH_d2ec34d46b3b47c1aaecc938c7c0edf5/gnocchi.b29f1e79-baa0-4e47-bacc-4539ed339872/1771200000.0_mean_300.0_v3" "tx92b9e30d9e6a4434ac81e-00699768aa" "proxy-server 12" 0.0003 "-" 23 0
Feb 19 19:46:50 standalone proxy-server[129077]: 172.18.0.2 172.18.0.100 19/Feb/2026/19/46/50 GET /v1/AUTH_d2ec34d46b3b47c1aaecc938c7c0edf5/gnocchi.b29f1e79-baa0-4e47-bacc-4539ed339872/1771200000.0_mean_300.0_v3 HTTP/1.0 404 - python-swiftclient-3.11.1 gAAAAABpl2fpU86I... - 70 - tx92b9e30d9e6a4434ac81e-00699768aa - 0.0043 - - 1771530410.246420622 1771530410.250757456 0
Feb 19 19:46:50 standalone container-server[126951]: 172.20.0.100 - - [19/Feb/2026:19:46:50 +0000] "PUT /d1/766/AUTH_d2ec34d46b3b47c1aaecc938c7c0edf5/gnocchi.b29f1e79-baa0-4e47-bacc-4539ed339872/1771200000.0_mean_300.0_v3" 201 - "PUT http://172.18.0.2:8080/d1/705/AUTH_d2ec34d46b3b47c1aaecc938c7c0edf5/gnocchi.b29f1e79-baa0-4e47-bacc-4539ed339872/1771200000.0_mean_300.0_v3" "txbe1639b355304fcf8dde1-00699768aa" "object-server 22" 0.0006 "-" 20 0
Feb 19 19:46:50 standalone object-server[127250]: 172.20.0.100 - - [19/Feb/2026:19:46:50 +0000] "PUT /d1/705/AUTH_d2ec34d46b3b47c1aaecc938c7c0edf5/gnocchi.b29f1e79-baa0-4e47-bacc-4539ed339872/1771200000.0_mean_300.0_v3" 201 - "PUT http://172.18.0.2:8080/v1/AUTH_d2ec34d46b3b47c1aaecc938c7c0edf5/gnocchi.b29f1e79-baa0-4e47-bacc-4539ed339872/1771200000.0_mean_300.0_v3" "txbe1639b355304fcf8dde1-00699768aa" "proxy-server 12" 0.0073 "-" 22 0
Feb 19 19:46:50 standalone proxy-server[129077]: 172.18.0.2 172.18.0.100 19/Feb/2026/19/46/50 PUT /v1/AUTH_d2ec34d46b3b47c1aaecc938c7c0edf5/gnocchi.b29f1e79-baa0-4e47-bacc-4539ed339872/1771200000.0_mean_300.0_v3 HTTP/1.0 201 - python-swiftclient-3.11.1 gAAAAABpl2fpU86I... 16 - - txbe1639b355304fcf8dde1-00699768aa - 0.0117 - - 1771530410.253017902 1771530410.264748573 0
Feb 19 19:46:50 standalone container-server[126951]: 172.20.0.100 - - [19/Feb/2026:19:46:50 +0000] "PUT /d1/766/AUTH_d2ec34d46b3b47c1aaecc938c7c0edf5/gnocchi.b29f1e79-baa0-4e47-bacc-4539ed339872/none_v3" 201 - "PUT http://172.18.0.2:8080/d1/732/AUTH_d2ec34d46b3b47c1aaecc938c7c0edf5/gnocchi.b29f1e79-baa0-4e47-bacc-4539ed339872/none_v3" "tx9ecaa53aa8b342b3bcc10-00699768aa" "object-server 24" 0.0005 "-" 20 0
Feb 19 19:46:50 standalone object-server[127252]: 172.20.0.100 - - [19/Feb/2026:19:46:50 +0000] "PUT /d1/732/AUTH_d2ec34d46b3b47c1aaecc938c7c0edf5/gnocchi.b29f1e79-baa0-4e47-bacc-4539ed339872/none_v3" 201 - "PUT http://172.18.0.2:8080/v1/AUTH_d2ec34d46b3b47c1aaecc938c7c0edf5/gnocchi.b29f1e79-baa0-4e47-bacc-4539ed339872/none_v3" "tx9ecaa53aa8b342b3bcc10-00699768aa" "proxy-server 12" 0.0102 "-" 24 0
Feb 19 19:46:50 standalone proxy-server[129077]: 172.18.0.2 172.18.0.100 19/Feb/2026/19/46/50 PUT /v1/AUTH_d2ec34d46b3b47c1aaecc938c7c0edf5/gnocchi.b29f1e79-baa0-4e47-bacc-4539ed339872/none_v3 HTTP/1.0 201 - python-swiftclient-3.11.1 gAAAAABpl2fpU86I... 22 - - tx9ecaa53aa8b342b3bcc10-00699768aa - 0.0170 - - 1771530410.267282009 1771530410.284311771 0
Feb 19 19:46:50 standalone container-server[126938]: 172.20.0.100 - - [19/Feb/2026:19:46:50 +0000] "HEAD /d1/836/AUTH_d2ec34d46b3b47c1aaecc938c7c0edf5/gnocchi.366f1049-4730-47c9-9837-2f5da5df4dcd" 404 - "HEAD http://172.18.0.2:8080/v1/AUTH_d2ec34d46b3b47c1aaecc938c7c0edf5/gnocchi.366f1049-4730-47c9-9837-2f5da5df4dcd?format=json&states=listing" "tx1f67e313aa2c416cb250b-00699768aa" "proxy-server 12" 0.0005 "-" 18 0
Feb 19 19:46:50 standalone object-server[127253]: 172.20.0.100 - - [19/Feb/2026:19:46:50 +0000] "GET /d1/442/AUTH_d2ec34d46b3b47c1aaecc938c7c0edf5/gnocchi.366f1049-4730-47c9-9837-2f5da5df4dcd/none_v3" 404 70 "GET http://172.18.0.2:8080/v1/AUTH_d2ec34d46b3b47c1aaecc938c7c0edf5/gnocchi.366f1049-4730-47c9-9837-2f5da5df4dcd/none_v3" "tx1f67e313aa2c416cb250b-00699768aa" "proxy-server 12" 0.0004 "-" 25 0
Feb 19 19:46:50 standalone proxy-server[129077]: 172.18.0.2 172.18.0.100 19/Feb/2026/19/46/50 GET /v1/AUTH_d2ec34d46b3b47c1aaecc938c7c0edf5/gnocchi.366f1049-4730-47c9-9837-2f5da5df4dcd/none_v3 HTTP/1.0 404 - python-swiftclient-3.11.1 gAAAAABpl2fpU86I... - 70 - tx1f67e313aa2c416cb250b-00699768aa - 0.0101 - - 1771530410.295434237 1771530410.305521727 0
Feb 19 19:46:50 standalone account-server[126961]: 172.20.0.100 - - [19/Feb/2026:19:46:50 +0000] "PUT /d1/673/AUTH_d2ec34d46b3b47c1aaecc938c7c0edf5/gnocchi.366f1049-4730-47c9-9837-2f5da5df4dcd" 201 - "PUT http://172.20.0.100:6001/d1/836/AUTH_d2ec34d46b3b47c1aaecc938c7c0edf5/gnocchi.366f1049-4730-47c9-9837-2f5da5df4dcd" "txa4f153f8bb594a7eaeca1-00699768aa" "container-server 17" 0.0046 "-" 22 0
Feb 19 19:46:50 standalone container-server[126936]: 172.20.0.100 - - [19/Feb/2026:19:46:50 +0000] "PUT /d1/836/AUTH_d2ec34d46b3b47c1aaecc938c7c0edf5/gnocchi.366f1049-4730-47c9-9837-2f5da5df4dcd" 201 - "PUT http://172.18.0.2:8080/v1/AUTH_d2ec34d46b3b47c1aaecc938c7c0edf5/gnocchi.366f1049-4730-47c9-9837-2f5da5df4dcd" "txa4f153f8bb594a7eaeca1-00699768aa" "proxy-server 12" 0.0163 "-" 17 0
Feb 19 19:46:50 standalone proxy-server[129077]: 172.18.0.2 172.18.0.100 19/Feb/2026/19/46/50 PUT /v1/AUTH_d2ec34d46b3b47c1aaecc938c7c0edf5/gnocchi.366f1049-4730-47c9-9837-2f5da5df4dcd HTTP/1.0 201 - python-swiftclient-3.11.1 gAAAAABpl2fpU86I... - - - txa4f153f8bb594a7eaeca1-00699768aa - 0.0225 - - 1771530410.307924509 1771530410.330410242 0
Feb 19 19:46:50 standalone container-server[126938]: 172.20.0.100 - - [19/Feb/2026:19:46:50 +0000] "HEAD /d1/836/AUTH_d2ec34d46b3b47c1aaecc938c7c0edf5/gnocchi.366f1049-4730-47c9-9837-2f5da5df4dcd" 204 - "HEAD http://172.18.0.2:8080/v1/AUTH_d2ec34d46b3b47c1aaecc938c7c0edf5/gnocchi.366f1049-4730-47c9-9837-2f5da5df4dcd?format=json&states=listing" "tx59195d9fe20e4d329cd26-00699768aa" "proxy-server 12" 0.0023 "-" 18 0
Feb 19 19:46:50 standalone proxy-server[129077]: - - 19/Feb/2026/19/46/50 HEAD /v1/AUTH_d2ec34d46b3b47c1aaecc938c7c0edf5/gnocchi.366f1049-4730-47c9-9837-2f5da5df4dcd%3Fformat%3Djson%26states%3Dlisting HTTP/1.0 204 - Swift - - - - tx59195d9fe20e4d329cd26-00699768aa - 0.0079 RL - 1771530410.335481644 1771530410.343410015 0
Feb 19 19:46:50 standalone container-server[126946]: 172.20.0.100 - - [19/Feb/2026:19:46:50 +0000] "GET /d1/836/AUTH_d2ec34d46b3b47c1aaecc938c7c0edf5/gnocchi.366f1049-4730-47c9-9837-2f5da5df4dcd" 200 2 "GET http://172.18.0.2:8080/v1/AUTH_d2ec34d46b3b47c1aaecc938c7c0edf5/gnocchi.366f1049-4730-47c9-9837-2f5da5df4dcd?format=json&states=listing" "tx59195d9fe20e4d329cd26-00699768aa" "proxy-server 12" 0.0025 "-" 19 0
Feb 19 19:46:50 standalone proxy-server[129077]: 172.18.0.2 172.18.0.100 19/Feb/2026/19/46/50 GET /v1/AUTH_d2ec34d46b3b47c1aaecc938c7c0edf5/gnocchi.366f1049-4730-47c9-9837-2f5da5df4dcd%3Fformat%3Djson%26states%3Dlisting HTTP/1.0 200 - python-swiftclient-3.11.1 gAAAAABpl2fpU86I... - 2 - tx59195d9fe20e4d329cd26-00699768aa - 0.0224 - - 1771530410.333947659 1771530410.356338501 0
Feb 19 19:46:50 standalone object-server[127252]: 172.20.0.100 - - [19/Feb/2026:19:46:50 +0000] "GET /d1/417/AUTH_d2ec34d46b3b47c1aaecc938c7c0edf5/gnocchi.366f1049-4730-47c9-9837-2f5da5df4dcd/1771200000.0_mean_300.0_v3" 404 70 "GET http://172.18.0.2:8080/v1/AUTH_d2ec34d46b3b47c1aaecc938c7c0edf5/gnocchi.366f1049-4730-47c9-9837-2f5da5df4dcd/1771200000.0_mean_300.0_v3" "tx9c6bbaa50a7343389c542-00699768aa" "proxy-server 12" 0.0007 "-" 24 0
Feb 19 19:46:50 standalone proxy-server[129077]: 172.18.0.2 172.18.0.100 19/Feb/2026/19/46/50 GET /v1/AUTH_d2ec34d46b3b47c1aaecc938c7c0edf5/gnocchi.366f1049-4730-47c9-9837-2f5da5df4dcd/1771200000.0_mean_300.0_v3 HTTP/1.0 404 - python-swiftclient-3.11.1 gAAAAABpl2fpU86I... - 70 - tx9c6bbaa50a7343389c542-00699768aa - 0.0080 - - 1771530410.359432936 1771530410.367419481 0
Feb 19 19:46:50 standalone container-server[126946]: 172.20.0.100 - - [19/Feb/2026:19:46:50 +0000] "PUT /d1/836/AUTH_d2ec34d46b3b47c1aaecc938c7c0edf5/gnocchi.366f1049-4730-47c9-9837-2f5da5df4dcd/1771200000.0_mean_300.0_v3" 201 - "PUT http://172.18.0.2:8080/d1/417/AUTH_d2ec34d46b3b47c1aaecc938c7c0edf5/gnocchi.366f1049-4730-47c9-9837-2f5da5df4dcd/1771200000.0_mean_300.0_v3" "txc8a5f3aa2ad54776a83d3-00699768aa" "object-server 25" 0.0011 "-" 19 0
Feb 19 19:46:50 standalone object-server[127253]: 172.20.0.100 - - [19/Feb/2026:19:46:50 +0000] "PUT /d1/417/AUTH_d2ec34d46b3b47c1aaecc938c7c0edf5/gnocchi.366f1049-4730-47c9-9837-2f5da5df4dcd/1771200000.0_mean_300.0_v3" 201 - "PUT http://172.18.0.2:8080/v1/AUTH_d2ec34d46b3b47c1aaecc938c7c0edf5/gnocchi.366f1049-4730-47c9-9837-2f5da5df4dcd/1771200000.0_mean_300.0_v3" "txc8a5f3aa2ad54776a83d3-00699768aa" "proxy-server 12" 0.0123 "-" 25 0
Feb 19 19:46:50 standalone proxy-server[129077]: 172.18.0.2 172.18.0.100 19/Feb/2026/19/46/50 PUT /v1/AUTH_d2ec34d46b3b47c1aaecc938c7c0edf5/gnocchi.366f1049-4730-47c9-9837-2f5da5df4dcd/1771200000.0_mean_300.0_v3 HTTP/1.0 201 - python-swiftclient-3.11.1 gAAAAABpl2fpU86I... 16 - - txc8a5f3aa2ad54776a83d3-00699768aa - 0.0211 - - 1771530410.370541096 1771530410.391599417 0
Feb 19 19:46:50 standalone container-server[126951]: 172.20.0.100 - - [19/Feb/2026:19:46:50 +0000] "PUT /d1/836/AUTH_d2ec34d46b3b47c1aaecc938c7c0edf5/gnocchi.366f1049-4730-47c9-9837-2f5da5df4dcd/none_v3" 201 - "PUT http://172.18.0.2:8080/d1/442/AUTH_d2ec34d46b3b47c1aaecc938c7c0edf5/gnocchi.366f1049-4730-47c9-9837-2f5da5df4dcd/none_v3" "tx2e65eebab05544a29c199-00699768aa" "object-server 25" 0.0008 "-" 20 0
Feb 19 19:46:50 standalone object-server[127253]: 172.20.0.100 - - [19/Feb/2026:19:46:50 +0000] "PUT /d1/442/AUTH_d2ec34d46b3b47c1aaecc938c7c0edf5/gnocchi.366f1049-4730-47c9-9837-2f5da5df4dcd/none_v3" 201 - "PUT http://172.18.0.2:8080/v1/AUTH_d2ec34d46b3b47c1aaecc938c7c0edf5/gnocchi.366f1049-4730-47c9-9837-2f5da5df4dcd/none_v3" "tx2e65eebab05544a29c199-00699768aa" "proxy-server 12" 0.0102 "-" 25 0
Feb 19 19:46:50 standalone proxy-server[129077]: 172.18.0.2 172.18.0.100 19/Feb/2026/19/46/50 PUT /v1/AUTH_d2ec34d46b3b47c1aaecc938c7c0edf5/gnocchi.366f1049-4730-47c9-9837-2f5da5df4dcd/none_v3 HTTP/1.0 201 - python-swiftclient-3.11.1 gAAAAABpl2fpU86I... 22 - - tx2e65eebab05544a29c199-00699768aa - 0.0152 - - 1771530410.393793583 1771530410.408994675 0
Feb 19 19:46:50 standalone container-server[126936]: 172.20.0.100 - - [19/Feb/2026:19:46:50 +0000] "HEAD /d1/40/AUTH_d2ec34d46b3b47c1aaecc938c7c0edf5/gnocchi.f9f44bcd-d016-4ff5-a628-860e49d522d4" 404 - "HEAD http://172.18.0.2:8080/v1/AUTH_d2ec34d46b3b47c1aaecc938c7c0edf5/gnocchi.f9f44bcd-d016-4ff5-a628-860e49d522d4?format=json&states=listing" "tx0313f0b445794378b8797-00699768aa" "proxy-server 12" 0.0005 "-" 17 0
Feb 19 19:46:50 standalone object-server[127251]: 172.20.0.100 - - [19/Feb/2026:19:46:50 +0000] "GET /d1/678/AUTH_d2ec34d46b3b47c1aaecc938c7c0edf5/gnocchi.f9f44bcd-d016-4ff5-a628-860e49d522d4/none_v3" 404 70 "GET http://172.18.0.2:8080/v1/AUTH_d2ec34d46b3b47c1aaecc938c7c0edf5/gnocchi.f9f44bcd-d016-4ff5-a628-860e49d522d4/none_v3" "tx0313f0b445794378b8797-00699768aa" "proxy-server 12" 0.0005 "-" 23 0
Feb 19 19:46:50 standalone proxy-server[129077]: 172.18.0.2 172.18.0.100 19/Feb/2026/19/46/50 GET /v1/AUTH_d2ec34d46b3b47c1aaecc938c7c0edf5/gnocchi.f9f44bcd-d016-4ff5-a628-860e49d522d4/none_v3 HTTP/1.0 404 - python-swiftclient-3.11.1 gAAAAABpl2fpU86I... - 70 - tx0313f0b445794378b8797-00699768aa - 0.0093 - - 1771530410.418318987 1771530410.427634478 0
Feb 19 19:46:50 standalone account-server[126945]: 172.20.0.100 - - [19/Feb/2026:19:46:50 +0000] "PUT /d1/673/AUTH_d2ec34d46b3b47c1aaecc938c7c0edf5/gnocchi.f9f44bcd-d016-4ff5-a628-860e49d522d4" 201 - "PUT http://172.20.0.100:6001/d1/40/AUTH_d2ec34d46b3b47c1aaecc938c7c0edf5/gnocchi.f9f44bcd-d016-4ff5-a628-860e49d522d4" "tx7b200861f0f34ffbba551-00699768aa" "container-server 19" 0.0057 "-" 20 0
Feb 19 19:46:50 standalone container-server[126946]: 172.20.0.100 - - [19/Feb/2026:19:46:50 +0000] "PUT /d1/40/AUTH_d2ec34d46b3b47c1aaecc938c7c0edf5/gnocchi.f9f44bcd-d016-4ff5-a628-860e49d522d4" 201 - "PUT http://172.18.0.2:8080/v1/AUTH_d2ec34d46b3b47c1aaecc938c7c0edf5/gnocchi.f9f44bcd-d016-4ff5-a628-860e49d522d4" "tx7b200861f0f34ffbba551-00699768aa" "proxy-server 12" 0.0196 "-" 19 0
Feb 19 19:46:50 standalone proxy-server[129077]: 172.18.0.2 172.18.0.100 19/Feb/2026/19/46/50 PUT /v1/AUTH_d2ec34d46b3b47c1aaecc938c7c0edf5/gnocchi.f9f44bcd-d016-4ff5-a628-860e49d522d4 HTTP/1.0 201 - python-swiftclient-3.11.1 gAAAAABpl2fpU86I... - - - tx7b200861f0f34ffbba551-00699768aa - 0.0239 - - 1771530410.429661751 1771530410.453535557 0
Feb 19 19:46:50 standalone container-server[126936]: 172.20.0.100 - - [19/Feb/2026:19:46:50 +0000] "HEAD /d1/40/AUTH_d2ec34d46b3b47c1aaecc938c7c0edf5/gnocchi.f9f44bcd-d016-4ff5-a628-860e49d522d4" 204 - "HEAD http://172.18.0.2:8080/v1/AUTH_d2ec34d46b3b47c1aaecc938c7c0edf5/gnocchi.f9f44bcd-d016-4ff5-a628-860e49d522d4?format=json&states=listing" "txe63bb55e520d47a8a0574-00699768aa" "proxy-server 12" 0.0025 "-" 17 0
Feb 19 19:46:50 standalone proxy-server[129077]: - - 19/Feb/2026/19/46/50 HEAD /v1/AUTH_d2ec34d46b3b47c1aaecc938c7c0edf5/gnocchi.f9f44bcd-d016-4ff5-a628-860e49d522d4%3Fformat%3Djson%26states%3Dlisting HTTP/1.0 204 - Swift - - - - txe63bb55e520d47a8a0574-00699768aa - 0.0062 RL - 1771530410.456564188 1771530410.462728024 0
Feb 19 19:46:50 standalone container-server[126946]: 172.20.0.100 - - [19/Feb/2026:19:46:50 +0000] "GET /d1/40/AUTH_d2ec34d46b3b47c1aaecc938c7c0edf5/gnocchi.f9f44bcd-d016-4ff5-a628-860e49d522d4" 200 2 "GET http://172.18.0.2:8080/v1/AUTH_d2ec34d46b3b47c1aaecc938c7c0edf5/gnocchi.f9f44bcd-d016-4ff5-a628-860e49d522d4?format=json&states=listing" "txe63bb55e520d47a8a0574-00699768aa" "proxy-server 12" 0.0038 "-" 19 0
Feb 19 19:46:50 standalone proxy-server[129077]: 172.18.0.2 172.18.0.100 19/Feb/2026/19/46/50 GET /v1/AUTH_d2ec34d46b3b47c1aaecc938c7c0edf5/gnocchi.f9f44bcd-d016-4ff5-a628-860e49d522d4%3Fformat%3Djson%26states%3Dlisting HTTP/1.0 200 - python-swiftclient-3.11.1 gAAAAABpl2fpU86I... - 2 - txe63bb55e520d47a8a0574-00699768aa - 0.0156 - - 1771530410.455803394 1771530410.471450567 0
Feb 19 19:46:50 standalone object-server[127252]: 172.20.0.100 - - [19/Feb/2026:19:46:50 +0000] "GET /d1/838/AUTH_d2ec34d46b3b47c1aaecc938c7c0edf5/gnocchi.f9f44bcd-d016-4ff5-a628-860e49d522d4/1771200000.0_mean_300.0_v3" 404 70 "GET http://172.18.0.2:8080/v1/AUTH_d2ec34d46b3b47c1aaecc938c7c0edf5/gnocchi.f9f44bcd-d016-4ff5-a628-860e49d522d4/1771200000.0_mean_300.0_v3" "txeb73d082821b4f3999c17-00699768aa" "proxy-server 12" 0.0005 "-" 24 0
Feb 19 19:46:50 standalone proxy-server[129077]: 172.18.0.2 172.18.0.100 19/Feb/2026/19/46/50 GET /v1/AUTH_d2ec34d46b3b47c1aaecc938c7c0edf5/gnocchi.f9f44bcd-d016-4ff5-a628-860e49d522d4/1771200000.0_mean_300.0_v3 HTTP/1.0 404 - python-swiftclient-3.11.1 gAAAAABpl2fpU86I... - 70 - txeb73d082821b4f3999c17-00699768aa - 0.0050 - - 1771530410.473803282 1771530410.478813887 0
Feb 19 19:46:50 standalone container-server[126946]: 172.20.0.100 - - [19/Feb/2026:19:46:50 +0000] "PUT /d1/40/AUTH_d2ec34d46b3b47c1aaecc938c7c0edf5/gnocchi.f9f44bcd-d016-4ff5-a628-860e49d522d4/1771200000.0_mean_300.0_v3" 201 - "PUT http://172.18.0.2:8080/d1/838/AUTH_d2ec34d46b3b47c1aaecc938c7c0edf5/gnocchi.f9f44bcd-d016-4ff5-a628-860e49d522d4/1771200000.0_mean_300.0_v3" "txfb03c3b19ce943e28fd79-00699768aa" "object-server 22" 0.0011 "-" 19 0
Feb 19 19:46:50 standalone object-server[127250]: 172.20.0.100 - - [19/Feb/2026:19:46:50 +0000] "PUT /d1/838/AUTH_d2ec34d46b3b47c1aaecc938c7c0edf5/gnocchi.f9f44bcd-d016-4ff5-a628-860e49d522d4/1771200000.0_mean_300.0_v3" 201 - "PUT http://172.18.0.2:8080/v1/AUTH_d2ec34d46b3b47c1aaecc938c7c0edf5/gnocchi.f9f44bcd-d016-4ff5-a628-860e49d522d4/1771200000.0_mean_300.0_v3" "txfb03c3b19ce943e28fd79-00699768aa" "proxy-server 12" 0.0113 "-" 22 0
Feb 19 19:46:50 standalone proxy-server[129077]: 172.18.0.2 172.18.0.100 19/Feb/2026/19/46/50 PUT /v1/AUTH_d2ec34d46b3b47c1aaecc938c7c0edf5/gnocchi.f9f44bcd-d016-4ff5-a628-860e49d522d4/1771200000.0_mean_300.0_v3 HTTP/1.0 201 - python-swiftclient-3.11.1 gAAAAABpl2fpU86I... 16 - - txfb03c3b19ce943e28fd79-00699768aa - 0.0161 - - 1771530410.480719805 1771530410.496819735 0
Feb 19 19:46:50 standalone container-server[126946]: 172.20.0.100 - - [19/Feb/2026:19:46:50 +0000] "PUT /d1/40/AUTH_d2ec34d46b3b47c1aaecc938c7c0edf5/gnocchi.f9f44bcd-d016-4ff5-a628-860e49d522d4/none_v3" 201 - "PUT http://172.18.0.2:8080/d1/678/AUTH_d2ec34d46b3b47c1aaecc938c7c0edf5/gnocchi.f9f44bcd-d016-4ff5-a628-860e49d522d4/none_v3" "tx5af9b56aa9b64daa8ab57-00699768aa" "object-server 25" 0.0011 "-" 19 0
Feb 19 19:46:50 standalone object-server[127253]: 172.20.0.100 - - [19/Feb/2026:19:46:50 +0000] "PUT /d1/678/AUTH_d2ec34d46b3b47c1aaecc938c7c0edf5/gnocchi.f9f44bcd-d016-4ff5-a628-860e49d522d4/none_v3" 201 - "PUT http://172.18.0.2:8080/v1/AUTH_d2ec34d46b3b47c1aaecc938c7c0edf5/gnocchi.f9f44bcd-d016-4ff5-a628-860e49d522d4/none_v3" "tx5af9b56aa9b64daa8ab57-00699768aa" "proxy-server 12" 0.0121 "-" 25 0
Feb 19 19:46:50 standalone proxy-server[129077]: 172.18.0.2 172.18.0.100 19/Feb/2026/19/46/50 PUT /v1/AUTH_d2ec34d46b3b47c1aaecc938c7c0edf5/gnocchi.f9f44bcd-d016-4ff5-a628-860e49d522d4/none_v3 HTTP/1.0 201 - python-swiftclient-3.11.1 gAAAAABpl2fpU86I... 22 - - tx5af9b56aa9b64daa8ab57-00699768aa - 0.0168 - - 1771530410.499059439 1771530410.515889883 0
Feb 19 19:46:50 standalone container-server[126946]: 172.20.0.100 - - [19/Feb/2026:19:46:50 +0000] "HEAD /d1/260/AUTH_d2ec34d46b3b47c1aaecc938c7c0edf5/gnocchi.41771556-330b-4273-99ce-015dd45ec52e" 404 - "HEAD http://172.18.0.2:8080/v1/AUTH_d2ec34d46b3b47c1aaecc938c7c0edf5/gnocchi.41771556-330b-4273-99ce-015dd45ec52e?format=json&states=listing" "tx855e7fbf31cf47ad8429c-00699768aa" "proxy-server 12" 0.0006 "-" 19 0
Feb 19 19:46:50 standalone object-server[127250]: 172.20.0.100 - - [19/Feb/2026:19:46:50 +0000] "GET /d1/1003/AUTH_d2ec34d46b3b47c1aaecc938c7c0edf5/gnocchi.41771556-330b-4273-99ce-015dd45ec52e/none_v3" 404 70 "GET http://172.18.0.2:8080/v1/AUTH_d2ec34d46b3b47c1aaecc938c7c0edf5/gnocchi.41771556-330b-4273-99ce-015dd45ec52e/none_v3" "tx855e7fbf31cf47ad8429c-00699768aa" "proxy-server 12" 0.0004 "-" 22 0
Feb 19 19:46:50 standalone proxy-server[129077]: 172.18.0.2 172.18.0.100 19/Feb/2026/19/46/50 GET /v1/AUTH_d2ec34d46b3b47c1aaecc938c7c0edf5/gnocchi.41771556-330b-4273-99ce-015dd45ec52e/none_v3 HTTP/1.0 404 - python-swiftclient-3.11.1 gAAAAABpl2fpU86I... - 70 - tx855e7fbf31cf47ad8429c-00699768aa - 0.0131 - - 1771530410.524518967 1771530410.537637711 0
Feb 19 19:46:50 standalone account-server[126945]: 172.20.0.100 - - [19/Feb/2026:19:46:50 +0000] "PUT /d1/673/AUTH_d2ec34d46b3b47c1aaecc938c7c0edf5/gnocchi.41771556-330b-4273-99ce-015dd45ec52e" 201 - "PUT http://172.20.0.100:6001/d1/260/AUTH_d2ec34d46b3b47c1aaecc938c7c0edf5/gnocchi.41771556-330b-4273-99ce-015dd45ec52e" "tx3f19e7481c834f739b87f-00699768aa" "container-server 20" 0.0059 "-" 20 0
Feb 19 19:46:50 standalone container-server[126951]: 172.20.0.100 - - [19/Feb/2026:19:46:50 +0000] "PUT /d1/260/AUTH_d2ec34d46b3b47c1aaecc938c7c0edf5/gnocchi.41771556-330b-4273-99ce-015dd45ec52e" 201 - "PUT http://172.18.0.2:8080/v1/AUTH_d2ec34d46b3b47c1aaecc938c7c0edf5/gnocchi.41771556-330b-4273-99ce-015dd45ec52e" "tx3f19e7481c834f739b87f-00699768aa" "proxy-server 12" 0.0186 "-" 20 0
Feb 19 19:46:50 standalone proxy-server[129077]: 172.18.0.2 172.18.0.100 19/Feb/2026/19/46/50 PUT /v1/AUTH_d2ec34d46b3b47c1aaecc938c7c0edf5/gnocchi.41771556-330b-4273-99ce-015dd45ec52e HTTP/1.0 201 - python-swiftclient-3.11.1 gAAAAABpl2fpU86I... - - - tx3f19e7481c834f739b87f-00699768aa - 0.0251 - - 1771530410.540074825 1771530410.565181971 0
Feb 19 19:46:50 standalone container-server[126946]: 172.20.0.100 - - [19/Feb/2026:19:46:50 +0000] "HEAD /d1/260/AUTH_d2ec34d46b3b47c1aaecc938c7c0edf5/gnocchi.41771556-330b-4273-99ce-015dd45ec52e" 204 - "HEAD http://172.18.0.2:8080/v1/AUTH_d2ec34d46b3b47c1aaecc938c7c0edf5/gnocchi.41771556-330b-4273-99ce-015dd45ec52e?format=json&states=listing" "txa501b8e1649a4975b4895-00699768aa" "proxy-server 12" 0.0024 "-" 19 0
Feb 19 19:46:50 standalone proxy-server[129077]: - - 19/Feb/2026/19/46/50 HEAD /v1/AUTH_d2ec34d46b3b47c1aaecc938c7c0edf5/gnocchi.41771556-330b-4273-99ce-015dd45ec52e%3Fformat%3Djson%26states%3Dlisting HTTP/1.0 204 - Swift - - - - txa501b8e1649a4975b4895-00699768aa - 0.0084 RL - 1771530410.569866180 1771530410.578245878 0
Feb 19 19:46:50 standalone container-server[126938]: 172.20.0.100 - - [19/Feb/2026:19:46:50 +0000] "GET /d1/260/AUTH_d2ec34d46b3b47c1aaecc938c7c0edf5/gnocchi.41771556-330b-4273-99ce-015dd45ec52e" 200 2 "GET http://172.18.0.2:8080/v1/AUTH_d2ec34d46b3b47c1aaecc938c7c0edf5/gnocchi.41771556-330b-4273-99ce-015dd45ec52e?format=json&states=listing" "txa501b8e1649a4975b4895-00699768aa" "proxy-server 12" 0.0033 "-" 18 0
Feb 19 19:46:50 standalone proxy-server[129077]: 172.18.0.2 172.18.0.100 19/Feb/2026/19/46/50 GET /v1/AUTH_d2ec34d46b3b47c1aaecc938c7c0edf5/gnocchi.41771556-330b-4273-99ce-015dd45ec52e%3Fformat%3Djson%26states%3Dlisting HTTP/1.0 200 - python-swiftclient-3.11.1 gAAAAABpl2fpU86I... - 2 - txa501b8e1649a4975b4895-00699768aa - 0.0220 - - 1771530410.568375826 1771530410.590387821 0
Feb 19 19:46:50 standalone object-server[127250]: 172.20.0.100 - - [19/Feb/2026:19:46:50 +0000] "GET /d1/394/AUTH_d2ec34d46b3b47c1aaecc938c7c0edf5/gnocchi.41771556-330b-4273-99ce-015dd45ec52e/1771200000.0_mean_300.0_v3" 404 70 "GET http://172.18.0.2:8080/v1/AUTH_d2ec34d46b3b47c1aaecc938c7c0edf5/gnocchi.41771556-330b-4273-99ce-015dd45ec52e/1771200000.0_mean_300.0_v3" "txb603bae411ce4504aa6c3-00699768aa" "proxy-server 12" 0.0006 "-" 22 0
Feb 19 19:46:50 standalone proxy-server[129077]: 172.18.0.2 172.18.0.100 19/Feb/2026/19/46/50 GET /v1/AUTH_d2ec34d46b3b47c1aaecc938c7c0edf5/gnocchi.41771556-330b-4273-99ce-015dd45ec52e/1771200000.0_mean_300.0_v3 HTTP/1.0 404 - python-swiftclient-3.11.1 gAAAAABpl2fpU86I... - 70 - txb603bae411ce4504aa6c3-00699768aa - 0.0078 - - 1771530410.593555212 1771530410.601389647 0
Feb 19 19:46:50 standalone container-server[126936]: 172.20.0.100 - - [19/Feb/2026:19:46:50 +0000] "PUT /d1/260/AUTH_d2ec34d46b3b47c1aaecc938c7c0edf5/gnocchi.41771556-330b-4273-99ce-015dd45ec52e/1771200000.0_mean_300.0_v3" 201 - "PUT http://172.18.0.2:8080/d1/394/AUTH_d2ec34d46b3b47c1aaecc938c7c0edf5/gnocchi.41771556-330b-4273-99ce-015dd45ec52e/1771200000.0_mean_300.0_v3" "tx36b0438207bc4010a3843-00699768aa" "object-server 23" 0.0009 "-" 17 0
Feb 19 19:46:50 standalone object-server[127251]: 172.20.0.100 - - [19/Feb/2026:19:46:50 +0000] "PUT /d1/394/AUTH_d2ec34d46b3b47c1aaecc938c7c0edf5/gnocchi.41771556-330b-4273-99ce-015dd45ec52e/1771200000.0_mean_300.0_v3" 201 - "PUT http://172.18.0.2:8080/v1/AUTH_d2ec34d46b3b47c1aaecc938c7c0edf5/gnocchi.41771556-330b-4273-99ce-015dd45ec52e/1771200000.0_mean_300.0_v3" "tx36b0438207bc4010a3843-00699768aa" "proxy-server 12" 0.0120 "-" 23 0
Feb 19 19:46:50 standalone proxy-server[129077]: 172.18.0.2 172.18.0.100 19/Feb/2026/19/46/50 PUT /v1/AUTH_d2ec34d46b3b47c1aaecc938c7c0edf5/gnocchi.41771556-330b-4273-99ce-015dd45ec52e/1771200000.0_mean_300.0_v3 HTTP/1.0 201 - python-swiftclient-3.11.1 gAAAAABpl2fpU86I... 16 - - tx36b0438207bc4010a3843-00699768aa - 0.0202 - - 1771530410.604570389 1771530410.624818087 0
Feb 19 19:46:50 standalone container-server[126946]: 172.20.0.100 - - [19/Feb/2026:19:46:50 +0000] "PUT /d1/260/AUTH_d2ec34d46b3b47c1aaecc938c7c0edf5/gnocchi.41771556-330b-4273-99ce-015dd45ec52e/none_v3" 201 - "PUT http://172.18.0.2:8080/d1/1003/AUTH_d2ec34d46b3b47c1aaecc938c7c0edf5/gnocchi.41771556-330b-4273-99ce-015dd45ec52e/none_v3" "txcc4f19dd4abc4086b0403-00699768aa" "object-server 23" 0.0008 "-" 19 0
Feb 19 19:46:50 standalone object-server[127251]: 172.20.0.100 - - [19/Feb/2026:19:46:50 +0000] "PUT /d1/1003/AUTH_d2ec34d46b3b47c1aaecc938c7c0edf5/gnocchi.41771556-330b-4273-99ce-015dd45ec52e/none_v3" 201 - "PUT http://172.18.0.2:8080/v1/AUTH_d2ec34d46b3b47c1aaecc938c7c0edf5/gnocchi.41771556-330b-4273-99ce-015dd45ec52e/none_v3" "txcc4f19dd4abc4086b0403-00699768aa" "proxy-server 12" 0.0113 "-" 23 0
Feb 19 19:46:50 standalone proxy-server[129077]: 172.18.0.2 172.18.0.100 19/Feb/2026/19/46/50 PUT /v1/AUTH_d2ec34d46b3b47c1aaecc938c7c0edf5/gnocchi.41771556-330b-4273-99ce-015dd45ec52e/none_v3 HTTP/1.0 201 - python-swiftclient-3.11.1 gAAAAABpl2fpU86I... 22 - - txcc4f19dd4abc4086b0403-00699768aa - 0.0192 - - 1771530410.629159451 1771530410.648373365 0
Feb 19 19:46:50 standalone container-server[126951]: 172.20.0.100 - - [19/Feb/2026:19:46:50 +0000] "HEAD /d1/383/AUTH_d2ec34d46b3b47c1aaecc938c7c0edf5/gnocchi.c080af2d-13d1-435c-93be-95bb1d00c12a" 404 - "HEAD http://172.18.0.2:8080/v1/AUTH_d2ec34d46b3b47c1aaecc938c7c0edf5/gnocchi.c080af2d-13d1-435c-93be-95bb1d00c12a?format=json&states=listing" "txbe08738afe75465b8ccf7-00699768aa" "proxy-server 12" 0.0004 "-" 20 0
Feb 19 19:46:50 standalone object-server[127250]: 172.20.0.100 - - [19/Feb/2026:19:46:50 +0000] "GET /d1/617/AUTH_d2ec34d46b3b47c1aaecc938c7c0edf5/gnocchi.c080af2d-13d1-435c-93be-95bb1d00c12a/none_v3" 404 70 "GET http://172.18.0.2:8080/v1/AUTH_d2ec34d46b3b47c1aaecc938c7c0edf5/gnocchi.c080af2d-13d1-435c-93be-95bb1d00c12a/none_v3" "txbe08738afe75465b8ccf7-00699768aa" "proxy-server 12" 0.0005 "-" 22 0
Feb 19 19:46:50 standalone proxy-server[129077]: 172.18.0.2 172.18.0.100 19/Feb/2026/19/46/50 GET /v1/AUTH_d2ec34d46b3b47c1aaecc938c7c0edf5/gnocchi.c080af2d-13d1-435c-93be-95bb1d00c12a/none_v3 HTTP/1.0 404 - python-swiftclient-3.11.1 gAAAAABpl2fpU86I... - 70 - txbe08738afe75465b8ccf7-00699768aa - 0.0147 - - 1771530410.657468557 1771530410.672148466 0
Feb 19 19:46:50 standalone account-server[126945]: 172.20.0.100 - - [19/Feb/2026:19:46:50 +0000] "PUT /d1/673/AUTH_d2ec34d46b3b47c1aaecc938c7c0edf5/gnocchi.c080af2d-13d1-435c-93be-95bb1d00c12a" 201 - "PUT http://172.20.0.100:6001/d1/383/AUTH_d2ec34d46b3b47c1aaecc938c7c0edf5/gnocchi.c080af2d-13d1-435c-93be-95bb1d00c12a" "txa6f43f6ffafe432da3da5-00699768aa" "container-server 18" 0.0062 "-" 20 0
Feb 19 19:46:50 standalone container-server[126938]: 172.20.0.100 - - [19/Feb/2026:19:46:50 +0000] "PUT /d1/383/AUTH_d2ec34d46b3b47c1aaecc938c7c0edf5/gnocchi.c080af2d-13d1-435c-93be-95bb1d00c12a" 201 - "PUT http://172.18.0.2:8080/v1/AUTH_d2ec34d46b3b47c1aaecc938c7c0edf5/gnocchi.c080af2d-13d1-435c-93be-95bb1d00c12a" "txa6f43f6ffafe432da3da5-00699768aa" "proxy-server 12" 0.0234 "-" 18 0
Feb 19 19:46:50 standalone proxy-server[129077]: 172.18.0.2 172.18.0.100 19/Feb/2026/19/46/50 PUT /v1/AUTH_d2ec34d46b3b47c1aaecc938c7c0edf5/gnocchi.c080af2d-13d1-435c-93be-95bb1d00c12a HTTP/1.0 201 - python-swiftclient-3.11.1 gAAAAABpl2fpU86I... - - - txa6f43f6ffafe432da3da5-00699768aa - 0.0303 - - 1771530410.674820662 1771530410.705151796 0
Feb 19 19:46:50 standalone container-server[126951]: 172.20.0.100 - - [19/Feb/2026:19:46:50 +0000] "HEAD /d1/383/AUTH_d2ec34d46b3b47c1aaecc938c7c0edf5/gnocchi.c080af2d-13d1-435c-93be-95bb1d00c12a" 204 - "HEAD http://172.18.0.2:8080/v1/AUTH_d2ec34d46b3b47c1aaecc938c7c0edf5/gnocchi.c080af2d-13d1-435c-93be-95bb1d00c12a?format=json&states=listing" "txae01a5154dd84e10baefb-00699768aa" "proxy-server 12" 0.0018 "-" 20 0
Feb 19 19:46:50 standalone proxy-server[129077]: - - 19/Feb/2026/19/46/50 HEAD /v1/AUTH_d2ec34d46b3b47c1aaecc938c7c0edf5/gnocchi.c080af2d-13d1-435c-93be-95bb1d00c12a%3Fformat%3Djson%26states%3Dlisting HTTP/1.0 204 - Swift - - - - txae01a5154dd84e10baefb-00699768aa - 0.0055 RL - 1771530410.710061550 1771530410.715512991 0
Feb 19 19:46:50 standalone container-server[126951]: 172.20.0.100 - - [19/Feb/2026:19:46:50 +0000] "GET /d1/383/AUTH_d2ec34d46b3b47c1aaecc938c7c0edf5/gnocchi.c080af2d-13d1-435c-93be-95bb1d00c12a" 200 2 "GET http://172.18.0.2:8080/v1/AUTH_d2ec34d46b3b47c1aaecc938c7c0edf5/gnocchi.c080af2d-13d1-435c-93be-95bb1d00c12a?format=json&states=listing" "txae01a5154dd84e10baefb-00699768aa" "proxy-server 12" 0.0016 "-" 20 0
Feb 19 19:46:50 standalone proxy-server[129077]: 172.18.0.2 172.18.0.100 19/Feb/2026/19/46/50 GET /v1/AUTH_d2ec34d46b3b47c1aaecc938c7c0edf5/gnocchi.c080af2d-13d1-435c-93be-95bb1d00c12a%3Fformat%3Djson%26states%3Dlisting HTTP/1.0 200 - python-swiftclient-3.11.1 gAAAAABpl2fpU86I... - 2 - txae01a5154dd84e10baefb-00699768aa - 0.0131 - - 1771530410.708961010 1771530410.722087145 0
Feb 19 19:46:50 standalone object-server[127251]: 172.20.0.100 - - [19/Feb/2026:19:46:50 +0000] "GET /d1/975/AUTH_d2ec34d46b3b47c1aaecc938c7c0edf5/gnocchi.c080af2d-13d1-435c-93be-95bb1d00c12a/1771200000.0_mean_300.0_v3" 404 70 "GET http://172.18.0.2:8080/v1/AUTH_d2ec34d46b3b47c1aaecc938c7c0edf5/gnocchi.c080af2d-13d1-435c-93be-95bb1d00c12a/1771200000.0_mean_300.0_v3" "tx111ed1a36b5d4d9aba026-00699768aa" "proxy-server 12" 0.0006 "-" 23 0
Feb 19 19:46:50 standalone proxy-server[129077]: 172.18.0.2 172.18.0.100 19/Feb/2026/19/46/50 GET /v1/AUTH_d2ec34d46b3b47c1aaecc938c7c0edf5/gnocchi.c080af2d-13d1-435c-93be-95bb1d00c12a/1771200000.0_mean_300.0_v3 HTTP/1.0 404 - python-swiftclient-3.11.1 gAAAAABpl2fpU86I... - 70 - tx111ed1a36b5d4d9aba026-00699768aa - 0.0071 - - 1771530410.725335121 1771530410.732456923 0
Feb 19 19:46:50 standalone container-server[126936]: 172.20.0.100 - - [19/Feb/2026:19:46:50 +0000] "PUT /d1/383/AUTH_d2ec34d46b3b47c1aaecc938c7c0edf5/gnocchi.c080af2d-13d1-435c-93be-95bb1d00c12a/1771200000.0_mean_300.0_v3" 201 - "PUT http://172.18.0.2:8080/d1/975/AUTH_d2ec34d46b3b47c1aaecc938c7c0edf5/gnocchi.c080af2d-13d1-435c-93be-95bb1d00c12a/1771200000.0_mean_300.0_v3" "tx5ef559c2f4b048cb82c78-00699768aa" "object-server 24" 0.0009 "-" 17 0
Feb 19 19:46:50 standalone object-server[127252]: 172.20.0.100 - - [19/Feb/2026:19:46:50 +0000] "PUT /d1/975/AUTH_d2ec34d46b3b47c1aaecc938c7c0edf5/gnocchi.c080af2d-13d1-435c-93be-95bb1d00c12a/1771200000.0_mean_300.0_v3" 201 - "PUT http://172.18.0.2:8080/v1/AUTH_d2ec34d46b3b47c1aaecc938c7c0edf5/gnocchi.c080af2d-13d1-435c-93be-95bb1d00c12a/1771200000.0_mean_300.0_v3" "tx5ef559c2f4b048cb82c78-00699768aa" "proxy-server 12" 0.0132 "-" 24 0
Feb 19 19:46:50 standalone proxy-server[129077]: 172.18.0.2 172.18.0.100 19/Feb/2026/19/46/50 PUT /v1/AUTH_d2ec34d46b3b47c1aaecc938c7c0edf5/gnocchi.c080af2d-13d1-435c-93be-95bb1d00c12a/1771200000.0_mean_300.0_v3 HTTP/1.0 201 - python-swiftclient-3.11.1 gAAAAABpl2fpU86I... 16 - - tx5ef559c2f4b048cb82c78-00699768aa - 0.0189 - - 1771530410.735326052 1771530410.754253864 0
Feb 19 19:46:50 standalone container-server[126951]: 172.20.0.100 - - [19/Feb/2026:19:46:50 +0000] "PUT /d1/383/AUTH_d2ec34d46b3b47c1aaecc938c7c0edf5/gnocchi.c080af2d-13d1-435c-93be-95bb1d00c12a/none_v3" 201 - "PUT http://172.18.0.2:8080/d1/617/AUTH_d2ec34d46b3b47c1aaecc938c7c0edf5/gnocchi.c080af2d-13d1-435c-93be-95bb1d00c12a/none_v3" "txb2c2e4bb84314d74b8c13-00699768aa" "object-server 23" 0.0005 "-" 20 0
Feb 19 19:46:50 standalone object-server[127251]: 172.20.0.100 - - [19/Feb/2026:19:46:50 +0000] "PUT /d1/617/AUTH_d2ec34d46b3b47c1aaecc938c7c0edf5/gnocchi.c080af2d-13d1-435c-93be-95bb1d00c12a/none_v3" 201 - "PUT http://172.18.0.2:8080/v1/AUTH_d2ec34d46b3b47c1aaecc938c7c0edf5/gnocchi.c080af2d-13d1-435c-93be-95bb1d00c12a/none_v3" "txb2c2e4bb84314d74b8c13-00699768aa" "proxy-server 12" 0.0111 "-" 23 0
Feb 19 19:46:50 standalone proxy-server[129077]: 172.18.0.2 172.18.0.100 19/Feb/2026/19/46/50 PUT /v1/AUTH_d2ec34d46b3b47c1aaecc938c7c0edf5/gnocchi.c080af2d-13d1-435c-93be-95bb1d00c12a/none_v3 HTTP/1.0 201 - python-swiftclient-3.11.1 gAAAAABpl2fpU86I... 22 - - txb2c2e4bb84314d74b8c13-00699768aa - 0.0210 - - 1771530410.757977486 1771530410.779014826 0
Feb 19 19:46:50 standalone container-server[126936]: 172.20.0.100 - - [19/Feb/2026:19:46:50 +0000] "HEAD /d1/844/AUTH_d2ec34d46b3b47c1aaecc938c7c0edf5/gnocchi.bb3a2674-774e-438d-9a8d-7654a85930c9" 404 - "HEAD http://172.18.0.2:8080/v1/AUTH_d2ec34d46b3b47c1aaecc938c7c0edf5/gnocchi.bb3a2674-774e-438d-9a8d-7654a85930c9?format=json&states=listing" "tx882122a6876b4442b34b1-00699768aa" "proxy-server 12" 0.0007 "-" 17 0
Feb 19 19:46:50 standalone object-server[127252]: 172.20.0.100 - - [19/Feb/2026:19:46:50 +0000] "GET /d1/26/AUTH_d2ec34d46b3b47c1aaecc938c7c0edf5/gnocchi.bb3a2674-774e-438d-9a8d-7654a85930c9/none_v3" 404 70 "GET http://172.18.0.2:8080/v1/AUTH_d2ec34d46b3b47c1aaecc938c7c0edf5/gnocchi.bb3a2674-774e-438d-9a8d-7654a85930c9/none_v3" "tx882122a6876b4442b34b1-00699768aa" "proxy-server 12" 0.0004 "-" 24 0
Feb 19 19:46:50 standalone proxy-server[129077]: 172.18.0.2 172.18.0.100 19/Feb/2026/19/46/50 GET /v1/AUTH_d2ec34d46b3b47c1aaecc938c7c0edf5/gnocchi.bb3a2674-774e-438d-9a8d-7654a85930c9/none_v3 HTTP/1.0 404 - python-swiftclient-3.11.1 gAAAAABpl2fpU86I... - 70 - tx882122a6876b4442b34b1-00699768aa - 0.0143 - - 1771530410.796398401 1771530410.810734510 0
Feb 19 19:46:50 standalone account-server[126956]: 172.20.0.100 - - [19/Feb/2026:19:46:50 +0000] "PUT /d1/673/AUTH_d2ec34d46b3b47c1aaecc938c7c0edf5/gnocchi.bb3a2674-774e-438d-9a8d-7654a85930c9" 201 - "PUT http://172.20.0.100:6001/d1/844/AUTH_d2ec34d46b3b47c1aaecc938c7c0edf5/gnocchi.bb3a2674-774e-438d-9a8d-7654a85930c9" "tx49490f67a9cb400a9a65b-00699768aa" "container-server 18" 0.0060 "-" 21 0
Feb 19 19:46:50 standalone container-server[126938]: 172.20.0.100 - - [19/Feb/2026:19:46:50 +0000] "PUT /d1/844/AUTH_d2ec34d46b3b47c1aaecc938c7c0edf5/gnocchi.bb3a2674-774e-438d-9a8d-7654a85930c9" 201 - "PUT http://172.18.0.2:8080/v1/AUTH_d2ec34d46b3b47c1aaecc938c7c0edf5/gnocchi.bb3a2674-774e-438d-9a8d-7654a85930c9" "tx49490f67a9cb400a9a65b-00699768aa" "proxy-server 12" 0.0206 "-" 18 0
Feb 19 19:46:50 standalone proxy-server[129077]: 172.18.0.2 172.18.0.100 19/Feb/2026/19/46/50 PUT /v1/AUTH_d2ec34d46b3b47c1aaecc938c7c0edf5/gnocchi.bb3a2674-774e-438d-9a8d-7654a85930c9 HTTP/1.0 201 - python-swiftclient-3.11.1 gAAAAABpl2fpU86I... - - - tx49490f67a9cb400a9a65b-00699768aa - 0.0277 - - 1771530410.815197706 1771530410.842859268 0
Feb 19 19:46:50 standalone container-server[126938]: 172.20.0.100 - - [19/Feb/2026:19:46:50 +0000] "HEAD /d1/844/AUTH_d2ec34d46b3b47c1aaecc938c7c0edf5/gnocchi.bb3a2674-774e-438d-9a8d-7654a85930c9" 204 - "HEAD http://172.18.0.2:8080/v1/AUTH_d2ec34d46b3b47c1aaecc938c7c0edf5/gnocchi.bb3a2674-774e-438d-9a8d-7654a85930c9?format=json&states=listing" "tx8cf237801530426baf8fc-00699768aa" "proxy-server 12" 0.0021 "-" 18 0
Feb 19 19:46:50 standalone proxy-server[129077]: - - 19/Feb/2026/19/46/50 HEAD /v1/AUTH_d2ec34d46b3b47c1aaecc938c7c0edf5/gnocchi.bb3a2674-774e-438d-9a8d-7654a85930c9%3Fformat%3Djson%26states%3Dlisting HTTP/1.0 204 - Swift - - - - tx8cf237801530426baf8fc-00699768aa - 0.0052 RL - 1771530410.849344730 1771530410.854504347 0
Feb 19 19:46:50 standalone container-server[126938]: 172.20.0.100 - - [19/Feb/2026:19:46:50 +0000] "GET /d1/844/AUTH_d2ec34d46b3b47c1aaecc938c7c0edf5/gnocchi.bb3a2674-774e-438d-9a8d-7654a85930c9" 200 2 "GET http://172.18.0.2:8080/v1/AUTH_d2ec34d46b3b47c1aaecc938c7c0edf5/gnocchi.bb3a2674-774e-438d-9a8d-7654a85930c9?format=json&states=listing" "tx8cf237801530426baf8fc-00699768aa" "proxy-server 12" 0.0030 "-" 18 0
Feb 19 19:46:50 standalone proxy-server[129077]: 172.18.0.2 172.18.0.100 19/Feb/2026/19/46/50 GET /v1/AUTH_d2ec34d46b3b47c1aaecc938c7c0edf5/gnocchi.bb3a2674-774e-438d-9a8d-7654a85930c9%3Fformat%3Djson%26states%3Dlisting HTTP/1.0 200 - python-swiftclient-3.11.1 gAAAAABpl2fpU86I... - 2 - tx8cf237801530426baf8fc-00699768aa - 0.0154 - - 1771530410.848404408 1771530410.863851547 0
Feb 19 19:46:50 standalone object-server[127252]: 172.20.0.100 - - [19/Feb/2026:19:46:50 +0000] "GET /d1/838/AUTH_d2ec34d46b3b47c1aaecc938c7c0edf5/gnocchi.bb3a2674-774e-438d-9a8d-7654a85930c9/1771200000.0_mean_300.0_v3" 404 70 "GET http://172.18.0.2:8080/v1/AUTH_d2ec34d46b3b47c1aaecc938c7c0edf5/gnocchi.bb3a2674-774e-438d-9a8d-7654a85930c9/1771200000.0_mean_300.0_v3" "tx263ab6037cc44d18afdaa-00699768aa" "proxy-server 12" 0.0005 "-" 24 0
Feb 19 19:46:50 standalone proxy-server[129077]: 172.18.0.2 172.18.0.100 19/Feb/2026/19/46/50 GET /v1/AUTH_d2ec34d46b3b47c1aaecc938c7c0edf5/gnocchi.bb3a2674-774e-438d-9a8d-7654a85930c9/1771200000.0_mean_300.0_v3 HTTP/1.0 404 - python-swiftclient-3.11.1 gAAAAABpl2fpU86I... - 70 - tx263ab6037cc44d18afdaa-00699768aa - 0.0049 - - 1771530410.870679617 1771530410.875612736 0
Feb 19 19:46:50 standalone container-server[126946]: 172.20.0.100 - - [19/Feb/2026:19:46:50 +0000] "PUT /d1/844/AUTH_d2ec34d46b3b47c1aaecc938c7c0edf5/gnocchi.bb3a2674-774e-438d-9a8d-7654a85930c9/1771200000.0_mean_300.0_v3" 201 - "PUT http://172.18.0.2:8080/d1/838/AUTH_d2ec34d46b3b47c1aaecc938c7c0edf5/gnocchi.bb3a2674-774e-438d-9a8d-7654a85930c9/1771200000.0_mean_300.0_v3" "txa2841c06d2f846709b4a3-00699768aa" "object-server 25" 0.0012 "-" 19 0
Feb 19 19:46:50 standalone object-server[127253]: 172.20.0.100 - - [19/Feb/2026:19:46:50 +0000] "PUT /d1/838/AUTH_d2ec34d46b3b47c1aaecc938c7c0edf5/gnocchi.bb3a2674-774e-438d-9a8d-7654a85930c9/1771200000.0_mean_300.0_v3" 201 - "PUT http://172.18.0.2:8080/v1/AUTH_d2ec34d46b3b47c1aaecc938c7c0edf5/gnocchi.bb3a2674-774e-438d-9a8d-7654a85930c9/1771200000.0_mean_300.0_v3" "txa2841c06d2f846709b4a3-00699768aa" "proxy-server 12" 0.0107 "-" 25 0
Feb 19 19:46:50 standalone proxy-server[129077]: 172.18.0.2 172.18.0.100 19/Feb/2026/19/46/50 PUT /v1/AUTH_d2ec34d46b3b47c1aaecc938c7c0edf5/gnocchi.bb3a2674-774e-438d-9a8d-7654a85930c9/1771200000.0_mean_300.0_v3 HTTP/1.0 201 - python-swiftclient-3.11.1 gAAAAABpl2fpU86I... 16 - - txa2841c06d2f846709b4a3-00699768aa - 0.0146 - - 1771530410.878936529 1771530410.893565178 0
Feb 19 19:46:50 standalone container-server[126951]: 172.20.0.100 - - [19/Feb/2026:19:46:50 +0000] "PUT /d1/844/AUTH_d2ec34d46b3b47c1aaecc938c7c0edf5/gnocchi.bb3a2674-774e-438d-9a8d-7654a85930c9/none_v3" 201 - "PUT http://172.18.0.2:8080/d1/26/AUTH_d2ec34d46b3b47c1aaecc938c7c0edf5/gnocchi.bb3a2674-774e-438d-9a8d-7654a85930c9/none_v3" "tx4c684a5c2aab4590ac7bb-00699768aa" "object-server 24" 0.0005 "-" 20 0
Feb 19 19:46:50 standalone object-server[127252]: 172.20.0.100 - - [19/Feb/2026:19:46:50 +0000] "PUT /d1/26/AUTH_d2ec34d46b3b47c1aaecc938c7c0edf5/gnocchi.bb3a2674-774e-438d-9a8d-7654a85930c9/none_v3" 201 - "PUT http://172.18.0.2:8080/v1/AUTH_d2ec34d46b3b47c1aaecc938c7c0edf5/gnocchi.bb3a2674-774e-438d-9a8d-7654a85930c9/none_v3" "tx4c684a5c2aab4590ac7bb-00699768aa" "proxy-server 12" 0.0087 "-" 24 0
Feb 19 19:46:50 standalone proxy-server[129077]: 172.18.0.2 172.18.0.100 19/Feb/2026/19/46/50 PUT /v1/AUTH_d2ec34d46b3b47c1aaecc938c7c0edf5/gnocchi.bb3a2674-774e-438d-9a8d-7654a85930c9/none_v3 HTTP/1.0 201 - python-swiftclient-3.11.1 gAAAAABpl2fpU86I... 22 - - tx4c684a5c2aab4590ac7bb-00699768aa - 0.0125 - - 1771530410.895956993 1771530410.908442259 0
Feb 19 19:46:50 standalone container-server[126946]: 172.20.0.100 - - [19/Feb/2026:19:46:50 +0000] "HEAD /d1/447/AUTH_d2ec34d46b3b47c1aaecc938c7c0edf5/gnocchi.c8a9bc88-167f-453c-9d8f-d559bd97bfd6" 404 - "HEAD http://172.18.0.2:8080/v1/AUTH_d2ec34d46b3b47c1aaecc938c7c0edf5/gnocchi.c8a9bc88-167f-453c-9d8f-d559bd97bfd6?format=json&states=listing" "tx555c0cde8c4e48a197f19-00699768aa" "proxy-server 12" 0.0005 "-" 19 0
Feb 19 19:46:50 standalone object-server[127253]: 172.20.0.100 - - [19/Feb/2026:19:46:50 +0000] "GET /d1/126/AUTH_d2ec34d46b3b47c1aaecc938c7c0edf5/gnocchi.c8a9bc88-167f-453c-9d8f-d559bd97bfd6/none_v3" 404 70 "GET http://172.18.0.2:8080/v1/AUTH_d2ec34d46b3b47c1aaecc938c7c0edf5/gnocchi.c8a9bc88-167f-453c-9d8f-d559bd97bfd6/none_v3" "tx555c0cde8c4e48a197f19-00699768aa" "proxy-server 12" 0.0004 "-" 25 0
Feb 19 19:46:50 standalone proxy-server[129077]: 172.18.0.2 172.18.0.100 19/Feb/2026/19/46/50 GET /v1/AUTH_d2ec34d46b3b47c1aaecc938c7c0edf5/gnocchi.c8a9bc88-167f-453c-9d8f-d559bd97bfd6/none_v3 HTTP/1.0 404 - python-swiftclient-3.11.1 gAAAAABpl2fpU86I... - 70 - tx555c0cde8c4e48a197f19-00699768aa - 0.0079 - - 1771530410.921467066 1771530410.929390907 0
Feb 19 19:46:50 standalone account-server[126945]: 172.20.0.100 - - [19/Feb/2026:19:46:50 +0000] "PUT /d1/673/AUTH_d2ec34d46b3b47c1aaecc938c7c0edf5/gnocchi.c8a9bc88-167f-453c-9d8f-d559bd97bfd6" 201 - "PUT http://172.20.0.100:6001/d1/447/AUTH_d2ec34d46b3b47c1aaecc938c7c0edf5/gnocchi.c8a9bc88-167f-453c-9d8f-d559bd97bfd6" "tx28cfda481eb54584a30ec-00699768aa" "container-server 19" 0.0046 "-" 20 0
Feb 19 19:46:50 standalone container-server[126946]: 172.20.0.100 - - [19/Feb/2026:19:46:50 +0000] "PUT /d1/447/AUTH_d2ec34d46b3b47c1aaecc938c7c0edf5/gnocchi.c8a9bc88-167f-453c-9d8f-d559bd97bfd6" 201 - "PUT http://172.18.0.2:8080/v1/AUTH_d2ec34d46b3b47c1aaecc938c7c0edf5/gnocchi.c8a9bc88-167f-453c-9d8f-d559bd97bfd6" "tx28cfda481eb54584a30ec-00699768aa" "proxy-server 12" 0.0170 "-" 19 0
Feb 19 19:46:50 standalone proxy-server[129077]: 172.18.0.2 172.18.0.100 19/Feb/2026/19/46/50 PUT /v1/AUTH_d2ec34d46b3b47c1aaecc938c7c0edf5/gnocchi.c8a9bc88-167f-453c-9d8f-d559bd97bfd6 HTTP/1.0 201 - python-swiftclient-3.11.1 gAAAAABpl2fpU86I... - - - tx28cfda481eb54584a30ec-00699768aa - 0.0213 - - 1771530410.932470083 1771530410.953735352 0
Feb 19 19:46:50 standalone container-server[126938]: 172.20.0.100 - - [19/Feb/2026:19:46:50 +0000] "HEAD /d1/98/AUTH_d2ec34d46b3b47c1aaecc938c7c0edf5/gnocchi.f5548e9d-5428-4cc1-9628-3823319e8056" 404 - "HEAD http://172.18.0.2:8080/v1/AUTH_d2ec34d46b3b47c1aaecc938c7c0edf5/gnocchi.f5548e9d-5428-4cc1-9628-3823319e8056?format=json&states=listing" "txb226b1fbd9ee4e6cb21ba-00699768aa" "proxy-server 12" 0.0005 "-" 18 0
Feb 19 19:46:50 standalone object-server[127253]: 172.20.0.100 - - [19/Feb/2026:19:46:50 +0000] "GET /d1/325/AUTH_d2ec34d46b3b47c1aaecc938c7c0edf5/gnocchi.f5548e9d-5428-4cc1-9628-3823319e8056/none_v3" 404 70 "GET http://172.18.0.2:8080/v1/AUTH_d2ec34d46b3b47c1aaecc938c7c0edf5/gnocchi.f5548e9d-5428-4cc1-9628-3823319e8056/none_v3" "txb226b1fbd9ee4e6cb21ba-00699768aa" "proxy-server 12" 0.0003 "-" 25 0
Feb 19 19:46:50 standalone proxy-server[129077]: 172.18.0.2 172.18.0.100 19/Feb/2026/19/46/50 GET /v1/AUTH_d2ec34d46b3b47c1aaecc938c7c0edf5/gnocchi.f5548e9d-5428-4cc1-9628-3823319e8056/none_v3 HTTP/1.0 404 - python-swiftclient-3.11.1 gAAAAABpl2fpU86I... - 70 - txb226b1fbd9ee4e6cb21ba-00699768aa - 0.0073 - - 1771530410.957018852 1771530410.964320660 0
Feb 19 19:46:50 standalone account-server[126945]: 172.20.0.100 - - [19/Feb/2026:19:46:50 +0000] "PUT /d1/673/AUTH_d2ec34d46b3b47c1aaecc938c7c0edf5/gnocchi.f5548e9d-5428-4cc1-9628-3823319e8056" 201 - "PUT http://172.20.0.100:6001/d1/98/AUTH_d2ec34d46b3b47c1aaecc938c7c0edf5/gnocchi.f5548e9d-5428-4cc1-9628-3823319e8056" "txa3dbfb79191d4d44912b1-00699768aa" "container-server 19" 0.0037 "-" 20 0
Feb 19 19:46:50 standalone container-server[126946]: 172.20.0.100 - - [19/Feb/2026:19:46:50 +0000] "PUT /d1/98/AUTH_d2ec34d46b3b47c1aaecc938c7c0edf5/gnocchi.f5548e9d-5428-4cc1-9628-3823319e8056" 201 - "PUT http://172.18.0.2:8080/v1/AUTH_d2ec34d46b3b47c1aaecc938c7c0edf5/gnocchi.f5548e9d-5428-4cc1-9628-3823319e8056" "txa3dbfb79191d4d44912b1-00699768aa" "proxy-server 12" 0.0159 "-" 19 0
Feb 19 19:46:50 standalone proxy-server[129077]: 172.18.0.2 172.18.0.100 19/Feb/2026/19/46/50 PUT /v1/AUTH_d2ec34d46b3b47c1aaecc938c7c0edf5/gnocchi.f5548e9d-5428-4cc1-9628-3823319e8056 HTTP/1.0 201 - python-swiftclient-3.11.1 gAAAAABpl2fpU86I... - - - txa3dbfb79191d4d44912b1-00699768aa - 0.0196 - - 1771530410.967291117 1771530410.986918211 0
Feb 19 19:46:50 standalone container-server[126936]: 172.20.0.100 - - [19/Feb/2026:19:46:50 +0000] "HEAD /d1/447/AUTH_d2ec34d46b3b47c1aaecc938c7c0edf5/gnocchi.c8a9bc88-167f-453c-9d8f-d559bd97bfd6" 204 - "HEAD http://172.18.0.2:8080/v1/AUTH_d2ec34d46b3b47c1aaecc938c7c0edf5/gnocchi.c8a9bc88-167f-453c-9d8f-d559bd97bfd6?format=json&states=listing" "tx3c9732a0d90e4b3ea59f0-00699768aa" "proxy-server 12" 0.0022 "-" 17 0
Feb 19 19:46:50 standalone proxy-server[129077]: - - 19/Feb/2026/19/46/50 HEAD /v1/AUTH_d2ec34d46b3b47c1aaecc938c7c0edf5/gnocchi.c8a9bc88-167f-453c-9d8f-d559bd97bfd6%3Fformat%3Djson%26states%3Dlisting HTTP/1.0 204 - Swift - - - - tx3c9732a0d90e4b3ea59f0-00699768aa - 0.0054 RL - 1771530410.991212368 1771530410.996605396 0
Feb 19 19:46:51 standalone container-server[126951]: 172.20.0.100 - - [19/Feb/2026:19:46:51 +0000] "GET /d1/447/AUTH_d2ec34d46b3b47c1aaecc938c7c0edf5/gnocchi.c8a9bc88-167f-453c-9d8f-d559bd97bfd6" 200 2 "GET http://172.18.0.2:8080/v1/AUTH_d2ec34d46b3b47c1aaecc938c7c0edf5/gnocchi.c8a9bc88-167f-453c-9d8f-d559bd97bfd6?format=json&states=listing" "tx3c9732a0d90e4b3ea59f0-00699768aa" "proxy-server 12" 0.0017 "-" 20 0
Feb 19 19:46:51 standalone proxy-server[129077]: 172.18.0.2 172.18.0.100 19/Feb/2026/19/46/51 GET /v1/AUTH_d2ec34d46b3b47c1aaecc938c7c0edf5/gnocchi.c8a9bc88-167f-453c-9d8f-d559bd97bfd6%3Fformat%3Djson%26states%3Dlisting HTTP/1.0 200 - python-swiftclient-3.11.1 gAAAAABpl2fpU86I... - 2 - tx3c9732a0d90e4b3ea59f0-00699768aa - 0.0141 - - 1771530410.990504980 1771530411.004607677 0
